!C99Shell v. 1.0 pre-release build #13!

Software: Apache. PHP/5.5.15 

uname -a: Windows NT SVR-DMZ 6.1 build 7600 (Windows Server 2008 R2 Enterprise Edition) i586 

SYSTEM 

Safe-mode: OFF (not secure)

E:\copia nuevo\apache\logs\   drwxrwxrwx
Free 9.41 GB of 239.26 GB (3.93%)
Detected drives: [ a ] [ c ] [ d ] [ e ] [ f ]
Home    Back    Forward    UPDIR    Refresh    Search    Buffer    Encoder    Tools    Proc.    FTP brute    Sec.    SQL    PHP-code    Update    Feedback    Self remove    Logout    


Viewing file:     error.2014.10.17.log (26.53 KB)      -rw-rw-rw-
Select action/file-type:
(+) | (+) | (+) | Code (+) | Session (+) | (+) | SDB (+) | (+) | (+) | (+) | (+) | (+) |
[Fri Oct 17 03:11:26.841448 2014] [:error] [pid 5152:tid 1524] [client 197.242.115.134:26267] script 'E:/nuevo/htdocs/up_options.php' not found or unable to stat, referer: http://www.bing.com/search?q=WSO+2.4+drwxrwxrwx&first=9&FORM=PORE
[Fri Oct 17 03:17:22.974473 2014] [core:error] [pid 5152:tid 1244] [client 80.244.35.222:42624] AH00126: Invalid URI in request GET <title>phpMyAdmin HTTP/1.1
[Fri Oct 17 03:17:23.442474 2014] [authz_core:error] [pid 5152:tid 1716] [client 80.244.35.222:42714] AH01630: client denied by server configuration: E:/nuevo/phpMyAdmin/
[Fri Oct 17 03:17:23.926075 2014] [authz_core:error] [pid 5152:tid 1324] [client 80.244.35.222:42770] AH01630: client denied by server configuration: E:/nuevo/htdocs/phpMyAdmin
[Fri Oct 17 03:17:24.908877 2014] [authz_core:error] [pid 5152:tid 1784] [client 80.244.35.222:42906] AH01630: client denied by server configuration: E:/nuevo/htdocs/phpmyadmin2
[Fri Oct 17 03:17:25.376878 2014] [authz_core:error] [pid 5152:tid 1852] [client 80.244.35.222:42985] AH01630: client denied by server configuration: E:/nuevo/htdocs/phpMyAdmin2
[Fri Oct 17 03:17:25.844879 2014] [authz_core:error] [pid 5152:tid 1244] [client 80.244.35.222:43040] AH01630: client denied by server configuration: E:/nuevo/htdocs/phpMyAdmin-2
[Fri Oct 17 03:41:00.845364 2014] [mpm_winnt:warn] [pid 5152:tid 3092] (OS 64)The specified network name is no longer available.  : AH00341: winnt_accept: Asynchronous AcceptEx failed.
[Fri Oct 17 04:06:03.410803 2014] [:error] [pid 5152:tid 1524] [client 193.28.177.56:62770] script 'E:/nuevo/htdocs/wp-login.php' not found or unable to stat
[Fri Oct 17 04:06:06.343608 2014] [:error] [pid 5152:tid 1524] [client 193.28.177.56:62770] script 'E:/nuevo/htdocs/admin.php' not found or unable to stat
[Fri Oct 17 04:26:21.850943 2014] [mpm_winnt:warn] [pid 5152:tid 3092] (OS 64)The specified network name is no longer available.  : AH00341: winnt_accept: Asynchronous AcceptEx failed.
[Fri Oct 17 05:11:43.620924 2014] [mpm_winnt:warn] [pid 5152:tid 3092] (OS 64)The specified network name is no longer available.  : AH00341: winnt_accept: Asynchronous AcceptEx failed.
[Fri Oct 17 07:30:07.225109 2014] [proxy_http:error] [pid 5152:tid 1404] (OS 10054)An existing connection was forcibly closed by the remote host.  : [client 186.154.19.245:50203] AH01102: error reading status line from remote server 172.22.1.31:80, referer: http://190.27.245.106/isolucionsda/Encabezado.asp?Pagina1=FrameSetGeneral.asp&&Pagina=MagazinHome.asp
[Fri Oct 17 07:30:07.225109 2014] [proxy:error] [pid 5152:tid 1404] [client 186.154.19.245:50203] AH00898: Error reading from remote server returned by /isolucionsda/g/Bot_TareasOver_ESP.jpg, referer: http://190.27.245.106/isolucionsda/Encabezado.asp?Pagina1=FrameSetGeneral.asp&&Pagina=MagazinHome.asp
[Fri Oct 17 07:30:09.487113 2014] [proxy_http:error] [pid 5152:tid 1780] (OS 10054)An existing connection was forcibly closed by the remote host.  : [client 186.154.19.245:50209] AH01102: error reading status line from remote server 172.22.1.31:80, referer: http://190.27.245.106/isolucionsda/FrameSetGeneral.asp?Pagina=BancoConocimiento/m/meci/meci.asp&IdModulo=16
[Fri Oct 17 07:30:09.487113 2014] [proxy:error] [pid 5152:tid 1780] [client 186.154.19.245:50209] AH00898: Error reading from remote server returned by /isolucionsda/BarraFavoritos.asp, referer: http://190.27.245.106/isolucionsda/FrameSetGeneral.asp?Pagina=BancoConocimiento/m/meci/meci.asp&IdModulo=16
[Fri Oct 17 09:47:58.036036 2014] [proxy_http:error] [pid 5152:tid 1836] (20014)Internal error: [client 201.245.192.253:55483] AH01102: error reading status line from remote server 172.22.1.47:80, referer: http://190.27.245.106/forest/frameset?
[Fri Oct 17 09:47:58.036036 2014] [proxy_http:error] [pid 5152:tid 1500] (20014)Internal error: [client 201.245.192.253:55166] AH01102: error reading status line from remote server 172.22.1.47:80, referer: http://190.27.245.106/forest/frameset?
[Fri Oct 17 09:49:34.038604 2014] [proxy_http:error] [pid 5152:tid 1768] (20014)Internal error: [client 201.245.192.253:56563] AH01102: error reading status line from remote server 172.22.1.47:80, referer: http://190.27.245.106/forest/buscar.do?type=documentos
[Fri Oct 17 09:49:34.631405 2014] [proxy_http:error] [pid 5152:tid 1796] (20014)Internal error: [client 201.245.192.253:56565] AH01102: error reading status line from remote server 172.22.1.47:80, referer: http://190.27.245.106/forest/buscar.do?type=documentos
[Fri Oct 17 10:14:44.840858 2014] [negotiation:error] [pid 5152:tid 1540] [client 201.245.192.253:59202] AH00690: no acceptable variant: E:/nuevo/apache/error/HTTP_NOT_FOUND.html.var, referer: http://190.27.245.106/BLA/boletinlegal/admin/actos/ingresar.php
[Fri Oct 17 10:20:35.201873 2014] [negotiation:error] [pid 5152:tid 1428] [client 201.245.192.253:49938] AH00690: no acceptable variant: E:/nuevo/apache/error/HTTP_NOT_FOUND.html.var, referer: http://190.27.245.106/BLA/boletinlegal/admin/actos/ingresar.php
[Fri Oct 17 10:21:56.384416 2014] [:error] [pid 5152:tid 1724] [client 154.120.91.100:23669] script 'E:/nuevo/htdocs/up_options.php' not found or unable to stat, referer: http://r.search.yahoo.com/_ylt=A0LEVyKhNEFUypsAyrRXNyoA;_ylu=X3oDMTE0N2Zkdm44BHNlYwNzcgRwb3MDMjQEY29sbwNiZjEEdnRpZANTTUU0ODVfMQ--/RV=2/RE=1413588257/RO=10/RU=http%3a%2f%2fwww.dama.gov.co%2fup_options.php/RK=0/RS=mB4_o8LRvUhzbj2ES7KnEvSAClk-
[Fri Oct 17 10:27:19.195783 2014] [proxy_http:error] [pid 5152:tid 1460] (20014)Internal error: [client 186.147.66.232:58685] AH01102: error reading status line from remote server 172.22.1.47:80, referer: http://190.27.245.106/forest/reportes.do?menu=1&group_system_actual=5
[Fri Oct 17 10:33:42.363656 2014] [proxy_http:error] [pid 5152:tid 1652] (20014)Internal error: [client 201.245.192.253:57738] AH01102: error reading status line from remote server 172.22.1.47:80, referer: http://190.27.245.106/forest/index2.jsp?group_system_actual=5&a=0.6040508828591555
[Fri Oct 17 10:35:25.058636 2014] [proxy_http:error] [pid 5152:tid 1612] (20014)Internal error: [client 201.245.192.253:58043] AH01102: error reading status line from remote server 172.22.1.47:80, referer: http://190.27.245.106/forest/index2.jsp?group_system_actual=5&a=0.6040508828591555
[Fri Oct 17 10:35:25.167837 2014] [proxy_http:error] [pid 5152:tid 1652] (20014)Internal error: [client 201.245.192.253:58702] AH01102: error reading status line from remote server 172.22.1.47:80, referer: http://190.27.245.106/forest/index2.jsp?group_system_actual=5&a=0.6040508828591555
[Fri Oct 17 10:35:25.167837 2014] [proxy:error] [pid 5152:tid 1652] [client 201.245.192.253:58702] AH00898: Error reading from remote server returned by /forest/actions/forms.getList, referer: http://190.27.245.106/forest/index2.jsp?group_system_actual=5&a=0.6040508828591555
[Fri Oct 17 10:35:25.167837 2014] [negotiation:error] [pid 5152:tid 1652] [client 201.245.192.253:58702] AH00690: no acceptable variant: E:/nuevo/apache/error/HTTP_BAD_GATEWAY.html.var, referer: http://190.27.245.106/forest/index2.jsp?group_system_actual=5&a=0.6040508828591555
[Fri Oct 17 10:35:25.901038 2014] [proxy_http:error] [pid 5152:tid 1652] (20014)Internal error: [client 201.245.192.253:58702] AH01102: error reading status line from remote server 172.22.1.47:80, referer: http://190.27.245.106/forest/index2.jsp?group_system_actual=5&a=0.6040508828591555
[Fri Oct 17 10:36:32.076354 2014] [proxy_http:error] [pid 5152:tid 1380] (20014)Internal error: [client 181.54.233.59:49183] AH01102: error reading status line from remote server 172.22.1.47:80, referer: http://190.27.245.106/forest/index2.jsp?_a=0.5728509812615812
[Fri Oct 17 10:36:59.267202 2014] [proxy_http:error] [pid 5152:tid 1300] (20014)Internal error: [client 201.245.192.253:59495] AH01102: error reading status line from remote server 172.22.1.47:80, referer: http://190.27.245.106/forest/usutareas.do?_a=0.20395684030165384&group_system_actual=3
[Fri Oct 17 10:37:39.749273 2014] [proxy_http:error] [pid 5152:tid 1212] (20014)Internal error: [client 201.245.192.253:59482] AH01102: error reading status line from remote server 172.22.1.47:80, referer: http://190.27.245.106/forest/index2.jsp?group_system_actual=5&a=0.7768449496943504
[Fri Oct 17 10:37:40.310874 2014] [proxy_http:error] [pid 5152:tid 1388] (20014)Internal error: [client 201.245.192.253:47590] AH01102: error reading status line from remote server 172.22.1.47:80, referer: http://190.27.245.106/forest/system/document.jsp?codDoc=1938423
[Fri Oct 17 10:37:40.810075 2014] [proxy_http:error] [pid 5152:tid 1260] (20014)Internal error: [client 201.245.192.253:47592] AH01102: error reading status line from remote server 172.22.1.47:80, referer: http://190.27.245.106/forest/system/document.jsp?codDoc=1938423
[Fri Oct 17 10:37:40.810075 2014] [proxy:error] [pid 5152:tid 1260] [client 201.245.192.253:47592] AH00898: Error reading from remote server returned by /forest/1ibre/1ibre.js, referer: http://190.27.245.106/forest/system/document.jsp?codDoc=1938423
[Fri Oct 17 10:41:42.033299 2014] [proxy_http:error] [pid 5152:tid 1332] (20014)Internal error: [client 201.245.192.253:50075] AH01102: error reading status line from remote server 172.22.1.47:80, referer: http://190.27.245.106/forest/
[Fri Oct 17 10:55:18.289132 2014] [proxy_http:error] [pid 5152:tid 1612] (20014)Internal error: [client 181.54.233.59:50174] AH01102: error reading status line from remote server 172.22.1.47:80, referer: http://190.27.245.106/forest/buscar.do
[Fri Oct 17 10:55:18.710333 2014] [proxy_http:error] [pid 5152:tid 1612] (20014)Internal error: [client 181.54.233.59:50175] AH01102: error reading status line from remote server 172.22.1.47:80, referer: http://190.27.245.106/forest/buscar.do
[Fri Oct 17 11:08:34.251330 2014] [proxy_http:error] [pid 5152:tid 1500] (20014)Internal error: [client 172.22.2.1:16104] AH01102: error reading status line from remote server 172.22.1.47:80
[Fri Oct 17 11:08:34.251330 2014] [proxy_http:error] [pid 5152:tid 1236] (20014)Internal error: [client 172.22.2.1:16106] AH01102: error reading status line from remote server 172.22.1.47:80, referer: http://190.27.245.106/forest/index2.jsp?_a=0.9507916398830504
[Fri Oct 17 11:08:34.500931 2014] [proxy_http:error] [pid 5152:tid 1692] (20014)Internal error: [client 201.245.192.253:54863] AH01102: error reading status line from remote server 172.22.1.47:80, referer: http://190.27.245.106/forest/usutareas.do?group_system_actual=3&codTraEsc=16709227&_a=0.1915454927709741
[Fri Oct 17 11:08:34.516531 2014] [proxy_http:error] [pid 5152:tid 1804] (20014)Internal error: [client 181.54.233.59:50233] AH01102: error reading status line from remote server 172.22.1.47:80, referer: http://190.27.245.106/forest/index2.jsp?_a=0.5728509812615812
[Fri Oct 17 11:08:34.516531 2014] [proxy:error] [pid 5152:tid 1804] [client 181.54.233.59:50233] AH00898: Error reading from remote server returned by /forest/system/process.jsp, referer: http://190.27.245.106/forest/index2.jsp?_a=0.5728509812615812
[Fri Oct 17 11:25:43.962339 2014] [proxy_http:error] [pid 5152:tid 1300] (20014)Internal error: [client 181.54.233.59:50275] AH01102: error reading status line from remote server 172.22.1.47:80, referer: http://190.27.245.106/forest/buscar.do
[Fri Oct 17 11:26:38.656035 2014] [proxy_http:error] [pid 5152:tid 1444] (20014)Internal error: [client 181.54.233.59:50281] AH01102: error reading status line from remote server 172.22.1.47:80, referer: http://190.27.245.106/forest/index2.jsp?_a=0.5728509812615812
[Fri Oct 17 11:30:44.543667 2014] [authz_core:error] [pid 5152:tid 1312] [client 192.168.173.7:56173] AH01630: client denied by server configuration: E:/nuevo/phpMyAdmin/
[Fri Oct 17 11:31:17.366125 2014] [proxy_http:error] [pid 5152:tid 1428] (20014)Internal error: [client 201.245.192.253:57326] AH01102: error reading status line from remote server 172.22.1.47:80, referer: http://190.27.245.106/forest/frameset?
[Fri Oct 17 11:31:17.381725 2014] [proxy_http:error] [pid 5152:tid 1428] (20014)Internal error: [client 201.245.192.253:57550] AH01102: error reading status line from remote server 172.22.1.47:80, referer: http://190.27.245.106/forest/frameset?
[Fri Oct 17 11:31:17.381725 2014] [proxy:error] [pid 5152:tid 1428] [client 201.245.192.253:57550] AH00898: Error reading from remote server returned by /forestReports/webcontent/birt/styles/dialogbase.css, referer: http://190.27.245.106/forest/frameset?
[Fri Oct 17 11:31:17.397325 2014] [proxy_http:error] [pid 5152:tid 1428] (20014)Internal error: [client 201.245.192.253:57550] AH01102: error reading status line from remote server 172.22.1.47:80, referer: http://190.27.245.106/forest/frameset?
[Fri Oct 17 11:31:19.815329 2014] [proxy_http:error] [pid 5152:tid 1372] (20014)Internal error: [client 201.245.192.253:57556] AH01102: error reading status line from remote server 172.22.1.47:80, referer: http://190.27.245.106/forest/frameset?
[Fri Oct 17 11:32:41.762273 2014] [authz_core:error] [pid 5152:tid 1780] [client 192.168.173.7:56260] AH01630: client denied by server configuration: E:/nuevo/phpMyAdmin/
[Fri Oct 17 11:34:05.191219 2014] [authz_core:error] [pid 5152:tid 1652] [client 192.168.173.7:56369] AH01630: client denied by server configuration: E:/nuevo/phpMyAdmin/
[Fri Oct 17 11:35:35.874179 2014] [proxy_http:error] [pid 5152:tid 1388] (20014)Internal error: [client 201.245.192.253:59725] AH01102: error reading status line from remote server 172.22.1.47:80, referer: http://190.27.245.106/forest/frameset?
[Fri Oct 17 11:38:53.760526 2014] [proxy_http:error] [pid 5152:tid 1600] (20014)Internal error: [client 201.245.192.253:48818] AH01102: error reading status line from remote server 172.22.1.47:80, referer: http://190.27.245.106/forest/index2.jsp?group_system_actual=5&a=0.9862292159814388
[Fri Oct 17 11:40:21.354680 2014] [proxy_http:error] [pid 5152:tid 1436] (20014)Internal error: [client 201.245.192.253:50140] AH01102: error reading status line from remote server 172.22.1.47:80, referer: http://190.27.245.106/forest/usutareas.do?_a=0.7572931442409754&group_system_actual=3
[Fri Oct 17 11:41:21.913986 2014] [proxy_http:error] [pid 5152:tid 1404] (20014)Internal error: [client 201.245.192.253:50714] AH01102: error reading status line from remote server 172.22.1.47:80, referer: http://190.27.245.106/forest/terceros.do?_a=0.35801936312401395&group_system_actual=6
[Fri Oct 17 11:47:52.335872 2014] [proxy_http:error] [pid 5152:tid 1540] (20014)Internal error: [client 201.245.192.253:54219] AH01102: error reading status line from remote server 172.22.1.47:80, referer: http://190.27.245.106/forest/index2.jsp?_a=0.942962947068736
[Fri Oct 17 11:51:10.503020 2014] [proxy_http:error] [pid 5152:tid 1540] (20014)Internal error: [client 181.54.233.59:50380] AH01102: error reading status line from remote server 172.22.1.47:80, referer: http://190.27.245.106/forest/buscar.do
[Fri Oct 17 11:51:10.518620 2014] [proxy:error] [pid 5152:tid 1540] [client 181.54.233.59:50380] AH00898: Error reading from remote server returned by /forest/buscar.do, referer: http://190.27.245.106/forest/buscar.do
[Fri Oct 17 11:56:10.741148 2014] [proxy_http:error] [pid 5152:tid 1244] (20014)Internal error: [client 181.54.233.59:50396] AH01102: error reading status line from remote server 172.22.1.47:80, referer: http://190.27.245.106/forest/buscar.do?
[Fri Oct 17 11:58:54.837836 2014] [proxy_http:error] [pid 5152:tid 1780] (20014)Internal error: [client 181.54.233.59:50404] AH01102: error reading status line from remote server 172.22.1.47:80, referer: http://190.27.245.106/forest/buscar.do
[Fri Oct 17 12:08:38.733261 2014] [proxy_http:error] [pid 5152:tid 1768] (20014)Internal error: [client 201.245.192.253:56151] AH01102: error reading status line from remote server 172.22.1.47:80, referer: http://190.27.245.106/forest/misactividades.do?group_system_actual=3&codPro=134&_a=0.9249429139382739
[Fri Oct 17 12:22:09.295085 2014] [:error] [pid 5152:tid 1676] [client 197.130.163.155:4578] script 'E:/nuevo/htdocs/up_options.php' not found or unable to stat, referer: http://www.webcrawler.com/search/web?qsi=21&q=5.3.28%20Safe%20mode%3A%20OFF%20%5B%20phpinfo%20%5D%20Datetime%3A%202014&aid=98a6e671-0aed-47aa-8da7-7b485a186dc4&ridx=3&fcoid=4&fcop=results-bottom&fpid=2
[Fri Oct 17 12:46:22.640438 2014] [proxy_http:error] [pid 5152:tid 1628] (OS 10054)An existing connection was forcibly closed by the remote host.  : [client 186.154.19.245:50470] AH01102: error reading status line from remote server 172.22.1.31:80
[Fri Oct 17 12:46:22.640438 2014] [proxy:error] [pid 5152:tid 1628] [client 186.154.19.245:50470] AH00898: Error reading from remote server returned by /isolucionsda/Session.asp
[Fri Oct 17 12:51:56.075423 2014] [proxy_http:error] [pid 5152:tid 1540] (OS 10054)An existing connection was forcibly closed by the remote host.  : [client 186.29.225.8:15270] AH01102: error reading status line from remote server 172.22.1.31:80, referer: http://190.27.245.106/isolucionsda/FrameSetArticulo.asp?Pagina=/isolucionsda/bancoconocimiento/I/Informepreliminary_odefinitivodeauditoriainterna_v9/Informepreliminary_odefinitivodeauditoriainterna_v9.asp?IdArticulo=7806
[Fri Oct 17 12:51:56.075423 2014] [proxy:error] [pid 5152:tid 1540] [client 186.29.225.8:15270] AH00898: Error reading from remote server returned by /isolucionsda/bancoconocimiento/I/Informepreliminary_odefinitivodeauditoriainterna_v9/Informepreliminary_odefinitivodeauditoriainterna_v9.asp, referer: http://190.27.245.106/isolucionsda/FrameSetArticulo.asp?Pagina=/isolucionsda/bancoconocimiento/I/Informepreliminary_odefinitivodeauditoriainterna_v9/Informepreliminary_odefinitivodeauditoriainterna_v9.asp?IdArticulo=7806
[Fri Oct 17 13:20:30.255234 2014] [proxy_http:error] [pid 5152:tid 1244] (OS 10054)An existing connection was forcibly closed by the remote host.  : [client 186.29.225.8:17883] AH01102: error reading status line from remote server 172.22.1.31:80, referer: http://190.27.245.106/isolucionsda/bancoconocimiento/A/AuditoriasInternas_v9/AuditoriasInternas_v9.asp?Id_Articulo=7800
[Fri Oct 17 13:20:30.255234 2014] [proxy:error] [pid 5152:tid 1244] [client 186.29.225.8:17883] AH00898: Error reading from remote server returned by /isolucionsda/g/vacio1x1.gif, referer: http://190.27.245.106/isolucionsda/bancoconocimiento/A/AuditoriasInternas_v9/AuditoriasInternas_v9.asp?Id_Articulo=7800
[Fri Oct 17 13:49:10.033455 2014] [proxy_http:error] [pid 5152:tid 1236] (OS 10054)An existing connection was forcibly closed by the remote host.  : [client 201.245.192.253:52387] AH01102: error reading status line from remote server 172.22.1.31:80, referer: http://190.27.245.106/isolucionsda/FrameSetGeneral.asp?Pagina1=FrameSetGeneral.asp&
[Fri Oct 17 13:49:10.033455 2014] [proxy:error] [pid 5152:tid 1236] [client 201.245.192.253:52387] AH00898: Error reading from remote server returned by /isolucionsda/BarraFavoritos.asp, referer: http://190.27.245.106/isolucionsda/FrameSetGeneral.asp?Pagina1=FrameSetGeneral.asp&
[Fri Oct 17 14:19:08.344214 2014] [proxy_http:error] [pid 5152:tid 1632] (20014)Internal error: [client 201.245.192.253:57320] AH01102: error reading status line from remote server 172.22.1.47:80, referer: http://190.27.245.106/forest/misactividades.do?group_system_actual=3&codPro=176&_a=0.6855111975224827
[Fri Oct 17 14:27:18.481474 2014] [proxy_http:error] [pid 5152:tid 1460] (OS 10054)An existing connection was forcibly closed by the remote host.  : [client 201.245.192.253:49605] AH01102: error reading status line from remote server 172.22.1.31:80, referer: http://190.27.245.106/isolucionsda/FrameSetGeneral.asp?Pagina=Menu.asp&IdModulo=4
[Fri Oct 17 14:27:18.481474 2014] [proxy_http:error] [pid 5152:tid 1612] (OS 10054)An existing connection was forcibly closed by the remote host.  : [client 201.245.192.253:49621] AH01102: error reading status line from remote server 172.22.1.31:80, referer: http://190.27.245.106/isolucionsda/FrameSetGeneral.asp?Pagina=Menu.asp&IdModulo=4
[Fri Oct 17 14:32:24.257612 2014] [proxy_http:error] [pid 5152:tid 1460] (20014)Internal error: [client 201.245.192.253:52765] AH01102: error reading status line from remote server 172.22.1.47:80, referer: http://190.27.245.106/forest/buscar.do?type=documentos
[Fri Oct 17 14:47:24.239792 2014] [proxy_http:error] [pid 5152:tid 1300] (20014)Internal error: [client 201.245.192.253:51126] AH01102: error reading status line from remote server 172.22.1.47:80, referer: http://190.27.245.106/forest/reportes.do?menu=1&group_system_actual=5
[Fri Oct 17 14:58:20.065944 2014] [proxy_http:error] [pid 5152:tid 1212] (OS 10054)An existing connection was forcibly closed by the remote host.  : [client 201.245.192.253:58298] AH01102: error reading status line from remote server 172.22.1.31:80, referer: http://190.27.245.106/isolucionsda/FrameSetGeneral.asp?Pagina=Menu.asp&IdModulo=4
[Fri Oct 17 15:02:37.247996 2014] [proxy_http:error] [pid 5152:tid 1708] (20014)Internal error: [client 190.157.172.223:52482] AH01102: error reading status line from remote server 172.22.1.47:80, referer: http://190.27.245.106/forest/misactividades.do?_a=0.29067297792062163&group_system_actual=3
[Fri Oct 17 15:53:28.443755 2014] [proxy_http:error] [pid 5152:tid 1804] (20014)Internal error: [client 201.245.192.253:55748] AH01102: error reading status line from remote server 172.22.1.47:80, referer: http://190.27.245.106/forest/misactividades.do?group_system_actual=3&codPro=95&_a=0.3168374110472115
[Fri Oct 17 15:53:33.919365 2014] [proxy_http:error] [pid 5152:tid 1516] (20014)Internal error: [client 201.245.192.253:55747] AH01102: error reading status line from remote server 172.22.1.47:80, referer: http://190.27.245.106/forest/usutareas.do?_a=0.1355008226013591&group_system_actual=3
[Fri Oct 17 15:55:00.639917 2014] [proxy_http:error] [pid 5152:tid 1236] (20014)Internal error: [client 201.245.192.253:56486] AH01102: error reading status line from remote server 172.22.1.47:80, referer: http://190.27.245.106/forest/usutareas.do?group_system_actual=3&a=0.10592772485688329
[Fri Oct 17 15:55:51.152806 2014] [proxy_http:error] [pid 5152:tid 1796] (20014)Internal error: [client 201.245.192.253:57036] AH01102: error reading status line from remote server 172.22.1.47:80, referer: http://190.27.245.106/forest/reportes.do?menu=1&group_system_actual=5
[Fri Oct 17 15:56:27.142069 2014] [proxy_http:error] [pid 5152:tid 1244] (20014)Internal error: [client 201.245.192.253:57215] AH01102: error reading status line from remote server 172.22.1.47:80, referer: http://190.27.245.106/forest/frameset?
[Fri Oct 17 16:16:50.667818 2014] [proxy_http:error] [pid 5152:tid 1768] (20014)Internal error: [client 201.245.192.253:55896] AH01102: error reading status line from remote server 172.22.1.47:80, referer: http://190.27.245.106/forest/usutareas.do?group_system_actual=3&a=0.7731355528481556
[Fri Oct 17 16:18:12.458762 2014] [proxy_http:error] [pid 5152:tid 1632] (20014)Internal error: [client 181.136.105.69:1865] AH01102: error reading status line from remote server 172.22.1.47:80, referer: http://190.27.245.106/forest/index2.jsp?a=0.37174482496943684
[Fri Oct 17 16:18:26.124386 2014] [proxy_http:error] [pid 5152:tid 1252] (20014)Internal error: [client 172.22.2.1:16699] AH01102: error reading status line from remote server 172.22.1.47:80, referer: http://190.27.245.106/forest/radicacion.do?codMod=11&group_system_actual=4&_a=0.2858069807138892
[Fri Oct 17 16:19:59.318949 2014] [proxy_http:error] [pid 5152:tid 1252] (20014)Internal error: [client 201.245.192.253:58049] AH01102: error reading status line from remote server 172.22.1.47:80, referer: http://190.27.245.106/forest/reportes.do?menu=1&group_system_actual=5
[Fri Oct 17 16:19:59.318949 2014] [proxy:error] [pid 5152:tid 1252] [client 201.245.192.253:58049] AH00898: Error reading from remote server returned by /forest/parameter, referer: http://190.27.245.106/forest/reportes.do?menu=1&group_system_actual=5
[Fri Oct 17 17:03:09.019098 2014] [proxy_http:error] [pid 5152:tid 1692] (OS 10054)An existing connection was forcibly closed by the remote host.  : [client 201.245.192.253:55601] AH01102: error reading status line from remote server 172.22.1.31:80, referer: http://190.27.245.106/isolucionsda/FrameSetGeneral.asp?Pagina1=FrameSetGeneral.asp&
[Fri Oct 17 17:03:09.019098 2014] [proxy:error] [pid 5152:tid 1692] [client 201.245.192.253:55601] AH00898: Error reading from remote server returned by /isolucionsda/MagazinHome.asp, referer: http://190.27.245.106/isolucionsda/FrameSetGeneral.asp?Pagina1=FrameSetGeneral.asp&
[Fri Oct 17 17:16:53.652147 2014] [proxy_http:error] [pid 5152:tid 1508] (20014)Internal error: [client 201.245.192.253:48426] AH01102: error reading status line from remote server 172.22.1.47:80, referer: http://190.27.245.106/forest/misactividades.do?_a=0.26364138318767816&group_system_actual=3
[Fri Oct 17 17:23:10.689209 2014] [proxy_http:error] [pid 5152:tid 1708] (20014)Internal error: [client 181.54.233.59:49808] AH01102: error reading status line from remote server 172.22.1.47:80, referer: http://190.27.245.106/forest/buscar.do
[Fri Oct 17 17:23:10.689209 2014] [proxy:error] [pid 5152:tid 1708] [client 181.54.233.59:49808] AH00898: Error reading from remote server returned by /forest/buscar.do, referer: http://190.27.245.106/forest/buscar.do
[Fri Oct 17 17:25:59.918306 2014] [proxy_http:error] [pid 5152:tid 1508] (20014)Internal error: [client 201.245.15.78:63533] AH01102: error reading status line from remote server 172.22.1.51:8399, referer: http://mapas.bogota.gov.co/portalmapas/
[Fri Oct 17 17:25:59.918306 2014] [proxy:error] [pid 5152:tid 1508] [client 201.245.15.78:63533] AH00898: Error reading from remote server returned by /arcgis/services/Calidad_del_Agua_WQI/MapServer/WMSServer, referer: http://mapas.bogota.gov.co/portalmapas/
[Fri Oct 17 17:27:50.584900 2014] [proxy_http:error] [pid 5152:tid 1508] (20014)Internal error: [client 190.156.192.77:49435] AH01102: error reading status line from remote server 172.22.1.36:8080, referer: http://190.27.245.106/Report2/rptManage.jsp?migracion=111
[Fri Oct 17 19:03:46.000609 2014] [:error] [pid 5152:tid 1492] [client 66.249.65.115:36235] script 'E:/nuevo/htdocs/prueba2.php' not found or unable to stat
[Fri Oct 17 20:03:17.582083 2014] [:error] [pid 5152:tid 1228] [client 66.249.65.115:51213] script 'E:/nuevo/htdocs/dos.php' not found or unable to stat
[Fri Oct 17 22:37:33.879941 2014] [mpm_winnt:warn] [pid 5152:tid 3092] (OS 64)The specified network name is no longer available.  : AH00341: winnt_accept: Asynchronous AcceptEx failed.
[Fri Oct 17 23:19:08.170322 2014] [authz_core:error] [pid 5152:tid 1364] [client 84.14.101.25:15794] AH01630: client denied by server configuration: E:/nuevo/phpMyAdmin/index.php
[Fri Oct 17 23:19:08.373122 2014] [authz_core:error] [pid 5152:tid 1364] [client 84.14.101.25:15794] AH01630: client denied by server configuration: E:/nuevo/phpMyAdmin/index.php, referer: http://190.27.245.106/phpmyadmin/index.php\r

:: Command execute ::

Enter:
 
Select:
 

:: Search ::
regexp 

:: Upload ::
 
[ ok ]

:: Make Dir ::
 
[ ok ]
:: Make File ::
 
[ ok ]

:: Go Dir ::
 
:: Go File ::
 

--[ c99shell v. 1.0 pre-release build #13 powered by Captain Crunch Security Team | http://ccteam.ru | Generation time: 0.0312 ]--