200.118.16.84 - - [06/Oct/2014:11:28:20 -0500] "POST /forms/lservlet;jsessionid=ac16012b30d5470ddfdbdf64482d91c59b3b6d080e2f.e3iSbxaKaheRe34Sa3yKbhiTahb0n6jAmljGr5XDqQLvpAe HTTP/1.1" 200 258
190.25.40.229 - - [06/Oct/2014:11:28:20 -0500] "POST /forms/lservlet;jsessionid=ac16012b30d5fb784237647f455ebacabe0db43ff4fe.e3iSbxaKaheRe34Sa3yKbhiTahb0n6jAmljGr5XDqQLvpAe HTTP/1.1" 200 2
200.118.16.84 - - [06/Oct/2014:11:28:20 -0500] "POST /forms/lservlet;jsessionid=ac16012b30d5470ddfdbdf64482d91c59b3b6d080e2f.e3iSbxaKaheRe34Sa3yKbhiTahb0n6jAmljGr5XDqQLvpAe HTTP/1.1" 200 2
200.118.16.84 - - [06/Oct/2014:11:28:21 -0500] "POST /forms/lservlet;jsessionid=ac16012b30d5470ddfdbdf64482d91c59b3b6d080e2f.e3iSbxaKaheRe34Sa3yKbhiTahb0n6jAmljGr5XDqQLvpAe HTTP/1.1" 200 83
200.118.16.84 - - [06/Oct/2014:11:28:21 -0500] "POST /forms/lservlet;jsessionid=ac16012b30d5470ddfdbdf64482d91c59b3b6d080e2f.e3iSbxaKaheRe34Sa3yKbhiTahb0n6jAmljGr5XDqQLvpAe HTTP/1.1" 200 2
200.118.16.84 - - [06/Oct/2014:11:28:22 -0500] "POST /forms/lservlet;jsessionid=ac16012b30d5470ddfdbdf64482d91c59b3b6d080e2f.e3iSbxaKaheRe34Sa3yKbhiTahb0n6jAmljGr5XDqQLvpAe HTTP/1.1" 200 2142
200.118.16.84 - - [06/Oct/2014:11:28:22 -0500] "POST /forms/lservlet;jsessionid=ac16012b30d5470ddfdbdf64482d91c59b3b6d080e2f.e3iSbxaKaheRe34Sa3yKbhiTahb0n6jAmljGr5XDqQLvpAe HTTP/1.1" 200 2
200.118.16.84 - - [06/Oct/2014:11:28:22 -0500] "POST /forms/lservlet;jsessionid=ac16012b30d5470ddfdbdf64482d91c59b3b6d080e2f.e3iSbxaKaheRe34Sa3yKbhiTahb0n6jAmljGr5XDqQLvpAe HTTP/1.1" 200 2
200.118.16.84 - - [06/Oct/2014:11:28:23 -0500] "POST /forms/lservlet;jsessionid=ac16012b30d5470ddfdbdf64482d91c59b3b6d080e2f.e3iSbxaKaheRe34Sa3yKbhiTahb0n6jAmljGr5XDqQLvpAe HTTP/1.1" 200 131
200.118.16.84 - - [06/Oct/2014:11:28:23 -0500] "POST /forms/lservlet;jsessionid=ac16012b30d5470ddfdbdf64482d91c59b3b6d080e2f.e3iSbxaKaheRe34Sa3yKbhiTahb0n6jAmljGr5XDqQLvpAe HTTP/1.1" 200 8
200.118.16.84 - - [06/Oct/2014:11:28:23 -0500] "POST /forms/lservlet;jsessionid=ac16012b30d5470ddfdbdf64482d91c59b3b6d080e2f.e3iSbxaKaheRe34Sa3yKbhiTahb0n6jAmljGr5XDqQLvpAe HTTP/1.1" 200 2
200.118.16.84 - - [06/Oct/2014:11:28:24 -0500] "POST /forms/lservlet;jsessionid=ac16012b30d5470ddfdbdf64482d91c59b3b6d080e2f.e3iSbxaKaheRe34Sa3yKbhiTahb0n6jAmljGr5XDqQLvpAe HTTP/1.1" 200 7
200.118.16.84 - - [06/Oct/2014:11:28:24 -0500] "POST /forms/lservlet;jsessionid=ac16012b30d5470ddfdbdf64482d91c59b3b6d080e2f.e3iSbxaKaheRe34Sa3yKbhiTahb0n6jAmljGr5XDqQLvpAe HTTP/1.1" 200 32254
200.118.16.84 - - [06/Oct/2014:11:28:25 -0500] "POST /forms/lservlet;jsessionid=ac16012b30d5470ddfdbdf64482d91c59b3b6d080e2f.e3iSbxaKaheRe34Sa3yKbhiTahb0n6jAmljGr5XDqQLvpAe HTTP/1.1" 200 9
200.118.16.84 - - [06/Oct/2014:11:28:25 -0500] "POST /forms/lservlet;jsessionid=ac16012b30d5470ddfdbdf64482d91c59b3b6d080e2f.e3iSbxaKaheRe34Sa3yKbhiTahb0n6jAmljGr5XDqQLvpAe HTTP/1.1" 200 2
200.118.16.84 - - [06/Oct/2014:11:28:25 -0500] "POST /forms/lservlet;jsessionid=ac16012b30d5470ddfdbdf64482d91c59b3b6d080e2f.e3iSbxaKaheRe34Sa3yKbhiTahb0n6jAmljGr5XDqQLvpAe HTTP/1.1" 200 33
200.118.16.84 - - [06/Oct/2014:11:28:26 -0500] "POST /forms/lservlet;jsessionid=ac16012b30d5470ddfdbdf64482d91c59b3b6d080e2f.e3iSbxaKaheRe34Sa3yKbhiTahb0n6jAmljGr5XDqQLvpAe HTTP/1.1" 200 2
200.118.16.84 - - [06/Oct/2014:11:28:28 -0500] "POST /forms/lservlet;jsessionid=ac16012b30d5470ddfdbdf64482d91c59b3b6d080e2f.e3iSbxaKaheRe34Sa3yKbhiTahb0n6jAmljGr5XDqQLvpAe HTTP/1.1" 200 9
200.118.16.84 - - [06/Oct/2014:11:28:29 -0500] "POST /forms/lservlet;jsessionid=ac16012b30d5470ddfdbdf64482d91c59b3b6d080e2f.e3iSbxaKaheRe34Sa3yKbhiTahb0n6jAmljGr5XDqQLvpAe HTTP/1.1" 200 82
200.118.16.84 - - [06/Oct/2014:11:28:29 -0500] "POST /forms/lservlet;jsessionid=ac16012b30d5470ddfdbdf64482d91c59b3b6d080e2f.e3iSbxaKaheRe34Sa3yKbhiTahb0n6jAmljGr5XDqQLvpAe HTTP/1.1" 200 10
200.118.16.84 - - [06/Oct/2014:11:28:29 -0500] "POST /forms/lservlet;jsessionid=ac16012b30d5470ddfdbdf64482d91c59b3b6d080e2f.e3iSbxaKaheRe34Sa3yKbhiTahb0n6jAmljGr5XDqQLvpAe HTTP/1.1" 200 2
200.118.16.84 - - [06/Oct/2014:11:28:30 -0500] "POST /forms/lservlet;jsessionid=ac16012b30d5470ddfdbdf64482d91c59b3b6d080e2f.e3iSbxaKaheRe34Sa3yKbhiTahb0n6jAmljGr5XDqQLvpAe HTTP/1.1" 200 147
201.245.192.253 - - [06/Oct/2014:11:28:18 -0500] "GET /forest/visualizar.do?codDoc=1790055&ext=pdf&codfile=-1&iscodfile=false&nombre=2014ER019689.pdf HTTP/1.1" 200 3207242
201.245.192.253 - - [06/Oct/2014:11:28:03 -0500] "GET /BLA/boletinlegal/ HTTP/1.1" 200 33851
201.245.192.253 - - [06/Oct/2014:11:28:38 -0500] "GET /BLA/boletinlegal/consulta_actos.php?tipo=autos&no=5300&usuario=&sector=&fecha=2010&resuelve= HTTP/1.1" 200 1003
181.65.170.35 - - [06/Oct/2014:11:28:41 -0500] "GET /BLA/boletinlegal/js/jquery.js HTTP/1.1" 200 57254
181.65.170.35 - - [06/Oct/2014:11:28:41 -0500] "GET /BLA/boletinlegal/js/jquery.scrollTo-min.js HTTP/1.1" 200 1150
181.65.170.35 - - [06/Oct/2014:11:28:41 -0500] "GET /BLA/boletinlegal/js/jquery.scrollShow.js HTTP/1.1" 200 4586
201.245.192.253 - - [06/Oct/2014:11:28:45 -0500] "GET /forest/skins/gdocs-jar/popup/popup.jsp?width=1100&height=500&title=Buscar%20documentos&uri=/forest/buscar.do%3Ftype%3Ddocumentos&name=undefined&_a=0.7068935881097717&a=0.3597118461726534 HTTP/1.1" 200 1179
201.245.192.253 - - [06/Oct/2014:11:28:45 -0500] "GET /forest/buscar.do?type=documentos HTTP/1.1" 200 96436
201.245.192.253 - - [06/Oct/2014:11:28:47 -0500] "GET /forest/js/load_func.js?version=1408.271930 HTTP/1.1" 304 -
201.245.192.253 - - [06/Oct/2014:11:28:47 -0500] "GET /forest/js/sarissa.js?version=1408.271930 HTTP/1.1" 304 -
201.245.192.253 - - [06/Oct/2014:11:28:47 -0500] "GET /forest/js/internJS.js?version=1408.271930 HTTP/1.1" 304 -
201.245.192.253 - - [06/Oct/2014:11:28:47 -0500] "GET /forest/js/xml_utilities.js?version=1408.271930 HTTP/1.1" 304 -
201.245.192.253 - - [06/Oct/2014:11:28:47 -0500] "GET /forest/json.do?query=usersByDep&coddep=221 HTTP/1.1" 200 3100
201.245.192.253 - - [06/Oct/2014:11:28:47 -0500] "GET /forest/json.do?query=usersByDep&coddep=221 HTTP/1.1" 200 3100
201.245.192.253 - - [06/Oct/2014:11:28:49 -0500] "POST /forest/buscar.do? HTTP/1.1" 200 5833
200.118.16.84 - - [06/Oct/2014:11:28:50 -0500] "POST /forms/lservlet;jsessionid=ac16012b30d5470ddfdbdf64482d91c59b3b6d080e2f.e3iSbxaKaheRe34Sa3yKbhiTahb0n6jAmljGr5XDqQLvpAe HTTP/1.1" 200 2
200.118.16.84 - - [06/Oct/2014:11:28:50 -0500] "POST /forms/lservlet;jsessionid=ac16012b30d5470ddfdbdf64482d91c59b3b6d080e2f.e3iSbxaKaheRe34Sa3yKbhiTahb0n6jAmljGr5XDqQLvpAe HTTP/1.1" 200 10
200.118.16.84 - - [06/Oct/2014:11:28:50 -0500] "POST /forms/lservlet;jsessionid=ac16012b30d5470ddfdbdf64482d91c59b3b6d080e2f.e3iSbxaKaheRe34Sa3yKbhiTahb0n6jAmljGr5XDqQLvpAe HTTP/1.1" 200 2
190.147.217.143 - - [06/Oct/2014:11:28:51 -0500] "GET /galeria/carrusel/Carrusel/jquery.thumbnailScroller.css HTTP/1.1" 200 2066
190.147.217.143 - - [06/Oct/2014:11:28:51 -0500] "GET /BLA/boletinlegal/js/jquery.scrollTo-min.js HTTP/1.1" 200 1150
190.147.217.143 - - [06/Oct/2014:11:28:51 -0500] "GET /BLA/boletinlegal/js/jquery.scrollShow.js HTTP/1.1" 200 4586
190.147.217.143 - - [06/Oct/2014:11:28:51 -0500] "GET /galeria/carrusel/Carrusel/jquery-ui-1.8.13.custom.min.js HTTP/1.1" 200 10800
190.147.217.143 - - [06/Oct/2014:11:28:51 -0500] "GET /BLA/boletinlegal/js/jquery.js HTTP/1.1" 200 57254
190.147.217.143 - - [06/Oct/2014:11:28:52 -0500] "GET /galeria/carrusel/Carrusel/jquery.thumbnailScroller.js HTTP/1.1" 200 8157
190.85.71.150 - - [06/Oct/2014:11:28:53 -0500] "GET /BLA/boletinlegal/js/jquery.js HTTP/1.1" 200 57254
190.85.71.150 - - [06/Oct/2014:11:28:53 -0500] "GET /BLA/boletinlegal/js/jquery.scrollTo-min.js HTTP/1.1" 200 1150
190.85.71.150 - - [06/Oct/2014:11:28:53 -0500] "GET /BLA/boletinlegal/js/jquery.scrollShow.js HTTP/1.1" 200 4586
190.85.71.150 - - [06/Oct/2014:11:28:53 -0500] "GET /galeria/carrusel/Carrusel/jquery.thumbnailScroller.css HTTP/1.1" 200 2066
201.245.192.253 - - [06/Oct/2014:11:28:53 -0500] "GET /forest/skins/gdocs-jar/popup/popup.jsp?width=900&height=600&title=Informaci%F3n%20de%20proceso&uri=/forest/system/process.jsp%3FnumPro%3D2740718&name=undefined&_a=0.681874054190423&a=0.38066437782429674 HTTP/1.1" 200 1191
201.245.192.253 - - [06/Oct/2014:11:28:53 -0500] "GET /forest/system/process.jsp?numPro=2740718 HTTP/1.1" 200 83349
190.85.71.150 - - [06/Oct/2014:11:28:54 -0500] "GET /galeria/carrusel/Carrusel/jquery-ui-1.8.13.custom.min.js HTTP/1.1" 200 10800
190.85.71.150 - - [06/Oct/2014:11:28:54 -0500] "GET /galeria/carrusel/Carrusel/jquery.thumbnailScroller.js HTTP/1.1" 200 8157
200.118.16.84 - - [06/Oct/2014:11:28:54 -0500] "POST /forms/lservlet;jsessionid=ac16012b30d5470ddfdbdf64482d91c59b3b6d080e2f.e3iSbxaKaheRe34Sa3yKbhiTahb0n6jAmljGr5XDqQLvpAe HTTP/1.1" 200 2
200.118.16.84 - - [06/Oct/2014:11:28:54 -0500] "POST /forms/lservlet;jsessionid=ac16012b30d5470ddfdbdf64482d91c59b3b6d080e2f.e3iSbxaKaheRe34Sa3yKbhiTahb0n6jAmljGr5XDqQLvpAe HTTP/1.1" 200 256
200.118.16.84 - - [06/Oct/2014:11:28:55 -0500] "POST /forms/lservlet;jsessionid=ac16012b30d5470ddfdbdf64482d91c59b3b6d080e2f.e3iSbxaKaheRe34Sa3yKbhiTahb0n6jAmljGr5XDqQLvpAe HTTP/1.1" 200 2
200.118.16.84 - - [06/Oct/2014:11:28:55 -0500] "POST /forms/lservlet;jsessionid=ac16012b30d5470ddfdbdf64482d91c59b3b6d080e2f.e3iSbxaKaheRe34Sa3yKbhiTahb0n6jAmljGr5XDqQLvpAe HTTP/1.1" 200 258
200.118.16.84 - - [06/Oct/2014:11:28:56 -0500] "POST /forms/lservlet;jsessionid=ac16012b30d5470ddfdbdf64482d91c59b3b6d080e2f.e3iSbxaKaheRe34Sa3yKbhiTahb0n6jAmljGr5XDqQLvpAe HTTP/1.1" 200 2
200.118.16.84 - - [06/Oct/2014:11:28:56 -0500] "POST /forms/lservlet;jsessionid=ac16012b30d5470ddfdbdf64482d91c59b3b6d080e2f.e3iSbxaKaheRe34Sa3yKbhiTahb0n6jAmljGr5XDqQLvpAe HTTP/1.1" 200 83
201.245.192.253 - - [06/Oct/2014:11:28:55 -0500] "GET /forest/documentos/1796262/2014EE025896.doc HTTP/1.1" 200 248320
190.147.217.143 - - [06/Oct/2014:11:28:57 -0500] "GET /galeria/nivo-slider/demo/demo.html HTTP/1.1" 200 3617
190.147.217.143 - - [06/Oct/2014:11:28:57 -0500] "GET /galeria/nivo-slider/themes/default/default.css HTTP/1.1" 200 1569
190.147.217.143 - - [06/Oct/2014:11:28:57 -0500] "GET /galeria/nivo-slider/themes/pascal/pascal.css HTTP/1.1" 200 2258
190.147.217.143 - - [06/Oct/2014:11:28:57 -0500] "GET /galeria/nivo-slider/themes/orman/orman.css HTTP/1.1" 200 2152
190.147.217.143 - - [06/Oct/2014:11:28:57 -0500] "GET /galeria/nivo-slider/nivo-slider.css HTTP/1.1" 200 1507
190.147.217.143 - - [06/Oct/2014:11:28:57 -0500] "GET /galeria/nivo-slider/demo/style.css HTTP/1.1" 200 2222
190.147.217.143 - - [06/Oct/2014:11:28:57 -0500] "GET /galeria/nivo-slider/demo/images/banner-Animal.jpg HTTP/1.1" 200 257223
200.118.16.84 - - [06/Oct/2014:11:28:57 -0500] "POST /forms/lservlet;jsessionid=ac16012b30d5470ddfdbdf64482d91c59b3b6d080e2f.e3iSbxaKaheRe34Sa3yKbhiTahb0n6jAmljGr5XDqQLvpAe HTTP/1.1" 200 2
190.147.217.143 - - [06/Oct/2014:11:28:57 -0500] "GET /galeria/nivo-slider/jquery.nivo.slider.pack.js HTTP/1.1" 200 11561
190.147.217.143 - - [06/Oct/2014:11:28:57 -0500] "GET /galeria/nivo-slider/demo/images/Tingua-azul.jpg HTTP/1.1" 200 307638
190.147.217.143 - - [06/Oct/2014:11:28:57 -0500] "GET /galeria/nivo-slider/demo/scripts/jquery-1.7.1.min.js HTTP/1.1" 200 93868
190.147.217.143 - - [06/Oct/2014:11:28:57 -0500] "GET /galeria/nivo-slider/demo/images/BannerIDRD1.png HTTP/1.1" 200 316313
190.85.71.150 - - [06/Oct/2014:11:28:57 -0500] "GET /galeria/nivo-slider/demo/demo.html HTTP/1.1" 200 3617
190.85.71.150 - - [06/Oct/2014:11:28:57 -0500] "GET /galeria/nivo-slider/themes/default/default.css HTTP/1.1" 200 1569
190.85.71.150 - - [06/Oct/2014:11:28:57 -0500] "GET /galeria/nivo-slider/themes/pascal/pascal.css HTTP/1.1" 200 2258
190.85.71.150 - - [06/Oct/2014:11:28:57 -0500] "GET /galeria/nivo-slider/themes/orman/orman.css HTTP/1.1" 200 2152
190.85.71.150 - - [06/Oct/2014:11:28:57 -0500] "GET /galeria/nivo-slider/demo/style.css HTTP/1.1" 200 2222
190.85.71.150 - - [06/Oct/2014:11:28:57 -0500] "GET /galeria/nivo-slider/nivo-slider.css HTTP/1.1" 200 1507
190.85.71.150 - - [06/Oct/2014:11:28:57 -0500] "GET /galeria/nivo-slider/demo/images/banner-Animal.jpg HTTP/1.1" 200 257223
190.85.71.150 - - [06/Oct/2014:11:28:57 -0500] "GET /galeria/nivo-slider/demo/scripts/jquery-1.7.1.min.js HTTP/1.1" 200 93868
200.118.16.84 - - [06/Oct/2014:11:28:58 -0500] "POST /forms/lservlet;jsessionid=ac16012b30d5470ddfdbdf64482d91c59b3b6d080e2f.e3iSbxaKaheRe34Sa3yKbhiTahb0n6jAmljGr5XDqQLvpAe HTTP/1.1" 200 2
190.85.71.150 - - [06/Oct/2014:11:28:58 -0500] "GET /galeria/nivo-slider/jquery.nivo.slider.pack.js HTTP/1.1" 200 11561
190.85.71.150 - - [06/Oct/2014:11:28:58 -0500] "GET /galeria/nivo-slider/demo/images/Tingua-azul.jpg HTTP/1.1" 200 307638
190.85.71.150 - - [06/Oct/2014:11:28:58 -0500] "GET /galeria/nivo-slider/demo/images/BannerIDRD1.png HTTP/1.1" 200 316313
190.85.71.150 - - [06/Oct/2014:11:28:58 -0500] "GET /galeria/nivo-slider/demo/images/Recilaton02.jpg HTTP/1.1" 200 82162
190.85.71.150 - - [06/Oct/2014:11:28:58 -0500] "GET /galeria/nivo-slider/demo/images/Banner-Caracol-Africano.jpg HTTP/1.1" 200 331986
190.85.71.150 - - [06/Oct/2014:11:28:58 -0500] "GET /galeria/nivo-slider/demo/images/banner_adopcion2.jpg HTTP/1.1" 200 136406
190.147.217.143 - - [06/Oct/2014:11:28:59 -0500] "GET /galeria/nivo-slider/demo/images/Recilaton02.jpg HTTP/1.1" 200 82162
200.118.16.84 - - [06/Oct/2014:11:28:59 -0500] "POST /forms/lservlet;jsessionid=ac16012b30d5470ddfdbdf64482d91c59b3b6d080e2f.e3iSbxaKaheRe34Sa3yKbhiTahb0n6jAmljGr5XDqQLvpAe HTTP/1.1" 200 2142
200.118.16.84 - - [06/Oct/2014:11:28:59 -0500] "POST /forms/lservlet;jsessionid=ac16012b30d5470ddfdbdf64482d91c59b3b6d080e2f.e3iSbxaKaheRe34Sa3yKbhiTahb0n6jAmljGr5XDqQLvpAe HTTP/1.1" 200 2
200.118.16.84 - - [06/Oct/2014:11:28:59 -0500] "POST /forms/lservlet;jsessionid=ac16012b30d5470ddfdbdf64482d91c59b3b6d080e2f.e3iSbxaKaheRe34Sa3yKbhiTahb0n6jAmljGr5XDqQLvpAe HTTP/1.1" 200 2
190.25.157.11 - - [06/Oct/2014:11:28:59 -0500] "POST /forms/lservlet;jsessionid=ac16012b30d5e1fa6fcef1a9487f9ffac623c769da53.e3iSbxaKaheRe34Sa3yKbhiTahb0n6jAmljGr5XDqQLvpAe HTTP/1.1" 200 2
190.147.217.143 - - [06/Oct/2014:11:28:59 -0500] "GET /galeria/nivo-slider/demo/images/Banner-Caracol-Africano.jpg HTTP/1.1" 200 331986
190.85.71.150 - - [06/Oct/2014:11:28:59 -0500] "GET /galeria/nivo-slider/demo/images/4Simple_Slider.png HTTP/1.1" 200 11722
190.85.71.150 - - [06/Oct/2014:11:28:59 -0500] "GET /galeria/nivo-slider/themes/default/loading.gif HTTP/1.1" 200 1737
190.147.217.143 - - [06/Oct/2014:11:29:00 -0500] "GET /galeria/nivo-slider/themes/default/loading.gif HTTP/1.1" 200 1737
190.85.71.150 - - [06/Oct/2014:11:29:00 -0500] "GET /galeria/nivo-slider/demo/images/bannerEcolecta3.jpg HTTP/1.1" 200 280034
190.85.71.150 - - [06/Oct/2014:11:29:00 -0500] "GET /galeria/nivo-slider/demo/images/9Signos.jpg HTTP/1.1" 200 93040
190.27.119.49 - - [06/Oct/2014:11:29:00 -0500] "GET /forest/ HTTP/1.1" 200 12373
201.245.192.253 - - [06/Oct/2014:11:26:00 -0500] "GET /ForestMSG_SDA/channelAsync/template_word_16628362?X-Atmosphere-tracking-id=bac54bc3-2f66-4345-af05-bbaec1f83c45&X-Atmosphere-Framework=1.0.5&X-Atmosphere-Transport=long-polling&tabid=0.14424352373420468&X-Cache-Date=0&Content-Type=application/xml&_=1412612951426 HTTP/1.1" 200 8193
190.85.71.150 - - [06/Oct/2014:11:29:00 -0500] "GET /galeria/nivo-slider/demo/images/banner-encuesta.jpg HTTP/1.1" 200 42764
190.85.71.150 - - [06/Oct/2014:11:29:00 -0500] "GET /galeria/nivo-slider/demo/images/banner-llantas2.jpg HTTP/1.1" 200 73153
190.85.71.150 - - [06/Oct/2014:11:29:00 -0500] "GET /galeria/nivo-slider/demo/images/banner-caballos.png HTTP/1.1" 200 389106
190.85.71.150 - - [06/Oct/2014:11:29:01 -0500] "GET /galeria/nivo-slider/demo/images/ConstructorasFNL.jpg HTTP/1.1" 200 216551
190.147.217.143 - - [06/Oct/2014:11:29:01 -0500] "GET /galeria/nivo-slider/demo/images/4Simple_Slider.png HTTP/1.1" 200 11722
190.85.71.150 - - [06/Oct/2014:11:29:01 -0500] "GET /galeria/nivo-slider/demo/images/Hacienda_Molinos.jpg HTTP/1.1" 200 319171
190.147.217.143 - - [06/Oct/2014:11:29:01 -0500] "GET /galeria/nivo-slider/demo/images/banner_adopcion2.jpg HTTP/1.1" 200 136406
190.147.217.143 - - [06/Oct/2014:11:29:01 -0500] "GET /galeria/nivo-slider/demo/images/bannerEcolecta3.jpg HTTP/1.1" 200 280034
190.147.217.143 - - [06/Oct/2014:11:29:01 -0500] "GET /galeria/nivo-slider/demo/images/9Signos.jpg HTTP/1.1" 200 93040
190.147.217.143 - - [06/Oct/2014:11:29:02 -0500] "GET /galeria/nivo-slider/demo/images/banner-encuesta.jpg HTTP/1.1" 200 42764
190.147.217.143 - - [06/Oct/2014:11:29:02 -0500] "GET /galeria/nivo-slider/demo/images/banner-llantas2.jpg HTTP/1.1" 200 73153
190.147.217.143 - - [06/Oct/2014:11:29:02 -0500] "GET /galeria/nivo-slider/demo/images/banner-caballos.png HTTP/1.1" 200 389106
190.147.217.143 - - [06/Oct/2014:11:29:02 -0500] "GET /galeria/nivo-slider/demo/images/ConstructorasFNL.jpg HTTP/1.1" 200 216551
190.85.71.150 - - [06/Oct/2014:11:29:02 -0500] "GET /galeria/nivo-slider/themes/default/arrows.png HTTP/1.1" 200 824
190.147.217.143 - - [06/Oct/2014:11:29:02 -0500] "GET /galeria/nivo-slider/demo/images/Hacienda_Molinos.jpg HTTP/1.1" 200 319171
190.85.71.150 - - [06/Oct/2014:11:29:02 -0500] "GET /galeria/nivo-slider/themes/default/bullets.png HTTP/1.1" 200 1281
190.85.71.150 - - [06/Oct/2014:11:29:03 -0500] "GET /videos/PromoAnimal.flv HTTP/1.1" 200 3469924
186.28.67.106 - - [06/Oct/2014:11:29:03 -0500] "POST /forms/lservlet;jsessionid=ac16012b30d5c2e45a428de142678939d5dcf98f4db3.e3iSbxaKaheRe34Sa3yKbhiTahb0n6jAmljGr5XDqQLvpAe HTTP/1.1" 200 2
190.147.217.143 - - [06/Oct/2014:11:29:06 -0500] "GET /galeria/nivo-slider/themes/default/arrows.png HTTP/1.1" 200 824
190.147.217.143 - - [06/Oct/2014:11:29:06 -0500] "GET /galeria/nivo-slider/themes/default/bullets.png HTTP/1.1" 200 1281
186.84.65.78 - - [06/Oct/2014:11:29:06 -0500] "POST /forms/lservlet;jsessionid=ac16012b30d5221ef17b809e4b538cec819ea364455c.e3iSbxaKaheRe34Sa3yKbhiTahb0n6jAmljGr5XDqQLvpAe HTTP/1.1" 200 2
190.147.217.143 - - [06/Oct/2014:11:29:08 -0500] "GET /videos/PromoAnimal.flv HTTP/1.1" 200 3469924
200.118.16.84 - - [06/Oct/2014:11:29:09 -0500] "POST /forms/lservlet;jsessionid=ac16012b30d5470ddfdbdf64482d91c59b3b6d080e2f.e3iSbxaKaheRe34Sa3yKbhiTahb0n6jAmljGr5XDqQLvpAe HTTP/1.1" 200 131
200.118.16.84 - - [06/Oct/2014:11:29:09 -0500] "POST /forms/lservlet;jsessionid=ac16012b30d5470ddfdbdf64482d91c59b3b6d080e2f.e3iSbxaKaheRe34Sa3yKbhiTahb0n6jAmljGr5XDqQLvpAe HTTP/1.1" 200 8
200.118.16.84 - - [06/Oct/2014:11:29:09 -0500] "POST /forms/lservlet;jsessionid=ac16012b30d5470ddfdbdf64482d91c59b3b6d080e2f.e3iSbxaKaheRe34Sa3yKbhiTahb0n6jAmljGr5XDqQLvpAe HTTP/1.1" 200 2
200.118.16.84 - - [06/Oct/2014:11:29:10 -0500] "POST /forms/lservlet;jsessionid=ac16012b30d5470ddfdbdf64482d91c59b3b6d080e2f.e3iSbxaKaheRe34Sa3yKbhiTahb0n6jAmljGr5XDqQLvpAe HTTP/1.1" 200 7
200.118.16.84 - - [06/Oct/2014:11:29:10 -0500] "POST /forms/lservlet;jsessionid=ac16012b30d5470ddfdbdf64482d91c59b3b6d080e2f.e3iSbxaKaheRe34Sa3yKbhiTahb0n6jAmljGr5XDqQLvpAe HTTP/1.1" 200 32269
200.118.16.84 - - [06/Oct/2014:11:29:10 -0500] "POST /forms/lservlet;jsessionid=ac16012b30d5470ddfdbdf64482d91c59b3b6d080e2f.e3iSbxaKaheRe34Sa3yKbhiTahb0n6jAmljGr5XDqQLvpAe HTTP/1.1" 200 9
200.118.16.84 - - [06/Oct/2014:11:29:11 -0500] "POST /forms/lservlet;jsessionid=ac16012b30d5470ddfdbdf64482d91c59b3b6d080e2f.e3iSbxaKaheRe34Sa3yKbhiTahb0n6jAmljGr5XDqQLvpAe HTTP/1.1" 200 2
200.118.16.84 - - [06/Oct/2014:11:29:11 -0500] "POST /forms/lservlet;jsessionid=ac16012b30d5470ddfdbdf64482d91c59b3b6d080e2f.e3iSbxaKaheRe34Sa3yKbhiTahb0n6jAmljGr5XDqQLvpAe HTTP/1.1" 200 33
181.50.66.247 - - [06/Oct/2014:11:29:11 -0500] "POST /forms/lservlet;jsessionid=ac16012b30d5cec85258819345c8a6ddfdaf7a74f4f2.e3iSbxaKaheRe34Sa3yKbhiTahb0n6jAmljGr5XDqQLvpAe HTTP/1.1" 200 2
200.118.16.84 - - [06/Oct/2014:11:29:11 -0500] "POST /forms/lservlet;jsessionid=ac16012b30d5470ddfdbdf64482d91c59b3b6d080e2f.e3iSbxaKaheRe34Sa3yKbhiTahb0n6jAmljGr5XDqQLvpAe HTTP/1.1" 200 2
200.118.16.84 - - [06/Oct/2014:11:29:11 -0500] "POST /forms/lservlet;jsessionid=ac16012b30d5470ddfdbdf64482d91c59b3b6d080e2f.e3iSbxaKaheRe34Sa3yKbhiTahb0n6jAmljGr5XDqQLvpAe HTTP/1.1" 200 9
200.118.16.84 - - [06/Oct/2014:11:29:12 -0500] "POST /forms/lservlet;jsessionid=ac16012b30d5470ddfdbdf64482d91c59b3b6d080e2f.e3iSbxaKaheRe34Sa3yKbhiTahb0n6jAmljGr5XDqQLvpAe HTTP/1.1" 200 82
200.118.16.84 - - [06/Oct/2014:11:29:12 -0500] "POST /forms/lservlet;jsessionid=ac16012b30d5470ddfdbdf64482d91c59b3b6d080e2f.e3iSbxaKaheRe34Sa3yKbhiTahb0n6jAmljGr5XDqQLvpAe HTTP/1.1" 200 10
200.118.16.84 - - [06/Oct/2014:11:29:12 -0500] "POST /forms/lservlet;jsessionid=ac16012b30d5470ddfdbdf64482d91c59b3b6d080e2f.e3iSbxaKaheRe34Sa3yKbhiTahb0n6jAmljGr5XDqQLvpAe HTTP/1.1" 200 2
200.118.16.84 - - [06/Oct/2014:11:29:13 -0500] "POST /forms/lservlet;jsessionid=ac16012b30d5470ddfdbdf64482d91c59b3b6d080e2f.e3iSbxaKaheRe34Sa3yKbhiTahb0n6jAmljGr5XDqQLvpAe HTTP/1.1" 200 147
74.86.158.107 - - [06/Oct/2014:11:29:13 -0500] "HEAD / HTTP/1.1" 302 -
201.245.192.253 - - [06/Oct/2014:11:29:22 -0500] "GET /galeria/nivo-slider/demo/demo.html HTTP/1.1" 304 -
200.118.16.84 - - [06/Oct/2014:11:29:22 -0500] "POST /forms/lservlet;jsessionid=ac16012b30d5470ddfdbdf64482d91c59b3b6d080e2f.e3iSbxaKaheRe34Sa3yKbhiTahb0n6jAmljGr5XDqQLvpAe HTTP/1.1" 200 2
201.245.192.253 - - [06/Oct/2014:11:29:22 -0500] "GET /galeria/nivo-slider/demo/images/BannerIDRD1.png HTTP/1.1" 304 -
201.245.192.253 - - [06/Oct/2014:11:29:22 -0500] "GET /galeria/nivo-slider/demo/images/Recilaton02.jpg HTTP/1.1" 304 -
201.245.192.253 - - [06/Oct/2014:11:29:22 -0500] "GET /galeria/nivo-slider/demo/images/banner_adopcion2.jpg HTTP/1.1" 304 -
201.245.192.253 - - [06/Oct/2014:11:29:22 -0500] "GET /galeria/nivo-slider/demo/images/bannerEcolecta3.jpg HTTP/1.1" 304 -
201.245.192.253 - - [06/Oct/2014:11:29:22 -0500] "GET /galeria/nivo-slider/demo/images/banner-encuesta.jpg HTTP/1.1" 304 -
201.245.192.253 - - [06/Oct/2014:11:29:22 -0500] "GET /galeria/nivo-slider/demo/images/Banner-Caracol-Africano.jpg HTTP/1.1" 304 -
201.245.192.253 - - [06/Oct/2014:11:29:22 -0500] "GET /galeria/nivo-slider/demo/images/9Signos.jpg HTTP/1.1" 304 -
201.245.192.253 - - [06/Oct/2014:11:29:22 -0500] "GET /galeria/nivo-slider/demo/images/Hacienda_Molinos.jpg HTTP/1.1" 304 -
200.118.16.84 - - [06/Oct/2014:11:29:23 -0500] "POST /forms/lservlet;jsessionid=ac16012b30d5470ddfdbdf64482d91c59b3b6d080e2f.e3iSbxaKaheRe34Sa3yKbhiTahb0n6jAmljGr5XDqQLvpAe HTTP/1.1" 200 10
200.118.16.84 - - [06/Oct/2014:11:29:23 -0500] "POST /forms/lservlet;jsessionid=ac16012b30d5470ddfdbdf64482d91c59b3b6d080e2f.e3iSbxaKaheRe34Sa3yKbhiTahb0n6jAmljGr5XDqQLvpAe HTTP/1.1" 200 2
200.118.16.84 - - [06/Oct/2014:11:29:23 -0500] "POST /forms/lservlet;jsessionid=ac16012b30d5470ddfdbdf64482d91c59b3b6d080e2f.e3iSbxaKaheRe34Sa3yKbhiTahb0n6jAmljGr5XDqQLvpAe HTTP/1.1" 200 2
201.245.192.253 - - [06/Oct/2014:11:29:23 -0500] "GET /galeria/nivo-slider/demo/images/Tingua-azul.jpg HTTP/1.1" 304 -
200.118.16.84 - - [06/Oct/2014:11:29:24 -0500] "POST /forms/lservlet;jsessionid=ac16012b30d5470ddfdbdf64482d91c59b3b6d080e2f.e3iSbxaKaheRe34Sa3yKbhiTahb0n6jAmljGr5XDqQLvpAe HTTP/1.1" 200 2
200.118.16.84 - - [06/Oct/2014:11:29:24 -0500] "POST /forms/lservlet;jsessionid=ac16012b30d5470ddfdbdf64482d91c59b3b6d080e2f.e3iSbxaKaheRe34Sa3yKbhiTahb0n6jAmljGr5XDqQLvpAe HTTP/1.1" 200 256
200.118.16.84 - - [06/Oct/2014:11:29:25 -0500] "POST /forms/lservlet;jsessionid=ac16012b30d5470ddfdbdf64482d91c59b3b6d080e2f.e3iSbxaKaheRe34Sa3yKbhiTahb0n6jAmljGr5XDqQLvpAe HTTP/1.1" 200 2
200.118.16.84 - - [06/Oct/2014:11:29:26 -0500] "POST /forms/lservlet;jsessionid=ac16012b30d5470ddfdbdf64482d91c59b3b6d080e2f.e3iSbxaKaheRe34Sa3yKbhiTahb0n6jAmljGr5XDqQLvpAe HTTP/1.1" 200 2
200.118.16.84 - - [06/Oct/2014:11:29:26 -0500] "POST /forms/lservlet;jsessionid=ac16012b30d5470ddfdbdf64482d91c59b3b6d080e2f.e3iSbxaKaheRe34Sa3yKbhiTahb0n6jAmljGr5XDqQLvpAe HTTP/1.1" 200 258
200.118.16.84 - - [06/Oct/2014:11:29:26 -0500] "POST /forms/lservlet;jsessionid=ac16012b30d5470ddfdbdf64482d91c59b3b6d080e2f.e3iSbxaKaheRe34Sa3yKbhiTahb0n6jAmljGr5XDqQLvpAe HTTP/1.1" 200 2
200.118.16.84 - - [06/Oct/2014:11:29:26 -0500] "POST /forms/lservlet;jsessionid=ac16012b30d5470ddfdbdf64482d91c59b3b6d080e2f.e3iSbxaKaheRe34Sa3yKbhiTahb0n6jAmljGr5XDqQLvpAe HTTP/1.1" 200 83
200.118.16.84 - - [06/Oct/2014:11:29:27 -0500] "POST /forms/lservlet;jsessionid=ac16012b30d5470ddfdbdf64482d91c59b3b6d080e2f.e3iSbxaKaheRe34Sa3yKbhiTahb0n6jAmljGr5XDqQLvpAe HTTP/1.1" 200 2
200.118.16.84 - - [06/Oct/2014:11:29:28 -0500] "POST /forms/lservlet;jsessionid=ac16012b30d5470ddfdbdf64482d91c59b3b6d080e2f.e3iSbxaKaheRe34Sa3yKbhiTahb0n6jAmljGr5XDqQLvpAe HTTP/1.1" 200 2142
200.118.16.84 - - [06/Oct/2014:11:29:28 -0500] "POST /forms/lservlet;jsessionid=ac16012b30d5470ddfdbdf64482d91c59b3b6d080e2f.e3iSbxaKaheRe34Sa3yKbhiTahb0n6jAmljGr5XDqQLvpAe HTTP/1.1" 200 2
200.118.16.84 - - [06/Oct/2014:11:29:28 -0500] "POST /forms/lservlet;jsessionid=ac16012b30d5470ddfdbdf64482d91c59b3b6d080e2f.e3iSbxaKaheRe34Sa3yKbhiTahb0n6jAmljGr5XDqQLvpAe HTTP/1.1" 200 2
200.118.16.84 - - [06/Oct/2014:11:29:29 -0500] "POST /forms/lservlet;jsessionid=ac16012b30d5470ddfdbdf64482d91c59b3b6d080e2f.e3iSbxaKaheRe34Sa3yKbhiTahb0n6jAmljGr5XDqQLvpAe HTTP/1.1" 200 423
200.118.16.84 - - [06/Oct/2014:11:29:29 -0500] "POST /forms/lservlet;jsessionid=ac16012b30d5470ddfdbdf64482d91c59b3b6d080e2f.e3iSbxaKaheRe34Sa3yKbhiTahb0n6jAmljGr5XDqQLvpAe HTTP/1.1" 200 334
66.249.64.163 - - [06/Oct/2014:11:29:29 -0500] "GET /portel_dama/libreria/php/2006/restauracion/33_publi/secc/58.html HTTP/1.1" 404 1018
200.118.16.84 - - [06/Oct/2014:11:29:29 -0500] "POST /forms/lservlet;jsessionid=ac16012b30d5470ddfdbdf64482d91c59b3b6d080e2f.e3iSbxaKaheRe34Sa3yKbhiTahb0n6jAmljGr5XDqQLvpAe HTTP/1.1" 200 324
200.118.16.84 - - [06/Oct/2014:11:29:29 -0500] "POST /forms/lservlet;jsessionid=ac16012b30d5470ddfdbdf64482d91c59b3b6d080e2f.e3iSbxaKaheRe34Sa3yKbhiTahb0n6jAmljGr5XDqQLvpAe HTTP/1.1" 200 367
190.25.157.11 - - [06/Oct/2014:11:29:29 -0500] "POST /forms/lservlet;jsessionid=ac16012b30d5960347ea27bd4710beffe333ee66d5a8.e3iSbxaKaheRe34Sa3yKbhiTahb0n6jAmljGr5XDqQLvpAe HTTP/1.1" 200 2
186.155.252.154 - - [06/Oct/2014:11:29:30 -0500] "GET /BLA/boletinlegal/js/jquery.scrollTo-min.js HTTP/1.1" 304 -
186.155.252.154 - - [06/Oct/2014:11:29:30 -0500] "GET /BLA/boletinlegal/js/jquery.scrollShow.js HTTP/1.1" 304 -
186.155.252.154 - - [06/Oct/2014:11:29:30 -0500] "GET /galeria/carrusel/Carrusel/jquery.thumbnailScroller.css HTTP/1.1" 304 -
186.155.252.154 - - [06/Oct/2014:11:29:30 -0500] "GET /galeria/carrusel/Carrusel/jquery-ui-1.8.13.custom.min.js HTTP/1.1" 304 -
186.155.252.154 - - [06/Oct/2014:11:29:30 -0500] "GET /galeria/carrusel/Carrusel/jquery.thumbnailScroller.js HTTP/1.1" 304 -
190.159.181.13 - - [06/Oct/2014:11:29:31 -0500] "GET /Residuos/curtiembres/files/guia_curtiembres.pdf HTTP/1.1" 404 1255
200.118.16.84 - - [06/Oct/2014:11:29:31 -0500] "POST /forms/lservlet;jsessionid=ac16012b30d5470ddfdbdf64482d91c59b3b6d080e2f.e3iSbxaKaheRe34Sa3yKbhiTahb0n6jAmljGr5XDqQLvpAe HTTP/1.1" 200 32
186.155.252.154 - - [06/Oct/2014:11:29:31 -0500] "GET /BLA/boletinlegal/js/jquery.js HTTP/1.1" 304 -
200.118.16.84 - - [06/Oct/2014:11:29:31 -0500] "POST /forms/lservlet;jsessionid=ac16012b30d5470ddfdbdf64482d91c59b3b6d080e2f.e3iSbxaKaheRe34Sa3yKbhiTahb0n6jAmljGr5XDqQLvpAe HTTP/1.1" 200 8
200.118.16.84 - - [06/Oct/2014:11:29:31 -0500] "POST /forms/lservlet;jsessionid=ac16012b30d5470ddfdbdf64482d91c59b3b6d080e2f.e3iSbxaKaheRe34Sa3yKbhiTahb0n6jAmljGr5XDqQLvpAe HTTP/1.1" 200 2
186.155.252.154 - - [06/Oct/2014:11:29:32 -0500] "GET /BLA/boletinlegal/js/jquery.js HTTP/1.1" 200 57254
200.118.16.84 - - [06/Oct/2014:11:29:32 -0500] "POST /forms/lservlet;jsessionid=ac16012b30d5470ddfdbdf64482d91c59b3b6d080e2f.e3iSbxaKaheRe34Sa3yKbhiTahb0n6jAmljGr5XDqQLvpAe HTTP/1.1" 200 7
190.159.181.13 - - [06/Oct/2014:11:29:32 -0500] "GET /favicon.ico HTTP/1.1" 200 7782
186.155.252.154 - - [06/Oct/2014:11:29:32 -0500] "GET /galeria/nivo-slider/demo/demo.html HTTP/1.1" 200 3617
186.155.252.154 - - [06/Oct/2014:11:29:32 -0500] "GET /galeria/nivo-slider/themes/pascal/pascal.css HTTP/1.1" 304 -
186.155.252.154 - - [06/Oct/2014:11:29:32 -0500] "GET /galeria/nivo-slider/themes/default/default.css HTTP/1.1" 304 -
186.155.252.154 - - [06/Oct/2014:11:29:32 -0500] "GET /galeria/nivo-slider/nivo-slider.css HTTP/1.1" 304 -
186.155.252.154 - - [06/Oct/2014:11:29:32 -0500] "GET /galeria/nivo-slider/demo/style.css HTTP/1.1" 304 -
186.155.252.154 - - [06/Oct/2014:11:29:32 -0500] "GET /galeria/nivo-slider/demo/scripts/jquery-1.7.1.min.js HTTP/1.1" 304 -
186.155.252.154 - - [06/Oct/2014:11:29:32 -0500] "GET /galeria/nivo-slider/jquery.nivo.slider.pack.js HTTP/1.1" 304 -
186.155.252.154 - - [06/Oct/2014:11:29:32 -0500] "GET /galeria/nivo-slider/demo/images/banner-Animal.jpg HTTP/1.1" 200 257223
186.155.252.154 - - [06/Oct/2014:11:29:32 -0500] "GET /galeria/nivo-slider/demo/images/Tingua-azul.jpg HTTP/1.1" 200 307638
186.155.252.154 - - [06/Oct/2014:11:29:33 -0500] "GET /galeria/nivo-slider/demo/images/Recilaton02.jpg HTTP/1.1" 304 -
200.118.16.84 - - [06/Oct/2014:11:29:32 -0500] "POST /forms/lservlet;jsessionid=ac16012b30d5470ddfdbdf64482d91c59b3b6d080e2f.e3iSbxaKaheRe34Sa3yKbhiTahb0n6jAmljGr5XDqQLvpAe HTTP/1.1" 200 32271
186.155.252.154 - - [06/Oct/2014:11:29:33 -0500] "GET /galeria/nivo-slider/demo/images/BannerIDRD1.png HTTP/1.1" 304 -
186.155.252.154 - - [06/Oct/2014:11:29:33 -0500] "GET /galeria/nivo-slider/demo/images/Banner-Caracol-Africano.jpg HTTP/1.1" 304 -
200.118.16.84 - - [06/Oct/2014:11:29:33 -0500] "POST /forms/lservlet;jsessionid=ac16012b30d5470ddfdbdf64482d91c59b3b6d080e2f.e3iSbxaKaheRe34Sa3yKbhiTahb0n6jAmljGr5XDqQLvpAe HTTP/1.1" 200 9
200.118.16.84 - - [06/Oct/2014:11:29:33 -0500] "POST /forms/lservlet;jsessionid=ac16012b30d5470ddfdbdf64482d91c59b3b6d080e2f.e3iSbxaKaheRe34Sa3yKbhiTahb0n6jAmljGr5XDqQLvpAe HTTP/1.1" 200 2
200.118.16.84 - - [06/Oct/2014:11:29:33 -0500] "POST /forms/lservlet;jsessionid=ac16012b30d5470ddfdbdf64482d91c59b3b6d080e2f.e3iSbxaKaheRe34Sa3yKbhiTahb0n6jAmljGr5XDqQLvpAe HTTP/1.1" 200 33
186.155.252.154 - - [06/Oct/2014:11:29:33 -0500] "GET /galeria/nivo-slider/themes/orman/orman.css HTTP/1.1" 304 -
186.155.252.154 - - [06/Oct/2014:11:29:34 -0500] "GET /galeria/nivo-slider/themes/default/loading.gif HTTP/1.1" 304 -
200.118.16.84 - - [06/Oct/2014:11:29:34 -0500] "POST /forms/lservlet;jsessionid=ac16012b30d5470ddfdbdf64482d91c59b3b6d080e2f.e3iSbxaKaheRe34Sa3yKbhiTahb0n6jAmljGr5XDqQLvpAe HTTP/1.1" 200 2
186.155.252.154 - - [06/Oct/2014:11:29:34 -0500] "GET /galeria/nivo-slider/demo/images/banner_adopcion2.jpg HTTP/1.1" 304 -
190.145.91.22 - - [06/Oct/2014:11:29:33 -0500] "GET /BLA/boletinlegal/notificaciones.php HTTP/1.1" 200 23217
186.155.252.154 - - [06/Oct/2014:11:29:34 -0500] "GET /galeria/nivo-slider/demo/images/bannerEcolecta3.jpg HTTP/1.1" 304 -
190.145.91.22 - - [06/Oct/2014:11:29:34 -0500] "GET /BLA/boletinlegal/styles2.css HTTP/1.1" 200 1838
190.145.91.22 - - [06/Oct/2014:11:29:34 -0500] "GET /BLA/boletinlegal/images/word.png HTTP/1.1" 200 50498
186.155.252.154 - - [06/Oct/2014:11:29:34 -0500] "GET /galeria/nivo-slider/demo/images/9Signos.jpg HTTP/1.1" 304 -
186.155.252.154 - - [06/Oct/2014:11:29:34 -0500] "GET /galeria/nivo-slider/demo/images/banner-caballos.png HTTP/1.1" 304 -
186.155.252.154 - - [06/Oct/2014:11:29:34 -0500] "GET /galeria/nivo-slider/demo/images/ConstructorasFNL.jpg HTTP/1.1" 304 -
190.145.91.22 - - [06/Oct/2014:11:29:35 -0500] "GET /BLA/boletinlegal/images/menu_bg.jpg HTTP/1.1" 200 620
190.145.91.22 - - [06/Oct/2014:11:29:35 -0500] "GET /BLA/boletinlegal/images/background.gif HTTP/1.1" 200 -
186.155.252.154 - - [06/Oct/2014:11:29:35 -0500] "GET /videos/PromoAnimal.flv HTTP/1.1" 200 3469924
186.155.252.154 - - [06/Oct/2014:11:29:35 -0500] "GET /galeria/nivo-slider/demo/images/banner-llantas2.jpg HTTP/1.1" 304 -
186.155.252.154 - - [06/Oct/2014:11:29:35 -0500] "GET /galeria/nivo-slider/demo/images/Hacienda_Molinos.jpg HTTP/1.1" 304 -
181.61.25.195 - - [06/Oct/2014:11:29:35 -0500] "GET /BLA/boletinlegal/js/jquery.scrollShow.js HTTP/1.1" 200 4586
181.61.25.195 - - [06/Oct/2014:11:29:35 -0500] "GET /BLA/boletinlegal/js/jquery.scrollTo-min.js HTTP/1.1" 200 1150
181.61.25.195 - - [06/Oct/2014:11:29:35 -0500] "GET /BLA/boletinlegal/js/jquery.js HTTP/1.1" 200 57254
181.61.25.195 - - [06/Oct/2014:11:29:35 -0500] "GET /galeria/carrusel/Carrusel/jquery.thumbnailScroller.css HTTP/1.1" 200 2066
181.61.25.195 - - [06/Oct/2014:11:29:35 -0500] "GET /galeria/carrusel/Carrusel/jquery-ui-1.8.13.custom.min.js HTTP/1.1" 200 10800
181.61.25.195 - - [06/Oct/2014:11:29:35 -0500] "GET /galeria/carrusel/Carrusel/jquery.thumbnailScroller.js HTTP/1.1" 200 8157
186.155.252.154 - - [06/Oct/2014:11:29:35 -0500] "GET /galeria/nivo-slider/demo/images/banner-encuesta.jpg HTTP/1.1" 304 -
186.155.252.154 - - [06/Oct/2014:11:29:37 -0500] "GET /galeria/nivo-slider/demo/images/4Simple_Slider.png HTTP/1.1" 304 -
200.118.16.84 - - [06/Oct/2014:11:29:37 -0500] "POST /forms/lservlet;jsessionid=ac16012b30d5470ddfdbdf64482d91c59b3b6d080e2f.e3iSbxaKaheRe34Sa3yKbhiTahb0n6jAmljGr5XDqQLvpAe HTTP/1.1" 200 9
186.155.252.154 - - [06/Oct/2014:11:29:37 -0500] "GET /galeria/nivo-slider/themes/default/arrows.png HTTP/1.1" 304 -
181.61.25.195 - - [06/Oct/2014:11:29:37 -0500] "GET /galeria/nivo-slider/demo/demo.html HTTP/1.1" 200 3617
181.61.25.195 - - [06/Oct/2014:11:29:37 -0500] "GET /galeria/nivo-slider/themes/default/default.css HTTP/1.1" 200 1569
181.61.25.195 - - [06/Oct/2014:11:29:37 -0500] "GET /galeria/nivo-slider/themes/pascal/pascal.css HTTP/1.1" 200 2258
181.61.25.195 - - [06/Oct/2014:11:29:37 -0500] "GET /galeria/nivo-slider/themes/orman/orman.css HTTP/1.1" 200 2152
181.61.25.195 - - [06/Oct/2014:11:29:37 -0500] "GET /galeria/nivo-slider/nivo-slider.css HTTP/1.1" 200 1507
181.61.25.195 - - [06/Oct/2014:11:29:37 -0500] "GET /galeria/nivo-slider/demo/style.css HTTP/1.1" 200 2222
181.61.25.195 - - [06/Oct/2014:11:29:37 -0500] "GET /galeria/nivo-slider/demo/images/Tingua-azul.jpg HTTP/1.1" 200 307638
181.61.25.195 - - [06/Oct/2014:11:29:37 -0500] "GET /galeria/nivo-slider/demo/images/banner-Animal.jpg HTTP/1.1" 200 257223
181.61.25.195 - - [06/Oct/2014:11:29:37 -0500] "GET /galeria/nivo-slider/jquery.nivo.slider.pack.js HTTP/1.1" 200 11561
181.61.25.195 - - [06/Oct/2014:11:29:37 -0500] "GET /galeria/nivo-slider/demo/scripts/jquery-1.7.1.min.js HTTP/1.1" 200 93868
181.61.25.195 - - [06/Oct/2014:11:29:37 -0500] "GET /galeria/nivo-slider/demo/images/Recilaton02.jpg HTTP/1.1" 200 82162
181.61.25.195 - - [06/Oct/2014:11:29:37 -0500] "GET /galeria/nivo-slider/demo/images/BannerIDRD1.png HTTP/1.1" 200 316313
181.61.25.195 - - [06/Oct/2014:11:29:38 -0500] "GET /galeria/nivo-slider/demo/images/4Simple_Slider.png HTTP/1.1" 200 11722
181.61.25.195 - - [06/Oct/2014:11:29:38 -0500] "GET /galeria/nivo-slider/themes/default/loading.gif HTTP/1.1" 200 1737
186.155.252.154 - - [06/Oct/2014:11:29:38 -0500] "GET /galeria/nivo-slider/themes/default/bullets.png HTTP/1.1" 304 -
181.61.25.195 - - [06/Oct/2014:11:29:39 -0500] "GET /galeria/nivo-slider/demo/images/Banner-Caracol-Africano.jpg HTTP/1.1" 200 331986
181.61.25.195 - - [06/Oct/2014:11:29:39 -0500] "GET /galeria/nivo-slider/demo/images/banner_adopcion2.jpg HTTP/1.1" 200 136406
181.61.25.195 - - [06/Oct/2014:11:29:39 -0500] "GET /galeria/nivo-slider/demo/images/bannerEcolecta3.jpg HTTP/1.1" 200 280034
181.61.25.195 - - [06/Oct/2014:11:29:39 -0500] "GET /galeria/nivo-slider/demo/images/9Signos.jpg HTTP/1.1" 200 93040
201.245.192.253 - - [06/Oct/2014:11:29:39 -0500] "GET /forest/skins/gdocs-jar/popup/popup.jsp?width=1100&height=500&title=Buscar%20documentos&uri=/forest/buscar.do%3Ftype%3Ddocumentos&name=undefined&_a=0.09522616886533797&a=0.8988653034903109 HTTP/1.1" 200 1179
200.118.16.84 - - [06/Oct/2014:11:29:40 -0500] "POST /forms/lservlet;jsessionid=ac16012b30d5470ddfdbdf64482d91c59b3b6d080e2f.e3iSbxaKaheRe34Sa3yKbhiTahb0n6jAmljGr5XDqQLvpAe HTTP/1.1" 200 82
201.245.192.253 - - [06/Oct/2014:11:29:39 -0500] "GET /forest/buscar.do?type=documentos HTTP/1.1" 200 96438
181.61.25.195 - - [06/Oct/2014:11:29:40 -0500] "GET /galeria/nivo-slider/demo/images/banner-encuesta.jpg HTTP/1.1" 200 42764
181.61.25.195 - - [06/Oct/2014:11:29:40 -0500] "GET /galeria/nivo-slider/demo/images/banner-llantas2.jpg HTTP/1.1" 200 73153
201.245.192.253 - - [06/Oct/2014:11:29:40 -0500] "GET /forest/js/sarissa.js?version=1408.271930 HTTP/1.1" 200 27327
181.61.25.195 - - [06/Oct/2014:11:29:40 -0500] "GET /galeria/nivo-slider/demo/images/banner-caballos.png HTTP/1.1" 200 389106
201.245.192.253 - - [06/Oct/2014:11:29:40 -0500] "GET /forest/json.do?query=usersByDep&coddep=7027 HTTP/1.1" 200 384
181.61.25.195 - - [06/Oct/2014:11:29:40 -0500] "GET /galeria/nivo-slider/demo/images/ConstructorasFNL.jpg HTTP/1.1" 200 216551
201.245.192.253 - - [06/Oct/2014:11:29:40 -0500] "GET /forest/json.do?query=usersByDep&coddep=7027 HTTP/1.1" 200 384
181.61.25.195 - - [06/Oct/2014:11:29:40 -0500] "GET /galeria/nivo-slider/demo/images/Hacienda_Molinos.jpg HTTP/1.1" 200 319171
181.61.25.195 - - [06/Oct/2014:11:29:42 -0500] "GET /videos/PromoAnimal.flv HTTP/1.1" 200 3469924
200.118.16.84 - - [06/Oct/2014:11:29:42 -0500] "POST /forms/lservlet;jsessionid=ac16012b30d5470ddfdbdf64482d91c59b3b6d080e2f.e3iSbxaKaheRe34Sa3yKbhiTahb0n6jAmljGr5XDqQLvpAe HTTP/1.1" 200 10
200.118.16.84 - - [06/Oct/2014:11:29:44 -0500] "POST /forms/lservlet;jsessionid=ac16012b30d5470ddfdbdf64482d91c59b3b6d080e2f.e3iSbxaKaheRe34Sa3yKbhiTahb0n6jAmljGr5XDqQLvpAe HTTP/1.1" 200 2
201.245.192.253 - - [06/Oct/2014:11:29:44 -0500] "GET /forest/xmlresponse.do?lista=searchTerceroByName&xmlret=1&todos=false&_a=0.6813924831803888&partNomTer=margaritas HTTP/1.1" 200 1591
181.61.25.195 - - [06/Oct/2014:11:29:46 -0500] "GET /galeria/nivo-slider/themes/default/bullets.png HTTP/1.1" 200 1281
181.61.25.195 - - [06/Oct/2014:11:29:47 -0500] "GET /galeria/nivo-slider/themes/default/arrows.png HTTP/1.1" 200 824
200.118.16.84 - - [06/Oct/2014:11:29:47 -0500] "POST /forms/lservlet;jsessionid=ac16012b30d5470ddfdbdf64482d91c59b3b6d080e2f.e3iSbxaKaheRe34Sa3yKbhiTahb0n6jAmljGr5XDqQLvpAe HTTP/1.1" 200 147
200.118.16.84 - - [06/Oct/2014:11:29:49 -0500] "POST /forms/lservlet;jsessionid=ac16012b30d5470ddfdbdf64482d91c59b3b6d080e2f.e3iSbxaKaheRe34Sa3yKbhiTahb0n6jAmljGr5XDqQLvpAe HTTP/1.1" 200 2
201.245.192.253 - - [06/Oct/2014:11:29:50 -0500] "POST /forms/lservlet;jsessionid=ac16012b30d5777c05f5669a4ee6bc2deeee262aac04.e3iSbxaKaheRe34Sa3yKbhiTahb0n6jAmljGr5XDqQLvpAe HTTP/1.1" 200 2
200.118.16.84 - - [06/Oct/2014:11:29:51 -0500] "POST /forms/lservlet;jsessionid=ac16012b30d5470ddfdbdf64482d91c59b3b6d080e2f.e3iSbxaKaheRe34Sa3yKbhiTahb0n6jAmljGr5XDqQLvpAe HTTP/1.1" 200 10
190.143.14.101 - - [06/Oct/2014:11:29:52 -0500] "POST /forms/lservlet;jsessionid=ac16012b30d56ea9d3fa4dd34b328c6897f755ddadec.e3iSbxaKaheRe34Sa3yKbhiTahb0n6jAmljGr5XDqQLvpAe HTTP/1.1" 200 2
200.118.16.84 - - [06/Oct/2014:11:29:53 -0500] "POST /forms/lservlet;jsessionid=ac16012b30d5470ddfdbdf64482d91c59b3b6d080e2f.e3iSbxaKaheRe34Sa3yKbhiTahb0n6jAmljGr5XDqQLvpAe HTTP/1.1" 200 2
200.118.16.84 - - [06/Oct/2014:11:29:58 -0500] "POST /forms/lservlet;jsessionid=ac16012b30d5470ddfdbdf64482d91c59b3b6d080e2f.e3iSbxaKaheRe34Sa3yKbhiTahb0n6jAmljGr5XDqQLvpAe HTTP/1.1" 200 2
200.118.16.84 - - [06/Oct/2014:11:30:00 -0500] "POST /forms/lservlet;jsessionid=ac16012b30d5470ddfdbdf64482d91c59b3b6d080e2f.e3iSbxaKaheRe34Sa3yKbhiTahb0n6jAmljGr5XDqQLvpAe HTTP/1.1" 200 256
201.245.192.253 - - [06/Oct/2014:11:30:00 -0500] "GET /forest/xmlresponse.do?lista=searchTerceroByName&xmlret=1&todos=false&_a=0.6813924831803888&partNomTer=esso HTTP/1.1" 200 2528
201.245.192.253 - - [06/Oct/2014:11:30:01 -0500] "GET /forest/xmlresponse.do?lista=searchTerceroByName&xmlret=1&todos=false&_a=0.6813924831803888&partNomTer=esso%20marga HTTP/1.1" 200 78
200.118.16.84 - - [06/Oct/2014:11:30:02 -0500] "POST /forms/lservlet;jsessionid=ac16012b30d5470ddfdbdf64482d91c59b3b6d080e2f.e3iSbxaKaheRe34Sa3yKbhiTahb0n6jAmljGr5XDqQLvpAe HTTP/1.1" 200 2
200.118.16.84 - - [06/Oct/2014:11:30:04 -0500] "POST /forms/lservlet;jsessionid=ac16012b30d5470ddfdbdf64482d91c59b3b6d080e2f.e3iSbxaKaheRe34Sa3yKbhiTahb0n6jAmljGr5XDqQLvpAe HTTP/1.1" 200 2
201.245.192.253 - - [06/Oct/2014:11:30:04 -0500] "GET /forest/xmlresponse.do?lista=searchTerceroByName&xmlret=1&todos=false&_a=0.6813924831803888&partNomTer=esso%20marg HTTP/1.1" 200 78
201.245.192.253 - - [06/Oct/2014:11:30:05 -0500] "GET /forest/xmlresponse.do?lista=searchTerceroByName&xmlret=1&todos=false&_a=0.6813924831803888&partNomTer=esso HTTP/1.1" 200 2528
200.118.16.84 - - [06/Oct/2014:11:30:06 -0500] "POST /forms/lservlet;jsessionid=ac16012b30d5470ddfdbdf64482d91c59b3b6d080e2f.e3iSbxaKaheRe34Sa3yKbhiTahb0n6jAmljGr5XDqQLvpAe HTTP/1.1" 200 431
201.245.192.253 - - [06/Oct/2014:11:30:13 -0500] "GET /forest/xmlresponse.do?lista=searchTerceroByName&xmlret=1&todos=false&_a=0.6813924831803888&partNomTer=esso%20colombia HTTP/1.1" 200 196
200.118.16.84 - - [06/Oct/2014:11:30:14 -0500] "POST /forms/lservlet;jsessionid=ac16012b30d5470ddfdbdf64482d91c59b3b6d080e2f.e3iSbxaKaheRe34Sa3yKbhiTahb0n6jAmljGr5XDqQLvpAe HTTP/1.1" 200 2
200.118.16.84 - - [06/Oct/2014:11:30:16 -0500] "POST /forms/lservlet;jsessionid=ac16012b30d5470ddfdbdf64482d91c59b3b6d080e2f.e3iSbxaKaheRe34Sa3yKbhiTahb0n6jAmljGr5XDqQLvpAe HTTP/1.1" 200 83
200.118.16.84 - - [06/Oct/2014:11:30:18 -0500] "POST /forms/lservlet;jsessionid=ac16012b30d5470ddfdbdf64482d91c59b3b6d080e2f.e3iSbxaKaheRe34Sa3yKbhiTahb0n6jAmljGr5XDqQLvpAe HTTP/1.1" 200 2
190.25.40.229 - - [06/Oct/2014:11:30:20 -0500] "POST /forms/lservlet;jsessionid=ac16012b30d5fb784237647f455ebacabe0db43ff4fe.e3iSbxaKaheRe34Sa3yKbhiTahb0n6jAmljGr5XDqQLvpAe HTTP/1.1" 200 2
200.118.16.84 - - [06/Oct/2014:11:30:20 -0500] "POST /forms/lservlet;jsessionid=ac16012b30d5470ddfdbdf64482d91c59b3b6d080e2f.e3iSbxaKaheRe34Sa3yKbhiTahb0n6jAmljGr5XDqQLvpAe HTTP/1.1" 200 2
66.249.64.163 - - [06/Oct/2014:11:30:26 -0500] "GET /porla/porla4.htm HTTP/1.1" 404 1018
200.118.16.84 - - [06/Oct/2014:11:30:27 -0500] "POST /forms/lservlet;jsessionid=ac16012b30d5470ddfdbdf64482d91c59b3b6d080e2f.e3iSbxaKaheRe34Sa3yKbhiTahb0n6jAmljGr5XDqQLvpAe HTTP/1.1" 200 2142
200.118.16.84 - - [06/Oct/2014:11:30:29 -0500] "POST /forms/lservlet;jsessionid=ac16012b30d5470ddfdbdf64482d91c59b3b6d080e2f.e3iSbxaKaheRe34Sa3yKbhiTahb0n6jAmljGr5XDqQLvpAe HTTP/1.1" 200 2
200.118.16.84 - - [06/Oct/2014:11:30:31 -0500] "POST /forms/lservlet;jsessionid=ac16012b30d5470ddfdbdf64482d91c59b3b6d080e2f.e3iSbxaKaheRe34Sa3yKbhiTahb0n6jAmljGr5XDqQLvpAe HTTP/1.1" 200 2
200.118.16.84 - - [06/Oct/2014:11:30:33 -0500] "POST /forms/lservlet;jsessionid=ac16012b30d5470ddfdbdf64482d91c59b3b6d080e2f.e3iSbxaKaheRe34Sa3yKbhiTahb0n6jAmljGr5XDqQLvpAe HTTP/1.1" 200 131
201.245.192.253 - - [06/Oct/2014:11:30:34 -0500] "GET /BLA/resoluciones/ HTTP/1.1" 200 6952
181.48.99.166 - - [06/Oct/2014:11:30:35 -0500] "GET /Residuos/pinturas/pinturas.html HTTP/1.1" 404 1324
200.118.16.84 - - [06/Oct/2014:11:30:35 -0500] "POST /forms/lservlet;jsessionid=ac16012b30d5470ddfdbdf64482d91c59b3b6d080e2f.e3iSbxaKaheRe34Sa3yKbhiTahb0n6jAmljGr5XDqQLvpAe HTTP/1.1" 200 8
201.240.206.251 - - [06/Oct/2014:11:30:35 -0500] "GET /BLA/boletinlegal/js/jquery.js HTTP/1.1" 200 57254
201.240.206.251 - - [06/Oct/2014:11:30:35 -0500] "GET /BLA/boletinlegal/js/jquery.scrollTo-min.js HTTP/1.1" 200 1150
201.240.206.251 - - [06/Oct/2014:11:30:35 -0500] "GET /BLA/boletinlegal/js/jquery.scrollShow.js HTTP/1.1" 200 4586
201.245.192.253 - - [06/Oct/2014:11:27:35 -0500] "GET /ForestMSG_SDA/channelAsync/template_word_16628403?X-Atmosphere-tracking-id=009b4954-a8db-2424-c950-f6184c1037ee&X-Atmosphere-Framework=1.0.5&X-Atmosphere-Transport=long-polling&tabid=0.8595859736957713&X-Cache-Date=0&Content-Type=application/xml&_=1412613002388 HTTP/1.1" 200 8193
200.118.16.84 - - [06/Oct/2014:11:30:37 -0500] "POST /forms/lservlet;jsessionid=ac16012b30d5470ddfdbdf64482d91c59b3b6d080e2f.e3iSbxaKaheRe34Sa3yKbhiTahb0n6jAmljGr5XDqQLvpAe HTTP/1.1" 200 2
200.118.16.84 - - [06/Oct/2014:11:30:39 -0500] "POST /forms/lservlet;jsessionid=ac16012b30d5470ddfdbdf64482d91c59b3b6d080e2f.e3iSbxaKaheRe34Sa3yKbhiTahb0n6jAmljGr5XDqQLvpAe HTTP/1.1" 200 7
201.245.192.253 - - [06/Oct/2014:11:30:39 -0500] "GET /BLA/resoluciones/index.php?dir=RESOLUCIONES+2011%2F HTTP/1.1" 200 660203
200.118.16.84 - - [06/Oct/2014:11:30:41 -0500] "POST /forms/lservlet;jsessionid=ac16012b30d5470ddfdbdf64482d91c59b3b6d080e2f.e3iSbxaKaheRe34Sa3yKbhiTahb0n6jAmljGr5XDqQLvpAe HTTP/1.1" 200 32283
200.118.16.84 - - [06/Oct/2014:11:30:44 -0500] "POST /forms/lservlet;jsessionid=ac16012b30d5470ddfdbdf64482d91c59b3b6d080e2f.e3iSbxaKaheRe34Sa3yKbhiTahb0n6jAmljGr5XDqQLvpAe HTTP/1.1" 200 9
200.118.16.84 - - [06/Oct/2014:11:30:46 -0500] "POST /forms/lservlet;jsessionid=ac16012b30d5470ddfdbdf64482d91c59b3b6d080e2f.e3iSbxaKaheRe34Sa3yKbhiTahb0n6jAmljGr5XDqQLvpAe HTTP/1.1" 200 2
200.118.16.84 - - [06/Oct/2014:11:30:48 -0500] "POST /forms/lservlet;jsessionid=ac16012b30d5470ddfdbdf64482d91c59b3b6d080e2f.e3iSbxaKaheRe34Sa3yKbhiTahb0n6jAmljGr5XDqQLvpAe HTTP/1.1" 200 2
201.245.192.253 - - [06/Oct/2014:11:30:50 -0500] "GET /forest/session.jsp?a=0.982053822139278 HTTP/1.1" 200 4
200.118.16.84 - - [06/Oct/2014:11:30:50 -0500] "POST /forms/lservlet;jsessionid=ac16012b30d5470ddfdbdf64482d91c59b3b6d080e2f.e3iSbxaKaheRe34Sa3yKbhiTahb0n6jAmljGr5XDqQLvpAe HTTP/1.1" 200 33
201.245.192.253 - - [06/Oct/2014:11:30:49 -0500] "GET /BLA/resoluciones/index.php?dir=RESOLUCIONES+2011%2F HTTP/1.1" 200 660203
181.48.99.166 - - [06/Oct/2014:11:30:53 -0500] "GET /Residuos/pinturas/pinturas.html HTTP/1.1" 404 1324
200.118.16.84 - - [06/Oct/2014:11:30:54 -0500] "POST /forms/lservlet;jsessionid=ac16012b30d5470ddfdbdf64482d91c59b3b6d080e2f.e3iSbxaKaheRe34Sa3yKbhiTahb0n6jAmljGr5XDqQLvpAe HTTP/1.1" 200 9
200.118.16.84 - - [06/Oct/2014:11:30:57 -0500] "POST /forms/lservlet;jsessionid=ac16012b30d5470ddfdbdf64482d91c59b3b6d080e2f.e3iSbxaKaheRe34Sa3yKbhiTahb0n6jAmljGr5XDqQLvpAe HTTP/1.1" 200 82
200.118.16.84 - - [06/Oct/2014:11:30:59 -0500] "POST /forms/lservlet;jsessionid=ac16012b30d5470ddfdbdf64482d91c59b3b6d080e2f.e3iSbxaKaheRe34Sa3yKbhiTahb0n6jAmljGr5XDqQLvpAe HTTP/1.1" 200 10
190.25.157.11 - - [06/Oct/2014:11:30:59 -0500] "POST /forms/lservlet;jsessionid=ac16012b30d5e1fa6fcef1a9487f9ffac623c769da53.e3iSbxaKaheRe34Sa3yKbhiTahb0n6jAmljGr5XDqQLvpAe HTTP/1.1" 200 2
201.245.192.253 - - [06/Oct/2014:11:30:32 -0500] "POST /forest/buscar.do? HTTP/1.1" 200 4685
201.245.192.253 - - [06/Oct/2014:11:31:00 -0500] "GET /forest/session.jsp?a=0.4378225669082474 HTTP/1.1" 200 4
200.118.16.84 - - [06/Oct/2014:11:31:01 -0500] "POST /forms/lservlet;jsessionid=ac16012b30d5470ddfdbdf64482d91c59b3b6d080e2f.e3iSbxaKaheRe34Sa3yKbhiTahb0n6jAmljGr5XDqQLvpAe HTTP/1.1" 200 2
200.118.16.84 - - [06/Oct/2014:11:31:03 -0500] "POST /forms/lservlet;jsessionid=ac16012b30d5470ddfdbdf64482d91c59b3b6d080e2f.e3iSbxaKaheRe34Sa3yKbhiTahb0n6jAmljGr5XDqQLvpAe HTTP/1.1" 200 147
186.28.67.106 - - [06/Oct/2014:11:31:03 -0500] "POST /forms/lservlet;jsessionid=ac16012b30d5c2e45a428de142678939d5dcf98f4db3.e3iSbxaKaheRe34Sa3yKbhiTahb0n6jAmljGr5XDqQLvpAe HTTP/1.1" 200 2
66.249.64.171 - - [06/Oct/2014:11:31:04 -0500] "GET /autoliquidacion/Grupo%20Forestal%20-%20Silvicultura/Formulario%20de%20recoleccion%20de%20informacion%20silvicultural%20-%20Ficha1.xls HTTP/1.1" 404 1018
186.84.65.78 - - [06/Oct/2014:11:31:06 -0500] "POST /forms/lservlet;jsessionid=ac16012b30d5221ef17b809e4b538cec819ea364455c.e3iSbxaKaheRe34Sa3yKbhiTahb0n6jAmljGr5XDqQLvpAe HTTP/1.1" 200 2
200.118.16.84 - - [06/Oct/2014:11:31:07 -0500] "POST /forms/lservlet;jsessionid=ac16012b30d5470ddfdbdf64482d91c59b3b6d080e2f.e3iSbxaKaheRe34Sa3yKbhiTahb0n6jAmljGr5XDqQLvpAe HTTP/1.1" 200 2
186.147.143.251 - - [06/Oct/2014:11:31:07 -0500] "GET /galeria/nivo-slider/demo/images/banner-Animal.jpg HTTP/1.1" 304 -
200.118.16.84 - - [06/Oct/2014:11:31:09 -0500] "POST /forms/lservlet;jsessionid=ac16012b30d5470ddfdbdf64482d91c59b3b6d080e2f.e3iSbxaKaheRe34Sa3yKbhiTahb0n6jAmljGr5XDqQLvpAe HTTP/1.1" 200 256
201.245.192.253 - - [06/Oct/2014:11:31:09 -0500] "POST /forms/lservlet;jsessionid=ac16012b30d5777c05f5669a4ee6bc2deeee262aac04.e3iSbxaKaheRe34Sa3yKbhiTahb0n6jAmljGr5XDqQLvpAe HTTP/1.1" 200 51
201.245.192.253 - - [06/Oct/2014:11:31:10 -0500] "POST /forms/lservlet;jsessionid=ac16012b30d5777c05f5669a4ee6bc2deeee262aac04.e3iSbxaKaheRe34Sa3yKbhiTahb0n6jAmljGr5XDqQLvpAe HTTP/1.1" 200 2
201.245.192.253 - - [06/Oct/2014:11:31:10 -0500] "POST /forms/lservlet;jsessionid=ac16012b30d5777c05f5669a4ee6bc2deeee262aac04.e3iSbxaKaheRe34Sa3yKbhiTahb0n6jAmljGr5XDqQLvpAe HTTP/1.1" 200 2322
201.245.192.253 - - [06/Oct/2014:11:31:10 -0500] "POST /forms/lservlet;jsessionid=ac16012b30d5777c05f5669a4ee6bc2deeee262aac04.e3iSbxaKaheRe34Sa3yKbhiTahb0n6jAmljGr5XDqQLvpAe HTTP/1.1" 200 10
181.50.66.247 - - [06/Oct/2014:11:31:11 -0500] "POST /forms/lservlet;jsessionid=ac16012b30d5cec85258819345c8a6ddfdaf7a74f4f2.e3iSbxaKaheRe34Sa3yKbhiTahb0n6jAmljGr5XDqQLvpAe HTTP/1.1" 200 2
201.245.192.253 - - [06/Oct/2014:11:31:11 -0500] "GET /forest/buscar.do HTTP/1.1" 200 96428
200.118.16.84 - - [06/Oct/2014:11:31:11 -0500] "POST /forms/lservlet;jsessionid=ac16012b30d5470ddfdbdf64482d91c59b3b6d080e2f.e3iSbxaKaheRe34Sa3yKbhiTahb0n6jAmljGr5XDqQLvpAe HTTP/1.1" 200 2
201.245.192.253 - - [06/Oct/2014:11:31:11 -0500] "GET /forest/json.do?query=usersByDep&coddep=7027 HTTP/1.1" 200 384
201.245.192.253 - - [06/Oct/2014:11:31:11 -0500] "GET /forest/json.do?query=usersByDep&coddep=7027 HTTP/1.1" 200 384
190.159.39.171 - - [06/Oct/2014:11:31:13 -0500] "GET /galeria/carrusel/Carrusel/jquery.thumbnailScroller.css HTTP/1.1" 200 2066
190.159.39.171 - - [06/Oct/2014:11:31:13 -0500] "GET /BLA/boletinlegal/js/jquery.js HTTP/1.1" 200 57254
190.159.39.171 - - [06/Oct/2014:11:31:13 -0500] "GET /BLA/boletinlegal/js/jquery.scrollTo-min.js HTTP/1.1" 200 1150
190.159.39.171 - - [06/Oct/2014:11:31:13 -0500] "GET /BLA/boletinlegal/js/jquery.scrollShow.js HTTP/1.1" 200 4586
