201.245.192.253 - - [06/Oct/2014:11:18:08 -0500] "GET /isolucionsda/Arriba.asp?Pagina=BancoConocimiento%2FC%2FConceptoTecnicoFauna%5Fv5%2FConceptoTecnicoFauna%5Fv5%2Easp&IdArticulo=4415 HTTP/1.1" 200 10538
200.118.16.84 - - [06/Oct/2014:11:18:08 -0500] "POST /forms/lservlet;jsessionid=ac16012b30d5470ddfdbdf64482d91c59b3b6d080e2f.e3iSbxaKaheRe34Sa3yKbhiTahb0n6jAmljGr5XDqQLvpAe HTTP/1.1" 200 83
201.245.192.253 - - [06/Oct/2014:11:18:08 -0500] "GET /isolucionsda/BancoConocimiento/C/ConceptoTecnicoFauna_v5/ConceptoTecnicoFauna_v5.asp?IdArticulo=4415 HTTP/1.1" 302 142
200.118.16.84 - - [06/Oct/2014:11:18:08 -0500] "POST /forms/lservlet;jsessionid=ac16012b30d5470ddfdbdf64482d91c59b3b6d080e2f.e3iSbxaKaheRe34Sa3yKbhiTahb0n6jAmljGr5XDqQLvpAe HTTP/1.1" 200 2
200.118.16.84 - - [06/Oct/2014:11:18:09 -0500] "POST /forms/lservlet;jsessionid=ac16012b30d5470ddfdbdf64482d91c59b3b6d080e2f.e3iSbxaKaheRe34Sa3yKbhiTahb0n6jAmljGr5XDqQLvpAe HTTP/1.1" 200 2
201.245.192.253 - - [06/Oct/2014:11:18:09 -0500] "OPTIONS /isolucionsda/BancoConocimiento/C/ConceptoTecnicoFauna_v5/ HTTP/1.1" 200 -
200.118.16.84 - - [06/Oct/2014:11:18:09 -0500] "POST /forms/lservlet;jsessionid=ac16012b30d5470ddfdbdf64482d91c59b3b6d080e2f.e3iSbxaKaheRe34Sa3yKbhiTahb0n6jAmljGr5XDqQLvpAe HTTP/1.1" 200 2142
200.118.16.84 - - [06/Oct/2014:11:18:09 -0500] "POST /forms/lservlet;jsessionid=ac16012b30d5470ddfdbdf64482d91c59b3b6d080e2f.e3iSbxaKaheRe34Sa3yKbhiTahb0n6jAmljGr5XDqQLvpAe HTTP/1.1" 200 2
200.118.16.84 - - [06/Oct/2014:11:18:09 -0500] "POST /forms/lservlet;jsessionid=ac16012b30d5470ddfdbdf64482d91c59b3b6d080e2f.e3iSbxaKaheRe34Sa3yKbhiTahb0n6jAmljGr5XDqQLvpAe HTTP/1.1" 200 2
200.118.16.84 - - [06/Oct/2014:11:18:11 -0500] "POST /forms/lservlet;jsessionid=ac16012b30d5470ddfdbdf64482d91c59b3b6d080e2f.e3iSbxaKaheRe34Sa3yKbhiTahb0n6jAmljGr5XDqQLvpAe HTTP/1.1" 200 131
200.118.16.84 - - [06/Oct/2014:11:18:11 -0500] "POST /forms/lservlet;jsessionid=ac16012b30d5470ddfdbdf64482d91c59b3b6d080e2f.e3iSbxaKaheRe34Sa3yKbhiTahb0n6jAmljGr5XDqQLvpAe HTTP/1.1" 200 8
200.118.16.84 - - [06/Oct/2014:11:18:11 -0500] "POST /forms/lservlet;jsessionid=ac16012b30d5470ddfdbdf64482d91c59b3b6d080e2f.e3iSbxaKaheRe34Sa3yKbhiTahb0n6jAmljGr5XDqQLvpAe HTTP/1.1" 200 2
200.118.16.84 - - [06/Oct/2014:11:18:11 -0500] "POST /forms/lservlet;jsessionid=ac16012b30d5470ddfdbdf64482d91c59b3b6d080e2f.e3iSbxaKaheRe34Sa3yKbhiTahb0n6jAmljGr5XDqQLvpAe HTTP/1.1" 200 7
200.118.16.84 - - [06/Oct/2014:11:18:11 -0500] "POST /forms/lservlet;jsessionid=ac16012b30d5470ddfdbdf64482d91c59b3b6d080e2f.e3iSbxaKaheRe34Sa3yKbhiTahb0n6jAmljGr5XDqQLvpAe HTTP/1.1" 200 32259
200.118.16.84 - - [06/Oct/2014:11:18:13 -0500] "POST /forms/lservlet;jsessionid=ac16012b30d5470ddfdbdf64482d91c59b3b6d080e2f.e3iSbxaKaheRe34Sa3yKbhiTahb0n6jAmljGr5XDqQLvpAe HTTP/1.1" 200 9
200.118.16.84 - - [06/Oct/2014:11:18:13 -0500] "POST /forms/lservlet;jsessionid=ac16012b30d5470ddfdbdf64482d91c59b3b6d080e2f.e3iSbxaKaheRe34Sa3yKbhiTahb0n6jAmljGr5XDqQLvpAe HTTP/1.1" 200 2
200.118.16.84 - - [06/Oct/2014:11:18:13 -0500] "POST /forms/lservlet;jsessionid=ac16012b30d5470ddfdbdf64482d91c59b3b6d080e2f.e3iSbxaKaheRe34Sa3yKbhiTahb0n6jAmljGr5XDqQLvpAe HTTP/1.1" 200 33
201.245.192.253 - - [06/Oct/2014:11:18:13 -0500] "HEAD /isolucionsda/BancoConocimiento/C/ConceptoTecnicoFauna_v5/126pm04pr26-m-a50.doc HTTP/1.1" 200 -
200.118.16.84 - - [06/Oct/2014:11:18:13 -0500] "POST /forms/lservlet;jsessionid=ac16012b30d5470ddfdbdf64482d91c59b3b6d080e2f.e3iSbxaKaheRe34Sa3yKbhiTahb0n6jAmljGr5XDqQLvpAe HTTP/1.1" 200 2
200.118.16.84 - - [06/Oct/2014:11:18:15 -0500] "POST /forms/lservlet;jsessionid=ac16012b30d5470ddfdbdf64482d91c59b3b6d080e2f.e3iSbxaKaheRe34Sa3yKbhiTahb0n6jAmljGr5XDqQLvpAe HTTP/1.1" 200 9
200.118.16.84 - - [06/Oct/2014:11:18:16 -0500] "POST /forms/lservlet;jsessionid=ac16012b30d5470ddfdbdf64482d91c59b3b6d080e2f.e3iSbxaKaheRe34Sa3yKbhiTahb0n6jAmljGr5XDqQLvpAe HTTP/1.1" 200 82
200.118.16.84 - - [06/Oct/2014:11:18:16 -0500] "POST /forms/lservlet;jsessionid=ac16012b30d5470ddfdbdf64482d91c59b3b6d080e2f.e3iSbxaKaheRe34Sa3yKbhiTahb0n6jAmljGr5XDqQLvpAe HTTP/1.1" 200 10
200.118.16.84 - - [06/Oct/2014:11:18:16 -0500] "POST /forms/lservlet;jsessionid=ac16012b30d5470ddfdbdf64482d91c59b3b6d080e2f.e3iSbxaKaheRe34Sa3yKbhiTahb0n6jAmljGr5XDqQLvpAe HTTP/1.1" 200 2
200.118.16.84 - - [06/Oct/2014:11:18:17 -0500] "POST /forms/lservlet;jsessionid=ac16012b30d5470ddfdbdf64482d91c59b3b6d080e2f.e3iSbxaKaheRe34Sa3yKbhiTahb0n6jAmljGr5XDqQLvpAe HTTP/1.1" 200 147
190.131.197.210 - - [06/Oct/2014:11:18:17 -0500] "GET /BLA/resoluciones/AUTOS%202013/0988.pdf HTTP/1.1" 200 2131560
201.234.178.104 - - [06/Oct/2014:11:18:17 -0500] "GET /galeria/nivo-slider/themes/default/loading.gif HTTP/1.1" 200 1737
190.131.197.210 - - [06/Oct/2014:11:18:18 -0500] "GET /BLA/resoluciones/AUTOS%202013/0988.pdf HTTP/1.1" 200 2131560
200.118.16.84 - - [06/Oct/2014:11:18:19 -0500] "POST /forms/lservlet;jsessionid=ac16012b30d5470ddfdbdf64482d91c59b3b6d080e2f.e3iSbxaKaheRe34Sa3yKbhiTahb0n6jAmljGr5XDqQLvpAe HTTP/1.1" 200 2
200.118.16.84 - - [06/Oct/2014:11:18:19 -0500] "POST /forms/lservlet;jsessionid=ac16012b30d5470ddfdbdf64482d91c59b3b6d080e2f.e3iSbxaKaheRe34Sa3yKbhiTahb0n6jAmljGr5XDqQLvpAe HTTP/1.1" 200 256
200.118.16.84 - - [06/Oct/2014:11:18:19 -0500] "POST /forms/lservlet;jsessionid=ac16012b30d5470ddfdbdf64482d91c59b3b6d080e2f.e3iSbxaKaheRe34Sa3yKbhiTahb0n6jAmljGr5XDqQLvpAe HTTP/1.1" 200 2
190.25.40.229 - - [06/Oct/2014:11:18:19 -0500] "POST /forms/lservlet;jsessionid=ac16012b30d5fb784237647f455ebacabe0db43ff4fe.e3iSbxaKaheRe34Sa3yKbhiTahb0n6jAmljGr5XDqQLvpAe HTTP/1.1" 200 2
200.118.16.84 - - [06/Oct/2014:11:18:20 -0500] "POST /forms/lservlet;jsessionid=ac16012b30d5470ddfdbdf64482d91c59b3b6d080e2f.e3iSbxaKaheRe34Sa3yKbhiTahb0n6jAmljGr5XDqQLvpAe HTTP/1.1" 200 258
200.118.16.84 - - [06/Oct/2014:11:18:21 -0500] "POST /forms/lservlet;jsessionid=ac16012b30d5470ddfdbdf64482d91c59b3b6d080e2f.e3iSbxaKaheRe34Sa3yKbhiTahb0n6jAmljGr5XDqQLvpAe HTTP/1.1" 200 2
200.118.16.84 - - [06/Oct/2014:11:18:21 -0500] "POST /forms/lservlet;jsessionid=ac16012b30d5470ddfdbdf64482d91c59b3b6d080e2f.e3iSbxaKaheRe34Sa3yKbhiTahb0n6jAmljGr5XDqQLvpAe HTTP/1.1" 200 83
200.118.16.84 - - [06/Oct/2014:11:18:21 -0500] "POST /forms/lservlet;jsessionid=ac16012b30d5470ddfdbdf64482d91c59b3b6d080e2f.e3iSbxaKaheRe34Sa3yKbhiTahb0n6jAmljGr5XDqQLvpAe HTTP/1.1" 200 2
200.118.16.84 - - [06/Oct/2014:11:18:22 -0500] "POST /forms/lservlet;jsessionid=ac16012b30d5470ddfdbdf64482d91c59b3b6d080e2f.e3iSbxaKaheRe34Sa3yKbhiTahb0n6jAmljGr5XDqQLvpAe HTTP/1.1" 200 2
200.118.16.84 - - [06/Oct/2014:11:18:22 -0500] "POST /forms/lservlet;jsessionid=ac16012b30d5470ddfdbdf64482d91c59b3b6d080e2f.e3iSbxaKaheRe34Sa3yKbhiTahb0n6jAmljGr5XDqQLvpAe HTTP/1.1" 200 2142
200.118.16.84 - - [06/Oct/2014:11:18:22 -0500] "POST /forms/lservlet;jsessionid=ac16012b30d5470ddfdbdf64482d91c59b3b6d080e2f.e3iSbxaKaheRe34Sa3yKbhiTahb0n6jAmljGr5XDqQLvpAe HTTP/1.1" 200 2
200.118.16.84 - - [06/Oct/2014:11:18:22 -0500] "POST /forms/lservlet;jsessionid=ac16012b30d5470ddfdbdf64482d91c59b3b6d080e2f.e3iSbxaKaheRe34Sa3yKbhiTahb0n6jAmljGr5XDqQLvpAe HTTP/1.1" 200 2
190.131.197.210 - - [06/Oct/2014:11:18:23 -0500] "GET /BLA/resoluciones/AUTOS%202013/0988.pdf HTTP/1.1" 206 32768
190.131.197.210 - - [06/Oct/2014:11:18:23 -0500] "GET /BLA/resoluciones/AUTOS%202013/0988.pdf HTTP/1.1" 206 2098792
200.118.16.84 - - [06/Oct/2014:11:18:24 -0500] "POST /forms/lservlet;jsessionid=ac16012b30d5470ddfdbdf64482d91c59b3b6d080e2f.e3iSbxaKaheRe34Sa3yKbhiTahb0n6jAmljGr5XDqQLvpAe HTTP/1.1" 200 131
200.118.16.84 - - [06/Oct/2014:11:18:24 -0500] "POST /forms/lservlet;jsessionid=ac16012b30d5470ddfdbdf64482d91c59b3b6d080e2f.e3iSbxaKaheRe34Sa3yKbhiTahb0n6jAmljGr5XDqQLvpAe HTTP/1.1" 200 8
200.118.16.84 - - [06/Oct/2014:11:18:24 -0500] "POST /forms/lservlet;jsessionid=ac16012b30d5470ddfdbdf64482d91c59b3b6d080e2f.e3iSbxaKaheRe34Sa3yKbhiTahb0n6jAmljGr5XDqQLvpAe HTTP/1.1" 200 2
200.118.16.84 - - [06/Oct/2014:11:18:24 -0500] "POST /forms/lservlet;jsessionid=ac16012b30d5470ddfdbdf64482d91c59b3b6d080e2f.e3iSbxaKaheRe34Sa3yKbhiTahb0n6jAmljGr5XDqQLvpAe HTTP/1.1" 200 7
200.118.16.84 - - [06/Oct/2014:11:18:25 -0500] "POST /forms/lservlet;jsessionid=ac16012b30d5470ddfdbdf64482d91c59b3b6d080e2f.e3iSbxaKaheRe34Sa3yKbhiTahb0n6jAmljGr5XDqQLvpAe HTTP/1.1" 200 32248
200.118.16.84 - - [06/Oct/2014:11:18:26 -0500] "POST /forms/lservlet;jsessionid=ac16012b30d5470ddfdbdf64482d91c59b3b6d080e2f.e3iSbxaKaheRe34Sa3yKbhiTahb0n6jAmljGr5XDqQLvpAe HTTP/1.1" 200 9
200.118.16.84 - - [06/Oct/2014:11:18:26 -0500] "POST /forms/lservlet;jsessionid=ac16012b30d5470ddfdbdf64482d91c59b3b6d080e2f.e3iSbxaKaheRe34Sa3yKbhiTahb0n6jAmljGr5XDqQLvpAe HTTP/1.1" 200 2
200.118.16.84 - - [06/Oct/2014:11:18:26 -0500] "POST /forms/lservlet;jsessionid=ac16012b30d5470ddfdbdf64482d91c59b3b6d080e2f.e3iSbxaKaheRe34Sa3yKbhiTahb0n6jAmljGr5XDqQLvpAe HTTP/1.1" 200 33
66.249.64.39 - - [06/Oct/2014:11:18:26 -0500] "GET /documentos/ HTTP/1.1" 404 1019
200.118.16.84 - - [06/Oct/2014:11:18:26 -0500] "POST /forms/lservlet;jsessionid=ac16012b30d5470ddfdbdf64482d91c59b3b6d080e2f.e3iSbxaKaheRe34Sa3yKbhiTahb0n6jAmljGr5XDqQLvpAe HTTP/1.1" 200 2
200.118.16.84 - - [06/Oct/2014:11:18:28 -0500] "POST /forms/lservlet;jsessionid=ac16012b30d5470ddfdbdf64482d91c59b3b6d080e2f.e3iSbxaKaheRe34Sa3yKbhiTahb0n6jAmljGr5XDqQLvpAe HTTP/1.1" 200 9
200.118.16.84 - - [06/Oct/2014:11:18:29 -0500] "POST /forms/lservlet;jsessionid=ac16012b30d5470ddfdbdf64482d91c59b3b6d080e2f.e3iSbxaKaheRe34Sa3yKbhiTahb0n6jAmljGr5XDqQLvpAe HTTP/1.1" 200 82
200.118.16.84 - - [06/Oct/2014:11:18:29 -0500] "POST /forms/lservlet;jsessionid=ac16012b30d5470ddfdbdf64482d91c59b3b6d080e2f.e3iSbxaKaheRe34Sa3yKbhiTahb0n6jAmljGr5XDqQLvpAe HTTP/1.1" 200 10
200.118.16.84 - - [06/Oct/2014:11:18:29 -0500] "POST /forms/lservlet;jsessionid=ac16012b30d5470ddfdbdf64482d91c59b3b6d080e2f.e3iSbxaKaheRe34Sa3yKbhiTahb0n6jAmljGr5XDqQLvpAe HTTP/1.1" 200 2
200.118.16.84 - - [06/Oct/2014:11:18:30 -0500] "POST /forms/lservlet;jsessionid=ac16012b30d5470ddfdbdf64482d91c59b3b6d080e2f.e3iSbxaKaheRe34Sa3yKbhiTahb0n6jAmljGr5XDqQLvpAe HTTP/1.1" 200 147
200.118.16.84 - - [06/Oct/2014:11:18:31 -0500] "POST /forms/lservlet;jsessionid=ac16012b30d5470ddfdbdf64482d91c59b3b6d080e2f.e3iSbxaKaheRe34Sa3yKbhiTahb0n6jAmljGr5XDqQLvpAe HTTP/1.1" 200 2
200.118.16.84 - - [06/Oct/2014:11:18:31 -0500] "POST /forms/lservlet;jsessionid=ac16012b30d5470ddfdbdf64482d91c59b3b6d080e2f.e3iSbxaKaheRe34Sa3yKbhiTahb0n6jAmljGr5XDqQLvpAe HTTP/1.1" 200 256
200.118.16.84 - - [06/Oct/2014:11:18:32 -0500] "POST /forms/lservlet;jsessionid=ac16012b30d5470ddfdbdf64482d91c59b3b6d080e2f.e3iSbxaKaheRe34Sa3yKbhiTahb0n6jAmljGr5XDqQLvpAe HTTP/1.1" 200 2
200.118.16.84 - - [06/Oct/2014:11:18:32 -0500] "POST /forms/lservlet;jsessionid=ac16012b30d5470ddfdbdf64482d91c59b3b6d080e2f.e3iSbxaKaheRe34Sa3yKbhiTahb0n6jAmljGr5XDqQLvpAe HTTP/1.1" 200 258
200.118.16.84 - - [06/Oct/2014:11:18:33 -0500] "POST /forms/lservlet;jsessionid=ac16012b30d5470ddfdbdf64482d91c59b3b6d080e2f.e3iSbxaKaheRe34Sa3yKbhiTahb0n6jAmljGr5XDqQLvpAe HTTP/1.1" 200 2
200.118.16.84 - - [06/Oct/2014:11:18:33 -0500] "POST /forms/lservlet;jsessionid=ac16012b30d5470ddfdbdf64482d91c59b3b6d080e2f.e3iSbxaKaheRe34Sa3yKbhiTahb0n6jAmljGr5XDqQLvpAe HTTP/1.1" 200 83
200.118.16.84 - - [06/Oct/2014:11:18:34 -0500] "POST /forms/lservlet;jsessionid=ac16012b30d5470ddfdbdf64482d91c59b3b6d080e2f.e3iSbxaKaheRe34Sa3yKbhiTahb0n6jAmljGr5XDqQLvpAe HTTP/1.1" 200 2
200.118.16.84 - - [06/Oct/2014:11:18:35 -0500] "POST /forms/lservlet;jsessionid=ac16012b30d5470ddfdbdf64482d91c59b3b6d080e2f.e3iSbxaKaheRe34Sa3yKbhiTahb0n6jAmljGr5XDqQLvpAe HTTP/1.1" 200 2142
200.118.16.84 - - [06/Oct/2014:11:18:35 -0500] "POST /forms/lservlet;jsessionid=ac16012b30d5470ddfdbdf64482d91c59b3b6d080e2f.e3iSbxaKaheRe34Sa3yKbhiTahb0n6jAmljGr5XDqQLvpAe HTTP/1.1" 200 2
200.118.16.84 - - [06/Oct/2014:11:18:35 -0500] "POST /forms/lservlet;jsessionid=ac16012b30d5470ddfdbdf64482d91c59b3b6d080e2f.e3iSbxaKaheRe34Sa3yKbhiTahb0n6jAmljGr5XDqQLvpAe HTTP/1.1" 200 2
186.28.67.106 - - [06/Oct/2014:11:18:35 -0500] "POST /forms/lservlet;jsessionid=ac16012b30d5c2e45a428de142678939d5dcf98f4db3.e3iSbxaKaheRe34Sa3yKbhiTahb0n6jAmljGr5XDqQLvpAe HTTP/1.1" 200 2027
186.28.67.106 - - [06/Oct/2014:11:18:36 -0500] "POST /forms/lservlet;jsessionid=ac16012b30d5c2e45a428de142678939d5dcf98f4db3.e3iSbxaKaheRe34Sa3yKbhiTahb0n6jAmljGr5XDqQLvpAe HTTP/1.1" 200 78
200.118.16.84 - - [06/Oct/2014:11:18:36 -0500] "POST /forms/lservlet;jsessionid=ac16012b30d5470ddfdbdf64482d91c59b3b6d080e2f.e3iSbxaKaheRe34Sa3yKbhiTahb0n6jAmljGr5XDqQLvpAe HTTP/1.1" 200 131
200.118.16.84 - - [06/Oct/2014:11:18:36 -0500] "POST /forms/lservlet;jsessionid=ac16012b30d5470ddfdbdf64482d91c59b3b6d080e2f.e3iSbxaKaheRe34Sa3yKbhiTahb0n6jAmljGr5XDqQLvpAe HTTP/1.1" 200 8
200.118.16.84 - - [06/Oct/2014:11:18:36 -0500] "POST /forms/lservlet;jsessionid=ac16012b30d5470ddfdbdf64482d91c59b3b6d080e2f.e3iSbxaKaheRe34Sa3yKbhiTahb0n6jAmljGr5XDqQLvpAe HTTP/1.1" 200 2
200.118.16.84 - - [06/Oct/2014:11:18:37 -0500] "POST /forms/lservlet;jsessionid=ac16012b30d5470ddfdbdf64482d91c59b3b6d080e2f.e3iSbxaKaheRe34Sa3yKbhiTahb0n6jAmljGr5XDqQLvpAe HTTP/1.1" 200 7
200.118.16.84 - - [06/Oct/2014:11:18:37 -0500] "POST /forms/lservlet;jsessionid=ac16012b30d5470ddfdbdf64482d91c59b3b6d080e2f.e3iSbxaKaheRe34Sa3yKbhiTahb0n6jAmljGr5XDqQLvpAe HTTP/1.1" 200 32248
200.118.16.84 - - [06/Oct/2014:11:18:38 -0500] "POST /forms/lservlet;jsessionid=ac16012b30d5470ddfdbdf64482d91c59b3b6d080e2f.e3iSbxaKaheRe34Sa3yKbhiTahb0n6jAmljGr5XDqQLvpAe HTTP/1.1" 200 9
200.118.16.84 - - [06/Oct/2014:11:18:38 -0500] "POST /forms/lservlet;jsessionid=ac16012b30d5470ddfdbdf64482d91c59b3b6d080e2f.e3iSbxaKaheRe34Sa3yKbhiTahb0n6jAmljGr5XDqQLvpAe HTTP/1.1" 200 2
200.118.16.84 - - [06/Oct/2014:11:18:38 -0500] "POST /forms/lservlet;jsessionid=ac16012b30d5470ddfdbdf64482d91c59b3b6d080e2f.e3iSbxaKaheRe34Sa3yKbhiTahb0n6jAmljGr5XDqQLvpAe HTTP/1.1" 200 33
186.147.143.251 - - [06/Oct/2014:11:18:38 -0500] "GET /galeria/nivo-slider/demo/images/Tingua-azul.jpg HTTP/1.1" 304 -
200.118.16.84 - - [06/Oct/2014:11:18:38 -0500] "POST /forms/lservlet;jsessionid=ac16012b30d5470ddfdbdf64482d91c59b3b6d080e2f.e3iSbxaKaheRe34Sa3yKbhiTahb0n6jAmljGr5XDqQLvpAe HTTP/1.1" 200 9
200.118.16.84 - - [06/Oct/2014:11:18:38 -0500] "POST /forms/lservlet;jsessionid=ac16012b30d5470ddfdbdf64482d91c59b3b6d080e2f.e3iSbxaKaheRe34Sa3yKbhiTahb0n6jAmljGr5XDqQLvpAe HTTP/1.1" 200 2
186.28.67.106 - - [06/Oct/2014:11:18:39 -0500] "POST /forms/lservlet;jsessionid=ac16012b30d5c2e45a428de142678939d5dcf98f4db3.e3iSbxaKaheRe34Sa3yKbhiTahb0n6jAmljGr5XDqQLvpAe HTTP/1.1" 200 29312
200.118.16.84 - - [06/Oct/2014:11:18:39 -0500] "POST /forms/lservlet;jsessionid=ac16012b30d5470ddfdbdf64482d91c59b3b6d080e2f.e3iSbxaKaheRe34Sa3yKbhiTahb0n6jAmljGr5XDqQLvpAe HTTP/1.1" 200 82
186.84.9.83 - - [06/Oct/2014:11:18:39 -0500] "GET /BLA/boletinlegal/actos.php HTTP/1.1" 200 7534
200.118.16.84 - - [06/Oct/2014:11:18:39 -0500] "POST /forms/lservlet;jsessionid=ac16012b30d5470ddfdbdf64482d91c59b3b6d080e2f.e3iSbxaKaheRe34Sa3yKbhiTahb0n6jAmljGr5XDqQLvpAe HTTP/1.1" 200 10
200.118.16.84 - - [06/Oct/2014:11:18:39 -0500] "POST /forms/lservlet;jsessionid=ac16012b30d5470ddfdbdf64482d91c59b3b6d080e2f.e3iSbxaKaheRe34Sa3yKbhiTahb0n6jAmljGr5XDqQLvpAe HTTP/1.1" 200 2
186.28.67.106 - - [06/Oct/2014:11:18:39 -0500] "POST /forms/lservlet;jsessionid=ac16012b30d5c2e45a428de142678939d5dcf98f4db3.e3iSbxaKaheRe34Sa3yKbhiTahb0n6jAmljGr5XDqQLvpAe HTTP/1.1" 200 2
186.28.67.106 - - [06/Oct/2014:11:18:39 -0500] "POST /forms/lservlet;jsessionid=ac16012b30d5c2e45a428de142678939d5dcf98f4db3.e3iSbxaKaheRe34Sa3yKbhiTahb0n6jAmljGr5XDqQLvpAe HTTP/1.1" 200 27
200.118.16.84 - - [06/Oct/2014:11:18:40 -0500] "POST /forms/lservlet;jsessionid=ac16012b30d5470ddfdbdf64482d91c59b3b6d080e2f.e3iSbxaKaheRe34Sa3yKbhiTahb0n6jAmljGr5XDqQLvpAe HTTP/1.1" 200 147
186.28.67.106 - - [06/Oct/2014:11:18:40 -0500] "POST /forms/lservlet;jsessionid=ac16012b30d5c2e45a428de142678939d5dcf98f4db3.e3iSbxaKaheRe34Sa3yKbhiTahb0n6jAmljGr5XDqQLvpAe HTTP/1.1" 200 2
186.28.67.106 - - [06/Oct/2014:11:18:41 -0500] "POST /forms/lservlet;jsessionid=ac16012b30d5c2e45a428de142678939d5dcf98f4db3.e3iSbxaKaheRe34Sa3yKbhiTahb0n6jAmljGr5XDqQLvpAe HTTP/1.1" 200 125
186.29.138.236 - - [06/Oct/2014:11:18:41 -0500] "GET /autoliquidacion/Grupo%20Forestal%20-%20Silvicultura/SSFFS-%20Aplicativo%20liquidador%20servicios%20silviculturales.xlsx HTTP/1.1" 200 116704
190.26.153.148 - - [06/Oct/2014:11:18:41 -0500] "GET /BLA/boletinlegal/js/jquery.scrollTo-min.js HTTP/1.1" 200 1150
190.26.153.148 - - [06/Oct/2014:11:18:41 -0500] "GET /BLA/boletinlegal/js/jquery.js HTTP/1.1" 200 57254
200.118.16.84 - - [06/Oct/2014:11:18:41 -0500] "POST /forms/lservlet;jsessionid=ac16012b30d5470ddfdbdf64482d91c59b3b6d080e2f.e3iSbxaKaheRe34Sa3yKbhiTahb0n6jAmljGr5XDqQLvpAe HTTP/1.1" 200 2
200.118.16.84 - - [06/Oct/2014:11:18:41 -0500] "POST /forms/lservlet;jsessionid=ac16012b30d5470ddfdbdf64482d91c59b3b6d080e2f.e3iSbxaKaheRe34Sa3yKbhiTahb0n6jAmljGr5XDqQLvpAe HTTP/1.1" 200 256
186.28.67.106 - - [06/Oct/2014:11:18:42 -0500] "POST /forms/lservlet;jsessionid=ac16012b30d5c2e45a428de142678939d5dcf98f4db3.e3iSbxaKaheRe34Sa3yKbhiTahb0n6jAmljGr5XDqQLvpAe HTTP/1.1" 200 2
186.28.67.106 - - [06/Oct/2014:11:18:42 -0500] "POST /forms/lservlet;jsessionid=ac16012b30d5c2e45a428de142678939d5dcf98f4db3.e3iSbxaKaheRe34Sa3yKbhiTahb0n6jAmljGr5XDqQLvpAe HTTP/1.1" 200 630
190.26.153.148 - - [06/Oct/2014:11:18:42 -0500] "GET /BLA/boletinlegal/js/jquery.scrollShow.js HTTP/1.1" 200 4586
186.28.67.106 - - [06/Oct/2014:11:18:42 -0500] "POST /forms/lservlet;jsessionid=ac16012b30d5c2e45a428de142678939d5dcf98f4db3.e3iSbxaKaheRe34Sa3yKbhiTahb0n6jAmljGr5XDqQLvpAe HTTP/1.1" 200 10
200.118.16.84 - - [06/Oct/2014:11:18:42 -0500] "POST /forms/lservlet;jsessionid=ac16012b30d5470ddfdbdf64482d91c59b3b6d080e2f.e3iSbxaKaheRe34Sa3yKbhiTahb0n6jAmljGr5XDqQLvpAe HTTP/1.1" 200 2
186.28.67.106 - - [06/Oct/2014:11:18:42 -0500] "POST /forms/lservlet;jsessionid=ac16012b30d5c2e45a428de142678939d5dcf98f4db3.e3iSbxaKaheRe34Sa3yKbhiTahb0n6jAmljGr5XDqQLvpAe HTTP/1.1" 200 39
200.118.16.84 - - [06/Oct/2014:11:18:43 -0500] "POST /forms/lservlet;jsessionid=ac16012b30d5470ddfdbdf64482d91c59b3b6d080e2f.e3iSbxaKaheRe34Sa3yKbhiTahb0n6jAmljGr5XDqQLvpAe HTTP/1.1" 200 258
200.118.16.84 - - [06/Oct/2014:11:18:43 -0500] "POST /forms/lservlet;jsessionid=ac16012b30d5470ddfdbdf64482d91c59b3b6d080e2f.e3iSbxaKaheRe34Sa3yKbhiTahb0n6jAmljGr5XDqQLvpAe HTTP/1.1" 200 2
200.118.16.84 - - [06/Oct/2014:11:18:44 -0500] "POST /forms/lservlet;jsessionid=ac16012b30d5470ddfdbdf64482d91c59b3b6d080e2f.e3iSbxaKaheRe34Sa3yKbhiTahb0n6jAmljGr5XDqQLvpAe HTTP/1.1" 200 83
200.118.16.84 - - [06/Oct/2014:11:18:44 -0500] "POST /forms/lservlet;jsessionid=ac16012b30d5470ddfdbdf64482d91c59b3b6d080e2f.e3iSbxaKaheRe34Sa3yKbhiTahb0n6jAmljGr5XDqQLvpAe HTTP/1.1" 200 2
201.245.192.253 - - [06/Oct/2014:11:18:44 -0500] "GET /isolucionsda/FrameSetGeneral.asp?Pagina=Menu.asp&IdModulo=4 HTTP/1.1" 200 6583
201.245.192.253 - - [06/Oct/2014:11:18:44 -0500] "GET /isolucionsda/Encabezado.asp?Pagina=Menu.asp&IdModulo=4 HTTP/1.1" 200 15377
201.245.192.253 - - [06/Oct/2014:11:18:44 -0500] "GET /isolucionsda/BarraFavoritos.asp HTTP/1.1" 200 911
201.245.192.253 - - [06/Oct/2014:11:18:44 -0500] "GET /isolucionsda/BarraTitulos.asp?Pagina=Menu.asp&IdModulo=4 HTTP/1.1" 200 6985
201.245.192.253 - - [06/Oct/2014:11:18:44 -0500] "GET /isolucionsda/Menu.asp?Pagina=Menu.asp&IdModulo=4 HTTP/1.1" 200 9682
201.245.192.253 - - [06/Oct/2014:11:18:44 -0500] "GET /isolucionsda/Session.asp?Continue=1 HTTP/1.1" 200 6324
200.118.16.84 - - [06/Oct/2014:11:18:45 -0500] "POST /forms/lservlet;jsessionid=ac16012b30d5470ddfdbdf64482d91c59b3b6d080e2f.e3iSbxaKaheRe34Sa3yKbhiTahb0n6jAmljGr5XDqQLvpAe HTTP/1.1" 200 2142
200.118.16.84 - - [06/Oct/2014:11:18:45 -0500] "POST /forms/lservlet;jsessionid=ac16012b30d5470ddfdbdf64482d91c59b3b6d080e2f.e3iSbxaKaheRe34Sa3yKbhiTahb0n6jAmljGr5XDqQLvpAe HTTP/1.1" 200 2
200.118.16.84 - - [06/Oct/2014:11:18:45 -0500] "POST /forms/lservlet;jsessionid=ac16012b30d5470ddfdbdf64482d91c59b3b6d080e2f.e3iSbxaKaheRe34Sa3yKbhiTahb0n6jAmljGr5XDqQLvpAe HTTP/1.1" 200 2
190.131.197.210 - - [06/Oct/2014:11:18:46 -0500] "GET /favicon.ico HTTP/1.1" 200 7782
201.245.192.253 - - [06/Oct/2014:11:18:46 -0500] "GET /isolucionsda/FrameSetGeneral.asp?Pagina=ListadoMaestroDocumentos3.asp HTTP/1.1" 200 6634
186.28.67.106 - - [06/Oct/2014:11:18:46 -0500] "POST /forms/lservlet;jsessionid=ac16012b30d5c2e45a428de142678939d5dcf98f4db3.e3iSbxaKaheRe34Sa3yKbhiTahb0n6jAmljGr5XDqQLvpAe HTTP/1.1" 200 22
201.245.192.253 - - [06/Oct/2014:11:18:46 -0500] "GET /isolucionsda/BarraTitulos.asp?Pagina=ListadoMaestroDocumentos3.asp HTTP/1.1" 200 6985
201.245.192.253 - - [06/Oct/2014:11:18:46 -0500] "GET /isolucionsda/BarraFavoritos.asp HTTP/1.1" 200 911
201.245.192.253 - - [06/Oct/2014:11:18:46 -0500] "GET /isolucionsda/Encabezado.asp?Pagina=ListadoMaestroDocumentos3.asp HTTP/1.1" 200 15364
201.245.192.253 - - [06/Oct/2014:11:18:46 -0500] "GET /isolucionsda/ListadoMaestroDocumentos3.asp?Pagina=ListadoMaestroDocumentos3.asp HTTP/1.1" 200 11467
201.245.192.253 - - [06/Oct/2014:11:18:46 -0500] "GET /isolucionsda/Session.asp?Continue=1 HTTP/1.1" 200 6324
186.28.67.106 - - [06/Oct/2014:11:18:46 -0500] "POST /forms/lservlet;jsessionid=ac16012b30d5c2e45a428de142678939d5dcf98f4db3.e3iSbxaKaheRe34Sa3yKbhiTahb0n6jAmljGr5XDqQLvpAe HTTP/1.1" 200 670
186.28.67.106 - - [06/Oct/2014:11:18:46 -0500] "POST /forms/lservlet;jsessionid=ac16012b30d5c2e45a428de142678939d5dcf98f4db3.e3iSbxaKaheRe34Sa3yKbhiTahb0n6jAmljGr5XDqQLvpAe HTTP/1.1" 200 17
50.97.37.202 - - [06/Oct/2014:11:18:47 -0500] "GET /Residuos/pinturas/pinturas.html? HTTP/1.1" 404 1018
186.28.67.106 - - [06/Oct/2014:11:18:47 -0500] "POST /forms/lservlet;jsessionid=ac16012b30d5c2e45a428de142678939d5dcf98f4db3.e3iSbxaKaheRe34Sa3yKbhiTahb0n6jAmljGr5XDqQLvpAe HTTP/1.1" 200 2
186.28.67.106 - - [06/Oct/2014:11:18:47 -0500] "POST /forms/lservlet;jsessionid=ac16012b30d5c2e45a428de142678939d5dcf98f4db3.e3iSbxaKaheRe34Sa3yKbhiTahb0n6jAmljGr5XDqQLvpAe HTTP/1.1" 200 394
186.28.67.106 - - [06/Oct/2014:11:18:47 -0500] "POST /forms/lservlet;jsessionid=ac16012b30d5c2e45a428de142678939d5dcf98f4db3.e3iSbxaKaheRe34Sa3yKbhiTahb0n6jAmljGr5XDqQLvpAe HTTP/1.1" 200 7
192.168.170.60 - - [06/Oct/2014:11:18:48 -0500] "GET /BLA/boletinlegal/actos.php HTTP/1.1" 200 7530
186.84.9.83 - - [06/Oct/2014:11:18:37 -0500] "GET /BLA/boletinlegal/index.php? HTTP/1.1" 200 19322
186.28.67.106 - - [06/Oct/2014:11:18:49 -0500] "POST /forms/lservlet;jsessionid=ac16012b30d5c2e45a428de142678939d5dcf98f4db3.e3iSbxaKaheRe34Sa3yKbhiTahb0n6jAmljGr5XDqQLvpAe HTTP/1.1" 200 2
186.28.67.106 - - [06/Oct/2014:11:18:49 -0500] "POST /forms/lservlet;jsessionid=ac16012b30d5c2e45a428de142678939d5dcf98f4db3.e3iSbxaKaheRe34Sa3yKbhiTahb0n6jAmljGr5XDqQLvpAe HTTP/1.1" 200 154
186.28.67.106 - - [06/Oct/2014:11:18:49 -0500] "POST /forms/lservlet;jsessionid=ac16012b30d5c2e45a428de142678939d5dcf98f4db3.e3iSbxaKaheRe34Sa3yKbhiTahb0n6jAmljGr5XDqQLvpAe HTTP/1.1" 200 2
186.28.67.106 - - [06/Oct/2014:11:18:50 -0500] "POST /forms/lservlet;jsessionid=ac16012b30d5c2e45a428de142678939d5dcf98f4db3.e3iSbxaKaheRe34Sa3yKbhiTahb0n6jAmljGr5XDqQLvpAe HTTP/1.1" 200 1315
186.28.67.106 - - [06/Oct/2014:11:18:50 -0500] "POST /forms/lservlet;jsessionid=ac16012b30d5c2e45a428de142678939d5dcf98f4db3.e3iSbxaKaheRe34Sa3yKbhiTahb0n6jAmljGr5XDqQLvpAe HTTP/1.1" 200 2
186.84.9.83 - - [06/Oct/2014:11:18:51 -0500] "GET /BLA/boletinlegal/consulta_actos.php?tipo=resoluciones&no=6423&usuario=&sector=&fecha=2011&resuelve= HTTP/1.1" 200 1031
192.168.170.60 - - [06/Oct/2014:11:18:51 -0500] "GET /BLA/resoluciones/ HTTP/1.1" 200 6952
200.118.16.84 - - [06/Oct/2014:11:18:51 -0500] "POST /forms/lservlet;jsessionid=ac16012b30d5470ddfdbdf64482d91c59b3b6d080e2f.e3iSbxaKaheRe34Sa3yKbhiTahb0n6jAmljGr5XDqQLvpAe HTTP/1.1" 200 274
200.118.16.84 - - [06/Oct/2014:11:18:51 -0500] "POST /forms/lservlet;jsessionid=ac16012b30d5470ddfdbdf64482d91c59b3b6d080e2f.e3iSbxaKaheRe34Sa3yKbhiTahb0n6jAmljGr5XDqQLvpAe HTTP/1.1" 200 232
186.28.67.106 - - [06/Oct/2014:11:18:51 -0500] "POST /forms/lservlet;jsessionid=ac16012b30d5c2e45a428de142678939d5dcf98f4db3.e3iSbxaKaheRe34Sa3yKbhiTahb0n6jAmljGr5XDqQLvpAe HTTP/1.1" 200 34736
200.118.16.84 - - [06/Oct/2014:11:18:52 -0500] "POST /forms/lservlet;jsessionid=ac16012b30d5470ddfdbdf64482d91c59b3b6d080e2f.e3iSbxaKaheRe34Sa3yKbhiTahb0n6jAmljGr5XDqQLvpAe HTTP/1.1" 200 271
186.28.67.106 - - [06/Oct/2014:11:18:52 -0500] "GET /imagenes/listval.gif HTTP/1.1" 200 905
186.28.67.106 - - [06/Oct/2014:11:18:52 -0500] "POST /forms/lservlet;jsessionid=ac16012b30d5c2e45a428de142678939d5dcf98f4db3.e3iSbxaKaheRe34Sa3yKbhiTahb0n6jAmljGr5XDqQLvpAe HTTP/1.1" 200 7
186.28.67.106 - - [06/Oct/2014:11:18:52 -0500] "POST /forms/lservlet;jsessionid=ac16012b30d5c2e45a428de142678939d5dcf98f4db3.e3iSbxaKaheRe34Sa3yKbhiTahb0n6jAmljGr5XDqQLvpAe HTTP/1.1" 200 34
186.28.67.106 - - [06/Oct/2014:11:18:52 -0500] "POST /forms/lservlet;jsessionid=ac16012b30d5c2e45a428de142678939d5dcf98f4db3.e3iSbxaKaheRe34Sa3yKbhiTahb0n6jAmljGr5XDqQLvpAe HTTP/1.1" 200 2
200.118.16.84 - - [06/Oct/2014:11:18:53 -0500] "POST /forms/lservlet;jsessionid=ac16012b30d5470ddfdbdf64482d91c59b3b6d080e2f.e3iSbxaKaheRe34Sa3yKbhiTahb0n6jAmljGr5XDqQLvpAe HTTP/1.1" 200 330
186.28.67.106 - - [06/Oct/2014:11:18:53 -0500] "POST /forms/lservlet;jsessionid=ac16012b30d5c2e45a428de142678939d5dcf98f4db3.e3iSbxaKaheRe34Sa3yKbhiTahb0n6jAmljGr5XDqQLvpAe HTTP/1.1" 200 2
186.28.67.106 - - [06/Oct/2014:11:18:53 -0500] "POST /forms/lservlet;jsessionid=ac16012b30d5c2e45a428de142678939d5dcf98f4db3.e3iSbxaKaheRe34Sa3yKbhiTahb0n6jAmljGr5XDqQLvpAe HTTP/1.1" 200 662
186.28.67.106 - - [06/Oct/2014:11:18:53 -0500] "POST /forms/lservlet;jsessionid=ac16012b30d5c2e45a428de142678939d5dcf98f4db3.e3iSbxaKaheRe34Sa3yKbhiTahb0n6jAmljGr5XDqQLvpAe HTTP/1.1" 200 10
201.245.192.253 - - [06/Oct/2014:11:18:53 -0500] "POST /isolucionsda/ListadoMaestroDocumentos3.asp HTTP/1.1" 200 16538
186.84.9.83 - - [06/Oct/2014:11:18:54 -0500] "GET /BLA/resoluciones/RESOLUCIONES%202011/6423.pdf HTTP/1.1" 200 3629664
192.168.170.60 - - [06/Oct/2014:11:18:53 -0500] "GET /BLA/resoluciones/index.php?dir=RESOLUCIONES+2009%2F HTTP/1.1" 200 1672912
200.118.16.84 - - [06/Oct/2014:11:18:57 -0500] "POST /forms/lservlet;jsessionid=ac16012b30d5470ddfdbdf64482d91c59b3b6d080e2f.e3iSbxaKaheRe34Sa3yKbhiTahb0n6jAmljGr5XDqQLvpAe HTTP/1.1" 200 32
180.76.5.71 - - [06/Oct/2014:11:18:57 -0500] "GET /BLA/resoluciones/RESOLUCIONES%202011/0574.pdf HTTP/1.1" 200 40070
186.28.67.106 - - [06/Oct/2014:11:18:58 -0500] "POST /forms/lservlet;jsessionid=ac16012b30d5c2e45a428de142678939d5dcf98f4db3.e3iSbxaKaheRe34Sa3yKbhiTahb0n6jAmljGr5XDqQLvpAe HTTP/1.1" 200 48
190.25.157.11 - - [06/Oct/2014:11:18:59 -0500] "POST /forms/lservlet;jsessionid=ac16012b30d5e1fa6fcef1a9487f9ffac623c769da53.e3iSbxaKaheRe34Sa3yKbhiTahb0n6jAmljGr5XDqQLvpAe HTTP/1.1" 200 2
200.118.16.84 - - [06/Oct/2014:11:18:59 -0500] "POST /forms/lservlet;jsessionid=ac16012b30d5470ddfdbdf64482d91c59b3b6d080e2f.e3iSbxaKaheRe34Sa3yKbhiTahb0n6jAmljGr5XDqQLvpAe HTTP/1.1" 200 8
200.118.16.84 - - [06/Oct/2014:11:19:02 -0500] "POST /forms/lservlet;jsessionid=ac16012b30d5470ddfdbdf64482d91c59b3b6d080e2f.e3iSbxaKaheRe34Sa3yKbhiTahb0n6jAmljGr5XDqQLvpAe HTTP/1.1" 200 2
186.84.65.78 - - [06/Oct/2014:11:19:03 -0500] "POST /forms/lservlet;jsessionid=ac16012b30d5221ef17b809e4b538cec819ea364455c.e3iSbxaKaheRe34Sa3yKbhiTahb0n6jAmljGr5XDqQLvpAe HTTP/1.1" 200 2
186.28.67.106 - - [06/Oct/2014:11:19:03 -0500] "POST /forms/lservlet;jsessionid=ac16012b30d5c2e45a428de142678939d5dcf98f4db3.e3iSbxaKaheRe34Sa3yKbhiTahb0n6jAmljGr5XDqQLvpAe HTTP/1.1" 200 26
200.118.16.84 - - [06/Oct/2014:11:19:04 -0500] "POST /forms/lservlet;jsessionid=ac16012b30d5470ddfdbdf64482d91c59b3b6d080e2f.e3iSbxaKaheRe34Sa3yKbhiTahb0n6jAmljGr5XDqQLvpAe HTTP/1.1" 200 7
186.28.67.106 - - [06/Oct/2014:11:19:05 -0500] "POST /forms/lservlet;jsessionid=ac16012b30d5c2e45a428de142678939d5dcf98f4db3.e3iSbxaKaheRe34Sa3yKbhiTahb0n6jAmljGr5XDqQLvpAe HTTP/1.1" 200 18
186.28.67.106 - - [06/Oct/2014:11:19:05 -0500] "POST /forms/lservlet;jsessionid=ac16012b30d5c2e45a428de142678939d5dcf98f4db3.e3iSbxaKaheRe34Sa3yKbhiTahb0n6jAmljGr5XDqQLvpAe HTTP/1.1" 200 8
186.28.67.106 - - [06/Oct/2014:11:19:05 -0500] "POST /forms/lservlet;jsessionid=ac16012b30d5c2e45a428de142678939d5dcf98f4db3.e3iSbxaKaheRe34Sa3yKbhiTahb0n6jAmljGr5XDqQLvpAe HTTP/1.1" 200 2
180.76.5.73 - - [06/Oct/2014:11:19:05 -0500] "GET /StormSDA/forms/8.js HTTP/1.1" 200 875
201.245.192.253 - - [06/Oct/2014:11:19:06 -0500] "POST /isolucionsda/ListadoMaestroDocumentos3.asp?Accion=Consultar&Mande=Buscar&paginaactual=2 HTTP/1.1" 200 12915
200.118.16.84 - - [06/Oct/2014:11:19:06 -0500] "POST /forms/lservlet;jsessionid=ac16012b30d5470ddfdbdf64482d91c59b3b6d080e2f.e3iSbxaKaheRe34Sa3yKbhiTahb0n6jAmljGr5XDqQLvpAe HTTP/1.1" 200 32265
201.245.192.253 - - [06/Oct/2014:11:19:09 -0500] "POST /forms/lservlet;jsessionid=ac16012b30d5777c05f5669a4ee6bc2deeee262aac04.e3iSbxaKaheRe34Sa3yKbhiTahb0n6jAmljGr5XDqQLvpAe HTTP/1.1" 200 73
181.50.66.247 - - [06/Oct/2014:11:19:09 -0500] "POST /forms/lservlet;jsessionid=ac16012b30d5cec85258819345c8a6ddfdaf7a74f4f2.e3iSbxaKaheRe34Sa3yKbhiTahb0n6jAmljGr5XDqQLvpAe HTTP/1.1" 200 2
186.28.67.106 - - [06/Oct/2014:11:19:09 -0500] "POST /forms/lservlet;jsessionid=ac16012b30d5c2e45a428de142678939d5dcf98f4db3.e3iSbxaKaheRe34Sa3yKbhiTahb0n6jAmljGr5XDqQLvpAe HTTP/1.1" 200 26
201.245.192.253 - - [06/Oct/2014:11:19:09 -0500] "POST /forms/lservlet;jsessionid=ac16012b30d5777c05f5669a4ee6bc2deeee262aac04.e3iSbxaKaheRe34Sa3yKbhiTahb0n6jAmljGr5XDqQLvpAe HTTP/1.1" 200 2
201.245.192.253 - - [06/Oct/2014:11:19:10 -0500] "POST /forms/lservlet;jsessionid=ac16012b30d5777c05f5669a4ee6bc2deeee262aac04.e3iSbxaKaheRe34Sa3yKbhiTahb0n6jAmljGr5XDqQLvpAe HTTP/1.1" 200 2304
201.245.192.253 - - [06/Oct/2014:11:19:10 -0500] "POST /forms/lservlet;jsessionid=ac16012b30d5777c05f5669a4ee6bc2deeee262aac04.e3iSbxaKaheRe34Sa3yKbhiTahb0n6jAmljGr5XDqQLvpAe HTTP/1.1" 200 10
186.28.67.106 - - [06/Oct/2014:11:19:09 -0500] "POST /forms/lservlet;jsessionid=ac16012b30d5c2e45a428de142678939d5dcf98f4db3.e3iSbxaKaheRe34Sa3yKbhiTahb0n6jAmljGr5XDqQLvpAe HTTP/1.1" 200 4205
186.28.67.106 - - [06/Oct/2014:11:19:10 -0500] "POST /forms/lservlet;jsessionid=ac16012b30d5c2e45a428de142678939d5dcf98f4db3.e3iSbxaKaheRe34Sa3yKbhiTahb0n6jAmljGr5XDqQLvpAe HTTP/1.1" 200 20
200.118.16.84 - - [06/Oct/2014:11:19:10 -0500] "POST /forms/lservlet;jsessionid=ac16012b30d5470ddfdbdf64482d91c59b3b6d080e2f.e3iSbxaKaheRe34Sa3yKbhiTahb0n6jAmljGr5XDqQLvpAe HTTP/1.1" 200 9
186.28.67.106 - - [06/Oct/2014:11:19:12 -0500] "POST /forms/lservlet;jsessionid=ac16012b30d5c2e45a428de142678939d5dcf98f4db3.e3iSbxaKaheRe34Sa3yKbhiTahb0n6jAmljGr5XDqQLvpAe HTTP/1.1" 200 2
200.118.16.84 - - [06/Oct/2014:11:19:12 -0500] "POST /forms/lservlet;jsessionid=ac16012b30d5470ddfdbdf64482d91c59b3b6d080e2f.e3iSbxaKaheRe34Sa3yKbhiTahb0n6jAmljGr5XDqQLvpAe HTTP/1.1" 200 2
186.83.45.117 - - [06/Oct/2014:11:19:13 -0500] "GET /BLA/boletinlegal/js/jquery.scrollTo-min.js HTTP/1.1" 200 1150
186.83.45.117 - - [06/Oct/2014:11:19:13 -0500] "GET /BLA/boletinlegal/js/jquery.js HTTP/1.1" 200 57254
186.83.45.117 - - [06/Oct/2014:11:19:13 -0500] "GET /BLA/boletinlegal/js/jquery.scrollShow.js HTTP/1.1" 200 4586
186.28.67.106 - - [06/Oct/2014:11:19:12 -0500] "POST /forms/lservlet;jsessionid=ac16012b30d5c2e45a428de142678939d5dcf98f4db3.e3iSbxaKaheRe34Sa3yKbhiTahb0n6jAmljGr5XDqQLvpAe HTTP/1.1" 200 2401
186.28.67.106 - - [06/Oct/2014:11:19:13 -0500] "POST /forms/lservlet;jsessionid=ac16012b30d5c2e45a428de142678939d5dcf98f4db3.e3iSbxaKaheRe34Sa3yKbhiTahb0n6jAmljGr5XDqQLvpAe HTTP/1.1" 200 2
74.86.158.107 - - [06/Oct/2014:11:19:13 -0500] "GET / HTTP/1.1" 302 -
201.245.192.253 - - [06/Oct/2014:11:19:14 -0500] "POST /isolucionsda/ListadoMaestroDocumentos3.asp?Accion=Consultar&Mande=Buscar&paginaactual=1 HTTP/1.1" 200 16538
200.118.16.84 - - [06/Oct/2014:11:19:15 -0500] "POST /forms/lservlet;jsessionid=ac16012b30d5470ddfdbdf64482d91c59b3b6d080e2f.e3iSbxaKaheRe34Sa3yKbhiTahb0n6jAmljGr5XDqQLvpAe HTTP/1.1" 200 2
186.28.67.106 - - [06/Oct/2014:11:19:16 -0500] "POST /forms/lservlet;jsessionid=ac16012b30d5c2e45a428de142678939d5dcf98f4db3.e3iSbxaKaheRe34Sa3yKbhiTahb0n6jAmljGr5XDqQLvpAe HTTP/1.1" 200 2
186.28.67.106 - - [06/Oct/2014:11:19:16 -0500] "POST /forms/lservlet;jsessionid=ac16012b30d5c2e45a428de142678939d5dcf98f4db3.e3iSbxaKaheRe34Sa3yKbhiTahb0n6jAmljGr5XDqQLvpAe HTTP/1.1" 200 3052
186.28.67.106 - - [06/Oct/2014:11:19:16 -0500] "POST /forms/lservlet;jsessionid=ac16012b30d5c2e45a428de142678939d5dcf98f4db3.e3iSbxaKaheRe34Sa3yKbhiTahb0n6jAmljGr5XDqQLvpAe HTTP/1.1" 200 2
200.118.16.84 - - [06/Oct/2014:11:19:17 -0500] "POST /forms/lservlet;jsessionid=ac16012b30d5470ddfdbdf64482d91c59b3b6d080e2f.e3iSbxaKaheRe34Sa3yKbhiTahb0n6jAmljGr5XDqQLvpAe HTTP/1.1" 200 33
186.28.67.106 - - [06/Oct/2014:11:19:17 -0500] "POST /forms/lservlet;jsessionid=ac16012b30d5c2e45a428de142678939d5dcf98f4db3.e3iSbxaKaheRe34Sa3yKbhiTahb0n6jAmljGr5XDqQLvpAe HTTP/1.1" 200 2
200.118.16.84 - - [06/Oct/2014:11:19:17 -0500] "POST /forms/lservlet;jsessionid=ac16012b30d5470ddfdbdf64482d91c59b3b6d080e2f.e3iSbxaKaheRe34Sa3yKbhiTahb0n6jAmljGr5XDqQLvpAe HTTP/1.1" 200 9
186.28.67.106 - - [06/Oct/2014:11:19:17 -0500] "POST /forms/lservlet;jsessionid=ac16012b30d5c2e45a428de142678939d5dcf98f4db3.e3iSbxaKaheRe34Sa3yKbhiTahb0n6jAmljGr5XDqQLvpAe HTTP/1.1" 200 2226
186.28.67.106 - - [06/Oct/2014:11:19:17 -0500] "POST /forms/lservlet;jsessionid=ac16012b30d5c2e45a428de142678939d5dcf98f4db3.e3iSbxaKaheRe34Sa3yKbhiTahb0n6jAmljGr5XDqQLvpAe HTTP/1.1" 200 10
201.245.192.253 - - [06/Oct/2014:11:19:17 -0500] "POST /forms/lservlet;jsessionid=ac16012b30d5777c05f5669a4ee6bc2deeee262aac04.e3iSbxaKaheRe34Sa3yKbhiTahb0n6jAmljGr5XDqQLvpAe HTTP/1.1" 200 24
201.245.192.253 - - [06/Oct/2014:11:19:17 -0500] "POST /forms/lservlet;jsessionid=ac16012b30d5777c05f5669a4ee6bc2deeee262aac04.e3iSbxaKaheRe34Sa3yKbhiTahb0n6jAmljGr5XDqQLvpAe HTTP/1.1" 200 3903
201.245.192.253 - - [06/Oct/2014:11:19:18 -0500] "POST /forms/lservlet;jsessionid=ac16012b30d5777c05f5669a4ee6bc2deeee262aac04.e3iSbxaKaheRe34Sa3yKbhiTahb0n6jAmljGr5XDqQLvpAe HTTP/1.1" 200 2
190.24.147.185 - - [06/Oct/2014:11:19:18 -0500] "GET /BLA/boletinlegal/js/jquery.scrollTo-min.js HTTP/1.1" 200 1150
190.24.147.185 - - [06/Oct/2014:11:19:18 -0500] "GET /BLA/boletinlegal/js/jquery.js HTTP/1.1" 200 57254
186.28.67.106 - - [06/Oct/2014:11:19:18 -0500] "POST /forms/lservlet;jsessionid=ac16012b30d5c2e45a428de142678939d5dcf98f4db3.e3iSbxaKaheRe34Sa3yKbhiTahb0n6jAmljGr5XDqQLvpAe HTTP/1.1" 200 2
190.24.147.185 - - [06/Oct/2014:11:19:19 -0500] "GET /BLA/boletinlegal/js/jquery.scrollShow.js HTTP/1.1" 200 4586
186.28.67.106 - - [06/Oct/2014:11:19:19 -0500] "POST /forms/lservlet;jsessionid=ac16012b30d5c2e45a428de142678939d5dcf98f4db3.e3iSbxaKaheRe34Sa3yKbhiTahb0n6jAmljGr5XDqQLvpAe HTTP/1.1" 200 690
186.28.67.106 - - [06/Oct/2014:11:19:19 -0500] "POST /forms/lservlet;jsessionid=ac16012b30d5c2e45a428de142678939d5dcf98f4db3.e3iSbxaKaheRe34Sa3yKbhiTahb0n6jAmljGr5XDqQLvpAe HTTP/1.1" 200 10
200.118.16.84 - - [06/Oct/2014:11:19:21 -0500] "POST /forms/lservlet;jsessionid=ac16012b30d5470ddfdbdf64482d91c59b3b6d080e2f.e3iSbxaKaheRe34Sa3yKbhiTahb0n6jAmljGr5XDqQLvpAe HTTP/1.1" 200 2
200.118.16.84 - - [06/Oct/2014:11:19:21 -0500] "POST /forms/lservlet;jsessionid=ac16012b30d5470ddfdbdf64482d91c59b3b6d080e2f.e3iSbxaKaheRe34Sa3yKbhiTahb0n6jAmljGr5XDqQLvpAe HTTP/1.1" 200 82
200.118.16.84 - - [06/Oct/2014:11:19:22 -0500] "POST /forms/lservlet;jsessionid=ac16012b30d5470ddfdbdf64482d91c59b3b6d080e2f.e3iSbxaKaheRe34Sa3yKbhiTahb0n6jAmljGr5XDqQLvpAe HTTP/1.1" 200 10
200.118.16.84 - - [06/Oct/2014:11:19:22 -0500] "POST /forms/lservlet;jsessionid=ac16012b30d5470ddfdbdf64482d91c59b3b6d080e2f.e3iSbxaKaheRe34Sa3yKbhiTahb0n6jAmljGr5XDqQLvpAe HTTP/1.1" 200 2
200.118.16.84 - - [06/Oct/2014:11:19:22 -0500] "POST /forms/lservlet;jsessionid=ac16012b30d5470ddfdbdf64482d91c59b3b6d080e2f.e3iSbxaKaheRe34Sa3yKbhiTahb0n6jAmljGr5XDqQLvpAe HTTP/1.1" 200 147
201.245.192.253 - - [06/Oct/2014:11:19:23 -0500] "POST /forms/lservlet;jsessionid=ac16012b30d5777c05f5669a4ee6bc2deeee262aac04.e3iSbxaKaheRe34Sa3yKbhiTahb0n6jAmljGr5XDqQLvpAe HTTP/1.1" 200 113
200.118.16.84 - - [06/Oct/2014:11:19:24 -0500] "POST /forms/lservlet;jsessionid=ac16012b30d5470ddfdbdf64482d91c59b3b6d080e2f.e3iSbxaKaheRe34Sa3yKbhiTahb0n6jAmljGr5XDqQLvpAe HTTP/1.1" 200 2
200.118.16.84 - - [06/Oct/2014:11:19:24 -0500] "POST /forms/lservlet;jsessionid=ac16012b30d5470ddfdbdf64482d91c59b3b6d080e2f.e3iSbxaKaheRe34Sa3yKbhiTahb0n6jAmljGr5XDqQLvpAe HTTP/1.1" 200 256
200.118.16.84 - - [06/Oct/2014:11:19:24 -0500] "POST /forms/lservlet;jsessionid=ac16012b30d5470ddfdbdf64482d91c59b3b6d080e2f.e3iSbxaKaheRe34Sa3yKbhiTahb0n6jAmljGr5XDqQLvpAe HTTP/1.1" 200 2
200.118.16.84 - - [06/Oct/2014:11:19:25 -0500] "POST /forms/lservlet;jsessionid=ac16012b30d5470ddfdbdf64482d91c59b3b6d080e2f.e3iSbxaKaheRe34Sa3yKbhiTahb0n6jAmljGr5XDqQLvpAe HTTP/1.1" 200 2
200.118.16.84 - - [06/Oct/2014:11:19:25 -0500] "POST /forms/lservlet;jsessionid=ac16012b30d5470ddfdbdf64482d91c59b3b6d080e2f.e3iSbxaKaheRe34Sa3yKbhiTahb0n6jAmljGr5XDqQLvpAe HTTP/1.1" 200 258
200.118.16.84 - - [06/Oct/2014:11:19:26 -0500] "POST /forms/lservlet;jsessionid=ac16012b30d5470ddfdbdf64482d91c59b3b6d080e2f.e3iSbxaKaheRe34Sa3yKbhiTahb0n6jAmljGr5XDqQLvpAe HTTP/1.1" 200 2
200.118.16.84 - - [06/Oct/2014:11:19:26 -0500] "POST /forms/lservlet;jsessionid=ac16012b30d5470ddfdbdf64482d91c59b3b6d080e2f.e3iSbxaKaheRe34Sa3yKbhiTahb0n6jAmljGr5XDqQLvpAe HTTP/1.1" 200 83
200.118.16.84 - - [06/Oct/2014:11:19:27 -0500] "POST /forms/lservlet;jsessionid=ac16012b30d5470ddfdbdf64482d91c59b3b6d080e2f.e3iSbxaKaheRe34Sa3yKbhiTahb0n6jAmljGr5XDqQLvpAe HTTP/1.1" 200 2
200.118.16.84 - - [06/Oct/2014:11:19:27 -0500] "POST /forms/lservlet;jsessionid=ac16012b30d5470ddfdbdf64482d91c59b3b6d080e2f.e3iSbxaKaheRe34Sa3yKbhiTahb0n6jAmljGr5XDqQLvpAe HTTP/1.1" 200 2
200.118.16.84 - - [06/Oct/2014:11:19:28 -0500] "POST /forms/lservlet;jsessionid=ac16012b30d5470ddfdbdf64482d91c59b3b6d080e2f.e3iSbxaKaheRe34Sa3yKbhiTahb0n6jAmljGr5XDqQLvpAe HTTP/1.1" 200 2142
200.118.16.84 - - [06/Oct/2014:11:19:28 -0500] "POST /forms/lservlet;jsessionid=ac16012b30d5470ddfdbdf64482d91c59b3b6d080e2f.e3iSbxaKaheRe34Sa3yKbhiTahb0n6jAmljGr5XDqQLvpAe HTTP/1.1" 200 2
201.245.192.253 - - [06/Oct/2014:11:19:29 -0500] "POST /forms/lservlet;jsessionid=ac16012b30d5777c05f5669a4ee6bc2deeee262aac04.e3iSbxaKaheRe34Sa3yKbhiTahb0n6jAmljGr5XDqQLvpAe HTTP/1.1" 200 2
201.245.192.253 - - [06/Oct/2014:11:19:29 -0500] "POST /forms/lservlet;jsessionid=ac16012b30d5777c05f5669a4ee6bc2deeee262aac04.e3iSbxaKaheRe34Sa3yKbhiTahb0n6jAmljGr5XDqQLvpAe HTTP/1.1" 200 292
201.245.192.253 - - [06/Oct/2014:11:19:29 -0500] "POST /forms/lservlet;jsessionid=ac16012b30d5777c05f5669a4ee6bc2deeee262aac04.e3iSbxaKaheRe34Sa3yKbhiTahb0n6jAmljGr5XDqQLvpAe HTTP/1.1" 200 10
190.25.157.11 - - [06/Oct/2014:11:19:29 -0500] "POST /forms/lservlet;jsessionid=ac16012b30d5960347ea27bd4710beffe333ee66d5a8.e3iSbxaKaheRe34Sa3yKbhiTahb0n6jAmljGr5XDqQLvpAe HTTP/1.1" 200 2
200.118.16.84 - - [06/Oct/2014:11:19:29 -0500] "POST /forms/lservlet;jsessionid=ac16012b30d5470ddfdbdf64482d91c59b3b6d080e2f.e3iSbxaKaheRe34Sa3yKbhiTahb0n6jAmljGr5XDqQLvpAe HTTP/1.1" 200 131
200.118.16.84 - - [06/Oct/2014:11:19:30 -0500] "POST /forms/lservlet;jsessionid=ac16012b30d5470ddfdbdf64482d91c59b3b6d080e2f.e3iSbxaKaheRe34Sa3yKbhiTahb0n6jAmljGr5XDqQLvpAe HTTP/1.1" 200 8
200.118.16.84 - - [06/Oct/2014:11:19:30 -0500] "POST /forms/lservlet;jsessionid=ac16012b30d5470ddfdbdf64482d91c59b3b6d080e2f.e3iSbxaKaheRe34Sa3yKbhiTahb0n6jAmljGr5XDqQLvpAe HTTP/1.1" 200 2
201.245.192.253 - - [06/Oct/2014:11:19:31 -0500] "POST /forms/lservlet;jsessionid=ac16012b30d5777c05f5669a4ee6bc2deeee262aac04.e3iSbxaKaheRe34Sa3yKbhiTahb0n6jAmljGr5XDqQLvpAe HTTP/1.1" 200 2
201.245.192.253 - - [06/Oct/2014:11:19:31 -0500] "POST /forms/lservlet;jsessionid=ac16012b30d5777c05f5669a4ee6bc2deeee262aac04.e3iSbxaKaheRe34Sa3yKbhiTahb0n6jAmljGr5XDqQLvpAe HTTP/1.1" 200 108
201.245.192.253 - - [06/Oct/2014:11:19:31 -0500] "POST /forms/lservlet;jsessionid=ac16012b30d5777c05f5669a4ee6bc2deeee262aac04.e3iSbxaKaheRe34Sa3yKbhiTahb0n6jAmljGr5XDqQLvpAe HTTP/1.1" 200 2
201.245.192.253 - - [06/Oct/2014:11:19:32 -0500] "POST /forms/lservlet;jsessionid=ac16012b30d5777c05f5669a4ee6bc2deeee262aac04.e3iSbxaKaheRe34Sa3yKbhiTahb0n6jAmljGr5XDqQLvpAe HTTP/1.1" 200 136
200.118.16.84 - - [06/Oct/2014:11:19:39 -0500] "POST /forms/lservlet;jsessionid=ac16012b30d5470ddfdbdf64482d91c59b3b6d080e2f.e3iSbxaKaheRe34Sa3yKbhiTahb0n6jAmljGr5XDqQLvpAe HTTP/1.1" 200 7
200.118.16.84 - - [06/Oct/2014:11:19:39 -0500] "POST /forms/lservlet;jsessionid=ac16012b30d5470ddfdbdf64482d91c59b3b6d080e2f.e3iSbxaKaheRe34Sa3yKbhiTahb0n6jAmljGr5XDqQLvpAe HTTP/1.1" 200 32259
200.118.16.84 - - [06/Oct/2014:11:19:40 -0500] "POST /forms/lservlet;jsessionid=ac16012b30d5470ddfdbdf64482d91c59b3b6d080e2f.e3iSbxaKaheRe34Sa3yKbhiTahb0n6jAmljGr5XDqQLvpAe HTTP/1.1" 200 9
200.118.16.84 - - [06/Oct/2014:11:19:40 -0500] "POST /forms/lservlet;jsessionid=ac16012b30d5470ddfdbdf64482d91c59b3b6d080e2f.e3iSbxaKaheRe34Sa3yKbhiTahb0n6jAmljGr5XDqQLvpAe HTTP/1.1" 200 2
200.118.16.84 - - [06/Oct/2014:11:19:40 -0500] "POST /forms/lservlet;jsessionid=ac16012b30d5470ddfdbdf64482d91c59b3b6d080e2f.e3iSbxaKaheRe34Sa3yKbhiTahb0n6jAmljGr5XDqQLvpAe HTTP/1.1" 200 33
186.31.20.224 - - [06/Oct/2014:11:19:41 -0500] "GET /BLA/boletinlegal/js/jquery.js HTTP/1.1" 200 57254
186.31.20.224 - - [06/Oct/2014:11:19:41 -0500] "GET /BLA/boletinlegal/js/jquery.scrollTo-min.js HTTP/1.1" 200 1150
186.31.20.224 - - [06/Oct/2014:11:19:41 -0500] "GET /BLA/boletinlegal/js/jquery.scrollShow.js HTTP/1.1" 200 4586
186.31.20.224 - - [06/Oct/2014:11:19:41 -0500] "GET /galeria/carrusel/Carrusel/jquery.thumbnailScroller.css HTTP/1.1" 200 2066
186.31.20.224 - - [06/Oct/2014:11:19:41 -0500] "GET /galeria/carrusel/Carrusel/jquery-ui-1.8.13.custom.min.js HTTP/1.1" 200 10800
186.31.20.224 - - [06/Oct/2014:11:19:41 -0500] "GET /galeria/carrusel/Carrusel/jquery.thumbnailScroller.js HTTP/1.1" 200 8157
200.118.16.84 - - [06/Oct/2014:11:19:41 -0500] "POST /forms/lservlet;jsessionid=ac16012b30d5470ddfdbdf64482d91c59b3b6d080e2f.e3iSbxaKaheRe34Sa3yKbhiTahb0n6jAmljGr5XDqQLvpAe HTTP/1.1" 200 2
200.118.16.84 - - [06/Oct/2014:11:19:41 -0500] "POST /forms/lservlet;jsessionid=ac16012b30d5470ddfdbdf64482d91c59b3b6d080e2f.e3iSbxaKaheRe34Sa3yKbhiTahb0n6jAmljGr5XDqQLvpAe HTTP/1.1" 200 9
200.118.16.84 - - [06/Oct/2014:11:19:42 -0500] "POST /forms/lservlet;jsessionid=ac16012b30d5470ddfdbdf64482d91c59b3b6d080e2f.e3iSbxaKaheRe34Sa3yKbhiTahb0n6jAmljGr5XDqQLvpAe HTTP/1.1" 200 82
200.118.16.84 - - [06/Oct/2014:11:19:42 -0500] "POST /forms/lservlet;jsessionid=ac16012b30d5470ddfdbdf64482d91c59b3b6d080e2f.e3iSbxaKaheRe34Sa3yKbhiTahb0n6jAmljGr5XDqQLvpAe HTTP/1.1" 200 10
200.118.16.84 - - [06/Oct/2014:11:19:42 -0500] "POST /forms/lservlet;jsessionid=ac16012b30d5470ddfdbdf64482d91c59b3b6d080e2f.e3iSbxaKaheRe34Sa3yKbhiTahb0n6jAmljGr5XDqQLvpAe HTTP/1.1" 200 2
200.118.16.84 - - [06/Oct/2014:11:19:43 -0500] "POST /forms/lservlet;jsessionid=ac16012b30d5470ddfdbdf64482d91c59b3b6d080e2f.e3iSbxaKaheRe34Sa3yKbhiTahb0n6jAmljGr5XDqQLvpAe HTTP/1.1" 200 147
200.118.16.84 - - [06/Oct/2014:11:19:44 -0500] "POST /forms/lservlet;jsessionid=ac16012b30d5470ddfdbdf64482d91c59b3b6d080e2f.e3iSbxaKaheRe34Sa3yKbhiTahb0n6jAmljGr5XDqQLvpAe HTTP/1.1" 200 2
200.118.16.84 - - [06/Oct/2014:11:19:44 -0500] "POST /forms/lservlet;jsessionid=ac16012b30d5470ddfdbdf64482d91c59b3b6d080e2f.e3iSbxaKaheRe34Sa3yKbhiTahb0n6jAmljGr5XDqQLvpAe HTTP/1.1" 200 256
200.118.16.84 - - [06/Oct/2014:11:19:45 -0500] "POST /forms/lservlet;jsessionid=ac16012b30d5470ddfdbdf64482d91c59b3b6d080e2f.e3iSbxaKaheRe34Sa3yKbhiTahb0n6jAmljGr5XDqQLvpAe HTTP/1.1" 200 2
200.118.16.84 - - [06/Oct/2014:11:19:45 -0500] "POST /forms/lservlet;jsessionid=ac16012b30d5470ddfdbdf64482d91c59b3b6d080e2f.e3iSbxaKaheRe34Sa3yKbhiTahb0n6jAmljGr5XDqQLvpAe HTTP/1.1" 200 258
200.118.16.84 - - [06/Oct/2014:11:19:46 -0500] "POST /forms/lservlet;jsessionid=ac16012b30d5470ddfdbdf64482d91c59b3b6d080e2f.e3iSbxaKaheRe34Sa3yKbhiTahb0n6jAmljGr5XDqQLvpAe HTTP/1.1" 200 2
200.118.16.84 - - [06/Oct/2014:11:19:46 -0500] "POST /forms/lservlet;jsessionid=ac16012b30d5470ddfdbdf64482d91c59b3b6d080e2f.e3iSbxaKaheRe34Sa3yKbhiTahb0n6jAmljGr5XDqQLvpAe HTTP/1.1" 200 83
200.118.16.84 - - [06/Oct/2014:11:19:47 -0500] "POST /forms/lservlet;jsessionid=ac16012b30d5470ddfdbdf64482d91c59b3b6d080e2f.e3iSbxaKaheRe34Sa3yKbhiTahb0n6jAmljGr5XDqQLvpAe HTTP/1.1" 200 2
190.26.131.19 - - [06/Oct/2014:11:19:47 -0500] "GET /BLA/boletinlegal/js/jquery.js HTTP/1.1" 200 57254
190.26.131.19 - - [06/Oct/2014:11:19:47 -0500] "GET /BLA/boletinlegal/js/jquery.scrollTo-min.js HTTP/1.1" 200 1150
190.26.131.19 - - [06/Oct/2014:11:19:47 -0500] "GET /BLA/boletinlegal/js/jquery.scrollShow.js HTTP/1.1" 200 4586
200.118.16.84 - - [06/Oct/2014:11:19:47 -0500] "POST /forms/lservlet;jsessionid=ac16012b30d5470ddfdbdf64482d91c59b3b6d080e2f.e3iSbxaKaheRe34Sa3yKbhiTahb0n6jAmljGr5XDqQLvpAe HTTP/1.1" 200 2
200.118.16.84 - - [06/Oct/2014:11:19:48 -0500] "POST /forms/lservlet;jsessionid=ac16012b30d5470ddfdbdf64482d91c59b3b6d080e2f.e3iSbxaKaheRe34Sa3yKbhiTahb0n6jAmljGr5XDqQLvpAe HTTP/1.1" 200 2142
200.118.16.84 - - [06/Oct/2014:11:19:48 -0500] "POST /forms/lservlet;jsessionid=ac16012b30d5470ddfdbdf64482d91c59b3b6d080e2f.e3iSbxaKaheRe34Sa3yKbhiTahb0n6jAmljGr5XDqQLvpAe HTTP/1.1" 200 2
200.118.16.84 - - [06/Oct/2014:11:19:48 -0500] "POST /forms/lservlet;jsessionid=ac16012b30d5470ddfdbdf64482d91c59b3b6d080e2f.e3iSbxaKaheRe34Sa3yKbhiTahb0n6jAmljGr5XDqQLvpAe HTTP/1.1" 200 2
201.245.192.253 - - [06/Oct/2014:11:19:48 -0500] "GET /forest/session.jsp?a=0.25578547121563444 HTTP/1.1" 200 4
200.118.16.84 - - [06/Oct/2014:11:19:50 -0500] "POST /forms/lservlet;jsessionid=ac16012b30d5470ddfdbdf64482d91c59b3b6d080e2f.e3iSbxaKaheRe34Sa3yKbhiTahb0n6jAmljGr5XDqQLvpAe HTTP/1.1" 200 393
201.245.192.253 - - [06/Oct/2014:11:19:50 -0500] "POST /forms/lservlet;jsessionid=ac16012b30d5777c05f5669a4ee6bc2deeee262aac04.e3iSbxaKaheRe34Sa3yKbhiTahb0n6jAmljGr5XDqQLvpAe HTTP/1.1" 200 2
200.118.16.84 - - [06/Oct/2014:11:19:51 -0500] "POST /forms/lservlet;jsessionid=ac16012b30d5470ddfdbdf64482d91c59b3b6d080e2f.e3iSbxaKaheRe34Sa3yKbhiTahb0n6jAmljGr5XDqQLvpAe HTTP/1.1" 200 373
200.118.16.84 - - [06/Oct/2014:11:19:52 -0500] "POST /forms/lservlet;jsessionid=ac16012b30d5470ddfdbdf64482d91c59b3b6d080e2f.e3iSbxaKaheRe34Sa3yKbhiTahb0n6jAmljGr5XDqQLvpAe HTTP/1.1" 200 32
200.118.16.84 - - [06/Oct/2014:11:19:52 -0500] "POST /forms/lservlet;jsessionid=ac16012b30d5470ddfdbdf64482d91c59b3b6d080e2f.e3iSbxaKaheRe34Sa3yKbhiTahb0n6jAmljGr5XDqQLvpAe HTTP/1.1" 200 8
200.118.16.84 - - [06/Oct/2014:11:19:52 -0500] "POST /forms/lservlet;jsessionid=ac16012b30d5470ddfdbdf64482d91c59b3b6d080e2f.e3iSbxaKaheRe34Sa3yKbhiTahb0n6jAmljGr5XDqQLvpAe HTTP/1.1" 200 2
190.131.197.210 - - [06/Oct/2014:11:19:52 -0500] "GET /BLA/resoluciones/RESOLUCIONES%202013/1284.pdf HTTP/1.1" 200 3757696
190.143.14.101 - - [06/Oct/2014:11:19:52 -0500] "POST /forms/lservlet;jsessionid=ac16012b30d56ea9d3fa4dd34b328c6897f755ddadec.e3iSbxaKaheRe34Sa3yKbhiTahb0n6jAmljGr5XDqQLvpAe HTTP/1.1" 200 2
200.118.16.84 - - [06/Oct/2014:11:19:52 -0500] "POST /forms/lservlet;jsessionid=ac16012b30d5470ddfdbdf64482d91c59b3b6d080e2f.e3iSbxaKaheRe34Sa3yKbhiTahb0n6jAmljGr5XDqQLvpAe HTTP/1.1" 200 7
200.118.16.84 - - [06/Oct/2014:11:19:53 -0500] "POST /forms/lservlet;jsessionid=ac16012b30d5470ddfdbdf64482d91c59b3b6d080e2f.e3iSbxaKaheRe34Sa3yKbhiTahb0n6jAmljGr5XDqQLvpAe HTTP/1.1" 200 32255
200.118.16.84 - - [06/Oct/2014:11:19:53 -0500] "POST /forms/lservlet;jsessionid=ac16012b30d5470ddfdbdf64482d91c59b3b6d080e2f.e3iSbxaKaheRe34Sa3yKbhiTahb0n6jAmljGr5XDqQLvpAe HTTP/1.1" 200 9
200.118.16.84 - - [06/Oct/2014:11:19:53 -0500] "POST /forms/lservlet;jsessionid=ac16012b30d5470ddfdbdf64482d91c59b3b6d080e2f.e3iSbxaKaheRe34Sa3yKbhiTahb0n6jAmljGr5XDqQLvpAe HTTP/1.1" 200 2
200.118.16.84 - - [06/Oct/2014:11:19:53 -0500] "POST /forms/lservlet;jsessionid=ac16012b30d5470ddfdbdf64482d91c59b3b6d080e2f.e3iSbxaKaheRe34Sa3yKbhiTahb0n6jAmljGr5XDqQLvpAe HTTP/1.1" 200 33
200.118.16.84 - - [06/Oct/2014:11:19:54 -0500] "POST /forms/lservlet;jsessionid=ac16012b30d5470ddfdbdf64482d91c59b3b6d080e2f.e3iSbxaKaheRe34Sa3yKbhiTahb0n6jAmljGr5XDqQLvpAe HTTP/1.1" 200 2
200.118.16.84 - - [06/Oct/2014:11:19:54 -0500] "POST /forms/lservlet;jsessionid=ac16012b30d5470ddfdbdf64482d91c59b3b6d080e2f.e3iSbxaKaheRe34Sa3yKbhiTahb0n6jAmljGr5XDqQLvpAe HTTP/1.1" 200 9
200.118.16.84 - - [06/Oct/2014:11:19:55 -0500] "POST /forms/lservlet;jsessionid=ac16012b30d5470ddfdbdf64482d91c59b3b6d080e2f.e3iSbxaKaheRe34Sa3yKbhiTahb0n6jAmljGr5XDqQLvpAe HTTP/1.1" 200 82
200.118.16.84 - - [06/Oct/2014:11:19:55 -0500] "POST /forms/lservlet;jsessionid=ac16012b30d5470ddfdbdf64482d91c59b3b6d080e2f.e3iSbxaKaheRe34Sa3yKbhiTahb0n6jAmljGr5XDqQLvpAe HTTP/1.1" 200 10
200.118.16.84 - - [06/Oct/2014:11:19:55 -0500] "POST /forms/lservlet;jsessionid=ac16012b30d5470ddfdbdf64482d91c59b3b6d080e2f.e3iSbxaKaheRe34Sa3yKbhiTahb0n6jAmljGr5XDqQLvpAe HTTP/1.1" 200 2
200.118.16.84 - - [06/Oct/2014:11:19:56 -0500] "POST /forms/lservlet;jsessionid=ac16012b30d5470ddfdbdf64482d91c59b3b6d080e2f.e3iSbxaKaheRe34Sa3yKbhiTahb0n6jAmljGr5XDqQLvpAe HTTP/1.1" 200 147
190.131.197.210 - - [06/Oct/2014:11:20:02 -0500] "GET /BLA/resoluciones/RESOLUCIONES%202013/1284.pdf HTTP/1.1" 206 32768
190.131.197.210 - - [06/Oct/2014:11:20:02 -0500] "GET /BLA/resoluciones/RESOLUCIONES%202013/1284.pdf HTTP/1.1" 206 3724928
186.31.20.224 - - [06/Oct/2014:11:20:05 -0500] "GET /galeria/nivo-slider/demo/demo.html HTTP/1.1" 200 3617
186.31.20.224 - - [06/Oct/2014:11:20:05 -0500] "GET /galeria/nivo-slider/themes/default/default.css HTTP/1.1" 200 1569
186.31.20.224 - - [06/Oct/2014:11:20:05 -0500] "GET /galeria/nivo-slider/themes/pascal/pascal.css HTTP/1.1" 200 2258
186.31.20.224 - - [06/Oct/2014:11:20:05 -0500] "GET /galeria/nivo-slider/themes/orman/orman.css HTTP/1.1" 200 2152
