201.245.192.253 - - [06/Oct/2014:11:33:02 -0500] "GET /forest/session.jsp?a=0.3238314010668546 HTTP/1.1" 200 4
200.118.16.84 - - [06/Oct/2014:11:33:03 -0500] "POST /forms/lservlet;jsessionid=ac16012b30d5470ddfdbdf64482d91c59b3b6d080e2f.e3iSbxaKaheRe34Sa3yKbhiTahb0n6jAmljGr5XDqQLvpAe HTTP/1.1" 200 2
186.28.67.106 - - [06/Oct/2014:11:33:04 -0500] "POST /forms/lservlet;jsessionid=ac16012b30d5c2e45a428de142678939d5dcf98f4db3.e3iSbxaKaheRe34Sa3yKbhiTahb0n6jAmljGr5XDqQLvpAe HTTP/1.1" 200 2
180.76.6.159 - - [06/Oct/2014:11:33:04 -0500] "GET /BLA/resoluciones/AUTOS%202011/5632.pdf HTTP/1.1" 200 285738
200.118.16.84 - - [06/Oct/2014:11:33:05 -0500] "POST /forms/lservlet;jsessionid=ac16012b30d5470ddfdbdf64482d91c59b3b6d080e2f.e3iSbxaKaheRe34Sa3yKbhiTahb0n6jAmljGr5XDqQLvpAe HTTP/1.1" 200 2
201.184.47.224 - - [06/Oct/2014:11:33:05 -0500] "GET /autoliquidacion/Solicitudes%20relacionadas%20con%20calidad%20del%20aire%20auditiva%20y%20visual/Solicitudes%20relacionadas%20a%20Programa%20de%20Autorregulaci%C3%B3n%20Ambiental/carta%20de%20autorizacion%20para%20realizar%20las%20visitas%20tecnicas%20del%20p.pdf HTTP/1.1" 200 56250
186.84.65.78 - - [06/Oct/2014:11:33:06 -0500] "POST /forms/lservlet;jsessionid=ac16012b30d5221ef17b809e4b538cec819ea364455c.e3iSbxaKaheRe34Sa3yKbhiTahb0n6jAmljGr5XDqQLvpAe HTTP/1.1" 200 2
181.50.66.247 - - [06/Oct/2014:11:33:11 -0500] "POST /forms/lservlet;jsessionid=ac16012b30d5cec85258819345c8a6ddfdaf7a74f4f2.e3iSbxaKaheRe34Sa3yKbhiTahb0n6jAmljGr5XDqQLvpAe HTTP/1.1" 200 2
200.118.16.84 - - [06/Oct/2014:11:33:13 -0500] "POST /forms/lservlet;jsessionid=ac16012b30d5470ddfdbdf64482d91c59b3b6d080e2f.e3iSbxaKaheRe34Sa3yKbhiTahb0n6jAmljGr5XDqQLvpAe HTTP/1.1" 200 131
200.58.198.219 - - [06/Oct/2014:11:33:14 -0500] "GET /BLA/boletinlegal/js/jquery.js HTTP/1.1" 200 57254
200.58.198.219 - - [06/Oct/2014:11:33:14 -0500] "GET /BLA/boletinlegal/js/jquery.scrollTo-min.js HTTP/1.1" 200 1150
200.58.198.219 - - [06/Oct/2014:11:33:14 -0500] "GET /BLA/boletinlegal/js/jquery.scrollShow.js HTTP/1.1" 200 4586
200.58.198.219 - - [06/Oct/2014:11:33:14 -0500] "GET /galeria/carrusel/Carrusel/jquery.thumbnailScroller.css HTTP/1.1" 200 2066
200.58.198.219 - - [06/Oct/2014:11:33:14 -0500] "GET /galeria/carrusel/Carrusel/jquery-ui-1.8.13.custom.min.js HTTP/1.1" 200 10800
200.58.198.219 - - [06/Oct/2014:11:33:14 -0500] "GET /galeria/carrusel/Carrusel/jquery.thumbnailScroller.js HTTP/1.1" 200 8157
200.118.16.84 - - [06/Oct/2014:11:33:15 -0500] "POST /forms/lservlet;jsessionid=ac16012b30d5470ddfdbdf64482d91c59b3b6d080e2f.e3iSbxaKaheRe34Sa3yKbhiTahb0n6jAmljGr5XDqQLvpAe HTTP/1.1" 200 8
200.118.16.84 - - [06/Oct/2014:11:33:17 -0500] "POST /forms/lservlet;jsessionid=ac16012b30d5470ddfdbdf64482d91c59b3b6d080e2f.e3iSbxaKaheRe34Sa3yKbhiTahb0n6jAmljGr5XDqQLvpAe HTTP/1.1" 200 2
200.58.198.219 - - [06/Oct/2014:11:33:18 -0500] "GET /galeria/nivo-slider/demo/demo.html HTTP/1.1" 200 3617
200.118.16.84 - - [06/Oct/2014:11:33:19 -0500] "POST /forms/lservlet;jsessionid=ac16012b30d5470ddfdbdf64482d91c59b3b6d080e2f.e3iSbxaKaheRe34Sa3yKbhiTahb0n6jAmljGr5XDqQLvpAe HTTP/1.1" 200 7
200.58.198.219 - - [06/Oct/2014:11:33:19 -0500] "GET /galeria/nivo-slider/themes/default/default.css HTTP/1.1" 200 1569
200.58.198.219 - - [06/Oct/2014:11:33:19 -0500] "GET /galeria/nivo-slider/themes/pascal/pascal.css HTTP/1.1" 200 2258
200.58.198.219 - - [06/Oct/2014:11:33:19 -0500] "GET /galeria/nivo-slider/themes/orman/orman.css HTTP/1.1" 200 2152
200.58.198.219 - - [06/Oct/2014:11:33:19 -0500] "GET /galeria/nivo-slider/nivo-slider.css HTTP/1.1" 200 1507
200.58.198.219 - - [06/Oct/2014:11:33:19 -0500] "GET /galeria/nivo-slider/demo/style.css HTTP/1.1" 200 2222
200.58.198.219 - - [06/Oct/2014:11:33:19 -0500] "GET /galeria/nivo-slider/demo/scripts/jquery-1.7.1.min.js HTTP/1.1" 200 93868
200.58.198.219 - - [06/Oct/2014:11:33:19 -0500] "GET /galeria/nivo-slider/jquery.nivo.slider.pack.js HTTP/1.1" 200 11561
200.58.198.219 - - [06/Oct/2014:11:33:19 -0500] "GET /galeria/nivo-slider/demo/images/banner-Animal.jpg HTTP/1.1" 200 257223
200.58.198.219 - - [06/Oct/2014:11:33:19 -0500] "GET /galeria/nivo-slider/demo/images/Tingua-azul.jpg HTTP/1.1" 200 307638
200.58.198.219 - - [06/Oct/2014:11:33:19 -0500] "GET /galeria/nivo-slider/demo/images/BannerIDRD1.png HTTP/1.1" 200 316313
200.58.198.219 - - [06/Oct/2014:11:33:19 -0500] "GET /galeria/nivo-slider/demo/images/Recilaton02.jpg HTTP/1.1" 200 82162
200.58.198.219 - - [06/Oct/2014:11:33:20 -0500] "GET /galeria/nivo-slider/demo/images/Banner-Caracol-Africano.jpg HTTP/1.1" 200 331986
200.118.16.84 - - [06/Oct/2014:11:33:20 -0500] "POST /forms/lservlet;jsessionid=ac16012b30d5470ddfdbdf64482d91c59b3b6d080e2f.e3iSbxaKaheRe34Sa3yKbhiTahb0n6jAmljGr5XDqQLvpAe HTTP/1.1" 200 32267
181.225.109.25 - - [06/Oct/2014:11:33:22 -0500] "GET /BLA/boletinlegal/js/jquery.js HTTP/1.1" 200 57254
181.225.109.25 - - [06/Oct/2014:11:33:22 -0500] "GET /BLA/boletinlegal/js/jquery.scrollTo-min.js HTTP/1.1" 200 1150
181.225.109.25 - - [06/Oct/2014:11:33:22 -0500] "GET /BLA/boletinlegal/js/jquery.scrollShow.js HTTP/1.1" 200 4586
200.58.198.219 - - [06/Oct/2014:11:33:22 -0500] "GET /galeria/nivo-slider/demo/images/4Simple_Slider.png HTTP/1.1" 200 11722
200.58.198.219 - - [06/Oct/2014:11:33:23 -0500] "GET /galeria/nivo-slider/themes/default/loading.gif HTTP/1.1" 200 1737
200.58.198.219 - - [06/Oct/2014:11:33:23 -0500] "GET /galeria/nivo-slider/demo/images/banner_adopcion2.jpg HTTP/1.1" 200 136406
200.58.198.219 - - [06/Oct/2014:11:33:23 -0500] "GET /galeria/nivo-slider/demo/images/bannerEcolecta3.jpg HTTP/1.1" 200 280034
190.144.1.198 - - [06/Oct/2014:11:33:24 -0500] "GET /BLA/boletinlegal/js/jquery.scrollShow.js HTTP/1.1" 200 4586
190.144.1.198 - - [06/Oct/2014:11:33:24 -0500] "GET /BLA/boletinlegal/js/jquery.scrollTo-min.js HTTP/1.1" 200 1150
190.144.1.198 - - [06/Oct/2014:11:33:24 -0500] "GET /BLA/boletinlegal/js/jquery.js HTTP/1.1" 200 57254
190.144.1.198 - - [06/Oct/2014:11:33:24 -0500] "GET /galeria/carrusel/Carrusel/jquery.thumbnailScroller.css HTTP/1.1" 200 2066
200.118.16.84 - - [06/Oct/2014:11:33:24 -0500] "POST /forms/lservlet;jsessionid=ac16012b30d5470ddfdbdf64482d91c59b3b6d080e2f.e3iSbxaKaheRe34Sa3yKbhiTahb0n6jAmljGr5XDqQLvpAe HTTP/1.1" 200 9
190.144.1.198 - - [06/Oct/2014:11:33:24 -0500] "GET /galeria/carrusel/Carrusel/jquery.thumbnailScroller.js HTTP/1.1" 200 8157
190.144.1.198 - - [06/Oct/2014:11:33:24 -0500] "GET /galeria/carrusel/Carrusel/jquery-ui-1.8.13.custom.min.js HTTP/1.1" 200 10800
200.118.16.84 - - [06/Oct/2014:11:33:26 -0500] "POST /forms/lservlet;jsessionid=ac16012b30d5470ddfdbdf64482d91c59b3b6d080e2f.e3iSbxaKaheRe34Sa3yKbhiTahb0n6jAmljGr5XDqQLvpAe HTTP/1.1" 200 2
200.58.198.219 - - [06/Oct/2014:11:33:26 -0500] "GET /galeria/nivo-slider/demo/images/9Signos.jpg HTTP/1.1" 200 93040
200.118.16.84 - - [06/Oct/2014:11:33:27 -0500] "POST /forms/lservlet;jsessionid=ac16012b30d5470ddfdbdf64482d91c59b3b6d080e2f.e3iSbxaKaheRe34Sa3yKbhiTahb0n6jAmljGr5XDqQLvpAe HTTP/1.1" 200 2
190.144.1.198 - - [06/Oct/2014:11:33:27 -0500] "GET /galeria/nivo-slider/demo/demo.html HTTP/1.1" 200 3617
190.144.1.198 - - [06/Oct/2014:11:33:27 -0500] "GET /galeria/nivo-slider/themes/default/default.css HTTP/1.1" 200 1569
190.144.1.198 - - [06/Oct/2014:11:33:27 -0500] "GET /galeria/nivo-slider/themes/pascal/pascal.css HTTP/1.1" 200 2258
200.58.198.219 - - [06/Oct/2014:11:33:27 -0500] "GET /videos/PromoAnimal.flv HTTP/1.1" 200 3469924
190.144.1.198 - - [06/Oct/2014:11:33:28 -0500] "GET /galeria/nivo-slider/demo/style.css HTTP/1.1" 200 2222
190.144.1.198 - - [06/Oct/2014:11:33:28 -0500] "GET /galeria/nivo-slider/nivo-slider.css HTTP/1.1" 200 1507
190.144.1.198 - - [06/Oct/2014:11:33:28 -0500] "GET /galeria/nivo-slider/themes/orman/orman.css HTTP/1.1" 200 2152
190.144.1.198 - - [06/Oct/2014:11:33:28 -0500] "GET /galeria/nivo-slider/demo/images/banner-Animal.jpg HTTP/1.1" 200 257223
200.58.198.219 - - [06/Oct/2014:11:33:28 -0500] "GET /galeria/nivo-slider/demo/images/banner-encuesta.jpg HTTP/1.1" 200 42764
201.245.192.253 - - [06/Oct/2014:11:33:28 -0500] "GET /isolucionsda/FrameSetGeneral.asp?Pagina=SucursalSeleccion.asp&CargaPagina=ModuloProcesos&IdModulo=3 HTTP/1.1" 200 6716
201.245.192.253 - - [06/Oct/2014:11:33:28 -0500] "GET /isolucionsda/Encabezado.asp?Pagina=SucursalSeleccion.asp&CargaPagina=ModuloProcesos&IdModulo=3 HTTP/1.1" 200 15389
201.245.192.253 - - [06/Oct/2014:11:33:28 -0500] "GET /isolucionsda/SucursalSeleccion.asp?Pagina=SucursalSeleccion.asp&CargaPagina=ModuloProcesos&IdModulo=3 HTTP/1.1" 302 219
201.245.192.253 - - [06/Oct/2014:11:33:28 -0500] "GET /isolucionsda/BarraFavoritos.asp HTTP/1.1" 200 911
201.245.192.253 - - [06/Oct/2014:11:33:28 -0500] "GET /isolucionsda/BarraTitulos.asp?Pagina=SucursalSeleccion.asp&CargaPagina=ModuloProcesos&IdModulo=3 HTTP/1.1" 200 6988
190.144.1.198 - - [06/Oct/2014:11:33:28 -0500] "GET /galeria/nivo-slider/demo/scripts/jquery-1.7.1.min.js HTTP/1.1" 200 93868
201.245.192.253 - - [06/Oct/2014:11:33:28 -0500] "GET /isolucionsda/Session.asp?Continue=1 HTTP/1.1" 200 6324
201.245.192.253 - - [06/Oct/2014:11:33:28 -0500] "GET /isolucionsda/SucursalSeleccion.asp?CodSucursal=1&URLRedirect=MagazinHome.asp&CargaPagina=ModuloProcesos HTTP/1.1" 302 221
201.245.192.253 - - [06/Oct/2014:11:33:28 -0500] "GET /isolucionsda/BancoConocimiento/M/MAPADEPROCESOSSDA_v3/MAPADEPROCESOSSDA_v3.asp HTTP/1.1" 302 159
190.144.1.198 - - [06/Oct/2014:11:33:28 -0500] "GET /galeria/nivo-slider/jquery.nivo.slider.pack.js HTTP/1.1" 200 11561
190.144.1.198 - - [06/Oct/2014:11:33:28 -0500] "GET /galeria/nivo-slider/themes/default/loading.gif HTTP/1.1" 200 1737
190.144.1.198 - - [06/Oct/2014:11:33:28 -0500] "GET /galeria/nivo-slider/demo/images/4Simple_Slider.png HTTP/1.1" 200 11722
190.144.1.198 - - [06/Oct/2014:11:33:28 -0500] "GET /galeria/nivo-slider/demo/images/Tingua-azul.jpg HTTP/1.1" 200 307638
200.58.198.219 - - [06/Oct/2014:11:33:29 -0500] "GET /galeria/nivo-slider/demo/images/banner-llantas2.jpg HTTP/1.1" 200 73153
200.58.198.219 - - [06/Oct/2014:11:33:29 -0500] "GET /galeria/nivo-slider/demo/images/banner-caballos.png HTTP/1.1" 200 389106
200.58.198.219 - - [06/Oct/2014:11:33:29 -0500] "GET /galeria/nivo-slider/demo/images/ConstructorasFNL.jpg HTTP/1.1" 200 216551
200.58.198.219 - - [06/Oct/2014:11:33:29 -0500] "GET /galeria/nivo-slider/demo/images/Hacienda_Molinos.jpg HTTP/1.1" 200 319171
200.118.16.84 - - [06/Oct/2014:11:33:29 -0500] "POST /forms/lservlet;jsessionid=ac16012b30d5470ddfdbdf64482d91c59b3b6d080e2f.e3iSbxaKaheRe34Sa3yKbhiTahb0n6jAmljGr5XDqQLvpAe HTTP/1.1" 200 2
190.25.157.11 - - [06/Oct/2014:11:33:30 -0500] "POST /forms/lservlet;jsessionid=ac16012b30d5960347ea27bd4710beffe333ee66d5a8.e3iSbxaKaheRe34Sa3yKbhiTahb0n6jAmljGr5XDqQLvpAe HTTP/1.1" 200 2
190.144.1.198 - - [06/Oct/2014:11:33:30 -0500] "GET /galeria/nivo-slider/demo/images/BannerIDRD1.png HTTP/1.1" 200 316313
201.245.192.253 - - [06/Oct/2014:11:33:31 -0500] "GET /isolucionsda/FrameSetGeneral.asp?Pagina=Menu.asp&IdModulo=4 HTTP/1.1" 200 6583
201.245.192.253 - - [06/Oct/2014:11:33:31 -0500] "GET /isolucionsda/BarraFavoritos.asp HTTP/1.1" 200 911
201.245.192.253 - - [06/Oct/2014:11:33:31 -0500] "GET /isolucionsda/Encabezado.asp?Pagina=Menu.asp&IdModulo=4 HTTP/1.1" 200 15404
201.245.192.253 - - [06/Oct/2014:11:33:31 -0500] "GET /isolucionsda/BarraTitulos.asp?Pagina=Menu.asp&IdModulo=4 HTTP/1.1" 200 6985
201.245.192.253 - - [06/Oct/2014:11:33:31 -0500] "GET /isolucionsda/Session.asp?Continue=1 HTTP/1.1" 200 6324
201.245.192.253 - - [06/Oct/2014:11:33:31 -0500] "GET /isolucionsda/Menu.asp?Pagina=Menu.asp&IdModulo=4 HTTP/1.1" 200 9682
190.144.1.198 - - [06/Oct/2014:11:33:31 -0500] "GET /galeria/nivo-slider/demo/images/Recilaton02.jpg HTTP/1.1" 200 82162
190.144.1.198 - - [06/Oct/2014:11:33:32 -0500] "GET /galeria/nivo-slider/demo/images/Banner-Caracol-Africano.jpg HTTP/1.1" 200 331986
201.245.192.253 - - [06/Oct/2014:11:33:32 -0500] "GET /isolucionsda/FrameSetGeneral.asp?Pagina=ListadoMaestroDocumentos3.asp HTTP/1.1" 200 6634
200.118.16.84 - - [06/Oct/2014:11:33:32 -0500] "POST /forms/lservlet;jsessionid=ac16012b30d5470ddfdbdf64482d91c59b3b6d080e2f.e3iSbxaKaheRe34Sa3yKbhiTahb0n6jAmljGr5XDqQLvpAe HTTP/1.1" 200 33
201.245.192.253 - - [06/Oct/2014:11:33:32 -0500] "GET /isolucionsda/BarraFavoritos.asp HTTP/1.1" 200 911
190.144.1.198 - - [06/Oct/2014:11:33:32 -0500] "GET /galeria/nivo-slider/demo/images/banner_adopcion2.jpg HTTP/1.1" 200 136406
201.245.192.253 - - [06/Oct/2014:11:33:32 -0500] "GET /isolucionsda/Encabezado.asp?Pagina=ListadoMaestroDocumentos3.asp HTTP/1.1" 200 15364
201.245.192.253 - - [06/Oct/2014:11:33:32 -0500] "GET /isolucionsda/BarraTitulos.asp?Pagina=ListadoMaestroDocumentos3.asp HTTP/1.1" 200 6985
201.245.192.253 - - [06/Oct/2014:11:33:32 -0500] "GET /isolucionsda/ListadoMaestroDocumentos3.asp?Pagina=ListadoMaestroDocumentos3.asp HTTP/1.1" 200 11467
201.245.192.253 - - [06/Oct/2014:11:33:32 -0500] "GET /isolucionsda/Session.asp?Continue=1 HTTP/1.1" 200 6324
190.144.1.198 - - [06/Oct/2014:11:33:32 -0500] "GET /galeria/nivo-slider/demo/images/bannerEcolecta3.jpg HTTP/1.1" 200 280034
201.245.192.253 - - [06/Oct/2014:11:33:33 -0500] "GET /isolucionsda/Jerarquia.asp?Tabla=Proceso&Form=Admon&CampoDisplay=ProcesoDisplayObjetoProceso&CampoHidden=Proceso&bSubmit=True&items= HTTP/1.1" 200 10587
200.118.16.84 - - [06/Oct/2014:11:33:34 -0500] "POST /forms/lservlet;jsessionid=ac16012b30d5470ddfdbdf64482d91c59b3b6d080e2f.e3iSbxaKaheRe34Sa3yKbhiTahb0n6jAmljGr5XDqQLvpAe HTTP/1.1" 200 9
190.144.1.198 - - [06/Oct/2014:11:33:34 -0500] "GET /galeria/nivo-slider/demo/images/9Signos.jpg HTTP/1.1" 200 93040
190.144.1.198 - - [06/Oct/2014:11:33:34 -0500] "GET /galeria/nivo-slider/demo/images/banner-encuesta.jpg HTTP/1.1" 200 42764
190.144.1.198 - - [06/Oct/2014:11:33:34 -0500] "GET /galeria/nivo-slider/demo/images/banner-llantas2.jpg HTTP/1.1" 200 73153
190.144.1.198 - - [06/Oct/2014:11:33:34 -0500] "GET /galeria/nivo-slider/demo/images/banner-caballos.png HTTP/1.1" 200 389106
190.144.1.198 - - [06/Oct/2014:11:33:34 -0500] "GET /galeria/nivo-slider/demo/images/ConstructorasFNL.jpg HTTP/1.1" 200 216551
190.144.1.198 - - [06/Oct/2014:11:33:35 -0500] "GET /galeria/nivo-slider/demo/images/Hacienda_Molinos.jpg HTTP/1.1" 200 319171
190.144.1.198 - - [06/Oct/2014:11:33:35 -0500] "GET /galeria/nivo-slider/themes/default/bullets.png HTTP/1.1" 200 1281
181.48.99.166 - - [06/Oct/2014:11:33:35 -0500] "GET /Residuos/pinturas/pinturas.html HTTP/1.1" 404 1324
190.144.1.198 - - [06/Oct/2014:11:33:35 -0500] "GET /galeria/nivo-slider/themes/default/arrows.png HTTP/1.1" 200 824
201.245.192.253 - - [06/Oct/2014:11:30:35 -0500] "GET /ForestMSG_SDA/channelAsync/template_word_16628403?X-Atmosphere-tracking-id=009b4954-a8db-2424-c950-f6184c1037ee&X-Atmosphere-Framework=1.0.5&X-Atmosphere-Transport=long-polling&tabid=0.8595859736957713&X-Cache-Date=0&Content-Type=application/xml&_=1412613182403 HTTP/1.1" 200 8193
200.58.198.219 - - [06/Oct/2014:11:33:36 -0500] "GET /galeria/nivo-slider/themes/default/arrows.png HTTP/1.1" 200 824
200.58.198.219 - - [06/Oct/2014:11:33:36 -0500] "GET /galeria/nivo-slider/themes/default/bullets.png HTTP/1.1" 200 1281
186.29.138.118 - - [06/Oct/2014:11:33:36 -0500] "GET /autoliquidacion HTTP/1.1" 301 310
186.29.138.118 - - [06/Oct/2014:11:33:36 -0500] "GET /autoliquidacion/ HTTP/1.1" 200 6375
186.29.138.118 - - [06/Oct/2014:11:33:36 -0500] "GET /autoliquidacion/dlf/styles.css HTTP/1.1" 200 3045
186.29.138.118 - - [06/Oct/2014:11:33:36 -0500] "GET /autoliquidacion/dlf/folder.png HTTP/1.1" 200 410
186.29.138.118 - - [06/Oct/2014:11:33:36 -0500] "GET /autoliquidacion/dlf/bg.gif HTTP/1.1" 200 54
190.144.1.198 - - [06/Oct/2014:11:33:37 -0500] "GET /videos/PromoAnimal.flv HTTP/1.1" 200 3469924
200.118.16.84 - - [06/Oct/2014:11:33:37 -0500] "POST /forms/lservlet;jsessionid=ac16012b30d5470ddfdbdf64482d91c59b3b6d080e2f.e3iSbxaKaheRe34Sa3yKbhiTahb0n6jAmljGr5XDqQLvpAe HTTP/1.1" 200 82
201.245.192.253 - - [06/Oct/2014:11:33:37 -0500] "POST /isolucionsda/Jerarquia.asp HTTP/1.1" 200 8108
201.245.192.253 - - [06/Oct/2014:11:33:37 -0500] "POST /isolucionsda/ListadoMaestroDocumentos3.asp HTTP/1.1" 200 17175
186.29.138.118 - - [06/Oct/2014:11:33:38 -0500] "GET /autoliquidacion/index.php?dir=TR%C1MITES+VERTIMIENTOS%2F HTTP/1.1" 200 2479
186.29.138.118 - - [06/Oct/2014:11:33:39 -0500] "GET /autoliquidacion/dlf/dirup.png HTTP/1.1" 200 644
186.29.138.118 - - [06/Oct/2014:11:33:39 -0500] "GET /autoliquidacion/dlf/unknown.png HTTP/1.1" 200 266
180.76.5.167 - - [06/Oct/2014:11:33:40 -0500] "GET /BLA/resoluciones/RESOLUCIONES%202011/0551.pdf HTTP/1.1" 200 73787
201.245.192.253 - - [06/Oct/2014:11:33:41 -0500] "GET /isolucionsda/Jerarquia.asp?Tabla=Proceso&Form=Admon&CampoDisplay=ProcesoDisplayObjetoProceso&CampoHidden=Proceso&bSubmit=True&items=14 HTTP/1.1" 200 10591
186.29.138.118 - - [06/Oct/2014:11:33:42 -0500] "GET /autoliquidacion/index.php?dir=TR%C1MITES+VERTIMIENTOS%2FREGISTRO+DE+VERTIMIENTOS%2F HTTP/1.1" 200 2634
186.29.138.118 - - [06/Oct/2014:11:33:42 -0500] "GET /autoliquidacion/dlf/doc.gif HTTP/1.1" 200 1079
186.29.138.118 - - [06/Oct/2014:11:33:42 -0500] "GET /autoliquidacion/dlf/xls.gif HTTP/1.1" 200 636
201.245.192.253 - - [06/Oct/2014:11:33:43 -0500] "POST /isolucionsda/Jerarquia.asp HTTP/1.1" 200 8122
201.245.192.253 - - [06/Oct/2014:11:33:43 -0500] "POST /isolucionsda/ListadoMaestroDocumentos3.asp HTTP/1.1" 200 17314
186.29.138.118 - - [06/Oct/2014:11:33:44 -0500] "GET /autoliquidacion/TR%C3%81MITES%20VERTIMIENTOS/REGISTRO%20DE%20VERTIMIENTOS/lista%20de%20chequeo%20126pm04-pr97-f-a2-v%2010.xls HTTP/1.1" 200 201728
200.118.16.84 - - [06/Oct/2014:11:33:44 -0500] "POST /forms/lservlet;jsessionid=ac16012b30d5470ddfdbdf64482d91c59b3b6d080e2f.e3iSbxaKaheRe34Sa3yKbhiTahb0n6jAmljGr5XDqQLvpAe HTTP/1.1" 200 10
201.245.192.253 - - [06/Oct/2014:11:33:45 -0500] "GET /isolucionsda/Jerarquia.asp?Tabla=Proceso&Form=Admon&CampoDisplay=ProcesoDisplayObjetoProceso&CampoHidden=Proceso&bSubmit=True&items=7 HTTP/1.1" 200 10590
200.118.16.84 - - [06/Oct/2014:11:33:45 -0500] "POST /forms/lservlet;jsessionid=ac16012b30d5470ddfdbdf64482d91c59b3b6d080e2f.e3iSbxaKaheRe34Sa3yKbhiTahb0n6jAmljGr5XDqQLvpAe HTTP/1.1" 200 2
200.118.16.84 - - [06/Oct/2014:11:33:45 -0500] "POST /forms/lservlet;jsessionid=ac16012b30d5470ddfdbdf64482d91c59b3b6d080e2f.e3iSbxaKaheRe34Sa3yKbhiTahb0n6jAmljGr5XDqQLvpAe HTTP/1.1" 200 147
201.245.192.253 - - [06/Oct/2014:11:33:46 -0500] "POST /isolucionsda/Jerarquia.asp HTTP/1.1" 200 8105
201.245.192.253 - - [06/Oct/2014:11:33:47 -0500] "POST /isolucionsda/ListadoMaestroDocumentos3.asp HTTP/1.1" 200 16365
181.48.99.166 - - [06/Oct/2014:11:33:47 -0500] "GET /Residuos/pinturas/pinturas.html HTTP/1.1" 404 1324
201.245.192.253 - - [06/Oct/2014:11:33:50 -0500] "POST /forms/lservlet;jsessionid=ac16012b30d5777c05f5669a4ee6bc2deeee262aac04.e3iSbxaKaheRe34Sa3yKbhiTahb0n6jAmljGr5XDqQLvpAe HTTP/1.1" 200 2
200.118.16.84 - - [06/Oct/2014:11:33:51 -0500] "POST /forms/lservlet;jsessionid=ac16012b30d5470ddfdbdf64482d91c59b3b6d080e2f.e3iSbxaKaheRe34Sa3yKbhiTahb0n6jAmljGr5XDqQLvpAe HTTP/1.1" 200 2
200.118.16.84 - - [06/Oct/2014:11:33:52 -0500] "POST /forms/lservlet;jsessionid=ac16012b30d5470ddfdbdf64482d91c59b3b6d080e2f.e3iSbxaKaheRe34Sa3yKbhiTahb0n6jAmljGr5XDqQLvpAe HTTP/1.1" 200 256
190.143.14.101 - - [06/Oct/2014:11:33:53 -0500] "POST /forms/lservlet;jsessionid=ac16012b30d56ea9d3fa4dd34b328c6897f755ddadec.e3iSbxaKaheRe34Sa3yKbhiTahb0n6jAmljGr5XDqQLvpAe HTTP/1.1" 200 2
200.118.16.84 - - [06/Oct/2014:11:33:55 -0500] "POST /forms/lservlet;jsessionid=ac16012b30d5470ddfdbdf64482d91c59b3b6d080e2f.e3iSbxaKaheRe34Sa3yKbhiTahb0n6jAmljGr5XDqQLvpAe HTTP/1.1" 200 2
201.245.192.253 - - [06/Oct/2014:11:33:55 -0500] "POST /isolucionsda/ListadoMaestroDocumentos3.asp HTTP/1.1" 200 14125
186.28.212.175 - - [06/Oct/2014:11:33:57 -0500] "GET /galeria/carrusel/Carrusel/jquery-ui-1.8.13.custom.min.js HTTP/1.1" 200 10800
186.28.212.175 - - [06/Oct/2014:11:33:57 -0500] "GET /galeria/carrusel/Carrusel/jquery.thumbnailScroller.js HTTP/1.1" 200 8157
186.28.212.175 - - [06/Oct/2014:11:33:57 -0500] "GET /galeria/carrusel/Carrusel/jquery.thumbnailScroller.css HTTP/1.1" 200 2066
186.28.212.175 - - [06/Oct/2014:11:33:57 -0500] "GET /BLA/boletinlegal/js/jquery.js HTTP/1.1" 200 57254
186.28.212.175 - - [06/Oct/2014:11:33:57 -0500] "GET /BLA/boletinlegal/js/jquery.scrollTo-min.js HTTP/1.1" 200 1150
186.28.212.175 - - [06/Oct/2014:11:33:57 -0500] "GET /BLA/boletinlegal/js/jquery.scrollShow.js HTTP/1.1" 200 4586
200.118.16.84 - - [06/Oct/2014:11:33:57 -0500] "POST /forms/lservlet;jsessionid=ac16012b30d5470ddfdbdf64482d91c59b3b6d080e2f.e3iSbxaKaheRe34Sa3yKbhiTahb0n6jAmljGr5XDqQLvpAe HTTP/1.1" 200 2
201.245.192.253 - - [06/Oct/2014:11:33:58 -0500] "GET /isolucionsda/FramesetArticulo.asp?Pagina=BancoConocimiento%2FC%2FControlyTramitedeCorrespondenciaExternaEnviada%5Fv4%2FControlyTramitedeCorrespondenciaExternaEnviada%5Fv4%2Easp&IdArticulo=4116 HTTP/1.1" 200 7477
201.245.192.253 - - [06/Oct/2014:11:33:58 -0500] "GET /isolucionsda/Arriba.asp?Pagina=BancoConocimiento%2FC%2FControlyTramitedeCorrespondenciaExternaEnviada%5Fv4%2FControlyTramitedeCorrespondenciaExternaEnviada%5Fv4%2Easp&IdArticulo=4116 HTTP/1.1" 200 10645
201.245.192.253 - - [06/Oct/2014:11:33:58 -0500] "GET /isolucionsda/BancoConocimiento/C/ControlyTramitedeCorrespondenciaExternaEnviada_v4/ControlyTramitedeCorrespondenciaExternaEnviada_v4.asp?IdArticulo=4116 HTTP/1.1" 200 45348
201.245.192.253 - - [06/Oct/2014:11:33:59 -0500] "GET /isolucionsda/g/vacio1x1.gif HTTP/1.1" 404 5195
200.118.16.84 - - [06/Oct/2014:11:33:59 -0500] "POST /forms/lservlet;jsessionid=ac16012b30d5470ddfdbdf64482d91c59b3b6d080e2f.e3iSbxaKaheRe34Sa3yKbhiTahb0n6jAmljGr5XDqQLvpAe HTTP/1.1" 200 431
190.84.224.84 - - [06/Oct/2014:11:34:01 -0500] "GET /dama/libreria/jpg/sec_amb.jpg HTTP/1.1" 404 1019
190.84.224.84 - - [06/Oct/2014:11:34:01 -0500] "GET /dama/libreria/jpg/sec_amb.jpg HTTP/1.1" 404 1019
190.84.224.84 - - [06/Oct/2014:11:34:01 -0500] "GET /dama/libreria/jpg/sec_amb.jpg HTTP/1.1" 404 1019
190.84.224.84 - - [06/Oct/2014:11:34:01 -0500] "GET /dama/libreria/jpg/sec_amb.jpg HTTP/1.1" 404 1019
190.84.224.84 - - [06/Oct/2014:11:34:02 -0500] "GET /dama/libreria/jpg/sec_amb.jpg HTTP/1.1" 404 1019
190.84.224.84 - - [06/Oct/2014:11:34:02 -0500] "GET /dama/libreria/jpg/sec_amb.jpg HTTP/1.1" 404 1019
190.84.224.84 - - [06/Oct/2014:11:34:02 -0500] "GET /dama/libreria/jpg/sec_amb.jpg HTTP/1.1" 404 1019
190.84.224.84 - - [06/Oct/2014:11:34:02 -0500] "GET /dama/libreria/jpg/sec_amb.jpg HTTP/1.1" 404 1019
186.28.212.175 - - [06/Oct/2014:11:34:03 -0500] "GET /galeria/nivo-slider/demo/demo.html HTTP/1.1" 200 3617
186.28.212.175 - - [06/Oct/2014:11:34:03 -0500] "GET /galeria/nivo-slider/themes/default/default.css HTTP/1.1" 200 1569
186.28.212.175 - - [06/Oct/2014:11:34:03 -0500] "GET /galeria/nivo-slider/themes/pascal/pascal.css HTTP/1.1" 200 2258
186.28.212.175 - - [06/Oct/2014:11:34:03 -0500] "GET /galeria/nivo-slider/themes/orman/orman.css HTTP/1.1" 200 2152
186.28.212.175 - - [06/Oct/2014:11:34:03 -0500] "GET /galeria/nivo-slider/nivo-slider.css HTTP/1.1" 200 1507
186.28.212.175 - - [06/Oct/2014:11:34:03 -0500] "GET /galeria/nivo-slider/demo/style.css HTTP/1.1" 200 2222
186.28.212.175 - - [06/Oct/2014:11:34:04 -0500] "GET /galeria/nivo-slider/demo/images/banner-Animal.jpg HTTP/1.1" 200 257223
186.28.212.175 - - [06/Oct/2014:11:34:04 -0500] "GET /galeria/nivo-slider/demo/images/Tingua-azul.jpg HTTP/1.1" 200 307638
186.28.212.175 - - [06/Oct/2014:11:34:04 -0500] "GET /galeria/nivo-slider/demo/images/BannerIDRD1.png HTTP/1.1" 200 316313
186.28.212.175 - - [06/Oct/2014:11:34:04 -0500] "GET /galeria/nivo-slider/demo/images/Recilaton02.jpg HTTP/1.1" 200 82162
186.28.212.175 - - [06/Oct/2014:11:34:04 -0500] "GET /galeria/nivo-slider/demo/images/Banner-Caracol-Africano.jpg HTTP/1.1" 200 331986
186.28.212.175 - - [06/Oct/2014:11:34:04 -0500] "GET /galeria/nivo-slider/demo/images/banner_adopcion2.jpg HTTP/1.1" 200 136406
186.28.212.175 - - [06/Oct/2014:11:34:05 -0500] "GET /galeria/nivo-slider/demo/images/bannerEcolecta3.jpg HTTP/1.1" 200 280034
186.28.212.175 - - [06/Oct/2014:11:34:06 -0500] "GET /galeria/nivo-slider/demo/scripts/jquery-1.7.1.min.js HTTP/1.1" 200 93868
186.28.212.175 - - [06/Oct/2014:11:34:07 -0500] "GET /galeria/nivo-slider/jquery.nivo.slider.pack.js HTTP/1.1" 200 11561
186.28.212.175 - - [06/Oct/2014:11:34:07 -0500] "GET /galeria/nivo-slider/demo/images/4Simple_Slider.png HTTP/1.1" 200 11722
186.28.212.175 - - [06/Oct/2014:11:34:07 -0500] "GET /galeria/nivo-slider/themes/default/loading.gif HTTP/1.1" 200 1737
186.28.212.175 - - [06/Oct/2014:11:34:07 -0500] "GET /galeria/nivo-slider/demo/images/9Signos.jpg HTTP/1.1" 200 93040
186.28.212.175 - - [06/Oct/2014:11:34:07 -0500] "GET /galeria/nivo-slider/demo/images/banner-encuesta.jpg HTTP/1.1" 200 42764
186.28.212.175 - - [06/Oct/2014:11:34:07 -0500] "GET /galeria/nivo-slider/demo/images/banner-llantas2.jpg HTTP/1.1" 200 73153
186.28.212.175 - - [06/Oct/2014:11:34:08 -0500] "GET /galeria/nivo-slider/demo/images/banner-caballos.png HTTP/1.1" 200 389106
186.28.212.175 - - [06/Oct/2014:11:34:08 -0500] "GET /galeria/nivo-slider/demo/images/ConstructorasFNL.jpg HTTP/1.1" 200 216551
186.28.212.175 - - [06/Oct/2014:11:34:08 -0500] "GET /galeria/nivo-slider/demo/images/Hacienda_Molinos.jpg HTTP/1.1" 200 319171
186.28.212.175 - - [06/Oct/2014:11:34:09 -0500] "GET /videos/PromoAnimal.flv HTTP/1.1" 200 3469924
186.28.212.175 - - [06/Oct/2014:11:34:11 -0500] "GET /galeria/nivo-slider/themes/default/arrows.png HTTP/1.1" 200 824
186.28.212.175 - - [06/Oct/2014:11:34:11 -0500] "GET /galeria/nivo-slider/themes/default/bullets.png HTTP/1.1" 200 1281
181.48.99.166 - - [06/Oct/2014:11:34:13 -0500] "GET /Residuos/pinturas/pinturas.html HTTP/1.1" 404 1324
74.86.158.107 - - [06/Oct/2014:11:34:13 -0500] "HEAD / HTTP/1.1" 302 -
180.76.6.21 - - [06/Oct/2014:11:34:15 -0500] "GET /BLA/resoluciones/RESOLUCIONES%202010/0041.pdf HTTP/1.1" 200 60636
190.25.40.229 - - [06/Oct/2014:11:34:20 -0500] "POST /forms/lservlet;jsessionid=ac16012b30d5fb784237647f455ebacabe0db43ff4fe.e3iSbxaKaheRe34Sa3yKbhiTahb0n6jAmljGr5XDqQLvpAe HTTP/1.1" 200 2
200.118.16.84 - - [06/Oct/2014:11:34:30 -0500] "POST /forms/lservlet;jsessionid=ac16012b30d5470ddfdbdf64482d91c59b3b6d080e2f.e3iSbxaKaheRe34Sa3yKbhiTahb0n6jAmljGr5XDqQLvpAe HTTP/1.1" 200 2
201.244.201.229 - - [06/Oct/2014:11:34:32 -0500] "GET /isolucionsda/Session.asp HTTP/1.1" 200 6327
200.118.16.84 - - [06/Oct/2014:11:34:32 -0500] "POST /forms/lservlet;jsessionid=ac16012b30d5470ddfdbdf64482d91c59b3b6d080e2f.e3iSbxaKaheRe34Sa3yKbhiTahb0n6jAmljGr5XDqQLvpAe HTTP/1.1" 200 83
200.118.16.84 - - [06/Oct/2014:11:34:35 -0500] "POST /forms/lservlet;jsessionid=ac16012b30d5470ddfdbdf64482d91c59b3b6d080e2f.e3iSbxaKaheRe34Sa3yKbhiTahb0n6jAmljGr5XDqQLvpAe HTTP/1.1" 200 2
186.31.12.23 - - [06/Oct/2014:11:34:35 -0500] "GET /BLA/boletinlegal/js/jquery.js HTTP/1.1" 200 57254
186.31.12.23 - - [06/Oct/2014:11:34:36 -0500] "GET /BLA/boletinlegal/js/jquery.scrollShow.js HTTP/1.1" 200 4586
186.31.12.23 - - [06/Oct/2014:11:34:36 -0500] "GET /BLA/boletinlegal/js/jquery.scrollTo-min.js HTTP/1.1" 200 1150
181.136.113.96 - - [06/Oct/2014:11:34:35 -0500] "GET /BLA/resoluciones/RESOLUCIONES%202010/5279.pdf HTTP/1.1" 200 755949
181.136.113.96 - - [06/Oct/2014:11:34:36 -0500] "GET /BLA/resoluciones/RESOLUCIONES%202010/5279.pdf HTTP/1.1" 206 32768
181.136.113.96 - - [06/Oct/2014:11:34:36 -0500] "GET /BLA/resoluciones/RESOLUCIONES%202010/5279.pdf HTTP/1.1" 206 723181
201.184.47.224 - - [06/Oct/2014:11:34:36 -0500] "GET /autoliquidacion/Solicitudes%20relacionadas%20con%20calidad%20del%20aire%20auditiva%20y%20visual/Solicitudes%20relacionadas%20a%20Programa%20de%20Autorregulaci%C3%B3n%20Ambiental/APLICATIVO%20PROGRAMA%20DE%20AUTORREGULACION%20AMBIENTAL2014%20DEF.xlsx HTTP/1.1" 200 127164
200.118.16.84 - - [06/Oct/2014:11:34:37 -0500] "POST /forms/lservlet;jsessionid=ac16012b30d5470ddfdbdf64482d91c59b3b6d080e2f.e3iSbxaKaheRe34Sa3yKbhiTahb0n6jAmljGr5XDqQLvpAe HTTP/1.1" 200 2
200.118.16.84 - - [06/Oct/2014:11:34:39 -0500] "POST /forms/lservlet;jsessionid=ac16012b30d5470ddfdbdf64482d91c59b3b6d080e2f.e3iSbxaKaheRe34Sa3yKbhiTahb0n6jAmljGr5XDqQLvpAe HTTP/1.1" 200 2142
200.118.16.84 - - [06/Oct/2014:11:34:41 -0500] "POST /forms/lservlet;jsessionid=ac16012b30d5470ddfdbdf64482d91c59b3b6d080e2f.e3iSbxaKaheRe34Sa3yKbhiTahb0n6jAmljGr5XDqQLvpAe HTTP/1.1" 200 2
200.118.16.84 - - [06/Oct/2014:11:34:44 -0500] "POST /forms/lservlet;jsessionid=ac16012b30d5470ddfdbdf64482d91c59b3b6d080e2f.e3iSbxaKaheRe34Sa3yKbhiTahb0n6jAmljGr5XDqQLvpAe HTTP/1.1" 200 2
190.60.233.5 - - [06/Oct/2014:11:34:44 -0500] "GET /BLA/boletinlegal/js/jquery.js HTTP/1.1" 200 57254
190.60.233.5 - - [06/Oct/2014:11:34:44 -0500] "GET /BLA/boletinlegal/js/jquery.scrollTo-min.js HTTP/1.1" 200 1150
190.60.233.5 - - [06/Oct/2014:11:34:44 -0500] "GET /BLA/boletinlegal/js/jquery.scrollShow.js HTTP/1.1" 200 4586
191.89.177.198 - - [06/Oct/2014:11:34:53 -0500] "GET /BLA/boletinlegal/js/jquery.js HTTP/1.1" 200 57254
191.89.177.198 - - [06/Oct/2014:11:34:53 -0500] "GET /BLA/boletinlegal/js/jquery.scrollTo-min.js HTTP/1.1" 200 1150
191.89.177.198 - - [06/Oct/2014:11:34:53 -0500] "GET /BLA/boletinlegal/js/jquery.scrollShow.js HTTP/1.1" 200 4586
191.89.177.198 - - [06/Oct/2014:11:34:53 -0500] "GET /galeria/carrusel/Carrusel/jquery.thumbnailScroller.css HTTP/1.1" 200 2066
191.89.177.198 - - [06/Oct/2014:11:34:53 -0500] "GET /galeria/carrusel/Carrusel/jquery-ui-1.8.13.custom.min.js HTTP/1.1" 200 10800
191.89.177.198 - - [06/Oct/2014:11:34:53 -0500] "GET /galeria/carrusel/Carrusel/jquery.thumbnailScroller.js HTTP/1.1" 200 8157
200.118.16.84 - - [06/Oct/2014:11:34:55 -0500] "POST /forms/lservlet;jsessionid=ac16012b30d5470ddfdbdf64482d91c59b3b6d080e2f.e3iSbxaKaheRe34Sa3yKbhiTahb0n6jAmljGr5XDqQLvpAe HTTP/1.1" 200 2
200.118.16.84 - - [06/Oct/2014:11:34:55 -0500] "POST /forms/lservlet;jsessionid=ac16012b30d5470ddfdbdf64482d91c59b3b6d080e2f.e3iSbxaKaheRe34Sa3yKbhiTahb0n6jAmljGr5XDqQLvpAe HTTP/1.1" 200 443
200.118.16.84 - - [06/Oct/2014:11:34:55 -0500] "POST /forms/lservlet;jsessionid=ac16012b30d5470ddfdbdf64482d91c59b3b6d080e2f.e3iSbxaKaheRe34Sa3yKbhiTahb0n6jAmljGr5XDqQLvpAe HTTP/1.1" 200 328
191.89.177.198 - - [06/Oct/2014:11:34:55 -0500] "GET /galeria/nivo-slider/demo/demo.html HTTP/1.1" 200 3617
191.89.177.198 - - [06/Oct/2014:11:34:56 -0500] "GET /galeria/nivo-slider/themes/default/default.css HTTP/1.1" 200 1569
191.89.177.198 - - [06/Oct/2014:11:34:56 -0500] "GET /galeria/nivo-slider/themes/orman/orman.css HTTP/1.1" 200 2152
191.89.177.198 - - [06/Oct/2014:11:34:56 -0500] "GET /galeria/nivo-slider/nivo-slider.css HTTP/1.1" 200 1507
191.89.177.198 - - [06/Oct/2014:11:34:56 -0500] "GET /galeria/nivo-slider/themes/pascal/pascal.css HTTP/1.1" 200 2258
191.89.177.198 - - [06/Oct/2014:11:34:56 -0500] "GET /galeria/nivo-slider/demo/style.css HTTP/1.1" 200 2222
191.89.177.198 - - [06/Oct/2014:11:34:56 -0500] "GET /galeria/nivo-slider/demo/scripts/jquery-1.7.1.min.js HTTP/1.1" 200 93868
191.89.177.198 - - [06/Oct/2014:11:34:56 -0500] "GET /galeria/nivo-slider/jquery.nivo.slider.pack.js HTTP/1.1" 200 11561
191.89.177.198 - - [06/Oct/2014:11:34:56 -0500] "GET /galeria/nivo-slider/demo/images/banner-Animal.jpg HTTP/1.1" 200 257223
191.89.177.198 - - [06/Oct/2014:11:34:56 -0500] "GET /galeria/nivo-slider/demo/images/Tingua-azul.jpg HTTP/1.1" 200 307638
191.89.177.198 - - [06/Oct/2014:11:34:56 -0500] "GET /galeria/nivo-slider/demo/images/BannerIDRD1.png HTTP/1.1" 200 316313
191.89.177.198 - - [06/Oct/2014:11:34:56 -0500] "GET /galeria/nivo-slider/demo/images/Recilaton02.jpg HTTP/1.1" 200 82162
191.89.177.198 - - [06/Oct/2014:11:34:56 -0500] "GET /galeria/nivo-slider/demo/images/Banner-Caracol-Africano.jpg HTTP/1.1" 200 331986
191.89.177.198 - - [06/Oct/2014:11:34:56 -0500] "GET /galeria/nivo-slider/demo/images/banner_adopcion2.jpg HTTP/1.1" 200 136406
191.89.177.198 - - [06/Oct/2014:11:34:57 -0500] "GET /galeria/nivo-slider/demo/images/bannerEcolecta3.jpg HTTP/1.1" 200 280034
191.89.177.198 - - [06/Oct/2014:11:34:57 -0500] "GET /galeria/nivo-slider/demo/images/4Simple_Slider.png HTTP/1.1" 200 11722
191.89.177.198 - - [06/Oct/2014:11:34:57 -0500] "GET /galeria/nivo-slider/themes/default/loading.gif HTTP/1.1" 200 1737
191.89.177.198 - - [06/Oct/2014:11:34:57 -0500] "GET /galeria/nivo-slider/demo/images/9Signos.jpg HTTP/1.1" 200 93040
191.89.177.198 - - [06/Oct/2014:11:34:57 -0500] "GET /galeria/nivo-slider/demo/images/banner-encuesta.jpg HTTP/1.1" 200 42764
191.89.177.198 - - [06/Oct/2014:11:34:57 -0500] "GET /galeria/nivo-slider/demo/images/banner-llantas2.jpg HTTP/1.1" 200 73153
191.89.177.198 - - [06/Oct/2014:11:34:57 -0500] "GET /galeria/nivo-slider/demo/images/banner-caballos.png HTTP/1.1" 200 389106
191.89.177.198 - - [06/Oct/2014:11:34:57 -0500] "GET /galeria/nivo-slider/demo/images/ConstructorasFNL.jpg HTTP/1.1" 200 216551
191.89.177.198 - - [06/Oct/2014:11:34:58 -0500] "GET /galeria/nivo-slider/demo/images/Hacienda_Molinos.jpg HTTP/1.1" 200 319171
200.118.16.84 - - [06/Oct/2014:11:34:58 -0500] "POST /forms/lservlet;jsessionid=ac16012b30d5470ddfdbdf64482d91c59b3b6d080e2f.e3iSbxaKaheRe34Sa3yKbhiTahb0n6jAmljGr5XDqQLvpAe HTTP/1.1" 200 290
190.25.157.11 - - [06/Oct/2014:11:34:59 -0500] "POST /forms/lservlet;jsessionid=ac16012b30d5e1fa6fcef1a9487f9ffac623c769da53.e3iSbxaKaheRe34Sa3yKbhiTahb0n6jAmljGr5XDqQLvpAe HTTP/1.1" 200 2
191.89.177.198 - - [06/Oct/2014:11:34:59 -0500] "GET /galeria/nivo-slider/themes/default/arrows.png HTTP/1.1" 200 824
191.89.177.198 - - [06/Oct/2014:11:34:59 -0500] "GET /galeria/nivo-slider/themes/default/bullets.png HTTP/1.1" 200 1281
191.89.177.198 - - [06/Oct/2014:11:35:00 -0500] "GET /videos/PromoAnimal.flv HTTP/1.1" 200 3469924
201.245.192.253 - - [06/Oct/2014:11:32:00 -0500] "GET /ForestMSG_SDA/channelAsync/template_word_16628362?X-Atmosphere-tracking-id=bac54bc3-2f66-4345-af05-bbaec1f83c45&X-Atmosphere-Framework=1.0.5&X-Atmosphere-Transport=long-polling&tabid=0.14424352373420468&X-Cache-Date=0&Content-Type=application/xml&_=1412613311465 HTTP/1.1" 200 8193
200.118.16.84 - - [06/Oct/2014:11:35:01 -0500] "POST /forms/lservlet;jsessionid=ac16012b30d5470ddfdbdf64482d91c59b3b6d080e2f.e3iSbxaKaheRe34Sa3yKbhiTahb0n6jAmljGr5XDqQLvpAe HTTP/1.1" 200 362
186.28.67.106 - - [06/Oct/2014:11:35:04 -0500] "POST /forms/lservlet;jsessionid=ac16012b30d5c2e45a428de142678939d5dcf98f4db3.e3iSbxaKaheRe34Sa3yKbhiTahb0n6jAmljGr5XDqQLvpAe HTTP/1.1" 200 2
186.84.65.78 - - [06/Oct/2014:11:35:06 -0500] "POST /forms/lservlet;jsessionid=ac16012b30d5221ef17b809e4b538cec819ea364455c.e3iSbxaKaheRe34Sa3yKbhiTahb0n6jAmljGr5XDqQLvpAe HTTP/1.1" 200 2
200.118.16.84 - - [06/Oct/2014:11:35:07 -0500] "POST /forms/lservlet;jsessionid=ac16012b30d5470ddfdbdf64482d91c59b3b6d080e2f.e3iSbxaKaheRe34Sa3yKbhiTahb0n6jAmljGr5XDqQLvpAe HTTP/1.1" 200 32
200.118.16.84 - - [06/Oct/2014:11:35:09 -0500] "POST /forms/lservlet;jsessionid=ac16012b30d5470ddfdbdf64482d91c59b3b6d080e2f.e3iSbxaKaheRe34Sa3yKbhiTahb0n6jAmljGr5XDqQLvpAe HTTP/1.1" 200 8
200.118.16.84 - - [06/Oct/2014:11:35:10 -0500] "POST /forms/lservlet;jsessionid=ac16012b30d5470ddfdbdf64482d91c59b3b6d080e2f.e3iSbxaKaheRe34Sa3yKbhiTahb0n6jAmljGr5XDqQLvpAe HTTP/1.1" 200 2
181.50.66.247 - - [06/Oct/2014:11:35:12 -0500] "POST /forms/lservlet;jsessionid=ac16012b30d5cec85258819345c8a6ddfdaf7a74f4f2.e3iSbxaKaheRe34Sa3yKbhiTahb0n6jAmljGr5XDqQLvpAe HTTP/1.1" 200 2
200.118.16.84 - - [06/Oct/2014:11:35:13 -0500] "POST /forms/lservlet;jsessionid=ac16012b30d5470ddfdbdf64482d91c59b3b6d080e2f.e3iSbxaKaheRe34Sa3yKbhiTahb0n6jAmljGr5XDqQLvpAe HTTP/1.1" 200 7
200.118.16.84 - - [06/Oct/2014:11:35:15 -0500] "POST /forms/lservlet;jsessionid=ac16012b30d5470ddfdbdf64482d91c59b3b6d080e2f.e3iSbxaKaheRe34Sa3yKbhiTahb0n6jAmljGr5XDqQLvpAe HTTP/1.1" 200 32275
190.27.203.173 - - [06/Oct/2014:11:35:22 -0500] "GET /BLA/boletinlegal/js/jquery.js HTTP/1.1" 200 57254
190.27.203.173 - - [06/Oct/2014:11:35:22 -0500] "GET /BLA/boletinlegal/js/jquery.scrollTo-min.js HTTP/1.1" 200 1150
190.27.203.173 - - [06/Oct/2014:11:35:22 -0500] "GET /BLA/boletinlegal/js/jquery.scrollShow.js HTTP/1.1" 200 4586
201.245.192.253 - - [06/Oct/2014:11:35:23 -0500] "GET /videos/Video_ServidorMesRespons.flv HTTP/1.1" 200 40732342
200.118.16.84 - - [06/Oct/2014:11:35:24 -0500] "POST /forms/lservlet;jsessionid=ac16012b30d5470ddfdbdf64482d91c59b3b6d080e2f.e3iSbxaKaheRe34Sa3yKbhiTahb0n6jAmljGr5XDqQLvpAe HTTP/1.1" 200 9
181.130.94.156 - - [06/Oct/2014:11:35:26 -0500] "GET /BLA/boletinlegal/js/jquery.scrollTo-min.js HTTP/1.1" 200 1150
181.130.94.156 - - [06/Oct/2014:11:35:26 -0500] "GET /BLA/boletinlegal/js/jquery.scrollShow.js HTTP/1.1" 200 4586
181.130.94.156 - - [06/Oct/2014:11:35:26 -0500] "GET /BLA/boletinlegal/js/jquery.js HTTP/1.1" 200 57254
181.130.94.156 - - [06/Oct/2014:11:35:26 -0500] "GET /galeria/carrusel/Carrusel/jquery.thumbnailScroller.css HTTP/1.1" 200 2066
181.130.94.156 - - [06/Oct/2014:11:35:26 -0500] "GET /galeria/carrusel/Carrusel/jquery-ui-1.8.13.custom.min.js HTTP/1.1" 200 10800
200.118.16.84 - - [06/Oct/2014:11:35:27 -0500] "POST /forms/lservlet;jsessionid=ac16012b30d5470ddfdbdf64482d91c59b3b6d080e2f.e3iSbxaKaheRe34Sa3yKbhiTahb0n6jAmljGr5XDqQLvpAe HTTP/1.1" 200 2
181.130.94.156 - - [06/Oct/2014:11:35:27 -0500] "GET /galeria/carrusel/Carrusel/jquery.thumbnailScroller.js HTTP/1.1" 200 8157
200.118.16.84 - - [06/Oct/2014:11:35:27 -0500] "POST /forms/lservlet;jsessionid=ac16012b30d5470ddfdbdf64482d91c59b3b6d080e2f.e3iSbxaKaheRe34Sa3yKbhiTahb0n6jAmljGr5XDqQLvpAe HTTP/1.1" 200 2
181.130.94.156 - - [06/Oct/2014:11:35:28 -0500] "GET /galeria/nivo-slider/demo/demo.html HTTP/1.1" 200 3617
181.130.94.156 - - [06/Oct/2014:11:35:28 -0500] "GET /galeria/nivo-slider/themes/pascal/pascal.css HTTP/1.1" 200 2258
181.130.94.156 - - [06/Oct/2014:11:35:28 -0500] "GET /galeria/nivo-slider/themes/default/default.css HTTP/1.1" 200 1569
181.130.94.156 - - [06/Oct/2014:11:35:28 -0500] "GET /galeria/nivo-slider/themes/orman/orman.css HTTP/1.1" 200 2152
181.130.94.156 - - [06/Oct/2014:11:35:28 -0500] "GET /galeria/nivo-slider/nivo-slider.css HTTP/1.1" 200 1507
181.130.94.156 - - [06/Oct/2014:11:35:28 -0500] "GET /galeria/nivo-slider/demo/style.css HTTP/1.1" 200 2222
181.130.94.156 - - [06/Oct/2014:11:35:28 -0500] "GET /galeria/nivo-slider/demo/scripts/jquery-1.7.1.min.js HTTP/1.1" 200 93868
181.130.94.156 - - [06/Oct/2014:11:35:28 -0500] "GET /galeria/nivo-slider/jquery.nivo.slider.pack.js HTTP/1.1" 200 11561
181.130.94.156 - - [06/Oct/2014:11:35:28 -0500] "GET /galeria/nivo-slider/demo/images/banner-Animal.jpg HTTP/1.1" 200 257223
181.130.94.156 - - [06/Oct/2014:11:35:28 -0500] "GET /galeria/nivo-slider/demo/images/Tingua-azul.jpg HTTP/1.1" 200 307638
181.130.94.156 - - [06/Oct/2014:11:35:28 -0500] "GET /galeria/nivo-slider/demo/images/BannerIDRD1.png HTTP/1.1" 200 316313
181.130.94.156 - - [06/Oct/2014:11:35:29 -0500] "GET /galeria/nivo-slider/demo/images/Recilaton02.jpg HTTP/1.1" 200 82162
181.130.94.156 - - [06/Oct/2014:11:35:29 -0500] "GET /galeria/nivo-slider/demo/images/Banner-Caracol-Africano.jpg HTTP/1.1" 200 331986
181.130.94.156 - - [06/Oct/2014:11:35:29 -0500] "GET /galeria/nivo-slider/demo/images/banner_adopcion2.jpg HTTP/1.1" 200 136406
181.130.94.156 - - [06/Oct/2014:11:35:29 -0500] "GET /galeria/nivo-slider/demo/images/4Simple_Slider.png HTTP/1.1" 200 11722
190.25.157.11 - - [06/Oct/2014:11:35:30 -0500] "POST /forms/lservlet;jsessionid=ac16012b30d5960347ea27bd4710beffe333ee66d5a8.e3iSbxaKaheRe34Sa3yKbhiTahb0n6jAmljGr5XDqQLvpAe HTTP/1.1" 200 2
181.130.94.156 - - [06/Oct/2014:11:35:30 -0500] "GET /galeria/nivo-slider/themes/default/loading.gif HTTP/1.1" 200 1737
181.130.94.156 - - [06/Oct/2014:11:35:30 -0500] "GET /galeria/nivo-slider/demo/images/bannerEcolecta3.jpg HTTP/1.1" 200 280034
181.130.94.156 - - [06/Oct/2014:11:35:31 -0500] "GET /galeria/nivo-slider/demo/images/9Signos.jpg HTTP/1.1" 200 93040
181.130.94.156 - - [06/Oct/2014:11:35:31 -0500] "GET /galeria/nivo-slider/demo/images/banner-encuesta.jpg HTTP/1.1" 200 42764
181.130.94.156 - - [06/Oct/2014:11:35:31 -0500] "GET /galeria/nivo-slider/demo/images/banner-llantas2.jpg HTTP/1.1" 200 73153
181.130.94.156 - - [06/Oct/2014:11:35:31 -0500] "GET /galeria/nivo-slider/demo/images/banner-caballos.png HTTP/1.1" 200 389106
181.130.94.156 - - [06/Oct/2014:11:35:31 -0500] "GET /galeria/nivo-slider/demo/images/ConstructorasFNL.jpg HTTP/1.1" 200 216551
181.130.94.156 - - [06/Oct/2014:11:35:32 -0500] "GET /galeria/nivo-slider/demo/images/Hacienda_Molinos.jpg HTTP/1.1" 200 319171
181.136.113.96 - - [06/Oct/2014:11:35:32 -0500] "GET /BLA/resoluciones/RESOLUCIONES%202010/5279.pdf HTTP/1.1" 206 327855
181.136.113.96 - - [06/Oct/2014:11:35:32 -0500] "GET /BLA/resoluciones/RESOLUCIONES%202010/5279.pdf HTTP/1.1" 206 307751
181.136.113.96 - - [06/Oct/2014:11:35:33 -0500] "GET /favicon.ico HTTP/1.1" 200 7782
200.118.16.84 - - [06/Oct/2014:11:35:33 -0500] "POST /forms/lservlet;jsessionid=ac16012b30d5470ddfdbdf64482d91c59b3b6d080e2f.e3iSbxaKaheRe34Sa3yKbhiTahb0n6jAmljGr5XDqQLvpAe HTTP/1.1" 200 2
200.118.16.84 - - [06/Oct/2014:11:35:34 -0500] "POST /forms/lservlet;jsessionid=ac16012b30d5470ddfdbdf64482d91c59b3b6d080e2f.e3iSbxaKaheRe34Sa3yKbhiTahb0n6jAmljGr5XDqQLvpAe HTTP/1.1" 200 33
181.130.94.156 - - [06/Oct/2014:11:35:34 -0500] "GET /galeria/nivo-slider/themes/default/arrows.png HTTP/1.1" 200 824
181.130.94.156 - - [06/Oct/2014:11:35:34 -0500] "GET /galeria/nivo-slider/themes/default/bullets.png HTTP/1.1" 200 1281
200.118.16.84 - - [06/Oct/2014:11:35:34 -0500] "POST /forms/lservlet;jsessionid=ac16012b30d5470ddfdbdf64482d91c59b3b6d080e2f.e3iSbxaKaheRe34Sa3yKbhiTahb0n6jAmljGr5XDqQLvpAe HTTP/1.1" 200 9
181.130.94.156 - - [06/Oct/2014:11:35:34 -0500] "GET /videos/PromoAnimal.flv HTTP/1.1" 200 3469924
190.60.205.2 - - [06/Oct/2014:11:35:36 -0500] "GET /BLA/boletinlegal/js/jquery.js HTTP/1.1" 200 57254
190.60.205.2 - - [06/Oct/2014:11:35:36 -0500] "GET /galeria/carrusel/Carrusel/jquery.thumbnailScroller.css HTTP/1.1" 200 2066
190.60.205.2 - - [06/Oct/2014:11:35:36 -0500] "GET /BLA/boletinlegal/js/jquery.scrollShow.js HTTP/1.1" 200 4586
190.60.205.2 - - [06/Oct/2014:11:35:36 -0500] "GET /galeria/carrusel/Carrusel/jquery.thumbnailScroller.js HTTP/1.1" 200 8157
190.60.205.2 - - [06/Oct/2014:11:35:36 -0500] "GET /BLA/boletinlegal/js/jquery.scrollTo-min.js HTTP/1.1" 200 1150
190.60.205.2 - - [06/Oct/2014:11:35:36 -0500] "GET /galeria/carrusel/Carrusel/jquery-ui-1.8.13.custom.min.js HTTP/1.1" 200 10800
200.118.16.84 - - [06/Oct/2014:11:35:37 -0500] "POST /forms/lservlet;jsessionid=ac16012b30d5470ddfdbdf64482d91c59b3b6d080e2f.e3iSbxaKaheRe34Sa3yKbhiTahb0n6jAmljGr5XDqQLvpAe HTTP/1.1" 200 82
200.118.16.84 - - [06/Oct/2014:11:35:37 -0500] "POST /forms/lservlet;jsessionid=ac16012b30d5470ddfdbdf64482d91c59b3b6d080e2f.e3iSbxaKaheRe34Sa3yKbhiTahb0n6jAmljGr5XDqQLvpAe HTTP/1.1" 200 10
200.118.16.84 - - [06/Oct/2014:11:35:37 -0500] "POST /forms/lservlet;jsessionid=ac16012b30d5470ddfdbdf64482d91c59b3b6d080e2f.e3iSbxaKaheRe34Sa3yKbhiTahb0n6jAmljGr5XDqQLvpAe HTTP/1.1" 200 2
200.118.16.84 - - [06/Oct/2014:11:35:38 -0500] "POST /forms/lservlet;jsessionid=ac16012b30d5470ddfdbdf64482d91c59b3b6d080e2f.e3iSbxaKaheRe34Sa3yKbhiTahb0n6jAmljGr5XDqQLvpAe HTTP/1.1" 200 147
200.118.16.84 - - [06/Oct/2014:11:35:41 -0500] "POST /forms/lservlet;jsessionid=ac16012b30d5470ddfdbdf64482d91c59b3b6d080e2f.e3iSbxaKaheRe34Sa3yKbhiTahb0n6jAmljGr5XDqQLvpAe HTTP/1.1" 200 2
200.118.16.84 - - [06/Oct/2014:11:35:41 -0500] "POST /forms/lservlet;jsessionid=ac16012b30d5470ddfdbdf64482d91c59b3b6d080e2f.e3iSbxaKaheRe34Sa3yKbhiTahb0n6jAmljGr5XDqQLvpAe HTTP/1.1" 200 256
200.118.16.84 - - [06/Oct/2014:11:35:41 -0500] "POST /forms/lservlet;jsessionid=ac16012b30d5470ddfdbdf64482d91c59b3b6d080e2f.e3iSbxaKaheRe34Sa3yKbhiTahb0n6jAmljGr5XDqQLvpAe HTTP/1.1" 200 2
190.60.205.2 - - [06/Oct/2014:11:35:41 -0500] "GET /galeria/nivo-slider/demo/demo.html HTTP/1.1" 200 3617
200.118.16.84 - - [06/Oct/2014:11:35:42 -0500] "POST /forms/lservlet;jsessionid=ac16012b30d5470ddfdbdf64482d91c59b3b6d080e2f.e3iSbxaKaheRe34Sa3yKbhiTahb0n6jAmljGr5XDqQLvpAe HTTP/1.1" 200 2
200.118.16.84 - - [06/Oct/2014:11:35:42 -0500] "POST /forms/lservlet;jsessionid=ac16012b30d5470ddfdbdf64482d91c59b3b6d080e2f.e3iSbxaKaheRe34Sa3yKbhiTahb0n6jAmljGr5XDqQLvpAe HTTP/1.1" 200 258
190.60.205.2 - - [06/Oct/2014:11:35:43 -0500] "GET /galeria/nivo-slider/themes/default/default.css HTTP/1.1" 200 1569
190.60.205.2 - - [06/Oct/2014:11:35:43 -0500] "GET /galeria/nivo-slider/themes/pascal/pascal.css HTTP/1.1" 200 2258
190.60.205.2 - - [06/Oct/2014:11:35:43 -0500] "GET /galeria/nivo-slider/themes/orman/orman.css HTTP/1.1" 200 2152
190.60.205.2 - - [06/Oct/2014:11:35:43 -0500] "GET /galeria/nivo-slider/demo/style.css HTTP/1.1" 200 2222
190.60.205.2 - - [06/Oct/2014:11:35:43 -0500] "GET /galeria/nivo-slider/nivo-slider.css HTTP/1.1" 200 1507
190.60.205.2 - - [06/Oct/2014:11:35:43 -0500] "GET /galeria/nivo-slider/demo/images/Tingua-azul.jpg HTTP/1.1" 200 307638
190.60.205.2 - - [06/Oct/2014:11:35:43 -0500] "GET /galeria/nivo-slider/demo/images/BannerIDRD1.png HTTP/1.1" 200 316313
190.60.205.2 - - [06/Oct/2014:11:35:43 -0500] "GET /galeria/nivo-slider/demo/images/Recilaton02.jpg HTTP/1.1" 200 82162
190.60.205.2 - - [06/Oct/2014:11:35:43 -0500] "GET /galeria/nivo-slider/demo/images/Banner-Caracol-Africano.jpg HTTP/1.1" 200 331986
190.60.205.2 - - [06/Oct/2014:11:35:43 -0500] "GET /galeria/nivo-slider/demo/images/banner-Animal.jpg HTTP/1.1" 200 257223
190.60.205.2 - - [06/Oct/2014:11:35:43 -0500] "GET /galeria/nivo-slider/demo/images/banner_adopcion2.jpg HTTP/1.1" 200 136406
190.60.205.2 - - [06/Oct/2014:11:35:43 -0500] "GET /galeria/nivo-slider/demo/images/bannerEcolecta3.jpg HTTP/1.1" 200 280034
200.118.16.84 - - [06/Oct/2014:11:35:43 -0500] "POST /forms/lservlet;jsessionid=ac16012b30d5470ddfdbdf64482d91c59b3b6d080e2f.e3iSbxaKaheRe34Sa3yKbhiTahb0n6jAmljGr5XDqQLvpAe HTTP/1.1" 200 2
190.60.205.2 - - [06/Oct/2014:11:35:43 -0500] "GET /galeria/nivo-slider/demo/images/9Signos.jpg HTTP/1.1" 200 93040
200.118.16.84 - - [06/Oct/2014:11:35:43 -0500] "POST /forms/lservlet;jsessionid=ac16012b30d5470ddfdbdf64482d91c59b3b6d080e2f.e3iSbxaKaheRe34Sa3yKbhiTahb0n6jAmljGr5XDqQLvpAe HTTP/1.1" 200 83
190.60.205.2 - - [06/Oct/2014:11:35:43 -0500] "GET /galeria/nivo-slider/demo/images/banner-encuesta.jpg HTTP/1.1" 200 42764
200.118.16.84 - - [06/Oct/2014:11:35:44 -0500] "POST /forms/lservlet;jsessionid=ac16012b30d5470ddfdbdf64482d91c59b3b6d080e2f.e3iSbxaKaheRe34Sa3yKbhiTahb0n6jAmljGr5XDqQLvpAe HTTP/1.1" 200 2
190.60.205.2 - - [06/Oct/2014:11:35:44 -0500] "GET /galeria/nivo-slider/demo/images/banner-llantas2.jpg HTTP/1.1" 200 73153
190.60.205.2 - - [06/Oct/2014:11:35:44 -0500] "GET /galeria/nivo-slider/demo/images/banner-caballos.png HTTP/1.1" 200 389106
190.60.205.2 - - [06/Oct/2014:11:35:44 -0500] "GET /galeria/nivo-slider/demo/images/ConstructorasFNL.jpg HTTP/1.1" 200 216551
200.118.16.84 - - [06/Oct/2014:11:35:44 -0500] "POST /forms/lservlet;jsessionid=ac16012b30d5470ddfdbdf64482d91c59b3b6d080e2f.e3iSbxaKaheRe34Sa3yKbhiTahb0n6jAmljGr5XDqQLvpAe HTTP/1.1" 200 2142
200.118.16.84 - - [06/Oct/2014:11:35:45 -0500] "POST /forms/lservlet;jsessionid=ac16012b30d5470ddfdbdf64482d91c59b3b6d080e2f.e3iSbxaKaheRe34Sa3yKbhiTahb0n6jAmljGr5XDqQLvpAe HTTP/1.1" 200 2
200.118.16.84 - - [06/Oct/2014:11:35:45 -0500] "POST /forms/lservlet;jsessionid=ac16012b30d5470ddfdbdf64482d91c59b3b6d080e2f.e3iSbxaKaheRe34Sa3yKbhiTahb0n6jAmljGr5XDqQLvpAe HTTP/1.1" 200 2
190.60.205.2 - - [06/Oct/2014:11:35:45 -0500] "GET /galeria/nivo-slider/demo/images/Hacienda_Molinos.jpg HTTP/1.1" 200 319171
190.60.205.2 - - [06/Oct/2014:11:35:45 -0500] "GET /galeria/nivo-slider/jquery.nivo.slider.pack.js HTTP/1.1" 200 11561
190.60.205.2 - - [06/Oct/2014:11:35:45 -0500] "GET /galeria/nivo-slider/demo/images/4Simple_Slider.png HTTP/1.1" 200 11722
190.60.205.2 - - [06/Oct/2014:11:35:45 -0500] "GET /galeria/nivo-slider/demo/scripts/jquery-1.7.1.min.js HTTP/1.1" 200 93868
190.60.205.2 - - [06/Oct/2014:11:35:45 -0500] "GET /galeria/nivo-slider/themes/default/loading.gif HTTP/1.1" 200 1737
190.60.205.2 - - [06/Oct/2014:11:35:46 -0500] "GET /galeria/nivo-slider/themes/default/arrows.png HTTP/1.1" 200 824
190.60.205.2 - - [06/Oct/2014:11:35:46 -0500] "GET /galeria/nivo-slider/themes/default/bullets.png HTTP/1.1" 200 1281
200.118.16.84 - - [06/Oct/2014:11:35:46 -0500] "POST /forms/lservlet;jsessionid=ac16012b30d5470ddfdbdf64482d91c59b3b6d080e2f.e3iSbxaKaheRe34Sa3yKbhiTahb0n6jAmljGr5XDqQLvpAe HTTP/1.1" 200 2
190.60.205.2 - - [06/Oct/2014:11:35:48 -0500] "GET /videos/PromoAnimal.flv HTTP/1.1" 200 3469924
200.118.16.84 - - [06/Oct/2014:11:35:49 -0500] "POST /forms/lservlet;jsessionid=ac16012b30d5470ddfdbdf64482d91c59b3b6d080e2f.e3iSbxaKaheRe34Sa3yKbhiTahb0n6jAmljGr5XDqQLvpAe HTTP/1.1" 200 8
200.118.16.84 - - [06/Oct/2014:11:35:49 -0500] "POST /forms/lservlet;jsessionid=ac16012b30d5470ddfdbdf64482d91c59b3b6d080e2f.e3iSbxaKaheRe34Sa3yKbhiTahb0n6jAmljGr5XDqQLvpAe HTTP/1.1" 200 2
201.245.192.253 - - [06/Oct/2014:11:35:50 -0500] "GET /forest/session.jsp?a=0.5777634589467198 HTTP/1.1" 200 4
200.118.16.84 - - [06/Oct/2014:11:35:50 -0500] "POST /forms/lservlet;jsessionid=ac16012b30d5470ddfdbdf64482d91c59b3b6d080e2f.e3iSbxaKaheRe34Sa3yKbhiTahb0n6jAmljGr5XDqQLvpAe HTTP/1.1" 200 131
200.118.16.84 - - [06/Oct/2014:11:35:50 -0500] "POST /forms/lservlet;jsessionid=ac16012b30d5470ddfdbdf64482d91c59b3b6d080e2f.e3iSbxaKaheRe34Sa3yKbhiTahb0n6jAmljGr5XDqQLvpAe HTTP/1.1" 200 8
200.118.16.84 - - [06/Oct/2014:11:35:50 -0500] "POST /forms/lservlet;jsessionid=ac16012b30d5470ddfdbdf64482d91c59b3b6d080e2f.e3iSbxaKaheRe34Sa3yKbhiTahb0n6jAmljGr5XDqQLvpAe HTTP/1.1" 200 2
201.245.192.253 - - [06/Oct/2014:11:35:50 -0500] "POST /forms/lservlet;jsessionid=ac16012b30d5777c05f5669a4ee6bc2deeee262aac04.e3iSbxaKaheRe34Sa3yKbhiTahb0n6jAmljGr5XDqQLvpAe HTTP/1.1" 200 2
