181.50.241.109 - - [13/Oct/2014:15:36:11 -0500] "POST /forms/lservlet;jsessionid=ac16012b30d5ef0ddec341ff4d19b176968ffe5d9592.e3iSbxaKaheRe34Sa3yKbhiTahb0n6jAmljGr5XDqQLvpAe HTTP/1.1" 200 7
181.50.241.109 - - [13/Oct/2014:15:36:11 -0500] "POST /forms/lservlet;jsessionid=ac16012b30d5ef0ddec341ff4d19b176968ffe5d9592.e3iSbxaKaheRe34Sa3yKbhiTahb0n6jAmljGr5XDqQLvpAe HTTP/1.1" 200 34
181.50.241.109 - - [13/Oct/2014:15:36:11 -0500] "POST /forms/lservlet;jsessionid=ac16012b30d5ef0ddec341ff4d19b176968ffe5d9592.e3iSbxaKaheRe34Sa3yKbhiTahb0n6jAmljGr5XDqQLvpAe HTTP/1.1" 200 2
181.50.241.109 - - [13/Oct/2014:15:36:13 -0500] "POST /forms/lservlet;jsessionid=ac16012b30d5ef0ddec341ff4d19b176968ffe5d9592.e3iSbxaKaheRe34Sa3yKbhiTahb0n6jAmljGr5XDqQLvpAe HTTP/1.1" 200 2
181.50.241.109 - - [13/Oct/2014:15:36:13 -0500] "POST /forms/lservlet;jsessionid=ac16012b30d5ef0ddec341ff4d19b176968ffe5d9592.e3iSbxaKaheRe34Sa3yKbhiTahb0n6jAmljGr5XDqQLvpAe HTTP/1.1" 200 699
181.50.241.109 - - [13/Oct/2014:15:36:13 -0500] "GET /imagenes/Srch_frw.gif HTTP/1.1" 200 925
181.50.241.109 - - [13/Oct/2014:15:36:13 -0500] "POST /forms/lservlet;jsessionid=ac16012b30d5ef0ddec341ff4d19b176968ffe5d9592.e3iSbxaKaheRe34Sa3yKbhiTahb0n6jAmljGr5XDqQLvpAe HTTP/1.1" 200 10
181.50.241.109 - - [13/Oct/2014:15:36:13 -0500] "POST /forms/lservlet;jsessionid=ac16012b30d5ef0ddec341ff4d19b176968ffe5d9592.e3iSbxaKaheRe34Sa3yKbhiTahb0n6jAmljGr5XDqQLvpAe HTTP/1.1" 200 2
181.50.241.109 - - [13/Oct/2014:15:36:13 -0500] "POST /forms/lservlet;jsessionid=ac16012b30d5ef0ddec341ff4d19b176968ffe5d9592.e3iSbxaKaheRe34Sa3yKbhiTahb0n6jAmljGr5XDqQLvpAe HTTP/1.1" 200 227
181.50.241.109 - - [13/Oct/2014:15:36:14 -0500] "POST /forms/lservlet;jsessionid=ac16012b30d5ef0ddec341ff4d19b176968ffe5d9592.e3iSbxaKaheRe34Sa3yKbhiTahb0n6jAmljGr5XDqQLvpAe HTTP/1.1" 200 10
186.115.169.71 - - [13/Oct/2014:15:36:19 -0500] "GET /sia/xmlhttp/blank.iface HTTP/1.1" 200 28
186.115.169.71 - - [13/Oct/2014:15:36:19 -0500] "GET /sia/visor/publico/principalGaleriaMapas.jspx HTTP/1.1" 200 20220
186.115.169.71 - - [13/Oct/2014:15:36:23 -0500] "POST /sia/block/receive-send-updates HTTP/1.1" 200 28727
186.115.169.71 - - [13/Oct/2014:15:36:23 -0500] "GET /sia/xmlhttp/blank.iface HTTP/1.1" 200 28
186.115.169.71 - - [13/Oct/2014:15:36:23 -0500] "GET /sia/images/galeria/arb_eval.jpg HTTP/1.1" 200 58709
186.115.169.71 - - [13/Oct/2014:15:36:26 -0500] "POST /sia/block/receive-send-updates HTTP/1.1" 200 1
186.115.169.71 - - [13/Oct/2014:15:36:26 -0500] "GET /sia/visor/publico/principalMapaGaleriaMapas.jspx HTTP/1.1" 200 7021
186.115.169.71 - - [13/Oct/2014:15:36:26 -0500] "GET /sia/css/adicional.css HTTP/1.1" 404 145
186.115.169.71 - - [13/Oct/2014:15:36:26 -0500] "GET /sia/xmlhttp/blank.iface HTTP/1.1" 200 28
186.115.169.71 - - [13/Oct/2014:15:36:26 -0500] "GET /visorSDA/?requestType=loadService&nombreRecurso=Arboles_Evaluados&alias=Arboles%20Evaluados&nombreObjetoServidor=SDA/Arboles_Evaluados&host=172.22.1.51&dominioUsuario=*&nombreUsuario=arcgismanager&passwordUsuario=manager&posicion=0&limpiarServicio=SI&mapName=Arboles%20Evaluados HTTP/1.1" 200 2490
180.76.5.194 - - [13/Oct/2014:15:36:27 -0500] "GET /BLA/resoluciones/RESOLUCIONES%202010/1146.pdf HTTP/1.1" 200 93279
74.86.158.107 - - [13/Oct/2014:15:36:28 -0500] "HEAD / HTTP/1.1" 302 -
66.249.79.67 - - [13/Oct/2014:15:36:31 -0500] "GET /BLA/resoluciones/RESOLUCIONES%202007/RES%202007%201001%20AL%201100/RESOLUCION%201021%20DE%202007.pdf HTTP/1.1" 304 -
190.25.77.189 - - [13/Oct/2014:15:36:34 -0500] "GET /BLA/boletinlegal/js/jquery.js HTTP/1.1" 200 57254
190.25.77.189 - - [13/Oct/2014:15:36:34 -0500] "GET /BLA/boletinlegal/js/jquery.scrollTo-min.js HTTP/1.1" 200 1150
190.25.77.189 - - [13/Oct/2014:15:36:34 -0500] "GET /BLA/boletinlegal/js/jquery.scrollShow.js HTTP/1.1" 200 4586
186.115.169.71 - - [13/Oct/2014:15:36:51 -0500] "GET /visorSDA/mapviewerSIA.jsf?width=968&height=490&requestType=loadService&nombreRecurso=Arboles_Evaluados&alias=Arboles%20Evaluados&nombreObjetoServidor=SDA/Arboles_Evaluados&host=172.22.1.51&dominioUsuario=*&nombreUsuario=arcgismanager&passwordUsuario=manager&posicion=0&limpiarServicio=SI&mapName=Arboles%20Evaluados HTTP/1.1" 200 47117
186.115.169.71 - - [13/Oct/2014:15:36:52 -0500] "POST /visorSDA/mapviewerSIA.jsf;jsessionid=ac16012b22b809cb7952df484b59a418bb68aa69291d.e34Lc3uRbN4Oc40Mai0 HTTP/1.1" 200 82
186.115.169.71 - - [13/Oct/2014:15:36:52 -0500] "GET /visorSDA/mimedata;jsessionid=ac16012b22b809cb7952df484b59a418bb68aa69291d?wname=esriWebSession&id=map20982950&uniqueId=812 HTTP/1.1" 200 5181
66.249.79.83 - - [13/Oct/2014:15:36:52 -0500] "GET /BLA/resoluciones/RESOLUCIONES%202007/RES%202007%202201%20AL%202300/RESOLUCION%202222%20DE%202007.pdf HTTP/1.1" 304 -
186.115.169.71 - - [13/Oct/2014:15:36:52 -0500] "POST /visorSDA/mapviewerSIA.jsf;jsessionid=ac16012b22b809cb7952df484b59a418bb68aa69291d.e34Lc3uRbN4Oc40Mai0 HTTP/1.1" 200 82
186.115.169.71 - - [13/Oct/2014:15:36:52 -0500] "GET /visorSDA/mimedata;jsessionid=ac16012b22b809cb7952df484b59a418bb68aa69291d?wname=esriWebSession&id=mime19366915&uniqueId=808 HTTP/1.1" 200 146
186.115.169.71 - - [13/Oct/2014:15:36:52 -0500] "GET /visorSDA/mimedata;jsessionid=ac16012b22b809cb7952df484b59a418bb68aa69291d?wname=esriWebSession&id=overview3360494&uniqueId=810 HTTP/1.1" 200 1332
186.115.169.71 - - [13/Oct/2014:15:36:52 -0500] "GET /visorSDA/mapviewerSIA.jsf;jsessionid=ac16012b22b809cb7952df484b59a418bb68aa69291d.e34Lc3uRbN4Oc40Mai0?formId=mapForm&mapId=map1&width=968&height=490&requestType=loadService&nombreRecurso=Arboles_Evaluados&alias=Arboles%20Evaluados&nombreObjetoServidor=SDA/Arboles_Evaluados&host=172.22.1.51&dominioUsuario=*&nombreUsuario=arcgismanager&passwordUsuario=manager&posicion=0&limpiarServicio=SI&mapName=Arboles%20Evaluados HTTP/1.1" 200 7249
186.115.169.71 - - [13/Oct/2014:15:36:55 -0500] "POST /visorSDA/mapviewerSIA.jsf;jsessionid=ac16012b22b809cb7952df484b59a418bb68aa69291d.e34Lc3uRbN4Oc40Mai0 HTTP/1.1" 200 82
186.115.169.71 - - [13/Oct/2014:15:36:55 -0500] "GET /visorSDA/mimedata;jsessionid=ac16012b22b809cb7952df484b59a418bb68aa69291d?wname=esriWebSession&id=map20982950&uniqueId=813 HTTP/1.1" 200 6339
186.115.169.71 - - [13/Oct/2014:15:36:55 -0500] "GET /visorSDA/mapviewerSIA.jsf;jsessionid=ac16012b22b809cb7952df484b59a418bb68aa69291d.e34Lc3uRbN4Oc40Mai0?formId=mapForm&mapId=map1&requestType=generarConsultarTemas HTTP/1.1" 200 890
186.115.169.71 - - [13/Oct/2014:15:36:55 -0500] "GET /visorSDA/mapviewerSIA.jsf;jsessionid=ac16012b22b809cb7952df484b59a418bb68aa69291d.e34Lc3uRbN4Oc40Mai0?formId=mapForm&mapId=map1&requestType=initializeTree HTTP/1.1" 200 718
180.76.6.60 - - [13/Oct/2014:15:36:57 -0500] "GET /BLA/resoluciones/RESOLUCIONES%202012/1725.pdf HTTP/1.1" 200 1164703
186.115.169.71 - - [13/Oct/2014:15:36:57 -0500] "POST /visorSDA/mapviewerSIA.jsf;jsessionid=ac16012b22b809cb7952df484b59a418bb68aa69291d.e34Lc3uRbN4Oc40Mai0 HTTP/1.1" 200 467
186.115.169.71 - - [13/Oct/2014:15:36:57 -0500] "POST /visorSDA/mapviewerSIA.jsf;jsessionid=ac16012b22b809cb7952df484b59a418bb68aa69291d.e34Lc3uRbN4Oc40Mai0 HTTP/1.1" 200 82
186.81.171.179 - - [13/Oct/2014:15:37:01 -0500] "GET /galeria/carrusel/Carrusel/jquery.thumbnailScroller.css HTTP/1.1" 200 2066
186.81.171.179 - - [13/Oct/2014:15:37:01 -0500] "GET /BLA/boletinlegal/js/jquery.js HTTP/1.1" 200 57254
186.81.171.179 - - [13/Oct/2014:15:37:01 -0500] "GET /BLA/boletinlegal/js/jquery.scrollTo-min.js HTTP/1.1" 200 1150
186.81.171.179 - - [13/Oct/2014:15:37:01 -0500] "GET /BLA/boletinlegal/js/jquery.scrollShow.js HTTP/1.1" 200 4586
186.81.171.179 - - [13/Oct/2014:15:37:01 -0500] "GET /galeria/carrusel/Carrusel/jquery-ui-1.8.13.custom.min.js HTTP/1.1" 200 10800
186.81.171.179 - - [13/Oct/2014:15:37:01 -0500] "GET /galeria/carrusel/Carrusel/jquery.thumbnailScroller.js HTTP/1.1" 200 8157
186.81.171.179 - - [13/Oct/2014:15:37:04 -0500] "GET /galeria/nivo-slider/demo/demo.html HTTP/1.1" 200 3315
186.81.171.179 - - [13/Oct/2014:15:37:04 -0500] "GET /galeria/nivo-slider/themes/default/default.css HTTP/1.1" 200 1569
186.81.171.179 - - [13/Oct/2014:15:37:04 -0500] "GET /galeria/nivo-slider/themes/pascal/pascal.css HTTP/1.1" 200 2258
186.81.171.179 - - [13/Oct/2014:15:37:04 -0500] "GET /galeria/nivo-slider/themes/orman/orman.css HTTP/1.1" 200 2152
186.81.171.179 - - [13/Oct/2014:15:37:04 -0500] "GET /galeria/nivo-slider/nivo-slider.css HTTP/1.1" 200 1507
186.81.171.179 - - [13/Oct/2014:15:37:04 -0500] "GET /galeria/nivo-slider/demo/style.css HTTP/1.1" 200 2222
186.81.171.179 - - [13/Oct/2014:15:37:04 -0500] "GET /galeria/nivo-slider/demo/scripts/jquery-1.7.1.min.js HTTP/1.1" 200 93868
186.81.171.179 - - [13/Oct/2014:15:37:05 -0500] "GET /galeria/nivo-slider/jquery.nivo.slider.pack.js HTTP/1.1" 200 11561
186.81.171.179 - - [13/Oct/2014:15:37:05 -0500] "GET /galeria/nivo-slider/demo/images/4Simple_Slider.png HTTP/1.1" 200 11722
186.81.171.179 - - [13/Oct/2014:15:37:05 -0500] "GET /galeria/nivo-slider/themes/default/loading.gif HTTP/1.1" 200 1737
186.81.171.179 - - [13/Oct/2014:15:37:06 -0500] "GET /galeria/nivo-slider/demo/images/EncuentroAgua1.jpg HTTP/1.1" 200 274179
186.81.171.179 - - [13/Oct/2014:15:37:07 -0500] "GET /galeria/nivo-slider/demo/images/banner-Animal.jpg HTTP/1.1" 200 257223
186.81.171.179 - - [13/Oct/2014:15:37:07 -0500] "GET /galeria/nivo-slider/demo/images/Tingua-azul.jpg HTTP/1.1" 200 307638
186.81.171.179 - - [13/Oct/2014:15:37:07 -0500] "GET /galeria/nivo-slider/demo/images/Banner-Caracol-Africano.jpg HTTP/1.1" 200 331986
186.81.171.179 - - [13/Oct/2014:15:37:07 -0500] "GET /galeria/nivo-slider/demo/images/9Signos.jpg HTTP/1.1" 200 93040
66.249.79.75 - - [13/Oct/2014:15:37:13 -0500] "GET /BLA/resoluciones/RESOLUCIONES%202011/3812.pdf HTTP/1.1" 200 499071
186.81.171.179 - - [13/Oct/2014:15:37:16 -0500] "GET /galeria/nivo-slider/demo/images/banner-encuesta.jpg HTTP/1.1" 200 42764
186.81.171.179 - - [13/Oct/2014:15:37:18 -0500] "GET /galeria/nivo-slider/demo/images/banner-llantas2.jpg HTTP/1.1" 200 73153
186.81.171.179 - - [13/Oct/2014:15:37:18 -0500] "GET /galeria/nivo-slider/demo/images/banner-caballos.png HTTP/1.1" 200 389106
186.81.171.179 - - [13/Oct/2014:15:37:18 -0500] "GET /galeria/nivo-slider/demo/images/ConstructorasFNL.jpg HTTP/1.1" 200 216551
186.81.171.179 - - [13/Oct/2014:15:37:20 -0500] "GET /videos/Spot_Tinguas.flv HTTP/1.1" 200 2087054
66.249.83.62 - - [13/Oct/2014:15:37:23 -0500] "GET /BLA/boletinlegal/js/jquery.js HTTP/1.1" 200 57254
66.249.83.62 - - [13/Oct/2014:15:37:23 -0500] "GET /BLA/boletinlegal/js/jquery.scrollTo-min.js HTTP/1.1" 200 1150
66.249.83.62 - - [13/Oct/2014:15:37:23 -0500] "GET /BLA/boletinlegal/js/jquery.scrollShow.js HTTP/1.1" 200 4586
186.81.171.179 - - [13/Oct/2014:15:37:23 -0500] "GET /galeria/nivo-slider/demo/images/Hacienda_Molinos.jpg HTTP/1.1" 200 319171
66.249.83.62 - - [13/Oct/2014:15:37:23 -0500] "GET /galeria/carrusel/Carrusel/jquery-ui-1.8.13.custom.min.js HTTP/1.1" 200 10800
66.249.83.62 - - [13/Oct/2014:15:37:23 -0500] "GET /galeria/carrusel/Carrusel/jquery.thumbnailScroller.css HTTP/1.1" 200 2066
66.249.83.62 - - [13/Oct/2014:15:37:23 -0500] "GET /galeria/carrusel/Carrusel/jquery.thumbnailScroller.js HTTP/1.1" 200 8157
186.81.171.179 - - [13/Oct/2014:15:37:28 -0500] "GET /galeria/nivo-slider/demo/images/bannerEcolecta3.jpg HTTP/1.1" 200 280034
66.249.83.62 - - [13/Oct/2014:15:37:30 -0500] "GET /galeria/nivo-slider/demo/demo.html HTTP/1.1" 200 3315
66.249.83.62 - - [13/Oct/2014:15:37:31 -0500] "GET /galeria/nivo-slider/themes/default/default.css HTTP/1.1" 200 1569
66.249.83.62 - - [13/Oct/2014:15:37:31 -0500] "GET /galeria/nivo-slider/themes/pascal/pascal.css HTTP/1.1" 200 2258
181.50.241.109 - - [13/Oct/2014:15:37:31 -0500] "POST /forms/lservlet;jsessionid=ac16012b30d5ef0ddec341ff4d19b176968ffe5d9592.e3iSbxaKaheRe34Sa3yKbhiTahb0n6jAmljGr5XDqQLvpAe HTTP/1.1" 200 2
66.249.83.62 - - [13/Oct/2014:15:37:31 -0500] "GET /galeria/nivo-slider/nivo-slider.css HTTP/1.1" 200 1507
66.249.83.62 - - [13/Oct/2014:15:37:31 -0500] "GET /galeria/nivo-slider/themes/orman/orman.css HTTP/1.1" 200 2152
66.249.83.62 - - [13/Oct/2014:15:37:31 -0500] "GET /galeria/nivo-slider/demo/style.css HTTP/1.1" 200 2222
66.249.83.62 - - [13/Oct/2014:15:37:31 -0500] "GET /galeria/nivo-slider/demo/images/EncuentroAgua1.jpg HTTP/1.1" 200 274179
66.249.83.62 - - [13/Oct/2014:15:37:31 -0500] "GET /galeria/nivo-slider/demo/images/Tingua-azul.jpg HTTP/1.1" 200 307638
66.249.83.62 - - [13/Oct/2014:15:37:31 -0500] "GET /galeria/nivo-slider/demo/images/Banner-Caracol-Africano.jpg HTTP/1.1" 200 331986
66.249.83.62 - - [13/Oct/2014:15:37:32 -0500] "GET /galeria/nivo-slider/demo/images/9Signos.jpg HTTP/1.1" 200 93040
66.249.83.62 - - [13/Oct/2014:15:37:32 -0500] "GET /galeria/nivo-slider/demo/images/banner-Animal.jpg HTTP/1.1" 200 257223
66.249.83.62 - - [13/Oct/2014:15:37:32 -0500] "GET /galeria/nivo-slider/demo/images/banner-encuesta.jpg HTTP/1.1" 200 42764
66.249.83.62 - - [13/Oct/2014:15:37:32 -0500] "GET /galeria/nivo-slider/demo/images/banner-caballos.png HTTP/1.1" 200 389106
66.249.83.62 - - [13/Oct/2014:15:37:32 -0500] "GET /galeria/nivo-slider/demo/images/banner-llantas2.jpg HTTP/1.1" 200 73153
66.249.83.62 - - [13/Oct/2014:15:37:32 -0500] "GET /galeria/nivo-slider/jquery.nivo.slider.pack.js HTTP/1.1" 200 11561
66.249.83.62 - - [13/Oct/2014:15:37:32 -0500] "GET /galeria/nivo-slider/demo/images/ConstructorasFNL.jpg HTTP/1.1" 200 216551
66.249.83.62 - - [13/Oct/2014:15:37:32 -0500] "GET /galeria/nivo-slider/demo/scripts/jquery-1.7.1.min.js HTTP/1.1" 200 93868
66.249.83.62 - - [13/Oct/2014:15:37:32 -0500] "GET /galeria/nivo-slider/demo/images/Hacienda_Molinos.jpg HTTP/1.1" 200 319171
66.249.83.62 - - [13/Oct/2014:15:37:32 -0500] "GET /galeria/nivo-slider/demo/images/bannerEcolecta3.jpg HTTP/1.1" 200 280034
66.249.83.62 - - [13/Oct/2014:15:37:32 -0500] "GET /galeria/nivo-slider/themes/default/loading.gif HTTP/1.1" 200 1737
66.249.88.211 - - [13/Oct/2014:15:37:32 -0500] "GET /galeria/nivo-slider/demo/images/4Simple_Slider.png HTTP/1.1" 200 11722
190.25.47.227 - - [13/Oct/2014:15:37:34 -0500] "GET /forest/skins/gdocs-jar/popup/direccion.jsp?callfromform=form_field123&a=0.37495209206826985 HTTP/1.1" 200 12429
66.249.79.83 - - [13/Oct/2014:15:37:34 -0500] "GET /BLA/resoluciones/RESOLUCIONES%202010/5538.pdf HTTP/1.1" 200 358195
66.249.83.62 - - [13/Oct/2014:15:37:35 -0500] "GET /galeria/nivo-slider/themes/default/arrows.png HTTP/1.1" 200 824
66.249.83.62 - - [13/Oct/2014:15:37:35 -0500] "GET /galeria/nivo-slider/themes/default/bullets.png HTTP/1.1" 200 1281
186.43.100.1 - - [13/Oct/2014:15:37:38 -0500] "GET /BLA/boletinlegal/js/jquery.js HTTP/1.1" 200 57254
186.43.100.1 - - [13/Oct/2014:15:37:38 -0500] "GET /BLA/boletinlegal/js/jquery.scrollShow.js HTTP/1.1" 200 4586
186.43.100.1 - - [13/Oct/2014:15:37:38 -0500] "GET /BLA/boletinlegal/js/jquery.scrollTo-min.js HTTP/1.1" 200 1150
186.115.169.71 - - [13/Oct/2014:15:37:39 -0500] "POST /visorSDA/mapviewerSIA.jsf;jsessionid=ac16012b22b809cb7952df484b59a418bb68aa69291d.e34Lc3uRbN4Oc40Mai0 HTTP/1.1" 200 82
186.115.169.71 - - [13/Oct/2014:15:37:39 -0500] "POST /visorSDA/mapviewerSIA.jsf;jsessionid=ac16012b22b809cb7952df484b59a418bb68aa69291d.e34Lc3uRbN4Oc40Mai0 HTTP/1.1" 200 82
186.115.169.71 - - [13/Oct/2014:15:37:40 -0500] "GET /visorSDA/mimedata;jsessionid=ac16012b22b809cb7952df484b59a418bb68aa69291d?wname=esriWebSession&id=map20982950&uniqueId=813 HTTP/1.1" 200 6339
190.25.47.227 - - [13/Oct/2014:15:37:37 -0500] "GET /forest/usudocumentos.do?_a=0.47103363112546504&group_system_actual=3 HTTP/1.1" 200 118116
186.115.169.71 - - [13/Oct/2014:15:37:40 -0500] "GET /visorSDA/mapviewerSIA.jsf;jsessionid=ac16012b22b809cb7952df484b59a418bb68aa69291d.e34Lc3uRbN4Oc40Mai0?formId=mapForm&mapId=map1&requestType=initializeTree HTTP/1.1" 200 718
186.115.169.71 - - [13/Oct/2014:15:37:40 -0500] "POST /visorSDA/mapviewerSIA.jsf;jsessionid=ac16012b22b809cb7952df484b59a418bb68aa69291d.e34Lc3uRbN4Oc40Mai0 HTTP/1.1" 200 82
190.67.195.154 - - [13/Oct/2014:15:37:40 -0500] "GET /BLA/boletinlegal/js/jquery.js HTTP/1.1" 200 57254
186.115.169.71 - - [13/Oct/2014:15:37:40 -0500] "GET /visorSDA/mapviewerSIA.jsf;jsessionid=ac16012b22b809cb7952df484b59a418bb68aa69291d.e34Lc3uRbN4Oc40Mai0?formId=mapForm&mapId=map1&requestType=generarConsultarTemas HTTP/1.1" 200 890
190.67.195.154 - - [13/Oct/2014:15:37:40 -0500] "GET /BLA/boletinlegal/js/jquery.scrollShow.js HTTP/1.1" 200 4586
190.67.195.154 - - [13/Oct/2014:15:37:40 -0500] "GET /BLA/boletinlegal/js/jquery.scrollTo-min.js HTTP/1.1" 200 1150
186.81.171.179 - - [13/Oct/2014:15:37:41 -0500] "GET /galeria/nivo-slider/themes/default/bullets.png HTTP/1.1" 200 1281
186.81.171.179 - - [13/Oct/2014:15:37:41 -0500] "GET /galeria/nivo-slider/themes/default/arrows.png HTTP/1.1" 200 824
190.25.47.227 - - [13/Oct/2014:15:37:42 -0500] "GET /forest/session.jsp?a=0.04451626888476312 HTTP/1.1" 200 4
190.24.136.214 - - [13/Oct/2014:15:37:43 -0500] "GET /BLA/boletinlegal/js/jquery.scrollTo-min.js HTTP/1.1" 200 1150
190.24.136.214 - - [13/Oct/2014:15:37:43 -0500] "GET /BLA/boletinlegal/js/jquery.scrollShow.js HTTP/1.1" 200 4586
190.24.136.214 - - [13/Oct/2014:15:37:43 -0500] "GET /BLA/boletinlegal/js/jquery.js HTTP/1.1" 200 57254
190.24.136.214 - - [13/Oct/2014:15:37:43 -0500] "GET /galeria/carrusel/Carrusel/jquery-ui-1.8.13.custom.min.js HTTP/1.1" 200 10800
190.24.136.214 - - [13/Oct/2014:15:37:43 -0500] "GET /galeria/carrusel/Carrusel/jquery.thumbnailScroller.css HTTP/1.1" 200 2066
186.115.169.71 - - [13/Oct/2014:15:37:45 -0500] "GET /css/fondos.css HTTP/1.1" 404 1254
186.115.169.71 - - [13/Oct/2014:15:37:45 -0500] "GET /css/bordes.css HTTP/1.1" 404 1254
190.24.136.214 - - [13/Oct/2014:15:37:46 -0500] "GET /galeria/carrusel/Carrusel/jquery.thumbnailScroller.js HTTP/1.1" 200 8157
190.25.47.227 - - [13/Oct/2014:15:37:46 -0500] "GET /forest/usudocumentos.do?delVersionBorrador=&codTraBorr=1035987&a=0.05511035630479455 HTTP/1.1" 200 126
190.24.136.214 - - [13/Oct/2014:15:37:47 -0500] "GET /galeria/nivo-slider/demo/demo.html HTTP/1.1" 200 3315
190.24.136.214 - - [13/Oct/2014:15:37:47 -0500] "GET /galeria/nivo-slider/demo/images/EncuentroAgua1.jpg HTTP/1.1" 200 274179
190.24.136.214 - - [13/Oct/2014:15:37:47 -0500] "GET /galeria/nivo-slider/themes/orman/orman.css HTTP/1.1" 200 2152
190.24.136.214 - - [13/Oct/2014:15:37:47 -0500] "GET /galeria/nivo-slider/themes/default/default.css HTTP/1.1" 200 1569
190.24.136.214 - - [13/Oct/2014:15:37:47 -0500] "GET /galeria/nivo-slider/demo/style.css HTTP/1.1" 200 2222
190.24.136.214 - - [13/Oct/2014:15:37:47 -0500] "GET /galeria/nivo-slider/demo/images/banner-Animal.jpg HTTP/1.1" 200 257223
190.24.136.214 - - [13/Oct/2014:15:37:47 -0500] "GET /galeria/nivo-slider/demo/images/Tingua-azul.jpg HTTP/1.1" 200 307638
190.24.136.214 - - [13/Oct/2014:15:37:47 -0500] "GET /galeria/nivo-slider/demo/images/Banner-Caracol-Africano.jpg HTTP/1.1" 200 331986
190.24.136.214 - - [13/Oct/2014:15:37:48 -0500] "GET /galeria/nivo-slider/demo/images/banner-encuesta.jpg HTTP/1.1" 200 42764
190.24.136.214 - - [13/Oct/2014:15:37:49 -0500] "GET /galeria/nivo-slider/demo/images/banner-llantas2.jpg HTTP/1.1" 200 73153
190.24.136.214 - - [13/Oct/2014:15:37:49 -0500] "GET /galeria/nivo-slider/demo/images/banner-caballos.png HTTP/1.1" 200 389106
190.24.136.214 - - [13/Oct/2014:15:37:50 -0500] "GET /galeria/nivo-slider/demo/images/ConstructorasFNL.jpg HTTP/1.1" 200 216551
190.25.47.227 - - [13/Oct/2014:15:37:48 -0500] "GET /forest/usudocumentos.do?group_system_actual=3&a=0.06570068141445518 HTTP/1.1" 200 116029
190.24.136.214 - - [13/Oct/2014:15:37:51 -0500] "GET /galeria/nivo-slider/demo/images/bannerEcolecta3.jpg HTTP/1.1" 200 280034
190.24.136.214 - - [13/Oct/2014:15:37:51 -0500] "GET /galeria/nivo-slider/demo/scripts/jquery-1.7.1.min.js HTTP/1.1" 200 93868
190.25.47.227 - - [13/Oct/2014:15:37:51 -0500] "GET /forest/session.jsp?a=0.4566857982426882 HTTP/1.1" 200 4
190.24.136.214 - - [13/Oct/2014:15:37:52 -0500] "GET /galeria/nivo-slider/demo/images/9Signos.jpg HTTP/1.1" 200 93040
190.24.136.214 - - [13/Oct/2014:15:37:52 -0500] "GET /galeria/nivo-slider/jquery.nivo.slider.pack.js HTTP/1.1" 200 11561
190.24.136.214 - - [13/Oct/2014:15:37:52 -0500] "GET /galeria/nivo-slider/themes/pascal/pascal.css HTTP/1.1" 200 2258
190.24.136.214 - - [13/Oct/2014:15:37:52 -0500] "GET /galeria/nivo-slider/nivo-slider.css HTTP/1.1" 200 1507
190.24.136.214 - - [13/Oct/2014:15:37:52 -0500] "GET /galeria/nivo-slider/demo/images/4Simple_Slider.png HTTP/1.1" 200 11722
190.24.136.214 - - [13/Oct/2014:15:37:52 -0500] "GET /galeria/nivo-slider/themes/default/loading.gif HTTP/1.1" 200 1737
190.24.136.214 - - [13/Oct/2014:15:37:53 -0500] "GET /galeria/nivo-slider/demo/images/Hacienda_Molinos.jpg HTTP/1.1" 200 319171
190.24.136.214 - - [13/Oct/2014:15:37:53 -0500] "GET /videos/Spot_Tinguas.flv HTTP/1.1" 200 2087054
190.24.136.214 - - [13/Oct/2014:15:37:54 -0500] "GET /galeria/nivo-slider/themes/default/bullets.png HTTP/1.1" 200 1281
66.249.79.83 - - [13/Oct/2014:15:37:55 -0500] "GET /BLA/resoluciones/RESOLUCIONES%202007/RES%202007%204201%20AL%204300/RESOLUCION%204217%20DE%202007.pdf HTTP/1.1" 304 -
181.50.241.109 - - [13/Oct/2014:15:38:08 -0500] "POST /forms/lservlet;jsessionid=ac16012b30d5ef0ddec341ff4d19b176968ffe5d9592.e3iSbxaKaheRe34Sa3yKbhiTahb0n6jAmljGr5XDqQLvpAe HTTP/1.1" 200 24
181.50.241.109 - - [13/Oct/2014:15:38:08 -0500] "POST /forms/lservlet;jsessionid=ac16012b30d5ef0ddec341ff4d19b176968ffe5d9592.e3iSbxaKaheRe34Sa3yKbhiTahb0n6jAmljGr5XDqQLvpAe HTTP/1.1" 200 4295
181.50.241.109 - - [13/Oct/2014:15:38:09 -0500] "POST /forms/lservlet;jsessionid=ac16012b30d5ef0ddec341ff4d19b176968ffe5d9592.e3iSbxaKaheRe34Sa3yKbhiTahb0n6jAmljGr5XDqQLvpAe HTTP/1.1" 200 2
190.25.47.227 - - [13/Oct/2014:15:38:13 -0500] "GET /forest/usudocumentos.do?delVersionBorrador=&codTraBorr=1035817&a=0.23309408966451883 HTTP/1.1" 200 126
66.249.79.83 - - [13/Oct/2014:15:38:14 -0500] "GET /BLA/resoluciones/RESOLUCIONES%202007/RES%202007%201201%20AL%201300/RESOLUCION%201264%20DE%202007.pdf HTTP/1.1" 200 279954
190.25.47.227 - - [13/Oct/2014:15:38:14 -0500] "GET /forest/usudocumentos.do?group_system_actual=3&a=0.7511390694417059 HTTP/1.1" 200 111178
190.25.47.227 - - [13/Oct/2014:15:38:15 -0500] "GET /forest/session.jsp?a=0.7395116325933486 HTTP/1.1" 200 4
66.249.79.75 - - [13/Oct/2014:15:38:16 -0500] "GET /BLA/resoluciones/RESOLUCIONES%202010/3805.pdf HTTP/1.1" 200 673633
186.47.163.47 - - [13/Oct/2014:15:38:20 -0500] "GET /BLA/boletinlegal/js/jquery.js HTTP/1.1" 200 57254
186.47.163.47 - - [13/Oct/2014:15:38:20 -0500] "GET /BLA/boletinlegal/js/jquery.scrollTo-min.js HTTP/1.1" 200 1150
186.47.163.47 - - [13/Oct/2014:15:38:20 -0500] "GET /BLA/boletinlegal/js/jquery.scrollShow.js HTTP/1.1" 200 4586
181.50.241.109 - - [13/Oct/2014:15:38:21 -0500] "POST /forms/lservlet;jsessionid=ac16012b30d5ef0ddec341ff4d19b176968ffe5d9592.e3iSbxaKaheRe34Sa3yKbhiTahb0n6jAmljGr5XDqQLvpAe HTTP/1.1" 200 2
181.50.241.109 - - [13/Oct/2014:15:38:21 -0500] "POST /forms/lservlet;jsessionid=ac16012b30d5ef0ddec341ff4d19b176968ffe5d9592.e3iSbxaKaheRe34Sa3yKbhiTahb0n6jAmljGr5XDqQLvpAe HTTP/1.1" 200 2327
181.50.241.109 - - [13/Oct/2014:15:38:21 -0500] "GET /imagenes/Srch_frw.gif HTTP/1.1" 200 925
181.50.241.109 - - [13/Oct/2014:15:38:21 -0500] "POST /forms/lservlet;jsessionid=ac16012b30d5ef0ddec341ff4d19b176968ffe5d9592.e3iSbxaKaheRe34Sa3yKbhiTahb0n6jAmljGr5XDqQLvpAe HTTP/1.1" 200 10
190.25.47.227 - - [13/Oct/2014:15:38:18 -0500] "GET /forest/usutareas.do?_a=0.5848909798078239&group_system_actual=3 HTTP/1.1" 200 169777
190.25.47.227 - - [13/Oct/2014:15:33:47 -0500] "GET /ForestMSG_SDA/channelAsync/template_word_14915695?X-Atmosphere-tracking-id=134f5a29-8deb-0c2e-8700-2a6538e93b1b&X-Atmosphere-Framework=1.0.5&X-Atmosphere-Transport=long-polling&tabid=0.45148180751129985&X-Cache-Date=0&Content-Type=application/xml&_=1413232621383 HTTP/1.1" 200 8193
190.25.47.227 - - [13/Oct/2014:15:38:22 -0500] "GET /forest/session.jsp?a=0.6508074912708253 HTTP/1.1" 200 4
190.25.47.227 - - [13/Oct/2014:15:38:22 -0500] "GET /forest/actions/forms.getMappedValues?id=IGS_NoCarasExpo53&value=1&codForm=Soli_Elem_Ext_Vis&a=0.15112208877690136 HTTP/1.1" 200 38
190.25.47.227 - - [13/Oct/2014:15:38:22 -0500] "GET /forest/actions/forms.getMappedValues?id=IGS_UbicacionPubliciad23&value=5&codForm=Soli_Elem_Ext_Vis&a=0.3740829455200583 HTTP/1.1" 200 27
190.25.47.227 - - [13/Oct/2014:15:38:22 -0500] "GET /forest/actions/forms.getMappedValues?id=IGS_UbicacionPubliciad23&value=5&codForm=Soli_Elem_Ext_Vis&a=0.40888340026140213 HTTP/1.1" 200 27
190.25.47.227 - - [13/Oct/2014:15:38:22 -0500] "GET /forest/actions/forms.getMappedValues?id=IGS_NoCarasExpo53&value=1&codForm=Soli_Elem_Ext_Vis&a=0.4682567168492824 HTTP/1.1" 200 38
181.50.241.109 - - [13/Oct/2014:15:38:22 -0500] "POST /forms/lservlet;jsessionid=ac16012b30d5ef0ddec341ff4d19b176968ffe5d9592.e3iSbxaKaheRe34Sa3yKbhiTahb0n6jAmljGr5XDqQLvpAe HTTP/1.1" 200 24
181.50.241.109 - - [13/Oct/2014:15:38:23 -0500] "POST /forms/lservlet;jsessionid=ac16012b30d5ef0ddec341ff4d19b176968ffe5d9592.e3iSbxaKaheRe34Sa3yKbhiTahb0n6jAmljGr5XDqQLvpAe HTTP/1.1" 200 4207
181.50.241.109 - - [13/Oct/2014:15:38:23 -0500] "POST /forms/lservlet;jsessionid=ac16012b30d5ef0ddec341ff4d19b176968ffe5d9592.e3iSbxaKaheRe34Sa3yKbhiTahb0n6jAmljGr5XDqQLvpAe HTTP/1.1" 200 2
190.25.47.227 - - [13/Oct/2014:15:38:25 -0500] "GET /forest/skins/gdocs-jar/popup/direccion.jsp?callfromform=form_field123&a=0.8496568084228784 HTTP/1.1" 200 12429
181.50.241.109 - - [13/Oct/2014:15:38:28 -0500] "POST /forms/lservlet;jsessionid=ac16012b30d5ef0ddec341ff4d19b176968ffe5d9592.e3iSbxaKaheRe34Sa3yKbhiTahb0n6jAmljGr5XDqQLvpAe HTTP/1.1" 200 120
181.50.241.109 - - [13/Oct/2014:15:38:29 -0500] "POST /forms/lservlet;jsessionid=ac16012b30d5ef0ddec341ff4d19b176968ffe5d9592.e3iSbxaKaheRe34Sa3yKbhiTahb0n6jAmljGr5XDqQLvpAe HTTP/1.1" 200 184
181.50.241.109 - - [13/Oct/2014:15:38:29 -0500] "POST /forms/lservlet;jsessionid=ac16012b30d5ef0ddec341ff4d19b176968ffe5d9592.e3iSbxaKaheRe34Sa3yKbhiTahb0n6jAmljGr5XDqQLvpAe HTTP/1.1" 200 186
181.50.241.109 - - [13/Oct/2014:15:38:30 -0500] "POST /forms/lservlet;jsessionid=ac16012b30d5ef0ddec341ff4d19b176968ffe5d9592.e3iSbxaKaheRe34Sa3yKbhiTahb0n6jAmljGr5XDqQLvpAe HTTP/1.1" 200 186
181.50.241.109 - - [13/Oct/2014:15:38:31 -0500] "POST /forms/lservlet;jsessionid=ac16012b30d5ef0ddec341ff4d19b176968ffe5d9592.e3iSbxaKaheRe34Sa3yKbhiTahb0n6jAmljGr5XDqQLvpAe HTTP/1.1" 200 394
181.50.241.109 - - [13/Oct/2014:15:38:31 -0500] "POST /forms/lservlet;jsessionid=ac16012b30d5ef0ddec341ff4d19b176968ffe5d9592.e3iSbxaKaheRe34Sa3yKbhiTahb0n6jAmljGr5XDqQLvpAe HTTP/1.1" 200 350
181.50.241.109 - - [13/Oct/2014:15:38:32 -0500] "POST /forms/lservlet;jsessionid=ac16012b30d5ef0ddec341ff4d19b176968ffe5d9592.e3iSbxaKaheRe34Sa3yKbhiTahb0n6jAmljGr5XDqQLvpAe HTTP/1.1" 200 394
181.50.241.109 - - [13/Oct/2014:15:38:32 -0500] "POST /forms/lservlet;jsessionid=ac16012b30d5ef0ddec341ff4d19b176968ffe5d9592.e3iSbxaKaheRe34Sa3yKbhiTahb0n6jAmljGr5XDqQLvpAe HTTP/1.1" 200 396
181.50.241.109 - - [13/Oct/2014:15:38:33 -0500] "POST /forms/lservlet;jsessionid=ac16012b30d5ef0ddec341ff4d19b176968ffe5d9592.e3iSbxaKaheRe34Sa3yKbhiTahb0n6jAmljGr5XDqQLvpAe HTTP/1.1" 200 397
181.50.241.109 - - [13/Oct/2014:15:38:34 -0500] "POST /forms/lservlet;jsessionid=ac16012b30d5ef0ddec341ff4d19b176968ffe5d9592.e3iSbxaKaheRe34Sa3yKbhiTahb0n6jAmljGr5XDqQLvpAe HTTP/1.1" 200 436
181.50.241.109 - - [13/Oct/2014:15:38:35 -0500] "POST /forms/lservlet;jsessionid=ac16012b30d5ef0ddec341ff4d19b176968ffe5d9592.e3iSbxaKaheRe34Sa3yKbhiTahb0n6jAmljGr5XDqQLvpAe HTTP/1.1" 200 399
181.50.241.109 - - [13/Oct/2014:15:38:36 -0500] "POST /forms/lservlet;jsessionid=ac16012b30d5ef0ddec341ff4d19b176968ffe5d9592.e3iSbxaKaheRe34Sa3yKbhiTahb0n6jAmljGr5XDqQLvpAe HTTP/1.1" 200 187
64.233.172.62 - - [13/Oct/2014:15:38:36 -0500] "GET /sig/MECI/DOCUMENTOS/Informe%20de%20Gestion/INFORME%20DE%20GESTION%202008%202010VersionFinal.pdf HTTP/1.1" 404 1018
181.50.241.109 - - [13/Oct/2014:15:38:36 -0500] "POST /forms/lservlet;jsessionid=ac16012b30d5ef0ddec341ff4d19b176968ffe5d9592.e3iSbxaKaheRe34Sa3yKbhiTahb0n6jAmljGr5XDqQLvpAe HTTP/1.1" 200 188
181.50.241.109 - - [13/Oct/2014:15:38:36 -0500] "POST /forms/lservlet;jsessionid=ac16012b30d5ef0ddec341ff4d19b176968ffe5d9592.e3iSbxaKaheRe34Sa3yKbhiTahb0n6jAmljGr5XDqQLvpAe HTTP/1.1" 200 188
181.50.241.109 - - [13/Oct/2014:15:38:37 -0500] "POST /forms/lservlet;jsessionid=ac16012b30d5ef0ddec341ff4d19b176968ffe5d9592.e3iSbxaKaheRe34Sa3yKbhiTahb0n6jAmljGr5XDqQLvpAe HTTP/1.1" 200 338
181.50.241.109 - - [13/Oct/2014:15:38:37 -0500] "POST /forms/lservlet;jsessionid=ac16012b30d5ef0ddec341ff4d19b176968ffe5d9592.e3iSbxaKaheRe34Sa3yKbhiTahb0n6jAmljGr5XDqQLvpAe HTTP/1.1" 200 341
181.50.241.109 - - [13/Oct/2014:15:38:37 -0500] "POST /forms/lservlet;jsessionid=ac16012b30d5ef0ddec341ff4d19b176968ffe5d9592.e3iSbxaKaheRe34Sa3yKbhiTahb0n6jAmljGr5XDqQLvpAe HTTP/1.1" 200 333
181.50.241.109 - - [13/Oct/2014:15:38:37 -0500] "POST /forms/lservlet;jsessionid=ac16012b30d5ef0ddec341ff4d19b176968ffe5d9592.e3iSbxaKaheRe34Sa3yKbhiTahb0n6jAmljGr5XDqQLvpAe HTTP/1.1" 200 333
66.249.79.75 - - [13/Oct/2014:15:38:38 -0500] "GET /BLA/resoluciones/AUTOS%202008/3306.pdf HTTP/1.1" 200 70260
181.50.241.109 - - [13/Oct/2014:15:38:38 -0500] "POST /forms/lservlet;jsessionid=ac16012b30d5ef0ddec341ff4d19b176968ffe5d9592.e3iSbxaKaheRe34Sa3yKbhiTahb0n6jAmljGr5XDqQLvpAe HTTP/1.1" 200 409
181.50.241.109 - - [13/Oct/2014:15:38:38 -0500] "POST /forms/lservlet;jsessionid=ac16012b30d5ef0ddec341ff4d19b176968ffe5d9592.e3iSbxaKaheRe34Sa3yKbhiTahb0n6jAmljGr5XDqQLvpAe HTTP/1.1" 200 7
181.50.241.109 - - [13/Oct/2014:15:38:38 -0500] "POST /forms/lservlet;jsessionid=ac16012b30d5ef0ddec341ff4d19b176968ffe5d9592.e3iSbxaKaheRe34Sa3yKbhiTahb0n6jAmljGr5XDqQLvpAe HTTP/1.1" 200 7
181.50.241.109 - - [13/Oct/2014:15:38:38 -0500] "POST /forms/lservlet;jsessionid=ac16012b30d5ef0ddec341ff4d19b176968ffe5d9592.e3iSbxaKaheRe34Sa3yKbhiTahb0n6jAmljGr5XDqQLvpAe HTTP/1.1" 200 7
181.50.241.109 - - [13/Oct/2014:15:38:40 -0500] "POST /forms/lservlet;jsessionid=ac16012b30d5ef0ddec341ff4d19b176968ffe5d9592.e3iSbxaKaheRe34Sa3yKbhiTahb0n6jAmljGr5XDqQLvpAe HTTP/1.1" 200 234
66.249.79.75 - - [13/Oct/2014:15:38:40 -0500] "GET /BLA/resoluciones/RESOLUCIONES%202004/RES%202004%20451-500/00000471.tif HTTP/1.1" 200 55752
66.249.79.75 - - [13/Oct/2014:15:38:59 -0500] "GET /BLA/resoluciones/AUTOS%202008/1953.pdf HTTP/1.1" 200 87254
181.50.241.109 - - [13/Oct/2014:15:39:07 -0500] "POST /forms/lservlet;jsessionid=ac16012b30d5ef0ddec341ff4d19b176968ffe5d9592.e3iSbxaKaheRe34Sa3yKbhiTahb0n6jAmljGr5XDqQLvpAe HTTP/1.1" 200 123
181.50.241.109 - - [13/Oct/2014:15:39:10 -0500] "POST /forms/lservlet;jsessionid=ac16012b30d5ef0ddec341ff4d19b176968ffe5d9592.e3iSbxaKaheRe34Sa3yKbhiTahb0n6jAmljGr5XDqQLvpAe HTTP/1.1" 200 72
66.249.79.75 - - [13/Oct/2014:15:39:20 -0500] "GET /BLA/resoluciones/AUTOS%202008/1856.pdf HTTP/1.1" 200 244703
66.249.79.67 - - [13/Oct/2014:15:39:28 -0500] "GET /BLA/resoluciones/AUTOS%202007/3542.pdf HTTP/1.1" 200 154188
181.50.241.109 - - [13/Oct/2014:15:39:31 -0500] "POST /forms/lservlet;jsessionid=ac16012b30d5ef0ddec341ff4d19b176968ffe5d9592.e3iSbxaKaheRe34Sa3yKbhiTahb0n6jAmljGr5XDqQLvpAe HTTP/1.1" 200 2
190.96.233.254 - - [13/Oct/2014:15:39:33 -0500] "GET /BLA/boletinlegal/js/jquery.js HTTP/1.1" 200 57254
190.96.233.254 - - [13/Oct/2014:15:39:33 -0500] "GET /BLA/boletinlegal/js/jquery.scrollTo-min.js HTTP/1.1" 200 1150
190.96.233.254 - - [13/Oct/2014:15:39:33 -0500] "GET /BLA/boletinlegal/js/jquery.scrollShow.js HTTP/1.1" 200 4586
66.249.79.83 - - [13/Oct/2014:15:39:41 -0500] "GET /BLA/resoluciones/AUTOS%202008/3119.pdf HTTP/1.1" 200 52001
66.249.79.83 - - [13/Oct/2014:15:39:51 -0500] "GET /BLA/resoluciones/RESOLUCIONES%202009/4526.pdf HTTP/1.1" 200 62042
190.25.47.227 - - [13/Oct/2014:15:38:50 -0500] "POST /forest/usutareas.do? HTTP/1.1" 200 201
66.249.79.103 - - [13/Oct/2014:15:40:02 -0500] "GET /POT-2013/Cartografia/32_Altura%20para%20c%C3%A1lculo%20de%20edificabilidad%20predominante%20y%20aisl.pdf HTTP/1.1" 304 -
201.196.150.6 - - [13/Oct/2014:15:40:04 -0500] "GET /BLA/boletinlegal/js/jquery.scrollTo-min.js HTTP/1.1" 200 1150
201.196.150.6 - - [13/Oct/2014:15:40:04 -0500] "GET /BLA/boletinlegal/js/jquery.scrollShow.js HTTP/1.1" 200 4586
201.196.150.6 - - [13/Oct/2014:15:40:04 -0500] "GET /BLA/boletinlegal/js/jquery.js HTTP/1.1" 200 57254
66.249.79.75 - - [13/Oct/2014:15:40:23 -0500] "GET /BLA/resoluciones/AUTOS%202008/0030.pdf HTTP/1.1" 200 178431
161.10.211.33 - - [13/Oct/2014:15:40:36 -0500] "GET /BLA/resoluciones/RESOLUCIONES%202009/4361.pdf HTTP/1.1" 200 1117641
186.81.157.186 - - [13/Oct/2014:15:40:39 -0500] "GET /Report2/login.do HTTP/1.1" 200 4338
186.81.157.186 - - [13/Oct/2014:15:40:39 -0500] "GET /Report2/styles/estilos.css HTTP/1.1" 200 2523
186.81.157.186 - - [13/Oct/2014:15:40:39 -0500] "GET /Report2/img/cliente/backgroundLoginFooter.png HTTP/1.1" 200 25785
186.81.157.186 - - [13/Oct/2014:15:40:39 -0500] "GET /Report2/img/bgHeader.gif HTTP/1.1" 200 230
190.25.47.227 - - [13/Oct/2014:15:40:11 -0500] "POST /forest/usutareas.do? HTTP/1.1" 200 201
186.81.157.186 - - [13/Oct/2014:15:40:39 -0500] "GET /Report2/img/cliente/logo.png HTTP/1.1" 200 59691
186.81.157.186 - - [13/Oct/2014:15:40:39 -0500] "GET /Report2/img/cliente/backgroundLogin.png HTTP/1.1" 200 210428
186.81.157.186 - - [13/Oct/2014:15:40:41 -0500] "GET /favicon.ico HTTP/1.1" 200 7782
66.249.79.83 - - [13/Oct/2014:15:40:41 -0500] "GET /BLA/resoluciones/RESOLUCIONES%202008/2396.pdf HTTP/1.1" 200 196378
66.249.79.75 - - [13/Oct/2014:15:40:44 -0500] "GET /BLA/resoluciones/AUTOS%202008/3450.pdf HTTP/1.1" 200 123021
181.50.241.109 - - [13/Oct/2014:15:40:52 -0500] "POST /forms/lservlet;jsessionid=ac16012b30d5ef0ddec341ff4d19b176968ffe5d9592.e3iSbxaKaheRe34Sa3yKbhiTahb0n6jAmljGr5XDqQLvpAe HTTP/1.1" 200 89
181.50.241.109 - - [13/Oct/2014:15:40:53 -0500] "POST /forms/lservlet;jsessionid=ac16012b30d5ef0ddec341ff4d19b176968ffe5d9592.e3iSbxaKaheRe34Sa3yKbhiTahb0n6jAmljGr5XDqQLvpAe HTTP/1.1" 200 172
181.50.241.109 - - [13/Oct/2014:15:40:54 -0500] "POST /forms/lservlet;jsessionid=ac16012b30d5ef0ddec341ff4d19b176968ffe5d9592.e3iSbxaKaheRe34Sa3yKbhiTahb0n6jAmljGr5XDqQLvpAe HTTP/1.1" 200 174
181.50.241.109 - - [13/Oct/2014:15:40:54 -0500] "POST /forms/lservlet;jsessionid=ac16012b30d5ef0ddec341ff4d19b176968ffe5d9592.e3iSbxaKaheRe34Sa3yKbhiTahb0n6jAmljGr5XDqQLvpAe HTTP/1.1" 200 174
181.50.241.109 - - [13/Oct/2014:15:40:55 -0500] "POST /forms/lservlet;jsessionid=ac16012b30d5ef0ddec341ff4d19b176968ffe5d9592.e3iSbxaKaheRe34Sa3yKbhiTahb0n6jAmljGr5XDqQLvpAe HTTP/1.1" 200 330
181.50.241.109 - - [13/Oct/2014:15:40:55 -0500] "POST /forms/lservlet;jsessionid=ac16012b30d5ef0ddec341ff4d19b176968ffe5d9592.e3iSbxaKaheRe34Sa3yKbhiTahb0n6jAmljGr5XDqQLvpAe HTTP/1.1" 200 321
181.50.241.109 - - [13/Oct/2014:15:40:55 -0500] "POST /forms/lservlet;jsessionid=ac16012b30d5ef0ddec341ff4d19b176968ffe5d9592.e3iSbxaKaheRe34Sa3yKbhiTahb0n6jAmljGr5XDqQLvpAe HTTP/1.1" 200 321
181.50.241.109 - - [13/Oct/2014:15:40:56 -0500] "POST /forms/lservlet;jsessionid=ac16012b30d5ef0ddec341ff4d19b176968ffe5d9592.e3iSbxaKaheRe34Sa3yKbhiTahb0n6jAmljGr5XDqQLvpAe HTTP/1.1" 200 329
181.50.241.109 - - [13/Oct/2014:15:40:57 -0500] "POST /forms/lservlet;jsessionid=ac16012b30d5ef0ddec341ff4d19b176968ffe5d9592.e3iSbxaKaheRe34Sa3yKbhiTahb0n6jAmljGr5XDqQLvpAe HTTP/1.1" 200 329
181.50.241.109 - - [13/Oct/2014:15:40:58 -0500] "POST /forms/lservlet;jsessionid=ac16012b30d5ef0ddec341ff4d19b176968ffe5d9592.e3iSbxaKaheRe34Sa3yKbhiTahb0n6jAmljGr5XDqQLvpAe HTTP/1.1" 200 383
186.81.157.186 - - [13/Oct/2014:15:40:59 -0500] "POST /Report2/login.do;jsessionid=8BDF807094989F79A7C72977E6716012 HTTP/1.1" 200 4298
181.50.241.109 - - [13/Oct/2014:15:40:59 -0500] "POST /forms/lservlet;jsessionid=ac16012b30d5ef0ddec341ff4d19b176968ffe5d9592.e3iSbxaKaheRe34Sa3yKbhiTahb0n6jAmljGr5XDqQLvpAe HTTP/1.1" 200 391
181.50.241.109 - - [13/Oct/2014:15:40:59 -0500] "POST /forms/lservlet;jsessionid=ac16012b30d5ef0ddec341ff4d19b176968ffe5d9592.e3iSbxaKaheRe34Sa3yKbhiTahb0n6jAmljGr5XDqQLvpAe HTTP/1.1" 200 175
181.50.241.109 - - [13/Oct/2014:15:40:59 -0500] "POST /forms/lservlet;jsessionid=ac16012b30d5ef0ddec341ff4d19b176968ffe5d9592.e3iSbxaKaheRe34Sa3yKbhiTahb0n6jAmljGr5XDqQLvpAe HTTP/1.1" 200 176
181.50.241.109 - - [13/Oct/2014:15:41:00 -0500] "POST /forms/lservlet;jsessionid=ac16012b30d5ef0ddec341ff4d19b176968ffe5d9592.e3iSbxaKaheRe34Sa3yKbhiTahb0n6jAmljGr5XDqQLvpAe HTTP/1.1" 200 176
181.50.241.109 - - [13/Oct/2014:15:41:00 -0500] "POST /forms/lservlet;jsessionid=ac16012b30d5ef0ddec341ff4d19b176968ffe5d9592.e3iSbxaKaheRe34Sa3yKbhiTahb0n6jAmljGr5XDqQLvpAe HTTP/1.1" 200 326
181.50.241.109 - - [13/Oct/2014:15:41:00 -0500] "POST /forms/lservlet;jsessionid=ac16012b30d5ef0ddec341ff4d19b176968ffe5d9592.e3iSbxaKaheRe34Sa3yKbhiTahb0n6jAmljGr5XDqQLvpAe HTTP/1.1" 200 329
181.50.241.109 - - [13/Oct/2014:15:41:00 -0500] "POST /forms/lservlet;jsessionid=ac16012b30d5ef0ddec341ff4d19b176968ffe5d9592.e3iSbxaKaheRe34Sa3yKbhiTahb0n6jAmljGr5XDqQLvpAe HTTP/1.1" 200 321
181.50.241.109 - - [13/Oct/2014:15:41:01 -0500] "POST /forms/lservlet;jsessionid=ac16012b30d5ef0ddec341ff4d19b176968ffe5d9592.e3iSbxaKaheRe34Sa3yKbhiTahb0n6jAmljGr5XDqQLvpAe HTTP/1.1" 200 321
181.50.241.109 - - [13/Oct/2014:15:41:02 -0500] "POST /forms/lservlet;jsessionid=ac16012b30d5ef0ddec341ff4d19b176968ffe5d9592.e3iSbxaKaheRe34Sa3yKbhiTahb0n6jAmljGr5XDqQLvpAe HTTP/1.1" 200 328
66.249.79.75 - - [13/Oct/2014:15:41:05 -0500] "GET /BLA/resoluciones/AUTOS%202008/0161.pdf HTTP/1.1" 200 94942
186.81.157.186 - - [13/Oct/2014:15:41:08 -0500] "POST /Report2/login.do HTTP/1.1" 200 14506
186.81.157.186 - - [13/Oct/2014:15:41:08 -0500] "GET /birtApps/webcontent/birt/admin/js/1ibre/jscalendar/calendar-win2k-1.css HTTP/1.1" 404 1278
186.81.157.186 - - [13/Oct/2014:15:41:08 -0500] "GET /Report2/css/dialog.css HTTP/1.1" 200 1243
186.81.157.186 - - [13/Oct/2014:15:41:08 -0500] "GET /birtApps/webcontent/birt/admin/css/report.css HTTP/1.1" 404 1278
186.81.157.186 - - [13/Oct/2014:15:41:08 -0500] "GET /birtApps/webcontent/birt/admin/css/containers.css HTTP/1.1" 404 1278
186.81.157.186 - - [13/Oct/2014:15:41:08 -0500] "GET /birtApps/webcontent/birt/admin/js/yui/fonts-min.css HTTP/1.1" 404 1278
186.81.157.186 - - [13/Oct/2014:15:41:08 -0500] "GET /birtApps/webcontent/birt/admin/js/yui/tabview.css HTTP/1.1" 404 1278
186.81.157.186 - - [13/Oct/2014:15:41:08 -0500] "GET /birtApps/webcontent/birt/admin/css/dtree.css HTTP/1.1" 404 1278
186.81.157.186 - - [13/Oct/2014:15:41:08 -0500] "GET /birtApps/webcontent/birt/admin/css/client.css HTTP/1.1" 404 1278
186.81.157.186 - - [13/Oct/2014:15:41:08 -0500] "GET /birtApps/webcontent/birt/admin/css/popup.css HTTP/1.1" 404 1278
186.81.157.186 - - [13/Oct/2014:15:41:08 -0500] "GET /birtApps/webcontent/birt/admin/css/autocomplete.css HTTP/1.1" 404 1278
186.81.157.186 - - [13/Oct/2014:15:41:08 -0500] "GET /birtApps/webcontent/birt/admin/js/1ibre/protoaculous.js HTTP/1.1" 404 1278
186.81.157.186 - - [13/Oct/2014:15:41:08 -0500] "GET /birtApps/webcontent/birt/admin/js/1ibre/1ibre.js HTTP/1.1" 404 1278
186.81.157.186 - - [13/Oct/2014:15:41:08 -0500] "GET /birtApps/webcontent/birt/admin/js/1ibre/jscalendar/calendar.js HTTP/1.1" 404 1278
186.81.157.186 - - [13/Oct/2014:15:41:08 -0500] "GET /birtApps/webcontent/birt/admin/js/1ibre/jscalendar/calendar-setup.js HTTP/1.1" 404 1278
186.81.157.186 - - [13/Oct/2014:15:41:08 -0500] "GET /birtApps/webcontent/birt/admin/js/1ibre/jscalendar/lang/calendar-es.js HTTP/1.1" 404 1278
186.81.157.186 - - [13/Oct/2014:15:41:08 -0500] "GET /birtApps/webcontent/birt/admin/js/jquery_layout/jquery-latest.js HTTP/1.1" 404 1278
186.81.157.186 - - [13/Oct/2014:15:41:08 -0500] "GET /birtApps/webcontent/birt/admin/js/jquery_layout/jquery-ui-latest.js HTTP/1.1" 404 1278
186.81.157.186 - - [13/Oct/2014:15:41:08 -0500] "GET /birtApps/webcontent/birt/admin/js/jquery_layout/jquery.layout-latest.js HTTP/1.1" 404 1278
186.81.157.186 - - [13/Oct/2014:15:41:08 -0500] "GET /birtApps/webcontent/birt/admin/js/autocompletar2.js HTTP/1.1" 404 1278
186.81.157.186 - - [13/Oct/2014:15:41:08 -0500] "GET /birtApps/webcontent/birt/admin/js/yui/yahoo-dom-event.js HTTP/1.1" 404 1278
186.81.157.186 - - [13/Oct/2014:15:41:08 -0500] "GET /birtApps/webcontent/birt/admin/js/yui/element-min.js HTTP/1.1" 404 1278
186.81.157.186 - - [13/Oct/2014:15:41:08 -0500] "GET /birtApps/webcontent/birt/admin/js/yui/tabview-min.js HTTP/1.1" 404 1278
186.81.157.186 - - [13/Oct/2014:15:41:08 -0500] "GET /birtApps/webcontent/birt/admin/js/dtree.js HTTP/1.1" 404 1278
186.81.157.186 - - [13/Oct/2014:15:41:08 -0500] "GET /birtApps/webcontent/birt/admin/js/client.js HTTP/1.1" 404 1278
186.81.157.186 - - [13/Oct/2014:15:41:08 -0500] "GET /birtApps/webcontent/birt/admin/img/expand_all.gif HTTP/1.1" 404 1278
186.81.157.186 - - [13/Oct/2014:15:41:08 -0500] "GET /Report2/img/salir.gif HTTP/1.1" 200 1271
186.81.157.186 - - [13/Oct/2014:15:41:08 -0500] "GET /birtApps/webcontent/birt/admin/img/collapse_all.gif HTTP/1.1" 404 1278
186.81.157.186 - - [13/Oct/2014:15:41:08 -0500] "GET /birtApps/webcontent/birt/admin/css/images/magnifier.png HTTP/1.1" 404 1278
186.81.157.186 - - [13/Oct/2014:15:41:08 -0500] "GET /birtApps/webcontent/birt/admin/img/loading.gif HTTP/1.1" 404 1278
186.81.157.186 - - [13/Oct/2014:15:41:08 -0500] "GET /birtApps/webcontent/birt/admin/img/go-lt-off.gif HTTP/1.1" 404 1278
186.81.157.186 - - [13/Oct/2014:15:41:08 -0500] "GET /Report2/img/cliente/background1.png HTTP/1.1" 200 21665
186.81.157.186 - - [13/Oct/2014:15:41:08 -0500] "GET /Report2/img/cliente/right1.png HTTP/1.1" 200 35254
186.81.157.186 - - [13/Oct/2014:15:41:08 -0500] "GET /Report2/img/cliente/left1.png HTTP/1.1" 200 102134
190.25.47.227 - - [13/Oct/2014:15:40:45 -0500] "POST /forest/usutareas.do? HTTP/1.1" 200 201
200.118.149.231 - - [13/Oct/2014:15:41:26 -0500] "GET /BLA/boletinlegal/js/jquery.scrollTo-min.js HTTP/1.1" 200 1150
200.118.149.231 - - [13/Oct/2014:15:41:26 -0500] "GET /BLA/boletinlegal/js/jquery.js HTTP/1.1" 200 57254
200.118.149.231 - - [13/Oct/2014:15:41:26 -0500] "GET /BLA/boletinlegal/js/jquery.scrollShow.js HTTP/1.1" 200 4586
66.249.79.83 - - [13/Oct/2014:15:41:27 -0500] "GET /BLA/resoluciones/AUTOS%202008/1594.pdf HTTP/1.1" 200 140230
74.86.158.107 - - [13/Oct/2014:15:41:28 -0500] "HEAD / HTTP/1.1" 302 -
181.50.241.109 - - [13/Oct/2014:15:41:31 -0500] "POST /forms/lservlet;jsessionid=ac16012b30d5ef0ddec341ff4d19b176968ffe5d9592.e3iSbxaKaheRe34Sa3yKbhiTahb0n6jAmljGr5XDqQLvpAe HTTP/1.1" 200 2
66.249.79.67 - - [13/Oct/2014:15:41:48 -0500] "GET /BLA/resoluciones/AUTOS%202008/2119.pdf HTTP/1.1" 200 95482
66.249.79.67 - - [13/Oct/2014:15:41:54 -0500] "GET /BLA/resoluciones/RESOLUCIONES%202011/0456.pdf HTTP/1.1" 200 73293
190.25.47.227 - - [13/Oct/2014:15:41:26 -0500] "POST /forest/usutareas.do? HTTP/1.1" 200 201
190.25.47.227 - - [13/Oct/2014:15:42:02 -0500] "GET /forest/usudocumentos.do?_a=0.6652050544507802&group_system_actual=3 HTTP/1.1" 200 111178
190.25.47.227 - - [13/Oct/2014:15:42:03 -0500] "GET /forest/session.jsp?a=0.8888515927828848 HTTP/1.1" 200 4
190.251.54.86 - - [13/Oct/2014:15:42:07 -0500] "GET /autoliquidacion/index.php?dir=TR%C1MITES+ACEITES-RESIDUOS-ESTACIONES%2FREGISTRO+COMO+ACOPIADOR+PRIMARIO%2F HTTP/1.1" 200 3288
190.251.54.86 - - [13/Oct/2014:15:42:07 -0500] "GET /autoliquidacion/dlf/styles.css HTTP/1.1" 200 3045
190.251.54.86 - - [13/Oct/2014:15:42:07 -0500] "GET /autoliquidacion/dlf/dirup.png HTTP/1.1" 200 644
190.251.54.86 - - [13/Oct/2014:15:42:07 -0500] "GET /autoliquidacion/dlf/xls.gif HTTP/1.1" 200 636
190.251.54.86 - - [13/Oct/2014:15:42:07 -0500] "GET /autoliquidacion/dlf/bg.gif HTTP/1.1" 200 54
190.251.54.86 - - [13/Oct/2014:15:42:07 -0500] "GET /autoliquidacion/dlf/doc.gif HTTP/1.1" 200 1079
190.251.54.86 - - [13/Oct/2014:15:42:07 -0500] "GET /favicon.ico HTTP/1.1" 200 7782
66.249.79.83 - - [13/Oct/2014:15:42:09 -0500] "GET /BLA/resoluciones/AUTOS%202008/2923.pdf HTTP/1.1" 200 75570
190.251.54.86 - - [13/Oct/2014:15:42:18 -0500] "GET /BLA/boletinlegal/js/jquery.js HTTP/1.1" 200 57254
190.251.54.86 - - [13/Oct/2014:15:42:18 -0500] "GET /BLA/boletinlegal/js/jquery.scrollTo-min.js HTTP/1.1" 200 1150
190.251.54.86 - - [13/Oct/2014:15:42:18 -0500] "GET /BLA/boletinlegal/js/jquery.scrollShow.js HTTP/1.1" 200 4586
190.25.47.227 - - [13/Oct/2014:15:42:16 -0500] "GET /forest/usutareas.do?_a=0.023601029068231583&group_system_actual=3 HTTP/1.1" 200 169777
190.25.47.227 - - [13/Oct/2014:15:38:22 -0500] "GET /ForestMSG_SDA/channelAsync/template_word_14915695?X-Atmosphere-tracking-id=e6c94245-7f7e-5338-33c4-107893e7201e&X-Atmosphere-Framework=1.0.5&X-Atmosphere-Transport=long-polling&tabid=0.23975134454667568&X-Cache-Date=0&Content-Type=application/xml&_=1413232896149 HTTP/1.1" 200 8193
190.25.47.227 - - [13/Oct/2014:15:42:19 -0500] "GET /forest/session.jsp?a=0.8549685378093272 HTTP/1.1" 200 4
190.25.47.227 - - [13/Oct/2014:15:42:19 -0500] "GET /forest/actions/forms.getMappedValues?id=IGS_NoCarasExpo53&value=1&codForm=Soli_Elem_Ext_Vis&a=0.7987083445768803 HTTP/1.1" 200 38
190.25.47.227 - - [13/Oct/2014:15:42:19 -0500] "GET /forest/actions/forms.getMappedValues?id=IGS_UbicacionPubliciad23&value=5&codForm=Soli_Elem_Ext_Vis&a=0.9941111435182393 HTTP/1.1" 200 27
190.25.47.227 - - [13/Oct/2014:15:42:19 -0500] "GET /forest/actions/forms.getMappedValues?id=IGS_UbicacionPubliciad23&value=5&codForm=Soli_Elem_Ext_Vis&a=0.5966848651878536 HTTP/1.1" 200 27
190.25.47.227 - - [13/Oct/2014:15:42:19 -0500] "GET /forest/actions/forms.getMappedValues?id=IGS_NoCarasExpo53&value=1&codForm=Soli_Elem_Ext_Vis&a=0.4051138674840331 HTTP/1.1" 200 38
190.25.47.227 - - [13/Oct/2014:15:42:29 -0500] "GET /forest/skins/gdocs-jar/popup/direccion.jsp?callfromform=form_field123&a=0.4514658390544355 HTTP/1.1" 200 12429
66.249.79.83 - - [13/Oct/2014:15:42:30 -0500] "GET /BLA/resoluciones/AUTOS%202008/1573.pdf HTTP/1.1" 200 173132
66.249.79.75 - - [13/Oct/2014:15:42:33 -0500] "GET /BLA/resoluciones/RESOLUCIONES%202008/4863.pdf HTTP/1.1" 304 -
190.251.54.86 - - [13/Oct/2014:15:42:36 -0500] "GET /autoliquidacion/TR%C3%81MITES%20ACEITES-RESIDUOS-ESTACIONES/REGISTRO%20COMO%20ACOPIADOR%20PRIMARIO/FORMATOINSCRIPCIONACOPIADORES%20PRIMARIOS(nOV09DE2011).doc HTTP/1.1" 200 804352
100.43.85.25 - - [13/Oct/2014:15:42:45 -0500] "GET /counter/demo.php?digit=modocr HTTP/1.1" 404 1019
66.249.79.83 - - [13/Oct/2014:15:42:51 -0500] "GET /BLA/resoluciones/AUTOS%202008/2541.pdf HTTP/1.1" 200 88805
181.54.192.119 - - [13/Oct/2014:15:42:57 -0500] "GET /BLA/resoluciones/RESOLUCIONES%202007/RES%202007%201101%20AL%201200/RESOLUCION%201164%20DE%202007.pdf HTTP/1.1" 200 508038
181.54.192.119 - - [13/Oct/2014:15:42:57 -0500] "GET /BLA/resoluciones/RESOLUCIONES%202007/RES%202007%201101%20AL%201200/RESOLUCION%201164%20DE%202007.pdf HTTP/1.1" 206 32768
181.54.192.119 - - [13/Oct/2014:15:42:57 -0500] "GET /BLA/resoluciones/RESOLUCIONES%202007/RES%202007%201101%20AL%201200/RESOLUCION%201164%20DE%202007.pdf HTTP/1.1" 206 475270
181.54.192.119 - - [13/Oct/2014:15:42:58 -0500] "GET /favicon.ico HTTP/1.1" 200 7782
66.249.79.67 - - [13/Oct/2014:15:43:08 -0500] "GET /BLA/resoluciones/AUTOS%202011/1877.pdf HTTP/1.1" 200 153667
66.249.79.67 - - [13/Oct/2014:15:43:09 -0500] "GET /BLA/resoluciones/RESOLUCIONES%202004/RES%202004%201151-1200/00001196.tif HTTP/1.1" 200 189038
66.249.79.83 - - [13/Oct/2014:15:43:12 -0500] "GET /BLA/resoluciones/AUTOS%202008/0700.pdf HTTP/1.1" 200 82255
190.25.47.227 - - [13/Oct/2014:15:42:48 -0500] "POST /forest/usutareas.do? HTTP/1.1" 200 201
201.245.192.253 - - [13/Oct/2014:15:43:16 -0500] "GET /forest/js/jquery/plugins/jquery.contextmenu.js HTTP/1.1" 304 -
181.50.241.109 - - [13/Oct/2014:15:43:31 -0500] "POST /forms/lservlet;jsessionid=ac16012b30d5ef0ddec341ff4d19b176968ffe5d9592.e3iSbxaKaheRe34Sa3yKbhiTahb0n6jAmljGr5XDqQLvpAe HTTP/1.1" 200 2
66.249.79.83 - - [13/Oct/2014:15:43:33 -0500] "GET /BLA/resoluciones/RESOLUCIONES%202009/8881.pdf HTTP/1.1" 200 446111
190.25.47.227 - - [13/Oct/2014:15:43:20 -0500] "POST /forest/usutareas.do? HTTP/1.1" 200 201
66.249.79.83 - - [13/Oct/2014:15:43:55 -0500] "GET /BLA/resoluciones/RESOLUCIONES%202007/RES%202007%203101%20AL%203200/RESOLUCION%203191%20DE%202007.pdf HTTP/1.1" 200 702698
66.249.79.75 - - [13/Oct/2014:15:44:16 -0500] "GET /BLA/resoluciones/RESOLUCIONES%202007/RES%202007%202501%20AL%202600/RESOLUCION%202542%20DE%202007.pdf HTTP/1.1" 304 -
201.245.192.253 - - [13/Oct/2014:15:44:16 -0500] "GET /forest/img/fondo-barra.gif HTTP/1.1" 304 -
66.249.79.83 - - [13/Oct/2014:15:44:23 -0500] "GET /BLA/resoluciones/RESOLUCIONES%202007/RES%202007%202201%20AL%202300/RESOLUCION%202266%20DE%202007.pdf HTTP/1.1" 200 962575
190.25.47.227 - - [13/Oct/2014:15:42:18 -0500] "GET /ForestMSG_SDA/channelAsync/template_word_14915695?X-Atmosphere-tracking-id=db6eb3bc-7b6a-5b47-6950-30c3ac4011d8&X-Atmosphere-Framework=1.0.5&X-Atmosphere-Transport=long-polling&tabid=0.1829439839348197&X-Cache-Date=0&Content-Type=application/xml&_=1413233132589 HTTP/1.1" 200 8193
66.249.79.67 - - [13/Oct/2014:15:44:31 -0500] "GET /BLA/resoluciones/RESOLUCIONES%202007/RES%202007%202301%20AL%202400/RESOLUCION%202347%20DE%202007.pdf HTTP/1.1" 304 -
201.245.192.253 - - [13/Oct/2014:15:44:36 -0500] "GET /forest/js/jquery/plugins/grid.setcolumns.js HTTP/1.1" 304 -
66.249.79.67 - - [13/Oct/2014:15:44:37 -0500] "GET /BLA/resoluciones/Notificaciones/AUTOS%202014/2905.doc HTTP/1.1" 304 -
66.249.79.67 - - [13/Oct/2014:15:44:58 -0500] "GET /BLA/resoluciones/RESOLUCIONES%202010/6667.pdf HTTP/1.1" 200 670490
66.249.79.83 - - [13/Oct/2014:15:44:59 -0500] "GET /BLA/resoluciones/RESOLUCIONES%202007/RES%202007%203001%20AL%203100/RESOLUCION%203049%20DE%202007.pdf HTTP/1.1" 200 48126
186.145.94.142 - - [13/Oct/2014:15:45:17 -0500] "GET /BLA/boletinlegal/js/jquery.js HTTP/1.1" 200 57254
186.145.94.142 - - [13/Oct/2014:15:45:17 -0500] "GET /BLA/boletinlegal/js/jquery.scrollTo-min.js HTTP/1.1" 200 1150
186.145.94.142 - - [13/Oct/2014:15:45:17 -0500] "GET /BLA/boletinlegal/js/jquery.scrollShow.js HTTP/1.1" 200 4586
