66.249.79.83 - - [13/Oct/2014:07:01:17 -0500] "GET /BLA/resoluciones/AUTOS%202011/2693.pdf HTTP/1.1" 200 116500
74.86.158.107 - - [13/Oct/2014:07:01:29 -0500] "HEAD / HTTP/1.1" 302 -
66.249.79.67 - - [13/Oct/2014:07:01:48 -0500] "GET /BLA/resoluciones/AUTOS%202009/0526.pdf HTTP/1.1" 304 -
66.249.79.83 - - [13/Oct/2014:07:01:49 -0500] "GET /BLA/resoluciones/index.php?dir=RESOLUCIONES%202003/RES%202003%201451-1500/&sort=date&order=desc HTTP/1.1" 200 12158
66.249.79.75 - - [13/Oct/2014:07:02:19 -0500] "GET /BLA/resoluciones/RESOLUCIONES%202008/2730.pdf HTTP/1.1" 304 -
74.208.180.84 - - [13/Oct/2014:07:02:27 -0500] "GET /wordpress/wordpress/wp-admin/ HTTP/1.1" 404 1018
66.249.79.83 - - [13/Oct/2014:07:02:50 -0500] "GET /BLA/resoluciones/RESOLUCIONES%202010/3129.pdf HTTP/1.1" 304 -
180.76.6.61 - - [13/Oct/2014:07:02:51 -0500] "GET /BLA/resoluciones/RESOLUCIONES%202011/1138.pdf HTTP/1.1" 200 263991
180.76.6.42 - - [13/Oct/2014:07:02:59 -0500] "GET /dama/libreria/php/decide.php?patron=03.1305020113&numm=46 HTTP/1.1" 404 1019
66.249.79.67 - - [13/Oct/2014:07:03:21 -0500] "GET /BLA/resoluciones/RESOLUCIONES%202007/RES%202007%201726%20AL%201800/RESOLUCION%201755%20DE%202007.pdf HTTP/1.1" 304 -
186.147.66.232 - - [13/Oct/2014:07:04:12 -0500] "GET /forest/session.jsp?a=0.36826286651194096 HTTP/1.1" 200 4
201.244.119.99 - - [13/Oct/2014:07:04:20 -0500] "GET /BLA/boletinlegal/js/jquery.js HTTP/1.1" 200 57254
201.244.119.99 - - [13/Oct/2014:07:04:20 -0500] "GET /BLA/boletinlegal/js/jquery.scrollTo-min.js HTTP/1.1" 200 1150
201.244.119.99 - - [13/Oct/2014:07:04:20 -0500] "GET /BLA/boletinlegal/js/jquery.scrollShow.js HTTP/1.1" 200 4586
201.244.119.99 - - [13/Oct/2014:07:04:20 -0500] "GET /galeria/carrusel/Carrusel/jquery.thumbnailScroller.css HTTP/1.1" 200 2066
201.244.119.99 - - [13/Oct/2014:07:04:20 -0500] "GET /galeria/carrusel/Carrusel/jquery-ui-1.8.13.custom.min.js HTTP/1.1" 200 10800
201.244.119.99 - - [13/Oct/2014:07:04:20 -0500] "GET /galeria/carrusel/Carrusel/jquery.thumbnailScroller.js HTTP/1.1" 200 8157
201.244.119.99 - - [13/Oct/2014:07:04:22 -0500] "GET /galeria/nivo-slider/demo/demo.html HTTP/1.1" 200 3315
201.244.119.99 - - [13/Oct/2014:07:04:22 -0500] "GET /galeria/nivo-slider/themes/default/default.css HTTP/1.1" 200 1569
66.249.79.83 - - [13/Oct/2014:07:04:22 -0500] "GET /BLA/resoluciones/RESOLUCIONES%202011/4769.pdf HTTP/1.1" 304 -
201.244.119.99 - - [13/Oct/2014:07:04:22 -0500] "GET /galeria/nivo-slider/themes/pascal/pascal.css HTTP/1.1" 200 2258
201.244.119.99 - - [13/Oct/2014:07:04:22 -0500] "GET /galeria/nivo-slider/themes/orman/orman.css HTTP/1.1" 200 2152
201.244.119.99 - - [13/Oct/2014:07:04:22 -0500] "GET /galeria/nivo-slider/nivo-slider.css HTTP/1.1" 200 1507
201.244.119.99 - - [13/Oct/2014:07:04:22 -0500] "GET /galeria/nivo-slider/demo/style.css HTTP/1.1" 200 2222
201.244.119.99 - - [13/Oct/2014:07:04:23 -0500] "GET /galeria/nivo-slider/demo/scripts/jquery-1.7.1.min.js HTTP/1.1" 200 93868
201.244.119.99 - - [13/Oct/2014:07:04:23 -0500] "GET /galeria/nivo-slider/jquery.nivo.slider.pack.js HTTP/1.1" 200 11561
201.244.119.99 - - [13/Oct/2014:07:04:23 -0500] "GET /galeria/nivo-slider/demo/images/EncuentroAgua1.jpg HTTP/1.1" 200 274179
201.244.119.99 - - [13/Oct/2014:07:04:23 -0500] "GET /galeria/nivo-slider/demo/images/banner-Animal.jpg HTTP/1.1" 200 257223
201.244.119.99 - - [13/Oct/2014:07:04:23 -0500] "GET /galeria/nivo-slider/demo/images/Tingua-azul.jpg HTTP/1.1" 200 307638
201.244.119.99 - - [13/Oct/2014:07:04:23 -0500] "GET /galeria/nivo-slider/demo/images/Banner-Caracol-Africano.jpg HTTP/1.1" 200 331986
201.244.119.99 - - [13/Oct/2014:07:04:23 -0500] "GET /galeria/nivo-slider/demo/images/9Signos.jpg HTTP/1.1" 200 93040
201.244.119.99 - - [13/Oct/2014:07:04:23 -0500] "GET /galeria/nivo-slider/demo/images/banner-encuesta.jpg HTTP/1.1" 200 42764
201.244.119.99 - - [13/Oct/2014:07:04:23 -0500] "GET /galeria/nivo-slider/demo/images/banner-llantas2.jpg HTTP/1.1" 200 73153
201.244.119.99 - - [13/Oct/2014:07:04:23 -0500] "GET /galeria/nivo-slider/demo/images/banner-caballos.png HTTP/1.1" 200 389106
201.244.119.99 - - [13/Oct/2014:07:04:23 -0500] "GET /galeria/nivo-slider/demo/images/ConstructorasFNL.jpg HTTP/1.1" 200 216551
201.244.119.99 - - [13/Oct/2014:07:04:25 -0500] "GET /galeria/nivo-slider/demo/images/4Simple_Slider.png HTTP/1.1" 200 11722
201.244.119.99 - - [13/Oct/2014:07:04:23 -0500] "GET /galeria/nivo-slider/themes/default/loading.gif HTTP/1.1" 200 1737
201.244.119.99 - - [13/Oct/2014:07:04:23 -0500] "GET /galeria/nivo-slider/demo/images/bannerEcolecta3.jpg HTTP/1.1" 200 280034
201.244.119.99 - - [13/Oct/2014:07:04:23 -0500] "GET /galeria/nivo-slider/demo/images/Hacienda_Molinos.jpg HTTP/1.1" 200 319171
201.244.119.99 - - [13/Oct/2014:07:04:29 -0500] "GET /galeria/nivo-slider/themes/default/arrows.png HTTP/1.1" 200 824
201.244.119.99 - - [13/Oct/2014:07:04:29 -0500] "GET /galeria/nivo-slider/themes/default/bullets.png HTTP/1.1" 200 1281
66.249.79.67 - - [13/Oct/2014:07:04:53 -0500] "GET /BLA/resoluciones/RESOLUCIONES%202007/RES%202007%201201%20AL%201300/RESOLUCION%201205%20DE%202007.pdf HTTP/1.1" 200 390506
66.249.79.83 - - [13/Oct/2014:07:05:24 -0500] "GET /BLA/resoluciones/RESOLUCIONES%202011/3849.pdf HTTP/1.1" 200 294271
66.249.79.67 - - [13/Oct/2014:07:05:55 -0500] "GET /BLA/resoluciones/RESOLUCIONES%202008/1671.pdf HTTP/1.1" 200 155068
66.249.79.75 - - [13/Oct/2014:07:06:16 -0500] "GET /BLA/resoluciones/RESOLUCIONES%202005/RES%202005%20251-300/00000300.tif HTTP/1.1" 200 143040
66.249.79.67 - - [13/Oct/2014:07:06:25 -0500] "GET /BLA/resoluciones/AUTOS%202008/3409.pdf HTTP/1.1" 200 100395
74.86.158.107 - - [13/Oct/2014:07:06:29 -0500] "HEAD / HTTP/1.1" 302 -
66.249.64.171 - - [13/Oct/2014:07:06:56 -0500] "GET /BLA/resoluciones/RESOLUCIONES%202014/0456.pdf HTTP/1.1" 304 -
190.254.54.80 - - [13/Oct/2014:07:07:05 -0500] "GET /galeria/nivo-slider/demo/demo.html HTTP/1.1" 200 3315
190.254.54.80 - - [13/Oct/2014:07:07:06 -0500] "GET /galeria/nivo-slider/demo/images/EncuentroAgua1.jpg HTTP/1.1" 200 274179
190.254.54.80 - - [13/Oct/2014:07:07:06 -0500] "GET /galeria/nivo-slider/demo/images/banner-Animal.jpg HTTP/1.1" 304 -
190.254.54.80 - - [13/Oct/2014:07:07:06 -0500] "GET /galeria/nivo-slider/demo/images/Banner-Caracol-Africano.jpg HTTP/1.1" 304 -
190.254.54.80 - - [13/Oct/2014:07:07:06 -0500] "GET /galeria/nivo-slider/demo/images/Tingua-azul.jpg HTTP/1.1" 304 -
190.254.54.80 - - [13/Oct/2014:07:07:06 -0500] "GET /galeria/nivo-slider/demo/images/9Signos.jpg HTTP/1.1" 304 -
190.254.54.80 - - [13/Oct/2014:07:07:06 -0500] "GET /galeria/nivo-slider/demo/images/banner-encuesta.jpg HTTP/1.1" 200 42764
190.254.54.80 - - [13/Oct/2014:07:07:06 -0500] "GET /galeria/nivo-slider/demo/images/banner-llantas2.jpg HTTP/1.1" 200 73153
190.254.54.80 - - [13/Oct/2014:07:07:06 -0500] "GET /galeria/nivo-slider/demo/images/banner-caballos.png HTTP/1.1" 200 389106
190.254.54.80 - - [13/Oct/2014:07:07:06 -0500] "GET /galeria/nivo-slider/demo/images/bannerEcolecta3.jpg HTTP/1.1" 304 -
190.254.54.80 - - [13/Oct/2014:07:07:11 -0500] "GET /videos/Spot_Tinguas.flv HTTP/1.1" 200 2087054
66.249.79.75 - - [13/Oct/2014:07:07:27 -0500] "GET /BLA/resoluciones/AUTOS%202014/1182.pdf HTTP/1.1" 200 381358
66.249.79.67 - - [13/Oct/2014:07:07:58 -0500] "GET /BLA/resoluciones/AUTOS%202008/1619.pdf HTTP/1.1" 200 64495
66.249.79.83 - - [13/Oct/2014:07:08:29 -0500] "GET /BLA/resoluciones/AUTOS%202008/3109.pdf HTTP/1.1" 200 68350
66.249.79.75 - - [13/Oct/2014:07:08:49 -0500] "GET /newsecs1/ecoX.htm HTTP/1.1" 404 1018
66.249.79.67 - - [13/Oct/2014:07:08:59 -0500] "GET /Residuos/quimicos/files/search/search6.xml HTTP/1.1" 404 1018
66.249.79.67 - - [13/Oct/2014:07:09:30 -0500] "GET /BLA/resoluciones/AUTOS%202008/1495.pdf HTTP/1.1" 200 237957
180.76.6.21 - - [13/Oct/2014:07:09:43 -0500] "GET /BLA/resoluciones/RESOLUCIONES%202011/0741.pdf HTTP/1.1" 200 66907
66.249.79.83 - - [13/Oct/2014:07:10:01 -0500] "GET /BLA/resoluciones/RESOLUCIONES%202013/0407.pdf HTTP/1.1" 304 -
180.76.5.94 - - [13/Oct/2014:07:10:10 -0500] "GET /BLA/resoluciones/AUTOS%202007/0529.pdf HTTP/1.1" 200 92702
66.249.79.103 - - [13/Oct/2014:07:10:20 -0500] "GET /htdocs/gallery2/g2data/cache/derivative/1/0/1006-meta.inc HTTP/1.1" 404 1019
66.249.79.67 - - [13/Oct/2014:07:10:32 -0500] "GET /BLA/resoluciones/RESOLUCIONES%202007/RES%202007%202401%20AL%202500/RESOLUCION%202443%20DE%202007.pdf HTTP/1.1" 304 -
66.249.79.75 - - [13/Oct/2014:07:11:03 -0500] "GET /BLA/resoluciones/RESOLUCIONES%202014/1220.pdf HTTP/1.1" 304 -
74.86.158.107 - - [13/Oct/2014:07:11:29 -0500] "HEAD / HTTP/1.1" 302 -
66.249.79.83 - - [13/Oct/2014:07:11:34 -0500] "GET /BLA/resoluciones/RESOLUCIONES%202011/3289.pdf HTTP/1.1" 304 -
66.249.79.83 - - [13/Oct/2014:07:12:04 -0500] "GET /BLA/resoluciones/RESOLUCIONES%202010/7263.pdf HTTP/1.1" 304 -
180.76.5.143 - - [13/Oct/2014:07:12:05 -0500] "GET /BLA/resoluciones/AUTOS%202007/1876.pdf HTTP/1.1" 200 158021
66.249.79.83 - - [13/Oct/2014:07:12:35 -0500] "GET /BLA/resoluciones/RESOLUCIONES%202013/2071.pdf HTTP/1.1" 304 -
74.208.180.84 - - [13/Oct/2014:07:12:45 -0500] "GET /wordpress/wp-admin/ HTTP/1.1" 404 1018
66.249.79.67 - - [13/Oct/2014:07:13:06 -0500] "GET /BLA/resoluciones/RESOLUCIONES%202010/6564.pdf HTTP/1.1" 304 -
66.249.79.83 - - [13/Oct/2014:07:13:37 -0500] "GET /BLA/resoluciones/RESOLUCIONES%202007/RES%202007%201901%20AL%202000/RESOLUCION%201995%20DE%202007.pdf HTTP/1.1" 304 -
180.76.5.80 - - [13/Oct/2014:07:13:48 -0500] "GET /BLA/resoluciones/Autos%202008/2498.pdf HTTP/1.1" 200 92262
66.249.79.67 - - [13/Oct/2014:07:13:58 -0500] "GET /BLA/resoluciones/RESOLUCIONES%202002/RES%202002%20201-250/2002RES247.tif HTTP/1.1" 200 46154
66.249.79.75 - - [13/Oct/2014:07:14:08 -0500] "GET /BLA/resoluciones/RESOLUCIONES%202013/0298.pdf HTTP/1.1" 200 3140015
180.76.6.63 - - [13/Oct/2014:07:14:15 -0500] "GET /BLA/resoluciones/Autos%202008/0870.pdf HTTP/1.1" 200 84581
66.249.79.75 - - [13/Oct/2014:07:14:38 -0500] "GET /BLA/resoluciones/RESOLUCIONES%202010/2175.pdf HTTP/1.1" 304 -
66.249.79.83 - - [13/Oct/2014:07:15:09 -0500] "GET /BLA/resoluciones/RESOLUCIONES%202007/RES%202007%202201%20AL%202300/RESOLUCION%202263%20DE%202007.pdf HTTP/1.1" 304 -
180.76.5.168 - - [13/Oct/2014:07:15:29 -0500] "GET /phpold/reqibocalive3II.php HTTP/1.1" 404 1019
66.249.79.83 - - [13/Oct/2014:07:15:40 -0500] "GET /BLA/resoluciones/RESOLUCIONES%202010/1443.pdf HTTP/1.1" 304 -
191.108.190.136 - - [13/Oct/2014:07:15:40 -0500] "GET /BLA/boletinlegal/js/jquery.scrollTo-min.js HTTP/1.1" 200 1150
191.108.190.136 - - [13/Oct/2014:07:15:41 -0500] "GET /BLA/boletinlegal/js/jquery.js HTTP/1.1" 200 57254
191.108.190.136 - - [13/Oct/2014:07:15:41 -0500] "GET /BLA/boletinlegal/js/jquery.scrollShow.js HTTP/1.1" 200 4586
66.249.79.67 - - [13/Oct/2014:07:16:11 -0500] "GET /BLA/resoluciones/RESOLUCIONES%202012/1585.pdf HTTP/1.1" 304 -
74.86.158.107 - - [13/Oct/2014:07:16:29 -0500] "HEAD / HTTP/1.1" 302 -
66.249.79.75 - - [13/Oct/2014:07:16:42 -0500] "GET /BLA/resoluciones/RESOLUCIONES%202010/2637.pdf HTTP/1.1" 304 -
66.249.79.83 - - [13/Oct/2014:07:17:12 -0500] "GET /BLA/resoluciones/RESOLUCIONES%202007/RES%202007%203801%20AL%203900/RESOLUCION%203859%20DE%202007.pdf HTTP/1.1" 304 -
66.249.79.119 - - [13/Oct/2014:07:17:43 -0500] "GET /htdocs/counter/digits/fdr/ HTTP/1.1" 404 1019
66.249.79.75 - - [13/Oct/2014:07:18:14 -0500] "GET /BLA/resoluciones/RESOLUCIONES%202008/0411.pdf HTTP/1.1" 304 -
66.249.79.119 - - [13/Oct/2014:07:18:38 -0500] "GET /htdocs/counter/digits/katt165/ HTTP/1.1" 404 1019
66.249.79.67 - - [13/Oct/2014:07:18:45 -0500] "GET /BLA/resoluciones/RESOLUCIONES%202007/RES%202007%203001%20AL%203100/RESOLUCION%203077%20DE%202007.pdf HTTP/1.1" 200 768636
190.25.232.143 - - [13/Oct/2014:07:19:20 -0500] "GET /galeria/nivo-slider/themes/orman/orman.css HTTP/1.1" 304 -
66.249.79.83 - - [13/Oct/2014:07:19:47 -0500] "GET /BLA/resoluciones/RESOLUCIONES%202013/0495.pdf HTTP/1.1" 304 -
66.249.79.67 - - [13/Oct/2014:07:20:17 -0500] "GET /BLA/resoluciones/RESOLUCIONES%202010/6990.pdf HTTP/1.1" 304 -
180.76.5.151 - - [13/Oct/2014:07:20:37 -0500] "GET /BLA/resoluciones/RESOLUCIONES%202011/1120.pdf HTTP/1.1" 200 249416
181.135.242.228 - - [13/Oct/2014:07:20:46 -0500] "GET /BLA/boletinlegal/js/jquery.scrollTo-min.js HTTP/1.1" 200 1150
181.135.242.228 - - [13/Oct/2014:07:20:46 -0500] "GET /BLA/boletinlegal/js/jquery.js HTTP/1.1" 200 57254
181.135.242.228 - - [13/Oct/2014:07:20:46 -0500] "GET /BLA/boletinlegal/js/jquery.scrollShow.js HTTP/1.1" 200 4586
66.249.79.75 - - [13/Oct/2014:07:20:48 -0500] "GET /BLA/resoluciones/RESOLUCIONES%202013/0894.pdf HTTP/1.1" 200 4545342
66.249.79.75 - - [13/Oct/2014:07:21:19 -0500] "GET /BLA/resoluciones/RESOLUCIONES%202007/RES%202007%203801%20AL%203900/RESOLUCION%203886%20DE%202007.pdf HTTP/1.1" 304 -
66.249.79.119 - - [13/Oct/2014:07:21:20 -0500] "GET /htdocs/gallery2/g2data/cache/derivative/1/1/1144-meta.inc HTTP/1.1" 404 1019
66.249.79.103 - - [13/Oct/2014:07:21:21 -0500] "GET /htdocs/counter/digits/neon/ HTTP/1.1" 404 1019
74.86.158.107 - - [13/Oct/2014:07:21:29 -0500] "HEAD / HTTP/1.1" 302 -
66.249.79.67 - - [13/Oct/2014:07:21:50 -0500] "GET /BLA/resoluciones/AUTOS%202012/2035.pdf HTTP/1.1" 304 -
186.7.81.82 - - [13/Oct/2014:07:21:56 -0500] "GET /BLA/boletinlegal/js/jquery.js HTTP/1.1" 200 57254
186.7.81.82 - - [13/Oct/2014:07:21:56 -0500] "GET /BLA/boletinlegal/js/jquery.scrollTo-min.js HTTP/1.1" 200 1150
186.7.81.82 - - [13/Oct/2014:07:21:56 -0500] "GET /BLA/boletinlegal/js/jquery.scrollShow.js HTTP/1.1" 200 4586
66.249.79.83 - - [13/Oct/2014:07:22:21 -0500] "GET /BLA/resoluciones/RESOLUCIONES%202007/RES%202007%204101%20AL%204200/RESOLUCION%204135%20DE%202007.pdf HTTP/1.1" 304 -
180.76.6.158 - - [13/Oct/2014:07:22:38 -0500] "GET /BLA/resoluciones/AUTOS%202010/0861.pdf HTTP/1.1" 200 251077
66.249.79.75 - - [13/Oct/2014:07:22:51 -0500] "GET /BLA/resoluciones/RESOLUCIONES%202013/0553.pdf HTTP/1.1" 304 -
74.208.180.84 - - [13/Oct/2014:07:23:00 -0500] "GET /blog/wp-admin/ HTTP/1.1" 404 1018
180.76.5.151 - - [13/Oct/2014:07:23:06 -0500] "GET /BLA/resoluciones/AUTOS%202010/3784.pdf HTTP/1.1" 200 227199
123.125.71.60 - - [13/Oct/2014:07:23:09 -0500] "GET /robots.txt HTTP/1.1" 404 1018
66.249.79.75 - - [13/Oct/2014:07:23:22 -0500] "GET /BLA/resoluciones/RESOLUCIONES%202012/0195.pdf HTTP/1.1" 304 -
66.249.79.67 - - [13/Oct/2014:07:23:51 -0500] "GET /publi/valla.htm HTTP/1.1" 404 1018
66.249.79.75 - - [13/Oct/2014:07:23:53 -0500] "GET /BLA/resoluciones/RESOLUCIONES%202011/0314.pdf HTTP/1.1" 304 -
186.145.51.115 - - [13/Oct/2014:07:24:02 -0500] "GET /BLA/resoluciones/AUTOS%202007/1541.pdf HTTP/1.1" 200 119542
66.249.79.75 - - [13/Oct/2014:07:24:24 -0500] "GET /autoliquidacion/TR%C3%81MITES%20VERTIMIENTOS/PERMISOS%20DE%20VERTIMIENTOS/ANEXO%20%205.%20%20MATRIZ%20PAR%C3%81METRSO%20ACTIVDADES%20PRODUCTIVAS.xls HTTP/1.1" 304 -
66.249.79.67 - - [13/Oct/2014:07:24:55 -0500] "GET /BLA/resoluciones/RESOLUCIONES%202010/4492.pdf HTTP/1.1" 200 402550
180.76.5.154 - - [13/Oct/2014:07:25:00 -0500] "GET /BLA/resoluciones/RESOLUCIONES%202008/1691.pdf HTTP/1.1" 200 226215
123.125.71.74 - - [13/Oct/2014:07:25:19 -0500] "GET /BLA/resoluciones/RESOLUCIONES%202008/2118.pdf HTTP/1.1" 200 327567
66.249.79.83 - - [13/Oct/2014:07:25:25 -0500] "GET /POT-2013/Cartografia/09_EEP.pdf HTTP/1.1" 200 3326963
180.76.6.132 - - [13/Oct/2014:07:25:27 -0500] "GET /BLA/resoluciones/AUTOS%202007/1959.pdf HTTP/1.1" 200 173712
200.116.1.38 - - [13/Oct/2014:07:25:49 -0500] "GET /BLA/resoluciones/RESOLUCIONES%202007/RES%202007%201401%20AL%201500/RESOLUCION%201443%20DE%202007.pdf HTTP/1.1" 200 218803
66.249.79.75 - - [13/Oct/2014:07:25:56 -0500] "GET /BLA/resoluciones/RESOLUCIONES%202013/0003.pdf HTTP/1.1" 200 2906193
66.249.79.119 - - [13/Oct/2014:07:26:22 -0500] "GET /phpold/tra/ HTTP/1.1" 404 1019
74.86.158.107 - - [13/Oct/2014:07:26:29 -0500] "HEAD / HTTP/1.1" 302 -
66.249.79.83 - - [13/Oct/2014:07:26:58 -0500] "GET /BLA/circulares/6.pdf HTTP/1.1" 304 -
66.249.79.75 - - [13/Oct/2014:07:27:29 -0500] "GET /BLA/resoluciones/RESOLUCIONES%202007/RES%202007%202501%20AL%202600/RESOLUCION%202542%20DE%202007.pdf HTTP/1.1" 304 -
66.249.79.83 - - [13/Oct/2014:07:27:59 -0500] "GET /autoliquidacion/TR%C3%81MITES%20VERTIMIENTOS/REGISTRO%20DE%20VERTIMIENTOS/formulario%20reg%20de%20vertimientos%20no%20domesticos.doc HTTP/1.1" 304 -
180.76.6.142 - - [13/Oct/2014:07:28:00 -0500] "GET /BLA/boletinlegal/normativa.php HTTP/1.1" 200 6978
31.31.73.93 - - [13/Oct/2014:07:28:38 -0500] "GET /robots.txt HTTP/1.0" 404 1015
31.31.73.93 - - [13/Oct/2014:07:28:48 -0500] "GET /Politica%20Distrital%20de%20Biodiversidad/%3C?%3E HTTP/1.0" 404 1015
31.31.73.93 - - [13/Oct/2014:07:29:00 -0500] "GET /even1/Secci%C3%B3n%201/ HTTP/1.0" 404 1015
31.31.73.93 - - [13/Oct/2014:07:29:06 -0500] "GET /even1/Secci%C3%B3n%202/ HTTP/1.0" 404 1015
31.31.73.93 - - [13/Oct/2014:07:29:14 -0500] "GET /even1/Secci%C3%B3n%203/ HTTP/1.0" 404 1015
186.116.92.80 - - [13/Oct/2014:07:29:17 -0500] "GET /BLA/boletinlegal/js/jquery.js HTTP/1.1" 200 57254
186.116.92.80 - - [13/Oct/2014:07:29:17 -0500] "GET /BLA/boletinlegal/js/jquery.scrollTo-min.js HTTP/1.1" 200 1150
186.116.92.80 - - [13/Oct/2014:07:29:17 -0500] "GET /BLA/boletinlegal/js/jquery.scrollShow.js HTTP/1.1" 200 4586
66.249.79.75 - - [13/Oct/2014:07:29:18 -0500] "GET /BLA/resoluciones/RESOLUCIONES%202002/RES%202002%20501-550/00000523.tif HTTP/1.1" 200 195084
31.31.73.93 - - [13/Oct/2014:07:29:21 -0500] "GET /even1/Secci%C3%B3n%204/ HTTP/1.0" 404 1015
31.31.73.93 - - [13/Oct/2014:07:29:30 -0500] "GET /hum/FotosHumedales-Fb05/Fotos%20Fundaci%C3%B3n%20La%20Conejera/ HTTP/1.0" 404 1015
31.31.73.93 - - [13/Oct/2014:07:29:47 -0500] "GET /portalsiaccapacitaciones/Soportes%20Capacitaciones%20A%C3%B1o%202013 HTTP/1.0" 301 357
66.249.79.83 - - [13/Oct/2014:07:29:58 -0500] "GET /new/map9.htm HTTP/1.1" 404 1018
31.31.73.93 - - [13/Oct/2014:07:29:58 -0500] "GET /portalsiaccapacitaciones/Soportes%20Capacitaciones%20A%c3%b1o%202013/ HTTP/1.0" 200 16997
31.31.73.93 - - [13/Oct/2014:07:30:10 -0500] "GET /portalsiaccapacitaciones/Soportes%20Capacitaciones%20A%C3%B1o%202014 HTTP/1.0" 301 357
31.31.73.93 - - [13/Oct/2014:07:30:18 -0500] "GET /portalsiaccapacitaciones/Soportes%20Capacitaciones%20A%c3%b1o%202014/ HTTP/1.0" 200 11491
31.31.73.93 - - [13/Oct/2014:07:30:32 -0500] "GET /robots.txt HTTP/1.0" 404 1019
157.55.39.39 - - [13/Oct/2014:07:30:35 -0500] "GET / HTTP/1.1" 302 -
31.31.73.93 - - [13/Oct/2014:07:30:41 -0500] "GET /Politica%20Distrital%20de%20Biodiversidad/%3C?%3E HTTP/1.0" 404 1019
31.31.73.93 - - [13/Oct/2014:07:30:50 -0500] "GET /hum/FotosHumedales-Fb05/Fotos%20Fundaci%C3%B3n%20La%20Conejera/ HTTP/1.0" 404 1019
31.31.73.93 - - [13/Oct/2014:07:31:06 -0500] "GET /portalsiaccapacitaciones/Soportes%20Capacitaciones%20A%C3%B1o%202013 HTTP/1.0" 301 365
31.31.73.93 - - [13/Oct/2014:07:31:15 -0500] "GET /portalsiaccapacitaciones/Soportes%20Capacitaciones%20A%c3%b1o%202013/ HTTP/1.0" 200 17001
31.31.73.93 - - [13/Oct/2014:07:31:28 -0500] "GET /portalsiaccapacitaciones/Soportes%20Capacitaciones%20A%C3%B1o%202014 HTTP/1.0" 301 365
74.86.158.107 - - [13/Oct/2014:07:31:29 -0500] "HEAD / HTTP/1.1" 302 -
31.31.73.93 - - [13/Oct/2014:07:31:40 -0500] "GET /portalsiaccapacitaciones/Soportes%20Capacitaciones%20A%c3%b1o%202014/ HTTP/1.0" 200 11495
31.31.73.93 - - [13/Oct/2014:07:31:56 -0500] "GET /portel_dama/configuracion/Para%20Portel%20Instalaci%C3%B3n%20Nueva.sql HTTP/1.0" 404 1019
186.144.71.158 - - [13/Oct/2014:07:31:56 -0500] "GET /BLA/boletinlegal/js/jquery.js HTTP/1.1" 200 57254
186.144.71.158 - - [13/Oct/2014:07:31:56 -0500] "GET /BLA/boletinlegal/js/jquery.scrollTo-min.js HTTP/1.1" 200 1150
186.144.71.158 - - [13/Oct/2014:07:31:56 -0500] "GET /BLA/boletinlegal/js/jquery.scrollShow.js HTTP/1.1" 200 4586
31.31.73.93 - - [13/Oct/2014:07:32:12 -0500] "GET /portel_dama/documentacion/Logo_1era_Versi%C3%B3n.psd HTTP/1.0" 404 1019
66.249.79.83 - - [13/Oct/2014:07:32:37 -0500] "GET /robots.txt HTTP/1.1" 404 1015
66.249.79.83 - - [13/Oct/2014:07:32:37 -0500] "GET / HTTP/1.1" 302 -
74.208.180.84 - - [13/Oct/2014:07:33:25 -0500] "GET /wp/wp-admin/ HTTP/1.1" 404 1018
66.249.83.62 - - [13/Oct/2014:07:34:12 -0500] "GET /sig/MECI/DOCUMENTOS/Informe%20de%20Gestion/INFORME%20DE%20GESTION%202008%202010VersionFinal.pdf HTTP/1.1" 404 1018
66.249.79.83 - - [13/Oct/2014:07:35:42 -0500] "GET /portel_dama/libreria/php/2006/ECOSISTEMAS%20FINAL%20web_mz27/XX%20ruralidad/sitio/33_sis/33_sis.html HTTP/1.1" 404 1018
181.206.53.52 - - [13/Oct/2014:07:36:06 -0500] "GET /BLA/boletinlegal/js/jquery.js HTTP/1.1" 200 57254
181.206.53.52 - - [13/Oct/2014:07:36:07 -0500] "GET /BLA/boletinlegal/js/jquery.scrollTo-min.js HTTP/1.1" 200 1150
181.206.53.52 - - [13/Oct/2014:07:36:07 -0500] "GET /BLA/boletinlegal/js/jquery.scrollShow.js HTTP/1.1" 200 4586
66.249.79.67 - - [13/Oct/2014:07:36:12 -0500] "GET /portel_dama/libreria/php/2006/ECOSISTEMAS%20FINAL%20web_mz27/XX%20incendios/sitio/ HTTP/1.1" 404 1018
186.85.150.56 - - [13/Oct/2014:07:36:20 -0500] "GET /BLA/boletinlegal/js/jquery.scrollTo-min.js HTTP/1.1" 200 1150
186.85.150.56 - - [13/Oct/2014:07:36:20 -0500] "GET /BLA/boletinlegal/js/jquery.scrollShow.js HTTP/1.1" 200 4586
186.85.150.56 - - [13/Oct/2014:07:36:20 -0500] "GET /BLA/boletinlegal/js/jquery.js HTTP/1.1" 200 57254
186.85.150.56 - - [13/Oct/2014:07:36:25 -0500] "GET /videos/Comadreja.flv HTTP/1.1" 200 1953549
74.86.158.107 - - [13/Oct/2014:07:36:29 -0500] "HEAD / HTTP/1.1" 302 -
66.249.79.67 - - [13/Oct/2014:07:36:43 -0500] "GET /BLA/resoluciones/RESOLUCIONES%202007/RES%202007%20801%20AL%20900/RESOLUCION%200884%20DE%202007.pdf HTTP/1.1" 200 251264
207.46.13.26 - - [13/Oct/2014:07:36:45 -0500] "GET /dama/libreria/pdf/pigas/PIGA%20OFB/pigaOFB.pdf HTTP/1.1" 404 1019
66.249.79.83 - - [13/Oct/2014:07:37:14 -0500] "GET /autoliquidacion/Grupo%20Forestal%20-%20Silvicultura/126pm04pr30-f-a14-v%205%20fto%20rev0.xls HTTP/1.1" 404 1018
180.76.6.66 - - [13/Oct/2014:07:37:40 -0500] "GET /BLA/resoluciones/Autos%202008/0566.pdf HTTP/1.1" 200 92739
180.76.6.64 - - [13/Oct/2014:07:38:07 -0500] "GET /BLA/resoluciones/RESOLUCIONES%202008/1623.pdf HTTP/1.1" 200 78252
66.249.79.103 - - [13/Oct/2014:07:38:16 -0500] "GET /POT-2013/index.php?dir=Cartografia%2F HTTP/1.1" 200 11465
66.249.79.75 - - [13/Oct/2014:07:38:47 -0500] "GET /BLA/resoluciones/AUTOS%202013/0024.pdf HTTP/1.1" 304 -
181.135.242.228 - - [13/Oct/2014:07:38:48 -0500] "GET /BLA/boletinlegal/js/jquery.js HTTP/1.1" 304 -
181.135.242.228 - - [13/Oct/2014:07:38:48 -0500] "GET /BLA/boletinlegal/js/jquery.scrollTo-min.js HTTP/1.1" 304 -
181.135.242.228 - - [13/Oct/2014:07:38:48 -0500] "GET /BLA/boletinlegal/js/jquery.scrollShow.js HTTP/1.1" 304 -
180.76.6.231 - - [13/Oct/2014:07:39:07 -0500] "GET /BLA/resoluciones/AUTOS%202007/0755.pdf HTTP/1.1" 200 29616
66.249.79.75 - - [13/Oct/2014:07:39:17 -0500] "GET /BLA/resoluciones/RESOLUCIONES%202009/0041.pdf HTTP/1.1" 304 -
66.249.79.83 - - [13/Oct/2014:07:39:31 -0500] "GET /re1/Que%20es/Plan%20operativo/fase%20capacitacion/lorenzo%20barra%20capacitacion/lorenzon%20barra%20capacitacion.htm HTTP/1.1" 404 1018
180.76.6.232 - - [13/Oct/2014:07:39:34 -0500] "GET /BLA/resoluciones/AUTOS%202012/0254.pdf HTTP/1.1" 200 325870
66.249.79.119 - - [13/Oct/2014:07:39:48 -0500] "GET /BLA/boletinlegal/jurisprudencia/analisis/Analisis%20Sentencia%20T-1077,%202%20corregida.doc HTTP/1.1" 304 -
190.145.35.50 - - [13/Oct/2014:07:40:02 -0500] "GET /galeria/nivo-slider/demo/demo.html HTTP/1.0" 304 -
190.145.35.50 - - [13/Oct/2014:07:40:03 -0500] "GET /galeria/nivo-slider/demo/images/EncuentroAgua1.jpg HTTP/1.0" 304 -
190.145.35.50 - - [13/Oct/2014:07:40:04 -0500] "GET /galeria/nivo-slider/demo/images/Banner-Caracol-Africano.jpg HTTP/1.0" 304 -
190.145.35.50 - - [13/Oct/2014:07:40:04 -0500] "GET /galeria/nivo-slider/demo/images/Tingua-azul.jpg HTTP/1.0" 304 -
190.145.35.50 - - [13/Oct/2014:07:40:04 -0500] "GET /galeria/nivo-slider/demo/images/banner-Animal.jpg HTTP/1.0" 304 -
190.145.35.50 - - [13/Oct/2014:07:40:06 -0500] "GET /galeria/nivo-slider/demo/images/bannerEcolecta3.jpg HTTP/1.0" 304 -
190.145.35.50 - - [13/Oct/2014:07:40:06 -0500] "GET /videos/Spot_Tinguas.flv HTTP/1.0" 200 2087054
66.249.79.83 - - [13/Oct/2014:07:40:19 -0500] "GET /BLA/resoluciones/RESOLUCIONES%202013/0643.pdf HTTP/1.1" 200 1591379
66.249.79.83 - - [13/Oct/2014:07:40:50 -0500] "GET /BLA/resoluciones/RESOLUCIONES%202007/RES%202007%202401%20AL%202500/RESOLUCION%202463%20%20DE%202007.pdf HTTP/1.1" 304 -
66.249.79.67 - - [13/Oct/2014:07:41:21 -0500] "GET /BLA/resoluciones/RESOLUCIONES%202010/3936.pdf HTTP/1.1" 200 447087
74.86.158.107 - - [13/Oct/2014:07:41:29 -0500] "HEAD / HTTP/1.1" 302 -
66.249.79.75 - - [13/Oct/2014:07:42:22 -0500] "GET /BLA/resoluciones/AUTOS%202012/1094.pdf HTTP/1.1" 200 517292
66.249.79.75 - - [13/Oct/2014:07:42:46 -0500] "GET /BLA/resoluciones/RESOLUCIONES%202002/RES%202002%201501-1550/20021525.tif HTTP/1.1" 200 68562
66.249.79.75 - - [13/Oct/2014:07:42:53 -0500] "GET /BLA/resoluciones/RESOLUCIONES%202010/0004.pdf HTTP/1.1" 200 348884
207.46.13.21 - - [13/Oct/2014:07:43:04 -0500] "GET /up_options.php HTTP/1.1" 404 1019
74.208.180.84 - - [13/Oct/2014:07:43:05 -0500] "GET /old/wp-admin/ HTTP/1.1" 404 1018
66.249.79.67 - - [13/Oct/2014:07:43:24 -0500] "GET /BLA/resoluciones/RESOLUCIONES%202010/2375.pdf HTTP/1.1" 200 418572
66.249.79.67 - - [13/Oct/2014:07:43:55 -0500] "GET /BLA/resoluciones/RESOLUCIONES%202010/3962.pdf HTTP/1.1" 200 514219
202.46.61.32 - - [13/Oct/2014:07:44:24 -0500] "GET / HTTP/1.1" 302 -
66.249.79.75 - - [13/Oct/2014:07:44:25 -0500] "GET /BLA/resoluciones/RESOLUCIONES%202010/2217.pdf HTTP/1.1" 200 476682
66.249.79.83 - - [13/Oct/2014:07:44:56 -0500] "GET /BLA/resoluciones/RESOLUCIONES%202010/3044.pdf HTTP/1.1" 200 1221834
66.249.79.119 - - [13/Oct/2014:07:45:22 -0500] "GET /htdocs/gallery2/g2data/cache/derivative/1/7/174-meta.inc HTTP/1.1" 404 1019
66.249.79.75 - - [13/Oct/2014:07:45:27 -0500] "GET /BLA/resoluciones/RESOLUCIONES%202010/2116.pdf HTTP/1.1" 200 270383
190.248.151.162 - - [13/Oct/2014:07:45:31 -0500] "GET /BLA/boletinlegal/js/jquery.scrollTo-min.js HTTP/1.0" 200 1150
190.248.151.162 - - [13/Oct/2014:07:45:31 -0500] "GET /BLA/boletinlegal/js/jquery.scrollShow.js HTTP/1.0" 200 4586
190.248.151.162 - - [13/Oct/2014:07:45:31 -0500] "GET /BLA/boletinlegal/js/jquery.js HTTP/1.0" 200 57254
66.249.79.83 - - [13/Oct/2014:07:45:33 -0500] "GET /BLA/boletinlegal/js/jquery.scrollShow.js HTTP/1.1" 200 4586
66.249.79.83 - - [13/Oct/2014:07:45:34 -0500] "GET /BLA/boletinlegal/js/jquery.js HTTP/1.1" 200 57254
66.249.79.75 - - [13/Oct/2014:07:45:35 -0500] "GET /BLA/boletinlegal/js/jquery.scrollTo-min.js HTTP/1.1" 200 1150
66.249.79.75 - - [13/Oct/2014:07:45:58 -0500] "GET /BLA/resoluciones/RESOLUCIONES%202007/RES%202007%20501%20AL%20600/RESOLUCION%200522%20DE%202007.pdf HTTP/1.1" 200 230284
75.178.14.253 - - [13/Oct/2014:07:46:09 -0500] "GET /webdav/x32.php?host=65.55.42.183&time=60&port=201 HTTP/1.1" 404 1018
66.249.79.67 - - [13/Oct/2014:07:46:29 -0500] "GET /BLA/resoluciones/AUTOS%202010/0121.pdf HTTP/1.1" 304 -
74.86.158.107 - - [13/Oct/2014:07:46:29 -0500] "HEAD / HTTP/1.1" 302 -
180.76.6.66 - - [13/Oct/2014:07:46:51 -0500] "GET /BLA/resoluciones/AUTOS%202010/1381.pdf HTTP/1.1" 200 287527
66.249.79.75 - - [13/Oct/2014:07:47:00 -0500] "GET /BLA/resoluciones/RESOLUCIONES%202008/4849.pdf HTTP/1.1" 200 664689
201.245.192.253 - - [13/Oct/2014:07:47:10 -0500] "GET /forestReports/webcontent/birt/ajax/utility/Debug.js HTTP/1.1" 500 1233
180.76.5.65 - - [13/Oct/2014:07:47:17 -0500] "GET /BLA/resoluciones/Autos%202008/2079.pdf HTTP/1.1" 200 100505
201.245.192.253 - - [13/Oct/2014:07:47:26 -0500] "GET /forestReports/webcontent/birt/ajax/ui/dialog/AbstractBaseDialog.js HTTP/1.1" 500 1233
66.249.79.75 - - [13/Oct/2014:07:47:30 -0500] "GET /BLA/resoluciones/RESOLUCIONES%202007/RES%202007%20501%20AL%20600/RESOLUCION%200533%20DE%202007.pdf HTTP/1.1" 200 294590
66.249.79.103 - - [13/Oct/2014:07:48:01 -0500] "GET /htdocs/counter/digits/reflcts/ HTTP/1.1" 404 1019
66.249.79.111 - - [13/Oct/2014:07:48:33 -0500] "GET /PORTAL_SIAC/swf/banner1.swf HTTP/1.1" 200 51752
207.46.13.21 - - [13/Oct/2014:07:48:47 -0500] "GET /dama/libreria/pdf/CARTILLARESIDUOS.pdf HTTP/1.1" 404 1019
75.178.14.253 - - [13/Oct/2014:07:48:47 -0500] "GET /webdav/x32.php?host=209.170.124.205&time=60&port=201 HTTP/1.1" 404 1018
180.76.5.81 - - [13/Oct/2014:07:48:55 -0500] "GET /BLA/resoluciones/AUTOS%202010/1109.pdf HTTP/1.1" 200 190415
66.249.79.83 - - [13/Oct/2014:07:49:03 -0500] "GET /BLA/resoluciones/RESOLUCIONES%202008/1240.pdf HTTP/1.1" 200 618711
66.249.79.67 - - [13/Oct/2014:07:49:34 -0500] "GET /BLA/resoluciones/AUTOS%202008/1645.pdf HTTP/1.1" 200 196150
66.249.79.83 - - [13/Oct/2014:07:50:04 -0500] "GET /BLA/resoluciones/AUTOS%202007/3014.pdf HTTP/1.1" 200 203311
66.249.79.83 - - [13/Oct/2014:07:50:24 -0500] "GET /galeria/nivo-slider/demo/demo.html HTTP/1.1" 200 3315
66.249.79.83 - - [13/Oct/2014:07:50:26 -0500] "GET /galeria/nivo-slider/jquery.nivo.slider.pack.js HTTP/1.1" 200 11561
66.249.79.83 - - [13/Oct/2014:07:50:27 -0500] "GET /galeria/nivo-slider/themes/default/default.css HTTP/1.1" 200 1569
66.249.79.75 - - [13/Oct/2014:07:50:28 -0500] "GET /galeria/nivo-slider/demo/style.css HTTP/1.1" 200 2222
66.249.79.67 - - [13/Oct/2014:07:50:28 -0500] "GET /galeria/nivo-slider/themes/pascal/pascal.css HTTP/1.1" 200 2258
66.249.79.83 - - [13/Oct/2014:07:50:30 -0500] "GET /galeria/nivo-slider/demo/scripts/jquery-1.7.1.min.js HTTP/1.1" 304 -
66.249.79.67 - - [13/Oct/2014:07:50:30 -0500] "GET /galeria/nivo-slider/nivo-slider.css HTTP/1.1" 200 1507
66.249.79.83 - - [13/Oct/2014:07:50:34 -0500] "GET /galeria/nivo-slider/themes/orman/orman.css HTTP/1.1" 200 2152
66.249.79.75 - - [13/Oct/2014:07:50:35 -0500] "GET /BLA/resoluciones/AUTOS%202008/0133.pdf HTTP/1.1" 200 264406
207.244.175.182 - - [13/Oct/2014:07:50:47 -0500] "GET /BLA/resoluciones/RESOLUCIONES%202009/9737.pdf HTTP/1.1" 200 313168
207.244.175.182 - - [13/Oct/2014:07:50:48 -0500] "GET /favicon.ico HTTP/1.1" 200 7782
207.244.175.182 - - [13/Oct/2014:07:50:51 -0500] "GET /BLA/resoluciones/RESOLUCIONES%202009/9737.pdf HTTP/1.1" 200 313168
181.135.214.113 - - [13/Oct/2014:07:51:04 -0500] "GET /dama/libreria/php/decide.php?patron=03.1305020113&numm=54 HTTP/1.1" 404 1263
66.249.79.67 - - [13/Oct/2014:07:51:06 -0500] "GET /BLA/resoluciones/RESOLUCIONES%202008/3883.pdf HTTP/1.1" 200 411591
74.86.158.107 - - [13/Oct/2014:07:51:29 -0500] "HEAD / HTTP/1.1" 302 -
66.249.79.75 - - [13/Oct/2014:07:51:37 -0500] "GET /BLA/resoluciones/RESOLUCIONES%202008/4660.pdf HTTP/1.1" 200 389750
66.249.79.75 - - [13/Oct/2014:07:51:59 -0500] "GET /BLA/resoluciones/RESOLUCIONES%202004/RES%202004%20451-500/00000469.tif HTTP/1.1" 200 66970
66.249.79.67 - - [13/Oct/2014:07:52:08 -0500] "GET /BLA/resoluciones/RESOLUCIONES%202008/1211.pdf HTTP/1.1" 200 130706
66.249.79.111 - - [13/Oct/2014:07:52:38 -0500] "GET /htdocs/counter/digits/buftom/ HTTP/1.1" 404 1019
66.249.79.119 - - [13/Oct/2014:07:53:03 -0500] "GET /pga/4.gif HTTP/1.1" 404 1019
180.76.5.172 - - [13/Oct/2014:07:53:03 -0500] "GET /noticias/slide/ HTTP/1.1" 404 1019
66.249.79.83 - - [13/Oct/2014:07:53:09 -0500] "GET /BLA/resoluciones/AUTOS%202012/1664.pdf HTTP/1.1" 200 467430
66.249.79.67 - - [13/Oct/2014:07:53:40 -0500] "GET /BLA/resoluciones/AUTOS%202012/1358.pdf HTTP/1.1" 200 158436
181.59.62.175 - - [13/Oct/2014:07:53:57 -0500] "GET /BLA/boletinlegal/js/jquery.js HTTP/1.1" 200 57254
181.59.62.175 - - [13/Oct/2014:07:53:57 -0500] "GET /BLA/boletinlegal/js/jquery.scrollTo-min.js HTTP/1.1" 200 1150
181.59.62.175 - - [13/Oct/2014:07:53:57 -0500] "GET /BLA/boletinlegal/js/jquery.scrollShow.js HTTP/1.1" 200 4586
66.249.79.67 - - [13/Oct/2014:07:54:11 -0500] "GET /BLA/resoluciones/AUTOS%202012/0267.pdf HTTP/1.1" 200 158695
157.55.39.73 - - [13/Oct/2014:07:54:18 -0500] "GET /silvicultura/5.pdf HTTP/1.1" 404 1018
157.55.39.45 - - [13/Oct/2014:07:54:20 -0500] "GET /dama/libreria/php/frame_detalle.php?h_id=612 HTTP/1.1" 404 1019
66.249.79.83 - - [13/Oct/2014:07:54:42 -0500] "GET /BLA/resoluciones/RESOLUCIONES%202007/RES%202007%201801%20AL%201900/RESOLUCION%201874%20DE%202007.pdf HTTP/1.1" 200 456537
157.55.39.45 - - [13/Oct/2014:07:54:21 -0500] "GET /BLA/boletinlegal/index.php HTTP/1.1" 200 35770
179.32.132.105 - - [13/Oct/2014:07:55:03 -0500] "GET /BLA/boletinlegal/js/jquery.js HTTP/1.1" 200 57254
179.32.132.105 - - [13/Oct/2014:07:55:03 -0500] "GET /BLA/boletinlegal/js/jquery.scrollShow.js HTTP/1.1" 200 4586
179.32.132.105 - - [13/Oct/2014:07:55:03 -0500] "GET /BLA/boletinlegal/js/jquery.scrollTo-min.js HTTP/1.1" 200 1150
66.249.79.75 - - [13/Oct/2014:07:55:13 -0500] "GET /BLA/resoluciones/RESOLUCIONES%202008/3113.pdf HTTP/1.1" 200 218309
66.249.79.67 - - [13/Oct/2014:07:55:14 -0500] "GET /portel_dama/libreria/php/2006/ECOSISTEMAS%20FINAL%20web_mz27/incendios/sitio/index.html HTTP/1.1" 404 1018
180.76.5.18 - - [13/Oct/2014:07:55:17 -0500] "GET /BLA/resoluciones/AUTOS%202012/2226.pdf HTTP/1.1" 200 1663489
201.245.192.253 - - [13/Oct/2014:07:55:19 -0500] "GET /forest/img/misdocumentos.gif HTTP/1.1" 304 -
66.249.79.67 - - [13/Oct/2014:07:55:43 -0500] "GET /BLA/resoluciones/RESOLUCIONES%202010/4170.pdf HTTP/1.1" 200 755935
201.245.192.253 - - [13/Oct/2014:07:56:14 -0500] "GET /forest/img/instanciar.gif HTTP/1.1" 304 -
66.249.79.83 - - [13/Oct/2014:07:56:14 -0500] "GET /BLA/resoluciones/RESOLUCIONES%202007/RES%202007%203601%20AL%203700/RESOLUCION%203668%20DE%202007.pdf HTTP/1.1" 200 168732
190.27.61.216 - - [13/Oct/2014:07:56:26 -0500] "GET /BLA/resoluciones/AUTOS%202008/2093.pdf HTTP/1.1" 200 84918
190.27.61.216 - - [13/Oct/2014:07:56:26 -0500] "GET /BLA/resoluciones/AUTOS%202008/2093.pdf HTTP/1.1" 206 32768
190.27.61.216 - - [13/Oct/2014:07:56:26 -0500] "GET /BLA/resoluciones/AUTOS%202008/2093.pdf HTTP/1.1" 206 52150
190.27.61.216 - - [13/Oct/2014:07:56:26 -0500] "GET /favicon.ico HTTP/1.1" 200 7782
74.86.158.107 - - [13/Oct/2014:07:56:29 -0500] "HEAD / HTTP/1.1" 302 -
66.249.79.119 - - [13/Oct/2014:07:56:39 -0500] "GET / HTTP/1.1" 302 -
66.249.79.75 - - [13/Oct/2014:07:56:45 -0500] "GET /BLA/resoluciones/AUTOS%202009/1929.pdf HTTP/1.1" 200 209476
66.249.79.83 - - [13/Oct/2014:07:57:00 -0500] "GET /portel_dama/libreria/php/2006/ECOSISTEMAS%20FINAL%20web_mz27/XX%20ruralidad/sitio/ HTTP/1.1" 404 1018
191.95.240.21 - - [13/Oct/2014:07:57:01 -0500] "GET /galeria/carrusel/Carrusel/jquery.thumbnailScroller.css HTTP/1.1" 200 2066
191.95.240.21 - - [13/Oct/2014:07:57:01 -0500] "GET /BLA/boletinlegal/js/jquery.js HTTP/1.1" 200 57254
191.95.240.21 - - [13/Oct/2014:07:57:01 -0500] "GET /BLA/boletinlegal/js/jquery.scrollTo-min.js HTTP/1.1" 200 1150
191.95.240.21 - - [13/Oct/2014:07:57:01 -0500] "GET /galeria/carrusel/Carrusel/jquery.thumbnailScroller.js HTTP/1.1" 200 8157
191.95.240.21 - - [13/Oct/2014:07:57:01 -0500] "GET /galeria/carrusel/Carrusel/jquery-ui-1.8.13.custom.min.js HTTP/1.1" 200 10800
191.95.240.21 - - [13/Oct/2014:07:57:01 -0500] "GET /BLA/boletinlegal/js/jquery.scrollShow.js HTTP/1.1" 200 4586
191.95.240.21 - - [13/Oct/2014:07:57:06 -0500] "GET /galeria/nivo-slider/demo/demo.html HTTP/1.1" 200 3315
191.95.240.21 - - [13/Oct/2014:07:57:07 -0500] "GET /galeria/nivo-slider/themes/default/default.css HTTP/1.1" 200 1569
191.95.240.21 - - [13/Oct/2014:07:57:07 -0500] "GET /galeria/nivo-slider/themes/orman/orman.css HTTP/1.1" 200 2152
191.95.240.21 - - [13/Oct/2014:07:57:07 -0500] "GET /galeria/nivo-slider/demo/scripts/jquery-1.7.1.min.js HTTP/1.1" 200 93868
191.95.240.21 - - [13/Oct/2014:07:57:07 -0500] "GET /galeria/nivo-slider/demo/style.css HTTP/1.1" 200 2222
191.95.240.21 - - [13/Oct/2014:07:57:07 -0500] "GET /galeria/nivo-slider/themes/pascal/pascal.css HTTP/1.1" 200 2258
191.95.240.21 - - [13/Oct/2014:07:57:07 -0500] "GET /galeria/nivo-slider/jquery.nivo.slider.pack.js HTTP/1.1" 200 11561
191.95.240.21 - - [13/Oct/2014:07:57:07 -0500] "GET /galeria/nivo-slider/nivo-slider.css HTTP/1.1" 200 1507
191.95.240.21 - - [13/Oct/2014:07:57:09 -0500] "GET /galeria/nivo-slider/demo/images/EncuentroAgua1.jpg HTTP/1.1" 200 274179
191.95.240.21 - - [13/Oct/2014:07:57:09 -0500] "GET /galeria/nivo-slider/demo/images/banner-Animal.jpg HTTP/1.1" 200 257223
191.95.240.21 - - [13/Oct/2014:07:57:09 -0500] "GET /galeria/nivo-slider/demo/images/Tingua-azul.jpg HTTP/1.1" 200 307638
191.95.240.21 - - [13/Oct/2014:07:57:09 -0500] "GET /galeria/nivo-slider/demo/images/Banner-Caracol-Africano.jpg HTTP/1.1" 200 331986
191.95.240.21 - - [13/Oct/2014:07:57:10 -0500] "GET /galeria/nivo-slider/demo/images/4Simple_Slider.png HTTP/1.1" 200 11722
191.95.240.21 - - [13/Oct/2014:07:57:10 -0500] "GET /galeria/nivo-slider/themes/default/loading.gif HTTP/1.1" 200 1737
191.95.240.21 - - [13/Oct/2014:07:57:10 -0500] "GET /galeria/nivo-slider/demo/images/9Signos.jpg HTTP/1.1" 200 93040
191.95.240.21 - - [13/Oct/2014:07:57:10 -0500] "GET /galeria/nivo-slider/demo/images/banner-encuesta.jpg HTTP/1.1" 200 42764
191.95.240.21 - - [13/Oct/2014:07:57:11 -0500] "GET /galeria/nivo-slider/demo/images/banner-llantas2.jpg HTTP/1.1" 200 73153
191.95.240.21 - - [13/Oct/2014:07:57:11 -0500] "GET /galeria/nivo-slider/demo/images/banner-caballos.png HTTP/1.1" 200 389106
191.95.240.21 - - [13/Oct/2014:07:57:11 -0500] "GET /galeria/nivo-slider/demo/images/ConstructorasFNL.jpg HTTP/1.1" 200 216551
191.95.240.21 - - [13/Oct/2014:07:57:12 -0500] "GET /galeria/nivo-slider/demo/images/Hacienda_Molinos.jpg HTTP/1.1" 200 319171
191.95.240.21 - - [13/Oct/2014:07:57:12 -0500] "GET /galeria/nivo-slider/demo/images/bannerEcolecta3.jpg HTTP/1.1" 200 280034
66.249.79.67 - - [13/Oct/2014:07:57:16 -0500] "GET /BLA/resoluciones/RESOLUCIONES%202011/1664.pdf HTTP/1.1" 200 69119
191.95.240.21 - - [13/Oct/2014:07:57:16 -0500] "GET /galeria/nivo-slider/themes/default/arrows.png HTTP/1.1" 200 824
191.95.240.21 - - [13/Oct/2014:07:57:17 -0500] "GET /galeria/nivo-slider/themes/default/bullets.png HTTP/1.1" 200 1281
180.76.6.144 - - [13/Oct/2014:07:57:37 -0500] "GET /BLA/resoluciones/AUTOS%202007/2615.pdf HTTP/1.1" 200 30121
66.249.79.75 - - [13/Oct/2014:07:57:47 -0500] "GET /BLA/resoluciones/AUTOS%202007/0912.pdf HTTP/1.1" 200 99225
186.85.229.11 - - [13/Oct/2014:07:58:03 -0500] "GET /BLA/boletinlegal/js/jquery.js HTTP/1.1" 200 57254
186.85.229.11 - - [13/Oct/2014:07:58:03 -0500] "GET /BLA/boletinlegal/js/jquery.scrollTo-min.js HTTP/1.1" 200 1150
186.85.229.11 - - [13/Oct/2014:07:58:03 -0500] "GET /BLA/boletinlegal/js/jquery.scrollShow.js HTTP/1.1" 200 4586
186.85.229.11 - - [13/Oct/2014:07:58:03 -0500] "GET /galeria/carrusel/Carrusel/jquery.thumbnailScroller.css HTTP/1.1" 200 2066
186.85.229.11 - - [13/Oct/2014:07:58:03 -0500] "GET /galeria/carrusel/Carrusel/jquery.thumbnailScroller.js HTTP/1.1" 200 8157
186.85.229.11 - - [13/Oct/2014:07:58:03 -0500] "GET /galeria/carrusel/Carrusel/jquery-ui-1.8.13.custom.min.js HTTP/1.1" 200 10800
186.85.229.11 - - [13/Oct/2014:07:58:05 -0500] "GET /galeria/nivo-slider/demo/demo.html HTTP/1.1" 200 3315
186.85.229.11 - - [13/Oct/2014:07:58:05 -0500] "GET /galeria/nivo-slider/themes/pascal/pascal.css HTTP/1.1" 200 2258
186.85.229.11 - - [13/Oct/2014:07:58:05 -0500] "GET /galeria/nivo-slider/themes/default/default.css HTTP/1.1" 200 1569
186.85.229.11 - - [13/Oct/2014:07:58:05 -0500] "GET /galeria/nivo-slider/themes/orman/orman.css HTTP/1.1" 200 2152
186.85.229.11 - - [13/Oct/2014:07:58:05 -0500] "GET /galeria/nivo-slider/nivo-slider.css HTTP/1.1" 200 1507
186.85.229.11 - - [13/Oct/2014:07:58:05 -0500] "GET /galeria/nivo-slider/demo/images/EncuentroAgua1.jpg HTTP/1.1" 200 274179
186.85.229.11 - - [13/Oct/2014:07:58:05 -0500] "GET /galeria/nivo-slider/demo/style.css HTTP/1.1" 200 2222
186.85.229.11 - - [13/Oct/2014:07:58:05 -0500] "GET /galeria/nivo-slider/demo/images/banner-Animal.jpg HTTP/1.1" 200 257223
186.85.229.11 - - [13/Oct/2014:07:58:05 -0500] "GET /galeria/nivo-slider/demo/images/Banner-Caracol-Africano.jpg HTTP/1.1" 200 331986
186.85.229.11 - - [13/Oct/2014:07:58:05 -0500] "GET /galeria/nivo-slider/demo/images/Tingua-azul.jpg HTTP/1.1" 200 307638
186.85.229.11 - - [13/Oct/2014:07:58:05 -0500] "GET /galeria/nivo-slider/demo/images/9Signos.jpg HTTP/1.1" 200 93040
186.85.229.11 - - [13/Oct/2014:07:58:05 -0500] "GET /galeria/nivo-slider/demo/images/banner-encuesta.jpg HTTP/1.1" 200 42764
186.85.229.11 - - [13/Oct/2014:07:58:05 -0500] "GET /galeria/nivo-slider/demo/images/banner-llantas2.jpg HTTP/1.1" 200 73153
186.85.229.11 - - [13/Oct/2014:07:58:05 -0500] "GET /galeria/nivo-slider/demo/images/banner-caballos.png HTTP/1.1" 200 389106
186.85.229.11 - - [13/Oct/2014:07:58:05 -0500] "GET /galeria/nivo-slider/demo/images/ConstructorasFNL.jpg HTTP/1.1" 200 216551
186.85.229.11 - - [13/Oct/2014:07:58:06 -0500] "GET /galeria/nivo-slider/demo/images/Hacienda_Molinos.jpg HTTP/1.1" 200 319171
186.85.229.11 - - [13/Oct/2014:07:58:06 -0500] "GET /galeria/nivo-slider/demo/images/bannerEcolecta3.jpg HTTP/1.1" 200 280034
186.85.229.11 - - [13/Oct/2014:07:58:06 -0500] "GET /galeria/nivo-slider/demo/scripts/jquery-1.7.1.min.js HTTP/1.1" 200 93868
186.85.229.11 - - [13/Oct/2014:07:58:06 -0500] "GET /galeria/nivo-slider/jquery.nivo.slider.pack.js HTTP/1.1" 200 11561
186.85.229.11 - - [13/Oct/2014:07:58:06 -0500] "GET /galeria/nivo-slider/demo/images/4Simple_Slider.png HTTP/1.1" 200 11722
186.85.229.11 - - [13/Oct/2014:07:58:06 -0500] "GET /galeria/nivo-slider/themes/default/loading.gif HTTP/1.1" 200 1737
186.85.229.11 - - [13/Oct/2014:07:58:07 -0500] "GET /galeria/nivo-slider/demo/images/banner-Animal.jpg HTTP/1.1" 206 1
186.85.229.11 - - [13/Oct/2014:07:58:07 -0500] "GET /galeria/nivo-slider/demo/images/banner-caballos.png HTTP/1.1" 206 1
186.85.229.11 - - [13/Oct/2014:07:58:07 -0500] "GET /galeria/nivo-slider/demo/images/ConstructorasFNL.jpg HTTP/1.1" 200 216551
186.85.229.11 - - [13/Oct/2014:07:58:07 -0500] "GET /galeria/nivo-slider/demo/images/bannerEcolecta3.jpg HTTP/1.1" 206 1
186.85.229.11 - - [13/Oct/2014:07:58:07 -0500] "GET /galeria/nivo-slider/demo/images/banner-Animal.jpg HTTP/1.1" 206 44337
186.85.229.11 - - [13/Oct/2014:07:58:07 -0500] "GET /galeria/nivo-slider/demo/images/banner-caballos.png HTTP/1.1" 206 53579
186.85.229.11 - - [13/Oct/2014:07:58:07 -0500] "GET /galeria/nivo-slider/demo/images/bannerEcolecta3.jpg HTTP/1.1" 206 239161
186.85.229.11 - - [13/Oct/2014:07:58:07 -0500] "GET /galeria/nivo-slider/themes/default/arrows.png HTTP/1.1" 200 824
186.85.229.11 - - [13/Oct/2014:07:58:07 -0500] "GET /galeria/nivo-slider/themes/default/bullets.png HTTP/1.1" 200 1281
186.85.229.11 - - [13/Oct/2014:07:58:08 -0500] "GET /videos/Spot_Tinguas.flv HTTP/1.1" 200 2087054
66.249.79.75 - - [13/Oct/2014:07:58:17 -0500] "GET /BLA/resoluciones/RESOLUCIONES%202010/2135.pdf HTTP/1.1" 304 -
66.249.79.103 - - [13/Oct/2014:07:58:26 -0500] "GET /PORTAL_SIAC/swf/vallas2.swf HTTP/1.1" 200 29921
181.135.214.113 - - [13/Oct/2014:07:58:36 -0500] "GET /dama/libreria/php/decide.php?patron=03.1305020113&numm=46 HTTP/1.1" 404 1263
66.249.79.83 - - [13/Oct/2014:07:58:48 -0500] "GET /BLA/resoluciones/RESOLUCIONES%202010/0835.pdf HTTP/1.1" 200 123286
66.249.79.119 - - [13/Oct/2014:07:58:56 -0500] "GET /pread/sec/anexo3.xls HTTP/1.1" 404 1019
186.147.66.232 - - [13/Oct/2014:07:59:12 -0500] "GET /forest/session.jsp?a=0.2751997245941311 HTTP/1.1" 200 5
186.147.66.232 - - [13/Oct/2014:07:59:12 -0500] "GET /forest/login.jsp?a=0.6908674838487059 HTTP/1.1" 200 2875
66.249.79.67 - - [13/Oct/2014:07:59:19 -0500] "GET /BLA/resoluciones/RESOLUCIONES%202011/3077.pdf HTTP/1.1" 200 804350
180.76.5.149 - - [13/Oct/2014:07:59:23 -0500] "GET /BLA/boletinlegal/js/jquery.scrollShow.js HTTP/1.1" 200 4586
180.76.5.94 - - [13/Oct/2014:07:59:23 -0500] "GET /BLA/boletinlegal/js/jquery.scrollTo-min.js HTTP/1.1" 200 1150
180.76.5.27 - - [13/Oct/2014:07:59:23 -0500] "GET /BLA/boletinlegal/js/jquery.js HTTP/1.1" 200 57254
180.76.6.230 - - [13/Oct/2014:07:59:23 -0500] "GET /BLA/resoluciones/AUTOS%202007/0239.pdf HTTP/1.1" 200 29233
190.122.102.141 - - [13/Oct/2014:07:59:43 -0500] "GET /BLA/boletinlegal/js/jquery.js HTTP/1.1" 200 57254
190.122.102.141 - - [13/Oct/2014:07:59:43 -0500] "GET /BLA/boletinlegal/js/jquery.scrollTo-min.js HTTP/1.1" 200 1150
190.122.102.141 - - [13/Oct/2014:07:59:43 -0500] "GET /BLA/boletinlegal/js/jquery.scrollShow.js HTTP/1.1" 200 4586
66.249.79.83 - - [13/Oct/2014:07:59:50 -0500] "GET /BLA/resoluciones/RESOLUCIONES%202007/RES%202007%20801%20AL%20900/RESOLUCION%200892%20DE%202007.pdf HTTP/1.1" 200 260355
180.76.6.48 - - [13/Oct/2014:07:59:58 -0500] "GET /BLA/resoluciones/AUTOS%202007/2055.pdf HTTP/1.1" 200 227130
66.249.79.75 - - [13/Oct/2014:08:00:21 -0500] "GET /BLA/resoluciones/RESOLUCIONES%202011/4574.pdf HTTP/1.1" 200 471755
85.244.25.125 - - [13/Oct/2014:08:00:21 -0500] "GET /BLA/resoluciones/AUTOS%202007/1307.pdf HTTP/1.1" 200 168551
85.244.25.125 - - [13/Oct/2014:08:00:22 -0500] "GET /BLA/resoluciones/AUTOS%202007/1307.pdf HTTP/1.1" 206 32768
85.244.25.125 - - [13/Oct/2014:08:00:23 -0500] "GET /BLA/resoluciones/AUTOS%202007/1307.pdf HTTP/1.1" 206 135783
85.244.25.125 - - [13/Oct/2014:08:00:24 -0500] "GET /favicon.ico HTTP/1.1" 200 7782
66.249.79.119 - - [13/Oct/2014:08:00:31 -0500] "GET /planesacc/pdf/gestion/ HTTP/1.1" 404 1019
66.249.79.83 - - [13/Oct/2014:08:00:51 -0500] "GET /BLA/resoluciones/RESOLUCIONES%202007/RES%202007%20701%20AL%20800/RESOLUCION%200772%20DE%202007.pdf HTTP/1.1" 304 -
201.245.192.253 - - [13/Oct/2014:08:01:03 -0500] "GET /galeria/bibloteca/mycontentflow.css HTTP/1.1" 200 3110
180.76.5.80 - - [13/Oct/2014:08:01:08 -0500] "GET /BLA/resoluciones/AUTOS%202007/1008.pdf HTTP/1.1" 200 119306
66.249.79.83 - - [13/Oct/2014:08:01:22 -0500] "GET /BLA/resoluciones/AUTOS%202007/3043.pdf HTTP/1.1" 200 226788
66.249.79.75 - - [13/Oct/2014:08:01:27 -0500] "GET /new/form1.htm HTTP/1.1" 404 1018
74.86.158.107 - - [13/Oct/2014:08:01:29 -0500] "HEAD / HTTP/1.1" 302 -
150.70.97.122 - - [13/Oct/2014:08:01:51 -0500] "GET /BLA/resoluciones/AUTOS%202007/1307.pdf HTTP/1.1" 200 168551
66.249.79.75 - - [13/Oct/2014:08:01:53 -0500] "GET /BLA/resoluciones/RESOLUCIONES%202007/RES%202007%202401%20AL%202500/RESOLUCION%202407%20DE%202007.pdf HTTP/1.1" 304 -
150.70.97.120 - - [13/Oct/2014:08:01:59 -0500] "GET /favicon.ico HTTP/1.1" 200 7782
123.125.71.51 - - [13/Oct/2014:08:02:01 -0500] "GET / HTTP/1.1" 302 -
66.249.79.75 - - [13/Oct/2014:08:02:24 -0500] "GET /BLA/resoluciones/RESOLUCIONES%202008/1580.pdf HTTP/1.1" 200 379464
220.181.108.116 - - [13/Oct/2014:08:02:53 -0500] "GET / HTTP/1.1" 302 -
66.249.79.83 - - [13/Oct/2014:08:02:55 -0500] "GET /BLA/resoluciones/RESOLUCIONES%202011/0167.pdf HTTP/1.1" 304 -
66.249.79.67 - - [13/Oct/2014:08:03:26 -0500] "GET /BLA/resoluciones/AUTOS%202011/0729.pdf HTTP/1.1" 200 247086
190.37.239.230 - - [13/Oct/2014:08:03:48 -0500] "GET /BLA/boletinlegal/js/jquery.js HTTP/1.1" 200 57254
190.37.239.230 - - [13/Oct/2014:08:03:48 -0500] "GET /BLA/boletinlegal/js/jquery.scrollTo-min.js HTTP/1.1" 200 1150
190.37.239.230 - - [13/Oct/2014:08:03:48 -0500] "GET /BLA/boletinlegal/js/jquery.scrollShow.js HTTP/1.1" 200 4586
181.135.242.228 - - [13/Oct/2014:08:03:55 -0500] "GET /BLA/boletinlegal/js/jquery.scrollTo-min.js HTTP/1.1" 304 -
181.135.242.228 - - [13/Oct/2014:08:03:55 -0500] "GET /BLA/boletinlegal/js/jquery.js HTTP/1.1" 304 -
181.135.242.228 - - [13/Oct/2014:08:03:55 -0500] "GET /BLA/boletinlegal/js/jquery.scrollShow.js HTTP/1.1" 304 -
66.249.79.75 - - [13/Oct/2014:08:03:57 -0500] "GET /BLA/resoluciones/RESOLUCIONES%202008/3257.pdf HTTP/1.1" 200 476262
157.55.39.6 - - [13/Oct/2014:08:04:04 -0500] "GET /menu/js/jquery.mousewheel.js HTTP/1.1" 404 1018
181.135.242.228 - - [13/Oct/2014:08:04:12 -0500] "GET /BLA/boletinlegal/js/jquery.scrollTo-min.js HTTP/1.1" 304 -
181.135.242.228 - - [13/Oct/2014:08:04:12 -0500] "GET /BLA/boletinlegal/js/jquery.js HTTP/1.1" 304 -
181.135.242.228 - - [13/Oct/2014:08:04:12 -0500] "GET /BLA/boletinlegal/js/jquery.scrollShow.js HTTP/1.1" 304 -
190.158.151.40 - - [13/Oct/2014:08:04:26 -0500] "GET /videos/Video_ServidorMesRespons.flv HTTP/1.1" 304 -
66.249.79.83 - - [13/Oct/2014:08:04:27 -0500] "GET /BLA/resoluciones/RESOLUCIONES%202007/RES%202007%203201%20AL%203300/RESOLUCION%203261%20DE%202007.pdf HTTP/1.1" 304 -
68.180.228.220 - - [13/Oct/2014:08:04:39 -0500] "GET / HTTP/1.1" 302 -
66.249.79.67 - - [13/Oct/2014:08:04:58 -0500] "GET /BLA/resoluciones/AUTOS%202007/1962.pdf HTTP/1.1" 304 -
181.135.242.228 - - [13/Oct/2014:08:04:58 -0500] "GET /BLA/boletinlegal/js/jquery.scrollTo-min.js HTTP/1.1" 304 -
181.135.242.228 - - [13/Oct/2014:08:04:58 -0500] "GET /BLA/boletinlegal/js/jquery.js HTTP/1.1" 304 -
181.135.242.228 - - [13/Oct/2014:08:04:58 -0500] "GET /BLA/boletinlegal/js/jquery.scrollShow.js HTTP/1.1" 304 -
66.249.79.111 - - [13/Oct/2014:08:05:18 -0500] "GET /POT-2013/Cartografia/28_USOS%20Y%20AREAS%20DE%20ACTIVIDAD.pdf HTTP/1.1" 304 -
157.55.39.73 - - [13/Oct/2014:08:05:27 -0500] "GET /menu/js/jquery.easing.1.3.js HTTP/1.1" 404 1018
157.55.39.73 - - [13/Oct/2014:08:05:27 -0500] "GET /menu/js/jquery.vaccordion.js HTTP/1.1" 404 1018
66.249.79.75 - - [13/Oct/2014:08:05:29 -0500] "GET /BLA/resoluciones/RESOLUCIONES%202010/7575.pdf HTTP/1.1" 304 -
66.249.79.75 - - [13/Oct/2014:08:06:00 -0500] "GET /BLA/resoluciones/RESOLUCIONES%202014/2004.pdf HTTP/1.1" 200 447694
74.86.158.107 - - [13/Oct/2014:08:06:29 -0500] "HEAD / HTTP/1.1" 302 -
66.249.79.67 - - [13/Oct/2014:08:06:30 -0500] "GET /BLA/resoluciones/RESOLUCIONES%202011/0546.pdf HTTP/1.1" 304 -
66.249.79.67 - - [13/Oct/2014:08:07:01 -0500] "GET /BLA/resoluciones/RESOLUCIONES%202013/0482.pdf HTTP/1.1" 304 -
66.249.79.83 - - [13/Oct/2014:08:07:32 -0500] "GET /BLA/resoluciones/RESOLUCIONES%202010/0514.pdf HTTP/1.1" 304 -
66.249.79.67 - - [13/Oct/2014:08:08:03 -0500] "GET /BLA/resoluciones/AUTOS%202011/0135.pdf HTTP/1.1" 304 -
186.33.79.250 - - [13/Oct/2014:08:08:05 -0500] "GET /BLA/boletinlegal/js/jquery.js HTTP/1.1" 200 57254
186.33.79.250 - - [13/Oct/2014:08:08:05 -0500] "GET /BLA/boletinlegal/js/jquery.scrollTo-min.js HTTP/1.1" 200 1150
