66.249.79.67 - - [13/Oct/2014:15:45:19 -0500] "GET /BLA/resoluciones/RESOLUCIONES%202013/1064.pdf HTTP/1.1" 304 -
186.144.102.233 - - [13/Oct/2014:15:45:22 -0500] "GET /BLA/resoluciones/RESOLUCIONES%202008/4765.pdf HTTP/1.1" 200 335275
186.144.102.233 - - [13/Oct/2014:15:45:22 -0500] "GET /BLA/resoluciones/RESOLUCIONES%202008/4765.pdf HTTP/1.1" 206 32768
186.144.102.233 - - [13/Oct/2014:15:45:22 -0500] "GET /BLA/resoluciones/RESOLUCIONES%202008/4765.pdf HTTP/1.1" 206 302507
186.144.102.233 - - [13/Oct/2014:15:45:23 -0500] "GET /favicon.ico HTTP/1.1" 200 7782
190.27.90.52 - - [13/Oct/2014:15:45:27 -0500] "GET /BLA/boletinlegal/js/jquery.js HTTP/1.1" 200 57254
190.27.90.52 - - [13/Oct/2014:15:45:27 -0500] "GET /BLA/boletinlegal/js/jquery.scrollTo-min.js HTTP/1.1" 200 1150
190.27.90.52 - - [13/Oct/2014:15:45:27 -0500] "GET /BLA/boletinlegal/js/jquery.scrollShow.js HTTP/1.1" 200 4586
181.50.241.109 - - [13/Oct/2014:15:45:31 -0500] "POST /forms/lservlet;jsessionid=ac16012b30d5ef0ddec341ff4d19b176968ffe5d9592.e3iSbxaKaheRe34Sa3yKbhiTahb0n6jAmljGr5XDqQLvpAe HTTP/1.1" 200 2
66.249.79.67 - - [13/Oct/2014:15:45:35 -0500] "GET /BLA/resoluciones/AUTOS%202009/1814.pdf HTTP/1.1" 200 200180
66.249.79.67 - - [13/Oct/2014:15:45:40 -0500] "GET /BLA/resoluciones/AUTOS%202013/1346.pdf HTTP/1.1" 304 -
66.249.79.67 - - [13/Oct/2014:15:46:01 -0500] "GET /BLA/resoluciones/AUTOS%202009/1102.pdf HTTP/1.1" 304 -
66.249.79.67 - - [13/Oct/2014:15:46:23 -0500] "GET /BLA/resoluciones/RESOLUCIONES%202011/4486.pdf HTTP/1.1" 304 -
186.116.10.234 - - [13/Oct/2014:15:46:24 -0500] "GET /BLA/boletinlegal/js/jquery.scrollShow.js HTTP/1.1" 200 4586
186.116.10.234 - - [13/Oct/2014:15:46:24 -0500] "GET /BLA/boletinlegal/js/jquery.scrollTo-min.js HTTP/1.1" 200 1150
186.116.10.234 - - [13/Oct/2014:15:46:24 -0500] "GET /BLA/boletinlegal/js/jquery.js HTTP/1.1" 200 57254
74.86.158.107 - - [13/Oct/2014:15:46:28 -0500] "HEAD / HTTP/1.1" 302 -
66.249.79.75 - - [13/Oct/2014:15:46:30 -0500] "GET /BLA/resoluciones/RESOLUCIONES%202010/4791.pdf HTTP/1.1" 304 -
66.249.79.83 - - [13/Oct/2014:15:46:35 -0500] "GET /BLA/resoluciones/RESOLUCIONES%202002/RES%202002%201601-1650/20021633.tif HTTP/1.1" 200 91734
66.249.79.75 - - [13/Oct/2014:15:46:41 -0500] "GET /BLA/resoluciones/RESOLUCIONES%202007/RES%202007%201001%20AL%201100/RESOLUCION%201039%20DE%202007.pdf HTTP/1.1" 200 521869
66.249.79.67 - - [13/Oct/2014:15:46:44 -0500] "GET /BLA/circulares/6.pdf HTTP/1.1" 304 -
180.76.5.147 - - [13/Oct/2014:15:46:56 -0500] "GET /BLA/resoluciones/RESOLUCIONES%202008/0426.pdf HTTP/1.1" 200 290725
186.121.85.253 - - [13/Oct/2014:15:46:57 -0500] "GET /BLA/boletinlegal/js/jquery.scrollShow.js HTTP/1.1" 200 4586
186.121.85.253 - - [13/Oct/2014:15:46:57 -0500] "GET /BLA/boletinlegal/js/jquery.js HTTP/1.1" 200 57254
186.121.85.253 - - [13/Oct/2014:15:46:57 -0500] "GET /BLA/boletinlegal/js/jquery.scrollTo-min.js HTTP/1.1" 200 1150
66.249.79.83 - - [13/Oct/2014:15:47:05 -0500] "GET /BLA/resoluciones/RESOLUCIONES%202007/RES%202007%203101%20AL%203200/RESOLUCION%203190%20DE%202007.pdf HTTP/1.1" 304 -
190.109.178.214 - - [13/Oct/2014:15:47:08 -0500] "GET /galeria/nivo-slider/demo/images/banner-Animal.jpg HTTP/1.1" 200 257223
190.109.178.214 - - [13/Oct/2014:15:47:14 -0500] "GET /galeria/nivo-slider/demo/images/Tingua-azul.jpg HTTP/1.1" 200 307638
190.25.47.227 - - [13/Oct/2014:15:47:20 -0500] "GET /forest/session.jsp?a=0.3546082112006843 HTTP/1.1" 200 5
190.25.47.227 - - [13/Oct/2014:15:47:20 -0500] "GET /forest/login.jsp?a=0.777094628661871 HTTP/1.1" 200 2875
66.249.79.75 - - [13/Oct/2014:15:47:26 -0500] "GET /BLA/resoluciones/RESOLUCIONES%202007/RES%202007%201401%20AL%201500/RESOLUCION%201401%20DE%202007.pdf HTTP/1.1" 200 257380
181.50.241.109 - - [13/Oct/2014:15:47:31 -0500] "POST /forms/lservlet;jsessionid=ac16012b30d5ef0ddec341ff4d19b176968ffe5d9592.e3iSbxaKaheRe34Sa3yKbhiTahb0n6jAmljGr5XDqQLvpAe HTTP/1.1" 200 2
66.249.79.67 - - [13/Oct/2014:15:47:47 -0500] "GET /BLA/resoluciones/RESOLUCIONES%202009/0077.pdf HTTP/1.1" 304 -
66.249.79.75 - - [13/Oct/2014:15:48:02 -0500] "GET /BLA/resoluciones/RESOLUCIONES%202013/0609.pdf HTTP/1.1" 200 1556593
66.249.79.67 - - [13/Oct/2014:15:48:08 -0500] "GET /BLA/resoluciones/RESOLUCIONES%202013/1564.pdf HTTP/1.1" 304 -
66.249.79.67 - - [13/Oct/2014:15:48:29 -0500] "GET /BLA/resoluciones/RESOLUCIONES%202007/RES%202007%201401%20AL%201500/RESOLUCION%201405%20DE%202007.pdf HTTP/1.1" 304 -
190.25.47.227 - - [13/Oct/2014:15:44:32 -0500] "GET /ForestMSG_SDA/channelAsync/template_word_14915695?X-Atmosphere-tracking-id=db6eb3bc-7b6a-5b47-6950-30c3ac4011d8&X-Atmosphere-Framework=1.0.5&X-Atmosphere-Transport=long-polling&tabid=0.1829439839348197&X-Cache-Date=0&Content-Type=application/xml&_=1413233265984 HTTP/1.1" 200 8193
190.25.47.227 - - [13/Oct/2014:15:48:33 -0500] "GET /ForestMSG_SDA/channelAsync/template_word_14915695?X-Atmosphere-tracking-id=db6eb3bc-7b6a-5b47-6950-30c3ac4011d8&X-Atmosphere-Framework=1.0.5&X-Atmosphere-Transport=long-polling&tabid=0.1829439839348197&X-Cache-Date=0&Content-Type=application/xml&_=1413233506978 HTTP/1.1" 200 8193
190.25.47.227 - - [13/Oct/2014:15:48:35 -0500] "GET /ForestMSG_SDA/channelAsync/template_word_14915695?X-Atmosphere-tracking-id=db6eb3bc-7b6a-5b47-6950-30c3ac4011d8&X-Atmosphere-Framework=1.0.5&X-Atmosphere-Transport=long-polling&tabid=0.1829439839348197&X-Cache-Date=0&Content-Type=application/xml&_=1413233508979 HTTP/1.1" 200 8193
190.25.47.227 - - [13/Oct/2014:15:48:37 -0500] "GET /ForestMSG_SDA/channelAsync/template_word_14915695?X-Atmosphere-tracking-id=db6eb3bc-7b6a-5b47-6950-30c3ac4011d8&X-Atmosphere-Framework=1.0.5&X-Atmosphere-Transport=long-polling&tabid=0.1829439839348197&X-Cache-Date=0&Content-Type=application/xml&_=1413233510978 HTTP/1.1" 200 8193
190.25.47.227 - - [13/Oct/2014:15:48:39 -0500] "GET /ForestMSG_SDA/channelAsync/template_word_14915695?X-Atmosphere-tracking-id=db6eb3bc-7b6a-5b47-6950-30c3ac4011d8&X-Atmosphere-Framework=1.0.5&X-Atmosphere-Transport=long-polling&tabid=0.1829439839348197&X-Cache-Date=0&Content-Type=application/xml&_=1413233512978 HTTP/1.1" 200 8193
190.25.47.227 - - [13/Oct/2014:15:48:41 -0500] "GET /ForestMSG_SDA/channelAsync/template_word_14915695?X-Atmosphere-tracking-id=db6eb3bc-7b6a-5b47-6950-30c3ac4011d8&X-Atmosphere-Framework=1.0.5&X-Atmosphere-Transport=long-polling&tabid=0.1829439839348197&X-Cache-Date=0&Content-Type=application/xml&_=1413233514977 HTTP/1.1" 200 8193
190.25.47.227 - - [13/Oct/2014:15:48:43 -0500] "GET /ForestMSG_SDA/channelAsync/template_word_14915695?X-Atmosphere-tracking-id=db6eb3bc-7b6a-5b47-6950-30c3ac4011d8&X-Atmosphere-Framework=1.0.5&X-Atmosphere-Transport=long-polling&tabid=0.1829439839348197&X-Cache-Date=0&Content-Type=application/xml&_=1413233516977 HTTP/1.1" 200 8193
190.25.47.227 - - [13/Oct/2014:15:48:45 -0500] "GET /ForestMSG_SDA/channelAsync/template_word_14915695?X-Atmosphere-tracking-id=db6eb3bc-7b6a-5b47-6950-30c3ac4011d8&X-Atmosphere-Framework=1.0.5&X-Atmosphere-Transport=long-polling&tabid=0.1829439839348197&X-Cache-Date=0&Content-Type=application/xml&_=1413233518977 HTTP/1.1" 200 8193
190.25.47.227 - - [13/Oct/2014:15:48:47 -0500] "GET /ForestMSG_SDA/channelAsync/template_word_14915695?X-Atmosphere-tracking-id=db6eb3bc-7b6a-5b47-6950-30c3ac4011d8&X-Atmosphere-Framework=1.0.5&X-Atmosphere-Transport=long-polling&tabid=0.1829439839348197&X-Cache-Date=0&Content-Type=application/xml&_=1413233520977 HTTP/1.1" 200 8193
190.127.234.28 - - [13/Oct/2014:15:48:48 -0500] "GET /videos/galeria-cronicas/playlist.htm? HTTP/1.1" 200 8986
190.25.47.227 - - [13/Oct/2014:15:48:49 -0500] "GET /ForestMSG_SDA/channelAsync/template_word_14915695?X-Atmosphere-tracking-id=db6eb3bc-7b6a-5b47-6950-30c3ac4011d8&X-Atmosphere-Framework=1.0.5&X-Atmosphere-Transport=long-polling&tabid=0.1829439839348197&X-Cache-Date=0&Content-Type=application/xml&_=1413233522978 HTTP/1.1" 200 8193
190.127.234.28 - - [13/Oct/2014:15:48:50 -0500] "GET /videos/galeria-cronicas/skin/blue.monday/jplayer.blue.monday.css HTTP/1.1" 200 12518
190.127.234.28 - - [13/Oct/2014:15:48:50 -0500] "GET /videos/galeria-cronicas/js/jquery.jplayer.min.js HTTP/1.1" 200 43668
190.127.234.28 - - [13/Oct/2014:15:48:50 -0500] "GET /videos/galeria-cronicas/js/jplayer.playlist.min.js HTTP/1.1" 200 8608
66.249.79.83 - - [13/Oct/2014:15:48:50 -0500] "GET /BLA/resoluciones/AUTOS%202011/6342.pdf HTTP/1.1" 304 -
180.76.6.55 - - [13/Oct/2014:15:48:53 -0500] "GET /BLA/resoluciones/RESOLUCIONES%202011/2165.pdf HTTP/1.1" 200 498175
190.127.234.28 - - [13/Oct/2014:15:48:57 -0500] "GET /videos/galeria-cronicas/skin/blue.monday/jplayer.blue.monday.video.play.png HTTP/1.1" 200 14424
190.127.234.28 - - [13/Oct/2014:15:48:57 -0500] "GET /videos/galeria-cronicas/skin/blue.monday/jplayer.blue.monday.jpg HTTP/1.1" 200 23189
66.249.79.67 - - [13/Oct/2014:15:49:08 -0500] "GET /BLA/resoluciones/RESOLUCIONES%202011/0418.pdf HTTP/1.1" 200 75739
66.249.79.67 - - [13/Oct/2014:15:49:11 -0500] "GET /BLA/resoluciones/RESOLUCIONES%202007/RES%202007%202001%20AL%202100/RESOLUCION%202024%20DE%202007.pdf HTTP/1.1" 304 -
190.25.47.227 - - [13/Oct/2014:15:49:18 -0500] "POST /forest/actions/manager.login?group_system_actual=3 HTTP/1.1" 200 55
181.50.241.109 - - [13/Oct/2014:15:49:31 -0500] "POST /forms/lservlet;jsessionid=ac16012b30d5ef0ddec341ff4d19b176968ffe5d9592.e3iSbxaKaheRe34Sa3yKbhiTahb0n6jAmljGr5XDqQLvpAe HTTP/1.1" 200 2
190.25.47.227 - - [13/Oct/2014:15:49:32 -0500] "POST /forest/actions/manager.login?group_system_actual=3 HTTP/1.1" 200 14
190.25.47.227 - - [13/Oct/2014:15:49:32 -0500] "GET /forest/session.jsp?a=0.7612009716685861 HTTP/1.1" 200 4
66.249.79.67 - - [13/Oct/2014:15:49:34 -0500] "GET /BLA/resoluciones/AUTOS%202012/1729.pdf HTTP/1.1" 304 -
66.249.79.67 - - [13/Oct/2014:15:49:54 -0500] "GET /BLA/resoluciones/RESOLUCIONES%202013/0143.pdf HTTP/1.1" 200 307935
190.25.47.227 - - [13/Oct/2014:15:49:34 -0500] "POST /forest/usutareas.do? HTTP/1.1" 200 201
66.249.79.75 - - [13/Oct/2014:15:50:15 -0500] "GET /BLA/resoluciones/RESOLUCIONES%202010/3749.pdf HTTP/1.1" 304 -
66.249.79.75 - - [13/Oct/2014:15:50:15 -0500] "GET /BLA/resoluciones/AUTOS%202008/0508.pdf HTTP/1.1" 304 -
190.25.47.227 - - [13/Oct/2014:15:50:16 -0500] "GET /forest/skins/gdocs-jar/popup/popup.jsp?width=1100&height=500&title=Buscar%20procesos&uri=/forest/buscar.do%3Ftype%3Dprocesos&name=undefined&_a=0.6233801238704473&a=0.003090347396209836 HTTP/1.1" 200 1175
190.25.47.227 - - [13/Oct/2014:15:50:16 -0500] "GET /forest/buscar.do?type=procesos HTTP/1.1" 200 96531
190.25.47.227 - - [13/Oct/2014:15:50:16 -0500] "GET /forest/buscar.do?type=procesos HTTP/1.1" 200 96531
190.25.47.227 - - [13/Oct/2014:15:50:17 -0500] "GET /forest/json.do?query=usersByDep&coddep=20 HTTP/1.1" 200 3294
190.25.47.227 - - [13/Oct/2014:15:50:17 -0500] "GET /forest/json.do?query=usersByDep&coddep=20 HTTP/1.1" 200 3294
190.25.47.227 - - [13/Oct/2014:15:50:28 -0500] "POST /forest/buscar.do? HTTP/1.1" 200 5140
190.25.47.227 - - [13/Oct/2014:15:50:28 -0500] "GET /forest/css/escritorio.css HTTP/1.1" 304 -
190.25.47.227 - - [13/Oct/2014:15:50:28 -0500] "GET /forest/img/nav_first.gif HTTP/1.1" 304 -
190.25.47.227 - - [13/Oct/2014:15:50:28 -0500] "GET /forest/img/nav_prev.gif HTTP/1.1" 304 -
190.25.47.227 - - [13/Oct/2014:15:50:28 -0500] "GET /forest/img/nav_next.gif HTTP/1.1" 304 -
190.25.47.227 - - [13/Oct/2014:15:50:28 -0500] "GET /forest/img/nav_last.gif HTTP/1.1" 304 -
190.25.47.227 - - [13/Oct/2014:15:50:28 -0500] "GET /forest/skins/gdocs-jar/img/more_details.gif HTTP/1.1" 304 -
66.249.79.75 - - [13/Oct/2014:15:50:29 -0500] "GET /BLA/resoluciones/AUTOS%202013/0286.pdf HTTP/1.1" 200 1117593
191.79.17.30 - - [13/Oct/2014:15:50:36 -0500] "GET /Residuos/impresion/files/guia_impresion-lit.pdf HTTP/1.1" 404 1254
66.249.79.75 - - [13/Oct/2014:15:50:36 -0500] "GET /BLA/resoluciones/RESOLUCIONES%202013/2070.pdf HTTP/1.1" 304 -
191.79.17.30 - - [13/Oct/2014:15:50:37 -0500] "GET /favicon.ico HTTP/1.1" 200 7782
181.50.241.109 - - [13/Oct/2014:15:50:40 -0500] "POST /forms/lservlet;jsessionid=ac16012b30d5ef0ddec341ff4d19b176968ffe5d9592.e3iSbxaKaheRe34Sa3yKbhiTahb0n6jAmljGr5XDqQLvpAe HTTP/1.1" 200 173
181.50.241.109 - - [13/Oct/2014:15:50:40 -0500] "POST /forms/lservlet;jsessionid=ac16012b30d5ef0ddec341ff4d19b176968ffe5d9592.e3iSbxaKaheRe34Sa3yKbhiTahb0n6jAmljGr5XDqQLvpAe HTTP/1.1" 200 174
190.25.47.227 - - [13/Oct/2014:15:50:42 -0500] "GET /forest/buscar.do?type=procesos HTTP/1.1" 200 96531
190.25.47.227 - - [13/Oct/2014:15:50:43 -0500] "GET /forest/json.do?query=usersByDep&coddep=20 HTTP/1.1" 200 3294
190.25.47.227 - - [13/Oct/2014:15:50:43 -0500] "GET /forest/json.do?query=usersByDep&coddep=20 HTTP/1.1" 200 3294
181.50.241.109 - - [13/Oct/2014:15:50:48 -0500] "POST /forms/lservlet;jsessionid=ac16012b30d5ef0ddec341ff4d19b176968ffe5d9592.e3iSbxaKaheRe34Sa3yKbhiTahb0n6jAmljGr5XDqQLvpAe HTTP/1.1" 200 174
181.50.241.109 - - [13/Oct/2014:15:50:48 -0500] "POST /forms/lservlet;jsessionid=ac16012b30d5ef0ddec341ff4d19b176968ffe5d9592.e3iSbxaKaheRe34Sa3yKbhiTahb0n6jAmljGr5XDqQLvpAe HTTP/1.1" 200 330
181.50.241.109 - - [13/Oct/2014:15:50:54 -0500] "POST /forms/lservlet;jsessionid=ac16012b30d5ef0ddec341ff4d19b176968ffe5d9592.e3iSbxaKaheRe34Sa3yKbhiTahb0n6jAmljGr5XDqQLvpAe HTTP/1.1" 200 321
66.249.79.67 - - [13/Oct/2014:15:50:57 -0500] "GET /BLA/resoluciones/RESOLUCIONES%202010/4082.pdf HTTP/1.1" 304 -
181.50.241.109 - - [13/Oct/2014:15:50:58 -0500] "POST /forms/lservlet;jsessionid=ac16012b30d5ef0ddec341ff4d19b176968ffe5d9592.e3iSbxaKaheRe34Sa3yKbhiTahb0n6jAmljGr5XDqQLvpAe HTTP/1.1" 200 321
191.74.199.85 - - [13/Oct/2014:15:51:00 -0500] "GET /BLA/boletinlegal/js/jquery.js HTTP/1.1" 200 57254
191.74.199.85 - - [13/Oct/2014:15:51:00 -0500] "GET /BLA/boletinlegal/js/jquery.scrollTo-min.js HTTP/1.1" 200 1150
191.74.199.85 - - [13/Oct/2014:15:51:00 -0500] "GET /BLA/boletinlegal/js/jquery.scrollShow.js HTTP/1.1" 200 4586
190.25.47.227 - - [13/Oct/2014:15:51:00 -0500] "POST /forest/buscar.do? HTTP/1.1" 200 5323
190.25.47.227 - - [13/Oct/2014:15:51:04 -0500] "GET /forest/usutareas.do?group_system_actual=3&codAct=1347&numPro=2566611&codPro=127&fecTra=2014-01-13%2012:07:50.818&codInst=2578066&codTraEsc=14917892 HTTP/1.1" 200 167620
190.25.47.227 - - [13/Oct/2014:15:51:09 -0500] "GET /forest/session.jsp?a=0.2898907333146781 HTTP/1.1" 200 4
190.25.47.227 - - [13/Oct/2014:15:51:09 -0500] "GET /forest/actions/forms.getMappedValues?id=IGS_NoCarasExpo53&value=1&codForm=Soli_Elem_Ext_Vis&a=0.33053823257796466 HTTP/1.1" 200 38
190.25.47.227 - - [13/Oct/2014:15:51:09 -0500] "GET /forest/actions/forms.getMappedValues?id=IGS_UbicacionPubliciad23&value=5&codForm=Soli_Elem_Ext_Vis&a=0.9631343691144139 HTTP/1.1" 200 27
190.25.47.227 - - [13/Oct/2014:15:51:09 -0500] "GET /forest/actions/forms.getMappedValues?id=IGS_UbicacionPubliciad23&value=5&codForm=Soli_Elem_Ext_Vis&a=0.1749026586767286 HTTP/1.1" 200 27
190.25.47.227 - - [13/Oct/2014:15:51:09 -0500] "GET /forest/actions/forms.getMappedValues?id=IGS_NoCarasExpo53&value=1&codForm=Soli_Elem_Ext_Vis&a=0.14753958187066019 HTTP/1.1" 200 38
66.249.79.67 - - [13/Oct/2014:15:51:18 -0500] "GET /BLA/resoluciones/RESOLUCIONES%202012/1898.pdf HTTP/1.1" 304 -
190.25.47.227 - - [13/Oct/2014:15:51:18 -0500] "GET /forest/usudocumentos.do?_a=0.8009006693027914&group_system_actual=3 HTTP/1.1" 200 136747
181.50.241.109 - - [13/Oct/2014:15:51:21 -0500] "POST /forms/lservlet;jsessionid=ac16012b30d5ef0ddec341ff4d19b176968ffe5d9592.e3iSbxaKaheRe34Sa3yKbhiTahb0n6jAmljGr5XDqQLvpAe HTTP/1.1" 200 329
181.50.241.109 - - [13/Oct/2014:15:51:22 -0500] "POST /forms/lservlet;jsessionid=ac16012b30d5ef0ddec341ff4d19b176968ffe5d9592.e3iSbxaKaheRe34Sa3yKbhiTahb0n6jAmljGr5XDqQLvpAe HTTP/1.1" 200 175
190.25.47.227 - - [13/Oct/2014:15:51:23 -0500] "GET /forest/session.jsp?a=0.7280720740091056 HTTP/1.1" 200 4
181.50.241.109 - - [13/Oct/2014:15:51:23 -0500] "POST /forms/lservlet;jsessionid=ac16012b30d5ef0ddec341ff4d19b176968ffe5d9592.e3iSbxaKaheRe34Sa3yKbhiTahb0n6jAmljGr5XDqQLvpAe HTTP/1.1" 200 176
181.50.241.109 - - [13/Oct/2014:15:51:26 -0500] "POST /forms/lservlet;jsessionid=ac16012b30d5ef0ddec341ff4d19b176968ffe5d9592.e3iSbxaKaheRe34Sa3yKbhiTahb0n6jAmljGr5XDqQLvpAe HTTP/1.1" 200 166
181.50.241.109 - - [13/Oct/2014:15:51:26 -0500] "POST /forms/lservlet;jsessionid=ac16012b30d5ef0ddec341ff4d19b176968ffe5d9592.e3iSbxaKaheRe34Sa3yKbhiTahb0n6jAmljGr5XDqQLvpAe HTTP/1.1" 200 167
181.50.241.109 - - [13/Oct/2014:15:51:27 -0500] "POST /forms/lservlet;jsessionid=ac16012b30d5ef0ddec341ff4d19b176968ffe5d9592.e3iSbxaKaheRe34Sa3yKbhiTahb0n6jAmljGr5XDqQLvpAe HTTP/1.1" 200 90
181.50.241.109 - - [13/Oct/2014:15:51:28 -0500] "POST /forms/lservlet;jsessionid=ac16012b30d5ef0ddec341ff4d19b176968ffe5d9592.e3iSbxaKaheRe34Sa3yKbhiTahb0n6jAmljGr5XDqQLvpAe HTTP/1.1" 200 2
181.50.241.109 - - [13/Oct/2014:15:51:28 -0500] "POST /forms/lservlet;jsessionid=ac16012b30d5ef0ddec341ff4d19b176968ffe5d9592.e3iSbxaKaheRe34Sa3yKbhiTahb0n6jAmljGr5XDqQLvpAe HTTP/1.1" 200 2214
74.86.158.107 - - [13/Oct/2014:15:51:28 -0500] "HEAD / HTTP/1.1" 302 -
181.50.241.109 - - [13/Oct/2014:15:51:28 -0500] "POST /forms/lservlet;jsessionid=ac16012b30d5ef0ddec341ff4d19b176968ffe5d9592.e3iSbxaKaheRe34Sa3yKbhiTahb0n6jAmljGr5XDqQLvpAe HTTP/1.1" 200 10
190.25.47.227 - - [13/Oct/2014:15:51:27 -0500] "GET /forest/borrador/1042027/Concepto%20Tecnico%20PEV.docx HTTP/1.1" 200 345806
181.50.241.109 - - [13/Oct/2014:15:51:31 -0500] "POST /forms/lservlet;jsessionid=ac16012b30d5ef0ddec341ff4d19b176968ffe5d9592.e3iSbxaKaheRe34Sa3yKbhiTahb0n6jAmljGr5XDqQLvpAe HTTP/1.1" 200 21
181.50.241.109 - - [13/Oct/2014:15:51:34 -0500] "POST /forms/lservlet;jsessionid=ac16012b30d5ef0ddec341ff4d19b176968ffe5d9592.e3iSbxaKaheRe34Sa3yKbhiTahb0n6jAmljGr5XDqQLvpAe HTTP/1.1" 200 2
181.50.241.109 - - [13/Oct/2014:15:51:34 -0500] "POST /forms/lservlet;jsessionid=ac16012b30d5ef0ddec341ff4d19b176968ffe5d9592.e3iSbxaKaheRe34Sa3yKbhiTahb0n6jAmljGr5XDqQLvpAe HTTP/1.1" 200 91
181.50.241.109 - - [13/Oct/2014:15:51:35 -0500] "POST /forms/lservlet;jsessionid=ac16012b30d5ef0ddec341ff4d19b176968ffe5d9592.e3iSbxaKaheRe34Sa3yKbhiTahb0n6jAmljGr5XDqQLvpAe HTTP/1.1" 200 2
181.50.241.109 - - [13/Oct/2014:15:51:36 -0500] "POST /forms/lservlet;jsessionid=ac16012b30d5ef0ddec341ff4d19b176968ffe5d9592.e3iSbxaKaheRe34Sa3yKbhiTahb0n6jAmljGr5XDqQLvpAe HTTP/1.1" 200 2
181.50.241.109 - - [13/Oct/2014:15:51:37 -0500] "POST /forms/lservlet;jsessionid=ac16012b30d5ef0ddec341ff4d19b176968ffe5d9592.e3iSbxaKaheRe34Sa3yKbhiTahb0n6jAmljGr5XDqQLvpAe HTTP/1.1" 200 242
181.50.241.109 - - [13/Oct/2014:15:51:38 -0500] "POST /forms/lservlet;jsessionid=ac16012b30d5ef0ddec341ff4d19b176968ffe5d9592.e3iSbxaKaheRe34Sa3yKbhiTahb0n6jAmljGr5XDqQLvpAe HTTP/1.1" 200 2
181.50.241.109 - - [13/Oct/2014:15:51:38 -0500] "POST /forms/lservlet;jsessionid=ac16012b30d5ef0ddec341ff4d19b176968ffe5d9592.e3iSbxaKaheRe34Sa3yKbhiTahb0n6jAmljGr5XDqQLvpAe HTTP/1.1" 200 50
181.50.241.109 - - [13/Oct/2014:15:51:39 -0500] "POST /forms/lservlet;jsessionid=ac16012b30d5ef0ddec341ff4d19b176968ffe5d9592.e3iSbxaKaheRe34Sa3yKbhiTahb0n6jAmljGr5XDqQLvpAe HTTP/1.1" 200 2
181.50.241.109 - - [13/Oct/2014:15:51:39 -0500] "POST /forms/lservlet;jsessionid=ac16012b30d5ef0ddec341ff4d19b176968ffe5d9592.e3iSbxaKaheRe34Sa3yKbhiTahb0n6jAmljGr5XDqQLvpAe HTTP/1.1" 200 2
66.249.79.67 - - [13/Oct/2014:15:51:40 -0500] "GET /BLA/resoluciones/RESOLUCIONES%202007/RES%202007%201001%20AL%201100/RESOLUCION%201045%20DE%202007.pdf HTTP/1.1" 304 -
181.50.241.109 - - [13/Oct/2014:15:51:40 -0500] "POST /forms/lservlet;jsessionid=ac16012b30d5ef0ddec341ff4d19b176968ffe5d9592.e3iSbxaKaheRe34Sa3yKbhiTahb0n6jAmljGr5XDqQLvpAe HTTP/1.1" 200 427
181.50.241.109 - - [13/Oct/2014:15:51:41 -0500] "GET /imagenes/Srch_frw.gif HTTP/1.1" 200 925
181.50.241.109 - - [13/Oct/2014:15:51:42 -0500] "POST /forms/lservlet;jsessionid=ac16012b30d5ef0ddec341ff4d19b176968ffe5d9592.e3iSbxaKaheRe34Sa3yKbhiTahb0n6jAmljGr5XDqQLvpAe HTTP/1.1" 200 21
181.50.241.109 - - [13/Oct/2014:15:51:43 -0500] "POST /forms/lservlet;jsessionid=ac16012b30d5ef0ddec341ff4d19b176968ffe5d9592.e3iSbxaKaheRe34Sa3yKbhiTahb0n6jAmljGr5XDqQLvpAe HTTP/1.1" 200 82
181.54.176.202 - - [13/Oct/2014:15:51:43 -0500] "GET /BLA/boletinlegal/js/jquery.scrollTo-min.js HTTP/1.1" 200 1150
181.54.176.202 - - [13/Oct/2014:15:51:43 -0500] "GET /BLA/boletinlegal/js/jquery.js HTTP/1.1" 200 57254
181.54.176.202 - - [13/Oct/2014:15:51:43 -0500] "GET /BLA/boletinlegal/js/jquery.scrollShow.js HTTP/1.1" 200 4586
181.50.241.109 - - [13/Oct/2014:15:51:43 -0500] "POST /forms/lservlet;jsessionid=ac16012b30d5ef0ddec341ff4d19b176968ffe5d9592.e3iSbxaKaheRe34Sa3yKbhiTahb0n6jAmljGr5XDqQLvpAe HTTP/1.1" 200 2
181.50.241.109 - - [13/Oct/2014:15:51:43 -0500] "POST /forms/lservlet;jsessionid=ac16012b30d5ef0ddec341ff4d19b176968ffe5d9592.e3iSbxaKaheRe34Sa3yKbhiTahb0n6jAmljGr5XDqQLvpAe HTTP/1.1" 200 2043
181.50.241.109 - - [13/Oct/2014:15:51:44 -0500] "POST /forms/lservlet;jsessionid=ac16012b30d5ef0ddec341ff4d19b176968ffe5d9592.e3iSbxaKaheRe34Sa3yKbhiTahb0n6jAmljGr5XDqQLvpAe HTTP/1.1" 200 78
181.50.241.109 - - [13/Oct/2014:15:51:47 -0500] "POST /forms/lservlet;jsessionid=ac16012b30d5ef0ddec341ff4d19b176968ffe5d9592.e3iSbxaKaheRe34Sa3yKbhiTahb0n6jAmljGr5XDqQLvpAe HTTP/1.1" 200 34756
181.50.241.109 - - [13/Oct/2014:15:51:48 -0500] "GET /imagenes/listval.gif HTTP/1.1" 200 905
181.50.241.109 - - [13/Oct/2014:15:51:48 -0500] "POST /forms/lservlet;jsessionid=ac16012b30d5ef0ddec341ff4d19b176968ffe5d9592.e3iSbxaKaheRe34Sa3yKbhiTahb0n6jAmljGr5XDqQLvpAe HTTP/1.1" 200 7
181.50.241.109 - - [13/Oct/2014:15:51:48 -0500] "POST /forms/lservlet;jsessionid=ac16012b30d5ef0ddec341ff4d19b176968ffe5d9592.e3iSbxaKaheRe34Sa3yKbhiTahb0n6jAmljGr5XDqQLvpAe HTTP/1.1" 200 34
181.50.241.109 - - [13/Oct/2014:15:51:48 -0500] "POST /forms/lservlet;jsessionid=ac16012b30d5ef0ddec341ff4d19b176968ffe5d9592.e3iSbxaKaheRe34Sa3yKbhiTahb0n6jAmljGr5XDqQLvpAe HTTP/1.1" 200 2
181.50.241.109 - - [13/Oct/2014:15:51:49 -0500] "POST /forms/lservlet;jsessionid=ac16012b30d5ef0ddec341ff4d19b176968ffe5d9592.e3iSbxaKaheRe34Sa3yKbhiTahb0n6jAmljGr5XDqQLvpAe HTTP/1.1" 200 2
181.50.241.109 - - [13/Oct/2014:15:51:49 -0500] "POST /forms/lservlet;jsessionid=ac16012b30d5ef0ddec341ff4d19b176968ffe5d9592.e3iSbxaKaheRe34Sa3yKbhiTahb0n6jAmljGr5XDqQLvpAe HTTP/1.1" 200 662
181.50.241.109 - - [13/Oct/2014:15:51:49 -0500] "POST /forms/lservlet;jsessionid=ac16012b30d5ef0ddec341ff4d19b176968ffe5d9592.e3iSbxaKaheRe34Sa3yKbhiTahb0n6jAmljGr5XDqQLvpAe HTTP/1.1" 200 10
181.50.241.109 - - [13/Oct/2014:15:51:51 -0500] "POST /forms/lservlet;jsessionid=ac16012b30d5ef0ddec341ff4d19b176968ffe5d9592.e3iSbxaKaheRe34Sa3yKbhiTahb0n6jAmljGr5XDqQLvpAe HTTP/1.1" 200 26
181.50.241.109 - - [13/Oct/2014:15:51:51 -0500] "POST /forms/lservlet;jsessionid=ac16012b30d5ef0ddec341ff4d19b176968ffe5d9592.e3iSbxaKaheRe34Sa3yKbhiTahb0n6jAmljGr5XDqQLvpAe HTTP/1.1" 200 4658
181.50.241.109 - - [13/Oct/2014:15:51:52 -0500] "POST /forms/lservlet;jsessionid=ac16012b30d5ef0ddec341ff4d19b176968ffe5d9592.e3iSbxaKaheRe34Sa3yKbhiTahb0n6jAmljGr5XDqQLvpAe HTTP/1.1" 200 2
181.50.241.109 - - [13/Oct/2014:15:51:54 -0500] "POST /forms/lservlet;jsessionid=ac16012b30d5ef0ddec341ff4d19b176968ffe5d9592.e3iSbxaKaheRe34Sa3yKbhiTahb0n6jAmljGr5XDqQLvpAe HTTP/1.1" 200 156
181.50.241.109 - - [13/Oct/2014:15:51:55 -0500] "POST /forms/lservlet;jsessionid=ac16012b30d5ef0ddec341ff4d19b176968ffe5d9592.e3iSbxaKaheRe34Sa3yKbhiTahb0n6jAmljGr5XDqQLvpAe HTTP/1.1" 200 2
181.50.241.109 - - [13/Oct/2014:15:51:56 -0500] "POST /forms/lservlet;jsessionid=ac16012b30d5ef0ddec341ff4d19b176968ffe5d9592.e3iSbxaKaheRe34Sa3yKbhiTahb0n6jAmljGr5XDqQLvpAe HTTP/1.1" 200 2353
181.50.241.109 - - [13/Oct/2014:15:51:56 -0500] "POST /forms/lservlet;jsessionid=ac16012b30d5ef0ddec341ff4d19b176968ffe5d9592.e3iSbxaKaheRe34Sa3yKbhiTahb0n6jAmljGr5XDqQLvpAe HTTP/1.1" 200 19
190.25.47.227 - - [13/Oct/2014:15:51:56 -0500] "GET /forest/skins/gdocs-jar/popup/popup.jsp?width=1100&height=500&title=Buscar%20procesos&uri=/forest/buscar.do%3Ftype%3Dprocesos&name=undefined&_a=0.1677721522282809&a=0.8960568231996149 HTTP/1.1" 200 1175
190.25.47.227 - - [13/Oct/2014:15:51:56 -0500] "GET /forest/buscar.do?type=procesos HTTP/1.1" 200 96531
190.25.47.227 - - [13/Oct/2014:15:51:56 -0500] "GET /forest/buscar.do?type=procesos HTTP/1.1" 200 96531
190.25.47.227 - - [13/Oct/2014:15:51:57 -0500] "GET /forest/json.do?query=usersByDep&coddep=20 HTTP/1.1" 200 3294
190.25.47.227 - - [13/Oct/2014:15:51:57 -0500] "GET /forest/json.do?query=usersByDep&coddep=20 HTTP/1.1" 200 3294
181.50.241.109 - - [13/Oct/2014:15:51:58 -0500] "POST /forms/lservlet;jsessionid=ac16012b30d5ef0ddec341ff4d19b176968ffe5d9592.e3iSbxaKaheRe34Sa3yKbhiTahb0n6jAmljGr5XDqQLvpAe HTTP/1.1" 200 32
181.50.241.109 - - [13/Oct/2014:15:51:59 -0500] "POST /forms/lservlet;jsessionid=ac16012b30d5ef0ddec341ff4d19b176968ffe5d9592.e3iSbxaKaheRe34Sa3yKbhiTahb0n6jAmljGr5XDqQLvpAe HTTP/1.1" 200 26
181.50.241.109 - - [13/Oct/2014:15:52:00 -0500] "POST /forms/lservlet;jsessionid=ac16012b30d5ef0ddec341ff4d19b176968ffe5d9592.e3iSbxaKaheRe34Sa3yKbhiTahb0n6jAmljGr5XDqQLvpAe HTTP/1.1" 200 3364
66.249.79.83 - - [13/Oct/2014:15:52:01 -0500] "GET /BLA/resoluciones/AUTOS%202012/2976.pdf HTTP/1.1" 304 -
181.50.241.109 - - [13/Oct/2014:15:52:01 -0500] "POST /forms/lservlet;jsessionid=ac16012b30d5ef0ddec341ff4d19b176968ffe5d9592.e3iSbxaKaheRe34Sa3yKbhiTahb0n6jAmljGr5XDqQLvpAe HTTP/1.1" 200 20
181.50.241.109 - - [13/Oct/2014:15:52:02 -0500] "POST /forms/lservlet;jsessionid=ac16012b30d5ef0ddec341ff4d19b176968ffe5d9592.e3iSbxaKaheRe34Sa3yKbhiTahb0n6jAmljGr5XDqQLvpAe HTTP/1.1" 200 2
181.50.241.109 - - [13/Oct/2014:15:52:03 -0500] "POST /forms/lservlet;jsessionid=ac16012b30d5ef0ddec341ff4d19b176968ffe5d9592.e3iSbxaKaheRe34Sa3yKbhiTahb0n6jAmljGr5XDqQLvpAe HTTP/1.1" 200 2468
181.50.241.109 - - [13/Oct/2014:15:52:03 -0500] "POST /forms/lservlet;jsessionid=ac16012b30d5ef0ddec341ff4d19b176968ffe5d9592.e3iSbxaKaheRe34Sa3yKbhiTahb0n6jAmljGr5XDqQLvpAe HTTP/1.1" 200 2
181.50.241.109 - - [13/Oct/2014:15:52:06 -0500] "POST /forms/lservlet;jsessionid=ac16012b30d5ef0ddec341ff4d19b176968ffe5d9592.e3iSbxaKaheRe34Sa3yKbhiTahb0n6jAmljGr5XDqQLvpAe HTTP/1.1" 200 2
181.50.241.109 - - [13/Oct/2014:15:52:06 -0500] "POST /forms/lservlet;jsessionid=ac16012b30d5ef0ddec341ff4d19b176968ffe5d9592.e3iSbxaKaheRe34Sa3yKbhiTahb0n6jAmljGr5XDqQLvpAe HTTP/1.1" 200 2105
190.25.47.227 - - [13/Oct/2014:15:52:06 -0500] "POST /forest/buscar.do? HTTP/1.1" 200 5323
181.50.241.109 - - [13/Oct/2014:15:52:06 -0500] "POST /forms/lservlet;jsessionid=ac16012b30d5ef0ddec341ff4d19b176968ffe5d9592.e3iSbxaKaheRe34Sa3yKbhiTahb0n6jAmljGr5XDqQLvpAe HTTP/1.1" 200 10
190.25.47.227 - - [13/Oct/2014:15:52:06 -0500] "GET /forest/css/escritorio.css HTTP/1.1" 304 -
190.25.47.227 - - [13/Oct/2014:15:52:06 -0500] "GET /forest/img/loading.gif HTTP/1.1" 304 -
190.25.47.227 - - [13/Oct/2014:15:52:06 -0500] "GET /forest/img/nav_first.gif HTTP/1.1" 304 -
190.25.47.227 - - [13/Oct/2014:15:52:06 -0500] "GET /forest/img/nav_prev.gif HTTP/1.1" 304 -
190.25.47.227 - - [13/Oct/2014:15:52:06 -0500] "GET /forest/img/nav_next.gif HTTP/1.1" 304 -
190.25.47.227 - - [13/Oct/2014:15:52:06 -0500] "GET /forest/img/nav_last.gif HTTP/1.1" 304 -
190.25.47.227 - - [13/Oct/2014:15:52:06 -0500] "GET /forest/skins/gdocs-jar/img/more_details.gif HTTP/1.1" 304 -
181.50.241.109 - - [13/Oct/2014:15:52:07 -0500] "POST /forms/lservlet;jsessionid=ac16012b30d5ef0ddec341ff4d19b176968ffe5d9592.e3iSbxaKaheRe34Sa3yKbhiTahb0n6jAmljGr5XDqQLvpAe HTTP/1.1" 200 2
181.50.241.109 - - [13/Oct/2014:15:52:07 -0500] "POST /forms/lservlet;jsessionid=ac16012b30d5ef0ddec341ff4d19b176968ffe5d9592.e3iSbxaKaheRe34Sa3yKbhiTahb0n6jAmljGr5XDqQLvpAe HTTP/1.1" 200 3258
181.50.241.109 - - [13/Oct/2014:15:52:08 -0500] "POST /forms/lservlet;jsessionid=ac16012b30d5ef0ddec341ff4d19b176968ffe5d9592.e3iSbxaKaheRe34Sa3yKbhiTahb0n6jAmljGr5XDqQLvpAe HTTP/1.1" 200 2
186.114.42.77 - - [13/Oct/2014:15:52:08 -0500] "GET /BLA/boletinlegal/js/jquery.scrollShow.js HTTP/1.1" 200 4586
186.114.42.77 - - [13/Oct/2014:15:52:08 -0500] "GET /BLA/boletinlegal/js/jquery.scrollTo-min.js HTTP/1.1" 200 1150
186.114.42.77 - - [13/Oct/2014:15:52:08 -0500] "GET /BLA/boletinlegal/js/jquery.js HTTP/1.1" 200 57254
66.249.79.83 - - [13/Oct/2014:15:52:14 -0500] "GET /BLA/resoluciones/RESOLUCIONES%202011/7090.pdf HTTP/1.1" 304 -
41.138.178.139 - - [13/Oct/2014:15:52:19 -0500] "GET /vallashop/gh2.php HTTP/1.1" 404 1659
41.138.178.139 - - [13/Oct/2014:15:52:19 -0500] "GET /favicon.ico HTTP/1.1" 200 7782
66.249.79.83 - - [13/Oct/2014:15:52:22 -0500] "GET /BLA/resoluciones/RESOLUCIONES%202010/7572.pdf HTTP/1.1" 200 478604
41.138.178.139 - - [13/Oct/2014:15:52:23 -0500] "GET /vallashop/ HTTP/1.1" 404 1019
190.127.234.28 - - [13/Oct/2014:15:52:35 -0500] "GET /BLA/boletinlegal/js/jquery.scrollTo-min.js HTTP/1.1" 200 1150
190.127.234.28 - - [13/Oct/2014:15:52:35 -0500] "GET /BLA/boletinlegal/js/jquery.js HTTP/1.1" 200 57254
190.127.234.28 - - [13/Oct/2014:15:52:35 -0500] "GET /BLA/boletinlegal/js/jquery.scrollShow.js HTTP/1.1" 200 4586
66.249.79.75 - - [13/Oct/2014:15:52:43 -0500] "GET /BLA/resoluciones/RESOLUCIONES%202010/0319.pdf HTTP/1.1" 304 -
181.141.213.47 - - [13/Oct/2014:15:52:56 -0500] "GET /BLA/resoluciones/RESOLUCIONES%202012/1266.pdf HTTP/1.1" 200 440671
181.141.213.47 - - [13/Oct/2014:15:52:57 -0500] "GET /BLA/resoluciones/RESOLUCIONES%202012/1266.pdf HTTP/1.1" 206 32768
181.141.213.47 - - [13/Oct/2014:15:52:57 -0500] "GET /BLA/resoluciones/RESOLUCIONES%202012/1266.pdf HTTP/1.1" 206 407903
181.141.213.47 - - [13/Oct/2014:15:52:58 -0500] "GET /favicon.ico HTTP/1.1" 200 7782
66.249.79.67 - - [13/Oct/2014:15:52:58 -0500] "GET /BLA/resoluciones/RESOLUCIONES%202010/5987.pdf HTTP/1.1" 200 1980812
201.245.192.253 - - [13/Oct/2014:15:53:00 -0500] "GET /webfile/1ibre/1ibre.css HTTP/1.1" 304 -
66.249.79.83 - - [13/Oct/2014:15:53:05 -0500] "GET /BLA/resoluciones/RESOLUCIONES%202010/6718.pdf HTTP/1.1" 200 570303
190.251.54.86 - - [13/Oct/2014:15:53:20 -0500] "GET /autoliquidacion/TR%C3%81MITES%20ACEITES-RESIDUOS-ESTACIONES/REGISTRO%20COMO%20ACOPIADOR%20PRIMARIO/ANEXO%202.%20LISTA%20DE%20CHEQUEO%20SOLC.%20REGISTROA%20COPIADOR.xls HTTP/1.1" 200 205824
190.25.47.227 - - [13/Oct/2014:15:53:20 -0500] "GET /forest/buscar.do?type=procesos HTTP/1.1" 200 96531
190.25.47.227 - - [13/Oct/2014:15:53:21 -0500] "GET /forest/json.do?query=usersByDep&coddep=20 HTTP/1.1" 200 3294
190.25.47.227 - - [13/Oct/2014:15:53:21 -0500] "GET /forest/json.do?query=usersByDep&coddep=20 HTTP/1.1" 200 3294
66.249.79.83 - - [13/Oct/2014:15:53:25 -0500] "GET /BLA/resoluciones/RESOLUCIONES%202007/RES%202007%20301%20AL%20400/RESOLUCION%200317%20DE%202007.pdf HTTP/1.1" 304 -
202.46.58.30 - - [13/Oct/2014:15:53:30 -0500] "GET / HTTP/1.1" 302 -
190.25.47.227 - - [13/Oct/2014:15:53:30 -0500] "POST /forest/buscar.do? HTTP/1.1" 200 5153
66.249.79.75 - - [13/Oct/2014:15:53:36 -0500] "GET /BLA/boletinlegal/Circulares/2012/Circular%20No.%202%20del%2014%20de%20Marzo%20de%202012.pdf HTTP/1.1" 200 113666
190.25.47.227 - - [13/Oct/2014:15:53:42 -0500] "GET /forest/buscar.do?type=procesos HTTP/1.1" 200 96531
190.25.47.227 - - [13/Oct/2014:15:53:43 -0500] "GET /forest/json.do?query=usersByDep&coddep=20 HTTP/1.1" 200 3294
190.25.47.227 - - [13/Oct/2014:15:53:43 -0500] "GET /forest/json.do?query=usersByDep&coddep=20 HTTP/1.1" 200 3294
66.249.79.67 - - [13/Oct/2014:15:53:46 -0500] "GET /BLA/resoluciones/RESOLUCIONES%202011/0356.pdf HTTP/1.1" 200 81037
66.249.79.83 - - [13/Oct/2014:15:53:47 -0500] "GET /BLA/resoluciones/RESOLUCIONES%202012/0641.pdf HTTP/1.1" 304 -
66.249.79.67 - - [13/Oct/2014:15:53:48 -0500] "GET /BLA/boletinlegal/Circulares/2014/Circular%20No.%202%20del%2021%20de%20septiembre%20de%202014.pdf HTTP/1.1" 200 143376
190.25.47.227 - - [13/Oct/2014:15:53:52 -0500] "POST /forest/buscar.do? HTTP/1.1" 200 5144
191.79.17.30 - - [13/Oct/2014:15:53:55 -0500] "GET /Residuos/impresion/files/guia_impresion-lit.pdf HTTP/1.1" 404 1254
66.249.79.67 - - [13/Oct/2014:15:54:07 -0500] "GET /BLA/resoluciones/RESOLUCIONES%202012/1557.pdf HTTP/1.1" 304 -
66.249.79.75 - - [13/Oct/2014:15:54:11 -0500] "GET /BLA/boletinlegal/Circulares/2012/Circular%20No.%201%20del%2017%20de%20Enero%20de%202012.pdf HTTP/1.1" 200 1118749
66.249.79.83 - - [13/Oct/2014:15:54:14 -0500] "GET /BLA/resoluciones/RESOLUCIONES%202012/0903.pdf HTTP/1.1" 304 -
190.25.47.227 - - [13/Oct/2014:15:54:21 -0500] "GET /forest/buscar.do?type=procesos HTTP/1.1" 200 96531
119.63.193.132 - - [13/Oct/2014:15:54:21 -0500] "GET / HTTP/1.1" 302 -
190.25.47.227 - - [13/Oct/2014:15:54:21 -0500] "GET /forest/json.do?query=usersByDep&coddep=20 HTTP/1.1" 200 3294
190.25.47.227 - - [13/Oct/2014:15:54:21 -0500] "GET /forest/json.do?query=usersByDep&coddep=20 HTTP/1.1" 200 3294
190.252.154.39 - - [13/Oct/2014:15:54:21 -0500] "GET /galeria/carrusel/Carrusel/jquery.thumbnailScroller.css HTTP/1.1" 200 2066
190.252.154.39 - - [13/Oct/2014:15:54:21 -0500] "GET /BLA/boletinlegal/js/jquery.js HTTP/1.1" 200 57254
190.252.154.39 - - [13/Oct/2014:15:54:21 -0500] "GET /BLA/boletinlegal/js/jquery.scrollTo-min.js HTTP/1.1" 200 1150
190.252.154.39 - - [13/Oct/2014:15:54:21 -0500] "GET /BLA/boletinlegal/js/jquery.scrollShow.js HTTP/1.1" 200 4586
190.252.154.39 - - [13/Oct/2014:15:54:21 -0500] "GET /galeria/carrusel/Carrusel/jquery-ui-1.8.13.custom.min.js HTTP/1.1" 200 10800
190.252.154.39 - - [13/Oct/2014:15:54:21 -0500] "GET /galeria/carrusel/Carrusel/jquery.thumbnailScroller.js HTTP/1.1" 200 8157
190.252.154.39 - - [13/Oct/2014:15:54:23 -0500] "GET /galeria/nivo-slider/demo/demo.html HTTP/1.1" 200 3315
190.252.154.39 - - [13/Oct/2014:15:54:23 -0500] "GET /galeria/nivo-slider/themes/default/default.css HTTP/1.1" 200 1569
190.252.154.39 - - [13/Oct/2014:15:54:23 -0500] "GET /galeria/nivo-slider/themes/pascal/pascal.css HTTP/1.1" 200 2258
190.252.154.39 - - [13/Oct/2014:15:54:23 -0500] "GET /galeria/nivo-slider/themes/orman/orman.css HTTP/1.1" 200 2152
190.252.154.39 - - [13/Oct/2014:15:54:23 -0500] "GET /galeria/nivo-slider/nivo-slider.css HTTP/1.1" 200 1507
190.252.154.39 - - [13/Oct/2014:15:54:23 -0500] "GET /galeria/nivo-slider/demo/style.css HTTP/1.1" 200 2222
190.252.154.39 - - [13/Oct/2014:15:54:23 -0500] "GET /galeria/nivo-slider/demo/scripts/jquery-1.7.1.min.js HTTP/1.1" 200 93868
190.252.154.39 - - [13/Oct/2014:15:54:23 -0500] "GET /galeria/nivo-slider/jquery.nivo.slider.pack.js HTTP/1.1" 200 11561
190.252.154.39 - - [13/Oct/2014:15:54:24 -0500] "GET /galeria/nivo-slider/themes/default/loading.gif HTTP/1.1" 200 1737
190.252.154.39 - - [13/Oct/2014:15:54:24 -0500] "GET /galeria/nivo-slider/demo/images/4Simple_Slider.png HTTP/1.1" 200 11722
190.252.154.39 - - [13/Oct/2014:15:54:24 -0500] "GET /galeria/nivo-slider/demo/images/EncuentroAgua1.jpg HTTP/1.1" 200 274179
190.252.154.39 - - [13/Oct/2014:15:54:24 -0500] "GET /galeria/nivo-slider/demo/images/banner-Animal.jpg HTTP/1.1" 200 257223
190.252.154.39 - - [13/Oct/2014:15:54:24 -0500] "GET /galeria/nivo-slider/demo/images/Tingua-azul.jpg HTTP/1.1" 200 307638
190.252.154.39 - - [13/Oct/2014:15:54:24 -0500] "GET /galeria/nivo-slider/demo/images/Banner-Caracol-Africano.jpg HTTP/1.1" 200 331986
190.252.154.39 - - [13/Oct/2014:15:54:25 -0500] "GET /videos/Spot_Tinguas.flv HTTP/1.1" 200 2087054
190.252.154.39 - - [13/Oct/2014:15:54:26 -0500] "GET /galeria/nivo-slider/demo/images/9Signos.jpg HTTP/1.1" 200 93040
190.252.154.39 - - [13/Oct/2014:15:54:26 -0500] "GET /galeria/nivo-slider/demo/images/banner-encuesta.jpg HTTP/1.1" 200 42764
190.252.154.39 - - [13/Oct/2014:15:54:26 -0500] "GET /galeria/nivo-slider/demo/images/banner-llantas2.jpg HTTP/1.1" 200 73153
190.252.154.39 - - [13/Oct/2014:15:54:26 -0500] "GET /galeria/nivo-slider/demo/images/banner-caballos.png HTTP/1.1" 200 389106
190.252.154.39 - - [13/Oct/2014:15:54:26 -0500] "GET /galeria/nivo-slider/demo/images/ConstructorasFNL.jpg HTTP/1.1" 200 216551
190.252.154.39 - - [13/Oct/2014:15:54:27 -0500] "GET /galeria/nivo-slider/demo/images/Hacienda_Molinos.jpg HTTP/1.1" 200 319171
190.252.154.39 - - [13/Oct/2014:15:54:27 -0500] "GET /galeria/nivo-slider/demo/images/bannerEcolecta3.jpg HTTP/1.1" 200 280034
66.249.79.83 - - [13/Oct/2014:15:54:29 -0500] "GET /BLA/resoluciones/RESOLUCIONES%202007/RES%202007%20401%20AL%20500/RESOLUCION%200461%20DE%202007.pdf HTTP/1.1" 304 -
190.252.154.39 - - [13/Oct/2014:15:54:30 -0500] "GET /galeria/nivo-slider/themes/default/arrows.png HTTP/1.1" 200 824
190.252.154.39 - - [13/Oct/2014:15:54:30 -0500] "GET /galeria/nivo-slider/themes/default/bullets.png HTTP/1.1" 200 1281
190.25.47.227 - - [13/Oct/2014:15:54:30 -0500] "POST /forest/buscar.do? HTTP/1.1" 200 5194
66.249.79.75 - - [13/Oct/2014:15:54:35 -0500] "GET /BLA/boletinlegal/Directivas/2014/Directiva%20No.%203%20del%2020%20de%20Mayo%20de%202014.pdf HTTP/1.1" 200 504420
190.25.47.227 - - [13/Oct/2014:15:54:48 -0500] "GET /forest/buscar.do?type=procesos HTTP/1.1" 200 96531
190.25.47.227 - - [13/Oct/2014:15:54:49 -0500] "GET /forest/json.do?query=usersByDep&coddep=20 HTTP/1.1" 200 3294
190.25.47.227 - - [13/Oct/2014:15:54:49 -0500] "GET /forest/json.do?query=usersByDep&coddep=20 HTTP/1.1" 200 3294
66.249.79.83 - - [13/Oct/2014:15:54:50 -0500] "GET /BLA/resoluciones/RESOLUCIONES%202009/4361.pdf HTTP/1.1" 304 -
190.25.47.227 - - [13/Oct/2014:15:48:51 -0500] "GET /ForestMSG_SDA/channelAsync/template_word_14915695?X-Atmosphere-tracking-id=db6eb3bc-7b6a-5b47-6950-30c3ac4011d8&X-Atmosphere-Framework=1.0.5&X-Atmosphere-Transport=long-polling&tabid=0.1829439839348197&X-Cache-Date=0&Content-Type=application/xml&_=1413233524978 HTTP/1.1" 200 8193
66.249.79.67 - - [13/Oct/2014:15:54:59 -0500] "GET /BLA/boletinlegal/Circulares/2012/Circular%20No.%207%20del%2008%20de%20Agosto%20de%202012.pdf HTTP/1.1" 200 972955
190.25.47.227 - - [13/Oct/2014:15:55:02 -0500] "POST /forest/buscar.do? HTTP/1.1" 200 5332
190.25.47.227 - - [13/Oct/2014:15:55:05 -0500] "GET /forest/usutareas.do?group_system_actual=3&codAct=1347&numPro=2674142&codPro=127&fecTra=2014-09-24%2015:36:47.0&codInst=2690715&codTraEsc=16557363 HTTP/1.1" 200 184848
190.25.47.227 - - [13/Oct/2014:15:55:11 -0500] "GET /forest/session.jsp?a=0.9210944217629731 HTTP/1.1" 200 4
66.249.79.67 - - [13/Oct/2014:15:55:11 -0500] "GET /BLA/resoluciones/RESOLUCIONES%202010/6810.pdf HTTP/1.1" 304 -
190.25.47.227 - - [13/Oct/2014:15:55:11 -0500] "GET /forest/actions/forms.getMappedValues?id=IGS_NoCarasExpo53&value=1&codForm=Soli_Elem_Ext_Vis&a=0.07510435837320983 HTTP/1.1" 200 38
190.25.47.227 - - [13/Oct/2014:15:55:11 -0500] "GET /forest/actions/forms.getMappedValues?id=IGS_UbicacionPubliciad23&value=5&codForm=Soli_Elem_Ext_Vis&a=0.6278348206542432 HTTP/1.1" 200 27
190.25.47.227 - - [13/Oct/2014:15:55:11 -0500] "GET /forest/actions/forms.getMappedValues?id=IGS_UbicacionPubliciad23&value=5&codForm=Soli_Elem_Ext_Vis&a=0.22835680842399597 HTTP/1.1" 200 27
190.25.47.227 - - [13/Oct/2014:15:55:11 -0500] "GET /forest/actions/forms.getMappedValues?id=IGS_NoCarasExpo53&value=1&codForm=Soli_Elem_Ext_Vis&a=0.7740109290461987 HTTP/1.1" 200 38
190.78.178.200 - - [13/Oct/2014:15:55:15 -0500] "GET /BLA/boletinlegal/js/jquery.js HTTP/1.1" 200 57254
190.78.178.200 - - [13/Oct/2014:15:55:15 -0500] "GET /BLA/boletinlegal/js/jquery.scrollTo-min.js HTTP/1.1" 200 1150
190.78.178.200 - - [13/Oct/2014:15:55:15 -0500] "GET /BLA/boletinlegal/js/jquery.scrollShow.js HTTP/1.1" 200 4586
190.25.47.227 - - [13/Oct/2014:15:55:18 -0500] "GET /forest/skins/gdocs-jar/popup/direccion.jsp?callfromform=form_field123&a=0.16003673523664474 HTTP/1.1" 200 12429
66.249.79.75 - - [13/Oct/2014:15:55:22 -0500] "GET /BLA/boletinlegal/Circulares/2012/Circular%20No.%2013%20del%2006%20de%20Septiembre%20de%202012.pdf HTTP/1.1" 200 351421
66.249.79.83 - - [13/Oct/2014:15:55:26 -0500] "GET /BLA/resoluciones/RESOLUCIONES%202009/7978.pdf HTTP/1.1" 304 -
66.249.79.83 - - [13/Oct/2014:15:55:32 -0500] "GET /BLA/resoluciones/Resoluciones%202011/6416.pdf HTTP/1.1" 304 -
190.25.47.227 - - [13/Oct/2014:15:55:41 -0500] "POST /forest/usutareas.do? HTTP/1.1" 200 152
66.249.79.83 - - [13/Oct/2014:15:55:45 -0500] "GET /BLA/boletinlegal/Directivas/2011/Directiva%20No.%203%20del%2027%20de%20Mayo%20de%202011.pdf HTTP/1.1" 200 910420
190.25.47.227 - - [13/Oct/2014:15:55:44 -0500] "GET /forest/usudocumentos.do?_a=0.9358405219390988&group_system_actual=3 HTTP/1.1" 200 98722
66.249.79.75 - - [13/Oct/2014:15:55:48 -0500] "GET /BLA/resoluciones/AUTOS%202011/0818.pdf HTTP/1.1" 200 102140
190.25.47.227 - - [13/Oct/2014:15:55:45 -0500] "GET /forest/usudocumentos.do?_a=0.6465937732718885&group_system_actual=3 HTTP/1.1" 200 98722
190.25.47.227 - - [13/Oct/2014:15:55:48 -0500] "GET /forest/session.jsp?a=0.7376572268549353 HTTP/1.1" 200 4
180.76.5.195 - - [13/Oct/2014:15:55:49 -0500] "GET /BLA/resoluciones/Autos%202008/2638.pdf HTTP/1.1" 200 88941
66.249.79.67 - - [13/Oct/2014:15:55:53 -0500] "GET /residuos/curtiembres/files/guia_curtiembres.pdf HTTP/1.1" 404 1018
66.249.79.75 - - [13/Oct/2014:15:56:08 -0500] "GET /BLA/boletinlegal/Directivas/2014/Directiva%20No.%201%20del%2010%20de%20Abril%20de%202014.pdf HTTP/1.1" 200 258865
66.249.79.75 - - [13/Oct/2014:15:56:10 -0500] "GET /BLA/resoluciones/AUTOS%202009/0177.pdf HTTP/1.1" 304 -
190.25.47.227 - - [13/Oct/2014:15:56:13 -0500] "GET /forest/borrador/1434714/Registro%20Aprobaci%C3%B3n%20PEV.docx HTTP/1.1" 200 74372
201.245.192.253 - - [13/Oct/2014:15:56:20 -0500] "GET /isolucionsda/bancoconocimiento/M/MRGESTIONDOCUMENTAL/4%20-%20documental01.xls HTTP/1.1" 304 -
74.86.158.107 - - [13/Oct/2014:15:56:28 -0500] "HEAD / HTTP/1.1" 302 -
66.249.79.75 - - [13/Oct/2014:15:56:32 -0500] "GET /BLA/boletinlegal/Directivas/2011/Directiva%20No.%202%20del%2017%20de%20Mayo%20de%202011.pdf HTTP/1.1" 200 495382
66.249.79.67 - - [13/Oct/2014:15:56:56 -0500] "GET /BLA/boletinlegal/Circulares/2013/Circular%20No.%207%20del%201%20de%20Agosto%20de%202013.pdf HTTP/1.1" 200 340934
66.249.79.119 - - [13/Oct/2014:15:56:57 -0500] "GET /phpold/jaimedg/ HTTP/1.1" 404 1019
190.25.47.227 - - [13/Oct/2014:15:51:08 -0500] "GET /ForestMSG_SDA/channelAsync/template_word_14917892?X-Atmosphere-tracking-id=a6612f70-37d4-008e-a75f-c4260b10d7c1&X-Atmosphere-Framework=1.0.5&X-Atmosphere-Transport=long-polling&tabid=0.8641977268271148&X-Cache-Date=0&Content-Type=application/xml&_=1413233662556 HTTP/1.1" 200 8193
66.249.79.103 - - [13/Oct/2014:15:57:18 -0500] "GET /manual_funciones_Listado/2.5.1%20Subdirecci%C3%B3n%20%20Financiera/Auxiliar%20Administrativo%20407-27%20(Pagos).pdf HTTP/1.1" 404 1019
66.249.79.67 - - [13/Oct/2014:15:57:20 -0500] "GET /BLA/boletinlegal/Circulares/2013/Circular%20No.%208%20del%201%20de%20Noviembre%20de%202013.pdf HTTP/1.1" 200 385156
66.249.79.67 - - [13/Oct/2014:15:57:44 -0500] "GET /BLA/boletinlegal/Circulares/2011/Circular%20No.%206%20del%2029%20de%20Julio%20de%202011.pdf HTTP/1.1" 200 262144
66.249.79.83 - - [13/Oct/2014:15:57:57 -0500] "GET /BLA/resoluciones/RESOLUCIONES%202010/5049.pdf HTTP/1.1" 200 763217
180.76.6.150 - - [13/Oct/2014:15:58:04 -0500] "GET /BLA/resoluciones/RESOLUCIONES%202010/0499.pdf HTTP/1.1" 200 124058
161.10.163.57 - - [13/Oct/2014:15:58:10 -0500] "GET /BLA/boletinlegal/js/jquery.js HTTP/1.1" 200 57254
161.10.163.57 - - [13/Oct/2014:15:58:10 -0500] "GET /BLA/boletinlegal/js/jquery.scrollShow.js HTTP/1.1" 200 4586
161.10.163.57 - - [13/Oct/2014:15:58:10 -0500] "GET /BLA/boletinlegal/js/jquery.scrollTo-min.js HTTP/1.1" 200 1150
66.249.79.75 - - [13/Oct/2014:15:58:13 -0500] "GET /BLA/resoluciones/RESOLUCIONES%202013/2081.pdf HTTP/1.1" 304 -
66.249.79.75 - - [13/Oct/2014:15:58:13 -0500] "GET /BLA/boletinlegal/Circulares/2012/Circular%20No.%2015%20del%2022%20de%20octubre%20de%202012.pdf HTTP/1.1" 200 486506
66.249.79.83 - - [13/Oct/2014:15:58:15 -0500] "GET /BLA/resoluciones/AUTOS%202011/1306.pdf HTTP/1.1" 200 141485
181.139.38.11 - - [13/Oct/2014:15:58:21 -0500] "GET /BLA/boletinlegal/js/jquery.js HTTP/1.1" 200 57254
181.139.38.11 - - [13/Oct/2014:15:58:21 -0500] "GET /BLA/boletinlegal/js/jquery.scrollTo-min.js HTTP/1.1" 200 1150
181.139.38.11 - - [13/Oct/2014:15:58:21 -0500] "GET /BLA/boletinlegal/js/jquery.scrollShow.js HTTP/1.1" 200 4586
181.130.207.91 - - [13/Oct/2014:15:58:38 -0500] "GET /BLA/boletinlegal/js/jquery.js HTTP/1.1" 200 57254
181.130.207.91 - - [13/Oct/2014:15:58:38 -0500] "GET /BLA/boletinlegal/js/jquery.scrollTo-min.js HTTP/1.1" 200 1150
181.130.207.91 - - [13/Oct/2014:15:58:38 -0500] "GET /BLA/boletinlegal/js/jquery.scrollShow.js HTTP/1.1" 200 4586
66.249.79.67 - - [13/Oct/2014:15:58:46 -0500] "GET /BLA/resoluciones/RESOLUCIONES%202004/RES%202004%201151-1200/00001195.tif HTTP/1.1" 200 186472
190.177.76.126 - - [13/Oct/2014:15:59:03 -0500] "GET /BLA/boletinlegal/js/jquery.scrollTo-min.js HTTP/1.1" 200 1150
190.177.76.126 - - [13/Oct/2014:15:59:03 -0500] "GET /BLA/boletinlegal/js/jquery.js HTTP/1.1" 200 57254
190.177.76.126 - - [13/Oct/2014:15:59:03 -0500] "GET /BLA/boletinlegal/js/jquery.scrollShow.js HTTP/1.1" 200 4586
84.124.210.93 - - [13/Oct/2014:15:59:06 -0500] "GET /BLA/boletinlegal/js/jquery.js HTTP/1.1" 200 57254
84.124.210.93 - - [13/Oct/2014:15:59:06 -0500] "GET /BLA/boletinlegal/js/jquery.scrollTo-min.js HTTP/1.1" 200 1150
84.124.210.93 - - [13/Oct/2014:15:59:06 -0500] "GET /BLA/boletinlegal/js/jquery.scrollShow.js HTTP/1.1" 200 4586
180.76.6.145 - - [13/Oct/2014:15:59:21 -0500] "GET /BLA/resoluciones/RESOLUCIONES%202011/3984.pdf HTTP/1.1" 200 923534
181.131.30.195 - - [13/Oct/2014:15:59:29 -0500] "GET /galeria/nivo-slider/demo/demo.html HTTP/1.1" 304 -
181.131.30.195 - - [13/Oct/2014:15:59:29 -0500] "GET /galeria/nivo-slider/demo/images/EncuentroAgua1.jpg HTTP/1.1" 304 -
181.131.30.195 - - [13/Oct/2014:15:59:29 -0500] "GET /galeria/nivo-slider/demo/images/Banner-Caracol-Africano.jpg HTTP/1.1" 304 -
181.131.30.195 - - [13/Oct/2014:15:59:29 -0500] "GET /galeria/nivo-slider/demo/images/banner-Animal.jpg HTTP/1.1" 304 -
181.131.30.195 - - [13/Oct/2014:15:59:29 -0500] "GET /galeria/nivo-slider/demo/images/Tingua-azul.jpg HTTP/1.1" 304 -
181.131.30.195 - - [13/Oct/2014:15:59:29 -0500] "GET /galeria/nivo-slider/demo/images/bannerEcolecta3.jpg HTTP/1.1" 304 -
66.249.79.67 - - [13/Oct/2014:15:59:46 -0500] "GET /BLA/resoluciones/RESOLUCIONES%202007/RES%202007%203201%20AL%203300/RESOLUCION%203297%20DE%202007.pdf HTTP/1.1" 200 482587
66.249.79.111 - - [13/Oct/2014:15:59:59 -0500] "GET /prueba/encuestaRMCAB/conn/ HTTP/1.1" 404 1019
180.76.6.16 - - [13/Oct/2014:15:59:59 -0500] "GET /BLA/resoluciones/RESOLUCIONES%202008/0584.pdf HTTP/1.1" 200 1165415
66.249.79.75 - - [13/Oct/2014:16:00:07 -0500] "GET / HTTP/1.1" 302 -
66.249.79.83 - - [13/Oct/2014:16:00:28 -0500] "GET /BLA/resoluciones/RESOLUCIONES%202010/2309.pdf HTTP/1.1" 200 507873
66.249.79.83 - - [13/Oct/2014:16:00:29 -0500] "GET /autoliquidacion/Grupo%20Forestal%20-%20Silvicultura/Formulario%20de%20recoleccion%20de%20informacion%20silvicultural%20-%20Ficha1%20.xls HTTP/1.1" 404 1018
190.25.47.227 - - [13/Oct/2014:16:00:49 -0500] "GET /forest/session.jsp?a=0.530413203407079 HTTP/1.1" 200 4
66.249.79.67 - - [13/Oct/2014:16:00:49 -0500] "GET /BLA/resoluciones/AUTOS%202013/1700.pdf HTTP/1.1" 200 794233
66.249.79.75 - - [13/Oct/2014:16:01:10 -0500] "GET /BLA/resoluciones/RESOLUCIONES%202009/0147.pdf HTTP/1.1" 200 50588
190.25.47.227 - - [13/Oct/2014:15:55:10 -0500] "GET /ForestMSG_SDA/channelAsync/template_word_16557363?X-Atmosphere-tracking-id=fb98a91d-6523-366a-205d-1d694ccf8ba2&X-Atmosphere-Framework=1.0.5&X-Atmosphere-Transport=long-polling&tabid=0.623752917861566&X-Cache-Date=0&Content-Type=application/xml&_=1413233904575 HTTP/1.1" 200 8193
74.86.158.107 - - [13/Oct/2014:16:01:28 -0500] "HEAD / HTTP/1.1" 302 -
181.53.185.160 - - [13/Oct/2014:16:01:31 -0500] "GET /BLA/boletinlegal/js/jquery.js HTTP/1.1" 200 57254
181.53.185.160 - - [13/Oct/2014:16:01:31 -0500] "GET /BLA/boletinlegal/js/jquery.scrollShow.js HTTP/1.1" 200 4586
181.53.185.160 - - [13/Oct/2014:16:01:31 -0500] "GET /BLA/boletinlegal/js/jquery.scrollTo-min.js HTTP/1.1" 200 1150
66.249.79.83 - - [13/Oct/2014:16:01:31 -0500] "GET /BLA/resoluciones/AUTOS%202008/0558.pdf HTTP/1.1" 304 -
186.155.119.55 - - [13/Oct/2014:16:01:47 -0500] "GET /BLA/boletinlegal/js/jquery.scrollShow.js HTTP/1.1" 200 4586
186.155.119.55 - - [13/Oct/2014:16:01:47 -0500] "GET /BLA/boletinlegal/js/jquery.scrollTo-min.js HTTP/1.1" 200 1150
186.155.119.55 - - [13/Oct/2014:16:01:47 -0500] "GET /BLA/boletinlegal/js/jquery.js HTTP/1.1" 200 57254
186.155.119.55 - - [13/Oct/2014:16:01:48 -0500] "GET /autoliquidacion HTTP/1.1" 301 310
186.155.119.55 - - [13/Oct/2014:16:01:49 -0500] "GET /autoliquidacion/ HTTP/1.1" 200 6375
186.155.119.55 - - [13/Oct/2014:16:01:50 -0500] "GET /autoliquidacion/dlf/styles.css HTTP/1.1" 200 3045
186.155.119.55 - - [13/Oct/2014:16:01:50 -0500] "GET /autoliquidacion/dlf/folder.png HTTP/1.1" 200 410
186.155.119.55 - - [13/Oct/2014:16:01:50 -0500] "GET /autoliquidacion/dlf/bg.gif HTTP/1.1" 200 54
66.249.79.75 - - [13/Oct/2014:16:01:52 -0500] "GET /BLA/resoluciones/AUTOS%202012/1774.pdf HTTP/1.1" 200 442132
66.249.79.83 - - [13/Oct/2014:16:01:57 -0500] "GET /BLA/resoluciones/RESOLUCIONES%202004/RES%202004%20451-500/00000452.tif HTTP/1.1" 200 191574
186.155.119.55 - - [13/Oct/2014:16:02:03 -0500] "GET /autoliquidacion/index.php?dir=Grupo+Forestal+-+Silvicultura%2F HTTP/1.1" 200 5756
186.155.119.55 - - [13/Oct/2014:16:02:03 -0500] "GET /autoliquidacion/dlf/dirup.png HTTP/1.1" 200 644
186.155.119.55 - - [13/Oct/2014:16:02:04 -0500] "GET /autoliquidacion/dlf/unknown.png HTTP/1.1" 200 266
186.155.119.55 - - [13/Oct/2014:16:02:04 -0500] "GET /autoliquidacion/dlf/xls.gif HTTP/1.1" 200 636
190.25.47.227 - - [13/Oct/2014:16:02:01 -0500] "GET /forest/usutareas.do?_a=0.4623252279125154&group_system_actual=3 HTTP/1.1" 200 184848
190.25.47.227 - - [13/Oct/2014:16:02:05 -0500] "GET /forest/session.jsp?a=0.155678786104545 HTTP/1.1" 200 4
190.25.47.227 - - [13/Oct/2014:16:02:05 -0500] "GET /forest/actions/forms.getMappedValues?id=IGS_NoCarasExpo53&value=1&codForm=Soli_Elem_Ext_Vis&a=0.7864349870942533 HTTP/1.1" 200 38
