201.245.192.253 - - [13/Oct/2014:02:31:49 -0500] "GET /Residuos/metalmecanica/images/page2.swf HTTP/1.1" 404 1040
201.245.192.253 - - [13/Oct/2014:02:31:54 -0500] "GET /Residuos/metalmecanica/images/page16.swf HTTP/1.1" 404 1040
66.249.79.67 - - [13/Oct/2014:02:31:55 -0500] "GET /BLA/resoluciones/RESOLUCIONES%202010/2731.pdf HTTP/1.1" 200 322402
66.249.79.83 - - [13/Oct/2014:02:32:20 -0500] "GET /galeria/nivo-slider/demo/demo.html HTTP/1.1" 200 3315
66.249.79.67 - - [13/Oct/2014:02:32:22 -0500] "GET /galeria/nivo-slider/themes/default/default.css HTTP/1.1" 200 1569
66.249.79.83 - - [13/Oct/2014:02:32:23 -0500] "GET /galeria/nivo-slider/themes/pascal/pascal.css HTTP/1.1" 200 2258
66.249.79.75 - - [13/Oct/2014:02:32:24 -0500] "GET /galeria/nivo-slider/jquery.nivo.slider.pack.js HTTP/1.1" 200 11561
201.245.192.253 - - [13/Oct/2014:02:32:24 -0500] "GET /Residuos/metalmecanica/images/page23.swf HTTP/1.1" 404 1040
66.249.79.67 - - [13/Oct/2014:02:32:24 -0500] "GET /galeria/nivo-slider/demo/style.css HTTP/1.1" 200 2222
66.249.79.75 - - [13/Oct/2014:02:32:25 -0500] "GET /galeria/nivo-slider/themes/orman/orman.css HTTP/1.1" 200 2152
201.245.192.253 - - [13/Oct/2014:02:32:25 -0500] "GET /Residuos/metalmecanica/images/page21.swf HTTP/1.1" 404 1040
66.249.79.83 - - [13/Oct/2014:02:32:26 -0500] "GET /galeria/nivo-slider/nivo-slider.css HTTP/1.1" 200 1507
66.249.79.75 - - [13/Oct/2014:02:32:26 -0500] "GET /galeria/nivo-slider/demo/scripts/jquery-1.7.1.min.js HTTP/1.1" 304 -
66.249.79.75 - - [13/Oct/2014:02:32:27 -0500] "GET /BLA/resoluciones/RESOLUCIONES%202012/0168.pdf HTTP/1.1" 200 192786
201.245.192.253 - - [13/Oct/2014:02:32:35 -0500] "GET /Residuos/metalmecanica/images/page7.swf HTTP/1.1" 404 1040
66.249.79.83 - - [13/Oct/2014:02:32:56 -0500] "GET /BLA/resoluciones/AUTOS%202008/2276.pdf HTTP/1.1" 200 212992
201.245.192.253 - - [13/Oct/2014:02:32:59 -0500] "GET /Residuos/metalmecanica/images/page5.swf HTTP/1.1" 404 1040
201.245.192.253 - - [13/Oct/2014:02:33:07 -0500] "GET /Residuos/metalmecanica/images/page18.swf HTTP/1.1" 404 1040
201.245.192.253 - - [13/Oct/2014:02:33:08 -0500] "GET /Residuos/metalmecanica/images/page11.swf HTTP/1.1" 404 1040
201.245.192.253 - - [13/Oct/2014:02:33:17 -0500] "GET /Residuos/metalmecanica/images/page6.swf HTTP/1.1" 404 1040
201.245.192.253 - - [13/Oct/2014:02:33:19 -0500] "GET /Residuos/metalmecanica/images/page15.swf HTTP/1.1" 404 1040
66.249.79.67 - - [13/Oct/2014:02:33:27 -0500] "GET /BLA/resoluciones/RESOLUCIONES%202007/RES%202007%201%20AL%20100/RESOLUCION%200055%20DE%202007.pdf HTTP/1.1" 200 233786
201.245.192.253 - - [13/Oct/2014:02:33:36 -0500] "GET /Residuos/metalmecanica/images/page25.swf HTTP/1.1" 404 1040
201.245.192.253 - - [13/Oct/2014:02:33:48 -0500] "GET /Residuos/metalmecanica/images/page22.swf HTTP/1.1" 404 1040
66.249.79.75 - - [13/Oct/2014:02:33:58 -0500] "GET /portel_dama/ HTTP/1.1" 404 1018
66.249.79.67 - - [13/Oct/2014:02:35:00 -0500] "GET /BLA/resoluciones/AUTOS%202008/0191.pdf HTTP/1.1" 200 254436
66.249.79.75 - - [13/Oct/2014:02:35:30 -0500] "GET /BLA/resoluciones/RESOLUCIONES%202010/6406.pdf HTTP/1.1" 304 -
66.249.79.83 - - [13/Oct/2014:02:36:01 -0500] "GET /BLA/resoluciones/RESOLUCIONES%202011/4480.pdf HTTP/1.1" 304 -
202.46.50.159 - - [13/Oct/2014:02:36:25 -0500] "GET /BLA/resoluciones/Autos%202008/2038.pdf HTTP/1.1" 200 168800
74.86.158.107 - - [13/Oct/2014:02:36:30 -0500] "HEAD / HTTP/1.1" 302 -
66.249.79.83 - - [13/Oct/2014:02:36:32 -0500] "GET /BLA/resoluciones/RESOLUCIONES%202008/2523.pdf HTTP/1.1" 200 424388
66.249.79.83 - - [13/Oct/2014:02:37:03 -0500] "GET /BLA/resoluciones/RESOLUCIONES%202010/0483.pdf HTTP/1.1" 200 104226
66.249.79.111 - - [13/Oct/2014:02:37:13 -0500] "GET /pml/4.gif HTTP/1.1" 404 1019
66.249.79.67 - - [13/Oct/2014:02:37:13 -0500] "GET /BLA/resoluciones/RESOLUCIONES%202005/RES%202005%20251-300/00000280.tif HTTP/1.1" 200 127834
66.249.79.75 - - [13/Oct/2014:02:37:34 -0500] "GET /BLA/resoluciones/RESOLUCIONES%202008/2679.pdf HTTP/1.1" 200 513347
66.249.79.75 - - [13/Oct/2014:02:38:04 -0500] "GET /BLA/resoluciones/RESOLUCIONES%202007/RES%202007%201301%20AL%201400/RESOLUCION%201329%20DE%202007.pdf HTTP/1.1" 200 276885
220.181.108.88 - - [13/Oct/2014:02:38:14 -0500] "GET /BLA/resoluciones/AUTOS%25202008/0280.pdf HTTP/1.1" 404 1018
66.249.79.83 - - [13/Oct/2014:02:38:35 -0500] "GET /BLA/resoluciones/AUTOS%202007/2812.pdf HTTP/1.1" 200 123495
66.249.79.83 - - [13/Oct/2014:02:39:06 -0500] "GET /BLA/resoluciones/RESOLUCIONES%202011/1921.pdf HTTP/1.1" 200 255928
180.76.6.56 - - [13/Oct/2014:02:39:09 -0500] "GET /htdocs/ HTTP/1.1" 404 1019
66.249.79.103 - - [13/Oct/2014:02:39:37 -0500] "GET /POT-2013/Cartografia/32_Altura%20para%20c%C3%A1lculo%20de%20edificabilidad%20predominante%20y%20aisl.pdf HTTP/1.1" 304 -
66.249.79.83 - - [13/Oct/2014:02:40:08 -0500] "GET /Residuos/maderas/files/search/search85.xml HTTP/1.1" 404 1018
66.249.79.67 - - [13/Oct/2014:02:40:38 -0500] "GET /BLA/resoluciones/RESOLUCIONES%202007/RES%202007%203801%20AL%203900/RESOLUCION%203866%20DE%202007.pdf HTTP/1.1" 304 -
180.76.5.168 - - [13/Oct/2014:02:40:55 -0500] "GET /BLA/resoluciones/AUTOS%202007/0014.pdf HTTP/1.1" 200 180336
66.249.79.67 - - [13/Oct/2014:02:41:09 -0500] "GET /BLA/circulares/5.pdf HTTP/1.1" 200 2146608
185.10.104.132 - - [13/Oct/2014:02:41:22 -0500] "GET /BLA/resoluciones/RESOLUCIONES%202009/0297.pdf HTTP/1.1" 200 465269
74.86.158.107 - - [13/Oct/2014:02:41:30 -0500] "HEAD / HTTP/1.1" 302 -
66.249.79.83 - - [13/Oct/2014:02:41:40 -0500] "GET /BLA/resoluciones/RESOLUCIONES%202011/4657.pdf HTTP/1.1" 200 611888
180.76.6.133 - - [13/Oct/2014:02:41:49 -0500] "GET /BLA/resoluciones/Autos%202008/2788.pdf HTTP/1.1" 200 109432
66.249.79.67 - - [13/Oct/2014:02:42:11 -0500] "GET /BLA/resoluciones/RESOLUCIONES%202010/7440.pdf HTTP/1.1" 304 -
157.55.39.45 - - [13/Oct/2014:02:42:39 -0500] "GET /pga/ane6.doc HTTP/1.1" 404 1015
157.55.39.45 - - [13/Oct/2014:02:42:41 -0500] "GET /dama/libreria/php/decide.php?patron=03.1602 HTTP/1.1" 404 1015
66.249.79.75 - - [13/Oct/2014:02:42:42 -0500] "GET /BLA/resoluciones/RESOLUCIONES%202007/RES%202007%202901%20AL%203000/RESOLUCION%202905%20DE%202007.pdf HTTP/1.1" 304 -
180.76.6.157 - - [13/Oct/2014:02:42:46 -0500] "GET /BLA/resoluciones/RESOLUCIONES%202010/0142.pdf HTTP/1.1" 200 108804
66.249.79.67 - - [13/Oct/2014:02:43:02 -0500] "GET /even/even1.htm HTTP/1.1" 404 1018
66.249.79.67 - - [13/Oct/2014:02:43:13 -0500] "GET /BLA/resoluciones/RESOLUCIONES%202011/3840.pdf HTTP/1.1" 304 -
66.249.79.67 - - [13/Oct/2014:02:43:43 -0500] "GET /BLA/resoluciones/RESOLUCIONES%202010/6110.pdf HTTP/1.1" 304 -
66.249.79.67 - - [13/Oct/2014:02:44:14 -0500] "GET /BLA/resoluciones/AUTOS%202013/0540.pdf HTTP/1.1" 304 -
180.76.6.131 - - [13/Oct/2014:02:44:43 -0500] "GET /BLA/resoluciones/AUTOS%202007/0657.pdf HTTP/1.1" 200 67065
66.249.79.75 - - [13/Oct/2014:02:44:45 -0500] "GET /BLA/resoluciones/RESOLUCIONES%202007/RES%202007%202201%20AL%202300/RESOLUCION%202203%20DE%202007.pdf HTTP/1.1" 304 -
180.76.6.46 - - [13/Oct/2014:02:45:11 -0500] "GET /BLA/resoluciones/RESOLUCIONES%202008/2817.pdf HTTP/1.1" 200 258841
66.249.79.75 - - [13/Oct/2014:02:45:16 -0500] "GET /BLA/resoluciones/RESOLUCIONES%202011/4200.pdf HTTP/1.1" 304 -
66.249.79.67 - - [13/Oct/2014:02:45:43 -0500] "GET /manual_funciones_Listado/2.5.%20Direcci%C3%B3n%20de%20Gesti%C3%B3n%20Corporativa/Profesional%20Especializado%20222-24.pdf HTTP/1.1" 404 1018
66.249.79.75 - - [13/Oct/2014:02:45:47 -0500] "GET /BLA/resoluciones/RESOLUCIONES%202008/5178.pdf HTTP/1.1" 304 -
66.249.79.83 - - [13/Oct/2014:02:46:17 -0500] "GET /BLA/resoluciones/RESOLUCIONES%202010/7449.pdf HTTP/1.1" 304 -
74.86.158.107 - - [13/Oct/2014:02:46:30 -0500] "HEAD / HTTP/1.1" 302 -
66.249.79.67 - - [13/Oct/2014:02:46:37 -0500] "GET /legis/legis1.htm HTTP/1.1" 404 1018
66.249.79.83 - - [13/Oct/2014:02:46:48 -0500] "GET /BLA/resoluciones/RESOLUCIONES%202011/4639.pdf HTTP/1.1" 304 -
180.76.5.57 - - [13/Oct/2014:02:47:05 -0500] "GET /BLA/boletinlegal/doctrina.php HTTP/1.1" 200 4953
66.249.79.83 - - [13/Oct/2014:02:47:19 -0500] "GET /BLA/resoluciones/RESOLUCIONES%202010/6439.pdf HTTP/1.1" 304 -
180.76.5.28 - - [13/Oct/2014:02:47:31 -0500] "GET /BLA/resoluciones/AUTOS%202007/1911.pdf HTTP/1.1" 200 166465
66.249.79.83 - - [13/Oct/2014:02:47:50 -0500] "GET /BLA/resoluciones/RESOLUCIONES%202013/0880.pdf HTTP/1.1" 304 -
180.76.5.153 - - [13/Oct/2014:02:47:58 -0500] "GET /BLA/resoluciones/RESOLUCIONES%202009/1612.pdf HTTP/1.1" 200 628814
66.249.79.75 - - [13/Oct/2014:02:48:21 -0500] "GET /BLA/resoluciones/RESOLUCIONES%202011/4848.pdf HTTP/1.1" 304 -
180.76.6.65 - - [13/Oct/2014:02:48:25 -0500] "GET /BLA/resoluciones/AUTOS%202007/0221.pdf HTTP/1.1" 200 32473
66.249.79.83 - - [13/Oct/2014:02:48:25 -0500] "GET /newsecs1/gams.htm HTTP/1.1" 404 1018
66.249.79.103 - - [13/Oct/2014:02:48:51 -0500] "GET /BLA/boletinlegal/jurisprudencia/analisis/analisis%20C-595-2010.doc HTTP/1.1" 304 -
180.76.5.81 - - [13/Oct/2014:02:48:52 -0500] "GET /BLA/resoluciones/Autos%202008/2677.pdf HTTP/1.1" 200 102358
180.76.6.63 - - [13/Oct/2014:02:49:19 -0500] "GET /BLA/resoluciones/AUTOS%202007/1287.pdf HTTP/1.1" 200 48070
66.249.79.67 - - [13/Oct/2014:02:49:22 -0500] "GET /BLA/resoluciones/RESOLUCIONES%202011/4895.pdf HTTP/1.1" 200 622678
66.249.79.75 - - [13/Oct/2014:02:49:53 -0500] "GET /BLA/resoluciones/RESOLUCIONES%202010/3766.pdf HTTP/1.1" 304 -
181.130.6.55 - - [13/Oct/2014:02:49:56 -0500] "GET /Residuos/quimicos/quimicos.html HTTP/1.1" 404 1120
209.15.21.102 - - [13/Oct/2014:02:50:12 -0500] "GET / HTTP/1.1" 302 -
209.15.21.102 - - [13/Oct/2014:02:50:15 -0500] "GET /BLA/boletinlegal/js/jquery.js HTTP/1.1" 200 57254
209.15.21.102 - - [13/Oct/2014:02:50:15 -0500] "GET /BLA/boletinlegal/js/jquery.scrollShow.js HTTP/1.1" 200 4586
209.15.21.102 - - [13/Oct/2014:02:50:15 -0500] "GET /galeria/carrusel/Carrusel/jquery-ui-1.8.13.custom.min.js HTTP/1.1" 200 10800
209.15.21.102 - - [13/Oct/2014:02:50:15 -0500] "GET /galeria/carrusel/Carrusel/jquery.thumbnailScroller.css HTTP/1.1" 200 2066
209.15.21.102 - - [13/Oct/2014:02:50:15 -0500] "GET /BLA/boletinlegal/js/jquery.scrollTo-min.js HTTP/1.1" 200 1150
209.15.21.102 - - [13/Oct/2014:02:50:15 -0500] "GET /galeria/carrusel/Carrusel/jquery.thumbnailScroller.js HTTP/1.1" 200 8157
209.15.21.102 - - [13/Oct/2014:02:50:17 -0500] "GET /galeria/nivo-slider/demo/demo.html HTTP/1.1" 200 3315
209.15.21.102 - - [13/Oct/2014:02:50:17 -0500] "GET /galeria/nivo-slider/nivo-slider.css HTTP/1.1" 200 1507
209.15.21.102 - - [13/Oct/2014:02:50:17 -0500] "GET /galeria/nivo-slider/themes/default/default.css HTTP/1.1" 200 1569
209.15.21.102 - - [13/Oct/2014:02:50:17 -0500] "GET /galeria/nivo-slider/demo/style.css HTTP/1.1" 200 2222
209.15.21.102 - - [13/Oct/2014:02:50:17 -0500] "GET /galeria/nivo-slider/themes/pascal/pascal.css HTTP/1.1" 200 2258
209.15.21.102 - - [13/Oct/2014:02:50:17 -0500] "GET /galeria/nivo-slider/themes/orman/orman.css HTTP/1.1" 200 2152
209.15.21.102 - - [13/Oct/2014:02:50:17 -0500] "GET /galeria/nivo-slider/demo/scripts/jquery-1.7.1.min.js HTTP/1.1" 200 93868
209.15.21.102 - - [13/Oct/2014:02:50:18 -0500] "GET /galeria/nivo-slider/demo/images/EncuentroAgua1.jpg HTTP/1.1" 200 274179
209.15.21.102 - - [13/Oct/2014:02:50:18 -0500] "GET /galeria/nivo-slider/jquery.nivo.slider.pack.js HTTP/1.1" 200 11561
209.15.21.102 - - [13/Oct/2014:02:50:18 -0500] "GET /galeria/nivo-slider/demo/images/banner-Animal.jpg HTTP/1.1" 200 257223
209.15.21.102 - - [13/Oct/2014:02:50:18 -0500] "GET /galeria/nivo-slider/demo/images/Tingua-azul.jpg HTTP/1.1" 200 307638
209.15.21.102 - - [13/Oct/2014:02:50:18 -0500] "GET /galeria/nivo-slider/demo/images/Banner-Caracol-Africano.jpg HTTP/1.1" 200 331986
209.15.21.102 - - [13/Oct/2014:02:50:18 -0500] "GET /galeria/nivo-slider/demo/images/9Signos.jpg HTTP/1.1" 200 93040
209.15.21.102 - - [13/Oct/2014:02:50:18 -0500] "GET /galeria/nivo-slider/demo/images/banner-encuesta.jpg HTTP/1.1" 200 42764
209.15.21.102 - - [13/Oct/2014:02:50:19 -0500] "GET /galeria/nivo-slider/demo/images/banner-llantas2.jpg HTTP/1.1" 200 73153
209.15.21.102 - - [13/Oct/2014:02:50:19 -0500] "GET /galeria/nivo-slider/demo/images/banner-caballos.png HTTP/1.1" 200 389106
209.15.21.102 - - [13/Oct/2014:02:50:19 -0500] "GET /galeria/nivo-slider/demo/images/ConstructorasFNL.jpg HTTP/1.1" 200 216551
209.15.21.102 - - [13/Oct/2014:02:50:19 -0500] "GET /galeria/nivo-slider/demo/images/Hacienda_Molinos.jpg HTTP/1.1" 200 319171
209.15.21.102 - - [13/Oct/2014:02:50:19 -0500] "GET /galeria/nivo-slider/demo/images/bannerEcolecta3.jpg HTTP/1.1" 200 280034
209.15.21.102 - - [13/Oct/2014:02:50:20 -0500] "GET /galeria/nivo-slider/demo/images/4Simple_Slider.png HTTP/1.1" 200 11722
209.15.21.102 - - [13/Oct/2014:02:50:20 -0500] "GET /galeria/nivo-slider/themes/default/loading.gif HTTP/1.1" 200 1737
209.15.21.102 - - [13/Oct/2014:02:50:21 -0500] "GET /galeria/nivo-slider/themes/default/bullets.png HTTP/1.1" 200 1281
209.15.21.102 - - [13/Oct/2014:02:50:21 -0500] "GET /galeria/nivo-slider/themes/default/arrows.png HTTP/1.1" 200 824
66.249.79.83 - - [13/Oct/2014:02:50:24 -0500] "GET /BLA/resoluciones/RESOLUCIONES%202011/2054.pdf HTTP/1.1" 304 -
180.76.5.223 - - [13/Oct/2014:02:50:36 -0500] "GET /BLA/resoluciones/RESOLUCIONES%202011/3588.pdf HTTP/1.1" 200 539530
66.249.79.67 - - [13/Oct/2014:02:50:55 -0500] "GET /BLA/resoluciones/RESOLUCIONES%202011/2802.pdf HTTP/1.1" 304 -
180.76.5.155 - - [13/Oct/2014:02:51:03 -0500] "GET /BLA/resoluciones/RESOLUCIONES%202008/0290.pdf HTTP/1.1" 200 19118
66.249.79.75 - - [13/Oct/2014:02:51:09 -0500] "GET /newsecs1/gams1.htm HTTP/1.1" 404 1018
66.249.79.75 - - [13/Oct/2014:02:51:26 -0500] "GET /BLA/resoluciones/RESOLUCIONES%202008/3330.pdf HTTP/1.1" 304 -
180.76.5.59 - - [13/Oct/2014:02:51:29 -0500] "GET /BLA/resoluciones/Autos%202008/2023.pdf HTTP/1.1" 200 86184
74.86.158.107 - - [13/Oct/2014:02:51:30 -0500] "HEAD / HTTP/1.1" 302 -
66.249.79.83 - - [13/Oct/2014:02:51:56 -0500] "GET /BLA/resoluciones/RESOLUCIONES%202013/0083.pdf HTTP/1.1" 304 -
66.249.79.67 - - [13/Oct/2014:02:52:27 -0500] "GET /BLA/resoluciones/RESOLUCIONES%202007/RES%202007%203101%20AL%203200/RESOLUCION%203183%20%20DE%202007.pdf HTTP/1.1" 304 -
180.76.5.143 - - [13/Oct/2014:02:52:40 -0500] "GET /BLA/resoluciones/Autos%202008/1781.pdf HTTP/1.1" 200 226843
180.76.6.61 - - [13/Oct/2014:02:52:43 -0500] "GET /BLA/boletinlegal/js/jquery.scrollShow.js HTTP/1.1" 200 4586
180.76.5.58 - - [13/Oct/2014:02:52:43 -0500] "GET /BLA/boletinlegal/js/jquery.scrollTo-min.js HTTP/1.1" 200 1150
180.76.5.194 - - [13/Oct/2014:02:52:46 -0500] "GET /BLA/boletinlegal/js/jquery.js HTTP/1.1" 200 57254
66.249.79.67 - - [13/Oct/2014:02:52:55 -0500] "GET /new/Rees/s8.htm HTTP/1.1" 404 1018
66.249.79.75 - - [13/Oct/2014:02:52:58 -0500] "GET /BLA/resoluciones/RESOLUCIONES%202008/0721.pdf HTTP/1.1" 304 -
66.249.79.83 - - [13/Oct/2014:02:53:29 -0500] "GET /BLA/resoluciones/RESOLUCIONES%202007/RES%202007%204001%20AL%204100/RESOLUCION%204045%20DE%202007.pdf HTTP/1.1" 304 -
66.249.79.119 - - [13/Oct/2014:02:53:39 -0500] "GET /pml/foto.gif HTTP/1.1" 404 1019
66.249.79.83 - - [13/Oct/2014:02:54:00 -0500] "GET /BLA/resoluciones/RESOLUCIONES%202007/RES%202007%20901%20AL%201000/RESOLUCION%200950%20DE%202007.pdf HTTP/1.1" 304 -
66.249.79.75 - - [13/Oct/2014:02:54:30 -0500] "GET /BLA/resoluciones/RESOLUCIONES%202011/1237.pdf HTTP/1.1" 200 322785
66.249.79.67 - - [13/Oct/2014:02:54:43 -0500] "GET /Residuos/impresion/files/search/search96.xml HTTP/1.1" 404 1018
66.249.79.75 - - [13/Oct/2014:02:54:46 -0500] "GET /BLA/resoluciones/RESOLUCIONES%202002/RES%202002%201301-1350/20021343.tif HTTP/1.1" 200 41410
66.249.79.67 - - [13/Oct/2014:02:55:01 -0500] "GET /BLA/resoluciones/RESOLUCIONES%202013/0126.pdf HTTP/1.1" 304 -
66.249.79.119 - - [13/Oct/2014:02:55:32 -0500] "GET /BLA/boletinlegal/jurisprudencia/analisis/CUADRO%20ANALISIS%20SENTENCIA%20C-554%20DE%202007.doc HTTP/1.1" 304 -
66.249.79.75 - - [13/Oct/2014:02:55:37 -0500] "GET /normnew/hleeb.htm HTTP/1.1" 404 1018
66.249.79.75 - - [13/Oct/2014:02:56:03 -0500] "GET /BLA/resoluciones/RESOLUCIONES%202007/RES%202007%203901%20AL%204000/RESOLUCION%203956%20DE%202007.pdf HTTP/1.1" 304 -
74.86.158.107 - - [13/Oct/2014:02:56:30 -0500] "HEAD / HTTP/1.1" 302 -
66.249.79.75 - - [13/Oct/2014:02:56:31 -0500] "GET /sistemas/sop7.htm HTTP/1.1" 404 1018
66.249.79.83 - - [13/Oct/2014:02:56:34 -0500] "GET /BLA/resoluciones/RESOLUCIONES%202007/RES%202007%202601%20AL%202700/RESOLUCION%202646%20DE%202007.pdf HTTP/1.1" 304 -
66.249.79.103 - - [13/Oct/2014:02:57:04 -0500] "GET /BLA/boletinlegal/jurisprudencia.php HTTP/1.1" 200 10741
66.249.79.75 - - [13/Oct/2014:02:57:35 -0500] "GET /BLA/resoluciones/RESOLUCIONES%202009/3813.pdf HTTP/1.1" 304 -
100.43.85.25 - - [13/Oct/2014:02:57:52 -0500] "GET /pga/RESUMEN.PDF HTTP/1.1" 404 1019
66.249.79.103 - - [13/Oct/2014:02:58:06 -0500] "GET /POT-2013/Cartografia/29_EDIFICABILIDAD.pdf HTTP/1.1" 304 -
66.249.79.111 - - [13/Oct/2014:02:58:37 -0500] "GET /BLA/boletinlegal/jurisprudencia/analisis/CUADRO%20SENTENCIA%20C-245%20DE%202004.doc HTTP/1.1" 304 -
66.249.79.83 - - [13/Oct/2014:02:59:08 -0500] "GET /BLA/resoluciones/RESOLUCIONES%202013/0074%20.pdf HTTP/1.1" 304 -
66.249.79.111 - - [13/Oct/2014:02:59:39 -0500] "GET /htdocs/counter/digits/ocr/ HTTP/1.1" 404 1019
100.43.85.25 - - [13/Oct/2014:03:00:14 -0500] "GET /pga/RESUMEN.PDF HTTP/1.1" 404 1019
66.249.79.111 - - [13/Oct/2014:03:00:07 -0500] "GET /BLA/boletinlegal/index.php HTTP/1.1" 200 34724
66.249.79.111 - - [13/Oct/2014:03:00:37 -0500] "GET /BLA/boletinlegal/jurisprudencia/analisis/CUADRO%20ANALISIS%20SENTENCIA%20T-411%20DE%201992.doc HTTP/1.1" 304 -
66.249.79.103 - - [13/Oct/2014:03:00:40 -0500] "GET /POT-2013/Cartografia/15_Sistema%20de%20Movilidad%20_Secciones%20Viales_Circuitos_movilida.pdf HTTP/1.1" 304 -
220.181.108.118 - - [13/Oct/2014:03:00:55 -0500] "GET / HTTP/1.1" 302 -
180.76.6.138 - - [13/Oct/2014:03:01:29 -0500] "GET /BLA/resoluciones/AUTOS%202007/1141.pdf HTTP/1.1" 200 27554
74.86.158.107 - - [13/Oct/2014:03:01:30 -0500] "HEAD / HTTP/1.1" 302 -
66.249.79.111 - - [13/Oct/2014:03:01:42 -0500] "GET /POT-2013/Cartografia/10_EEP_Urbana.pdf HTTP/1.1" 304 -
180.76.6.47 - - [13/Oct/2014:03:01:56 -0500] "GET /BLA/resoluciones/index.php?dir=RESOLUCIONES%202007/RES%202007%204301%20AL%204352/&sort=date&order=desc HTTP/1.1" 200 14904
66.249.79.103 - - [13/Oct/2014:03:02:03 -0500] "GET /vallas/mapa2.gif HTTP/1.1" 404 1019
66.249.79.67 - - [13/Oct/2014:03:02:04 -0500] "GET /BLA/resoluciones/RESOLUCIONES%202004/RES%202004%20451-500/00000455.tif HTTP/1.1" 200 168692
66.249.79.111 - - [13/Oct/2014:03:02:13 -0500] "GET /normnew/dcpre2.htm HTTP/1.1" 404 1019
180.76.6.233 - - [13/Oct/2014:03:02:23 -0500] "GET /BLA/resoluciones/RESOLUCIONES%202008/0124.pdf HTTP/1.1" 200 286191
66.249.79.103 - - [13/Oct/2014:03:02:43 -0500] "GET /BLA/boletinlegal/jurisprudencia/analisis/CUADRO%20SENTENCIA%20T-299%20DE%202008.doc HTTP/1.1" 304 -
66.249.79.103 - - [13/Oct/2014:03:03:14 -0500] "GET /BLA/boletinlegal/jurisprudencia/analisis/SENTENCIA%20C-703%20DE%202010.xls HTTP/1.1" 304 -
180.76.6.40 - - [13/Oct/2014:03:03:17 -0500] "GET /BLA/resoluciones/AUTOS%202007/0800.pdf HTTP/1.1" 200 75750
157.55.39.45 - - [13/Oct/2014:03:03:23 -0500] "GET / HTTP/1.1" 302 -
180.76.5.21 - - [13/Oct/2014:03:03:44 -0500] "GET /BLA/resoluciones/AUTOS%202007/2003.pdf HTTP/1.1" 200 89091
185.10.104.195 - - [13/Oct/2014:03:04:11 -0500] "GET /formas/ver1.pdf HTTP/1.1" 404 1019
180.76.5.75 - - [13/Oct/2014:03:04:55 -0500] "GET /BLA/resoluciones/AUTOS%202007/1714.pdf HTTP/1.1" 200 36800
180.76.5.60 - - [13/Oct/2014:03:05:22 -0500] "GET /BLA/resoluciones/Autos%202008/1067.pdf HTTP/1.1" 200 227730
180.76.6.135 - - [13/Oct/2014:03:05:49 -0500] "GET /BLA/resoluciones/RESOLUCIONES%202011/1993.pdf HTTP/1.1" 200 564532
74.86.158.107 - - [13/Oct/2014:03:06:30 -0500] "HEAD / HTTP/1.1" 302 -
207.46.13.132 - - [13/Oct/2014:03:06:44 -0500] "GET /BLA/boletinlegal/js/jquery.js HTTP/1.1" 200 57254
207.46.13.132 - - [13/Oct/2014:03:06:45 -0500] "GET /BLA/boletinlegal/js/jquery.js HTTP/1.1" 200 57254
180.76.6.57 - - [13/Oct/2014:03:06:53 -0500] "GET /BLA/resoluciones/AUTOS%202007/2409.pdf HTTP/1.1" 200 75727
180.76.5.194 - - [13/Oct/2014:03:09:01 -0500] "GET /BLA/resoluciones/AUTOS%202010/5406.pdf HTTP/1.1" 200 1008047
66.249.79.83 - - [13/Oct/2014:03:09:14 -0500] "GET /manual_funciones_Listado/2.2.3.%20Subdirecci%C3%B3n%20de%20Calidad%20del%20Aire,%20Auditiva%20y%20Visual/Profesional%20Especializado%20222-24.pdf HTTP/1.1" 404 1018
66.249.79.119 - - [13/Oct/2014:03:09:21 -0500] "GET /POT-2013/Cartografia/34_EST_ORDENAMIENTO%20PARA%20EL%20SUELO_RURAL.pdf HTTP/1.1" 304 -
66.249.79.111 - - [13/Oct/2014:03:09:27 -0500] "GET /paisa/2.pdf HTTP/1.1" 404 1019
66.249.79.119 - - [13/Oct/2014:03:09:32 -0500] "GET /POT-2013/Cartografia/05_Remocion_V1_2013.pdf HTTP/1.1" 304 -
66.249.79.119 - - [13/Oct/2014:03:09:55 -0500] "GET /POT-2013/Cartografia/13_Est_Ordenam_D.pdf HTTP/1.1" 304 -
74.86.158.107 - - [13/Oct/2014:03:11:30 -0500] "HEAD / HTTP/1.1" 302 -
12.14.13.130 - - [13/Oct/2014:03:12:55 -0500] "GET /galeria/nivo-slider/demo/images/caballos2a.jpg HTTP/1.1" 304 -
66.249.79.75 - - [13/Oct/2014:03:13:18 -0500] "GET /manual_funciones_Listado/2.2.2.%20Subdirecci%C3%B3n%20de%20Silvicultura,%20Flora%20y%20Fauna%20Silvestre/Profesional%20Especializado%20222-19.pdf HTTP/1.1" 404 1018
66.249.79.111 - - [13/Oct/2014:03:13:21 -0500] "GET /BLA/boletinlegal/images/img_1.jpg HTTP/1.1" 200 8067
66.249.79.111 - - [13/Oct/2014:03:13:27 -0500] "GET /BLA/boletinlegal/conceptos.php HTTP/1.1" 200 6081
66.249.79.111 - - [13/Oct/2014:03:13:34 -0500] "GET /BLA/boletinlegal/Circulares/2013/Circular%20No.%208%20del%201%20de%20Noviembre%20de%202013.pdf HTTP/1.1" 304 -
193.144.79.181 - - [13/Oct/2014:03:13:58 -0500] "GET /BLA/boletinlegal/js/jquery.js HTTP/1.1" 200 57254
193.144.79.181 - - [13/Oct/2014:03:13:58 -0500] "GET /BLA/boletinlegal/js/jquery.scrollTo-min.js HTTP/1.1" 200 1150
193.144.79.181 - - [13/Oct/2014:03:13:58 -0500] "GET /BLA/boletinlegal/js/jquery.scrollShow.js HTTP/1.1" 200 4586
66.249.79.111 - - [13/Oct/2014:03:14:22 -0500] "GET /Autoliquidacion/index.php?dir=TR%C1MITES%20VERTIMIENTOS/&sort=name&order=desc HTTP/1.1" 200 2478
66.249.79.103 - - [13/Oct/2014:03:14:30 -0500] "GET /Autoliquidacion/index.php?dir=Solicitud+de+expedici%F3n+de+certificados+de+estado+de+conservaci%F3n+ambiental+(CECA)%2F HTTP/1.1" 200 3611
66.249.79.119 - - [13/Oct/2014:03:14:37 -0500] "GET /POT-2013/SEGUIMIENTO/Anexos_POT_PDD_OCT25.xls.pdf HTTP/1.1" 304 -
66.249.79.111 - - [13/Oct/2014:03:14:43 -0500] "GET /BLA/boletinlegal/Directivas/2013/Directiva%20No.%201%20del%2004%20de%20Abril%20de%202013.pdf HTTP/1.1" 304 -
66.249.79.119 - - [13/Oct/2014:03:15:03 -0500] "GET /PORTAL_SIAC/swf/Residuos/vehiculos/vehiculos.swf?pageNumber= HTTP/1.1" 304 -
202.46.63.164 - - [13/Oct/2014:03:16:06 -0500] "GET /BLA/resoluciones/AUTOS%202010/5406.pdf HTTP/1.1" 200 1008047
66.249.79.83 - - [13/Oct/2014:03:16:14 -0500] "GET /huelladecarbono/index.html HTTP/1.1" 404 1018
74.86.158.107 - - [13/Oct/2014:03:16:30 -0500] "HEAD / HTTP/1.1" 302 -
180.76.6.41 - - [13/Oct/2014:03:16:31 -0500] "GET /BLA/resoluciones/AUTOS%202010/5214.pdf HTTP/1.1" 200 43800
180.76.5.18 - - [13/Oct/2014:03:16:43 -0500] "GET /ideam/?C=N;O=D HTTP/1.1" 404 1019
202.46.63.80 - - [13/Oct/2014:03:17:33 -0500] "GET /BLA/resoluciones/AUTOS%202010/5406.pdf HTTP/1.1" 200 1008047
180.76.6.144 - - [13/Oct/2014:03:17:37 -0500] "GET /BLA/resoluciones/AUTOS%202009/2707.pdf HTTP/1.1" 200 105210
186.144.232.239 - - [13/Oct/2014:03:19:07 -0500] "GET /BLA/boletinlegal/js/jquery.js HTTP/1.1" 200 57254
186.144.232.239 - - [13/Oct/2014:03:19:07 -0500] "GET /BLA/boletinlegal/js/jquery.scrollTo-min.js HTTP/1.1" 200 1150
186.144.232.239 - - [13/Oct/2014:03:19:07 -0500] "GET /BLA/boletinlegal/js/jquery.scrollShow.js HTTP/1.1" 200 4586
66.249.79.83 - - [13/Oct/2014:03:20:02 -0500] "GET /manual_funciones_Listado/2.%20Subsecretar%C3%ADa%20General%20y%20de%20Control%20Disciplinario/Profesional%20Universitario%20219-18.pdf HTTP/1.1" 404 1018
66.249.79.75 - - [13/Oct/2014:03:20:11 -0500] "GET /Residuos/impresion/files/search/search11.xml HTTP/1.1" 404 1018
66.249.79.103 - - [13/Oct/2014:03:20:15 -0500] "GET /BLA/boletinlegal/jurisprudencia/analisis/Analisis%20jurisprudencial%20Sentencia%20C-366-11.doc HTTP/1.1" 304 -
66.249.79.111 - - [13/Oct/2014:03:20:18 -0500] "GET /POT-2013/Cartografia/03_Suelos%20de%20Protecci%C3%B3n.pdf HTTP/1.1" 304 -
66.249.79.103 - - [13/Oct/2014:03:20:21 -0500] "GET /BLA/boletinlegal/Circulares/2013/Circular%20No.%206%20del%2019%20de%20julio%20de%202013.pdf HTTP/1.1" 304 -
66.249.79.119 - - [13/Oct/2014:03:20:23 -0500] "GET /POT-2013/Cartografia/02_Clasificacion_Urbano_V1_2013.pdf HTTP/1.1" 304 -
66.249.79.103 - - [13/Oct/2014:03:20:46 -0500] "GET /BLA/boletinlegal/jurisprudencia/analisis/Analisis%20Sentencia%20T-1077,%202%20corregida.doc HTTP/1.1" 200 47616
66.249.79.103 - - [13/Oct/2014:03:20:52 -0500] "GET /Metadatos_final_2014/Gen_Respel_Indust.xml HTTP/1.1" 304 -
66.249.79.119 - - [13/Oct/2014:03:21:20 -0500] "GET /PORTAL_SIAC/swf/Residuos/farmaceutica/farmaceutica.swf?pageNumber= HTTP/1.1" 304 -
74.86.158.107 - - [13/Oct/2014:03:21:30 -0500] "HEAD / HTTP/1.1" 302 -
66.249.79.103 - - [13/Oct/2014:03:21:34 -0500] "GET /Autoliquidacion/Grupo%20Forestal%20-%20Silvicultura/126pm04-pr30-f-a3-v%205%20formulario%20y%20lista%20chequeo.xls HTTP/1.1" 404 1019
66.249.79.75 - - [13/Oct/2014:03:21:56 -0500] "GET /BLA/resoluciones/RESOLUCIONES%202004/RES%202004%20451-500/00000468.tif HTTP/1.1" 200 54510
66.249.79.119 - - [13/Oct/2014:03:22:06 -0500] "GET /PORTAL_SIAC/swf/Residuos/textiles/textiles.html HTTP/1.1" 304 -
180.76.5.66 - - [13/Oct/2014:03:22:14 -0500] "GET /BLA/resoluciones/AUTOS%202007/0321.pdf HTTP/1.1" 200 49164
66.249.79.75 - - [13/Oct/2014:03:22:28 -0500] "GET /stormWeb/ HTTP/1.1" 200 12136
66.249.79.119 - - [13/Oct/2014:03:22:36 -0500] "GET /PORTAL_SIAC/swf/Residuos/impresion/impresion.swf?pageNumber= HTTP/1.1" 304 -
66.249.79.111 - - [13/Oct/2014:03:23:22 -0500] "GET /BLA/boletinlegal/jurisprudencia/analisis/CUADRO%20SENTENCIA%20C-222%20DE%202011.doc HTTP/1.1" 304 -
89.25.242.70 - - [13/Oct/2014:03:23:32 -0500] "GET /BLA/resoluciones/RESOLUCIONES%202013/0274.pdf HTTP/1.1" 200 2569651
66.249.79.75 - - [13/Oct/2014:03:23:34 -0500] "GET /BLA/resoluciones/RESOLUCIONES%202002/RES%202002%201651-1700/20021674.tif HTTP/1.1" 200 330156
66.249.79.111 - - [13/Oct/2014:03:23:38 -0500] "GET /Autoliquidacion/index.php?dir=TR%C1MITES+VERTIMIENTOS%2FPERMISOS+DE+VERTIMIENTOS%2F HTTP/1.1" 200 3490
66.249.79.67 - - [13/Oct/2014:03:24:09 -0500] "GET /BLA/resoluciones/RESOLUCIONES%202007/RES%202007%20401%20AL%20500/RESOLUCION%200412%20DE%202007.pdf HTTP/1.1" 304 -
180.76.5.69 - - [13/Oct/2014:03:24:13 -0500] "GET /BLA/resoluciones/Autos%202008/2520.pdf HTTP/1.1" 200 193171
201.184.209.52 - - [13/Oct/2014:03:24:16 -0500] "GET /BLA/boletinlegal/js/jquery.scrollShow.js HTTP/1.1" 200 4586
201.184.209.52 - - [13/Oct/2014:03:24:16 -0500] "GET /BLA/boletinlegal/js/jquery.scrollTo-min.js HTTP/1.1" 200 1150
201.184.209.52 - - [13/Oct/2014:03:24:16 -0500] "GET /BLA/boletinlegal/js/jquery.js HTTP/1.1" 200 57254
66.249.79.67 - - [13/Oct/2014:03:24:17 -0500] "GET /autoliquidacion/index.php?dir=&sort=name&order=asc HTTP/1.1" 200 6375
66.249.79.119 - - [13/Oct/2014:03:24:40 -0500] "GET /PORTAL_SIAC/swf/Residuos/cosmeticos/cosmeticos.html HTTP/1.1" 304 -
66.249.79.103 - - [13/Oct/2014:03:25:49 -0500] "GET /ifweb/7.html HTTP/1.1" 404 1019
66.249.79.103 - - [13/Oct/2014:03:26:12 -0500] "GET /planesacc/pdf/juridica/aguas.pdf HTTP/1.1" 404 1019
74.86.158.107 - - [13/Oct/2014:03:26:30 -0500] "HEAD / HTTP/1.1" 302 -
66.249.79.119 - - [13/Oct/2014:03:26:43 -0500] "GET /PORTAL_SIAC/swf/Residuos/curtiembres/images/page2.swf HTTP/1.1" 200 31053
66.249.79.103 - - [13/Oct/2014:03:26:59 -0500] "GET /dama.php HTTP/1.1" 404 1019
66.249.79.111 - - [13/Oct/2014:03:27:14 -0500] "GET /POT-2013/Cartografia/27_Estructura_Sociespacial_2013.pdf HTTP/1.1" 304 -
66.249.79.67 - - [13/Oct/2014:03:27:53 -0500] "GET /BLA/resoluciones/RESOLUCIONES%202007/RES%202007%20701%20AL%20800/RESOLUCION%200747%20DE%202007.pdf HTTP/1.1" 200 230697
66.249.79.103 - - [13/Oct/2014:03:28:15 -0500] "GET /BLA/boletinlegal/actos.php HTTP/1.1" 200 7534
180.76.6.42 - - [13/Oct/2014:03:28:37 -0500] "GET /BLA/resoluciones/AUTOS%202007/2660.pdf HTTP/1.1" 200 350351
66.249.79.83 - - [13/Oct/2014:03:28:47 -0500] "GET /BLA/resoluciones/RESOLUCIONES%202007/RES%202007%20701%20AL%20800/RESOLUCION%200781%20DE%202007.pdf HTTP/1.1" 200 779099
66.249.79.103 - - [13/Oct/2014:03:29:17 -0500] "GET /BLA/boletinlegal/Circulares/2012/Circular%20No.%2011%20del%2027%20de%20Agosto%20de%202012.pdf HTTP/1.1" 304 -
66.249.79.75 - - [13/Oct/2014:03:29:41 -0500] "GET /BLA/resoluciones/RESOLUCIONES%202011/2283.pdf HTTP/1.1" 200 392459
66.249.79.103 - - [13/Oct/2014:03:29:48 -0500] "GET /POT-2013/Cartografia/12_Est_Ordenam_Regiona_2013_v1.pdf HTTP/1.1" 304 -
66.249.79.75 - - [13/Oct/2014:03:30:35 -0500] "GET /BLA/resoluciones/RESOLUCIONES%202007/RES%202007%201401%20AL%201500/RESOLUCION%201449%20DE%202007.pdf HTTP/1.1" 200 229463
66.249.79.111 - - [13/Oct/2014:03:31:20 -0500] "GET /PORTAL_SIAC/swf/Residuos/pinturas/files/search/searchtext.xml HTTP/1.1" 304 -
66.249.79.83 - - [13/Oct/2014:03:31:29 -0500] "GET /BLA/resoluciones/RESOLUCIONES%202010/3907.pdf HTTP/1.1" 200 1161935
74.86.158.107 - - [13/Oct/2014:03:31:30 -0500] "HEAD / HTTP/1.1" 302 -
66.249.79.119 - - [13/Oct/2014:03:31:51 -0500] "GET /POT-2013/Cartografia/21_Sistema%20General%20para%20la%20Gesti%C3%B3n%20y%20Manejo%20Integral%20de%20Resi.pdf HTTP/1.1" 304 -
66.249.79.103 - - [13/Oct/2014:03:32:22 -0500] "GET /POT-2013/Cartografia/17_Sistema%20de%20Movilidad_Subsistema%20de%20Transporte_Transporte%20.pdf HTTP/1.1" 304 -
66.249.79.83 - - [13/Oct/2014:03:32:23 -0500] "GET /BLA/resoluciones/RESOLUCIONES%202007/RES%202007%203001%20AL%203100/RESOLUCION%203014%20DE%202007.pdf HTTP/1.1" 200 1170012
66.249.79.119 - - [13/Oct/2014:03:32:53 -0500] "GET /BLA/boletinlegal/Directivas/2013/Directiva%20No.%202%20del%2004%20de%20Abril%20de%202013.pdf HTTP/1.1" 304 -
66.249.79.83 - - [13/Oct/2014:03:33:17 -0500] "GET /BLA/resoluciones/AUTOS%202013/3438.pdf HTTP/1.1" 200 789633
66.249.79.103 - - [13/Oct/2014:03:33:24 -0500] "GET /PORTAL_SIAC/swf/videos/ HTTP/1.1" 200 13066
66.249.79.67 - - [13/Oct/2014:03:33:54 -0500] "GET /BLA/resoluciones/RESOLUCIONES%202011/6971.pdf HTTP/1.1" 304 -
66.249.79.103 - - [13/Oct/2014:03:33:55 -0500] "GET /BLA/boletinlegal/Circulares/2012/Circular%20No.%203%20del%2023%20de%20Marzo%20de%202012.pdf HTTP/1.1" 304 -
66.249.79.111 - - [13/Oct/2014:03:34:25 -0500] "GET /Anexos%20estudio%20Organizacional%20SDA/ANEXO%20No.%206%20-%20AN%C3%81LISIS%20COMPARADO%20DECRETOS%20109%20Y%20175%202009%20VRS.%20ESTUDIO%20SERAMBIENTE/COMPARATIVO%20109-175-SERAMBIENTE.xls HTTP/1.1" 304 -
180.76.5.191 - - [13/Oct/2014:03:34:52 -0500] "GET /BLA/resoluciones/RESOLUCIONES%202011/4620.pdf HTTP/1.1" 200 456805
201.245.192.253 - - [13/Oct/2014:03:34:54 -0500] "GET /BLA/resoluciones/AUTOS%202014/5697.pdf HTTP/1.1" 304 -
66.249.79.67 - - [13/Oct/2014:03:35:06 -0500] "GET /BLA/resoluciones/RESOLUCIONES%202010/1942.pdf HTTP/1.1" 200 790915
66.249.79.83 - - [13/Oct/2014:03:36:01 -0500] "GET /BLA/resoluciones/RESOLUCIONES%202007/RES%202007%20301%20AL%20400/RESOLUCION%200338%20DE%202007.pdf HTTP/1.1" 200 41855
66.249.79.119 - - [13/Oct/2014:03:36:28 -0500] "GET /PORTAL_SIAC/swf/Residuos/impresion/files/search/searchtext.xml HTTP/1.1" 304 -
74.86.158.107 - - [13/Oct/2014:03:36:30 -0500] "HEAD / HTTP/1.1" 302 -
66.249.79.67 - - [13/Oct/2014:03:36:54 -0500] "GET /BLA/resoluciones/RESOLUCIONES%202007/RES%202007%203601%20AL%203700/RESOLUCION%203602%20DE%202007.pdf HTTP/1.1" 200 1333499
66.249.79.103 - - [13/Oct/2014:03:36:59 -0500] "GET /POT-2013/Cartografia/20_Sistema%20de%20Alcantarillado_FEB.pdf HTTP/1.1" 304 -
66.249.79.103 - - [13/Oct/2014:03:37:30 -0500] "GET /PORTAL_SIAC/swf/Residuos/curtiembres/files/search/searchtext.xml HTTP/1.1" 304 -
66.249.79.75 - - [13/Oct/2014:03:37:48 -0500] "GET /BLA/resoluciones/RESOLUCIONES%202010/0419.pdf HTTP/1.1" 200 478727
66.249.79.103 - - [13/Oct/2014:03:38:01 -0500] "GET /Autoliquidacion/index.php?dir=TR%C1MITES+VERTIMIENTOS%2F HTTP/1.1" 200 2479
66.249.79.119 - - [13/Oct/2014:03:38:32 -0500] "GET /PORTAL_SIAC/swf/Residuos/pinturas/files/search/search1.xml HTTP/1.1" 304 -
66.249.79.75 - - [13/Oct/2014:03:38:42 -0500] "GET /BLA/resoluciones/AUTOS%202007/3064.pdf HTTP/1.1" 200 237462
66.249.79.111 - - [13/Oct/2014:03:39:33 -0500] "GET /Autoliquidacion/index.php?dir=Grupo+Forestal+-+Silvicultura%2F HTTP/1.1" 200 5756
66.249.79.67 - - [13/Oct/2014:03:39:36 -0500] "GET /BLA/resoluciones/RESOLUCIONES%202009/3224.pdf HTTP/1.1" 200 535733
66.249.79.119 - - [13/Oct/2014:03:40:04 -0500] "GET /PORTAL_SIAC/swf/Residuos/maderas/maderas.html HTTP/1.1" 304 -
180.76.5.193 - - [13/Oct/2014:03:40:21 -0500] "GET /BLA/resoluciones/AUTOS%202007/2088.pdf HTTP/1.1" 200 97181
66.249.79.83 - - [13/Oct/2014:03:40:30 -0500] "GET /BLA/resoluciones/AUTOS%202007/0036.pdf HTTP/1.1" 200 55759
66.249.79.119 - - [13/Oct/2014:03:41:06 -0500] "GET /PORTAL_SIAC/swf/Residuos/lavanderias/files/search/searchtext.xml HTTP/1.1" 304 -
66.249.79.75 - - [13/Oct/2014:03:41:24 -0500] "GET /BLA/resoluciones/RESOLUCIONES%202010/5067.pdf HTTP/1.1" 200 386529
74.86.158.107 - - [13/Oct/2014:03:41:30 -0500] "HEAD / HTTP/1.1" 302 -
190.26.210.162 - - [13/Oct/2014:03:41:31 -0500] "GET / HTTP/1.1" 302 -
66.249.79.103 - - [13/Oct/2014:03:41:37 -0500] "GET /BLA/boletinlegal/Circulares/2012/Circular%20No.%2010%20del%2022%20de%20Agosto%20de%202012.pdf HTTP/1.1" 304 -
180.76.5.17 - - [13/Oct/2014:03:41:46 -0500] "GET /formas/manual.pdf HTTP/1.1" 404 1019
66.249.79.83 - - [13/Oct/2014:03:42:18 -0500] "GET /BLA/resoluciones/AUTOS%202011/4957.pdf HTTP/1.1" 200 305931
202.46.61.103 - - [13/Oct/2014:03:42:28 -0500] "GET /BLA/resoluciones/RESOLUCIONES%202011/4620.pdf HTTP/1.1" 200 456805
66.249.79.111 - - [13/Oct/2014:03:42:38 -0500] "GET /siac/documentos/Bases%20concertacion%20Movilidad.doc HTTP/1.1" 404 1019
180.76.5.188 - - [13/Oct/2014:03:42:59 -0500] "GET /BLA/resoluciones/RESOLUCIONES%202008/1842.pdf HTTP/1.1" 200 251158
66.249.79.103 - - [13/Oct/2014:03:43:09 -0500] "GET /BLA/boletinlegal/Circulares/2012/Circular%20No.%2015%20del%2022%20de%20octubre%20de%202012.pdf HTTP/1.1" 304 -
66.249.79.67 - - [13/Oct/2014:03:43:13 -0500] "GET /BLA/resoluciones/RESOLUCIONES%202009/7129.pdf HTTP/1.1" 200 105371
190.26.210.162 - - [13/Oct/2014:03:43:48 -0500] "GET /BLA/boletinlegal/js/jquery.scrollTo-min.js HTTP/1.1" 304 -
190.26.210.162 - - [13/Oct/2014:03:43:48 -0500] "GET /BLA/boletinlegal/js/jquery.js HTTP/1.1" 304 -
190.26.210.162 - - [13/Oct/2014:03:43:48 -0500] "GET /BLA/boletinlegal/js/jquery.scrollShow.js HTTP/1.1" 304 -
190.26.210.162 - - [13/Oct/2014:03:44:04 -0500] "GET /galeria/nivo-slider/demo/demo.html HTTP/1.1" 304 -
190.26.210.162 - - [13/Oct/2014:03:44:04 -0500] "GET /galeria/carrusel/Carrusel/jquery.thumbnailScroller.css HTTP/1.1" 304 -
190.26.210.162 - - [13/Oct/2014:03:44:04 -0500] "GET /galeria/carrusel/Carrusel/jquery-ui- HTTP/1.1" 404 1018
190.26.210.162 - - [13/Oct/2014:03:44:06 -0500] "GET /galeria/carrusel/Carrusel/jquery.thumbnailScroller.js HTTP/1.1" 304 -
66.249.79.83 - - [13/Oct/2014:03:44:07 -0500] "GET /BLA/resoluciones/RESOLUCIONES%202009/2897.pdf HTTP/1.1" 200 497510
66.249.79.75 - - [13/Oct/2014:03:44:11 -0500] "GET /autoliquidacion/TR%C3%81MITES%20VERTIMIENTOS/REGISTRO%20DE%20VERTIMIENTOS/formulario%20reg%20de%20vertimientos%20no%20domesticos.doc HTTP/1.1" 304 -
190.26.210.162 - - [13/Oct/2014:03:44:12 -0500] "GET /videos/Spot_Tinguas.flv HTTP/1.1" 304 -
190.26.210.162 - - [13/Oct/2014:03:44:04 -0500] "GET /BLA/boletinlegal/index.php? HTTP/1.1" 200 34226
66.249.79.75 - - [13/Oct/2014:03:44:41 -0500] "GET /BLA/resoluciones/RESOLUCIONES%202005/RES%202005%20251-300/00000274.tif HTTP/1.1" 200 119568
66.249.79.67 - - [13/Oct/2014:03:45:01 -0500] "GET /BLA/resoluciones/RESOLUCIONES%202011/0867.pdf HTTP/1.1" 200 70907
66.249.79.67 - - [13/Oct/2014:03:45:12 -0500] "GET /Residuos/metalmecanica/files/guia_metalmecanica.pdf HTTP/1.1" 404 1018
201.245.192.253 - - [13/Oct/2014:03:45:23 -0500] "GET /forest/img/spacer.gif HTTP/1.1" 304 -
201.245.192.253 - - [13/Oct/2014:03:45:30 -0500] "GET /forest/img/loading.gif HTTP/1.1" 304 -
66.249.79.103 - - [13/Oct/2014:03:45:43 -0500] "GET /BLA/boletinlegal/Circulares/2012/Circular%20No.%201%20del%2017%20de%20Enero%20de%202012.pdf HTTP/1.1" 304 -
66.249.79.75 - - [13/Oct/2014:03:45:55 -0500] "GET /BLA/resoluciones/RESOLUCIONES%202008/0287.pdf HTTP/1.1" 200 396219
202.46.63.68 - - [13/Oct/2014:03:45:58 -0500] "GET /BLA/resoluciones/Autos%202008/0074.pdf HTTP/1.1" 200 77741
201.245.192.253 - - [13/Oct/2014:03:46:16 -0500] "GET /forest/img/mplogo.gif HTTP/1.1" 304 -
202.46.48.200 - - [13/Oct/2014:03:46:17 -0500] "GET /BLA/resoluciones/AUTOS%202007/2088.pdf HTTP/1.1" 200 97181
74.86.158.107 - - [13/Oct/2014:03:46:30 -0500] "HEAD / HTTP/1.1" 302 -
207.46.13.21 - - [13/Oct/2014:03:46:41 -0500] "GET /dama/libreria/php/A/planesacc/pdf/planeac/sgestion11.pdf HTTP/1.1" 404 1015
180.76.6.60 - - [13/Oct/2014:03:46:43 -0500] "GET /BLA/resoluciones/AUTOS%202010/6652.pdf HTTP/1.1" 200 155337
66.249.79.103 - - [13/Oct/2014:03:46:45 -0500] "GET /PORTAL_SIAC/swf/Residuos/curtiembres/curtiembres.swf?pageNumber= HTTP/1.1" 304 -
66.249.79.83 - - [13/Oct/2014:03:46:49 -0500] "GET /BLA/resoluciones/RESOLUCIONES%202007/RES%202007%203501%20AL%203600/RESOLUCION%203541%20DE%202007.pdf HTTP/1.1" 200 829220
180.76.6.50 - - [13/Oct/2014:03:47:09 -0500] "GET /BLA/resoluciones/RESOLUCIONES%202009/0986.pdf HTTP/1.1" 200 64059
201.245.192.253 - - [13/Oct/2014:03:47:23 -0500] "GET /forest/img/close.gif HTTP/1.1" 304 -
201.245.192.253 - - [13/Oct/2014:03:47:37 -0500] "GET /forest/skins/gdocs-jar/img/okey.gif HTTP/1.1" 304 -
66.249.79.83 - - [13/Oct/2014:03:47:43 -0500] "GET /BLA/resoluciones/RESOLUCIONES%202013/0836.pdf HTTP/1.1" 200 565156
180.76.6.144 - - [13/Oct/2014:03:48:03 -0500] "GET /BLA/resoluciones/AUTOS%202007/0041.pdf HTTP/1.1" 200 167960
66.249.79.119 - - [13/Oct/2014:03:48:17 -0500] "GET /PORTAL_SIAC/swf/Residuos/maderas/maderas.swf?pageNumber= HTTP/1.1" 304 -
180.76.6.21 - - [13/Oct/2014:03:48:30 -0500] "GET /BLA/resoluciones/AUTOS%202010/5368.pdf HTTP/1.1" 200 1431909
66.249.79.75 - - [13/Oct/2014:03:48:37 -0500] "GET /BLA/resoluciones/RESOLUCIONES%202007/RES%202007%20901%20AL%201000/RESOLUCION%200978%20DE%202007.pdf HTTP/1.1" 200 250156
66.249.79.119 - - [13/Oct/2014:03:48:48 -0500] "GET /BLA/boletinlegal/Circulares/2012/Circular%20No.%208%20del%2021%20de%20Agosto%20de%202012.pdf HTTP/1.1" 304 -
66.249.79.83 - - [13/Oct/2014:03:49:31 -0500] "GET /BLA/resoluciones/RESOLUCIONES%202007/RES%202007%20501%20AL%20600/RESOLUCION%200510%20DE%202007.pdf HTTP/1.1" 200 687436
66.249.79.103 - - [13/Oct/2014:03:49:50 -0500] "GET /POT-2013/Cartografia/30_PATRIMONIO_CULTURAL.pdf HTTP/1.1" 304 -
180.76.5.187 - - [13/Oct/2014:03:50:01 -0500] "GET /BLA/resoluciones/AUTOS%202010/3624.pdf HTTP/1.1" 200 1606925
201.245.192.253 - - [13/Oct/2014:03:50:09 -0500] "GET /stormWeb/js/sarissa_xml_xsl_utilities.js HTTP/1.1" 304 -
66.249.79.111 - - [13/Oct/2014:03:50:21 -0500] "GET /PORTAL_SIAC/swf/Residuos/vehiculos/files/info.xml?rnd=921f91e0-8cff-41eb-bdc4-8518181cfe90 HTTP/1.1" 304 -
66.249.79.75 - - [13/Oct/2014:03:50:25 -0500] "GET /BLA/resoluciones/AUTOS%202012/1995.pdf HTTP/1.1" 304 -
180.76.5.145 - - [13/Oct/2014:03:50:28 -0500] "GET /BLA/resoluciones/RESOLUCIONES%202008/0357.pdf HTTP/1.1" 200 215353
66.249.79.119 - - [13/Oct/2014:03:50:51 -0500] "GET /BLA/boletinlegal/Circulares/2013/Circular%20No.%201%20del%2014%20de%20enero%20de%202013.pdf HTTP/1.1" 304 -
180.76.5.22 - - [13/Oct/2014:03:50:54 -0500] "GET /BLA/resoluciones/RESOLUCIONES%202008/1433.pdf HTTP/1.1" 200 212433
66.249.79.83 - - [13/Oct/2014:03:51:20 -0500] "GET /BLA/resoluciones/RESOLUCIONES%202013/1117.pdf HTTP/1.1" 200 3786752
74.86.158.107 - - [13/Oct/2014:03:51:29 -0500] "HEAD / HTTP/1.1" 302 -
66.249.79.119 - - [13/Oct/2014:03:51:37 -0500] "GET /Autoliquidacion/index.php?dir=Plan+de+manejo+ambiental+para+sitios+de+aprovechamiento+y+o+disposicion+final+de+escombros%2F HTTP/1.1" 200 2548
180.76.6.20 - - [13/Oct/2014:03:51:48 -0500] "GET /BLA/resoluciones/index.php?dir=RESOLUCIONES+2006%2FRES+2006+1451-1500%2F HTTP/1.1" 200 12370
66.249.79.83 - - [13/Oct/2014:03:52:13 -0500] "GET /BLA/resoluciones/AUTOS%202008/1012.pdf HTTP/1.1" 200 253137
12.14.13.130 - - [13/Oct/2014:03:52:20 -0500] "GET /galeria/nivo-slider/demo/images/EscombrosC-Bolivar1.jpg HTTP/1.1" 304 -
66.249.79.83 - - [13/Oct/2014:03:52:22 -0500] "GET /BLA/resoluciones/RESOLUCIONES%202002/RES%202002%201351-1400/20021388.tif HTTP/1.1" 200 42424
202.46.63.42 - - [13/Oct/2014:03:52:46 -0500] "GET / HTTP/1.1" 302 -
190.26.55.11 - - [13/Oct/2014:03:52:49 -0500] "GET /BLA/boletinlegal/js/jquery.js HTTP/1.1" 200 57254
190.26.55.11 - - [13/Oct/2014:03:52:58 -0500] "GET /BLA/boletinlegal/js/jquery.scrollTo-min.js HTTP/1.1" 200 1150
190.26.55.11 - - [13/Oct/2014:03:53:00 -0500] "GET /BLA/boletinlegal/js/jquery.scrollShow.js HTTP/1.1" 200 4586
66.249.79.67 - - [13/Oct/2014:03:53:08 -0500] "GET /BLA/resoluciones/RESOLUCIONES%202007/RES%202007%202401%20AL%202500/RESOLUCION%202436%20DE%202007.pdf HTTP/1.1" 200 489246
119.63.193.132 - - [13/Oct/2014:03:53:36 -0500] "GET / HTTP/1.1" 302 -
180.76.5.190 - - [13/Oct/2014:03:53:51 -0500] "GET /BLA/resoluciones/AUTOS%202007/2291.pdf HTTP/1.1" 200 66021
66.249.79.103 - - [13/Oct/2014:03:53:56 -0500] "GET /PORTAL_SIAC/swf/Residuos/lavanderias/files/search/search1.xml HTTP/1.1" 304 -
66.249.79.83 - - [13/Oct/2014:03:54:02 -0500] "GET /BLA/resoluciones/RESOLUCIONES%202013/2000.pdf HTTP/1.1" 200 472961
110.164.252.2 - - [13/Oct/2014:03:54:03 -0500] "GET / HTTP/1.0" 302 -
180.76.5.74 - - [13/Oct/2014:03:54:12 -0500] "GET /BLA/resoluciones/RESOLUCIONES%202008/2041.pdf HTTP/1.1" 200 293716
66.249.79.119 - - [13/Oct/2014:03:54:27 -0500] "GET /PORTAL_SIAC/swf/Residuos/maderas/files/search/searchtext.xml HTTP/1.1" 304 -
180.76.5.69 - - [13/Oct/2014:03:54:38 -0500] "GET /BLA/resoluciones/Autos%202008/2490.pdf HTTP/1.1" 200 89560
66.249.79.83 - - [13/Oct/2014:03:54:56 -0500] "GET /BLA/resoluciones/AUTOS%202013/1474.pdf HTTP/1.1" 200 847896
66.249.79.119 - - [13/Oct/2014:03:55:28 -0500] "GET /BLA/boletinlegal/Circulares/2012/Circular%20No.%206%20del%2025%20de%20Mayo%20de%202012.pdf HTTP/1.1" 304 -
66.249.79.75 - - [13/Oct/2014:03:55:50 -0500] "GET /BLA/resoluciones/RESOLUCIONES%202009/7414.pdf HTTP/1.1" 200 636417
66.249.79.103 - - [13/Oct/2014:03:55:59 -0500] "GET /PORTAL_SIAC/swf/Residuos/textiles/textiles.swf?pageNumber= HTTP/1.1" 304 -
74.86.158.107 - - [13/Oct/2014:03:56:29 -0500] "HEAD / HTTP/1.1" 302 -
66.249.79.67 - - [13/Oct/2014:03:56:44 -0500] "GET /BLA/resoluciones/RESOLUCIONES%202007/RES%202007%201501%20AL%201600/RESOLUCION%201565%20DE%202007.pdf HTTP/1.1" 200 860615
66.249.79.103 - - [13/Oct/2014:03:57:01 -0500] "GET /PORTAL_SIAC/swf/Residuos/quimicos/quimicos.html HTTP/1.1" 304 -
66.249.79.103 - - [13/Oct/2014:03:57:32 -0500] "GET /PORTAL_SIAC/swf/Residuos/impresion/images/page2.swf HTTP/1.1" 200 31322
66.249.79.67 - - [13/Oct/2014:03:57:39 -0500] "GET /BLA/resoluciones/AUTOS%202011/4438.pdf HTTP/1.1" 200 451415
100.43.85.25 - - [13/Oct/2014:03:57:43 -0500] "GET /guia/Ggp.ppt HTTP/1.1" 404 1019
66.249.79.103 - - [13/Oct/2014:03:58:02 -0500] "GET /Autoliquidacion/index.php?dir=Cobro+Clasificacion+Uso+De+Vivenda+En+Suelo+Restringido%2F HTTP/1.1" 200 3220
88.23.96.253 - - [13/Oct/2014:03:58:16 -0500] "GET /BLA/boletinlegal/js/jquery.js HTTP/1.1" 200 57254
88.23.96.253 - - [13/Oct/2014:03:58:16 -0500] "GET /BLA/boletinlegal/js/jquery.scrollTo-min.js HTTP/1.1" 200 1150
88.23.96.253 - - [13/Oct/2014:03:58:16 -0500] "GET /BLA/boletinlegal/js/jquery.scrollShow.js HTTP/1.1" 200 4586
66.249.79.83 - - [13/Oct/2014:03:58:33 -0500] "GET /BLA/resoluciones/RESOLUCIONES%202008/1118.pdf HTTP/1.1" 200 149536
66.249.79.67 - - [13/Oct/2014:03:59:27 -0500] "GET /BLA/resoluciones/AUTOS%202014/0871.pdf HTTP/1.1" 200 311364
190.26.210.162 - - [13/Oct/2014:03:59:31 -0500] "GET /galeria/nivo-slider/demo/ HTTP/1.1" 200 2278
201.245.192.253 - - [13/Oct/2014:04:00:18 -0500] "GET /BLA/resoluciones/ HTTP/1.1" 200 6952
66.249.79.67 - - [13/Oct/2014:04:00:21 -0500] "GET /BLA/resoluciones/AUTOS%202007/3432.pdf HTTP/1.1" 200 256036
66.249.79.83 - - [13/Oct/2014:04:00:35 -0500] "GET /videos/ambiente-ciudad/skin/blue.monday/jplayer.blue.monday.css HTTP/1.1" 200 12518
66.249.79.111 - - [13/Oct/2014:04:00:38 -0500] "GET /BLA/boletinlegal/Circulares/2012/Circular%20No.%205%20del%2027%20de%20Abril%20de%202012.pdf HTTP/1.1" 304 -
190.26.55.11 - - [13/Oct/2014:04:00:46 -0500] "GET /galeria/carrusel/Carrusel/jquery.thumbnailScroller.css HTTP/1.1" 200 2066
190.26.55.11 - - [13/Oct/2014:04:00:46 -0500] "GET /galeria/carrusel/Carrusel/jquery-ui-1.8.13.custom.min.js HTTP/1.1" 200 10800
190.26.55.11 - - [13/Oct/2014:04:00:46 -0500] "GET /galeria/carrusel/Carrusel/jquery.thumbnailScroller.js HTTP/1.1" 200 8157
190.26.55.11 - - [13/Oct/2014:04:00:48 -0500] "GET /galeria/nivo-slider/demo/demo.html HTTP/1.1" 200 3315
190.26.55.11 - - [13/Oct/2014:04:00:48 -0500] "GET /galeria/nivo-slider/themes/default/default.css HTTP/1.1" 200 1569
190.26.55.11 - - [13/Oct/2014:04:00:48 -0500] "GET /galeria/nivo-slider/themes/pascal/pascal.css HTTP/1.1" 200 2258
190.26.55.11 - - [13/Oct/2014:04:00:48 -0500] "GET /galeria/nivo-slider/themes/orman/orman.css HTTP/1.1" 200 2152
190.26.55.11 - - [13/Oct/2014:04:00:48 -0500] "GET /galeria/nivo-slider/demo/images/banner-Animal.jpg HTTP/1.1" 200 257223
190.26.55.11 - - [13/Oct/2014:04:00:48 -0500] "GET /galeria/nivo-slider/demo/images/Tingua-azul.jpg HTTP/1.1" 200 307638
190.26.55.11 - - [13/Oct/2014:04:00:48 -0500] "GET /galeria/nivo-slider/demo/images/EncuentroAgua1.jpg HTTP/1.1" 200 274179
190.26.55.11 - - [13/Oct/2014:04:00:48 -0500] "GET /galeria/nivo-slider/demo/style.css HTTP/1.1" 200 2222
190.26.55.11 - - [13/Oct/2014:04:00:48 -0500] "GET /galeria/nivo-slider/demo/images/Banner-Caracol-Africano.jpg HTTP/1.1" 200 331986
190.26.55.11 - - [13/Oct/2014:04:00:48 -0500] "GET /galeria/nivo-slider/nivo-slider.css HTTP/1.1" 200 1507
190.26.55.11 - - [13/Oct/2014:04:00:48 -0500] "GET /galeria/nivo-slider/demo/images/9Signos.jpg HTTP/1.1" 200 93040
190.26.55.11 - - [13/Oct/2014:04:00:48 -0500] "GET /galeria/nivo-slider/demo/images/banner-encuesta.jpg HTTP/1.1" 200 42764
190.26.55.11 - - [13/Oct/2014:04:00:49 -0500] "GET /galeria/nivo-slider/demo/images/banner-llantas2.jpg HTTP/1.1" 200 73153
190.26.55.11 - - [13/Oct/2014:04:00:49 -0500] "GET /galeria/nivo-slider/demo/images/banner-caballos.png HTTP/1.1" 200 389106
190.26.55.11 - - [13/Oct/2014:04:00:50 -0500] "GET /galeria/nivo-slider/demo/images/ConstructorasFNL.jpg HTTP/1.1" 200 216551
190.26.55.11 - - [13/Oct/2014:04:00:50 -0500] "GET /galeria/nivo-slider/demo/images/Hacienda_Molinos.jpg HTTP/1.1" 200 319171
190.26.55.11 - - [13/Oct/2014:04:00:50 -0500] "GET /galeria/nivo-slider/demo/images/bannerEcolecta3.jpg HTTP/1.1" 200 280034
190.26.55.11 - - [13/Oct/2014:04:00:52 -0500] "GET /galeria/nivo-slider/demo/scripts/jquery-1.7.1.min.js HTTP/1.1" 200 93868
190.26.55.11 - - [13/Oct/2014:04:00:52 -0500] "GET /galeria/nivo-slider/jquery.nivo.slider.pack.js HTTP/1.1" 200 11561
190.26.55.11 - - [13/Oct/2014:04:00:52 -0500] "GET /galeria/nivo-slider/demo/images/4Simple_Slider.png HTTP/1.1" 200 11722
190.26.55.11 - - [13/Oct/2014:04:00:52 -0500] "GET /galeria/nivo-slider/themes/default/loading.gif HTTP/1.1" 200 1737
190.26.55.11 - - [13/Oct/2014:04:00:53 -0500] "GET /galeria/nivo-slider/themes/default/arrows.png HTTP/1.1" 200 824
190.26.55.11 - - [13/Oct/2014:04:00:53 -0500] "GET /galeria/nivo-slider/themes/default/bullets.png HTTP/1.1" 200 1281
190.26.55.11 - - [13/Oct/2014:04:00:54 -0500] "GET /videos/Spot_Tinguas.flv HTTP/1.1" 200 2087054
66.249.79.67 - - [13/Oct/2014:04:01:15 -0500] "GET /BLA/resoluciones/AUTOS%202013/0964.pdf HTTP/1.1" 200 1210029
74.86.158.107 - - [13/Oct/2014:04:01:29 -0500] "HEAD / HTTP/1.1" 302 -
66.249.79.103 - - [13/Oct/2014:04:01:38 -0500] "GET /Autoliquidacion/index.php?dir=TR%C1MITES+ACEITES-RESIDUOS-ESTACIONES%2F HTTP/1.1" 200 2857
190.26.55.11 - - [13/Oct/2014:04:01:59 -0500] "GET /galeria/nivo-slider/demo/demo.html HTTP/1.1" 200 3315
190.26.55.11 - - [13/Oct/2014:04:01:59 -0500] "GET /videos/Spot_Tinguas.flv HTTP/1.1" 200 2087054
66.249.79.103 - - [13/Oct/2014:04:02:09 -0500] "GET /PORTAL_SIAC/swf/Residuos/vehiculos/files/search/searchtext.xml HTTP/1.1" 304 -
66.249.79.67 - - [13/Oct/2014:04:02:11 -0500] "GET /BLA/resoluciones/RESOLUCIONES%202010/0828.pdf HTTP/1.1" 200 102908
180.76.5.27 - - [13/Oct/2014:04:02:24 -0500] "GET /BLA/resoluciones/AUTOS%202007/2248.pdf HTTP/1.1" 200 75528
2.231.243.130 - - [13/Oct/2014:04:02:47 -0500] "GET /webdav/x32.php HTTP/1.1" 404 1018
180.76.5.144 - - [13/Oct/2014:04:02:51 -0500] "GET /BLA/resoluciones/RESOLUCIONES%202008/2728.pdf HTTP/1.1" 200 223455
190.26.55.11 - - [13/Oct/2014:04:03:00 -0500] "GET /galeria/bibloteca/contentflow.js HTTP/1.1" 200 42804
190.26.55.11 - - [13/Oct/2014:04:03:01 -0500] "GET /galeria/bibloteca/contentflow.css HTTP/1.1" 200 3201
190.26.55.11 - - [13/Oct/2014:04:03:01 -0500] "GET /galeria/bibloteca/mycontentflow.css HTTP/1.1" 200 3110
190.26.55.11 - - [13/Oct/2014:04:03:01 -0500] "GET /galeria/bibloteca/ContentFlowAddOn_white.js HTTP/1.1" 200 2497
190.26.55.11 - - [13/Oct/2014:04:03:01 -0500] "GET /galeria/bibloteca/ContentFlowAddOn_white.css HTTP/1.1" 200 3355
190.26.55.11 - - [13/Oct/2014:04:03:01 -0500] "GET /galeria/bibloteca/img/loader.gif HTTP/1.1" 200 8238
190.26.55.11 - - [13/Oct/2014:04:03:01 -0500] "GET /galeria/bibloteca/img/scrollbar_white.png HTTP/1.1" 200 82
