190.84.56.157 - - [16/Oct/2014:09:27:32 -0500] "POST /forms/lservlet;jsessionid=ac16012b30d5bf25f34e529648c6853187ddecc9a1af.e3iSbxaKaheRe34Sa3yKbhiTahb0n6jAmljGr5XDqQLvpAe HTTP/1.1" 200 87
190.84.56.157 - - [16/Oct/2014:09:27:34 -0500] "POST /forms/lservlet;jsessionid=ac16012b30d5bf25f34e529648c6853187ddecc9a1af.e3iSbxaKaheRe34Sa3yKbhiTahb0n6jAmljGr5XDqQLvpAe HTTP/1.1" 200 124
190.84.56.157 - - [16/Oct/2014:09:27:35 -0500] "POST /forms/lservlet;jsessionid=ac16012b30d5bf25f34e529648c6853187ddecc9a1af.e3iSbxaKaheRe34Sa3yKbhiTahb0n6jAmljGr5XDqQLvpAe HTTP/1.1" 200 149
201.245.192.253 - - [16/Oct/2014:09:27:35 -0500] "GET /forest/usutareas.do?_a=0.07952287057289065&group_system_actual=3 HTTP/1.1" 200 121797
201.245.192.253 - - [16/Oct/2014:09:27:36 -0500] "GET /forest/skins/gdocs-jar/css/menu.css?version=1408.271930 HTTP/1.1" 304 -
201.245.192.253 - - [16/Oct/2014:09:27:36 -0500] "GET /forest/skins/gdocs-jar/js/autocompletar2.js?version=1408.271930 HTTP/1.1" 304 -
201.245.192.253 - - [16/Oct/2014:09:27:36 -0500] "GET /forest/skins/gdocs-jar/js/tareas.js?version=1408.271930 HTTP/1.1" 304 -
201.245.192.253 - - [16/Oct/2014:09:27:36 -0500] "GET /forest/skins/gdocs-jar/js/xml_utilities.js?version=1408.271930 HTTP/1.1" 304 -
201.245.192.253 - - [16/Oct/2014:09:27:36 -0500] "GET /forest/session.jsp?a=0.8786537338716952 HTTP/1.1" 200 4
100.43.85.25 - - [16/Oct/2014:09:27:37 -0500] "GET /portel_dama/libreria/php/Nueva%20carpeta/frame.php HTTP/1.1" 404 1019
190.84.56.157 - - [16/Oct/2014:09:27:42 -0500] "POST /forms/lservlet;jsessionid=ac16012b30d5bf25f34e529648c6853187ddecc9a1af.e3iSbxaKaheRe34Sa3yKbhiTahb0n6jAmljGr5XDqQLvpAe HTTP/1.1" 200 22
190.84.56.157 - - [16/Oct/2014:09:27:42 -0500] "POST /forms/lservlet;jsessionid=ac16012b30d5bf25f34e529648c6853187ddecc9a1af.e3iSbxaKaheRe34Sa3yKbhiTahb0n6jAmljGr5XDqQLvpAe HTTP/1.1" 200 169
190.84.56.157 - - [16/Oct/2014:09:27:42 -0500] "POST /forms/lservlet;jsessionid=ac16012b30d5bf25f34e529648c6853187ddecc9a1af.e3iSbxaKaheRe34Sa3yKbhiTahb0n6jAmljGr5XDqQLvpAe HTTP/1.1" 200 2
201.245.192.253 - - [16/Oct/2014:09:27:42 -0500] "GET /forest/borrador/1450372/Formato%20Oficio%20Salida%20(CON%20LOGO)%20Feb%2018.docx HTTP/1.1" 200 97626
190.84.56.157 - - [16/Oct/2014:09:27:43 -0500] "POST /forms/lservlet;jsessionid=ac16012b30d5bf25f34e529648c6853187ddecc9a1af.e3iSbxaKaheRe34Sa3yKbhiTahb0n6jAmljGr5XDqQLvpAe HTTP/1.1" 200 2
190.84.56.157 - - [16/Oct/2014:09:27:45 -0500] "POST /forms/lservlet;jsessionid=ac16012b30d5bf25f34e529648c6853187ddecc9a1af.e3iSbxaKaheRe34Sa3yKbhiTahb0n6jAmljGr5XDqQLvpAe HTTP/1.1" 200 183
190.84.56.157 - - [16/Oct/2014:09:27:49 -0500] "POST /forms/lservlet;jsessionid=ac16012b30d5bf25f34e529648c6853187ddecc9a1af.e3iSbxaKaheRe34Sa3yKbhiTahb0n6jAmljGr5XDqQLvpAe HTTP/1.1" 200 2
190.84.56.157 - - [16/Oct/2014:09:27:49 -0500] "POST /forms/lservlet;jsessionid=ac16012b30d5bf25f34e529648c6853187ddecc9a1af.e3iSbxaKaheRe34Sa3yKbhiTahb0n6jAmljGr5XDqQLvpAe HTTP/1.1" 200 169
186.154.177.20 - - [16/Oct/2014:09:27:50 -0500] "GET /galeria/carrusel/Carrusel/jquery.thumbnailScroller.css HTTP/1.1" 200 2066
186.154.177.20 - - [16/Oct/2014:09:27:50 -0500] "GET /BLA/boletinlegal/js/jquery.js HTTP/1.1" 200 57254
186.154.177.20 - - [16/Oct/2014:09:27:50 -0500] "GET /BLA/boletinlegal/js/jquery.scrollTo-min.js HTTP/1.1" 200 1150
186.154.177.20 - - [16/Oct/2014:09:27:50 -0500] "GET /galeria/carrusel/Carrusel/jquery.thumbnailScroller.js HTTP/1.1" 200 8157
186.154.177.20 - - [16/Oct/2014:09:27:50 -0500] "GET /BLA/boletinlegal/js/jquery.scrollShow.js HTTP/1.1" 200 4586
186.154.177.20 - - [16/Oct/2014:09:27:50 -0500] "GET /galeria/carrusel/Carrusel/jquery-ui-1.8.13.custom.min.js HTTP/1.1" 200 10800
190.84.56.157 - - [16/Oct/2014:09:27:51 -0500] "POST /forms/lservlet;jsessionid=ac16012b30d5bf25f34e529648c6853187ddecc9a1af.e3iSbxaKaheRe34Sa3yKbhiTahb0n6jAmljGr5XDqQLvpAe HTTP/1.1" 200 2
186.154.177.20 - - [16/Oct/2014:09:27:51 -0500] "GET /galeria/nivo-slider/demo/demo.html HTTP/1.1" 200 3169
190.84.56.157 - - [16/Oct/2014:09:27:51 -0500] "POST /forms/lservlet;jsessionid=ac16012b30d5bf25f34e529648c6853187ddecc9a1af.e3iSbxaKaheRe34Sa3yKbhiTahb0n6jAmljGr5XDqQLvpAe HTTP/1.1" 200 102
186.154.177.20 - - [16/Oct/2014:09:27:51 -0500] "GET /galeria/nivo-slider/themes/default/default.css HTTP/1.1" 200 1569
186.154.177.20 - - [16/Oct/2014:09:27:51 -0500] "GET /galeria/nivo-slider/themes/pascal/pascal.css HTTP/1.1" 200 2258
186.154.177.20 - - [16/Oct/2014:09:27:51 -0500] "GET /galeria/nivo-slider/themes/orman/orman.css HTTP/1.1" 200 2152
186.154.177.20 - - [16/Oct/2014:09:27:51 -0500] "GET /galeria/nivo-slider/nivo-slider.css HTTP/1.1" 200 1507
186.154.177.20 - - [16/Oct/2014:09:27:51 -0500] "GET /galeria/nivo-slider/demo/style.css HTTP/1.1" 200 2222
186.154.177.20 - - [16/Oct/2014:09:27:51 -0500] "GET /galeria/nivo-slider/demo/images/EncuentroAgua1.jpg HTTP/1.1" 200 274179
186.154.177.20 - - [16/Oct/2014:09:27:51 -0500] "GET /galeria/nivo-slider/demo/scripts/jquery-1.7.1.min.js HTTP/1.1" 200 93868
186.154.177.20 - - [16/Oct/2014:09:27:51 -0500] "GET /galeria/nivo-slider/jquery.nivo.slider.pack.js HTTP/1.1" 200 11561
186.154.177.20 - - [16/Oct/2014:09:27:51 -0500] "GET /galeria/nivo-slider/demo/images/Tingua-azul.jpg HTTP/1.1" 200 307638
186.154.177.20 - - [16/Oct/2014:09:27:52 -0500] "GET /galeria/nivo-slider/demo/images/Banner-Caracol-Africano.jpg HTTP/1.1" 200 331986
186.154.177.20 - - [16/Oct/2014:09:27:52 -0500] "GET /galeria/nivo-slider/demo/images/9Signos.jpg HTTP/1.1" 200 93040
190.84.56.157 - - [16/Oct/2014:09:27:52 -0500] "POST /forms/lservlet;jsessionid=ac16012b30d5bf25f34e529648c6853187ddecc9a1af.e3iSbxaKaheRe34Sa3yKbhiTahb0n6jAmljGr5XDqQLvpAe HTTP/1.1" 200 2
186.154.177.20 - - [16/Oct/2014:09:27:52 -0500] "GET /galeria/nivo-slider/demo/images/banner-encuesta.jpg HTTP/1.1" 200 42764
190.84.56.157 - - [16/Oct/2014:09:27:52 -0500] "POST /forms/lservlet;jsessionid=ac16012b30d5bf25f34e529648c6853187ddecc9a1af.e3iSbxaKaheRe34Sa3yKbhiTahb0n6jAmljGr5XDqQLvpAe HTTP/1.1" 200 2
186.154.177.20 - - [16/Oct/2014:09:27:53 -0500] "GET /galeria/nivo-slider/demo/images/banner-llantas2.jpg HTTP/1.1" 200 73153
190.84.56.157 - - [16/Oct/2014:09:27:53 -0500] "POST /forms/lservlet;jsessionid=ac16012b30d5bf25f34e529648c6853187ddecc9a1af.e3iSbxaKaheRe34Sa3yKbhiTahb0n6jAmljGr5XDqQLvpAe HTTP/1.1" 200 152
186.154.177.20 - - [16/Oct/2014:09:27:53 -0500] "GET /galeria/nivo-slider/demo/images/banner-caballos.png HTTP/1.1" 200 389106
186.154.177.20 - - [16/Oct/2014:09:27:54 -0500] "GET /galeria/nivo-slider/demo/images/ConstructorasFNL.jpg HTTP/1.1" 200 216551
190.84.56.157 - - [16/Oct/2014:09:27:54 -0500] "POST /forms/lservlet;jsessionid=ac16012b30d5bf25f34e529648c6853187ddecc9a1af.e3iSbxaKaheRe34Sa3yKbhiTahb0n6jAmljGr5XDqQLvpAe HTTP/1.1" 200 2
190.84.56.157 - - [16/Oct/2014:09:27:54 -0500] "POST /forms/lservlet;jsessionid=ac16012b30d5bf25f34e529648c6853187ddecc9a1af.e3iSbxaKaheRe34Sa3yKbhiTahb0n6jAmljGr5XDqQLvpAe HTTP/1.1" 200 70
190.84.56.157 - - [16/Oct/2014:09:27:54 -0500] "POST /forms/lservlet;jsessionid=ac16012b30d5bf25f34e529648c6853187ddecc9a1af.e3iSbxaKaheRe34Sa3yKbhiTahb0n6jAmljGr5XDqQLvpAe HTTP/1.1" 200 2
186.154.177.20 - - [16/Oct/2014:09:27:55 -0500] "GET /galeria/nivo-slider/demo/images/Hacienda_Molinos.jpg HTTP/1.1" 200 319171
190.84.56.157 - - [16/Oct/2014:09:27:55 -0500] "POST /forms/lservlet;jsessionid=ac16012b30d5bf25f34e529648c6853187ddecc9a1af.e3iSbxaKaheRe34Sa3yKbhiTahb0n6jAmljGr5XDqQLvpAe HTTP/1.1" 200 2
190.84.56.157 - - [16/Oct/2014:09:27:56 -0500] "POST /forms/lservlet;jsessionid=ac16012b30d5bf25f34e529648c6853187ddecc9a1af.e3iSbxaKaheRe34Sa3yKbhiTahb0n6jAmljGr5XDqQLvpAe HTTP/1.1" 200 1526
190.84.56.157 - - [16/Oct/2014:09:27:56 -0500] "POST /forms/lservlet;jsessionid=ac16012b30d5bf25f34e529648c6853187ddecc9a1af.e3iSbxaKaheRe34Sa3yKbhiTahb0n6jAmljGr5XDqQLvpAe HTTP/1.1" 200 2
190.84.56.157 - - [16/Oct/2014:09:27:56 -0500] "POST /forms/lservlet;jsessionid=ac16012b30d5bf25f34e529648c6853187ddecc9a1af.e3iSbxaKaheRe34Sa3yKbhiTahb0n6jAmljGr5XDqQLvpAe HTTP/1.1" 200 2
186.154.177.20 - - [16/Oct/2014:09:27:56 -0500] "GET /galeria/nivo-slider/demo/images/bannerEcolecta3.jpg HTTP/1.1" 200 280034
201.245.192.253 - - [16/Oct/2014:09:27:57 -0500] "GET /isolucionsda/ HTTP/1.1" 200 739
201.245.192.253 - - [16/Oct/2014:09:27:57 -0500] "GET /isolucionsda/IdentificaUsuario.asp?Pagina1=FrameSetGeneral.asp& HTTP/1.1" 200 4997
190.84.56.157 - - [16/Oct/2014:09:27:59 -0500] "POST /forms/lservlet;jsessionid=ac16012b30d5bf25f34e529648c6853187ddecc9a1af.e3iSbxaKaheRe34Sa3yKbhiTahb0n6jAmljGr5XDqQLvpAe HTTP/1.1" 200 37
186.154.177.20 - - [16/Oct/2014:09:28:00 -0500] "GET /videos/Spot_Tinguas.flv HTTP/1.1" 200 2087054
186.154.177.20 - - [16/Oct/2014:09:28:00 -0500] "GET /galeria/nivo-slider/demo/images/4Simple_Slider.png HTTP/1.1" 200 11722
186.154.177.20 - - [16/Oct/2014:09:28:00 -0500] "GET /galeria/nivo-slider/themes/default/loading.gif HTTP/1.1" 200 1737
190.7.107.4 - - [16/Oct/2014:09:28:01 -0500] "GET /BLA/boletinlegal/jurisprudencia/analisis/Analisis%20jurisprudencial%20Sentencia%20C-366-11.doc HTTP/1.1" 200 59392
186.154.177.20 - - [16/Oct/2014:09:28:03 -0500] "GET /galeria/nivo-slider/themes/default/arrows.png HTTP/1.1" 200 824
186.154.177.20 - - [16/Oct/2014:09:28:03 -0500] "GET /galeria/nivo-slider/themes/default/bullets.png HTTP/1.1" 200 1281
190.84.56.157 - - [16/Oct/2014:09:28:03 -0500] "POST /forms/lservlet;jsessionid=ac16012b30d5bf25f34e529648c6853187ddecc9a1af.e3iSbxaKaheRe34Sa3yKbhiTahb0n6jAmljGr5XDqQLvpAe HTTP/1.1" 200 7
190.84.56.157 - - [16/Oct/2014:09:28:03 -0500] "POST /forms/lservlet;jsessionid=ac16012b30d5bf25f34e529648c6853187ddecc9a1af.e3iSbxaKaheRe34Sa3yKbhiTahb0n6jAmljGr5XDqQLvpAe HTTP/1.1" 200 29711
190.84.56.157 - - [16/Oct/2014:09:28:04 -0500] "POST /forms/lservlet;jsessionid=ac16012b30d5bf25f34e529648c6853187ddecc9a1af.e3iSbxaKaheRe34Sa3yKbhiTahb0n6jAmljGr5XDqQLvpAe HTTP/1.1" 200 2
190.84.56.157 - - [16/Oct/2014:09:28:04 -0500] "POST /forms/lservlet;jsessionid=ac16012b30d5bf25f34e529648c6853187ddecc9a1af.e3iSbxaKaheRe34Sa3yKbhiTahb0n6jAmljGr5XDqQLvpAe HTTP/1.1" 200 2
190.84.56.157 - - [16/Oct/2014:09:28:04 -0500] "POST /forms/lservlet;jsessionid=ac16012b30d5bf25f34e529648c6853187ddecc9a1af.e3iSbxaKaheRe34Sa3yKbhiTahb0n6jAmljGr5XDqQLvpAe HTTP/1.1" 200 22
190.84.56.157 - - [16/Oct/2014:09:28:06 -0500] "POST /forms/lservlet;jsessionid=ac16012b30d5bf25f34e529648c6853187ddecc9a1af.e3iSbxaKaheRe34Sa3yKbhiTahb0n6jAmljGr5XDqQLvpAe HTTP/1.1" 200 915
190.84.56.157 - - [16/Oct/2014:09:28:06 -0500] "POST /forms/lservlet;jsessionid=ac16012b30d5bf25f34e529648c6853187ddecc9a1af.e3iSbxaKaheRe34Sa3yKbhiTahb0n6jAmljGr5XDqQLvpAe HTTP/1.1" 200 7
190.84.56.157 - - [16/Oct/2014:09:28:08 -0500] "POST /forms/lservlet;jsessionid=ac16012b30d5bf25f34e529648c6853187ddecc9a1af.e3iSbxaKaheRe34Sa3yKbhiTahb0n6jAmljGr5XDqQLvpAe HTTP/1.1" 200 2
190.84.56.157 - - [16/Oct/2014:09:28:08 -0500] "POST /forms/lservlet;jsessionid=ac16012b30d5bf25f34e529648c6853187ddecc9a1af.e3iSbxaKaheRe34Sa3yKbhiTahb0n6jAmljGr5XDqQLvpAe HTTP/1.1" 200 153
190.84.56.157 - - [16/Oct/2014:09:28:08 -0500] "POST /forms/lservlet;jsessionid=ac16012b30d5bf25f34e529648c6853187ddecc9a1af.e3iSbxaKaheRe34Sa3yKbhiTahb0n6jAmljGr5XDqQLvpAe HTTP/1.1" 200 2
190.84.56.157 - - [16/Oct/2014:09:28:09 -0500] "POST /forms/lservlet;jsessionid=ac16012b30d5bf25f34e529648c6853187ddecc9a1af.e3iSbxaKaheRe34Sa3yKbhiTahb0n6jAmljGr5XDqQLvpAe HTTP/1.1" 200 2
190.84.56.157 - - [16/Oct/2014:09:28:09 -0500] "POST /forms/lservlet;jsessionid=ac16012b30d5bf25f34e529648c6853187ddecc9a1af.e3iSbxaKaheRe34Sa3yKbhiTahb0n6jAmljGr5XDqQLvpAe HTTP/1.1" 200 1531
190.84.56.157 - - [16/Oct/2014:09:28:09 -0500] "POST /forms/lservlet;jsessionid=ac16012b30d5bf25f34e529648c6853187ddecc9a1af.e3iSbxaKaheRe34Sa3yKbhiTahb0n6jAmljGr5XDqQLvpAe HTTP/1.1" 200 2
190.84.56.157 - - [16/Oct/2014:09:28:09 -0500] "POST /forms/lservlet;jsessionid=ac16012b30d5bf25f34e529648c6853187ddecc9a1af.e3iSbxaKaheRe34Sa3yKbhiTahb0n6jAmljGr5XDqQLvpAe HTTP/1.1" 200 2
190.84.56.157 - - [16/Oct/2014:09:28:10 -0500] "POST /forms/lservlet;jsessionid=ac16012b30d5bf25f34e529648c6853187ddecc9a1af.e3iSbxaKaheRe34Sa3yKbhiTahb0n6jAmljGr5XDqQLvpAe HTTP/1.1" 200 162
190.84.56.157 - - [16/Oct/2014:09:28:12 -0500] "POST /forms/lservlet;jsessionid=ac16012b30d5bf25f34e529648c6853187ddecc9a1af.e3iSbxaKaheRe34Sa3yKbhiTahb0n6jAmljGr5XDqQLvpAe HTTP/1.1" 200 7
190.84.56.157 - - [16/Oct/2014:09:28:12 -0500] "POST /forms/lservlet;jsessionid=ac16012b30d5bf25f34e529648c6853187ddecc9a1af.e3iSbxaKaheRe34Sa3yKbhiTahb0n6jAmljGr5XDqQLvpAe HTTP/1.1" 200 29716
190.84.56.157 - - [16/Oct/2014:09:28:12 -0500] "POST /forms/lservlet;jsessionid=ac16012b30d5bf25f34e529648c6853187ddecc9a1af.e3iSbxaKaheRe34Sa3yKbhiTahb0n6jAmljGr5XDqQLvpAe HTTP/1.1" 200 2
190.84.56.157 - - [16/Oct/2014:09:28:13 -0500] "POST /forms/lservlet;jsessionid=ac16012b30d5bf25f34e529648c6853187ddecc9a1af.e3iSbxaKaheRe34Sa3yKbhiTahb0n6jAmljGr5XDqQLvpAe HTTP/1.1" 200 2
190.84.56.157 - - [16/Oct/2014:09:28:13 -0500] "POST /forms/lservlet;jsessionid=ac16012b30d5bf25f34e529648c6853187ddecc9a1af.e3iSbxaKaheRe34Sa3yKbhiTahb0n6jAmljGr5XDqQLvpAe HTTP/1.1" 200 22
201.245.192.253 - - [16/Oct/2014:09:28:14 -0500] "GET /forest/misactividades.do?_a=0.8161163531194909&group_system_actual=3 HTTP/1.1" 200 36397
201.245.192.253 - - [16/Oct/2014:09:28:14 -0500] "GET /forest/skins/gdocs-jar/css/menu.css?version=1408.271930 HTTP/1.1" 304 -
190.84.56.157 - - [16/Oct/2014:09:28:14 -0500] "POST /forms/lservlet;jsessionid=ac16012b30d5bf25f34e529648c6853187ddecc9a1af.e3iSbxaKaheRe34Sa3yKbhiTahb0n6jAmljGr5XDqQLvpAe HTTP/1.1" 200 984
201.245.192.253 - - [16/Oct/2014:09:28:14 -0500] "POST /forest/misactividades.do?ajax=true&a=0.4240713435900141 HTTP/1.1" 200 9175
201.245.192.253 - - [16/Oct/2014:09:28:14 -0500] "GET /forest/session.jsp?a=0.787063462480218 HTTP/1.1" 200 4
190.84.56.157 - - [16/Oct/2014:09:28:14 -0500] "POST /forms/lservlet;jsessionid=ac16012b30d5bf25f34e529648c6853187ddecc9a1af.e3iSbxaKaheRe34Sa3yKbhiTahb0n6jAmljGr5XDqQLvpAe HTTP/1.1" 200 7
201.245.192.253 - - [16/Oct/2014:09:28:15 -0500] "GET /isolucionsda/ HTTP/1.1" 200 739
190.84.56.157 - - [16/Oct/2014:09:28:16 -0500] "POST /forms/lservlet;jsessionid=ac16012b30d5bf25f34e529648c6853187ddecc9a1af.e3iSbxaKaheRe34Sa3yKbhiTahb0n6jAmljGr5XDqQLvpAe HTTP/1.1" 200 2
190.84.56.157 - - [16/Oct/2014:09:28:16 -0500] "POST /forms/lservlet;jsessionid=ac16012b30d5bf25f34e529648c6853187ddecc9a1af.e3iSbxaKaheRe34Sa3yKbhiTahb0n6jAmljGr5XDqQLvpAe HTTP/1.1" 200 457
190.84.56.157 - - [16/Oct/2014:09:28:16 -0500] "POST /forms/lservlet;jsessionid=ac16012b30d5bf25f34e529648c6853187ddecc9a1af.e3iSbxaKaheRe34Sa3yKbhiTahb0n6jAmljGr5XDqQLvpAe HTTP/1.1" 200 65
201.245.192.253 - - [16/Oct/2014:09:28:16 -0500] "GET /isolucionsda/IdentificaUsuario.asp?Pagina1=FrameSetGeneral.asp& HTTP/1.1" 200 4997
190.84.56.157 - - [16/Oct/2014:09:28:16 -0500] "POST /forms/lservlet;jsessionid=ac16012b30d5bf25f34e529648c6853187ddecc9a1af.e3iSbxaKaheRe34Sa3yKbhiTahb0n6jAmljGr5XDqQLvpAe HTTP/1.1" 200 18
190.84.56.157 - - [16/Oct/2014:09:28:17 -0500] "POST /forms/lservlet;jsessionid=ac16012b30d5bf25f34e529648c6853187ddecc9a1af.e3iSbxaKaheRe34Sa3yKbhiTahb0n6jAmljGr5XDqQLvpAe HTTP/1.1" 200 2
201.245.192.253 - - [16/Oct/2014:09:28:21 -0500] "POST /isolucionsda/IdentificaUsuario.asp?Pagina1=FrameSetGeneral.asp& HTTP/1.1" 302 173
201.245.192.253 - - [16/Oct/2014:09:28:21 -0500] "GET /isolucionsda/FrameSetGeneral.asp?Pagina1=FrameSetGeneral.asp& HTTP/1.1" 200 6613
201.245.192.253 - - [16/Oct/2014:09:28:21 -0500] "GET /isolucionsda/Encabezado.asp?Pagina1=FrameSetGeneral.asp&&Pagina=MagazinHome.asp HTTP/1.1" 200 15388
201.245.192.253 - - [16/Oct/2014:09:28:21 -0500] "GET /isolucionsda/Session.asp?Continue=1 HTTP/1.1" 200 6324
186.168.13.182 - - [16/Oct/2014:09:28:22 -0500] "GET /forest/ HTTP/1.1" 200 12365
186.168.13.182 - - [16/Oct/2014:09:28:23 -0500] "GET /forest/css/index.css?version=1408.271930 HTTP/1.1" 200 1900
186.168.13.182 - - [16/Oct/2014:09:28:23 -0500] "GET /forest/1ibre/jscalendar/calendar-win2k-1.css?version=1408.271930 HTTP/1.1" 200 5986
186.168.13.182 - - [16/Oct/2014:09:28:23 -0500] "GET /forest/skins/gdocs-jar/css/autocomplete.css?version=1408.271930 HTTP/1.1" 200 1620
186.168.13.182 - - [16/Oct/2014:09:28:23 -0500] "GET /forest/css/escritorio.css?version=1408.271930 HTTP/1.1" 200 15878
186.168.13.182 - - [16/Oct/2014:09:28:23 -0500] "GET /forest/skins/gdocs-jar/css/forest.css?version=1408.271930 HTTP/1.1" 200 51
186.168.13.182 - - [16/Oct/2014:09:28:23 -0500] "GET /forest/skins/gdocs-jar/css/dialog.css?version=1408.271930 HTTP/1.1" 200 1430
186.168.13.182 - - [16/Oct/2014:09:28:23 -0500] "GET /forest/skins/gdocs-jar/css/menu.css?version=1408.271930 HTTP/1.1" 200 4235
186.168.13.182 - - [16/Oct/2014:09:28:23 -0500] "GET /forest/skins/gdocs-jar/css/forms.css?version=1408.271930 HTTP/1.1" 200 7180
186.168.13.182 - - [16/Oct/2014:09:28:24 -0500] "GET /forest/js/json3.js HTTP/1.1" 200 39592
186.168.13.182 - - [16/Oct/2014:09:28:24 -0500] "GET /forest/jsoptimized/gz/js/gdocsall-1408.271930.js HTTP/1.1" 200 96552
201.245.192.253 - - [16/Oct/2014:09:28:24 -0500] "GET /isolucionsda/BarraTitulos.asp?Pagina1=FrameSetGeneral.asp&&Pagina=MagazinHome.asp HTTP/1.1" 200 6972
201.245.192.253 - - [16/Oct/2014:09:28:24 -0500] "GET /isolucionsda/BarraFavoritos.asp HTTP/1.1" 200 911
201.245.192.253 - - [16/Oct/2014:09:28:24 -0500] "GET /isolucionsda/MagazinHome.asp HTTP/1.1" 200 25853
201.245.192.253 - - [16/Oct/2014:09:28:25 -0500] "GET /isolucionsda/TareasSFRedirect.asp HTTP/1.1" 302 195
201.245.192.253 - - [16/Oct/2014:09:28:25 -0500] "GET /isolucionsda/g/Bgr_Destacado3399CC.jpg HTTP/1.1" 404 5217
186.168.13.182 - - [16/Oct/2014:09:28:25 -0500] "GET /forest/img/loading.gif HTTP/1.1" 200 1197
186.168.13.182 - - [16/Oct/2014:09:28:25 -0500] "GET /forest/img/panel/view_icon.gif HTTP/1.1" 200 681
186.168.13.182 - - [16/Oct/2014:09:28:25 -0500] "GET /forest/img/inicio/1.gif HTTP/1.1" 200 23925
186.168.13.182 - - [16/Oct/2014:09:28:25 -0500] "GET /forest/img/spacer.gif HTTP/1.1" 200 43
186.168.13.182 - - [16/Oct/2014:09:28:25 -0500] "GET /forest/img/inicio/2.gif HTTP/1.1" 200 42562
186.168.13.182 - - [16/Oct/2014:09:28:25 -0500] "GET /forest/img/inicio/3.gif HTTP/1.1" 200 29737
186.168.13.182 - - [16/Oct/2014:09:28:25 -0500] "GET /forest/img/inicio/4.gif HTTP/1.1" 200 27784
186.168.13.182 - - [16/Oct/2014:09:28:25 -0500] "GET /forest/img/inicio/5.gif HTTP/1.1" 200 25611
186.168.13.182 - - [16/Oct/2014:09:28:25 -0500] "GET /forest/img/inicio/6.gif HTTP/1.1" 200 12239
201.245.192.253 - - [16/Oct/2014:09:28:25 -0500] "GET /isolucionsda/Login.aspx?TARGET=SFContainerFiltrado.aspx&number=55505657526667654554 HTTP/1.1" 302 886
201.245.192.253 - - [16/Oct/2014:09:28:26 -0500] "GET /isolucionsda/SFContainerFiltrado.aspx?Number=55505657526667654554 HTTP/1.1" 200 14314
186.168.13.182 - - [16/Oct/2014:09:28:26 -0500] "GET /forest/img/inicio/7.gif HTTP/1.1" 200 18547
186.168.13.182 - - [16/Oct/2014:09:28:26 -0500] "GET /forest/skins/gdocs-jar/img/okey.gif HTTP/1.1" 200 203
186.168.13.182 - - [16/Oct/2014:09:28:26 -0500] "GET /forest/img/close.gif HTTP/1.1" 200 571
186.168.13.182 - - [16/Oct/2014:09:28:26 -0500] "GET /forest/img/mplogo.gif HTTP/1.1" 200 806
186.168.13.182 - - [16/Oct/2014:09:28:26 -0500] "GET /forest/img/base/bsc2_r1_c2.gif HTTP/1.1" 200 269
186.168.13.182 - - [16/Oct/2014:09:28:26 -0500] "GET /forest/img/base/bsc2_r1_c1.gif HTTP/1.1" 200 28640
186.168.13.182 - - [16/Oct/2014:09:28:26 -0500] "GET /forest/img/base/bsc2_r1_c3.gif HTTP/1.1" 200 3704
201.245.192.253 - - [16/Oct/2014:09:28:26 -0500] "GET /isolucionsda/DetalleTareas.aspx?Number=55505657526667654554 HTTP/1.1" 302 144
201.245.192.253 - - [16/Oct/2014:09:28:26 -0500] "GET /isolucionsda/DetalleTareas.aspx?Number=55505657526667654554 HTTP/1.1" 200 5355
201.245.192.253 - - [16/Oct/2014:09:28:26 -0500] "GET /isolucionsda/ErrorMsg.aspx HTTP/1.1" 200 1701
201.245.192.253 - - [16/Oct/2014:09:28:27 -0500] "GET /isolucionsda/auxlib.js HTTP/1.1" 404 5185
201.245.192.253 - - [16/Oct/2014:09:28:27 -0500] "GET /isolucionsda/infowndcore.js HTTP/1.1" 404 5195
201.245.192.253 - - [16/Oct/2014:09:28:27 -0500] "GET /isolucionsda/infowndpublic.js HTTP/1.1" 404 5199
201.245.192.253 - - [16/Oct/2014:09:28:26 -0500] "GET /forest/usutareas.do?_a=0.052724153186470724&group_system_actual=3 HTTP/1.1" 200 130452
201.245.192.253 - - [16/Oct/2014:09:28:27 -0500] "GET /forest/skins/gdocs-jar/css/menu.css?version=1408.271930 HTTP/1.1" 304 -
201.245.192.253 - - [16/Oct/2014:09:28:27 -0500] "GET /forest/skins/gdocs-jar/js/tareas.js?version=1408.271930 HTTP/1.1" 304 -
201.245.192.253 - - [16/Oct/2014:09:28:27 -0500] "GET /forest/skins/gdocs-jar/js/xml_utilities.js?version=1408.271930 HTTP/1.1" 304 -
201.245.192.253 - - [16/Oct/2014:09:28:27 -0500] "GET /forest/skins/gdocs-jar/js/autocompletar2.js?version=1408.271930 HTTP/1.1" 304 -
201.245.192.253 - - [16/Oct/2014:09:28:27 -0500] "GET /forest/session.jsp?a=0.3597188856389494 HTTP/1.1" 200 4
190.84.56.157 - - [16/Oct/2014:09:28:28 -0500] "POST /forms/lservlet;jsessionid=ac16012b30d5bf25f34e529648c6853187ddecc9a1af.e3iSbxaKaheRe34Sa3yKbhiTahb0n6jAmljGr5XDqQLvpAe HTTP/1.1" 200 66
190.84.56.157 - - [16/Oct/2014:09:28:28 -0500] "POST /forms/lservlet;jsessionid=ac16012b30d5bf25f34e529648c6853187ddecc9a1af.e3iSbxaKaheRe34Sa3yKbhiTahb0n6jAmljGr5XDqQLvpAe HTTP/1.1" 200 87
190.84.56.157 - - [16/Oct/2014:09:28:29 -0500] "POST /forms/lservlet;jsessionid=ac16012b30d5bf25f34e529648c6853187ddecc9a1af.e3iSbxaKaheRe34Sa3yKbhiTahb0n6jAmljGr5XDqQLvpAe HTTP/1.1" 200 257
190.84.56.157 - - [16/Oct/2014:09:28:30 -0500] "POST /forms/lservlet;jsessionid=ac16012b30d5bf25f34e529648c6853187ddecc9a1af.e3iSbxaKaheRe34Sa3yKbhiTahb0n6jAmljGr5XDqQLvpAe HTTP/1.1" 200 149
190.25.157.14 - - [16/Oct/2014:09:28:31 -0500] "POST /forms/lservlet;jsessionid=ac16012b30d5fea6bdbdba1f4734a4e0c7dede692347.e3iSbxaKaheRe34Sa3yKbhiTahb0n6jAmljGr5XDqQLvpAe HTTP/1.1" 200 2
201.245.192.253 - - [16/Oct/2014:09:28:33 -0500] "GET /forest/borrador/1465775/Formato%20Oficio%20Salida%20(CON%20LOGO)%20Feb%2018.docx HTTP/1.1" 200 346482
190.84.56.157 - - [16/Oct/2014:09:28:40 -0500] "POST /forms/lservlet;jsessionid=ac16012b30d5bf25f34e529648c6853187ddecc9a1af.e3iSbxaKaheRe34Sa3yKbhiTahb0n6jAmljGr5XDqQLvpAe HTTP/1.1" 200 22
190.84.56.157 - - [16/Oct/2014:09:28:40 -0500] "POST /forms/lservlet;jsessionid=ac16012b30d5bf25f34e529648c6853187ddecc9a1af.e3iSbxaKaheRe34Sa3yKbhiTahb0n6jAmljGr5XDqQLvpAe HTTP/1.1" 200 217
190.84.56.157 - - [16/Oct/2014:09:28:40 -0500] "POST /forms/lservlet;jsessionid=ac16012b30d5bf25f34e529648c6853187ddecc9a1af.e3iSbxaKaheRe34Sa3yKbhiTahb0n6jAmljGr5XDqQLvpAe HTTP/1.1" 200 2
190.84.56.157 - - [16/Oct/2014:09:28:41 -0500] "POST /forms/lservlet;jsessionid=ac16012b30d5bf25f34e529648c6853187ddecc9a1af.e3iSbxaKaheRe34Sa3yKbhiTahb0n6jAmljGr5XDqQLvpAe HTTP/1.1" 200 2
186.115.175.84 - - [16/Oct/2014:09:28:41 -0500] "POST /forms/lservlet;jsessionid=ac16012b30d52aae8b577b324cd090e9f861723dbccb.e3iSbxaKaheRe34Sa3yKbhiTahb0n6jAmljGr5XDqQLvpAe HTTP/1.1" 200 2
186.30.68.28 - - [16/Oct/2014:09:28:41 -0500] "POST /forms/lservlet;jsessionid=ac16012b30d5449f507cda6040768c458a5d3f2b5581.e3iSbxaKaheRe34Sa3yKbhiTahb0n6jAmljGr5XDqQLvpAe HTTP/1.1" 200 2
190.84.56.157 - - [16/Oct/2014:09:28:41 -0500] "POST /forms/lservlet;jsessionid=ac16012b30d5bf25f34e529648c6853187ddecc9a1af.e3iSbxaKaheRe34Sa3yKbhiTahb0n6jAmljGr5XDqQLvpAe HTTP/1.1" 200 183
190.84.56.157 - - [16/Oct/2014:09:28:44 -0500] "POST /forms/lservlet;jsessionid=ac16012b30d5bf25f34e529648c6853187ddecc9a1af.e3iSbxaKaheRe34Sa3yKbhiTahb0n6jAmljGr5XDqQLvpAe HTTP/1.1" 200 2
190.84.56.157 - - [16/Oct/2014:09:28:44 -0500] "POST /forms/lservlet;jsessionid=ac16012b30d5bf25f34e529648c6853187ddecc9a1af.e3iSbxaKaheRe34Sa3yKbhiTahb0n6jAmljGr5XDqQLvpAe HTTP/1.1" 200 129
190.84.56.157 - - [16/Oct/2014:09:28:44 -0500] "POST /forms/lservlet;jsessionid=ac16012b30d5bf25f34e529648c6853187ddecc9a1af.e3iSbxaKaheRe34Sa3yKbhiTahb0n6jAmljGr5XDqQLvpAe HTTP/1.1" 200 2
190.84.56.157 - - [16/Oct/2014:09:28:45 -0500] "POST /forms/lservlet;jsessionid=ac16012b30d5bf25f34e529648c6853187ddecc9a1af.e3iSbxaKaheRe34Sa3yKbhiTahb0n6jAmljGr5XDqQLvpAe HTTP/1.1" 200 2
181.50.192.137 - - [16/Oct/2014:09:28:45 -0500] "POST /forms/lservlet;jsessionid=ac16012b30d57ad0266ae4ed4a559e8feeb5c982bade.e3iSbxaKaheRe34Sa3yKbhiTahb0n6jAmljGr5XDqQLvpAe HTTP/1.1" 200 2
190.84.56.157 - - [16/Oct/2014:09:28:45 -0500] "POST /forms/lservlet;jsessionid=ac16012b30d5bf25f34e529648c6853187ddecc9a1af.e3iSbxaKaheRe34Sa3yKbhiTahb0n6jAmljGr5XDqQLvpAe HTTP/1.1" 200 123
190.84.56.157 - - [16/Oct/2014:09:28:47 -0500] "POST /forms/lservlet;jsessionid=ac16012b30d5bf25f34e529648c6853187ddecc9a1af.e3iSbxaKaheRe34Sa3yKbhiTahb0n6jAmljGr5XDqQLvpAe HTTP/1.1" 200 15
201.245.192.253 - - [16/Oct/2014:09:28:47 -0500] "GET /forest/documentos/1860554/2014ER90178.pdf HTTP/1.1" 200 386130
190.24.138.98 - - [16/Oct/2014:09:28:49 -0500] "GET /galeria/nivo-slider/demo/demo.html HTTP/1.1" 304 -
190.24.138.98 - - [16/Oct/2014:09:28:49 -0500] "GET /galeria/nivo-slider/themes/default/default.css HTTP/1.1" 304 -
190.24.138.98 - - [16/Oct/2014:09:28:49 -0500] "GET /galeria/nivo-slider/jquery.nivo.slider.pack.js HTTP/1.1" 304 -
190.24.138.98 - - [16/Oct/2014:09:28:49 -0500] "GET /galeria/nivo-slider/demo/images/EncuentroAgua1.jpg HTTP/1.1" 304 -
190.24.138.98 - - [16/Oct/2014:09:28:49 -0500] "GET /galeria/nivo-slider/demo/images/Tingua-azul.jpg HTTP/1.1" 304 -
190.24.138.98 - - [16/Oct/2014:09:28:49 -0500] "GET /galeria/nivo-slider/demo/images/Banner-Caracol-Africano.jpg HTTP/1.1" 304 -
190.24.138.98 - - [16/Oct/2014:09:28:49 -0500] "GET /galeria/nivo-slider/demo/images/9Signos.jpg HTTP/1.1" 304 -
190.24.138.98 - - [16/Oct/2014:09:28:49 -0500] "GET /galeria/nivo-slider/demo/images/banner-encuesta.jpg HTTP/1.1" 304 -
190.24.138.98 - - [16/Oct/2014:09:28:49 -0500] "GET /galeria/nivo-slider/demo/images/banner-llantas2.jpg HTTP/1.1" 304 -
190.24.138.98 - - [16/Oct/2014:09:28:49 -0500] "GET /galeria/nivo-slider/demo/images/banner-caballos.png HTTP/1.1" 304 -
190.24.138.98 - - [16/Oct/2014:09:28:49 -0500] "GET /galeria/nivo-slider/demo/images/ConstructorasFNL.jpg HTTP/1.1" 304 -
190.24.138.98 - - [16/Oct/2014:09:28:49 -0500] "GET /galeria/nivo-slider/demo/images/Hacienda_Molinos.jpg HTTP/1.1" 304 -
190.24.138.98 - - [16/Oct/2014:09:28:49 -0500] "GET /galeria/nivo-slider/demo/images/bannerEcolecta3.jpg HTTP/1.1" 304 -
190.24.138.98 - - [16/Oct/2014:09:28:49 -0500] "GET /galeria/nivo-slider/demo/scripts/jquery-1.7.1.min.js HTTP/1.1" 304 -
190.24.138.98 - - [16/Oct/2014:09:28:49 -0500] "GET /galeria/nivo-slider/themes/pascal/pascal.css HTTP/1.1" 304 -
190.24.138.98 - - [16/Oct/2014:09:28:49 -0500] "GET /galeria/nivo-slider/themes/orman/orman.css HTTP/1.1" 304 -
190.24.138.98 - - [16/Oct/2014:09:28:49 -0500] "GET /galeria/nivo-slider/nivo-slider.css HTTP/1.1" 304 -
190.24.138.98 - - [16/Oct/2014:09:28:50 -0500] "GET /galeria/nivo-slider/demo/style.css HTTP/1.1" 304 -
190.24.138.98 - - [16/Oct/2014:09:28:50 -0500] "GET /galeria/nivo-slider/demo/images/4Simple_Slider.png HTTP/1.1" 304 -
190.24.138.98 - - [16/Oct/2014:09:28:50 -0500] "GET /galeria/nivo-slider/themes/default/loading.gif HTTP/1.1" 304 -
190.24.138.98 - - [16/Oct/2014:09:28:50 -0500] "GET /galeria/nivo-slider/themes/default/arrows.png HTTP/1.1" 304 -
190.24.138.98 - - [16/Oct/2014:09:28:50 -0500] "GET /galeria/nivo-slider/themes/default/bullets.png HTTP/1.1" 304 -
186.115.175.84 - - [16/Oct/2014:09:28:50 -0500] "POST /forms/lservlet;jsessionid=ac16012b30d52aae8b577b324cd090e9f861723dbccb.e3iSbxaKaheRe34Sa3yKbhiTahb0n6jAmljGr5XDqQLvpAe HTTP/1.1" 200 24
186.115.175.84 - - [16/Oct/2014:09:28:50 -0500] "POST /forms/lservlet;jsessionid=ac16012b30d52aae8b577b324cd090e9f861723dbccb.e3iSbxaKaheRe34Sa3yKbhiTahb0n6jAmljGr5XDqQLvpAe HTTP/1.1" 200 3789
186.115.175.84 - - [16/Oct/2014:09:28:50 -0500] "POST /forms/lservlet;jsessionid=ac16012b30d52aae8b577b324cd090e9f861723dbccb.e3iSbxaKaheRe34Sa3yKbhiTahb0n6jAmljGr5XDqQLvpAe HTTP/1.1" 200 2
190.84.56.157 - - [16/Oct/2014:09:28:50 -0500] "POST /forms/lservlet;jsessionid=ac16012b30d5bf25f34e529648c6853187ddecc9a1af.e3iSbxaKaheRe34Sa3yKbhiTahb0n6jAmljGr5XDqQLvpAe HTTP/1.1" 200 39777
66.249.65.55 - - [16/Oct/2014:09:28:51 -0500] "GET /BLA/boletinlegal/jurisprudencia/analisis/Analisis%20Sentencia%20T-1077,%202%20corregida.doc HTTP/1.1" 304 -
190.84.56.157 - - [16/Oct/2014:09:28:54 -0500] "POST /forms/lservlet;jsessionid=ac16012b30d5bf25f34e529648c6853187ddecc9a1af.e3iSbxaKaheRe34Sa3yKbhiTahb0n6jAmljGr5XDqQLvpAe HTTP/1.1" 200 115
186.115.175.84 - - [16/Oct/2014:09:28:58 -0500] "POST /forms/lservlet;jsessionid=ac16012b30d52aae8b577b324cd090e9f861723dbccb.e3iSbxaKaheRe34Sa3yKbhiTahb0n6jAmljGr5XDqQLvpAe HTTP/1.1" 200 2
186.115.175.84 - - [16/Oct/2014:09:28:58 -0500] "POST /forms/lservlet;jsessionid=ac16012b30d52aae8b577b324cd090e9f861723dbccb.e3iSbxaKaheRe34Sa3yKbhiTahb0n6jAmljGr5XDqQLvpAe HTTP/1.1" 200 14
186.115.175.84 - - [16/Oct/2014:09:28:59 -0500] "POST /forms/lservlet;jsessionid=ac16012b30d52aae8b577b324cd090e9f861723dbccb.e3iSbxaKaheRe34Sa3yKbhiTahb0n6jAmljGr5XDqQLvpAe HTTP/1.1" 200 112
186.115.175.84 - - [16/Oct/2014:09:29:00 -0500] "POST /forms/lservlet;jsessionid=ac16012b30d52aae8b577b324cd090e9f861723dbccb.e3iSbxaKaheRe34Sa3yKbhiTahb0n6jAmljGr5XDqQLvpAe HTTP/1.1" 200 2
190.84.56.157 - - [16/Oct/2014:09:29:02 -0500] "POST /forms/lservlet;jsessionid=ac16012b30d5bf25f34e529648c6853187ddecc9a1af.e3iSbxaKaheRe34Sa3yKbhiTahb0n6jAmljGr5XDqQLvpAe HTTP/1.1" 200 2
74.86.158.107 - - [16/Oct/2014:09:29:02 -0500] "HEAD / HTTP/1.1" 302 -
190.84.56.157 - - [16/Oct/2014:09:29:02 -0500] "POST /forms/lservlet;jsessionid=ac16012b30d5bf25f34e529648c6853187ddecc9a1af.e3iSbxaKaheRe34Sa3yKbhiTahb0n6jAmljGr5XDqQLvpAe HTTP/1.1" 200 108
201.245.192.253 - - [16/Oct/2014:09:29:02 -0500] "GET /isolucionsda/SesionTermina.asp HTTP/1.1" 200 388
201.245.192.253 - - [16/Oct/2014:09:29:02 -0500] "GET /isolucionsda/Errores/SesionExpirada.asp? HTTP/1.1" 200 6598
190.84.56.157 - - [16/Oct/2014:09:29:02 -0500] "POST /forms/lservlet;jsessionid=ac16012b30d5bf25f34e529648c6853187ddecc9a1af.e3iSbxaKaheRe34Sa3yKbhiTahb0n6jAmljGr5XDqQLvpAe HTTP/1.1" 200 2
186.115.175.84 - - [16/Oct/2014:09:29:00 -0500] "GET /reports/rwservlet/getjobid330220?server=rep_srvapsda HTTP/1.0" 200 312992
190.84.56.157 - - [16/Oct/2014:09:29:03 -0500] "POST /forms/lservlet;jsessionid=ac16012b30d5bf25f34e529648c6853187ddecc9a1af.e3iSbxaKaheRe34Sa3yKbhiTahb0n6jAmljGr5XDqQLvpAe HTTP/1.1" 200 2
190.84.56.157 - - [16/Oct/2014:09:29:03 -0500] "POST /forms/lservlet;jsessionid=ac16012b30d5bf25f34e529648c6853187ddecc9a1af.e3iSbxaKaheRe34Sa3yKbhiTahb0n6jAmljGr5XDqQLvpAe HTTP/1.1" 200 210
190.84.56.157 - - [16/Oct/2014:09:29:06 -0500] "POST /forms/lservlet;jsessionid=ac16012b30d5bf25f34e529648c6853187ddecc9a1af.e3iSbxaKaheRe34Sa3yKbhiTahb0n6jAmljGr5XDqQLvpAe HTTP/1.1" 200 2
190.84.56.157 - - [16/Oct/2014:09:29:06 -0500] "POST /forms/lservlet;jsessionid=ac16012b30d5bf25f34e529648c6853187ddecc9a1af.e3iSbxaKaheRe34Sa3yKbhiTahb0n6jAmljGr5XDqQLvpAe HTTP/1.1" 200 108
190.84.56.157 - - [16/Oct/2014:09:29:06 -0500] "POST /forms/lservlet;jsessionid=ac16012b30d5bf25f34e529648c6853187ddecc9a1af.e3iSbxaKaheRe34Sa3yKbhiTahb0n6jAmljGr5XDqQLvpAe HTTP/1.1" 200 2
190.84.56.157 - - [16/Oct/2014:09:29:07 -0500] "POST /forms/lservlet;jsessionid=ac16012b30d5bf25f34e529648c6853187ddecc9a1af.e3iSbxaKaheRe34Sa3yKbhiTahb0n6jAmljGr5XDqQLvpAe HTTP/1.1" 200 2
190.84.56.157 - - [16/Oct/2014:09:29:07 -0500] "POST /forms/lservlet;jsessionid=ac16012b30d5bf25f34e529648c6853187ddecc9a1af.e3iSbxaKaheRe34Sa3yKbhiTahb0n6jAmljGr5XDqQLvpAe HTTP/1.1" 200 115
190.84.56.157 - - [16/Oct/2014:09:29:08 -0500] "POST /forms/lservlet;jsessionid=ac16012b30d5bf25f34e529648c6853187ddecc9a1af.e3iSbxaKaheRe34Sa3yKbhiTahb0n6jAmljGr5XDqQLvpAe HTTP/1.1" 200 2
190.84.56.157 - - [16/Oct/2014:09:29:08 -0500] "POST /forms/lservlet;jsessionid=ac16012b30d5bf25f34e529648c6853187ddecc9a1af.e3iSbxaKaheRe34Sa3yKbhiTahb0n6jAmljGr5XDqQLvpAe HTTP/1.1" 200 68
190.84.56.157 - - [16/Oct/2014:09:29:09 -0500] "POST /forms/lservlet;jsessionid=ac16012b30d5bf25f34e529648c6853187ddecc9a1af.e3iSbxaKaheRe34Sa3yKbhiTahb0n6jAmljGr5XDqQLvpAe HTTP/1.1" 200 2
190.84.56.157 - - [16/Oct/2014:09:29:09 -0500] "POST /forms/lservlet;jsessionid=ac16012b30d5bf25f34e529648c6853187ddecc9a1af.e3iSbxaKaheRe34Sa3yKbhiTahb0n6jAmljGr5XDqQLvpAe HTTP/1.1" 200 2
190.84.56.157 - - [16/Oct/2014:09:29:10 -0500] "POST /forms/lservlet;jsessionid=ac16012b30d5bf25f34e529648c6853187ddecc9a1af.e3iSbxaKaheRe34Sa3yKbhiTahb0n6jAmljGr5XDqQLvpAe HTTP/1.1" 200 1512
190.84.56.157 - - [16/Oct/2014:09:29:10 -0500] "POST /forms/lservlet;jsessionid=ac16012b30d5bf25f34e529648c6853187ddecc9a1af.e3iSbxaKaheRe34Sa3yKbhiTahb0n6jAmljGr5XDqQLvpAe HTTP/1.1" 200 2
190.84.56.157 - - [16/Oct/2014:09:29:10 -0500] "POST /forms/lservlet;jsessionid=ac16012b30d5bf25f34e529648c6853187ddecc9a1af.e3iSbxaKaheRe34Sa3yKbhiTahb0n6jAmljGr5XDqQLvpAe HTTP/1.1" 200 2
190.84.56.157 - - [16/Oct/2014:09:29:12 -0500] "POST /forms/lservlet;jsessionid=ac16012b30d5bf25f34e529648c6853187ddecc9a1af.e3iSbxaKaheRe34Sa3yKbhiTahb0n6jAmljGr5XDqQLvpAe HTTP/1.1" 200 2
190.84.56.157 - - [16/Oct/2014:09:29:12 -0500] "POST /forms/lservlet;jsessionid=ac16012b30d5bf25f34e529648c6853187ddecc9a1af.e3iSbxaKaheRe34Sa3yKbhiTahb0n6jAmljGr5XDqQLvpAe HTTP/1.1" 200 14
190.84.56.157 - - [16/Oct/2014:09:29:13 -0500] "POST /forms/lservlet;jsessionid=ac16012b30d5bf25f34e529648c6853187ddecc9a1af.e3iSbxaKaheRe34Sa3yKbhiTahb0n6jAmljGr5XDqQLvpAe HTTP/1.1" 200 14
190.84.56.157 - - [16/Oct/2014:09:29:14 -0500] "POST /forms/lservlet;jsessionid=ac16012b30d5bf25f34e529648c6853187ddecc9a1af.e3iSbxaKaheRe34Sa3yKbhiTahb0n6jAmljGr5XDqQLvpAe HTTP/1.1" 200 113
190.84.56.157 - - [16/Oct/2014:09:29:15 -0500] "POST /forms/lservlet;jsessionid=ac16012b30d5bf25f34e529648c6853187ddecc9a1af.e3iSbxaKaheRe34Sa3yKbhiTahb0n6jAmljGr5XDqQLvpAe HTTP/1.1" 200 2
190.84.56.157 - - [16/Oct/2014:09:29:15 -0500] "GET /reports/rwservlet/getjobid330221?server=rep_srvapsda HTTP/1.1" 200 47768
186.145.141.191 - - [16/Oct/2014:09:29:22 -0500] "GET /BLA/boletinlegal/js/jquery.js HTTP/1.1" 200 57254
186.145.141.191 - - [16/Oct/2014:09:29:22 -0500] "GET /BLA/boletinlegal/js/jquery.scrollTo-min.js HTTP/1.1" 200 1150
186.145.141.191 - - [16/Oct/2014:09:29:22 -0500] "GET /BLA/boletinlegal/js/jquery.scrollShow.js HTTP/1.1" 200 4586
201.245.192.253 - - [16/Oct/2014:09:29:25 -0500] "GET /galeria/nivo-slider/themes/default/default.css HTTP/1.1" 304 -
201.245.192.253 - - [16/Oct/2014:09:29:25 -0500] "GET /isolucionsda/FrameSetGeneral.asp?Pagina=Magazin.asp&Sigla=MAC&IdModulo=2 HTTP/1.1" 200 6625
190.84.56.157 - - [16/Oct/2014:09:29:25 -0500] "POST /forms/lservlet;jsessionid=ac16012b30d5bf25f34e529648c6853187ddecc9a1af.e3iSbxaKaheRe34Sa3yKbhiTahb0n6jAmljGr5XDqQLvpAe HTTP/1.1" 200 2
201.245.192.253 - - [16/Oct/2014:09:29:26 -0500] "GET /isolucionsda/Encabezado.asp?Pagina=Magazin.asp&Sigla=MAC&IdModulo=2 HTTP/1.1" 200 15389
201.245.192.253 - - [16/Oct/2014:09:29:26 -0500] "GET /isolucionsda/BarraTitulos.asp?Pagina=Magazin.asp&Sigla=MAC&IdModulo=2 HTTP/1.1" 200 6989
201.245.192.253 - - [16/Oct/2014:09:29:26 -0500] "GET /isolucionsda/Magazin.asp?Pagina=Magazin.asp&Sigla=MAC&IdModulo=2 HTTP/1.1" 302 211
201.245.192.253 - - [16/Oct/2014:09:29:26 -0500] "GET /isolucionsda/BarraFavoritos.asp HTTP/1.1" 200 911
201.245.192.253 - - [16/Oct/2014:09:29:26 -0500] "GET /isolucionsda/SucursalSeleccion.asp?URLRedirect=magazin.asp?sigla=mac HTTP/1.1" 302 211
201.245.192.253 - - [16/Oct/2014:09:29:26 -0500] "GET /isolucionsda/Session.asp?Continue=1 HTTP/1.1" 200 6324
201.245.192.253 - - [16/Oct/2014:09:29:26 -0500] "GET /isolucionsda/SucursalSeleccion.asp?CodSucursal=1&URLRedirect=magazin.asp?sigla=mac&CargaPagina= HTTP/1.1" 302 177
201.245.192.253 - - [16/Oct/2014:09:29:26 -0500] "GET /isolucionsda/magazin.asp?sigla=mac HTTP/1.1" 200 10642
201.245.192.253 - - [16/Oct/2014:09:29:26 -0500] "GET /galeria/nivo-slider/demo/images/banner-llantas2.jpg HTTP/1.1" 304 -
201.245.192.253 - - [16/Oct/2014:09:29:27 -0500] "POST /isolucionsda/Administracion/SalaEdicion/Articulo.asp HTTP/1.1" 302 356
201.245.192.253 - - [16/Oct/2014:09:29:28 -0500] "GET /isolucionsda/Administracion/SalaEdicion/FrameSetVistaPrevia.asp?Articulo=A/Asesoramientoyrevisiondelosproductoscartograficosgeneradospordesarrolladoresexternos_v3/Asesoramientoyrevisiondelosproductoscartograficosgeneradospordesarrolladoresexternos_v3.asp&Id_Articulo=7815 HTTP/1.1" 200 6576
201.245.192.253 - - [16/Oct/2014:09:29:28 -0500] "GET /isolucionsda/Administracion/SalaEdicion/VistaPreviaAtras.asp?Id_Articulo=7815 HTTP/1.1" 200 319
201.245.192.253 - - [16/Oct/2014:09:29:28 -0500] "GET /isolucionsda/Administracion/SalaEdicion/VistaPreviaAtras.asp?Id_Articulo=7815 HTTP/1.1" 200 319
201.245.192.253 - - [16/Oct/2014:09:29:28 -0500] "GET /isolucionsda/BancoConocimiento/A/Asesoramientoyrevisiondelosproductoscartograficosgeneradospordesarrolladoresexternos_v3/Asesoramientoyrevisiondelosproductoscartograficosgeneradospordesarrolladoresexternos_v3.asp?Debug=YES&Id_Articulo=7815&VistaPrevia= HTTP/1.1" 200 53671
201.245.192.253 - - [16/Oct/2014:09:29:29 -0500] "GET /isolucionsda/g/vacio1x1.gif HTTP/1.1" 404 5195
201.245.192.253 - - [16/Oct/2014:09:29:29 -0500] "GET /isolucionsda/FramesetArticulo.asp?Pagina=bancoconocimiento%2FM%2FMANUALDELSISTEMAINTEGRADODEGESTION%5Fv9%2FMANUALDELSISTEMAINTEGRADODEGESTION%5Fv9%2Easp&IdArticulo=7375&Codigo=&Fecha=&Version=&Procedimiento=&cliente= HTTP/1.1" 200 7477
201.245.192.253 - - [16/Oct/2014:09:29:30 -0500] "GET /isolucionsda/g/vacio1x1.gif HTTP/1.1" 404 5217
201.245.192.253 - - [16/Oct/2014:09:29:29 -0500] "GET /isolucionsda/Arriba.asp?Pagina=bancoconocimiento%2FM%2FMANUALDELSISTEMAINTEGRADODEGESTION%5Fv9%2FMANUALDELSISTEMAINTEGRADODEGESTION%5Fv9%2Easp&IdArticulo=7375&Codigo=&Fecha=&Version=&Procedimiento=&cliente= HTTP/1.1" 200 10675
201.245.192.253 - - [16/Oct/2014:09:29:29 -0500] "GET /isolucionsda/bancoconocimiento/M/MANUALDELSISTEMAINTEGRADODEGESTION_v9/MANUALDELSISTEMAINTEGRADODEGESTION_v9.asp?IdArticulo=7375 HTTP/1.1" 200 101414
201.245.192.253 - - [16/Oct/2014:09:29:30 -0500] "GET /isolucionsda/g/vacio1x1.gif HTTP/1.1" 404 5195
190.242.127.106 - - [16/Oct/2014:09:29:33 -0500] "GET /BLA/boletinlegal/js/jquery.scrollShow.js HTTP/1.1" 200 4586
190.242.127.106 - - [16/Oct/2014:09:29:33 -0500] "GET /BLA/boletinlegal/js/jquery.js HTTP/1.1" 200 57254
190.242.127.106 - - [16/Oct/2014:09:29:33 -0500] "GET /BLA/boletinlegal/js/jquery.scrollTo-min.js HTTP/1.1" 200 1150
201.245.192.253 - - [16/Oct/2014:09:29:50 -0500] "GET /galeria/nivo-slider/demo/images/9Signos.jpg HTTP/1.1" 304 -
201.245.192.253 - - [16/Oct/2014:09:29:50 -0500] "GET /forest/session.jsp?a=0.47559743436587526 HTTP/1.1" 200 4
190.84.56.157 - - [16/Oct/2014:09:29:52 -0500] "POST /forms/lservlet;jsessionid=ac16012b30d5bf25f34e529648c6853187ddecc9a1af.e3iSbxaKaheRe34Sa3yKbhiTahb0n6jAmljGr5XDqQLvpAe HTTP/1.1" 200 134
190.84.56.157 - - [16/Oct/2014:09:29:52 -0500] "POST /forms/lservlet;jsessionid=ac16012b30d5bf25f34e529648c6853187ddecc9a1af.e3iSbxaKaheRe34Sa3yKbhiTahb0n6jAmljGr5XDqQLvpAe HTTP/1.1" 200 7
190.84.56.157 - - [16/Oct/2014:09:29:55 -0500] "POST /forms/lservlet;jsessionid=ac16012b30d5bf25f34e529648c6853187ddecc9a1af.e3iSbxaKaheRe34Sa3yKbhiTahb0n6jAmljGr5XDqQLvpAe HTTP/1.1" 200 2
201.245.192.253 - - [16/Oct/2014:09:29:55 -0500] "GET /isolucionsda/FrameSetGeneral.asp?Pagina=ListadoMaestroDocumentos3.asp HTTP/1.1" 200 205
201.245.192.253 - - [16/Oct/2014:09:29:55 -0500] "GET /galeria/nivo-slider/themes/default/default.css HTTP/1.1" 304 -
190.84.56.157 - - [16/Oct/2014:09:29:55 -0500] "POST /forms/lservlet;jsessionid=ac16012b30d5bf25f34e529648c6853187ddecc9a1af.e3iSbxaKaheRe34Sa3yKbhiTahb0n6jAmljGr5XDqQLvpAe HTTP/1.1" 200 94
190.84.56.157 - - [16/Oct/2014:09:29:56 -0500] "POST /forms/lservlet;jsessionid=ac16012b30d5bf25f34e529648c6853187ddecc9a1af.e3iSbxaKaheRe34Sa3yKbhiTahb0n6jAmljGr5XDqQLvpAe HTTP/1.1" 200 12
190.84.56.157 - - [16/Oct/2014:09:29:56 -0500] "GET /reports/rwservlet/getjobid330222?server=rep_srvapsda HTTP/1.1" 200 47716
201.245.192.253 - - [16/Oct/2014:09:29:58 -0500] "GET /autoliquidacion/index.php?dir=TR%C1MITES+VERTIMIENTOS%2F HTTP/1.1" 200 2479
201.245.192.253 - - [16/Oct/2014:09:29:58 -0500] "GET /isolucionsda/ControlDeInicio.asp HTTP/1.1" 200 739
201.245.192.253 - - [16/Oct/2014:09:29:58 -0500] "GET /isolucionsda/IdentificaUsuario.asp?Pagina1=FrameSetGeneral.asp& HTTP/1.1" 200 4997
201.245.192.253 - - [16/Oct/2014:09:30:02 -0500] "POST /isolucionsda/IdentificaUsuario.asp?Pagina1=FrameSetGeneral.asp& HTTP/1.1" 302 173
201.245.192.253 - - [16/Oct/2014:09:30:02 -0500] "GET /autoliquidacion/index.php?dir=TR%C1MITES+VERTIMIENTOS%2FPERMISOS+DE+VERTIMIENTOS%2F HTTP/1.1" 200 3490
201.245.192.253 - - [16/Oct/2014:09:30:02 -0500] "GET /isolucionsda/FrameSetGeneral.asp?Pagina1=FrameSetGeneral.asp& HTTP/1.1" 200 6613
201.245.192.253 - - [16/Oct/2014:09:30:02 -0500] "GET /isolucionsda/Encabezado.asp?Pagina1=FrameSetGeneral.asp&&Pagina=MagazinHome.asp HTTP/1.1" 200 15388
201.245.192.253 - - [16/Oct/2014:09:30:02 -0500] "GET /isolucionsda/BarraTitulos.asp?Pagina1=FrameSetGeneral.asp&&Pagina=MagazinHome.asp HTTP/1.1" 200 6972
201.245.192.253 - - [16/Oct/2014:09:30:02 -0500] "GET /isolucionsda/BarraFavoritos.asp HTTP/1.1" 200 911
201.245.192.253 - - [16/Oct/2014:09:30:02 -0500] "GET /isolucionsda/MagazinHome.asp HTTP/1.1" 200 25853
201.245.192.253 - - [16/Oct/2014:09:30:03 -0500] "GET /isolucionsda/Session.asp?Continue=1 HTTP/1.1" 200 6324
201.245.192.253 - - [16/Oct/2014:09:30:03 -0500] "GET /isolucionsda/TareasSFRedirect.asp HTTP/1.1" 302 195
201.245.192.253 - - [16/Oct/2014:09:30:03 -0500] "GET /isolucionsda/g/Bgr_Destacado3399CC.jpg HTTP/1.1" 404 5217
201.245.192.253 - - [16/Oct/2014:09:30:03 -0500] "GET /isolucionsda/Login.aspx?TARGET=SFContainerFiltrado.aspx&number=65686648495450694569 HTTP/1.1" 302 886
201.245.192.253 - - [16/Oct/2014:09:30:04 -0500] "GET /isolucionsda/SFContainerFiltrado.aspx?Number=65686648495450694569 HTTP/1.1" 200 14356
201.245.192.253 - - [16/Oct/2014:09:30:04 -0500] "GET /isolucionsda/DetalleTareas.aspx?Number=65686648495450694569 HTTP/1.1" 302 144
201.245.192.253 - - [16/Oct/2014:09:30:05 -0500] "GET /isolucionsda/DetalleTareas.aspx?Number=65686648495450694569 HTTP/1.1" 200 5408
201.245.192.253 - - [16/Oct/2014:09:30:05 -0500] "GET /isolucionsda/ErrorMsg.aspx HTTP/1.1" 200 1701
201.245.192.253 - - [16/Oct/2014:09:30:05 -0500] "GET /isolucionsda/auxlib.js HTTP/1.1" 404 5185
201.245.192.253 - - [16/Oct/2014:09:30:05 -0500] "GET /isolucionsda/infowndpublic.js HTTP/1.1" 404 5199
201.245.192.253 - - [16/Oct/2014:09:30:05 -0500] "GET /isolucionsda/infowndcore.js HTTP/1.1" 404 5195
201.245.192.253 - - [16/Oct/2014:09:30:05 -0500] "GET /isolucionsda/FrameSetGeneral.asp?Pagina=Menu.asp&IdModulo=4 HTTP/1.1" 200 6583
201.245.192.253 - - [16/Oct/2014:09:30:06 -0500] "GET /forest/session.jsp?a=0.7004629060442142 HTTP/1.1" 200 4
201.245.192.253 - - [16/Oct/2014:09:30:06 -0500] "GET /isolucionsda/Encabezado.asp?Pagina=Menu.asp&IdModulo=4 HTTP/1.1" 200 15389
201.245.192.253 - - [16/Oct/2014:09:30:06 -0500] "GET /isolucionsda/BarraTitulos.asp?Pagina=Menu.asp&IdModulo=4 HTTP/1.1" 200 6985
201.245.192.253 - - [16/Oct/2014:09:30:06 -0500] "GET /isolucionsda/Menu.asp?Pagina=Menu.asp&IdModulo=4 HTTP/1.1" 200 9682
201.245.192.253 - - [16/Oct/2014:09:30:06 -0500] "GET /isolucionsda/Session.asp?Continue=1 HTTP/1.1" 200 6324
186.115.175.84 - - [16/Oct/2014:09:30:06 -0500] "POST /forms/lservlet;jsessionid=ac16012b30d52aae8b577b324cd090e9f861723dbccb.e3iSbxaKaheRe34Sa3yKbhiTahb0n6jAmljGr5XDqQLvpAe HTTP/1.1" 200 206
186.115.175.84 - - [16/Oct/2014:09:30:06 -0500] "POST /forms/lservlet;jsessionid=ac16012b30d52aae8b577b324cd090e9f861723dbccb.e3iSbxaKaheRe34Sa3yKbhiTahb0n6jAmljGr5XDqQLvpAe HTTP/1.1" 200 11
201.245.192.253 - - [16/Oct/2014:09:30:07 -0500] "GET /isolucionsda/FrameSetGeneral.asp?Pagina=ListadoMaestroDocumentos3.asp HTTP/1.1" 200 6634
201.245.192.253 - - [16/Oct/2014:09:30:07 -0500] "GET /isolucionsda/Encabezado.asp?Pagina=ListadoMaestroDocumentos3.asp HTTP/1.1" 200 15364
201.245.192.253 - - [16/Oct/2014:09:30:07 -0500] "GET /isolucionsda/BarraTitulos.asp?Pagina=ListadoMaestroDocumentos3.asp HTTP/1.1" 200 6985
201.245.192.253 - - [16/Oct/2014:09:30:08 -0500] "GET /isolucionsda/BarraFavoritos.asp HTTP/1.1" 200 911
201.245.192.253 - - [16/Oct/2014:09:30:08 -0500] "GET /isolucionsda/Session.asp?Continue=1 HTTP/1.1" 200 6324
201.245.192.253 - - [16/Oct/2014:09:30:08 -0500] "GET /isolucionsda/ListadoMaestroDocumentos3.asp?Pagina=ListadoMaestroDocumentos3.asp HTTP/1.1" 200 11467
186.115.175.84 - - [16/Oct/2014:09:30:11 -0500] "POST /forms/lservlet;jsessionid=ac16012b30d52aae8b577b324cd090e9f861723dbccb.e3iSbxaKaheRe34Sa3yKbhiTahb0n6jAmljGr5XDqQLvpAe HTTP/1.1" 200 177
186.115.175.84 - - [16/Oct/2014:09:30:11 -0500] "POST /forms/lservlet;jsessionid=ac16012b30d52aae8b577b324cd090e9f861723dbccb.e3iSbxaKaheRe34Sa3yKbhiTahb0n6jAmljGr5XDqQLvpAe HTTP/1.1" 200 7
190.84.56.157 - - [16/Oct/2014:09:30:12 -0500] "POST /forms/lservlet;jsessionid=ac16012b30d5bf25f34e529648c6853187ddecc9a1af.e3iSbxaKaheRe34Sa3yKbhiTahb0n6jAmljGr5XDqQLvpAe HTTP/1.1" 200 12
190.84.56.157 - - [16/Oct/2014:09:30:13 -0500] "POST /forms/lservlet;jsessionid=ac16012b30d5bf25f34e529648c6853187ddecc9a1af.e3iSbxaKaheRe34Sa3yKbhiTahb0n6jAmljGr5XDqQLvpAe HTTP/1.1" 200 113
201.245.192.253 - - [16/Oct/2014:09:30:13 -0500] "POST /isolucionsda/ListadoMaestroDocumentos3.asp HTTP/1.1" 200 11495
190.84.56.157 - - [16/Oct/2014:09:30:14 -0500] "POST /forms/lservlet;jsessionid=ac16012b30d5bf25f34e529648c6853187ddecc9a1af.e3iSbxaKaheRe34Sa3yKbhiTahb0n6jAmljGr5XDqQLvpAe HTTP/1.1" 200 33
186.115.175.84 - - [16/Oct/2014:09:30:14 -0500] "POST /forms/lservlet;jsessionid=ac16012b30d52aae8b577b324cd090e9f861723dbccb.e3iSbxaKaheRe34Sa3yKbhiTahb0n6jAmljGr5XDqQLvpAe HTTP/1.1" 200 150
186.115.175.84 - - [16/Oct/2014:09:30:14 -0500] "POST /forms/lservlet;jsessionid=ac16012b30d52aae8b577b324cd090e9f861723dbccb.e3iSbxaKaheRe34Sa3yKbhiTahb0n6jAmljGr5XDqQLvpAe HTTP/1.1" 200 8
186.115.175.84 - - [16/Oct/2014:09:30:14 -0500] "POST /forms/lservlet;jsessionid=ac16012b30d52aae8b577b324cd090e9f861723dbccb.e3iSbxaKaheRe34Sa3yKbhiTahb0n6jAmljGr5XDqQLvpAe HTTP/1.1" 200 2
190.84.56.157 - - [16/Oct/2014:09:30:15 -0500] "POST /forms/lservlet;jsessionid=ac16012b30d5bf25f34e529648c6853187ddecc9a1af.e3iSbxaKaheRe34Sa3yKbhiTahb0n6jAmljGr5XDqQLvpAe HTTP/1.1" 200 69
190.84.36.125 - - [16/Oct/2014:09:30:15 -0500] "GET /BLA/boletinlegal/js/jquery.js HTTP/1.1" 200 57254
190.84.36.125 - - [16/Oct/2014:09:30:15 -0500] "GET /BLA/boletinlegal/js/jquery.scrollShow.js HTTP/1.1" 200 4586
190.84.36.125 - - [16/Oct/2014:09:30:15 -0500] "GET /BLA/boletinlegal/js/jquery.scrollTo-min.js HTTP/1.1" 200 1150
200.93.146.198 - - [16/Oct/2014:09:30:15 -0500] "GET /autoliquidacion/Solicitudes%20relacionadas%20con%20calidad%20del%20aire%20auditiva%20y%20visual/Registro%20de%20Elementos%20de%20publicidad%20Exterior%20Visual/126pm04-pr16-f-a20-1%20Lista%20de%20Chequeo.xls HTTP/1.1" 200 114176
201.245.192.253 - - [16/Oct/2014:09:30:15 -0500] "POST /isolucionsda/ListadoMaestroDocumentos3.asp HTTP/1.1" 200 11495
186.168.13.182 - - [16/Oct/2014:09:30:15 -0500] "GET /forest/ HTTP/1.1" 200 12365
186.168.13.182 - - [16/Oct/2014:09:30:16 -0500] "GET /forest/css/escritorio.css?version=1408.271930 HTTP/1.1" 200 15878
186.168.13.182 - - [16/Oct/2014:09:30:16 -0500] "GET /forest/css/index.css?version=1408.271930 HTTP/1.1" 200 1900
186.168.13.182 - - [16/Oct/2014:09:30:16 -0500] "GET /forest/1ibre/jscalendar/calendar-win2k-1.css?version=1408.271930 HTTP/1.1" 200 5986
186.168.13.182 - - [16/Oct/2014:09:30:16 -0500] "GET /forest/skins/gdocs-jar/css/autocomplete.css?version=1408.271930 HTTP/1.1" 200 1620
186.168.13.182 - - [16/Oct/2014:09:30:16 -0500] "GET /forest/skins/gdocs-jar/css/menu.css?version=1408.271930 HTTP/1.1" 200 4235
186.168.13.182 - - [16/Oct/2014:09:30:16 -0500] "GET /forest/skins/gdocs-jar/css/forms.css?version=1408.271930 HTTP/1.1" 200 7180
186.168.13.182 - - [16/Oct/2014:09:30:16 -0500] "GET /forest/skins/gdocs-jar/css/dialog.css?version=1408.271930 HTTP/1.1" 200 1430
186.168.13.182 - - [16/Oct/2014:09:30:16 -0500] "GET /forest/jsoptimized/gz/js/gdocsall-1408.271930.js HTTP/1.1" 200 96552
186.168.13.182 - - [16/Oct/2014:09:30:16 -0500] "GET /forest/js/json3.js HTTP/1.1" 200 39592
186.168.13.182 - - [16/Oct/2014:09:30:16 -0500] "GET /forest/img/loading.gif HTTP/1.1" 200 1197
186.168.13.182 - - [16/Oct/2014:09:30:16 -0500] "GET /forest/img/base/bsc2_r1_c1.gif HTTP/1.1" 200 28640
186.168.13.182 - - [16/Oct/2014:09:30:16 -0500] "GET /forest/img/spacer.gif HTTP/1.1" 200 43
186.168.13.182 - - [16/Oct/2014:09:30:16 -0500] "GET /forest/img/base/bsc2_r1_c2.gif HTTP/1.1" 200 269
186.168.13.182 - - [16/Oct/2014:09:30:16 -0500] "GET /forest/img/base/bsc2_r1_c3.gif HTTP/1.1" 200 3704
186.168.13.182 - - [16/Oct/2014:09:30:16 -0500] "GET /forest/img/panel/view_icon.gif HTTP/1.1" 200 681
186.168.13.182 - - [16/Oct/2014:09:30:16 -0500] "GET /forest/img/inicio/1.gif HTTP/1.1" 200 23925
186.168.13.182 - - [16/Oct/2014:09:30:16 -0500] "GET /forest/img/inicio/2.gif HTTP/1.1" 200 42562
186.168.13.182 - - [16/Oct/2014:09:30:17 -0500] "GET /forest/img/inicio/3.gif HTTP/1.1" 200 29737
190.84.56.157 - - [16/Oct/2014:09:30:17 -0500] "POST /forms/lservlet;jsessionid=ac16012b30d5bf25f34e529648c6853187ddecc9a1af.e3iSbxaKaheRe34Sa3yKbhiTahb0n6jAmljGr5XDqQLvpAe HTTP/1.1" 200 58
186.168.13.182 - - [16/Oct/2014:09:30:17 -0500] "GET /forest/img/inicio/5.gif HTTP/1.1" 200 25611
186.168.13.182 - - [16/Oct/2014:09:30:17 -0500] "GET /forest/img/inicio/4.gif HTTP/1.1" 200 27784
186.168.13.182 - - [16/Oct/2014:09:30:17 -0500] "GET /forest/img/inicio/6.gif HTTP/1.1" 200 12239
186.168.13.182 - - [16/Oct/2014:09:30:17 -0500] "GET /forest/img/inicio/7.gif HTTP/1.1" 200 18547
186.168.13.182 - - [16/Oct/2014:09:30:17 -0500] "GET /forest/img/mplogo.gif HTTP/1.1" 200 806
