186.168.13.182 - - [16/Oct/2014:09:30:17 -0500] "GET /forest/img/close.gif HTTP/1.1" 200 571
186.168.13.182 - - [16/Oct/2014:09:30:17 -0500] "GET /forest/skins/gdocs-jar/img/okey.gif HTTP/1.1" 200 203
186.115.175.84 - - [16/Oct/2014:09:30:17 -0500] "POST /forms/lservlet;jsessionid=ac16012b30d52aae8b577b324cd090e9f861723dbccb.e3iSbxaKaheRe34Sa3yKbhiTahb0n6jAmljGr5XDqQLvpAe HTTP/1.1" 200 7
201.245.192.253 - - [16/Oct/2014:09:30:17 -0500] "GET /isolucionsda/FrameSetGeneral.asp?Pagina=SucursalSeleccion.asp&CargaPagina=ModuloProcesos&IdModulo=3 HTTP/1.1" 200 6716
201.245.192.253 - - [16/Oct/2014:09:30:17 -0500] "GET /isolucionsda/Encabezado.asp?Pagina=SucursalSeleccion.asp&CargaPagina=ModuloProcesos&IdModulo=3 HTTP/1.1" 200 205
201.245.192.253 - - [16/Oct/2014:09:30:17 -0500] "GET /isolucionsda/BarraTitulos.asp?Pagina=SucursalSeleccion.asp&CargaPagina=ModuloProcesos&IdModulo=3 HTTP/1.1" 200 205
201.245.192.253 - - [16/Oct/2014:09:30:17 -0500] "GET /isolucionsda/SucursalSeleccion.asp?Pagina=SucursalSeleccion.asp&CargaPagina=ModuloProcesos&IdModulo=3 HTTP/1.1" 200 205
201.245.192.253 - - [16/Oct/2014:09:30:17 -0500] "GET /isolucionsda/BarraTitulos.asp?Pagina=SucursalSeleccion.asp&CargaPagina=ModuloProcesos&IdModulo=3 HTTP/1.1" 200 6988
201.245.192.253 - - [16/Oct/2014:09:30:17 -0500] "GET /isolucionsda/SucursalSeleccion.asp?Pagina=SucursalSeleccion.asp&CargaPagina=ModuloProcesos&IdModulo=3 HTTP/1.1" 302 221
201.245.192.253 - - [16/Oct/2014:09:30:17 -0500] "GET /isolucionsda/Encabezado.asp?Pagina=SucursalSeleccion.asp&CargaPagina=ModuloProcesos&IdModulo=3 HTTP/1.1" 200 15377
201.245.192.253 - - [16/Oct/2014:09:30:17 -0500] "GET /isolucionsda/BarraFavoritos.asp HTTP/1.1" 200 911
186.115.175.84 - - [16/Oct/2014:09:30:17 -0500] "POST /forms/lservlet;jsessionid=ac16012b30d52aae8b577b324cd090e9f861723dbccb.e3iSbxaKaheRe34Sa3yKbhiTahb0n6jAmljGr5XDqQLvpAe HTTP/1.1" 200 239
201.245.192.253 - - [16/Oct/2014:09:30:17 -0500] "GET /isolucionsda/BancoConocimiento/M/MAPADEPROCESOSSDA_v3/MAPADEPROCESOSSDA_v3.asp HTTP/1.1" 302 159
201.245.192.253 - - [16/Oct/2014:09:30:17 -0500] "GET /isolucionsda/Session.asp?Continue=1 HTTP/1.1" 200 6324
186.168.13.182 - - [16/Oct/2014:09:30:17 -0500] "GET /forest/1ibre/1ibre.css HTTP/1.1" 200 614
186.115.175.84 - - [16/Oct/2014:09:30:18 -0500] "POST /forms/lservlet;jsessionid=ac16012b30d52aae8b577b324cd090e9f861723dbccb.e3iSbxaKaheRe34Sa3yKbhiTahb0n6jAmljGr5XDqQLvpAe HTTP/1.1" 200 46
186.115.175.84 - - [16/Oct/2014:09:30:18 -0500] "POST /forms/lservlet;jsessionid=ac16012b30d52aae8b577b324cd090e9f861723dbccb.e3iSbxaKaheRe34Sa3yKbhiTahb0n6jAmljGr5XDqQLvpAe HTTP/1.1" 200 15
186.115.175.84 - - [16/Oct/2014:09:30:19 -0500] "POST /forms/lservlet;jsessionid=ac16012b30d52aae8b577b324cd090e9f861723dbccb.e3iSbxaKaheRe34Sa3yKbhiTahb0n6jAmljGr5XDqQLvpAe HTTP/1.1" 200 2
66.249.65.123 - - [16/Oct/2014:09:30:19 -0500] "GET /BLA/resoluciones/RESOLUCIONES%202010/3012.pdf HTTP/1.1" 200 584309
190.84.56.157 - - [16/Oct/2014:09:30:19 -0500] "POST /forms/lservlet;jsessionid=ac16012b30d5bf25f34e529648c6853187ddecc9a1af.e3iSbxaKaheRe34Sa3yKbhiTahb0n6jAmljGr5XDqQLvpAe HTTP/1.1" 200 2
190.84.56.157 - - [16/Oct/2014:09:30:19 -0500] "POST /forms/lservlet;jsessionid=ac16012b30d5bf25f34e529648c6853187ddecc9a1af.e3iSbxaKaheRe34Sa3yKbhiTahb0n6jAmljGr5XDqQLvpAe HTTP/1.1" 200 108
190.84.56.157 - - [16/Oct/2014:09:30:19 -0500] "POST /forms/lservlet;jsessionid=ac16012b30d5bf25f34e529648c6853187ddecc9a1af.e3iSbxaKaheRe34Sa3yKbhiTahb0n6jAmljGr5XDqQLvpAe HTTP/1.1" 200 2
190.84.56.157 - - [16/Oct/2014:09:30:20 -0500] "POST /forms/lservlet;jsessionid=ac16012b30d5bf25f34e529648c6853187ddecc9a1af.e3iSbxaKaheRe34Sa3yKbhiTahb0n6jAmljGr5XDqQLvpAe HTTP/1.1" 200 2
190.84.56.157 - - [16/Oct/2014:09:30:21 -0500] "POST /forms/lservlet;jsessionid=ac16012b30d5bf25f34e529648c6853187ddecc9a1af.e3iSbxaKaheRe34Sa3yKbhiTahb0n6jAmljGr5XDqQLvpAe HTTP/1.1" 200 134
201.245.192.253 - - [16/Oct/2014:09:30:21 -0500] "POST /isolucionsda/ListadoMaestroDocumentos3.asp HTTP/1.1" 200 14114
186.115.175.84 - - [16/Oct/2014:09:30:23 -0500] "POST /forms/lservlet;jsessionid=ac16012b30d52aae8b577b324cd090e9f861723dbccb.e3iSbxaKaheRe34Sa3yKbhiTahb0n6jAmljGr5XDqQLvpAe HTTP/1.1" 200 66
186.115.175.84 - - [16/Oct/2014:09:30:23 -0500] "POST /forms/lservlet;jsessionid=ac16012b30d52aae8b577b324cd090e9f861723dbccb.e3iSbxaKaheRe34Sa3yKbhiTahb0n6jAmljGr5XDqQLvpAe HTTP/1.1" 200 27
190.84.56.157 - - [16/Oct/2014:09:30:23 -0500] "POST /forms/lservlet;jsessionid=ac16012b30d5bf25f34e529648c6853187ddecc9a1af.e3iSbxaKaheRe34Sa3yKbhiTahb0n6jAmljGr5XDqQLvpAe HTTP/1.1" 200 2
190.25.248.113 - - [16/Oct/2014:09:30:23 -0500] "GET /BLA/boletinlegal/js/jquery.js HTTP/1.1" 200 57254
190.25.248.113 - - [16/Oct/2014:09:30:23 -0500] "GET /BLA/boletinlegal/js/jquery.scrollTo-min.js HTTP/1.1" 200 1150
190.25.248.113 - - [16/Oct/2014:09:30:23 -0500] "GET /BLA/boletinlegal/js/jquery.scrollShow.js HTTP/1.1" 200 4586
186.115.175.84 - - [16/Oct/2014:09:30:24 -0500] "POST /forms/lservlet;jsessionid=ac16012b30d52aae8b577b324cd090e9f861723dbccb.e3iSbxaKaheRe34Sa3yKbhiTahb0n6jAmljGr5XDqQLvpAe HTTP/1.1" 200 172
190.84.56.157 - - [16/Oct/2014:09:30:23 -0500] "POST /forms/lservlet;jsessionid=ac16012b30d5bf25f34e529648c6853187ddecc9a1af.e3iSbxaKaheRe34Sa3yKbhiTahb0n6jAmljGr5XDqQLvpAe HTTP/1.1" 200 14
190.84.56.157 - - [16/Oct/2014:09:30:24 -0500] "POST /forms/lservlet;jsessionid=ac16012b30d5bf25f34e529648c6853187ddecc9a1af.e3iSbxaKaheRe34Sa3yKbhiTahb0n6jAmljGr5XDqQLvpAe HTTP/1.1" 200 103
190.84.56.157 - - [16/Oct/2014:09:30:24 -0500] "POST /forms/lservlet;jsessionid=ac16012b30d5bf25f34e529648c6853187ddecc9a1af.e3iSbxaKaheRe34Sa3yKbhiTahb0n6jAmljGr5XDqQLvpAe HTTP/1.1" 200 7
190.84.56.157 - - [16/Oct/2014:09:30:24 -0500] "GET /reports/rwservlet/getjobid330223?server=rep_srvapsda HTTP/1.1" 200 47716
186.115.175.84 - - [16/Oct/2014:09:30:26 -0500] "POST /forms/lservlet;jsessionid=ac16012b30d52aae8b577b324cd090e9f861723dbccb.e3iSbxaKaheRe34Sa3yKbhiTahb0n6jAmljGr5XDqQLvpAe HTTP/1.1" 200 2
186.115.175.84 - - [16/Oct/2014:09:30:26 -0500] "POST /forms/lservlet;jsessionid=ac16012b30d52aae8b577b324cd090e9f861723dbccb.e3iSbxaKaheRe34Sa3yKbhiTahb0n6jAmljGr5XDqQLvpAe HTTP/1.1" 200 241
186.115.175.84 - - [16/Oct/2014:09:30:27 -0500] "POST /forms/lservlet;jsessionid=ac16012b30d52aae8b577b324cd090e9f861723dbccb.e3iSbxaKaheRe34Sa3yKbhiTahb0n6jAmljGr5XDqQLvpAe HTTP/1.1" 200 2
201.245.192.253 - - [16/Oct/2014:09:30:27 -0500] "GET /forest/session.jsp?a=0.09934496454686736 HTTP/1.1" 200 4
186.115.175.84 - - [16/Oct/2014:09:30:27 -0500] "POST /forms/lservlet;jsessionid=ac16012b30d52aae8b577b324cd090e9f861723dbccb.e3iSbxaKaheRe34Sa3yKbhiTahb0n6jAmljGr5XDqQLvpAe HTTP/1.1" 200 2
186.115.175.84 - - [16/Oct/2014:09:30:28 -0500] "POST /forms/lservlet;jsessionid=ac16012b30d52aae8b577b324cd090e9f861723dbccb.e3iSbxaKaheRe34Sa3yKbhiTahb0n6jAmljGr5XDqQLvpAe HTTP/1.1" 200 233
201.245.192.253 - - [16/Oct/2014:09:30:31 -0500] "POST /isolucionsda/IdentificaUsuario.asp?Pagina1=FrameSetGeneral.asp& HTTP/1.1" 302 173
190.25.157.14 - - [16/Oct/2014:09:30:31 -0500] "POST /forms/lservlet;jsessionid=ac16012b30d5fea6bdbdba1f4734a4e0c7dede692347.e3iSbxaKaheRe34Sa3yKbhiTahb0n6jAmljGr5XDqQLvpAe HTTP/1.1" 200 2
201.245.192.253 - - [16/Oct/2014:09:30:31 -0500] "GET /isolucionsda/FrameSetGeneral.asp?Pagina1=FrameSetGeneral.asp& HTTP/1.1" 200 6485
201.245.192.253 - - [16/Oct/2014:09:30:31 -0500] "GET /isolucionsda/Encabezado.asp?Pagina1=FrameSetGeneral.asp&&Pagina=MagazinHome.asp HTTP/1.1" 200 15234
201.245.192.253 - - [16/Oct/2014:09:30:31 -0500] "GET /isolucionsda/BarraTitulos.asp?Pagina1=FrameSetGeneral.asp&&Pagina=MagazinHome.asp HTTP/1.1" 200 6844
201.245.192.253 - - [16/Oct/2014:09:30:31 -0500] "GET /isolucionsda/BarraFavoritos.asp HTTP/1.1" 200 911
201.245.192.253 - - [16/Oct/2014:09:30:31 -0500] "GET /isolucionsda/Session.asp?Continue=1 HTTP/1.1" 200 6196
201.245.192.253 - - [16/Oct/2014:09:30:31 -0500] "GET /isolucionsda/MagazinHome.asp HTTP/1.1" 200 25725
201.245.192.253 - - [16/Oct/2014:09:30:31 -0500] "GET /isolucionsda/g/Bgr_Destacado3399CC.jpg HTTP/1.1" 404 5217
201.245.192.253 - - [16/Oct/2014:09:30:31 -0500] "GET /isolucionsda/TareasSFRedirect.asp HTTP/1.1" 302 195
172.22.2.1 - - [16/Oct/2014:09:30:32 -0500] "GET /autoliquidacion/index.php?dir=Solicitudes+relacionadas+con+calidad+del+aire+auditiva+y+visual%2FEvaluaci%F3n+certificado+de+Intensidad+Auditiva%2F HTTP/1.1" 200 3407
186.115.175.84 - - [16/Oct/2014:09:30:32 -0500] "POST /forms/lservlet;jsessionid=ac16012b30d52aae8b577b324cd090e9f861723dbccb.e3iSbxaKaheRe34Sa3yKbhiTahb0n6jAmljGr5XDqQLvpAe HTTP/1.1" 200 78
201.245.192.253 - - [16/Oct/2014:09:30:31 -0500] "GET /isolucionsda/Login.aspx?TARGET=SFContainerFiltrado.aspx&number=56655657665069564565 HTTP/1.1" 302 886
201.245.192.253 - - [16/Oct/2014:09:30:32 -0500] "GET /isolucionsda/SFContainerFiltrado.aspx?Number=56655657665069564565 HTTP/1.1" 200 14314
186.115.175.84 - - [16/Oct/2014:09:30:33 -0500] "POST /forms/lservlet;jsessionid=ac16012b30d52aae8b577b324cd090e9f861723dbccb.e3iSbxaKaheRe34Sa3yKbhiTahb0n6jAmljGr5XDqQLvpAe HTTP/1.1" 200 2
201.245.192.253 - - [16/Oct/2014:09:30:32 -0500] "GET /isolucionsda/DetalleTareas.aspx?Number=56655657665069564565 HTTP/1.1" 302 144
201.245.192.253 - - [16/Oct/2014:09:30:33 -0500] "GET /isolucionsda/DetalleTareas.aspx?Number=56655657665069564565 HTTP/1.1" 200 5355
186.115.175.84 - - [16/Oct/2014:09:30:33 -0500] "POST /forms/lservlet;jsessionid=ac16012b30d52aae8b577b324cd090e9f861723dbccb.e3iSbxaKaheRe34Sa3yKbhiTahb0n6jAmljGr5XDqQLvpAe HTTP/1.1" 200 2311
201.245.192.253 - - [16/Oct/2014:09:30:33 -0500] "GET /isolucionsda/infowndcore.js HTTP/1.1" 404 5195
201.245.192.253 - - [16/Oct/2014:09:30:33 -0500] "GET /isolucionsda/infowndpublic.js HTTP/1.1" 404 5199
201.245.192.253 - - [16/Oct/2014:09:30:33 -0500] "GET /isolucionsda/auxlib.js HTTP/1.1" 404 5185
201.245.192.253 - - [16/Oct/2014:09:30:33 -0500] "GET /isolucionsda/FrameSetGeneral.asp?Pagina=SucursalSeleccion.asp&CargaPagina=ModuloProcesos&IdModulo=3 HTTP/1.1" 200 6588
201.245.192.253 - - [16/Oct/2014:09:30:33 -0500] "GET /isolucionsda/Encabezado.asp?Pagina=SucursalSeleccion.asp&CargaPagina=ModuloProcesos&IdModulo=3 HTTP/1.1" 200 15235
201.245.192.253 - - [16/Oct/2014:09:30:33 -0500] "GET /isolucionsda/BarraTitulos.asp?Pagina=SucursalSeleccion.asp&CargaPagina=ModuloProcesos&IdModulo=3 HTTP/1.1" 200 6860
201.245.192.253 - - [16/Oct/2014:09:30:34 -0500] "GET /isolucionsda/BarraFavoritos.asp HTTP/1.1" 200 911
201.245.192.253 - - [16/Oct/2014:09:30:34 -0500] "GET /isolucionsda/SucursalSeleccion.asp?Pagina=SucursalSeleccion.asp&CargaPagina=ModuloProcesos&IdModulo=3 HTTP/1.1" 302 219
201.245.192.253 - - [16/Oct/2014:09:30:34 -0500] "GET /isolucionsda/SucursalSeleccion.asp?CodSucursal=1&URLRedirect=MagazinHome.asp&CargaPagina=ModuloProcesos HTTP/1.1" 302 221
186.115.175.84 - - [16/Oct/2014:09:30:34 -0500] "POST /forms/lservlet;jsessionid=ac16012b30d52aae8b577b324cd090e9f861723dbccb.e3iSbxaKaheRe34Sa3yKbhiTahb0n6jAmljGr5XDqQLvpAe HTTP/1.1" 200 10
201.245.192.253 - - [16/Oct/2014:09:30:34 -0500] "GET /isolucionsda/BancoConocimiento/M/MAPADEPROCESOSSDA_v3/MAPADEPROCESOSSDA_v3.asp HTTP/1.1" 302 159
201.245.192.253 - - [16/Oct/2014:09:30:34 -0500] "GET /isolucionsda/Session.asp?Continue=1 HTTP/1.1" 200 6196
201.245.192.253 - - [16/Oct/2014:09:30:34 -0500] "GET /isolucionsda/FramesetArticulo.asp?Pagina=bancoconocimiento%2FA%2FActadeReunionyRelaciondeAsistencia%5Fv7%2FActadeReunionyRelaciondeAsistencia%5Fv7%2Easp&IdArticulo=7882 HTTP/1.1" 200 7381
201.245.192.253 - - [16/Oct/2014:09:30:34 -0500] "GET /isolucionsda/Arriba.asp?Pagina=bancoconocimiento%2FA%2FActadeReunionyRelaciondeAsistencia%5Fv7%2FActadeReunionyRelaciondeAsistencia%5Fv7%2Easp&IdArticulo=7882 HTTP/1.1" 200 10602
201.245.192.253 - - [16/Oct/2014:09:30:34 -0500] "GET /isolucionsda/bancoconocimiento/A/ActadeReunionyRelaciondeAsistencia_v7/ActadeReunionyRelaciondeAsistencia_v7.asp?IdArticulo=7882 HTTP/1.1" 302 186
186.115.175.84 - - [16/Oct/2014:09:30:35 -0500] "POST /forms/lservlet;jsessionid=ac16012b30d52aae8b577b324cd090e9f861723dbccb.e3iSbxaKaheRe34Sa3yKbhiTahb0n6jAmljGr5XDqQLvpAe HTTP/1.1" 200 21
201.245.192.253 - - [16/Oct/2014:09:30:36 -0500] "OPTIONS /isolucionsda/bancoconocimiento/A/ActadeReunionyRelaciondeAsistencia_v7/ HTTP/1.1" 200 -
186.115.175.84 - - [16/Oct/2014:09:30:36 -0500] "POST /forms/lservlet;jsessionid=ac16012b30d52aae8b577b324cd090e9f861723dbccb.e3iSbxaKaheRe34Sa3yKbhiTahb0n6jAmljGr5XDqQLvpAe HTTP/1.1" 200 3259
186.115.175.84 - - [16/Oct/2014:09:30:36 -0500] "POST /forms/lservlet;jsessionid=ac16012b30d52aae8b577b324cd090e9f861723dbccb.e3iSbxaKaheRe34Sa3yKbhiTahb0n6jAmljGr5XDqQLvpAe HTTP/1.1" 200 2
201.245.192.253 - - [16/Oct/2014:09:30:38 -0500] "HEAD /isolucionsda/bancoconocimiento/A/ActadeReunionyRelaciondeAsistencia_v7/acta%20de%20reunion%20y%20relacion%20de%20asistencia%20v%2070.doc HTTP/1.1" 200 -
190.84.56.157 - - [16/Oct/2014:09:30:41 -0500] "POST /forms/lservlet;jsessionid=ac16012b30d5bf25f34e529648c6853187ddecc9a1af.e3iSbxaKaheRe34Sa3yKbhiTahb0n6jAmljGr5XDqQLvpAe HTTP/1.1" 200 168
190.84.56.157 - - [16/Oct/2014:09:30:41 -0500] "GET /imagenes/listval.gif HTTP/1.1" 200 905
190.84.56.157 - - [16/Oct/2014:09:30:41 -0500] "POST /forms/lservlet;jsessionid=ac16012b30d5bf25f34e529648c6853187ddecc9a1af.e3iSbxaKaheRe34Sa3yKbhiTahb0n6jAmljGr5XDqQLvpAe HTTP/1.1" 200 11
186.30.68.28 - - [16/Oct/2014:09:30:41 -0500] "POST /forms/lservlet;jsessionid=ac16012b30d5449f507cda6040768c458a5d3f2b5581.e3iSbxaKaheRe34Sa3yKbhiTahb0n6jAmljGr5XDqQLvpAe HTTP/1.1" 200 2
186.115.175.84 - - [16/Oct/2014:09:30:41 -0500] "POST /forms/lservlet;jsessionid=ac16012b30d52aae8b577b324cd090e9f861723dbccb.e3iSbxaKaheRe34Sa3yKbhiTahb0n6jAmljGr5XDqQLvpAe HTTP/1.1" 200 2
186.115.175.84 - - [16/Oct/2014:09:30:42 -0500] "POST /forms/lservlet;jsessionid=ac16012b30d52aae8b577b324cd090e9f861723dbccb.e3iSbxaKaheRe34Sa3yKbhiTahb0n6jAmljGr5XDqQLvpAe HTTP/1.1" 200 138
190.84.56.157 - - [16/Oct/2014:09:30:42 -0500] "POST /forms/lservlet;jsessionid=ac16012b30d5bf25f34e529648c6853187ddecc9a1af.e3iSbxaKaheRe34Sa3yKbhiTahb0n6jAmljGr5XDqQLvpAe HTTP/1.1" 200 589
190.84.56.157 - - [16/Oct/2014:09:30:43 -0500] "POST /forms/lservlet;jsessionid=ac16012b30d5bf25f34e529648c6853187ddecc9a1af.e3iSbxaKaheRe34Sa3yKbhiTahb0n6jAmljGr5XDqQLvpAe HTTP/1.1" 200 7
190.84.56.157 - - [16/Oct/2014:09:30:44 -0500] "POST /forms/lservlet;jsessionid=ac16012b30d5bf25f34e529648c6853187ddecc9a1af.e3iSbxaKaheRe34Sa3yKbhiTahb0n6jAmljGr5XDqQLvpAe HTTP/1.1" 200 177
190.84.56.157 - - [16/Oct/2014:09:30:44 -0500] "POST /forms/lservlet;jsessionid=ac16012b30d5bf25f34e529648c6853187ddecc9a1af.e3iSbxaKaheRe34Sa3yKbhiTahb0n6jAmljGr5XDqQLvpAe HTTP/1.1" 200 47
190.84.56.157 - - [16/Oct/2014:09:30:44 -0500] "POST /forms/lservlet;jsessionid=ac16012b30d5bf25f34e529648c6853187ddecc9a1af.e3iSbxaKaheRe34Sa3yKbhiTahb0n6jAmljGr5XDqQLvpAe HTTP/1.1" 200 18
186.115.175.84 - - [16/Oct/2014:09:30:44 -0500] "POST /forms/lservlet;jsessionid=ac16012b30d52aae8b577b324cd090e9f861723dbccb.e3iSbxaKaheRe34Sa3yKbhiTahb0n6jAmljGr5XDqQLvpAe HTTP/1.1" 200 2
181.136.83.103 - - [16/Oct/2014:09:30:44 -0500] "GET /BLA/resoluciones/AUTOS%202009/0768.pdf HTTP/1.1" 200 171467
181.136.83.103 - - [16/Oct/2014:09:30:44 -0500] "GET /BLA/resoluciones/AUTOS%202009/0768.pdf HTTP/1.1" 206 32768
181.136.83.103 - - [16/Oct/2014:09:30:45 -0500] "GET /BLA/resoluciones/AUTOS%202009/0768.pdf HTTP/1.1" 206 138699
190.84.56.157 - - [16/Oct/2014:09:30:45 -0500] "POST /forms/lservlet;jsessionid=ac16012b30d5bf25f34e529648c6853187ddecc9a1af.e3iSbxaKaheRe34Sa3yKbhiTahb0n6jAmljGr5XDqQLvpAe HTTP/1.1" 200 2
181.50.192.137 - - [16/Oct/2014:09:30:45 -0500] "POST /forms/lservlet;jsessionid=ac16012b30d57ad0266ae4ed4a559e8feeb5c982bade.e3iSbxaKaheRe34Sa3yKbhiTahb0n6jAmljGr5XDqQLvpAe HTTP/1.1" 200 2
161.18.87.193 - - [16/Oct/2014:09:30:46 -0500] "GET /BLA/boletinlegal/js/jquery.js HTTP/1.1" 200 57254
161.18.87.193 - - [16/Oct/2014:09:30:46 -0500] "GET /BLA/boletinlegal/js/jquery.scrollTo-min.js HTTP/1.1" 200 1150
161.18.87.193 - - [16/Oct/2014:09:30:46 -0500] "GET /BLA/boletinlegal/js/jquery.scrollShow.js HTTP/1.1" 200 4586
181.136.83.103 - - [16/Oct/2014:09:30:49 -0500] "GET /BLA/resoluciones/RESOLUCIONES%202009/0781.pdf HTTP/1.1" 200 370188
190.84.56.157 - - [16/Oct/2014:09:30:50 -0500] "POST /forms/lservlet;jsessionid=ac16012b30d5bf25f34e529648c6853187ddecc9a1af.e3iSbxaKaheRe34Sa3yKbhiTahb0n6jAmljGr5XDqQLvpAe HTTP/1.1" 200 69
190.84.56.157 - - [16/Oct/2014:09:30:51 -0500] "POST /forms/lservlet;jsessionid=ac16012b30d5bf25f34e529648c6853187ddecc9a1af.e3iSbxaKaheRe34Sa3yKbhiTahb0n6jAmljGr5XDqQLvpAe HTTP/1.1" 200 79
190.84.56.157 - - [16/Oct/2014:09:30:51 -0500] "POST /forms/lservlet;jsessionid=ac16012b30d5bf25f34e529648c6853187ddecc9a1af.e3iSbxaKaheRe34Sa3yKbhiTahb0n6jAmljGr5XDqQLvpAe HTTP/1.1" 200 68
190.84.56.157 - - [16/Oct/2014:09:30:52 -0500] "POST /forms/lservlet;jsessionid=ac16012b30d5bf25f34e529648c6853187ddecc9a1af.e3iSbxaKaheRe34Sa3yKbhiTahb0n6jAmljGr5XDqQLvpAe HTTP/1.1" 200 178
190.84.56.157 - - [16/Oct/2014:09:30:52 -0500] "POST /forms/lservlet;jsessionid=ac16012b30d5bf25f34e529648c6853187ddecc9a1af.e3iSbxaKaheRe34Sa3yKbhiTahb0n6jAmljGr5XDqQLvpAe HTTP/1.1" 200 11
190.84.56.157 - - [16/Oct/2014:09:30:53 -0500] "POST /forms/lservlet;jsessionid=ac16012b30d5bf25f34e529648c6853187ddecc9a1af.e3iSbxaKaheRe34Sa3yKbhiTahb0n6jAmljGr5XDqQLvpAe HTTP/1.1" 200 7
190.84.56.157 - - [16/Oct/2014:09:30:54 -0500] "POST /forms/lservlet;jsessionid=ac16012b30d5bf25f34e529648c6853187ddecc9a1af.e3iSbxaKaheRe34Sa3yKbhiTahb0n6jAmljGr5XDqQLvpAe HTTP/1.1" 200 136
190.84.56.157 - - [16/Oct/2014:09:30:55 -0500] "POST /forms/lservlet;jsessionid=ac16012b30d5bf25f34e529648c6853187ddecc9a1af.e3iSbxaKaheRe34Sa3yKbhiTahb0n6jAmljGr5XDqQLvpAe HTTP/1.1" 200 7
190.84.56.157 - - [16/Oct/2014:09:30:55 -0500] "POST /forms/lservlet;jsessionid=ac16012b30d5bf25f34e529648c6853187ddecc9a1af.e3iSbxaKaheRe34Sa3yKbhiTahb0n6jAmljGr5XDqQLvpAe HTTP/1.1" 200 130
190.84.56.157 - - [16/Oct/2014:09:30:57 -0500] "POST /forms/lservlet;jsessionid=ac16012b30d5bf25f34e529648c6853187ddecc9a1af.e3iSbxaKaheRe34Sa3yKbhiTahb0n6jAmljGr5XDqQLvpAe HTTP/1.1" 200 2
172.22.2.1 - - [16/Oct/2014:09:30:57 -0500] "GET /autoliquidacion/index.php?dir=Solicitudes+relacionadas+con+calidad+del+aire+auditiva+y+visual%2F HTTP/1.1" 200 5748
190.84.56.157 - - [16/Oct/2014:09:30:57 -0500] "POST /forms/lservlet;jsessionid=ac16012b30d5bf25f34e529648c6853187ddecc9a1af.e3iSbxaKaheRe34Sa3yKbhiTahb0n6jAmljGr5XDqQLvpAe HTTP/1.1" 200 120
190.84.56.157 - - [16/Oct/2014:09:30:57 -0500] "POST /forms/lservlet;jsessionid=ac16012b30d5bf25f34e529648c6853187ddecc9a1af.e3iSbxaKaheRe34Sa3yKbhiTahb0n6jAmljGr5XDqQLvpAe HTTP/1.1" 200 2
190.84.56.157 - - [16/Oct/2014:09:30:58 -0500] "POST /forms/lservlet;jsessionid=ac16012b30d5bf25f34e529648c6853187ddecc9a1af.e3iSbxaKaheRe34Sa3yKbhiTahb0n6jAmljGr5XDqQLvpAe HTTP/1.1" 200 2
190.84.56.157 - - [16/Oct/2014:09:30:58 -0500] "POST /forms/lservlet;jsessionid=ac16012b30d5bf25f34e529648c6853187ddecc9a1af.e3iSbxaKaheRe34Sa3yKbhiTahb0n6jAmljGr5XDqQLvpAe HTTP/1.1" 200 340
181.136.83.103 - - [16/Oct/2014:09:30:59 -0500] "GET /BLA/resoluciones/RESOLUCIONES%202009/0781.pdf HTTP/1.1" 206 32768
181.136.83.103 - - [16/Oct/2014:09:30:59 -0500] "GET /BLA/resoluciones/RESOLUCIONES%202009/0781.pdf HTTP/1.1" 206 337420
190.84.56.157 - - [16/Oct/2014:09:31:01 -0500] "POST /forms/lservlet;jsessionid=ac16012b30d5bf25f34e529648c6853187ddecc9a1af.e3iSbxaKaheRe34Sa3yKbhiTahb0n6jAmljGr5XDqQLvpAe HTTP/1.1" 200 2
190.84.56.157 - - [16/Oct/2014:09:31:01 -0500] "POST /forms/lservlet;jsessionid=ac16012b30d5bf25f34e529648c6853187ddecc9a1af.e3iSbxaKaheRe34Sa3yKbhiTahb0n6jAmljGr5XDqQLvpAe HTTP/1.1" 200 103
190.84.56.157 - - [16/Oct/2014:09:31:02 -0500] "POST /forms/lservlet;jsessionid=ac16012b30d5bf25f34e529648c6853187ddecc9a1af.e3iSbxaKaheRe34Sa3yKbhiTahb0n6jAmljGr5XDqQLvpAe HTTP/1.1" 200 2
190.84.56.157 - - [16/Oct/2014:09:31:02 -0500] "GET /reports/rwservlet/getjobid330224?server=rep_srvapsda HTTP/1.1" 200 47748
181.60.218.64 - - [16/Oct/2014:09:31:04 -0500] "GET /galeria/carrusel/Carrusel/jquery.thumbnailScroller.js HTTP/1.1" 200 8157
181.60.218.64 - - [16/Oct/2014:09:31:04 -0500] "GET /galeria/carrusel/Carrusel/jquery.thumbnailScroller.css HTTP/1.1" 200 2066
181.60.218.64 - - [16/Oct/2014:09:31:04 -0500] "GET /galeria/carrusel/Carrusel/jquery-ui-1.8.13.custom.min.js HTTP/1.1" 200 10800
200.93.135.154 - - [16/Oct/2014:09:31:04 -0500] "GET /BLA/boletinlegal/js/jquery.js HTTP/1.1" 200 57254
200.93.135.154 - - [16/Oct/2014:09:31:04 -0500] "GET /BLA/boletinlegal/js/jquery.scrollTo-min.js HTTP/1.1" 200 1150
200.93.135.154 - - [16/Oct/2014:09:31:04 -0500] "GET /BLA/boletinlegal/js/jquery.scrollShow.js HTTP/1.1" 200 4586
181.60.218.64 - - [16/Oct/2014:09:31:05 -0500] "GET /galeria/nivo-slider/demo/demo.html HTTP/1.1" 200 3169
181.60.218.64 - - [16/Oct/2014:09:31:05 -0500] "GET /galeria/nivo-slider/themes/default/default.css HTTP/1.1" 200 1569
181.60.218.64 - - [16/Oct/2014:09:31:05 -0500] "GET /galeria/nivo-slider/themes/orman/orman.css HTTP/1.1" 200 2152
181.60.218.64 - - [16/Oct/2014:09:31:05 -0500] "GET /galeria/nivo-slider/themes/pascal/pascal.css HTTP/1.1" 200 2258
181.60.218.64 - - [16/Oct/2014:09:31:06 -0500] "GET /galeria/nivo-slider/nivo-slider.css HTTP/1.1" 200 1507
181.60.218.64 - - [16/Oct/2014:09:31:06 -0500] "GET /galeria/nivo-slider/demo/style.css HTTP/1.1" 200 2222
181.60.218.64 - - [16/Oct/2014:09:31:06 -0500] "GET /galeria/nivo-slider/demo/scripts/jquery-1.7.1.min.js HTTP/1.1" 200 93868
181.60.218.64 - - [16/Oct/2014:09:31:06 -0500] "GET /galeria/nivo-slider/jquery.nivo.slider.pack.js HTTP/1.1" 200 11561
181.60.218.64 - - [16/Oct/2014:09:31:06 -0500] "GET /galeria/nivo-slider/demo/images/EncuentroAgua1.jpg HTTP/1.1" 200 274179
181.60.218.64 - - [16/Oct/2014:09:31:06 -0500] "GET /galeria/nivo-slider/demo/images/Tingua-azul.jpg HTTP/1.1" 200 307638
181.60.218.64 - - [16/Oct/2014:09:31:06 -0500] "GET /galeria/nivo-slider/demo/images/Banner-Caracol-Africano.jpg HTTP/1.1" 200 331986
181.60.218.64 - - [16/Oct/2014:09:31:06 -0500] "GET /galeria/nivo-slider/demo/images/9Signos.jpg HTTP/1.1" 200 93040
181.60.218.64 - - [16/Oct/2014:09:31:09 -0500] "GET /galeria/nivo-slider/demo/images/banner-encuesta.jpg HTTP/1.1" 200 42764
181.60.218.64 - - [16/Oct/2014:09:31:11 -0500] "GET /galeria/nivo-slider/demo/images/4Simple_Slider.png HTTP/1.1" 200 11722
181.60.218.64 - - [16/Oct/2014:09:31:12 -0500] "GET /galeria/nivo-slider/themes/default/loading.gif HTTP/1.1" 200 1737
181.60.218.64 - - [16/Oct/2014:09:31:13 -0500] "GET /galeria/nivo-slider/demo/images/banner-llantas2.jpg HTTP/1.1" 200 73153
181.60.218.64 - - [16/Oct/2014:09:31:13 -0500] "GET /galeria/nivo-slider/demo/images/banner-caballos.png HTTP/1.1" 200 389106
66.249.65.123 - - [16/Oct/2014:09:31:14 -0500] "GET /BLA/resoluciones/RESOLUCIONES%202002/RES%202002%201451-1500/20021488.tif HTTP/1.1" 200 40504
181.60.218.64 - - [16/Oct/2014:09:31:18 -0500] "GET /galeria/nivo-slider/demo/images/ConstructorasFNL.jpg HTTP/1.1" 200 216551
181.60.218.64 - - [16/Oct/2014:09:31:18 -0500] "GET /galeria/nivo-slider/demo/images/Hacienda_Molinos.jpg HTTP/1.1" 200 319171
181.60.218.64 - - [16/Oct/2014:09:31:21 -0500] "GET /galeria/nivo-slider/demo/images/bannerEcolecta3.jpg HTTP/1.1" 200 280034
66.249.65.115 - - [16/Oct/2014:09:31:23 -0500] "GET /BLA/resoluciones/RESOLUCIONES%202004/RES%202004%201151-1200/00001161.tif HTTP/1.1" 200 201984
190.84.56.157 - - [16/Oct/2014:09:31:25 -0500] "POST /forms/lservlet;jsessionid=ac16012b30d5bf25f34e529648c6853187ddecc9a1af.e3iSbxaKaheRe34Sa3yKbhiTahb0n6jAmljGr5XDqQLvpAe HTTP/1.1" 200 2
181.60.218.64 - - [16/Oct/2014:09:31:28 -0500] "GET /videos/Spot_Tinguas.flv HTTP/1.1" 200 2087054
201.245.192.253 - - [16/Oct/2014:09:28:27 -0500] "GET /ForestMSG_SDA/channelAsync/template_word_16659890?X-Atmosphere-tracking-id=4ec0b223-69d6-b569-9c85-079eb51e768e&X-Atmosphere-Framework=1.0.5&X-Atmosphere-Transport=long-polling&tabid=0.47894574021778324&X-Cache-Date=0&Content-Type=application/xml&_=1413469816627 HTTP/1.1" 200 8193
190.23.105.238 - - [16/Oct/2014:09:31:32 -0500] "GET /BLA/boletinlegal/js/jquery.js HTTP/1.1" 200 57254
190.23.105.238 - - [16/Oct/2014:09:31:32 -0500] "GET /BLA/boletinlegal/js/jquery.scrollTo-min.js HTTP/1.1" 200 1150
190.23.105.238 - - [16/Oct/2014:09:31:32 -0500] "GET /BLA/boletinlegal/js/jquery.scrollShow.js HTTP/1.1" 200 4586
201.245.192.253 - - [16/Oct/2014:09:31:32 -0500] "GET /forest/skins/gdocs-jar/popup/popup.jsp?width=1100&height=500&title=Buscar%20procesos&uri=/forest/buscar.do%3Ftype%3Dprocesos&name=undefined&_a=0.4215219743909742&a=0.12780379396851776 HTTP/1.1" 200 1175
201.245.192.253 - - [16/Oct/2014:09:31:32 -0500] "GET /forest/buscar.do?type=procesos HTTP/1.1" 200 96531
181.60.218.64 - - [16/Oct/2014:09:31:36 -0500] "GET /galeria/nivo-slider/themes/default/bullets.png HTTP/1.1" 200 1281
181.60.218.64 - - [16/Oct/2014:09:31:36 -0500] "GET /galeria/nivo-slider/themes/default/arrows.png HTTP/1.1" 200 824
190.144.251.100 - - [16/Oct/2014:09:31:38 -0500] "GET /BLA/boletinlegal/js/jquery.js HTTP/1.0" 200 57254
190.144.251.100 - - [16/Oct/2014:09:31:38 -0500] "GET /BLA/boletinlegal/js/jquery.scrollTo-min.js HTTP/1.0" 200 1150
190.144.251.100 - - [16/Oct/2014:09:31:38 -0500] "GET /BLA/boletinlegal/js/jquery.scrollShow.js HTTP/1.0" 200 4586
186.113.93.101 - - [16/Oct/2014:09:31:43 -0500] "GET /galeria/nivo-slider/demo/demo.html HTTP/1.1" 200 3169
186.113.93.101 - - [16/Oct/2014:09:31:44 -0500] "GET /galeria/nivo-slider/demo/images/EncuentroAgua1.jpg HTTP/1.1" 304 -
186.113.93.101 - - [16/Oct/2014:09:31:44 -0500] "GET /galeria/nivo-slider/demo/images/Tingua-azul.jpg HTTP/1.1" 304 -
186.113.93.101 - - [16/Oct/2014:09:31:44 -0500] "GET /galeria/nivo-slider/demo/images/Banner-Caracol-Africano.jpg HTTP/1.1" 304 -
186.113.93.101 - - [16/Oct/2014:09:31:44 -0500] "GET /galeria/nivo-slider/demo/images/bannerEcolecta3.jpg HTTP/1.1" 304 -
201.245.192.253 - - [16/Oct/2014:09:31:44 -0500] "POST /forest/buscar.do? HTTP/1.1" 200 5344
66.249.65.51 - - [16/Oct/2014:09:31:45 -0500] "GET /POT-2013/Cartografia/32_Altura%20para%20c%C3%A1lculo%20de%20edificabilidad%20predominante%20y%20aisl.pdf HTTP/1.1" 304 -
186.113.93.101 - - [16/Oct/2014:09:31:49 -0500] "GET /videos/Spot_Tinguas.flv HTTP/1.1" 200 2087054
181.60.243.185 - - [16/Oct/2014:09:32:09 -0500] "GET /BLA/boletinlegal/js/jquery.scrollTo-min.js HTTP/1.1" 200 1150
181.60.243.185 - - [16/Oct/2014:09:32:09 -0500] "GET /BLA/boletinlegal/js/jquery.scrollShow.js HTTP/1.1" 200 4586
181.60.243.185 - - [16/Oct/2014:09:32:09 -0500] "GET /BLA/boletinlegal/js/jquery.js HTTP/1.1" 200 57254
201.245.192.253 - - [16/Oct/2014:09:32:15 -0500] "GET /galeria/carrusel/Carrusel/jquery-ui-%20%201.8.13.custom.min.js HTTP/1.1" 404 1018
201.245.192.253 - - [16/Oct/2014:09:32:17 -0500] "GET /isolucionsda/framesetgeneral.asp?pagina=bancoconocimiento/E/EVALUACION_CONTROLYSEGUIMIENTO_v5/EVALUACION_CONTROLYSEGUIMIENTO_v5.asp?IdArticulo=2754 HTTP/1.1" 200 205
201.245.192.253 - - [16/Oct/2014:09:32:19 -0500] "GET /isolucionsda/ControlDeInicio.asp HTTP/1.1" 200 739
181.55.253.108 - - [16/Oct/2014:09:32:24 -0500] "GET /BLA/boletinlegal/js/jquery.js HTTP/1.1" 200 57254
181.55.253.108 - - [16/Oct/2014:09:32:24 -0500] "GET /BLA/boletinlegal/js/jquery.scrollTo-min.js HTTP/1.1" 200 1150
181.55.253.108 - - [16/Oct/2014:09:32:24 -0500] "GET /BLA/boletinlegal/js/jquery.scrollShow.js HTTP/1.1" 200 4586
181.55.253.108 - - [16/Oct/2014:09:32:25 -0500] "GET /galeria/carrusel/Carrusel/jquery.thumbnailScroller.css HTTP/1.1" 200 2066
181.55.253.108 - - [16/Oct/2014:09:32:25 -0500] "GET /galeria/carrusel/Carrusel/jquery-ui-1.8.13.custom.min.js HTTP/1.1" 200 10800
181.55.253.108 - - [16/Oct/2014:09:32:25 -0500] "GET /galeria/carrusel/Carrusel/jquery.thumbnailScroller.js HTTP/1.1" 200 8157
190.25.157.14 - - [16/Oct/2014:09:32:31 -0500] "POST /forms/lservlet;jsessionid=ac16012b30d5fea6bdbdba1f4734a4e0c7dede692347.e3iSbxaKaheRe34Sa3yKbhiTahb0n6jAmljGr5XDqQLvpAe HTTP/1.1" 200 2
190.254.14.101 - - [16/Oct/2014:09:32:31 -0500] "GET /BLA/boletinlegal/js/jquery.scrollShow.js HTTP/1.1" 200 4586
190.254.14.101 - - [16/Oct/2014:09:32:31 -0500] "GET /BLA/boletinlegal/js/jquery.scrollTo-min.js HTTP/1.1" 200 1150
190.254.14.101 - - [16/Oct/2014:09:32:31 -0500] "GET /BLA/boletinlegal/js/jquery.js HTTP/1.1" 200 57254
201.245.192.253 - - [16/Oct/2014:09:32:37 -0500] "GET /isolucionsda/FrameSetGeneral.asp?Pagina=Menu.asp&IdModulo=4 HTTP/1.1" 200 6455
201.245.192.253 - - [16/Oct/2014:09:32:37 -0500] "GET /isolucionsda/Encabezado.asp?Pagina=Menu.asp&IdModulo=4 HTTP/1.1" 200 15250
201.245.192.253 - - [16/Oct/2014:09:32:37 -0500] "GET /isolucionsda/BarraTitulos.asp?Pagina=Menu.asp&IdModulo=4 HTTP/1.1" 200 6857
201.245.192.253 - - [16/Oct/2014:09:32:37 -0500] "GET /isolucionsda/Menu.asp?Pagina=Menu.asp&IdModulo=4 HTTP/1.1" 200 14516
201.245.192.253 - - [16/Oct/2014:09:32:37 -0500] "GET /isolucionsda/BarraFavoritos.asp HTTP/1.1" 200 911
201.245.192.253 - - [16/Oct/2014:09:32:38 -0500] "GET /isolucionsda/Session.asp?Continue=1 HTTP/1.1" 200 6196
181.55.253.108 - - [16/Oct/2014:09:32:38 -0500] "GET /galeria/nivo-slider/demo/demo.html HTTP/1.1" 200 3169
181.55.253.108 - - [16/Oct/2014:09:32:38 -0500] "GET /galeria/nivo-slider/themes/default/default.css HTTP/1.1" 200 1569
181.55.253.108 - - [16/Oct/2014:09:32:38 -0500] "GET /galeria/nivo-slider/themes/pascal/pascal.css HTTP/1.1" 200 2258
181.55.253.108 - - [16/Oct/2014:09:32:38 -0500] "GET /galeria/nivo-slider/nivo-slider.css HTTP/1.1" 200 1507
181.55.253.108 - - [16/Oct/2014:09:32:38 -0500] "GET /galeria/nivo-slider/themes/orman/orman.css HTTP/1.1" 200 2152
181.55.253.108 - - [16/Oct/2014:09:32:38 -0500] "GET /galeria/nivo-slider/demo/style.css HTTP/1.1" 200 2222
181.55.253.108 - - [16/Oct/2014:09:32:38 -0500] "GET /galeria/nivo-slider/demo/images/EncuentroAgua1.jpg HTTP/1.1" 200 274179
181.55.253.108 - - [16/Oct/2014:09:32:39 -0500] "GET /galeria/nivo-slider/demo/scripts/jquery-1.7.1.min.js HTTP/1.1" 200 93868
181.55.253.108 - - [16/Oct/2014:09:32:39 -0500] "GET /galeria/nivo-slider/jquery.nivo.slider.pack.js HTTP/1.1" 200 11561
181.55.253.108 - - [16/Oct/2014:09:32:39 -0500] "GET /galeria/nivo-slider/demo/images/Tingua-azul.jpg HTTP/1.1" 200 307638
181.55.253.108 - - [16/Oct/2014:09:32:39 -0500] "GET /galeria/nivo-slider/demo/images/Banner-Caracol-Africano.jpg HTTP/1.1" 200 331986
181.55.253.108 - - [16/Oct/2014:09:32:40 -0500] "GET /galeria/nivo-slider/demo/images/4Simple_Slider.png HTTP/1.1" 200 11722
181.55.253.108 - - [16/Oct/2014:09:32:40 -0500] "GET /galeria/nivo-slider/themes/default/loading.gif HTTP/1.1" 200 1737
181.55.253.108 - - [16/Oct/2014:09:32:41 -0500] "GET /galeria/nivo-slider/demo/images/9Signos.jpg HTTP/1.1" 200 93040
181.55.253.108 - - [16/Oct/2014:09:32:41 -0500] "GET /galeria/nivo-slider/demo/images/banner-encuesta.jpg HTTP/1.1" 200 42764
186.30.68.28 - - [16/Oct/2014:09:32:41 -0500] "POST /forms/lservlet;jsessionid=ac16012b30d5449f507cda6040768c458a5d3f2b5581.e3iSbxaKaheRe34Sa3yKbhiTahb0n6jAmljGr5XDqQLvpAe HTTP/1.1" 200 2
186.115.175.84 - - [16/Oct/2014:09:32:41 -0500] "POST /forms/lservlet;jsessionid=ac16012b30d52aae8b577b324cd090e9f861723dbccb.e3iSbxaKaheRe34Sa3yKbhiTahb0n6jAmljGr5XDqQLvpAe HTTP/1.1" 200 2
181.55.253.108 - - [16/Oct/2014:09:32:41 -0500] "GET /galeria/nivo-slider/demo/images/banner-llantas2.jpg HTTP/1.1" 200 73153
181.55.253.108 - - [16/Oct/2014:09:32:42 -0500] "GET /galeria/nivo-slider/demo/images/ConstructorasFNL.jpg HTTP/1.1" 200 216551
181.55.253.108 - - [16/Oct/2014:09:32:42 -0500] "GET /galeria/nivo-slider/demo/images/Hacienda_Molinos.jpg HTTP/1.1" 200 319171
181.55.253.108 - - [16/Oct/2014:09:32:43 -0500] "GET /galeria/nivo-slider/demo/images/bannerEcolecta3.jpg HTTP/1.1" 200 280034
181.55.253.108 - - [16/Oct/2014:09:32:44 -0500] "GET /galeria/nivo-slider/demo/images/banner-caballos.png HTTP/1.1" 200 389106
181.50.192.137 - - [16/Oct/2014:09:32:45 -0500] "POST /forms/lservlet;jsessionid=ac16012b30d57ad0266ae4ed4a559e8feeb5c982bade.e3iSbxaKaheRe34Sa3yKbhiTahb0n6jAmljGr5XDqQLvpAe HTTP/1.1" 200 2
181.55.253.108 - - [16/Oct/2014:09:32:48 -0500] "GET /galeria/nivo-slider/themes/default/arrows.png HTTP/1.1" 200 824
181.55.253.108 - - [16/Oct/2014:09:32:49 -0500] "GET /galeria/nivo-slider/themes/default/bullets.png HTTP/1.1" 200 1281
181.55.253.108 - - [16/Oct/2014:09:32:51 -0500] "GET /videos/Spot_Tinguas.flv HTTP/1.1" 200 2087054
66.249.65.115 - - [16/Oct/2014:09:32:56 -0500] "GET /BLA/resoluciones/RESOLUCIONES%202002/RES%202002%201751-1800/20021769.tif HTTP/1.1" 200 89448
190.240.39.137 - - [16/Oct/2014:09:32:58 -0500] "GET /BLA/boletinlegal/js/jquery.js HTTP/1.1" 200 57254
190.240.39.137 - - [16/Oct/2014:09:32:58 -0500] "GET /BLA/boletinlegal/js/jquery.scrollTo-min.js HTTP/1.1" 200 1150
190.240.39.137 - - [16/Oct/2014:09:32:58 -0500] "GET /BLA/boletinlegal/js/jquery.scrollShow.js HTTP/1.1" 200 4586
191.108.73.242 - - [16/Oct/2014:09:32:58 -0500] "GET /BLA/resoluciones/RESOLUCIONES%202010/5681.pdf HTTP/1.1" 200 66569
191.108.73.242 - - [16/Oct/2014:09:32:58 -0500] "GET /BLA/resoluciones/RESOLUCIONES%202010/5681.pdf HTTP/1.1" 206 32768
191.108.73.242 - - [16/Oct/2014:09:32:58 -0500] "GET /BLA/resoluciones/RESOLUCIONES%202010/5681.pdf HTTP/1.1" 206 33801
191.108.73.242 - - [16/Oct/2014:09:32:59 -0500] "GET /favicon.ico HTTP/1.1" 200 7782
190.184.158.24 - - [16/Oct/2014:09:33:00 -0500] "GET /BLA/boletinlegal/js/jquery.js HTTP/1.1" 200 57254
190.184.158.24 - - [16/Oct/2014:09:33:00 -0500] "GET /BLA/boletinlegal/js/jquery.scrollTo-min.js HTTP/1.1" 200 1150
190.184.158.24 - - [16/Oct/2014:09:33:00 -0500] "GET /BLA/boletinlegal/js/jquery.scrollShow.js HTTP/1.1" 200 4586
190.184.158.24 - - [16/Oct/2014:09:33:01 -0500] "GET /hidrico/aguas%20subterraneas/ HTTP/1.1" 404 1296
201.245.179.194 - - [16/Oct/2014:09:33:06 -0500] "GET /galeria/nivo-slider/demo/demo.html HTTP/1.1" 200 3169
201.245.179.194 - - [16/Oct/2014:09:33:06 -0500] "GET /galeria/nivo-slider/themes/default/default.css HTTP/1.1" 200 1569
201.245.179.194 - - [16/Oct/2014:09:33:06 -0500] "GET /galeria/nivo-slider/demo/images/EncuentroAgua1.jpg HTTP/1.1" 200 274179
201.245.179.194 - - [16/Oct/2014:09:33:06 -0500] "GET /galeria/nivo-slider/demo/images/banner-encuesta.jpg HTTP/1.1" 200 42764
201.245.179.194 - - [16/Oct/2014:09:33:06 -0500] "GET /galeria/nivo-slider/demo/images/Banner-Caracol-Africano.jpg HTTP/1.1" 200 331986
201.245.179.194 - - [16/Oct/2014:09:33:06 -0500] "GET /galeria/nivo-slider/demo/images/Tingua-azul.jpg HTTP/1.1" 200 307638
201.245.179.194 - - [16/Oct/2014:09:33:06 -0500] "GET /galeria/nivo-slider/demo/images/banner-llantas2.jpg HTTP/1.1" 200 73153
201.245.179.194 - - [16/Oct/2014:09:33:06 -0500] "GET /galeria/nivo-slider/demo/images/ConstructorasFNL.jpg HTTP/1.1" 200 216551
201.245.179.194 - - [16/Oct/2014:09:33:06 -0500] "GET /galeria/nivo-slider/demo/images/banner-caballos.png HTTP/1.1" 200 389106
201.245.179.194 - - [16/Oct/2014:09:33:06 -0500] "GET /galeria/nivo-slider/demo/images/Hacienda_Molinos.jpg HTTP/1.1" 200 319171
201.245.179.194 - - [16/Oct/2014:09:33:06 -0500] "GET /galeria/nivo-slider/demo/images/9Signos.jpg HTTP/1.1" 200 93040
201.245.179.194 - - [16/Oct/2014:09:33:06 -0500] "GET /galeria/nivo-slider/demo/images/bannerEcolecta3.jpg HTTP/1.1" 200 280034
190.159.59.172 - - [16/Oct/2014:09:33:08 -0500] "GET /BLA/boletinlegal/js/jquery.scrollShow.js HTTP/1.1" 200 4586
190.159.59.172 - - [16/Oct/2014:09:33:08 -0500] "GET /galeria/carrusel/Carrusel/jquery.thumbnailScroller.css HTTP/1.1" 200 2066
190.159.59.172 - - [16/Oct/2014:09:33:08 -0500] "GET /BLA/boletinlegal/js/jquery.scrollTo-min.js HTTP/1.1" 200 1150
190.159.59.172 - - [16/Oct/2014:09:33:08 -0500] "GET /BLA/boletinlegal/js/jquery.js HTTP/1.1" 200 57254
190.159.59.172 - - [16/Oct/2014:09:33:08 -0500] "GET /galeria/carrusel/Carrusel/jquery-ui-1.8.13.custom.min.js HTTP/1.1" 200 10800
190.159.59.172 - - [16/Oct/2014:09:33:08 -0500] "GET /galeria/carrusel/Carrusel/jquery.thumbnailScroller.js HTTP/1.1" 200 8157
190.159.59.172 - - [16/Oct/2014:09:33:08 -0500] "GET /galeria/nivo-slider/demo/demo.html HTTP/1.1" 200 3169
190.159.59.172 - - [16/Oct/2014:09:33:08 -0500] "GET /galeria/nivo-slider/themes/default/default.css HTTP/1.1" 200 1569
190.159.59.172 - - [16/Oct/2014:09:33:08 -0500] "GET /galeria/nivo-slider/themes/pascal/pascal.css HTTP/1.1" 200 2258
190.159.59.172 - - [16/Oct/2014:09:33:08 -0500] "GET /galeria/nivo-slider/themes/orman/orman.css HTTP/1.1" 200 2152
190.159.59.172 - - [16/Oct/2014:09:33:08 -0500] "GET /galeria/nivo-slider/nivo-slider.css HTTP/1.1" 200 1507
190.159.59.172 - - [16/Oct/2014:09:33:08 -0500] "GET /galeria/nivo-slider/demo/style.css HTTP/1.1" 200 2222
190.159.59.172 - - [16/Oct/2014:09:33:08 -0500] "GET /galeria/nivo-slider/demo/scripts/jquery-1.7.1.min.js HTTP/1.1" 200 93868
190.159.59.172 - - [16/Oct/2014:09:33:08 -0500] "GET /galeria/nivo-slider/jquery.nivo.slider.pack.js HTTP/1.1" 200 11561
190.159.59.172 - - [16/Oct/2014:09:33:08 -0500] "GET /galeria/nivo-slider/demo/images/Banner-Caracol-Africano.jpg HTTP/1.1" 200 331986
190.159.59.172 - - [16/Oct/2014:09:33:08 -0500] "GET /galeria/nivo-slider/demo/images/Tingua-azul.jpg HTTP/1.1" 200 307638
190.159.59.172 - - [16/Oct/2014:09:33:08 -0500] "GET /galeria/nivo-slider/demo/images/EncuentroAgua1.jpg HTTP/1.1" 200 274179
190.159.59.172 - - [16/Oct/2014:09:33:08 -0500] "GET /galeria/nivo-slider/demo/images/9Signos.jpg HTTP/1.1" 200 93040
190.159.59.172 - - [16/Oct/2014:09:33:09 -0500] "GET /galeria/nivo-slider/demo/images/banner-encuesta.jpg HTTP/1.1" 200 42764
190.159.59.172 - - [16/Oct/2014:09:33:09 -0500] "GET /galeria/nivo-slider/demo/images/banner-llantas2.jpg HTTP/1.1" 200 73153
190.159.59.172 - - [16/Oct/2014:09:33:09 -0500] "GET /galeria/nivo-slider/demo/images/banner-caballos.png HTTP/1.1" 200 389106
190.159.59.172 - - [16/Oct/2014:09:33:10 -0500] "GET /galeria/nivo-slider/demo/images/ConstructorasFNL.jpg HTTP/1.1" 200 216551
190.159.59.172 - - [16/Oct/2014:09:33:10 -0500] "GET /galeria/nivo-slider/demo/images/Hacienda_Molinos.jpg HTTP/1.1" 200 319171
190.159.59.172 - - [16/Oct/2014:09:33:13 -0500] "GET /galeria/nivo-slider/demo/images/bannerEcolecta3.jpg HTTP/1.1" 200 280034
190.159.59.172 - - [16/Oct/2014:09:33:13 -0500] "GET /galeria/nivo-slider/demo/images/4Simple_Slider.png HTTP/1.1" 200 11722
190.159.59.172 - - [16/Oct/2014:09:33:14 -0500] "GET /galeria/nivo-slider/themes/default/loading.gif HTTP/1.1" 200 1737
190.159.59.172 - - [16/Oct/2014:09:33:16 -0500] "GET /galeria/nivo-slider/themes/default/arrows.png HTTP/1.1" 200 824
190.159.59.172 - - [16/Oct/2014:09:33:16 -0500] "GET /galeria/nivo-slider/themes/default/bullets.png HTTP/1.1" 200 1281
190.159.59.172 - - [16/Oct/2014:09:33:16 -0500] "GET /videos/Spot_Tinguas.flv HTTP/1.1" 200 2087054
201.245.192.253 - - [16/Oct/2014:09:32:45 -0500] "GET /forest/session.jsp?a=0.6661684068642288 HTTP/1.1" 200 4
201.245.192.253 - - [16/Oct/2014:09:32:58 -0500] "GET /forest/logout-redirect.jsp HTTP/1.1" 302 -
201.245.192.253 - - [16/Oct/2014:09:33:20 -0500] "GET /forest/logout-redirect.jsp HTTP/1.1" 302 -
201.245.192.253 - - [16/Oct/2014:09:33:07 -0500] "GET /forest/index2.jsp?_a=0.08727953171378089 HTTP/1.1" 200 12365
201.245.192.253 - - [16/Oct/2014:09:33:20 -0500] "GET /forest/logout-redirect.jsp HTTP/1.1" 302 -
201.245.192.253 - - [16/Oct/2014:09:32:23 -0500] "GET /forest/session.jsp?a=0.03603983158245683 HTTP/1.1" 200 4
201.245.192.253 - - [16/Oct/2014:09:32:12 -0500] "GET /forest/skins/gdocs-jar/popup/showformtocrud.jsp?codForm=solicitar_correccion&iih=xx&iid=yy&width=580&height=320&numPro=2929825&codInst=2962260&codTraEsc=16659890&title=Solicitar%20Correcci%F3n&a=0.8738749114278602 HTTP/1.1" 200 3996
201.245.192.253 - - [16/Oct/2014:09:32:08 -0500] "GET /forest/session.jsp?a=0.35617523454129696 HTTP/1.1" 200 4
201.245.192.253 - - [16/Oct/2014:09:33:20 -0500] "GET /forest/login.do HTTP/1.1" 200 12365
181.136.83.103 - - [16/Oct/2014:09:33:22 -0500] "GET /BLA/resoluciones/RESOLUCIONES%202010/2860.pdf HTTP/1.1" 200 589871
181.136.83.103 - - [16/Oct/2014:09:33:23 -0500] "GET /BLA/resoluciones/RESOLUCIONES%202010/2860.pdf HTTP/1.1" 206 32768
181.136.83.103 - - [16/Oct/2014:09:33:23 -0500] "GET /BLA/resoluciones/RESOLUCIONES%202010/2860.pdf HTTP/1.1" 206 557103
201.245.192.253 - - [16/Oct/2014:09:33:24 -0500] "GET /isolucionsda/FrameSetGeneral.asp?Pagina=ListadoMaestroDocumentosExternos3.asp HTTP/1.1" 200 6538
201.245.192.253 - - [16/Oct/2014:09:33:24 -0500] "GET /isolucionsda/Encabezado.asp?Pagina=ListadoMaestroDocumentosExternos3.asp HTTP/1.1" 200 15210
201.245.192.253 - - [16/Oct/2014:09:33:24 -0500] "GET /isolucionsda/BarraTitulos.asp?Pagina=ListadoMaestroDocumentosExternos3.asp HTTP/1.1" 200 6857
201.245.192.253 - - [16/Oct/2014:09:33:24 -0500] "GET /isolucionsda/BarraFavoritos.asp HTTP/1.1" 200 911
201.245.192.253 - - [16/Oct/2014:09:33:24 -0500] "GET /isolucionsda/Session.asp?Continue=1 HTTP/1.1" 200 6196
201.245.192.253 - - [16/Oct/2014:09:33:24 -0500] "GET /isolucionsda/ListadoMaestroDocumentosExternos3.asp?Pagina=ListadoMaestroDocumentosExternos3.asp HTTP/1.1" 200 9562
190.84.56.157 - - [16/Oct/2014:09:33:26 -0500] "POST /forms/lservlet;jsessionid=ac16012b30d5bf25f34e529648c6853187ddecc9a1af.e3iSbxaKaheRe34Sa3yKbhiTahb0n6jAmljGr5XDqQLvpAe HTTP/1.1" 200 2
201.245.192.253 - - [16/Oct/2014:09:32:45 -0500] "POST /forest/misactividades.do?ajax=true&a=0.6725573722597838 HTTP/1.1" 200 4
201.245.192.253 - - [16/Oct/2014:09:33:04 -0500] "GET /forest/usutareas.do?_a=0.9078630566684204&group_system_actual=3 HTTP/1.1" 302 -
201.245.192.253 - - [16/Oct/2014:09:33:29 -0500] "GET /forest/ HTTP/1.1" 200 12365
201.245.192.253 - - [16/Oct/2014:09:32:07 -0500] "GET /forest/misactividades.do?group_system_actual=3&codPro=95&_a=0.6669841487707467 HTTP/1.1" 200 36733
201.245.192.253 - - [16/Oct/2014:09:33:29 -0500] "GET /forest/session.jsp?a=0.1756648519076407 HTTP/1.1" 200 4
201.245.192.253 - - [16/Oct/2014:09:33:29 -0500] "POST /forest/misactividades.do?ajax=true&a=0.8203212297521532 HTTP/1.1" 200 8395
191.108.73.242 - - [16/Oct/2014:09:33:30 -0500] "GET /BLA/resoluciones/RESOLUCIONES%202010/4708.pdf HTTP/1.1" 200 345344
201.245.192.253 - - [16/Oct/2014:09:32:09 -0500] "GET /forest/usutareas.do?_a=0.8549229761119932&group_system_actual=3 HTTP/1.1" 200 90024
201.245.192.253 - - [16/Oct/2014:09:32:00 -0500] "GET /forest/usutareas.do?group_system_actual=3&codAct=908&numPro=2733090&codPro=95&fecTra=2014-01-24%2014:28:29.141&codInst=2752947&codTraEsc=14987260 HTTP/1.1" 200 116376
191.108.73.242 - - [16/Oct/2014:09:33:30 -0500] "GET /BLA/resoluciones/RESOLUCIONES%202010/4708.pdf HTTP/1.1" 206 32768
201.245.192.253 - - [16/Oct/2014:09:32:53 -0500] "GET /forest/usutareas.do?_a=0.5415028110146523&group_system_actual=3 HTTP/1.1" 200 90900
191.108.73.242 - - [16/Oct/2014:09:33:30 -0500] "GET /BLA/resoluciones/RESOLUCIONES%202010/4708.pdf HTTP/1.1" 206 312576
201.245.192.253 - - [16/Oct/2014:09:33:30 -0500] "GET /forest/session.jsp?a=0.8759725396566377 HTTP/1.1" 200 4
201.245.192.253 - - [16/Oct/2014:09:33:31 -0500] "GET /forest/session.jsp?a=0.7994111746083945 HTTP/1.1" 200 4
201.245.192.253 - - [16/Oct/2014:09:33:31 -0500] "GET /forest/misactividades.do?_a=0.2450472624093638&group_system_actual=3 HTTP/1.1" 200 12365
201.245.192.253 - - [16/Oct/2014:09:33:32 -0500] "GET /forest/skins/gdocs-jar/css/menu.css?version=1408.271930 HTTP/1.1" 304 -
201.245.192.253 - - [16/Oct/2014:09:33:33 -0500] "GET /forest/skins/gdocs-jar/popup/popup.jsp?width=1100&height=500&title=Buscar%20documentos&uri=/forest/buscar.do%3Ftype%3Ddocumentos&name=undefined&_a=0.4382739529944718&a=0.7297456297510048 HTTP/1.1" 200 1179
201.245.192.253 - - [16/Oct/2014:09:33:33 -0500] "GET /forest/buscar.do?type=documentos HTTP/1.1" 200 90024
201.245.192.253 - - [16/Oct/2014:09:33:33 -0500] "GET /forest/buscar.do?type=documentos HTTP/1.1" 200 96535
201.245.192.253 - - [16/Oct/2014:09:33:33 -0500] "GET /forest/css/autocomplete.css?version=1408.271930 HTTP/1.1" 304 -
201.245.192.253 - - [16/Oct/2014:09:33:33 -0500] "GET /forest/js/dialog.js?version=1408.271930 HTTP/1.1" 304 -
201.245.192.253 - - [16/Oct/2014:09:33:33 -0500] "GET /forest/js/load_func.js?version=1408.271930 HTTP/1.1" 304 -
201.245.192.253 - - [16/Oct/2014:09:33:33 -0500] "GET /forest/js/sarissa.js?version=1408.271930 HTTP/1.1" 304 -
201.245.192.253 - - [16/Oct/2014:09:33:33 -0500] "GET /forest/js/escritorio/escritorio.js?version=1408.271930 HTTP/1.1" 304 -
201.245.192.253 - - [16/Oct/2014:09:33:33 -0500] "GET /forest/1ibre/protoaculous.js?version=1408.271930 HTTP/1.1" 304 -
201.245.192.253 - - [16/Oct/2014:09:33:33 -0500] "GET /forest/js/autocompletar2.js?version=1408.271930 HTTP/1.1" 304 -
201.245.192.253 - - [16/Oct/2014:09:33:33 -0500] "GET /forest/1ibre/jscalendar/calendar.js?version=1408.271930 HTTP/1.1" 304 -
201.245.192.253 - - [16/Oct/2014:09:33:33 -0500] "GET /forest/1ibre/jscalendar/lang/calendar-es.js?version=1408.271930 HTTP/1.1" 304 -
201.245.192.253 - - [16/Oct/2014:09:33:33 -0500] "GET /forest/1ibre/1ibre.js?version=1408.271930 HTTP/1.1" 304 -
201.245.192.253 - - [16/Oct/2014:09:33:33 -0500] "GET /forest/1ibre/jscalendar/calendar-setup.js?version=1408.271930 HTTP/1.1" 304 -
201.245.192.253 - - [16/Oct/2014:09:33:33 -0500] "GET /forest/json.do?query=usersByDep&coddep=221 HTTP/1.1" 200 3037
201.245.192.253 - - [16/Oct/2014:09:33:34 -0500] "GET /forest/json.do?query=usersByDep&coddep=221 HTTP/1.1" 200 3037
201.245.192.253 - - [16/Oct/2014:09:27:36 -0500] "GET /ForestMSG_SDA/channelAsync/template_word_16626480?X-Atmosphere-tracking-id=0e0c5339-b2d1-f264-664f-6e5320f2079d&X-Atmosphere-Framework=1.0.5&X-Atmosphere-Transport=long-polling&tabid=0.1683815251214128&X-Cache-Date=0&Content-Type=application/xml&_=1413469765447 HTTP/1.1" 200 8193
201.245.192.253 - - [16/Oct/2014:09:33:38 -0500] "POST /isolucionsda/ListadoMaestroDocumentosExternos3.asp HTTP/1.1" 200 10741
190.25.135.239 - - [16/Oct/2014:09:33:41 -0500] "GET /BLA/boletinlegal/js/jquery.js HTTP/1.1" 200 57254
190.25.135.239 - - [16/Oct/2014:09:33:41 -0500] "GET /BLA/boletinlegal/js/jquery.scrollTo-min.js HTTP/1.1" 200 1150
190.25.135.239 - - [16/Oct/2014:09:33:41 -0500] "GET /BLA/boletinlegal/js/jquery.scrollShow.js HTTP/1.1" 200 4586
201.245.192.253 - - [16/Oct/2014:09:33:46 -0500] "GET /isolucionsda//BancoConocimiento/D/Decreto948dejunio5de1995/Decreto948dejunio5de1995.asp HTTP/1.1" 302 168
201.245.192.253 - - [16/Oct/2014:09:33:46 -0500] "GET /isolucionsda//BancoConocimiento/D/Decreto948dejunio5de1995/decreto%20948%20de%20junio%205%20de%2019950.doc HTTP/1.1" 200 221697
201.245.192.253 - - [16/Oct/2014:09:33:47 -0500] "POST /forest/login.do HTTP/1.1" 302 -
74.86.158.107 - - [16/Oct/2014:09:34:02 -0500] "HEAD / HTTP/1.1" 302 -
201.245.192.253 - - [16/Oct/2014:09:34:03 -0500] "POST /isolucionsda/ListadoMaestroDocumentosExternos3.asp HTTP/1.1" 200 10097
190.147.58.31 - - [16/Oct/2014:09:34:09 -0500] "GET /BLA/boletinlegal/js/jquery.js HTTP/1.1" 200 57254
190.147.58.31 - - [16/Oct/2014:09:34:09 -0500] "GET /BLA/boletinlegal/js/jquery.scrollShow.js HTTP/1.1" 200 4586
190.147.58.31 - - [16/Oct/2014:09:34:09 -0500] "GET /BLA/boletinlegal/js/jquery.scrollTo-min.js HTTP/1.1" 200 1150
190.84.56.157 - - [16/Oct/2014:09:34:09 -0500] "POST /forms/lservlet;jsessionid=ac16012b30d5bf25f34e529648c6853187ddecc9a1af.e3iSbxaKaheRe34Sa3yKbhiTahb0n6jAmljGr5XDqQLvpAe HTTP/1.1" 200 12
201.245.192.253 - - [16/Oct/2014:09:34:11 -0500] "POST /isolucionsda/ListadoMaestroDocumentosExternos3.asp HTTP/1.1" 200 10097
201.245.192.253 - - [16/Oct/2014:09:34:20 -0500] "GET /isolucionsda/FrameSetGeneral.asp?Pagina=Menu.asp&IdModulo=4 HTTP/1.1" 200 6455
201.245.192.253 - - [16/Oct/2014:09:34:20 -0500] "GET /isolucionsda/Encabezado.asp?Pagina=Menu.asp&IdModulo=4 HTTP/1.1" 200 15250
201.245.192.253 - - [16/Oct/2014:09:34:20 -0500] "GET /isolucionsda/Menu.asp?Pagina=Menu.asp&IdModulo=4 HTTP/1.1" 200 14516
201.245.192.253 - - [16/Oct/2014:09:34:20 -0500] "GET /isolucionsda/BarraFavoritos.asp HTTP/1.1" 200 911
201.245.192.253 - - [16/Oct/2014:09:34:20 -0500] "GET /isolucionsda/Session.asp?Continue=1 HTTP/1.1" 200 6196
201.245.192.253 - - [16/Oct/2014:09:34:22 -0500] "GET /isolucionsda/FrameSetGeneral.asp?Pagina=ListadoMaestroDocumentos3.asp HTTP/1.1" 200 6506
201.245.192.253 - - [16/Oct/2014:09:34:22 -0500] "GET /isolucionsda/BarraTitulos.asp?Pagina=ListadoMaestroDocumentos3.asp HTTP/1.1" 200 6857
201.245.192.253 - - [16/Oct/2014:09:34:22 -0500] "GET /isolucionsda/BarraFavoritos.asp HTTP/1.1" 200 911
201.245.192.253 - - [16/Oct/2014:09:34:22 -0500] "GET /isolucionsda/ListadoMaestroDocumentos3.asp?Pagina=ListadoMaestroDocumentos3.asp HTTP/1.1" 200 11339
201.245.192.253 - - [16/Oct/2014:09:34:22 -0500] "GET /isolucionsda/Encabezado.asp?Pagina=ListadoMaestroDocumentos3.asp HTTP/1.1" 200 15210
201.245.192.253 - - [16/Oct/2014:09:34:22 -0500] "GET /isolucionsda/Session.asp?Continue=1 HTTP/1.1" 200 6196
190.131.196.75 - - [16/Oct/2014:09:34:25 -0500] "GET /galeria/mapa/3MapaBogot%C3%A1.jpg HTTP/1.1" 200 688183
201.245.192.253 - - [16/Oct/2014:09:34:26 -0500] "GET /galeria/nivo-slider/demo/images/banner-llantas2.jpg HTTP/1.1" 304 -
201.232.148.86 - - [16/Oct/2014:09:34:26 -0500] "GET /BLA/boletinlegal/js/jquery.js HTTP/1.1" 200 57254
201.232.148.86 - - [16/Oct/2014:09:34:26 -0500] "GET /BLA/boletinlegal/js/jquery.scrollTo-min.js HTTP/1.1" 200 1150
201.232.148.86 - - [16/Oct/2014:09:34:26 -0500] "GET /BLA/boletinlegal/js/jquery.scrollShow.js HTTP/1.1" 200 4586
201.245.192.253 - - [16/Oct/2014:09:34:26 -0500] "POST /isolucionsda/Administracion/SalaEdicion/Articulo.asp HTTP/1.1" 302 356
201.245.192.253 - - [16/Oct/2014:09:34:28 -0500] "GET /isolucionsda/Administracion/SalaEdicion/FrameSetVistaPrevia.asp?Articulo=A/Asesoramientoyrevisiondelosproductoscartograficosgeneradospordesarrolladoresexternos_v3/Asesoramientoyrevisiondelosproductoscartograficosgeneradospordesarrolladoresexternos_v3.asp&Id_Articulo=7815 HTTP/1.1" 200 6576
