201.245.192.253 - - [16/Oct/2014:07:41:43 -0500] "GET /forest/js/autocompletar2.js?version=1408.271930 HTTP/1.1" 304 -
201.245.192.253 - - [16/Oct/2014:07:41:43 -0500] "GET /forest/1ibre/protoaculous.js?version=1408.271930 HTTP/1.1" 304 -
201.245.192.253 - - [16/Oct/2014:07:41:43 -0500] "GET /forest/1ibre/jscalendar/lang/calendar-es.js?version=1408.271930 HTTP/1.1" 304 -
201.245.192.253 - - [16/Oct/2014:07:41:43 -0500] "GET /forest/1ibre/jscalendar/calendar-setup.js?version=1408.271930 HTTP/1.1" 304 -
201.245.192.253 - - [16/Oct/2014:07:41:43 -0500] "GET /forest/1ibre/1ibre.js?version=1408.271930 HTTP/1.1" 304 -
201.245.192.253 - - [16/Oct/2014:07:41:43 -0500] "GET /forest/json.do?query=usersByDep&coddep=7025 HTTP/1.1" 200 919
201.245.192.253 - - [16/Oct/2014:07:41:43 -0500] "GET /forest/json.do?query=usersByDep&coddep=7025 HTTP/1.1" 200 919
190.248.52.136 - - [16/Oct/2014:07:41:43 -0500] "GET /BLA/boletinlegal/consulta_actos.php?tipo=resoluciones&no=1546&usuario=&sector=SILVICULTURA&fecha=2014&resuelve= HTTP/1.1" 200 623
201.245.192.253 - - [16/Oct/2014:07:41:46 -0500] "POST /forest/buscar.do? HTTP/1.1" 200 13130
190.248.52.136 - - [16/Oct/2014:07:41:48 -0500] "GET /BLA/boletinlegal/consulta_actos.php?tipo=resoluciones&no=1546&usuario=&sector=SILVICULTURA&fecha=2014&resuelve= HTTP/1.1" 200 623
201.245.192.253 - - [16/Oct/2014:07:41:49 -0500] "GET /BLA/boletinlegal/consulta_actos.php?tipo=resoluciones&no=0471&usuario=&sector=&fecha=2013&resuelve= HTTP/1.1" 200 1180
190.248.52.136 - - [16/Oct/2014:07:41:52 -0500] "GET /BLA/boletinlegal/consulta_actos.php?tipo=resoluciones&no=1546&usuario=&sector=SILVICULTURA&fecha=2014&resuelve= HTTP/1.1" 200 623
190.248.52.136 - - [16/Oct/2014:07:41:14 -0500] "GET /BLA/boletinlegal/index.php HTTP/1.1" 200 44493
201.245.192.253 - - [16/Oct/2014:07:41:55 -0500] "GET /BLA/boletinlegal/consulta_actos.php?tipo=resoluciones&no=0491&usuario=&sector=&fecha=2013&resuelve= HTTP/1.1" 200 1244
190.248.52.136 - - [16/Oct/2014:07:41:56 -0500] "GET /BLA/resoluciones/ HTTP/1.1" 200 6952
190.248.52.136 - - [16/Oct/2014:07:41:56 -0500] "GET /BLA/resoluciones/dlf/folder.png HTTP/1.1" 200 410
190.248.52.136 - - [16/Oct/2014:07:41:56 -0500] "GET /BLA/resoluciones/dlf/styles.css HTTP/1.1" 200 3049
190.248.52.136 - - [16/Oct/2014:07:41:56 -0500] "GET /BLA/resoluciones/dlf/bg.gif HTTP/1.1" 200 54
66.249.65.119 - - [16/Oct/2014:07:42:01 -0500] "GET /Residuos/metalmecanica/files/search/search52.xml HTTP/1.1" 404 1018
186.80.184.37 - - [16/Oct/2014:07:42:01 -0500] "GET /BLA/boletinlegal/js/jquery.js HTTP/1.1" 200 57254
186.80.184.37 - - [16/Oct/2014:07:42:01 -0500] "GET /BLA/boletinlegal/js/jquery.scrollTo-min.js HTTP/1.1" 200 1150
186.80.184.37 - - [16/Oct/2014:07:42:01 -0500] "GET /BLA/boletinlegal/js/jquery.scrollShow.js HTTP/1.1" 200 4586
201.245.192.253 - - [16/Oct/2014:07:42:02 -0500] "GET /BLA/boletinlegal/consulta_actos.php?tipo=resoluciones&no=0503&usuario=&sector=&fecha=2013&resuelve= HTTP/1.1" 200 987
190.248.52.136 - - [16/Oct/2014:07:42:05 -0500] "GET /BLA/resoluciones/dlf/dirup.png HTTP/1.1" 200 644
190.248.52.136 - - [16/Oct/2014:07:42:05 -0500] "GET /BLA/resoluciones/index.php?dir=RESOLUCIONES+2012%2F HTTP/1.1" 200 105994
190.248.52.136 - - [16/Oct/2014:07:42:06 -0500] "GET /BLA/resoluciones/dlf/pdf.gif HTTP/1.1" 200 272
201.245.192.253 - - [16/Oct/2014:07:42:07 -0500] "GET /BLA/boletinlegal/consulta_actos.php?tipo=resoluciones&no=0517&usuario=&sector=&fecha=2013&resuelve= HTTP/1.1" 200 1092
201.245.192.253 - - [16/Oct/2014:07:42:13 -0500] "GET /BLA/boletinlegal/consulta_actos.php?tipo=resoluciones&no=0583&usuario=&sector=&fecha=2013&resuelve= HTTP/1.1" 200 1027
201.245.192.253 - - [16/Oct/2014:07:42:24 -0500] "GET /forest/skins/gdocs-jar/popup/popup.jsp?width=900&height=600&title=Informaci%F3n%20de%20proceso&uri=/forest/system/process.jsp%3FnumPro%3D2714275&name=undefined&_a=0.7262275724504146&a=0.46947868618494304 HTTP/1.1" 200 1191
201.245.192.253 - - [16/Oct/2014:07:42:24 -0500] "GET /forest/system/process.jsp?numPro=2714275 HTTP/1.1" 200 61538
201.245.192.253 - - [16/Oct/2014:07:42:24 -0500] "GET /forest/system/process.jsp?numPro=2714275 HTTP/1.1" 200 61538
190.248.52.136 - - [16/Oct/2014:07:42:31 -0500] "GET /BLA/boletinlegal/consulta_actos.php?tipo=resoluciones&no=1546&usuario=&sector=SILVICULTURA&fecha=2014&resuelve=banco%20de%20la%20republica HTTP/1.1" 200 623
201.245.192.253 - - [16/Oct/2014:07:42:32 -0500] "GET /BLA/boletinlegal/consulta_actos.php?tipo=autos&no=0348&usuario=&sector=&fecha=2013&resuelve= HTTP/1.1" 200 623
190.248.52.136 - - [16/Oct/2014:07:42:33 -0500] "GET /BLA/resoluciones/ HTTP/1.1" 200 6952
186.30.68.28 - - [16/Oct/2014:07:42:34 -0500] "POST /forms/lservlet;jsessionid=ac16012b30d5449f507cda6040768c458a5d3f2b5581.e3iSbxaKaheRe34Sa3yKbhiTahb0n6jAmljGr5XDqQLvpAe HTTP/1.1" 200 2
190.248.52.136 - - [16/Oct/2014:07:42:36 -0500] "GET /BLA/resoluciones/index.php?dir=Notificaciones%2F HTTP/1.1" 200 3221
201.245.192.253 - - [16/Oct/2014:07:42:39 -0500] "GET /BLA/boletinlegal/consulta_actos.php?tipo=autos&no=0349&usuario=&sector=&fecha=2013&resuelve= HTTP/1.1" 200 1074
190.248.52.136 - - [16/Oct/2014:07:42:39 -0500] "GET /BLA/resoluciones/index.php?dir=Notificaciones%2FAUTOS+2012%2F HTTP/1.1" 200 2199
190.248.52.136 - - [16/Oct/2014:07:42:39 -0500] "GET /BLA/resoluciones/dlf/doc.gif HTTP/1.1" 200 1079
190.248.52.136 - - [16/Oct/2014:07:42:41 -0500] "GET /BLA/resoluciones/Notificaciones/AUTOS%202012/1529.doc HTTP/1.1" 200 239104
201.245.192.253 - - [16/Oct/2014:07:42:34 -0500] "GET /forest/documentos/1516702/2012ER092832.pdf HTTP/1.1" 200 7160770
201.245.192.253 - - [16/Oct/2014:07:42:46 -0500] "GET /BLA/boletinlegal/consulta_actos.php?tipo=autos&no=0352&usuario=&sector=&fecha=2013&resuelve= HTTP/1.1" 200 1055
201.245.192.253 - - [16/Oct/2014:07:42:51 -0500] "GET /BLA/boletinlegal/consulta_actos.php?tipo=autos&no=0353&usuario=&sector=&fecha=2013&resuelve= HTTP/1.1" 200 1054
190.248.52.136 - - [16/Oct/2014:07:42:56 -0500] "GET /BLA/resoluciones/Notificaciones/AUTOS%202012/0873.doc HTTP/1.1" 200 244736
201.245.192.253 - - [16/Oct/2014:07:42:57 -0500] "GET /BLA/boletinlegal/consulta_actos.php?tipo=autos&no=0354&usuario=&sector=&fecha=2013&resuelve= HTTP/1.1" 200 1053
190.248.51.60 - - [16/Oct/2014:07:43:02 -0500] "GET /galeria/nivo-slider/demo/demo.html HTTP/1.1" 200 3169
190.248.51.60 - - [16/Oct/2014:07:43:02 -0500] "GET /galeria/nivo-slider/demo/images/EncuentroAgua1.jpg HTTP/1.1" 304 -
190.248.51.60 - - [16/Oct/2014:07:43:02 -0500] "GET /galeria/nivo-slider/demo/images/Tingua-azul.jpg HTTP/1.1" 304 -
190.248.51.60 - - [16/Oct/2014:07:43:03 -0500] "GET /galeria/nivo-slider/demo/images/bannerEcolecta3.jpg HTTP/1.1" 304 -
190.248.51.60 - - [16/Oct/2014:07:43:04 -0500] "GET /videos/Spot_Tinguas.flv HTTP/1.1" 304 -
190.248.52.136 - - [16/Oct/2014:07:43:07 -0500] "GET /BLA/resoluciones/index.php?dir=Notificaciones%2FAUTOS+2013%2F HTTP/1.1" 200 13962
201.245.192.253 - - [16/Oct/2014:07:43:10 -0500] "GET /forest/session.jsp?a=0.0900333151919318 HTTP/1.1" 200 4
201.245.192.253 - - [16/Oct/2014:07:43:10 -0500] "GET /BLA/boletinlegal/consulta_actos.php?tipo=autos&no=1033&usuario=&sector=&fecha=2013&resuelve= HTTP/1.1" 200 992
201.245.192.253 - - [16/Oct/2014:07:43:14 -0500] "GET /BLA/boletinlegal/consulta_actos.php?tipo=autos&no=1037&usuario=&sector=&fecha=2013&resuelve= HTTP/1.1" 200 992
201.245.192.253 - - [16/Oct/2014:07:43:22 -0500] "GET /BLA/boletinlegal/consulta_actos.php?tipo=autos&no=1960&usuario=&sector=&fecha=2013&resuelve= HTTP/1.1" 200 1022
190.248.52.136 - - [16/Oct/2014:07:43:22 -0500] "GET /BLA/resoluciones/index.php?dir=Notificaciones%2FAUTOS+2014%2F HTTP/1.1" 200 18756
74.86.158.107 - - [16/Oct/2014:07:43:23 -0500] "HEAD / HTTP/1.1" 302 -
201.245.192.253 - - [16/Oct/2014:07:43:30 -0500] "GET /BLA/boletinlegal/consulta_actos.php?tipo=autos&no=2366&usuario=&sector=&fecha=2013&resuelve= HTTP/1.1" 200 1002
201.245.192.253 - - [16/Oct/2014:07:43:34 -0500] "GET /BLA/boletinlegal/consulta_actos.php?tipo=autos&no=2367&usuario=&sector=&fecha=2013&resuelve= HTTP/1.1" 200 1002
190.248.52.136 - - [16/Oct/2014:07:43:38 -0500] "GET /BLA/resoluciones/Notificaciones/AUTOS%202014/5483.doc HTTP/1.1" 200 757760
201.245.192.253 - - [16/Oct/2014:07:43:40 -0500] "GET /BLA/boletinlegal/consulta_actos.php?tipo=autos&no=2400&usuario=&sector=&fecha=2013&resuelve= HTTP/1.1" 200 1022
190.248.52.136 - - [16/Oct/2014:07:43:45 -0500] "GET /BLA/resoluciones/Notificaciones/AUTOS%202014/5037.doc HTTP/1.1" 200 748544
201.245.192.253 - - [16/Oct/2014:07:43:46 -0500] "GET /BLA/boletinlegal/consulta_actos.php?tipo=autos&no=2432&usuario=&sector=&fecha=2013&resuelve= HTTP/1.1" 200 1002
190.248.52.136 - - [16/Oct/2014:07:43:55 -0500] "GET /BLA/resoluciones/Notificaciones/AUTOS%202014/4810.doc HTTP/1.1" 200 139776
201.245.192.253 - - [16/Oct/2014:07:43:56 -0500] "GET /BLA/boletinlegal/consulta_actos.php?tipo=autos&no=2434&usuario=&sector=&fecha=2013&resuelve= HTTP/1.1" 200 623
201.245.192.253 - - [16/Oct/2014:07:43:58 -0500] "GET /BLA/boletinlegal/consulta_actos.php?tipo=autos&no=2433&usuario=&sector=&fecha=2013&resuelve= HTTP/1.1" 200 623
190.248.52.136 - - [16/Oct/2014:07:44:01 -0500] "GET /BLA/resoluciones/Notificaciones/AUTOS%202014/4391.doc HTTP/1.1" 200 136192
200.31.212.30 - - [16/Oct/2014:07:44:04 -0500] "GET /BLA/resoluciones/RESOLUCIONES%202007/RES%202007%202501%20AL%202600/RESOLUCION%202542%20DE%202007.pdf HTTP/1.1" 200 867071
201.245.192.253 - - [16/Oct/2014:07:44:06 -0500] "GET /BLA/boletinlegal/consulta_actos.php?tipo=autos&no=2504&usuario=&sector=&fecha=2013&resuelve= HTTP/1.1" 200 1002
200.31.212.30 - - [16/Oct/2014:07:44:14 -0500] "GET /BLA/resoluciones/RESOLUCIONES%202007/RES%202007%202501%20AL%202600/RESOLUCION%202542%20DE%202007.pdf HTTP/1.1" 206 32768
200.31.212.30 - - [16/Oct/2014:07:44:15 -0500] "GET /BLA/resoluciones/RESOLUCIONES%202007/RES%202007%202501%20AL%202600/RESOLUCION%202542%20DE%202007.pdf HTTP/1.1" 206 834303
201.245.192.253 - - [16/Oct/2014:07:44:15 -0500] "GET /BLA/boletinlegal/consulta_actos.php?tipo=autos&no=2622&usuario=&sector=&fecha=2013&resuelve= HTTP/1.1" 200 623
190.248.52.136 - - [16/Oct/2014:07:44:18 -0500] "GET /BLA/resoluciones/index.php?dir=Notificaciones%2FRESOLUCIONES+2013%2F HTTP/1.1" 200 2077
200.31.212.30 - - [16/Oct/2014:07:44:21 -0500] "GET /favicon.ico HTTP/1.1" 200 7782
190.248.52.136 - - [16/Oct/2014:07:44:25 -0500] "GET /BLA/resoluciones/index.php?dir=Notificaciones%2FRESOLUCIONES+2014%2F HTTP/1.1" 200 3002
201.245.192.253 - - [16/Oct/2014:07:44:25 -0500] "GET /BLA/boletinlegal/consulta_actos.php?tipo=autos&no=2630&usuario=&sector=&fecha=2013&resuelve= HTTP/1.1" 200 623
201.245.192.253 - - [16/Oct/2014:07:44:29 -0500] "GET /BLA/boletinlegal/consulta_actos.php?tipo=resoluciones&no=0274&usuario=&sector=&fecha=2013&resuelve= HTTP/1.1" 200 1243
190.248.52.136 - - [16/Oct/2014:07:44:32 -0500] "GET /BLA/resoluciones/Notificaciones/RESOLUCIONES%202014/1593.doc HTTP/1.1" 200 117248
201.245.192.253 - - [16/Oct/2014:07:44:33 -0500] "GET /BLA/boletinlegal/consulta_actos.php?tipo=autos&no=2140&usuario=&sector=&fecha=2013&resuelve= HTTP/1.1" 200 1452
186.30.68.28 - - [16/Oct/2014:07:44:34 -0500] "POST /forms/lservlet;jsessionid=ac16012b30d5449f507cda6040768c458a5d3f2b5581.e3iSbxaKaheRe34Sa3yKbhiTahb0n6jAmljGr5XDqQLvpAe HTTP/1.1" 200 2
100.43.85.25 - - [16/Oct/2014:07:44:37 -0500] "GET /phpold/images/ico3.jpg HTTP/1.1" 404 1019
66.249.65.115 - - [16/Oct/2014:07:44:38 -0500] "GET /BLA/resoluciones/RESOLUCIONES%202004/RES%202004%201151-1200/00001180.tif HTTP/1.1" 200 188638
190.248.52.136 - - [16/Oct/2014:07:44:41 -0500] "GET /BLA/resoluciones/Notificaciones/RESOLUCIONES%202014/1593.doc HTTP/1.1" 206 1
190.248.52.136 - - [16/Oct/2014:07:44:41 -0500] "GET /BLA/resoluciones/Notificaciones/RESOLUCIONES%202014/1593.doc HTTP/1.1" 206 116057
190.248.52.136 - - [16/Oct/2014:07:44:47 -0500] "GET /BLA/resoluciones/Notificaciones/RESOLUCIONES%202014/1590.doc HTTP/1.1" 200 118784
66.249.65.115 - - [16/Oct/2014:07:44:53 -0500] "GET /Residuos/farmaceutica/files/search/search102.xml HTTP/1.1" 404 1018
190.248.52.136 - - [16/Oct/2014:07:44:54 -0500] "GET /BLA/resoluciones/Notificaciones/RESOLUCIONES%202014/1309.doc HTTP/1.1" 200 103936
190.248.52.136 - - [16/Oct/2014:07:45:02 -0500] "GET /BLA/resoluciones/Notificaciones/RESOLUCIONES%202014/0467.doc HTTP/1.1" 200 241664
201.245.192.253 - - [16/Oct/2014:07:45:03 -0500] "GET /BLA/boletinlegal/consulta_actos.php?tipo=resoluciones&no=0274&usuario=&sector=&fecha=2013&resuelve= HTTP/1.1" 200 1243
190.248.52.136 - - [16/Oct/2014:07:45:11 -0500] "GET /BLA/resoluciones/index.php?dir=Notificaciones%2FRESOLUCIONES+2013%2F HTTP/1.1" 200 2077
190.248.52.136 - - [16/Oct/2014:07:45:12 -0500] "GET /BLA/resoluciones/Notificaciones/RESOLUCIONES%202013/2046.doc HTTP/1.1" 200 292352
190.145.51.234 - - [16/Oct/2014:07:45:16 -0500] "GET /autoliquidacion/Grupo%20Forestal%20-%20Industria%20de%20la%20Madera/Solicitud%20de%20Registro%20del%20Libro%20de%20operaciones.pdf HTTP/1.1" 200 117476
190.145.51.234 - - [16/Oct/2014:07:45:16 -0500] "GET /favicon.ico HTTP/1.1" 200 7782
190.248.52.136 - - [16/Oct/2014:07:45:26 -0500] "GET /BLA/resoluciones/index.php?dir=Notificaciones%2FREGISTROS+2014%2F HTTP/1.1" 200 5198
200.75.43.230 - - [16/Oct/2014:07:45:27 -0500] "GET /BLA/boletinlegal/js/jquery.scrollTo-min.js HTTP/1.1" 200 1150
200.75.43.230 - - [16/Oct/2014:07:45:27 -0500] "GET /BLA/boletinlegal/js/jquery.js HTTP/1.1" 200 57254
200.75.43.230 - - [16/Oct/2014:07:45:27 -0500] "GET /BLA/boletinlegal/js/jquery.scrollShow.js HTTP/1.1" 200 4586
190.248.52.136 - - [16/Oct/2014:07:45:28 -0500] "GET /BLA/resoluciones/Notificaciones/REGISTROS%202014/01474.doc HTTP/1.1" 200 151552
201.245.192.253 - - [16/Oct/2014:07:45:34 -0500] "GET /galeria/nivo-slider/demo/images/banner-llantas2.jpg HTTP/1.1" 304 -
200.31.212.30 - - [16/Oct/2014:07:45:35 -0500] "GET /Residuos/vehiculos/vehiculos.html HTTP/1.1" 404 1300
202.46.54.59 - - [16/Oct/2014:07:45:35 -0500] "GET / HTTP/1.1" 302 -
181.244.0.21 - - [16/Oct/2014:07:45:36 -0500] "GET /BLA/boletinlegal/js/jquery.js HTTP/1.1" 200 57254
181.244.0.21 - - [16/Oct/2014:07:45:36 -0500] "GET /BLA/boletinlegal/js/jquery.scrollTo-min.js HTTP/1.1" 200 1150
181.244.0.21 - - [16/Oct/2014:07:45:36 -0500] "GET /BLA/boletinlegal/js/jquery.scrollShow.js HTTP/1.1" 200 4586
190.248.52.136 - - [16/Oct/2014:07:45:37 -0500] "GET /BLA/resoluciones/Notificaciones/REGISTROS%202014/01460.doc HTTP/1.1" 200 150528
190.248.52.136 - - [16/Oct/2014:07:45:47 -0500] "GET /BLA/resoluciones/Notificaciones/REGISTROS%202014/1312.doc HTTP/1.1" 200 150016
186.28.200.40 - - [16/Oct/2014:07:45:51 -0500] "GET /isolucionsda/ HTTP/1.1" 200 739
186.28.200.40 - - [16/Oct/2014:07:45:54 -0500] "GET /isolucionsda/IdentificaUsuario.asp?Pagina1=FrameSetGeneral.asp& HTTP/1.1" 200 4997
186.28.200.40 - - [16/Oct/2014:07:45:55 -0500] "GET /favicon.ico HTTP/1.1" 200 7782
186.28.200.40 - - [16/Oct/2014:07:45:55 -0500] "GET /isolucionsda/StyleSheet/StyleSheet.css HTTP/1.1" 200 22894
186.28.200.40 - - [16/Oct/2014:07:45:55 -0500] "GET /isolucionsda/g/shim.gif HTTP/1.1" 200 -
186.28.200.40 - - [16/Oct/2014:07:45:55 -0500] "GET /isolucionsda/g/Img_LogoIsoCabezote.jpg HTTP/1.1" 200 7960
186.28.200.40 - - [16/Oct/2014:07:45:55 -0500] "GET /isolucionsda/g/Img_DivBarraSup.jpg HTTP/1.1" 200 323
186.28.200.40 - - [16/Oct/2014:07:45:55 -0500] "GET /isolucionsda/g/shim.gif HTTP/1.1" 200 43
186.28.200.40 - - [16/Oct/2014:07:45:57 -0500] "GET /isolucionsda/g/Bgr_BarraSuperior.jpg HTTP/1.1" 200 419
190.248.52.136 - - [16/Oct/2014:07:46:02 -0500] "GET /BLA/resoluciones/index.php?dir=RESOLUCIONES+2002%2F HTTP/1.1" 200 11295
200.31.212.30 - - [16/Oct/2014:07:46:02 -0500] "GET /Residuos/vehiculos/vehiculos.html HTTP/1.1" 404 1300
119.63.193.132 - - [16/Oct/2014:07:46:03 -0500] "GET / HTTP/1.1" 302 -
186.28.200.40 - - [16/Oct/2014:07:46:04 -0500] "POST /isolucionsda/IdentificaUsuario.asp?Pagina1=FrameSetGeneral.asp& HTTP/1.1" 302 173
186.28.200.40 - - [16/Oct/2014:07:46:04 -0500] "GET /isolucionsda/FrameSetGeneral.asp?Pagina1=FrameSetGeneral.asp& HTTP/1.1" 200 6613
186.28.200.40 - - [16/Oct/2014:07:46:05 -0500] "GET /isolucionsda/BarraFavoritos.asp HTTP/1.1" 502 1362
186.28.200.40 - - [16/Oct/2014:07:46:05 -0500] "GET /isolucionsda/BarraTitulos.asp?Pagina1=FrameSetGeneral.asp&&Pagina=MagazinHome.asp HTTP/1.1" 200 6972
186.28.200.40 - - [16/Oct/2014:07:46:05 -0500] "GET /isolucionsda/Encabezado.asp?Pagina1=FrameSetGeneral.asp&&Pagina=MagazinHome.asp HTTP/1.1" 200 15388
186.28.200.40 - - [16/Oct/2014:07:46:05 -0500] "GET /isolucionsda/MagazinHome.asp HTTP/1.1" 200 25853
186.28.200.40 - - [16/Oct/2014:07:46:06 -0500] "GET /isolucionsda/g/Img_BarraCurva.jpg HTTP/1.1" 200 1826
186.28.200.40 - - [16/Oct/2014:07:46:06 -0500] "GET /isolucionsda/g/Bot_Anterior.jpg HTTP/1.1" 200 1797
186.28.200.40 - - [16/Oct/2014:07:46:06 -0500] "GET /isolucionsda/g/Bot_Siguiente.jpg HTTP/1.1" 200 1727
186.28.200.40 - - [16/Oct/2014:07:46:06 -0500] "GET /isolucionsda/g/Bot_Home.jpg HTTP/1.1" 200 1936
186.28.200.40 - - [16/Oct/2014:07:46:06 -0500] "GET /isolucionsda/Session.asp?Continue=1 HTTP/1.1" 200 6324
186.28.200.40 - - [16/Oct/2014:07:46:06 -0500] "GET /isolucionsda/g/Bot_Administrador.jpg HTTP/1.1" 200 1694
186.28.200.40 - - [16/Oct/2014:07:46:06 -0500] "GET /isolucionsda/g/Bot_Glosario.jpg HTTP/1.1" 200 1989
186.28.200.40 - - [16/Oct/2014:07:46:06 -0500] "GET /isolucionsda/TareasSFRedirect.asp HTTP/1.1" 302 195
186.28.200.40 - - [16/Oct/2014:07:46:06 -0500] "GET /isolucionsda/g/Bot_Ayuda.jpg HTTP/1.1" 200 1702
186.28.200.40 - - [16/Oct/2014:07:46:06 -0500] "GET /isolucionsda/g/Img_DivVertBarraSup.jpg HTTP/1.1" 200 810
186.28.200.40 - - [16/Oct/2014:07:46:06 -0500] "GET /isolucionsda/g/Bot_Cerrar.jpg HTTP/1.1" 200 1944
186.28.200.40 - - [16/Oct/2014:07:46:07 -0500] "GET /isolucionsda/g/Bot_Manual_ESP.jpg HTTP/1.1" 200 4512
186.28.200.40 - - [16/Oct/2014:07:46:07 -0500] "GET /isolucionsda/g/Bot_Procesos_ESP.jpg HTTP/1.1" 200 4441
186.28.200.40 - - [16/Oct/2014:07:46:07 -0500] "GET /isolucionsda/g/Bot_Documentos_ESP.jpg HTTP/1.1" 200 5825
186.28.200.40 - - [16/Oct/2014:07:46:07 -0500] "GET /isolucionsda/g/Bot_Indicadores_ESP.jpg HTTP/1.1" 200 5267
186.28.200.40 - - [16/Oct/2014:07:46:07 -0500] "GET /isolucionsda/g/Bot_Mejoramiento_ESP.jpg HTTP/1.1" 200 5904
186.28.200.40 - - [16/Oct/2014:07:46:07 -0500] "GET /isolucionsda/g/Bot_TareasOff_ESP.jpg HTTP/1.1" 200 3028
186.28.200.40 - - [16/Oct/2014:07:46:07 -0500] "GET /isolucionsda/g/Bot_ProveedoresOff_ESP.jpg HTTP/1.1" 200 3801
186.28.200.40 - - [16/Oct/2014:07:46:07 -0500] "GET /isolucionsda/g/Bot_Riesgos_ESP.jpg HTTP/1.1" 200 4903
186.28.200.40 - - [16/Oct/2014:07:46:07 -0500] "GET /isolucionsda/g/Bot_CalibracionOff_ESP.jpg HTTP/1.1" 200 3850
186.28.200.40 - - [16/Oct/2014:07:46:07 -0500] "GET /isolucionsda/g/Bot_TalentoOff_ESP.jpg HTTP/1.1" 200 3258
186.28.200.40 - - [16/Oct/2014:07:46:07 -0500] "GET /isolucionsda/g/Bot_Meci_ESP.jpg HTTP/1.1" 200 4380
186.28.200.40 - - [16/Oct/2014:07:46:07 -0500] "GET /isolucionsda/g/Bot_ClientesOff_ESP.jpg HTTP/1.1" 200 2917
186.28.200.40 - - [16/Oct/2014:07:46:07 -0500] "GET /isolucionsda/g/Bot_Ambiental_ESP.jpg HTTP/1.1" 200 5259
186.28.200.40 - - [16/Oct/2014:07:46:07 -0500] "GET /isolucionsda/g/Bot_SySOOff_ESP.jpg HTTP/1.1" 200 3270
186.28.200.40 - - [16/Oct/2014:07:46:07 -0500] "GET /isolucionsda/g/Bgr_BarraBotPrins.jpg HTTP/1.1" 200 944
186.28.200.40 - - [16/Oct/2014:07:46:07 -0500] "GET /isolucionsda/g/GifTransparente.gif HTTP/1.1" 200 51
186.28.200.40 - - [16/Oct/2014:07:46:07 -0500] "GET /isolucionsda/g/Bullet_PuntoAzul.gif HTTP/1.1" 200 75
186.28.200.40 - - [16/Oct/2014:07:46:07 -0500] "GET /isolucionsda/grafvinetas/logo%2030.jpg HTTP/1.1" 200 36055
186.28.200.40 - - [16/Oct/2014:07:46:07 -0500] "GET /isolucionsda/g/Bullet_FlechaAzul.gif HTTP/1.1" 200 72
186.28.200.40 - - [16/Oct/2014:07:46:07 -0500] "GET /isolucionsda/g/Img_LineaPunteada.gif HTTP/1.1" 200 123
186.28.200.40 - - [16/Oct/2014:07:46:08 -0500] "GET /isolucionsda/g/Bgr_BarraCurva2.jpg HTTP/1.1" 200 409
186.28.200.40 - - [16/Oct/2014:07:46:08 -0500] "GET /isolucionsda/g/Bgr_BarraMediaHome.jpg HTTP/1.1" 200 446
186.28.200.40 - - [16/Oct/2014:07:46:08 -0500] "GET /isolucionsda/g/Bgr_TituloCabezote3.jpg HTTP/1.1" 200 841
186.28.200.40 - - [16/Oct/2014:07:46:08 -0500] "GET /isolucionsda/g/Bgr_BarraCurva.jpg HTTP/1.1" 200 374
186.28.200.40 - - [16/Oct/2014:07:46:08 -0500] "GET /isolucionsda/g/Bgr_Destacado3399CC.jpg HTTP/1.1" 404 5217
186.28.200.40 - - [16/Oct/2014:07:46:08 -0500] "GET /isolucionsda/Login.aspx?TARGET=SFContainerFiltrado.aspx&number=68667053705056564566 HTTP/1.1" 302 886
186.28.200.40 - - [16/Oct/2014:07:46:11 -0500] "GET /isolucionsda/SFContainerFiltrado.aspx?Number=68667053705056564566 HTTP/1.1" 200 14314
186.28.200.40 - - [16/Oct/2014:07:46:12 -0500] "GET /isolucionsda/g/img_titulo_Tpendientes.jpg HTTP/1.1" 200 2433
186.28.200.40 - - [16/Oct/2014:07:46:12 -0500] "GET /isolucionsda/g/Bgr_TituloCabezote3Avanzado.jpg HTTP/1.1" 200 745
186.28.200.40 - - [16/Oct/2014:07:46:12 -0500] "GET /isolucionsda/DetalleTareas.aspx?Number=68667053705056564566 HTTP/1.1" 200 5355
186.28.200.40 - - [16/Oct/2014:07:46:12 -0500] "GET /isolucionsda/auxlib.js HTTP/1.1" 404 5185
186.28.200.40 - - [16/Oct/2014:07:46:12 -0500] "GET /isolucionsda/infowndpublic.js HTTP/1.1" 404 5199
186.28.200.40 - - [16/Oct/2014:07:46:12 -0500] "GET /isolucionsda/StyleSheet/StyleSheetSF.css HTTP/1.1" 200 7210
186.28.200.40 - - [16/Oct/2014:07:46:12 -0500] "GET /isolucionsda/infowndcore.js HTTP/1.1" 404 5195
186.28.200.40 - - [16/Oct/2014:07:46:12 -0500] "GET /isolucionsda/g/bt_rojo.jpg HTTP/1.1" 200 132
181.50.192.137 - - [16/Oct/2014:07:46:14 -0500] "GET /forms/frmservlet?config=sia HTTP/1.0" 200 4022
186.28.200.40 - - [16/Oct/2014:07:46:15 -0500] "GET /isolucionsda/g/Bot_MejoramientoOver_ESP.jpg HTTP/1.1" 200 6165
186.28.200.40 - - [16/Oct/2014:07:46:15 -0500] "GET /isolucionsda/g/Bot_IndicadoresOver_ESP.jpg HTTP/1.1" 200 5413
186.28.200.40 - - [16/Oct/2014:07:46:15 -0500] "GET /isolucionsda/g/Bot_DocumentosOver_ESP.jpg HTTP/1.1" 200 5899
186.28.200.40 - - [16/Oct/2014:07:46:16 -0500] "GET /isolucionsda/FrameSetGeneral.asp?Pagina=Menu.asp&IdModulo=4 HTTP/1.1" 200 6583
186.28.200.40 - - [16/Oct/2014:07:46:16 -0500] "GET /isolucionsda/Encabezado.asp?Pagina=Menu.asp&IdModulo=4 HTTP/1.1" 200 15389
186.28.200.40 - - [16/Oct/2014:07:46:16 -0500] "GET /isolucionsda/BarraTitulos.asp?Pagina=Menu.asp&IdModulo=4 HTTP/1.1" 200 6985
186.28.200.40 - - [16/Oct/2014:07:46:16 -0500] "GET /isolucionsda/Menu.asp?Pagina=Menu.asp&IdModulo=4 HTTP/1.1" 200 9682
186.28.200.40 - - [16/Oct/2014:07:46:16 -0500] "GET /isolucionsda/BarraFavoritos.asp HTTP/1.1" 200 911
186.28.200.40 - - [16/Oct/2014:07:46:16 -0500] "GET /isolucionsda/Session.asp?Continue=1 HTTP/1.1" 200 6324
186.28.200.40 - - [16/Oct/2014:07:46:16 -0500] "GET /isolucionsda/g/Img_LogoIcono.jpg HTTP/1.1" 200 7870
186.28.200.40 - - [16/Oct/2014:07:46:16 -0500] "GET /isolucionsda/g/Bgr_BarraInferior.jpg HTTP/1.1" 200 398
186.28.200.40 - - [16/Oct/2014:07:46:16 -0500] "GET /isolucionsda/g/Img_BordeTitulo01.jpg HTTP/1.1" 200 444
186.28.200.40 - - [16/Oct/2014:07:46:16 -0500] "GET /isolucionsda/g/MenuIcono/ico_doc.jpg HTTP/1.1" 200 3103
186.28.200.40 - - [16/Oct/2014:07:46:16 -0500] "GET /isolucionsda/g/Img_BordeTitulo02.jpg HTTP/1.1" 200 451
186.28.200.40 - - [16/Oct/2014:07:46:18 -0500] "GET /isolucionsda/FrameSetGeneral.asp?Pagina=ListadoMaestroDocumentos3.asp HTTP/1.1" 200 6634
186.28.200.40 - - [16/Oct/2014:07:46:18 -0500] "GET /isolucionsda/Encabezado.asp?Pagina=ListadoMaestroDocumentos3.asp HTTP/1.1" 200 15364
186.28.200.40 - - [16/Oct/2014:07:46:18 -0500] "GET /isolucionsda/BarraTitulos.asp?Pagina=ListadoMaestroDocumentos3.asp HTTP/1.1" 200 6985
186.28.200.40 - - [16/Oct/2014:07:46:18 -0500] "GET /isolucionsda/BarraFavoritos.asp HTTP/1.1" 200 911
186.28.200.40 - - [16/Oct/2014:07:46:18 -0500] "GET /isolucionsda/ListadoMaestroDocumentos3.asp?Pagina=ListadoMaestroDocumentos3.asp HTTP/1.1" 200 11467
186.28.200.40 - - [16/Oct/2014:07:46:19 -0500] "GET /isolucionsda/Session.asp?Continue=1 HTTP/1.1" 200 6324
181.244.0.21 - - [16/Oct/2014:07:46:20 -0500] "GET /galeria/carrusel/Carrusel/jquery.thumbnailScroller.css HTTP/1.1" 200 2066
200.31.212.30 - - [16/Oct/2014:07:46:21 -0500] "GET /Residuos/vehiculos/vehiculos.html HTTP/1.1" 404 1300
181.244.0.21 - - [16/Oct/2014:07:46:21 -0500] "GET /galeria/carrusel/Carrusel/jquery-ui-1.8.13.custom.min.js HTTP/1.1" 200 10800
181.244.0.21 - - [16/Oct/2014:07:46:22 -0500] "GET /galeria/carrusel/Carrusel/jquery.thumbnailScroller.js HTTP/1.1" 200 8157
186.28.200.40 - - [16/Oct/2014:07:46:23 -0500] "POST /isolucionsda/ListadoMaestroDocumentos3.asp HTTP/1.1" 200 14922
181.50.192.137 - - [16/Oct/2014:07:46:27 -0500] "GET /forms/java/frmall_jinit.jar HTTP/1.1" 304 -
186.28.200.40 - - [16/Oct/2014:07:46:27 -0500] "GET /isolucionsda/FramesetArticulo.asp?Pagina=bancoconocimiento%2FS%2FSeguimientoyControlaUnidadesAmbientalesoperadasporlaSDAyaEmpresasVinculadasalPAA%5Fv3%2FSeguimientoyControlaUnidadesAmbientalesoperadasporlaSDAyaEmpresasVinculadasalPAA%5Fv3%2Easp&IdArticulo=6934 HTTP/1.1" 200 7749
181.50.192.137 - - [16/Oct/2014:07:46:27 -0500] "GET /forms/java/icons.jar HTTP/1.1" 304 -
181.50.192.137 - - [16/Oct/2014:07:46:27 -0500] "GET /forms/java/java/awt/KeyboardFocusManager.class HTTP/1.0" 404 352
181.50.192.137 - - [16/Oct/2014:07:46:27 -0500] "GET /forms/java/java/awt/KeyboardFocusManager.class HTTP/1.1" 404 352
186.28.200.40 - - [16/Oct/2014:07:46:27 -0500] "GET /isolucionsda/Arriba.asp?Pagina=bancoconocimiento%2FS%2FSeguimientoyControlaUnidadesAmbientalesoperadasporlaSDAyaEmpresasVinculadasalPAA%5Fv3%2FSeguimientoyControlaUnidadesAmbientalesoperadasporlaSDAyaEmpresasVinculadasalPAA%5Fv3%2Easp&IdArticulo=6934 HTTP/1.1" 200 10799
186.28.200.40 - - [16/Oct/2014:07:46:28 -0500] "GET /isolucionsda/StyleSheet.css HTTP/1.1" 200 4664
186.28.200.40 - - [16/Oct/2014:07:46:28 -0500] "GET /isolucionsda/g/icono_noconformidad.jpg HTTP/1.1" 200 1235
186.28.200.40 - - [16/Oct/2014:07:46:28 -0500] "GET /isolucionsda/g/icono_alerta.jpg HTTP/1.1" 200 1448
186.28.200.40 - - [16/Oct/2014:07:46:27 -0500] "GET /isolucionsda/bancoconocimiento/S/SeguimientoyControlaUnidadesAmbientalesoperadasporlaSDAyaEmpresasVinculadasalPAA_v3/SeguimientoyControlaUnidadesAmbientalesoperadasporlaSDAyaEmpresasVinculadasalPAA_v3.asp?IdArticulo=6934 HTTP/1.1" 200 73848
186.28.200.40 - - [16/Oct/2014:07:46:28 -0500] "GET /isolucionsda/g/vacio1x1.gif HTTP/1.1" 404 5195
186.28.200.40 - - [16/Oct/2014:07:46:28 -0500] "GET /isolucionsda/grafvinetas/logo%20documento0.jpg HTTP/1.1" 200 36055
181.50.192.137 - - [16/Oct/2014:07:46:31 -0500] "GET /forms/java/java/awt/event/MouseWheelListener.class HTTP/1.0" 404 356
181.50.192.137 - - [16/Oct/2014:07:46:31 -0500] "GET /forms/java/java/awt/event/MouseWheelListener.class HTTP/1.1" 404 356
181.50.192.137 - - [16/Oct/2014:07:46:31 -0500] "GET /forms/java/oracle/forms/registry/Registry.dat HTTP/1.1" 200 4213
181.50.192.137 - - [16/Oct/2014:07:46:31 -0500] "GET /forms/java/oracle/forms/registry/default.dat HTTP/1.1" 404 350
181.50.192.137 - - [16/Oct/2014:07:46:31 -0500] "GET /forms/frmservlet?config=sia&acceptLanguage=en&ifcmd=startsession HTTP/1.1" 200 119
181.50.192.137 - - [16/Oct/2014:07:46:31 -0500] "GET /forms/lservlet;jsessionid=ac16012b30d57ad0266ae4ed4a559e8feeb5c982bade.e3iSbxaKaheRe34Sa3yKbhiTahb0n6jAmljGr5XDqQLvpAe?ifcmd=getinfo&ifhost=user-c67f1f913b&ifip=192.168.0.16 HTTP/1.1" 200 8
181.50.192.137 - - [16/Oct/2014:07:46:31 -0500] "POST /forms/lservlet;jsessionid=ac16012b30d57ad0266ae4ed4a559e8feeb5c982bade.e3iSbxaKaheRe34Sa3yKbhiTahb0n6jAmljGr5XDqQLvpAe HTTP/1.1" 200 8
181.50.192.137 - - [16/Oct/2014:07:46:33 -0500] "POST /forms/lservlet;jsessionid=ac16012b30d57ad0266ae4ed4a559e8feeb5c982bade.e3iSbxaKaheRe34Sa3yKbhiTahb0n6jAmljGr5XDqQLvpAe HTTP/1.1" 200 64000
181.50.192.137 - - [16/Oct/2014:07:46:34 -0500] "POST /forms/lservlet;jsessionid=ac16012b30d57ad0266ae4ed4a559e8feeb5c982bade.e3iSbxaKaheRe34Sa3yKbhiTahb0n6jAmljGr5XDqQLvpAe HTTP/1.1" 200 64000
186.30.68.28 - - [16/Oct/2014:07:46:34 -0500] "POST /forms/lservlet;jsessionid=ac16012b30d5449f507cda6040768c458a5d3f2b5581.e3iSbxaKaheRe34Sa3yKbhiTahb0n6jAmljGr5XDqQLvpAe HTTP/1.1" 200 2
181.50.192.137 - - [16/Oct/2014:07:46:34 -0500] "HEAD /imagenes/dama_logo.gif HTTP/1.1" 200 -
181.50.192.137 - - [16/Oct/2014:07:46:34 -0500] "POST /forms/lservlet;jsessionid=ac16012b30d57ad0266ae4ed4a559e8feeb5c982bade.e3iSbxaKaheRe34Sa3yKbhiTahb0n6jAmljGr5XDqQLvpAe HTTP/1.1" 200 63623
181.50.192.137 - - [16/Oct/2014:07:46:34 -0500] "GET /imagenes/dama_logo.gif HTTP/1.1" 200 21482
181.50.192.137 - - [16/Oct/2014:07:46:35 -0500] "POST /forms/lservlet;jsessionid=ac16012b30d57ad0266ae4ed4a559e8feeb5c982bade.e3iSbxaKaheRe34Sa3yKbhiTahb0n6jAmljGr5XDqQLvpAe HTTP/1.1" 200 2
181.50.192.137 - - [16/Oct/2014:07:46:35 -0500] "POST /forms/lservlet;jsessionid=ac16012b30d57ad0266ae4ed4a559e8feeb5c982bade.e3iSbxaKaheRe34Sa3yKbhiTahb0n6jAmljGr5XDqQLvpAe HTTP/1.1" 200 2
200.93.146.198 - - [16/Oct/2014:07:46:36 -0500] "GET /BLA/boletinlegal/js/jquery.js HTTP/1.1" 200 57254
200.93.146.198 - - [16/Oct/2014:07:46:36 -0500] "GET /BLA/boletinlegal/js/jquery.scrollTo-min.js HTTP/1.1" 200 1150
200.93.146.198 - - [16/Oct/2014:07:46:36 -0500] "GET /BLA/boletinlegal/js/jquery.scrollShow.js HTTP/1.1" 200 4586
181.250.35.120 - - [16/Oct/2014:07:46:39 -0500] "GET /galeria/nivo-slider/themes/default/arrows.png HTTP/1.1" 200 824
181.250.35.120 - - [16/Oct/2014:07:46:39 -0500] "GET /galeria/nivo-slider/themes/default/bullets.png HTTP/1.1" 200 1281
190.248.52.136 - - [16/Oct/2014:07:46:42 -0500] "GET /BLA/resoluciones/index.php?dir=RESOLUCIONES+2002%2FANEXOS%2F HTTP/1.1" 200 2240
190.248.52.136 - - [16/Oct/2014:07:46:42 -0500] "GET /BLA/resoluciones/dlf/unknown.png HTTP/1.1" 200 266
181.50.192.137 - - [16/Oct/2014:07:46:43 -0500] "POST /forms/lservlet;jsessionid=ac16012b30d57ad0266ae4ed4a559e8feeb5c982bade.e3iSbxaKaheRe34Sa3yKbhiTahb0n6jAmljGr5XDqQLvpAe HTTP/1.1" 200 7997
181.50.192.137 - - [16/Oct/2014:07:46:44 -0500] "POST /forms/lservlet;jsessionid=ac16012b30d57ad0266ae4ed4a559e8feeb5c982bade.e3iSbxaKaheRe34Sa3yKbhiTahb0n6jAmljGr5XDqQLvpAe HTTP/1.1" 200 64
181.50.192.137 - - [16/Oct/2014:07:46:44 -0500] "POST /forms/lservlet;jsessionid=ac16012b30d57ad0266ae4ed4a559e8feeb5c982bade.e3iSbxaKaheRe34Sa3yKbhiTahb0n6jAmljGr5XDqQLvpAe HTTP/1.1" 200 2
181.50.192.137 - - [16/Oct/2014:07:46:44 -0500] "POST /forms/lservlet;jsessionid=ac16012b30d57ad0266ae4ed4a559e8feeb5c982bade.e3iSbxaKaheRe34Sa3yKbhiTahb0n6jAmljGr5XDqQLvpAe HTTP/1.1" 200 2
181.50.192.137 - - [16/Oct/2014:07:46:44 -0500] "POST /forms/lservlet;jsessionid=ac16012b30d57ad0266ae4ed4a559e8feeb5c982bade.e3iSbxaKaheRe34Sa3yKbhiTahb0n6jAmljGr5XDqQLvpAe HTTP/1.1" 200 2
180.76.6.140 - - [16/Oct/2014:07:46:44 -0500] "GET /BLA/resoluciones/AUTOS%202009/0680.pdf HTTP/1.1" 200 74599
181.50.192.137 - - [16/Oct/2014:07:46:46 -0500] "POST /forms/lservlet;jsessionid=ac16012b30d57ad0266ae4ed4a559e8feeb5c982bade.e3iSbxaKaheRe34Sa3yKbhiTahb0n6jAmljGr5XDqQLvpAe HTTP/1.1" 200 34711
181.50.192.137 - - [16/Oct/2014:07:46:47 -0500] "GET /imagenes/listval.gif HTTP/1.1" 200 905
181.50.192.137 - - [16/Oct/2014:07:46:47 -0500] "GET /imagenes/tree1.gif HTTP/1.1" 200 1161
181.50.192.137 - - [16/Oct/2014:07:46:47 -0500] "GET /imagenes/listval.gif HTTP/1.1" 200 905
181.50.192.137 - - [16/Oct/2014:07:46:47 -0500] "GET /imagenes/CAMERA3.gif HTTP/1.1" 200 4150
181.50.192.137 - - [16/Oct/2014:07:46:47 -0500] "GET /imagenes/SLIDE1.gif HTTP/1.1" 200 1111
181.50.192.137 - - [16/Oct/2014:07:46:47 -0500] "GET /imagenes/flexcomb.gif HTTP/1.1" 200 1169
181.50.192.137 - - [16/Oct/2014:07:46:47 -0500] "GET /imagenes/GO.gif HTTP/1.1" 200 904
181.50.192.137 - - [16/Oct/2014:07:46:47 -0500] "GET /imagenes/HRTOOLS.gif HTTP/1.1" 200 2238
181.50.192.137 - - [16/Oct/2014:07:46:47 -0500] "GET /imagenes/rt_rec1.gif HTTP/1.1" 200 867
181.50.192.137 - - [16/Oct/2014:07:46:47 -0500] "GET /imagenes/apply.gif HTTP/1.1" 200 903
181.50.192.137 - - [16/Oct/2014:07:46:47 -0500] "GET /imagenes/exit.gif HTTP/1.1" 200 916
181.50.192.137 - - [16/Oct/2014:07:46:47 -0500] "GET /imagenes/LISTVAL.gif HTTP/1.1" 200 905
181.50.192.137 - - [16/Oct/2014:07:46:47 -0500] "GET /imagenes/edit.gif HTTP/1.1" 200 919
181.50.192.137 - - [16/Oct/2014:07:46:47 -0500] "GET /imagenes/rt_rec4.gif HTTP/1.1" 200 865
181.50.192.137 - - [16/Oct/2014:07:46:47 -0500] "GET /imagenes/rt_rec3.gif HTTP/1.1" 200 844
181.50.192.137 - - [16/Oct/2014:07:46:47 -0500] "GET /imagenes/rt_rec2.gif HTTP/1.1" 200 847
181.50.192.137 - - [16/Oct/2014:07:46:48 -0500] "GET /imagenes/rt_rdel.gif HTTP/1.1" 200 899
181.50.192.137 - - [16/Oct/2014:07:46:48 -0500] "GET /imagenes/rt_radd.gif HTTP/1.1" 200 907
181.50.192.137 - - [16/Oct/2014:07:46:48 -0500] "GET /imagenes/rt_quer3.gif HTTP/1.1" 200 939
181.50.192.137 - - [16/Oct/2014:07:46:48 -0500] "GET /imagenes/rt_quer2.gif HTTP/1.1" 200 936
181.50.192.137 - - [16/Oct/2014:07:46:48 -0500] "GET /imagenes/rt_quer1.gif HTTP/1.1" 200 930
181.50.192.137 - - [16/Oct/2014:07:46:48 -0500] "GET /imagenes/rt_save.gif HTTP/1.1" 200 903
181.50.192.137 - - [16/Oct/2014:07:46:48 -0500] "GET /imagenes/rt_pset.gif HTTP/1.1" 200 914
181.50.192.137 - - [16/Oct/2014:07:46:48 -0500] "GET /imagenes/QUEJA.gif HTTP/1.1" 200 1091
181.50.192.137 - - [16/Oct/2014:07:46:48 -0500] "GET /imagenes/ARBOL.gif HTTP/1.1" 200 1026
181.50.192.137 - - [16/Oct/2014:07:46:48 -0500] "GET /imagenes/Clipboard.gif HTTP/1.1" 200 1466
181.50.192.137 - - [16/Oct/2014:07:46:48 -0500] "GET /imagenes/DINERO.gif HTTP/1.1" 200 1766
181.50.192.137 - - [16/Oct/2014:07:46:48 -0500] "GET /imagenes/URGENTE.gif HTTP/1.1" 200 964
181.50.192.137 - - [16/Oct/2014:07:46:48 -0500] "GET /imagenes/TREE4.gif HTTP/1.1" 200 4150
181.50.192.137 - - [16/Oct/2014:07:46:48 -0500] "POST /forms/lservlet;jsessionid=ac16012b30d57ad0266ae4ed4a559e8feeb5c982bade.e3iSbxaKaheRe34Sa3yKbhiTahb0n6jAmljGr5XDqQLvpAe HTTP/1.1" 200 7
181.50.192.137 - - [16/Oct/2014:07:46:48 -0500] "POST /forms/lservlet;jsessionid=ac16012b30d57ad0266ae4ed4a559e8feeb5c982bade.e3iSbxaKaheRe34Sa3yKbhiTahb0n6jAmljGr5XDqQLvpAe HTTP/1.1" 200 34
181.50.192.137 - - [16/Oct/2014:07:46:48 -0500] "POST /forms/lservlet;jsessionid=ac16012b30d57ad0266ae4ed4a559e8feeb5c982bade.e3iSbxaKaheRe34Sa3yKbhiTahb0n6jAmljGr5XDqQLvpAe HTTP/1.1" 200 2
190.248.52.136 - - [16/Oct/2014:07:46:49 -0500] "GET /BLA/resoluciones/index.php?dir=AUTOS+2012%2F HTTP/1.1" 200 122547
181.50.192.137 - - [16/Oct/2014:07:46:50 -0500] "POST /forms/lservlet;jsessionid=ac16012b30d57ad0266ae4ed4a559e8feeb5c982bade.e3iSbxaKaheRe34Sa3yKbhiTahb0n6jAmljGr5XDqQLvpAe HTTP/1.1" 200 2
181.50.192.137 - - [16/Oct/2014:07:46:50 -0500] "POST /forms/lservlet;jsessionid=ac16012b30d57ad0266ae4ed4a559e8feeb5c982bade.e3iSbxaKaheRe34Sa3yKbhiTahb0n6jAmljGr5XDqQLvpAe HTTP/1.1" 200 699
181.50.192.137 - - [16/Oct/2014:07:46:50 -0500] "GET /imagenes/Srch_frw.gif HTTP/1.1" 200 925
181.50.192.137 - - [16/Oct/2014:07:46:50 -0500] "POST /forms/lservlet;jsessionid=ac16012b30d57ad0266ae4ed4a559e8feeb5c982bade.e3iSbxaKaheRe34Sa3yKbhiTahb0n6jAmljGr5XDqQLvpAe HTTP/1.1" 200 10
200.31.212.30 - - [16/Oct/2014:07:46:56 -0500] "GET /Residuos/vehiculos/vehiculos.html HTTP/1.1" 404 1300
186.28.200.40 - - [16/Oct/2014:07:46:57 -0500] "GET /isolucionsda/FrameSetArticulo.asp?Pagina=/isolucionsda/bancoconocimiento/F/FlujogramaSeguimientoyControlaUnidadesAmbientalesyaEmpresasVinculadasalPAA_v3/FlujogramaSeguimientoyControlaUnidadesAmbientalesyaEmpresasVinculadasalPAA_v3.asp?IdArticulo=6935 HTTP/1.1" 200 7749
186.28.200.40 - - [16/Oct/2014:07:46:57 -0500] "GET /isolucionsda/Arriba.asp?Pagina=/isolucionsda/bancoconocimiento/F/FlujogramaSeguimientoyControlaUnidadesAmbientalesyaEmpresasVinculadasalPAA_v3/FlujogramaSeguimientoyControlaUnidadesAmbientalesyaEmpresasVinculadasalPAA_v3.asp?IdArticulo=6935 HTTP/1.1" 200 10778
186.28.200.40 - - [16/Oct/2014:07:46:57 -0500] "GET /isolucionsda/bancoconocimiento/F/FlujogramaSeguimientoyControlaUnidadesAmbientalesyaEmpresasVinculadasalPAA_v3/FlujogramaSeguimientoyControlaUnidadesAmbientalesyaEmpresasVinculadasalPAA_v3.asp?IdArticulo=6935 HTTP/1.1" 302 264
200.31.212.30 - - [16/Oct/2014:07:46:59 -0500] "GET /Residuos/cosmeticos/cosmeticos.html HTTP/1.1" 404 1300
201.245.192.253 - - [16/Oct/2014:07:46:59 -0500] "GET /galeria/carrusel/Carrusel/jquery-ui-%20%201.8.13.custom.min.js HTTP/1.1" 404 1018
181.50.192.137 - - [16/Oct/2014:07:47:00 -0500] "POST /forms/lservlet;jsessionid=ac16012b30d57ad0266ae4ed4a559e8feeb5c982bade.e3iSbxaKaheRe34Sa3yKbhiTahb0n6jAmljGr5XDqQLvpAe HTTP/1.1" 200 24
186.28.200.40 - - [16/Oct/2014:07:46:58 -0500] "GET /isolucionsda/bancoconocimiento/F/FlujogramaSeguimientoyControlaUnidadesAmbientalesyaEmpresasVinculadasalPAA_v3/flujograma%20seguimiento%20y%20control%20a%20unidades%20ambientales%20operadas%20por%20la%20sda%20y%20a%20empresas%20vinculadas%20al%20paa0.xls HTTP/1.1" 200 258560
181.244.0.21 - - [16/Oct/2014:07:47:01 -0500] "GET /galeria/nivo-slider/demo/demo.html HTTP/1.1" 200 3169
181.50.192.137 - - [16/Oct/2014:07:47:00 -0500] "POST /forms/lservlet;jsessionid=ac16012b30d57ad0266ae4ed4a559e8feeb5c982bade.e3iSbxaKaheRe34Sa3yKbhiTahb0n6jAmljGr5XDqQLvpAe HTTP/1.1" 200 14
186.115.75.166 - - [16/Oct/2014:07:47:01 -0500] "GET /BLA/boletinlegal/js/jquery.js HTTP/1.1" 200 57254
186.115.75.166 - - [16/Oct/2014:07:47:01 -0500] "GET /BLA/boletinlegal/js/jquery.scrollTo-min.js HTTP/1.1" 200 1150
186.115.75.166 - - [16/Oct/2014:07:47:01 -0500] "GET /BLA/boletinlegal/js/jquery.scrollShow.js HTTP/1.1" 200 4586
186.115.75.166 - - [16/Oct/2014:07:47:02 -0500] "GET /hidrico/aguas%20subterraneas/ HTTP/1.1" 404 1296
181.50.192.137 - - [16/Oct/2014:07:47:01 -0500] "POST /forms/lservlet;jsessionid=ac16012b30d57ad0266ae4ed4a559e8feeb5c982bade.e3iSbxaKaheRe34Sa3yKbhiTahb0n6jAmljGr5XDqQLvpAe HTTP/1.1" 200 14
181.50.192.137 - - [16/Oct/2014:07:47:02 -0500] "POST /forms/lservlet;jsessionid=ac16012b30d57ad0266ae4ed4a559e8feeb5c982bade.e3iSbxaKaheRe34Sa3yKbhiTahb0n6jAmljGr5XDqQLvpAe HTTP/1.1" 200 4602
181.50.192.137 - - [16/Oct/2014:07:47:03 -0500] "POST /forms/lservlet;jsessionid=ac16012b30d57ad0266ae4ed4a559e8feeb5c982bade.e3iSbxaKaheRe34Sa3yKbhiTahb0n6jAmljGr5XDqQLvpAe HTTP/1.1" 200 2
190.159.144.138 - - [16/Oct/2014:07:47:19 -0500] "GET /forest/login.do HTTP/1.1" 200 12365
186.181.37.164 - - [16/Oct/2014:07:47:26 -0500] "GET /videos/galeria-fotografica/index8.html? HTTP/1.1" 200 1971
190.248.52.136 - - [16/Oct/2014:07:47:27 -0500] "GET /BLA/boletinlegal/consulta_actos.php?tipo=resoluciones&no=1546&usuario=&sector=SILVICULTURA&fecha=2014&resuelve=banco%20de%20la%20republica HTTP/1.1" 200 623
186.181.37.164 - - [16/Oct/2014:07:47:27 -0500] "GET /videos/galeria-fotografica/js/jquery-flickr-gallery/jquery-flickr.css HTTP/1.1" 200 711
186.181.37.164 - - [16/Oct/2014:07:47:29 -0500] "GET /videos/galeria-fotografica/js/jquery-flickr-gallery/jquery-flickr-gallery.js HTTP/1.1" 200 9050
190.248.52.136 - - [16/Oct/2014:07:47:29 -0500] "GET /BLA/boletinlegal/consulta_actos.php?tipo=resoluciones&no=1546&usuario=&sector=SILVICULTURA&fecha=2014&resuelve=banco%20de%20la%20republica HTTP/1.1" 200 623
180.76.6.66 - - [16/Oct/2014:07:47:30 -0500] "GET /BLA/resoluciones/AUTOS%202010/6177.pdf HTTP/1.1" 200 215219
190.248.52.136 - - [16/Oct/2014:07:47:33 -0500] "GET /BLA/boletinlegal/consulta_actos.php?tipo=resoluciones&no=1546&usuario=&sector=SILVICULTURA&fecha=2008&resuelve=banco%20de%20la%20republica HTTP/1.1" 200 623
190.248.52.136 - - [16/Oct/2014:07:47:38 -0500] "GET /BLA/boletinlegal/consulta_actos.php?tipo=resoluciones&no=1546&usuario=&sector=SILVICULTURA&fecha=2009&resuelve=banco%20de%20la%20republica HTTP/1.1" 200 623
186.181.37.164 - - [16/Oct/2014:07:47:41 -0500] "GET /videos/galeria-fotografica/js/jquery-flickr-gallery/loader.gif HTTP/1.1" 200 2129
190.248.52.136 - - [16/Oct/2014:07:47:42 -0500] "GET /BLA/boletinlegal/consulta_actos.php?tipo=resoluciones&no=1546&usuario=&sector=SILVICULTURA&fecha=2010&resuelve=banco%20de%20la%20republica HTTP/1.1" 200 623
190.248.52.136 - - [16/Oct/2014:07:47:45 -0500] "GET /BLA/boletinlegal/consulta_actos.php?tipo=resoluciones&no=1546&usuario=&sector=SILVICULTURA&fecha=2011&resuelve=banco%20de%20la%20republica HTTP/1.1" 200 623
66.249.65.115 - - [16/Oct/2014:07:47:47 -0500] "GET /Residuos/quimicos/files/search/search47.xml HTTP/1.1" 404 1018
190.248.52.136 - - [16/Oct/2014:07:47:49 -0500] "GET /BLA/boletinlegal/consulta_actos.php?tipo=resoluciones&no=1546&usuario=&sector=SILVICULTURA&fecha=2012&resuelve=banco%20de%20la%20republica HTTP/1.1" 200 623
190.248.52.136 - - [16/Oct/2014:07:47:54 -0500] "GET /BLA/boletinlegal/consulta_actos.php?tipo=resoluciones&no=1546&usuario=&sector=SILVICULTURA&fecha=2013&resuelve=banco%20de%20la%20republica HTTP/1.1" 200 623
190.248.52.136 - - [16/Oct/2014:07:47:57 -0500] "GET /BLA/boletinlegal/consulta_actos.php?tipo=resoluciones&no=1546&usuario=&sector=SILVICULTURA&fecha=2014&resuelve=banco%20de%20la%20republica HTTP/1.1" 200 623
190.248.52.136 - - [16/Oct/2014:07:48:01 -0500] "GET /BLA/boletinlegal/consulta_actos.php?tipo=autos&no=1546&usuario=&sector=SILVICULTURA&fecha=2014&resuelve=banco%20de%20la%20republica HTTP/1.1" 200 623
190.248.52.136 - - [16/Oct/2014:07:48:04 -0500] "GET /BLA/boletinlegal/consulta_actos.php?tipo=autos&no=1546&usuario=&sector=SILVICULTURA&fecha=2013&resuelve=banco%20de%20la%20republica HTTP/1.1" 200 623
201.245.192.253 - - [16/Oct/2014:07:48:05 -0500] "GET /BLA/boletinlegal/consulta_actos.php?tipo=autos&no=4001&usuario=&sector=&fecha=2010&resuelve= HTTP/1.1" 200 623
190.248.52.136 - - [16/Oct/2014:07:48:09 -0500] "GET /BLA/boletinlegal/consulta_actos.php?tipo=autos&no=1546&usuario=&sector=SILVICULTURA&fecha=2012&resuelve=banco%20de%20la%20republica HTTP/1.1" 200 623
201.245.192.253 - - [16/Oct/2014:07:48:10 -0500] "GET /forest/session.jsp?a=0.8112695078597031 HTTP/1.1" 200 4
190.248.52.136 - - [16/Oct/2014:07:48:13 -0500] "GET /BLA/boletinlegal/consulta_actos.php?tipo=autos&no=1546&usuario=&sector=SILVICULTURA&fecha=2011&resuelve=banco%20de%20la%20republica HTTP/1.1" 200 623
190.248.52.136 - - [16/Oct/2014:07:48:17 -0500] "GET /BLA/boletinlegal/consulta_actos.php?tipo=autos&no=1546&usuario=&sector=SILVICULTURA&fecha=2010&resuelve=banco%20de%20la%20republica HTTP/1.1" 200 623
190.248.52.136 - - [16/Oct/2014:07:48:20 -0500] "GET /BLA/boletinlegal/consulta_actos.php?tipo=autos&no=1546&usuario=&sector=SILVICULTURA&fecha=2009&resuelve=banco%20de%20la%20republica HTTP/1.1" 200 623
190.248.52.136 - - [16/Oct/2014:07:48:22 -0500] "GET /BLA/boletinlegal/consulta_actos.php?tipo=autos&no=1546&usuario=&sector=SILVICULTURA&fecha=2008&resuelve=banco%20de%20la%20republica HTTP/1.1" 200 623
74.86.158.107 - - [16/Oct/2014:07:48:23 -0500] "HEAD / HTTP/1.1" 302 -
201.245.192.253 - - [16/Oct/2014:07:48:25 -0500] "GET /BLA/boletinlegal/consulta_actos.php?tipo=autos&no=0514&usuario=&sector=&fecha=2013&resuelve= HTTP/1.1" 200 993
181.50.192.137 - - [16/Oct/2014:07:48:33 -0500] "POST /forms/lservlet;jsessionid=ac16012b30d57ad0266ae4ed4a559e8feeb5c982bade.e3iSbxaKaheRe34Sa3yKbhiTahb0n6jAmljGr5XDqQLvpAe HTTP/1.1" 200 2
186.30.68.28 - - [16/Oct/2014:07:48:34 -0500] "POST /forms/lservlet;jsessionid=ac16012b30d5449f507cda6040768c458a5d3f2b5581.e3iSbxaKaheRe34Sa3yKbhiTahb0n6jAmljGr5XDqQLvpAe HTTP/1.1" 200 2
186.28.200.40 - - [16/Oct/2014:07:48:34 -0500] "GET /isolucionsda/ HTTP/1.1" 200 739
186.28.200.40 - - [16/Oct/2014:07:48:36 -0500] "GET /isolucionsda/IdentificaUsuario.asp?Pagina1=FrameSetGeneral.asp& HTTP/1.1" 302 173
186.28.200.40 - - [16/Oct/2014:07:48:36 -0500] "GET /isolucionsda/FrameSetGeneral.asp?Pagina1=FrameSetGeneral.asp& HTTP/1.1" 200 6613
186.28.200.40 - - [16/Oct/2014:07:48:37 -0500] "GET /isolucionsda/Encabezado.asp?Pagina1=FrameSetGeneral.asp&&Pagina=MagazinHome.asp HTTP/1.1" 200 15374
186.28.200.40 - - [16/Oct/2014:07:48:37 -0500] "GET /isolucionsda/BarraTitulos.asp?Pagina1=FrameSetGeneral.asp&&Pagina=MagazinHome.asp HTTP/1.1" 200 6972
186.28.200.40 - - [16/Oct/2014:07:48:37 -0500] "GET /isolucionsda/BarraFavoritos.asp HTTP/1.1" 200 911
186.28.200.40 - - [16/Oct/2014:07:48:37 -0500] "GET /isolucionsda/Session.asp?Continue=1 HTTP/1.1" 200 6324
186.28.200.40 - - [16/Oct/2014:07:48:37 -0500] "GET /isolucionsda/MagazinHome.asp HTTP/1.1" 200 25853
186.28.200.40 - - [16/Oct/2014:07:48:37 -0500] "GET /isolucionsda/TareasSFRedirect.asp HTTP/1.1" 302 195
186.28.200.40 - - [16/Oct/2014:07:48:37 -0500] "GET /isolucionsda/g/Bgr_Destacado3399CC.jpg HTTP/1.1" 404 5217
186.28.200.40 - - [16/Oct/2014:07:48:37 -0500] "GET /isolucionsda/Login.aspx?TARGET=SFContainerFiltrado.aspx&number=48555150496754524569 HTTP/1.1" 302 886
186.28.200.40 - - [16/Oct/2014:07:48:38 -0500] "GET /isolucionsda/SFContainerFiltrado.aspx?Number=48555150496754524569 HTTP/1.1" 200 14314
186.28.200.40 - - [16/Oct/2014:07:48:39 -0500] "GET /isolucionsda/DetalleTareas.aspx?Number=48555150496754524569 HTTP/1.1" 200 5355
186.28.200.40 - - [16/Oct/2014:07:48:39 -0500] "GET /isolucionsda/auxlib.js HTTP/1.1" 404 5185
186.28.200.40 - - [16/Oct/2014:07:48:39 -0500] "GET /isolucionsda/infowndcore.js HTTP/1.1" 404 5195
186.28.200.40 - - [16/Oct/2014:07:48:39 -0500] "GET /isolucionsda/infowndpublic.js HTTP/1.1" 404 5199
186.28.200.40 - - [16/Oct/2014:07:48:39 -0500] "GET /isolucionsda/infowndpublic.js HTTP/1.1" 404 5199
186.28.200.40 - - [16/Oct/2014:07:48:39 -0500] "GET /isolucionsda/infowndcore.js HTTP/1.1" 404 5195
186.28.200.40 - - [16/Oct/2014:07:48:40 -0500] "GET /isolucionsda/FrameSetGeneral.asp?Pagina=Menu.asp&IdModulo=4 HTTP/1.1" 200 6583
186.28.200.40 - - [16/Oct/2014:07:48:40 -0500] "GET /isolucionsda/Encabezado.asp?Pagina=Menu.asp&IdModulo=4 HTTP/1.1" 200 15389
186.28.200.40 - - [16/Oct/2014:07:48:40 -0500] "GET /isolucionsda/BarraFavoritos.asp HTTP/1.1" 200 911
186.28.200.40 - - [16/Oct/2014:07:48:40 -0500] "GET /isolucionsda/Menu.asp?Pagina=Menu.asp&IdModulo=4 HTTP/1.1" 200 9682
186.28.200.40 - - [16/Oct/2014:07:48:40 -0500] "GET /isolucionsda/BarraTitulos.asp?Pagina=Menu.asp&IdModulo=4 HTTP/1.1" 200 6985
186.28.200.40 - - [16/Oct/2014:07:48:40 -0500] "GET /isolucionsda/Session.asp?Continue=1 HTTP/1.1" 200 6324
186.28.200.40 - - [16/Oct/2014:07:48:41 -0500] "GET /isolucionsda/FrameSetGeneral.asp?Pagina=ListadoMaestroDocumentos3.asp HTTP/1.1" 200 6634
186.28.200.40 - - [16/Oct/2014:07:48:42 -0500] "GET /isolucionsda/Encabezado.asp?Pagina=ListadoMaestroDocumentos3.asp HTTP/1.1" 200 15364
186.28.200.40 - - [16/Oct/2014:07:48:42 -0500] "GET /isolucionsda/ListadoMaestroDocumentos3.asp?Pagina=ListadoMaestroDocumentos3.asp HTTP/1.1" 200 11467
186.28.200.40 - - [16/Oct/2014:07:48:42 -0500] "GET /isolucionsda/BarraFavoritos.asp HTTP/1.1" 200 911
186.28.200.40 - - [16/Oct/2014:07:48:42 -0500] "GET /isolucionsda/BarraTitulos.asp?Pagina=ListadoMaestroDocumentos3.asp HTTP/1.1" 200 6985
186.28.200.40 - - [16/Oct/2014:07:48:42 -0500] "GET /isolucionsda/Session.asp?Continue=1 HTTP/1.1" 200 6324
190.248.52.136 - - [16/Oct/2014:07:48:43 -0500] "GET /BLA/boletinlegal/doctrina.php HTTP/1.1" 200 4953
190.248.52.136 - - [16/Oct/2014:07:48:43 -0500] "GET /BLA/boletinlegal/js/ajax_doctrina.js HTTP/1.1" 200 772
190.248.52.136 - - [16/Oct/2014:07:48:43 -0500] "GET /BLA/boletinlegal/images/sub_ul_li.gif HTTP/1.1" 200 343
201.245.192.253 - - [16/Oct/2014:07:48:46 -0500] "GET /BLA/boletinlegal/consulta_actos.php?tipo=autos&no=0026&usuario=&sector=&fecha=2013&resuelve= HTTP/1.1" 200 1089
186.28.200.40 - - [16/Oct/2014:07:48:46 -0500] "POST /isolucionsda/ListadoMaestroDocumentos3.asp HTTP/1.1" 200 14922
190.248.52.136 - - [16/Oct/2014:07:48:48 -0500] "GET /BLA/boletinlegal/jurisprudencia.php HTTP/1.1" 200 10741
190.248.52.136 - - [16/Oct/2014:07:48:48 -0500] "GET /BLA/boletinlegal/images/hover.png HTTP/1.1" 200 59469
190.248.52.136 - - [16/Oct/2014:07:48:49 -0500] "GET /BLA/boletinlegal/images/jurisprudencia.png HTTP/1.1" 200 66721
186.28.200.40 - - [16/Oct/2014:07:48:49 -0500] "GET /isolucionsda/FramesetArticulo.asp?Pagina=bancoconocimiento%2FS%2FSeguimientoyControlaUnidadesAmbientalesoperadasporlaSDAyaEmpresasVinculadasalPAA%5Fv3%2FSeguimientoyControlaUnidadesAmbientalesoperadasporlaSDAyaEmpresasVinculadasalPAA%5Fv3%2Easp&IdArticulo=6934 HTTP/1.1" 200 7749
186.28.200.40 - - [16/Oct/2014:07:48:49 -0500] "GET /isolucionsda/Arriba.asp?Pagina=bancoconocimiento%2FS%2FSeguimientoyControlaUnidadesAmbientalesoperadasporlaSDAyaEmpresasVinculadasalPAA%5Fv3%2FSeguimientoyControlaUnidadesAmbientalesoperadasporlaSDAyaEmpresasVinculadasalPAA%5Fv3%2Easp&IdArticulo=6934 HTTP/1.1" 200 10799
186.28.200.40 - - [16/Oct/2014:07:48:49 -0500] "GET /isolucionsda/bancoconocimiento/S/SeguimientoyControlaUnidadesAmbientalesoperadasporlaSDAyaEmpresasVinculadasalPAA_v3/SeguimientoyControlaUnidadesAmbientalesoperadasporlaSDAyaEmpresasVinculadasalPAA_v3.asp?IdArticulo=6934 HTTP/1.1" 200 73848
186.28.200.40 - - [16/Oct/2014:07:48:50 -0500] "GET /isolucionsda/g/vacio1x1.gif HTTP/1.1" 404 5195
201.245.192.253 - - [16/Oct/2014:07:48:52 -0500] "GET /BLA/boletinlegal/consulta_actos.php?tipo=autos&no=0032&usuario=&sector=&fecha=2013&resuelve= HTTP/1.1" 200 623
186.28.200.40 - - [16/Oct/2014:07:48:56 -0500] "GET /isolucionsda/FrameSetArticulo.asp?Pagina=/isolucionsda/bancoconocimiento/F/FlujogramaSeguimientoyControlaUnidadesAmbientalesyaEmpresasVinculadasalPAA_v3/FlujogramaSeguimientoyControlaUnidadesAmbientalesyaEmpresasVinculadasalPAA_v3.asp?IdArticulo=6935 HTTP/1.1" 200 7749
186.28.200.40 - - [16/Oct/2014:07:48:56 -0500] "GET /isolucionsda/Arriba.asp?Pagina=/isolucionsda/bancoconocimiento/F/FlujogramaSeguimientoyControlaUnidadesAmbientalesyaEmpresasVinculadasalPAA_v3/FlujogramaSeguimientoyControlaUnidadesAmbientalesyaEmpresasVinculadasalPAA_v3.asp?IdArticulo=6935 HTTP/1.1" 200 10778
