200.3.154.148 - - [16/Oct/2014:08:28:30 -0500] "GET /galeria/nivo-slider/demo/images/banner-llantas2.jpg HTTP/1.1" 200 73153
201.245.192.253 - - [16/Oct/2014:08:22:30 -0500] "GET /ForestMSG_SDA/channelAsync/template_word_16692585?X-Atmosphere-tracking-id=67090949-6c0f-8327-6a70-63ae240e70ad&X-Atmosphere-Framework=1.0.5&X-Atmosphere-Transport=long-polling&tabid=0.03872737345533228&X-Cache-Date=0&Content-Type=application/xml&_=1413465858965 HTTP/1.1" 200 8193
201.245.192.253 - - [16/Oct/2014:08:28:30 -0500] "GET /BLA/boletinlegal/consulta_actos.php?tipo=autos&no=2366&usuario=&sector=&fecha=2014&resuelve= HTTP/1.1" 200 623
201.245.192.253 - - [16/Oct/2014:08:28:31 -0500] "GET /isolucionsda/FramesetArticulo.asp?Pagina=bancoconocimiento%2FE%2FEvaluacion%5FControlySeguimientoalosprocesosproductivosadelantadosporlasempresasForestales%5Fv5%2FEvaluacion%5FControlySeguimientoalosprocesosproductivosadelantadosporlasempresasForestales%5Fv5%2Easp&IdArticulo=7415 HTTP/1.1" 200 7821
201.245.192.253 - - [16/Oct/2014:08:28:31 -0500] "GET /isolucionsda/bancoconocimiento/E/Evaluacion_ControlySeguimientoalosprocesosproductivosadelantadosporlasempresasForestales_v5/Evaluacion_ControlySeguimientoalosprocesosproductivosadelantadosporlasempresasForestales_v5.asp?IdArticulo=7415 HTTP/1.1" 200 205
201.245.192.253 - - [16/Oct/2014:08:28:31 -0500] "GET /isolucionsda/Arriba.asp?Pagina=bancoconocimiento%2FE%2FEvaluacion%5FControlySeguimientoalosprocesosproductivosadelantadosporlasempresasForestales%5Fv5%2FEvaluacion%5FControlySeguimientoalosprocesosproductivosadelantadosporlasempresasForestales%5Fv5%2Easp&IdArticulo=7415 HTTP/1.1" 200 10829
201.245.192.253 - - [16/Oct/2014:08:28:31 -0500] "GET /isolucionsda/bancoconocimiento/E/Evaluacion_ControlySeguimientoalosprocesosproductivosadelantadosporlasempresasForestales_v5/Evaluacion_ControlySeguimientoalosprocesosproductivosadelantadosporlasempresasForestales_v5.asp?IdArticulo=7415 HTTP/1.1" 200 83813
201.245.192.253 - - [16/Oct/2014:08:28:31 -0500] "GET /isolucionsda/g/vacio1x1.gif HTTP/1.1" 404 5195
66.249.65.51 - - [16/Oct/2014:08:28:31 -0500] "GET /pml/foto.gif HTTP/1.1" 404 1019
186.30.68.28 - - [16/Oct/2014:08:28:36 -0500] "POST /forms/lservlet;jsessionid=ac16012b30d5449f507cda6040768c458a5d3f2b5581.e3iSbxaKaheRe34Sa3yKbhiTahb0n6jAmljGr5XDqQLvpAe HTTP/1.1" 200 2
186.115.175.84 - - [16/Oct/2014:08:28:36 -0500] "POST /forms/lservlet;jsessionid=ac16012b30d52aae8b577b324cd090e9f861723dbccb.e3iSbxaKaheRe34Sa3yKbhiTahb0n6jAmljGr5XDqQLvpAe HTTP/1.1" 200 2
201.245.192.253 - - [16/Oct/2014:08:28:36 -0500] "GET /isolucionsda/FrameSetArticulo.asp?Pagina=/isolucionsda/BancoConocimiento/O/OFICIORESPUESTAQUEJOSO_v5_0/OFICIORESPUESTAQUEJOSO_v5_0.asp?IdArticulo=7433 HTTP/1.1" 200 7349
200.3.154.148 - - [16/Oct/2014:08:28:36 -0500] "GET /galeria/nivo-slider/demo/images/banner-encuesta.jpg HTTP/1.1" 200 42764
201.245.192.253 - - [16/Oct/2014:08:28:36 -0500] "GET /isolucionsda/Arriba.asp?Pagina=/isolucionsda/BancoConocimiento/O/OFICIORESPUESTAQUEJOSO_v5_0/OFICIORESPUESTAQUEJOSO_v5_0.asp?IdArticulo=7433 HTTP/1.1" 200 10560
201.245.192.253 - - [16/Oct/2014:08:28:36 -0500] "GET /isolucionsda/BancoConocimiento/O/OFICIORESPUESTAQUEJOSO_v5_0/OFICIORESPUESTAQUEJOSO_v5_0.asp?IdArticulo=7433 HTTP/1.1" 302 143
201.245.192.253 - - [16/Oct/2014:08:28:36 -0500] "GET /isolucionsda/BancoConocimiento/O/OFICIORESPUESTAQUEJOSO_v5_0/126pm04-pr48-m-a70.doc HTTP/1.1" 200 65024
201.245.192.253 - - [16/Oct/2014:08:28:36 -0500] "GET /BLA/boletinlegal/consulta_actos.php?tipo=autos&no=2637&usuario=&sector=&fecha=2014&resuelve= HTTP/1.1" 200 623
181.50.192.137 - - [16/Oct/2014:08:28:38 -0500] "POST /forms/lservlet;jsessionid=ac16012b30d57ad0266ae4ed4a559e8feeb5c982bade.e3iSbxaKaheRe34Sa3yKbhiTahb0n6jAmljGr5XDqQLvpAe HTTP/1.1" 200 2
200.3.154.148 - - [16/Oct/2014:08:28:40 -0500] "GET /galeria/nivo-slider/demo/images/banner-caballos.png HTTP/1.1" 200 389106
201.245.192.253 - - [16/Oct/2014:08:25:40 -0500] "GET /ForestMSG_SDA/channelAsync/template_word_16677577?X-Atmosphere-tracking-id=7682d07c-065b-77e7-1b07-bff77c8245f0&X-Atmosphere-Framework=1.0.5&X-Atmosphere-Transport=long-polling&tabid=0.4493042887736026&X-Cache-Date=0&Content-Type=application/xml&_=1413466049558 HTTP/1.1" 200 8193
200.3.154.148 - - [16/Oct/2014:08:28:42 -0500] "GET /videos/Spot_Tinguas.flv HTTP/1.1" 200 2087054
200.3.154.148 - - [16/Oct/2014:08:28:42 -0500] "GET /galeria/nivo-slider/demo/images/ConstructorasFNL.jpg HTTP/1.1" 200 216551
200.3.154.148 - - [16/Oct/2014:08:28:43 -0500] "GET /galeria/nivo-slider/demo/images/Hacienda_Molinos.jpg HTTP/1.1" 200 319171
201.245.192.253 - - [16/Oct/2014:08:28:43 -0500] "GET /BLA/boletinlegal/consulta_actos.php?tipo=autos&no=2653&usuario=&sector=&fecha=2014&resuelve= HTTP/1.1" 200 623
201.245.192.253 - - [16/Oct/2014:08:28:44 -0500] "GET /isolucionsda/FrameSetGeneral.asp?Pagina=Menu.asp&IdModulo=4 HTTP/1.1" 200 6583
201.245.192.253 - - [16/Oct/2014:08:28:44 -0500] "GET /isolucionsda/Encabezado.asp?Pagina=Menu.asp&IdModulo=4 HTTP/1.1" 200 15389
201.245.192.253 - - [16/Oct/2014:08:28:44 -0500] "GET /isolucionsda/BarraTitulos.asp?Pagina=Menu.asp&IdModulo=4 HTTP/1.1" 200 6985
201.245.192.253 - - [16/Oct/2014:08:28:44 -0500] "GET /isolucionsda/BarraFavoritos.asp HTTP/1.1" 200 911
201.245.192.253 - - [16/Oct/2014:08:28:44 -0500] "GET /isolucionsda/Menu.asp?Pagina=Menu.asp&IdModulo=4 HTTP/1.1" 200 9682
201.245.192.253 - - [16/Oct/2014:08:28:44 -0500] "GET /isolucionsda/Session.asp?Continue=1 HTTP/1.1" 200 6324
201.245.192.253 - - [16/Oct/2014:08:28:45 -0500] "GET /isolucionsda/FrameSetGeneral.asp?Pagina=ListadoMaestroDocumentos3.asp HTTP/1.1" 200 6634
201.245.192.253 - - [16/Oct/2014:08:28:45 -0500] "GET /isolucionsda/BarraTitulos.asp?Pagina=ListadoMaestroDocumentos3.asp HTTP/1.1" 200 6985
201.245.192.253 - - [16/Oct/2014:08:28:45 -0500] "GET /isolucionsda/Encabezado.asp?Pagina=ListadoMaestroDocumentos3.asp HTTP/1.1" 200 15364
201.245.192.253 - - [16/Oct/2014:08:28:45 -0500] "GET /isolucionsda/BarraFavoritos.asp HTTP/1.1" 200 911
201.245.192.253 - - [16/Oct/2014:08:28:45 -0500] "GET /isolucionsda/ListadoMaestroDocumentos3.asp?Pagina=ListadoMaestroDocumentos3.asp HTTP/1.1" 200 11467
201.245.192.253 - - [16/Oct/2014:08:28:45 -0500] "GET /isolucionsda/Session.asp?Continue=1 HTTP/1.1" 200 6324
200.3.154.148 - - [16/Oct/2014:08:28:46 -0500] "GET /galeria/nivo-slider/demo/images/bannerEcolecta3.jpg HTTP/1.1" 200 280034
201.245.192.253 - - [16/Oct/2014:08:28:46 -0500] "GET /galeria/nivo-slider/demo/images/banner-llantas2.jpg HTTP/1.1" 304 -
180.76.5.64 - - [16/Oct/2014:08:28:47 -0500] "GET /BLA/resoluciones/AUTOS%202007/1663.pdf HTTP/1.1" 200 214091
201.245.192.253 - - [16/Oct/2014:08:28:47 -0500] "POST /isolucionsda/ListadoMaestroDocumentos3.asp HTTP/1.1" 200 13966
201.245.192.253 - - [16/Oct/2014:08:28:49 -0500] "GET /BLA/boletinlegal/consulta_actos.php?tipo=autos&no=2657&usuario=&sector=&fecha=2014&resuelve= HTTP/1.1" 200 623
200.3.154.148 - - [16/Oct/2014:08:28:49 -0500] "GET /galeria/nivo-slider/themes/default/bullets.png HTTP/1.1" 200 1281
201.245.192.253 - - [16/Oct/2014:08:28:49 -0500] "GET /isolucionsda/FramesetArticulo.asp?Pagina=bancoconocimiento%2FE%2FEvaluacion%5FControlySeguimientoalosprocesosproductivosadelantadosporlasempresasForestales%5Fv5%2FEvaluacion%5FControlySeguimientoalosprocesosproductivosadelantadosporlasempresasForestales%5Fv5%2Easp&IdArticulo=7415 HTTP/1.1" 200 7821
201.245.192.253 - - [16/Oct/2014:08:28:49 -0500] "GET /isolucionsda/Arriba.asp?Pagina=bancoconocimiento%2FE%2FEvaluacion%5FControlySeguimientoalosprocesosproductivosadelantadosporlasempresasForestales%5Fv5%2FEvaluacion%5FControlySeguimientoalosprocesosproductivosadelantadosporlasempresasForestales%5Fv5%2Easp&IdArticulo=7415 HTTP/1.1" 200 10829
200.3.154.148 - - [16/Oct/2014:08:28:49 -0500] "GET /galeria/nivo-slider/themes/default/arrows.png HTTP/1.1" 200 824
201.245.192.253 - - [16/Oct/2014:08:28:49 -0500] "GET /isolucionsda/bancoconocimiento/E/Evaluacion_ControlySeguimientoalosprocesosproductivosadelantadosporlasempresasForestales_v5/Evaluacion_ControlySeguimientoalosprocesosproductivosadelantadosporlasempresasForestales_v5.asp?IdArticulo=7415 HTTP/1.1" 200 83813
201.245.192.253 - - [16/Oct/2014:08:28:49 -0500] "GET /isolucionsda/g/vacio1x1.gif HTTP/1.1" 404 5195
201.245.192.253 - - [16/Oct/2014:08:28:55 -0500] "GET /BLA/boletinlegal/consulta_actos.php?tipo=autos&no=2882&usuario=&sector=&fecha=2014&resuelve= HTTP/1.1" 200 623
168.176.79.15 - - [16/Oct/2014:08:28:55 -0500] "GET /galeria/nivo-slider/demo/demo.html HTTP/1.1" 200 3169
168.176.79.15 - - [16/Oct/2014:08:28:56 -0500] "GET /galeria/nivo-slider/themes/default/default.css HTTP/1.1" 200 1569
168.176.79.15 - - [16/Oct/2014:08:28:56 -0500] "GET /galeria/nivo-slider/themes/pascal/pascal.css HTTP/1.1" 200 2258
168.176.79.15 - - [16/Oct/2014:08:28:56 -0500] "GET /galeria/nivo-slider/themes/orman/orman.css HTTP/1.1" 200 2152
172.22.2.1 - - [16/Oct/2014:08:28:57 -0500] "GET /galeria/nivo-slider/demo/demo.html HTTP/1.1" 304 -
172.22.2.1 - - [16/Oct/2014:08:28:57 -0500] "GET /galeria/nivo-slider/demo/images/EncuentroAgua1.jpg HTTP/1.1" 304 -
172.22.2.1 - - [16/Oct/2014:08:28:57 -0500] "GET /galeria/nivo-slider/demo/images/Banner-Caracol-Africano.jpg HTTP/1.1" 206 1
172.22.2.1 - - [16/Oct/2014:08:28:57 -0500] "GET /galeria/nivo-slider/demo/images/banner-caballos.png HTTP/1.1" 206 1
172.22.2.1 - - [16/Oct/2014:08:28:57 -0500] "GET /galeria/nivo-slider/demo/images/ConstructorasFNL.jpg HTTP/1.1" 200 216551
172.22.2.1 - - [16/Oct/2014:08:28:57 -0500] "GET /galeria/nivo-slider/demo/images/Hacienda_Molinos.jpg HTTP/1.1" 200 319171
168.176.79.15 - - [16/Oct/2014:08:28:58 -0500] "GET /galeria/nivo-slider/nivo-slider.css HTTP/1.1" 200 1507
168.176.79.15 - - [16/Oct/2014:08:28:58 -0500] "GET /galeria/nivo-slider/demo/style.css HTTP/1.1" 200 2222
168.176.79.15 - - [16/Oct/2014:08:28:58 -0500] "GET /galeria/nivo-slider/demo/images/EncuentroAgua1.jpg HTTP/1.1" 200 274179
172.22.2.1 - - [16/Oct/2014:08:28:58 -0500] "GET /galeria/nivo-slider/demo/images/Banner-Caracol-Africano.jpg HTTP/1.1" 200 331986
172.22.2.1 - - [16/Oct/2014:08:28:58 -0500] "GET /galeria/nivo-slider/demo/images/banner-caballos.png HTTP/1.1" 200 389106
168.176.79.15 - - [16/Oct/2014:08:28:59 -0500] "GET /galeria/nivo-slider/demo/images/Tingua-azul.jpg HTTP/1.1" 200 307638
168.176.79.15 - - [16/Oct/2014:08:28:59 -0500] "GET /galeria/nivo-slider/demo/images/Banner-Caracol-Africano.jpg HTTP/1.1" 200 331986
168.176.79.15 - - [16/Oct/2014:08:29:00 -0500] "GET /galeria/nivo-slider/demo/images/9Signos.jpg HTTP/1.1" 200 93040
172.22.2.1 - - [16/Oct/2014:08:29:00 -0500] "GET /galeria/nivo-slider/demo/images/ConstructorasFNL.jpg HTTP/1.1" 200 216551
172.22.2.1 - - [16/Oct/2014:08:29:00 -0500] "GET /galeria/nivo-slider/demo/images/Hacienda_Molinos.jpg HTTP/1.1" 206 1
172.22.2.1 - - [16/Oct/2014:08:29:00 -0500] "GET /galeria/nivo-slider/demo/images/bannerEcolecta3.jpg HTTP/1.1" 200 280034
201.245.192.253 - - [16/Oct/2014:08:29:00 -0500] "GET /BLA/boletinlegal/consulta_actos.php?tipo=autos&no=2905&usuario=&sector=&fecha=2014&resuelve= HTTP/1.1" 200 623
168.176.79.15 - - [16/Oct/2014:08:29:04 -0500] "GET /galeria/nivo-slider/demo/images/banner-encuesta.jpg HTTP/1.1" 200 42764
201.245.192.253 - - [16/Oct/2014:08:29:06 -0500] "GET /BLA/boletinlegal/consulta_actos.php?tipo=autos&no=1148&usuario=&sector=&fecha=2014&resuelve= HTTP/1.1" 200 623
201.245.192.253 - - [16/Oct/2014:08:29:06 -0500] "GET /BLA/boletinlegal/consulta_actos.php?tipo=autos&no=2970&usuario=&sector=&fecha=2014&resuelve= HTTP/1.1" 200 623
168.176.79.15 - - [16/Oct/2014:08:29:10 -0500] "GET /galeria/nivo-slider/demo/images/banner-llantas2.jpg HTTP/1.1" 200 73153
201.245.192.253 - - [16/Oct/2014:08:29:12 -0500] "GET /BLA/boletinlegal/consulta_actos.php?tipo=autos&no=2994&usuario=&sector=&fecha=2014&resuelve= HTTP/1.1" 200 623
201.245.192.253 - - [16/Oct/2014:08:29:12 -0500] "GET /BLA/boletinlegal/consulta_actos.php?tipo=autos&no=1518&usuario=&sector=&fecha=2014&resuelve= HTTP/1.1" 200 623
181.135.104.104 - - [16/Oct/2014:08:29:14 -0500] "GET /BLA/ HTTP/1.1" 200 538
190.254.16.73 - - [16/Oct/2014:08:29:16 -0500] "GET /BLA/boletinlegal/js/jquery.scrollTo-min.js HTTP/1.1" 200 1150
190.254.16.73 - - [16/Oct/2014:08:29:17 -0500] "GET /BLA/boletinlegal/js/jquery.js HTTP/1.1" 200 57254
190.254.16.73 - - [16/Oct/2014:08:29:17 -0500] "GET /BLA/boletinlegal/js/jquery.scrollShow.js HTTP/1.1" 200 4586
190.254.16.73 - - [16/Oct/2014:08:29:17 -0500] "GET /galeria/carrusel/Carrusel/jquery.thumbnailScroller.css HTTP/1.1" 200 2066
201.245.192.253 - - [16/Oct/2014:08:29:17 -0500] "GET /BLA/boletinlegal/consulta_actos.php?tipo=autos&no=2996&usuario=&sector=&fecha=2014&resuelve= HTTP/1.1" 200 623
201.245.192.253 - - [16/Oct/2014:08:29:18 -0500] "GET /BLA/boletinlegal/consulta_actos.php?tipo=autos&no=1942&usuario=&sector=&fecha=2014&resuelve= HTTP/1.1" 200 623
190.254.16.73 - - [16/Oct/2014:08:29:18 -0500] "GET /galeria/carrusel/Carrusel/jquery-ui-1.8.13.custom.min.js HTTP/1.1" 200 10800
190.254.16.73 - - [16/Oct/2014:08:29:19 -0500] "GET /galeria/carrusel/Carrusel/jquery.thumbnailScroller.js HTTP/1.1" 200 8157
148.215.28.65 - - [16/Oct/2014:08:29:20 -0500] "GET /BLA/boletinlegal/js/jquery.js HTTP/1.1" 200 57254
148.215.28.65 - - [16/Oct/2014:08:29:20 -0500] "GET /BLA/boletinlegal/js/jquery.scrollTo-min.js HTTP/1.1" 200 1150
148.215.28.65 - - [16/Oct/2014:08:29:20 -0500] "GET /BLA/boletinlegal/js/jquery.scrollShow.js HTTP/1.1" 200 4586
201.245.192.253 - - [16/Oct/2014:08:29:23 -0500] "GET /BLA/boletinlegal/consulta_actos.php?tipo=autos&no=3129&usuario=&sector=&fecha=2014&resuelve= HTTP/1.1" 200 623
201.245.192.253 - - [16/Oct/2014:08:29:26 -0500] "GET /BLA/boletinlegal/consulta_actos.php?tipo=autos&no=2000&usuario=&sector=&fecha=2014&resuelve= HTTP/1.1" 200 623
181.48.9.62 - - [16/Oct/2014:08:29:26 -0500] "GET /hidrico/aguas%20subterraneas/ HTTP/1.1" 404 1296
190.254.16.73 - - [16/Oct/2014:08:29:28 -0500] "GET /galeria/nivo-slider/demo/demo.html HTTP/1.1" 200 3169
201.245.192.253 - - [16/Oct/2014:08:29:29 -0500] "GET /BLA/boletinlegal/consulta_actos.php?tipo=autos&no=3564&usuario=&sector=&fecha=2014&resuelve= HTTP/1.1" 200 623
190.254.16.73 - - [16/Oct/2014:08:29:30 -0500] "GET /galeria/nivo-slider/themes/default/default.css HTTP/1.1" 200 1569
190.254.16.73 - - [16/Oct/2014:08:29:30 -0500] "GET /galeria/nivo-slider/themes/pascal/pascal.css HTTP/1.1" 200 2258
190.254.16.73 - - [16/Oct/2014:08:29:30 -0500] "GET /galeria/nivo-slider/themes/orman/orman.css HTTP/1.1" 200 2152
190.254.16.73 - - [16/Oct/2014:08:29:30 -0500] "GET /galeria/nivo-slider/demo/style.css HTTP/1.1" 200 2222
190.254.16.73 - - [16/Oct/2014:08:29:30 -0500] "GET /galeria/nivo-slider/nivo-slider.css HTTP/1.1" 200 1507
190.254.16.73 - - [16/Oct/2014:08:29:31 -0500] "GET /galeria/nivo-slider/demo/images/Tingua-azul.jpg HTTP/1.1" 200 307638
190.254.16.73 - - [16/Oct/2014:08:29:31 -0500] "GET /galeria/nivo-slider/demo/images/Banner-Caracol-Africano.jpg HTTP/1.1" 200 331986
190.254.16.73 - - [16/Oct/2014:08:29:31 -0500] "GET /galeria/nivo-slider/demo/images/EncuentroAgua1.jpg HTTP/1.1" 200 274179
190.254.16.73 - - [16/Oct/2014:08:29:31 -0500] "GET /galeria/nivo-slider/demo/images/9Signos.jpg HTTP/1.1" 200 93040
190.254.16.73 - - [16/Oct/2014:08:29:31 -0500] "GET /galeria/nivo-slider/demo/images/banner-encuesta.jpg HTTP/1.1" 200 42764
190.254.16.73 - - [16/Oct/2014:08:29:31 -0500] "GET /galeria/nivo-slider/demo/images/banner-llantas2.jpg HTTP/1.1" 200 73153
201.245.192.253 - - [16/Oct/2014:08:29:32 -0500] "GET /BLA/boletinlegal/consulta_actos.php?tipo=autos&no=2062&usuario=&sector=&fecha=2014&resuelve= HTTP/1.1" 200 623
200.24.27.182 - - [16/Oct/2014:08:29:32 -0500] "GET /BLA/boletinlegal/js/jquery.js HTTP/1.1" 200 57254
200.24.27.186 - - [16/Oct/2014:08:29:32 -0500] "GET /BLA/boletinlegal/js/jquery.scrollTo-min.js HTTP/1.1" 200 1150
200.24.27.188 - - [16/Oct/2014:08:29:32 -0500] "GET /BLA/boletinlegal/js/jquery.scrollShow.js HTTP/1.1" 200 4586
190.254.16.73 - - [16/Oct/2014:08:29:32 -0500] "GET /galeria/nivo-slider/demo/images/banner-caballos.png HTTP/1.1" 200 389106
190.254.16.73 - - [16/Oct/2014:08:29:32 -0500] "GET /galeria/nivo-slider/demo/images/ConstructorasFNL.jpg HTTP/1.1" 200 216551
190.254.16.73 - - [16/Oct/2014:08:29:33 -0500] "GET /galeria/nivo-slider/demo/images/Hacienda_Molinos.jpg HTTP/1.1" 200 319171
200.3.154.148 - - [16/Oct/2014:08:29:35 -0500] "GET /videos/galeria-cronicas/1V3wnplaylist.htm? HTTP/1.1" 200 4013
200.3.154.148 - - [16/Oct/2014:08:29:35 -0500] "GET /videos/galeria-cronicas/skin/blue.monday/jplayer.blue.monday.css HTTP/1.1" 200 12518
200.3.154.148 - - [16/Oct/2014:08:29:35 -0500] "GET /videos/galeria-cronicas/js/jquery.jplayer.min.js HTTP/1.1" 200 43668
200.3.154.148 - - [16/Oct/2014:08:29:35 -0500] "GET /videos/galeria-cronicas/js/jplayer.playlist.min.js HTTP/1.1" 200 8608
201.245.192.253 - - [16/Oct/2014:08:29:35 -0500] "GET /BLA/boletinlegal/consulta_actos.php?tipo=autos&no=3693&usuario=&sector=&fecha=2014&resuelve= HTTP/1.1" 200 623
190.254.16.73 - - [16/Oct/2014:08:29:36 -0500] "GET /galeria/nivo-slider/demo/images/bannerEcolecta3.jpg HTTP/1.1" 200 280034
190.254.16.73 - - [16/Oct/2014:08:29:37 -0500] "GET /galeria/nivo-slider/demo/scripts/jquery-1.7.1.min.js HTTP/1.1" 200 93868
201.245.192.253 - - [16/Oct/2014:08:29:39 -0500] "GET /BLA/boletinlegal/consulta_actos.php?tipo=autos&no=2076&usuario=&sector=&fecha=2014&resuelve= HTTP/1.1" 200 623
190.254.16.73 - - [16/Oct/2014:08:29:39 -0500] "GET /galeria/nivo-slider/jquery.nivo.slider.pack.js HTTP/1.1" 200 11561
190.254.16.73 - - [16/Oct/2014:08:29:39 -0500] "GET /galeria/nivo-slider/demo/images/4Simple_Slider.png HTTP/1.1" 200 11722
190.254.16.73 - - [16/Oct/2014:08:29:39 -0500] "GET /galeria/nivo-slider/themes/default/loading.gif HTTP/1.1" 200 1737
201.245.192.253 - - [16/Oct/2014:08:29:41 -0500] "GET /BLA/boletinlegal/consulta_actos.php?tipo=autos&no=3709&usuario=&sector=&fecha=2014&resuelve= HTTP/1.1" 200 623
200.3.154.148 - - [16/Oct/2014:08:29:42 -0500] "GET /videos/galeria-cronicas/skin/blue.monday/jplayer.blue.monday.video.play.png HTTP/1.1" 200 14424
200.3.154.148 - - [16/Oct/2014:08:29:42 -0500] "GET /videos/galeria-cronicas/skin/blue.monday/jplayer.blue.monday.jpg HTTP/1.1" 200 23189
200.3.154.148 - - [16/Oct/2014:08:29:42 -0500] "GET /videos/galeria-cronicas/1videos/parche.mp4video.mp4 HTTP/1.1" 206 2821840
200.3.154.148 - - [16/Oct/2014:08:29:42 -0500] "GET /videos/galeria-cronicas/skin/blue.monday/jplayer.blue.monday.seeking.gif HTTP/1.1" 200 3284
200.3.154.148 - - [16/Oct/2014:08:29:43 -0500] "GET /videos/galeria-cronicas/1videos/parche.mp4video.mp4 HTTP/1.1" 206 31459
190.254.16.73 - - [16/Oct/2014:08:29:43 -0500] "GET /galeria/nivo-slider/themes/default/arrows.png HTTP/1.1" 200 824
190.254.16.73 - - [16/Oct/2014:08:29:43 -0500] "GET /galeria/nivo-slider/themes/default/bullets.png HTTP/1.1" 200 1281
66.249.65.59 - - [16/Oct/2014:08:29:44 -0500] "GET /htdocs/counter/digits/blkgold/ HTTP/1.1" 404 1019
200.3.154.148 - - [16/Oct/2014:08:29:45 -0500] "GET /videos/galeria-cronicas/1videos/parche.mp4video.mp4 HTTP/1.1" 206 2752256
201.245.192.253 - - [16/Oct/2014:08:29:49 -0500] "GET /BLA/boletinlegal/consulta_actos.php?tipo=autos&no=4175&usuario=&sector=&fecha=2014&resuelve= HTTP/1.1" 200 623
181.135.104.104 - - [16/Oct/2014:08:29:50 -0500] "GET /BLA/boletinlegal/actos.php HTTP/1.1" 200 7534
201.245.192.253 - - [16/Oct/2014:08:29:50 -0500] "GET /forest/session.jsp?a=0.4855317946185703 HTTP/1.1" 200 4
186.115.175.84 - - [16/Oct/2014:08:29:51 -0500] "POST /forms/lservlet;jsessionid=ac16012b30d52aae8b577b324cd090e9f861723dbccb.e3iSbxaKaheRe34Sa3yKbhiTahb0n6jAmljGr5XDqQLvpAe HTTP/1.1" 200 24
186.115.175.84 - - [16/Oct/2014:08:29:51 -0500] "POST /forms/lservlet;jsessionid=ac16012b30d52aae8b577b324cd090e9f861723dbccb.e3iSbxaKaheRe34Sa3yKbhiTahb0n6jAmljGr5XDqQLvpAe HTTP/1.1" 200 4585
186.115.175.84 - - [16/Oct/2014:08:29:52 -0500] "POST /forms/lservlet;jsessionid=ac16012b30d52aae8b577b324cd090e9f861723dbccb.e3iSbxaKaheRe34Sa3yKbhiTahb0n6jAmljGr5XDqQLvpAe HTTP/1.1" 200 2
201.245.192.253 - - [16/Oct/2014:08:29:52 -0500] "GET /BLA/boletinlegal/consulta_actos.php?tipo=autos&no=3710&usuario=&sector=&fecha=2014&resuelve= HTTP/1.1" 200 623
201.245.192.253 - - [16/Oct/2014:08:29:54 -0500] "GET /BLA/boletinlegal/consulta_actos.php?tipo=autos&no=4176&usuario=&sector=&fecha=2014&resuelve= HTTP/1.1" 200 623
186.115.175.84 - - [16/Oct/2014:08:29:54 -0500] "POST /forms/lservlet;jsessionid=ac16012b30d52aae8b577b324cd090e9f861723dbccb.e3iSbxaKaheRe34Sa3yKbhiTahb0n6jAmljGr5XDqQLvpAe HTTP/1.1" 200 2
190.255.250.16 - - [16/Oct/2014:08:29:55 -0500] "GET /galeria/nivo-slider/demo/demo.html HTTP/1.1" 200 3169
190.255.250.16 - - [16/Oct/2014:08:29:55 -0500] "GET /galeria/nivo-slider/demo/images/EncuentroAgua1.jpg HTTP/1.1" 200 274179
190.255.250.16 - - [16/Oct/2014:08:29:55 -0500] "GET /galeria/nivo-slider/demo/images/Tingua-azul.jpg HTTP/1.1" 200 307638
190.255.250.16 - - [16/Oct/2014:08:29:55 -0500] "GET /galeria/nivo-slider/demo/style.css HTTP/1.1" 200 2222
190.255.250.16 - - [16/Oct/2014:08:29:55 -0500] "GET /galeria/nivo-slider/demo/scripts/jquery-1.7.1.min.js HTTP/1.1" 200 93868
190.255.250.16 - - [16/Oct/2014:08:29:55 -0500] "GET /galeria/nivo-slider/themes/pascal/pascal.css HTTP/1.1" 200 2258
190.255.250.16 - - [16/Oct/2014:08:29:55 -0500] "GET /galeria/nivo-slider/demo/images/Hacienda_Molinos.jpg HTTP/1.1" 200 319171
190.255.250.16 - - [16/Oct/2014:08:29:55 -0500] "GET /galeria/nivo-slider/themes/default/default.css HTTP/1.1" 200 1569
190.255.250.16 - - [16/Oct/2014:08:29:55 -0500] "GET /galeria/nivo-slider/demo/images/ConstructorasFNL.jpg HTTP/1.1" 200 216551
190.255.250.16 - - [16/Oct/2014:08:29:55 -0500] "GET /galeria/nivo-slider/nivo-slider.css HTTP/1.1" 200 1507
190.255.250.16 - - [16/Oct/2014:08:29:55 -0500] "GET /galeria/nivo-slider/themes/orman/orman.css HTTP/1.1" 200 2152
190.255.250.16 - - [16/Oct/2014:08:29:55 -0500] "GET /galeria/nivo-slider/jquery.nivo.slider.pack.js HTTP/1.1" 200 11561
186.115.175.84 - - [16/Oct/2014:08:29:54 -0500] "POST /forms/lservlet;jsessionid=ac16012b30d52aae8b577b324cd090e9f861723dbccb.e3iSbxaKaheRe34Sa3yKbhiTahb0n6jAmljGr5XDqQLvpAe HTTP/1.1" 200 14
190.255.250.16 - - [16/Oct/2014:08:29:56 -0500] "GET /galeria/nivo-slider/demo/images/4Simple_Slider.png HTTP/1.1" 200 11722
190.255.250.16 - - [16/Oct/2014:08:29:56 -0500] "GET /galeria/nivo-slider/themes/default/loading.gif HTTP/1.1" 200 1737
186.115.175.84 - - [16/Oct/2014:08:29:55 -0500] "POST /forms/lservlet;jsessionid=ac16012b30d52aae8b577b324cd090e9f861723dbccb.e3iSbxaKaheRe34Sa3yKbhiTahb0n6jAmljGr5XDqQLvpAe HTTP/1.1" 200 14
190.255.250.16 - - [16/Oct/2014:08:29:55 -0500] "GET /galeria/nivo-slider/demo/images/9Signos.jpg HTTP/1.1" 200 93040
190.255.250.16 - - [16/Oct/2014:08:29:57 -0500] "GET /galeria/nivo-slider/demo/images/banner-encuesta.jpg HTTP/1.1" 200 42764
201.245.192.253 - - [16/Oct/2014:08:29:57 -0500] "GET /BLA/boletinlegal/consulta_actos.php?tipo=autos&no=3711&usuario=&sector=&fecha=2014&resuelve= HTTP/1.1" 200 623
200.3.154.148 - - [16/Oct/2014:08:29:57 -0500] "GET /BLA/boletinlegal/style.css HTTP/1.1" 200 9406
200.3.154.148 - - [16/Oct/2014:08:29:57 -0500] "GET /BLA/boletinlegal/styles2.css HTTP/1.1" 200 1838
200.3.154.148 - - [16/Oct/2014:08:29:57 -0500] "GET /BLA/boletinlegal/images/cabezote%20BLEGAL.jpg HTTP/1.1" 200 118164
201.245.192.253 - - [16/Oct/2014:08:29:58 -0500] "GET /BLA/boletinlegal/consulta_actos.php?tipo=autos&no=4177&usuario=&sector=&fecha=2014&resuelve= HTTP/1.1" 200 623
190.255.250.16 - - [16/Oct/2014:08:29:55 -0500] "GET /galeria/nivo-slider/demo/images/banner-llantas2.jpg HTTP/1.1" 200 73153
190.255.250.16 - - [16/Oct/2014:08:29:58 -0500] "GET /galeria/nivo-slider/demo/images/banner-caballos.png HTTP/1.1" 200 389106
186.115.175.84 - - [16/Oct/2014:08:29:57 -0500] "POST /forms/lservlet;jsessionid=ac16012b30d52aae8b577b324cd090e9f861723dbccb.e3iSbxaKaheRe34Sa3yKbhiTahb0n6jAmljGr5XDqQLvpAe HTTP/1.1" 200 14
190.255.250.16 - - [16/Oct/2014:08:29:55 -0500] "GET /galeria/nivo-slider/demo/images/Banner-Caracol-Africano.jpg HTTP/1.1" 200 331986
200.3.154.148 - - [16/Oct/2014:08:29:58 -0500] "GET /BLA/boletinlegal/images/body_bg.jpg HTTP/1.1" 200 1601
200.3.154.148 - - [16/Oct/2014:08:29:58 -0500] "GET /BLA/boletinlegal/images/nuevo.gif HTTP/1.1" 200 26475
190.255.250.16 - - [16/Oct/2014:08:29:55 -0500] "GET /galeria/nivo-slider/demo/images/bannerEcolecta3.jpg HTTP/1.1" 200 280034
200.3.154.148 - - [16/Oct/2014:08:29:59 -0500] "GET /BLA/boletinlegal/images/historia.png HTTP/1.1" 200 52775
186.115.175.84 - - [16/Oct/2014:08:29:58 -0500] "POST /forms/lservlet;jsessionid=ac16012b30d52aae8b577b324cd090e9f861723dbccb.e3iSbxaKaheRe34Sa3yKbhiTahb0n6jAmljGr5XDqQLvpAe HTTP/1.1" 200 14
200.3.154.148 - - [16/Oct/2014:08:30:00 -0500] "GET /BLA/boletinlegal/images/subscribe-icon-big.png HTTP/1.1" 200 47702
186.115.175.84 - - [16/Oct/2014:08:30:00 -0500] "POST /forms/lservlet;jsessionid=ac16012b30d52aae8b577b324cd090e9f861723dbccb.e3iSbxaKaheRe34Sa3yKbhiTahb0n6jAmljGr5XDqQLvpAe HTTP/1.1" 200 131
186.115.175.84 - - [16/Oct/2014:08:30:00 -0500] "POST /forms/lservlet;jsessionid=ac16012b30d52aae8b577b324cd090e9f861723dbccb.e3iSbxaKaheRe34Sa3yKbhiTahb0n6jAmljGr5XDqQLvpAe HTTP/1.1" 200 2
190.255.250.16 - - [16/Oct/2014:08:30:00 -0500] "GET /galeria/nivo-slider/themes/default/arrows.png HTTP/1.1" 200 824
190.255.250.16 - - [16/Oct/2014:08:30:00 -0500] "GET /galeria/nivo-slider/themes/default/bullets.png HTTP/1.1" 200 1281
200.3.154.148 - - [16/Oct/2014:08:30:01 -0500] "GET /BLA/boletinlegal/images/arr_l.jpg HTTP/1.1" 200 1979
200.3.154.148 - - [16/Oct/2014:08:30:01 -0500] "GET /BLA/boletinlegal/images/screen_1.png HTTP/1.1" 200 202547
201.245.192.253 - - [16/Oct/2014:08:30:01 -0500] "GET /BLA/boletinlegal/consulta_actos.php?tipo=autos&no=4178&usuario=&sector=&fecha=2014&resuelve= HTTP/1.1" 200 623
201.245.192.253 - - [16/Oct/2014:08:30:02 -0500] "GET /BLA/boletinlegal/consulta_actos.php?tipo=autos&no=3712&usuario=&sector=&fecha=2014&resuelve= HTTP/1.1" 200 623
200.3.154.148 - - [16/Oct/2014:08:30:03 -0500] "GET /BLA/boletinlegal/images/launch.jpg HTTP/1.1" 200 14577
200.3.154.148 - - [16/Oct/2014:08:30:03 -0500] "GET /BLA/boletinlegal/images/screen_2.png HTTP/1.1" 200 362502
168.176.79.15 - - [16/Oct/2014:08:30:04 -0500] "GET /galeria/nivo-slider/demo/images/banner-caballos.png HTTP/1.1" 200 389106
186.115.175.84 - - [16/Oct/2014:08:30:00 -0500] "GET /reports/rwservlet/getjobid330191?server=rep_srvapsda HTTP/1.0" 200 1422986
201.245.192.253 - - [16/Oct/2014:08:30:06 -0500] "GET /BLA/boletinlegal/consulta_actos.php?tipo=autos&no=3713&usuario=&sector=&fecha=2014&resuelve= HTTP/1.1" 200 623
181.135.104.104 - - [16/Oct/2014:08:29:27 -0500] "GET /BLA/boletinlegal/index.php HTTP/1.1" 200 38598
201.245.192.253 - - [16/Oct/2014:08:30:07 -0500] "GET /BLA/boletinlegal/consulta_actos.php?tipo=autos&no=4183&usuario=&sector=&fecha=2014&resuelve= HTTP/1.1" 200 623
168.176.79.15 - - [16/Oct/2014:08:30:12 -0500] "GET /galeria/nivo-slider/demo/images/ConstructorasFNL.jpg HTTP/1.1" 200 216551
201.245.192.253 - - [16/Oct/2014:08:30:12 -0500] "GET /BLA/boletinlegal/consulta_actos.php?tipo=autos&no=3715&usuario=&sector=&fecha=2014&resuelve= HTTP/1.1" 200 623
201.245.192.253 - - [16/Oct/2014:08:30:12 -0500] "GET /BLA/boletinlegal/consulta_actos.php?tipo=autos&no=4184&usuario=&sector=&fecha=2014&resuelve= HTTP/1.1" 200 623
200.3.154.148 - - [16/Oct/2014:08:30:12 -0500] "GET /BLA/boletinlegal/images/screen_3.png HTTP/1.1" 200 211853
200.3.154.148 - - [16/Oct/2014:08:30:15 -0500] "GET /BLA/boletinlegal/images/screen_5.png HTTP/1.1" 200 368876
200.3.154.148 - - [16/Oct/2014:08:30:15 -0500] "GET /BLA/boletinlegal/images/arr_r.jpg HTTP/1.1" 200 1998
200.3.154.148 - - [16/Oct/2014:08:30:15 -0500] "GET /BLA/boletinlegal/images/menu_lft.gif HTTP/1.1" 200 1713
200.3.154.148 - - [16/Oct/2014:08:30:15 -0500] "GET /BLA/boletinlegal/images/pdf.gif HTTP/1.1" 200 567
201.245.192.253 - - [16/Oct/2014:08:30:16 -0500] "GET /BLA/boletinlegal/consulta_actos.php?tipo=autos&no=4185&usuario=&sector=&fecha=2014&resuelve= HTTP/1.1" 200 623
200.3.154.148 - - [16/Oct/2014:08:30:16 -0500] "GET /BLA/boletinlegal/images/menu_rght.gif HTTP/1.1" 200 1627
200.3.154.148 - - [16/Oct/2014:08:30:16 -0500] "GET /BLA/boletinlegal/images/bg_top.jpg HTTP/1.1" 200 522
200.3.154.148 - - [16/Oct/2014:08:30:16 -0500] "GET /BLA/boletinlegal/images/menu_bg.jpg HTTP/1.1" 200 620
200.3.154.148 - - [16/Oct/2014:08:30:17 -0500] "GET /BLA/boletinlegal/images/text.jpg HTTP/1.1" 200 568
200.3.154.148 - - [16/Oct/2014:08:30:17 -0500] "GET /BLA/boletinlegal/images/hover.jpg HTTP/1.1" 200 640
200.3.154.148 - - [16/Oct/2014:08:30:17 -0500] "GET /BLA/boletinlegal/images/footer_bg.jpg HTTP/1.1" 200 586
201.245.192.253 - - [16/Oct/2014:08:30:20 -0500] "GET /BLA/boletinlegal/consulta_actos.php?tipo=autos&no=4187&usuario=&sector=&fecha=2014&resuelve= HTTP/1.1" 200 623
201.245.192.253 - - [16/Oct/2014:08:30:20 -0500] "GET /BLA/boletinlegal/consulta_actos.php?tipo=autos&no=3812&usuario=&sector=&fecha=2014&resuelve= HTTP/1.1" 200 623
168.176.79.15 - - [16/Oct/2014:08:30:21 -0500] "GET /galeria/nivo-slider/demo/images/Hacienda_Molinos.jpg HTTP/1.1" 200 319171
201.245.192.253 - - [16/Oct/2014:08:30:24 -0500] "GET /BLA/boletinlegal/consulta_actos.php?tipo=autos&no=4188&usuario=&sector=&fecha=2014&resuelve= HTTP/1.1" 200 623
172.22.2.1 - - [16/Oct/2014:08:30:26 -0500] "GET /autoliquidacion/ HTTP/1.1" 200 6375
168.176.79.15 - - [16/Oct/2014:08:30:26 -0500] "GET /galeria/nivo-slider/demo/images/bannerEcolecta3.jpg HTTP/1.1" 200 280034
168.176.79.15 - - [16/Oct/2014:08:30:27 -0500] "GET /galeria/nivo-slider/demo/scripts/jquery-1.7.1.min.js HTTP/1.1" 200 93868
168.176.79.15 - - [16/Oct/2014:08:30:27 -0500] "GET /galeria/nivo-slider/jquery.nivo.slider.pack.js HTTP/1.1" 200 11561
190.24.197.125 - - [16/Oct/2014:08:30:27 -0500] "GET /BLA/boletinlegal/js/jquery.scrollTo-min.js HTTP/1.1" 200 1150
190.24.197.125 - - [16/Oct/2014:08:30:27 -0500] "GET /BLA/boletinlegal/js/jquery.js HTTP/1.1" 200 57254
190.24.197.125 - - [16/Oct/2014:08:30:27 -0500] "GET /galeria/carrusel/Carrusel/jquery.thumbnailScroller.css HTTP/1.1" 200 2066
190.24.197.125 - - [16/Oct/2014:08:30:28 -0500] "GET /BLA/boletinlegal/js/jquery.scrollShow.js HTTP/1.1" 200 4586
168.176.79.15 - - [16/Oct/2014:08:30:28 -0500] "GET /galeria/nivo-slider/demo/images/4Simple_Slider.png HTTP/1.1" 200 11722
168.176.79.15 - - [16/Oct/2014:08:30:28 -0500] "GET /galeria/nivo-slider/themes/default/loading.gif HTTP/1.1" 200 1737
190.24.197.125 - - [16/Oct/2014:08:30:28 -0500] "GET /galeria/carrusel/Carrusel/jquery-ui-1.8.13.custom.min.js HTTP/1.1" 200 10800
168.176.79.15 - - [16/Oct/2014:08:30:29 -0500] "GET /galeria/nivo-slider/themes/default/arrows.png HTTP/1.1" 200 824
168.176.79.15 - - [16/Oct/2014:08:30:29 -0500] "GET /galeria/nivo-slider/themes/default/bullets.png HTTP/1.1" 200 1281
200.3.154.148 - - [16/Oct/2014:08:30:29 -0500] "GET /BLA/boletinlegal/images/background.gif HTTP/1.1" 200 -
201.245.192.253 - - [16/Oct/2014:08:30:29 -0500] "GET /BLA/boletinlegal/consulta_actos.php?tipo=autos&no=4189&usuario=&sector=&fecha=2014&resuelve= HTTP/1.1" 200 623
190.24.197.125 - - [16/Oct/2014:08:30:29 -0500] "GET /galeria/carrusel/Carrusel/jquery.thumbnailScroller.js HTTP/1.1" 200 8157
172.22.2.1 - - [16/Oct/2014:08:30:31 -0500] "GET /autoliquidacion/index.php?dir=Solicitudes+relacionadas+con+calidad+del+aire+auditiva+y+visual%2F HTTP/1.1" 200 5748
190.24.197.125 - - [16/Oct/2014:08:30:34 -0500] "GET /galeria/nivo-slider/demo/demo.html HTTP/1.1" 200 3169
201.245.192.253 - - [16/Oct/2014:08:30:35 -0500] "GET /BLA/boletinlegal/consulta_actos.php?tipo=autos&no=4193&usuario=&sector=&fecha=2014&resuelve= HTTP/1.1" 200 623
190.24.197.125 - - [16/Oct/2014:08:30:35 -0500] "GET /galeria/nivo-slider/themes/default/default.css HTTP/1.1" 200 1569
186.30.68.28 - - [16/Oct/2014:08:30:36 -0500] "POST /forms/lservlet;jsessionid=ac16012b30d5449f507cda6040768c458a5d3f2b5581.e3iSbxaKaheRe34Sa3yKbhiTahb0n6jAmljGr5XDqQLvpAe HTTP/1.1" 200 2
190.24.197.125 - - [16/Oct/2014:08:30:36 -0500] "GET /galeria/nivo-slider/themes/pascal/pascal.css HTTP/1.1" 200 2258
186.115.175.84 - - [16/Oct/2014:08:30:36 -0500] "POST /forms/lservlet;jsessionid=ac16012b30d52aae8b577b324cd090e9f861723dbccb.e3iSbxaKaheRe34Sa3yKbhiTahb0n6jAmljGr5XDqQLvpAe HTTP/1.1" 200 2
190.24.197.125 - - [16/Oct/2014:08:30:36 -0500] "GET /galeria/nivo-slider/themes/orman/orman.css HTTP/1.1" 200 2152
190.24.197.125 - - [16/Oct/2014:08:30:37 -0500] "GET /galeria/nivo-slider/nivo-slider.css HTTP/1.1" 200 1507
190.24.197.125 - - [16/Oct/2014:08:30:37 -0500] "GET /galeria/nivo-slider/demo/style.css HTTP/1.1" 200 2222
200.3.154.148 - - [16/Oct/2014:08:29:57 -0500] "GET /BLA/boletinlegal/index.php? HTTP/1.1" 200 44493
190.24.197.125 - - [16/Oct/2014:08:30:37 -0500] "GET /galeria/nivo-slider/demo/images/EncuentroAgua1.jpg HTTP/1.1" 200 274179
200.3.154.148 - - [16/Oct/2014:08:30:37 -0500] "GET /favicon.ico HTTP/1.1" 200 7782
179.60.243.42 - - [16/Oct/2014:08:30:38 -0500] "GET /galeria/nivo-slider/demo/demo.html HTTP/1.1" 304 -
190.24.197.125 - - [16/Oct/2014:08:30:38 -0500] "GET /galeria/nivo-slider/demo/images/Tingua-azul.jpg HTTP/1.1" 200 307638
190.24.197.125 - - [16/Oct/2014:08:30:38 -0500] "GET /galeria/nivo-slider/demo/images/Banner-Caracol-Africano.jpg HTTP/1.1" 200 331986
190.24.197.125 - - [16/Oct/2014:08:30:38 -0500] "GET /galeria/nivo-slider/demo/images/9Signos.jpg HTTP/1.1" 200 93040
190.24.197.125 - - [16/Oct/2014:08:30:38 -0500] "GET /galeria/nivo-slider/demo/images/banner-encuesta.jpg HTTP/1.1" 200 42764
190.24.197.125 - - [16/Oct/2014:08:30:38 -0500] "GET /galeria/nivo-slider/demo/images/banner-llantas2.jpg HTTP/1.1" 200 73153
190.24.197.125 - - [16/Oct/2014:08:30:38 -0500] "GET /galeria/nivo-slider/demo/images/banner-caballos.png HTTP/1.1" 200 389106
190.24.197.125 - - [16/Oct/2014:08:30:39 -0500] "GET /galeria/nivo-slider/demo/images/ConstructorasFNL.jpg HTTP/1.1" 200 216551
190.24.197.125 - - [16/Oct/2014:08:30:39 -0500] "GET /galeria/nivo-slider/demo/images/Hacienda_Molinos.jpg HTTP/1.1" 200 319171
190.24.197.125 - - [16/Oct/2014:08:30:40 -0500] "GET /galeria/nivo-slider/demo/images/bannerEcolecta3.jpg HTTP/1.1" 200 280034
190.24.197.125 - - [16/Oct/2014:08:30:40 -0500] "GET /galeria/nivo-slider/demo/scripts/jquery-1.7.1.min.js HTTP/1.1" 200 93868
190.24.197.125 - - [16/Oct/2014:08:30:40 -0500] "GET /galeria/nivo-slider/jquery.nivo.slider.pack.js HTTP/1.1" 200 11561
201.245.192.253 - - [16/Oct/2014:08:30:41 -0500] "GET /forest/session.jsp?a=0.318601771845764 HTTP/1.1" 200 4
190.24.197.125 - - [16/Oct/2014:08:30:41 -0500] "GET /galeria/nivo-slider/demo/images/4Simple_Slider.png HTTP/1.1" 200 11722
190.24.197.125 - - [16/Oct/2014:08:30:41 -0500] "GET /galeria/nivo-slider/themes/default/loading.gif HTTP/1.1" 200 1737
190.24.197.125 - - [16/Oct/2014:08:30:41 -0500] "GET /galeria/nivo-slider/themes/default/arrows.png HTTP/1.1" 200 824
190.24.197.125 - - [16/Oct/2014:08:30:41 -0500] "GET /galeria/nivo-slider/themes/default/bullets.png HTTP/1.1" 200 1281
181.50.192.137 - - [16/Oct/2014:08:30:41 -0500] "POST /forms/lservlet;jsessionid=ac16012b30d57ad0266ae4ed4a559e8feeb5c982bade.e3iSbxaKaheRe34Sa3yKbhiTahb0n6jAmljGr5XDqQLvpAe HTTP/1.1" 200 2
201.245.192.253 - - [16/Oct/2014:08:30:42 -0500] "GET /BLA/boletinlegal/consulta_actos.php?tipo=autos&no=4223&usuario=&sector=&fecha=2014&resuelve= HTTP/1.1" 200 623
172.22.2.1 - - [16/Oct/2014:08:30:43 -0500] "GET /autoliquidacion/index.php?dir=Solicitudes+relacionadas+con+calidad+del+aire+auditiva+y+visual%2FEvaluaci%F3n+certificado+de+Intensidad+Auditiva%2F HTTP/1.1" 200 3407
172.22.2.1 - - [16/Oct/2014:08:30:43 -0500] "GET /autoliquidacion/dlf/unknown.png HTTP/1.1" 200 266
181.135.104.104 - - [16/Oct/2014:08:30:44 -0500] "GET /BLA/boletinlegal/consulta_actos.php?tipo=autos&no=5704&usuario=alcaldia%20local%20rafael%20uribe%20urib&sector=SILVICULTURA&fecha=2014&resuelve= HTTP/1.1" 200 623
172.22.2.1 - - [16/Oct/2014:08:30:45 -0500] "GET /autoliquidacion/Solicitudes%20relacionadas%20con%20calidad%20del%20aire%20auditiva%20y%20visual/Evaluaci%C3%B3n%20certificado%20de%20Intensidad%20Auditiva/Aplicativo%20Evaluacion%20certificado%20intensidad%20auditiva%202014.xlsx HTTP/1.1" 200 85097
181.135.104.104 - - [16/Oct/2014:08:30:46 -0500] "GET /BLA/boletinlegal/consulta_actos.php?tipo=autos&no=5704&usuario=alcaldia%20local%20rafael%20uribe%20urib&sector=SILVICULTURA&fecha=2014&resuelve= HTTP/1.1" 200 623
201.245.192.253 - - [16/Oct/2014:08:30:48 -0500] "GET /BLA/boletinlegal/consulta_actos.php?tipo=autos&no=4952&usuario=&sector=&fecha=2014&resuelve= HTTP/1.1" 200 623
190.27.46.76 - - [16/Oct/2014:08:31:05 -0500] "GET /BLA/boletinlegal/js/jquery.js HTTP/1.1" 200 57254
190.27.46.76 - - [16/Oct/2014:08:31:05 -0500] "GET /BLA/boletinlegal/js/jquery.scrollTo-min.js HTTP/1.1" 200 1150
190.27.46.76 - - [16/Oct/2014:08:31:05 -0500] "GET /BLA/boletinlegal/js/jquery.scrollShow.js HTTP/1.1" 200 4586
66.249.65.51 - - [16/Oct/2014:08:31:06 -0500] "GET /POT-2013/Cartografia/Anexo01_Sistema_Hidrico.pdf HTTP/1.1" 304 -
201.245.192.253 - - [16/Oct/2014:08:31:09 -0500] "GET /BLA/boletinlegal/consulta_actos.php?tipo=autos&no=5030&usuario=&sector=&fecha=2014&resuelve= HTTP/1.1" 200 623
201.245.192.253 - - [16/Oct/2014:08:31:13 -0500] "GET /BLA/boletinlegal/consulta_actos.php?tipo=resoluciones&no=0154&usuario=&sector=&fecha=2014&resuelve= HTTP/1.1" 200 623
201.245.192.253 - - [16/Oct/2014:08:31:16 -0500] "GET /BLA/boletinlegal/consulta_actos.php?tipo=autos&no=5575&usuario=&sector=&fecha=2014&resuelve= HTTP/1.1" 200 623
66.249.65.119 - - [16/Oct/2014:08:31:17 -0500] "GET /Residuos/cosmeticos/images/page89.swf HTTP/1.1" 404 1018
201.245.192.253 - - [16/Oct/2014:08:31:19 -0500] "GET /BLA/boletinlegal/consulta_actos.php?tipo=resoluciones&no=0162&usuario=&sector=&fecha=2014&resuelve= HTTP/1.1" 200 623
201.245.192.253 - - [16/Oct/2014:08:31:25 -0500] "GET /BLA/boletinlegal/consulta_actos.php?tipo=resoluciones&no=0205&usuario=&sector=&fecha=2014&resuelve= HTTP/1.1" 200 623
186.155.244.20 - - [16/Oct/2014:08:31:33 -0500] "GET /BLA/boletinlegal/js/jquery.scrollTo-min.js HTTP/1.1" 200 1150
186.155.244.20 - - [16/Oct/2014:08:31:33 -0500] "GET /BLA/boletinlegal/js/jquery.scrollShow.js HTTP/1.1" 200 4586
186.155.244.20 - - [16/Oct/2014:08:31:33 -0500] "GET /BLA/boletinlegal/js/jquery.js HTTP/1.1" 200 57254
201.245.192.253 - - [16/Oct/2014:08:31:34 -0500] "GET /BLA/boletinlegal/consulta_actos.php?tipo=resoluciones&no=0401&usuario=&sector=&fecha=2014&resuelve= HTTP/1.1" 200 623
201.245.192.253 - - [16/Oct/2014:08:31:40 -0500] "GET /BLA/boletinlegal/consulta_actos.php?tipo=resoluciones&no=0467&usuario=&sector=&fecha=2014&resuelve= HTTP/1.1" 200 623
201.245.192.253 - - [16/Oct/2014:08:28:40 -0500] "GET /ForestMSG_SDA/channelAsync/template_word_16677577?X-Atmosphere-tracking-id=7682d07c-065b-77e7-1b07-bff77c8245f0&X-Atmosphere-Framework=1.0.5&X-Atmosphere-Transport=long-polling&tabid=0.4493042887736026&X-Cache-Date=0&Content-Type=application/xml&_=1413466229594 HTTP/1.1" 200 8193
201.245.192.253 - - [16/Oct/2014:08:31:43 -0500] "GET /forest/session.jsp?a=0.9834540360607207 HTTP/1.1" 200 4
201.245.192.253 - - [16/Oct/2014:08:31:47 -0500] "GET /BLA/boletinlegal/consulta_actos.php?tipo=resoluciones&no=1008&usuario=&sector=&fecha=2014&resuelve= HTTP/1.1" 200 623
201.245.192.253 - - [16/Oct/2014:08:31:53 -0500] "GET /BLA/boletinlegal/consulta_actos.php?tipo=resoluciones&no=1083&usuario=&sector=&fecha=2014&resuelve= HTTP/1.1" 200 623
201.245.192.253 - - [16/Oct/2014:08:31:59 -0500] "GET /BLA/boletinlegal/consulta_actos.php?tipo=autos&no=2716&usuario=&sector=&fecha=2012&resuelve= HTTP/1.1" 200 623
201.245.192.253 - - [16/Oct/2014:08:32:00 -0500] "GET /BLA/boletinlegal/consulta_actos.php?tipo=resoluciones&no=1096&usuario=&sector=&fecha=2014&resuelve= HTTP/1.1" 200 623
201.245.192.253 - - [16/Oct/2014:08:32:01 -0500] "GET /isolucionsda/NoConformidadISOlucion.asp?Id_NoConformidad=640&CodtipoNoConf=4 HTTP/1.1" 200 47836
190.24.136.214 - - [16/Oct/2014:08:32:01 -0500] "GET /BLA/boletinlegal/js/jquery.scrollTo-min.js HTTP/1.1" 200 1150
190.24.136.214 - - [16/Oct/2014:08:32:01 -0500] "GET /BLA/boletinlegal/js/jquery.js HTTP/1.1" 200 57254
190.24.136.214 - - [16/Oct/2014:08:32:01 -0500] "GET /BLA/boletinlegal/js/jquery.scrollShow.js HTTP/1.1" 200 4586
201.245.192.253 - - [16/Oct/2014:08:32:05 -0500] "GET /BLA/boletinlegal/consulta_actos.php?tipo=autos&no=2718&usuario=&sector=&fecha=2012&resuelve= HTTP/1.1" 200 623
201.245.192.253 - - [16/Oct/2014:08:32:07 -0500] "GET /BLA/boletinlegal/consulta_actos.php?tipo=resoluciones&no=1097&usuario=&sector=&fecha=2014&resuelve= HTTP/1.1" 200 623
181.135.104.104 - - [16/Oct/2014:08:32:08 -0500] "GET /BLA/ HTTP/1.1" 200 538
201.245.192.253 - - [16/Oct/2014:08:32:09 -0500] "GET /BLA/boletinlegal/consulta_actos.php?tipo=autos&no=2719&usuario=&sector=&fecha=2012&resuelve= HTTP/1.1" 200 623
201.245.192.253 - - [16/Oct/2014:08:32:13 -0500] "GET /BLA/boletinlegal/consulta_actos.php?tipo=autos&no=2720&usuario=&sector=&fecha=2012&resuelve= HTTP/1.1" 200 623
201.245.192.253 - - [16/Oct/2014:08:32:14 -0500] "GET /BLA/boletinlegal/consulta_actos.php?tipo=resoluciones&no=1117&usuario=&sector=&fecha=2014&resuelve= HTTP/1.1" 200 623
190.85.194.58 - - [16/Oct/2014:08:32:14 -0500] "GET /BLA/boletinlegal/js/jquery.js HTTP/1.1" 200 57254
190.85.194.58 - - [16/Oct/2014:08:32:14 -0500] "GET /BLA/boletinlegal/js/jquery.scrollShow.js HTTP/1.1" 200 4586
190.85.194.58 - - [16/Oct/2014:08:32:14 -0500] "GET /BLA/boletinlegal/js/jquery.scrollTo-min.js HTTP/1.1" 200 1150
190.85.194.58 - - [16/Oct/2014:08:32:14 -0500] "GET /galeria/carrusel/Carrusel/jquery.thumbnailScroller.css HTTP/1.1" 200 2066
190.85.194.58 - - [16/Oct/2014:08:32:14 -0500] "GET /galeria/carrusel/Carrusel/jquery-ui-1.8.13.custom.min.js HTTP/1.1" 200 10800
190.85.194.58 - - [16/Oct/2014:08:32:14 -0500] "GET /galeria/carrusel/Carrusel/jquery.thumbnailScroller.js HTTP/1.1" 200 8157
190.85.194.58 - - [16/Oct/2014:08:32:15 -0500] "GET /galeria/nivo-slider/demo/demo.html HTTP/1.1" 200 3169
181.135.104.104 - - [16/Oct/2014:08:32:16 -0500] "GET /BLA/boletinlegal/style.css HTTP/1.1" 200 9406
181.135.104.104 - - [16/Oct/2014:08:32:16 -0500] "GET /BLA/boletinlegal/styles2.css HTTP/1.1" 200 1838
181.135.104.104 - - [16/Oct/2014:08:32:16 -0500] "GET /BLA/boletinlegal/js/jquery.js HTTP/1.1" 200 57254
181.135.104.104 - - [16/Oct/2014:08:32:16 -0500] "GET /BLA/boletinlegal/js/jquery.scrollTo-min.js HTTP/1.1" 200 1150
181.135.104.104 - - [16/Oct/2014:08:32:16 -0500] "GET /BLA/boletinlegal/js/jquery.scrollShow.js HTTP/1.1" 200 4586
181.135.104.104 - - [16/Oct/2014:08:32:17 -0500] "GET /BLA/boletinlegal/images/cabezote%20BLEGAL.jpg HTTP/1.1" 200 118164
201.245.192.253 - - [16/Oct/2014:08:32:18 -0500] "GET /BLA/boletinlegal/consulta_actos.php?tipo=autos&no=2724&usuario=&sector=&fecha=2012&resuelve= HTTP/1.1" 200 623
172.22.2.1 - - [16/Oct/2014:08:32:18 -0500] "GET /autoliquidacion/Solicitudes%20relacionadas%20con%20calidad%20del%20aire%20auditiva%20y%20visual/Evaluaci%C3%B3n%20certificado%20de%20Intensidad%20Auditiva/Aplicativo%20Evaluacion%20certificado%20intensidad%20auditiva%202014.xlsx HTTP/1.1" 206 1
172.22.2.1 - - [16/Oct/2014:08:32:18 -0500] "GET /autoliquidacion/Solicitudes%20relacionadas%20con%20calidad%20del%20aire%20auditiva%20y%20visual/Evaluaci%C3%B3n%20certificado%20de%20Intensidad%20Auditiva/Aplicativo%20Evaluacion%20certificado%20intensidad%20auditiva%202014.xlsx HTTP/1.1" 206 83965
180.76.5.65 - - [16/Oct/2014:08:32:18 -0500] "GET /videos/60Sgs_Nov12.flv HTTP/1.1" 200 8304498
190.85.194.58 - - [16/Oct/2014:08:32:19 -0500] "GET /galeria/nivo-slider/themes/default/default.css HTTP/1.1" 200 1569
190.85.194.58 - - [16/Oct/2014:08:32:19 -0500] "GET /galeria/nivo-slider/themes/pascal/pascal.css HTTP/1.1" 200 2258
190.85.194.58 - - [16/Oct/2014:08:32:19 -0500] "GET /galeria/nivo-slider/themes/orman/orman.css HTTP/1.1" 200 2152
190.85.194.58 - - [16/Oct/2014:08:32:19 -0500] "GET /galeria/nivo-slider/nivo-slider.css HTTP/1.1" 200 1507
190.85.194.58 - - [16/Oct/2014:08:32:19 -0500] "GET /galeria/nivo-slider/demo/style.css HTTP/1.1" 200 2222
190.85.194.58 - - [16/Oct/2014:08:32:19 -0500] "GET /galeria/nivo-slider/demo/images/EncuentroAgua1.jpg HTTP/1.1" 200 274179
190.85.194.58 - - [16/Oct/2014:08:32:19 -0500] "GET /galeria/nivo-slider/demo/images/Tingua-azul.jpg HTTP/1.1" 200 307638
190.85.194.58 - - [16/Oct/2014:08:32:19 -0500] "GET /galeria/nivo-slider/demo/images/banner-llantas2.jpg HTTP/1.1" 200 73153
190.85.194.58 - - [16/Oct/2014:08:32:19 -0500] "GET /galeria/nivo-slider/demo/images/banner-encuesta.jpg HTTP/1.1" 200 42764
190.85.194.58 - - [16/Oct/2014:08:32:19 -0500] "GET /galeria/nivo-slider/demo/images/9Signos.jpg HTTP/1.1" 200 93040
190.85.194.58 - - [16/Oct/2014:08:32:19 -0500] "GET /galeria/nivo-slider/demo/images/Banner-Caracol-Africano.jpg HTTP/1.1" 200 331986
190.85.194.58 - - [16/Oct/2014:08:32:19 -0500] "GET /galeria/nivo-slider/demo/images/banner-caballos.png HTTP/1.1" 200 389106
201.245.192.253 - - [16/Oct/2014:08:32:19 -0500] "GET /BLA/boletinlegal/consulta_actos.php?tipo=resoluciones&no=1448&usuario=&sector=&fecha=2014&resuelve= HTTP/1.1" 200 623
190.85.194.58 - - [16/Oct/2014:08:32:19 -0500] "GET /galeria/nivo-slider/demo/images/ConstructorasFNL.jpg HTTP/1.1" 200 216551
190.85.194.58 - - [16/Oct/2014:08:32:20 -0500] "GET /galeria/nivo-slider/demo/images/Hacienda_Molinos.jpg HTTP/1.1" 200 319171
190.85.194.58 - - [16/Oct/2014:08:32:20 -0500] "GET /galeria/nivo-slider/demo/images/bannerEcolecta3.jpg HTTP/1.1" 200 280034
190.85.194.58 - - [16/Oct/2014:08:32:20 -0500] "GET /galeria/nivo-slider/demo/scripts/jquery-1.7.1.min.js HTTP/1.1" 200 93868
190.85.194.58 - - [16/Oct/2014:08:32:20 -0500] "GET /galeria/nivo-slider/jquery.nivo.slider.pack.js HTTP/1.1" 200 11561
190.85.194.58 - - [16/Oct/2014:08:32:21 -0500] "GET /galeria/nivo-slider/demo/images/4Simple_Slider.png HTTP/1.1" 200 11722
190.85.194.58 - - [16/Oct/2014:08:32:21 -0500] "GET /galeria/nivo-slider/themes/default/loading.gif HTTP/1.1" 200 1737
201.245.192.253 - - [16/Oct/2014:08:32:21 -0500] "GET /BLA/boletinlegal/consulta_actos.php?tipo=autos&no=2725&usuario=&sector=&fecha=2012&resuelve= HTTP/1.1" 200 623
201.245.192.253 - - [16/Oct/2014:08:32:22 -0500] "GET /isolucionsda/NoConformidadISOlucion.asp?Id_NoConformidad=641&CodtipoNoConf=4 HTTP/1.1" 200 63352
190.85.194.58 - - [16/Oct/2014:08:32:23 -0500] "GET /galeria/nivo-slider/themes/default/arrows.png HTTP/1.1" 200 824
190.85.194.58 - - [16/Oct/2014:08:32:23 -0500] "GET /galeria/nivo-slider/themes/default/bullets.png HTTP/1.1" 200 1281
181.135.104.104 - - [16/Oct/2014:08:32:24 -0500] "GET /BLA/boletinlegal/images/historia.png HTTP/1.1" 200 52775
181.135.104.104 - - [16/Oct/2014:08:32:24 -0500] "GET /BLA/boletinlegal/images/nuevo.gif HTTP/1.1" 200 26475
181.135.104.104 - - [16/Oct/2014:08:32:24 -0500] "GET /BLA/boletinlegal/images/arr_l.jpg HTTP/1.1" 200 1979
181.135.104.104 - - [16/Oct/2014:08:32:24 -0500] "GET /BLA/boletinlegal/images/subscribe-icon-big.png HTTP/1.1" 200 47702
201.245.192.253 - - [16/Oct/2014:08:32:25 -0500] "GET /BLA/boletinlegal/consulta_actos.php?tipo=autos&no=2726&usuario=&sector=&fecha=2012&resuelve= HTTP/1.1" 200 623
181.135.104.104 - - [16/Oct/2014:08:32:25 -0500] "GET /BLA/boletinlegal/images/body_bg.jpg HTTP/1.1" 200 1601
181.135.104.104 - - [16/Oct/2014:08:32:25 -0500] "GET /BLA/boletinlegal/images/menu_rght.gif HTTP/1.1" 200 1627
201.245.192.253 - - [16/Oct/2014:08:32:26 -0500] "GET /BLA/boletinlegal/consulta_actos.php?tipo=resoluciones&no=1802&usuario=&sector=&fecha=2014&resuelve= HTTP/1.1" 200 623
181.135.104.104 - - [16/Oct/2014:08:32:27 -0500] "GET /BLA/boletinlegal/images/menu_lft.gif HTTP/1.1" 200 1713
181.135.104.104 - - [16/Oct/2014:08:32:27 -0500] "GET /BLA/boletinlegal/images/bg_top.jpg HTTP/1.1" 200 522
181.135.104.104 - - [16/Oct/2014:08:32:28 -0500] "GET /BLA/boletinlegal/images/menu_bg.jpg HTTP/1.1" 200 620
181.135.104.104 - - [16/Oct/2014:08:32:28 -0500] "GET /BLA/boletinlegal/images/screen_3.png HTTP/1.1" 200 211853
181.135.104.104 - - [16/Oct/2014:08:32:29 -0500] "GET /BLA/boletinlegal/images/screen_2.png HTTP/1.1" 200 362502
181.135.104.104 - - [16/Oct/2014:08:32:29 -0500] "GET /BLA/boletinlegal/images/screen_5.png HTTP/1.1" 200 368876
201.245.192.253 - - [16/Oct/2014:08:32:30 -0500] "GET /BLA/boletinlegal/consulta_actos.php?tipo=autos&no=2728&usuario=&sector=&fecha=2012&resuelve= HTTP/1.1" 200 623
200.3.154.148 - - [16/Oct/2014:08:32:05 -0500] "GET /BLA/boletinlegal/index.php HTTP/1.1" 200 28035
201.245.192.253 - - [16/Oct/2014:08:32:32 -0500] "GET /BLA/boletinlegal/consulta_actos.php?tipo=resoluciones&no=2094&usuario=&sector=&fecha=2014&resuelve= HTTP/1.1" 200 623
181.135.104.104 - - [16/Oct/2014:08:32:32 -0500] "GET /BLA/boletinlegal/actos.php HTTP/1.1" 200 7534
181.135.104.104 - - [16/Oct/2014:08:32:32 -0500] "GET /BLA/boletinlegal/images/text.jpg HTTP/1.1" 200 568
201.245.192.253 - - [16/Oct/2014:08:32:34 -0500] "GET /BLA/boletinlegal/consulta_actos.php?tipo=autos&no=2730&usuario=&sector=&fecha=2012&resuelve= HTTP/1.1" 200 623
181.135.104.104 - - [16/Oct/2014:08:32:34 -0500] "GET /BLA/boletinlegal/niceforms-default.css HTTP/1.1" 200 6694
181.135.104.104 - - [16/Oct/2014:08:32:34 -0500] "GET /BLA/boletinlegal/js/ajax_actos.js HTTP/1.1" 200 1322
181.135.104.104 - - [16/Oct/2014:08:32:34 -0500] "GET /BLA/boletinlegal/niceforms.js HTTP/1.1" 200 22876
181.135.104.104 - - [16/Oct/2014:08:32:34 -0500] "GET /BLA/boletinlegal/js/lib.js HTTP/1.1" 200 6474
181.135.104.104 - - [16/Oct/2014:08:32:35 -0500] "GET /BLA/boletinlegal/js/popup.js HTTP/1.1" 200 1270
181.135.104.104 - - [16/Oct/2014:08:32:35 -0500] "GET /BLA/boletinlegal/js/jquery1.js HTTP/1.1" 200 29846
