201.245.192.253 - - [21/Oct/2014:08:41:06 -0500] "POST /isolucionsda/IdentificaUsuario.asp?Pagina1=FrameSetGeneral.asp& HTTP/1.1" 302 173
201.245.192.253 - - [21/Oct/2014:08:41:06 -0500] "GET /isolucionsda/FrameSetGeneral.asp?Pagina1=FrameSetGeneral.asp& HTTP/1.1" 200 6613
201.245.192.253 - - [21/Oct/2014:08:41:06 -0500] "GET /isolucionsda/BarraTitulos.asp?Pagina1=FrameSetGeneral.asp&&Pagina=MagazinHome.asp HTTP/1.1" 200 6972
201.245.192.253 - - [21/Oct/2014:08:41:06 -0500] "GET /isolucionsda/Encabezado.asp?Pagina1=FrameSetGeneral.asp&&Pagina=MagazinHome.asp HTTP/1.1" 200 15388
201.245.192.253 - - [21/Oct/2014:08:41:06 -0500] "GET /isolucionsda/BarraFavoritos.asp HTTP/1.1" 200 911
201.245.192.253 - - [21/Oct/2014:08:41:06 -0500] "GET /isolucionsda/Session.asp?Continue=1 HTTP/1.1" 200 6324
201.245.192.253 - - [21/Oct/2014:08:41:06 -0500] "GET /isolucionsda/MagazinHome.asp HTTP/1.1" 200 25853
201.245.192.253 - - [21/Oct/2014:08:41:06 -0500] "GET /isolucionsda/g/Bgr_Destacado3399CC.jpg HTTP/1.1" 404 5217
201.245.192.253 - - [21/Oct/2014:08:41:06 -0500] "GET /isolucionsda/TareasSFRedirect.asp HTTP/1.1" 302 195
201.245.192.253 - - [21/Oct/2014:08:41:06 -0500] "GET /isolucionsda/Login.aspx?TARGET=SFContainerFiltrado.aspx&number=57555653575768484566 HTTP/1.1" 302 886
201.245.192.253 - - [21/Oct/2014:08:41:07 -0500] "GET /isolucionsda/SFContainerFiltrado.aspx?Number=57555653575768484566 HTTP/1.1" 200 14314
201.245.192.253 - - [21/Oct/2014:08:41:07 -0500] "GET /isolucionsda/DetalleTareas.aspx?Number=57555653575768484566 HTTP/1.1" 302 144
201.245.192.253 - - [21/Oct/2014:08:41:08 -0500] "GET /isolucionsda/DetalleTareas.aspx?Number=57555653575768484566 HTTP/1.1" 200 5355
201.245.192.253 - - [21/Oct/2014:08:41:08 -0500] "GET /isolucionsda/ErrorMsg.aspx HTTP/1.1" 200 1701
201.245.192.253 - - [21/Oct/2014:08:41:08 -0500] "GET /isolucionsda/infowndpublic.js HTTP/1.1" 404 5221
201.245.192.253 - - [21/Oct/2014:08:41:08 -0500] "GET /isolucionsda/auxlib.js HTTP/1.1" 404 5207
201.245.192.253 - - [21/Oct/2014:08:41:08 -0500] "GET /isolucionsda/infowndcore.js HTTP/1.1" 404 5217
201.245.192.253 - - [21/Oct/2014:08:41:08 -0500] "GET /isolucionsda/FrameSetGeneral.asp?Pagina=Menu.asp&IdModulo=4 HTTP/1.1" 200 6583
201.245.192.253 - - [21/Oct/2014:08:41:08 -0500] "GET /isolucionsda/Encabezado.asp?Pagina=Menu.asp&IdModulo=4 HTTP/1.1" 200 15389
201.245.192.253 - - [21/Oct/2014:08:41:08 -0500] "GET /isolucionsda/BarraTitulos.asp?Pagina=Menu.asp&IdModulo=4 HTTP/1.1" 200 6985
201.245.192.253 - - [21/Oct/2014:08:41:08 -0500] "GET /isolucionsda/Menu.asp?Pagina=Menu.asp&IdModulo=4 HTTP/1.1" 200 9682
201.245.192.253 - - [21/Oct/2014:08:41:08 -0500] "GET /isolucionsda/BarraFavoritos.asp HTTP/1.1" 200 911
201.245.192.253 - - [21/Oct/2014:08:41:08 -0500] "GET /isolucionsda/Session.asp?Continue=1 HTTP/1.1" 200 6324
201.245.192.253 - - [21/Oct/2014:08:41:09 -0500] "GET /isolucionsda/FrameSetGeneral.asp?Pagina=ListadoMaestroDocumentos3.asp HTTP/1.1" 200 6634
201.245.192.253 - - [21/Oct/2014:08:41:09 -0500] "GET /isolucionsda/BarraTitulos.asp?Pagina=ListadoMaestroDocumentos3.asp HTTP/1.1" 200 205
201.245.192.253 - - [21/Oct/2014:08:41:09 -0500] "GET /isolucionsda/Encabezado.asp?Pagina=ListadoMaestroDocumentos3.asp HTTP/1.1" 200 205
201.245.192.253 - - [21/Oct/2014:08:41:09 -0500] "GET /isolucionsda/ListadoMaestroDocumentos3.asp?Pagina=ListadoMaestroDocumentos3.asp HTTP/1.1" 200 205
201.245.192.253 - - [21/Oct/2014:08:41:09 -0500] "GET /isolucionsda/BarraFavoritos.asp HTTP/1.1" 200 911
201.245.192.253 - - [21/Oct/2014:08:41:09 -0500] "GET /isolucionsda/BarraTitulos.asp?Pagina=ListadoMaestroDocumentos3.asp HTTP/1.1" 200 6985
201.245.192.253 - - [21/Oct/2014:08:41:09 -0500] "GET /isolucionsda/Encabezado.asp?Pagina=ListadoMaestroDocumentos3.asp HTTP/1.1" 200 15364
201.245.192.253 - - [21/Oct/2014:08:41:09 -0500] "GET /isolucionsda/BarraFavoritos.asp HTTP/1.1" 200 911
201.245.192.253 - - [21/Oct/2014:08:41:09 -0500] "GET /isolucionsda/ListadoMaestroDocumentos3.asp?Pagina=ListadoMaestroDocumentos3.asp HTTP/1.1" 200 11467
201.245.192.253 - - [21/Oct/2014:08:41:09 -0500] "GET /isolucionsda/Session.asp?Continue=1 HTTP/1.1" 200 6324
201.245.192.253 - - [21/Oct/2014:08:40:54 -0500] "GET /bla/boletinlegal/admin/index.php HTTP/1.1" 200 5485
201.245.192.253 - - [21/Oct/2014:08:41:11 -0500] "GET /bla/boletinlegal/admin/index_files/header.png HTTP/1.1" 200 240212
201.245.192.253 - - [21/Oct/2014:08:41:11 -0500] "GET /bla/boletinlegal/admin/index_files/index_files/tback.gif HTTP/1.1" 404 1310
201.245.192.253 - - [21/Oct/2014:08:41:11 -0500] "GET /bla/boletinlegal/admin/index_files/7_1.gif HTTP/1.1" 200 1455
201.245.192.253 - - [21/Oct/2014:08:41:11 -0500] "GET /bla/boletinlegal/admin/index_files/2_4.gif HTTP/1.1" 200 1763
201.245.192.253 - - [21/Oct/2014:08:41:11 -0500] "GET /bla/boletinlegal/admin/index_files/3_5.gif HTTP/1.1" 200 1633
201.245.192.253 - - [21/Oct/2014:08:41:11 -0500] "GET /bla/boletinlegal/images/can.png HTTP/1.1" 200 37574
201.245.192.253 - - [21/Oct/2014:08:41:11 -0500] "GET /bla/boletinlegal/admin/index_files/2_2.gif HTTP/1.1" 200 1728
201.245.192.253 - - [21/Oct/2014:08:41:11 -0500] "GET /bla/boletinlegal/admin/index_files/7_5.gif HTTP/1.1" 200 1565
190.158.7.219 - - [21/Oct/2014:08:41:13 -0500] "GET /forms/frmservlet?config=sia HTTP/1.0" 200 4022
201.245.192.253 - - [21/Oct/2014:08:41:16 -0500] "GET /galeria/carrusel/Carrusel/jquery-ui-%20%201.8.13.custom.min.js HTTP/1.1" 404 1018
201.245.192.253 - - [21/Oct/2014:08:41:17 -0500] "POST /isolucionsda/ListadoMaestroDocumentos3.asp HTTP/1.1" 200 12219
201.245.192.253 - - [21/Oct/2014:08:41:19 -0500] "GET /isolucionsda/FrameSetGlosario.asp?Termino=RONDA+HIDR%C1ULICA HTTP/1.1" 200 6509
201.245.192.253 - - [21/Oct/2014:08:41:19 -0500] "GET /isolucionsda/GlosarioDefinicion.asp?CodGlosario=1364 HTTP/1.1" 200 6771
201.245.192.253 - - [21/Oct/2014:08:41:19 -0500] "GET /isolucionsda/GlosarioRelacionado.asp?CodGlosario=1364&Termino=GlosarioDefinicion.asp?CodGlosario=1364 HTTP/1.1" 200 6438
201.245.192.253 - - [21/Oct/2014:08:41:22 -0500] "GET /isolucionsda/FramesetArticulo.asp?Pagina=bancoconocimiento%2FF%2FFormatodesupervisionencampoA8%5Fv7%2FFormatodesupervisionencampoA8%5Fv7%2Easp&IdArticulo=7646 HTTP/1.1" 200 7341
201.245.192.253 - - [21/Oct/2014:08:41:22 -0500] "GET /isolucionsda/Arriba.asp?Pagina=bancoconocimiento%2FF%2FFormatodesupervisionencampoA8%5Fv7%2FFormatodesupervisionencampoA8%5Fv7%2Easp&IdArticulo=7646 HTTP/1.1" 200 10580
201.245.192.253 - - [21/Oct/2014:08:41:22 -0500] "GET /isolucionsda/bancoconocimiento/F/FormatodesupervisionencampoA8_v7/FormatodesupervisionencampoA8_v7.asp?IdArticulo=7646 HTTP/1.1" 302 178
201.245.192.253 - - [21/Oct/2014:08:41:23 -0500] "GET /isolucionsda/bancoconocimiento/F/FormatodesupervisionencampoA8_v7/anexo%208%20formato%20de%20supervision%20de%20campo01.xls HTTP/1.1" 200 320000
190.158.7.219 - - [21/Oct/2014:08:41:23 -0500] "GET /forms/java/frmall_jinit.jar HTTP/1.1" 304 -
201.245.192.253 - - [21/Oct/2014:08:41:23 -0500] "GET /galeria/carrusel/Carrusel/jquery.thumbnailScroller.css HTTP/1.1" 304 -
201.245.192.253 - - [21/Oct/2014:08:41:24 -0500] "GET /galeria/carrusel/Carrusel/jquery-ui-1.8.13.custom.min.js HTTP/1.1" 304 -
190.158.7.219 - - [21/Oct/2014:08:41:24 -0500] "GET /forms/java/icons.jar HTTP/1.1" 304 -
190.158.7.219 - - [21/Oct/2014:08:41:24 -0500] "GET /forms/java/java/awt/KeyboardFocusManager.class HTTP/1.0" 404 352
201.245.192.253 - - [21/Oct/2014:08:41:24 -0500] "GET /galeria/carrusel/Carrusel/jquery.thumbnailScroller.js HTTP/1.1" 304 -
190.158.7.219 - - [21/Oct/2014:08:41:24 -0500] "GET /forms/java/java/awt/KeyboardFocusManager.class HTTP/1.1" 404 352
186.91.63.28 - - [21/Oct/2014:08:41:26 -0500] "GET /BLA/resoluciones/RESOLUCIONES%202007/RES%202007%20801%20AL%20900/RESOLUCION%200891%20DE%202007.pdf HTTP/1.1" 200 266322
190.158.7.219 - - [21/Oct/2014:08:41:28 -0500] "GET /forms/java/java/awt/event/MouseWheelListener.class HTTP/1.0" 404 356
190.158.7.219 - - [21/Oct/2014:08:41:28 -0500] "GET /forms/java/java/awt/event/MouseWheelListener.class HTTP/1.1" 404 356
190.158.7.219 - - [21/Oct/2014:08:41:28 -0500] "GET /forms/java/oracle/forms/registry/Registry.dat HTTP/1.1" 200 4213
201.245.192.253 - - [21/Oct/2014:08:41:28 -0500] "GET /isolucionsda/bancoconocimiento/M/MINUTACONTRATODEPRESTACIONDESERVICIOS/MINUTACONTRATODEPRESTACIONDESERVICIOS.asp HTTP/1.1" 302 157
190.158.7.219 - - [21/Oct/2014:08:41:28 -0500] "GET /forms/java/oracle/forms/registry/default.dat HTTP/1.1" 404 350
190.158.7.219 - - [21/Oct/2014:08:41:29 -0500] "GET /forms/frmservlet?config=sia&acceptLanguage=en&ifcmd=startsession HTTP/1.1" 200 119
190.66.96.117 - - [21/Oct/2014:08:41:29 -0500] "POST /forms/lservlet;jsessionid=ac16012b30d5a5140aef77184ccdbce6be14214d596e.e3iSbxaKaheRe34Sa3yKbhiTahb0n6jAmljGr5XDqQLvpAe HTTP/1.1" 200 2
201.245.192.253 - - [21/Oct/2014:08:41:28 -0500] "GET /isolucionsda/bancoconocimiento/M/MINUTACONTRATODEPRESTACIONDESERVICIOS/modelo%20minuta%20de%20contrato0.doc HTTP/1.1" 200 215552
190.158.7.219 - - [21/Oct/2014:08:41:29 -0500] "GET /forms/lservlet;jsessionid=ac16012b30d5cd665104f74e40fc81a1ecf65742772d.e3iSbxaKaheRe34Sa3yKbhiTahb0n6jAmljGr5XDqQLvpAe?ifcmd=getinfo&ifhost=bv-4be2e1eefafd&ifip=192.168.0.19 HTTP/1.1" 200 8
190.158.7.219 - - [21/Oct/2014:08:41:29 -0500] "POST /forms/lservlet;jsessionid=ac16012b30d5cd665104f74e40fc81a1ecf65742772d.e3iSbxaKaheRe34Sa3yKbhiTahb0n6jAmljGr5XDqQLvpAe HTTP/1.1" 200 8
181.50.69.86 - - [21/Oct/2014:08:41:30 -0500] "GET /BLA/boletinlegal/js/jquery.js HTTP/1.1" 200 57254
181.50.69.86 - - [21/Oct/2014:08:41:30 -0500] "GET /BLA/boletinlegal/js/jquery.scrollTo-min.js HTTP/1.1" 200 1150
181.50.69.86 - - [21/Oct/2014:08:41:30 -0500] "GET /BLA/boletinlegal/js/jquery.scrollShow.js HTTP/1.1" 200 4586
180.76.6.131 - - [21/Oct/2014:08:41:30 -0500] "GET /BLA/boletinlegal/Circulares/2012/Circular%20No.%2014%20del%2011%20de%20Septiembre%20de%202012.pdf HTTP/1.1" 200 3427471
190.158.7.219 - - [21/Oct/2014:08:41:29 -0500] "POST /forms/lservlet;jsessionid=ac16012b30d5cd665104f74e40fc81a1ecf65742772d.e3iSbxaKaheRe34Sa3yKbhiTahb0n6jAmljGr5XDqQLvpAe HTTP/1.1" 200 64000
190.158.7.219 - - [21/Oct/2014:08:41:31 -0500] "POST /forms/lservlet;jsessionid=ac16012b30d5cd665104f74e40fc81a1ecf65742772d.e3iSbxaKaheRe34Sa3yKbhiTahb0n6jAmljGr5XDqQLvpAe HTTP/1.1" 200 64000
190.158.7.219 - - [21/Oct/2014:08:41:31 -0500] "POST /forms/lservlet;jsessionid=ac16012b30d5cd665104f74e40fc81a1ecf65742772d.e3iSbxaKaheRe34Sa3yKbhiTahb0n6jAmljGr5XDqQLvpAe HTTP/1.1" 200 63623
181.68.215.238 - - [21/Oct/2014:08:41:31 -0500] "GET /forest/skins/gdocs-jar/popup/escritorio/reasignar.jsp?codTraEsc=16727028&a=0.6038098793942481 HTTP/1.1" 200 3623
190.158.7.219 - - [21/Oct/2014:08:41:32 -0500] "HEAD /imagenes/dama_logo.gif HTTP/1.1" 200 -
201.245.192.253 - - [21/Oct/2014:08:41:32 -0500] "GET /galeria/nivo-slider/themes/default/default.css HTTP/1.1" 304 -
190.158.7.219 - - [21/Oct/2014:08:41:32 -0500] "GET /imagenes/dama_logo.gif HTTP/1.1" 200 21482
201.245.192.253 - - [21/Oct/2014:08:41:32 -0500] "POST /isolucionsda/ListadoMaestroDocumentos3.asp HTTP/1.1" 200 11487
190.158.7.219 - - [21/Oct/2014:08:41:32 -0500] "POST /forms/lservlet;jsessionid=ac16012b30d5cd665104f74e40fc81a1ecf65742772d.e3iSbxaKaheRe34Sa3yKbhiTahb0n6jAmljGr5XDqQLvpAe HTTP/1.1" 200 2
66.249.64.163 - - [21/Oct/2014:08:41:34 -0500] "GET /BLA/resoluciones/RESOLUCIONES%202009/0789.pdf HTTP/1.1" 200 218138
181.68.215.238 - - [21/Oct/2014:08:41:34 -0500] "GET /forest/skins/gdocs-jar/popup/buscarfuncionarios.jsp?a=0.6163282855413854 HTTP/1.1" 200 30098
181.68.215.238 - - [21/Oct/2014:08:41:34 -0500] "GET /forest/skins/gdocs-jar/img/select.gif HTTP/1.1" 200 335
181.68.215.238 - - [21/Oct/2014:08:41:34 -0500] "GET /forest/skins/gdocs-jar/img/top-search-icon.gif HTTP/1.1" 200 607
181.68.215.238 - - [21/Oct/2014:08:41:34 -0500] "GET /forest/1ibre/images/spacer.gif HTTP/1.1" 200 43
181.68.215.238 - - [21/Oct/2014:08:41:35 -0500] "GET /forest/skins/gdocs-jar/img/dependencia-tree.gif HTTP/1.1" 200 1039
181.68.215.238 - - [21/Oct/2014:08:41:35 -0500] "GET /forest/1ibre/images/minus.gif HTTP/1.1" 200 80
181.68.215.238 - - [21/Oct/2014:08:41:35 -0500] "GET /forest/1ibre/images/plus.gif HTTP/1.1" 200 88
181.68.215.238 - - [21/Oct/2014:08:41:37 -0500] "GET /forest/xmlresponse.do?lista=funcionarioByName&xmlret=1&partNomFun=a&a=0.6715612791012973 HTTP/1.1" 200 1498
181.68.215.238 - - [21/Oct/2014:08:41:39 -0500] "GET /forest/xmlresponse.do?lista=funcionarioByName&xmlret=1&partNomFun=andrea&a=0.03926923172548413 HTTP/1.1" 200 1511
181.68.215.238 - - [21/Oct/2014:08:41:39 -0500] "GET /forest/xmlresponse.do?lista=funcionarioByName&xmlret=1&partNomFun=andrea%20c&a=0.8259348529390991 HTTP/1.1" 200 268
181.68.215.238 - - [21/Oct/2014:08:41:41 -0500] "GET /forest/xmlresponse.do?lista=funcionarioByName&xmlret=1&partNomFun=andrea%20cortez&a=0.9619461111724377 HTTP/1.1" 200 82
200.234.196.173 - - [21/Oct/2014:08:41:41 -0500] "GET /wp-admin/ HTTP/1.1" 404 1018
190.158.7.219 - - [21/Oct/2014:08:41:44 -0500] "POST /forms/lservlet;jsessionid=ac16012b30d5cd665104f74e40fc81a1ecf65742772d.e3iSbxaKaheRe34Sa3yKbhiTahb0n6jAmljGr5XDqQLvpAe HTTP/1.1" 200 7997
201.245.192.253 - - [21/Oct/2014:08:41:44 -0500] "GET /forestReports/webcontent/birt/ajax/ui/dialog/BirtPrintReportServerDialog.js HTTP/1.1" 304 -
181.68.215.238 - - [21/Oct/2014:08:41:45 -0500] "GET /forest/xmlresponse.do?lista=funcionarioByName&xmlret=1&partNomFun=andrea&a=0.9784289526287466 HTTP/1.1" 200 1511
190.158.7.219 - - [21/Oct/2014:08:41:45 -0500] "POST /forms/lservlet;jsessionid=ac16012b30d5cd665104f74e40fc81a1ecf65742772d.e3iSbxaKaheRe34Sa3yKbhiTahb0n6jAmljGr5XDqQLvpAe HTTP/1.1" 200 64
190.158.7.219 - - [21/Oct/2014:08:41:45 -0500] "POST /forms/lservlet;jsessionid=ac16012b30d5cd665104f74e40fc81a1ecf65742772d.e3iSbxaKaheRe34Sa3yKbhiTahb0n6jAmljGr5XDqQLvpAe HTTP/1.1" 200 2
190.158.7.219 - - [21/Oct/2014:08:41:45 -0500] "POST /forms/lservlet;jsessionid=ac16012b30d5cd665104f74e40fc81a1ecf65742772d.e3iSbxaKaheRe34Sa3yKbhiTahb0n6jAmljGr5XDqQLvpAe HTTP/1.1" 200 2
190.158.7.219 - - [21/Oct/2014:08:41:45 -0500] "POST /forms/lservlet;jsessionid=ac16012b30d5cd665104f74e40fc81a1ecf65742772d.e3iSbxaKaheRe34Sa3yKbhiTahb0n6jAmljGr5XDqQLvpAe HTTP/1.1" 200 2
201.245.192.253 - - [21/Oct/2014:08:41:46 -0500] "GET /forest/misactividades.do?_a=0.44461828330531716&group_system_actual=3 HTTP/1.1" 200 36407
186.87.16.219 - - [21/Oct/2014:08:41:46 -0500] "GET /BLA/boletinlegal/js/jquery.js HTTP/1.1" 200 57254
186.87.16.219 - - [21/Oct/2014:08:41:46 -0500] "GET /galeria/carrusel/Carrusel/jquery.thumbnailScroller.css HTTP/1.1" 200 2066
186.87.16.219 - - [21/Oct/2014:08:41:46 -0500] "GET /BLA/boletinlegal/js/jquery.scrollTo-min.js HTTP/1.1" 200 1150
186.87.16.219 - - [21/Oct/2014:08:41:46 -0500] "GET /BLA/boletinlegal/js/jquery.scrollShow.js HTTP/1.1" 200 4586
186.87.16.219 - - [21/Oct/2014:08:41:46 -0500] "GET /galeria/carrusel/Carrusel/jquery.thumbnailScroller.js HTTP/1.1" 200 8157
186.87.16.219 - - [21/Oct/2014:08:41:46 -0500] "GET /galeria/carrusel/Carrusel/jquery-ui-1.8.13.custom.min.js HTTP/1.1" 200 10800
201.245.192.253 - - [21/Oct/2014:08:41:46 -0500] "GET /forest/session.jsp?a=0.33337272331118584 HTTP/1.1" 200 4
201.245.192.253 - - [21/Oct/2014:08:41:46 -0500] "POST /forest/misactividades.do?ajax=true&a=0.3754012363497168 HTTP/1.1" 200 11418
181.68.215.238 - - [21/Oct/2014:08:41:47 -0500] "GET /forest/json.do?query=dependenciaByFun&codFun=ANDREA.CORTES&a=0.9395989896729589 HTTP/1.1" 200 100
201.228.3.13 - - [21/Oct/2014:08:41:48 -0500] "GET /BLA/boletinlegal/js/jquery.scrollShow.js HTTP/1.1" 200 4586
201.228.3.13 - - [21/Oct/2014:08:41:48 -0500] "GET /BLA/boletinlegal/js/jquery.js HTTP/1.1" 200 57254
201.228.3.13 - - [21/Oct/2014:08:41:48 -0500] "GET /BLA/boletinlegal/js/jquery.scrollTo-min.js HTTP/1.1" 200 1150
186.87.16.219 - - [21/Oct/2014:08:41:49 -0500] "GET /galeria/nivo-slider/demo/demo.html HTTP/1.1" 200 3471
186.87.16.219 - - [21/Oct/2014:08:41:49 -0500] "GET /galeria/nivo-slider/demo/style.css HTTP/1.1" 200 2222
186.87.16.219 - - [21/Oct/2014:08:41:49 -0500] "GET /galeria/nivo-slider/themes/default/default.css HTTP/1.1" 200 1569
186.87.16.219 - - [21/Oct/2014:08:41:49 -0500] "GET /galeria/nivo-slider/themes/orman/orman.css HTTP/1.1" 200 2152
186.87.16.219 - - [21/Oct/2014:08:41:49 -0500] "GET /galeria/nivo-slider/demo/scripts/jquery-1.7.1.min.js HTTP/1.1" 200 93868
186.87.16.219 - - [21/Oct/2014:08:41:49 -0500] "GET /galeria/nivo-slider/nivo-slider.css HTTP/1.1" 200 1507
186.87.16.219 - - [21/Oct/2014:08:41:50 -0500] "GET /galeria/nivo-slider/themes/pascal/pascal.css HTTP/1.1" 200 2258
186.87.16.219 - - [21/Oct/2014:08:41:50 -0500] "GET /galeria/nivo-slider/demo/images/banner-aceite3.jpg HTTP/1.1" 200 88347
201.245.192.253 - - [21/Oct/2014:08:41:50 -0500] "GET /forest/usutareas.do?_a=0.7961719178128988&group_system_actual=3 HTTP/1.1" 200 119510
201.245.192.253 - - [21/Oct/2014:08:41:50 -0500] "GET /forest/js/jquery/jquery-1.5.2.min.js HTTP/1.1" 304 -
201.245.192.253 - - [21/Oct/2014:08:41:50 -0500] "GET /forest/skins/gdocs-jar/img/ok.gif HTTP/1.1" 304 -
201.245.192.253 - - [21/Oct/2014:08:41:50 -0500] "GET /forest/session.jsp?a=0.49583472055383027 HTTP/1.1" 200 4
186.87.16.219 - - [21/Oct/2014:08:41:50 -0500] "GET /galeria/nivo-slider/demo/images/EncuentroAgua1.jpg HTTP/1.1" 200 274179
186.87.16.219 - - [21/Oct/2014:08:41:50 -0500] "GET /galeria/nivo-slider/demo/images/mesTIC.jpg HTTP/1.1" 200 180719
186.87.16.219 - - [21/Oct/2014:08:41:50 -0500] "GET /galeria/nivo-slider/demo/images/Tingua-azul.jpg HTTP/1.1" 200 307638
190.158.7.219 - - [21/Oct/2014:08:41:50 -0500] "POST /forms/lservlet;jsessionid=ac16012b30d5cd665104f74e40fc81a1ecf65742772d.e3iSbxaKaheRe34Sa3yKbhiTahb0n6jAmljGr5XDqQLvpAe HTTP/1.1" 200 34711
186.87.16.219 - - [21/Oct/2014:08:41:51 -0500] "GET /galeria/nivo-slider/jquery.nivo.slider.pack.js HTTP/1.1" 200 11561
186.87.16.219 - - [21/Oct/2014:08:41:51 -0500] "GET /galeria/nivo-slider/demo/images/Banner-Caracol-Africano.jpg HTTP/1.1" 200 331986
186.87.16.219 - - [21/Oct/2014:08:41:51 -0500] "GET /galeria/nivo-slider/themes/default/loading.gif HTTP/1.1" 200 1737
190.158.7.219 - - [21/Oct/2014:08:41:52 -0500] "GET /imagenes/listval.gif HTTP/1.1" 200 905
190.158.7.219 - - [21/Oct/2014:08:41:52 -0500] "GET /imagenes/tree1.gif HTTP/1.1" 200 1161
190.158.7.219 - - [21/Oct/2014:08:41:52 -0500] "GET /imagenes/CAMERA3.gif HTTP/1.1" 200 4150
190.158.7.219 - - [21/Oct/2014:08:41:52 -0500] "GET /imagenes/SLIDE1.gif HTTP/1.1" 200 1111
190.158.7.219 - - [21/Oct/2014:08:41:52 -0500] "GET /imagenes/flexcomb.gif HTTP/1.1" 200 1169
190.158.7.219 - - [21/Oct/2014:08:41:52 -0500] "GET /imagenes/GO.gif HTTP/1.1" 200 904
190.158.7.219 - - [21/Oct/2014:08:41:52 -0500] "GET /imagenes/HRTOOLS.gif HTTP/1.1" 200 2238
190.158.7.219 - - [21/Oct/2014:08:41:52 -0500] "GET /imagenes/rt_rec1.gif HTTP/1.1" 200 867
190.158.7.219 - - [21/Oct/2014:08:41:52 -0500] "GET /imagenes/apply.gif HTTP/1.1" 200 903
190.158.7.219 - - [21/Oct/2014:08:41:52 -0500] "GET /imagenes/exit.gif HTTP/1.1" 200 916
190.158.7.219 - - [21/Oct/2014:08:41:52 -0500] "GET /imagenes/LISTVAL.gif HTTP/1.1" 200 905
190.158.7.219 - - [21/Oct/2014:08:41:52 -0500] "GET /imagenes/edit.gif HTTP/1.1" 200 919
190.158.7.219 - - [21/Oct/2014:08:41:52 -0500] "GET /imagenes/rt_rec4.gif HTTP/1.1" 200 865
190.158.7.219 - - [21/Oct/2014:08:41:52 -0500] "GET /imagenes/rt_rec3.gif HTTP/1.1" 200 844
190.158.7.219 - - [21/Oct/2014:08:41:52 -0500] "GET /imagenes/rt_rec2.gif HTTP/1.1" 200 847
190.158.7.219 - - [21/Oct/2014:08:41:52 -0500] "GET /imagenes/rt_rdel.gif HTTP/1.1" 200 899
190.158.7.219 - - [21/Oct/2014:08:41:52 -0500] "GET /imagenes/rt_radd.gif HTTP/1.1" 200 907
190.158.7.219 - - [21/Oct/2014:08:41:52 -0500] "GET /imagenes/rt_quer3.gif HTTP/1.1" 200 939
190.158.7.219 - - [21/Oct/2014:08:41:53 -0500] "GET /imagenes/rt_quer2.gif HTTP/1.1" 200 936
190.158.7.219 - - [21/Oct/2014:08:41:53 -0500] "GET /imagenes/rt_quer1.gif HTTP/1.1" 200 930
186.87.16.219 - - [21/Oct/2014:08:41:53 -0500] "GET /galeria/nivo-slider/demo/images/4Simple_Slider.png HTTP/1.1" 200 11722
190.158.7.219 - - [21/Oct/2014:08:41:53 -0500] "GET /imagenes/rt_save.gif HTTP/1.1" 200 903
190.158.7.219 - - [21/Oct/2014:08:41:53 -0500] "GET /imagenes/rt_pset.gif HTTP/1.1" 200 914
190.158.7.219 - - [21/Oct/2014:08:41:53 -0500] "GET /imagenes/QUEJA.gif HTTP/1.1" 200 1091
190.158.7.219 - - [21/Oct/2014:08:41:53 -0500] "GET /imagenes/ARBOL.gif HTTP/1.1" 200 1026
190.158.7.219 - - [21/Oct/2014:08:41:53 -0500] "GET /imagenes/Clipboard.gif HTTP/1.1" 200 1466
190.158.7.219 - - [21/Oct/2014:08:41:53 -0500] "GET /imagenes/DINERO.gif HTTP/1.1" 200 1766
190.158.7.219 - - [21/Oct/2014:08:41:53 -0500] "GET /imagenes/URGENTE.gif HTTP/1.1" 200 964
190.158.7.219 - - [21/Oct/2014:08:41:53 -0500] "GET /imagenes/TREE4.gif HTTP/1.1" 200 4150
190.158.7.219 - - [21/Oct/2014:08:41:53 -0500] "POST /forms/lservlet;jsessionid=ac16012b30d5cd665104f74e40fc81a1ecf65742772d.e3iSbxaKaheRe34Sa3yKbhiTahb0n6jAmljGr5XDqQLvpAe HTTP/1.1" 200 7
190.158.7.219 - - [21/Oct/2014:08:41:53 -0500] "POST /forms/lservlet;jsessionid=ac16012b30d5cd665104f74e40fc81a1ecf65742772d.e3iSbxaKaheRe34Sa3yKbhiTahb0n6jAmljGr5XDqQLvpAe HTTP/1.1" 200 34
190.158.7.219 - - [21/Oct/2014:08:41:53 -0500] "POST /forms/lservlet;jsessionid=ac16012b30d5cd665104f74e40fc81a1ecf65742772d.e3iSbxaKaheRe34Sa3yKbhiTahb0n6jAmljGr5XDqQLvpAe HTTP/1.1" 200 2
201.245.192.253 - - [21/Oct/2014:08:41:53 -0500] "GET /forestReports/webcontent/birt/ajax/ui/app/AbstractUIComponent.js HTTP/1.1" 304 -
190.158.7.219 - - [21/Oct/2014:08:41:54 -0500] "POST /forms/lservlet;jsessionid=ac16012b30d5cd665104f74e40fc81a1ecf65742772d.e3iSbxaKaheRe34Sa3yKbhiTahb0n6jAmljGr5XDqQLvpAe HTTP/1.1" 200 647
181.68.215.238 - - [21/Oct/2014:08:41:58 -0500] "POST /forest/usutareas.do?group_system_actual=3 HTTP/1.1" 200 147
190.158.7.219 - - [21/Oct/2014:08:41:58 -0500] "POST /forms/lservlet;jsessionid=ac16012b30d5cd665104f74e40fc81a1ecf65742772d.e3iSbxaKaheRe34Sa3yKbhiTahb0n6jAmljGr5XDqQLvpAe HTTP/1.1" 200 49
181.68.215.238 - - [21/Oct/2014:08:41:59 -0500] "GET /forest/usutareas.do?group_system_actual=3&a=0.40916696283966303 HTTP/1.1" 200 21412
181.68.215.238 - - [21/Oct/2014:08:42:00 -0500] "GET /forest/session.jsp?a=0.24828434735536575 HTTP/1.1" 200 4
201.245.192.253 - - [21/Oct/2014:08:42:00 -0500] "POST /forest/buscar.do? HTTP/1.1" 200 5172
201.245.192.253 - - [21/Oct/2014:08:42:00 -0500] "GET /forest/css/escritorio.css HTTP/1.1" 304 -
201.245.192.253 - - [21/Oct/2014:08:42:00 -0500] "GET /forest/img/nav_first.gif HTTP/1.1" 304 -
201.245.192.253 - - [21/Oct/2014:08:42:00 -0500] "GET /forest/img/nav_prev.gif HTTP/1.1" 304 -
201.245.192.253 - - [21/Oct/2014:08:42:00 -0500] "GET /forest/img/nav_next.gif HTTP/1.1" 304 -
201.245.192.253 - - [21/Oct/2014:08:42:00 -0500] "GET /forest/img/nav_last.gif HTTP/1.1" 304 -
201.245.192.253 - - [21/Oct/2014:08:42:00 -0500] "GET /forest/skins/gdocs-jar/img/more_details.gif HTTP/1.1" 304 -
186.87.16.219 - - [21/Oct/2014:08:42:02 -0500] "GET /galeria/nivo-slider/demo/images/banner-redes.jpg HTTP/1.1" 200 62209
186.87.16.219 - - [21/Oct/2014:08:42:03 -0500] "GET /galeria/nivo-slider/demo/images/9Signos.jpg HTTP/1.1" 200 93040
181.68.215.238 - - [21/Oct/2014:08:42:03 -0500] "GET /forest/misactividades.do?_a=0.9748712787404656&group_system_actual=3 HTTP/1.1" 200 38695
186.87.16.219 - - [21/Oct/2014:08:42:04 -0500] "GET /videos/Spot_Tinguas.flv HTTP/1.1" 200 2087054
181.68.215.238 - - [21/Oct/2014:08:42:04 -0500] "GET /forest/session.jsp?a=0.2493042468558997 HTTP/1.1" 200 4
186.87.16.219 - - [21/Oct/2014:08:42:05 -0500] "GET /galeria/nivo-slider/demo/images/banner-encuesta.jpg HTTP/1.1" 200 42764
181.68.215.238 - - [21/Oct/2014:08:42:05 -0500] "POST /forest/misactividades.do?ajax=true&a=0.11217148858122528 HTTP/1.1" 200 3333
201.245.192.253 - - [21/Oct/2014:08:42:05 -0500] "GET /galeria/nivo-slider/themes/default/default.css HTTP/1.1" 304 -
201.245.192.253 - - [21/Oct/2014:08:42:05 -0500] "GET /forestReports/webcontent/birt/ajax/ui/app/AbstractBaseToc.js HTTP/1.1" 304 -
186.87.16.219 - - [21/Oct/2014:08:42:06 -0500] "GET /galeria/nivo-slider/demo/images/banner-llantas2.jpg HTTP/1.1" 200 73153
186.87.16.219 - - [21/Oct/2014:08:42:06 -0500] "GET /galeria/nivo-slider/demo/images/banner-caballos.png HTTP/1.1" 200 389106
186.87.16.219 - - [21/Oct/2014:08:42:06 -0500] "GET /galeria/nivo-slider/demo/images/Hacienda_Molinos.jpg HTTP/1.1" 200 319171
181.68.215.238 - - [21/Oct/2014:08:42:07 -0500] "GET /forest/img/jquery/ui-bg_flat_55_fbec88_40x100.png HTTP/1.1" 206 1
181.68.215.238 - - [21/Oct/2014:08:42:07 -0500] "GET /forest/img/jquery/ui-bg_flat_55_fbec88_40x100.png HTTP/1.1" 206 2157
186.87.16.219 - - [21/Oct/2014:08:42:08 -0500] "GET /galeria/nivo-slider/demo/images/bannerEcolecta3.jpg HTTP/1.1" 200 280034
181.68.215.238 - - [21/Oct/2014:08:42:07 -0500] "GET /forest/usutareas.do?_a=0.8241239108610898&group_system_actual=3 HTTP/1.1" 200 128083
181.68.215.238 - - [21/Oct/2014:08:42:09 -0500] "GET /forest/session.jsp?a=0.7090491889975965 HTTP/1.1" 200 4
66.249.64.163 - - [21/Oct/2014:08:42:11 -0500] "GET /BLA/resoluciones/AUTOS%202011/6787.pdf HTTP/1.1" 200 127698
201.245.192.253 - - [21/Oct/2014:08:42:11 -0500] "POST /isolucionsda/ListadoMaestroDocumentos3.asp HTTP/1.1" 200 11487
181.68.215.238 - - [21/Oct/2014:08:42:13 -0500] "GET /forest/borrador/1480246/MEMO%20PNC%20OCTUBRE%202014.docx HTTP/1.1" 200 130283
201.245.192.253 - - [21/Oct/2014:08:42:14 -0500] "GET /forest/session.jsp?a=0.3323033703234811 HTTP/1.1" 200 4
201.245.192.253 - - [21/Oct/2014:08:42:16 -0500] "GET /forestReports/webcontent/birt/ajax/utility/Printer.js HTTP/1.1" 304 -
201.245.192.253 - - [21/Oct/2014:08:42:17 -0500] "GET /forestReports/webcontent/birt/ajax/ui/dialog/AbstractParameterDialog.js HTTP/1.1" 304 -
190.158.7.219 - - [21/Oct/2014:08:42:18 -0500] "POST /forms/lservlet;jsessionid=ac16012b30d5cd665104f74e40fc81a1ecf65742772d.e3iSbxaKaheRe34Sa3yKbhiTahb0n6jAmljGr5XDqQLvpAe HTTP/1.1" 200 24
190.158.7.219 - - [21/Oct/2014:08:42:18 -0500] "POST /forms/lservlet;jsessionid=ac16012b30d5cd665104f74e40fc81a1ecf65742772d.e3iSbxaKaheRe34Sa3yKbhiTahb0n6jAmljGr5XDqQLvpAe HTTP/1.1" 200 239
201.245.192.253 - - [21/Oct/2014:08:42:18 -0500] "POST /isolucionsda/ListadoMaestroDocumentos3.asp HTTP/1.1" 200 11489
190.158.7.219 - - [21/Oct/2014:08:42:19 -0500] "POST /forms/lservlet;jsessionid=ac16012b30d5cd665104f74e40fc81a1ecf65742772d.e3iSbxaKaheRe34Sa3yKbhiTahb0n6jAmljGr5XDqQLvpAe HTTP/1.1" 200 44
190.158.7.219 - - [21/Oct/2014:08:42:19 -0500] "POST /forms/lservlet;jsessionid=ac16012b30d5cd665104f74e40fc81a1ecf65742772d.e3iSbxaKaheRe34Sa3yKbhiTahb0n6jAmljGr5XDqQLvpAe HTTP/1.1" 200 15
190.158.7.219 - - [21/Oct/2014:08:42:20 -0500] "POST /forms/lservlet;jsessionid=ac16012b30d5cd665104f74e40fc81a1ecf65742772d.e3iSbxaKaheRe34Sa3yKbhiTahb0n6jAmljGr5XDqQLvpAe HTTP/1.1" 200 2
201.245.192.253 - - [21/Oct/2014:08:42:20 -0500] "POST /isolucionsda/ListadoMaestroDocumentos3.asp HTTP/1.1" 200 11489
201.245.192.253 - - [21/Oct/2014:08:42:23 -0500] "GET /forestReports/webcontent/birt/ajax/ui/dialog/BirtExportReportDialog.js HTTP/1.1" 304 -
190.26.119.3 - - [21/Oct/2014:08:42:23 -0500] "GET /isolucionsda/ HTTP/1.1" 200 739
190.26.119.3 - - [21/Oct/2014:08:42:23 -0500] "GET /isolucionsda/IdentificaUsuario.asp?Pagina1=FrameSetGeneral.asp& HTTP/1.1" 200 4997
190.158.7.219 - - [21/Oct/2014:08:42:23 -0500] "POST /forms/lservlet;jsessionid=ac16012b30d5cd665104f74e40fc81a1ecf65742772d.e3iSbxaKaheRe34Sa3yKbhiTahb0n6jAmljGr5XDqQLvpAe HTTP/1.1" 200 70
190.26.119.3 - - [21/Oct/2014:08:42:24 -0500] "GET /isolucionsda/g/Img_LogoIsoCabezote.jpg HTTP/1.1" 200 7960
190.26.119.3 - - [21/Oct/2014:08:42:23 -0500] "GET /isolucionsda/StyleSheet/StyleSheet.css HTTP/1.1" 200 22894
190.26.119.3 - - [21/Oct/2014:08:42:24 -0500] "GET /isolucionsda/g/Img_DivBarraSup.jpg HTTP/1.1" 200 323
190.26.119.3 - - [21/Oct/2014:08:42:24 -0500] "GET /isolucionsda/g/shim.gif HTTP/1.1" 200 43
190.158.7.219 - - [21/Oct/2014:08:42:24 -0500] "POST /forms/lservlet;jsessionid=ac16012b30d5cd665104f74e40fc81a1ecf65742772d.e3iSbxaKaheRe34Sa3yKbhiTahb0n6jAmljGr5XDqQLvpAe HTTP/1.1" 200 30
190.26.119.3 - - [21/Oct/2014:08:42:24 -0500] "GET /isolucionsda/g/Bgr_BarraSuperior.jpg HTTP/1.1" 200 419
190.158.7.219 - - [21/Oct/2014:08:42:25 -0500] "POST /forms/lservlet;jsessionid=ac16012b30d5cd665104f74e40fc81a1ecf65742772d.e3iSbxaKaheRe34Sa3yKbhiTahb0n6jAmljGr5XDqQLvpAe HTTP/1.1" 200 72
201.245.192.253 - - [21/Oct/2014:08:42:26 -0500] "GET /forestReports/webcontent/birt/ajax/ui/dialog/BirtParameterDialog.js HTTP/1.1" 304 -
190.26.119.3 - - [21/Oct/2014:08:42:26 -0500] "POST /isolucionsda/IdentificaUsuario.asp?Pagina1=FrameSetGeneral.asp& HTTP/1.1" 302 173
190.26.119.3 - - [21/Oct/2014:08:42:26 -0500] "GET /isolucionsda/FrameSetGeneral.asp?Pagina1=FrameSetGeneral.asp& HTTP/1.1" 200 6613
190.26.119.3 - - [21/Oct/2014:08:42:26 -0500] "GET /isolucionsda/Encabezado.asp?Pagina1=FrameSetGeneral.asp&&Pagina=MagazinHome.asp HTTP/1.1" 200 15388
190.26.119.3 - - [21/Oct/2014:08:42:26 -0500] "GET /isolucionsda/BarraTitulos.asp?Pagina1=FrameSetGeneral.asp&&Pagina=MagazinHome.asp HTTP/1.1" 200 6972
190.26.119.3 - - [21/Oct/2014:08:42:26 -0500] "GET /isolucionsda/g/Bot_Anterior.jpg HTTP/1.1" 200 1797
190.26.119.3 - - [21/Oct/2014:08:42:26 -0500] "GET /isolucionsda/g/Bot_Home.jpg HTTP/1.1" 200 1936
190.26.119.3 - - [21/Oct/2014:08:42:27 -0500] "GET /isolucionsda/g/Bgr_BarraBotPrins.jpg HTTP/1.1" 200 944
190.26.119.3 - - [21/Oct/2014:08:42:27 -0500] "GET /isolucionsda/g/Bot_Siguiente.jpg HTTP/1.1" 200 1727
190.26.119.3 - - [21/Oct/2014:08:42:27 -0500] "GET /isolucionsda/g/Bot_Administrador.jpg HTTP/1.1" 200 1694
190.26.119.3 - - [21/Oct/2014:08:42:26 -0500] "GET /isolucionsda/BarraFavoritos.asp HTTP/1.1" 200 911
190.26.119.3 - - [21/Oct/2014:08:42:26 -0500] "GET /isolucionsda/Session.asp?Continue=1 HTTP/1.1" 200 6324
190.26.119.3 - - [21/Oct/2014:08:42:27 -0500] "GET /isolucionsda/g/Bot_Glosario.jpg HTTP/1.1" 200 1989
190.26.119.3 - - [21/Oct/2014:08:42:27 -0500] "GET /isolucionsda/g/Bot_Ayuda.jpg HTTP/1.1" 200 1702
190.26.119.3 - - [21/Oct/2014:08:42:27 -0500] "GET /isolucionsda/g/Img_DivVertBarraSup.jpg HTTP/1.1" 200 810
190.26.119.3 - - [21/Oct/2014:08:42:27 -0500] "GET /isolucionsda/g/Bot_Documentos_ESP.jpg HTTP/1.1" 200 5825
190.26.119.3 - - [21/Oct/2014:08:42:27 -0500] "GET /isolucionsda/g/Bot_TalentoOff_ESP.jpg HTTP/1.1" 200 3258
190.26.119.3 - - [21/Oct/2014:08:42:27 -0500] "GET /isolucionsda/g/Bot_Cerrar.jpg HTTP/1.1" 200 1944
190.26.119.3 - - [21/Oct/2014:08:42:27 -0500] "GET /isolucionsda/g/Bot_ProveedoresOff_ESP.jpg HTTP/1.1" 200 3801
190.26.119.3 - - [21/Oct/2014:08:42:27 -0500] "GET /isolucionsda/g/Bot_Riesgos_ESP.jpg HTTP/1.1" 200 4903
190.26.119.3 - - [21/Oct/2014:08:42:27 -0500] "GET /isolucionsda/g/Bot_Indicadores_ESP.jpg HTTP/1.1" 200 5267
190.26.119.3 - - [21/Oct/2014:08:42:27 -0500] "GET /isolucionsda/g/Bot_Mejoramiento_ESP.jpg HTTP/1.1" 200 5904
190.26.119.3 - - [21/Oct/2014:08:42:27 -0500] "GET /isolucionsda/g/Bot_CalibracionOff_ESP.jpg HTTP/1.1" 200 3850
190.26.119.3 - - [21/Oct/2014:08:42:26 -0500] "GET /isolucionsda/MagazinHome.asp HTTP/1.1" 200 25853
190.26.119.3 - - [21/Oct/2014:08:42:27 -0500] "GET /isolucionsda/g/Bot_TareasOff_ESP.jpg HTTP/1.1" 200 3028
190.26.119.3 - - [21/Oct/2014:08:42:27 -0500] "GET /isolucionsda/TareasSFRedirect.asp HTTP/1.1" 302 195
190.26.119.3 - - [21/Oct/2014:08:42:27 -0500] "GET /isolucionsda/g/Bullet_PuntoAzul.gif HTTP/1.1" 200 75
190.26.119.3 - - [21/Oct/2014:08:42:27 -0500] "GET /isolucionsda/g/Bgr_BarraMediaHome.jpg HTTP/1.1" 200 446
190.26.119.3 - - [21/Oct/2014:08:42:27 -0500] "GET /isolucionsda/g/Bgr_TituloCabezote3.jpg HTTP/1.1" 200 841
190.26.119.3 - - [21/Oct/2014:08:42:27 -0500] "GET /isolucionsda/g/Img_LineaPunteada.gif HTTP/1.1" 200 123
190.26.119.3 - - [21/Oct/2014:08:42:27 -0500] "GET /isolucionsda/g/Bullet_FlechaAzul.gif HTTP/1.1" 200 72
190.26.119.3 - - [21/Oct/2014:08:42:27 -0500] "GET /isolucionsda/grafvinetas/logo%2030.jpg HTTP/1.1" 200 36055
190.26.119.3 - - [21/Oct/2014:08:42:27 -0500] "GET /isolucionsda/g/Bgr_Destacado3399CC.jpg HTTP/1.1" 404 5217
190.26.119.3 - - [21/Oct/2014:08:42:27 -0500] "GET /isolucionsda/g/GifTransparente.gif HTTP/1.1" 200 51
190.26.119.3 - - [21/Oct/2014:08:42:27 -0500] "GET /isolucionsda/g/Bot_Procesos_ESP.jpg HTTP/1.1" 200 4441
190.26.119.3 - - [21/Oct/2014:08:42:27 -0500] "GET /isolucionsda/g/Bot_Manual_ESP.jpg HTTP/1.1" 200 4512
190.26.119.3 - - [21/Oct/2014:08:42:27 -0500] "GET /isolucionsda/g/Bot_Meci_ESP.jpg HTTP/1.1" 200 4380
190.26.119.3 - - [21/Oct/2014:08:42:27 -0500] "GET /isolucionsda/g/Bot_ClientesOff_ESP.jpg HTTP/1.1" 200 2917
190.26.119.3 - - [21/Oct/2014:08:42:27 -0500] "GET /isolucionsda/g/Bot_SySOOff_ESP.jpg HTTP/1.1" 200 3270
190.26.119.3 - - [21/Oct/2014:08:42:27 -0500] "GET /isolucionsda/g/Bgr_BarraCurva2.jpg HTTP/1.1" 200 409
190.26.119.3 - - [21/Oct/2014:08:42:27 -0500] "GET /isolucionsda/g/Bot_Ambiental_ESP.jpg HTTP/1.1" 200 5259
190.26.119.3 - - [21/Oct/2014:08:42:27 -0500] "GET /isolucionsda/g/Bgr_BarraCurva.jpg HTTP/1.1" 200 374
190.26.119.3 - - [21/Oct/2014:08:42:27 -0500] "GET /isolucionsda/g/Img_BarraCurva.jpg HTTP/1.1" 200 1826
190.26.119.3 - - [21/Oct/2014:08:42:27 -0500] "GET /isolucionsda/g/Bgr_BarraInferior.jpg HTTP/1.1" 200 398
190.26.119.3 - - [21/Oct/2014:08:42:27 -0500] "GET /isolucionsda/g/Img_LogoIcono.jpg HTTP/1.1" 200 7870
201.245.192.253 - - [21/Oct/2014:08:42:27 -0500] "GET /isolucionsda/BancoConocimiento/R/Resolucion3368del8deJuniode2011/Resolucion3368del8deJuniode2011.asp HTTP/1.1" 302 199
201.245.192.253 - - [21/Oct/2014:08:42:27 -0500] "GET /isolucionsda/BancoConocimiento/R/Resolucion3368del8deJuniode2011/resoluci%F3n%203368%20de%202011%20delega%20funciones%20de%20supervisi%F3n0.pdf HTTP/1.1" 200 208520
201.245.192.253 - - [21/Oct/2014:08:42:28 -0500] "GET /isolucionsda/BancoConocimiento/R/Resolucion3368del8deJuniode2011/resoluci%F3n%203368%20de%202011%20delega%20funciones%20de%20supervisi%F3n0.pdf HTTP/1.1" 206 28054
201.245.192.253 - - [21/Oct/2014:08:42:28 -0500] "GET /isolucionsda/BancoConocimiento/R/Resolucion3368del8deJuniode2011/resoluci%F3n%203368%20de%202011%20delega%20funciones%20de%20supervisi%F3n0.pdf HTTP/1.1" 206 65536
190.26.119.3 - - [21/Oct/2014:08:42:27 -0500] "GET /isolucionsda/Login.aspx?TARGET=SFContainerFiltrado.aspx&number=68564856667068534554 HTTP/1.1" 302 886
201.245.192.253 - - [21/Oct/2014:08:42:28 -0500] "GET /isolucionsda/BancoConocimiento/R/Resolucion3368del8deJuniode2011/resoluci%F3n%203368%20de%202011%20delega%20funciones%20de%20supervisi%F3n0.pdf HTTP/1.1" 206 65536
190.26.119.3 - - [21/Oct/2014:08:42:28 -0500] "GET /isolucionsda/SFContainerFiltrado.aspx?Number=68564856667068534554 HTTP/1.1" 200 14314
190.26.119.3 - - [21/Oct/2014:08:42:28 -0500] "GET /isolucionsda/g/img_titulo_Tpendientes.jpg HTTP/1.1" 200 2433
190.26.119.3 - - [21/Oct/2014:08:42:28 -0500] "GET /isolucionsda/g/Bgr_TituloCabezote3Avanzado.jpg HTTP/1.1" 200 745
190.26.119.3 - - [21/Oct/2014:08:42:28 -0500] "GET /isolucionsda/DetalleTareas.aspx?Number=68564856667068534554 HTTP/1.1" 200 5355
190.26.119.3 - - [21/Oct/2014:08:42:28 -0500] "GET /isolucionsda/auxlib.js HTTP/1.1" 404 5185
190.26.119.3 - - [21/Oct/2014:08:42:28 -0500] "GET /isolucionsda/infowndpublic.js HTTP/1.1" 404 5199
190.26.119.3 - - [21/Oct/2014:08:42:28 -0500] "GET /isolucionsda/StyleSheet/StyleSheetSF.css HTTP/1.1" 200 7210
190.26.119.3 - - [21/Oct/2014:08:42:28 -0500] "GET /isolucionsda/infowndcore.js HTTP/1.1" 404 5195
190.26.119.3 - - [21/Oct/2014:08:42:28 -0500] "GET /isolucionsda/g/bt_rojo.jpg HTTP/1.1" 200 132
188.165.15.84 - - [21/Oct/2014:08:42:29 -0500] "GET /BLA/resoluciones/RESOLUCIONES%202005/RES%202005%20401-450/00000426.tif HTTP/1.1" 200 162816
201.245.192.253 - - [21/Oct/2014:08:42:29 -0500] "GET /isolucionsda/Logout.aspx HTTP/1.1" 200 648
201.245.192.253 - - [21/Oct/2014:08:42:28 -0500] "GET /isolucionsda/BancoConocimiento/R/Resolucion3368del8deJuniode2011/resoluci%F3n%203368%20de%202011%20delega%20funciones%20de%20supervisi%F3n0.pdf HTTP/1.1" 200 748950
201.245.192.253 - - [21/Oct/2014:08:42:29 -0500] "GET /isolucionsda/Logout.asp HTTP/1.1" 200 6054
201.245.192.253 - - [21/Oct/2014:08:42:29 -0500] "GET /isolucionsda/ControlDeInicio.asp HTTP/1.1" 200 739
201.245.192.253 - - [21/Oct/2014:08:42:29 -0500] "GET /isolucionsda/IdentificaUsuario.asp?Pagina1=FrameSetGeneral.asp& HTTP/1.1" 200 4997
190.158.7.219 - - [21/Oct/2014:08:42:29 -0500] "POST /forms/lservlet;jsessionid=ac16012b30d5cd665104f74e40fc81a1ecf65742772d.e3iSbxaKaheRe34Sa3yKbhiTahb0n6jAmljGr5XDqQLvpAe HTTP/1.1" 200 2
201.245.192.253 - - [21/Oct/2014:08:42:30 -0500] "GET /forestReports/webcontent/birt/ajax/core/Mask.js HTTP/1.1" 304 -
190.158.7.219 - - [21/Oct/2014:08:42:29 -0500] "POST /forms/lservlet;jsessionid=ac16012b30d5cd665104f74e40fc81a1ecf65742772d.e3iSbxaKaheRe34Sa3yKbhiTahb0n6jAmljGr5XDqQLvpAe HTTP/1.1" 200 14
190.158.7.219 - - [21/Oct/2014:08:42:30 -0500] "POST /forms/lservlet;jsessionid=ac16012b30d5cd665104f74e40fc81a1ecf65742772d.e3iSbxaKaheRe34Sa3yKbhiTahb0n6jAmljGr5XDqQLvpAe HTTP/1.1" 200 14
190.158.7.219 - - [21/Oct/2014:08:42:32 -0500] "POST /forms/lservlet;jsessionid=ac16012b30d5cd665104f74e40fc81a1ecf65742772d.e3iSbxaKaheRe34Sa3yKbhiTahb0n6jAmljGr5XDqQLvpAe HTTP/1.1" 200 4782
190.158.7.219 - - [21/Oct/2014:08:42:32 -0500] "POST /forms/lservlet;jsessionid=ac16012b30d5cd665104f74e40fc81a1ecf65742772d.e3iSbxaKaheRe34Sa3yKbhiTahb0n6jAmljGr5XDqQLvpAe HTTP/1.1" 200 19
201.245.192.253 - - [21/Oct/2014:08:42:35 -0500] "GET /forestReports/webcontent/birt/ajax/core/BirtEvent.js HTTP/1.1" 304 -
190.131.196.77 - - [21/Oct/2014:08:42:35 -0500] "GET /videos/Spot_Tinguas.flv HTTP/1.1" 200 2087054
181.68.215.238 - - [21/Oct/2014:08:42:35 -0500] "GET /forest/skins/gdocs-jar/popup/escritorio/subirborrador.jsp?form=Correspondencia_Firmar_Borrador_Aprobado&codTpl=621&codBorr=&a=0.5901894755661488 HTTP/1.1" 200 23164
181.68.215.238 - - [21/Oct/2014:08:42:36 -0500] "GET /forest/img/lapiz.gif HTTP/1.1" 200 914
181.68.215.238 - - [21/Oct/2014:08:42:37 -0500] "GET /forest/json.do?query=borradoresByTpls&codInst=2970229&codTare=701&firma=1&a=0.5466640337835997 HTTP/1.1" 200 180
181.68.215.238 - - [21/Oct/2014:08:42:37 -0500] "GET /forest/json.do?query=plantillasByTarea&codTare=701&codInst=2970229&firma=1&a=0.3078970455098897 HTTP/1.1" 200 894
66.249.64.167 - - [21/Oct/2014:08:42:37 -0500] "GET /BLA/resoluciones/RESOLUCIONES%202006/RES%202006%201351-1400/00001364.tif HTTP/1.1" 200 199266
181.68.215.238 - - [21/Oct/2014:08:42:37 -0500] "GET /forest/json.do?query=terceroById&numTer=899999061-9%20SDA&a=0.2601195075549185 HTTP/1.1" 200 662
190.158.7.219 - - [21/Oct/2014:08:42:38 -0500] "POST /forms/lservlet;jsessionid=ac16012b30d5cd665104f74e40fc81a1ecf65742772d.e3iSbxaKaheRe34Sa3yKbhiTahb0n6jAmljGr5XDqQLvpAe HTTP/1.1" 200 2
181.68.215.238 - - [21/Oct/2014:08:42:38 -0500] "GET /forest/img/historial.gif HTTP/1.1" 200 1341
181.68.215.238 - - [21/Oct/2014:08:42:38 -0500] "GET /forest/img/adduser.gif HTTP/1.1" 200 1249
181.68.215.238 - - [21/Oct/2014:08:42:38 -0500] "GET /forest/skins/gdocs-jar/img/expandido.gif HTTP/1.1" 200 190
190.158.7.219 - - [21/Oct/2014:08:42:38 -0500] "POST /forms/lservlet;jsessionid=ac16012b30d5cd665104f74e40fc81a1ecf65742772d.e3iSbxaKaheRe34Sa3yKbhiTahb0n6jAmljGr5XDqQLvpAe HTTP/1.1" 200 3124
181.68.215.238 - - [21/Oct/2014:08:42:38 -0500] "GET /forest/json.do?query=terceroById&numTer=899999061-9%20SDA&a=0.1960751675069332 HTTP/1.1" 200 662
190.158.7.219 - - [21/Oct/2014:08:42:39 -0500] "POST /forms/lservlet;jsessionid=ac16012b30d5cd665104f74e40fc81a1ecf65742772d.e3iSbxaKaheRe34Sa3yKbhiTahb0n6jAmljGr5XDqQLvpAe HTTP/1.1" 200 2
181.68.215.238 - - [21/Oct/2014:08:42:39 -0500] "GET /forest/json.do?query=ultimoBorradorByTpl&codTpl=621&codInst=2970229&a=0.6802099149208516 HTTP/1.1" 200 20
181.68.215.238 - - [21/Oct/2014:08:42:39 -0500] "GET /forest/json.do?query=ultimoBorradorByTpl&codTpl=1201&codInst=2970229&a=0.46436500386334956 HTTP/1.1" 200 2
181.68.215.238 - - [21/Oct/2014:08:42:40 -0500] "GET /forest/json.do?query=ultimoBorradorByTpl&codTpl=641&codInst=2970229&a=0.35714431712403893 HTTP/1.1" 200 2
181.68.215.238 - - [21/Oct/2014:08:42:40 -0500] "GET /forest/json.do?query=ultimoBorradorByTpl&codTpl=901&codInst=2970229&a=0.0017398686613887548 HTTP/1.1" 200 2
181.68.215.238 - - [21/Oct/2014:08:42:40 -0500] "GET /forest/json.do?query=ultimoBorradorByTpl&codTpl=501&codInst=2970229&a=0.8855120518710464 HTTP/1.1" 200 2
190.158.7.219 - - [21/Oct/2014:08:42:41 -0500] "POST /forms/lservlet;jsessionid=ac16012b30d5cd665104f74e40fc81a1ecf65742772d.e3iSbxaKaheRe34Sa3yKbhiTahb0n6jAmljGr5XDqQLvpAe HTTP/1.1" 200 2
181.68.215.238 - - [21/Oct/2014:08:42:41 -0500] "GET /forest/json.do?query=ultimoBorradorByTpl&codTpl=1301&codInst=2970229&a=0.7062885032501072 HTTP/1.1" 200 2
190.158.7.219 - - [21/Oct/2014:08:42:41 -0500] "POST /forms/lservlet;jsessionid=ac16012b30d5cd665104f74e40fc81a1ecf65742772d.e3iSbxaKaheRe34Sa3yKbhiTahb0n6jAmljGr5XDqQLvpAe HTTP/1.1" 200 3502
190.158.7.219 - - [21/Oct/2014:08:42:42 -0500] "POST /forms/lservlet;jsessionid=ac16012b30d5cd665104f74e40fc81a1ecf65742772d.e3iSbxaKaheRe34Sa3yKbhiTahb0n6jAmljGr5XDqQLvpAe HTTP/1.1" 200 2
201.245.192.253 - - [21/Oct/2014:08:42:43 -0500] "GET /forest/skins/gdocs-jar/popup/popup.jsp?width=1100&height=500&title=Buscar%20documentos&uri=/forest/buscar.do%3Ftype%3Ddocumentos&name=undefined&_a=0.6121032847748429&a=0.11028917930320814 HTTP/1.1" 200 1179
201.245.192.253 - - [21/Oct/2014:08:42:43 -0500] "GET /forest/buscar.do?type=documentos HTTP/1.1" 200 90024
201.245.192.253 - - [21/Oct/2014:08:42:43 -0500] "GET /forest/buscar.do?type=documentos HTTP/1.1" 200 96629
190.158.7.219 - - [21/Oct/2014:08:42:43 -0500] "POST /forms/lservlet;jsessionid=ac16012b30d5cd665104f74e40fc81a1ecf65742772d.e3iSbxaKaheRe34Sa3yKbhiTahb0n6jAmljGr5XDqQLvpAe HTTP/1.1" 200 2
201.245.192.253 - - [21/Oct/2014:08:42:43 -0500] "GET /forest/css/escritorio.css?version=1408.271930 HTTP/1.1" 304 -
201.245.192.253 - - [21/Oct/2014:08:42:43 -0500] "GET /forest/skins/gdocs-jar/css/tree.css?version=1408.271930 HTTP/1.1" 304 -
201.245.192.253 - - [21/Oct/2014:08:42:43 -0500] "GET /forest/css/autocomplete.css?version=1408.271930 HTTP/1.1" 304 -
201.245.192.253 - - [21/Oct/2014:08:42:44 -0500] "GET /forest/js/dialog.js?version=1408.271930 HTTP/1.1" 304 -
201.245.192.253 - - [21/Oct/2014:08:42:44 -0500] "GET /forest/js/sarissa.js?version=1408.271930 HTTP/1.1" 304 -
201.245.192.253 - - [21/Oct/2014:08:42:44 -0500] "GET /forest/js/escritorio/escritorio.js?version=1408.271930 HTTP/1.1" 304 -
201.245.192.253 - - [21/Oct/2014:08:42:44 -0500] "GET /forest/js/autocompletar2.js?version=1408.271930 HTTP/1.1" 304 -
201.245.192.253 - - [21/Oct/2014:08:42:44 -0500] "GET /forest/1ibre/protoaculous.js?version=1408.271930 HTTP/1.1" 304 -
201.245.192.253 - - [21/Oct/2014:08:42:44 -0500] "GET /forest/1ibre/jscalendar/calendar.js?version=1408.271930 HTTP/1.1" 304 -
201.245.192.253 - - [21/Oct/2014:08:42:44 -0500] "GET /forest/1ibre/jscalendar/lang/calendar-es.js?version=1408.271930 HTTP/1.1" 304 -
201.245.192.253 - - [21/Oct/2014:08:42:44 -0500] "GET /forest/js/xml_utilities.js?version=1408.271930 HTTP/1.1" 304 -
201.245.192.253 - - [21/Oct/2014:08:42:44 -0500] "GET /forest/1ibre/1ibre.js?version=1408.271930 HTTP/1.1" 304 -
201.245.192.253 - - [21/Oct/2014:08:42:44 -0500] "GET /forest/1ibre/jscalendar/calendar-setup.js?version=1408.271930 HTTP/1.1" 304 -
201.245.192.253 - - [21/Oct/2014:08:42:44 -0500] "GET /forest/js/internJS.js?version=1408.271930 HTTP/1.1" 304 -
201.245.192.253 - - [21/Oct/2014:08:42:44 -0500] "GET /forest/json.do?query=usersByDep&coddep=7025 HTTP/1.1" 200 919
201.245.192.253 - - [21/Oct/2014:08:42:44 -0500] "GET /forest/json.do?query=usersByDep&coddep=7025 HTTP/1.1" 200 919
190.158.7.219 - - [21/Oct/2014:08:42:44 -0500] "POST /forms/lservlet;jsessionid=ac16012b30d5cd665104f74e40fc81a1ecf65742772d.e3iSbxaKaheRe34Sa3yKbhiTahb0n6jAmljGr5XDqQLvpAe HTTP/1.1" 200 3696
190.158.7.219 - - [21/Oct/2014:08:42:44 -0500] "POST /forms/lservlet;jsessionid=ac16012b30d5cd665104f74e40fc81a1ecf65742772d.e3iSbxaKaheRe34Sa3yKbhiTahb0n6jAmljGr5XDqQLvpAe HTTP/1.1" 200 2
181.68.215.238 - - [21/Oct/2014:08:42:44 -0500] "GET /forest/skins/gdocs-jar/popup/escritorio/subirborrador.jsp?form=Correspondencia_Firmar_Borrador_Aprobado&codTpl=&codBorr=500605&a=0.16655589127913117 HTTP/1.1" 200 23170
181.68.215.238 - - [21/Oct/2014:08:42:45 -0500] "GET /forest/json.do?query=borradoresByTpls&codInst=2970229&codTare=701&firma=1&a=0.5592884970828891 HTTP/1.1" 200 180
181.68.215.238 - - [21/Oct/2014:08:42:46 -0500] "GET /forest/json.do?query=plantillasByTarea&codTare=701&codInst=2970229&firma=1&a=0.7771107289008796 HTTP/1.1" 200 894
181.68.215.238 - - [21/Oct/2014:08:42:46 -0500] "GET /forest/json.do?query=terceroById&numTer=899999061-9%20SDA&a=0.09710221970453858 HTTP/1.1" 200 662
181.68.215.238 - - [21/Oct/2014:08:42:46 -0500] "GET /forest/json.do?query=datosBorradorByCodTraBorr&codTraBorr=1480246&a=0.3728576428256929 HTTP/1.1" 200 180
181.68.215.238 - - [21/Oct/2014:08:42:46 -0500] "GET /forest/json.do?query=adjuntosByBorrador&codTraBorr=1480246&a=0.08791511924937367 HTTP/1.1" 200 69
190.26.119.3 - - [21/Oct/2014:08:42:46 -0500] "GET /isolucionsda/g/Bot_ManualOver_ESP.jpg HTTP/1.1" 200 4732
181.68.215.238 - - [21/Oct/2014:08:42:47 -0500] "GET /forest/json.do?query=ultimoBorradorByTpl&codTpl=621&codInst=2970229&a=0.5625654568430036 HTTP/1.1" 200 20
190.26.119.3 - - [21/Oct/2014:08:42:47 -0500] "GET /isolucionsda/g/Bot_AnteriorOver.jpg HTTP/1.1" 200 1752
190.26.119.3 - - [21/Oct/2014:08:42:47 -0500] "GET /isolucionsda/g/Bot_SiguienteOver.jpg HTTP/1.1" 200 1668
190.26.119.3 - - [21/Oct/2014:08:42:47 -0500] "GET /isolucionsda/g/Bot_ProcesosOver_ESP.jpg HTTP/1.1" 200 4659
181.68.215.238 - - [21/Oct/2014:08:42:47 -0500] "GET /forest/json.do?query=datosBorradorByCodTraBorr&codTraBorr=1480246&a=0.40817282698117197 HTTP/1.1" 200 180
181.68.215.238 - - [21/Oct/2014:08:42:47 -0500] "GET /forest/json.do?query=ultimoBorradorByTpl&codTpl=1201&codInst=2970229&a=0.7916087720077485 HTTP/1.1" 200 2
190.26.119.3 - - [21/Oct/2014:08:42:47 -0500] "GET /isolucionsda/FrameSetGeneral.asp?Pagina=SucursalSeleccion.asp&CargaPagina=ModuloProcesos&IdModulo=3 HTTP/1.1" 200 6716
190.26.119.3 - - [21/Oct/2014:08:42:48 -0500] "GET /isolucionsda/Encabezado.asp?Pagina=SucursalSeleccion.asp&CargaPagina=ModuloProcesos&IdModulo=3 HTTP/1.1" 200 15389
190.26.119.3 - - [21/Oct/2014:08:42:48 -0500] "GET /isolucionsda/BarraTitulos.asp?Pagina=SucursalSeleccion.asp&CargaPagina=ModuloProcesos&IdModulo=3 HTTP/1.1" 200 6988
190.26.119.3 - - [21/Oct/2014:08:42:48 -0500] "GET /isolucionsda/BarraFavoritos.asp HTTP/1.1" 200 911
190.26.119.3 - - [21/Oct/2014:08:42:48 -0500] "GET /isolucionsda/SucursalSeleccion.asp?Pagina=SucursalSeleccion.asp&CargaPagina=ModuloProcesos&IdModulo=3 HTTP/1.1" 302 219
190.26.119.3 - - [21/Oct/2014:08:42:48 -0500] "GET /isolucionsda/Session.asp?Continue=1 HTTP/1.1" 200 6324
190.26.119.3 - - [21/Oct/2014:08:42:48 -0500] "GET /isolucionsda/SucursalSeleccion.asp?CodSucursal=1&URLRedirect=MagazinHome.asp&CargaPagina=ModuloProcesos HTTP/1.1" 302 221
190.158.7.219 - - [21/Oct/2014:08:42:48 -0500] "POST /forms/lservlet;jsessionid=ac16012b30d5cd665104f74e40fc81a1ecf65742772d.e3iSbxaKaheRe34Sa3yKbhiTahb0n6jAmljGr5XDqQLvpAe HTTP/1.1" 200 2
181.68.215.238 - - [21/Oct/2014:08:42:48 -0500] "GET /forest/json.do?query=ultimoBorradorByTpl&codTpl=641&codInst=2970229&a=0.9806817870121449 HTTP/1.1" 200 2
190.26.119.3 - - [21/Oct/2014:08:42:48 -0500] "GET /isolucionsda/BancoConocimiento/M/MAPADEPROCESOSSDA_v3/MAPADEPROCESOSSDA_v3.asp HTTP/1.1" 302 159
201.245.192.253 - - [21/Oct/2014:08:42:48 -0500] "POST /forest/buscar.do? HTTP/1.1" 200 7067
190.158.7.219 - - [21/Oct/2014:08:42:48 -0500] "POST /forms/lservlet;jsessionid=ac16012b30d5cd665104f74e40fc81a1ecf65742772d.e3iSbxaKaheRe34Sa3yKbhiTahb0n6jAmljGr5XDqQLvpAe HTTP/1.1" 200 3027
181.68.215.238 - - [21/Oct/2014:08:42:49 -0500] "GET /forest/json.do?query=ultimoBorradorByTpl&codTpl=901&codInst=2970229&a=0.9508918302599341 HTTP/1.1" 200 2
190.158.7.219 - - [21/Oct/2014:08:42:49 -0500] "POST /forms/lservlet;jsessionid=ac16012b30d5cd665104f74e40fc81a1ecf65742772d.e3iSbxaKaheRe34Sa3yKbhiTahb0n6jAmljGr5XDqQLvpAe HTTP/1.1" 200 2
66.249.64.171 - - [21/Oct/2014:08:42:49 -0500] "GET /BLA/resoluciones/RESOLUCIONES%202011/4652.pdf HTTP/1.1" 200 593922
181.68.215.238 - - [21/Oct/2014:08:42:50 -0500] "GET /forest/json.do?query=ultimoBorradorByTpl&codTpl=501&codInst=2970229&a=0.739441507961601 HTTP/1.1" 200 2
190.26.119.3 - - [21/Oct/2014:08:42:48 -0500] "GET /isolucionsda/BancoConocimiento/M/MAPADEPROCESOSSDA_v3/mapa%20de%20procesos%20sda%2020110.mht HTTP/1.1" 200 472990
181.68.215.238 - - [21/Oct/2014:08:42:50 -0500] "GET /forest/json.do?query=ultimoBorradorByTpl&codTpl=1301&codInst=2970229&a=0.06902770814485848 HTTP/1.1" 200 2
201.245.192.253 - - [21/Oct/2014:08:42:52 -0500] "GET /forest/skins/gdocs-jar/popup/popup.jsp?width=900&height=600&title=Informaci%F3n%20de%20proceso&uri=/forest/system/process.jsp%3FnumPro%3D2689800&name=undefined&_a=0.5894780125770497&a=0.8086127288607871 HTTP/1.1" 200 1191
201.245.192.253 - - [21/Oct/2014:08:42:52 -0500] "GET /forest/system/process.jsp?numPro=2689800 HTTP/1.1" 200 62682
201.245.192.253 - - [21/Oct/2014:08:42:52 -0500] "GET /forest/system/process.jsp?numPro=2689800 HTTP/1.1" 200 62682
188.165.15.27 - - [21/Oct/2014:08:42:54 -0500] "GET /BLA/resoluciones/RESOLUCIONES%202003/RES%202003%202151-2189/20032155.tif HTTP/1.1" 200 325484
201.245.192.253 - - [21/Oct/2014:08:42:54 -0500] "GET /forest/documentos/1790466/2014EE020100.doc HTTP/1.1" 200 340480
190.158.7.219 - - [21/Oct/2014:08:42:57 -0500] "POST /forms/lservlet;jsessionid=ac16012b30d5cd665104f74e40fc81a1ecf65742772d.e3iSbxaKaheRe34Sa3yKbhiTahb0n6jAmljGr5XDqQLvpAe HTTP/1.1" 200 2
190.26.119.3 - - [21/Oct/2014:08:42:57 -0500] "GET /isolucionsda/g/Bot_SiguienteOver.jpg HTTP/1.1" 200 1668
