186.82.78.180 - - [22/Oct/2014:04:40:31 -0500] "POST /forms/lservlet;jsessionid=ac16012b30d5e89965c5e0ae4655bec9b7c164744fea.e3iSbxaKaheRe34Sa3yKbhiTahb0n6jAmljGr5XDqQLvpAe HTTP/1.1" 200 4739
186.82.78.180 - - [22/Oct/2014:04:40:33 -0500] "POST /forms/lservlet;jsessionid=ac16012b30d5e89965c5e0ae4655bec9b7c164744fea.e3iSbxaKaheRe34Sa3yKbhiTahb0n6jAmljGr5XDqQLvpAe HTTP/1.1" 200 2
74.86.158.107 - - [22/Oct/2014:04:40:33 -0500] "HEAD / HTTP/1.1" 302 -
186.82.78.180 - - [22/Oct/2014:04:40:38 -0500] "POST /forms/lservlet;jsessionid=ac16012b30d5e89965c5e0ae4655bec9b7c164744fea.e3iSbxaKaheRe34Sa3yKbhiTahb0n6jAmljGr5XDqQLvpAe HTTP/1.1" 200 2
186.82.78.180 - - [22/Oct/2014:04:40:38 -0500] "POST /forms/lservlet;jsessionid=ac16012b30d5e89965c5e0ae4655bec9b7c164744fea.e3iSbxaKaheRe34Sa3yKbhiTahb0n6jAmljGr5XDqQLvpAe HTTP/1.1" 200 14
186.82.78.180 - - [22/Oct/2014:04:40:39 -0500] "POST /forms/lservlet;jsessionid=ac16012b30d5e89965c5e0ae4655bec9b7c164744fea.e3iSbxaKaheRe34Sa3yKbhiTahb0n6jAmljGr5XDqQLvpAe HTTP/1.1" 200 112
186.82.78.180 - - [22/Oct/2014:04:40:40 -0500] "POST /forms/lservlet;jsessionid=ac16012b30d5e89965c5e0ae4655bec9b7c164744fea.e3iSbxaKaheRe34Sa3yKbhiTahb0n6jAmljGr5XDqQLvpAe HTTP/1.1" 200 2
186.82.78.180 - - [22/Oct/2014:04:40:40 -0500] "GET /reports/rwservlet/getjobid330863?server=rep_srvapsda HTTP/1.0" 200 646896
66.249.64.171 - - [22/Oct/2014:04:40:53 -0500] "GET /BLA/resoluciones/RESOLUCIONES%202007/RES%202007%201501%20AL%201600/ HTTP/1.1" 200 24786
186.82.78.180 - - [22/Oct/2014:04:41:05 -0500] "POST /forms/lservlet;jsessionid=ac16012b30d5e89965c5e0ae4655bec9b7c164744fea.e3iSbxaKaheRe34Sa3yKbhiTahb0n6jAmljGr5XDqQLvpAe HTTP/1.1" 200 2
190.66.96.117 - - [22/Oct/2014:04:41:16 -0500] "POST /forms/lservlet;jsessionid=ac16012b30d56e36ba3957254d42a0e4f9fb01ccc471.e3iSbxaKaheRe34Sa3yKbhiTahb0n6jAmljGr5XDqQLvpAe HTTP/1.1" 200 2
66.249.64.167 - - [22/Oct/2014:04:41:23 -0500] "GET /BLA/resoluciones/RESOLUCIONES%202010/4276.pdf HTTP/1.1" 304 -
186.82.78.180 - - [22/Oct/2014:04:41:44 -0500] "POST /forms/lservlet;jsessionid=ac16012b30d5e89965c5e0ae4655bec9b7c164744fea.e3iSbxaKaheRe34Sa3yKbhiTahb0n6jAmljGr5XDqQLvpAe HTTP/1.1" 200 2
186.82.78.180 - - [22/Oct/2014:04:41:44 -0500] "POST /forms/lservlet;jsessionid=ac16012b30d5e89965c5e0ae4655bec9b7c164744fea.e3iSbxaKaheRe34Sa3yKbhiTahb0n6jAmljGr5XDqQLvpAe HTTP/1.1" 200 2319
186.82.78.180 - - [22/Oct/2014:04:41:44 -0500] "POST /forms/lservlet;jsessionid=ac16012b30d5e89965c5e0ae4655bec9b7c164744fea.e3iSbxaKaheRe34Sa3yKbhiTahb0n6jAmljGr5XDqQLvpAe HTTP/1.1" 200 10
186.82.78.180 - - [22/Oct/2014:04:41:53 -0500] "POST /forms/lservlet;jsessionid=ac16012b30d5e89965c5e0ae4655bec9b7c164744fea.e3iSbxaKaheRe34Sa3yKbhiTahb0n6jAmljGr5XDqQLvpAe HTTP/1.1" 200 24
186.82.78.180 - - [22/Oct/2014:04:41:53 -0500] "POST /forms/lservlet;jsessionid=ac16012b30d5e89965c5e0ae4655bec9b7c164744fea.e3iSbxaKaheRe34Sa3yKbhiTahb0n6jAmljGr5XDqQLvpAe HTTP/1.1" 200 3872
186.82.78.180 - - [22/Oct/2014:04:41:54 -0500] "POST /forms/lservlet;jsessionid=ac16012b30d5e89965c5e0ae4655bec9b7c164744fea.e3iSbxaKaheRe34Sa3yKbhiTahb0n6jAmljGr5XDqQLvpAe HTTP/1.1" 200 2
186.82.78.180 - - [22/Oct/2014:04:42:00 -0500] "POST /forms/lservlet;jsessionid=ac16012b30d5e89965c5e0ae4655bec9b7c164744fea.e3iSbxaKaheRe34Sa3yKbhiTahb0n6jAmljGr5XDqQLvpAe HTTP/1.1" 200 2
186.82.78.180 - - [22/Oct/2014:04:42:00 -0500] "POST /forms/lservlet;jsessionid=ac16012b30d5e89965c5e0ae4655bec9b7c164744fea.e3iSbxaKaheRe34Sa3yKbhiTahb0n6jAmljGr5XDqQLvpAe HTTP/1.1" 200 14
186.82.78.180 - - [22/Oct/2014:04:42:02 -0500] "POST /forms/lservlet;jsessionid=ac16012b30d5e89965c5e0ae4655bec9b7c164744fea.e3iSbxaKaheRe34Sa3yKbhiTahb0n6jAmljGr5XDqQLvpAe HTTP/1.1" 200 112
186.82.78.180 - - [22/Oct/2014:04:42:02 -0500] "POST /forms/lservlet;jsessionid=ac16012b30d5e89965c5e0ae4655bec9b7c164744fea.e3iSbxaKaheRe34Sa3yKbhiTahb0n6jAmljGr5XDqQLvpAe HTTP/1.1" 200 2
186.82.78.180 - - [22/Oct/2014:04:42:02 -0500] "GET /reports/rwservlet/getjobid330864?server=rep_srvapsda HTTP/1.0" 200 406187
66.249.64.167 - - [22/Oct/2014:04:42:47 -0500] "GET /BLA/resoluciones/RESOLUCIONES%202011/1220.pdf HTTP/1.1" 200 511935
66.249.64.163 - - [22/Oct/2014:04:43:05 -0500] "GET /BLA/resoluciones/RESOLUCIONES%202009/7696.pdf HTTP/1.1" 304 -
186.82.78.180 - - [22/Oct/2014:04:43:05 -0500] "POST /forms/lservlet;jsessionid=ac16012b30d5e89965c5e0ae4655bec9b7c164744fea.e3iSbxaKaheRe34Sa3yKbhiTahb0n6jAmljGr5XDqQLvpAe HTTP/1.1" 200 2
190.66.96.117 - - [22/Oct/2014:04:43:16 -0500] "POST /forms/lservlet;jsessionid=ac16012b30d56e36ba3957254d42a0e4f9fb01ccc471.e3iSbxaKaheRe34Sa3yKbhiTahb0n6jAmljGr5XDqQLvpAe HTTP/1.1" 200 2
66.249.64.171 - - [22/Oct/2014:04:44:28 -0500] "GET /BLA/resoluciones/RESOLUCIONES%202014/1220.pdf HTTP/1.1" 304 -
186.119.204.144 - - [22/Oct/2014:04:44:38 -0500] "GET /isolucionsda/ HTTP/1.1" 200 739
66.249.64.171 - - [22/Oct/2014:04:44:51 -0500] "GET /BLA/resoluciones/RESOLUCIONES%202007/RES%202007%201501%20AL%201600/ HTTP/1.1" 200 24786
186.82.78.180 - - [22/Oct/2014:04:45:12 -0500] "POST /forms/lservlet;jsessionid=ac16012b30d5e89965c5e0ae4655bec9b7c164744fea.e3iSbxaKaheRe34Sa3yKbhiTahb0n6jAmljGr5XDqQLvpAe HTTP/1.1" 200 2
190.66.96.117 - - [22/Oct/2014:04:45:16 -0500] "POST /forms/lservlet;jsessionid=ac16012b30d56e36ba3957254d42a0e4f9fb01ccc471.e3iSbxaKaheRe34Sa3yKbhiTahb0n6jAmljGr5XDqQLvpAe HTTP/1.1" 200 2
188.165.15.84 - - [22/Oct/2014:04:45:28 -0500] "GET /BLA/resoluciones/RESOLUCIONES%202006/RES%202006%202301-2350/00002338.tif HTTP/1.1" 200 96144
74.86.158.107 - - [22/Oct/2014:04:45:33 -0500] "HEAD / HTTP/1.1" 302 -
66.249.64.163 - - [22/Oct/2014:04:46:28 -0500] "GET /Anexos%20estudio%20Organizacional%20SDA/ANEXO%20No.%201-%20NORMAS%20LEGALES%20DE%20ESTRUCTURA%20Y%20PLANTA/Acuerdo%209%20de%201990%20Concejo%20de%20Bogot%C3%A1..htm HTTP/1.1" 304 -
188.165.15.177 - - [22/Oct/2014:04:46:48 -0500] "GET /BLA/resoluciones/RESOLUCIONES%202003/ANEXOS%20RES%202048/00000006.tif HTTP/1.1" 200 664732
201.245.192.253 - - [22/Oct/2014:04:46:49 -0500] "GET /forestReports/webcontent/birt/images/FirstPage.gif HTTP/1.1" 304 -
188.165.15.84 - - [22/Oct/2014:04:46:51 -0500] "GET /BLA/resoluciones/RESOLUCIONES%202002/RES%202002%2051-100/2002RES95.tif HTTP/1.1" 200 66656
186.82.78.180 - - [22/Oct/2014:04:47:04 -0500] "GET /galeria/nivo-slider/demo/demo.html HTTP/1.1" 304 -
186.82.78.180 - - [22/Oct/2014:04:47:05 -0500] "GET /galeria/nivo-slider/demo/images/banner-aceite3.jpg HTTP/1.1" 304 -
186.82.78.180 - - [22/Oct/2014:04:47:05 -0500] "GET /galeria/nivo-slider/demo/images/mesTIC.jpg HTTP/1.1" 304 -
186.82.78.180 - - [22/Oct/2014:04:47:06 -0500] "GET /galeria/nivo-slider/demo/images/banner-redes.jpg HTTP/1.1" 304 -
186.82.78.180 - - [22/Oct/2014:04:47:07 -0500] "GET /galeria/nivo-slider/demo/images/banner-llantas2.jpg HTTP/1.1" 304 -
186.82.78.180 - - [22/Oct/2014:04:47:08 -0500] "POST /forms/lservlet;jsessionid=ac16012b30d5e89965c5e0ae4655bec9b7c164744fea.e3iSbxaKaheRe34Sa3yKbhiTahb0n6jAmljGr5XDqQLvpAe HTTP/1.1" 200 2
186.82.78.180 - - [22/Oct/2014:04:47:09 -0500] "POST /forms/lservlet;jsessionid=ac16012b30d5e89965c5e0ae4655bec9b7c164744fea.e3iSbxaKaheRe34Sa3yKbhiTahb0n6jAmljGr5XDqQLvpAe HTTP/1.1" 200 2305
186.82.78.180 - - [22/Oct/2014:04:47:10 -0500] "POST /forms/lservlet;jsessionid=ac16012b30d5e89965c5e0ae4655bec9b7c164744fea.e3iSbxaKaheRe34Sa3yKbhiTahb0n6jAmljGr5XDqQLvpAe HTTP/1.1" 200 10
186.82.78.180 - - [22/Oct/2014:04:47:13 -0500] "POST /forms/lservlet;jsessionid=ac16012b30d5e89965c5e0ae4655bec9b7c164744fea.e3iSbxaKaheRe34Sa3yKbhiTahb0n6jAmljGr5XDqQLvpAe HTTP/1.1" 200 24
190.66.96.117 - - [22/Oct/2014:04:47:16 -0500] "POST /forms/lservlet;jsessionid=ac16012b30d56e36ba3957254d42a0e4f9fb01ccc471.e3iSbxaKaheRe34Sa3yKbhiTahb0n6jAmljGr5XDqQLvpAe HTTP/1.1" 200 2
186.82.78.180 - - [22/Oct/2014:04:47:16 -0500] "POST /forms/lservlet;jsessionid=ac16012b30d5e89965c5e0ae4655bec9b7c164744fea.e3iSbxaKaheRe34Sa3yKbhiTahb0n6jAmljGr5XDqQLvpAe HTTP/1.1" 200 2
186.82.78.180 - - [22/Oct/2014:04:47:16 -0500] "POST /forms/lservlet;jsessionid=ac16012b30d5e89965c5e0ae4655bec9b7c164744fea.e3iSbxaKaheRe34Sa3yKbhiTahb0n6jAmljGr5XDqQLvpAe HTTP/1.1" 200 4495
186.82.78.180 - - [22/Oct/2014:04:47:18 -0500] "POST /forms/lservlet;jsessionid=ac16012b30d5e89965c5e0ae4655bec9b7c164744fea.e3iSbxaKaheRe34Sa3yKbhiTahb0n6jAmljGr5XDqQLvpAe HTTP/1.1" 200 2
186.82.78.180 - - [22/Oct/2014:04:47:20 -0500] "POST /forms/lservlet;jsessionid=ac16012b30d5e89965c5e0ae4655bec9b7c164744fea.e3iSbxaKaheRe34Sa3yKbhiTahb0n6jAmljGr5XDqQLvpAe HTTP/1.1" 200 2
186.82.78.180 - - [22/Oct/2014:04:47:21 -0500] "POST /forms/lservlet;jsessionid=ac16012b30d5e89965c5e0ae4655bec9b7c164744fea.e3iSbxaKaheRe34Sa3yKbhiTahb0n6jAmljGr5XDqQLvpAe HTTP/1.1" 200 14
186.82.78.180 - - [22/Oct/2014:04:47:22 -0500] "POST /forms/lservlet;jsessionid=ac16012b30d5e89965c5e0ae4655bec9b7c164744fea.e3iSbxaKaheRe34Sa3yKbhiTahb0n6jAmljGr5XDqQLvpAe HTTP/1.1" 200 112
186.82.78.180 - - [22/Oct/2014:04:47:23 -0500] "POST /forms/lservlet;jsessionid=ac16012b30d5e89965c5e0ae4655bec9b7c164744fea.e3iSbxaKaheRe34Sa3yKbhiTahb0n6jAmljGr5XDqQLvpAe HTTP/1.1" 200 2
186.82.78.180 - - [22/Oct/2014:04:47:23 -0500] "GET /reports/rwservlet/getjobid330865?server=rep_srvapsda HTTP/1.0" 200 908860
66.249.64.167 - - [22/Oct/2014:04:48:05 -0500] "GET /BLA/resoluciones/index.php?dir=RESOLUCIONES+2005%2FRES+2005+1051-1100%2F HTTP/1.1" 200 3976
66.249.64.39 - - [22/Oct/2014:04:48:10 -0500] "GET /even/Ca0jr6ay/tsld008.htm HTTP/1.1" 404 1019
188.165.15.160 - - [22/Oct/2014:04:48:43 -0500] "GET /BLA/resoluciones/RESOLUCIONES%202003/RES%202003%20401-450/436.tif HTTP/1.1" 200 123068
188.165.15.188 - - [22/Oct/2014:04:49:08 -0500] "GET /BLA/resoluciones/index.php?dir=RESOLUCIONES%202006/RES%202006%20551-600/&sort=name&order=desc HTTP/1.1" 200 12249
188.165.15.129 - - [22/Oct/2014:04:49:13 -0500] "GET /BLA/resoluciones/RESOLUCIONES%202004/RES%202004%20151-200/00000180.tif HTTP/1.1" 200 113332
186.82.78.180 - - [22/Oct/2014:04:49:12 -0500] "POST /forms/lservlet;jsessionid=ac16012b30d5e89965c5e0ae4655bec9b7c164744fea.e3iSbxaKaheRe34Sa3yKbhiTahb0n6jAmljGr5XDqQLvpAe HTTP/1.1" 200 98
186.82.78.180 - - [22/Oct/2014:04:49:14 -0500] "POST /forms/lservlet;jsessionid=ac16012b30d5e89965c5e0ae4655bec9b7c164744fea.e3iSbxaKaheRe34Sa3yKbhiTahb0n6jAmljGr5XDqQLvpAe HTTP/1.1" 200 2
186.82.78.180 - - [22/Oct/2014:04:49:14 -0500] "POST /forms/lservlet;jsessionid=ac16012b30d5e89965c5e0ae4655bec9b7c164744fea.e3iSbxaKaheRe34Sa3yKbhiTahb0n6jAmljGr5XDqQLvpAe HTTP/1.1" 200 2
190.66.96.117 - - [22/Oct/2014:04:49:16 -0500] "POST /forms/lservlet;jsessionid=ac16012b30d56e36ba3957254d42a0e4f9fb01ccc471.e3iSbxaKaheRe34Sa3yKbhiTahb0n6jAmljGr5XDqQLvpAe HTTP/1.1" 200 2
186.82.78.180 - - [22/Oct/2014:04:49:16 -0500] "POST /forms/lservlet;jsessionid=ac16012b30d5e89965c5e0ae4655bec9b7c164744fea.e3iSbxaKaheRe34Sa3yKbhiTahb0n6jAmljGr5XDqQLvpAe HTTP/1.1" 200 2030
186.82.78.180 - - [22/Oct/2014:04:49:16 -0500] "POST /forms/lservlet;jsessionid=ac16012b30d5e89965c5e0ae4655bec9b7c164744fea.e3iSbxaKaheRe34Sa3yKbhiTahb0n6jAmljGr5XDqQLvpAe HTTP/1.1" 200 45
186.82.78.180 - - [22/Oct/2014:04:49:19 -0500] "POST /forms/lservlet;jsessionid=ac16012b30d5e89965c5e0ae4655bec9b7c164744fea.e3iSbxaKaheRe34Sa3yKbhiTahb0n6jAmljGr5XDqQLvpAe HTTP/1.1" 200 86
186.82.78.180 - - [22/Oct/2014:04:49:20 -0500] "POST /forms/lservlet;jsessionid=ac16012b30d5e89965c5e0ae4655bec9b7c164744fea.e3iSbxaKaheRe34Sa3yKbhiTahb0n6jAmljGr5XDqQLvpAe HTTP/1.1" 200 -
66.249.64.167 - - [22/Oct/2014:04:49:42 -0500] "GET /BLA/resoluciones/RESOLUCIONES%202007/RES%202007%201501%20AL%201600/RESOLUCION%201512%20%20DE%202007.pdf HTTP/1.1" 200 704059
148.251.124.173 - - [22/Oct/2014:04:50:20 -0500] "GET /robots.txt HTTP/1.0" 404 1015
148.251.124.173 - - [22/Oct/2014:04:50:27 -0500] "GET /Autoliquidacion/Grupo%20Forestal%20-%20Silvicultura/126PM04%C2%96PR30-M-A6-V%205.0%20%20ESPECIES%20DE%20FLORA%20EN%20LA%20CIUDAD%20DE%20BOGOTA.xlsx HTTP/1.0" 404 1015
74.86.158.107 - - [22/Oct/2014:04:50:34 -0500] "HEAD / HTTP/1.1" 302 -
148.251.124.173 - - [22/Oct/2014:04:50:38 -0500] "GET /portalsiaccapacitaciones/Soportes%20Capacitaciones%20A%C3%B1o%202013/?C=D;O=A HTTP/1.0" 200 16997
148.251.124.173 - - [22/Oct/2014:04:50:49 -0500] "GET /portalsiaccapacitaciones/Soportes%20Capacitaciones%20A%C3%B1o%202013/?C=M;O=A HTTP/1.0" 200 16997
190.66.96.117 - - [22/Oct/2014:04:51:16 -0500] "POST /forms/lservlet;jsessionid=ac16012b30d56e36ba3957254d42a0e4f9fb01ccc471.e3iSbxaKaheRe34Sa3yKbhiTahb0n6jAmljGr5XDqQLvpAe HTTP/1.1" 200 2
66.249.64.167 - - [22/Oct/2014:04:51:36 -0500] "GET /BLA/resoluciones/RESOLUCIONES%202007/RES%202007%201501%20AL%201600/RESOLUCION%201505%20DE%202007.pdf HTTP/1.1" 200 150361
66.249.64.167 - - [22/Oct/2014:04:51:41 -0500] "GET /BLA/resoluciones/index.php?dir=AUTOS+2006%2FAUTOS+2006+1201-1300%2F HTTP/1.1" 200 22013
148.251.124.173 - - [22/Oct/2014:04:52:00 -0500] "GET /portalsiaccapacitaciones/Soportes%20Capacitaciones%20A%C3%B1o%202013/?C=N;O=D HTTP/1.0" 200 16997
188.165.15.129 - - [22/Oct/2014:04:52:19 -0500] "GET /BLA/resoluciones/index.php?dir=RESOLUCIONES+2005%2FRES+2005++1651-1700%2F HTTP/1.1" 200 12423
66.249.64.167 - - [22/Oct/2014:04:52:26 -0500] "GET /BLA/resoluciones/RESOLUCIONES%202004/RES%202004%20101-150/00000143.tif HTTP/1.1" 200 111960
148.251.124.173 - - [22/Oct/2014:04:52:26 -0500] "GET /portalsiaccapacitaciones/Soportes%20Capacitaciones%20A%C3%B1o%202013/?C=S;O=A HTTP/1.0" 200 16997
148.251.124.173 - - [22/Oct/2014:04:52:30 -0500] "GET /portalsiaccapacitaciones/Soportes%20Capacitaciones%20A%C3%B1o%202014/?C=D;O=A HTTP/1.0" 200 12885
148.251.124.173 - - [22/Oct/2014:04:53:04 -0500] "GET /portalsiaccapacitaciones/Soportes%20Capacitaciones%20A%C3%B1o%202014/?C=M;O=A HTTP/1.0" 200 12885
188.165.15.90 - - [22/Oct/2014:04:53:13 -0500] "GET /manual_funciones_Listado/1.3.%20Oficina%20Asesora%20de%20Comunicaciones/?C=N;O=D HTTP/1.1" 404 1018
190.66.96.117 - - [22/Oct/2014:04:53:16 -0500] "POST /forms/lservlet;jsessionid=ac16012b30d56e36ba3957254d42a0e4f9fb01ccc471.e3iSbxaKaheRe34Sa3yKbhiTahb0n6jAmljGr5XDqQLvpAe HTTP/1.1" 200 2
148.251.124.173 - - [22/Oct/2014:04:53:38 -0500] "GET /portalsiaccapacitaciones/Soportes%20Capacitaciones%20A%C3%B1o%202014/?C=N;O=D HTTP/1.0" 200 12885
66.249.64.171 - - [22/Oct/2014:04:53:41 -0500] "GET /galeria/nivo-slider/demo/demo.html HTTP/1.1" 200 3471
190.66.96.117 - - [22/Oct/2014:04:53:42 -0500] "POST /forms/lservlet;jsessionid=ac16012b30d56e36ba3957254d42a0e4f9fb01ccc471.e3iSbxaKaheRe34Sa3yKbhiTahb0n6jAmljGr5XDqQLvpAe HTTP/1.1" 200 2324
190.66.96.117 - - [22/Oct/2014:04:53:44 -0500] "POST /forms/lservlet;jsessionid=ac16012b30d56e36ba3957254d42a0e4f9fb01ccc471.e3iSbxaKaheRe34Sa3yKbhiTahb0n6jAmljGr5XDqQLvpAe HTTP/1.1" 200 49
201.245.192.253 - - [22/Oct/2014:04:53:46 -0500] "GET /forestReports/webcontent/birt/images/PreviousPage.gif HTTP/1.1" 304 -
148.251.124.173 - - [22/Oct/2014:04:53:59 -0500] "GET /portalsiaccapacitaciones/Soportes%20Capacitaciones%20A%C3%B1o%202014/?C=S;O=A HTTP/1.0" 200 12885
190.66.96.117 - - [22/Oct/2014:04:54:06 -0500] "POST /forms/lservlet;jsessionid=ac16012b30d56e36ba3957254d42a0e4f9fb01ccc471.e3iSbxaKaheRe34Sa3yKbhiTahb0n6jAmljGr5XDqQLvpAe HTTP/1.1" 200 24
190.66.96.117 - - [22/Oct/2014:04:54:06 -0500] "POST /forms/lservlet;jsessionid=ac16012b30d56e36ba3957254d42a0e4f9fb01ccc471.e3iSbxaKaheRe34Sa3yKbhiTahb0n6jAmljGr5XDqQLvpAe HTTP/1.1" 200 14
190.66.96.117 - - [22/Oct/2014:04:54:08 -0500] "POST /forms/lservlet;jsessionid=ac16012b30d56e36ba3957254d42a0e4f9fb01ccc471.e3iSbxaKaheRe34Sa3yKbhiTahb0n6jAmljGr5XDqQLvpAe HTTP/1.1" 200 4020
190.66.96.117 - - [22/Oct/2014:04:54:09 -0500] "POST /forms/lservlet;jsessionid=ac16012b30d56e36ba3957254d42a0e4f9fb01ccc471.e3iSbxaKaheRe34Sa3yKbhiTahb0n6jAmljGr5XDqQLvpAe HTTP/1.1" 200 20
190.66.96.117 - - [22/Oct/2014:04:54:18 -0500] "POST /forms/lservlet;jsessionid=ac16012b30d56e36ba3957254d42a0e4f9fb01ccc471.e3iSbxaKaheRe34Sa3yKbhiTahb0n6jAmljGr5XDqQLvpAe HTTP/1.1" 200 445
190.66.96.117 - - [22/Oct/2014:04:54:18 -0500] "POST /forms/lservlet;jsessionid=ac16012b30d56e36ba3957254d42a0e4f9fb01ccc471.e3iSbxaKaheRe34Sa3yKbhiTahb0n6jAmljGr5XDqQLvpAe HTTP/1.1" 200 7
190.66.96.117 - - [22/Oct/2014:04:54:19 -0500] "POST /forms/lservlet;jsessionid=ac16012b30d56e36ba3957254d42a0e4f9fb01ccc471.e3iSbxaKaheRe34Sa3yKbhiTahb0n6jAmljGr5XDqQLvpAe HTTP/1.1" 200 298
190.66.96.117 - - [22/Oct/2014:04:54:20 -0500] "POST /forms/lservlet;jsessionid=ac16012b30d56e36ba3957254d42a0e4f9fb01ccc471.e3iSbxaKaheRe34Sa3yKbhiTahb0n6jAmljGr5XDqQLvpAe HTTP/1.1" 200 301
190.66.96.117 - - [22/Oct/2014:04:54:20 -0500] "POST /forms/lservlet;jsessionid=ac16012b30d56e36ba3957254d42a0e4f9fb01ccc471.e3iSbxaKaheRe34Sa3yKbhiTahb0n6jAmljGr5XDqQLvpAe HTTP/1.1" 200 301
190.66.96.117 - - [22/Oct/2014:04:54:20 -0500] "POST /forms/lservlet;jsessionid=ac16012b30d56e36ba3957254d42a0e4f9fb01ccc471.e3iSbxaKaheRe34Sa3yKbhiTahb0n6jAmljGr5XDqQLvpAe HTTP/1.1" 200 285
190.66.96.117 - - [22/Oct/2014:04:54:21 -0500] "POST /forms/lservlet;jsessionid=ac16012b30d56e36ba3957254d42a0e4f9fb01ccc471.e3iSbxaKaheRe34Sa3yKbhiTahb0n6jAmljGr5XDqQLvpAe HTTP/1.1" 200 287
190.66.96.117 - - [22/Oct/2014:04:54:21 -0500] "POST /forms/lservlet;jsessionid=ac16012b30d56e36ba3957254d42a0e4f9fb01ccc471.e3iSbxaKaheRe34Sa3yKbhiTahb0n6jAmljGr5XDqQLvpAe HTTP/1.1" 200 324
148.251.124.173 - - [22/Oct/2014:04:54:21 -0500] "GET /re1/Que%20es/Marco%20pedagocico/modelo%20pedagogico/imagen%20modelo%20pedagogico/barra%20modelo%20pedag%C3%B3gico.htm HTTP/1.0" 404 1015
190.66.96.117 - - [22/Oct/2014:04:54:24 -0500] "POST /forms/lservlet;jsessionid=ac16012b30d56e36ba3957254d42a0e4f9fb01ccc471.e3iSbxaKaheRe34Sa3yKbhiTahb0n6jAmljGr5XDqQLvpAe HTTP/1.1" 200 2
190.66.96.117 - - [22/Oct/2014:04:54:24 -0500] "POST /forms/lservlet;jsessionid=ac16012b30d56e36ba3957254d42a0e4f9fb01ccc471.e3iSbxaKaheRe34Sa3yKbhiTahb0n6jAmljGr5XDqQLvpAe HTTP/1.1" 200 193
190.66.96.117 - - [22/Oct/2014:04:54:24 -0500] "POST /forms/lservlet;jsessionid=ac16012b30d56e36ba3957254d42a0e4f9fb01ccc471.e3iSbxaKaheRe34Sa3yKbhiTahb0n6jAmljGr5XDqQLvpAe HTTP/1.1" 200 12
148.251.124.173 - - [22/Oct/2014:04:54:24 -0500] "GET / HTTP/1.0" 302 -
190.66.96.117 - - [22/Oct/2014:04:54:25 -0500] "POST /forms/lservlet;jsessionid=ac16012b30d56e36ba3957254d42a0e4f9fb01ccc471.e3iSbxaKaheRe34Sa3yKbhiTahb0n6jAmljGr5XDqQLvpAe HTTP/1.1" 200 2
190.66.96.117 - - [22/Oct/2014:04:54:25 -0500] "POST /forms/lservlet;jsessionid=ac16012b30d56e36ba3957254d42a0e4f9fb01ccc471.e3iSbxaKaheRe34Sa3yKbhiTahb0n6jAmljGr5XDqQLvpAe HTTP/1.1" 200 195
190.66.96.117 - - [22/Oct/2014:04:54:25 -0500] "POST /forms/lservlet;jsessionid=ac16012b30d56e36ba3957254d42a0e4f9fb01ccc471.e3iSbxaKaheRe34Sa3yKbhiTahb0n6jAmljGr5XDqQLvpAe HTTP/1.1" 200 15
190.66.96.117 - - [22/Oct/2014:04:54:26 -0500] "POST /forms/lservlet;jsessionid=ac16012b30d56e36ba3957254d42a0e4f9fb01ccc471.e3iSbxaKaheRe34Sa3yKbhiTahb0n6jAmljGr5XDqQLvpAe HTTP/1.1" 200 2
190.66.96.117 - - [22/Oct/2014:04:54:26 -0500] "POST /forms/lservlet;jsessionid=ac16012b30d56e36ba3957254d42a0e4f9fb01ccc471.e3iSbxaKaheRe34Sa3yKbhiTahb0n6jAmljGr5XDqQLvpAe HTTP/1.1" 200 195
190.66.96.117 - - [22/Oct/2014:04:54:26 -0500] "POST /forms/lservlet;jsessionid=ac16012b30d56e36ba3957254d42a0e4f9fb01ccc471.e3iSbxaKaheRe34Sa3yKbhiTahb0n6jAmljGr5XDqQLvpAe HTTP/1.1" 200 15
190.66.96.117 - - [22/Oct/2014:04:54:27 -0500] "POST /forms/lservlet;jsessionid=ac16012b30d56e36ba3957254d42a0e4f9fb01ccc471.e3iSbxaKaheRe34Sa3yKbhiTahb0n6jAmljGr5XDqQLvpAe HTTP/1.1" 200 2
190.66.96.117 - - [22/Oct/2014:04:54:27 -0500] "POST /forms/lservlet;jsessionid=ac16012b30d56e36ba3957254d42a0e4f9fb01ccc471.e3iSbxaKaheRe34Sa3yKbhiTahb0n6jAmljGr5XDqQLvpAe HTTP/1.1" 200 18
190.66.96.117 - - [22/Oct/2014:04:54:27 -0500] "POST /forms/lservlet;jsessionid=ac16012b30d56e36ba3957254d42a0e4f9fb01ccc471.e3iSbxaKaheRe34Sa3yKbhiTahb0n6jAmljGr5XDqQLvpAe HTTP/1.1" 200 7
190.66.96.117 - - [22/Oct/2014:04:54:29 -0500] "POST /forms/lservlet;jsessionid=ac16012b30d56e36ba3957254d42a0e4f9fb01ccc471.e3iSbxaKaheRe34Sa3yKbhiTahb0n6jAmljGr5XDqQLvpAe HTTP/1.1" 200 2
190.66.96.117 - - [22/Oct/2014:04:54:29 -0500] "POST /forms/lservlet;jsessionid=ac16012b30d56e36ba3957254d42a0e4f9fb01ccc471.e3iSbxaKaheRe34Sa3yKbhiTahb0n6jAmljGr5XDqQLvpAe HTTP/1.1" 200 17
190.66.96.117 - - [22/Oct/2014:04:54:29 -0500] "POST /forms/lservlet;jsessionid=ac16012b30d56e36ba3957254d42a0e4f9fb01ccc471.e3iSbxaKaheRe34Sa3yKbhiTahb0n6jAmljGr5XDqQLvpAe HTTP/1.1" 200 7
190.66.96.117 - - [22/Oct/2014:04:54:30 -0500] "POST /forms/lservlet;jsessionid=ac16012b30d56e36ba3957254d42a0e4f9fb01ccc471.e3iSbxaKaheRe34Sa3yKbhiTahb0n6jAmljGr5XDqQLvpAe HTTP/1.1" 200 2
190.66.96.117 - - [22/Oct/2014:04:54:30 -0500] "POST /forms/lservlet;jsessionid=ac16012b30d56e36ba3957254d42a0e4f9fb01ccc471.e3iSbxaKaheRe34Sa3yKbhiTahb0n6jAmljGr5XDqQLvpAe HTTP/1.1" 200 17
190.66.96.117 - - [22/Oct/2014:04:54:30 -0500] "POST /forms/lservlet;jsessionid=ac16012b30d56e36ba3957254d42a0e4f9fb01ccc471.e3iSbxaKaheRe34Sa3yKbhiTahb0n6jAmljGr5XDqQLvpAe HTTP/1.1" 200 7
190.66.96.117 - - [22/Oct/2014:04:54:32 -0500] "POST /forms/lservlet;jsessionid=ac16012b30d56e36ba3957254d42a0e4f9fb01ccc471.e3iSbxaKaheRe34Sa3yKbhiTahb0n6jAmljGr5XDqQLvpAe HTTP/1.1" 200 520
190.66.96.117 - - [22/Oct/2014:04:54:32 -0500] "POST /forms/lservlet;jsessionid=ac16012b30d56e36ba3957254d42a0e4f9fb01ccc471.e3iSbxaKaheRe34Sa3yKbhiTahb0n6jAmljGr5XDqQLvpAe HTTP/1.1" 200 2
190.66.96.117 - - [22/Oct/2014:04:54:35 -0500] "POST /forms/lservlet;jsessionid=ac16012b30d56e36ba3957254d42a0e4f9fb01ccc471.e3iSbxaKaheRe34Sa3yKbhiTahb0n6jAmljGr5XDqQLvpAe HTTP/1.1" 200 340
190.66.96.117 - - [22/Oct/2014:04:54:36 -0500] "POST /forms/lservlet;jsessionid=ac16012b30d56e36ba3957254d42a0e4f9fb01ccc471.e3iSbxaKaheRe34Sa3yKbhiTahb0n6jAmljGr5XDqQLvpAe HTTP/1.1" 200 2015
190.66.96.117 - - [22/Oct/2014:04:54:36 -0500] "POST /forms/lservlet;jsessionid=ac16012b30d56e36ba3957254d42a0e4f9fb01ccc471.e3iSbxaKaheRe34Sa3yKbhiTahb0n6jAmljGr5XDqQLvpAe HTTP/1.1" 200 78
190.66.96.117 - - [22/Oct/2014:04:54:40 -0500] "POST /forms/lservlet;jsessionid=ac16012b30d56e36ba3957254d42a0e4f9fb01ccc471.e3iSbxaKaheRe34Sa3yKbhiTahb0n6jAmljGr5XDqQLvpAe HTTP/1.1" 200 34756
190.66.96.117 - - [22/Oct/2014:04:54:41 -0500] "GET /imagenes/listval.gif HTTP/1.1" 200 905
190.66.96.117 - - [22/Oct/2014:04:54:41 -0500] "POST /forms/lservlet;jsessionid=ac16012b30d56e36ba3957254d42a0e4f9fb01ccc471.e3iSbxaKaheRe34Sa3yKbhiTahb0n6jAmljGr5XDqQLvpAe HTTP/1.1" 200 7
190.66.96.117 - - [22/Oct/2014:04:54:41 -0500] "POST /forms/lservlet;jsessionid=ac16012b30d56e36ba3957254d42a0e4f9fb01ccc471.e3iSbxaKaheRe34Sa3yKbhiTahb0n6jAmljGr5XDqQLvpAe HTTP/1.1" 200 34
190.66.96.117 - - [22/Oct/2014:04:54:41 -0500] "POST /forms/lservlet;jsessionid=ac16012b30d56e36ba3957254d42a0e4f9fb01ccc471.e3iSbxaKaheRe34Sa3yKbhiTahb0n6jAmljGr5XDqQLvpAe HTTP/1.1" 200 2
190.66.96.117 - - [22/Oct/2014:04:54:44 -0500] "POST /forms/lservlet;jsessionid=ac16012b30d56e36ba3957254d42a0e4f9fb01ccc471.e3iSbxaKaheRe34Sa3yKbhiTahb0n6jAmljGr5XDqQLvpAe HTTP/1.1" 200 610
190.66.96.117 - - [22/Oct/2014:04:54:45 -0500] "POST /forms/lservlet;jsessionid=ac16012b30d56e36ba3957254d42a0e4f9fb01ccc471.e3iSbxaKaheRe34Sa3yKbhiTahb0n6jAmljGr5XDqQLvpAe HTTP/1.1" 200 51
66.249.64.47 - - [22/Oct/2014:04:54:58 -0500] "GET /BLA/boletinlegal/Circulares/2013/Circular%20No.%208%20del%201%20de%20Noviembre%20de%202013.pdf HTTP/1.1" 304 -
188.165.15.188 - - [22/Oct/2014:04:55:03 -0500] "GET /BLA/resoluciones/RESOLUCIONES%202004/RES%202004%201401-1450/00001415.tif HTTP/1.1" 200 389624
188.165.15.177 - - [22/Oct/2014:04:55:08 -0500] "GET /BLA/resoluciones/RESOLUCIONES%202003/RES%202003%201751-1800/20031788.tif HTTP/1.1" 200 49408
190.66.96.117 - - [22/Oct/2014:04:55:11 -0500] "POST /forms/lservlet;jsessionid=ac16012b30d56e36ba3957254d42a0e4f9fb01ccc471.e3iSbxaKaheRe34Sa3yKbhiTahb0n6jAmljGr5XDqQLvpAe HTTP/1.1" 200 26
190.66.96.117 - - [22/Oct/2014:04:55:11 -0500] "POST /forms/lservlet;jsessionid=ac16012b30d56e36ba3957254d42a0e4f9fb01ccc471.e3iSbxaKaheRe34Sa3yKbhiTahb0n6jAmljGr5XDqQLvpAe HTTP/1.1" 200 600
190.66.96.117 - - [22/Oct/2014:04:55:11 -0500] "POST /forms/lservlet;jsessionid=ac16012b30d56e36ba3957254d42a0e4f9fb01ccc471.e3iSbxaKaheRe34Sa3yKbhiTahb0n6jAmljGr5XDqQLvpAe HTTP/1.1" 200 20
190.66.96.117 - - [22/Oct/2014:04:55:16 -0500] "POST /forms/lservlet;jsessionid=ac16012b30d56e36ba3957254d42a0e4f9fb01ccc471.e3iSbxaKaheRe34Sa3yKbhiTahb0n6jAmljGr5XDqQLvpAe HTTP/1.1" 200 2
100.43.85.25 - - [22/Oct/2014:04:55:17 -0500] "GET /phpold/AjaxPhpCode/Chapter07/?C=S;O=A HTTP/1.1" 404 1019
148.251.124.173 - - [22/Oct/2014:04:55:24 -0500] "GET /robots.txt HTTP/1.0" 404 1019
148.251.124.173 - - [22/Oct/2014:04:55:28 -0500] "GET /Autoliquidacion/Grupo%20Forestal%20-%20Silvicultura/126PM04%C2%96PR30-M-A6-V%205.0%20%20ESPECIES%20DE%20FLORA%20EN%20LA%20CIUDAD%20DE%20BOGOTA.xlsx HTTP/1.0" 404 1019
148.251.124.173 - - [22/Oct/2014:04:55:31 -0500] "GET /even1/Secci%C3%B3n%201/ HTTP/1.0" 404 1019
74.86.158.107 - - [22/Oct/2014:04:55:33 -0500] "HEAD / HTTP/1.1" 302 -
148.251.124.173 - - [22/Oct/2014:04:55:34 -0500] "GET /even1/Secci%C3%B3n%202/ HTTP/1.0" 404 1019
148.251.124.173 - - [22/Oct/2014:04:55:38 -0500] "GET /even1/Secci%C3%B3n%203/ HTTP/1.0" 404 1019
148.251.124.173 - - [22/Oct/2014:04:55:46 -0500] "GET /even1/Secci%C3%B3n%204/ HTTP/1.0" 404 1019
148.251.124.173 - - [22/Oct/2014:04:55:53 -0500] "GET /re1/Que%20es/Marco%20pedagocico/modelo%20pedagogico/imagen%20modelo%20pedagogico/barra%20modelo%20pedag%C3%B3gico.htm HTTP/1.0" 404 1019
188.165.15.188 - - [22/Oct/2014:04:56:41 -0500] "GET /BLA/resoluciones/RESOLUCIONES%202005/RES%202005%201901-1950/00001939.tif HTTP/1.1" 200 286004
87.98.159.136 - - [22/Oct/2014:04:56:52 -0500] "GET /accinfo.php?cartId=' HTTP/1.1" 404 1018
87.98.159.136 - - [22/Oct/2014:04:57:02 -0500] "GET /BLA/resoluciones/RESOLUCIONES%202007/RES%202007%201401%20AL%201500/accinfo.php?cartId=' HTTP/1.1" 404 1018
190.66.96.117 - - [22/Oct/2014:04:57:16 -0500] "POST /forms/lservlet;jsessionid=ac16012b30d56e36ba3957254d42a0e4f9fb01ccc471.e3iSbxaKaheRe34Sa3yKbhiTahb0n6jAmljGr5XDqQLvpAe HTTP/1.1" 200 2
66.249.64.43 - - [22/Oct/2014:04:58:22 -0500] "GET /POT-2013/Cartografia/21_Sistema%20General%20para%20la%20Gesti%C3%B3n%20y%20Manejo%20Integral%20de%20Resi.pdf HTTP/1.1" 304 -
66.249.64.39 - - [22/Oct/2014:04:58:34 -0500] "GET /htdocs/counter/digits/fiery/9.png HTTP/1.1" 404 1019
79.137.219.66 - - [22/Oct/2014:04:58:47 -0500] "GET /auntentica.txt HTTP/1.1" 404 1153
190.66.96.117 - - [22/Oct/2014:04:59:16 -0500] "POST /forms/lservlet;jsessionid=ac16012b30d56e36ba3957254d42a0e4f9fb01ccc471.e3iSbxaKaheRe34Sa3yKbhiTahb0n6jAmljGr5XDqQLvpAe HTTP/1.1" 200 2
201.245.192.253 - - [22/Oct/2014:04:59:39 -0500] "GET /sia/swf/intro.swf HTTP/1.1" 304 -
188.165.15.84 - - [22/Oct/2014:04:59:58 -0500] "GET /BLA/resoluciones/RESOLUCIONES%202002/RES%202002%201501-1550/20021541.tif HTTP/1.1" 200 251852
66.249.64.163 - - [22/Oct/2014:05:00:03 -0500] "GET /Autoliquidacion/TR%C3%81MITES%20VERTIMIENTOS/REGISTRO%20DE%20VERTIMIENTOS/formulario%20reg%20de%20vertimientos%20no%20domesticos.doc HTTP/1.1" 304 -
191.78.6.102 - - [22/Oct/2014:05:00:17 -0500] "GET /BLA/boletinlegal/js/jquery.scrollTo-min.js HTTP/1.1" 200 1150
191.78.6.102 - - [22/Oct/2014:05:00:18 -0500] "GET /BLA/boletinlegal/js/jquery.js HTTP/1.1" 200 57254
191.78.6.102 - - [22/Oct/2014:05:00:18 -0500] "GET /BLA/boletinlegal/js/jquery.scrollShow.js HTTP/1.1" 200 4586
191.78.6.102 - - [22/Oct/2014:05:00:18 -0500] "GET /galeria/carrusel/Carrusel/jquery.thumbnailScroller.css HTTP/1.1" 200 2066
191.78.6.102 - - [22/Oct/2014:05:00:19 -0500] "GET /galeria/carrusel/Carrusel/jquery.thumbnailScroller.js HTTP/1.1" 200 8157
191.78.6.102 - - [22/Oct/2014:05:00:19 -0500] "GET /galeria/carrusel/Carrusel/jquery-ui-1.8.13.custom.min.js HTTP/1.1" 200 10800
191.78.6.102 - - [22/Oct/2014:05:00:20 -0500] "GET /galeria/nivo-slider/demo/demo.html HTTP/1.1" 200 3471
191.78.6.102 - - [22/Oct/2014:05:00:20 -0500] "GET /galeria/nivo-slider/themes/default/default.css HTTP/1.1" 200 1569
191.78.6.102 - - [22/Oct/2014:05:00:20 -0500] "GET /galeria/nivo-slider/themes/pascal/pascal.css HTTP/1.1" 200 2258
191.78.6.102 - - [22/Oct/2014:05:00:20 -0500] "GET /galeria/nivo-slider/nivo-slider.css HTTP/1.1" 200 1507
191.78.6.102 - - [22/Oct/2014:05:00:20 -0500] "GET /galeria/nivo-slider/themes/orman/orman.css HTTP/1.1" 200 2152
191.78.6.102 - - [22/Oct/2014:05:00:20 -0500] "GET /galeria/nivo-slider/demo/style.css HTTP/1.1" 200 2222
191.78.6.102 - - [22/Oct/2014:05:00:20 -0500] "GET /galeria/nivo-slider/demo/scripts/jquery-1.7.1.min.js HTTP/1.1" 200 93868
191.78.6.102 - - [22/Oct/2014:05:00:21 -0500] "GET /galeria/nivo-slider/jquery.nivo.slider.pack.js HTTP/1.1" 200 11561
191.78.6.102 - - [22/Oct/2014:05:00:22 -0500] "GET /galeria/nivo-slider/demo/images/banner-aceite3.jpg HTTP/1.1" 200 88347
191.78.6.102 - - [22/Oct/2014:05:00:22 -0500] "GET /galeria/nivo-slider/demo/images/EncuentroAgua1.jpg HTTP/1.1" 200 274179
191.78.6.102 - - [22/Oct/2014:05:00:22 -0500] "GET /galeria/nivo-slider/demo/images/Tingua-azul.jpg HTTP/1.1" 200 307638
191.78.6.102 - - [22/Oct/2014:05:00:22 -0500] "GET /galeria/nivo-slider/demo/images/mesTIC.jpg HTTP/1.1" 200 180719
191.78.6.102 - - [22/Oct/2014:05:00:22 -0500] "GET /galeria/nivo-slider/demo/images/Banner-Caracol-Africano.jpg HTTP/1.1" 200 331986
191.78.6.102 - - [22/Oct/2014:05:00:22 -0500] "GET /galeria/nivo-slider/demo/images/banner-redes.jpg HTTP/1.1" 200 62209
191.78.6.102 - - [22/Oct/2014:05:00:22 -0500] "GET /galeria/nivo-slider/demo/images/banner-caballos.png HTTP/1.1" 200 389106
191.78.6.102 - - [22/Oct/2014:05:00:24 -0500] "GET /galeria/nivo-slider/themes/default/loading.gif HTTP/1.1" 200 1737
191.78.6.102 - - [22/Oct/2014:05:00:24 -0500] "GET /galeria/nivo-slider/demo/images/banner-encuesta.jpg HTTP/1.1" 200 42764
191.78.6.102 - - [22/Oct/2014:05:00:25 -0500] "GET /galeria/nivo-slider/demo/images/bannerEcolecta3.jpg HTTP/1.1" 200 280034
191.78.6.102 - - [22/Oct/2014:05:00:26 -0500] "GET /galeria/nivo-slider/demo/images/banner-llantas2.jpg HTTP/1.1" 200 73153
191.78.6.102 - - [22/Oct/2014:05:00:26 -0500] "GET /galeria/nivo-slider/demo/images/9Signos.jpg HTTP/1.1" 200 93040
191.78.6.102 - - [22/Oct/2014:05:00:26 -0500] "GET /galeria/nivo-slider/demo/images/4Simple_Slider.png HTTP/1.1" 200 11722
191.78.6.102 - - [22/Oct/2014:05:00:27 -0500] "GET /galeria/nivo-slider/demo/images/Hacienda_Molinos.jpg HTTP/1.1" 200 319171
191.78.6.102 - - [22/Oct/2014:05:00:28 -0500] "GET /galeria/nivo-slider/themes/default/arrows.png HTTP/1.1" 200 824
191.78.6.102 - - [22/Oct/2014:05:00:28 -0500] "GET /galeria/nivo-slider/themes/default/bullets.png HTTP/1.1" 200 1281
74.86.158.107 - - [22/Oct/2014:05:00:33 -0500] "HEAD / HTTP/1.1" 302 -
186.119.204.144 - - [22/Oct/2014:05:00:37 -0500] "GET /galeria/nivo-slider/demo/demo.html HTTP/1.1" 200 3471
186.119.204.144 - - [22/Oct/2014:05:00:37 -0500] "GET /galeria/nivo-slider/themes/default/default.css HTTP/1.1" 200 1569
186.119.204.144 - - [22/Oct/2014:05:00:37 -0500] "GET /galeria/nivo-slider/demo/images/banner-aceite3.jpg HTTP/1.1" 200 88347
186.119.204.144 - - [22/Oct/2014:05:00:37 -0500] "GET /galeria/nivo-slider/demo/images/EncuentroAgua1.jpg HTTP/1.1" 200 274179
186.119.204.144 - - [22/Oct/2014:05:00:37 -0500] "GET /galeria/nivo-slider/demo/images/mesTIC.jpg HTTP/1.1" 200 180719
186.119.204.144 - - [22/Oct/2014:05:00:37 -0500] "GET /galeria/nivo-slider/demo/images/Tingua-azul.jpg HTTP/1.1" 200 307638
186.119.204.144 - - [22/Oct/2014:05:00:37 -0500] "GET /galeria/nivo-slider/demo/images/Banner-Caracol-Africano.jpg HTTP/1.1" 200 331986
186.119.204.144 - - [22/Oct/2014:05:00:37 -0500] "GET /galeria/nivo-slider/demo/images/banner-redes.jpg HTTP/1.1" 200 62209
186.119.204.144 - - [22/Oct/2014:05:00:38 -0500] "GET /galeria/nivo-slider/demo/images/9Signos.jpg HTTP/1.1" 200 93040
186.119.204.144 - - [22/Oct/2014:05:00:38 -0500] "GET /galeria/nivo-slider/demo/images/banner-encuesta.jpg HTTP/1.1" 200 42764
186.119.204.144 - - [22/Oct/2014:05:00:38 -0500] "GET /galeria/nivo-slider/demo/images/banner-llantas2.jpg HTTP/1.1" 200 73153
186.119.204.144 - - [22/Oct/2014:05:00:38 -0500] "GET /galeria/nivo-slider/demo/images/banner-caballos.png HTTP/1.1" 200 389106
186.119.204.144 - - [22/Oct/2014:05:00:39 -0500] "GET /galeria/nivo-slider/demo/images/Hacienda_Molinos.jpg HTTP/1.1" 200 319171
186.119.204.144 - - [22/Oct/2014:05:00:40 -0500] "GET /galeria/nivo-slider/demo/images/bannerEcolecta3.jpg HTTP/1.1" 200 280034
201.245.192.253 - - [22/Oct/2014:05:01:11 -0500] "GET /arcgis/services/Calidad_del_Agua_WQI/MapServer/WMSServer?LAYERS=6%2C8%2C4&TRANSPARENT=TRUE&PROJECTION=EPSG%3A4326&FORMAT=image%2Fpng&SERVICE=WMS&VERSION=1.1.1&REQUEST=GetMap&STYLES=&SRS=EPSG%3A4326&BBOX=-74.00390625,4.39453125,-73.828125,4.5703125&WIDTH=256&HEIGHT=256 HTTP/1.1" 200 875
181.51.118.163 - - [22/Oct/2014:05:01:13 -0500] "GET /BLA/boletinlegal/js/jquery.js HTTP/1.1" 200 57254
181.51.118.163 - - [22/Oct/2014:05:01:13 -0500] "GET /BLA/boletinlegal/js/jquery.scrollTo-min.js HTTP/1.1" 200 1150
181.51.118.163 - - [22/Oct/2014:05:01:13 -0500] "GET /BLA/boletinlegal/js/jquery.scrollShow.js HTTP/1.1" 200 4586
190.66.96.117 - - [22/Oct/2014:05:01:16 -0500] "POST /forms/lservlet;jsessionid=ac16012b30d56e36ba3957254d42a0e4f9fb01ccc471.e3iSbxaKaheRe34Sa3yKbhiTahb0n6jAmljGr5XDqQLvpAe HTTP/1.1" 200 2
201.245.192.253 - - [22/Oct/2014:05:01:34 -0500] "GET /arcgis/services/Calidad_del_Agua_WQI/MapServer/WMSServer?LAYERS=6%2C8%2C4&TRANSPARENT=TRUE&PROJECTION=EPSG%3A4326&FORMAT=image%2Fpng&SERVICE=WMS&VERSION=1.1.1&REQUEST=GetMap&STYLES=&SRS=EPSG%3A4326&BBOX=-74.35546875,4.39453125,-74.1796875,4.5703125&WIDTH=256&HEIGHT=256 HTTP/1.1" 200 875
66.249.64.39 - - [22/Oct/2014:05:01:45 -0500] "GET /Autoliquidacion/index.php?dir=TR%C1MITES+VERTIMIENTOS%2F HTTP/1.1" 200 2479
66.249.64.167 - - [22/Oct/2014:05:01:57 -0500] "GET /BLA/resoluciones/RESOLUCIONES%202006/RES%202006%20901-950/00000911.tif HTTP/1.1" 200 111588
201.245.192.253 - - [22/Oct/2014:05:02:20 -0500] "GET /arcgis/services/Calidad_del_Agua_WQI/MapServer/WMSServer?LAYERS=6%2C8%2C4&TRANSPARENT=TRUE&PROJECTION=EPSG%3A4326&FORMAT=image%2Fpng&SERVICE=WMS&VERSION=1.1.1&REQUEST=GetMap&STYLES=&SRS=EPSG%3A4326&BBOX=-73.828125,4.5703125,-73.65234375,4.74609375&WIDTH=256&HEIGHT=256 HTTP/1.1" 200 875
201.245.192.253 - - [22/Oct/2014:05:02:25 -0500] "GET /arcgis/services/Calidad_del_Agua_WQI/MapServer/WMSServer?LAYERS=6%2C8%2C4&TRANSPARENT=TRUE&PROJECTION=EPSG%3A4326&FORMAT=image%2Fpng&SERVICE=WMS&VERSION=1.1.1&REQUEST=GetMap&STYLES=&SRS=EPSG%3A4326&BBOX=-73.828125,4.74609375,-73.65234375,4.921875&WIDTH=256&HEIGHT=256 HTTP/1.1" 200 875
123.125.71.25 - - [22/Oct/2014:05:02:43 -0500] "GET / HTTP/1.1" 302 -
201.245.192.253 - - [22/Oct/2014:05:03:05 -0500] "GET /arcgis/services/Calidad_del_Agua_WQI/MapServer/WMSServer?LAYERS=6%2C8%2C4&TRANSPARENT=TRUE&PROJECTION=EPSG%3A4326&FORMAT=image%2Fpng&SERVICE=WMS&VERSION=1.1.1&REQUEST=GetMap&STYLES=&SRS=EPSG%3A4326&BBOX=-74.00390625,4.5703125,-73.828125,4.74609375&WIDTH=256&HEIGHT=256 HTTP/1.1" 200 875
190.66.96.117 - - [22/Oct/2014:05:03:16 -0500] "POST /forms/lservlet;jsessionid=ac16012b30d56e36ba3957254d42a0e4f9fb01ccc471.e3iSbxaKaheRe34Sa3yKbhiTahb0n6jAmljGr5XDqQLvpAe HTTP/1.1" 200 2
66.249.64.47 - - [22/Oct/2014:05:03:27 -0500] "GET /PORTAL_SIAC/swf/Residuos/textiles/textiles.html HTTP/1.1" 304 -
201.245.192.253 - - [22/Oct/2014:05:03:50 -0500] "GET /arcgis/services/Calidad_del_Agua_WQI/MapServer/WMSServer?LAYERS=6%2C8%2C4&TRANSPARENT=TRUE&PROJECTION=EPSG%3A4326&FORMAT=image%2Fpng&SERVICE=WMS&VERSION=1.1.1&REQUEST=GetMap&STYLES=&SRS=EPSG%3A4326&BBOX=-74.35546875,4.5703125,-74.1796875,4.74609375&WIDTH=256&HEIGHT=256 HTTP/1.1" 200 1084
220.181.108.93 - - [22/Oct/2014:05:03:52 -0500] "GET / HTTP/1.1" 302 -
188.165.15.84 - - [22/Oct/2014:05:04:04 -0500] "GET /BLA/resoluciones/index.php?dir=RESOLUCIONES+2006%2FRES+2006+201-250%2F HTTP/1.1" 200 12238
201.245.192.253 - - [22/Oct/2014:05:04:06 -0500] "GET /arcgis/services/Calidad_del_Agua_WQI/MapServer/WMSServer?LAYERS=6%2C8%2C4&TRANSPARENT=TRUE&PROJECTION=EPSG%3A4326&FORMAT=image%2Fpng&SERVICE=WMS&VERSION=1.1.1&REQUEST=GetMap&STYLES=&SRS=EPSG%3A4326&BBOX=-74.1796875,4.74609375,-74.00390625,4.921875&WIDTH=256&HEIGHT=256 HTTP/1.1" 200 1175
201.245.192.253 - - [22/Oct/2014:05:04:07 -0500] "GET /arcgis/services/Calidad_del_Agua_WQI/MapServer/WMSServer?LAYERS=6%2C8%2C4&TRANSPARENT=TRUE&PROJECTION=EPSG%3A4326&FORMAT=image%2Fpng&SERVICE=WMS&VERSION=1.1.1&REQUEST=GetMap&STYLES=&SRS=EPSG%3A4326&BBOX=-74.35546875,4.74609375,-74.1796875,4.921875&WIDTH=256&HEIGHT=256 HTTP/1.1" 200 875
201.245.192.253 - - [22/Oct/2014:05:04:11 -0500] "GET /arcgis/services/Calidad_del_Agua_WQI/MapServer/WMSServer?LAYERS=6%2C8%2C4&TRANSPARENT=TRUE&PROJECTION=EPSG%3A4326&FORMAT=image%2Fpng&SERVICE=WMS&VERSION=1.1.1&REQUEST=GetMap&STYLES=&SRS=EPSG%3A4326&BBOX=-73.828125,4.39453125,-73.65234375,4.5703125&WIDTH=256&HEIGHT=256 HTTP/1.1" 200 875
201.245.192.253 - - [22/Oct/2014:05:04:12 -0500] "GET /arcgis/services/Calidad_del_Agua_WQI/MapServer/WMSServer?LAYERS=6%2C8%2C4&TRANSPARENT=TRUE&PROJECTION=EPSG%3A4326&FORMAT=image%2Fpng&SERVICE=WMS&VERSION=1.1.1&REQUEST=GetMap&STYLES=&SRS=EPSG%3A4326&BBOX=-74.1796875,4.39453125,-74.00390625,4.5703125&WIDTH=256&HEIGHT=256 HTTP/1.1" 200 1688
201.245.192.253 - - [22/Oct/2014:05:04:13 -0500] "GET /arcgis/services/Calidad_del_Agua_WQI/MapServer/WMSServer?LAYERS=6%2C8%2C4&TRANSPARENT=TRUE&PROJECTION=EPSG%3A4326&FORMAT=image%2Fpng&SERVICE=WMS&VERSION=1.1.1&REQUEST=GetMap&STYLES=&SRS=EPSG%3A4326&BBOX=-74.1796875,4.5703125,-74.00390625,4.74609375&WIDTH=256&HEIGHT=256 HTTP/1.1" 200 2555
188.165.15.90 - - [22/Oct/2014:05:04:34 -0500] "GET /BLA/resoluciones/index.php?dir=RESOLUCIONES+2004%2FRES+2004+2201-2250%2F HTTP/1.1" 200 12358
201.245.192.253 - - [22/Oct/2014:05:04:59 -0500] "GET /arcgis/services/Calidad_del_Agua_WQI/MapServer/WMSServer?LAYERS=6%2C8%2C4&TRANSPARENT=TRUE&PROJECTION=EPSG%3A4326&FORMAT=image%2Fpng&SERVICE=WMS&VERSION=1.1.1&REQUEST=GetMap&STYLES=&SRS=EPSG%3A4326&BBOX=-74.00390625,4.74609375,-73.828125,4.921875&WIDTH=256&HEIGHT=256 HTTP/1.1" 200 875
188.165.15.127 - - [22/Oct/2014:05:05:05 -0500] "GET /BLA/resoluciones/RESOLUCIONES%202005/RES%202005%202951-3000/00002962.tif HTTP/1.1" 200 40178
190.27.23.189 - - [22/Oct/2014:05:05:12 -0500] "GET /BLA/boletinlegal/js/jquery.js HTTP/1.1" 200 57254
190.27.23.189 - - [22/Oct/2014:05:05:12 -0500] "GET /BLA/boletinlegal/js/jquery.scrollShow.js HTTP/1.1" 200 4586
190.27.23.189 - - [22/Oct/2014:05:05:13 -0500] "GET /BLA/boletinlegal/js/jquery.scrollTo-min.js HTTP/1.1" 200 1150
190.66.96.117 - - [22/Oct/2014:05:05:17 -0500] "POST /forms/lservlet;jsessionid=ac16012b30d56e36ba3957254d42a0e4f9fb01ccc471.e3iSbxaKaheRe34Sa3yKbhiTahb0n6jAmljGr5XDqQLvpAe HTTP/1.1" 200 2
74.86.158.107 - - [22/Oct/2014:05:05:33 -0500] "HEAD / HTTP/1.1" 302 -
66.249.64.39 - - [22/Oct/2014:05:06:03 -0500] "GET /Autoliquidacion/ HTTP/1.1" 200 6375
207.46.13.141 - - [22/Oct/2014:05:06:43 -0500] "GET /dama/libreria/pdf/pies_doc.pdf HTTP/1.1" 404 1019
66.249.64.171 - - [22/Oct/2014:05:06:57 -0500] "GET /Residuos/cosmeticos/images/page25.swf HTTP/1.1" 404 1018
190.66.96.117 - - [22/Oct/2014:05:07:17 -0500] "POST /forms/lservlet;jsessionid=ac16012b30d56e36ba3957254d42a0e4f9fb01ccc471.e3iSbxaKaheRe34Sa3yKbhiTahb0n6jAmljGr5XDqQLvpAe HTTP/1.1" 200 2
201.245.192.253 - - [22/Oct/2014:05:07:25 -0500] "GET /BLA/boletinlegal/carousel.swf HTTP/1.1" 304 -
188.165.15.27 - - [22/Oct/2014:05:07:26 -0500] "GET /BLA/resoluciones/RESOLUCIONES%202003/RES%202003%201501-1550/20031528.tif HTTP/1.1" 200 58360
188.165.15.188 - - [22/Oct/2014:05:08:21 -0500] "GET /BLA/resoluciones/RESOLUCIONES%202003/RES%202003%201301-1350/20031327.tif HTTP/1.1" 200 93128
188.165.15.188 - - [22/Oct/2014:05:08:23 -0500] "GET /BLA/resoluciones/RESOLUCIONES%202006/RES%202006%202501-2550/00002511.tif HTTP/1.1" 200 361936
66.249.64.47 - - [22/Oct/2014:05:08:33 -0500] "GET /Autoliquidacion/index.php?dir=TR%C1MITES+VERTIMIENTOS%2FPERMISOS+DE+VERTIMIENTOS%2F HTTP/1.1" 200 3490
190.66.96.117 - - [22/Oct/2014:05:09:17 -0500] "POST /forms/lservlet;jsessionid=ac16012b30d56e36ba3957254d42a0e4f9fb01ccc471.e3iSbxaKaheRe34Sa3yKbhiTahb0n6jAmljGr5XDqQLvpAe HTTP/1.1" 200 2
201.245.192.253 - - [22/Oct/2014:05:09:35 -0500] "GET /StormSDA/userFiles/90.jar HTTP/1.1" 200 4101
201.245.192.253 - - [22/Oct/2014:05:09:36 -0500] "GET /StormSDA/userFiles/95.jar HTTP/1.1" 200 4224
66.249.64.163 - - [22/Oct/2014:05:09:39 -0500] "GET /BLA/resoluciones/RESOLUCIONES%202013/0372.pdf HTTP/1.1" 304 -
66.249.64.47 - - [22/Oct/2014:05:09:47 -0500] "GET /Autoliquidacion/index.php?dir=TR%C1MITES%20VERTIMIENTOS/PERMISOS%20DE%20VERTIMIENTOS/&sort=size&order=asc HTTP/1.1" 200 3490
201.245.192.253 - - [22/Oct/2014:05:09:49 -0500] "GET /StormSDA/userFiles/98.jar HTTP/1.1" 200 4101
201.245.192.253 - - [22/Oct/2014:05:09:49 -0500] "GET /StormSDA/userFiles/89.jar HTTP/1.1" 200 4101
201.245.192.253 - - [22/Oct/2014:05:09:55 -0500] "GET /StormSDA/userFiles/93.jar HTTP/1.1" 200 4101
201.245.192.253 - - [22/Oct/2014:05:10:11 -0500] "GET /StormSDA/userFiles/96.jar HTTP/1.1" 200 4101
201.245.192.253 - - [22/Oct/2014:05:10:12 -0500] "GET /StormSDA/userFiles/87.jar HTTP/1.1" 200 4101
201.245.192.253 - - [22/Oct/2014:05:10:14 -0500] "GET /StormSDA/userFiles/91.jar HTTP/1.1" 200 4101
66.249.64.39 - - [22/Oct/2014:05:10:15 -0500] "GET /POT-2013/Cartografia/27_Estructura_Sociespacial_2013.pdf HTTP/1.1" 304 -
74.86.158.107 - - [22/Oct/2014:05:10:33 -0500] "HEAD / HTTP/1.1" 302 -
201.245.192.253 - - [22/Oct/2014:05:10:35 -0500] "GET /StormSDA/userFiles/85.jar HTTP/1.1" 200 4101
201.245.192.253 - - [22/Oct/2014:05:10:35 -0500] "GET /StormSDA/userFiles/94.jar HTTP/1.1" 200 4101
188.165.15.84 - - [22/Oct/2014:05:10:41 -0500] "GET /BLA/resoluciones/index.php?dir=RESOLUCIONES%202005/RES%202005%20701-750/&sort=date&order=asc HTTP/1.1" 200 12247
201.245.192.253 - - [22/Oct/2014:05:10:47 -0500] "GET /StormSDA/userFiles/88.jar HTTP/1.1" 200 4101
201.245.192.253 - - [22/Oct/2014:05:11:05 -0500] "GET /StormSDA/userFiles/92.jar HTTP/1.1" 200 4101
66.249.64.39 - - [22/Oct/2014:05:11:07 -0500] "GET /Autoliquidacion/index.php?dir=TR%C1MITES%20VERTIMIENTOS/PERMISOS%20DE%20VERTIMIENTOS/&sort=date&order=asc HTTP/1.1" 200 3490
190.66.96.117 - - [22/Oct/2014:05:11:17 -0500] "POST /forms/lservlet;jsessionid=ac16012b30d56e36ba3957254d42a0e4f9fb01ccc471.e3iSbxaKaheRe34Sa3yKbhiTahb0n6jAmljGr5XDqQLvpAe HTTP/1.1" 200 2
188.165.15.188 - - [22/Oct/2014:05:11:32 -0500] "GET /BLA/resoluciones/RESOLUCIONES%202002/RES%202002%20651-700/00000697.tif HTTP/1.1" 200 77378
201.245.192.253 - - [22/Oct/2014:05:11:46 -0500] "GET /StormSDA/userFiles/1.jar HTTP/1.1" 200 4111
201.245.192.253 - - [22/Oct/2014:05:12:16 -0500] "GET /StormSDA/userFiles/97.jar HTTP/1.1" 200 4101
188.165.15.105 - - [22/Oct/2014:05:13:02 -0500] "GET /BLA/resoluciones/RESOLUCIONES%202006/RES%202006%201351-1400/00001370.tif HTTP/1.1" 200 315110
66.249.64.47 - - [22/Oct/2014:05:13:09 -0500] "GET /Autoliquidacion/index.php?dir=TR%C1MITES%20VERTIMIENTOS/PERMISOS%20DE%20VERTIMIENTOS/&sort=name&order=desc HTTP/1.1" 200 3489
66.249.64.39 - - [22/Oct/2014:05:13:13 -0500] "GET /BLA/boletinlegal/Circulares/2014/Circular%2008%20de%20Mayo%20de%202014.pdf HTTP/1.1" 304 -
180.76.6.60 - - [22/Oct/2014:05:13:16 -0500] "GET /BLA/resoluciones/AUTOS%202011/3236.pdf HTTP/1.1" 200 320589
190.66.96.117 - - [22/Oct/2014:05:13:17 -0500] "POST /forms/lservlet;jsessionid=ac16012b30d56e36ba3957254d42a0e4f9fb01ccc471.e3iSbxaKaheRe34Sa3yKbhiTahb0n6jAmljGr5XDqQLvpAe HTTP/1.1" 200 2
181.61.97.211 - - [22/Oct/2014:05:13:25 -0500] "GET /BLA/boletinlegal/js/jquery.scrollShow.js HTTP/1.1" 200 4586
181.61.97.211 - - [22/Oct/2014:05:13:25 -0500] "GET /BLA/boletinlegal/js/jquery.js HTTP/1.1" 200 57254
181.61.97.211 - - [22/Oct/2014:05:13:25 -0500] "GET /BLA/boletinlegal/js/jquery.scrollTo-min.js HTTP/1.1" 200 1150
100.43.85.25 - - [22/Oct/2014:05:13:34 -0500] "GET /re1/Bioevolucion/imagen%20bioevolucion/?C=M;O=A HTTP/1.1" 404 1019
66.249.64.171 - - [22/Oct/2014:05:14:35 -0500] "GET /BLA/resoluciones/RESOLUCIONES%202004/RES%202004%20101-150/00000127.tif HTTP/1.1" 200 96490
66.249.64.47 - - [22/Oct/2014:05:14:44 -0500] "GET /Autoliquidacion/index.php?dir=TR%C1MITES%20VERTIMIENTOS/PERMISOS%20DE%20VERTIMIENTOS/&sort=name&order=asc HTTP/1.1" 200 3490
66.249.64.39 - - [22/Oct/2014:05:14:58 -0500] "GET /Autoliquidacion/index.php?dir=TR%C1MITES%20VERTIMIENTOS/PERMISOS%20DE%20VERTIMIENTOS/&sort=date&order=desc HTTP/1.1" 200 3489
190.66.96.117 - - [22/Oct/2014:05:15:17 -0500] "POST /forms/lservlet;jsessionid=ac16012b30d56e36ba3957254d42a0e4f9fb01ccc471.e3iSbxaKaheRe34Sa3yKbhiTahb0n6jAmljGr5XDqQLvpAe HTTP/1.1" 200 2
186.28.176.101 - - [22/Oct/2014:05:15:24 -0500] "GET /BLA/boletinlegal/js/jquery.scrollShow.js HTTP/1.1" 200 4586
186.28.176.101 - - [22/Oct/2014:05:15:24 -0500] "GET /BLA/boletinlegal/js/jquery.js HTTP/1.1" 200 57254
186.28.176.101 - - [22/Oct/2014:05:15:24 -0500] "GET /BLA/boletinlegal/js/jquery.scrollTo-min.js HTTP/1.1" 200 1150
74.86.158.107 - - [22/Oct/2014:05:15:33 -0500] "HEAD / HTTP/1.1" 302 -
201.245.192.253 - - [22/Oct/2014:05:15:34 -0500] "GET /StormSDA/userFiles/86.jar HTTP/1.1" 200 4101
188.165.15.177 - - [22/Oct/2014:05:15:51 -0500] "GET /BLA/resoluciones/RESOLUCIONES%202005/RES%202005%202001-2050/00002021.tif HTTP/1.1" 200 70646
188.165.15.126 - - [22/Oct/2014:05:16:22 -0500] "GET /BLA/resoluciones/index.php?dir=RESOLUCIONES+2003%2FRES+2003+1251-1300%2F HTTP/1.1" 200 12202
66.249.64.167 - - [22/Oct/2014:05:16:51 -0500] "GET /BLA/resoluciones/RESOLUCIONES%202008/2580.pdf HTTP/1.1" 304 -
190.66.96.117 - - [22/Oct/2014:05:17:17 -0500] "POST /forms/lservlet;jsessionid=ac16012b30d56e36ba3957254d42a0e4f9fb01ccc471.e3iSbxaKaheRe34Sa3yKbhiTahb0n6jAmljGr5XDqQLvpAe HTTP/1.1" 200 2
188.165.15.84 - - [22/Oct/2014:05:17:27 -0500] "GET /BLA/resoluciones/index.php?dir=RESOLUCIONES%202006/RES%202006%201-50/&sort=size&order=desc HTTP/1.1" 200 11866
180.76.5.78 - - [22/Oct/2014:05:18:17 -0500] "GET /BLA/boletinlegal/Circulares/2011/Circular%20No.%202%20del%2031%20de%20Mayo%20de%202011.pdf HTTP/1.1" 200 496778
66.249.64.43 - - [22/Oct/2014:05:18:44 -0500] "GET /PORTAL_SIAC/swf/Residuos/vehiculos/vehiculos.swf?pageNumber= HTTP/1.1" 304 -
190.66.96.117 - - [22/Oct/2014:05:19:17 -0500] "POST /forms/lservlet;jsessionid=ac16012b30d56e36ba3957254d42a0e4f9fb01ccc471.e3iSbxaKaheRe34Sa3yKbhiTahb0n6jAmljGr5XDqQLvpAe HTTP/1.1" 200 2
66.249.64.167 - - [22/Oct/2014:05:19:20 -0500] "GET /sinmi1/sinmintro.htm HTTP/1.1" 404 1018
188.165.15.90 - - [22/Oct/2014:05:20:01 -0500] "GET /BLA/resoluciones/index.php?dir=RESOLUCIONES+2006%2FRES+2006++2951-3000%2F HTTP/1.1" 200 12390
188.165.15.160 - - [22/Oct/2014:05:20:09 -0500] "GET /BLA/resoluciones/RESOLUCIONES%202003/RES%202003%20701-750/742.tif HTTP/1.1" 200 66056
66.249.64.39 - - [22/Oct/2014:05:20:26 -0500] "GET /BLA/boletinlegal/Directivas/2013/Directiva%20No.%202%20del%2004%20de%20Abril%20de%202013.pdf HTTP/1.1" 304 -
74.86.158.107 - - [22/Oct/2014:05:20:33 -0500] "HEAD / HTTP/1.1" 302 -
66.249.83.62 - - [22/Oct/2014:05:20:49 -0500] "GET /BLA/boletinlegal/js/jquery.scrollShow.js HTTP/1.1" 200 4586
66.249.83.62 - - [22/Oct/2014:05:20:49 -0500] "GET /BLA/boletinlegal/js/jquery.js HTTP/1.1" 200 57254
66.249.83.62 - - [22/Oct/2014:05:20:49 -0500] "GET /BLA/boletinlegal/js/jquery.scrollTo-min.js HTTP/1.1" 200 1150
186.113.10.143 - - [22/Oct/2014:05:21:02 -0500] "GET /galeria/nivo-slider/demo/images/marchaxclima01a.jpg HTTP/1.1" 304 -
190.66.96.117 - - [22/Oct/2014:05:21:17 -0500] "POST /forms/lservlet;jsessionid=ac16012b30d56e36ba3957254d42a0e4f9fb01ccc471.e3iSbxaKaheRe34Sa3yKbhiTahb0n6jAmljGr5XDqQLvpAe HTTP/1.1" 200 2
66.249.64.43 - - [22/Oct/2014:05:22:08 -0500] "GET /BLA/boletinlegal/actos.php HTTP/1.1" 200 7534
188.165.15.129 - - [22/Oct/2014:05:22:52 -0500] "GET /BLA/resoluciones/RESOLUCIONES%202002/RES%202002%201901-1950/20021909.tif HTTP/1.1" 200 47656
190.66.96.117 - - [22/Oct/2014:05:23:17 -0500] "POST /forms/lservlet;jsessionid=ac16012b30d56e36ba3957254d42a0e4f9fb01ccc471.e3iSbxaKaheRe34Sa3yKbhiTahb0n6jAmljGr5XDqQLvpAe HTTP/1.1" 200 2
66.249.64.47 - - [22/Oct/2014:05:24:01 -0500] "GET /BLA/boletinlegal/conceptos.php HTTP/1.1" 200 6081
188.165.15.188 - - [22/Oct/2014:05:24:21 -0500] "GET /BLA/resoluciones/RESOLUCIONES%202003/RES%202003%201951-2000/00001965.tif HTTP/1.1" 200 88708
188.165.15.84 - - [22/Oct/2014:05:24:28 -0500] "GET /BLA/resoluciones/RESOLUCIONES%202003/RES%202003%20201-250/2003RES208.tif HTTP/1.1" 200 95304
188.165.15.27 - - [22/Oct/2014:05:25:16 -0500] "GET /BLA/resoluciones/RESOLUCIONES%202005/RES%202005%202751-2800/00002790.tif HTTP/1.1" 200 143468
190.66.96.117 - - [22/Oct/2014:05:25:18 -0500] "POST /forms/lservlet;jsessionid=ac16012b30d56e36ba3957254d42a0e4f9fb01ccc471.e3iSbxaKaheRe34Sa3yKbhiTahb0n6jAmljGr5XDqQLvpAe HTTP/1.1" 200 2
66.249.64.43 - - [22/Oct/2014:05:25:32 -0500] "GET /POT-2013/Cartografia/20_Sistema%20de%20Alcantarillado_FEB.pdf HTTP/1.1" 304 -
74.86.158.107 - - [22/Oct/2014:05:25:33 -0500] "HEAD / HTTP/1.1" 302 -
188.165.15.129 - - [22/Oct/2014:05:25:56 -0500] "GET /BLA/resoluciones/index.php?dir=RESOLUCIONES%202002/&sort=name&order=asc HTTP/1.1" 200 11295
158.227.0.240 - - [22/Oct/2014:05:27:01 -0500] "GET /BLA/boletinlegal/js/jquery.scrollShow.js HTTP/1.1" 200 4586
158.227.0.240 - - [22/Oct/2014:05:27:02 -0500] "GET /BLA/boletinlegal/js/jquery.js HTTP/1.1" 200 57254
158.227.0.240 - - [22/Oct/2014:05:27:03 -0500] "GET /BLA/boletinlegal/js/jquery.scrollTo-min.js HTTP/1.1" 200 1150
66.249.64.47 - - [22/Oct/2014:05:27:14 -0500] "GET /PORTAL_SIAC/swf/Residuos/cosmeticos/files/search/search1.xml HTTP/1.1" 304 -
190.66.96.117 - - [22/Oct/2014:05:27:18 -0500] "POST /forms/lservlet;jsessionid=ac16012b30d56e36ba3957254d42a0e4f9fb01ccc471.e3iSbxaKaheRe34Sa3yKbhiTahb0n6jAmljGr5XDqQLvpAe HTTP/1.1" 200 2
188.165.15.27 - - [22/Oct/2014:05:27:36 -0500] "GET /BLA/resoluciones/RESOLUCIONES%202004/RES%202004%202201-2250/00002210.tif HTTP/1.1" 200 230680
