186.28.195.1 - - [22/Oct/2014:09:22:27 -0500] "POST /forms/lservlet;jsessionid=ac16012b30d519cfbd9267c740ccae24e8129d454775.e3iSbxaKaheRe34Sa3yKbhiTahb0n6jAmljGr5XDqQLvpAe HTTP/1.1" 200 185
186.28.195.1 - - [22/Oct/2014:09:22:29 -0500] "POST /forms/lservlet;jsessionid=ac16012b30d519cfbd9267c740ccae24e8129d454775.e3iSbxaKaheRe34Sa3yKbhiTahb0n6jAmljGr5XDqQLvpAe HTTP/1.1" 200 100
186.28.195.1 - - [22/Oct/2014:09:22:30 -0500] "POST /forms/lservlet;jsessionid=ac16012b30d519cfbd9267c740ccae24e8129d454775.e3iSbxaKaheRe34Sa3yKbhiTahb0n6jAmljGr5XDqQLvpAe HTTP/1.1" 200 2
186.28.195.1 - - [22/Oct/2014:09:22:30 -0500] "POST /forms/lservlet;jsessionid=ac16012b30d519cfbd9267c740ccae24e8129d454775.e3iSbxaKaheRe34Sa3yKbhiTahb0n6jAmljGr5XDqQLvpAe HTTP/1.1" 200 2846
186.28.195.1 - - [22/Oct/2014:09:22:31 -0500] "POST /forms/lservlet;jsessionid=ac16012b30d519cfbd9267c740ccae24e8129d454775.e3iSbxaKaheRe34Sa3yKbhiTahb0n6jAmljGr5XDqQLvpAe HTTP/1.1" 200 2
186.28.195.1 - - [22/Oct/2014:09:22:33 -0500] "POST /forms/lservlet;jsessionid=ac16012b30d519cfbd9267c740ccae24e8129d454775.e3iSbxaKaheRe34Sa3yKbhiTahb0n6jAmljGr5XDqQLvpAe HTTP/1.1" 200 101
201.245.192.253 - - [22/Oct/2014:09:22:37 -0500] "GET /forest/session.jsp?a=0.03986864849913263 HTTP/1.1" 200 4
186.28.195.1 - - [22/Oct/2014:09:22:37 -0500] "POST /forms/lservlet;jsessionid=ac16012b30d519cfbd9267c740ccae24e8129d454775.e3iSbxaKaheRe34Sa3yKbhiTahb0n6jAmljGr5XDqQLvpAe HTTP/1.1" 200 2
186.28.195.1 - - [22/Oct/2014:09:22:37 -0500] "POST /forms/lservlet;jsessionid=ac16012b30d519cfbd9267c740ccae24e8129d454775.e3iSbxaKaheRe34Sa3yKbhiTahb0n6jAmljGr5XDqQLvpAe HTTP/1.1" 200 14
186.28.195.1 - - [22/Oct/2014:09:22:39 -0500] "POST /forms/lservlet;jsessionid=ac16012b30d519cfbd9267c740ccae24e8129d454775.e3iSbxaKaheRe34Sa3yKbhiTahb0n6jAmljGr5XDqQLvpAe HTTP/1.1" 200 14
201.245.192.253 - - [22/Oct/2014:09:22:40 -0500] "POST /forest/misactividades.do?ajax=true&a=0.10397047750757671 HTTP/1.1" 200 10810
186.28.195.1 - - [22/Oct/2014:09:22:40 -0500] "POST /forms/lservlet;jsessionid=ac16012b30d519cfbd9267c740ccae24e8129d454775.e3iSbxaKaheRe34Sa3yKbhiTahb0n6jAmljGr5XDqQLvpAe HTTP/1.1" 200 133
186.28.195.1 - - [22/Oct/2014:09:22:41 -0500] "POST /forms/lservlet;jsessionid=ac16012b30d519cfbd9267c740ccae24e8129d454775.e3iSbxaKaheRe34Sa3yKbhiTahb0n6jAmljGr5XDqQLvpAe HTTP/1.1" 200 12
201.245.192.253 - - [22/Oct/2014:09:22:43 -0500] "GET /forest/session.jsp?a=0.030786612921047785 HTTP/1.1" 200 4
186.28.195.1 - - [22/Oct/2014:09:22:44 -0500] "POST /forms/lservlet;jsessionid=ac16012b30d519cfbd9267c740ccae24e8129d454775.e3iSbxaKaheRe34Sa3yKbhiTahb0n6jAmljGr5XDqQLvpAe HTTP/1.1" 200 73
186.82.78.180 - - [22/Oct/2014:09:22:44 -0500] "GET /forest/actions/forms.getList?codForm=contec&id=funcionariodest228&text=Jose%20Alejandro%20Sanchez%20Cediel HTTP/1.1" 200 65
186.82.78.180 - - [22/Oct/2014:09:22:45 -0500] "GET /forest/actions/forms.getList?codForm=contec&id=funcionariodest228&text=Jose%20Alejandro%20Sanchez%20Cedie HTTP/1.1" 200 65
186.28.195.1 - - [22/Oct/2014:09:22:45 -0500] "POST /forms/lservlet;jsessionid=ac16012b30d519cfbd9267c740ccae24e8129d454775.e3iSbxaKaheRe34Sa3yKbhiTahb0n6jAmljGr5XDqQLvpAe HTTP/1.1" 200 2
186.82.78.180 - - [22/Oct/2014:09:22:46 -0500] "GET /forest/actions/forms.getList?codForm=contec&id=funcionariodest228&text=Jose%20Alejandro%20Sanchez%20Cedi HTTP/1.1" 200 65
186.82.78.180 - - [22/Oct/2014:09:22:46 -0500] "GET /forest/actions/forms.getList?codForm=contec&id=funcionariodest228&text=Jose%20Alejandro%20Sanchez%20Ced HTTP/1.1" 200 65
186.82.78.180 - - [22/Oct/2014:09:22:46 -0500] "GET /forest/actions/forms.getList?codForm=contec&id=funcionariodest228&text=Jose%20Alejandro%20Sanchez%20Ce HTTP/1.1" 200 65
186.82.78.180 - - [22/Oct/2014:09:22:46 -0500] "GET /forest/actions/forms.getList?codForm=contec&id=funcionariodest228&text=Jose%20Alejandro%20Sanchez%20 HTTP/1.1" 200 65
186.82.78.180 - - [22/Oct/2014:09:22:46 -0500] "GET /forest/actions/forms.getList?codForm=contec&id=funcionariodest228&text=Jose%20Alejandro%20Sanchez%20C HTTP/1.1" 200 65
186.28.195.1 - - [22/Oct/2014:09:22:45 -0500] "POST /forms/lservlet;jsessionid=ac16012b30d519cfbd9267c740ccae24e8129d454775.e3iSbxaKaheRe34Sa3yKbhiTahb0n6jAmljGr5XDqQLvpAe HTTP/1.1" 200 3103
186.82.78.180 - - [22/Oct/2014:09:22:46 -0500] "GET /forest/actions/forms.getList?codForm=contec&id=funcionariodest228&text=Jose%20Alejandro%20Sanchez HTTP/1.1" 200 65
186.28.195.1 - - [22/Oct/2014:09:22:46 -0500] "POST /forms/lservlet;jsessionid=ac16012b30d519cfbd9267c740ccae24e8129d454775.e3iSbxaKaheRe34Sa3yKbhiTahb0n6jAmljGr5XDqQLvpAe HTTP/1.1" 200 2
186.82.78.180 - - [22/Oct/2014:09:22:46 -0500] "GET /forest/actions/forms.getList?codForm=contec&id=funcionariodest228&text=Jose%20Alejandro%20Sanche HTTP/1.1" 200 65
186.82.78.180 - - [22/Oct/2014:09:22:46 -0500] "GET /forest/actions/forms.getList?codForm=contec&id=funcionariodest228&text=Jose%20Alejandro%20Sanch HTTP/1.1" 200 65
186.82.78.180 - - [22/Oct/2014:09:22:46 -0500] "GET /forest/actions/forms.getList?codForm=contec&id=funcionariodest228&text=Jose%20Alejandro%20Sanc HTTP/1.1" 200 65
186.82.78.180 - - [22/Oct/2014:09:22:46 -0500] "GET /forest/actions/forms.getList?codForm=contec&id=funcionariodest228&text=Jose%20Alejandro%20San HTTP/1.1" 200 65
186.82.78.180 - - [22/Oct/2014:09:22:46 -0500] "GET /forest/actions/forms.getList?codForm=contec&id=funcionariodest228&text=Jose%20Alejandro%20Sa HTTP/1.1" 200 65
186.82.78.180 - - [22/Oct/2014:09:22:46 -0500] "GET /forest/actions/forms.getList?codForm=contec&id=funcionariodest228&text=Jose%20Alejandro%20S HTTP/1.1" 200 119
186.82.78.180 - - [22/Oct/2014:09:22:46 -0500] "GET /forest/actions/forms.getList?codForm=contec&id=funcionariodest228&text=Jose%20Alejandro%20 HTTP/1.1" 200 405
186.82.78.180 - - [22/Oct/2014:09:22:47 -0500] "GET /forest/actions/forms.getList?codForm=contec&id=funcionariodest228&text=Jose%20Alejandr HTTP/1.1" 200 405
186.82.78.180 - - [22/Oct/2014:09:22:47 -0500] "GET /forest/actions/forms.getList?codForm=contec&id=funcionariodest228&text=Jose%20Alejandro HTTP/1.1" 200 405
186.82.78.180 - - [22/Oct/2014:09:22:47 -0500] "GET /forest/actions/forms.getList?codForm=contec&id=funcionariodest228&text=Jose%20Alejan HTTP/1.1" 200 405
186.82.78.180 - - [22/Oct/2014:09:22:47 -0500] "GET /forest/actions/forms.getList?codForm=contec&id=funcionariodest228&text=Jose%20Alejand HTTP/1.1" 200 405
186.82.78.180 - - [22/Oct/2014:09:22:47 -0500] "GET /forest/actions/forms.getList?codForm=contec&id=funcionariodest228&text=Jose%20Aleja HTTP/1.1" 200 405
186.82.78.180 - - [22/Oct/2014:09:22:47 -0500] "GET /forest/actions/forms.getList?codForm=contec&id=funcionariodest228&text=Jose%20Alej HTTP/1.1" 200 405
186.82.78.180 - - [22/Oct/2014:09:22:47 -0500] "GET /forest/actions/forms.getList?codForm=contec&id=funcionariodest228&text=Jose%20Ale HTTP/1.1" 200 590
201.245.192.253 - - [22/Oct/2014:09:22:47 -0500] "GET /forest/skins/gdocs-jar/popup/popup.jsp?width=900&height=600&title=Informaci%F3n%20de%20proceso&uri=/forest/system/process.jsp%3FnumPro%3D2285588&name=undefined&_a=0.6466786224171298&a=0.9214109381554805 HTTP/1.1" 200 1312
186.82.78.180 - - [22/Oct/2014:09:22:47 -0500] "GET /forest/actions/forms.getList?codForm=contec&id=funcionariodest228&text=Jos HTTP/1.1" 200 1154
186.82.78.180 - - [22/Oct/2014:09:22:47 -0500] "GET /forest/actions/forms.getList?codForm=contec&id=funcionariodest228&text=Jose%20 HTTP/1.1" 200 1154
186.82.78.180 - - [22/Oct/2014:09:22:47 -0500] "GET /forest/actions/forms.getList?codForm=contec&id=funcionariodest228&text=Jose%20Al HTTP/1.1" 200 1155
186.82.78.180 - - [22/Oct/2014:09:22:47 -0500] "GET /forest/actions/forms.getList?codForm=contec&id=funcionariodest228&text=Jose HTTP/1.1" 200 1141
186.82.78.180 - - [22/Oct/2014:09:22:47 -0500] "GET /forest/actions/forms.getList?codForm=contec&id=funcionariodest228&text=Jose%20A HTTP/1.1" 200 1157
186.82.78.180 - - [22/Oct/2014:09:22:47 -0500] "GET /forest/actions/forms.getList?codForm=contec&id=funcionariodest228&text=Jo HTTP/1.1" 200 1121
186.28.195.1 - - [22/Oct/2014:09:22:47 -0500] "POST /forms/lservlet;jsessionid=ac16012b30d519cfbd9267c740ccae24e8129d454775.e3iSbxaKaheRe34Sa3yKbhiTahb0n6jAmljGr5XDqQLvpAe HTTP/1.1" 200 2
186.82.78.180 - - [22/Oct/2014:09:22:48 -0500] "GET /forest/actions/forms.getList?codForm=contec&id=funcionariodest228&text=J HTTP/1.1" 200 1171
186.82.78.180 - - [22/Oct/2014:09:22:48 -0500] "GET /forest/actions/forms.getList?codForm=contec&id=funcionariodest228&text= HTTP/1.1" 200 1125
186.82.78.180 - - [22/Oct/2014:09:22:48 -0500] "GET /forest/actions/forms.getList?codForm=contec&id=funcionariodest228&text=E HTTP/1.1" 200 1126
186.28.195.1 - - [22/Oct/2014:09:22:48 -0500] "POST /forms/lservlet;jsessionid=ac16012b30d519cfbd9267c740ccae24e8129d454775.e3iSbxaKaheRe34Sa3yKbhiTahb0n6jAmljGr5XDqQLvpAe HTTP/1.1" 200 2835
186.28.195.1 - - [22/Oct/2014:09:22:48 -0500] "POST /forms/lservlet;jsessionid=ac16012b30d519cfbd9267c740ccae24e8129d454775.e3iSbxaKaheRe34Sa3yKbhiTahb0n6jAmljGr5XDqQLvpAe HTTP/1.1" 200 2
186.82.78.180 - - [22/Oct/2014:09:22:48 -0500] "GET /forest/actions/forms.getList?codForm=contec&id=funcionariodest228&text=ED HTTP/1.1" 200 1212
186.82.78.180 - - [22/Oct/2014:09:22:48 -0500] "GET /forest/actions/forms.getList?codForm=contec&id=funcionariodest228&text=EDG HTTP/1.1" 200 1019
186.82.78.180 - - [22/Oct/2014:09:22:49 -0500] "GET /forest/actions/forms.getList?codForm=contec&id=funcionariodest228&text=EDGA HTTP/1.1" 200 1019
186.28.195.1 - - [22/Oct/2014:09:22:41 -0500] "GET /reports/rwservlet/getjobid330879?server=rep_srvapsda HTTP/1.1" 200 3492287
200.31.14.237 - - [22/Oct/2014:09:22:49 -0500] "GET /galeria/nivo-slider/demo/demo.html HTTP/1.1" 304 -
190.85.76.34 - - [22/Oct/2014:09:22:50 -0500] "GET /BLA/resoluciones/AUTOS%202013/1361.pdf HTTP/1.1" 200 1917099
200.31.14.237 - - [22/Oct/2014:09:22:50 -0500] "GET /galeria/nivo-slider/themes/default/default.css HTTP/1.1" 200 1569
201.245.192.253 - - [22/Oct/2014:09:22:50 -0500] "GET /galeria/carrusel/Carrusel/jquery-ui-%20%201.8.13.custom.min.js HTTP/1.1" 404 1018
200.31.14.237 - - [22/Oct/2014:09:22:50 -0500] "GET /galeria/nivo-slider/demo/images/banner-aceite3.jpg HTTP/1.1" 304 -
200.31.14.237 - - [22/Oct/2014:09:22:50 -0500] "GET /galeria/nivo-slider/demo/images/EncuentroAgua1.jpg HTTP/1.1" 304 -
200.31.14.237 - - [22/Oct/2014:09:22:50 -0500] "GET /galeria/nivo-slider/demo/images/mesTIC.jpg HTTP/1.1" 304 -
200.31.14.237 - - [22/Oct/2014:09:22:51 -0500] "GET /galeria/nivo-slider/demo/images/banner-redes.jpg HTTP/1.1" 304 -
190.0.7.142 - - [22/Oct/2014:09:22:51 -0500] "GET /BLA/boletinlegal/js/jquery.js HTTP/1.1" 200 57254
190.0.7.142 - - [22/Oct/2014:09:22:51 -0500] "GET /BLA/boletinlegal/js/jquery.scrollShow.js HTTP/1.1" 200 4586
190.0.7.142 - - [22/Oct/2014:09:22:51 -0500] "GET /BLA/boletinlegal/js/jquery.scrollTo-min.js HTTP/1.1" 200 1150
190.85.76.34 - - [22/Oct/2014:09:22:51 -0500] "GET /favicon.ico HTTP/1.1" 200 7782
201.245.192.253 - - [22/Oct/2014:09:22:51 -0500] "GET /forest/system/process.jsp?numPro=2285588 HTTP/1.1" 200 44640
201.245.192.253 - - [22/Oct/2014:09:22:51 -0500] "GET /forest/system/process.jsp?numPro=2285588 HTTP/1.1" 200 44640
190.85.76.34 - - [22/Oct/2014:09:22:51 -0500] "GET /BLA/resoluciones/AUTOS%202013/1361.pdf HTTP/1.1" 206 16555
190.85.76.34 - - [22/Oct/2014:09:22:51 -0500] "GET /BLA/resoluciones/AUTOS%202013/1361.pdf HTTP/1.1" 206 65536
190.85.76.34 - - [22/Oct/2014:09:22:52 -0500] "GET /BLA/resoluciones/AUTOS%202013/1361.pdf HTTP/1.1" 206 65536
200.31.14.237 - - [22/Oct/2014:09:22:52 -0500] "GET /videos/Spot_Tinguas.flv HTTP/1.1" 304 -
186.82.78.180 - - [22/Oct/2014:09:22:52 -0500] "GET /forest/actions/forms.getList?codForm=contec&id=funcionariodest228&text=EDGAR HTTP/1.1" 200 1019
190.85.76.34 - - [22/Oct/2014:09:22:52 -0500] "GET /BLA/resoluciones/AUTOS%202013/1361.pdf HTTP/1.1" 206 65536
186.82.78.180 - - [22/Oct/2014:09:22:52 -0500] "GET /forest/actions/forms.getList?codForm=contec&id=funcionariodest228&text=EDGAR%20 HTTP/1.1" 200 1120
190.85.76.34 - - [22/Oct/2014:09:22:52 -0500] "GET /BLA/resoluciones/AUTOS%202013/1361.pdf HTTP/1.1" 206 65536
190.85.76.34 - - [22/Oct/2014:09:22:52 -0500] "GET /BLA/resoluciones/AUTOS%202013/1361.pdf HTTP/1.1" 206 65536
190.85.76.34 - - [22/Oct/2014:09:22:52 -0500] "GET /BLA/resoluciones/AUTOS%202013/1361.pdf HTTP/1.1" 206 65536
190.85.76.34 - - [22/Oct/2014:09:22:52 -0500] "GET /BLA/resoluciones/AUTOS%202013/1361.pdf HTTP/1.1" 206 65536
186.82.78.180 - - [22/Oct/2014:09:22:53 -0500] "GET /forest/actions/forms.getList?codForm=contec&id=funcionariodest228&text=EDGAR%20O HTTP/1.1" 200 278
190.85.76.34 - - [22/Oct/2014:09:22:53 -0500] "GET /BLA/resoluciones/AUTOS%202013/1361.pdf HTTP/1.1" 206 65536
186.82.78.180 - - [22/Oct/2014:09:22:53 -0500] "GET /forest/actions/forms.getList?codForm=contec&id=funcionariodest228&text=EDGAR%20OV HTTP/1.1" 200 55
190.85.76.34 - - [22/Oct/2014:09:22:54 -0500] "GET /BLA/resoluciones/AUTOS%202013/1361.pdf HTTP/1.1" 206 65536
190.85.76.34 - - [22/Oct/2014:09:22:54 -0500] "GET /BLA/resoluciones/AUTOS%202013/1361.pdf HTTP/1.1" 206 65536
190.85.76.34 - - [22/Oct/2014:09:22:54 -0500] "GET /BLA/resoluciones/AUTOS%202013/1361.pdf HTTP/1.1" 206 65536
190.85.76.34 - - [22/Oct/2014:09:22:54 -0500] "GET /BLA/resoluciones/AUTOS%202013/1361.pdf HTTP/1.1" 206 65536
190.85.76.34 - - [22/Oct/2014:09:22:55 -0500] "GET /BLA/resoluciones/AUTOS%202013/1361.pdf HTTP/1.1" 206 65536
190.85.76.34 - - [22/Oct/2014:09:22:55 -0500] "GET /BLA/resoluciones/AUTOS%202013/1361.pdf HTTP/1.1" 206 65536
190.85.76.34 - - [22/Oct/2014:09:22:55 -0500] "GET /BLA/resoluciones/AUTOS%202013/1361.pdf HTTP/1.1" 206 65536
190.85.76.34 - - [22/Oct/2014:09:22:55 -0500] "GET /BLA/resoluciones/AUTOS%202013/1361.pdf HTTP/1.1" 206 65536
190.85.76.34 - - [22/Oct/2014:09:22:55 -0500] "GET /BLA/resoluciones/AUTOS%202013/1361.pdf HTTP/1.1" 206 65536
201.245.192.253 - - [22/Oct/2014:09:22:55 -0500] "POST /forest/misactividades.do?ajax=true&a=0.38200730630577995 HTTP/1.1" 200 10467
186.28.195.1 - - [22/Oct/2014:09:22:57 -0500] "POST /forms/lservlet;jsessionid=ac16012b30d519cfbd9267c740ccae24e8129d454775.e3iSbxaKaheRe34Sa3yKbhiTahb0n6jAmljGr5XDqQLvpAe HTTP/1.1" 200 2
186.28.195.1 - - [22/Oct/2014:09:22:57 -0500] "POST /forms/lservlet;jsessionid=ac16012b30d519cfbd9267c740ccae24e8129d454775.e3iSbxaKaheRe34Sa3yKbhiTahb0n6jAmljGr5XDqQLvpAe HTTP/1.1" 200 3206
186.28.195.1 - - [22/Oct/2014:09:22:57 -0500] "POST /forms/lservlet;jsessionid=ac16012b30d519cfbd9267c740ccae24e8129d454775.e3iSbxaKaheRe34Sa3yKbhiTahb0n6jAmljGr5XDqQLvpAe HTTP/1.1" 200 2
188.165.15.177 - - [22/Oct/2014:09:22:57 -0500] "GET /BLA/resoluciones/RESOLUCIONES%202005/RES%202005%202151-2200/00002169.tif HTTP/1.1" 200 60902
186.28.195.1 - - [22/Oct/2014:09:22:59 -0500] "POST /forms/lservlet;jsessionid=ac16012b30d519cfbd9267c740ccae24e8129d454775.e3iSbxaKaheRe34Sa3yKbhiTahb0n6jAmljGr5XDqQLvpAe HTTP/1.1" 200 2
186.82.78.180 - - [22/Oct/2014:09:22:57 -0500] "POST /forest/usutareas.do? HTTP/1.1" 200 76
186.28.195.1 - - [22/Oct/2014:09:22:59 -0500] "POST /forms/lservlet;jsessionid=ac16012b30d519cfbd9267c740ccae24e8129d454775.e3iSbxaKaheRe34Sa3yKbhiTahb0n6jAmljGr5XDqQLvpAe HTTP/1.1" 200 2347
186.28.195.1 - - [22/Oct/2014:09:22:59 -0500] "POST /forms/lservlet;jsessionid=ac16012b30d519cfbd9267c740ccae24e8129d454775.e3iSbxaKaheRe34Sa3yKbhiTahb0n6jAmljGr5XDqQLvpAe HTTP/1.1" 200 2
201.245.192.253 - - [22/Oct/2014:09:23:00 -0500] "GET /forest/session.jsp?a=0.7529695858247578 HTTP/1.1" 200 4
186.28.195.1 - - [22/Oct/2014:09:23:00 -0500] "POST /forms/lservlet;jsessionid=ac16012b30d519cfbd9267c740ccae24e8129d454775.e3iSbxaKaheRe34Sa3yKbhiTahb0n6jAmljGr5XDqQLvpAe HTTP/1.1" 200 2
186.28.195.1 - - [22/Oct/2014:09:23:00 -0500] "POST /forms/lservlet;jsessionid=ac16012b30d519cfbd9267c740ccae24e8129d454775.e3iSbxaKaheRe34Sa3yKbhiTahb0n6jAmljGr5XDqQLvpAe HTTP/1.1" 200 2980
186.28.195.1 - - [22/Oct/2014:09:23:00 -0500] "POST /forms/lservlet;jsessionid=ac16012b30d519cfbd9267c740ccae24e8129d454775.e3iSbxaKaheRe34Sa3yKbhiTahb0n6jAmljGr5XDqQLvpAe HTTP/1.1" 200 2
186.82.78.180 - - [22/Oct/2014:09:23:01 -0500] "GET /forest/usutareas.do?group_system_actual=3&a=0.6503478836109304 HTTP/1.1" 200 19270
186.82.78.180 - - [22/Oct/2014:09:23:01 -0500] "GET /forest/skins/gdocs-jar/css/forest.css?version=1410.211635 HTTP/1.1" 304 -
186.82.78.180 - - [22/Oct/2014:09:23:01 -0500] "GET /forest/skins/gdocs-jar/css/autocomplete.css?version=1410.211635 HTTP/1.1" 304 -
186.82.78.180 - - [22/Oct/2014:09:23:01 -0500] "GET /forest/1ibre/jscalendar/calendar-win2k-1.css?version=1410.211635 HTTP/1.1" 304 -
186.82.78.180 - - [22/Oct/2014:09:23:01 -0500] "GET /forest/skins/gdocs-jar/css/menu.css?version=1410.211635 HTTP/1.1" 304 -
186.82.78.180 - - [22/Oct/2014:09:23:01 -0500] "GET /forest/css/escritorio.css?version=1410.211635 HTTP/1.1" 304 -
186.82.78.180 - - [22/Oct/2014:09:23:01 -0500] "GET /forest/css/index.css?version=1410.211635 HTTP/1.1" 304 -
186.82.78.180 - - [22/Oct/2014:09:23:01 -0500] "GET /forest/skins/gdocs-jar/css/dialog.css?version=1410.211635 HTTP/1.1" 304 -
186.82.78.180 - - [22/Oct/2014:09:23:01 -0500] "GET /forest/skins/gdocs-jar/css/forms.css?version=1410.211635 HTTP/1.1" 304 -
186.28.195.1 - - [22/Oct/2014:09:23:02 -0500] "POST /forms/lservlet;jsessionid=ac16012b30d519cfbd9267c740ccae24e8129d454775.e3iSbxaKaheRe34Sa3yKbhiTahb0n6jAmljGr5XDqQLvpAe HTTP/1.1" 200 2
186.82.78.180 - - [22/Oct/2014:09:23:02 -0500] "GET /forest/session.jsp?a=0.08478132461272014 HTTP/1.1" 200 4
186.28.195.1 - - [22/Oct/2014:09:23:02 -0500] "POST /forms/lservlet;jsessionid=ac16012b30d519cfbd9267c740ccae24e8129d454775.e3iSbxaKaheRe34Sa3yKbhiTahb0n6jAmljGr5XDqQLvpAe HTTP/1.1" 200 3765
186.28.195.1 - - [22/Oct/2014:09:23:02 -0500] "POST /forms/lservlet;jsessionid=ac16012b30d519cfbd9267c740ccae24e8129d454775.e3iSbxaKaheRe34Sa3yKbhiTahb0n6jAmljGr5XDqQLvpAe HTTP/1.1" 200 2
201.245.192.253 - - [22/Oct/2014:09:23:00 -0500] "GET /forest/documentos/1426583/2012IE002822.pdf HTTP/1.1" 200 1157923
186.28.195.1 - - [22/Oct/2014:09:23:05 -0500] "POST /forms/lservlet;jsessionid=ac16012b30d519cfbd9267c740ccae24e8129d454775.e3iSbxaKaheRe34Sa3yKbhiTahb0n6jAmljGr5XDqQLvpAe HTTP/1.1" 200 101
186.28.195.1 - - [22/Oct/2014:09:23:08 -0500] "POST /forms/lservlet;jsessionid=ac16012b30d519cfbd9267c740ccae24e8129d454775.e3iSbxaKaheRe34Sa3yKbhiTahb0n6jAmljGr5XDqQLvpAe HTTP/1.1" 200 68
186.28.195.1 - - [22/Oct/2014:09:23:09 -0500] "POST /forms/lservlet;jsessionid=ac16012b30d519cfbd9267c740ccae24e8129d454775.e3iSbxaKaheRe34Sa3yKbhiTahb0n6jAmljGr5XDqQLvpAe HTTP/1.1" 200 2
201.245.192.253 - - [22/Oct/2014:09:23:09 -0500] "POST /forest/misactividades.do?ajax=true&a=0.01722775485337602 HTTP/1.1" 200 9587
186.28.195.1 - - [22/Oct/2014:09:23:09 -0500] "POST /forms/lservlet;jsessionid=ac16012b30d519cfbd9267c740ccae24e8129d454775.e3iSbxaKaheRe34Sa3yKbhiTahb0n6jAmljGr5XDqQLvpAe HTTP/1.1" 200 3989
186.28.195.1 - - [22/Oct/2014:09:23:10 -0500] "POST /forms/lservlet;jsessionid=ac16012b30d519cfbd9267c740ccae24e8129d454775.e3iSbxaKaheRe34Sa3yKbhiTahb0n6jAmljGr5XDqQLvpAe HTTP/1.1" 200 2
100.43.85.25 - - [22/Oct/2014:09:23:11 -0500] "GET /intranet/?C=N;O=D HTTP/1.1" 404 1019
186.28.195.1 - - [22/Oct/2014:09:23:15 -0500] "POST /forms/lservlet;jsessionid=ac16012b30d519cfbd9267c740ccae24e8129d454775.e3iSbxaKaheRe34Sa3yKbhiTahb0n6jAmljGr5XDqQLvpAe HTTP/1.1" 200 467
186.28.195.1 - - [22/Oct/2014:09:23:15 -0500] "POST /forms/lservlet;jsessionid=ac16012b30d519cfbd9267c740ccae24e8129d454775.e3iSbxaKaheRe34Sa3yKbhiTahb0n6jAmljGr5XDqQLvpAe HTTP/1.1" 200 7
66.249.64.163 - - [22/Oct/2014:09:23:15 -0500] "GET /BLA/resoluciones/RESOLUCIONES%202009/4688.pdf HTTP/1.1" 304 -
186.28.195.1 - - [22/Oct/2014:09:23:16 -0500] "POST /forms/lservlet;jsessionid=ac16012b30d519cfbd9267c740ccae24e8129d454775.e3iSbxaKaheRe34Sa3yKbhiTahb0n6jAmljGr5XDqQLvpAe HTTP/1.1" 200 337
186.28.195.1 - - [22/Oct/2014:09:23:16 -0500] "POST /forms/lservlet;jsessionid=ac16012b30d519cfbd9267c740ccae24e8129d454775.e3iSbxaKaheRe34Sa3yKbhiTahb0n6jAmljGr5XDqQLvpAe HTTP/1.1" 200 365
186.28.195.1 - - [22/Oct/2014:09:23:16 -0500] "POST /forms/lservlet;jsessionid=ac16012b30d519cfbd9267c740ccae24e8129d454775.e3iSbxaKaheRe34Sa3yKbhiTahb0n6jAmljGr5XDqQLvpAe HTTP/1.1" 200 367
186.155.117.16 - - [22/Oct/2014:09:23:18 -0500] "GET /isolucionsda/ HTTP/1.1" 200 739
186.155.117.16 - - [22/Oct/2014:09:23:18 -0500] "GET /favicon.ico HTTP/1.1" 200 7782
186.28.195.1 - - [22/Oct/2014:09:23:19 -0500] "POST /forms/lservlet;jsessionid=ac16012b30d519cfbd9267c740ccae24e8129d454775.e3iSbxaKaheRe34Sa3yKbhiTahb0n6jAmljGr5XDqQLvpAe HTTP/1.1" 200 121
186.28.195.1 - - [22/Oct/2014:09:23:19 -0500] "POST /forms/lservlet;jsessionid=ac16012b30d519cfbd9267c740ccae24e8129d454775.e3iSbxaKaheRe34Sa3yKbhiTahb0n6jAmljGr5XDqQLvpAe HTTP/1.1" 200 2
186.155.117.16 - - [22/Oct/2014:09:23:20 -0500] "GET /isolucionsda/ HTTP/1.1" 200 739
186.28.195.1 - - [22/Oct/2014:09:23:19 -0500] "POST /forms/lservlet;jsessionid=ac16012b30d519cfbd9267c740ccae24e8129d454775.e3iSbxaKaheRe34Sa3yKbhiTahb0n6jAmljGr5XDqQLvpAe HTTP/1.1" 200 3023
186.28.195.1 - - [22/Oct/2014:09:23:20 -0500] "POST /forms/lservlet;jsessionid=ac16012b30d519cfbd9267c740ccae24e8129d454775.e3iSbxaKaheRe34Sa3yKbhiTahb0n6jAmljGr5XDqQLvpAe HTTP/1.1" 200 2
200.118.153.101 - - [22/Oct/2014:09:23:21 -0500] "GET /BLA/boletinlegal/js/jquery.scrollShow.js HTTP/1.1" 200 4586
200.118.153.101 - - [22/Oct/2014:09:23:21 -0500] "GET /BLA/boletinlegal/js/jquery.scrollTo-min.js HTTP/1.1" 200 1150
200.118.153.101 - - [22/Oct/2014:09:23:21 -0500] "GET /BLA/boletinlegal/js/jquery.js HTTP/1.1" 200 57254
186.28.195.1 - - [22/Oct/2014:09:23:21 -0500] "POST /forms/lservlet;jsessionid=ac16012b30d519cfbd9267c740ccae24e8129d454775.e3iSbxaKaheRe34Sa3yKbhiTahb0n6jAmljGr5XDqQLvpAe HTTP/1.1" 200 185
186.155.117.16 - - [22/Oct/2014:09:23:22 -0500] "GET /isolucionsda/ HTTP/1.1" 200 739
186.155.117.16 - - [22/Oct/2014:09:23:22 -0500] "GET /favicon.ico HTTP/1.1" 200 7782
186.28.195.1 - - [22/Oct/2014:09:23:23 -0500] "POST /forms/lservlet;jsessionid=ac16012b30d519cfbd9267c740ccae24e8129d454775.e3iSbxaKaheRe34Sa3yKbhiTahb0n6jAmljGr5XDqQLvpAe HTTP/1.1" 200 100
186.28.195.1 - - [22/Oct/2014:09:23:24 -0500] "POST /forms/lservlet;jsessionid=ac16012b30d519cfbd9267c740ccae24e8129d454775.e3iSbxaKaheRe34Sa3yKbhiTahb0n6jAmljGr5XDqQLvpAe HTTP/1.1" 200 2
186.28.195.1 - - [22/Oct/2014:09:23:24 -0500] "POST /forms/lservlet;jsessionid=ac16012b30d519cfbd9267c740ccae24e8129d454775.e3iSbxaKaheRe34Sa3yKbhiTahb0n6jAmljGr5XDqQLvpAe HTTP/1.1" 200 3070
186.28.195.1 - - [22/Oct/2014:09:23:24 -0500] "POST /forms/lservlet;jsessionid=ac16012b30d519cfbd9267c740ccae24e8129d454775.e3iSbxaKaheRe34Sa3yKbhiTahb0n6jAmljGr5XDqQLvpAe HTTP/1.1" 200 2
201.245.192.253 - - [22/Oct/2014:09:23:25 -0500] "GET /forest/session.jsp?a=0.5214025931921462 HTTP/1.1" 200 4
186.28.195.1 - - [22/Oct/2014:09:23:27 -0500] "POST /forms/lservlet;jsessionid=ac16012b30d519cfbd9267c740ccae24e8129d454775.e3iSbxaKaheRe34Sa3yKbhiTahb0n6jAmljGr5XDqQLvpAe HTTP/1.1" 200 101
190.66.96.117 - - [22/Oct/2014:09:23:27 -0500] "POST /forms/lservlet;jsessionid=ac16012b30d56e36ba3957254d42a0e4f9fb01ccc471.e3iSbxaKaheRe34Sa3yKbhiTahb0n6jAmljGr5XDqQLvpAe HTTP/1.1" 200 2
186.155.117.16 - - [22/Oct/2014:09:23:27 -0500] "GET /isolucionsda/ HTTP/1.1" 200 739
186.155.117.16 - - [22/Oct/2014:09:23:28 -0500] "GET /favicon.ico HTTP/1.1" 200 7782
201.245.192.253 - - [22/Oct/2014:09:23:28 -0500] "POST /forest/usutareas.do? HTTP/1.1" 200 76
66.249.64.167 - - [22/Oct/2014:09:23:29 -0500] "GET /BLA/resoluciones/RESOLUCIONES%202008/2052.pdf HTTP/1.1" 200 183247
201.245.192.253 - - [22/Oct/2014:09:23:29 -0500] "GET /forest/skins/gdocs-jar/img/ok.gif HTTP/1.1" 200 579
66.249.64.167 - - [22/Oct/2014:09:23:30 -0500] "GET /BLA/resoluciones/RESOLUCIONES%202008/4777.pdf HTTP/1.1" 200 225364
201.245.192.253 - - [22/Oct/2014:09:23:29 -0500] "GET /forest/usutareas.do?group_system_actual=3&a=0.19996755607106165 HTTP/1.1" 200 106656
181.143.137.2 - - [22/Oct/2014:09:23:30 -0500] "GET /galeria/nivo-slider/demo/images/banner-redes.jpg HTTP/1.1" 200 62209
201.245.192.253 - - [22/Oct/2014:09:23:30 -0500] "GET /forest/css/escritorio.css?version=1410.211635 HTTP/1.1" 304 -
201.245.192.253 - - [22/Oct/2014:09:23:30 -0500] "GET /forest/skins/gdocs-jar/css/menu.css?version=1410.211635 HTTP/1.1" 304 -
201.245.192.253 - - [22/Oct/2014:09:23:30 -0500] "GET /forest/skins/gdocs-jar/css/autocomplete.css?version=1410.211635 HTTP/1.1" 304 -
201.245.192.253 - - [22/Oct/2014:09:23:30 -0500] "GET /forest/skins/gdocs-jar/css/dialog.css?version=1410.211635 HTTP/1.1" 304 -
201.245.192.253 - - [22/Oct/2014:09:23:30 -0500] "GET /forest/1ibre/jscalendar/calendar-win2k-1.css?version=1410.211635 HTTP/1.1" 304 -
201.245.192.253 - - [22/Oct/2014:09:23:30 -0500] "GET /forest/css/index.css?version=1410.211635 HTTP/1.1" 304 -
201.245.192.253 - - [22/Oct/2014:09:23:30 -0500] "GET /forest/skins/gdocs-jar/css/forms.css?version=1410.211635 HTTP/1.1" 304 -
201.245.192.253 - - [22/Oct/2014:09:23:30 -0500] "GET /forest/skins/gdocs-jar/css/forms.css HTTP/1.1" 200 7180
201.245.192.253 - - [22/Oct/2014:09:23:30 -0500] "GET /forest/img/forestIcon.gif?version=1410.211635 HTTP/1.1" 304 -
201.245.192.253 - - [22/Oct/2014:09:23:30 -0500] "GET /isolucionsda/Session.asp HTTP/1.1" 200 6327
186.28.195.1 - - [22/Oct/2014:09:23:31 -0500] "POST /forms/lservlet;jsessionid=ac16012b30d519cfbd9267c740ccae24e8129d454775.e3iSbxaKaheRe34Sa3yKbhiTahb0n6jAmljGr5XDqQLvpAe HTTP/1.1" 200 68
181.50.44.239 - - [22/Oct/2014:09:23:32 -0500] "GET /BLA/boletinlegal/js/jquery.js HTTP/1.1" 200 57254
181.50.44.239 - - [22/Oct/2014:09:23:32 -0500] "GET /BLA/boletinlegal/js/jquery.scrollTo-min.js HTTP/1.1" 200 1150
181.50.44.239 - - [22/Oct/2014:09:23:32 -0500] "GET /BLA/boletinlegal/js/jquery.scrollShow.js HTTP/1.1" 200 4586
186.28.195.1 - - [22/Oct/2014:09:23:32 -0500] "POST /forms/lservlet;jsessionid=ac16012b30d519cfbd9267c740ccae24e8129d454775.e3iSbxaKaheRe34Sa3yKbhiTahb0n6jAmljGr5XDqQLvpAe HTTP/1.1" 200 2
186.28.195.1 - - [22/Oct/2014:09:23:32 -0500] "POST /forms/lservlet;jsessionid=ac16012b30d519cfbd9267c740ccae24e8129d454775.e3iSbxaKaheRe34Sa3yKbhiTahb0n6jAmljGr5XDqQLvpAe HTTP/1.1" 200 2477
186.28.195.1 - - [22/Oct/2014:09:23:32 -0500] "POST /forms/lservlet;jsessionid=ac16012b30d519cfbd9267c740ccae24e8129d454775.e3iSbxaKaheRe34Sa3yKbhiTahb0n6jAmljGr5XDqQLvpAe HTTP/1.1" 200 2
201.245.192.253 - - [22/Oct/2014:09:23:35 -0500] "GET /forest/index2.jsp?_a=0.8392174227830379 HTTP/1.1" 200 166670
186.28.195.1 - - [22/Oct/2014:09:23:36 -0500] "POST /forms/lservlet;jsessionid=ac16012b30d519cfbd9267c740ccae24e8129d454775.e3iSbxaKaheRe34Sa3yKbhiTahb0n6jAmljGr5XDqQLvpAe HTTP/1.1" 200 2
201.245.192.253 - - [22/Oct/2014:09:23:36 -0500] "GET /forest/skins/gdocs-jar/css/forest.css?version=1410.211635 HTTP/1.1" 304 -
201.245.192.253 - - [22/Oct/2014:09:23:36 -0500] "GET /forest/skins/gdocs-jar/css/menu.css?version=1410.211635 HTTP/1.1" 304 -
201.245.192.253 - - [22/Oct/2014:09:23:36 -0500] "GET /forest/skins/gdocs-jar/css/autocomplete.css?version=1410.211635 HTTP/1.1" 304 -
201.245.192.253 - - [22/Oct/2014:09:23:36 -0500] "GET /forest/css/escritorio.css?version=1410.211635 HTTP/1.1" 304 -
201.245.192.253 - - [22/Oct/2014:09:23:36 -0500] "GET /forest/css/index.css?version=1410.211635 HTTP/1.1" 304 -
201.245.192.253 - - [22/Oct/2014:09:23:36 -0500] "GET /forest/1ibre/jscalendar/calendar-win2k-1.css?version=1410.211635 HTTP/1.1" 304 -
201.245.192.253 - - [22/Oct/2014:09:23:36 -0500] "GET /forest/skins/gdocs-jar/css/dialog.css?version=1410.211635 HTTP/1.1" 304 -
201.245.192.253 - - [22/Oct/2014:09:23:36 -0500] "GET /forest/skins/gdocs-jar/css/forms.css?version=1410.211635 HTTP/1.1" 304 -
201.245.192.253 - - [22/Oct/2014:09:23:36 -0500] "GET /forest/img/forestIcon.gif?version=1410.211635 HTTP/1.1" 304 -
201.245.192.253 - - [22/Oct/2014:09:23:36 -0500] "GET /forest/session.jsp?a=0.467741796205588 HTTP/1.1" 200 4
186.28.195.1 - - [22/Oct/2014:09:23:36 -0500] "POST /forms/lservlet;jsessionid=ac16012b30d519cfbd9267c740ccae24e8129d454775.e3iSbxaKaheRe34Sa3yKbhiTahb0n6jAmljGr5XDqQLvpAe HTTP/1.1" 200 2636
186.28.195.1 - - [22/Oct/2014:09:23:36 -0500] "POST /forms/lservlet;jsessionid=ac16012b30d519cfbd9267c740ccae24e8129d454775.e3iSbxaKaheRe34Sa3yKbhiTahb0n6jAmljGr5XDqQLvpAe HTTP/1.1" 200 2
201.245.192.253 - - [22/Oct/2014:09:23:37 -0500] "GET /forest/session.jsp?a=0.7819372112862766 HTTP/1.1" 200 4
186.28.195.1 - - [22/Oct/2014:09:23:38 -0500] "POST /forms/lservlet;jsessionid=ac16012b30d519cfbd9267c740ccae24e8129d454775.e3iSbxaKaheRe34Sa3yKbhiTahb0n6jAmljGr5XDqQLvpAe HTTP/1.1" 200 2
180.76.5.75 - - [22/Oct/2014:09:23:39 -0500] "GET /BLA/resoluciones/AUTOS%202012/1340.pdf HTTP/1.1" 200 163319
186.28.195.1 - - [22/Oct/2014:09:23:38 -0500] "POST /forms/lservlet;jsessionid=ac16012b30d519cfbd9267c740ccae24e8129d454775.e3iSbxaKaheRe34Sa3yKbhiTahb0n6jAmljGr5XDqQLvpAe HTTP/1.1" 200 3148
186.28.195.1 - - [22/Oct/2014:09:23:39 -0500] "POST /forms/lservlet;jsessionid=ac16012b30d519cfbd9267c740ccae24e8129d454775.e3iSbxaKaheRe34Sa3yKbhiTahb0n6jAmljGr5XDqQLvpAe HTTP/1.1" 200 2
186.28.195.1 - - [22/Oct/2014:09:23:41 -0500] "POST /forms/lservlet;jsessionid=ac16012b30d519cfbd9267c740ccae24e8129d454775.e3iSbxaKaheRe34Sa3yKbhiTahb0n6jAmljGr5XDqQLvpAe HTTP/1.1" 200 101
201.245.192.253 - - [22/Oct/2014:09:17:45 -0500] "GET /ForestMSG_SDA/channelAsync/template_word_16737491?X-Atmosphere-tracking-id=33c43517-8d26-1433-f3ae-9c8f3f20f6c7&X-Atmosphere-Framework=1.0.5&X-Atmosphere-Transport=long-polling&tabid=0.838127585593611&X-Cache-Date=0&Content-Type=application/xml&_=1413987628751 HTTP/1.1" 200 8193
201.245.192.253 - - [22/Oct/2014:09:23:45 -0500] "GET /forest/misactividades.do?group_system_actual=3&codPro=95&_a=0.8256998750816454 HTTP/1.1" 200 36889
201.245.192.253 - - [22/Oct/2014:09:23:45 -0500] "GET /forest/skins/gdocs-jar/css/menu.css?version=1410.211635 HTTP/1.1" 304 -
201.245.192.253 - - [22/Oct/2014:09:23:45 -0500] "GET /forest/css/escritorio.css?version=1410.211635 HTTP/1.1" 304 -
201.245.192.253 - - [22/Oct/2014:09:23:45 -0500] "GET /forest/skins/gdocs-jar/css/autocomplete.css?version=1410.211635 HTTP/1.1" 304 -
201.245.192.253 - - [22/Oct/2014:09:23:45 -0500] "GET /forest/css/index.css?version=1410.211635 HTTP/1.1" 304 -
201.245.192.253 - - [22/Oct/2014:09:23:45 -0500] "GET /forest/1ibre/jscalendar/calendar-win2k-1.css?version=1410.211635 HTTP/1.1" 304 -
201.245.192.253 - - [22/Oct/2014:09:23:45 -0500] "GET /forest/skins/gdocs-jar/css/forms.css?version=1410.211635 HTTP/1.1" 304 -
201.245.192.253 - - [22/Oct/2014:09:23:45 -0500] "GET /forest/skins/gdocs-jar/css/forest.css?version=1410.211635 HTTP/1.1" 304 -
201.245.192.253 - - [22/Oct/2014:09:23:45 -0500] "GET /forest/skins/gdocs-jar/css/dialog.css?version=1410.211635 HTTP/1.1" 304 -
201.245.192.253 - - [22/Oct/2014:09:23:45 -0500] "GET /forest/img/forestIcon.gif?version=1410.211635 HTTP/1.1" 304 -
201.245.192.253 - - [22/Oct/2014:09:23:45 -0500] "GET /forest/session.jsp?a=0.5380702884744827 HTTP/1.1" 200 4
201.245.192.253 - - [22/Oct/2014:09:23:45 -0500] "POST /forest/misactividades.do?ajax=true&a=0.15005927706873867 HTTP/1.1" 200 7465
181.66.156.174 - - [22/Oct/2014:09:23:46 -0500] "GET /BLA/resoluciones/RESOLUCIONES%202012/1452.pdf HTTP/1.1" 200 357369
186.28.195.1 - - [22/Oct/2014:09:23:46 -0500] "POST /forms/lservlet;jsessionid=ac16012b30d519cfbd9267c740ccae24e8129d454775.e3iSbxaKaheRe34Sa3yKbhiTahb0n6jAmljGr5XDqQLvpAe HTTP/1.1" 200 394
186.28.195.1 - - [22/Oct/2014:09:23:47 -0500] "POST /forms/lservlet;jsessionid=ac16012b30d519cfbd9267c740ccae24e8129d454775.e3iSbxaKaheRe34Sa3yKbhiTahb0n6jAmljGr5XDqQLvpAe HTTP/1.1" 200 7
181.66.156.174 - - [22/Oct/2014:09:23:47 -0500] "GET /BLA/resoluciones/RESOLUCIONES%202012/1452.pdf HTTP/1.1" 206 32768
186.28.195.1 - - [22/Oct/2014:09:23:47 -0500] "POST /forms/lservlet;jsessionid=ac16012b30d519cfbd9267c740ccae24e8129d454775.e3iSbxaKaheRe34Sa3yKbhiTahb0n6jAmljGr5XDqQLvpAe HTTP/1.1" 200 305
186.28.195.1 - - [22/Oct/2014:09:23:47 -0500] "POST /forms/lservlet;jsessionid=ac16012b30d519cfbd9267c740ccae24e8129d454775.e3iSbxaKaheRe34Sa3yKbhiTahb0n6jAmljGr5XDqQLvpAe HTTP/1.1" 200 333
186.28.195.1 - - [22/Oct/2014:09:23:47 -0500] "POST /forms/lservlet;jsessionid=ac16012b30d519cfbd9267c740ccae24e8129d454775.e3iSbxaKaheRe34Sa3yKbhiTahb0n6jAmljGr5XDqQLvpAe HTTP/1.1" 200 304
186.28.195.1 - - [22/Oct/2014:09:23:48 -0500] "POST /forms/lservlet;jsessionid=ac16012b30d519cfbd9267c740ccae24e8129d454775.e3iSbxaKaheRe34Sa3yKbhiTahb0n6jAmljGr5XDqQLvpAe HTTP/1.1" 200 352
186.28.195.1 - - [22/Oct/2014:09:23:48 -0500] "POST /forms/lservlet;jsessionid=ac16012b30d519cfbd9267c740ccae24e8129d454775.e3iSbxaKaheRe34Sa3yKbhiTahb0n6jAmljGr5XDqQLvpAe HTTP/1.1" 200 336
181.66.156.174 - - [22/Oct/2014:09:23:48 -0500] "GET /BLA/resoluciones/RESOLUCIONES%202012/1452.pdf HTTP/1.1" 206 324601
186.28.195.1 - - [22/Oct/2014:09:23:48 -0500] "POST /forms/lservlet;jsessionid=ac16012b30d519cfbd9267c740ccae24e8129d454775.e3iSbxaKaheRe34Sa3yKbhiTahb0n6jAmljGr5XDqQLvpAe HTTP/1.1" 200 320
186.28.195.1 - - [22/Oct/2014:09:23:48 -0500] "POST /forms/lservlet;jsessionid=ac16012b30d519cfbd9267c740ccae24e8129d454775.e3iSbxaKaheRe34Sa3yKbhiTahb0n6jAmljGr5XDqQLvpAe HTTP/1.1" 200 320
186.28.195.1 - - [22/Oct/2014:09:23:48 -0500] "POST /forms/lservlet;jsessionid=ac16012b30d519cfbd9267c740ccae24e8129d454775.e3iSbxaKaheRe34Sa3yKbhiTahb0n6jAmljGr5XDqQLvpAe HTTP/1.1" 200 360
186.155.117.16 - - [22/Oct/2014:09:23:49 -0500] "GET /isolucionsda/ HTTP/1.1" 200 739
186.155.117.16 - - [22/Oct/2014:09:23:49 -0500] "GET /favicon.ico HTTP/1.1" 200 7782
181.66.156.174 - - [22/Oct/2014:09:23:50 -0500] "GET /favicon.ico HTTP/1.1" 200 7782
186.28.195.1 - - [22/Oct/2014:09:23:50 -0500] "POST /forms/lservlet;jsessionid=ac16012b30d519cfbd9267c740ccae24e8129d454775.e3iSbxaKaheRe34Sa3yKbhiTahb0n6jAmljGr5XDqQLvpAe HTTP/1.1" 200 121
186.28.195.1 - - [22/Oct/2014:09:23:51 -0500] "POST /forms/lservlet;jsessionid=ac16012b30d519cfbd9267c740ccae24e8129d454775.e3iSbxaKaheRe34Sa3yKbhiTahb0n6jAmljGr5XDqQLvpAe HTTP/1.1" 200 2
186.28.195.1 - - [22/Oct/2014:09:23:51 -0500] "POST /forms/lservlet;jsessionid=ac16012b30d519cfbd9267c740ccae24e8129d454775.e3iSbxaKaheRe34Sa3yKbhiTahb0n6jAmljGr5XDqQLvpAe HTTP/1.1" 200 2982
186.28.195.1 - - [22/Oct/2014:09:23:51 -0500] "POST /forms/lservlet;jsessionid=ac16012b30d519cfbd9267c740ccae24e8129d454775.e3iSbxaKaheRe34Sa3yKbhiTahb0n6jAmljGr5XDqQLvpAe HTTP/1.1" 200 2
186.28.195.1 - - [22/Oct/2014:09:23:52 -0500] "POST /forms/lservlet;jsessionid=ac16012b30d519cfbd9267c740ccae24e8129d454775.e3iSbxaKaheRe34Sa3yKbhiTahb0n6jAmljGr5XDqQLvpAe HTTP/1.1" 200 185
186.28.195.1 - - [22/Oct/2014:09:23:55 -0500] "POST /forms/lservlet;jsessionid=ac16012b30d519cfbd9267c740ccae24e8129d454775.e3iSbxaKaheRe34Sa3yKbhiTahb0n6jAmljGr5XDqQLvpAe HTTP/1.1" 200 2
201.245.192.253 - - [22/Oct/2014:09:23:56 -0500] "GET /forest/skins/gdocs-jar/css/forest.css?version=1410.211635 HTTP/1.1" 304 -
201.245.192.253 - - [22/Oct/2014:09:23:56 -0500] "GET /forest/skins/gdocs-jar/js/swfobject.js?version=1410.211635 HTTP/1.1" 304 -
201.245.192.253 - - [22/Oct/2014:09:23:56 -0500] "GET /forest/skins/gdocs-jar/js/number-functions.js?version=1410.211635 HTTP/1.1" 304 -
201.245.192.253 - - [22/Oct/2014:09:23:56 -0500] "GET /forest/skins/gdocs-jar/js/tareas.js?version=1410.211635 HTTP/1.1" 304 -
201.245.192.253 - - [22/Oct/2014:09:23:56 -0500] "GET /forest/skins/gdocs-jar/js/graphicForm.js?version=1410.211635 HTTP/1.1" 304 -
201.245.192.253 - - [22/Oct/2014:09:23:56 -0500] "GET /forest/skins/gdocs-jar/js/formsBase.js?version=1410.211635 HTTP/1.1" 304 -
186.28.195.1 - - [22/Oct/2014:09:23:55 -0500] "POST /forms/lservlet;jsessionid=ac16012b30d519cfbd9267c740ccae24e8129d454775.e3iSbxaKaheRe34Sa3yKbhiTahb0n6jAmljGr5XDqQLvpAe HTTP/1.1" 200 14
201.245.192.253 - - [22/Oct/2014:09:23:56 -0500] "GET /forest/session.jsp?a=0.9368611105989983 HTTP/1.1" 200 4
201.245.192.253 - - [22/Oct/2014:09:23:56 -0500] "GET /forest/actions/forms.getMappedValues?id=id_EnlaceConcejo173&value=1413988483501&codForm=DPC_RepartoConsolidador&a=0.6564436029196362 HTTP/1.1" 200 24
186.28.195.1 - - [22/Oct/2014:09:23:57 -0500] "POST /forms/lservlet;jsessionid=ac16012b30d519cfbd9267c740ccae24e8129d454775.e3iSbxaKaheRe34Sa3yKbhiTahb0n6jAmljGr5XDqQLvpAe HTTP/1.1" 200 133
186.28.195.1 - - [22/Oct/2014:09:23:57 -0500] "POST /forms/lservlet;jsessionid=ac16012b30d519cfbd9267c740ccae24e8129d454775.e3iSbxaKaheRe34Sa3yKbhiTahb0n6jAmljGr5XDqQLvpAe HTTP/1.1" 200 11
186.28.195.1 - - [22/Oct/2014:09:23:57 -0500] "GET /reports/rwservlet/getjobid330880?server=rep_srvapsda HTTP/1.1" 200 326939
201.245.192.253 - - [22/Oct/2014:09:23:57 -0500] "GET /forest/usutareas.do?_a=0.848625320571593&group_system_actual=3 HTTP/1.1" 200 129835
201.245.192.253 - - [22/Oct/2014:09:23:59 -0500] "GET /forest/skins/gdocs-jar/css/dialog.css?version=1410.211635 HTTP/1.1" 304 -
201.245.192.253 - - [22/Oct/2014:09:23:59 -0500] "GET /forest/skins/gdocs-jar/css/forest.css?version=1410.211635 HTTP/1.1" 304 -
201.245.192.253 - - [22/Oct/2014:09:23:59 -0500] "GET /forest/css/escritorio.css?version=1410.211635 HTTP/1.1" 304 -
201.245.192.253 - - [22/Oct/2014:09:23:59 -0500] "GET /forest/css/index.css?version=1410.211635 HTTP/1.1" 304 -
201.245.192.253 - - [22/Oct/2014:09:23:59 -0500] "GET /forest/skins/gdocs-jar/css/autocomplete.css?version=1410.211635 HTTP/1.1" 304 -
201.245.192.253 - - [22/Oct/2014:09:23:59 -0500] "GET /forest/1ibre/jscalendar/calendar-win2k-1.css?version=1410.211635 HTTP/1.1" 304 -
201.245.192.253 - - [22/Oct/2014:09:23:59 -0500] "GET /forest/skins/gdocs-jar/css/forms.css?version=1410.211635 HTTP/1.1" 304 -
201.245.192.253 - - [22/Oct/2014:09:23:59 -0500] "GET /forest/skins/gdocs-jar/css/menu.css?version=1410.211635 HTTP/1.1" 304 -
201.245.192.253 - - [22/Oct/2014:09:23:59 -0500] "GET /forest/skins/gdocs-jar/js/tareas.js?version=1410.211635 HTTP/1.1" 304 -
201.245.192.253 - - [22/Oct/2014:09:23:59 -0500] "GET /forest/skins/gdocs-jar/js/grid.js?version=1410.211635 HTTP/1.1" 304 -
201.245.192.253 - - [22/Oct/2014:09:23:59 -0500] "GET /forest/skins/gdocs-jar/js/number-functions.js?version=1410.211635 HTTP/1.1" 304 -
201.245.192.253 - - [22/Oct/2014:09:23:59 -0500] "GET /forest/skins/gdocs-jar/js/formsBase.js?version=1410.211635 HTTP/1.1" 304 -
201.245.192.253 - - [22/Oct/2014:09:23:59 -0500] "GET /forest/skins/gdocs-jar/js/graphicForm.js?version=1410.211635 HTTP/1.1" 304 -
201.245.192.253 - - [22/Oct/2014:09:23:59 -0500] "GET /forest/skins/gdocs-jar/js/swfobject.js?version=1410.211635 HTTP/1.1" 304 -
201.245.192.253 - - [22/Oct/2014:09:23:59 -0500] "GET /forest/skins/gdocs-jar/img/iconCallForm.gif HTTP/1.1" 200 1043
201.245.192.253 - - [22/Oct/2014:09:23:59 -0500] "GET /forest/img/forestIcon.gif?version=1410.211635 HTTP/1.1" 304 -
172.22.2.1 - - [22/Oct/2014:09:23:59 -0500] "GET /forest/css/escritorio.css?version=1410.211635 HTTP/1.1" 304 -
172.22.2.1 - - [22/Oct/2014:09:23:59 -0500] "GET /forest/css/autocomplete.css?version=1410.211635 HTTP/1.1" 304 -
172.22.2.1 - - [22/Oct/2014:09:23:59 -0500] "GET /forest/skins/gdocs-jar/css/tree.css?version=1410.211635 HTTP/1.1" 304 -
172.22.2.1 - - [22/Oct/2014:09:23:59 -0500] "GET /forest/js/load_func.js?version=1410.211635 HTTP/1.1" 304 -
172.22.2.1 - - [22/Oct/2014:09:23:59 -0500] "GET /forest/js/dialog.js?version=1410.211635 HTTP/1.1" 304 -
172.22.2.1 - - [22/Oct/2014:09:23:59 -0500] "GET /forest/js/escritorio/escritorio.js?version=1410.211635 HTTP/1.1" 304 -
172.22.2.1 - - [22/Oct/2014:09:23:59 -0500] "GET /forest/js/sarissa.js?version=1410.211635 HTTP/1.1" 304 -
172.22.2.1 - - [22/Oct/2014:09:23:59 -0500] "GET /forest/js/internJS.js?version=1410.211635 HTTP/1.1" 304 -
172.22.2.1 - - [22/Oct/2014:09:23:59 -0500] "GET /forest/js/autocompletar2.js?version=1410.211635 HTTP/1.1" 304 -
172.22.2.1 - - [22/Oct/2014:09:23:59 -0500] "GET /forest/1ibre/protoaculous.js?version=1410.211635 HTTP/1.1" 304 -
172.22.2.1 - - [22/Oct/2014:09:23:59 -0500] "GET /forest/1ibre/jscalendar/calendar.js?version=1410.211635 HTTP/1.1" 304 -
172.22.2.1 - - [22/Oct/2014:09:23:59 -0500] "GET /forest/1ibre/jscalendar/lang/calendar-es.js?version=1410.211635 HTTP/1.1" 304 -
172.22.2.1 - - [22/Oct/2014:09:23:59 -0500] "GET /forest/1ibre/jscalendar/calendar-setup.js?version=1410.211635 HTTP/1.1" 304 -
172.22.2.1 - - [22/Oct/2014:09:23:59 -0500] "GET /forest/1ibre/1ibre.js?version=1410.211635 HTTP/1.1" 304 -
172.22.2.1 - - [22/Oct/2014:09:23:59 -0500] "GET /forest/js/xml_utilities.js?version=1410.211635 HTTP/1.1" 304 -
201.245.192.253 - - [22/Oct/2014:09:23:59 -0500] "GET /forest/session.jsp?a=0.3358190691594326 HTTP/1.1" 200 4
201.245.192.253 - - [22/Oct/2014:09:23:59 -0500] "GET /forest/actions/forms.getList?codForm=DPC_RepartoConsolidador&id=funcionarioasignado&text=A HTTP/1.1" 200 1271
201.245.192.253 - - [22/Oct/2014:09:23:59 -0500] "GET /forest/actions/forms.getList?codForm=DPC_RepartoConsolidador&id=funcionarioasignado&text=AP HTTP/1.1" 200 819
172.22.2.1 - - [22/Oct/2014:09:23:59 -0500] "GET /forest/buscar.do HTTP/1.1" 200 97220
201.245.192.253 - - [22/Oct/2014:09:23:59 -0500] "GET /forest/actions/forms.getList?codForm=DPC_RepartoConsolidador&id=funcionarioasignado&text=APO HTTP/1.1" 200 69
172.22.2.1 - - [22/Oct/2014:09:23:59 -0500] "GET /forest/json.do?query=usersByDep&coddep=13 HTTP/1.1" 200 3615
172.22.2.1 - - [22/Oct/2014:09:24:00 -0500] "GET /forest/json.do?query=usersByDep&coddep=13 HTTP/1.1" 200 3615
201.245.192.253 - - [22/Oct/2014:09:24:00 -0500] "GET /forest/actions/forms.getList?codForm=DPC_RepartoConsolidador&id=funcionarioasignado&text=APOL HTTP/1.1" 200 69
186.28.195.1 - - [22/Oct/2014:09:24:02 -0500] "POST /forms/lservlet;jsessionid=ac16012b30d519cfbd9267c740ccae24e8129d454775.e3iSbxaKaheRe34Sa3yKbhiTahb0n6jAmljGr5XDqQLvpAe HTTP/1.1" 200 106
186.28.195.1 - - [22/Oct/2014:09:24:04 -0500] "POST /forms/lservlet;jsessionid=ac16012b30d519cfbd9267c740ccae24e8129d454775.e3iSbxaKaheRe34Sa3yKbhiTahb0n6jAmljGr5XDqQLvpAe HTTP/1.1" 200 2
186.28.195.1 - - [22/Oct/2014:09:24:04 -0500] "POST /forms/lservlet;jsessionid=ac16012b30d519cfbd9267c740ccae24e8129d454775.e3iSbxaKaheRe34Sa3yKbhiTahb0n6jAmljGr5XDqQLvpAe HTTP/1.1" 200 2222
186.28.195.1 - - [22/Oct/2014:09:24:04 -0500] "POST /forms/lservlet;jsessionid=ac16012b30d519cfbd9267c740ccae24e8129d454775.e3iSbxaKaheRe34Sa3yKbhiTahb0n6jAmljGr5XDqQLvpAe HTTP/1.1" 200 10
186.28.195.1 - - [22/Oct/2014:09:24:05 -0500] "POST /forms/lservlet;jsessionid=ac16012b30d519cfbd9267c740ccae24e8129d454775.e3iSbxaKaheRe34Sa3yKbhiTahb0n6jAmljGr5XDqQLvpAe HTTP/1.1" 200 2
186.28.195.1 - - [22/Oct/2014:09:24:05 -0500] "POST /forms/lservlet;jsessionid=ac16012b30d519cfbd9267c740ccae24e8129d454775.e3iSbxaKaheRe34Sa3yKbhiTahb0n6jAmljGr5XDqQLvpAe HTTP/1.1" 200 3071
186.28.195.1 - - [22/Oct/2014:09:24:05 -0500] "POST /forms/lservlet;jsessionid=ac16012b30d519cfbd9267c740ccae24e8129d454775.e3iSbxaKaheRe34Sa3yKbhiTahb0n6jAmljGr5XDqQLvpAe HTTP/1.1" 200 2
201.245.192.253 - - [22/Oct/2014:09:24:06 -0500] "GET /forest/skins/gdocs-jar/popup/popup.jsp?width=1100&height=500&title=Buscar%20procesos&uri=/forest/buscar.do%3Ftype%3Dprocesos&name=undefined&_a=0.23841013353266072&a=0.09587755634350004 HTTP/1.1" 200 1296
201.245.192.253 - - [22/Oct/2014:09:24:06 -0500] "GET /forest/buscar.do?type=procesos HTTP/1.1" 200 97230
201.245.192.253 - - [22/Oct/2014:09:24:06 -0500] "GET /forest/css/escritorio.css?version=1410.211635 HTTP/1.1" 304 -
201.245.192.253 - - [22/Oct/2014:09:24:06 -0500] "GET /forest/js/dialog.js?version=1410.211635 HTTP/1.1" 200 4201
201.245.192.253 - - [22/Oct/2014:09:24:06 -0500] "GET /forest/skins/gdocs-jar/css/tree.css?version=1410.211635 HTTP/1.1" 200 223
201.245.192.253 - - [22/Oct/2014:09:24:06 -0500] "GET /forest/js/load_func.js?version=1410.211635 HTTP/1.1" 200 919
201.245.192.253 - - [22/Oct/2014:09:24:06 -0500] "GET /forest/css/autocomplete.css?version=1410.211635 HTTP/1.1" 200 1662
201.245.192.253 - - [22/Oct/2014:09:24:06 -0500] "GET /forest/1ibre/jscalendar/calendar-win2k-1.css HTTP/1.1" 200 5986
201.245.192.253 - - [22/Oct/2014:09:24:06 -0500] "GET /forest/js/escritorio/escritorio.js?version=1410.211635 HTTP/1.1" 200 8096
201.245.192.253 - - [22/Oct/2014:09:24:06 -0500] "GET /forest/js/internJS.js?version=1410.211635 HTTP/1.1" 200 3047
201.245.192.253 - - [22/Oct/2014:09:24:06 -0500] "GET /forest/js/autocompletar2.js?version=1410.211635 HTTP/1.1" 200 24092
201.245.192.253 - - [22/Oct/2014:09:24:06 -0500] "GET /forest/1ibre/jscalendar/lang/calendar-es.js?version=1410.211635 HTTP/1.1" 200 3995
201.245.192.253 - - [22/Oct/2014:09:24:06 -0500] "GET /forest/1ibre/jscalendar/calendar-setup.js?version=1410.211635 HTTP/1.1" 200 8927
201.245.192.253 - - [22/Oct/2014:09:24:06 -0500] "GET /forest/1ibre/jscalendar/calendar.js?version=1410.211635 HTTP/1.1" 200 51363
201.245.192.253 - - [22/Oct/2014:09:24:06 -0500] "GET /forest/js/xml_utilities.js?version=1410.211635 HTTP/1.1" 200 11451
201.245.192.253 - - [22/Oct/2014:09:24:06 -0500] "GET /forest/skins/gdocs-jar/img/top-search-icon.gif HTTP/1.1" 200 607
201.245.192.253 - - [22/Oct/2014:09:24:06 -0500] "GET /forest/skins/gdocs-jar/img/select.gif HTTP/1.1" 200 335
201.245.192.253 - - [22/Oct/2014:09:24:06 -0500] "GET /forest/js/sarissa.js?version=1410.211635 HTTP/1.1" 200 27327
201.245.192.253 - - [22/Oct/2014:09:24:06 -0500] "GET /forest/1ibre/protoaculous.js?version=1410.211635 HTTP/1.1" 200 151386
201.245.192.253 - - [22/Oct/2014:09:24:06 -0500] "GET /forest/1ibre/1ibre.js?version=1410.211635 HTTP/1.1" 200 197648
201.245.192.253 - - [22/Oct/2014:09:24:08 -0500] "GET /forest/json.do?query=usersByDep&coddep=221 HTTP/1.1" 200 3037
201.245.192.253 - - [22/Oct/2014:09:24:08 -0500] "GET /forest/json.do?query=usersByDep&coddep=221 HTTP/1.1" 200 3037
172.22.2.1 - - [22/Oct/2014:09:24:08 -0500] "POST /forest/buscar.do? HTTP/1.1" 200 9584
201.245.192.253 - - [22/Oct/2014:09:24:09 -0500] "GET /forest/actions/forms.getList?codForm=DPC_RepartoConsolidador&id=codigoFuncionario&text=L HTTP/1.1" 200 1299
201.245.192.253 - - [22/Oct/2014:09:24:09 -0500] "GET /forest/actions/forms.getList?codForm=DPC_RepartoConsolidador&id=codigoFuncionario&text=LI HTTP/1.1" 200 1282
201.245.192.253 - - [22/Oct/2014:09:24:09 -0500] "GET /forest/actions/forms.getList?codForm=DPC_RepartoConsolidador&id=codigoFuncionario&text=LIN HTTP/1.1" 200 1334
201.245.192.253 - - [22/Oct/2014:09:24:09 -0500] "GET /forest/actions/forms.getList?codForm=DPC_RepartoConsolidador&id=codigoFuncionario&text=LINA HTTP/1.1" 200 1336
201.245.192.253 - - [22/Oct/2014:09:24:10 -0500] "GET /forest/actions/forms.getList?codForm=DPC_RepartoConsolidador&id=codigoFuncionario&text=LINA. HTTP/1.1" 200 1235
201.245.192.253 - - [22/Oct/2014:09:24:10 -0500] "GET /forest/actions/forms.getList?codForm=DPC_RepartoConsolidador&id=codigoFuncionario&text=LINA.H HTTP/1.1" 200 62
172.22.2.1 - - [22/Oct/2014:09:24:11 -0500] "GET /forest/skins/gdocs-jar/popup/popup.jsp?width=900&height=600&title=Informaci%F3n%20de%20proceso&uri=/forest/system/process.jsp%3FnumPro%3D2738309&name=undefined&_a=0.9253529918618337&a=0.9163757014267021 HTTP/1.1" 200 1312
172.22.2.1 - - [22/Oct/2014:09:24:11 -0500] "GET /forest/system/process.jsp?numPro=2738309 HTTP/1.1" 200 31048
201.245.192.253 - - [22/Oct/2014:09:24:12 -0500] "POST /forest/buscar.do? HTTP/1.1" 200 5976
172.22.2.1 - - [22/Oct/2014:09:24:12 -0500] "GET /forest/skins/gdocs-jar/popup/popup.jsp?width=850&height=380&title=Informaci%F3n%20del%20radicado&uri=/forest/system/document.jsp%3FcodDoc%3D1787860&name=undefined&_a=0.655865908245134&a=0.6491194601435796 HTTP/1.1" 200 1315
172.22.2.1 - - [22/Oct/2014:09:24:12 -0500] "GET /forest/system/document.jsp?codDoc=1787860 HTTP/1.1" 200 19730
201.245.192.253 - - [22/Oct/2014:09:24:15 -0500] "POST /forest/usutareas.do? HTTP/1.1" 200 76
201.245.192.253 - - [22/Oct/2014:09:24:17 -0500] "GET /forest/usutareas.do?group_system_actual=3&a=0.034492862828434556 HTTP/1.1" 200 108321
201.245.192.253 - - [22/Oct/2014:09:24:17 -0500] "GET /forest/skins/gdocs-jar/css/forest.css?version=1410.211635 HTTP/1.1" 304 -
201.245.192.253 - - [22/Oct/2014:09:24:17 -0500] "GET /forest/css/escritorio.css?version=1410.211635 HTTP/1.1" 304 -
201.245.192.253 - - [22/Oct/2014:09:24:17 -0500] "GET /forest/skins/gdocs-jar/css/menu.css?version=1410.211635 HTTP/1.1" 304 -
201.245.192.253 - - [22/Oct/2014:09:24:17 -0500] "GET /forest/css/index.css?version=1410.211635 HTTP/1.1" 304 -
201.245.192.253 - - [22/Oct/2014:09:24:17 -0500] "GET /forest/1ibre/jscalendar/calendar-win2k-1.css?version=1410.211635 HTTP/1.1" 304 -
201.245.192.253 - - [22/Oct/2014:09:24:17 -0500] "GET /forest/skins/gdocs-jar/css/forms.css?version=1410.211635 HTTP/1.1" 304 -
201.245.192.253 - - [22/Oct/2014:09:24:17 -0500] "GET /forest/skins/gdocs-jar/css/dialog.css?version=1410.211635 HTTP/1.1" 304 -
201.245.192.253 - - [22/Oct/2014:09:24:17 -0500] "GET /forest/img/forestIcon.gif?version=1410.211635 HTTP/1.1" 304 -
201.245.192.253 - - [22/Oct/2014:09:24:17 -0500] "GET /forest/skins/gdocs-jar/css/forms.css HTTP/1.1" 200 7180
172.22.2.1 - - [22/Oct/2014:09:24:19 -0500] "GET /forest/skins/gdocs-jar/popup/FileViewerTree.jsp?coddoc=1497576&ext=pdf&numpro=2738309&nombre=2012ER073715.pdf&codfile=-1&rootPath=/forest/ HTTP/1.1" 200 5330
172.22.2.1 - - [22/Oct/2014:09:24:19 -0500] "GET /forest/skins/gdocs-jar/css/menu.css?version=1410.211635 HTTP/1.1" 304 -
172.22.2.1 - - [22/Oct/2014:09:24:19 -0500] "GET /forest/skins/gdocs-jar/css/tree.css?version=1410.211635 HTTP/1.1" 304 -
172.22.2.1 - - [22/Oct/2014:09:24:19 -0500] "GET /forest/skins/gdocs-jar/popup/FileViewer.jsp?codDoc=1497576&ext=pdf&codfile=-1&iscodfile=false&nombre=2012ER073715.pdf HTTP/1.1" 200 3974
201.245.192.253 - - [22/Oct/2014:09:24:19 -0500] "GET /forest/skins/gdocs-jar/css/autocomplete.css?version=1410.211635 HTTP/1.1" 304 -
201.245.192.253 - - [22/Oct/2014:09:24:19 -0500] "GET /forest/skins/gdocs-jar/js/tareas.js?version=1410.211635 HTTP/1.1" 304 -
201.245.192.253 - - [22/Oct/2014:09:24:19 -0500] "GET /forest/skins/gdocs-jar/js/swfobject.js?version=1410.211635 HTTP/1.1" 304 -
