191.66.182.103 - - [22/Oct/2014:06:10:43 -0500] "GET /BLA/boletinlegal/js/jquery.scrollShow.js HTTP/1.1" 200 4586
188.165.15.233 - - [22/Oct/2014:06:11:00 -0500] "GET /BLA/resoluciones/RESOLUCIONES%202006/RES%202006%20701-750/00000749.tif HTTP/1.1" 200 409672
66.249.64.163 - - [22/Oct/2014:06:11:15 -0500] "GET /BLA/resoluciones/RESOLUCIONES%202007/RES%202007%202001%20AL%202100/RESOLUCION%202081%20DE%202007.pdf HTTP/1.1" 200 743007
152.61.193.99 - - [22/Oct/2014:06:11:17 -0500] "HEAD / HTTP/1.1" 302 -
152.61.193.99 - - [22/Oct/2014:06:11:17 -0500] "GET /arcgis/services/Calidad_del_Agua_WQI/MapServer/WMSServer?request=GetCapabilities&service=WMS HTTP/1.1" 200 32135
152.61.193.99 - - [22/Oct/2014:06:11:18 -0500] "GET /arcgis/services/Calidad_del_Agua_WQI/MapServer/WMSServer?request=GetCapabilities&service=WMS HTTP/1.1" 200 32135
152.61.193.99 - - [22/Oct/2014:06:11:19 -0500] "GET /arcgis/services/Calidad_del_Agua_WQI/MapServer/WMSServer?request=GetCapabilities&service=WMS HTTP/1.1" 200 32135
190.66.96.117 - - [22/Oct/2014:06:11:20 -0500] "POST /forms/lservlet;jsessionid=ac16012b30d56e36ba3957254d42a0e4f9fb01ccc471.e3iSbxaKaheRe34Sa3yKbhiTahb0n6jAmljGr5XDqQLvpAe HTTP/1.1" 200 2
152.61.193.99 - - [22/Oct/2014:06:11:19 -0500] "GET /arcgis/services/Calidad_del_Agua_WQI/MapServer/WMSServer?request=GetCapabilities&service=WMS HTTP/1.1" 200 32135
152.61.193.99 - - [22/Oct/2014:06:11:20 -0500] "GET /arcgis/services/Calidad_del_Agua_WQI/MapServer/WMSServer?VERSION=1.1.1&REQUEST=GetMap&LAYERS=0&SRS=EPSG:4326&BBOX=-74.473395,3.674381,-73.963300,4.920569&WIDTH=250&HEIGHT=250&FORMAT=image/bmp&STYLES=& HTTP/1.1" 200 188054
188.165.15.126 - - [22/Oct/2014:06:11:22 -0500] "GET /BLA/resoluciones/RESOLUCIONES%202001/2001%201400-1449.tif HTTP/1.1" 200 8467759
186.167.243.174 - - [22/Oct/2014:06:11:32 -0500] "GET /BLA/boletinlegal/js/jquery.js HTTP/1.1" 200 57254
186.167.243.174 - - [22/Oct/2014:06:11:32 -0500] "GET /BLA/boletinlegal/js/jquery.scrollTo-min.js HTTP/1.1" 200 1150
186.167.243.174 - - [22/Oct/2014:06:11:32 -0500] "GET /BLA/boletinlegal/js/jquery.scrollShow.js HTTP/1.1" 200 4586
188.165.15.177 - - [22/Oct/2014:06:12:11 -0500] "GET /BLA/resoluciones/RESOLUCIONES%202005/RES%202005%20%201651-1700/00001661.tif HTTP/1.1" 200 503116
208.115.113.91 - - [22/Oct/2014:06:12:49 -0500] "GET /robots.txt HTTP/1.1" 404 1019
66.249.64.39 - - [22/Oct/2014:06:13:04 -0500] "GET /PORTAL_SIAC/swf/Residuos/impresion/files/search/search1.xml HTTP/1.1" 304 -
190.66.96.117 - - [22/Oct/2014:06:13:20 -0500] "POST /forms/lservlet;jsessionid=ac16012b30d56e36ba3957254d42a0e4f9fb01ccc471.e3iSbxaKaheRe34Sa3yKbhiTahb0n6jAmljGr5XDqQLvpAe HTTP/1.1" 200 2
173.252.110.115 - - [22/Oct/2014:06:13:33 -0500] "GET /Residuos/impresion/impresion.html?fb_locale=es_LA HTTP/1.1" 404 1018
173.252.110.116 - - [22/Oct/2014:06:13:33 -0500] "GET /Residuos/impresion/impresion.html HTTP/1.1" 404 1018
66.249.64.163 - - [22/Oct/2014:06:14:39 -0500] "GET /BLA/resoluciones/RESOLUCIONES%202008/3760.pdf HTTP/1.1" 200 392965
190.66.96.117 - - [22/Oct/2014:06:15:20 -0500] "POST /forms/lservlet;jsessionid=ac16012b30d56e36ba3957254d42a0e4f9fb01ccc471.e3iSbxaKaheRe34Sa3yKbhiTahb0n6jAmljGr5XDqQLvpAe HTTP/1.1" 200 2
180.76.6.50 - - [22/Oct/2014:06:15:25 -0500] "GET /videos/HumSpot1.flv HTTP/1.1" 200 7280767
74.86.158.107 - - [22/Oct/2014:06:15:33 -0500] "HEAD / HTTP/1.1" 302 -
66.249.64.39 - - [22/Oct/2014:06:16:28 -0500] "GET /PORTAL_SIAC/swf/Residuos/impresion/impresion.swf?pageNumber= HTTP/1.1" 304 -
190.66.96.117 - - [22/Oct/2014:06:17:20 -0500] "POST /forms/lservlet;jsessionid=ac16012b30d56e36ba3957254d42a0e4f9fb01ccc471.e3iSbxaKaheRe34Sa3yKbhiTahb0n6jAmljGr5XDqQLvpAe HTTP/1.1" 200 2
188.165.15.160 - - [22/Oct/2014:06:17:22 -0500] "GET /BLA/resoluciones/RESOLUCIONES%202005/RES%202005%202951-3000/00002992.tif HTTP/1.1" 200 270606
188.165.15.27 - - [22/Oct/2014:06:17:36 -0500] "GET /BLA/resoluciones/index.php?dir=RESOLUCIONES+2006%2FRES+2006+1301-1350%2F HTTP/1.1" 200 12365
66.249.64.167 - - [22/Oct/2014:06:18:20 -0500] "GET /robots.txt HTTP/1.1" 404 1018
66.249.64.163 - - [22/Oct/2014:06:18:20 -0500] "GET /BLA/resoluciones/RESOLUCIONES%202008/0084.pdf HTTP/1.1" 200 303560
190.66.96.117 - - [22/Oct/2014:06:19:20 -0500] "POST /forms/lservlet;jsessionid=ac16012b30d56e36ba3957254d42a0e4f9fb01ccc471.e3iSbxaKaheRe34Sa3yKbhiTahb0n6jAmljGr5XDqQLvpAe HTTP/1.1" 200 2
66.249.64.39 - - [22/Oct/2014:06:19:52 -0500] "GET /PORTAL_SIAC/swf/Residuos/farmaceutica/farmaceutica.swf?pageNumber= HTTP/1.1" 304 -
188.165.15.90 - - [22/Oct/2014:06:20:05 -0500] "GET /BLA/resoluciones/index.php?dir=RESOLUCIONES%202006/RES%202006%20851-900/&sort=size&order=desc HTTP/1.1" 200 12233
180.76.6.136 - - [22/Oct/2014:06:20:22 -0500] "GET /BLA/resoluciones/Autos%202008/0045.pdf HTTP/1.1" 200 169084
74.86.158.107 - - [22/Oct/2014:06:20:33 -0500] "HEAD / HTTP/1.1" 302 -
188.165.15.160 - - [22/Oct/2014:06:20:39 -0500] "GET /BLA/resoluciones/index.php?dir=RESOLUCIONES+2002%2FRES+2002+1801-1850%2F HTTP/1.1" 200 12158
220.181.108.170 - - [22/Oct/2014:06:21:01 -0500] "GET /POT-2013/DTS/DTS_20FEB2013_300pm.pdf HTTP/1.1" 200 10600308
190.66.96.117 - - [22/Oct/2014:06:21:20 -0500] "POST /forms/lservlet;jsessionid=ac16012b30d56e36ba3957254d42a0e4f9fb01ccc471.e3iSbxaKaheRe34Sa3yKbhiTahb0n6jAmljGr5XDqQLvpAe HTTP/1.1" 200 2
66.249.64.171 - - [22/Oct/2014:06:22:00 -0500] "GET /Residuos/impresion/files/search/search27.xml HTTP/1.1" 404 1018
66.249.64.163 - - [22/Oct/2014:06:22:23 -0500] "GET /BLA/resoluciones/RESOLUCIONES%202004/RES%202004%20101-150/00000142.tif HTTP/1.1" 200 110616
180.76.5.59 - - [22/Oct/2014:06:22:27 -0500] "GET /BLA/resoluciones/AUTOS%202011/6749.pdf HTTP/1.1" 200 147282
220.181.108.117 - - [22/Oct/2014:06:23:20 -0500] "GET /BLA/resoluciones/RESOLUCIONES%25202009/3966.pdf HTTP/1.1" 404 1018
190.66.96.117 - - [22/Oct/2014:06:23:20 -0500] "POST /forms/lservlet;jsessionid=ac16012b30d56e36ba3957254d42a0e4f9fb01ccc471.e3iSbxaKaheRe34Sa3yKbhiTahb0n6jAmljGr5XDqQLvpAe HTTP/1.1" 200 2
186.80.87.160 - - [22/Oct/2014:06:23:55 -0500] "GET /BLA/boletinlegal/js/jquery.js HTTP/1.1" 200 57254
186.80.87.160 - - [22/Oct/2014:06:23:55 -0500] "GET /BLA/boletinlegal/js/jquery.scrollTo-min.js HTTP/1.1" 200 1150
186.80.87.160 - - [22/Oct/2014:06:23:55 -0500] "GET /BLA/boletinlegal/js/jquery.scrollShow.js HTTP/1.1" 200 4586
66.249.64.43 - - [22/Oct/2014:06:24:58 -0500] "GET /POT-2013/Cartografia/16_Sistema%20de%20Movilidad_Subsistema%20de%20Transporte_SITP_FEB.pdf HTTP/1.1" 304 -
190.66.96.117 - - [22/Oct/2014:06:25:20 -0500] "POST /forms/lservlet;jsessionid=ac16012b30d56e36ba3957254d42a0e4f9fb01ccc471.e3iSbxaKaheRe34Sa3yKbhiTahb0n6jAmljGr5XDqQLvpAe HTTP/1.1" 200 2
74.86.158.107 - - [22/Oct/2014:06:25:33 -0500] "HEAD / HTTP/1.1" 302 -
66.249.64.163 - - [22/Oct/2014:06:25:39 -0500] "GET /BLA/resoluciones/AUTOS%202010/6917.pdf HTTP/1.1" 200 199977
190.157.154.254 - - [22/Oct/2014:06:25:55 -0500] "GET /forest/session.jsp?a=0.6462545873897478 HTTP/1.1" 200 5
190.157.154.254 - - [22/Oct/2014:06:25:56 -0500] "GET /forest/login.jsp?a=0.6157194311351442 HTTP/1.1" 200 2996
187.148.186.186 - - [22/Oct/2014:06:26:09 -0500] "GET /BLA/boletinlegal/js/jquery.js HTTP/1.1" 200 57254
187.148.186.186 - - [22/Oct/2014:06:26:09 -0500] "GET /BLA/boletinlegal/js/jquery.scrollTo-min.js HTTP/1.1" 200 1150
187.148.186.186 - - [22/Oct/2014:06:26:09 -0500] "GET /BLA/boletinlegal/js/jquery.scrollShow.js HTTP/1.1" 200 4586
188.165.15.177 - - [22/Oct/2014:06:26:12 -0500] "GET /manual_funciones_Listado/index.php?dir=2.5.2.%20Subdirecci%C3%83%C2%83%C3%82%C2%83%C3%83%C2%82%C3%82%C2%83%C3%83%C2%83%C3%82%C2%82%C3%83%C2%82%C3%82%C2%83%C3%83%C2%83%C3%82%C2%83%C3%83%C2%82%C3%82%C2%82%C3%83%C2%83%C3%82%C2%82%C3%83%C2%82%C3%82%C2%83%C3%83%C2%83%C3%82%C2%83%C3%83%C2%82%C3%82%C2%83%C3%83%C2%83%C3%82%C2%82%C3%83%C2%82%C3%82%C2%82%C3%83%C2%83%C3%82%C2%83%C3%83%C2%82%C3%82%C2%82%C3%83%C2%83%C3%82%C2%82%C3%83%C2%82%C3%82%C2%83%C3%83%C2%83%C3%82%C2%83%C3%83%C2%82%C3%82%C2%83%C3%83%C2%83%C3%82%C2%82%C3%83%C2%82%C3%82%C2%83%C3%83%C2%83%C3%82%C2%83%C3%83%C2%82%C3%82%C2%82%C3%83%C2%83%C3%82%C2%82%C3%83%C2%82%C3%82%C2%82%C3%83%C2%83%C3%82%C2%83%C3%83%C2%82%C3%82%C2%83%C3%83%C2%83%C3%82%C2%82%C3%83%C2%82%C3%82%C2%82%C3%83%C2%83%C3%82%C2%83%C3%83%C2%82%C3%82%C2%82%C3%83%C2%83%C3%82%C2%82%C3%83%C2%82%C3%82%C2%B3n%20Contractual/&sort=size&order=asc HTTP/1.1" 404 1018
188.165.15.177 - - [22/Oct/2014:06:26:30 -0500] "GET /manual_funciones_Listado/index.php?dir=2.3.%20Direcci%C3%83%C2%B3n%20de%20Gesti%C3%83%C2%B3n%20Ambiental/&sort=name&order=asc HTTP/1.1" 404 1018
188.165.15.233 - - [22/Oct/2014:06:26:32 -0500] "GET /BLA/resoluciones/index.php?dir=RESOLUCIONES%202002/ANEXOS/&sort=date&order=asc HTTP/1.1" 200 2240
188.165.15.90 - - [22/Oct/2014:06:26:40 -0500] "GET /BLA/resoluciones/index.php?dir=RESOLUCIONES+2002%2FRES+2002+1851-1900%2F HTTP/1.1" 200 12150
100.43.85.25 - - [22/Oct/2014:06:26:48 -0500] "GET /robots.txt HTTP/1.1" 404 1019
190.66.96.117 - - [22/Oct/2014:06:27:20 -0500] "POST /forms/lservlet;jsessionid=ac16012b30d56e36ba3957254d42a0e4f9fb01ccc471.e3iSbxaKaheRe34Sa3yKbhiTahb0n6jAmljGr5XDqQLvpAe HTTP/1.1" 200 2
188.165.15.127 - - [22/Oct/2014:06:27:27 -0500] "GET /BLA/resoluciones/index.php?dir=RESOLUCIONES+2005%2FRES+2005+2951-3000%2F HTTP/1.1" 200 11937
188.165.15.84 - - [22/Oct/2014:06:27:29 -0500] "GET /BLA/resoluciones/RESOLUCIONES%202003/RES%202003%201851--1900/20031888.tif HTTP/1.1" 200 98028
188.165.15.105 - - [22/Oct/2014:06:27:39 -0500] "GET /BLA/resoluciones/index.php?dir=AUTOS+2006%2FAUTOS+2006+1501+-+1600%2F HTTP/1.1" 200 22232
188.165.15.105 - - [22/Oct/2014:06:27:44 -0500] "GET /BLA/resoluciones/RESOLUCIONES%202006/RES%202006%202301-2350/00002336.tif HTTP/1.1" 200 328366
66.249.64.47 - - [22/Oct/2014:06:28:03 -0500] "GET /pml/foto.gif HTTP/1.1" 404 1019
186.29.204.238 - - [22/Oct/2014:06:28:12 -0500] "GET /BLA/boletinlegal/js/jquery.js HTTP/1.1" 200 57254
186.29.204.238 - - [22/Oct/2014:06:28:12 -0500] "GET /BLA/boletinlegal/js/jquery.scrollTo-min.js HTTP/1.1" 200 1150
186.29.204.238 - - [22/Oct/2014:06:28:12 -0500] "GET /BLA/boletinlegal/js/jquery.scrollShow.js HTTP/1.1" 200 4586
186.29.204.238 - - [22/Oct/2014:06:28:12 -0500] "GET /galeria/carrusel/Carrusel/jquery.thumbnailScroller.css HTTP/1.1" 200 2066
186.29.204.238 - - [22/Oct/2014:06:28:12 -0500] "GET /galeria/carrusel/Carrusel/jquery-ui-1.8.13.custom.min.js HTTP/1.1" 200 10800
186.29.204.238 - - [22/Oct/2014:06:28:12 -0500] "GET /galeria/carrusel/Carrusel/jquery.thumbnailScroller.js HTTP/1.1" 200 8157
186.29.204.238 - - [22/Oct/2014:06:28:17 -0500] "GET /galeria/nivo-slider/demo/demo.html HTTP/1.1" 200 3471
186.29.204.238 - - [22/Oct/2014:06:28:17 -0500] "GET /galeria/nivo-slider/themes/default/default.css HTTP/1.1" 200 1569
186.29.204.238 - - [22/Oct/2014:06:28:17 -0500] "GET /galeria/nivo-slider/themes/pascal/pascal.css HTTP/1.1" 200 2258
186.29.204.238 - - [22/Oct/2014:06:28:17 -0500] "GET /galeria/nivo-slider/themes/orman/orman.css HTTP/1.1" 200 2152
186.29.204.238 - - [22/Oct/2014:06:28:17 -0500] "GET /galeria/nivo-slider/nivo-slider.css HTTP/1.1" 200 1507
186.29.204.238 - - [22/Oct/2014:06:28:17 -0500] "GET /galeria/nivo-slider/demo/style.css HTTP/1.1" 200 2222
186.29.204.238 - - [22/Oct/2014:06:28:17 -0500] "GET /galeria/nivo-slider/demo/scripts/jquery-1.7.1.min.js HTTP/1.1" 200 93868
186.29.204.238 - - [22/Oct/2014:06:28:17 -0500] "GET /galeria/nivo-slider/jquery.nivo.slider.pack.js HTTP/1.1" 200 11561
186.29.204.238 - - [22/Oct/2014:06:28:17 -0500] "GET /galeria/nivo-slider/demo/images/banner-aceite3.jpg HTTP/1.1" 200 88347
186.29.204.238 - - [22/Oct/2014:06:28:17 -0500] "GET /galeria/nivo-slider/demo/images/mesTIC.jpg HTTP/1.1" 200 180719
186.29.204.238 - - [22/Oct/2014:06:28:17 -0500] "GET /galeria/nivo-slider/demo/images/4Simple_Slider.png HTTP/1.1" 200 11722
186.29.204.238 - - [22/Oct/2014:06:28:18 -0500] "GET /galeria/nivo-slider/themes/default/loading.gif HTTP/1.1" 200 1737
186.29.204.238 - - [22/Oct/2014:06:28:18 -0500] "GET /galeria/nivo-slider/demo/images/EncuentroAgua1.jpg HTTP/1.1" 200 274179
186.29.204.238 - - [22/Oct/2014:06:28:18 -0500] "GET /galeria/nivo-slider/demo/images/Tingua-azul.jpg HTTP/1.1" 200 307638
186.29.204.238 - - [22/Oct/2014:06:28:18 -0500] "GET /galeria/nivo-slider/demo/images/Banner-Caracol-Africano.jpg HTTP/1.1" 200 331986
186.29.204.238 - - [22/Oct/2014:06:28:19 -0500] "GET /galeria/nivo-slider/demo/images/banner-redes.jpg HTTP/1.1" 200 62209
66.249.64.167 - - [22/Oct/2014:06:28:21 -0500] "GET /BLA/resoluciones/RESOLUCIONES%202007/RES%202007%203301%20AL%203400/RESOLUCION%203320%20DE%202007.pdf HTTP/1.1" 200 825836
186.29.204.238 - - [22/Oct/2014:06:28:22 -0500] "GET /galeria/nivo-slider/demo/images/9Signos.jpg HTTP/1.1" 200 93040
186.29.204.238 - - [22/Oct/2014:06:28:23 -0500] "GET /galeria/nivo-slider/demo/images/banner-encuesta.jpg HTTP/1.1" 200 42764
186.29.204.238 - - [22/Oct/2014:06:28:23 -0500] "GET /galeria/nivo-slider/demo/images/banner-caballos.png HTTP/1.1" 200 389106
186.29.204.238 - - [22/Oct/2014:06:28:23 -0500] "GET /galeria/nivo-slider/demo/images/banner-llantas2.jpg HTTP/1.1" 200 73153
186.29.204.238 - - [22/Oct/2014:06:28:23 -0500] "GET /galeria/nivo-slider/demo/images/Hacienda_Molinos.jpg HTTP/1.1" 200 319171
66.249.64.163 - - [22/Oct/2014:06:28:27 -0500] "GET /BLA/resoluciones/RESOLUCIONES%202004/RES%202004%20851-900/00000865.tif HTTP/1.1" 200 100106
181.192.196.113 - - [22/Oct/2014:06:29:05 -0500] "GET /BLA/resoluciones/RESOLUCIONES%202007/RES%202007%201901%20AL%202000/RESOLUCION%201945%20DE%202007.pdf HTTP/1.1" 200 604120
181.192.196.113 - - [22/Oct/2014:06:29:05 -0500] "GET /BLA/resoluciones/RESOLUCIONES%202007/RES%202007%201901%20AL%202000/RESOLUCION%201945%20DE%202007.pdf HTTP/1.1" 206 32768
181.192.196.113 - - [22/Oct/2014:06:29:06 -0500] "GET /BLA/resoluciones/RESOLUCIONES%202007/RES%202007%201901%20AL%202000/RESOLUCION%201945%20DE%202007.pdf HTTP/1.1" 206 571352
181.192.196.113 - - [22/Oct/2014:06:29:11 -0500] "GET /favicon.ico HTTP/1.1" 200 7782
190.66.96.117 - - [22/Oct/2014:06:29:20 -0500] "POST /forms/lservlet;jsessionid=ac16012b30d56e36ba3957254d42a0e4f9fb01ccc471.e3iSbxaKaheRe34Sa3yKbhiTahb0n6jAmljGr5XDqQLvpAe HTTP/1.1" 200 2
66.249.64.167 - - [22/Oct/2014:06:29:21 -0500] "GET /BLA/resoluciones/RESOLUCIONES%202009/2527.pdf HTTP/1.1" 200 434961
188.165.15.27 - - [22/Oct/2014:06:29:40 -0500] "GET /BLA/resoluciones/RESOLUCIONES%202004/RES%202004%20101-150/00000124.tif HTTP/1.1" 200 98066
180.76.5.20 - - [22/Oct/2014:06:29:44 -0500] "GET /BLA/resoluciones/AUTOS%202009/1471.pdf HTTP/1.1" 200 170634
186.82.235.25 - - [22/Oct/2014:06:30:03 -0500] "GET /BLA/boletinlegal/js/jquery.scrollTo-min.js HTTP/1.1" 200 1150
186.82.235.25 - - [22/Oct/2014:06:30:03 -0500] "GET /BLA/boletinlegal/js/jquery.js HTTP/1.1" 200 57254
186.82.235.25 - - [22/Oct/2014:06:30:03 -0500] "GET /BLA/boletinlegal/js/jquery.scrollShow.js HTTP/1.1" 200 4586
66.249.64.171 - - [22/Oct/2014:06:30:03 -0500] "GET /BLA/resoluciones/RESOLUCIONES%202009/0854.pdf HTTP/1.1" 200 300635
188.165.15.126 - - [22/Oct/2014:06:30:22 -0500] "GET /BLA/resoluciones/RESOLUCIONES%202003/RES%202003%201301-1350/20031341.tif HTTP/1.1" 200 113850
152.61.193.99 - - [22/Oct/2014:06:30:22 -0500] "HEAD / HTTP/1.1" 302 -
152.61.193.99 - - [22/Oct/2014:06:30:23 -0500] "GET /arcgis/services/Calidad_del_Agua_WQI/MapServer/WMSServer?SERVICE=WMS&REQUEST=GetCapabilities HTTP/1.1" 200 32135
152.61.193.99 - - [22/Oct/2014:06:30:23 -0500] "GET /arcgis/services/Calidad_del_Agua_WQI/MapServer/WMSServer?SERVICE=WMS&REQUEST=GetCapabilities HTTP/1.1" 200 32135
152.61.193.99 - - [22/Oct/2014:06:30:24 -0500] "GET /arcgis/services/Calidad_del_Agua_WQI/MapServer/WMSServer?SERVICE=WMS&REQUEST=GetCapabilities HTTP/1.1" 200 32135
152.61.193.99 - - [22/Oct/2014:06:30:25 -0500] "GET /arcgis/services/Calidad_del_Agua_WQI/MapServer/WMSServer?SERVICE=WMS&REQUEST=GetCapabilities HTTP/1.1" 200 32135
152.61.193.99 - - [22/Oct/2014:06:30:25 -0500] "GET /arcgis/services/Calidad_del_Agua_WQI/MapServer/WMSServer?VERSION=1.1.1&REQUEST=GetMap&LAYERS=0&SRS=EPSG:4326&BBOX=-74.473395,3.674381,-73.963300,4.920569&WIDTH=250&HEIGHT=250&FORMAT=image/bmp&STYLES=& HTTP/1.1" 200 188054
74.86.158.107 - - [22/Oct/2014:06:30:33 -0500] "HEAD / HTTP/1.1" 302 -
202.46.61.102 - - [22/Oct/2014:06:30:35 -0500] "GET /pot/pot14.htm HTTP/1.1" 404 1015
186.29.204.238 - - [22/Oct/2014:06:30:46 -0500] "GET /Residuos/pinturas/pinturas.html HTTP/1.1" 404 1324
186.29.204.238 - - [22/Oct/2014:06:30:47 -0500] "GET /favicon.ico HTTP/1.1" 200 7782
186.29.204.238 - - [22/Oct/2014:06:30:55 -0500] "GET /Residuos/cosmeticos/cosmeticos.html HTTP/1.1" 404 1324
201.245.192.253 - - [22/Oct/2014:06:31:08 -0500] "GET /galeria/nivo-slider/demo/images/banner-caballos.png HTTP/1.1" 304 -
190.66.96.117 - - [22/Oct/2014:06:31:21 -0500] "POST /forms/lservlet;jsessionid=ac16012b30d56e36ba3957254d42a0e4f9fb01ccc471.e3iSbxaKaheRe34Sa3yKbhiTahb0n6jAmljGr5XDqQLvpAe HTTP/1.1" 200 2
66.249.64.39 - - [22/Oct/2014:06:31:45 -0500] "GET /manual_funciones_Listado/ HTTP/1.1" 404 1019
188.165.15.127 - - [22/Oct/2014:06:31:58 -0500] "GET /manual_funciones_Listado/2.5.%20Direcci%C3%B3n%20de%20Gesti%C3%B3n%20Corporativa/?C=S;O=A HTTP/1.1" 404 1018
66.249.64.171 - - [22/Oct/2014:06:33:00 -0500] "GET /BLA/resoluciones/AUTOS%202011/5717.pdf HTTP/1.1" 200 191791
190.66.96.117 - - [22/Oct/2014:06:33:21 -0500] "POST /forms/lservlet;jsessionid=ac16012b30d56e36ba3957254d42a0e4f9fb01ccc471.e3iSbxaKaheRe34Sa3yKbhiTahb0n6jAmljGr5XDqQLvpAe HTTP/1.1" 200 2
66.249.64.167 - - [22/Oct/2014:06:33:27 -0500] "GET /BLA/resoluciones/RESOLUCIONES%202009/9304.pdf HTTP/1.1" 200 907000
66.249.64.163 - - [22/Oct/2014:06:33:36 -0500] "GET /BLA/resoluciones/RESOLUCIONES%202009/0376.pdf HTTP/1.1" 200 239200
46.229.160.208 - - [22/Oct/2014:06:34:14 -0500] "GET /autoliquidacion/Grupo%20Forestal%20-%20Industria%20de%20la%20Madera/Instructivo%20para%20Diligenciamiento%20Formulario%20Relaci%c3%b3n%20de.pdf HTTP/1.1" 200 123170
190.26.185.23 - - [22/Oct/2014:06:34:21 -0500] "GET /galeria/nivo-slider/demo/demo.html HTTP/1.1" 304 -
190.90.217.199 - - [22/Oct/2014:06:34:43 -0500] "GET /BLA/boletinlegal/js/jquery.js HTTP/1.1" 200 57254
190.90.217.199 - - [22/Oct/2014:06:34:43 -0500] "GET /BLA/boletinlegal/js/jquery.scrollTo-min.js HTTP/1.1" 200 1150
190.90.217.199 - - [22/Oct/2014:06:34:43 -0500] "GET /BLA/boletinlegal/js/jquery.scrollShow.js HTTP/1.1" 200 4586
188.165.15.127 - - [22/Oct/2014:06:34:52 -0500] "GET /BLA/resoluciones/index.php?dir=RESOLUCIONES+2002%2FRES+2002+901-950%2F HTTP/1.1" 200 12227
66.249.64.171 - - [22/Oct/2014:06:35:06 -0500] "GET /manual_funciones_Listado/ HTTP/1.1" 404 1018
66.249.64.163 - - [22/Oct/2014:06:35:09 -0500] "GET /BLA/resoluciones/RESOLUCIONES%202009/1739.pdf HTTP/1.1" 200 420763
190.66.96.117 - - [22/Oct/2014:06:35:21 -0500] "POST /forms/lservlet;jsessionid=ac16012b30d56e36ba3957254d42a0e4f9fb01ccc471.e3iSbxaKaheRe34Sa3yKbhiTahb0n6jAmljGr5XDqQLvpAe HTTP/1.1" 200 2
74.86.158.107 - - [22/Oct/2014:06:35:33 -0500] "HEAD / HTTP/1.1" 302 -
180.76.5.190 - - [22/Oct/2014:06:35:42 -0500] "GET /BLA/resoluciones/AUTOS%202011/2900.pdf HTTP/1.1" 200 139490
188.165.15.127 - - [22/Oct/2014:06:35:47 -0500] "GET /BLA/resoluciones/index.php?dir=RESOLUCIONES+2001%2F HTTP/1.1" 200 8131
66.249.64.171 - - [22/Oct/2014:06:36:43 -0500] "GET /BLA/resoluciones/AUTOS%202010/1879.pdf HTTP/1.1" 200 89060
190.242.36.170 - - [22/Oct/2014:06:36:44 -0500] "GET /BLA/boletinlegal/js/jquery.scrollTo-min.js HTTP/1.1" 200 1150
190.242.36.170 - - [22/Oct/2014:06:36:44 -0500] "GET /BLA/boletinlegal/js/jquery.js HTTP/1.1" 200 57254
190.242.36.170 - - [22/Oct/2014:06:36:44 -0500] "GET /BLA/boletinlegal/js/jquery.scrollShow.js HTTP/1.1" 200 4586
66.249.64.163 - - [22/Oct/2014:06:36:51 -0500] "GET /BLA/resoluciones/RESOLUCIONES%202009/3196.pdf HTTP/1.1" 200 341546
190.66.96.117 - - [22/Oct/2014:06:37:21 -0500] "POST /forms/lservlet;jsessionid=ac16012b30d56e36ba3957254d42a0e4f9fb01ccc471.e3iSbxaKaheRe34Sa3yKbhiTahb0n6jAmljGr5XDqQLvpAe HTTP/1.1" 200 2
188.165.15.126 - - [22/Oct/2014:06:37:29 -0500] "GET /BLA/resoluciones/RESOLUCIONES%202003/RES%202003%201101-1150/1124.tif HTTP/1.1" 200 331440
201.184.66.31 - - [22/Oct/2014:06:38:31 -0500] "GET /dama/libreria/pdf/PMA_alcaldia.pdf HTTP/1.1" 404 1331
201.184.66.31 - - [22/Oct/2014:06:38:31 -0500] "GET /favicon.ico HTTP/1.1" 200 7782
66.249.64.171 - - [22/Oct/2014:06:38:33 -0500] "GET /BLA/resoluciones/RESOLUCIONES%202009/2937.pdf HTTP/1.1" 200 541541
188.165.15.27 - - [22/Oct/2014:06:39:15 -0500] "GET /BLA/resoluciones/RESOLUCIONES%202005/RES%202005%202401-2450/00002444.tif HTTP/1.1" 200 147446
190.66.96.117 - - [22/Oct/2014:06:39:21 -0500] "POST /forms/lservlet;jsessionid=ac16012b30d56e36ba3957254d42a0e4f9fb01ccc471.e3iSbxaKaheRe34Sa3yKbhiTahb0n6jAmljGr5XDqQLvpAe HTTP/1.1" 200 2
180.76.6.48 - - [22/Oct/2014:06:39:59 -0500] "GET /BLA/resoluciones/AUTOS%202012/0948.pdf HTTP/1.1" 200 186946
66.249.64.167 - - [22/Oct/2014:06:40:15 -0500] "GET /BLA/resoluciones/RESOLUCIONES%202009/1878.pdf HTTP/1.1" 200 300529
100.43.85.25 - - [22/Oct/2014:06:40:22 -0500] "GET /Autoliquidacion/Fauna%20Silvestre/APLICATIVO%20DE%20LIQUIDACI%C3%93N%20COSTOS%20(FAUNA%20SILVESTRE%202014%20DEFINITIVO).xls HTTP/1.1" 200 245248
66.249.64.167 - - [22/Oct/2014:06:40:24 -0500] "GET /BLA/resoluciones/AUTOS%202008/2582.pdf HTTP/1.1" 200 82054
188.165.15.90 - - [22/Oct/2014:06:40:32 -0500] "GET /BLA/resoluciones/RESOLUCIONES%202005/RES%202005%202251-2300/00002252.tif HTTP/1.1" 200 86934
74.86.158.107 - - [22/Oct/2014:06:40:33 -0500] "HEAD / HTTP/1.1" 302 -
186.113.207.165 - - [22/Oct/2014:06:40:58 -0500] "GET /BLA/resoluciones/RESOLUCIONES%202007/RES%202007%201301%20AL%201400/RESOLUCION%201304%20DE%202007.pdf HTTP/1.1" 200 61586
186.113.207.165 - - [22/Oct/2014:06:40:58 -0500] "GET /favicon.ico HTTP/1.1" 200 7782
190.66.96.117 - - [22/Oct/2014:06:41:21 -0500] "POST /forms/lservlet;jsessionid=ac16012b30d56e36ba3957254d42a0e4f9fb01ccc471.e3iSbxaKaheRe34Sa3yKbhiTahb0n6jAmljGr5XDqQLvpAe HTTP/1.1" 200 2
190.42.86.36 - - [22/Oct/2014:06:41:29 -0500] "GET /BLA/boletinlegal/js/jquery.js HTTP/1.1" 200 57254
190.42.86.36 - - [22/Oct/2014:06:41:29 -0500] "GET /BLA/boletinlegal/js/jquery.scrollTo-min.js HTTP/1.1" 200 1150
190.42.86.36 - - [22/Oct/2014:06:41:29 -0500] "GET /BLA/boletinlegal/js/jquery.scrollShow.js HTTP/1.1" 200 4586
201.184.66.31 - - [22/Oct/2014:06:41:29 -0500] "GET /dama/libreria/pdf/PMA_alcaldia.pdf HTTP/1.1" 404 1331
201.184.66.31 - - [22/Oct/2014:06:42:04 -0500] "GET /dama/libreria/pdf/PMA_alcaldia.pdf HTTP/1.1" 404 1331
188.165.15.27 - - [22/Oct/2014:06:42:45 -0500] "GET /BLA/resoluciones/RESOLUCIONES%202003/RES%202003%20201-250/2003RES204.tif HTTP/1.1" 200 427108
190.156.142.56 - - [22/Oct/2014:06:42:52 -0500] "GET /BLA/boletinlegal/js/jquery.js HTTP/1.1" 200 57254
190.156.142.56 - - [22/Oct/2014:06:42:52 -0500] "GET /BLA/boletinlegal/js/jquery.scrollTo-min.js HTTP/1.1" 200 1150
190.156.142.56 - - [22/Oct/2014:06:42:52 -0500] "GET /BLA/boletinlegal/js/jquery.scrollShow.js HTTP/1.1" 200 4586
190.156.142.56 - - [22/Oct/2014:06:42:52 -0500] "GET /galeria/carrusel/Carrusel/jquery.thumbnailScroller.css HTTP/1.1" 200 2066
190.156.142.56 - - [22/Oct/2014:06:42:52 -0500] "GET /galeria/carrusel/Carrusel/jquery-ui-1.8.13.custom.min.js HTTP/1.1" 200 10800
190.156.142.56 - - [22/Oct/2014:06:42:52 -0500] "GET /galeria/carrusel/Carrusel/jquery.thumbnailScroller.js HTTP/1.1" 200 8157
190.156.142.56 - - [22/Oct/2014:06:42:54 -0500] "GET /galeria/nivo-slider/demo/demo.html HTTP/1.1" 200 3471
190.156.142.56 - - [22/Oct/2014:06:42:55 -0500] "GET /galeria/nivo-slider/themes/default/default.css HTTP/1.1" 200 1569
190.156.142.56 - - [22/Oct/2014:06:42:55 -0500] "GET /galeria/nivo-slider/themes/pascal/pascal.css HTTP/1.1" 200 2258
190.156.142.56 - - [22/Oct/2014:06:42:55 -0500] "GET /galeria/nivo-slider/themes/orman/orman.css HTTP/1.1" 200 2152
190.156.142.56 - - [22/Oct/2014:06:42:55 -0500] "GET /galeria/nivo-slider/nivo-slider.css HTTP/1.1" 200 1507
190.156.142.56 - - [22/Oct/2014:06:42:55 -0500] "GET /galeria/nivo-slider/demo/images/banner-aceite3.jpg HTTP/1.1" 200 88347
190.156.142.56 - - [22/Oct/2014:06:42:55 -0500] "GET /galeria/nivo-slider/demo/style.css HTTP/1.1" 200 2222
190.156.142.56 - - [22/Oct/2014:06:42:55 -0500] "GET /galeria/nivo-slider/demo/images/mesTIC.jpg HTTP/1.1" 200 180719
190.156.142.56 - - [22/Oct/2014:06:42:55 -0500] "GET /galeria/nivo-slider/demo/images/Tingua-azul.jpg HTTP/1.1" 200 307638
190.156.142.56 - - [22/Oct/2014:06:42:55 -0500] "GET /galeria/nivo-slider/demo/images/EncuentroAgua1.jpg HTTP/1.1" 200 274179
190.156.142.56 - - [22/Oct/2014:06:42:55 -0500] "GET /galeria/nivo-slider/demo/images/Banner-Caracol-Africano.jpg HTTP/1.1" 200 331986
190.156.142.56 - - [22/Oct/2014:06:42:55 -0500] "GET /galeria/nivo-slider/demo/images/banner-redes.jpg HTTP/1.1" 200 62209
190.156.142.56 - - [22/Oct/2014:06:42:55 -0500] "GET /galeria/nivo-slider/demo/images/9Signos.jpg HTTP/1.1" 200 93040
190.156.142.56 - - [22/Oct/2014:06:42:56 -0500] "GET /galeria/nivo-slider/demo/images/banner-encuesta.jpg HTTP/1.1" 200 42764
190.156.142.56 - - [22/Oct/2014:06:42:56 -0500] "GET /galeria/nivo-slider/demo/images/banner-llantas2.jpg HTTP/1.1" 200 73153
190.156.142.56 - - [22/Oct/2014:06:42:56 -0500] "GET /galeria/nivo-slider/demo/images/banner-caballos.png HTTP/1.1" 200 389106
190.156.142.56 - - [22/Oct/2014:06:42:56 -0500] "GET /galeria/nivo-slider/demo/images/Hacienda_Molinos.jpg HTTP/1.1" 200 319171
190.156.142.56 - - [22/Oct/2014:06:42:56 -0500] "GET /galeria/nivo-slider/demo/images/bannerEcolecta3.jpg HTTP/1.1" 200 280034
190.156.142.56 - - [22/Oct/2014:06:42:57 -0500] "GET /galeria/nivo-slider/demo/scripts/jquery-1.7.1.min.js HTTP/1.1" 200 93868
190.156.142.56 - - [22/Oct/2014:06:42:57 -0500] "GET /galeria/nivo-slider/jquery.nivo.slider.pack.js HTTP/1.1" 200 11561
190.156.142.56 - - [22/Oct/2014:06:42:57 -0500] "GET /galeria/nivo-slider/demo/images/4Simple_Slider.png HTTP/1.1" 200 11722
190.156.142.56 - - [22/Oct/2014:06:42:57 -0500] "GET /galeria/nivo-slider/themes/default/loading.gif HTTP/1.1" 200 1737
190.156.142.56 - - [22/Oct/2014:06:42:58 -0500] "GET /galeria/nivo-slider/themes/default/arrows.png HTTP/1.1" 200 824
190.156.142.56 - - [22/Oct/2014:06:42:58 -0500] "GET /galeria/nivo-slider/themes/default/bullets.png HTTP/1.1" 200 1281
190.66.96.117 - - [22/Oct/2014:06:43:21 -0500] "POST /forms/lservlet;jsessionid=ac16012b30d56e36ba3957254d42a0e4f9fb01ccc471.e3iSbxaKaheRe34Sa3yKbhiTahb0n6jAmljGr5XDqQLvpAe HTTP/1.1" 200 2
188.165.15.160 - - [22/Oct/2014:06:43:28 -0500] "GET /manual_funciones_Listado/index.php?dir=2.3.%20Direcci%C3%83%C2%83%C3%82%C2%83%C3%83%C2%82%C3%82%C2%B3n%20de%20Gesti%C3%83%C2%83%C3%82%C2%83%C3%83%C2%82%C3%82%C2%B3n%20Ambiental/&sort=name&order=asc HTTP/1.1" 404 1018
66.249.64.167 - - [22/Oct/2014:06:43:38 -0500] "GET /BLA/resoluciones/AUTOS%202008/0079.pdf HTTP/1.1" 200 62403
66.249.64.163 - - [22/Oct/2014:06:43:56 -0500] "GET /BLA/resoluciones/RESOLUCIONES%202004/RES%202004%20101-150/00000129.tif HTTP/1.1" 200 96038
66.249.64.167 - - [22/Oct/2014:06:44:03 -0500] "GET /BLA/resoluciones/RESOLUCIONES%202008/1743.pdf HTTP/1.1" 200 149299
201.245.192.253 - - [22/Oct/2014:06:44:38 -0500] "GET /forest/img/jquery/ui-icons_217bc0_256x240.png HTTP/1.1" 200 28441
188.165.15.126 - - [22/Oct/2014:06:44:39 -0500] "GET /BLA/resoluciones/RESOLUCIONES%202005/RES%202005%202651-2700/00002660.tif HTTP/1.1" 200 98612
201.245.192.253 - - [22/Oct/2014:06:44:43 -0500] "GET /forest/img/jquery/ui-icons_d8e7f3_256x240.png HTTP/1.1" 200 28441
66.249.64.163 - - [22/Oct/2014:06:45:20 -0500] "GET /BLA/resoluciones/RESOLUCIONES%202007/ HTTP/1.1" 200 11038
190.66.96.117 - - [22/Oct/2014:06:45:21 -0500] "POST /forms/lservlet;jsessionid=ac16012b30d56e36ba3957254d42a0e4f9fb01ccc471.e3iSbxaKaheRe34Sa3yKbhiTahb0n6jAmljGr5XDqQLvpAe HTTP/1.1" 200 2
74.86.158.107 - - [22/Oct/2014:06:45:33 -0500] "HEAD / HTTP/1.1" 302 -
201.245.192.253 - - [22/Oct/2014:06:45:38 -0500] "GET /forest/img/jquery/ui-bg_flat_55_fbec88_40x100.png HTTP/1.1" 200 14553
201.245.192.253 - - [22/Oct/2014:06:45:46 -0500] "GET /BLA/boletinlegal/js/jquery.scrollShow.js HTTP/1.1" 200 4586
201.245.192.253 - - [22/Oct/2014:06:45:46 -0500] "GET /BLA/boletinlegal/js/jquery.scrollTo-min.js HTTP/1.1" 200 1150
201.245.192.253 - - [22/Oct/2014:06:45:46 -0500] "GET /BLA/boletinlegal/js/jquery.js HTTP/1.1" 200 57254
201.245.192.253 - - [22/Oct/2014:06:45:51 -0500] "GET /galeria/nivo-slider/demo/images/banner-aceite3.jpg HTTP/1.1" 304 -
186.29.133.235 - - [22/Oct/2014:06:46:25 -0500] "GET /forms/frmservlet?config=sia HTTP/1.1" 200 4046
201.245.192.253 - - [22/Oct/2014:06:46:32 -0500] "GET /forest/img/jquery/ui-bg_inset-hard_100_fcfdfd_1x100.png HTTP/1.1" 200 18025
186.29.133.235 - - [22/Oct/2014:06:46:40 -0500] "GET /forms/frmservlet?config=sia HTTP/1.1" 200 4028
201.245.192.253 - - [22/Oct/2014:06:46:47 -0500] "GET /forest/img/jquery/ui-icons_6da8d5_256x240.png HTTP/1.1" 200 18025
186.29.133.235 - - [22/Oct/2014:06:46:48 -0500] "GET /forms/java/frmall_jinit.jar HTTP/1.1" 304 -
186.29.133.235 - - [22/Oct/2014:06:46:49 -0500] "GET /forms/java/icons.jar HTTP/1.1" 304 -
186.29.133.235 - - [22/Oct/2014:06:46:49 -0500] "GET /forms/java/java/awt/KeyboardFocusManager.class HTTP/1.1" 404 352
186.29.133.235 - - [22/Oct/2014:06:46:49 -0500] "GET /forms/java/java/awt/KeyboardFocusManager.class HTTP/1.1" 404 352
186.29.133.235 - - [22/Oct/2014:06:46:50 -0500] "GET /forms/java/java/awt/event/MouseWheelListener.class HTTP/1.1" 404 356
186.29.133.235 - - [22/Oct/2014:06:46:50 -0500] "GET /forms/java/java/awt/event/MouseWheelListener.class HTTP/1.1" 404 356
186.29.133.235 - - [22/Oct/2014:06:46:50 -0500] "GET /forms/java/oracle/forms/registry/Registry.dat HTTP/1.1" 200 4213
186.29.133.235 - - [22/Oct/2014:06:46:50 -0500] "GET /forms/java/oracle/forms/registry/default.dat HTTP/1.1" 404 350
186.29.133.235 - - [22/Oct/2014:06:46:51 -0500] "GET /forms/frmservlet?config=sia&acceptLanguage=es-CO&ifcmd=startsession HTTP/1.1" 200 119
186.29.133.235 - - [22/Oct/2014:06:46:51 -0500] "GET /forms/lservlet;jsessionid=ac16012b30d54e8b5575ebd24b9f8c07ca5d0412a55d.e3iSbxaKaheRe34Sa3yKbhiTahb0n6jAmljGr5XDqQLvpAe?ifcmd=getinfo&ifhost=Paola&ifip=10.127.127.1 HTTP/1.1" 200 8
186.29.133.235 - - [22/Oct/2014:06:46:51 -0500] "POST /forms/lservlet;jsessionid=ac16012b30d54e8b5575ebd24b9f8c07ca5d0412a55d.e3iSbxaKaheRe34Sa3yKbhiTahb0n6jAmljGr5XDqQLvpAe HTTP/1.1" 200 8
186.29.133.235 - - [22/Oct/2014:06:46:51 -0500] "GET /forms/java/oracle/forms/engine/RunformBundle_es_CO.class HTTP/1.1" 404 362
186.29.133.235 - - [22/Oct/2014:06:46:51 -0500] "GET /forms/java/oracle/forms/engine/RunformBundle_es_CO.class HTTP/1.1" 404 362
186.29.133.235 - - [22/Oct/2014:06:46:51 -0500] "GET /forms/java/oracle/forms/engine/RunformBundle_es_CO.properties HTTP/1.1" 404 367
188.165.15.177 - - [22/Oct/2014:06:46:52 -0500] "GET /BLA/resoluciones/RESOLUCIONES%202005/RES%202005%201051-1100/00001051.tif HTTP/1.1" 200 153990
186.29.133.235 - - [22/Oct/2014:06:46:51 -0500] "POST /forms/lservlet;jsessionid=ac16012b30d54e8b5575ebd24b9f8c07ca5d0412a55d.e3iSbxaKaheRe34Sa3yKbhiTahb0n6jAmljGr5XDqQLvpAe HTTP/1.1" 200 64000
186.29.133.235 - - [22/Oct/2014:06:46:52 -0500] "POST /forms/lservlet;jsessionid=ac16012b30d54e8b5575ebd24b9f8c07ca5d0412a55d.e3iSbxaKaheRe34Sa3yKbhiTahb0n6jAmljGr5XDqQLvpAe HTTP/1.1" 200 64000
186.29.133.235 - - [22/Oct/2014:06:46:53 -0500] "POST /forms/lservlet;jsessionid=ac16012b30d54e8b5575ebd24b9f8c07ca5d0412a55d.e3iSbxaKaheRe34Sa3yKbhiTahb0n6jAmljGr5XDqQLvpAe HTTP/1.1" 200 63623
186.29.133.235 - - [22/Oct/2014:06:46:55 -0500] "HEAD /imagenes/dama_logo.gif HTTP/1.1" 200 -
186.29.133.235 - - [22/Oct/2014:06:46:55 -0500] "GET /imagenes/dama_logo.gif HTTP/1.1" 200 21482
186.29.133.235 - - [22/Oct/2014:06:46:56 -0500] "POST /forms/lservlet;jsessionid=ac16012b30d54e8b5575ebd24b9f8c07ca5d0412a55d.e3iSbxaKaheRe34Sa3yKbhiTahb0n6jAmljGr5XDqQLvpAe HTTP/1.1" 200 2
186.29.133.235 - - [22/Oct/2014:06:46:56 -0500] "POST /forms/lservlet;jsessionid=ac16012b30d54e8b5575ebd24b9f8c07ca5d0412a55d.e3iSbxaKaheRe34Sa3yKbhiTahb0n6jAmljGr5XDqQLvpAe HTTP/1.1" 200 2
201.245.192.253 - - [22/Oct/2014:06:46:58 -0500] "GET /forest/img/jquery/quitarfiltrar.gif HTTP/1.1" 200 1021
66.249.64.171 - - [22/Oct/2014:06:47:02 -0500] "GET /BLA/resoluciones/RESOLUCIONES%202014/1016.pdf HTTP/1.1" 304 -
201.245.192.253 - - [22/Oct/2014:06:47:07 -0500] "GET /forest/img/jquery/ui-bg_glass_85_dfeffc_1x400.png HTTP/1.1" 200 14553
190.66.96.117 - - [22/Oct/2014:06:47:21 -0500] "POST /forms/lservlet;jsessionid=ac16012b30d56e36ba3957254d42a0e4f9fb01ccc471.e3iSbxaKaheRe34Sa3yKbhiTahb0n6jAmljGr5XDqQLvpAe HTTP/1.1" 200 2
201.245.192.253 - - [22/Oct/2014:06:47:30 -0500] "GET /forest/img/jquery/ui-icons_469bdd_256x240.png HTTP/1.1" 200 18025
188.165.15.90 - - [22/Oct/2014:06:47:32 -0500] "GET /BLA/resoluciones/RESOLUCIONES%202003/RES%202003%202051-2100/00002097.tif HTTP/1.1" 200 264646
201.245.192.253 - - [22/Oct/2014:06:47:37 -0500] "GET /forest/img/jquery/columnshide.gif HTTP/1.1" 200 591
201.245.192.253 - - [22/Oct/2014:06:47:38 -0500] "GET /galeria/nivo-slider/demo/demo.html HTTP/1.1" 304 -
201.245.192.253 - - [22/Oct/2014:06:47:43 -0500] "GET /forest/img/jquery/save.gif HTTP/1.1" 200 1041
201.245.192.253 - - [22/Oct/2014:06:47:43 -0500] "GET /forest/skins/gdocs-jar/img/doc-alert.gif HTTP/1.1" 200 370
190.66.96.117 - - [22/Oct/2014:06:47:45 -0500] "POST /forms/lservlet;jsessionid=ac16012b30d56e36ba3957254d42a0e4f9fb01ccc471.e3iSbxaKaheRe34Sa3yKbhiTahb0n6jAmljGr5XDqQLvpAe HTTP/1.1" 200 2398
66.249.64.171 - - [22/Oct/2014:06:47:46 -0500] "GET /BLA/resoluciones/RESOLUCIONES%202008/3057.pdf HTTP/1.1" 200 408103
201.245.192.253 - - [22/Oct/2014:06:47:49 -0500] "GET /forest/img/jquery/ui-bg_gloss-wave_55_5c9ccc_500x100.png HTTP/1.1" 200 58064
190.66.96.117 - - [22/Oct/2014:06:47:50 -0500] "POST /forms/lservlet;jsessionid=ac16012b30d56e36ba3957254d42a0e4f9fb01ccc471.e3iSbxaKaheRe34Sa3yKbhiTahb0n6jAmljGr5XDqQLvpAe HTTP/1.1" 200 71
201.245.192.253 - - [22/Oct/2014:06:48:04 -0500] "GET /forest/skins/gdocs-jar/img/clip.gif HTTP/1.1" 200 246
190.66.96.117 - - [22/Oct/2014:06:48:18 -0500] "POST /forms/lservlet;jsessionid=ac16012b30d56e36ba3957254d42a0e4f9fb01ccc471.e3iSbxaKaheRe34Sa3yKbhiTahb0n6jAmljGr5XDqQLvpAe HTTP/1.1" 200 26
190.66.96.117 - - [22/Oct/2014:06:48:18 -0500] "POST /forms/lservlet;jsessionid=ac16012b30d56e36ba3957254d42a0e4f9fb01ccc471.e3iSbxaKaheRe34Sa3yKbhiTahb0n6jAmljGr5XDqQLvpAe HTTP/1.1" 200 3947
190.66.96.117 - - [22/Oct/2014:06:48:19 -0500] "POST /forms/lservlet;jsessionid=ac16012b30d56e36ba3957254d42a0e4f9fb01ccc471.e3iSbxaKaheRe34Sa3yKbhiTahb0n6jAmljGr5XDqQLvpAe HTTP/1.1" 200 20
190.66.96.117 - - [22/Oct/2014:06:48:22 -0500] "POST /forms/lservlet;jsessionid=ac16012b30d56e36ba3957254d42a0e4f9fb01ccc471.e3iSbxaKaheRe34Sa3yKbhiTahb0n6jAmljGr5XDqQLvpAe HTTP/1.1" 200 2
190.66.96.117 - - [22/Oct/2014:06:48:22 -0500] "POST /forms/lservlet;jsessionid=ac16012b30d56e36ba3957254d42a0e4f9fb01ccc471.e3iSbxaKaheRe34Sa3yKbhiTahb0n6jAmljGr5XDqQLvpAe HTTP/1.1" 200 14
190.66.96.117 - - [22/Oct/2014:06:48:23 -0500] "POST /forms/lservlet;jsessionid=ac16012b30d56e36ba3957254d42a0e4f9fb01ccc471.e3iSbxaKaheRe34Sa3yKbhiTahb0n6jAmljGr5XDqQLvpAe HTTP/1.1" 200 14
190.66.96.117 - - [22/Oct/2014:06:48:24 -0500] "POST /forms/lservlet;jsessionid=ac16012b30d56e36ba3957254d42a0e4f9fb01ccc471.e3iSbxaKaheRe34Sa3yKbhiTahb0n6jAmljGr5XDqQLvpAe HTTP/1.1" 200 14
190.66.96.117 - - [22/Oct/2014:06:48:26 -0500] "POST /forms/lservlet;jsessionid=ac16012b30d56e36ba3957254d42a0e4f9fb01ccc471.e3iSbxaKaheRe34Sa3yKbhiTahb0n6jAmljGr5XDqQLvpAe HTTP/1.1" 200 113
190.66.96.117 - - [22/Oct/2014:06:48:26 -0500] "POST /forms/lservlet;jsessionid=ac16012b30d56e36ba3957254d42a0e4f9fb01ccc471.e3iSbxaKaheRe34Sa3yKbhiTahb0n6jAmljGr5XDqQLvpAe HTTP/1.1" 200 2
190.66.96.117 - - [22/Oct/2014:06:48:26 -0500] "GET /reports/rwservlet/getjobid330870?server=rep_srvapsda HTTP/1.1" 200 648297
201.232.176.198 - - [22/Oct/2014:06:48:47 -0500] "GET /BLA/boletinlegal/js/jquery.scrollTo-min.js HTTP/1.1" 200 1150
201.232.176.198 - - [22/Oct/2014:06:48:47 -0500] "GET /BLA/boletinlegal/js/jquery.js HTTP/1.1" 200 57254
201.232.176.198 - - [22/Oct/2014:06:48:47 -0500] "GET /BLA/boletinlegal/js/jquery.scrollShow.js HTTP/1.1" 200 4586
201.232.176.198 - - [22/Oct/2014:06:48:47 -0500] "GET /galeria/carrusel/Carrusel/jquery.thumbnailScroller.css HTTP/1.1" 200 2066
201.232.176.198 - - [22/Oct/2014:06:48:47 -0500] "GET /galeria/carrusel/Carrusel/jquery-ui-1.8.13.custom.min.js HTTP/1.1" 200 10800
201.232.176.198 - - [22/Oct/2014:06:48:47 -0500] "GET /galeria/carrusel/Carrusel/jquery.thumbnailScroller.js HTTP/1.1" 200 8157
201.232.176.198 - - [22/Oct/2014:06:48:49 -0500] "GET /galeria/nivo-slider/demo/demo.html HTTP/1.1" 200 3471
201.232.176.198 - - [22/Oct/2014:06:48:50 -0500] "GET /galeria/nivo-slider/themes/default/default.css HTTP/1.1" 200 1569
201.232.176.198 - - [22/Oct/2014:06:48:50 -0500] "GET /galeria/nivo-slider/themes/pascal/pascal.css HTTP/1.1" 200 2258
201.232.176.198 - - [22/Oct/2014:06:48:50 -0500] "GET /galeria/nivo-slider/themes/orman/orman.css HTTP/1.1" 200 2152
201.232.176.198 - - [22/Oct/2014:06:48:50 -0500] "GET /galeria/nivo-slider/nivo-slider.css HTTP/1.1" 200 1507
201.232.176.198 - - [22/Oct/2014:06:48:50 -0500] "GET /galeria/nivo-slider/demo/style.css HTTP/1.1" 200 2222
201.232.176.198 - - [22/Oct/2014:06:48:50 -0500] "GET /galeria/nivo-slider/demo/images/banner-aceite3.jpg HTTP/1.1" 200 88347
201.232.176.198 - - [22/Oct/2014:06:48:50 -0500] "GET /galeria/nivo-slider/demo/images/mesTIC.jpg HTTP/1.1" 200 180719
201.232.176.198 - - [22/Oct/2014:06:48:50 -0500] "GET /galeria/nivo-slider/demo/images/EncuentroAgua1.jpg HTTP/1.1" 200 274179
201.232.176.198 - - [22/Oct/2014:06:48:50 -0500] "GET /galeria/nivo-slider/demo/images/Tingua-azul.jpg HTTP/1.1" 200 307638
201.232.176.198 - - [22/Oct/2014:06:48:50 -0500] "GET /galeria/nivo-slider/demo/images/Banner-Caracol-Africano.jpg HTTP/1.1" 200 331986
201.232.176.198 - - [22/Oct/2014:06:48:50 -0500] "GET /galeria/nivo-slider/demo/images/banner-redes.jpg HTTP/1.1" 200 62209
201.232.176.198 - - [22/Oct/2014:06:48:50 -0500] "GET /galeria/nivo-slider/demo/images/9Signos.jpg HTTP/1.1" 200 93040
186.29.133.235 - - [22/Oct/2014:06:48:51 -0500] "POST /forms/lservlet;jsessionid=ac16012b30d54e8b5575ebd24b9f8c07ca5d0412a55d.e3iSbxaKaheRe34Sa3yKbhiTahb0n6jAmljGr5XDqQLvpAe HTTP/1.1" 200 2
201.232.176.198 - - [22/Oct/2014:06:48:51 -0500] "GET /galeria/nivo-slider/demo/images/banner-encuesta.jpg HTTP/1.1" 200 42764
190.66.96.117 - - [22/Oct/2014:06:48:51 -0500] "POST /forms/lservlet;jsessionid=ac16012b30d56e36ba3957254d42a0e4f9fb01ccc471.e3iSbxaKaheRe34Sa3yKbhiTahb0n6jAmljGr5XDqQLvpAe HTTP/1.1" 200 2
201.232.176.198 - - [22/Oct/2014:06:48:51 -0500] "GET /galeria/nivo-slider/demo/images/banner-llantas2.jpg HTTP/1.1" 200 73153
201.232.176.198 - - [22/Oct/2014:06:48:51 -0500] "GET /galeria/nivo-slider/demo/images/banner-caballos.png HTTP/1.1" 200 389106
201.232.176.198 - - [22/Oct/2014:06:48:52 -0500] "GET /galeria/nivo-slider/demo/images/Hacienda_Molinos.jpg HTTP/1.1" 200 319171
201.232.176.198 - - [22/Oct/2014:06:48:52 -0500] "GET /galeria/nivo-slider/demo/images/bannerEcolecta3.jpg HTTP/1.1" 200 280034
190.66.96.117 - - [22/Oct/2014:06:48:51 -0500] "POST /forms/lservlet;jsessionid=ac16012b30d56e36ba3957254d42a0e4f9fb01ccc471.e3iSbxaKaheRe34Sa3yKbhiTahb0n6jAmljGr5XDqQLvpAe HTTP/1.1" 200 14
201.232.176.198 - - [22/Oct/2014:06:48:52 -0500] "GET /galeria/nivo-slider/demo/scripts/jquery-1.7.1.min.js HTTP/1.1" 200 93868
201.232.176.198 - - [22/Oct/2014:06:48:53 -0500] "GET /galeria/nivo-slider/jquery.nivo.slider.pack.js HTTP/1.1" 200 11561
190.66.96.117 - - [22/Oct/2014:06:48:52 -0500] "POST /forms/lservlet;jsessionid=ac16012b30d56e36ba3957254d42a0e4f9fb01ccc471.e3iSbxaKaheRe34Sa3yKbhiTahb0n6jAmljGr5XDqQLvpAe HTTP/1.1" 200 14
201.232.176.198 - - [22/Oct/2014:06:48:54 -0500] "GET /galeria/nivo-slider/demo/images/4Simple_Slider.png HTTP/1.1" 200 11722
201.232.176.198 - - [22/Oct/2014:06:48:54 -0500] "GET /galeria/nivo-slider/themes/default/loading.gif HTTP/1.1" 200 1737
201.232.176.198 - - [22/Oct/2014:06:48:54 -0500] "GET /galeria/nivo-slider/themes/default/arrows.png HTTP/1.1" 200 824
201.232.176.198 - - [22/Oct/2014:06:48:54 -0500] "GET /galeria/nivo-slider/themes/default/bullets.png HTTP/1.1" 200 1281
190.66.96.117 - - [22/Oct/2014:06:48:54 -0500] "POST /forms/lservlet;jsessionid=ac16012b30d56e36ba3957254d42a0e4f9fb01ccc471.e3iSbxaKaheRe34Sa3yKbhiTahb0n6jAmljGr5XDqQLvpAe HTTP/1.1" 200 115
190.66.96.117 - - [22/Oct/2014:06:48:55 -0500] "POST /forms/lservlet;jsessionid=ac16012b30d56e36ba3957254d42a0e4f9fb01ccc471.e3iSbxaKaheRe34Sa3yKbhiTahb0n6jAmljGr5XDqQLvpAe HTTP/1.1" 200 2
190.66.96.117 - - [22/Oct/2014:06:48:55 -0500] "GET /reports/rwservlet/getjobid330871?server=rep_srvapsda HTTP/1.1" 200 47773
190.24.129.149 - - [22/Oct/2014:06:48:57 -0500] "GET /galeria/nivo-slider/demo/demo.html HTTP/1.1" 304 -
201.245.192.253 - - [22/Oct/2014:06:49:09 -0500] "GET /forest/img/newdocs.gif HTTP/1.1" 200 433
190.66.96.117 - - [22/Oct/2014:06:49:21 -0500] "POST /forms/lservlet;jsessionid=ac16012b30d56e36ba3957254d42a0e4f9fb01ccc471.e3iSbxaKaheRe34Sa3yKbhiTahb0n6jAmljGr5XDqQLvpAe HTTP/1.1" 200 2
74.86.158.107 - - [22/Oct/2014:06:50:33 -0500] "HEAD / HTTP/1.1" 302 -
186.29.133.235 - - [22/Oct/2014:06:50:51 -0500] "POST /forms/lservlet;jsessionid=ac16012b30d54e8b5575ebd24b9f8c07ca5d0412a55d.e3iSbxaKaheRe34Sa3yKbhiTahb0n6jAmljGr5XDqQLvpAe HTTP/1.1" 200 2
188.165.15.188 - - [22/Oct/2014:06:50:51 -0500] "GET /BLA/resoluciones/RESOLUCIONES%202006/RES%202006%201051-1100/00001073.tif HTTP/1.1" 200 162472
186.116.10.42 - - [22/Oct/2014:06:50:57 -0500] "GET /BLA/boletinlegal/js/jquery.js HTTP/1.1" 200 57254
186.116.10.42 - - [22/Oct/2014:06:50:57 -0500] "GET /BLA/boletinlegal/js/jquery.scrollTo-min.js HTTP/1.1" 200 1150
186.116.10.42 - - [22/Oct/2014:06:50:57 -0500] "GET /BLA/boletinlegal/js/jquery.scrollShow.js HTTP/1.1" 200 4586
188.165.15.127 - - [22/Oct/2014:06:51:19 -0500] "GET /BLA/resoluciones/RESOLUCIONES%202004/RES%202004%201501-1550/00001534.tif HTTP/1.1" 200 56050
190.66.96.117 - - [22/Oct/2014:06:51:21 -0500] "POST /forms/lservlet;jsessionid=ac16012b30d56e36ba3957254d42a0e4f9fb01ccc471.e3iSbxaKaheRe34Sa3yKbhiTahb0n6jAmljGr5XDqQLvpAe HTTP/1.1" 200 2
190.25.64.138 - - [22/Oct/2014:06:51:23 -0500] "GET /BLA/boletinlegal/js/jquery.js HTTP/1.1" 200 57254
190.25.64.138 - - [22/Oct/2014:06:51:23 -0500] "GET /BLA/boletinlegal/js/jquery.scrollTo-min.js HTTP/1.1" 200 1150
190.25.64.138 - - [22/Oct/2014:06:51:23 -0500] "GET /BLA/boletinlegal/js/jquery.scrollShow.js HTTP/1.1" 200 4586
190.25.64.138 - - [22/Oct/2014:06:51:25 -0500] "GET /galeria/carrusel/Carrusel/jquery.thumbnailScroller.css HTTP/1.1" 200 2066
190.25.64.138 - - [22/Oct/2014:06:51:25 -0500] "GET /galeria/carrusel/Carrusel/jquery-ui-1.8.13.custom.min.js HTTP/1.1" 200 10800
190.25.64.138 - - [22/Oct/2014:06:51:25 -0500] "GET /galeria/carrusel/Carrusel/jquery.thumbnailScroller.js HTTP/1.1" 200 8157
66.249.64.171 - - [22/Oct/2014:06:51:27 -0500] "GET /BLA/resoluciones/AUTOS%202011/4052.pdf HTTP/1.1" 200 236029
190.25.64.138 - - [22/Oct/2014:06:51:27 -0500] "GET /galeria/nivo-slider/demo/demo.html HTTP/1.1" 200 3471
190.25.64.138 - - [22/Oct/2014:06:51:28 -0500] "GET /galeria/nivo-slider/themes/default/default.css HTTP/1.1" 200 1569
190.25.64.138 - - [22/Oct/2014:06:51:28 -0500] "GET /galeria/nivo-slider/themes/pascal/pascal.css HTTP/1.1" 200 2258
190.25.64.138 - - [22/Oct/2014:06:51:28 -0500] "GET /galeria/nivo-slider/themes/orman/orman.css HTTP/1.1" 200 2152
190.25.64.138 - - [22/Oct/2014:06:51:28 -0500] "GET /galeria/nivo-slider/nivo-slider.css HTTP/1.1" 200 1507
190.25.64.138 - - [22/Oct/2014:06:51:28 -0500] "GET /galeria/nivo-slider/demo/scripts/jquery-1.7.1.min.js HTTP/1.1" 200 93868
190.25.64.138 - - [22/Oct/2014:06:51:28 -0500] "GET /galeria/nivo-slider/demo/style.css HTTP/1.1" 200 2222
190.25.64.138 - - [22/Oct/2014:06:51:28 -0500] "GET /galeria/nivo-slider/jquery.nivo.slider.pack.js HTTP/1.1" 200 11561
190.25.64.138 - - [22/Oct/2014:06:51:28 -0500] "GET /galeria/nivo-slider/demo/images/banner-aceite3.jpg HTTP/1.1" 200 88347
190.25.64.138 - - [22/Oct/2014:06:51:28 -0500] "GET /galeria/nivo-slider/demo/images/mesTIC.jpg HTTP/1.1" 200 180719
190.25.64.138 - - [22/Oct/2014:06:51:28 -0500] "GET /galeria/nivo-slider/demo/images/EncuentroAgua1.jpg HTTP/1.1" 200 274179
190.25.64.138 - - [22/Oct/2014:06:51:28 -0500] "GET /galeria/nivo-slider/demo/images/Tingua-azul.jpg HTTP/1.1" 200 307638
190.25.64.138 - - [22/Oct/2014:06:51:28 -0500] "GET /galeria/nivo-slider/demo/images/4Simple_Slider.png HTTP/1.1" 200 11722
190.25.64.138 - - [22/Oct/2014:06:51:28 -0500] "GET /galeria/nivo-slider/themes/default/loading.gif HTTP/1.1" 200 1737
190.25.64.138 - - [22/Oct/2014:06:51:28 -0500] "GET /galeria/nivo-slider/demo/images/Banner-Caracol-Africano.jpg HTTP/1.1" 200 331986
190.25.64.138 - - [22/Oct/2014:06:51:28 -0500] "GET /galeria/nivo-slider/demo/images/banner-redes.jpg HTTP/1.1" 200 62209
190.25.64.138 - - [22/Oct/2014:06:51:29 -0500] "GET /galeria/nivo-slider/demo/images/9Signos.jpg HTTP/1.1" 200 93040
190.25.64.138 - - [22/Oct/2014:06:51:29 -0500] "GET /galeria/nivo-slider/demo/images/banner-encuesta.jpg HTTP/1.1" 200 42764
190.25.64.138 - - [22/Oct/2014:06:51:30 -0500] "GET /galeria/nivo-slider/demo/images/banner-llantas2.jpg HTTP/1.1" 200 73153
190.25.64.138 - - [22/Oct/2014:06:51:30 -0500] "GET /galeria/nivo-slider/demo/images/banner-caballos.png HTTP/1.1" 200 389106
190.25.64.138 - - [22/Oct/2014:06:51:30 -0500] "GET /galeria/nivo-slider/demo/images/Hacienda_Molinos.jpg HTTP/1.1" 200 319171
190.25.64.138 - - [22/Oct/2014:06:51:30 -0500] "GET /galeria/nivo-slider/demo/images/bannerEcolecta3.jpg HTTP/1.1" 200 280034
190.25.64.138 - - [22/Oct/2014:06:51:34 -0500] "GET /galeria/nivo-slider/themes/default/arrows.png HTTP/1.1" 200 824
190.25.64.138 - - [22/Oct/2014:06:51:34 -0500] "GET /galeria/nivo-slider/themes/default/bullets.png HTTP/1.1" 200 1281
181.151.122.68 - - [22/Oct/2014:06:51:58 -0500] "GET /BLA/boletinlegal/js/jquery.js HTTP/1.1" 200 57254
181.151.122.68 - - [22/Oct/2014:06:51:58 -0500] "GET /BLA/boletinlegal/js/jquery.scrollShow.js HTTP/1.1" 200 4586
181.151.122.68 - - [22/Oct/2014:06:51:59 -0500] "GET /BLA/boletinlegal/js/jquery.scrollTo-min.js HTTP/1.1" 200 1150
188.165.15.188 - - [22/Oct/2014:06:52:03 -0500] "GET /BLA/resoluciones/index.php?dir=RESOLUCIONES%202002/RES%202002%201401-1450/&sort=name&order=desc HTTP/1.1" 200 12161
188.165.15.177 - - [22/Oct/2014:06:52:10 -0500] "GET /BLA/resoluciones/RESOLUCIONES%202003/RES%202003%20801-850/817.tif HTTP/1.1" 200 305324
186.29.133.235 - - [22/Oct/2014:06:52:51 -0500] "POST /forms/lservlet;jsessionid=ac16012b30d54e8b5575ebd24b9f8c07ca5d0412a55d.e3iSbxaKaheRe34Sa3yKbhiTahb0n6jAmljGr5XDqQLvpAe HTTP/1.1" 200 2
190.66.96.117 - - [22/Oct/2014:06:53:21 -0500] "POST /forms/lservlet;jsessionid=ac16012b30d56e36ba3957254d42a0e4f9fb01ccc471.e3iSbxaKaheRe34Sa3yKbhiTahb0n6jAmljGr5XDqQLvpAe HTTP/1.1" 200 2
201.245.192.253 - - [22/Oct/2014:06:53:22 -0500] "GET /php/reqintranet.php HTTP/1.1" 404 1120
201.245.192.253 - - [22/Oct/2014:06:53:47 -0500] "GET /forest/img/adduser.gif HTTP/1.1" 200 1249
66.249.64.47 - - [22/Oct/2014:06:53:50 -0500] "GET /robots.txt HTTP/1.1" 404 1019
66.249.64.43 - - [22/Oct/2014:06:53:50 -0500] "GET /PORTAL_SIAC/swf/Residuos/pinturas/pinturas.swf?pageNumber= HTTP/1.1" 304 -
100.43.85.25 - - [22/Oct/2014:06:53:56 -0500] "GET /Autoliquidacion/Fauna%20Silvestre/LISTA%20DE%20CHEQUEO%20Y%20FORMATO%20DE%20SOLICITUD%20DE%20SALVOCONDUCTOS%20DE%20MOVILIZACI%C3%93N.xls HTTP/1.1" 200 851456
200.41.133.21 - - [22/Oct/2014:06:54:13 -0500] "GET /BLA/boletinlegal/js/jquery.scrollTo-min.js HTTP/1.1" 200 1150
200.41.133.21 - - [22/Oct/2014:06:54:13 -0500] "GET /BLA/boletinlegal/js/jquery.scrollShow.js HTTP/1.1" 200 4586
200.41.133.21 - - [22/Oct/2014:06:54:13 -0500] "GET /BLA/boletinlegal/js/jquery.js HTTP/1.1" 200 57254
188.165.15.90 - - [22/Oct/2014:06:54:23 -0500] "GET /BLA/resoluciones/RESOLUCIONES%202003/RES%202003%201051-1100/1100.tif HTTP/1.1" 200 139720
188.165.15.90 - - [22/Oct/2014:06:54:25 -0500] "GET /BLA/resoluciones/RESOLUCIONES%202002/RES%202002%201351-1400/20021372.tif HTTP/1.1" 200 86174
191.66.124.229 - - [22/Oct/2014:06:54:40 -0500] "GET /BLA/resoluciones/RESOLUCIONES%202007/RES%202007%201301%20AL%201400/RESOLUCION%201372%20DE%202007.pdf HTTP/1.1" 200 236864
186.29.133.235 - - [22/Oct/2014:06:54:51 -0500] "POST /forms/lservlet;jsessionid=ac16012b30d54e8b5575ebd24b9f8c07ca5d0412a55d.e3iSbxaKaheRe34Sa3yKbhiTahb0n6jAmljGr5XDqQLvpAe HTTP/1.1" 200 2
66.249.64.167 - - [22/Oct/2014:06:55:06 -0500] "GET /BLA/resoluciones/AUTOS%202011/4208.pdf HTTP/1.1" 200 285335
190.66.96.117 - - [22/Oct/2014:06:55:21 -0500] "POST /forms/lservlet;jsessionid=ac16012b30d56e36ba3957254d42a0e4f9fb01ccc471.e3iSbxaKaheRe34Sa3yKbhiTahb0n6jAmljGr5XDqQLvpAe HTTP/1.1" 200 2
66.249.64.167 - - [22/Oct/2014:06:55:31 -0500] "GET /POT-2013/index.php?dir=Cartografia/&sort=name&order=asc HTTP/1.1" 200 11465
74.86.158.107 - - [22/Oct/2014:06:55:33 -0500] "HEAD / HTTP/1.1" 302 -
194.179.55.198 - - [22/Oct/2014:06:56:19 -0500] "GET /BLA/boletinlegal/js/jquery.scrollTo-min.js HTTP/1.1" 200 1150
194.179.55.198 - - [22/Oct/2014:06:56:19 -0500] "GET /BLA/boletinlegal/js/jquery.js HTTP/1.1" 200 57254
194.179.55.198 - - [22/Oct/2014:06:56:19 -0500] "GET /BLA/boletinlegal/js/jquery.scrollShow.js HTTP/1.1" 200 4586
123.125.71.31 - - [22/Oct/2014:06:56:40 -0500] "GET /BLA/resoluciones/RESOLUCIONES%25202012/1744.pdf HTTP/1.1" 404 1018
186.29.133.235 - - [22/Oct/2014:06:56:51 -0500] "POST /forms/lservlet;jsessionid=ac16012b30d54e8b5575ebd24b9f8c07ca5d0412a55d.e3iSbxaKaheRe34Sa3yKbhiTahb0n6jAmljGr5XDqQLvpAe HTTP/1.1" 200 2
66.249.64.171 - - [22/Oct/2014:06:57:08 -0500] "GET /BLA/resoluciones/RESOLUCIONES%202006/RES%202006%20451-500/00000490.tif HTTP/1.1" 200 267374
