201.245.192.253 - - [22/Oct/2014:09:17:41 -0500] "GET /forest/session.jsp?a=0.5371035446878523 HTTP/1.1" 200 4
201.245.192.253 - - [22/Oct/2014:09:17:41 -0500] "POST /forest/misactividades.do?ajax=true&a=0.7334023360162973 HTTP/1.1" 200 10661
201.245.192.253 - - [22/Oct/2014:09:17:45 -0500] "GET /forest/usutareas.do?group_system_actual=3&a=0.8377526190597564 HTTP/1.1" 200 107898
201.245.192.253 - - [22/Oct/2014:09:17:04 -0500] "GET /ForestMSG_SDA/channelAsync/template_word_16737491?X-Atmosphere-tracking-id=c4f17d0e-7b37-13b5-ccf0-3c6ea0d23e6b&X-Atmosphere-Framework=1.0.5&X-Atmosphere-Transport=long-polling&tabid=0.09444912313483655&X-Cache-Date=0&Content-Type=application/xml&_=1413987588195 HTTP/1.1" 200 8193
201.245.192.253 - - [22/Oct/2014:09:17:45 -0500] "GET /forest/session.jsp?a=0.7656361805275083 HTTP/1.1" 200 4
201.245.192.253 - - [22/Oct/2014:09:17:45 -0500] "GET /forest/actions/forms.getMappedValues?id=id_EnlaceConcejo39&value=1413903289002&codForm=DPC_RadicarConsolidador1&a=0.5343997864983976 HTTP/1.1" 200 47
201.245.192.253 - - [22/Oct/2014:09:17:45 -0500] "GET /BLA/boletinlegal/consulta_actos.php?tipo=autos&no=0444&usuario=&sector=PEV&fecha=2014&resuelve= HTTP/1.1" 200 623
201.245.192.253 - - [22/Oct/2014:09:17:47 -0500] "POST /forest/usutareas.do? HTTP/1.1" 200 232
201.245.192.253 - - [22/Oct/2014:09:17:47 -0500] "GET /forest/usutareas.do?_a=0.546122465049848&group_system_actual=3 HTTP/1.1" 200 86175
201.245.192.253 - - [22/Oct/2014:09:17:47 -0500] "GET /forest/session.jsp?a=0.5013539302162826 HTTP/1.1" 200 4
181.48.83.9 - - [22/Oct/2014:09:17:51 -0500] "GET /BLA/resoluciones/RESOLUCIONES%202012/1744.pdf HTTP/1.1" 200 3312506
201.245.192.253 - - [22/Oct/2014:09:17:52 -0500] "GET /forest/usutareas.do?group_system_actual=3&a=0.18243944039568305 HTTP/1.1" 200 19244
201.245.192.253 - - [22/Oct/2014:09:17:52 -0500] "GET /forest/session.jsp?a=0.36857576039619744 HTTP/1.1" 200 4
201.201.156.94 - - [22/Oct/2014:09:17:53 -0500] "GET /BLA/boletinlegal/js/jquery.js HTTP/1.1" 200 57254
201.201.156.94 - - [22/Oct/2014:09:17:53 -0500] "GET /BLA/boletinlegal/js/jquery.scrollTo-min.js HTTP/1.1" 200 1150
201.201.156.94 - - [22/Oct/2014:09:17:53 -0500] "GET /BLA/boletinlegal/js/jquery.scrollShow.js HTTP/1.1" 200 4586
201.245.192.253 - - [22/Oct/2014:09:17:57 -0500] "POST /forest/usutareas.do? HTTP/1.1" 200 124
186.29.225.189 - - [22/Oct/2014:09:17:57 -0500] "GET /webfile/css/escritorio.css HTTP/1.1" 200 11468
186.29.225.189 - - [22/Oct/2014:09:17:57 -0500] "GET /webfile/index.css HTTP/1.1" 200 1475
186.29.225.189 - - [22/Oct/2014:09:17:57 -0500] "GET /webfile/img/contraloria.gif HTTP/1.1" 200 4169
186.29.225.189 - - [22/Oct/2014:09:17:57 -0500] "GET /webfile/img/recibido.gif HTTP/1.1" 200 1915
186.29.225.189 - - [22/Oct/2014:09:17:57 -0500] "GET /webfile/img/forestIcon.gif HTTP/1.1" 200 103
201.245.192.253 - - [22/Oct/2014:09:17:57 -0500] "GET /forest/usutareas.do?group_system_actual=3&a=0.13207737100310624 HTTP/1.1" 200 19272
201.245.192.253 - - [22/Oct/2014:09:17:57 -0500] "GET /forest/session.jsp?a=0.36099433060735464 HTTP/1.1" 200 4
201.245.192.253 - - [22/Oct/2014:09:17:58 -0500] "GET /forest/misactividades.do?_a=0.6387067721225321&group_system_actual=3 HTTP/1.1" 200 36555
201.245.192.253 - - [22/Oct/2014:09:17:58 -0500] "GET /forest/session.jsp?a=0.10674502165056765 HTTP/1.1" 200 4
201.245.192.253 - - [22/Oct/2014:09:17:58 -0500] "POST /forest/misactividades.do?ajax=true&a=0.4182334425859153 HTTP/1.1" 200 10559
201.245.192.253 - - [22/Oct/2014:09:17:59 -0500] "GET /ForestMSG_SDA/channelAsync/template_word_16737491?X-Atmosphere-tracking-id=81fbf663-f4c0-4172-ae70-3aaff5f25f0e&X-Atmosphere-Framework=1.0.5&X-Atmosphere-Transport=long-polling&tabid=0.35421533323824406&X-Cache-Date=0&Content-Type=application/xml&_=1413987642976 HTTP/1.1" 200 8293
201.245.192.253 - - [22/Oct/2014:09:17:59 -0500] "GET /forest/session.jsp?a=0.16750361118465662 HTTP/1.1" 200 4
190.146.156.34 - - [22/Oct/2014:09:18:00 -0500] "GET /BLA/resoluciones/RESOLUCIONES%202012/1744.pdf HTTP/1.1" 206 32768
190.146.156.34 - - [22/Oct/2014:09:18:00 -0500] "GET /BLA/resoluciones/RESOLUCIONES%202012/1744.pdf HTTP/1.1" 206 3279738
190.26.216.101 - - [22/Oct/2014:09:18:04 -0500] "GET /autoliquidacion HTTP/1.1" 301 310
190.26.216.101 - - [22/Oct/2014:09:18:04 -0500] "GET /autoliquidacion/ HTTP/1.1" 200 6375
201.245.192.253 - - [22/Oct/2014:09:18:05 -0500] "GET /forest/usutareas.do?_a=0.4565068227238953&group_system_actual=3 HTTP/1.1" 200 86130
201.245.192.253 - - [22/Oct/2014:09:18:05 -0500] "GET /forest/session.jsp?a=0.09975431417115033 HTTP/1.1" 200 4
181.48.82.233 - - [22/Oct/2014:09:18:07 -0500] "GET /favicon.ico HTTP/1.1" 200 7782
201.245.192.253 - - [22/Oct/2014:09:18:07 -0500] "POST /forest/usutareas.do? HTTP/1.1" 200 124
201.245.192.253 - - [22/Oct/2014:09:18:08 -0500] "GET /forest/usutareas.do?group_system_actual=3&a=0.7791016052942723 HTTP/1.1" 200 19272
201.245.192.253 - - [22/Oct/2014:09:18:08 -0500] "GET /forest/session.jsp?a=0.1626700609922409 HTTP/1.1" 200 4
201.245.192.253 - - [22/Oct/2014:09:18:09 -0500] "GET /forest/misactividades.do?_a=0.4676155529450625&group_system_actual=3 HTTP/1.1" 200 36555
201.245.192.253 - - [22/Oct/2014:09:18:09 -0500] "GET /forest/session.jsp?a=0.77472108672373 HTTP/1.1" 200 4
201.245.192.253 - - [22/Oct/2014:09:18:09 -0500] "POST /forest/misactividades.do?ajax=true&a=0.7954206054564565 HTTP/1.1" 200 10470
66.249.64.167 - - [22/Oct/2014:09:18:10 -0500] "GET /BLA/resoluciones/RESOLUCIONES%202009/0798.pdf HTTP/1.1" 200 350122
190.26.216.101 - - [22/Oct/2014:09:18:13 -0500] "GET /autoliquidacion/index.php?dir=Solicitud+de+Licencia+Ambiental%2F HTTP/1.1" 200 2650
37.228.106.195 - - [22/Oct/2014:09:18:13 -0500] "GET /BLA/boletinlegal/js/jquery.js HTTP/1.1" 200 57254
37.228.106.195 - - [22/Oct/2014:09:18:13 -0500] "GET /BLA/boletinlegal/js/jquery.scrollTo-min.js HTTP/1.1" 200 1150
37.228.106.195 - - [22/Oct/2014:09:18:14 -0500] "GET /BLA/boletinlegal/js/jquery.scrollShow.js HTTP/1.1" 200 4586
190.84.155.46 - - [22/Oct/2014:09:18:16 -0500] "GET /Report2/serviceListados.jsp?queryId=rpt/feccortxnitxinfC_doc&cotiin=19&nitso=104 HTTP/1.1" 200 217
201.245.192.253 - - [22/Oct/2014:09:18:18 -0500] "GET /forest/usutareas.do?_a=0.661390405613929&group_system_actual=3 HTTP/1.1" 200 86208
201.245.192.253 - - [22/Oct/2014:09:18:18 -0500] "GET /forest/session.jsp?a=0.029134961310774088 HTTP/1.1" 200 4
190.26.216.101 - - [22/Oct/2014:09:18:19 -0500] "GET /autoliquidacion/Solicitud%20de%20Licencia%20Ambiental/Solicitud%20de%20licencia%20ambiental.....pdf HTTP/1.1" 200 99744
186.28.195.1 - - [22/Oct/2014:09:18:19 -0500] "POST /forms/lservlet;jsessionid=ac16012b30d519cfbd9267c740ccae24e8129d454775.e3iSbxaKaheRe34Sa3yKbhiTahb0n6jAmljGr5XDqQLvpAe HTTP/1.1" 200 2
190.84.155.46 - - [22/Oct/2014:09:18:19 -0500] "GET /Report2/serviceListados.jsp?queryId=rpt/docsxfeccortxnitxinfC&cotiin=19&nitso=104&fecbal=2014-06-30 HTTP/1.1" 200 433
186.28.195.1 - - [22/Oct/2014:09:18:24 -0500] "POST /forms/lservlet;jsessionid=ac16012b30d519cfbd9267c740ccae24e8129d454775.e3iSbxaKaheRe34Sa3yKbhiTahb0n6jAmljGr5XDqQLvpAe HTTP/1.1" 200 406
186.28.195.1 - - [22/Oct/2014:09:18:24 -0500] "POST /forms/lservlet;jsessionid=ac16012b30d519cfbd9267c740ccae24e8129d454775.e3iSbxaKaheRe34Sa3yKbhiTahb0n6jAmljGr5XDqQLvpAe HTTP/1.1" 200 2015
186.28.195.1 - - [22/Oct/2014:09:18:24 -0500] "POST /forms/lservlet;jsessionid=ac16012b30d519cfbd9267c740ccae24e8129d454775.e3iSbxaKaheRe34Sa3yKbhiTahb0n6jAmljGr5XDqQLvpAe HTTP/1.1" 200 78
200.93.190.218 - - [22/Oct/2014:09:18:27 -0500] "GET /videos/QueEsPREAD.flv HTTP/1.1" 206 1
186.28.195.1 - - [22/Oct/2014:09:18:27 -0500] "POST /forms/lservlet;jsessionid=ac16012b30d519cfbd9267c740ccae24e8129d454775.e3iSbxaKaheRe34Sa3yKbhiTahb0n6jAmljGr5XDqQLvpAe HTTP/1.1" 200 29338
200.93.190.218 - - [22/Oct/2014:09:18:28 -0500] "GET /videos/QueEsPREAD.flv HTTP/1.1" 206 7411844
186.28.195.1 - - [22/Oct/2014:09:18:28 -0500] "POST /forms/lservlet;jsessionid=ac16012b30d519cfbd9267c740ccae24e8129d454775.e3iSbxaKaheRe34Sa3yKbhiTahb0n6jAmljGr5XDqQLvpAe HTTP/1.1" 200 2
186.28.195.1 - - [22/Oct/2014:09:18:28 -0500] "POST /forms/lservlet;jsessionid=ac16012b30d519cfbd9267c740ccae24e8129d454775.e3iSbxaKaheRe34Sa3yKbhiTahb0n6jAmljGr5XDqQLvpAe HTTP/1.1" 200 27
186.28.195.1 - - [22/Oct/2014:09:18:29 -0500] "POST /forms/lservlet;jsessionid=ac16012b30d519cfbd9267c740ccae24e8129d454775.e3iSbxaKaheRe34Sa3yKbhiTahb0n6jAmljGr5XDqQLvpAe HTTP/1.1" 200 2
186.28.195.1 - - [22/Oct/2014:09:18:29 -0500] "POST /forms/lservlet;jsessionid=ac16012b30d519cfbd9267c740ccae24e8129d454775.e3iSbxaKaheRe34Sa3yKbhiTahb0n6jAmljGr5XDqQLvpAe HTTP/1.1" 200 125
186.28.195.1 - - [22/Oct/2014:09:18:30 -0500] "POST /forms/lservlet;jsessionid=ac16012b30d519cfbd9267c740ccae24e8129d454775.e3iSbxaKaheRe34Sa3yKbhiTahb0n6jAmljGr5XDqQLvpAe HTTP/1.1" 200 2
186.28.195.1 - - [22/Oct/2014:09:18:30 -0500] "POST /forms/lservlet;jsessionid=ac16012b30d519cfbd9267c740ccae24e8129d454775.e3iSbxaKaheRe34Sa3yKbhiTahb0n6jAmljGr5XDqQLvpAe HTTP/1.1" 200 630
186.28.195.1 - - [22/Oct/2014:09:18:30 -0500] "POST /forms/lservlet;jsessionid=ac16012b30d519cfbd9267c740ccae24e8129d454775.e3iSbxaKaheRe34Sa3yKbhiTahb0n6jAmljGr5XDqQLvpAe HTTP/1.1" 200 10
186.28.195.1 - - [22/Oct/2014:09:18:30 -0500] "POST /forms/lservlet;jsessionid=ac16012b30d519cfbd9267c740ccae24e8129d454775.e3iSbxaKaheRe34Sa3yKbhiTahb0n6jAmljGr5XDqQLvpAe HTTP/1.1" 200 39
186.28.195.1 - - [22/Oct/2014:09:18:34 -0500] "POST /forms/lservlet;jsessionid=ac16012b30d519cfbd9267c740ccae24e8129d454775.e3iSbxaKaheRe34Sa3yKbhiTahb0n6jAmljGr5XDqQLvpAe HTTP/1.1" 200 22
186.28.195.1 - - [22/Oct/2014:09:18:34 -0500] "POST /forms/lservlet;jsessionid=ac16012b30d519cfbd9267c740ccae24e8129d454775.e3iSbxaKaheRe34Sa3yKbhiTahb0n6jAmljGr5XDqQLvpAe HTTP/1.1" 200 670
186.28.195.1 - - [22/Oct/2014:09:18:34 -0500] "POST /forms/lservlet;jsessionid=ac16012b30d519cfbd9267c740ccae24e8129d454775.e3iSbxaKaheRe34Sa3yKbhiTahb0n6jAmljGr5XDqQLvpAe HTTP/1.1" 200 17
201.245.192.253 - - [22/Oct/2014:09:18:35 -0500] "POST /forest/usutareas.do? HTTP/1.1" 200 124
186.28.195.1 - - [22/Oct/2014:09:18:35 -0500] "POST /forms/lservlet;jsessionid=ac16012b30d519cfbd9267c740ccae24e8129d454775.e3iSbxaKaheRe34Sa3yKbhiTahb0n6jAmljGr5XDqQLvpAe HTTP/1.1" 200 2
186.28.195.1 - - [22/Oct/2014:09:18:35 -0500] "POST /forms/lservlet;jsessionid=ac16012b30d519cfbd9267c740ccae24e8129d454775.e3iSbxaKaheRe34Sa3yKbhiTahb0n6jAmljGr5XDqQLvpAe HTTP/1.1" 200 351
186.28.195.1 - - [22/Oct/2014:09:18:35 -0500] "POST /forms/lservlet;jsessionid=ac16012b30d519cfbd9267c740ccae24e8129d454775.e3iSbxaKaheRe34Sa3yKbhiTahb0n6jAmljGr5XDqQLvpAe HTTP/1.1" 200 7
201.245.192.253 - - [22/Oct/2014:09:18:35 -0500] "GET /forest/usutareas.do?group_system_actual=3&a=0.29917527292855084 HTTP/1.1" 200 19272
201.245.192.253 - - [22/Oct/2014:09:18:35 -0500] "GET /forest/session.jsp?a=0.11373196728527546 HTTP/1.1" 200 4
201.245.192.253 - - [22/Oct/2014:09:18:36 -0500] "GET /forest/misactividades.do?_a=0.2382062003016472&group_system_actual=3 HTTP/1.1" 200 36555
201.245.192.253 - - [22/Oct/2014:09:18:37 -0500] "GET /forest/session.jsp?a=0.334426082437858 HTTP/1.1" 200 4
186.28.195.1 - - [22/Oct/2014:09:18:37 -0500] "POST /forms/lservlet;jsessionid=ac16012b30d519cfbd9267c740ccae24e8129d454775.e3iSbxaKaheRe34Sa3yKbhiTahb0n6jAmljGr5XDqQLvpAe HTTP/1.1" 200 2
186.28.195.1 - - [22/Oct/2014:09:18:37 -0500] "POST /forms/lservlet;jsessionid=ac16012b30d519cfbd9267c740ccae24e8129d454775.e3iSbxaKaheRe34Sa3yKbhiTahb0n6jAmljGr5XDqQLvpAe HTTP/1.1" 200 237
201.245.192.253 - - [22/Oct/2014:09:18:37 -0500] "POST /forest/misactividades.do?ajax=true&a=0.3655080208554864 HTTP/1.1" 200 10452
186.28.195.1 - - [22/Oct/2014:09:18:37 -0500] "POST /forms/lservlet;jsessionid=ac16012b30d519cfbd9267c740ccae24e8129d454775.e3iSbxaKaheRe34Sa3yKbhiTahb0n6jAmljGr5XDqQLvpAe HTTP/1.1" 200 7
186.28.195.1 - - [22/Oct/2014:09:18:37 -0500] "POST /forms/lservlet;jsessionid=ac16012b30d519cfbd9267c740ccae24e8129d454775.e3iSbxaKaheRe34Sa3yKbhiTahb0n6jAmljGr5XDqQLvpAe HTTP/1.1" 200 2
186.28.195.1 - - [22/Oct/2014:09:18:37 -0500] "POST /forms/lservlet;jsessionid=ac16012b30d519cfbd9267c740ccae24e8129d454775.e3iSbxaKaheRe34Sa3yKbhiTahb0n6jAmljGr5XDqQLvpAe HTTP/1.1" 200 501
186.28.195.1 - - [22/Oct/2014:09:18:37 -0500] "POST /forms/lservlet;jsessionid=ac16012b30d519cfbd9267c740ccae24e8129d454775.e3iSbxaKaheRe34Sa3yKbhiTahb0n6jAmljGr5XDqQLvpAe HTTP/1.1" 200 7
186.28.195.1 - - [22/Oct/2014:09:18:38 -0500] "POST /forms/lservlet;jsessionid=ac16012b30d519cfbd9267c740ccae24e8129d454775.e3iSbxaKaheRe34Sa3yKbhiTahb0n6jAmljGr5XDqQLvpAe HTTP/1.1" 200 2
186.28.195.1 - - [22/Oct/2014:09:18:38 -0500] "POST /forms/lservlet;jsessionid=ac16012b30d519cfbd9267c740ccae24e8129d454775.e3iSbxaKaheRe34Sa3yKbhiTahb0n6jAmljGr5XDqQLvpAe HTTP/1.1" 200 154
186.28.195.1 - - [22/Oct/2014:09:18:38 -0500] "POST /forms/lservlet;jsessionid=ac16012b30d519cfbd9267c740ccae24e8129d454775.e3iSbxaKaheRe34Sa3yKbhiTahb0n6jAmljGr5XDqQLvpAe HTTP/1.1" 200 2
186.28.195.1 - - [22/Oct/2014:09:18:39 -0500] "POST /forms/lservlet;jsessionid=ac16012b30d519cfbd9267c740ccae24e8129d454775.e3iSbxaKaheRe34Sa3yKbhiTahb0n6jAmljGr5XDqQLvpAe HTTP/1.1" 200 2
186.28.195.1 - - [22/Oct/2014:09:18:39 -0500] "POST /forms/lservlet;jsessionid=ac16012b30d519cfbd9267c740ccae24e8129d454775.e3iSbxaKaheRe34Sa3yKbhiTahb0n6jAmljGr5XDqQLvpAe HTTP/1.1" 200 1315
186.28.195.1 - - [22/Oct/2014:09:18:39 -0500] "POST /forms/lservlet;jsessionid=ac16012b30d519cfbd9267c740ccae24e8129d454775.e3iSbxaKaheRe34Sa3yKbhiTahb0n6jAmljGr5XDqQLvpAe HTTP/1.1" 200 2
201.245.192.253 - - [22/Oct/2014:09:15:40 -0500] "GET /ForestMSG_SDA/channelAsync/template_word_16738067?X-Atmosphere-tracking-id=2aa4e73c-5dc5-0ec8-9373-df4967fd97c7&X-Atmosphere-Framework=1.0.5&X-Atmosphere-Transport=long-polling&tabid=0.2535173563193236&X-Cache-Date=0&Content-Type=application/xml&_=1413987475142 HTTP/1.1" 200 8193
186.28.195.1 - - [22/Oct/2014:09:18:42 -0500] "POST /forms/lservlet;jsessionid=ac16012b30d519cfbd9267c740ccae24e8129d454775.e3iSbxaKaheRe34Sa3yKbhiTahb0n6jAmljGr5XDqQLvpAe HTTP/1.1" 200 34736
190.84.155.46 - - [22/Oct/2014:09:18:41 -0500] "POST /Report2/descargarDoc.do?id_rpt=119 HTTP/1.1" 200 1016485
186.28.195.1 - - [22/Oct/2014:09:18:42 -0500] "GET /imagenes/listval.gif HTTP/1.1" 200 905
186.28.195.1 - - [22/Oct/2014:09:18:42 -0500] "POST /forms/lservlet;jsessionid=ac16012b30d519cfbd9267c740ccae24e8129d454775.e3iSbxaKaheRe34Sa3yKbhiTahb0n6jAmljGr5XDqQLvpAe HTTP/1.1" 200 7
186.28.195.1 - - [22/Oct/2014:09:18:42 -0500] "POST /forms/lservlet;jsessionid=ac16012b30d519cfbd9267c740ccae24e8129d454775.e3iSbxaKaheRe34Sa3yKbhiTahb0n6jAmljGr5XDqQLvpAe HTTP/1.1" 200 34
186.28.195.1 - - [22/Oct/2014:09:18:42 -0500] "POST /forms/lservlet;jsessionid=ac16012b30d519cfbd9267c740ccae24e8129d454775.e3iSbxaKaheRe34Sa3yKbhiTahb0n6jAmljGr5XDqQLvpAe HTTP/1.1" 200 2
186.28.195.1 - - [22/Oct/2014:09:18:44 -0500] "POST /forms/lservlet;jsessionid=ac16012b30d519cfbd9267c740ccae24e8129d454775.e3iSbxaKaheRe34Sa3yKbhiTahb0n6jAmljGr5XDqQLvpAe HTTP/1.1" 200 2
186.28.195.1 - - [22/Oct/2014:09:18:44 -0500] "POST /forms/lservlet;jsessionid=ac16012b30d519cfbd9267c740ccae24e8129d454775.e3iSbxaKaheRe34Sa3yKbhiTahb0n6jAmljGr5XDqQLvpAe HTTP/1.1" 200 662
186.28.195.1 - - [22/Oct/2014:09:18:44 -0500] "POST /forms/lservlet;jsessionid=ac16012b30d519cfbd9267c740ccae24e8129d454775.e3iSbxaKaheRe34Sa3yKbhiTahb0n6jAmljGr5XDqQLvpAe HTTP/1.1" 200 10
186.28.195.1 - - [22/Oct/2014:09:18:45 -0500] "POST /forms/lservlet;jsessionid=ac16012b30d519cfbd9267c740ccae24e8129d454775.e3iSbxaKaheRe34Sa3yKbhiTahb0n6jAmljGr5XDqQLvpAe HTTP/1.1" 200 48
201.245.192.253 - - [22/Oct/2014:09:12:45 -0500] "GET /ForestMSG_SDA/channelAsync/template_word_16729012?X-Atmosphere-tracking-id=d6eea1d3-11e0-12ff-f09b-2d06fc5c2f69&X-Atmosphere-Framework=1.0.5&X-Atmosphere-Transport=long-polling&tabid=0.6675269762054086&X-Cache-Date=0&Content-Type=application/xml&_=1413987329391 HTTP/1.1" 200 8193
201.245.192.253 - - [22/Oct/2014:09:18:47 -0500] "POST /forest/misactividades.do?loadList=1&name=asixi&a=0.9221424967981875 HTTP/1.1" 200 300
186.28.195.1 - - [22/Oct/2014:09:18:50 -0500] "POST /forms/lservlet;jsessionid=ac16012b30d519cfbd9267c740ccae24e8129d454775.e3iSbxaKaheRe34Sa3yKbhiTahb0n6jAmljGr5XDqQLvpAe HTTP/1.1" 200 42
186.28.195.1 - - [22/Oct/2014:09:18:50 -0500] "POST /forms/lservlet;jsessionid=ac16012b30d519cfbd9267c740ccae24e8129d454775.e3iSbxaKaheRe34Sa3yKbhiTahb0n6jAmljGr5XDqQLvpAe HTTP/1.1" 200 8
186.28.195.1 - - [22/Oct/2014:09:18:50 -0500] "POST /forms/lservlet;jsessionid=ac16012b30d519cfbd9267c740ccae24e8129d454775.e3iSbxaKaheRe34Sa3yKbhiTahb0n6jAmljGr5XDqQLvpAe HTTP/1.1" 200 2
190.60.224.106 - - [22/Oct/2014:09:18:50 -0500] "GET /galeria/nivo-slider/demo/demo.html HTTP/1.1" 200 3471
186.28.195.1 - - [22/Oct/2014:09:18:53 -0500] "POST /forms/lservlet;jsessionid=ac16012b30d519cfbd9267c740ccae24e8129d454775.e3iSbxaKaheRe34Sa3yKbhiTahb0n6jAmljGr5XDqQLvpAe HTTP/1.1" 200 26
186.28.195.1 - - [22/Oct/2014:09:18:53 -0500] "POST /forms/lservlet;jsessionid=ac16012b30d519cfbd9267c740ccae24e8129d454775.e3iSbxaKaheRe34Sa3yKbhiTahb0n6jAmljGr5XDqQLvpAe HTTP/1.1" 200 4238
186.28.195.1 - - [22/Oct/2014:09:18:54 -0500] "POST /forms/lservlet;jsessionid=ac16012b30d519cfbd9267c740ccae24e8129d454775.e3iSbxaKaheRe34Sa3yKbhiTahb0n6jAmljGr5XDqQLvpAe HTTP/1.1" 200 20
190.255.166.65 - - [22/Oct/2014:09:18:55 -0500] "GET /galeria/carrusel/Carrusel/jquery.thumbnailScroller.css HTTP/1.1" 200 2066
190.255.166.65 - - [22/Oct/2014:09:18:55 -0500] "GET /BLA/boletinlegal/js/jquery.js HTTP/1.1" 200 57254
190.255.166.65 - - [22/Oct/2014:09:18:55 -0500] "GET /BLA/boletinlegal/js/jquery.scrollTo-min.js HTTP/1.1" 200 1150
190.255.166.65 - - [22/Oct/2014:09:18:55 -0500] "GET /BLA/boletinlegal/js/jquery.scrollShow.js HTTP/1.1" 200 4586
190.255.166.65 - - [22/Oct/2014:09:18:55 -0500] "GET /galeria/carrusel/Carrusel/jquery-ui-1.8.13.custom.min.js HTTP/1.1" 200 10800
190.255.166.65 - - [22/Oct/2014:09:18:55 -0500] "GET /galeria/carrusel/Carrusel/jquery.thumbnailScroller.js HTTP/1.1" 200 8157
190.60.224.106 - - [22/Oct/2014:09:18:57 -0500] "GET /galeria/nivo-slider/demo/scripts/jquery-1.7.1.min.js HTTP/1.1" 200 93868
190.60.224.106 - - [22/Oct/2014:09:18:57 -0500] "GET /galeria/nivo-slider/demo/images/banner-aceite3.jpg HTTP/1.1" 304 -
190.60.224.106 - - [22/Oct/2014:09:18:57 -0500] "GET /galeria/nivo-slider/demo/images/mesTIC.jpg HTTP/1.1" 304 -
190.60.224.106 - - [22/Oct/2014:09:18:57 -0500] "GET /galeria/nivo-slider/demo/images/EncuentroAgua1.jpg HTTP/1.1" 304 -
190.60.224.106 - - [22/Oct/2014:09:18:57 -0500] "GET /galeria/nivo-slider/demo/images/banner-redes.jpg HTTP/1.1" 304 -
186.28.195.1 - - [22/Oct/2014:09:18:57 -0500] "POST /forms/lservlet;jsessionid=ac16012b30d519cfbd9267c740ccae24e8129d454775.e3iSbxaKaheRe34Sa3yKbhiTahb0n6jAmljGr5XDqQLvpAe HTTP/1.1" 200 2
186.28.195.1 - - [22/Oct/2014:09:18:57 -0500] "POST /forms/lservlet;jsessionid=ac16012b30d519cfbd9267c740ccae24e8129d454775.e3iSbxaKaheRe34Sa3yKbhiTahb0n6jAmljGr5XDqQLvpAe HTTP/1.1" 200 3446
186.28.195.1 - - [22/Oct/2014:09:18:58 -0500] "POST /forms/lservlet;jsessionid=ac16012b30d519cfbd9267c740ccae24e8129d454775.e3iSbxaKaheRe34Sa3yKbhiTahb0n6jAmljGr5XDqQLvpAe HTTP/1.1" 200 2
190.60.224.106 - - [22/Oct/2014:09:18:58 -0500] "GET /videos/Spot_Tinguas.flv HTTP/1.1" 304 -
190.84.155.46 - - [22/Oct/2014:09:19:00 -0500] "GET /Report2/parameter?action=parametersReportMDX&id_rpt=17&currentTab=tab_presentacion HTTP/1.1" 200 6578
190.84.155.46 - - [22/Oct/2014:09:19:00 -0500] "GET /birtApps/webcontent/birt/admin/img/popup/okey.gif HTTP/1.1" 200 203
190.84.155.46 - - [22/Oct/2014:09:19:00 -0500] "GET /birtApps/webcontent/birt/admin/img/popup/cancel.gif HTTP/1.1" 200 77
190.255.166.65 - - [22/Oct/2014:09:19:01 -0500] "GET /galeria/nivo-slider/demo/demo.html HTTP/1.1" 200 3471
186.28.195.1 - - [22/Oct/2014:09:19:03 -0500] "POST /forms/lservlet;jsessionid=ac16012b30d519cfbd9267c740ccae24e8129d454775.e3iSbxaKaheRe34Sa3yKbhiTahb0n6jAmljGr5XDqQLvpAe HTTP/1.1" 200 419
186.28.195.1 - - [22/Oct/2014:09:19:03 -0500] "POST /forms/lservlet;jsessionid=ac16012b30d519cfbd9267c740ccae24e8129d454775.e3iSbxaKaheRe34Sa3yKbhiTahb0n6jAmljGr5XDqQLvpAe HTTP/1.1" 200 7
201.245.192.253 - - [22/Oct/2014:09:19:05 -0500] "GET /forest/parameter?action=parametersReportMDX&id_rpt=171&currentTab=tab_presentacion&a=0.21599893078172872 HTTP/1.1" 200 4328
190.255.166.65 - - [22/Oct/2014:09:19:05 -0500] "GET /galeria/nivo-slider/themes/default/default.css HTTP/1.1" 200 1569
190.255.166.65 - - [22/Oct/2014:09:19:05 -0500] "GET /galeria/nivo-slider/themes/orman/orman.css HTTP/1.1" 200 2152
190.255.166.65 - - [22/Oct/2014:09:19:05 -0500] "GET /galeria/nivo-slider/nivo-slider.css HTTP/1.1" 200 1507
190.255.166.65 - - [22/Oct/2014:09:19:05 -0500] "GET /galeria/nivo-slider/themes/pascal/pascal.css HTTP/1.1" 200 2258
190.255.166.65 - - [22/Oct/2014:09:19:05 -0500] "GET /galeria/nivo-slider/demo/style.css HTTP/1.1" 200 2222
190.255.166.65 - - [22/Oct/2014:09:19:05 -0500] "GET /galeria/nivo-slider/demo/images/banner-aceite3.jpg HTTP/1.1" 200 88347
190.255.166.65 - - [22/Oct/2014:09:19:05 -0500] "GET /galeria/nivo-slider/demo/images/mesTIC.jpg HTTP/1.1" 200 180719
190.255.166.65 - - [22/Oct/2014:09:19:05 -0500] "GET /galeria/nivo-slider/demo/images/EncuentroAgua1.jpg HTTP/1.1" 200 274179
186.28.195.1 - - [22/Oct/2014:09:19:05 -0500] "POST /forms/lservlet;jsessionid=ac16012b30d519cfbd9267c740ccae24e8129d454775.e3iSbxaKaheRe34Sa3yKbhiTahb0n6jAmljGr5XDqQLvpAe HTTP/1.1" 200 122
190.255.166.65 - - [22/Oct/2014:09:19:05 -0500] "GET /galeria/nivo-slider/demo/images/4Simple_Slider.png HTTP/1.1" 200 11722
190.255.166.65 - - [22/Oct/2014:09:19:06 -0500] "GET /galeria/nivo-slider/themes/default/loading.gif HTTP/1.1" 200 1737
190.255.166.65 - - [22/Oct/2014:09:19:07 -0500] "GET /galeria/nivo-slider/demo/images/Tingua-azul.jpg HTTP/1.1" 200 307638
201.245.192.253 - - [22/Oct/2014:09:19:07 -0500] "POST /forest/parameter?action=runReportMDX&json=true&listdep=cuaderno&id_rpt=171&a=0.046316924577547214 HTTP/1.1" 200 2
190.255.166.65 - - [22/Oct/2014:09:19:07 -0500] "GET /galeria/nivo-slider/demo/images/Banner-Caracol-Africano.jpg HTTP/1.1" 200 331986
186.28.195.1 - - [22/Oct/2014:09:19:07 -0500] "POST /forms/lservlet;jsessionid=ac16012b30d519cfbd9267c740ccae24e8129d454775.e3iSbxaKaheRe34Sa3yKbhiTahb0n6jAmljGr5XDqQLvpAe HTTP/1.1" 200 2
186.28.195.1 - - [22/Oct/2014:09:19:07 -0500] "POST /forms/lservlet;jsessionid=ac16012b30d519cfbd9267c740ccae24e8129d454775.e3iSbxaKaheRe34Sa3yKbhiTahb0n6jAmljGr5XDqQLvpAe HTTP/1.1" 200 3057
186.28.195.1 - - [22/Oct/2014:09:19:08 -0500] "POST /forms/lservlet;jsessionid=ac16012b30d519cfbd9267c740ccae24e8129d454775.e3iSbxaKaheRe34Sa3yKbhiTahb0n6jAmljGr5XDqQLvpAe HTTP/1.1" 200 2
188.165.15.129 - - [22/Oct/2014:09:19:07 -0500] "GET /BLA/resoluciones/index.php?dir=AUTOS+2006%2FAUTOS+2006+401-500%2F HTTP/1.1" 200 21769
190.84.155.46 - - [22/Oct/2014:09:19:09 -0500] "POST /Report2/parameter?action=runReportMDX&json=true&listdep=nit&id_rpt=17&param_partNomauto=10 HTTP/1.1" 200 469
190.84.155.46 - - [22/Oct/2014:09:19:09 -0500] "POST /Report2/parameter?action=runReportMDX&json=true&listdep=nit&id_rpt=17&param_partNomauto=104 HTTP/1.1" 200 44
201.245.192.253 - - [22/Oct/2014:09:19:10 -0500] "POST /forest/parameter?action=runReportMDX&json=true&listdep=cuaderno&id_rpt=171&a=0.4661280026922572 HTTP/1.1" 200 2
186.28.195.1 - - [22/Oct/2014:09:19:10 -0500] "POST /forms/lservlet;jsessionid=ac16012b30d519cfbd9267c740ccae24e8129d454775.e3iSbxaKaheRe34Sa3yKbhiTahb0n6jAmljGr5XDqQLvpAe HTTP/1.1" 200 185
186.28.195.1 - - [22/Oct/2014:09:19:12 -0500] "POST /forms/lservlet;jsessionid=ac16012b30d519cfbd9267c740ccae24e8129d454775.e3iSbxaKaheRe34Sa3yKbhiTahb0n6jAmljGr5XDqQLvpAe HTTP/1.1" 200 100
186.28.195.1 - - [22/Oct/2014:09:19:13 -0500] "POST /forms/lservlet;jsessionid=ac16012b30d519cfbd9267c740ccae24e8129d454775.e3iSbxaKaheRe34Sa3yKbhiTahb0n6jAmljGr5XDqQLvpAe HTTP/1.1" 200 2
201.245.192.253 - - [22/Oct/2014:09:19:14 -0500] "POST /forest/parameter?action=runReportMDX&json=true&listdep=cuaderno&id_rpt=171&a=0.9330530744193977 HTTP/1.1" 200 42
186.28.195.1 - - [22/Oct/2014:09:19:14 -0500] "POST /forms/lservlet;jsessionid=ac16012b30d519cfbd9267c740ccae24e8129d454775.e3iSbxaKaheRe34Sa3yKbhiTahb0n6jAmljGr5XDqQLvpAe HTTP/1.1" 200 3682
186.28.195.1 - - [22/Oct/2014:09:19:14 -0500] "POST /forms/lservlet;jsessionid=ac16012b30d519cfbd9267c740ccae24e8129d454775.e3iSbxaKaheRe34Sa3yKbhiTahb0n6jAmljGr5XDqQLvpAe HTTP/1.1" 200 2
201.245.192.253 - - [22/Oct/2014:09:13:15 -0500] "GET /ForestMSG_SDA/channelAsync/template_word_16655057?X-Atmosphere-tracking-id=5d603f6f-b2d8-8fcf-2452-ed504a078662&X-Atmosphere-Framework=1.0.5&X-Atmosphere-Transport=long-polling&tabid=0.4609261457849386&X-Cache-Date=0&Content-Type=application/xml&_=1413987321174 HTTP/1.1" 200 8193
186.28.195.1 - - [22/Oct/2014:09:19:15 -0500] "POST /forms/lservlet;jsessionid=ac16012b30d519cfbd9267c740ccae24e8129d454775.e3iSbxaKaheRe34Sa3yKbhiTahb0n6jAmljGr5XDqQLvpAe HTTP/1.1" 200 2
201.245.192.253 - - [22/Oct/2014:09:19:16 -0500] "POST /forest/frameset? HTTP/1.1" 200 48941
201.245.192.253 - - [22/Oct/2014:09:19:16 -0500] "GET /forestReports/webcontent/birt/pages/common/processing.jsp?__rtl=false HTTP/1.1" 200 719
186.28.195.1 - - [22/Oct/2014:09:19:16 -0500] "POST /forms/lservlet;jsessionid=ac16012b30d519cfbd9267c740ccae24e8129d454775.e3iSbxaKaheRe34Sa3yKbhiTahb0n6jAmljGr5XDqQLvpAe HTTP/1.1" 200 4153
186.82.78.180 - - [22/Oct/2014:09:19:15 -0500] "GET /forest/skins/gdocs-jar/popup/showReport.jsp?idr=525&proceso=2922266&__format=pdf&ct=1413985972001&_a=0.1411111904069372 HTTP/1.1" 200 6859
186.28.195.1 - - [22/Oct/2014:09:19:16 -0500] "POST /forms/lservlet;jsessionid=ac16012b30d519cfbd9267c740ccae24e8129d454775.e3iSbxaKaheRe34Sa3yKbhiTahb0n6jAmljGr5XDqQLvpAe HTTP/1.1" 200 2
201.245.192.253 - - [22/Oct/2014:09:19:16 -0500] "GET /forestReports/webcontent/birt/pages/common/processing.jsp?__rtl=false HTTP/1.1" 200 719
201.245.192.253 - - [22/Oct/2014:09:19:16 -0500] "POST /forest/frameset?__toolbar=true&__report=forest%2Frpts%2F171.rptdesign&__format=&__app=forest&__sessionId=20141022_092337_873&__dpi=96 HTTP/1.1" 200 30279
201.245.192.253 - - [22/Oct/2014:09:19:17 -0500] "GET /forest/preview?__sessionId=20141022_092337_873&__imageid=file3730b1951492e19b8625204.gif HTTP/1.1" 200 4169
201.245.192.253 - - [22/Oct/2014:09:19:17 -0500] "GET /forest/preview?__sessionId=20141022_092337_873&__imageid=file3730b1951492e19b8625205.gif HTTP/1.1" 200 2367
186.28.195.1 - - [22/Oct/2014:09:19:19 -0500] "POST /forms/lservlet;jsessionid=ac16012b30d519cfbd9267c740ccae24e8129d454775.e3iSbxaKaheRe34Sa3yKbhiTahb0n6jAmljGr5XDqQLvpAe HTTP/1.1" 200 2
186.28.195.1 - - [22/Oct/2014:09:19:19 -0500] "POST /forms/lservlet;jsessionid=ac16012b30d519cfbd9267c740ccae24e8129d454775.e3iSbxaKaheRe34Sa3yKbhiTahb0n6jAmljGr5XDqQLvpAe HTTP/1.1" 200 3295
186.28.195.1 - - [22/Oct/2014:09:19:19 -0500] "POST /forms/lservlet;jsessionid=ac16012b30d519cfbd9267c740ccae24e8129d454775.e3iSbxaKaheRe34Sa3yKbhiTahb0n6jAmljGr5XDqQLvpAe HTTP/1.1" 200 2
66.249.83.62 - - [22/Oct/2014:09:19:22 -0500] "GET /BLA/boletinlegal/js/jquery.js HTTP/1.1" 200 57254
66.249.83.62 - - [22/Oct/2014:09:19:22 -0500] "GET /BLA/boletinlegal/js/jquery.scrollShow.js HTTP/1.1" 200 4586
66.249.83.62 - - [22/Oct/2014:09:19:22 -0500] "GET /BLA/boletinlegal/js/jquery.scrollTo-min.js HTTP/1.1" 200 1150
190.84.155.46 - - [22/Oct/2014:09:19:22 -0500] "POST /Report2/parameter?action=runReportMDX&json=true&listdep=nit&id_rpt=17&param_partNomauto=104 HTTP/1.1" 200 44
186.28.195.1 - - [22/Oct/2014:09:19:23 -0500] "POST /forms/lservlet;jsessionid=ac16012b30d519cfbd9267c740ccae24e8129d454775.e3iSbxaKaheRe34Sa3yKbhiTahb0n6jAmljGr5XDqQLvpAe HTTP/1.1" 200 2
190.84.155.46 - - [22/Oct/2014:09:19:24 -0500] "GET /Report2/parameter?action=runReportMDX&json=true&listdep=informe&id_rpt=17&param_nit=104 HTTP/1.1" 200 575
186.28.195.1 - - [22/Oct/2014:09:19:23 -0500] "POST /forms/lservlet;jsessionid=ac16012b30d519cfbd9267c740ccae24e8129d454775.e3iSbxaKaheRe34Sa3yKbhiTahb0n6jAmljGr5XDqQLvpAe HTTP/1.1" 200 14
186.28.195.1 - - [22/Oct/2014:09:19:24 -0500] "POST /forms/lservlet;jsessionid=ac16012b30d519cfbd9267c740ccae24e8129d454775.e3iSbxaKaheRe34Sa3yKbhiTahb0n6jAmljGr5XDqQLvpAe HTTP/1.1" 200 133
186.28.195.1 - - [22/Oct/2014:09:19:26 -0500] "POST /forms/lservlet;jsessionid=ac16012b30d519cfbd9267c740ccae24e8129d454775.e3iSbxaKaheRe34Sa3yKbhiTahb0n6jAmljGr5XDqQLvpAe HTTP/1.1" 200 2
190.66.96.117 - - [22/Oct/2014:09:19:27 -0500] "POST /forms/lservlet;jsessionid=ac16012b30d56e36ba3957254d42a0e4f9fb01ccc471.e3iSbxaKaheRe34Sa3yKbhiTahb0n6jAmljGr5XDqQLvpAe HTTP/1.1" 200 2
186.28.195.1 - - [22/Oct/2014:09:19:27 -0500] "GET /reports/rwservlet/getjobid330875?server=rep_srvapsda HTTP/1.1" 200 771984
181.135.248.242 - - [22/Oct/2014:09:19:32 -0500] "GET /BLA/resoluciones/RESOLUCIONES%202007/RES%202007%204001%20AL%204100/RESOLUCION%204049%20DE%202007.pdf HTTP/1.0" 200 120513
201.245.192.253 - - [22/Oct/2014:09:19:34 -0500] "GET /forest/skins/gdocs-jar/popup/popup.jsp?width=1100&height=500&title=Buscar%20documentos&uri=/forest/buscar.do%3Ftype%3Ddocumentos&name=undefined&_a=0.9220820910438001&a=0.09379817890562003 HTTP/1.1" 200 1300
201.245.192.253 - - [22/Oct/2014:09:19:34 -0500] "GET /forest/buscar.do?type=documentos HTTP/1.1" 200 90024
201.245.192.253 - - [22/Oct/2014:09:19:34 -0500] "GET /forest/buscar.do?type=documentos HTTP/1.1" 200 97234
201.245.192.253 - - [22/Oct/2014:09:19:34 -0500] "GET /forest/css/escritorio.css?version=1410.211635 HTTP/1.1" 304 -
201.245.192.253 - - [22/Oct/2014:09:19:34 -0500] "GET /forest/skins/gdocs-jar/css/tree.css?version=1410.211635 HTTP/1.1" 304 -
201.245.192.253 - - [22/Oct/2014:09:19:34 -0500] "GET /forest/css/autocomplete.css?version=1410.211635 HTTP/1.1" 304 -
201.245.192.253 - - [22/Oct/2014:09:19:34 -0500] "GET /forest/js/load_func.js?version=1410.211635 HTTP/1.1" 304 -
201.245.192.253 - - [22/Oct/2014:09:19:34 -0500] "GET /forest/js/sarissa.js?version=1410.211635 HTTP/1.1" 304 -
201.245.192.253 - - [22/Oct/2014:09:19:34 -0500] "GET /forest/js/dialog.js?version=1410.211635 HTTP/1.1" 304 -
201.245.192.253 - - [22/Oct/2014:09:19:34 -0500] "GET /forest/js/internJS.js?version=1410.211635 HTTP/1.1" 304 -
201.245.192.253 - - [22/Oct/2014:09:19:34 -0500] "GET /forest/js/escritorio/escritorio.js?version=1410.211635 HTTP/1.1" 304 -
201.245.192.253 - - [22/Oct/2014:09:19:34 -0500] "GET /forest/1ibre/1ibre.js?version=1410.211635 HTTP/1.1" 304 -
201.245.192.253 - - [22/Oct/2014:09:19:34 -0500] "GET /forest/js/xml_utilities.js?version=1410.211635 HTTP/1.1" 304 -
201.245.192.253 - - [22/Oct/2014:09:19:34 -0500] "GET /forest/1ibre/jscalendar/lang/calendar-es.js?version=1410.211635 HTTP/1.1" 304 -
201.245.192.253 - - [22/Oct/2014:09:19:34 -0500] "GET /forest/1ibre/jscalendar/calendar.js?version=1410.211635 HTTP/1.1" 304 -
201.245.192.253 - - [22/Oct/2014:09:19:34 -0500] "GET /forest/js/autocompletar2.js?version=1410.211635 HTTP/1.1" 304 -
201.245.192.253 - - [22/Oct/2014:09:19:34 -0500] "GET /forest/1ibre/jscalendar/calendar-setup.js?version=1410.211635 HTTP/1.1" 304 -
190.84.155.46 - - [22/Oct/2014:09:19:37 -0500] "GET /Report2/parameter?action=runReportMDX&json=true&listdep=FecBal&id_rpt=17&param_informe=16&param_nit=104 HTTP/1.1" 200 44
190.84.155.46 - - [22/Oct/2014:09:19:40 -0500] "GET /Report2/parameter?action=runReportMDX&json=true&listdep=formato&id_rpt=17&param_informe=16&param_nit=104&param_FecBal=2013-12-31 HTTP/1.1" 200 62
190.84.155.46 - - [22/Oct/2014:09:19:42 -0500] "POST /Report2/rptManage.jsp?migracion=111 HTTP/1.1" 200 619
190.84.155.46 - - [22/Oct/2014:09:19:42 -0500] "GET /Report2/loading.jsp?migracion=111&id_rpt=17&currentTab=tab_26085&rnd=0.8555655135358612 HTTP/1.1" 200 2707
190.84.155.46 - - [22/Oct/2014:09:19:42 -0500] "GET /Report2/rpt.jsp?migracion=111&id_rpt=17&currentTab=tab_26085&rnd=0.00915037787251638 HTTP/1.1" 200 13586
190.84.155.46 - - [22/Oct/2014:09:19:42 -0500] "GET /Report2/css/birt/index.css HTTP/1.1" 200 4087
190.84.155.46 - - [22/Oct/2014:09:19:42 -0500] "GET /Report2/css/birt/style.css HTTP/1.1" 200 6100
190.84.155.46 - - [22/Oct/2014:09:19:42 -0500] "GET /Report2/style.css HTTP/1.1" 200 2423
190.84.155.46 - - [22/Oct/2014:09:19:42 -0500] "GET /Report2/js/1ibre/protoaculous.js HTTP/1.1" 200 149894
190.84.155.46 - - [22/Oct/2014:09:19:42 -0500] "GET /Report2/js/1ibre/1ibre.js HTTP/1.1" 200 174427
186.28.195.1 - - [22/Oct/2014:09:19:43 -0500] "POST /forms/lservlet;jsessionid=ac16012b30d519cfbd9267c740ccae24e8129d454775.e3iSbxaKaheRe34Sa3yKbhiTahb0n6jAmljGr5XDqQLvpAe HTTP/1.1" 200 2
190.84.155.46 - - [22/Oct/2014:09:19:43 -0500] "GET /Report2/images/birt/ExportReport.gif HTTP/1.1" 200 607
190.84.155.46 - - [22/Oct/2014:09:19:43 -0500] "GET /Report2/images/birt/Print.gif HTTP/1.1" 200 614
190.84.155.46 - - [22/Oct/2014:09:19:43 -0500] "GET /Report2/images/birt/ChangeParameter.gif HTTP/1.1" 200 600
190.84.155.46 - - [22/Oct/2014:09:19:43 -0500] "GET /Report2/serviceListados.jsp?queryId=rpt/infxidC&informe=16&a=0.7266128463349216 HTTP/1.1" 200 235
190.84.155.46 - - [22/Oct/2014:09:19:43 -0500] "GET /Report2/serviceListados.jsp?queryId=rpt/entidadxidC&nit=104&a=0.7014942241214007 HTTP/1.1" 200 218
190.84.155.46 - - [22/Oct/2014:09:19:43 -0500] "GET /Report2/js/1ibre/1ibre.css HTTP/1.1" 200 593
190.84.155.46 - - [22/Oct/2014:09:19:43 -0500] "POST /Report2/infReportada.jsp?rdmMapa=619806 HTTP/1.1" 200 16471
190.84.155.46 - - [22/Oct/2014:09:19:43 -0500] "GET /Report2/img/blank.gif HTTP/1.1" 200 43
186.28.195.1 - - [22/Oct/2014:09:19:43 -0500] "POST /forms/lservlet;jsessionid=ac16012b30d519cfbd9267c740ccae24e8129d454775.e3iSbxaKaheRe34Sa3yKbhiTahb0n6jAmljGr5XDqQLvpAe HTTP/1.1" 200 2967
186.28.195.1 - - [22/Oct/2014:09:19:43 -0500] "POST /forms/lservlet;jsessionid=ac16012b30d519cfbd9267c740ccae24e8129d454775.e3iSbxaKaheRe34Sa3yKbhiTahb0n6jAmljGr5XDqQLvpAe HTTP/1.1" 200 2
201.245.192.253 - - [22/Oct/2014:09:19:44 -0500] "GET /galeria/carrusel/Carrusel/jquery-ui-%20%201.8.13.custom.min.js HTTP/1.1" 404 1018
186.28.195.1 - - [22/Oct/2014:09:19:44 -0500] "POST /forms/lservlet;jsessionid=ac16012b30d519cfbd9267c740ccae24e8129d454775.e3iSbxaKaheRe34Sa3yKbhiTahb0n6jAmljGr5XDqQLvpAe HTTP/1.1" 200 2
186.28.195.1 - - [22/Oct/2014:09:19:44 -0500] "POST /forms/lservlet;jsessionid=ac16012b30d519cfbd9267c740ccae24e8129d454775.e3iSbxaKaheRe34Sa3yKbhiTahb0n6jAmljGr5XDqQLvpAe HTTP/1.1" 200 2925
186.28.195.1 - - [22/Oct/2014:09:19:45 -0500] "POST /forms/lservlet;jsessionid=ac16012b30d519cfbd9267c740ccae24e8129d454775.e3iSbxaKaheRe34Sa3yKbhiTahb0n6jAmljGr5XDqQLvpAe HTTP/1.1" 200 2
66.249.64.171 - - [22/Oct/2014:09:19:47 -0500] "GET /BLA/resoluciones/RESOLUCIONES%202009/0449.pdf HTTP/1.1" 200 956422
190.84.155.46 - - [22/Oct/2014:09:19:47 -0500] "GET /Report2/parameter?action=parametersReportMDX&id_rpt=17&currentTab=tab_presentacion HTTP/1.1" 200 6578
190.84.155.46 - - [22/Oct/2014:09:19:49 -0500] "POST /Report2/parameter?action=runReportMDX&json=true&listdep=nit&id_rpt=17&param_partNomauto=1 HTTP/1.1" 200 558
186.28.195.1 - - [22/Oct/2014:09:19:50 -0500] "POST /forms/lservlet;jsessionid=ac16012b30d519cfbd9267c740ccae24e8129d454775.e3iSbxaKaheRe34Sa3yKbhiTahb0n6jAmljGr5XDqQLvpAe HTTP/1.1" 200 2
190.84.155.46 - - [22/Oct/2014:09:19:50 -0500] "POST /Report2/parameter?action=runReportMDX&json=true&listdep=nit&id_rpt=17&param_partNomauto=10 HTTP/1.1" 200 469
190.84.155.46 - - [22/Oct/2014:09:19:50 -0500] "POST /Report2/parameter?action=runReportMDX&json=true&listdep=nit&id_rpt=17&param_partNomauto=108 HTTP/1.1" 200 2
186.28.195.1 - - [22/Oct/2014:09:19:50 -0500] "POST /forms/lservlet;jsessionid=ac16012b30d519cfbd9267c740ccae24e8129d454775.e3iSbxaKaheRe34Sa3yKbhiTahb0n6jAmljGr5XDqQLvpAe HTTP/1.1" 200 114
186.28.195.1 - - [22/Oct/2014:09:19:50 -0500] "POST /forms/lservlet;jsessionid=ac16012b30d519cfbd9267c740ccae24e8129d454775.e3iSbxaKaheRe34Sa3yKbhiTahb0n6jAmljGr5XDqQLvpAe HTTP/1.1" 200 2
66.249.64.163 - - [22/Oct/2014:09:19:51 -0500] "GET /BLA/resoluciones/RESOLUCIONES%202009/9469.pdf HTTP/1.1" 200 381560
186.28.195.1 - - [22/Oct/2014:09:19:51 -0500] "GET /reports/rwservlet/getjobid330876?server=rep_srvapsda HTTP/1.1" 200 430496
190.84.155.46 - - [22/Oct/2014:09:19:52 -0500] "POST /Report2/parameter?action=runReportMDX&json=true&listdep=nit&id_rpt=17&param_partNomauto=108 HTTP/1.1" 200 2
190.26.216.101 - - [22/Oct/2014:09:19:55 -0500] "GET /autoliquidacion/index.php HTTP/1.1" 200 6375
190.84.155.46 - - [22/Oct/2014:09:19:57 -0500] "POST /Report2/parameter?action=runReportMDX&json=true&listdep=nit&id_rpt=17&param_partNomauto=10 HTTP/1.1" 200 469
190.84.155.46 - - [22/Oct/2014:09:19:58 -0500] "POST /Report2/parameter?action=runReportMDX&json=true&listdep=nit&id_rpt=17&param_partNomauto=104 HTTP/1.1" 200 44
186.30.80.111 - - [22/Oct/2014:09:20:00 -0500] "GET /isolucionsda/ HTTP/1.1" 200 739
190.84.155.46 - - [22/Oct/2014:09:20:00 -0500] "GET /Report2/parameter?action=runReportMDX&json=true&listdep=informe&id_rpt=17&param_nit=104 HTTP/1.1" 200 575
181.234.206.104 - - [22/Oct/2014:09:20:04 -0500] "GET /BLA/boletinlegal/js/jquery.scrollTo-min.js HTTP/1.1" 200 1150
181.234.206.104 - - [22/Oct/2014:09:20:04 -0500] "GET /BLA/boletinlegal/js/jquery.js HTTP/1.1" 200 57254
181.234.206.104 - - [22/Oct/2014:09:20:05 -0500] "GET /BLA/boletinlegal/js/jquery.scrollShow.js HTTP/1.1" 200 4586
190.84.155.46 - - [22/Oct/2014:09:20:07 -0500] "GET /Report2/parameter?action=runReportMDX&json=true&listdep=FecBal&id_rpt=17&param_informe=17&param_nit=104 HTTP/1.1" 200 44
190.84.155.46 - - [22/Oct/2014:09:20:10 -0500] "GET /Report2/parameter?action=runReportMDX&json=true&listdep=formato&id_rpt=17&param_informe=17&param_nit=104&param_FecBal=2014-06-30 HTTP/1.1" 200 394
201.245.192.253 - - [22/Oct/2014:09:20:11 -0500] "GET /forest/skins/gdocs-jar/popup/popup.jsp?width=1100&height=500&title=Buscar%20procesos&uri=/forest/buscar.do%3Ftype%3Dprocesos&name=undefined&_a=0.4146942282754742&a=0.8692079713310856 HTTP/1.1" 200 1296
172.22.2.1 - - [22/Oct/2014:09:20:11 -0500] "GET /forest/session.jsp?a=0.9047657897823961 HTTP/1.1" 200 4
201.245.192.253 - - [22/Oct/2014:09:20:11 -0500] "GET /forest/buscar.do?type=procesos HTTP/1.1" 200 90024
201.245.192.253 - - [22/Oct/2014:09:20:11 -0500] "GET /forest/buscar.do?type=procesos HTTP/1.1" 200 97232
201.245.192.253 - - [22/Oct/2014:09:20:11 -0500] "GET /forest/css/escritorio.css?version=1410.211635 HTTP/1.1" 304 -
201.245.192.253 - - [22/Oct/2014:09:20:11 -0500] "GET /forest/css/autocomplete.css?version=1410.211635 HTTP/1.1" 304 -
201.245.192.253 - - [22/Oct/2014:09:20:12 -0500] "GET /forest/js/dialog.js?version=1410.211635 HTTP/1.1" 304 -
201.245.192.253 - - [22/Oct/2014:09:20:12 -0500] "GET /forest/js/escritorio/escritorio.js?version=1410.211635 HTTP/1.1" 304 -
201.245.192.253 - - [22/Oct/2014:09:20:12 -0500] "GET /forest/js/xml_utilities.js?version=1410.211635 HTTP/1.1" 304 -
201.245.192.253 - - [22/Oct/2014:09:20:12 -0500] "GET /forest/1ibre/jscalendar/lang/calendar-es.js?version=1410.211635 HTTP/1.1" 304 -
201.245.192.253 - - [22/Oct/2014:09:20:12 -0500] "GET /forest/1ibre/jscalendar/calendar-setup.js?version=1410.211635 HTTP/1.1" 304 -
201.245.192.253 - - [22/Oct/2014:09:20:12 -0500] "GET /forest/1ibre/protoaculous.js?version=1410.211635 HTTP/1.1" 304 -
201.245.192.253 - - [22/Oct/2014:09:20:12 -0500] "GET /forest/session.jsp?a=0.18365373184334965 HTTP/1.1" 200 4
188.165.15.127 - - [22/Oct/2014:09:20:13 -0500] "GET /BLA/resoluciones/index.php?dir=RESOLUCIONES+2005%2FRES+2005+3151-3180%2F HTTP/1.1" 200 8263
201.245.192.253 - - [22/Oct/2014:09:20:14 -0500] "GET /forest/skins/gdocs-jar/popup/popup.jsp?width=1100&height=500&title=Buscar%20documentos&uri=/forest/buscar.do%3Ftype%3Ddocumentos&name=undefined&_a=0.22273691217777603&a=0.10879929123664434 HTTP/1.1" 200 1300
201.245.192.253 - - [22/Oct/2014:09:20:14 -0500] "GET /forest/buscar.do?type=documentos HTTP/1.1" 200 18159
201.245.192.253 - - [22/Oct/2014:09:20:14 -0500] "GET /forest/buscar.do?type=documentos HTTP/1.1" 200 97234
201.245.192.253 - - [22/Oct/2014:09:20:14 -0500] "GET /forest/css/autocomplete.css?version=1410.211635 HTTP/1.1" 304 -
201.245.192.253 - - [22/Oct/2014:09:20:14 -0500] "GET /forest/skins/gdocs-jar/css/tree.css?version=1410.211635 HTTP/1.1" 304 -
201.245.192.253 - - [22/Oct/2014:09:20:14 -0500] "GET /forest/css/escritorio.css?version=1410.211635 HTTP/1.1" 304 -
201.245.192.253 - - [22/Oct/2014:09:20:14 -0500] "GET /forest/js/dialog.js?version=1410.211635 HTTP/1.1" 304 -
201.245.192.253 - - [22/Oct/2014:09:20:14 -0500] "GET /forest/js/load_func.js?version=1410.211635 HTTP/1.1" 304 -
201.245.192.253 - - [22/Oct/2014:09:20:14 -0500] "GET /forest/js/internJS.js?version=1410.211635 HTTP/1.1" 304 -
201.245.192.253 - - [22/Oct/2014:09:20:14 -0500] "GET /forest/js/escritorio/escritorio.js?version=1410.211635 HTTP/1.1" 304 -
201.245.192.253 - - [22/Oct/2014:09:20:14 -0500] "GET /forest/js/sarissa.js?version=1410.211635 HTTP/1.1" 304 -
201.245.192.253 - - [22/Oct/2014:09:20:14 -0500] "GET /forest/1ibre/protoaculous.js?version=1410.211635 HTTP/1.1" 304 -
201.245.192.253 - - [22/Oct/2014:09:20:14 -0500] "GET /forest/1ibre/jscalendar/lang/calendar-es.js?version=1410.211635 HTTP/1.1" 304 -
201.245.192.253 - - [22/Oct/2014:09:20:14 -0500] "GET /forest/1ibre/jscalendar/calendar.js?version=1410.211635 HTTP/1.1" 304 -
201.245.192.253 - - [22/Oct/2014:09:20:14 -0500] "GET /forest/1ibre/1ibre.js?version=1410.211635 HTTP/1.1" 304 -
201.245.192.253 - - [22/Oct/2014:09:20:14 -0500] "GET /forest/js/xml_utilities.js?version=1410.211635 HTTP/1.1" 304 -
201.245.192.253 - - [22/Oct/2014:09:20:14 -0500] "GET /forest/js/autocompletar2.js?version=1410.211635 HTTP/1.1" 304 -
201.245.192.253 - - [22/Oct/2014:09:20:14 -0500] "GET /forest/1ibre/jscalendar/calendar-setup.js?version=1410.211635 HTTP/1.1" 304 -
201.245.192.253 - - [22/Oct/2014:09:20:15 -0500] "GET /forest/json.do?query=usersByDep&coddep=7073 HTTP/1.1" 200 379
201.245.192.253 - - [22/Oct/2014:09:20:15 -0500] "GET /forest/json.do?query=usersByDep&coddep=7073 HTTP/1.1" 200 379
201.245.192.253 - - [22/Oct/2014:09:20:15 -0500] "GET /forest/skins/gdocs-jar/css/tree.css?version=1410.211635 HTTP/1.1" 304 -
186.82.78.180 - - [22/Oct/2014:09:20:16 -0500] "POST /forest/usutareas.do? HTTP/1.1" 200 76
201.245.192.253 - - [22/Oct/2014:09:20:20 -0500] "POST /forest/buscar.do? HTTP/1.1" 200 7226
186.82.78.180 - - [22/Oct/2014:09:20:20 -0500] "GET /forest/usutareas.do?group_system_actual=3&a=0.9744215808885646 HTTP/1.1" 200 146220
186.82.78.180 - - [22/Oct/2014:09:20:20 -0500] "GET /forest/skins/gdocs-jar/css/forest.css?version=1410.211635 HTTP/1.1" 304 -
186.82.78.180 - - [22/Oct/2014:09:20:20 -0500] "GET /forest/skins/gdocs-jar/css/menu.css?version=1410.211635 HTTP/1.1" 304 -
186.82.78.180 - - [22/Oct/2014:09:20:21 -0500] "GET /forest/1ibre/jscalendar/calendar-win2k-1.css?version=1410.211635 HTTP/1.1" 304 -
186.82.78.180 - - [22/Oct/2014:09:20:21 -0500] "GET /forest/css/escritorio.css?version=1410.211635 HTTP/1.1" 304 -
186.82.78.180 - - [22/Oct/2014:09:20:21 -0500] "GET /forest/css/index.css?version=1410.211635 HTTP/1.1" 304 -
186.82.78.180 - - [22/Oct/2014:09:20:21 -0500] "GET /forest/skins/gdocs-jar/css/autocomplete.css?version=1410.211635 HTTP/1.1" 304 -
186.82.78.180 - - [22/Oct/2014:09:20:21 -0500] "GET /forest/skins/gdocs-jar/css/forms.css?version=1410.211635 HTTP/1.1" 304 -
186.82.78.180 - - [22/Oct/2014:09:20:21 -0500] "GET /forest/skins/gdocs-jar/css/dialog.css?version=1410.211635 HTTP/1.1" 304 -
186.82.78.180 - - [22/Oct/2014:09:20:21 -0500] "GET /forest/skins/gdocs-jar/js/tareas.js?version=1410.211635 HTTP/1.1" 304 -
186.82.78.180 - - [22/Oct/2014:09:20:21 -0500] "GET /forest/skins/gdocs-jar/js/autocompletar2.js?version=1410.211635 HTTP/1.1" 304 -
186.82.78.180 - - [22/Oct/2014:09:20:21 -0500] "GET /forest/skins/gdocs-jar/js/xml_utilities.js?version=1410.211635 HTTP/1.1" 304 -
186.82.78.180 - - [22/Oct/2014:09:20:21 -0500] "GET /forest/skins/gdocs-jar/js/number-functions.js?version=1410.211635 HTTP/1.1" 304 -
186.82.78.180 - - [22/Oct/2014:09:20:22 -0500] "GET /forest/skins/gdocs-jar/js/formsBase.js?version=1410.211635 HTTP/1.1" 304 -
186.82.78.180 - - [22/Oct/2014:09:20:22 -0500] "GET /forest/skins/gdocs-jar/js/swfobject.js?version=1410.211635 HTTP/1.1" 304 -
186.82.78.180 - - [22/Oct/2014:09:20:22 -0500] "GET /forest/skins/gdocs-jar/js/graphicForm.js?version=1410.211635 HTTP/1.1" 304 -
186.28.195.1 - - [22/Oct/2014:09:20:22 -0500] "POST /forms/lservlet;jsessionid=ac16012b30d519cfbd9267c740ccae24e8129d454775.e3iSbxaKaheRe34Sa3yKbhiTahb0n6jAmljGr5XDqQLvpAe HTTP/1.1" 200 2
186.28.195.1 - - [22/Oct/2014:09:20:22 -0500] "POST /forms/lservlet;jsessionid=ac16012b30d519cfbd9267c740ccae24e8129d454775.e3iSbxaKaheRe34Sa3yKbhiTahb0n6jAmljGr5XDqQLvpAe HTTP/1.1" 200 3004
186.28.195.1 - - [22/Oct/2014:09:20:23 -0500] "POST /forms/lservlet;jsessionid=ac16012b30d519cfbd9267c740ccae24e8129d454775.e3iSbxaKaheRe34Sa3yKbhiTahb0n6jAmljGr5XDqQLvpAe HTTP/1.1" 200 2
186.82.78.180 - - [22/Oct/2014:09:20:25 -0500] "GET /forest/session.jsp?a=0.6593852943561004 HTTP/1.1" 200 4
186.28.195.1 - - [22/Oct/2014:09:20:25 -0500] "POST /forms/lservlet;jsessionid=ac16012b30d519cfbd9267c740ccae24e8129d454775.e3iSbxaKaheRe34Sa3yKbhiTahb0n6jAmljGr5XDqQLvpAe HTTP/1.1" 200 2
186.82.78.180 - - [22/Oct/2014:09:20:25 -0500] "GET /forest/actions/forms.getMappedValues?id=NUMTER45&value=17220193&codForm=contec&a=0.341127803869561 HTTP/1.1" 200 150
186.28.195.1 - - [22/Oct/2014:09:20:25 -0500] "POST /forms/lservlet;jsessionid=ac16012b30d519cfbd9267c740ccae24e8129d454775.e3iSbxaKaheRe34Sa3yKbhiTahb0n6jAmljGr5XDqQLvpAe HTTP/1.1" 200 4450
186.28.195.1 - - [22/Oct/2014:09:20:25 -0500] "POST /forms/lservlet;jsessionid=ac16012b30d519cfbd9267c740ccae24e8129d454775.e3iSbxaKaheRe34Sa3yKbhiTahb0n6jAmljGr5XDqQLvpAe HTTP/1.1" 200 2
201.245.192.253 - - [22/Oct/2014:09:20:26 -0500] "GET /BLA/boletinlegal/consulta_actos.php?tipo=resoluciones&no=2431&usuario=&sector=PEV&fecha=2010&resuelve= HTTP/1.1" 200 1030
186.28.195.1 - - [22/Oct/2014:09:20:26 -0500] "POST /forms/lservlet;jsessionid=ac16012b30d519cfbd9267c740ccae24e8129d454775.e3iSbxaKaheRe34Sa3yKbhiTahb0n6jAmljGr5XDqQLvpAe HTTP/1.1" 200 2
186.28.195.1 - - [22/Oct/2014:09:20:26 -0500] "POST /forms/lservlet;jsessionid=ac16012b30d519cfbd9267c740ccae24e8129d454775.e3iSbxaKaheRe34Sa3yKbhiTahb0n6jAmljGr5XDqQLvpAe HTTP/1.1" 200 3476
186.28.195.1 - - [22/Oct/2014:09:20:27 -0500] "POST /forms/lservlet;jsessionid=ac16012b30d519cfbd9267c740ccae24e8129d454775.e3iSbxaKaheRe34Sa3yKbhiTahb0n6jAmljGr5XDqQLvpAe HTTP/1.1" 200 2
186.28.195.1 - - [22/Oct/2014:09:20:28 -0500] "POST /forms/lservlet;jsessionid=ac16012b30d519cfbd9267c740ccae24e8129d454775.e3iSbxaKaheRe34Sa3yKbhiTahb0n6jAmljGr5XDqQLvpAe HTTP/1.1" 200 2
186.28.195.1 - - [22/Oct/2014:09:20:28 -0500] "POST /forms/lservlet;jsessionid=ac16012b30d519cfbd9267c740ccae24e8129d454775.e3iSbxaKaheRe34Sa3yKbhiTahb0n6jAmljGr5XDqQLvpAe HTTP/1.1" 200 4250
186.28.195.1 - - [22/Oct/2014:09:20:29 -0500] "POST /forms/lservlet;jsessionid=ac16012b30d519cfbd9267c740ccae24e8129d454775.e3iSbxaKaheRe34Sa3yKbhiTahb0n6jAmljGr5XDqQLvpAe HTTP/1.1" 200 2
186.82.78.180 - - [22/Oct/2014:09:20:30 -0500] "GET /forest/skins/gdocs-jar/css/forest.css?version=1410.211635 HTTP/1.1" 304 -
186.82.78.180 - - [22/Oct/2014:09:20:30 -0500] "GET /forest/skins/gdocs-jar/css/menu.css?version=1410.211635 HTTP/1.1" 304 -
186.82.78.180 - - [22/Oct/2014:09:20:27 -0500] "GET /forest/usudocumentos.do?_a=0.013348923259226653&group_system_actual=3 HTTP/1.1" 200 98875
186.82.78.180 - - [22/Oct/2014:09:20:31 -0500] "GET /forest/skins/gdocs-jar/css/autocomplete.css?version=1410.211635 HTTP/1.1" 304 -
186.82.78.180 - - [22/Oct/2014:09:20:31 -0500] "GET /forest/css/escritorio.css?version=1410.211635 HTTP/1.1" 304 -
186.82.78.180 - - [22/Oct/2014:09:20:31 -0500] "GET /forest/skins/gdocs-jar/css/dialog.css?version=1410.211635 HTTP/1.1" 304 -
186.82.78.180 - - [22/Oct/2014:09:20:31 -0500] "GET /forest/css/index.css?version=1410.211635 HTTP/1.1" 304 -
186.82.78.180 - - [22/Oct/2014:09:20:31 -0500] "GET /forest/skins/gdocs-jar/css/forms.css?version=1410.211635 HTTP/1.1" 304 -
186.82.78.180 - - [22/Oct/2014:09:20:31 -0500] "GET /forest/1ibre/jscalendar/calendar-win2k-1.css?version=1410.211635 HTTP/1.1" 304 -
186.82.78.180 - - [22/Oct/2014:09:20:31 -0500] "GET /forest/skins/gdocs-jar/css/switch.css HTTP/1.1" 200 843
186.82.78.180 - - [22/Oct/2014:09:20:31 -0500] "GET /forest/skins/gdocs-jar/js/popup.js?version=1410.211635 HTTP/1.1" 200 7658
186.82.78.180 - - [22/Oct/2014:09:20:31 -0500] "GET /forest/skins/gdocs-jar/img/editarComentario.gif HTTP/1.1" 200 1220
186.82.78.180 - - [22/Oct/2014:09:20:31 -0500] "GET /forest/skins/gdocs-jar/img/verComentario.gif HTTP/1.1" 200 689
186.82.78.180 - - [22/Oct/2014:09:20:31 -0500] "GET /forest/skins/gdocs-jar/img/hojaruta.gif HTTP/1.1" 200 159
186.82.78.180 - - [22/Oct/2014:09:20:31 -0500] "GET /forest/skins/gdocs-jar/img/edit.gif HTTP/1.1" 200 1264
186.82.78.180 - - [22/Oct/2014:09:20:31 -0500] "GET /forest/skins/gdocs-jar/js/documentos.js?version=1410.211635 HTTP/1.1" 200 24162
186.82.78.180 - - [22/Oct/2014:09:20:32 -0500] "GET /forest/skins/gdocs-jar/img/cut.gif HTTP/1.1" 200 1280
186.82.78.180 - - [22/Oct/2014:09:20:32 -0500] "GET /forest/skins/gdocs-jar/img/copy.gif HTTP/1.1" 200 185
186.82.78.180 - - [22/Oct/2014:09:20:32 -0500] "GET /forest/skins/gdocs-jar/img/icon_document_completed.gif HTTP/1.1" 200 1077
186.82.78.180 - - [22/Oct/2014:09:20:32 -0500] "GET /forest/skins/gdocs-jar/img/sendmail.gif HTTP/1.1" 200 1297
186.82.78.180 - - [22/Oct/2014:09:20:32 -0500] "GET /forest/skins/gdocs-jar/img/assign-document.gif HTTP/1.1" 200 936
186.82.78.180 - - [22/Oct/2014:09:20:32 -0500] "GET /forest/skins/gdocs-jar/img/veranexos.gif HTTP/1.1" 200 1130
186.82.78.180 - - [22/Oct/2014:09:20:32 -0500] "GET /forest/skins/gdocs-jar/img/asignar-user.gif HTTP/1.1" 200 1196
186.82.78.180 - - [22/Oct/2014:09:20:32 -0500] "GET /forest/skins/gdocs-jar/img/historial.gif HTTP/1.1" 200 1341
