188.165.15.90 - - [22/Oct/2014:03:41:02 -0500] "GET /BLA/resoluciones/index.php?dir=RESOLUCIONES%202006/RES%202006%201851-1900/&sort=name&order=asc HTTP/1.1" 200 12364
66.249.64.167 - - [22/Oct/2014:03:41:57 -0500] "GET /BLA/resoluciones/RESOLUCIONES%202009/2055.pdf HTTP/1.1" 304 -
100.43.85.25 - - [22/Oct/2014:03:42:08 -0500] "GET /portel_dama/administracion/?C=S;O=A HTTP/1.1" 404 1019
188.165.15.105 - - [22/Oct/2014:03:42:38 -0500] "GET /BLA/resoluciones/RESOLUCIONES%202005/RES%202005%202051-2100/00002093.tif HTTP/1.1" 200 110742
201.245.192.253 - - [22/Oct/2014:03:42:39 -0500] "GET /forestReports/webcontent/birt/images/NextPage_disabled.gif HTTP/1.1" 304 -
201.245.192.253 - - [22/Oct/2014:03:42:42 -0500] "GET /forestReports/webcontent/birt/images/Remove_disabled.gif HTTP/1.1" 304 -
188.165.15.127 - - [22/Oct/2014:03:43:08 -0500] "GET /BLA/resoluciones/RESOLUCIONES%202002/RES%202002%20651-700/00000659.tif HTTP/1.1" 200 68884
66.249.64.171 - - [22/Oct/2014:03:43:39 -0500] "GET /BLA/resoluciones/RESOLUCIONES%202013/0499.pdf HTTP/1.1" 200 1277657
201.245.192.253 - - [22/Oct/2014:03:43:39 -0500] "GET /forestReports/webcontent/birt/images/Loading.gif HTTP/1.1" 304 -
201.245.192.253 - - [22/Oct/2014:03:43:45 -0500] "GET /forestReports/webcontent/birt/images/Down_disabled.gif HTTP/1.1" 304 -
201.245.192.253 - - [22/Oct/2014:03:44:18 -0500] "GET /forestReports/webcontent/birt/images/Add.gif HTTP/1.1" 304 -
201.245.192.253 - - [22/Oct/2014:03:44:30 -0500] "GET /forestReports/webcontent/birt/images/parameter.gif HTTP/1.1" 304 -
188.165.15.84 - - [22/Oct/2014:03:44:33 -0500] "GET /BLA/resoluciones/RESOLUCIONES%202002/RES%202002%2001-50/2002RES36.tif HTTP/1.1" 200 44864
188.165.15.177 - - [22/Oct/2014:03:45:08 -0500] "GET /BLA/resoluciones/RESOLUCIONES%202003/RES%202003%201501-1550/20031543.tif HTTP/1.1" 200 107520
66.249.64.171 - - [22/Oct/2014:03:45:18 -0500] "GET /BLA/resoluciones/RESOLUCIONES%202004/RES%202004%201351-1400/00001396.tif HTTP/1.1" 200 195100
66.249.64.171 - - [22/Oct/2014:03:45:21 -0500] "GET /BLA/resoluciones/AUTOS%202013/0134.pdf HTTP/1.1" 304 -
201.245.192.253 - - [22/Oct/2014:03:45:30 -0500] "GET /forestReports/webcontent/birt/images/PreviousPage_disabled.gif HTTP/1.1" 304 -
74.86.158.107 - - [22/Oct/2014:03:45:33 -0500] "HEAD / HTTP/1.1" 302 -
201.245.192.253 - - [22/Oct/2014:03:45:34 -0500] "GET /forestReports/webcontent/birt/images/Error.gif HTTP/1.1" 304 -
201.245.192.253 - - [22/Oct/2014:03:45:43 -0500] "GET /forestReports/webcontent/birt/images/LastPage_disabled.gif HTTP/1.1" 304 -
201.245.192.253 - - [22/Oct/2014:03:45:51 -0500] "GET /forestReports/webcontent/birt/images/RemoveAll_disabled.gif HTTP/1.1" 304 -
201.245.192.253 - - [22/Oct/2014:03:45:51 -0500] "GET /forestReports/webcontent/birt/images/FirstPage_disabled.gif HTTP/1.1" 304 -
201.245.192.253 - - [22/Oct/2014:03:46:08 -0500] "GET /forestReports/webcontent/birt/images/Go.gif HTTP/1.1" 304 -
201.245.192.253 - - [22/Oct/2014:03:46:25 -0500] "GET /forestReports/webcontent/birt/images/Up_disabled.gif HTTP/1.1" 304 -
66.249.64.167 - - [22/Oct/2014:03:46:49 -0500] "GET /BLA/resoluciones/RESOLUCIONES%202009/1452.pdf HTTP/1.1" 200 526404
66.249.64.39 - - [22/Oct/2014:03:47:12 -0500] "GET /htdocs/even/solojefe1/tsld015.htm HTTP/1.1" 404 1019
180.76.6.143 - - [22/Oct/2014:03:47:52 -0500] "GET /BLA/resoluciones/RESOLUCIONES%202013/0052.pdf HTTP/1.1" 200 4355112
180.76.5.191 - - [22/Oct/2014:03:48:32 -0500] "GET /BLA/resoluciones/Autos%202008/1956.pdf HTTP/1.1" 200 90359
66.249.64.171 - - [22/Oct/2014:03:48:44 -0500] "GET /BLA/resoluciones/RESOLUCIONES%202009/5425.pdf HTTP/1.1" 304 -
180.76.6.131 - - [22/Oct/2014:03:49:51 -0500] "GET /BLA/resoluciones/Autos%202008/1320.pdf HTTP/1.1" 200 224033
66.249.64.167 - - [22/Oct/2014:03:50:26 -0500] "GET /BLA/resoluciones/index.php?dir=RESOLUCIONES%202004/RES%202004%20101-150/&sort=size&order=desc HTTP/1.1" 200 12032
74.86.158.107 - - [22/Oct/2014:03:50:33 -0500] "HEAD / HTTP/1.1" 302 -
188.165.15.27 - - [22/Oct/2014:03:51:59 -0500] "GET /BLA/resoluciones/RESOLUCIONES%202002/RES%202002%20251-300/00000284.tif HTTP/1.1" 200 115572
201.245.192.253 - - [22/Oct/2014:03:53:32 -0500] "GET /forestReports/webcontent/birt/admin/img/go-rt-off.gif HTTP/1.1" 304 -
66.249.64.167 - - [22/Oct/2014:03:53:50 -0500] "GET /BLA/resoluciones/RESOLUCIONES%202008/5320.pdf HTTP/1.1" 304 -
202.46.49.12 - - [22/Oct/2014:03:54:02 -0500] "GET / HTTP/1.1" 302 -
66.249.64.47 - - [22/Oct/2014:03:54:20 -0500] "GET /BLA/ HTTP/1.1" 200 538
201.245.192.253 - - [22/Oct/2014:03:54:45 -0500] "GET /autoliquidacion/ HTTP/1.1" 200 6375
119.63.193.131 - - [22/Oct/2014:03:54:53 -0500] "GET / HTTP/1.1" 302 -
66.249.64.167 - - [22/Oct/2014:03:55:03 -0500] "GET /BLA/resoluciones/index.php?dir=RESOLUCIONES%202004/RES%202004%20101-150/&sort=name&order=asc HTTP/1.1" 200 12033
74.86.158.107 - - [22/Oct/2014:03:55:33 -0500] "HEAD / HTTP/1.1" 302 -
208.115.113.91 - - [22/Oct/2014:03:56:48 -0500] "GET /re/Cuento/ HTTP/1.1" 404 1019
208.115.113.91 - - [22/Oct/2014:03:56:51 -0500] "GET /re/Entrada/?C=M;O=A HTTP/1.1" 404 1019
188.165.15.188 - - [22/Oct/2014:03:56:51 -0500] "GET /BLA/resoluciones/RESOLUCIONES%202004/RES%202004%201651-1700/00001655.tif HTTP/1.1" 200 301524
208.115.113.91 - - [22/Oct/2014:03:56:58 -0500] "GET /re/Entrada/_notes/imagen%20izquierda.jpg.mno HTTP/1.1" 404 1019
180.76.6.16 - - [22/Oct/2014:03:57:24 -0500] "GET /BLA/resoluciones/Autos%202008/0464.pdf HTTP/1.1" 200 100383
180.76.6.28 - - [22/Oct/2014:03:57:55 -0500] "GET /BLA/resoluciones/AUTOS%202009/0215.pdf HTTP/1.1" 200 93169
188.165.15.233 - - [22/Oct/2014:03:59:22 -0500] "GET /BLA/resoluciones/index.php?dir=RESOLUCIONES%202003/RES%202003%20201-250/&sort=date&order=desc HTTP/1.1" 200 12347
66.249.64.39 - - [22/Oct/2014:03:59:37 -0500] "GET /re/Cuento/cuadro8/cuadro%208%20corriendo.jpg HTTP/1.1" 404 1019
188.165.15.129 - - [22/Oct/2014:03:59:49 -0500] "GET /BLA/resoluciones/index.php?dir=RESOLUCIONES%202005/RES%202005%202901-2950/&sort=name&order=desc HTTP/1.1" 200 12330
100.43.85.25 - - [22/Oct/2014:04:00:25 -0500] "GET /htdocs/even/Cakdu7gt/sld015.htm HTTP/1.1" 404 1019
74.86.158.107 - - [22/Oct/2014:04:00:33 -0500] "HEAD / HTTP/1.1" 302 -
66.249.64.171 - - [22/Oct/2014:04:00:38 -0500] "GET /BLA/boletinlegal/jurisprudencia/analisis/Analisis%20jurisprudencial%20Sentencia%20C-366-11.doc HTTP/1.1" 304 -
188.165.15.84 - - [22/Oct/2014:04:02:10 -0500] "GET /manual_funciones_Listado/index.php?dir=2.2.4.%20Subdirecci%C3%B3n%20del%20Recurso%20H%C3%ADdrico%20y%20del%20Suelo/&sort=date&order=asc HTTP/1.1" 404 1018
188.165.15.27 - - [22/Oct/2014:04:02:12 -0500] "GET /BLA/resoluciones/RESOLUCIONES%202003/RES%202003%20551-600/589.tif HTTP/1.1" 200 70296
66.249.64.47 - - [22/Oct/2014:04:02:20 -0500] "GET /PORTAL_SIAC/swf/Residuos/maderas/files/search/searchtext.xml HTTP/1.1" 304 -
188.165.15.177 - - [22/Oct/2014:04:02:27 -0500] "GET /BLA/resoluciones/RESOLUCIONES%202004/RES%202004%2051-100/00000098.tif HTTP/1.1" 200 99158
188.165.15.233 - - [22/Oct/2014:04:02:57 -0500] "GET /BLA/resoluciones/RESOLUCIONES%202002/RES%202002%20201-250/2002RES229.tif HTTP/1.1" 200 61676
66.249.64.43 - - [22/Oct/2014:04:03:01 -0500] "GET /BLA/boletinlegal/index.php HTTP/1.1" 200 48956
186.155.130.150 - - [22/Oct/2014:04:03:47 -0500] "GET /BLA/boletinlegal/js/jquery.scrollShow.js HTTP/1.1" 200 4586
186.155.130.150 - - [22/Oct/2014:04:03:47 -0500] "GET /BLA/boletinlegal/js/jquery.scrollTo-min.js HTTP/1.1" 200 1150
186.155.130.150 - - [22/Oct/2014:04:03:47 -0500] "GET /BLA/boletinlegal/js/jquery.js HTTP/1.1" 200 57254
186.155.130.150 - - [22/Oct/2014:04:03:50 -0500] "GET /hidrico/aguas%20subterraneas/ HTTP/1.1" 404 1296
66.249.64.171 - - [22/Oct/2014:04:04:21 -0500] "GET /BLA/resoluciones/RESOLUCIONES%202006/RES%202006%20451-500/00000476.tif HTTP/1.1" 200 162762
66.249.64.167 - - [22/Oct/2014:04:05:04 -0500] "GET /BLA/circulares/6.pdf HTTP/1.1" 304 -
74.86.158.107 - - [22/Oct/2014:04:05:33 -0500] "HEAD / HTTP/1.1" 302 -
66.249.64.163 - - [22/Oct/2014:04:07:17 -0500] "GET /BLA/resoluciones/AUTOS%202011/4877.pdf HTTP/1.1" 200 665749
188.165.15.160 - - [22/Oct/2014:04:07:58 -0500] "GET /BLA/resoluciones/RESOLUCIONES%202003/RES%202003%20551-600/583.tif HTTP/1.1" 200 172916
66.249.64.167 - - [22/Oct/2014:04:08:21 -0500] "GET /BLA/resoluciones/RESOLUCIONES%202004/RES%202004%20101-150/00000135.tif HTTP/1.1" 200 84066
66.249.64.39 - - [22/Oct/2014:04:08:36 -0500] "GET /BLA/boletinlegal/jurisprudencia/analisis/Analisis%20jurisprudencial%20Sentencia%20C-366-11.doc HTTP/1.1" 304 -
68.180.224.229 - - [22/Oct/2014:04:08:58 -0500] "GET /Residuos/metalmecanica/metalmecanica.html HTTP/1.1" 404 1018
66.249.64.43 - - [22/Oct/2014:04:09:07 -0500] "GET /BLA/boletinlegal/Directivas/2013/Directiva%20No.%201%20del%2004%20de%20Abril%20de%202013.pdf HTTP/1.1" 304 -
188.165.15.27 - - [22/Oct/2014:04:09:10 -0500] "GET /BLA/resoluciones/RESOLUCIONES%202004/RES%202004%201951-2000/00001980.tif HTTP/1.1" 200 183026
66.249.64.163 - - [22/Oct/2014:04:09:26 -0500] "GET /htdocs/gallery2/g2data/cache/derivative/2/4/ HTTP/1.1" 404 1018
188.165.15.126 - - [22/Oct/2014:04:09:44 -0500] "GET /BLA/resoluciones/RESOLUCIONES%202003/RES%202003%201851--1900/20031882.tif HTTP/1.1" 200 157036
207.46.13.36 - - [22/Oct/2014:04:09:55 -0500] "GET /Residuos/vehiculos/vehiculos.html HTTP/1.1" 404 1018
74.86.158.107 - - [22/Oct/2014:04:10:33 -0500] "HEAD / HTTP/1.1" 302 -
188.165.15.126 - - [22/Oct/2014:04:10:35 -0500] "GET /BLA/resoluciones/RESOLUCIONES%202002/RES%202002%20501-550/00000507.tif HTTP/1.1" 200 81870
66.249.64.43 - - [22/Oct/2014:04:10:49 -0500] "GET /POT-2013/Cartografia/12_Est_Ordenam_Regiona_2013_v1.pdf HTTP/1.1" 304 -
157.55.39.9 - - [22/Oct/2014:04:11:51 -0500] "GET /hidrico/aguas%20subterraneas/ HTTP/1.1" 404 1018
180.76.5.75 - - [22/Oct/2014:04:12:15 -0500] "GET /BLA/resoluciones/AUTOS%202011/4906.pdf HTTP/1.1" 200 195821
66.249.64.163 - - [22/Oct/2014:04:12:21 -0500] "GET /BLA/resoluciones/RESOLUCIONES%202009/5784.pdf HTTP/1.1" 200 1026645
66.249.64.39 - - [22/Oct/2014:04:12:31 -0500] "GET /POT-2013/Cartografia/03_Suelos%20de%20Protecci%C3%B3n.pdf HTTP/1.1" 304 -
188.165.15.126 - - [22/Oct/2014:04:12:35 -0500] "GET /BLA/resoluciones/RESOLUCIONES%202004/RES%202004%202101-2150/00002108.tif HTTP/1.1" 200 113734
208.115.111.75 - - [22/Oct/2014:04:12:43 -0500] "GET /robots.txt HTTP/1.1" 404 1019
188.165.15.127 - - [22/Oct/2014:04:13:57 -0500] "GET /BLA/resoluciones/RESOLUCIONES%202005/RES%202005%202901-2950/00002942.tif HTTP/1.1" 200 64086
188.165.15.126 - - [22/Oct/2014:04:14:10 -0500] "GET /BLA/resoluciones/RESOLUCIONES%202005/RES%202005%20801-850/00000835.tif HTTP/1.1" 200 142400
82.70.25.230 - - [22/Oct/2014:04:14:10 -0500] "GET /BLA/boletinlegal/js/jquery.js HTTP/1.1" 200 57254
82.70.25.230 - - [22/Oct/2014:04:14:10 -0500] "GET /BLA/boletinlegal/js/jquery.scrollTo-min.js HTTP/1.1" 200 1150
82.70.25.230 - - [22/Oct/2014:04:14:10 -0500] "GET /BLA/boletinlegal/js/jquery.scrollShow.js HTTP/1.1" 200 4586
66.249.64.47 - - [22/Oct/2014:04:14:13 -0500] "GET /Metadatos_final_2014/Gen_Respel_Indust.xml HTTP/1.1" 304 -
188.165.15.27 - - [22/Oct/2014:04:14:29 -0500] "GET /BLA/resoluciones/RESOLUCIONES%202004/RES%202004%20251-300/00000291.tif HTTP/1.1" 200 90286
74.86.158.107 - - [22/Oct/2014:04:15:33 -0500] "HEAD / HTTP/1.1" 302 -
66.249.64.47 - - [22/Oct/2014:04:15:54 -0500] "GET /Autoliquidacion/index.php?dir=Solicitud+de+expedici%F3n+de+certificados+de+estado+de+conservaci%F3n+ambiental+(CECA)%2F HTTP/1.1" 200 3611
190.66.96.117 - - [22/Oct/2014:04:17:10 -0500] "GET /forms/frmservlet?config=sia HTTP/1.1" 200 4028
190.66.96.117 - - [22/Oct/2014:04:17:12 -0500] "GET /forms/java/frmall_jinit.jar HTTP/1.1" 304 -
190.66.96.117 - - [22/Oct/2014:04:17:13 -0500] "GET /forms/java/icons.jar HTTP/1.1" 304 -
190.66.96.117 - - [22/Oct/2014:04:17:13 -0500] "GET /forms/java/java/awt/KeyboardFocusManager.class HTTP/1.1" 404 352
190.66.96.117 - - [22/Oct/2014:04:17:13 -0500] "GET /forms/java/java/awt/KeyboardFocusManager.class HTTP/1.1" 404 352
190.66.96.117 - - [22/Oct/2014:04:17:14 -0500] "GET /favicon.ico HTTP/1.1" 200 7782
190.66.96.117 - - [22/Oct/2014:04:17:14 -0500] "GET /forms/java/java/awt/event/MouseWheelListener.class HTTP/1.1" 404 356
190.66.96.117 - - [22/Oct/2014:04:17:14 -0500] "GET /forms/java/java/awt/event/MouseWheelListener.class HTTP/1.1" 404 356
190.66.96.117 - - [22/Oct/2014:04:17:14 -0500] "GET /forms/java/oracle/forms/registry/Registry.dat HTTP/1.1" 200 4213
190.66.96.117 - - [22/Oct/2014:04:17:14 -0500] "GET /forms/java/oracle/forms/registry/default.dat HTTP/1.1" 404 350
190.66.96.117 - - [22/Oct/2014:04:17:14 -0500] "GET /forms/frmservlet?config=sia&acceptLanguage=es-ES&ifcmd=startsession HTTP/1.1" 200 119
190.66.96.117 - - [22/Oct/2014:04:17:14 -0500] "GET /forms/lservlet;jsessionid=ac16012b30d56e36ba3957254d42a0e4f9fb01ccc471.e3iSbxaKaheRe34Sa3yKbhiTahb0n6jAmljGr5XDqQLvpAe?ifcmd=getinfo&ifhost=YesidGuerrero&ifip=192.168.1.14 HTTP/1.1" 200 8
190.66.96.117 - - [22/Oct/2014:04:17:14 -0500] "POST /forms/lservlet;jsessionid=ac16012b30d56e36ba3957254d42a0e4f9fb01ccc471.e3iSbxaKaheRe34Sa3yKbhiTahb0n6jAmljGr5XDqQLvpAe HTTP/1.1" 200 8
190.66.96.117 - - [22/Oct/2014:04:17:15 -0500] "POST /forms/lservlet;jsessionid=ac16012b30d56e36ba3957254d42a0e4f9fb01ccc471.e3iSbxaKaheRe34Sa3yKbhiTahb0n6jAmljGr5XDqQLvpAe HTTP/1.1" 200 64000
190.66.96.117 - - [22/Oct/2014:04:17:16 -0500] "POST /forms/lservlet;jsessionid=ac16012b30d56e36ba3957254d42a0e4f9fb01ccc471.e3iSbxaKaheRe34Sa3yKbhiTahb0n6jAmljGr5XDqQLvpAe HTTP/1.1" 200 64000
190.66.96.117 - - [22/Oct/2014:04:17:16 -0500] "POST /forms/lservlet;jsessionid=ac16012b30d56e36ba3957254d42a0e4f9fb01ccc471.e3iSbxaKaheRe34Sa3yKbhiTahb0n6jAmljGr5XDqQLvpAe HTTP/1.1" 200 63623
190.66.96.117 - - [22/Oct/2014:04:17:17 -0500] "HEAD /imagenes/dama_logo.gif HTTP/1.1" 200 -
190.66.96.117 - - [22/Oct/2014:04:17:17 -0500] "GET /imagenes/dama_logo.gif HTTP/1.1" 200 21482
190.66.96.117 - - [22/Oct/2014:04:17:18 -0500] "POST /forms/lservlet;jsessionid=ac16012b30d56e36ba3957254d42a0e4f9fb01ccc471.e3iSbxaKaheRe34Sa3yKbhiTahb0n6jAmljGr5XDqQLvpAe HTTP/1.1" 200 2
190.66.96.117 - - [22/Oct/2014:04:17:18 -0500] "POST /forms/lservlet;jsessionid=ac16012b30d56e36ba3957254d42a0e4f9fb01ccc471.e3iSbxaKaheRe34Sa3yKbhiTahb0n6jAmljGr5XDqQLvpAe HTTP/1.1" 200 2
190.66.96.117 - - [22/Oct/2014:04:17:32 -0500] "POST /forms/lservlet;jsessionid=ac16012b30d56e36ba3957254d42a0e4f9fb01ccc471.e3iSbxaKaheRe34Sa3yKbhiTahb0n6jAmljGr5XDqQLvpAe HTTP/1.1" 200 7994
190.66.96.117 - - [22/Oct/2014:04:17:33 -0500] "POST /forms/lservlet;jsessionid=ac16012b30d56e36ba3957254d42a0e4f9fb01ccc471.e3iSbxaKaheRe34Sa3yKbhiTahb0n6jAmljGr5XDqQLvpAe HTTP/1.1" 200 64
190.66.96.117 - - [22/Oct/2014:04:17:33 -0500] "POST /forms/lservlet;jsessionid=ac16012b30d56e36ba3957254d42a0e4f9fb01ccc471.e3iSbxaKaheRe34Sa3yKbhiTahb0n6jAmljGr5XDqQLvpAe HTTP/1.1" 200 2
190.66.96.117 - - [22/Oct/2014:04:17:33 -0500] "POST /forms/lservlet;jsessionid=ac16012b30d56e36ba3957254d42a0e4f9fb01ccc471.e3iSbxaKaheRe34Sa3yKbhiTahb0n6jAmljGr5XDqQLvpAe HTTP/1.1" 200 2
190.66.96.117 - - [22/Oct/2014:04:17:33 -0500] "POST /forms/lservlet;jsessionid=ac16012b30d56e36ba3957254d42a0e4f9fb01ccc471.e3iSbxaKaheRe34Sa3yKbhiTahb0n6jAmljGr5XDqQLvpAe HTTP/1.1" 200 2
66.249.64.47 - - [22/Oct/2014:04:17:36 -0500] "GET /POT-2013/Cartografia/02_Clasificacion_Urbano_V1_2013.pdf HTTP/1.1" 304 -
190.66.96.117 - - [22/Oct/2014:04:17:43 -0500] "POST /forms/lservlet;jsessionid=ac16012b30d56e36ba3957254d42a0e4f9fb01ccc471.e3iSbxaKaheRe34Sa3yKbhiTahb0n6jAmljGr5XDqQLvpAe HTTP/1.1" 200 34711
188.165.15.27 - - [22/Oct/2014:04:17:44 -0500] "GET /manual_funciones_Listado/index.php?dir=1.2.%20Oficina%20Participaci%C3%83%C2%83%C3%82%C2%83%C3%83%C2%82%C3%82%C2%83%C3%83%C2%83%C3%82%C2%82%C3%83%C2%82%C3%82%C2%83%C3%83%C2%83%C3%82%C2%83%C3%83%C2%82%C3%82%C2%82%C3%83%C2%83%C3%82%C2%82%C3%83%C2%82%C3%82%C2%B3n,%20Educacion%20y%20Localidades/&sort=size&order=desc HTTP/1.1" 404 1018
190.66.96.117 - - [22/Oct/2014:04:17:45 -0500] "GET /imagenes/listval.gif HTTP/1.1" 200 905
190.66.96.117 - - [22/Oct/2014:04:17:45 -0500] "GET /imagenes/tree1.gif HTTP/1.1" 200 1161
190.66.96.117 - - [22/Oct/2014:04:17:46 -0500] "GET /imagenes/listval.gif HTTP/1.1" 200 905
190.66.96.117 - - [22/Oct/2014:04:17:46 -0500] "GET /imagenes/CAMERA3.gif HTTP/1.1" 200 4150
190.66.96.117 - - [22/Oct/2014:04:17:46 -0500] "GET /imagenes/SLIDE1.gif HTTP/1.1" 200 1111
190.66.96.117 - - [22/Oct/2014:04:17:46 -0500] "GET /imagenes/flexcomb.gif HTTP/1.1" 200 1169
190.66.96.117 - - [22/Oct/2014:04:17:46 -0500] "GET /imagenes/GO.gif HTTP/1.1" 200 904
190.66.96.117 - - [22/Oct/2014:04:17:46 -0500] "GET /imagenes/HRTOOLS.gif HTTP/1.1" 200 2238
190.66.96.117 - - [22/Oct/2014:04:17:46 -0500] "GET /imagenes/rt_rec1.gif HTTP/1.1" 200 867
190.66.96.117 - - [22/Oct/2014:04:17:46 -0500] "GET /imagenes/apply.gif HTTP/1.1" 200 903
190.66.96.117 - - [22/Oct/2014:04:17:46 -0500] "GET /imagenes/exit.gif HTTP/1.1" 200 916
190.66.96.117 - - [22/Oct/2014:04:17:46 -0500] "GET /imagenes/LISTVAL.gif HTTP/1.1" 200 905
188.165.15.129 - - [22/Oct/2014:04:17:46 -0500] "GET /BLA/resoluciones/RESOLUCIONES%202006/RES%202006%201-50/00000009.tif HTTP/1.1" 200 39936
190.66.96.117 - - [22/Oct/2014:04:17:46 -0500] "GET /imagenes/edit.gif HTTP/1.1" 200 919
190.66.96.117 - - [22/Oct/2014:04:17:47 -0500] "GET /imagenes/rt_rec4.gif HTTP/1.1" 200 865
190.66.96.117 - - [22/Oct/2014:04:17:47 -0500] "GET /imagenes/rt_rec3.gif HTTP/1.1" 200 844
190.66.96.117 - - [22/Oct/2014:04:17:47 -0500] "GET /imagenes/rt_rec2.gif HTTP/1.1" 200 847
190.66.96.117 - - [22/Oct/2014:04:17:47 -0500] "GET /imagenes/rt_rdel.gif HTTP/1.1" 200 899
190.66.96.117 - - [22/Oct/2014:04:17:47 -0500] "GET /imagenes/rt_radd.gif HTTP/1.1" 200 907
190.66.96.117 - - [22/Oct/2014:04:17:47 -0500] "GET /imagenes/rt_quer3.gif HTTP/1.1" 200 939
190.66.96.117 - - [22/Oct/2014:04:17:47 -0500] "GET /imagenes/rt_quer2.gif HTTP/1.1" 200 936
190.66.96.117 - - [22/Oct/2014:04:17:47 -0500] "GET /imagenes/rt_quer1.gif HTTP/1.1" 200 930
190.66.96.117 - - [22/Oct/2014:04:17:47 -0500] "GET /imagenes/rt_save.gif HTTP/1.1" 200 903
190.66.96.117 - - [22/Oct/2014:04:17:47 -0500] "GET /imagenes/rt_pset.gif HTTP/1.1" 200 914
190.66.96.117 - - [22/Oct/2014:04:17:47 -0500] "GET /imagenes/QUEJA.gif HTTP/1.1" 200 1091
190.66.96.117 - - [22/Oct/2014:04:17:47 -0500] "GET /imagenes/ARBOL.gif HTTP/1.1" 200 1026
190.66.96.117 - - [22/Oct/2014:04:17:47 -0500] "GET /imagenes/Clipboard.gif HTTP/1.1" 200 1466
190.66.96.117 - - [22/Oct/2014:04:17:47 -0500] "GET /imagenes/DINERO.gif HTTP/1.1" 200 1766
190.66.96.117 - - [22/Oct/2014:04:17:47 -0500] "GET /imagenes/URGENTE.gif HTTP/1.1" 200 964
190.66.96.117 - - [22/Oct/2014:04:17:47 -0500] "GET /imagenes/TREE4.gif HTTP/1.1" 200 4150
190.66.96.117 - - [22/Oct/2014:04:17:48 -0500] "POST /forms/lservlet;jsessionid=ac16012b30d56e36ba3957254d42a0e4f9fb01ccc471.e3iSbxaKaheRe34Sa3yKbhiTahb0n6jAmljGr5XDqQLvpAe HTTP/1.1" 200 7
190.66.96.117 - - [22/Oct/2014:04:17:48 -0500] "POST /forms/lservlet;jsessionid=ac16012b30d56e36ba3957254d42a0e4f9fb01ccc471.e3iSbxaKaheRe34Sa3yKbhiTahb0n6jAmljGr5XDqQLvpAe HTTP/1.1" 200 34
190.66.96.117 - - [22/Oct/2014:04:17:48 -0500] "POST /forms/lservlet;jsessionid=ac16012b30d56e36ba3957254d42a0e4f9fb01ccc471.e3iSbxaKaheRe34Sa3yKbhiTahb0n6jAmljGr5XDqQLvpAe HTTP/1.1" 200 2
190.66.96.117 - - [22/Oct/2014:04:17:49 -0500] "POST /forms/lservlet;jsessionid=ac16012b30d56e36ba3957254d42a0e4f9fb01ccc471.e3iSbxaKaheRe34Sa3yKbhiTahb0n6jAmljGr5XDqQLvpAe HTTP/1.1" 200 647
190.66.96.117 - - [22/Oct/2014:04:17:58 -0500] "POST /forms/lservlet;jsessionid=ac16012b30d56e36ba3957254d42a0e4f9fb01ccc471.e3iSbxaKaheRe34Sa3yKbhiTahb0n6jAmljGr5XDqQLvpAe HTTP/1.1" 200 24
190.66.96.117 - - [22/Oct/2014:04:17:58 -0500] "POST /forms/lservlet;jsessionid=ac16012b30d56e36ba3957254d42a0e4f9fb01ccc471.e3iSbxaKaheRe34Sa3yKbhiTahb0n6jAmljGr5XDqQLvpAe HTTP/1.1" 200 14
190.66.96.117 - - [22/Oct/2014:04:17:59 -0500] "POST /forms/lservlet;jsessionid=ac16012b30d56e36ba3957254d42a0e4f9fb01ccc471.e3iSbxaKaheRe34Sa3yKbhiTahb0n6jAmljGr5XDqQLvpAe HTTP/1.1" 200 14
190.66.96.117 - - [22/Oct/2014:04:18:00 -0500] "POST /forms/lservlet;jsessionid=ac16012b30d56e36ba3957254d42a0e4f9fb01ccc471.e3iSbxaKaheRe34Sa3yKbhiTahb0n6jAmljGr5XDqQLvpAe HTTP/1.1" 200 14
190.66.96.117 - - [22/Oct/2014:04:18:02 -0500] "POST /forms/lservlet;jsessionid=ac16012b30d56e36ba3957254d42a0e4f9fb01ccc471.e3iSbxaKaheRe34Sa3yKbhiTahb0n6jAmljGr5XDqQLvpAe HTTP/1.1" 200 4388
190.66.96.117 - - [22/Oct/2014:04:18:02 -0500] "POST /forms/lservlet;jsessionid=ac16012b30d56e36ba3957254d42a0e4f9fb01ccc471.e3iSbxaKaheRe34Sa3yKbhiTahb0n6jAmljGr5XDqQLvpAe HTTP/1.1" 200 2
190.66.96.117 - - [22/Oct/2014:04:18:04 -0500] "POST /forms/lservlet;jsessionid=ac16012b30d56e36ba3957254d42a0e4f9fb01ccc471.e3iSbxaKaheRe34Sa3yKbhiTahb0n6jAmljGr5XDqQLvpAe HTTP/1.1" 200 2
190.66.96.117 - - [22/Oct/2014:04:18:04 -0500] "POST /forms/lservlet;jsessionid=ac16012b30d56e36ba3957254d42a0e4f9fb01ccc471.e3iSbxaKaheRe34Sa3yKbhiTahb0n6jAmljGr5XDqQLvpAe HTTP/1.1" 200 14
190.66.96.117 - - [22/Oct/2014:04:18:05 -0500] "POST /forms/lservlet;jsessionid=ac16012b30d56e36ba3957254d42a0e4f9fb01ccc471.e3iSbxaKaheRe34Sa3yKbhiTahb0n6jAmljGr5XDqQLvpAe HTTP/1.1" 200 14
190.66.96.117 - - [22/Oct/2014:04:18:07 -0500] "POST /forms/lservlet;jsessionid=ac16012b30d56e36ba3957254d42a0e4f9fb01ccc471.e3iSbxaKaheRe34Sa3yKbhiTahb0n6jAmljGr5XDqQLvpAe HTTP/1.1" 200 14
190.66.96.117 - - [22/Oct/2014:04:18:08 -0500] "POST /forms/lservlet;jsessionid=ac16012b30d56e36ba3957254d42a0e4f9fb01ccc471.e3iSbxaKaheRe34Sa3yKbhiTahb0n6jAmljGr5XDqQLvpAe HTTP/1.1" 200 14
190.66.96.117 - - [22/Oct/2014:04:18:10 -0500] "POST /forms/lservlet;jsessionid=ac16012b30d56e36ba3957254d42a0e4f9fb01ccc471.e3iSbxaKaheRe34Sa3yKbhiTahb0n6jAmljGr5XDqQLvpAe HTTP/1.1" 200 131
190.66.96.117 - - [22/Oct/2014:04:18:10 -0500] "POST /forms/lservlet;jsessionid=ac16012b30d56e36ba3957254d42a0e4f9fb01ccc471.e3iSbxaKaheRe34Sa3yKbhiTahb0n6jAmljGr5XDqQLvpAe HTTP/1.1" 200 2
190.66.96.117 - - [22/Oct/2014:04:18:11 -0500] "GET /reports/rwservlet/getjobid330860?server=rep_srvapsda HTTP/1.1" 200 2246393
100.43.85.25 - - [22/Oct/2014:04:18:42 -0500] "GET /presentacion/?C=D;O=D HTTP/1.1" 404 1019
201.245.192.253 - - [22/Oct/2014:04:18:43 -0500] "GET /forestReports/webcontent/birt/admin/css/dtree.css HTTP/1.1" 304 -
201.245.192.253 - - [22/Oct/2014:04:18:45 -0500] "GET /forestReports/webcontent/birt/admin/js/client.js HTTP/1.1" 304 -
190.66.96.117 - - [22/Oct/2014:04:19:15 -0500] "POST /forms/lservlet;jsessionid=ac16012b30d56e36ba3957254d42a0e4f9fb01ccc471.e3iSbxaKaheRe34Sa3yKbhiTahb0n6jAmljGr5XDqQLvpAe HTTP/1.1" 200 2
66.249.64.171 - - [22/Oct/2014:04:19:22 -0500] "GET /BLA/resoluciones/index.php?dir=RESOLUCIONES+2003%2FRES+2003+301-350%2F HTTP/1.1" 200 11308
188.165.15.188 - - [22/Oct/2014:04:19:33 -0500] "GET /BLA/resoluciones/RESOLUCIONES%202001/2001%20150-199.TIF HTTP/1.1" 200 9214648
66.249.64.43 - - [22/Oct/2014:04:19:44 -0500] "GET /Autoliquidacion/Solicitud%20de%20expedici%C3%B3n%20de%20certificados%20de%20estado%20de%20conservaci%C3%B3n%20ambiental%20(CECA)/Ver%20toda%20la%20informaci%C3%B3n%20sobre%20expedici%C3%B3n%20de%20certificados........pdf HTTP/1.1" 200 107952
66.249.64.43 - - [22/Oct/2014:04:19:44 -0500] "GET /Autoliquidacion/Solicitud%20de%20expedici%C3%B3n%20de%20certificados%20de%20estado%20de%20conservaci%C3%B3n%20ambiental%20(CECA)/Formulario%20de%20solicitud%20de%20CECAS.pdf HTTP/1.1" 200 193229
201.245.192.253 - - [22/Oct/2014:04:19:52 -0500] "GET /forestReports/webcontent/birt/admin/js/yui/tabview-min.js HTTP/1.1" 304 -
188.165.15.188 - - [22/Oct/2014:04:20:16 -0500] "GET /BLA/resoluciones/index.php?dir=Notificaciones/&sort=name&order=asc HTTP/1.1" 200 3221
74.86.158.107 - - [22/Oct/2014:04:20:33 -0500] "HEAD / HTTP/1.1" 302 -
188.165.15.177 - - [22/Oct/2014:04:20:35 -0500] "GET /BLA/resoluciones/RESOLUCIONES%202006/RES%202006%202751-2800/00002758.tif HTTP/1.1" 200 112664
188.165.15.105 - - [22/Oct/2014:04:20:38 -0500] "GET /BLA/resoluciones/RESOLUCIONES%202003/RES%202003%201301-1350/20031318.tif HTTP/1.1" 200 81718
188.165.15.233 - - [22/Oct/2014:04:21:08 -0500] "GET /BLA/resoluciones/RESOLUCIONES%202003/RES%202003%20801-850/832.tif HTTP/1.1" 200 124848
190.66.96.117 - - [22/Oct/2014:04:21:15 -0500] "POST /forms/lservlet;jsessionid=ac16012b30d56e36ba3957254d42a0e4f9fb01ccc471.e3iSbxaKaheRe34Sa3yKbhiTahb0n6jAmljGr5XDqQLvpAe HTTP/1.1" 200 2
201.245.192.253 - - [22/Oct/2014:04:21:29 -0500] "GET /forestReports/webcontent/birt/admin/img/dtree/minus.gif HTTP/1.1" 304 -
188.165.15.233 - - [22/Oct/2014:04:22:29 -0500] "GET /BLA/resoluciones/RESOLUCIONES%202003/RES%202003%20851-900/867.tif HTTP/1.1" 200 1293664
66.249.64.43 - - [22/Oct/2014:04:22:42 -0500] "GET /PORTAL_SIAC/swf/Residuos/pinturas/files/search/searchtext.xml HTTP/1.1" 304 -
66.249.64.171 - - [22/Oct/2014:04:22:53 -0500] "GET /BLA/resoluciones/RESOLUCIONES%202009/1947.pdf HTTP/1.1" 200 642956
190.66.96.117 - - [22/Oct/2014:04:23:15 -0500] "POST /forms/lservlet;jsessionid=ac16012b30d56e36ba3957254d42a0e4f9fb01ccc471.e3iSbxaKaheRe34Sa3yKbhiTahb0n6jAmljGr5XDqQLvpAe HTTP/1.1" 200 2
201.245.192.253 - - [22/Oct/2014:04:24:18 -0500] "GET /forestReports/webcontent/birt/admin/js/jquery_layout/jquery.layout-latest.js HTTP/1.1" 304 -
66.249.64.39 - - [22/Oct/2014:04:24:24 -0500] "GET /PORTAL_SIAC/swf/Residuos/cosmeticos/cosmeticos.html HTTP/1.1" 304 -
207.46.13.141 - - [22/Oct/2014:04:24:24 -0500] "GET / HTTP/1.1" 302 -
201.245.192.253 - - [22/Oct/2014:04:24:32 -0500] "GET /forestReports/webcontent/birt/admin/css/popup.css HTTP/1.1" 304 -
190.66.96.117 - - [22/Oct/2014:04:25:15 -0500] "POST /forms/lservlet;jsessionid=ac16012b30d56e36ba3957254d42a0e4f9fb01ccc471.e3iSbxaKaheRe34Sa3yKbhiTahb0n6jAmljGr5XDqQLvpAe HTTP/1.1" 200 2
201.245.192.253 - - [22/Oct/2014:04:25:19 -0500] "GET /forestReports/webcontent/birt/admin/img/loading.gif HTTP/1.1" 304 -
201.245.192.253 - - [22/Oct/2014:04:25:29 -0500] "GET /forestReports/webcontent/birt/admin/css/images/magnifier.png HTTP/1.1" 304 -
201.245.192.253 - - [22/Oct/2014:04:25:29 -0500] "GET /forestReports/webcontent/birt/admin/img/expand_all.gif HTTP/1.1" 304 -
201.245.192.253 - - [22/Oct/2014:04:25:32 -0500] "GET /forestReports/webcontent/birt/admin/js/autocompletar2.js HTTP/1.1" 304 -
201.245.192.253 - - [22/Oct/2014:04:25:33 -0500] "GET /forestReports/webcontent/birt/admin/js/yui/element-min.js HTTP/1.1" 304 -
74.86.158.107 - - [22/Oct/2014:04:25:33 -0500] "HEAD / HTTP/1.1" 302 -
201.245.192.253 - - [22/Oct/2014:04:25:47 -0500] "GET /forestReports/webcontent/birt/admin/css/client.css HTTP/1.1" 304 -
188.165.15.177 - - [22/Oct/2014:04:26:02 -0500] "GET /manual_funciones_Listado/2.5.2.%20Subdirecci%C3%B3n%20Contractual/?C=M;O=A HTTP/1.1" 404 1018
66.249.64.163 - - [22/Oct/2014:04:26:14 -0500] "GET /BLA/resoluciones/RESOLUCIONES%202008/3215.pdf HTTP/1.1" 200 30919
66.249.64.163 - - [22/Oct/2014:04:26:30 -0500] "GET /BLA/resoluciones/index.php?dir=RESOLUCIONES+2006%2FRES+2006+801-850%2F HTTP/1.1" 200 12230
201.245.192.253 - - [22/Oct/2014:04:26:42 -0500] "GET /forestReports/webcontent/birt/admin/css/report.css HTTP/1.1" 304 -
201.245.192.253 - - [22/Oct/2014:04:27:00 -0500] "GET /forestReports/webcontent/birt/admin/js/dtree.js HTTP/1.1" 304 -
188.165.15.188 - - [22/Oct/2014:04:27:12 -0500] "GET /BLA/resoluciones/RESOLUCIONES%202002/RES%202002%201651-1700/20021700.tif HTTP/1.1" 200 135622
190.66.96.117 - - [22/Oct/2014:04:27:15 -0500] "POST /forms/lservlet;jsessionid=ac16012b30d56e36ba3957254d42a0e4f9fb01ccc471.e3iSbxaKaheRe34Sa3yKbhiTahb0n6jAmljGr5XDqQLvpAe HTTP/1.1" 200 2
201.245.192.253 - - [22/Oct/2014:04:27:39 -0500] "GET /forestReports/webcontent/birt/admin/js/yui/fonts-min.css HTTP/1.1" 304 -
201.245.192.253 - - [22/Oct/2014:04:27:43 -0500] "GET /forestReports/webcontent/birt/admin/img/refresh.png HTTP/1.1" 304 -
201.245.192.253 - - [22/Oct/2014:04:27:42 -0500] "GET /forestReports/webcontent/birt/admin/css/autocomplete.css HTTP/1.1" 304 -
66.249.64.47 - - [22/Oct/2014:04:27:48 -0500] "GET /PORTAL_SIAC/swf/Residuos/curtiembres/files/search/searchtext.xml HTTP/1.1" 304 -
201.245.192.253 - - [22/Oct/2014:04:27:48 -0500] "GET /forestReports/webcontent/birt/admin/js/yui/yahoo-dom-event.js HTTP/1.1" 304 -
201.245.192.253 - - [22/Oct/2014:04:27:51 -0500] "GET /forestReports/webcontent/birt/admin/js/jquery_layout/jquery-latest.js HTTP/1.1" 304 -
66.249.64.163 - - [22/Oct/2014:04:28:57 -0500] "GET /BLA/resoluciones/RESOLUCIONES%202004/RES%202004%20101-150/00000121.tif HTTP/1.1" 200 103600
190.66.96.117 - - [22/Oct/2014:04:29:15 -0500] "POST /forms/lservlet;jsessionid=ac16012b30d56e36ba3957254d42a0e4f9fb01ccc471.e3iSbxaKaheRe34Sa3yKbhiTahb0n6jAmljGr5XDqQLvpAe HTTP/1.1" 200 2
201.245.192.253 - - [22/Oct/2014:04:29:24 -0500] "GET /forestReports/webcontent/birt/admin/img/collapse_all.gif HTTP/1.1" 304 -
66.249.64.39 - - [22/Oct/2014:04:29:30 -0500] "GET /PORTAL_SIAC/swf/Residuos/curtiembres/curtiembres.swf?pageNumber= HTTP/1.1" 304 -
188.165.15.233 - - [22/Oct/2014:04:29:31 -0500] "GET /BLA/resoluciones/RESOLUCIONES%202002/RES%202002%2051-100/2002RES64.tif HTTP/1.1" 200 69058
74.86.158.107 - - [22/Oct/2014:04:30:33 -0500] "HEAD / HTTP/1.1" 302 -
188.165.15.177 - - [22/Oct/2014:04:30:50 -0500] "GET /BLA/resoluciones/RESOLUCIONES%202002/RES%202002%201551-1600/20021581.tif HTTP/1.1" 200 99302
190.127.233.22 - - [22/Oct/2014:04:30:52 -0500] "GET /galeria/carrusel/Carrusel/jquery.thumbnailScroller.css HTTP/1.1" 200 2066
190.127.233.22 - - [22/Oct/2014:04:30:52 -0500] "GET /BLA/boletinlegal/js/jquery.scrollTo-min.js HTTP/1.1" 200 1150
190.127.233.22 - - [22/Oct/2014:04:30:52 -0500] "GET /BLA/boletinlegal/js/jquery.js HTTP/1.1" 200 57254
190.127.233.22 - - [22/Oct/2014:04:30:52 -0500] "GET /BLA/boletinlegal/js/jquery.scrollShow.js HTTP/1.1" 200 4586
190.127.233.22 - - [22/Oct/2014:04:30:52 -0500] "GET /galeria/carrusel/Carrusel/jquery-ui-1.8.13.custom.min.js HTTP/1.1" 200 10800
190.127.233.22 - - [22/Oct/2014:04:30:52 -0500] "GET /galeria/carrusel/Carrusel/jquery.thumbnailScroller.js HTTP/1.1" 200 8157
190.127.233.22 - - [22/Oct/2014:04:30:54 -0500] "GET /galeria/nivo-slider/demo/demo.html HTTP/1.1" 200 3471
190.127.233.22 - - [22/Oct/2014:04:30:54 -0500] "GET /galeria/nivo-slider/themes/default/default.css HTTP/1.1" 200 1569
190.127.233.22 - - [22/Oct/2014:04:30:54 -0500] "GET /galeria/nivo-slider/nivo-slider.css HTTP/1.1" 200 1507
190.127.233.22 - - [22/Oct/2014:04:30:54 -0500] "GET /galeria/nivo-slider/demo/scripts/jquery-1.7.1.min.js HTTP/1.1" 200 93868
190.127.233.22 - - [22/Oct/2014:04:30:54 -0500] "GET /galeria/nivo-slider/themes/pascal/pascal.css HTTP/1.1" 200 2258
190.127.233.22 - - [22/Oct/2014:04:30:54 -0500] "GET /galeria/nivo-slider/demo/style.css HTTP/1.1" 200 2222
190.127.233.22 - - [22/Oct/2014:04:30:54 -0500] "GET /galeria/nivo-slider/themes/orman/orman.css HTTP/1.1" 200 2152
190.127.233.22 - - [22/Oct/2014:04:30:54 -0500] "GET /galeria/nivo-slider/jquery.nivo.slider.pack.js HTTP/1.1" 200 11561
190.127.233.22 - - [22/Oct/2014:04:30:54 -0500] "GET /galeria/nivo-slider/demo/images/4Simple_Slider.png HTTP/1.1" 200 11722
190.127.233.22 - - [22/Oct/2014:04:30:54 -0500] "GET /galeria/nivo-slider/themes/default/loading.gif HTTP/1.1" 200 1737
190.127.233.22 - - [22/Oct/2014:04:30:54 -0500] "GET /galeria/nivo-slider/demo/images/banner-aceite3.jpg HTTP/1.1" 200 88347
190.127.233.22 - - [22/Oct/2014:04:30:54 -0500] "GET /galeria/nivo-slider/demo/images/mesTIC.jpg HTTP/1.1" 200 180719
190.127.233.22 - - [22/Oct/2014:04:30:54 -0500] "GET /galeria/nivo-slider/demo/images/EncuentroAgua1.jpg HTTP/1.1" 200 274179
190.127.233.22 - - [22/Oct/2014:04:30:54 -0500] "GET /galeria/nivo-slider/demo/images/Tingua-azul.jpg HTTP/1.1" 200 307638
190.127.233.22 - - [22/Oct/2014:04:30:54 -0500] "GET /galeria/nivo-slider/demo/images/Banner-Caracol-Africano.jpg HTTP/1.1" 200 331986
190.127.233.22 - - [22/Oct/2014:04:30:55 -0500] "GET /galeria/nivo-slider/demo/images/banner-redes.jpg HTTP/1.1" 200 62209
190.127.233.22 - - [22/Oct/2014:04:30:55 -0500] "GET /galeria/nivo-slider/demo/images/9Signos.jpg HTTP/1.1" 200 93040
190.127.233.22 - - [22/Oct/2014:04:30:55 -0500] "GET /galeria/nivo-slider/demo/images/banner-encuesta.jpg HTTP/1.1" 200 42764
190.127.233.22 - - [22/Oct/2014:04:30:55 -0500] "GET /galeria/nivo-slider/demo/images/banner-llantas2.jpg HTTP/1.1" 200 73153
190.127.233.22 - - [22/Oct/2014:04:30:56 -0500] "GET /galeria/nivo-slider/demo/images/banner-caballos.png HTTP/1.1" 200 389106
190.127.233.22 - - [22/Oct/2014:04:30:56 -0500] "GET /galeria/nivo-slider/demo/images/Hacienda_Molinos.jpg HTTP/1.1" 200 319171
190.127.233.22 - - [22/Oct/2014:04:30:56 -0500] "GET /galeria/nivo-slider/demo/images/bannerEcolecta3.jpg HTTP/1.1" 200 280034
190.127.233.22 - - [22/Oct/2014:04:30:57 -0500] "GET /videos/Spot_Tinguas.flv HTTP/1.1" 200 2087054
190.127.233.22 - - [22/Oct/2014:04:30:58 -0500] "GET /galeria/nivo-slider/themes/default/arrows.png HTTP/1.1" 200 824
190.127.233.22 - - [22/Oct/2014:04:30:58 -0500] "GET /galeria/nivo-slider/themes/default/bullets.png HTTP/1.1" 200 1281
190.66.96.117 - - [22/Oct/2014:04:31:15 -0500] "POST /forms/lservlet;jsessionid=ac16012b30d56e36ba3957254d42a0e4f9fb01ccc471.e3iSbxaKaheRe34Sa3yKbhiTahb0n6jAmljGr5XDqQLvpAe HTTP/1.1" 200 2
188.165.15.127 - - [22/Oct/2014:04:31:16 -0500] "GET /manual_funciones_Listado/index.php?dir=2.5.2.%20Subdirecci%C3%83%C2%83%C3%82%C2%83%C3%83%C2%82%C3%82%C2%83%C3%83%C2%83%C3%82%C2%82%C3%83%C2%82%C3%82%C2%83%C3%83%C2%83%C3%82%C2%83%C3%83%C2%82%C3%82%C2%82%C3%83%C2%83%C3%82%C2%82%C3%83%C2%82%C3%82%C2%83%C3%83%C2%83%C3%82%C2%83%C3%83%C2%82%C3%82%C2%83%C3%83%C2%83%C3%82%C2%82%C3%83%C2%82%C3%82%C2%82%C3%83%C2%83%C3%82%C2%83%C3%83%C2%82%C3%82%C2%82%C3%83%C2%83%C3%82%C2%82%C3%83%C2%82%C3%82%C2%B3n%20Contractual/&sort=size&order=asc HTTP/1.1" 404 1018
180.76.6.48 - - [22/Oct/2014:04:31:24 -0500] "GET /BLA/resoluciones/AUTOS%202009/1003.pdf HTTP/1.1" 200 516064
66.249.64.167 - - [22/Oct/2014:04:32:06 -0500] "GET /Residuos/vehiculos/files/search/search16.xml HTTP/1.1" 404 1018
66.249.64.163 - - [22/Oct/2014:04:32:07 -0500] "GET /BLA/resoluciones/RESOLUCIONES%202007/RES%202007%204201%20AL%204300/RESOLUCION%204226%20DE%202007.pdf HTTP/1.1" 200 198283
201.245.192.253 - - [22/Oct/2014:04:32:21 -0500] "GET /forestReports/webcontent/birt/admin/img/go-lt-off.gif HTTP/1.1" 304 -
66.249.64.167 - - [22/Oct/2014:04:32:53 -0500] "GET /BLA/resoluciones/RESOLUCIONES%202009/6828.pdf HTTP/1.1" 304 -
66.249.64.163 - - [22/Oct/2014:04:33:09 -0500] "GET /BLA/resoluciones/RESOLUCIONES%202004/RES%202004%20851-900/00000897.tif HTTP/1.1" 200 192200
190.66.96.117 - - [22/Oct/2014:04:33:15 -0500] "POST /forms/lservlet;jsessionid=ac16012b30d56e36ba3957254d42a0e4f9fb01ccc471.e3iSbxaKaheRe34Sa3yKbhiTahb0n6jAmljGr5XDqQLvpAe HTTP/1.1" 200 2
220.181.108.118 - - [22/Oct/2014:04:33:18 -0500] "GET /BLA/resoluciones/RESOLUCIONES%202011/4520.pdf HTTP/1.1" 200 842254
66.249.64.163 - - [22/Oct/2014:04:33:41 -0500] "GET /BLA/resoluciones/index.php?dir=RESOLUCIONES+2002%2FANEXOS%2F HTTP/1.1" 200 2240
201.245.192.253 - - [22/Oct/2014:04:33:50 -0500] "GET /forestReports/webcontent/birt/admin/img/dtree/line.gif HTTP/1.1" 304 -
54.236.216.158 - - [22/Oct/2014:04:33:52 -0500] "GET /links/links.htm HTTP/1.1" 404 1019
66.249.64.171 - - [22/Oct/2014:04:34:35 -0500] "GET /BLA/resoluciones/RESOLUCIONES%202009/4044.pdf HTTP/1.1" 304 -
66.249.64.167 - - [22/Oct/2014:04:35:07 -0500] "-" 408 -
190.66.96.117 - - [22/Oct/2014:04:35:15 -0500] "POST /forms/lservlet;jsessionid=ac16012b30d56e36ba3957254d42a0e4f9fb01ccc471.e3iSbxaKaheRe34Sa3yKbhiTahb0n6jAmljGr5XDqQLvpAe HTTP/1.1" 200 2
74.86.158.107 - - [22/Oct/2014:04:35:33 -0500] "HEAD / HTTP/1.1" 302 -
186.31.6.189 - - [22/Oct/2014:04:36:07 -0500] "GET /BLA/boletinlegal/js/jquery.js HTTP/1.1" 200 57254
186.31.6.189 - - [22/Oct/2014:04:36:07 -0500] "GET /BLA/boletinlegal/js/jquery.scrollShow.js HTTP/1.1" 200 4586
186.31.6.189 - - [22/Oct/2014:04:36:07 -0500] "GET /BLA/boletinlegal/js/jquery.scrollTo-min.js HTTP/1.1" 200 1150
66.249.64.167 - - [22/Oct/2014:04:36:17 -0500] "GET /BLA/resoluciones/RESOLUCIONES%202009/0438.pdf HTTP/1.1" 200 186877
218.30.103.61 - - [22/Oct/2014:04:36:24 -0500] "GET /resoluciones/RESOLUCIONES%202009/0375.pdf HTTP/1.1" 404 1018
188.165.15.177 - - [22/Oct/2014:04:36:36 -0500] "GET /BLA/resoluciones/RESOLUCIONES%202003/RES%202003%20101-150/2003RES145.tif HTTP/1.1" 200 91504
186.82.78.180 - - [22/Oct/2014:04:36:50 -0500] "GET /forms/frmservlet?config=sia HTTP/1.0" 200 4022
218.30.103.61 - - [22/Oct/2014:04:36:53 -0500] "GET /resoluciones/RESOLUCIONES%202009/0663.pdf HTTP/1.1" 404 1018
100.43.85.25 - - [22/Oct/2014:04:37:00 -0500] "GET /galeria/?C=M;O=A HTTP/1.1" 200 2226
186.82.78.180 - - [22/Oct/2014:04:37:01 -0500] "GET /forms/java/frmall_jinit.jar HTTP/1.1" 304 -
186.82.78.180 - - [22/Oct/2014:04:37:02 -0500] "GET /forms/java/icons.jar HTTP/1.1" 304 -
186.82.78.180 - - [22/Oct/2014:04:37:02 -0500] "GET /forms/java/java/awt/KeyboardFocusManager.class HTTP/1.0" 404 352
186.82.78.180 - - [22/Oct/2014:04:37:02 -0500] "GET /forms/java/java/awt/KeyboardFocusManager.class HTTP/1.1" 404 352
186.82.78.180 - - [22/Oct/2014:04:37:03 -0500] "GET /forms/java/java/awt/event/MouseWheelListener.class HTTP/1.0" 404 356
186.82.78.180 - - [22/Oct/2014:04:37:03 -0500] "GET /forms/java/java/awt/event/MouseWheelListener.class HTTP/1.1" 404 356
186.82.78.180 - - [22/Oct/2014:04:37:04 -0500] "GET /forms/java/oracle/forms/registry/Registry.dat HTTP/1.1" 200 4213
186.82.78.180 - - [22/Oct/2014:04:37:04 -0500] "GET /forms/java/oracle/forms/registry/default.dat HTTP/1.1" 404 350
186.82.78.180 - - [22/Oct/2014:04:37:04 -0500] "GET /forms/frmservlet?config=sia&acceptLanguage=en&ifcmd=startsession HTTP/1.1" 200 119
186.82.78.180 - - [22/Oct/2014:04:37:04 -0500] "GET /forms/lservlet;jsessionid=ac16012b30d5e89965c5e0ae4655bec9b7c164744fea.e3iSbxaKaheRe34Sa3yKbhiTahb0n6jAmljGr5XDqQLvpAe?ifcmd=getinfo&ifhost=desktop&ifip=192.168.0.10 HTTP/1.1" 200 8
186.82.78.180 - - [22/Oct/2014:04:37:05 -0500] "POST /forms/lservlet;jsessionid=ac16012b30d5e89965c5e0ae4655bec9b7c164744fea.e3iSbxaKaheRe34Sa3yKbhiTahb0n6jAmljGr5XDqQLvpAe HTTP/1.1" 200 8
186.82.78.180 - - [22/Oct/2014:04:37:05 -0500] "GET /forms/java/oracle/forms/engine/RunformBundle_es_CO.class HTTP/1.0" 404 362
186.82.78.180 - - [22/Oct/2014:04:37:05 -0500] "GET /forms/java/oracle/forms/engine/RunformBundle_es_CO.class HTTP/1.1" 404 362
186.82.78.180 - - [22/Oct/2014:04:37:05 -0500] "GET /forms/java/oracle/forms/engine/RunformBundle_es_CO.properties HTTP/1.1" 404 367
186.82.78.180 - - [22/Oct/2014:04:37:06 -0500] "POST /forms/lservlet;jsessionid=ac16012b30d5e89965c5e0ae4655bec9b7c164744fea.e3iSbxaKaheRe34Sa3yKbhiTahb0n6jAmljGr5XDqQLvpAe HTTP/1.1" 200 64000
186.82.78.180 - - [22/Oct/2014:04:37:06 -0500] "POST /forms/lservlet;jsessionid=ac16012b30d5e89965c5e0ae4655bec9b7c164744fea.e3iSbxaKaheRe34Sa3yKbhiTahb0n6jAmljGr5XDqQLvpAe HTTP/1.1" 200 64000
186.82.78.180 - - [22/Oct/2014:04:37:06 -0500] "POST /forms/lservlet;jsessionid=ac16012b30d5e89965c5e0ae4655bec9b7c164744fea.e3iSbxaKaheRe34Sa3yKbhiTahb0n6jAmljGr5XDqQLvpAe HTTP/1.1" 200 63623
186.82.78.180 - - [22/Oct/2014:04:37:08 -0500] "HEAD /imagenes/dama_logo.gif HTTP/1.1" 200 -
186.82.78.180 - - [22/Oct/2014:04:37:08 -0500] "GET /imagenes/dama_logo.gif HTTP/1.1" 200 21482
186.82.78.180 - - [22/Oct/2014:04:37:09 -0500] "POST /forms/lservlet;jsessionid=ac16012b30d5e89965c5e0ae4655bec9b7c164744fea.e3iSbxaKaheRe34Sa3yKbhiTahb0n6jAmljGr5XDqQLvpAe HTTP/1.1" 200 2
190.66.96.117 - - [22/Oct/2014:04:37:16 -0500] "POST /forms/lservlet;jsessionid=ac16012b30d56e36ba3957254d42a0e4f9fb01ccc471.e3iSbxaKaheRe34Sa3yKbhiTahb0n6jAmljGr5XDqQLvpAe HTTP/1.1" 200 2
66.249.64.171 - - [22/Oct/2014:04:37:17 -0500] "GET /BLA/resoluciones/RESOLUCIONES%202007/ HTTP/1.1" 200 11038
218.30.103.61 - - [22/Oct/2014:04:37:22 -0500] "GET /BLA/ HTTP/1.1" 200 538
188.165.15.177 - - [22/Oct/2014:04:37:22 -0500] "GET /BLA/resoluciones/RESOLUCIONES%202002/RES%202002%20551-600/00000561.tif HTTP/1.1" 200 89970
186.82.78.180 - - [22/Oct/2014:04:37:33 -0500] "GET /galeria/nivo-slider/demo/demo.html HTTP/1.1" 304 -
190.25.232.143 - - [22/Oct/2014:04:37:46 -0500] "GET /galeria/nivo-slider/themes/orman/orman.css HTTP/1.1" 304 -
186.82.78.180 - - [22/Oct/2014:04:37:49 -0500] "POST /forms/lservlet;jsessionid=ac16012b30d5e89965c5e0ae4655bec9b7c164744fea.e3iSbxaKaheRe34Sa3yKbhiTahb0n6jAmljGr5XDqQLvpAe HTTP/1.1" 200 7993
186.82.78.180 - - [22/Oct/2014:04:37:51 -0500] "POST /forms/lservlet;jsessionid=ac16012b30d5e89965c5e0ae4655bec9b7c164744fea.e3iSbxaKaheRe34Sa3yKbhiTahb0n6jAmljGr5XDqQLvpAe HTTP/1.1" 200 64
186.82.78.180 - - [22/Oct/2014:04:37:52 -0500] "POST /forms/lservlet;jsessionid=ac16012b30d5e89965c5e0ae4655bec9b7c164744fea.e3iSbxaKaheRe34Sa3yKbhiTahb0n6jAmljGr5XDqQLvpAe HTTP/1.1" 200 2
186.82.78.180 - - [22/Oct/2014:04:37:52 -0500] "POST /forms/lservlet;jsessionid=ac16012b30d5e89965c5e0ae4655bec9b7c164744fea.e3iSbxaKaheRe34Sa3yKbhiTahb0n6jAmljGr5XDqQLvpAe HTTP/1.1" 200 2
186.82.78.180 - - [22/Oct/2014:04:37:52 -0500] "POST /forms/lservlet;jsessionid=ac16012b30d5e89965c5e0ae4655bec9b7c164744fea.e3iSbxaKaheRe34Sa3yKbhiTahb0n6jAmljGr5XDqQLvpAe HTTP/1.1" 200 2
66.249.64.163 - - [22/Oct/2014:04:37:59 -0500] "GET /BLA/resoluciones/RESOLUCIONES%202009/2079.pdf HTTP/1.1" 304 -
218.30.103.61 - - [22/Oct/2014:04:37:52 -0500] "GET /BLA/boletinlegal/ HTTP/1.1" 200 48956
186.82.78.180 - - [22/Oct/2014:04:38:57 -0500] "POST /forms/lservlet;jsessionid=ac16012b30d5e89965c5e0ae4655bec9b7c164744fea.e3iSbxaKaheRe34Sa3yKbhiTahb0n6jAmljGr5XDqQLvpAe HTTP/1.1" 200 34711
186.82.78.180 - - [22/Oct/2014:04:39:00 -0500] "GET /imagenes/listval.gif HTTP/1.1" 200 905
186.82.78.180 - - [22/Oct/2014:04:39:00 -0500] "GET /imagenes/tree1.gif HTTP/1.1" 200 1161
186.82.78.180 - - [22/Oct/2014:04:39:00 -0500] "GET /imagenes/CAMERA3.gif HTTP/1.1" 200 4150
186.82.78.180 - - [22/Oct/2014:04:39:00 -0500] "GET /imagenes/SLIDE1.gif HTTP/1.1" 200 1111
186.82.78.180 - - [22/Oct/2014:04:39:00 -0500] "GET /imagenes/flexcomb.gif HTTP/1.1" 200 1169
186.82.78.180 - - [22/Oct/2014:04:39:00 -0500] "GET /imagenes/GO.gif HTTP/1.1" 200 904
186.82.78.180 - - [22/Oct/2014:04:39:00 -0500] "GET /imagenes/HRTOOLS.gif HTTP/1.1" 200 2238
186.82.78.180 - - [22/Oct/2014:04:39:00 -0500] "GET /imagenes/rt_rec1.gif HTTP/1.1" 200 867
186.82.78.180 - - [22/Oct/2014:04:39:00 -0500] "GET /imagenes/apply.gif HTTP/1.1" 200 903
186.82.78.180 - - [22/Oct/2014:04:39:00 -0500] "GET /imagenes/exit.gif HTTP/1.1" 200 916
186.82.78.180 - - [22/Oct/2014:04:39:00 -0500] "GET /imagenes/LISTVAL.gif HTTP/1.1" 200 905
186.82.78.180 - - [22/Oct/2014:04:39:00 -0500] "GET /imagenes/edit.gif HTTP/1.1" 200 919
186.82.78.180 - - [22/Oct/2014:04:39:00 -0500] "GET /imagenes/rt_rec4.gif HTTP/1.1" 200 865
186.82.78.180 - - [22/Oct/2014:04:39:00 -0500] "GET /imagenes/rt_rec3.gif HTTP/1.1" 200 844
186.82.78.180 - - [22/Oct/2014:04:39:00 -0500] "GET /imagenes/rt_rec2.gif HTTP/1.1" 200 847
186.82.78.180 - - [22/Oct/2014:04:39:00 -0500] "GET /imagenes/rt_rdel.gif HTTP/1.1" 200 899
186.82.78.180 - - [22/Oct/2014:04:39:00 -0500] "GET /imagenes/rt_radd.gif HTTP/1.1" 200 907
186.82.78.180 - - [22/Oct/2014:04:39:01 -0500] "GET /imagenes/rt_quer3.gif HTTP/1.1" 200 939
186.82.78.180 - - [22/Oct/2014:04:39:01 -0500] "GET /imagenes/rt_quer2.gif HTTP/1.1" 200 936
186.82.78.180 - - [22/Oct/2014:04:39:01 -0500] "GET /imagenes/rt_quer1.gif HTTP/1.1" 200 930
186.82.78.180 - - [22/Oct/2014:04:39:01 -0500] "GET /imagenes/rt_save.gif HTTP/1.1" 200 903
186.82.78.180 - - [22/Oct/2014:04:39:01 -0500] "GET /imagenes/rt_pset.gif HTTP/1.1" 200 914
186.82.78.180 - - [22/Oct/2014:04:39:01 -0500] "GET /imagenes/QUEJA.gif HTTP/1.1" 200 1091
186.82.78.180 - - [22/Oct/2014:04:39:01 -0500] "GET /imagenes/ARBOL.gif HTTP/1.1" 200 1026
186.82.78.180 - - [22/Oct/2014:04:39:01 -0500] "GET /imagenes/Clipboard.gif HTTP/1.1" 200 1466
186.82.78.180 - - [22/Oct/2014:04:39:01 -0500] "GET /imagenes/DINERO.gif HTTP/1.1" 200 1766
186.82.78.180 - - [22/Oct/2014:04:39:01 -0500] "GET /imagenes/URGENTE.gif HTTP/1.1" 200 964
186.82.78.180 - - [22/Oct/2014:04:39:01 -0500] "GET /imagenes/TREE4.gif HTTP/1.1" 200 4150
186.82.78.180 - - [22/Oct/2014:04:39:01 -0500] "POST /forms/lservlet;jsessionid=ac16012b30d5e89965c5e0ae4655bec9b7c164744fea.e3iSbxaKaheRe34Sa3yKbhiTahb0n6jAmljGr5XDqQLvpAe HTTP/1.1" 200 7
186.82.78.180 - - [22/Oct/2014:04:39:01 -0500] "POST /forms/lservlet;jsessionid=ac16012b30d5e89965c5e0ae4655bec9b7c164744fea.e3iSbxaKaheRe34Sa3yKbhiTahb0n6jAmljGr5XDqQLvpAe HTTP/1.1" 200 34
186.82.78.180 - - [22/Oct/2014:04:39:02 -0500] "POST /forms/lservlet;jsessionid=ac16012b30d5e89965c5e0ae4655bec9b7c164744fea.e3iSbxaKaheRe34Sa3yKbhiTahb0n6jAmljGr5XDqQLvpAe HTTP/1.1" 200 2
186.82.78.180 - - [22/Oct/2014:04:39:02 -0500] "POST /forms/lservlet;jsessionid=ac16012b30d5e89965c5e0ae4655bec9b7c164744fea.e3iSbxaKaheRe34Sa3yKbhiTahb0n6jAmljGr5XDqQLvpAe HTTP/1.1" 200 2
186.82.78.180 - - [22/Oct/2014:04:39:03 -0500] "POST /forms/lservlet;jsessionid=ac16012b30d5e89965c5e0ae4655bec9b7c164744fea.e3iSbxaKaheRe34Sa3yKbhiTahb0n6jAmljGr5XDqQLvpAe HTTP/1.1" 200 699
186.82.78.180 - - [22/Oct/2014:04:39:03 -0500] "GET /imagenes/Srch_frw.gif HTTP/1.1" 200 925
186.82.78.180 - - [22/Oct/2014:04:39:03 -0500] "POST /forms/lservlet;jsessionid=ac16012b30d5e89965c5e0ae4655bec9b7c164744fea.e3iSbxaKaheRe34Sa3yKbhiTahb0n6jAmljGr5XDqQLvpAe HTTP/1.1" 200 10
186.82.78.180 - - [22/Oct/2014:04:39:05 -0500] "POST /forms/lservlet;jsessionid=ac16012b30d5e89965c5e0ae4655bec9b7c164744fea.e3iSbxaKaheRe34Sa3yKbhiTahb0n6jAmljGr5XDqQLvpAe HTTP/1.1" 200 24
190.66.96.117 - - [22/Oct/2014:04:39:06 -0500] "POST /forms/lservlet;jsessionid=ac16012b30d56e36ba3957254d42a0e4f9fb01ccc471.e3iSbxaKaheRe34Sa3yKbhiTahb0n6jAmljGr5XDqQLvpAe HTTP/1.1" 200 2308
186.82.78.180 - - [22/Oct/2014:04:39:08 -0500] "POST /forms/lservlet;jsessionid=ac16012b30d5e89965c5e0ae4655bec9b7c164744fea.e3iSbxaKaheRe34Sa3yKbhiTahb0n6jAmljGr5XDqQLvpAe HTTP/1.1" 200 2
186.82.78.180 - - [22/Oct/2014:04:39:08 -0500] "POST /forms/lservlet;jsessionid=ac16012b30d5e89965c5e0ae4655bec9b7c164744fea.e3iSbxaKaheRe34Sa3yKbhiTahb0n6jAmljGr5XDqQLvpAe HTTP/1.1" 200 4726
186.82.78.180 - - [22/Oct/2014:04:39:10 -0500] "POST /forms/lservlet;jsessionid=ac16012b30d5e89965c5e0ae4655bec9b7c164744fea.e3iSbxaKaheRe34Sa3yKbhiTahb0n6jAmljGr5XDqQLvpAe HTTP/1.1" 200 2
186.82.78.180 - - [22/Oct/2014:04:39:14 -0500] "POST /forms/lservlet;jsessionid=ac16012b30d5e89965c5e0ae4655bec9b7c164744fea.e3iSbxaKaheRe34Sa3yKbhiTahb0n6jAmljGr5XDqQLvpAe HTTP/1.1" 200 2
186.82.78.180 - - [22/Oct/2014:04:39:14 -0500] "POST /forms/lservlet;jsessionid=ac16012b30d5e89965c5e0ae4655bec9b7c164744fea.e3iSbxaKaheRe34Sa3yKbhiTahb0n6jAmljGr5XDqQLvpAe HTTP/1.1" 200 14
190.66.96.117 - - [22/Oct/2014:04:39:15 -0500] "POST /forms/lservlet;jsessionid=ac16012b30d56e36ba3957254d42a0e4f9fb01ccc471.e3iSbxaKaheRe34Sa3yKbhiTahb0n6jAmljGr5XDqQLvpAe HTTP/1.1" 200 24
186.82.78.180 - - [22/Oct/2014:04:39:15 -0500] "POST /forms/lservlet;jsessionid=ac16012b30d5e89965c5e0ae4655bec9b7c164744fea.e3iSbxaKaheRe34Sa3yKbhiTahb0n6jAmljGr5XDqQLvpAe HTTP/1.1" 200 131
190.66.96.117 - - [22/Oct/2014:04:39:16 -0500] "POST /forms/lservlet;jsessionid=ac16012b30d56e36ba3957254d42a0e4f9fb01ccc471.e3iSbxaKaheRe34Sa3yKbhiTahb0n6jAmljGr5XDqQLvpAe HTTP/1.1" 200 3634
186.82.78.180 - - [22/Oct/2014:04:39:16 -0500] "POST /forms/lservlet;jsessionid=ac16012b30d5e89965c5e0ae4655bec9b7c164744fea.e3iSbxaKaheRe34Sa3yKbhiTahb0n6jAmljGr5XDqQLvpAe HTTP/1.1" 200 2
190.66.96.117 - - [22/Oct/2014:04:39:16 -0500] "POST /forms/lservlet;jsessionid=ac16012b30d56e36ba3957254d42a0e4f9fb01ccc471.e3iSbxaKaheRe34Sa3yKbhiTahb0n6jAmljGr5XDqQLvpAe HTTP/1.1" 200 2
186.82.78.180 - - [22/Oct/2014:04:39:16 -0500] "GET /reports/rwservlet/getjobid330861?server=rep_srvapsda HTTP/1.0" 200 354083
190.66.96.117 - - [22/Oct/2014:04:39:20 -0500] "POST /forms/lservlet;jsessionid=ac16012b30d56e36ba3957254d42a0e4f9fb01ccc471.e3iSbxaKaheRe34Sa3yKbhiTahb0n6jAmljGr5XDqQLvpAe HTTP/1.1" 200 2
190.66.96.117 - - [22/Oct/2014:04:39:20 -0500] "POST /forms/lservlet;jsessionid=ac16012b30d56e36ba3957254d42a0e4f9fb01ccc471.e3iSbxaKaheRe34Sa3yKbhiTahb0n6jAmljGr5XDqQLvpAe HTTP/1.1" 200 14
190.66.96.117 - - [22/Oct/2014:04:39:21 -0500] "POST /forms/lservlet;jsessionid=ac16012b30d56e36ba3957254d42a0e4f9fb01ccc471.e3iSbxaKaheRe34Sa3yKbhiTahb0n6jAmljGr5XDqQLvpAe HTTP/1.1" 200 112
190.66.96.117 - - [22/Oct/2014:04:39:21 -0500] "POST /forms/lservlet;jsessionid=ac16012b30d56e36ba3957254d42a0e4f9fb01ccc471.e3iSbxaKaheRe34Sa3yKbhiTahb0n6jAmljGr5XDqQLvpAe HTTP/1.1" 200 2
218.30.103.61 - - [22/Oct/2014:04:38:46 -0500] "GET /BLA/boletinlegal/index.php HTTP/1.1" 200 48956
190.66.96.117 - - [22/Oct/2014:04:39:22 -0500] "GET /reports/rwservlet/getjobid330862?server=rep_srvapsda HTTP/1.1" 200 985295
66.249.64.163 - - [22/Oct/2014:04:39:41 -0500] "GET /BLA/resoluciones/RESOLUCIONES%202009/4940.pdf HTTP/1.1" 200 707806
188.165.15.160 - - [22/Oct/2014:04:40:12 -0500] "GET /BLA/resoluciones/RESOLUCIONES%202006/RES%202006%202701-2750/00002738.tif HTTP/1.1" 200 166606
188.165.15.84 - - [22/Oct/2014:04:40:18 -0500] "GET /BLA/resoluciones/RESOLUCIONES%202002/RES%202002%20701-750/00000727.tif HTTP/1.1" 200 101784
186.82.78.180 - - [22/Oct/2014:04:40:25 -0500] "POST /forms/lservlet;jsessionid=ac16012b30d5e89965c5e0ae4655bec9b7c164744fea.e3iSbxaKaheRe34Sa3yKbhiTahb0n6jAmljGr5XDqQLvpAe HTTP/1.1" 200 2
186.82.78.180 - - [22/Oct/2014:04:40:25 -0500] "POST /forms/lservlet;jsessionid=ac16012b30d5e89965c5e0ae4655bec9b7c164744fea.e3iSbxaKaheRe34Sa3yKbhiTahb0n6jAmljGr5XDqQLvpAe HTTP/1.1" 200 2606
186.82.78.180 - - [22/Oct/2014:04:40:26 -0500] "POST /forms/lservlet;jsessionid=ac16012b30d5e89965c5e0ae4655bec9b7c164744fea.e3iSbxaKaheRe34Sa3yKbhiTahb0n6jAmljGr5XDqQLvpAe HTTP/1.1" 200 10
186.82.78.180 - - [22/Oct/2014:04:40:31 -0500] "POST /forms/lservlet;jsessionid=ac16012b30d5e89965c5e0ae4655bec9b7c164744fea.e3iSbxaKaheRe34Sa3yKbhiTahb0n6jAmljGr5XDqQLvpAe HTTP/1.1" 200 24
