186.119.205.73 - - [26/Oct/2014:15:17:05 -0500] "GET /BLA/boletinlegal/js/jquery.scrollShow.js HTTP/1.1" 200 4586
186.80.87.41 - - [26/Oct/2014:15:17:32 -0500] "GET /BLA/boletinlegal/js/jquery.scrollTo-min.js HTTP/1.1" 200 1150
186.80.87.41 - - [26/Oct/2014:15:17:32 -0500] "GET /BLA/boletinlegal/js/jquery.scrollShow.js HTTP/1.1" 200 4586
186.80.87.41 - - [26/Oct/2014:15:17:32 -0500] "GET /BLA/boletinlegal/js/jquery.js HTTP/1.1" 200 57254
186.119.201.159 - - [26/Oct/2014:15:17:57 -0500] "GET /BLA/boletinlegal/consulta.php?menu=humedales HTTP/1.1" 200 6693
186.119.201.159 - - [26/Oct/2014:15:17:59 -0500] "GET /BLA/boletinlegal/consulta.php?menu=humedales HTTP/1.1" 200 6693
66.249.64.171 - - [26/Oct/2014:15:18:01 -0500] "GET /BLA/resoluciones/RESOLUCIONES%202010/5684.pdf HTTP/1.1" 200 82854
201.185.149.211 - - [26/Oct/2014:15:18:02 -0500] "GET /galeria/nivo-slider/demo/demo.html HTTP/1.1" 304 -
188.165.15.196 - - [26/Oct/2014:15:18:03 -0500] "GET /BLA/resoluciones/RESOLUCIONES%202003/RES%202003%201751-1800/20031791.tif HTTP/1.1" 200 43324
201.185.149.211 - - [26/Oct/2014:15:18:03 -0500] "GET /galeria/nivo-slider/demo/images/banner-conejera1.jpg HTTP/1.1" 304 -
201.185.149.211 - - [26/Oct/2014:15:18:03 -0500] "GET /galeria/nivo-slider/demo/images/mesTIC.jpg HTTP/1.1" 304 -
201.185.149.211 - - [26/Oct/2014:15:18:04 -0500] "GET /galeria/nivo-slider/demo/images/banner-aceite3.jpg HTTP/1.1" 304 -
201.185.149.211 - - [26/Oct/2014:15:18:04 -0500] "GET /galeria/nivo-slider/demo/images/banner-redes.jpg HTTP/1.1" 304 -
201.245.192.253 - - [26/Oct/2014:15:15:16 -0500] "GET /ForestMSG_SDA/channelAsync/template_word_16759698?X-Atmosphere-tracking-id=80b472e0-b59c-77d7-e6ff-0e2e883eacaa&X-Atmosphere-Framework=1.0.5&X-Atmosphere-Transport=long-polling&tabid=0.5564406877674468&X-Cache-Date=0&Content-Type=application/xml&_=1414354652600 HTTP/1.1" 200 8193
66.249.64.163 - - [26/Oct/2014:15:18:22 -0500] "GET /BLA/resoluciones/RESOLUCIONES%202009/0330.pdf HTTP/1.1" 200 188348
66.249.64.163 - - [26/Oct/2014:15:18:23 -0500] "GET /BLA/resoluciones/AUTOS%202011/7366.pdf HTTP/1.1" 200 166924
66.249.64.171 - - [26/Oct/2014:15:18:29 -0500] "GET /BLA/resoluciones/AUTOS%202011/1879.pdf HTTP/1.1" 200 148723
190.84.185.106 - - [26/Oct/2014:15:18:32 -0500] "GET /BLA/boletinlegal/js/jquery.js HTTP/1.1" 200 57254
190.84.185.106 - - [26/Oct/2014:15:18:32 -0500] "GET /BLA/boletinlegal/js/jquery.scrollShow.js HTTP/1.1" 200 4586
190.84.185.106 - - [26/Oct/2014:15:18:32 -0500] "GET /BLA/boletinlegal/js/jquery.scrollTo-min.js HTTP/1.1" 200 1150
201.244.255.105 - - [26/Oct/2014:15:18:59 -0500] "POST /forms/lservlet;jsessionid=ac16012b30d5309c6d40aea546349afc9bf0e0f6ab66.e3iSbxaKaheRe34Sa3yKbhiTahb0n6jAmljGr5XDqQLvpAe HTTP/1.1" 200 2
66.249.64.167 - - [26/Oct/2014:15:18:59 -0500] "GET /BLA/resoluciones/AUTOS%202011/5504.pdf HTTP/1.1" 200 134093
66.249.64.163 - - [26/Oct/2014:15:19:07 -0500] "GET /BLA/resoluciones/RESOLUCIONES%202007/RES%202007%202601%20AL%202700/RESOLUCION%202674%20DE%202007.pdf HTTP/1.1" 200 19177
181.130.84.221 - - [26/Oct/2014:15:19:14 -0500] "GET /BLA/resoluciones/RESOLUCIONES%202007/RES%202007%203201%20AL%203300/RESOLUCION%203289%20DE%202007.pdf HTTP/1.1" 200 442479
181.130.84.221 - - [26/Oct/2014:15:19:14 -0500] "GET /favicon.ico HTTP/1.1" 200 7782
181.130.84.221 - - [26/Oct/2014:15:19:14 -0500] "GET /BLA/resoluciones/RESOLUCIONES%202007/RES%202007%203201%20AL%203300/RESOLUCION%203289%20DE%202007.pdf HTTP/1.1" 206 32768
181.130.84.221 - - [26/Oct/2014:15:19:14 -0500] "GET /BLA/resoluciones/RESOLUCIONES%202007/RES%202007%203201%20AL%203300/RESOLUCION%203289%20DE%202007.pdf HTTP/1.1" 206 409711
66.249.64.163 - - [26/Oct/2014:15:19:17 -0500] "GET /BLA/resoluciones/RESOLUCIONES%202010/6390.pdf HTTP/1.1" 200 525506
190.158.106.195 - - [26/Oct/2014:15:19:18 -0500] "GET /BLA/boletinlegal/js/jquery.js HTTP/1.1" 200 57254
190.158.106.195 - - [26/Oct/2014:15:19:18 -0500] "GET /BLA/boletinlegal/js/jquery.scrollTo-min.js HTTP/1.1" 200 1150
190.158.106.195 - - [26/Oct/2014:15:19:18 -0500] "GET /BLA/boletinlegal/js/jquery.scrollShow.js HTTP/1.1" 200 4586
201.232.85.181 - - [26/Oct/2014:15:19:20 -0500] "GET /BLA/boletinlegal/js/jquery.js HTTP/1.1" 200 57254
201.232.85.181 - - [26/Oct/2014:15:19:20 -0500] "GET /BLA/boletinlegal/js/jquery.scrollTo-min.js HTTP/1.1" 200 1150
201.232.85.181 - - [26/Oct/2014:15:19:20 -0500] "GET /BLA/boletinlegal/js/jquery.scrollShow.js HTTP/1.1" 200 4586
66.249.64.171 - - [26/Oct/2014:15:19:29 -0500] "GET /BLA/resoluciones/AUTOS%202009/2655.pdf HTTP/1.1" 200 157297
66.249.64.163 - - [26/Oct/2014:15:19:58 -0500] "GET /BLA/resoluciones/RESOLUCIONES%202009/1457.pdf HTTP/1.1" 200 605606
74.86.158.107 - - [26/Oct/2014:15:20:05 -0500] "HEAD / HTTP/1.1" 302 -
66.249.64.167 - - [26/Oct/2014:15:20:15 -0500] "GET /BLA/resoluciones/index.php?dir=RESOLUCIONES%202007/RES%202007%20101%20AL%20200/&sort=size&order=asc HTTP/1.1" 200 26931
66.249.64.163 - - [26/Oct/2014:15:20:28 -0500] "GET /BLA/resoluciones/RESOLUCIONES%202009/0981.pdf HTTP/1.1" 200 309667
186.114.62.98 - - [26/Oct/2014:15:20:44 -0500] "GET /PruebasSTORM/StormSDA_pruebas/user.jnlp HTTP/1.1" 200 1441
186.119.212.232 - - [26/Oct/2014:15:20:45 -0500] "GET /forest/session.jsp?a=0.2292644639105238 HTTP/1.1" 200 5
186.119.212.232 - - [26/Oct/2014:15:20:45 -0500] "GET /forest/login.jsp?a=0.5945178467807937 HTTP/1.1" 200 2996
190.146.170.190 - - [26/Oct/2014:15:20:48 -0500] "GET /galeria/mapa/3MapaBogot%C3%A1.jpg HTTP/1.1" 200 688183
66.249.64.171 - - [26/Oct/2014:15:20:58 -0500] "GET /BLA/resoluciones/AUTOS%202011/1944.pdf HTTP/1.1" 200 116800
201.244.255.105 - - [26/Oct/2014:15:20:59 -0500] "POST /forms/lservlet;jsessionid=ac16012b30d5309c6d40aea546349afc9bf0e0f6ab66.e3iSbxaKaheRe34Sa3yKbhiTahb0n6jAmljGr5XDqQLvpAe HTTP/1.1" 200 2
186.114.62.98 - - [26/Oct/2014:15:21:13 -0500] "GET /PruebasSTORM/StormSDA_pruebas/user.jpg HTTP/1.1" 304 -
186.114.62.98 - - [26/Oct/2014:15:21:14 -0500] "GET /PruebasSTORM/StormSDA_pruebas/userFiles/user_files.jnlp HTTP/1.1" 304 -
186.114.62.98 - - [26/Oct/2014:15:21:14 -0500] "GET /PruebasSTORM/StormSDA_pruebas/lib/lib.jnlp HTTP/1.1" 304 -
186.114.62.98 - - [26/Oct/2014:15:21:14 -0500] "GET /PruebasSTORM/StormSDA_pruebas/nsjars/nsjars.jnlp HTTP/1.1" 304 -
186.114.62.98 - - [26/Oct/2014:15:21:14 -0500] "GET /PruebasSTORM/StormSDA_pruebas/StormUser21.jar HTTP/1.1" 304 -
186.114.62.98 - - [26/Oct/2014:15:21:14 -0500] "GET /PruebasSTORM/StormSDA_pruebas/storm/userHelp.jar HTTP/1.1" 304 -
186.114.62.98 - - [26/Oct/2014:15:21:14 -0500] "GET /PruebasSTORM/StormSDA_pruebas/storm/XMLFormula.jar HTTP/1.1" 304 -
186.114.62.98 - - [26/Oct/2014:15:21:14 -0500] "GET /PruebasSTORM/StormSDA_pruebas/storm/StormUser.jar HTTP/1.1" 304 -
186.114.62.98 - - [26/Oct/2014:15:21:14 -0500] "GET /PruebasSTORM/StormSDA_pruebas/storm/Utils.jar HTTP/1.1" 304 -
186.114.62.98 - - [26/Oct/2014:15:21:14 -0500] "GET /PruebasSTORM/StormSDA_pruebas/storm/STORMParser.jar HTTP/1.1" 304 -
186.114.62.98 - - [26/Oct/2014:15:21:14 -0500] "GET /PruebasSTORM/StormSDA_pruebas/storm/HTTPClient.jar HTTP/1.1" 304 -
186.114.62.98 - - [26/Oct/2014:15:21:14 -0500] "GET /PruebasSTORM/StormSDA_pruebas/storm/stormNewServer.jar HTTP/1.1" 304 -
186.114.62.98 - - [26/Oct/2014:15:21:14 -0500] "GET /PruebasSTORM/StormSDA_pruebas/storm/STORMFormula.jar HTTP/1.1" 304 -
186.114.62.98 - - [26/Oct/2014:15:21:14 -0500] "GET /PruebasSTORM/StormSDA_pruebas/storm/EnviosPlugin.jar HTTP/1.1" 304 -
186.114.62.98 - - [26/Oct/2014:15:21:14 -0500] "GET /PruebasSTORM/StormSDA_pruebas/storm/Matriz.jar HTTP/1.1" 304 -
186.114.62.98 - - [26/Oct/2014:15:21:14 -0500] "GET /PruebasSTORM/StormSDA_pruebas/storm/version.jar HTTP/1.1" 304 -
186.114.62.98 - - [26/Oct/2014:15:21:14 -0500] "GET /PruebasSTORM/StormSDA_pruebas/userFiles/1.jar HTTP/1.1" 304 -
186.114.62.98 - - [26/Oct/2014:15:21:14 -0500] "GET /PruebasSTORM/StormSDA_pruebas/userFiles/85.jar HTTP/1.1" 304 -
186.114.62.98 - - [26/Oct/2014:15:21:14 -0500] "GET /PruebasSTORM/StormSDA_pruebas/userFiles/86.jar HTTP/1.1" 304 -
186.114.62.98 - - [26/Oct/2014:15:21:14 -0500] "GET /PruebasSTORM/StormSDA_pruebas/userFiles/88.jar HTTP/1.1" 304 -
186.114.62.98 - - [26/Oct/2014:15:21:15 -0500] "GET /PruebasSTORM/StormSDA_pruebas/userFiles/87.jar HTTP/1.1" 304 -
186.114.62.98 - - [26/Oct/2014:15:21:15 -0500] "GET /PruebasSTORM/StormSDA_pruebas/userFiles/89.jar HTTP/1.1" 304 -
186.114.62.98 - - [26/Oct/2014:15:21:15 -0500] "GET /PruebasSTORM/StormSDA_pruebas/userFiles/90.jar HTTP/1.1" 304 -
186.114.62.98 - - [26/Oct/2014:15:21:15 -0500] "GET /PruebasSTORM/StormSDA_pruebas/userFiles/91.jar HTTP/1.1" 304 -
186.114.62.98 - - [26/Oct/2014:15:21:15 -0500] "GET /PruebasSTORM/StormSDA_pruebas/userFiles/93.jar HTTP/1.1" 304 -
186.114.62.98 - - [26/Oct/2014:15:21:15 -0500] "GET /PruebasSTORM/StormSDA_pruebas/userFiles/92.jar HTTP/1.1" 304 -
186.114.62.98 - - [26/Oct/2014:15:21:15 -0500] "GET /PruebasSTORM/StormSDA_pruebas/userFiles/94.jar HTTP/1.1" 304 -
186.114.62.98 - - [26/Oct/2014:15:21:15 -0500] "GET /PruebasSTORM/StormSDA_pruebas/userFiles/95.jar HTTP/1.1" 304 -
186.114.62.98 - - [26/Oct/2014:15:21:15 -0500] "GET /PruebasSTORM/StormSDA_pruebas/userFiles/97.jar HTTP/1.1" 304 -
186.114.62.98 - - [26/Oct/2014:15:21:15 -0500] "GET /PruebasSTORM/StormSDA_pruebas/userFiles/96.jar HTTP/1.1" 304 -
186.114.62.98 - - [26/Oct/2014:15:21:15 -0500] "GET /PruebasSTORM/StormSDA_pruebas/userFiles/98.jar HTTP/1.1" 304 -
186.114.62.98 - - [26/Oct/2014:15:21:15 -0500] "GET /PruebasSTORM/StormSDA_pruebas/userFiles/basicos.jar HTTP/1.1" 304 -
186.114.62.98 - - [26/Oct/2014:15:21:15 -0500] "GET /PruebasSTORM/StormSDA_pruebas/lib/AbsoluteLayout.jar HTTP/1.1" 304 -
186.114.62.98 - - [26/Oct/2014:15:21:15 -0500] "GET /PruebasSTORM/StormSDA_pruebas/lib/helper.jar HTTP/1.1" 304 -
186.114.62.98 - - [26/Oct/2014:15:21:15 -0500] "GET /PruebasSTORM/StormSDA_pruebas/lib/jaxen-core.jar HTTP/1.1" 304 -
186.114.62.98 - - [26/Oct/2014:15:21:15 -0500] "GET /PruebasSTORM/StormSDA_pruebas/lib/jaxen-jdom.jar HTTP/1.1" 304 -
186.114.62.98 - - [26/Oct/2014:15:21:15 -0500] "GET /PruebasSTORM/StormSDA_pruebas/lib/jep-2.4.0.jar HTTP/1.1" 304 -
186.114.62.98 - - [26/Oct/2014:15:21:15 -0500] "GET /PruebasSTORM/StormSDA_pruebas/lib/jh.jar HTTP/1.1" 304 -
186.114.62.98 - - [26/Oct/2014:15:21:15 -0500] "GET /PruebasSTORM/StormSDA_pruebas/lib/jdom.jar HTTP/1.1" 304 -
186.114.62.98 - - [26/Oct/2014:15:21:15 -0500] "GET /PruebasSTORM/StormSDA_pruebas/lib/saxpath.jar HTTP/1.1" 304 -
186.114.62.98 - - [26/Oct/2014:15:21:15 -0500] "GET /PruebasSTORM/StormSDA_pruebas/lib/swing-layout-1.0.2.jar HTTP/1.1" 304 -
186.114.62.98 - - [26/Oct/2014:15:21:15 -0500] "GET /PruebasSTORM/StormSDA_pruebas/lib/swing-worker.jar HTTP/1.1" 304 -
186.114.62.98 - - [26/Oct/2014:15:21:15 -0500] "GET /PruebasSTORM/StormSDA_pruebas/lib/jnlp.jar HTTP/1.1" 304 -
186.114.62.98 - - [26/Oct/2014:15:21:15 -0500] "GET /PruebasSTORM/StormSDA_pruebas/lib/json.jar HTTP/1.1" 304 -
186.114.62.98 - - [26/Oct/2014:15:21:15 -0500] "GET /PruebasSTORM/StormSDA_pruebas/nsjars/appframework-1.0.jar HTTP/1.1" 304 -
186.114.62.98 - - [26/Oct/2014:15:21:15 -0500] "GET /PruebasSTORM/StormSDA_pruebas/nsjars/log4j-1.2.11.jar HTTP/1.1" 304 -
186.114.62.98 - - [26/Oct/2014:15:21:15 -0500] "GET /PruebasSTORM/StormSDA_pruebas/nsjars/poi-2.0.jar HTTP/1.1" 304 -
186.114.62.98 - - [26/Oct/2014:15:21:15 -0500] "GET /PruebasSTORM/StormSDA_pruebas/nsjars/derby.jar HTTP/1.1" 304 -
186.114.62.98 - - [26/Oct/2014:15:21:15 -0500] "GET /PruebasSTORM/StormSDA_pruebas/nsjars/commons-httpclient-3.1.jar HTTP/1.1" 304 -
186.114.62.98 - - [26/Oct/2014:15:21:15 -0500] "GET /PruebasSTORM/StormSDA_pruebas/nsjars/commons-codec-1.4.jar HTTP/1.1" 304 -
186.114.62.98 - - [26/Oct/2014:15:21:15 -0500] "GET /PruebasSTORM/StormSDA_pruebas/nsjars/ShaUtil.jar HTTP/1.1" 304 -
186.114.62.98 - - [26/Oct/2014:15:21:15 -0500] "GET /PruebasSTORM/StormSDA_pruebas/nsjars/commons-logging.jar HTTP/1.1" 304 -
186.114.62.98 - - [26/Oct/2014:15:21:15 -0500] "GET /PruebasSTORM/StormSDA_pruebas/nsjars/LoadInf.jar HTTP/1.1" 304 -
190.157.172.223 - - [26/Oct/2014:15:21:16 -0500] "GET /forest/session.jsp?a=0.7845383703242987 HTTP/1.1" 200 5
201.245.192.253 - - [26/Oct/2014:15:18:16 -0500] "GET /ForestMSG_SDA/channelAsync/template_word_16759698?X-Atmosphere-tracking-id=80b472e0-b59c-77d7-e6ff-0e2e883eacaa&X-Atmosphere-Framework=1.0.5&X-Atmosphere-Transport=long-polling&tabid=0.5564406877674468&X-Cache-Date=0&Content-Type=application/xml&_=1414354832632 HTTP/1.1" 200 8193
180.76.5.176 - - [26/Oct/2014:15:21:22 -0500] "GET /BLA/resoluciones/AUTOS%202011/3827.pdf HTTP/1.1" 200 230701
66.249.64.167 - - [26/Oct/2014:15:21:26 -0500] "GET /BLA/resoluciones/RESOLUCIONES%202010/5684.pdf HTTP/1.1" 200 82854
66.249.64.163 - - [26/Oct/2014:15:21:29 -0500] "GET /BLA/resoluciones/RESOLUCIONES%202009/3301.pdf HTTP/1.1" 200 645686
66.249.64.163 - - [26/Oct/2014:15:21:59 -0500] "GET /BLA/resoluciones/AUTOS%202011/2922.pdf HTTP/1.1" 200 409747
188.165.15.165 - - [26/Oct/2014:15:22:01 -0500] "GET /BLA/resoluciones/RESOLUCIONES%202005/RES%202005%20401-450/00000429.tif HTTP/1.1" 200 142028
191.67.88.166 - - [26/Oct/2014:15:22:08 -0500] "GET /galeria/carrusel/Carrusel/jquery.thumbnailScroller.css HTTP/1.1" 200 2066
191.67.88.166 - - [26/Oct/2014:15:22:09 -0500] "GET /BLA/boletinlegal/js/jquery.js HTTP/1.1" 200 57254
191.67.88.166 - - [26/Oct/2014:15:22:09 -0500] "GET /BLA/boletinlegal/js/jquery.scrollTo-min.js HTTP/1.1" 200 1150
191.67.88.166 - - [26/Oct/2014:15:22:10 -0500] "GET /BLA/boletinlegal/js/jquery.scrollShow.js HTTP/1.1" 200 4586
191.67.88.166 - - [26/Oct/2014:15:22:10 -0500] "GET /galeria/carrusel/Carrusel/jquery-ui-1.8.13.custom.min.js HTTP/1.1" 200 10800
191.67.88.166 - - [26/Oct/2014:15:22:10 -0500] "GET /galeria/carrusel/Carrusel/jquery.thumbnailScroller.js HTTP/1.1" 200 8157
66.249.64.163 - - [26/Oct/2014:15:22:28 -0500] "GET /BLA/resoluciones/RESOLUCIONES%202002/RES%202002%20301-350/00000321.tif HTTP/1.1" 200 96750
190.66.121.97 - - [26/Oct/2014:15:22:30 -0500] "GET /videos/galeria-fotografica/index15.html? HTTP/1.1" 200 1971
190.66.121.97 - - [26/Oct/2014:15:22:31 -0500] "GET /videos/galeria-fotografica/js/jquery-flickr-gallery/jquery-flickr.css HTTP/1.1" 200 711
190.253.81.251 - - [26/Oct/2014:15:22:31 -0500] "GET /BLA/boletinlegal/js/jquery.js HTTP/1.0" 200 57254
190.253.81.251 - - [26/Oct/2014:15:22:31 -0500] "GET /BLA/boletinlegal/js/jquery.scrollShow.js HTTP/1.0" 200 4586
190.66.121.97 - - [26/Oct/2014:15:22:31 -0500] "GET /videos/galeria-fotografica/js/jquery-flickr-gallery/jquery-flickr-gallery.js HTTP/1.1" 200 9050
190.253.81.251 - - [26/Oct/2014:15:22:31 -0500] "GET /BLA/boletinlegal/js/jquery.scrollTo-min.js HTTP/1.0" 200 1150
190.66.121.97 - - [26/Oct/2014:15:22:32 -0500] "GET /videos/galeria-fotografica/js/jquery-flickr-gallery/loader.gif HTTP/1.1" 200 2129
180.76.6.152 - - [26/Oct/2014:15:22:51 -0500] "GET /BLA/resoluciones/AUTOS%202011/2501.pdf HTTP/1.1" 200 337409
66.249.64.171 - - [26/Oct/2014:15:22:56 -0500] "GET /BLA/resoluciones/AUTOS%202011/1928.pdf HTTP/1.1" 200 165025
201.244.255.105 - - [26/Oct/2014:15:22:59 -0500] "POST /forms/lservlet;jsessionid=ac16012b30d5309c6d40aea546349afc9bf0e0f6ab66.e3iSbxaKaheRe34Sa3yKbhiTahb0n6jAmljGr5XDqQLvpAe HTTP/1.1" 200 2
191.67.88.166 - - [26/Oct/2014:15:23:06 -0500] "GET /galeria/nivo-slider/demo/demo.html HTTP/1.1" 200 3636
191.67.88.166 - - [26/Oct/2014:15:23:11 -0500] "GET /galeria/nivo-slider/themes/default/default.css HTTP/1.1" 200 1569
191.67.88.166 - - [26/Oct/2014:15:23:16 -0500] "GET /galeria/nivo-slider/themes/orman/orman.css HTTP/1.1" 200 2152
191.67.88.166 - - [26/Oct/2014:15:23:16 -0500] "GET /galeria/nivo-slider/nivo-slider.css HTTP/1.1" 200 1507
191.67.88.166 - - [26/Oct/2014:15:23:16 -0500] "GET /galeria/nivo-slider/demo/style.css HTTP/1.1" 200 2222
191.67.88.166 - - [26/Oct/2014:15:23:17 -0500] "GET /galeria/nivo-slider/demo/scripts/jquery-1.7.1.min.js HTTP/1.1" 200 93868
191.67.88.166 - - [26/Oct/2014:15:23:17 -0500] "GET /galeria/nivo-slider/jquery.nivo.slider.pack.js HTTP/1.1" 200 11561
201.244.255.105 - - [26/Oct/2014:15:23:18 -0500] "POST /forms/lservlet;jsessionid=ac16012b30d5309c6d40aea546349afc9bf0e0f6ab66.e3iSbxaKaheRe34Sa3yKbhiTahb0n6jAmljGr5XDqQLvpAe HTTP/1.1" 200 2
201.244.255.105 - - [26/Oct/2014:15:23:18 -0500] "POST /forms/lservlet;jsessionid=ac16012b30d5309c6d40aea546349afc9bf0e0f6ab66.e3iSbxaKaheRe34Sa3yKbhiTahb0n6jAmljGr5XDqQLvpAe HTTP/1.1" 200 688
201.244.255.105 - - [26/Oct/2014:15:23:19 -0500] "POST /forms/lservlet;jsessionid=ac16012b30d5309c6d40aea546349afc9bf0e0f6ab66.e3iSbxaKaheRe34Sa3yKbhiTahb0n6jAmljGr5XDqQLvpAe HTTP/1.1" 200 10
201.244.255.105 - - [26/Oct/2014:15:23:19 -0500] "POST /forms/lservlet;jsessionid=ac16012b30d5309c6d40aea546349afc9bf0e0f6ab66.e3iSbxaKaheRe34Sa3yKbhiTahb0n6jAmljGr5XDqQLvpAe HTTP/1.1" 200 2
201.244.255.105 - - [26/Oct/2014:15:23:20 -0500] "POST /forms/lservlet;jsessionid=ac16012b30d5309c6d40aea546349afc9bf0e0f6ab66.e3iSbxaKaheRe34Sa3yKbhiTahb0n6jAmljGr5XDqQLvpAe HTTP/1.1" 200 72
191.67.88.166 - - [26/Oct/2014:15:23:21 -0500] "GET /galeria/nivo-slider/themes/pascal/pascal.css HTTP/1.1" 200 2258
201.244.255.105 - - [26/Oct/2014:15:23:22 -0500] "POST /forms/lservlet;jsessionid=ac16012b30d5309c6d40aea546349afc9bf0e0f6ab66.e3iSbxaKaheRe34Sa3yKbhiTahb0n6jAmljGr5XDqQLvpAe HTTP/1.1" 200 2
201.244.255.105 - - [26/Oct/2014:15:23:23 -0500] "POST /forms/lservlet;jsessionid=ac16012b30d5309c6d40aea546349afc9bf0e0f6ab66.e3iSbxaKaheRe34Sa3yKbhiTahb0n6jAmljGr5XDqQLvpAe HTTP/1.1" 200 239
201.244.255.105 - - [26/Oct/2014:15:23:23 -0500] "POST /forms/lservlet;jsessionid=ac16012b30d5309c6d40aea546349afc9bf0e0f6ab66.e3iSbxaKaheRe34Sa3yKbhiTahb0n6jAmljGr5XDqQLvpAe HTTP/1.1" 200 44
201.244.255.105 - - [26/Oct/2014:15:23:23 -0500] "POST /forms/lservlet;jsessionid=ac16012b30d5309c6d40aea546349afc9bf0e0f6ab66.e3iSbxaKaheRe34Sa3yKbhiTahb0n6jAmljGr5XDqQLvpAe HTTP/1.1" 200 17
201.244.255.105 - - [26/Oct/2014:15:23:24 -0500] "POST /forms/lservlet;jsessionid=ac16012b30d5309c6d40aea546349afc9bf0e0f6ab66.e3iSbxaKaheRe34Sa3yKbhiTahb0n6jAmljGr5XDqQLvpAe HTTP/1.1" 200 70
201.244.255.105 - - [26/Oct/2014:15:23:24 -0500] "POST /forms/lservlet;jsessionid=ac16012b30d5309c6d40aea546349afc9bf0e0f6ab66.e3iSbxaKaheRe34Sa3yKbhiTahb0n6jAmljGr5XDqQLvpAe HTTP/1.1" 200 30
201.244.255.105 - - [26/Oct/2014:15:23:24 -0500] "POST /forms/lservlet;jsessionid=ac16012b30d5309c6d40aea546349afc9bf0e0f6ab66.e3iSbxaKaheRe34Sa3yKbhiTahb0n6jAmljGr5XDqQLvpAe HTTP/1.1" 200 66
201.244.255.105 - - [26/Oct/2014:15:23:25 -0500] "POST /forms/lservlet;jsessionid=ac16012b30d5309c6d40aea546349afc9bf0e0f6ab66.e3iSbxaKaheRe34Sa3yKbhiTahb0n6jAmljGr5XDqQLvpAe HTTP/1.1" 200 2
201.244.255.105 - - [26/Oct/2014:15:23:25 -0500] "POST /forms/lservlet;jsessionid=ac16012b30d5309c6d40aea546349afc9bf0e0f6ab66.e3iSbxaKaheRe34Sa3yKbhiTahb0n6jAmljGr5XDqQLvpAe HTTP/1.1" 200 63
66.249.64.167 - - [26/Oct/2014:15:23:26 -0500] "GET /BLA/resoluciones/AUTOS%202011/2726.pdf HTTP/1.1" 200 266549
191.67.88.166 - - [26/Oct/2014:15:23:27 -0500] "GET /galeria/nivo-slider/demo/images/4Simple_Slider.png HTTP/1.1" 200 11722
201.244.255.105 - - [26/Oct/2014:15:23:30 -0500] "POST /forms/lservlet;jsessionid=ac16012b30d5309c6d40aea546349afc9bf0e0f6ab66.e3iSbxaKaheRe34Sa3yKbhiTahb0n6jAmljGr5XDqQLvpAe HTTP/1.1" 200 76
191.67.88.166 - - [26/Oct/2014:15:23:32 -0500] "GET /galeria/nivo-slider/themes/default/loading.gif HTTP/1.1" 200 1737
191.67.88.166 - - [26/Oct/2014:15:23:33 -0500] "GET /galeria/nivo-slider/demo/images/banner-aceite3.jpg HTTP/1.1" 200 88347
191.67.88.166 - - [26/Oct/2014:15:23:35 -0500] "GET /galeria/nivo-slider/demo/images/banner-conejera1.jpg HTTP/1.1" 200 136228
180.76.5.223 - - [26/Oct/2014:15:23:36 -0500] "GET /BLA/resoluciones/AUTOS%202011/4147.pdf HTTP/1.1" 200 230507
191.67.88.166 - - [26/Oct/2014:15:23:40 -0500] "GET /galeria/nivo-slider/demo/images/EncuentroAgua1.jpg HTTP/1.1" 200 274179
201.244.255.105 - - [26/Oct/2014:15:23:49 -0500] "POST /forms/lservlet;jsessionid=ac16012b30d5309c6d40aea546349afc9bf0e0f6ab66.e3iSbxaKaheRe34Sa3yKbhiTahb0n6jAmljGr5XDqQLvpAe HTTP/1.1" 200 24
201.244.255.105 - - [26/Oct/2014:15:23:50 -0500] "POST /forms/lservlet;jsessionid=ac16012b30d5309c6d40aea546349afc9bf0e0f6ab66.e3iSbxaKaheRe34Sa3yKbhiTahb0n6jAmljGr5XDqQLvpAe HTTP/1.1" 200 4842
201.244.255.105 - - [26/Oct/2014:15:23:51 -0500] "POST /forms/lservlet;jsessionid=ac16012b30d5309c6d40aea546349afc9bf0e0f6ab66.e3iSbxaKaheRe34Sa3yKbhiTahb0n6jAmljGr5XDqQLvpAe HTTP/1.1" 200 20
191.67.88.166 - - [26/Oct/2014:15:23:53 -0500] "GET /galeria/nivo-slider/demo/images/Tingua-azul.jpg HTTP/1.1" 200 307638
191.67.88.166 - - [26/Oct/2014:15:23:53 -0500] "GET /galeria/nivo-slider/demo/images/mesTIC.jpg HTTP/1.1" 200 180719
188.165.15.50 - - [26/Oct/2014:15:23:54 -0500] "GET /BLA/resoluciones/RESOLUCIONES%202002/RES%202002%2001-50/2002RES43.tif HTTP/1.1" 200 42588
66.249.64.167 - - [26/Oct/2014:15:23:55 -0500] "GET /BLA/resoluciones/AUTOS%202011/2120.pdf HTTP/1.1" 200 119594
201.244.255.105 - - [26/Oct/2014:15:23:55 -0500] "POST /forms/lservlet;jsessionid=ac16012b30d5309c6d40aea546349afc9bf0e0f6ab66.e3iSbxaKaheRe34Sa3yKbhiTahb0n6jAmljGr5XDqQLvpAe HTTP/1.1" 200 96
181.54.19.152 - - [26/Oct/2014:15:24:09 -0500] "GET /BLA/boletinlegal/js/jquery.js HTTP/1.1" 200 57254
181.54.19.152 - - [26/Oct/2014:15:24:09 -0500] "GET /BLA/boletinlegal/js/jquery.scrollTo-min.js HTTP/1.1" 200 1150
181.54.19.152 - - [26/Oct/2014:15:24:09 -0500] "GET /BLA/boletinlegal/js/jquery.scrollShow.js HTTP/1.1" 200 4586
180.76.6.52 - - [26/Oct/2014:15:24:11 -0500] "GET /videos/NuestraGente_9.flv HTTP/1.1" 200 55159184
201.245.192.253 - - [26/Oct/2014:15:21:16 -0500] "GET /ForestMSG_SDA/channelAsync/template_word_16759698?X-Atmosphere-tracking-id=80b472e0-b59c-77d7-e6ff-0e2e883eacaa&X-Atmosphere-Framework=1.0.5&X-Atmosphere-Transport=long-polling&tabid=0.5564406877674468&X-Cache-Date=0&Content-Type=application/xml&_=1414355012753 HTTP/1.1" 200 8193
66.249.64.163 - - [26/Oct/2014:15:24:20 -0500] "GET /BLA/resoluciones/AUTOS%202009/0602.pdf HTTP/1.1" 200 127010
66.249.64.171 - - [26/Oct/2014:15:24:25 -0500] "GET /BLA/resoluciones/RESOLUCIONES%202010/7018.pdf HTTP/1.1" 200 1284890
190.25.1.238 - - [26/Oct/2014:15:24:26 -0500] "GET /BLA/boletinlegal/js/jquery.js HTTP/1.1" 200 57254
190.25.1.238 - - [26/Oct/2014:15:24:26 -0500] "GET /BLA/boletinlegal/js/jquery.scrollTo-min.js HTTP/1.1" 200 1150
190.25.1.238 - - [26/Oct/2014:15:24:26 -0500] "GET /BLA/boletinlegal/js/jquery.scrollShow.js HTTP/1.1" 200 4586
66.249.64.167 - - [26/Oct/2014:15:24:27 -0500] "GET /BLA/resoluciones/RESOLUCIONES%202007/RES%202007%20101%20AL%20200/RESOLUCION%200123%20%20DE%202007.pdf HTTP/1.1" 200 392554
201.244.255.105 - - [26/Oct/2014:15:24:37 -0500] "POST /forms/lservlet;jsessionid=ac16012b30d5309c6d40aea546349afc9bf0e0f6ab66.e3iSbxaKaheRe34Sa3yKbhiTahb0n6jAmljGr5XDqQLvpAe HTTP/1.1" 200 2
201.244.255.105 - - [26/Oct/2014:15:24:37 -0500] "POST /forms/lservlet;jsessionid=ac16012b30d5309c6d40aea546349afc9bf0e0f6ab66.e3iSbxaKaheRe34Sa3yKbhiTahb0n6jAmljGr5XDqQLvpAe HTTP/1.1" 200 14
201.244.255.105 - - [26/Oct/2014:15:24:38 -0500] "POST /forms/lservlet;jsessionid=ac16012b30d5309c6d40aea546349afc9bf0e0f6ab66.e3iSbxaKaheRe34Sa3yKbhiTahb0n6jAmljGr5XDqQLvpAe HTTP/1.1" 200 14
201.244.255.105 - - [26/Oct/2014:15:24:39 -0500] "POST /forms/lservlet;jsessionid=ac16012b30d5309c6d40aea546349afc9bf0e0f6ab66.e3iSbxaKaheRe34Sa3yKbhiTahb0n6jAmljGr5XDqQLvpAe HTTP/1.1" 200 14
201.244.255.105 - - [26/Oct/2014:15:24:41 -0500] "POST /forms/lservlet;jsessionid=ac16012b30d5309c6d40aea546349afc9bf0e0f6ab66.e3iSbxaKaheRe34Sa3yKbhiTahb0n6jAmljGr5XDqQLvpAe HTTP/1.1" 200 14
201.244.255.105 - - [26/Oct/2014:15:24:43 -0500] "POST /forms/lservlet;jsessionid=ac16012b30d5309c6d40aea546349afc9bf0e0f6ab66.e3iSbxaKaheRe34Sa3yKbhiTahb0n6jAmljGr5XDqQLvpAe HTTP/1.1" 200 15
201.244.255.105 - - [26/Oct/2014:15:24:45 -0500] "POST /forms/lservlet;jsessionid=ac16012b30d5309c6d40aea546349afc9bf0e0f6ab66.e3iSbxaKaheRe34Sa3yKbhiTahb0n6jAmljGr5XDqQLvpAe HTTP/1.1" 200 15
201.244.255.105 - - [26/Oct/2014:15:24:50 -0500] "POST /forms/lservlet;jsessionid=ac16012b30d5309c6d40aea546349afc9bf0e0f6ab66.e3iSbxaKaheRe34Sa3yKbhiTahb0n6jAmljGr5XDqQLvpAe HTTP/1.1" 200 131
201.244.255.105 - - [26/Oct/2014:15:24:50 -0500] "POST /forms/lservlet;jsessionid=ac16012b30d5309c6d40aea546349afc9bf0e0f6ab66.e3iSbxaKaheRe34Sa3yKbhiTahb0n6jAmljGr5XDqQLvpAe HTTP/1.1" 200 12
66.249.64.171 - - [26/Oct/2014:15:24:54 -0500] "GET /BLA/resoluciones/AUTOS%202011/5833.pdf HTTP/1.1" 200 163844
201.244.255.105 - - [26/Oct/2014:15:24:59 -0500] "POST /forms/lservlet;jsessionid=ac16012b30d5309c6d40aea546349afc9bf0e0f6ab66.e3iSbxaKaheRe34Sa3yKbhiTahb0n6jAmljGr5XDqQLvpAe HTTP/1.1" 200 2
74.86.158.107 - - [26/Oct/2014:15:25:05 -0500] "HEAD / HTTP/1.1" 302 -
201.244.255.105 - - [26/Oct/2014:15:25:22 -0500] "POST /forms/lservlet;jsessionid=ac16012b30d5309c6d40aea546349afc9bf0e0f6ab66.e3iSbxaKaheRe34Sa3yKbhiTahb0n6jAmljGr5XDqQLvpAe HTTP/1.1" 200 2
201.244.255.105 - - [26/Oct/2014:15:25:22 -0500] "POST /forms/lservlet;jsessionid=ac16012b30d5309c6d40aea546349afc9bf0e0f6ab66.e3iSbxaKaheRe34Sa3yKbhiTahb0n6jAmljGr5XDqQLvpAe HTTP/1.1" 200 14
201.244.255.105 - - [26/Oct/2014:15:25:23 -0500] "POST /forms/lservlet;jsessionid=ac16012b30d5309c6d40aea546349afc9bf0e0f6ab66.e3iSbxaKaheRe34Sa3yKbhiTahb0n6jAmljGr5XDqQLvpAe HTTP/1.1" 200 113
201.244.255.105 - - [26/Oct/2014:15:25:23 -0500] "POST /forms/lservlet;jsessionid=ac16012b30d5309c6d40aea546349afc9bf0e0f6ab66.e3iSbxaKaheRe34Sa3yKbhiTahb0n6jAmljGr5XDqQLvpAe HTTP/1.1" 200 7
66.249.64.167 - - [26/Oct/2014:15:25:24 -0500] "GET /BLA/resoluciones/AUTOS%202011/0994.pdf HTTP/1.1" 200 153491
201.244.255.105 - - [26/Oct/2014:15:25:24 -0500] "GET /reports/rwservlet/getjobid331316?server=rep_srvapsda HTTP/1.1" 200 61087
201.244.255.105 - - [26/Oct/2014:15:24:51 -0500] "GET /reports/rwservlet/getjobid331315?server=rep_srvapsda HTTP/1.1" 200 9856976
66.249.64.171 - - [26/Oct/2014:15:25:54 -0500] "GET /BLA/resoluciones/AUTOS%202011/2187.pdf HTTP/1.1" 200 209213
66.249.64.171 - - [26/Oct/2014:15:26:23 -0500] "GET /BLA/resoluciones/RESOLUCIONES%202009/3692.pdf HTTP/1.1" 200 162856
191.67.88.166 - - [26/Oct/2014:15:26:25 -0500] "GET /galeria/nivo-slider/demo/images/Banner-Caracol-Africano.jpg HTTP/1.1" 200 331986
191.67.88.166 - - [26/Oct/2014:15:26:27 -0500] "GET /galeria/nivo-slider/demo/images/banner-redes.jpg HTTP/1.1" 200 62209
66.249.64.163 - - [26/Oct/2014:15:26:39 -0500] "GET /BLA/resoluciones/index.php?dir=RESOLUCIONES%202007/RES%202007%20101%20AL%20200/&sort=name&order=asc HTTP/1.1" 200 26931
66.249.64.167 - - [26/Oct/2014:15:26:53 -0500] "GET /BLA/resoluciones/RESOLUCIONES%202010/7254.pdf HTTP/1.1" 200 341585
201.244.255.105 - - [26/Oct/2014:15:27:00 -0500] "POST /forms/lservlet;jsessionid=ac16012b30d5309c6d40aea546349afc9bf0e0f6ab66.e3iSbxaKaheRe34Sa3yKbhiTahb0n6jAmljGr5XDqQLvpAe HTTP/1.1" 200 2
66.249.64.43 - - [26/Oct/2014:15:27:04 -0500] "GET /dama/libreria/pdf/intreg/OBJETIVOS%20TALLER%20Y%20ESTRATEGIA%20%20MARZO%2016%20DAMA.pdf HTTP/1.1" 404 1019
191.67.88.166 - - [26/Oct/2014:15:27:09 -0500] "GET /galeria/nivo-slider/demo/images/9Signos.jpg HTTP/1.1" 200 93040
180.76.5.60 - - [26/Oct/2014:15:27:10 -0500] "GET /BLA/resoluciones/AUTOS%202012/0501.pdf HTTP/1.1" 200 257843
201.245.192.253 - - [26/Oct/2014:15:24:16 -0500] "GET /ForestMSG_SDA/channelAsync/template_word_16759698?X-Atmosphere-tracking-id=80b472e0-b59c-77d7-e6ff-0e2e883eacaa&X-Atmosphere-Framework=1.0.5&X-Atmosphere-Transport=long-polling&tabid=0.5564406877674468&X-Cache-Date=0&Content-Type=application/xml&_=1414355192840 HTTP/1.1" 200 8193
201.244.255.105 - - [26/Oct/2014:15:27:21 -0500] "POST /forms/lservlet;jsessionid=ac16012b30d5309c6d40aea546349afc9bf0e0f6ab66.e3iSbxaKaheRe34Sa3yKbhiTahb0n6jAmljGr5XDqQLvpAe HTTP/1.1" 200 71
191.108.160.1 - - [26/Oct/2014:15:27:22 -0500] "GET /BLA/resoluciones/RESOLUCIONES%202009/3811.pdf HTTP/1.1" 200 829541
190.238.173.162 - - [26/Oct/2014:15:27:22 -0500] "GET /BLA/boletinlegal/js/jquery.js HTTP/1.1" 200 57254
190.238.173.162 - - [26/Oct/2014:15:27:22 -0500] "GET /BLA/boletinlegal/js/jquery.scrollShow.js HTTP/1.1" 200 4586
190.238.173.162 - - [26/Oct/2014:15:27:22 -0500] "GET /BLA/boletinlegal/js/jquery.scrollTo-min.js HTTP/1.1" 200 1150
66.249.64.171 - - [26/Oct/2014:15:27:22 -0500] "GET /BLA/resoluciones/AUTOS%202011/4469.pdf HTTP/1.1" 200 146551
201.244.255.105 - - [26/Oct/2014:15:27:23 -0500] "POST /forms/lservlet;jsessionid=ac16012b30d5309c6d40aea546349afc9bf0e0f6ab66.e3iSbxaKaheRe34Sa3yKbhiTahb0n6jAmljGr5XDqQLvpAe HTTP/1.1" 200 2
201.244.255.105 - - [26/Oct/2014:15:27:23 -0500] "POST /forms/lservlet;jsessionid=ac16012b30d5309c6d40aea546349afc9bf0e0f6ab66.e3iSbxaKaheRe34Sa3yKbhiTahb0n6jAmljGr5XDqQLvpAe HTTP/1.1" 200 3428
191.67.88.166 - - [26/Oct/2014:15:27:23 -0500] "GET /galeria/nivo-slider/demo/images/banner-encuesta.jpg HTTP/1.1" 200 42764
201.244.255.105 - - [26/Oct/2014:15:27:23 -0500] "POST /forms/lservlet;jsessionid=ac16012b30d5309c6d40aea546349afc9bf0e0f6ab66.e3iSbxaKaheRe34Sa3yKbhiTahb0n6jAmljGr5XDqQLvpAe HTTP/1.1" 200 2
191.67.88.166 - - [26/Oct/2014:15:27:27 -0500] "GET /galeria/nivo-slider/demo/images/banner-llantas2.jpg HTTP/1.1" 200 73153
201.244.255.105 - - [26/Oct/2014:15:27:29 -0500] "POST /forms/lservlet;jsessionid=ac16012b30d5309c6d40aea546349afc9bf0e0f6ab66.e3iSbxaKaheRe34Sa3yKbhiTahb0n6jAmljGr5XDqQLvpAe HTTP/1.1" 200 2
201.244.255.105 - - [26/Oct/2014:15:27:29 -0500] "POST /forms/lservlet;jsessionid=ac16012b30d5309c6d40aea546349afc9bf0e0f6ab66.e3iSbxaKaheRe34Sa3yKbhiTahb0n6jAmljGr5XDqQLvpAe HTTP/1.1" 200 112
201.244.255.105 - - [26/Oct/2014:15:27:30 -0500] "POST /forms/lservlet;jsessionid=ac16012b30d5309c6d40aea546349afc9bf0e0f6ab66.e3iSbxaKaheRe34Sa3yKbhiTahb0n6jAmljGr5XDqQLvpAe HTTP/1.1" 200 2
201.244.255.105 - - [26/Oct/2014:15:27:30 -0500] "GET /reports/rwservlet/getjobid331317?server=rep_srvapsda HTTP/1.1" 200 62146
191.67.88.166 - - [26/Oct/2014:15:27:46 -0500] "GET /galeria/nivo-slider/demo/images/banner-caballos.png HTTP/1.1" 200 389106
66.249.64.171 - - [26/Oct/2014:15:27:52 -0500] "GET /BLA/resoluciones/RESOLUCIONES%202010/5824.pdf HTTP/1.1" 200 99140
201.244.255.105 - - [26/Oct/2014:15:27:56 -0500] "POST /forms/lservlet;jsessionid=ac16012b30d5309c6d40aea546349afc9bf0e0f6ab66.e3iSbxaKaheRe34Sa3yKbhiTahb0n6jAmljGr5XDqQLvpAe HTTP/1.1" 200 2
201.244.255.105 - - [26/Oct/2014:15:27:56 -0500] "POST /forms/lservlet;jsessionid=ac16012b30d5309c6d40aea546349afc9bf0e0f6ab66.e3iSbxaKaheRe34Sa3yKbhiTahb0n6jAmljGr5XDqQLvpAe HTTP/1.1" 200 3081
201.244.255.105 - - [26/Oct/2014:15:27:57 -0500] "POST /forms/lservlet;jsessionid=ac16012b30d5309c6d40aea546349afc9bf0e0f6ab66.e3iSbxaKaheRe34Sa3yKbhiTahb0n6jAmljGr5XDqQLvpAe HTTP/1.1" 200 2
201.244.255.105 - - [26/Oct/2014:15:28:02 -0500] "POST /forms/lservlet;jsessionid=ac16012b30d5309c6d40aea546349afc9bf0e0f6ab66.e3iSbxaKaheRe34Sa3yKbhiTahb0n6jAmljGr5XDqQLvpAe HTTP/1.1" 200 2
201.244.255.105 - - [26/Oct/2014:15:28:02 -0500] "POST /forms/lservlet;jsessionid=ac16012b30d5309c6d40aea546349afc9bf0e0f6ab66.e3iSbxaKaheRe34Sa3yKbhiTahb0n6jAmljGr5XDqQLvpAe HTTP/1.1" 200 3182
201.244.255.105 - - [26/Oct/2014:15:28:03 -0500] "POST /forms/lservlet;jsessionid=ac16012b30d5309c6d40aea546349afc9bf0e0f6ab66.e3iSbxaKaheRe34Sa3yKbhiTahb0n6jAmljGr5XDqQLvpAe HTTP/1.1" 200 2
201.244.255.105 - - [26/Oct/2014:15:28:05 -0500] "POST /forms/lservlet;jsessionid=ac16012b30d5309c6d40aea546349afc9bf0e0f6ab66.e3iSbxaKaheRe34Sa3yKbhiTahb0n6jAmljGr5XDqQLvpAe HTTP/1.1" 200 99
191.67.88.166 - - [26/Oct/2014:15:28:06 -0500] "GET /galeria/nivo-slider/demo/images/Hacienda_Molinos.jpg HTTP/1.1" 200 319171
191.67.88.166 - - [26/Oct/2014:15:28:09 -0500] "GET /galeria/nivo-slider/demo/images/bannerEcolecta3.jpg HTTP/1.1" 200 280034
201.244.255.105 - - [26/Oct/2014:15:28:10 -0500] "POST /forms/lservlet;jsessionid=ac16012b30d5309c6d40aea546349afc9bf0e0f6ab66.e3iSbxaKaheRe34Sa3yKbhiTahb0n6jAmljGr5XDqQLvpAe HTTP/1.1" 200 2
201.244.255.105 - - [26/Oct/2014:15:28:10 -0500] "POST /forms/lservlet;jsessionid=ac16012b30d5309c6d40aea546349afc9bf0e0f6ab66.e3iSbxaKaheRe34Sa3yKbhiTahb0n6jAmljGr5XDqQLvpAe HTTP/1.1" 200 131
201.244.255.105 - - [26/Oct/2014:15:28:11 -0500] "POST /forms/lservlet;jsessionid=ac16012b30d5309c6d40aea546349afc9bf0e0f6ab66.e3iSbxaKaheRe34Sa3yKbhiTahb0n6jAmljGr5XDqQLvpAe HTTP/1.1" 200 12
201.244.255.105 - - [26/Oct/2014:15:28:11 -0500] "GET /reports/rwservlet/getjobid331318?server=rep_srvapsda HTTP/1.1" 200 66417
66.249.64.171 - - [26/Oct/2014:15:28:22 -0500] "GET /BLA/resoluciones/AUTOS%202011/6106.pdf HTTP/1.1" 200 185939
200.118.217.163 - - [26/Oct/2014:15:28:33 -0500] "GET /BLA/boletinlegal/js/jquery.scrollShow.js HTTP/1.1" 200 4586
200.118.217.163 - - [26/Oct/2014:15:28:33 -0500] "GET /galeria/carrusel/Carrusel/jquery.thumbnailScroller.css HTTP/1.1" 200 2066
200.118.217.163 - - [26/Oct/2014:15:28:33 -0500] "GET /BLA/boletinlegal/js/jquery.js HTTP/1.1" 200 57254
200.118.217.163 - - [26/Oct/2014:15:28:33 -0500] "GET /BLA/boletinlegal/js/jquery.scrollTo-min.js HTTP/1.1" 200 1150
200.118.217.163 - - [26/Oct/2014:15:28:33 -0500] "GET /galeria/carrusel/Carrusel/jquery-ui-1.8.13.custom.min.js HTTP/1.1" 200 10800
200.118.217.163 - - [26/Oct/2014:15:28:33 -0500] "GET /galeria/carrusel/Carrusel/jquery.thumbnailScroller.js HTTP/1.1" 200 8157
200.118.217.163 - - [26/Oct/2014:15:28:34 -0500] "GET /galeria/nivo-slider/demo/demo.html HTTP/1.1" 200 3636
200.118.217.163 - - [26/Oct/2014:15:28:35 -0500] "GET /galeria/nivo-slider/themes/default/default.css HTTP/1.1" 200 1569
200.118.217.163 - - [26/Oct/2014:15:28:35 -0500] "GET /galeria/nivo-slider/themes/pascal/pascal.css HTTP/1.1" 200 2258
200.118.217.163 - - [26/Oct/2014:15:28:35 -0500] "GET /galeria/nivo-slider/nivo-slider.css HTTP/1.1" 200 1507
200.118.217.163 - - [26/Oct/2014:15:28:35 -0500] "GET /galeria/nivo-slider/themes/orman/orman.css HTTP/1.1" 200 2152
200.118.217.163 - - [26/Oct/2014:15:28:35 -0500] "GET /galeria/nivo-slider/demo/style.css HTTP/1.1" 200 2222
200.118.217.163 - - [26/Oct/2014:15:28:35 -0500] "GET /galeria/nivo-slider/demo/scripts/jquery-1.7.1.min.js HTTP/1.1" 200 93868
200.118.217.163 - - [26/Oct/2014:15:28:35 -0500] "GET /galeria/nivo-slider/jquery.nivo.slider.pack.js HTTP/1.1" 200 11561
200.118.217.163 - - [26/Oct/2014:15:28:35 -0500] "GET /galeria/nivo-slider/demo/images/banner-conejera1.jpg HTTP/1.1" 200 136228
200.118.217.163 - - [26/Oct/2014:15:28:35 -0500] "GET /galeria/nivo-slider/demo/images/banner-aceite3.jpg HTTP/1.1" 200 88347
200.118.217.163 - - [26/Oct/2014:15:28:35 -0500] "GET /galeria/nivo-slider/demo/images/mesTIC.jpg HTTP/1.1" 200 180719
200.118.217.163 - - [26/Oct/2014:15:28:35 -0500] "GET /galeria/nivo-slider/demo/images/4Simple_Slider.png HTTP/1.1" 200 11722
200.118.217.163 - - [26/Oct/2014:15:28:35 -0500] "GET /galeria/nivo-slider/themes/default/loading.gif HTTP/1.1" 200 1737
200.118.217.163 - - [26/Oct/2014:15:28:35 -0500] "GET /galeria/nivo-slider/demo/images/EncuentroAgua1.jpg HTTP/1.1" 200 274179
200.118.217.163 - - [26/Oct/2014:15:28:35 -0500] "GET /galeria/nivo-slider/demo/images/Tingua-azul.jpg HTTP/1.1" 200 307638
200.118.217.163 - - [26/Oct/2014:15:28:36 -0500] "GET /galeria/nivo-slider/demo/images/Banner-Caracol-Africano.jpg HTTP/1.1" 200 331986
200.118.217.163 - - [26/Oct/2014:15:28:36 -0500] "GET /galeria/nivo-slider/demo/images/banner-redes.jpg HTTP/1.1" 200 62209
200.118.217.163 - - [26/Oct/2014:15:28:37 -0500] "GET /galeria/nivo-slider/demo/images/9Signos.jpg HTTP/1.1" 200 93040
200.118.217.163 - - [26/Oct/2014:15:28:37 -0500] "GET /galeria/nivo-slider/demo/images/banner-encuesta.jpg HTTP/1.1" 200 42764
200.118.217.163 - - [26/Oct/2014:15:28:37 -0500] "GET /galeria/nivo-slider/demo/images/banner-llantas2.jpg HTTP/1.1" 200 73153
200.118.217.163 - - [26/Oct/2014:15:28:38 -0500] "GET /galeria/nivo-slider/demo/images/banner-caballos.png HTTP/1.1" 200 389106
200.118.217.163 - - [26/Oct/2014:15:28:38 -0500] "GET /galeria/nivo-slider/demo/images/Hacienda_Molinos.jpg HTTP/1.1" 200 319171
180.76.5.78 - - [26/Oct/2014:15:28:39 -0500] "GET /BLA/resoluciones/index.php?dir=RESOLUCIONES+2003%2FRES+2003+2101-2150%2F HTTP/1.1" 200 12160
200.118.217.163 - - [26/Oct/2014:15:28:39 -0500] "GET /galeria/nivo-slider/demo/images/bannerEcolecta3.jpg HTTP/1.1" 200 280034
200.118.217.163 - - [26/Oct/2014:15:28:40 -0500] "GET /galeria/nivo-slider/themes/default/bullets.png HTTP/1.1" 200 1281
200.118.217.163 - - [26/Oct/2014:15:28:40 -0500] "GET /galeria/nivo-slider/themes/default/arrows.png HTTP/1.1" 200 824
200.118.217.163 - - [26/Oct/2014:15:28:41 -0500] "GET /videos/Spot_Tinguas.flv HTTP/1.1" 200 2087054
66.249.64.163 - - [26/Oct/2014:15:28:51 -0500] "GET /BLA/resoluciones/RESOLUCIONES%202010/7188.pdf HTTP/1.1" 200 1740479
201.244.255.105 - - [26/Oct/2014:15:29:00 -0500] "POST /forms/lservlet;jsessionid=ac16012b30d5309c6d40aea546349afc9bf0e0f6ab66.e3iSbxaKaheRe34Sa3yKbhiTahb0n6jAmljGr5XDqQLvpAe HTTP/1.1" 200 2
100.43.85.25 - - [26/Oct/2014:15:29:04 -0500] "GET /chat/?C=N;O=D HTTP/1.1" 404 1019
190.66.103.55 - - [26/Oct/2014:15:29:12 -0500] "GET /BLA/boletinlegal/js/jquery.js HTTP/1.1" 200 57254
190.66.103.55 - - [26/Oct/2014:15:29:12 -0500] "GET /BLA/boletinlegal/js/jquery.scrollTo-min.js HTTP/1.1" 200 1150
190.66.103.55 - - [26/Oct/2014:15:29:12 -0500] "GET /BLA/boletinlegal/js/jquery.scrollShow.js HTTP/1.1" 200 4586
66.249.64.43 - - [26/Oct/2014:15:29:20 -0500] "GET /guia/ESTACI2c.doc HTTP/1.1" 404 1019
66.249.64.163 - - [26/Oct/2014:15:29:21 -0500] "GET /BLA/resoluciones/AUTOS%202011/0882.pdf HTTP/1.1" 200 303789
123.125.71.105 - - [26/Oct/2014:15:29:28 -0500] "GET /videos/Spot_Tinguas.flv HTTP/1.1" 200 2087054
201.244.255.105 - - [26/Oct/2014:15:29:37 -0500] "POST /forms/lservlet;jsessionid=ac16012b30d5309c6d40aea546349afc9bf0e0f6ab66.e3iSbxaKaheRe34Sa3yKbhiTahb0n6jAmljGr5XDqQLvpAe HTTP/1.1" 200 71
201.244.255.105 - - [26/Oct/2014:15:29:38 -0500] "POST /forms/lservlet;jsessionid=ac16012b30d5309c6d40aea546349afc9bf0e0f6ab66.e3iSbxaKaheRe34Sa3yKbhiTahb0n6jAmljGr5XDqQLvpAe HTTP/1.1" 200 2
201.244.255.105 - - [26/Oct/2014:15:29:38 -0500] "POST /forms/lservlet;jsessionid=ac16012b30d5309c6d40aea546349afc9bf0e0f6ab66.e3iSbxaKaheRe34Sa3yKbhiTahb0n6jAmljGr5XDqQLvpAe HTTP/1.1" 200 2284
201.244.255.105 - - [26/Oct/2014:15:29:38 -0500] "POST /forms/lservlet;jsessionid=ac16012b30d5309c6d40aea546349afc9bf0e0f6ab66.e3iSbxaKaheRe34Sa3yKbhiTahb0n6jAmljGr5XDqQLvpAe HTTP/1.1" 200 10
192.163.195.169 - - [26/Oct/2014:15:29:40 -0500] "GET / HTTP/1.1" 302 -
201.244.255.105 - - [26/Oct/2014:15:29:40 -0500] "POST /forms/lservlet;jsessionid=ac16012b30d5309c6d40aea546349afc9bf0e0f6ab66.e3iSbxaKaheRe34Sa3yKbhiTahb0n6jAmljGr5XDqQLvpAe HTTP/1.1" 200 2
201.244.255.105 - - [26/Oct/2014:15:29:40 -0500] "POST /forms/lservlet;jsessionid=ac16012b30d5309c6d40aea546349afc9bf0e0f6ab66.e3iSbxaKaheRe34Sa3yKbhiTahb0n6jAmljGr5XDqQLvpAe HTTP/1.1" 200 3248
192.163.195.169 - - [26/Oct/2014:15:29:40 -0500] "GET / HTTP/1.1" 302 -
201.244.255.105 - - [26/Oct/2014:15:29:40 -0500] "POST /forms/lservlet;jsessionid=ac16012b30d5309c6d40aea546349afc9bf0e0f6ab66.e3iSbxaKaheRe34Sa3yKbhiTahb0n6jAmljGr5XDqQLvpAe HTTP/1.1" 200 2
190.127.234.119 - - [26/Oct/2014:15:29:44 -0500] "GET /BLA/boletinlegal/js/jquery.js HTTP/1.1" 200 57254
190.127.234.119 - - [26/Oct/2014:15:29:44 -0500] "GET /BLA/boletinlegal/js/jquery.scrollTo-min.js HTTP/1.1" 200 1150
190.127.234.119 - - [26/Oct/2014:15:29:44 -0500] "GET /BLA/boletinlegal/js/jquery.scrollShow.js HTTP/1.1" 200 4586
66.249.64.163 - - [26/Oct/2014:15:29:51 -0500] "GET /BLA/resoluciones/RESOLUCIONES%202010/6581.pdf HTTP/1.1" 200 266694
66.249.64.171 - - [26/Oct/2014:15:29:51 -0500] "GET /BLA/resoluciones/AUTOS%202011/3960.pdf HTTP/1.1" 200 191440
181.60.209.63 - - [26/Oct/2014:15:30:00 -0500] "GET /BLA/boletinlegal/js/jquery.scrollTo-min.js HTTP/1.1" 200 1150
181.60.209.63 - - [26/Oct/2014:15:30:00 -0500] "GET /BLA/boletinlegal/js/jquery.js HTTP/1.1" 200 57254
181.60.209.63 - - [26/Oct/2014:15:30:00 -0500] "GET /BLA/boletinlegal/js/jquery.scrollShow.js HTTP/1.1" 200 4586
190.157.172.223 - - [26/Oct/2014:15:30:04 -0500] "GET /forest/?_a=0.9154266265686601 HTTP/1.1" 200 12486
74.86.158.107 - - [26/Oct/2014:15:30:05 -0500] "HEAD / HTTP/1.1" 302 -
180.76.5.57 - - [26/Oct/2014:15:30:09 -0500] "GET /BLA/resoluciones/AUTOS%202011/4286.pdf HTTP/1.1" 200 268409
201.245.192.253 - - [26/Oct/2014:15:27:16 -0500] "GET /ForestMSG_SDA/channelAsync/template_word_16759698?X-Atmosphere-tracking-id=80b472e0-b59c-77d7-e6ff-0e2e883eacaa&X-Atmosphere-Framework=1.0.5&X-Atmosphere-Transport=long-polling&tabid=0.5564406877674468&X-Cache-Date=0&Content-Type=application/xml&_=1414355372923 HTTP/1.1" 200 8193
66.249.64.171 - - [26/Oct/2014:15:30:20 -0500] "GET /BLA/resoluciones/RESOLUCIONES%202010/4308.pdf HTTP/1.1" 200 499289
207.46.13.108 - - [26/Oct/2014:15:30:23 -0500] "GET /robots.txt HTTP/1.1" 404 1019
207.46.13.108 - - [26/Oct/2014:15:30:25 -0500] "GET /dama/libreria/php/decide.php?patron=03.1305020113&numm=4 HTTP/1.1" 404 1019
191.67.88.166 - - [26/Oct/2014:15:30:29 -0500] "GET /galeria/nivo-slider/demo/images/Banner-Caracol-Africano.jpg HTTP/1.1" 206 1
191.67.88.166 - - [26/Oct/2014:15:30:49 -0500] "GET /galeria/nivo-slider/demo/images/Banner-Caracol-Africano.jpg HTTP/1.1" 206 80701
66.249.64.171 - - [26/Oct/2014:15:30:50 -0500] "GET /BLA/resoluciones/RESOLUCIONES%202010/7133.pdf HTTP/1.1" 200 272158
201.244.255.105 - - [26/Oct/2014:15:31:00 -0500] "POST /forms/lservlet;jsessionid=ac16012b30d5309c6d40aea546349afc9bf0e0f6ab66.e3iSbxaKaheRe34Sa3yKbhiTahb0n6jAmljGr5XDqQLvpAe HTTP/1.1" 200 2
66.249.88.199 - - [26/Oct/2014:15:31:04 -0500] "GET / HTTP/1.1" 302 -
190.159.75.221 - - [26/Oct/2014:15:31:17 -0500] "GET /BLA/boletinlegal/js/jquery.scrollShow.js HTTP/1.1" 200 4586
190.159.75.221 - - [26/Oct/2014:15:31:17 -0500] "GET /BLA/boletinlegal/js/jquery.js HTTP/1.1" 200 57254
190.159.75.221 - - [26/Oct/2014:15:31:17 -0500] "GET /BLA/boletinlegal/js/jquery.scrollTo-min.js HTTP/1.1" 200 1150
66.249.64.167 - - [26/Oct/2014:15:31:20 -0500] "GET /BLA/resoluciones/RESOLUCIONES%202009/5187.pdf HTTP/1.1" 200 508927
191.67.88.166 - - [26/Oct/2014:15:31:21 -0500] "GET /galeria/nivo-slider/demo/images/banner-caballos.png HTTP/1.1" 206 1
191.67.88.166 - - [26/Oct/2014:15:31:32 -0500] "GET /galeria/nivo-slider/demo/images/banner-caballos.png HTTP/1.1" 206 301980
191.67.88.166 - - [26/Oct/2014:15:31:36 -0500] "GET /galeria/nivo-slider/demo/images/Hacienda_Molinos.jpg HTTP/1.1" 206 1
66.249.64.43 - - [26/Oct/2014:15:31:36 -0500] "GET /phpold/Politica_Hum.html HTTP/1.1" 404 1019
191.67.88.166 - - [26/Oct/2014:15:31:41 -0500] "GET /galeria/nivo-slider/demo/images/bannerEcolecta3.jpg HTTP/1.1" 206 1
181.50.158.106 - - [26/Oct/2014:15:31:45 -0500] "GET /BLA/boletinlegal/js/jquery.scrollTo-min.js HTTP/1.1" 200 1150
181.50.158.106 - - [26/Oct/2014:15:31:45 -0500] "GET /BLA/boletinlegal/js/jquery.js HTTP/1.1" 200 57254
181.50.158.106 - - [26/Oct/2014:15:31:45 -0500] "GET /BLA/boletinlegal/js/jquery.scrollShow.js HTTP/1.1" 200 4586
191.67.88.166 - - [26/Oct/2014:15:31:49 -0500] "GET /galeria/nivo-slider/demo/images/bannerEcolecta3.jpg HTTP/1.1" 206 226197
66.249.64.167 - - [26/Oct/2014:15:31:50 -0500] "GET /BLA/resoluciones/RESOLUCIONES%202010/3405.pdf HTTP/1.1" 200 318234
180.76.6.60 - - [26/Oct/2014:15:31:53 -0500] "GET /BLA/resoluciones/AUTOS%202011/5317.pdf HTTP/1.1" 200 280415
191.67.88.166 - - [26/Oct/2014:15:31:54 -0500] "GET /galeria/nivo-slider/demo/images/Hacienda_Molinos.jpg HTTP/1.1" 206 263886
186.145.146.230 - - [26/Oct/2014:15:31:57 -0500] "GET /videos/galeria-fotografica/index13.html? HTTP/1.1" 200 1971
186.145.146.230 - - [26/Oct/2014:15:31:57 -0500] "GET /videos/galeria-fotografica/js/jquery-flickr-gallery/jquery-flickr.css HTTP/1.1" 200 711
186.145.146.230 - - [26/Oct/2014:15:31:57 -0500] "GET /videos/galeria-fotografica/js/jquery-flickr-gallery/jquery-flickr-gallery.js HTTP/1.1" 200 9050
186.145.146.230 - - [26/Oct/2014:15:31:58 -0500] "GET /videos/galeria-fotografica/js/jquery-flickr-gallery/loader.gif HTTP/1.1" 200 2129
186.30.77.22 - - [26/Oct/2014:15:32:01 -0500] "GET /BLA/boletinlegal/js/jquery.js HTTP/1.1" 200 57254
186.30.77.22 - - [26/Oct/2014:15:32:01 -0500] "GET /BLA/boletinlegal/js/jquery.scrollTo-min.js HTTP/1.1" 200 1150
186.30.77.22 - - [26/Oct/2014:15:32:01 -0500] "GET /BLA/boletinlegal/js/jquery.scrollShow.js HTTP/1.1" 200 4586
190.127.234.51 - - [26/Oct/2014:15:32:07 -0500] "GET /BLA/boletinlegal/js/jquery.scrollTo-min.js HTTP/1.1" 200 1150
190.127.234.51 - - [26/Oct/2014:15:32:11 -0500] "GET /BLA/boletinlegal/js/jquery.js HTTP/1.1" 200 57254
190.127.234.51 - - [26/Oct/2014:15:32:13 -0500] "GET /BLA/boletinlegal/js/jquery.scrollShow.js HTTP/1.1" 200 4586
66.249.64.163 - - [26/Oct/2014:15:32:19 -0500] "GET /BLA/resoluciones/RESOLUCIONES%202010/3658.pdf HTTP/1.1" 200 311311
66.249.64.171 - - [26/Oct/2014:15:32:28 -0500] "GET /BLA/resoluciones/RESOLUCIONES%202001/2001%20950-999.TIF HTTP/1.1" 304 -
66.249.64.163 - - [26/Oct/2014:15:32:48 -0500] "GET /BLA/resoluciones/RESOLUCIONES%202003/RES%202003%201601-1650/20031637.tif HTTP/1.1" 200 55212
181.196.117.93 - - [26/Oct/2014:15:32:51 -0500] "GET /BLA/boletinlegal/js/jquery.js HTTP/1.1" 200 57254
181.196.117.93 - - [26/Oct/2014:15:32:51 -0500] "GET /BLA/boletinlegal/js/jquery.scrollTo-min.js HTTP/1.1" 200 1150
181.196.117.93 - - [26/Oct/2014:15:32:51 -0500] "GET /BLA/boletinlegal/js/jquery.scrollShow.js HTTP/1.1" 200 4586
201.244.255.105 - - [26/Oct/2014:15:33:00 -0500] "POST /forms/lservlet;jsessionid=ac16012b30d5309c6d40aea546349afc9bf0e0f6ab66.e3iSbxaKaheRe34Sa3yKbhiTahb0n6jAmljGr5XDqQLvpAe HTTP/1.1" 200 2
201.245.192.253 - - [26/Oct/2014:15:30:16 -0500] "GET /ForestMSG_SDA/channelAsync/template_word_16759698?X-Atmosphere-tracking-id=80b472e0-b59c-77d7-e6ff-0e2e883eacaa&X-Atmosphere-Framework=1.0.5&X-Atmosphere-Transport=long-polling&tabid=0.5564406877674468&X-Cache-Date=0&Content-Type=application/xml&_=1414355552999 HTTP/1.1" 200 8193
190.84.16.93 - - [26/Oct/2014:15:33:17 -0500] "GET /BLA/boletinlegal/js/jquery.js HTTP/1.1" 200 57254
190.84.16.93 - - [26/Oct/2014:15:33:17 -0500] "GET /BLA/boletinlegal/js/jquery.scrollTo-min.js HTTP/1.1" 200 1150
190.84.16.93 - - [26/Oct/2014:15:33:17 -0500] "GET /BLA/boletinlegal/js/jquery.scrollShow.js HTTP/1.1" 200 4586
66.249.64.171 - - [26/Oct/2014:15:33:18 -0500] "GET /BLA/resoluciones/RESOLUCIONES%202009/1427.pdf HTTP/1.1" 200 940833
190.27.191.74 - - [26/Oct/2014:15:33:29 -0500] "GET /BLA/boletinlegal/js/jquery.js HTTP/1.1" 200 57254
190.27.191.74 - - [26/Oct/2014:15:33:29 -0500] "GET /BLA/boletinlegal/js/jquery.scrollTo-min.js HTTP/1.1" 200 1150
190.27.191.74 - - [26/Oct/2014:15:33:29 -0500] "GET /BLA/boletinlegal/js/jquery.scrollShow.js HTTP/1.1" 200 4586
198.20.69.74 - - [26/Oct/2014:15:33:47 -0500] "GET / HTTP/1.1" 302 -
66.249.64.163 - - [26/Oct/2014:15:33:48 -0500] "GET /BLA/resoluciones/AUTOS%202011/4976.pdf HTTP/1.1" 200 149740
198.20.69.74 - - [26/Oct/2014:15:33:49 -0500] "GET /robots.txt HTTP/1.1" 404 1018
180.76.6.153 - - [26/Oct/2014:15:34:13 -0500] "GET /BLA/resoluciones/AUTOS%202011/0128.pdf HTTP/1.1" 200 152239
66.249.64.163 - - [26/Oct/2014:15:34:17 -0500] "GET /BLA/resoluciones/AUTOS%202011/5212.pdf HTTP/1.1" 200 145260
190.84.191.151 - - [26/Oct/2014:15:34:28 -0500] "GET /BLA/boletinlegal/js/jquery.js HTTP/1.1" 200 57254
190.84.191.151 - - [26/Oct/2014:15:34:28 -0500] "GET /BLA/boletinlegal/js/jquery.scrollTo-min.js HTTP/1.1" 200 1150
190.84.191.151 - - [26/Oct/2014:15:34:28 -0500] "GET /BLA/boletinlegal/js/jquery.scrollShow.js HTTP/1.1" 200 4586
66.249.64.171 - - [26/Oct/2014:15:34:47 -0500] "GET /BLA/resoluciones/AUTOS%202011/0487.pdf HTTP/1.1" 200 98203
201.245.192.253 - - [26/Oct/2014:15:34:56 -0500] "GET /arcgis/services/Calidad_del_Agua_WQI/MapServer/WMSServer?LAYERS=6%2C8%2C4&TRANSPARENT=TRUE&PROJECTION=EPSG%3A4326&FORMAT=image%2Fpng&SERVICE=WMS&VERSION=1.1.1&REQUEST=GetMap&STYLES=&SRS=EPSG%3A4326&BBOX=-73.828125,4.39453125,-73.65234375,4.5703125&WIDTH=256&HEIGHT=256 HTTP/1.1" 200 875
201.245.192.253 - - [26/Oct/2014:15:34:58 -0500] "GET /arcgis/services/Calidad_del_Agua_WQI/MapServer/WMSServer?LAYERS=6%2C8%2C4&TRANSPARENT=TRUE&PROJECTION=EPSG%3A4326&FORMAT=image%2Fpng&SERVICE=WMS&VERSION=1.1.1&REQUEST=GetMap&STYLES=&SRS=EPSG%3A4326&BBOX=-74.1796875,4.5703125,-74.00390625,4.74609375&WIDTH=256&HEIGHT=256 HTTP/1.1" 200 2555
201.244.255.105 - - [26/Oct/2014:15:35:00 -0500] "POST /forms/lservlet;jsessionid=ac16012b30d5309c6d40aea546349afc9bf0e0f6ab66.e3iSbxaKaheRe34Sa3yKbhiTahb0n6jAmljGr5XDqQLvpAe HTTP/1.1" 200 2
66.249.64.167 - - [26/Oct/2014:15:35:01 -0500] "GET /autoliquidacion/Grupo%20Forestal%20-%20Silvicultura/Especies%20de%20flora%20en%20la%20ciudad%20de%20bogota.xls HTTP/1.1" 304 -
74.86.158.107 - - [26/Oct/2014:15:35:05 -0500] "HEAD / HTTP/1.1" 302 -
190.249.111.118 - - [26/Oct/2014:15:35:08 -0500] "GET /BLA/boletinlegal/js/jquery.js HTTP/1.1" 200 57254
190.249.111.118 - - [26/Oct/2014:15:35:08 -0500] "GET /BLA/boletinlegal/js/jquery.scrollTo-min.js HTTP/1.1" 200 1150
190.249.111.118 - - [26/Oct/2014:15:35:08 -0500] "GET /BLA/boletinlegal/js/jquery.scrollShow.js HTTP/1.1" 200 4586
66.249.64.163 - - [26/Oct/2014:15:35:16 -0500] "GET /BLA/resoluciones/AUTOS%202011/0073.pdf HTTP/1.1" 200 416549
190.249.111.118 - - [26/Oct/2014:15:35:24 -0500] "GET /PruebasSTORM/StormSDA_pruebas/stormWeb/presentacion.html HTTP/1.1" 200 5109
190.249.111.118 - - [26/Oct/2014:15:35:24 -0500] "GET /PruebasSTORM/StormSDA_pruebas/stormWeb/img/alerta.png HTTP/1.1" 200 23856
190.249.111.118 - - [26/Oct/2014:15:35:24 -0500] "GET /PruebasSTORM/StormSDA_pruebas/stormWeb/img/descargar.png HTTP/1.1" 200 2450
190.249.111.118 - - [26/Oct/2014:15:35:24 -0500] "GET /PruebasSTORM/StormSDA_pruebas/stormWeb/img/version.gif HTTP/1.1" 200 29022
