66.249.64.163 - - [27/Oct/2014:01:55:33 -0500] "GET /BLA/resoluciones/RESOLUCIONES%202007/RES%202007%201201%20AL%201300/RESOLUCION%201220%20DE%202007.pdf HTTP/1.1" 200 317615
66.249.64.171 - - [27/Oct/2014:01:55:50 -0500] "GET /BLA/resoluciones/AUTOS%202009/1557.pdf HTTP/1.1" 200 125056
66.249.64.163 - - [27/Oct/2014:01:55:51 -0500] "GET /BLA/resoluciones/RESOLUCIONES%202010/2543.pdf HTTP/1.1" 200 498375
66.249.64.167 - - [27/Oct/2014:01:56:07 -0500] "GET /BLA/resoluciones/AUTOS%202009/0354.pdf HTTP/1.1" 200 81660
188.165.15.231 - - [27/Oct/2014:01:56:11 -0500] "GET /manual_funciones_Listado/index.php?dir=2.5.%20Direcci%C3%83%C2%83%C3%82%C2%83%C3%83%C2%82%C3%82%C2%83%C3%83%C2%83%C3%82%C2%82%C3%83%C2%82%C3%82%C2%B3n%20de%20Gesti%C3%83%C2%83%C3%82%C2%83%C3%83%C2%82%C3%82%C2%83%C3%83%C2%83%C3%82%C2%82%C3%83%C2%82%C3%82%C2%B3n%20Corporativa/&sort=date&order=desc HTTP/1.1" 404 1018
188.165.15.19 - - [27/Oct/2014:01:56:23 -0500] "GET /BLA/resoluciones/RESOLUCIONES%202003/RES%202003%20951-1000/990.tif HTTP/1.1" 200 276380
180.76.5.189 - - [27/Oct/2014:01:56:24 -0500] "GET /BLA/resoluciones/AUTOS%202010/6108.pdf HTTP/1.1" 200 254040
66.249.64.167 - - [27/Oct/2014:01:56:25 -0500] "GET /BLA/resoluciones/AUTOS%202010/1272.pdf HTTP/1.1" 200 397192
66.249.64.167 - - [27/Oct/2014:01:56:42 -0500] "GET /BLA/resoluciones/RESOLUCIONES%202010/7879.pdf HTTP/1.1" 304 -
66.249.64.167 - - [27/Oct/2014:01:56:59 -0500] "GET /BLA/resoluciones/AUTOS%202010/0366.pdf HTTP/1.1" 200 203499
201.245.192.253 - - [27/Oct/2014:01:54:06 -0500] "GET /ForestMSG_SDA/channelAsync/template_word_16759698?X-Atmosphere-tracking-id=80b472e0-b59c-77d7-e6ff-0e2e883eacaa&X-Atmosphere-Framework=1.0.5&X-Atmosphere-Transport=long-polling&tabid=0.5564406877674468&X-Cache-Date=0&Content-Type=application/xml&_=1414392983055 HTTP/1.1" 200 8193
66.249.64.163 - - [27/Oct/2014:01:57:16 -0500] "GET /BLA/resoluciones/AUTOS%202009/2305.pdf HTTP/1.1" 200 136230
66.249.64.163 - - [27/Oct/2014:01:57:34 -0500] "GET /BLA/resoluciones/AUTOS%202011/3458.pdf HTTP/1.1" 200 430103
188.165.15.192 - - [27/Oct/2014:01:57:44 -0500] "GET /BLA/resoluciones/RESOLUCIONES%202002/RES%202002%201751-1800/20021761.tif HTTP/1.1" 200 97690
66.249.64.163 - - [27/Oct/2014:01:57:51 -0500] "GET /BLA/resoluciones/AUTOS%202013/1947.pdf HTTP/1.1" 304 -
66.249.64.163 - - [27/Oct/2014:01:57:57 -0500] "GET /BLA/resoluciones/RESOLUCIONES%202010/2764.pdf HTTP/1.1" 200 494181
66.249.64.167 - - [27/Oct/2014:01:58:08 -0500] "GET /BLA/resoluciones/RESOLUCIONES%202007/RES%202007%202501%20AL%202600/RESOLUCION%202539%20DE%202007.pdf HTTP/1.1" 200 76669
188.165.15.193 - - [27/Oct/2014:01:58:20 -0500] "GET /BLA/resoluciones/RESOLUCIONES%202003/RES%202003%201051-1100/1092.tif HTTP/1.1" 200 72324
66.249.64.171 - - [27/Oct/2014:01:58:25 -0500] "GET /BLA/resoluciones/RESOLUCIONES%202007/RES%202007%201%20AL%20100/RESOLUCION%200045%20DE%202007.pdf HTTP/1.1" 200 229556
78.46.94.23 - - [27/Oct/2014:01:58:29 -0500] "GET /robots.txt HTTP/1.0" 404 1015
78.46.94.23 - - [27/Oct/2014:01:58:32 -0500] "GET /re1/Que%20es/?C=D;O=D HTTP/1.0" 404 1015
78.46.94.23 - - [27/Oct/2014:01:58:34 -0500] "GET /re1/Que%20es/?C=M;O=D HTTP/1.0" 404 1015
66.249.64.163 - - [27/Oct/2014:01:58:42 -0500] "GET /BLA/resoluciones/RESOLUCIONES%202007/RES%202007%204101%20AL%204200/RESOLUCION%204113%20DE%202007.pdf HTTP/1.1" 200 621441
188.165.15.78 - - [27/Oct/2014:01:58:44 -0500] "GET /BLA/resoluciones/RESOLUCIONES%202004/RES%202004%202151-2200/00002164.tif HTTP/1.1" 200 47780
66.249.64.171 - - [27/Oct/2014:01:58:59 -0500] "GET /BLA/resoluciones/AUTOS%202008/1718.pdf HTTP/1.1" 200 95367
66.249.64.163 - - [27/Oct/2014:01:59:17 -0500] "GET /BLA/resoluciones/AUTOS%202013/2170.pdf HTTP/1.1" 200 2390874
66.249.64.163 - - [27/Oct/2014:01:59:34 -0500] "GET /BLA/resoluciones/RESOLUCIONES%202010/6424.pdf HTTP/1.1" 200 470893
66.249.64.163 - - [27/Oct/2014:01:59:49 -0500] "GET /BLA/resoluciones/RESOLUCIONES%202011/2823.pdf HTTP/1.1" 200 841386
66.249.64.167 - - [27/Oct/2014:01:59:51 -0500] "GET /BLA/resoluciones/RESOLUCIONES%202007/RES%202007%203101%20AL%203200/RESOLUCION%203196%20DE%202007.pdf HTTP/1.1" 304 -
207.46.13.108 - - [27/Oct/2014:01:59:56 -0500] "GET /dama/libreria/php/decide.php?patron=01.0302 HTTP/1.1" 404 1015
74.86.158.107 - - [27/Oct/2014:02:00:04 -0500] "HEAD / HTTP/1.1" 302 -
201.245.192.253 - - [27/Oct/2014:01:57:06 -0500] "GET /ForestMSG_SDA/channelAsync/template_word_16759698?X-Atmosphere-tracking-id=80b472e0-b59c-77d7-e6ff-0e2e883eacaa&X-Atmosphere-Framework=1.0.5&X-Atmosphere-Transport=long-polling&tabid=0.5564406877674468&X-Cache-Date=0&Content-Type=application/xml&_=1414393163143 HTTP/1.1" 200 8193
66.249.64.163 - - [27/Oct/2014:02:00:08 -0500] "GET /BLA/resoluciones/RESOLUCIONES%202009/7841.pdf HTTP/1.1" 200 319186
180.76.6.37 - - [27/Oct/2014:02:00:09 -0500] "GET /BLA/resoluciones/AUTOS%202010/5636.pdf HTTP/1.1" 200 1193404
66.249.64.163 - - [27/Oct/2014:02:00:26 -0500] "GET /BLA/resoluciones/AUTOS%202013/1003.pdf HTTP/1.1" 200 2006360
66.249.64.167 - - [27/Oct/2014:02:00:43 -0500] "GET /BLA/resoluciones/AUTOS%202011/5058.pdf HTTP/1.1" 304 -
180.76.6.43 - - [27/Oct/2014:02:01:09 -0500] "GET /BLA/resoluciones/AUTOS%202009/2666.pdf HTTP/1.1" 200 82534
66.249.64.167 - - [27/Oct/2014:02:01:17 -0500] "GET /BLA/resoluciones/AUTOS%202011/0168.pdf HTTP/1.1" 304 -
66.249.64.167 - - [27/Oct/2014:02:01:34 -0500] "GET /BLA/resoluciones/RESOLUCIONES%202012/1159.pdf HTTP/1.1" 304 -
201.245.192.253 - - [27/Oct/2014:02:01:35 -0500] "GET /forest/img/newdocs.gif HTTP/1.1" 304 -
66.249.64.43 - - [27/Oct/2014:02:01:42 -0500] "GET /POT-2013/Cartografia/28_USOS%20Y%20AREAS%20DE%20ACTIVIDAD.pdf HTTP/1.1" 304 -
66.249.64.163 - - [27/Oct/2014:02:01:52 -0500] "GET /BLA/resoluciones/RESOLUCIONES%202010/0540.pdf HTTP/1.1" 200 349024
66.249.64.171 - - [27/Oct/2014:02:02:09 -0500] "GET /BLA/resoluciones/RESOLUCIONES%202010/3118.pdf HTTP/1.1" 200 516103
180.76.6.137 - - [27/Oct/2014:02:02:09 -0500] "GET /BLA/resoluciones/AUTOS%202011/2951.pdf HTTP/1.1" 200 494233
188.165.15.196 - - [27/Oct/2014:02:02:16 -0500] "GET /BLA/resoluciones/RESOLUCIONES%202005/RES%202005%20651-700/00000694.tif HTTP/1.1" 200 41186
66.249.64.163 - - [27/Oct/2014:02:02:26 -0500] "GET /BLA/resoluciones/AUTOS%202012/1841.pdf HTTP/1.1" 304 -
24.227.114.86 - - [27/Oct/2014:02:02:36 -0500] "GET /galeria/carrusel/Carrusel/jquery-ui-1.8.13.custom.min.js HTTP/1.1" 200 10800
24.227.114.86 - - [27/Oct/2014:02:02:36 -0500] "GET /BLA/boletinlegal/js/jquery.scrollShow.js HTTP/1.1" 200 4586
24.227.114.86 - - [27/Oct/2014:02:02:36 -0500] "GET /galeria/carrusel/Carrusel/jquery.thumbnailScroller.css HTTP/1.1" 200 2066
24.227.114.86 - - [27/Oct/2014:02:02:36 -0500] "GET /BLA/boletinlegal/js/jquery.js HTTP/1.1" 200 57254
24.227.114.86 - - [27/Oct/2014:02:02:36 -0500] "GET /BLA/boletinlegal/js/jquery.scrollTo-min.js HTTP/1.1" 200 1150
24.227.114.86 - - [27/Oct/2014:02:02:36 -0500] "GET /galeria/carrusel/Carrusel/jquery.thumbnailScroller.js HTTP/1.1" 200 8157
24.227.114.86 - - [27/Oct/2014:02:02:37 -0500] "GET /galeria/nivo-slider/demo/demo.html HTTP/1.1" 200 3636
24.227.114.86 - - [27/Oct/2014:02:02:37 -0500] "GET /galeria/nivo-slider/themes/pascal/pascal.css HTTP/1.1" 200 2258
24.227.114.86 - - [27/Oct/2014:02:02:37 -0500] "GET /galeria/nivo-slider/themes/orman/orman.css HTTP/1.1" 200 2152
24.227.114.86 - - [27/Oct/2014:02:02:37 -0500] "GET /galeria/nivo-slider/demo/style.css HTTP/1.1" 200 2222
24.227.114.86 - - [27/Oct/2014:02:02:37 -0500] "GET /galeria/nivo-slider/demo/images/banner-conejera1.jpg HTTP/1.1" 200 136228
24.227.114.86 - - [27/Oct/2014:02:02:37 -0500] "GET /galeria/nivo-slider/themes/default/default.css HTTP/1.1" 200 1569
24.227.114.86 - - [27/Oct/2014:02:02:37 -0500] "GET /galeria/nivo-slider/nivo-slider.css HTTP/1.1" 200 1507
24.227.114.86 - - [27/Oct/2014:02:02:37 -0500] "GET /galeria/nivo-slider/demo/scripts/jquery-1.7.1.min.js HTTP/1.1" 200 93868
24.227.114.86 - - [27/Oct/2014:02:02:37 -0500] "GET /galeria/nivo-slider/jquery.nivo.slider.pack.js HTTP/1.1" 200 11561
24.227.114.86 - - [27/Oct/2014:02:02:37 -0500] "GET /galeria/nivo-slider/demo/images/EncuentroAgua1.jpg HTTP/1.1" 200 274179
24.227.114.86 - - [27/Oct/2014:02:02:37 -0500] "GET /galeria/nivo-slider/demo/images/mesTIC.jpg HTTP/1.1" 200 180719
24.227.114.86 - - [27/Oct/2014:02:02:37 -0500] "GET /galeria/nivo-slider/demo/images/banner-aceite3.jpg HTTP/1.1" 200 88347
24.227.114.86 - - [27/Oct/2014:02:02:37 -0500] "GET /galeria/nivo-slider/demo/images/Tingua-azul.jpg HTTP/1.1" 200 307638
24.227.114.86 - - [27/Oct/2014:02:02:38 -0500] "GET /galeria/nivo-slider/demo/images/Banner-Caracol-Africano.jpg HTTP/1.1" 200 331986
24.227.114.86 - - [27/Oct/2014:02:02:38 -0500] "GET /galeria/nivo-slider/demo/images/banner-redes.jpg HTTP/1.1" 200 62209
24.227.114.86 - - [27/Oct/2014:02:02:38 -0500] "GET /galeria/nivo-slider/demo/images/9Signos.jpg HTTP/1.1" 200 93040
24.227.114.86 - - [27/Oct/2014:02:02:38 -0500] "GET /galeria/nivo-slider/demo/images/banner-encuesta.jpg HTTP/1.1" 200 42764
24.227.114.86 - - [27/Oct/2014:02:02:39 -0500] "GET /galeria/nivo-slider/demo/images/banner-llantas2.jpg HTTP/1.1" 200 73153
24.227.114.86 - - [27/Oct/2014:02:02:39 -0500] "GET /galeria/nivo-slider/demo/images/banner-caballos.png HTTP/1.1" 200 389106
24.227.114.86 - - [27/Oct/2014:02:02:39 -0500] "GET /galeria/nivo-slider/demo/images/Hacienda_Molinos.jpg HTTP/1.1" 200 319171
24.227.114.86 - - [27/Oct/2014:02:02:39 -0500] "GET /galeria/nivo-slider/demo/images/bannerEcolecta3.jpg HTTP/1.1" 200 280034
24.227.114.86 - - [27/Oct/2014:02:02:40 -0500] "GET /galeria/nivo-slider/demo/images/4Simple_Slider.png HTTP/1.1" 200 11722
24.227.114.86 - - [27/Oct/2014:02:02:40 -0500] "GET /galeria/nivo-slider/themes/default/loading.gif HTTP/1.1" 200 1737
24.227.114.86 - - [27/Oct/2014:02:02:41 -0500] "GET /galeria/nivo-slider/themes/default/arrows.png HTTP/1.1" 200 824
24.227.114.86 - - [27/Oct/2014:02:02:41 -0500] "GET /galeria/nivo-slider/themes/default/bullets.png HTTP/1.1" 200 1281
24.227.114.86 - - [27/Oct/2014:02:02:41 -0500] "GET /videos/Spot_Tinguas.flv HTTP/1.1" 200 2087054
66.249.64.167 - - [27/Oct/2014:02:02:43 -0500] "GET /BLA/resoluciones/RESOLUCIONES%202008/4450.pdf HTTP/1.1" 200 730213
188.165.15.193 - - [27/Oct/2014:02:02:50 -0500] "GET /BLA/resoluciones/RESOLUCIONES%202005/RES%202005%20151-200/00000192.tif HTTP/1.1" 200 122684
66.249.64.171 - - [27/Oct/2014:02:03:00 -0500] "GET /BLA/resoluciones/RESOLUCIONES%202007/RES%202007%204101%20AL%204200/RESOLUCION%204128%20DE%202007.pdf HTTP/1.1" 304 -
201.245.192.253 - - [27/Oct/2014:02:00:06 -0500] "GET /ForestMSG_SDA/channelAsync/template_word_16759698?X-Atmosphere-tracking-id=80b472e0-b59c-77d7-e6ff-0e2e883eacaa&X-Atmosphere-Framework=1.0.5&X-Atmosphere-Transport=long-polling&tabid=0.5564406877674468&X-Cache-Date=0&Content-Type=application/xml&_=1414393343226 HTTP/1.1" 200 8193
180.76.5.18 - - [27/Oct/2014:02:03:09 -0500] "GET /BLA/resoluciones/AUTOS%202009/1457.pdf HTTP/1.1" 200 200075
66.249.64.167 - - [27/Oct/2014:02:03:18 -0500] "GET /BLA/resoluciones/AUTOS%202012/0154.pdf HTTP/1.1" 200 355570
66.249.64.171 - - [27/Oct/2014:02:03:33 -0500] "GET /BLA/resoluciones/RESOLUCIONES%202012/1147.pdf HTTP/1.1" 200 697072
66.249.64.163 - - [27/Oct/2014:02:03:35 -0500] "GET /BLA/resoluciones/RESOLUCIONES%202010/3146.pdf HTTP/1.1" 200 827043
66.249.64.171 - - [27/Oct/2014:02:03:52 -0500] "GET /BLA/resoluciones/RESOLUCIONES%202010/3379.pdf HTTP/1.1" 304 -
66.249.64.171 - - [27/Oct/2014:02:04:09 -0500] "GET /BLA/resoluciones/RESOLUCIONES%202009/7444.pdf HTTP/1.1" 200 322802
66.249.64.171 - - [27/Oct/2014:02:04:27 -0500] "GET /BLA/resoluciones/RESOLUCIONES%202007/RES%202007%202901%20AL%203000/RESOLUCION%202946%20DE%202007.pdf HTTP/1.1" 200 673675
66.249.64.87 - - [27/Oct/2014:02:04:44 -0500] "GET /re/contactenos/contactenos%20link.htm HTTP/1.1" 404 1019
66.249.64.59 - - [27/Oct/2014:02:05:01 -0500] "GET /BLA/resoluciones/RESOLUCIONES%202007/RES%202007%203501%20AL%203600/RESOLUCION%203567%20DE%202007.pdf HTTP/1.1" 200 26448
74.86.158.107 - - [27/Oct/2014:02:05:03 -0500] "HEAD / HTTP/1.1" 302 -
66.249.64.51 - - [27/Oct/2014:02:05:18 -0500] "GET /BLA/resoluciones/RESOLUCIONES%202010/3461.pdf HTTP/1.1" 200 516269
66.249.64.59 - - [27/Oct/2014:02:05:25 -0500] "GET /BLA/resoluciones/RESOLUCIONES%202010/5757.pdf HTTP/1.1" 304 -
188.186.82.157 - - [27/Oct/2014:02:05:29 -0500] "GET / HTTP/1.0" 302 -
66.249.64.171 - - [27/Oct/2014:02:05:35 -0500] "GET /BLA/resoluciones/RESOLUCIONES%202008/1521.pdf HTTP/1.1" 200 258783
66.249.64.163 - - [27/Oct/2014:02:05:53 -0500] "GET /BLA/resoluciones/RESOLUCIONES%202007/RES%202007%201801%20AL%201900/RESOLUCION%201872%20DE%202007.pdf HTTP/1.1" 200 447936
201.245.192.253 - - [27/Oct/2014:02:03:06 -0500] "GET /ForestMSG_SDA/channelAsync/template_word_16759698?X-Atmosphere-tracking-id=80b472e0-b59c-77d7-e6ff-0e2e883eacaa&X-Atmosphere-Framework=1.0.5&X-Atmosphere-Transport=long-polling&tabid=0.5564406877674468&X-Cache-Date=0&Content-Type=application/xml&_=1414393523302 HTTP/1.1" 200 8193
144.76.137.226 - - [27/Oct/2014:02:06:09 -0500] "GET /robots.txt HTTP/1.0" 404 1015
66.249.64.163 - - [27/Oct/2014:02:06:10 -0500] "GET /BLA/resoluciones/AUTOS%202007/1170.pdf HTTP/1.1" 200 47496
144.76.137.226 - - [27/Oct/2014:02:06:12 -0500] "GET /Autoliquidacion/index.php?dir=Grupo%20Forestal%20-%20Silvicultura/ HTTP/1.0" 200 5756
85.25.108.174 - - [27/Oct/2014:02:06:15 -0500] "HEAD /REDAIRE/Informe%20Mensual%20Mayo%202005.pdf HTTP/1.1" 404 -
144.76.137.226 - - [27/Oct/2014:02:06:16 -0500] "GET /Autoliquidacion/index.php?dir=PERMISO%20DE%20OCUPACION%20DE%20SUELO/ HTTP/1.0" 200 2141
144.76.137.226 - - [27/Oct/2014:02:06:19 -0500] "GET /StormSDA/nsjars/?C=D;O=A HTTP/1.0" 200 5598
144.76.137.226 - - [27/Oct/2014:02:06:23 -0500] "GET /StormSDA/nsjars/?C=M;O=A HTTP/1.0" 200 5598
66.249.64.163 - - [27/Oct/2014:02:06:23 -0500] "GET /BLA/resoluciones/RESOLUCIONES%202002/RES%202002%20101-150/2002RES147.tif HTTP/1.1" 200 43390
144.76.137.226 - - [27/Oct/2014:02:06:25 -0500] "GET /StormSDA/nsjars/?C=N;O=D HTTP/1.0" 200 5598
66.249.64.163 - - [27/Oct/2014:02:06:27 -0500] "GET /BLA/resoluciones/AUTOS%202007/1965.pdf HTTP/1.1" 200 46732
144.76.137.226 - - [27/Oct/2014:02:06:27 -0500] "GET /StormSDA/nsjars/?C=S;O=A HTTP/1.0" 200 5598
144.76.137.226 - - [27/Oct/2014:02:06:31 -0500] "GET /StormSDA/storm/?C=D;O=A HTTP/1.0" 200 5553
144.76.137.226 - - [27/Oct/2014:02:06:34 -0500] "GET /StormSDA/storm/?C=M;O=A HTTP/1.0" 200 5553
188.165.15.196 - - [27/Oct/2014:02:06:36 -0500] "GET /BLA/resoluciones/RESOLUCIONES%202004/RES%202004%20151-200/00000162.tif HTTP/1.1" 200 80886
144.76.137.226 - - [27/Oct/2014:02:06:38 -0500] "GET /StormSDA/storm/?C=N;O=D HTTP/1.0" 200 5553
144.76.137.226 - - [27/Oct/2014:02:06:40 -0500] "GET /StormSDA/storm/?C=S;O=A HTTP/1.0" 200 5553
66.249.64.163 - - [27/Oct/2014:02:06:44 -0500] "GET /BLA/resoluciones/AUTOS%202009/0490.pdf HTTP/1.1" 200 129449
144.76.137.226 - - [27/Oct/2014:02:06:53 -0500] "GET /StormSDA/storm/vssver2.scc HTTP/1.0" 200 491
66.249.64.167 - - [27/Oct/2014:02:07:01 -0500] "GET /BLA/resoluciones/AUTOS%202007/2060.pdf HTTP/1.1" 200 75720
144.76.137.226 - - [27/Oct/2014:02:07:11 -0500] "GET /autoliquidacion-antiguo/formulario1.htm HTTP/1.0" 404 1015
66.249.64.167 - - [27/Oct/2014:02:07:17 -0500] "GET /BLA/resoluciones/RESOLUCIONES%202010/1773.pdf HTTP/1.1" 200 563798
66.249.64.167 - - [27/Oct/2014:02:07:18 -0500] "GET /galeria/bibloteca/mycontentflow.css HTTP/1.1" 200 3110
66.249.64.163 - - [27/Oct/2014:02:07:19 -0500] "GET /galeria/bibloteca/ContentFlowAddOn_white.css HTTP/1.1" 200 3355
66.249.64.171 - - [27/Oct/2014:02:07:19 -0500] "GET /BLA/resoluciones/AUTOS%202007/1141.pdf HTTP/1.1" 200 27554
144.76.137.226 - - [27/Oct/2014:02:07:22 -0500] "GET /autoliquidacion-antiguo/recibofind.htm HTTP/1.0" 404 1015
144.76.137.226 - - [27/Oct/2014:02:07:31 -0500] "GET /chat/?C=D;O=A HTTP/1.0" 404 1015
66.249.64.171 - - [27/Oct/2014:02:07:36 -0500] "GET /BLA/resoluciones/RESOLUCIONES%202008/1491.pdf HTTP/1.1" 200 363752
66.249.64.163 - - [27/Oct/2014:02:07:42 -0500] "GET /pread/pread/sld003.htm HTTP/1.1" 404 1018
66.249.64.163 - - [27/Oct/2014:02:07:53 -0500] "GET /BLA/resoluciones/RESOLUCIONES%202010/2947.pdf HTTP/1.1" 200 16606
144.76.137.226 - - [27/Oct/2014:02:08:00 -0500] "GET /chat/?C=M;O=A HTTP/1.0" 404 1015
144.76.137.226 - - [27/Oct/2014:02:08:07 -0500] "GET /chat/?C=N;O=D HTTP/1.0" 404 1015
66.249.64.167 - - [27/Oct/2014:02:08:10 -0500] "GET /BLA/resoluciones/AUTOS%202007/0088.pdf HTTP/1.1" 200 114221
144.76.137.226 - - [27/Oct/2014:02:08:16 -0500] "GET /chat/?C=S;O=A HTTP/1.0" 404 1015
188.165.15.231 - - [27/Oct/2014:02:08:20 -0500] "GET /BLA/resoluciones/RESOLUCIONES%202003/RES%202003%20201-250/2003RES246.tif HTTP/1.1" 200 265328
66.249.64.163 - - [27/Oct/2014:02:08:27 -0500] "GET /BLA/resoluciones/RESOLUCIONES%202008/5633.pdf HTTP/1.1" 200 259760
144.76.137.226 - - [27/Oct/2014:02:08:39 -0500] "GET /chat/CREDITS.md HTTP/1.0" 404 1015
144.76.137.226 - - [27/Oct/2014:02:08:53 -0500] "GET /chat/LICENSE HTTP/1.0" 404 1015
144.76.137.226 - - [27/Oct/2014:02:09:02 -0500] "GET /chat/Makefile HTTP/1.0" 404 1015
144.76.137.226 - - [27/Oct/2014:02:09:05 -0500] "GET /chat/candy.bundle.js HTTP/1.0" 404 1015
201.245.192.253 - - [27/Oct/2014:02:06:06 -0500] "GET /ForestMSG_SDA/channelAsync/template_word_16759698?X-Atmosphere-tracking-id=80b472e0-b59c-77d7-e6ff-0e2e883eacaa&X-Atmosphere-Framework=1.0.5&X-Atmosphere-Transport=long-polling&tabid=0.5564406877674468&X-Cache-Date=0&Content-Type=application/xml&_=1414393703355 HTTP/1.1" 200 8193
144.76.137.226 - - [27/Oct/2014:02:09:11 -0500] "GET /chat/candy.min.js HTTP/1.0" 404 1015
144.76.137.226 - - [27/Oct/2014:02:09:14 -0500] "GET /chat/jquery.min.js HTTP/1.0" 404 1015
144.76.137.226 - - [27/Oct/2014:02:09:17 -0500] "GET /contrib/?C=N;O=A HTTP/1.0" 404 1015
144.76.137.226 - - [27/Oct/2014:02:09:18 -0500] "GET /contrib/?C=S;O=A HTTP/1.0" 404 1015
144.76.137.226 - - [27/Oct/2014:02:09:20 -0500] "GET /contrib/interbase.php HTTP/1.0" 404 1015
144.76.137.226 - - [27/Oct/2014:02:09:22 -0500] "GET /contrib/mingstats.html HTTP/1.0" 404 1015
144.76.137.226 - - [27/Oct/2014:02:09:24 -0500] "GET /contrib/mingstats_swf.php HTTP/1.0" 404 1015
144.76.137.226 - - [27/Oct/2014:02:09:28 -0500] "GET /contrib/mysql.php HTTP/1.0" 404 1015
144.76.137.226 - - [27/Oct/2014:02:09:30 -0500] "GET /contrib/oracle.php HTTP/1.0" 404 1015
144.76.137.226 - - [27/Oct/2014:02:09:32 -0500] "GET /contrib/postgresql.php HTTP/1.0" 404 1015
144.76.137.226 - - [27/Oct/2014:02:09:35 -0500] "GET /contrib/sax.php HTTP/1.0" 404 1015
144.76.137.226 - - [27/Oct/2014:02:09:37 -0500] "GET /contrib/soap.php HTTP/1.0" 404 1015
144.76.137.226 - - [27/Oct/2014:02:09:41 -0500] "GET /even/?C=N;O=A HTTP/1.0" 404 1015
144.76.137.226 - - [27/Oct/2014:02:09:43 -0500] "GET /even/Ca8xejc/sld016.htm HTTP/1.0" 404 1015
144.76.137.226 - - [27/Oct/2014:02:09:48 -0500] "GET /formasII/?C=N;O=A HTTP/1.0" 404 1015
144.76.137.226 - - [27/Oct/2014:02:09:54 -0500] "GET /home/?C=D;O=A HTTP/1.0" 404 1015
74.86.158.107 - - [27/Oct/2014:02:10:03 -0500] "HEAD / HTTP/1.1" 302 -
144.76.137.226 - - [27/Oct/2014:02:10:33 -0500] "GET /home/?C=M;O=A HTTP/1.0" 404 1015
66.249.64.163 - - [27/Oct/2014:02:10:45 -0500] "GET /BLA/resoluciones/AUTOS%202012/1584.pdf HTTP/1.1" 200 2145898
66.249.64.167 - - [27/Oct/2014:02:10:49 -0500] "GET /BLA/resoluciones/RESOLUCIONES%202005/RES%202005%202351-2400/00002365.tif HTTP/1.1" 200 139558
66.249.64.163 - - [27/Oct/2014:02:10:50 -0500] "GET /BLA/resoluciones/RESOLUCIONES%202008/4612.pdf HTTP/1.1" 200 249336
66.249.64.163 - - [27/Oct/2014:02:10:50 -0500] "GET /BLA/resoluciones/RESOLUCIONES%202009/8974.pdf HTTP/1.1" 200 363284
144.76.137.226 - - [27/Oct/2014:02:10:51 -0500] "GET /home/?C=N;O=D HTTP/1.0" 404 1015
66.249.64.163 - - [27/Oct/2014:02:10:54 -0500] "GET /BLA/resoluciones/RESOLUCIONES%202008/3134.pdf HTTP/1.1" 200 210237
144.76.137.226 - - [27/Oct/2014:02:10:57 -0500] "GET /home/?C=S;O=A HTTP/1.0" 404 1015
66.249.64.171 - - [27/Oct/2014:02:11:00 -0500] "GET /BLA/resoluciones/RESOLUCIONES%202012/0834.pdf HTTP/1.1" 304 -
144.76.137.226 - - [27/Oct/2014:02:11:02 -0500] "GET /home/Thumbs.db HTTP/1.0" 404 1015
66.249.64.163 - - [27/Oct/2014:02:11:02 -0500] "GET /BLA/resoluciones/RESOLUCIONES%202009/0890.pdf HTTP/1.1" 200 239131
66.249.64.163 - - [27/Oct/2014:02:11:11 -0500] "GET /BLA/resoluciones/RESOLUCIONES%202008/1735.pdf HTTP/1.1" 200 373034
144.76.137.226 - - [27/Oct/2014:02:11:15 -0500] "GET /indi/uch/uch.htm HTTP/1.0" 404 1015
66.249.64.167 - - [27/Oct/2014:02:11:20 -0500] "GET /BLA/resoluciones/AUTOS%202010/0802.pdf HTTP/1.1" 200 179549
144.76.137.226 - - [27/Oct/2014:02:11:21 -0500] "GET /newsecs/?C=D;O=A HTTP/1.0" 404 1015
188.165.15.239 - - [27/Oct/2014:02:11:27 -0500] "GET /BLA/resoluciones/index.php?dir=RESOLUCIONES%202006/RES%202006%201351-1400/&sort=date&order=asc HTTP/1.1" 200 12367
188.165.15.165 - - [27/Oct/2014:02:11:28 -0500] "GET /BLA/resoluciones/RESOLUCIONES%202002/RES%202002%20651-700/00000699.tif HTTP/1.1" 200 59998
66.249.64.167 - - [27/Oct/2014:02:11:28 -0500] "GET /BLA/resoluciones/AUTOS%202007/1949.pdf HTTP/1.1" 200 94697
66.249.64.171 - - [27/Oct/2014:02:11:37 -0500] "GET /BLA/resoluciones/AUTOS%202011/6768.pdf HTTP/1.1" 200 216812
144.76.137.226 - - [27/Oct/2014:02:11:41 -0500] "GET /newsecs/?C=M;O=A HTTP/1.0" 404 1015
180.76.5.71 - - [27/Oct/2014:02:11:47 -0500] "GET /BLA/resoluciones/AUTOS%202009/0365.pdf HTTP/1.1" 200 188874
144.76.137.226 - - [27/Oct/2014:02:11:49 -0500] "GET /newsecs/?C=N;O=A HTTP/1.0" 404 1015
66.249.64.167 - - [27/Oct/2014:02:11:54 -0500] "GET /BLA/resoluciones/AUTOS%202007/2907.pdf HTTP/1.1" 200 70379
201.245.192.253 - - [27/Oct/2014:02:09:06 -0500] "GET /ForestMSG_SDA/channelAsync/template_word_16759698?X-Atmosphere-tracking-id=80b472e0-b59c-77d7-e6ff-0e2e883eacaa&X-Atmosphere-Framework=1.0.5&X-Atmosphere-Transport=long-polling&tabid=0.5564406877674468&X-Cache-Date=0&Content-Type=application/xml&_=1414393883477 HTTP/1.1" 200 8193
66.249.64.163 - - [27/Oct/2014:02:12:11 -0500] "GET /BLA/resoluciones/RESOLUCIONES%202009/2403.pdf HTTP/1.1" 200 416019
144.76.137.226 - - [27/Oct/2014:02:12:13 -0500] "GET /newsecs/?C=N;O=D HTTP/1.0" 404 1015
144.76.137.226 - - [27/Oct/2014:02:12:25 -0500] "GET /newsecs/?C=S;O=A HTTP/1.0" 404 1015
66.249.64.171 - - [27/Oct/2014:02:12:28 -0500] "GET /BLA/resoluciones/RESOLUCIONES%202009/0780.pdf HTTP/1.1" 200 282144
144.76.137.226 - - [27/Oct/2014:02:12:36 -0500] "GET /newsecs/Thumbs.db HTTP/1.0" 404 1015
144.76.137.226 - - [27/Oct/2014:02:12:40 -0500] "GET /newsecs/ecoX.htm HTTP/1.0" 404 1015
66.249.64.171 - - [27/Oct/2014:02:12:46 -0500] "GET /BLA/resoluciones/AUTOS%202007/1587.pdf HTTP/1.1" 200 29782
66.249.64.171 - - [27/Oct/2014:02:12:52 -0500] "GET /BLA/resoluciones/RESOLUCIONES%202007/RES%202007%204201%20AL%204300/RESOLUCION%204218%20DE%202007.pdf HTTP/1.1" 200 251873
66.249.64.163 - - [27/Oct/2014:02:13:03 -0500] "GET /BLA/resoluciones/AUTOS%202007/2734.pdf HTTP/1.1" 200 175073
144.76.137.226 - - [27/Oct/2014:02:13:12 -0500] "GET /newsecs/ecox1.htm HTTP/1.0" 404 1015
188.165.15.50 - - [27/Oct/2014:02:13:18 -0500] "GET /BLA/resoluciones/RESOLUCIONES%202004/RES%202004%201001-1050/00001004.tif HTTP/1.1" 200 157782
144.76.137.226 - - [27/Oct/2014:02:13:20 -0500] "GET /newsecs/g1x.htm HTTP/1.0" 404 1015
66.249.64.163 - - [27/Oct/2014:02:13:20 -0500] "GET /BLA/resoluciones/RESOLUCIONES%202010/1375.pdf HTTP/1.1" 200 386684
144.76.137.226 - - [27/Oct/2014:02:13:31 -0500] "GET /newsecs/g3x.htm HTTP/1.0" 404 1015
66.249.64.171 - - [27/Oct/2014:02:13:37 -0500] "GET /BLA/resoluciones/AUTOS%202007/0345.pdf HTTP/1.1" 200 50468
144.76.137.226 - - [27/Oct/2014:02:13:39 -0500] "GET /newsecs/g4x.htm HTTP/1.0" 404 1015
144.76.137.226 - - [27/Oct/2014:02:13:41 -0500] "GET /newsecs/gams.htm HTTP/1.0" 404 1015
144.76.137.226 - - [27/Oct/2014:02:13:43 -0500] "GET /newsecs/gams1.htm HTTP/1.0" 404 1015
66.249.64.167 - - [27/Oct/2014:02:13:45 -0500] "-" 408 -
144.76.137.226 - - [27/Oct/2014:02:13:45 -0500] "GET /newsecs/gams2.htm HTTP/1.0" 404 1015
180.76.5.66 - - [27/Oct/2014:02:13:47 -0500] "GET /BLA/resoluciones/index.php?dir=RESOLUCIONES%202002/RES%202002%201651-1700/&sort=name&order=desc HTTP/1.1" 200 12154
144.76.137.226 - - [27/Oct/2014:02:13:47 -0500] "GET /newsecs/gams3.htm HTTP/1.0" 404 1015
144.76.137.226 - - [27/Oct/2014:02:13:49 -0500] "GET /newsecs/gams4.htm HTTP/1.0" 404 1015
144.76.137.226 - - [27/Oct/2014:02:13:52 -0500] "GET /newsecs/gpla.htm HTTP/1.0" 404 1015
66.249.64.171 - - [27/Oct/2014:02:13:54 -0500] "GET /BLA/resoluciones/AUTOS%202007/1843.pdf HTTP/1.1" 200 30162
144.76.137.226 - - [27/Oct/2014:02:13:55 -0500] "GET /newsecs1/ecox1.htm HTTP/1.0" 404 1015
144.76.137.226 - - [27/Oct/2014:02:13:57 -0500] "GET /newsecs1/gams.htm HTTP/1.0" 404 1015
144.76.137.226 - - [27/Oct/2014:02:13:59 -0500] "GET /newsecs1/gams1.htm HTTP/1.0" 404 1015
144.76.137.226 - - [27/Oct/2014:02:14:04 -0500] "GET /newsecs1/gams2.htm HTTP/1.0" 404 1015
144.76.137.226 - - [27/Oct/2014:02:14:07 -0500] "GET /newsecs1/gams3.htm HTTP/1.0" 404 1015
144.76.137.226 - - [27/Oct/2014:02:14:11 -0500] "GET /newsecs1/gams4.htm HTTP/1.0" 404 1015
66.249.64.171 - - [27/Oct/2014:02:14:12 -0500] "GET /BLA/resoluciones/RESOLUCIONES%202008/0723.pdf HTTP/1.1" 200 63623
188.165.15.19 - - [27/Oct/2014:02:14:12 -0500] "GET /BLA/resoluciones/RESOLUCIONES%202004/RES%202004%201551-1600/00001598.tif HTTP/1.1" 200 8486
144.76.137.226 - - [27/Oct/2014:02:14:16 -0500] "GET /newsecs1/gpla.htm HTTP/1.0" 404 1015
144.76.137.226 - - [27/Oct/2014:02:14:25 -0500] "GET /pread/?C=D;O=A HTTP/1.0" 404 1015
66.249.64.167 - - [27/Oct/2014:02:14:29 -0500] "GET /BLA/resoluciones/AUTOS%202009/0199.pdf HTTP/1.1" 200 170562
144.76.137.226 - - [27/Oct/2014:02:14:40 -0500] "GET /pread/?C=M;O=A HTTP/1.0" 404 1015
66.249.64.171 - - [27/Oct/2014:02:14:45 -0500] "GET /BLA/resoluciones/RESOLUCIONES%202011/0336.pdf HTTP/1.1" 200 80407
66.249.64.163 - - [27/Oct/2014:02:14:46 -0500] "GET /BLA/resoluciones/RESOLUCIONES%202008/1567.pdf HTTP/1.1" 200 321737
180.76.5.58 - - [27/Oct/2014:02:14:47 -0500] "GET /BLA/resoluciones/AUTOS%202009/2974.pdf HTTP/1.1" 200 106067
66.249.64.163 - - [27/Oct/2014:02:15:03 -0500] "GET /BLA/resoluciones/RESOLUCIONES%202008/1943.pdf HTTP/1.1" 200 254463
74.86.158.107 - - [27/Oct/2014:02:15:03 -0500] "HEAD / HTTP/1.1" 302 -
201.245.192.253 - - [27/Oct/2014:02:12:06 -0500] "GET /ForestMSG_SDA/channelAsync/template_word_16759698?X-Atmosphere-tracking-id=80b472e0-b59c-77d7-e6ff-0e2e883eacaa&X-Atmosphere-Framework=1.0.5&X-Atmosphere-Transport=long-polling&tabid=0.5564406877674468&X-Cache-Date=0&Content-Type=application/xml&_=1414394063569 HTTP/1.1" 200 8193
144.76.137.226 - - [27/Oct/2014:02:15:10 -0500] "GET /pread/?C=N;O=A HTTP/1.0" 404 1015
144.76.137.226 - - [27/Oct/2014:02:15:20 -0500] "GET /pread/?C=N;O=D HTTP/1.0" 404 1015
66.249.64.163 - - [27/Oct/2014:02:15:20 -0500] "GET /BLA/resoluciones/AUTOS%202011/4355.pdf HTTP/1.1" 200 316785
186.113.138.222 - - [27/Oct/2014:02:15:23 -0500] "GET /BLA/boletinlegal/js/jquery.js HTTP/1.1" 200 57254
186.113.138.222 - - [27/Oct/2014:02:15:23 -0500] "GET /BLA/boletinlegal/js/jquery.scrollTo-min.js HTTP/1.1" 200 1150
186.113.138.222 - - [27/Oct/2014:02:15:23 -0500] "GET /BLA/boletinlegal/js/jquery.scrollShow.js HTTP/1.1" 200 4586
144.76.137.226 - - [27/Oct/2014:02:15:30 -0500] "GET /pread/?C=S;O=A HTTP/1.0" 404 1015
144.76.137.226 - - [27/Oct/2014:02:15:33 -0500] "GET /pread/PREAD2.HTM HTTP/1.0" 404 1015
186.113.138.222 - - [27/Oct/2014:02:15:34 -0500] "GET /BLA/boletinlegal/js/jquery.js HTTP/1.1" 200 57254
186.113.138.222 - - [27/Oct/2014:02:15:34 -0500] "GET /BLA/boletinlegal/js/jquery.scrollShow.js HTTP/1.1" 200 4586
186.113.138.222 - - [27/Oct/2014:02:15:34 -0500] "GET /BLA/boletinlegal/js/jquery.scrollTo-min.js HTTP/1.1" 200 1150
144.76.137.226 - - [27/Oct/2014:02:15:35 -0500] "GET /pread/PREAD3.HTM HTTP/1.0" 404 1015
144.76.137.226 - - [27/Oct/2014:02:15:36 -0500] "GET /pread/Pread4.htm HTTP/1.0" 404 1015
93.118.70.167 - - [27/Oct/2014:02:15:37 -0500] "GET /auntentica.txt HTTP/1.1" 404 1153
66.249.64.167 - - [27/Oct/2014:02:15:38 -0500] "GET /BLA/resoluciones/AUTOS%202007/0065.pdf HTTP/1.1" 200 118216
144.76.137.226 - - [27/Oct/2014:02:15:38 -0500] "GET /pread/Thumbs.db HTTP/1.0" 404 1015
144.76.137.226 - - [27/Oct/2014:02:15:40 -0500] "GET /pread/document.htm HTTP/1.0" 404 1015
144.76.137.226 - - [27/Oct/2014:02:15:41 -0500] "GET /pread/ini.htm HTTP/1.0" 404 1015
144.76.137.226 - - [27/Oct/2014:02:15:44 -0500] "GET /pread/preadene.html HTTP/1.0" 404 1015
66.249.64.163 - - [27/Oct/2014:02:15:45 -0500] "GET /BLA/resoluciones/RESOLUCIONES%202007/RES%202007%20701%20AL%20800/RESOLUCION%200765%20DE%202007.pdf HTTP/1.1" 200 181580
144.76.137.226 - - [27/Oct/2014:02:15:46 -0500] "GET /pread/resol.htm HTTP/1.0" 404 1015
180.76.5.73 - - [27/Oct/2014:02:15:47 -0500] "GET /BLA/resoluciones/index.php?dir=RESOLUCIONES+2005%2FRES+2005+1801-1850%2F HTTP/1.1" 200 12362
144.76.137.226 - - [27/Oct/2014:02:15:48 -0500] "GET /pread/resp.htm HTTP/1.0" 404 1015
144.76.137.226 - - [27/Oct/2014:02:15:50 -0500] "GET /pread/sec/ini.htm HTTP/1.0" 404 1015
144.76.137.226 - - [27/Oct/2014:02:15:52 -0500] "GET /re/Cuento/?C=N;O=A HTTP/1.0" 404 1015
144.76.137.226 - - [27/Oct/2014:02:15:54 -0500] "GET /re/Entrada/?C=D;O=D HTTP/1.0" 404 1015
66.249.64.171 - - [27/Oct/2014:02:15:55 -0500] "GET /BLA/resoluciones/RESOLUCIONES%202009/1438.pdf HTTP/1.1" 200 438645
144.76.137.226 - - [27/Oct/2014:02:15:56 -0500] "GET /re/Entrada/?C=M;O=D HTTP/1.0" 404 1015
144.76.137.226 - - [27/Oct/2014:02:15:58 -0500] "GET /re/Talleres/vidrio/vidrio%20link.htm HTTP/1.0" 404 1015
144.76.137.226 - - [27/Oct/2014:02:16:00 -0500] "GET /re/contactenos/?C=D;O=D HTTP/1.0" 404 1015
144.76.137.226 - - [27/Oct/2014:02:16:04 -0500] "GET /re/contactenos/?C=M;O=D HTTP/1.0" 404 1015
66.249.64.163 - - [27/Oct/2014:02:16:12 -0500] "GET /BLA/resoluciones/AUTOS%202007/0159.pdf HTTP/1.1" 200 121502
144.76.137.226 - - [27/Oct/2014:02:16:24 -0500] "GET /re/contactenos/creditos/?C=N;O=D HTTP/1.0" 404 1015
66.249.64.171 - - [27/Oct/2014:02:16:29 -0500] "GET /BLA/resoluciones/RESOLUCIONES%202007/RES%202007%201601%20AL%201725/RESOLUCION%201621%20A%201725%20DE%202007.pdf HTTP/1.1" 200 16382
144.76.137.226 - - [27/Oct/2014:02:16:31 -0500] "GET /re/contactenos/creditos/?C=S;O=A HTTP/1.0" 404 1015
66.249.64.171 - - [27/Oct/2014:02:16:37 -0500] "GET /BLA/resoluciones/RESOLUCIONES%202008/4206.pdf HTTP/1.1" 200 633231
144.76.137.226 - - [27/Oct/2014:02:16:38 -0500] "GET /re/contactenos/creditos/creditos%20link.htm HTTP/1.0" 404 1015
144.76.137.226 - - [27/Oct/2014:02:16:41 -0500] "GET /re1/Que%20es/Marco%20legal/marco%20legal%20link.htm HTTP/1.0" 404 1015
144.76.137.226 - - [27/Oct/2014:02:16:44 -0500] "GET /re1/Que%20es/Talleres/plasticos/plasticos.htm HTTP/1.0" 404 1015
144.76.137.226 - - [27/Oct/2014:02:16:46 -0500] "GET /re1/Que%20es/Talleres/residuos%20organicos/residuos%20organicos%20link.htm HTTP/1.0" 404 1015
66.249.64.171 - - [27/Oct/2014:02:16:47 -0500] "GET /BLA/resoluciones/AUTOS%202007/2359.pdf HTTP/1.1" 200 223935
144.76.137.226 - - [27/Oct/2014:02:16:51 -0500] "GET /re1/Que%20es/Talleres/vidrio/vidrio%20link.htm HTTP/1.0" 404 1015
144.76.137.226 - - [27/Oct/2014:02:16:55 -0500] "GET /re1/Resumen/como/como%20link.htm HTTP/1.0" 404 1015
144.76.137.226 - - [27/Oct/2014:02:17:00 -0500] "GET /re1/Resumen/donde/donde%20link.htm HTTP/1.0" 404 1015
66.249.64.163 - - [27/Oct/2014:02:17:04 -0500] "GET /BLA/resoluciones/AUTOS%202007/1483.pdf HTTP/1.1" 200 29204
144.76.137.226 - - [27/Oct/2014:02:17:05 -0500] "GET /resoluciones/2005/?C=D;O=D HTTP/1.0" 404 1015
144.76.137.226 - - [27/Oct/2014:02:17:15 -0500] "GET /resoluciones/2005/?C=M;O=D HTTP/1.0" 404 1015
144.76.137.226 - - [27/Oct/2014:02:17:20 -0500] "GET /resoluciones/2014/?C=D;O=D HTTP/1.0" 404 1015
66.249.64.163 - - [27/Oct/2014:02:17:21 -0500] "GET /BLA/resoluciones/AUTOS%202007/3484.pdf HTTP/1.1" 200 100108
188.165.15.19 - - [27/Oct/2014:02:17:24 -0500] "GET /BLA/resoluciones/RESOLUCIONES%202005/RES%202005%20351-400/00000364.tif HTTP/1.1" 200 76634
144.76.137.226 - - [27/Oct/2014:02:17:28 -0500] "GET /resoluciones/2014/?C=M;O=D HTTP/1.0" 404 1015
66.249.64.163 - - [27/Oct/2014:02:17:38 -0500] "GET /BLA/resoluciones/AUTOS%202007/2850.pdf HTTP/1.1" 200 65680
144.76.137.226 - - [27/Oct/2014:02:17:49 -0500] "GET /sinmi2/htm7/?C=D;O=D HTTP/1.0" 404 1015
188.165.15.152 - - [27/Oct/2014:02:17:53 -0500] "GET /BLA/resoluciones/RESOLUCIONES%202006/RES%202006%201701-1751/00001744.tif HTTP/1.1" 200 188250
66.249.64.167 - - [27/Oct/2014:02:17:55 -0500] "GET /BLA/resoluciones/AUTOS%202007/2810.pdf HTTP/1.1" 200 236213
144.76.137.226 - - [27/Oct/2014:02:18:00 -0500] "GET /sinmi2/htm7/?C=M;O=D HTTP/1.0" 404 1015
201.245.192.253 - - [27/Oct/2014:02:15:06 -0500] "GET /ForestMSG_SDA/channelAsync/template_word_16759698?X-Atmosphere-tracking-id=80b472e0-b59c-77d7-e6ff-0e2e883eacaa&X-Atmosphere-Framework=1.0.5&X-Atmosphere-Transport=long-polling&tabid=0.5564406877674468&X-Cache-Date=0&Content-Type=application/xml&_=1414394243706 HTTP/1.1" 200 8193
144.76.137.226 - - [27/Oct/2014:02:18:09 -0500] "GET /sinmi2/htm7/INFORME%2007%20AM%20-%20VER%2097/tsld004.htm HTTP/1.0" 404 1015
85.25.108.174 - - [27/Oct/2014:02:18:10 -0500] "HEAD /phpold/repre/Bajas.pdf HTTP/1.1" 404 -
66.249.64.171 - - [27/Oct/2014:02:18:13 -0500] "GET /BLA/resoluciones/RESOLUCIONES%202009/1727.pdf HTTP/1.1" 200 576806
144.76.137.226 - - [27/Oct/2014:02:18:13 -0500] "GET /sinmi3/12/?C=D;O=D HTTP/1.0" 404 1015
144.76.137.226 - - [27/Oct/2014:02:18:19 -0500] "GET /sinmi3/12/?C=M;O=D HTTP/1.0" 404 1015
66.249.64.167 - - [27/Oct/2014:02:18:29 -0500] "GET /BLA/resoluciones/RESOLUCIONES%202012/1228.pdf HTTP/1.1" 200 496496
66.249.64.171 - - [27/Oct/2014:02:18:30 -0500] "GET /BLA/resoluciones/AUTOS%202007/2574.pdf HTTP/1.1" 200 80833
144.76.137.226 - - [27/Oct/2014:02:18:31 -0500] "GET /sinmi3/17/?C=D;O=D HTTP/1.0" 404 1015
144.76.137.226 - - [27/Oct/2014:02:18:33 -0500] "GET /sinmi3/17/?C=M;O=D HTTP/1.0" 404 1015
144.76.137.226 - - [27/Oct/2014:02:18:34 -0500] "GET /sinmi3/7/?C=D;O=D HTTP/1.0" 404 1015
144.76.137.226 - - [27/Oct/2014:02:18:43 -0500] "GET /sinmi3/7/?C=M;O=D HTTP/1.0" 404 1015
66.249.64.171 - - [27/Oct/2014:02:18:47 -0500] "GET /BLA/resoluciones/RESOLUCIONES%202008/2314.pdf HTTP/1.1" 200 352474
144.76.137.226 - - [27/Oct/2014:02:18:51 -0500] "GET /sistemas/?C=D;O=A HTTP/1.0" 404 1015
144.76.137.226 - - [27/Oct/2014:02:18:53 -0500] "GET /sistemas/?C=M;O=A HTTP/1.0" 404 1015
144.76.137.226 - - [27/Oct/2014:02:18:58 -0500] "GET /sistemas/?C=N;O=A HTTP/1.0" 404 1015
66.249.64.167 - - [27/Oct/2014:02:19:04 -0500] "GET /BLA/resoluciones/AUTOS%202009/1709.pdf HTTP/1.1" 200 124608
144.76.137.226 - - [27/Oct/2014:02:19:13 -0500] "GET /sistemas/?C=N;O=D HTTP/1.0" 404 1015
144.76.137.226 - - [27/Oct/2014:02:19:18 -0500] "GET /sistemas/?C=S;O=A HTTP/1.0" 404 1015
144.76.137.226 - - [27/Oct/2014:02:19:21 -0500] "GET /sistemas/Thumbs.db HTTP/1.0" 404 1015
123.125.71.29 - - [27/Oct/2014:02:19:21 -0500] "GET / HTTP/1.1" 302 -
66.249.64.163 - - [27/Oct/2014:02:19:21 -0500] "GET /BLA/resoluciones/RESOLUCIONES%202011/0084.pdf HTTP/1.1" 200 241866
220.181.108.114 - - [27/Oct/2014:02:19:24 -0500] "GET / HTTP/1.1" 302 -
144.76.137.226 - - [27/Oct/2014:02:19:24 -0500] "GET /sistemas/midama3.htm HTTP/1.0" 404 1015
144.76.137.226 - - [27/Oct/2014:02:19:37 -0500] "GET /sistemas/sistemas.htm HTTP/1.0" 404 1015
66.249.64.171 - - [27/Oct/2014:02:19:39 -0500] "GET /BLA/resoluciones/AUTOS%202007/2529.pdf HTTP/1.1" 200 108364
144.76.137.226 - - [27/Oct/2014:02:19:42 -0500] "GET /sistemas/sistemas3.php HTTP/1.0" 404 1015
180.76.5.65 - - [27/Oct/2014:02:19:51 -0500] "GET /BLA/resoluciones/AUTOS%202009/1935.pdf HTTP/1.1" 200 181356
66.249.64.163 - - [27/Oct/2014:02:19:56 -0500] "GET /BLA/resoluciones/RESOLUCIONES%202008/1828.pdf HTTP/1.1" 200 251803
144.76.137.226 - - [27/Oct/2014:02:19:59 -0500] "GET /sistemas/sop2.htm HTTP/1.0" 404 1015
74.86.158.107 - - [27/Oct/2014:02:20:03 -0500] "HEAD / HTTP/1.1" 302 -
144.76.137.226 - - [27/Oct/2014:02:20:03 -0500] "GET /sistemas/sop3.htm HTTP/1.0" 404 1015
144.76.137.226 - - [27/Oct/2014:02:20:06 -0500] "GET /sistemas/sop4.htm HTTP/1.0" 404 1015
144.76.137.226 - - [27/Oct/2014:02:20:08 -0500] "GET /sistemas/sop5.htm HTTP/1.0" 404 1015
144.76.137.226 - - [27/Oct/2014:02:20:10 -0500] "GET /sistemas/sop6.htm HTTP/1.0" 404 1015
144.76.137.226 - - [27/Oct/2014:02:20:12 -0500] "GET /sistemas/sop7.htm HTTP/1.0" 404 1015
66.249.64.163 - - [27/Oct/2014:02:20:13 -0500] "GET /BLA/resoluciones/AUTOS%202007/1243.pdf HTTP/1.1" 200 74407
144.76.137.226 - - [27/Oct/2014:02:20:13 -0500] "GET /sistemas/sop8.htm HTTP/1.0" 404 1015
144.76.137.226 - - [27/Oct/2014:02:20:16 -0500] "GET /sistemas/sopa1.htm HTTP/1.0" 404 1015
144.76.137.226 - - [27/Oct/2014:02:20:18 -0500] "GET /sistemas/sopa2.htm HTTP/1.0" 404 1015
144.76.137.226 - - [27/Oct/2014:02:20:21 -0500] "GET /sistemas/sopa3.htm HTTP/1.0" 404 1015
66.249.64.163 - - [27/Oct/2014:02:20:21 -0500] "GET /BLA/resoluciones/RESOLUCIONES%202007/RES%202007%203401%20AL%203500/RESOLUCION%203448%20DE%202007.pdf HTTP/1.1" 200 1048712
144.76.137.226 - - [27/Oct/2014:02:20:23 -0500] "GET /sistemas/sopa4.htm HTTP/1.0" 404 1015
144.76.137.226 - - [27/Oct/2014:02:20:27 -0500] "GET /sistemas/sopa5.htm HTTP/1.0" 404 1015
66.249.64.171 - - [27/Oct/2014:02:20:30 -0500] "GET /BLA/resoluciones/AUTOS%202007/0370.pdf HTTP/1.1" 200 111775
144.76.137.226 - - [27/Oct/2014:02:20:35 -0500] "GET /sistemas/sopa6.htm HTTP/1.0" 404 1015
144.76.137.226 - - [27/Oct/2014:02:20:41 -0500] "GET /sistemas/sopa7.htm HTTP/1.0" 404 1015
144.76.137.226 - - [27/Oct/2014:02:20:44 -0500] "GET /sistemas/sopa8.htm HTTP/1.0" 404 1015
66.249.64.171 - - [27/Oct/2014:02:20:47 -0500] "GET /BLA/resoluciones/AUTOS%202007/0362.pdf HTTP/1.1" 200 190686
144.76.137.226 - - [27/Oct/2014:02:21:04 -0500] "GET /smtp/Net/?C=D;O=D HTTP/1.0" 404 1015
66.249.64.163 - - [27/Oct/2014:02:21:05 -0500] "GET /BLA/resoluciones/RESOLUCIONES%202008/5533.pdf HTTP/1.1" 200 68784
201.245.192.253 - - [27/Oct/2014:02:18:06 -0500] "GET /ForestMSG_SDA/channelAsync/template_word_16759698?X-Atmosphere-tracking-id=80b472e0-b59c-77d7-e6ff-0e2e883eacaa&X-Atmosphere-Framework=1.0.5&X-Atmosphere-Transport=long-polling&tabid=0.5564406877674468&X-Cache-Date=0&Content-Type=application/xml&_=1414394423774 HTTP/1.1" 200 8193
144.76.137.226 - - [27/Oct/2014:02:21:08 -0500] "GET /smtp/Net/?C=M;O=D HTTP/1.0" 404 1015
100.43.85.25 - - [27/Oct/2014:02:21:15 -0500] "GET / HTTP/1.1" 302 -
66.249.64.167 - - [27/Oct/2014:02:21:22 -0500] "GET /BLA/resoluciones/RESOLUCIONES%202009/4047.pdf HTTP/1.1" 200 481171
66.249.64.171 - - [27/Oct/2014:02:21:39 -0500] "GET /BLA/resoluciones/RESOLUCIONES%202009/2209.pdf HTTP/1.1" 200 622375
180.76.6.60 - - [27/Oct/2014:02:21:50 -0500] "GET /BLA/resoluciones/AUTOS%202011/5463.pdf HTTP/1.1" 200 262001
66.249.64.167 - - [27/Oct/2014:02:21:56 -0500] "GET /BLA/resoluciones/AUTOS%202007/0413.pdf HTTP/1.1" 200 78131
66.249.64.163 - - [27/Oct/2014:02:22:13 -0500] "GET /BLA/resoluciones/AUTOS%202010/0104.pdf HTTP/1.1" 304 -
66.249.64.171 - - [27/Oct/2014:02:22:14 -0500] "GET /BLA/resoluciones/AUTOS%202013/1608.pdf HTTP/1.1" 200 140609
66.249.64.171 - - [27/Oct/2014:02:22:31 -0500] "GET /BLA/resoluciones/AUTOS%202007/2606.pdf HTTP/1.1" 200 42520
66.249.64.167 - - [27/Oct/2014:02:22:48 -0500] "GET /BLA/resoluciones/AUTOS%202009/0998.pdf HTTP/1.1" 200 161352
180.76.5.175 - - [27/Oct/2014:02:22:50 -0500] "GET /BLA/resoluciones/AUTOS%202011/4798.pdf HTTP/1.1" 200 241035
66.249.64.171 - - [27/Oct/2014:02:23:05 -0500] "GET /BLA/resoluciones/AUTOS%202007/1382.pdf HTTP/1.1" 200 61352
66.249.64.167 - - [27/Oct/2014:02:23:22 -0500] "GET /BLA/resoluciones/RESOLUCIONES%202010/0935.pdf HTTP/1.1" 200 107878
66.249.64.163 - - [27/Oct/2014:02:23:29 -0500] "GET /BLA/resoluciones/RESOLUCIONES%202011/0878.pdf HTTP/1.1" 304 -
201.245.230.153 - - [27/Oct/2014:02:23:36 -0500] "GET /isolucionsda/IdentificaUsuario.asp?Pagina1=FrameSetGeneral.asp& HTTP/1.1" 200 1250
66.249.64.163 - - [27/Oct/2014:02:23:40 -0500] "GET /BLA/resoluciones/AUTOS%202007/0466.pdf HTTP/1.1" 200 118917
180.76.5.144 - - [27/Oct/2014:02:23:50 -0500] "GET /BLA/resoluciones/AUTOS%202009/2997.pdf HTTP/1.1" 200 340771
201.245.230.153 - - [27/Oct/2014:02:23:55 -0500] "GET /isolucionsda/IdentificaUsuario.asp?Pagina1=FrameSetGeneral.asp& HTTP/1.1" 200 1250
66.249.64.167 - - [27/Oct/2014:02:23:57 -0500] "GET /BLA/resoluciones/AUTOS%202007/0360.pdf HTTP/1.1" 200 190417
66.249.64.171 - - [27/Oct/2014:02:24:05 -0500] "GET /BLA/resoluciones/RESOLUCIONES%202011/5563.pdf HTTP/1.1" 200 527245
201.245.192.253 - - [27/Oct/2014:02:21:06 -0500] "GET /ForestMSG_SDA/channelAsync/template_word_16759698?X-Atmosphere-tracking-id=80b472e0-b59c-77d7-e6ff-0e2e883eacaa&X-Atmosphere-Framework=1.0.5&X-Atmosphere-Transport=long-polling&tabid=0.5564406877674468&X-Cache-Date=0&Content-Type=application/xml&_=1414394603860 HTTP/1.1" 200 8193
66.249.64.171 - - [27/Oct/2014:02:24:14 -0500] "GET /BLA/resoluciones/AUTOS%202007/0485.pdf HTTP/1.1" 200 16021
66.249.64.167 - - [27/Oct/2014:02:24:31 -0500] "GET /BLA/resoluciones/AUTOS%202009/2379.pdf HTTP/1.1" 200 223710
66.249.64.163 - - [27/Oct/2014:02:24:48 -0500] "GET /BLA/resoluciones/AUTOS%202007/0421.pdf HTTP/1.1" 200 61981
180.76.6.149 - - [27/Oct/2014:02:24:50 -0500] "GET /BLA/resoluciones/AUTOS%202009/3548.pdf HTTP/1.1" 200 152508
74.86.158.107 - - [27/Oct/2014:02:25:03 -0500] "HEAD / HTTP/1.1" 302 -
66.249.64.167 - - [27/Oct/2014:02:25:06 -0500] "GET /BLA/resoluciones/AUTOS%202008/1671.pdf HTTP/1.1" 200 90599
66.249.64.171 - - [27/Oct/2014:02:25:23 -0500] "GET /BLA/resoluciones/AUTOS%202007/2458.pdf HTTP/1.1" 200 157608
66.249.64.163 - - [27/Oct/2014:02:25:40 -0500] "GET /BLA/resoluciones/AUTOS%202007/0170.pdf HTTP/1.1" 200 114233
180.76.6.46 - - [27/Oct/2014:02:25:50 -0500] "GET /BLA/resoluciones/AUTOS%202010/5620.pdf HTTP/1.1" 200 389806
66.249.64.163 - - [27/Oct/2014:02:25:57 -0500] "GET /BLA/resoluciones/RESOLUCIONES%202007/RES%202007%204101%20AL%204200/RESOLUCION%204110%20%20DE%202007.pdf HTTP/1.1" 200 550863
66.249.64.171 - - [27/Oct/2014:02:25:58 -0500] "GET /BLA/resoluciones/RESOLUCIONES%202009/0569.pdf HTTP/1.1" 200 303812
91.121.37.19 - - [27/Oct/2014:02:26:03 -0500] "GET /auntentica.txt HTTP/1.1" 404 1153
66.249.64.171 - - [27/Oct/2014:02:26:14 -0500] "GET /BLA/resoluciones/RESOLUCIONES%202009/2888.pdf HTTP/1.1" 200 441420
66.249.64.167 - - [27/Oct/2014:02:26:32 -0500] "GET /BLA/resoluciones/RESOLUCIONES%202008/0662.pdf HTTP/1.1" 200 45278
66.249.64.167 - - [27/Oct/2014:02:26:49 -0500] "GET /BLA/resoluciones/AUTOS%202007/2492.pdf HTTP/1.1" 200 65129
66.249.64.163 - - [27/Oct/2014:02:27:06 -0500] "GET /BLA/resoluciones/AUTOS%202007/3766.pdf HTTP/1.1" 200 374912
201.245.192.253 - - [27/Oct/2014:02:24:07 -0500] "GET /ForestMSG_SDA/channelAsync/template_word_16759698?X-Atmosphere-tracking-id=80b472e0-b59c-77d7-e6ff-0e2e883eacaa&X-Atmosphere-Framework=1.0.5&X-Atmosphere-Transport=long-polling&tabid=0.5564406877674468&X-Cache-Date=0&Content-Type=application/xml&_=1414394784005 HTTP/1.1" 200 8193
188.165.15.19 - - [27/Oct/2014:02:27:18 -0500] "GET /BLA/resoluciones/RESOLUCIONES%202003/RES%202003%20801-850/822.tif HTTP/1.1" 200 199216
66.249.64.167 - - [27/Oct/2014:02:27:23 -0500] "GET /BLA/resoluciones/AUTOS%202007/2723.pdf HTTP/1.1" 200 76047
66.249.64.163 - - [27/Oct/2014:02:27:41 -0500] "GET /BLA/resoluciones/RESOLUCIONES%202009/0954.pdf HTTP/1.1" 200 720863
66.249.64.171 - - [27/Oct/2014:02:27:49 -0500] "GET /BLA/resoluciones/RESOLUCIONES%202010/0571.pdf HTTP/1.1" 200 107226
180.76.6.43 - - [27/Oct/2014:02:27:50 -0500] "GET /BLA/resoluciones/AUTOS%202009/0234.pdf HTTP/1.1" 200 124616
66.249.64.167 - - [27/Oct/2014:02:27:58 -0500] "GET /BLA/resoluciones/AUTOS%202007/2289.pdf HTTP/1.1" 200 77111
66.249.64.163 - - [27/Oct/2014:02:28:15 -0500] "GET /BLA/resoluciones/RESOLUCIONES%202008/0227.pdf HTTP/1.1" 200 281834
66.249.64.163 - - [27/Oct/2014:02:28:32 -0500] "GET /BLA/resoluciones/AUTOS%202007/0207.pdf HTTP/1.1" 200 18847
66.249.64.171 - - [27/Oct/2014:02:28:49 -0500] "GET /BLA/resoluciones/RESOLUCIONES%202008/3058.pdf HTTP/1.1" 200 425538
180.76.6.144 - - [27/Oct/2014:02:28:50 -0500] "GET /BLA/resoluciones/AUTOS%202011/0225.pdf HTTP/1.1" 200 148403
66.249.64.171 - - [27/Oct/2014:02:29:07 -0500] "GET /BLA/resoluciones/AUTOS%202007/3581.pdf HTTP/1.1" 200 136866
180.76.5.171 - - [27/Oct/2014:02:29:50 -0500] "GET /BLA/resoluciones/AUTOS%202009/3172.pdf HTTP/1.1" 200 131796
74.86.158.107 - - [27/Oct/2014:02:30:03 -0500] "HEAD / HTTP/1.1" 302 -
201.245.192.253 - - [27/Oct/2014:02:27:07 -0500] "GET /ForestMSG_SDA/channelAsync/template_word_16759698?X-Atmosphere-tracking-id=80b472e0-b59c-77d7-e6ff-0e2e883eacaa&X-Atmosphere-Framework=1.0.5&X-Atmosphere-Transport=long-polling&tabid=0.5564406877674468&X-Cache-Date=0&Content-Type=application/xml&_=1414394964067 HTTP/1.1" 200 8193
66.249.64.163 - - [27/Oct/2014:02:30:44 -0500] "GET /BLA/resoluciones/RESOLUCIONES%202009/6858.pdf HTTP/1.1" 200 270395
66.249.64.167 - - [27/Oct/2014:02:30:45 -0500] "GET /BLA/resoluciones/RESOLUCIONES%202007/RES%202007%203001%20AL%203100/RESOLUCION%203054%20DE%202007.pdf HTTP/1.1" 200 279897
66.249.64.163 - - [27/Oct/2014:02:30:56 -0500] "GET /BLA/resoluciones/AUTOS%202007/2396.pdf HTTP/1.1" 200 82012
66.249.64.167 - - [27/Oct/2014:02:31:05 -0500] "GET /BLA/resoluciones/AUTOS%202007/2659.pdf HTTP/1.1" 200 162851
66.249.64.163 - - [27/Oct/2014:02:31:13 -0500] "GET /BLA/resoluciones/AUTOS%202007/0474.pdf HTTP/1.1" 200 19892
66.249.64.163 - - [27/Oct/2014:02:31:20 -0500] "GET /BLA/resoluciones/RESOLUCIONES%202010/6585.pdf HTTP/1.1" 200 1033516
66.249.64.171 - - [27/Oct/2014:02:31:26 -0500] "GET /BLA/resoluciones/RESOLUCIONES%202008/5430.pdf HTTP/1.1" 200 258785
66.249.64.167 - - [27/Oct/2014:02:31:31 -0500] "GET /BLA/resoluciones/AUTOS%202008/1263.pdf HTTP/1.1" 200 71203
66.249.64.163 - - [27/Oct/2014:02:31:36 -0500] "GET /BLA/resoluciones/AUTOS%202007/3856.pdf HTTP/1.1" 200 77016
66.249.64.171 - - [27/Oct/2014:02:31:41 -0500] "GET /BLA/resoluciones/AUTOS%202007/0407.pdf HTTP/1.1" 200 62870
180.76.5.190 - - [27/Oct/2014:02:31:50 -0500] "GET /BLA/resoluciones/AUTOS%202011/1644.pdf HTTP/1.1" 200 139422
66.249.64.171 - - [27/Oct/2014:02:31:59 -0500] "GET /BLA/resoluciones/AUTOS%202007/0123.pdf HTTP/1.1" 200 46632
66.249.64.171 - - [27/Oct/2014:02:32:16 -0500] "GET /BLA/resoluciones/RESOLUCIONES%202008/1320.pdf HTTP/1.1" 200 185515
157.55.39.61 - - [27/Oct/2014:02:32:31 -0500] "GET /Residuos/farmaceutica/farmaceutica.html HTTP/1.1" 404 1018
66.249.64.167 - - [27/Oct/2014:02:32:33 -0500] "GET /BLA/resoluciones/AUTOS%202007/2681.pdf HTTP/1.1" 200 81116
66.249.64.163 - - [27/Oct/2014:02:32:50 -0500] "GET /BLA/resoluciones/RESOLUCIONES%202009/2719.pdf HTTP/1.1" 200 655604
201.245.192.253 - - [27/Oct/2014:02:30:07 -0500] "GET /ForestMSG_SDA/channelAsync/template_word_16759698?X-Atmosphere-tracking-id=80b472e0-b59c-77d7-e6ff-0e2e883eacaa&X-Atmosphere-Framework=1.0.5&X-Atmosphere-Transport=long-polling&tabid=0.5564406877674468&X-Cache-Date=0&Content-Type=application/xml&_=1414395144149 HTTP/1.1" 200 8193
66.249.64.171 - - [27/Oct/2014:02:33:08 -0500] "GET /BLA/resoluciones/AUTOS%202007/2847.pdf HTTP/1.1" 200 112016
66.249.64.163 - - [27/Oct/2014:02:33:25 -0500] "GET /BLA/resoluciones/RESOLUCIONES%202014/1220.pdf HTTP/1.1" 304 -
66.249.64.163 - - [27/Oct/2014:02:33:25 -0500] "GET /BLA/resoluciones/RESOLUCIONES%202009/1231.pdf HTTP/1.1" 200 408998
66.249.64.163 - - [27/Oct/2014:02:33:34 -0500] "GET /pread/pread/sld014.htm HTTP/1.1" 404 1018
66.249.64.163 - - [27/Oct/2014:02:33:42 -0500] "GET /BLA/resoluciones/RESOLUCIONES%202008/0838.pdf HTTP/1.1" 200 124564
188.165.15.87 - - [27/Oct/2014:02:33:44 -0500] "GET /BLA/resoluciones/RESOLUCIONES%202002/RES%202002%201401-1450/20021430.tif HTTP/1.1" 200 124320
66.249.64.167 - - [27/Oct/2014:02:33:59 -0500] "GET /BLA/resoluciones/RESOLUCIONES%202008/0206.pdf HTTP/1.1" 200 392384
66.249.64.171 - - [27/Oct/2014:02:34:16 -0500] "GET /BLA/resoluciones/RESOLUCIONES%202009/0641.pdf HTTP/1.1" 200 62983
157.55.39.8 - - [27/Oct/2014:02:34:26 -0500] "GET /BLA/boletinlegal/js/jquery.scrollTo-min.js HTTP/1.1" 200 1150
66.249.64.163 - - [27/Oct/2014:02:34:34 -0500] "GET /BLA/resoluciones/AUTOS%202007/2432.pdf HTTP/1.1" 200 28438
157.55.39.9 - - [27/Oct/2014:02:34:51 -0500] "GET /robots.txt HTTP/1.1" 404 1018
66.249.64.167 - - [27/Oct/2014:02:34:51 -0500] "GET /BLA/resoluciones/RESOLUCIONES%202009/6449.pdf HTTP/1.1" 200 436299
157.55.39.9 - - [27/Oct/2014:02:34:51 -0500] "GET /BLA/boletinlegal/js/jquery.js HTTP/1.1" 200 57254
157.55.39.61 - - [27/Oct/2014:02:34:55 -0500] "GET /BLA/boletinlegal/js/jquery.scrollShow.js HTTP/1.1" 200 4586
86.184.212.247 - - [27/Oct/2014:02:35:01 -0500] "GET /robots.txt HTTP/1.0" 404 1015
86.184.212.247 - - [27/Oct/2014:02:35:03 -0500] "GET /Anexos%20estudio%20Organizacional%20SDA/index.php?dir=ANEXO%20No.%2010%20-%20COSTO%20DETALLADO%20PLANTA%20DE%20CARGOS%20ACTUAL/ HTTP/1.0" 200 2421
74.86.158.107 - - [27/Oct/2014:02:35:03 -0500] "HEAD / HTTP/1.1" 302 -
86.184.212.247 - - [27/Oct/2014:02:35:04 -0500] "GET /Anexos%20estudio%20Organizacional%20SDA/index.php?dir=ANEXO%20No.%202%20-%20EJECUCIONES%20PRESUPUESTALES%202008-2011%20Y%20PRESUPUESTO%202012/ HTTP/1.0" 200 3708
86.184.212.247 - - [27/Oct/2014:02:35:06 -0500] "GET /Anexos%20estudio%20Organizacional%20SDA/index.php?dir=ANEXO%20No.%205%20-%20ESTUDIO%20Y%20PROPUESTA%20SERAMB%20IENTE/ HTTP/1.0" 200 3623
86.184.212.247 - - [27/Oct/2014:02:35:08 -0500] "GET /Anexos%20estudio%20Organizacional%20SDA/index.php?dir=ANEXO%20No.%207%20-%20PROYECTO%20DE%20DECRETO%20MODIFICATORIO%20DE%20ESTRUCTURA%20DE%20LA%20SDA/ HTTP/1.0" 200 2594
66.249.64.171 - - [27/Oct/2014:02:35:08 -0500] "GET /BLA/resoluciones/AUTOS%202007/2558.pdf HTTP/1.1" 200 56523
