181.243.113.145 - - [27/Oct/2014:05:08:01 -0500] "GET /BLA/boletinlegal/js/jquery.scrollShow.js HTTP/1.1" 200 4586
66.249.64.167 - - [27/Oct/2014:05:08:10 -0500] "GET /BLA/resoluciones/AUTOS%202007/3804.pdf HTTP/1.1" 200 91756
66.249.64.171 - - [27/Oct/2014:05:08:22 -0500] "GET /BLA/resoluciones/RESOLUCIONES%202011/4869.pdf HTTP/1.1" 200 778274
66.249.64.167 - - [27/Oct/2014:05:08:27 -0500] "GET /BLA/resoluciones/AUTOS%202010/6935.pdf HTTP/1.1" 200 167097
66.249.64.167 - - [27/Oct/2014:05:08:45 -0500] "GET /BLA/resoluciones/AUTOS%202007/2722.pdf HTTP/1.1" 200 75461
66.249.64.163 - - [27/Oct/2014:05:09:02 -0500] "GET /BLA/resoluciones/AUTOS%202007/1315.pdf HTTP/1.1" 200 57997
200.118.224.216 - - [27/Oct/2014:05:09:15 -0500] "GET /BLA/boletinlegal/js/jquery.js HTTP/1.1" 200 57254
200.118.224.216 - - [27/Oct/2014:05:09:15 -0500] "GET /BLA/boletinlegal/js/jquery.scrollTo-min.js HTTP/1.1" 200 1150
200.118.224.216 - - [27/Oct/2014:05:09:15 -0500] "GET /BLA/boletinlegal/js/jquery.scrollShow.js HTTP/1.1" 200 4586
66.249.64.163 - - [27/Oct/2014:05:09:19 -0500] "GET /BLA/resoluciones/AUTOS%202007/1772.pdf HTTP/1.1" 200 34739
66.249.64.167 - - [27/Oct/2014:05:09:36 -0500] "GET /BLA/resoluciones/AUTOS%202007/0425.pdf HTTP/1.1" 200 64851
201.245.192.253 - - [27/Oct/2014:05:06:45 -0500] "GET /ForestMSG_SDA/channelAsync/template_word_16759698?X-Atmosphere-tracking-id=80b472e0-b59c-77d7-e6ff-0e2e883eacaa&X-Atmosphere-Framework=1.0.5&X-Atmosphere-Transport=long-polling&tabid=0.5564406877674468&X-Cache-Date=0&Content-Type=application/xml&_=1414404542204 HTTP/1.1" 200 8193
66.249.64.167 - - [27/Oct/2014:05:09:53 -0500] "GET /BLA/resoluciones/AUTOS%202007/0858.pdf HTTP/1.1" 200 85880
74.86.158.107 - - [27/Oct/2014:05:10:03 -0500] "HEAD / HTTP/1.1" 302 -
188.165.15.78 - - [27/Oct/2014:05:10:06 -0500] "GET /BLA/resoluciones/index.php?dir=RESOLUCIONES%202002/RES%202002%20951-1000/&sort=size&order=desc HTTP/1.1" 200 12279
66.249.64.167 - - [27/Oct/2014:05:10:11 -0500] "GET /BLA/resoluciones/RESOLUCIONES%202009/7763.pdf HTTP/1.1" 200 527139
66.249.64.163 - - [27/Oct/2014:05:10:14 -0500] "GET /BLA/resoluciones/RESOLUCIONES%202010/6224.pdf HTTP/1.1" 200 669442
66.249.64.163 - - [27/Oct/2014:05:10:28 -0500] "GET /BLA/resoluciones/RESOLUCIONES%202008/4115.pdf HTTP/1.1" 200 343593
66.249.64.171 - - [27/Oct/2014:05:10:45 -0500] "GET /BLA/resoluciones/AUTOS%202007/1240.pdf HTTP/1.1" 200 267127
66.249.64.163 - - [27/Oct/2014:05:11:02 -0500] "GET /BLA/resoluciones/RESOLUCIONES%202009/7529.pdf HTTP/1.1" 200 495445
180.76.6.138 - - [27/Oct/2014:05:11:07 -0500] "GET /BLA/resoluciones/AUTOS%202009/0371.pdf HTTP/1.1" 200 106371
188.165.15.87 - - [27/Oct/2014:05:11:09 -0500] "GET /BLA/resoluciones/RESOLUCIONES%202005/RES%202005%203101-3150/00003115.tif HTTP/1.1" 200 201064
66.249.64.163 - - [27/Oct/2014:05:11:19 -0500] "GET /BLA/resoluciones/AUTOS%202009/3286.pdf HTTP/1.1" 200 70018
66.249.64.167 - - [27/Oct/2014:05:11:37 -0500] "GET /BLA/resoluciones/AUTOS%202007/1277.pdf HTTP/1.1" 200 84183
66.249.64.171 - - [27/Oct/2014:05:11:54 -0500] "GET /BLA/resoluciones/AUTOS%202007/2883.pdf HTTP/1.1" 200 100827
66.249.64.163 - - [27/Oct/2014:05:12:06 -0500] "GET /BLA/resoluciones/RESOLUCIONES%202009/5189.pdf HTTP/1.1" 200 202303
66.249.64.167 - - [27/Oct/2014:05:12:11 -0500] "GET /BLA/resoluciones/RESOLUCIONES%202009/3515.pdf HTTP/1.1" 200 611819
188.165.15.239 - - [27/Oct/2014:05:12:13 -0500] "GET /BLA/resoluciones/RESOLUCIONES%202004/RES%202004%201351-1400/00001400.tif HTTP/1.1" 200 111348
66.249.64.163 - - [27/Oct/2014:05:12:28 -0500] "GET /BLA/resoluciones/RESOLUCIONES%202008/1353.pdf HTTP/1.1" 200 166547
201.245.192.253 - - [27/Oct/2014:05:09:45 -0500] "GET /ForestMSG_SDA/channelAsync/template_word_16759698?X-Atmosphere-tracking-id=80b472e0-b59c-77d7-e6ff-0e2e883eacaa&X-Atmosphere-Framework=1.0.5&X-Atmosphere-Transport=long-polling&tabid=0.5564406877674468&X-Cache-Date=0&Content-Type=application/xml&_=1414404722306 HTTP/1.1" 200 8193
66.249.64.163 - - [27/Oct/2014:05:12:46 -0500] "GET /BLA/resoluciones/AUTOS%202007/3673.pdf HTTP/1.1" 200 218340
66.249.64.163 - - [27/Oct/2014:05:13:03 -0500] "GET /BLA/resoluciones/AUTOS%202007/2467.pdf HTTP/1.1" 200 94058
180.76.5.76 - - [27/Oct/2014:05:13:07 -0500] "GET /Autoliquidacion/TR%C1MITES%20AGUAS%20SUPERFICIALES/Aplicativo%20Eval%202014.xlsx HTTP/1.1" 403 1006
201.245.230.153 - - [27/Oct/2014:05:13:08 -0500] "GET /isolucionsda/Login.aspx?TARGET=SFContainerFiltrado.aspx&number=51566855495366534552 HTTP/1.1" 302 886
201.245.230.153 - - [27/Oct/2014:05:13:09 -0500] "GET /isolucionsda/SFContainerFiltrado.aspx?Number=51566855495366534552 HTTP/1.1" 200 14314
201.245.230.153 - - [27/Oct/2014:05:13:09 -0500] "GET /isolucionsda/DetalleTareas.aspx?Number=51566855495366534552 HTTP/1.1" 200 5355
201.245.230.153 - - [27/Oct/2014:05:13:09 -0500] "GET /isolucionsda/auxlib.js HTTP/1.1" 404 5185
201.245.230.153 - - [27/Oct/2014:05:13:09 -0500] "GET /isolucionsda/infowndpublic.js HTTP/1.1" 404 5199
201.245.230.153 - - [27/Oct/2014:05:13:11 -0500] "GET /isolucionsda/IdentificaUsuario.asp?Pagina1=FrameSetGeneral.asp& HTTP/1.1" 302 173
201.245.230.153 - - [27/Oct/2014:05:13:11 -0500] "GET /isolucionsda/FrameSetGeneral.asp?Pagina1=FrameSetGeneral.asp& HTTP/1.1" 200 6613
201.245.230.153 - - [27/Oct/2014:05:13:11 -0500] "GET /isolucionsda/Encabezado.asp?Pagina1=FrameSetGeneral.asp&&Pagina=MagazinHome.asp HTTP/1.1" 200 15458
201.245.230.153 - - [27/Oct/2014:05:13:11 -0500] "GET /isolucionsda/BarraTitulos.asp?Pagina1=FrameSetGeneral.asp&&Pagina=MagazinHome.asp HTTP/1.1" 200 6972
201.245.230.153 - - [27/Oct/2014:05:13:11 -0500] "GET /isolucionsda/BarraFavoritos.asp HTTP/1.1" 200 911
201.245.230.153 - - [27/Oct/2014:05:13:11 -0500] "GET /isolucionsda/Session.asp?Continue=1 HTTP/1.1" 200 6324
201.245.230.153 - - [27/Oct/2014:05:13:11 -0500] "GET /isolucionsda/MagazinHome.asp HTTP/1.1" 200 25853
201.245.230.153 - - [27/Oct/2014:05:13:12 -0500] "GET /isolucionsda/TareasSFRedirect.asp HTTP/1.1" 302 195
201.245.230.153 - - [27/Oct/2014:05:13:12 -0500] "GET /isolucionsda/g/Bgr_Destacado3399CC.jpg HTTP/1.1" 404 5217
201.245.230.153 - - [27/Oct/2014:05:13:12 -0500] "GET /isolucionsda/Login.aspx?TARGET=SFContainerFiltrado.aspx&number=69546954535269544567 HTTP/1.1" 302 886
201.245.230.153 - - [27/Oct/2014:05:13:13 -0500] "GET /isolucionsda/SFContainerFiltrado.aspx?Number=69546954535269544567 HTTP/1.1" 200 14314
188.165.15.193 - - [27/Oct/2014:05:13:13 -0500] "GET /BLA/resoluciones/index.php?dir=RESOLUCIONES%202005/RES%202005%201201-1250/&sort=name&order=desc HTTP/1.1" 200 12368
201.245.230.153 - - [27/Oct/2014:05:13:13 -0500] "GET /isolucionsda/DetalleTareas.aspx?Number=69546954535269544567 HTTP/1.1" 200 5355
201.245.230.153 - - [27/Oct/2014:05:13:13 -0500] "GET /isolucionsda/infowndpublic.js HTTP/1.1" 404 5199
201.245.230.153 - - [27/Oct/2014:05:13:13 -0500] "GET /isolucionsda/infowndcore.js HTTP/1.1" 404 5195
201.245.230.153 - - [27/Oct/2014:05:13:13 -0500] "GET /isolucionsda/auxlib.js HTTP/1.1" 404 5185
201.245.230.153 - - [27/Oct/2014:05:13:18 -0500] "GET /isolucionsda/FrameSetGeneral.asp?Pagina=Menu.asp&IdModulo=5 HTTP/1.1" 200 6583
201.245.230.153 - - [27/Oct/2014:05:13:18 -0500] "GET /isolucionsda/Encabezado.asp?Pagina=Menu.asp&IdModulo=5 HTTP/1.1" 200 15389
201.245.230.153 - - [27/Oct/2014:05:13:18 -0500] "GET /isolucionsda/BarraTitulos.asp?Pagina=Menu.asp&IdModulo=5 HTTP/1.1" 200 6983
201.245.230.153 - - [27/Oct/2014:05:13:18 -0500] "GET /isolucionsda/Menu.asp?Pagina=Menu.asp&IdModulo=5 HTTP/1.1" 200 9343
201.245.230.153 - - [27/Oct/2014:05:13:18 -0500] "GET /isolucionsda/BarraFavoritos.asp HTTP/1.1" 200 911
201.245.230.153 - - [27/Oct/2014:05:13:19 -0500] "GET /isolucionsda/Session.asp?Continue=1 HTTP/1.1" 200 6324
66.249.64.171 - - [27/Oct/2014:05:13:20 -0500] "GET /BLA/resoluciones/RESOLUCIONES%202010/2671.pdf HTTP/1.1" 200 375710
201.245.230.153 - - [27/Oct/2014:05:13:20 -0500] "GET /isolucionsda/FrameSetGeneral.asp?Pagina=BSC/BSC/Jerarquico.aspx&TipoGrupo=Tablero&Visualizacion=1&Grafico=2&FechaInicial=&FechaFinal=&IdElemento=&number= HTTP/1.1" 200 6880
201.245.230.153 - - [27/Oct/2014:05:13:21 -0500] "GET /isolucionsda/Encabezado.asp?Pagina=BSC/BSC/Jerarquico.aspx&TipoGrupo=Tablero&Visualizacion=1&Grafico=2&FechaInicial=&FechaFinal=&IdElemento=&number= HTTP/1.1" 200 15364
201.245.230.153 - - [27/Oct/2014:05:13:21 -0500] "GET /isolucionsda/BarraTitulos.asp?Pagina=BSC/BSC/Jerarquico.aspx&TipoGrupo=Tablero&Visualizacion=1&Grafico=2&FechaInicial=&FechaFinal=&IdElemento=&number= HTTP/1.1" 200 6983
201.245.230.153 - - [27/Oct/2014:05:13:21 -0500] "GET /isolucionsda/BarraFavoritos.asp HTTP/1.1" 200 911
201.245.230.153 - - [27/Oct/2014:05:13:21 -0500] "GET /isolucionsda/Session.asp?Continue=1 HTTP/1.1" 200 6324
201.245.230.153 - - [27/Oct/2014:05:13:21 -0500] "GET /ISOlucionSDA/BSC/WebResource.axd?d=HzDy2E8l1RO1qMeYG2rLAQ2&t=633739669393582448 HTTP/1.1" 304 -
201.245.230.153 - - [27/Oct/2014:05:13:21 -0500] "GET /ISOlucionSDA/BSC/WebResource.axd?d=O4lGvr50U377dl1YXinC1xLcaoAUFOrHt7cBs5-GJ5O2MkQi_S1eGHBEb2Kbv4ui0&t=633051446740000000 HTTP/1.1" 304 -
201.245.230.153 - - [27/Oct/2014:05:13:21 -0500] "GET /ISOlucionSDA/BSC/WebResource.axd?d=O4lGvr50U377dl1YXinC1xLcaoAUFOrHt7cBs5-GJ5O1hrENbQqOI40UTD59U9nsX1pRnEFUIwWXh_hjp-9Hiw2&t=633051446740000000 HTTP/1.1" 304 -
201.245.230.153 - - [27/Oct/2014:05:13:21 -0500] "GET /ISOlucionSDA/BSC/WebResource.axd?d=UyrWNfSbeClvpKTx_sRfVQ2&t=633739669393582448 HTTP/1.1" 304 -
201.245.230.153 - - [27/Oct/2014:05:13:21 -0500] "GET /isolucionsda/BSC/BSC/Jerarquico.aspx?Pagina=BSC/BSC/Jerarquico.aspx&TipoGrupo=Tablero&Visualizacion=1&Grafico=2&FechaInicial=&FechaFinal=&IdElemento=&number= HTTP/1.1" 200 25815
201.245.230.153 - - [27/Oct/2014:05:13:21 -0500] "GET /ISOlucionSDA/BSC/WebResource.axd?d=lk3tjck3-QpmNyUDZzhT6g2&t=633739669393582448 HTTP/1.1" 304 -
201.245.230.153 - - [27/Oct/2014:05:13:21 -0500] "GET /ISOlucionSDA/BSC/WebResource.axd?d=mY39lcpCFjTv3mFedcLTk8hOsCn795VpWqkx0LSc_Wc1&t=633739669393582448 HTTP/1.1" 304 -
201.245.230.153 - - [27/Oct/2014:05:13:21 -0500] "GET /ISOlucionSDA/BSC/WebResource.axd?d=mY39lcpCFjTv3mFedcLTkyKInliSlC-M2AzwN4VTW6U1&t=633739669393582448 HTTP/1.1" 304 -
201.245.230.153 - - [27/Oct/2014:05:13:21 -0500] "GET /ISOlucionSDA/BSC/WebResource.axd?d=mY39lcpCFjTv3mFedcLTk3AY4tmk4AjF7hR3SfO1EBY1&t=633739669393582448 HTTP/1.1" 304 -
201.245.230.153 - - [27/Oct/2014:05:13:23 -0500] "POST /isolucionsda/BSC/BSC/Jerarquico.aspx?Pagina=BSC%2fBSC%2fJerarquico.aspx&TipoGrupo=Tablero&Visualizacion=1&Grafico=2&FechaInicial=&FechaFinal=&IdElemento=&number= HTTP/1.1" 302 292
201.245.230.153 - - [27/Oct/2014:05:13:23 -0500] "GET /isolucionsda/BSC/BSC/Jerarquico.aspx?number=&TipoGrupo=Proceso&Visualizacion=1&Grafico=2&FechaInicial=27/04/2014&FechaFinal=27/10/2014 HTTP/1.1" 200 25793
201.245.230.153 - - [27/Oct/2014:05:13:23 -0500] "GET /ISOlucionSDA/BSC/WebResource.axd?d=HzDy2E8l1RO1qMeYG2rLAQ2&t=633739669393582448 HTTP/1.1" 304 -
201.245.230.153 - - [27/Oct/2014:05:13:23 -0500] "GET /ISOlucionSDA/BSC/WebResource.axd?d=O4lGvr50U377dl1YXinC1xLcaoAUFOrHt7cBs5-GJ5O1hrENbQqOI40UTD59U9nsX1pRnEFUIwWXh_hjp-9Hiw2&t=633051446740000000 HTTP/1.1" 304 -
201.245.230.153 - - [27/Oct/2014:05:13:23 -0500] "GET /ISOlucionSDA/BSC/WebResource.axd?d=O4lGvr50U377dl1YXinC1xLcaoAUFOrHt7cBs5-GJ5O2MkQi_S1eGHBEb2Kbv4ui0&t=633051446740000000 HTTP/1.1" 304 -
201.245.230.153 - - [27/Oct/2014:05:13:23 -0500] "GET /ISOlucionSDA/BSC/WebResource.axd?d=UyrWNfSbeClvpKTx_sRfVQ2&t=633739669393582448 HTTP/1.1" 304 -
201.245.230.153 - - [27/Oct/2014:05:13:23 -0500] "GET /ISOlucionSDA/BSC/WebResource.axd?d=lk3tjck3-QpmNyUDZzhT6g2&t=633739669393582448 HTTP/1.1" 304 -
201.245.230.153 - - [27/Oct/2014:05:13:23 -0500] "GET /ISOlucionSDA/BSC/WebResource.axd?d=mY39lcpCFjTv3mFedcLTk8hOsCn795VpWqkx0LSc_Wc1&t=633739669393582448 HTTP/1.1" 304 -
201.245.230.153 - - [27/Oct/2014:05:13:23 -0500] "GET /ISOlucionSDA/BSC/WebResource.axd?d=mY39lcpCFjTv3mFedcLTkyKInliSlC-M2AzwN4VTW6U1&t=633739669393582448 HTTP/1.1" 304 -
201.245.230.153 - - [27/Oct/2014:05:13:23 -0500] "GET /ISOlucionSDA/BSC/WebResource.axd?d=mY39lcpCFjTv3mFedcLTk3AY4tmk4AjF7hR3SfO1EBY1&t=633739669393582448 HTTP/1.1" 304 -
201.245.230.153 - - [27/Oct/2014:05:13:26 -0500] "GET /isolucionsda/Jerarquia.asp?Tabla=Proceso&Form=Admon&CampoDisplay=TopMenuJerarquico1_txtObjetivoProceso&CampoHidden=TopMenuJerarquico1_hdIdObjeto&items=&IndicadoresAvanzados=si&Varios=si HTTP/1.1" 200 11518
201.245.230.153 - - [27/Oct/2014:05:13:26 -0500] "POST /isolucionsda/BSC/BSC/Jerarquico.aspx?number=&TipoGrupo=Proceso&Visualizacion=1&Grafico=2&FechaInicial=27%2f04%2f2014&FechaFinal=27%2f10%2f2014 HTTP/1.1" 200 25793
201.245.230.153 - - [27/Oct/2014:05:13:27 -0500] "GET /ISOlucionSDA/BSC/WebResource.axd?d=HzDy2E8l1RO1qMeYG2rLAQ2&t=633739669393582448 HTTP/1.1" 304 -
201.245.230.153 - - [27/Oct/2014:05:13:27 -0500] "GET /ISOlucionSDA/BSC/WebResource.axd?d=O4lGvr50U377dl1YXinC1xLcaoAUFOrHt7cBs5-GJ5O2MkQi_S1eGHBEb2Kbv4ui0&t=633051446740000000 HTTP/1.1" 304 -
201.245.230.153 - - [27/Oct/2014:05:13:27 -0500] "GET /ISOlucionSDA/BSC/WebResource.axd?d=UyrWNfSbeClvpKTx_sRfVQ2&t=633739669393582448 HTTP/1.1" 304 -
201.245.230.153 - - [27/Oct/2014:05:13:27 -0500] "GET /ISOlucionSDA/BSC/WebResource.axd?d=lk3tjck3-QpmNyUDZzhT6g2&t=633739669393582448 HTTP/1.1" 304 -
201.245.230.153 - - [27/Oct/2014:05:13:27 -0500] "GET /ISOlucionSDA/BSC/WebResource.axd?d=O4lGvr50U377dl1YXinC1xLcaoAUFOrHt7cBs5-GJ5O1hrENbQqOI40UTD59U9nsX1pRnEFUIwWXh_hjp-9Hiw2&t=633051446740000000 HTTP/1.1" 304 -
201.245.230.153 - - [27/Oct/2014:05:13:27 -0500] "GET /ISOlucionSDA/BSC/WebResource.axd?d=mY39lcpCFjTv3mFedcLTk8hOsCn795VpWqkx0LSc_Wc1&t=633739669393582448 HTTP/1.1" 304 -
201.245.230.153 - - [27/Oct/2014:05:13:27 -0500] "GET /ISOlucionSDA/BSC/WebResource.axd?d=mY39lcpCFjTv3mFedcLTkyKInliSlC-M2AzwN4VTW6U1&t=633739669393582448 HTTP/1.1" 304 -
201.245.230.153 - - [27/Oct/2014:05:13:27 -0500] "GET /ISOlucionSDA/BSC/WebResource.axd?d=mY39lcpCFjTv3mFedcLTk3AY4tmk4AjF7hR3SfO1EBY1&t=633739669393582448 HTTP/1.1" 304 -
201.245.230.153 - - [27/Oct/2014:05:13:33 -0500] "POST /isolucionsda/Jerarquia.asp HTTP/1.1" 200 11638
201.245.230.153 - - [27/Oct/2014:05:13:36 -0500] "POST /isolucionsda/BSC/BSC/Jerarquico.aspx?number=&TipoGrupo=Proceso&Visualizacion=1&Grafico=2&FechaInicial=27%2f04%2f2014&FechaFinal=27%2f10%2f2014 HTTP/1.1" 302 370
201.245.230.153 - - [27/Oct/2014:05:13:36 -0500] "GET /isolucionsda/BSC/BSC/Jerarquico.aspx?number=&TipoGrupo=Proceso&Visualizacion=1&Grafico=2&FechaInicial=27/04/2014&FechaFinal=27/10/2014&IdObjeto=9&NomObjeto=EVALUACION,%20CONTROL%20Y%20SEGUIMIENTO&Buscar=1 HTTP/1.1" 200 95429
201.245.230.153 - - [27/Oct/2014:05:13:36 -0500] "GET /ISOlucionSDA/BSC/WebResource.axd?d=O4lGvr50U377dl1YXinC1xLcaoAUFOrHt7cBs5-GJ5O2MkQi_S1eGHBEb2Kbv4ui0&t=633051446740000000 HTTP/1.1" 304 -
201.245.230.153 - - [27/Oct/2014:05:13:36 -0500] "GET /ISOlucionSDA/BSC/WebResource.axd?d=O4lGvr50U377dl1YXinC1xLcaoAUFOrHt7cBs5-GJ5O1hrENbQqOI40UTD59U9nsX1pRnEFUIwWXh_hjp-9Hiw2&t=633051446740000000 HTTP/1.1" 304 -
201.245.230.153 - - [27/Oct/2014:05:13:36 -0500] "GET /isolucionsda/BSC/imagenes/img_semaforoazul.jpg HTTP/1.1" 404 5250
66.249.64.171 - - [27/Oct/2014:05:13:37 -0500] "GET /BLA/resoluciones/RESOLUCIONES%202008/3908.pdf HTTP/1.1" 200 381188
201.245.230.153 - - [27/Oct/2014:05:13:42 -0500] "GET /isolucionsda/IndicadoresBase.asp?ind=294&FechaIni=20140427&FechaFin=20141027 HTTP/1.1" 200 23052
201.245.230.153 - - [27/Oct/2014:05:13:42 -0500] "GET /isolucionsda/Pics/Pics81774815951533AM.jpg HTTP/1.1" 200 21941
201.245.230.153 - - [27/Oct/2014:05:13:45 -0500] "GET /isolucionsda/FichaIndicador.aspx?Id=294 HTTP/1.1" 200 23730
66.249.64.163 - - [27/Oct/2014:05:13:54 -0500] "GET /BLA/resoluciones/RESOLUCIONES%202008/2365.pdf HTTP/1.1" 200 245133
180.76.5.71 - - [27/Oct/2014:05:14:07 -0500] "GET /BLA/resoluciones/AUTOS%202011/2031.pdf HTTP/1.1" 200 162195
66.249.64.171 - - [27/Oct/2014:05:14:12 -0500] "GET /BLA/resoluciones/RESOLUCIONES%202009/4707.pdf HTTP/1.1" 200 693159
212.24.171.242 - - [27/Oct/2014:05:14:28 -0500] "GET /BLA/resoluciones/RESOLUCIONES%202008/2907.pdf HTTP/1.1" 200 1599588
66.249.64.163 - - [27/Oct/2014:05:14:29 -0500] "GET /BLA/resoluciones/AUTOS%202007/1951.pdf HTTP/1.1" 200 109924
188.165.15.193 - - [27/Oct/2014:05:14:29 -0500] "GET /BLA/resoluciones/RESOLUCIONES%202004/RES%202004%20251-300/00000251.tif HTTP/1.1" 200 60018
212.24.171.242 - - [27/Oct/2014:05:14:39 -0500] "GET /favicon.ico HTTP/1.1" 200 7782
212.129.39.183 - - [27/Oct/2014:05:14:40 -0500] "GET /robots.txt HTTP/1.0" 404 1015
66.249.64.167 - - [27/Oct/2014:05:14:46 -0500] "GET /BLA/resoluciones/AUTOS%202007/1084.pdf HTTP/1.1" 200 26143
212.129.39.183 - - [27/Oct/2014:05:14:46 -0500] "GET /Liliana/index.php HTTP/1.0" 404 1015
212.129.39.183 - - [27/Oct/2014:05:14:55 -0500] "GET /Liliana/index.php?dir=&sort=date&order=asc HTTP/1.0" 404 1015
212.129.39.183 - - [27/Oct/2014:05:15:00 -0500] "GET /Liliana/index.php?dir=&sort=name&order=desc HTTP/1.0" 404 1015
74.86.158.107 - - [27/Oct/2014:05:15:03 -0500] "HEAD / HTTP/1.1" 302 -
66.249.64.163 - - [27/Oct/2014:05:15:03 -0500] "GET /BLA/resoluciones/AUTOS%202007/0486.pdf HTTP/1.1" 200 34455
180.76.5.75 - - [27/Oct/2014:05:15:07 -0500] "GET /BLA/resoluciones/AUTOS%202009/1393.pdf HTTP/1.1" 200 116024
212.129.39.183 - - [27/Oct/2014:05:15:11 -0500] "GET /Liliana/index.php?dir=&sort=size&order=asc HTTP/1.0" 404 1015
188.165.15.231 - - [27/Oct/2014:05:15:11 -0500] "GET /BLA/resoluciones/index.php?dir=RESOLUCIONES%202006/RES%202006%202101-2150/&sort=size&order=asc HTTP/1.1" 200 12369
200.118.224.216 - - [27/Oct/2014:05:15:11 -0500] "GET /BLA/boletinlegal/js/jquery.js HTTP/1.1" 200 57254
212.129.39.183 - - [27/Oct/2014:05:15:15 -0500] "GET /MANUALFUNC/?C=D;O=A HTTP/1.0" 404 1015
66.249.64.167 - - [27/Oct/2014:05:15:20 -0500] "GET /BLA/resoluciones/RESOLUCIONES%202009/0381.pdf HTTP/1.1" 200 229347
212.129.39.183 - - [27/Oct/2014:05:15:21 -0500] "GET /MANUALFUNC/?C=M;O=A HTTP/1.0" 404 1015
212.129.39.183 - - [27/Oct/2014:05:15:24 -0500] "GET /MANUALFUNC/?C=N;O=D HTTP/1.0" 404 1015
212.129.39.183 - - [27/Oct/2014:05:15:33 -0500] "GET /MANUALFUNC/?C=S;O=A HTTP/1.0" 404 1015
66.249.64.163 - - [27/Oct/2014:05:15:38 -0500] "GET /BLA/resoluciones/RESOLUCIONES%202009/2335.pdf HTTP/1.1" 200 767399
212.129.39.183 - - [27/Oct/2014:05:15:43 -0500] "GET /MANUALFUNC/Thumbs.db HTTP/1.0" 404 1015
212.129.39.183 - - [27/Oct/2014:05:15:49 -0500] "GET /REDAIRE/?C=D;O=A HTTP/1.0" 404 1015
66.249.64.171 - - [27/Oct/2014:05:15:50 -0500] "GET /BLA/resoluciones/RESOLUCIONES%202007/RES%202007%203101%20AL%203200/RESOLUCION%203162%20DE%202007.pdf HTTP/1.1" 200 62931
212.129.39.183 - - [27/Oct/2014:05:15:54 -0500] "GET /REDAIRE/?C=M;O=A HTTP/1.0" 404 1015
66.249.64.167 - - [27/Oct/2014:05:15:55 -0500] "GET /BLA/resoluciones/RESOLUCIONES%202010/0219.pdf HTTP/1.1" 200 597464
212.129.39.183 - - [27/Oct/2014:05:15:57 -0500] "GET /REDAIRE/?C=N;O=D HTTP/1.0" 404 1015
212.129.39.183 - - [27/Oct/2014:05:16:03 -0500] "GET /REDAIRE/?C=S;O=A HTTP/1.0" 404 1015
212.129.39.183 - - [27/Oct/2014:05:16:10 -0500] "GET /REDAIRE/Desktop.ini HTTP/1.0" 404 1015
66.249.64.167 - - [27/Oct/2014:05:16:12 -0500] "GET /BLA/resoluciones/RESOLUCIONES%202008/4271.pdf HTTP/1.1" 200 657744
188.165.15.165 - - [27/Oct/2014:05:16:14 -0500] "GET /manual_funciones_Listado/index.php?dir=2.5.%20Direcci%C3%83%C2%83%C3%82%C2%83%C3%83%C2%82%C3%82%C2%83%C3%83%C2%83%C3%82%C2%82%C3%83%C2%82%C3%82%C2%B3n%20de%20Gesti%C3%83%C2%83%C3%82%C2%83%C3%83%C2%82%C3%82%C2%83%C3%83%C2%83%C3%82%C2%82%C3%83%C2%82%C3%82%C2%B3n%20Corporativa/&sort=size&order=asc HTTP/1.1" 404 1018
212.129.39.183 - - [27/Oct/2014:05:16:17 -0500] "GET /Residuos/cosmeticos/cosmeticos.html HTTP/1.0" 404 1015
212.129.39.183 - - [27/Oct/2014:05:16:21 -0500] "GET /Residuos/curtiembres/curtiembres.html HTTP/1.0" 404 1015
212.129.39.183 - - [27/Oct/2014:05:16:28 -0500] "GET /Residuos/farmaceutica/farmaceutica.html HTTP/1.0" 404 1015
66.249.64.167 - - [27/Oct/2014:05:16:29 -0500] "GET /BLA/resoluciones/AUTOS%202007/0266.pdf HTTP/1.1" 200 504330
212.129.39.183 - - [27/Oct/2014:05:16:31 -0500] "GET /Residuos/impresion/impresion.html HTTP/1.0" 404 1015
212.129.39.183 - - [27/Oct/2014:05:16:38 -0500] "GET /Residuos/lavanderias/lavanderias.html HTTP/1.0" 404 1015
212.129.39.183 - - [27/Oct/2014:05:16:44 -0500] "GET /Residuos/maderas/maderas.html HTTP/1.0" 404 1015
201.245.192.253 - - [27/Oct/2014:05:12:45 -0500] "GET /ForestMSG_SDA/channelAsync/template_word_16759698?X-Atmosphere-tracking-id=80b472e0-b59c-77d7-e6ff-0e2e883eacaa&X-Atmosphere-Framework=1.0.5&X-Atmosphere-Transport=long-polling&tabid=0.5564406877674468&X-Cache-Date=0&Content-Type=application/xml&_=1414404902345 HTTP/1.1" 200 8193
66.249.64.163 - - [27/Oct/2014:05:16:46 -0500] "GET /BLA/resoluciones/RESOLUCIONES%202010/5215.pdf HTTP/1.1" 200 776429
212.129.39.183 - - [27/Oct/2014:05:16:59 -0500] "GET /Residuos/metalmecanica/metalmecanica.html HTTP/1.0" 404 1015
66.249.64.171 - - [27/Oct/2014:05:17:04 -0500] "GET /BLA/resoluciones/RESOLUCIONES%202008/2908.pdf HTTP/1.1" 200 297153
212.129.39.183 - - [27/Oct/2014:05:17:07 -0500] "GET /Residuos/pinturas/pinturas.html HTTP/1.0" 404 1015
212.129.39.183 - - [27/Oct/2014:05:17:11 -0500] "GET /Residuos/quimicos/quimicos.html HTTP/1.0" 404 1015
212.129.39.183 - - [27/Oct/2014:05:17:17 -0500] "GET /Residuos/textiles/textiles.html HTTP/1.0" 404 1015
66.249.64.171 - - [27/Oct/2014:05:17:21 -0500] "GET /BLA/resoluciones/RESOLUCIONES%202009/2956.pdf HTTP/1.1" 200 540747
212.129.39.183 - - [27/Oct/2014:05:17:25 -0500] "GET /Residuos/vehiculos/vehiculos.html HTTP/1.0" 404 1015
212.129.39.183 - - [27/Oct/2014:05:17:31 -0500] "GET /StormSDA/forms/1.js HTTP/1.0" 200 875
212.129.39.183 - - [27/Oct/2014:05:17:36 -0500] "GET /StormSDA/forms/10.js HTTP/1.0" 200 30365
66.249.64.163 - - [27/Oct/2014:05:17:37 -0500] "GET /BLA/resoluciones/RESOLUCIONES%202009/9033.pdf HTTP/1.1" 200 536019
66.249.64.163 - - [27/Oct/2014:05:17:39 -0500] "GET /BLA/resoluciones/RESOLUCIONES%202008/1812.pdf HTTP/1.1" 200 237946
66.249.64.163 - - [27/Oct/2014:05:17:42 -0500] "GET /BLA/resoluciones/RESOLUCIONES%202008/3377.pdf HTTP/1.1" 200 368714
212.129.39.183 - - [27/Oct/2014:05:17:44 -0500] "GET /StormSDA/forms/2.js HTTP/1.0" 200 19726
212.129.39.183 - - [27/Oct/2014:05:17:48 -0500] "GET /StormSDA/forms/3.js HTTP/1.0" 200 6381
190.232.36.93 - - [27/Oct/2014:05:17:53 -0500] "GET /BLA/boletinlegal/js/jquery.js HTTP/1.1" 200 57254
190.232.36.93 - - [27/Oct/2014:05:17:53 -0500] "GET /BLA/boletinlegal/js/jquery.scrollTo-min.js HTTP/1.1" 200 1150
190.232.36.93 - - [27/Oct/2014:05:17:53 -0500] "GET /BLA/boletinlegal/js/jquery.scrollShow.js HTTP/1.1" 200 4586
212.129.39.183 - - [27/Oct/2014:05:17:54 -0500] "GET /StormSDA/forms/4.js HTTP/1.0" 200 1679
66.249.64.163 - - [27/Oct/2014:05:17:55 -0500] "GET /BLA/resoluciones/RESOLUCIONES%202010/2539.pdf HTTP/1.1" 200 499793
212.129.39.183 - - [27/Oct/2014:05:18:01 -0500] "GET /StormSDA/forms/5.js HTTP/1.0" 200 72417
212.129.39.183 - - [27/Oct/2014:05:18:09 -0500] "GET /StormSDA/forms/6.js HTTP/1.0" 200 6407
66.249.64.171 - - [27/Oct/2014:05:18:13 -0500] "GET /BLA/resoluciones/AUTOS%202007/2215.pdf HTTP/1.1" 200 85140
212.129.39.183 - - [27/Oct/2014:05:18:15 -0500] "GET /StormSDA/forms/7.js HTTP/1.0" 200 875
212.129.39.183 - - [27/Oct/2014:05:18:21 -0500] "GET /StormSDA/forms/8.js HTTP/1.0" 200 875
212.129.39.183 - - [27/Oct/2014:05:18:28 -0500] "GET /StormSDA/forms/99.js HTTP/1.0" 200 875
66.249.64.171 - - [27/Oct/2014:05:18:30 -0500] "GET /BLA/resoluciones/RESOLUCIONES%202007/RES%202007%202701%20AL%202800/RESOLUCION%202739%20DE%202007.pdf HTTP/1.1" 200 576772
212.129.39.183 - - [27/Oct/2014:05:18:34 -0500] "GET /StormSDA/forms/?C=D;O=A HTTP/1.0" 200 3471
212.129.39.183 - - [27/Oct/2014:05:18:38 -0500] "GET /StormSDA/forms/?C=M;O=A HTTP/1.0" 200 3471
212.129.39.183 - - [27/Oct/2014:05:18:42 -0500] "GET /StormSDA/forms/?C=N;O=D HTTP/1.0" 200 3471
212.129.39.183 - - [27/Oct/2014:05:18:46 -0500] "GET /StormSDA/forms/?C=S;O=A HTTP/1.0" 200 3471
66.249.64.167 - - [27/Oct/2014:05:18:47 -0500] "GET /BLA/resoluciones/RESOLUCIONES%202008/5147.pdf HTTP/1.1" 200 4764567
212.129.39.183 - - [27/Oct/2014:05:18:53 -0500] "GET /re/Cuento/cuadro12/?C=S;O=A HTTP/1.0" 404 1015
212.129.39.183 - - [27/Oct/2014:05:18:58 -0500] "GET /re/Cuento/cuadro13/?C=D;O=A HTTP/1.0" 404 1015
212.129.39.183 - - [27/Oct/2014:05:19:04 -0500] "GET /re/Cuento/cuadro13/?C=M;O=A HTTP/1.0" 404 1015
66.249.64.163 - - [27/Oct/2014:05:19:04 -0500] "GET /BLA/resoluciones/AUTOS%202007/1752.pdf HTTP/1.1" 200 33237
212.129.39.183 - - [27/Oct/2014:05:19:11 -0500] "GET /re/Cuento/cuadro13/?C=N;O=D HTTP/1.0" 404 1015
212.129.39.183 - - [27/Oct/2014:05:19:15 -0500] "GET /re/Cuento/cuadro13/?C=S;O=A HTTP/1.0" 404 1015
212.129.39.183 - - [27/Oct/2014:05:19:21 -0500] "GET /re/Cuento/cuadro13/cuadro13%20link.htm HTTP/1.0" 404 1015
66.249.64.167 - - [27/Oct/2014:05:19:21 -0500] "GET /BLA/resoluciones/AUTOS%202007/1819.pdf HTTP/1.1" 200 31784
212.129.39.183 - - [27/Oct/2014:05:19:24 -0500] "GET /re/Cuento/cuadro14/?C=D;O=A HTTP/1.0" 404 1015
188.165.15.192 - - [27/Oct/2014:05:19:25 -0500] "GET /BLA/resoluciones/RESOLUCIONES%202004/RES%202004%202351-2401/00002365.tif HTTP/1.1" 200 118704
212.129.39.183 - - [27/Oct/2014:05:19:30 -0500] "GET /re/Cuento/cuadro14/?C=M;O=A HTTP/1.0" 404 1015
180.76.5.196 - - [27/Oct/2014:05:19:32 -0500] "GET /BLA/resoluciones/AUTOS%202010/1368.pdf HTTP/1.1" 200 301170
66.249.64.167 - - [27/Oct/2014:05:19:34 -0500] "GET /BLA/resoluciones/RESOLUCIONES%202008/3928.pdf HTTP/1.1" 200 519829
212.129.39.183 - - [27/Oct/2014:05:19:38 -0500] "GET /re/Cuento/cuadro14/?C=N;O=D HTTP/1.0" 404 1015
66.249.64.171 - - [27/Oct/2014:05:19:39 -0500] "GET /BLA/resoluciones/RESOLUCIONES%202010/2011.pdf HTTP/1.1" 200 339778
212.129.39.183 - - [27/Oct/2014:05:19:44 -0500] "GET /re/Cuento/cuadro14/?C=S;O=A HTTP/1.0" 404 1015
201.245.192.253 - - [27/Oct/2014:05:16:44 -0500] "GET /ForestMSG_SDA/channelAsync/template_word_16759698?X-Atmosphere-tracking-id=80b472e0-b59c-77d7-e6ff-0e2e883eacaa&X-Atmosphere-Framework=1.0.5&X-Atmosphere-Transport=long-polling&tabid=0.5564406877674468&X-Cache-Date=0&Content-Type=application/xml&_=1414405082592 HTTP/1.1" 200 8193
212.129.39.183 - - [27/Oct/2014:05:19:50 -0500] "GET /re/Cuento/cuadro14/cuadro14%20link.htm HTTP/1.0" 404 1015
212.129.39.183 - - [27/Oct/2014:05:19:56 -0500] "GET /re/Cuento/cuadro15/?C=D;O=A HTTP/1.0" 404 1015
66.249.64.171 - - [27/Oct/2014:05:19:56 -0500] "GET /BLA/resoluciones/RESOLUCIONES%202010/2978.pdf HTTP/1.1" 200 141786
212.129.39.183 - - [27/Oct/2014:05:19:58 -0500] "GET /re/Cuento/imagenes%20comunes/?C=N;O=D HTTP/1.0" 404 1015
212.129.39.183 - - [27/Oct/2014:05:20:02 -0500] "GET /re/Cuento/imagenes%20comunes/?C=S;O=A HTTP/1.0" 404 1015
74.86.158.107 - - [27/Oct/2014:05:20:03 -0500] "HEAD / HTTP/1.1" 302 -
188.165.15.231 - - [27/Oct/2014:05:20:06 -0500] "GET /BLA/resoluciones/RESOLUCIONES%202004/RES%202004%20651-700/00000669.tif HTTP/1.1" 200 118372
212.129.39.183 - - [27/Oct/2014:05:20:11 -0500] "GET /re/Entrada/imagen%20botones/?C=D;O=A HTTP/1.0" 404 1015
66.249.64.163 - - [27/Oct/2014:05:20:13 -0500] "GET /BLA/resoluciones/RESOLUCIONES%202009/8073.pdf HTTP/1.1" 200 483835
212.129.39.183 - - [27/Oct/2014:05:20:15 -0500] "GET /re/Entrada/imagen%20botones/?C=M;O=A HTTP/1.0" 404 1015
212.129.39.183 - - [27/Oct/2014:05:20:23 -0500] "GET /re/Entrada/imagen%20botones/?C=N;O=D HTTP/1.0" 404 1015
212.129.39.183 - - [27/Oct/2014:05:20:28 -0500] "GET /re/Entrada/imagen%20botones/?C=S;O=A HTTP/1.0" 404 1015
66.249.64.171 - - [27/Oct/2014:05:20:30 -0500] "GET /BLA/resoluciones/AUTOS%202007/2826.pdf HTTP/1.1" 200 288879
212.129.39.183 - - [27/Oct/2014:05:20:32 -0500] "GET /re/Talleres/imagen%20entrada%20talleres/?C=D;O=A HTTP/1.0" 404 1015
212.129.39.183 - - [27/Oct/2014:05:20:36 -0500] "GET /re/Talleres/imagen%20entrada%20talleres/?C=M;O=A HTTP/1.0" 404 1015
212.129.39.183 - - [27/Oct/2014:05:20:42 -0500] "GET /re/Talleres/imagen%20entrada%20talleres/?C=N;O=D HTTP/1.0" 404 1015
212.129.39.183 - - [27/Oct/2014:05:20:44 -0500] "GET /re/Talleres/imagen%20entrada%20talleres/?C=S;O=A HTTP/1.0" 404 1015
66.249.64.163 - - [27/Oct/2014:05:20:47 -0500] "GET /BLA/resoluciones/RESOLUCIONES%202009/4532.pdf HTTP/1.1" 200 109068
212.129.39.183 - - [27/Oct/2014:05:20:49 -0500] "GET /re1/Que%20es/Marco%20pedagocico/educacion%20ambiental/educacion%20ambiental%20link.htm HTTP/1.0" 404 1015
212.129.39.183 - - [27/Oct/2014:05:20:56 -0500] "GET /re1/Resumen/?C=D;O=D HTTP/1.0" 404 1015
212.129.39.183 - - [27/Oct/2014:05:21:00 -0500] "GET /re1/Resumen/?C=M;O=D HTTP/1.0" 404 1015
66.249.64.163 - - [27/Oct/2014:05:21:05 -0500] "GET /BLA/resoluciones/RESOLUCIONES%202008/5612.pdf HTTP/1.1" 200 256020
66.249.64.43 - - [27/Oct/2014:05:21:15 -0500] "GET /re/Cuento/cuadro10/cuadro%2010%20cantera.jpg HTTP/1.1" 404 1019
66.249.64.163 - - [27/Oct/2014:05:21:22 -0500] "GET /BLA/resoluciones/AUTOS%202007/1865.pdf HTTP/1.1" 200 90195
66.249.64.171 - - [27/Oct/2014:05:21:28 -0500] "GET /BLA/resoluciones/RESOLUCIONES%202011/1816.pdf HTTP/1.1" 200 518068
180.76.6.141 - - [27/Oct/2014:05:21:32 -0500] "GET /BLA/resoluciones/AUTOS%202009/0876.pdf HTTP/1.1" 200 76002
66.249.64.171 - - [27/Oct/2014:05:21:39 -0500] "GET /BLA/resoluciones/RESOLUCIONES%202009/4270.pdf HTTP/1.1" 200 511947
66.249.64.171 - - [27/Oct/2014:05:21:56 -0500] "GET /BLA/resoluciones/RESOLUCIONES%202010/2386.pdf HTTP/1.1" 200 437592
66.249.64.171 - - [27/Oct/2014:05:22:13 -0500] "GET /BLA/resoluciones/AUTOS%202007/3333.pdf HTTP/1.1" 200 81077
66.249.64.167 - - [27/Oct/2014:05:22:31 -0500] "GET /BLA/resoluciones/RESOLUCIONES%202010/0420.pdf HTTP/1.1" 200 500701
180.76.5.94 - - [27/Oct/2014:05:22:32 -0500] "GET /BLA/resoluciones/index.php?dir=RESOLUCIONES+2005%2FANEXO+RES+2643-2005%2F HTTP/1.1" 200 2446
201.245.192.253 - - [27/Oct/2014:05:19:44 -0500] "GET /ForestMSG_SDA/channelAsync/template_word_16759698?X-Atmosphere-tracking-id=80b472e0-b59c-77d7-e6ff-0e2e883eacaa&X-Atmosphere-Framework=1.0.5&X-Atmosphere-Transport=long-polling&tabid=0.5564406877674468&X-Cache-Date=0&Content-Type=application/xml&_=1414405321455 HTTP/1.1" 200 8193
66.249.64.171 - - [27/Oct/2014:05:22:48 -0500] "GET /BLA/resoluciones/AUTOS%202007/3351.pdf HTTP/1.1" 200 188323
66.249.64.171 - - [27/Oct/2014:05:23:05 -0500] "GET /BLA/resoluciones/RESOLUCIONES%202010/2254.pdf HTTP/1.1" 200 485617
66.249.64.167 - - [27/Oct/2014:05:23:18 -0500] "GET /BLA/resoluciones/RESOLUCIONES%202010/5868.pdf HTTP/1.1" 200 213556
66.249.64.167 - - [27/Oct/2014:05:23:22 -0500] "GET /BLA/resoluciones/AUTOS%202007/0482.pdf HTTP/1.1" 200 32114
180.76.6.213 - - [27/Oct/2014:05:23:32 -0500] "GET /BLA/resoluciones/AUTOS%202009/0490.pdf HTTP/1.1" 200 129449
66.249.64.167 - - [27/Oct/2014:05:23:40 -0500] "GET /BLA/resoluciones/AUTOS%202006/AUTOS%202006%202601%20-%202700/INDEX.DAT HTTP/1.1" 200 4000
188.165.15.192 - - [27/Oct/2014:05:23:44 -0500] "GET /BLA/resoluciones/index.php?dir=RESOLUCIONES%202006/RES%202006%20351-400/&sort=date&order=asc HTTP/1.1" 200 12234
66.249.64.167 - - [27/Oct/2014:05:23:57 -0500] "GET /BLA/resoluciones/RESOLUCIONES%202010/2013.pdf HTTP/1.1" 200 337868
66.249.64.167 - - [27/Oct/2014:05:24:14 -0500] "GET /BLA/resoluciones/AUTOS%202007/2357.pdf HTTP/1.1" 200 252620
66.249.64.163 - - [27/Oct/2014:05:24:31 -0500] "GET /BLA/resoluciones/Notificaciones/AUTOS%202014/2120.doc HTTP/1.1" 200 258560
180.76.5.25 - - [27/Oct/2014:05:24:32 -0500] "GET /BLA/resoluciones/AUTOS%202009/0051.pdf HTTP/1.1" 200 66765
66.249.64.171 - - [27/Oct/2014:05:24:47 -0500] "GET /BLA/resoluciones/RESOLUCIONES%202004/RES%202004%201551-1600/00001567.tif HTTP/1.1" 200 396406
66.249.64.167 - - [27/Oct/2014:05:24:48 -0500] "GET /BLA/resoluciones/RESOLUCIONES%202008/5104.pdf HTTP/1.1" 200 462919
74.86.158.107 - - [27/Oct/2014:05:25:03 -0500] "HEAD / HTTP/1.1" 302 -
66.249.64.171 - - [27/Oct/2014:05:25:06 -0500] "GET /BLA/resoluciones/RESOLUCIONES%202010/3220.pdf HTTP/1.1" 200 517469
66.249.64.163 - - [27/Oct/2014:05:25:11 -0500] "GET /BLA/resoluciones/RESOLUCIONES%202009/1085.pdf HTTP/1.1" 200 278787
66.249.64.163 - - [27/Oct/2014:05:25:23 -0500] "GET /BLA/resoluciones/RESOLUCIONES%202008/4144.pdf HTTP/1.1" 200 202688
180.76.6.150 - - [27/Oct/2014:05:25:32 -0500] "GET /BLA/resoluciones/AUTOS%202009/2937.pdf HTTP/1.1" 200 1353894
66.249.64.171 - - [27/Oct/2014:05:25:40 -0500] "GET /BLA/resoluciones/AUTOS%202007/0155.pdf HTTP/1.1" 200 223546
201.245.192.253 - - [27/Oct/2014:05:22:44 -0500] "GET /ForestMSG_SDA/channelAsync/template_word_16759698?X-Atmosphere-tracking-id=80b472e0-b59c-77d7-e6ff-0e2e883eacaa&X-Atmosphere-Framework=1.0.5&X-Atmosphere-Transport=long-polling&tabid=0.5564406877674468&X-Cache-Date=0&Content-Type=application/xml&_=1414405501483 HTTP/1.1" 200 8193
190.156.107.214 - - [27/Oct/2014:05:25:51 -0500] "GET /BLA/resoluciones/RESOLUCIONES%202009/5325.pdf HTTP/1.1" 200 252523
66.249.64.171 - - [27/Oct/2014:05:25:57 -0500] "GET /BLA/resoluciones/RESOLUCIONES%202008/5180.pdf HTTP/1.1" 200 107804
66.249.64.171 - - [27/Oct/2014:05:26:14 -0500] "GET /BLA/resoluciones/RESOLUCIONES%202008/2610.pdf HTTP/1.1" 200 215516
188.165.15.78 - - [27/Oct/2014:05:26:25 -0500] "GET /BLA/resoluciones/RESOLUCIONES%202002/RES%202002%201801-1850/20021848.tif HTTP/1.1" 200 35782
66.249.64.171 - - [27/Oct/2014:05:26:32 -0500] "GET /BLA/resoluciones/AUTOS%202007/3305.pdf HTTP/1.1" 200 73971
180.76.5.166 - - [27/Oct/2014:05:26:32 -0500] "GET /BLA/resoluciones/AUTOS%202011/4332.pdf HTTP/1.1" 200 246121
66.249.64.163 - - [27/Oct/2014:05:26:49 -0500] "GET /BLA/resoluciones/RESOLUCIONES%202010/5960.pdf HTTP/1.1" 200 74235
66.249.64.163 - - [27/Oct/2014:05:27:03 -0500] "GET /BLA/circulares/5-2011.pdf HTTP/1.1" 200 431796
66.249.64.167 - - [27/Oct/2014:05:27:06 -0500] "GET /BLA/resoluciones/AUTOS%202009/0662.pdf HTTP/1.1" 200 70555
190.66.17.195 - - [27/Oct/2014:05:27:11 -0500] "GET /BLA/boletinlegal/js/jquery.js HTTP/1.1" 304 -
190.66.17.195 - - [27/Oct/2014:05:27:11 -0500] "GET /BLA/boletinlegal/js/jquery.scrollTo-min.js HTTP/1.1" 304 -
190.66.17.195 - - [27/Oct/2014:05:27:11 -0500] "GET /BLA/boletinlegal/js/jquery.scrollShow.js HTTP/1.1" 304 -
66.249.64.163 - - [27/Oct/2014:05:27:23 -0500] "GET /BLA/resoluciones/AUTOS%202010/0471.pdf HTTP/1.1" 200 168621
66.249.64.167 - - [27/Oct/2014:05:27:29 -0500] "GET /arcgis/services/Calidad_del_Agua_WQI/MapServer HTTP/1.1" 405 1110
180.76.6.44 - - [27/Oct/2014:05:27:32 -0500] "GET /BLA/resoluciones/AUTOS%202009/3009.pdf HTTP/1.1" 200 185607
66.249.64.163 - - [27/Oct/2014:05:27:40 -0500] "GET /BLA/resoluciones/AUTOS%202007/1177.pdf HTTP/1.1" 200 87672
66.249.64.163 - - [27/Oct/2014:05:27:58 -0500] "GET /BLA/resoluciones/RESOLUCIONES%202009/0727.pdf HTTP/1.1" 200 188738
66.249.64.171 - - [27/Oct/2014:05:27:59 -0500] "GET /BLA/resoluciones/RESOLUCIONES%202002/RES%202002%201501-1550/20021520.tif HTTP/1.1" 200 108992
66.249.64.167 - - [27/Oct/2014:05:28:09 -0500] "GET /BLA/resoluciones/RESOLUCIONES%202010/0939.pdf HTTP/1.1" 200 113374
66.249.64.167 - - [27/Oct/2014:05:28:15 -0500] "GET /BLA/resoluciones/AUTOS%202007/1323.pdf HTTP/1.1" 200 33647
180.76.5.76 - - [27/Oct/2014:05:28:32 -0500] "GET /BLA/resoluciones/AUTOS%202009/1215.pdf HTTP/1.1" 200 119473
66.249.64.171 - - [27/Oct/2014:05:28:32 -0500] "GET /BLA/resoluciones/AUTOS%202007/1257.pdf HTTP/1.1" 200 96359
201.245.192.253 - - [27/Oct/2014:05:25:44 -0500] "GET /ForestMSG_SDA/channelAsync/template_word_16759698?X-Atmosphere-tracking-id=80b472e0-b59c-77d7-e6ff-0e2e883eacaa&X-Atmosphere-Framework=1.0.5&X-Atmosphere-Transport=long-polling&tabid=0.5564406877674468&X-Cache-Date=0&Content-Type=application/xml&_=1414405681567 HTTP/1.1" 200 8193
66.249.64.163 - - [27/Oct/2014:05:28:49 -0500] "GET /BLA/resoluciones/RESOLUCIONES%202009/9433.pdf HTTP/1.1" 200 481396
66.249.64.163 - - [27/Oct/2014:05:28:55 -0500] "GET /BLA/resoluciones/RESOLUCIONES%202010/4516.pdf HTTP/1.1" 200 332095
188.165.15.19 - - [27/Oct/2014:05:29:05 -0500] "GET /BLA/resoluciones/index.php?dir=RESOLUCIONES%202006/RES%202006%20401-450/&sort=size&order=desc HTTP/1.1" 200 12244
66.249.64.167 - - [27/Oct/2014:05:29:07 -0500] "GET /BLA/resoluciones/RESOLUCIONES%202008/0182.pdf HTTP/1.1" 200 452467
66.249.64.167 - - [27/Oct/2014:05:29:24 -0500] "GET /BLA/resoluciones/RESOLUCIONES%202009/7733.pdf HTTP/1.1" 200 564226
66.249.64.163 - - [27/Oct/2014:05:29:41 -0500] "GET /BLA/resoluciones/AUTOS%202007/3345.pdf HTTP/1.1" 200 104180
181.110.214.161 - - [27/Oct/2014:05:29:47 -0500] "GET /BLA/boletinlegal/js/jquery.js HTTP/1.1" 200 57254
181.110.214.161 - - [27/Oct/2014:05:29:47 -0500] "GET /BLA/boletinlegal/js/jquery.scrollTo-min.js HTTP/1.1" 200 1150
181.110.214.161 - - [27/Oct/2014:05:29:47 -0500] "GET /BLA/boletinlegal/js/jquery.scrollShow.js HTTP/1.1" 200 4586
201.245.230.153 - - [27/Oct/2014:05:29:50 -0500] "GET /isolucionsda/FrameSetGeneral.asp?Pagina=MagazinHome.asp HTTP/1.1" 200 6578
201.245.230.153 - - [27/Oct/2014:05:29:50 -0500] "GET /isolucionsda/Encabezado.asp?Pagina=MagazinHome.asp HTTP/1.1" 200 15458
201.245.230.153 - - [27/Oct/2014:05:29:50 -0500] "GET /isolucionsda/BarraFavoritos.asp HTTP/1.1" 200 911
201.245.230.153 - - [27/Oct/2014:05:29:50 -0500] "GET /isolucionsda/BarraTitulos.asp?Pagina=MagazinHome.asp HTTP/1.1" 200 6972
201.245.230.153 - - [27/Oct/2014:05:29:51 -0500] "GET /isolucionsda/Session.asp?Continue=1 HTTP/1.1" 200 6324
201.245.230.153 - - [27/Oct/2014:05:29:50 -0500] "GET /isolucionsda/MagazinHome.asp?Pagina=MagazinHome.asp HTTP/1.1" 200 25853
201.245.230.153 - - [27/Oct/2014:05:29:51 -0500] "GET /isolucionsda/TareasSFRedirect.asp HTTP/1.1" 302 195
201.245.230.153 - - [27/Oct/2014:05:29:51 -0500] "GET /isolucionsda/g/Bgr_Destacado3399CC.jpg HTTP/1.1" 404 5217
201.245.230.153 - - [27/Oct/2014:05:29:51 -0500] "GET /isolucionsda/Login.aspx?TARGET=SFContainerFiltrado.aspx&number=70556848555451704552 HTTP/1.1" 302 886
201.245.230.153 - - [27/Oct/2014:05:29:52 -0500] "GET /isolucionsda/SFContainerFiltrado.aspx?Number=70556848555451704552 HTTP/1.1" 200 14314
201.245.230.153 - - [27/Oct/2014:05:29:52 -0500] "GET /isolucionsda/DetalleTareas.aspx?Number=70556848555451704552 HTTP/1.1" 200 5355
201.245.230.153 - - [27/Oct/2014:05:29:53 -0500] "GET /isolucionsda/auxlib.js HTTP/1.1" 404 5185
201.245.230.153 - - [27/Oct/2014:05:29:53 -0500] "GET /isolucionsda/infowndcore.js HTTP/1.1" 404 5195
201.245.230.153 - - [27/Oct/2014:05:29:53 -0500] "GET /isolucionsda/infowndpublic.js HTTP/1.1" 404 5199
66.249.64.171 - - [27/Oct/2014:05:29:58 -0500] "GET /BLA/resoluciones/AUTOS%202007/0144.pdf HTTP/1.1" 200 217425
74.86.158.107 - - [27/Oct/2014:05:30:03 -0500] "HEAD / HTTP/1.1" 302 -
201.245.230.153 - - [27/Oct/2014:05:30:07 -0500] "GET /isolucionsda/Magazin.asp?Sigla=PNC HTTP/1.1" 200 40762
208.115.111.75 - - [27/Oct/2014:05:30:14 -0500] "GET /re/Talleres/papel/imagenes%20papel/fotos%20papel/ HTTP/1.1" 404 1019
188.138.1.229 - - [27/Oct/2014:05:30:15 -0500] "GET /googlehostedservice.html HTTP/1.1" 404 1015
66.249.64.163 - - [27/Oct/2014:05:30:15 -0500] "GET /BLA/resoluciones/AUTOS%202007/3123.pdf HTTP/1.1" 200 141539
208.115.111.75 - - [27/Oct/2014:05:30:17 -0500] "GET /re/Talleres/plastico/imagenes%20plastico/?C=N;O=A HTTP/1.1" 404 1019
201.245.230.153 - - [27/Oct/2014:05:30:20 -0500] "GET /isolucionsda/FramesetArticulo.asp?Pagina=bancoconocimiento%2FI%2FINFORMEPNCJUNIO2014%2DECS%2FINFORMEPNCJUNIO2014%2DECS%2Easp&IdArticulo=7729&Codigo=&Fecha=&Version=&Procedimiento=&cliente= HTTP/1.1" 200 7365
201.245.230.153 - - [27/Oct/2014:05:30:20 -0500] "GET /isolucionsda/Arriba.asp?Pagina=bancoconocimiento%2FI%2FINFORMEPNCJUNIO2014%2DECS%2FINFORMEPNCJUNIO2014%2DECS%2Easp&IdArticulo=7729&Codigo=&Fecha=&Version=&Procedimiento=&cliente= HTTP/1.1" 200 9925
201.245.230.153 - - [27/Oct/2014:05:30:20 -0500] "GET /isolucionsda/bancoconocimiento/I/INFORMEPNCJUNIO2014-ECS/INFORMEPNCJUNIO2014-ECS.asp?IdArticulo=7729 HTTP/1.1" 302 146
201.245.230.153 - - [27/Oct/2014:05:30:20 -0500] "GET /isolucionsda/bancoconocimiento/I/INFORMEPNCJUNIO2014-ECS/junio%202014ie1146310.xls HTTP/1.1" 200 469504
180.76.5.21 - - [27/Oct/2014:05:30:32 -0500] "GET /BLA/resoluciones/AUTOS%202009/1103.pdf HTTP/1.1" 200 68489
66.249.64.171 - - [27/Oct/2014:05:30:33 -0500] "GET /BLA/resoluciones/RESOLUCIONES%202010/0694.pdf HTTP/1.1" 200 104802
66.249.64.163 - - [27/Oct/2014:05:30:47 -0500] "GET /BLA/resoluciones/RESOLUCIONES%202008/3101.pdf HTTP/1.1" 200 376964
66.249.64.171 - - [27/Oct/2014:05:30:50 -0500] "GET /BLA/resoluciones/RESOLUCIONES%202009/6984.pdf HTTP/1.1" 200 52912
37.130.227.133 - - [27/Oct/2014:05:31:01 -0500] "GET /googlehostedservice.html HTTP/1.1" 404 1019
201.245.192.253 - - [27/Oct/2014:05:31:03 -0500] "GET /galeria/nivo-slider/demo/images/banner-redes.jpg HTTP/1.1" 304 -
66.249.64.167 - - [27/Oct/2014:05:31:07 -0500] "GET /BLA/resoluciones/AUTOS%202010/1466.pdf HTTP/1.1" 200 276497
66.249.64.163 - - [27/Oct/2014:05:31:24 -0500] "GET /BLA/resoluciones/RESOLUCIONES%202010/5027.pdf HTTP/1.1" 200 814618
66.249.64.171 - - [27/Oct/2014:05:31:41 -0500] "GET /BLA/resoluciones/AUTOS%202007/1198.pdf HTTP/1.1" 200 100529
201.245.192.253 - - [27/Oct/2014:05:28:44 -0500] "GET /ForestMSG_SDA/channelAsync/template_word_16759698?X-Atmosphere-tracking-id=80b472e0-b59c-77d7-e6ff-0e2e883eacaa&X-Atmosphere-Framework=1.0.5&X-Atmosphere-Transport=long-polling&tabid=0.5564406877674468&X-Cache-Date=0&Content-Type=application/xml&_=1414405861601 HTTP/1.1" 200 8193
66.249.64.167 - - [27/Oct/2014:05:31:59 -0500] "GET /BLA/resoluciones/AUTOS%202007/3529.pdf HTTP/1.1" 200 308598
66.249.64.171 - - [27/Oct/2014:05:32:01 -0500] "GET /BLA/resoluciones/AUTOS%202007/0974.pdf HTTP/1.1" 200 184480
66.249.64.171 - - [27/Oct/2014:05:32:16 -0500] "GET /BLA/resoluciones/AUTOS%202009/0738.pdf HTTP/1.1" 200 154387
66.249.64.163 - - [27/Oct/2014:05:32:33 -0500] "GET /BLA/resoluciones/AUTOS%202007/0812.pdf HTTP/1.1" 200 61823
66.249.64.167 - - [27/Oct/2014:05:32:38 -0500] "GET /BLA/resoluciones/RESOLUCIONES%202010/0473.pdf HTTP/1.1" 200 114394
66.249.64.167 - - [27/Oct/2014:05:32:50 -0500] "GET /BLA/resoluciones/AUTOS%202008/3042.pdf HTTP/1.1" 200 71460
181.130.204.118 - - [27/Oct/2014:05:32:52 -0500] "GET /galeria/nivo-slider/demo/demo.html HTTP/1.1" 304 -
181.130.204.118 - - [27/Oct/2014:05:32:59 -0500] "GET /galeria/nivo-slider/demo/images/banner-conejera1.jpg HTTP/1.1" 304 -
66.249.64.163 - - [27/Oct/2014:05:33:07 -0500] "GET /BLA/resoluciones/AUTOS%202007/1613.pdf HTTP/1.1" 200 31303
66.249.64.171 - - [27/Oct/2014:05:33:25 -0500] "GET /BLA/resoluciones/AUTOS%202007/0020.pdf HTTP/1.1" 200 253441
66.249.64.163 - - [27/Oct/2014:05:33:42 -0500] "GET /BLA/resoluciones/AUTOS%202007/2796.pdf HTTP/1.1" 200 74103
188.165.15.196 - - [27/Oct/2014:05:33:51 -0500] "GET /BLA/resoluciones/RESOLUCIONES%202006/RES%202006%202651-2700/00002654.tif HTTP/1.1" 200 116734
201.245.230.153 - - [27/Oct/2014:05:33:53 -0500] "GET /isolucionsda/Magazin.asp?Sigla=PNC HTTP/1.1" 200 40762
66.249.64.171 - - [27/Oct/2014:05:33:59 -0500] "GET /BLA/resoluciones/RESOLUCIONES%202009/5856.pdf HTTP/1.1" 200 49970
201.245.230.153 - - [27/Oct/2014:05:34:13 -0500] "GET /isolucionsda/FramesetArticulo.asp?Pagina=bancoconocimiento%2FI%2FINFORMEPNCAGOSTO2014%2DECS%2FINFORMEPNCAGOSTO2014%2DECS%2Easp&IdArticulo=7896&Codigo=&Fecha=&Version=&Procedimiento=&cliente= HTTP/1.1" 200 7373
201.245.230.153 - - [27/Oct/2014:05:34:14 -0500] "GET /isolucionsda/Arriba.asp?Pagina=bancoconocimiento%2FI%2FINFORMEPNCAGOSTO2014%2DECS%2FINFORMEPNCAGOSTO2014%2DECS%2Easp&IdArticulo=7896&Codigo=&Fecha=&Version=&Procedimiento=&cliente= HTTP/1.1" 200 9927
201.245.230.153 - - [27/Oct/2014:05:34:14 -0500] "GET /isolucionsda/bancoconocimiento/I/INFORMEPNCAGOSTO2014-ECS/INFORMEPNCAGOSTO2014-ECS.asp?IdArticulo=7896 HTTP/1.1" 302 147
66.249.64.163 - - [27/Oct/2014:05:34:16 -0500] "GET /BLA/resoluciones/AUTOS%202007/3265.pdf HTTP/1.1" 200 189281
201.245.230.153 - - [27/Oct/2014:05:34:14 -0500] "GET /isolucionsda/bancoconocimiento/I/INFORMEPNCAGOSTO2014-ECS/agosto%202014ie1532000.xls HTTP/1.1" 200 475648
66.249.64.167 - - [27/Oct/2014:05:34:31 -0500] "GET /BLA/resoluciones/AUTOS%202012/0966.pdf HTTP/1.1" 304 -
66.249.64.163 - - [27/Oct/2014:05:34:34 -0500] "GET /BLA/resoluciones/RESOLUCIONES%202008/1982.pdf HTTP/1.1" 200 609709
201.245.192.253 - - [27/Oct/2014:05:31:44 -0500] "GET /ForestMSG_SDA/channelAsync/template_word_16759698?X-Atmosphere-tracking-id=80b472e0-b59c-77d7-e6ff-0e2e883eacaa&X-Atmosphere-Framework=1.0.5&X-Atmosphere-Transport=long-polling&tabid=0.5564406877674468&X-Cache-Date=0&Content-Type=application/xml&_=1414406041639 HTTP/1.1" 200 8193
74.86.158.107 - - [27/Oct/2014:05:35:03 -0500] "HEAD / HTTP/1.1" 302 -
66.249.64.163 - - [27/Oct/2014:05:35:08 -0500] "GET /BLA/resoluciones/AUTOS%202007/2275.pdf HTTP/1.1" 200 98622
201.245.230.153 - - [27/Oct/2014:05:35:09 -0500] "GET /isolucionsda/FramesetArticulo.asp?Pagina=bancoconocimiento%2FI%2FINFORMEPNCSEPTIEMBRE2014%2DECS%2FINFORMEPNCSEPTIEMBRE2014%2DECS%2Easp&IdArticulo=7905&Codigo=&Fecha=&Version=&Procedimiento=&cliente= HTTP/1.1" 200 7405
201.245.230.153 - - [27/Oct/2014:05:35:09 -0500] "GET /isolucionsda/Arriba.asp?Pagina=bancoconocimiento%2FI%2FINFORMEPNCSEPTIEMBRE2014%2DECS%2FINFORMEPNCSEPTIEMBRE2014%2DECS%2Easp&IdArticulo=7905&Codigo=&Fecha=&Version=&Procedimiento=&cliente= HTTP/1.1" 200 9935
201.245.230.153 - - [27/Oct/2014:05:35:09 -0500] "GET /isolucionsda/bancoconocimiento/I/INFORMEPNCSEPTIEMBRE2014-ECS/INFORMEPNCSEPTIEMBRE2014-ECS.asp?IdArticulo=7905 HTTP/1.1" 302 151
201.245.230.153 - - [27/Oct/2014:05:35:09 -0500] "GET /isolucionsda/bancoconocimiento/I/INFORMEPNCSEPTIEMBRE2014-ECS/septiembre%202014ie1665250.xls HTTP/1.1" 200 473088
66.249.64.167 - - [27/Oct/2014:05:35:25 -0500] "GET /BLA/resoluciones/RESOLUCIONES%202008/3817.pdf HTTP/1.1" 200 732975
180.76.5.64 - - [27/Oct/2014:05:35:41 -0500] "GET /Autoliquidacion/index.php?dir=Solicitudes%20relacionadas%20con%20calidad%20del%20aire%20auditiva%20y%20visual/Acompa%F1amiento%20para%20muestreo%20isocin%E9tico%20y%20o%20determinaciones%20de%20emisiones%20a%20fuentes%20fijas/&sort=size&order=asc HTTP/1.1" 200 5703
66.249.64.59 - - [27/Oct/2014:05:35:42 -0500] "GET /BLA/resoluciones/AUTOS%202007/2206.pdf HTTP/1.1" 200 79049
66.249.64.55 - - [27/Oct/2014:05:36:00 -0500] "GET /BLA/resoluciones/RESOLUCIONES%202008/3623.pdf HTTP/1.1" 200 166404
66.249.64.59 - - [27/Oct/2014:05:36:17 -0500] "GET /BLA/resoluciones/AUTOS%202007/1692.pdf HTTP/1.1" 200 171783
66.249.64.59 - - [27/Oct/2014:05:36:23 -0500] "GET /BLA/resoluciones/RESOLUCIONES%202009/2321.pdf HTTP/1.1" 200 543868
66.249.64.59 - - [27/Oct/2014:05:36:34 -0500] "GET /BLA/resoluciones/RESOLUCIONES%202011/5447.pdf HTTP/1.1" 200 574250
180.76.6.58 - - [27/Oct/2014:05:36:41 -0500] "GET /BLA/resoluciones/AUTOS%202009/1244.pdf HTTP/1.1" 200 100866
66.249.64.163 - - [27/Oct/2014:05:36:51 -0500] "GET /BLA/resoluciones/AUTOS%202007/2406.pdf HTTP/1.1" 200 68652
186.86.212.250 - - [27/Oct/2014:05:36:55 -0500] "GET /galeria/carrusel/Carrusel/jquery.thumbnailScroller.css HTTP/1.1" 200 2066
186.86.212.250 - - [27/Oct/2014:05:36:55 -0500] "GET /galeria/carrusel/Carrusel/jquery-ui-1.8.13.custom.min.js HTTP/1.1" 200 10800
186.86.212.250 - - [27/Oct/2014:05:36:55 -0500] "GET /galeria/carrusel/Carrusel/jquery.thumbnailScroller.js HTTP/1.1" 200 8157
186.86.212.250 - - [27/Oct/2014:05:36:55 -0500] "GET /galeria/nivo-slider/demo/demo.html HTTP/1.1" 200 3636
186.86.212.250 - - [27/Oct/2014:05:36:55 -0500] "GET /galeria/nivo-slider/themes/default/default.css HTTP/1.1" 200 1569
186.86.212.250 - - [27/Oct/2014:05:36:55 -0500] "GET /galeria/nivo-slider/themes/pascal/pascal.css HTTP/1.1" 200 2258
186.86.212.250 - - [27/Oct/2014:05:36:55 -0500] "GET /galeria/nivo-slider/themes/orman/orman.css HTTP/1.1" 200 2152
186.86.212.250 - - [27/Oct/2014:05:36:55 -0500] "GET /galeria/nivo-slider/nivo-slider.css HTTP/1.1" 200 1507
186.86.212.250 - - [27/Oct/2014:05:36:55 -0500] "GET /galeria/nivo-slider/demo/style.css HTTP/1.1" 200 2222
186.86.212.250 - - [27/Oct/2014:05:36:55 -0500] "GET /galeria/nivo-slider/demo/images/banner-conejera1.jpg HTTP/1.1" 200 136228
186.86.212.250 - - [27/Oct/2014:05:36:55 -0500] "GET /galeria/nivo-slider/demo/images/banner-aceite3.jpg HTTP/1.1" 200 88347
186.86.212.250 - - [27/Oct/2014:05:36:55 -0500] "GET /galeria/nivo-slider/jquery.nivo.slider.pack.js HTTP/1.1" 200 11561
186.86.212.250 - - [27/Oct/2014:05:36:55 -0500] "GET /galeria/nivo-slider/demo/scripts/jquery-1.7.1.min.js HTTP/1.1" 200 93868
186.86.212.250 - - [27/Oct/2014:05:36:55 -0500] "GET /galeria/nivo-slider/demo/images/EncuentroAgua1.jpg HTTP/1.1" 200 274179
186.86.212.250 - - [27/Oct/2014:05:36:55 -0500] "GET /galeria/nivo-slider/demo/images/mesTIC.jpg HTTP/1.1" 200 180719
186.86.212.250 - - [27/Oct/2014:05:36:56 -0500] "GET /galeria/nivo-slider/demo/images/Tingua-azul.jpg HTTP/1.1" 200 307638
186.86.212.250 - - [27/Oct/2014:05:36:56 -0500] "GET /galeria/nivo-slider/demo/images/Banner-Caracol-Africano.jpg HTTP/1.1" 200 331986
186.86.212.250 - - [27/Oct/2014:05:36:57 -0500] "GET /galeria/nivo-slider/demo/images/9Signos.jpg HTTP/1.1" 200 93040
186.86.212.250 - - [27/Oct/2014:05:36:57 -0500] "GET /galeria/nivo-slider/demo/images/banner-redes.jpg HTTP/1.1" 200 62209
186.86.212.250 - - [27/Oct/2014:05:36:58 -0500] "GET /galeria/nivo-slider/demo/images/banner-encuesta.jpg HTTP/1.1" 200 42764
186.86.212.250 - - [27/Oct/2014:05:36:58 -0500] "GET /galeria/nivo-slider/demo/images/banner-llantas2.jpg HTTP/1.1" 200 73153
186.86.212.250 - - [27/Oct/2014:05:36:58 -0500] "GET /galeria/nivo-slider/demo/images/banner-caballos.png HTTP/1.1" 200 389106
186.86.212.250 - - [27/Oct/2014:05:36:58 -0500] "GET /galeria/nivo-slider/demo/images/Hacienda_Molinos.jpg HTTP/1.1" 200 319171
186.86.212.250 - - [27/Oct/2014:05:36:58 -0500] "GET /galeria/nivo-slider/demo/images/bannerEcolecta3.jpg HTTP/1.1" 200 280034
186.86.212.250 - - [27/Oct/2014:05:36:58 -0500] "GET /galeria/nivo-slider/demo/images/4Simple_Slider.png HTTP/1.1" 200 11722
