66.249.64.167 - - [27/Oct/2014:04:01:09 -0500] "GET /BLA/resoluciones/RESOLUCIONES%202013/0241.pdf HTTP/1.1" 304 -
66.249.64.171 - - [27/Oct/2014:04:01:18 -0500] "GET /BLA/resoluciones/AUTOS%202007/1874.pdf HTTP/1.1" 200 82076
66.249.64.163 - - [27/Oct/2014:04:01:35 -0500] "GET /BLA/resoluciones/RESOLUCIONES%202002/RES%202002%201551-1600/20021571.tif HTTP/1.1" 200 115114
66.249.64.171 - - [27/Oct/2014:04:01:35 -0500] "GET /BLA/resoluciones/AUTOS%202007/1070.pdf HTTP/1.1" 200 28615
66.249.64.171 - - [27/Oct/2014:04:01:43 -0500] "-" 408 -
66.249.64.167 - - [27/Oct/2014:04:01:52 -0500] "GET /BLA/resoluciones/AUTOS%202007/0999.pdf HTTP/1.1" 200 102323
180.76.6.16 - - [27/Oct/2014:04:01:54 -0500] "GET /BLA/resoluciones/AUTOS%202009/0401.pdf HTTP/1.1" 200 67928
188.165.15.193 - - [27/Oct/2014:04:02:08 -0500] "GET /BLA/resoluciones/RESOLUCIONES%202006/RES%202006%201051-1100/00001089.tif HTTP/1.1" 200 220370
66.249.64.167 - - [27/Oct/2014:04:02:10 -0500] "GET /BLA/resoluciones/RESOLUCIONES%202011/1427.pdf HTTP/1.1" 200 64967
66.249.64.171 - - [27/Oct/2014:04:02:14 -0500] "GET /BLA/resoluciones/RESOLUCIONES%202003/RES%202003%201601-1650/20031638.tif HTTP/1.1" 200 152880
66.249.64.171 - - [27/Oct/2014:04:02:27 -0500] "GET /BLA/resoluciones/AUTOS%202007/1823.pdf HTTP/1.1" 200 28936
66.249.64.163 - - [27/Oct/2014:04:02:44 -0500] "GET /BLA/resoluciones/RESOLUCIONES%202008/1149.pdf HTTP/1.1" 200 237850
66.249.64.163 - - [27/Oct/2014:04:03:01 -0500] "GET /BLA/resoluciones/RESOLUCIONES%202008/5735.pdf HTTP/1.1" 200 627672
66.249.64.167 - - [27/Oct/2014:04:03:02 -0500] "GET /BLA/resoluciones/RESOLUCIONES%202008/0417.pdf HTTP/1.1" 200 301922
201.245.192.253 - - [27/Oct/2014:04:00:11 -0500] "GET /ForestMSG_SDA/channelAsync/template_word_16759698?X-Atmosphere-tracking-id=80b472e0-b59c-77d7-e6ff-0e2e883eacaa&X-Atmosphere-Framework=1.0.5&X-Atmosphere-Transport=long-polling&tabid=0.5564406877674468&X-Cache-Date=0&Content-Type=application/xml&_=1414400549098 HTTP/1.1" 200 8193
66.249.64.163 - - [27/Oct/2014:04:03:18 -0500] "GET /BLA/resoluciones/RESOLUCIONES%202009/2201.pdf HTTP/1.1" 200 644328
66.249.64.167 - - [27/Oct/2014:04:03:36 -0500] "GET /BLA/resoluciones/RESOLUCIONES%202008/2990.pdf HTTP/1.1" 200 334291
66.249.64.163 - - [27/Oct/2014:04:03:53 -0500] "GET /BLA/resoluciones/RESOLUCIONES%202008/4732.pdf HTTP/1.1" 200 337280
66.249.64.163 - - [27/Oct/2014:04:04:10 -0500] "GET /BLA/resoluciones/AUTOS%202010/0053.pdf HTTP/1.1" 200 164688
66.249.64.171 - - [27/Oct/2014:04:04:27 -0500] "GET /BLA/resoluciones/AUTOS%202007/0030.pdf HTTP/1.1" 200 118863
66.249.64.171 - - [27/Oct/2014:04:04:44 -0500] "GET /BLA/resoluciones/AUTOS%202007/1438.pdf HTTP/1.1" 200 27376
180.76.6.52 - - [27/Oct/2014:04:04:50 -0500] "GET /BLA/resoluciones/AUTOS%202011/3840.pdf HTTP/1.1" 200 332486
66.249.64.163 - - [27/Oct/2014:04:04:54 -0500] "GET /BLA/resoluciones/AUTOS%202013/1102.pdf HTTP/1.1" 200 3492169
66.249.64.163 - - [27/Oct/2014:04:05:02 -0500] "GET /BLA/resoluciones/RESOLUCIONES%202009/3532.pdf HTTP/1.1" 200 666108
74.86.158.107 - - [27/Oct/2014:04:05:03 -0500] "HEAD / HTTP/1.1" 302 -
66.249.64.167 - - [27/Oct/2014:04:05:19 -0500] "GET /BLA/resoluciones/AUTOS%202007/1124.pdf HTTP/1.1" 200 30618
66.249.64.163 - - [27/Oct/2014:04:05:36 -0500] "GET /BLA/resoluciones/AUTOS%202012/0002.pdf HTTP/1.1" 200 153233
180.76.5.194 - - [27/Oct/2014:04:05:50 -0500] "GET /BLA/resoluciones/AUTOS%202009/1193.pdf HTTP/1.1" 200 123703
66.249.64.171 - - [27/Oct/2014:04:05:53 -0500] "GET /BLA/resoluciones/AUTOS%202007/1020.pdf HTTP/1.1" 200 118999
188.165.15.78 - - [27/Oct/2014:04:05:58 -0500] "GET /BLA/resoluciones/RESOLUCIONES%202003/RES%202003%201351-1400/20031357.tif HTTP/1.1" 200 88454
66.249.64.163 - - [27/Oct/2014:04:06:11 -0500] "GET /BLA/resoluciones/AUTOS%202007/0069.pdf HTTP/1.1" 200 46663
201.245.192.253 - - [27/Oct/2014:04:03:12 -0500] "GET /ForestMSG_SDA/channelAsync/template_word_16759698?X-Atmosphere-tracking-id=80b472e0-b59c-77d7-e6ff-0e2e883eacaa&X-Atmosphere-Framework=1.0.5&X-Atmosphere-Transport=long-polling&tabid=0.5564406877674468&X-Cache-Date=0&Content-Type=application/xml&_=1414400729084 HTTP/1.1" 200 8193
157.55.39.38 - - [27/Oct/2014:04:06:19 -0500] "GET /formasII/af.pdf HTTP/1.1" 404 1019
157.55.39.54 - - [27/Oct/2014:04:06:24 -0500] "GET /htdocs/emsproxy.php HTTP/1.1" 404 1019
66.249.64.171 - - [27/Oct/2014:04:06:28 -0500] "GET /BLA/resoluciones/RESOLUCIONES%202009/9241.pdf HTTP/1.1" 200 518528
66.249.64.167 - - [27/Oct/2014:04:06:45 -0500] "GET /BLA/resoluciones/RESOLUCIONES%202009/7296.pdf HTTP/1.1" 200 248489
66.249.64.163 - - [27/Oct/2014:04:06:46 -0500] "GET /BLA/resoluciones/RESOLUCIONES%202007/RES%202007%204101%20AL%204200/RESOLUCION%204167%20DE%202007.pdf HTTP/1.1" 200 664204
180.76.5.148 - - [27/Oct/2014:04:06:50 -0500] "GET /BLA/resoluciones/AUTOS%202009/3426.pdf HTTP/1.1" 200 97394
66.249.64.167 - - [27/Oct/2014:04:07:02 -0500] "GET /BLA/resoluciones/RESOLUCIONES%202008/4797.pdf HTTP/1.1" 200 581399
100.43.85.25 - - [27/Oct/2014:04:07:02 -0500] "GET /counter/?C=M;O=A HTTP/1.1" 404 1019
66.249.64.163 - - [27/Oct/2014:04:07:19 -0500] "GET /BLA/resoluciones/AUTOS%202007/1462.pdf HTTP/1.1" 200 27319
85.25.108.174 - - [27/Oct/2014:04:07:21 -0500] "HEAD /BLA/boletinlegal/actas/acta%20de%20acuerdo%2002%20adop%20regla%20inter%20mesa%20salud%20ambie.pdf HTTP/1.1" 200 -
66.249.64.171 - - [27/Oct/2014:04:07:37 -0500] "GET /BLA/resoluciones/RESOLUCIONES%202008/1427.pdf HTTP/1.1" 200 296127
66.249.64.167 - - [27/Oct/2014:04:07:54 -0500] "GET /BLA/resoluciones/RESOLUCIONES%202009/2915.pdf HTTP/1.1" 200 317605
66.249.64.171 - - [27/Oct/2014:04:08:11 -0500] "GET /BLA/resoluciones/AUTOS%202011/3352.pdf HTTP/1.1" 200 244639
201.245.192.253 - - [27/Oct/2014:04:06:12 -0500] "GET /ForestMSG_SDA/channelAsync/template_word_16759698?X-Atmosphere-tracking-id=80b472e0-b59c-77d7-e6ff-0e2e883eacaa&X-Atmosphere-Framework=1.0.5&X-Atmosphere-Transport=long-polling&tabid=0.5564406877674468&X-Cache-Date=0&Content-Type=application/xml&_=1414400909171 HTTP/1.1" 200 8193
201.245.230.153 - - [27/Oct/2014:04:09:25 -0500] "GET /isolucionsda/FrameSetGeneral.asp?Pagina=Menu.asp&IdModulo=5 HTTP/1.1" 200 146
201.245.230.153 - - [27/Oct/2014:04:09:31 -0500] "GET /isolucionsda/g/Bot_CalibracionOver_ESP.jpg HTTP/1.1" 200 5739
201.245.230.153 - - [27/Oct/2014:04:09:31 -0500] "GET /isolucionsda/FrameSetGeneral.asp?Pagina=Menu.asp&IdModulo=5 HTTP/1.1" 200 146
201.245.230.153 - - [27/Oct/2014:04:09:36 -0500] "GET /isolucionsda/g/Bot_CalibracionOver_ESP.jpg HTTP/1.1" 200 5739
201.245.230.153 - - [27/Oct/2014:04:09:37 -0500] "GET /isolucionsda/FrameSetGeneral.asp?Pagina=Menu.asp&IdModulo=5 HTTP/1.1" 200 146
46.105.180.195 - - [27/Oct/2014:04:09:46 -0500] "GET /auntentica.txt HTTP/1.1" 404 1153
208.115.111.75 - - [27/Oct/2014:04:09:47 -0500] "GET /robots.txt HTTP/1.1" 404 1019
201.245.230.153 - - [27/Oct/2014:04:09:47 -0500] "GET /isolucionsda/FrameSetGeneral.asp?Pagina=Menu.asp&IdModulo=5 HTTP/1.1" 200 146
201.245.230.153 - - [27/Oct/2014:04:09:52 -0500] "GET /isolucionsda/ HTTP/1.1" 200 739
201.245.230.153 - - [27/Oct/2014:04:09:55 -0500] "GET /isolucionsda/IdentificaUsuario.asp?Pagina1=FrameSetGeneral.asp& HTTP/1.1" 200 4997
66.249.64.163 - - [27/Oct/2014:04:09:59 -0500] "GET /BLA/resoluciones/RESOLUCIONES%202009/8562.pdf HTTP/1.1" 304 -
201.245.230.153 - - [27/Oct/2014:04:10:00 -0500] "POST /isolucionsda/IdentificaUsuario.asp?Pagina1=FrameSetGeneral.asp& HTTP/1.1" 200 5026
74.86.158.107 - - [27/Oct/2014:04:10:03 -0500] "HEAD / HTTP/1.1" 302 -
201.245.230.153 - - [27/Oct/2014:04:10:05 -0500] "POST /isolucionsda/IdentificaUsuario.asp?Pagina1=FrameSetGeneral.asp& HTTP/1.1" 302 173
201.245.230.153 - - [27/Oct/2014:04:10:05 -0500] "GET /isolucionsda/FrameSetGeneral.asp?Pagina1=FrameSetGeneral.asp& HTTP/1.1" 200 6613
201.245.230.153 - - [27/Oct/2014:04:10:05 -0500] "GET /isolucionsda/BarraFavoritos.asp HTTP/1.1" 200 911
201.245.230.153 - - [27/Oct/2014:04:10:05 -0500] "GET /isolucionsda/MagazinHome.asp HTTP/1.1" 200 25853
201.245.230.153 - - [27/Oct/2014:04:10:05 -0500] "GET /isolucionsda/Encabezado.asp?Pagina1=FrameSetGeneral.asp&&Pagina=MagazinHome.asp HTTP/1.1" 200 15388
201.245.230.153 - - [27/Oct/2014:04:10:05 -0500] "GET /isolucionsda/BarraTitulos.asp?Pagina1=FrameSetGeneral.asp&&Pagina=MagazinHome.asp HTTP/1.1" 200 6972
201.245.230.153 - - [27/Oct/2014:04:10:06 -0500] "GET /isolucionsda/g/Bgr_Destacado3399CC.jpg HTTP/1.1" 404 5217
201.245.230.153 - - [27/Oct/2014:04:10:06 -0500] "GET /isolucionsda/TareasSFRedirect.asp HTTP/1.1" 302 195
201.245.230.153 - - [27/Oct/2014:04:10:06 -0500] "GET /isolucionsda/Session.asp?Continue=1 HTTP/1.1" 200 6324
201.245.230.153 - - [27/Oct/2014:04:10:06 -0500] "GET /isolucionsda/Login.aspx?TARGET=SFContainerFiltrado.aspx&number=70495650665154704552 HTTP/1.1" 302 886
201.245.230.153 - - [27/Oct/2014:04:10:11 -0500] "GET /isolucionsda/SFContainerFiltrado.aspx?Number=70495650665154704552 HTTP/1.1" 200 14314
66.249.64.163 - - [27/Oct/2014:04:10:11 -0500] "GET /BLA/resoluciones/RESOLUCIONES%202007/RES%202007%20501%20AL%20600/RESOLUCION%200589%20DE%202007.pdf HTTP/1.1" 200 851877
201.245.230.153 - - [27/Oct/2014:04:10:11 -0500] "GET /isolucionsda/DetalleTareas.aspx?Number=70495650665154704552 HTTP/1.1" 200 5355
201.245.230.153 - - [27/Oct/2014:04:10:12 -0500] "GET /isolucionsda/auxlib.js HTTP/1.1" 404 5185
201.245.230.153 - - [27/Oct/2014:04:10:12 -0500] "GET /isolucionsda/infowndpublic.js HTTP/1.1" 404 5199
201.245.230.153 - - [27/Oct/2014:04:10:12 -0500] "GET /isolucionsda/infowndcore.js HTTP/1.1" 404 5195
201.245.230.153 - - [27/Oct/2014:04:10:13 -0500] "GET /isolucionsda/FrameSetGeneral.asp?Pagina=Menu.asp&IdModulo=4 HTTP/1.1" 200 6583
201.245.230.153 - - [27/Oct/2014:04:10:13 -0500] "GET /isolucionsda/Encabezado.asp?Pagina=Menu.asp&IdModulo=4 HTTP/1.1" 200 15389
201.245.230.153 - - [27/Oct/2014:04:10:13 -0500] "GET /isolucionsda/BarraTitulos.asp?Pagina=Menu.asp&IdModulo=4 HTTP/1.1" 200 6985
201.245.230.153 - - [27/Oct/2014:04:10:13 -0500] "GET /isolucionsda/Menu.asp?Pagina=Menu.asp&IdModulo=4 HTTP/1.1" 200 9682
201.245.230.153 - - [27/Oct/2014:04:10:13 -0500] "GET /isolucionsda/BarraFavoritos.asp HTTP/1.1" 200 911
201.245.230.153 - - [27/Oct/2014:04:10:13 -0500] "GET /isolucionsda/Session.asp?Continue=1 HTTP/1.1" 200 6324
201.245.230.153 - - [27/Oct/2014:04:10:16 -0500] "GET /isolucionsda/FrameSetGeneral.asp?Pagina=Menu.asp&IdModulo=5 HTTP/1.1" 200 6583
201.245.230.153 - - [27/Oct/2014:04:10:17 -0500] "GET /isolucionsda/Encabezado.asp?Pagina=Menu.asp&IdModulo=5 HTTP/1.1" 200 15364
201.245.230.153 - - [27/Oct/2014:04:10:17 -0500] "GET /isolucionsda/BarraTitulos.asp?Pagina=Menu.asp&IdModulo=5 HTTP/1.1" 200 6983
201.245.230.153 - - [27/Oct/2014:04:10:17 -0500] "GET /isolucionsda/BarraFavoritos.asp HTTP/1.1" 200 911
201.245.230.153 - - [27/Oct/2014:04:10:17 -0500] "GET /isolucionsda/Menu.asp?Pagina=Menu.asp&IdModulo=5 HTTP/1.1" 200 9343
201.245.230.153 - - [27/Oct/2014:04:10:17 -0500] "GET /isolucionsda/Session.asp?Continue=1 HTTP/1.1" 200 6324
201.245.230.153 - - [27/Oct/2014:04:10:17 -0500] "GET /isolucionsda/g/MenuIcono/ico_ind.jpg HTTP/1.1" 200 1543
201.245.230.153 - - [27/Oct/2014:04:10:19 -0500] "GET /isolucionsda/FrameSetGeneral.asp?Pagina=BSC/BSC/Jerarquico.aspx&TipoGrupo=Tablero&Visualizacion=1&Grafico=2&FechaInicial=&FechaFinal=&IdElemento=&number= HTTP/1.1" 200 6880
201.245.230.153 - - [27/Oct/2014:04:10:19 -0500] "GET /isolucionsda/Encabezado.asp?Pagina=BSC/BSC/Jerarquico.aspx&TipoGrupo=Tablero&Visualizacion=1&Grafico=2&FechaInicial=&FechaFinal=&IdElemento=&number= HTTP/1.1" 200 15364
201.245.230.153 - - [27/Oct/2014:04:10:19 -0500] "GET /isolucionsda/BarraFavoritos.asp HTTP/1.1" 200 911
201.245.230.153 - - [27/Oct/2014:04:10:19 -0500] "GET /isolucionsda/BarraTitulos.asp?Pagina=BSC/BSC/Jerarquico.aspx&TipoGrupo=Tablero&Visualizacion=1&Grafico=2&FechaInicial=&FechaFinal=&IdElemento=&number= HTTP/1.1" 200 6983
201.245.230.153 - - [27/Oct/2014:04:10:19 -0500] "GET /isolucionsda/Session.asp?Continue=1 HTTP/1.1" 200 6324
66.249.64.167 - - [27/Oct/2014:04:10:24 -0500] "GET /BLA/resoluciones/RESOLUCIONES%202010/6599.pdf HTTP/1.1" 200 556513
66.249.64.171 - - [27/Oct/2014:04:10:34 -0500] "GET /BLA/resoluciones/RESOLUCIONES%202007/RES%202007%201101%20AL%201200/RESOLUCION%201186%20DE%202007.pdf HTTP/1.1" 200 316434
201.245.230.153 - - [27/Oct/2014:04:10:35 -0500] "GET /ISOlucionSDA/BSC/WebResource.axd?d=O4lGvr50U377dl1YXinC1xLcaoAUFOrHt7cBs5-GJ5O2MkQi_S1eGHBEb2Kbv4ui0&t=633051446740000000 HTTP/1.1" 200 3978
201.245.230.153 - - [27/Oct/2014:04:10:35 -0500] "GET /ISOlucionSDA/BSC/WebResource.axd?d=UyrWNfSbeClvpKTx_sRfVQ2&t=633739669393582448 HTTP/1.1" 200 9348
201.245.230.153 - - [27/Oct/2014:04:10:35 -0500] "GET /ISOlucionSDA/BSC/WebResource.axd?d=HzDy2E8l1RO1qMeYG2rLAQ2&t=633739669393582448 HTTP/1.1" 200 20794
201.245.230.153 - - [27/Oct/2014:04:10:19 -0500] "GET /isolucionsda/BSC/BSC/Jerarquico.aspx?Pagina=BSC/BSC/Jerarquico.aspx&TipoGrupo=Tablero&Visualizacion=1&Grafico=2&FechaInicial=&FechaFinal=&IdElemento=&number= HTTP/1.1" 200 25815
201.245.230.153 - - [27/Oct/2014:04:10:35 -0500] "GET /isolucionsda/BSC/css/StyleSheet.css HTTP/1.1" 200 23686
201.245.230.153 - - [27/Oct/2014:04:10:35 -0500] "GET /isolucionsda/BSC/imagenes/TableroOn.JPG HTTP/1.1" 200 1554
201.245.230.153 - - [27/Oct/2014:04:10:35 -0500] "GET /isolucionsda/BSC/imagenes/ProcesoOff.JPG HTTP/1.1" 200 1647
201.245.230.153 - - [27/Oct/2014:04:10:35 -0500] "GET /isolucionsda/BSC/imagenes/FamiliaOff.JPG HTTP/1.1" 200 1593
201.245.230.153 - - [27/Oct/2014:04:10:36 -0500] "GET /isolucionsda/BSC/imagenes/ObjetivoOff.JPG HTTP/1.1" 200 1660
201.245.230.153 - - [27/Oct/2014:04:10:36 -0500] "GET /isolucionsda/BSC/imagenes/AreaOff.JPG HTTP/1.1" 200 1496
201.245.230.153 - - [27/Oct/2014:04:10:36 -0500] "GET /isolucionsda/BSC/imagenes/img_esquinaAzul01.jpg HTTP/1.1" 200 390
201.245.230.153 - - [27/Oct/2014:04:10:36 -0500] "GET /isolucionsda/BSC/imagenes/img_esquinaAzul03.jpg HTTP/1.1" 200 397
201.245.230.153 - - [27/Oct/2014:04:10:36 -0500] "GET /isolucionsda/BSC/imagenes/img_barraDivisora.jpg HTTP/1.1" 200 726
201.245.230.153 - - [27/Oct/2014:04:10:36 -0500] "GET /isolucionsda/BSC/imagenes/ico_calendario.jpg HTTP/1.1" 200 994
201.245.230.153 - - [27/Oct/2014:04:10:36 -0500] "GET /isolucionsda/BSC/imagenes/img_bt01.jpg HTTP/1.1" 200 1033
201.245.230.153 - - [27/Oct/2014:04:10:36 -0500] "GET /isolucionsda/BSC/imagenes/img_bt02.jpg HTTP/1.1" 200 887
201.245.230.153 - - [27/Oct/2014:04:10:35 -0500] "GET /ISOlucionSDA/BSC/WebResource.axd?d=O4lGvr50U377dl1YXinC1xLcaoAUFOrHt7cBs5-GJ5O1hrENbQqOI40UTD59U9nsX1pRnEFUIwWXh_hjp-9Hiw2&t=633051446740000000 HTTP/1.1" 200 35614
201.245.230.153 - - [27/Oct/2014:04:10:36 -0500] "GET /ISOlucionSDA/BSC/WebResource.axd?d=lk3tjck3-QpmNyUDZzhT6g2&t=633739669393582448 HTTP/1.1" 200 43
201.245.230.153 - - [27/Oct/2014:04:10:36 -0500] "GET /ISOlucionSDA/BSC/WebResource.axd?d=mY39lcpCFjTv3mFedcLTk8hOsCn795VpWqkx0LSc_Wc1&t=633739669393582448 HTTP/1.1" 200 58
201.245.230.153 - - [27/Oct/2014:04:10:36 -0500] "GET /ISOlucionSDA/BSC/WebResource.axd?d=mY39lcpCFjTv3mFedcLTkyKInliSlC-M2AzwN4VTW6U1&t=633739669393582448 HTTP/1.1" 200 113
201.245.230.153 - - [27/Oct/2014:04:10:37 -0500] "GET /ISOlucionSDA/BSC/WebResource.axd?d=mY39lcpCFjTv3mFedcLTk3AY4tmk4AjF7hR3SfO1EBY1&t=633739669393582448 HTTP/1.1" 200 108
201.245.230.153 - - [27/Oct/2014:04:10:37 -0500] "GET /isolucionsda/BSC/imagenes/bgr_bt.jpg HTTP/1.1" 200 429
66.249.64.163 - - [27/Oct/2014:04:10:44 -0500] "GET /BLA/resoluciones/RESOLUCIONES%202007/RES%202007%203301%20AL%203400/RESOLUCION%203353%20DE%202007.pdf HTTP/1.1" 200 788098
180.76.6.17 - - [27/Oct/2014:04:10:45 -0500] "GET /BLA/resoluciones/AUTOS%202011/6849.pdf HTTP/1.1" 200 163699
186.84.28.149 - - [27/Oct/2014:04:10:56 -0500] "GET /BLA/boletinlegal/js/jquery.js HTTP/1.1" 200 57254
186.84.28.149 - - [27/Oct/2014:04:10:56 -0500] "GET /BLA/boletinlegal/js/jquery.scrollShow.js HTTP/1.1" 200 4586
186.84.28.149 - - [27/Oct/2014:04:10:56 -0500] "GET /BLA/boletinlegal/js/jquery.scrollTo-min.js HTTP/1.1" 200 1150
213.168.28.130 - - [27/Oct/2014:04:10:56 -0500] "GET /BLA/resoluciones/RESOLUCIONES%202012/1479.pdf HTTP/1.1" 200 923648
213.168.28.130 - - [27/Oct/2014:04:10:56 -0500] "GET /BLA/resoluciones/RESOLUCIONES%202012/1479.pdf HTTP/1.1" 206 32768
213.168.28.130 - - [27/Oct/2014:04:10:57 -0500] "GET /BLA/resoluciones/RESOLUCIONES%202012/1479.pdf HTTP/1.1" 206 890880
213.168.28.130 - - [27/Oct/2014:04:11:01 -0500] "GET /favicon.ico HTTP/1.1" 200 7782
188.165.15.152 - - [27/Oct/2014:04:11:12 -0500] "GET /BLA/resoluciones/RESOLUCIONES%202006/RES%202006%202251-2300/00002261.tif HTTP/1.1" 200 202966
180.76.6.136 - - [27/Oct/2014:04:11:42 -0500] "GET /BLA/resoluciones/AUTOS%202010/6407.pdf HTTP/1.1" 200 165360
201.245.192.253 - - [27/Oct/2014:04:09:12 -0500] "GET /ForestMSG_SDA/channelAsync/template_word_16759698?X-Atmosphere-tracking-id=80b472e0-b59c-77d7-e6ff-0e2e883eacaa&X-Atmosphere-Framework=1.0.5&X-Atmosphere-Transport=long-polling&tabid=0.5564406877674468&X-Cache-Date=0&Content-Type=application/xml&_=1414401089205 HTTP/1.1" 200 8193
180.76.6.58 - - [27/Oct/2014:04:12:42 -0500] "GET /BLA/resoluciones/RESOLUCIONES%202008/1450.pdf HTTP/1.1" 200 298851
66.249.64.167 - - [27/Oct/2014:04:12:59 -0500] "GET /BLA/resoluciones/AUTOS%202011/2467.pdf HTTP/1.1" 304 -
66.249.64.171 - - [27/Oct/2014:04:13:06 -0500] "GET /BLA/resoluciones/RESOLUCIONES%202007/RES%202007%20501%20AL%20600/RESOLUCION%200507%20DE%202007.pdf HTTP/1.1" 304 -
66.249.64.171 - - [27/Oct/2014:04:13:11 -0500] "GET /BLA/resoluciones/RESOLUCIONES%202011/0812.pdf HTTP/1.1" 200 602362
66.249.64.163 - - [27/Oct/2014:04:13:15 -0500] "GET /BLA/resoluciones/RESOLUCIONES%202009/3445.pdf HTTP/1.1" 200 398624
66.249.64.171 - - [27/Oct/2014:04:13:19 -0500] "GET /BLA/resoluciones/RESOLUCIONES%202007/RES%202007%204001%20AL%204100/RESOLUCION%204026%20DE%202007.pdf HTTP/1.1" 304 -
66.249.64.163 - - [27/Oct/2014:04:13:26 -0500] "GET /BLA/resoluciones/RESOLUCIONES%202009/2867.pdf HTTP/1.1" 200 508891
180.76.5.18 - - [27/Oct/2014:04:13:42 -0500] "GET /BLA/resoluciones/AUTOS%202010/6468.pdf HTTP/1.1" 200 282443
66.249.64.163 - - [27/Oct/2014:04:14:13 -0500] "GET /BLA/resoluciones/RESOLUCIONES%202010/1049.pdf HTTP/1.1" 200 121800
180.76.6.16 - - [27/Oct/2014:04:14:42 -0500] "GET /BLA/resoluciones/AUTOS%202011/1824.pdf HTTP/1.1" 200 250524
74.86.158.107 - - [27/Oct/2014:04:15:03 -0500] "HEAD / HTTP/1.1" 302 -
201.245.192.253 - - [27/Oct/2014:04:12:12 -0500] "GET /ForestMSG_SDA/channelAsync/template_word_16759698?X-Atmosphere-tracking-id=80b472e0-b59c-77d7-e6ff-0e2e883eacaa&X-Atmosphere-Framework=1.0.5&X-Atmosphere-Transport=long-polling&tabid=0.5564406877674468&X-Cache-Date=0&Content-Type=application/xml&_=1414401269274 HTTP/1.1" 200 8193
188.165.15.239 - - [27/Oct/2014:04:15:25 -0500] "GET /BLA/resoluciones/RESOLUCIONES%202004/RES%202004%20801-850/00000825.tif HTTP/1.1" 200 168464
180.76.6.57 - - [27/Oct/2014:04:15:42 -0500] "GET /BLA/resoluciones/AUTOS%202009/3011.pdf HTTP/1.1" 200 185742
66.249.64.171 - - [27/Oct/2014:04:15:52 -0500] "-" 408 -
66.249.64.163 - - [27/Oct/2014:04:16:05 -0500] "GET /BLA/resoluciones/RESOLUCIONES%202007/RES%202007%20301%20AL%20400/RESOLUCION%200350%20DE%202007.pdf HTTP/1.1" 304 -
180.76.6.52 - - [27/Oct/2014:04:16:42 -0500] "GET /BLA/resoluciones/AUTOS%202009/2303.pdf HTTP/1.1" 200 156918
180.76.5.81 - - [27/Oct/2014:04:17:42 -0500] "GET /BLA/resoluciones/AUTOS%202009/2180.pdf HTTP/1.1" 200 100630
66.249.64.167 - - [27/Oct/2014:04:17:57 -0500] "GET /autoliquidacion/Solicitudes%20relacionadas%20con%20calidad%20del%20aire%20auditiva%20y%20visual/Registro%20de%20Elementos%20de%20publicidad%20Exterior%20Visual/Resolucion%200877%20126PM04-PR16%20registro%20pev.pdf HTTP/1.1" 304 -
201.245.192.253 - - [27/Oct/2014:04:15:12 -0500] "GET /ForestMSG_SDA/channelAsync/template_word_16759698?X-Atmosphere-tracking-id=80b472e0-b59c-77d7-e6ff-0e2e883eacaa&X-Atmosphere-Framework=1.0.5&X-Atmosphere-Transport=long-polling&tabid=0.5564406877674468&X-Cache-Date=0&Content-Type=application/xml&_=1414401449359 HTTP/1.1" 200 8193
188.165.15.152 - - [27/Oct/2014:04:19:02 -0500] "GET /manual_funciones_Listado/index.php?dir=2.3.2.+Subdirecci%F3n+de+Ecosistemas+y+Ruralidad%2F HTTP/1.1" 404 1018
66.249.64.163 - - [27/Oct/2014:04:19:30 -0500] "GET /BLA/boletinlegal/js/jquery.js HTTP/1.1" 200 57254
66.249.64.167 - - [27/Oct/2014:04:19:32 -0500] "GET /BLA/boletinlegal/js/jquery.scrollTo-min.js HTTP/1.1" 200 1150
66.249.64.163 - - [27/Oct/2014:04:19:33 -0500] "GET /BLA/boletinlegal/js/jquery.scrollShow.js HTTP/1.1" 200 4586
66.249.64.171 - - [27/Oct/2014:04:19:49 -0500] "GET /BLA/resoluciones/RESOLUCIONES%202011/0878.pdf HTTP/1.1" 304 -
74.86.158.107 - - [27/Oct/2014:04:20:03 -0500] "HEAD / HTTP/1.1" 302 -
180.76.6.16 - - [27/Oct/2014:04:21:00 -0500] "GET /BLA/resoluciones/AUTOS%202010/6070.pdf HTTP/1.1" 200 208759
201.245.192.253 - - [27/Oct/2014:04:18:12 -0500] "GET /ForestMSG_SDA/channelAsync/template_word_16759698?X-Atmosphere-tracking-id=80b472e0-b59c-77d7-e6ff-0e2e883eacaa&X-Atmosphere-Framework=1.0.5&X-Atmosphere-Transport=long-polling&tabid=0.5564406877674468&X-Cache-Date=0&Content-Type=application/xml&_=1414401629494 HTTP/1.1" 200 8193
66.249.64.163 - - [27/Oct/2014:04:21:43 -0500] "GET /BLA/resoluciones/AUTOS%202013/0081.pdf HTTP/1.1" 304 -
180.76.5.73 - - [27/Oct/2014:04:22:00 -0500] "GET /BLA/resoluciones/AUTOS%202009/3313.pdf HTTP/1.1" 200 216493
66.249.64.167 - - [27/Oct/2014:04:23:33 -0500] "GET /BLA/resoluciones/RESOLUCIONES%202010/2514.pdf HTTP/1.1" 304 -
180.76.5.17 - - [27/Oct/2014:04:24:02 -0500] "GET /BLA/resoluciones/AUTOS%202009/2083.pdf HTTP/1.1" 200 99664
201.245.192.253 - - [27/Oct/2014:04:21:12 -0500] "GET /ForestMSG_SDA/channelAsync/template_word_16759698?X-Atmosphere-tracking-id=80b472e0-b59c-77d7-e6ff-0e2e883eacaa&X-Atmosphere-Framework=1.0.5&X-Atmosphere-Transport=long-polling&tabid=0.5564406877674468&X-Cache-Date=0&Content-Type=application/xml&_=1414401809586 HTTP/1.1" 200 8193
74.86.158.107 - - [27/Oct/2014:04:25:03 -0500] "HEAD / HTTP/1.1" 302 -
66.249.64.167 - - [27/Oct/2014:04:25:56 -0500] "GET /BLA/directivas/2011/3.pdf HTTP/1.1" 304 -
188.165.15.50 - - [27/Oct/2014:04:27:17 -0500] "GET /BLA/resoluciones/RESOLUCIONES%202003/RES%202003%202101-2150/20032139.tif HTTP/1.1" 200 174634
66.249.64.163 - - [27/Oct/2014:04:27:17 -0500] "GET /BLA/resoluciones/RESOLUCIONES%202010/0523.pdf HTTP/1.1" 304 -
201.245.192.253 - - [27/Oct/2014:04:24:43 -0500] "GET /ForestMSG_SDA/channelAsync/template_word_16759698?X-Atmosphere-tracking-id=80b472e0-b59c-77d7-e6ff-0e2e883eacaa&X-Atmosphere-Framework=1.0.5&X-Atmosphere-Transport=long-polling&tabid=0.5564406877674468&X-Cache-Date=0&Content-Type=application/xml&_=1414402020555 HTTP/1.1" 200 8193
188.165.15.231 - - [27/Oct/2014:04:28:34 -0500] "GET /BLA/resoluciones/RESOLUCIONES%202002/RES%202002%201101-1150/00001114.tif HTTP/1.1" 200 127096
180.76.5.71 - - [27/Oct/2014:04:28:46 -0500] "GET /BLA/resoluciones/AUTOS%202009/2231.pdf HTTP/1.1" 200 122843
188.165.15.87 - - [27/Oct/2014:04:28:50 -0500] "GET /BLA/resoluciones/RESOLUCIONES%202005/RES%202005%202901-2950/INDEX.DAT HTTP/1.1" 200 2000
66.249.64.167 - - [27/Oct/2014:04:29:10 -0500] "GET /BLA/resoluciones/AUTOS%202010/4737.pdf HTTP/1.1" 304 -
201.245.192.253 - - [27/Oct/2014:04:29:40 -0500] "GET /forest/skins/gdocs-jar/img/icons/xls.gif HTTP/1.1" 304 -
180.76.5.64 - - [27/Oct/2014:04:29:46 -0500] "GET /BLA/resoluciones/AUTOS%202011/4098.pdf HTTP/1.1" 200 256637
74.86.158.107 - - [27/Oct/2014:04:30:03 -0500] "HEAD / HTTP/1.1" 302 -
66.249.64.167 - - [27/Oct/2014:04:30:04 -0500] "GET /BLA/resoluciones/RESOLUCIONES%202004/RES%202004%201101-1150/00001140.tif HTTP/1.1" 200 184650
66.249.64.171 - - [27/Oct/2014:04:30:23 -0500] "GET /BLA/resoluciones/RESOLUCIONES%202002/RES%202002%201801-1850/20021818.tif HTTP/1.1" 200 84590
144.76.95.39 - - [27/Oct/2014:04:30:34 -0500] "GET /robots.txt HTTP/1.0" 404 1015
188.165.15.87 - - [27/Oct/2014:04:30:34 -0500] "GET /BLA/resoluciones/RESOLUCIONES%202004/RES%202004%20151-200/00000184.tif HTTP/1.1" 200 99512
144.76.95.39 - - [27/Oct/2014:04:30:37 -0500] "GET /re/Cuento/cuadro2/?C=D;O=A HTTP/1.0" 404 1015
144.76.95.39 - - [27/Oct/2014:04:30:38 -0500] "GET /re/Cuento/cuadro2/?C=M;O=A HTTP/1.0" 404 1015
144.76.95.39 - - [27/Oct/2014:04:30:40 -0500] "GET /re/Cuento/cuadro2/?C=N;O=D HTTP/1.0" 404 1015
144.76.95.39 - - [27/Oct/2014:04:30:42 -0500] "GET /re/Cuento/cuadro2/?C=S;O=A HTTP/1.0" 404 1015
201.245.192.253 - - [27/Oct/2014:04:27:43 -0500] "GET /ForestMSG_SDA/channelAsync/template_word_16759698?X-Atmosphere-tracking-id=80b472e0-b59c-77d7-e6ff-0e2e883eacaa&X-Atmosphere-Framework=1.0.5&X-Atmosphere-Transport=long-polling&tabid=0.5564406877674468&X-Cache-Date=0&Content-Type=application/xml&_=1414402200654 HTTP/1.1" 200 8193
144.76.95.39 - - [27/Oct/2014:04:30:44 -0500] "GET /re/Cuento/cuadro2/cuadro2%20link.htm HTTP/1.0" 404 1015
144.76.95.39 - - [27/Oct/2014:04:30:47 -0500] "GET /re/Cuento/cuadro20/?C=D;O=A HTTP/1.0" 404 1015
144.76.95.39 - - [27/Oct/2014:04:30:48 -0500] "GET /re/Cuento/cuadro20/?C=M;O=A HTTP/1.0" 404 1015
144.76.95.39 - - [27/Oct/2014:04:30:56 -0500] "GET /re/Cuento/cuadro20/?C=N;O=D HTTP/1.0" 404 1015
66.249.64.163 - - [27/Oct/2014:04:31:02 -0500] "GET /BLA/resoluciones/RESOLUCIONES%202007/RES%202007%204001%20AL%204100/RESOLUCION%204079%20DE%202007.pdf HTTP/1.1" 200 81405
144.76.95.39 - - [27/Oct/2014:04:31:26 -0500] "GET /re/Cuento/cuadro20/?C=S;O=A HTTP/1.0" 404 1015
144.76.95.39 - - [27/Oct/2014:04:31:38 -0500] "GET /re/Cuento/cuadro20/cuadro20%20link.htm HTTP/1.0" 404 1015
144.76.95.39 - - [27/Oct/2014:04:31:41 -0500] "GET /re/Cuento/cuadro21/?C=D;O=A HTTP/1.0" 404 1015
66.249.64.171 - - [27/Oct/2014:04:31:43 -0500] "GET /galeria/carrusel/Carrusel/jquery.thumbnailScroller.js HTTP/1.1" 200 8157
144.76.95.39 - - [27/Oct/2014:04:31:59 -0500] "GET /re/Cuento/cuadro21/?C=M;O=A HTTP/1.0" 404 1015
144.76.95.39 - - [27/Oct/2014:04:32:08 -0500] "GET /re/Cuento/cuadro21/?C=N;O=D HTTP/1.0" 404 1015
144.76.95.39 - - [27/Oct/2014:04:32:11 -0500] "GET /re/Cuento/cuadro21/?C=S;O=A HTTP/1.0" 404 1015
144.76.95.39 - - [27/Oct/2014:04:32:13 -0500] "GET /re/Cuento/cuadro21/cuadro21%20link.htm HTTP/1.0" 404 1015
144.76.95.39 - - [27/Oct/2014:04:32:16 -0500] "GET /re/Cuento/cuadro22/?C=D;O=A HTTP/1.0" 404 1015
188.165.15.231 - - [27/Oct/2014:04:32:24 -0500] "GET /manual_funciones_Listado/index.php?dir=2.2.3.%20Subdirecci%C3%83%C2%83%C3%82%C2%83%C3%83%C2%82%C3%82%C2%83%C3%83%C2%83%C3%82%C2%82%C3%83%C2%82%C3%82%C2%83%C3%83%C2%83%C3%82%C2%83%C3%83%C2%82%C3%82%C2%82%C3%83%C2%83%C3%82%C2%82%C3%83%C2%82%C3%82%C2%B3n%20de%20Calidad%20del%20Aire,%20Auditiva%20y%20Visual/&sort=name&order=desc HTTP/1.1" 404 1018
144.76.95.39 - - [27/Oct/2014:04:32:24 -0500] "GET /re/Cuento/cuadro22/?C=M;O=A HTTP/1.0" 404 1015
157.55.39.38 - - [27/Oct/2014:04:32:25 -0500] "GET /dama/libreria/php/decide.php?patron=03.1316 HTTP/1.1" 404 1015
144.76.95.39 - - [27/Oct/2014:04:32:27 -0500] "GET /re/Cuento/cuadro22/?C=N;O=D HTTP/1.0" 404 1015
144.76.95.39 - - [27/Oct/2014:04:32:31 -0500] "GET /re/Cuento/cuadro22/?C=S;O=A HTTP/1.0" 404 1015
144.76.95.39 - - [27/Oct/2014:04:32:33 -0500] "GET /re/Cuento/cuadro22/cuadro22%20link.htm HTTP/1.0" 404 1015
66.249.64.163 - - [27/Oct/2014:04:32:34 -0500] "GET /BLA/resoluciones/AUTOS%202009/2234.pdf HTTP/1.1" 200 121784
144.76.95.39 - - [27/Oct/2014:04:32:41 -0500] "GET /re/Cuento/cuadro3/?C=D;O=A HTTP/1.0" 404 1015
123.125.71.50 - - [27/Oct/2014:04:32:42 -0500] "GET / HTTP/1.1" 302 -
144.76.95.39 - - [27/Oct/2014:04:32:43 -0500] "GET /re/Cuento/cuadro3/?C=M;O=A HTTP/1.0" 404 1015
144.76.95.39 - - [27/Oct/2014:04:32:45 -0500] "GET /re/Cuento/cuadro3/?C=N;O=D HTTP/1.0" 404 1015
188.165.15.193 - - [27/Oct/2014:04:32:47 -0500] "GET /BLA/resoluciones/RESOLUCIONES%202003/RES%202003%20301-350/325.tif HTTP/1.1" 200 105472
144.76.95.39 - - [27/Oct/2014:04:32:48 -0500] "GET /re/Cuento/cuadro3/?C=S;O=A HTTP/1.0" 404 1015
66.249.64.163 - - [27/Oct/2014:04:32:53 -0500] "GET /BLA/resoluciones/RESOLUCIONES%202008/0607.pdf HTTP/1.1" 304 -
144.76.95.39 - - [27/Oct/2014:04:32:57 -0500] "GET /re/Cuento/cuadro3/cuadro3%20link.htm HTTP/1.0" 404 1015
144.76.95.39 - - [27/Oct/2014:04:33:07 -0500] "GET /re/Cuento/cuadro4/?C=D;O=A HTTP/1.0" 404 1015
144.76.95.39 - - [27/Oct/2014:04:33:09 -0500] "GET /re/Cuento/cuadro4/?C=M;O=A HTTP/1.0" 404 1015
144.76.95.39 - - [27/Oct/2014:04:33:15 -0500] "GET /re/Cuento/cuadro4/?C=N;O=D HTTP/1.0" 404 1015
144.76.95.39 - - [27/Oct/2014:04:33:17 -0500] "GET /re/Cuento/cuadro4/?C=S;O=A HTTP/1.0" 404 1015
144.76.95.39 - - [27/Oct/2014:04:33:20 -0500] "GET /re/Cuento/cuadro4/cuadro4%20link.htm HTTP/1.0" 404 1015
144.76.95.39 - - [27/Oct/2014:04:33:22 -0500] "GET /re/Cuento/cuadro5/?C=D;O=A HTTP/1.0" 404 1015
144.76.95.39 - - [27/Oct/2014:04:33:27 -0500] "GET /re/Cuento/cuadro5/?C=M;O=A HTTP/1.0" 404 1015
144.76.95.39 - - [27/Oct/2014:04:33:29 -0500] "GET /re/Cuento/cuadro5/?C=N;O=D HTTP/1.0" 404 1015
144.76.95.39 - - [27/Oct/2014:04:33:31 -0500] "GET /re/Cuento/cuadro5/?C=S;O=A HTTP/1.0" 404 1015
144.76.95.39 - - [27/Oct/2014:04:33:33 -0500] "GET /re/Cuento/cuadro5/cuadro5%20link.htm HTTP/1.0" 404 1015
144.76.95.39 - - [27/Oct/2014:04:33:35 -0500] "GET /re/Cuento/cuadro6/?C=D;O=A HTTP/1.0" 404 1015
188.165.15.239 - - [27/Oct/2014:04:33:41 -0500] "GET /BLA/resoluciones/RESOLUCIONES%202006/RES%202006%202251-2300/00002255.tif HTTP/1.1" 200 377600
144.76.95.39 - - [27/Oct/2014:04:33:43 -0500] "GET /re/Cuento/cuadro6/?C=M;O=A HTTP/1.0" 404 1015
201.245.192.253 - - [27/Oct/2014:04:30:43 -0500] "GET /ForestMSG_SDA/channelAsync/template_word_16759698?X-Atmosphere-tracking-id=80b472e0-b59c-77d7-e6ff-0e2e883eacaa&X-Atmosphere-Framework=1.0.5&X-Atmosphere-Transport=long-polling&tabid=0.5564406877674468&X-Cache-Date=0&Content-Type=application/xml&_=1414402380727 HTTP/1.1" 200 8193
66.249.64.163 - - [27/Oct/2014:04:33:53 -0500] "GET /BLA/resoluciones/AUTOS%202007/0358.pdf HTTP/1.1" 200 193518
144.76.95.39 - - [27/Oct/2014:04:33:57 -0500] "GET /re/Cuento/cuadro6/?C=N;O=D HTTP/1.0" 404 1015
144.76.95.39 - - [27/Oct/2014:04:34:03 -0500] "GET /re/Cuento/cuadro6/?C=S;O=A HTTP/1.0" 404 1015
144.76.95.39 - - [27/Oct/2014:04:34:11 -0500] "GET /re/Cuento/cuadro6/cuadro6%20link.htm HTTP/1.0" 404 1015
144.76.95.39 - - [27/Oct/2014:04:34:16 -0500] "GET /re/Cuento/cuadro7/?C=D;O=A HTTP/1.0" 404 1015
144.76.95.39 - - [27/Oct/2014:04:34:20 -0500] "GET /re/Cuento/cuadro7/?C=M;O=A HTTP/1.0" 404 1015
144.76.95.39 - - [27/Oct/2014:04:34:23 -0500] "GET /re/Cuento/cuadro7/?C=N;O=D HTTP/1.0" 404 1015
144.76.95.39 - - [27/Oct/2014:04:34:27 -0500] "GET /re/Cuento/cuadro7/?C=S;O=A HTTP/1.0" 404 1015
144.76.95.39 - - [27/Oct/2014:04:34:29 -0500] "GET /re/Cuento/cuadro7/cuadro7%20link.htm HTTP/1.0" 404 1015
144.76.95.39 - - [27/Oct/2014:04:34:31 -0500] "GET /re/Cuento/cuadro8/?C=D;O=A HTTP/1.0" 404 1015
188.165.15.19 - - [27/Oct/2014:04:34:33 -0500] "GET /BLA/resoluciones/index.php?dir=RESOLUCIONES%202005/RES%202005%201751-1800/&sort=name&order=asc HTTP/1.1" 200 12368
144.76.95.39 - - [27/Oct/2014:04:34:35 -0500] "GET /re/Cuento/cuadro8/?C=M;O=A HTTP/1.0" 404 1015
144.76.95.39 - - [27/Oct/2014:04:34:39 -0500] "GET /re/Cuento/cuadro8/?C=N;O=D HTTP/1.0" 404 1015
144.76.95.39 - - [27/Oct/2014:04:34:41 -0500] "GET /re/Cuento/cuadro8/?C=S;O=A HTTP/1.0" 404 1015
144.76.95.39 - - [27/Oct/2014:04:34:44 -0500] "GET /re/Cuento/cuadro8/cuadro8%20link.htm HTTP/1.0" 404 1015
66.249.64.171 - - [27/Oct/2014:04:34:46 -0500] "GET /BLA/resoluciones/RESOLUCIONES%202007/RES%202007%202501%20AL%202600/RESOLUCION%202573%20DE%202007.pdf HTTP/1.1" 200 222846
144.76.95.39 - - [27/Oct/2014:04:34:46 -0500] "GET /re/Cuento/cuadro9/?C=D;O=A HTTP/1.0" 404 1015
144.76.95.39 - - [27/Oct/2014:04:34:48 -0500] "GET /re/Cuento/cuadro9/?C=M;O=A HTTP/1.0" 404 1015
144.76.95.39 - - [27/Oct/2014:04:34:50 -0500] "GET /re/Cuento/cuadro9/?C=N;O=D HTTP/1.0" 404 1015
144.76.95.39 - - [27/Oct/2014:04:34:52 -0500] "GET /re/Cuento/cuadro9/?C=S;O=A HTTP/1.0" 404 1015
144.76.95.39 - - [27/Oct/2014:04:34:54 -0500] "GET /re/Cuento/cuadro9/cuadro9%20link.htm HTTP/1.0" 404 1015
74.86.158.107 - - [27/Oct/2014:04:35:03 -0500] "HEAD / HTTP/1.1" 302 -
144.76.95.39 - - [27/Oct/2014:04:35:03 -0500] "GET /re/Cuento/imagenes%20comunes/?C=D;O=A HTTP/1.0" 404 1015
144.76.95.39 - - [27/Oct/2014:04:35:06 -0500] "GET /re/Cuento/imagenes%20comunes/?C=M;O=A HTTP/1.0" 404 1015
144.76.95.39 - - [27/Oct/2014:04:35:13 -0500] "GET /re/Entrada/?C=N;O=A HTTP/1.0" 404 1015
144.76.95.39 - - [27/Oct/2014:04:35:23 -0500] "GET /re/Entrada/?C=S;O=D HTTP/1.0" 404 1015
144.76.95.39 - - [27/Oct/2014:04:35:37 -0500] "GET /re/Entrada/_notes/?C=D;O=A HTTP/1.0" 404 1015
144.76.95.39 - - [27/Oct/2014:04:35:40 -0500] "GET /re/Entrada/_notes/?C=M;O=A HTTP/1.0" 404 1015
144.76.95.39 - - [27/Oct/2014:04:35:42 -0500] "GET /re/Entrada/_notes/?C=N;O=D HTTP/1.0" 404 1015
180.76.5.197 - - [27/Oct/2014:04:35:48 -0500] "GET /BLA/resoluciones/AUTOS%202009/3036.pdf HTTP/1.1" 200 112023
144.76.95.39 - - [27/Oct/2014:04:35:52 -0500] "GET /re/Entrada/_notes/?C=S;O=A HTTP/1.0" 404 1015
144.76.95.39 - - [27/Oct/2014:04:35:57 -0500] "GET /re/Entrada/imagen%20botones/imagen%20botones.htm HTTP/1.0" 404 1015
66.249.64.171 - - [27/Oct/2014:04:35:57 -0500] "GET /galeria/nivo-slider/demo/demo.html HTTP/1.1" 200 3636
144.76.95.39 - - [27/Oct/2014:04:36:00 -0500] "GET /re/Talleres/?C=D;O=D HTTP/1.0" 404 1015
144.76.95.39 - - [27/Oct/2014:04:36:02 -0500] "GET /re/Talleres/?C=M;O=D HTTP/1.0" 404 1015
144.76.95.39 - - [27/Oct/2014:04:36:04 -0500] "GET /re/Talleres/?C=N;O=A HTTP/1.0" 404 1015
144.76.95.39 - - [27/Oct/2014:04:36:07 -0500] "GET /re/Talleres/?C=S;O=D HTTP/1.0" 404 1015
144.76.95.39 - - [27/Oct/2014:04:36:09 -0500] "GET /re/Talleres/imagen%20entrada%20talleres/entrada%20talleres.htm HTTP/1.0" 404 1015
144.76.95.39 - - [27/Oct/2014:04:36:14 -0500] "GET /re/Talleres/metal/?C=D;O=A HTTP/1.0" 404 1015
190.25.232.143 - - [27/Oct/2014:04:36:19 -0500] "GET /galeria/nivo-slider/themes/orman/orman.css HTTP/1.1" 304 -
144.76.95.39 - - [27/Oct/2014:04:36:20 -0500] "GET /re/Talleres/metal/?C=M;O=A HTTP/1.0" 404 1015
144.76.95.39 - - [27/Oct/2014:04:36:24 -0500] "GET /re/Talleres/metal/?C=N;O=D HTTP/1.0" 404 1015
144.76.95.39 - - [27/Oct/2014:04:36:26 -0500] "GET /re/Talleres/metal/?C=S;O=A HTTP/1.0" 404 1015
144.76.95.39 - - [27/Oct/2014:04:36:28 -0500] "GET /re/Talleres/metal/metales%20link.htm HTTP/1.0" 404 1015
144.76.95.39 - - [27/Oct/2014:04:36:30 -0500] "GET /re/Talleres/organicos/?C=D;O=A HTTP/1.0" 404 1015
144.76.95.39 - - [27/Oct/2014:04:36:32 -0500] "GET /re/Talleres/organicos/?C=M;O=A HTTP/1.0" 404 1015
144.76.95.39 - - [27/Oct/2014:04:36:34 -0500] "GET /re/Talleres/organicos/?C=N;O=D HTTP/1.0" 404 1015
144.76.95.39 - - [27/Oct/2014:04:36:35 -0500] "GET /re/Talleres/organicos/?C=S;O=A HTTP/1.0" 404 1015
144.76.95.39 - - [27/Oct/2014:04:36:37 -0500] "GET /re/Talleres/organicos/organicos%20link.htm HTTP/1.0" 404 1015
66.249.64.171 - - [27/Oct/2014:04:36:38 -0500] "GET /BLA/resoluciones/RESOLUCIONES%202007/RES%202007%201401%20AL%201500/RESOLUCION%201467%20DE%202007.pdf HTTP/1.1" 304 -
144.76.95.39 - - [27/Oct/2014:04:36:39 -0500] "GET /re/Talleres/papel/?C=D;O=A HTTP/1.0" 404 1015
144.76.95.39 - - [27/Oct/2014:04:36:40 -0500] "GET /re/Talleres/papel/?C=M;O=A HTTP/1.0" 404 1015
144.76.95.39 - - [27/Oct/2014:04:36:42 -0500] "GET /re/Talleres/papel/?C=N;O=D HTTP/1.0" 404 1015
201.245.192.253 - - [27/Oct/2014:04:33:43 -0500] "GET /ForestMSG_SDA/channelAsync/template_word_16759698?X-Atmosphere-tracking-id=80b472e0-b59c-77d7-e6ff-0e2e883eacaa&X-Atmosphere-Framework=1.0.5&X-Atmosphere-Transport=long-polling&tabid=0.5564406877674468&X-Cache-Date=0&Content-Type=application/xml&_=1414402560845 HTTP/1.1" 200 8193
144.76.95.39 - - [27/Oct/2014:04:36:44 -0500] "GET /re/Talleres/papel/?C=S;O=A HTTP/1.0" 404 1015
66.249.64.163 - - [27/Oct/2014:04:36:44 -0500] "-" 408 -
144.76.95.39 - - [27/Oct/2014:04:36:46 -0500] "GET /re/Talleres/papel/papel%20link.htm HTTP/1.0" 404 1015
144.76.95.39 - - [27/Oct/2014:04:36:47 -0500] "GET /re/Talleres/plastico/?C=D;O=A HTTP/1.0" 404 1015
144.76.95.39 - - [27/Oct/2014:04:36:49 -0500] "GET /re/Talleres/plastico/?C=M;O=A HTTP/1.0" 404 1015
144.76.95.39 - - [27/Oct/2014:04:37:13 -0500] "GET /re/Talleres/plastico/?C=N;O=A HTTP/1.0" 404 1015
144.76.95.39 - - [27/Oct/2014:04:37:27 -0500] "GET /re/Talleres/plastico/imagenes%20plastico/plastico%20link.htm HTTP/1.0" 404 1015
144.76.95.39 - - [27/Oct/2014:04:37:32 -0500] "GET /re/Talleres/vidrio/?C=D;O=A HTTP/1.0" 404 1015
144.76.95.39 - - [27/Oct/2014:04:37:35 -0500] "GET /re/Talleres/vidrio/?C=M;O=A HTTP/1.0" 404 1015
144.76.95.39 - - [27/Oct/2014:04:37:37 -0500] "GET /re/Talleres/vidrio/?C=N;O=D HTTP/1.0" 404 1015
144.76.95.39 - - [27/Oct/2014:04:37:40 -0500] "GET /re/Talleres/vidrio/?C=S;O=A HTTP/1.0" 404 1015
144.76.95.39 - - [27/Oct/2014:04:37:42 -0500] "GET /re/contactenos/?C=N;O=A HTTP/1.0" 404 1015
144.76.95.39 - - [27/Oct/2014:04:37:44 -0500] "GET /re/contactenos/?C=S;O=D HTTP/1.0" 404 1015
144.76.95.39 - - [27/Oct/2014:04:37:46 -0500] "GET /re/contactenos/contactenos%20imagen/?C=D;O=A HTTP/1.0" 404 1015
144.76.95.39 - - [27/Oct/2014:04:38:00 -0500] "GET /re/contactenos/contactenos%20imagen/?C=M;O=A HTTP/1.0" 404 1015
144.76.95.39 - - [27/Oct/2014:04:38:09 -0500] "GET /re/contactenos/contactenos%20imagen/?C=N;O=D HTTP/1.0" 404 1015
144.76.95.39 - - [27/Oct/2014:04:38:15 -0500] "GET /re/contactenos/contactenos%20imagen/?C=S;O=A HTTP/1.0" 404 1015
144.76.95.39 - - [27/Oct/2014:04:38:17 -0500] "GET /re/contactenos/contactenos%20imagen/contactenos.htm HTTP/1.0" 404 1015
144.76.95.39 - - [27/Oct/2014:04:38:18 -0500] "GET /re/contactenos/creditos/?C=D;O=A HTTP/1.0" 404 1015
144.76.95.39 - - [27/Oct/2014:04:38:20 -0500] "GET /re/contactenos/creditos/?C=M;O=A HTTP/1.0" 404 1015
144.76.95.39 - - [27/Oct/2014:04:38:22 -0500] "GET /re/contactenos/creditos/?C=N;O=A HTTP/1.0" 404 1015
144.76.95.39 - - [27/Oct/2014:04:38:24 -0500] "GET /re1/Bioevolucion/?C=D;O=D HTTP/1.0" 404 1015
144.76.95.39 - - [27/Oct/2014:04:38:26 -0500] "GET /re1/Bioevolucion/?C=M;O=D HTTP/1.0" 404 1015
144.76.95.39 - - [27/Oct/2014:04:38:28 -0500] "GET /re1/Bioevolucion/?C=N;O=A HTTP/1.0" 404 1015
144.76.95.39 - - [27/Oct/2014:04:38:29 -0500] "GET /re1/Bioevolucion/?C=S;O=D HTTP/1.0" 404 1015
66.249.64.167 - - [27/Oct/2014:04:38:30 -0500] "GET /BLA/resoluciones/RESOLUCIONES%202009/0348.pdf HTTP/1.1" 200 149432
144.76.95.39 - - [27/Oct/2014:04:38:32 -0500] "GET /re1/Bioevolucion/Propuesta%20re/?C=D;O=A HTTP/1.0" 404 1015
144.76.95.39 - - [27/Oct/2014:04:38:40 -0500] "GET /re1/Bioevolucion/Propuesta%20re/?C=M;O=A HTTP/1.0" 404 1015
144.76.95.39 - - [27/Oct/2014:04:38:48 -0500] "GET /re1/Bioevolucion/Propuesta%20re/?C=N;O=D HTTP/1.0" 404 1015
144.76.95.39 - - [27/Oct/2014:04:39:01 -0500] "GET /re1/Bioevolucion/Propuesta%20re/?C=S;O=A HTTP/1.0" 404 1015
144.76.95.39 - - [27/Oct/2014:04:39:08 -0500] "GET /re1/Bioevolucion/imagen%20bioevolucion/?C=D;O=A HTTP/1.0" 404 1015
144.76.95.39 - - [27/Oct/2014:04:39:16 -0500] "GET /re1/Bioevolucion/imagen%20bioevolucion/?C=M;O=A HTTP/1.0" 404 1015
144.76.95.39 - - [27/Oct/2014:04:39:18 -0500] "GET /re1/Bioevolucion/imagen%20bioevolucion/?C=N;O=D HTTP/1.0" 404 1015
144.76.95.39 - - [27/Oct/2014:04:39:20 -0500] "GET /re1/Bioevolucion/imagen%20bioevolucion/?C=S;O=A HTTP/1.0" 404 1015
144.76.95.39 - - [27/Oct/2014:04:39:22 -0500] "GET /re1/Bioevolucion/imagen%20bioevolucion/Thumbs.db HTTP/1.0" 404 1015
144.76.95.39 - - [27/Oct/2014:04:39:24 -0500] "GET /re1/Bioevolucion/imagen%20bioevolucion/imagen%20bioevolucion.htm HTTP/1.0" 404 1015
144.76.95.39 - - [27/Oct/2014:04:39:34 -0500] "GET /re1/Bioevolucion/marco%20conceptual/?C=D;O=A HTTP/1.0" 404 1015
144.76.95.39 - - [27/Oct/2014:04:39:37 -0500] "GET /re1/Bioevolucion/marco%20conceptual/?C=M;O=A HTTP/1.0" 404 1015
144.76.95.39 - - [27/Oct/2014:04:39:39 -0500] "GET /re1/Bioevolucion/marco%20conceptual/?C=N;O=D HTTP/1.0" 404 1015
144.76.95.39 - - [27/Oct/2014:04:39:41 -0500] "GET /re1/Bioevolucion/marco%20conceptual/?C=S;O=A HTTP/1.0" 404 1015
144.76.95.39 - - [27/Oct/2014:04:39:42 -0500] "GET /re1/Bioevolucion/marco%20conceptual/intereses%20objetivos/intereses%20link.htm HTTP/1.0" 404 1015
180.76.5.152 - - [27/Oct/2014:04:39:44 -0500] "GET /BLA/resoluciones/AUTOS%202009/3286.pdf HTTP/1.1" 200 70018
201.245.192.253 - - [27/Oct/2014:04:36:43 -0500] "GET /ForestMSG_SDA/channelAsync/template_word_16759698?X-Atmosphere-tracking-id=80b472e0-b59c-77d7-e6ff-0e2e883eacaa&X-Atmosphere-Framework=1.0.5&X-Atmosphere-Transport=long-polling&tabid=0.5564406877674468&X-Cache-Date=0&Content-Type=application/xml&_=1414402740881 HTTP/1.1" 200 8193
144.76.95.39 - - [27/Oct/2014:04:39:44 -0500] "GET /re1/Bioevolucion/marco%20conceptual/marco%20conceptual%20link.htm HTTP/1.0" 404 1015
144.76.95.39 - - [27/Oct/2014:04:39:47 -0500] "GET /re1/Bioevolucion/relacion%20curriculo/?C=D;O=A HTTP/1.0" 404 1015
144.76.95.39 - - [27/Oct/2014:04:39:49 -0500] "GET /re1/Bioevolucion/relacion%20curriculo/?C=M;O=A HTTP/1.0" 404 1015
144.76.95.39 - - [27/Oct/2014:04:39:50 -0500] "GET /re1/Bioevolucion/relacion%20curriculo/?C=N;O=D HTTP/1.0" 404 1015
144.76.95.39 - - [27/Oct/2014:04:39:52 -0500] "GET /re1/Bioevolucion/relacion%20curriculo/?C=S;O=A HTTP/1.0" 404 1015
144.76.95.39 - - [27/Oct/2014:04:39:54 -0500] "GET /re1/Bioevolucion/relacion%20curriculo/cuadro%206%20curriculo/cuadro%206%20link.htm HTTP/1.0" 404 1015
144.76.95.39 - - [27/Oct/2014:04:39:56 -0500] "GET /re1/Creditos/?C=D;O=D HTTP/1.0" 404 1015
144.76.95.39 - - [27/Oct/2014:04:39:58 -0500] "GET /re1/Creditos/?C=M;O=D HTTP/1.0" 404 1015
144.76.95.39 - - [27/Oct/2014:04:39:59 -0500] "GET /re1/Creditos/?C=N;O=A HTTP/1.0" 404 1015
144.76.95.39 - - [27/Oct/2014:04:40:01 -0500] "GET /re1/Creditos/?C=S;O=D HTTP/1.0" 404 1015
144.76.95.39 - - [27/Oct/2014:04:40:03 -0500] "GET /re1/Entrada/?C=D;O=D HTTP/1.0" 404 1015
74.86.158.107 - - [27/Oct/2014:04:40:03 -0500] "HEAD / HTTP/1.1" 302 -
144.76.95.39 - - [27/Oct/2014:04:40:04 -0500] "GET /re1/Entrada/?C=M;O=D HTTP/1.0" 404 1015
144.76.95.39 - - [27/Oct/2014:04:40:06 -0500] "GET /re1/Entrada/?C=N;O=A HTTP/1.0" 404 1015
144.76.95.39 - - [27/Oct/2014:04:40:08 -0500] "GET /re1/Entrada/?C=S;O=D HTTP/1.0" 404 1015
144.76.95.39 - - [27/Oct/2014:04:40:10 -0500] "GET /re1/Entrada/imagen%20entrada/?C=D;O=A HTTP/1.0" 404 1015
144.76.95.39 - - [27/Oct/2014:04:40:12 -0500] "GET /re1/Entrada/imagen%20entrada/?C=M;O=A HTTP/1.0" 404 1015
144.76.95.39 - - [27/Oct/2014:04:40:21 -0500] "GET /re1/Entrada/imagen%20entrada/?C=N;O=D HTTP/1.0" 404 1015
66.249.64.171 - - [27/Oct/2014:04:40:22 -0500] "GET /BLA/resoluciones/AUTOS%202009/3124.pdf HTTP/1.1" 304 -
144.76.95.39 - - [27/Oct/2014:04:40:31 -0500] "GET /re1/Entrada/imagen%20entrada/?C=S;O=A HTTP/1.0" 404 1015
144.76.95.39 - - [27/Oct/2014:04:40:35 -0500] "GET /re1/Entrada/imagen%20entrada/imagen%20entrada.htm HTTP/1.0" 404 1015
144.76.95.39 - - [27/Oct/2014:04:40:40 -0500] "GET /re1/Inicio/?C=D;O=D HTTP/1.0" 404 1015
180.76.6.156 - - [27/Oct/2014:04:40:44 -0500] "GET /BLA/resoluciones/AUTOS%202009/0909.pdf HTTP/1.1" 200 123153
144.76.95.39 - - [27/Oct/2014:04:40:54 -0500] "GET /re1/Inicio/?C=M;O=D HTTP/1.0" 404 1015
144.76.95.39 - - [27/Oct/2014:04:41:17 -0500] "GET /re1/Inicio/?C=N;O=A HTTP/1.0" 404 1015
144.76.95.39 - - [27/Oct/2014:04:41:38 -0500] "GET /re1/Inicio/?C=S;O=D HTTP/1.0" 404 1015
188.165.15.193 - - [27/Oct/2014:04:41:50 -0500] "GET /BLA/resoluciones/index.php?dir=RESOLUCIONES+2005%2FANEXO+RES+2643-2005%2F HTTP/1.1" 200 2446
144.76.95.39 - - [27/Oct/2014:04:41:58 -0500] "GET /re1/Inicio/imagen%20inicio/?C=D;O=A HTTP/1.0" 404 1015
144.76.95.39 - - [27/Oct/2014:04:42:04 -0500] "GET /re1/Inicio/imagen%20inicio/?C=M;O=A HTTP/1.0" 404 1015
66.249.64.167 - - [27/Oct/2014:04:42:13 -0500] "GET /BLA/resoluciones/RESOLUCIONES%202011/0218.pdf HTTP/1.1" 304 -
144.76.95.39 - - [27/Oct/2014:04:42:21 -0500] "GET /re1/Inicio/imagen%20inicio/?C=N;O=D HTTP/1.0" 404 1015
188.165.15.19 - - [27/Oct/2014:04:42:29 -0500] "GET /BLA/resoluciones/RESOLUCIONES%202004/RES%202004%201001-1050/00001026.tif HTTP/1.1" 200 116678
144.76.95.39 - - [27/Oct/2014:04:42:33 -0500] "GET /re1/Inicio/imagen%20inicio/?C=S;O=A HTTP/1.0" 404 1015
144.76.95.39 - - [27/Oct/2014:04:42:42 -0500] "GET /re1/Inicio/imagen%20inicio/imagen%20inicio.htm HTTP/1.0" 404 1015
201.245.192.253 - - [27/Oct/2014:04:39:43 -0500] "GET /ForestMSG_SDA/channelAsync/template_word_16759698?X-Atmosphere-tracking-id=80b472e0-b59c-77d7-e6ff-0e2e883eacaa&X-Atmosphere-Framework=1.0.5&X-Atmosphere-Transport=long-polling&tabid=0.5564406877674468&X-Cache-Date=0&Content-Type=application/xml&_=1414402920968 HTTP/1.1" 200 8193
144.76.95.39 - - [27/Oct/2014:04:43:03 -0500] "GET /re1/Que%20es/?C=N;O=A HTTP/1.0" 404 1015
144.76.95.39 - - [27/Oct/2014:04:43:19 -0500] "GET /re1/Que%20es/?C=S;O=D HTTP/1.0" 404 1015
144.76.95.39 - - [27/Oct/2014:04:43:21 -0500] "GET /re1/Que%20es/Agenda%20ambiental/?C=D;O=A HTTP/1.0" 404 1015
144.76.95.39 - - [27/Oct/2014:04:43:23 -0500] "GET /re1/Que%20es/Agenda%20ambiental/?C=M;O=A HTTP/1.0" 404 1015
144.76.95.39 - - [27/Oct/2014:04:43:25 -0500] "GET /re1/Que%20es/Agenda%20ambiental/?C=N;O=D HTTP/1.0" 404 1015
144.76.95.39 - - [27/Oct/2014:04:43:27 -0500] "GET /re1/Que%20es/Agenda%20ambiental/?C=S;O=A HTTP/1.0" 404 1015
144.76.95.39 - - [27/Oct/2014:04:43:29 -0500] "GET /re1/Que%20es/Marco%20legal/?C=D;O=A HTTP/1.0" 404 1015
144.76.95.39 - - [27/Oct/2014:04:43:31 -0500] "GET /re1/Que%20es/Marco%20legal/?C=M;O=A HTTP/1.0" 404 1015
144.76.95.39 - - [27/Oct/2014:04:43:33 -0500] "GET /re1/Que%20es/Marco%20legal/?C=N;O=D HTTP/1.0" 404 1015
123.125.71.51 - - [27/Oct/2014:04:43:33 -0500] "GET /BLA/resoluciones/RESOLUCIONES%202008/0123.pdf HTTP/1.1" 200 252050
180.76.5.171 - - [27/Oct/2014:04:43:34 -0500] "GET /BLA/resoluciones/AUTOS%202009/1524.pdf HTTP/1.1" 200 97150
144.76.95.39 - - [27/Oct/2014:04:43:34 -0500] "GET /re1/Que%20es/Marco%20legal/?C=S;O=A HTTP/1.0" 404 1015
144.76.95.39 - - [27/Oct/2014:04:43:36 -0500] "GET /re1/Que%20es/Marco%20legal/Normas%20nacionales/normas%20nacionales%20link.htm HTTP/1.0" 404 1015
144.76.95.39 - - [27/Oct/2014:04:43:38 -0500] "GET /re1/Que%20es/Marco%20pedagocico/?C=D;O=A HTTP/1.0" 404 1015
188.165.15.50 - - [27/Oct/2014:04:43:39 -0500] "GET /BLA/resoluciones/index.php?dir=RESOLUCIONES%202006/RES%202006%201351-1400/&sort=size&order=desc HTTP/1.1" 200 12366
144.76.95.39 - - [27/Oct/2014:04:43:40 -0500] "GET /re1/Que%20es/Marco%20pedagocico/?C=M;O=A HTTP/1.0" 404 1015
144.76.95.39 - - [27/Oct/2014:04:43:41 -0500] "GET /re1/Que%20es/Marco%20pedagocico/?C=N;O=D HTTP/1.0" 404 1015
144.76.95.39 - - [27/Oct/2014:04:43:43 -0500] "GET /re1/Que%20es/Marco%20pedagocico/?C=S;O=A HTTP/1.0" 404 1015
144.76.95.39 - - [27/Oct/2014:04:43:45 -0500] "GET /re1/Que%20es/Marco%20pedagocico/gestion%20residuos/gestion%20residuos.htm HTTP/1.0" 404 1015
144.76.95.39 - - [27/Oct/2014:04:43:46 -0500] "GET /re1/Que%20es/Marco%20pedagocico/marco%20pedagogico%20link.htm HTTP/1.0" 404 1015
144.76.95.39 - - [27/Oct/2014:04:43:48 -0500] "GET /re1/Que%20es/Marco%20pedagocico/modelo%20pedagogico/modelo%20pedagogico%20link.htm HTTP/1.0" 404 1015
144.76.95.39 - - [27/Oct/2014:04:43:50 -0500] "GET /re1/Que%20es/Marco%20pedagocico/relacion%20desarrollo/relacion%20desarrollo%20link.htm HTTP/1.0" 404 1015
144.76.95.39 - - [27/Oct/2014:04:43:54 -0500] "GET /re1/Que%20es/Marco%20pedagocico/tematica%20ambiental/tematica%20ambiental.htm HTTP/1.0" 404 1015
144.76.95.39 - - [27/Oct/2014:04:43:56 -0500] "GET /re1/Que%20es/Plan%20comunicaciones/?C=D;O=D HTTP/1.0" 404 1015
144.76.95.39 - - [27/Oct/2014:04:43:57 -0500] "GET /re1/Que%20es/Plan%20comunicaciones/?C=M;O=D HTTP/1.0" 404 1015
144.76.95.39 - - [27/Oct/2014:04:43:59 -0500] "GET /re1/Que%20es/Plan%20comunicaciones/?C=N;O=D HTTP/1.0" 404 1015
144.76.95.39 - - [27/Oct/2014:04:44:01 -0500] "GET /re1/Que%20es/Plan%20comunicaciones/?C=S;O=D HTTP/1.0" 404 1015
144.76.95.39 - - [27/Oct/2014:04:44:09 -0500] "GET /re1/Que%20es/Plan%20comunicaciones/medios%20de%20divulgacion/medios%20divulgacion%20link.htm HTTP/1.0" 404 1015
188.165.15.19 - - [27/Oct/2014:04:44:10 -0500] "GET /BLA/resoluciones/RESOLUCIONES%202003/RES%202003%201201-1250/2003RES1220.tif HTTP/1.1" 200 139944
144.76.95.39 - - [27/Oct/2014:04:44:13 -0500] "GET /re1/Que%20es/Plan%20comunicaciones/publicos/publicos%20link.htm HTTP/1.0" 404 1015
144.76.95.39 - - [27/Oct/2014:04:44:15 -0500] "GET /re1/Que%20es/Plan%20operativo/?C=D;O=D HTTP/1.0" 404 1015
144.76.95.39 - - [27/Oct/2014:04:44:17 -0500] "GET /re1/Que%20es/Plan%20operativo/?C=M;O=D HTTP/1.0" 404 1015
188.165.15.239 - - [27/Oct/2014:04:44:19 -0500] "GET /BLA/resoluciones/index.php?dir=RESOLUCIONES%202006/RES%202006%201101-1150/&sort=size&order=asc HTTP/1.1" 200 12368
144.76.95.39 - - [27/Oct/2014:04:44:19 -0500] "GET /re1/Que%20es/Plan%20operativo/?C=N;O=D HTTP/1.0" 404 1015
144.76.95.39 - - [27/Oct/2014:04:44:23 -0500] "GET /re1/Que%20es/Plan%20operativo/?C=S;O=D HTTP/1.0" 404 1015
144.76.95.39 - - [27/Oct/2014:04:44:32 -0500] "GET /re1/Que%20es/Plan%20operativo/fase%20capacitacion/fase%20capacitacion%20link.htm HTTP/1.0" 404 1015
144.76.95.39 - - [27/Oct/2014:04:44:40 -0500] "GET /re1/Que%20es/Plan%20operativo/fase%20recoleccion/fase%20recoleccion%20link.htm HTTP/1.0" 404 1015
144.76.95.39 - - [27/Oct/2014:04:44:54 -0500] "GET /re1/Que%20es/Talleres/?C=D;O=D HTTP/1.0" 404 1015
74.86.158.107 - - [27/Oct/2014:04:45:03 -0500] "HEAD / HTTP/1.1" 302 -
144.76.95.39 - - [27/Oct/2014:04:45:21 -0500] "GET /re1/Que%20es/Talleres/?C=M;O=D HTTP/1.0" 404 1015
144.76.95.39 - - [27/Oct/2014:04:45:26 -0500] "GET /re1/Que%20es/Talleres/?C=N;O=D HTTP/1.0" 404 1015
144.76.95.39 - - [27/Oct/2014:04:45:40 -0500] "GET /re1/Que%20es/Talleres/?C=S;O=D HTTP/1.0" 404 1015
