201.245.192.253 - - [27/Oct/2014:04:42:44 -0500] "GET /ForestMSG_SDA/channelAsync/template_word_16759698?X-Atmosphere-tracking-id=80b472e0-b59c-77d7-e6ff-0e2e883eacaa&X-Atmosphere-Framework=1.0.5&X-Atmosphere-Transport=long-polling&tabid=0.5564406877674468&X-Cache-Date=0&Content-Type=application/xml&_=1414403101742 HTTP/1.1" 200 8193
66.249.64.163 - - [27/Oct/2014:04:45:52 -0500] "GET /BLA/resoluciones/RESOLUCIONES%202010/4775.pdf HTTP/1.1" 304 -
144.76.95.39 - - [27/Oct/2014:04:45:54 -0500] "GET /re1/Que%20es/Talleres/metales/metales%20link.htm HTTP/1.0" 404 1015
66.249.64.167 - - [27/Oct/2014:04:45:57 -0500] "GET /BLA/resoluciones/RESOLUCIONES%202009/1373.pdf HTTP/1.1" 304 -
144.76.95.39 - - [27/Oct/2014:04:46:19 -0500] "GET /re1/Que%20es/Talleres/papel/papel%20link.htm HTTP/1.0" 404 1015
144.76.95.39 - - [27/Oct/2014:04:46:24 -0500] "GET /re1/Que%20es/imagen%20que%20es/?C=D;O=A HTTP/1.0" 404 1015
180.76.5.145 - - [27/Oct/2014:04:46:29 -0500] "GET /BLA/resoluciones/AUTOS%202009/2435.pdf HTTP/1.1" 200 101116
144.76.95.39 - - [27/Oct/2014:04:46:44 -0500] "GET /re1/Que%20es/imagen%20que%20es/?C=M;O=A HTTP/1.0" 404 1015
188.165.15.193 - - [27/Oct/2014:04:46:51 -0500] "GET /BLA/resoluciones/RESOLUCIONES%202003/RES%202003%201801-1850/20031807.tif HTTP/1.1" 200 44642
144.76.95.39 - - [27/Oct/2014:04:46:53 -0500] "GET /re1/Que%20es/imagen%20que%20es/?C=N;O=D HTTP/1.0" 404 1015
144.76.95.39 - - [27/Oct/2014:04:46:58 -0500] "GET /re1/Que%20es/imagen%20que%20es/?C=S;O=A HTTP/1.0" 404 1015
144.76.95.39 - - [27/Oct/2014:04:47:01 -0500] "GET /re1/Que%20es/imagen%20que%20es/que%20es.htm HTTP/1.0" 404 1015
144.76.95.39 - - [27/Oct/2014:04:47:03 -0500] "GET /re1/Resumen/?C=N;O=A HTTP/1.0" 404 1015
144.76.95.39 - - [27/Oct/2014:04:47:04 -0500] "GET /re1/Resumen/?C=S;O=D HTTP/1.0" 404 1015
144.76.95.39 - - [27/Oct/2014:04:47:10 -0500] "GET /re1/Resumen/Evaluacion/?C=D;O=D HTTP/1.0" 404 1015
144.76.95.39 - - [27/Oct/2014:04:47:18 -0500] "GET /re1/Resumen/Evaluacion/?C=M;O=D HTTP/1.0" 404 1015
144.76.95.39 - - [27/Oct/2014:04:47:26 -0500] "GET /re1/Resumen/Evaluacion/?C=N;O=D HTTP/1.0" 404 1015
180.76.6.14 - - [27/Oct/2014:04:47:29 -0500] "GET /BLA/resoluciones/AUTOS%202011/5103.pdf HTTP/1.1" 200 218457
144.76.95.39 - - [27/Oct/2014:04:47:32 -0500] "GET /re1/Resumen/Evaluacion/?C=S;O=D HTTP/1.0" 404 1015
144.76.95.39 - - [27/Oct/2014:04:47:34 -0500] "GET /re1/Resumen/como/?C=D;O=D HTTP/1.0" 404 1015
144.76.95.39 - - [27/Oct/2014:04:47:42 -0500] "GET /re1/Resumen/como/?C=M;O=D HTTP/1.0" 404 1015
144.76.95.39 - - [27/Oct/2014:04:47:45 -0500] "GET /re1/Resumen/como/?C=N;O=D HTTP/1.0" 404 1015
144.76.95.39 - - [27/Oct/2014:04:47:50 -0500] "GET /re1/Resumen/como/?C=S;O=D HTTP/1.0" 404 1015
66.249.64.163 - - [27/Oct/2014:04:47:50 -0500] "GET /BLA/resoluciones/AUTOS%202013/2418.pdf HTTP/1.1" 304 -
144.76.95.39 - - [27/Oct/2014:04:47:51 -0500] "GET /re1/Resumen/cuando/?C=D;O=D HTTP/1.0" 404 1015
144.76.95.39 - - [27/Oct/2014:04:47:53 -0500] "GET /re1/Resumen/cuando/?C=M;O=D HTTP/1.0" 404 1015
144.76.95.39 - - [27/Oct/2014:04:47:55 -0500] "GET /re1/Resumen/cuando/?C=N;O=D HTTP/1.0" 404 1015
144.76.95.39 - - [27/Oct/2014:04:47:57 -0500] "GET /re1/Resumen/cuando/?C=S;O=D HTTP/1.0" 404 1015
144.76.95.39 - - [27/Oct/2014:04:47:58 -0500] "GET /re1/Resumen/donde/?C=D;O=D HTTP/1.0" 404 1015
66.249.64.163 - - [27/Oct/2014:04:48:18 -0500] "GET /BLA/resoluciones/RESOLUCIONES%202011/4120.pdf HTTP/1.1" 200 134501
180.76.5.192 - - [27/Oct/2014:04:48:28 -0500] "GET /BLA/resoluciones/AUTOS%202011/4137.pdf HTTP/1.1" 200 228647
201.245.192.253 - - [27/Oct/2014:04:45:44 -0500] "GET /ForestMSG_SDA/channelAsync/template_word_16759698?X-Atmosphere-tracking-id=80b472e0-b59c-77d7-e6ff-0e2e883eacaa&X-Atmosphere-Framework=1.0.5&X-Atmosphere-Transport=long-polling&tabid=0.5564406877674468&X-Cache-Date=0&Content-Type=application/xml&_=1414403281727 HTTP/1.1" 200 8193
66.249.64.171 - - [27/Oct/2014:04:48:52 -0500] "-" 408 -
144.76.95.39 - - [27/Oct/2014:04:48:52 -0500] "GET /re1/Resumen/donde/?C=M;O=D HTTP/1.0" 404 1015
144.76.95.39 - - [27/Oct/2014:04:49:07 -0500] "GET /re1/Resumen/donde/?C=M;O=D HTTP/1.0" 404 1015
144.76.95.39 - - [27/Oct/2014:04:49:09 -0500] "GET /re1/Resumen/donde/?C=N;O=D HTTP/1.0" 404 1015
188.165.15.192 - - [27/Oct/2014:04:49:10 -0500] "GET /BLA/resoluciones/RESOLUCIONES%202004/RES%202004%20701-750/00000742.tif HTTP/1.1" 200 269406
180.76.5.17 - - [27/Oct/2014:04:49:28 -0500] "GET /BLA/resoluciones/AUTOS%202009/2960.pdf HTTP/1.1" 200 117472
66.249.64.163 - - [27/Oct/2014:04:49:43 -0500] "GET /BLA/resoluciones/AUTOS%202007/1873.pdf HTTP/1.1" 200 67452
66.249.64.171 - - [27/Oct/2014:04:49:45 -0500] "GET /BLA/resoluciones/RESOLUCIONES%202013/0399.pdf HTTP/1.1" 200 778375
144.76.95.39 - - [27/Oct/2014:04:50:01 -0500] "GET /re1/Resumen/donde/?C=S;O=D HTTP/1.0" 404 1015
74.86.158.107 - - [27/Oct/2014:04:50:03 -0500] "HEAD / HTTP/1.1" 302 -
144.76.95.39 - - [27/Oct/2014:04:50:06 -0500] "GET /re1/Resumen/porque/?C=D;O=D HTTP/1.0" 404 1015
188.165.15.78 - - [27/Oct/2014:04:50:17 -0500] "GET /BLA/resoluciones/index.php?dir=RESOLUCIONES+2004%2FRES+2004+2351-2401%2F HTTP/1.1" 200 12572
144.76.95.39 - - [27/Oct/2014:04:50:17 -0500] "GET /re1/Resumen/porque/?C=M;O=D HTTP/1.0" 404 1015
144.76.95.39 - - [27/Oct/2014:04:50:24 -0500] "GET /re1/Resumen/porque/?C=N;O=D HTTP/1.0" 404 1015
144.76.95.39 - - [27/Oct/2014:04:50:24 -0500] "GET /re1/Resumen/donde/?C=S;O=D HTTP/1.0" 404 1015
188.165.15.19 - - [27/Oct/2014:04:50:27 -0500] "GET /BLA/resoluciones/RESOLUCIONES%202004/RES%202004%20901-950/00000913.tif HTTP/1.1" 200 89466
144.76.95.39 - - [27/Oct/2014:04:50:45 -0500] "GET /re1/Resumen/porque/?C=S;O=D HTTP/1.0" 404 1015
144.76.95.39 - - [27/Oct/2014:04:51:03 -0500] "GET /re1/Resumen/que/?C=D;O=D HTTP/1.0" 404 1015
144.76.95.39 - - [27/Oct/2014:04:51:15 -0500] "GET /re1/Resumen/que/?C=M;O=D HTTP/1.0" 404 1015
144.76.95.39 - - [27/Oct/2014:04:51:29 -0500] "GET /re1/Resumen/que/?C=N;O=D HTTP/1.0" 404 1015
66.249.64.163 - - [27/Oct/2014:04:51:36 -0500] "GET /BLA/resoluciones/RESOLUCIONES%202008/0410.pdf HTTP/1.1" 304 -
144.76.95.39 - - [27/Oct/2014:04:51:37 -0500] "GET /re1/Resumen/que/?C=S;O=D HTTP/1.0" 404 1015
201.245.192.253 - - [27/Oct/2014:04:48:44 -0500] "GET /ForestMSG_SDA/channelAsync/template_word_16759698?X-Atmosphere-tracking-id=80b472e0-b59c-77d7-e6ff-0e2e883eacaa&X-Atmosphere-Framework=1.0.5&X-Atmosphere-Transport=long-polling&tabid=0.5564406877674468&X-Cache-Date=0&Content-Type=application/xml&_=1414403461814 HTTP/1.1" 200 8193
144.76.95.39 - - [27/Oct/2014:04:51:46 -0500] "GET /re1/Resumen/quienes/?C=D;O=D HTTP/1.0" 404 1015
144.76.95.39 - - [27/Oct/2014:04:51:55 -0500] "GET /re1/Resumen/quienes/?C=M;O=D HTTP/1.0" 404 1015
144.76.95.39 - - [27/Oct/2014:04:52:03 -0500] "GET /re1/Resumen/quienes/?C=N;O=D HTTP/1.0" 404 1015
144.76.95.39 - - [27/Oct/2014:04:52:08 -0500] "GET /re1/Resumen/quienes/?C=S;O=D HTTP/1.0" 404 1015
144.76.95.39 - - [27/Oct/2014:04:52:16 -0500] "GET /re1/contactenos/?C=D;O=D HTTP/1.0" 404 1015
144.76.95.39 - - [27/Oct/2014:04:52:33 -0500] "GET /re1/contactenos/?C=M;O=D HTTP/1.0" 404 1015
144.76.95.39 - - [27/Oct/2014:04:52:52 -0500] "GET /re1/contactenos/?C=N;O=A HTTP/1.0" 404 1015
144.76.95.39 - - [27/Oct/2014:04:52:57 -0500] "GET /re1/contactenos/?C=S;O=D HTTP/1.0" 404 1015
144.76.95.39 - - [27/Oct/2014:04:53:01 -0500] "GET /re1/contactenos/imagen%20contactenos/?C=D;O=D HTTP/1.0" 404 1015
144.76.95.39 - - [27/Oct/2014:04:53:04 -0500] "GET /re1/contactenos/imagen%20contactenos/?C=M;O=D HTTP/1.0" 404 1015
144.76.95.39 - - [27/Oct/2014:04:53:06 -0500] "GET /re1/contactenos/imagen%20contactenos/?C=N;O=D HTTP/1.0" 404 1015
188.165.15.19 - - [27/Oct/2014:04:53:11 -0500] "GET /BLA/resoluciones/index.php?dir=RESOLUCIONES%202002/RES%202002%201651-1700/&sort=date&order=asc HTTP/1.1" 200 12155
144.76.95.39 - - [27/Oct/2014:04:53:14 -0500] "GET /re1/contactenos/imagen%20contactenos/?C=S;O=D HTTP/1.0" 404 1015
66.249.64.171 - - [27/Oct/2014:04:53:25 -0500] "GET /BLA/resoluciones/RESOLUCIONES%202012/1282.pdf HTTP/1.1" 200 689958
144.76.95.39 - - [27/Oct/2014:04:53:27 -0500] "GET /re1/glosario/?C=D;O=D HTTP/1.0" 404 1015
66.249.64.167 - - [27/Oct/2014:04:54:07 -0500] "GET /BLA/resoluciones/RESOLUCIONES%202009/8342.pdf HTTP/1.1" 200 474678
66.249.64.167 - - [27/Oct/2014:04:54:15 -0500] "GET /BLA/resoluciones/AUTOS%202006/AUTOS%202006%201601%20-%201700/INDEX.DAT HTTP/1.1" 200 4000
66.249.64.163 - - [27/Oct/2014:04:54:24 -0500] "GET /BLA/resoluciones/index.php?dir=RESOLUCIONES+2005%2FRES+2005+1451-1500%2F HTTP/1.1" 200 12368
144.76.95.39 - - [27/Oct/2014:04:54:25 -0500] "GET /re1/glosario/?C=M;O=D HTTP/1.0" 404 1015
144.76.95.39 - - [27/Oct/2014:04:54:27 -0500] "GET /re1/glosario/?C=N;O=A HTTP/1.0" 404 1015
144.76.95.39 - - [27/Oct/2014:04:54:29 -0500] "GET /re1/glosario/?C=S;O=D HTTP/1.0" 404 1015
144.76.95.39 - - [27/Oct/2014:04:54:32 -0500] "GET /resoluciones/2005/?C=N;O=A HTTP/1.0" 404 1015
66.249.64.167 - - [27/Oct/2014:04:54:33 -0500] "GET /BLA/resoluciones/AUTOS%202007/2511.pdf HTTP/1.1" 200 266233
220.181.125.162 - - [27/Oct/2014:04:54:33 -0500] "GET /robots.txt HTTP/1.1" 404 1019
144.76.95.39 - - [27/Oct/2014:04:54:35 -0500] "GET /resoluciones/2005/?C=S;O=D HTTP/1.0" 404 1015
144.76.95.39 - - [27/Oct/2014:04:54:37 -0500] "GET /resoluciones/2014/?C=N;O=A HTTP/1.0" 404 1015
144.76.95.39 - - [27/Oct/2014:04:54:39 -0500] "GET /resoluciones/2014/?C=S;O=D HTTP/1.0" 404 1015
144.76.95.39 - - [27/Oct/2014:04:54:41 -0500] "GET /siac/documentos/?C=N;O=A HTTP/1.0" 404 1015
220.181.125.162 - - [27/Oct/2014:04:54:41 -0500] "GET / HTTP/1.1" 302 -
66.249.64.171 - - [27/Oct/2014:04:54:41 -0500] "GET /BLA/resoluciones/RESOLUCIONES%202010/0450.pdf HTTP/1.1" 200 115074
144.76.95.39 - - [27/Oct/2014:04:54:43 -0500] "GET /sinmi1/sinmi.htm HTTP/1.0" 404 1015
144.76.95.39 - - [27/Oct/2014:04:54:43 -0500] "GET /re1/glosario/?C=M;O=D HTTP/1.0" 404 1015
144.76.95.39 - - [27/Oct/2014:04:54:44 -0500] "GET /sinmi2/htm7/?C=N;O=A HTTP/1.0" 404 1015
201.245.192.253 - - [27/Oct/2014:04:51:44 -0500] "GET /ForestMSG_SDA/channelAsync/template_word_16759698?X-Atmosphere-tracking-id=80b472e0-b59c-77d7-e6ff-0e2e883eacaa&X-Atmosphere-Framework=1.0.5&X-Atmosphere-Transport=long-polling&tabid=0.5564406877674468&X-Cache-Date=0&Content-Type=application/xml&_=1414403641880 HTTP/1.1" 200 8193
144.76.95.39 - - [27/Oct/2014:04:54:46 -0500] "GET /sinmi2/htm7/?C=S;O=D HTTP/1.0" 404 1015
144.76.95.39 - - [27/Oct/2014:04:54:48 -0500] "GET /sinmi2/htm7/INFORME%2007%20AM%20-%20VER%2097/tsld005.htm HTTP/1.0" 404 1015
66.249.64.167 - - [27/Oct/2014:04:54:50 -0500] "GET /BLA/resoluciones/AUTOS%202012/1518.pdf HTTP/1.1" 200 606173
66.249.64.167 - - [27/Oct/2014:04:54:52 -0500] "GET /BLA/resoluciones/RESOLUCIONES%202009/8758.pdf HTTP/1.1" 200 381136
144.76.95.39 - - [27/Oct/2014:04:54:57 -0500] "GET /sinmi3/12/?C=N;O=A HTTP/1.0" 404 1015
66.249.64.163 - - [27/Oct/2014:04:54:59 -0500] "GET /BLA/resoluciones/RESOLUCIONES%202008/1527.pdf HTTP/1.1" 200 69851
144.76.95.39 - - [27/Oct/2014:04:55:00 -0500] "GET /sinmi3/12/?C=S;O=D HTTP/1.0" 404 1015
74.86.158.107 - - [27/Oct/2014:04:55:03 -0500] "HEAD / HTTP/1.1" 302 -
144.76.95.39 - - [27/Oct/2014:04:55:08 -0500] "GET /sinmi3/17/?C=N;O=A HTTP/1.0" 404 1015
144.76.95.39 - - [27/Oct/2014:04:55:10 -0500] "GET /sinmi3/17/?C=S;O=D HTTP/1.0" 404 1015
188.165.15.78 - - [27/Oct/2014:04:55:13 -0500] "GET /BLA/resoluciones/RESOLUCIONES%202003/RES%202003%201951-2000/00001964.tif HTTP/1.1" 200 89032
144.76.95.39 - - [27/Oct/2014:04:55:13 -0500] "GET /sinmi3/7/?C=N;O=A HTTP/1.0" 404 1015
144.76.95.39 - - [27/Oct/2014:04:55:16 -0500] "GET /sinmi3/7/?C=S;O=D HTTP/1.0" 404 1015
66.249.64.171 - - [27/Oct/2014:04:55:16 -0500] "GET /BLA/resoluciones/AUTOS%202010/0567.pdf HTTP/1.1" 200 227439
66.249.64.167 - - [27/Oct/2014:04:55:18 -0500] "GET /BLA/resoluciones/RESOLUCIONES%202008/4595.pdf HTTP/1.1" 304 -
144.76.95.39 - - [27/Oct/2014:04:55:18 -0500] "GET /smtp/Net/?C=N;O=A HTTP/1.0" 404 1015
144.76.95.39 - - [27/Oct/2014:04:55:21 -0500] "GET /smtp/Net/?C=S;O=D HTTP/1.0" 404 1015
144.76.95.39 - - [27/Oct/2014:04:55:22 -0500] "GET /smtp/Net/docs/?C=D;O=D HTTP/1.0" 404 1015
144.76.95.39 - - [27/Oct/2014:04:55:24 -0500] "GET /smtp/Net/docs/?C=M;O=D HTTP/1.0" 404 1015
144.76.95.39 - - [27/Oct/2014:04:55:28 -0500] "GET /smtp/Net/docs/?C=N;O=D HTTP/1.0" 404 1015
144.76.95.39 - - [27/Oct/2014:04:55:30 -0500] "GET /smtp/Net/docs/?C=S;O=D HTTP/1.0" 404 1015
144.76.95.39 - - [27/Oct/2014:04:55:31 -0500] "GET /smtp/Net/examples/?C=D;O=D HTTP/1.0" 404 1015
66.249.64.163 - - [27/Oct/2014:04:55:33 -0500] "GET /BLA/resoluciones/AUTOS%202011/2913.pdf HTTP/1.1" 200 322806
144.76.95.39 - - [27/Oct/2014:04:55:44 -0500] "GET /smtp/Net/examples/?C=M;O=D HTTP/1.0" 404 1015
66.249.64.171 - - [27/Oct/2014:04:55:50 -0500] "GET /BLA/resoluciones/RESOLUCIONES%202013/2457.pdf HTTP/1.1" 200 428390
180.76.6.143 - - [27/Oct/2014:04:55:52 -0500] "GET /BLA/resoluciones/AUTOS%202009/2037.pdf HTTP/1.1" 200 366704
66.249.64.171 - - [27/Oct/2014:04:56:07 -0500] "GET /BLA/resoluciones/AUTOS%202011/3449.pdf HTTP/1.1" 200 213367
144.76.95.39 - - [27/Oct/2014:04:56:15 -0500] "GET /smtp/Net/examples/?C=N;O=D HTTP/1.0" 404 1015
66.249.64.167 - - [27/Oct/2014:04:56:25 -0500] "GET /BLA/resoluciones/AUTOS%202013/0269.pdf HTTP/1.1" 200 1870152
144.76.95.39 - - [27/Oct/2014:04:56:29 -0500] "GET /smtp/Net/examples/?C=S;O=D HTTP/1.0" 404 1015
180.76.5.223 - - [27/Oct/2014:04:56:33 -0500] "GET /videos/NuestraGente_Brigadistas.flv HTTP/1.1" 200 83909049
66.249.64.163 - - [27/Oct/2014:04:56:42 -0500] "GET /BLA/resoluciones/RESOLUCIONES%202010/4504.pdf HTTP/1.1" 304 -
144.76.95.39 - - [27/Oct/2014:04:56:45 -0500] "GET /smtp/Net/tests/?C=D;O=D HTTP/1.0" 404 1015
144.76.95.39 - - [27/Oct/2014:04:56:48 -0500] "GET /smtp/Net/tests/?C=M;O=D HTTP/1.0" 404 1015
201.245.192.253 - - [27/Oct/2014:04:56:52 -0500] "GET /forest/skins/gdocs-jar/img/icons/tiff.gif HTTP/1.1" 304 -
144.76.95.39 - - [27/Oct/2014:04:56:56 -0500] "GET /smtp/Net/tests/?C=N;O=D HTTP/1.0" 404 1015
66.249.64.163 - - [27/Oct/2014:04:56:59 -0500] "GET /BLA/resoluciones/AUTOS%202007/2256.pdf HTTP/1.1" 304 -
144.76.95.39 - - [27/Oct/2014:04:57:03 -0500] "GET /smtp/Net/tests/?C=S;O=D HTTP/1.0" 404 1015
66.249.64.167 - - [27/Oct/2014:04:57:10 -0500] "GET /BLA/resoluciones/RESOLUCIONES%202012/0335.pdf HTTP/1.1" 304 -
188.165.15.19 - - [27/Oct/2014:04:57:12 -0500] "GET /BLA/resoluciones/RESOLUCIONES%202004/RES%202004%201501-1550/00001531.tif HTTP/1.1" 200 44802
66.249.64.163 - - [27/Oct/2014:04:57:16 -0500] "GET /BLA/resoluciones/RESOLUCIONES%202009/4351.pdf HTTP/1.1" 200 344528
198.50.240.117 - - [27/Oct/2014:04:57:27 -0500] "GET /auntentica.txt HTTP/1.1" 404 1153
66.249.64.171 - - [27/Oct/2014:04:57:33 -0500] "GET /BLA/resoluciones/AUTOS%202009/1245.pdf HTTP/1.1" 304 -
134.93.43.55 - - [27/Oct/2014:04:57:36 -0500] "GET /BLA/boletinlegal/js/jquery.js HTTP/1.1" 200 57254
134.93.43.55 - - [27/Oct/2014:04:57:36 -0500] "GET /BLA/boletinlegal/js/jquery.scrollTo-min.js HTTP/1.1" 200 1150
134.93.43.55 - - [27/Oct/2014:04:57:36 -0500] "GET /BLA/boletinlegal/js/jquery.scrollShow.js HTTP/1.1" 200 4586
134.93.43.55 - - [27/Oct/2014:04:57:36 -0500] "GET /galeria/carrusel/Carrusel/jquery.thumbnailScroller.css HTTP/1.1" 200 2066
134.93.43.55 - - [27/Oct/2014:04:57:37 -0500] "GET /galeria/carrusel/Carrusel/jquery-ui-1.8.13.custom.min.js HTTP/1.1" 200 10800
134.93.43.55 - - [27/Oct/2014:04:57:38 -0500] "GET /galeria/carrusel/Carrusel/jquery.thumbnailScroller.js HTTP/1.1" 200 8157
134.93.43.55 - - [27/Oct/2014:04:57:39 -0500] "GET /galeria/nivo-slider/demo/demo.html HTTP/1.1" 200 3636
134.93.43.55 - - [27/Oct/2014:04:57:40 -0500] "GET /galeria/nivo-slider/themes/default/default.css HTTP/1.1" 200 1569
134.93.43.55 - - [27/Oct/2014:04:57:40 -0500] "GET /galeria/nivo-slider/themes/pascal/pascal.css HTTP/1.1" 200 2258
134.93.43.55 - - [27/Oct/2014:04:57:40 -0500] "GET /galeria/nivo-slider/themes/orman/orman.css HTTP/1.1" 200 2152
134.93.43.55 - - [27/Oct/2014:04:57:40 -0500] "GET /galeria/nivo-slider/nivo-slider.css HTTP/1.1" 200 1507
134.93.43.55 - - [27/Oct/2014:04:57:40 -0500] "GET /galeria/nivo-slider/demo/style.css HTTP/1.1" 200 2222
134.93.43.55 - - [27/Oct/2014:04:57:41 -0500] "GET /galeria/nivo-slider/demo/images/banner-aceite3.jpg HTTP/1.1" 200 88347
134.93.43.55 - - [27/Oct/2014:04:57:41 -0500] "GET /galeria/nivo-slider/demo/images/banner-conejera1.jpg HTTP/1.1" 200 136228
134.93.43.55 - - [27/Oct/2014:04:57:41 -0500] "GET /galeria/nivo-slider/demo/scripts/jquery-1.7.1.min.js HTTP/1.1" 200 93868
134.93.43.55 - - [27/Oct/2014:04:57:41 -0500] "GET /galeria/nivo-slider/jquery.nivo.slider.pack.js HTTP/1.1" 200 11561
134.93.43.55 - - [27/Oct/2014:04:57:41 -0500] "GET /galeria/nivo-slider/demo/images/mesTIC.jpg HTTP/1.1" 200 180719
134.93.43.55 - - [27/Oct/2014:04:57:41 -0500] "GET /galeria/nivo-slider/demo/images/EncuentroAgua1.jpg HTTP/1.1" 200 274179
134.93.43.55 - - [27/Oct/2014:04:57:41 -0500] "GET /galeria/nivo-slider/demo/images/Tingua-azul.jpg HTTP/1.1" 200 307638
134.93.43.55 - - [27/Oct/2014:04:57:41 -0500] "GET /galeria/nivo-slider/demo/images/Banner-Caracol-Africano.jpg HTTP/1.1" 200 331986
134.93.43.55 - - [27/Oct/2014:04:57:41 -0500] "GET /galeria/nivo-slider/demo/images/banner-redes.jpg HTTP/1.1" 200 62209
134.93.43.55 - - [27/Oct/2014:04:57:42 -0500] "GET /galeria/nivo-slider/demo/images/9Signos.jpg HTTP/1.1" 200 93040
134.93.43.55 - - [27/Oct/2014:04:57:42 -0500] "GET /galeria/nivo-slider/demo/images/banner-encuesta.jpg HTTP/1.1" 200 42764
134.93.43.55 - - [27/Oct/2014:04:57:43 -0500] "GET /galeria/nivo-slider/demo/images/banner-llantas2.jpg HTTP/1.1" 200 73153
134.93.43.55 - - [27/Oct/2014:04:57:43 -0500] "GET /galeria/nivo-slider/demo/images/banner-caballos.png HTTP/1.1" 200 389106
134.93.43.55 - - [27/Oct/2014:04:57:43 -0500] "GET /galeria/nivo-slider/demo/images/Hacienda_Molinos.jpg HTTP/1.1" 200 319171
134.93.43.55 - - [27/Oct/2014:04:57:43 -0500] "GET /galeria/nivo-slider/demo/images/bannerEcolecta3.jpg HTTP/1.1" 200 280034
134.93.43.55 - - [27/Oct/2014:04:57:43 -0500] "GET /galeria/nivo-slider/demo/images/4Simple_Slider.png HTTP/1.1" 200 11722
134.93.43.55 - - [27/Oct/2014:04:57:43 -0500] "GET /galeria/nivo-slider/themes/default/loading.gif HTTP/1.1" 200 1737
201.245.192.253 - - [27/Oct/2014:04:54:44 -0500] "GET /ForestMSG_SDA/channelAsync/template_word_16759698?X-Atmosphere-tracking-id=80b472e0-b59c-77d7-e6ff-0e2e883eacaa&X-Atmosphere-Framework=1.0.5&X-Atmosphere-Transport=long-polling&tabid=0.5564406877674468&X-Cache-Date=0&Content-Type=application/xml&_=1414403821965 HTTP/1.1" 200 8193
188.165.15.87 - - [27/Oct/2014:04:57:45 -0500] "GET /BLA/resoluciones/RESOLUCIONES%202002/RES%202002%201551-1600/20021551.tif HTTP/1.1" 200 139746
134.93.43.55 - - [27/Oct/2014:04:57:47 -0500] "GET /galeria/nivo-slider/themes/default/arrows.png HTTP/1.1" 200 824
134.93.43.55 - - [27/Oct/2014:04:57:47 -0500] "GET /galeria/nivo-slider/themes/default/bullets.png HTTP/1.1" 200 1281
134.93.43.55 - - [27/Oct/2014:04:57:47 -0500] "GET /videos/Spot_Tinguas.flv HTTP/1.1" 200 2087054
134.93.43.55 - - [27/Oct/2014:04:58:05 -0500] "GET /BLA/boletinlegal/style.css HTTP/1.1" 200 9406
134.93.43.55 - - [27/Oct/2014:04:58:05 -0500] "GET /BLA/boletinlegal/styles2.css HTTP/1.1" 200 1838
134.93.43.55 - - [27/Oct/2014:04:58:06 -0500] "GET /BLA/boletinlegal/images/nuevo.gif HTTP/1.1" 200 26475
134.93.43.55 - - [27/Oct/2014:04:58:06 -0500] "GET /BLA/boletinlegal/images/cabezote%20BLEGAL.jpg HTTP/1.1" 200 118164
134.93.43.55 - - [27/Oct/2014:04:58:06 -0500] "GET /BLA/boletinlegal/images/historia.png HTTP/1.1" 200 52775
134.93.43.55 - - [27/Oct/2014:04:58:06 -0500] "GET /BLA/boletinlegal/images/subscribe-icon-big.png HTTP/1.1" 200 47702
134.93.43.55 - - [27/Oct/2014:04:58:06 -0500] "GET /BLA/boletinlegal/images/arr_l.jpg HTTP/1.1" 200 1979
134.93.43.55 - - [27/Oct/2014:04:58:06 -0500] "GET /BLA/boletinlegal/images/screen_1.png HTTP/1.1" 200 202547
134.93.43.55 - - [27/Oct/2014:04:58:07 -0500] "GET /BLA/boletinlegal/images/launch.jpg HTTP/1.1" 200 14577
134.93.43.55 - - [27/Oct/2014:04:58:07 -0500] "GET /BLA/boletinlegal/images/screen_2.png HTTP/1.1" 200 362502
134.93.43.55 - - [27/Oct/2014:04:58:07 -0500] "GET /BLA/boletinlegal/images/screen_3.png HTTP/1.1" 200 211853
134.93.43.55 - - [27/Oct/2014:04:58:07 -0500] "GET /BLA/boletinlegal/images/screen_5.png HTTP/1.1" 200 368876
134.93.43.55 - - [27/Oct/2014:04:58:07 -0500] "GET /BLA/boletinlegal/images/arr_r.jpg HTTP/1.1" 200 1998
134.93.43.55 - - [27/Oct/2014:04:58:07 -0500] "GET /BLA/boletinlegal/images/body_bg.jpg HTTP/1.1" 200 1601
134.93.43.55 - - [27/Oct/2014:04:58:07 -0500] "GET /BLA/boletinlegal/images/menu_lft.gif HTTP/1.1" 200 1713
134.93.43.55 - - [27/Oct/2014:04:58:08 -0500] "GET /BLA/boletinlegal/images/menu_rght.gif HTTP/1.1" 200 1627
134.93.43.55 - - [27/Oct/2014:04:58:08 -0500] "GET /BLA/boletinlegal/images/bg_top.jpg HTTP/1.1" 200 522
134.93.43.55 - - [27/Oct/2014:04:58:08 -0500] "GET /BLA/boletinlegal/images/menu_bg.jpg HTTP/1.1" 200 620
134.93.43.55 - - [27/Oct/2014:04:58:08 -0500] "GET /BLA/boletinlegal/images/hover.jpg HTTP/1.1" 200 640
66.249.64.171 - - [27/Oct/2014:04:58:08 -0500] "GET /BLA/resoluciones/AUTOS%202013/1125.pdf HTTP/1.1" 200 1038200
134.93.43.55 - - [27/Oct/2014:04:58:08 -0500] "GET /BLA/boletinlegal/images/text.jpg HTTP/1.1" 200 568
134.93.43.55 - - [27/Oct/2014:04:58:08 -0500] "GET /BLA/boletinlegal/images/footer_bg.jpg HTTP/1.1" 200 586
201.245.230.153 - - [27/Oct/2014:04:57:55 -0500] "POST /isolucionsda/BSC/BSC/Jerarquico.aspx?Pagina=BSC%2fBSC%2fJerarquico.aspx&TipoGrupo=Tablero&Visualizacion=1&Grafico=2&FechaInicial=&FechaFinal=&IdElemento=&number= HTTP/1.1" 302 292
201.245.230.153 - - [27/Oct/2014:04:58:10 -0500] "GET /isolucionsda/BSC/BSC/Jerarquico.aspx?number=&TipoGrupo=Proceso&Visualizacion=1&Grafico=2&FechaInicial=27/04/2014&FechaFinal=27/10/2014 HTTP/1.1" 200 25793
201.245.230.153 - - [27/Oct/2014:04:58:11 -0500] "GET /ISOlucionSDA/BSC/WebResource.axd?d=O4lGvr50U377dl1YXinC1xLcaoAUFOrHt7cBs5-GJ5O2MkQi_S1eGHBEb2Kbv4ui0&t=633051446740000000 HTTP/1.1" 200 3978
201.245.230.153 - - [27/Oct/2014:04:58:11 -0500] "GET /ISOlucionSDA/BSC/WebResource.axd?d=HzDy2E8l1RO1qMeYG2rLAQ2&t=633739669393582448 HTTP/1.1" 200 20794
201.245.230.153 - - [27/Oct/2014:04:58:11 -0500] "GET /ISOlucionSDA/BSC/WebResource.axd?d=UyrWNfSbeClvpKTx_sRfVQ2&t=633739669393582448 HTTP/1.1" 200 9348
201.245.230.153 - - [27/Oct/2014:04:58:11 -0500] "GET /isolucionsda/BSC/imagenes/ProcesoOn.JPG HTTP/1.1" 200 1549
201.245.230.153 - - [27/Oct/2014:04:58:11 -0500] "GET /isolucionsda/BSC/imagenes/TableroOff.JPG HTTP/1.1" 200 1593
201.245.230.153 - - [27/Oct/2014:04:58:11 -0500] "GET /ISOlucionSDA/BSC/WebResource.axd?d=O4lGvr50U377dl1YXinC1xLcaoAUFOrHt7cBs5-GJ5O1hrENbQqOI40UTD59U9nsX1pRnEFUIwWXh_hjp-9Hiw2&t=633051446740000000 HTTP/1.1" 200 35614
201.245.230.153 - - [27/Oct/2014:04:58:11 -0500] "GET /ISOlucionSDA/BSC/WebResource.axd?d=lk3tjck3-QpmNyUDZzhT6g2&t=633739669393582448 HTTP/1.1" 200 43
201.245.230.153 - - [27/Oct/2014:04:58:11 -0500] "GET /ISOlucionSDA/BSC/WebResource.axd?d=mY39lcpCFjTv3mFedcLTk8hOsCn795VpWqkx0LSc_Wc1&t=633739669393582448 HTTP/1.1" 200 58
201.245.230.153 - - [27/Oct/2014:04:58:11 -0500] "GET /ISOlucionSDA/BSC/WebResource.axd?d=mY39lcpCFjTv3mFedcLTkyKInliSlC-M2AzwN4VTW6U1&t=633739669393582448 HTTP/1.1" 200 113
201.245.230.153 - - [27/Oct/2014:04:58:11 -0500] "GET /ISOlucionSDA/BSC/WebResource.axd?d=mY39lcpCFjTv3mFedcLTk3AY4tmk4AjF7hR3SfO1EBY1&t=633739669393582448 HTTP/1.1" 200 108
134.93.43.55 - - [27/Oct/2014:04:58:15 -0500] "GET /BLA/boletinlegal/images/pdf.gif HTTP/1.1" 200 567
134.93.43.55 - - [27/Oct/2014:04:58:15 -0500] "GET /favicon.ico HTTP/1.1" 200 7782
66.249.64.163 - - [27/Oct/2014:04:58:25 -0500] "GET /BLA/resoluciones/RESOLUCIONES%202009/7236.pdf HTTP/1.1" 200 246094
134.93.43.55 - - [27/Oct/2014:04:58:05 -0500] "GET /BLA/boletinlegal/index.php? HTTP/1.1" 200 36719
201.245.230.153 - - [27/Oct/2014:04:58:36 -0500] "GET /isolucionsda/Session.asp HTTP/1.1" 200 146
66.249.64.171 - - [27/Oct/2014:04:58:42 -0500] "GET /BLA/resoluciones/RESOLUCIONES%202007/RES%202007%203901%20AL%204000/RESOLUCION%203973%20DE%202007.pdf HTTP/1.1" 200 582610
134.93.43.55 - - [27/Oct/2014:04:58:15 -0500] "GET /BLA/boletinlegal/index.php HTTP/1.1" 200 36719
66.249.64.171 - - [27/Oct/2014:04:58:52 -0500] "GET /BLA/resoluciones/RESOLUCIONES%202005/RES%202005%201751-1800/00001794.tif HTTP/1.1" 200 494562
201.245.230.153 - - [27/Oct/2014:04:58:59 -0500] "POST /isolucionsda/BSC/BSC/Jerarquico.aspx?number=&TipoGrupo=Proceso&Visualizacion=1&Grafico=2&FechaInicial=27%2f04%2f2014&FechaFinal=27%2f10%2f2014 HTTP/1.1" 302 292
201.245.230.153 - - [27/Oct/2014:04:58:59 -0500] "GET /isolucionsda/BSC/BSC/Jerarquico.aspx?number=&TipoGrupo=Proceso&Visualizacion=1&Grafico=2&FechaInicial=27/04/2014&FechaFinal=27/10/2014 HTTP/1.1" 200 25793
201.245.230.153 - - [27/Oct/2014:04:58:59 -0500] "GET /ISOlucionSDA/BSC/WebResource.axd?d=HzDy2E8l1RO1qMeYG2rLAQ2&t=633739669393582448 HTTP/1.1" 304 -
201.245.230.153 - - [27/Oct/2014:04:58:59 -0500] "GET /ISOlucionSDA/BSC/WebResource.axd?d=O4lGvr50U377dl1YXinC1xLcaoAUFOrHt7cBs5-GJ5O2MkQi_S1eGHBEb2Kbv4ui0&t=633051446740000000 HTTP/1.1" 304 -
201.245.230.153 - - [27/Oct/2014:04:58:59 -0500] "GET /ISOlucionSDA/BSC/WebResource.axd?d=O4lGvr50U377dl1YXinC1xLcaoAUFOrHt7cBs5-GJ5O1hrENbQqOI40UTD59U9nsX1pRnEFUIwWXh_hjp-9Hiw2&t=633051446740000000 HTTP/1.1" 304 -
201.245.230.153 - - [27/Oct/2014:04:58:59 -0500] "GET /ISOlucionSDA/BSC/WebResource.axd?d=lk3tjck3-QpmNyUDZzhT6g2&t=633739669393582448 HTTP/1.1" 304 -
201.245.230.153 - - [27/Oct/2014:04:58:59 -0500] "GET /ISOlucionSDA/BSC/WebResource.axd?d=UyrWNfSbeClvpKTx_sRfVQ2&t=633739669393582448 HTTP/1.1" 304 -
201.245.230.153 - - [27/Oct/2014:04:58:59 -0500] "GET /ISOlucionSDA/BSC/WebResource.axd?d=mY39lcpCFjTv3mFedcLTk8hOsCn795VpWqkx0LSc_Wc1&t=633739669393582448 HTTP/1.1" 304 -
201.245.230.153 - - [27/Oct/2014:04:59:00 -0500] "GET /ISOlucionSDA/BSC/WebResource.axd?d=mY39lcpCFjTv3mFedcLTk3AY4tmk4AjF7hR3SfO1EBY1&t=633739669393582448 HTTP/1.1" 304 -
201.245.230.153 - - [27/Oct/2014:04:59:00 -0500] "GET /ISOlucionSDA/BSC/WebResource.axd?d=mY39lcpCFjTv3mFedcLTkyKInliSlC-M2AzwN4VTW6U1&t=633739669393582448 HTTP/1.1" 304 -
66.249.64.167 - - [27/Oct/2014:04:59:00 -0500] "GET /BLA/resoluciones/RESOLUCIONES%202007/RES%202007%201801%20AL%201900/RESOLUCION%201852%20DE%202007.pdf HTTP/1.1" 200 298874
66.249.64.163 - - [27/Oct/2014:04:59:02 -0500] "GET /BLA/resoluciones/RESOLUCIONES%202010/7832.pdf HTTP/1.1" 200 715776
201.245.230.153 - - [27/Oct/2014:04:59:03 -0500] "GET /isolucionsda/Jerarquia.asp?Tabla=Proceso&Form=Admon&CampoDisplay=TopMenuJerarquico1_txtObjetivoProceso&CampoHidden=TopMenuJerarquico1_hdIdObjeto&items=&IndicadoresAvanzados=si&Varios=si HTTP/1.1" 200 146
201.245.230.153 - - [27/Oct/2014:04:59:03 -0500] "POST /isolucionsda/BSC/BSC/Jerarquico.aspx?number=&TipoGrupo=Proceso&Visualizacion=1&Grafico=2&FechaInicial=27%2f04%2f2014&FechaFinal=27%2f10%2f2014 HTTP/1.1" 200 25793
201.245.230.153 - - [27/Oct/2014:04:59:04 -0500] "GET /ISOlucionSDA/BSC/WebResource.axd?d=O4lGvr50U377dl1YXinC1xLcaoAUFOrHt7cBs5-GJ5O1hrENbQqOI40UTD59U9nsX1pRnEFUIwWXh_hjp-9Hiw2&t=633051446740000000 HTTP/1.1" 304 -
201.245.230.153 - - [27/Oct/2014:04:59:04 -0500] "GET /ISOlucionSDA/BSC/WebResource.axd?d=O4lGvr50U377dl1YXinC1xLcaoAUFOrHt7cBs5-GJ5O2MkQi_S1eGHBEb2Kbv4ui0&t=633051446740000000 HTTP/1.1" 304 -
201.245.230.153 - - [27/Oct/2014:04:59:04 -0500] "GET /ISOlucionSDA/BSC/WebResource.axd?d=UyrWNfSbeClvpKTx_sRfVQ2&t=633739669393582448 HTTP/1.1" 304 -
201.245.230.153 - - [27/Oct/2014:04:59:04 -0500] "GET /ISOlucionSDA/BSC/WebResource.axd?d=HzDy2E8l1RO1qMeYG2rLAQ2&t=633739669393582448 HTTP/1.1" 304 -
201.245.230.153 - - [27/Oct/2014:04:59:04 -0500] "GET /ISOlucionSDA/BSC/WebResource.axd?d=lk3tjck3-QpmNyUDZzhT6g2&t=633739669393582448 HTTP/1.1" 304 -
201.245.230.153 - - [27/Oct/2014:04:59:04 -0500] "GET /ISOlucionSDA/BSC/WebResource.axd?d=mY39lcpCFjTv3mFedcLTkyKInliSlC-M2AzwN4VTW6U1&t=633739669393582448 HTTP/1.1" 304 -
201.245.230.153 - - [27/Oct/2014:04:59:04 -0500] "GET /ISOlucionSDA/BSC/WebResource.axd?d=mY39lcpCFjTv3mFedcLTk3AY4tmk4AjF7hR3SfO1EBY1&t=633739669393582448 HTTP/1.1" 304 -
201.245.230.153 - - [27/Oct/2014:04:59:04 -0500] "GET /ISOlucionSDA/BSC/WebResource.axd?d=mY39lcpCFjTv3mFedcLTk8hOsCn795VpWqkx0LSc_Wc1&t=633739669393582448 HTTP/1.1" 304 -
66.249.64.171 - - [27/Oct/2014:04:59:10 -0500] "GET /BLA/resoluciones/RESOLUCIONES%202002/RES%202002%201201-1250/20021250.tif HTTP/1.1" 200 106484
66.249.64.163 - - [27/Oct/2014:04:59:17 -0500] "GET /BLA/resoluciones/AUTOS%202010/4403.pdf HTTP/1.1" 200 140097
66.249.64.171 - - [27/Oct/2014:04:59:34 -0500] "GET /BLA/resoluciones/AUTOS%202007/1516.pdf HTTP/1.1" 200 84264
201.245.230.153 - - [27/Oct/2014:04:59:34 -0500] "GET /isolucionsda/FrameSetGeneral.asp?Pagina1=FrameSetGeneral.asp& HTTP/1.1" 200 146
201.245.230.153 - - [27/Oct/2014:04:59:36 -0500] "GET /isolucionsda/ HTTP/1.1" 200 739
201.245.230.153 - - [27/Oct/2014:04:59:38 -0500] "GET /isolucionsda/IdentificaUsuario.asp?Pagina1=FrameSetGeneral.asp& HTTP/1.1" 200 4997
186.86.212.250 - - [27/Oct/2014:04:59:40 -0500] "GET /BLA/boletinlegal/js/jquery.js HTTP/1.1" 200 57254
186.86.212.250 - - [27/Oct/2014:04:59:40 -0500] "GET /BLA/boletinlegal/js/jquery.scrollShow.js HTTP/1.1" 200 4586
186.86.212.250 - - [27/Oct/2014:04:59:40 -0500] "GET /BLA/boletinlegal/js/jquery.scrollTo-min.js HTTP/1.1" 200 1150
201.245.230.153 - - [27/Oct/2014:04:59:43 -0500] "POST /isolucionsda/IdentificaUsuario.asp?Pagina1=FrameSetGeneral.asp& HTTP/1.1" 302 173
201.245.230.153 - - [27/Oct/2014:04:59:44 -0500] "GET /isolucionsda/FrameSetGeneral.asp?Pagina1=FrameSetGeneral.asp& HTTP/1.1" 200 6613
201.245.230.153 - - [27/Oct/2014:04:59:44 -0500] "GET /isolucionsda/BarraFavoritos.asp HTTP/1.1" 502 1362
201.245.230.153 - - [27/Oct/2014:04:59:44 -0500] "GET /isolucionsda/Encabezado.asp?Pagina1=FrameSetGeneral.asp&&Pagina=MagazinHome.asp HTTP/1.1" 200 15388
201.245.230.153 - - [27/Oct/2014:04:59:44 -0500] "GET /isolucionsda/BarraTitulos.asp?Pagina1=FrameSetGeneral.asp&&Pagina=MagazinHome.asp HTTP/1.1" 200 6972
201.245.230.153 - - [27/Oct/2014:04:59:44 -0500] "GET /isolucionsda/MagazinHome.asp HTTP/1.1" 200 25853
201.245.230.153 - - [27/Oct/2014:04:59:44 -0500] "GET /isolucionsda/Session.asp?Continue=1 HTTP/1.1" 200 6324
201.245.230.153 - - [27/Oct/2014:04:59:45 -0500] "GET /isolucionsda/g/Bgr_Destacado3399CC.jpg HTTP/1.1" 404 5217
201.245.230.153 - - [27/Oct/2014:04:59:45 -0500] "GET /isolucionsda/TareasSFRedirect.asp HTTP/1.1" 302 195
201.245.230.153 - - [27/Oct/2014:04:59:46 -0500] "GET /isolucionsda/FrameSetGeneral.asp?Pagina=Menu.asp&IdModulo=5 HTTP/1.1" 200 6583
201.245.230.153 - - [27/Oct/2014:04:59:46 -0500] "GET /isolucionsda/Encabezado.asp?Pagina=Menu.asp&IdModulo=5 HTTP/1.1" 200 15389
201.245.230.153 - - [27/Oct/2014:04:59:46 -0500] "GET /isolucionsda/BarraTitulos.asp?Pagina=Menu.asp&IdModulo=5 HTTP/1.1" 200 6983
201.245.230.153 - - [27/Oct/2014:04:59:46 -0500] "GET /isolucionsda/Menu.asp?Pagina=Menu.asp&IdModulo=5 HTTP/1.1" 200 9343
201.245.230.153 - - [27/Oct/2014:04:59:46 -0500] "GET /isolucionsda/BarraFavoritos.asp HTTP/1.1" 200 911
201.245.230.153 - - [27/Oct/2014:04:59:46 -0500] "GET /isolucionsda/Session.asp?Continue=1 HTTP/1.1" 200 6324
201.245.230.153 - - [27/Oct/2014:04:59:45 -0500] "GET /isolucionsda/Login.aspx?TARGET=SFContainerFiltrado.aspx&number=51566855495366534552 HTTP/1.1" 302 886
66.249.64.163 - - [27/Oct/2014:04:59:51 -0500] "GET /BLA/resoluciones/AUTOS%202007/2114.pdf HTTP/1.1" 200 75928
201.245.230.153 - - [27/Oct/2014:04:59:56 -0500] "GET /isolucionsda/FrameSetGeneral.asp?Pagina=BSC/BSC/Jerarquico.aspx&TipoGrupo=Tablero&Visualizacion=1&Grafico=2&FechaInicial=&FechaFinal=&IdElemento=&number= HTTP/1.1" 200 6880
201.245.230.153 - - [27/Oct/2014:04:59:56 -0500] "GET /isolucionsda/BarraTitulos.asp?Pagina=BSC/BSC/Jerarquico.aspx&TipoGrupo=Tablero&Visualizacion=1&Grafico=2&FechaInicial=&FechaFinal=&IdElemento=&number= HTTP/1.1" 200 6983
201.245.230.153 - - [27/Oct/2014:04:59:56 -0500] "GET /isolucionsda/Encabezado.asp?Pagina=BSC/BSC/Jerarquico.aspx&TipoGrupo=Tablero&Visualizacion=1&Grafico=2&FechaInicial=&FechaFinal=&IdElemento=&number= HTTP/1.1" 200 15364
201.245.230.153 - - [27/Oct/2014:04:59:56 -0500] "GET /isolucionsda/BarraFavoritos.asp HTTP/1.1" 200 911
201.245.230.153 - - [27/Oct/2014:04:59:56 -0500] "GET /isolucionsda/BSC/BSC/Jerarquico.aspx?Pagina=BSC/BSC/Jerarquico.aspx&TipoGrupo=Tablero&Visualizacion=1&Grafico=2&FechaInicial=&FechaFinal=&IdElemento=&number= HTTP/1.1" 200 25815
201.245.230.153 - - [27/Oct/2014:04:59:56 -0500] "GET /ISOlucionSDA/BSC/WebResource.axd?d=HzDy2E8l1RO1qMeYG2rLAQ2&t=633739669393582448 HTTP/1.1" 304 -
201.245.230.153 - - [27/Oct/2014:04:59:56 -0500] "GET /ISOlucionSDA/BSC/WebResource.axd?d=O4lGvr50U377dl1YXinC1xLcaoAUFOrHt7cBs5-GJ5O1hrENbQqOI40UTD59U9nsX1pRnEFUIwWXh_hjp-9Hiw2&t=633051446740000000 HTTP/1.1" 304 -
201.245.230.153 - - [27/Oct/2014:04:59:56 -0500] "GET /ISOlucionSDA/BSC/WebResource.axd?d=O4lGvr50U377dl1YXinC1xLcaoAUFOrHt7cBs5-GJ5O2MkQi_S1eGHBEb2Kbv4ui0&t=633051446740000000 HTTP/1.1" 304 -
201.245.230.153 - - [27/Oct/2014:04:59:56 -0500] "GET /ISOlucionSDA/BSC/WebResource.axd?d=UyrWNfSbeClvpKTx_sRfVQ2&t=633739669393582448 HTTP/1.1" 304 -
201.245.230.153 - - [27/Oct/2014:04:59:56 -0500] "GET /isolucionsda/Session.asp?Continue=1 HTTP/1.1" 200 6324
201.245.230.153 - - [27/Oct/2014:04:59:56 -0500] "GET /ISOlucionSDA/BSC/WebResource.axd?d=lk3tjck3-QpmNyUDZzhT6g2&t=633739669393582448 HTTP/1.1" 304 -
201.245.230.153 - - [27/Oct/2014:04:59:56 -0500] "GET /ISOlucionSDA/BSC/WebResource.axd?d=mY39lcpCFjTv3mFedcLTk8hOsCn795VpWqkx0LSc_Wc1&t=633739669393582448 HTTP/1.1" 304 -
201.245.230.153 - - [27/Oct/2014:04:59:56 -0500] "GET /ISOlucionSDA/BSC/WebResource.axd?d=mY39lcpCFjTv3mFedcLTkyKInliSlC-M2AzwN4VTW6U1&t=633739669393582448 HTTP/1.1" 304 -
201.245.230.153 - - [27/Oct/2014:04:59:56 -0500] "GET /ISOlucionSDA/BSC/WebResource.axd?d=mY39lcpCFjTv3mFedcLTk3AY4tmk4AjF7hR3SfO1EBY1&t=633739669393582448 HTTP/1.1" 304 -
201.245.230.153 - - [27/Oct/2014:04:59:59 -0500] "POST /isolucionsda/BSC/BSC/Jerarquico.aspx?Pagina=BSC%2fBSC%2fJerarquico.aspx&TipoGrupo=Tablero&Visualizacion=1&Grafico=2&FechaInicial=&FechaFinal=&IdElemento=&number= HTTP/1.1" 302 292
201.245.230.153 - - [27/Oct/2014:04:59:59 -0500] "GET /ISOlucionSDA/BSC/WebResource.axd?d=HzDy2E8l1RO1qMeYG2rLAQ2&t=633739669393582448 HTTP/1.1" 304 -
201.245.230.153 - - [27/Oct/2014:04:59:59 -0500] "GET /ISOlucionSDA/BSC/WebResource.axd?d=O4lGvr50U377dl1YXinC1xLcaoAUFOrHt7cBs5-GJ5O2MkQi_S1eGHBEb2Kbv4ui0&t=633051446740000000 HTTP/1.1" 304 -
201.245.230.153 - - [27/Oct/2014:04:59:59 -0500] "GET /ISOlucionSDA/BSC/WebResource.axd?d=O4lGvr50U377dl1YXinC1xLcaoAUFOrHt7cBs5-GJ5O1hrENbQqOI40UTD59U9nsX1pRnEFUIwWXh_hjp-9Hiw2&t=633051446740000000 HTTP/1.1" 304 -
201.245.230.153 - - [27/Oct/2014:04:59:59 -0500] "GET /ISOlucionSDA/BSC/WebResource.axd?d=UyrWNfSbeClvpKTx_sRfVQ2&t=633739669393582448 HTTP/1.1" 304 -
201.245.230.153 - - [27/Oct/2014:04:59:59 -0500] "GET /isolucionsda/BSC/imagenes/TableroOff.JPG HTTP/1.1" 200 1593
201.245.230.153 - - [27/Oct/2014:04:59:59 -0500] "GET /isolucionsda/BSC/imagenes/ProcesoOn.JPG HTTP/1.1" 200 1549
201.245.230.153 - - [27/Oct/2014:04:59:59 -0500] "GET /isolucionsda/BSC/BSC/Jerarquico.aspx?number=&TipoGrupo=Proceso&Visualizacion=1&Grafico=2&FechaInicial=27/04/2014&FechaFinal=27/10/2014 HTTP/1.1" 200 25793
201.245.230.153 - - [27/Oct/2014:04:59:59 -0500] "GET /ISOlucionSDA/BSC/WebResource.axd?d=lk3tjck3-QpmNyUDZzhT6g2&t=633739669393582448 HTTP/1.1" 304 -
201.245.230.153 - - [27/Oct/2014:04:59:59 -0500] "GET /ISOlucionSDA/BSC/WebResource.axd?d=mY39lcpCFjTv3mFedcLTk8hOsCn795VpWqkx0LSc_Wc1&t=633739669393582448 HTTP/1.1" 304 -
201.245.230.153 - - [27/Oct/2014:04:59:59 -0500] "GET /ISOlucionSDA/BSC/WebResource.axd?d=mY39lcpCFjTv3mFedcLTkyKInliSlC-M2AzwN4VTW6U1&t=633739669393582448 HTTP/1.1" 304 -
201.245.230.153 - - [27/Oct/2014:04:59:59 -0500] "GET /ISOlucionSDA/BSC/WebResource.axd?d=mY39lcpCFjTv3mFedcLTk3AY4tmk4AjF7hR3SfO1EBY1&t=633739669393582448 HTTP/1.1" 304 -
201.245.230.153 - - [27/Oct/2014:05:00:00 -0500] "GET /isolucionsda/Jerarquia.asp?Tabla=Proceso&Form=Admon&CampoDisplay=TopMenuJerarquico1_txtObjetivoProceso&CampoHidden=TopMenuJerarquico1_hdIdObjeto&items=&IndicadoresAvanzados=si&Varios=si HTTP/1.1" 200 11518
201.245.230.153 - - [27/Oct/2014:05:00:01 -0500] "POST /isolucionsda/BSC/BSC/Jerarquico.aspx?number=&TipoGrupo=Proceso&Visualizacion=1&Grafico=2&FechaInicial=27%2f04%2f2014&FechaFinal=27%2f10%2f2014 HTTP/1.1" 200 25793
201.245.230.153 - - [27/Oct/2014:05:00:01 -0500] "GET /ISOlucionSDA/BSC/WebResource.axd?d=HzDy2E8l1RO1qMeYG2rLAQ2&t=633739669393582448 HTTP/1.1" 304 -
201.245.230.153 - - [27/Oct/2014:05:00:01 -0500] "GET /ISOlucionSDA/BSC/WebResource.axd?d=O4lGvr50U377dl1YXinC1xLcaoAUFOrHt7cBs5-GJ5O2MkQi_S1eGHBEb2Kbv4ui0&t=633051446740000000 HTTP/1.1" 304 -
201.245.230.153 - - [27/Oct/2014:05:00:01 -0500] "GET /ISOlucionSDA/BSC/WebResource.axd?d=UyrWNfSbeClvpKTx_sRfVQ2&t=633739669393582448 HTTP/1.1" 304 -
201.245.230.153 - - [27/Oct/2014:05:00:01 -0500] "GET /ISOlucionSDA/BSC/WebResource.axd?d=O4lGvr50U377dl1YXinC1xLcaoAUFOrHt7cBs5-GJ5O1hrENbQqOI40UTD59U9nsX1pRnEFUIwWXh_hjp-9Hiw2&t=633051446740000000 HTTP/1.1" 304 -
201.245.230.153 - - [27/Oct/2014:05:00:01 -0500] "GET /ISOlucionSDA/BSC/WebResource.axd?d=lk3tjck3-QpmNyUDZzhT6g2&t=633739669393582448 HTTP/1.1" 304 -
201.245.230.153 - - [27/Oct/2014:05:00:01 -0500] "GET /ISOlucionSDA/BSC/WebResource.axd?d=mY39lcpCFjTv3mFedcLTk8hOsCn795VpWqkx0LSc_Wc1&t=633739669393582448 HTTP/1.1" 304 -
201.245.230.153 - - [27/Oct/2014:05:00:01 -0500] "GET /ISOlucionSDA/BSC/WebResource.axd?d=mY39lcpCFjTv3mFedcLTkyKInliSlC-M2AzwN4VTW6U1&t=633739669393582448 HTTP/1.1" 304 -
201.245.230.153 - - [27/Oct/2014:05:00:01 -0500] "GET /ISOlucionSDA/BSC/WebResource.axd?d=mY39lcpCFjTv3mFedcLTk3AY4tmk4AjF7hR3SfO1EBY1&t=633739669393582448 HTTP/1.1" 304 -
74.86.158.107 - - [27/Oct/2014:05:00:03 -0500] "HEAD / HTTP/1.1" 302 -
180.76.5.166 - - [27/Oct/2014:05:00:05 -0500] "GET /BLA/resoluciones/AUTOS%202009/0611.pdf HTTP/1.1" 200 122807
201.245.230.153 - - [27/Oct/2014:05:00:08 -0500] "POST /isolucionsda/Jerarquia.asp HTTP/1.1" 200 11638
66.249.64.171 - - [27/Oct/2014:05:00:08 -0500] "GET /BLA/resoluciones/RESOLUCIONES%202010/2198.pdf HTTP/1.1" 200 504983
201.245.230.153 - - [27/Oct/2014:05:00:10 -0500] "POST /isolucionsda/BSC/BSC/Jerarquico.aspx?number=&TipoGrupo=Proceso&Visualizacion=1&Grafico=2&FechaInicial=27%2f04%2f2014&FechaFinal=27%2f10%2f2014 HTTP/1.1" 302 370
201.245.230.153 - - [27/Oct/2014:05:00:10 -0500] "GET /isolucionsda/BSC/imagenes/img_semafororojo.jpg HTTP/1.1" 200 3302
201.245.230.153 - - [27/Oct/2014:05:00:10 -0500] "GET /ISOlucionSDA/BSC/WebResource.axd?d=O4lGvr50U377dl1YXinC1xLcaoAUFOrHt7cBs5-GJ5O2MkQi_S1eGHBEb2Kbv4ui0&t=633051446740000000 HTTP/1.1" 304 -
201.245.230.153 - - [27/Oct/2014:05:00:10 -0500] "GET /isolucionsda/BSC/imagenes/Ico_positivo.jpg HTTP/1.1" 200 852
201.245.230.153 - - [27/Oct/2014:05:00:10 -0500] "GET /ISOlucionSDA/BSC/WebResource.axd?d=O4lGvr50U377dl1YXinC1xLcaoAUFOrHt7cBs5-GJ5O1hrENbQqOI40UTD59U9nsX1pRnEFUIwWXh_hjp-9Hiw2&t=633051446740000000 HTTP/1.1" 304 -
201.245.230.153 - - [27/Oct/2014:05:00:10 -0500] "GET /isolucionsda/BSC/imagenes/img_semaforoamarillo.jpg HTTP/1.1" 200 3378
201.245.230.153 - - [27/Oct/2014:05:00:11 -0500] "GET /isolucionsda/BSC/imagenes/img_semaforoazul.jpg HTTP/1.1" 404 5250
201.245.230.153 - - [27/Oct/2014:05:00:11 -0500] "GET /isolucionsda/BSC/imagenes/ico_neutral.jpg HTTP/1.1" 200 670
201.245.230.153 - - [27/Oct/2014:05:00:11 -0500] "GET /isolucionsda/BSC/imagenes/img_semaforoazul.jpg HTTP/1.1" 404 5250
201.245.230.153 - - [27/Oct/2014:05:00:11 -0500] "GET /isolucionsda/BSC/imagenes/img_semaforoazul.jpg HTTP/1.1" 404 5250
201.245.230.153 - - [27/Oct/2014:05:00:10 -0500] "GET /isolucionsda/BSC/BSC/Jerarquico.aspx?number=&TipoGrupo=Proceso&Visualizacion=1&Grafico=2&FechaInicial=27/04/2014&FechaFinal=27/10/2014&IdObjeto=9&NomObjeto=EVALUACION,%20CONTROL%20Y%20SEGUIMIENTO&Buscar=1 HTTP/1.1" 200 95429
201.245.230.153 - - [27/Oct/2014:05:00:11 -0500] "GET /isolucionsda/BSC/imagenes/img_semaforoazul.jpg HTTP/1.1" 404 5250
66.249.64.167 - - [27/Oct/2014:05:00:25 -0500] "GET /BLA/resoluciones/RESOLUCIONES%202007/RES%202007%20701%20AL%20800/RESOLUCION%200722%20DE%202007.pdf HTTP/1.1" 200 243066
200.116.44.154 - - [27/Oct/2014:05:00:34 -0500] "GET /BLA/boletinlegal/jurisprudencia/analisis/Analisis%20jurisprudencial%20Sentencia%20C-366-11.doc HTTP/1.1" 200 59392
66.249.64.163 - - [27/Oct/2014:05:00:43 -0500] "GET /BLA/resoluciones/RESOLUCIONES%202010/5962.pdf HTTP/1.1" 200 330791
201.245.192.253 - - [27/Oct/2014:04:57:44 -0500] "GET /ForestMSG_SDA/channelAsync/template_word_16759698?X-Atmosphere-tracking-id=80b472e0-b59c-77d7-e6ff-0e2e883eacaa&X-Atmosphere-Framework=1.0.5&X-Atmosphere-Transport=long-polling&tabid=0.5564406877674468&X-Cache-Date=0&Content-Type=application/xml&_=1414404002000 HTTP/1.1" 200 8193
201.245.230.153 - - [27/Oct/2014:05:00:54 -0500] "GET /isolucionsda/IndicadoresBase.asp?ind=289&FechaIni=20140427&FechaFin=20141027 HTTP/1.1" 200 23552
201.245.230.153 - - [27/Oct/2014:05:00:55 -0500] "GET /isolucionsda/g/ImgNo.gif HTTP/1.1" 200 128
201.245.230.153 - - [27/Oct/2014:05:00:55 -0500] "GET /isolucionsda/g/Ico_DebajoMeta.gif HTTP/1.1" 200 155
201.245.230.153 - - [27/Oct/2014:05:00:55 -0500] "GET /isolucionsda/g/Ico_EncimaRango.gif HTTP/1.1" 200 117
201.245.230.153 - - [27/Oct/2014:05:00:55 -0500] "GET /isolucionsda/g/Ico_VariacionPositiva.gif HTTP/1.1" 200 123
201.245.230.153 - - [27/Oct/2014:05:00:55 -0500] "GET /isolucionsda/Pics/Pics81774815950245AM.jpg HTTP/1.1" 200 33392
66.249.64.167 - - [27/Oct/2014:05:01:00 -0500] "GET /BLA/resoluciones/AUTOS%202007/0833.pdf HTTP/1.1" 200 329531
180.76.5.80 - - [27/Oct/2014:05:01:05 -0500] "GET /BLA/resoluciones/AUTOS%202011/4237.pdf HTTP/1.1" 200 198593
201.245.230.153 - - [27/Oct/2014:05:01:11 -0500] "GET /isolucionsda/ReportesBase.asp HTTP/1.1" 200 19624
201.245.230.153 - - [27/Oct/2014:05:01:14 -0500] "GET /isolucionsda/IndicadorFrm.asp HTTP/1.1" 200 6468
201.245.230.153 - - [27/Oct/2014:05:01:14 -0500] "GET /isolucionsda/MenuIndicador.asp HTTP/1.1" 200 15328
201.245.230.153 - - [27/Oct/2014:05:01:14 -0500] "GET /isolucionsda/IndicadoresBase.asp HTTP/1.1" 200 8785
66.249.64.171 - - [27/Oct/2014:05:01:17 -0500] "GET /videos/galeria-fotografica/index21.html HTTP/1.1" 200 1967
201.245.230.153 - - [27/Oct/2014:05:01:23 -0500] "GET /isolucionsda/CalendarioDisplayHidden.asp?Form=frmIndicadores&Campo=FechaFin&Campo1=FechaFinDisplay&MONTH=10&YEAR=2014 HTTP/1.1" 200 15773
201.245.230.153 - - [27/Oct/2014:05:01:23 -0500] "GET /isolucionsda/Graficas/line.gif HTTP/1.1" 404 5201
201.245.230.153 - - [27/Oct/2014:05:01:23 -0500] "GET /isolucionsda/g/next.gif HTTP/1.1" 200 101
201.245.230.153 - - [27/Oct/2014:05:01:23 -0500] "GET /isolucionsda/g/prev.gif HTTP/1.1" 200 97
201.245.230.153 - - [27/Oct/2014:05:01:23 -0500] "GET /isolucionsda/g/vacio1x1.gif HTTP/1.1" 404 5195
201.245.230.153 - - [27/Oct/2014:05:01:25 -0500] "GET /isolucionsda/CalendarioDisplayHidden.asp?Form=frmIndicadores&Campo=FechaFin&Campo1=FechaFinDisplay&MONTH=10&YEAR=2014 HTTP/1.1" 200 15773
201.245.230.153 - - [27/Oct/2014:05:01:25 -0500] "GET /isolucionsda/Graficas/line.gif HTTP/1.1" 404 5201
201.245.230.153 - - [27/Oct/2014:05:01:25 -0500] "GET /isolucionsda/g/vacio1x1.gif HTTP/1.1" 404 5195
66.249.64.171 - - [27/Oct/2014:05:01:34 -0500] "GET /BLA/resoluciones/AUTOS%202007/2982.pdf HTTP/1.1" 200 64244
201.245.230.153 - - [27/Oct/2014:05:01:47 -0500] "GET /isolucionsda/FichaIndicador.aspx?Id=289 HTTP/1.1" 200 22932
188.165.15.19 - - [27/Oct/2014:05:01:51 -0500] "GET /BLA/resoluciones/RESOLUCIONES%202002/RES%202002%20151-200/2002RES159.tif HTTP/1.1" 200 43424
66.249.64.171 - - [27/Oct/2014:05:01:52 -0500] "GET /BLA/resoluciones/AUTOS%202007/2031.pdf HTTP/1.1" 200 79887
201.245.230.153 - - [27/Oct/2014:05:01:57 -0500] "GET /isolucionsda/IndicadorMedicion.asp HTTP/1.1" 200 17362
66.249.64.163 - - [27/Oct/2014:05:02:09 -0500] "GET /BLA/resoluciones/RESOLUCIONES%202010/3853.pdf HTTP/1.1" 200 57524
188.165.15.50 - - [27/Oct/2014:05:02:17 -0500] "GET /BLA/resoluciones/RESOLUCIONES%202004/RES%202004%2051-100/00000061.tif HTTP/1.1" 200 144834
66.249.64.167 - - [27/Oct/2014:05:02:26 -0500] "GET /BLA/resoluciones/RESOLUCIONES%202011/2809.pdf HTTP/1.1" 200 758328
201.245.230.153 - - [27/Oct/2014:05:02:42 -0500] "GET /isolucionsda/IndicadoresBase.asp?ind=336&FechaIni=20140427&FechaFin=20141027 HTTP/1.1" 200 23163
201.245.230.153 - - [27/Oct/2014:05:02:42 -0500] "GET /isolucionsda/Pics/Pics81774815950433AM.jpg HTTP/1.1" 200 32479
66.249.64.167 - - [27/Oct/2014:05:02:43 -0500] "GET /BLA/resoluciones/RESOLUCIONES%202008/0204.pdf HTTP/1.1" 200 276846
66.249.64.163 - - [27/Oct/2014:05:02:46 -0500] "GET /BLA/resoluciones/AUTOS%202010/6221.pdf HTTP/1.1" 200 259513
66.249.64.171 - - [27/Oct/2014:05:03:00 -0500] "GET /BLA/resoluciones/AUTOS%202007/2512.pdf HTTP/1.1" 200 264371
201.245.230.153 - - [27/Oct/2014:05:03:01 -0500] "GET /isolucionsda/IndicadoresBase.asp?ind=292&FechaIni=20140427&FechaFin=20141027 HTTP/1.1" 200 21759
201.245.230.153 - - [27/Oct/2014:05:03:01 -0500] "GET /isolucionsda/g/Ico_VariacionEstable.gif HTTP/1.1" 200 125
201.245.230.153 - - [27/Oct/2014:05:03:01 -0500] "GET /isolucionsda/Pics/Pics81774815950452AM.jpg HTTP/1.1" 200 26677
201.245.230.153 - - [27/Oct/2014:05:03:03 -0500] "GET /isolucionsda/FichaIndicador.aspx?Id=292 HTTP/1.1" 200 23610
66.249.64.167 - - [27/Oct/2014:05:03:18 -0500] "GET /BLA/resoluciones/RESOLUCIONES%202009/4822.pdf HTTP/1.1" 200 755643
188.165.15.193 - - [27/Oct/2014:05:03:31 -0500] "GET /BLA/resoluciones/RESOLUCIONES%202002/RES%202002%20101-150/2002RES105.tif HTTP/1.1" 200 93336
66.249.64.163 - - [27/Oct/2014:05:03:35 -0500] "GET /BLA/resoluciones/AUTOS%202007/1445.pdf HTTP/1.1" 200 84986
201.245.192.253 - - [27/Oct/2014:05:00:44 -0500] "GET /ForestMSG_SDA/channelAsync/template_word_16759698?X-Atmosphere-tracking-id=80b472e0-b59c-77d7-e6ff-0e2e883eacaa&X-Atmosphere-Framework=1.0.5&X-Atmosphere-Transport=long-polling&tabid=0.5564406877674468&X-Cache-Date=0&Content-Type=application/xml&_=1414404182030 HTTP/1.1" 200 8193
66.249.64.167 - - [27/Oct/2014:05:03:52 -0500] "GET /BLA/resoluciones/RESOLUCIONES%202009/6743.pdf HTTP/1.1" 200 545661
66.249.64.171 - - [27/Oct/2014:05:04:09 -0500] "GET /BLA/resoluciones/AUTOS%202007/3303.pdf HTTP/1.1" 200 155887
66.249.64.163 - - [27/Oct/2014:05:04:26 -0500] "GET /BLA/resoluciones/AUTOS%202007/1151.pdf HTTP/1.1" 200 28430
201.245.192.253 - - [27/Oct/2014:05:04:32 -0500] "GET /forestReports/webcontent/birt/admin/img/dtree/empty_star.png HTTP/1.1" 304 -
66.249.64.163 - - [27/Oct/2014:05:04:38 -0500] "GET /BLA/resoluciones/RESOLUCIONES%202007/RES%202007%203001%20AL%203100/RESOLUCION%203006%20DE%202007.pdf HTTP/1.1" 200 943081
188.165.15.19 - - [27/Oct/2014:05:04:43 -0500] "GET /BLA/resoluciones/RESOLUCIONES%202004/RES%202004%201351-1400/00001377.tif HTTP/1.1" 200 176692
66.249.64.163 - - [27/Oct/2014:05:04:44 -0500] "GET /BLA/resoluciones/AUTOS%202007/3759.pdf HTTP/1.1" 200 190184
66.249.64.163 - - [27/Oct/2014:05:05:01 -0500] "GET /BLA/resoluciones/AUTOS%202007/3708.pdf HTTP/1.1" 200 89600
100.43.85.25 - - [27/Oct/2014:05:05:02 -0500] "GET /kmz/?C=D;O=D HTTP/1.1" 200 3768
74.86.158.107 - - [27/Oct/2014:05:05:03 -0500] "HEAD / HTTP/1.1" 302 -
66.249.64.171 - - [27/Oct/2014:05:05:18 -0500] "GET /BLA/resoluciones/RESOLUCIONES%202008/5421.pdf HTTP/1.1" 200 124942
66.249.64.167 - - [27/Oct/2014:05:05:35 -0500] "GET /BLA/resoluciones/AUTOS%202007/0803.pdf HTTP/1.1" 200 311641
66.249.64.167 - - [27/Oct/2014:05:05:52 -0500] "GET /BLA/resoluciones/AUTOS%202007/0022.pdf HTTP/1.1" 200 50150
66.249.64.163 - - [27/Oct/2014:05:06:10 -0500] "GET /BLA/resoluciones/AUTOS%202007/2678.pdf HTTP/1.1" 200 369926
190.242.78.134 - - [27/Oct/2014:05:06:14 -0500] "GET /BLA/boletinlegal/js/jquery.js HTTP/1.1" 200 57254
190.242.78.134 - - [27/Oct/2014:05:06:14 -0500] "GET /BLA/boletinlegal/js/jquery.scrollShow.js HTTP/1.1" 200 4586
190.242.78.134 - - [27/Oct/2014:05:06:14 -0500] "GET /BLA/boletinlegal/js/jquery.scrollTo-min.js HTTP/1.1" 200 1150
66.249.64.171 - - [27/Oct/2014:05:06:27 -0500] "GET /BLA/resoluciones/AUTOS%202007/3372.pdf HTTP/1.1" 200 222561
66.249.64.167 - - [27/Oct/2014:05:06:30 -0500] "GET /BLA/resoluciones/RESOLUCIONES%202012/1173.pdf HTTP/1.1" 200 334081
66.249.64.171 - - [27/Oct/2014:05:06:44 -0500] "GET /BLA/resoluciones/RESOLUCIONES%202008/5348.pdf HTTP/1.1" 200 232398
201.245.192.253 - - [27/Oct/2014:05:03:44 -0500] "GET /ForestMSG_SDA/channelAsync/template_word_16759698?X-Atmosphere-tracking-id=80b472e0-b59c-77d7-e6ff-0e2e883eacaa&X-Atmosphere-Framework=1.0.5&X-Atmosphere-Transport=long-polling&tabid=0.5564406877674468&X-Cache-Date=0&Content-Type=application/xml&_=1414404362064 HTTP/1.1" 200 8193
66.249.64.167 - - [27/Oct/2014:05:07:01 -0500] "GET /BLA/resoluciones/RESOLUCIONES%202008/0171.pdf HTTP/1.1" 200 274907
180.76.5.25 - - [27/Oct/2014:05:07:07 -0500] "GET /BLA/resoluciones/AUTOS%202011/4043.pdf HTTP/1.1" 200 190930
66.249.64.163 - - [27/Oct/2014:05:07:19 -0500] "GET /BLA/resoluciones/AUTOS%202007/3017.pdf HTTP/1.1" 200 71302
66.249.64.167 - - [27/Oct/2014:05:07:36 -0500] "GET /BLA/resoluciones/RESOLUCIONES%202010/4459.pdf HTTP/1.1" 200 454491
66.249.64.171 - - [27/Oct/2014:05:07:53 -0500] "GET /BLA/resoluciones/RESOLUCIONES%202010/2129.pdf HTTP/1.1" 200 108654
188.165.15.87 - - [27/Oct/2014:05:07:58 -0500] "GET /BLA/resoluciones/RESOLUCIONES%202005/RES%202005%201751-1800/00001781.tif HTTP/1.1" 200 105742
181.243.113.145 - - [27/Oct/2014:05:08:01 -0500] "GET /BLA/boletinlegal/js/jquery.js HTTP/1.1" 200 57254
181.243.113.145 - - [27/Oct/2014:05:08:01 -0500] "GET /BLA/boletinlegal/js/jquery.scrollTo-min.js HTTP/1.1" 200 1150
