201.245.192.253 - - [27/Oct/2014:02:49:18 -0500] "GET /galeria/nivo-slider/demo/images/bannerEcolecta3.jpg HTTP/1.1" 304 -
66.249.64.171 - - [27/Oct/2014:02:49:29 -0500] "GET /BLA/resoluciones/AUTOS%202010/0152.pdf HTTP/1.1" 200 189871
188.165.15.231 - - [27/Oct/2014:02:49:43 -0500] "GET /BLA/resoluciones/AUTOS%202006/AUTOS%202006%201401%20-%201500/00001437.tif HTTP/1.1" 200 56400
66.249.64.171 - - [27/Oct/2014:02:49:46 -0500] "GET /BLA/resoluciones/RESOLUCIONES%202008/3703.pdf HTTP/1.1" 200 380717
201.245.230.153 - - [27/Oct/2014:02:49:57 -0500] "GET /isolucionsda/FramesetArticulo.asp?Pagina=bancoconocimiento%2FI%2FInformeEncuestadepercepcionsegundotrimestre2014ECS%2FInformeEncuestadepercepcionsegundotrimestre2014ECS%2Easp&IdArticulo=7808&Codigo=&Fecha=&Version=&Procedimiento=&cliente= HTTP/1.1" 200 7445
201.245.230.153 - - [27/Oct/2014:02:49:57 -0500] "GET /isolucionsda/Arriba.asp?Pagina=bancoconocimiento%2FI%2FInformeEncuestadepercepcionsegundotrimestre2014ECS%2FInformeEncuestadepercepcionsegundotrimestre2014ECS%2Easp&IdArticulo=7808&Codigo=&Fecha=&Version=&Procedimiento=&cliente= HTTP/1.1" 200 9855
201.245.230.153 - - [27/Oct/2014:02:49:57 -0500] "GET /isolucionsda/bancoconocimiento/I/InformeEncuestadepercepcionsegundotrimestre2014ECS/InformeEncuestadepercepcionsegundotrimestre2014ECS.asp?IdArticulo=7808 HTTP/1.1" 302 168
66.249.64.167 - - [27/Oct/2014:02:50:03 -0500] "GET /BLA/resoluciones/RESOLUCIONES%202011/2066.pdf HTTP/1.1" 200 509476
74.86.158.107 - - [27/Oct/2014:02:50:03 -0500] "HEAD / HTTP/1.1" 302 -
66.249.64.171 - - [27/Oct/2014:02:50:37 -0500] "GET /BLA/resoluciones/RESOLUCIONES%202008/1913.pdf HTTP/1.1" 200 209074
110.174.221.158 - - [27/Oct/2014:02:50:51 -0500] "GET /galeria/carrusel/Carrusel/jquery-ui-1.8.13.custom.min.js HTTP/1.1" 200 10800
110.174.221.158 - - [27/Oct/2014:02:50:51 -0500] "GET /galeria/carrusel/Carrusel/jquery.thumbnailScroller.css HTTP/1.1" 200 2066
110.174.221.158 - - [27/Oct/2014:02:50:51 -0500] "GET /galeria/carrusel/Carrusel/jquery.thumbnailScroller.js HTTP/1.1" 200 8157
110.174.221.158 - - [27/Oct/2014:02:50:53 -0500] "GET /galeria/nivo-slider/demo/demo.html HTTP/1.1" 200 3636
110.174.221.158 - - [27/Oct/2014:02:50:54 -0500] "GET /galeria/nivo-slider/themes/default/default.css HTTP/1.1" 200 1569
110.174.221.158 - - [27/Oct/2014:02:50:54 -0500] "GET /galeria/nivo-slider/themes/pascal/pascal.css HTTP/1.1" 200 2258
110.174.221.158 - - [27/Oct/2014:02:50:54 -0500] "GET /galeria/nivo-slider/themes/orman/orman.css HTTP/1.1" 200 2152
110.174.221.158 - - [27/Oct/2014:02:50:54 -0500] "GET /galeria/nivo-slider/demo/style.css HTTP/1.1" 200 2222
110.174.221.158 - - [27/Oct/2014:02:50:54 -0500] "GET /galeria/nivo-slider/nivo-slider.css HTTP/1.1" 200 1507
110.174.221.158 - - [27/Oct/2014:02:50:54 -0500] "GET /galeria/nivo-slider/demo/images/banner-conejera1.jpg HTTP/1.1" 200 136228
110.174.221.158 - - [27/Oct/2014:02:50:54 -0500] "GET /galeria/nivo-slider/demo/images/banner-aceite3.jpg HTTP/1.1" 200 88347
110.174.221.158 - - [27/Oct/2014:02:50:54 -0500] "GET /galeria/nivo-slider/demo/images/mesTIC.jpg HTTP/1.1" 200 180719
110.174.221.158 - - [27/Oct/2014:02:50:54 -0500] "GET /galeria/nivo-slider/demo/images/EncuentroAgua1.jpg HTTP/1.1" 200 274179
66.249.64.167 - - [27/Oct/2014:02:50:55 -0500] "GET /BLA/resoluciones/AUTOS%202007/2957.pdf HTTP/1.1" 200 68145
110.174.221.158 - - [27/Oct/2014:02:50:55 -0500] "GET /galeria/nivo-slider/demo/images/Tingua-azul.jpg HTTP/1.1" 200 307638
110.174.221.158 - - [27/Oct/2014:02:50:55 -0500] "GET /galeria/nivo-slider/demo/images/Banner-Caracol-Africano.jpg HTTP/1.1" 200 331986
110.174.221.158 - - [27/Oct/2014:02:50:55 -0500] "GET /galeria/nivo-slider/demo/images/banner-encuesta.jpg HTTP/1.1" 200 42764
110.174.221.158 - - [27/Oct/2014:02:50:56 -0500] "GET /galeria/nivo-slider/demo/images/9Signos.jpg HTTP/1.1" 200 93040
110.174.221.158 - - [27/Oct/2014:02:50:56 -0500] "GET /galeria/nivo-slider/demo/images/banner-redes.jpg HTTP/1.1" 200 62209
110.174.221.158 - - [27/Oct/2014:02:50:56 -0500] "GET /galeria/nivo-slider/demo/images/banner-llantas2.jpg HTTP/1.1" 200 73153
110.174.221.158 - - [27/Oct/2014:02:50:56 -0500] "GET /galeria/nivo-slider/demo/images/banner-caballos.png HTTP/1.1" 200 389106
110.174.221.158 - - [27/Oct/2014:02:50:57 -0500] "GET /galeria/nivo-slider/demo/images/Hacienda_Molinos.jpg HTTP/1.1" 200 319171
110.174.221.158 - - [27/Oct/2014:02:50:57 -0500] "GET /galeria/nivo-slider/demo/images/bannerEcolecta3.jpg HTTP/1.1" 200 280034
110.174.221.158 - - [27/Oct/2014:02:50:57 -0500] "GET /galeria/nivo-slider/demo/scripts/jquery-1.7.1.min.js HTTP/1.1" 200 93868
110.174.221.158 - - [27/Oct/2014:02:50:58 -0500] "GET /galeria/nivo-slider/jquery.nivo.slider.pack.js HTTP/1.1" 200 11561
110.174.221.158 - - [27/Oct/2014:02:50:59 -0500] "GET /galeria/nivo-slider/themes/default/loading.gif HTTP/1.1" 200 1737
110.174.221.158 - - [27/Oct/2014:02:50:59 -0500] "GET /galeria/nivo-slider/demo/images/4Simple_Slider.png HTTP/1.1" 200 11722
110.174.221.158 - - [27/Oct/2014:02:51:03 -0500] "GET /galeria/nivo-slider/themes/default/arrows.png HTTP/1.1" 200 824
110.174.221.158 - - [27/Oct/2014:02:51:03 -0500] "GET /galeria/nivo-slider/themes/default/bullets.png HTTP/1.1" 200 1281
110.174.221.158 - - [27/Oct/2014:02:51:07 -0500] "GET /videos/Spot_Tinguas.flv HTTP/1.1" 200 2087054
201.245.192.253 - - [27/Oct/2014:02:48:07 -0500] "GET /ForestMSG_SDA/channelAsync/template_word_16759698?X-Atmosphere-tracking-id=80b472e0-b59c-77d7-e6ff-0e2e883eacaa&X-Atmosphere-Framework=1.0.5&X-Atmosphere-Transport=long-polling&tabid=0.5564406877674468&X-Cache-Date=0&Content-Type=application/xml&_=1414396224451 HTTP/1.1" 200 8193
180.76.6.150 - - [27/Oct/2014:02:51:12 -0500] "GET /BLA/resoluciones/AUTOS%202010/5219.pdf HTTP/1.1" 200 323366
66.249.64.171 - - [27/Oct/2014:02:51:12 -0500] "GET /BLA/resoluciones/AUTOS%202007/2729.pdf HTTP/1.1" 200 91607
66.249.64.171 - - [27/Oct/2014:02:51:29 -0500] "GET /BLA/resoluciones/AUTOS%202007/1116.pdf HTTP/1.1" 200 33129
201.245.230.153 - - [27/Oct/2014:02:51:46 -0500] "GET /isolucionsda/FramesetArticulo.asp?Pagina=bancoconocimiento%2FI%2FInformeEncuestadepercepcionsegundotrimestre2014ECS%2FInformeEncuestadepercepcionsegundotrimestre2014ECS%2Easp&IdArticulo=7808&Codigo=&Fecha=&Version=&Procedimiento=&cliente= HTTP/1.1" 200 7445
66.249.64.39 - - [27/Oct/2014:02:51:46 -0500] "GET /formasII/fau1.pdf HTTP/1.1" 404 1019
201.245.230.153 - - [27/Oct/2014:02:51:47 -0500] "GET /isolucionsda/Arriba.asp?Pagina=bancoconocimiento%2FI%2FInformeEncuestadepercepcionsegundotrimestre2014ECS%2FInformeEncuestadepercepcionsegundotrimestre2014ECS%2Easp&IdArticulo=7808&Codigo=&Fecha=&Version=&Procedimiento=&cliente= HTTP/1.1" 200 9855
201.245.230.153 - - [27/Oct/2014:02:51:47 -0500] "GET /isolucionsda/bancoconocimiento/I/InformeEncuestadepercepcionsegundotrimestre2014ECS/InformeEncuestadepercepcionsegundotrimestre2014ECS.asp?IdArticulo=7808 HTTP/1.1" 302 168
66.249.64.163 - - [27/Oct/2014:02:52:03 -0500] "GET /BLA/resoluciones/AUTOS%202007/3599.pdf HTTP/1.1" 200 136595
66.249.64.171 - - [27/Oct/2014:02:52:09 -0500] "GET /BLA/resoluciones/RESOLUCIONES%202014/0115.pdf HTTP/1.1" 200 1123490
66.249.64.163 - - [27/Oct/2014:02:52:21 -0500] "GET /BLA/resoluciones/RESOLUCIONES%202009/8799.pdf HTTP/1.1" 200 351746
66.249.64.171 - - [27/Oct/2014:02:52:38 -0500] "GET /BLA/resoluciones/AUTOS%202011/4921.pdf HTTP/1.1" 200 308317
180.76.5.67 - - [27/Oct/2014:02:53:12 -0500] "GET /BLA/resoluciones/AUTOS%202010/0985.pdf HTTP/1.1" 200 125240
66.249.64.163 - - [27/Oct/2014:02:53:12 -0500] "GET /BLA/resoluciones/RESOLUCIONES%202008/4421.pdf HTTP/1.1" 200 313135
188.165.15.87 - - [27/Oct/2014:02:53:16 -0500] "GET /BLA/resoluciones/RESOLUCIONES%202002/RES%202002%20801-850/00000839.tif HTTP/1.1" 200 109324
66.249.64.171 - - [27/Oct/2014:02:53:29 -0500] "GET /BLA/resoluciones/RESOLUCIONES%202008/3078.pdf HTTP/1.1" 200 384187
66.249.64.171 - - [27/Oct/2014:02:53:47 -0500] "GET /BLA/resoluciones/RESOLUCIONES%202008/2696.pdf HTTP/1.1" 200 288738
66.249.64.167 - - [27/Oct/2014:02:53:57 -0500] "GET /BLA/resoluciones/RESOLUCIONES%202012/0788.pdf HTTP/1.1" 200 2677739
66.249.64.171 - - [27/Oct/2014:02:54:04 -0500] "GET /BLA/resoluciones/AUTOS%202010/0838.pdf HTTP/1.1" 200 183405
201.245.192.253 - - [27/Oct/2014:02:51:07 -0500] "GET /ForestMSG_SDA/channelAsync/template_word_16759698?X-Atmosphere-tracking-id=80b472e0-b59c-77d7-e6ff-0e2e883eacaa&X-Atmosphere-Framework=1.0.5&X-Atmosphere-Transport=long-polling&tabid=0.5564406877674468&X-Cache-Date=0&Content-Type=application/xml&_=1414396404532 HTTP/1.1" 200 8193
186.28.105.139 - - [27/Oct/2014:02:54:17 -0500] "GET /BLA/boletinlegal/js/jquery.js HTTP/1.1" 200 57254
186.28.105.139 - - [27/Oct/2014:02:54:17 -0500] "GET /BLA/boletinlegal/js/jquery.scrollTo-min.js HTTP/1.1" 200 1150
186.28.105.139 - - [27/Oct/2014:02:54:17 -0500] "GET /BLA/boletinlegal/js/jquery.scrollShow.js HTTP/1.1" 200 4586
66.249.64.171 - - [27/Oct/2014:02:54:21 -0500] "GET /BLA/resoluciones/AUTOS%202007/2549.pdf HTTP/1.1" 200 138293
60.190.172.173 - - [27/Oct/2014:02:54:42 -0500] "HEAD / HTTP/1.0" 302 -
188.165.15.50 - - [27/Oct/2014:02:54:43 -0500] "GET /manual_funciones_Listado/2.1.2.%20Subdireccion%20de%20Proyectos%20y%20Cooperacion%20Internacional/?C=S;O=A HTTP/1.1" 404 1018
66.249.64.171 - - [27/Oct/2014:02:54:56 -0500] "GET /BLA/resoluciones/RESOLUCIONES%202008/1594.pdf HTTP/1.1" 200 328803
74.86.158.107 - - [27/Oct/2014:02:55:03 -0500] "HEAD / HTTP/1.1" 302 -
66.249.64.163 - - [27/Oct/2014:02:55:13 -0500] "GET /BLA/resoluciones/AUTOS%202007/2876.pdf HTTP/1.1" 200 93602
66.249.64.171 - - [27/Oct/2014:02:55:30 -0500] "GET /BLA/resoluciones/RESOLUCIONES%202008/4068.pdf HTTP/1.1" 200 229184
66.249.64.171 - - [27/Oct/2014:02:55:47 -0500] "GET /BLA/resoluciones/AUTOS%202007/2570.pdf HTTP/1.1" 200 106153
66.249.64.163 - - [27/Oct/2014:02:55:49 -0500] "GET /BLA/resoluciones/RESOLUCIONES%202010/2652.pdf HTTP/1.1" 200 338126
66.249.64.163 - - [27/Oct/2014:02:56:04 -0500] "GET /BLA/resoluciones/RESOLUCIONES%202009/0436.pdf HTTP/1.1" 200 188825
66.249.64.171 - - [27/Oct/2014:02:56:22 -0500] "GET /BLA/resoluciones/AUTOS%202007/1830.pdf HTTP/1.1" 200 30300
66.249.64.171 - - [27/Oct/2014:02:56:39 -0500] "GET /BLA/resoluciones/RESOLUCIONES%202009/7512.pdf HTTP/1.1" 200 491339
66.249.64.163 - - [27/Oct/2014:02:56:56 -0500] "GET /BLA/resoluciones/AUTOS%202007/2103.pdf HTTP/1.1" 200 133848
201.245.192.253 - - [27/Oct/2014:02:54:07 -0500] "GET /ForestMSG_SDA/channelAsync/template_word_16759698?X-Atmosphere-tracking-id=80b472e0-b59c-77d7-e6ff-0e2e883eacaa&X-Atmosphere-Framework=1.0.5&X-Atmosphere-Transport=long-polling&tabid=0.5564406877674468&X-Cache-Date=0&Content-Type=application/xml&_=1414396584517 HTTP/1.1" 200 8193
66.249.64.171 - - [27/Oct/2014:02:57:13 -0500] "GET /BLA/resoluciones/AUTOS%202007/0512.pdf HTTP/1.1" 200 127836
66.249.64.163 - - [27/Oct/2014:02:57:41 -0500] "GET /BLA/resoluciones/RESOLUCIONES%202007/RES%202007%203701%20AL%203800/RESOLUCION%203745%20DE%202007.pdf HTTP/1.1" 200 229941
66.249.64.167 - - [27/Oct/2014:02:57:48 -0500] "GET /BLA/resoluciones/AUTOS%202010/0774.pdf HTTP/1.1" 200 193547
188.165.15.231 - - [27/Oct/2014:02:57:54 -0500] "GET /BLA/resoluciones/RESOLUCIONES%202003/RES%202003%201251-1300/20031294.tif HTTP/1.1" 200 48608
66.249.64.167 - - [27/Oct/2014:02:58:05 -0500] "GET /BLA/resoluciones/AUTOS%202010/1067.pdf HTTP/1.1" 200 187387
188.165.15.19 - - [27/Oct/2014:02:58:13 -0500] "GET /BLA/resoluciones/RESOLUCIONES%202004/RES%202004%202251-2300/00002261.tif HTTP/1.1" 200 115438
66.249.64.163 - - [27/Oct/2014:02:58:22 -0500] "GET /BLA/resoluciones/RESOLUCIONES%202009/1029.pdf HTTP/1.1" 200 210242
66.249.64.171 - - [27/Oct/2014:02:58:39 -0500] "GET /BLA/resoluciones/RESOLUCIONES%202010/5194.pdf HTTP/1.1" 200 1357449
66.249.64.163 - - [27/Oct/2014:02:58:56 -0500] "GET /BLA/resoluciones/RESOLUCIONES%202008/4221.pdf HTTP/1.1" 200 220353
180.76.5.77 - - [27/Oct/2014:02:59:06 -0500] "GET /BLA/resoluciones/AUTOS%202009/3152.pdf HTTP/1.1" 200 132529
66.249.64.167 - - [27/Oct/2014:02:59:14 -0500] "GET /BLA/resoluciones/RESOLUCIONES%202009/0645.pdf HTTP/1.1" 200 297172
66.249.64.167 - - [27/Oct/2014:02:59:31 -0500] "GET /BLA/resoluciones/AUTOS%202007/0317.pdf HTTP/1.1" 200 51234
66.249.64.171 - - [27/Oct/2014:02:59:33 -0500] "GET /BLA/resoluciones/RESOLUCIONES%202011/2799.pdf HTTP/1.1" 200 688833
66.249.64.171 - - [27/Oct/2014:02:59:48 -0500] "GET /BLA/resoluciones/RESOLUCIONES%202010/2514.pdf HTTP/1.1" 304 -
66.249.64.167 - - [27/Oct/2014:02:59:48 -0500] "GET /BLA/resoluciones/RESOLUCIONES%202009/2481.pdf HTTP/1.1" 200 475058
74.86.158.107 - - [27/Oct/2014:03:00:03 -0500] "HEAD / HTTP/1.1" 302 -
66.249.64.171 - - [27/Oct/2014:03:00:05 -0500] "GET /BLA/resoluciones/AUTOS%202007/0112.pdf HTTP/1.1" 200 115958
201.245.192.253 - - [27/Oct/2014:02:57:07 -0500] "GET /ForestMSG_SDA/channelAsync/template_word_16759698?X-Atmosphere-tracking-id=80b472e0-b59c-77d7-e6ff-0e2e883eacaa&X-Atmosphere-Framework=1.0.5&X-Atmosphere-Transport=long-polling&tabid=0.5564406877674468&X-Cache-Date=0&Content-Type=application/xml&_=1414396764601 HTTP/1.1" 200 8193
66.249.64.167 - - [27/Oct/2014:03:00:23 -0500] "GET /BLA/resoluciones/AUTOS%202007/3433.pdf HTTP/1.1" 200 264871
66.249.64.171 - - [27/Oct/2014:03:00:40 -0500] "GET /BLA/resoluciones/AUTOS%202007/2538.pdf HTTP/1.1" 200 113493
60.190.172.173 - - [27/Oct/2014:03:00:43 -0500] "HEAD / HTTP/1.0" 302 -
66.249.64.163 - - [27/Oct/2014:03:00:57 -0500] "GET /BLA/resoluciones/RESOLUCIONES%202008/2502.pdf HTTP/1.1" 200 253003
66.249.64.171 - - [27/Oct/2014:03:01:14 -0500] "GET /BLA/resoluciones/AUTOS%202007/1971.pdf HTTP/1.1" 200 120567
66.249.64.171 - - [27/Oct/2014:03:01:15 -0500] "GET /portalsiaccapacitaciones/Listas%20de%20Asistencia%202013/Lista%20de%20Asistencia%20Capacitaci%C3%B3n%20Calidad%20del%20Aire%2015-08-2013.pdf HTTP/1.1" 200 330123
66.249.64.167 - - [27/Oct/2014:03:01:26 -0500] "GET /BLA/resoluciones/RESOLUCIONES%202007/RES%202007%20801%20AL%20900/RESOLUCION%200827%20DE%202007.pdf HTTP/1.1" 200 222252
66.249.64.167 - - [27/Oct/2014:03:01:49 -0500] "GET /BLA/resoluciones/RESOLUCIONES%202009/1152.pdf HTTP/1.1" 200 566857
66.249.64.171 - - [27/Oct/2014:03:02:06 -0500] "GET /BLA/resoluciones/AUTOS%202007/1717.pdf HTTP/1.1" 200 33372
66.249.64.163 - - [27/Oct/2014:03:02:13 -0500] "GET /galeria/nivo-slider/demo/style.css HTTP/1.1" 200 2222
66.249.64.167 - - [27/Oct/2014:03:02:14 -0500] "GET /galeria/nivo-slider/themes/orman/orman.css HTTP/1.1" 200 2152
66.249.64.171 - - [27/Oct/2014:03:02:14 -0500] "GET /galeria/nivo-slider/nivo-slider.css HTTP/1.1" 200 1507
66.249.64.163 - - [27/Oct/2014:03:02:15 -0500] "GET /galeria/nivo-slider/demo/scripts/jquery-1.7.1.min.js HTTP/1.1" 200 93868
66.249.64.171 - - [27/Oct/2014:03:02:15 -0500] "GET /galeria/nivo-slider/jquery.nivo.slider.pack.js HTTP/1.1" 200 11561
66.249.64.171 - - [27/Oct/2014:03:02:16 -0500] "GET /galeria/nivo-slider/themes/pascal/pascal.css HTTP/1.1" 200 2258
66.249.64.163 - - [27/Oct/2014:03:02:17 -0500] "GET /galeria/nivo-slider/themes/default/default.css HTTP/1.1" 200 1569
66.249.64.171 - - [27/Oct/2014:03:02:26 -0500] "GET /BLA/resoluciones/AUTOS%202007/1114.pdf HTTP/1.1" 200 25135
188.165.15.192 - - [27/Oct/2014:03:02:32 -0500] "GET /BLA/resoluciones/index.php?dir=RESOLUCIONES%202006/RES%202006%20301-350/&sort=date&order=desc HTTP/1.1" 200 12248
66.249.64.167 - - [27/Oct/2014:03:02:40 -0500] "GET /BLA/resoluciones/RESOLUCIONES%202009/2931.pdf HTTP/1.1" 200 409091
66.249.64.171 - - [27/Oct/2014:03:02:57 -0500] "GET /BLA/resoluciones/AUTOS%202007/2055.pdf HTTP/1.1" 200 227130
201.245.192.253 - - [27/Oct/2014:03:00:07 -0500] "GET /ForestMSG_SDA/channelAsync/template_word_16759698?X-Atmosphere-tracking-id=80b472e0-b59c-77d7-e6ff-0e2e883eacaa&X-Atmosphere-Framework=1.0.5&X-Atmosphere-Transport=long-polling&tabid=0.5564406877674468&X-Cache-Date=0&Content-Type=application/xml&_=1414396944741 HTTP/1.1" 200 8193
66.249.64.171 - - [27/Oct/2014:03:03:15 -0500] "GET /BLA/resoluciones/AUTOS%202007/0023.pdf HTTP/1.1" 200 47919
66.249.64.47 - - [27/Oct/2014:03:03:17 -0500] "GET /POT-2013/Cartografia/38_PROGRAMA_REVITALIZACION.pdf HTTP/1.1" 304 -
180.76.5.153 - - [27/Oct/2014:03:03:30 -0500] "GET /BLA/resoluciones/AUTOS%202009/2768.pdf HTTP/1.1" 200 97785
66.249.64.167 - - [27/Oct/2014:03:03:32 -0500] "GET /BLA/resoluciones/RESOLUCIONES%202010/2097.pdf HTTP/1.1" 200 700985
66.249.64.167 - - [27/Oct/2014:03:03:49 -0500] "GET /videos/galeria-fotografica/index6.html HTTP/1.1" 200 1971
66.249.64.167 - - [27/Oct/2014:03:03:59 -0500] "GET /BLA/resoluciones/RESOLUCIONES%202002/RES%202002%201051-1100/00001093.tif HTTP/1.1" 200 73342
66.249.64.163 - - [27/Oct/2014:03:04:06 -0500] "GET /BLA/resoluciones/AUTOS%202007/1002.pdf HTTP/1.1" 200 41514
66.249.64.167 - - [27/Oct/2014:03:04:23 -0500] "GET /BLA/resoluciones/RESOLUCIONES%202008/1379.pdf HTTP/1.1" 200 284004
180.76.5.145 - - [27/Oct/2014:03:04:30 -0500] "GET /BLA/resoluciones/AUTOS%202009/3001.pdf HTTP/1.1" 200 187971
66.249.64.171 - - [27/Oct/2014:03:04:41 -0500] "GET /BLA/resoluciones/RESOLUCIONES%202008/3329.pdf HTTP/1.1" 200 62786
66.249.64.171 - - [27/Oct/2014:03:04:58 -0500] "GET /BLA/resoluciones/RESOLUCIONES%202010/6019.pdf HTTP/1.1" 200 685219
74.86.158.107 - - [27/Oct/2014:03:05:03 -0500] "HEAD / HTTP/1.1" 302 -
66.249.64.163 - - [27/Oct/2014:03:05:09 -0500] "GET /BLA/resoluciones/RESOLUCIONES%202007/RES%202007%201401%20AL%201500/RESOLUCION%201446%20DE%202007.pdf HTTP/1.1" 304 -
66.249.64.167 - - [27/Oct/2014:03:05:15 -0500] "GET /BLA/resoluciones/index.php?dir=RESOLUCIONES+2007%2FRES+2007+1301+AL+1400%2F HTTP/1.1" 200 26817
188.165.15.231 - - [27/Oct/2014:03:05:25 -0500] "GET /BLA/resoluciones/RESOLUCIONES%202006/RES%202006%20301-350/00000301.tif HTTP/1.1" 200 198340
180.76.5.21 - - [27/Oct/2014:03:05:30 -0500] "GET /BLA/resoluciones/AUTOS%202011/2952.pdf HTTP/1.1" 200 508808
66.249.64.171 - - [27/Oct/2014:03:05:32 -0500] "GET /BLA/resoluciones/RESOLUCIONES%202013/1254.pdf HTTP/1.1" 304 -
66.249.64.171 - - [27/Oct/2014:03:05:50 -0500] "GET /BLA/resoluciones/RESOLUCIONES%202011/2365.pdf HTTP/1.1" 200 789160
66.249.64.171 - - [27/Oct/2014:03:06:07 -0500] "GET /BLA/resoluciones/RESOLUCIONES%202007/RES%202007%202001%20AL%202100/RESOLUCION%202032%20DE%202007.pdf HTTP/1.1" 200 386004
201.245.192.253 - - [27/Oct/2014:03:03:07 -0500] "GET /ForestMSG_SDA/channelAsync/template_word_16759698?X-Atmosphere-tracking-id=80b472e0-b59c-77d7-e6ff-0e2e883eacaa&X-Atmosphere-Framework=1.0.5&X-Atmosphere-Transport=long-polling&tabid=0.5564406877674468&X-Cache-Date=0&Content-Type=application/xml&_=1414397124765 HTTP/1.1" 200 8193
188.165.15.87 - - [27/Oct/2014:03:06:24 -0500] "GET /BLA/resoluciones/RESOLUCIONES%202005/RES%202005%202201-2250/00002215.tif HTTP/1.1" 200 205834
66.249.64.167 - - [27/Oct/2014:03:06:24 -0500] "GET /BLA/resoluciones/AUTOS%202007/3217.pdf HTTP/1.1" 200 63632
66.249.64.47 - - [27/Oct/2014:03:06:33 -0500] "GET /Autoliquidacion/dlf/pdf.gif HTTP/1.1" 200 272
66.249.64.163 - - [27/Oct/2014:03:06:34 -0500] "GET /BLA/resoluciones/RESOLUCIONES%202006/RES%202006%202751-2800/00002776.tif HTTP/1.1" 200 212980
66.249.64.171 - - [27/Oct/2014:03:06:41 -0500] "GET /BLA/resoluciones/RESOLUCIONES%202007/RES%202007%203001%20AL%203100/RESOLUCION%203076%20DE%202007.pdf HTTP/1.1" 200 46685
60.190.172.173 - - [27/Oct/2014:03:06:44 -0500] "HEAD / HTTP/1.0" 302 -
66.249.64.171 - - [27/Oct/2014:03:06:58 -0500] "GET /BLA/resoluciones/RESOLUCIONES%202007/RES%202007%201101%20AL%201200/RESOLUCION%201124%20DE%202007.pdf HTTP/1.1" 200 29554
66.249.64.171 - - [27/Oct/2014:03:07:01 -0500] "GET /BLA/resoluciones/RESOLUCIONES%202009/2833.pdf HTTP/1.1" 200 481383
66.249.64.171 - - [27/Oct/2014:03:07:16 -0500] "GET /BLA/resoluciones/RESOLUCIONES%202007/RES%202007%20501%20AL%20600/RESOLUCION%200572%20DE%202007.pdf HTTP/1.1" 200 994424
66.249.64.167 - - [27/Oct/2014:03:07:33 -0500] "GET /BLA/resoluciones/RESOLUCIONES%202010/4842.pdf HTTP/1.1" 200 757775
66.249.64.163 - - [27/Oct/2014:03:07:50 -0500] "GET /BLA/resoluciones/RESOLUCIONES%202009/3973.pdf HTTP/1.1" 200 497441
66.249.64.167 - - [27/Oct/2014:03:08:07 -0500] "GET /BLA/resoluciones/RESOLUCIONES%202010/4980.pdf HTTP/1.1" 200 761343
66.249.64.163 - - [27/Oct/2014:03:08:24 -0500] "GET /BLA/resoluciones/RESOLUCIONES%202009/6071.pdf HTTP/1.1" 304 -
66.249.64.167 - - [27/Oct/2014:03:08:42 -0500] "GET /BLA/resoluciones/RESOLUCIONES%202010/4640.pdf HTTP/1.1" 304 -
66.249.64.167 - - [27/Oct/2014:03:08:54 -0500] "GET /BLA/resoluciones/RESOLUCIONES%202007/RES%202007%203101%20AL%203200/RESOLUCION%203158%20DE%202007.pdf HTTP/1.1" 200 818739
66.249.64.167 - - [27/Oct/2014:03:08:59 -0500] "GET /BLA/resoluciones/RESOLUCIONES%202008/1920.pdf HTTP/1.1" 304 -
201.245.192.253 - - [27/Oct/2014:03:06:07 -0500] "GET /ForestMSG_SDA/channelAsync/template_word_16759698?X-Atmosphere-tracking-id=80b472e0-b59c-77d7-e6ff-0e2e883eacaa&X-Atmosphere-Framework=1.0.5&X-Atmosphere-Transport=long-polling&tabid=0.5564406877674468&X-Cache-Date=0&Content-Type=application/xml&_=1414397304751 HTTP/1.1" 200 8193
66.249.64.171 - - [27/Oct/2014:03:09:16 -0500] "GET /BLA/resoluciones/RESOLUCIONES%202007/RES%202007%20601%20AL%20700/RESOLUCION%200671%20DE%202007.pdf HTTP/1.1" 304 -
188.165.15.152 - - [27/Oct/2014:03:09:58 -0500] "GET /BLA/resoluciones/RESOLUCIONES%202006/RES%202006%20%202801-2850/00002808.tif HTTP/1.1" 200 58550
74.86.158.107 - - [27/Oct/2014:03:10:03 -0500] "HEAD / HTTP/1.1" 302 -
66.249.64.43 - - [27/Oct/2014:03:09:33 -0500] "GET /BLA/boletinlegal/index.php HTTP/1.1" 200 48955
66.249.64.171 - - [27/Oct/2014:03:10:08 -0500] "GET /BLA/resoluciones/RESOLUCIONES%202009/5689.pdf HTTP/1.1" 200 477357
66.249.64.171 - - [27/Oct/2014:03:10:10 -0500] "GET /BLA/resoluciones/RESOLUCIONES%202010/0930.pdf HTTP/1.1" 304 -
66.249.64.167 - - [27/Oct/2014:03:10:25 -0500] "GET /BLA/resoluciones/RESOLUCIONES%202009/6102.pdf HTTP/1.1" 200 668614
66.249.64.171 - - [27/Oct/2014:03:10:42 -0500] "GET /BLA/resoluciones/RESOLUCIONES%202010/1602.pdf HTTP/1.1" 200 372374
79.145.51.106 - - [27/Oct/2014:03:10:45 -0500] "GET /BLA/boletinlegal/js/jquery.js HTTP/1.1" 200 57254
79.145.51.106 - - [27/Oct/2014:03:10:45 -0500] "GET /BLA/boletinlegal/js/jquery.scrollTo-min.js HTTP/1.1" 200 1150
79.145.51.106 - - [27/Oct/2014:03:10:45 -0500] "GET /BLA/boletinlegal/js/jquery.scrollShow.js HTTP/1.1" 200 4586
79.145.51.106 - - [27/Oct/2014:03:10:45 -0500] "GET /galeria/carrusel/Carrusel/jquery.thumbnailScroller.css HTTP/1.1" 200 2066
79.145.51.106 - - [27/Oct/2014:03:10:45 -0500] "GET /galeria/carrusel/Carrusel/jquery-ui-1.8.13.custom.min.js HTTP/1.1" 200 10800
66.249.64.171 - - [27/Oct/2014:03:10:46 -0500] "GET /BLA/resoluciones/RESOLUCIONES%202010/7038.pdf HTTP/1.1" 304 -
79.145.51.106 - - [27/Oct/2014:03:10:46 -0500] "GET /galeria/carrusel/Carrusel/jquery.thumbnailScroller.js HTTP/1.1" 200 8157
79.145.51.106 - - [27/Oct/2014:03:10:53 -0500] "GET /galeria/nivo-slider/demo/demo.html HTTP/1.1" 200 3636
79.145.51.106 - - [27/Oct/2014:03:10:54 -0500] "GET /galeria/nivo-slider/themes/default/default.css HTTP/1.1" 200 1569
79.145.51.106 - - [27/Oct/2014:03:10:54 -0500] "GET /galeria/nivo-slider/themes/pascal/pascal.css HTTP/1.1" 200 2258
79.145.51.106 - - [27/Oct/2014:03:10:54 -0500] "GET /galeria/nivo-slider/themes/orman/orman.css HTTP/1.1" 200 2152
79.145.51.106 - - [27/Oct/2014:03:10:54 -0500] "GET /galeria/nivo-slider/nivo-slider.css HTTP/1.1" 200 1507
79.145.51.106 - - [27/Oct/2014:03:10:54 -0500] "GET /galeria/nivo-slider/demo/style.css HTTP/1.1" 200 2222
79.145.51.106 - - [27/Oct/2014:03:10:54 -0500] "GET /galeria/nivo-slider/demo/images/banner-conejera1.jpg HTTP/1.1" 200 136228
79.145.51.106 - - [27/Oct/2014:03:10:54 -0500] "GET /galeria/nivo-slider/demo/images/banner-aceite3.jpg HTTP/1.1" 200 88347
79.145.51.106 - - [27/Oct/2014:03:10:54 -0500] "GET /galeria/nivo-slider/demo/images/mesTIC.jpg HTTP/1.1" 200 180719
79.145.51.106 - - [27/Oct/2014:03:10:55 -0500] "GET /galeria/nivo-slider/demo/images/EncuentroAgua1.jpg HTTP/1.1" 200 274179
79.145.51.106 - - [27/Oct/2014:03:10:55 -0500] "GET /galeria/nivo-slider/demo/images/Tingua-azul.jpg HTTP/1.1" 200 307638
79.145.51.106 - - [27/Oct/2014:03:10:55 -0500] "GET /galeria/nivo-slider/demo/images/Banner-Caracol-Africano.jpg HTTP/1.1" 200 331986
79.145.51.106 - - [27/Oct/2014:03:10:56 -0500] "GET /galeria/nivo-slider/demo/images/banner-redes.jpg HTTP/1.1" 200 62209
79.145.51.106 - - [27/Oct/2014:03:10:56 -0500] "GET /galeria/nivo-slider/demo/images/9Signos.jpg HTTP/1.1" 200 93040
79.145.51.106 - - [27/Oct/2014:03:10:56 -0500] "GET /galeria/nivo-slider/demo/images/banner-encuesta.jpg HTTP/1.1" 200 42764
79.145.51.106 - - [27/Oct/2014:03:10:56 -0500] "GET /galeria/nivo-slider/demo/images/banner-llantas2.jpg HTTP/1.1" 200 73153
79.145.51.106 - - [27/Oct/2014:03:10:56 -0500] "GET /galeria/nivo-slider/demo/images/banner-caballos.png HTTP/1.1" 200 389106
79.145.51.106 - - [27/Oct/2014:03:10:57 -0500] "GET /galeria/nivo-slider/demo/images/Hacienda_Molinos.jpg HTTP/1.1" 200 319171
79.145.51.106 - - [27/Oct/2014:03:10:57 -0500] "GET /galeria/nivo-slider/demo/images/bannerEcolecta3.jpg HTTP/1.1" 200 280034
79.145.51.106 - - [27/Oct/2014:03:10:57 -0500] "GET /galeria/nivo-slider/demo/scripts/jquery-1.7.1.min.js HTTP/1.1" 200 93868
79.145.51.106 - - [27/Oct/2014:03:10:57 -0500] "GET /galeria/nivo-slider/jquery.nivo.slider.pack.js HTTP/1.1" 200 11561
79.145.51.106 - - [27/Oct/2014:03:10:59 -0500] "GET /galeria/nivo-slider/themes/default/loading.gif HTTP/1.1" 200 1737
79.145.51.106 - - [27/Oct/2014:03:10:59 -0500] "GET /galeria/nivo-slider/demo/images/4Simple_Slider.png HTTP/1.1" 200 11722
66.249.64.167 - - [27/Oct/2014:03:10:59 -0500] "GET /BLA/resoluciones/RESOLUCIONES%202009/3791.pdf HTTP/1.1" 200 351912
180.76.6.53 - - [27/Oct/2014:03:11:00 -0500] "GET /BLA/resoluciones/AUTOS%202009/1788.pdf HTTP/1.1" 200 98903
79.145.51.106 - - [27/Oct/2014:03:11:01 -0500] "GET /galeria/nivo-slider/themes/default/arrows.png HTTP/1.1" 200 824
79.145.51.106 - - [27/Oct/2014:03:11:01 -0500] "GET /galeria/nivo-slider/themes/default/bullets.png HTTP/1.1" 200 1281
66.249.64.163 - - [27/Oct/2014:03:11:17 -0500] "GET /BLA/resoluciones/RESOLUCIONES%202007/RES%202007%204301%20AL%204352/RESOLUCION%204312%20DE%202007.pdf HTTP/1.1" 304 -
188.165.15.87 - - [27/Oct/2014:03:11:29 -0500] "GET /BLA/resoluciones/RESOLUCIONES%202003/RES%202003%201751-1800/20031780.tif HTTP/1.1" 200 43310
66.249.64.171 - - [27/Oct/2014:03:11:34 -0500] "GET /BLA/resoluciones/RESOLUCIONES%202007/RES%202007%20401%20AL%20500/RESOLUCION%200444%20DE%202007.pdf HTTP/1.1" 200 1405488
66.249.64.163 - - [27/Oct/2014:03:11:51 -0500] "GET /autoliquidacion/index.php?dir=Solicitud+de+Clasificaci%F3n+de+Impacto+Ambiental%2F HTTP/1.1" 200 3349
180.76.6.135 - - [27/Oct/2014:03:12:00 -0500] "GET /BLA/resoluciones/AUTOS%202010/0432.pdf HTTP/1.1" 200 487826
66.249.64.167 - - [27/Oct/2014:03:12:08 -0500] "GET /BLA/resoluciones/RESOLUCIONES%202007/RES%202007%204201%20AL%204300/RESOLUCION%204252%20DE%202007.pdf HTTP/1.1" 304 -
201.245.192.253 - - [27/Oct/2014:03:09:08 -0500] "GET /ForestMSG_SDA/channelAsync/template_word_16759698?X-Atmosphere-tracking-id=80b472e0-b59c-77d7-e6ff-0e2e883eacaa&X-Atmosphere-Framework=1.0.5&X-Atmosphere-Transport=long-polling&tabid=0.5564406877674468&X-Cache-Date=0&Content-Type=application/xml&_=1414397485185 HTTP/1.1" 200 8193
188.165.15.50 - - [27/Oct/2014:03:12:10 -0500] "GET /BLA/resoluciones/index.php?dir=RESOLUCIONES%202005/RES%202005%20501-550/&sort=size&order=desc HTTP/1.1" 200 12243
66.249.64.163 - - [27/Oct/2014:03:12:25 -0500] "GET /BLA/resoluciones/RESOLUCIONES%202009/5704.pdf HTTP/1.1" 304 -
66.249.64.167 - - [27/Oct/2014:03:12:37 -0500] "GET /BLA/resoluciones/RESOLUCIONES%202007/RES%202007%20401%20AL%20500/RESOLUCION%200472%20DE%202007.pdf HTTP/1.1" 200 1055548
188.165.15.192 - - [27/Oct/2014:03:12:39 -0500] "GET /BLA/resoluciones/RESOLUCIONES%202006/RES%202006%20401-450/00000405.tif HTTP/1.1" 200 67286
66.249.64.163 - - [27/Oct/2014:03:12:43 -0500] "GET /autoliquidacion/Grupo%20Forestal%20-%20Silvicultura/Estructura%20del%20SIADAMA.xls HTTP/1.1" 304 -
60.190.172.173 - - [27/Oct/2014:03:12:45 -0500] "HEAD / HTTP/1.0" 302 -
188.165.15.231 - - [27/Oct/2014:03:12:57 -0500] "GET /BLA/resoluciones/RESOLUCIONES%202005/RES%202005%20%201701-1750/00001731.tif HTTP/1.1" 200 124892
66.249.64.167 - - [27/Oct/2014:03:14:30 -0500] "GET /BLA/resoluciones/RESOLUCIONES%202008/3784.pdf HTTP/1.1" 200 650040
188.165.15.231 - - [27/Oct/2014:03:14:33 -0500] "GET /BLA/resoluciones/RESOLUCIONES%202005/RES%202005%201851-1900/00001900.tif HTTP/1.1" 200 73552
188.165.15.152 - - [27/Oct/2014:03:14:48 -0500] "GET /BLA/resoluciones/RESOLUCIONES%202003/RES%202003%201151-1200/1167.tif HTTP/1.1" 200 170096
188.165.15.165 - - [27/Oct/2014:03:14:49 -0500] "GET /BLA/resoluciones/RESOLUCIONES%202003/RES%202003%201501-1550/20031515.tif HTTP/1.1" 200 96834
74.86.158.107 - - [27/Oct/2014:03:15:03 -0500] "HEAD / HTTP/1.1" 302 -
201.245.192.253 - - [27/Oct/2014:03:12:08 -0500] "GET /ForestMSG_SDA/channelAsync/template_word_16759698?X-Atmosphere-tracking-id=80b472e0-b59c-77d7-e6ff-0e2e883eacaa&X-Atmosphere-Framework=1.0.5&X-Atmosphere-Transport=long-polling&tabid=0.5564406877674468&X-Cache-Date=0&Content-Type=application/xml&_=1414397665863 HTTP/1.1" 200 8193
66.249.64.163 - - [27/Oct/2014:03:16:22 -0500] "GET /BLA/resoluciones/RESOLUCIONES%202007/RES%202007%202001%20AL%202100/RESOLUCION%202074%20DE%202007.pdf HTTP/1.1" 304 -
188.165.15.78 - - [27/Oct/2014:03:16:43 -0500] "GET /BLA/resoluciones/index.php?dir=RESOLUCIONES%202003/RES%202003%201501-1550/&sort=name&order=asc HTTP/1.1" 200 12137
188.165.15.50 - - [27/Oct/2014:03:17:18 -0500] "GET /BLA/resoluciones/RESOLUCIONES%202005/RES%202005%201451-1500/00001478.tif HTTP/1.1" 200 196810
201.245.192.253 - - [27/Oct/2014:03:15:08 -0500] "GET /ForestMSG_SDA/channelAsync/template_word_16759698?X-Atmosphere-tracking-id=80b472e0-b59c-77d7-e6ff-0e2e883eacaa&X-Atmosphere-Framework=1.0.5&X-Atmosphere-Transport=long-polling&tabid=0.5564406877674468&X-Cache-Date=0&Content-Type=application/xml&_=1414397846000 HTTP/1.1" 200 8193
66.249.64.171 - - [27/Oct/2014:03:18:14 -0500] "GET /BLA/resoluciones/RESOLUCIONES%202013/0800.pdf HTTP/1.1" 304 -
123.125.71.38 - - [27/Oct/2014:03:18:17 -0500] "GET / HTTP/1.1" 302 -
220.181.108.88 - - [27/Oct/2014:03:18:30 -0500] "GET / HTTP/1.1" 302 -
60.190.172.173 - - [27/Oct/2014:03:18:45 -0500] "HEAD / HTTP/1.0" 302 -
188.165.15.165 - - [27/Oct/2014:03:18:58 -0500] "GET /BLA/resoluciones/RESOLUCIONES%202006/RES%202006%20%202801-2850/00002803.tif HTTP/1.1" 200 261610
66.249.64.171 - - [27/Oct/2014:03:19:44 -0500] "GET /BLA/resoluciones/RESOLUCIONES%202009/9504.pdf HTTP/1.1" 200 606496
74.86.158.107 - - [27/Oct/2014:03:20:03 -0500] "HEAD / HTTP/1.1" 302 -
66.249.64.163 - - [27/Oct/2014:03:20:06 -0500] "GET /BLA/resoluciones/RESOLUCIONES%202011/5022.pdf HTTP/1.1" 200 437149
188.165.15.152 - - [27/Oct/2014:03:20:24 -0500] "GET /BLA/resoluciones/RESOLUCIONES%202003/RES%202003%201601-1650/20031601.tif HTTP/1.1" 200 236308
201.245.192.253 - - [27/Oct/2014:03:18:09 -0500] "GET /ForestMSG_SDA/channelAsync/template_word_16759698?X-Atmosphere-tracking-id=80b472e0-b59c-77d7-e6ff-0e2e883eacaa&X-Atmosphere-Framework=1.0.5&X-Atmosphere-Transport=long-polling&tabid=0.5564406877674468&X-Cache-Date=0&Content-Type=application/xml&_=1414398026033 HTTP/1.1" 200 8193
66.249.64.167 - - [27/Oct/2014:03:21:58 -0500] "GET /BLA/resoluciones/RESOLUCIONES%202013/1197.pdf HTTP/1.1" 200 1787007
199.67.131.148 - - [27/Oct/2014:03:22:48 -0500] "GET /galeria/nivo-slider/demo/images/marchaxclima05a.jpg HTTP/1.1" 304 -
188.165.15.78 - - [27/Oct/2014:03:23:00 -0500] "GET /BLA/resoluciones/RESOLUCIONES%202004/RES%202004%20101-150/00000126.tif HTTP/1.1" 200 95098
188.165.15.165 - - [27/Oct/2014:03:23:13 -0500] "GET /BLA/resoluciones/RESOLUCIONES%202004/RES%202004%201901-1950/00001938.tif HTTP/1.1" 200 168898
85.25.108.174 - - [27/Oct/2014:03:23:42 -0500] "HEAD /pga/resumen.pdf HTTP/1.1" 404 -
66.249.64.163 - - [27/Oct/2014:03:23:50 -0500] "GET /BLA/resoluciones/RESOLUCIONES%202010/4791.pdf HTTP/1.1" 304 -
66.249.64.163 - - [27/Oct/2014:03:24:07 -0500] "GET /BLA/resoluciones/AUTOS%202007/2145.pdf HTTP/1.1" 200 162110
201.245.192.253 - - [27/Oct/2014:03:21:09 -0500] "GET /ForestMSG_SDA/channelAsync/template_word_16759698?X-Atmosphere-tracking-id=80b472e0-b59c-77d7-e6ff-0e2e883eacaa&X-Atmosphere-Framework=1.0.5&X-Atmosphere-Transport=long-polling&tabid=0.5564406877674468&X-Cache-Date=0&Content-Type=application/xml&_=1414398206362 HTTP/1.1" 200 8193
100.43.85.25 - - [27/Oct/2014:03:24:21 -0500] "GET /robots.txt HTTP/1.1" 404 1019
60.190.172.173 - - [27/Oct/2014:03:24:46 -0500] "HEAD / HTTP/1.0" 302 -
74.86.158.107 - - [27/Oct/2014:03:25:03 -0500] "HEAD / HTTP/1.1" 302 -
188.165.15.19 - - [27/Oct/2014:03:25:21 -0500] "GET /BLA/resoluciones/RESOLUCIONES%202004/RES%202004%201351-1400/00001370.tif HTTP/1.1" 200 217804
66.249.64.167 - - [27/Oct/2014:03:25:42 -0500] "GET /BLA/resoluciones/RESOLUCIONES%202007/RES%202007%20301%20AL%20400/RESOLUCION%200344%20DE%202007.pdf HTTP/1.1" 200 702706
180.76.5.172 - - [27/Oct/2014:03:25:43 -0500] "GET /BLA/resoluciones/AUTOS%202009/3270.pdf HTTP/1.1" 200 117490
201.245.192.253 - - [27/Oct/2014:03:25:50 -0500] "GET /forestReports/webcontent/birt/admin/img/popup/cancel.gif HTTP/1.1" 304 -
88.27.8.196 - - [27/Oct/2014:03:26:36 -0500] "GET /BLA/resoluciones/RESOLUCIONES%202009/0446.pdf HTTP/1.1" 200 319588
201.245.230.153 - - [27/Oct/2014:03:26:35 -0500] "GET /isolucionsda/Session.asp HTTP/1.1" 200 146
88.27.8.196 - - [27/Oct/2014:03:26:37 -0500] "GET /BLA/resoluciones/RESOLUCIONES%202009/0446.pdf HTTP/1.1" 206 32768
88.27.8.196 - - [27/Oct/2014:03:26:39 -0500] "GET /BLA/resoluciones/RESOLUCIONES%202009/0446.pdf HTTP/1.1" 206 286820
88.27.8.196 - - [27/Oct/2014:03:26:43 -0500] "GET /favicon.ico HTTP/1.1" 200 7782
180.76.6.230 - - [27/Oct/2014:03:26:43 -0500] "GET /BLA/resoluciones/AUTOS%202010/0877.pdf HTTP/1.1" 200 176996
188.165.15.165 - - [27/Oct/2014:03:27:08 -0500] "GET /BLA/resoluciones/RESOLUCIONES%202005/RES%202005%202551-2600/00002586.tif HTTP/1.1" 200 210014
201.245.192.253 - - [27/Oct/2014:03:24:09 -0500] "GET /ForestMSG_SDA/channelAsync/template_word_16759698?X-Atmosphere-tracking-id=80b472e0-b59c-77d7-e6ff-0e2e883eacaa&X-Atmosphere-Framework=1.0.5&X-Atmosphere-Transport=long-polling&tabid=0.5564406877674468&X-Cache-Date=0&Content-Type=application/xml&_=1414398386588 HTTP/1.1" 200 8193
66.249.64.163 - - [27/Oct/2014:03:27:34 -0500] "GET /reports/rwservlet/getjobid224138?server=rep_srvapsda HTTP/1.1" 200 6554
180.180.117.234 - - [27/Oct/2014:03:27:36 -0500] "GET /auntentica.txt HTTP/1.1" 404 1153
180.76.6.230 - - [27/Oct/2014:03:27:43 -0500] "GET /BLA/resoluciones/AUTOS%202009/1522.pdf HTTP/1.1" 200 98150
188.165.15.152 - - [27/Oct/2014:03:28:35 -0500] "GET /BLA/resoluciones/RESOLUCIONES%202003/RES%202003%201801-1850/20031831.tif HTTP/1.1" 200 112906
188.165.15.196 - - [27/Oct/2014:03:29:01 -0500] "GET /BLA/resoluciones/RESOLUCIONES%202003/RES%202003%20501-550/547.tif HTTP/1.1" 200 341672
66.249.64.163 - - [27/Oct/2014:03:29:26 -0500] "GET /BLA/resoluciones/RESOLUCIONES%202010/5975.pdf HTTP/1.1" 200 320438
74.86.158.107 - - [27/Oct/2014:03:30:03 -0500] "HEAD / HTTP/1.1" 302 -
201.245.192.253 - - [27/Oct/2014:03:27:09 -0500] "GET /ForestMSG_SDA/channelAsync/template_word_16759698?X-Atmosphere-tracking-id=80b472e0-b59c-77d7-e6ff-0e2e883eacaa&X-Atmosphere-Framework=1.0.5&X-Atmosphere-Transport=long-polling&tabid=0.5564406877674468&X-Cache-Date=0&Content-Type=application/xml&_=1414398566771 HTTP/1.1" 200 8193
188.165.15.196 - - [27/Oct/2014:03:30:16 -0500] "GET /BLA/resoluciones/RESOLUCIONES%202003/RES%202003%202051-2100/00002075.tif HTTP/1.1" 200 45402
60.190.172.173 - - [27/Oct/2014:03:30:47 -0500] "HEAD / HTTP/1.0" 302 -
66.249.64.171 - - [27/Oct/2014:03:31:19 -0500] "GET /BLA/resoluciones/RESOLUCIONES%202009/6457.pdf HTTP/1.1" 200 429713
66.249.64.163 - - [27/Oct/2014:03:31:33 -0500] "GET /reports/images/blaf-en.css HTTP/1.1" 200 16003
201.245.230.153 - - [27/Oct/2014:03:32:12 -0500] "GET /isolucionsda/Session.asp HTTP/1.1" 200 146
201.245.230.153 - - [27/Oct/2014:03:32:13 -0500] "GET /isolucionsda/Session.asp HTTP/1.1" 200 146
66.249.64.171 - - [27/Oct/2014:03:32:29 -0500] "GET /BLA/resoluciones/RESOLUCIONES%202006/RES%202006%202351-2400/00002388.tif HTTP/1.1" 200 371584
66.249.64.171 - - [27/Oct/2014:03:32:47 -0500] "GET /BLA/resoluciones/RESOLUCIONES%202002/RES%202002%201601-1650/20021614.tif HTTP/1.1" 200 119812
66.249.64.171 - - [27/Oct/2014:03:33:10 -0500] "GET /BLA/resoluciones/RESOLUCIONES%202010/4381.pdf HTTP/1.1" 200 498515
201.245.192.253 - - [27/Oct/2014:03:30:10 -0500] "GET /ForestMSG_SDA/channelAsync/template_word_16759698?X-Atmosphere-tracking-id=80b472e0-b59c-77d7-e6ff-0e2e883eacaa&X-Atmosphere-Framework=1.0.5&X-Atmosphere-Transport=long-polling&tabid=0.5564406877674468&X-Cache-Date=0&Content-Type=application/xml&_=1414398747140 HTTP/1.1" 200 8193
180.76.6.131 - - [27/Oct/2014:03:34:52 -0500] "GET /BLA/resoluciones/AUTOS%202009/0777.pdf HTTP/1.1" 200 343849
188.165.15.78 - - [27/Oct/2014:03:34:56 -0500] "GET /BLA/resoluciones/RESOLUCIONES%202004/RES%202004%201651-1700/00001668.tif HTTP/1.1" 200 146250
66.249.64.167 - - [27/Oct/2014:03:35:02 -0500] "GET /BLA/resoluciones/RESOLUCIONES%202009/3891.pdf HTTP/1.1" 200 339017
74.86.158.107 - - [27/Oct/2014:03:35:03 -0500] "HEAD / HTTP/1.1" 302 -
66.249.64.171 - - [27/Oct/2014:03:35:36 -0500] "GET /BLA/resoluciones/RESOLUCIONES%202010/1958.pdf HTTP/1.1" 200 494813
66.249.64.167 - - [27/Oct/2014:03:36:06 -0500] "GET /BLA/resoluciones/RESOLUCIONES%202012/0335.pdf HTTP/1.1" 304 -
201.245.192.253 - - [27/Oct/2014:03:33:10 -0500] "GET /ForestMSG_SDA/channelAsync/template_word_16759698?X-Atmosphere-tracking-id=80b472e0-b59c-77d7-e6ff-0e2e883eacaa&X-Atmosphere-Framework=1.0.5&X-Atmosphere-Transport=long-polling&tabid=0.5564406877674468&X-Cache-Date=0&Content-Type=application/xml&_=1414398927487 HTTP/1.1" 200 8193
66.249.64.171 - - [27/Oct/2014:03:36:54 -0500] "GET /BLA/resoluciones/RESOLUCIONES%202009/1751.pdf HTTP/1.1" 200 516203
188.165.15.152 - - [27/Oct/2014:03:37:16 -0500] "GET /BLA/resoluciones/RESOLUCIONES%202005/RES%202005%20%201601-1650/00001607.tif HTTP/1.1" 200 262180
188.165.15.193 - - [27/Oct/2014:03:38:20 -0500] "GET /BLA/resoluciones/RESOLUCIONES%202004/RES%202004%201401-1450/00001428.tif HTTP/1.1" 200 118026
66.249.64.163 - - [27/Oct/2014:03:38:46 -0500] "GET /BLA/resoluciones/AUTOS%202011/0699.pdf HTTP/1.1" 200 99751
201.245.192.253 - - [27/Oct/2014:03:36:10 -0500] "GET /ForestMSG_SDA/channelAsync/template_word_16759698?X-Atmosphere-tracking-id=80b472e0-b59c-77d7-e6ff-0e2e883eacaa&X-Atmosphere-Framework=1.0.5&X-Atmosphere-Transport=long-polling&tabid=0.5564406877674468&X-Cache-Date=0&Content-Type=application/xml&_=1414399107609 HTTP/1.1" 200 8193
144.76.185.173 - - [27/Oct/2014:03:39:33 -0500] "GET /dama/libreria/php/decide.php?patron=01.0210&ofix=1 HTTP/1.1" 404 1019
186.155.134.37 - - [27/Oct/2014:03:39:44 -0500] "GET /BLA/boletinlegal/js/jquery.js HTTP/1.1" 200 57254
186.155.134.37 - - [27/Oct/2014:03:39:44 -0500] "GET /BLA/boletinlegal/js/jquery.scrollTo-min.js HTTP/1.1" 200 1150
186.155.134.37 - - [27/Oct/2014:03:39:44 -0500] "GET /BLA/boletinlegal/js/jquery.scrollShow.js HTTP/1.1" 200 4586
74.86.158.107 - - [27/Oct/2014:03:40:03 -0500] "HEAD / HTTP/1.1" 302 -
180.76.5.58 - - [27/Oct/2014:03:40:16 -0500] "GET /BLA/resoluciones/AUTOS%202011/1535.pdf HTTP/1.1" 200 155787
66.249.64.167 - - [27/Oct/2014:03:40:38 -0500] "GET /BLA/resoluciones/AUTOS%202010/5471.pdf HTTP/1.1" 304 -
188.165.15.165 - - [27/Oct/2014:03:41:53 -0500] "GET /BLA/resoluciones/RESOLUCIONES%202002/RES%202002%201401-1450/20021419.tif HTTP/1.1" 200 111774
201.245.192.253 - - [27/Oct/2014:03:39:11 -0500] "GET /ForestMSG_SDA/channelAsync/template_word_16759698?X-Atmosphere-tracking-id=80b472e0-b59c-77d7-e6ff-0e2e883eacaa&X-Atmosphere-Framework=1.0.5&X-Atmosphere-Transport=long-polling&tabid=0.5564406877674468&X-Cache-Date=0&Content-Type=application/xml&_=1414399288177 HTTP/1.1" 200 8193
66.249.64.167 - - [27/Oct/2014:03:42:30 -0500] "GET /BLA/resoluciones/RESOLUCIONES%202012/1271.pdf HTTP/1.1" 304 -
180.76.6.135 - - [27/Oct/2014:03:43:21 -0500] "GET /BLA/resoluciones/AUTOS%202009/0881.pdf HTTP/1.1" 200 67137
66.249.64.171 - - [27/Oct/2014:03:44:23 -0500] "GET /BLA/resoluciones/RESOLUCIONES%202011/3138.pdf HTTP/1.1" 200 759575
74.86.158.107 - - [27/Oct/2014:03:45:03 -0500] "HEAD / HTTP/1.1" 302 -
201.245.192.253 - - [27/Oct/2014:03:42:11 -0500] "GET /ForestMSG_SDA/channelAsync/template_word_16759698?X-Atmosphere-tracking-id=80b472e0-b59c-77d7-e6ff-0e2e883eacaa&X-Atmosphere-Framework=1.0.5&X-Atmosphere-Transport=long-polling&tabid=0.5564406877674468&X-Cache-Date=0&Content-Type=application/xml&_=1414399468264 HTTP/1.1" 200 8193
100.43.85.25 - - [27/Oct/2014:03:45:14 -0500] "GET /counter/?C=N;O=A HTTP/1.1" 404 1019
188.165.15.50 - - [27/Oct/2014:03:45:27 -0500] "GET /BLA/resoluciones/RESOLUCIONES%202004/RES%202004%201501-1550/00001542.tif HTTP/1.1" 200 130284
188.165.15.196 - - [27/Oct/2014:03:46:23 -0500] "GET /BLA/resoluciones/RESOLUCIONES%202006/RES%202006%2051-100/00000064.tif HTTP/1.1" 200 45486
188.165.15.192 - - [27/Oct/2014:03:46:33 -0500] "GET /BLA/resoluciones/RESOLUCIONES%202004/RES%202004%201951-2000/00001957.tif HTTP/1.1" 200 87498
66.249.64.171 - - [27/Oct/2014:03:46:43 -0500] "GET /BLA/resoluciones/RESOLUCIONES%202007/RES%202007%201401%20AL%201500/RESOLUCION%201426%20DE%202007.pdf HTTP/1.1" 200 203152
66.249.64.171 - - [27/Oct/2014:03:46:51 -0500] "GET /BLA/resoluciones/RESOLUCIONES%202008/4336.pdf HTTP/1.1" 200 600554
66.249.64.163 - - [27/Oct/2014:03:48:05 -0500] "GET /BLA/resoluciones/RESOLUCIONES%202010/6900.pdf HTTP/1.1" 304 -
66.249.64.167 - - [27/Oct/2014:03:48:08 -0500] "GET /BLA/resoluciones/RESOLUCIONES%202011/3138.pdf HTTP/1.1" 200 759575
201.245.192.253 - - [27/Oct/2014:03:45:11 -0500] "GET /ForestMSG_SDA/channelAsync/template_word_16759698?X-Atmosphere-tracking-id=80b472e0-b59c-77d7-e6ff-0e2e883eacaa&X-Atmosphere-Framework=1.0.5&X-Atmosphere-Transport=long-polling&tabid=0.5564406877674468&X-Cache-Date=0&Content-Type=application/xml&_=1414399648697 HTTP/1.1" 200 8193
188.165.15.239 - - [27/Oct/2014:03:48:46 -0500] "GET /BLA/resoluciones/RESOLUCIONES%202002/RES%202002%201301-1350/20021346.tif HTTP/1.1" 200 167708
198.50.26.161 - - [27/Oct/2014:03:48:51 -0500] "GET /auntentica.txt HTTP/1.1" 404 1153
188.165.15.152 - - [27/Oct/2014:03:48:53 -0500] "GET /BLA/resoluciones/RESOLUCIONES%202006/RES%202006%202151-2200/00002192.tif HTTP/1.1" 200 247242
180.76.5.145 - - [27/Oct/2014:03:48:53 -0500] "GET /BLA/resoluciones/AUTOS%202011/5177.pdf HTTP/1.1" 200 280683
188.165.15.19 - - [27/Oct/2014:03:49:32 -0500] "GET /BLA/resoluciones/RESOLUCIONES%202002/RES%202002%20901-950/00000938.tif HTTP/1.1" 200 62174
188.165.15.239 - - [27/Oct/2014:03:49:38 -0500] "GET /BLA/resoluciones/RESOLUCIONES%202002/RES%202002%201851-1900/20021856.tif HTTP/1.1" 200 94274
66.249.64.43 - - [27/Oct/2014:03:49:39 -0500] "GET /PORTAL_SIAC/swf/Residuos/impresion/files/guia_impresion-lit.pdf HTTP/1.1" 200 12573981
66.249.64.167 - - [27/Oct/2014:03:49:57 -0500] "GET /BLA/resoluciones/RESOLUCIONES%202012/0295.pdf HTTP/1.1" 304 -
74.86.158.107 - - [27/Oct/2014:03:50:03 -0500] "HEAD / HTTP/1.1" 302 -
180.76.6.21 - - [27/Oct/2014:03:50:53 -0500] "GET /BLA/resoluciones/AUTOS%202009/1834.pdf HTTP/1.1" 200 104210
201.245.192.253 - - [27/Oct/2014:03:48:11 -0500] "GET /ForestMSG_SDA/channelAsync/template_word_16759698?X-Atmosphere-tracking-id=80b472e0-b59c-77d7-e6ff-0e2e883eacaa&X-Atmosphere-Framework=1.0.5&X-Atmosphere-Transport=long-polling&tabid=0.5564406877674468&X-Cache-Date=0&Content-Type=application/xml&_=1414399828765 HTTP/1.1" 200 8193
202.46.60.19 - - [27/Oct/2014:03:51:29 -0500] "GET / HTTP/1.1" 302 -
66.249.64.171 - - [27/Oct/2014:03:51:49 -0500] "GET /BLA/resoluciones/AUTOS%202013/0918.pdf HTTP/1.1" 304 -
180.76.6.43 - - [27/Oct/2014:03:51:53 -0500] "GET /BLA/resoluciones/AUTOS%202009/2818.pdf HTTP/1.1" 200 95564
188.165.15.193 - - [27/Oct/2014:03:52:08 -0500] "GET /BLA/resoluciones/RESOLUCIONES%202004/RES%202004%20601-650/00000639.tif HTTP/1.1" 200 154972
119.63.193.131 - - [27/Oct/2014:03:52:18 -0500] "GET / HTTP/1.1" 302 -
85.25.108.174 - - [27/Oct/2014:03:53:56 -0500] "HEAD /BLA/boletinlegal/Directivas/2014/Directiva%20No.%203%20del%2020%20de%20Mayo%20de%202014.pdf HTTP/1.1" 200 -
86.163.186.170 - - [27/Oct/2014:03:53:58 -0500] "GET /webdav/x32.php HTTP/1.1" 404 1018
66.249.64.167 - - [27/Oct/2014:03:54:08 -0500] "GET /Residuos/textiles/files/search/search8.xml HTTP/1.1" 404 1018
201.245.192.253 - - [27/Oct/2014:03:51:11 -0500] "GET /ForestMSG_SDA/channelAsync/template_word_16759698?X-Atmosphere-tracking-id=80b472e0-b59c-77d7-e6ff-0e2e883eacaa&X-Atmosphere-Framework=1.0.5&X-Atmosphere-Transport=long-polling&tabid=0.5564406877674468&X-Cache-Date=0&Content-Type=application/xml&_=1414400008852 HTTP/1.1" 200 8193
66.249.64.163 - - [27/Oct/2014:03:54:16 -0500] "GET /BLA/resoluciones/RESOLUCIONES%202010/5281.pdf HTTP/1.1" 200 758479
66.249.64.167 - - [27/Oct/2014:03:54:25 -0500] "GET /BLA/resoluciones/RESOLUCIONES%202010/4633.pdf HTTP/1.1" 200 642166
66.249.64.167 - - [27/Oct/2014:03:54:34 -0500] "GET /BLA/resoluciones/AUTOS%202009/2711.pdf HTTP/1.1" 200 125649
66.249.64.163 - - [27/Oct/2014:03:54:42 -0500] "GET /BLA/resoluciones/RESOLUCIONES%202007/RES%202007%201901%20AL%202000/RESOLUCION%201947%20DE%202007.pdf HTTP/1.1" 200 623076
66.249.64.167 - - [27/Oct/2014:03:54:51 -0500] "GET /BLA/resoluciones/AUTOS%202013/3447.pdf HTTP/1.1" 304 -
66.249.64.163 - - [27/Oct/2014:03:54:59 -0500] "GET /BLA/resoluciones/RESOLUCIONES%202009/0987.pdf HTTP/1.1" 200 60426
74.86.158.107 - - [27/Oct/2014:03:55:03 -0500] "HEAD / HTTP/1.1" 302 -
66.249.64.163 - - [27/Oct/2014:03:55:17 -0500] "GET /BLA/resoluciones/RESOLUCIONES%202009/4344.pdf HTTP/1.1" 304 -
66.249.64.171 - - [27/Oct/2014:03:55:33 -0500] "GET /BLA/resoluciones/RESOLUCIONES%202012/0131.pdf HTTP/1.1" 304 -
66.249.64.167 - - [27/Oct/2014:03:55:34 -0500] "GET /BLA/resoluciones/RESOLUCIONES%202010/2550.pdf HTTP/1.1" 200 494803
66.249.64.163 - - [27/Oct/2014:03:55:51 -0500] "GET /BLA/resoluciones/AUTOS%202007/3156.pdf HTTP/1.1" 200 161239
66.249.64.167 - - [27/Oct/2014:03:56:08 -0500] "GET /BLA/resoluciones/RESOLUCIONES%202009/9002.pdf HTTP/1.1" 200 336353
66.249.64.167 - - [27/Oct/2014:03:56:25 -0500] "GET /BLA/resoluciones/AUTOS%202007/1348.pdf HTTP/1.1" 200 35303
180.76.5.171 - - [27/Oct/2014:03:56:34 -0500] "GET /BLA/resoluciones/AUTOS%202009/2089.pdf HTTP/1.1" 200 98333
201.245.192.253 - - [27/Oct/2014:03:54:11 -0500] "GET /ForestMSG_SDA/channelAsync/template_word_16759698?X-Atmosphere-tracking-id=80b472e0-b59c-77d7-e6ff-0e2e883eacaa&X-Atmosphere-Framework=1.0.5&X-Atmosphere-Transport=long-polling&tabid=0.5564406877674468&X-Cache-Date=0&Content-Type=application/xml&_=1414400188935 HTTP/1.1" 200 8193
180.76.5.154 - - [27/Oct/2014:03:57:34 -0500] "GET /BLA/resoluciones/AUTOS%202010/2360.pdf HTTP/1.1" 200 86140
86.163.186.170 - - [27/Oct/2014:03:58:27 -0500] "GET /webdav/x32.php HTTP/1.1" 404 1018
180.76.5.64 - - [27/Oct/2014:03:58:34 -0500] "GET /BLA/resoluciones/AUTOS%202009/0705.pdf HTTP/1.1" 200 104107
66.249.64.171 - - [27/Oct/2014:03:58:43 -0500] "GET /BLA/resoluciones/RESOLUCIONES%202009/8986.pdf HTTP/1.1" 200 363968
66.249.64.171 - - [27/Oct/2014:03:58:44 -0500] "GET /BLA/resoluciones/AUTOS%202008/0584.pdf HTTP/1.1" 200 48748
66.249.64.163 - - [27/Oct/2014:03:58:44 -0500] "GET /BLA/resoluciones/AUTOS%202007/1811.pdf HTTP/1.1" 200 30461
66.249.64.163 - - [27/Oct/2014:03:58:44 -0500] "GET /BLA/resoluciones/RESOLUCIONES%202009/7467.pdf HTTP/1.1" 200 713121
66.249.64.163 - - [27/Oct/2014:03:58:52 -0500] "GET /BLA/resoluciones/RESOLUCIONES%202009/8094.pdf HTTP/1.1" 200 494705
66.249.64.167 - - [27/Oct/2014:03:59:00 -0500] "GET /BLA/resoluciones/RESOLUCIONES%202007/RES%202007%20601%20AL%20700/RESOLUCION%200695%20DE%202007.pdf HTTP/1.1" 200 24665
66.249.64.167 - - [27/Oct/2014:03:59:09 -0500] "GET /BLA/resoluciones/AUTOS%202007/1192.pdf HTTP/1.1" 200 46556
66.249.64.167 - - [27/Oct/2014:03:59:17 -0500] "GET /BLA/resoluciones/AUTOS%202007/0925.pdf HTTP/1.1" 200 157717
66.249.64.163 - - [27/Oct/2014:03:59:18 -0500] "GET /BLA/resoluciones/AUTOS%202008/2289.pdf HTTP/1.1" 200 168498
66.249.64.171 - - [27/Oct/2014:03:59:26 -0500] "GET /BLA/resoluciones/AUTOS%202007/2070.pdf HTTP/1.1" 200 72545
66.249.64.167 - - [27/Oct/2014:03:59:35 -0500] "GET /BLA/resoluciones/RESOLUCIONES%202008/1745.pdf HTTP/1.1" 200 152552
66.249.64.167 - - [27/Oct/2014:03:59:52 -0500] "GET /BLA/resoluciones/AUTOS%202007/0148.pdf HTTP/1.1" 200 287930
188.165.15.231 - - [27/Oct/2014:03:59:54 -0500] "GET /BLA/resoluciones/RESOLUCIONES%202003/RES%202003%201051-1100/1093.tif HTTP/1.1" 200 224736
74.86.158.107 - - [27/Oct/2014:04:00:03 -0500] "HEAD / HTTP/1.1" 302 -
66.249.64.163 - - [27/Oct/2014:04:00:09 -0500] "GET /BLA/resoluciones/RESOLUCIONES%202009/6833.pdf HTTP/1.1" 200 412536
201.245.192.253 - - [27/Oct/2014:03:57:11 -0500] "GET /ForestMSG_SDA/channelAsync/template_word_16759698?X-Atmosphere-tracking-id=80b472e0-b59c-77d7-e6ff-0e2e883eacaa&X-Atmosphere-Framework=1.0.5&X-Atmosphere-Transport=long-polling&tabid=0.5564406877674468&X-Cache-Date=0&Content-Type=application/xml&_=1414400369023 HTTP/1.1" 200 8193
188.165.15.152 - - [27/Oct/2014:04:00:17 -0500] "GET /BLA/resoluciones/RESOLUCIONES%202004/RES%202004%20251-300/00000278.tif HTTP/1.1" 200 93192
66.249.64.163 - - [27/Oct/2014:04:00:26 -0500] "GET /BLA/resoluciones/AUTOS%202007/1861.pdf HTTP/1.1" 200 63890
66.249.64.171 - - [27/Oct/2014:04:00:44 -0500] "GET /BLA/resoluciones/RESOLUCIONES%202008/4287.pdf HTTP/1.1" 200 420847
66.249.64.171 - - [27/Oct/2014:04:01:01 -0500] "GET /BLA/resoluciones/RESOLUCIONES%202008/1264.pdf HTTP/1.1" 200 82456
