66.249.64.163 - - [29/Oct/2014:05:59:38 -0500] "GET /BLA/resoluciones/AUTOS%202009/0283.pdf HTTP/1.1" 200 189517
186.155.143.167 - - [29/Oct/2014:05:59:40 -0500] "GET /isolucionsda/ HTTP/1.1" 200 739
66.249.64.167 - - [29/Oct/2014:05:59:45 -0500] "GET /BLA/resoluciones/AUTOS%202008/0459.pdf HTTP/1.1" 200 144089
190.158.134.228 - - [29/Oct/2014:05:59:49 -0500] "POST /forest/actions/workplace.addBorradorAdj?group_system_actual=3 HTTP/1.1" 200 4
190.158.134.228 - - [29/Oct/2014:05:59:49 -0500] "GET /forest/json.do?query=listBorradorAdj&codtraborr=1494030&a=0.4843133763333413 HTTP/1.1" 200 234
186.155.143.167 - - [29/Oct/2014:05:59:50 -0500] "GET /isolucionsda/ HTTP/1.1" 200 739
186.155.143.167 - - [29/Oct/2014:05:59:50 -0500] "GET /favicon.ico HTTP/1.1" 200 7782
66.249.64.163 - - [29/Oct/2014:05:59:52 -0500] "GET /BLA/resoluciones/RESOLUCIONES%202008/1387.pdf HTTP/1.1" 200 345795
66.249.64.163 - - [29/Oct/2014:05:59:59 -0500] "GET /BLA/resoluciones/RESOLUCIONES%202009/0795.pdf HTTP/1.1" 200 403070
186.155.143.167 - - [29/Oct/2014:05:59:59 -0500] "GET /videos/Spot_Tinguas.flv HTTP/1.1" 206 1
186.155.143.167 - - [29/Oct/2014:05:59:59 -0500] "GET /videos/Spot_Tinguas.flv HTTP/1.1" 206 503931
66.249.64.167 - - [29/Oct/2014:06:00:06 -0500] "GET /BLA/resoluciones/RESOLUCIONES%202009/3394.pdf HTTP/1.1" 200 475097
66.249.64.167 - - [29/Oct/2014:06:00:12 -0500] "GET /BLA/resoluciones/RESOLUCIONES%202009/5377.pdf HTTP/1.1" 200 542483
186.84.9.21 - - [29/Oct/2014:06:00:13 -0500] "GET /isolucionsda/IdentificaUsuario.asp?Pagina1=FrameSetGeneral.asp& HTTP/1.1" 200 1232
66.249.64.167 - - [29/Oct/2014:06:00:19 -0500] "GET /BLA/resoluciones/RESOLUCIONES%202009/1212.pdf HTTP/1.1" 200 417462
190.158.134.228 - - [29/Oct/2014:06:00:17 -0500] "GET /forest/file/3401398 HTTP/1.1" 200 1379534
186.155.143.167 - - [29/Oct/2014:06:00:19 -0500] "GET /videos/Video_ServidorMesRespons.flv HTTP/1.1" 200 40732342
66.249.64.167 - - [29/Oct/2014:06:00:26 -0500] "GET /BLA/resoluciones/RESOLUCIONES%202010/1017.pdf HTTP/1.1" 200 113904
66.249.64.171 - - [29/Oct/2014:06:00:33 -0500] "GET /BLA/resoluciones/RESOLUCIONES%202009/2011.pdf HTTP/1.1" 200 616981
66.249.64.171 - - [29/Oct/2014:06:00:40 -0500] "GET /BLA/resoluciones/RESOLUCIONES%202010/1460.pdf HTTP/1.1" 200 436461
66.249.64.171 - - [29/Oct/2014:06:00:46 -0500] "GET /BLA/resoluciones/RESOLUCIONES%202010/2554.pdf HTTP/1.1" 200 539503
186.84.9.21 - - [29/Oct/2014:06:00:47 -0500] "GET /isolucionsda HTTP/1.1" 404 1120
186.84.9.21 - - [29/Oct/2014:06:00:52 -0500] "GET /isolucionsda/IdentificaUsuario.asp?Pagina1=FrameSetGeneral.asp& HTTP/1.1" 200 1232
66.249.64.167 - - [29/Oct/2014:06:00:53 -0500] "GET /BLA/resoluciones/RESOLUCIONES%202009/6890.pdf HTTP/1.1" 200 340987
74.86.158.107 - - [29/Oct/2014:06:00:58 -0500] "HEAD / HTTP/1.1" 302 -
66.249.64.163 - - [29/Oct/2014:06:01:00 -0500] "GET /BLA/resoluciones/RESOLUCIONES%202010/1111.pdf HTTP/1.1" 200 120574
190.158.134.228 - - [29/Oct/2014:06:01:02 -0500] "GET /forest/file/3401399 HTTP/1.1" 200 49621
66.249.64.171 - - [29/Oct/2014:06:01:07 -0500] "GET /BLA/resoluciones/RESOLUCIONES%202009/1293.pdf HTTP/1.1" 200 535707
186.84.9.21 - - [29/Oct/2014:06:01:11 -0500] "GET /isolucionsda/IdentificaUsuario.asp?Pagina1=FrameSetGeneral.asp& HTTP/1.1" 200 1232
66.249.64.163 - - [29/Oct/2014:06:01:14 -0500] "GET /BLA/resoluciones/RESOLUCIONES%202010/2723.pdf HTTP/1.1" 200 378458
190.158.134.228 - - [29/Oct/2014:06:01:17 -0500] "GET /forest/session.jsp?a=0.3597299214976101 HTTP/1.1" 200 4
66.249.64.167 - - [29/Oct/2014:06:01:21 -0500] "GET /BLA/resoluciones/RESOLUCIONES%202009/6687.pdf HTTP/1.1" 200 402808
186.84.9.21 - - [29/Oct/2014:06:01:22 -0500] "GET /isolucionsda/IdentificaUsuario.asp?Pagina1=FrameSetGeneral.asp& HTTP/1.1" 200 1232
66.249.64.171 - - [29/Oct/2014:06:01:27 -0500] "GET /BLA/resoluciones/AUTOS%202007/1110.pdf HTTP/1.1" 200 26524
66.249.64.167 - - [29/Oct/2014:06:01:34 -0500] "GET /BLA/resoluciones/AUTOS%202007/0598.pdf HTTP/1.1" 200 65034
190.158.134.228 - - [29/Oct/2014:06:01:36 -0500] "GET /forest/borrador/1494030/IE.FUCHA-PLANETA%20VERDE%20DLA.docx HTTP/1.1" 200 132373
186.84.9.21 - - [29/Oct/2014:06:01:39 -0500] "GET /isolucionsda/IdentificaUsuario.asp?Pagina1=FrameSetGeneral.asp& HTTP/1.1" 200 1232
190.158.134.228 - - [29/Oct/2014:06:01:38 -0500] "GET /forest/borrador/1494030/IE.FUCHA-PLANETA%20VERDE%20DLA.docx HTTP/1.1" 200 132373
66.249.64.171 - - [29/Oct/2014:06:01:41 -0500] "GET /BLA/resoluciones/RESOLUCIONES%202009/0024.pdf HTTP/1.1" 200 239379
194.228.96.38 - - [29/Oct/2014:06:01:43 -0500] "GET /BLA/boletinlegal/js/jquery.scrollShow.js HTTP/1.1" 200 4586
194.228.96.38 - - [29/Oct/2014:06:01:43 -0500] "GET /BLA/boletinlegal/js/jquery.scrollTo-min.js HTTP/1.1" 200 1150
194.228.96.38 - - [29/Oct/2014:06:01:43 -0500] "GET /galeria/carrusel/Carrusel/jquery.thumbnailScroller.css HTTP/1.1" 200 2066
194.228.96.38 - - [29/Oct/2014:06:01:43 -0500] "GET /BLA/boletinlegal/js/jquery.js HTTP/1.1" 200 57254
194.228.96.38 - - [29/Oct/2014:06:01:43 -0500] "GET /galeria/carrusel/Carrusel/jquery.thumbnailScroller.js HTTP/1.1" 200 8157
194.228.96.38 - - [29/Oct/2014:06:01:43 -0500] "GET /galeria/carrusel/Carrusel/jquery-ui-1.8.13.custom.min.js HTTP/1.1" 200 10800
66.249.64.167 - - [29/Oct/2014:06:01:48 -0500] "GET /BLA/resoluciones/AUTOS%202009/3179.pdf HTTP/1.1" 200 130459
194.228.96.38 - - [29/Oct/2014:06:01:49 -0500] "GET /galeria/nivo-slider/demo/demo.html HTTP/1.1" 200 3316
194.228.96.38 - - [29/Oct/2014:06:01:50 -0500] "GET /galeria/nivo-slider/themes/pascal/pascal.css HTTP/1.1" 200 2258
194.228.96.38 - - [29/Oct/2014:06:01:50 -0500] "GET /galeria/nivo-slider/demo/images/Banner-Caracol-Africano.jpg HTTP/1.1" 200 331986
194.228.96.38 - - [29/Oct/2014:06:01:50 -0500] "GET /galeria/nivo-slider/nivo-slider.css HTTP/1.1" 200 1507
194.228.96.38 - - [29/Oct/2014:06:01:50 -0500] "GET /galeria/nivo-slider/demo/images/banner-redes.jpg HTTP/1.1" 200 62209
194.228.96.38 - - [29/Oct/2014:06:01:50 -0500] "GET /galeria/nivo-slider/themes/default/default.css HTTP/1.1" 200 1569
194.228.96.38 - - [29/Oct/2014:06:01:50 -0500] "GET /galeria/nivo-slider/demo/images/porloshumedales.jpg HTTP/1.1" 200 351238
194.228.96.38 - - [29/Oct/2014:06:01:50 -0500] "GET /galeria/nivo-slider/demo/images/9Signos.jpg HTTP/1.1" 200 93040
194.228.96.38 - - [29/Oct/2014:06:01:50 -0500] "GET /galeria/nivo-slider/demo/images/Tingua-azul.jpg HTTP/1.1" 200 307638
194.228.96.38 - - [29/Oct/2014:06:01:50 -0500] "GET /galeria/nivo-slider/demo/images/mesTIC.jpg HTTP/1.1" 200 180719
194.228.96.38 - - [29/Oct/2014:06:01:50 -0500] "GET /galeria/nivo-slider/demo/images/banner-llantas2.jpg HTTP/1.1" 200 73153
194.228.96.38 - - [29/Oct/2014:06:01:50 -0500] "GET /galeria/nivo-slider/demo/style.css HTTP/1.1" 200 2222
194.228.96.38 - - [29/Oct/2014:06:01:50 -0500] "GET /galeria/nivo-slider/demo/images/banner-aceite3.jpg HTTP/1.1" 200 88347
194.228.96.38 - - [29/Oct/2014:06:01:50 -0500] "GET /galeria/nivo-slider/themes/orman/orman.css HTTP/1.1" 200 2152
194.228.96.38 - - [29/Oct/2014:06:01:50 -0500] "GET /galeria/nivo-slider/demo/images/banner-caballos.png HTTP/1.1" 200 389106
194.228.96.38 - - [29/Oct/2014:06:01:50 -0500] "GET /galeria/nivo-slider/demo/images/bannerEcolecta3.jpg HTTP/1.1" 200 280034
194.228.96.38 - - [29/Oct/2014:06:01:50 -0500] "GET /galeria/nivo-slider/jquery.nivo.slider.pack.js HTTP/1.1" 200 11561
194.228.96.38 - - [29/Oct/2014:06:01:50 -0500] "GET /galeria/nivo-slider/demo/images/Hacienda_Molinos.jpg HTTP/1.1" 200 319171
194.228.96.38 - - [29/Oct/2014:06:01:50 -0500] "GET /galeria/nivo-slider/demo/scripts/jquery-1.7.1.min.js HTTP/1.1" 200 93868
191.95.242.157 - - [29/Oct/2014:06:01:53 -0500] "GET /galeria/carrusel/Carrusel/jquery.thumbnailScroller.css HTTP/1.1" 200 2066
191.95.242.157 - - [29/Oct/2014:06:01:54 -0500] "GET /BLA/boletinlegal/js/jquery.js HTTP/1.1" 200 57254
66.249.64.171 - - [29/Oct/2014:06:01:55 -0500] "GET /BLA/resoluciones/RESOLUCIONES%202009/2354.pdf HTTP/1.1" 200 497140
186.84.9.21 - - [29/Oct/2014:06:01:55 -0500] "GET /isolucionsda/IdentificaUsuario.asp?Pagina1=FrameSetGeneral.asp& HTTP/1.1" 200 1232
191.95.242.157 - - [29/Oct/2014:06:01:56 -0500] "GET /BLA/boletinlegal/js/jquery.scrollTo-min.js HTTP/1.1" 200 1150
191.95.242.157 - - [29/Oct/2014:06:01:57 -0500] "GET /BLA/boletinlegal/js/jquery.scrollShow.js HTTP/1.1" 200 4586
191.95.242.157 - - [29/Oct/2014:06:01:58 -0500] "GET /galeria/carrusel/Carrusel/jquery-ui-1.8.13.custom.min.js HTTP/1.1" 200 10800
191.95.242.157 - - [29/Oct/2014:06:01:59 -0500] "GET /galeria/carrusel/Carrusel/jquery.thumbnailScroller.js HTTP/1.1" 200 8157
190.69.166.134 - - [29/Oct/2014:06:02:00 -0500] "GET /videos/galeria-fotografica/index15.html? HTTP/1.1" 200 1971
66.249.64.167 - - [29/Oct/2014:06:02:01 -0500] "GET /BLA/resoluciones/RESOLUCIONES%202010/1912.pdf HTTP/1.1" 200 589974
190.69.166.134 - - [29/Oct/2014:06:02:03 -0500] "GET /videos/galeria-fotografica/js/jquery-flickr-gallery/jquery-flickr.css HTTP/1.1" 200 711
186.84.9.21 - - [29/Oct/2014:06:02:05 -0500] "GET / HTTP/1.1" 302 -
66.249.64.171 - - [29/Oct/2014:06:02:08 -0500] "GET /BLA/resoluciones/RESOLUCIONES%202009/3776.pdf HTTP/1.1" 200 234881
66.249.64.167 - - [29/Oct/2014:06:02:15 -0500] "GET /BLA/resoluciones/RESOLUCIONES%202009/4898.pdf HTTP/1.1" 200 653294
186.82.97.158 - - [29/Oct/2014:06:02:17 -0500] "GET /BLA/boletinlegal/js/jquery.js HTTP/1.1" 200 57254
186.82.97.158 - - [29/Oct/2014:06:02:17 -0500] "GET /BLA/boletinlegal/js/jquery.scrollTo-min.js HTTP/1.1" 200 1150
186.82.97.158 - - [29/Oct/2014:06:02:17 -0500] "GET /BLA/boletinlegal/js/jquery.scrollShow.js HTTP/1.1" 200 4586
186.84.9.21 - - [29/Oct/2014:06:02:17 -0500] "GET /isolucionsda/ HTTP/1.1" 200 739
190.158.134.228 - - [29/Oct/2014:05:56:18 -0500] "GET /ForestMSG_SDA/channelAsync/template_word_16759412;jsessionid=IRwXsUqMe9d3hoGjvEVLZ38r.server1?X-Atmosphere-tracking-id=006f7ff1-610a-e0eb-b083-6a3e5560beaa&X-Atmosphere-Framework=1.0.5&X-Atmosphere-Transport=long-polling&tabid=0.6364681841784758&X-Cache-Date=1414580373173&Content-Type=application/xml HTTP/1.1" 200 8193
66.249.64.171 - - [29/Oct/2014:06:02:22 -0500] "GET /BLA/resoluciones/AUTOS%202009/0064.pdf HTTP/1.1" 200 81529
186.84.9.21 - - [29/Oct/2014:06:02:23 -0500] "GET /isolucionsda/ HTTP/1.1" 200 739
190.158.134.228 - - [29/Oct/2014:06:02:27 -0500] "GET /forest/skins/gdocs-jar/popup/escritorio/reasignar.jsp?codTraEsc=16759412&a=0.5553526853446031 HTTP/1.1" 200 3742
190.158.134.228 - - [29/Oct/2014:06:02:27 -0500] "GET /forest/skins/gdocs-jar/img/user_search.gif HTTP/1.1" 304 -
190.158.134.228 - - [29/Oct/2014:06:02:28 -0500] "GET /forest/skins/gdocs-jar/popup/buscarfuncionarios.jsp?a=0.8089331195826088 HTTP/1.1" 200 30820
190.158.134.228 - - [29/Oct/2014:06:02:29 -0500] "GET /forest/skins/gdocs-jar/img/select.gif HTTP/1.1" 304 -
66.249.64.171 - - [29/Oct/2014:06:02:29 -0500] "GET /BLA/resoluciones/RESOLUCIONES%202009/2503.pdf HTTP/1.1" 200 420574
190.158.134.228 - - [29/Oct/2014:06:02:29 -0500] "GET /forest/1ibre/images/spacer.gif HTTP/1.1" 304 -
190.158.134.228 - - [29/Oct/2014:06:02:29 -0500] "GET /forest/skins/gdocs-jar/img/dependencia-tree.gif HTTP/1.1" 304 -
190.158.134.228 - - [29/Oct/2014:06:02:29 -0500] "GET /forest/1ibre/images/minus.gif HTTP/1.1" 304 -
190.158.134.228 - - [29/Oct/2014:06:02:29 -0500] "GET /forest/1ibre/images/plus.gif HTTP/1.1" 304 -
190.158.134.228 - - [29/Oct/2014:06:02:33 -0500] "GET /forest/xmlresponse.do?lista=funcionarioByName&xmlret=1&partNomFun=alejandro%20&a=0.3684581281633469 HTTP/1.1" 200 1438
191.95.242.157 - - [29/Oct/2014:06:02:33 -0500] "GET /galeria/nivo-slider/demo/demo.html HTTP/1.1" 200 3316
191.95.242.157 - - [29/Oct/2014:06:02:34 -0500] "GET /galeria/nivo-slider/themes/default/default.css HTTP/1.1" 200 1569
191.95.242.157 - - [29/Oct/2014:06:02:34 -0500] "GET /galeria/nivo-slider/themes/pascal/pascal.css HTTP/1.1" 200 2258
191.95.242.157 - - [29/Oct/2014:06:02:34 -0500] "GET /galeria/nivo-slider/themes/orman/orman.css HTTP/1.1" 200 2152
191.95.242.157 - - [29/Oct/2014:06:02:34 -0500] "GET /galeria/nivo-slider/nivo-slider.css HTTP/1.1" 200 1507
191.95.242.157 - - [29/Oct/2014:06:02:34 -0500] "GET /galeria/nivo-slider/demo/style.css HTTP/1.1" 200 2222
191.95.242.157 - - [29/Oct/2014:06:02:34 -0500] "GET /galeria/nivo-slider/demo/scripts/jquery-1.7.1.min.js HTTP/1.1" 200 93868
191.95.242.157 - - [29/Oct/2014:06:02:35 -0500] "GET /galeria/nivo-slider/jquery.nivo.slider.pack.js HTTP/1.1" 200 11561
191.95.242.157 - - [29/Oct/2014:06:02:35 -0500] "GET /galeria/nivo-slider/demo/images/porloshumedales.jpg HTTP/1.1" 200 351238
190.158.134.228 - - [29/Oct/2014:06:02:35 -0500] "GET /forest/xmlresponse.do?lista=funcionarioByName&xmlret=1&partNomFun=alejandro%20gome&a=0.07595197778606732 HTTP/1.1" 200 280
66.249.64.167 - - [29/Oct/2014:06:02:35 -0500] "GET /BLA/resoluciones/RESOLUCIONES%202009/0175.pdf HTTP/1.1" 200 212192
190.158.134.228 - - [29/Oct/2014:06:02:36 -0500] "GET /forest/xmlresponse.do?lista=funcionarioByName&xmlret=1&partNomFun=alejandro%20gomez&a=0.3795584109331923 HTTP/1.1" 200 280
191.95.242.157 - - [29/Oct/2014:06:02:36 -0500] "GET /galeria/nivo-slider/demo/images/banner-aceite3.jpg HTTP/1.1" 200 88347
191.95.242.157 - - [29/Oct/2014:06:02:36 -0500] "GET /galeria/nivo-slider/demo/images/mesTIC.jpg HTTP/1.1" 200 180719
191.95.242.157 - - [29/Oct/2014:06:02:37 -0500] "GET /galeria/nivo-slider/demo/images/Tingua-azul.jpg HTTP/1.1" 200 307638
186.84.9.21 - - [29/Oct/2014:06:02:39 -0500] "GET /isolucionsda/ HTTP/1.1" 200 739
191.95.242.157 - - [29/Oct/2014:06:02:40 -0500] "GET /galeria/nivo-slider/demo/images/4Simple_Slider.png HTTP/1.1" 200 11722
190.158.134.228 - - [29/Oct/2014:06:02:41 -0500] "GET /forest/xmlresponse.do?lista=funcionarioByName&xmlret=1&partNomFun=alejandro&a=0.16486272893657355 HTTP/1.1" 200 1438
201.245.192.253 - - [29/Oct/2014:06:02:41 -0500] "GET /galeria/nivo-slider/demo/demo.html HTTP/1.1" 304 -
190.158.134.228 - - [29/Oct/2014:06:02:41 -0500] "GET /forest/xmlresponse.do?lista=funcionarioByName&xmlret=1&partNomFun=alejandro%20&a=0.8773833681655928 HTTP/1.1" 200 1438
191.95.242.157 - - [29/Oct/2014:06:02:41 -0500] "GET /galeria/nivo-slider/themes/default/loading.gif HTTP/1.1" 200 1737
191.95.242.157 - - [29/Oct/2014:06:02:42 -0500] "GET /galeria/nivo-slider/demo/images/Banner-Caracol-Africano.jpg HTTP/1.1" 200 331986
191.95.242.157 - - [29/Oct/2014:06:02:42 -0500] "GET /galeria/nivo-slider/demo/images/banner-redes.jpg HTTP/1.1" 200 62209
190.158.134.228 - - [29/Oct/2014:06:02:42 -0500] "GET /forest/xmlresponse.do?lista=funcionarioByName&xmlret=1&partNomFun=alejandro%20g&a=0.7284815339834197 HTTP/1.1" 200 280
66.249.64.171 - - [29/Oct/2014:06:02:42 -0500] "GET /BLA/resoluciones/AUTOS%202007/3640.pdf HTTP/1.1" 200 240231
190.158.134.228 - - [29/Oct/2014:06:02:43 -0500] "GET /forest/xmlresponse.do?lista=funcionarioByName&xmlret=1&partNomFun=alejandro%20gom&a=0.09086940443330027 HTTP/1.1" 200 280
191.95.242.157 - - [29/Oct/2014:06:02:45 -0500] "GET /galeria/nivo-slider/demo/images/9Signos.jpg HTTP/1.1" 200 93040
190.158.134.228 - - [29/Oct/2014:06:02:47 -0500] "GET /forest/skins/gdocs-jar/popup/escritorio/reasignar.jsp?codTraEsc=16759412&a=0.2021283869519313 HTTP/1.1" 200 3742
66.249.64.163 - - [29/Oct/2014:06:02:49 -0500] "GET /BLA/resoluciones/RESOLUCIONES%202008/5010.pdf HTTP/1.1" 200 292027
190.158.134.228 - - [29/Oct/2014:06:02:49 -0500] "GET /forest/skins/gdocs-jar/popup/buscarfuncionarios.jsp?a=0.4959382232816867 HTTP/1.1" 200 30820
186.84.9.21 - - [29/Oct/2014:06:02:49 -0500] "GET /isolucionsda/ HTTP/1.1" 200 739
186.84.9.21 - - [29/Oct/2014:06:02:50 -0500] "GET /isolucionsda/IdentificaUsuario.asp?Pagina1=FrameSetGeneral.asp& HTTP/1.1" 200 4997
191.95.242.157 - - [29/Oct/2014:06:02:50 -0500] "GET /galeria/nivo-slider/demo/images/Hacienda_Molinos.jpg HTTP/1.1" 200 319171
191.95.242.157 - - [29/Oct/2014:06:02:50 -0500] "GET /galeria/nivo-slider/demo/images/banner-caballos.png HTTP/1.1" 200 389106
190.158.134.228 - - [29/Oct/2014:06:02:52 -0500] "GET /forest/xmlresponse.do?lista=funcionarioByName&xmlret=1&partNomFun=ale&a=0.23545521331908858 HTTP/1.1" 200 1498
186.84.9.21 - - [29/Oct/2014:06:02:52 -0500] "POST /isolucionsda/IdentificaUsuario.asp?Pagina1=FrameSetGeneral.asp& HTTP/1.1" 302 173
186.84.9.21 - - [29/Oct/2014:06:02:52 -0500] "GET /isolucionsda/FrameSetGeneral.asp?Pagina1=FrameSetGeneral.asp& HTTP/1.1" 200 6613
186.84.9.21 - - [29/Oct/2014:06:02:52 -0500] "GET /isolucionsda/Encabezado.asp?Pagina1=FrameSetGeneral.asp&&Pagina=MagazinHome.asp HTTP/1.1" 200 15388
186.84.9.21 - - [29/Oct/2014:06:02:52 -0500] "GET /isolucionsda/BarraTitulos.asp?Pagina1=FrameSetGeneral.asp&&Pagina=MagazinHome.asp HTTP/1.1" 200 6972
186.84.9.21 - - [29/Oct/2014:06:02:52 -0500] "GET /isolucionsda/BarraFavoritos.asp HTTP/1.1" 200 911
186.84.9.21 - - [29/Oct/2014:06:02:52 -0500] "GET /isolucionsda/Session.asp?Continue=1 HTTP/1.1" 200 6324
186.84.9.21 - - [29/Oct/2014:06:02:53 -0500] "GET /isolucionsda/g/Bgr_Destacado3399CC.jpg HTTP/1.1" 404 5217
186.84.9.21 - - [29/Oct/2014:06:02:53 -0500] "GET /isolucionsda/TareasSFRedirect.asp HTTP/1.1" 302 195
186.84.9.21 - - [29/Oct/2014:06:02:52 -0500] "GET /isolucionsda/MagazinHome.asp HTTP/1.1" 200 25853
186.84.9.21 - - [29/Oct/2014:06:02:53 -0500] "GET /isolucionsda/g/Bgr_Destacado3399CC.jpg HTTP/1.1" 404 5217
190.158.134.228 - - [29/Oct/2014:06:02:54 -0500] "GET /forest/xmlresponse.do?lista=funcionarioByName&xmlret=1&partNomFun=alejand&a=0.13130105036896916 HTTP/1.1" 200 1569
186.84.9.21 - - [29/Oct/2014:06:02:54 -0500] "GET /isolucionsda/FrameSetGeneral.asp?Pagina=Magazin.asp&Sigla=MAC&IdModulo=2 HTTP/1.1" 200 6625
186.84.9.21 - - [29/Oct/2014:06:02:54 -0500] "GET /isolucionsda/Encabezado.asp?Pagina=Magazin.asp&Sigla=MAC&IdModulo=2 HTTP/1.1" 200 15389
186.84.9.21 - - [29/Oct/2014:06:02:54 -0500] "GET /isolucionsda/BarraTitulos.asp?Pagina=Magazin.asp&Sigla=MAC&IdModulo=2 HTTP/1.1" 200 6989
186.84.9.21 - - [29/Oct/2014:06:02:54 -0500] "GET /isolucionsda/Magazin.asp?Pagina=Magazin.asp&Sigla=MAC&IdModulo=2 HTTP/1.1" 302 211
186.84.9.21 - - [29/Oct/2014:06:02:54 -0500] "GET /isolucionsda/BarraFavoritos.asp HTTP/1.1" 200 911
186.84.9.21 - - [29/Oct/2014:06:02:54 -0500] "GET /isolucionsda/Session.asp?Continue=1 HTTP/1.1" 200 6324
186.84.9.21 - - [29/Oct/2014:06:02:54 -0500] "GET /isolucionsda/SucursalSeleccion.asp?URLRedirect=magazin.asp?sigla=mac HTTP/1.1" 302 211
190.158.134.228 - - [29/Oct/2014:06:02:54 -0500] "GET /forest/xmlresponse.do?lista=funcionarioByName&xmlret=1&partNomFun=alejandro%20&a=0.7097427147189197 HTTP/1.1" 200 1438
186.84.9.21 - - [29/Oct/2014:06:02:55 -0500] "GET /isolucionsda/SucursalSeleccion.asp?CodSucursal=1&URLRedirect=magazin.asp?sigla=mac&CargaPagina= HTTP/1.1" 302 177
186.84.9.21 - - [29/Oct/2014:06:02:55 -0500] "GET /isolucionsda/magazin.asp?sigla=mac HTTP/1.1" 200 10642
186.84.9.21 - - [29/Oct/2014:06:02:53 -0500] "GET /isolucionsda/Login.aspx?TARGET=SFContainerFiltrado.aspx&number=55676568655648504553 HTTP/1.1" 302 886
66.249.64.163 - - [29/Oct/2014:06:02:56 -0500] "GET /BLA/resoluciones/RESOLUCIONES%202008/5165.pdf HTTP/1.1" 200 317496
186.84.9.21 - - [29/Oct/2014:06:02:58 -0500] "GET /isolucionsda/FramesetArticulo.asp?Pagina=bancoconocimiento%2FM%2FMANUALDELSISTEMAINTEGRADODEGESTION%5Fv9%2FMANUALDELSISTEMAINTEGRADODEGESTION%5Fv9%2Easp&IdArticulo=7375&Codigo=&Fecha=&Version=&Procedimiento=&cliente= HTTP/1.1" 200 7477
186.84.9.21 - - [29/Oct/2014:06:02:58 -0500] "GET /isolucionsda/Arriba.asp?Pagina=bancoconocimiento%2FM%2FMANUALDELSISTEMAINTEGRADODEGESTION%5Fv9%2FMANUALDELSISTEMAINTEGRADODEGESTION%5Fv9%2Easp&IdArticulo=7375&Codigo=&Fecha=&Version=&Procedimiento=&cliente= HTTP/1.1" 200 10675
186.84.9.21 - - [29/Oct/2014:06:02:59 -0500] "GET /isolucionsda/g/vacio1x1.gif HTTP/1.1" 404 5195
186.84.9.21 - - [29/Oct/2014:06:02:59 -0500] "GET /isolucionsda/g/vacio1x1.gif HTTP/1.1" 404 5195
186.84.9.21 - - [29/Oct/2014:06:02:58 -0500] "GET /isolucionsda/bancoconocimiento/M/MANUALDELSISTEMAINTEGRADODEGESTION_v9/MANUALDELSISTEMAINTEGRADODEGESTION_v9.asp?IdArticulo=7375 HTTP/1.1" 200 101414
186.84.9.21 - - [29/Oct/2014:06:02:59 -0500] "GET /isolucionsda/bancoconocimiento/M/MANUALDELSISTEMAINTEGRADODEGESTION_v9/10.jpg HTTP/1.1" 200 43247
186.84.9.21 - - [29/Oct/2014:06:02:59 -0500] "GET /isolucionsda/g/vacio1x1.gif HTTP/1.1" 404 5195
186.84.9.21 - - [29/Oct/2014:06:02:59 -0500] "GET /isolucionsda/bancoconocimiento/M/MANUALDELSISTEMAINTEGRADODEGESTION_v9/80.jpg HTTP/1.1" 200 17662
186.84.9.21 - - [29/Oct/2014:06:03:00 -0500] "GET /isolucionsda/bancoconocimiento/M/MANUALDELSISTEMAINTEGRADODEGESTION_v9/meci01.jpg HTTP/1.1" 200 66319
186.84.9.21 - - [29/Oct/2014:06:02:59 -0500] "GET /isolucionsda/bancoconocimiento/M/MANUALDELSISTEMAINTEGRADODEGESTION_v9/obj%20ambientales%200,50.jpg HTTP/1.1" 200 127908
186.84.9.21 - - [29/Oct/2014:06:02:59 -0500] "GET /isolucionsda/bancoconocimiento/M/MANUALDELSISTEMAINTEGRADODEGESTION_v9/60.jpg HTTP/1.1" 200 64115
186.84.9.21 - - [29/Oct/2014:06:02:59 -0500] "GET /isolucionsda/bancoconocimiento/M/MANUALDELSISTEMAINTEGRADODEGESTION_v9/paca01.jpg HTTP/1.1" 200 149339
190.158.134.228 - - [29/Oct/2014:06:03:00 -0500] "GET /forest/misactividades.do?_a=0.8413771329898299&group_system_actual=3 HTTP/1.1" 200 36398
190.158.134.228 - - [29/Oct/2014:06:03:00 -0500] "GET /forest/jsoptimized/gz/js/gdocsall-1410.211635.js HTTP/1.1" 304 -
190.158.134.228 - - [29/Oct/2014:06:03:01 -0500] "GET /forest/session.jsp?a=0.1564538681402537 HTTP/1.1" 200 4
186.84.9.21 - - [29/Oct/2014:06:02:59 -0500] "GET /isolucionsda/bancoconocimiento/M/MANUALDELSISTEMAINTEGRADODEGESTION_v9/obj%20estrategicos%200,50.jpg HTTP/1.1" 200 148222
190.158.134.228 - - [29/Oct/2014:06:03:01 -0500] "POST /forest/misactividades.do?ajax=true&a=0.1439344055966189 HTTP/1.1" 200 5206
66.249.64.163 - - [29/Oct/2014:06:03:03 -0500] "GET /BLA/resoluciones/RESOLUCIONES%202009/0598.pdf HTTP/1.1" 200 302659
186.84.9.21 - - [29/Oct/2014:06:03:00 -0500] "GET /isolucionsda/bancoconocimiento/M/MANUALDELSISTEMAINTEGRADODEGESTION_v9/img100.jpg HTTP/1.1" 200 717052
191.95.242.157 - - [29/Oct/2014:06:03:05 -0500] "GET /galeria/nivo-slider/themes/default/arrows.png HTTP/1.1" 200 824
191.95.242.157 - - [29/Oct/2014:06:03:05 -0500] "GET /galeria/nivo-slider/themes/default/bullets.png HTTP/1.1" 200 1281
180.76.6.145 - - [29/Oct/2014:06:03:08 -0500] "GET /hidrico/aguas%20subterraneas/index.php?dir=Cartograf%ECa_Final_2013%2FHidrogeolog%EDa%2F HTTP/1.1" 404 1018
190.158.134.228 - - [29/Oct/2014:06:03:08 -0500] "GET /forest/usutareas.do?_a=0.3142023494737&group_system_actual=3 HTTP/1.1" 200 116476
190.158.134.228 - - [29/Oct/2014:06:03:08 -0500] "GET /forest/jsoptimized/gz/js/gdocsall-1410.211635.js HTTP/1.1" 304 -
190.158.134.228 - - [29/Oct/2014:06:03:09 -0500] "GET /forest/session.jsp?a=0.6792173193833441 HTTP/1.1" 200 4
66.249.64.163 - - [29/Oct/2014:06:03:10 -0500] "GET /BLA/resoluciones/RESOLUCIONES%202010/1171.pdf HTTP/1.1" 200 107844
190.158.134.228 - - [29/Oct/2014:06:03:08 -0500] "GET /ForestMSG_SDA/channelAsync/template_word_16759411;jsessionid=IRwXsUqMe9d3hoGjvEVLZ38r.server1?X-Atmosphere-tracking-id=f006ce5a-5605-2da4-812d-6e6114f5c748&X-Atmosphere-Framework=1.0.5&X-Atmosphere-Transport=long-polling&tabid=0.43319979895848803&X-Cache-Date=0&Content-Type=application/xml HTTP/1.1" 200 8193
66.249.64.171 - - [29/Oct/2014:06:03:12 -0500] "GET /BLA/resoluciones/RESOLUCIONES%202011/1422.pdf HTTP/1.1" 200 79257
190.158.134.228 - - [29/Oct/2014:06:03:13 -0500] "GET /forest/skins/gdocs-jar/popup/escritorio/reasignar.jsp?codTraEsc=16759411&a=0.9437744156327168 HTTP/1.1" 200 3742
190.158.134.228 - - [29/Oct/2014:06:03:12 -0500] "GET /forest/usutareas.do?codTraEsc=16759412 HTTP/1.1" 200 130695
190.158.134.228 - - [29/Oct/2014:06:03:14 -0500] "GET /forest/jsoptimized/gz/js/gdocsall-1410.211635.js HTTP/1.1" 304 -
190.158.134.228 - - [29/Oct/2014:06:03:14 -0500] "GET /forest/session.jsp?a=0.18025325079026672 HTTP/1.1" 200 4
190.158.134.228 - - [29/Oct/2014:06:03:14 -0500] "GET /ForestMSG_SDA/channelAsync/template_word_16759412;jsessionid=IRwXsUqMe9d3hoGjvEVLZ38r.server1?X-Atmosphere-tracking-id=244dc94b-de97-7b8d-94ec-0a2893a9fa7f&X-Atmosphere-Framework=1.0.5&X-Atmosphere-Transport=long-polling&tabid=0.8009148012353426&X-Cache-Date=0&Content-Type=application/xml HTTP/1.1" 200 8193
66.249.64.167 - - [29/Oct/2014:06:03:16 -0500] "GET /BLA/resoluciones/RESOLUCIONES%202011/1394.pdf HTTP/1.1" 200 73079
190.158.134.228 - - [29/Oct/2014:06:03:17 -0500] "GET /forest/skins/gdocs-jar/popup/escritorio/reasignar.jsp?codTraEsc=16759412&a=0.014699572988600251 HTTP/1.1" 200 3742
190.158.134.228 - - [29/Oct/2014:06:03:19 -0500] "GET /forest/skins/gdocs-jar/popup/buscarfuncionarios.jsp?a=0.30031466421348823 HTTP/1.1" 200 30820
190.158.134.228 - - [29/Oct/2014:06:03:21 -0500] "GET /forest/xmlresponse.do?lista=funcionarioByName&xmlret=1&partNomFun=a&a=0.9062292451441667 HTTP/1.1" 200 1498
190.158.134.228 - - [29/Oct/2014:06:03:23 -0500] "GET /forest/xmlresponse.do?lista=funcionarioByName&xmlret=1&partNomFun=ale&a=0.5138247602610507 HTTP/1.1" 200 1498
66.249.64.163 - - [29/Oct/2014:06:03:23 -0500] "GET /BLA/resoluciones/RESOLUCIONES%202009/4329.pdf HTTP/1.1" 200 58959
190.158.134.228 - - [29/Oct/2014:06:03:24 -0500] "GET /forest/xmlresponse.do?lista=funcionarioByName&xmlret=1&partNomFun=alejandro%20&a=0.44163275061851476 HTTP/1.1" 200 1438
190.158.134.228 - - [29/Oct/2014:06:03:25 -0500] "GET /forest/xmlresponse.do?lista=funcionarioByName&xmlret=1&partNomFun=alejandro%20g&a=0.9942992706442261 HTTP/1.1" 200 280
190.158.134.228 - - [29/Oct/2014:06:03:27 -0500] "GET /forest/xmlresponse.do?lista=funcionarioByName&xmlret=1&partNomFun=alejandro%20gome&a=0.7467333369134079 HTTP/1.1" 200 280
190.158.134.228 - - [29/Oct/2014:06:03:29 -0500] "GET /forest/xmlresponse.do?lista=funcionarioByName&xmlret=1&partNomFun=alejandro%20gomez%20cubillos&a=0.1772273054269805 HTTP/1.1" 200 187
66.249.64.163 - - [29/Oct/2014:06:03:30 -0500] "GET /BLA/resoluciones/RESOLUCIONES%202009/1140.pdf HTTP/1.1" 200 32067
190.158.134.228 - - [29/Oct/2014:06:03:34 -0500] "GET /forest/skins/gdocs-jar/popup/buscarfuncionarios.jsp?a=0.8795863973385931 HTTP/1.1" 200 30820
66.249.64.171 - - [29/Oct/2014:06:03:37 -0500] "GET /BLA/resoluciones/RESOLUCIONES%202010/3341.pdf HTTP/1.1" 200 698465
190.158.134.228 - - [29/Oct/2014:06:03:42 -0500] "GET /forest/xmlresponse.do?lista=funcionarioByName&xmlret=1&codCargo=102&codDep=&partNomFun=a&a=0.801087214432241 HTTP/1.1" 200 1514
66.249.64.167 - - [29/Oct/2014:06:03:44 -0500] "GET /BLA/resoluciones/RESOLUCIONES%202009/0107.pdf HTTP/1.1" 200 290937
190.158.134.228 - - [29/Oct/2014:06:03:44 -0500] "GET /forest/xmlresponse.do?lista=funcionarioByName&xmlret=1&codCargo=102&codDep=&partNomFun=ale&a=0.7567459866036453 HTTP/1.1" 200 1509
190.158.134.228 - - [29/Oct/2014:06:03:47 -0500] "GET /forest/misactividades.do?_a=0.4533907593883262&group_system_actual=3 HTTP/1.1" 200 36398
190.158.134.228 - - [29/Oct/2014:06:03:48 -0500] "GET /forest/jsoptimized/gz/js/gdocsall-1410.211635.js HTTP/1.1" 304 -
190.158.134.228 - - [29/Oct/2014:06:03:48 -0500] "GET /forest/session.jsp?a=0.6723585112005979 HTTP/1.1" 200 4
190.158.134.228 - - [29/Oct/2014:06:03:48 -0500] "POST /forest/misactividades.do?ajax=true&a=0.5932513132809413 HTTP/1.1" 200 5205
66.249.64.171 - - [29/Oct/2014:06:03:50 -0500] "GET /BLA/resoluciones/RESOLUCIONES%202011/0638.pdf HTTP/1.1" 200 307269
190.158.134.228 - - [29/Oct/2014:06:03:51 -0500] "GET /forest/usutareas.do?_a=0.7060031659554222&group_system_actual=3 HTTP/1.1" 200 112941
190.158.134.228 - - [29/Oct/2014:06:03:52 -0500] "GET /forest/jsoptimized/gz/js/gdocsall-1410.211635.js HTTP/1.1" 304 -
190.158.134.228 - - [29/Oct/2014:06:03:52 -0500] "GET /forest/skins/gdocs-jar/img/plus.gif HTTP/1.1" 200 352
190.158.134.228 - - [29/Oct/2014:06:03:52 -0500] "GET /forest/skins/gdocs-jar/img/minus.png HTTP/1.1" 200 23511
190.158.134.228 - - [29/Oct/2014:06:03:52 -0500] "GET /forest/skins/gdocs-jar/img/pencil.png HTTP/1.1" 200 23500
190.158.134.228 - - [29/Oct/2014:06:03:52 -0500] "GET /forest/session.jsp?a=0.2827178904168537 HTTP/1.1" 200 4
190.158.134.228 - - [29/Oct/2014:06:03:53 -0500] "GET /forest/skins/gdocs-jar/popup/escritorio/reasignar.jsp?codTraEsc=16538029&a=0.5823574138604093 HTTP/1.1" 200 3742
190.158.134.228 - - [29/Oct/2014:06:03:56 -0500] "GET /forest/skins/gdocs-jar/popup/buscarfuncionarios.jsp?a=0.4566582742723546 HTTP/1.1" 200 30820
66.249.64.163 - - [29/Oct/2014:06:03:57 -0500] "GET /BLA/resoluciones/RESOLUCIONES%202011/1021.pdf HTTP/1.1" 200 69681
190.158.134.228 - - [29/Oct/2014:06:03:58 -0500] "GET /forest/xmlresponse.do?lista=funcionarioByName&xmlret=1&partNomFun=a&a=0.5962773485233417 HTTP/1.1" 200 1498
190.158.134.228 - - [29/Oct/2014:06:03:59 -0500] "GET /forest/xmlresponse.do?lista=funcionarioByName&xmlret=1&partNomFun=al&a=0.368781436905667 HTTP/1.1" 200 1512
190.158.134.228 - - [29/Oct/2014:06:04:03 -0500] "GET /forest/logout-redirect.jsp HTTP/1.1" 302 -
190.158.134.228 - - [29/Oct/2014:06:04:03 -0500] "GET /forest/login.do HTTP/1.1" 200 10924
190.158.134.228 - - [29/Oct/2014:06:04:03 -0500] "GET /forest/jsoptimized/gz/js/gdocsall-1410.211635.js HTTP/1.1" 304 -
190.158.134.228 - - [29/Oct/2014:06:04:03 -0500] "GET /forest/img/forestIcon.gif?version=1410.211635 HTTP/1.1" 200 573
66.249.64.171 - - [29/Oct/2014:06:04:04 -0500] "GET /BLA/resoluciones/RESOLUCIONES%202010/0282.pdf HTTP/1.1" 200 58532
201.245.192.253 - - [29/Oct/2014:06:04:09 -0500] "GET /plugins/like.php?href=https%3A%2F%2Fwww.facebook.com%2FCanalRCNNuestraTeleOficial&send=false&layout=button_count&width=150&show_faces=true&font=verdana&colorscheme=light&action=like&height=21 HTTP/1.1" 404 1252
201.245.192.253 - - [29/Oct/2014:06:04:10 -0500] "GET /plugins/likebox.php?href=https%3A%2F%2Fwww.facebook.com%2FCanalRCNNuestraTeleOficial%3Ffref%3Dnf&width=440&height=405&colorscheme=light&show_faces=false&header=true&stream=true&show_border=true&appId=280603362094913 HTTP/1.1" 404 1252
66.249.64.163 - - [29/Oct/2014:06:04:11 -0500] "GET /BLA/resoluciones/RESOLUCIONES%202010/3594.pdf HTTP/1.1" 200 532601
66.249.64.171 - - [29/Oct/2014:06:04:18 -0500] "GET /BLA/resoluciones/AUTOS%202008/0384.pdf HTTP/1.1" 200 165981
190.158.134.228 - - [29/Oct/2014:06:04:18 -0500] "POST /forest/login.do HTTP/1.1" 302 -
190.158.134.228 - - [29/Oct/2014:06:04:18 -0500] "GET /forest/index2.jsp?a=0.7473990934069541 HTTP/1.1" 200 45944
190.158.134.228 - - [29/Oct/2014:06:04:18 -0500] "GET /forest/jsoptimized/gz/js/gdocsall-1410.211635.js HTTP/1.1" 304 -
190.158.134.228 - - [29/Oct/2014:06:04:18 -0500] "GET /forest/session.jsp?a=0.5424222470827329 HTTP/1.1" 200 4
191.95.242.157 - - [29/Oct/2014:06:04:19 -0500] "GET /galeria/nivo-slider/demo/images/banner-llantas2.jpg HTTP/1.1" 200 73153
190.158.134.228 - - [29/Oct/2014:06:04:23 -0500] "GET /forest/misactividades.do?group_system_actual=3&todas=1&codPro=0&_a=0.7564328655848054 HTTP/1.1" 200 36718
190.158.134.228 - - [29/Oct/2014:06:04:23 -0500] "GET /forest/jsoptimized/gz/js/gdocsall-1410.211635.js HTTP/1.1" 304 -
190.158.134.228 - - [29/Oct/2014:06:04:23 -0500] "GET /forest/session.jsp?a=0.20722183230521146 HTTP/1.1" 200 4
190.158.134.228 - - [29/Oct/2014:06:04:24 -0500] "POST /forest/misactividades.do?ajax=true&a=0.7282934477866891 HTTP/1.1" 200 5246
66.249.64.167 - - [29/Oct/2014:06:04:24 -0500] "GET /BLA/resoluciones/RESOLUCIONES%202008/3362.pdf HTTP/1.1" 200 26650
66.249.64.163 - - [29/Oct/2014:06:04:31 -0500] "GET /BLA/resoluciones/RESOLUCIONES%202009/5900.pdf HTTP/1.1" 200 843627
201.245.192.253 - - [29/Oct/2014:06:04:33 -0500] "GET /plugins/like.php?href=https%3A%2F%2Fwww.facebook.com%2FCanalRCNNuestraTeleOficial&send=false&layout=button_count&width=150&show_faces=true&font=verdana&colorscheme=light&action=like&height=21 HTTP/1.1" 404 1276
190.158.134.228 - - [29/Oct/2014:06:04:33 -0500] "GET /forest/usutareas.do?_a=0.0666216583306099&group_system_actual=3 HTTP/1.1" 200 130695
190.158.134.228 - - [29/Oct/2014:06:04:34 -0500] "GET /forest/jsoptimized/gz/js/gdocsall-1410.211635.js HTTP/1.1" 304 -
190.158.134.228 - - [29/Oct/2014:06:04:34 -0500] "GET /forest/session.jsp?a=0.45601453909414324 HTTP/1.1" 200 4
190.158.134.228 - - [29/Oct/2014:06:03:16 -0500] "GET /ForestMSG_SDA/channelAsync/template_word_16759412;jsessionid=IRwXsUqMe9d3hoGjvEVLZ38r.server1?X-Atmosphere-tracking-id=244dc94b-de97-7b8d-94ec-0a2893a9fa7f&X-Atmosphere-Framework=1.0.5&X-Atmosphere-Transport=long-polling&tabid=0.8009148012353426&X-Cache-Date=1414580791171&Content-Type=application/xml HTTP/1.1" 200 8193
190.158.134.228 - - [29/Oct/2014:06:04:34 -0500] "GET /ForestMSG_SDA/channelAsync/template_word_16759412;jsessionid=lr0ljkH+NlwLZGSnmNiRdSpM.server1?X-Atmosphere-tracking-id=a8d0ff7d-cda1-520c-f9d4-c1278b130fd6&X-Atmosphere-Framework=1.0.5&X-Atmosphere-Transport=long-polling&tabid=0.39376762577607455&X-Cache-Date=0&Content-Type=application/xml HTTP/1.1" 200 8193
190.158.134.228 - - [29/Oct/2014:06:04:36 -0500] "GET /forest/skins/gdocs-jar/popup/escritorio/reasignar.jsp?codTraEsc=16759412&a=0.9065590651963677 HTTP/1.1" 200 3742
190.158.134.228 - - [29/Oct/2014:06:04:38 -0500] "GET /forest/skins/gdocs-jar/popup/buscarfuncionarios.jsp?a=0.11564546860611291 HTTP/1.1" 200 30820
66.249.64.163 - - [29/Oct/2014:06:04:38 -0500] "GET /BLA/resoluciones/RESOLUCIONES%202010/2234.pdf HTTP/1.1" 200 478135
190.158.134.228 - - [29/Oct/2014:06:04:40 -0500] "GET /forest/xmlresponse.do?lista=funcionarioByName&xmlret=1&partNomFun=a&a=0.24085489828106293 HTTP/1.1" 200 1498
190.158.134.228 - - [29/Oct/2014:06:04:41 -0500] "GET /forest/xmlresponse.do?lista=funcionarioByName&xmlret=1&partNomFun=al&a=0.3559360656804341 HTTP/1.1" 200 1512
180.76.6.134 - - [29/Oct/2014:06:04:42 -0500] "GET /BLA/resoluciones/AUTOS%202009/3009.pdf HTTP/1.1" 200 185607
190.158.134.228 - - [29/Oct/2014:06:04:42 -0500] "GET /forest/xmlresponse.do?lista=funcionarioByName&xmlret=1&partNomFun=ale&a=0.23870787058320791 HTTP/1.1" 200 1498
190.158.134.228 - - [29/Oct/2014:06:04:43 -0500] "GET /forest/xmlresponse.do?lista=funcionarioByName&xmlret=1&partNomFun=alej&a=0.9131772315239952 HTTP/1.1" 200 1552
190.158.134.228 - - [29/Oct/2014:06:04:44 -0500] "GET /forest/xmlresponse.do?lista=funcionarioByName&xmlret=1&partNomFun=alejand&a=0.16025380608940576 HTTP/1.1" 200 1569
190.158.134.228 - - [29/Oct/2014:06:04:44 -0500] "GET /forest/xmlresponse.do?lista=funcionarioByName&xmlret=1&partNomFun=alejandro&a=0.7132102226106804 HTTP/1.1" 200 1438
66.249.64.167 - - [29/Oct/2014:06:04:45 -0500] "GET /BLA/resoluciones/RESOLUCIONES%202009/8254.pdf HTTP/1.1" 200 277333
190.158.134.228 - - [29/Oct/2014:06:04:51 -0500] "GET /forest/index2.jsp?selected=tab_init&tab=1 HTTP/1.1" 200 45941
190.158.134.228 - - [29/Oct/2014:06:04:51 -0500] "GET /forest/jsoptimized/gz/js/gdocsall-1410.211635.js HTTP/1.1" 304 -
190.158.134.228 - - [29/Oct/2014:06:04:51 -0500] "GET /forest/session.jsp?a=0.5705581356341717 HTTP/1.1" 200 4
191.95.242.157 - - [29/Oct/2014:06:04:52 -0500] "GET /galeria/nivo-slider/demo/images/bannerEcolecta3.jpg HTTP/1.1" 200 280034
66.249.64.171 - - [29/Oct/2014:06:04:52 -0500] "GET /BLA/resoluciones/AUTOS%202008/0597.pdf HTTP/1.1" 200 336784
66.249.64.167 - - [29/Oct/2014:06:04:59 -0500] "GET /BLA/resoluciones/RESOLUCIONES%202010/3593.pdf HTTP/1.1" 200 505783
66.249.64.167 - - [29/Oct/2014:06:05:05 -0500] "GET /BLA/resoluciones/RESOLUCIONES%202010/4143.pdf HTTP/1.1" 200 496129
66.249.64.167 - - [29/Oct/2014:06:05:12 -0500] "GET /BLA/resoluciones/RESOLUCIONES%202009/2906.pdf HTTP/1.1" 200 42975
66.249.64.163 - - [29/Oct/2014:06:05:19 -0500] "GET /BLA/resoluciones/RESOLUCIONES%202010/2075.pdf HTTP/1.1" 200 204825
201.245.192.253 - - [29/Oct/2014:06:05:22 -0500] "GET /forest/config/js/representante.js HTTP/1.1" 200 1298
66.249.64.171 - - [29/Oct/2014:06:05:26 -0500] "GET /BLA/resoluciones/AUTOS%202007/3483.pdf HTTP/1.1" 200 95928
66.249.64.171 - - [29/Oct/2014:06:05:33 -0500] "GET /BLA/resoluciones/RESOLUCIONES%202010/3409.pdf HTTP/1.1" 200 318534
66.249.64.163 - - [29/Oct/2014:06:05:39 -0500] "GET /BLA/resoluciones/RESOLUCIONES%202009/8710.pdf HTTP/1.1" 200 572976
66.249.64.163 - - [29/Oct/2014:06:05:46 -0500] "GET /BLA/resoluciones/RESOLUCIONES%202009/4657.pdf HTTP/1.1" 200 424328
66.249.64.171 - - [29/Oct/2014:06:05:53 -0500] "GET /BLA/resoluciones/RESOLUCIONES%202010/4163.pdf HTTP/1.1" 200 755623
74.86.158.107 - - [29/Oct/2014:06:05:58 -0500] "HEAD / HTTP/1.1" 302 -
66.249.64.163 - - [29/Oct/2014:06:06:00 -0500] "GET /BLA/resoluciones/AUTOS%202008/0869.pdf HTTP/1.1" 200 70017
66.249.64.163 - - [29/Oct/2014:06:06:07 -0500] "GET /BLA/resoluciones/RESOLUCIONES%202009/5833.pdf HTTP/1.1" 200 552807
66.249.64.167 - - [29/Oct/2014:06:06:13 -0500] "GET /BLA/resoluciones/AUTOS%202007/0209.pdf HTTP/1.1" 200 15229
66.249.64.163 - - [29/Oct/2014:06:06:20 -0500] "GET /BLA/resoluciones/RESOLUCIONES%202009/4125.pdf HTTP/1.1" 200 780547
66.249.64.167 - - [29/Oct/2014:06:06:27 -0500] "GET /BLA/resoluciones/RESOLUCIONES%202009/7219.pdf HTTP/1.1" 200 197449
66.249.64.171 - - [29/Oct/2014:06:06:34 -0500] "GET /BLA/resoluciones/AUTOS%202007/0475.pdf HTTP/1.1" 200 76453
66.249.64.167 - - [29/Oct/2014:06:06:41 -0500] "GET /BLA/resoluciones/AUTOS%202007/2948.pdf HTTP/1.1" 200 75852
158.227.0.240 - - [29/Oct/2014:06:06:43 -0500] "GET /BLA/boletinlegal/js/jquery.js HTTP/1.1" 200 57254
158.227.0.240 - - [29/Oct/2014:06:06:43 -0500] "GET /BLA/boletinlegal/js/jquery.scrollTo-min.js HTTP/1.1" 200 1150
158.227.0.240 - - [29/Oct/2014:06:06:43 -0500] "GET /BLA/boletinlegal/js/jquery.scrollShow.js HTTP/1.1" 200 4586
66.249.64.167 - - [29/Oct/2014:06:06:48 -0500] "GET /BLA/resoluciones/AUTOS%202008/3464.pdf HTTP/1.1" 200 82928
66.249.64.171 - - [29/Oct/2014:06:06:54 -0500] "GET /BLA/resoluciones/RESOLUCIONES%202009/9041.pdf HTTP/1.1" 200 350890
66.249.64.171 - - [29/Oct/2014:06:07:01 -0500] "GET /BLA/resoluciones/RESOLUCIONES%202007/RES%202007%202001%20AL%202100/RESOLUCION%202091%20DE%202007.pdf HTTP/1.1" 200 32826
66.249.64.171 - - [29/Oct/2014:06:07:08 -0500] "GET /BLA/resoluciones/AUTOS%202011/3098.pdf HTTP/1.1" 200 225367
181.68.192.100 - - [29/Oct/2014:06:07:08 -0500] "GET /BLA/boletinlegal/js/jquery.js HTTP/1.1" 200 57254
181.68.192.100 - - [29/Oct/2014:06:07:08 -0500] "GET /BLA/boletinlegal/js/jquery.scrollTo-min.js HTTP/1.1" 200 1150
181.68.192.100 - - [29/Oct/2014:06:07:08 -0500] "GET /BLA/boletinlegal/js/jquery.scrollShow.js HTTP/1.1" 200 4586
66.249.64.171 - - [29/Oct/2014:06:07:15 -0500] "GET /BLA/resoluciones/AUTOS%202011/6900.pdf HTTP/1.1" 200 174736
66.249.64.163 - - [29/Oct/2014:06:07:22 -0500] "GET /BLA/resoluciones/AUTOS%202011/1900.pdf HTTP/1.1" 200 103660
66.249.64.171 - - [29/Oct/2014:06:07:28 -0500] "GET /BLA/resoluciones/AUTOS%202011/1904.pdf HTTP/1.1" 200 208358
66.249.64.163 - - [29/Oct/2014:06:07:35 -0500] "GET /BLA/resoluciones/RESOLUCIONES%202011/1321.pdf HTTP/1.1" 200 75151
66.249.64.167 - - [29/Oct/2014:06:07:42 -0500] "GET /BLA/resoluciones/AUTOS%202011/1280.pdf HTTP/1.1" 200 144930
66.249.64.171 - - [29/Oct/2014:06:07:49 -0500] "GET /BLA/resoluciones/AUTOS%202011/1281.pdf HTTP/1.1" 200 159609
201.245.192.253 - - [29/Oct/2014:06:07:51 -0500] "GET /forest/img/panel/popAnimated.gif HTTP/1.1" 304 -
66.249.64.171 - - [29/Oct/2014:06:07:56 -0500] "GET /BLA/resoluciones/RESOLUCIONES%202008/4934.pdf HTTP/1.1" 200 214749
66.249.64.167 - - [29/Oct/2014:06:08:03 -0500] "GET /BLA/resoluciones/AUTOS%202011/3294.pdf HTTP/1.1" 200 215961
66.249.64.163 - - [29/Oct/2014:06:08:09 -0500] "GET /BLA/resoluciones/AUTOS%202008/2816.pdf HTTP/1.1" 200 75248
66.249.64.167 - - [29/Oct/2014:06:08:16 -0500] "GET /BLA/resoluciones/RESOLUCIONES%202011/0792.pdf HTTP/1.1" 200 277845
158.227.0.240 - - [29/Oct/2014:06:08:18 -0500] "GET /BLA/boletinlegal/js/jquery.js HTTP/1.1" 304 -
158.227.0.240 - - [29/Oct/2014:06:08:19 -0500] "GET /BLA/boletinlegal/js/jquery.scrollTo-min.js HTTP/1.1" 304 -
158.227.0.240 - - [29/Oct/2014:06:08:19 -0500] "GET /BLA/boletinlegal/js/jquery.scrollShow.js HTTP/1.1" 304 -
66.249.64.167 - - [29/Oct/2014:06:08:23 -0500] "GET /BLA/resoluciones/AUTOS%202011/4882.pdf HTTP/1.1" 200 639931
66.249.64.171 - - [29/Oct/2014:06:08:30 -0500] "GET /BLA/resoluciones/AUTOS%202011/2182.pdf HTTP/1.1" 200 319257
66.249.64.167 - - [29/Oct/2014:06:08:37 -0500] "GET /BLA/resoluciones/AUTOS%202011/6759.pdf HTTP/1.1" 200 211323
66.249.64.171 - - [29/Oct/2014:06:08:43 -0500] "GET /BLA/resoluciones/AUTOS%202011/3009.pdf HTTP/1.1" 200 110462
158.227.0.240 - - [29/Oct/2014:06:08:44 -0500] "GET /BLA/boletinlegal/js/jquery.js HTTP/1.1" 304 -
158.227.0.240 - - [29/Oct/2014:06:08:45 -0500] "GET /BLA/boletinlegal/js/jquery.scrollTo-min.js HTTP/1.1" 304 -
158.227.0.240 - - [29/Oct/2014:06:08:45 -0500] "GET /BLA/boletinlegal/js/jquery.scrollShow.js HTTP/1.1" 304 -
66.249.64.167 - - [29/Oct/2014:06:08:50 -0500] "GET /BLA/resoluciones/AUTOS%202011/0355.pdf HTTP/1.1" 200 127805
66.249.64.171 - - [29/Oct/2014:06:08:57 -0500] "GET /BLA/resoluciones/AUTOS%202011/0229.pdf HTTP/1.1" 200 156511
66.249.69.211 - - [29/Oct/2014:06:09:04 -0500] "GET /BLA/resoluciones/RESOLUCIONES%202009/8194.pdf HTTP/1.1" 200 142762
66.249.64.171 - - [29/Oct/2014:06:09:06 -0500] "GET /BLA/resoluciones/AUTOS%202014/1293.pdf HTTP/1.1" 200 865860
190.158.134.228 - - [29/Oct/2014:06:03:10 -0500] "GET /ForestMSG_SDA/channelAsync/template_word_16759411;jsessionid=IRwXsUqMe9d3hoGjvEVLZ38r.server1?X-Atmosphere-tracking-id=f006ce5a-5605-2da4-812d-6e6114f5c748&X-Atmosphere-Framework=1.0.5&X-Atmosphere-Transport=long-polling&tabid=0.43319979895848803&X-Cache-Date=1414580785152&Content-Type=application/xml HTTP/1.1" 200 8193
66.249.64.167 - - [29/Oct/2014:06:09:11 -0500] "GET /BLA/resoluciones/AUTOS%202011/4132.pdf HTTP/1.1" 200 324953
66.249.64.163 - - [29/Oct/2014:06:09:17 -0500] "GET /BLA/resoluciones/AUTOS%202011/3049.pdf HTTP/1.1" 200 217542
66.249.64.171 - - [29/Oct/2014:06:09:24 -0500] "GET /BLA/resoluciones/AUTOS%202011/1986.pdf HTTP/1.1" 200 111662
66.249.64.167 - - [29/Oct/2014:06:09:31 -0500] "GET /BLA/resoluciones/AUTOS%202011/3275.pdf HTTP/1.1" 200 216155
66.249.64.163 - - [29/Oct/2014:06:09:38 -0500] "GET /BLA/resoluciones/AUTOS%202011/6246.pdf HTTP/1.1" 200 190650
66.249.64.39 - - [29/Oct/2014:06:09:41 -0500] "GET /Anexos%20estudio%20Organizacional%20SDA/ANEXO%20No.%201-%20NORMAS%20LEGALES%20DE%20ESTRUCTURA%20Y%20PLANTA/Ley%2099%20de%201993%20-%20Crea%20MimAmbiente_files/alert.css HTTP/1.1" 200 1815
66.249.64.39 - - [29/Oct/2014:06:09:42 -0500] "GET /Anexos%20estudio%20Organizacional%20SDA/ANEXO%20No.%201-%20NORMAS%20LEGALES%20DE%20ESTRUCTURA%20Y%20PLANTA/Ley%2099%20de%201993%20-%20Crea%20MimAmbiente_files/spread.css HTTP/1.1" 200 1968
66.249.64.43 - - [29/Oct/2014:06:09:42 -0500] "GET /Anexos%20estudio%20Organizacional%20SDA/ANEXO%20No.%201-%20NORMAS%20LEGALES%20DE%20ESTRUCTURA%20Y%20PLANTA/Ley%2099%20de%201993%20-%20Crea%20MimAmbiente_files/window.js HTTP/1.1" 200 64230
66.249.64.43 - - [29/Oct/2014:06:09:43 -0500] "GET /Anexos%20estudio%20Organizacional%20SDA/ANEXO%20No.%201-%20NORMAS%20LEGALES%20DE%20ESTRUCTURA%20Y%20PLANTA/Ley%2099%20de%201993%20-%20Crea%20MimAmbiente_files/application.js HTTP/1.1" 200 6376
66.249.64.47 - - [29/Oct/2014:06:09:43 -0500] "GET /Anexos%20estudio%20Organizacional%20SDA/ANEXO%20No.%201-%20NORMAS%20LEGALES%20DE%20ESTRUCTURA%20Y%20PLANTA/Ley%2099%20de%201993%20-%20Crea%20MimAmbiente_files/window_effects.js HTTP/1.1" 200 5552
66.249.64.47 - - [29/Oct/2014:06:09:44 -0500] "GET /Anexos%20estudio%20Organizacional%20SDA/ANEXO%20No.%201-%20NORMAS%20LEGALES%20DE%20ESTRUCTURA%20Y%20PLANTA/Ley%2099%20de%201993%20-%20Crea%20MimAmbiente_files/prototype.js HTTP/1.1" 200 95949
66.249.64.39 - - [29/Oct/2014:06:09:45 -0500] "GET /Anexos%20estudio%20Organizacional%20SDA/ANEXO%20No.%201-%20NORMAS%20LEGALES%20DE%20ESTRUCTURA%20Y%20PLANTA/Ley%2099%20de%201993%20-%20Crea%20MimAmbiente_files/debug.js HTTP/1.1" 200 3792
66.249.64.43 - - [29/Oct/2014:06:09:45 -0500] "GET /Anexos%20estudio%20Organizacional%20SDA/ANEXO%20No.%201-%20NORMAS%20LEGALES%20DE%20ESTRUCTURA%20Y%20PLANTA/Ley%2099%20de%201993%20-%20Crea%20MimAmbiente_files/debug.css HTTP/1.1" 200 492
66.249.64.43 - - [29/Oct/2014:06:09:46 -0500] "GET /Anexos%20estudio%20Organizacional%20SDA/ANEXO%20No.%201-%20NORMAS%20LEGALES%20DE%20ESTRUCTURA%20Y%20PLANTA/Ley%2099%20de%201993%20-%20Crea%20MimAmbiente_files/alphacube.css HTTP/1.1" 200 2649
66.249.64.39 - - [29/Oct/2014:06:09:47 -0500] "GET /Anexos%20estudio%20Organizacional%20SDA/ANEXO%20No.%201-%20NORMAS%20LEGALES%20DE%20ESTRUCTURA%20Y%20PLANTA/Ley%2099%20de%201993%20-%20Crea%20MimAmbiente_files/alert_lite.css HTTP/1.1" 200 1203
66.249.64.39 - - [29/Oct/2014:06:09:47 -0500] "GET /Anexos%20estudio%20Organizacional%20SDA/ANEXO%20No.%201-%20NORMAS%20LEGALES%20DE%20ESTRUCTURA%20Y%20PLANTA/Ley%2099%20de%201993%20-%20Crea%20MimAmbiente_files/effects.js HTTP/1.1" 200 38228
66.249.64.171 - - [29/Oct/2014:06:09:48 -0500] "GET /BLA/resoluciones/AUTOS%202011/3763.pdf HTTP/1.1" 200 204486
66.249.64.39 - - [29/Oct/2014:06:09:49 -0500] "GET /Anexos%20estudio%20Organizacional%20SDA/ANEXO%20No.%201-%20NORMAS%20LEGALES%20DE%20ESTRUCTURA%20Y%20PLANTA/Ley%2099%20de%201993%20-%20Crea%20MimAmbiente_files/Tooltip.js HTTP/1.1" 200 11422
66.249.64.39 - - [29/Oct/2014:06:09:49 -0500] "GET /Anexos%20estudio%20Organizacional%20SDA/ANEXO%20No.%201-%20NORMAS%20LEGALES%20DE%20ESTRUCTURA%20Y%20PLANTA/Ley%2099%20de%201993%20-%20Crea%20MimAmbiente_files/default.css HTTP/1.1" 200 2674
66.249.64.47 - - [29/Oct/2014:06:09:50 -0500] "GET /Anexos%20estudio%20Organizacional%20SDA/ANEXO%20No.%201-%20NORMAS%20LEGALES%20DE%20ESTRUCTURA%20Y%20PLANTA/Decreto%20175%20de%202009%20_files/jquery-1.3.2.min.js HTTP/1.1" 200 57254
66.249.64.43 - - [29/Oct/2014:06:09:51 -0500] "GET /Anexos%20estudio%20Organizacional%20SDA/ANEXO%20No.%201-%20NORMAS%20LEGALES%20DE%20ESTRUCTURA%20Y%20PLANTA/Decreto%20175%20de%202009%20_files/jquery.fancybox-1.2.5.js HTTP/1.1" 200 18179
66.249.64.39 - - [29/Oct/2014:06:09:51 -0500] "GET /Anexos%20estudio%20Organizacional%20SDA/ANEXO%20No.%201-%20NORMAS%20LEGALES%20DE%20ESTRUCTURA%20Y%20PLANTA/Decreto%20175%20de%202009%20_files/jquery.fancybox-1.2.5.css HTTP/1.1" 200 4557
190.158.134.228 - - [29/Oct/2014:06:09:52 -0500] "GET /forest/session.jsp?a=0.33083449905945045 HTTP/1.1" 200 4
66.249.64.47 - - [29/Oct/2014:06:09:52 -0500] "GET /Anexos%20estudio%20Organizacional%20SDA/ANEXO%20No.%201-%20NORMAS%20LEGALES%20DE%20ESTRUCTURA%20Y%20PLANTA/Decreto%20175%20de%202009%20_files/AjaxRequest.js HTTP/1.1" 200 17069
66.249.64.167 - - [29/Oct/2014:06:09:53 -0500] "GET /BLA/resoluciones/AUTOS%202011/7723.pdf HTTP/1.1" 200 222409
66.249.64.39 - - [29/Oct/2014:06:09:53 -0500] "GET /Anexos%20estudio%20Organizacional%20SDA/ANEXO%20No.%201-%20NORMAS%20LEGALES%20DE%20ESTRUCTURA%20Y%20PLANTA/Decreto%20175%20de%202009_files/screen.css HTTP/1.1" 200 2444
66.249.64.47 - - [29/Oct/2014:06:09:54 -0500] "GET /Anexos%20estudio%20Organizacional%20SDA/ANEXO%20No.%201-%20NORMAS%20LEGALES%20DE%20ESTRUCTURA%20Y%20PLANTA/Decreto%20175%20de%202009_files/jquery.fancybox-1.2.5.css HTTP/1.1" 200 4557
66.249.64.47 - - [29/Oct/2014:06:09:55 -0500] "GET /Anexos%20estudio%20Organizacional%20SDA/ANEXO%20No.%201-%20NORMAS%20LEGALES%20DE%20ESTRUCTURA%20Y%20PLANTA/Decreto%20175%20de%202009_files/ladc.css HTTP/1.1" 200 5119
66.249.64.39 - - [29/Oct/2014:06:09:55 -0500] "GET /Anexos%20estudio%20Organizacional%20SDA/ANEXO%20No.%201-%20NORMAS%20LEGALES%20DE%20ESTRUCTURA%20Y%20PLANTA/Decreto%20175%20de%202009_files/AjaxRequest.js HTTP/1.1" 200 17069
66.249.64.39 - - [29/Oct/2014:06:09:56 -0500] "GET /Anexos%20estudio%20Organizacional%20SDA/ANEXO%20No.%201-%20NORMAS%20LEGALES%20DE%20ESTRUCTURA%20Y%20PLANTA/Decreto%20175%20de%202009_files/jquery-1.3.2.min.js HTTP/1.1" 200 57254
66.249.64.167 - - [29/Oct/2014:06:09:56 -0500] "GET /galeria/nivo-slider/demo/style.css HTTP/1.1" 200 2222
66.249.64.163 - - [29/Oct/2014:06:09:57 -0500] "GET /galeria/nivo-slider/jquery.nivo.slider.pack.js HTTP/1.1" 200 11561
66.249.64.163 - - [29/Oct/2014:06:09:58 -0500] "GET /galeria/nivo-slider/themes/orman/orman.css HTTP/1.1" 200 2152
66.249.64.163 - - [29/Oct/2014:06:09:58 -0500] "GET /galeria/nivo-slider/demo/scripts/jquery-1.7.1.min.js HTTP/1.1" 200 93868
66.249.64.163 - - [29/Oct/2014:06:09:59 -0500] "GET /BLA/resoluciones/AUTOS%202011/2088.pdf HTTP/1.1" 200 228035
66.249.64.171 - - [29/Oct/2014:06:10:00 -0500] "GET /galeria/nivo-slider/themes/pascal/pascal.css HTTP/1.1" 200 2258
66.249.64.39 - - [29/Oct/2014:06:10:00 -0500] "GET /Anexos%20estudio%20Organizacional%20SDA/ANEXO%20No.%201-%20NORMAS%20LEGALES%20DE%20ESTRUCTURA%20Y%20PLANTA/Decreto%20175%20de%202009%20_files/ladc.css HTTP/1.1" 200 5119
66.249.64.43 - - [29/Oct/2014:06:10:01 -0500] "GET /Anexos%20estudio%20Organizacional%20SDA/ANEXO%20No.%201-%20NORMAS%20LEGALES%20DE%20ESTRUCTURA%20Y%20PLANTA/Decreto%20175%20de%202009_files/jquery.fancybox-1.2.5.js HTTP/1.1" 200 18179
66.249.64.171 - - [29/Oct/2014:06:10:01 -0500] "GET /galeria/nivo-slider/themes/default/default.css HTTP/1.1" 200 1569
66.249.64.171 - - [29/Oct/2014:06:10:05 -0500] "GET /BLA/resoluciones/RESOLUCIONES%202009/7031.pdf HTTP/1.1" 200 726757
66.249.64.167 - - [29/Oct/2014:06:10:12 -0500] "GET /BLA/resoluciones/RESOLUCIONES%202011/5458.pdf HTTP/1.1" 200 574000
180.76.5.168 - - [29/Oct/2014:06:10:17 -0500] "GET /BLA/resoluciones/AUTOS%202009/2582.pdf HTTP/1.1" 200 121391
66.249.64.167 - - [29/Oct/2014:06:10:19 -0500] "GET /BLA/resoluciones/RESOLUCIONES%202009/8753.pdf HTTP/1.1" 200 447294
66.249.64.171 - - [29/Oct/2014:06:10:26 -0500] "GET /BLA/resoluciones/RESOLUCIONES%202011/2708.pdf HTTP/1.1" 200 765966
66.249.64.167 - - [29/Oct/2014:06:10:32 -0500] "GET /BLA/resoluciones/RESOLUCIONES%202011/3259.pdf HTTP/1.1" 200 134838
