66.249.64.171 - - [29/Oct/2014:08:23:20 -0500] "GET /BLA/resoluciones/RESOLUCIONES%202011/3472.pdf HTTP/1.1" 200 538644
186.115.48.34 - - [29/Oct/2014:08:23:22 -0500] "GET /galeria/carrusel/Carrusel/jquery.thumbnailScroller.css HTTP/1.1" 200 2066
186.115.48.34 - - [29/Oct/2014:08:23:22 -0500] "GET /BLA/boletinlegal/js/jquery.js HTTP/1.1" 200 57254
186.115.48.34 - - [29/Oct/2014:08:23:22 -0500] "GET /BLA/boletinlegal/js/jquery.scrollTo-min.js HTTP/1.1" 200 1150
186.115.48.34 - - [29/Oct/2014:08:23:22 -0500] "GET /BLA/boletinlegal/js/jquery.scrollShow.js HTTP/1.1" 200 4586
186.115.48.34 - - [29/Oct/2014:08:23:22 -0500] "GET /galeria/carrusel/Carrusel/jquery-ui-1.8.13.custom.min.js HTTP/1.1" 200 10800
186.115.48.34 - - [29/Oct/2014:08:23:22 -0500] "GET /galeria/carrusel/Carrusel/jquery.thumbnailScroller.js HTTP/1.1" 200 8157
66.249.64.171 - - [29/Oct/2014:08:23:24 -0500] "GET /BLA/resoluciones/RESOLUCIONES%202011/4341.pdf HTTP/1.1" 200 601523
188.165.25.173 - - [29/Oct/2014:08:23:25 -0500] "GET /css/?C=N;O=D HTTP/1.0" 404 1019
186.115.48.34 - - [29/Oct/2014:08:23:27 -0500] "GET /galeria/nivo-slider/demo/demo.html HTTP/1.1" 200 3316
186.115.48.34 - - [29/Oct/2014:08:23:28 -0500] "GET /galeria/nivo-slider/demo/style.css HTTP/1.1" 200 2222
186.115.48.34 - - [29/Oct/2014:08:23:28 -0500] "GET /galeria/nivo-slider/nivo-slider.css HTTP/1.1" 200 1507
186.115.48.34 - - [29/Oct/2014:08:23:28 -0500] "GET /galeria/nivo-slider/themes/default/default.css HTTP/1.1" 200 1569
186.115.48.34 - - [29/Oct/2014:08:23:28 -0500] "GET /galeria/nivo-slider/themes/orman/orman.css HTTP/1.1" 200 2152
186.115.48.34 - - [29/Oct/2014:08:23:28 -0500] "GET /galeria/nivo-slider/themes/pascal/pascal.css HTTP/1.1" 200 2258
186.115.48.34 - - [29/Oct/2014:08:23:28 -0500] "GET /galeria/nivo-slider/demo/scripts/jquery-1.7.1.min.js HTTP/1.1" 200 93868
186.115.48.34 - - [29/Oct/2014:08:23:28 -0500] "GET /galeria/nivo-slider/jquery.nivo.slider.pack.js HTTP/1.1" 200 11561
66.249.64.163 - - [29/Oct/2014:08:23:28 -0500] "GET /BLA/resoluciones/RESOLUCIONES%202008/1528.pdf HTTP/1.1" 200 67980
186.115.48.34 - - [29/Oct/2014:08:23:29 -0500] "GET /galeria/nivo-slider/demo/images/4Simple_Slider.png HTTP/1.1" 200 11722
186.115.48.34 - - [29/Oct/2014:08:23:29 -0500] "GET /galeria/nivo-slider/themes/default/loading.gif HTTP/1.1" 200 1737
186.115.48.34 - - [29/Oct/2014:08:23:31 -0500] "GET /galeria/nivo-slider/demo/images/bannerEcolecta3.jpg HTTP/1.1" 200 280034
186.115.48.34 - - [29/Oct/2014:08:23:31 -0500] "GET /galeria/nivo-slider/demo/images/banner-redes.jpg HTTP/1.1" 200 62209
186.115.48.34 - - [29/Oct/2014:08:23:31 -0500] "GET /galeria/nivo-slider/demo/images/9Signos.jpg HTTP/1.1" 200 93040
186.115.48.34 - - [29/Oct/2014:08:23:31 -0500] "GET /galeria/nivo-slider/demo/images/porloshumedales.jpg HTTP/1.1" 200 351238
186.115.48.34 - - [29/Oct/2014:08:23:31 -0500] "GET /galeria/nivo-slider/demo/images/banner-caballos.png HTTP/1.1" 200 389106
186.115.48.34 - - [29/Oct/2014:08:23:31 -0500] "GET /galeria/nivo-slider/demo/images/banner-aceite3.jpg HTTP/1.1" 200 88347
188.165.25.173 - - [29/Oct/2014:08:23:32 -0500] "GET /documentos/?C=N;O=D HTTP/1.0" 404 1019
66.249.64.171 - - [29/Oct/2014:08:23:33 -0500] "GET /BLA/resoluciones/RESOLUCIONES%202008/4540.pdf HTTP/1.1" 200 496649
186.115.48.34 - - [29/Oct/2014:08:23:35 -0500] "GET /galeria/nivo-slider/demo/images/Banner-Caracol-Africano.jpg HTTP/1.1" 200 331986
66.249.64.163 - - [29/Oct/2014:08:23:37 -0500] "GET /BLA/resoluciones/RESOLUCIONES%202011/3879.pdf HTTP/1.1" 200 727750
186.115.48.34 - - [29/Oct/2014:08:23:38 -0500] "GET /galeria/nivo-slider/demo/images/Hacienda_Molinos.jpg HTTP/1.1" 200 319171
66.249.64.167 - - [29/Oct/2014:08:23:41 -0500] "GET /BLA/resoluciones/RESOLUCIONES%202011/5257.pdf HTTP/1.1" 200 560214
201.140.124.197 - - [29/Oct/2014:08:23:42 -0500] "GET /BLA/boletinlegal/js/jquery.js HTTP/1.0" 200 57254
201.140.124.197 - - [29/Oct/2014:08:23:42 -0500] "GET /BLA/boletinlegal/js/jquery.scrollTo-min.js HTTP/1.0" 200 1150
201.140.124.197 - - [29/Oct/2014:08:23:42 -0500] "GET /BLA/boletinlegal/js/jquery.scrollShow.js HTTP/1.0" 200 4586
188.165.25.173 - - [29/Oct/2014:08:23:44 -0500] "GET /documentos/documentos%20frecuentes_2010.php HTTP/1.0" 404 1019
186.115.48.34 - - [29/Oct/2014:08:23:45 -0500] "GET /galeria/nivo-slider/demo/images/banner-llantas2.jpg HTTP/1.1" 200 73153
66.249.64.167 - - [29/Oct/2014:08:23:45 -0500] "GET /BLA/resoluciones/RESOLUCIONES%202008/5249.pdf HTTP/1.1" 200 331819
172.22.2.1 - - [29/Oct/2014:08:23:47 -0500] "GET /autoliquidacion/ HTTP/1.1" 200 6375
186.115.48.34 - - [29/Oct/2014:08:23:49 -0500] "GET /galeria/nivo-slider/demo/images/mesTIC.jpg HTTP/1.1" 200 180719
172.22.2.1 - - [29/Oct/2014:08:23:49 -0500] "GET /autoliquidacion/index.php?dir=Solicitudes+relacionadas+con+calidad+del+aire+auditiva+y+visual%2F HTTP/1.1" 200 5748
66.249.64.171 - - [29/Oct/2014:08:23:49 -0500] "GET /BLA/resoluciones/RESOLUCIONES%202008/1033.pdf HTTP/1.1" 200 24222
188.165.25.173 - - [29/Oct/2014:08:23:52 -0500] "GET /documentosIntranet/?C=N;O=D HTTP/1.0" 404 1019
186.27.220.41 - - [29/Oct/2014:08:23:54 -0500] "GET /BLA/boletinlegal/js/jquery.js HTTP/1.1" 200 57254
66.249.64.163 - - [29/Oct/2014:08:23:54 -0500] "GET /BLA/resoluciones/RESOLUCIONES%202011/3393.pdf HTTP/1.1" 200 626248
186.27.220.41 - - [29/Oct/2014:08:23:54 -0500] "GET /BLA/boletinlegal/js/jquery.scrollTo-min.js HTTP/1.1" 200 1150
186.27.220.41 - - [29/Oct/2014:08:23:54 -0500] "GET /BLA/boletinlegal/js/jquery.scrollShow.js HTTP/1.1" 200 4586
186.115.48.34 - - [29/Oct/2014:08:23:54 -0500] "GET /galeria/nivo-slider/demo/images/Tingua-azul.jpg HTTP/1.1" 200 307638
201.245.192.253 - - [29/Oct/2014:08:23:58 -0500] "GET /forest/session.jsp?a=0.21210199305439537 HTTP/1.1" 200 4
66.249.64.171 - - [29/Oct/2014:08:23:58 -0500] "GET /BLA/resoluciones/RESOLUCIONES%202008/1968.pdf HTTP/1.1" 200 57321
188.165.25.173 - - [29/Oct/2014:08:24:00 -0500] "GET /documentosIntranet/?C=S;O=A HTTP/1.0" 404 1019
201.245.192.253 - - [29/Oct/2014:08:24:02 -0500] "GET /plugins/like.php?action=like&app_id=&channel=http%3A%2F%2Fstatic.ak.facebook.com%2Fconnect%2Fxd_arbiter%2FehazDpFPEnK.js%3Fversion%3D41%23cb%3Df3148c35c071ec8%26domain%3Dwww.elespectador.com%26origin%3Dhttp%253A%252F%252Fwww.elespectador.com%252Ff21cc33918abc9c%26relation%3Dparent.parent&href=https%3A%2F%2Fwww.facebook.com%2Felespectadorcom&layout=button&locale=es_LA&sdk=joey&share=false&show_faces=false HTTP/1.1" 404 1290
201.245.192.253 - - [29/Oct/2014:08:24:02 -0500] "GET /plugins/like.php?action=like&app_id=&channel=http%3A%2F%2Fstatic.ak.facebook.com%2Fconnect%2Fxd_arbiter%2FehazDpFPEnK.js%3Fversion%3D41%23cb%3Df6de2b169d37cb%26domain%3Dwww.elespectador.com%26origin%3Dhttp%253A%252F%252Fwww.elespectador.com%252Ff21cc33918abc9c%26relation%3Dparent.parent&href=http%3A%2F%2Fwww.elespectador.com%2F&layout=standard&locale=es_LA&sdk=joey&share=true&show_faces=false&width=450 HTTP/1.1" 404 1290
201.245.192.253 - - [29/Oct/2014:08:24:02 -0500] "GET /plugins/like.php?action=like&app_id=&channel=http%3A%2F%2Fstatic.ak.facebook.com%2Fconnect%2Fxd_arbiter%2FehazDpFPEnK.js%3Fversion%3D41%23cb%3Df26f21b5fe995b%26domain%3Dwww.elespectador.com%26origin%3Dhttp%253A%252F%252Fwww.elespectador.com%252Ff21cc33918abc9c%26relation%3Dparent.parent&href=https%3A%2F%2Fwww.facebook.com%2Felespectadorcom&layout=button&locale=es_LA&sdk=joey&share=false&show_faces=false HTTP/1.1" 404 1290
201.245.192.253 - - [29/Oct/2014:08:24:02 -0500] "GET /plugins/like.php?action=like&app_id=&channel=http%3A%2F%2Fstatic.ak.facebook.com%2Fconnect%2Fxd_arbiter%2FehazDpFPEnK.js%3Fversion%3D41%23cb%3Df35133441daf666%26domain%3Dwww.elespectador.com%26origin%3Dhttp%253A%252F%252Fwww.elespectador.com%252Ff21cc33918abc9c%26relation%3Dparent.parent&href=http%3A%2F%2Fwww.elespectador.com%2F&layout=standard&locale=es_LA&sdk=joey&share=true&show_faces=false&width=450 HTTP/1.1" 404 1290
66.249.64.163 - - [29/Oct/2014:08:24:02 -0500] "GET /BLA/resoluciones/RESOLUCIONES%202008/3795.pdf HTTP/1.1" 200 228061
186.115.48.34 - - [29/Oct/2014:08:24:06 -0500] "GET /galeria/nivo-slider/themes/default/arrows.png HTTP/1.1" 200 824
186.115.48.34 - - [29/Oct/2014:08:24:06 -0500] "GET /galeria/nivo-slider/themes/default/bullets.png HTTP/1.1" 200 1281
66.249.64.171 - - [29/Oct/2014:08:24:06 -0500] "GET /BLA/resoluciones/RESOLUCIONES%202011/6312.pdf HTTP/1.1" 200 493553
188.165.25.173 - - [29/Oct/2014:08:24:07 -0500] "GET /empresa/?C=D;O=A HTTP/1.0" 404 1019
66.249.64.171 - - [29/Oct/2014:08:24:10 -0500] "GET /BLA/resoluciones/RESOLUCIONES%202011/3474.pdf HTTP/1.1" 200 534592
172.22.2.1 - - [29/Oct/2014:08:24:11 -0500] "GET /autoliquidacion/index.php?dir=Solicitudes+relacionadas+con+calidad+del+aire+auditiva+y+visual%2FRegistro+de+Elementos+de+publicidad+Exterior+Visual%2F HTTP/1.1" 200 4038
188.165.25.173 - - [29/Oct/2014:08:24:13 -0500] "GET /empresa/?C=M;O=A HTTP/1.0" 404 1019
66.249.64.163 - - [29/Oct/2014:08:24:15 -0500] "GET /BLA/resoluciones/RESOLUCIONES%202008/0835.pdf HTTP/1.1" 200 192102
172.22.2.1 - - [29/Oct/2014:08:24:17 -0500] "GET /autoliquidacion/Solicitudes%20relacionadas%20con%20calidad%20del%20aire%20auditiva%20y%20visual/Registro%20de%20Elementos%20de%20publicidad%20Exterior%20Visual/Aplicativo%20PEV%202014.xls HTTP/1.1" 200 146944
191.71.187.89 - - [29/Oct/2014:08:24:18 -0500] "GET /BLA/boletinlegal/js/jquery.js HTTP/1.1" 200 57254
191.71.187.89 - - [29/Oct/2014:08:24:18 -0500] "GET /BLA/boletinlegal/js/jquery.scrollTo-min.js HTTP/1.1" 200 1150
191.71.187.89 - - [29/Oct/2014:08:24:18 -0500] "GET /BLA/boletinlegal/js/jquery.scrollShow.js HTTP/1.1" 200 4586
66.249.64.171 - - [29/Oct/2014:08:24:19 -0500] "GET /BLA/resoluciones/RESOLUCIONES%202008/2238.pdf HTTP/1.1" 200 192022
201.245.192.253 - - [29/Oct/2014:08:24:19 -0500] "GET /forest/session.jsp?a=0.803750119628493 HTTP/1.1" 200 4
201.245.192.253 - - [29/Oct/2014:08:24:21 -0500] "GET /forest/skins/gdocs-jar/popup/escritorio/reasignar.jsp?codTraEsc=16784802&a=0.11582399582744784 HTTP/1.1" 200 3747
188.165.25.173 - - [29/Oct/2014:08:24:22 -0500] "GET /empresa/?C=N;O=D HTTP/1.0" 404 1019
201.245.192.253 - - [29/Oct/2014:08:24:22 -0500] "GET /tr?ev=6019536883455&cd[value]=0.00&cd[currency]=EUR&noscript=1 HTTP/1.1" 404 2562
66.249.64.167 - - [29/Oct/2014:08:24:23 -0500] "GET /BLA/resoluciones/RESOLUCIONES%202008/4641.pdf HTTP/1.1" 200 45186
201.245.192.253 - - [29/Oct/2014:08:24:23 -0500] "GET /fr/u.php?p=474445595912814&m=69bbd2b1-a288-4ee9-bff1-8faa8683d1c8&t=2592000 HTTP/1.1" 404 1122
172.22.2.1 - - [29/Oct/2014:08:24:27 -0500] "GET /autoliquidacion/Solicitudes%20relacionadas%20con%20calidad%20del%20aire%20auditiva%20y%20visual/Registro%20de%20Elementos%20de%20publicidad%20Exterior%20Visual/126pm04-pr16-f-a20-1%20Lista%20de%20Chequeo.xls HTTP/1.1" 200 114176
66.249.64.167 - - [29/Oct/2014:08:24:27 -0500] "GET /BLA/resoluciones/RESOLUCIONES%202008/0044.pdf HTTP/1.1" 200 346286
188.165.25.173 - - [29/Oct/2014:08:24:28 -0500] "GET /empresa/?C=S;O=A HTTP/1.0" 404 1019
200.75.40.35 - - [29/Oct/2014:08:24:29 -0500] "GET /galeria/nivo-slider/demo/demo.html HTTP/1.0" 200 3316
172.22.2.1 - - [29/Oct/2014:08:24:29 -0500] "GET /autoliquidacion/Solicitudes%20relacionadas%20con%20calidad%20del%20aire%20auditiva%20y%20visual/Registro%20de%20Elementos%20de%20publicidad%20Exterior%20Visual/126pm04-pr16-f-a301%20Formato%20Solicitud%20de%20registro.xls HTTP/1.1" 200 3573248
200.75.40.35 - - [29/Oct/2014:08:24:29 -0500] "GET /galeria/nivo-slider/demo/images/porloshumedales.jpg HTTP/1.0" 200 351238
200.75.40.35 - - [29/Oct/2014:08:24:29 -0500] "GET /galeria/nivo-slider/demo/images/banner-aceite3.jpg HTTP/1.0" 304 -
200.75.40.35 - - [29/Oct/2014:08:24:29 -0500] "GET /galeria/nivo-slider/demo/images/mesTIC.jpg HTTP/1.0" 304 -
200.75.40.35 - - [29/Oct/2014:08:24:29 -0500] "GET /galeria/nivo-slider/demo/images/banner-redes.jpg HTTP/1.0" 304 -
188.165.25.173 - - [29/Oct/2014:08:24:30 -0500] "GET /empresa/empresa.htm HTTP/1.0" 404 1019
200.75.40.35 - - [29/Oct/2014:08:24:31 -0500] "GET /galeria/nivo-slider/demo/images/porloshumedales.jpg HTTP/1.0" 200 351238
66.249.64.163 - - [29/Oct/2014:08:24:31 -0500] "GET /BLA/resoluciones/RESOLUCIONES%202011/2987.pdf HTTP/1.1" 200 516054
172.22.2.1 - - [29/Oct/2014:08:24:32 -0500] "GET /autoliquidacion/Solicitudes%20relacionadas%20con%20calidad%20del%20aire%20auditiva%20y%20visual/Registro%20de%20Elementos%20de%20publicidad%20Exterior%20Visual/Aplicativo%20PEV%202014.xls HTTP/1.1" 200 146944
200.75.40.35 - - [29/Oct/2014:08:24:32 -0500] "GET /videos/Spot_Tinguas.flv HTTP/1.0" 304 -
181.54.253.84 - - [29/Oct/2014:08:24:33 -0500] "GET /BLA/boletinlegal/js/jquery.js HTTP/1.1" 200 57254
181.54.253.84 - - [29/Oct/2014:08:24:33 -0500] "GET /BLA/boletinlegal/js/jquery.scrollShow.js HTTP/1.1" 200 4586
181.54.253.84 - - [29/Oct/2014:08:24:33 -0500] "GET /BLA/boletinlegal/js/jquery.scrollTo-min.js HTTP/1.1" 200 1150
200.118.65.155 - - [29/Oct/2014:08:24:35 -0500] "GET /StormSDA/user.jpg HTTP/1.1" 304 -
200.118.65.155 - - [29/Oct/2014:08:24:35 -0500] "GET /StormSDA/userFiles/user_files.jnlp HTTP/1.1" 304 -
200.118.65.155 - - [29/Oct/2014:08:24:35 -0500] "GET /StormSDA/lib/lib.jnlp HTTP/1.1" 304 -
200.118.65.155 - - [29/Oct/2014:08:24:35 -0500] "GET /StormSDA/nsjars/nsjars.jnlp HTTP/1.1" 304 -
200.118.65.155 - - [29/Oct/2014:08:24:36 -0500] "GET /StormSDA/storm/Utils.jar HTTP/1.1" 304 -
200.118.65.155 - - [29/Oct/2014:08:24:36 -0500] "GET /StormSDA/storm/userHelp.jar HTTP/1.1" 304 -
200.118.65.155 - - [29/Oct/2014:08:24:36 -0500] "GET /StormSDA/StormUser21.jar HTTP/1.1" 304 -
200.118.65.155 - - [29/Oct/2014:08:24:36 -0500] "GET /StormSDA/storm/XMLFormula.jar HTTP/1.1" 304 -
66.249.64.163 - - [29/Oct/2014:08:24:36 -0500] "GET /BLA/resoluciones/RESOLUCIONES%202011/5279.pdf HTTP/1.1" 200 305429
200.118.65.155 - - [29/Oct/2014:08:24:36 -0500] "GET /StormSDA/storm/StormUser.jar HTTP/1.1" 304 -
200.118.65.155 - - [29/Oct/2014:08:24:36 -0500] "GET /StormSDA/storm/STORMFormula.jar HTTP/1.1" 304 -
200.118.65.155 - - [29/Oct/2014:08:24:36 -0500] "GET /StormSDA/storm/STORMParser.jar HTTP/1.1" 304 -
200.118.65.155 - - [29/Oct/2014:08:24:36 -0500] "GET /StormSDA/storm/stormNewServer.jar HTTP/1.1" 304 -
200.118.65.155 - - [29/Oct/2014:08:24:36 -0500] "GET /StormSDA/storm/EnviosPlugin.jar HTTP/1.1" 304 -
200.118.65.155 - - [29/Oct/2014:08:24:36 -0500] "GET /StormSDA/storm/HTTPClient.jar HTTP/1.1" 304 -
200.118.65.155 - - [29/Oct/2014:08:24:36 -0500] "GET /StormSDA/storm/Matriz.jar HTTP/1.1" 304 -
200.118.65.155 - - [29/Oct/2014:08:24:36 -0500] "GET /StormSDA/storm/version.jar HTTP/1.1" 304 -
200.118.65.155 - - [29/Oct/2014:08:24:36 -0500] "GET /StormSDA/userFiles/1.jar HTTP/1.1" 304 -
200.118.65.155 - - [29/Oct/2014:08:24:36 -0500] "GET /StormSDA/userFiles/85.jar HTTP/1.1" 304 -
200.118.65.155 - - [29/Oct/2014:08:24:36 -0500] "GET /StormSDA/userFiles/86.jar HTTP/1.1" 304 -
200.118.65.155 - - [29/Oct/2014:08:24:36 -0500] "GET /StormSDA/userFiles/87.jar HTTP/1.1" 304 -
200.118.65.155 - - [29/Oct/2014:08:24:36 -0500] "GET /StormSDA/userFiles/88.jar HTTP/1.1" 304 -
200.118.65.155 - - [29/Oct/2014:08:24:36 -0500] "GET /StormSDA/userFiles/89.jar HTTP/1.1" 304 -
200.118.65.155 - - [29/Oct/2014:08:24:36 -0500] "GET /StormSDA/userFiles/90.jar HTTP/1.1" 304 -
200.118.65.155 - - [29/Oct/2014:08:24:36 -0500] "GET /StormSDA/userFiles/92.jar HTTP/1.1" 304 -
200.118.65.155 - - [29/Oct/2014:08:24:36 -0500] "GET /StormSDA/userFiles/91.jar HTTP/1.1" 304 -
200.118.65.155 - - [29/Oct/2014:08:24:36 -0500] "GET /StormSDA/userFiles/93.jar HTTP/1.1" 304 -
200.118.65.155 - - [29/Oct/2014:08:24:36 -0500] "GET /StormSDA/userFiles/94.jar HTTP/1.1" 304 -
200.118.65.155 - - [29/Oct/2014:08:24:36 -0500] "GET /StormSDA/userFiles/96.jar HTTP/1.1" 304 -
200.118.65.155 - - [29/Oct/2014:08:24:36 -0500] "GET /StormSDA/userFiles/95.jar HTTP/1.1" 304 -
200.118.65.155 - - [29/Oct/2014:08:24:36 -0500] "GET /StormSDA/userFiles/97.jar HTTP/1.1" 304 -
200.118.65.155 - - [29/Oct/2014:08:24:36 -0500] "GET /StormSDA/userFiles/98.jar HTTP/1.1" 304 -
200.118.65.155 - - [29/Oct/2014:08:24:36 -0500] "GET /StormSDA/lib/AbsoluteLayout.jar HTTP/1.1" 304 -
200.118.65.155 - - [29/Oct/2014:08:24:36 -0500] "GET /StormSDA/userFiles/basicos.jar HTTP/1.1" 304 -
200.118.65.155 - - [29/Oct/2014:08:24:36 -0500] "GET /StormSDA/lib/helper.jar HTTP/1.1" 304 -
200.118.65.155 - - [29/Oct/2014:08:24:36 -0500] "GET /StormSDA/lib/jaxen-core.jar HTTP/1.1" 304 -
200.118.65.155 - - [29/Oct/2014:08:24:36 -0500] "GET /StormSDA/lib/jaxen-jdom.jar HTTP/1.1" 304 -
200.118.65.155 - - [29/Oct/2014:08:24:36 -0500] "GET /StormSDA/lib/jdom.jar HTTP/1.1" 304 -
200.118.65.155 - - [29/Oct/2014:08:24:36 -0500] "GET /StormSDA/lib/jh.jar HTTP/1.1" 304 -
200.118.65.155 - - [29/Oct/2014:08:24:36 -0500] "GET /StormSDA/lib/jep-2.4.0.jar HTTP/1.1" 304 -
200.118.65.155 - - [29/Oct/2014:08:24:36 -0500] "GET /StormSDA/lib/saxpath.jar HTTP/1.1" 304 -
200.118.65.155 - - [29/Oct/2014:08:24:36 -0500] "GET /StormSDA/lib/swing-worker.jar HTTP/1.1" 304 -
200.118.65.155 - - [29/Oct/2014:08:24:36 -0500] "GET /StormSDA/lib/swing-layout-1.0.2.jar HTTP/1.1" 304 -
200.118.65.155 - - [29/Oct/2014:08:24:36 -0500] "GET /StormSDA/lib/json.jar HTTP/1.1" 304 -
200.118.65.155 - - [29/Oct/2014:08:24:36 -0500] "GET /StormSDA/lib/jnlp.jar HTTP/1.1" 304 -
200.118.65.155 - - [29/Oct/2014:08:24:36 -0500] "GET /StormSDA/nsjars/appframework-1.0.jar HTTP/1.1" 304 -
200.118.65.155 - - [29/Oct/2014:08:24:36 -0500] "GET /StormSDA/nsjars/log4j-1.2.11.jar HTTP/1.1" 304 -
200.118.65.155 - - [29/Oct/2014:08:24:36 -0500] "GET /StormSDA/nsjars/poi-2.0.jar HTTP/1.1" 304 -
200.118.65.155 - - [29/Oct/2014:08:24:36 -0500] "GET /StormSDA/nsjars/derby.jar HTTP/1.1" 304 -
200.118.65.155 - - [29/Oct/2014:08:24:36 -0500] "GET /StormSDA/nsjars/commons-httpclient-3.1.jar HTTP/1.1" 304 -
200.118.65.155 - - [29/Oct/2014:08:24:36 -0500] "GET /StormSDA/nsjars/commons-codec-1.4.jar HTTP/1.1" 304 -
200.118.65.155 - - [29/Oct/2014:08:24:36 -0500] "GET /StormSDA/nsjars/ShaUtil.jar HTTP/1.1" 304 -
200.118.65.155 - - [29/Oct/2014:08:24:36 -0500] "GET /StormSDA/nsjars/commons-logging.jar HTTP/1.1" 304 -
200.118.65.155 - - [29/Oct/2014:08:24:36 -0500] "GET /StormSDA/nsjars/LoadInf.jar HTTP/1.1" 304 -
201.245.192.253 - - [29/Oct/2014:08:24:38 -0500] "GET /v/sxcT9hTSGfc?version=3&hl=es_MX&rel=0 HTTP/1.1" 404 1283
188.165.25.173 - - [29/Oct/2014:08:24:38 -0500] "GET /empresa/empresa1.htm HTTP/1.0" 404 1019
66.249.64.171 - - [29/Oct/2014:08:24:40 -0500] "GET /BLA/resoluciones/RESOLUCIONES%202011/3894.pdf HTTP/1.1" 200 578162
201.245.192.253 - - [29/Oct/2014:08:24:40 -0500] "POST /forest/usutareas.do?group_system_actual=3 HTTP/1.1" 200 141
201.245.192.253 - - [29/Oct/2014:08:24:42 -0500] "GET /isolucionsda/ HTTP/1.1" 200 739
201.245.192.253 - - [29/Oct/2014:08:24:42 -0500] "GET /forest/usutareas.do?group_system_actual=3&a=0.33523580222720223 HTTP/1.1" 200 19254
201.245.192.253 - - [29/Oct/2014:08:24:43 -0500] "GET /forest/jsoptimized/gz/js/gdocsall-1410.211635.js HTTP/1.1" 304 -
201.245.192.253 - - [29/Oct/2014:08:24:43 -0500] "GET /forest/jsoptimized/gz/js/gdocsall-1410.211635.js HTTP/1.1" 304 -
201.245.192.253 - - [29/Oct/2014:08:24:43 -0500] "GET /forest/session.jsp?a=0.45171024131535187 HTTP/1.1" 200 4
201.245.192.253 - - [29/Oct/2014:08:24:43 -0500] "GET /isolucionsda/IdentificaUsuario.asp?Pagina1=FrameSetGeneral.asp& HTTP/1.1" 200 4997
190.156.67.60 - - [29/Oct/2014:08:24:44 -0500] "GET /BLA/boletinlegal/js/jquery.js HTTP/1.1" 200 57254
190.156.67.60 - - [29/Oct/2014:08:24:44 -0500] "GET /BLA/boletinlegal/js/jquery.scrollTo-min.js HTTP/1.1" 200 1150
190.156.67.60 - - [29/Oct/2014:08:24:44 -0500] "GET /BLA/boletinlegal/js/jquery.scrollShow.js HTTP/1.1" 200 4586
201.245.192.253 - - [29/Oct/2014:08:24:44 -0500] "GET /forest/skins/gdocs-jar/img/folder.gif HTTP/1.1" 304 -
201.245.192.253 - - [29/Oct/2014:08:24:44 -0500] "GET /forest/index2.jsp?_a=0.6511736652074036 HTTP/1.1" 200 36346
201.245.192.253 - - [29/Oct/2014:08:24:44 -0500] "GET /forest/jsoptimized/gz/js/gdocsall-1410.211635.js HTTP/1.1" 304 -
201.245.192.253 - - [29/Oct/2014:08:24:44 -0500] "GET /forest/jsoptimized/gz/js/gdocsall-1410.211635.js HTTP/1.1" 304 -
66.249.64.167 - - [29/Oct/2014:08:24:44 -0500] "GET /BLA/resoluciones/RESOLUCIONES%202011/3670.pdf HTTP/1.1" 200 547996
201.245.192.253 - - [29/Oct/2014:08:24:44 -0500] "GET /forest/session.jsp?a=0.046567882026870566 HTTP/1.1" 200 4
188.165.25.173 - - [29/Oct/2014:08:24:45 -0500] "GET /empresa/empresa2.htm HTTP/1.0" 404 1019
66.249.64.163 - - [29/Oct/2014:08:24:48 -0500] "GET /BLA/resoluciones/RESOLUCIONES%202011/3814.pdf HTTP/1.1" 200 363033
66.249.64.167 - - [29/Oct/2014:08:24:52 -0500] "GET /BLA/resoluciones/RESOLUCIONES%202008/2127.pdf HTTP/1.1" 200 192868
201.245.192.253 - - [29/Oct/2014:08:24:53 -0500] "GET /plugins/like.php?locale=es_ES&href=http%3A%2F%2Fwww.facebook.com%2Fmsn&send=false&layout=button_count&width=450&show_faces=false&font&colorscheme=light&action=like&height=21 HTTP/1.1" 404 1290
188.165.25.173 - - [29/Oct/2014:08:24:54 -0500] "GET /errores/?C=D;O=A HTTP/1.0" 404 1019
66.249.64.163 - - [29/Oct/2014:08:24:57 -0500] "GET /BLA/resoluciones/RESOLUCIONES%202009/1928.pdf HTTP/1.1" 200 619292
201.245.192.253 - - [29/Oct/2014:08:24:57 -0500] "GET /embed/MKvfyTLkcX8 HTTP/1.1" 404 1325
201.245.192.253 - - [29/Oct/2014:08:25:00 -0500] "GET /v/sxcT9hTSGfc?version=3&hl=es_MX&rel=0 HTTP/1.1" 404 1283
66.249.64.167 - - [29/Oct/2014:08:25:01 -0500] "GET /BLA/resoluciones/RESOLUCIONES%202011/3755.pdf HTTP/1.1" 200 440589
201.245.192.253 - - [29/Oct/2014:08:25:02 -0500] "POST /isolucionsda/IdentificaUsuario.asp?Pagina1=FrameSetGeneral.asp& HTTP/1.1" 200 5028
188.165.25.173 - - [29/Oct/2014:08:25:02 -0500] "GET /errores/?C=M;O=A HTTP/1.0" 404 1019
66.249.64.163 - - [29/Oct/2014:08:25:05 -0500] "GET /BLA/resoluciones/RESOLUCIONES%202011/4116.pdf HTTP/1.1" 200 91830
190.144.124.78 - - [29/Oct/2014:08:25:06 -0500] "GET /BLA/boletinlegal/js/jquery.js HTTP/1.1" 200 57254
190.144.124.78 - - [29/Oct/2014:08:25:06 -0500] "GET /BLA/boletinlegal/js/jquery.scrollTo-min.js HTTP/1.1" 200 1150
190.144.124.78 - - [29/Oct/2014:08:25:06 -0500] "GET /BLA/boletinlegal/js/jquery.scrollShow.js HTTP/1.1" 200 4586
190.144.124.78 - - [29/Oct/2014:08:25:06 -0500] "GET /galeria/carrusel/Carrusel/jquery.thumbnailScroller.css HTTP/1.1" 200 2066
190.144.124.78 - - [29/Oct/2014:08:25:06 -0500] "GET /galeria/carrusel/Carrusel/jquery-ui-1.8.13.custom.min.js HTTP/1.1" 200 10800
190.144.124.78 - - [29/Oct/2014:08:25:07 -0500] "GET /galeria/carrusel/Carrusel/jquery.thumbnailScroller.js HTTP/1.1" 200 8157
201.245.192.253 - - [29/Oct/2014:08:25:07 -0500] "GET /tr?ev=6019536883455&cd[value]=0.00&cd[currency]=EUR&noscript=1 HTTP/1.1" 404 4282
201.245.192.253 - - [29/Oct/2014:08:25:07 -0500] "GET /plugins/likebox.php?href=http%3A%2F%2Fwww.facebook.com%2Fpages%2FRCN-RADIO%2F198058725653&width=300&colorscheme=light&connections=30&stream=false&header=false&height=300 HTTP/1.1" 404 1240
201.245.192.253 - - [29/Oct/2014:08:25:08 -0500] "GET /fr/u.php?p=474445595912814&m=69bbd2b1-a288-4ee9-bff1-8faa8683d1c8&t=2592000 HTTP/1.1" 404 1122
190.144.124.78 - - [29/Oct/2014:08:25:09 -0500] "GET /galeria/nivo-slider/demo/demo.html HTTP/1.1" 200 3316
190.144.124.78 - - [29/Oct/2014:08:25:09 -0500] "GET /galeria/nivo-slider/nivo-slider.css HTTP/1.1" 200 1507
190.144.124.78 - - [29/Oct/2014:08:25:09 -0500] "GET /galeria/nivo-slider/themes/pascal/pascal.css HTTP/1.1" 200 2258
190.144.124.78 - - [29/Oct/2014:08:25:09 -0500] "GET /galeria/nivo-slider/themes/default/default.css HTTP/1.1" 200 1569
190.144.124.78 - - [29/Oct/2014:08:25:09 -0500] "GET /galeria/nivo-slider/themes/orman/orman.css HTTP/1.1" 200 2152
190.144.124.78 - - [29/Oct/2014:08:25:09 -0500] "GET /galeria/nivo-slider/demo/style.css HTTP/1.1" 200 2222
190.144.124.78 - - [29/Oct/2014:08:25:09 -0500] "GET /galeria/nivo-slider/demo/scripts/jquery-1.7.1.min.js HTTP/1.1" 200 93868
190.144.124.78 - - [29/Oct/2014:08:25:09 -0500] "GET /galeria/nivo-slider/jquery.nivo.slider.pack.js HTTP/1.1" 200 11561
190.144.124.78 - - [29/Oct/2014:08:25:09 -0500] "GET /galeria/nivo-slider/demo/images/porloshumedales.jpg HTTP/1.1" 200 351238
190.144.124.78 - - [29/Oct/2014:08:25:09 -0500] "GET /galeria/nivo-slider/demo/images/banner-aceite3.jpg HTTP/1.1" 200 88347
190.144.124.78 - - [29/Oct/2014:08:25:09 -0500] "GET /galeria/nivo-slider/demo/images/Tingua-azul.jpg HTTP/1.1" 200 307638
190.144.124.78 - - [29/Oct/2014:08:25:09 -0500] "GET /galeria/nivo-slider/demo/images/mesTIC.jpg HTTP/1.1" 200 180719
66.249.64.163 - - [29/Oct/2014:08:25:09 -0500] "GET /BLA/resoluciones/RESOLUCIONES%202007/RES%202007%203901%20AL%204000/RESOLUCION%203914%20DE%202007.pdf HTTP/1.1" 304 -
201.245.192.253 - - [29/Oct/2014:08:25:09 -0500] "GET /plugins/like.php?href=http%3A%2F%2Fwww.facebook.com%2Frcnradio&layout=button_count&show_faces=true&width=126&action=like&colorscheme=light&height=21 HTTP/1.1" 404 1446
190.144.124.78 - - [29/Oct/2014:08:25:10 -0500] "GET /galeria/nivo-slider/demo/images/Banner-Caracol-Africano.jpg HTTP/1.1" 200 331986
188.165.25.173 - - [29/Oct/2014:08:25:10 -0500] "GET /errores/?C=N;O=D HTTP/1.0" 404 1019
190.144.124.78 - - [29/Oct/2014:08:25:11 -0500] "GET /galeria/nivo-slider/themes/default/loading.gif HTTP/1.1" 200 1737
190.144.124.78 - - [29/Oct/2014:08:25:11 -0500] "GET /galeria/nivo-slider/demo/images/4Simple_Slider.png HTTP/1.1" 200 11722
190.144.124.78 - - [29/Oct/2014:08:25:11 -0500] "GET /galeria/nivo-slider/demo/images/banner-redes.jpg HTTP/1.1" 200 62209
190.144.124.78 - - [29/Oct/2014:08:25:11 -0500] "GET /galeria/nivo-slider/demo/images/9Signos.jpg HTTP/1.1" 200 93040
201.245.192.253 - - [29/Oct/2014:08:25:11 -0500] "GET /embed/vJdMlMdCBvs?feature=oembed HTTP/1.1" 404 1019
190.144.124.78 - - [29/Oct/2014:08:25:12 -0500] "GET /galeria/nivo-slider/demo/images/banner-llantas2.jpg HTTP/1.1" 200 73153
190.144.124.78 - - [29/Oct/2014:08:25:13 -0500] "GET /galeria/nivo-slider/demo/images/banner-caballos.png HTTP/1.1" 200 389106
201.245.192.253 - - [29/Oct/2014:08:25:13 -0500] "GET /BLA/boletinlegal/js/jquery.scrollTo-min.js HTTP/1.1" 200 1150
201.245.192.253 - - [29/Oct/2014:08:25:13 -0500] "GET /galeria/carrusel/Carrusel/jquery.thumbnailScroller.js HTTP/1.1" 200 8157
201.245.192.253 - - [29/Oct/2014:08:25:13 -0500] "GET /BLA/boletinlegal/js/jquery.js HTTP/1.1" 200 57254
201.245.192.253 - - [29/Oct/2014:08:25:13 -0500] "GET /BLA/boletinlegal/js/jquery.scrollShow.js HTTP/1.1" 200 4586
201.245.192.253 - - [29/Oct/2014:08:25:13 -0500] "GET /galeria/carrusel/Carrusel/jquery-ui-1.8.13.custom.min.js HTTP/1.1" 200 10800
201.245.192.253 - - [29/Oct/2014:08:25:13 -0500] "GET /galeria/carrusel/Carrusel/jquery.thumbnailScroller.css HTTP/1.1" 200 2066
201.245.192.253 - - [29/Oct/2014:08:25:13 -0500] "GET /forest/session.jsp?a=0.9227610793708485 HTTP/1.1" 200 4
190.144.124.78 - - [29/Oct/2014:08:25:13 -0500] "GET /galeria/nivo-slider/demo/images/Hacienda_Molinos.jpg HTTP/1.1" 200 319171
66.249.64.167 - - [29/Oct/2014:08:25:13 -0500] "GET /BLA/resoluciones/RESOLUCIONES%202009/9510.pdf HTTP/1.1" 200 304609
190.144.124.78 - - [29/Oct/2014:08:25:14 -0500] "GET /galeria/nivo-slider/demo/images/bannerEcolecta3.jpg HTTP/1.1" 200 280034
190.144.124.78 - - [29/Oct/2014:08:25:15 -0500] "GET /videos/Spot_Tinguas.flv HTTP/1.1" 200 2087054
188.165.25.173 - - [29/Oct/2014:08:25:15 -0500] "GET /errores/?C=S;O=A HTTP/1.0" 404 1019
190.144.124.78 - - [29/Oct/2014:08:25:17 -0500] "GET /galeria/nivo-slider/themes/default/arrows.png HTTP/1.1" 200 824
190.144.124.78 - - [29/Oct/2014:08:25:17 -0500] "GET /galeria/nivo-slider/themes/default/bullets.png HTTP/1.1" 200 1281
66.249.64.163 - - [29/Oct/2014:08:25:18 -0500] "GET /BLA/resoluciones/RESOLUCIONES%202010/1607.pdf HTTP/1.1" 200 1011881
201.245.192.253 - - [29/Oct/2014:08:25:18 -0500] "POST /isolucionsda/IdentificaUsuario.asp?Pagina1=FrameSetGeneral.asp& HTTP/1.1" 200 5028
201.245.192.253 - - [29/Oct/2014:08:25:21 -0500] "GET /plugins/like.php?action=like&app_id=552484368099345&channel=http%3A%2F%2Fstatic.ak.facebook.com%2Fconnect%2Fxd_arbiter%2FehazDpFPEnK.js%3Fversion%3D41%23cb%3Df15ea84516e2709%26domain%3Ddiarioadn.co%26origin%3Dhttp%253A%252F%252Fdiarioadn.co%252Ff329373c9283a3c%26relation%3Dparent.parent&href=https%3A%2F%2Fwww.facebook.com%2Fdiarioadn&layout=button_count&locale=es_LA&sdk=joey&share=false&show_faces=true HTTP/1.1" 404 1274
66.249.64.163 - - [29/Oct/2014:08:25:22 -0500] "GET /BLA/resoluciones/AUTOS%202009/2562.pdf HTTP/1.1" 200 100566
66.249.64.167 - - [29/Oct/2014:08:25:22 -0500] "GET /BLA/resoluciones/RESOLUCIONES%202006/RES%202006%202151-2200/00002188.tif HTTP/1.1" 200 144410
201.245.192.253 - - [29/Oct/2014:08:25:22 -0500] "GET /forest/css/escritorio.css HTTP/1.1" 304 -
201.245.192.253 - - [29/Oct/2014:08:25:23 -0500] "GET /plugins/like.php?href=http%3A%2F%2Fwww.facebook.com%2Fpages%2FBogot%25C3%25A1-Humana-Ya%2F322689984419455&send=false&layout=standard&width=450&show_faces=false&action=like&colorscheme=light&font=arial&height=35 HTTP/1.1" 404 1338
201.245.192.253 - - [29/Oct/2014:08:25:24 -0500] "GET /embed/MKvfyTLkcX8 HTTP/1.1" 404 1391
188.165.25.173 - - [29/Oct/2014:08:25:25 -0500] "GET /even2/?C=N;O=D HTTP/1.0" 404 1019
201.245.192.253 - - [29/Oct/2014:08:25:26 -0500] "GET /plugins/like_box.php?app_id=413795952086946&channel=http%3A%2F%2Fstatic.ak.facebook.com%2Fconnect%2Fxd_arbiter%2FehazDpFPEnK.js%3Fversion%3D41%23cb%3Dfa68598b98433%26domain%3Dwww.publimetro.co%26origin%3Dhttp%253A%252F%252Fwww.publimetro.co%252Ff3fbf3775f851fc%26relation%3Dparent.parent&color_scheme=light&header=false&href=http%3A%2F%2Fwww.facebook.com%2FPublimetro-Colombia&locale=es_LA&sdk=joey&show_border=false&show_faces=true&stream=true&width=298 HTTP/1.1" 404 1268
201.245.192.253 - - [29/Oct/2014:08:25:26 -0500] "GET /v/9YX1UAW2H4k?adformat=2_9&version=3&showinfo=0&rel=0&controls=1&iv_load_policy=1 HTTP/1.1" 404 1339
181.247.136.127 - - [29/Oct/2014:08:25:26 -0500] "GET /galeria/nivo-slider/demo/demo.html HTTP/1.1" 200 3316
201.245.192.253 - - [29/Oct/2014:08:25:26 -0500] "GET /plugins/recommendations_bar.php?action=like&api_key=413795952086946&channel=http%3A%2F%2Fstatic.ak.facebook.com%2Fconnect%2Fxd_arbiter%2FehazDpFPEnK.js%3Fversion%3D41%23cb%3Dfcefc2adfa2d62%26domain%3Dwww.publimetro.co%26origin%3Dhttp%253A%252F%252Fwww.publimetro.co%252Ff3fbf3775f851fc%26relation%3Dparent.parent&href=http%3A%2F%2Fwww.publimetro.co%2Fbogota%2F&locale=es_LA&num_recommendations=2&read_time=10&sdk=joey&side=right&site=publimetro.co&trigger=onvisible HTTP/1.1" 404 1268
66.249.64.171 - - [29/Oct/2014:08:25:26 -0500] "GET /BLA/resoluciones/RESOLUCIONES%202011/6225.pdf HTTP/1.1" 200 1000837
201.245.192.253 - - [29/Oct/2014:08:25:27 -0500] "GET /embed/6vPt7HEw3Ew HTTP/1.1" 404 1265
190.24.138.98 - - [29/Oct/2014:08:25:27 -0500] "GET /BLA/boletinlegal/js/jquery.js HTTP/1.0" 200 57254
190.24.138.98 - - [29/Oct/2014:08:25:27 -0500] "GET /BLA/boletinlegal/js/jquery.scrollTo-min.js HTTP/1.0" 200 1150
190.24.138.98 - - [29/Oct/2014:08:25:28 -0500] "GET /BLA/boletinlegal/js/jquery.scrollShow.js HTTP/1.0" 200 4586
190.24.138.98 - - [29/Oct/2014:08:25:28 -0500] "GET /galeria/carrusel/Carrusel/jquery.thumbnailScroller.css HTTP/1.0" 200 2066
190.24.138.98 - - [29/Oct/2014:08:25:29 -0500] "GET /galeria/carrusel/Carrusel/jquery-ui-1.8.13.custom.min.js HTTP/1.0" 200 10800
201.245.192.253 - - [29/Oct/2014:08:25:29 -0500] "GET /forest/documentos/1949223/2014ER178840.pdf HTTP/1.1" 200 69541
66.249.64.171 - - [29/Oct/2014:08:25:30 -0500] "GET /BLA/resoluciones/RESOLUCIONES%202007/RES%202007%204201%20AL%204300/RESOLUCION%204260%20DE%202007.pdf HTTP/1.1" 200 85767
201.244.58.230 - - [29/Oct/2014:08:25:31 -0500] "GET /BLA/boletinlegal/js/jquery.js HTTP/1.1" 200 57254
201.244.58.230 - - [29/Oct/2014:08:25:31 -0500] "GET /BLA/boletinlegal/js/jquery.scrollTo-min.js HTTP/1.1" 200 1150
201.244.58.230 - - [29/Oct/2014:08:25:31 -0500] "GET /BLA/boletinlegal/js/jquery.scrollShow.js HTTP/1.1" 200 4586
190.24.138.98 - - [29/Oct/2014:08:25:31 -0500] "GET /galeria/carrusel/Carrusel/jquery.thumbnailScroller.js HTTP/1.0" 200 8157
188.165.25.173 - - [29/Oct/2014:08:25:33 -0500] "GET /even2/?C=S;O=A HTTP/1.0" 404 1019
66.249.64.167 - - [29/Oct/2014:08:25:35 -0500] "GET /BLA/resoluciones/RESOLUCIONES%202011/1477.pdf HTTP/1.1" 200 71453
181.137.143.89 - - [29/Oct/2014:08:25:35 -0500] "GET /galeria/nivo-slider/demo/demo.html HTTP/1.1" 200 3316
181.137.143.89 - - [29/Oct/2014:08:25:36 -0500] "GET /galeria/nivo-slider/demo/images/porloshumedales.jpg HTTP/1.1" 200 351238
181.137.143.89 - - [29/Oct/2014:08:25:36 -0500] "GET /galeria/nivo-slider/demo/images/banner-aceite3.jpg HTTP/1.1" 200 88347
181.137.143.89 - - [29/Oct/2014:08:25:36 -0500] "GET /galeria/nivo-slider/demo/images/mesTIC.jpg HTTP/1.1" 200 180719
181.137.143.89 - - [29/Oct/2014:08:25:36 -0500] "GET /galeria/nivo-slider/demo/images/Tingua-azul.jpg HTTP/1.1" 200 307638
181.137.143.89 - - [29/Oct/2014:08:25:36 -0500] "GET /galeria/nivo-slider/demo/images/Banner-Caracol-Africano.jpg HTTP/1.1" 200 331986
181.137.143.89 - - [29/Oct/2014:08:25:36 -0500] "GET /galeria/nivo-slider/demo/images/banner-redes.jpg HTTP/1.1" 200 62209
181.137.143.89 - - [29/Oct/2014:08:25:37 -0500] "GET /galeria/nivo-slider/demo/images/4Simple_Slider.png HTTP/1.1" 200 11722
181.137.143.89 - - [29/Oct/2014:08:25:37 -0500] "GET /galeria/nivo-slider/themes/default/loading.gif HTTP/1.1" 200 1737
181.137.143.89 - - [29/Oct/2014:08:25:38 -0500] "GET /galeria/nivo-slider/demo/images/9Signos.jpg HTTP/1.1" 200 93040
181.137.143.89 - - [29/Oct/2014:08:25:38 -0500] "GET /galeria/nivo-slider/demo/images/banner-llantas2.jpg HTTP/1.1" 200 73153
181.137.143.89 - - [29/Oct/2014:08:25:38 -0500] "GET /galeria/nivo-slider/demo/images/bannerEcolecta3.jpg HTTP/1.1" 200 280034
181.137.143.89 - - [29/Oct/2014:08:25:38 -0500] "GET /galeria/nivo-slider/demo/images/Hacienda_Molinos.jpg HTTP/1.1" 200 319171
181.137.143.89 - - [29/Oct/2014:08:25:38 -0500] "GET /galeria/nivo-slider/demo/images/banner-caballos.png HTTP/1.1" 200 389106
66.249.64.163 - - [29/Oct/2014:08:25:39 -0500] "GET /BLA/resoluciones/RESOLUCIONES%202010/7764.pdf HTTP/1.1" 200 67461
188.165.25.173 - - [29/Oct/2014:08:25:41 -0500] "GET /even2/Thumbs.db HTTP/1.0" 404 1019
66.249.64.167 - - [29/Oct/2014:08:25:43 -0500] "GET /BLA/resoluciones/RESOLUCIONES%202007/RES%202007%203401%20AL%203500/RESOLUCION%203408%20DE%202007.pdf HTTP/1.1" 200 701454
201.245.192.253 - - [29/Oct/2014:08:25:43 -0500] "GET /isolucionsda/ HTTP/1.1" 200 739
201.245.192.253 - - [29/Oct/2014:08:25:45 -0500] "GET /plugins/like.php?action=like&app_id=125335964150697&channel=http%3A%2F%2Fstatic.ak.facebook.com%2Fconnect%2Fxd_arbiter%2FehazDpFPEnK.js%3Fversion%3D41%23cb%3Df3fb4614218f9d4%26domain%3Dwww.semana.com%26origin%3Dhttp%253A%252F%252Fwww.semana.com%252Ff2d8fc4b0740fcc%26relation%3Dparent.parent&href=https%3A%2F%2Fwww.facebook.com%2FRevistaSemana&layout=standard&locale=en_US&sdk=joey&share=true&show_faces=false&width=280 HTTP/1.1" 404 1248
190.24.138.98 - - [29/Oct/2014:08:25:45 -0500] "GET /galeria/nivo-slider/demo/demo.html HTTP/1.0" 200 3316
190.24.138.98 - - [29/Oct/2014:08:25:46 -0500] "GET /galeria/nivo-slider/themes/default/default.css HTTP/1.0" 200 1569
190.24.138.98 - - [29/Oct/2014:08:25:46 -0500] "GET /galeria/nivo-slider/themes/pascal/pascal.css HTTP/1.0" 200 2258
190.24.138.98 - - [29/Oct/2014:08:25:46 -0500] "GET /galeria/nivo-slider/themes/orman/orman.css HTTP/1.0" 200 2152
190.24.138.98 - - [29/Oct/2014:08:25:46 -0500] "GET /galeria/nivo-slider/nivo-slider.css HTTP/1.0" 200 1507
190.24.138.98 - - [29/Oct/2014:08:25:46 -0500] "GET /galeria/nivo-slider/demo/style.css HTTP/1.0" 200 2222
190.24.138.98 - - [29/Oct/2014:08:25:46 -0500] "GET /galeria/nivo-slider/demo/images/banner-aceite3.jpg HTTP/1.0" 200 88347
188.165.25.173 - - [29/Oct/2014:08:25:46 -0500] "GET /even2/even.htm HTTP/1.0" 404 1019
190.24.138.98 - - [29/Oct/2014:08:25:47 -0500] "GET /galeria/nivo-slider/demo/images/porloshumedales.jpg HTTP/1.0" 200 351238
190.24.138.98 - - [29/Oct/2014:08:25:47 -0500] "GET /galeria/nivo-slider/demo/images/mesTIC.jpg HTTP/1.0" 200 180719
190.24.138.98 - - [29/Oct/2014:08:25:47 -0500] "GET /galeria/nivo-slider/demo/images/Tingua-azul.jpg HTTP/1.0" 200 307638
66.249.64.171 - - [29/Oct/2014:08:25:47 -0500] "GET /BLA/resoluciones/RESOLUCIONES%202011/2037.pdf HTTP/1.1" 200 414843
190.24.138.98 - - [29/Oct/2014:08:25:48 -0500] "GET /galeria/nivo-slider/demo/images/Banner-Caracol-Africano.jpg HTTP/1.0" 200 331986
190.24.138.98 - - [29/Oct/2014:08:25:48 -0500] "GET /galeria/nivo-slider/demo/scripts/jquery-1.7.1.min.js HTTP/1.0" 200 93868
66.249.64.171 - - [29/Oct/2014:08:25:51 -0500] "GET /BLA/resoluciones/RESOLUCIONES%202013/2090.pdf HTTP/1.1" 304 -
188.165.25.173 - - [29/Oct/2014:08:25:55 -0500] "GET /even2/even1.htm HTTP/1.0" 404 1019
66.249.64.171 - - [29/Oct/2014:08:25:56 -0500] "GET /BLA/resoluciones/AUTOS%202011/5120.pdf HTTP/1.1" 200 276183
190.24.138.98 - - [29/Oct/2014:08:25:57 -0500] "GET /galeria/nivo-slider/jquery.nivo.slider.pack.js HTTP/1.0" 200 11561
190.24.138.98 - - [29/Oct/2014:08:25:58 -0500] "GET /galeria/nivo-slider/demo/images/9Signos.jpg HTTP/1.0" 200 93040
190.24.138.98 - - [29/Oct/2014:08:25:58 -0500] "GET /galeria/nivo-slider/demo/images/banner-redes.jpg HTTP/1.0" 200 62209
74.86.158.107 - - [29/Oct/2014:08:25:58 -0500] "HEAD / HTTP/1.1" 302 -
190.69.230.50 - - [29/Oct/2014:08:25:59 -0500] "GET /BLA/boletinlegal/js/jquery.scrollTo-min.js HTTP/1.1" 200 1150
190.69.230.50 - - [29/Oct/2014:08:25:59 -0500] "GET /BLA/boletinlegal/js/jquery.scrollShow.js HTTP/1.1" 200 4586
190.69.230.50 - - [29/Oct/2014:08:25:59 -0500] "GET /BLA/boletinlegal/js/jquery.js HTTP/1.1" 200 57254
66.249.64.163 - - [29/Oct/2014:08:26:00 -0500] "GET /BLA/resoluciones/AUTOS%202012/1606.pdf HTTP/1.1" 200 189084
188.165.25.173 - - [29/Oct/2014:08:26:02 -0500] "GET /formularios/?C=D;O=A HTTP/1.0" 200 965
66.249.64.167 - - [29/Oct/2014:08:26:04 -0500] "GET /BLA/resoluciones/RESOLUCIONES%202011/1564.pdf HTTP/1.1" 304 -
190.24.138.98 - - [29/Oct/2014:08:26:06 -0500] "GET /galeria/nivo-slider/demo/images/4Simple_Slider.png HTTP/1.0" 200 11722
190.24.138.98 - - [29/Oct/2014:08:26:06 -0500] "GET /galeria/nivo-slider/themes/default/loading.gif HTTP/1.0" 200 1737
190.24.138.98 - - [29/Oct/2014:08:26:07 -0500] "GET /galeria/nivo-slider/demo/images/banner-llantas2.jpg HTTP/1.0" 200 73153
66.249.64.167 - - [29/Oct/2014:08:26:08 -0500] "GET /BLA/resoluciones/RESOLUCIONES%202010/6499.pdf HTTP/1.1" 200 315888
66.249.64.167 - - [29/Oct/2014:08:26:10 -0500] "GET /BLA/resoluciones/AUTOS%202011/1825.pdf HTTP/1.1" 200 202557
201.245.192.253 - - [29/Oct/2014:08:26:10 -0500] "POST /isolucionsda/IdentificaUsuario.asp?Pagina1=FrameSetGeneral.asp& HTTP/1.1" 302 173
201.245.192.253 - - [29/Oct/2014:08:26:10 -0500] "GET /isolucionsda/FrameSetGeneral.asp?Pagina1=FrameSetGeneral.asp& HTTP/1.1" 200 6485
201.245.192.253 - - [29/Oct/2014:08:26:11 -0500] "GET /isolucionsda/Encabezado.asp?Pagina1=FrameSetGeneral.asp&&Pagina=MagazinHome.asp HTTP/1.1" 200 15218
201.245.192.253 - - [29/Oct/2014:08:26:11 -0500] "GET /isolucionsda/Session.asp?Continue=1 HTTP/1.1" 200 205
201.245.192.253 - - [29/Oct/2014:08:26:11 -0500] "GET /isolucionsda/BarraTitulos.asp?Pagina1=FrameSetGeneral.asp&&Pagina=MagazinHome.asp HTTP/1.1" 200 6844
188.165.25.173 - - [29/Oct/2014:08:26:11 -0500] "GET /formularios/?C=M;O=A HTTP/1.0" 200 965
201.245.192.253 - - [29/Oct/2014:08:26:11 -0500] "GET /isolucionsda/BarraFavoritos.asp HTTP/1.1" 200 911
201.245.192.253 - - [29/Oct/2014:08:26:11 -0500] "GET /isolucionsda/MagazinHome.asp HTTP/1.1" 200 25725
201.245.192.253 - - [29/Oct/2014:08:26:12 -0500] "GET /isolucionsda/Session.asp?Continue=1 HTTP/1.1" 200 6196
190.24.138.98 - - [29/Oct/2014:08:26:12 -0500] "GET /galeria/nivo-slider/demo/images/banner-caballos.png HTTP/1.0" 200 389106
201.245.192.253 - - [29/Oct/2014:08:26:12 -0500] "GET /isolucionsda/TareasSFRedirect.asp HTTP/1.1" 302 195
201.245.192.253 - - [29/Oct/2014:08:26:12 -0500] "GET /isolucionsda/g/Bgr_Destacado3399CC.jpg HTTP/1.1" 404 5217
66.249.64.167 - - [29/Oct/2014:08:26:12 -0500] "GET /BLA/resoluciones/RESOLUCIONES%202012/1440.pdf HTTP/1.1" 200 412532
190.24.138.98 - - [29/Oct/2014:08:26:13 -0500] "GET /galeria/nivo-slider/demo/images/Hacienda_Molinos.jpg HTTP/1.0" 200 319171
201.245.192.253 - - [29/Oct/2014:08:26:12 -0500] "GET /isolucionsda/Login.aspx?TARGET=SFContainerFiltrado.aspx&number=66655365655756514570 HTTP/1.1" 302 886
201.245.192.253 - - [29/Oct/2014:08:26:13 -0500] "GET /isolucionsda/SFContainerFiltrado.aspx?Number=66655365655756514570 HTTP/1.1" 200 14356
201.245.192.253 - - [29/Oct/2014:08:26:13 -0500] "GET /isolucionsda/DetalleTareas.aspx?Number=66655365655756514570 HTTP/1.1" 302 144
201.245.192.253 - - [29/Oct/2014:08:26:14 -0500] "GET /isolucionsda/DetalleTareas.aspx?Number=66655365655756514570 HTTP/1.1" 200 5408
201.245.192.253 - - [29/Oct/2014:08:26:14 -0500] "GET /isolucionsda/ErrorMsg.aspx HTTP/1.1" 200 1701
201.245.192.253 - - [29/Oct/2014:08:26:14 -0500] "GET /isolucionsda/auxlib.js HTTP/1.1" 404 5185
201.245.192.253 - - [29/Oct/2014:08:26:14 -0500] "GET /isolucionsda/infowndcore.js HTTP/1.1" 404 5195
201.245.192.253 - - [29/Oct/2014:08:26:14 -0500] "GET /isolucionsda/infowndpublic.js HTTP/1.1" 404 5199
201.245.192.253 - - [29/Oct/2014:08:26:16 -0500] "GET /watch?feature=player_embedded&v=UtK7KBjDkrc HTTP/1.1" 404 1121
66.249.64.171 - - [29/Oct/2014:08:26:17 -0500] "GET /BLA/resoluciones/RESOLUCIONES%202007/RES%202007%20501%20AL%20600/RESOLUCION%200569%20DE%202007.pdf HTTP/1.1" 200 487625
200.89.114.190 - - [29/Oct/2014:08:26:20 -0500] "GET /BLA/boletinlegal/js/jquery.js HTTP/1.1" 200 57254
200.89.114.190 - - [29/Oct/2014:08:26:20 -0500] "GET /BLA/boletinlegal/js/jquery.scrollTo-min.js HTTP/1.1" 200 1150
200.89.114.190 - - [29/Oct/2014:08:26:21 -0500] "GET /BLA/boletinlegal/js/jquery.scrollShow.js HTTP/1.1" 200 4586
66.249.64.163 - - [29/Oct/2014:08:26:21 -0500] "GET /BLA/resoluciones/RESOLUCIONES%202007/RES%202007%201%20AL%20100/RESOLUCION%200006%20DE%202007.pdf HTTP/1.1" 200 263078
181.137.143.89 - - [29/Oct/2014:08:26:21 -0500] "GET /galeria/nivo-slider/demo/images/porloshumedales.jpg HTTP/1.1" 206 160252
181.137.143.89 - - [29/Oct/2014:08:26:21 -0500] "GET /galeria/nivo-slider/themes/default/arrows.png HTTP/1.1" 200 824
181.137.143.89 - - [29/Oct/2014:08:26:21 -0500] "GET /galeria/nivo-slider/themes/default/bullets.png HTTP/1.1" 200 1281
188.165.25.173 - - [29/Oct/2014:08:26:22 -0500] "GET /formularios/?C=N;O=D HTTP/1.0" 200 965
190.24.138.98 - - [29/Oct/2014:08:26:24 -0500] "GET /galeria/nivo-slider/demo/images/bannerEcolecta3.jpg HTTP/1.0" 200 280034
66.249.64.163 - - [29/Oct/2014:08:26:25 -0500] "GET /BLA/resoluciones/RESOLUCIONES%202013/0586.pdf HTTP/1.1" 200 2602098
66.249.64.171 - - [29/Oct/2014:08:26:30 -0500] "GET /BLA/resoluciones/RESOLUCIONES%202007/RES%202007%202001%20AL%202100/RESOLUCION%202066%20%20DE%202007.pdf HTTP/1.1" 304 -
188.165.25.173 - - [29/Oct/2014:08:26:32 -0500] "GET /formularios/?C=S;O=A HTTP/1.0" 200 965
66.249.64.171 - - [29/Oct/2014:08:26:33 -0500] "GET /BLA/resoluciones/AUTOS%202013/0051.pdf HTTP/1.1" 304 -
179.27.4.190 - - [29/Oct/2014:08:26:34 -0500] "GET /BLA/boletinlegal/js/jquery.js HTTP/1.1" 200 57254
179.27.4.190 - - [29/Oct/2014:08:26:34 -0500] "GET /BLA/boletinlegal/js/jquery.scrollTo-min.js HTTP/1.1" 200 1150
179.27.4.190 - - [29/Oct/2014:08:26:34 -0500] "GET /BLA/boletinlegal/js/jquery.scrollShow.js HTTP/1.1" 200 4586
201.245.192.253 - - [29/Oct/2014:08:26:37 -0500] "GET /isolucionsda/FrameSetGeneral.asp?Pagina=Menu.asp&IdModulo=4 HTTP/1.1" 200 6455
201.245.192.253 - - [29/Oct/2014:08:26:37 -0500] "GET /isolucionsda/Encabezado.asp?Pagina=Menu.asp&IdModulo=4 HTTP/1.1" 200 15219
201.245.192.253 - - [29/Oct/2014:08:26:37 -0500] "GET /isolucionsda/BarraTitulos.asp?Pagina=Menu.asp&IdModulo=4 HTTP/1.1" 200 6857
201.245.192.253 - - [29/Oct/2014:08:26:38 -0500] "GET /isolucionsda/Menu.asp?Pagina=Menu.asp&IdModulo=4 HTTP/1.1" 200 14516
201.245.192.253 - - [29/Oct/2014:08:26:38 -0500] "GET /isolucionsda/BarraFavoritos.asp HTTP/1.1" 200 911
66.249.64.171 - - [29/Oct/2014:08:26:38 -0500] "GET /BLA/resoluciones/RESOLUCIONES%202007/RES%202007%204301%20AL%204352/RESOLUCION%204337%20DE%202007.pdf HTTP/1.1" 200 535581
201.245.192.253 - - [29/Oct/2014:08:26:38 -0500] "GET /isolucionsda/Session.asp?Continue=1 HTTP/1.1" 200 6196
201.245.192.253 - - [29/Oct/2014:08:26:39 -0500] "GET /isolucionsda/FrameSetGeneral.asp?Pagina=ListadoMaestroDocumentos3.asp HTTP/1.1" 200 6506
201.245.192.253 - - [29/Oct/2014:08:26:39 -0500] "GET /isolucionsda/Encabezado.asp?Pagina=ListadoMaestroDocumentos3.asp HTTP/1.1" 200 15194
201.245.192.253 - - [29/Oct/2014:08:26:39 -0500] "GET /isolucionsda/BarraTitulos.asp?Pagina=ListadoMaestroDocumentos3.asp HTTP/1.1" 200 6857
201.245.192.253 - - [29/Oct/2014:08:26:39 -0500] "GET /isolucionsda/ListadoMaestroDocumentos3.asp?Pagina=ListadoMaestroDocumentos3.asp HTTP/1.1" 200 11339
201.245.192.253 - - [29/Oct/2014:08:26:39 -0500] "GET /isolucionsda/BarraFavoritos.asp HTTP/1.1" 200 911
201.245.192.253 - - [29/Oct/2014:08:26:39 -0500] "GET /isolucionsda/Session.asp?Continue=1 HTTP/1.1" 200 6196
188.165.25.173 - - [29/Oct/2014:08:26:40 -0500] "GET /formularios/formulario-tics.php HTTP/1.0" 200 3888
201.245.192.253 - - [29/Oct/2014:08:26:40 -0500] "GET /fr/u.php?t=2592000&p=443937282305007&m=NzAzN2NmNGY0MGViNGFmNDg5MGMwOWE1ZmQ4OWM3ODU HTTP/1.1" 404 1316
201.245.192.253 - - [29/Oct/2014:08:26:42 -0500] "GET /isolucionsda/Jerarquia.asp?Tabla=Proceso&Form=Admon&CampoDisplay=ProcesoDisplayObjetoProceso&CampoHidden=Proceso&bSubmit=True&items= HTTP/1.1" 200 10459
66.249.64.171 - - [29/Oct/2014:08:26:42 -0500] "GET /BLA/resoluciones/AUTOS%202013/2505.pdf HTTP/1.1" 200 1167378
201.245.192.253 - - [29/Oct/2014:08:26:44 -0500] "POST /isolucionsda/Jerarquia.asp HTTP/1.1" 200 7974
201.245.192.253 - - [29/Oct/2014:08:26:44 -0500] "POST /isolucionsda/ListadoMaestroDocumentos3.asp HTTP/1.1" 200 17219
66.249.64.167 - - [29/Oct/2014:08:26:46 -0500] "GET /BLA/resoluciones/AUTOS%202013/1325.pdf HTTP/1.1" 304 -
190.24.138.98 - - [29/Oct/2014:08:26:47 -0500] "GET /videos/Spot_Tinguas.flv HTTP/1.0" 200 2087054
201.245.192.253 - - [29/Oct/2014:08:26:47 -0500] "POST /isolucionsda/ListadoMaestroDocumentos3.asp HTTP/1.1" 200 13777
201.245.192.253 - - [29/Oct/2014:08:26:49 -0500] "GET /forest/session.jsp?a=0.8601563065356658 HTTP/1.1" 200 4
188.165.25.173 - - [29/Oct/2014:08:26:49 -0500] "GET /fotos/?C=D;O=A HTTP/1.0" 404 1019
66.249.64.167 - - [29/Oct/2014:08:26:50 -0500] "GET /BLA/resoluciones/RESOLUCIONES%202007/RES%202007%201%20AL%20100/RESOLUCION%200040%20%20DE%202007.pdf HTTP/1.1" 304 -
201.245.192.253 - - [29/Oct/2014:08:26:51 -0500] "GET /fr/u.php?p=441981302501808&m=6cb6c2ad-32a4-4296-b294-c0e1c9bafb6a HTTP/1.1" 404 1284
201.245.192.253 - - [29/Oct/2014:08:26:52 -0500] "GET /plugins/like.php?href=https%3A%2F%2Fwww.facebook.com%2Falodigital&width=150&height=21&colorscheme=light&layout=button_count&action=like&show_faces=true&send=false HTTP/1.1" 404 1322
201.245.192.253 - - [29/Oct/2014:08:26:52 -0500] "GET /fr/u.php?p=418865601488577&m=7efe544f-9caa-4100-b725-7314712533f8 HTTP/1.1" 404 1416
66.249.64.167 - - [29/Oct/2014:08:26:54 -0500] "GET /BLA/resoluciones/RESOLUCIONES%202011/4410.pdf HTTP/1.1" 304 -
188.165.25.173 - - [29/Oct/2014:08:26:56 -0500] "GET /fotos/?C=M;O=A HTTP/1.0" 404 1019
201.245.192.253 - - [29/Oct/2014:08:26:56 -0500] "GET /isolucionsda/ HTTP/1.1" 200 739
181.135.91.80 - - [29/Oct/2014:08:26:57 -0500] "GET /galeria/nivo-slider/demo/images/porloshumedales.jpg HTTP/1.1" 206 1
181.135.91.80 - - [29/Oct/2014:08:26:57 -0500] "GET /galeria/nivo-slider/demo/images/Tingua-azul.jpg HTTP/1.1" 206 1
181.135.91.80 - - [29/Oct/2014:08:26:57 -0500] "GET /galeria/nivo-slider/demo/images/porloshumedales.jpg HTTP/1.1" 206 164961
181.135.91.80 - - [29/Oct/2014:08:26:57 -0500] "GET /galeria/nivo-slider/demo/images/Tingua-azul.jpg HTTP/1.1" 206 95081
181.135.91.80 - - [29/Oct/2014:08:26:57 -0500] "GET /galeria/nivo-slider/themes/default/bullets.png HTTP/1.1" 200 1281
181.135.91.80 - - [29/Oct/2014:08:26:57 -0500] "GET /galeria/nivo-slider/themes/default/arrows.png HTTP/1.1" 200 824
66.249.64.171 - - [29/Oct/2014:08:26:59 -0500] "GET /BLA/resoluciones/RESOLUCIONES%202010/6625.pdf HTTP/1.1" 200 1587443
66.249.64.171 - - [29/Oct/2014:08:27:03 -0500] "GET /BLA/resoluciones/RESOLUCIONES%202008/0487.pdf HTTP/1.1" 304 -
201.245.192.253 - - [29/Oct/2014:08:27:06 -0500] "GET /isolucionsda/ HTTP/1.1" 200 739
66.249.64.167 - - [29/Oct/2014:08:27:07 -0500] "GET /BLA/resoluciones/RESOLUCIONES%202007/RES%202007%204301%20AL%204352/RESOLUCION%204334%20DE%202007.pdf HTTP/1.1" 200 435413
188.165.25.173 - - [29/Oct/2014:08:27:08 -0500] "GET /fotos/?C=N;O=D HTTP/1.0" 404 1019
201.245.192.253 - - [29/Oct/2014:08:27:08 -0500] "GET /fr/u.php?p=395691413831785&m=F3F5EBCD97472ADADDCDF5FA55BC8BAC&t=2592000 HTTP/1.1" 404 1306
201.245.192.253 - - [29/Oct/2014:08:27:09 -0500] "GET /isolucionsda/ HTTP/1.1" 200 739
201.245.192.253 - - [29/Oct/2014:08:27:09 -0500] "GET /isolucionsda/IdentificaUsuario.asp?Pagina1=FrameSetGeneral.asp& HTTP/1.1" 200 4997
201.245.192.253 - - [29/Oct/2014:08:27:10 -0500] "GET /v/wy46U16-dJg?adformat=2_9&version=3&showinfo=0&rel=0&controls=1&iv_load_policy=1 HTTP/1.1" 404 1367
201.245.192.253 - - [29/Oct/2014:08:27:11 -0500] "GET /v/wy46U16-dJg?adformat=2_9&version=3&showinfo=0&rel=0&controls=1&iv_load_policy=1 HTTP/1.1" 404 1367
66.249.64.167 - - [29/Oct/2014:08:27:11 -0500] "GET /BLA/resoluciones/RESOLUCIONES%202009/6294.pdf HTTP/1.1" 304 -
66.249.64.163 - - [29/Oct/2014:08:27:15 -0500] "GET /BLA/resoluciones/RESOLUCIONES%202007/RES%202007%202501%20AL%202600/RESOLUCION%202527%20DE%202007.pdf HTTP/1.1" 200 294242
201.245.192.253 - - [29/Oct/2014:08:27:17 -0500] "GET /v/XYyEQ5AhxrI?adformat=2_9&version=3&showinfo=0&rel=0&controls=1&iv_load_policy=1 HTTP/1.1" 404 1367
