66.249.64.163 - - [29/Oct/2014:08:19:32 -0500] "GET /BLA/resoluciones/AUTOS%202011/2255.pdf HTTP/1.1" 200 159509
186.28.212.201 - - [29/Oct/2014:08:19:33 -0500] "GET /videos/Spot_Tinguas.flv HTTP/1.1" 200 2087054
181.135.91.80 - - [29/Oct/2014:08:19:33 -0500] "GET /videos/Spot_Tinguas.flv HTTP/1.1" 200 2087054
181.135.91.80 - - [29/Oct/2014:08:19:33 -0500] "GET /galeria/nivo-slider/demo/images/bannerEcolecta3.jpg HTTP/1.1" 200 280034
66.249.64.171 - - [29/Oct/2014:08:19:33 -0500] "GET /BLA/resoluciones/AUTOS%202011/1352.pdf HTTP/1.1" 200 137939
66.249.64.167 - - [29/Oct/2014:08:19:34 -0500] "GET /BLA/resoluciones/AUTOS%202011/2990.pdf HTTP/1.1" 200 90285
66.249.64.163 - - [29/Oct/2014:08:19:35 -0500] "GET /BLA/resoluciones/AUTOS%202011/6795.pdf HTTP/1.1" 200 226621
66.249.64.167 - - [29/Oct/2014:08:19:37 -0500] "GET /BLA/resoluciones/AUTOS%202011/0241.pdf HTTP/1.1" 200 334070
188.165.25.173 - - [29/Oct/2014:08:19:40 -0500] "GET /re1/Que%20es/Marco%20pedagocico/modelo%20pedagogico/?C=S;O=D HTTP/1.0" 404 1015
66.249.64.163 - - [29/Oct/2014:08:19:41 -0500] "GET /BLA/resoluciones/AUTOS%202011/1328.pdf HTTP/1.1" 200 151535
188.165.25.173 - - [29/Oct/2014:08:19:43 -0500] "GET /re1/Que%20es/Marco%20pedagocico/relacion%20desarrollo/?C=N;O=A HTTP/1.0" 404 1015
201.245.192.253 - - [29/Oct/2014:08:19:44 -0500] "GET /plugins/like.php?app_id=541577542537589&channel=http%3A%2F%2Fstatic.ak.facebook.com%2Fconnect%2Fxd_arbiter%2FehazDpFPEnK.js%3Fversion%3D41%23cb%3Dff99eb81dcb329%26domain%3Dwww.despegar.com.co%26origin%3Dhttp%253A%252F%252Fwww.despegar.com.co%252Ff3eedbbd0b453ac%26relation%3Dparent.parent&height=61&href=https%3A%2F%2Fwww.facebook.com%2FDespegarArgentina&locale=es_LA&sdk=joey&show_faces=true&width=879 HTTP/1.1" 404 1444
190.248.8.195 - - [29/Oct/2014:08:19:44 -0500] "GET /BLA/boletinlegal/js/jquery.js HTTP/1.1" 200 57254
190.248.8.195 - - [29/Oct/2014:08:19:44 -0500] "GET /BLA/boletinlegal/js/jquery.scrollTo-min.js HTTP/1.1" 200 1150
190.248.8.195 - - [29/Oct/2014:08:19:44 -0500] "GET /BLA/boletinlegal/js/jquery.scrollShow.js HTTP/1.1" 200 4586
201.245.192.253 - - [29/Oct/2014:08:19:45 -0500] "GET /forest/buscar.do HTTP/1.1" 200 97218
201.245.192.253 - - [29/Oct/2014:08:19:45 -0500] "GET /forest/css/escritorio.css?version=1410.211635 HTTP/1.1" 304 -
201.245.192.253 - - [29/Oct/2014:08:19:45 -0500] "GET /forest/css/autocomplete.css?version=1410.211635 HTTP/1.1" 304 -
201.245.192.253 - - [29/Oct/2014:08:19:45 -0500] "GET /forest/skins/gdocs-jar/css/tree.css?version=1410.211635 HTTP/1.1" 304 -
201.245.192.253 - - [29/Oct/2014:08:19:45 -0500] "GET /forest/js/escritorio/escritorio.js?version=1410.211635 HTTP/1.1" 304 -
201.245.192.253 - - [29/Oct/2014:08:19:45 -0500] "GET /forest/js/load_func.js?version=1410.211635 HTTP/1.1" 304 -
201.245.192.253 - - [29/Oct/2014:08:19:45 -0500] "GET /forest/js/sarissa.js?version=1410.211635 HTTP/1.1" 304 -
201.245.192.253 - - [29/Oct/2014:08:19:45 -0500] "GET /forest/js/dialog.js?version=1410.211635 HTTP/1.1" 304 -
201.245.192.253 - - [29/Oct/2014:08:19:45 -0500] "GET /forest/js/internJS.js?version=1410.211635 HTTP/1.1" 304 -
201.245.192.253 - - [29/Oct/2014:08:19:45 -0500] "GET /forest/js/autocompletar2.js?version=1410.211635 HTTP/1.1" 304 -
201.245.192.253 - - [29/Oct/2014:08:19:45 -0500] "GET /forest/1ibre/protoaculous.js?version=1410.211635 HTTP/1.1" 304 -
201.245.192.253 - - [29/Oct/2014:08:19:45 -0500] "GET /forest/1ibre/jscalendar/calendar.js?version=1410.211635 HTTP/1.1" 304 -
201.245.192.253 - - [29/Oct/2014:08:19:45 -0500] "GET /forest/1ibre/jscalendar/lang/calendar-es.js?version=1410.211635 HTTP/1.1" 304 -
201.245.192.253 - - [29/Oct/2014:08:19:45 -0500] "GET /forest/1ibre/1ibre.js?version=1410.211635 HTTP/1.1" 304 -
201.245.192.253 - - [29/Oct/2014:08:19:45 -0500] "GET /forest/1ibre/jscalendar/calendar-setup.js?version=1410.211635 HTTP/1.1" 304 -
201.245.192.253 - - [29/Oct/2014:08:19:45 -0500] "GET /forest/js/xml_utilities.js?version=1410.211635 HTTP/1.1" 304 -
201.245.192.253 - - [29/Oct/2014:08:19:45 -0500] "GET /forest/json.do?query=usersByDep&coddep=221 HTTP/1.1" 200 3167
201.245.192.253 - - [29/Oct/2014:08:19:45 -0500] "GET /forest/json.do?query=usersByDep&coddep=221 HTTP/1.1" 200 3167
66.249.64.163 - - [29/Oct/2014:08:19:45 -0500] "GET /BLA/resoluciones/AUTOS%202011/1939.pdf HTTP/1.1" 200 160095
201.245.192.253 - - [29/Oct/2014:08:19:47 -0500] "POST /forest/buscar.do? HTTP/1.1" 200 7085
66.249.64.171 - - [29/Oct/2014:08:19:50 -0500] "GET /BLA/resoluciones/AUTOS%202011/3906.pdf HTTP/1.1" 200 224027
201.245.192.253 - - [29/Oct/2014:08:19:50 -0500] "GET /forest/buscar.do HTTP/1.1" 200 97218
201.245.192.253 - - [29/Oct/2014:08:19:50 -0500] "GET /forest/css/autocomplete.css?version=1410.211635 HTTP/1.1" 304 -
201.245.192.253 - - [29/Oct/2014:08:19:50 -0500] "GET /forest/css/escritorio.css?version=1410.211635 HTTP/1.1" 304 -
201.245.192.253 - - [29/Oct/2014:08:19:50 -0500] "GET /forest/js/sarissa.js?version=1410.211635 HTTP/1.1" 304 -
201.245.192.253 - - [29/Oct/2014:08:19:50 -0500] "GET /forest/js/xml_utilities.js?version=1410.211635 HTTP/1.1" 304 -
201.245.192.253 - - [29/Oct/2014:08:19:50 -0500] "GET /forest/js/load_func.js?version=1410.211635 HTTP/1.1" 304 -
201.245.192.253 - - [29/Oct/2014:08:19:50 -0500] "GET /forest/js/escritorio/escritorio.js?version=1410.211635 HTTP/1.1" 304 -
201.245.192.253 - - [29/Oct/2014:08:19:50 -0500] "GET /forest/1ibre/jscalendar/lang/calendar-es.js?version=1410.211635 HTTP/1.1" 304 -
201.245.192.253 - - [29/Oct/2014:08:19:50 -0500] "GET /forest/js/internJS.js?version=1410.211635 HTTP/1.1" 304 -
201.245.192.253 - - [29/Oct/2014:08:19:50 -0500] "GET /forest/skins/gdocs-jar/css/tree.css?version=1410.211635 HTTP/1.1" 304 -
201.245.192.253 - - [29/Oct/2014:08:19:50 -0500] "GET /forest/js/autocompletar2.js?version=1410.211635 HTTP/1.1" 304 -
201.245.192.253 - - [29/Oct/2014:08:19:50 -0500] "GET /forest/1ibre/jscalendar/calendar.js?version=1410.211635 HTTP/1.1" 304 -
201.245.192.253 - - [29/Oct/2014:08:19:50 -0500] "GET /forest/1ibre/jscalendar/calendar-setup.js?version=1410.211635 HTTP/1.1" 304 -
201.245.192.253 - - [29/Oct/2014:08:19:50 -0500] "GET /forest/1ibre/1ibre.js?version=1410.211635 HTTP/1.1" 304 -
201.245.192.253 - - [29/Oct/2014:08:19:50 -0500] "GET /forest/1ibre/protoaculous.js?version=1410.211635 HTTP/1.1" 304 -
201.245.192.253 - - [29/Oct/2014:08:19:50 -0500] "GET /forest/js/dialog.js?version=1410.211635 HTTP/1.1" 304 -
201.245.192.253 - - [29/Oct/2014:08:19:51 -0500] "GET /forest/json.do?query=usersByDep&coddep=221 HTTP/1.1" 200 3167
201.245.192.253 - - [29/Oct/2014:08:19:51 -0500] "GET /forest/json.do?query=usersByDep&coddep=221 HTTP/1.1" 200 3167
188.165.25.173 - - [29/Oct/2014:08:19:51 -0500] "GET /re1/Que%20es/Plan%20comunicaciones/publicos/imagen%20publicos/?C=D;O=A HTTP/1.0" 404 1015
201.245.192.253 - - [29/Oct/2014:08:19:52 -0500] "POST /forest/buscar.do? HTTP/1.1" 200 7085
190.157.153.111 - - [29/Oct/2014:08:19:53 -0500] "GET /forest/buscar.do?type=procesos HTTP/1.1" 200 97228
190.248.8.195 - - [29/Oct/2014:08:19:54 -0500] "GET /galeria/carrusel/Carrusel/jquery.thumbnailScroller.css HTTP/1.1" 200 2066
190.248.8.195 - - [29/Oct/2014:08:19:54 -0500] "GET /galeria/carrusel/Carrusel/jquery-ui-1.8.13.custom.min.js HTTP/1.1" 200 10800
190.248.8.195 - - [29/Oct/2014:08:19:54 -0500] "GET /galeria/carrusel/Carrusel/jquery.thumbnailScroller.js HTTP/1.1" 200 8157
66.249.64.167 - - [29/Oct/2014:08:19:54 -0500] "GET /BLA/resoluciones/RESOLUCIONES%202009/2388.pdf HTTP/1.1" 200 446924
190.248.8.195 - - [29/Oct/2014:08:19:55 -0500] "GET /galeria/nivo-slider/demo/demo.html HTTP/1.1" 200 3316
201.245.192.253 - - [29/Oct/2014:08:19:55 -0500] "GET /forest/skins/gdocs-jar/popup/popup.jsp?width=900&height=600&title=Informaci%F3n%20de%20proceso&uri=/forest/system/process.jsp%3FnumPro%3D2611347&name=undefined&_a=0.22079747025559138&a=0.8087005107751559 HTTP/1.1" 200 1312
188.165.25.173 - - [29/Oct/2014:08:19:55 -0500] "GET /re1/Que%20es/Plan%20comunicaciones/publicos/imagen%20publicos/?C=M;O=A HTTP/1.0" 404 1015
201.245.192.253 - - [29/Oct/2014:08:19:55 -0500] "GET /forest/system/process.jsp?numPro=2611347 HTTP/1.1" 200 44963
190.248.8.195 - - [29/Oct/2014:08:19:56 -0500] "GET /galeria/nivo-slider/themes/default/default.css HTTP/1.1" 200 1569
190.248.8.195 - - [29/Oct/2014:08:19:56 -0500] "GET /galeria/nivo-slider/themes/orman/orman.css HTTP/1.1" 200 2152
190.248.8.195 - - [29/Oct/2014:08:19:56 -0500] "GET /galeria/nivo-slider/themes/pascal/pascal.css HTTP/1.1" 200 2258
190.248.8.195 - - [29/Oct/2014:08:19:56 -0500] "GET /galeria/nivo-slider/nivo-slider.css HTTP/1.1" 200 1507
190.248.8.195 - - [29/Oct/2014:08:19:56 -0500] "GET /galeria/nivo-slider/jquery.nivo.slider.pack.js HTTP/1.1" 200 11561
190.248.8.195 - - [29/Oct/2014:08:19:56 -0500] "GET /galeria/nivo-slider/demo/scripts/jquery-1.7.1.min.js HTTP/1.1" 200 93868
190.248.8.195 - - [29/Oct/2014:08:19:56 -0500] "GET /galeria/nivo-slider/demo/style.css HTTP/1.1" 200 2222
190.248.8.195 - - [29/Oct/2014:08:19:56 -0500] "GET /galeria/nivo-slider/demo/images/porloshumedales.jpg HTTP/1.1" 200 351238
190.248.8.195 - - [29/Oct/2014:08:19:56 -0500] "GET /galeria/nivo-slider/demo/images/banner-aceite3.jpg HTTP/1.1" 200 88347
190.248.8.195 - - [29/Oct/2014:08:19:56 -0500] "GET /galeria/nivo-slider/demo/images/mesTIC.jpg HTTP/1.1" 200 180719
190.248.8.195 - - [29/Oct/2014:08:19:56 -0500] "GET /galeria/nivo-slider/demo/images/Tingua-azul.jpg HTTP/1.1" 200 307638
190.248.8.195 - - [29/Oct/2014:08:19:57 -0500] "GET /galeria/nivo-slider/demo/images/4Simple_Slider.png HTTP/1.1" 200 11722
190.248.8.195 - - [29/Oct/2014:08:19:57 -0500] "GET /galeria/nivo-slider/themes/default/loading.gif HTTP/1.1" 200 1737
190.248.8.195 - - [29/Oct/2014:08:19:57 -0500] "GET /galeria/nivo-slider/demo/images/Banner-Caracol-Africano.jpg HTTP/1.1" 200 331986
186.84.9.21 - - [29/Oct/2014:08:19:57 -0500] "GET /isolucionsda/g/Bot_RiesgosOver_ESP.jpg HTTP/1.1" 200 4907
190.248.8.195 - - [29/Oct/2014:08:19:58 -0500] "GET /galeria/nivo-slider/demo/images/banner-redes.jpg HTTP/1.1" 200 62209
190.248.8.195 - - [29/Oct/2014:08:19:58 -0500] "GET /galeria/nivo-slider/demo/images/9Signos.jpg HTTP/1.1" 200 93040
66.249.64.167 - - [29/Oct/2014:08:19:58 -0500] "GET /BLA/resoluciones/AUTOS%202011/1651.pdf HTTP/1.1" 200 140229
190.248.8.195 - - [29/Oct/2014:08:19:58 -0500] "GET /galeria/nivo-slider/demo/images/banner-llantas2.jpg HTTP/1.1" 200 73153
190.248.8.195 - - [29/Oct/2014:08:19:58 -0500] "GET /galeria/nivo-slider/demo/images/Hacienda_Molinos.jpg HTTP/1.1" 200 319171
190.248.8.195 - - [29/Oct/2014:08:19:58 -0500] "GET /galeria/nivo-slider/demo/images/banner-caballos.png HTTP/1.1" 200 389106
186.84.9.21 - - [29/Oct/2014:08:19:59 -0500] "GET /isolucionsda/FrameSetGeneral.asp?Pagina=Menu.asp&IdModulo=4 HTTP/1.1" 200 6583
201.245.192.253 - - [29/Oct/2014:08:20:00 -0500] "GET /forest/skins/gdocs-jar/popup/popup.jsp?width=900&height=600&title=Informaci%F3n%20de%20proceso&uri=/forest/system/process.jsp%3FnumPro%3D2603745&name=undefined&_a=0.10384662494107633&a=0.7775409876203504 HTTP/1.1" 200 1312
186.84.9.21 - - [29/Oct/2014:08:20:00 -0500] "GET /isolucionsda/Encabezado.asp?Pagina=Menu.asp&IdModulo=4 HTTP/1.1" 200 15439
186.84.9.21 - - [29/Oct/2014:08:20:00 -0500] "GET /isolucionsda/Menu.asp?Pagina=Menu.asp&IdModulo=4 HTTP/1.1" 200 9682
186.84.9.21 - - [29/Oct/2014:08:20:00 -0500] "GET /isolucionsda/BarraTitulos.asp?Pagina=Menu.asp&IdModulo=4 HTTP/1.1" 200 6985
186.84.9.21 - - [29/Oct/2014:08:20:00 -0500] "GET /isolucionsda/BarraFavoritos.asp HTTP/1.1" 200 911
186.84.9.21 - - [29/Oct/2014:08:20:00 -0500] "GET /isolucionsda/Session.asp?Continue=1 HTTP/1.1" 200 6324
190.248.8.195 - - [29/Oct/2014:08:20:00 -0500] "GET /galeria/nivo-slider/demo/images/bannerEcolecta3.jpg HTTP/1.1" 200 280034
201.245.192.253 - - [29/Oct/2014:08:20:00 -0500] "GET /forest/system/process.jsp?numPro=2603745 HTTP/1.1" 200 83843
186.84.9.21 - - [29/Oct/2014:08:20:02 -0500] "GET /isolucionsda/FrameSetGeneral.asp?Pagina=ListadoMaestroDocumentos3.asp HTTP/1.1" 200 6634
66.249.64.167 - - [29/Oct/2014:08:20:02 -0500] "GET /BLA/resoluciones/AUTOS%202011/5046.pdf HTTP/1.1" 200 631997
190.157.153.111 - - [29/Oct/2014:08:20:02 -0500] "POST /forest/buscar.do? HTTP/1.1" 200 5173
186.84.9.21 - - [29/Oct/2014:08:20:03 -0500] "GET /isolucionsda/ListadoMaestroDocumentos3.asp?Pagina=ListadoMaestroDocumentos3.asp HTTP/1.1" 200 -
186.84.9.21 - - [29/Oct/2014:08:20:03 -0500] "GET /isolucionsda/BarraTitulos.asp?Pagina=ListadoMaestroDocumentos3.asp HTTP/1.1" 200 6985
186.84.9.21 - - [29/Oct/2014:08:20:03 -0500] "GET /isolucionsda/Encabezado.asp?Pagina=ListadoMaestroDocumentos3.asp HTTP/1.1" 200 15364
186.84.9.21 - - [29/Oct/2014:08:20:03 -0500] "GET /isolucionsda/BarraFavoritos.asp HTTP/1.1" 200 911
186.84.9.21 - - [29/Oct/2014:08:20:03 -0500] "GET /isolucionsda/ListadoMaestroDocumentos3.asp?Pagina=ListadoMaestroDocumentos3.asp HTTP/1.1" 200 11467
186.84.9.21 - - [29/Oct/2014:08:20:03 -0500] "GET /isolucionsda/Session.asp?Continue=1 HTTP/1.1" 200 6324
190.248.8.195 - - [29/Oct/2014:08:20:03 -0500] "GET /galeria/nivo-slider/themes/default/arrows.png HTTP/1.1" 200 824
188.165.25.173 - - [29/Oct/2014:08:20:03 -0500] "GET /re1/Que%20es/Plan%20comunicaciones/publicos/imagen%20publicos/?C=N;O=D HTTP/1.0" 404 1015
190.248.8.195 - - [29/Oct/2014:08:20:03 -0500] "GET /galeria/nivo-slider/themes/default/bullets.png HTTP/1.1" 200 1281
190.248.8.195 - - [29/Oct/2014:08:20:03 -0500] "GET /videos/Spot_Tinguas.flv HTTP/1.1" 200 2087054
66.249.64.163 - - [29/Oct/2014:08:20:06 -0500] "GET /BLA/resoluciones/RESOLUCIONES%202009/2085.pdf HTTP/1.1" 200 701600
201.245.192.253 - - [29/Oct/2014:08:20:08 -0500] "GET /galeria/carrusel/Carrusel/jquery-ui-1.8.13.custom.min.js HTTP/1.1" 304 -
201.245.192.253 - - [29/Oct/2014:08:20:08 -0500] "GET /galeria/carrusel/Carrusel/jquery.thumbnailScroller.js HTTP/1.1" 304 -
190.157.153.111 - - [29/Oct/2014:08:20:09 -0500] "GET /forest/buscar.do?type=procesos HTTP/1.1" 200 97228
190.26.119.3 - - [29/Oct/2014:08:20:09 -0500] "GET /isolucionsda/g/Bot_MeciOver_ESP.jpg HTTP/1.1" 200 4440
181.48.9.60 - - [29/Oct/2014:08:20:09 -0500] "GET /BLA/boletinlegal/js/jquery.js HTTP/1.1" 304 -
181.48.9.60 - - [29/Oct/2014:08:20:09 -0500] "GET /BLA/boletinlegal/js/jquery.scrollTo-min.js HTTP/1.1" 304 -
181.48.9.60 - - [29/Oct/2014:08:20:09 -0500] "GET /BLA/boletinlegal/js/jquery.scrollShow.js HTTP/1.1" 304 -
190.26.119.3 - - [29/Oct/2014:08:20:09 -0500] "GET /isolucionsda/g/Bot_RiesgosOver_ESP.jpg HTTP/1.1" 200 4907
66.249.64.171 - - [29/Oct/2014:08:20:10 -0500] "GET /BLA/resoluciones/RESOLUCIONES%202007/RES%202007%203701%20AL%203800/RESOLUCION%203765%20DE%202007.pdf HTTP/1.1" 200 27951
66.249.64.163 - - [29/Oct/2014:08:20:11 -0500] "GET /BLA/resoluciones/AUTOS%202011/3018.pdf HTTP/1.1" 200 97605
188.165.25.173 - - [29/Oct/2014:08:20:12 -0500] "GET /re1/Que%20es/Plan%20comunicaciones/publicos/imagen%20publicos/?C=S;O=A HTTP/1.0" 404 1015
186.84.9.21 - - [29/Oct/2014:08:20:12 -0500] "POST /isolucionsda/ListadoMaestroDocumentos3.asp HTTP/1.1" 200 11501
66.249.64.167 - - [29/Oct/2014:08:20:15 -0500] "GET /BLA/resoluciones/RESOLUCIONES%202008/5129.pdf HTTP/1.1" 200 439863
201.245.192.253 - - [29/Oct/2014:08:20:16 -0500] "GET /galeria/carrusel/Carrusel/jquery.thumbnailScroller.css HTTP/1.1" 304 -
186.84.9.21 - - [29/Oct/2014:08:20:17 -0500] "POST /isolucionsda/ListadoMaestroDocumentos3.asp HTTP/1.1" 200 19201
186.82.145.253 - - [29/Oct/2014:08:20:18 -0500] "GET /BLA/boletinlegal/js/jquery.scrollTo-min.js HTTP/1.1" 200 1150
186.82.145.253 - - [29/Oct/2014:08:20:18 -0500] "GET /BLA/boletinlegal/js/jquery.scrollShow.js HTTP/1.1" 200 4586
186.82.145.253 - - [29/Oct/2014:08:20:18 -0500] "GET /BLA/boletinlegal/js/jquery.js HTTP/1.1" 200 57254
186.82.145.253 - - [29/Oct/2014:08:20:18 -0500] "GET /galeria/carrusel/Carrusel/jquery.thumbnailScroller.css HTTP/1.1" 200 2066
186.82.145.253 - - [29/Oct/2014:08:20:18 -0500] "GET /galeria/carrusel/Carrusel/jquery-ui-1.8.13.custom.min.js HTTP/1.1" 200 10800
186.82.145.253 - - [29/Oct/2014:08:20:18 -0500] "GET /galeria/carrusel/Carrusel/jquery.thumbnailScroller.js HTTP/1.1" 200 8157
66.249.64.167 - - [29/Oct/2014:08:20:19 -0500] "GET /BLA/resoluciones/AUTOS%202011/1764.pdf HTTP/1.1" 200 175151
186.82.145.253 - - [29/Oct/2014:08:20:20 -0500] "GET /galeria/nivo-slider/demo/demo.html HTTP/1.1" 200 3316
186.82.145.253 - - [29/Oct/2014:08:20:20 -0500] "GET /galeria/nivo-slider/themes/default/default.css HTTP/1.1" 200 1569
186.82.145.253 - - [29/Oct/2014:08:20:20 -0500] "GET /galeria/nivo-slider/themes/orman/orman.css HTTP/1.1" 200 2152
186.82.145.253 - - [29/Oct/2014:08:20:20 -0500] "GET /galeria/nivo-slider/themes/pascal/pascal.css HTTP/1.1" 200 2258
186.82.145.253 - - [29/Oct/2014:08:20:20 -0500] "GET /galeria/nivo-slider/nivo-slider.css HTTP/1.1" 200 1507
186.82.145.253 - - [29/Oct/2014:08:20:20 -0500] "GET /galeria/nivo-slider/demo/style.css HTTP/1.1" 200 2222
186.82.145.253 - - [29/Oct/2014:08:20:20 -0500] "GET /galeria/nivo-slider/demo/scripts/jquery-1.7.1.min.js HTTP/1.1" 200 93868
186.82.145.253 - - [29/Oct/2014:08:20:20 -0500] "GET /galeria/nivo-slider/demo/images/porloshumedales.jpg HTTP/1.1" 200 351238
186.82.145.253 - - [29/Oct/2014:08:20:20 -0500] "GET /galeria/nivo-slider/jquery.nivo.slider.pack.js HTTP/1.1" 200 11561
186.82.145.253 - - [29/Oct/2014:08:20:20 -0500] "GET /galeria/nivo-slider/demo/images/banner-aceite3.jpg HTTP/1.1" 200 88347
181.135.91.80 - - [29/Oct/2014:08:20:20 -0500] "GET /videos/Video_ServidorMesRespons.flv HTTP/1.1" 206 1
181.135.91.80 - - [29/Oct/2014:08:20:21 -0500] "HEAD /videos/Video_ServidorMesRespons.flv HTTP/1.1" 200 -
181.135.91.80 - - [29/Oct/2014:08:20:21 -0500] "GET /videos/Video_ServidorMesRespons.flv HTTP/1.1" 206 29284762
186.82.145.253 - - [29/Oct/2014:08:20:21 -0500] "GET /galeria/nivo-slider/demo/images/mesTIC.jpg HTTP/1.1" 200 180719
200.4.31.4 - - [29/Oct/2014:08:20:21 -0500] "GET /BLA/resoluciones/RESOLUCIONES%202007/RES%202007%201001%20AL%201100/RESOLUCION%201092%20DE%202007.pdf HTTP/1.1" 200 207938
186.82.145.253 - - [29/Oct/2014:08:20:21 -0500] "GET /galeria/nivo-slider/demo/images/Tingua-azul.jpg HTTP/1.1" 200 307638
186.82.145.253 - - [29/Oct/2014:08:20:21 -0500] "GET /galeria/nivo-slider/demo/images/Banner-Caracol-Africano.jpg HTTP/1.1" 200 331986
186.82.145.253 - - [29/Oct/2014:08:20:21 -0500] "GET /galeria/nivo-slider/demo/images/banner-redes.jpg HTTP/1.1" 200 62209
186.82.145.253 - - [29/Oct/2014:08:20:22 -0500] "GET /galeria/nivo-slider/demo/images/9Signos.jpg HTTP/1.1" 200 93040
186.82.145.253 - - [29/Oct/2014:08:20:22 -0500] "GET /galeria/nivo-slider/demo/images/banner-llantas2.jpg HTTP/1.1" 200 73153
186.82.145.253 - - [29/Oct/2014:08:20:23 -0500] "GET /galeria/nivo-slider/demo/images/banner-caballos.png HTTP/1.1" 200 389106
186.82.145.253 - - [29/Oct/2014:08:20:23 -0500] "GET /galeria/nivo-slider/demo/images/Hacienda_Molinos.jpg HTTP/1.1" 200 319171
188.165.25.173 - - [29/Oct/2014:08:20:23 -0500] "GET /robots.txt HTTP/1.0" 404 1019
186.82.145.253 - - [29/Oct/2014:08:20:23 -0500] "GET /videos/Spot_Tinguas.flv HTTP/1.1" 200 2087054
66.249.64.171 - - [29/Oct/2014:08:20:23 -0500] "GET /BLA/resoluciones/AUTOS%202011/0021.pdf HTTP/1.1" 200 187617
186.82.145.253 - - [29/Oct/2014:08:20:23 -0500] "GET /galeria/nivo-slider/demo/images/bannerEcolecta3.jpg HTTP/1.1" 200 280034
200.31.213.10 - - [29/Oct/2014:08:20:24 -0500] "GET /BLA/resoluciones/RESOLUCIONES%202009/8391.pdf HTTP/1.1" 200 445356
186.82.145.253 - - [29/Oct/2014:08:20:24 -0500] "GET /galeria/nivo-slider/demo/images/4Simple_Slider.png HTTP/1.1" 200 11722
186.82.145.253 - - [29/Oct/2014:08:20:24 -0500] "GET /galeria/nivo-slider/themes/default/loading.gif HTTP/1.1" 200 1737
190.157.153.111 - - [29/Oct/2014:08:20:25 -0500] "POST /forest/buscar.do? HTTP/1.1" 200 5163
186.84.9.21 - - [29/Oct/2014:08:20:26 -0500] "POST /isolucionsda/ListadoMaestroDocumentos3.asp?Accion=Consultar&Mande=Buscar&paginaactual=2 HTTP/1.1" 200 19134
186.82.145.253 - - [29/Oct/2014:08:20:26 -0500] "GET /galeria/nivo-slider/themes/default/arrows.png HTTP/1.1" 200 824
186.82.145.253 - - [29/Oct/2014:08:20:26 -0500] "GET /galeria/nivo-slider/themes/default/bullets.png HTTP/1.1" 200 1281
66.249.64.171 - - [29/Oct/2014:08:20:27 -0500] "GET /BLA/resoluciones/AUTOS%202011/0026.pdf HTTP/1.1" 200 134077
188.165.25.173 - - [29/Oct/2014:08:20:30 -0500] "GET /Autoliquidacion/index.php?dir=&sort=date&order=asc HTTP/1.0" 200 6375
66.249.64.163 - - [29/Oct/2014:08:20:32 -0500] "GET /BLA/resoluciones/AUTOS%202011/0848.pdf HTTP/1.1" 200 171685
186.84.9.21 - - [29/Oct/2014:08:20:32 -0500] "POST /isolucionsda/ListadoMaestroDocumentos3.asp?Accion=Consultar&Mande=Buscar&paginaactual=3 HTTP/1.1" 200 19786
201.245.192.253 - - [29/Oct/2014:08:20:35 -0500] "GET /plugins/like.php?href=http%3A%2F%2Fwww.facebook.com%2Frcnmundo&layout=button_count&show_faces=true&width=126&action=like&colorscheme=light&height=21 HTTP/1.1" 404 1262
190.0.56.38 - - [29/Oct/2014:08:20:35 -0500] "GET /galeria/nivo-slider/demo/demo.html HTTP/1.1" 200 3316
190.157.153.111 - - [29/Oct/2014:08:20:35 -0500] "GET /forest/buscar.do?type=procesos HTTP/1.1" 200 97228
66.249.64.171 - - [29/Oct/2014:08:20:36 -0500] "GET /BLA/resoluciones/AUTOS%202011/0153.pdf HTTP/1.1" 200 178087
190.0.56.38 - - [29/Oct/2014:08:20:36 -0500] "GET /galeria/nivo-slider/demo/images/porloshumedales.jpg HTTP/1.1" 200 351238
181.135.91.80 - - [29/Oct/2014:08:20:36 -0500] "GET /galeria/nivo-slider/demo/images/Tingua-azul.jpg HTTP/1.1" 206 1
181.135.91.80 - - [29/Oct/2014:08:20:36 -0500] "GET /galeria/nivo-slider/demo/images/Banner-Caracol-Africano.jpg HTTP/1.1" 206 1
190.0.56.38 - - [29/Oct/2014:08:20:36 -0500] "GET /galeria/nivo-slider/demo/images/banner-aceite3.jpg HTTP/1.1" 304 -
190.0.56.38 - - [29/Oct/2014:08:20:36 -0500] "GET /galeria/nivo-slider/demo/images/mesTIC.jpg HTTP/1.1" 304 -
181.135.91.80 - - [29/Oct/2014:08:20:36 -0500] "GET /galeria/nivo-slider/demo/images/9Signos.jpg HTTP/1.1" 206 1
181.135.91.80 - - [29/Oct/2014:08:20:36 -0500] "GET /galeria/nivo-slider/demo/images/Tingua-azul.jpg HTTP/1.1" 206 217392
181.135.91.80 - - [29/Oct/2014:08:20:36 -0500] "GET /galeria/nivo-slider/demo/images/Banner-Caracol-Africano.jpg HTTP/1.1" 206 180420
181.135.91.80 - - [29/Oct/2014:08:20:36 -0500] "GET /galeria/nivo-slider/demo/images/9Signos.jpg HTTP/1.1" 206 67033
190.0.56.38 - - [29/Oct/2014:08:20:36 -0500] "GET /galeria/nivo-slider/demo/images/banner-redes.jpg HTTP/1.1" 304 -
201.245.192.253 - - [29/Oct/2014:08:20:37 -0500] "GET /plugins/like.php?app_id=132618810126056&channel=http%3A%2F%2Fstatic.ak.facebook.com%2Fconnect%2Fxd_arbiter%2FehazDpFPEnK.js%3Fversion%3D41%23cb%3Df31f5a2fd59cf6c%26domain%3Dwww.rcnmundo.com%26origin%3Dhttp%253A%252F%252Fwww.rcnmundo.com%252Ff857dbfdde95c2%26relation%3Dparent.parent&href=http%3A%2F%2Fwww.facebook.com%2Frcnmundo&locale=es_LA&sdk=joey&send=false&show_faces=false&width=80 HTTP/1.1" 404 1272
201.245.192.253 - - [29/Oct/2014:08:20:39 -0500] "GET /v/9YX1UAW2H4k?adformat=2_9&version=3&showinfo=0&rel=0&controls=1&iv_load_policy=1 HTTP/1.1" 404 1367
66.249.64.167 - - [29/Oct/2014:08:20:40 -0500] "GET /BLA/resoluciones/AUTOS%202011/3374.pdf HTTP/1.1" 200 141391
188.165.25.173 - - [29/Oct/2014:08:20:42 -0500] "GET /Autoliquidacion/index.php?dir=&sort=name&order=desc HTTP/1.0" 200 6374
201.245.192.253 - - [29/Oct/2014:08:20:43 -0500] "GET /plugins/like.php?app_id=132618810126056&channel=http%3A%2F%2Fstatic.ak.facebook.com%2Fconnect%2Fxd_arbiter%2FehazDpFPEnK.js%3Fversion%3D41%23cb%3Df347b5c4aef7b94%26domain%3Dwww.rcnmundo.com%26origin%3Dhttp%253A%252F%252Fwww.rcnmundo.com%252Ff3561bc606726bc%26relation%3Dparent.parent&href=http%3A%2F%2Fwww.facebook.com%2FRUMBAST105.4&locale=es_LA&sdk=joey&send=false&show_faces=false&width=80 HTTP/1.1" 404 1290
201.245.192.253 - - [29/Oct/2014:08:20:05 -0500] "GET /forest/documentos/1676898/2013EE088149.doc HTTP/1.1" 200 15951872
66.249.64.171 - - [29/Oct/2014:08:20:44 -0500] "GET /BLA/resoluciones/AUTOS%202011/4866.pdf HTTP/1.1" 200 614461
190.157.153.111 - - [29/Oct/2014:08:20:45 -0500] "POST /forest/buscar.do? HTTP/1.1" 200 5174
186.84.9.21 - - [29/Oct/2014:08:20:48 -0500] "POST /isolucionsda/ListadoMaestroDocumentos3.asp HTTP/1.1" 200 11501
66.249.64.171 - - [29/Oct/2014:08:20:48 -0500] "GET /BLA/resoluciones/AUTOS%202011/2876.pdf HTTP/1.1" 200 151097
188.165.25.173 - - [29/Oct/2014:08:20:49 -0500] "GET /Autoliquidacion/index.php?dir=&sort=size&order=asc HTTP/1.0" 200 6375
186.84.9.21 - - [29/Oct/2014:08:20:51 -0500] "GET /isolucionsda/Jerarquia.asp?Tabla=Proceso&Form=Admon&CampoDisplay=ProcesoDisplayObjetoProceso&CampoHidden=Proceso&bSubmit=True&items= HTTP/1.1" 200 10587
66.249.64.163 - - [29/Oct/2014:08:20:53 -0500] "GET /BLA/resoluciones/AUTOS%202011/6788.pdf HTTP/1.1" 200 125952
186.84.9.21 - - [29/Oct/2014:08:20:55 -0500] "POST /isolucionsda/Jerarquia.asp HTTP/1.1" 200 8110
186.84.9.21 - - [29/Oct/2014:08:20:56 -0500] "POST /isolucionsda/ListadoMaestroDocumentos3.asp HTTP/1.1" 200 11586
66.249.64.163 - - [29/Oct/2014:08:20:57 -0500] "GET /BLA/resoluciones/AUTOS%202008/0713.pdf HTTP/1.1" 200 69292
188.165.25.173 - - [29/Oct/2014:08:20:58 -0500] "GET /Manuales_Forest/?C=S;O=A HTTP/1.0" 404 1019
74.86.158.107 - - [29/Oct/2014:08:20:58 -0500] "HEAD / HTTP/1.1" 302 -
66.249.64.167 - - [29/Oct/2014:08:21:01 -0500] "GET /BLA/resoluciones/AUTOS%202011/0853.pdf HTTP/1.1" 200 173225
186.154.251.36 - - [29/Oct/2014:08:21:01 -0500] "GET /galeria/nivo-slider/demo/demo.html HTTP/1.1" 200 3316
186.154.251.36 - - [29/Oct/2014:08:21:01 -0500] "GET /galeria/nivo-slider/demo/images/porloshumedales.jpg HTTP/1.1" 200 351238
186.154.251.36 - - [29/Oct/2014:08:21:02 -0500] "GET /videos/Spot_Tinguas.flv HTTP/1.1" 200 2087054
201.245.192.253 - - [29/Oct/2014:08:21:02 -0500] "GET /v/XYyEQ5AhxrI?adformat=2_9&version=3&showinfo=0&rel=0&controls=1&iv_load_policy=1 HTTP/1.1" 404 2941
201.245.192.253 - - [29/Oct/2014:08:21:02 -0500] "GET /v/ZsPvArC6dyA?adformat=2_9&version=3&showinfo=0&rel=0&controls=1&iv_load_policy=1 HTTP/1.1" 404 2955
201.245.192.253 - - [29/Oct/2014:08:21:02 -0500] "GET /v/QqKwrYPliR4?adformat=2_9&version=3&showinfo=0&rel=0&controls=1&iv_load_policy=1 HTTP/1.1" 404 2985
190.157.153.111 - - [29/Oct/2014:08:21:02 -0500] "GET /forest/buscar.do?type=procesos HTTP/1.1" 200 97228
188.165.25.173 - - [29/Oct/2014:08:21:04 -0500] "GET /NotiCI/?C=D;O=A HTTP/1.0" 404 1019
66.249.64.171 - - [29/Oct/2014:08:21:05 -0500] "GET /BLA/resoluciones/AUTOS%202011/2020.pdf HTTP/1.1" 200 202636
186.84.9.21 - - [29/Oct/2014:08:21:06 -0500] "POST /isolucionsda/ListadoMaestroDocumentos3.asp HTTP/1.1" 200 11602
66.249.64.167 - - [29/Oct/2014:08:21:10 -0500] "GET /BLA/resoluciones/AUTOS%202011/1871.pdf HTTP/1.1" 200 165697
188.165.25.173 - - [29/Oct/2014:08:21:11 -0500] "GET /NotiCI/?C=M;O=A HTTP/1.0" 404 1019
201.245.192.253 - - [29/Oct/2014:08:21:12 -0500] "GET /v/QqKwrYPliR4?adformat=2_9&version=3&showinfo=0&rel=0&controls=1&iv_load_policy=1 HTTP/1.1" 404 3051
201.245.192.253 - - [29/Oct/2014:08:21:13 -0500] "GET /v/XYyEQ5AhxrI?adformat=2_9&version=3&showinfo=0&rel=0&controls=1&iv_load_policy=1 HTTP/1.1" 404 3105
201.245.192.253 - - [29/Oct/2014:08:21:13 -0500] "GET /v/EeOes4LIgtc?adformat=2_9&version=3&showinfo=0&rel=0&controls=1&iv_load_policy=1 HTTP/1.1" 404 3135
186.84.9.21 - - [29/Oct/2014:08:21:13 -0500] "GET /isolucionsda/FrameSetGeneral.asp?Pagina=Menu.asp&IdModulo=4 HTTP/1.1" 200 6583
186.84.9.21 - - [29/Oct/2014:08:21:13 -0500] "GET /isolucionsda/Encabezado.asp?Pagina=Menu.asp&IdModulo=4 HTTP/1.1" 200 15439
186.84.9.21 - - [29/Oct/2014:08:21:13 -0500] "GET /isolucionsda/Menu.asp?Pagina=Menu.asp&IdModulo=4 HTTP/1.1" 200 9682
186.84.9.21 - - [29/Oct/2014:08:21:13 -0500] "GET /isolucionsda/BarraFavoritos.asp HTTP/1.1" 200 911
186.84.9.21 - - [29/Oct/2014:08:21:13 -0500] "GET /isolucionsda/BarraTitulos.asp?Pagina=Menu.asp&IdModulo=4 HTTP/1.1" 200 6985
186.84.9.21 - - [29/Oct/2014:08:21:13 -0500] "GET /isolucionsda/Session.asp?Continue=1 HTTP/1.1" 200 6324
66.249.64.171 - - [29/Oct/2014:08:21:14 -0500] "GET /BLA/resoluciones/AUTOS%202011/1886.pdf HTTP/1.1" 200 145955
190.157.153.111 - - [29/Oct/2014:08:21:16 -0500] "POST /forest/buscar.do? HTTP/1.1" 200 5173
201.245.192.253 - - [29/Oct/2014:08:21:17 -0500] "GET /embed/VoFuceSRY_s HTTP/1.1" 404 1573
201.245.192.253 - - [29/Oct/2014:08:21:17 -0500] "GET /embed/3TKIVEaX6M8 HTTP/1.1" 404 1573
201.245.192.253 - - [29/Oct/2014:08:21:18 -0500] "GET /embed/VoFuceSRY_s HTTP/1.1" 404 1573
201.245.192.253 - - [29/Oct/2014:08:21:18 -0500] "GET /embed/3TKIVEaX6M8 HTTP/1.1" 404 1573
190.157.153.111 - - [29/Oct/2014:08:21:18 -0500] "GET /forest/session.jsp?a=0.0879617498682877 HTTP/1.1" 200 4
66.249.64.167 - - [29/Oct/2014:08:21:18 -0500] "GET /BLA/resoluciones/RESOLUCIONES%202011/0977.pdf HTTP/1.1" 200 81927
186.84.9.21 - - [29/Oct/2014:08:21:19 -0500] "GET /isolucionsda/FrameSetGeneral.asp?Pagina=BancoConocimiento.asp HTTP/1.1" 200 6602
186.84.9.21 - - [29/Oct/2014:08:21:19 -0500] "GET /isolucionsda/Encabezado.asp?Pagina=BancoConocimiento.asp HTTP/1.1" 200 15364
186.84.9.21 - - [29/Oct/2014:08:21:19 -0500] "GET /isolucionsda/BarraTitulos.asp?Pagina=BancoConocimiento.asp HTTP/1.1" 200 6985
186.84.9.21 - - [29/Oct/2014:08:21:19 -0500] "GET /isolucionsda/BancoConocimiento.asp?Pagina=BancoConocimiento.asp HTTP/1.1" 200 9374
186.84.9.21 - - [29/Oct/2014:08:21:19 -0500] "GET /isolucionsda/BarraFavoritos.asp HTTP/1.1" 200 911
186.84.9.21 - - [29/Oct/2014:08:21:19 -0500] "GET /isolucionsda/Session.asp?Continue=1 HTTP/1.1" 200 6324
186.84.9.21 - - [29/Oct/2014:08:21:19 -0500] "GET /isolucionsda/g/vacio1x1.gif HTTP/1.1" 404 5195
186.84.9.21 - - [29/Oct/2014:08:21:19 -0500] "GET /isolucionsda/g/Bullet.gif HTTP/1.1" 200 79
186.84.9.21 - - [29/Oct/2014:08:21:22 -0500] "GET /isolucionsda/FrameSetGeneral.asp?Pagina=Menu.asp&IdModulo=4 HTTP/1.1" 200 6583
186.84.9.21 - - [29/Oct/2014:08:21:22 -0500] "GET /isolucionsda/BarraTitulos.asp?Pagina=Menu.asp&IdModulo=4 HTTP/1.1" 200 6985
186.84.9.21 - - [29/Oct/2014:08:21:22 -0500] "GET /isolucionsda/Encabezado.asp?Pagina=Menu.asp&IdModulo=4 HTTP/1.1" 200 15439
186.84.9.21 - - [29/Oct/2014:08:21:22 -0500] "GET /isolucionsda/BarraFavoritos.asp HTTP/1.1" 200 911
186.84.9.21 - - [29/Oct/2014:08:21:22 -0500] "GET /isolucionsda/Menu.asp?Pagina=Menu.asp&IdModulo=4 HTTP/1.1" 200 9682
186.84.9.21 - - [29/Oct/2014:08:21:22 -0500] "GET /isolucionsda/Session.asp?Continue=1 HTTP/1.1" 200 6324
66.249.64.171 - - [29/Oct/2014:08:21:22 -0500] "GET /BLA/resoluciones/AUTOS%202011/2051.pdf HTTP/1.1" 200 148741
212.142.224.98 - - [29/Oct/2014:08:21:22 -0500] "GET /BLA/boletinlegal/js/jquery.scrollTo-min.js HTTP/1.1" 200 1150
212.142.224.98 - - [29/Oct/2014:08:21:22 -0500] "GET /BLA/boletinlegal/js/jquery.js HTTP/1.1" 200 57254
212.142.224.98 - - [29/Oct/2014:08:21:22 -0500] "GET /BLA/boletinlegal/js/jquery.scrollShow.js HTTP/1.1" 200 4586
188.165.25.173 - - [29/Oct/2014:08:21:23 -0500] "GET /NotiCI/?C=S;O=A HTTP/1.0" 404 1019
190.182.62.31 - - [29/Oct/2014:08:21:25 -0500] "GET /BLA/resoluciones/RESOLUCIONES%202011/5251.pdf HTTP/1.1" 200 358658
186.84.9.21 - - [29/Oct/2014:08:21:25 -0500] "GET /isolucionsda/FrameSetGeneral.asp?Pagina=ListadoMaestroDocumentos3.asp HTTP/1.1" 200 6634
186.84.9.21 - - [29/Oct/2014:08:21:25 -0500] "GET /isolucionsda/Encabezado.asp?Pagina=ListadoMaestroDocumentos3.asp HTTP/1.1" 200 15364
186.84.9.21 - - [29/Oct/2014:08:21:25 -0500] "GET /isolucionsda/BarraTitulos.asp?Pagina=ListadoMaestroDocumentos3.asp HTTP/1.1" 200 6985
186.84.9.21 - - [29/Oct/2014:08:21:25 -0500] "GET /isolucionsda/BarraFavoritos.asp HTTP/1.1" 200 911
186.84.9.21 - - [29/Oct/2014:08:21:25 -0500] "GET /isolucionsda/ListadoMaestroDocumentos3.asp?Pagina=ListadoMaestroDocumentos3.asp HTTP/1.1" 200 11467
190.182.62.31 - - [29/Oct/2014:08:21:25 -0500] "GET /BLA/resoluciones/RESOLUCIONES%202011/5251.pdf HTTP/1.1" 206 32768
186.84.9.21 - - [29/Oct/2014:08:21:25 -0500] "GET /isolucionsda/Session.asp?Continue=1 HTTP/1.1" 200 6324
190.182.62.31 - - [29/Oct/2014:08:21:25 -0500] "GET /BLA/resoluciones/RESOLUCIONES%202011/5251.pdf HTTP/1.1" 206 325890
190.182.62.31 - - [29/Oct/2014:08:21:26 -0500] "GET /favicon.ico HTTP/1.1" 200 7782
66.249.64.163 - - [29/Oct/2014:08:21:26 -0500] "GET /BLA/resoluciones/AUTOS%202011/5812.pdf HTTP/1.1" 200 148661
201.234.176.170 - - [29/Oct/2014:08:21:29 -0500] "GET /galeria/nivo-slider/demo/demo.html HTTP/1.1" 200 3316
66.249.64.163 - - [29/Oct/2014:08:21:30 -0500] "GET /BLA/resoluciones/AUTOS%202011/2200.pdf HTTP/1.1" 200 155378
201.245.192.253 - - [29/Oct/2014:08:21:32 -0500] "GET /tr?ev=6019536883455&cd[value]=0.00&cd[currency]=EUR&noscript=1 HTTP/1.1" 404 1308
201.245.192.253 - - [29/Oct/2014:08:21:33 -0500] "GET /fr/u.php?p=474445595912814&m=69bbd2b1-a288-4ee9-bff1-8faa8683d1c8&t=2592000 HTTP/1.1" 404 1122
188.165.25.173 - - [29/Oct/2014:08:21:34 -0500] "GET /PDC/?C=D;O=A HTTP/1.0" 404 1019
66.249.64.163 - - [29/Oct/2014:08:21:35 -0500] "GET /Residuos/curtiembres/files/search/search97.xml HTTP/1.1" 404 1018
181.135.91.80 - - [29/Oct/2014:08:21:36 -0500] "GET /galeria/nivo-slider/demo/images/porloshumedales.jpg HTTP/1.1" 206 1
181.135.91.80 - - [29/Oct/2014:08:21:36 -0500] "GET /galeria/nivo-slider/demo/images/mesTIC.jpg HTTP/1.1" 206 1
181.135.91.80 - - [29/Oct/2014:08:21:36 -0500] "GET /galeria/nivo-slider/demo/images/Tingua-azul.jpg HTTP/1.1" 206 1
181.135.91.80 - - [29/Oct/2014:08:21:36 -0500] "GET /galeria/nivo-slider/demo/images/porloshumedales.jpg HTTP/1.1" 206 291652
181.135.91.80 - - [29/Oct/2014:08:21:36 -0500] "GET /galeria/nivo-slider/demo/images/Tingua-azul.jpg HTTP/1.1" 206 227612
181.135.91.80 - - [29/Oct/2014:08:21:36 -0500] "GET /galeria/nivo-slider/demo/images/mesTIC.jpg HTTP/1.1" 206 150333
181.135.91.80 - - [29/Oct/2014:08:21:37 -0500] "GET /videos/Spot_Tinguas.flv HTTP/1.1" 206 1
181.135.91.80 - - [29/Oct/2014:08:21:37 -0500] "GET /videos/Spot_Tinguas.flv HTTP/1.1" 206 387891
66.249.64.171 - - [29/Oct/2014:08:21:39 -0500] "GET /BLA/resoluciones/AUTOS%202011/0795.pdf HTTP/1.1" 200 160299
188.165.25.173 - - [29/Oct/2014:08:21:40 -0500] "GET /PDC/?C=M;O=A HTTP/1.0" 404 1019
200.116.126.18 - - [29/Oct/2014:08:21:40 -0500] "GET /BLA/boletinlegal/jurisprudencia/analisis/Analisis%20jurisprudencial%20Sentencia%20C-366-11.doc HTTP/1.1" 200 59392
66.249.64.163 - - [29/Oct/2014:08:21:43 -0500] "GET /BLA/resoluciones/AUTOS%202011/3083.pdf HTTP/1.1" 200 238262
190.24.71.19 - - [29/Oct/2014:08:21:44 -0500] "GET /dama/libreria/php/decide.php?patron=03.1305020113&numm=21 HTTP/1.1" 404 1359
190.24.71.19 - - [29/Oct/2014:08:21:44 -0500] "GET /favicon.ico HTTP/1.1" 200 7782
66.249.64.171 - - [29/Oct/2014:08:21:48 -0500] "GET /BLA/resoluciones/AUTOS%202011/1751.pdf HTTP/1.1" 200 147605
188.165.25.173 - - [29/Oct/2014:08:21:48 -0500] "GET /PDC/?C=N;O=D HTTP/1.0" 404 1019
201.245.192.253 - - [29/Oct/2014:08:21:49 -0500] "GET /forest/session.jsp?a=0.5043571736242206 HTTP/1.1" 200 4
66.249.64.167 - - [29/Oct/2014:08:21:52 -0500] "GET /BLA/resoluciones/AUTOS%202011/6607.pdf HTTP/1.1" 200 201108
66.249.64.167 - - [29/Oct/2014:08:21:56 -0500] "GET /BLA/resoluciones/AUTOS%202011/3033.pdf HTTP/1.1" 200 125186
201.245.192.253 - - [29/Oct/2014:08:22:00 -0500] "GET /embed/videoseries?list=PLsgoH3BX-BpR2LhhRmJo8xmeITk-6vlom HTTP/1.1" 404 1149
66.249.64.171 - - [29/Oct/2014:08:22:00 -0500] "GET /BLA/resoluciones/AUTOS%202011/4200.pdf HTTP/1.1" 200 234129
188.165.25.173 - - [29/Oct/2014:08:22:00 -0500] "GET /PDC/?C=S;O=A HTTP/1.0" 404 1019
191.76.209.4 - - [29/Oct/2014:08:22:01 -0500] "GET /BLA/boletinlegal/js/jquery.js HTTP/1.1" 200 57254
191.76.209.4 - - [29/Oct/2014:08:22:01 -0500] "GET /BLA/boletinlegal/js/jquery.scrollTo-min.js HTTP/1.1" 200 1150
191.76.209.4 - - [29/Oct/2014:08:22:01 -0500] "GET /BLA/boletinlegal/js/jquery.scrollShow.js HTTP/1.1" 200 4586
191.76.209.4 - - [29/Oct/2014:08:22:03 -0500] "GET /galeria/nivo-slider/themes/default/bullets.png HTTP/1.1" 200 1281
66.249.64.163 - - [29/Oct/2014:08:22:04 -0500] "GET /BLA/resoluciones/AUTOS%202011/6789.pdf HTTP/1.1" 200 128510
188.165.25.173 - - [29/Oct/2014:08:22:05 -0500] "GET /PORTAL_SIAC/?C=N;O=D HTTP/1.0" 200 1219
66.249.64.167 - - [29/Oct/2014:08:22:08 -0500] "GET /BLA/resoluciones/RESOLUCIONES%202010/2165.pdf HTTP/1.1" 200 503749
201.245.192.253 - - [29/Oct/2014:08:22:09 -0500] "GET /tr?ev=6019536883455&cd[value]=0.00&cd[currency]=EUR&noscript=1 HTTP/1.1" 404 1308
201.245.192.253 - - [29/Oct/2014:08:22:10 -0500] "GET /fr/u.php?p=474445595912814&m=69bbd2b1-a288-4ee9-bff1-8faa8683d1c8&t=2592000 HTTP/1.1" 404 1122
66.249.64.171 - - [29/Oct/2014:08:22:13 -0500] "GET /BLA/resoluciones/AUTOS%202011/0497.pdf HTTP/1.1" 200 157680
188.165.25.173 - - [29/Oct/2014:08:22:13 -0500] "GET /Politica%20Distrital%20de%20Biodiversidad/%3C?%3E HTTP/1.0" 404 1019
201.245.192.253 - - [29/Oct/2014:08:22:14 -0500] "GET /v/EeOes4LIgtc?adformat=2_9&version=3&showinfo=0&rel=0&controls=1&iv_load_policy=1 HTTP/1.1" 404 2979
190.0.56.38 - - [29/Oct/2014:08:22:14 -0500] "GET /autoliquidacion HTTP/1.1" 301 310
190.0.56.38 - - [29/Oct/2014:08:22:14 -0500] "GET /autoliquidacion/ HTTP/1.1" 200 6375
201.245.192.253 - - [29/Oct/2014:08:22:14 -0500] "GET /v/XYyEQ5AhxrI?adformat=2_9&version=3&showinfo=0&rel=0&controls=1&iv_load_policy=1 HTTP/1.1" 404 2949
190.0.56.38 - - [29/Oct/2014:08:22:14 -0500] "GET /autoliquidacion/dlf/styles.css HTTP/1.1" 200 3045
190.0.56.38 - - [29/Oct/2014:08:22:14 -0500] "GET /autoliquidacion/dlf/folder.png HTTP/1.1" 200 410
190.0.56.38 - - [29/Oct/2014:08:22:15 -0500] "GET /autoliquidacion/dlf/bg.gif HTTP/1.1" 200 54
66.249.64.167 - - [29/Oct/2014:08:22:17 -0500] "GET /BLA/resoluciones/RESOLUCIONES%202010/2678.pdf HTTP/1.1" 200 401808
188.165.25.173 - - [29/Oct/2014:08:22:21 -0500] "GET /aspnet_client/?C=D;O=A HTTP/1.0" 404 1019
66.249.64.171 - - [29/Oct/2014:08:22:21 -0500] "GET /BLA/resoluciones/AUTOS%202011/2989.pdf HTTP/1.1" 200 208223
201.245.192.253 - - [29/Oct/2014:08:22:24 -0500] "GET /forest/skins/gdocs-jar/img/borrador-tree.gif HTTP/1.1" 304 -
66.249.64.163 - - [29/Oct/2014:08:22:25 -0500] "GET /BLA/resoluciones/RESOLUCIONES%202009/4795.pdf HTTP/1.1" 200 357830
201.245.192.253 - - [29/Oct/2014:08:22:25 -0500] "GET /tr?ev=6019536883455&cd[value]=0.00&cd[currency]=EUR&noscript=1 HTTP/1.1" 404 1722
201.245.192.253 - - [29/Oct/2014:08:22:26 -0500] "GET /fr/u.php?p=474445595912814&m=69bbd2b1-a288-4ee9-bff1-8faa8683d1c8&t=2592000 HTTP/1.1" 404 1122
37.187.35.119 - - [29/Oct/2014:08:22:28 -0500] "HEAD / HTTP/1.1" 302 -
37.187.35.119 - - [29/Oct/2014:08:22:29 -0500] "GET / HTTP/1.1" 302 -
66.249.64.167 - - [29/Oct/2014:08:22:29 -0500] "GET /BLA/resoluciones/AUTOS%202011/7686.pdf HTTP/1.1" 200 138569
188.165.25.173 - - [29/Oct/2014:08:22:31 -0500] "GET /aspnet_client/?C=M;O=A HTTP/1.0" 404 1019
37.187.35.119 - - [29/Oct/2014:08:22:31 -0500] "HEAD /robots.txt HTTP/1.1" 404 -
37.187.35.119 - - [29/Oct/2014:08:22:32 -0500] "HEAD /urllist.txt HTTP/1.1" 404 -
37.187.35.119 - - [29/Oct/2014:08:22:32 -0500] "HEAD /sitemap.xml HTTP/1.1" 404 -
37.187.35.119 - - [29/Oct/2014:08:22:32 -0500] "HEAD /ror.xml HTTP/1.1" 404 -
201.245.192.253 - - [29/Oct/2014:08:22:33 -0500] "GET /v/XYyEQ5AhxrI?adformat=2_9&version=3&showinfo=0&rel=0&controls=1&iv_load_policy=1 HTTP/1.1" 404 2885
66.249.64.163 - - [29/Oct/2014:08:22:34 -0500] "GET /BLA/resoluciones/AUTOS%202011/1322.pdf HTTP/1.1" 200 423124
66.249.64.167 - - [29/Oct/2014:08:22:36 -0500] "GET /BLA/resoluciones/AUTOS%202011/1799.pdf HTTP/1.1" 200 272531
66.249.64.163 - - [29/Oct/2014:08:22:38 -0500] "GET /BLA/resoluciones/RESOLUCIONES%202010/5771.pdf HTTP/1.1" 200 61066
188.165.25.173 - - [29/Oct/2014:08:22:40 -0500] "GET /aspnet_client/?C=N;O=D HTTP/1.0" 404 1019
66.249.64.171 - - [29/Oct/2014:08:22:42 -0500] "GET /BLA/resoluciones/AUTOS%202011/4557.pdf HTTP/1.1" 200 153266
201.245.192.253 - - [29/Oct/2014:08:22:43 -0500] "GET /v/sxcT9hTSGfc?version=3&hl=es_MX&rel=0 HTTP/1.1" 404 1283
66.249.64.171 - - [29/Oct/2014:08:22:46 -0500] "GET /BLA/resoluciones/AUTOS%202011/1640.pdf HTTP/1.1" 200 138630
201.245.192.253 - - [29/Oct/2014:08:22:47 -0500] "GET /forest/ HTTP/1.1" 200 12486
201.245.192.253 - - [29/Oct/2014:08:22:47 -0500] "GET /forest/skins/gdocs-jar/css/menu.css?version=1410.211635 HTTP/1.1" 304 -
201.245.192.253 - - [29/Oct/2014:08:22:47 -0500] "GET /forest/skins/gdocs-jar/css/autocomplete.css?version=1410.211635 HTTP/1.1" 304 -
201.245.192.253 - - [29/Oct/2014:08:22:47 -0500] "GET /forest/css/escritorio.css?version=1410.211635 HTTP/1.1" 304 -
201.245.192.253 - - [29/Oct/2014:08:22:47 -0500] "GET /forest/1ibre/jscalendar/calendar-win2k-1.css?version=1410.211635 HTTP/1.1" 304 -
201.245.192.253 - - [29/Oct/2014:08:22:47 -0500] "GET /forest/skins/gdocs-jar/css/dialog.css?version=1410.211635 HTTP/1.1" 304 -
201.245.192.253 - - [29/Oct/2014:08:22:47 -0500] "GET /forest/skins/gdocs-jar/css/forms.css?version=1410.211635 HTTP/1.1" 304 -
201.245.192.253 - - [29/Oct/2014:08:22:47 -0500] "GET /forest/jsoptimized/gz/js/gdocsall-1410.211635.js HTTP/1.1" 304 -
201.245.192.253 - - [29/Oct/2014:08:22:47 -0500] "GET /forest/js/json3.js HTTP/1.1" 304 -
201.245.192.253 - - [29/Oct/2014:08:22:47 -0500] "GET /forest/img/inicio/1.gif HTTP/1.1" 304 -
201.245.192.253 - - [29/Oct/2014:08:22:47 -0500] "GET /forest/img/inicio/7.gif HTTP/1.1" 304 -
201.245.192.253 - - [29/Oct/2014:08:22:47 -0500] "GET /forest/img/mplogo.gif HTTP/1.1" 304 -
201.245.192.253 - - [29/Oct/2014:08:22:47 -0500] "GET /forest/img/panel/view_icon.gif HTTP/1.1" 304 -
201.245.192.253 - - [29/Oct/2014:08:22:47 -0500] "GET /forest/img/inicio/2.gif HTTP/1.1" 304 -
201.245.192.253 - - [29/Oct/2014:08:22:47 -0500] "GET /forest/img/inicio/3.gif HTTP/1.1" 304 -
201.245.192.253 - - [29/Oct/2014:08:22:47 -0500] "GET /forest/img/inicio/4.gif HTTP/1.1" 304 -
201.245.192.253 - - [29/Oct/2014:08:22:47 -0500] "GET /forest/img/inicio/5.gif HTTP/1.1" 304 -
201.245.192.253 - - [29/Oct/2014:08:22:47 -0500] "GET /forest/img/close.gif HTTP/1.1" 304 -
201.245.192.253 - - [29/Oct/2014:08:22:47 -0500] "GET /forest/img/inicio/6.gif HTTP/1.1" 304 -
201.245.192.253 - - [29/Oct/2014:08:22:47 -0500] "GET /forest/skins/gdocs-jar/img/okey.gif HTTP/1.1" 304 -
201.245.192.253 - - [29/Oct/2014:08:22:47 -0500] "GET /forest/jsoptimized/gz/js/gdocsall-1410.211635.js HTTP/1.1" 304 -
201.245.192.253 - - [29/Oct/2014:08:22:48 -0500] "GET /forest/img/forestIcon.gif?version=1410.211635 HTTP/1.1" 200 573
188.165.25.173 - - [29/Oct/2014:08:22:48 -0500] "GET /aspnet_client/?C=S;O=A HTTP/1.0" 404 1019
66.249.64.163 - - [29/Oct/2014:08:22:50 -0500] "GET /BLA/resoluciones/RESOLUCIONES%202009/7003.pdf HTTP/1.1" 200 731715
201.245.192.253 - - [29/Oct/2014:08:22:51 -0500] "POST /forest/login.do HTTP/1.1" 302 -
201.245.192.253 - - [29/Oct/2014:08:22:51 -0500] "GET /forest/index2.jsp?a=0.2568055943572074 HTTP/1.1" 200 38232
201.245.192.253 - - [29/Oct/2014:08:22:52 -0500] "GET /forest/jsoptimized/gz/js/gdocsall-1410.211635.js HTTP/1.1" 304 -
201.245.192.253 - - [29/Oct/2014:08:22:52 -0500] "GET /forest/img/inicio.jpg HTTP/1.1" 304 -
201.245.192.253 - - [29/Oct/2014:08:22:52 -0500] "GET /forest/img/users/3.gif HTTP/1.1" 304 -
201.245.192.253 - - [29/Oct/2014:08:22:52 -0500] "GET /forest/img/users/5.gif HTTP/1.1" 304 -
201.245.192.253 - - [29/Oct/2014:08:22:52 -0500] "GET /forest/img/users/7.gif HTTP/1.1" 304 -
201.245.192.253 - - [29/Oct/2014:08:22:52 -0500] "GET /forest/img/download_large.gif HTTP/1.1" 304 -
201.245.192.253 - - [29/Oct/2014:08:22:52 -0500] "GET /forest/img/buscar_documentos.gif HTTP/1.1" 304 -
201.245.192.253 - - [29/Oct/2014:08:22:52 -0500] "GET /forest/img/buscar.jpg HTTP/1.1" 304 -
201.245.192.253 - - [29/Oct/2014:08:22:52 -0500] "GET /forest/img/buscar_procesos.gif HTTP/1.1" 304 -
201.245.192.253 - - [29/Oct/2014:08:22:52 -0500] "GET /forest/img/notify.gif HTTP/1.1" 304 -
201.245.192.253 - - [29/Oct/2014:08:22:52 -0500] "GET /forest/img/ayuda.gif HTTP/1.1" 304 -
201.245.192.253 - - [29/Oct/2014:08:22:52 -0500] "GET /forest/img/pantalla.gif HTTP/1.1" 304 -
201.245.192.253 - - [29/Oct/2014:08:22:52 -0500] "GET /forest/img/panel/menu/add.png HTTP/1.1" 304 -
201.245.192.253 - - [29/Oct/2014:08:22:52 -0500] "GET /forest/img/salir3.gif HTTP/1.1" 304 -
201.245.192.253 - - [29/Oct/2014:08:22:52 -0500] "GET /forest/img/panel/menu/folder.png HTTP/1.1" 304 -
201.245.192.253 - - [29/Oct/2014:08:22:52 -0500] "GET /forest/skins/gdocs-jar/css/tree.css HTTP/1.1" 304 -
201.245.192.253 - - [29/Oct/2014:08:22:52 -0500] "GET /forest/skins/gdocs-jar/css/autocomplete.css HTTP/1.1" 304 -
201.245.192.253 - - [29/Oct/2014:08:22:52 -0500] "GET /forest/skins/gdocs-jar/img/cancel.gif HTTP/1.1" 304 -
201.245.192.253 - - [29/Oct/2014:08:22:52 -0500] "GET /forest/skins/gdocs-jar/js/misprocesos.js?version=1410.211635 HTTP/1.1" 304 -
201.245.192.253 - - [29/Oct/2014:08:22:52 -0500] "GET /forest/session.jsp?a=0.17700278487890503 HTTP/1.1" 200 4
66.249.64.167 - - [29/Oct/2014:08:22:55 -0500] "GET /BLA/resoluciones/AUTOS%202011/3802.pdf HTTP/1.1" 200 195355
201.245.192.253 - - [29/Oct/2014:08:22:56 -0500] "GET /forest/usutareas.do?group_system_actual=3&codTraEsc=16784802&_a=0.4208019860682639 HTTP/1.1" 200 115784
201.245.192.253 - - [29/Oct/2014:08:22:56 -0500] "GET /forest/jsoptimized/gz/js/gdocsall-1410.211635.js HTTP/1.1" 304 -
201.245.192.253 - - [29/Oct/2014:08:22:56 -0500] "GET /forest/jsoptimized/gz/js/gdocsall-1410.211635.js HTTP/1.1" 304 -
201.245.192.253 - - [29/Oct/2014:08:22:56 -0500] "GET /forest/skins/gdocs-jar/img/comments.gif HTTP/1.1" 200 672
201.245.192.253 - - [29/Oct/2014:08:22:56 -0500] "GET /forest/skins/gdocs-jar/img/vertodossubprocesos.gif HTTP/1.1" 200 167
201.245.192.253 - - [29/Oct/2014:08:22:56 -0500] "GET /forest/skins/gdocs-jar/img/desasociarUser.gif HTTP/1.1" 200 1209
201.245.192.253 - - [29/Oct/2014:08:22:56 -0500] "GET /forest/skins/gdocs-jar/img/actividad2.gif HTTP/1.1" 200 1189
201.245.192.253 - - [29/Oct/2014:08:22:56 -0500] "GET /forest/skins/gdocs-jar/img/asociarUserOtraDependencia.gif HTTP/1.1" 200 1217
201.245.192.253 - - [29/Oct/2014:08:22:56 -0500] "GET /forest/skins/gdocs-jar/js/number-functions.js?version=1410.211635 HTTP/1.1" 304 -
201.245.192.253 - - [29/Oct/2014:08:22:56 -0500] "GET /forest/skins/gdocs-jar/js/formsBase.js?version=1410.211635 HTTP/1.1" 304 -
201.245.192.253 - - [29/Oct/2014:08:22:56 -0500] "GET /forest/skins/gdocs-jar/js/swfobject.js?version=1410.211635 HTTP/1.1" 304 -
201.245.192.253 - - [29/Oct/2014:08:22:56 -0500] "GET /forest/skins/gdocs-jar/js/graphicForm.js?version=1410.211635 HTTP/1.1" 304 -
201.245.192.253 - - [29/Oct/2014:08:22:56 -0500] "GET /forest/img/asociarUser.gif HTTP/1.1" 200 1227
201.245.192.253 - - [29/Oct/2014:08:22:56 -0500] "GET /forest/skins/gdocs-jar/js/tareas.js?version=1410.211635 HTTP/1.1" 304 -
201.245.192.253 - - [29/Oct/2014:08:22:56 -0500] "GET /forest/skins/gdocs-jar/img/close.gif HTTP/1.1" 200 571
201.245.192.253 - - [29/Oct/2014:08:22:56 -0500] "GET /forest/skins/gdocs-jar/img/spacer.gif HTTP/1.1" 200 43
201.245.192.253 - - [29/Oct/2014:08:22:56 -0500] "GET /forest/skins/gdocs-jar/img/icons/pdf.gif HTTP/1.1" 200 230
201.245.192.253 - - [29/Oct/2014:08:22:56 -0500] "GET /forest/skins/gdocs-jar/img/control-double.png HTTP/1.1" 200 21754
201.245.192.253 - - [29/Oct/2014:08:22:56 -0500] "GET /forest/skins/gdocs-jar/img/prev.gif HTTP/1.1" 200 827
201.245.192.253 - - [29/Oct/2014:08:22:56 -0500] "GET /forest/skins/gdocs-jar/img/minus.png HTTP/1.1" 200 23511
201.245.192.253 - - [29/Oct/2014:08:22:56 -0500] "GET /forest/session.jsp?a=0.08296783487091647 HTTP/1.1" 200 4
188.165.25.173 - - [29/Oct/2014:08:22:57 -0500] "GET /chat/?C=N;O=D HTTP/1.0" 404 1019
190.129.197.87 - - [29/Oct/2014:08:22:58 -0500] "GET /BLA/boletinlegal/js/jquery.js HTTP/1.1" 200 57254
190.129.197.87 - - [29/Oct/2014:08:22:58 -0500] "GET /BLA/boletinlegal/js/jquery.scrollTo-min.js HTTP/1.1" 200 1150
190.129.197.87 - - [29/Oct/2014:08:22:58 -0500] "GET /BLA/boletinlegal/js/jquery.scrollShow.js HTTP/1.1" 200 4586
66.249.64.171 - - [29/Oct/2014:08:22:59 -0500] "GET /BLA/resoluciones/RESOLUCIONES%202010/7547.pdf HTTP/1.1" 200 496491
201.245.192.253 - - [29/Oct/2014:08:22:59 -0500] "GET /forest/documentos/1949429/2014ER179046.pdf HTTP/1.1" 200 609009
201.245.192.253 - - [29/Oct/2014:08:23:02 -0500] "GET /v/QqKwrYPliR4?adformat=2_9&version=3&showinfo=0&rel=0&controls=1&iv_load_policy=1 HTTP/1.1" 404 1333
188.165.25.173 - - [29/Oct/2014:08:23:03 -0500] "GET /css/?C=D;O=A HTTP/1.0" 404 1019
66.249.64.171 - - [29/Oct/2014:08:23:03 -0500] "GET /BLA/resoluciones/AUTOS%202007/1877.pdf HTTP/1.1" 200 86370
66.249.64.163 - - [29/Oct/2014:08:23:07 -0500] "GET /BLA/resoluciones/RESOLUCIONES%202008/2956.pdf HTTP/1.1" 200 235102
66.249.64.163 - - [29/Oct/2014:08:23:11 -0500] "GET /BLA/resoluciones/RESOLUCIONES%202008/1276.pdf HTTP/1.1" 200 51229
201.245.192.253 - - [29/Oct/2014:08:23:12 -0500] "GET /v/XYyEQ5AhxrI?adformat=2_9&version=3&showinfo=0&rel=0&controls=1&iv_load_policy=1 HTTP/1.1" 404 2899
201.245.192.253 - - [29/Oct/2014:08:23:13 -0500] "GET /v/EeOes4LIgtc?adformat=2_9&version=3&showinfo=0&rel=0&controls=1&iv_load_policy=1 HTTP/1.1" 404 2919
201.245.192.253 - - [29/Oct/2014:08:23:13 -0500] "GET /v/EeOes4LIgtc?adformat=2_9&version=3&showinfo=0&rel=0&controls=1&iv_load_policy=1 HTTP/1.1" 404 1333
172.22.2.1 - - [29/Oct/2014:08:23:15 -0500] "GET /galeria/nivo-slider/demo/demo.html HTTP/1.1" 200 3316
172.22.2.1 - - [29/Oct/2014:08:23:15 -0500] "GET /galeria/nivo-slider/demo/images/porloshumedales.jpg HTTP/1.1" 200 351238
172.22.2.1 - - [29/Oct/2014:08:23:15 -0500] "GET /galeria/nivo-slider/demo/images/banner-llantas2.jpg HTTP/1.1" 304 -
66.249.64.171 - - [29/Oct/2014:08:23:16 -0500] "GET /BLA/resoluciones/RESOLUCIONES%202011/3445.pdf HTTP/1.1" 200 562642
188.165.25.173 - - [29/Oct/2014:08:23:17 -0500] "GET /css/?C=M;O=A HTTP/1.0" 404 1019
201.245.192.253 - - [29/Oct/2014:08:23:19 -0500] "GET /embed/videoseries?list=PL69372E172CCC5FA7&m=0 HTTP/1.1" 404 1325
