201.245.192.253 - - [29/Oct/2014:08:16:54 -0500] "GET /plugins/like.php?action=like&app_id=&channel=http%3A%2F%2Fstatic.ak.facebook.com%2Fconnect%2Fxd_arbiter%2FehazDpFPEnK.js%3Fversion%3D41%23cb%3Df3ff0420591cf9%26domain%3Dwww.hospitalpablovibosa.gov.co%26origin%3Dhttp%253A%252F%252Fwww.hospitalpablovibosa.gov.co%252Ffec0cb4647a2a8%26relation%3Dparent.parent&color_scheme=light&font=arial&href=http%3A%2F%2Fwww.hospitalpablovibosa.gov.co%2Fpagina%2Findex.php%3Foption%3Dcom_content%26view%3Darticle%26id%3D576%3Ames-de-la-discapacidad%26catid%3D95%3Anoticias2013%26Itemid%3D171&layout=button_count&locale=en_US&sdk=joey&send=true&show_faces=true HTTP/1.1" 404 1312
201.245.192.253 - - [29/Oct/2014:08:16:54 -0500] "GET /plugins/like.php?action=like&app_id=&channel=http%3A%2F%2Fstatic.ak.facebook.com%2Fconnect%2Fxd_arbiter%2FehazDpFPEnK.js%3Fversion%3D41%23cb%3Dfb8f2b7f1c4d48%26domain%3Dwww.hospitalpablovibosa.gov.co%26origin%3Dhttp%253A%252F%252Fwww.hospitalpablovibosa.gov.co%252Ffec0cb4647a2a8%26relation%3Dparent.parent&color_scheme=light&font=arial&href=http%3A%2F%2Fwww.hospitalpablovibosa.gov.co%2Fpagina%2Findex.php%3Foption%3Dcom_content%26view%3Darticle%26id%3D567%3A2014-10-01-20-36-28%26catid%3D95%3Anoticias2013%26Itemid%3D171&layout=button_count&locale=en_US&sdk=joey&send=true&show_faces=true HTTP/1.1" 404 1312
201.245.192.253 - - [29/Oct/2014:08:16:54 -0500] "GET /plugins/like.php?action=like&app_id=&channel=http%3A%2F%2Fstatic.ak.facebook.com%2Fconnect%2Fxd_arbiter%2FehazDpFPEnK.js%3Fversion%3D41%23cb%3Df3dbf04e0c7160e%26domain%3Dwww.hospitalpablovibosa.gov.co%26origin%3Dhttp%253A%252F%252Fwww.hospitalpablovibosa.gov.co%252Ffec0cb4647a2a8%26relation%3Dparent.parent&color_scheme=light&font=arial&href=http%3A%2F%2Fwww.hospitalpablovibosa.gov.co%2Fpagina%2Findex.php%3Foption%3Dcom_content%26view%3Darticle%26id%3D568%3Ames-de-la-prevencion-y-gestion-del-riesgo-octubre%26catid%3D95%3Anoticias2013%26Itemid%3D171&layout=button_count&locale=en_US&sdk=joey&send=true&show_faces=true HTTP/1.1" 404 1312
201.245.192.253 - - [29/Oct/2014:08:16:54 -0500] "GET /plugins/like.php?action=like&app_id=&channel=http%3A%2F%2Fstatic.ak.facebook.com%2Fconnect%2Fxd_arbiter%2FehazDpFPEnK.js%3Fversion%3D41%23cb%3Dfa4c00c37904f2%26domain%3Dwww.hospitalpablovibosa.gov.co%26origin%3Dhttp%253A%252F%252Fwww.hospitalpablovibosa.gov.co%252Ffec0cb4647a2a8%26relation%3Dparent.parent&color_scheme=light&font=arial&href=http%3A%2F%2Fwww.hospitalpablovibosa.gov.co%2Fpagina%2Findex.php%3Foption%3Dcom_content%26view%3Darticle%26id%3D566%3A2014-09-25-21-30-33%26catid%3D95%3Anoticias2013%26Itemid%3D171&layout=button_count&locale=en_US&sdk=joey&send=true&show_faces=true HTTP/1.1" 404 1312
201.245.192.253 - - [29/Oct/2014:08:16:54 -0500] "GET /plugins/like.php?action=like&app_id=&channel=http%3A%2F%2Fstatic.ak.facebook.com%2Fconnect%2Fxd_arbiter%2FehazDpFPEnK.js%3Fversion%3D41%23cb%3Df12711a926a50a8%26domain%3Dwww.hospitalpablovibosa.gov.co%26origin%3Dhttp%253A%252F%252Fwww.hospitalpablovibosa.gov.co%252Ffec0cb4647a2a8%26relation%3Dparent.parent&color_scheme=light&font=arial&href=http%3A%2F%2Fwww.hospitalpablovibosa.gov.co%2Fpagina%2Findex.php%3Foption%3Dcom_content%26view%3Darticle%26id%3D579%3Ajornada-de-trabajo-decente-y-saludable%26catid%3D95%3Anoticias2013%26Itemid%3D171&layout=button_count&locale=en_US&sdk=joey&send=true&show_faces=true HTTP/1.1" 404 1312
201.245.192.253 - - [29/Oct/2014:08:16:54 -0500] "GET /plugins/like_box.php?app_id=&channel=http%3A%2F%2Fstatic.ak.facebook.com%2Fconnect%2Fxd_arbiter%2FehazDpFPEnK.js%3Fversion%3D41%23cb%3Df29e461d3c36d04%26domain%3Dwww.hospitalpablovibosa.gov.co%26origin%3Dhttp%253A%252F%252Fwww.hospitalpablovibosa.gov.co%252Ffec0cb4647a2a8%26relation%3Dparent.parent&color_scheme=light&force_wall=true&header=true&height=600&href=http%3A%2F%2Fwww.facebook.com%2Fpages%2FHospital-Pablo-VI-Bosa%2F256196277796832&locale=en_US&sdk=joey&show_faces=true&stream=true&width=290 HTTP/1.1" 404 1312
201.245.192.253 - - [29/Oct/2014:08:16:54 -0500] "GET /plugins/like.php?action=like&app_id=&channel=http%3A%2F%2Fstatic.ak.facebook.com%2Fconnect%2Fxd_arbiter%2FehazDpFPEnK.js%3Fversion%3D41%23cb%3Df294cffadeea534%26domain%3Dwww.hospitalpablovibosa.gov.co%26origin%3Dhttp%253A%252F%252Fwww.hospitalpablovibosa.gov.co%252Ffec0cb4647a2a8%26relation%3Dparent.parent&color_scheme=light&font=arial&href=http%3A%2F%2Fwww.hospitalpablovibosa.gov.co%2Fpagina%2Findex.php%3Foption%3Dcom_content%26view%3Darticle%26id%3D569%3A2014-10-02-15-15-51%26catid%3D95%3Anoticias2013%26Itemid%3D171&layout=button_count&locale=en_US&sdk=joey&send=true&show_faces=true HTTP/1.1" 404 1312
201.245.192.253 - - [29/Oct/2014:08:16:54 -0500] "GET /plugins/like.php?action=like&app_id=&channel=http%3A%2F%2Fstatic.ak.facebook.com%2Fconnect%2Fxd_arbiter%2FehazDpFPEnK.js%3Fversion%3D41%23cb%3Dfffa328aa41b58%26domain%3Dwww.hospitalpablovibosa.gov.co%26origin%3Dhttp%253A%252F%252Fwww.hospitalpablovibosa.gov.co%252Ffec0cb4647a2a8%26relation%3Dparent.parent&color_scheme=light&font=arial&href=http%3A%2F%2Fwww.hospitalpablovibosa.gov.co%2Fpagina%2Findex.php%3Foption%3Dcom_content%26view%3Darticle%26id%3D577%3A2014-10-10-16-47-55%26catid%3D95%3Anoticias2013%26Itemid%3D171&layout=button_count&locale=en_US&sdk=joey&send=true&show_faces=true HTTP/1.1" 404 1312
201.245.192.253 - - [29/Oct/2014:08:16:54 -0500] "GET /plugins/like.php?action=like&app_id=&channel=http%3A%2F%2Fstatic.ak.facebook.com%2Fconnect%2Fxd_arbiter%2FehazDpFPEnK.js%3Fversion%3D41%23cb%3Df3ecc6309dce70e%26domain%3Dwww.hospitalpablovibosa.gov.co%26origin%3Dhttp%253A%252F%252Fwww.hospitalpablovibosa.gov.co%252Ffec0cb4647a2a8%26relation%3Dparent.parent&color_scheme=light&font=arial&href=http%3A%2F%2Fwww.hospitalpablovibosa.gov.co%2Fpagina%2Findex.php%3Foption%3Dcom_content%26view%3Darticle%26id%3D565%3A2014-09-24-13-51-41%26catid%3D95%3Anoticias2013%26Itemid%3D171&layout=button_count&locale=en_US&sdk=joey&send=true&show_faces=true HTTP/1.1" 404 1312
190.254.13.66 - - [29/Oct/2014:08:16:54 -0500] "GET /favicon.ico HTTP/1.1" 200 7782
188.165.25.173 - - [29/Oct/2014:08:16:55 -0500] "GET /re1/Bioevolucion/marco%20conceptual/intereses%20objetivos/?C=D;O=D HTTP/1.0" 404 1015
66.249.64.167 - - [29/Oct/2014:08:16:57 -0500] "GET /BLA/resoluciones/RESOLUCIONES%202009/3419.pdf HTTP/1.1" 200 482095
201.245.192.253 - - [29/Oct/2014:08:16:58 -0500] "GET /watch?v=HGNnQcu10is&feature=youtu.be&utm_source=Ex+sat%C3%A1nico+advierte+de+los+peligros+del+Halloween+2014%2F10%2F29%2C+5%3A56+AM&utm_campaign=Ex+sat%C3%83%C2%A1nico+advierte+de+los+peligros+del+Halloween&utm_medium=email HTTP/1.1" 404 1121
188.165.25.173 - - [29/Oct/2014:08:16:59 -0500] "GET /re1/Bioevolucion/marco%20conceptual/intereses%20objetivos/?C=M;O=D HTTP/1.0" 404 1015
66.249.64.167 - - [29/Oct/2014:08:17:01 -0500] "GET /BLA/resoluciones/RESOLUCIONES%202010/0017.pdf HTTP/1.1" 200 409053
190.157.153.111 - - [29/Oct/2014:08:17:02 -0500] "GET /forest/skins/gdocs-jar/popup/popup.jsp?width=1100&height=500&title=Buscar%20procesos&uri=/forest/buscar.do%3Ftype%3Dprocesos&name=undefined&_a=0.2501013337119761&a=0.6607166098488727 HTTP/1.1" 200 1296
190.157.153.111 - - [29/Oct/2014:08:17:02 -0500] "GET /forest/css/autocomplete.css?version=1410.211635 HTTP/1.1" 304 -
190.157.153.111 - - [29/Oct/2014:08:17:02 -0500] "GET /forest/skins/gdocs-jar/css/tree.css?version=1410.211635 HTTP/1.1" 304 -
190.157.153.111 - - [29/Oct/2014:08:17:02 -0500] "GET /forest/css/escritorio.css?version=1410.211635 HTTP/1.1" 304 -
190.157.153.111 - - [29/Oct/2014:08:17:02 -0500] "GET /forest/1ibre/jscalendar/calendar-win2k-1.css HTTP/1.1" 304 -
190.157.153.111 - - [29/Oct/2014:08:17:02 -0500] "GET /forest/js/load_func.js?version=1410.211635 HTTP/1.1" 304 -
190.157.153.111 - - [29/Oct/2014:08:17:02 -0500] "GET /forest/js/dialog.js?version=1410.211635 HTTP/1.1" 304 -
190.157.153.111 - - [29/Oct/2014:08:17:02 -0500] "GET /forest/js/sarissa.js?version=1410.211635 HTTP/1.1" 304 -
190.157.153.111 - - [29/Oct/2014:08:17:02 -0500] "GET /forest/js/escritorio/escritorio.js?version=1410.211635 HTTP/1.1" 304 -
190.157.153.111 - - [29/Oct/2014:08:17:02 -0500] "GET /forest/js/internJS.js?version=1410.211635 HTTP/1.1" 304 -
190.157.153.111 - - [29/Oct/2014:08:17:02 -0500] "GET /forest/js/autocompletar2.js?version=1410.211635 HTTP/1.1" 304 -
190.157.153.111 - - [29/Oct/2014:08:17:02 -0500] "GET /forest/1ibre/jscalendar/calendar.js?version=1410.211635 HTTP/1.1" 304 -
190.157.153.111 - - [29/Oct/2014:08:17:02 -0500] "GET /forest/1ibre/protoaculous.js?version=1410.211635 HTTP/1.1" 304 -
190.157.153.111 - - [29/Oct/2014:08:17:02 -0500] "GET /forest/1ibre/jscalendar/lang/calendar-es.js?version=1410.211635 HTTP/1.1" 304 -
190.157.153.111 - - [29/Oct/2014:08:17:02 -0500] "GET /forest/1ibre/jscalendar/calendar-setup.js?version=1410.211635 HTTP/1.1" 304 -
190.157.153.111 - - [29/Oct/2014:08:17:02 -0500] "GET /forest/1ibre/1ibre.js?version=1410.211635 HTTP/1.1" 304 -
190.157.153.111 - - [29/Oct/2014:08:17:02 -0500] "GET /forest/js/xml_utilities.js?version=1410.211635 HTTP/1.1" 304 -
190.157.153.111 - - [29/Oct/2014:08:17:02 -0500] "GET /forest/skins/gdocs-jar/img/top-search-icon.gif HTTP/1.1" 304 -
190.157.153.111 - - [29/Oct/2014:08:17:02 -0500] "GET /forest/skins/gdocs-jar/img/select.gif HTTP/1.1" 304 -
190.157.153.111 - - [29/Oct/2014:08:17:02 -0500] "GET /forest/buscar.do?type=procesos HTTP/1.1" 200 97228
190.157.153.111 - - [29/Oct/2014:08:17:03 -0500] "GET /forest/skins/gdocs-jar/img/user_search.gif HTTP/1.1" 304 -
190.157.153.111 - - [29/Oct/2014:08:17:03 -0500] "GET /forest/1ibre/images/spacer.gif HTTP/1.1" 304 -
190.157.153.111 - - [29/Oct/2014:08:17:03 -0500] "GET /forest/skins/gdocs-jar/img/dependencia-tree.gif HTTP/1.1" 304 -
190.157.153.111 - - [29/Oct/2014:08:17:03 -0500] "GET /forest/1ibre/images/minus.gif HTTP/1.1" 304 -
190.157.153.111 - - [29/Oct/2014:08:17:03 -0500] "GET /forest/1ibre/images/plus.gif HTTP/1.1" 304 -
201.245.192.253 - - [29/Oct/2014:08:17:03 -0500] "GET /watch?v=HGNnQcu10is&feature=youtu.be&utm_source=Ex+sat%C3%A1nico+advierte+de+los+peligros+del+Halloween+2014%2F10%2F29%2C+5%3A56+AM&utm_campaign=Ex+sat%C3%83%C2%A1nico+advierte+de+los+peligros+del+Halloween&utm_medium=email HTTP/1.1" 404 1121
190.157.153.111 - - [29/Oct/2014:08:17:03 -0500] "GET /forest/json.do?query=usersByDep&coddep=2013 HTTP/1.1" 200 7473
190.157.153.111 - - [29/Oct/2014:08:17:03 -0500] "GET /forest/json.do?query=usersByDep&coddep=2013 HTTP/1.1" 200 7473
66.249.64.163 - - [29/Oct/2014:08:17:06 -0500] "GET /BLA/resoluciones/RESOLUCIONES%202009/7056.pdf HTTP/1.1" 200 335786
188.165.25.173 - - [29/Oct/2014:08:17:07 -0500] "GET /re1/Bioevolucion/marco%20conceptual/medio%20ambiente/?C=D;O=D HTTP/1.0" 404 1015
66.249.64.163 - - [29/Oct/2014:08:17:10 -0500] "GET /BLA/resoluciones/RESOLUCIONES%202009/4977.pdf HTTP/1.1" 200 339824
190.157.153.111 - - [29/Oct/2014:08:11:14 -0500] "GET /ForestMSG_SDA/channelAsync/template_word_16734921;jsessionid=MgsnkLpMRq3lVzA05JlMQ0ZE.server1?X-Atmosphere-tracking-id=b0207c57-1934-3b5c-9b22-b683601c51fc&X-Atmosphere-Framework=1.0.5&X-Atmosphere-Transport=long-polling&tabid=0.9198074754779131&X-Cache-Date=1414588472567&Content-Type=application/xml HTTP/1.1" 200 8193
66.249.64.171 - - [29/Oct/2014:08:17:14 -0500] "GET /BLA/resoluciones/RESOLUCIONES%202010/1109.pdf HTTP/1.1" 200 105620
188.165.25.173 - - [29/Oct/2014:08:17:15 -0500] "GET /re1/Bioevolucion/marco%20conceptual/medio%20ambiente/?C=M;O=D HTTP/1.0" 404 1015
190.157.153.111 - - [29/Oct/2014:08:17:16 -0500] "POST /forest/buscar.do? HTTP/1.1" 200 5392
190.157.153.111 - - [29/Oct/2014:08:17:16 -0500] "GET /forest/css/escritorio.css HTTP/1.1" 304 -
190.157.153.111 - - [29/Oct/2014:08:17:16 -0500] "GET /forest/img/nav_first.gif HTTP/1.1" 304 -
190.157.153.111 - - [29/Oct/2014:08:17:16 -0500] "GET /forest/skins/gdocs-jar/img/more_details.gif HTTP/1.1" 304 -
190.157.153.111 - - [29/Oct/2014:08:17:16 -0500] "GET /forest/img/nav_prev.gif HTTP/1.1" 304 -
190.157.153.111 - - [29/Oct/2014:08:17:16 -0500] "GET /forest/img/nav_next.gif HTTP/1.1" 304 -
190.157.153.111 - - [29/Oct/2014:08:17:16 -0500] "GET /forest/img/nav_last.gif HTTP/1.1" 304 -
66.249.64.167 - - [29/Oct/2014:08:17:18 -0500] "GET /BLA/resoluciones/RESOLUCIONES%202010/4295.pdf HTTP/1.1" 200 539818
66.249.64.171 - - [29/Oct/2014:08:17:22 -0500] "GET /BLA/resoluciones/RESOLUCIONES%202009/0317.pdf HTTP/1.1" 200 262866
181.135.91.80 - - [29/Oct/2014:08:17:23 -0500] "GET /BLA/boletinlegal/js/jquery.js HTTP/1.1" 200 57254
181.135.91.80 - - [29/Oct/2014:08:17:23 -0500] "GET /BLA/boletinlegal/js/jquery.scrollShow.js HTTP/1.1" 200 4586
181.135.91.80 - - [29/Oct/2014:08:17:23 -0500] "GET /BLA/boletinlegal/js/jquery.scrollTo-min.js HTTP/1.1" 200 1150
181.135.91.80 - - [29/Oct/2014:08:17:23 -0500] "GET /galeria/carrusel/Carrusel/jquery.thumbnailScroller.css HTTP/1.1" 200 2066
181.135.91.80 - - [29/Oct/2014:08:17:23 -0500] "GET /galeria/carrusel/Carrusel/jquery-ui-1.8.13.custom.min.js HTTP/1.1" 200 10800
181.135.91.80 - - [29/Oct/2014:08:17:23 -0500] "GET /galeria/carrusel/Carrusel/jquery.thumbnailScroller.js HTTP/1.1" 200 8157
188.165.25.173 - - [29/Oct/2014:08:17:24 -0500] "GET /re1/Bioevolucion/relacion%20curriculo/cuadro%201%20diagnostico/?C=D;O=D HTTP/1.0" 404 1015
201.245.192.253 - - [29/Oct/2014:08:17:26 -0500] "GET /plugins/like.php?app_id=541577542537589&channel=http%3A%2F%2Fstatic.ak.facebook.com%2Fconnect%2Fxd_arbiter%2FehazDpFPEnK.js%3Fversion%3D41%23cb%3Df32de587adb09da%26domain%3Dwww.despegar.com.co%26origin%3Dhttp%253A%252F%252Fwww.despegar.com.co%252Ff1cc3f49e1828d1%26relation%3Dparent.parent&height=61&href=https%3A%2F%2Fwww.facebook.com%2FDespegarArgentina&locale=es_LA&sdk=joey&show_faces=true&width=879 HTTP/1.1" 404 1440
66.249.64.163 - - [29/Oct/2014:08:17:27 -0500] "GET /BLA/resoluciones/RESOLUCIONES%202008/5576.pdf HTTP/1.1" 200 253760
181.135.91.80 - - [29/Oct/2014:08:17:28 -0500] "GET /galeria/nivo-slider/demo/demo.html HTTP/1.1" 200 3316
181.135.91.80 - - [29/Oct/2014:08:17:28 -0500] "GET /galeria/nivo-slider/themes/default/default.css HTTP/1.1" 200 1569
181.135.91.80 - - [29/Oct/2014:08:17:28 -0500] "GET /galeria/nivo-slider/themes/pascal/pascal.css HTTP/1.1" 200 2258
181.135.91.80 - - [29/Oct/2014:08:17:28 -0500] "GET /galeria/nivo-slider/themes/orman/orman.css HTTP/1.1" 200 2152
181.135.91.80 - - [29/Oct/2014:08:17:28 -0500] "GET /galeria/nivo-slider/nivo-slider.css HTTP/1.1" 200 1507
181.135.91.80 - - [29/Oct/2014:08:17:28 -0500] "GET /galeria/nivo-slider/demo/style.css HTTP/1.1" 200 2222
181.135.91.80 - - [29/Oct/2014:08:17:28 -0500] "GET /galeria/nivo-slider/demo/scripts/jquery-1.7.1.min.js HTTP/1.1" 200 93868
181.135.91.80 - - [29/Oct/2014:08:17:28 -0500] "GET /galeria/nivo-slider/jquery.nivo.slider.pack.js HTTP/1.1" 200 11561
188.165.25.173 - - [29/Oct/2014:08:17:28 -0500] "GET /re1/Bioevolucion/relacion%20curriculo/cuadro%201%20diagnostico/?C=M;O=D HTTP/1.0" 404 1015
181.135.91.80 - - [29/Oct/2014:08:17:29 -0500] "GET /galeria/nivo-slider/demo/images/porloshumedales.jpg HTTP/1.1" 200 351238
181.135.91.80 - - [29/Oct/2014:08:17:29 -0500] "GET /galeria/nivo-slider/demo/images/banner-aceite3.jpg HTTP/1.1" 200 88347
181.135.91.80 - - [29/Oct/2014:08:17:29 -0500] "GET /galeria/nivo-slider/demo/images/mesTIC.jpg HTTP/1.1" 200 180719
181.135.91.80 - - [29/Oct/2014:08:17:29 -0500] "GET /galeria/nivo-slider/demo/images/Banner-Caracol-Africano.jpg HTTP/1.1" 200 331986
181.135.91.80 - - [29/Oct/2014:08:17:29 -0500] "GET /galeria/nivo-slider/demo/images/Tingua-azul.jpg HTTP/1.1" 200 307638
181.135.91.80 - - [29/Oct/2014:08:17:29 -0500] "GET /galeria/nivo-slider/demo/images/4Simple_Slider.png HTTP/1.1" 200 11722
181.135.91.80 - - [29/Oct/2014:08:17:29 -0500] "GET /galeria/nivo-slider/themes/default/loading.gif HTTP/1.1" 200 1737
181.135.91.80 - - [29/Oct/2014:08:17:29 -0500] "GET /galeria/nivo-slider/demo/images/banner-redes.jpg HTTP/1.1" 200 62209
181.135.91.80 - - [29/Oct/2014:08:17:29 -0500] "GET /galeria/nivo-slider/demo/images/9Signos.jpg HTTP/1.1" 200 93040
181.135.91.80 - - [29/Oct/2014:08:17:29 -0500] "GET /galeria/nivo-slider/demo/images/banner-llantas2.jpg HTTP/1.1" 200 73153
181.135.91.80 - - [29/Oct/2014:08:17:30 -0500] "GET /galeria/nivo-slider/demo/images/banner-caballos.png HTTP/1.1" 200 389106
181.135.91.80 - - [29/Oct/2014:08:17:30 -0500] "GET /galeria/nivo-slider/demo/images/Hacienda_Molinos.jpg HTTP/1.1" 200 319171
181.135.91.80 - - [29/Oct/2014:08:17:30 -0500] "GET /galeria/nivo-slider/demo/images/bannerEcolecta3.jpg HTTP/1.1" 200 280034
181.135.91.80 - - [29/Oct/2014:08:17:30 -0500] "GET /videos/Spot_Tinguas.flv HTTP/1.1" 200 2087054
66.249.64.171 - - [29/Oct/2014:08:17:31 -0500] "GET /BLA/resoluciones/RESOLUCIONES%202010/1386.pdf HTTP/1.1" 200 366548
66.249.64.171 - - [29/Oct/2014:08:17:35 -0500] "GET /BLA/resoluciones/AUTOS%202007/1075.pdf HTTP/1.1" 200 23035
188.165.25.173 - - [29/Oct/2014:08:17:36 -0500] "GET /re1/Bioevolucion/relacion%20curriculo/cuadro%203%20PEI/?C=D;O=D HTTP/1.0" 404 1015
66.249.64.163 - - [29/Oct/2014:08:17:39 -0500] "GET /BLA/resoluciones/RESOLUCIONES%202008/3910.pdf HTTP/1.1" 200 155874
66.249.64.163 - - [29/Oct/2014:08:17:43 -0500] "GET /BLA/resoluciones/RESOLUCIONES%202009/8384.pdf HTTP/1.1" 200 405398
188.165.25.173 - - [29/Oct/2014:08:17:43 -0500] "GET /re1/Bioevolucion/relacion%20curriculo/cuadro%203%20PEI/?C=M;O=D HTTP/1.0" 404 1015
66.249.64.167 - - [29/Oct/2014:08:17:48 -0500] "GET /BLA/resoluciones/RESOLUCIONES%202009/0350.pdf HTTP/1.1" 200 211966
66.249.64.171 - - [29/Oct/2014:08:17:52 -0500] "GET /BLA/resoluciones/AUTOS%202007/3440.pdf HTTP/1.1" 200 82201
190.144.139.74 - - [29/Oct/2014:08:17:54 -0500] "GET /galeria/nivo-slider/demo/demo.html HTTP/1.1" 200 3316
190.144.139.74 - - [29/Oct/2014:08:17:54 -0500] "GET /galeria/nivo-slider/demo/images/porloshumedales.jpg HTTP/1.1" 200 351238
188.165.25.173 - - [29/Oct/2014:08:17:54 -0500] "GET /re1/Bioevolucion/relacion%20curriculo/cuadro%204%20PRAE/?C=D;O=D HTTP/1.0" 404 1015
201.245.192.253 - - [29/Oct/2014:08:17:55 -0500] "GET /forest/skins/gdocs-jar/img/icons/docx.gif HTTP/1.1" 304 -
66.249.64.171 - - [29/Oct/2014:08:17:56 -0500] "GET /BLA/resoluciones/RESOLUCIONES%202009/5628.pdf HTTP/1.1" 200 680349
190.90.165.22 - - [29/Oct/2014:08:17:57 -0500] "GET /PruebasSTORM/StormSDA_pruebas/stormWeb/presentacion.html HTTP/1.1" 304 -
190.26.203.22 - - [29/Oct/2014:08:17:57 -0500] "GET /PruebasSTORM/StormSDA_pruebas/stormWeb/img/version.gif HTTP/1.1" 304 -
190.90.165.22 - - [29/Oct/2014:08:17:57 -0500] "GET /PruebasSTORM/StormSDA_pruebas/stormWeb/img/alerta.png HTTP/1.1" 304 -
190.90.165.22 - - [29/Oct/2014:08:17:57 -0500] "GET /PruebasSTORM/StormSDA_pruebas/stormWeb/img/descargar.png HTTP/1.1" 304 -
66.249.64.167 - - [29/Oct/2014:08:18:00 -0500] "GET /BLA/resoluciones/RESOLUCIONES%202009/8507.pdf HTTP/1.1" 200 388470
188.165.25.173 - - [29/Oct/2014:08:18:03 -0500] "GET /re1/Bioevolucion/relacion%20curriculo/cuadro%204%20PRAE/?C=M;O=D HTTP/1.0" 404 1015
66.249.64.167 - - [29/Oct/2014:08:18:04 -0500] "GET /BLA/resoluciones/RESOLUCIONES%202009/2517.pdf HTTP/1.1" 200 704346
201.245.192.253 - - [29/Oct/2014:08:18:07 -0500] "GET /watch?v=HGNnQcu10is&feature=youtu.be&utm_source=Ex+sat%C3%A1nico+advierte+de+los+peligros+del+Halloween+2014%2F10%2F29%2C+5%3A56+AM&utm_campaign=Ex+sat%C3%83%C2%A1nico+advierte+de+los+peligros+del+Halloween&utm_medium=email HTTP/1.1" 404 1121
66.249.64.167 - - [29/Oct/2014:08:18:09 -0500] "GET /BLA/resoluciones/RESOLUCIONES%202009/6412.pdf HTTP/1.1" 200 481745
181.61.53.141 - - [29/Oct/2014:08:18:10 -0500] "GET /galeria/carrusel/Carrusel/jquery.thumbnailScroller.css HTTP/1.1" 200 2066
181.61.53.141 - - [29/Oct/2014:08:18:10 -0500] "GET /BLA/boletinlegal/js/jquery.scrollTo-min.js HTTP/1.1" 200 1150
181.61.53.141 - - [29/Oct/2014:08:18:10 -0500] "GET /BLA/boletinlegal/js/jquery.js HTTP/1.1" 200 57254
181.61.53.141 - - [29/Oct/2014:08:18:10 -0500] "GET /galeria/carrusel/Carrusel/jquery-ui-1.8.13.custom.min.js HTTP/1.1" 200 10800
181.61.53.141 - - [29/Oct/2014:08:18:10 -0500] "GET /BLA/boletinlegal/js/jquery.scrollShow.js HTTP/1.1" 200 4586
181.61.53.141 - - [29/Oct/2014:08:18:10 -0500] "GET /galeria/carrusel/Carrusel/jquery.thumbnailScroller.js HTTP/1.1" 200 8157
66.249.64.167 - - [29/Oct/2014:08:18:13 -0500] "GET /BLA/resoluciones/RESOLUCIONES%202011/2174.pdf HTTP/1.1" 200 498888
181.61.53.141 - - [29/Oct/2014:08:18:13 -0500] "GET /galeria/nivo-slider/demo/demo.html HTTP/1.1" 200 3316
181.61.53.141 - - [29/Oct/2014:08:18:13 -0500] "GET /galeria/nivo-slider/themes/default/default.css HTTP/1.1" 200 1569
181.61.53.141 - - [29/Oct/2014:08:18:13 -0500] "GET /galeria/nivo-slider/themes/pascal/pascal.css HTTP/1.1" 200 2258
181.61.53.141 - - [29/Oct/2014:08:18:13 -0500] "GET /galeria/nivo-slider/nivo-slider.css HTTP/1.1" 200 1507
181.61.53.141 - - [29/Oct/2014:08:18:13 -0500] "GET /galeria/nivo-slider/themes/orman/orman.css HTTP/1.1" 200 2152
181.61.53.141 - - [29/Oct/2014:08:18:13 -0500] "GET /galeria/nivo-slider/demo/style.css HTTP/1.1" 200 2222
181.61.53.141 - - [29/Oct/2014:08:18:13 -0500] "GET /galeria/nivo-slider/demo/scripts/jquery-1.7.1.min.js HTTP/1.1" 200 93868
181.61.53.141 - - [29/Oct/2014:08:18:14 -0500] "GET /galeria/nivo-slider/jquery.nivo.slider.pack.js HTTP/1.1" 200 11561
181.61.53.141 - - [29/Oct/2014:08:18:14 -0500] "GET /galeria/nivo-slider/demo/images/porloshumedales.jpg HTTP/1.1" 200 351238
181.61.53.141 - - [29/Oct/2014:08:18:15 -0500] "GET /galeria/nivo-slider/demo/images/banner-aceite3.jpg HTTP/1.1" 200 88347
201.62.220.23 - - [29/Oct/2014:08:18:15 -0500] "GET / HTTP/1.1" 302 -
181.61.53.141 - - [29/Oct/2014:08:18:15 -0500] "GET /galeria/nivo-slider/demo/images/mesTIC.jpg HTTP/1.1" 200 180719
181.61.53.141 - - [29/Oct/2014:08:18:15 -0500] "GET /galeria/nivo-slider/demo/images/Tingua-azul.jpg HTTP/1.1" 200 307638
181.61.53.141 - - [29/Oct/2014:08:18:16 -0500] "GET /galeria/nivo-slider/demo/images/Banner-Caracol-Africano.jpg HTTP/1.1" 200 331986
181.61.53.141 - - [29/Oct/2014:08:18:16 -0500] "GET /galeria/nivo-slider/demo/images/banner-redes.jpg HTTP/1.1" 200 62209
181.61.53.141 - - [29/Oct/2014:08:18:16 -0500] "GET /galeria/nivo-slider/demo/images/9Signos.jpg HTTP/1.1" 200 93040
66.249.64.163 - - [29/Oct/2014:08:18:17 -0500] "GET /BLA/resoluciones/RESOLUCIONES%202009/6241.pdf HTTP/1.1" 200 435487
181.61.53.141 - - [29/Oct/2014:08:18:17 -0500] "GET /galeria/nivo-slider/demo/images/banner-llantas2.jpg HTTP/1.1" 200 73153
181.61.53.141 - - [29/Oct/2014:08:18:17 -0500] "GET /galeria/nivo-slider/demo/images/banner-caballos.png HTTP/1.1" 200 389106
188.165.25.173 - - [29/Oct/2014:08:18:18 -0500] "GET /re1/Bioevolucion/relacion%20curriculo/cuadro%205%20tematica/?C=D;O=D HTTP/1.0" 404 1015
181.61.53.141 - - [29/Oct/2014:08:18:18 -0500] "GET /galeria/nivo-slider/demo/images/Hacienda_Molinos.jpg HTTP/1.1" 200 319171
181.61.53.141 - - [29/Oct/2014:08:18:19 -0500] "GET /galeria/nivo-slider/demo/images/4Simple_Slider.png HTTP/1.1" 200 11722
181.61.53.141 - - [29/Oct/2014:08:18:19 -0500] "GET /galeria/nivo-slider/themes/default/loading.gif HTTP/1.1" 200 1737
201.245.192.253 - - [29/Oct/2014:08:18:19 -0500] "GET /isolucionsda/Session.asp HTTP/1.1" 200 6327
200.116.76.12 - - [29/Oct/2014:08:18:19 -0500] "GET /BLA/resoluciones/RESOLUCIONES%202007/RES%202007%204101%20AL%204200/RESOLUCION%204114%20DE%202007.pdf HTTP/1.1" 200 492181
181.61.53.141 - - [29/Oct/2014:08:18:19 -0500] "GET /galeria/nivo-slider/demo/images/bannerEcolecta3.jpg HTTP/1.1" 200 280034
200.116.76.12 - - [29/Oct/2014:08:18:20 -0500] "GET /favicon.ico HTTP/1.1" 200 7782
181.61.53.141 - - [29/Oct/2014:08:18:21 -0500] "GET /videos/Spot_Tinguas.flv HTTP/1.1" 200 2087054
66.249.64.171 - - [29/Oct/2014:08:18:21 -0500] "GET /BLA/resoluciones/RESOLUCIONES%202009/7063.pdf HTTP/1.1" 200 381100
188.165.25.173 - - [29/Oct/2014:08:18:22 -0500] "GET /re1/Bioevolucion/relacion%20curriculo/cuadro%205%20tematica/?C=M;O=D HTTP/1.0" 404 1015
200.118.160.168 - - [29/Oct/2014:08:18:24 -0500] "GET /galeria/carrusel/Carrusel/jquery.thumbnailScroller.css HTTP/1.1" 200 2066
200.118.160.168 - - [29/Oct/2014:08:18:24 -0500] "GET /galeria/carrusel/Carrusel/jquery-ui-1.8.13.custom.min.js HTTP/1.1" 200 10800
200.118.160.168 - - [29/Oct/2014:08:18:24 -0500] "GET /galeria/carrusel/Carrusel/jquery.thumbnailScroller.js HTTP/1.1" 200 8157
188.165.25.173 - - [29/Oct/2014:08:18:25 -0500] "GET /re1/Bioevolucion/relacion%20curriculo/cuadro%206%20curriculo/?C=D;O=D HTTP/1.0" 404 1015
200.118.160.168 - - [29/Oct/2014:08:18:25 -0500] "GET /galeria/nivo-slider/demo/demo.html HTTP/1.1" 200 3316
200.118.160.168 - - [29/Oct/2014:08:18:25 -0500] "GET /galeria/nivo-slider/themes/default/default.css HTTP/1.1" 200 1569
200.118.160.168 - - [29/Oct/2014:08:18:25 -0500] "GET /galeria/nivo-slider/themes/pascal/pascal.css HTTP/1.1" 200 2258
200.118.160.168 - - [29/Oct/2014:08:18:25 -0500] "GET /galeria/nivo-slider/themes/orman/orman.css HTTP/1.1" 200 2152
200.118.160.168 - - [29/Oct/2014:08:18:25 -0500] "GET /galeria/nivo-slider/demo/style.css HTTP/1.1" 200 2222
200.118.160.168 - - [29/Oct/2014:08:18:25 -0500] "GET /galeria/nivo-slider/nivo-slider.css HTTP/1.1" 200 1507
200.118.160.168 - - [29/Oct/2014:08:18:25 -0500] "GET /galeria/nivo-slider/demo/scripts/jquery-1.7.1.min.js HTTP/1.1" 200 93868
200.118.160.168 - - [29/Oct/2014:08:18:25 -0500] "GET /galeria/nivo-slider/demo/images/banner-aceite3.jpg HTTP/1.1" 200 88347
200.118.160.168 - - [29/Oct/2014:08:18:25 -0500] "GET /galeria/nivo-slider/demo/images/porloshumedales.jpg HTTP/1.1" 200 351238
200.118.160.168 - - [29/Oct/2014:08:18:25 -0500] "GET /galeria/nivo-slider/jquery.nivo.slider.pack.js HTTP/1.1" 200 11561
200.118.160.168 - - [29/Oct/2014:08:18:25 -0500] "GET /galeria/nivo-slider/demo/images/mesTIC.jpg HTTP/1.1" 200 180719
200.118.160.168 - - [29/Oct/2014:08:18:25 -0500] "GET /galeria/nivo-slider/demo/images/Tingua-azul.jpg HTTP/1.1" 200 307638
200.118.160.168 - - [29/Oct/2014:08:18:25 -0500] "GET /galeria/nivo-slider/demo/images/Banner-Caracol-Africano.jpg HTTP/1.1" 200 331986
200.118.160.168 - - [29/Oct/2014:08:18:26 -0500] "GET /galeria/nivo-slider/demo/images/banner-redes.jpg HTTP/1.1" 200 62209
200.118.160.168 - - [29/Oct/2014:08:18:26 -0500] "GET /galeria/nivo-slider/demo/images/9Signos.jpg HTTP/1.1" 200 93040
200.118.160.168 - - [29/Oct/2014:08:18:26 -0500] "GET /galeria/nivo-slider/demo/images/banner-llantas2.jpg HTTP/1.1" 200 73153
200.118.160.168 - - [29/Oct/2014:08:18:27 -0500] "GET /galeria/nivo-slider/demo/images/banner-caballos.png HTTP/1.1" 200 389106
200.118.160.168 - - [29/Oct/2014:08:18:27 -0500] "GET /galeria/nivo-slider/demo/images/Hacienda_Molinos.jpg HTTP/1.1" 200 319171
200.118.160.168 - - [29/Oct/2014:08:18:27 -0500] "GET /galeria/nivo-slider/demo/images/bannerEcolecta3.jpg HTTP/1.1" 200 280034
200.118.160.168 - - [29/Oct/2014:08:18:27 -0500] "GET /galeria/nivo-slider/demo/images/4Simple_Slider.png HTTP/1.1" 200 11722
200.118.160.168 - - [29/Oct/2014:08:18:28 -0500] "GET /galeria/nivo-slider/themes/default/loading.gif HTTP/1.1" 200 1737
64.76.41.70 - - [29/Oct/2014:08:18:30 -0500] "GET /BLA/boletinlegal/js/jquery.js HTTP/1.1" 200 57254
64.76.41.70 - - [29/Oct/2014:08:18:30 -0500] "GET /BLA/boletinlegal/js/jquery.scrollTo-min.js HTTP/1.1" 200 1150
64.76.41.70 - - [29/Oct/2014:08:18:30 -0500] "GET /BLA/boletinlegal/js/jquery.scrollShow.js HTTP/1.1" 200 4586
200.118.160.168 - - [29/Oct/2014:08:18:30 -0500] "GET /galeria/nivo-slider/themes/default/arrows.png HTTP/1.1" 200 824
200.118.160.168 - - [29/Oct/2014:08:18:30 -0500] "GET /galeria/nivo-slider/themes/default/bullets.png HTTP/1.1" 200 1281
188.165.25.173 - - [29/Oct/2014:08:18:30 -0500] "GET /re1/Bioevolucion/relacion%20curriculo/cuadro%206%20curriculo/?C=M;O=D HTTP/1.0" 404 1015
66.249.64.167 - - [29/Oct/2014:08:18:30 -0500] "GET /BLA/resoluciones/RESOLUCIONES%202010/2381.pdf HTTP/1.1" 200 493754
200.118.160.168 - - [29/Oct/2014:08:18:31 -0500] "GET /videos/Spot_Tinguas.flv HTTP/1.1" 200 2087054
190.147.58.36 - - [29/Oct/2014:08:18:31 -0500] "GET /BLA/boletinlegal/js/jquery.js HTTP/1.1" 200 57254
190.147.58.36 - - [29/Oct/2014:08:18:31 -0500] "GET /BLA/boletinlegal/js/jquery.scrollTo-min.js HTTP/1.1" 200 1150
190.147.58.36 - - [29/Oct/2014:08:18:31 -0500] "GET /BLA/boletinlegal/js/jquery.scrollShow.js HTTP/1.1" 200 4586
190.147.58.36 - - [29/Oct/2014:08:18:31 -0500] "GET /galeria/carrusel/Carrusel/jquery.thumbnailScroller.css HTTP/1.1" 200 2066
190.147.58.36 - - [29/Oct/2014:08:18:31 -0500] "GET /galeria/carrusel/Carrusel/jquery-ui-1.8.13.custom.min.js HTTP/1.1" 200 10800
190.147.58.36 - - [29/Oct/2014:08:18:31 -0500] "GET /galeria/carrusel/Carrusel/jquery.thumbnailScroller.js HTTP/1.1" 200 8157
201.245.192.253 - - [29/Oct/2014:08:18:33 -0500] "GET /watch?v=HGNnQcu10is&feature=youtu.be&utm_source=Ex+sat%C3%A1nico+advierte+de+los+peligros+del+Halloween+2014%2F10%2F29%2C+5%3A56+AM&utm_campaign=Ex+sat%C3%83%C2%A1nico+advierte+de+los+peligros+del+Halloween&utm_medium=email HTTP/1.1" 404 1121
66.249.64.171 - - [29/Oct/2014:08:18:33 -0500] "GET /prueba/encuestaRMCAB/conn/ HTTP/1.1" 404 1018
190.147.58.36 - - [29/Oct/2014:08:18:33 -0500] "GET /galeria/nivo-slider/demo/demo.html HTTP/1.1" 200 3316
190.147.58.36 - - [29/Oct/2014:08:18:33 -0500] "GET /galeria/nivo-slider/themes/default/default.css HTTP/1.1" 200 1569
190.147.58.36 - - [29/Oct/2014:08:18:33 -0500] "GET /galeria/nivo-slider/themes/pascal/pascal.css HTTP/1.1" 200 2258
190.147.58.36 - - [29/Oct/2014:08:18:33 -0500] "GET /galeria/nivo-slider/themes/orman/orman.css HTTP/1.1" 200 2152
190.147.58.36 - - [29/Oct/2014:08:18:33 -0500] "GET /galeria/nivo-slider/nivo-slider.css HTTP/1.1" 200 1507
190.147.58.36 - - [29/Oct/2014:08:18:33 -0500] "GET /galeria/nivo-slider/demo/style.css HTTP/1.1" 200 2222
190.147.58.36 - - [29/Oct/2014:08:18:33 -0500] "GET /galeria/nivo-slider/jquery.nivo.slider.pack.js HTTP/1.1" 200 11561
190.147.58.36 - - [29/Oct/2014:08:18:33 -0500] "GET /galeria/nivo-slider/demo/scripts/jquery-1.7.1.min.js HTTP/1.1" 200 93868
190.147.58.36 - - [29/Oct/2014:08:18:33 -0500] "GET /galeria/nivo-slider/demo/images/porloshumedales.jpg HTTP/1.1" 200 351238
190.147.58.36 - - [29/Oct/2014:08:18:33 -0500] "GET /galeria/nivo-slider/demo/images/banner-aceite3.jpg HTTP/1.1" 200 88347
190.147.58.36 - - [29/Oct/2014:08:18:33 -0500] "GET /galeria/nivo-slider/demo/images/mesTIC.jpg HTTP/1.1" 200 180719
190.147.58.36 - - [29/Oct/2014:08:18:34 -0500] "GET /galeria/nivo-slider/demo/images/Tingua-azul.jpg HTTP/1.1" 200 307638
190.147.58.36 - - [29/Oct/2014:08:18:34 -0500] "GET /galeria/nivo-slider/demo/images/Banner-Caracol-Africano.jpg HTTP/1.1" 200 331986
190.147.58.36 - - [29/Oct/2014:08:18:34 -0500] "GET /galeria/nivo-slider/demo/images/4Simple_Slider.png HTTP/1.1" 200 11722
190.147.58.36 - - [29/Oct/2014:08:18:35 -0500] "GET /galeria/nivo-slider/themes/default/loading.gif HTTP/1.1" 200 1737
190.147.58.36 - - [29/Oct/2014:08:18:35 -0500] "GET /galeria/nivo-slider/demo/images/banner-redes.jpg HTTP/1.1" 200 62209
190.147.58.36 - - [29/Oct/2014:08:18:36 -0500] "GET /galeria/nivo-slider/demo/images/9Signos.jpg HTTP/1.1" 200 93040
190.147.58.36 - - [29/Oct/2014:08:18:36 -0500] "GET /galeria/nivo-slider/demo/images/banner-llantas2.jpg HTTP/1.1" 200 73153
190.147.58.36 - - [29/Oct/2014:08:18:36 -0500] "GET /galeria/nivo-slider/demo/images/banner-caballos.png HTTP/1.1" 200 389106
190.147.58.36 - - [29/Oct/2014:08:18:36 -0500] "GET /galeria/nivo-slider/demo/images/Hacienda_Molinos.jpg HTTP/1.1" 200 319171
190.147.58.36 - - [29/Oct/2014:08:18:36 -0500] "GET /galeria/nivo-slider/demo/images/bannerEcolecta3.jpg HTTP/1.1" 200 280034
66.249.64.171 - - [29/Oct/2014:08:18:38 -0500] "GET /prueba/encuestaRMCAB/images/ HTTP/1.1" 404 1018
190.147.58.36 - - [29/Oct/2014:08:18:38 -0500] "GET /galeria/nivo-slider/themes/default/bullets.png HTTP/1.1" 200 1281
190.147.58.36 - - [29/Oct/2014:08:18:38 -0500] "GET /galeria/nivo-slider/themes/default/arrows.png HTTP/1.1" 200 824
190.147.58.36 - - [29/Oct/2014:08:18:39 -0500] "GET /videos/Spot_Tinguas.flv HTTP/1.1" 200 2087054
201.245.192.253 - - [29/Oct/2014:08:18:41 -0500] "GET /watch?v=HGNnQcu10is&feature=youtu.be&utm_source=Ex+sat%C3%A1nico+advierte+de+los+peligros+del+Halloween+2014%2F10%2F29%2C+5%3A56+AM&utm_campaign=Ex+sat%C3%83%C2%A1nico+advierte+de+los+peligros+del+Halloween&utm_medium=email HTTP/1.1" 404 1121
188.165.25.173 - - [29/Oct/2014:08:18:41 -0500] "GET /re1/Que%20es/Marco%20legal/Normas%20internacionales/?C=D;O=D HTTP/1.0" 404 1015
66.249.64.167 - - [29/Oct/2014:08:18:42 -0500] "GET /BLA/resoluciones/RESOLUCIONES%202007/RES%202007%203301%20AL%203400/RESOLUCION%203385%20DE%202007.pdf HTTP/1.1" 200 383583
181.135.91.80 - - [29/Oct/2014:08:18:43 -0500] "GET /videos/Video_ServidorMesRespons.flv HTTP/1.1" 200 40732342
66.249.64.167 - - [29/Oct/2014:08:18:46 -0500] "GET /BLA/resoluciones/RESOLUCIONES%202009/3704.pdf HTTP/1.1" 200 53408
188.165.25.173 - - [29/Oct/2014:08:18:47 -0500] "GET /re1/Que%20es/Marco%20legal/Normas%20internacionales/?C=M;O=D HTTP/1.0" 404 1015
66.249.64.167 - - [29/Oct/2014:08:18:51 -0500] "GET /BLA/resoluciones/AUTOS%202011/0489.pdf HTTP/1.1" 200 376421
201.245.192.253 - - [29/Oct/2014:08:18:52 -0500] "GET /plugins/like.php?locale=es_ES&href=http%3A%2F%2Fwww.facebook.com%2Fmsn&send=false&layout=button_count&width=450&show_faces=false&font&colorscheme=light&action=like&height=21 HTTP/1.1" 404 1528
188.165.25.173 - - [29/Oct/2014:08:18:53 -0500] "GET /re1/Que%20es/Marco%20legal/Normas%20nacionales/?C=M;O=D HTTP/1.0" 404 1015
201.245.192.253 - - [29/Oct/2014:08:18:54 -0500] "GET /forest/misactividades.do?_a=0.13390637350284496&group_system_actual=3 HTTP/1.1" 200 36512
201.245.192.253 - - [29/Oct/2014:08:18:54 -0500] "GET /forest/skins/gdocs-jar/css/autocomplete.css?version=1410.211635 HTTP/1.1" 304 -
201.245.192.253 - - [29/Oct/2014:08:18:54 -0500] "GET /forest/skins/gdocs-jar/css/menu.css?version=1410.211635 HTTP/1.1" 304 -
201.245.192.253 - - [29/Oct/2014:08:18:54 -0500] "GET /forest/skins/gdocs-jar/css/forms.css?version=1410.211635 HTTP/1.1" 304 -
201.245.192.253 - - [29/Oct/2014:08:18:54 -0500] "GET /forest/css/escritorio.css?version=1410.211635 HTTP/1.1" 304 -
201.245.192.253 - - [29/Oct/2014:08:18:54 -0500] "GET /forest/1ibre/jscalendar/calendar-win2k-1.css?version=1410.211635 HTTP/1.1" 304 -
201.245.192.253 - - [29/Oct/2014:08:18:54 -0500] "GET /forest/img/forestIcon.gif?version=1410.211635 HTTP/1.1" 304 -
201.245.192.253 - - [29/Oct/2014:08:18:54 -0500] "GET /forest/skins/gdocs-jar/css/dialog.css?version=1410.211635 HTTP/1.1" 304 -
201.245.192.253 - - [29/Oct/2014:08:18:54 -0500] "GET /forest/session.jsp?a=0.0799243710148817 HTTP/1.1" 200 4
201.245.192.253 - - [29/Oct/2014:08:18:54 -0500] "POST /forest/misactividades.do?ajax=true&a=0.001975386512437005 HTTP/1.1" 200 1871
201.245.192.253 - - [29/Oct/2014:08:18:55 -0500] "GET /watch?v=HGNnQcu10is&feature=youtu.be&utm_source=Ex+sat%C3%A1nico+advierte+de+los+peligros+del+Halloween+2014%2F10%2F29%2C+5%3A56+AM&utm_campaign=Ex+sat%C3%83%C2%A1nico+advierte+de+los+peligros+del+Halloween&utm_medium=email HTTP/1.1" 404 1121
66.249.64.167 - - [29/Oct/2014:08:18:55 -0500] "GET /BLA/resoluciones/AUTOS%202011/2027.pdf HTTP/1.1" 200 162475
201.245.192.253 - - [29/Oct/2014:08:18:57 -0500] "GET /forest/usutareas.do?_a=0.7570959470076895&group_system_actual=3 HTTP/1.1" 200 103960
201.245.192.253 - - [29/Oct/2014:08:18:57 -0500] "GET /forest/css/escritorio.css?version=1410.211635 HTTP/1.1" 304 -
201.245.192.253 - - [29/Oct/2014:08:18:57 -0500] "GET /forest/skins/gdocs-jar/css/menu.css?version=1410.211635 HTTP/1.1" 304 -
201.245.192.253 - - [29/Oct/2014:08:18:57 -0500] "GET /forest/1ibre/jscalendar/calendar-win2k-1.css?version=1410.211635 HTTP/1.1" 304 -
201.245.192.253 - - [29/Oct/2014:08:18:57 -0500] "GET /forest/skins/gdocs-jar/css/dialog.css?version=1410.211635 HTTP/1.1" 304 -
201.245.192.253 - - [29/Oct/2014:08:18:57 -0500] "GET /forest/skins/gdocs-jar/css/autocomplete.css?version=1410.211635 HTTP/1.1" 304 -
201.245.192.253 - - [29/Oct/2014:08:18:57 -0500] "GET /forest/skins/gdocs-jar/css/forms.css?version=1410.211635 HTTP/1.1" 304 -
201.245.192.253 - - [29/Oct/2014:08:18:57 -0500] "GET /forest/img/forestIcon.gif?version=1410.211635 HTTP/1.1" 304 -
201.245.192.253 - - [29/Oct/2014:08:18:57 -0500] "GET /forest/skins/gdocs-jar/js/swfobject.js?version=1410.211635 HTTP/1.1" 304 -
201.245.192.253 - - [29/Oct/2014:08:18:57 -0500] "GET /forest/skins/gdocs-jar/js/tareas.js?version=1410.211635 HTTP/1.1" 304 -
201.245.192.253 - - [29/Oct/2014:08:18:57 -0500] "GET /forest/skins/gdocs-jar/js/number-functions.js?version=1410.211635 HTTP/1.1" 304 -
201.245.192.253 - - [29/Oct/2014:08:18:57 -0500] "GET /forest/skins/gdocs-jar/js/formsBase.js?version=1410.211635 HTTP/1.1" 304 -
201.245.192.253 - - [29/Oct/2014:08:18:57 -0500] "GET /forest/skins/gdocs-jar/js/graphicForm.js?version=1410.211635 HTTP/1.1" 304 -
201.245.192.253 - - [29/Oct/2014:08:18:58 -0500] "GET /forest/session.jsp?a=0.8545887829367657 HTTP/1.1" 200 4
66.249.64.167 - - [29/Oct/2014:08:18:59 -0500] "GET /BLA/resoluciones/AUTOS%202011/4060.pdf HTTP/1.1" 200 142439
201.245.192.253 - - [29/Oct/2014:08:18:59 -0500] "GET /plugins/like.php?locale=es_ES&href=http%3A%2F%2Fwww.facebook.com%2Fmsn&send=false&layout=button_count&width=450&show_faces=false&font&colorscheme=light&action=like&height=21 HTTP/1.1" 404 1362
201.245.192.253 - - [29/Oct/2014:08:19:00 -0500] "GET /embed/videoseries?list=PLC05987E1F5C9A87C HTTP/1.1" 404 1285
66.249.64.171 - - [29/Oct/2014:08:19:03 -0500] "GET /BLA/resoluciones/AUTOS%202011/6981.pdf HTTP/1.1" 200 155173
201.245.192.253 - - [29/Oct/2014:08:18:59 -0500] "GET /forest/documentos/1948525/2014ER178142.pdf HTTP/1.1" 200 2735298
188.165.25.173 - - [29/Oct/2014:08:19:04 -0500] "GET /re1/Que%20es/Marco%20pedagocico/educacion%20ambiental/?C=N;O=A HTTP/1.0" 404 1015
201.245.192.253 - - [29/Oct/2014:08:19:06 -0500] "GET /watch?v=HGNnQcu10is&feature=youtu.be&utm_source=Ex+sat%C3%A1nico+advierte+de+los+peligros+del+Halloween+2014%2F10%2F29%2C+5%3A56+AM&utm_campaign=Ex+sat%C3%83%C2%A1nico+advierte+de+los+peligros+del+Halloween&utm_medium=email HTTP/1.1" 404 1121
186.112.30.62 - - [29/Oct/2014:08:19:08 -0500] "GET /BLA/boletinlegal/js/jquery.js HTTP/1.1" 200 57254
186.112.30.62 - - [29/Oct/2014:08:19:08 -0500] "GET /BLA/boletinlegal/js/jquery.scrollShow.js HTTP/1.1" 200 4586
186.112.30.62 - - [29/Oct/2014:08:19:09 -0500] "GET /BLA/boletinlegal/js/jquery.scrollTo-min.js HTTP/1.1" 200 1150
186.112.30.62 - - [29/Oct/2014:08:19:09 -0500] "GET /galeria/carrusel/Carrusel/jquery.thumbnailScroller.css HTTP/1.1" 200 2066
186.112.30.62 - - [29/Oct/2014:08:19:09 -0500] "GET /galeria/carrusel/Carrusel/jquery-ui-1.8.13.custom.min.js HTTP/1.1" 200 10800
186.112.30.62 - - [29/Oct/2014:08:19:10 -0500] "GET /galeria/carrusel/Carrusel/jquery.thumbnailScroller.js HTTP/1.1" 200 8157
66.249.64.163 - - [29/Oct/2014:08:19:10 -0500] "GET /BLA/resoluciones/AUTOS%202011/1799.pdf HTTP/1.1" 200 272531
201.245.192.253 - - [29/Oct/2014:08:19:11 -0500] "GET /watch?v=HGNnQcu10is&feature=youtu.be&utm_source=Ex+sat%C3%A1nico+advierte+de+los+peligros+del+Halloween+2014%2F10%2F29%2C+5%3A56+AM&utm_campaign=Ex+sat%C3%83%C2%A1nico+advierte+de+los+peligros+del+Halloween&utm_medium=email HTTP/1.1" 404 1121
188.165.25.173 - - [29/Oct/2014:08:19:11 -0500] "GET /re1/Que%20es/Marco%20pedagocico/gestion%20residuos/?C=D;O=D HTTP/1.0" 404 1015
186.28.212.201 - - [29/Oct/2014:08:19:13 -0500] "GET /galeria/carrusel/Carrusel/jquery.thumbnailScroller.css HTTP/1.1" 200 2066
186.28.212.201 - - [29/Oct/2014:08:19:13 -0500] "GET /BLA/boletinlegal/js/jquery.js HTTP/1.1" 200 57254
186.28.212.201 - - [29/Oct/2014:08:19:13 -0500] "GET /BLA/boletinlegal/js/jquery.scrollTo-min.js HTTP/1.1" 200 1150
201.245.192.253 - - [29/Oct/2014:08:19:13 -0500] "GET / HTTP/1.1" 302 -
186.28.212.201 - - [29/Oct/2014:08:19:13 -0500] "GET /BLA/boletinlegal/js/jquery.scrollShow.js HTTP/1.1" 200 4586
186.28.212.201 - - [29/Oct/2014:08:19:13 -0500] "GET /galeria/carrusel/Carrusel/jquery.thumbnailScroller.js HTTP/1.1" 200 8157
186.28.212.201 - - [29/Oct/2014:08:19:13 -0500] "GET /galeria/carrusel/Carrusel/jquery-ui-1.8.13.custom.min.js HTTP/1.1" 200 10800
186.112.30.62 - - [29/Oct/2014:08:19:13 -0500] "GET /galeria/nivo-slider/demo/demo.html HTTP/1.1" 200 3316
186.112.30.62 - - [29/Oct/2014:08:19:15 -0500] "GET /galeria/nivo-slider/themes/default/default.css HTTP/1.1" 200 1569
186.112.30.62 - - [29/Oct/2014:08:19:15 -0500] "GET /galeria/nivo-slider/themes/pascal/pascal.css HTTP/1.1" 200 2258
186.112.30.62 - - [29/Oct/2014:08:19:15 -0500] "GET /galeria/nivo-slider/themes/orman/orman.css HTTP/1.1" 200 2152
186.112.30.62 - - [29/Oct/2014:08:19:15 -0500] "GET /galeria/nivo-slider/nivo-slider.css HTTP/1.1" 200 1507
186.112.30.62 - - [29/Oct/2014:08:19:15 -0500] "GET /galeria/nivo-slider/demo/style.css HTTP/1.1" 200 2222
186.112.30.62 - - [29/Oct/2014:08:19:15 -0500] "GET /galeria/nivo-slider/demo/images/porloshumedales.jpg HTTP/1.1" 200 351238
186.112.30.62 - - [29/Oct/2014:08:19:15 -0500] "GET /galeria/nivo-slider/demo/images/banner-aceite3.jpg HTTP/1.1" 200 88347
186.112.30.62 - - [29/Oct/2014:08:19:15 -0500] "GET /galeria/nivo-slider/demo/images/mesTIC.jpg HTTP/1.1" 200 180719
186.112.30.62 - - [29/Oct/2014:08:19:15 -0500] "GET /galeria/nivo-slider/demo/images/Tingua-azul.jpg HTTP/1.1" 200 307638
186.112.30.62 - - [29/Oct/2014:08:19:15 -0500] "GET /galeria/nivo-slider/demo/images/Banner-Caracol-Africano.jpg HTTP/1.1" 200 331986
186.112.30.62 - - [29/Oct/2014:08:19:15 -0500] "GET /galeria/nivo-slider/demo/images/banner-redes.jpg HTTP/1.1" 200 62209
186.112.30.62 - - [29/Oct/2014:08:19:16 -0500] "GET /galeria/nivo-slider/themes/default/loading.gif HTTP/1.1" 200 1737
186.112.30.62 - - [29/Oct/2014:08:19:16 -0500] "GET /galeria/nivo-slider/demo/images/4Simple_Slider.png HTTP/1.1" 200 11722
186.112.30.62 - - [29/Oct/2014:08:19:16 -0500] "GET /galeria/nivo-slider/demo/images/9Signos.jpg HTTP/1.1" 200 93040
186.112.30.62 - - [29/Oct/2014:08:19:17 -0500] "GET /galeria/nivo-slider/demo/images/banner-llantas2.jpg HTTP/1.1" 200 73153
186.112.30.62 - - [29/Oct/2014:08:19:17 -0500] "GET /galeria/nivo-slider/demo/images/banner-caballos.png HTTP/1.1" 200 389106
188.165.25.173 - - [29/Oct/2014:08:19:17 -0500] "GET /re1/Que%20es/Marco%20pedagocico/gestion%20residuos/?C=M;O=D HTTP/1.0" 404 1015
186.112.30.62 - - [29/Oct/2014:08:19:17 -0500] "GET /galeria/nivo-slider/demo/images/Hacienda_Molinos.jpg HTTP/1.1" 200 319171
186.112.30.62 - - [29/Oct/2014:08:19:17 -0500] "GET /galeria/nivo-slider/demo/images/bannerEcolecta3.jpg HTTP/1.1" 200 280034
186.112.30.62 - - [29/Oct/2014:08:19:18 -0500] "GET /galeria/nivo-slider/demo/scripts/jquery-1.7.1.min.js HTTP/1.1" 200 93868
186.112.30.62 - - [29/Oct/2014:08:19:18 -0500] "GET /galeria/nivo-slider/jquery.nivo.slider.pack.js HTTP/1.1" 200 11561
201.245.192.253 - - [29/Oct/2014:08:19:19 -0500] "GET /forest/session.jsp?a=0.4129589284328642 HTTP/1.1" 200 4
186.112.30.62 - - [29/Oct/2014:08:19:20 -0500] "GET /galeria/nivo-slider/themes/default/arrows.png HTTP/1.1" 200 824
186.112.30.62 - - [29/Oct/2014:08:19:20 -0500] "GET /galeria/nivo-slider/themes/default/bullets.png HTTP/1.1" 200 1281
186.28.212.201 - - [29/Oct/2014:08:19:23 -0500] "GET /galeria/nivo-slider/demo/demo.html HTTP/1.1" 200 3316
186.28.212.201 - - [29/Oct/2014:08:19:23 -0500] "GET /galeria/nivo-slider/themes/default/default.css HTTP/1.1" 200 1569
186.28.212.201 - - [29/Oct/2014:08:19:23 -0500] "GET /galeria/nivo-slider/themes/pascal/pascal.css HTTP/1.1" 200 2258
186.28.212.201 - - [29/Oct/2014:08:19:23 -0500] "GET /galeria/nivo-slider/themes/orman/orman.css HTTP/1.1" 200 2152
186.28.212.201 - - [29/Oct/2014:08:19:23 -0500] "GET /galeria/nivo-slider/nivo-slider.css HTTP/1.1" 200 1507
186.28.212.201 - - [29/Oct/2014:08:19:23 -0500] "GET /galeria/nivo-slider/demo/style.css HTTP/1.1" 200 2222
186.28.212.201 - - [29/Oct/2014:08:19:23 -0500] "GET /galeria/nivo-slider/demo/scripts/jquery-1.7.1.min.js HTTP/1.1" 200 93868
186.28.212.201 - - [29/Oct/2014:08:19:23 -0500] "GET /galeria/nivo-slider/jquery.nivo.slider.pack.js HTTP/1.1" 200 11561
186.28.212.201 - - [29/Oct/2014:08:19:23 -0500] "GET /galeria/nivo-slider/demo/images/porloshumedales.jpg HTTP/1.1" 200 351238
186.28.212.201 - - [29/Oct/2014:08:19:23 -0500] "GET /galeria/nivo-slider/demo/images/banner-aceite3.jpg HTTP/1.1" 200 88347
186.28.212.201 - - [29/Oct/2014:08:19:23 -0500] "GET /galeria/nivo-slider/demo/images/mesTIC.jpg HTTP/1.1" 200 180719
186.28.212.201 - - [29/Oct/2014:08:19:23 -0500] "GET /galeria/nivo-slider/demo/images/Tingua-azul.jpg HTTP/1.1" 200 307638
186.28.212.201 - - [29/Oct/2014:08:19:24 -0500] "GET /galeria/nivo-slider/demo/images/4Simple_Slider.png HTTP/1.1" 200 11722
186.28.212.201 - - [29/Oct/2014:08:19:24 -0500] "GET /galeria/nivo-slider/themes/default/loading.gif HTTP/1.1" 200 1737
188.165.25.173 - - [29/Oct/2014:08:19:25 -0500] "GET /re1/Que%20es/Marco%20pedagocico/modelo%20pedagogico/?C=D;O=D HTTP/1.0" 404 1015
186.28.212.201 - - [29/Oct/2014:08:19:25 -0500] "GET /galeria/nivo-slider/demo/images/Banner-Caracol-Africano.jpg HTTP/1.1" 200 331986
186.28.212.201 - - [29/Oct/2014:08:19:25 -0500] "GET /galeria/nivo-slider/demo/images/banner-redes.jpg HTTP/1.1" 200 62209
186.28.212.201 - - [29/Oct/2014:08:19:26 -0500] "GET /galeria/nivo-slider/demo/images/9Signos.jpg HTTP/1.1" 200 93040
186.28.212.201 - - [29/Oct/2014:08:19:26 -0500] "GET /galeria/nivo-slider/demo/images/banner-llantas2.jpg HTTP/1.1" 200 73153
186.28.212.201 - - [29/Oct/2014:08:19:27 -0500] "GET /galeria/nivo-slider/demo/images/banner-caballos.png HTTP/1.1" 200 389106
186.28.212.201 - - [29/Oct/2014:08:19:27 -0500] "GET /galeria/nivo-slider/demo/images/Hacienda_Molinos.jpg HTTP/1.1" 200 319171
186.28.212.201 - - [29/Oct/2014:08:19:28 -0500] "GET /galeria/nivo-slider/demo/images/bannerEcolecta3.jpg HTTP/1.1" 200 280034
66.249.64.43 - - [29/Oct/2014:08:19:29 -0500] "GET /Autoliquidacion/index.php?dir=Fauna+Silvestre%2F HTTP/1.1" 200 3499
181.135.91.80 - - [29/Oct/2014:08:19:29 -0500] "GET /galeria/carrusel/Carrusel/jquery.thumbnailScroller.css HTTP/1.1" 200 2066
181.135.91.80 - - [29/Oct/2014:08:19:29 -0500] "GET /BLA/boletinlegal/js/jquery.js HTTP/1.1" 200 57254
181.135.91.80 - - [29/Oct/2014:08:19:29 -0500] "GET /BLA/boletinlegal/js/jquery.scrollShow.js HTTP/1.1" 200 4586
181.135.91.80 - - [29/Oct/2014:08:19:29 -0500] "GET /BLA/boletinlegal/js/jquery.scrollTo-min.js HTTP/1.1" 200 1150
181.135.91.80 - - [29/Oct/2014:08:19:29 -0500] "GET /galeria/carrusel/Carrusel/jquery-ui-1.8.13.custom.min.js HTTP/1.1" 200 10800
181.135.91.80 - - [29/Oct/2014:08:19:29 -0500] "GET /galeria/carrusel/Carrusel/jquery.thumbnailScroller.js HTTP/1.1" 200 8157
188.165.25.173 - - [29/Oct/2014:08:19:30 -0500] "GET /re1/Que%20es/Marco%20pedagocico/modelo%20pedagogico/?C=N;O=A HTTP/1.0" 404 1015
66.249.64.167 - - [29/Oct/2014:08:19:30 -0500] "GET /BLA/resoluciones/AUTOS%202011/0073.pdf HTTP/1.1" 200 416549
66.249.64.167 - - [29/Oct/2014:08:19:30 -0500] "GET /BLA/resoluciones/RESOLUCIONES%202009/8054.pdf HTTP/1.1" 200 420434
181.135.91.80 - - [29/Oct/2014:08:19:31 -0500] "GET /galeria/nivo-slider/demo/demo.html HTTP/1.1" 200 3316
181.135.91.80 - - [29/Oct/2014:08:19:31 -0500] "GET /galeria/nivo-slider/themes/default/default.css HTTP/1.1" 200 1569
181.135.91.80 - - [29/Oct/2014:08:19:31 -0500] "GET /galeria/nivo-slider/themes/pascal/pascal.css HTTP/1.1" 200 2258
181.135.91.80 - - [29/Oct/2014:08:19:31 -0500] "GET /galeria/nivo-slider/demo/style.css HTTP/1.1" 200 2222
181.135.91.80 - - [29/Oct/2014:08:19:31 -0500] "GET /galeria/nivo-slider/nivo-slider.css HTTP/1.1" 200 1507
181.135.91.80 - - [29/Oct/2014:08:19:31 -0500] "GET /galeria/nivo-slider/themes/orman/orman.css HTTP/1.1" 200 2152
181.135.91.80 - - [29/Oct/2014:08:19:31 -0500] "GET /galeria/nivo-slider/demo/images/porloshumedales.jpg HTTP/1.1" 200 351238
181.135.91.80 - - [29/Oct/2014:08:19:31 -0500] "GET /galeria/nivo-slider/demo/scripts/jquery-1.7.1.min.js HTTP/1.1" 200 93868
181.135.91.80 - - [29/Oct/2014:08:19:31 -0500] "GET /galeria/nivo-slider/jquery.nivo.slider.pack.js HTTP/1.1" 200 11561
181.135.91.80 - - [29/Oct/2014:08:19:31 -0500] "GET /galeria/nivo-slider/demo/images/banner-aceite3.jpg HTTP/1.1" 200 88347
181.135.91.80 - - [29/Oct/2014:08:19:31 -0500] "GET /galeria/nivo-slider/demo/images/mesTIC.jpg HTTP/1.1" 200 180719
181.135.91.80 - - [29/Oct/2014:08:19:31 -0500] "GET /galeria/nivo-slider/demo/images/Tingua-azul.jpg HTTP/1.1" 200 307638
181.135.91.80 - - [29/Oct/2014:08:19:31 -0500] "GET /galeria/nivo-slider/themes/default/loading.gif HTTP/1.1" 200 1737
181.135.91.80 - - [29/Oct/2014:08:19:31 -0500] "GET /galeria/nivo-slider/demo/images/4Simple_Slider.png HTTP/1.1" 200 11722
181.135.91.80 - - [29/Oct/2014:08:19:31 -0500] "GET /galeria/nivo-slider/demo/images/Banner-Caracol-Africano.jpg HTTP/1.1" 200 331986
181.135.91.80 - - [29/Oct/2014:08:19:32 -0500] "GET /galeria/nivo-slider/demo/images/banner-redes.jpg HTTP/1.1" 200 62209
181.135.91.80 - - [29/Oct/2014:08:19:32 -0500] "GET /galeria/nivo-slider/demo/images/9Signos.jpg HTTP/1.1" 200 93040
181.135.91.80 - - [29/Oct/2014:08:19:32 -0500] "GET /galeria/nivo-slider/demo/images/banner-llantas2.jpg HTTP/1.1" 200 73153
181.135.91.80 - - [29/Oct/2014:08:19:32 -0500] "GET /galeria/nivo-slider/demo/images/banner-caballos.png HTTP/1.1" 200 389106
181.55.253.84 - - [29/Oct/2014:08:19:32 -0500] "GET /BLA/boletinlegal/js/jquery.js HTTP/1.1" 200 57254
181.55.253.84 - - [29/Oct/2014:08:19:32 -0500] "GET /BLA/boletinlegal/js/jquery.scrollTo-min.js HTTP/1.1" 200 1150
181.55.253.84 - - [29/Oct/2014:08:19:32 -0500] "GET /BLA/boletinlegal/js/jquery.scrollShow.js HTTP/1.1" 200 4586
186.28.212.201 - - [29/Oct/2014:08:19:32 -0500] "GET /galeria/nivo-slider/themes/default/arrows.png HTTP/1.1" 200 824
186.28.212.201 - - [29/Oct/2014:08:19:32 -0500] "GET /galeria/nivo-slider/themes/default/bullets.png HTTP/1.1" 200 1281
181.135.91.80 - - [29/Oct/2014:08:19:32 -0500] "GET /galeria/nivo-slider/demo/images/Hacienda_Molinos.jpg HTTP/1.1" 200 319171
