181.48.114.162 - - [29/Oct/2014:07:45:56 -0500] "GET /galeria/nivo-slider/themes/default/loading.gif HTTP/1.0" 200 1737
66.249.64.171 - - [29/Oct/2014:07:45:58 -0500] "GET /BLA/resoluciones/RESOLUCIONES%202010/2777.pdf HTTP/1.1" 200 1446916
74.86.158.107 - - [29/Oct/2014:07:45:58 -0500] "HEAD / HTTP/1.1" 302 -
181.48.114.162 - - [29/Oct/2014:07:45:59 -0500] "GET /videos/Spot_Tinguas.flv HTTP/1.0" 200 2087054
181.48.114.162 - - [29/Oct/2014:07:46:02 -0500] "GET /galeria/nivo-slider/themes/default/bullets.png HTTP/1.0" 200 1281
181.48.114.162 - - [29/Oct/2014:07:46:02 -0500] "GET /galeria/nivo-slider/themes/default/arrows.png HTTP/1.0" 200 824
66.249.64.167 - - [29/Oct/2014:07:46:03 -0500] "GET /BLA/resoluciones/RESOLUCIONES%202009/4448.pdf HTTP/1.1" 200 401966
66.249.64.171 - - [29/Oct/2014:07:46:06 -0500] "GET /BLA/resoluciones/RESOLUCIONES%202010/4447.pdf HTTP/1.1" 200 518982
119.63.193.130 - - [29/Oct/2014:07:46:10 -0500] "GET / HTTP/1.1" 302 -
66.249.64.163 - - [29/Oct/2014:07:46:11 -0500] "GET /BLA/resoluciones/RESOLUCIONES%202010/3582.pdf HTTP/1.1" 200 511323
66.249.64.163 - - [29/Oct/2014:07:46:15 -0500] "GET /BLA/resoluciones/RESOLUCIONES%202010/0657.pdf HTTP/1.1" 200 515605
201.245.192.253 - - [29/Oct/2014:07:46:18 -0500] "GET /plugins/likebox.php?href=http%3A%2F%2Fwww.facebook.com%2Fdesfaziendoentuertos& HTTP/1.1" 404 1482
66.249.64.167 - - [29/Oct/2014:07:46:19 -0500] "GET /BLA/resoluciones/RESOLUCIONES%202010/4155.pdf HTTP/1.1" 200 754267
201.245.192.253 - - [29/Oct/2014:07:46:20 -0500] "GET /embed/N02_piL1nO8?version=3& HTTP/1.1" 404 1019
201.245.192.253 - - [29/Oct/2014:07:46:21 -0500] "GET /v/EeOes4LIgtc?adformat=2_9&version=3&showinfo=0&rel=0&controls=1&iv_load_policy=1 HTTP/1.1" 404 3203
66.249.64.163 - - [29/Oct/2014:07:46:23 -0500] "GET /BLA/resoluciones/AUTOS%202012/1750.pdf HTTP/1.1" 200 291727
66.249.64.163 - - [29/Oct/2014:07:46:27 -0500] "GET /BLA/resoluciones/AUTOS%202009/0516.pdf HTTP/1.1" 200 458161
66.249.64.163 - - [29/Oct/2014:07:46:32 -0500] "GET /BLA/resoluciones/AUTOS%202012/0069.pdf HTTP/1.1" 200 177170
66.249.64.171 - - [29/Oct/2014:07:46:36 -0500] "GET /BLA/resoluciones/RESOLUCIONES%202010/0055.pdf HTTP/1.1" 200 520533
201.245.192.253 - - [29/Oct/2014:07:46:38 -0500] "GET /v/EeOes4LIgtc?adformat=2_9&version=3&showinfo=0&rel=0&controls=1&iv_load_policy=1 HTTP/1.1" 404 3177
180.76.5.170 - - [29/Oct/2014:07:46:39 -0500] "GET /BLA/resoluciones/AUTOS%202011/3749.pdf HTTP/1.1" 200 217061
66.249.64.167 - - [29/Oct/2014:07:46:40 -0500] "GET /BLA/resoluciones/AUTOS%202009/0093.pdf HTTP/1.1" 200 76859
190.26.119.3 - - [29/Oct/2014:07:46:44 -0500] "GET /isolucionsda/g/Bot_AyudaOver.jpg HTTP/1.1" 200 1659
66.249.64.163 - - [29/Oct/2014:07:46:44 -0500] "GET /BLA/resoluciones/AUTOS%202009/0430.pdf HTTP/1.1" 200 117893
190.26.119.3 - - [29/Oct/2014:07:46:45 -0500] "GET /isolucionsda/FrameSetGeneral.asp?Pagina=SucursalSeleccion.asp&CargaPagina=ModuloProcesos&IdModulo=3 HTTP/1.1" 200 6716
190.26.119.3 - - [29/Oct/2014:07:46:45 -0500] "GET /isolucionsda/Encabezado.asp?Pagina=SucursalSeleccion.asp&CargaPagina=ModuloProcesos&IdModulo=3 HTTP/1.1" 200 15404
190.26.119.3 - - [29/Oct/2014:07:46:45 -0500] "GET /isolucionsda/BarraTitulos.asp?Pagina=SucursalSeleccion.asp&CargaPagina=ModuloProcesos&IdModulo=3 HTTP/1.1" 200 6988
190.26.119.3 - - [29/Oct/2014:07:46:45 -0500] "GET /isolucionsda/SucursalSeleccion.asp?Pagina=SucursalSeleccion.asp&CargaPagina=ModuloProcesos&IdModulo=3 HTTP/1.1" 302 221
190.26.119.3 - - [29/Oct/2014:07:46:45 -0500] "GET /isolucionsda/BarraFavoritos.asp HTTP/1.1" 200 911
190.26.119.3 - - [29/Oct/2014:07:46:45 -0500] "GET /isolucionsda/BancoConocimiento/M/MAPADEPROCESOSSDA_v3/MAPADEPROCESOSSDA_v3.asp HTTP/1.1" 302 159
190.26.119.3 - - [29/Oct/2014:07:46:45 -0500] "GET /isolucionsda/Session.asp?Continue=1 HTTP/1.1" 200 6324
190.26.119.3 - - [29/Oct/2014:07:46:45 -0500] "GET /isolucionsda/BancoConocimiento/M/MAPADEPROCESOSSDA_v3/mapa%20de%20procesos%20sda%2020110.mht HTTP/1.1" 200 472990
66.249.64.167 - - [29/Oct/2014:07:46:48 -0500] "GET /BLA/resoluciones/RESOLUCIONES%202010/4465.pdf HTTP/1.1" 200 459993
150.214.168.149 - - [29/Oct/2014:07:46:49 -0500] "GET /BLA/boletinlegal/js/jquery.js HTTP/1.1" 200 57254
150.214.168.149 - - [29/Oct/2014:07:46:49 -0500] "GET /BLA/boletinlegal/js/jquery.scrollShow.js HTTP/1.1" 200 4586
150.214.168.149 - - [29/Oct/2014:07:46:49 -0500] "GET /BLA/boletinlegal/js/jquery.scrollTo-min.js HTTP/1.1" 200 1150
190.26.119.3 - - [29/Oct/2014:07:46:49 -0500] "GET /isolucionsda/framesetgeneral.asp?pagina=bancoconocimiento/G/GESTIONAMBIENTALYDESARROLLORURAL_v4/GESTIONAMBIENTALYDESARROLLORURAL_v4.asp?IdArticulo=2286 HTTP/1.1" 200 6962
190.26.119.3 - - [29/Oct/2014:07:46:49 -0500] "GET /isolucionsda/Encabezado.asp?pagina=bancoconocimiento/G/GESTIONAMBIENTALYDESARROLLORURAL_v4/GESTIONAMBIENTALYDESARROLLORURAL_v4.asp?IdArticulo=2286 HTTP/1.1" 200 15456
190.26.119.3 - - [29/Oct/2014:07:46:49 -0500] "GET /isolucionsda/BarraTitulos.asp?pagina=bancoconocimiento/G/GESTIONAMBIENTALYDESARROLLORURAL_v4/GESTIONAMBIENTALYDESARROLLORURAL_v4.asp?IdArticulo=2286 HTTP/1.1" 200 6988
190.26.119.3 - - [29/Oct/2014:07:46:49 -0500] "GET /isolucionsda/BarraFavoritos.asp HTTP/1.1" 200 911
190.26.119.3 - - [29/Oct/2014:07:46:50 -0500] "GET /isolucionsda/bancoconocimiento/G/GESTIONAMBIENTALYDESARROLLORURAL_v4/GESTIONAMBIENTALYDESARROLLORURAL_v4.asp?IdArticulo=2286?pagina=bancoconocimiento/G/GESTIONAMBIENTALYDESARROLLORURAL_v4/GESTIONAMBIENTALYDESARROLLORURAL_v4.asp?IdArticulo=2286 HTTP/1.1" 302 242
190.26.119.3 - - [29/Oct/2014:07:46:50 -0500] "GET /isolucionsda/Session.asp?Continue=1 HTTP/1.1" 200 6324
190.26.119.3 - - [29/Oct/2014:07:46:50 -0500] "GET /isolucionsda/g/vacio1x1.gif HTTP/1.1" 404 5195
190.26.119.3 - - [29/Oct/2014:07:46:50 -0500] "GET /isolucionsda/bancoconocimiento/G/GESTIONAMBIENTALYDESARROLLORURAL_v6/GESTIONAMBIENTALYDESARROLLORURAL_v6.asp?Id_Articulo=6829 HTTP/1.1" 200 87026
66.249.64.163 - - [29/Oct/2014:07:46:53 -0500] "GET /BLA/resoluciones/RESOLUCIONES%202009/2155.pdf HTTP/1.1" 200 561679
66.249.64.167 - - [29/Oct/2014:07:46:57 -0500] "GET /BLA/resoluciones/RESOLUCIONES%202010/2945.pdf HTTP/1.1" 200 50580
66.249.64.171 - - [29/Oct/2014:07:47:01 -0500] "GET /BLA/resoluciones/RESOLUCIONES%202011/0031.pdf HTTP/1.1" 200 335223
190.242.99.252 - - [29/Oct/2014:07:47:03 -0500] "GET /BLA/boletinlegal/js/jquery.js HTTP/1.1" 200 57254
190.242.99.252 - - [29/Oct/2014:07:47:03 -0500] "GET /BLA/boletinlegal/js/jquery.scrollTo-min.js HTTP/1.1" 200 1150
190.242.99.252 - - [29/Oct/2014:07:47:03 -0500] "GET /BLA/boletinlegal/js/jquery.scrollShow.js HTTP/1.1" 200 4586
190.26.119.3 - - [29/Oct/2014:07:47:04 -0500] "GET /isolucionsda/g/vacio1x1.gif HTTP/1.1" 404 5195
190.26.119.3 - - [29/Oct/2014:07:47:04 -0500] "GET /isolucionsda/bancoconocimiento/I/Incentivostributarios_v1/Incentivostributarios_v1.asp?IdArticulo=3571 HTTP/1.1" 200 85220
201.245.192.253 - - [29/Oct/2014:07:47:05 -0500] "GET /plugins/like.php?href=$request.attributes.CURRENT_COMPLETE_URL&layout=standard&show_faces=true&width=450&action=like&colorscheme=light&height=80 HTTP/1.1" 404 1020
201.245.192.253 - - [29/Oct/2014:07:47:05 -0500] "GET /plugins/like.php?href=$request.attributes.CURRENT_COMPLETE_URL&layout=standard&show_faces=true&width=450&action=like&colorscheme=light&height=80 HTTP/1.1" 404 1562
66.249.64.167 - - [29/Oct/2014:07:47:05 -0500] "GET /BLA/resoluciones/RESOLUCIONES%202009/0392.pdf HTTP/1.1" 200 248598
66.249.64.167 - - [29/Oct/2014:07:47:09 -0500] "GET /BLA/resoluciones/RESOLUCIONES%202011/0654.pdf HTTP/1.1" 200 801376
66.249.64.163 - - [29/Oct/2014:07:47:14 -0500] "GET /BLA/resoluciones/AUTOS%202009/3434.pdf HTTP/1.1" 200 98124
66.249.64.163 - - [29/Oct/2014:07:47:18 -0500] "GET /BLA/resoluciones/RESOLUCIONES%202010/4405.pdf HTTP/1.1" 200 517935
66.249.64.163 - - [29/Oct/2014:07:47:22 -0500] "GET /BLA/resoluciones/RESOLUCIONES%202009/6240.pdf HTTP/1.1" 200 435041
186.30.77.203 - - [29/Oct/2014:07:47:23 -0500] "GET /BLA/boletinlegal/js/jquery.js HTTP/1.1" 200 57254
186.30.77.203 - - [29/Oct/2014:07:47:23 -0500] "GET /BLA/boletinlegal/js/jquery.scrollTo-min.js HTTP/1.1" 200 1150
186.30.77.203 - - [29/Oct/2014:07:47:23 -0500] "GET /BLA/boletinlegal/js/jquery.scrollShow.js HTTP/1.1" 200 4586
66.249.64.163 - - [29/Oct/2014:07:47:26 -0500] "GET /BLA/resoluciones/RESOLUCIONES%202007/RES%202007%202801%20AL%202900/RESOLUCION%202801%20DE%202007.pdf HTTP/1.1" 200 273592
190.246.45.118 - - [29/Oct/2014:07:47:30 -0500] "GET /BLA/boletinlegal/js/jquery.js HTTP/1.1" 200 57254
190.246.45.118 - - [29/Oct/2014:07:47:30 -0500] "GET /galeria/carrusel/Carrusel/jquery.thumbnailScroller.css HTTP/1.1" 200 2066
190.246.45.118 - - [29/Oct/2014:07:47:31 -0500] "GET /galeria/carrusel/Carrusel/jquery.thumbnailScroller.js HTTP/1.1" 200 8157
190.246.45.118 - - [29/Oct/2014:07:47:31 -0500] "GET /BLA/boletinlegal/js/jquery.scrollShow.js HTTP/1.1" 200 4586
190.246.45.118 - - [29/Oct/2014:07:47:31 -0500] "GET /BLA/boletinlegal/js/jquery.scrollTo-min.js HTTP/1.1" 200 1150
190.246.45.118 - - [29/Oct/2014:07:47:31 -0500] "GET /galeria/carrusel/Carrusel/jquery-ui-1.8.13.custom.min.js HTTP/1.1" 200 10800
66.249.64.167 - - [29/Oct/2014:07:47:31 -0500] "GET /BLA/resoluciones/RESOLUCIONES%202010/3035.pdf HTTP/1.1" 200 486510
66.249.64.163 - - [29/Oct/2014:07:47:35 -0500] "GET /BLA/resoluciones/RESOLUCIONES%202009/5654.pdf HTTP/1.1" 200 673040
66.249.64.163 - - [29/Oct/2014:07:47:39 -0500] "GET /BLA/resoluciones/RESOLUCIONES%202009/2282.pdf HTTP/1.1" 200 379908
190.246.45.118 - - [29/Oct/2014:07:47:41 -0500] "GET /galeria/nivo-slider/demo/demo.html HTTP/1.1" 200 3316
37.228.106.8 - - [29/Oct/2014:07:47:41 -0500] "GET /BLA/boletinlegal/js/jquery.js HTTP/1.1" 200 57254
37.228.106.8 - - [29/Oct/2014:07:47:42 -0500] "GET /BLA/boletinlegal/js/jquery.scrollTo-min.js HTTP/1.1" 200 1150
37.228.106.8 - - [29/Oct/2014:07:47:42 -0500] "GET /BLA/boletinlegal/js/jquery.scrollShow.js HTTP/1.1" 200 4586
190.246.45.118 - - [29/Oct/2014:07:47:43 -0500] "GET /galeria/nivo-slider/themes/default/default.css HTTP/1.1" 200 1569
190.246.45.118 - - [29/Oct/2014:07:47:43 -0500] "GET /galeria/nivo-slider/themes/pascal/pascal.css HTTP/1.1" 200 2258
190.246.45.118 - - [29/Oct/2014:07:47:43 -0500] "GET /galeria/nivo-slider/themes/orman/orman.css HTTP/1.1" 200 2152
190.246.45.118 - - [29/Oct/2014:07:47:43 -0500] "GET /galeria/nivo-slider/demo/style.css HTTP/1.1" 200 2222
190.246.45.118 - - [29/Oct/2014:07:47:43 -0500] "GET /galeria/nivo-slider/nivo-slider.css HTTP/1.1" 200 1507
190.246.45.118 - - [29/Oct/2014:07:47:43 -0500] "GET /galeria/nivo-slider/demo/images/porloshumedales.jpg HTTP/1.1" 200 351238
190.246.45.118 - - [29/Oct/2014:07:47:43 -0500] "GET /galeria/nivo-slider/demo/images/banner-aceite3.jpg HTTP/1.1" 200 88347
190.246.45.118 - - [29/Oct/2014:07:47:43 -0500] "GET /galeria/nivo-slider/demo/images/mesTIC.jpg HTTP/1.1" 200 180719
66.249.64.167 - - [29/Oct/2014:07:47:43 -0500] "GET /BLA/resoluciones/RESOLUCIONES%202011/1812.pdf HTTP/1.1" 200 517834
190.246.45.118 - - [29/Oct/2014:07:47:43 -0500] "GET /galeria/nivo-slider/demo/images/Tingua-azul.jpg HTTP/1.1" 200 307638
190.246.45.118 - - [29/Oct/2014:07:47:43 -0500] "GET /galeria/nivo-slider/demo/images/Banner-Caracol-Africano.jpg HTTP/1.1" 200 331986
190.246.45.118 - - [29/Oct/2014:07:47:43 -0500] "GET /galeria/nivo-slider/demo/images/banner-redes.jpg HTTP/1.1" 200 62209
190.246.45.118 - - [29/Oct/2014:07:47:45 -0500] "GET /galeria/nivo-slider/demo/images/9Signos.jpg HTTP/1.1" 200 93040
190.246.45.118 - - [29/Oct/2014:07:47:45 -0500] "GET /galeria/nivo-slider/demo/images/banner-llantas2.jpg HTTP/1.1" 200 73153
190.246.45.118 - - [29/Oct/2014:07:47:45 -0500] "GET /galeria/nivo-slider/demo/images/banner-caballos.png HTTP/1.1" 200 389106
190.246.45.118 - - [29/Oct/2014:07:47:45 -0500] "GET /galeria/nivo-slider/demo/images/Hacienda_Molinos.jpg HTTP/1.1" 200 319171
190.246.45.118 - - [29/Oct/2014:07:47:45 -0500] "GET /galeria/nivo-slider/demo/images/bannerEcolecta3.jpg HTTP/1.1" 200 280034
190.246.45.118 - - [29/Oct/2014:07:47:46 -0500] "GET /galeria/nivo-slider/demo/scripts/jquery-1.7.1.min.js HTTP/1.1" 200 93868
190.246.45.118 - - [29/Oct/2014:07:47:46 -0500] "GET /galeria/nivo-slider/jquery.nivo.slider.pack.js HTTP/1.1" 200 11561
190.246.45.118 - - [29/Oct/2014:07:47:47 -0500] "GET /galeria/nivo-slider/demo/images/4Simple_Slider.png HTTP/1.1" 200 11722
190.246.45.118 - - [29/Oct/2014:07:47:47 -0500] "GET /galeria/nivo-slider/themes/default/loading.gif HTTP/1.1" 200 1737
66.249.64.167 - - [29/Oct/2014:07:47:47 -0500] "GET /BLA/resoluciones/RESOLUCIONES%202008/0834.pdf HTTP/1.1" 200 185590
186.115.217.243 - - [29/Oct/2014:07:47:50 -0500] "GET /autoliquidacion/index.php?dir=TR%C1MITES+VERTIMIENTOS%2F HTTP/1.1" 200 2479
66.249.64.167 - - [29/Oct/2014:07:47:51 -0500] "GET /BLA/resoluciones/AUTOS%202008/2936.pdf HTTP/1.1" 200 68128
181.132.202.168 - - [29/Oct/2014:07:47:52 -0500] "GET /BLA/resoluciones/RESOLUCIONES%202007/RES%202007%202301%20AL%202400/RESOLUCION%202347%20DE%202007.pdf HTTP/1.1" 200 381354
186.115.217.243 - - [29/Oct/2014:07:47:52 -0500] "GET /autoliquidacion/TR%C3%81MITES%20VERTIMIENTOS/Aplicativo%20Eval%202014.xlsx HTTP/1.1" 200 121255
181.132.202.168 - - [29/Oct/2014:07:47:52 -0500] "GET /favicon.ico HTTP/1.1" 200 7782
181.132.202.168 - - [29/Oct/2014:07:47:52 -0500] "GET /BLA/resoluciones/RESOLUCIONES%202007/RES%202007%202301%20AL%202400/RESOLUCION%202347%20DE%202007.pdf HTTP/1.1" 206 53674
181.132.202.168 - - [29/Oct/2014:07:47:52 -0500] "GET /BLA/resoluciones/RESOLUCIONES%202007/RES%202007%202301%20AL%202400/RESOLUCION%202347%20DE%202007.pdf HTTP/1.1" 206 65536
181.132.202.168 - - [29/Oct/2014:07:47:52 -0500] "GET /BLA/resoluciones/RESOLUCIONES%202007/RES%202007%202301%20AL%202400/RESOLUCION%202347%20DE%202007.pdf HTTP/1.1" 206 65536
181.132.202.168 - - [29/Oct/2014:07:47:53 -0500] "GET /BLA/resoluciones/RESOLUCIONES%202007/RES%202007%202301%20AL%202400/RESOLUCION%202347%20DE%202007.pdf HTTP/1.1" 206 65536
181.132.202.168 - - [29/Oct/2014:07:47:53 -0500] "GET /BLA/resoluciones/RESOLUCIONES%202007/RES%202007%202301%20AL%202400/RESOLUCION%202347%20DE%202007.pdf HTTP/1.1" 206 65536
66.249.64.47 - - [29/Oct/2014:07:47:53 -0500] "GET /Anexos%20estudio%20Organizacional%20SDA/ANEXO%20No.%201-%20NORMAS%20LEGALES%20DE%20ESTRUCTURA%20Y%20PLANTA/RESE%C3%91A%20HIST%C3%93RICA%20SDA-NORMAS/Acuerdo%209%20de%201990%20Concejo%20de%20Bogot%C3%A1._files/jquery.css HTTP/1.1" 200 4557
201.245.192.253 - - [29/Oct/2014:07:47:55 -0500] "GET /v/bm6cuMTi8J8?adformat=2_9&version=3&showinfo=0&rel=0&controls=1&iv_load_policy=1 HTTP/1.1" 404 3175
66.249.64.167 - - [29/Oct/2014:07:47:56 -0500] "GET /BLA/resoluciones/RESOLUCIONES%202010/1167.pdf HTTP/1.1" 200 99455
66.249.64.171 - - [29/Oct/2014:07:48:00 -0500] "GET /BLA/resoluciones/RESOLUCIONES%202011/6310.pdf HTTP/1.1" 200 864081
66.249.64.171 - - [29/Oct/2014:07:48:04 -0500] "GET /BLA/resoluciones/RESOLUCIONES%202010/4271.pdf HTTP/1.1" 200 630580
66.249.64.43 - - [29/Oct/2014:07:48:08 -0500] "GET /manual_funciones_Listado/index.php?dir=2.5.2.%20Subdirecci%F3n%20Contractual/&sort=size&order=asc HTTP/1.1" 404 1019
66.249.64.47 - - [29/Oct/2014:07:48:10 -0500] "GET /Anexos%20estudio%20Organizacional%20SDA/ANEXO%20No.%201-%20NORMAS%20LEGALES%20DE%20ESTRUCTURA%20Y%20PLANTA/RESE%C3%91A%20HIST%C3%93RICA%20SDA-NORMAS/Ley%2099%20de%201993%20-%20Crea%20MimAmbiente_files/alert_lite.css HTTP/1.1" 200 1203
66.249.64.43 - - [29/Oct/2014:07:48:12 -0500] "GET /Anexos%20estudio%20Organizacional%20SDA/ANEXO%20No.%201-%20NORMAS%20LEGALES%20DE%20ESTRUCTURA%20Y%20PLANTA/RESE%C3%91A%20HIST%C3%93RICA%20SDA-NORMAS/Decreto%20561%20de%202006%20-%20Establece%20estructura%20de%20la%20SDA.jsp_files/AjaxRequest.js HTTP/1.1" 200 17069
66.249.64.163 - - [29/Oct/2014:07:48:13 -0500] "GET /BLA/resoluciones/AUTOS%202009/1675.pdf HTTP/1.1" 200 121096
66.249.64.43 - - [29/Oct/2014:07:48:17 -0500] "GET /PruebasSTORM/StormSDA_pruebas/userFiles/user_files/ HTTP/1.1" 200 5906
66.249.64.163 - - [29/Oct/2014:07:48:21 -0500] "GET /BLA/resoluciones/RESOLUCIONES%202010/0454.pdf HTTP/1.1" 200 109202
66.249.64.163 - - [29/Oct/2014:07:48:25 -0500] "GET /BLA/resoluciones/AUTOS%202009/3558.pdf HTTP/1.1" 200 219819
66.249.64.47 - - [29/Oct/2014:07:48:30 -0500] "GET /htdocs/gallery2/g2data/albums/23demayo/ HTTP/1.1" 404 1019
66.249.64.167 - - [29/Oct/2014:07:48:34 -0500] "GET /BLA/resoluciones/RESOLUCIONES%202010/4828.pdf HTTP/1.1" 200 770707
66.249.64.163 - - [29/Oct/2014:07:48:38 -0500] "GET /BLA/resoluciones/RESOLUCIONES%202010/1299.pdf HTTP/1.1" 200 107004
66.249.64.167 - - [29/Oct/2014:07:48:42 -0500] "GET /BLA/resoluciones/AUTOS%202009/2939.pdf HTTP/1.1" 200 157095
190.131.194.125 - - [29/Oct/2014:07:48:44 -0500] "GET /galeria/nivo-slider/demo/images/porloshumedales.jpg HTTP/1.0" 200 351238
190.131.194.125 - - [29/Oct/2014:07:48:44 -0500] "GET /galeria/nivo-slider/demo/images/banner-aceite3.jpg HTTP/1.0" 304 -
190.131.194.125 - - [29/Oct/2014:07:48:44 -0500] "GET /galeria/nivo-slider/demo/images/mesTIC.jpg HTTP/1.0" 304 -
190.131.194.125 - - [29/Oct/2014:07:48:44 -0500] "GET /galeria/nivo-slider/demo/images/banner-redes.jpg HTTP/1.0" 304 -
66.249.64.163 - - [29/Oct/2014:07:48:46 -0500] "GET /BLA/resoluciones/RESOLUCIONES%202009/2408.pdf HTTP/1.1" 200 415110
66.249.64.171 - - [29/Oct/2014:07:48:50 -0500] "GET /BLA/resoluciones/RESOLUCIONES%202009/6436.pdf HTTP/1.1" 200 435439
66.249.64.171 - - [29/Oct/2014:07:48:55 -0500] "GET /BLA/resoluciones/AUTOS%202008/0435.pdf HTTP/1.1" 200 322987
66.249.64.47 - - [29/Oct/2014:07:48:56 -0500] "GET /Anexos%20estudio%20Organizacional%20SDA/ANEXO%20No.%201-%20NORMAS%20LEGALES%20DE%20ESTRUCTURA%20Y%20PLANTA/RESE%C3%91A%20HIST%C3%93RICA%20SDA-NORMAS/Decreto%20631%20de%202007-%20Modifica%20planta%20de%20SDA.jsp_files/jquery.css HTTP/1.1" 200 4557
190.25.133.143 - - [29/Oct/2014:07:48:56 -0500] "GET /galeria/carrusel/Carrusel/jquery.thumbnailScroller.css HTTP/1.1" 200 2066
190.25.133.143 - - [29/Oct/2014:07:48:56 -0500] "GET /BLA/boletinlegal/js/jquery.js HTTP/1.1" 200 57254
190.25.133.143 - - [29/Oct/2014:07:48:56 -0500] "GET /galeria/carrusel/Carrusel/jquery.thumbnailScroller.js HTTP/1.1" 200 8157
190.25.133.143 - - [29/Oct/2014:07:48:56 -0500] "GET /BLA/boletinlegal/js/jquery.scrollTo-min.js HTTP/1.1" 200 1150
190.25.133.143 - - [29/Oct/2014:07:48:56 -0500] "GET /BLA/boletinlegal/js/jquery.scrollShow.js HTTP/1.1" 200 4586
190.25.133.143 - - [29/Oct/2014:07:48:56 -0500] "GET /galeria/carrusel/Carrusel/jquery-ui-1.8.13.custom.min.js HTTP/1.1" 200 10800
190.25.133.143 - - [29/Oct/2014:07:48:57 -0500] "GET /galeria/nivo-slider/demo/demo.html HTTP/1.1" 200 3316
190.25.133.143 - - [29/Oct/2014:07:48:57 -0500] "GET /galeria/nivo-slider/themes/default/default.css HTTP/1.1" 200 1569
190.25.133.143 - - [29/Oct/2014:07:48:57 -0500] "GET /galeria/nivo-slider/themes/pascal/pascal.css HTTP/1.1" 200 2258
190.25.133.143 - - [29/Oct/2014:07:48:57 -0500] "GET /galeria/nivo-slider/themes/orman/orman.css HTTP/1.1" 200 2152
190.25.133.143 - - [29/Oct/2014:07:48:57 -0500] "GET /galeria/nivo-slider/nivo-slider.css HTTP/1.1" 200 1507
190.25.133.143 - - [29/Oct/2014:07:48:57 -0500] "GET /galeria/nivo-slider/demo/style.css HTTP/1.1" 200 2222
190.25.133.143 - - [29/Oct/2014:07:48:57 -0500] "GET /galeria/nivo-slider/demo/scripts/jquery-1.7.1.min.js HTTP/1.1" 200 93868
190.25.133.143 - - [29/Oct/2014:07:48:57 -0500] "GET /galeria/nivo-slider/jquery.nivo.slider.pack.js HTTP/1.1" 200 11561
190.25.133.143 - - [29/Oct/2014:07:48:57 -0500] "GET /galeria/nivo-slider/demo/images/porloshumedales.jpg HTTP/1.1" 200 351238
190.25.133.143 - - [29/Oct/2014:07:48:57 -0500] "GET /galeria/nivo-slider/demo/images/banner-aceite3.jpg HTTP/1.1" 200 88347
190.25.133.143 - - [29/Oct/2014:07:48:57 -0500] "GET /galeria/nivo-slider/demo/images/mesTIC.jpg HTTP/1.1" 200 180719
190.25.133.143 - - [29/Oct/2014:07:48:58 -0500] "GET /galeria/nivo-slider/demo/images/4Simple_Slider.png HTTP/1.1" 200 11722
190.25.133.143 - - [29/Oct/2014:07:48:58 -0500] "GET /galeria/nivo-slider/themes/default/loading.gif HTTP/1.1" 200 1737
190.25.133.143 - - [29/Oct/2014:07:48:58 -0500] "GET /galeria/nivo-slider/demo/images/Tingua-azul.jpg HTTP/1.1" 200 307638
190.25.133.143 - - [29/Oct/2014:07:48:58 -0500] "GET /galeria/nivo-slider/demo/images/Banner-Caracol-Africano.jpg HTTP/1.1" 200 331986
190.25.133.143 - - [29/Oct/2014:07:48:58 -0500] "GET /galeria/nivo-slider/demo/images/banner-redes.jpg HTTP/1.1" 200 62209
190.25.133.143 - - [29/Oct/2014:07:48:58 -0500] "GET /galeria/nivo-slider/demo/images/9Signos.jpg HTTP/1.1" 200 93040
190.25.133.143 - - [29/Oct/2014:07:48:58 -0500] "GET /galeria/nivo-slider/demo/images/banner-llantas2.jpg HTTP/1.1" 200 73153
190.25.133.143 - - [29/Oct/2014:07:48:59 -0500] "GET /galeria/nivo-slider/demo/images/banner-caballos.png HTTP/1.1" 200 389106
66.249.64.163 - - [29/Oct/2014:07:48:59 -0500] "GET /BLA/resoluciones/RESOLUCIONES%202009/6230.pdf HTTP/1.1" 200 1010134
190.25.133.143 - - [29/Oct/2014:07:48:59 -0500] "GET /videos/Spot_Tinguas.flv HTTP/1.1" 200 2087054
190.25.133.143 - - [29/Oct/2014:07:48:59 -0500] "GET /galeria/nivo-slider/demo/images/Hacienda_Molinos.jpg HTTP/1.1" 200 319171
190.25.133.143 - - [29/Oct/2014:07:48:59 -0500] "GET /galeria/nivo-slider/demo/images/bannerEcolecta3.jpg HTTP/1.1" 200 280034
190.25.133.143 - - [29/Oct/2014:07:49:00 -0500] "GET /galeria/nivo-slider/themes/default/arrows.png HTTP/1.1" 200 824
190.25.133.143 - - [29/Oct/2014:07:49:00 -0500] "GET /galeria/nivo-slider/themes/default/bullets.png HTTP/1.1" 200 1281
66.249.64.43 - - [29/Oct/2014:07:49:01 -0500] "GET /Anexos%20estudio%20Organizacional%20SDA/ANEXO%20No.%201-%20NORMAS%20LEGALES%20DE%20ESTRUCTURA%20Y%20PLANTA/RESE%C3%91A%20HIST%C3%93RICA%20SDA-NORMAS/Decreto%20562%20de%202006%20-%20Establece%20planta%20de%20cargos%20de%20SDA.jsp_files/jquery-1.js HTTP/1.1" 200 57254
66.249.64.163 - - [29/Oct/2014:07:49:03 -0500] "GET /BLA/resoluciones/AUTOS%202009/2299.pdf HTTP/1.1" 200 198954
190.147.141.95 - - [29/Oct/2014:07:49:03 -0500] "GET /BLA/boletinlegal/js/jquery.js HTTP/1.1" 200 57254
190.147.141.95 - - [29/Oct/2014:07:49:03 -0500] "GET /BLA/boletinlegal/js/jquery.scrollTo-min.js HTTP/1.1" 200 1150
190.147.141.95 - - [29/Oct/2014:07:49:03 -0500] "GET /BLA/boletinlegal/js/jquery.scrollShow.js HTTP/1.1" 200 4586
201.245.192.253 - - [29/Oct/2014:07:49:05 -0500] "GET /forest/img/adduser.gif HTTP/1.1" 304 -
66.249.64.171 - - [29/Oct/2014:07:49:07 -0500] "GET /BLA/resoluciones/AUTOS%202009/3009.pdf HTTP/1.1" 200 185607
66.249.64.171 - - [29/Oct/2014:07:49:11 -0500] "GET /BLA/resoluciones/RESOLUCIONES%202008/0683.pdf HTTP/1.1" 200 319414
190.124.108.180 - - [29/Oct/2014:07:49:12 -0500] "GET /autoliquidacion/Grupo%20Forestal%20-%20Industria%20de%20la%20Madera/Instructivo%20para%20Diligenciamiento%20Formulario%20Relaci%C3%B3n%20de.pdf HTTP/1.1" 200 123170
190.124.108.180 - - [29/Oct/2014:07:49:12 -0500] "GET /autoliquidacion/Grupo%20Forestal%20-%20Industria%20de%20la%20Madera/Instructivo%20para%20Diligenciamiento%20Formulario%20Relaci%C3%B3n%20de.pdf HTTP/1.1" 206 32768
190.124.108.180 - - [29/Oct/2014:07:49:13 -0500] "GET /autoliquidacion/Grupo%20Forestal%20-%20Industria%20de%20la%20Madera/Instructivo%20para%20Diligenciamiento%20Formulario%20Relaci%C3%B3n%20de.pdf HTTP/1.1" 206 90402
190.24.146.202 - - [29/Oct/2014:07:49:12 -0500] "GET /stormWeb/ HTTP/1.1" 503 1124
66.249.64.171 - - [29/Oct/2014:07:49:16 -0500] "GET /BLA/resoluciones/RESOLUCIONES%202009/7014.pdf HTTP/1.1" 200 726663
201.245.192.253 - - [29/Oct/2014:07:49:17 -0500] "GET /plugins/like.php?action=like&app_id=&channel=http%3A%2F%2Fstatic.ak.facebook.com%2Fconnect%2Fxd_arbiter%2FehazDpFPEnK.js%3Fversion%3D41%23cb%3Df20b8f3e57bd2bc%26domain%3Dwww.elespectador.com%26origin%3Dhttp%253A%252F%252Fwww.elespectador.com%252Ff2fdf8f33f2e71c%26relation%3Dparent.parent&href=https%3A%2F%2Fwww.facebook.com%2Felespectadorcom&layout=button&locale=es_LA&sdk=joey&share=false&show_faces=false HTTP/1.1" 404 1414
201.245.192.253 - - [29/Oct/2014:07:49:18 -0500] "GET /plugins/like.php?action=like&app_id=&channel=http%3A%2F%2Fstatic.ak.facebook.com%2Fconnect%2Fxd_arbiter%2FehazDpFPEnK.js%3Fversion%3D41%23cb%3Df14daf1cd4ebb91%26domain%3Dwww.elespectador.com%26origin%3Dhttp%253A%252F%252Fwww.elespectador.com%252Ff2fdf8f33f2e71c%26relation%3Dparent.parent&href=http%3A%2F%2Fwww.elespectador.com%2F&layout=standard&locale=es_LA&sdk=joey&share=true&show_faces=false&width=450 HTTP/1.1" 404 1414
201.245.192.253 - - [29/Oct/2014:07:49:18 -0500] "GET /plugins/like.php?action=like&app_id=&channel=http%3A%2F%2Fstatic.ak.facebook.com%2Fconnect%2Fxd_arbiter%2FehazDpFPEnK.js%3Fversion%3D41%23cb%3Df2ac2aa4454f202%26domain%3Dwww.elespectador.com%26origin%3Dhttp%253A%252F%252Fwww.elespectador.com%252Ff2fdf8f33f2e71c%26relation%3Dparent.parent&href=https%3A%2F%2Fwww.facebook.com%2Felespectadorcom&layout=button&locale=es_LA&sdk=joey&share=false&show_faces=false HTTP/1.1" 404 1414
201.245.192.253 - - [29/Oct/2014:07:49:18 -0500] "GET /plugins/like.php?action=like&app_id=&channel=http%3A%2F%2Fstatic.ak.facebook.com%2Fconnect%2Fxd_arbiter%2FehazDpFPEnK.js%3Fversion%3D41%23cb%3Df984ab109fe73b%26domain%3Dwww.elespectador.com%26origin%3Dhttp%253A%252F%252Fwww.elespectador.com%252Ff2fdf8f33f2e71c%26relation%3Dparent.parent&href=http%3A%2F%2Fwww.elespectador.com%2F&layout=standard&locale=es_LA&sdk=joey&share=true&show_faces=false&width=450 HTTP/1.1" 404 1414
66.249.64.171 - - [29/Oct/2014:07:49:20 -0500] "GET /BLA/resoluciones/RESOLUCIONES%202009/5659.pdf HTTP/1.1" 200 681182
66.249.64.171 - - [29/Oct/2014:07:49:24 -0500] "GET /BLA/resoluciones/RESOLUCIONES%202009/2071.pdf HTTP/1.1" 200 509297
66.249.64.163 - - [29/Oct/2014:07:49:28 -0500] "GET /BLA/resoluciones/RESOLUCIONES%202009/4203.pdf HTTP/1.1" 200 1107853
190.216.204.130 - - [29/Oct/2014:07:49:28 -0500] "GET /BLA/resoluciones/RESOLUCIONES%202007/RES%202007%203901%20AL%204000/RESOLUCION%203956%20DE%202007.pdf HTTP/1.1" 200 374329
66.249.64.47 - - [29/Oct/2014:07:49:31 -0500] "GET /Anexos%20estudio%20Organizacional%20SDA/ANEXO%20No.%201-%20NORMAS%20LEGALES%20DE%20ESTRUCTURA%20Y%20PLANTA/RESE%C3%91A%20HIST%C3%93RICA%20SDA-NORMAS/Decreto%20673%20de%201995%20Reestructura%20el%20DAMA_files/AjaxRequest.js HTTP/1.1" 200 17069
190.216.204.130 - - [29/Oct/2014:07:49:31 -0500] "GET /BLA/resoluciones/RESOLUCIONES%202007/RES%202007%203901%20AL%204000/RESOLUCION%203956%20DE%202007.pdf HTTP/1.1" 200 374329
66.249.64.163 - - [29/Oct/2014:07:49:32 -0500] "GET /BLA/resoluciones/RESOLUCIONES%202011/1305.pdf HTTP/1.1" 200 68875
66.249.64.167 - - [29/Oct/2014:07:49:37 -0500] "GET /BLA/resoluciones/RESOLUCIONES%202011/1546.pdf HTTP/1.1" 200 67323
190.124.108.180 - - [29/Oct/2014:07:49:41 -0500] "GET /autoliquidacion/Grupo%20Forestal%20-%20Industria%20de%20la%20Madera/Formulario%20para%20la%20Relaci%C3%B3n%20de%20Movimientos.pdf HTTP/1.1" 200 120823
190.124.108.180 - - [29/Oct/2014:07:49:41 -0500] "GET /autoliquidacion/Grupo%20Forestal%20-%20Industria%20de%20la%20Madera/Formulario%20para%20la%20Relaci%C3%B3n%20de%20Movimientos.pdf HTTP/1.1" 206 32768
190.124.108.180 - - [29/Oct/2014:07:49:42 -0500] "GET /autoliquidacion/Grupo%20Forestal%20-%20Industria%20de%20la%20Madera/Formulario%20para%20la%20Relaci%C3%B3n%20de%20Movimientos.pdf HTTP/1.1" 206 88055
66.249.64.171 - - [29/Oct/2014:07:49:45 -0500] "GET /BLA/resoluciones/RESOLUCIONES%202009/8658.pdf HTTP/1.1" 200 96458
66.249.64.163 - - [29/Oct/2014:07:49:49 -0500] "GET /BLA/resoluciones/RESOLUCIONES%202010/2462.pdf HTTP/1.1" 200 491966
66.249.64.163 - - [29/Oct/2014:07:49:53 -0500] "GET /BLA/resoluciones/RESOLUCIONES%202009/6679.pdf HTTP/1.1" 200 530967
66.249.64.167 - - [29/Oct/2014:07:49:58 -0500] "GET /BLA/resoluciones/AUTOS%202008/2039.pdf HTTP/1.1" 200 143741
66.249.64.163 - - [29/Oct/2014:07:50:02 -0500] "GET /BLA/resoluciones/RESOLUCIONES%202010/7708.pdf HTTP/1.1" 200 534895
66.249.64.163 - - [29/Oct/2014:07:50:06 -0500] "GET /BLA/resoluciones/RESOLUCIONES%202008/3114.pdf HTTP/1.1" 200 199260
66.249.64.171 - - [29/Oct/2014:07:50:06 -0500] "GET /BLA/resoluciones/RESOLUCIONES%202009/4377.pdf HTTP/1.1" 200 1125547
190.253.157.16 - - [29/Oct/2014:07:50:09 -0500] "GET /BLA/resoluciones/RESOLUCIONES%202007/RES%202007%201501%20AL%201600/RESOLUCION%201505%20DE%202007.pdf HTTP/1.1" 200 150361
190.253.157.16 - - [29/Oct/2014:07:50:09 -0500] "GET /favicon.ico HTTP/1.1" 200 7782
190.253.157.16 - - [29/Oct/2014:07:50:09 -0500] "GET /BLA/resoluciones/RESOLUCIONES%202007/RES%202007%201501%20AL%201600/RESOLUCION%201505%20DE%202007.pdf HTTP/1.1" 206 32768
190.253.157.16 - - [29/Oct/2014:07:50:09 -0500] "GET /BLA/resoluciones/RESOLUCIONES%202007/RES%202007%201501%20AL%201600/RESOLUCION%201505%20DE%202007.pdf HTTP/1.1" 206 117593
66.249.64.171 - - [29/Oct/2014:07:50:10 -0500] "GET /BLA/resoluciones/RESOLUCIONES%202010/4180.pdf HTTP/1.1" 200 400615
66.249.64.163 - - [29/Oct/2014:07:50:15 -0500] "GET /BLA/resoluciones/RESOLUCIONES%202011/0728.pdf HTTP/1.1" 200 65179
66.249.64.163 - - [29/Oct/2014:07:50:19 -0500] "GET /BLA/resoluciones/RESOLUCIONES%202009/0192.pdf HTTP/1.1" 200 257319
201.245.192.253 - - [29/Oct/2014:07:50:22 -0500] "GET /plugins/like.php?action=like&app_id=172525162793917&channel=http%3A%2F%2Fstatic.ak.facebook.com%2Fconnect%2Fxd_arbiter%2FehazDpFPEnK.js%3Fversion%3D41%23cb%3Df64f4241a51677%26domain%3Dwww.bogota.gov.co%26origin%3Dhttp%253A%252F%252Fwww.bogota.gov.co%252Ff1248424248af7d%26relation%3Dparent.parent&font=arial&href=http%3A%2F%2Fwww.bogota.gov.co%2Farticle%2Frealizan-%25E2%2580%259Cencuentro-por-el-agua-reconc%25C3%25ADliate-con-la-vida%25E2%2580%259D-en-usaqu%25C3%25A9n&layout=button_count&locale=es_LA&ref=.VFDjNleLb8k.like&sdk=joey&send=false&show_faces=false&width=90 HTTP/1.1" 404 1498
66.249.64.167 - - [29/Oct/2014:07:50:23 -0500] "GET /BLA/resoluciones/RESOLUCIONES%202009/5822.pdf HTTP/1.1" 200 118170
66.249.64.43 - - [29/Oct/2014:07:50:26 -0500] "GET /Anexos%20estudio%20Organizacional%20SDA/ANEXO%20No.%201-%20NORMAS%20LEGALES%20DE%20ESTRUCTURA%20Y%20PLANTA/RESE%C3%91A%20HIST%C3%93RICA%20SDA-NORMAS/Ley%2099%20de%201993%20-%20Crea%20MimAmbiente_files/alphacube.css HTTP/1.1" 200 2649
66.249.64.171 - - [29/Oct/2014:07:50:27 -0500] "GET /BLA/resoluciones/AUTOS%202009/0661.pdf HTTP/1.1" 200 66389
208.115.113.91 - - [29/Oct/2014:07:50:31 -0500] "GET /re/Entrada/imagen%20botones/ HTTP/1.1" 404 1019
66.249.64.171 - - [29/Oct/2014:07:50:31 -0500] "GET /BLA/resoluciones/RESOLUCIONES%202009/2997.pdf HTTP/1.1" 200 615444
208.115.113.91 - - [29/Oct/2014:07:50:35 -0500] "GET /re/Talleres/vidrio/?C=D;O=A HTTP/1.1" 404 1019
66.249.64.167 - - [29/Oct/2014:07:50:36 -0500] "GET /BLA/resoluciones/RESOLUCIONES%202009/5009.pdf HTTP/1.1" 200 702731
66.249.64.47 - - [29/Oct/2014:07:50:37 -0500] "GET /Anexos%20estudio%20Organizacional%20SDA/ANEXO%20No.%201-%20NORMAS%20LEGALES%20DE%20ESTRUCTURA%20Y%20PLANTA/RESE%C3%91A%20HIST%C3%93RICA%20SDA-NORMAS/Decreto%20673%20de%201995%20Reestructura%20el%20DAMA_files/jquery.css HTTP/1.1" 200 4557
66.249.64.47 - - [29/Oct/2014:07:50:38 -0500] "GET /Anexos%20estudio%20Organizacional%20SDA/ANEXO%20No.%201-%20NORMAS%20LEGALES%20DE%20ESTRUCTURA%20Y%20PLANTA/RESE%C3%91A%20HIST%C3%93RICA%20SDA-NORMAS/Decreto%20562%20de%202006%20-%20Establece%20planta%20de%20cargos%20de%20SDA.jsp_files/AjaxRequest.js HTTP/1.1" 200 17069
66.249.64.47 - - [29/Oct/2014:07:50:38 -0500] "GET /Anexos%20estudio%20Organizacional%20SDA/ANEXO%20No.%201-%20NORMAS%20LEGALES%20DE%20ESTRUCTURA%20Y%20PLANTA/RESE%C3%91A%20HIST%C3%93RICA%20SDA-NORMAS/Acuerdo%209%20de%201990%20Concejo%20de%20Bogot%C3%A1._files/ladc.css HTTP/1.1" 200 5119
66.249.64.167 - - [29/Oct/2014:07:50:40 -0500] "GET /BLA/resoluciones/RESOLUCIONES%202008/5304.pdf HTTP/1.1" 200 255562
66.249.64.163 - - [29/Oct/2014:07:50:44 -0500] "GET /BLA/resoluciones/RESOLUCIONES%202009/6452.pdf HTTP/1.1" 200 435467
181.48.9.62 - - [29/Oct/2014:07:50:46 -0500] "GET /BLA/boletinlegal/js/jquery.js HTTP/1.1" 304 -
181.48.9.62 - - [29/Oct/2014:07:50:46 -0500] "GET /BLA/boletinlegal/js/jquery.scrollTo-min.js HTTP/1.1" 304 -
181.48.9.62 - - [29/Oct/2014:07:50:46 -0500] "GET /BLA/boletinlegal/js/jquery.scrollShow.js HTTP/1.1" 304 -
66.249.64.163 - - [29/Oct/2014:07:50:48 -0500] "GET /BLA/resoluciones/RESOLUCIONES%202010/1258.pdf HTTP/1.1" 200 98977
190.25.145.45 - - [29/Oct/2014:07:50:52 -0500] "GET /BLA/boletinlegal/js/jquery.scrollTo-min.js HTTP/1.1" 200 1150
190.25.145.45 - - [29/Oct/2014:07:50:52 -0500] "GET /BLA/boletinlegal/js/jquery.scrollShow.js HTTP/1.1" 200 4586
190.25.145.45 - - [29/Oct/2014:07:50:52 -0500] "GET /BLA/boletinlegal/js/jquery.js HTTP/1.1" 200 57254
66.249.64.167 - - [29/Oct/2014:07:50:52 -0500] "GET /BLA/resoluciones/RESOLUCIONES%202009/5921.pdf HTTP/1.1" 200 795037
66.249.64.43 - - [29/Oct/2014:07:50:56 -0500] "GET /Anexos%20estudio%20Organizacional%20SDA/ANEXO%20No.%201-%20NORMAS%20LEGALES%20DE%20ESTRUCTURA%20Y%20PLANTA/RESE%C3%91A%20HIST%C3%93RICA%20SDA-NORMAS/Acuerdo%209%20de%201990%20Concejo%20de%20Bogot%C3%A1._files/jquery.js HTTP/1.1" 200 18179
66.249.64.167 - - [29/Oct/2014:07:50:57 -0500] "GET /BLA/resoluciones/AUTOS%202008/2313.pdf HTTP/1.1" 200 82357
66.249.64.43 - - [29/Oct/2014:07:50:58 -0500] "GET /Anexos%20estudio%20Organizacional%20SDA/ANEXO%20No.%201-%20NORMAS%20LEGALES%20DE%20ESTRUCTURA%20Y%20PLANTA/RESE%C3%91A%20HIST%C3%93RICA%20SDA-NORMAS/Ley%2099%20de%201993%20-%20Crea%20MimAmbiente_files/effects.js HTTP/1.1" 200 38228
66.249.64.39 - - [29/Oct/2014:07:50:58 -0500] "GET /Anexos%20estudio%20Organizacional%20SDA/ANEXO%20No.%201-%20NORMAS%20LEGALES%20DE%20ESTRUCTURA%20Y%20PLANTA/RESE%C3%91A%20HIST%C3%93RICA%20SDA-NORMAS/Ley%2099%20de%201993%20-%20Crea%20MimAmbiente_files/application.js HTTP/1.1" 200 6376
74.86.158.107 - - [29/Oct/2014:07:50:58 -0500] "HEAD / HTTP/1.1" 302 -
66.249.64.167 - - [29/Oct/2014:07:51:01 -0500] "GET /BLA/resoluciones/RESOLUCIONES%202009/4130.pdf HTTP/1.1" 200 752475
66.249.64.39 - - [29/Oct/2014:07:51:02 -0500] "GET /Anexos%20estudio%20Organizacional%20SDA/ANEXO%20No.%201-%20NORMAS%20LEGALES%20DE%20ESTRUCTURA%20Y%20PLANTA/RESE%C3%91A%20HIST%C3%93RICA%20SDA-NORMAS/Decreto%20673%20de%201995%20Reestructura%20el%20DAMA_files/ladc.css HTTP/1.1" 200 5119
66.249.64.47 - - [29/Oct/2014:07:51:04 -0500] "GET /Anexos%20estudio%20Organizacional%20SDA/ANEXO%20No.%201-%20NORMAS%20LEGALES%20DE%20ESTRUCTURA%20Y%20PLANTA/RESE%C3%91A%20HIST%C3%93RICA%20SDA-NORMAS/Decreto%20631%20de%202007-%20Modifica%20planta%20de%20SDA.jsp_files/jquery-1.js HTTP/1.1" 200 57254
66.249.64.39 - - [29/Oct/2014:07:51:04 -0500] "GET /Anexos%20estudio%20Organizacional%20SDA/ANEXO%20No.%201-%20NORMAS%20LEGALES%20DE%20ESTRUCTURA%20Y%20PLANTA/RESE%C3%91A%20HIST%C3%93RICA%20SDA-NORMAS/Acuerdo%209%20de%201990%20Concejo%20de%20Bogot%C3%A1._files/screen.css HTTP/1.1" 200 2444
66.249.64.167 - - [29/Oct/2014:07:51:05 -0500] "GET /BLA/resoluciones/AUTOS%202007/2448.pdf HTTP/1.1" 200 299737
66.249.64.163 - - [29/Oct/2014:07:51:09 -0500] "GET /BLA/resoluciones/RESOLUCIONES%202011/2970.pdf HTTP/1.1" 200 513702
66.249.64.167 - - [29/Oct/2014:07:51:13 -0500] "GET /BLA/resoluciones/RESOLUCIONES%202009/1867.pdf HTTP/1.1" 200 279084
190.248.48.194 - - [29/Oct/2014:07:51:17 -0500] "GET /BLA/boletinlegal/js/jquery.scrollShow.js HTTP/1.1" 304 -
190.248.48.194 - - [29/Oct/2014:07:51:17 -0500] "GET /BLA/boletinlegal/js/jquery.scrollTo-min.js HTTP/1.1" 304 -
66.249.64.171 - - [29/Oct/2014:07:51:18 -0500] "GET /BLA/resoluciones/RESOLUCIONES%202009/3980.pdf HTTP/1.1" 200 501321
66.249.64.163 - - [29/Oct/2014:07:51:22 -0500] "GET /BLA/resoluciones/AUTOS%202007/0296.pdf HTTP/1.1" 200 51749
66.249.64.167 - - [29/Oct/2014:07:51:26 -0500] "GET /BLA/resoluciones/AUTOS%202008/0591.pdf HTTP/1.1" 200 107505
66.249.64.171 - - [29/Oct/2014:07:51:30 -0500] "GET /BLA/resoluciones/RESOLUCIONES%202011/1098.pdf HTTP/1.1" 200 274401
66.249.64.171 - - [29/Oct/2014:07:51:34 -0500] "GET /BLA/resoluciones/AUTOS%202009/3441.pdf HTTP/1.1" 200 96391
66.249.64.167 - - [29/Oct/2014:07:51:39 -0500] "GET /BLA/resoluciones/RESOLUCIONES%202009/6959.pdf HTTP/1.1" 200 108274
66.249.64.167 - - [29/Oct/2014:07:51:43 -0500] "GET /BLA/resoluciones/RESOLUCIONES%202009/8237.pdf HTTP/1.1" 200 104784
190.248.48.194 - - [29/Oct/2014:07:51:44 -0500] "GET /BLA/boletinlegal/js/jquery.js HTTP/1.1" 304 -
66.249.64.171 - - [29/Oct/2014:07:51:47 -0500] "GET /BLA/resoluciones/RESOLUCIONES%202010/3223.pdf HTTP/1.1" 200 509729
157.55.39.38 - - [29/Oct/2014:07:51:48 -0500] "GET /dama/libreria/php/decide.php?patron=00.07&varn=825 HTTP/1.1" 404 1019
66.249.64.171 - - [29/Oct/2014:07:51:51 -0500] "GET /BLA/resoluciones/RESOLUCIONES%202009/5299.pdf HTTP/1.1" 200 651149
66.249.64.39 - - [29/Oct/2014:07:51:54 -0500] "GET /Anexos%20estudio%20Organizacional%20SDA/ANEXO%20No.%201-%20NORMAS%20LEGALES%20DE%20ESTRUCTURA%20Y%20PLANTA/RESE%C3%91A%20HIST%C3%93RICA%20SDA-NORMAS/Ley%2099%20de%201993%20-%20Crea%20MimAmbiente_files/default.css HTTP/1.1" 200 2674
66.249.64.47 - - [29/Oct/2014:07:51:55 -0500] "GET /Anexos%20estudio%20Organizacional%20SDA/ANEXO%20No.%201-%20NORMAS%20LEGALES%20DE%20ESTRUCTURA%20Y%20PLANTA/RESE%C3%91A%20HIST%C3%93RICA%20SDA-NORMAS/Decreto%20562%20de%202006%20-%20Establece%20planta%20de%20cargos%20de%20SDA.jsp_files/screen.css HTTP/1.1" 200 2444
66.249.64.167 - - [29/Oct/2014:07:51:55 -0500] "GET /BLA/resoluciones/RESOLUCIONES%202010/1593.pdf HTTP/1.1" 200 401310
66.249.64.171 - - [29/Oct/2014:07:52:00 -0500] "GET /BLA/resoluciones/RESOLUCIONES%202011/2384.pdf HTTP/1.1" 200 476758
66.249.64.163 - - [29/Oct/2014:07:52:04 -0500] "GET /BLA/resoluciones/RESOLUCIONES%202008/4330.pdf HTTP/1.1" 200 893972
66.249.64.167 - - [29/Oct/2014:07:52:08 -0500] "GET /BLA/resoluciones/RESOLUCIONES%202010/4657.pdf HTTP/1.1" 200 361266
66.249.64.171 - - [29/Oct/2014:07:52:17 -0500] "GET /BLA/resoluciones/RESOLUCIONES%202011/0794.pdf HTTP/1.1" 200 270724
66.249.64.163 - - [29/Oct/2014:07:52:18 -0500] "GET /BLA/resoluciones/RESOLUCIONES%202010/5502.pdf HTTP/1.1" 200 2824695
66.249.64.171 - - [29/Oct/2014:07:52:24 -0500] "GET /BLA/resoluciones/RESOLUCIONES%202010/2088.pdf HTTP/1.1" 200 192639
66.249.64.167 - - [29/Oct/2014:07:52:26 -0500] "GET /BLA/resoluciones/RESOLUCIONES%202009/3545.pdf HTTP/1.1" 200 635915
66.249.64.163 - - [29/Oct/2014:07:52:29 -0500] "GET /BLA/resoluciones/RESOLUCIONES%202011/5335.pdf HTTP/1.1" 200 577354
186.168.65.14 - - [29/Oct/2014:07:52:29 -0500] "GET /galeria/nivo-slider/demo/demo.html HTTP/1.1" 200 3316
186.168.65.14 - - [29/Oct/2014:07:52:31 -0500] "GET /galeria/nivo-slider/demo/images/porloshumedales.jpg HTTP/1.1" 200 351238
186.168.65.14 - - [29/Oct/2014:07:52:31 -0500] "GET /galeria/nivo-slider/demo/images/mesTIC.jpg HTTP/1.1" 304 -
186.168.65.14 - - [29/Oct/2014:07:52:31 -0500] "GET /galeria/nivo-slider/demo/images/banner-redes.jpg HTTP/1.1" 304 -
66.249.64.171 - - [29/Oct/2014:07:52:33 -0500] "GET /BLA/resoluciones/AUTOS%202009/0893.pdf HTTP/1.1" 200 121023
66.249.64.163 - - [29/Oct/2014:07:52:38 -0500] "GET /BLA/resoluciones/RESOLUCIONES%202009/4652.pdf HTTP/1.1" 200 374240
66.249.64.39 - - [29/Oct/2014:07:52:41 -0500] "GET /Anexos%20estudio%20Organizacional%20SDA/ANEXO%20No.%201-%20NORMAS%20LEGALES%20DE%20ESTRUCTURA%20Y%20PLANTA/RESE%C3%91A%20HIST%C3%93RICA%20SDA-NORMAS/Decreto%20561%20de%202006%20-%20Establece%20estructura%20de%20la%20SDA.jsp_files/jquery.css HTTP/1.1" 200 4557
66.249.64.167 - - [29/Oct/2014:07:52:43 -0500] "GET /BLA/resoluciones/RESOLUCIONES%202010/1095.pdf HTTP/1.1" 200 98647
66.249.64.47 - - [29/Oct/2014:07:52:44 -0500] "GET /Anexos%20estudio%20Organizacional%20SDA/ANEXO%20No.%201-%20NORMAS%20LEGALES%20DE%20ESTRUCTURA%20Y%20PLANTA/RESE%C3%91A%20HIST%C3%93RICA%20SDA-NORMAS/Decreto%20673%20de%201995%20Reestructura%20el%20DAMA_files/screen.css HTTP/1.1" 200 2444
66.249.64.47 - - [29/Oct/2014:07:52:45 -0500] "GET /Anexos%20estudio%20Organizacional%20SDA/ANEXO%20No.%201-%20NORMAS%20LEGALES%20DE%20ESTRUCTURA%20Y%20PLANTA/RESE%C3%91A%20HIST%C3%93RICA%20SDA-NORMAS/Ley%2099%20de%201993%20-%20Crea%20MimAmbiente_files/alert.css HTTP/1.1" 200 1815
66.249.64.47 - - [29/Oct/2014:07:52:45 -0500] "GET /Anexos%20estudio%20Organizacional%20SDA/ANEXO%20No.%201-%20NORMAS%20LEGALES%20DE%20ESTRUCTURA%20Y%20PLANTA/RESE%C3%91A%20HIST%C3%93RICA%20SDA-NORMAS/Decreto%20562%20de%202006%20-%20Establece%20planta%20de%20cargos%20de%20SDA.jsp_files/jquery.js HTTP/1.1" 200 18179
66.249.64.163 - - [29/Oct/2014:07:52:46 -0500] "GET /BLA/resoluciones/RESOLUCIONES%202009/2426.pdf HTTP/1.1" 200 411503
66.249.64.167 - - [29/Oct/2014:07:52:50 -0500] "GET /BLA/resoluciones/RESOLUCIONES%202011/1993.pdf HTTP/1.1" 200 564532
66.249.64.171 - - [29/Oct/2014:07:52:54 -0500] "GET /BLA/resoluciones/RESOLUCIONES%202010/0856.pdf HTTP/1.1" 200 103414
201.245.192.253 - - [29/Oct/2014:07:52:57 -0500] "GET /v/fOaVlKDnWd0?adformat=2_9&version=3&showinfo=0&rel=0&controls=1&iv_load_policy=1 HTTP/1.1" 404 1333
66.249.64.171 - - [29/Oct/2014:07:52:59 -0500] "GET /BLA/resoluciones/RESOLUCIONES%202010/1934.pdf HTTP/1.1" 200 628174
66.249.64.163 - - [29/Oct/2014:07:53:03 -0500] "GET /BLA/resoluciones/RESOLUCIONES%202010/1522.pdf HTTP/1.1" 200 569647
66.249.64.167 - - [29/Oct/2014:07:53:07 -0500] "GET /BLA/resoluciones/RESOLUCIONES%202009/4947.pdf HTTP/1.1" 200 519961
66.249.64.163 - - [29/Oct/2014:07:53:11 -0500] "GET /BLA/resoluciones/RESOLUCIONES%202010/3183.pdf HTTP/1.1" 200 519652
66.249.88.209 - - [29/Oct/2014:07:53:14 -0500] "GET /galeria/nivo-slider/demo/images/banner-conejera1.jpg HTTP/1.1" 200 136228
190.121.157.67 - - [29/Oct/2014:07:53:15 -0500] "GET /BLA/resoluciones/RESOLUCIONES%202007/RES%202007%201401%20AL%201500/RESOLUCION%201402%20DE%202007.pdf HTTP/1.1" 200 224148
66.249.64.163 - - [29/Oct/2014:07:53:15 -0500] "GET /BLA/resoluciones/RESOLUCIONES%202008/2137.pdf HTTP/1.1" 200 597040
190.121.157.67 - - [29/Oct/2014:07:53:15 -0500] "GET /BLA/resoluciones/RESOLUCIONES%202007/RES%202007%201401%20AL%201500/RESOLUCION%201402%20DE%202007.pdf HTTP/1.1" 206 32768
190.121.157.67 - - [29/Oct/2014:07:53:18 -0500] "GET /BLA/resoluciones/RESOLUCIONES%202007/RES%202007%201401%20AL%201500/RESOLUCION%201402%20DE%202007.pdf HTTP/1.1" 206 191380
66.249.64.163 - - [29/Oct/2014:07:53:20 -0500] "GET /BLA/resoluciones/RESOLUCIONES%202011/1803.pdf HTTP/1.1" 200 515384
190.121.157.67 - - [29/Oct/2014:07:53:20 -0500] "GET /favicon.ico HTTP/1.1" 200 7782
66.249.64.163 - - [29/Oct/2014:07:53:24 -0500] "GET /BLA/resoluciones/RESOLUCIONES%202009/6635.pdf HTTP/1.1" 200 460448
66.249.64.167 - - [29/Oct/2014:07:53:28 -0500] "GET /BLA/resoluciones/AUTOS%202009/2031.pdf HTTP/1.1" 200 99876
190.254.137.90 - - [29/Oct/2014:07:53:30 -0500] "GET /BLA/boletinlegal/js/jquery.js HTTP/1.1" 200 57254
190.254.137.90 - - [29/Oct/2014:07:53:30 -0500] "GET /BLA/boletinlegal/js/jquery.scrollTo-min.js HTTP/1.1" 200 1150
190.254.137.90 - - [29/Oct/2014:07:53:30 -0500] "GET /BLA/boletinlegal/js/jquery.scrollShow.js HTTP/1.1" 200 4586
66.249.64.167 - - [29/Oct/2014:07:53:32 -0500] "GET /BLA/resoluciones/RESOLUCIONES%202009/3125.pdf HTTP/1.1" 200 485335
66.249.64.167 - - [29/Oct/2014:07:53:36 -0500] "GET /BLA/resoluciones/RESOLUCIONES%202011/0960.pdf HTTP/1.1" 200 65675
66.249.64.163 - - [29/Oct/2014:07:53:41 -0500] "GET /BLA/resoluciones/RESOLUCIONES%202009/6059.pdf HTTP/1.1" 200 596353
66.249.64.163 - - [29/Oct/2014:07:53:45 -0500] "GET /BLA/resoluciones/AUTOS%202008/0004.pdf HTTP/1.1" 200 42452
66.249.64.171 - - [29/Oct/2014:07:53:49 -0500] "GET /BLA/resoluciones/AUTOS%202008/0015.pdf HTTP/1.1" 200 74441
66.249.64.171 - - [29/Oct/2014:07:53:53 -0500] "GET /BLA/resoluciones/RESOLUCIONES%202010/4374.pdf HTTP/1.1" 200 515247
66.249.64.167 - - [29/Oct/2014:07:53:57 -0500] "GET /BLA/resoluciones/RESOLUCIONES%202011/3391.pdf HTTP/1.1" 200 1689441
200.93.137.226 - - [29/Oct/2014:07:54:01 -0500] "GET /galeria/nivo-slider/demo/demo.html HTTP/1.1" 200 3316
200.93.137.226 - - [29/Oct/2014:07:54:01 -0500] "GET /galeria/nivo-slider/demo/images/porloshumedales.jpg HTTP/1.1" 200 351238
66.249.64.167 - - [29/Oct/2014:07:54:02 -0500] "GET /BLA/resoluciones/RESOLUCIONES%202009/1142.pdf HTTP/1.1" 200 232970
200.93.137.226 - - [29/Oct/2014:07:54:03 -0500] "GET /videos/Spot_Tinguas.flv HTTP/1.1" 304 -
66.249.64.171 - - [29/Oct/2014:07:54:06 -0500] "GET /BLA/resoluciones/RESOLUCIONES%202010/2325.pdf HTTP/1.1" 200 540837
66.249.64.167 - - [29/Oct/2014:07:54:10 -0500] "GET /BLA/resoluciones/RESOLUCIONES%202009/1394.pdf HTTP/1.1" 200 45207
66.249.64.167 - - [29/Oct/2014:07:54:14 -0500] "GET /BLA/resoluciones/RESOLUCIONES%202010/7487.pdf HTTP/1.1" 200 36680
200.93.225.240 - - [29/Oct/2014:07:54:18 -0500] "GET /BLA/boletinlegal/js/jquery.js HTTP/1.1" 200 57254
200.93.225.240 - - [29/Oct/2014:07:54:18 -0500] "GET /BLA/boletinlegal/js/jquery.scrollShow.js HTTP/1.1" 200 4586
200.93.225.240 - - [29/Oct/2014:07:54:18 -0500] "GET /BLA/boletinlegal/js/jquery.scrollTo-min.js HTTP/1.1" 200 1150
66.249.64.171 - - [29/Oct/2014:07:54:19 -0500] "GET /BLA/resoluciones/AUTOS%202009/3229.pdf HTTP/1.1" 200 194440
66.249.64.163 - - [29/Oct/2014:07:54:23 -0500] "GET /BLA/resoluciones/RESOLUCIONES%202010/0028.pdf HTTP/1.1" 200 400510
66.249.64.171 - - [29/Oct/2014:07:54:27 -0500] "GET /BLA/resoluciones/AUTOS%202009/2697.pdf HTTP/1.1" 200 77456
190.158.244.178 - - [29/Oct/2014:07:54:28 -0500] "GET /BLA/boletinlegal/js/jquery.js HTTP/1.1" 200 57254
190.158.244.178 - - [29/Oct/2014:07:54:28 -0500] "GET /BLA/boletinlegal/js/jquery.scrollTo-min.js HTTP/1.1" 200 1150
190.158.244.178 - - [29/Oct/2014:07:54:28 -0500] "GET /BLA/boletinlegal/js/jquery.scrollShow.js HTTP/1.1" 200 4586
66.249.64.171 - - [29/Oct/2014:07:54:31 -0500] "GET /BLA/resoluciones/RESOLUCIONES%202010/3946.pdf HTTP/1.1" 200 504246
66.249.64.167 - - [29/Oct/2014:07:54:35 -0500] "GET /BLA/resoluciones/AUTOS%202009/0680.pdf HTTP/1.1" 200 74599
66.249.64.171 - - [29/Oct/2014:07:54:37 -0500] "GET /BLA/resoluciones/RESOLUCIONES%202009/5154.pdf HTTP/1.1" 200 643076
66.249.64.171 - - [29/Oct/2014:07:54:39 -0500] "GET /BLA/resoluciones/AUTOS%202012/0970.pdf HTTP/1.1" 200 270513
66.249.64.163 - - [29/Oct/2014:07:54:44 -0500] "GET /BLA/resoluciones/AUTOS%202008/0309.pdf HTTP/1.1" 200 116265
66.249.64.171 - - [29/Oct/2014:07:54:48 -0500] "GET /BLA/resoluciones/RESOLUCIONES%202009/4354.pdf HTTP/1.1" 200 461438
66.249.64.167 - - [29/Oct/2014:07:54:52 -0500] "GET /BLA/resoluciones/RESOLUCIONES%202008/3376.pdf HTTP/1.1" 200 335887
66.249.64.167 - - [29/Oct/2014:07:54:56 -0500] "GET /BLA/resoluciones/RESOLUCIONES%202010/3930.pdf HTTP/1.1" 200 489167
190.248.130.118 - - [29/Oct/2014:07:55:00 -0500] "GET /BLA/boletinlegal/js/jquery.js HTTP/1.1" 200 57254
190.248.130.118 - - [29/Oct/2014:07:55:00 -0500] "GET /BLA/boletinlegal/js/jquery.scrollShow.js HTTP/1.1" 200 4586
190.248.130.118 - - [29/Oct/2014:07:55:00 -0500] "GET /BLA/boletinlegal/js/jquery.scrollTo-min.js HTTP/1.1" 200 1150
66.249.64.171 - - [29/Oct/2014:07:55:01 -0500] "GET /BLA/resoluciones/AUTOS%202007/1259.pdf HTTP/1.1" 200 60628
66.249.64.167 - - [29/Oct/2014:07:55:05 -0500] "GET /BLA/resoluciones/AUTOS%202007/1179.pdf HTTP/1.1" 200 28977
66.249.64.167 - - [29/Oct/2014:07:55:09 -0500] "GET /BLA/resoluciones/RESOLUCIONES%202011/1887.pdf HTTP/1.1" 200 514340
66.249.64.43 - - [29/Oct/2014:07:55:12 -0500] "GET /Anexos%20estudio%20Organizacional%20SDA/ANEXO%20No.%201-%20NORMAS%20LEGALES%20DE%20ESTRUCTURA%20Y%20PLANTA/Decreto%20308%20de%202001%20-%20Modifica%20estructura%20del%20DAMA.jsp_files/ladc.css HTTP/1.1" 200 5119
66.249.64.47 - - [29/Oct/2014:07:55:13 -0500] "GET /Anexos%20estudio%20Organizacional%20SDA/ANEXO%20No.%201-%20NORMAS%20LEGALES%20DE%20ESTRUCTURA%20Y%20PLANTA/RESE%C3%91A%20HIST%C3%93RICA%20SDA-NORMAS/Decreto%20631%20de%202007-%20Modifica%20planta%20de%20SDA.jsp_files/screen.css HTTP/1.1" 200 2444
181.130.64.119 - - [29/Oct/2014:07:55:13 -0500] "GET /galeria/nivo-slider/demo/demo.html HTTP/1.1" 200 3316
66.249.64.43 - - [29/Oct/2014:07:55:13 -0500] "GET /Anexos%20estudio%20Organizacional%20SDA/ANEXO%20No.%201-%20NORMAS%20LEGALES%20DE%20ESTRUCTURA%20Y%20PLANTA/RESE%C3%91A%20HIST%C3%93RICA%20SDA-NORMAS/Decreto%20673%20de%201995%20Reestructura%20el%20DAMA_files/jquery.js HTTP/1.1" 200 18179
66.249.64.163 - - [29/Oct/2014:07:55:14 -0500] "GET /BLA/resoluciones/RESOLUCIONES%202009/9537.pdf HTTP/1.1" 200 537413
200.118.160.168 - - [29/Oct/2014:07:55:17 -0500] "GET /videos/galeria-fotografica/index21.html? HTTP/1.1" 200 1967
200.118.160.168 - - [29/Oct/2014:07:55:17 -0500] "GET /videos/galeria-fotografica/js/jquery-flickr-gallery/jquery-flickr.css HTTP/1.1" 200 711
200.118.160.168 - - [29/Oct/2014:07:55:17 -0500] "GET /videos/galeria-fotografica/js/jquery-flickr-gallery/jquery-flickr-gallery.js HTTP/1.1" 200 9050
181.130.64.119 - - [29/Oct/2014:07:55:17 -0500] "GET /galeria/nivo-slider/demo/images/porloshumedales.jpg HTTP/1.1" 200 351238
181.130.64.119 - - [29/Oct/2014:07:55:17 -0500] "GET /galeria/nivo-slider/demo/images/banner-aceite3.jpg HTTP/1.1" 304 -
66.249.64.171 - - [29/Oct/2014:07:55:17 -0500] "GET /BLA/resoluciones/AUTOS%202009/3161.pdf HTTP/1.1" 200 131632
181.130.64.119 - - [29/Oct/2014:07:55:18 -0500] "GET /galeria/nivo-slider/demo/images/mesTIC.jpg HTTP/1.1" 304 -
181.130.64.119 - - [29/Oct/2014:07:55:18 -0500] "GET /galeria/nivo-slider/demo/images/Tingua-azul.jpg HTTP/1.1" 304 -
181.130.64.119 - - [29/Oct/2014:07:55:18 -0500] "GET /galeria/nivo-slider/demo/images/Banner-Caracol-Africano.jpg HTTP/1.1" 304 -
181.130.64.119 - - [29/Oct/2014:07:55:18 -0500] "GET /galeria/nivo-slider/demo/images/banner-redes.jpg HTTP/1.1" 304 -
190.0.59.22 - - [29/Oct/2014:07:55:19 -0500] "GET /BLA/boletinlegal/js/jquery.js HTTP/1.1" 200 57254
190.0.59.22 - - [29/Oct/2014:07:55:19 -0500] "GET /BLA/boletinlegal/js/jquery.scrollShow.js HTTP/1.1" 200 4586
200.118.160.168 - - [29/Oct/2014:07:55:19 -0500] "GET /videos/DIASINCARROSITP.flv HTTP/1.1" 200 2337807
190.0.59.22 - - [29/Oct/2014:07:55:20 -0500] "GET /BLA/boletinlegal/js/jquery.scrollTo-min.js HTTP/1.1" 200 1150
