190.158.134.228 - - [29/Oct/2014:05:47:05 -0500] "GET /forest/misactividades.do?group_system_actual=3&todas=1&codPro=0&_a=0.09567691938894085 HTTP/1.1" 200 36718
190.158.134.228 - - [29/Oct/2014:05:47:06 -0500] "GET /forest/jsoptimized/gz/js/gdocsall-1410.211635.js HTTP/1.1" 304 -
190.158.134.228 - - [29/Oct/2014:05:47:06 -0500] "GET /forest/js/jquery/grid/css/ui.multiselect.css HTTP/1.1" 200 1886
190.158.134.228 - - [29/Oct/2014:05:47:06 -0500] "GET /forest/js/jquery/grid/css/ui.jqgrid.css HTTP/1.1" 200 14763
190.158.134.228 - - [29/Oct/2014:05:47:06 -0500] "GET /forest/js/jquery/plugins/jquery.ui.selectmenu.js HTTP/1.1" 200 26591
190.158.134.228 - - [29/Oct/2014:05:47:07 -0500] "GET /forest/js/jquery/i18n/grid.locale-en.js HTTP/1.1" 200 3927
190.158.134.228 - - [29/Oct/2014:05:47:06 -0500] "GET /forest/js/jquery/jquery.layout-latest.js HTTP/1.1" 200 142624
190.158.134.228 - - [29/Oct/2014:05:47:06 -0500] "GET /forest/js/jquery/jquery-latest.js HTTP/1.1" 200 180411
190.158.134.228 - - [29/Oct/2014:05:47:08 -0500] "GET /forest/js/jquery/plugins/ui.multiselect.js HTTP/1.1" 200 10577
190.158.134.228 - - [29/Oct/2014:05:47:06 -0500] "GET /forest/js/jquery/jquery-ui-latest.js HTTP/1.1" 200 359766
190.158.134.228 - - [29/Oct/2014:05:47:08 -0500] "GET /forest/js/jquery/plugins/jquery.searchFilter.js HTTP/1.1" 200 37785
190.158.134.228 - - [29/Oct/2014:05:47:08 -0500] "GET /forest/js/jquery/jquery.jqGrid.src.js HTTP/1.1" 200 383407
66.249.64.167 - - [29/Oct/2014:05:47:09 -0500] "GET /BLA/resoluciones/RESOLUCIONES%202009/1639.pdf HTTP/1.1" 200 383543
190.158.134.228 - - [29/Oct/2014:05:47:10 -0500] "GET /forest/js/jquery/plugins/jquery.contextmenu.js HTTP/1.1" 200 4443
190.158.134.228 - - [29/Oct/2014:05:47:10 -0500] "GET /forest/js/jquery/plugins/jquery.tablednd.js HTTP/1.1" 200 17091
190.158.134.228 - - [29/Oct/2014:05:47:10 -0500] "GET /forest/js/jquery/css/jquery-ui-selectmenu.css HTTP/1.1" 200 2553
190.158.134.228 - - [29/Oct/2014:05:47:10 -0500] "GET /forest/js/jquery/plugins/grid.setcolumns.js HTTP/1.1" 200 5638
190.158.134.228 - - [29/Oct/2014:05:47:10 -0500] "GET /forest/js/jqGridConf.js HTTP/1.1" 200 19506
190.158.134.228 - - [29/Oct/2014:05:47:10 -0500] "GET /forest/js/jquery/css/jquery-ui-1.8.1.custom.css HTTP/1.1" 200 29141
190.158.134.228 - - [29/Oct/2014:05:47:13 -0500] "GET /forest/session.jsp?a=0.8554375559752 HTTP/1.1" 200 4
66.249.64.171 - - [29/Oct/2014:05:47:16 -0500] "GET /BLA/resoluciones/RESOLUCIONES%202010/3551.pdf HTTP/1.1" 200 284385
66.249.64.43 - - [29/Oct/2014:05:47:17 -0500] "GET / HTTP/1.1" 302 -
190.158.134.228 - - [29/Oct/2014:05:47:17 -0500] "GET /forest/img/jquery/quitarfiltrar.gif HTTP/1.1" 200 1021
190.158.134.228 - - [29/Oct/2014:05:47:17 -0500] "GET /forest/img/jquery/save.gif HTTP/1.1" 200 1041
190.158.134.228 - - [29/Oct/2014:05:47:17 -0500] "GET /forest/img/jquery/columnshide.gif HTTP/1.1" 200 591
190.158.134.228 - - [29/Oct/2014:05:47:17 -0500] "GET /forest/img/jquery/ui-icons_469bdd_256x240.png HTTP/1.1" 200 70990
190.158.134.228 - - [29/Oct/2014:05:47:17 -0500] "GET /forest/img/jquery/ui-bg_gloss-wave_55_5c9ccc_500x100.png HTTP/1.1" 200 58064
190.158.134.228 - - [29/Oct/2014:05:47:17 -0500] "GET /forest/img/jquery/ui-icons_6da8d5_256x240.png HTTP/1.1" 200 69971
190.158.134.228 - - [29/Oct/2014:05:47:17 -0500] "POST /forest/misactividades.do?ajax=true&a=0.7234564165219353 HTTP/1.1" 200 5207
190.158.134.228 - - [29/Oct/2014:05:47:17 -0500] "GET /forest/img/jquery/ui-bg_flat_0_aaaaaa_40x100.png HTTP/1.1" 200 180
190.158.134.228 - - [29/Oct/2014:05:47:17 -0500] "GET /forest/img/jquery/ui-bg_inset-hard_100_f5f8f9_1x100.png HTTP/1.1" 200 48020
190.158.134.228 - - [29/Oct/2014:05:47:17 -0500] "GET /forest/img/jquery/ui-bg_glass_85_dfeffc_1x400.png HTTP/1.1" 200 50159
190.158.134.228 - - [29/Oct/2014:05:47:18 -0500] "GET /forest/img/jquery/ui-bg_inset-hard_100_fcfdfd_1x100.png HTTP/1.1" 200 47825
190.158.134.228 - - [29/Oct/2014:05:47:18 -0500] "GET /forest/skins/gdocs-jar/img/doc-alert.gif HTTP/1.1" 200 370
190.158.134.228 - - [29/Oct/2014:05:47:18 -0500] "GET /forest/img/newdocs.gif HTTP/1.1" 200 433
186.30.145.235 - - [29/Oct/2014:05:47:19 -0500] "GET /BLA/boletinlegal/js/jquery.js HTTP/1.1" 200 57254
186.30.145.235 - - [29/Oct/2014:05:47:19 -0500] "GET /BLA/boletinlegal/js/jquery.scrollTo-min.js HTTP/1.1" 200 1150
186.30.145.235 - - [29/Oct/2014:05:47:19 -0500] "GET /galeria/carrusel/Carrusel/jquery.thumbnailScroller.css HTTP/1.1" 200 2066
186.30.145.235 - - [29/Oct/2014:05:47:19 -0500] "GET /galeria/carrusel/Carrusel/jquery-ui-1.8.13.custom.min.js HTTP/1.1" 200 10800
186.30.145.235 - - [29/Oct/2014:05:47:19 -0500] "GET /galeria/carrusel/Carrusel/jquery.thumbnailScroller.js HTTP/1.1" 200 8157
186.30.145.235 - - [29/Oct/2014:05:47:19 -0500] "GET /BLA/boletinlegal/js/jquery.scrollShow.js HTTP/1.1" 200 4586
186.30.145.235 - - [29/Oct/2014:05:47:22 -0500] "GET /galeria/nivo-slider/demo/demo.html HTTP/1.1" 200 3316
186.30.145.235 - - [29/Oct/2014:05:47:22 -0500] "GET /galeria/nivo-slider/themes/default/default.css HTTP/1.1" 200 1569
186.30.145.235 - - [29/Oct/2014:05:47:22 -0500] "GET /galeria/nivo-slider/nivo-slider.css HTTP/1.1" 200 1507
186.30.145.235 - - [29/Oct/2014:05:47:22 -0500] "GET /galeria/nivo-slider/themes/pascal/pascal.css HTTP/1.1" 200 2258
186.30.145.235 - - [29/Oct/2014:05:47:22 -0500] "GET /galeria/nivo-slider/demo/style.css HTTP/1.1" 200 2222
186.30.145.235 - - [29/Oct/2014:05:47:22 -0500] "GET /galeria/nivo-slider/themes/orman/orman.css HTTP/1.1" 200 2152
66.249.64.163 - - [29/Oct/2014:05:47:22 -0500] "GET /BLA/resoluciones/RESOLUCIONES%202010/2725.pdf HTTP/1.1" 200 376706
186.30.145.235 - - [29/Oct/2014:05:47:23 -0500] "GET /galeria/nivo-slider/demo/scripts/jquery-1.7.1.min.js HTTP/1.1" 200 93868
186.30.145.235 - - [29/Oct/2014:05:47:23 -0500] "GET /galeria/nivo-slider/jquery.nivo.slider.pack.js HTTP/1.1" 200 11561
186.30.145.235 - - [29/Oct/2014:05:47:24 -0500] "GET /galeria/nivo-slider/demo/images/4Simple_Slider.png HTTP/1.1" 200 11722
186.30.145.235 - - [29/Oct/2014:05:47:24 -0500] "GET /galeria/nivo-slider/themes/default/loading.gif HTTP/1.1" 200 1737
190.158.134.228 - - [29/Oct/2014:05:47:24 -0500] "GET /forest/img/jquery/ui-icons_217bc0_256x240.png HTTP/1.1" 200 70221
186.30.145.235 - - [29/Oct/2014:05:47:25 -0500] "GET /galeria/nivo-slider/demo/images/mesTIC.jpg HTTP/1.1" 200 180719
186.30.145.235 - - [29/Oct/2014:05:47:25 -0500] "GET /galeria/nivo-slider/demo/images/porloshumedales.jpg HTTP/1.1" 200 351238
186.30.145.235 - - [29/Oct/2014:05:47:25 -0500] "GET /galeria/nivo-slider/demo/images/banner-aceite3.jpg HTTP/1.1" 200 88347
186.30.145.235 - - [29/Oct/2014:05:47:25 -0500] "GET /galeria/nivo-slider/demo/images/Banner-Caracol-Africano.jpg HTTP/1.1" 200 331986
186.30.145.235 - - [29/Oct/2014:05:47:26 -0500] "GET /galeria/nivo-slider/demo/images/Tingua-azul.jpg HTTP/1.1" 200 307638
186.30.145.235 - - [29/Oct/2014:05:47:26 -0500] "GET /galeria/nivo-slider/demo/images/banner-redes.jpg HTTP/1.1" 200 62209
186.30.145.235 - - [29/Oct/2014:05:47:29 -0500] "GET /galeria/nivo-slider/demo/images/9Signos.jpg HTTP/1.1" 200 93040
66.249.64.167 - - [29/Oct/2014:05:47:29 -0500] "GET /BLA/resoluciones/RESOLUCIONES%202009/2696.pdf HTTP/1.1" 200 396153
186.30.145.235 - - [29/Oct/2014:05:47:30 -0500] "GET /galeria/nivo-slider/demo/images/banner-llantas2.jpg HTTP/1.1" 200 73153
186.30.145.235 - - [29/Oct/2014:05:47:30 -0500] "GET /galeria/nivo-slider/demo/images/banner-caballos.png HTTP/1.1" 200 389106
186.30.145.235 - - [29/Oct/2014:05:47:32 -0500] "GET /galeria/nivo-slider/demo/images/Hacienda_Molinos.jpg HTTP/1.1" 200 319171
186.30.145.235 - - [29/Oct/2014:05:47:33 -0500] "GET /galeria/nivo-slider/demo/images/bannerEcolecta3.jpg HTTP/1.1" 200 280034
66.249.64.163 - - [29/Oct/2014:05:47:36 -0500] "GET /BLA/resoluciones/RESOLUCIONES%202010/0581.pdf HTTP/1.1" 200 101224
186.30.145.235 - - [29/Oct/2014:05:47:39 -0500] "GET /videos/Spot_Tinguas.flv HTTP/1.1" 200 2087054
186.30.145.235 - - [29/Oct/2014:05:47:42 -0500] "GET /galeria/nivo-slider/themes/default/arrows.png HTTP/1.1" 200 824
186.30.145.235 - - [29/Oct/2014:05:47:42 -0500] "GET /galeria/nivo-slider/themes/default/bullets.png HTTP/1.1" 200 1281
66.249.64.163 - - [29/Oct/2014:05:47:43 -0500] "GET /BLA/resoluciones/AUTOS%202009/1351.pdf HTTP/1.1" 200 78093
66.249.64.163 - - [29/Oct/2014:05:47:50 -0500] "GET /BLA/resoluciones/RESOLUCIONES%202011/1698.pdf HTTP/1.1" 200 72417
66.249.64.171 - - [29/Oct/2014:05:47:56 -0500] "GET /BLA/resoluciones/RESOLUCIONES%202010/0545.pdf HTTP/1.1" 200 403124
66.249.64.163 - - [29/Oct/2014:05:48:03 -0500] "GET /BLA/resoluciones/RESOLUCIONES%202010/3435.pdf HTTP/1.1" 200 741359
190.158.134.228 - - [29/Oct/2014:05:48:04 -0500] "GET /forest/img/jquery/ui-bg_flat_55_fbec88_40x100.png HTTP/1.1" 200 47994
66.249.64.167 - - [29/Oct/2014:05:48:10 -0500] "GET /BLA/resoluciones/RESOLUCIONES%202010/1508.pdf HTTP/1.1" 200 496219
190.158.134.228 - - [29/Oct/2014:05:48:13 -0500] "GET /forest/usutareas.do?_a=0.8378947316977326&group_system_actual=3 HTTP/1.1" 200 130689
190.158.134.228 - - [29/Oct/2014:05:48:15 -0500] "GET /forest/jsoptimized/gz/js/gdocsall-1410.211635.js HTTP/1.1" 304 -
66.249.64.171 - - [29/Oct/2014:05:48:17 -0500] "GET /BLA/resoluciones/RESOLUCIONES%202011/1371.pdf HTTP/1.1" 200 519061
190.158.134.228 - - [29/Oct/2014:05:48:20 -0500] "GET /forest/skins/gdocs-jar/img/iconCallForm.gif HTTP/1.1" 200 1043
190.158.134.228 - - [29/Oct/2014:05:48:19 -0500] "GET /ForestMSG_SDA/channelAsync/template_word_16759412;jsessionid=IRwXsUqMe9d3hoGjvEVLZ38r.server1?X-Atmosphere-tracking-id=8f276ab4-02f0-c027-3205-b238257cc6df&X-Atmosphere-Framework=1.0.5&X-Atmosphere-Transport=long-polling&tabid=0.8778943663229423&X-Cache-Date=0&Content-Type=application/xml HTTP/1.1" 200 8193
190.158.134.228 - - [29/Oct/2014:05:48:22 -0500] "GET /forest/session.jsp?a=0.8524171014946009 HTTP/1.1" 200 4
66.249.64.171 - - [29/Oct/2014:05:48:24 -0500] "GET /BLA/resoluciones/RESOLUCIONES%202010/3558.pdf HTTP/1.1" 200 737243
66.249.64.171 - - [29/Oct/2014:05:48:31 -0500] "GET /BLA/resoluciones/RESOLUCIONES%202010/0776.pdf HTTP/1.1" 200 96291
66.249.64.167 - - [29/Oct/2014:05:48:37 -0500] "GET /BLA/resoluciones/RESOLUCIONES%202009/5965.pdf HTTP/1.1" 200 119060
66.249.64.167 - - [29/Oct/2014:05:48:44 -0500] "GET /BLA/resoluciones/AUTOS%202009/1433.pdf HTTP/1.1" 200 345333
66.249.64.163 - - [29/Oct/2014:05:48:51 -0500] "GET /BLA/resoluciones/RESOLUCIONES%202009/8304.pdf HTTP/1.1" 200 766096
66.249.64.171 - - [29/Oct/2014:05:48:58 -0500] "GET /BLA/resoluciones/RESOLUCIONES%202009/8325.pdf HTTP/1.1" 200 363380
66.249.64.171 - - [29/Oct/2014:05:49:05 -0500] "GET /BLA/resoluciones/RESOLUCIONES%202011/0974.pdf HTTP/1.1" 200 70939
66.249.64.163 - - [29/Oct/2014:05:49:11 -0500] "GET /BLA/resoluciones/RESOLUCIONES%202008/2375.pdf HTTP/1.1" 200 227405
66.249.64.167 - - [29/Oct/2014:05:49:18 -0500] "GET /BLA/resoluciones/AUTOS%202009/0446.pdf HTTP/1.1" 200 232852
66.249.64.171 - - [29/Oct/2014:05:49:25 -0500] "GET /BLA/resoluciones/RESOLUCIONES%202010/0356.pdf HTTP/1.1" 200 493430
66.249.64.171 - - [29/Oct/2014:05:49:32 -0500] "GET /BLA/resoluciones/AUTOS%202009/3337.pdf HTTP/1.1" 200 199679
66.249.64.171 - - [29/Oct/2014:05:49:39 -0500] "GET /BLA/resoluciones/RESOLUCIONES%202009/4479.pdf HTTP/1.1" 200 569579
66.249.64.167 - - [29/Oct/2014:05:49:46 -0500] "GET /BLA/resoluciones/RESOLUCIONES%202008/5175.pdf HTTP/1.1" 200 64017
66.249.64.171 - - [29/Oct/2014:05:49:52 -0500] "GET /BLA/resoluciones/RESOLUCIONES%202010/1096.pdf HTTP/1.1" 200 124586
66.249.64.171 - - [29/Oct/2014:05:49:59 -0500] "GET /BLA/resoluciones/RESOLUCIONES%202009/9400.pdf HTTP/1.1" 200 412677
66.249.64.163 - - [29/Oct/2014:05:50:06 -0500] "GET /BLA/resoluciones/AUTOS%202007/1576.pdf HTTP/1.1" 200 30362
66.249.64.171 - - [29/Oct/2014:05:50:13 -0500] "GET /BLA/resoluciones/RESOLUCIONES%202009/7718.pdf HTTP/1.1" 200 62162
66.249.64.167 - - [29/Oct/2014:05:50:20 -0500] "GET /BLA/resoluciones/RESOLUCIONES%202009/1410.pdf HTTP/1.1" 200 387198
66.249.64.171 - - [29/Oct/2014:05:50:26 -0500] "GET /BLA/resoluciones/RESOLUCIONES%202010/4389.pdf HTTP/1.1" 200 564923
66.249.64.167 - - [29/Oct/2014:05:50:33 -0500] "GET /BLA/resoluciones/RESOLUCIONES%202009/1963.pdf HTTP/1.1" 200 633899
66.249.64.163 - - [29/Oct/2014:05:50:40 -0500] "GET /BLA/resoluciones/AUTOS%202009/1363.pdf HTTP/1.1" 200 131206
66.249.64.167 - - [29/Oct/2014:05:50:47 -0500] "GET /BLA/resoluciones/RESOLUCIONES%202008/5632.pdf HTTP/1.1" 200 213486
66.249.64.163 - - [29/Oct/2014:05:50:54 -0500] "GET /BLA/resoluciones/AUTOS%202009/2002.pdf HTTP/1.1" 200 100530
74.86.158.107 - - [29/Oct/2014:05:50:58 -0500] "HEAD / HTTP/1.1" 302 -
66.249.64.167 - - [29/Oct/2014:05:51:00 -0500] "GET /BLA/resoluciones/AUTOS%202009/1092.pdf HTTP/1.1" 200 97492
66.249.64.167 - - [29/Oct/2014:05:51:07 -0500] "GET /BLA/resoluciones/RESOLUCIONES%202009/3722.pdf HTTP/1.1" 200 349615
66.249.64.167 - - [29/Oct/2014:05:51:14 -0500] "GET /BLA/resoluciones/RESOLUCIONES%202009/1763.pdf HTTP/1.1" 200 403384
66.249.64.171 - - [29/Oct/2014:05:51:21 -0500] "GET /BLA/resoluciones/RESOLUCIONES%202009/7925.pdf HTTP/1.1" 200 167116
180.76.6.20 - - [29/Oct/2014:05:51:25 -0500] "GET /BLA/resoluciones/AUTOS%202009/2233.pdf HTTP/1.1" 200 123059
66.249.64.167 - - [29/Oct/2014:05:51:27 -0500] "GET /BLA/resoluciones/RESOLUCIONES%202009/1390.pdf HTTP/1.1" 200 503650
66.249.64.171 - - [29/Oct/2014:05:51:28 -0500] "GET /BLA/resoluciones/RESOLUCIONES%202008/4609.pdf HTTP/1.1" 200 404387
66.249.64.167 - - [29/Oct/2014:05:51:35 -0500] "GET /BLA/resoluciones/RESOLUCIONES%202011/1208.pdf HTTP/1.1" 200 349645
66.249.64.167 - - [29/Oct/2014:05:51:41 -0500] "GET /BLA/resoluciones/RESOLUCIONES%202009/4061.pdf HTTP/1.1" 200 586765
66.249.64.163 - - [29/Oct/2014:05:51:48 -0500] "GET /BLA/resoluciones/AUTOS%202009/2429.pdf HTTP/1.1" 200 100458
66.249.64.167 - - [29/Oct/2014:05:51:55 -0500] "GET /BLA/resoluciones/AUTOS%202009/2052.pdf HTTP/1.1" 200 103129
66.249.64.171 - - [29/Oct/2014:05:52:02 -0500] "GET /BLA/resoluciones/AUTOS%202009/2842.pdf HTTP/1.1" 200 82000
66.249.64.43 - - [29/Oct/2014:05:52:04 -0500] "GET /Anexos%20estudio%20Organizacional%20SDA/ANEXO%20No.%201-%20NORMAS%20LEGALES%20DE%20ESTRUCTURA%20Y%20PLANTA/Decreto%20631%20de%202007-%20Modifica%20planta%20de%20SDA.jsp_files/screen.css HTTP/1.1" 200 2444
66.249.64.47 - - [29/Oct/2014:05:52:05 -0500] "GET /Anexos%20estudio%20Organizacional%20SDA/ANEXO%20No.%201-%20NORMAS%20LEGALES%20DE%20ESTRUCTURA%20Y%20PLANTA/Decreto%20631%20de%202007-%20Modifica%20planta%20de%20SDA.jsp_files/jquery.js HTTP/1.1" 200 18179
180.76.6.20 - - [29/Oct/2014:05:52:05 -0500] "GET /BLA/resoluciones/AUTOS%202011/0200.pdf HTTP/1.1" 200 180243
66.249.64.43 - - [29/Oct/2014:05:52:05 -0500] "GET /Anexos%20estudio%20Organizacional%20SDA/ANEXO%20No.%201-%20NORMAS%20LEGALES%20DE%20ESTRUCTURA%20Y%20PLANTA/Decreto%20631%20de%202007-%20Modifica%20planta%20de%20SDA.jsp_files/AjaxRequest.js HTTP/1.1" 200 17069
66.249.64.39 - - [29/Oct/2014:05:52:06 -0500] "GET /Anexos%20estudio%20Organizacional%20SDA/ANEXO%20No.%201-%20NORMAS%20LEGALES%20DE%20ESTRUCTURA%20Y%20PLANTA/Decreto%20631%20de%202007-%20Modifica%20planta%20de%20SDA.jsp_files/ladc.css HTTP/1.1" 200 5119
66.249.64.47 - - [29/Oct/2014:05:52:06 -0500] "GET /Anexos%20estudio%20Organizacional%20SDA/ANEXO%20No.%201-%20NORMAS%20LEGALES%20DE%20ESTRUCTURA%20Y%20PLANTA/Decreto%20631%20de%202007-%20Modifica%20planta%20de%20SDA.jsp_files/jquery-1.js HTTP/1.1" 200 57254
66.249.64.43 - - [29/Oct/2014:05:52:07 -0500] "GET /Anexos%20estudio%20Organizacional%20SDA/ANEXO%20No.%201-%20NORMAS%20LEGALES%20DE%20ESTRUCTURA%20Y%20PLANTA/Decreto%20631%20de%202007-%20Modifica%20planta%20de%20SDA.jsp_files/jquery.css HTTP/1.1" 200 4557
66.249.64.43 - - [29/Oct/2014:05:52:08 -0500] "GET /Anexos%20estudio%20Organizacional%20SDA/ANEXO%20No.%201-%20NORMAS%20LEGALES%20DE%20ESTRUCTURA%20Y%20PLANTA/Acuerdo%209%20de%201990%20Concejo%20de%20Bogot%C3%A1._files/jquery.css HTTP/1.1" 200 4557
66.249.64.39 - - [29/Oct/2014:05:52:08 -0500] "GET /Anexos%20estudio%20Organizacional%20SDA/ANEXO%20No.%201-%20NORMAS%20LEGALES%20DE%20ESTRUCTURA%20Y%20PLANTA/Acuerdo%209%20de%201990%20Concejo%20de%20Bogot%C3%A1._files/jquery-1.js HTTP/1.1" 200 57254
66.249.64.47 - - [29/Oct/2014:05:52:08 -0500] "GET /Anexos%20estudio%20Organizacional%20SDA/ANEXO%20No.%201-%20NORMAS%20LEGALES%20DE%20ESTRUCTURA%20Y%20PLANTA/Acuerdo%209%20de%201990%20Concejo%20de%20Bogot%C3%A1._files/jquery.js HTTP/1.1" 200 18179
66.249.64.43 - - [29/Oct/2014:05:52:09 -0500] "GET /Anexos%20estudio%20Organizacional%20SDA/ANEXO%20No.%201-%20NORMAS%20LEGALES%20DE%20ESTRUCTURA%20Y%20PLANTA/Acuerdo%209%20de%201990%20Concejo%20de%20Bogot%C3%A1._files/sisjur.htm HTTP/1.1" 200 1077
66.249.64.167 - - [29/Oct/2014:05:52:09 -0500] "GET /BLA/resoluciones/RESOLUCIONES%202009/6976.pdf HTTP/1.1" 200 506411
66.249.64.39 - - [29/Oct/2014:05:52:10 -0500] "GET /Anexos%20estudio%20Organizacional%20SDA/ANEXO%20No.%201-%20NORMAS%20LEGALES%20DE%20ESTRUCTURA%20Y%20PLANTA/Acuerdo%209%20de%201990%20Concejo%20de%20Bogot%C3%A1._files/ladc.css HTTP/1.1" 200 5119
66.249.64.43 - - [29/Oct/2014:05:52:10 -0500] "GET /Anexos%20estudio%20Organizacional%20SDA/ANEXO%20No.%201-%20NORMAS%20LEGALES%20DE%20ESTRUCTURA%20Y%20PLANTA/Acuerdo%209%20de%201990%20Concejo%20de%20Bogot%C3%A1._files/screen.css HTTP/1.1" 200 2444
66.249.64.47 - - [29/Oct/2014:05:52:11 -0500] "GET /Anexos%20estudio%20Organizacional%20SDA/ANEXO%20No.%201-%20NORMAS%20LEGALES%20DE%20ESTRUCTURA%20Y%20PLANTA/Acuerdo%209%20de%201990%20Concejo%20de%20Bogot%C3%A1._files/ladc.htm HTTP/1.1" 200 1071
66.249.64.47 - - [29/Oct/2014:05:52:11 -0500] "GET /Anexos%20estudio%20Organizacional%20SDA/ANEXO%20No.%201-%20NORMAS%20LEGALES%20DE%20ESTRUCTURA%20Y%20PLANTA/Acuerdo%209%20de%201990%20Concejo%20de%20Bogot%C3%A1._files/AjaxRequest.js HTTP/1.1" 200 17069
66.249.64.43 - - [29/Oct/2014:05:52:12 -0500] "GET /Anexos%20estudio%20Organizacional%20SDA/ANEXO%20No.%201-%20NORMAS%20LEGALES%20DE%20ESTRUCTURA%20Y%20PLANTA/Decreto%20109%20de%202009%20-%20Modifica%20la%20estructura%20de%20la%20SDA.jsp_files/jquery.js HTTP/1.1" 200 18179
66.249.64.39 - - [29/Oct/2014:05:52:13 -0500] "GET /Anexos%20estudio%20Organizacional%20SDA/ANEXO%20No.%201-%20NORMAS%20LEGALES%20DE%20ESTRUCTURA%20Y%20PLANTA/Decreto%20109%20de%202009%20-%20Modifica%20la%20estructura%20de%20la%20SDA.jsp_files/AjaxRequest.js HTTP/1.1" 200 17069
66.249.64.39 - - [29/Oct/2014:05:52:13 -0500] "GET /Anexos%20estudio%20Organizacional%20SDA/ANEXO%20No.%201-%20NORMAS%20LEGALES%20DE%20ESTRUCTURA%20Y%20PLANTA/Decreto%20109%20de%202009%20-%20Modifica%20la%20estructura%20de%20la%20SDA.jsp_files/ladc.css HTTP/1.1" 200 5119
66.249.64.43 - - [29/Oct/2014:05:52:14 -0500] "GET /Anexos%20estudio%20Organizacional%20SDA/ANEXO%20No.%201-%20NORMAS%20LEGALES%20DE%20ESTRUCTURA%20Y%20PLANTA/Decreto%20109%20de%202009%20-%20Modifica%20la%20estructura%20de%20la%20SDA.jsp_files/screen.css HTTP/1.1" 200 2444
66.249.64.39 - - [29/Oct/2014:05:52:14 -0500] "GET /Anexos%20estudio%20Organizacional%20SDA/ANEXO%20No.%201-%20NORMAS%20LEGALES%20DE%20ESTRUCTURA%20Y%20PLANTA/Decreto%20562%20de%202006%20-%20Establece%20planta%20de%20cargos%20de%20SDA.jsp_files/screen.css HTTP/1.1" 200 2444
66.249.64.47 - - [29/Oct/2014:05:52:15 -0500] "GET /Anexos%20estudio%20Organizacional%20SDA/ANEXO%20No.%201-%20NORMAS%20LEGALES%20DE%20ESTRUCTURA%20Y%20PLANTA/Decreto%20562%20de%202006%20-%20Establece%20planta%20de%20cargos%20de%20SDA.jsp_files/AjaxRequest.js HTTP/1.1" 200 17069
66.249.64.47 - - [29/Oct/2014:05:52:15 -0500] "GET /Anexos%20estudio%20Organizacional%20SDA/ANEXO%20No.%201-%20NORMAS%20LEGALES%20DE%20ESTRUCTURA%20Y%20PLANTA/Decreto%20562%20de%202006%20-%20Establece%20planta%20de%20cargos%20de%20SDA.jsp_files/jquery.css HTTP/1.1" 200 4557
66.249.64.47 - - [29/Oct/2014:05:52:16 -0500] "GET /Anexos%20estudio%20Organizacional%20SDA/ANEXO%20No.%201-%20NORMAS%20LEGALES%20DE%20ESTRUCTURA%20Y%20PLANTA/Decreto%20562%20de%202006%20-%20Establece%20planta%20de%20cargos%20de%20SDA.jsp_files/jquery-1.js HTTP/1.1" 200 57254
66.249.64.167 - - [29/Oct/2014:05:52:16 -0500] "GET /BLA/resoluciones/RESOLUCIONES%202009/3784.pdf HTTP/1.1" 200 392754
66.249.64.43 - - [29/Oct/2014:05:52:17 -0500] "GET /Anexos%20estudio%20Organizacional%20SDA/ANEXO%20No.%201-%20NORMAS%20LEGALES%20DE%20ESTRUCTURA%20Y%20PLANTA/Decreto%20109%20de%202009%20-%20Modifica%20la%20estructura%20de%20la%20SDA.jsp_files/jquery.css HTTP/1.1" 200 4557
66.249.64.47 - - [29/Oct/2014:05:52:17 -0500] "GET /Anexos%20estudio%20Organizacional%20SDA/ANEXO%20No.%201-%20NORMAS%20LEGALES%20DE%20ESTRUCTURA%20Y%20PLANTA/Decreto%20308%20de%202001%20-%20Modifica%20estructura%20del%20DAMA.jsp_files/jquery.css HTTP/1.1" 200 4557
66.249.64.47 - - [29/Oct/2014:05:52:18 -0500] "GET /Anexos%20estudio%20Organizacional%20SDA/ANEXO%20No.%201-%20NORMAS%20LEGALES%20DE%20ESTRUCTURA%20Y%20PLANTA/Decreto%20308%20de%202001%20-%20Modifica%20estructura%20del%20DAMA.jsp_files/ladc.htm HTTP/1.1" 200 1071
66.249.64.47 - - [29/Oct/2014:05:52:18 -0500] "GET /Anexos%20estudio%20Organizacional%20SDA/ANEXO%20No.%201-%20NORMAS%20LEGALES%20DE%20ESTRUCTURA%20Y%20PLANTA/Decreto%20308%20de%202001%20-%20Modifica%20estructura%20del%20DAMA.jsp_files/AjaxRequest.js HTTP/1.1" 200 17069
66.249.64.47 - - [29/Oct/2014:05:52:19 -0500] "GET /Anexos%20estudio%20Organizacional%20SDA/ANEXO%20No.%201-%20NORMAS%20LEGALES%20DE%20ESTRUCTURA%20Y%20PLANTA/Decreto%20561%20de%202006%20-%20Establece%20estructura%20de%20la%20SDA.jsp_files/jquery-1.js HTTP/1.1" 200 57254
66.249.64.47 - - [29/Oct/2014:05:52:19 -0500] "GET /Anexos%20estudio%20Organizacional%20SDA/ANEXO%20No.%201-%20NORMAS%20LEGALES%20DE%20ESTRUCTURA%20Y%20PLANTA/Decreto%20561%20de%202006%20-%20Establece%20estructura%20de%20la%20SDA.jsp_files/ladc.css HTTP/1.1" 200 5119
66.249.64.47 - - [29/Oct/2014:05:52:20 -0500] "GET /Anexos%20estudio%20Organizacional%20SDA/ANEXO%20No.%201-%20NORMAS%20LEGALES%20DE%20ESTRUCTURA%20Y%20PLANTA/Decreto%20561%20de%202006%20-%20Establece%20estructura%20de%20la%20SDA.jsp_files/jquery.js HTTP/1.1" 200 18179
66.249.64.39 - - [29/Oct/2014:05:52:20 -0500] "GET /Anexos%20estudio%20Organizacional%20SDA/ANEXO%20No.%201-%20NORMAS%20LEGALES%20DE%20ESTRUCTURA%20Y%20PLANTA/Decreto%20561%20de%202006%20-%20Establece%20estructura%20de%20la%20SDA.jsp_files/screen.css HTTP/1.1" 200 2444
66.249.64.47 - - [29/Oct/2014:05:52:21 -0500] "GET /Anexos%20estudio%20Organizacional%20SDA/ANEXO%20No.%201-%20NORMAS%20LEGALES%20DE%20ESTRUCTURA%20Y%20PLANTA/Decreto%20308%20de%202001%20-%20Modifica%20estructura%20del%20DAMA.jsp_files/jquery.js HTTP/1.1" 200 18179
66.249.64.39 - - [29/Oct/2014:05:52:21 -0500] "GET /Anexos%20estudio%20Organizacional%20SDA/ANEXO%20No.%201-%20NORMAS%20LEGALES%20DE%20ESTRUCTURA%20Y%20PLANTA/Decreto%20distrital%20110%20de%202009%20-%20modifica%20planta%20de%20empleos%20SDA.jsp_files/jquery.js HTTP/1.1" 200 18179
66.249.64.47 - - [29/Oct/2014:05:52:22 -0500] "GET /Anexos%20estudio%20Organizacional%20SDA/ANEXO%20No.%201-%20NORMAS%20LEGALES%20DE%20ESTRUCTURA%20Y%20PLANTA/Decreto%20distrital%20110%20de%202009%20-%20modifica%20planta%20de%20empleos%20SDA.jsp_files/jquery-1.js HTTP/1.1" 200 57254
66.249.64.43 - - [29/Oct/2014:05:52:22 -0500] "GET /Anexos%20estudio%20Organizacional%20SDA/ANEXO%20No.%201-%20NORMAS%20LEGALES%20DE%20ESTRUCTURA%20Y%20PLANTA/Decreto%20109%20de%202009%20-%20Modifica%20la%20estructura%20de%20la%20SDA.jsp_files/jquery-1.js HTTP/1.1" 200 57254
66.249.64.163 - - [29/Oct/2014:05:52:22 -0500] "GET /BLA/resoluciones/RESOLUCIONES%202009/3029.pdf HTTP/1.1" 200 607454
66.249.64.43 - - [29/Oct/2014:05:52:24 -0500] "GET /Anexos%20estudio%20Organizacional%20SDA/ANEXO%20No.%201-%20NORMAS%20LEGALES%20DE%20ESTRUCTURA%20Y%20PLANTA/Decreto%20561%20de%202006%20-%20Establece%20estructura%20de%20la%20SDA.jsp_files/AjaxRequest.js HTTP/1.1" 200 17069
66.249.64.47 - - [29/Oct/2014:05:52:24 -0500] "GET /Anexos%20estudio%20Organizacional%20SDA/ANEXO%20No.%201-%20NORMAS%20LEGALES%20DE%20ESTRUCTURA%20Y%20PLANTA/Decreto%20308%20de%202001%20-%20Modifica%20estructura%20del%20DAMA.jsp_files/screen.css HTTP/1.1" 200 2444
66.249.64.47 - - [29/Oct/2014:05:52:25 -0500] "GET /Anexos%20estudio%20Organizacional%20SDA/ANEXO%20No.%201-%20NORMAS%20LEGALES%20DE%20ESTRUCTURA%20Y%20PLANTA/Decreto%20561%20de%202006%20-%20Establece%20estructura%20de%20la%20SDA.jsp_files/jquery.css HTTP/1.1" 200 4557
66.249.64.39 - - [29/Oct/2014:05:52:25 -0500] "GET /Anexos%20estudio%20Organizacional%20SDA/ANEXO%20No.%201-%20NORMAS%20LEGALES%20DE%20ESTRUCTURA%20Y%20PLANTA/Decreto%20distrital%20110%20de%202009%20-%20modifica%20planta%20de%20empleos%20SDA.jsp_files/ladc.css HTTP/1.1" 200 5119
66.249.64.47 - - [29/Oct/2014:05:52:26 -0500] "GET /Anexos%20estudio%20Organizacional%20SDA/ANEXO%20No.%201-%20NORMAS%20LEGALES%20DE%20ESTRUCTURA%20Y%20PLANTA/Decreto%20308%20de%202001%20-%20Modifica%20estructura%20del%20DAMA.jsp_files/jquery-1.js HTTP/1.1" 200 57254
66.249.64.43 - - [29/Oct/2014:05:52:26 -0500] "GET /Anexos%20estudio%20Organizacional%20SDA/ANEXO%20No.%201-%20NORMAS%20LEGALES%20DE%20ESTRUCTURA%20Y%20PLANTA/Decreto%20562%20de%202006%20-%20Establece%20planta%20de%20cargos%20de%20SDA.jsp_files/ladc.css HTTP/1.1" 200 5119
66.249.64.47 - - [29/Oct/2014:05:52:27 -0500] "GET /Anexos%20estudio%20Organizacional%20SDA/ANEXO%20No.%201-%20NORMAS%20LEGALES%20DE%20ESTRUCTURA%20Y%20PLANTA/Decreto%20562%20de%202006%20-%20Establece%20planta%20de%20cargos%20de%20SDA.jsp_files/jquery.js HTTP/1.1" 200 18179
66.249.64.47 - - [29/Oct/2014:05:52:27 -0500] "GET /Anexos%20estudio%20Organizacional%20SDA/ANEXO%20No.%201-%20NORMAS%20LEGALES%20DE%20ESTRUCTURA%20Y%20PLANTA/Decreto%20distrital%20110%20de%202009%20-%20modifica%20planta%20de%20empleos%20SDA.jsp_files/screen.css HTTP/1.1" 200 2444
66.249.64.171 - - [29/Oct/2014:05:52:29 -0500] "GET /BLA/resoluciones/RESOLUCIONES%202009/6128.pdf HTTP/1.1" 200 790215
66.249.64.167 - - [29/Oct/2014:05:52:36 -0500] "GET /BLA/resoluciones/RESOLUCIONES%202010/2057.pdf HTTP/1.1" 200 195939
66.249.64.167 - - [29/Oct/2014:05:52:43 -0500] "GET /BLA/resoluciones/RESOLUCIONES%202009/4553.pdf HTTP/1.1" 200 641417
66.249.64.171 - - [29/Oct/2014:05:52:49 -0500] "GET /BLA/resoluciones/RESOLUCIONES%202009/3104.pdf HTTP/1.1" 200 472715
66.249.64.167 - - [29/Oct/2014:05:52:56 -0500] "GET /BLA/resoluciones/RESOLUCIONES%202009/1663.pdf HTTP/1.1" 200 426061
66.249.64.163 - - [29/Oct/2014:05:53:03 -0500] "GET /BLA/resoluciones/RESOLUCIONES%202010/5085.pdf HTTP/1.1" 200 752453
66.249.64.171 - - [29/Oct/2014:05:53:10 -0500] "GET /BLA/resoluciones/RESOLUCIONES%202009/5525.pdf HTTP/1.1" 200 485935
66.249.64.163 - - [29/Oct/2014:05:53:17 -0500] "GET /BLA/resoluciones/RESOLUCIONES%202009/9547.pdf HTTP/1.1" 200 506987
190.158.134.228 - - [29/Oct/2014:05:53:23 -0500] "GET /forest/session.jsp?a=0.2619392702592984 HTTP/1.1" 200 4
66.249.64.163 - - [29/Oct/2014:05:53:24 -0500] "GET /BLA/resoluciones/RESOLUCIONES%202009/5048.pdf HTTP/1.1" 200 491387
66.249.64.171 - - [29/Oct/2014:05:53:30 -0500] "GET /BLA/resoluciones/RESOLUCIONES%202012/0610.pdf HTTP/1.1" 200 369458
66.249.64.167 - - [29/Oct/2014:05:53:37 -0500] "GET /BLA/resoluciones/RESOLUCIONES%202010/4483.pdf HTTP/1.1" 200 421430
66.249.64.163 - - [29/Oct/2014:05:53:44 -0500] "GET /BLA/resoluciones/RESOLUCIONES%202010/0862.pdf HTTP/1.1" 200 438027
66.249.64.163 - - [29/Oct/2014:05:53:47 -0500] "GET /BLA/resoluciones/RESOLUCIONES%202006/RES%202006%202151-2200/00002152.tif HTTP/1.1" 200 386380
66.249.64.163 - - [29/Oct/2014:05:53:51 -0500] "GET /BLA/resoluciones/RESOLUCIONES%202010/0003.pdf HTTP/1.1" 200 41370
66.249.64.171 - - [29/Oct/2014:05:53:58 -0500] "GET /BLA/resoluciones/RESOLUCIONES%202010/4628.pdf HTTP/1.1" 200 101734
66.249.64.171 - - [29/Oct/2014:05:54:04 -0500] "GET /BLA/resoluciones/AUTOS%202009/1643.pdf HTTP/1.1" 200 98138
66.249.64.167 - - [29/Oct/2014:05:54:11 -0500] "GET /BLA/resoluciones/RESOLUCIONES%202009/6304.pdf HTTP/1.1" 200 796976
66.249.64.163 - - [29/Oct/2014:05:54:18 -0500] "GET /BLA/resoluciones/AUTOS%202009/1687.pdf HTTP/1.1" 200 123748
190.158.134.228 - - [29/Oct/2014:05:48:21 -0500] "GET /ForestMSG_SDA/channelAsync/template_word_16759412;jsessionid=IRwXsUqMe9d3hoGjvEVLZ38r.server1?X-Atmosphere-tracking-id=8f276ab4-02f0-c027-3205-b238257cc6df&X-Atmosphere-Framework=1.0.5&X-Atmosphere-Transport=long-polling&tabid=0.8778943663229423&X-Cache-Date=1414579896258&Content-Type=application/xml HTTP/1.1" 200 8193
66.249.64.167 - - [29/Oct/2014:05:54:25 -0500] "GET /BLA/resoluciones/RESOLUCIONES%202009/4486.pdf HTTP/1.1" 200 498199
66.249.64.171 - - [29/Oct/2014:05:54:32 -0500] "GET /BLA/resoluciones/RESOLUCIONES%202010/0584.pdf HTTP/1.1" 200 109008
66.249.64.163 - - [29/Oct/2014:05:54:39 -0500] "GET /BLA/resoluciones/RESOLUCIONES%202010/1345.pdf HTTP/1.1" 200 346576
66.249.64.171 - - [29/Oct/2014:05:54:45 -0500] "GET /BLA/resoluciones/RESOLUCIONES%202010/1168.pdf HTTP/1.1" 200 114596
66.249.64.171 - - [29/Oct/2014:05:54:52 -0500] "GET /BLA/resoluciones/RESOLUCIONES%202010/2134.pdf HTTP/1.1" 200 376324
66.249.64.167 - - [29/Oct/2014:05:54:59 -0500] "GET /BLA/resoluciones/RESOLUCIONES%202008/5567.pdf HTTP/1.1" 200 257201
66.249.64.171 - - [29/Oct/2014:05:55:06 -0500] "GET /BLA/resoluciones/AUTOS%202009/0651.pdf HTTP/1.1" 200 137201
66.249.64.171 - - [29/Oct/2014:05:55:13 -0500] "GET /BLA/resoluciones/RESOLUCIONES%202009/3664.pdf HTTP/1.1" 200 796898
157.82.234.2 - - [29/Oct/2014:05:55:18 -0500] "GET /galeria/carrusel/Carrusel/jquery.thumbnailScroller.css HTTP/1.1" 200 2066
157.82.234.2 - - [29/Oct/2014:05:55:18 -0500] "GET /galeria/carrusel/Carrusel/jquery-ui-1.8.13.custom.min.js HTTP/1.1" 200 10800
157.82.234.2 - - [29/Oct/2014:05:55:18 -0500] "GET /BLA/boletinlegal/js/jquery.scrollShow.js HTTP/1.1" 200 4586
157.82.234.2 - - [29/Oct/2014:05:55:18 -0500] "GET /galeria/carrusel/Carrusel/jquery.thumbnailScroller.js HTTP/1.1" 200 8157
157.82.234.2 - - [29/Oct/2014:05:55:18 -0500] "GET /BLA/boletinlegal/js/jquery.js HTTP/1.1" 200 57254
157.82.234.2 - - [29/Oct/2014:05:55:18 -0500] "GET /BLA/boletinlegal/js/jquery.scrollTo-min.js HTTP/1.1" 200 1150
66.249.64.163 - - [29/Oct/2014:05:55:20 -0500] "GET /BLA/resoluciones/RESOLUCIONES%202010/1143.pdf HTTP/1.1" 200 114754
157.82.234.2 - - [29/Oct/2014:05:55:22 -0500] "GET /galeria/nivo-slider/demo/demo.html HTTP/1.1" 200 3316
157.82.234.2 - - [29/Oct/2014:05:55:22 -0500] "GET /galeria/nivo-slider/themes/pascal/pascal.css HTTP/1.1" 200 2258
157.82.234.2 - - [29/Oct/2014:05:55:22 -0500] "GET /galeria/nivo-slider/themes/orman/orman.css HTTP/1.1" 200 2152
157.82.234.2 - - [29/Oct/2014:05:55:22 -0500] "GET /galeria/nivo-slider/nivo-slider.css HTTP/1.1" 200 1507
157.82.234.2 - - [29/Oct/2014:05:55:22 -0500] "GET /galeria/nivo-slider/demo/style.css HTTP/1.1" 200 2222
157.82.234.2 - - [29/Oct/2014:05:55:22 -0500] "GET /galeria/nivo-slider/demo/scripts/jquery-1.7.1.min.js HTTP/1.1" 200 93868
157.82.234.2 - - [29/Oct/2014:05:55:22 -0500] "GET /galeria/nivo-slider/themes/default/default.css HTTP/1.1" 200 1569
157.82.234.2 - - [29/Oct/2014:05:55:22 -0500] "GET /galeria/nivo-slider/jquery.nivo.slider.pack.js HTTP/1.1" 200 11561
157.82.234.2 - - [29/Oct/2014:05:55:22 -0500] "GET /galeria/nivo-slider/demo/images/4Simple_Slider.png HTTP/1.1" 200 11722
157.82.234.2 - - [29/Oct/2014:05:55:22 -0500] "GET /galeria/nivo-slider/themes/default/loading.gif HTTP/1.1" 200 1737
157.82.234.2 - - [29/Oct/2014:05:55:23 -0500] "GET /galeria/nivo-slider/demo/images/porloshumedales.jpg HTTP/1.1" 200 351238
157.82.234.2 - - [29/Oct/2014:05:55:23 -0500] "GET /galeria/nivo-slider/demo/images/banner-aceite3.jpg HTTP/1.1" 200 88347
157.82.234.2 - - [29/Oct/2014:05:55:23 -0500] "GET /galeria/nivo-slider/demo/images/mesTIC.jpg HTTP/1.1" 200 180719
157.82.234.2 - - [29/Oct/2014:05:55:23 -0500] "GET /galeria/nivo-slider/demo/images/Tingua-azul.jpg HTTP/1.1" 200 307638
157.82.234.2 - - [29/Oct/2014:05:55:23 -0500] "GET /galeria/nivo-slider/demo/images/Banner-Caracol-Africano.jpg HTTP/1.1" 200 331986
157.82.234.2 - - [29/Oct/2014:05:55:23 -0500] "GET /galeria/nivo-slider/demo/images/banner-redes.jpg HTTP/1.1" 200 62209
157.82.234.2 - - [29/Oct/2014:05:55:23 -0500] "GET /galeria/nivo-slider/demo/images/9Signos.jpg HTTP/1.1" 200 93040
157.82.234.2 - - [29/Oct/2014:05:55:24 -0500] "GET /galeria/nivo-slider/demo/images/banner-llantas2.jpg HTTP/1.1" 200 73153
157.82.234.2 - - [29/Oct/2014:05:55:24 -0500] "GET /galeria/nivo-slider/demo/images/banner-caballos.png HTTP/1.1" 200 389106
157.82.234.2 - - [29/Oct/2014:05:55:24 -0500] "GET /galeria/nivo-slider/demo/images/Hacienda_Molinos.jpg HTTP/1.1" 200 319171
157.82.234.2 - - [29/Oct/2014:05:55:24 -0500] "GET /galeria/nivo-slider/demo/images/bannerEcolecta3.jpg HTTP/1.1" 200 280034
66.249.64.163 - - [29/Oct/2014:05:55:26 -0500] "GET /BLA/resoluciones/RESOLUCIONES%202008/1468.pdf HTTP/1.1" 200 296475
157.82.234.2 - - [29/Oct/2014:05:55:26 -0500] "GET /videos/Spot_Tinguas.flv HTTP/1.1" 200 2087054
157.82.234.2 - - [29/Oct/2014:05:55:28 -0500] "GET /galeria/nivo-slider/themes/default/arrows.png HTTP/1.1" 200 824
157.82.234.2 - - [29/Oct/2014:05:55:28 -0500] "GET /galeria/nivo-slider/themes/default/bullets.png HTTP/1.1" 200 1281
66.249.64.167 - - [29/Oct/2014:05:55:33 -0500] "GET /BLA/resoluciones/RESOLUCIONES%202010/1200.pdf HTTP/1.1" 200 111878
66.249.64.171 - - [29/Oct/2014:05:55:40 -0500] "GET /BLA/resoluciones/AUTOS%202008/1209.pdf HTTP/1.1" 200 85315
66.249.64.163 - - [29/Oct/2014:05:55:47 -0500] "GET /BLA/resoluciones/RESOLUCIONES%202010/0655.pdf HTTP/1.1" 200 499063
66.249.64.171 - - [29/Oct/2014:05:55:53 -0500] "GET /BLA/resoluciones/RESOLUCIONES%202010/5172.pdf HTTP/1.1" 200 985553
74.86.158.107 - - [29/Oct/2014:05:55:58 -0500] "HEAD / HTTP/1.1" 302 -
66.249.64.167 - - [29/Oct/2014:05:56:00 -0500] "GET /BLA/resoluciones/AUTOS%202009/0599.pdf HTTP/1.1" 200 128846
190.158.134.228 - - [29/Oct/2014:05:56:01 -0500] "GET /forest/skins/gdocs-jar/popup/escritorio/subirborrador.jsp?form=Correspondencia_Revisar_Aprobar&codTpl=&codBorr=503955&a=0.6135349614389904 HTTP/1.1" 200 23292
190.158.134.228 - - [29/Oct/2014:05:56:01 -0500] "GET /forest/skins/gdocs-jar/img/top-search-icon.gif HTTP/1.1" 304 -
190.158.134.228 - - [29/Oct/2014:05:56:01 -0500] "GET /forest/img/lapiz.gif HTTP/1.1" 200 914
190.158.134.228 - - [29/Oct/2014:05:56:01 -0500] "GET /forest/img/adduser.gif HTTP/1.1" 200 1249
190.158.134.228 - - [29/Oct/2014:05:56:01 -0500] "GET /forest/img/historial.gif HTTP/1.1" 200 1341
190.158.134.228 - - [29/Oct/2014:05:56:01 -0500] "GET /forest/skins/gdocs-jar/img/expandido.gif HTTP/1.1" 304 -
190.158.134.228 - - [29/Oct/2014:05:56:01 -0500] "GET /forest/json.do?query=borradoresByTpls&codInst=2973176&codTare=697&firma=0&a=0.3280955655017798 HTTP/1.1" 200 185
190.158.134.228 - - [29/Oct/2014:05:56:01 -0500] "GET /forest/json.do?query=plantillasByTarea&codTare=697&codInst=2973176&firma=0&a=0.7203868354575086 HTTP/1.1" 200 894
190.158.134.228 - - [29/Oct/2014:05:56:01 -0500] "GET /forest/json.do?query=terceroById&numTer=899999061-9%20SDA&a=0.23425415442060432 HTTP/1.1" 200 662
190.158.134.228 - - [29/Oct/2014:05:56:01 -0500] "GET /forest/json.do?query=datosBorradorByCodTraBorr&codTraBorr=1489783&a=0.3204420471913293 HTTP/1.1" 200 180
190.158.134.228 - - [29/Oct/2014:05:56:01 -0500] "GET /forest/json.do?query=adjuntosByBorrador&codTraBorr=1489783&a=0.6582908767709645 HTTP/1.1" 200 82
190.158.134.228 - - [29/Oct/2014:05:56:01 -0500] "GET /forest/json.do?query=ultimoBorradorByTpl&codTpl=621&codInst=2973176&a=0.13000894064710122 HTTP/1.1" 200 20
190.158.134.228 - - [29/Oct/2014:05:56:01 -0500] "GET /forest/json.do?query=ultimoBorradorByTpl&codTpl=1201&codInst=2973176&a=0.7397908428240991 HTTP/1.1" 200 2
190.158.134.228 - - [29/Oct/2014:05:56:01 -0500] "GET /forest/json.do?query=ultimoBorradorByTpl&codTpl=641&codInst=2973176&a=0.11049527378110607 HTTP/1.1" 200 2
190.158.134.228 - - [29/Oct/2014:05:56:01 -0500] "GET /forest/json.do?query=ultimoBorradorByTpl&codTpl=901&codInst=2973176&a=0.9370652871869818 HTTP/1.1" 200 2
190.158.134.228 - - [29/Oct/2014:05:56:01 -0500] "GET /forest/json.do?query=ultimoBorradorByTpl&codTpl=501&codInst=2973176&a=0.8382583884191161 HTTP/1.1" 200 2
190.158.134.228 - - [29/Oct/2014:05:56:01 -0500] "GET /forest/json.do?query=ultimoBorradorByTpl&codTpl=1301&codInst=2973176&a=0.7696337415995871 HTTP/1.1" 200 2
66.249.64.163 - - [29/Oct/2014:05:56:07 -0500] "GET /BLA/resoluciones/AUTOS%202008/2485.pdf HTTP/1.1" 200 80240
190.158.134.228 - - [29/Oct/2014:05:56:12 -0500] "POST /forest/usutareas.do?group_system_actual=3 HTTP/1.1" 200 202
66.249.64.163 - - [29/Oct/2014:05:56:14 -0500] "GET /BLA/resoluciones/AUTOS%202008/2928.pdf HTTP/1.1" 200 66244
190.158.134.228 - - [29/Oct/2014:05:56:15 -0500] "GET /forest/usutareas.do?group_system_actual=3&a=0.8583333310272784 HTTP/1.1" 200 130695
190.158.134.228 - - [29/Oct/2014:05:56:16 -0500] "GET /forest/jsoptimized/gz/js/gdocsall-1410.211635.js HTTP/1.1" 304 -
190.158.134.228 - - [29/Oct/2014:05:56:17 -0500] "GET /forest/session.jsp?a=0.3043185799324003 HTTP/1.1" 200 4
190.158.134.228 - - [29/Oct/2014:05:56:17 -0500] "GET /ForestMSG_SDA/channelAsync/template_word_16759412;jsessionid=IRwXsUqMe9d3hoGjvEVLZ38r.server1?X-Atmosphere-tracking-id=006f7ff1-610a-e0eb-b083-6a3e5560beaa&X-Atmosphere-Framework=1.0.5&X-Atmosphere-Transport=long-polling&tabid=0.6364681841784758&X-Cache-Date=0&Content-Type=application/xml HTTP/1.1" 200 8193
190.158.134.228 - - [29/Oct/2014:05:56:18 -0500] "GET /forest/skins/gdocs-jar/jsp/escritorio/usudocumentos-borr-adj.jsp?codBorr=1494030&a=0.7412731078343502 HTTP/1.1" 200 3651
190.158.134.228 - - [29/Oct/2014:05:56:18 -0500] "GET /forest/skins/gdocs-jar/img/icons/%60item.nombre.toLowerCase().substring(item.nombre.lastIndexOf('.')+1)%60.gif HTTP/1.1" 404 185
190.158.134.228 - - [29/Oct/2014:05:56:18 -0500] "GET /forest/img/borrar.gif HTTP/1.1" 200 410
190.158.134.228 - - [29/Oct/2014:05:56:18 -0500] "GET /forest/json.do?query=listBorradorAdj&codtraborr=1494030&a=0.6893430478152234 HTTP/1.1" 200 100
190.158.134.228 - - [29/Oct/2014:05:56:18 -0500] "GET /forest/skins/gdocs-jar/img/icons/pdf.gif HTTP/1.1" 304 -
66.249.64.167 - - [29/Oct/2014:05:56:21 -0500] "GET /BLA/resoluciones/AUTOS%202009/2660.pdf HTTP/1.1" 200 105791
66.249.64.163 - - [29/Oct/2014:05:56:28 -0500] "GET /BLA/resoluciones/AUTOS%202009/0265.pdf HTTP/1.1" 200 79546
66.249.64.167 - - [29/Oct/2014:05:56:34 -0500] "GET /BLA/resoluciones/RESOLUCIONES%202008/1540.pdf HTTP/1.1" 200 220260
66.249.64.167 - - [29/Oct/2014:05:56:41 -0500] "GET /BLA/resoluciones/RESOLUCIONES%202010/2922.pdf HTTP/1.1" 200 163357
190.158.134.228 - - [29/Oct/2014:05:56:42 -0500] "GET /forest/file/3390345 HTTP/1.1" 200 2450066
66.249.64.171 - - [29/Oct/2014:05:56:48 -0500] "GET /BLA/resoluciones/RESOLUCIONES%202010/1692.pdf HTTP/1.1" 200 488795
190.158.134.228 - - [29/Oct/2014:05:56:36 -0500] "POST /forest/actions/workplace.addBorradorAdj?group_system_actual=3 HTTP/1.1" 200 4
190.158.134.228 - - [29/Oct/2014:05:56:55 -0500] "GET /forest/json.do?query=listBorradorAdj&codtraborr=1494030&a=0.5411791282317661 HTTP/1.1" 200 199
66.249.64.171 - - [29/Oct/2014:05:56:55 -0500] "GET /BLA/resoluciones/RESOLUCIONES%202009/3561.pdf HTTP/1.1" 200 651135
190.158.134.228 - - [29/Oct/2014:05:57:01 -0500] "GET /forest/skins/gdocs-jar/jsp/escritorio/usudocumentos-borr-adj.jsp?codBorr=1494030&a=0.12434116307255743 HTTP/1.1" 200 3651
190.158.134.228 - - [29/Oct/2014:05:57:01 -0500] "GET /forest/json.do?query=listBorradorAdj&codtraborr=1494030&a=0.336602198991819 HTTP/1.1" 200 199
66.249.64.167 - - [29/Oct/2014:05:57:02 -0500] "GET /BLA/resoluciones/RESOLUCIONES%202009/2286.pdf HTTP/1.1" 200 358013
66.249.64.167 - - [29/Oct/2014:05:57:08 -0500] "GET /BLA/resoluciones/RESOLUCIONES%202008/1948.pdf HTTP/1.1" 200 49306
190.158.134.228 - - [29/Oct/2014:05:57:10 -0500] "GET /forest/skins/gdocs-jar/jsp/escritorio/eliminar-borr-adj.jsp?codAdj=376242&codBorr=1494030&a=0.5342415303108113 HTTP/1.1" 200 2569
190.158.134.228 - - [29/Oct/2014:05:57:12 -0500] "POST /forest/actions/workplace.delBorradorAdj?group_system_actual=3 HTTP/1.1" 200 4
190.158.134.228 - - [29/Oct/2014:05:57:12 -0500] "GET /forest/json.do?query=listBorradorAdj&codtraborr=1494030&a=0.3064535286822332 HTTP/1.1" 200 100
66.249.64.163 - - [29/Oct/2014:05:57:15 -0500] "GET /BLA/resoluciones/RESOLUCIONES%202010/0297.pdf HTTP/1.1" 200 325728
152.61.128.66 - - [29/Oct/2014:05:57:17 -0500] "HEAD / HTTP/1.1" 302 -
152.61.128.66 - - [29/Oct/2014:05:57:17 -0500] "GET /arcgis/services/Calidad_del_Agua_WQI/MapServer/WMSServer?request=GetCapabilities&service=WMS HTTP/1.1" 200 32135
152.61.128.66 - - [29/Oct/2014:05:57:19 -0500] "GET /arcgis/services/Calidad_del_Agua_WQI/MapServer/WMSServer?request=GetCapabilities&service=WMS HTTP/1.0" 200 32135
66.249.64.171 - - [29/Oct/2014:05:57:20 -0500] "GET /BLA/resoluciones/AUTOS%202009/0304.pdf HTTP/1.1" 200 189437
190.158.134.228 - - [29/Oct/2014:05:57:15 -0500] "GET /forest/file/3390345 HTTP/1.1" 200 2450066
152.61.128.66 - - [29/Oct/2014:05:57:20 -0500] "GET /arcgis/services/Calidad_del_Agua_WQI/MapServer/WMSServer?request=GetCapabilities&service=WMS HTTP/1.0" 200 32135
186.84.9.21 - - [29/Oct/2014:05:57:21 -0500] "GET /isolucionsda/Session.asp HTTP/1.1" 200 146
152.61.128.66 - - [29/Oct/2014:05:57:21 -0500] "GET /arcgis/services/Calidad_del_Agua_WQI/MapServer/WMSServer?request=GetCapabilities&service=WMS HTTP/1.0" 200 32135
66.249.64.163 - - [29/Oct/2014:05:57:22 -0500] "GET /BLA/resoluciones/AUTOS%202009/2968.pdf HTTP/1.1" 200 184822
152.61.128.66 - - [29/Oct/2014:05:57:22 -0500] "GET /arcgis/services/Calidad_del_Agua_WQI/MapServer/WMSServer?VERSION=1.1.1&REQUEST=GetMap&LAYERS=0&SRS=EPSG:4326&BBOX=-74.473395,3.674381,-73.963300,4.920569&WIDTH=250&HEIGHT=250&FORMAT=image/bmp&STYLES=& HTTP/1.1" 200 188054
186.84.9.21 - - [29/Oct/2014:05:57:29 -0500] "GET /isolucionsda/FrameSetGeneral.asp?Pagina=Magazin.asp&Sigla=MAC&IdModulo=2 HTTP/1.1" 200 146
66.249.64.167 - - [29/Oct/2014:05:57:29 -0500] "GET /BLA/resoluciones/AUTOS%202009/2973.pdf HTTP/1.1" 200 107103
186.84.9.21 - - [29/Oct/2014:05:57:35 -0500] "GET /isolucionsda/FrameSetGeneral.asp?Pagina=Menu.asp&IdModulo=4 HTTP/1.1" 200 146
66.249.64.171 - - [29/Oct/2014:05:57:36 -0500] "GET /BLA/resoluciones/RESOLUCIONES%202009/9410.pdf HTTP/1.1" 200 454819
190.158.134.228 - - [29/Oct/2014:05:57:39 -0500] "GET /forest/skins/gdocs-jar/jsp/escritorio/usudocumentos-borr-adj.jsp?codBorr=1494030&a=0.4945148145043993 HTTP/1.1" 200 3651
190.158.134.228 - - [29/Oct/2014:05:57:39 -0500] "GET /forest/json.do?query=listBorradorAdj&codtraborr=1494030&a=0.0301611798048656 HTTP/1.1" 200 100
186.84.9.21 - - [29/Oct/2014:05:57:42 -0500] "GET /isolucionsda/IdentificaUsuario.asp?Pagina1=FrameSetGeneral.asp& HTTP/1.1" 200 1250
66.249.64.167 - - [29/Oct/2014:05:57:42 -0500] "GET /BLA/resoluciones/RESOLUCIONES%202009/1183.pdf HTTP/1.1" 200 342176
66.249.64.167 - - [29/Oct/2014:05:57:49 -0500] "GET /BLA/resoluciones/RESOLUCIONES%202009/3318.pdf HTTP/1.1" 200 637702
186.84.9.21 - - [29/Oct/2014:05:57:52 -0500] "GET /isolucionsda/IdentificaUsuario.asp?Pagina1=FrameSetGeneral.asp& HTTP/1.1" 200 1250
66.249.64.171 - - [29/Oct/2014:05:57:56 -0500] "GET /BLA/resoluciones/RESOLUCIONES%202011/1198.pdf HTTP/1.1" 200 347366
186.84.9.21 - - [29/Oct/2014:05:58:00 -0500] "GET /isolucionsda/IdentificaUsuario.asp?Pagina1=FrameSetGeneral.asp& HTTP/1.1" 200 1250
66.249.64.171 - - [29/Oct/2014:05:58:03 -0500] "GET /BLA/resoluciones/RESOLUCIONES%202010/0621.pdf HTTP/1.1" 200 509558
186.84.9.21 - - [29/Oct/2014:05:58:06 -0500] "GET /isolucionsda HTTP/1.1" 404 1120
66.249.64.167 - - [29/Oct/2014:05:58:10 -0500] "GET /BLA/resoluciones/AUTOS%202009/1103.pdf HTTP/1.1" 200 68489
123.125.71.38 - - [29/Oct/2014:05:58:16 -0500] "GET / HTTP/1.1" 302 -
66.249.64.163 - - [29/Oct/2014:05:58:17 -0500] "GET /BLA/resoluciones/RESOLUCIONES%202008/4876.pdf HTTP/1.1" 200 260388
66.249.64.171 - - [29/Oct/2014:05:58:23 -0500] "GET /BLA/resoluciones/RESOLUCIONES%202010/1045.pdf HTTP/1.1" 200 108034
186.84.9.21 - - [29/Oct/2014:05:58:25 -0500] "GET /isolucionsda/IdentificaUsuario.asp?Pagina1=FrameSetGeneral.asp& HTTP/1.1" 200 1250
66.249.64.171 - - [29/Oct/2014:05:58:30 -0500] "GET /BLA/resoluciones/RESOLUCIONES%202009/6035.pdf HTTP/1.1" 200 498375
186.84.9.21 - - [29/Oct/2014:05:58:31 -0500] "GET /isolucionsda/IdentificaUsuario.asp?Pagina1=FrameSetGeneral.asp& HTTP/1.1" 200 1250
66.249.64.167 - - [29/Oct/2014:05:58:37 -0500] "GET /BLA/resoluciones/RESOLUCIONES%202010/2619.pdf HTTP/1.1" 200 338732
180.76.6.62 - - [29/Oct/2014:05:58:39 -0500] "GET /BLA/resoluciones/AUTOS%202009/1479.pdf HTTP/1.1" 200 185636
66.249.64.163 - - [29/Oct/2014:05:58:44 -0500] "GET /BLA/resoluciones/RESOLUCIONES%202008/2551.pdf HTTP/1.1" 200 464733
186.84.9.21 - - [29/Oct/2014:05:58:47 -0500] "GET /isolucionsda/FrameSetGeneral.asp?Pagina1=FrameSetGeneral.asp& HTTP/1.1" 200 146
66.249.64.163 - - [29/Oct/2014:05:58:51 -0500] "GET /BLA/resoluciones/RESOLUCIONES%202010/3407.pdf HTTP/1.1" 200 318444
66.249.64.163 - - [29/Oct/2014:05:58:52 -0500] "GET /BLA/resoluciones/RESOLUCIONES%202011/5935.pdf HTTP/1.1" 200 1007068
66.249.64.171 - - [29/Oct/2014:05:58:57 -0500] "GET /BLA/resoluciones/RESOLUCIONES%202010/0471.pdf HTTP/1.1" 200 112892
66.249.64.163 - - [29/Oct/2014:05:59:04 -0500] "GET /BLA/resoluciones/RESOLUCIONES%202009/3809.pdf HTTP/1.1" 200 893879
220.181.108.103 - - [29/Oct/2014:05:59:11 -0500] "GET / HTTP/1.1" 302 -
66.249.64.163 - - [29/Oct/2014:05:59:11 -0500] "GET /BLA/resoluciones/RESOLUCIONES%202009/9665.pdf HTTP/1.1" 200 526468
186.155.143.167 - - [29/Oct/2014:05:59:14 -0500] "GET /galeria/carrusel/Carrusel/jquery.thumbnailScroller.css HTTP/1.1" 200 2066
186.155.143.167 - - [29/Oct/2014:05:59:14 -0500] "GET /BLA/boletinlegal/js/jquery.js HTTP/1.1" 200 57254
186.155.143.167 - - [29/Oct/2014:05:59:14 -0500] "GET /BLA/boletinlegal/js/jquery.scrollTo-min.js HTTP/1.1" 200 1150
186.155.143.167 - - [29/Oct/2014:05:59:14 -0500] "GET /BLA/boletinlegal/js/jquery.scrollShow.js HTTP/1.1" 200 4586
186.155.143.167 - - [29/Oct/2014:05:59:14 -0500] "GET /galeria/carrusel/Carrusel/jquery-ui-1.8.13.custom.min.js HTTP/1.1" 200 10800
186.155.143.167 - - [29/Oct/2014:05:59:14 -0500] "GET /galeria/carrusel/Carrusel/jquery.thumbnailScroller.js HTTP/1.1" 200 8157
190.158.134.228 - - [29/Oct/2014:05:59:07 -0500] "POST /forest/actions/workplace.addBorradorAdj?group_system_actual=3 HTTP/1.1" 200 4
190.158.134.228 - - [29/Oct/2014:05:59:17 -0500] "GET /forest/json.do?query=listBorradorAdj&codtraborr=1494030&a=0.2684797049956386 HTTP/1.1" 200 165
66.249.64.163 - - [29/Oct/2014:05:59:18 -0500] "GET /BLA/resoluciones/RESOLUCIONES%202009/4512.pdf HTTP/1.1" 200 488543
180.76.6.44 - - [29/Oct/2014:05:59:19 -0500] "GET /BLA/resoluciones/AUTOS%202010/5476.pdf HTTP/1.1" 200 238900
186.155.143.167 - - [29/Oct/2014:05:59:21 -0500] "GET /galeria/nivo-slider/demo/demo.html HTTP/1.1" 200 3316
186.155.143.167 - - [29/Oct/2014:05:59:21 -0500] "GET /galeria/nivo-slider/themes/default/default.css HTTP/1.1" 200 1569
186.155.143.167 - - [29/Oct/2014:05:59:21 -0500] "GET /galeria/nivo-slider/themes/pascal/pascal.css HTTP/1.1" 200 2258
186.155.143.167 - - [29/Oct/2014:05:59:21 -0500] "GET /galeria/nivo-slider/themes/orman/orman.css HTTP/1.1" 200 2152
186.155.143.167 - - [29/Oct/2014:05:59:21 -0500] "GET /galeria/nivo-slider/nivo-slider.css HTTP/1.1" 200 1507
186.155.143.167 - - [29/Oct/2014:05:59:21 -0500] "GET /galeria/nivo-slider/demo/style.css HTTP/1.1" 200 2222
186.155.143.167 - - [29/Oct/2014:05:59:21 -0500] "GET /galeria/nivo-slider/jquery.nivo.slider.pack.js HTTP/1.1" 200 11561
186.155.143.167 - - [29/Oct/2014:05:59:21 -0500] "GET /galeria/nivo-slider/demo/scripts/jquery-1.7.1.min.js HTTP/1.1" 200 93868
186.155.143.167 - - [29/Oct/2014:05:59:21 -0500] "GET /galeria/nivo-slider/demo/images/porloshumedales.jpg HTTP/1.1" 200 351238
186.155.143.167 - - [29/Oct/2014:05:59:21 -0500] "GET /galeria/nivo-slider/demo/images/banner-aceite3.jpg HTTP/1.1" 200 88347
186.155.143.167 - - [29/Oct/2014:05:59:21 -0500] "GET /galeria/nivo-slider/demo/images/mesTIC.jpg HTTP/1.1" 200 180719
186.155.143.167 - - [29/Oct/2014:05:59:21 -0500] "GET /galeria/nivo-slider/demo/images/Tingua-azul.jpg HTTP/1.1" 200 307638
186.155.143.167 - - [29/Oct/2014:05:59:22 -0500] "GET /galeria/nivo-slider/demo/images/Banner-Caracol-Africano.jpg HTTP/1.1" 200 331986
186.155.143.167 - - [29/Oct/2014:05:59:23 -0500] "GET /galeria/nivo-slider/themes/default/loading.gif HTTP/1.1" 200 1737
186.155.143.167 - - [29/Oct/2014:05:59:23 -0500] "GET /galeria/nivo-slider/demo/images/4Simple_Slider.png HTTP/1.1" 200 11722
186.155.143.167 - - [29/Oct/2014:05:59:23 -0500] "GET /galeria/nivo-slider/demo/images/banner-redes.jpg HTTP/1.1" 200 62209
186.155.143.167 - - [29/Oct/2014:05:59:23 -0500] "GET /galeria/nivo-slider/demo/images/banner-llantas2.jpg HTTP/1.1" 200 73153
186.155.143.167 - - [29/Oct/2014:05:59:25 -0500] "GET /galeria/nivo-slider/demo/images/banner-caballos.png HTTP/1.1" 200 389106
186.155.143.167 - - [29/Oct/2014:05:59:25 -0500] "GET /galeria/nivo-slider/demo/images/Hacienda_Molinos.jpg HTTP/1.1" 200 319171
66.249.64.171 - - [29/Oct/2014:05:59:25 -0500] "GET /BLA/resoluciones/RESOLUCIONES%202009/3688.pdf HTTP/1.1" 200 105625
186.155.143.167 - - [29/Oct/2014:05:59:25 -0500] "GET /galeria/nivo-slider/demo/images/bannerEcolecta3.jpg HTTP/1.1" 200 280034
186.155.143.167 - - [29/Oct/2014:05:59:26 -0500] "GET /galeria/nivo-slider/demo/images/9Signos.jpg HTTP/1.1" 200 93040
186.155.143.167 - - [29/Oct/2014:05:59:29 -0500] "GET /videos/Spot_Tinguas.flv HTTP/1.1" 200 2087054
186.155.143.167 - - [29/Oct/2014:05:59:30 -0500] "GET /galeria/nivo-slider/themes/default/arrows.png HTTP/1.1" 200 824
186.155.143.167 - - [29/Oct/2014:05:59:30 -0500] "GET /galeria/nivo-slider/themes/default/bullets.png HTTP/1.1" 200 1281
66.249.64.163 - - [29/Oct/2014:05:59:31 -0500] "GET /BLA/resoluciones/RESOLUCIONES%202010/0636.pdf HTTP/1.1" 200 538551
