201.245.192.253 - - [29/Oct/2014:08:12:23 -0500] "GET /forest/system/process.jsp?numPro=2941010 HTTP/1.1" 200 68310
201.245.192.253 - - [29/Oct/2014:08:12:23 -0500] "GET /forest/css/dialog.css HTTP/1.1" 200 1100
201.245.192.253 - - [29/Oct/2014:08:12:23 -0500] "GET /forest/css/index.css HTTP/1.1" 200 1900
201.245.192.253 - - [29/Oct/2014:08:12:23 -0500] "GET /forest/1ibre/1ibre.js HTTP/1.1" 304 -
201.245.192.253 - - [29/Oct/2014:08:12:23 -0500] "GET /forest/1ibre/protoaculous.js HTTP/1.1" 304 -
201.245.192.253 - - [29/Oct/2014:08:12:23 -0500] "GET /forest/skins/gdocs-jar/img/activity2.gif HTTP/1.1" 304 -
201.245.192.253 - - [29/Oct/2014:08:12:23 -0500] "GET /forest/skins/gdocs-jar/img/itemlist.gif HTTP/1.1" 304 -
66.249.64.163 - - [29/Oct/2014:08:12:24 -0500] "GET /BLA/resoluciones/AUTOS%202009/1990.pdf HTTP/1.1" 200 230421
78.250.135.91 - - [29/Oct/2014:08:12:26 -0500] "GET /galeria/nivo-slider/themes/default/arrows.png HTTP/1.1" 200 824
78.250.135.91 - - [29/Oct/2014:08:12:26 -0500] "GET /galeria/nivo-slider/themes/default/bullets.png HTTP/1.1" 200 1281
66.249.64.167 - - [29/Oct/2014:08:12:28 -0500] "GET /BLA/resoluciones/AUTOS%202009/2096.pdf HTTP/1.1" 200 100342
201.245.192.253 - - [29/Oct/2014:08:12:30 -0500] "GET /plugins/like.php?action=recommend&app_id=&channel=http%3A%2F%2Fstatic.ak.facebook.com%2Fconnect%2Fxd_arbiter%2FehazDpFPEnK.js%3Fversion%3D41%23cb%3Df254f928bcdb928%26domain%3Dwww.edreams.es%26origin%3Dhttp%253A%252F%252Fwww.edreams.es%252Ff34f0c1ae2ce14%26relation%3Dparent.parent&href=http%3A%2F%2Fwww.edreams.es%2Fofertas%2Fhoteles-ciudad%2F3%2Famerica%2F170%2FCO%2Fcolombia%2F1475%2Fisla-de-san-andres%2F&layout=button_count&locale=es_ES&sdk=joey&send=false&show_faces=false&width=100 HTTP/1.1" 404 1394
188.165.25.173 - - [29/Oct/2014:08:12:32 -0500] "GET /re/Cuento/cuadro20/_notes/?C=D;O=D HTTP/1.0" 404 1015
66.249.64.171 - - [29/Oct/2014:08:12:32 -0500] "GET /BLA/resoluciones/RESOLUCIONES%202008/0157.pdf HTTP/1.1" 200 261787
66.249.64.167 - - [29/Oct/2014:08:12:36 -0500] "GET /BLA/resoluciones/RESOLUCIONES%202010/3794.pdf HTTP/1.1" 200 985280
201.245.192.253 - - [29/Oct/2014:08:12:38 -0500] "GET /iframe_api HTTP/1.1" 404 1279
188.165.25.173 - - [29/Oct/2014:08:12:40 -0500] "GET /re/Cuento/cuadro20/_notes/?C=M;O=D HTTP/1.0" 404 1015
66.249.64.171 - - [29/Oct/2014:08:12:41 -0500] "GET /BLA/resoluciones/RESOLUCIONES%202009/7728.pdf HTTP/1.1" 200 89199
110.174.238.117 - - [29/Oct/2014:08:12:41 -0500] "GET /galeria/carrusel/Carrusel/jquery.thumbnailScroller.css HTTP/1.1" 200 2066
110.174.238.117 - - [29/Oct/2014:08:12:41 -0500] "GET /galeria/carrusel/Carrusel/jquery-ui-1.8.13.custom.min.js HTTP/1.1" 200 10800
110.174.238.117 - - [29/Oct/2014:08:12:41 -0500] "GET /galeria/carrusel/Carrusel/jquery.thumbnailScroller.js HTTP/1.1" 200 8157
110.174.238.117 - - [29/Oct/2014:08:12:41 -0500] "GET /galeria/nivo-slider/demo/demo.html HTTP/1.1" 200 3316
110.174.238.117 - - [29/Oct/2014:08:12:42 -0500] "GET /galeria/nivo-slider/themes/default/default.css HTTP/1.1" 200 1569
110.174.238.117 - - [29/Oct/2014:08:12:42 -0500] "GET /galeria/nivo-slider/themes/pascal/pascal.css HTTP/1.1" 200 2258
110.174.238.117 - - [29/Oct/2014:08:12:42 -0500] "GET /galeria/nivo-slider/themes/orman/orman.css HTTP/1.1" 200 2152
110.174.238.117 - - [29/Oct/2014:08:12:42 -0500] "GET /galeria/nivo-slider/nivo-slider.css HTTP/1.1" 200 1507
110.174.238.117 - - [29/Oct/2014:08:12:42 -0500] "GET /galeria/nivo-slider/demo/style.css HTTP/1.1" 200 2222
110.174.238.117 - - [29/Oct/2014:08:12:42 -0500] "GET /galeria/nivo-slider/demo/scripts/jquery-1.7.1.min.js HTTP/1.1" 200 93868
110.174.238.117 - - [29/Oct/2014:08:12:42 -0500] "GET /galeria/nivo-slider/jquery.nivo.slider.pack.js HTTP/1.1" 200 11561
110.174.238.117 - - [29/Oct/2014:08:12:42 -0500] "GET /galeria/nivo-slider/demo/images/porloshumedales.jpg HTTP/1.1" 200 351238
110.174.238.117 - - [29/Oct/2014:08:12:42 -0500] "GET /galeria/nivo-slider/demo/images/banner-aceite3.jpg HTTP/1.1" 200 88347
110.174.238.117 - - [29/Oct/2014:08:12:42 -0500] "GET /galeria/nivo-slider/demo/images/mesTIC.jpg HTTP/1.1" 200 180719
110.174.238.117 - - [29/Oct/2014:08:12:42 -0500] "GET /galeria/nivo-slider/demo/images/Tingua-azul.jpg HTTP/1.1" 200 307638
110.174.238.117 - - [29/Oct/2014:08:12:42 -0500] "GET /galeria/nivo-slider/demo/images/4Simple_Slider.png HTTP/1.1" 200 11722
110.174.238.117 - - [29/Oct/2014:08:12:43 -0500] "GET /galeria/nivo-slider/themes/default/loading.gif HTTP/1.1" 200 1737
110.174.238.117 - - [29/Oct/2014:08:12:43 -0500] "GET /galeria/nivo-slider/demo/images/Banner-Caracol-Africano.jpg HTTP/1.1" 200 331986
110.174.238.117 - - [29/Oct/2014:08:12:43 -0500] "GET /galeria/nivo-slider/demo/images/banner-redes.jpg HTTP/1.1" 200 62209
110.174.238.117 - - [29/Oct/2014:08:12:44 -0500] "GET /galeria/nivo-slider/demo/images/banner-llantas2.jpg HTTP/1.1" 200 73153
110.174.238.117 - - [29/Oct/2014:08:12:44 -0500] "GET /galeria/nivo-slider/demo/images/9Signos.jpg HTTP/1.1" 200 93040
110.174.238.117 - - [29/Oct/2014:08:12:44 -0500] "GET /galeria/nivo-slider/demo/images/bannerEcolecta3.jpg HTTP/1.1" 200 280034
110.174.238.117 - - [29/Oct/2014:08:12:45 -0500] "GET /galeria/nivo-slider/demo/images/banner-caballos.png HTTP/1.1" 200 389106
110.174.238.117 - - [29/Oct/2014:08:12:45 -0500] "GET /galeria/nivo-slider/demo/images/Hacienda_Molinos.jpg HTTP/1.1" 200 319171
66.249.64.171 - - [29/Oct/2014:08:12:45 -0500] "GET /BLA/resoluciones/RESOLUCIONES%202009/9159.pdf HTTP/1.1" 200 436397
188.165.25.173 - - [29/Oct/2014:08:12:48 -0500] "GET /re/Cuento/cuadro22/boton%20cuadro22/?C=D;O=A HTTP/1.0" 404 1015
66.249.64.163 - - [29/Oct/2014:08:12:49 -0500] "GET /BLA/resoluciones/RESOLUCIONES%202010/0233.pdf HTTP/1.1" 200 57268
110.174.238.117 - - [29/Oct/2014:08:12:49 -0500] "GET /videos/Spot_Tinguas.flv HTTP/1.1" 200 2087054
110.174.238.117 - - [29/Oct/2014:08:12:52 -0500] "GET /galeria/nivo-slider/themes/default/arrows.png HTTP/1.1" 200 824
110.174.238.117 - - [29/Oct/2014:08:12:52 -0500] "GET /galeria/nivo-slider/themes/default/bullets.png HTTP/1.1" 200 1281
66.249.64.163 - - [29/Oct/2014:08:12:53 -0500] "GET /BLA/resoluciones/RESOLUCIONES%202009/5757.pdf HTTP/1.1" 200 540669
201.245.192.253 - - [29/Oct/2014:08:12:54 -0500] "GET /plugins/like.php?action=recommend&app_id=&channel=http%3A%2F%2Fstatic.ak.facebook.com%2Fconnect%2Fxd_arbiter%2FehazDpFPEnK.js%3Fversion%3D41%23cb%3Df34f6b0a455641c%26domain%3Dwww.edreams.es%26origin%3Dhttp%253A%252F%252Fwww.edreams.es%252Ff2d3ba17dc2e01%26relation%3Dparent.parent&href=http%3A%2F%2Fwww.edreams.es%2Fofertas%2Fhotel-detalle%2F3%2Famerica%2F170%2FCO%2Fcolombia%2F1475%2Fisla-de-san-andres%2F110046721%2Fverde-mar%2F&layout=button_count&locale=es_ES&sdk=joey&send=false&show_faces=false&width=100 HTTP/1.1" 404 1432
201.245.192.253 - - [29/Oct/2014:08:12:55 -0500] "GET /forest/skins/gdocs-jar/popup/popup.jsp?width=1100&height=500&title=Buscar%20procesos&uri=/forest/buscar.do%3Ftype%3Dprocesos&name=undefined&_a=0.4419260711183154&a=0.16743073486791737 HTTP/1.1" 200 1296
201.245.192.253 - - [29/Oct/2014:08:12:55 -0500] "GET /forest/buscar.do?type=procesos HTTP/1.1" 200 18159
201.245.192.253 - - [29/Oct/2014:08:12:55 -0500] "GET /forest/buscar.do?type=procesos HTTP/1.1" 200 97226
201.245.192.253 - - [29/Oct/2014:08:12:55 -0500] "GET /forest/css/escritorio.css?version=1410.211635 HTTP/1.1" 304 -
201.245.192.253 - - [29/Oct/2014:08:12:55 -0500] "GET /forest/skins/gdocs-jar/css/tree.css?version=1410.211635 HTTP/1.1" 200 223
201.245.192.253 - - [29/Oct/2014:08:12:55 -0500] "GET /forest/css/autocomplete.css?version=1410.211635 HTTP/1.1" 304 -
201.245.192.253 - - [29/Oct/2014:08:12:55 -0500] "GET /forest/1ibre/jscalendar/calendar-win2k-1.css HTTP/1.1" 304 -
201.245.192.253 - - [29/Oct/2014:08:12:55 -0500] "GET /forest/js/load_func.js?version=1410.211635 HTTP/1.1" 304 -
201.245.192.253 - - [29/Oct/2014:08:12:55 -0500] "GET /forest/js/dialog.js?version=1410.211635 HTTP/1.1" 304 -
201.245.192.253 - - [29/Oct/2014:08:12:55 -0500] "GET /forest/js/sarissa.js?version=1410.211635 HTTP/1.1" 304 -
201.245.192.253 - - [29/Oct/2014:08:12:55 -0500] "GET /forest/js/escritorio/escritorio.js?version=1410.211635 HTTP/1.1" 304 -
201.245.192.253 - - [29/Oct/2014:08:12:55 -0500] "GET /forest/js/internJS.js?version=1410.211635 HTTP/1.1" 304 -
201.245.192.253 - - [29/Oct/2014:08:12:55 -0500] "GET /forest/js/autocompletar2.js?version=1410.211635 HTTP/1.1" 304 -
201.245.192.253 - - [29/Oct/2014:08:12:55 -0500] "GET /forest/1ibre/protoaculous.js?version=1410.211635 HTTP/1.1" 304 -
201.245.192.253 - - [29/Oct/2014:08:12:55 -0500] "GET /forest/1ibre/jscalendar/calendar.js?version=1410.211635 HTTP/1.1" 304 -
201.245.192.253 - - [29/Oct/2014:08:12:55 -0500] "GET /forest/1ibre/jscalendar/lang/calendar-es.js?version=1410.211635 HTTP/1.1" 304 -
201.245.192.253 - - [29/Oct/2014:08:12:55 -0500] "GET /forest/1ibre/jscalendar/calendar-setup.js?version=1410.211635 HTTP/1.1" 304 -
201.245.192.253 - - [29/Oct/2014:08:12:55 -0500] "GET /forest/1ibre/1ibre.js?version=1410.211635 HTTP/1.1" 304 -
201.245.192.253 - - [29/Oct/2014:08:12:55 -0500] "GET /forest/js/xml_utilities.js?version=1410.211635 HTTP/1.1" 304 -
201.245.192.253 - - [29/Oct/2014:08:12:55 -0500] "GET /forest/skins/gdocs-jar/img/select.gif HTTP/1.1" 304 -
188.165.25.173 - - [29/Oct/2014:08:12:55 -0500] "GET /re/Cuento/cuadro22/boton%20cuadro22/?C=M;O=A HTTP/1.0" 404 1015
201.245.192.253 - - [29/Oct/2014:08:12:55 -0500] "GET /forest/json.do?query=usersByDep&coddep=221 HTTP/1.1" 200 3167
201.245.192.253 - - [29/Oct/2014:08:12:55 -0500] "GET /forest/json.do?query=usersByDep&coddep=221 HTTP/1.1" 200 3167
66.249.64.163 - - [29/Oct/2014:08:12:57 -0500] "GET /BLA/resoluciones/RESOLUCIONES%202010/7501.pdf HTTP/1.1" 200 35661
201.245.192.253 - - [29/Oct/2014:08:13:00 -0500] "POST /forest/buscar.do? HTTP/1.1" 200 5771
66.249.64.171 - - [29/Oct/2014:08:13:02 -0500] "GET /BLA/resoluciones/AUTOS%202009/3395.pdf HTTP/1.1" 200 96399
201.245.192.253 - - [29/Oct/2014:08:13:04 -0500] "GET /forest/skins/gdocs-jar/popup/popup.jsp?width=900&height=600&title=Informaci%F3n%20de%20proceso&uri=/forest/system/process.jsp%3FnumPro%3D2779511&name=undefined&_a=0.2589827830306016&a=0.16593274576361217 HTTP/1.1" 200 1312
188.165.25.173 - - [29/Oct/2014:08:13:04 -0500] "GET /re/Cuento/cuadro22/imagen%20izquierda/?C=D;O=D HTTP/1.0" 404 1015
190.242.99.204 - - [29/Oct/2014:08:13:04 -0500] "GET /BLA/boletinlegal/js/jquery.js HTTP/1.1" 200 57254
201.245.192.253 - - [29/Oct/2014:08:13:04 -0500] "GET /forest/system/process.jsp?numPro=2779511 HTTP/1.1" 200 49104
201.245.192.253 - - [29/Oct/2014:08:13:05 -0500] "GET /forest/system/process.jsp?numPro=2779511 HTTP/1.1" 200 83440
201.245.192.253 - - [29/Oct/2014:08:13:05 -0500] "GET /forest/css/dialog.css HTTP/1.1" 200 1100
201.245.192.253 - - [29/Oct/2014:08:13:05 -0500] "GET /forest/css/index.css HTTP/1.1" 200 1900
201.245.192.253 - - [29/Oct/2014:08:13:05 -0500] "GET /forest/1ibre/protoaculous.js HTTP/1.1" 304 -
201.245.192.253 - - [29/Oct/2014:08:13:05 -0500] "GET /forest/1ibre/1ibre.js HTTP/1.1" 304 -
201.245.192.253 - - [29/Oct/2014:08:13:05 -0500] "GET /forest/skins/gdocs-jar/img/activity2.gif HTTP/1.1" 304 -
201.245.192.253 - - [29/Oct/2014:08:13:05 -0500] "GET /forest/skins/gdocs-jar/img/itemlist.gif HTTP/1.1" 304 -
190.242.99.204 - - [29/Oct/2014:08:13:05 -0500] "GET /BLA/boletinlegal/js/jquery.scrollTo-min.js HTTP/1.1" 200 1150
66.249.64.167 - - [29/Oct/2014:08:13:06 -0500] "GET /BLA/resoluciones/RESOLUCIONES%202010/2186.pdf HTTP/1.1" 200 488451
190.242.99.204 - - [29/Oct/2014:08:13:07 -0500] "GET /BLA/boletinlegal/js/jquery.scrollShow.js HTTP/1.1" 200 4586
66.249.64.167 - - [29/Oct/2014:08:13:10 -0500] "GET /BLA/resoluciones/RESOLUCIONES%202008/5238.pdf HTTP/1.1" 200 342281
201.245.192.253 - - [29/Oct/2014:08:13:11 -0500] "GET /forest/usudocumentos.do?p7z=1859880&a=0.5101569972484898&a=0.25266403472958054 HTTP/1.1" 200 2572
201.245.192.253 - - [29/Oct/2014:08:13:13 -0500] "GET /forest/documentos/1859880/2014EE89504.p7z:claro/Resolucion.docx HTTP/1.1" 200 89097
66.249.64.167 - - [29/Oct/2014:08:13:14 -0500] "GET /BLA/resoluciones/RESOLUCIONES%202011/2916.pdf HTTP/1.1" 200 525266
180.76.5.94 - - [29/Oct/2014:08:13:15 -0500] "GET /BLA/resoluciones/AUTOS%202009/2271.pdf HTTP/1.1" 200 121853
188.165.25.173 - - [29/Oct/2014:08:13:16 -0500] "GET /re/Cuento/cuadro22/imagen%20izquierda/?C=M;O=D HTTP/1.0" 404 1015
201.245.192.253 - - [29/Oct/2014:08:13:18 -0500] "GET /embed/WwNsRs5dKyA HTTP/1.1" 404 1255
66.249.64.163 - - [29/Oct/2014:08:13:18 -0500] "GET /BLA/resoluciones/AUTOS%202009/2888.pdf HTTP/1.1" 200 100288
181.48.9.60 - - [29/Oct/2014:08:13:21 -0500] "GET /BLA/boletinlegal/js/jquery.scrollShow.js HTTP/1.1" 304 -
181.48.9.60 - - [29/Oct/2014:08:13:21 -0500] "GET /BLA/boletinlegal/js/jquery.js HTTP/1.1" 304 -
181.48.9.60 - - [29/Oct/2014:08:13:21 -0500] "GET /BLA/boletinlegal/js/jquery.scrollTo-min.js HTTP/1.1" 304 -
66.249.64.163 - - [29/Oct/2014:08:13:23 -0500] "GET /BLA/resoluciones/RESOLUCIONES%202010/1115.pdf HTTP/1.1" 200 111932
181.48.9.60 - - [29/Oct/2014:08:13:24 -0500] "GET /galeria/nivo-slider/themes/default/default.css HTTP/1.1" 304 -
181.48.9.60 - - [29/Oct/2014:08:13:24 -0500] "GET /galeria/nivo-slider/demo/scripts/jquery-1.7.1.min.js HTTP/1.1" 304 -
181.48.9.60 - - [29/Oct/2014:08:13:24 -0500] "GET /galeria/nivo-slider/demo/images/banner-aceite3.jpg HTTP/1.1" 304 -
181.48.9.60 - - [29/Oct/2014:08:13:24 -0500] "GET /galeria/nivo-slider/demo/images/mesTIC.jpg HTTP/1.1" 304 -
181.48.9.60 - - [29/Oct/2014:08:13:24 -0500] "GET /galeria/nivo-slider/demo/images/Tingua-azul.jpg HTTP/1.1" 304 -
181.48.9.60 - - [29/Oct/2014:08:13:24 -0500] "GET /galeria/nivo-slider/demo/images/Banner-Caracol-Africano.jpg HTTP/1.1" 304 -
181.48.9.60 - - [29/Oct/2014:08:13:25 -0500] "GET /galeria/nivo-slider/demo/images/banner-redes.jpg HTTP/1.1" 304 -
181.48.9.60 - - [29/Oct/2014:08:13:26 -0500] "GET /galeria/nivo-slider/demo/images/9Signos.jpg HTTP/1.1" 304 -
181.48.9.60 - - [29/Oct/2014:08:13:26 -0500] "GET /galeria/nivo-slider/demo/images/banner-llantas2.jpg HTTP/1.1" 304 -
181.48.9.60 - - [29/Oct/2014:08:13:27 -0500] "GET /galeria/nivo-slider/demo/images/banner-caballos.png HTTP/1.1" 304 -
66.249.64.171 - - [29/Oct/2014:08:13:27 -0500] "GET /BLA/resoluciones/RESOLUCIONES%202011/1207.pdf HTTP/1.1" 200 489988
181.48.9.60 - - [29/Oct/2014:08:13:27 -0500] "GET /galeria/nivo-slider/demo/images/Hacienda_Molinos.jpg HTTP/1.1" 304 -
181.48.9.60 - - [29/Oct/2014:08:13:28 -0500] "GET /videos/Spot_Tinguas.flv HTTP/1.1" 304 -
188.165.25.173 - - [29/Oct/2014:08:13:28 -0500] "GET /re/Cuento/cuadro4/_notes/?C=D;O=D HTTP/1.0" 404 1015
66.249.64.171 - - [29/Oct/2014:08:13:31 -0500] "GET /BLA/resoluciones/RESOLUCIONES%202009/7602.pdf HTTP/1.1" 200 101700
181.48.9.60 - - [29/Oct/2014:08:13:31 -0500] "GET /galeria/nivo-slider/demo/images/bannerEcolecta3.jpg HTTP/1.1" 304 -
188.165.25.173 - - [29/Oct/2014:08:13:33 -0500] "GET /re/Cuento/cuadro4/_notes/?C=M;O=D HTTP/1.0" 404 1015
66.249.64.167 - - [29/Oct/2014:08:13:35 -0500] "GET /BLA/resoluciones/RESOLUCIONES%202010/0967.pdf HTTP/1.1" 200 433911
66.249.64.163 - - [29/Oct/2014:08:13:39 -0500] "GET /BLA/resoluciones/RESOLUCIONES%202008/2653.pdf HTTP/1.1" 200 197377
188.165.25.173 - - [29/Oct/2014:08:13:42 -0500] "GET /re/Cuento/cuadro5/_notes/?C=D;O=D HTTP/1.0" 404 1015
66.249.64.171 - - [29/Oct/2014:08:13:44 -0500] "GET /BLA/resoluciones/RESOLUCIONES%202009/8886.pdf HTTP/1.1" 200 327881
201.245.192.253 - - [29/Oct/2014:08:13:44 -0500] "GET /plugins/like.php?locale=es_ES&href=http%3A%2F%2Fwww.facebook.com%2Fmsn&send=false&layout=button_count&width=450&show_faces=false&font&colorscheme=light&action=like&height=21 HTTP/1.1" 404 1528
201.245.192.253 - - [29/Oct/2014:08:13:46 -0500] "GET /plugins/like.php?href=http%3A%2F%2Fdietalibre.net%2F2485-rabano-para-adelgazar-propiedades-para-bajara-de-peso-y-receta-especial.html&width=125&height=65&colorscheme=light&layout=box_count&action=like&show_faces=false&send=false&appId=1387515968143934 HTTP/1.1" 404 1410
201.245.192.253 - - [29/Oct/2014:08:13:44 -0500] "POST /forest/actions/workplace.getReparto?a=0.6710428390170092 HTTP/1.1" 200 585086
201.245.192.253 - - [29/Oct/2014:08:13:48 -0500] "GET /v/QqKwrYPliR4?adformat=2_9&version=3&showinfo=0&rel=0&controls=1&iv_load_policy=1 HTTP/1.1" 404 1333
66.249.64.167 - - [29/Oct/2014:08:13:48 -0500] "GET /BLA/resoluciones/RESOLUCIONES%202009/0660.pdf HTTP/1.1" 200 63631
201.245.192.253 - - [29/Oct/2014:08:13:49 -0500] "GET /forest/skins/gdocs-jar/img/icons/doc.gif HTTP/1.1" 304 -
190.26.203.22 - - [29/Oct/2014:08:13:51 -0500] "GET /BLA/boletinlegal/js/jquery.js HTTP/1.1" 200 57254
190.26.203.22 - - [29/Oct/2014:08:13:51 -0500] "GET /BLA/boletinlegal/js/jquery.scrollTo-min.js HTTP/1.1" 200 1150
190.26.203.22 - - [29/Oct/2014:08:13:51 -0500] "GET /BLA/boletinlegal/js/jquery.scrollShow.js HTTP/1.1" 200 4586
66.249.64.163 - - [29/Oct/2014:08:13:52 -0500] "GET /BLA/resoluciones/RESOLUCIONES%202008/3718.pdf HTTP/1.1" 200 252800
188.165.25.173 - - [29/Oct/2014:08:13:52 -0500] "GET /re/Cuento/cuadro5/_notes/?C=M;O=D HTTP/1.0" 404 1015
66.249.64.163 - - [29/Oct/2014:08:13:56 -0500] "GET /BLA/resoluciones/AUTOS%202007/2635.pdf HTTP/1.1" 200 26923
66.249.64.171 - - [29/Oct/2014:08:14:00 -0500] "GET /BLA/resoluciones/AUTOS%202008/1687.pdf HTTP/1.1" 200 281946
188.165.25.173 - - [29/Oct/2014:08:14:02 -0500] "GET /re/Cuento/cuadro6/_notes/?C=D;O=D HTTP/1.0" 404 1015
66.249.64.163 - - [29/Oct/2014:08:14:05 -0500] "GET /BLA/resoluciones/RESOLUCIONES%202011/0531.pdf HTTP/1.1" 200 799018
66.249.64.163 - - [29/Oct/2014:08:14:08 -0500] "GET /BLA/resoluciones/RESOLUCIONES%202010/3522.pdf HTTP/1.1" 200 360702
66.249.64.167 - - [29/Oct/2014:08:14:09 -0500] "GET /BLA/resoluciones/AUTOS%202009/2663.pdf HTTP/1.1" 200 100312
188.165.25.173 - - [29/Oct/2014:08:14:10 -0500] "GET /re/Cuento/cuadro6/_notes/?C=M;O=D HTTP/1.0" 404 1015
66.249.64.167 - - [29/Oct/2014:08:14:13 -0500] "GET /BLA/resoluciones/RESOLUCIONES%202010/1384.pdf HTTP/1.1" 200 369490
66.249.64.171 - - [29/Oct/2014:08:14:17 -0500] "GET /BLA/resoluciones/RESOLUCIONES%202010/0907.pdf HTTP/1.1" 200 105834
188.165.25.173 - - [29/Oct/2014:08:14:18 -0500] "GET /re/Cuento/cuadro7/_notes/?C=D;O=D HTTP/1.0" 404 1015
201.245.192.253 - - [29/Oct/2014:08:14:19 -0500] "GET /forest/session.jsp?a=0.004709544426582779 HTTP/1.1" 200 4
201.245.192.253 - - [29/Oct/2014:08:14:20 -0500] "GET /forest/session.jsp?a=0.8218163705496231 HTTP/1.1" 200 4
66.249.64.171 - - [29/Oct/2014:08:14:21 -0500] "GET /BLA/resoluciones/RESOLUCIONES%202008/4985.pdf HTTP/1.1" 200 213422
66.249.64.167 - - [29/Oct/2014:08:14:26 -0500] "GET /BLA/resoluciones/AUTOS%202009/1341.pdf HTTP/1.1" 200 90849
190.145.84.161 - - [29/Oct/2014:08:14:28 -0500] "GET /BLA/boletinlegal/js/jquery.js HTTP/1.1" 200 57254
190.145.84.161 - - [29/Oct/2014:08:14:28 -0500] "GET /BLA/boletinlegal/js/jquery.scrollTo-min.js HTTP/1.1" 200 1150
190.145.84.161 - - [29/Oct/2014:08:14:28 -0500] "GET /BLA/boletinlegal/js/jquery.scrollShow.js HTTP/1.1" 200 4586
190.145.84.161 - - [29/Oct/2014:08:14:28 -0500] "GET /galeria/carrusel/Carrusel/jquery.thumbnailScroller.css HTTP/1.1" 200 2066
190.145.84.161 - - [29/Oct/2014:08:14:28 -0500] "GET /galeria/carrusel/Carrusel/jquery-ui-1.8.13.custom.min.js HTTP/1.1" 200 10800
190.145.84.161 - - [29/Oct/2014:08:14:28 -0500] "GET /galeria/carrusel/Carrusel/jquery.thumbnailScroller.js HTTP/1.1" 200 8157
188.165.25.173 - - [29/Oct/2014:08:14:28 -0500] "GET /re/Cuento/cuadro7/_notes/?C=M;O=D HTTP/1.0" 404 1015
190.145.84.161 - - [29/Oct/2014:08:14:29 -0500] "GET /galeria/nivo-slider/demo/demo.html HTTP/1.1" 200 3316
190.145.84.161 - - [29/Oct/2014:08:14:29 -0500] "GET /galeria/nivo-slider/themes/default/default.css HTTP/1.1" 200 1569
190.145.84.161 - - [29/Oct/2014:08:14:29 -0500] "GET /galeria/nivo-slider/themes/pascal/pascal.css HTTP/1.1" 200 2258
190.145.84.161 - - [29/Oct/2014:08:14:29 -0500] "GET /galeria/nivo-slider/themes/orman/orman.css HTTP/1.1" 200 2152
190.145.84.161 - - [29/Oct/2014:08:14:29 -0500] "GET /galeria/nivo-slider/nivo-slider.css HTTP/1.1" 200 1507
190.145.84.161 - - [29/Oct/2014:08:14:29 -0500] "GET /galeria/nivo-slider/demo/style.css HTTP/1.1" 200 2222
190.145.84.161 - - [29/Oct/2014:08:14:29 -0500] "GET /galeria/nivo-slider/jquery.nivo.slider.pack.js HTTP/1.1" 200 11561
190.145.84.161 - - [29/Oct/2014:08:14:29 -0500] "GET /galeria/nivo-slider/demo/scripts/jquery-1.7.1.min.js HTTP/1.1" 200 93868
190.145.84.161 - - [29/Oct/2014:08:14:29 -0500] "GET /galeria/nivo-slider/demo/images/porloshumedales.jpg HTTP/1.1" 200 351238
190.145.84.161 - - [29/Oct/2014:08:14:29 -0500] "GET /galeria/nivo-slider/demo/images/banner-aceite3.jpg HTTP/1.1" 200 88347
190.145.84.161 - - [29/Oct/2014:08:14:29 -0500] "GET /galeria/nivo-slider/demo/images/mesTIC.jpg HTTP/1.1" 200 180719
190.145.84.161 - - [29/Oct/2014:08:14:29 -0500] "GET /galeria/nivo-slider/demo/images/Tingua-azul.jpg HTTP/1.1" 200 307638
190.145.84.161 - - [29/Oct/2014:08:14:29 -0500] "GET /galeria/nivo-slider/demo/images/Banner-Caracol-Africano.jpg HTTP/1.1" 200 331986
201.245.192.253 - - [29/Oct/2014:08:14:30 -0500] "GET /forestReports/webcontent/birt/images/FirstPage.gif HTTP/1.1" 304 -
66.249.64.167 - - [29/Oct/2014:08:14:30 -0500] "GET /BLA/resoluciones/RESOLUCIONES%202009/7405.pdf HTTP/1.1" 200 680905
190.145.84.161 - - [29/Oct/2014:08:14:30 -0500] "GET /galeria/nivo-slider/demo/images/4Simple_Slider.png HTTP/1.1" 200 11722
190.145.84.161 - - [29/Oct/2014:08:14:31 -0500] "GET /galeria/nivo-slider/themes/default/loading.gif HTTP/1.1" 200 1737
190.145.84.161 - - [29/Oct/2014:08:14:31 -0500] "GET /galeria/nivo-slider/demo/images/9Signos.jpg HTTP/1.1" 200 93040
190.145.84.161 - - [29/Oct/2014:08:14:31 -0500] "GET /galeria/nivo-slider/demo/images/banner-redes.jpg HTTP/1.1" 200 62209
190.145.84.161 - - [29/Oct/2014:08:14:31 -0500] "GET /galeria/nivo-slider/demo/images/banner-llantas2.jpg HTTP/1.1" 200 73153
190.145.84.161 - - [29/Oct/2014:08:14:31 -0500] "GET /galeria/nivo-slider/demo/images/banner-caballos.png HTTP/1.1" 200 389106
190.145.84.161 - - [29/Oct/2014:08:14:31 -0500] "GET /galeria/nivo-slider/demo/images/Hacienda_Molinos.jpg HTTP/1.1" 200 319171
190.145.84.161 - - [29/Oct/2014:08:14:31 -0500] "GET /galeria/nivo-slider/demo/images/bannerEcolecta3.jpg HTTP/1.1" 200 280034
201.245.192.253 - - [29/Oct/2014:08:14:32 -0500] "GET /embed/b1XGPvbWn0A HTTP/1.1" 404 1399
201.245.192.253 - - [29/Oct/2014:08:14:32 -0500] "GET /embed/d1EI21k2Jro HTTP/1.1" 404 1399
201.245.192.253 - - [29/Oct/2014:08:14:32 -0500] "GET /embed/ESdZDwcA5iM HTTP/1.1" 404 1399
190.145.84.161 - - [29/Oct/2014:08:14:33 -0500] "GET /galeria/nivo-slider/themes/default/arrows.png HTTP/1.1" 200 824
190.145.84.161 - - [29/Oct/2014:08:14:33 -0500] "GET /galeria/nivo-slider/themes/default/bullets.png HTTP/1.1" 200 1281
190.145.84.161 - - [29/Oct/2014:08:14:33 -0500] "GET /videos/Spot_Tinguas.flv HTTP/1.1" 200 2087054
66.249.64.167 - - [29/Oct/2014:08:14:34 -0500] "GET /BLA/resoluciones/AUTOS%202009/2049.pdf HTTP/1.1" 200 105458
188.165.25.173 - - [29/Oct/2014:08:14:38 -0500] "GET /re/Cuento/cuadro8/_notes/?C=D;O=D HTTP/1.0" 404 1015
66.249.64.163 - - [29/Oct/2014:08:14:43 -0500] "GET /BLA/resoluciones/RESOLUCIONES%202009/4869.pdf HTTP/1.1" 200 566143
201.245.192.253 - - [29/Oct/2014:08:14:46 -0500] "GET /forest/buscar.do?type=procesos HTTP/1.1" 200 97226
201.245.192.253 - - [29/Oct/2014:08:14:46 -0500] "GET /forest/css/escritorio.css?version=1410.211635 HTTP/1.1" 304 -
201.245.192.253 - - [29/Oct/2014:08:14:46 -0500] "GET /forest/css/autocomplete.css?version=1410.211635 HTTP/1.1" 304 -
201.245.192.253 - - [29/Oct/2014:08:14:46 -0500] "GET /forest/skins/gdocs-jar/css/tree.css?version=1410.211635 HTTP/1.1" 304 -
201.245.192.253 - - [29/Oct/2014:08:14:46 -0500] "GET /forest/js/load_func.js?version=1410.211635 HTTP/1.1" 304 -
201.245.192.253 - - [29/Oct/2014:08:14:46 -0500] "GET /forest/js/dialog.js?version=1410.211635 HTTP/1.1" 304 -
201.245.192.253 - - [29/Oct/2014:08:14:46 -0500] "GET /forest/js/internJS.js?version=1410.211635 HTTP/1.1" 304 -
201.245.192.253 - - [29/Oct/2014:08:14:46 -0500] "GET /forest/js/escritorio/escritorio.js?version=1410.211635 HTTP/1.1" 304 -
201.245.192.253 - - [29/Oct/2014:08:14:46 -0500] "GET /forest/js/autocompletar2.js?version=1410.211635 HTTP/1.1" 304 -
201.245.192.253 - - [29/Oct/2014:08:14:46 -0500] "GET /forest/1ibre/jscalendar/calendar.js?version=1410.211635 HTTP/1.1" 304 -
201.245.192.253 - - [29/Oct/2014:08:14:46 -0500] "GET /forest/js/sarissa.js?version=1410.211635 HTTP/1.1" 304 -
201.245.192.253 - - [29/Oct/2014:08:14:46 -0500] "GET /forest/1ibre/protoaculous.js?version=1410.211635 HTTP/1.1" 304 -
201.245.192.253 - - [29/Oct/2014:08:14:46 -0500] "GET /forest/1ibre/jscalendar/lang/calendar-es.js?version=1410.211635 HTTP/1.1" 304 -
201.245.192.253 - - [29/Oct/2014:08:14:46 -0500] "GET /forest/1ibre/jscalendar/calendar-setup.js?version=1410.211635 HTTP/1.1" 304 -
201.245.192.253 - - [29/Oct/2014:08:14:46 -0500] "GET /forest/1ibre/1ibre.js?version=1410.211635 HTTP/1.1" 304 -
201.245.192.253 - - [29/Oct/2014:08:14:46 -0500] "GET /forest/js/xml_utilities.js?version=1410.211635 HTTP/1.1" 304 -
201.245.192.253 - - [29/Oct/2014:08:14:46 -0500] "GET /forest/json.do?query=usersByDep&coddep=221 HTTP/1.1" 200 3167
201.245.192.253 - - [29/Oct/2014:08:14:46 -0500] "GET /forest/json.do?query=usersByDep&coddep=221 HTTP/1.1" 200 3167
200.75.51.148 - - [29/Oct/2014:08:14:47 -0500] "GET /BLA/boletinlegal/js/jquery.js HTTP/1.1" 200 57254
200.75.51.148 - - [29/Oct/2014:08:14:47 -0500] "GET /BLA/boletinlegal/js/jquery.scrollTo-min.js HTTP/1.1" 200 1150
200.75.51.148 - - [29/Oct/2014:08:14:47 -0500] "GET /BLA/boletinlegal/js/jquery.scrollShow.js HTTP/1.1" 200 4586
66.249.64.167 - - [29/Oct/2014:08:14:47 -0500] "GET /BLA/resoluciones/RESOLUCIONES%202010/3422.pdf HTTP/1.1" 200 753641
188.165.25.173 - - [29/Oct/2014:08:14:48 -0500] "GET /re/Cuento/cuadro8/_notes/?C=M;O=D HTTP/1.0" 404 1015
66.249.64.163 - - [29/Oct/2014:08:14:51 -0500] "GET /BLA/resoluciones/AUTOS%202008/3237.pdf HTTP/1.1" 200 69389
201.245.192.253 - - [29/Oct/2014:08:14:52 -0500] "GET /forest/skins/gdocs-jar/popup/popup.jsp?width=1100&height=500&title=Buscar%20documentos&uri=/forest/buscar.do%3Ftype%3Ddocumentos&name=undefined&_a=0.9397609723222056&a=0.023540253584661053 HTTP/1.1" 200 1300
201.245.192.253 - - [29/Oct/2014:08:14:52 -0500] "GET /forest/buscar.do?type=documentos HTTP/1.1" 200 97228
201.245.192.253 - - [29/Oct/2014:08:14:52 -0500] "GET /forest/css/escritorio.css?version=1410.211635 HTTP/1.1" 304 -
201.245.192.253 - - [29/Oct/2014:08:14:52 -0500] "GET /forest/css/autocomplete.css?version=1410.211635 HTTP/1.1" 304 -
201.245.192.253 - - [29/Oct/2014:08:14:52 -0500] "GET /forest/skins/gdocs-jar/css/tree.css?version=1410.211635 HTTP/1.1" 304 -
201.245.192.253 - - [29/Oct/2014:08:14:52 -0500] "GET /forest/js/load_func.js?version=1410.211635 HTTP/1.1" 304 -
201.245.192.253 - - [29/Oct/2014:08:14:52 -0500] "GET /forest/js/dialog.js?version=1410.211635 HTTP/1.1" 304 -
201.245.192.253 - - [29/Oct/2014:08:14:52 -0500] "GET /forest/js/sarissa.js?version=1410.211635 HTTP/1.1" 304 -
201.245.192.253 - - [29/Oct/2014:08:14:52 -0500] "GET /forest/js/autocompletar2.js?version=1410.211635 HTTP/1.1" 304 -
201.245.192.253 - - [29/Oct/2014:08:14:52 -0500] "GET /forest/js/internJS.js?version=1410.211635 HTTP/1.1" 304 -
201.245.192.253 - - [29/Oct/2014:08:14:52 -0500] "GET /forest/1ibre/jscalendar/calendar.js?version=1410.211635 HTTP/1.1" 304 -
201.245.192.253 - - [29/Oct/2014:08:14:52 -0500] "GET /forest/1ibre/protoaculous.js?version=1410.211635 HTTP/1.1" 304 -
201.245.192.253 - - [29/Oct/2014:08:14:52 -0500] "GET /forest/1ibre/1ibre.js?version=1410.211635 HTTP/1.1" 304 -
201.245.192.253 - - [29/Oct/2014:08:14:52 -0500] "GET /forest/1ibre/jscalendar/lang/calendar-es.js?version=1410.211635 HTTP/1.1" 304 -
201.245.192.253 - - [29/Oct/2014:08:14:52 -0500] "GET /forest/1ibre/jscalendar/calendar-setup.js?version=1410.211635 HTTP/1.1" 304 -
201.245.192.253 - - [29/Oct/2014:08:14:52 -0500] "GET /forest/js/xml_utilities.js?version=1410.211635 HTTP/1.1" 304 -
201.245.192.253 - - [29/Oct/2014:08:14:52 -0500] "POST /forest/buscar.do? HTTP/1.1" 200 5173
201.245.192.253 - - [29/Oct/2014:08:14:55 -0500] "GET /forest/js/escritorio/escritorio.js?version=1410.211635 HTTP/1.1" 304 -
66.249.64.171 - - [29/Oct/2014:08:14:55 -0500] "GET /BLA/resoluciones/RESOLUCIONES%202008/5086.pdf HTTP/1.1" 200 234858
201.245.192.253 - - [29/Oct/2014:08:14:55 -0500] "GET /forest/json.do?query=usersByDep&coddep=221 HTTP/1.1" 200 3167
201.245.192.253 - - [29/Oct/2014:08:14:55 -0500] "GET /forest/json.do?query=usersByDep&coddep=221 HTTP/1.1" 200 3167
201.245.192.253 - - [29/Oct/2014:08:14:56 -0500] "GET /forest/session.jsp?a=0.06971100944399855 HTTP/1.1" 200 5
188.165.25.173 - - [29/Oct/2014:08:14:56 -0500] "GET /re/Cuento/cuadro9/_notes/?C=D;O=D HTTP/1.0" 404 1015
201.245.192.253 - - [29/Oct/2014:08:14:56 -0500] "POST /forest/buscar.do? HTTP/1.1" 200 5839
201.245.192.253 - - [29/Oct/2014:08:14:57 -0500] "GET /forest/login.jsp?a=0.1564803605266195 HTTP/1.1" 200 2996
201.245.192.253 - - [29/Oct/2014:08:14:58 -0500] "GET /forest/skins/gdocs-jar/popup/popup.jsp?width=900&height=600&title=Informaci%F3n%20de%20proceso&uri=/forest/system/process.jsp%3FnumPro%3D2619936&name=undefined&_a=0.6098618210731838&a=0.33101320287179037 HTTP/1.1" 200 1312
201.245.192.253 - - [29/Oct/2014:08:14:58 -0500] "GET /forest/system/process.jsp?numPro=2619936 HTTP/1.1" 200 82191
201.245.192.253 - - [29/Oct/2014:08:14:58 -0500] "GET /forest/skins/gdocs-jar/img/icons/doc.gif HTTP/1.1" 304 -
201.245.192.253 - - [29/Oct/2014:08:14:58 -0500] "GET /forest/skins/gdocs-jar/img/eye.gif HTTP/1.1" 304 -
66.249.64.163 - - [29/Oct/2014:08:14:59 -0500] "GET /BLA/resoluciones/AUTOS%202009/2995.pdf HTTP/1.1" 200 186366
190.26.79.219 - - [29/Oct/2014:08:15:02 -0500] "GET /galeria/nivo-slider/demo/demo.html HTTP/1.1" 200 3316
190.26.79.219 - - [29/Oct/2014:08:15:02 -0500] "GET /galeria/nivo-slider/demo/images/porloshumedales.jpg HTTP/1.1" 200 351238
190.26.79.219 - - [29/Oct/2014:08:15:02 -0500] "GET /galeria/nivo-slider/demo/images/banner-aceite3.jpg HTTP/1.1" 304 -
190.26.79.219 - - [29/Oct/2014:08:15:02 -0500] "GET /galeria/nivo-slider/demo/images/mesTIC.jpg HTTP/1.1" 304 -
190.26.79.219 - - [29/Oct/2014:08:15:02 -0500] "GET /galeria/nivo-slider/demo/images/Tingua-azul.jpg HTTP/1.1" 304 -
190.26.79.219 - - [29/Oct/2014:08:15:02 -0500] "GET /galeria/nivo-slider/demo/images/banner-redes.jpg HTTP/1.1" 304 -
190.26.79.219 - - [29/Oct/2014:08:15:02 -0500] "GET /galeria/nivo-slider/demo/images/bannerEcolecta3.jpg HTTP/1.1" 304 -
190.26.79.219 - - [29/Oct/2014:08:15:03 -0500] "GET /galeria/nivo-slider/demo/images/porloshumedales.jpg HTTP/1.1" 206 1
190.26.79.219 - - [29/Oct/2014:08:15:03 -0500] "GET /galeria/nivo-slider/demo/images/porloshumedales.jpg HTTP/1.1" 206 203112
66.249.64.163 - - [29/Oct/2014:08:15:04 -0500] "GET /BLA/resoluciones/AUTOS%202009/2632.pdf HTTP/1.1" 200 97320
201.245.192.253 - - [29/Oct/2014:08:15:05 -0500] "GET /plugins/like.php?action=like&app_id=344437088977833&channel=http%3A%2F%2Fstatic.ak.facebook.com%2Fconnect%2Fxd_arbiter%2FehazDpFPEnK.js%3Fversion%3D41%23cb%3Df10fd0e254%26domain%3Dwww.bluradio.com%26origin%3Dhttp%253A%252F%252Fwww.bluradio.com%252Ff3476ebf34%26relation%3Dparent.parent&font=arial&href=http%3A%2F%2Fwww.facebook.com%2FBluradioColombia&layout=button_count&locale=es_LA&sdk=joey&send=false&show_faces=false HTTP/1.1" 404 1280
188.165.25.173 - - [29/Oct/2014:08:15:05 -0500] "GET /re/Cuento/cuadro9/_notes/?C=M;O=D HTTP/1.0" 404 1015
66.249.64.167 - - [29/Oct/2014:08:15:08 -0500] "GET /BLA/resoluciones/RESOLUCIONES%202010/0775.pdf HTTP/1.1" 200 100304
190.90.165.22 - - [29/Oct/2014:08:15:12 -0500] "GET /PruebasSTORM/StormSDA_pruebas/stormWeb/presentacion.html HTTP/1.1" 200 5109
66.249.64.171 - - [29/Oct/2014:08:15:12 -0500] "GET /BLA/resoluciones/RESOLUCIONES%202010/2740.pdf HTTP/1.1" 200 390902
190.90.165.22 - - [29/Oct/2014:08:15:12 -0500] "GET /PruebasSTORM/StormSDA_pruebas/stormWeb/img/alerta.png HTTP/1.1" 200 23856
190.90.165.22 - - [29/Oct/2014:08:15:12 -0500] "GET /PruebasSTORM/StormSDA_pruebas/stormWeb/img/descargar.png HTTP/1.1" 200 2450
190.26.203.22 - - [29/Oct/2014:08:15:12 -0500] "GET /PruebasSTORM/StormSDA_pruebas/stormWeb/img/version.gif HTTP/1.1" 200 29022
188.165.25.173 - - [29/Oct/2014:08:15:13 -0500] "GET /re/Cuento/cuadro9/botones%20cuadro9/?C=D;O=D HTTP/1.0" 404 1015
180.76.6.55 - - [29/Oct/2014:08:15:14 -0500] "GET /BLA/resoluciones/AUTOS%202009/1188.pdf HTTP/1.1" 200 124379
201.245.192.253 - - [29/Oct/2014:08:15:13 -0500] "GET /forest/documentos/1705606/2013EE116857.doc HTTP/1.1" 200 393728
66.249.64.167 - - [29/Oct/2014:08:15:16 -0500] "GET /BLA/resoluciones/RESOLUCIONES%202008/3690.pdf HTTP/1.1" 200 320491
188.165.25.173 - - [29/Oct/2014:08:15:20 -0500] "GET /re/Cuento/cuadro9/botones%20cuadro9/?C=M;O=D HTTP/1.0" 404 1015
66.249.64.171 - - [29/Oct/2014:08:15:20 -0500] "GET /BLA/resoluciones/RESOLUCIONES%202009/9757.pdf HTTP/1.1" 200 310375
201.245.192.253 - - [29/Oct/2014:08:15:22 -0500] "GET /v/wy46U16-dJg?adformat=2_9&version=3&showinfo=0&rel=0&controls=1&iv_load_policy=1 HTTP/1.1" 404 2743
201.245.192.253 - - [29/Oct/2014:08:15:22 -0500] "GET /v/hEEqXzHo_AI?adformat=2_9&version=3&showinfo=0&rel=0&controls=1&iv_load_policy=1 HTTP/1.1" 404 2709
161.18.34.49 - - [29/Oct/2014:08:15:22 -0500] "GET /BLA/boletinlegal/js/jquery.js HTTP/1.1" 200 57254
161.18.34.49 - - [29/Oct/2014:08:15:22 -0500] "GET /BLA/boletinlegal/js/jquery.scrollTo-min.js HTTP/1.1" 200 1150
161.18.34.49 - - [29/Oct/2014:08:15:22 -0500] "GET /BLA/boletinlegal/js/jquery.scrollShow.js HTTP/1.1" 200 4586
201.245.192.253 - - [29/Oct/2014:08:15:23 -0500] "GET /v/ujMG27NWhG4?adformat=2_9&version=3&showinfo=0&rel=0&controls=1&iv_load_policy=1 HTTP/1.1" 404 2709
66.249.64.171 - - [29/Oct/2014:08:15:25 -0500] "GET /BLA/resoluciones/RESOLUCIONES%202009/5917.pdf HTTP/1.1" 200 416572
188.165.25.173 - - [29/Oct/2014:08:15:26 -0500] "GET /re/Cuento/imagenes%20comunes/_notes/?C=D;O=D HTTP/1.0" 404 1015
186.155.110.40 - - [29/Oct/2014:08:15:29 -0500] "GET /BLA/boletinlegal/js/jquery.js HTTP/1.1" 200 57254
186.155.110.40 - - [29/Oct/2014:08:15:29 -0500] "GET /BLA/boletinlegal/js/jquery.scrollTo-min.js HTTP/1.1" 200 1150
186.155.110.40 - - [29/Oct/2014:08:15:29 -0500] "GET /BLA/boletinlegal/js/jquery.scrollShow.js HTTP/1.1" 200 4586
66.249.64.167 - - [29/Oct/2014:08:15:29 -0500] "GET /BLA/resoluciones/AUTOS%202009/0298.pdf HTTP/1.1" 200 129175
201.245.192.253 - - [29/Oct/2014:08:15:33 -0500] "GET /plugins/like.php?action=recommend&app_id=&channel=http%3A%2F%2Fstatic.ak.facebook.com%2Fconnect%2Fxd_arbiter%2FehazDpFPEnK.js%3Fversion%3D41%23cb%3Df25bcca506d10b8%26domain%3Dwww.edreams.es%26origin%3Dhttp%253A%252F%252Fwww.edreams.es%252Ff2ba15fa858f06%26relation%3Dparent.parent&href=http%3A%2F%2Fwww.edreams.es%2Fofertas%2Fhotel-detalle%2F3%2Famerica%2F170%2FCO%2Fcolombia%2F1475%2Fisla-de-san-andres%2F110046721%2Fverde-mar%2F&layout=button_count&locale=es_ES&sdk=joey&send=false&show_faces=false&width=100 HTTP/1.1" 404 1432
66.249.64.167 - - [29/Oct/2014:08:15:33 -0500] "GET /BLA/resoluciones/AUTOS%202009/2233.pdf HTTP/1.1" 200 123059
201.245.192.253 - - [29/Oct/2014:08:15:33 -0500] "GET /plugins/like.php?action=recommend&app_id=&channel=http%3A%2F%2Fstatic.ak.facebook.com%2Fconnect%2Fxd_arbiter%2FehazDpFPEnK.js%3Fversion%3D41%23cb%3Df17051a7e416108%26domain%3Dwww.edreams.es%26origin%3Dhttp%253A%252F%252Fwww.edreams.es%252Fffe0db279edb54%26relation%3Dparent.parent&href=http%3A%2F%2Fwww.edreams.es%2Fofertas%2Fhoteles-ciudad%2F3%2Famerica%2F170%2FCO%2Fcolombia%2F1475%2Fisla-de-san-andres%2F&layout=button_count&locale=es_ES&sdk=joey&send=false&show_faces=false&width=100 HTTP/1.1" 404 1394
188.165.25.173 - - [29/Oct/2014:08:15:34 -0500] "GET /re/Cuento/imagenes%20comunes/_notes/?C=M;O=D HTTP/1.0" 404 1015
190.90.165.22 - - [29/Oct/2014:08:15:35 -0500] "GET /PruebasSTORM/StormSDA_pruebas/user.jnlp HTTP/1.1" 200 1441
66.249.64.171 - - [29/Oct/2014:08:15:37 -0500] "GET /BLA/resoluciones/RESOLUCIONES%202010/1379.pdf HTTP/1.1" 200 352578
190.158.103.16 - - [29/Oct/2014:08:15:39 -0500] "GET /BLA/resoluciones/RESOLUCIONES%202009/0900.pdf HTTP/1.1" 200 824185
190.158.103.16 - - [29/Oct/2014:08:15:41 -0500] "GET /BLA/resoluciones/RESOLUCIONES%202009/0900.pdf HTTP/1.1" 206 32768
190.158.103.16 - - [29/Oct/2014:08:15:41 -0500] "GET /BLA/resoluciones/RESOLUCIONES%202009/0900.pdf HTTP/1.1" 206 791417
66.249.64.171 - - [29/Oct/2014:08:15:41 -0500] "GET /BLA/resoluciones/RESOLUCIONES%202009/8007.pdf HTTP/1.1" 200 268788
190.158.103.16 - - [29/Oct/2014:08:15:42 -0500] "GET /favicon.ico HTTP/1.1" 200 7782
66.249.64.163 - - [29/Oct/2014:08:15:46 -0500] "GET /BLA/resoluciones/RESOLUCIONES%202009/9227.pdf HTTP/1.1" 200 507632
188.165.25.173 - - [29/Oct/2014:08:15:47 -0500] "GET /re/Talleres/metal/imagen%20metales/?C=D;O=D HTTP/1.0" 404 1015
66.249.64.171 - - [29/Oct/2014:08:15:50 -0500] "GET /BLA/resoluciones/AUTOS%202009/3235.pdf HTTP/1.1" 200 193565
188.165.25.173 - - [29/Oct/2014:08:15:52 -0500] "GET /re/Talleres/metal/imagen%20metales/?C=M;O=D HTTP/1.0" 404 1015
66.249.64.163 - - [29/Oct/2014:08:15:54 -0500] "GET /BLA/resoluciones/AUTOS%202009/1289.pdf HTTP/1.1" 200 244661
188.165.25.173 - - [29/Oct/2014:08:15:57 -0500] "GET /re/Talleres/organicos/imagenes%20organicos/?C=D;O=D HTTP/1.0" 404 1015
74.86.158.107 - - [29/Oct/2014:08:15:58 -0500] "HEAD / HTTP/1.1" 302 -
66.249.64.171 - - [29/Oct/2014:08:15:58 -0500] "GET /BLA/resoluciones/RESOLUCIONES%202009/1035.pdf HTTP/1.1" 200 204535
188.165.25.173 - - [29/Oct/2014:08:16:02 -0500] "GET /re/Talleres/organicos/imagenes%20organicos/?C=M;O=D HTTP/1.0" 404 1015
66.249.64.167 - - [29/Oct/2014:08:16:02 -0500] "GET /portalsiaccapacitaciones/Listas%20de%20Asistencia%202013/Lista%20Asistencia%20Capacitacion%20Gesti%C3%B3n%20Integral%20de%20Riesgos%20Ambientales%2017-10-2013.pdf HTTP/1.1" 200 544461
201.245.192.253 - - [29/Oct/2014:08:16:03 -0500] "GET /galeria/nivo-slider/demo/style.css HTTP/1.1" 304 -
201.245.192.253 - - [29/Oct/2014:08:16:04 -0500] "GET /galeria/nivo-slider/demo/images/4Simple_Slider.png HTTP/1.1" 304 -
201.245.192.253 - - [29/Oct/2014:08:16:05 -0500] "GET /Report2/login.do HTTP/1.1" 503 1124
66.249.64.167 - - [29/Oct/2014:08:16:07 -0500] "GET /BLA/resoluciones/AUTOS%202007/0752.pdf HTTP/1.1" 200 29635
190.253.42.226 - - [29/Oct/2014:08:16:09 -0500] "GET /galeria/carrusel/Carrusel/jquery.thumbnailScroller.css HTTP/1.1" 200 2066
190.253.42.226 - - [29/Oct/2014:08:16:09 -0500] "GET /BLA/boletinlegal/js/jquery.js HTTP/1.1" 200 57254
190.253.42.226 - - [29/Oct/2014:08:16:09 -0500] "GET /BLA/boletinlegal/js/jquery.scrollTo-min.js HTTP/1.1" 200 1150
190.253.42.226 - - [29/Oct/2014:08:16:09 -0500] "GET /BLA/boletinlegal/js/jquery.scrollShow.js HTTP/1.1" 200 4586
190.253.42.226 - - [29/Oct/2014:08:16:10 -0500] "GET /galeria/carrusel/Carrusel/jquery.thumbnailScroller.js HTTP/1.1" 200 8157
190.253.42.226 - - [29/Oct/2014:08:16:10 -0500] "GET /galeria/carrusel/Carrusel/jquery-ui-1.8.13.custom.min.js HTTP/1.1" 200 10800
66.249.64.163 - - [29/Oct/2014:08:16:11 -0500] "GET /BLA/resoluciones/RESOLUCIONES%202009/6201.pdf HTTP/1.1" 200 188914
188.165.25.173 - - [29/Oct/2014:08:16:11 -0500] "GET /re/Talleres/organicos/imagenes%20organicos/imagenes%20compostaje/?C=D;O=A HTTP/1.0" 404 1015
66.249.64.171 - - [29/Oct/2014:08:16:15 -0500] "GET /BLA/resoluciones/RESOLUCIONES%202010/0474.pdf HTTP/1.1" 200 115966
190.157.153.111 - - [29/Oct/2014:08:16:18 -0500] "GET /forest/session.jsp?a=0.9990927245692933 HTTP/1.1" 200 4
66.249.64.163 - - [29/Oct/2014:08:16:19 -0500] "GET /BLA/resoluciones/RESOLUCIONES%202010/3347.pdf HTTP/1.1" 200 356332
190.253.42.226 - - [29/Oct/2014:08:16:21 -0500] "GET /galeria/nivo-slider/demo/demo.html HTTP/1.1" 200 3316
190.253.42.226 - - [29/Oct/2014:08:16:21 -0500] "GET /galeria/nivo-slider/themes/default/default.css HTTP/1.1" 200 1569
190.253.42.226 - - [29/Oct/2014:08:16:21 -0500] "GET /galeria/nivo-slider/themes/pascal/pascal.css HTTP/1.1" 200 2258
190.253.42.226 - - [29/Oct/2014:08:16:21 -0500] "GET /galeria/nivo-slider/themes/orman/orman.css HTTP/1.1" 200 2152
190.253.42.226 - - [29/Oct/2014:08:16:21 -0500] "GET /galeria/nivo-slider/nivo-slider.css HTTP/1.1" 200 1507
190.253.42.226 - - [29/Oct/2014:08:16:21 -0500] "GET /galeria/nivo-slider/demo/style.css HTTP/1.1" 200 2222
190.253.42.226 - - [29/Oct/2014:08:16:21 -0500] "GET /galeria/nivo-slider/demo/scripts/jquery-1.7.1.min.js HTTP/1.1" 200 93868
190.253.42.226 - - [29/Oct/2014:08:16:21 -0500] "GET /galeria/nivo-slider/jquery.nivo.slider.pack.js HTTP/1.1" 200 11561
190.253.42.226 - - [29/Oct/2014:08:16:21 -0500] "GET /videos/Spot_Tinguas.flv HTTP/1.1" 200 2087054
188.165.25.173 - - [29/Oct/2014:08:16:21 -0500] "GET /re/Talleres/organicos/imagenes%20organicos/imagenes%20compostaje/?C=M;O=A HTTP/1.0" 404 1015
190.253.42.226 - - [29/Oct/2014:08:16:21 -0500] "GET /galeria/nivo-slider/demo/images/4Simple_Slider.png HTTP/1.1" 200 11722
190.253.42.226 - - [29/Oct/2014:08:16:21 -0500] "GET /galeria/nivo-slider/themes/default/loading.gif HTTP/1.1" 200 1737
190.253.42.226 - - [29/Oct/2014:08:16:23 -0500] "GET /galeria/nivo-slider/demo/images/banner-aceite3.jpg HTTP/1.1" 200 88347
66.249.64.167 - - [29/Oct/2014:08:16:23 -0500] "GET /BLA/resoluciones/RESOLUCIONES%202010/2946.pdf HTTP/1.1" 200 52562
190.253.42.226 - - [29/Oct/2014:08:16:24 -0500] "GET /galeria/nivo-slider/demo/images/porloshumedales.jpg HTTP/1.1" 200 351238
190.253.42.226 - - [29/Oct/2014:08:16:24 -0500] "GET /galeria/nivo-slider/demo/images/mesTIC.jpg HTTP/1.1" 200 180719
190.253.42.226 - - [29/Oct/2014:08:16:25 -0500] "GET /galeria/nivo-slider/demo/images/Tingua-azul.jpg HTTP/1.1" 200 307638
190.253.42.226 - - [29/Oct/2014:08:16:26 -0500] "GET /galeria/nivo-slider/demo/images/Banner-Caracol-Africano.jpg HTTP/1.1" 200 331986
190.253.42.226 - - [29/Oct/2014:08:16:27 -0500] "GET /galeria/nivo-slider/demo/images/banner-redes.jpg HTTP/1.1" 200 62209
190.253.42.226 - - [29/Oct/2014:08:16:27 -0500] "GET /galeria/nivo-slider/demo/images/9Signos.jpg HTTP/1.1" 200 93040
190.253.42.226 - - [29/Oct/2014:08:16:27 -0500] "GET /galeria/nivo-slider/demo/images/banner-caballos.png HTTP/1.1" 200 389106
190.253.42.226 - - [29/Oct/2014:08:16:27 -0500] "GET /galeria/nivo-slider/demo/images/banner-llantas2.jpg HTTP/1.1" 200 73153
190.253.42.226 - - [29/Oct/2014:08:16:28 -0500] "GET /galeria/nivo-slider/demo/images/Hacienda_Molinos.jpg HTTP/1.1" 200 319171
66.249.64.163 - - [29/Oct/2014:08:16:28 -0500] "GET /BLA/resoluciones/RESOLUCIONES%202009/6663.pdf HTTP/1.1" 200 519393
201.245.192.253 - - [29/Oct/2014:08:16:28 -0500] "GET /forest/buscar.do?type=procesos HTTP/1.1" 200 97226
201.245.192.253 - - [29/Oct/2014:08:16:28 -0500] "GET /forest/css/escritorio.css?version=1410.211635 HTTP/1.1" 304 -
201.245.192.253 - - [29/Oct/2014:08:16:28 -0500] "GET /forest/css/autocomplete.css?version=1410.211635 HTTP/1.1" 304 -
201.245.192.253 - - [29/Oct/2014:08:16:28 -0500] "GET /forest/skins/gdocs-jar/css/tree.css?version=1410.211635 HTTP/1.1" 304 -
201.245.192.253 - - [29/Oct/2014:08:16:28 -0500] "GET /forest/js/sarissa.js?version=1410.211635 HTTP/1.1" 304 -
201.245.192.253 - - [29/Oct/2014:08:16:28 -0500] "GET /forest/js/internJS.js?version=1410.211635 HTTP/1.1" 304 -
201.245.192.253 - - [29/Oct/2014:08:16:28 -0500] "GET /forest/js/escritorio/escritorio.js?version=1410.211635 HTTP/1.1" 304 -
201.245.192.253 - - [29/Oct/2014:08:16:28 -0500] "GET /forest/1ibre/protoaculous.js?version=1410.211635 HTTP/1.1" 304 -
201.245.192.253 - - [29/Oct/2014:08:16:28 -0500] "GET /forest/1ibre/jscalendar/calendar-setup.js?version=1410.211635 HTTP/1.1" 304 -
201.245.192.253 - - [29/Oct/2014:08:16:28 -0500] "GET /forest/js/load_func.js?version=1410.211635 HTTP/1.1" 304 -
201.245.192.253 - - [29/Oct/2014:08:16:28 -0500] "GET /forest/js/xml_utilities.js?version=1410.211635 HTTP/1.1" 304 -
201.245.192.253 - - [29/Oct/2014:08:16:28 -0500] "GET /forest/js/dialog.js?version=1410.211635 HTTP/1.1" 304 -
201.245.192.253 - - [29/Oct/2014:08:16:28 -0500] "GET /forest/js/autocompletar2.js?version=1410.211635 HTTP/1.1" 304 -
201.245.192.253 - - [29/Oct/2014:08:16:28 -0500] "GET /forest/1ibre/jscalendar/lang/calendar-es.js?version=1410.211635 HTTP/1.1" 304 -
201.245.192.253 - - [29/Oct/2014:08:16:28 -0500] "GET /forest/1ibre/1ibre.js?version=1410.211635 HTTP/1.1" 304 -
201.245.192.253 - - [29/Oct/2014:08:16:28 -0500] "GET /forest/1ibre/jscalendar/calendar.js?version=1410.211635 HTTP/1.1" 304 -
190.253.42.226 - - [29/Oct/2014:08:16:28 -0500] "GET /galeria/nivo-slider/demo/images/bannerEcolecta3.jpg HTTP/1.1" 200 280034
201.245.192.253 - - [29/Oct/2014:08:16:28 -0500] "GET /forest/json.do?query=usersByDep&coddep=221 HTTP/1.1" 200 3167
201.245.192.253 - - [29/Oct/2014:08:16:28 -0500] "GET /forest/json.do?query=usersByDep&coddep=221 HTTP/1.1" 200 3167
188.165.25.173 - - [29/Oct/2014:08:16:31 -0500] "GET /re/Talleres/organicos/imagenes%20organicos/imagenes%20compostaje/?C=N;O=D HTTP/1.0" 404 1015
66.249.64.171 - - [29/Oct/2014:08:16:32 -0500] "GET /BLA/resoluciones/RESOLUCIONES%202009/7334.pdf HTTP/1.1" 200 490277
190.253.42.226 - - [29/Oct/2014:08:16:32 -0500] "GET /galeria/nivo-slider/themes/default/arrows.png HTTP/1.1" 200 824
190.253.42.226 - - [29/Oct/2014:08:16:32 -0500] "GET /galeria/nivo-slider/themes/default/bullets.png HTTP/1.1" 200 1281
201.245.192.253 - - [29/Oct/2014:08:16:35 -0500] "POST /forest/buscar.do? HTTP/1.1" 200 5166
66.249.64.167 - - [29/Oct/2014:08:16:36 -0500] "GET /BLA/resoluciones/RESOLUCIONES%202009/0988.pdf HTTP/1.1" 200 63683
190.254.13.66 - - [29/Oct/2014:08:16:37 -0500] "GET /BLA/resoluciones/RESOLUCIONES%202007/RES%202007%20701%20AL%20800/RESOLUCION%200705%20DE%202007.pdf HTTP/1.1" 200 1060513
188.165.25.173 - - [29/Oct/2014:08:16:38 -0500] "GET /re/Talleres/organicos/imagenes%20organicos/imagenes%20compostaje/?C=S;O=A HTTP/1.0" 404 1015
190.254.13.66 - - [29/Oct/2014:08:16:38 -0500] "GET /BLA/resoluciones/RESOLUCIONES%202007/RES%202007%20701%20AL%20800/RESOLUCION%200705%20DE%202007.pdf HTTP/1.1" 206 32768
201.245.192.253 - - [29/Oct/2014:08:16:38 -0500] "GET /forest/skins/gdocs-jar/popup/popup.jsp?width=900&height=600&title=Informaci%F3n%20de%20proceso&uri=/forest/system/process.jsp%3FnumPro%3D2926280&name=undefined&_a=0.6298320377498131&a=0.8306811315087425 HTTP/1.1" 200 1312
201.245.192.253 - - [29/Oct/2014:08:16:38 -0500] "GET /forest/system/process.jsp?numPro=2926280 HTTP/1.1" 200 29199
190.254.13.66 - - [29/Oct/2014:08:16:39 -0500] "GET /BLA/resoluciones/RESOLUCIONES%202007/RES%202007%20701%20AL%20800/RESOLUCION%200705%20DE%202007.pdf HTTP/1.1" 206 1027745
201.245.192.253 - - [29/Oct/2014:08:16:39 -0500] "GET /forest/system/process.jsp?numPro=2926280 HTTP/1.1" 200 29199
66.249.64.163 - - [29/Oct/2014:08:16:40 -0500] "GET /BLA/resoluciones/RESOLUCIONES%202009/8228.pdf HTTP/1.1" 200 461943
201.245.192.253 - - [29/Oct/2014:08:16:41 -0500] "GET /forest/borrador/1459257/Borrador%20juridico%202014-10-06.docx HTTP/1.1" 200 68642
188.165.25.173 - - [29/Oct/2014:08:16:42 -0500] "GET /re/Talleres/papel/imagenes%20papel/?C=D;O=D HTTP/1.0" 404 1015
66.249.64.163 - - [29/Oct/2014:08:16:44 -0500] "GET /BLA/resoluciones/AUTOS%202009/3401.pdf HTTP/1.1" 200 95839
181.48.9.62 - - [29/Oct/2014:08:16:47 -0500] "GET /BLA/boletinlegal/js/jquery.scrollTo-min.js HTTP/1.1" 304 -
181.48.9.62 - - [29/Oct/2014:08:16:47 -0500] "GET /BLA/boletinlegal/js/jquery.scrollShow.js HTTP/1.1" 304 -
181.48.9.62 - - [29/Oct/2014:08:16:47 -0500] "GET /BLA/boletinlegal/js/jquery.js HTTP/1.1" 304 -
201.245.192.253 - - [29/Oct/2014:08:16:48 -0500] "GET /forest/session.jsp?a=0.9493734304817734 HTTP/1.1" 200 4
66.249.64.171 - - [29/Oct/2014:08:16:49 -0500] "GET /BLA/resoluciones/RESOLUCIONES%202010/4088.pdf HTTP/1.1" 200 518107
188.165.25.173 - - [29/Oct/2014:08:16:50 -0500] "GET /re/Talleres/papel/imagenes%20papel/?C=M;O=D HTTP/1.0" 404 1015
66.249.64.167 - - [29/Oct/2014:08:16:53 -0500] "GET /BLA/resoluciones/AUTOS%202009/2105.pdf HTTP/1.1" 200 125548
201.245.192.253 - - [29/Oct/2014:08:16:53 -0500] "GET /embed/3q5IHfbZPH0?rel=0&fs=1&wmode=transparent HTTP/1.1" 404 1311
201.245.192.253 - - [29/Oct/2014:08:16:54 -0500] "GET /plugins/like.php?action=like&app_id=&channel=http%3A%2F%2Fstatic.ak.facebook.com%2Fconnect%2Fxd_arbiter%2FehazDpFPEnK.js%3Fversion%3D41%23cb%3Df86d841814229a%26domain%3Dwww.hospitalpablovibosa.gov.co%26origin%3Dhttp%253A%252F%252Fwww.hospitalpablovibosa.gov.co%252Ffec0cb4647a2a8%26relation%3Dparent.parent&color_scheme=light&font=arial&href=http%3A%2F%2Fwww.hospitalpablovibosa.gov.co%2Fpagina%2Findex.php%3Foption%3Dcom_content%26view%3Darticle%26id%3D580%3Apractisaludablesoct14%26catid%3D95%3Anoticias2013%26Itemid%3D171&layout=button_count&locale=en_US&sdk=joey&send=true&show_faces=true HTTP/1.1" 404 1312
201.245.192.253 - - [29/Oct/2014:08:16:54 -0500] "GET /plugins/like.php?action=like&app_id=&channel=http%3A%2F%2Fstatic.ak.facebook.com%2Fconnect%2Fxd_arbiter%2FehazDpFPEnK.js%3Fversion%3D41%23cb%3Df2dcdcef97c4ac%26domain%3Dwww.hospitalpablovibosa.gov.co%26origin%3Dhttp%253A%252F%252Fwww.hospitalpablovibosa.gov.co%252Ffec0cb4647a2a8%26relation%3Dparent.parent&color_scheme=light&font=arial&href=http%3A%2F%2Fwww.hospitalpablovibosa.gov.co%2Fpagina%2Findex.php%3Foption%3Dcom_content%26view%3Darticle%26id%3D578%3Ames-de-la-discapacidad-2%26catid%3D95%3Anoticias2013%26Itemid%3D171&layout=button_count&locale=en_US&sdk=joey&send=true&show_faces=true HTTP/1.1" 404 1312
