23.238.19.76 - - [29/Oct/2014:02:54:01 -0500] "GET /Autoliquidacion/index.php?dir=Solicitudes%20relacionadas%20con%20calidad%20del%20aire%20auditiva%20y%20visual/Registro%20de%20Elementos%20de%20publicidad%20Exterior%20Visual/&sort=size&order=desc HTTP/1.0" 200 4037
23.238.19.76 - - [29/Oct/2014:02:54:04 -0500] "GET /POT-2013/index.php?dir=Articulado/&sort=size&order=desc HTTP/1.0" 200 1856
66.249.64.163 - - [29/Oct/2014:02:54:04 -0500] "GET /BLA/resoluciones/index.php?dir=RESOLUCIONES%202006/RES%202006%202151-2200/&sort=size&order=asc HTTP/1.1" 200 12368
23.238.19.76 - - [29/Oct/2014:02:54:06 -0500] "GET /aspnet_client/system_web/1_1_4322/?C=N;O=A HTTP/1.0" 404 1015
66.249.64.167 - - [29/Oct/2014:02:54:07 -0500] "GET /BLA/resoluciones/RESOLUCIONES%202009/6727.pdf HTTP/1.1" 304 -
66.249.64.171 - - [29/Oct/2014:02:54:10 -0500] "GET /BLA/resoluciones/AUTOS%202008/0268.pdf HTTP/1.1" 200 278744
23.238.19.76 - - [29/Oct/2014:02:54:11 -0500] "GET /aspnet_client/system_web/1_1_4322/?C=S;O=D HTTP/1.0" 404 1015
66.249.64.163 - - [29/Oct/2014:02:54:14 -0500] "GET /BLA/resoluciones/RESOLUCIONES%202010/4544.pdf HTTP/1.1" 200 56640
23.238.19.76 - - [29/Oct/2014:02:54:14 -0500] "GET /chat/src/?C=N;O=A HTTP/1.0" 404 1015
66.249.64.167 - - [29/Oct/2014:02:54:17 -0500] "GET /BLA/resoluciones/RESOLUCIONES%202007/RES%202007%201201%20AL%201300/RESOLUCION%201224%20DE%202007.pdf HTTP/1.1" 200 175100
23.238.19.76 - - [29/Oct/2014:02:54:18 -0500] "GET /even/Ca0jr6ay/sld003.htm HTTP/1.0" 404 1015
66.249.64.163 - - [29/Oct/2014:02:54:21 -0500] "GET /BLA/resoluciones/RESOLUCIONES%202011/1933.pdf HTTP/1.1" 200 127025
23.238.19.76 - - [29/Oct/2014:02:54:22 -0500] "GET /even/Ca0jr6ay/sld029.htm HTTP/1.0" 404 1015
23.238.19.76 - - [29/Oct/2014:02:54:25 -0500] "GET /even/Ca0jr6ay/tsld002.htm HTTP/1.0" 404 1015
180.76.5.94 - - [29/Oct/2014:02:54:27 -0500] "GET /BLA/resoluciones/index.php?dir=RESOLUCIONES%202003/RES%202003%201351-1400/&sort=size&order=desc HTTP/1.1" 200 12156
23.238.19.76 - - [29/Oct/2014:02:54:27 -0500] "GET /even/Ca0jr6ay/tsld030.htm HTTP/1.0" 404 1015
66.249.64.167 - - [29/Oct/2014:02:54:27 -0500] "GET /BLA/resoluciones/RESOLUCIONES%202009/6821.pdf HTTP/1.1" 200 413532
23.238.19.76 - - [29/Oct/2014:02:54:31 -0500] "GET /even/Cakdu7gt/sld003.htm HTTP/1.0" 404 1015
66.249.64.171 - - [29/Oct/2014:02:54:34 -0500] "GET /BLA/resoluciones/RESOLUCIONES%202010/1219.pdf HTTP/1.1" 200 109058
23.238.19.76 - - [29/Oct/2014:02:54:35 -0500] "GET /even/Cakdu7gt/sld028.htm HTTP/1.0" 404 1015
23.238.19.76 - - [29/Oct/2014:02:54:38 -0500] "GET /even/Cakdu7gt/tsld002.htm HTTP/1.0" 404 1015
66.249.64.163 - - [29/Oct/2014:02:54:41 -0500] "GET /BLA/resoluciones/RESOLUCIONES%202009/5595.pdf HTTP/1.1" 200 673931
23.238.19.76 - - [29/Oct/2014:02:54:41 -0500] "GET /even/Cakdu7gt/tsld029.htm HTTP/1.0" 404 1015
23.238.19.76 - - [29/Oct/2014:02:54:44 -0500] "GET /even/solojefe1/sld003.htm HTTP/1.0" 404 1015
23.238.19.76 - - [29/Oct/2014:02:54:47 -0500] "GET /even/solojefe1/sld031.htm HTTP/1.0" 404 1015
66.249.64.171 - - [29/Oct/2014:02:54:48 -0500] "GET /BLA/resoluciones/RESOLUCIONES%202008/2725.pdf HTTP/1.1" 200 242899
66.249.64.163 - - [29/Oct/2014:02:54:48 -0500] "GET /BLA/resoluciones/AUTOS%202012/1745.pdf HTTP/1.1" 200 275072
23.238.19.76 - - [29/Oct/2014:02:54:51 -0500] "GET /even/solojefe1/tsld002.htm HTTP/1.0" 404 1015
23.238.19.76 - - [29/Oct/2014:02:54:54 -0500] "GET /even/solojefe1/tsld032.htm HTTP/1.0" 404 1015
66.249.64.171 - - [29/Oct/2014:02:54:55 -0500] "GET /BLA/resoluciones/RESOLUCIONES%202010/0746.pdf HTTP/1.1" 200 442605
23.238.19.76 - - [29/Oct/2014:02:54:57 -0500] "GET /gallery2/g2data/cache/?C=N;O=A HTTP/1.0" 404 1015
23.238.19.76 - - [29/Oct/2014:02:55:00 -0500] "GET /gallery2/g2data/cache/?C=S;O=D HTTP/1.0" 404 1015
23.238.19.76 - - [29/Oct/2014:02:55:03 -0500] "GET /hum/FotosHumedales-Fb05/Fotos%20CavildoVerdeSoacha/?C=D;O=D HTTP/1.0" 404 1015
23.238.19.76 - - [29/Oct/2014:02:55:05 -0500] "GET /hum/FotosHumedales-Fb05/Fotos%20CavildoVerdeSoacha/?C=M;O=D HTTP/1.0" 404 1015
180.76.5.80 - - [29/Oct/2014:02:55:07 -0500] "GET /BLA/resoluciones/AUTOS%202009/2037.pdf HTTP/1.1" 200 366704
66.249.64.171 - - [29/Oct/2014:02:55:08 -0500] "GET /BLA/resoluciones/RESOLUCIONES%202007/RES%202007%201001%20AL%201100/RESOLUCION%201017%20DE%202007.pdf HTTP/1.1" 200 28107
23.238.19.76 - - [29/Oct/2014:02:55:09 -0500] "GET /hum/FotosHumedales-Fb05/Fotos%20CavildoVerdeSoacha/?C=N;O=A HTTP/1.0" 404 1015
23.238.19.76 - - [29/Oct/2014:02:55:11 -0500] "GET /hum/FotosHumedales-Fb05/Fotos%20CavildoVerdeSoacha/?C=S;O=D HTTP/1.0" 404 1015
23.238.19.76 - - [29/Oct/2014:02:55:15 -0500] "GET /re/Cuento/cuadro1/_notes/?C=N;O=A HTTP/1.0" 404 1015
66.249.64.171 - - [29/Oct/2014:02:55:15 -0500] "GET /BLA/resoluciones/RESOLUCIONES%202009/5167.pdf HTTP/1.1" 200 621778
23.238.19.76 - - [29/Oct/2014:02:55:18 -0500] "GET /re/Cuento/cuadro1/_notes/?C=S;O=D HTTP/1.0" 404 1015
23.238.19.76 - - [29/Oct/2014:02:55:21 -0500] "GET /re/Cuento/cuadro10/_notes/?C=N;O=A HTTP/1.0" 404 1015
23.238.19.76 - - [29/Oct/2014:02:55:24 -0500] "GET /re/Cuento/cuadro10/_notes/?C=S;O=D HTTP/1.0" 404 1015
23.238.19.76 - - [29/Oct/2014:02:55:27 -0500] "GET /re/Cuento/cuadro10/botones%20cuadro10/?C=N;O=A HTTP/1.0" 404 1015
23.238.19.76 - - [29/Oct/2014:02:55:29 -0500] "GET /re/Cuento/cuadro10/botones%20cuadro10/?C=S;O=D HTTP/1.0" 404 1015
66.249.64.167 - - [29/Oct/2014:02:55:29 -0500] "GET /BLA/resoluciones/RESOLUCIONES%202011/2433.pdf HTTP/1.1" 200 485395
23.238.19.76 - - [29/Oct/2014:02:55:32 -0500] "GET /re/Cuento/cuadro11/_notes/?C=N;O=A HTTP/1.0" 404 1015
23.238.19.76 - - [29/Oct/2014:02:55:35 -0500] "GET /re/Cuento/cuadro11/_notes/?C=S;O=D HTTP/1.0" 404 1015
66.249.64.163 - - [29/Oct/2014:02:55:36 -0500] "GET /BLA/resoluciones/RESOLUCIONES%202011/3207.pdf HTTP/1.1" 200 492118
23.238.19.76 - - [29/Oct/2014:02:55:39 -0500] "GET /re/Cuento/cuadro11/botones%20cuadro11/?C=N;O=A HTTP/1.0" 404 1015
66.249.64.43 - - [29/Oct/2014:02:55:42 -0500] "GET /re/contactenos/contactenos%20link.htm HTTP/1.1" 404 1019
23.238.19.76 - - [29/Oct/2014:02:55:43 -0500] "GET /re/Cuento/cuadro11/botones%20cuadro11/?C=S;O=D HTTP/1.0" 404 1015
180.76.6.29 - - [29/Oct/2014:02:55:46 -0500] "GET /BLA/resoluciones/index.php?dir=&sort=date&order=desc HTTP/1.1" 200 6951
23.238.19.76 - - [29/Oct/2014:02:55:46 -0500] "GET /re/Cuento/cuadro12/_notes/?C=N;O=A HTTP/1.0" 404 1015
66.249.64.163 - - [29/Oct/2014:02:55:49 -0500] "GET /BLA/resoluciones/RESOLUCIONES%202007/RES%202007%204301%20AL%204352/RESOLUCION%204322%20DE%202007.pdf HTTP/1.1" 200 680436
23.238.19.76 - - [29/Oct/2014:02:55:51 -0500] "GET /re/Cuento/cuadro12/_notes/?C=S;O=D HTTP/1.0" 404 1015
23.238.19.76 - - [29/Oct/2014:02:55:54 -0500] "GET /re/Cuento/cuadro12/botones%20cuadro12/?C=N;O=A HTTP/1.0" 404 1015
66.249.64.167 - - [29/Oct/2014:02:55:56 -0500] "GET /BLA/resoluciones/RESOLUCIONES%202007/RES%202007%203401%20AL%203500/RESOLUCION%203457%20DE%202007.pdf HTTP/1.1" 200 141138
23.238.19.76 - - [29/Oct/2014:02:55:57 -0500] "GET /re/Cuento/cuadro12/botones%20cuadro12/?C=S;O=D HTTP/1.0" 404 1015
74.86.158.107 - - [29/Oct/2014:02:55:59 -0500] "HEAD / HTTP/1.1" 302 -
23.238.19.76 - - [29/Oct/2014:02:55:59 -0500] "GET /re/Cuento/cuadro13/_notes/?C=N;O=A HTTP/1.0" 404 1015
23.238.19.76 - - [29/Oct/2014:02:56:01 -0500] "GET /re/Cuento/cuadro13/_notes/?C=S;O=D HTTP/1.0" 404 1015
66.249.64.171 - - [29/Oct/2014:02:56:03 -0500] "GET /BLA/resoluciones/RESOLUCIONES%202011/2203.pdf HTTP/1.1" 200 511015
23.238.19.76 - - [29/Oct/2014:02:56:05 -0500] "GET /re/Cuento/cuadro14/_notes/?C=N;O=A HTTP/1.0" 404 1015
23.238.19.76 - - [29/Oct/2014:02:56:08 -0500] "GET /re/Cuento/cuadro14/_notes/?C=S;O=D HTTP/1.0" 404 1015
66.249.64.167 - - [29/Oct/2014:02:56:10 -0500] "GET /BLA/resoluciones/RESOLUCIONES%202011/1375.pdf HTTP/1.1" 200 72865
23.238.19.76 - - [29/Oct/2014:02:56:12 -0500] "GET /re/Cuento/cuadro14/botones%20cuadro14/?C=N;O=A HTTP/1.0" 404 1015
23.238.19.76 - - [29/Oct/2014:02:56:15 -0500] "GET /re/Cuento/cuadro14/botones%20cuadro14/?C=S;O=D HTTP/1.0" 404 1015
66.249.64.171 - - [29/Oct/2014:02:56:16 -0500] "GET /BLA/resoluciones/RESOLUCIONES%202011/1406.pdf HTTP/1.1" 200 100291
23.238.19.76 - - [29/Oct/2014:02:56:19 -0500] "GET /re/Cuento/cuadro15/_notes/?C=N;O=A HTTP/1.0" 404 1015
23.238.19.76 - - [29/Oct/2014:02:56:23 -0500] "GET /re/Cuento/cuadro15/_notes/?C=S;O=D HTTP/1.0" 404 1015
66.249.64.163 - - [29/Oct/2014:02:56:23 -0500] "GET /BLA/resoluciones/RESOLUCIONES%202011/1767.pdf HTTP/1.1" 200 520542
23.238.19.76 - - [29/Oct/2014:02:56:24 -0500] "GET /re/Cuento/cuadro15/botones%20cuadro15/?C=N;O=A HTTP/1.0" 404 1015
23.238.19.76 - - [29/Oct/2014:02:56:26 -0500] "GET /re/Cuento/cuadro15/botones%20cuadro15/?C=S;O=D HTTP/1.0" 404 1015
66.249.64.167 - - [29/Oct/2014:02:56:30 -0500] "GET /BLA/resoluciones/AUTOS%202009/1432.pdf HTTP/1.1" 200 184898
23.238.19.76 - - [29/Oct/2014:02:56:30 -0500] "GET /re/Cuento/cuadro16/_notes/?C=N;O=A HTTP/1.0" 404 1015
23.238.19.76 - - [29/Oct/2014:02:56:34 -0500] "GET /re/Cuento/cuadro16/_notes/?C=S;O=D HTTP/1.0" 404 1015
23.238.19.76 - - [29/Oct/2014:02:56:37 -0500] "GET /re/Cuento/cuadro17/_notes/?C=N;O=A HTTP/1.0" 404 1015
66.249.64.167 - - [29/Oct/2014:02:56:37 -0500] "GET /BLA/resoluciones/AUTOS%202009/1397.pdf HTTP/1.1" 200 116028
23.238.19.76 - - [29/Oct/2014:02:56:40 -0500] "GET /re/Cuento/cuadro17/_notes/?C=S;O=D HTTP/1.0" 404 1015
23.238.19.76 - - [29/Oct/2014:02:56:43 -0500] "GET /re/Cuento/cuadro18/_notes/?C=N;O=A HTTP/1.0" 404 1015
66.249.64.171 - - [29/Oct/2014:02:56:44 -0500] "GET /BLA/resoluciones/AUTOS%202007/0291.pdf HTTP/1.1" 200 118969
23.238.19.76 - - [29/Oct/2014:02:56:46 -0500] "GET /re/Cuento/cuadro18/_notes/?C=S;O=D HTTP/1.0" 404 1015
23.238.19.76 - - [29/Oct/2014:02:56:50 -0500] "GET /re/Cuento/cuadro19/_notes/?C=N;O=A HTTP/1.0" 404 1015
66.249.64.167 - - [29/Oct/2014:02:56:51 -0500] "GET /BLA/resoluciones/AUTOS%202009/3226.pdf HTTP/1.1" 200 190623
23.238.19.76 - - [29/Oct/2014:02:56:53 -0500] "GET /re/Cuento/cuadro19/_notes/?C=S;O=D HTTP/1.0" 404 1015
23.238.19.76 - - [29/Oct/2014:02:56:56 -0500] "GET /re/Cuento/cuadro2/_notes/?C=N;O=A HTTP/1.0" 404 1015
66.249.64.167 - - [29/Oct/2014:02:56:57 -0500] "GET /BLA/resoluciones/RESOLUCIONES%202010/0532.pdf HTTP/1.1" 200 393210
23.238.19.76 - - [29/Oct/2014:02:56:58 -0500] "GET /re/Cuento/cuadro2/_notes/?C=S;O=D HTTP/1.0" 404 1015
23.238.19.76 - - [29/Oct/2014:02:57:02 -0500] "GET /re/Cuento/cuadro20/_notes/?C=N;O=A HTTP/1.0" 404 1015
66.249.64.163 - - [29/Oct/2014:02:57:04 -0500] "GET /BLA/resoluciones/AUTOS%202009/1783.pdf HTTP/1.1" 200 98492
23.238.19.76 - - [29/Oct/2014:02:57:05 -0500] "GET /re/Cuento/cuadro20/_notes/?C=S;O=D HTTP/1.0" 404 1015
23.238.19.76 - - [29/Oct/2014:02:57:08 -0500] "GET /re/Cuento/cuadro22/imagen%20izquierda/?C=N;O=A HTTP/1.0" 404 1015
23.238.19.76 - - [29/Oct/2014:02:57:11 -0500] "GET /re/Cuento/cuadro22/imagen%20izquierda/?C=S;O=D HTTP/1.0" 404 1015
66.249.64.163 - - [29/Oct/2014:02:57:11 -0500] "GET /BLA/resoluciones/RESOLUCIONES%202009/0168.pdf HTTP/1.1" 200 24323
23.238.19.76 - - [29/Oct/2014:02:57:14 -0500] "GET /re/Cuento/cuadro4/_notes/?C=N;O=A HTTP/1.0" 404 1015
23.238.19.76 - - [29/Oct/2014:02:57:16 -0500] "GET /re/Cuento/cuadro4/_notes/?C=S;O=D HTTP/1.0" 404 1015
66.249.64.163 - - [29/Oct/2014:02:57:18 -0500] "GET /BLA/resoluciones/RESOLUCIONES%202010/3184.pdf HTTP/1.1" 200 48890
23.238.19.76 - - [29/Oct/2014:02:57:20 -0500] "GET /re/Cuento/cuadro5/_notes/?C=N;O=A HTTP/1.0" 404 1015
23.238.19.76 - - [29/Oct/2014:02:57:23 -0500] "GET /re/Cuento/cuadro5/_notes/?C=S;O=D HTTP/1.0" 404 1015
66.249.64.167 - - [29/Oct/2014:02:57:25 -0500] "GET /BLA/resoluciones/RESOLUCIONES%202009/1224.pdf HTTP/1.1" 200 377411
23.238.19.76 - - [29/Oct/2014:02:57:27 -0500] "GET /re/Cuento/cuadro6/_notes/?C=N;O=A HTTP/1.0" 404 1015
23.238.19.76 - - [29/Oct/2014:02:57:30 -0500] "GET /re/Cuento/cuadro6/_notes/?C=S;O=D HTTP/1.0" 404 1015
66.249.64.167 - - [29/Oct/2014:02:57:31 -0500] "GET /BLA/resoluciones/AUTOS%202007/2375.pdf HTTP/1.1" 200 67463
23.238.19.76 - - [29/Oct/2014:02:57:32 -0500] "GET /re/Cuento/cuadro7/_notes/?C=N;O=A HTTP/1.0" 404 1015
23.238.19.76 - - [29/Oct/2014:02:57:36 -0500] "GET /re/Cuento/cuadro7/_notes/?C=S;O=D HTTP/1.0" 404 1015
66.249.64.171 - - [29/Oct/2014:02:57:38 -0500] "GET /BLA/resoluciones/RESOLUCIONES%202011/5027.pdf HTTP/1.1" 200 610883
23.238.19.76 - - [29/Oct/2014:02:57:40 -0500] "GET /re/Cuento/cuadro8/_notes/?C=N;O=A HTTP/1.0" 404 1015
23.238.19.76 - - [29/Oct/2014:02:57:43 -0500] "GET /re/Cuento/cuadro8/_notes/?C=S;O=D HTTP/1.0" 404 1015
23.238.19.76 - - [29/Oct/2014:02:57:45 -0500] "GET /re/Cuento/cuadro9/_notes/?C=N;O=A HTTP/1.0" 404 1015
66.249.64.163 - - [29/Oct/2014:02:57:45 -0500] "GET /BLA/resoluciones/AUTOS%202009/3516.pdf HTTP/1.1" 200 111946
23.238.19.76 - - [29/Oct/2014:02:57:47 -0500] "GET /re/Cuento/cuadro9/_notes/?C=S;O=D HTTP/1.0" 404 1015
46.105.168.161 - - [29/Oct/2014:02:57:51 -0500] "GET /auntentica.txt HTTP/1.1" 404 1153
23.238.19.76 - - [29/Oct/2014:02:57:52 -0500] "GET /re/Cuento/cuadro9/botones%20cuadro9/?C=N;O=A HTTP/1.0" 404 1015
66.249.64.171 - - [29/Oct/2014:02:57:52 -0500] "GET /BLA/resoluciones/RESOLUCIONES%202009/9380.pdf HTTP/1.1" 200 98065
23.238.19.76 - - [29/Oct/2014:02:57:56 -0500] "GET /re/Cuento/cuadro9/botones%20cuadro9/?C=S;O=D HTTP/1.0" 404 1015
66.249.64.171 - - [29/Oct/2014:02:57:59 -0500] "GET /BLA/resoluciones/AUTOS%202009/1352.pdf HTTP/1.1" 200 88646
23.238.19.76 - - [29/Oct/2014:02:58:00 -0500] "GET /re/Cuento/imagenes%20comunes/_notes/?C=N;O=A HTTP/1.0" 404 1015
23.238.19.76 - - [29/Oct/2014:02:58:05 -0500] "GET /re/Cuento/imagenes%20comunes/_notes/?C=S;O=D HTTP/1.0" 404 1015
66.249.64.163 - - [29/Oct/2014:02:58:05 -0500] "GET /BLA/resoluciones/RESOLUCIONES%202011/2052.pdf HTTP/1.1" 200 515983
23.238.19.76 - - [29/Oct/2014:02:58:08 -0500] "GET /re/Talleres/metal/imagen%20metales/?C=N;O=A HTTP/1.0" 404 1015
66.249.64.163 - - [29/Oct/2014:02:58:12 -0500] "GET /BLA/resoluciones/RESOLUCIONES%202009/0517.pdf HTTP/1.1" 200 563597
23.238.19.76 - - [29/Oct/2014:02:58:13 -0500] "GET /re/Talleres/metal/imagen%20metales/?C=S;O=D HTTP/1.0" 404 1015
23.238.19.76 - - [29/Oct/2014:02:58:18 -0500] "GET /re/Talleres/organicos/imagenes%20organicos/?C=N;O=A HTTP/1.0" 404 1015
66.249.64.171 - - [29/Oct/2014:02:58:19 -0500] "GET /BLA/resoluciones/RESOLUCIONES%202007/RES%202007%204001%20AL%204100/RESOLUCION%204035%20DE%202007.pdf HTTP/1.1" 200 617668
23.238.19.76 - - [29/Oct/2014:02:58:21 -0500] "GET /re/Talleres/organicos/imagenes%20organicos/?C=S;O=D HTTP/1.0" 404 1015
23.238.19.76 - - [29/Oct/2014:02:58:26 -0500] "GET /re/Talleres/papel/imagenes%20papel/?C=N;O=A HTTP/1.0" 404 1015
66.249.64.171 - - [29/Oct/2014:02:58:26 -0500] "GET /BLA/resoluciones/RESOLUCIONES%202009/5611.pdf HTTP/1.1" 200 125312
23.238.19.76 - - [29/Oct/2014:02:58:29 -0500] "GET /re/Talleres/papel/imagenes%20papel/?C=S;O=D HTTP/1.0" 404 1015
23.238.19.76 - - [29/Oct/2014:02:58:31 -0500] "GET /re/Talleres/plastico/imagenes%20plastico/otras%20imagenes/?C=N;O=D HTTP/1.0" 404 1015
66.249.64.163 - - [29/Oct/2014:02:58:33 -0500] "GET /BLA/resoluciones/RESOLUCIONES%202009/1184.pdf HTTP/1.1" 200 282502
23.238.19.76 - - [29/Oct/2014:02:58:34 -0500] "GET /re/Talleres/plastico/imagenes%20plastico/otras%20imagenes/?C=S;O=A HTTP/1.0" 404 1015
23.238.19.76 - - [29/Oct/2014:02:58:38 -0500] "GET /re1/Bioevolucion/marco%20conceptual/intereses%20objetivos/?C=N;O=A HTTP/1.0" 404 1015
66.249.64.167 - - [29/Oct/2014:02:58:40 -0500] "GET /BLA/resoluciones/RESOLUCIONES%202009/2323.pdf HTTP/1.1" 200 428671
23.238.19.76 - - [29/Oct/2014:02:58:41 -0500] "GET /re1/Bioevolucion/marco%20conceptual/intereses%20objetivos/?C=S;O=D HTTP/1.0" 404 1015
23.238.19.76 - - [29/Oct/2014:02:58:45 -0500] "GET /re1/Bioevolucion/marco%20conceptual/medio%20ambiente/?C=N;O=A HTTP/1.0" 404 1015
66.249.64.167 - - [29/Oct/2014:02:58:46 -0500] "GET /BLA/resoluciones/RESOLUCIONES%202010/0318.pdf HTTP/1.1" 200 106332
23.238.19.76 - - [29/Oct/2014:02:58:49 -0500] "GET /re1/Bioevolucion/marco%20conceptual/medio%20ambiente/?C=S;O=D HTTP/1.0" 404 1015
23.238.19.76 - - [29/Oct/2014:02:58:52 -0500] "GET /re1/Bioevolucion/relacion%20curriculo/cuadro%201%20diagnostico/?C=N;O=A HTTP/1.0" 404 1015
66.249.64.163 - - [29/Oct/2014:02:58:53 -0500] "GET /BLA/resoluciones/RESOLUCIONES%202009/7462.pdf HTTP/1.1" 200 696995
23.238.19.76 - - [29/Oct/2014:02:58:56 -0500] "GET /re1/Bioevolucion/relacion%20curriculo/cuadro%201%20diagnostico/?C=S;O=D HTTP/1.0" 404 1015
23.238.19.76 - - [29/Oct/2014:02:58:58 -0500] "GET /re1/Bioevolucion/relacion%20curriculo/cuadro%203%20PEI/?C=N;O=A HTTP/1.0" 404 1015
66.249.64.163 - - [29/Oct/2014:02:59:00 -0500] "GET /BLA/resoluciones/RESOLUCIONES%202008/5278.pdf HTTP/1.1" 200 291654
23.238.19.76 - - [29/Oct/2014:02:59:02 -0500] "GET /re1/Bioevolucion/relacion%20curriculo/cuadro%203%20PEI/?C=S;O=D HTTP/1.0" 404 1015
23.238.19.76 - - [29/Oct/2014:02:59:06 -0500] "GET /re1/Bioevolucion/relacion%20curriculo/cuadro%204%20PRAE/?C=N;O=A HTTP/1.0" 404 1015
66.249.64.167 - - [29/Oct/2014:02:59:07 -0500] "GET /BLA/resoluciones/RESOLUCIONES%202009/2302.pdf HTTP/1.1" 200 339794
23.238.19.76 - - [29/Oct/2014:02:59:08 -0500] "GET /re1/Bioevolucion/relacion%20curriculo/cuadro%204%20PRAE/?C=S;O=D HTTP/1.0" 404 1015
23.238.19.76 - - [29/Oct/2014:02:59:13 -0500] "GET /re1/Bioevolucion/relacion%20curriculo/cuadro%205%20tematica/?C=N;O=A HTTP/1.0" 404 1015
66.249.64.163 - - [29/Oct/2014:02:59:14 -0500] "GET /BLA/resoluciones/RESOLUCIONES%202010/1148.pdf HTTP/1.1" 200 100724
23.238.19.76 - - [29/Oct/2014:02:59:16 -0500] "GET /re1/Bioevolucion/relacion%20curriculo/cuadro%205%20tematica/?C=S;O=D HTTP/1.0" 404 1015
23.238.19.76 - - [29/Oct/2014:02:59:20 -0500] "GET /re1/Bioevolucion/relacion%20curriculo/cuadro%206%20curriculo/?C=N;O=A HTTP/1.0" 404 1015
66.249.64.163 - - [29/Oct/2014:02:59:20 -0500] "GET /BLA/resoluciones/RESOLUCIONES%202011/1061.pdf HTTP/1.1" 200 342543
23.238.19.76 - - [29/Oct/2014:02:59:24 -0500] "GET /re1/Bioevolucion/relacion%20curriculo/cuadro%206%20curriculo/?C=S;O=D HTTP/1.0" 404 1015
23.238.19.76 - - [29/Oct/2014:02:59:27 -0500] "GET /re1/Que%20es/Marco%20legal/Normas%20internacionales/?C=N;O=A HTTP/1.0" 404 1015
66.249.64.171 - - [29/Oct/2014:02:59:27 -0500] "GET /BLA/resoluciones/AUTOS%202009/1789.pdf HTTP/1.1" 200 99374
23.238.19.76 - - [29/Oct/2014:02:59:30 -0500] "GET /re1/Que%20es/Marco%20legal/Normas%20internacionales/?C=S;O=D HTTP/1.0" 404 1015
23.238.19.76 - - [29/Oct/2014:02:59:33 -0500] "GET /re1/Que%20es/Marco%20legal/Normas%20nacionales/?C=D;O=D HTTP/1.0" 404 1015
66.249.64.163 - - [29/Oct/2014:02:59:34 -0500] "GET /BLA/resoluciones/RESOLUCIONES%202011/3689.pdf HTTP/1.1" 200 721884
23.238.19.76 - - [29/Oct/2014:02:59:36 -0500] "GET /re1/Que%20es/Marco%20legal/Normas%20nacionales/?C=N;O=A HTTP/1.0" 404 1015
66.249.64.171 - - [29/Oct/2014:02:59:41 -0500] "GET /BLA/resoluciones/RESOLUCIONES%202010/3151.pdf HTTP/1.1" 200 350124
23.238.19.76 - - [29/Oct/2014:02:59:41 -0500] "GET /re1/Que%20es/Marco%20legal/Normas%20nacionales/?C=S;O=D HTTP/1.0" 404 1015
23.238.19.76 - - [29/Oct/2014:02:59:46 -0500] "GET /re1/Que%20es/Marco%20pedagocico/gestion%20residuos/?C=N;O=A HTTP/1.0" 404 1015
66.249.64.163 - - [29/Oct/2014:02:59:48 -0500] "GET /BLA/resoluciones/RESOLUCIONES%202010/2775.pdf HTTP/1.1" 200 1217804
23.238.19.76 - - [29/Oct/2014:02:59:49 -0500] "GET /re1/Que%20es/Marco%20pedagocico/gestion%20residuos/?C=S;O=D HTTP/1.0" 404 1015
23.238.19.76 - - [29/Oct/2014:02:59:51 -0500] "GET /re1/Que%20es/Marco%20pedagocico/tematica%20ambiental/?C=D;O=D HTTP/1.0" 404 1015
201.245.192.253 - - [29/Oct/2014:02:59:54 -0500] "GET /forest/img/candado.gif HTTP/1.1" 304 -
66.249.64.167 - - [29/Oct/2014:02:59:55 -0500] "GET /BLA/resoluciones/RESOLUCIONES%202010/3508.pdf HTTP/1.1" 200 513487
23.238.19.76 - - [29/Oct/2014:02:59:57 -0500] "GET /re1/Que%20es/Marco%20pedagocico/tematica%20ambiental/?C=M;O=D HTTP/1.0" 404 1015
23.238.19.76 - - [29/Oct/2014:03:00:01 -0500] "GET /re1/Que%20es/Marco%20pedagocico/tematica%20ambiental/?C=N;O=A HTTP/1.0" 404 1015
66.249.64.163 - - [29/Oct/2014:03:00:01 -0500] "GET /BLA/resoluciones/RESOLUCIONES%202009/4879.pdf HTTP/1.1" 200 581571
23.238.19.76 - - [29/Oct/2014:03:00:04 -0500] "GET /re1/Que%20es/Marco%20pedagocico/tematica%20ambiental/?C=S;O=D HTTP/1.0" 404 1015
23.238.19.76 - - [29/Oct/2014:03:00:08 -0500] "GET /re1/Que%20es/Plan%20comunicaciones/medios%20de%20divulgacion/?C=N;O=A HTTP/1.0" 404 1015
66.249.64.163 - - [29/Oct/2014:03:00:08 -0500] "GET /BLA/resoluciones/RESOLUCIONES%202011/2972.pdf HTTP/1.1" 200 503414
23.238.19.76 - - [29/Oct/2014:03:00:12 -0500] "GET /re1/Que%20es/Plan%20comunicaciones/medios%20de%20divulgacion/?C=S;O=D HTTP/1.0" 404 1015
66.249.64.171 - - [29/Oct/2014:03:00:15 -0500] "GET /BLA/resoluciones/RESOLUCIONES%202008/5338.pdf HTTP/1.1" 200 224621
23.238.19.76 - - [29/Oct/2014:03:00:15 -0500] "GET /re1/Que%20es/Plan%20comunicaciones/publicos/?C=N;O=A HTTP/1.0" 404 1015
23.238.19.76 - - [29/Oct/2014:03:00:19 -0500] "GET /re1/Que%20es/Plan%20comunicaciones/publicos/?C=S;O=D HTTP/1.0" 404 1015
66.249.64.163 - - [29/Oct/2014:03:00:22 -0500] "GET /BLA/resoluciones/RESOLUCIONES%202010/4196.pdf HTTP/1.1" 200 381611
23.238.19.76 - - [29/Oct/2014:03:00:23 -0500] "GET /re1/Que%20es/Plan%20operativo/fase%20capacitacion/?C=N;O=A HTTP/1.0" 404 1015
23.238.19.76 - - [29/Oct/2014:03:00:26 -0500] "GET /re1/Que%20es/Plan%20operativo/fase%20capacitacion/?C=S;O=D HTTP/1.0" 404 1015
66.249.64.163 - - [29/Oct/2014:03:00:29 -0500] "GET /BLA/resoluciones/RESOLUCIONES%202009/4355.pdf HTTP/1.1" 200 50814
23.238.19.76 - - [29/Oct/2014:03:00:29 -0500] "GET /re1/Que%20es/Plan%20operativo/fase%20recoleccion/?C=N;O=A HTTP/1.0" 404 1015
23.238.19.76 - - [29/Oct/2014:03:00:32 -0500] "GET /re1/Que%20es/Plan%20operativo/fase%20recoleccion/?C=S;O=D HTTP/1.0" 404 1015
66.249.64.167 - - [29/Oct/2014:03:00:35 -0500] "GET /BLA/resoluciones/RESOLUCIONES%202010/3410.pdf HTTP/1.1" 200 317360
23.238.19.76 - - [29/Oct/2014:03:00:36 -0500] "GET /re1/Que%20es/Talleres/metales/?C=N;O=A HTTP/1.0" 404 1015
23.238.19.76 - - [29/Oct/2014:03:00:41 -0500] "GET /re1/Que%20es/Talleres/metales/?C=S;O=D HTTP/1.0" 404 1015
66.249.64.167 - - [29/Oct/2014:03:00:42 -0500] "GET /BLA/resoluciones/RESOLUCIONES%202010/1608.pdf HTTP/1.1" 200 1025253
23.238.19.76 - - [29/Oct/2014:03:00:44 -0500] "GET /re1/Que%20es/Talleres/plasticos/?C=N;O=A HTTP/1.0" 404 1015
66.249.64.163 - - [29/Oct/2014:03:00:46 -0500] "GET /BLA/resoluciones/AUTOS%202008/3471.pdf HTTP/1.1" 200 96278
23.238.19.76 - - [29/Oct/2014:03:00:48 -0500] "GET /re1/Que%20es/Talleres/plasticos/?C=S;O=D HTTP/1.0" 404 1015
201.245.192.253 - - [29/Oct/2014:03:00:48 -0500] "GET /BLA/boletinlegal/notificaciones.php HTTP/1.1" 200 23027
66.249.64.171 - - [29/Oct/2014:03:00:49 -0500] "GET /BLA/resoluciones/AUTOS%202008/1336.pdf HTTP/1.1" 200 169283
23.238.19.76 - - [29/Oct/2014:03:00:51 -0500] "GET /re1/Que%20es/Talleres/residuos%20organicos/?C=N;O=A HTTP/1.0" 404 1015
23.238.19.76 - - [29/Oct/2014:03:00:54 -0500] "GET /re1/Que%20es/Talleres/residuos%20organicos/?C=S;O=D HTTP/1.0" 404 1015
66.249.64.171 - - [29/Oct/2014:03:00:56 -0500] "GET /BLA/resoluciones/AUTOS%202007/2504.pdf HTTP/1.1" 200 139604
23.238.19.76 - - [29/Oct/2014:03:00:57 -0500] "GET /re1/Que%20es/Talleres/vidrio/?C=N;O=A HTTP/1.0" 404 1015
74.86.158.107 - - [29/Oct/2014:03:00:59 -0500] "HEAD / HTTP/1.1" 302 -
23.238.19.76 - - [29/Oct/2014:03:01:00 -0500] "GET /re1/Que%20es/Talleres/vidrio/?C=S;O=D HTTP/1.0" 404 1015
66.249.64.171 - - [29/Oct/2014:03:01:03 -0500] "GET /BLA/resoluciones/RESOLUCIONES%202008/5638.pdf HTTP/1.1" 200 228007
23.238.19.76 - - [29/Oct/2014:03:01:04 -0500] "GET /sinmi1/sinmimap1.htm HTTP/1.0" 404 1015
23.238.19.76 - - [29/Oct/2014:03:01:07 -0500] "GET /robots.txt HTTP/1.0" 404 1019
66.249.64.171 - - [29/Oct/2014:03:01:09 -0500] "GET /BLA/resoluciones/AUTOS%202008/2599.pdf HTTP/1.1" 200 90800
23.238.19.76 - - [29/Oct/2014:03:01:10 -0500] "GET /?C=D;O=A HTTP/1.0" 302 -
186.29.65.40 - - [29/Oct/2014:03:01:12 -0500] "GET /BLA/boletinlegal/js/jquery.js HTTP/1.1" 200 57254
186.29.65.40 - - [29/Oct/2014:03:01:12 -0500] "GET /BLA/boletinlegal/js/jquery.scrollTo-min.js HTTP/1.1" 200 1150
186.29.65.40 - - [29/Oct/2014:03:01:12 -0500] "GET /BLA/boletinlegal/js/jquery.scrollShow.js HTTP/1.1" 200 4586
180.76.6.45 - - [29/Oct/2014:03:01:15 -0500] "GET /BLA/resoluciones/AUTOS%202010/4861.pdf HTTP/1.1" 200 185671
66.249.64.167 - - [29/Oct/2014:03:01:16 -0500] "GET /BLA/resoluciones/RESOLUCIONES%202009/5857.pdf HTTP/1.1" 200 48906
23.238.19.76 - - [29/Oct/2014:03:01:22 -0500] "GET /?C=M;O=A HTTP/1.0" 302 -
66.249.64.171 - - [29/Oct/2014:03:01:23 -0500] "GET /BLA/resoluciones/RESOLUCIONES%202010/4093.pdf HTTP/1.1" 200 349590
66.249.64.163 - - [29/Oct/2014:03:01:30 -0500] "GET /BLA/resoluciones/RESOLUCIONES%202009/5574.pdf HTTP/1.1" 200 130516
23.238.19.76 - - [29/Oct/2014:03:01:31 -0500] "GET /?C=N;O=D HTTP/1.0" 302 -
66.249.64.167 - - [29/Oct/2014:03:01:37 -0500] "GET /BLA/resoluciones/RESOLUCIONES%202008/2624.pdf HTTP/1.1" 200 244302
23.238.19.76 - - [29/Oct/2014:03:01:41 -0500] "GET /?C=S;O=A HTTP/1.0" 302 -
66.249.64.163 - - [29/Oct/2014:03:01:44 -0500] "GET /BLA/resoluciones/RESOLUCIONES%202010/1185.pdf HTTP/1.1" 200 96897
66.249.64.167 - - [29/Oct/2014:03:01:50 -0500] "GET /BLA/resoluciones/RESOLUCIONES%202009/1998.pdf HTTP/1.1" 200 741940
23.238.19.76 - - [29/Oct/2014:03:01:52 -0500] "GET /Anexos%20estudio%20Organizacional%20SDA/index.php?dir=&sort=date&order=asc HTTP/1.0" 200 5840
180.76.5.25 - - [29/Oct/2014:03:01:55 -0500] "GET /BLA/resoluciones/AUTOS%202010/0873.pdf HTTP/1.1" 200 291232
23.238.19.76 - - [29/Oct/2014:03:01:56 -0500] "GET /Anexos%20estudio%20Organizacional%20SDA/index.php?dir=&sort=size&order=asc HTTP/1.0" 200 5840
66.249.64.171 - - [29/Oct/2014:03:01:57 -0500] "GET /BLA/resoluciones/RESOLUCIONES%202009/0664.pdf HTTP/1.1" 200 209613
23.238.19.76 - - [29/Oct/2014:03:02:00 -0500] "GET /Anexos%20estudio%20Organizacional%20SDA/index.php?dir=ANEXO%20No.%201-%20NORMAS%20LEGALES%20DE%20ESTRUCTURA%20Y%20PLANTA/ HTTP/1.0" 200 11016
23.238.19.76 - - [29/Oct/2014:03:02:04 -0500] "GET /Anexos%20estudio%20Organizacional%20SDA/index.php?dir=ANEXO%20No.%2010%20-%20COSTO%20DETALLADO%20PLANTA%20DE%20CARGOS%20ACTUAL/ HTTP/1.0" 200 2421
66.249.64.171 - - [29/Oct/2014:03:02:04 -0500] "GET /BLA/resoluciones/AUTOS%202009/1556.pdf HTTP/1.1" 200 125432
201.245.192.253 - - [29/Oct/2014:03:02:05 -0500] "GET /forestReports/webcontent/birt/admin/img/loading.gif HTTP/1.1" 304 -
23.238.19.76 - - [29/Oct/2014:03:02:08 -0500] "GET /Anexos%20estudio%20Organizacional%20SDA/index.php?dir=ANEXO%20No.%202%20-%20EJECUCIONES%20PRESUPUESTALES%202008-2011%20Y%20PRESUPUESTO%202012/ HTTP/1.0" 200 3708
23.238.19.76 - - [29/Oct/2014:03:02:11 -0500] "GET /Anexos%20estudio%20Organizacional%20SDA/index.php?dir=ANEXO%20No.%205%20-%20ESTUDIO%20Y%20PROPUESTA%20SERAMB%20IENTE/ HTTP/1.0" 200 3623
66.249.64.163 - - [29/Oct/2014:03:02:11 -0500] "GET /BLA/resoluciones/AUTOS%202007/1872.pdf HTTP/1.1" 200 241626
23.238.19.76 - - [29/Oct/2014:03:02:14 -0500] "GET /Anexos%20estudio%20Organizacional%20SDA/index.php?dir=ANEXO%20No.%207%20-%20PROYECTO%20DE%20DECRETO%20MODIFICATORIO%20DE%20ESTRUCTURA%20DE%20LA%20SDA/ HTTP/1.0" 200 2594
23.238.19.76 - - [29/Oct/2014:03:02:17 -0500] "GET /Anexos%20estudio%20Organizacional%20SDA/index.php?dir=ANEXO%20No.11-PROYECTO%20DE%20DECRETO%20MODIFICATORIO%20PLANTA%20DE%20CARGOS%20SDA/ HTTP/1.0" 200 2569
66.249.64.167 - - [29/Oct/2014:03:02:18 -0500] "GET /BLA/resoluciones/RESOLUCIONES%202009/2889.pdf HTTP/1.1" 200 378711
23.238.19.76 - - [29/Oct/2014:03:02:19 -0500] "GET /Anexos%20estudio%20Organizacional%20SDA/index.php?dir=ANEXO%20No.12-PROYECTO%20ACTUALIZACION%20MANUAL%20DE%20FUNCIONES%20SDA/ HTTP/1.0" 200 2515
23.238.19.76 - - [29/Oct/2014:03:02:23 -0500] "GET /Autoliquidacion/index.php?dir=Cobro%20Clasificacion%20Uso%20De%20Vivenda%20En%20Suelo%20Restringido/ HTTP/1.0" 200 3220
66.249.64.171 - - [29/Oct/2014:03:02:24 -0500] "GET /BLA/resoluciones/RESOLUCIONES%202010/0470.pdf HTTP/1.1" 200 113424
23.238.19.76 - - [29/Oct/2014:03:02:25 -0500] "GET /Autoliquidacion/index.php?dir=Fauna%20Silvestre/ HTTP/1.0" 200 3499
23.238.19.76 - - [29/Oct/2014:03:02:30 -0500] "GET /Autoliquidacion/index.php?dir=Grupo%20Forestal%20-%20Industria%20de%20la%20Madera/ HTTP/1.0" 200 7195
66.249.64.163 - - [29/Oct/2014:03:02:31 -0500] "GET /BLA/resoluciones/RESOLUCIONES%202010/1068.pdf HTTP/1.1" 200 94979
23.238.19.76 - - [29/Oct/2014:03:02:35 -0500] "GET /Autoliquidacion/index.php?dir=Grupo%20Forestal%20-%20Silvicultura/ HTTP/1.0" 200 5756
180.76.5.187 - - [29/Oct/2014:03:02:35 -0500] "GET /BLA/resoluciones/AUTOS%202009/2744.pdf HTTP/1.1" 200 76423
23.238.19.76 - - [29/Oct/2014:03:02:37 -0500] "GET /Autoliquidacion/index.php?dir=PERMISO%20DE%20OCUPACION%20DE%20SUELO/ HTTP/1.0" 200 2141
66.249.64.171 - - [29/Oct/2014:03:02:38 -0500] "GET /BLA/resoluciones/RESOLUCIONES%202009/2699.pdf HTTP/1.1" 200 485423
23.238.19.76 - - [29/Oct/2014:03:02:41 -0500] "GET /Autoliquidacion/index.php?dir=Plan%20de%20manejo%20ambiental%20para%20sitios%20de%20aprovechamiento%20y%20o%20disposicion%20final%20de%20escombros/ HTTP/1.0" 200 2548
23.238.19.76 - - [29/Oct/2014:03:02:44 -0500] "GET /FechasTraslado/?C=D;O=A HTTP/1.0" 404 1019
66.249.64.59 - - [29/Oct/2014:03:02:45 -0500] "GET /BLA/resoluciones/RESOLUCIONES%202010/5009.pdf HTTP/1.1" 200 753349
23.238.19.76 - - [29/Oct/2014:03:02:47 -0500] "GET /FechasTraslado/?C=M;O=A HTTP/1.0" 404 1019
23.238.19.76 - - [29/Oct/2014:03:02:51 -0500] "GET /FechasTraslado/?C=N;O=D HTTP/1.0" 404 1019
66.249.64.51 - - [29/Oct/2014:03:02:52 -0500] "GET /BLA/resoluciones/RESOLUCIONES%202008/3286.pdf HTTP/1.1" 200 238807
23.238.19.76 - - [29/Oct/2014:03:02:56 -0500] "GET /FechasTraslado/?C=S;O=A HTTP/1.0" 404 1019
23.238.19.76 - - [29/Oct/2014:03:02:58 -0500] "GET /Liliana/index.php HTTP/1.0" 404 1019
66.249.64.51 - - [29/Oct/2014:03:02:58 -0500] "GET /BLA/resoluciones/RESOLUCIONES%202009/5027.pdf HTTP/1.1" 200 651857
23.238.19.76 - - [29/Oct/2014:03:03:04 -0500] "GET /Liliana/index.php?dir=&sort=date&order=asc HTTP/1.0" 404 1019
66.249.64.55 - - [29/Oct/2014:03:03:05 -0500] "GET /BLA/resoluciones/RESOLUCIONES%202009/5553.pdf HTTP/1.1" 200 499811
23.238.19.76 - - [29/Oct/2014:03:03:07 -0500] "GET /Liliana/index.php?dir=&sort=name&order=desc HTTP/1.0" 404 1019
66.249.64.55 - - [29/Oct/2014:03:03:12 -0500] "GET /BLA/resoluciones/AUTOS%202009/3428.pdf HTTP/1.1" 200 97875
23.238.19.76 - - [29/Oct/2014:03:03:12 -0500] "GET /Liliana/index.php?dir=&sort=size&order=asc HTTP/1.0" 404 1019
23.238.19.76 - - [29/Oct/2014:03:03:15 -0500] "GET /MANUALFUNC/Thumbs.db HTTP/1.0" 404 1019
180.76.6.157 - - [29/Oct/2014:03:03:15 -0500] "GET /BLA/resoluciones/AUTOS%202011/3592.pdf HTTP/1.1" 200 232549
23.238.19.76 - - [29/Oct/2014:03:03:17 -0500] "GET /Manuales_Forest/?C=D;O=A HTTP/1.0" 404 1019
66.249.64.55 - - [29/Oct/2014:03:03:19 -0500] "GET /BLA/resoluciones/AUTOS%202008/0239.pdf HTTP/1.1" 200 97871
23.238.19.76 - - [29/Oct/2014:03:03:21 -0500] "GET /Manuales_Forest/?C=M;O=A HTTP/1.0" 404 1019
23.238.19.76 - - [29/Oct/2014:03:03:24 -0500] "GET /Manuales_Forest/?C=N;O=D HTTP/1.0" 404 1019
186.154.38.174 - - [29/Oct/2014:03:03:25 -0500] "GET /BLA/boletinlegal/js/jquery.js HTTP/1.1" 200 57254
186.154.38.174 - - [29/Oct/2014:03:03:25 -0500] "GET /BLA/boletinlegal/js/jquery.scrollTo-min.js HTTP/1.1" 200 1150
186.154.38.174 - - [29/Oct/2014:03:03:25 -0500] "GET /BLA/boletinlegal/js/jquery.scrollShow.js HTTP/1.1" 200 4586
66.249.64.55 - - [29/Oct/2014:03:03:26 -0500] "GET /BLA/resoluciones/RESOLUCIONES%202009/9551.pdf HTTP/1.1" 200 493089
23.238.19.76 - - [29/Oct/2014:03:03:27 -0500] "GET /Metadatos_final_2014/?C=D;O=A HTTP/1.0" 200 3490
201.245.192.253 - - [29/Oct/2014:03:03:28 -0500] "GET /forestReports/webcontent/birt/admin/css/report.css HTTP/1.1" 304 -
201.245.192.253 - - [29/Oct/2014:03:03:29 -0500] "GET /forestReports/webcontent/birt/admin/css/dtree.css HTTP/1.1" 304 -
23.238.19.76 - - [29/Oct/2014:03:03:31 -0500] "GET /Metadatos_final_2014/?C=M;O=A HTTP/1.0" 200 3490
66.249.64.51 - - [29/Oct/2014:03:03:33 -0500] "GET /BLA/resoluciones/AUTOS%202009/1784.pdf HTTP/1.1" 200 99102
23.238.19.76 - - [29/Oct/2014:03:03:35 -0500] "GET /Metadatos_final_2014/?C=N;O=D HTTP/1.0" 200 3490
23.238.19.76 - - [29/Oct/2014:03:03:38 -0500] "GET /Metadatos_final_2014/?C=S;O=A HTTP/1.0" 200 3490
66.249.64.59 - - [29/Oct/2014:03:03:39 -0500] "GET /BLA/resoluciones/RESOLUCIONES%202008/4998.pdf HTTP/1.1" 200 239854
23.238.19.76 - - [29/Oct/2014:03:03:42 -0500] "GET /Metadatos_final_2014/Agente_Part_Amb.xml HTTP/1.0" 200 32407
23.238.19.76 - - [29/Oct/2014:03:03:45 -0500] "GET /Metadatos_final_2014/Estacion_CalAgua.xml HTTP/1.0" 200 29752
66.249.64.163 - - [29/Oct/2014:03:03:46 -0500] "GET /BLA/resoluciones/AUTOS%202007/1827.pdf HTTP/1.1" 200 32259
23.238.19.76 - - [29/Oct/2014:03:03:47 -0500] "GET /Metadatos_final_2014/Gen_Respel_Hosp.xml HTTP/1.0" 200 32839
201.245.192.253 - - [29/Oct/2014:03:03:46 -0500] "GET /forestReports/webcontent/birt/admin/js/dtree.js HTTP/1.1" 304 -
23.238.19.76 - - [29/Oct/2014:03:03:50 -0500] "GET /Metadatos_final_2014/Gen_Respel_Indust.xml HTTP/1.0" 200 33121
66.249.64.171 - - [29/Oct/2014:03:03:53 -0500] "GET /BLA/resoluciones/RESOLUCIONES%202008/5722.pdf HTTP/1.1" 200 251702
23.238.19.76 - - [29/Oct/2014:03:03:55 -0500] "GET /Metadatos_final_2014/Proy_Const_Gen_RCD.xml HTTP/1.0" 200 31240
23.238.19.76 - - [29/Oct/2014:03:03:59 -0500] "GET /Metadatos_final_2014/Punto_Capt_Agua_Subte.xml HTTP/1.0" 200 32896
66.249.64.171 - - [29/Oct/2014:03:04:00 -0500] "GET /BLA/resoluciones/RESOLUCIONES%202009/8059.pdf HTTP/1.1" 200 121096
23.238.19.76 - - [29/Oct/2014:03:04:01 -0500] "GET /Metadatos_final_2014/Punto_Capt_Agua_Superf.xml HTTP/1.0" 200 32481
23.238.19.76 - - [29/Oct/2014:03:04:04 -0500] "GET /Metadatos_final_2014/Punto_Descarga_Directa_Fuentes_Hidricas.xml HTTP/1.0" 200 33047
186.154.38.174 - - [29/Oct/2014:03:04:05 -0500] "GET /hidrico/aguas%20subterraneas/ HTTP/1.1" 404 1296
66.249.64.171 - - [29/Oct/2014:03:04:07 -0500] "GET /BLA/resoluciones/RESOLUCIONES%202008/3789.pdf HTTP/1.1" 200 88612
23.238.19.76 - - [29/Oct/2014:03:04:08 -0500] "GET /Metadatos_final_2014/Rio_Tramo_WQI.xml HTTP/1.0" 200 31554
23.238.19.76 - - [29/Oct/2014:03:04:11 -0500] "GET /Metadatos_final_2014/Servicio_WMS_WQI.xml HTTP/1.0" 200 22438
66.249.64.167 - - [29/Oct/2014:03:04:13 -0500] "GET /BLA/resoluciones/AUTOS%202009/0364.pdf HTTP/1.1" 200 370605
23.238.19.76 - - [29/Oct/2014:03:04:15 -0500] "GET /Metadatos_final_2014/Situacion_Amb_Conflict.xml HTTP/1.0" 200 33244
23.238.19.76 - - [29/Oct/2014:03:04:19 -0500] "GET /Metadatos_final_2014/Valla.xml HTTP/1.0" 200 34071
66.249.64.171 - - [29/Oct/2014:03:04:20 -0500] "GET /BLA/resoluciones/RESOLUCIONES%202009/8729.pdf HTTP/1.1" 200 559955
23.238.19.76 - - [29/Oct/2014:03:04:22 -0500] "GET /NotiCI/?C=N;O=D HTTP/1.0" 404 1019
23.238.19.76 - - [29/Oct/2014:03:04:24 -0500] "GET /Nuevo%20Documento%20de%20texto.txt HTTP/1.0" 404 1019
201.245.192.253 - - [29/Oct/2014:03:04:25 -0500] "GET /forestReports/webcontent/birt/admin/js/yui/fonts-min.css HTTP/1.1" 304 -
23.238.19.76 - - [29/Oct/2014:03:04:27 -0500] "GET /PORTAL_SIAC/?C=D;O=A HTTP/1.0" 200 1219
66.249.64.171 - - [29/Oct/2014:03:04:27 -0500] "GET /BLA/resoluciones/RESOLUCIONES%202009/5383.pdf HTTP/1.1" 200 591963
201.245.192.253 - - [29/Oct/2014:03:04:28 -0500] "GET /forestReports/webcontent/birt/admin/img/refresh.png HTTP/1.1" 304 -
23.238.19.76 - - [29/Oct/2014:03:04:29 -0500] "GET /PORTAL_SIAC/?C=M;O=A HTTP/1.0" 200 1219
23.238.19.76 - - [29/Oct/2014:03:04:32 -0500] "GET /PORTAL_SIAC/?C=S;O=A HTTP/1.0" 200 1219
66.249.64.167 - - [29/Oct/2014:03:04:34 -0500] "GET /BLA/resoluciones/RESOLUCIONES%202009/9111.pdf HTTP/1.1" 200 479396
23.238.19.76 - - [29/Oct/2014:03:04:35 -0500] "GET /POT-2013/index.php HTTP/1.0" 200 2679
23.238.19.76 - - [29/Oct/2014:03:04:38 -0500] "GET /POT-2013/index.php?dir=&sort=date&order=asc HTTP/1.0" 200 2679
66.249.64.171 - - [29/Oct/2014:03:04:41 -0500] "GET /BLA/resoluciones/AUTOS%202009/1736.pdf HTTP/1.1" 200 99750
23.238.19.76 - - [29/Oct/2014:03:04:42 -0500] "GET /POT-2013/index.php?dir=&sort=name&order=desc HTTP/1.0" 200 2678
23.238.19.76 - - [29/Oct/2014:03:04:45 -0500] "GET /POT-2013/index.php?dir=&sort=size&order=asc HTTP/1.0" 200 2679
23.238.19.76 - - [29/Oct/2014:03:04:47 -0500] "GET /POT-2013/index.php?dir=Articulado/ HTTP/1.0" 200 1857
66.249.64.163 - - [29/Oct/2014:03:04:47 -0500] "GET /BLA/resoluciones/RESOLUCIONES%202009/5771.pdf HTTP/1.1" 200 985417
23.238.19.76 - - [29/Oct/2014:03:04:51 -0500] "GET /POT-2013/index.php?dir=Cartografia/ HTTP/1.0" 200 11465
23.238.19.76 - - [29/Oct/2014:03:04:52 -0500] "GET /POT-2013/index.php?dir=DTS/ HTTP/1.0" 200 1771
66.249.64.163 - - [29/Oct/2014:03:04:54 -0500] "GET /BLA/resoluciones/AUTOS%202009/1190.pdf HTTP/1.1" 200 124110
23.238.19.76 - - [29/Oct/2014:03:04:57 -0500] "GET /POT-2013/index.php?dir=SEGUIMIENTO/ HTTP/1.0" 200 2147
23.238.19.76 - - [29/Oct/2014:03:04:59 -0500] "GET /POT-2013/index.php?dir=expediente/ HTTP/1.0" 200 1903
66.249.64.171 - - [29/Oct/2014:03:05:01 -0500] "GET /BLA/resoluciones/AUTOS%202008/3360.pdf HTTP/1.1" 200 101466
23.238.19.76 - - [29/Oct/2014:03:05:02 -0500] "GET /POT-2013/index.php?dir=memoria%20justificativa/ HTTP/1.0" 200 2484
23.238.19.76 - - [29/Oct/2014:03:05:04 -0500] "GET /PruebasSTORM/?C=N;O=D HTTP/1.0" 200 1843
23.238.19.76 - - [29/Oct/2014:03:05:06 -0500] "GET /PruebasSTORM/?C=S;O=A HTTP/1.0" 200 1843
66.249.64.167 - - [29/Oct/2014:03:05:08 -0500] "GET /BLA/resoluciones/RESOLUCIONES%202008/4892.pdf HTTP/1.1" 200 261013
23.238.19.76 - - [29/Oct/2014:03:05:09 -0500] "GET /SQLyogTunnel.php HTTP/1.0" 404 1019
23.238.19.76 - - [29/Oct/2014:03:05:11 -0500] "GET /access.log HTTP/1.0" 404 1019
66.249.64.167 - - [29/Oct/2014:03:05:15 -0500] "GET /BLA/resoluciones/RESOLUCIONES%202009/9673.pdf HTTP/1.1" 200 494896
23.238.19.76 - - [29/Oct/2014:03:05:15 -0500] "GET /auntentica.txt HTTP/1.0" 404 1019
23.238.19.76 - - [29/Oct/2014:03:05:18 -0500] "GET /calendar.php HTTP/1.0" 404 1019
23.238.19.76 - - [29/Oct/2014:03:05:21 -0500] "GET /contentflow.js HTTP/1.0" 404 1019
23.238.19.76 - - [29/Oct/2014:03:05:25 -0500] "GET /css/?C=S;O=A HTTP/1.0" 404 1019
23.238.19.76 - - [29/Oct/2014:03:05:28 -0500] "GET /css/estilos.css HTTP/1.0" 404 1019
23.238.19.76 - - [29/Oct/2014:03:05:34 -0500] "GET /dama/?C=D;O=A HTTP/1.0" 404 1019
23.238.19.76 - - [29/Oct/2014:03:05:36 -0500] "GET /dama/?C=M;O=A HTTP/1.0" 404 1019
23.238.19.76 - - [29/Oct/2014:03:05:38 -0500] "GET /dama/?C=N;O=D HTTP/1.0" 404 1019
23.238.19.76 - - [29/Oct/2014:03:05:40 -0500] "GET /dama/?C=S;O=A HTTP/1.0" 404 1019
23.238.19.76 - - [29/Oct/2014:03:05:43 -0500] "GET /documentos/?C=D;O=A HTTP/1.0" 404 1019
23.238.19.76 - - [29/Oct/2014:03:05:46 -0500] "GET /documentos/?C=M;O=A HTTP/1.0" 404 1019
23.238.19.76 - - [29/Oct/2014:03:05:49 -0500] "GET /documentos/?C=S;O=A HTTP/1.0" 404 1019
23.238.19.76 - - [29/Oct/2014:03:05:51 -0500] "GET /documentosIntranet/?C=D;O=A HTTP/1.0" 404 1019
23.238.19.76 - - [29/Oct/2014:03:05:54 -0500] "GET /documentosIntranet/?C=M;O=A HTTP/1.0" 404 1019
23.238.19.76 - - [29/Oct/2014:03:05:59 -0500] "GET /dos.php HTTP/1.0" 404 1019
74.86.158.107 - - [29/Oct/2014:03:05:59 -0500] "HEAD / HTTP/1.1" 302 -
23.238.19.76 - - [29/Oct/2014:03:06:01 -0500] "GET /emsproxy.php HTTP/1.0" 404 1019
23.238.19.76 - - [29/Oct/2014:03:06:05 -0500] "GET /enviamail.php HTTP/1.0" 404 1019
23.238.19.76 - - [29/Oct/2014:03:06:08 -0500] "GET /even2/?C=D;O=A HTTP/1.0" 404 1019
23.238.19.76 - - [29/Oct/2014:03:06:12 -0500] "GET /even2/?C=M;O=A HTTP/1.0" 404 1019
201.245.192.253 - - [29/Oct/2014:03:06:15 -0500] "GET /forestReports/webcontent/birt/admin/css/images/magnifier.png HTTP/1.1" 304 -
23.238.19.76 - - [29/Oct/2014:03:06:17 -0500] "GET /fabian/?C=N;O=D HTTP/1.0" 404 1019
23.238.19.76 - - [29/Oct/2014:03:06:19 -0500] "GET /fabian/?C=S;O=A HTTP/1.0" 404 1019
23.238.19.76 - - [29/Oct/2014:03:06:22 -0500] "GET /fabian/error.log HTTP/1.0" 404 1019
23.238.19.76 - - [29/Oct/2014:03:06:25 -0500] "GET /fur/?C=D;O=A HTTP/1.0" 404 1019
23.238.19.76 - - [29/Oct/2014:03:06:29 -0500] "GET /fur/?C=M;O=A HTTP/1.0" 404 1019
23.238.19.76 - - [29/Oct/2014:03:06:32 -0500] "GET /galeria/?C=N;O=D HTTP/1.0" 200 2226
23.238.19.76 - - [29/Oct/2014:03:06:35 -0500] "GET /galeria/?C=S;O=A HTTP/1.0" 200 2226
23.238.19.76 - - [29/Oct/2014:03:06:39 -0500] "GET /gallery2/?C=N;O=D HTTP/1.0" 404 1019
23.238.19.76 - - [29/Oct/2014:03:06:42 -0500] "GET /gallery2/?C=S;O=A HTTP/1.0" 404 1019
23.238.19.76 - - [29/Oct/2014:03:06:45 -0500] "GET /gestores/?C=D;O=A HTTP/1.0" 404 1019
23.238.19.76 - - [29/Oct/2014:03:06:47 -0500] "GET /gestores/?C=M;O=A HTTP/1.0" 404 1019
23.238.19.76 - - [29/Oct/2014:03:06:50 -0500] "GET /gfx/?C=D;O=A HTTP/1.0" 404 1019
23.238.19.76 - - [29/Oct/2014:03:06:52 -0500] "GET /gfx/?C=M;O=A HTTP/1.0" 404 1019
23.238.19.76 - - [29/Oct/2014:03:06:56 -0500] "GET /gracias.html HTTP/1.0" 404 1019
23.238.19.76 - - [29/Oct/2014:03:07:01 -0500] "GET /hidrico/?C=D;O=A HTTP/1.0" 404 1019
23.238.19.76 - - [29/Oct/2014:03:07:04 -0500] "GET /hidrico/?C=M;O=A HTTP/1.0" 404 1019
23.238.19.76 - - [29/Oct/2014:03:07:07 -0500] "GET /hidrico/?C=N;O=D HTTP/1.0" 404 1019
23.238.19.76 - - [29/Oct/2014:03:07:11 -0500] "GET /hidrico/?C=S;O=A HTTP/1.0" 404 1019
23.238.19.76 - - [29/Oct/2014:03:07:16 -0500] "GET /huelladecarbono/cambio_climatico.html HTTP/1.0" 404 1019
23.238.19.76 - - [29/Oct/2014:03:07:18 -0500] "GET /huelladecarbono/descargas.html HTTP/1.0" 404 1019
23.238.19.76 - - [29/Oct/2014:03:07:21 -0500] "GET /huelladecarbono/huella_carbono.html HTTP/1.0" 404 1019
66.249.64.163 - - [29/Oct/2014:03:07:22 -0500] "GET /BLA/resoluciones/AUTOS%202009/3550.pdf HTTP/1.1" 200 147488
66.249.64.171 - - [29/Oct/2014:03:07:23 -0500] "GET /BLA/resoluciones/RESOLUCIONES%202009/4271.pdf HTTP/1.1" 200 498899
23.238.19.76 - - [29/Oct/2014:03:07:25 -0500] "GET /huelladecarbono/index.html HTTP/1.0" 404 1019
66.249.64.167 - - [29/Oct/2014:03:07:25 -0500] "GET /BLA/resoluciones/RESOLUCIONES%202010/4218.pdf HTTP/1.1" 200 145612
66.249.64.163 - - [29/Oct/2014:03:07:27 -0500] "GET /BLA/resoluciones/AUTOS%202008/2504.pdf HTTP/1.1" 200 165475
23.238.19.76 - - [29/Oct/2014:03:07:28 -0500] "GET /huelladecarbono/soluciones.html HTTP/1.0" 404 1019
66.249.64.171 - - [29/Oct/2014:03:07:28 -0500] "GET /BLA/resoluciones/AUTOS%202007/2594.pdf HTTP/1.1" 200 215863
66.249.64.171 - - [29/Oct/2014:03:07:29 -0500] "GET /BLA/resoluciones/RESOLUCIONES%202008/2573.pdf HTTP/1.1" 200 198853
66.249.64.163 - - [29/Oct/2014:03:07:30 -0500] "GET /BLA/resoluciones/RESOLUCIONES%202010/7768.pdf HTTP/1.1" 200 67527
23.238.19.76 - - [29/Oct/2014:03:07:32 -0500] "GET /i2003/?C=D;O=A HTTP/1.0" 404 1019
66.249.64.171 - - [29/Oct/2014:03:07:32 -0500] "GET /BLA/resoluciones/AUTOS%202008/0546.pdf HTTP/1.1" 200 97727
23.238.19.76 - - [29/Oct/2014:03:07:35 -0500] "GET /i2003/?C=M;O=A HTTP/1.0" 404 1019
66.249.64.163 - - [29/Oct/2014:03:07:36 -0500] "GET /BLA/resoluciones/RESOLUCIONES%202009/4969.pdf HTTP/1.1" 200 351722
23.238.19.76 - - [29/Oct/2014:03:07:38 -0500] "GET /i2003/?C=N;O=D HTTP/1.0" 404 1019
66.249.64.167 - - [29/Oct/2014:03:07:39 -0500] "GET /BLA/resoluciones/AUTOS%202008/2260.pdf HTTP/1.1" 200 180536
23.238.19.76 - - [29/Oct/2014:03:07:41 -0500] "GET /i2003/?C=S;O=A HTTP/1.0" 404 1019
66.249.64.163 - - [29/Oct/2014:03:07:43 -0500] "GET /BLA/resoluciones/RESOLUCIONES%202009/0227.pdf HTTP/1.1" 200 205582
23.238.19.76 - - [29/Oct/2014:03:07:45 -0500] "GET /iboca/?C=D;O=A HTTP/1.0" 404 1019
23.238.19.76 - - [29/Oct/2014:03:07:47 -0500] "GET /iboca/?C=M;O=A HTTP/1.0" 404 1019
23.238.19.76 - - [29/Oct/2014:03:07:49 -0500] "GET /ideam/?C=D;O=A HTTP/1.0" 404 1019
66.249.64.167 - - [29/Oct/2014:03:07:49 -0500] "GET /BLA/resoluciones/RESOLUCIONES%202011/2080.pdf HTTP/1.1" 200 513256
23.238.19.76 - - [29/Oct/2014:03:07:52 -0500] "GET /ideam/?C=M;O=A HTTP/1.0" 404 1019
23.238.19.76 - - [29/Oct/2014:03:07:54 -0500] "GET /inc/?C=D;O=A HTTP/1.0" 404 1019
66.249.64.163 - - [29/Oct/2014:03:07:56 -0500] "GET /BLA/resoluciones/AUTOS%202007/1386.pdf HTTP/1.1" 200 28611
23.238.19.76 - - [29/Oct/2014:03:07:58 -0500] "GET /inc/?C=M;O=A HTTP/1.0" 404 1019
23.238.19.76 - - [29/Oct/2014:03:07:59 -0500] "GET /index-1.php HTTP/1.0" 404 1019
23.238.19.76 - - [29/Oct/2014:03:08:03 -0500] "GET /indexOriginal/ HTTP/1.0" 404 1019
66.249.64.163 - - [29/Oct/2014:03:08:05 -0500] "GET /BLA/resoluciones/RESOLUCIONES%202010/5291.pdf HTTP/1.1" 200 760507
23.238.19.76 - - [29/Oct/2014:03:08:06 -0500] "GET /indexOriginal.html HTTP/1.0" 404 1019
23.238.19.76 - - [29/Oct/2014:03:08:09 -0500] "GET /index_xampp.php HTTP/1.0" 404 1019
66.249.64.171 - - [29/Oct/2014:03:08:11 -0500] "GET /BLA/resoluciones/RESOLUCIONES%202011/0899.pdf HTTP/1.1" 200 544090
77.209.110.241 - - [29/Oct/2014:03:08:11 -0500] "GET /BLA/boletinlegal/js/jquery.scrollShow.js HTTP/1.1" 200 4586
77.209.110.241 - - [29/Oct/2014:03:08:11 -0500] "GET /BLA/boletinlegal/js/jquery.js HTTP/1.1" 200 57254
77.209.110.241 - - [29/Oct/2014:03:08:11 -0500] "GET /BLA/boletinlegal/js/jquery.scrollTo-min.js HTTP/1.1" 200 1150
23.238.19.76 - - [29/Oct/2014:03:08:12 -0500] "GET /indi/?C=D;O=A HTTP/1.0" 404 1019
77.209.110.241 - - [29/Oct/2014:03:08:14 -0500] "GET /hidrico/aguas%20subterraneas/ HTTP/1.1" 404 1296
23.238.19.76 - - [29/Oct/2014:03:08:15 -0500] "GET /indi/?C=M;O=A HTTP/1.0" 404 1019
66.249.64.167 - - [29/Oct/2014:03:08:17 -0500] "GET /BLA/resoluciones/RESOLUCIONES%202009/3628.pdf HTTP/1.1" 200 211452
23.238.19.76 - - [29/Oct/2014:03:08:18 -0500] "GET /indi/?C=N;O=D HTTP/1.0" 404 1019
23.238.19.76 - - [29/Oct/2014:03:08:22 -0500] "GET /manual_funciones_Listado/index.php HTTP/1.0" 404 1019
66.249.64.171 - - [29/Oct/2014:03:08:23 -0500] "GET /BLA/resoluciones/RESOLUCIONES%202010/0722.pdf HTTP/1.1" 200 103926
23.238.19.76 - - [29/Oct/2014:03:08:26 -0500] "GET /manual_funciones_Listado/index.php?dir=&sort=date&order=asc HTTP/1.0" 404 1019
23.238.19.76 - - [29/Oct/2014:03:08:28 -0500] "GET /manual_funciones_Listado/index.php?dir=&sort=name&order=desc HTTP/1.0" 404 1019
66.249.64.171 - - [29/Oct/2014:03:08:30 -0500] "GET /BLA/resoluciones/AUTOS%202008/0969.pdf HTTP/1.1" 200 153779
23.238.19.76 - - [29/Oct/2014:03:08:31 -0500] "GET /manual_funciones_Listado/index.php?dir=&sort=size&order=asc HTTP/1.0" 404 1019
23.238.19.76 - - [29/Oct/2014:03:08:34 -0500] "GET /mapa%20de%20riesgos/?C=D;O=A HTTP/1.0" 404 1019
23.238.19.76 - - [29/Oct/2014:03:08:37 -0500] "GET /mapa%20de%20riesgos/?C=M;O=A HTTP/1.0" 404 1019
66.249.64.171 - - [29/Oct/2014:03:08:37 -0500] "GET /BLA/resoluciones/RESOLUCIONES%202009/4233.pdf HTTP/1.1" 200 648586
23.238.19.76 - - [29/Oct/2014:03:08:40 -0500] "GET /mapa%20de%20riesgos/?C=N;O=D HTTP/1.0" 404 1019
23.238.19.76 - - [29/Oct/2014:03:08:42 -0500] "GET /mapa%20de%20riesgos/?C=S;O=A HTTP/1.0" 404 1019
66.249.64.163 - - [29/Oct/2014:03:08:44 -0500] "GET /BLA/resoluciones/AUTOS%202009/1344.pdf HTTP/1.1" 200 92458
23.238.19.76 - - [29/Oct/2014:03:08:45 -0500] "GET /mdl/?C=D;O=A HTTP/1.0" 404 1019
23.238.19.76 - - [29/Oct/2014:03:08:48 -0500] "GET /mdl/?C=M;O=A HTTP/1.0" 404 1019
66.249.64.167 - - [29/Oct/2014:03:08:51 -0500] "GET /BLA/resoluciones/RESOLUCIONES%202008/1267.pdf HTTP/1.1" 200 56439
23.238.19.76 - - [29/Oct/2014:03:08:52 -0500] "GET /mdl/?C=N;O=D HTTP/1.0" 404 1019
23.238.19.76 - - [29/Oct/2014:03:08:54 -0500] "GET /meci/?C=N;O=D HTTP/1.0" 404 1019
23.238.19.76 - - [29/Oct/2014:03:08:57 -0500] "GET /meci/?C=S;O=A HTTP/1.0" 404 1019
66.249.64.167 - - [29/Oct/2014:03:08:57 -0500] "GET /BLA/resoluciones/RESOLUCIONES%202009/6307.pdf HTTP/1.1" 200 253372
23.238.19.76 - - [29/Oct/2014:03:09:02 -0500] "GET /menu/?C=D;O=A HTTP/1.0" 404 1019
66.249.64.167 - - [29/Oct/2014:03:09:04 -0500] "GET /BLA/resoluciones/RESOLUCIONES%202009/5336.pdf HTTP/1.1" 200 418974
23.238.19.76 - - [29/Oct/2014:03:09:05 -0500] "GET /menu/?C=M;O=A HTTP/1.0" 404 1019
23.238.19.76 - - [29/Oct/2014:03:09:08 -0500] "GET /menu/?C=N;O=D HTTP/1.0" 404 1019
66.249.64.163 - - [29/Oct/2014:03:09:11 -0500] "GET /BLA/resoluciones/RESOLUCIONES%202010/0816.pdf HTTP/1.1" 200 103702
23.238.19.76 - - [29/Oct/2014:03:09:14 -0500] "GET /menu/?C=S;O=A HTTP/1.0" 404 1019
23.238.19.76 - - [29/Oct/2014:03:09:18 -0500] "GET /monitor/?C=D;O=A HTTP/1.0" 404 1019
66.249.64.171 - - [29/Oct/2014:03:09:18 -0500] "GET /BLA/resoluciones/RESOLUCIONES%202009/1653.pdf HTTP/1.1" 200 420410
180.76.6.132 - - [29/Oct/2014:03:09:20 -0500] "GET /BLA/resoluciones/AUTOS%202012/1855.pdf HTTP/1.1" 200 262761
23.238.19.76 - - [29/Oct/2014:03:09:22 -0500] "GET /monitor/?C=M;O=A HTTP/1.0" 404 1019
66.249.64.163 - - [29/Oct/2014:03:09:25 -0500] "GET /BLA/resoluciones/AUTOS%202008/0974.pdf HTTP/1.1" 200 93319
23.238.19.76 - - [29/Oct/2014:03:09:26 -0500] "GET /monitor/?C=N;O=D HTTP/1.0" 404 1019
23.238.19.76 - - [29/Oct/2014:03:09:31 -0500] "GET /monitor/?C=S;O=A HTTP/1.0" 404 1019
66.249.64.171 - - [29/Oct/2014:03:09:32 -0500] "GET /BLA/resoluciones/RESOLUCIONES%202009/2450.pdf HTTP/1.1" 200 377447
23.238.19.76 - - [29/Oct/2014:03:09:34 -0500] "GET /musgo/?C=D;O=A HTTP/1.0" 404 1019
23.238.19.76 - - [29/Oct/2014:03:09:37 -0500] "GET /musgo/?C=M;O=A HTTP/1.0" 404 1019
66.249.64.163 - - [29/Oct/2014:03:09:38 -0500] "GET /BLA/resoluciones/RESOLUCIONES%202009/7449.pdf HTTP/1.1" 200 268501
23.238.19.76 - - [29/Oct/2014:03:09:40 -0500] "GET /musgo/?C=N;O=D HTTP/1.0" 404 1019
23.238.19.76 - - [29/Oct/2014:03:09:44 -0500] "GET /musgo/?C=S;O=A HTTP/1.0" 404 1019
66.249.64.167 - - [29/Oct/2014:03:09:45 -0500] "GET /BLA/resoluciones/AUTOS%202008/1121.pdf HTTP/1.1" 200 166990
23.238.19.76 - - [29/Oct/2014:03:09:47 -0500] "GET /musgo/Thumbs.db HTTP/1.0" 404 1019
23.238.19.76 - - [29/Oct/2014:03:09:49 -0500] "GET /noticias/?C=S;O=A HTTP/1.0" 404 1019
23.238.19.76 - - [29/Oct/2014:03:09:51 -0500] "GET /noticias/jquery.nivo.slider.js HTTP/1.0" 404 1019
