201.245.192.253 - - [29/Oct/2014:07:16:38 -0500] "GET /isolucionsda/BarraFavoritos.asp HTTP/1.1" 200 911
201.245.192.253 - - [29/Oct/2014:07:16:38 -0500] "GET /isolucionsda/Session.asp?Continue=1 HTTP/1.1" 200 6324
201.245.192.253 - - [29/Oct/2014:07:16:40 -0500] "GET /isolucionsda/FrameSetGeneral.asp?Pagina=ListadoMaestroDocumentos3.asp HTTP/1.1" 200 6634
201.245.192.253 - - [29/Oct/2014:07:16:40 -0500] "GET /isolucionsda/Encabezado.asp?Pagina=ListadoMaestroDocumentos3.asp HTTP/1.1" 200 15364
201.245.192.253 - - [29/Oct/2014:07:16:40 -0500] "GET /isolucionsda/BarraTitulos.asp?Pagina=ListadoMaestroDocumentos3.asp HTTP/1.1" 200 6985
201.245.192.253 - - [29/Oct/2014:07:16:40 -0500] "GET /isolucionsda/ListadoMaestroDocumentos3.asp?Pagina=ListadoMaestroDocumentos3.asp HTTP/1.1" 200 11467
201.245.192.253 - - [29/Oct/2014:07:16:40 -0500] "GET /isolucionsda/BarraFavoritos.asp HTTP/1.1" 200 911
201.245.192.253 - - [29/Oct/2014:07:16:40 -0500] "GET /isolucionsda/Session.asp?Continue=1 HTTP/1.1" 200 6324
66.249.64.167 - - [29/Oct/2014:07:16:40 -0500] "GET /BLA/resoluciones/RESOLUCIONES%202010/0151.pdf HTTP/1.1" 200 105824
66.249.64.167 - - [29/Oct/2014:07:16:45 -0500] "GET /BLA/resoluciones/AUTOS%202011/1300.pdf HTTP/1.1" 200 160787
201.245.192.253 - - [29/Oct/2014:07:16:49 -0500] "POST /isolucionsda/ListadoMaestroDocumentos3.asp HTTP/1.1" 200 13435
66.249.64.163 - - [29/Oct/2014:07:16:49 -0500] "GET /BLA/resoluciones/AUTOS%202011/3889.pdf HTTP/1.1" 200 180597
66.249.64.163 - - [29/Oct/2014:07:16:53 -0500] "GET /BLA/resoluciones/AUTOS%202011/3006.pdf HTTP/1.1" 200 123829
201.245.192.253 - - [29/Oct/2014:07:16:56 -0500] "GET /isolucionsda/FramesetArticulo.asp?Pagina=bancoconocimiento%2FA%2FActadeReunionyRelaciondeAsistencia%5Fv7%2FActadeReunionyRelaciondeAsistencia%5Fv7%2Easp&IdArticulo=7882 HTTP/1.1" 200 7381
201.245.192.253 - - [29/Oct/2014:07:16:56 -0500] "GET /isolucionsda/Arriba.asp?Pagina=bancoconocimiento%2FA%2FActadeReunionyRelaciondeAsistencia%5Fv7%2FActadeReunionyRelaciondeAsistencia%5Fv7%2Easp&IdArticulo=7882 HTTP/1.1" 200 10602
201.245.192.253 - - [29/Oct/2014:07:16:56 -0500] "GET /isolucionsda/bancoconocimiento/A/ActadeReunionyRelaciondeAsistencia_v7/ActadeReunionyRelaciondeAsistencia_v7.asp?IdArticulo=7882 HTTP/1.1" 302 186
66.249.64.171 - - [29/Oct/2014:07:16:57 -0500] "GET /BLA/resoluciones/AUTOS%202011/6263.pdf HTTP/1.1" 200 218626
190.66.103.253 - - [29/Oct/2014:07:17:01 -0500] "GET /BLA/boletinlegal/js/jquery.js HTTP/1.1" 200 57254
190.66.103.253 - - [29/Oct/2014:07:17:01 -0500] "GET /BLA/boletinlegal/js/jquery.scrollTo-min.js HTTP/1.1" 200 1150
190.66.103.253 - - [29/Oct/2014:07:17:01 -0500] "GET /BLA/boletinlegal/js/jquery.scrollShow.js HTTP/1.1" 200 4586
190.66.103.253 - - [29/Oct/2014:07:17:01 -0500] "GET /galeria/carrusel/Carrusel/jquery.thumbnailScroller.css HTTP/1.1" 200 2066
66.249.64.167 - - [29/Oct/2014:07:17:02 -0500] "GET /BLA/resoluciones/AUTOS%202011/6425.pdf HTTP/1.1" 200 152770
201.245.192.253 - - [29/Oct/2014:07:17:04 -0500] "GET /BLA/boletinlegal/js/jquery.js HTTP/1.1" 304 -
201.245.192.253 - - [29/Oct/2014:07:17:04 -0500] "GET /BLA/boletinlegal/js/jquery.scrollShow.js HTTP/1.1" 304 -
66.249.64.167 - - [29/Oct/2014:07:17:06 -0500] "GET /BLA/resoluciones/RESOLUCIONES%202009/2177.pdf HTTP/1.1" 200 605689
201.245.192.253 - - [29/Oct/2014:07:17:07 -0500] "GET /BLA/boletinlegal/js/jquery.scrollTo-min.js HTTP/1.1" 304 -
66.249.64.171 - - [29/Oct/2014:07:17:10 -0500] "GET /BLA/resoluciones/RESOLUCIONES%202009/1048.pdf HTTP/1.1" 200 213338
66.249.64.167 - - [29/Oct/2014:07:17:14 -0500] "GET /BLA/resoluciones/AUTOS%202011/2488.pdf HTTP/1.1" 200 166749
190.66.103.253 - - [29/Oct/2014:07:17:15 -0500] "GET /videos/Video_ServidorMesRespons.flv HTTP/1.1" 200 40732342
66.249.64.167 - - [29/Oct/2014:07:17:18 -0500] "GET /BLA/resoluciones/AUTOS%202011/1272.pdf HTTP/1.1" 200 195891
100.43.90.9 - - [29/Oct/2014:07:17:19 -0500] "GET /POT-2013/Cartografia/35_cat_suelo_rural.pdf HTTP/1.1" 200 2648865
180.76.6.155 - - [29/Oct/2014:07:17:19 -0500] "GET /BLA/resoluciones/AUTOS%202009/0975.pdf HTTP/1.1" 200 114014
66.249.64.163 - - [29/Oct/2014:07:17:23 -0500] "GET /BLA/resoluciones/AUTOS%202011/5330.pdf HTTP/1.1" 200 258371
200.69.105.200 - - [29/Oct/2014:07:17:23 -0500] "GET /BLA/boletinlegal/js/jquery.scrollTo-min.js HTTP/1.1" 200 1150
200.69.105.200 - - [29/Oct/2014:07:17:23 -0500] "GET /BLA/boletinlegal/js/jquery.scrollShow.js HTTP/1.1" 304 -
200.69.105.200 - - [29/Oct/2014:07:17:23 -0500] "GET /BLA/boletinlegal/js/jquery.js HTTP/1.1" 304 -
200.69.105.200 - - [29/Oct/2014:07:17:23 -0500] "GET /galeria/carrusel/Carrusel/jquery.thumbnailScroller.css HTTP/1.1" 304 -
200.69.105.200 - - [29/Oct/2014:07:17:23 -0500] "GET /galeria/carrusel/Carrusel/jquery-ui-1.8.13.custom.min.js HTTP/1.1" 304 -
200.69.105.200 - - [29/Oct/2014:07:17:23 -0500] "GET /galeria/carrusel/Carrusel/jquery.thumbnailScroller.js HTTP/1.1" 304 -
200.69.105.200 - - [29/Oct/2014:07:17:23 -0500] "GET /galeria/nivo-slider/demo/demo.html HTTP/1.1" 200 3316
200.69.105.200 - - [29/Oct/2014:07:17:24 -0500] "GET /galeria/nivo-slider/themes/pascal/pascal.css HTTP/1.1" 304 -
200.69.105.200 - - [29/Oct/2014:07:17:24 -0500] "GET /galeria/nivo-slider/themes/orman/orman.css HTTP/1.1" 304 -
200.69.105.200 - - [29/Oct/2014:07:17:24 -0500] "GET /galeria/nivo-slider/demo/style.css HTTP/1.1" 304 -
200.69.105.200 - - [29/Oct/2014:07:17:24 -0500] "GET /galeria/nivo-slider/nivo-slider.css HTTP/1.1" 304 -
200.69.105.200 - - [29/Oct/2014:07:17:24 -0500] "GET /galeria/nivo-slider/themes/default/default.css HTTP/1.1" 304 -
200.69.105.200 - - [29/Oct/2014:07:17:24 -0500] "GET /galeria/nivo-slider/demo/images/porloshumedales.jpg HTTP/1.1" 200 351238
200.69.105.200 - - [29/Oct/2014:07:17:24 -0500] "GET /galeria/nivo-slider/jquery.nivo.slider.pack.js HTTP/1.1" 304 -
200.69.105.200 - - [29/Oct/2014:07:17:24 -0500] "GET /galeria/nivo-slider/demo/images/Tingua-azul.jpg HTTP/1.1" 304 -
200.69.105.200 - - [29/Oct/2014:07:17:24 -0500] "GET /galeria/nivo-slider/demo/images/bannerEcolecta3.jpg HTTP/1.1" 304 -
200.69.105.200 - - [29/Oct/2014:07:17:24 -0500] "GET /galeria/nivo-slider/demo/images/Banner-Caracol-Africano.jpg HTTP/1.1" 304 -
200.69.105.200 - - [29/Oct/2014:07:17:24 -0500] "GET /galeria/nivo-slider/demo/scripts/jquery-1.7.1.min.js HTTP/1.1" 304 -
200.69.105.200 - - [29/Oct/2014:07:17:24 -0500] "GET /galeria/nivo-slider/demo/images/banner-caballos.png HTTP/1.1" 304 -
200.69.105.200 - - [29/Oct/2014:07:17:24 -0500] "GET /galeria/nivo-slider/demo/images/Hacienda_Molinos.jpg HTTP/1.1" 304 -
200.69.105.200 - - [29/Oct/2014:07:17:24 -0500] "GET /galeria/nivo-slider/demo/images/banner-llantas2.jpg HTTP/1.1" 304 -
200.69.105.200 - - [29/Oct/2014:07:17:24 -0500] "GET /galeria/nivo-slider/demo/images/9Signos.jpg HTTP/1.1" 304 -
200.69.105.200 - - [29/Oct/2014:07:17:24 -0500] "GET /galeria/nivo-slider/demo/images/banner-redes.jpg HTTP/1.1" 304 -
200.69.105.200 - - [29/Oct/2014:07:17:24 -0500] "GET /galeria/nivo-slider/demo/images/mesTIC.jpg HTTP/1.1" 304 -
200.69.105.200 - - [29/Oct/2014:07:17:24 -0500] "GET /galeria/nivo-slider/demo/images/banner-aceite3.jpg HTTP/1.1" 304 -
200.69.105.200 - - [29/Oct/2014:07:17:24 -0500] "GET /galeria/nivo-slider/demo/images/4Simple_Slider.png HTTP/1.1" 304 -
200.69.105.200 - - [29/Oct/2014:07:17:24 -0500] "GET /galeria/nivo-slider/themes/default/loading.gif HTTP/1.1" 304 -
200.69.105.200 - - [29/Oct/2014:07:17:26 -0500] "GET /galeria/nivo-slider/themes/default/bullets.png HTTP/1.1" 304 -
200.69.105.200 - - [29/Oct/2014:07:17:26 -0500] "GET /galeria/nivo-slider/themes/default/arrows.png HTTP/1.1" 304 -
200.69.105.200 - - [29/Oct/2014:07:17:26 -0500] "GET /videos/Spot_Tinguas.flv HTTP/1.1" 200 2087054
201.245.192.253 - - [29/Oct/2014:07:17:26 -0500] "GET /plugins/like.php?action=recommend&app_id=127488674557&channel=http%3A%2F%2Fstatic.ak.facebook.com%2Fconnect%2Fxd_arbiter%2FehazDpFPEnK.js%3Fversion%3D41%23cb%3Df2c137f7ddd5ac%26domain%3Dwww.top24hd.com%26origin%3Dhttp%253A%252F%252Fwww.top24hd.com%252Ff2b5edb2ab54cf%26relation%3Dparent.parent&href=http%3A%2F%2Fwww.escuchemos.com%2F%3Fgs%3D5016%26_sn%3DUna%2BEmisora%2BOnline&layout=button_count&locale=es_LA&sdk=joey&send=true&show_faces=false&width=150 HTTP/1.1" 404 1298
66.249.64.163 - - [29/Oct/2014:07:17:27 -0500] "GET /BLA/resoluciones/AUTOS%202011/0958.pdf HTTP/1.1" 200 154963
201.245.192.253 - - [29/Oct/2014:07:17:27 -0500] "GET /plugins/like.php?action=recommend&app_id=127488674557&channel=http%3A%2F%2Fstatic.ak.facebook.com%2Fconnect%2Fxd_arbiter%2FehazDpFPEnK.js%3Fversion%3D41%23cb%3Df2a01dd22b2dc0e%26domain%3Dwww.top24hd.com%26origin%3Dhttp%253A%252F%252Fwww.top24hd.com%252Ff2b5edb2ab54cf%26relation%3Dparent.parent&href=http%3A%2F%2Fwww.escuchemos.com%2F%3Fgs%3D5016%26_sn%3DTolima%2BFm%2BStereo%2B92.3&layout=button_count&locale=es_LA&sdk=joey&send=true&show_faces=false&width=150 HTTP/1.1" 404 1298
66.249.64.163 - - [29/Oct/2014:07:17:31 -0500] "GET /BLA/resoluciones/AUTOS%202011/2471.pdf HTTP/1.1" 200 113880
66.249.64.163 - - [29/Oct/2014:07:17:35 -0500] "GET /BLA/resoluciones/AUTOS%202011/0244.pdf HTTP/1.1" 200 209494
201.245.161.67 - - [29/Oct/2014:07:17:36 -0500] "GET /BLA/boletinlegal/js/jquery.js HTTP/1.1" 200 57254
201.245.161.67 - - [29/Oct/2014:07:17:36 -0500] "GET /BLA/boletinlegal/js/jquery.scrollTo-min.js HTTP/1.1" 200 1150
201.245.161.67 - - [29/Oct/2014:07:17:36 -0500] "GET /BLA/boletinlegal/js/jquery.scrollShow.js HTTP/1.1" 200 4586
66.249.64.163 - - [29/Oct/2014:07:17:39 -0500] "GET /BLA/resoluciones/AUTOS%202009/1393.pdf HTTP/1.1" 200 116024
66.249.64.163 - - [29/Oct/2014:07:17:44 -0500] "GET /BLA/resoluciones/AUTOS%202011/7679.pdf HTTP/1.1" 200 171131
66.249.64.163 - - [29/Oct/2014:07:17:48 -0500] "GET /BLA/resoluciones/AUTOS%202011/3043.pdf HTTP/1.1" 200 42340
190.66.103.253 - - [29/Oct/2014:07:17:48 -0500] "GET /videos/Disciplinarios.flv HTTP/1.1" 200 3644983
66.249.64.163 - - [29/Oct/2014:07:17:52 -0500] "GET /BLA/resoluciones/RESOLUCIONES%202010/4353.pdf HTTP/1.1" 200 493703
200.93.165.123 - - [29/Oct/2014:07:17:55 -0500] "GET /galeria/nivo-slider/demo/demo.html HTTP/1.0" 200 3316
200.93.165.123 - - [29/Oct/2014:07:17:55 -0500] "GET /galeria/nivo-slider/demo/images/porloshumedales.jpg HTTP/1.0" 200 351238
200.93.165.123 - - [29/Oct/2014:07:17:55 -0500] "GET /galeria/nivo-slider/demo/images/banner-aceite3.jpg HTTP/1.0" 304 -
200.93.165.123 - - [29/Oct/2014:07:17:55 -0500] "GET /galeria/nivo-slider/demo/images/mesTIC.jpg HTTP/1.0" 304 -
200.93.165.123 - - [29/Oct/2014:07:17:55 -0500] "GET /galeria/nivo-slider/demo/images/Tingua-azul.jpg HTTP/1.0" 200 307638
200.93.165.123 - - [29/Oct/2014:07:17:55 -0500] "GET /galeria/nivo-slider/demo/images/Banner-Caracol-Africano.jpg HTTP/1.0" 200 331986
200.93.165.123 - - [29/Oct/2014:07:17:55 -0500] "GET /galeria/nivo-slider/demo/images/banner-redes.jpg HTTP/1.0" 304 -
200.93.165.123 - - [29/Oct/2014:07:17:56 -0500] "GET /galeria/nivo-slider/demo/images/banner-caballos.png HTTP/1.0" 200 389106
200.93.165.123 - - [29/Oct/2014:07:17:56 -0500] "GET /galeria/nivo-slider/demo/images/Hacienda_Molinos.jpg HTTP/1.0" 200 319171
200.93.165.123 - - [29/Oct/2014:07:17:56 -0500] "GET /galeria/nivo-slider/demo/images/bannerEcolecta3.jpg HTTP/1.0" 200 280034
66.249.64.163 - - [29/Oct/2014:07:17:56 -0500] "GET /BLA/resoluciones/AUTOS%202011/3013.pdf HTTP/1.1" 200 64249
200.93.165.123 - - [29/Oct/2014:07:17:56 -0500] "GET /galeria/nivo-slider/demo/images/porloshumedales.jpg HTTP/1.0" 200 351238
200.93.165.123 - - [29/Oct/2014:07:17:56 -0500] "GET /galeria/nivo-slider/demo/images/Tingua-azul.jpg HTTP/1.0" 200 307638
200.93.165.123 - - [29/Oct/2014:07:17:56 -0500] "GET /galeria/nivo-slider/demo/images/Banner-Caracol-Africano.jpg HTTP/1.0" 200 331986
200.93.165.123 - - [29/Oct/2014:07:17:56 -0500] "GET /galeria/nivo-slider/demo/images/banner-caballos.png HTTP/1.0" 200 389106
200.93.165.123 - - [29/Oct/2014:07:17:56 -0500] "GET /galeria/nivo-slider/demo/images/Hacienda_Molinos.jpg HTTP/1.0" 200 319171
66.249.64.163 - - [29/Oct/2014:07:18:00 -0500] "GET /BLA/resoluciones/AUTOS%202011/1634.pdf HTTP/1.1" 200 97391
200.93.165.123 - - [29/Oct/2014:07:18:02 -0500] "GET /videos/Spot_Tinguas.flv HTTP/1.0" 200 2087054
200.93.165.123 - - [29/Oct/2014:07:18:04 -0500] "GET /galeria/nivo-slider/themes/default/arrows.png HTTP/1.0" 200 824
200.93.165.123 - - [29/Oct/2014:07:18:04 -0500] "GET /galeria/nivo-slider/themes/default/bullets.png HTTP/1.0" 200 1281
66.249.64.163 - - [29/Oct/2014:07:18:05 -0500] "GET /BLA/resoluciones/RESOLUCIONES%202010/3835.pdf HTTP/1.1" 200 298277
191.77.108.183 - - [29/Oct/2014:07:18:07 -0500] "GET /BLA/resoluciones/AUTOS%202007/2811.pdf HTTP/1.1" 200 114457
191.77.108.183 - - [29/Oct/2014:07:18:08 -0500] "GET /BLA/resoluciones/AUTOS%202007/2811.pdf HTTP/1.1" 200 114457
66.249.64.167 - - [29/Oct/2014:07:18:09 -0500] "GET /BLA/resoluciones/AUTOS%202011/7672.pdf HTTP/1.1" 200 212814
190.144.162.82 - - [29/Oct/2014:07:18:09 -0500] "GET /hidrico/aguas%20subterraneas/ HTTP/1.1" 404 1296
66.249.64.167 - - [29/Oct/2014:07:18:13 -0500] "GET /BLA/resoluciones/AUTOS%202011/6353.pdf HTTP/1.1" 200 172404
181.166.220.187 - - [29/Oct/2014:07:18:17 -0500] "GET /galeria/nivo-slider/demo/demo.html HTTP/1.1" 200 3316
66.249.64.171 - - [29/Oct/2014:07:18:17 -0500] "GET /BLA/resoluciones/AUTOS%202011/5020.pdf HTTP/1.1" 200 620983
181.166.220.187 - - [29/Oct/2014:07:18:18 -0500] "GET /galeria/nivo-slider/themes/default/default.css HTTP/1.1" 200 1569
181.166.220.187 - - [29/Oct/2014:07:18:18 -0500] "GET /galeria/nivo-slider/demo/images/banner-caballos.png HTTP/1.1" 200 389106
181.166.220.187 - - [29/Oct/2014:07:18:18 -0500] "GET /galeria/nivo-slider/demo/images/Banner-Caracol-Africano.jpg HTTP/1.1" 200 331986
181.166.220.187 - - [29/Oct/2014:07:18:18 -0500] "GET /galeria/nivo-slider/demo/images/porloshumedales.jpg HTTP/1.1" 200 351238
181.166.220.187 - - [29/Oct/2014:07:18:18 -0500] "GET /galeria/nivo-slider/demo/images/bannerEcolecta3.jpg HTTP/1.1" 200 280034
181.166.220.187 - - [29/Oct/2014:07:18:18 -0500] "GET /galeria/nivo-slider/demo/images/banner-aceite3.jpg HTTP/1.1" 200 88347
181.166.220.187 - - [29/Oct/2014:07:18:18 -0500] "GET /galeria/nivo-slider/demo/images/Tingua-azul.jpg HTTP/1.1" 200 307638
181.166.220.187 - - [29/Oct/2014:07:18:18 -0500] "GET /galeria/nivo-slider/demo/images/mesTIC.jpg HTTP/1.1" 200 180719
181.166.220.187 - - [29/Oct/2014:07:18:18 -0500] "GET /galeria/nivo-slider/demo/images/banner-redes.jpg HTTP/1.1" 200 62209
181.166.220.187 - - [29/Oct/2014:07:18:18 -0500] "GET /galeria/nivo-slider/demo/images/Hacienda_Molinos.jpg HTTP/1.1" 200 319171
66.249.64.167 - - [29/Oct/2014:07:18:21 -0500] "GET /BLA/resoluciones/AUTOS%202011/1329.pdf HTTP/1.1" 200 152967
181.166.220.187 - - [29/Oct/2014:07:18:18 -0500] "GET /galeria/nivo-slider/demo/images/9Signos.jpg HTTP/1.1" 200 93040
181.166.220.187 - - [29/Oct/2014:07:18:24 -0500] "GET /galeria/nivo-slider/demo/images/banner-llantas2.jpg HTTP/1.1" 200 73153
181.166.220.187 - - [29/Oct/2014:07:18:25 -0500] "GET /galeria/nivo-slider/themes/default/arrows.png HTTP/1.1" 200 824
66.249.64.163 - - [29/Oct/2014:07:18:26 -0500] "GET /BLA/resoluciones/AUTOS%202011/3019.pdf HTTP/1.1" 200 105120
181.166.220.187 - - [29/Oct/2014:07:18:26 -0500] "GET /galeria/nivo-slider/themes/default/bullets.png HTTP/1.1" 200 1281
66.249.64.167 - - [29/Oct/2014:07:18:30 -0500] "GET /BLA/resoluciones/AUTOS%202009/2093.pdf HTTP/1.1" 200 100553
66.249.64.163 - - [29/Oct/2014:07:18:34 -0500] "GET /BLA/resoluciones/RESOLUCIONES%202010/1567.pdf HTTP/1.1" 200 383004
66.249.64.171 - - [29/Oct/2014:07:18:38 -0500] "GET /BLA/resoluciones/AUTOS%202011/3053.pdf HTTP/1.1" 200 150249
180.76.5.223 - - [29/Oct/2014:07:18:42 -0500] "GET /BLA/resoluciones/AUTOS%202010/1464.pdf HTTP/1.1" 200 249053
66.249.64.171 - - [29/Oct/2014:07:18:42 -0500] "GET /BLA/resoluciones/AUTOS%202011/5392.pdf HTTP/1.1" 200 177434
186.103.17.54 - - [29/Oct/2014:07:18:45 -0500] "GET /BLA/boletinlegal/js/jquery.scrollTo-min.js HTTP/1.1" 200 1150
186.113.75.112 - - [29/Oct/2014:07:18:45 -0500] "GET /BLA/resoluciones/RESOLUCIONES%202012/0131.pdf HTTP/1.1" 200 676919
201.245.192.253 - - [29/Oct/2014:07:18:45 -0500] "GET /plugins/like.php?href=http%3A%2F%2Fwww.facebook.com%2Frcnmundo&layout=button_count&show_faces=true&width=126&action=like&colorscheme=light&height=21 HTTP/1.1" 404 1252
201.245.192.253 - - [29/Oct/2014:07:18:45 -0500] "GET /plugins/like.php?action=recommend&app_id=127488674557&channel=http%3A%2F%2Fstatic.ak.facebook.com%2Fconnect%2Fxd_arbiter%2FehazDpFPEnK.js%3Fversion%3D41%23cb%3Df1c9b1ccdc189e9%26domain%3Dwww.radiohd.info%26origin%3Dhttp%253A%252F%252Fwww.radiohd.info%252Ff2dce419e64d978%26relation%3Dparent.parent&href=http%3A%2F%2Fwww.escuchemos.com%2F%3Fgs%3D9063%26_sn%3DRCN%2B-%2BLa%2BFM%2B(La%2BF.M.)&layout=button_count&locale=es_LA&sdk=joey&send=true&show_faces=false&width=150 HTTP/1.1" 404 1324
201.245.192.253 - - [29/Oct/2014:07:18:46 -0500] "GET /plugins/like.php?href=http%3A%2F%2Fwww.facebook.com%2Frcnmundo&layout=button_count&show_faces=true&width=126&action=like&colorscheme=light&height=21 HTTP/1.1" 404 1252
66.249.64.167 - - [29/Oct/2014:07:18:47 -0500] "GET /BLA/resoluciones/AUTOS%202011/4469.pdf HTTP/1.1" 200 146551
186.103.17.54 - - [29/Oct/2014:07:18:47 -0500] "GET /galeria/carrusel/Carrusel/jquery-ui-1.8.13.custom.min.js HTTP/1.1" 200 10800
186.103.17.54 - - [29/Oct/2014:07:18:47 -0500] "GET /galeria/carrusel/Carrusel/jquery.thumbnailScroller.css HTTP/1.1" 200 2066
186.103.17.54 - - [29/Oct/2014:07:18:47 -0500] "GET /BLA/boletinlegal/js/jquery.js HTTP/1.1" 200 57254
186.103.17.54 - - [29/Oct/2014:07:18:47 -0500] "GET /BLA/boletinlegal/js/jquery.scrollShow.js HTTP/1.1" 200 4586
186.103.17.54 - - [29/Oct/2014:07:18:47 -0500] "GET /galeria/carrusel/Carrusel/jquery.thumbnailScroller.js HTTP/1.1" 200 8157
186.113.75.112 - - [29/Oct/2014:07:18:47 -0500] "GET /BLA/resoluciones/RESOLUCIONES%202012/0131.pdf HTTP/1.1" 206 32768
201.245.192.253 - - [29/Oct/2014:07:18:48 -0500] "GET /plugins/like.php?app_id=132618810126056&channel=http%3A%2F%2Fstatic.ak.facebook.com%2Fconnect%2Fxd_arbiter%2FehazDpFPEnK.js%3Fversion%3D41%23cb%3Df33c3d8654d11a4%26domain%3Dwww.rcnmundo.com%26origin%3Dhttp%253A%252F%252Fwww.rcnmundo.com%252Ff17800afaac8889%26relation%3Dparent.parent&href=http%3A%2F%2Fwww.facebook.com%2Frcnmundo&locale=es_LA&sdk=joey&send=false&show_faces=false&width=80 HTTP/1.1" 404 1272
201.245.192.253 - - [29/Oct/2014:07:18:50 -0500] "GET /plugins/like.php?app_id=132618810126056&channel=http%3A%2F%2Fstatic.ak.facebook.com%2Fconnect%2Fxd_arbiter%2FehazDpFPEnK.js%3Fversion%3D41%23cb%3Df3b2b8e5c2e98bc%26domain%3Dwww.rcnmundo.com%26origin%3Dhttp%253A%252F%252Fwww.rcnmundo.com%252Fff1dcea938a2b7%26relation%3Dparent.parent&href=http%3A%2F%2Fwww.facebook.com%2Falertabogota&locale=es_LA&sdk=joey&send=false&show_faces=false&width=80 HTTP/1.1" 404 1290
66.249.64.167 - - [29/Oct/2014:07:18:51 -0500] "GET /BLA/resoluciones/AUTOS%202011/5042.pdf HTTP/1.1" 200 656865
186.103.17.54 - - [29/Oct/2014:07:18:51 -0500] "GET /galeria/nivo-slider/demo/demo.html HTTP/1.1" 200 3316
186.103.17.54 - - [29/Oct/2014:07:18:51 -0500] "GET /galeria/nivo-slider/themes/default/default.css HTTP/1.1" 200 1569
186.103.17.54 - - [29/Oct/2014:07:18:51 -0500] "GET /galeria/nivo-slider/themes/pascal/pascal.css HTTP/1.1" 200 2258
186.103.17.54 - - [29/Oct/2014:07:18:51 -0500] "GET /galeria/nivo-slider/demo/style.css HTTP/1.1" 200 2222
186.103.17.54 - - [29/Oct/2014:07:18:51 -0500] "GET /galeria/nivo-slider/themes/orman/orman.css HTTP/1.1" 200 2152
186.103.17.54 - - [29/Oct/2014:07:18:52 -0500] "GET /galeria/nivo-slider/demo/images/Tingua-azul.jpg HTTP/1.1" 200 307638
186.103.17.54 - - [29/Oct/2014:07:18:52 -0500] "GET /galeria/nivo-slider/demo/images/Banner-Caracol-Africano.jpg HTTP/1.1" 200 331986
186.103.17.54 - - [29/Oct/2014:07:18:52 -0500] "GET /galeria/nivo-slider/demo/images/porloshumedales.jpg HTTP/1.1" 200 351238
186.103.17.54 - - [29/Oct/2014:07:18:52 -0500] "GET /galeria/nivo-slider/nivo-slider.css HTTP/1.1" 200 1507
186.103.17.54 - - [29/Oct/2014:07:18:52 -0500] "GET /galeria/nivo-slider/demo/scripts/jquery-1.7.1.min.js HTTP/1.1" 200 93868
186.103.17.54 - - [29/Oct/2014:07:18:52 -0500] "GET /galeria/nivo-slider/jquery.nivo.slider.pack.js HTTP/1.1" 200 11561
186.103.17.54 - - [29/Oct/2014:07:18:52 -0500] "GET /galeria/nivo-slider/demo/images/mesTIC.jpg HTTP/1.1" 200 180719
186.103.17.54 - - [29/Oct/2014:07:18:53 -0500] "GET /galeria/nivo-slider/demo/images/banner-caballos.png HTTP/1.1" 200 389106
186.103.17.54 - - [29/Oct/2014:07:18:53 -0500] "GET /galeria/nivo-slider/demo/images/4Simple_Slider.png HTTP/1.1" 200 11722
201.245.192.253 - - [29/Oct/2014:07:18:53 -0500] "GET /v/fOaVlKDnWd0?adformat=2_9&version=3&showinfo=0&rel=0&controls=1&iv_load_policy=1 HTTP/1.1" 404 1367
186.103.17.54 - - [29/Oct/2014:07:18:53 -0500] "GET /galeria/nivo-slider/demo/images/banner-redes.jpg HTTP/1.1" 200 62209
186.103.17.54 - - [29/Oct/2014:07:18:53 -0500] "GET /galeria/nivo-slider/demo/images/banner-aceite3.jpg HTTP/1.1" 200 88347
186.103.17.54 - - [29/Oct/2014:07:18:54 -0500] "GET /galeria/nivo-slider/demo/images/bannerEcolecta3.jpg HTTP/1.1" 200 280034
186.103.17.54 - - [29/Oct/2014:07:18:54 -0500] "GET /galeria/nivo-slider/demo/images/9Signos.jpg HTTP/1.1" 200 93040
186.103.17.54 - - [29/Oct/2014:07:18:55 -0500] "GET /galeria/nivo-slider/demo/images/banner-llantas2.jpg HTTP/1.1" 200 73153
186.103.17.54 - - [29/Oct/2014:07:18:55 -0500] "GET /galeria/nivo-slider/themes/default/loading.gif HTTP/1.1" 200 1737
66.249.64.163 - - [29/Oct/2014:07:18:55 -0500] "GET /BLA/resoluciones/RESOLUCIONES%202009/9768.pdf HTTP/1.1" 200 270631
186.103.17.54 - - [29/Oct/2014:07:18:56 -0500] "GET /galeria/nivo-slider/demo/images/Hacienda_Molinos.jpg HTTP/1.1" 200 319171
66.249.64.167 - - [29/Oct/2014:07:18:59 -0500] "GET /BLA/resoluciones/RESOLUCIONES%202009/1729.pdf HTTP/1.1" 200 600347
66.249.64.171 - - [29/Oct/2014:07:19:03 -0500] "GET /BLA/resoluciones/AUTOS%202011/7426.pdf HTTP/1.1" 200 168106
181.48.9.61 - - [29/Oct/2014:07:19:07 -0500] "GET /dama/libreria/jpg/sec_amb.jpg HTTP/1.0" 404 1019
181.48.9.61 - - [29/Oct/2014:07:19:07 -0500] "GET /dama/libreria/jpg/sec_amb.jpg HTTP/1.0" 404 1019
181.48.9.61 - - [29/Oct/2014:07:19:07 -0500] "GET /dama/libreria/jpg/sec_amb.jpg HTTP/1.0" 404 1019
181.48.9.61 - - [29/Oct/2014:07:19:07 -0500] "GET /dama/libreria/jpg/sec_amb.jpg HTTP/1.0" 404 1019
66.249.64.163 - - [29/Oct/2014:07:19:08 -0500] "GET /BLA/resoluciones/AUTOS%202011/6384.pdf HTTP/1.1" 200 219880
181.48.9.61 - - [29/Oct/2014:07:19:08 -0500] "GET /dama/libreria/jpg/sec_amb.jpg HTTP/1.0" 404 1019
181.48.9.61 - - [29/Oct/2014:07:19:08 -0500] "GET /dama/libreria/jpg/sec_amb.jpg HTTP/1.0" 404 1019
181.48.9.61 - - [29/Oct/2014:07:19:08 -0500] "GET /dama/libreria/jpg/sec_amb.jpg HTTP/1.0" 404 1019
181.48.9.61 - - [29/Oct/2014:07:19:08 -0500] "GET /dama/libreria/jpg/sec_amb.jpg HTTP/1.0" 404 1019
186.103.17.54 - - [29/Oct/2014:07:19:10 -0500] "GET /galeria/nivo-slider/themes/default/arrows.png HTTP/1.1" 200 824
186.103.17.54 - - [29/Oct/2014:07:19:10 -0500] "GET /galeria/nivo-slider/themes/default/bullets.png HTTP/1.1" 200 1281
201.245.192.253 - - [29/Oct/2014:07:19:11 -0500] "GET /plugins/like.php?action=recommend&app_id=127488674557&channel=http%3A%2F%2Fstatic.ak.facebook.com%2Fconnect%2Fxd_arbiter%2FehazDpFPEnK.js%3Fversion%3D41%23cb%3Dfb8dd065f402b1%26domain%3Dwww.radiohd.info%26origin%3Dhttp%253A%252F%252Fwww.radiohd.info%252Ff2ae7d5f6295464%26relation%3Dparent.parent&href=http%3A%2F%2Fwww.escuchemos.com%2F%3Fgs%3D9063%26_sn%3DRCN%2B-%2BLa%2BFM%2B(La%2BF.M.)&layout=button_count&locale=es_LA&sdk=joey&send=true&show_faces=false&width=150 HTTP/1.1" 404 1324
66.249.64.163 - - [29/Oct/2014:07:19:12 -0500] "GET /BLA/resoluciones/AUTOS%202011/7665.pdf HTTP/1.1" 200 160128
201.245.192.253 - - [29/Oct/2014:07:19:12 -0500] "GET /plugins/like.php?href=http%3A%2F%2Fwww.facebook.com%2Frcnmundo&layout=button_count&show_faces=true&width=126&action=like&colorscheme=light&height=21 HTTP/1.1" 404 1252
201.245.192.253 - - [29/Oct/2014:07:19:14 -0500] "GET /plugins/like.php?app_id=132618810126056&channel=http%3A%2F%2Fstatic.ak.facebook.com%2Fconnect%2Fxd_arbiter%2FehazDpFPEnK.js%3Fversion%3D41%23cb%3Df374cccea27d172%26domain%3Dwww.rcnmundo.com%26origin%3Dhttp%253A%252F%252Fwww.rcnmundo.com%252Ff2fdacf9a104702%26relation%3Dparent.parent&href=http%3A%2F%2Fwww.facebook.com%2Frcnmundo&locale=es_LA&sdk=joey&send=false&show_faces=false&width=80 HTTP/1.1" 404 1272
201.245.192.253 - - [29/Oct/2014:07:19:16 -0500] "GET /plugins/like.php?app_id=132618810126056&channel=http%3A%2F%2Fstatic.ak.facebook.com%2Fconnect%2Fxd_arbiter%2FehazDpFPEnK.js%3Fversion%3D41%23cb%3Df6785f894450c8%26domain%3Dwww.rcnmundo.com%26origin%3Dhttp%253A%252F%252Fwww.rcnmundo.com%252Ff1563c772e41071%26relation%3Dparent.parent&href=http%3A%2F%2Fwww.facebook.com%2Fradiounobogota&locale=es_LA&sdk=joey&send=false&show_faces=false&width=80 HTTP/1.1" 404 1290
66.249.64.171 - - [29/Oct/2014:07:19:16 -0500] "GET /BLA/resoluciones/RESOLUCIONES%202010/4254.pdf HTTP/1.1" 200 630944
201.245.192.253 - - [29/Oct/2014:07:19:16 -0500] "GET /v/fOaVlKDnWd0?adformat=2_9&version=3&showinfo=0&rel=0&controls=1&iv_load_policy=1 HTTP/1.1" 404 1367
66.249.64.163 - - [29/Oct/2014:07:19:20 -0500] "GET /BLA/resoluciones/AUTOS%202011/5435.pdf HTTP/1.1" 200 460898
66.249.64.171 - - [29/Oct/2014:07:19:25 -0500] "GET /BLA/resoluciones/AUTOS%202011/2985.pdf HTTP/1.1" 200 160600
190.85.199.44 - - [29/Oct/2014:07:19:28 -0500] "GET /galeria/nivo-slider/demo/demo.html HTTP/1.1" 200 3316
66.249.64.163 - - [29/Oct/2014:07:19:29 -0500] "GET /BLA/resoluciones/AUTOS%202011/7671.pdf HTTP/1.1" 200 171564
190.24.138.98 - - [29/Oct/2014:07:19:29 -0500] "GET /galeria/nivo-slider/demo/demo.html HTTP/1.1" 200 3316
190.24.138.98 - - [29/Oct/2014:07:19:29 -0500] "GET /galeria/nivo-slider/demo/images/porloshumedales.jpg HTTP/1.1" 200 351238
190.24.138.98 - - [29/Oct/2014:07:19:29 -0500] "GET /galeria/nivo-slider/demo/images/banner-aceite3.jpg HTTP/1.1" 304 -
190.24.138.98 - - [29/Oct/2014:07:19:29 -0500] "GET /galeria/nivo-slider/demo/images/mesTIC.jpg HTTP/1.1" 304 -
190.85.199.44 - - [29/Oct/2014:07:19:30 -0500] "GET /galeria/nivo-slider/demo/images/porloshumedales.jpg HTTP/1.1" 200 351238
66.249.64.167 - - [29/Oct/2014:07:19:33 -0500] "GET /BLA/resoluciones/AUTOS%202011/2453.pdf HTTP/1.1" 200 120959
201.245.192.253 - - [29/Oct/2014:07:19:33 -0500] "GET /plugins/like.php?action=recommend&app_id=127488674557&channel=http%3A%2F%2Fstatic.ak.facebook.com%2Fconnect%2Fxd_arbiter%2FehazDpFPEnK.js%3Fversion%3D41%23cb%3Df3d7233fd72d4a%26domain%3Dwww.radioenlinea.info%26origin%3Dhttp%253A%252F%252Fwww.radioenlinea.info%252Ff38cab3f4e507de%26relation%3Dparent.parent&href=http%3A%2F%2Fwww.escuchemos.com%2F%3Fgs%3D9114%26_sn%3DUna%2BEmisora%2BOnline&layout=button_count&locale=es_LA&sdk=joey&send=true&show_faces=false&width=150 HTTP/1.1" 404 1360
201.245.192.253 - - [29/Oct/2014:07:19:34 -0500] "GET /plugins/like.php?action=recommend&app_id=127488674557&channel=http%3A%2F%2Fstatic.ak.facebook.com%2Fconnect%2Fxd_arbiter%2FehazDpFPEnK.js%3Fversion%3D41%23cb%3Df33d7d3f9f761e8%26domain%3Dwww.radioenlinea.info%26origin%3Dhttp%253A%252F%252Fwww.radioenlinea.info%252Ff38cab3f4e507de%26relation%3Dparent.parent&href=http%3A%2F%2Fwww.escuchemos.com%2F%3Fgs%3D9114%26_sn%3DOl%25C3%25ADmpica%2BStereo%2B-%2BBogot%25C3%25A1&layout=button_count&locale=es_LA&sdk=joey&send=true&show_faces=false&width=150 HTTP/1.1" 404 1360
66.249.64.167 - - [29/Oct/2014:07:19:37 -0500] "GET /BLA/resoluciones/AUTOS%202011/0639.pdf HTTP/1.1" 200 159833
190.60.202.66 - - [29/Oct/2014:07:19:40 -0500] "GET /BLA/boletinlegal/js/jquery.scrollTo-min.js HTTP/1.1" 200 1150
190.60.202.66 - - [29/Oct/2014:07:19:40 -0500] "GET /BLA/boletinlegal/js/jquery.js HTTP/1.1" 200 57254
190.60.202.66 - - [29/Oct/2014:07:19:40 -0500] "GET /BLA/boletinlegal/js/jquery.scrollShow.js HTTP/1.1" 200 4586
190.60.202.66 - - [29/Oct/2014:07:19:40 -0500] "GET /galeria/carrusel/Carrusel/jquery.thumbnailScroller.css HTTP/1.1" 200 2066
190.60.202.66 - - [29/Oct/2014:07:19:40 -0500] "GET /galeria/carrusel/Carrusel/jquery-ui-1.8.13.custom.min.js HTTP/1.1" 200 10800
190.60.202.66 - - [29/Oct/2014:07:19:40 -0500] "GET /galeria/carrusel/Carrusel/jquery.thumbnailScroller.js HTTP/1.1" 200 8157
190.60.202.66 - - [29/Oct/2014:07:19:41 -0500] "GET /galeria/nivo-slider/demo/demo.html HTTP/1.1" 200 3316
190.60.202.66 - - [29/Oct/2014:07:19:41 -0500] "GET /galeria/nivo-slider/themes/default/default.css HTTP/1.1" 200 1569
190.60.202.66 - - [29/Oct/2014:07:19:41 -0500] "GET /galeria/nivo-slider/themes/pascal/pascal.css HTTP/1.1" 200 2258
190.60.202.66 - - [29/Oct/2014:07:19:41 -0500] "GET /galeria/nivo-slider/themes/orman/orman.css HTTP/1.1" 200 2152
190.60.202.66 - - [29/Oct/2014:07:19:41 -0500] "GET /galeria/nivo-slider/nivo-slider.css HTTP/1.1" 200 1507
190.60.202.66 - - [29/Oct/2014:07:19:41 -0500] "GET /galeria/nivo-slider/demo/style.css HTTP/1.1" 200 2222
190.60.202.66 - - [29/Oct/2014:07:19:41 -0500] "GET /galeria/nivo-slider/demo/images/porloshumedales.jpg HTTP/1.1" 200 351238
190.60.202.66 - - [29/Oct/2014:07:19:41 -0500] "GET /galeria/nivo-slider/demo/images/banner-aceite3.jpg HTTP/1.1" 200 88347
190.60.202.66 - - [29/Oct/2014:07:19:41 -0500] "GET /galeria/nivo-slider/demo/images/Tingua-azul.jpg HTTP/1.1" 200 307638
190.60.202.66 - - [29/Oct/2014:07:19:41 -0500] "GET /galeria/nivo-slider/demo/images/mesTIC.jpg HTTP/1.1" 200 180719
190.60.202.66 - - [29/Oct/2014:07:19:41 -0500] "GET /galeria/nivo-slider/demo/images/Banner-Caracol-Africano.jpg HTTP/1.1" 200 331986
190.60.202.66 - - [29/Oct/2014:07:19:41 -0500] "GET /galeria/nivo-slider/demo/images/banner-redes.jpg HTTP/1.1" 200 62209
66.249.64.167 - - [29/Oct/2014:07:19:41 -0500] "GET /BLA/resoluciones/AUTOS%202011/1737.pdf HTTP/1.1" 200 233072
190.60.202.66 - - [29/Oct/2014:07:19:42 -0500] "GET /galeria/nivo-slider/demo/images/9Signos.jpg HTTP/1.1" 200 93040
190.60.202.66 - - [29/Oct/2014:07:19:42 -0500] "GET /galeria/nivo-slider/demo/images/banner-llantas2.jpg HTTP/1.1" 200 73153
190.60.202.66 - - [29/Oct/2014:07:19:42 -0500] "GET /galeria/nivo-slider/demo/images/banner-caballos.png HTTP/1.1" 200 389106
190.60.202.66 - - [29/Oct/2014:07:19:43 -0500] "GET /galeria/nivo-slider/demo/images/Hacienda_Molinos.jpg HTTP/1.1" 200 319171
190.60.202.66 - - [29/Oct/2014:07:19:43 -0500] "GET /galeria/nivo-slider/demo/images/bannerEcolecta3.jpg HTTP/1.1" 200 280034
190.60.202.66 - - [29/Oct/2014:07:19:43 -0500] "GET /galeria/nivo-slider/demo/scripts/jquery-1.7.1.min.js HTTP/1.1" 200 93868
190.60.202.66 - - [29/Oct/2014:07:19:43 -0500] "GET /galeria/nivo-slider/jquery.nivo.slider.pack.js HTTP/1.1" 200 11561
190.60.202.66 - - [29/Oct/2014:07:19:44 -0500] "GET /galeria/nivo-slider/themes/default/loading.gif HTTP/1.1" 200 1737
190.60.202.66 - - [29/Oct/2014:07:19:44 -0500] "GET /galeria/nivo-slider/demo/images/4Simple_Slider.png HTTP/1.1" 200 11722
190.60.202.66 - - [29/Oct/2014:07:19:44 -0500] "GET /galeria/nivo-slider/themes/default/arrows.png HTTP/1.1" 200 824
190.60.202.66 - - [29/Oct/2014:07:19:44 -0500] "GET /galeria/nivo-slider/themes/default/bullets.png HTTP/1.1" 200 1281
66.249.64.171 - - [29/Oct/2014:07:19:46 -0500] "GET /BLA/resoluciones/AUTOS%202011/3639.pdf HTTP/1.1" 200 240113
200.26.145.18 - - [29/Oct/2014:07:19:46 -0500] "GET /BLA/boletinlegal/js/jquery.scrollShow.js HTTP/1.1" 200 4586
200.26.145.18 - - [29/Oct/2014:07:19:46 -0500] "GET /BLA/boletinlegal/js/jquery.js HTTP/1.1" 200 57254
200.26.145.18 - - [29/Oct/2014:07:19:46 -0500] "GET /BLA/boletinlegal/js/jquery.scrollTo-min.js HTTP/1.1" 200 1150
181.48.9.61 - - [29/Oct/2014:07:19:48 -0500] "OPTIONS /dama/libreria/jpg/ HTTP/1.1" 200 -
181.48.9.61 - - [29/Oct/2014:07:19:48 -0500] "GET /dama/libreria/jpg/sec_amb.jpg HTTP/1.1" 404 1019
181.48.9.61 - - [29/Oct/2014:07:19:48 -0500] "GET /dama/libreria/jpg/sec_amb.jpg HTTP/1.1" 404 1019
181.48.9.61 - - [29/Oct/2014:07:19:48 -0500] "GET /dama/libreria/jpg/sec_amb.jpg HTTP/1.1" 404 1019
181.48.9.61 - - [29/Oct/2014:07:19:48 -0500] "GET /dama/libreria/jpg/sec_amb.jpg HTTP/1.1" 404 1019
181.48.9.61 - - [29/Oct/2014:07:19:49 -0500] "GET /dama/libreria/jpg/sec_amb.jpg HTTP/1.1" 404 1019
181.48.9.61 - - [29/Oct/2014:07:19:49 -0500] "GET /dama/libreria/jpg/sec_amb.jpg HTTP/1.1" 404 1019
181.48.9.61 - - [29/Oct/2014:07:19:49 -0500] "GET /dama/libreria/jpg/sec_amb.jpg HTTP/1.1" 404 1019
181.48.9.61 - - [29/Oct/2014:07:19:49 -0500] "GET /dama/libreria/jpg/sec_amb.jpg HTTP/1.1" 404 1019
66.249.64.163 - - [29/Oct/2014:07:19:50 -0500] "GET /BLA/resoluciones/AUTOS%202011/0721.pdf HTTP/1.1" 200 226270
66.249.64.171 - - [29/Oct/2014:07:19:54 -0500] "GET /Residuos/pinturas/images/page58.swf HTTP/1.1" 404 1018
201.245.192.253 - - [29/Oct/2014:07:19:55 -0500] "GET /forest/session.jsp?a=0.871766355079777 HTTP/1.1" 200 4
66.249.64.167 - - [29/Oct/2014:07:19:58 -0500] "GET /BLA/resoluciones/RESOLUCIONES%202009/7140.pdf HTTP/1.1" 200 493293
66.249.64.167 - - [29/Oct/2014:07:20:01 -0500] "GET /BLA/resoluciones/RESOLUCIONES%202007/RES%202007%202901%20AL%203000/RESOLUCION%202953%20DE%202007.pdf HTTP/1.1" 200 351673
66.249.64.171 - - [29/Oct/2014:07:20:02 -0500] "GET /BLA/resoluciones/RESOLUCIONES%202010/1747.pdf HTTP/1.1" 200 413514
66.249.64.167 - - [29/Oct/2014:07:20:07 -0500] "GET /BLA/resoluciones/RESOLUCIONES%202009/8717.pdf HTTP/1.1" 200 503972
66.249.64.163 - - [29/Oct/2014:07:20:11 -0500] "GET /BLA/resoluciones/RESOLUCIONES%202011/4329.pdf HTTP/1.1" 200 750454
201.245.192.253 - - [29/Oct/2014:07:20:11 -0500] "GET /plugins/like.php?action=like&app_id=&channel=http%3A%2F%2Fstatic.ak.facebook.com%2Fconnect%2Fxd_arbiter%2FehazDpFPEnK.js%3Fversion%3D41%23cb%3Df266c25923fa684%26domain%3Dwww.elespectador.com%26origin%3Dhttp%253A%252F%252Fwww.elespectador.com%252Ff1a38a2bb0b02f4%26relation%3Dparent.parent&href=https%3A%2F%2Fwww.facebook.com%2Felespectadorcom&layout=button&locale=es_LA&sdk=joey&share=false&show_faces=false HTTP/1.1" 404 1276
201.245.192.253 - - [29/Oct/2014:07:20:11 -0500] "GET /plugins/like.php?action=like&app_id=&channel=http%3A%2F%2Fstatic.ak.facebook.com%2Fconnect%2Fxd_arbiter%2FehazDpFPEnK.js%3Fversion%3D41%23cb%3Df36f2bb611090f%26domain%3Dwww.elespectador.com%26origin%3Dhttp%253A%252F%252Fwww.elespectador.com%252Ff1a38a2bb0b02f4%26relation%3Dparent.parent&href=http%3A%2F%2Fwww.elespectador.com%2F&layout=standard&locale=es_LA&sdk=joey&share=true&show_faces=false&width=450 HTTP/1.1" 404 1276
201.245.192.253 - - [29/Oct/2014:07:20:11 -0500] "GET /plugins/like.php?action=like&app_id=&channel=http%3A%2F%2Fstatic.ak.facebook.com%2Fconnect%2Fxd_arbiter%2FehazDpFPEnK.js%3Fversion%3D41%23cb%3Dff9bbe97e0c256%26domain%3Dwww.elespectador.com%26origin%3Dhttp%253A%252F%252Fwww.elespectador.com%252Ff1a38a2bb0b02f4%26relation%3Dparent.parent&href=https%3A%2F%2Fwww.facebook.com%2Felespectadorcom&layout=button&locale=es_LA&sdk=joey&share=false&show_faces=false HTTP/1.1" 404 1276
201.245.192.253 - - [29/Oct/2014:07:20:11 -0500] "GET /plugins/like.php?action=like&app_id=&channel=http%3A%2F%2Fstatic.ak.facebook.com%2Fconnect%2Fxd_arbiter%2FehazDpFPEnK.js%3Fversion%3D41%23cb%3Df351164724167d%26domain%3Dwww.elespectador.com%26origin%3Dhttp%253A%252F%252Fwww.elespectador.com%252Ff1a38a2bb0b02f4%26relation%3Dparent.parent&href=http%3A%2F%2Fwww.elespectador.com%2F&layout=standard&locale=es_LA&sdk=joey&share=true&show_faces=false&width=450 HTTP/1.1" 404 1276
66.249.64.167 - - [29/Oct/2014:07:20:15 -0500] "GET /BLA/resoluciones/RESOLUCIONES%202008/2433.pdf HTTP/1.1" 200 195427
66.249.64.167 - - [29/Oct/2014:07:20:19 -0500] "GET /BLA/resoluciones/RESOLUCIONES%202011/3275.pdf HTTP/1.1" 200 791162
66.249.64.163 - - [29/Oct/2014:07:20:23 -0500] "GET /BLA/resoluciones/RESOLUCIONES%202011/2921.pdf HTTP/1.1" 200 713198
186.113.75.112 - - [29/Oct/2014:07:20:26 -0500] "GET /BLA/resoluciones/RESOLUCIONES%202012/0131.pdf HTTP/1.1" 206 644151
66.249.64.171 - - [29/Oct/2014:07:20:28 -0500] "GET /BLA/resoluciones/RESOLUCIONES%202008/2149.pdf HTTP/1.1" 200 487531
66.249.64.163 - - [29/Oct/2014:07:20:32 -0500] "GET /BLA/resoluciones/RESOLUCIONES%202010/3969.pdf HTTP/1.1" 200 504973
66.249.64.163 - - [29/Oct/2014:07:20:36 -0500] "GET /BLA/resoluciones/RESOLUCIONES%202008/1711.pdf HTTP/1.1" 200 246045
66.249.64.167 - - [29/Oct/2014:07:20:40 -0500] "GET /BLA/resoluciones/RESOLUCIONES%202008/0378.pdf HTTP/1.1" 200 235977
66.249.64.171 - - [29/Oct/2014:07:20:44 -0500] "GET /BLA/resoluciones/RESOLUCIONES%202011/3358.pdf HTTP/1.1" 200 302361
66.249.64.171 - - [29/Oct/2014:07:20:49 -0500] "GET /BLA/resoluciones/RESOLUCIONES%202008/4407.pdf HTTP/1.1" 200 113614
66.249.64.167 - - [29/Oct/2014:07:20:53 -0500] "GET /BLA/resoluciones/RESOLUCIONES%202011/5703.pdf HTTP/1.1" 200 752013
66.249.64.163 - - [29/Oct/2014:07:20:57 -0500] "GET /BLA/resoluciones/RESOLUCIONES%202011/2530.pdf HTTP/1.1" 200 494028
74.86.158.107 - - [29/Oct/2014:07:20:58 -0500] "HEAD / HTTP/1.1" 302 -
66.249.64.167 - - [29/Oct/2014:07:21:01 -0500] "GET /BLA/resoluciones/RESOLUCIONES%202011/3611.pdf HTTP/1.1" 200 292906
66.249.64.163 - - [29/Oct/2014:07:21:05 -0500] "GET /BLA/resoluciones/RESOLUCIONES%202011/3126.pdf HTTP/1.1" 200 64575
66.249.64.163 - - [29/Oct/2014:07:21:10 -0500] "GET /BLA/resoluciones/AUTOS%202014/1329.pdf HTTP/1.1" 200 627196
66.249.64.171 - - [29/Oct/2014:07:21:14 -0500] "GET /BLA/resoluciones/RESOLUCIONES%202008/0422.pdf HTTP/1.1" 200 527721
66.249.64.171 - - [29/Oct/2014:07:21:18 -0500] "GET /BLA/resoluciones/RESOLUCIONES%202008/1503.pdf HTTP/1.1" 200 29815
66.249.64.167 - - [29/Oct/2014:07:21:22 -0500] "GET /BLA/resoluciones/RESOLUCIONES%202011/2808.pdf HTTP/1.1" 200 755338
186.155.232.34 - - [29/Oct/2014:07:21:24 -0500] "GET /galeria/mapa/Montana-Entrenubes.jpg HTTP/1.1" 200 42011
66.249.64.171 - - [29/Oct/2014:07:21:27 -0500] "GET /BLA/resoluciones/RESOLUCIONES%202008/2970.pdf HTTP/1.1" 200 251559
66.249.64.167 - - [29/Oct/2014:07:21:31 -0500] "GET /BLA/resoluciones/RESOLUCIONES%202008/4839.pdf HTTP/1.1" 200 31402
186.37.202.182 - - [29/Oct/2014:07:21:34 -0500] "GET /BLA/boletinlegal/js/jquery.scrollShow.js HTTP/1.1" 200 4586
186.37.202.182 - - [29/Oct/2014:07:21:34 -0500] "GET /BLA/boletinlegal/js/jquery.scrollTo-min.js HTTP/1.1" 200 1150
66.249.64.171 - - [29/Oct/2014:07:21:35 -0500] "GET /BLA/resoluciones/RESOLUCIONES%202011/3715.pdf HTTP/1.1" 200 706293
186.37.202.182 - - [29/Oct/2014:07:21:35 -0500] "GET /BLA/boletinlegal/js/jquery.js HTTP/1.1" 200 57254
66.249.64.167 - - [29/Oct/2014:07:21:39 -0500] "GET /BLA/resoluciones/RESOLUCIONES%202010/4251.pdf HTTP/1.1" 200 422769
181.48.9.61 - - [29/Oct/2014:07:21:39 -0500] "GET /BLA/boletinlegal/js/jquery.js HTTP/1.1" 304 -
181.48.9.61 - - [29/Oct/2014:07:21:39 -0500] "GET /BLA/boletinlegal/js/jquery.scrollShow.js HTTP/1.1" 304 -
181.48.9.61 - - [29/Oct/2014:07:21:39 -0500] "GET /BLA/boletinlegal/js/jquery.scrollTo-min.js HTTP/1.1" 304 -
66.249.64.171 - - [29/Oct/2014:07:21:43 -0500] "GET /BLA/resoluciones/RESOLUCIONES%202011/2968.pdf HTTP/1.1" 200 504352
66.249.64.171 - - [29/Oct/2014:07:21:47 -0500] "GET /BLA/resoluciones/RESOLUCIONES%202007/RES%202007%20401%20AL%20500/RESOLUCION%200472%20DE%202007.pdf HTTP/1.1" 200 1055548
66.249.64.163 - - [29/Oct/2014:07:21:52 -0500] "GET /BLA/resoluciones/AUTOS%202010/1017.pdf HTTP/1.1" 200 127122
66.249.64.163 - - [29/Oct/2014:07:21:56 -0500] "GET /BLA/resoluciones/AUTOS%202009/2580.pdf HTTP/1.1" 200 95411
186.114.231.172 - - [29/Oct/2014:07:21:59 -0500] "GET /hidrico/aguas%20subterraneas/ HTTP/1.1" 404 1296
66.249.64.163 - - [29/Oct/2014:07:22:00 -0500] "GET /BLA/resoluciones/RESOLUCIONES%202010/7587.pdf HTTP/1.1" 200 506852
66.249.64.163 - - [29/Oct/2014:07:22:09 -0500] "GET /BLA/resoluciones/AUTOS%202013/0077.pdf HTTP/1.1" 304 -
66.249.64.163 - - [29/Oct/2014:07:22:13 -0500] "GET /BLA/resoluciones/RESOLUCIONES%202007/RES%202007%20401%20AL%20500/RESOLUCION%200409%20DE%202007.pdf HTTP/1.1" 200 765643
66.249.64.163 - - [29/Oct/2014:07:22:17 -0500] "GET /BLA/resoluciones/AUTOS%202010/5623.pdf HTTP/1.1" 304 -
66.249.64.163 - - [29/Oct/2014:07:22:21 -0500] "GET /BLA/resoluciones/RESOLUCIONES%202010/5356.pdf HTTP/1.1" 200 620622
66.249.64.171 - - [29/Oct/2014:07:22:25 -0500] "GET /BLA/resoluciones/RESOLUCIONES%202009/0636.pdf HTTP/1.1" 304 -
66.249.64.167 - - [29/Oct/2014:07:22:30 -0500] "GET /BLA/resoluciones/RESOLUCIONES%202007/RES%202007%20801%20AL%20900/RESOLUCION%200824%20DE%202007.pdf HTTP/1.1" 200 103882
66.249.64.171 - - [29/Oct/2014:07:22:34 -0500] "GET /BLA/resoluciones/AUTOS%202011/4144.pdf HTTP/1.1" 200 168803
66.249.64.171 - - [29/Oct/2014:07:22:38 -0500] "GET /BLA/resoluciones/RESOLUCIONES%202007/RES%202007%20801%20AL%20900/RESOLUCION%200822%20DE%202007.pdf HTTP/1.1" 200 241599
66.249.64.171 - - [29/Oct/2014:07:22:42 -0500] "GET /BLA/resoluciones/AUTOS%202007/2135.pdf HTTP/1.1" 304 -
66.249.64.171 - - [29/Oct/2014:07:22:46 -0500] "GET /BLA/resoluciones/RESOLUCIONES%202011/0201.pdf HTTP/1.1" 200 192898
66.249.64.171 - - [29/Oct/2014:07:22:51 -0500] "GET /BLA/resoluciones/RESOLUCIONES%202007/RES%202007%201001%20AL%201100/RESOLUCION%201071%20DE%202007.pdf HTTP/1.1" 304 -
186.113.75.112 - - [29/Oct/2014:07:22:52 -0500] "GET /favicon.ico HTTP/1.1" 200 7782
66.249.64.171 - - [29/Oct/2014:07:22:55 -0500] "GET /BLA/resoluciones/RESOLUCIONES%202007/RES%202007%20701%20AL%20800/RESOLUCION%200735%20DE%202007.pdf HTTP/1.1" 304 -
66.249.64.171 - - [29/Oct/2014:07:22:59 -0500] "GET /BLA/resoluciones/AUTOS%202014/1319.pdf HTTP/1.1" 304 -
66.249.64.163 - - [29/Oct/2014:07:23:03 -0500] "GET /BLA/resoluciones/AUTOS%202012/2510.pdf HTTP/1.1" 304 -
201.245.192.253 - - [29/Oct/2014:07:23:04 -0500] "GET /StormSDA/userFiles/92.jar HTTP/1.1" 304 -
66.249.64.171 - - [29/Oct/2014:07:23:07 -0500] "GET /BLA/resoluciones/RESOLUCIONES%202009/8650.pdf HTTP/1.1" 304 -
66.249.64.167 - - [29/Oct/2014:07:23:12 -0500] "GET /BLA/resoluciones/RESOLUCIONES%202010/3734.pdf HTTP/1.1" 304 -
66.249.64.167 - - [29/Oct/2014:07:23:16 -0500] "GET /BLA/resoluciones/AUTOS%202009/0408.pdf HTTP/1.1" 304 -
66.249.64.171 - - [29/Oct/2014:07:23:20 -0500] "GET /BLA/resoluciones/RESOLUCIONES%202012/1223.pdf HTTP/1.1" 304 -
66.249.64.167 - - [29/Oct/2014:07:23:24 -0500] "GET /BLA/resoluciones/RESOLUCIONES%202007/RES%202007%201401%20AL%201500/RESOLUCION%201407%20DE%202007.pdf HTTP/1.1" 304 -
66.249.64.171 - - [29/Oct/2014:07:23:28 -0500] "GET /BLA/resoluciones/AUTOS%202012/2540.pdf HTTP/1.1" 200 1803430
66.249.64.167 - - [29/Oct/2014:07:23:33 -0500] "GET /BLA/resoluciones/RESOLUCIONES%202010/1403.pdf HTTP/1.1" 304 -
66.249.64.167 - - [29/Oct/2014:07:23:37 -0500] "GET /BLA/resoluciones/RESOLUCIONES%202011/4481.pdf HTTP/1.1" 304 -
66.249.64.163 - - [29/Oct/2014:07:23:41 -0500] "GET /BLA/resoluciones/RESOLUCIONES%202013/2765.pdf HTTP/1.1" 200 521268
181.48.9.62 - - [29/Oct/2014:07:23:43 -0500] "GET /BLA/boletinlegal/js/jquery.js HTTP/1.1" 304 -
181.48.9.62 - - [29/Oct/2014:07:23:43 -0500] "GET /BLA/boletinlegal/js/jquery.scrollShow.js HTTP/1.1" 304 -
181.48.9.62 - - [29/Oct/2014:07:23:43 -0500] "GET /BLA/boletinlegal/js/jquery.scrollTo-min.js HTTP/1.1" 304 -
66.249.64.171 - - [29/Oct/2014:07:23:45 -0500] "GET /BLA/resoluciones/RESOLUCIONES%202012/1369.pdf HTTP/1.1" 304 -
66.249.64.171 - - [29/Oct/2014:07:23:50 -0500] "GET /BLA/resoluciones/RESOLUCIONES%202013/0847.pdf HTTP/1.1" 304 -
37.59.20.217 - - [29/Oct/2014:07:23:54 -0500] "GET /robots.txt HTTP/1.0" 404 1019
66.249.64.163 - - [29/Oct/2014:07:23:54 -0500] "GET /BLA/resoluciones/AUTOS%202013/1326.pdf HTTP/1.1" 304 -
37.59.20.217 - - [29/Oct/2014:07:23:57 -0500] "GET /planesacc/?C=N;O=D HTTP/1.0" 404 1019
66.249.64.167 - - [29/Oct/2014:07:23:58 -0500] "GET /autoliquidacion/Grupo%20Forestal%20-%20Industria%20de%20la%20Madera/Solicitud%20de%20Registro%20del%20Libro%20de%20operaciones.pdf HTTP/1.1" 304 -
180.76.6.151 - - [29/Oct/2014:07:23:59 -0500] "GET /BLA/resoluciones/AUTOS%202009/3157.pdf HTTP/1.1" 200 131912
37.59.20.217 - - [29/Oct/2014:07:24:02 -0500] "GET /planesacc/?C=S;O=A HTTP/1.0" 404 1019
66.249.64.167 - - [29/Oct/2014:07:24:02 -0500] "GET /BLA/resoluciones/RESOLUCIONES%202008/0316.pdf HTTP/1.1" 200 242828
66.249.64.167 - - [29/Oct/2014:07:24:06 -0500] "GET /BLA/resoluciones/RESOLUCIONES%202007/RES%202007%201401%20AL%201500/RESOLUCION%201443%20DE%202007.pdf HTTP/1.1" 304 -
37.59.20.217 - - [29/Oct/2014:07:24:08 -0500] "GET /planesacc/Thumbs.db HTTP/1.0" 404 1019
66.249.64.171 - - [29/Oct/2014:07:24:11 -0500] "GET /autoliquidacion/index.php?dir=Solicitudes+relacionadas+con+calidad+del+aire+auditiva+y+visual%2FRegistro+de+Elementos+de+publicidad+Exterior+Visual%2F HTTP/1.1" 200 4038
37.59.20.217 - - [29/Oct/2014:07:24:11 -0500] "GET /porta/?C=D;O=A HTTP/1.0" 404 1019
37.59.20.217 - - [29/Oct/2014:07:24:14 -0500] "GET /porta/?C=M;O=A HTTP/1.0" 404 1019
66.249.64.171 - - [29/Oct/2014:07:24:15 -0500] "GET /BLA/directivas/2011/3.pdf HTTP/1.1" 200 910420
37.59.20.217 - - [29/Oct/2014:07:24:19 -0500] "GET /porta/?C=S;O=A HTTP/1.0" 404 1019
66.249.64.163 - - [29/Oct/2014:07:24:19 -0500] "GET /BLA/resoluciones/AUTOS%202011/2888.pdf HTTP/1.1" 304 -
37.59.20.217 - - [29/Oct/2014:07:24:21 -0500] "GET /porta/Thumbs.db HTTP/1.0" 404 1019
66.249.64.163 - - [29/Oct/2014:07:24:23 -0500] "GET /BLA/directivas/2011/6.pdf HTTP/1.1" 304 -
37.59.20.217 - - [29/Oct/2014:07:24:24 -0500] "GET /portalsiaccapacitaciones/Soportes%20Capacitaciones%20A%C3%B1o%202013 HTTP/1.0" 301 365
66.249.64.163 - - [29/Oct/2014:07:24:27 -0500] "GET /BLA/resoluciones/RESOLUCIONES%202008/0410.pdf HTTP/1.1" 200 712867
178.32.229.57 - - [29/Oct/2014:07:24:28 -0500] "GET /auntentica.txt HTTP/1.1" 404 1153
37.59.20.217 - - [29/Oct/2014:07:24:29 -0500] "GET /portalsiaccapacitaciones/Soportes%20Capacitaciones%20A%c3%b1o%202013/ HTTP/1.0" 200 17001
66.249.64.163 - - [29/Oct/2014:07:24:32 -0500] "GET /BLA/resoluciones/RESOLUCIONES%202010/4175.pdf HTTP/1.1" 304 -
37.59.20.217 - - [29/Oct/2014:07:24:33 -0500] "GET /portalsiaccapacitaciones/Soportes%20Capacitaciones%20A%C3%B1o%202014 HTTP/1.0" 301 365
201.245.192.253 - - [29/Oct/2014:07:24:34 -0500] "GET /plugins/like.php?app_id=175694939152556&channel=http%3A%2F%2Fstatic.ak.facebook.com%2Fconnect%2Fxd_arbiter%2FehazDpFPEnK.js%3Fversion%3D41%23cb%3Df294c98677c81e6%26domain%3Dwww.twoo.com%26origin%3Dhttp%253A%252F%252Fwww.twoo.com%252Ff3ac4535a2d4834%26relation%3Dparent.parent&color_scheme=light&font=arial&href=http%3A%2F%2Fwww.facebook.com%2FilikeTwoo&layout=standard&locale=es_ES&sdk=joey&send=false&width=260 HTTP/1.1" 404 1264
66.249.64.167 - - [29/Oct/2014:07:24:36 -0500] "GET /BLA/resoluciones/RESOLUCIONES%202011/4569.pdf HTTP/1.1" 304 -
37.59.20.217 - - [29/Oct/2014:07:24:37 -0500] "GET /portalsiaccapacitaciones/Soportes%20Capacitaciones%20A%c3%b1o%202014/ HTTP/1.0" 200 14508
66.249.64.171 - - [29/Oct/2014:07:24:40 -0500] "GET /BLA/resoluciones/RESOLUCIONES%202012/0288.pdf HTTP/1.1" 304 -
37.59.20.217 - - [29/Oct/2014:07:24:41 -0500] "GET /portel_dama/?C=D;O=A HTTP/1.0" 404 1019
37.59.20.217 - - [29/Oct/2014:07:24:44 -0500] "GET /portel_dama/?C=M;O=A HTTP/1.0" 404 1019
37.59.20.217 - - [29/Oct/2014:07:24:47 -0500] "GET /portel_dama/?C=N;O=D HTTP/1.0" 404 1019
37.59.20.217 - - [29/Oct/2014:07:24:50 -0500] "GET /portel_dama/?C=S;O=A HTTP/1.0" 404 1019
37.59.20.217 - - [29/Oct/2014:07:24:52 -0500] "GET /portel_dama/configuracion/Para%20Portel%20Instalaci%C3%B3n%20Nueva.sql HTTP/1.0" 404 1019
37.59.20.217 - - [29/Oct/2014:07:24:54 -0500] "GET /pread332/?C=D;O=A HTTP/1.0" 404 1019
201.245.192.253 - - [29/Oct/2014:07:24:55 -0500] "GET /forest/session.jsp?a=0.6286837019696043 HTTP/1.1" 200 4
37.59.20.217 - - [29/Oct/2014:07:24:57 -0500] "GET /pread332/?C=M;O=A HTTP/1.0" 404 1019
37.59.20.217 - - [29/Oct/2014:07:24:59 -0500] "GET /pread332/?C=N;O=D HTTP/1.0" 404 1019
211.244.83.215 - - [29/Oct/2014:07:25:01 -0500] "GET /robots.txt HTTP/1.1" 404 1244
37.59.20.217 - - [29/Oct/2014:07:25:01 -0500] "GET /pread332/?C=S;O=A HTTP/1.0" 404 1019
211.244.83.215 - - [29/Oct/2014:07:25:02 -0500] "GET / HTTP/1.1" 302 -
37.59.20.217 - - [29/Oct/2014:07:25:04 -0500] "GET /pread5/?C=D;O=A HTTP/1.0" 404 1019
211.244.83.215 - - [29/Oct/2014:07:25:06 -0500] "GET /robots.txt HTTP/1.1" 404 1243
211.244.83.215 - - [29/Oct/2014:07:25:07 -0500] "GET /galeria/nivo-slider/demo/demo.html HTTP/1.1" 200 3316
37.59.20.217 - - [29/Oct/2014:07:25:07 -0500] "GET /pread5/?C=M;O=A HTTP/1.0" 404 1019
201.245.192.253 - - [29/Oct/2014:07:25:10 -0500] "GET /forest/1ibre/jscalendar/calendar.js HTTP/1.1" 304 -
37.59.20.217 - - [29/Oct/2014:07:25:10 -0500] "GET /pread5/?C=N;O=D HTTP/1.0" 404 1019
62.210.75.243 - - [29/Oct/2014:07:25:12 -0500] "GET /BLA/boletinlegal/js/jquery.js HTTP/1.1" 200 57254
62.210.75.243 - - [29/Oct/2014:07:25:12 -0500] "GET /BLA/boletinlegal/js/jquery.scrollTo-min.js HTTP/1.1" 200 1150
62.210.75.243 - - [29/Oct/2014:07:25:12 -0500] "GET /BLA/boletinlegal/js/jquery.scrollShow.js HTTP/1.1" 200 4586
62.210.75.243 - - [29/Oct/2014:07:25:12 -0500] "GET /galeria/carrusel/Carrusel/jquery-ui-1.8.13.custom.min.js HTTP/1.1" 200 10800
62.210.75.243 - - [29/Oct/2014:07:25:12 -0500] "GET /galeria/carrusel/Carrusel/jquery.thumbnailScroller.js HTTP/1.1" 200 8157
37.59.20.217 - - [29/Oct/2014:07:25:12 -0500] "GET /pread5/?C=S;O=A HTTP/1.0" 404 1019
62.210.75.243 - - [29/Oct/2014:07:25:14 -0500] "GET /galeria/nivo-slider/demo/demo.html HTTP/1.1" 200 3316
62.210.75.243 - - [29/Oct/2014:07:25:14 -0500] "GET /galeria/nivo-slider/demo/scripts/jquery-1.7.1.min.js HTTP/1.1" 200 93868
62.210.75.243 - - [29/Oct/2014:07:25:14 -0500] "GET /galeria/nivo-slider/jquery.nivo.slider.pack.js HTTP/1.1" 200 11561
37.59.20.217 - - [29/Oct/2014:07:25:15 -0500] "GET /predial/?C=N;O=D HTTP/1.0" 404 1019
37.59.20.217 - - [29/Oct/2014:07:25:17 -0500] "GET /predial/?C=S;O=A HTTP/1.0" 404 1019
179.18.127.20 - - [29/Oct/2014:07:25:19 -0500] "GET /galeria/carrusel/Carrusel/jquery.thumbnailScroller.css HTTP/1.1" 200 2066
