66.249.64.163 - - [29/Oct/2014:06:37:47 -0500] "GET /BLA/resoluciones/RESOLUCIONES%202009/5627.pdf HTTP/1.1" 200 681319
186.31.189.115 - - [29/Oct/2014:06:38:20 -0500] "POST /forest/login.do HTTP/1.1" 302 -
186.31.189.115 - - [29/Oct/2014:06:38:20 -0500] "GET /forest/css/index.css?version=1410.211635 HTTP/1.1" 304 -
186.31.189.115 - - [29/Oct/2014:06:38:20 -0500] "GET /forest/1ibre/jscalendar/calendar-win2k-1.css?version=1410.211635 HTTP/1.1" 304 -
186.31.189.115 - - [29/Oct/2014:06:38:20 -0500] "GET /forest/skins/gdocs-jar/css/dialog.css?version=1410.211635 HTTP/1.1" 304 -
186.31.189.115 - - [29/Oct/2014:06:38:20 -0500] "GET /forest/skins/gdocs-jar/css/forms.css?version=1410.211635 HTTP/1.1" 304 -
186.31.189.115 - - [29/Oct/2014:06:38:20 -0500] "GET /forest/skins/gdocs-jar/css/forest.css?version=1410.211635 HTTP/1.1" 304 -
186.31.189.115 - - [29/Oct/2014:06:38:20 -0500] "GET /forest/skins/gdocs-jar/css/menu.css?version=1410.211635 HTTP/1.1" 304 -
186.31.189.115 - - [29/Oct/2014:06:38:20 -0500] "GET /forest/skins/gdocs-jar/css/autocomplete.css?version=1410.211635 HTTP/1.1" 304 -
186.31.189.115 - - [29/Oct/2014:06:38:20 -0500] "GET /forest/css/escritorio.css?version=1410.211635 HTTP/1.1" 304 -
186.31.189.115 - - [29/Oct/2014:06:38:21 -0500] "GET /forest/img/inicio.jpg HTTP/1.1" 200 897
186.31.189.115 - - [29/Oct/2014:06:38:21 -0500] "GET /forest/img/users/3.gif HTTP/1.1" 200 1513
186.31.189.115 - - [29/Oct/2014:06:38:21 -0500] "GET /forest/img/users/5.gif HTTP/1.1" 200 1507
186.31.189.115 - - [29/Oct/2014:06:38:21 -0500] "GET /forest/img/users/7.gif HTTP/1.1" 200 1631
186.31.189.115 - - [29/Oct/2014:06:38:21 -0500] "GET /forest/img/download_large.gif HTTP/1.1" 200 203
186.31.189.115 - - [29/Oct/2014:06:38:21 -0500] "GET /forest/img/buscar.jpg HTTP/1.1" 200 736
186.31.189.115 - - [29/Oct/2014:06:38:21 -0500] "GET /forest/img/buscar_documentos.gif HTTP/1.1" 200 674
186.31.189.115 - - [29/Oct/2014:06:38:21 -0500] "GET /forest/img/fondo-barra.gif HTTP/1.1" 200 282
186.31.189.115 - - [29/Oct/2014:06:38:21 -0500] "GET /forest/img/buscar_procesos.gif HTTP/1.1" 200 158
186.31.189.115 - - [29/Oct/2014:06:38:21 -0500] "GET /forest/img/notify.gif HTTP/1.1" 200 746
186.31.189.115 - - [29/Oct/2014:06:38:21 -0500] "GET /forest/img/ayuda.gif HTTP/1.1" 200 716
186.31.189.115 - - [29/Oct/2014:06:38:21 -0500] "GET /forest/img/pantalla.gif HTTP/1.1" 200 1407
186.31.189.115 - - [29/Oct/2014:06:38:21 -0500] "GET /forest/skins/gdocs-jar/css/tree.css HTTP/1.1" 200 223
186.31.189.115 - - [29/Oct/2014:06:38:21 -0500] "GET /forest/skins/gdocs-jar/css/autocomplete.css HTTP/1.1" 200 1620
186.31.189.115 - - [29/Oct/2014:06:38:21 -0500] "GET /forest/skins/gdocs-jar/js/xml_utilities.js?version=1410.211635 HTTP/1.1" 200 2433
186.31.189.115 - - [29/Oct/2014:06:38:21 -0500] "GET /forest/js/inicio.js?version=1410.211635 HTTP/1.1" 200 2303
186.31.189.115 - - [29/Oct/2014:06:38:21 -0500] "GET /forest/skins/gdocs-jar/js/misprocesos.js?version=1410.211635 HTTP/1.1" 200 5890
186.31.189.115 - - [29/Oct/2014:06:38:21 -0500] "GET /forest/img/salir3.gif HTTP/1.1" 200 1271
186.31.189.115 - - [29/Oct/2014:06:38:20 -0500] "GET /forest/index2.jsp?a=0.36245298491276223 HTTP/1.1" 200 69492
186.31.189.115 - - [29/Oct/2014:06:38:21 -0500] "GET /forest/img/panel/menu/add.png HTTP/1.1" 200 4044
186.31.189.115 - - [29/Oct/2014:06:38:21 -0500] "GET /forest/img/panel/menu/folder.png HTTP/1.1" 200 1382
186.31.189.115 - - [29/Oct/2014:06:38:21 -0500] "GET /forest/img/panel/menu/hoy.png HTTP/1.1" 200 1215
186.31.189.115 - - [29/Oct/2014:06:38:21 -0500] "GET /forest/img/panel/menu/danger2.png HTTP/1.1" 200 1358
186.31.189.115 - - [29/Oct/2014:06:38:21 -0500] "GET /forest/img/instanciar.gif HTTP/1.1" 200 1589
186.31.189.115 - - [29/Oct/2014:06:38:21 -0500] "GET /forest/skins/gdocs-jar/img/cancel.gif HTTP/1.1" 200 77
186.31.189.115 - - [29/Oct/2014:06:38:21 -0500] "GET /forest/img/misdocumentos.gif HTTP/1.1" 200 545
186.31.189.115 - - [29/Oct/2014:06:38:21 -0500] "GET /forest/skins/gdocs-jar/img/icons/docx.gif HTTP/1.1" 200 1039
186.31.189.115 - - [29/Oct/2014:06:38:21 -0500] "GET /forest/skins/gdocs-jar/img/icons/pdf.gif HTTP/1.1" 200 230
186.31.189.115 - - [29/Oct/2014:06:38:21 -0500] "GET /forest/skins/gdocs-jar/js/autocompletar2.js?version=1410.211635 HTTP/1.1" 200 24397
186.31.189.115 - - [29/Oct/2014:06:38:21 -0500] "GET /forest/img/misactividades.gif HTTP/1.1" 200 1798
186.31.189.115 - - [29/Oct/2014:06:38:22 -0500] "GET /forest/session.jsp?a=0.7293146933205829 HTTP/1.1" 200 4
186.31.189.115 - - [29/Oct/2014:06:38:27 -0500] "GET /forest/skins/gdocs-jar/css/forest.css?version=1410.211635 HTTP/1.1" 304 -
186.31.189.115 - - [29/Oct/2014:06:38:27 -0500] "GET /forest/skins/gdocs-jar/css/menu.css?version=1410.211635 HTTP/1.1" 304 -
186.31.189.115 - - [29/Oct/2014:06:38:27 -0500] "GET /forest/skins/gdocs-jar/css/autocomplete.css?version=1410.211635 HTTP/1.1" 304 -
186.31.189.115 - - [29/Oct/2014:06:38:27 -0500] "GET /forest/css/escritorio.css?version=1410.211635 HTTP/1.1" 304 -
186.31.189.115 - - [29/Oct/2014:06:38:27 -0500] "GET /forest/css/index.css?version=1410.211635 HTTP/1.1" 304 -
186.31.189.115 - - [29/Oct/2014:06:38:27 -0500] "GET /forest/1ibre/jscalendar/calendar-win2k-1.css?version=1410.211635 HTTP/1.1" 304 -
186.31.189.115 - - [29/Oct/2014:06:38:27 -0500] "GET /forest/skins/gdocs-jar/css/dialog.css?version=1410.211635 HTTP/1.1" 304 -
186.31.189.115 - - [29/Oct/2014:06:38:27 -0500] "GET /forest/skins/gdocs-jar/css/forms.css?version=1410.211635 HTTP/1.1" 304 -
186.31.189.115 - - [29/Oct/2014:06:38:27 -0500] "GET /forest/misactividades.do?group_system_actual=3&codPro=176&_a=0.05807730463147576 HTTP/1.1" 200 36904
186.31.189.115 - - [29/Oct/2014:06:38:27 -0500] "GET /forest/js/jquery/css/jquery-ui-selectmenu.css HTTP/1.1" 200 2553
186.31.189.115 - - [29/Oct/2014:06:38:27 -0500] "GET /forest/js/jquery/grid/css/ui.jqgrid.css HTTP/1.1" 200 14763
186.31.189.115 - - [29/Oct/2014:06:38:27 -0500] "GET /forest/js/jquery/grid/css/ui.multiselect.css HTTP/1.1" 200 1886
186.31.189.115 - - [29/Oct/2014:06:38:27 -0500] "GET /forest/js/jquery/css/jquery-ui-1.8.1.custom.css HTTP/1.1" 200 29141
186.31.189.115 - - [29/Oct/2014:06:38:28 -0500] "GET /forest/js/jquery/i18n/grid.locale-en.js HTTP/1.1" 200 3927
186.31.189.115 - - [29/Oct/2014:06:38:29 -0500] "GET /forest/js/jquery/plugins/ui.multiselect.js HTTP/1.1" 200 10577
186.31.189.115 - - [29/Oct/2014:06:38:28 -0500] "GET /forest/js/jquery/plugins/jquery.searchFilter.js HTTP/1.1" 200 37785
201.245.192.253 - - [29/Oct/2014:06:38:29 -0500] "GET /plugins/like.php?href=http%3A%2F%2Fwww.facebook.com%2Frcnradio&layout=button_count&show_faces=true&width=126&action=like&colorscheme=light&height=21 HTTP/1.1" 404 1458
186.31.189.115 - - [29/Oct/2014:06:38:28 -0500] "GET /forest/js/jquery/plugins/jquery.ui.selectmenu.js HTTP/1.1" 200 26591
201.245.192.253 - - [29/Oct/2014:06:38:31 -0500] "GET /plugins/like.php?app_id=248094281876656&channel=http%3A%2F%2Fstatic.ak.facebook.com%2Fconnect%2Fxd_arbiter%2FehazDpFPEnK.js%3Fversion%3D41%23cb%3Df3a4eeda88%26domain%3Dwww.rcnradio.com%26origin%3Dhttp%253A%252F%252Fwww.rcnradio.com%252Ff1d39d1f1%26relation%3Dparent.parent&href=http%3A%2F%2Fwww.rcnradio.com%2Fgalerias%2Fla-fiesta-de-halloween-en-la-mansion-playboy-171735&layout=button_count&locale=es_LA&sdk=joey&send=false&show_faces=false&width=120 HTTP/1.1" 404 1372
186.31.189.115 - - [29/Oct/2014:06:38:28 -0500] "GET /forest/js/jquery/jquery.layout-latest.js HTTP/1.1" 200 142624
186.31.189.115 - - [29/Oct/2014:06:38:31 -0500] "GET /forest/js/jquery/plugins/jquery.contextmenu.js HTTP/1.1" 200 4443
186.31.189.115 - - [29/Oct/2014:06:38:32 -0500] "GET /forest/js/jquery/plugins/grid.setcolumns.js HTTP/1.1" 200 5638
186.31.189.115 - - [29/Oct/2014:06:38:30 -0500] "GET /forest/js/jquery/plugins/jquery.tablednd.js HTTP/1.1" 200 17091
66.249.69.211 - - [29/Oct/2014:06:38:33 -0500] "GET /BLA/resoluciones/RESOLUCIONES%202010/6504.pdf HTTP/1.1" 200 176888
186.80.255.55 - - [29/Oct/2014:06:38:33 -0500] "GET /galeria/carrusel/Carrusel/jquery.thumbnailScroller.js HTTP/1.1" 206 1
186.80.255.55 - - [29/Oct/2014:06:38:33 -0500] "GET /galeria/nivo-slider/demo/demo.html HTTP/1.1" 200 3316
186.31.189.115 - - [29/Oct/2014:06:38:32 -0500] "GET /forest/js/jqGridConf.js HTTP/1.1" 200 19506
186.31.189.115 - - [29/Oct/2014:06:38:28 -0500] "GET /forest/js/jquery/jquery-latest.js HTTP/1.1" 200 180411
186.80.255.55 - - [29/Oct/2014:06:38:34 -0500] "GET /galeria/carrusel/Carrusel/jquery.thumbnailScroller.js HTTP/1.1" 206 2648
186.80.255.55 - - [29/Oct/2014:06:38:34 -0500] "GET /galeria/nivo-slider/themes/default/default.css HTTP/1.1" 200 1569
186.80.255.55 - - [29/Oct/2014:06:38:34 -0500] "GET /galeria/nivo-slider/themes/pascal/pascal.css HTTP/1.1" 200 2258
186.80.255.55 - - [29/Oct/2014:06:38:35 -0500] "GET /galeria/nivo-slider/themes/orman/orman.css HTTP/1.1" 200 2152
186.80.255.55 - - [29/Oct/2014:06:38:35 -0500] "GET /galeria/nivo-slider/nivo-slider.css HTTP/1.1" 200 1507
186.80.255.55 - - [29/Oct/2014:06:38:35 -0500] "GET /galeria/nivo-slider/demo/style.css HTTP/1.1" 200 2222
186.80.255.55 - - [29/Oct/2014:06:38:35 -0500] "GET /galeria/nivo-slider/demo/images/porloshumedales.jpg HTTP/1.1" 200 351238
186.80.255.55 - - [29/Oct/2014:06:38:35 -0500] "GET /galeria/nivo-slider/demo/images/banner-aceite3.jpg HTTP/1.1" 200 88347
186.80.255.55 - - [29/Oct/2014:06:38:35 -0500] "GET /galeria/nivo-slider/demo/images/mesTIC.jpg HTTP/1.1" 200 180719
186.80.255.55 - - [29/Oct/2014:06:38:35 -0500] "GET /galeria/nivo-slider/demo/scripts/jquery-1.7.1.min.js HTTP/1.1" 200 93868
186.31.189.115 - - [29/Oct/2014:06:38:29 -0500] "GET /forest/js/jquery/jquery.jqGrid.src.js HTTP/1.1" 200 383407
186.80.255.55 - - [29/Oct/2014:06:38:36 -0500] "GET /galeria/nivo-slider/jquery.nivo.slider.pack.js HTTP/1.1" 200 11561
186.80.255.55 - - [29/Oct/2014:06:38:36 -0500] "GET /galeria/nivo-slider/demo/images/Tingua-azul.jpg HTTP/1.1" 200 307638
186.31.189.115 - - [29/Oct/2014:06:38:28 -0500] "GET /forest/js/jquery/jquery-ui-latest.js HTTP/1.1" 200 359766
186.31.189.115 - - [29/Oct/2014:06:38:37 -0500] "GET /forest/session.jsp?a=0.794373301929772 HTTP/1.1" 200 4
186.31.189.115 - - [29/Oct/2014:06:38:37 -0500] "GET /forest/skins/gdocs-jar/img/clip.gif HTTP/1.1" 200 246
186.31.189.115 - - [29/Oct/2014:06:38:37 -0500] "POST /forest/misactividades.do?ajax=true&a=0.6938630747107508 HTTP/1.1" 200 6379
186.31.189.115 - - [29/Oct/2014:06:38:37 -0500] "GET /forest/img/jquery/ui-bg_inset-hard_100_fcfdfd_1x100.png HTTP/1.1" 200 47825
186.31.189.115 - - [29/Oct/2014:06:38:37 -0500] "GET /forest/img/jquery/ui-bg_glass_85_dfeffc_1x400.png HTTP/1.1" 200 50159
186.31.189.115 - - [29/Oct/2014:06:38:37 -0500] "GET /forest/img/jquery/ui-icons_6da8d5_256x240.png HTTP/1.1" 200 69971
186.31.189.115 - - [29/Oct/2014:06:38:37 -0500] "GET /forest/img/jquery/ui-bg_gloss-wave_55_5c9ccc_500x100.png HTTP/1.1" 200 58064
186.80.255.55 - - [29/Oct/2014:06:38:38 -0500] "GET /galeria/nivo-slider/demo/images/4Simple_Slider.png HTTP/1.1" 200 11722
186.31.189.115 - - [29/Oct/2014:06:38:38 -0500] "GET /forest/img/newdocs.gif HTTP/1.1" 200 433
186.31.189.115 - - [29/Oct/2014:06:38:38 -0500] "GET /forest/skins/gdocs-jar/img/doc-alert.gif HTTP/1.1" 200 370
186.31.189.115 - - [29/Oct/2014:06:38:39 -0500] "GET /forest/img/jquery/columnshide.gif HTTP/1.1" 200 591
186.31.189.115 - - [29/Oct/2014:06:38:39 -0500] "GET /forest/img/jquery/quitarfiltrar.gif HTTP/1.1" 200 1021
186.31.189.115 - - [29/Oct/2014:06:38:38 -0500] "GET /forest/img/jquery/ui-icons_d8e7f3_256x240.png HTTP/1.1" 200 70558
186.31.189.115 - - [29/Oct/2014:06:38:39 -0500] "GET /forest/img/jquery/save.gif HTTP/1.1" 200 1041
186.80.255.55 - - [29/Oct/2014:06:38:39 -0500] "GET /galeria/nivo-slider/themes/default/loading.gif HTTP/1.1" 200 1737
186.31.189.115 - - [29/Oct/2014:06:38:37 -0500] "GET /forest/img/jquery/ui-icons_469bdd_256x240.png HTTP/1.1" 200 70990
186.80.255.55 - - [29/Oct/2014:06:38:40 -0500] "GET /galeria/nivo-slider/demo/images/Banner-Caracol-Africano.jpg HTTP/1.1" 200 331986
186.80.255.55 - - [29/Oct/2014:06:38:40 -0500] "GET /galeria/nivo-slider/demo/images/banner-redes.jpg HTTP/1.1" 200 62209
186.80.255.55 - - [29/Oct/2014:06:38:43 -0500] "GET /galeria/nivo-slider/demo/images/9Signos.jpg HTTP/1.1" 200 93040
186.80.255.55 - - [29/Oct/2014:06:38:44 -0500] "GET /galeria/nivo-slider/demo/images/banner-llantas2.jpg HTTP/1.1" 200 73153
186.80.255.55 - - [29/Oct/2014:06:38:44 -0500] "GET /galeria/nivo-slider/demo/images/banner-caballos.png HTTP/1.1" 200 389106
186.80.255.55 - - [29/Oct/2014:06:38:44 -0500] "GET /galeria/nivo-slider/demo/images/Hacienda_Molinos.jpg HTTP/1.1" 200 319171
186.80.255.55 - - [29/Oct/2014:06:38:44 -0500] "GET /galeria/nivo-slider/demo/images/bannerEcolecta3.jpg HTTP/1.1" 200 280034
186.80.255.55 - - [29/Oct/2014:06:38:46 -0500] "GET /videos/Spot_Tinguas.flv HTTP/1.1" 200 2087054
186.80.255.55 - - [29/Oct/2014:06:38:56 -0500] "GET /galeria/nivo-slider/themes/default/arrows.png HTTP/1.1" 200 824
186.80.255.55 - - [29/Oct/2014:06:38:56 -0500] "GET /galeria/nivo-slider/themes/default/bullets.png HTTP/1.1" 200 1281
195.55.86.197 - - [29/Oct/2014:06:39:33 -0500] "GET /BLA/boletinlegal/js/jquery.scrollTo-min.js HTTP/1.1" 200 1150
195.55.86.197 - - [29/Oct/2014:06:39:34 -0500] "GET /BLA/boletinlegal/js/jquery.scrollShow.js HTTP/1.1" 200 4586
195.55.86.197 - - [29/Oct/2014:06:39:37 -0500] "GET /BLA/boletinlegal/js/jquery.js HTTP/1.1" 200 57254
201.245.192.253 - - [29/Oct/2014:06:39:46 -0500] "GET /plugins/like.php?app_id=&channel=http%3A%2F%2Fstatic.ak.facebook.com%2Fconnect%2Fxd_arbiter%2FLEdxGgtB9cN.js%3Fversion%3D40%23cb%3Df1996833a%26domain%3Dwww.cnsc.gov.co%26origin%3Dhttp%253A%252F%252Fwww.cnsc.gov.co%252Ff3c53b1978%26relation%3Dparent.parent&href=http%3A%2F%2Fwww.cnsc.gov.co%2Findex.php%2Fnoticias%2F304-nueva-aplicacion-para-dispositivos-moviles&layout=button_count&locale=es_LA&sdk=joey&send=false&show_faces=false&width=100 HTTP/1.1" 404 1250
201.245.192.253 - - [29/Oct/2014:06:39:52 -0500] "GET /plugins/like.php?app_id=&channel=http%3A%2F%2Fstatic.ak.facebook.com%2Fconnect%2Fxd_arbiter%2FLEdxGgtB9cN.js%3Fversion%3D40%23cb%3Df1996833a%26domain%3Dwww.cnsc.gov.co%26origin%3Dhttp%253A%252F%252Fwww.cnsc.gov.co%252Ff3c53b1978%26relation%3Dparent.parent&href=http%3A%2F%2Fwww.cnsc.gov.co%2Findex.php%2Fnoticias%2F304-nueva-aplicacion-para-dispositivos-moviles&layout=button_count&locale=es_LA&sdk=joey&send=false&show_faces=false&width=100 HTTP/1.1" 404 1358
186.31.189.115 - - [29/Oct/2014:06:39:54 -0500] "GET /forest/img/jquery/ui-bg_glass_75_d0e5f5_1x400.png HTTP/1.1" 200 50253
186.31.189.115 - - [29/Oct/2014:06:39:56 -0500] "GET /forest/skins/gdocs-jar/popup/popup.jsp?width=1100&height=500&title=Buscar%20documentos&uri=/forest/buscar.do%3Ftype%3Ddocumentos&name=undefined&_a=0.8895476837967109&a=0.4254170804968992 HTTP/1.1" 200 1300
186.31.189.115 - - [29/Oct/2014:06:39:56 -0500] "GET /forest/css/escritorio.css?version=1410.211635 HTTP/1.1" 304 -
186.31.189.115 - - [29/Oct/2014:06:39:56 -0500] "GET /forest/css/autocomplete.css?version=1410.211635 HTTP/1.1" 200 1662
186.31.189.115 - - [29/Oct/2014:06:39:56 -0500] "GET /forest/1ibre/jscalendar/calendar-win2k-1.css HTTP/1.1" 200 5986
186.31.189.115 - - [29/Oct/2014:06:39:56 -0500] "GET /forest/skins/gdocs-jar/css/tree.css?version=1410.211635 HTTP/1.1" 200 223
186.31.189.115 - - [29/Oct/2014:06:39:56 -0500] "GET /forest/buscar.do?type=documentos HTTP/1.1" 200 97230
186.31.189.115 - - [29/Oct/2014:06:39:57 -0500] "GET /forest/js/load_func.js?version=1410.211635 HTTP/1.1" 200 919
186.31.189.115 - - [29/Oct/2014:06:39:57 -0500] "GET /forest/js/dialog.js?version=1410.211635 HTTP/1.1" 200 4201
186.31.189.115 - - [29/Oct/2014:06:39:57 -0500] "GET /forest/js/escritorio/escritorio.js?version=1410.211635 HTTP/1.1" 200 8096
186.31.189.115 - - [29/Oct/2014:06:39:57 -0500] "GET /forest/js/internJS.js?version=1410.211635 HTTP/1.1" 200 3047
186.31.189.115 - - [29/Oct/2014:06:39:57 -0500] "GET /forest/1ibre/jscalendar/lang/calendar-es.js?version=1410.211635 HTTP/1.1" 200 3995
186.31.189.115 - - [29/Oct/2014:06:39:58 -0500] "GET /forest/1ibre/jscalendar/calendar-setup.js?version=1410.211635 HTTP/1.1" 200 8927
186.31.189.115 - - [29/Oct/2014:06:39:57 -0500] "GET /forest/js/autocompletar2.js?version=1410.211635 HTTP/1.1" 200 24092
186.31.189.115 - - [29/Oct/2014:06:39:57 -0500] "GET /forest/1ibre/protoaculous.js?version=1410.211635 HTTP/1.1" 200 151386
186.31.189.115 - - [29/Oct/2014:06:39:57 -0500] "GET /forest/1ibre/jscalendar/calendar.js?version=1410.211635 HTTP/1.1" 200 51363
186.31.189.115 - - [29/Oct/2014:06:39:57 -0500] "GET /forest/js/sarissa.js?version=1410.211635 HTTP/1.1" 200 27327
186.31.189.115 - - [29/Oct/2014:06:39:58 -0500] "GET /forest/js/xml_utilities.js?version=1410.211635 HTTP/1.1" 200 11451
186.31.189.115 - - [29/Oct/2014:06:39:59 -0500] "GET /forest/skins/gdocs-jar/img/top-search-icon.gif HTTP/1.1" 200 607
186.31.189.115 - - [29/Oct/2014:06:39:59 -0500] "GET /forest/skins/gdocs-jar/img/select.gif HTTP/1.1" 200 335
186.31.189.115 - - [29/Oct/2014:06:39:59 -0500] "GET /forest/skins/gdocs-jar/img/user_search.gif HTTP/1.1" 200 1491
190.253.128.10 - - [29/Oct/2014:06:40:01 -0500] "GET /POT-2013/Cartografia/09_EEP.pdf HTTP/1.1" 200 3326963
190.253.128.10 - - [29/Oct/2014:06:40:02 -0500] "GET /favicon.ico HTTP/1.1" 200 7782
190.253.128.10 - - [29/Oct/2014:06:40:02 -0500] "GET /POT-2013/Cartografia/09_EEP.pdf HTTP/1.1" 206 50163
186.31.189.115 - - [29/Oct/2014:06:39:58 -0500] "GET /forest/1ibre/1ibre.js?version=1410.211635 HTTP/1.1" 200 197648
190.253.128.10 - - [29/Oct/2014:06:40:02 -0500] "GET /POT-2013/Cartografia/09_EEP.pdf HTTP/1.1" 206 65536
190.253.128.10 - - [29/Oct/2014:06:40:02 -0500] "GET /POT-2013/Cartografia/09_EEP.pdf HTTP/1.1" 206 65536
190.253.128.10 - - [29/Oct/2014:06:40:03 -0500] "GET /POT-2013/Cartografia/09_EEP.pdf HTTP/1.1" 206 720896
190.253.128.10 - - [29/Oct/2014:06:40:03 -0500] "GET /POT-2013/Cartografia/09_EEP.pdf HTTP/1.1" 206 1310720
190.253.128.10 - - [29/Oct/2014:06:40:03 -0500] "GET /POT-2013/Cartografia/09_EEP.pdf HTTP/1.1" 206 65536
190.253.128.10 - - [29/Oct/2014:06:40:03 -0500] "GET /POT-2013/Cartografia/09_EEP.pdf HTTP/1.1" 206 131072
186.31.189.115 - - [29/Oct/2014:06:40:03 -0500] "GET /forest/1ibre/images/spacer.gif HTTP/1.1" 200 43
186.31.189.115 - - [29/Oct/2014:06:40:03 -0500] "GET /forest/skins/gdocs-jar/img/dependencia-tree.gif HTTP/1.1" 200 1039
186.31.189.115 - - [29/Oct/2014:06:40:03 -0500] "GET /forest/1ibre/images/minus.gif HTTP/1.1" 200 80
186.31.189.115 - - [29/Oct/2014:06:40:03 -0500] "GET /forest/1ibre/images/plus.gif HTTP/1.1" 200 88
186.31.189.115 - - [29/Oct/2014:06:40:03 -0500] "GET /forest/json.do?query=usersByDep&coddep=2013 HTTP/1.1" 200 7473
186.31.189.115 - - [29/Oct/2014:06:40:03 -0500] "GET /forest/1ibre/jscalendar/img.gif HTTP/1.1" 200 223
186.31.189.115 - - [29/Oct/2014:06:40:03 -0500] "GET /forest/json.do?query=usersByDep&coddep=2013 HTTP/1.1" 200 7473
201.245.192.253 - - [29/Oct/2014:06:40:05 -0500] "GET /plugins/like.php?app_id=&channel=http%3A%2F%2Fstatic.ak.facebook.com%2Fconnect%2Fxd_arbiter%2FLEdxGgtB9cN.js%3Fversion%3D40%23cb%3Df1996833a%26domain%3Dwww.cnsc.gov.co%26origin%3Dhttp%253A%252F%252Fwww.cnsc.gov.co%252Ff3c53b1978%26relation%3Dparent.parent&href=http%3A%2F%2Fwww.cnsc.gov.co%2Findex.php%2Fnoticias%2F304-nueva-aplicacion-para-dispositivos-moviles&layout=button_count&locale=es_LA&sdk=joey&send=false&show_faces=false&width=100 HTTP/1.1" 404 1382
190.253.128.10 - - [29/Oct/2014:06:40:06 -0500] "GET /POT-2013/Cartografia/09_EEP.pdf HTTP/1.1" 206 65536
190.253.128.10 - - [29/Oct/2014:06:40:06 -0500] "GET /POT-2013/Cartografia/09_EEP.pdf HTTP/1.1" 206 131072
190.253.128.10 - - [29/Oct/2014:06:40:06 -0500] "GET /POT-2013/Cartografia/09_EEP.pdf HTTP/1.1" 206 65536
190.253.128.10 - - [29/Oct/2014:06:40:06 -0500] "GET /POT-2013/Cartografia/09_EEP.pdf HTTP/1.1" 206 393216
190.253.128.10 - - [29/Oct/2014:06:40:06 -0500] "GET /POT-2013/Cartografia/09_EEP.pdf HTTP/1.1" 206 65536
66.249.64.171 - - [29/Oct/2014:06:40:08 -0500] "GET /BLA/resoluciones/RESOLUCIONES%202006/RES%202006%202151-2200/00002182.tif HTTP/1.1" 200 183962
190.156.142.56 - - [29/Oct/2014:06:40:22 -0500] "GET /galeria/nivo-slider/demo/demo.html HTTP/1.1" 200 3316
190.156.142.56 - - [29/Oct/2014:06:40:24 -0500] "GET /galeria/nivo-slider/demo/images/porloshumedales.jpg HTTP/1.1" 200 351238
190.156.142.56 - - [29/Oct/2014:06:40:24 -0500] "GET /galeria/nivo-slider/demo/images/banner-aceite3.jpg HTTP/1.1" 304 -
190.156.142.56 - - [29/Oct/2014:06:40:24 -0500] "GET /galeria/nivo-slider/demo/images/Tingua-azul.jpg HTTP/1.1" 304 -
190.156.142.56 - - [29/Oct/2014:06:40:24 -0500] "GET /galeria/nivo-slider/demo/images/mesTIC.jpg HTTP/1.1" 304 -
190.156.142.56 - - [29/Oct/2014:06:40:24 -0500] "GET /galeria/nivo-slider/demo/images/banner-redes.jpg HTTP/1.1" 304 -
190.156.142.56 - - [29/Oct/2014:06:40:24 -0500] "GET /galeria/nivo-slider/demo/images/Banner-Caracol-Africano.jpg HTTP/1.1" 304 -
190.156.142.56 - - [29/Oct/2014:06:40:24 -0500] "GET /galeria/nivo-slider/demo/images/bannerEcolecta3.jpg HTTP/1.1" 304 -
190.158.134.228 - - [29/Oct/2014:06:40:28 -0500] "GET /forest/index2.jsp?selected=tab_init&tab=1 HTTP/1.1" 200 45943
190.156.142.56 - - [29/Oct/2014:06:40:28 -0500] "GET /videos/Spot_Tinguas.flv HTTP/1.1" 200 2087054
190.158.134.228 - - [29/Oct/2014:06:40:29 -0500] "GET /forest/jsoptimized/gz/js/gdocsall-1410.211635.js HTTP/1.1" 304 -
190.158.134.228 - - [29/Oct/2014:06:40:29 -0500] "GET /forest/session.jsp?a=0.9403504590062428 HTTP/1.1" 200 4
190.158.134.228 - - [29/Oct/2014:06:40:29 -0500] "GET /forest/img/forestIcon.gif?version=1410.211635 HTTP/1.1" 200 573
54.244.57.150 - - [29/Oct/2014:06:40:42 -0500] "-" 408 -
54.244.57.150 - - [29/Oct/2014:06:40:42 -0500] "-" 408 -
54.244.57.150 - - [29/Oct/2014:06:40:42 -0500] "-" 408 -
190.254.28.83 - - [29/Oct/2014:06:40:48 -0500] "GET /BLA/boletinlegal/js/jquery.scrollTo-min.js HTTP/1.1" 200 1150
190.254.28.83 - - [29/Oct/2014:06:40:48 -0500] "GET /BLA/boletinlegal/js/jquery.scrollShow.js HTTP/1.1" 200 4586
190.254.28.83 - - [29/Oct/2014:06:40:50 -0500] "GET /BLA/boletinlegal/js/jquery.js HTTP/1.1" 200 57254
74.86.158.107 - - [29/Oct/2014:06:40:58 -0500] "HEAD / HTTP/1.1" 302 -
66.249.64.171 - - [29/Oct/2014:06:41:04 -0500] "GET /BLA/resoluciones/RESOLUCIONES%202002/RES%202002%201601-1650/20021602.tif HTTP/1.1" 200 43190
180.76.6.53 - - [29/Oct/2014:06:41:13 -0500] "GET /BLA/resoluciones/AUTOS%202010/6627.pdf HTTP/1.1" 200 155379
186.31.189.115 - - [29/Oct/2014:06:41:18 -0500] "POST /forest/buscar.do? HTTP/1.1" 200 5967
186.31.189.115 - - [29/Oct/2014:06:41:18 -0500] "GET /forest/css/escritorio.css HTTP/1.1" 200 15878
186.31.189.115 - - [29/Oct/2014:06:41:18 -0500] "GET /forest/img/nav_first.gif HTTP/1.1" 200 89
186.31.189.115 - - [29/Oct/2014:06:41:18 -0500] "GET /forest/img/nav_prev.gif HTTP/1.1" 200 109
186.31.189.115 - - [29/Oct/2014:06:41:18 -0500] "GET /forest/img/nav_next.gif HTTP/1.1" 200 111
186.31.189.115 - - [29/Oct/2014:06:41:18 -0500] "GET /forest/img/nav_last.gif HTTP/1.1" 200 92
186.31.189.115 - - [29/Oct/2014:06:41:18 -0500] "GET /forest/skins/gdocs-jar/img/eye.gif HTTP/1.1" 200 396
186.31.189.115 - - [29/Oct/2014:06:41:18 -0500] "GET /forest/skins/gdocs-jar/img/more_details.gif HTTP/1.1" 200 617
186.31.189.115 - - [29/Oct/2014:06:41:23 -0500] "GET /forest/skins/gdocs-jar/popup/popup.jsp?width=850&height=380&title=Informaci%F3n%20del%20radicado&uri=/forest/system/document.jsp%3FcodDoc%3D1937229&name=undefined&_a=0.3973719374875323&a=0.06159947918210462 HTTP/1.1" 200 1315
186.31.189.115 - - [29/Oct/2014:06:41:23 -0500] "GET /forest/system/document.jsp?codDoc=1937229 HTTP/1.1" 200 13829
186.31.189.115 - - [29/Oct/2014:06:41:23 -0500] "GET /forest/css/dialog.css HTTP/1.1" 200 1100
186.31.189.115 - - [29/Oct/2014:06:41:23 -0500] "GET /forest/css/index.css HTTP/1.1" 200 1900
186.31.189.115 - - [29/Oct/2014:06:41:23 -0500] "GET /forest/1ibre/protoaculous.js HTTP/1.1" 200 151386
187.213.199.145 - - [29/Oct/2014:06:41:25 -0500] "GET /BLA/resoluciones/RESOLUCIONES%202007/RES%202007%201001%20AL%201100/RESOLUCION%201008%20DE%202007.pdf HTTP/1.1" 200 416962
186.31.189.115 - - [29/Oct/2014:06:41:23 -0500] "GET /forest/1ibre/1ibre.js HTTP/1.1" 200 197648
186.31.189.115 - - [29/Oct/2014:06:41:27 -0500] "GET /forest/skins/gdocs-jar/img/icons/xlsx.gif HTTP/1.1" 200 1039
186.31.189.115 - - [29/Oct/2014:06:41:27 -0500] "GET /forest/skins/gdocs-jar/img/alert.gif HTTP/1.1" 200 595
186.31.189.115 - - [29/Oct/2014:06:41:35 -0500] "GET /forest/documentos/1937229/2014ER166848.xlsx HTTP/1.1" 200 285920
66.249.64.39 - - [29/Oct/2014:06:41:40 -0500] "GET /htdocs/FBBVA/Premios/tlfb_pbiod_i_b_bot_bases.htm HTTP/1.1" 404 1019
187.213.199.145 - - [29/Oct/2014:06:41:43 -0500] "GET /BLA/resoluciones/RESOLUCIONES%202007/RES%202007%201001%20AL%201100/RESOLUCION%201008%20DE%202007.pdf HTTP/1.1" 206 32768
66.249.64.43 - - [29/Oct/2014:06:41:46 -0500] "GET /htdocs/gallery2/g2data/cache/derivative/2/4/240-meta.inc HTTP/1.1" 404 1019
180.76.6.152 - - [29/Oct/2014:06:42:02 -0500] "GET /BLA/resoluciones/AUTOS%202009/1197.pdf HTTP/1.1" 200 124904
66.249.64.43 - - [29/Oct/2014:06:42:02 -0500] "GET /Anexos%20estudio%20Organizacional%20SDA/ANEXO%20No.%201-%20NORMAS%20LEGALES%20DE%20ESTRUCTURA%20Y%20PLANTA/Decreto%20673%20de%201995%20Reestructura%20el%20DAMA_files/jquery-1.js HTTP/1.1" 200 57254
66.249.64.39 - - [29/Oct/2014:06:42:03 -0500] "GET /Anexos%20estudio%20Organizacional%20SDA/ANEXO%20No.%201-%20NORMAS%20LEGALES%20DE%20ESTRUCTURA%20Y%20PLANTA/Decreto%20673%20de%201995%20Reestructura%20el%20DAMA_files/jquery.js HTTP/1.1" 200 18179
190.158.134.228 - - [29/Oct/2014:06:42:06 -0500] "GET /forest/logout-redirect.jsp HTTP/1.1" 302 -
190.158.134.228 - - [29/Oct/2014:06:42:06 -0500] "GET /forest/login.do HTTP/1.1" 200 10924
190.158.134.228 - - [29/Oct/2014:06:42:06 -0500] "GET /forest/jsoptimized/gz/js/gdocsall-1410.211635.js HTTP/1.1" 304 -
190.158.134.228 - - [29/Oct/2014:06:42:06 -0500] "GET /forest/img/forestIcon.gif?version=1410.211635 HTTP/1.1" 200 573
152.204.49.196 - - [29/Oct/2014:06:42:24 -0500] "GET /BLA/boletinlegal/js/jquery.js HTTP/1.1" 200 57254
152.204.49.196 - - [29/Oct/2014:06:42:24 -0500] "GET /BLA/boletinlegal/js/jquery.scrollShow.js HTTP/1.1" 200 4586
152.204.49.196 - - [29/Oct/2014:06:42:24 -0500] "GET /BLA/boletinlegal/js/jquery.scrollTo-min.js HTTP/1.1" 200 1150
66.249.64.47 - - [29/Oct/2014:06:42:30 -0500] "GET /PORTAL_SIAC/swf/counter4.swf HTTP/1.1" 200 58006
66.249.64.43 - - [29/Oct/2014:06:42:40 -0500] "GET /Anexos%20estudio%20Organizacional%20SDA/ANEXO%20No.%201-%20NORMAS%20LEGALES%20DE%20ESTRUCTURA%20Y%20PLANTA/Decreto%20673%20de%201995%20Reestructura%20el%20DAMA_files/jquery.css HTTP/1.1" 200 4557
141.0.9.191 - - [29/Oct/2014:06:43:12 -0500] "GET /BLA/boletinlegal/js/jquery.js HTTP/1.1" 200 57254
141.0.9.191 - - [29/Oct/2014:06:43:13 -0500] "GET /BLA/boletinlegal/js/jquery.scrollTo-min.js HTTP/1.1" 200 1150
141.0.9.191 - - [29/Oct/2014:06:43:13 -0500] "GET /BLA/boletinlegal/js/jquery.scrollShow.js HTTP/1.1" 200 4586
186.118.146.34 - - [29/Oct/2014:06:43:30 -0500] "GET /BLA/boletinlegal/js/jquery.js HTTP/1.1" 200 57254
186.118.146.34 - - [29/Oct/2014:06:43:30 -0500] "GET /BLA/boletinlegal/js/jquery.scrollTo-min.js HTTP/1.1" 200 1150
186.118.146.34 - - [29/Oct/2014:06:43:30 -0500] "GET /BLA/boletinlegal/js/jquery.scrollShow.js HTTP/1.1" 200 4586
186.31.189.115 - - [29/Oct/2014:06:43:37 -0500] "GET /forest/session.jsp?a=0.5917836752754362 HTTP/1.1" 200 4
66.249.64.163 - - [29/Oct/2014:06:44:00 -0500] "GET /BLA/resoluciones/RESOLUCIONES%202012/1557.pdf HTTP/1.1" 304 -
66.249.64.163 - - [29/Oct/2014:06:44:02 -0500] "GET /BLA/resoluciones/RESOLUCIONES%202010/1654.pdf HTTP/1.1" 200 434489
66.249.64.163 - - [29/Oct/2014:06:44:04 -0500] "GET /BLA/resoluciones/RESOLUCIONES%202010/5964.pdf HTTP/1.1" 200 305148
66.249.64.171 - - [29/Oct/2014:06:44:07 -0500] "GET /BLA/resoluciones/index.php?dir=AUTOS+2008%2F HTTP/1.1" 200 569480
201.245.192.253 - - [29/Oct/2014:06:44:08 -0500] "GET /fr/u.php?p=418865601488577&m=ec975449-8ace-4800-bc02-e0f8c5e86115 HTTP/1.1" 404 1706
66.249.64.167 - - [29/Oct/2014:06:44:09 -0500] "GET /autoliquidacion/Grupo%20Forestal%20-%20Industria%20de%20la%20Madera/Instructivo%20para%20Diligenciamiento%20Formulario%20Relaci%C3%B3n%20de.pdf HTTP/1.1" 200 123170
66.249.64.163 - - [29/Oct/2014:06:44:11 -0500] "GET /BLA/resoluciones/RESOLUCIONES%202011/2434.pdf HTTP/1.1" 200 755144
66.249.64.171 - - [29/Oct/2014:06:44:13 -0500] "GET /BLA/resoluciones/RESOLUCIONES%202009/1065.pdf HTTP/1.1" 200 141276
66.249.64.171 - - [29/Oct/2014:06:44:17 -0500] "GET /BLA/resoluciones/RESOLUCIONES%202009/3298.pdf HTTP/1.1" 200 599365
66.249.64.171 - - [29/Oct/2014:06:44:21 -0500] "GET /BLA/resoluciones/RESOLUCIONES%202011/0288.pdf HTTP/1.1" 200 85805
66.249.64.171 - - [29/Oct/2014:06:44:25 -0500] "GET /BLA/resoluciones/AUTOS%202011/2028.pdf HTTP/1.1" 200 143721
66.249.64.163 - - [29/Oct/2014:06:44:26 -0500] "GET /BLA/resoluciones/RESOLUCIONES%202010/1592.pdf HTTP/1.1" 200 384276
180.76.6.51 - - [29/Oct/2014:06:44:27 -0500] "GET /BLA/resoluciones/AUTOS%202011/4286.pdf HTTP/1.1" 200 268409
66.249.64.163 - - [29/Oct/2014:06:44:30 -0500] "GET /BLA/resoluciones/RESOLUCIONES%202011/1387.pdf HTTP/1.1" 200 75771
66.249.64.163 - - [29/Oct/2014:06:44:34 -0500] "GET /BLA/resoluciones/RESOLUCIONES%202010/7105.pdf HTTP/1.1" 200 74067
201.245.192.253 - - [29/Oct/2014:06:44:37 -0500] "GET /fr/u.php?t=2592000&p=443937282305007&m=ZTdmNGM2YzIyNWU3N2VlNjJhZDhiMWY5M2I1Yjc0Mjg HTTP/1.1" 404 1316
66.249.64.171 - - [29/Oct/2014:06:44:38 -0500] "GET /BLA/resoluciones/RESOLUCIONES%202009/5858.pdf HTTP/1.1" 200 49868
66.249.64.167 - - [29/Oct/2014:06:44:42 -0500] "GET /BLA/resoluciones/RESOLUCIONES%202007/RES%202007%203401%20AL%203500/RESOLUCION%203429%20DE%202007.pdf HTTP/1.1" 200 826936
47.60.36.144 - - [29/Oct/2014:06:44:46 -0500] "GET /BLA/resoluciones/RESOLUCIONES%202007/RES%202007%202801%20AL%202900/RESOLUCION%202874%20DE%202007.pdf HTTP/1.1" 200 3901613
66.249.64.167 - - [29/Oct/2014:06:44:47 -0500] "GET /BLA/resoluciones/RESOLUCIONES%202011/1421.pdf HTTP/1.1" 200 75385
47.60.36.144 - - [29/Oct/2014:06:44:48 -0500] "GET /BLA/resoluciones/RESOLUCIONES%202007/RES%202007%202801%20AL%202900/RESOLUCION%202874%20DE%202007.pdf HTTP/1.1" 200 3901613
66.249.64.171 - - [29/Oct/2014:06:44:51 -0500] "GET /BLA/resoluciones/RESOLUCIONES%202010/4691.pdf HTTP/1.1" 200 748035
66.249.64.163 - - [29/Oct/2014:06:44:55 -0500] "GET /BLA/resoluciones/RESOLUCIONES%202010/6766.pdf HTTP/1.1" 200 265324
190.253.128.10 - - [29/Oct/2014:06:44:58 -0500] "GET /POT-2013/Cartografia/09_EEP.pdf HTTP/1.1" 206 3092045
190.253.128.10 - - [29/Oct/2014:06:44:59 -0500] "GET /POT-2013/Cartografia/09_EEP.pdf HTTP/1.1" 206 50163
66.249.64.167 - - [29/Oct/2014:06:44:59 -0500] "GET /BLA/resoluciones/RESOLUCIONES%202010/3483.pdf HTTP/1.1" 200 512239
190.253.128.10 - - [29/Oct/2014:06:44:59 -0500] "GET /POT-2013/Cartografia/09_EEP.pdf HTTP/1.1" 206 65536
190.253.128.10 - - [29/Oct/2014:06:44:59 -0500] "GET /POT-2013/Cartografia/09_EEP.pdf HTTP/1.1" 206 524288
190.253.128.10 - - [29/Oct/2014:06:44:59 -0500] "GET /POT-2013/Cartografia/09_EEP.pdf HTTP/1.1" 206 1310720
190.253.128.10 - - [29/Oct/2014:06:44:59 -0500] "GET /POT-2013/Cartografia/09_EEP.pdf HTTP/1.1" 206 65536
190.253.128.10 - - [29/Oct/2014:06:44:59 -0500] "GET /POT-2013/Cartografia/09_EEP.pdf HTTP/1.1" 206 131072
190.253.128.10 - - [29/Oct/2014:06:45:03 -0500] "GET /POT-2013/Cartografia/09_EEP.pdf HTTP/1.1" 206 65536
190.253.128.10 - - [29/Oct/2014:06:45:03 -0500] "GET /POT-2013/Cartografia/09_EEP.pdf HTTP/1.1" 206 458752
190.253.128.10 - - [29/Oct/2014:06:45:03 -0500] "GET /POT-2013/Cartografia/09_EEP.pdf HTTP/1.1" 206 65536
66.249.64.171 - - [29/Oct/2014:06:45:03 -0500] "GET /BLA/resoluciones/RESOLUCIONES%202009/5405.pdf HTTP/1.1" 200 497207
180.76.5.191 - - [29/Oct/2014:06:45:07 -0500] "GET /BLA/resoluciones/AUTOS%202009/3261.pdf HTTP/1.1" 200 221938
66.249.64.167 - - [29/Oct/2014:06:45:08 -0500] "GET /BLA/resoluciones/RESOLUCIONES%202010/6848.pdf HTTP/1.1" 200 1717176
66.249.64.171 - - [29/Oct/2014:06:45:12 -0500] "GET /BLA/resoluciones/RESOLUCIONES%202010/3605.pdf HTTP/1.1" 200 501037
66.249.64.167 - - [29/Oct/2014:06:45:16 -0500] "GET /BLA/resoluciones/RESOLUCIONES%202007/RES%202007%201001%20AL%201100/RESOLUCION%201068%20DE%202007.pdf HTTP/1.1" 200 229216
66.249.64.167 - - [29/Oct/2014:06:45:20 -0500] "GET /BLA/resoluciones/RESOLUCIONES%202011/2690.pdf HTTP/1.1" 200 752504
66.249.64.167 - - [29/Oct/2014:06:45:24 -0500] "GET /BLA/resoluciones/RESOLUCIONES%202011/2208.pdf HTTP/1.1" 200 478131
66.249.64.163 - - [29/Oct/2014:06:45:29 -0500] "GET /BLA/resoluciones/RESOLUCIONES%202010/6534.pdf HTTP/1.1" 200 86739
66.249.64.171 - - [29/Oct/2014:06:45:33 -0500] "GET /BLA/resoluciones/RESOLUCIONES%202008/5264.pdf HTTP/1.1" 200 336346
66.249.64.171 - - [29/Oct/2014:06:45:37 -0500] "GET /BLA/resoluciones/RESOLUCIONES%202011/1355.pdf HTTP/1.1" 200 64653
66.249.64.171 - - [29/Oct/2014:06:45:41 -0500] "GET /BLA/resoluciones/RESOLUCIONES%202011/2854.pdf HTTP/1.1" 200 702468
66.249.64.167 - - [29/Oct/2014:06:45:46 -0500] "GET /BLA/resoluciones/RESOLUCIONES%202009/4337.pdf HTTP/1.1" 200 61342
66.249.64.167 - - [29/Oct/2014:06:45:50 -0500] "GET /BLA/resoluciones/RESOLUCIONES%202009/2978.pdf HTTP/1.1" 200 473371
66.249.64.167 - - [29/Oct/2014:06:45:54 -0500] "GET /BLA/resoluciones/RESOLUCIONES%202009/3855.pdf HTTP/1.1" 200 48854
66.249.64.163 - - [29/Oct/2014:06:45:58 -0500] "GET /BLA/resoluciones/RESOLUCIONES%202010/4324.pdf HTTP/1.1" 200 51734
74.86.158.107 - - [29/Oct/2014:06:45:58 -0500] "HEAD / HTTP/1.1" 302 -
190.127.234.117 - - [29/Oct/2014:06:46:01 -0500] "GET /BLA/boletinlegal/js/jquery.js HTTP/1.1" 200 57254
190.127.234.117 - - [29/Oct/2014:06:46:01 -0500] "GET /BLA/boletinlegal/js/jquery.scrollTo-min.js HTTP/1.1" 200 1150
190.127.234.117 - - [29/Oct/2014:06:46:02 -0500] "GET /BLA/boletinlegal/js/jquery.scrollShow.js HTTP/1.1" 200 4586
66.249.64.163 - - [29/Oct/2014:06:46:02 -0500] "GET /BLA/resoluciones/RESOLUCIONES%202010/6758.pdf HTTP/1.1" 200 234571
66.249.64.163 - - [29/Oct/2014:06:46:06 -0500] "GET /BLA/resoluciones/RESOLUCIONES%202009/1440.pdf HTTP/1.1" 200 483168
66.249.64.163 - - [29/Oct/2014:06:46:11 -0500] "GET /BLA/resoluciones/RESOLUCIONES%202011/1224.pdf HTTP/1.1" 200 514750
66.249.64.167 - - [29/Oct/2014:06:46:15 -0500] "GET /BLA/resoluciones/AUTOS%202009/0100.pdf HTTP/1.1" 200 102991
66.249.64.171 - - [29/Oct/2014:06:46:24 -0500] "GET /BLA/resoluciones/RESOLUCIONES%202011/1166.pdf HTTP/1.1" 200 388559
66.249.64.167 - - [29/Oct/2014:06:46:25 -0500] "GET /BLA/resoluciones/RESOLUCIONES%202009/0332.pdf HTTP/1.1" 200 323162
66.249.64.43 - - [29/Oct/2014:06:46:26 -0500] "GET /Anexos%20estudio%20Organizacional%20SDA/ANEXO%20No.%201-%20NORMAS%20LEGALES%20DE%20ESTRUCTURA%20Y%20PLANTA/Decreto%20673%20de%201995%20Reestructura%20el%20DAMA_files/AjaxRequest.js HTTP/1.1" 200 17069
66.249.64.167 - - [29/Oct/2014:06:46:28 -0500] "GET /BLA/resoluciones/AUTOS%202009/2963.pdf HTTP/1.1" 200 105585
66.249.64.167 - - [29/Oct/2014:06:46:32 -0500] "GET /BLA/resoluciones/RESOLUCIONES%202010/7300.pdf HTTP/1.1" 200 335297
66.249.64.167 - - [29/Oct/2014:06:46:36 -0500] "GET /BLA/resoluciones/AUTOS%202009/2781.pdf HTTP/1.1" 200 88313
66.249.64.167 - - [29/Oct/2014:06:46:40 -0500] "GET /BLA/resoluciones/RESOLUCIONES%202010/1156.pdf HTTP/1.1" 200 98335
66.249.64.171 - - [29/Oct/2014:06:46:44 -0500] "GET /BLA/resoluciones/RESOLUCIONES%202009/2942.pdf HTTP/1.1" 200 657938
66.249.64.163 - - [29/Oct/2014:06:46:49 -0500] "GET /BLA/resoluciones/AUTOS%202012/0209.pdf HTTP/1.1" 200 163515
66.249.64.163 - - [29/Oct/2014:06:46:53 -0500] "GET /BLA/resoluciones/RESOLUCIONES%202010/0825.pdf HTTP/1.1" 200 97737
66.249.64.171 - - [29/Oct/2014:06:46:57 -0500] "GET /BLA/resoluciones/RESOLUCIONES%202010/6540.pdf HTTP/1.1" 200 305121
66.249.64.171 - - [29/Oct/2014:06:47:01 -0500] "GET /BLA/resoluciones/RESOLUCIONES%202008/3679.pdf HTTP/1.1" 200 89910
66.249.64.163 - - [29/Oct/2014:06:47:05 -0500] "GET /BLA/resoluciones/RESOLUCIONES%202010/0593.pdf HTTP/1.1" 200 505467
66.249.64.167 - - [29/Oct/2014:06:47:10 -0500] "GET /BLA/resoluciones/RESOLUCIONES%202010/0634.pdf HTTP/1.1" 200 532051
66.249.64.167 - - [29/Oct/2014:06:47:14 -0500] "GET /BLA/resoluciones/RESOLUCIONES%202010/2560.pdf HTTP/1.1" 200 508223
66.249.64.163 - - [29/Oct/2014:06:47:18 -0500] "GET /BLA/resoluciones/RESOLUCIONES%202009/0288.pdf HTTP/1.1" 200 517776
66.249.64.167 - - [29/Oct/2014:06:47:22 -0500] "GET /BLA/resoluciones/AUTOS%202008/1843.pdf HTTP/1.1" 200 293544
66.249.64.167 - - [29/Oct/2014:06:47:26 -0500] "GET /BLA/resoluciones/RESOLUCIONES%202009/9023.pdf HTTP/1.1" 200 516527
66.249.64.163 - - [29/Oct/2014:06:47:31 -0500] "GET /BLA/resoluciones/AUTOS%202009/2123.pdf HTTP/1.1" 200 94272
66.249.64.163 - - [29/Oct/2014:06:47:35 -0500] "GET /BLA/resoluciones/AUTOS%202009/0977.pdf HTTP/1.1" 200 193463
66.249.64.167 - - [29/Oct/2014:06:47:39 -0500] "GET /BLA/resoluciones/RESOLUCIONES%202010/1661.pdf HTTP/1.1" 200 433745
66.249.64.163 - - [29/Oct/2014:06:47:43 -0500] "GET /BLA/resoluciones/RESOLUCIONES%202007/RES%202007%202901%20AL%203000/RESOLUCION%202973%20DE%202007.pdf HTTP/1.1" 200 515556
66.249.64.171 - - [29/Oct/2014:06:47:48 -0500] "GET /BLA/resoluciones/AUTOS%202009/1841.pdf HTTP/1.1" 200 103078
66.249.64.163 - - [29/Oct/2014:06:47:52 -0500] "GET /BLA/resoluciones/AUTOS%202012/1862.pdf HTTP/1.1" 200 267845
66.249.64.171 - - [29/Oct/2014:06:47:56 -0500] "GET /BLA/resoluciones/RESOLUCIONES%202009/2378.pdf HTTP/1.1" 200 339870
66.249.64.167 - - [29/Oct/2014:06:48:00 -0500] "GET /BLA/resoluciones/RESOLUCIONES%202010/3472.pdf HTTP/1.1" 200 518393
66.249.64.171 - - [29/Oct/2014:06:48:04 -0500] "GET /BLA/resoluciones/RESOLUCIONES%202009/2763.pdf HTTP/1.1" 200 435091
66.249.64.167 - - [29/Oct/2014:06:48:09 -0500] "GET /BLA/resoluciones/RESOLUCIONES%202008/5557.pdf HTTP/1.1" 200 68774
66.249.64.163 - - [29/Oct/2014:06:48:13 -0500] "GET /BLA/resoluciones/RESOLUCIONES%202010/0400.pdf HTTP/1.1" 200 92487
66.249.64.167 - - [29/Oct/2014:06:48:17 -0500] "GET /BLA/resoluciones/RESOLUCIONES%202009/0075.pdf HTTP/1.1" 200 220967
200.93.167.43 - - [29/Oct/2014:06:48:19 -0500] "GET /BLA/boletinlegal/js/jquery.scrollTo-min.js HTTP/1.1" 304 -
200.93.167.43 - - [29/Oct/2014:06:48:19 -0500] "GET /BLA/boletinlegal/js/jquery.js HTTP/1.1" 304 -
200.93.167.43 - - [29/Oct/2014:06:48:19 -0500] "GET /BLA/boletinlegal/js/jquery.scrollShow.js HTTP/1.1" 304 -
66.249.64.163 - - [29/Oct/2014:06:48:21 -0500] "GET /BLA/resoluciones/RESOLUCIONES%202011/5151.pdf HTTP/1.1" 200 466581
66.249.64.167 - - [29/Oct/2014:06:48:25 -0500] "GET /BLA/resoluciones/RESOLUCIONES%202009/1345.pdf HTTP/1.1" 200 491677
66.249.64.167 - - [29/Oct/2014:06:48:29 -0500] "GET /BLA/resoluciones/RESOLUCIONES%202009/3927.pdf HTTP/1.1" 200 101552
66.249.64.171 - - [29/Oct/2014:06:48:34 -0500] "GET /BLA/resoluciones/RESOLUCIONES%202010/3632.pdf HTTP/1.1" 200 771579
66.249.64.171 - - [29/Oct/2014:06:48:38 -0500] "GET /BLA/resoluciones/RESOLUCIONES%202010/3844.pdf HTTP/1.1" 200 1054762
186.31.189.115 - - [29/Oct/2014:06:48:38 -0500] "GET /forest/session.jsp?a=0.6743628601165716 HTTP/1.1" 200 4
66.249.64.171 - - [29/Oct/2014:06:48:42 -0500] "GET /BLA/resoluciones/RESOLUCIONES%202010/2692.pdf HTTP/1.1" 200 269965
66.249.64.171 - - [29/Oct/2014:06:48:46 -0500] "GET /BLA/resoluciones/RESOLUCIONES%202010/2757.pdf HTTP/1.1" 200 502451
201.245.192.253 - - [29/Oct/2014:06:48:48 -0500] "GET /forest/skins/gdocs-jar/js/autocompletar2.js?version=1410.211635 HTTP/1.1" 304 -
66.249.64.171 - - [29/Oct/2014:06:48:51 -0500] "GET /BLA/resoluciones/AUTOS%202009/2593.pdf HTTP/1.1" 200 93009
66.249.64.163 - - [29/Oct/2014:06:48:55 -0500] "GET /BLA/resoluciones/RESOLUCIONES%202010/1781.pdf HTTP/1.1" 200 538849
66.249.64.163 - - [29/Oct/2014:06:48:59 -0500] "GET /BLA/resoluciones/RESOLUCIONES%202009/0285.pdf HTTP/1.1" 200 238278
66.249.64.167 - - [29/Oct/2014:06:49:03 -0500] "GET /BLA/resoluciones/AUTOS%202009/2771.pdf HTTP/1.1" 200 100303
66.249.64.167 - - [29/Oct/2014:06:49:07 -0500] "GET /BLA/resoluciones/RESOLUCIONES%202009/2799.pdf HTTP/1.1" 200 406713
66.249.64.167 - - [29/Oct/2014:06:49:12 -0500] "GET /BLA/resoluciones/RESOLUCIONES%202009/8314.pdf HTTP/1.1" 200 400034
66.249.64.171 - - [29/Oct/2014:06:49:16 -0500] "GET /BLA/resoluciones/AUTOS%202009/3408.pdf HTTP/1.1" 200 97104
66.249.64.171 - - [29/Oct/2014:06:49:20 -0500] "GET /BLA/resoluciones/RESOLUCIONES%202009/5849.pdf HTTP/1.1" 200 102084
66.249.64.167 - - [29/Oct/2014:06:49:24 -0500] "GET /BLA/resoluciones/RESOLUCIONES%202010/6891.pdf HTTP/1.1" 200 1302271
66.249.64.171 - - [29/Oct/2014:06:49:28 -0500] "GET /BLA/resoluciones/RESOLUCIONES%202009/3346.pdf HTTP/1.1" 200 726930
66.249.64.167 - - [29/Oct/2014:06:49:33 -0500] "GET /BLA/resoluciones/AUTOS%202009/2714.pdf HTTP/1.1" 200 108953
66.249.64.167 - - [29/Oct/2014:06:49:37 -0500] "GET /BLA/resoluciones/RESOLUCIONES%202009/7103.pdf HTTP/1.1" 200 174760
66.249.64.163 - - [29/Oct/2014:06:49:41 -0500] "GET /BLA/resoluciones/AUTOS%202009/1560.pdf HTTP/1.1" 200 122253
66.249.64.171 - - [29/Oct/2014:06:49:45 -0500] "GET /BLA/resoluciones/RESOLUCIONES%202010/3278.pdf HTTP/1.1" 200 745015
66.249.64.167 - - [29/Oct/2014:06:49:49 -0500] "GET /BLA/resoluciones/RESOLUCIONES%202010/0481.pdf HTTP/1.1" 200 103908
66.249.64.171 - - [29/Oct/2014:06:49:54 -0500] "GET /BLA/resoluciones/RESOLUCIONES%202010/0091.pdf HTTP/1.1" 200 500069
66.249.64.163 - - [29/Oct/2014:06:49:58 -0500] "GET /BLA/resoluciones/RESOLUCIONES%202009/2571.pdf HTTP/1.1" 200 507655
66.249.64.171 - - [29/Oct/2014:06:50:02 -0500] "GET /BLA/resoluciones/RESOLUCIONES%202009/4493.pdf HTTP/1.1" 200 492841
66.249.64.163 - - [29/Oct/2014:06:50:06 -0500] "GET /BLA/resoluciones/AUTOS%202009/0249.pdf HTTP/1.1" 200 86776
66.249.64.171 - - [29/Oct/2014:06:50:11 -0500] "GET /BLA/resoluciones/RESOLUCIONES%202008/2352.pdf HTTP/1.1" 200 281086
66.249.64.171 - - [29/Oct/2014:06:50:15 -0500] "GET /BLA/resoluciones/RESOLUCIONES%202010/2012.pdf HTTP/1.1" 200 335888
66.249.64.163 - - [29/Oct/2014:06:50:19 -0500] "GET /BLA/resoluciones/RESOLUCIONES%202009/3195.pdf HTTP/1.1" 200 351162
66.249.64.171 - - [29/Oct/2014:06:50:20 -0500] "GET /BLA/resoluciones/RESOLUCIONES%202007/RES%202007%203901%20AL%204000/RESOLUCION%203924%20DE%202007.pdf HTTP/1.1" 200 746334
66.249.64.167 - - [29/Oct/2014:06:50:23 -0500] "GET /BLA/resoluciones/AUTOS%202009/0561.pdf HTTP/1.1" 200 121651
200.116.112.41 - - [29/Oct/2014:06:50:26 -0500] "GET /BLA/boletinlegal/js/jquery.scrollTo-min.js HTTP/1.0" 200 1150
200.116.112.41 - - [29/Oct/2014:06:50:27 -0500] "GET /BLA/boletinlegal/js/jquery.scrollShow.js HTTP/1.0" 200 4586
200.116.112.41 - - [29/Oct/2014:06:50:27 -0500] "GET /BLA/boletinlegal/js/jquery.js HTTP/1.0" 200 57254
66.249.64.163 - - [29/Oct/2014:06:50:27 -0500] "GET /BLA/resoluciones/RESOLUCIONES%202010/4607.pdf HTTP/1.1" 200 892756
66.249.64.163 - - [29/Oct/2014:06:50:31 -0500] "GET /BLA/resoluciones/RESOLUCIONES%202009/0495.pdf HTTP/1.1" 200 181430
66.249.64.167 - - [29/Oct/2014:06:50:36 -0500] "GET /BLA/resoluciones/RESOLUCIONES%202010/0882.pdf HTTP/1.1" 200 101994
66.249.64.171 - - [29/Oct/2014:06:50:40 -0500] "GET /BLA/resoluciones/RESOLUCIONES%202011/0671.pdf HTTP/1.1" 200 68301
66.249.64.163 - - [29/Oct/2014:06:50:44 -0500] "GET /BLA/resoluciones/RESOLUCIONES%202011/1488.pdf HTTP/1.1" 200 70807
66.249.64.167 - - [29/Oct/2014:06:50:48 -0500] "GET /BLA/resoluciones/RESOLUCIONES%202009/6653.pdf HTTP/1.1" 200 411234
66.249.64.167 - - [29/Oct/2014:06:50:53 -0500] "GET /BLA/resoluciones/RESOLUCIONES%202008/5047.pdf HTTP/1.1" 200 226086
66.249.64.171 - - [29/Oct/2014:06:50:57 -0500] "GET /BLA/resoluciones/RESOLUCIONES%202009/1121.pdf HTTP/1.1" 200 17734
186.84.9.21 - - [29/Oct/2014:06:50:58 -0500] "GET /isolucionsda/Session.asp HTTP/1.1" 502 1348
74.86.158.107 - - [29/Oct/2014:06:50:58 -0500] "HEAD / HTTP/1.1" 302 -
66.249.64.171 - - [29/Oct/2014:06:51:01 -0500] "GET /BLA/resoluciones/RESOLUCIONES%202010/2284.pdf HTTP/1.1" 200 57292
66.249.64.167 - - [29/Oct/2014:06:51:05 -0500] "GET /BLA/resoluciones/AUTOS%202007/1828.pdf HTTP/1.1" 200 30807
66.249.64.163 - - [29/Oct/2014:06:51:09 -0500] "GET /BLA/resoluciones/AUTOS%202007/0569.pdf HTTP/1.1" 200 215843
66.249.64.171 - - [29/Oct/2014:06:51:14 -0500] "GET /BLA/resoluciones/RESOLUCIONES%202009/3238.pdf HTTP/1.1" 200 849061
66.249.64.167 - - [29/Oct/2014:06:51:18 -0500] "GET /BLA/resoluciones/AUTOS%202008/2506.pdf HTTP/1.1" 200 97617
66.249.64.163 - - [29/Oct/2014:06:51:22 -0500] "GET /BLA/resoluciones/AUTOS%202012/0298.pdf HTTP/1.1" 200 224511
186.170.253.8 - - [29/Oct/2014:06:51:24 -0500] "GET /BLA/boletinlegal/js/jquery.js HTTP/1.1" 200 57254
186.170.253.8 - - [29/Oct/2014:06:51:24 -0500] "GET /BLA/boletinlegal/js/jquery.scrollTo-min.js HTTP/1.1" 200 1150
186.170.253.8 - - [29/Oct/2014:06:51:24 -0500] "GET /BLA/boletinlegal/js/jquery.scrollShow.js HTTP/1.1" 200 4586
66.249.64.167 - - [29/Oct/2014:06:51:26 -0500] "GET /BLA/resoluciones/RESOLUCIONES%202009/4875.pdf HTTP/1.1" 200 567481
66.249.64.163 - - [29/Oct/2014:06:51:28 -0500] "GET /BLA/resoluciones/AUTOS%202008/2917.pdf HTTP/1.1" 200 73687
66.249.64.171 - - [29/Oct/2014:06:51:30 -0500] "GET /BLA/resoluciones/RESOLUCIONES%202009/3583.pdf HTTP/1.1" 200 122630
66.249.64.163 - - [29/Oct/2014:06:51:35 -0500] "GET /BLA/resoluciones/RESOLUCIONES%202008/4523.pdf HTTP/1.1" 200 160121
66.249.64.163 - - [29/Oct/2014:06:51:35 -0500] "GET /BLA/resoluciones/AUTOS%202008/2454.pdf HTTP/1.1" 200 134187
66.249.64.167 - - [29/Oct/2014:06:51:39 -0500] "GET /BLA/resoluciones/RESOLUCIONES%202010/4172.pdf HTTP/1.1" 200 750857
66.249.64.167 - - [29/Oct/2014:06:51:43 -0500] "GET /BLA/resoluciones/AUTOS%202009/3162.pdf HTTP/1.1" 200 130982
66.249.64.163 - - [29/Oct/2014:06:51:44 -0500] "GET /BLA/resoluciones/AUTOS%202008/2274.pdf HTTP/1.1" 200 212985
66.249.64.171 - - [29/Oct/2014:06:51:47 -0500] "GET /BLA/resoluciones/RESOLUCIONES%202009/4737.pdf HTTP/1.1" 200 58728
66.249.64.171 - - [29/Oct/2014:06:51:51 -0500] "GET /BLA/resoluciones/AUTOS%202008/0770.pdf HTTP/1.1" 200 183964
66.249.64.171 - - [29/Oct/2014:06:51:52 -0500] "GET /BLA/resoluciones/AUTOS%202007/3606.pdf HTTP/1.1" 200 205161
66.249.64.163 - - [29/Oct/2014:06:51:56 -0500] "GET /BLA/resoluciones/AUTOS%202007/0342.pdf HTTP/1.1" 200 51658
66.249.64.163 - - [29/Oct/2014:06:52:00 -0500] "GET /BLA/resoluciones/RESOLUCIONES%202010/4567.pdf HTTP/1.1" 200 1101476
66.249.64.163 - - [29/Oct/2014:06:52:04 -0500] "GET /BLA/resoluciones/RESOLUCIONES%202011/1340.pdf HTTP/1.1" 200 66791
66.249.64.171 - - [29/Oct/2014:06:52:08 -0500] "GET /BLA/resoluciones/AUTOS%202008/2657.pdf HTTP/1.1" 200 74884
66.249.64.167 - - [29/Oct/2014:06:52:08 -0500] "GET /BLA/resoluciones/RESOLUCIONES%202010/5161.pdf HTTP/1.1" 200 1026766
66.249.64.171 - - [29/Oct/2014:06:52:12 -0500] "GET /BLA/resoluciones/RESOLUCIONES%202009/4141.pdf HTTP/1.1" 200 656794
66.249.64.163 - - [29/Oct/2014:06:52:17 -0500] "GET /BLA/resoluciones/RESOLUCIONES%202010/5922.pdf HTTP/1.1" 200 705666
66.249.64.163 - - [29/Oct/2014:06:52:21 -0500] "GET /BLA/resoluciones/RESOLUCIONES%202010/3380.pdf HTTP/1.1" 200 306877
66.249.64.171 - - [29/Oct/2014:06:52:23 -0500] "GET /BLA/resoluciones/AUTOS%202008/1500.pdf HTTP/1.1" 200 330000
66.249.64.163 - - [29/Oct/2014:06:52:25 -0500] "GET /BLA/resoluciones/RESOLUCIONES%202008/3759.pdf HTTP/1.1" 200 771614
66.249.64.163 - - [29/Oct/2014:06:52:29 -0500] "GET /BLA/resoluciones/RESOLUCIONES%202009/2866.pdf HTTP/1.1" 200 472417
66.249.64.171 - - [29/Oct/2014:06:52:34 -0500] "GET /BLA/resoluciones/AUTOS%202007/2073.pdf HTTP/1.1" 200 85775
66.249.64.163 - - [29/Oct/2014:06:52:38 -0500] "GET /BLA/resoluciones/RESOLUCIONES%202011/0811.pdf HTTP/1.1" 200 443918
66.249.64.171 - - [29/Oct/2014:06:52:39 -0500] "GET /BLA/resoluciones/AUTOS%202008/0861.pdf HTTP/1.1" 200 239166
66.249.64.167 - - [29/Oct/2014:06:52:42 -0500] "GET /BLA/resoluciones/RESOLUCIONES%202011/0994.pdf HTTP/1.1" 200 72933
66.249.64.167 - - [29/Oct/2014:06:52:46 -0500] "GET /BLA/resoluciones/AUTOS%202008/2172.pdf HTTP/1.1" 200 80433
66.249.64.163 - - [29/Oct/2014:06:52:50 -0500] "GET /BLA/resoluciones/RESOLUCIONES%202008/4646.pdf HTTP/1.1" 200 175954
66.249.64.167 - - [29/Oct/2014:06:52:55 -0500] "GET /BLA/resoluciones/RESOLUCIONES%202011/0540.pdf HTTP/1.1" 200 71107
66.249.64.167 - - [29/Oct/2014:06:52:55 -0500] "GET /BLA/resoluciones/AUTOS%202008/1955.pdf HTTP/1.1" 200 94747
66.249.64.167 - - [29/Oct/2014:06:52:59 -0500] "GET /BLA/resoluciones/RESOLUCIONES%202009/3289.pdf HTTP/1.1" 200 658524
66.249.64.171 - - [29/Oct/2014:06:53:03 -0500] "GET /BLA/resoluciones/AUTOS%202008/1975.pdf HTTP/1.1" 200 96466
66.249.64.167 - - [29/Oct/2014:06:53:07 -0500] "GET /BLA/resoluciones/RESOLUCIONES%202010/4273.pdf HTTP/1.1" 200 109682
66.249.64.163 - - [29/Oct/2014:06:53:11 -0500] "GET /BLA/resoluciones/RESOLUCIONES%202009/4393.pdf HTTP/1.1" 200 425766
66.249.64.167 - - [29/Oct/2014:06:53:12 -0500] "GET /BLA/resoluciones/AUTOS%202008/2711.pdf HTTP/1.1" 200 97105
66.249.64.171 - - [29/Oct/2014:06:53:16 -0500] "GET /BLA/resoluciones/RESOLUCIONES%202009/8766.pdf HTTP/1.1" 200 281289
66.249.64.167 - - [29/Oct/2014:06:53:20 -0500] "GET /BLA/resoluciones/RESOLUCIONES%202008/2431.pdf HTTP/1.1" 200 205293
66.249.64.167 - - [29/Oct/2014:06:53:24 -0500] "GET /BLA/resoluciones/RESOLUCIONES%202009/1017.pdf HTTP/1.1" 200 230390
66.249.64.171 - - [29/Oct/2014:06:53:28 -0500] "GET /BLA/resoluciones/index.php?dir=AUTOS%202008/&sort=name&order=desc HTTP/1.1" 200 569479
66.249.64.163 - - [29/Oct/2014:06:53:29 -0500] "GET /BLA/resoluciones/RESOLUCIONES%202009/7457.pdf HTTP/1.1" 200 82138
66.249.64.167 - - [29/Oct/2014:06:53:32 -0500] "GET /BLA/resoluciones/RESOLUCIONES%202010/0482.pdf HTTP/1.1" 200 106204
66.249.64.171 - - [29/Oct/2014:06:53:37 -0500] "GET /BLA/resoluciones/AUTOS%202009/1871.pdf HTTP/1.1" 200 102713
