5.9.123.141 - - [29/Oct/2014:08:55:11 -0500] "GET /PORTAL_SIAC/swf/Residuos/impresion/impresion.html HTTP/1.0" 200 1961
66.249.64.163 - - [29/Oct/2014:08:55:12 -0500] "GET /BLA/resoluciones/RESOLUCIONES%202009/9025.pdf HTTP/1.1" 200 497518
201.245.192.253 - - [29/Oct/2014:08:55:13 -0500] "GET /isolucionsda/BarraTitulos.asp?Pagina=ListadoMaestroDocumentos3.asp HTTP/1.1" 200 6985
5.9.123.141 - - [29/Oct/2014:08:55:13 -0500] "GET /PORTAL_SIAC/swf/Residuos/lavanderias/lavanderias.html HTTP/1.0" 200 1965
201.245.192.253 - - [29/Oct/2014:08:55:14 -0500] "GET /isolucionsda/FrameSetGeneral.asp?Pagina=ListadoMaestroDocumentos3.asp HTTP/1.1" 200 6634
200.75.48.35 - - [29/Oct/2014:08:55:14 -0500] "GET /portalsiaccapacitaciones/Soportes%20Capacitaciones%20A%c3%b1o%202013/0029.%20Equipos%20Ahorradores%20de%20Agua%20%2018%20de%20Julio.pdf HTTP/1.1" 206 65536
201.245.192.253 - - [29/Oct/2014:08:55:14 -0500] "GET /isolucionsda/Encabezado.asp?Pagina=ListadoMaestroDocumentos3.asp HTTP/1.1" 200 15374
201.245.192.253 - - [29/Oct/2014:08:55:14 -0500] "GET /isolucionsda/BarraTitulos.asp?Pagina=ListadoMaestroDocumentos3.asp HTTP/1.1" 200 6985
201.245.192.253 - - [29/Oct/2014:08:55:14 -0500] "GET /isolucionsda/BarraFavoritos.asp HTTP/1.1" 200 911
201.245.192.253 - - [29/Oct/2014:08:55:14 -0500] "GET /isolucionsda/ListadoMaestroDocumentos3.asp?Pagina=ListadoMaestroDocumentos3.asp HTTP/1.1" 200 11467
201.245.192.253 - - [29/Oct/2014:08:55:14 -0500] "GET /isolucionsda/Session.asp?Continue=1 HTTP/1.1" 200 6324
5.9.123.141 - - [29/Oct/2014:08:55:15 -0500] "GET /PORTAL_SIAC/swf/Residuos/maderas/maderas.html HTTP/1.0" 200 1957
66.249.64.167 - - [29/Oct/2014:08:55:15 -0500] "-" 408 -
66.249.64.167 - - [29/Oct/2014:08:55:16 -0500] "GET /BLA/resoluciones/AUTOS%202007/1812.pdf HTTP/1.1" 200 31121
5.9.123.141 - - [29/Oct/2014:08:55:17 -0500] "GET /PORTAL_SIAC/swf/Residuos/pinturas/pinturas.html HTTP/1.0" 200 1959
5.9.123.141 - - [29/Oct/2014:08:55:19 -0500] "GET /galeria/juegos/objects/?C=D;O=D HTTP/1.0" 200 778
190.85.2.202 - - [29/Oct/2014:08:55:20 -0500] "GET /BLA/boletinlegal/js/jquery.js HTTP/1.1" 200 57254
190.85.2.202 - - [29/Oct/2014:08:55:20 -0500] "GET /BLA/boletinlegal/js/jquery.scrollTo-min.js HTTP/1.1" 200 1150
190.85.2.202 - - [29/Oct/2014:08:55:20 -0500] "GET /BLA/boletinlegal/js/jquery.scrollShow.js HTTP/1.1" 200 4586
190.85.2.202 - - [29/Oct/2014:08:55:20 -0500] "GET /galeria/carrusel/Carrusel/jquery.thumbnailScroller.css HTTP/1.1" 200 2066
66.249.64.167 - - [29/Oct/2014:08:55:20 -0500] "GET /BLA/resoluciones/RESOLUCIONES%202011/1918.pdf HTTP/1.1" 200 105120
190.85.2.202 - - [29/Oct/2014:08:55:20 -0500] "GET /galeria/carrusel/Carrusel/jquery-ui-1.8.13.custom.min.js HTTP/1.1" 200 10800
186.29.50.215 - - [29/Oct/2014:08:55:21 -0500] "GET /BLA/resoluciones/AUTOS%202014/0694.pdf HTTP/1.1" 200 380622
190.85.2.202 - - [29/Oct/2014:08:55:21 -0500] "GET /galeria/carrusel/Carrusel/jquery.thumbnailScroller.js HTTP/1.1" 200 8157
5.9.123.141 - - [29/Oct/2014:08:55:22 -0500] "GET /galeria/juegos/objects/?C=M;O=D HTTP/1.0" 200 778
186.29.50.215 - - [29/Oct/2014:08:55:23 -0500] "GET /BLA/resoluciones/AUTOS%202014/0694.pdf HTTP/1.1" 206 32768
190.85.2.202 - - [29/Oct/2014:08:55:23 -0500] "GET /galeria/nivo-slider/demo/demo.html HTTP/1.1" 200 3316
186.29.50.215 - - [29/Oct/2014:08:55:23 -0500] "GET /BLA/resoluciones/AUTOS%202014/0694.pdf HTTP/1.1" 206 32768
186.29.50.215 - - [29/Oct/2014:08:55:23 -0500] "GET /BLA/resoluciones/AUTOS%202014/0694.pdf HTTP/1.1" 206 32768
5.9.123.141 - - [29/Oct/2014:08:55:24 -0500] "GET /galeria/juegos/objects/?C=S;O=D HTTP/1.0" 200 778
186.29.50.215 - - [29/Oct/2014:08:55:24 -0500] "GET /BLA/resoluciones/AUTOS%202014/0694.pdf HTTP/1.1" 206 32768
186.29.50.215 - - [29/Oct/2014:08:55:24 -0500] "GET /BLA/resoluciones/AUTOS%202014/0694.pdf HTTP/1.1" 206 32768
66.249.64.163 - - [29/Oct/2014:08:55:24 -0500] "GET /BLA/resoluciones/RESOLUCIONES%202008/1873.pdf HTTP/1.1" 200 202833
186.29.50.215 - - [29/Oct/2014:08:55:25 -0500] "GET /BLA/resoluciones/AUTOS%202014/0694.pdf HTTP/1.1" 206 32768
186.29.50.215 - - [29/Oct/2014:08:55:25 -0500] "GET /BLA/resoluciones/AUTOS%202014/0694.pdf HTTP/1.1" 206 32768
186.29.50.215 - - [29/Oct/2014:08:55:25 -0500] "GET /BLA/resoluciones/AUTOS%202014/0694.pdf HTTP/1.1" 206 32768
5.9.123.141 - - [29/Oct/2014:08:55:25 -0500] "GET /galeria/juegos/s/?C=D;O=D HTTP/1.0" 200 766
201.245.192.253 - - [29/Oct/2014:08:55:26 -0500] "GET /plugins/like.php?action=like&app_id=552484368099345&channel=http%3A%2F%2Fstatic.ak.facebook.com%2Fconnect%2Fxd_arbiter%2FehazDpFPEnK.js%3Fversion%3D41%23cb%3Dfa3fe1c3bca74f%26domain%3Ddiarioadn.co%26origin%3Dhttp%253A%252F%252Fdiarioadn.co%252Ff3e1824de9a9a2a%26relation%3Dparent.parent&href=https%3A%2F%2Fwww.facebook.com%2Fdiarioadn&layout=button_count&locale=es_LA&sdk=joey&share=false&show_faces=true HTTP/1.1" 404 1396
186.29.50.215 - - [29/Oct/2014:08:55:26 -0500] "GET /BLA/resoluciones/AUTOS%202014/0694.pdf HTTP/1.1" 206 32768
186.29.50.215 - - [29/Oct/2014:08:55:26 -0500] "GET /BLA/resoluciones/AUTOS%202014/0694.pdf HTTP/1.1" 206 32768
186.29.50.215 - - [29/Oct/2014:08:55:26 -0500] "GET /BLA/resoluciones/AUTOS%202014/0694.pdf HTTP/1.1" 206 52942
186.29.50.215 - - [29/Oct/2014:08:55:27 -0500] "GET /favicon.ico HTTP/1.1" 200 7782
190.85.2.202 - - [29/Oct/2014:08:55:27 -0500] "GET /galeria/nivo-slider/themes/default/default.css HTTP/1.1" 200 1569
190.85.2.202 - - [29/Oct/2014:08:55:27 -0500] "GET /galeria/nivo-slider/themes/pascal/pascal.css HTTP/1.1" 200 2258
190.85.2.202 - - [29/Oct/2014:08:55:27 -0500] "GET /galeria/nivo-slider/themes/orman/orman.css HTTP/1.1" 200 2152
190.85.2.202 - - [29/Oct/2014:08:55:27 -0500] "GET /galeria/nivo-slider/nivo-slider.css HTTP/1.1" 200 1507
190.85.2.202 - - [29/Oct/2014:08:55:27 -0500] "GET /galeria/nivo-slider/demo/style.css HTTP/1.1" 200 2222
190.85.2.202 - - [29/Oct/2014:08:55:27 -0500] "GET /galeria/nivo-slider/demo/images/porloshumedales.jpg HTTP/1.1" 200 351238
190.85.2.202 - - [29/Oct/2014:08:55:27 -0500] "GET /galeria/nivo-slider/demo/images/banner-aceite3.jpg HTTP/1.1" 200 88347
190.85.2.202 - - [29/Oct/2014:08:55:27 -0500] "GET /galeria/nivo-slider/demo/images/mesTIC.jpg HTTP/1.1" 200 180719
190.85.2.202 - - [29/Oct/2014:08:55:27 -0500] "GET /galeria/nivo-slider/demo/images/Banner-Caracol-Africano.jpg HTTP/1.1" 200 331986
190.85.2.202 - - [29/Oct/2014:08:55:27 -0500] "GET /galeria/nivo-slider/demo/images/Tingua-azul.jpg HTTP/1.1" 200 307638
201.245.192.253 - - [29/Oct/2014:08:55:27 -0500] "POST /isolucionsda/ListadoMaestroDocumentos3.asp HTTP/1.1" 200 11487
190.85.2.202 - - [29/Oct/2014:08:55:27 -0500] "GET /galeria/nivo-slider/demo/images/banner-redes.jpg HTTP/1.1" 200 62209
190.85.2.202 - - [29/Oct/2014:08:55:28 -0500] "GET /galeria/nivo-slider/demo/scripts/jquery-1.7.1.min.js HTTP/1.1" 200 93868
190.85.2.202 - - [29/Oct/2014:08:55:28 -0500] "GET /galeria/nivo-slider/demo/images/4Simple_Slider.png HTTP/1.1" 200 11722
190.85.2.202 - - [29/Oct/2014:08:55:28 -0500] "GET /galeria/nivo-slider/themes/default/loading.gif HTTP/1.1" 200 1737
190.85.2.202 - - [29/Oct/2014:08:55:28 -0500] "GET /galeria/nivo-slider/jquery.nivo.slider.pack.js HTTP/1.1" 200 11561
190.85.2.202 - - [29/Oct/2014:08:55:28 -0500] "GET /galeria/nivo-slider/demo/images/9Signos.jpg HTTP/1.1" 200 93040
190.85.2.202 - - [29/Oct/2014:08:55:28 -0500] "GET /galeria/nivo-slider/demo/images/banner-llantas2.jpg HTTP/1.1" 200 73153
190.85.2.202 - - [29/Oct/2014:08:55:29 -0500] "GET /galeria/nivo-slider/demo/images/banner-caballos.png HTTP/1.1" 200 389106
190.85.2.202 - - [29/Oct/2014:08:55:29 -0500] "GET /galeria/nivo-slider/demo/images/Hacienda_Molinos.jpg HTTP/1.1" 200 319171
66.249.64.167 - - [29/Oct/2014:08:55:29 -0500] "GET /BLA/resoluciones/RESOLUCIONES%202007/RES%202007%20401%20AL%20500/RESOLUCION%200473%20DE%202007.pdf HTTP/1.1" 200 287154
190.85.2.202 - - [29/Oct/2014:08:55:29 -0500] "GET /galeria/nivo-slider/demo/images/bannerEcolecta3.jpg HTTP/1.1" 200 280034
5.9.123.141 - - [29/Oct/2014:08:55:29 -0500] "GET /galeria/juegos/s/?C=M;O=D HTTP/1.0" 200 766
190.85.2.202 - - [29/Oct/2014:08:55:29 -0500] "GET /videos/Spot_Tinguas.flv HTTP/1.1" 200 2087054
186.147.66.232 - - [29/Oct/2014:08:55:30 -0500] "GET /forest/buscar.do?type=procesos HTTP/1.1" 200 97228
201.245.192.253 - - [29/Oct/2014:08:55:30 -0500] "POST /isolucionsda/ListadoMaestroDocumentos3.asp HTTP/1.1" 200 11487
5.9.123.141 - - [29/Oct/2014:08:55:31 -0500] "GET /galeria/juegos/s/?C=S;O=D HTTP/1.0" 200 766
186.147.66.232 - - [29/Oct/2014:08:55:32 -0500] "GET /forest/json.do?query=usersByDep&coddep=7025 HTTP/1.1" 200 851
186.147.66.232 - - [29/Oct/2014:08:55:32 -0500] "GET /forest/json.do?query=usersByDep&coddep=7025 HTTP/1.1" 200 851
201.245.192.253 - - [29/Oct/2014:08:55:32 -0500] "POST /isolucionsda/ListadoMaestroDocumentos3.asp HTTP/1.1" 200 11487
66.249.64.171 - - [29/Oct/2014:08:55:33 -0500] "GET /BLA/resoluciones/RESOLUCIONES%202009/3742.pdf HTTP/1.1" 200 147706
190.85.2.202 - - [29/Oct/2014:08:55:34 -0500] "GET /galeria/nivo-slider/themes/default/arrows.png HTTP/1.1" 200 824
190.85.2.202 - - [29/Oct/2014:08:55:34 -0500] "GET /galeria/nivo-slider/themes/default/bullets.png HTTP/1.1" 200 1281
5.9.123.141 - - [29/Oct/2014:08:55:34 -0500] "GET /galeria/juegos/texturesExport/?C=D;O=D HTTP/1.0" 200 792
186.147.66.232 - - [29/Oct/2014:08:55:36 -0500] "POST /forest/buscar.do? HTTP/1.1" 200 5205
66.249.64.171 - - [29/Oct/2014:08:55:37 -0500] "GET /BLA/resoluciones/RESOLUCIONES%202010/0942.pdf HTTP/1.1" 200 98403
5.9.123.141 - - [29/Oct/2014:08:55:37 -0500] "GET /galeria/juegos/texturesExport/?C=M;O=D HTTP/1.0" 200 792
5.9.123.141 - - [29/Oct/2014:08:55:39 -0500] "GET /galeria/juegos/texturesExport/?C=S;O=D HTTP/1.0" 200 792
5.9.123.141 - - [29/Oct/2014:08:55:41 -0500] "GET /robots.txt HTTP/1.0" 404 1019
66.249.64.171 - - [29/Oct/2014:08:55:41 -0500] "GET /BLA/resoluciones/RESOLUCIONES%202008/1405.pdf HTTP/1.1" 200 178705
201.245.192.253 - - [29/Oct/2014:08:55:41 -0500] "GET /watch?v=J-GRRaoFtj4&feature=youtu.be HTTP/1.1" 404 1287
201.245.192.253 - - [29/Oct/2014:08:55:42 -0500] "POST /isolucionsda/ListadoMaestroDocumentos3.asp HTTP/1.1" 200 17486
201.245.192.253 - - [29/Oct/2014:08:55:43 -0500] "GET /isolucionsda/FrameSetArticulo.asp?Pagina=/isolucionsda/bancoconocimiento/C/Controldecorrecciones-DocumentosdelSIG_v7/Controldecorrecciones-DocumentosdelSIG_v7.asp?IdArticulo=6063 HTTP/1.1" 200 7333
201.245.192.253 - - [29/Oct/2014:08:55:43 -0500] "GET /isolucionsda/bancoconocimiento/C/Controldecorrecciones-DocumentosdelSIG_v7/Controldecorrecciones-DocumentosdelSIG_v7.asp?IdArticulo=6063 HTTP/1.1" 404 5419
201.245.192.253 - - [29/Oct/2014:08:55:43 -0500] "GET /isolucionsda/bancoconocimiento/C/Controldecorrecciones-DocumentosdelSIG_v7/Controldecorrecciones-DocumentosdelSIG_v7.asp?IdArticulo=6063 HTTP/1.1" 404 5397
201.245.192.253 - - [29/Oct/2014:08:55:43 -0500] "GET /isolucionsda/Arriba.asp?Pagina=/isolucionsda/bancoconocimiento/C/Controldecorrecciones-DocumentosdelSIG_v7/Controldecorrecciones-DocumentosdelSIG_v7.asp?IdArticulo=6063 HTTP/1.1" 200 9974
5.9.123.141 - - [29/Oct/2014:08:55:43 -0500] "GET /portel_dama/documentacion/Logo_1era_Versi%C3%B3n.psd HTTP/1.0" 404 1019
201.245.192.253 - - [29/Oct/2014:08:55:45 -0500] "GET /isolucionsda/FramesetArticulo.asp?Pagina=bancoconocimiento%2FA%2FANEXO1%5FFLUJOGRAMADELPROCEDIMIENTOSPxR%2D1%5Fv1%5F0%2FANEXO1%5FFLUJOGRAMADELPROCEDIMIENTOSPxR%2D1%5Fv1%5F0%2Easp&IdArticulo=6735 HTTP/1.1" 200 7461
201.245.192.253 - - [29/Oct/2014:08:55:45 -0500] "GET /isolucionsda/Arriba.asp?Pagina=bancoconocimiento%2FA%2FANEXO1%5FFLUJOGRAMADELPROCEDIMIENTOSPxR%2D1%5Fv1%5F0%2FANEXO1%5FFLUJOGRAMADELPROCEDIMIENTOSPxR%2D1%5Fv1%5F0%2Easp&IdArticulo=6735 HTTP/1.1" 200 10645
201.245.192.253 - - [29/Oct/2014:08:55:45 -0500] "GET /isolucionsda/bancoconocimiento/A/ANEXO1_FLUJOGRAMADELPROCEDIMIENTOSPxR-1_v1_0/ANEXO1_FLUJOGRAMADELPROCEDIMIENTOSPxR-1_v1_0.asp?IdArticulo=6735 HTTP/1.1" 302 152
201.245.192.253 - - [29/Oct/2014:08:55:45 -0500] "GET /isolucionsda/bancoconocimiento/A/ANEXO1_FLUJOGRAMADELPROCEDIMIENTOSPxR-1_v1_0/copia%20de%20anexo%20100-10.xls HTTP/1.1" 200 256000
66.249.64.163 - - [29/Oct/2014:08:55:45 -0500] "GET /BLA/resoluciones/RESOLUCIONES%202010/5590.pdf HTTP/1.1" 200 229192
201.245.192.253 - - [29/Oct/2014:08:55:46 -0500] "GET /isolucionsda/g/vacio1x1.gif HTTP/1.1" 404 5195
201.245.192.253 - - [29/Oct/2014:08:55:48 -0500] "GET /v/sxcT9hTSGfc?version=3&hl=es_MX&rel=0 HTTP/1.1" 404 1283
201.245.192.253 - - [29/Oct/2014:08:55:48 -0500] "GET /isolucionsda/FrameSetArticulo.asp?Pagina=/isolucionsda/bancoconocimiento/C/Controldecorrecciones-DocumentosdelSIG_v7/Controldecorrecciones-DocumentosdelSIG_v7.asp?IdArticulo=6063 HTTP/1.1" 200 7333
201.245.192.253 - - [29/Oct/2014:08:55:48 -0500] "GET /isolucionsda/bancoconocimiento/C/Controldecorrecciones-DocumentosdelSIG_v7/Controldecorrecciones-DocumentosdelSIG_v7.asp?IdArticulo=6063 HTTP/1.1" 404 5397
201.245.192.253 - - [29/Oct/2014:08:55:48 -0500] "GET /isolucionsda/Arriba.asp?Pagina=/isolucionsda/bancoconocimiento/C/Controldecorrecciones-DocumentosdelSIG_v7/Controldecorrecciones-DocumentosdelSIG_v7.asp?IdArticulo=6063 HTTP/1.1" 200 9974
201.245.192.253 - - [29/Oct/2014:08:55:49 -0500] "GET /v/sxcT9hTSGfc?version=3&hl=es_MX&rel=0 HTTP/1.1" 404 1283
66.249.64.167 - - [29/Oct/2014:08:55:50 -0500] "GET /BLA/resoluciones/RESOLUCIONES%202010/0987.pdf HTTP/1.1" 200 102892
201.245.192.253 - - [29/Oct/2014:08:55:51 -0500] "GET /isolucionsda/g/vacio1x1.gif HTTP/1.1" 404 5195
201.245.192.253 - - [29/Oct/2014:08:55:52 -0500] "GET /plugins/like_box.php?app_id=413795952086946&channel=http%3A%2F%2Fstatic.ak.facebook.com%2Fconnect%2Fxd_arbiter%2FehazDpFPEnK.js%3Fversion%3D41%23cb%3Df37b50dcc663e38%26domain%3Dwww.publimetro.co%26origin%3Dhttp%253A%252F%252Fwww.publimetro.co%252Ff1081926092c3c3%26relation%3Dparent.parent&color_scheme=light&header=false&href=http%3A%2F%2Fwww.facebook.com%2FPublimetro-Colombia&locale=es_LA&sdk=joey&show_border=false&show_faces=true&stream=true&width=298 HTTP/1.1" 404 1268
201.245.192.253 - - [29/Oct/2014:08:55:52 -0500] "GET /plugins/recommendations_bar.php?action=like&api_key=413795952086946&channel=http%3A%2F%2Fstatic.ak.facebook.com%2Fconnect%2Fxd_arbiter%2FehazDpFPEnK.js%3Fversion%3D41%23cb%3Df1f8f3f686a0c78%26domain%3Dwww.publimetro.co%26origin%3Dhttp%253A%252F%252Fwww.publimetro.co%252Ff1081926092c3c3%26relation%3Dparent.parent&href=http%3A%2F%2Fwww.publimetro.co%2Fbogota%2F&locale=es_LA&num_recommendations=2&read_time=10&sdk=joey&side=right&site=publimetro.co&trigger=onvisible HTTP/1.1" 404 1268
66.249.64.167 - - [29/Oct/2014:08:55:54 -0500] "GET /BLA/resoluciones/RESOLUCIONES%202008/3697.pdf HTTP/1.1" 200 561448
201.245.192.253 - - [29/Oct/2014:08:55:56 -0500] "GET /v/XYyEQ5AhxrI?adformat=2_9&version=3&showinfo=0&rel=0&controls=1&iv_load_policy=1 HTTP/1.1" 404 1339
200.75.48.35 - - [29/Oct/2014:08:55:57 -0500] "GET /portalsiaccapacitaciones/Soportes%20Capacitaciones%20A%c3%b1o%202013/0029.%20Equipos%20Ahorradores%20de%20Agua%20%2018%20de%20Julio.pdf HTTP/1.1" 206 65536
201.245.192.253 - - [29/Oct/2014:08:55:57 -0500] "GET /plugins/like_box.php?app_id=&channel=http%3A%2F%2Fstatic.ak.facebook.com%2Fconnect%2Fxd_arbiter%2FehazDpFPEnK.js%3Fversion%3D41%23cb%3Df26d8e9348%26domain%3Dwww.colombia.com%26origin%3Dhttp%253A%252F%252Fwww.colombia.com%252Ff1bb21d94%26relation%3Dparent.parent&header=false&href=http%3A%2F%2Fwww.facebook.com%2Fpages%2FColombiacom%2F120864984617693&locale=es_LA&sdk=joey&stream=false&width=320 HTTP/1.1" 404 1354
201.245.192.253 - - [29/Oct/2014:08:55:57 -0500] "GET /plugins/like.php?action=like&app_id=552484368099345&channel=http%3A%2F%2Fstatic.ak.facebook.com%2Fconnect%2Fxd_arbiter%2FehazDpFPEnK.js%3Fversion%3D41%23cb%3Df29db3083233a7%26domain%3Ddiarioadn.co%26origin%3Dhttp%253A%252F%252Fdiarioadn.co%252Ff168bc966ae0513%26relation%3Dparent.parent&href=https%3A%2F%2Fwww.facebook.com%2Fdiarioadn&layout=button_count&locale=es_LA&sdk=joey&share=false&show_faces=true HTTP/1.1" 404 1274
66.249.64.171 - - [29/Oct/2014:08:55:58 -0500] "GET /BLA/resoluciones/RESOLUCIONES%202009/6381.pdf HTTP/1.1" 200 525601
74.86.158.107 - - [29/Oct/2014:08:55:58 -0500] "HEAD / HTTP/1.1" 302 -
66.249.64.171 - - [29/Oct/2014:08:56:02 -0500] "GET /BLA/resoluciones/RESOLUCIONES%202008/4571.pdf HTTP/1.1" 200 55468
201.245.192.253 - - [29/Oct/2014:08:56:03 -0500] "GET /isolucionsda/FrameSetGeneral.asp?Pagina=ListadoMaestroDocumentos3.asp HTTP/1.1" 200 6634
201.245.192.253 - - [29/Oct/2014:08:56:03 -0500] "GET /isolucionsda/BarraTitulos.asp?Pagina=ListadoMaestroDocumentos3.asp HTTP/1.1" 200 6985
201.245.192.253 - - [29/Oct/2014:08:56:03 -0500] "GET /isolucionsda/Encabezado.asp?Pagina=ListadoMaestroDocumentos3.asp HTTP/1.1" 200 15364
201.245.192.253 - - [29/Oct/2014:08:56:03 -0500] "GET /isolucionsda/ListadoMaestroDocumentos3.asp?Pagina=ListadoMaestroDocumentos3.asp HTTP/1.1" 200 11467
201.245.192.253 - - [29/Oct/2014:08:56:03 -0500] "GET /isolucionsda/BarraFavoritos.asp HTTP/1.1" 200 911
201.245.192.253 - - [29/Oct/2014:08:56:03 -0500] "GET /isolucionsda/Session.asp?Continue=1 HTTP/1.1" 200 6324
66.249.64.163 - - [29/Oct/2014:08:56:06 -0500] "GET /BLA/resoluciones/RESOLUCIONES%202009/4193.pdf HTTP/1.1" 200 1041610
201.245.192.253 - - [29/Oct/2014:08:53:10 -0500] "GET /ForestMSG_SDA/channelAsync/template_word_16793895?X-Atmosphere-tracking-id=584dafb8-f178-197f-97ad-c0184684b25f&X-Atmosphere-Framework=1.0.5&X-Atmosphere-Transport=long-polling&tabid=0.9468081969464924&X-Cache-Date=0&Content-Type=application/xml&_=1414591008478 HTTP/1.1" 200 8193
66.249.64.167 - - [29/Oct/2014:08:56:11 -0500] "GET /BLA/resoluciones/AUTOS%202009/2651.pdf HTTP/1.1" 200 135246
201.245.192.253 - - [29/Oct/2014:08:56:12 -0500] "GET /isolucionsda/FramesetArticulo.asp?Pagina=BancoConocimiento%2FA%2FAccesoacooperaciontecnica%5Fv2%2FAccesoacooperaciontecnica%5Fv2%2Easp&IdArticulo=3883 HTTP/1.1" 200 7309
201.245.192.253 - - [29/Oct/2014:08:56:12 -0500] "GET /isolucionsda/Arriba.asp?Pagina=BancoConocimiento%2FA%2FAccesoacooperaciontecnica%5Fv2%2FAccesoacooperaciontecnica%5Fv2%2Easp&IdArticulo=3883 HTTP/1.1" 200 10555
201.245.192.253 - - [29/Oct/2014:08:56:12 -0500] "GET /isolucionsda/BancoConocimiento/A/Accesoacooperaciontecnica_v2/Accesoacooperaciontecnica_v2.asp?IdArticulo=3883 HTTP/1.1" 200 56574
201.245.192.253 - - [29/Oct/2014:08:56:12 -0500] "GET /isolucionsda/g/vacio1x1.gif HTTP/1.1" 404 5217
201.245.192.253 - - [29/Oct/2014:08:56:12 -0500] "GET /isolucionsda/g/vacio1x1.gif HTTP/1.1" 404 5195
190.85.144.194 - - [29/Oct/2014:08:56:13 -0500] "GET /galeria/nivo-slider/demo/demo.html HTTP/1.1" 200 3316
190.85.144.194 - - [29/Oct/2014:08:56:13 -0500] "GET /galeria/nivo-slider/demo/images/porloshumedales.jpg HTTP/1.1" 200 351238
190.85.144.194 - - [29/Oct/2014:08:56:13 -0500] "GET /galeria/nivo-slider/demo/images/banner-aceite3.jpg HTTP/1.1" 304 -
190.85.144.194 - - [29/Oct/2014:08:56:13 -0500] "GET /galeria/nivo-slider/demo/images/mesTIC.jpg HTTP/1.1" 304 -
190.85.144.194 - - [29/Oct/2014:08:56:13 -0500] "GET /galeria/nivo-slider/demo/images/Tingua-azul.jpg HTTP/1.1" 304 -
190.85.144.194 - - [29/Oct/2014:08:56:13 -0500] "GET /galeria/nivo-slider/demo/images/Banner-Caracol-Africano.jpg HTTP/1.1" 304 -
123.125.71.52 - - [29/Oct/2014:08:56:13 -0500] "GET / HTTP/1.1" 302 -
190.85.144.194 - - [29/Oct/2014:08:56:13 -0500] "GET /galeria/nivo-slider/demo/images/banner-redes.jpg HTTP/1.1" 304 -
190.85.144.194 - - [29/Oct/2014:08:56:13 -0500] "GET /galeria/nivo-slider/demo/images/bannerEcolecta3.jpg HTTP/1.1" 304 -
190.85.144.194 - - [29/Oct/2014:08:56:14 -0500] "GET /videos/Spot_Tinguas.flv HTTP/1.1" 304 -
66.249.64.167 - - [29/Oct/2014:08:56:15 -0500] "GET /BLA/resoluciones/RESOLUCIONES%202009/8679.pdf HTTP/1.1" 200 481279
66.249.64.171 - - [29/Oct/2014:08:56:19 -0500] "GET /BLA/resoluciones/RESOLUCIONES%202008/3960.pdf HTTP/1.1" 200 55827
201.245.192.253 - - [29/Oct/2014:08:56:21 -0500] "GET /forest/session.jsp?a=0.785596979316324 HTTP/1.1" 200 5
201.245.192.253 - - [29/Oct/2014:08:56:21 -0500] "GET /forest/login.jsp?a=0.9846091503277421 HTTP/1.1" 200 2996
201.245.192.253 - - [29/Oct/2014:08:56:22 -0500] "GET /isolucionsda/FrameSetArticulo.asp?Pagina=/isolucionsda/bancoconocimiento/E/EvaluacionSocializacion_v8_0/EvaluacionSocializacion_v8_0.asp?IdArticulo=7373 HTTP/1.1" 200 7229
201.245.192.253 - - [29/Oct/2014:08:56:22 -0500] "GET /isolucionsda/bancoconocimiento/E/EvaluacionSocializacion_v8_0/EvaluacionSocializacion_v8_0.asp?IdArticulo=7373 HTTP/1.1" 404 5345
201.245.192.253 - - [29/Oct/2014:08:56:22 -0500] "GET /isolucionsda/Arriba.asp?Pagina=/isolucionsda/bancoconocimiento/E/EvaluacionSocializacion_v8_0/EvaluacionSocializacion_v8_0.asp?IdArticulo=7373 HTTP/1.1" 200 10499
66.249.64.163 - - [29/Oct/2014:08:56:23 -0500] "GET /BLA/resoluciones/RESOLUCIONES%202009/3233.pdf HTTP/1.1" 200 380007
66.249.64.171 - - [29/Oct/2014:08:56:23 -0500] "GET /BLA/resoluciones/AUTOS%202009/0037.pdf HTTP/1.1" 200 102794
201.245.192.253 - - [29/Oct/2014:08:56:24 -0500] "GET /plugins/like.php?href=http%3A%2F%2Fwww.facebook.com%2Fpages%2FBogot%25C3%25A1-Humana-Ya%2F322689984419455&send=false&layout=standard&width=450&show_faces=false&action=like&colorscheme=light&font=arial&height=35 HTTP/1.1" 404 1338
201.245.192.253 - - [29/Oct/2014:08:56:24 -0500] "GET /isolucionsda/g/vacio1x1.gif HTTP/1.1" 404 5195
201.245.192.253 - - [29/Oct/2014:08:56:25 -0500] "GET /embed/IVlD_DpLcYk?rel=0 HTTP/1.1" 404 1165
201.245.192.253 - - [29/Oct/2014:08:56:25 -0500] "GET /embed/UWmnIdApliU?rel=0 HTTP/1.1" 404 1165
201.245.192.253 - - [29/Oct/2014:08:56:25 -0500] "GET /embed/W6daUW7WOOk?rel=0 HTTP/1.1" 404 1165
201.245.192.253 - - [29/Oct/2014:08:56:26 -0500] "GET /isolucionsda/FrameSetArticulo.asp?Pagina=/ISOlucionSDA/bancoconocimiento/L/Ley160deAgosto3de1994/Ley160deAgosto3de1994.asp?IdArticulo=2139 HTTP/1.1" 200 7173
201.245.192.253 - - [29/Oct/2014:08:56:26 -0500] "GET /isolucionsda/Arriba.asp?Pagina=/ISOlucionSDA/bancoconocimiento/L/Ley160deAgosto3de1994/Ley160deAgosto3de1994.asp?IdArticulo=2139 HTTP/1.1" 200 9795
201.245.192.253 - - [29/Oct/2014:08:56:26 -0500] "GET /ISOlucionSDA/bancoconocimiento/L/Ley160deAgosto3de1994/Ley160deAgosto3de1994.asp?IdArticulo=2139 HTTP/1.1" 302 147
201.245.192.253 - - [29/Oct/2014:08:56:26 -0500] "GET /ISOlucionSDA/bancoconocimiento/L/Ley160deAgosto3de1994/ley%20160%20de%2019940.doc HTTP/1.1" 200 349185
66.249.64.171 - - [29/Oct/2014:08:56:32 -0500] "GET /BLA/resoluciones/RESOLUCIONES%202009/5106.pdf HTTP/1.1" 200 1144834
201.245.192.253 - - [29/Oct/2014:08:56:32 -0500] "GET /forest/session.jsp?a=0.19552889118925254 HTTP/1.1" 200 4
201.245.192.253 - - [29/Oct/2014:08:56:33 -0500] "GET /embed/IKLAoVbwySA HTTP/1.1" 404 1019
201.245.192.253 - - [29/Oct/2014:08:56:34 -0500] "GET /embed/IKLAoVbwySA HTTP/1.1" 404 1279
66.249.64.171 - - [29/Oct/2014:08:56:36 -0500] "GET /BLA/resoluciones/RESOLUCIONES%202009/8865.pdf HTTP/1.1" 200 287381
201.245.192.253 - - [29/Oct/2014:08:56:37 -0500] "GET /plugins/like.php?href=http%3A%2F%2Fwww.facebook.com%2Fpages%2FBogot%25C3%25A1-Humana-Ya%2F322689984419455&send=false&layout=standard&width=450&show_faces=false&action=like&colorscheme=light&font=arial&height=35 HTTP/1.1" 404 1540
201.245.192.253 - - [29/Oct/2014:08:56:37 -0500] "GET /plugins/like.php?app_id=&channel=http%3A%2F%2Fstatic.ak.facebook.com%2Fconnect%2Fxd_arbiter%2FehazDpFPEnK.js%3Fversion%3D41%23cb%3Df32766af27f55ce%26domain%3Dbogotahumana.gov.co%26origin%3Dhttp%253A%252F%252Fbogotahumana.gov.co%252Ff3918341660ae34%26relation%3Dparent.parent&href=http%3A%2F%2Fbogotahumana.gov.co%2Findex.php%2Fnoticias%2Fcomunicados-de-prensa%2F7748-proyecto-urbanistico-cercano-al-humedal-la-conejera-no-fue-aprobado-por-el-pot-de-bogota-humana&locale=es_ES&sdk=joey&send=true&show_faces=false&width=500 HTTP/1.1" 404 1540
66.249.64.163 - - [29/Oct/2014:08:56:40 -0500] "GET /BLA/resoluciones/RESOLUCIONES%202008/0139.pdf HTTP/1.1" 200 683297
66.249.64.171 - - [29/Oct/2014:08:56:44 -0500] "GET /BLA/resoluciones/AUTOS%202007/0408.pdf HTTP/1.1" 200 15343
200.118.176.127 - - [29/Oct/2014:08:56:45 -0500] "GET /BLA/boletinlegal/js/jquery.js HTTP/1.1" 200 57254
200.118.176.127 - - [29/Oct/2014:08:56:45 -0500] "GET /BLA/boletinlegal/js/jquery.scrollTo-min.js HTTP/1.1" 200 1150
200.118.176.127 - - [29/Oct/2014:08:56:45 -0500] "GET /BLA/boletinlegal/js/jquery.scrollShow.js HTTP/1.1" 200 4586
66.249.64.171 - - [29/Oct/2014:08:56:48 -0500] "GET /BLA/resoluciones/RESOLUCIONES%202009/8235.pdf HTTP/1.1" 200 348211
66.249.64.163 - - [29/Oct/2014:08:56:53 -0500] "GET /BLA/resoluciones/RESOLUCIONES%202010/7362.pdf HTTP/1.1" 200 339855
201.245.192.253 - - [29/Oct/2014:08:56:54 -0500] "GET /isolucionsda/FrameSetArticulo.asp?Pagina=/ISOlucionSDA/bancoconocimiento/D/Decreto1777deoctubre1de1996/Decreto1777deoctubre1de1996.asp?IdArticulo=2140 HTTP/1.1" 200 7221
201.245.192.253 - - [29/Oct/2014:08:56:54 -0500] "GET /ISOlucionSDA/bancoconocimiento/D/Decreto1777deoctubre1de1996/Decreto1777deoctubre1de1996.asp?IdArticulo=2140 HTTP/1.1" 404 5341
201.245.192.253 - - [29/Oct/2014:08:56:54 -0500] "GET /isolucionsda/Arriba.asp?Pagina=/ISOlucionSDA/bancoconocimiento/D/Decreto1777deoctubre1de1996/Decreto1777deoctubre1de1996.asp?IdArticulo=2140 HTTP/1.1" 200 9188
66.249.64.167 - - [29/Oct/2014:08:56:57 -0500] "GET /BLA/resoluciones/RESOLUCIONES%202009/5089.pdf HTTP/1.1" 200 519173
201.245.192.253 - - [29/Oct/2014:08:57:00 -0500] "GET /plugins/like.php?action=recommend&app_id=552484368099345&channel=http%3A%2F%2Fstatic.ak.facebook.com%2Fconnect%2Fxd_arbiter%2FehazDpFPEnK.js%3Fversion%3D41%23cb%3Df3f482760851bf%26domain%3Ddiarioadn.co%26origin%3Dhttp%253A%252F%252Fdiarioadn.co%252Ffe8963eb9c89d8%26relation%3Dparent.parent&color_scheme=dark&href=http%3A%2F%2Fdiarioadn.co%2Fespeciales%2Fgaler%25C3%25ADas%2Fsof%25C3%25A1s-con-dise%25C3%25B1os-curiosos-7.297183&locale=es_LA&sdk=joey&send=true&show_faces=true&width=450 HTTP/1.1" 404 1408
66.249.64.171 - - [29/Oct/2014:08:57:01 -0500] "GET /BLA/resoluciones/RESOLUCIONES%202008/4017.pdf HTTP/1.1" 200 207373
66.249.64.163 - - [29/Oct/2014:08:57:02 -0500] "GET /newsecs1/plaenli/objpi3.htm HTTP/1.1" 404 1018
186.147.66.232 - - [29/Oct/2014:08:57:02 -0500] "GET /forest/buscar.do?type=procesos HTTP/1.1" 200 97228
201.245.192.253 - - [29/Oct/2014:08:57:03 -0500] "GET /plugins/like_box.php?app_id=413795952086946&channel=http%3A%2F%2Fstatic.ak.facebook.com%2Fconnect%2Fxd_arbiter%2FehazDpFPEnK.js%3Fversion%3D41%23cb%3Df24ceed70be6d2c%26domain%3Dwww.publimetro.co%26origin%3Dhttp%253A%252F%252Fwww.publimetro.co%252Ff18148082d31015%26relation%3Dparent.parent&color_scheme=light&header=false&href=http%3A%2F%2Fwww.facebook.com%2FPublimetro-Colombia&locale=es_LA&sdk=joey&show_border=false&show_faces=true&stream=true&width=298 HTTP/1.1" 404 1268
201.245.192.253 - - [29/Oct/2014:08:57:03 -0500] "GET /plugins/recommendations_bar.php?action=like&api_key=413795952086946&channel=http%3A%2F%2Fstatic.ak.facebook.com%2Fconnect%2Fxd_arbiter%2FehazDpFPEnK.js%3Fversion%3D41%23cb%3Df3b598959a7073c%26domain%3Dwww.publimetro.co%26origin%3Dhttp%253A%252F%252Fwww.publimetro.co%252Ff18148082d31015%26relation%3Dparent.parent&href=http%3A%2F%2Fwww.publimetro.co%2Fbogota%2F&locale=es_LA&num_recommendations=2&read_time=10&sdk=joey&side=right&site=publimetro.co&trigger=onvisible HTTP/1.1" 404 1268
201.245.192.253 - - [29/Oct/2014:08:57:03 -0500] "GET /plugins/like.php?action=like&app_id=172525162793917&channel=http%3A%2F%2Fstatic.ak.facebook.com%2Fconnect%2Fxd_arbiter%2FehazDpFPEnK.js%3Fversion%3D41%23cb%3Df3c582c93ef6db%26domain%3Daqicn.org%26origin%3Dhttp%253A%252F%252Faqicn.org%252Ff13e42d1dec51b3%26relation%3Dparent.parent&font=arial&href=http%3A%2F%2Faqicn.org%2Fcity%2Fbeijing%2F&layout=button_count&locale=es_LA&ref=.VFDzEx_f4Zs.like&sdk=joey&send=false&show_faces=false&width=90 HTTP/1.1" 404 1286
186.147.66.232 - - [29/Oct/2014:08:57:04 -0500] "GET /forest/json.do?query=usersByDep&coddep=7025 HTTP/1.1" 200 851
186.147.66.232 - - [29/Oct/2014:08:57:04 -0500] "GET /forest/json.do?query=usersByDep&coddep=7025 HTTP/1.1" 200 851
66.249.64.171 - - [29/Oct/2014:08:57:05 -0500] "GET /BLA/resoluciones/RESOLUCIONES%202011/1254.pdf HTTP/1.1" 200 383530
201.245.192.253 - - [29/Oct/2014:08:57:07 -0500] "GET /isolucionsda/FrameSetArticulo.asp?Pagina=/ISOlucionSDA/bancoconocimiento/L/Ley397deAgosto7de1997/Ley397deAgosto7de1997.asp?IdArticulo=2141 HTTP/1.1" 200 7173
201.245.192.253 - - [29/Oct/2014:08:57:07 -0500] "GET /isolucionsda/Arriba.asp?Pagina=/ISOlucionSDA/bancoconocimiento/L/Ley397deAgosto7de1997/Ley397deAgosto7de1997.asp?IdArticulo=2141 HTTP/1.1" 200 9795
201.245.192.253 - - [29/Oct/2014:08:57:08 -0500] "GET /ISOlucionSDA/bancoconocimiento/L/Ley397deAgosto7de1997/Ley397deAgosto7de1997.asp?IdArticulo=2141 HTTP/1.1" 302 147
201.245.192.253 - - [29/Oct/2014:08:57:08 -0500] "GET /ISOlucionSDA/bancoconocimiento/L/Ley397deAgosto7de1997/ley%20397%20de%2019970.doc HTTP/1.1" 200 200705
186.147.66.232 - - [29/Oct/2014:08:57:08 -0500] "POST /forest/buscar.do? HTTP/1.1" 200 5238
66.249.64.163 - - [29/Oct/2014:08:57:10 -0500] "GET /BLA/resoluciones/RESOLUCIONES%202009/2564.pdf HTTP/1.1" 200 353524
66.249.64.163 - - [29/Oct/2014:08:57:14 -0500] "GET /BLA/resoluciones/AUTOS%202009/2969.pdf HTTP/1.1" 200 106145
180.76.6.130 - - [29/Oct/2014:08:57:14 -0500] "GET /BLA/resoluciones/AUTOS%202009/2581.pdf HTTP/1.1" 200 90417
201.245.192.253 - - [29/Oct/2014:08:57:17 -0500] "GET /plugins/like.php?action=like&app_id=172525162793917&channel=http%3A%2F%2Fstatic.ak.facebook.com%2Fconnect%2Fxd_arbiter%2FehazDpFPEnK.js%3Fversion%3D41%23cb%3Df3103bf919bd0a8%26domain%3Daqicn.org%26origin%3Dhttp%253A%252F%252Faqicn.org%252Ff16d0ed4ea6ca3%26relation%3Dparent.parent&font=arial&href=http%3A%2F%2Faqicn.org%2Fcity%2Fbeijing%2F&layout=button_count&locale=es_LA&ref=.VFDzIPskyzx.like&sdk=joey&send=false&show_faces=false&width=90 HTTP/1.1" 404 1260
66.249.64.43 - - [29/Oct/2014:08:57:18 -0500] "GET /PruebasSTORM/StormSDA_pruebas/userFiles/user_files.jnlp.bak HTTP/1.1" 200 616
220.181.108.100 - - [29/Oct/2014:08:57:22 -0500] "GET / HTTP/1.1" 302 -
66.249.64.171 - - [29/Oct/2014:08:57:22 -0500] "GET /BLA/resoluciones/RESOLUCIONES%202009/6325.pdf HTTP/1.1" 200 616805
66.249.64.171 - - [29/Oct/2014:08:57:26 -0500] "GET /BLA/resoluciones/RESOLUCIONES%202010/1718.pdf HTTP/1.1" 200 401836
66.249.64.167 - - [29/Oct/2014:08:57:31 -0500] "GET /BLA/resoluciones/RESOLUCIONES%202009/8735.pdf HTTP/1.1" 200 1099695
181.193.19.162 - - [29/Oct/2014:08:57:33 -0500] "GET /BLA/boletinlegal/js/jquery.js HTTP/1.1" 200 57254
181.193.19.162 - - [29/Oct/2014:08:57:33 -0500] "GET /BLA/boletinlegal/js/jquery.scrollTo-min.js HTTP/1.1" 200 1150
181.193.19.162 - - [29/Oct/2014:08:57:33 -0500] "GET /BLA/boletinlegal/js/jquery.scrollShow.js HTTP/1.1" 200 4586
66.249.64.167 - - [29/Oct/2014:08:57:35 -0500] "GET /BLA/resoluciones/RESOLUCIONES%202011/0766.pdf HTTP/1.1" 200 518908
157.92.4.75 - - [29/Oct/2014:08:57:35 -0500] "-" 408 -
157.92.4.75 - - [29/Oct/2014:08:57:35 -0500] "-" 408 -
157.92.4.75 - - [29/Oct/2014:08:57:35 -0500] "-" 408 -
157.92.4.75 - - [29/Oct/2014:08:57:35 -0500] "-" 408 -
157.92.4.75 - - [29/Oct/2014:08:57:35 -0500] "-" 408 -
157.92.4.75 - - [29/Oct/2014:08:57:36 -0500] "-" 408 -
201.245.192.253 - - [29/Oct/2014:08:57:38 -0500] "GET /plugins/like.php?action=recommend&app_id=552484368099345&channel=http%3A%2F%2Fstatic.ak.facebook.com%2Fconnect%2Fxd_arbiter%2FehazDpFPEnK.js%3Fversion%3D41%23cb%3Df11324c2f7bb346%26domain%3Ddiarioadn.co%26origin%3Dhttp%253A%252F%252Fdiarioadn.co%252Ff3e1824de9a9a2a%26relation%3Dparent.parent&font=tahoma&href=http%3A%2F%2Fdiarioadn.co%2Fbogot%25C3%25A1%2Fmi-ciudad%2Fconstrucci%25C3%25B3n-humedal-la-conejera-1.130628&locale=es_LA&sdk=joey&send=true&show_faces=false&width=450 HTTP/1.1" 404 1396
201.244.52.143 - - [29/Oct/2014:08:57:39 -0500] "GET /BLA/boletinlegal/js/jquery.js HTTP/1.1" 200 57254
201.244.52.143 - - [29/Oct/2014:08:57:39 -0500] "GET /BLA/boletinlegal/js/jquery.scrollTo-min.js HTTP/1.1" 200 1150
201.244.52.143 - - [29/Oct/2014:08:57:39 -0500] "GET /BLA/boletinlegal/js/jquery.scrollShow.js HTTP/1.1" 200 4586
66.249.64.167 - - [29/Oct/2014:08:57:39 -0500] "GET /BLA/resoluciones/AUTOS%202007/3651.pdf HTTP/1.1" 200 258980
201.244.52.143 - - [29/Oct/2014:08:57:39 -0500] "GET /galeria/carrusel/Carrusel/jquery.thumbnailScroller.css HTTP/1.1" 200 2066
190.24.232.86 - - [29/Oct/2014:08:57:40 -0500] "GET /BLA/boletinlegal/js/jquery.js HTTP/1.1" 200 57254
190.24.232.86 - - [29/Oct/2014:08:57:40 -0500] "GET /BLA/boletinlegal/js/jquery.scrollTo-min.js HTTP/1.1" 200 1150
190.24.232.86 - - [29/Oct/2014:08:57:40 -0500] "GET /BLA/boletinlegal/js/jquery.scrollShow.js HTTP/1.1" 200 4586
201.244.52.143 - - [29/Oct/2014:08:57:40 -0500] "GET /galeria/carrusel/Carrusel/jquery-ui-1.8.13.custom.min.js HTTP/1.1" 200 10800
201.244.52.143 - - [29/Oct/2014:08:57:41 -0500] "GET /galeria/carrusel/Carrusel/jquery.thumbnailScroller.js HTTP/1.1" 200 8157
66.249.64.167 - - [29/Oct/2014:08:57:43 -0500] "GET /BLA/resoluciones/RESOLUCIONES%202010/5296.pdf HTTP/1.1" 200 754631
201.244.52.143 - - [29/Oct/2014:08:57:47 -0500] "GET /galeria/nivo-slider/demo/demo.html HTTP/1.1" 200 3316
201.244.52.143 - - [29/Oct/2014:08:57:47 -0500] "GET /galeria/nivo-slider/themes/default/default.css HTTP/1.1" 200 1569
66.249.64.167 - - [29/Oct/2014:08:57:47 -0500] "GET /BLA/resoluciones/RESOLUCIONES%202010/1152.pdf HTTP/1.1" 200 104253
201.244.52.143 - - [29/Oct/2014:08:57:48 -0500] "GET /galeria/nivo-slider/themes/pascal/pascal.css HTTP/1.1" 200 2258
201.244.52.143 - - [29/Oct/2014:08:57:48 -0500] "GET /galeria/nivo-slider/themes/orman/orman.css HTTP/1.1" 200 2152
201.244.52.143 - - [29/Oct/2014:08:57:48 -0500] "GET /galeria/nivo-slider/nivo-slider.css HTTP/1.1" 200 1507
201.244.52.143 - - [29/Oct/2014:08:57:48 -0500] "GET /galeria/nivo-slider/demo/style.css HTTP/1.1" 200 2222
201.244.52.143 - - [29/Oct/2014:08:57:48 -0500] "GET /galeria/nivo-slider/demo/images/banner-aceite3.jpg HTTP/1.1" 200 88347
201.244.52.143 - - [29/Oct/2014:08:57:48 -0500] "GET /galeria/nivo-slider/demo/images/mesTIC.jpg HTTP/1.1" 200 180719
201.244.52.143 - - [29/Oct/2014:08:57:48 -0500] "GET /galeria/nivo-slider/demo/images/Tingua-azul.jpg HTTP/1.1" 200 307638
201.244.52.143 - - [29/Oct/2014:08:57:49 -0500] "GET /galeria/nivo-slider/demo/images/Banner-Caracol-Africano.jpg HTTP/1.1" 200 331986
201.244.52.143 - - [29/Oct/2014:08:57:49 -0500] "GET /galeria/nivo-slider/demo/images/porloshumedales.jpg HTTP/1.1" 200 351238
201.244.52.143 - - [29/Oct/2014:08:57:50 -0500] "GET /galeria/nivo-slider/demo/images/banner-redes.jpg HTTP/1.1" 200 62209
66.249.64.163 - - [29/Oct/2014:08:57:52 -0500] "GET /BLA/resoluciones/RESOLUCIONES%202010/2559.pdf HTTP/1.1" 200 664250
180.76.5.23 - - [29/Oct/2014:08:57:54 -0500] "GET /BLA/resoluciones/AUTOS%202011/3861.pdf HTTP/1.1" 200 154286
201.245.192.253 - - [29/Oct/2014:08:57:42 -0500] "GET /isolucionsda/FrameSetArticulo.asp?Pagina=/ISOlucionSDA/bancoconocimiento/L/Ley115defebrero8de1994/Ley115defebrero8de1994.asp?IdArticulo=465 HTTP/1.1" 200 7177
201.245.192.253 - - [29/Oct/2014:08:57:56 -0500] "GET /ISOlucionSDA/bancoconocimiento/L/Ley115defebrero8de1994/Ley115defebrero8de1994.asp?IdArticulo=465 HTTP/1.1" 302 147
200.118.176.127 - - [29/Oct/2014:08:57:56 -0500] "GET /hidrico/aguas%20subterraneas/ HTTP/1.1" 404 1296
201.245.192.253 - - [29/Oct/2014:08:57:56 -0500] "GET /ISOlucionSDA/bancoconocimiento/L/Ley115defebrero8de1994/ley%20115%20de%2019940.doc HTTP/1.1" 200 415745
201.245.192.253 - - [29/Oct/2014:08:57:56 -0500] "GET /isolucionsda/Arriba.asp?Pagina=/ISOlucionSDA/bancoconocimiento/L/Ley115defebrero8de1994/Ley115defebrero8de1994.asp?IdArticulo=465 HTTP/1.1" 200 9795
66.249.64.163 - - [29/Oct/2014:08:57:56 -0500] "GET /BLA/resoluciones/RESOLUCIONES%202010/1346.pdf HTTP/1.1" 200 360288
201.244.52.143 - - [29/Oct/2014:08:57:57 -0500] "GET /galeria/nivo-slider/demo/images/9Signos.jpg HTTP/1.1" 200 93040
201.244.52.143 - - [29/Oct/2014:08:57:57 -0500] "GET /galeria/nivo-slider/demo/images/banner-llantas2.jpg HTTP/1.1" 200 73153
201.244.52.143 - - [29/Oct/2014:08:57:57 -0500] "GET /galeria/nivo-slider/demo/images/banner-caballos.png HTTP/1.1" 200 389106
201.244.52.143 - - [29/Oct/2014:08:57:57 -0500] "GET /galeria/nivo-slider/demo/images/Hacienda_Molinos.jpg HTTP/1.1" 200 319171
201.244.52.143 - - [29/Oct/2014:08:57:57 -0500] "GET /galeria/nivo-slider/demo/images/bannerEcolecta3.jpg HTTP/1.1" 200 280034
201.244.52.143 - - [29/Oct/2014:08:57:58 -0500] "GET /galeria/nivo-slider/demo/scripts/jquery-1.7.1.min.js HTTP/1.1" 200 93868
201.244.52.143 - - [29/Oct/2014:08:57:58 -0500] "GET /galeria/nivo-slider/jquery.nivo.slider.pack.js HTTP/1.1" 200 11561
201.244.52.143 - - [29/Oct/2014:08:57:58 -0500] "GET /galeria/nivo-slider/demo/images/4Simple_Slider.png HTTP/1.1" 200 11722
201.244.52.143 - - [29/Oct/2014:08:57:58 -0500] "GET /galeria/nivo-slider/themes/default/loading.gif HTTP/1.1" 200 1737
186.147.66.232 - - [29/Oct/2014:08:57:59 -0500] "GET /forest/session.jsp?a=0.5548351756297052 HTTP/1.1" 200 4
201.244.52.143 - - [29/Oct/2014:08:58:00 -0500] "GET /galeria/nivo-slider/themes/default/arrows.png HTTP/1.1" 200 824
201.244.52.143 - - [29/Oct/2014:08:58:00 -0500] "GET /galeria/nivo-slider/themes/default/bullets.png HTTP/1.1" 200 1281
200.21.86.26 - - [29/Oct/2014:08:58:00 -0500] "GET /BLA/resoluciones/RESOLUCIONES%202007/RES%202007%201401%20AL%201500/RESOLUCION%201401%20DE%202007.pdf HTTP/1.1" 200 257380
66.249.64.171 - - [29/Oct/2014:08:58:00 -0500] "GET /BLA/resoluciones/AUTOS%202009/1191.pdf HTTP/1.1" 200 124226
200.21.86.26 - - [29/Oct/2014:08:58:00 -0500] "GET /favicon.ico HTTP/1.1" 200 7782
200.21.86.26 - - [29/Oct/2014:08:58:01 -0500] "GET /BLA/resoluciones/RESOLUCIONES%202007/RES%202007%201401%20AL%201500/RESOLUCION%201401%20DE%202007.pdf HTTP/1.1" 206 65536
200.21.86.26 - - [29/Oct/2014:08:58:01 -0500] "GET /BLA/resoluciones/RESOLUCIONES%202007/RES%202007%201401%20AL%201500/RESOLUCION%201401%20DE%202007.pdf HTTP/1.1" 206 60772
200.21.86.26 - - [29/Oct/2014:08:58:02 -0500] "GET /BLA/resoluciones/RESOLUCIONES%202007/RES%202007%201401%20AL%201500/RESOLUCION%201401%20DE%202007.pdf HTTP/1.1" 206 65536
200.21.86.26 - - [29/Oct/2014:08:58:02 -0500] "GET /BLA/resoluciones/RESOLUCIONES%202007/RES%202007%201401%20AL%201500/RESOLUCION%201401%20DE%202007.pdf HTTP/1.1" 206 65536
186.113.22.210 - - [29/Oct/2014:08:58:03 -0500] "GET /BLA/boletinlegal/js/jquery.js HTTP/1.1" 200 57254
186.113.22.210 - - [29/Oct/2014:08:58:03 -0500] "GET /BLA/boletinlegal/js/jquery.scrollTo-min.js HTTP/1.1" 200 1150
186.113.22.210 - - [29/Oct/2014:08:58:03 -0500] "GET /BLA/boletinlegal/js/jquery.scrollShow.js HTTP/1.1" 200 4586
186.113.22.210 - - [29/Oct/2014:08:58:03 -0500] "GET /galeria/carrusel/Carrusel/jquery-ui-1.8.13.custom.min.js HTTP/1.1" 200 10800
186.113.22.210 - - [29/Oct/2014:08:58:03 -0500] "GET /galeria/carrusel/Carrusel/jquery.thumbnailScroller.css HTTP/1.1" 200 2066
186.113.22.210 - - [29/Oct/2014:08:58:03 -0500] "GET /galeria/carrusel/Carrusel/jquery.thumbnailScroller.js HTTP/1.1" 200 8157
66.249.64.163 - - [29/Oct/2014:08:58:04 -0500] "GET /BLA/resoluciones/AUTOS%202008/1838.pdf HTTP/1.1" 200 168510
186.113.22.210 - - [29/Oct/2014:08:58:06 -0500] "GET /galeria/nivo-slider/demo/demo.html HTTP/1.1" 200 3316
186.113.22.210 - - [29/Oct/2014:08:58:07 -0500] "GET /galeria/nivo-slider/themes/default/default.css HTTP/1.1" 200 1569
186.113.22.210 - - [29/Oct/2014:08:58:07 -0500] "GET /galeria/nivo-slider/nivo-slider.css HTTP/1.1" 200 1507
186.113.22.210 - - [29/Oct/2014:08:58:07 -0500] "GET /galeria/nivo-slider/themes/pascal/pascal.css HTTP/1.1" 200 2258
186.113.22.210 - - [29/Oct/2014:08:58:07 -0500] "GET /galeria/nivo-slider/themes/orman/orman.css HTTP/1.1" 200 2152
186.113.22.210 - - [29/Oct/2014:08:58:07 -0500] "GET /galeria/nivo-slider/demo/style.css HTTP/1.1" 200 2222
186.113.22.210 - - [29/Oct/2014:08:58:07 -0500] "GET /galeria/nivo-slider/demo/images/porloshumedales.jpg HTTP/1.1" 200 351238
186.113.22.210 - - [29/Oct/2014:08:58:07 -0500] "GET /galeria/nivo-slider/demo/images/banner-aceite3.jpg HTTP/1.1" 200 88347
186.113.22.210 - - [29/Oct/2014:08:58:07 -0500] "GET /galeria/nivo-slider/demo/images/mesTIC.jpg HTTP/1.1" 200 180719
186.113.22.210 - - [29/Oct/2014:08:58:07 -0500] "GET /galeria/nivo-slider/demo/images/Tingua-azul.jpg HTTP/1.1" 200 307638
186.113.22.210 - - [29/Oct/2014:08:58:07 -0500] "GET /galeria/nivo-slider/demo/images/Banner-Caracol-Africano.jpg HTTP/1.1" 200 331986
186.113.22.210 - - [29/Oct/2014:08:58:08 -0500] "GET /galeria/nivo-slider/demo/images/banner-redes.jpg HTTP/1.1" 200 62209
201.245.192.253 - - [29/Oct/2014:08:58:08 -0500] "GET /isolucionsda/FrameSetArticulo.asp?Pagina=/ISOlucionSDA/bancoconocimiento/L/Ley134demayo31de1994/Ley134demayo31de1994.asp?IdArticulo=541 HTTP/1.1" 200 7161
201.245.192.253 - - [29/Oct/2014:08:58:08 -0500] "GET /isolucionsda/Arriba.asp?Pagina=/ISOlucionSDA/bancoconocimiento/L/Ley134demayo31de1994/Ley134demayo31de1994.asp?IdArticulo=541 HTTP/1.1" 200 9791
186.113.22.210 - - [29/Oct/2014:08:58:08 -0500] "GET /galeria/nivo-slider/demo/images/9Signos.jpg HTTP/1.1" 200 93040
201.245.192.253 - - [29/Oct/2014:08:58:08 -0500] "GET /ISOlucionSDA/bancoconocimiento/L/Ley134demayo31de1994/Ley134demayo31de1994.asp?IdArticulo=541 HTTP/1.1" 302 164
201.245.192.253 - - [29/Oct/2014:08:58:08 -0500] "GET /ISOlucionSDA/bancoconocimiento/L/Ley134demayo31de1994/ley%20134%20de%20mayo%2031%20de%2019940.pdf HTTP/1.1" 200 307499
66.249.64.163 - - [29/Oct/2014:08:58:08 -0500] "GET /BLA/resoluciones/RESOLUCIONES%202010/2058.pdf HTTP/1.1" 200 193931
186.113.22.210 - - [29/Oct/2014:08:58:10 -0500] "GET /galeria/nivo-slider/demo/images/banner-llantas2.jpg HTTP/1.1" 200 73153
186.113.22.210 - - [29/Oct/2014:08:58:10 -0500] "GET /galeria/nivo-slider/demo/images/banner-caballos.png HTTP/1.1" 200 389106
186.113.22.210 - - [29/Oct/2014:08:58:11 -0500] "GET /galeria/nivo-slider/demo/images/Hacienda_Molinos.jpg HTTP/1.1" 200 319171
66.249.64.163 - - [29/Oct/2014:08:58:13 -0500] "GET /BLA/resoluciones/RESOLUCIONES%202008/2159.pdf HTTP/1.1" 200 288219
201.245.192.253 - - [29/Oct/2014:08:58:13 -0500] "GET /forest/session.jsp?a=0.595607288595514 HTTP/1.1" 200 4
201.245.192.253 - - [29/Oct/2014:08:58:13 -0500] "GET /forest/session.jsp?a=0.568009496332747 HTTP/1.1" 200 4
186.113.22.210 - - [29/Oct/2014:08:58:13 -0500] "GET /galeria/nivo-slider/demo/images/bannerEcolecta3.jpg HTTP/1.1" 200 280034
186.113.22.210 - - [29/Oct/2014:08:58:13 -0500] "GET /galeria/nivo-slider/demo/scripts/jquery-1.7.1.min.js HTTP/1.1" 200 93868
186.113.22.210 - - [29/Oct/2014:08:58:13 -0500] "GET /galeria/nivo-slider/jquery.nivo.slider.pack.js HTTP/1.1" 200 11561
186.113.22.210 - - [29/Oct/2014:08:58:14 -0500] "GET /galeria/nivo-slider/demo/images/4Simple_Slider.png HTTP/1.1" 200 11722
186.113.22.210 - - [29/Oct/2014:08:58:14 -0500] "GET /galeria/nivo-slider/themes/default/loading.gif HTTP/1.1" 200 1737
186.113.22.210 - - [29/Oct/2014:08:58:20 -0500] "GET /galeria/nivo-slider/themes/default/bullets.png HTTP/1.1" 200 1281
66.249.64.171 - - [29/Oct/2014:08:58:21 -0500] "GET /BLA/resoluciones/RESOLUCIONES%202009/8613.pdf HTTP/1.1" 200 92570
186.113.22.210 - - [29/Oct/2014:08:58:22 -0500] "GET /videos/Spot_Tinguas.flv HTTP/1.1" 200 2087054
201.245.192.253 - - [29/Oct/2014:08:58:24 -0500] "GET /isolucionsda/FrameSetArticulo.asp?Pagina=/ISOlucionSDA/bancoconocimiento/L/Ley152dejulio15de1994/Ley152dejulio15de1994.asp?IdArticulo=746 HTTP/1.1" 200 7169
201.245.192.253 - - [29/Oct/2014:08:58:24 -0500] "GET /isolucionsda/Arriba.asp?Pagina=/ISOlucionSDA/bancoconocimiento/L/Ley152dejulio15de1994/Ley152dejulio15de1994.asp?IdArticulo=746 HTTP/1.1" 200 9793
201.245.192.253 - - [29/Oct/2014:08:58:24 -0500] "GET /ISOlucionSDA/bancoconocimiento/L/Ley152dejulio15de1994/Ley152dejulio15de1994.asp?IdArticulo=746 HTTP/1.1" 302 165
201.245.192.253 - - [29/Oct/2014:08:58:24 -0500] "GET /ISOlucionSDA/bancoconocimiento/L/Ley152dejulio15de1994/ley%20152%20de%20julio%2015%20de%2019940.pdf HTTP/1.1" 200 69519
66.249.64.163 - - [29/Oct/2014:08:58:25 -0500] "GET /BLA/resoluciones/RESOLUCIONES%202011/1884.pdf HTTP/1.1" 200 513594
216.155.90.115 - - [29/Oct/2014:08:58:28 -0500] "GET /BLA/boletinlegal/js/jquery.js HTTP/1.1" 200 57254
216.155.90.115 - - [29/Oct/2014:08:58:29 -0500] "GET /BLA/boletinlegal/js/jquery.scrollTo-min.js HTTP/1.1" 200 1150
216.155.90.115 - - [29/Oct/2014:08:58:29 -0500] "GET /BLA/boletinlegal/js/jquery.scrollShow.js HTTP/1.1" 200 4586
186.147.66.232 - - [29/Oct/2014:08:58:29 -0500] "GET /forest/buscar.do?type=procesos HTTP/1.1" 200 97228
66.249.64.167 - - [29/Oct/2014:08:58:29 -0500] "GET /BLA/resoluciones/RESOLUCIONES%202011/1513.pdf HTTP/1.1" 200 187012
186.147.66.232 - - [29/Oct/2014:08:58:30 -0500] "GET /forest/json.do?query=usersByDep&coddep=7025 HTTP/1.1" 200 851
186.147.66.232 - - [29/Oct/2014:08:58:30 -0500] "GET /forest/json.do?query=usersByDep&coddep=7025 HTTP/1.1" 200 851
186.31.224.127 - - [29/Oct/2014:08:58:33 -0500] "GET /BLA/boletinlegal/js/jquery.js HTTP/1.1" 200 57254
186.31.224.127 - - [29/Oct/2014:08:58:33 -0500] "GET /BLA/boletinlegal/js/jquery.scrollTo-min.js HTTP/1.1" 200 1150
186.31.224.127 - - [29/Oct/2014:08:58:33 -0500] "GET /BLA/boletinlegal/js/jquery.scrollShow.js HTTP/1.1" 200 4586
186.113.22.210 - - [29/Oct/2014:08:58:33 -0500] "GET /galeria/nivo-slider/themes/default/arrows.png HTTP/1.1" 200 824
66.249.64.163 - - [29/Oct/2014:08:58:34 -0500] "GET /BLA/resoluciones/RESOLUCIONES%202010/3190.pdf HTTP/1.1" 200 391274
186.147.66.232 - - [29/Oct/2014:08:58:36 -0500] "POST /forest/buscar.do? HTTP/1.1" 200 5222
66.249.64.167 - - [29/Oct/2014:08:58:38 -0500] "GET /BLA/resoluciones/AUTOS%202009/0020.pdf HTTP/1.1" 200 208724
201.245.192.253 - - [29/Oct/2014:08:58:41 -0500] "GET /fr/u.php?p=328546547221502&m=3559427334882248993&t=2592000 HTTP/1.1" 404 1448
66.249.64.171 - - [29/Oct/2014:08:58:42 -0500] "GET /BLA/resoluciones/RESOLUCIONES%202007/RES%202007%201001%20AL%201100/RESOLUCION%201055%20DE%202007.pdf HTTP/1.1" 200 360744
186.28.146.54 - - [29/Oct/2014:08:58:44 -0500] "GET /galeria/carrusel/Carrusel/jquery.thumbnailScroller.css HTTP/1.1" 200 2066
186.28.146.54 - - [29/Oct/2014:08:58:44 -0500] "GET /BLA/boletinlegal/js/jquery.js HTTP/1.1" 200 57254
186.28.146.54 - - [29/Oct/2014:08:58:44 -0500] "GET /BLA/boletinlegal/js/jquery.scrollTo-min.js HTTP/1.1" 200 1150
186.28.146.54 - - [29/Oct/2014:08:58:44 -0500] "GET /BLA/boletinlegal/js/jquery.scrollShow.js HTTP/1.1" 200 4586
186.28.146.54 - - [29/Oct/2014:08:58:44 -0500] "GET /galeria/carrusel/Carrusel/jquery-ui-1.8.13.custom.min.js HTTP/1.1" 200 10800
186.28.146.54 - - [29/Oct/2014:08:58:44 -0500] "GET /galeria/carrusel/Carrusel/jquery.thumbnailScroller.js HTTP/1.1" 200 8157
66.249.64.163 - - [29/Oct/2014:08:58:46 -0500] "GET /BLA/resoluciones/RESOLUCIONES%202010/0932.pdf HTTP/1.1" 200 106808
186.28.146.54 - - [29/Oct/2014:08:58:47 -0500] "GET /galeria/nivo-slider/demo/demo.html HTTP/1.1" 200 3316
186.28.146.54 - - [29/Oct/2014:08:58:47 -0500] "GET /galeria/nivo-slider/themes/default/default.css HTTP/1.1" 200 1569
200.75.48.35 - - [29/Oct/2014:08:58:47 -0500] "GET /portalsiaccapacitaciones/Soportes%20Capacitaciones%20A%c3%b1o%202013/0029.%20Equipos%20Ahorradores%20de%20Agua%20%2018%20de%20Julio.pdf HTTP/1.1" 206 65536
186.28.146.54 - - [29/Oct/2014:08:58:48 -0500] "GET /galeria/nivo-slider/themes/pascal/pascal.css HTTP/1.1" 200 2258
186.28.146.54 - - [29/Oct/2014:08:58:48 -0500] "GET /galeria/nivo-slider/themes/orman/orman.css HTTP/1.1" 200 2152
186.28.146.54 - - [29/Oct/2014:08:58:48 -0500] "GET /galeria/nivo-slider/demo/scripts/jquery-1.7.1.min.js HTTP/1.1" 200 93868
186.28.146.54 - - [29/Oct/2014:08:58:48 -0500] "GET /galeria/nivo-slider/demo/style.css HTTP/1.1" 200 2222
186.28.146.54 - - [29/Oct/2014:08:58:48 -0500] "GET /galeria/nivo-slider/nivo-slider.css HTTP/1.1" 200 1507
186.28.146.54 - - [29/Oct/2014:08:58:48 -0500] "GET /galeria/nivo-slider/jquery.nivo.slider.pack.js HTTP/1.1" 200 11561
200.75.48.35 - - [29/Oct/2014:08:58:50 -0500] "GET /portalsiaccapacitaciones/Soportes%20Capacitaciones%20A%c3%b1o%202013/0029.%20Equipos%20Ahorradores%20de%20Agua%20%2018%20de%20Julio.pdf HTTP/1.1" 206 65536
186.28.146.54 - - [29/Oct/2014:08:58:50 -0500] "GET /galeria/nivo-slider/demo/images/porloshumedales.jpg HTTP/1.1" 200 351238
186.28.146.54 - - [29/Oct/2014:08:58:50 -0500] "GET /galeria/nivo-slider/demo/images/banner-aceite3.jpg HTTP/1.1" 200 88347
186.28.146.54 - - [29/Oct/2014:08:58:50 -0500] "GET /galeria/nivo-slider/demo/images/mesTIC.jpg HTTP/1.1" 200 180719
186.28.146.54 - - [29/Oct/2014:08:58:50 -0500] "GET /galeria/nivo-slider/demo/images/Tingua-azul.jpg HTTP/1.1" 200 307638
66.249.64.163 - - [29/Oct/2014:08:58:50 -0500] "GET /BLA/resoluciones/Autos%202008/1500.pdf HTTP/1.1" 200 330000
66.249.64.163 - - [29/Oct/2014:08:58:50 -0500] "GET /BLA/resoluciones/RESOLUCIONES%202009/8702.pdf HTTP/1.1" 200 418035
186.28.146.54 - - [29/Oct/2014:08:58:51 -0500] "GET /galeria/nivo-slider/demo/images/Banner-Caracol-Africano.jpg HTTP/1.1" 200 331986
186.28.146.54 - - [29/Oct/2014:08:58:51 -0500] "GET /galeria/nivo-slider/demo/images/4Simple_Slider.png HTTP/1.1" 200 11722
186.28.146.54 - - [29/Oct/2014:08:58:51 -0500] "GET /galeria/nivo-slider/themes/default/loading.gif HTTP/1.1" 200 1737
201.245.192.253 - - [29/Oct/2014:08:58:52 -0500] "GET /plugins/like.php?locale=es_ES&href=http%3A%2F%2Fwww.facebook.com%2Fmsn&send=false&layout=button_count&width=450&show_faces=false&font&colorscheme=light&action=like&height=21 HTTP/1.1" 404 1300
186.28.146.54 - - [29/Oct/2014:08:58:52 -0500] "GET /galeria/nivo-slider/demo/images/banner-redes.jpg HTTP/1.1" 200 62209
186.28.146.54 - - [29/Oct/2014:08:58:52 -0500] "GET /galeria/nivo-slider/demo/images/9Signos.jpg HTTP/1.1" 200 93040
186.28.146.54 - - [29/Oct/2014:08:58:52 -0500] "GET /galeria/nivo-slider/demo/images/banner-llantas2.jpg HTTP/1.1" 200 73153
