186.114.60.24 - - [29/Oct/2014:02:01:26 -0500] "GET /BLA/boletinlegal/images/screen_5.png HTTP/1.1" 200 368876
186.114.60.24 - - [29/Oct/2014:02:01:26 -0500] "GET /BLA/boletinlegal/images/arr_r.jpg HTTP/1.1" 200 1998
186.114.60.24 - - [29/Oct/2014:02:01:26 -0500] "GET /BLA/boletinlegal/images/hover.jpg HTTP/1.1" 200 640
186.114.60.24 - - [29/Oct/2014:02:01:27 -0500] "GET /BLA/boletinlegal/images/pdf.gif HTTP/1.1" 200 567
186.114.60.24 - - [29/Oct/2014:02:01:27 -0500] "GET /BLA/boletinlegal/images/img_1.jpg HTTP/1.1" 200 8067
66.249.64.163 - - [29/Oct/2014:02:01:28 -0500] "GET /BLA/resoluciones/AUTOS%202008/0965.pdf HTTP/1.1" 200 93917
186.114.60.24 - - [29/Oct/2014:02:01:28 -0500] "GET /BLA/boletinlegal/images/People.png HTTP/1.1" 200 45676
186.114.60.24 - - [29/Oct/2014:02:01:29 -0500] "GET /BLA/boletinlegal/images/group.png HTTP/1.1" 200 47853
186.114.60.24 - - [29/Oct/2014:02:01:29 -0500] "GET /BLA/boletinlegal/images/symbol5.gif HTTP/1.1" 200 2857
186.114.60.24 - - [29/Oct/2014:02:01:29 -0500] "GET /BLA/boletinlegal/images/img_3.jpg HTTP/1.1" 200 1841
186.114.60.24 - - [29/Oct/2014:02:01:30 -0500] "GET /BLA/boletinlegal/images/footer_bg.jpg HTTP/1.1" 200 586
186.114.60.24 - - [29/Oct/2014:02:01:30 -0500] "GET /BLA/boletinlegal/images/footer_bg_l.jpg HTTP/1.1" 200 776
186.114.60.24 - - [29/Oct/2014:02:01:33 -0500] "GET /favicon.ico HTTP/1.1" 200 7782
66.249.64.171 - - [29/Oct/2014:02:01:35 -0500] "GET /BLA/resoluciones/RESOLUCIONES%202010/2376.pdf HTTP/1.1" 200 440892
66.249.64.167 - - [29/Oct/2014:02:01:41 -0500] "GET /BLA/resoluciones/RESOLUCIONES%202009/9186.pdf HTTP/1.1" 200 104440
66.249.64.163 - - [29/Oct/2014:02:01:48 -0500] "GET /BLA/resoluciones/RESOLUCIONES%202009/1130.pdf HTTP/1.1" 200 162486
66.249.64.163 - - [29/Oct/2014:02:01:55 -0500] "GET /portalsiaccapacitaciones/Listas%20de%20Asistencia%202013/Lista%20de%20Asistencia%20Capacitaci%C3%B3n%20Lineamientos%20de%20Sostenibilidad%2019-09-2013.pdf HTTP/1.1" 200 319217
66.249.64.171 - - [29/Oct/2014:02:02:02 -0500] "GET /BLA/resoluciones/AUTOS%202009/0101.pdf HTTP/1.1" 200 74756
201.245.192.253 - - [29/Oct/2014:02:02:04 -0500] "GET /galeria/nivo-slider/demo/images/ HTTP/1.1" 200 162375
66.249.64.171 - - [29/Oct/2014:02:02:09 -0500] "GET /BLA/resoluciones/AUTOS%202008/0283.pdf HTTP/1.1" 200 160305
66.249.64.171 - - [29/Oct/2014:02:02:16 -0500] "GET /BLA/resoluciones/RESOLUCIONES%202009/7008.pdf HTTP/1.1" 200 724959
186.114.60.24 - - [29/Oct/2014:02:02:22 -0500] "GET /BLA/boletinlegal/norma_menu.php HTTP/1.1" 200 5286
186.114.60.24 - - [29/Oct/2014:02:02:22 -0500] "GET /BLA/boletinlegal/js/ajax.js HTTP/1.1" 200 772
186.114.60.24 - - [29/Oct/2014:02:02:22 -0500] "GET /BLA/boletinlegal/swfobject.js HTTP/1.1" 200 9763
66.249.64.163 - - [29/Oct/2014:02:02:22 -0500] "GET /BLA/resoluciones/AUTOS%202008/1525.pdf HTTP/1.1" 200 393728
186.114.60.24 - - [29/Oct/2014:02:02:22 -0500] "GET /BLA/boletinlegal/js/lib.js HTTP/1.1" 200 6474
186.114.60.24 - - [29/Oct/2014:02:02:22 -0500] "GET /BLA/boletinlegal/js/popup.js HTTP/1.1" 200 1270
186.114.60.24 - - [29/Oct/2014:02:02:22 -0500] "GET /BLA/boletinlegal/js/jquery1.js HTTP/1.1" 200 29846
186.114.60.24 - - [29/Oct/2014:02:02:22 -0500] "GET /BLA/boletinlegal/images/signo-mas.gif HTTP/1.1" 200 13689
186.114.60.24 - - [29/Oct/2014:02:02:23 -0500] "GET /BLA/boletinlegal/images/signo-menos.gif HTTP/1.1" 200 13454
186.114.60.24 - - [29/Oct/2014:02:02:24 -0500] "GET /BLA/boletinlegal/carousel.swf HTTP/1.1" 200 63487
66.249.64.167 - - [29/Oct/2014:02:02:27 -0500] "GET /BLA/resoluciones/AUTOS%202009/2885.pdf HTTP/1.1" 200 107560
186.114.60.24 - - [29/Oct/2014:02:02:27 -0500] "GET /BLA/boletinlegal/settings.xml HTTP/1.1" 200 2059
186.114.60.24 - - [29/Oct/2014:02:02:28 -0500] "GET /BLA/boletinlegal/images.xml HTTP/1.1" 200 3941
186.114.60.24 - - [29/Oct/2014:02:02:28 -0500] "GET /BLA/boletinlegal/images/emis.png HTTP/1.1" 200 448203
186.114.60.24 - - [29/Oct/2014:02:02:28 -0500] "GET /BLA/boletinlegal/images/pev.png HTTP/1.1" 200 404876
186.114.60.24 - - [29/Oct/2014:02:02:29 -0500] "GET /BLA/boletinlegal/images/hidro.png HTTP/1.1" 200 517362
186.114.60.24 - - [29/Oct/2014:02:02:29 -0500] "GET /BLA/boletinlegal/images/flor.png HTTP/1.1" 200 587454
66.249.64.171 - - [29/Oct/2014:02:02:29 -0500] "GET /BLA/resoluciones/RESOLUCIONES%202008/5296.pdf HTTP/1.1" 200 257331
186.114.60.24 - - [29/Oct/2014:02:02:29 -0500] "GET /BLA/boletinlegal/images/rui.png HTTP/1.1" 200 469106
186.114.60.24 - - [29/Oct/2014:02:02:29 -0500] "GET /BLA/boletinlegal/images/faun.png HTTP/1.1" 200 613440
186.114.60.24 - - [29/Oct/2014:02:02:31 -0500] "GET /BLA/boletinlegal/images/silvi.png HTTP/1.1" 200 588511
186.114.60.24 - - [29/Oct/2014:02:02:31 -0500] "GET /BLA/boletinlegal/images/hume.png HTTP/1.1" 200 481651
186.114.60.24 - - [29/Oct/2014:02:02:32 -0500] "GET /BLA/boletinlegal/images/vert.png HTTP/1.1" 200 485866
186.114.60.24 - - [29/Oct/2014:02:02:35 -0500] "GET /BLA/boletinlegal/images/resi.png HTTP/1.1" 200 556571
186.114.60.24 - - [29/Oct/2014:02:02:36 -0500] "GET /BLA/boletinlegal/images/lice.png HTTP/1.1" 200 487297
66.249.64.171 - - [29/Oct/2014:02:02:36 -0500] "GET /BLA/resoluciones/AUTOS%202008/0299.pdf HTTP/1.1" 200 95458
186.114.60.24 - - [29/Oct/2014:02:02:36 -0500] "GET /BLA/boletinlegal/images/pma.png HTTP/1.1" 200 530205
186.114.60.24 - - [29/Oct/2014:02:02:36 -0500] "GET /BLA/boletinlegal/images/cons.png HTTP/1.1" 200 545034
186.114.60.24 - - [29/Oct/2014:02:02:37 -0500] "GET /BLA/boletinlegal/images/comp-estr.png HTTP/1.1" 200 644020
186.114.60.24 - - [29/Oct/2014:02:02:41 -0500] "GET /BLA/boletinlegal/images/bla.png HTTP/1.1" 200 113997
180.76.5.19 - - [29/Oct/2014:02:02:41 -0500] "GET /robots.txt HTTP/1.1" 404 1015
66.249.64.163 - - [29/Oct/2014:02:02:43 -0500] "GET /BLA/resoluciones/AUTOS%202007/3177.pdf HTTP/1.1" 200 83772
66.249.64.163 - - [29/Oct/2014:02:02:50 -0500] "GET /BLA/resoluciones/RESOLUCIONES%202009/3273.pdf HTTP/1.1" 200 593007
66.249.64.163 - - [29/Oct/2014:02:02:56 -0500] "GET /BLA/resoluciones/RESOLUCIONES%202009/5350.pdf HTTP/1.1" 200 392752
181.130.203.96 - - [29/Oct/2014:02:03:40 -0500] "GET /BLA/boletinlegal/js/jquery.scrollTo-min.js HTTP/1.1" 200 1150
181.130.203.96 - - [29/Oct/2014:02:03:40 -0500] "GET /galeria/carrusel/Carrusel/jquery.thumbnailScroller.css HTTP/1.1" 200 2066
181.130.203.96 - - [29/Oct/2014:02:03:40 -0500] "GET /BLA/boletinlegal/js/jquery.js HTTP/1.1" 200 57254
181.130.203.96 - - [29/Oct/2014:02:03:40 -0500] "GET /galeria/carrusel/Carrusel/jquery-ui-1.8.13.custom.min.js HTTP/1.1" 200 10800
181.130.203.96 - - [29/Oct/2014:02:03:40 -0500] "GET /BLA/boletinlegal/js/jquery.scrollShow.js HTTP/1.1" 200 4586
181.130.203.96 - - [29/Oct/2014:02:03:40 -0500] "GET /galeria/carrusel/Carrusel/jquery.thumbnailScroller.js HTTP/1.1" 200 8157
181.130.203.96 - - [29/Oct/2014:02:03:41 -0500] "GET /galeria/nivo-slider/demo/demo.html HTTP/1.1" 200 3316
181.130.203.96 - - [29/Oct/2014:02:03:41 -0500] "GET /galeria/nivo-slider/themes/default/default.css HTTP/1.1" 200 1569
181.130.203.96 - - [29/Oct/2014:02:03:41 -0500] "GET /galeria/nivo-slider/themes/pascal/pascal.css HTTP/1.1" 200 2258
181.130.203.96 - - [29/Oct/2014:02:03:41 -0500] "GET /galeria/nivo-slider/themes/orman/orman.css HTTP/1.1" 200 2152
181.130.203.96 - - [29/Oct/2014:02:03:41 -0500] "GET /galeria/nivo-slider/nivo-slider.css HTTP/1.1" 200 1507
181.130.203.96 - - [29/Oct/2014:02:03:41 -0500] "GET /galeria/nivo-slider/demo/images/porloshumedales.jpg HTTP/1.1" 200 351238
181.130.203.96 - - [29/Oct/2014:02:03:41 -0500] "GET /galeria/nivo-slider/demo/style.css HTTP/1.1" 200 2222
181.130.203.96 - - [29/Oct/2014:02:03:41 -0500] "GET /galeria/nivo-slider/demo/scripts/jquery-1.7.1.min.js HTTP/1.1" 200 93868
181.130.203.96 - - [29/Oct/2014:02:03:41 -0500] "GET /galeria/nivo-slider/jquery.nivo.slider.pack.js HTTP/1.1" 200 11561
181.130.203.96 - - [29/Oct/2014:02:03:41 -0500] "GET /galeria/nivo-slider/demo/images/banner-aceite3.jpg HTTP/1.1" 200 88347
181.130.203.96 - - [29/Oct/2014:02:03:42 -0500] "GET /galeria/nivo-slider/themes/default/loading.gif HTTP/1.1" 200 1737
181.130.203.96 - - [29/Oct/2014:02:03:42 -0500] "GET /galeria/nivo-slider/demo/images/4Simple_Slider.png HTTP/1.1" 200 11722
181.130.203.96 - - [29/Oct/2014:02:03:42 -0500] "GET /galeria/nivo-slider/demo/images/mesTIC.jpg HTTP/1.1" 200 180719
181.130.203.96 - - [29/Oct/2014:02:03:42 -0500] "GET /galeria/nivo-slider/demo/images/Tingua-azul.jpg HTTP/1.1" 200 307638
181.130.203.96 - - [29/Oct/2014:02:03:42 -0500] "GET /galeria/nivo-slider/demo/images/Banner-Caracol-Africano.jpg HTTP/1.1" 200 331986
181.130.203.96 - - [29/Oct/2014:02:03:43 -0500] "GET /galeria/nivo-slider/demo/images/banner-redes.jpg HTTP/1.1" 200 62209
181.130.203.96 - - [29/Oct/2014:02:03:43 -0500] "GET /galeria/nivo-slider/demo/images/9Signos.jpg HTTP/1.1" 200 93040
181.130.203.96 - - [29/Oct/2014:02:03:43 -0500] "GET /galeria/nivo-slider/demo/images/banner-llantas2.jpg HTTP/1.1" 200 73153
181.130.203.96 - - [29/Oct/2014:02:03:44 -0500] "GET /galeria/nivo-slider/demo/images/banner-caballos.png HTTP/1.1" 200 389106
181.130.203.96 - - [29/Oct/2014:02:03:44 -0500] "GET /galeria/nivo-slider/demo/images/Hacienda_Molinos.jpg HTTP/1.1" 200 319171
181.130.203.96 - - [29/Oct/2014:02:03:44 -0500] "GET /galeria/nivo-slider/demo/images/bannerEcolecta3.jpg HTTP/1.1" 200 280034
181.130.203.96 - - [29/Oct/2014:02:03:46 -0500] "GET /galeria/nivo-slider/themes/default/arrows.png HTTP/1.1" 200 824
181.130.203.96 - - [29/Oct/2014:02:03:46 -0500] "GET /galeria/nivo-slider/themes/default/bullets.png HTTP/1.1" 200 1281
181.130.203.96 - - [29/Oct/2014:02:03:47 -0500] "GET /videos/Spot_Tinguas.flv HTTP/1.1" 200 2087054
66.249.64.163 - - [29/Oct/2014:02:05:04 -0500] "GET /BLA/resoluciones/RESOLUCIONES%202009/0395.pdf HTTP/1.1" 200 247937
186.114.60.24 - - [29/Oct/2014:02:05:27 -0500] "GET /BLA/boletinlegal/consulta.php?menu=hidrocarburos HTTP/1.1" 200 2015
186.114.60.24 - - [29/Oct/2014:02:05:28 -0500] "GET /BLA/boletinlegal/images/docs.png HTTP/1.1" 200 10288
186.114.60.24 - - [29/Oct/2014:02:05:28 -0500] "GET /BLA/boletinlegal/images/background.gif HTTP/1.1" 200 -
180.76.5.76 - - [29/Oct/2014:02:05:36 -0500] "GET / HTTP/1.1" 302 -
74.86.158.107 - - [29/Oct/2014:02:05:59 -0500] "HEAD / HTTP/1.1" 302 -
37.134.47.0 - - [29/Oct/2014:02:07:00 -0500] "GET /BLA/boletinlegal/js/jquery.js HTTP/1.1" 200 57254
37.134.47.0 - - [29/Oct/2014:02:07:00 -0500] "GET /BLA/boletinlegal/js/jquery.scrollTo-min.js HTTP/1.1" 200 1150
37.134.47.0 - - [29/Oct/2014:02:07:00 -0500] "GET /BLA/boletinlegal/js/jquery.scrollShow.js HTTP/1.1" 200 4586
66.249.64.171 - - [29/Oct/2014:02:07:05 -0500] "GET /BLA/resoluciones/AUTOS%202009/0660.pdf HTTP/1.1" 200 104996
66.249.64.167 - - [29/Oct/2014:02:07:05 -0500] "GET /BLA/resoluciones/AUTOS%202009/3251.pdf HTTP/1.1" 200 114349
66.249.64.171 - - [29/Oct/2014:02:07:07 -0500] "GET /BLA/resoluciones/AUTOS%202009/3561.pdf HTTP/1.1" 200 219382
66.249.64.171 - - [29/Oct/2014:02:07:08 -0500] "GET /BLA/resoluciones/AUTOS%202009/2581.pdf HTTP/1.1" 200 90417
66.249.64.167 - - [29/Oct/2014:02:07:10 -0500] "GET /BLA/resoluciones/RESOLUCIONES%202010/4020.pdf HTTP/1.1" 200 50828
66.249.64.167 - - [29/Oct/2014:02:07:12 -0500] "GET /BLA/resoluciones/AUTOS%202008/0066.pdf HTTP/1.1" 200 140683
66.249.64.163 - - [29/Oct/2014:02:07:13 -0500] "GET /BLA/resoluciones/RESOLUCIONES%202009/9172.pdf HTTP/1.1" 200 435757
66.249.64.171 - - [29/Oct/2014:02:07:15 -0500] "GET /BLA/resoluciones/RESOLUCIONES%202009/3436.pdf HTTP/1.1" 200 555795
66.249.64.167 - - [29/Oct/2014:02:07:17 -0500] "GET /BLA/resoluciones/RESOLUCIONES%202009/6368.pdf HTTP/1.1" 200 481141
66.249.64.167 - - [29/Oct/2014:02:07:18 -0500] "GET /BLA/resoluciones/RESOLUCIONES%202009/5118.pdf HTTP/1.1" 200 1181870
66.249.64.163 - - [29/Oct/2014:02:07:21 -0500] "GET /BLA/resoluciones/RESOLUCIONES%202009/0876.pdf HTTP/1.1" 200 309014
66.249.64.167 - - [29/Oct/2014:02:07:22 -0500] "GET /BLA/resoluciones/RESOLUCIONES%202010/1089.pdf HTTP/1.1" 304 -
66.249.64.163 - - [29/Oct/2014:02:07:23 -0500] "GET /BLA/resoluciones/RESOLUCIONES%202008/3256.pdf HTTP/1.1" 200 260317
66.249.64.171 - - [29/Oct/2014:02:07:25 -0500] "GET /BLA/resoluciones/RESOLUCIONES%202008/4608.pdf HTTP/1.1" 200 249708
66.249.64.171 - - [29/Oct/2014:02:07:28 -0500] "GET /BLA/resoluciones/RESOLUCIONES%202009/5090.pdf HTTP/1.1" 200 520801
66.249.64.163 - - [29/Oct/2014:02:07:32 -0500] "GET /BLA/resoluciones/RESOLUCIONES%202009/8810.pdf HTTP/1.1" 200 189879
66.249.64.163 - - [29/Oct/2014:02:07:39 -0500] "GET /BLA/resoluciones/RESOLUCIONES%202011/0351.pdf HTTP/1.1" 200 70225
66.249.64.163 - - [29/Oct/2014:02:07:44 -0500] "GET /BLA/resoluciones/AUTOS%202009/1411.pdf HTTP/1.1" 200 191590
66.249.64.167 - - [29/Oct/2014:02:07:46 -0500] "GET /BLA/resoluciones/AUTOS%202007/1460.pdf HTTP/1.1" 200 26948
66.249.64.167 - - [29/Oct/2014:02:07:53 -0500] "GET /BLA/resoluciones/RESOLUCIONES%202009/9279.pdf HTTP/1.1" 200 588613
66.249.64.163 - - [29/Oct/2014:02:07:59 -0500] "GET /BLA/resoluciones/AUTOS%202009/0311.pdf HTTP/1.1" 200 167559
66.249.64.167 - - [29/Oct/2014:02:08:00 -0500] "GET /BLA/resoluciones/AUTOS%202009/1376.pdf HTTP/1.1" 200 118160
66.249.64.171 - - [29/Oct/2014:02:08:04 -0500] "-" 408 -
66.249.64.163 - - [29/Oct/2014:02:08:06 -0500] "GET /BLA/resoluciones/AUTOS%202010/0566.pdf HTTP/1.1" 200 202932
66.249.64.163 - - [29/Oct/2014:02:08:13 -0500] "GET /BLA/resoluciones/AUTOS%202007/0580.pdf HTTP/1.1" 200 62452
66.249.64.163 - - [29/Oct/2014:02:08:20 -0500] "GET /BLA/resoluciones/AUTOS%202008/2071.pdf HTTP/1.1" 200 99991
66.249.64.163 - - [29/Oct/2014:02:08:27 -0500] "GET /BLA/resoluciones/RESOLUCIONES%202010/1864.pdf HTTP/1.1" 200 360610
66.249.64.163 - - [29/Oct/2014:02:08:33 -0500] "GET /BLA/resoluciones/AUTOS%202008/1545.pdf HTTP/1.1" 200 78801
66.249.64.171 - - [29/Oct/2014:02:08:40 -0500] "GET /BLA/resoluciones/RESOLUCIONES%202008/1408.pdf HTTP/1.1" 200 210196
66.249.64.167 - - [29/Oct/2014:02:08:47 -0500] "GET /BLA/resoluciones/RESOLUCIONES%202010/4541.pdf HTTP/1.1" 200 578124
66.249.64.163 - - [29/Oct/2014:02:08:54 -0500] "GET /BLA/resoluciones/AUTOS%202009/2661.pdf HTTP/1.1" 200 102018
66.249.64.171 - - [29/Oct/2014:02:09:01 -0500] "GET /BLA/resoluciones/RESOLUCIONES%202009/7495.pdf HTTP/1.1" 200 523542
66.249.64.163 - - [29/Oct/2014:02:09:07 -0500] "GET /BLA/resoluciones/AUTOS%202008/1149.pdf HTTP/1.1" 200 65158
66.249.64.163 - - [29/Oct/2014:02:09:14 -0500] "GET /BLA/resoluciones/AUTOS%202008/0618.pdf HTTP/1.1" 200 67769
66.249.64.163 - - [29/Oct/2014:02:09:21 -0500] "GET /BLA/resoluciones/AUTOS%202008/2222.pdf HTTP/1.1" 200 89874
66.249.64.171 - - [29/Oct/2014:02:09:28 -0500] "GET /BLA/resoluciones/RESOLUCIONES%202009/4213.pdf HTTP/1.1" 200 1012181
123.125.71.22 - - [29/Oct/2014:02:09:35 -0500] "GET / HTTP/1.1" 302 -
66.249.64.167 - - [29/Oct/2014:02:09:35 -0500] "GET /BLA/resoluciones/RESOLUCIONES%202010/7627.pdf HTTP/1.1" 200 364118
66.249.64.171 - - [29/Oct/2014:02:09:42 -0500] "GET /BLA/resoluciones/RESOLUCIONES%202009/0231.pdf HTTP/1.1" 200 331552
66.249.64.167 - - [29/Oct/2014:02:09:48 -0500] "GET /BLA/resoluciones/AUTOS%202008/0198.pdf HTTP/1.1" 200 104755
66.249.64.171 - - [29/Oct/2014:02:09:55 -0500] "GET /BLA/resoluciones/RESOLUCIONES%202009/7370.pdf HTTP/1.1" 200 1070944
66.249.64.171 - - [29/Oct/2014:02:09:59 -0500] "GET /BLA/resoluciones/AUTOS%202009/1068.pdf HTTP/1.1" 200 97470
66.249.64.163 - - [29/Oct/2014:02:10:02 -0500] "GET /BLA/resoluciones/AUTOS%202007/1817.pdf HTTP/1.1" 200 28983
66.249.64.167 - - [29/Oct/2014:02:10:05 -0500] "-" 408 -
66.249.64.167 - - [29/Oct/2014:02:10:09 -0500] "GET /BLA/resoluciones/RESOLUCIONES%202010/1599.pdf HTTP/1.1" 200 105180
66.249.64.167 - - [29/Oct/2014:02:10:16 -0500] "GET /BLA/resoluciones/AUTOS%202009/1656.pdf HTTP/1.1" 200 98791
66.249.64.171 - - [29/Oct/2014:02:10:22 -0500] "GET /BLA/resoluciones/RESOLUCIONES%202009/9305.pdf HTTP/1.1" 200 573609
66.249.64.171 - - [29/Oct/2014:02:10:29 -0500] "GET /BLA/resoluciones/RESOLUCIONES%202010/7560.pdf HTTP/1.1" 200 69143
66.249.64.171 - - [29/Oct/2014:02:10:36 -0500] "GET /BLA/resoluciones/RESOLUCIONES%202009/1630.pdf HTTP/1.1" 200 512199
220.181.108.103 - - [29/Oct/2014:02:10:36 -0500] "GET / HTTP/1.1" 302 -
66.249.64.163 - - [29/Oct/2014:02:10:37 -0500] "GET /BLA/resoluciones/AUTOS%202009/1204.pdf HTTP/1.1" 200 123280
66.249.64.163 - - [29/Oct/2014:02:10:43 -0500] "GET /BLA/resoluciones/RESOLUCIONES%202009/5518.pdf HTTP/1.1" 200 490393
66.249.64.171 - - [29/Oct/2014:02:10:50 -0500] "GET /BLA/resoluciones/AUTOS%202009/2772.pdf HTTP/1.1" 200 94991
66.249.64.163 - - [29/Oct/2014:02:10:50 -0500] "GET /BLA/resoluciones/RESOLUCIONES%202010/2711.pdf HTTP/1.1" 200 393465
66.249.64.167 - - [29/Oct/2014:02:10:57 -0500] "GET /BLA/resoluciones/AUTOS%202008/1620.pdf HTTP/1.1" 200 56788
74.86.158.107 - - [29/Oct/2014:02:10:59 -0500] "HEAD / HTTP/1.1" 302 -
66.249.64.163 - - [29/Oct/2014:02:10:59 -0500] "GET /BLA/resoluciones/AUTOS%202009/1644.pdf HTTP/1.1" 200 99633
66.249.64.163 - - [29/Oct/2014:02:11:03 -0500] "GET /BLA/resoluciones/AUTOS%202007/2798.pdf HTTP/1.1" 200 75573
66.249.64.171 - - [29/Oct/2014:02:11:10 -0500] "GET /BLA/resoluciones/AUTOS%202009/1694.pdf HTTP/1.1" 200 123202
66.249.64.171 - - [29/Oct/2014:02:11:17 -0500] "GET /BLA/resoluciones/AUTOS%202008/3310.pdf HTTP/1.1" 200 62454
66.249.64.163 - - [29/Oct/2014:02:11:24 -0500] "GET /BLA/resoluciones/RESOLUCIONES%202009/5620.pdf HTTP/1.1" 200 331480
66.249.64.167 - - [29/Oct/2014:02:11:31 -0500] "GET /BLA/resoluciones/AUTOS%202008/1008.pdf HTTP/1.1" 200 76540
66.249.64.171 - - [29/Oct/2014:02:11:37 -0500] "GET /BLA/resoluciones/AUTOS%202009/2792.pdf HTTP/1.1" 200 73450
66.249.64.163 - - [29/Oct/2014:02:11:51 -0500] "GET /BLA/resoluciones/RESOLUCIONES%202010/1666.pdf HTTP/1.1" 200 722411
66.249.64.39 - - [29/Oct/2014:02:11:58 -0500] "GET /dama/libreria/pdf/formularios/Informe_pruebas_de_bombeo.pdf HTTP/1.1" 404 1019
66.249.64.167 - - [29/Oct/2014:02:12:05 -0500] "GET /BLA/resoluciones/AUTOS%202009/1673.pdf HTTP/1.1" 200 124650
66.249.64.171 - - [29/Oct/2014:02:12:11 -0500] "GET /BLA/resoluciones/RESOLUCIONES%202010/2066.pdf HTTP/1.1" 200 194971
66.249.64.171 - - [29/Oct/2014:02:12:18 -0500] "GET /BLA/resoluciones/RESOLUCIONES%202009/6061.pdf HTTP/1.1" 200 642305
66.249.64.163 - - [29/Oct/2014:02:12:25 -0500] "GET /BLA/resoluciones/RESOLUCIONES%202008/5049.pdf HTTP/1.1" 200 214582
66.249.64.163 - - [29/Oct/2014:02:12:32 -0500] "GET /BLA/resoluciones/RESOLUCIONES%202008/3426.pdf HTTP/1.1" 200 255758
66.249.64.163 - - [29/Oct/2014:02:12:39 -0500] "GET /BLA/resoluciones/AUTOS%202007/1394.pdf HTTP/1.1" 200 25321
66.249.64.171 - - [29/Oct/2014:02:12:45 -0500] "GET /BLA/resoluciones/AUTOS%202012/2960.pdf HTTP/1.1" 200 3072194
66.249.64.171 - - [29/Oct/2014:02:12:50 -0500] "GET /BLA/resoluciones/RESOLUCIONES%202008/3510.pdf HTTP/1.1" 200 387013
66.249.64.171 - - [29/Oct/2014:02:12:52 -0500] "GET /BLA/resoluciones/AUTOS%202009/1342.pdf HTTP/1.1" 200 92819
66.249.64.163 - - [29/Oct/2014:02:12:53 -0500] "GET /BLA/resoluciones/AUTOS%202007/3271.pdf HTTP/1.1" 200 183413
66.249.64.167 - - [29/Oct/2014:02:12:59 -0500] "GET /BLA/resoluciones/RESOLUCIONES%202008/0433.pdf HTTP/1.1" 200 270346
66.249.64.171 - - [29/Oct/2014:02:13:06 -0500] "GET /BLA/resoluciones/AUTOS%202010/0536.pdf HTTP/1.1" 200 180673
66.249.64.163 - - [29/Oct/2014:02:13:13 -0500] "GET /BLA/resoluciones/RESOLUCIONES%202010/0685.pdf HTTP/1.1" 200 132564
66.249.64.163 - - [29/Oct/2014:02:13:20 -0500] "GET /BLA/resoluciones/AUTOS%202009/1859.pdf HTTP/1.1" 200 99180
66.249.64.171 - - [29/Oct/2014:02:13:26 -0500] "GET /BLA/resoluciones/RESOLUCIONES%202010/2052.pdf HTTP/1.1" 200 204509
66.249.64.167 - - [29/Oct/2014:02:13:27 -0500] "GET /BLA/resoluciones/RESOLUCIONES%202008/3814.pdf HTTP/1.1" 200 3976002
66.249.64.171 - - [29/Oct/2014:02:13:33 -0500] "GET /BLA/resoluciones/AUTOS%202008/1409.pdf HTTP/1.1" 200 290860
66.249.64.163 - - [29/Oct/2014:02:13:36 -0500] "GET /BLA/resoluciones/RESOLUCIONES%202013/0793.pdf HTTP/1.1" 200 3223702
66.249.64.167 - - [29/Oct/2014:02:13:42 -0500] "GET /BLA/resoluciones/AUTOS%202009/0182.pdf HTTP/1.1" 200 216036
66.249.64.163 - - [29/Oct/2014:02:13:47 -0500] "GET /BLA/resoluciones/RESOLUCIONES%202008/4867.pdf HTTP/1.1" 200 255663
66.249.64.163 - - [29/Oct/2014:02:13:54 -0500] "GET /BLA/resoluciones/RESOLUCIONES%202010/0757.pdf HTTP/1.1" 200 106040
66.249.64.163 - - [29/Oct/2014:02:14:00 -0500] "GET /BLA/resoluciones/AUTOS%202009/0041.pdf HTTP/1.1" 200 104376
66.249.64.171 - - [29/Oct/2014:02:14:01 -0500] "GET /BLA/resoluciones/RESOLUCIONES%202009/6085.pdf HTTP/1.1" 200 506583
66.249.64.163 - - [29/Oct/2014:02:14:07 -0500] "GET /BLA/resoluciones/AUTOS%202007/1145.pdf HTTP/1.1" 200 32434
66.249.64.171 - - [29/Oct/2014:02:14:14 -0500] "GET /BLA/resoluciones/AUTOS%202008/2910.pdf HTTP/1.1" 200 105229
66.249.64.171 - - [29/Oct/2014:02:14:16 -0500] "GET /BLA/resoluciones/AUTOS%202009/2830.pdf HTTP/1.1" 200 91148
66.249.64.171 - - [29/Oct/2014:02:14:21 -0500] "GET /BLA/resoluciones/RESOLUCIONES%202010/0809.pdf HTTP/1.1" 200 114628
66.249.64.163 - - [29/Oct/2014:02:14:28 -0500] "GET /BLA/resoluciones/RESOLUCIONES%202008/2478.pdf HTTP/1.1" 200 205347
66.249.64.167 - - [29/Oct/2014:02:14:35 -0500] "GET /BLA/resoluciones/RESOLUCIONES%202009/4932.pdf HTTP/1.1" 200 512755
66.249.64.167 - - [29/Oct/2014:02:14:41 -0500] "GET /BLA/resoluciones/RESOLUCIONES%202010/2617.pdf HTTP/1.1" 200 339645
66.249.64.167 - - [29/Oct/2014:02:14:55 -0500] "GET /BLA/resoluciones/RESOLUCIONES%202009/1634.pdf HTTP/1.1" 200 509138
66.249.64.163 - - [29/Oct/2014:02:15:02 -0500] "GET /portalsiaccapacitaciones/Listas%20de%20Asistencia%202013/Lista%20de%20Asistencia%20Capacitaci%C3%B3n%20Diligenciamiento%20y%20manejo%20de%20la%20herramienta%20Storm%20User%20y%20Tr%C3%A1mites%20ante%20la%20SDA%2005-09-2013.pdf HTTP/1.1" 200 1614414
66.249.64.167 - - [29/Oct/2014:02:15:09 -0500] "GET /BLA/resoluciones/AUTOS%202007/1948.pdf HTTP/1.1" 200 98953
66.249.64.167 - - [29/Oct/2014:02:15:15 -0500] "GET /BLA/resoluciones/AUTOS%202008/1114.pdf HTTP/1.1" 200 170735
66.249.64.171 - - [29/Oct/2014:02:15:22 -0500] "GET /BLA/resoluciones/RESOLUCIONES%202010/0380.pdf HTTP/1.1" 200 109484
66.249.64.171 - - [29/Oct/2014:02:15:29 -0500] "GET /BLA/resoluciones/RESOLUCIONES%202010/1074.pdf HTTP/1.1" 200 104466
66.249.64.167 - - [29/Oct/2014:02:15:36 -0500] "GET /BLA/resoluciones/AUTOS%202008/0111.pdf HTTP/1.1" 200 164534
66.249.64.167 - - [29/Oct/2014:02:15:43 -0500] "GET /BLA/resoluciones/RESOLUCIONES%202009/7446.pdf HTTP/1.1" 200 99035
66.249.64.171 - - [29/Oct/2014:02:15:48 -0500] "GET /BLA/resoluciones/AUTOS%202009/2133.pdf HTTP/1.1" 200 85089
66.249.64.171 - - [29/Oct/2014:02:15:49 -0500] "GET /BLA/resoluciones/RESOLUCIONES%202009/4871.pdf HTTP/1.1" 200 569783
66.249.64.171 - - [29/Oct/2014:02:15:56 -0500] "GET /BLA/resoluciones/RESOLUCIONES%202009/4170.pdf HTTP/1.1" 200 527713
74.86.158.107 - - [29/Oct/2014:02:15:59 -0500] "HEAD / HTTP/1.1" 302 -
66.249.64.167 - - [29/Oct/2014:02:16:03 -0500] "GET /BLA/resoluciones/RESOLUCIONES%202010/0880.pdf HTTP/1.1" 200 144722
66.249.64.163 - - [29/Oct/2014:02:16:10 -0500] "GET /BLA/resoluciones/RESOLUCIONES%202008/1684.pdf HTTP/1.1" 200 211415
66.249.64.171 - - [29/Oct/2014:02:16:17 -0500] "GET /BLA/resoluciones/RESOLUCIONES%202008/3539.pdf HTTP/1.1" 200 188633
66.249.64.167 - - [29/Oct/2014:02:16:24 -0500] "GET /BLA/resoluciones/RESOLUCIONES%202011/1509.pdf HTTP/1.1" 200 69183
66.249.64.171 - - [29/Oct/2014:02:16:30 -0500] "GET /BLA/resoluciones/AUTOS%202007/0292.pdf HTTP/1.1" 200 51210
66.249.64.171 - - [29/Oct/2014:02:16:37 -0500] "GET /BLA/resoluciones/RESOLUCIONES%202010/1812.pdf HTTP/1.1" 200 489195
68.180.229.40 - - [29/Oct/2014:02:16:38 -0500] "GET /robots.txt HTTP/1.1" 404 1018
68.180.229.40 - - [29/Oct/2014:02:16:38 -0500] "GET /BLA/resoluciones/index.php?dir=AUTOS+2013%2F HTTP/1.1" 200 161505
66.249.64.163 - - [29/Oct/2014:02:16:44 -0500] "GET /BLA/resoluciones/RESOLUCIONES%202009/2973.pdf HTTP/1.1" 200 602710
66.249.64.163 - - [29/Oct/2014:02:16:51 -0500] "GET /BLA/resoluciones/AUTOS%202007/2865.pdf HTTP/1.1" 200 93779
66.249.64.171 - - [29/Oct/2014:02:16:58 -0500] "GET /BLA/resoluciones/AUTOS%202007/0640.pdf HTTP/1.1" 200 74487
66.249.64.171 - - [29/Oct/2014:02:17:04 -0500] "GET /BLA/resoluciones/RESOLUCIONES%202009/6466.pdf HTTP/1.1" 200 57366
66.249.64.163 - - [29/Oct/2014:02:17:11 -0500] "GET /BLA/resoluciones/AUTOS%202008/1068.pdf HTTP/1.1" 200 45079
66.249.64.167 - - [29/Oct/2014:02:17:12 -0500] "GET /BLA/resoluciones/AUTOS%202009/1629.pdf HTTP/1.1" 200 100921
66.249.64.163 - - [29/Oct/2014:02:17:18 -0500] "GET /BLA/resoluciones/RESOLUCIONES%202009/4467.pdf HTTP/1.1" 200 506193
66.249.64.171 - - [29/Oct/2014:02:17:25 -0500] "GET /BLA/resoluciones/AUTOS%202007/1676.pdf HTTP/1.1" 200 651867
66.249.64.171 - - [29/Oct/2014:02:17:32 -0500] "GET /BLA/resoluciones/RESOLUCIONES%202007/RES%202007%20101%20AL%20200/RESOLUCION%200154%20DE%202007.pdf HTTP/1.1" 200 308126
66.249.64.171 - - [29/Oct/2014:02:17:39 -0500] "GET /BLA/resoluciones/AUTOS%202007/1776.pdf HTTP/1.1" 200 29437
66.249.64.167 - - [29/Oct/2014:02:17:45 -0500] "GET /BLA/resoluciones/RESOLUCIONES%202009/1588.pdf HTTP/1.1" 200 703641
66.249.64.163 - - [29/Oct/2014:02:17:52 -0500] "GET /BLA/resoluciones/AUTOS%202007/2917.pdf HTTP/1.1" 200 432355
66.249.64.167 - - [29/Oct/2014:02:17:59 -0500] "GET /BLA/resoluciones/AUTOS%202007/1019.pdf HTTP/1.1" 200 117046
66.249.64.167 - - [29/Oct/2014:02:18:06 -0500] "GET /BLA/resoluciones/RESOLUCIONES%202009/2640.pdf HTTP/1.1" 200 989553
66.249.64.171 - - [29/Oct/2014:02:18:13 -0500] "GET /BLA/resoluciones/RESOLUCIONES%202007/RES%202007%203301%20AL%203400/RESOLUCION%203351%20DE%202007.pdf HTTP/1.1" 200 258376
66.249.64.163 - - [29/Oct/2014:02:18:19 -0500] "GET /BLA/resoluciones/AUTOS%202013/0333.pdf HTTP/1.1" 200 1629452
66.249.64.167 - - [29/Oct/2014:02:18:26 -0500] "GET /BLA/resoluciones/RESOLUCIONES%202009/2460.pdf HTTP/1.1" 200 299095
66.249.64.171 - - [29/Oct/2014:02:18:33 -0500] "GET /BLA/resoluciones/AUTOS%202011/1674.pdf HTTP/1.1" 200 173689
66.249.64.171 - - [29/Oct/2014:02:18:40 -0500] "GET /BLA/resoluciones/AUTOS%202011/6979.pdf HTTP/1.1" 200 243203
66.249.64.163 - - [29/Oct/2014:02:18:47 -0500] "GET /BLA/resoluciones/RESOLUCIONES%202010/7734.pdf HTTP/1.1" 200 101775
66.249.64.171 - - [29/Oct/2014:02:18:53 -0500] "GET /BLA/resoluciones/RESOLUCIONES%202010/2822.pdf HTTP/1.1" 200 616185
66.249.64.163 - - [29/Oct/2014:02:19:00 -0500] "GET /BLA/resoluciones/AUTOS%202010/6655.pdf HTTP/1.1" 200 94629
66.249.64.163 - - [29/Oct/2014:02:19:07 -0500] "GET /BLA/resoluciones/RESOLUCIONES%202008/0013.pdf HTTP/1.1" 200 181445
66.249.64.171 - - [29/Oct/2014:02:19:14 -0500] "GET /BLA/resoluciones/RESOLUCIONES%202008/0058.pdf HTTP/1.1" 200 276253
66.249.64.171 - - [29/Oct/2014:02:19:21 -0500] "GET /BLA/resoluciones/RESOLUCIONES%202008/3833.pdf HTTP/1.1" 200 295617
66.249.64.167 - - [29/Oct/2014:02:19:28 -0500] "GET /BLA/resoluciones/RESOLUCIONES%202008/0398.pdf HTTP/1.1" 200 266847
66.249.64.167 - - [29/Oct/2014:02:19:29 -0500] "GET /BLA/resoluciones/AUTOS%202013/0953.pdf HTTP/1.1" 304 -
66.249.64.163 - - [29/Oct/2014:02:19:34 -0500] "GET /BLA/resoluciones/RESOLUCIONES%202008/2955.pdf HTTP/1.1" 200 271184
66.249.64.171 - - [29/Oct/2014:02:19:41 -0500] "GET /autoliquidacion/Grupo%20Forestal%20-%20Silvicultura/Solicitud%20y%20lista%20de%20chequeo%20Evaluaci%C3%B3n%20Silvicultural.xlsx HTTP/1.1" 304 -
66.249.64.171 - - [29/Oct/2014:02:19:48 -0500] "GET /BLA/resoluciones/RESOLUCIONES%202008/1927.pdf HTTP/1.1" 200 256578
66.249.64.167 - - [29/Oct/2014:02:19:51 -0500] "GET /BLA/resoluciones/AUTOS%202009/0721.pdf HTTP/1.1" 200 342927
66.249.64.163 - - [29/Oct/2014:02:20:02 -0500] "GET /BLA/resoluciones/RESOLUCIONES%202008/4313.pdf HTTP/1.1" 200 269040
66.249.64.171 - - [29/Oct/2014:02:20:08 -0500] "GET /BLA/resoluciones/RESOLUCIONES%202011/3211.pdf HTTP/1.1" 200 694881
66.249.64.171 - - [29/Oct/2014:02:20:15 -0500] "GET /BLA/resoluciones/RESOLUCIONES%202008/4781.pdf HTTP/1.1" 200 349146
66.249.64.171 - - [29/Oct/2014:02:20:18 -0500] "GET /BLA/resoluciones/AUTOS%202009/2073.pdf HTTP/1.1" 200 100593
66.249.64.163 - - [29/Oct/2014:02:20:22 -0500] "GET /BLA/resoluciones/RESOLUCIONES%202008/0696.pdf HTTP/1.1" 200 160309
66.249.64.167 - - [29/Oct/2014:02:20:29 -0500] "GET /BLA/resoluciones/RESOLUCIONES%202008/0063.pdf HTTP/1.1" 200 303538
66.249.64.163 - - [29/Oct/2014:02:20:36 -0500] "GET /BLA/resoluciones/RESOLUCIONES%202008/1811.pdf HTTP/1.1" 200 302361
201.245.192.253 - - [29/Oct/2014:02:20:42 -0500] "GET /BLA/boletinlegal/notificaciones.php HTTP/1.1" 200 23027
66.249.64.163 - - [29/Oct/2014:02:20:42 -0500] "GET /BLA/resoluciones/RESOLUCIONES%202008/5673.pdf HTTP/1.1" 200 18711
66.249.64.167 - - [29/Oct/2014:02:20:49 -0500] "GET /BLA/resoluciones/RESOLUCIONES%202008/3017.pdf HTTP/1.1" 200 255851
74.86.158.107 - - [29/Oct/2014:02:20:59 -0500] "HEAD / HTTP/1.1" 302 -
66.249.64.167 - - [29/Oct/2014:02:21:03 -0500] "GET /BLA/resoluciones/RESOLUCIONES%202008/4024.pdf HTTP/1.1" 200 297537
66.249.64.171 - - [29/Oct/2014:02:21:17 -0500] "GET /BLA/resoluciones/AUTOS%202010/0377.pdf HTTP/1.1" 200 190755
66.249.64.167 - - [29/Oct/2014:02:21:17 -0500] "GET /BLA/resoluciones/AUTOS%202009/1603.pdf HTTP/1.1" 200 124057
66.249.64.167 - - [29/Oct/2014:02:21:23 -0500] "GET /BLA/resoluciones/RESOLUCIONES%202011/3222.pdf HTTP/1.1" 200 79593
181.140.70.108 - - [29/Oct/2014:02:21:24 -0500] "GET /BLA/resoluciones/RESOLUCIONES%202009/5392.pdf HTTP/1.1" 200 392004
181.140.70.108 - - [29/Oct/2014:02:21:24 -0500] "GET /BLA/resoluciones/RESOLUCIONES%202009/5392.pdf HTTP/1.1" 206 32768
181.140.70.108 - - [29/Oct/2014:02:21:25 -0500] "GET /BLA/resoluciones/RESOLUCIONES%202009/5392.pdf HTTP/1.1" 206 359236
181.140.70.108 - - [29/Oct/2014:02:21:25 -0500] "GET /favicon.ico HTTP/1.1" 200 7782
66.249.64.163 - - [29/Oct/2014:02:21:30 -0500] "GET /BLA/resoluciones/RESOLUCIONES%202008/5227.pdf HTTP/1.1" 200 332948
181.140.70.108 - - [29/Oct/2014:02:21:35 -0500] "GET /BLA/resoluciones/RESOLUCIONES%202013/0344.pdf HTTP/1.1" 200 2479528
181.140.70.108 - - [29/Oct/2014:02:21:35 -0500] "GET /BLA/resoluciones/RESOLUCIONES%202013/0344.pdf HTTP/1.1" 206 32768
181.140.70.108 - - [29/Oct/2014:02:21:35 -0500] "GET /BLA/resoluciones/RESOLUCIONES%202013/0344.pdf HTTP/1.1" 206 2446760
66.249.64.167 - - [29/Oct/2014:02:21:37 -0500] "GET /BLA/resoluciones/RESOLUCIONES%202008/5661.pdf HTTP/1.1" 200 37294
180.76.6.57 - - [29/Oct/2014:02:21:41 -0500] "GET /BLA/resoluciones/AUTOS%202011/3550.pdf HTTP/1.1" 200 353300
66.249.64.163 - - [29/Oct/2014:02:21:44 -0500] "GET /BLA/resoluciones/RESOLUCIONES%202008/2531.pdf HTTP/1.1" 200 237333
66.249.64.163 - - [29/Oct/2014:02:21:52 -0500] "GET /BLA/resoluciones/RESOLUCIONES%202002/RES%202002%201451-1500/20021495.tif HTTP/1.1" 200 109824
66.249.64.163 - - [29/Oct/2014:02:21:57 -0500] "GET /BLA/resoluciones/RESOLUCIONES%202008/5146.pdf HTTP/1.1" 200 202203
66.249.64.167 - - [29/Oct/2014:02:22:04 -0500] "GET /BLA/resoluciones/RESOLUCIONES%202008/0908.pdf HTTP/1.1" 200 270344
201.245.192.253 - - [29/Oct/2014:02:22:06 -0500] "GET /galeria/nivo-slider/demo/demo.html HTTP/1.1" 304 -
66.249.64.163 - - [29/Oct/2014:02:22:11 -0500] "GET /BLA/resoluciones/RESOLUCIONES%202008/1755.pdf HTTP/1.1" 200 49222
46.4.32.75 - - [29/Oct/2014:02:22:17 -0500] "GET /robots.txt HTTP/1.0" 404 1015
66.249.64.171 - - [29/Oct/2014:02:22:18 -0500] "GET /BLA/resoluciones/AUTOS%202007/1451.pdf HTTP/1.1" 200 43141
46.4.32.75 - - [29/Oct/2014:02:22:19 -0500] "GET /StormSDA/stormWeb/img/?C=N;O=A HTTP/1.0" 200 2921
46.4.32.75 - - [29/Oct/2014:02:22:21 -0500] "GET /newsecs/plaenli/res1/1.htm HTTP/1.0" 404 1015
66.249.64.167 - - [29/Oct/2014:02:22:25 -0500] "GET /BLA/resoluciones/AUTOS%202008/1024.pdf HTTP/1.1" 200 86948
46.4.32.75 - - [29/Oct/2014:02:22:26 -0500] "GET /newsecs/plaenli/res1/10.htm HTTP/1.0" 404 1015
46.4.32.75 - - [29/Oct/2014:02:22:30 -0500] "GET /newsecs/plaenli/res1/2.htm HTTP/1.0" 404 1015
66.249.64.171 - - [29/Oct/2014:02:22:31 -0500] "GET /BLA/resoluciones/RESOLUCIONES%202009/6123.pdf HTTP/1.1" 200 687612
46.4.32.75 - - [29/Oct/2014:02:22:32 -0500] "GET /newsecs/plaenli/res1/4.htm HTTP/1.0" 404 1015
46.4.32.75 - - [29/Oct/2014:02:22:36 -0500] "GET /newsecs/plaenli/res1/5.htm HTTP/1.0" 404 1015
66.249.64.167 - - [29/Oct/2014:02:22:38 -0500] "GET /BLA/resoluciones/RESOLUCIONES%202010/5713.pdf HTTP/1.1" 200 152942
46.4.32.75 - - [29/Oct/2014:02:22:39 -0500] "GET /newsecs/plaenli/res1/6.htm HTTP/1.0" 404 1015
46.4.32.75 - - [29/Oct/2014:02:22:41 -0500] "GET /newsecs/plaenli/res1/7.htm HTTP/1.0" 404 1015
46.4.32.75 - - [29/Oct/2014:02:22:44 -0500] "GET /newsecs/plaenli/res1/8.htm HTTP/1.0" 404 1015
66.249.64.163 - - [29/Oct/2014:02:22:45 -0500] "GET /BLA/resoluciones/RESOLUCIONES%202010/5614.pdf HTTP/1.1" 200 196616
46.4.32.75 - - [29/Oct/2014:02:22:48 -0500] "GET /newsecs/plaenli/res1/9.htm HTTP/1.0" 404 1015
46.4.32.75 - - [29/Oct/2014:02:22:50 -0500] "GET /re1/Que%20es/Marco%20pedagocico/planillas/?C=N;O=A HTTP/1.0" 404 1015
66.249.64.167 - - [29/Oct/2014:02:22:52 -0500] "GET /BLA/resoluciones/RESOLUCIONES%202009/2392.pdf HTTP/1.1" 200 381795
46.4.32.75 - - [29/Oct/2014:02:22:53 -0500] "GET /re1/Que%20es/Plan%20comunicaciones/medios%20de%20divulgacion/?C=D;O=D HTTP/1.0" 404 1015
46.4.32.75 - - [29/Oct/2014:02:22:55 -0500] "GET /re1/Que%20es/Plan%20comunicaciones/medios%20de%20divulgacion/?C=M;O=D HTTP/1.0" 404 1015
46.4.32.75 - - [29/Oct/2014:02:22:57 -0500] "GET /re1/Que%20es/Plan%20comunicaciones/publicos/?C=D;O=D HTTP/1.0" 404 1015
66.249.64.171 - - [29/Oct/2014:02:22:59 -0500] "GET /BLA/resoluciones/RESOLUCIONES%202010/3136.pdf HTTP/1.1" 304 -
46.4.32.75 - - [29/Oct/2014:02:23:00 -0500] "GET /re1/Que%20es/Plan%20comunicaciones/publicos/?C=M;O=D HTTP/1.0" 404 1015
46.4.32.75 - - [29/Oct/2014:02:23:02 -0500] "GET /re1/Que%20es/Plan%20operativo/fase%20capacitacion/?C=D;O=D HTTP/1.0" 404 1015
46.4.32.75 - - [29/Oct/2014:02:23:03 -0500] "GET /re1/Que%20es/Plan%20operativo/fase%20capacitacion/?C=M;O=D HTTP/1.0" 404 1015
66.249.64.171 - - [29/Oct/2014:02:23:06 -0500] "GET /BLA/resoluciones/RESOLUCIONES%202007/RES%202007%202001%20AL%202100/RESOLUCION%202040%20DE%202007.pdf HTTP/1.1" 304 -
46.4.32.75 - - [29/Oct/2014:02:23:07 -0500] "GET /re1/Que%20es/Plan%20operativo/fase%20recoleccion/?C=D;O=D HTTP/1.0" 404 1015
46.4.32.75 - - [29/Oct/2014:02:23:09 -0500] "GET /re1/Que%20es/Plan%20operativo/fase%20recoleccion/?C=M;O=D HTTP/1.0" 404 1015
66.249.64.167 - - [29/Oct/2014:02:23:10 -0500] "GET /BLA/resoluciones/AUTOS%202009/1831.pdf HTTP/1.1" 200 123577
46.4.32.75 - - [29/Oct/2014:02:23:11 -0500] "GET /re1/Que%20es/Talleres/metales/?C=D;O=D HTTP/1.0" 404 1015
66.249.64.171 - - [29/Oct/2014:02:23:12 -0500] "GET /BLA/resoluciones/RESOLUCIONES%202009/5533.pdf HTTP/1.1" 304 -
46.4.32.75 - - [29/Oct/2014:02:23:14 -0500] "GET /re1/Que%20es/Talleres/metales/?C=M;O=D HTTP/1.0" 404 1015
190.26.210.162 - - [29/Oct/2014:02:23:15 -0500] "GET / HTTP/1.1" 302 -
46.4.32.75 - - [29/Oct/2014:02:23:15 -0500] "GET /re1/Que%20es/Talleres/papel/?C=N;O=A HTTP/1.0" 404 1015
46.4.32.75 - - [29/Oct/2014:02:23:17 -0500] "GET /re1/Que%20es/Talleres/plasticos/?C=D;O=D HTTP/1.0" 404 1015
66.249.64.167 - - [29/Oct/2014:02:23:19 -0500] "GET /BLA/resoluciones/RESOLUCIONES%202007/RES%202007%20501%20AL%20600/RESOLUCION%200549%20DE%202007.pdf HTTP/1.1" 304 -
46.4.32.75 - - [29/Oct/2014:02:23:20 -0500] "GET /re1/Que%20es/Talleres/plasticos/?C=M;O=D HTTP/1.0" 404 1015
46.4.32.75 - - [29/Oct/2014:02:23:23 -0500] "GET /re1/Que%20es/Talleres/residuos%20organicos/?C=D;O=D HTTP/1.0" 404 1015
66.249.64.167 - - [29/Oct/2014:02:23:26 -0500] "GET /BLA/resoluciones/RESOLUCIONES%202009/8010.pdf HTTP/1.1" 304 -
66.249.64.163 - - [29/Oct/2014:02:23:26 -0500] "GET /BLA/resoluciones/AUTOS%202009/3250.pdf HTTP/1.1" 200 192433
46.4.32.75 - - [29/Oct/2014:02:23:28 -0500] "GET /re1/Que%20es/Talleres/residuos%20organicos/?C=M;O=D HTTP/1.0" 404 1015
46.4.32.75 - - [29/Oct/2014:02:23:31 -0500] "GET /re1/Que%20es/Talleres/vidrio/?C=D;O=D HTTP/1.0" 404 1015
46.4.32.75 - - [29/Oct/2014:02:23:32 -0500] "GET /re1/Que%20es/Talleres/vidrio/?C=M;O=D HTTP/1.0" 404 1015
66.249.64.163 - - [29/Oct/2014:02:23:33 -0500] "GET /BLA/resoluciones/RESOLUCIONES%202007/RES%202007%201901%20AL%202000/RESOLUCION%201932%20DE%202007.pdf HTTP/1.1" 200 146347
46.4.32.75 - - [29/Oct/2014:02:23:35 -0500] "GET /robots.txt HTTP/1.0" 404 1019
46.4.32.75 - - [29/Oct/2014:02:23:38 -0500] "GET /Autoliquidacion/index.php HTTP/1.0" 200 6375
66.249.64.163 - - [29/Oct/2014:02:23:40 -0500] "GET /BLA/resoluciones/RESOLUCIONES%202010/7392.pdf HTTP/1.1" 200 376813
190.26.210.162 - - [29/Oct/2014:02:23:41 -0500] "GET /BLA/boletinlegal/js/jquery.js HTTP/1.1" 200 57254
190.26.210.162 - - [29/Oct/2014:02:23:41 -0500] "GET /BLA/boletinlegal/js/jquery.scrollTo-min.js HTTP/1.1" 200 1150
190.26.210.162 - - [29/Oct/2014:02:23:41 -0500] "GET /BLA/boletinlegal/js/jquery.scrollShow.js HTTP/1.1" 200 4586
46.4.32.75 - - [29/Oct/2014:02:23:41 -0500] "GET /Autoliquidacion/index.php?dir=Solicitud%20de%20Licencia%20Ambiental/ HTTP/1.0" 200 2650
46.4.32.75 - - [29/Oct/2014:02:23:45 -0500] "GET /Autoliquidacion/index.php?dir=Solicitudes%20relacionadas%20con%20calidad%20del%20aire%20auditiva%20y%20visual/ HTTP/1.0" 200 5748
66.249.64.171 - - [29/Oct/2014:02:23:46 -0500] "GET /BLA/resoluciones/RESOLUCIONES%202008/5171.pdf HTTP/1.1" 304 -
46.4.32.75 - - [29/Oct/2014:02:23:49 -0500] "GET /Residuos/cosmeticos/cosmeticos.html HTTP/1.0" 404 1019
46.4.32.75 - - [29/Oct/2014:02:23:52 -0500] "GET /Residuos/curtiembres/curtiembres.html HTTP/1.0" 404 1019
66.249.64.171 - - [29/Oct/2014:02:23:53 -0500] "GET /BLA/resoluciones/AUTOS%202012/0533.pdf HTTP/1.1" 200 697006
190.26.210.162 - - [29/Oct/2014:02:23:54 -0500] "GET /galeria/nivo-slider/demo/demo.html HTTP/1.1" 200 3316
190.26.210.162 - - [29/Oct/2014:02:23:54 -0500] "GET /galeria/carrusel/Carrusel/jquery.thumbnailScroller.css HTTP/1.1" 200 2066
190.26.210.162 - - [29/Oct/2014:02:23:54 -0500] "GET /galeria/carrusel/Carrusel/jquery-ui- HTTP/1.1" 404 1018
190.26.210.162 - - [29/Oct/2014:02:23:56 -0500] "GET /galeria/carrusel/Carrusel/jquery.thumbnailScroller.js HTTP/1.1" 200 8157
46.4.32.75 - - [29/Oct/2014:02:23:57 -0500] "GET /Residuos/farmaceutica/farmaceutica.html HTTP/1.0" 404 1019
66.249.64.171 - - [29/Oct/2014:02:24:00 -0500] "GET /BLA/resoluciones/RESOLUCIONES%202013/0883.pdf HTTP/1.1" 304 -
46.4.32.75 - - [29/Oct/2014:02:24:01 -0500] "GET /Residuos/impresion/impresion.html HTTP/1.0" 404 1019
190.26.210.162 - - [29/Oct/2014:02:24:01 -0500] "GET /videos/Spot_Tinguas.flv HTTP/1.1" 200 2087054
190.26.210.162 - - [29/Oct/2014:02:24:03 -0500] "GET /galeria/nivo-slider/demo/ HTTP/1.1" 200 2278
46.4.32.75 - - [29/Oct/2014:02:24:04 -0500] "GET /Residuos/lavanderias/lavanderias.html HTTP/1.0" 404 1019
66.249.64.167 - - [29/Oct/2014:02:24:07 -0500] "GET /BLA/resoluciones/RESOLUCIONES%202007/RES%202007%20901%20AL%201000/RESOLUCION%200986%20DE%202007.pdf HTTP/1.1" 304 -
46.4.32.75 - - [29/Oct/2014:02:24:10 -0500] "GET /Residuos/maderas/maderas.html HTTP/1.0" 404 1019
46.4.32.75 - - [29/Oct/2014:02:24:12 -0500] "GET /Residuos/metalmecanica/metalmecanica.html HTTP/1.0" 404 1019
66.249.64.167 - - [29/Oct/2014:02:24:14 -0500] "GET /BLA/resoluciones/RESOLUCIONES%202013/0518.pdf HTTP/1.1" 304 -
46.4.32.75 - - [29/Oct/2014:02:24:14 -0500] "GET /Residuos/pinturas/pinturas.html HTTP/1.0" 404 1019
46.4.32.75 - - [29/Oct/2014:02:24:16 -0500] "GET /Residuos/quimicos/quimicos.html HTTP/1.0" 404 1019
46.4.32.75 - - [29/Oct/2014:02:24:18 -0500] "GET /Residuos/textiles/textiles.html HTTP/1.0" 404 1019
46.4.32.75 - - [29/Oct/2014:02:24:19 -0500] "GET /Residuos/vehiculos/vehiculos.html HTTP/1.0" 404 1019
66.249.64.163 - - [29/Oct/2014:02:24:20 -0500] "GET /BLA/resoluciones/RESOLUCIONES%202007/RES%202007%204101%20AL%204200/RESOLUCION%204198%20DE%202007.pdf HTTP/1.1" 304 -
46.4.32.75 - - [29/Oct/2014:02:24:21 -0500] "GET /autoliquidacion-antiguo/formulario1.htm HTTP/1.0" 404 1019
46.4.32.75 - - [29/Oct/2014:02:24:24 -0500] "GET /autoliquidacion-antiguo/recibofind.htm HTTP/1.0" 404 1019
46.4.32.75 - - [29/Oct/2014:02:24:26 -0500] "GET /login/registro_experiencias.php HTTP/1.0" 404 1019
66.249.64.167 - - [29/Oct/2014:02:24:27 -0500] "GET /BLA/resoluciones/AUTOS%202012/2531.pdf HTTP/1.1" 304 -
46.4.32.75 - - [29/Oct/2014:02:24:28 -0500] "GET /login/registro_participacion.php HTTP/1.0" 404 1019
190.26.210.162 - - [29/Oct/2014:02:23:54 -0500] "GET /BLA/boletinlegal/index.php? HTTP/1.1" 200 48956
46.4.32.75 - - [29/Oct/2014:02:24:31 -0500] "GET /login/registro_participacion_gestores.php HTTP/1.0" 404 1019
66.249.64.167 - - [29/Oct/2014:02:24:34 -0500] "GET /BLA/resoluciones/AUTOS%202012/2170.pdf HTTP/1.1" 304 -
46.4.32.75 - - [29/Oct/2014:02:24:34 -0500] "GET /portalsiaccapacitaciones/list.php HTTP/1.0" 200 4342
46.4.32.75 - - [29/Oct/2014:02:24:37 -0500] "GET /pot/pot.htm HTTP/1.0" 404 1019
66.249.64.171 - - [29/Oct/2014:02:24:48 -0500] "GET /BLA/resoluciones/RESOLUCIONES%202010/4484.pdf HTTP/1.1" 304 -
66.249.64.39 - - [29/Oct/2014:02:24:55 -0500] "GET /phpold/AjaxPhpCode/PDFs/Ajax_Chat_and_JSON.pdf HTTP/1.1" 404 1019
66.249.64.167 - - [29/Oct/2014:02:25:20 -0500] "GET /BLA/resoluciones/RESOLUCIONES%202006/RES%202006%202151-2200/00002185.tif HTTP/1.1" 200 183990
66.249.64.163 - - [29/Oct/2014:02:25:22 -0500] "GET /BLA/resoluciones/RESOLUCIONES%202010/5481.pdf HTTP/1.1" 200 248687
201.245.192.253 - - [29/Oct/2014:02:25:46 -0500] "GET /forest/1ibre/jscalendar/calendar-setup.js HTTP/1.1" 304 -
74.86.158.107 - - [29/Oct/2014:02:25:59 -0500] "HEAD / HTTP/1.1" 302 -
66.249.64.171 - - [29/Oct/2014:02:26:05 -0500] "GET /BLA/resoluciones/AUTOS%202009/1925.pdf HTTP/1.1" 200 179084
66.249.64.167 - - [29/Oct/2014:02:27:19 -0500] "GET /BLA/resoluciones/AUTOS%202009/2718.pdf HTTP/1.1" 200 106459
66.249.64.163 - - [29/Oct/2014:02:27:21 -0500] "GET /BLA/resoluciones/AUTOS%202009/1680.pdf HTTP/1.1" 200 122580
201.245.192.253 - - [29/Oct/2014:02:27:26 -0500] "GET /forest/1ibre/jscalendar/lang/calendar-es.js HTTP/1.1" 304 -
190.147.134.184 - - [29/Oct/2014:02:27:48 -0500] "GET /BLA/boletinlegal/jurisprudencia/analisis/Analisis%20jurisprudencial%20Sentencia%20C-366-11.doc HTTP/1.1" 200 59392
66.249.64.163 - - [29/Oct/2014:02:28:18 -0500] "GET /BLA/resoluciones/AUTOS%202009/1816.pdf HTTP/1.1" 200 295950
66.249.64.163 - - [29/Oct/2014:02:28:21 -0500] "GET /BLA/resoluciones/AUTOS%202009/2864.pdf HTTP/1.1" 200 108366
180.76.6.147 - - [29/Oct/2014:02:28:44 -0500] "GET /BLA/resoluciones/AUTOS%202009/0705.pdf HTTP/1.1" 200 104107
180.76.6.158 - - [29/Oct/2014:02:29:33 -0500] "GET /BLA/resoluciones/AUTOS%202009/0331.pdf HTTP/1.1" 200 126614
66.249.64.163 - - [29/Oct/2014:02:29:43 -0500] "GET /BLA/resoluciones/AUTOS%202009/2612.pdf HTTP/1.1" 200 71001
180.76.5.69 - - [29/Oct/2014:02:30:04 -0500] "GET /BLA/resoluciones/AUTOS%202009/1743.pdf HTTP/1.1" 200 319206
66.249.64.163 - - [29/Oct/2014:02:30:41 -0500] "GET /BLA/resoluciones/AUTOS%202009/2405.pdf HTTP/1.1" 200 101511
180.76.5.168 - - [29/Oct/2014:02:30:44 -0500] "GET /BLA/resoluciones/AUTOS%202009/1855.pdf HTTP/1.1" 200 99414
74.86.158.107 - - [29/Oct/2014:02:30:59 -0500] "HEAD / HTTP/1.1" 302 -
66.249.64.163 - - [29/Oct/2014:02:31:16 -0500] "GET /BLA/resoluciones/AUTOS%202011/3037.pdf HTTP/1.1" 200 153635
66.249.64.163 - - [29/Oct/2014:02:32:17 -0500] "GET /BLA/resoluciones/AUTOS%202009/1669.pdf HTTP/1.1" 200 125245
66.249.64.167 - - [29/Oct/2014:02:32:26 -0500] "GET /BLA/resoluciones/AUTOS%202009/2877.pdf HTTP/1.1" 200 102160
92.222.98.209 - - [29/Oct/2014:02:32:31 -0500] "GET /auntentica.txt HTTP/1.1" 404 1153
178.255.215.85 - - [29/Oct/2014:02:33:30 -0500] "GET /robots.txt HTTP/1.1" 404 1019
178.255.215.85 - - [29/Oct/2014:02:33:30 -0500] "GET /re/Talleres/vidrio/vidrio%20link.htm HTTP/1.1" 404 1019
186.113.10.143 - - [29/Oct/2014:02:34:08 -0500] "GET /galeria/nivo-slider/demo/demo.html HTTP/1.1" 200 3316
66.249.64.167 - - [29/Oct/2014:02:34:26 -0500] "GET /BLA/resoluciones/AUTOS%202009/3341.pdf HTTP/1.1" 200 199296
74.86.158.107 - - [29/Oct/2014:02:35:59 -0500] "HEAD / HTTP/1.1" 302 -
66.249.64.163 - - [29/Oct/2014:02:37:12 -0500] "GET /BLA/resoluciones/AUTOS%202009/0843.pdf HTTP/1.1" 200 62794
186.29.225.227 - - [29/Oct/2014:02:38:36 -0500] "GET /BLA/boletinlegal/js/jquery.js HTTP/1.1" 200 57254
186.29.225.227 - - [29/Oct/2014:02:38:36 -0500] "GET /BLA/boletinlegal/js/jquery.scrollTo-min.js HTTP/1.1" 200 1150
186.29.225.227 - - [29/Oct/2014:02:38:36 -0500] "GET /BLA/boletinlegal/js/jquery.scrollShow.js HTTP/1.1" 200 4586
66.249.64.167 - - [29/Oct/2014:02:38:45 -0500] "GET /BLA/resoluciones/AUTOS%202009/0579.pdf HTTP/1.1" 200 126742
201.245.192.253 - - [29/Oct/2014:02:38:47 -0500] "GET /forest/skins/gdocs-jar/css/menu.css HTTP/1.1" 304 -
180.76.6.136 - - [29/Oct/2014:02:38:49 -0500] "GET /BLA/resoluciones/AUTOS%202009/2305.pdf HTTP/1.1" 200 136230
37.143.124.24 - - [29/Oct/2014:02:38:54 -0500] "GET /BLA/resoluciones/AUTOS%202013/0989.pdf HTTP/1.1" 200 2180266
37.143.124.24 - - [29/Oct/2014:02:38:54 -0500] "GET /BLA/resoluciones/AUTOS%202013/0989.pdf HTTP/1.1" 200 2180266
37.143.124.24 - - [29/Oct/2014:02:38:57 -0500] "GET /BLA/resoluciones/AUTOS%202013/0989.pdf HTTP/1.1" 206 32768
37.143.124.24 - - [29/Oct/2014:02:38:57 -0500] "GET /BLA/resoluciones/AUTOS%202013/0989.pdf HTTP/1.1" 206 32768
37.143.124.24 - - [29/Oct/2014:02:38:57 -0500] "GET /BLA/resoluciones/AUTOS%202013/0989.pdf HTTP/1.1" 206 2147498
37.143.124.24 - - [29/Oct/2014:02:39:04 -0500] "GET /favicon.ico HTTP/1.1" 200 7782
37.143.124.24 - - [29/Oct/2014:02:39:04 -0500] "GET /favicon.ico HTTP/1.1" 200 7782
66.249.84.27 - - [29/Oct/2014:02:40:07 -0500] "GET / HTTP/1.1" 302 -
74.86.158.107 - - [29/Oct/2014:02:40:59 -0500] "HEAD / HTTP/1.1" 302 -
66.249.64.171 - - [29/Oct/2014:02:41:20 -0500] "GET /BLA/resoluciones/AUTOS%202009/2265.pdf HTTP/1.1" 200 122334
66.249.64.163 - - [29/Oct/2014:02:41:38 -0500] "GET /BLA/resoluciones/AUTOS%202009/3570.pdf HTTP/1.1" 200 210393
66.249.64.171 - - [29/Oct/2014:02:43:02 -0500] "GET /BLA/resoluciones/RESOLUCIONES%202011/6069.pdf HTTP/1.1" 200 394908
66.249.64.167 - - [29/Oct/2014:02:43:10 -0500] "GET /BLA/resoluciones/AUTOS%202009/0973.pdf HTTP/1.1" 200 133189
66.249.64.163 - - [29/Oct/2014:02:45:58 -0500] "GET /BLA/resoluciones/RESOLUCIONES%202009/2234.pdf HTTP/1.1" 200 483986
74.86.158.107 - - [29/Oct/2014:02:45:59 -0500] "HEAD / HTTP/1.1" 302 -
66.249.64.167 - - [29/Oct/2014:02:46:31 -0500] "GET /BLA/resoluciones/AUTOS%202009/0317.pdf HTTP/1.1" 200 107498
180.76.6.156 - - [29/Oct/2014:02:47:00 -0500] "GET /BLA/resoluciones/AUTOS%202012/0298.pdf HTTP/1.1" 200 224511
180.76.5.25 - - [29/Oct/2014:02:47:40 -0500] "GET /BLA/resoluciones/AUTOS%202010/0839.pdf HTTP/1.1" 200 203717
66.249.64.171 - - [29/Oct/2014:02:47:54 -0500] "GET /BLA/resoluciones/AUTOS%202009/3243.pdf HTTP/1.1" 200 191525
66.249.64.163 - - [29/Oct/2014:02:48:31 -0500] "GET /BLA/resoluciones/AUTOS%202009/3609.pdf HTTP/1.1" 200 245229
66.249.64.167 - - [29/Oct/2014:02:48:56 -0500] "GET /BLA/resoluciones/RESOLUCIONES%202011/0852.pdf HTTP/1.1" 200 265188
66.249.64.47 - - [29/Oct/2014:02:49:22 -0500] "GET /Autoliquidacion/Grupo%20Forestal%20-%20Industria%20de%20la%20Madera/Instructuvo%20para%20Diligenciamiento%20Formulario%20Salvoconduc.pdf HTTP/1.1" 200 108501
66.249.64.167 - - [29/Oct/2014:02:49:38 -0500] "GET /Residuos/vehiculos/files/search/search34.xml HTTP/1.1" 404 1018
66.249.64.163 - - [29/Oct/2014:02:50:40 -0500] "GET /BLA/resoluciones/RESOLUCIONES%202002/RES%202002%20201-250/2002RES226.tif HTTP/1.1" 200 103730
74.86.158.107 - - [29/Oct/2014:02:50:59 -0500] "HEAD / HTTP/1.1" 302 -
66.249.64.163 - - [29/Oct/2014:02:51:04 -0500] "GET /BLA/resoluciones/RESOLUCIONES%202006/RES%202006%202151-2200/00002189.tif HTTP/1.1" 200 162528
198.27.65.39 - - [29/Oct/2014:02:52:22 -0500] "GET /robots.txt HTTP/1.0" 404 1019
198.27.65.39 - - [29/Oct/2014:02:52:24 -0500] "GET /porta/?C=N;O=D HTTP/1.0" 404 1019
198.27.65.39 - - [29/Oct/2014:02:52:25 -0500] "GET /predial/?C=D;O=A HTTP/1.0" 404 1019
198.27.65.39 - - [29/Oct/2014:02:52:27 -0500] "GET /predial/?C=M;O=A HTTP/1.0" 404 1019
198.27.65.39 - - [29/Oct/2014:02:52:29 -0500] "GET /prensa/?C=D;O=A HTTP/1.0" 404 1019
198.27.65.39 - - [29/Oct/2014:02:52:31 -0500] "GET /prensa/?C=M;O=A HTTP/1.0" 404 1019
198.27.65.39 - - [29/Oct/2014:02:52:32 -0500] "GET /prueba.html HTTP/1.0" 404 1019
198.27.65.39 - - [29/Oct/2014:02:52:34 -0500] "GET /prueba/?C=D;O=A HTTP/1.0" 404 1019
198.27.65.39 - - [29/Oct/2014:02:52:35 -0500] "GET /prueba/?C=M;O=A HTTP/1.0" 404 1019
198.27.65.39 - - [29/Oct/2014:02:52:37 -0500] "GET /prueba2.php HTTP/1.0" 404 1019
198.27.65.39 - - [29/Oct/2014:02:52:38 -0500] "GET /quejas/?C=D;O=A HTTP/1.0" 404 1019
198.27.65.39 - - [29/Oct/2014:02:52:40 -0500] "GET /quejas/?C=M;O=A HTTP/1.0" 404 1019
198.27.65.39 - - [29/Oct/2014:02:52:41 -0500] "GET /rees/308.htm HTTP/1.0" 404 1019
198.27.65.39 - - [29/Oct/2014:02:52:44 -0500] "GET /rees/?C=D;O=A HTTP/1.0" 404 1019
198.27.65.39 - - [29/Oct/2014:02:52:45 -0500] "GET /rees/?C=M;O=A HTTP/1.0" 404 1019
198.27.65.39 - - [29/Oct/2014:02:52:47 -0500] "GET /sara.html HTTP/1.0" 404 1019
198.27.65.39 - - [29/Oct/2014:02:52:48 -0500] "GET /ssalud/?C=D;O=A HTTP/1.0" 404 1019
198.27.65.39 - - [29/Oct/2014:02:52:50 -0500] "GET /ssalud/?C=M;O=A HTTP/1.0" 404 1019
66.249.64.171 - - [29/Oct/2014:02:52:59 -0500] "GET /BLA/resoluciones/AUTOS%202009/2957.pdf HTTP/1.1" 200 100657
23.238.19.76 - - [29/Oct/2014:02:53:54 -0500] "GET /robots.txt HTTP/1.0" 404 1015
23.238.19.76 - - [29/Oct/2014:02:53:57 -0500] "GET /Autoliquidacion/index.php?dir=Solicitudes%20relacionadas%20con%20calidad%20del%20aire%20auditiva%20y%20visual/Registro%20de%20Elementos%20de%20publicidad%20Exterior%20Visual/&sort=name&order=asc HTTP/1.0" 200 4038
