188.165.25.173 - - [29/Oct/2014:08:01:32 -0500] "GET /Politica%20Distrital%20de%20Biodiversidad/%3C?%3E HTTP/1.0" 404 1015
66.249.64.163 - - [29/Oct/2014:08:01:32 -0500] "GET /BLA/resoluciones/RESOLUCIONES%202008/0849.pdf HTTP/1.1" 200 45488
66.249.64.167 - - [29/Oct/2014:08:01:36 -0500] "GET /BLA/resoluciones/RESOLUCIONES%202009/9742.pdf HTTP/1.1" 200 255433
190.248.17.194 - - [29/Oct/2014:08:01:39 -0500] "GET /galeria/nivo-slider/demo/demo.html HTTP/1.1" 200 3316
190.248.17.194 - - [29/Oct/2014:08:01:39 -0500] "GET /galeria/nivo-slider/demo/images/porloshumedales.jpg HTTP/1.1" 200 351238
188.165.25.173 - - [29/Oct/2014:08:01:39 -0500] "GET /aspnet_client/system_web/1_1_4322/?C=D;O=D HTTP/1.0" 404 1015
66.249.64.171 - - [29/Oct/2014:08:01:40 -0500] "GET /BLA/resoluciones/RESOLUCIONES%202010/4185.pdf HTTP/1.1" 200 398484
190.242.99.252 - - [29/Oct/2014:08:01:40 -0500] "GET /BLA/resoluciones/RESOLUCIONES%202014/0160.pdf HTTP/1.1" 200 1876324
190.242.99.252 - - [29/Oct/2014:08:01:43 -0500] "GET /favicon.ico HTTP/1.1" 200 7782
66.249.64.163 - - [29/Oct/2014:08:01:44 -0500] "GET /BLA/resoluciones/RESOLUCIONES%202009/8522.pdf HTTP/1.1" 200 102588
161.18.34.49 - - [29/Oct/2014:08:01:46 -0500] "GET /BLA/boletinlegal/js/jquery.js HTTP/1.1" 200 57254
161.18.34.49 - - [29/Oct/2014:08:01:46 -0500] "GET /BLA/boletinlegal/js/jquery.scrollTo-min.js HTTP/1.1" 200 1150
161.18.34.49 - - [29/Oct/2014:08:01:46 -0500] "GET /BLA/boletinlegal/js/jquery.scrollShow.js HTTP/1.1" 200 4586
188.165.25.173 - - [29/Oct/2014:08:01:46 -0500] "GET /aspnet_client/system_web/1_1_4322/?C=M;O=D HTTP/1.0" 404 1015
66.249.64.167 - - [29/Oct/2014:08:01:49 -0500] "GET /BLA/resoluciones/RESOLUCIONES%202009/2329.pdf HTTP/1.1" 200 641214
186.154.79.136 - - [29/Oct/2014:08:01:50 -0500] "GET /BLA/boletinlegal/js/jquery.js HTTP/1.1" 200 57254
186.154.79.136 - - [29/Oct/2014:08:01:50 -0500] "GET /BLA/boletinlegal/js/jquery.scrollTo-min.js HTTP/1.1" 200 1150
186.154.79.136 - - [29/Oct/2014:08:01:50 -0500] "GET /BLA/boletinlegal/js/jquery.scrollShow.js HTTP/1.1" 200 4586
66.249.64.163 - - [29/Oct/2014:08:01:53 -0500] "GET /BLA/resoluciones/AUTOS%202009/0444.pdf HTTP/1.1" 200 309930
188.165.25.173 - - [29/Oct/2014:08:01:55 -0500] "GET /even1/Secci%C3%B3n%201/ HTTP/1.0" 404 1015
66.249.64.39 - - [29/Oct/2014:08:01:57 -0500] "GET /Anexos%20estudio%20Organizacional%20SDA/ANEXO%20No.%201-%20NORMAS%20LEGALES%20DE%20ESTRUCTURA%20Y%20PLANTA/RESE%C3%91A%20HIST%C3%93RICA%20SDA-NORMAS/Ley%2099%20de%201993%20-%20Crea%20MimAmbiente_files/Tooltip.js HTTP/1.1" 200 11422
66.249.64.167 - - [29/Oct/2014:08:01:58 -0500] "GET /BLA/resoluciones/RESOLUCIONES%202010/5051.pdf HTTP/1.1" 200 758656
188.165.25.173 - - [29/Oct/2014:08:02:01 -0500] "GET /even1/Secci%C3%B3n%202/ HTTP/1.0" 404 1015
66.249.64.163 - - [29/Oct/2014:08:02:01 -0500] "GET /BLA/resoluciones/RESOLUCIONES%202010/4830.pdf HTTP/1.1" 200 754501
66.249.64.163 - - [29/Oct/2014:08:02:05 -0500] "GET /BLA/resoluciones/RESOLUCIONES%202006/RES%202006%202151-2200/00002160.tif HTTP/1.1" 200 273934
66.249.64.171 - - [29/Oct/2014:08:02:05 -0500] "GET /BLA/resoluciones/AUTOS%202009/1288.pdf HTTP/1.1" 200 295794
66.249.64.163 - - [29/Oct/2014:08:02:06 -0500] "GET /BLA/resoluciones/RESOLUCIONES%202010/0384.pdf HTTP/1.1" 200 108654
66.249.64.163 - - [29/Oct/2014:08:02:10 -0500] "GET /BLA/resoluciones/RESOLUCIONES%202010/7544.pdf HTTP/1.1" 200 304476
188.165.25.173 - - [29/Oct/2014:08:02:12 -0500] "GET /even1/Secci%C3%B3n%203/ HTTP/1.0" 404 1015
66.249.64.167 - - [29/Oct/2014:08:02:14 -0500] "GET /BLA/resoluciones/AUTOS%202008/2587.pdf HTTP/1.1" 200 79644
188.165.25.173 - - [29/Oct/2014:08:02:17 -0500] "GET /even1/Secci%C3%B3n%204/ HTTP/1.0" 404 1015
180.76.5.18 - - [29/Oct/2014:08:02:18 -0500] "GET /BLA/resoluciones/AUTOS%202011/5955.pdf HTTP/1.1" 200 136852
66.249.64.163 - - [29/Oct/2014:08:02:18 -0500] "GET /BLA/resoluciones/RESOLUCIONES%202010/2574.pdf HTTP/1.1" 200 1492464
66.249.64.43 - - [29/Oct/2014:08:02:20 -0500] "GET /Anexos%20estudio%20Organizacional%20SDA/ANEXO%20No.%201-%20NORMAS%20LEGALES%20DE%20ESTRUCTURA%20Y%20PLANTA/RESE%C3%91A%20HIST%C3%93RICA%20SDA-NORMAS/Ley%2099%20de%201993%20-%20Crea%20MimAmbiente_files/debug.js HTTP/1.1" 200 3792
190.26.79.34 - - [29/Oct/2014:08:02:20 -0500] "GET /autoliquidacion/Grupo%20Forestal%20-%20Industria%20de%20la%20Madera/Solicitud%20de%20Registro%20del%20Libro%20de%20operaciones.pdf HTTP/1.1" 200 117476
190.26.79.34 - - [29/Oct/2014:08:02:21 -0500] "GET /favicon.ico HTTP/1.1" 200 7782
181.48.9.62 - - [29/Oct/2014:08:02:22 -0500] "GET /BLA/boletinlegal/js/jquery.js HTTP/1.1" 304 -
181.48.9.62 - - [29/Oct/2014:08:02:22 -0500] "GET /BLA/boletinlegal/js/jquery.scrollTo-min.js HTTP/1.1" 304 -
181.48.9.62 - - [29/Oct/2014:08:02:22 -0500] "GET /BLA/boletinlegal/js/jquery.scrollShow.js HTTP/1.1" 304 -
66.249.64.171 - - [29/Oct/2014:08:02:22 -0500] "GET /BLA/resoluciones/RESOLUCIONES%202010/4107.pdf HTTP/1.1" 200 757767
66.249.64.163 - - [29/Oct/2014:08:02:26 -0500] "GET /BLA/resoluciones/AUTOS%202009/2674.pdf HTTP/1.1" 200 86619
188.165.25.173 - - [29/Oct/2014:08:02:28 -0500] "GET /galeria/carrusel/Carrusel/?C=D;O=A HTTP/1.0" 200 2896
201.245.192.253 - - [29/Oct/2014:08:02:28 -0500] "GET /v/XYyEQ5AhxrI?adformat=2_9&version=3&showinfo=0&rel=0&controls=1&iv_load_policy=1 HTTP/1.1" 404 2199
66.249.64.163 - - [29/Oct/2014:08:02:31 -0500] "GET /BLA/resoluciones/AUTOS%202009/1850.pdf HTTP/1.1" 200 98487
188.165.25.173 - - [29/Oct/2014:08:02:33 -0500] "GET /galeria/carrusel/Carrusel/?C=M;O=A HTTP/1.0" 200 2896
190.242.99.252 - - [29/Oct/2014:08:02:34 -0500] "GET /BLA/resoluciones/RESOLUCIONES%202011/0314.pdf HTTP/1.1" 200 362765
66.249.64.163 - - [29/Oct/2014:08:02:35 -0500] "GET /BLA/resoluciones/RESOLUCIONES%202010/1792.pdf HTTP/1.1" 200 495387
66.249.64.163 - - [29/Oct/2014:08:02:39 -0500] "GET /BLA/resoluciones/AUTOS%202008/1234.pdf HTTP/1.1" 200 73261
66.249.64.43 - - [29/Oct/2014:08:02:43 -0500] "GET /Anexos%20estudio%20Organizacional%20SDA/ANEXO%20No.%201-%20NORMAS%20LEGALES%20DE%20ESTRUCTURA%20Y%20PLANTA/RESE%C3%91A%20HIST%C3%93RICA%20SDA-NORMAS/Decreto%20631%20de%202007-%20Modifica%20planta%20de%20SDA.jsp_files/AjaxRequest.js HTTP/1.1" 200 17069
66.249.64.171 - - [29/Oct/2014:08:02:43 -0500] "GET /BLA/resoluciones/AUTOS%202009/2931.pdf HTTP/1.1" 200 106113
188.165.25.173 - - [29/Oct/2014:08:02:46 -0500] "GET /galeria/carrusel/Carrusel/?C=N;O=D HTTP/1.0" 200 2896
66.249.64.171 - - [29/Oct/2014:08:02:47 -0500] "GET /BLA/resoluciones/RESOLUCIONES%202009/4257.pdf HTTP/1.1" 200 499421
186.154.253.106 - - [29/Oct/2014:08:02:48 -0500] "GET /galeria/nivo-slider/demo/demo.html HTTP/1.1" 200 3316
186.154.253.106 - - [29/Oct/2014:08:02:49 -0500] "GET /galeria/nivo-slider/demo/images/porloshumedales.jpg HTTP/1.1" 200 351238
66.249.64.171 - - [29/Oct/2014:08:02:52 -0500] "GET /BLA/resoluciones/RESOLUCIONES%202009/9826.pdf HTTP/1.1" 200 1982638
188.165.25.173 - - [29/Oct/2014:08:02:54 -0500] "GET /galeria/carrusel/Carrusel/?C=S;O=A HTTP/1.0" 200 2896
66.249.64.171 - - [29/Oct/2014:08:02:56 -0500] "GET /BLA/resoluciones/RESOLUCIONES%202010/0414.pdf HTTP/1.1" 200 509277
66.249.64.167 - - [29/Oct/2014:08:03:00 -0500] "GET /BLA/resoluciones/RESOLUCIONES%202011/2624.pdf HTTP/1.1" 200 510931
190.0.15.26 - - [29/Oct/2014:08:03:03 -0500] "GET /BLA/boletinlegal/js/jquery.js HTTP/1.1" 200 57254
190.0.15.26 - - [29/Oct/2014:08:03:03 -0500] "GET /BLA/boletinlegal/js/jquery.scrollTo-min.js HTTP/1.1" 200 1150
190.0.15.26 - - [29/Oct/2014:08:03:03 -0500] "GET /BLA/boletinlegal/js/jquery.scrollShow.js HTTP/1.1" 200 4586
201.245.192.253 - - [29/Oct/2014:08:03:04 -0500] "GET /v/fOaVlKDnWd0?adformat=2_9&version=3&showinfo=0&rel=0&controls=1&iv_load_policy=1 HTTP/1.1" 404 2927
188.165.25.173 - - [29/Oct/2014:08:03:04 -0500] "GET /galeria/carrusel/Carrusel/jquery-ui-1.8.13.custom.min.js HTTP/1.0" 200 10800
66.249.64.171 - - [29/Oct/2014:08:03:04 -0500] "GET /BLA/resoluciones/RESOLUCIONES%202009/5431.pdf HTTP/1.1" 200 288361
66.249.64.163 - - [29/Oct/2014:08:03:09 -0500] "GET /BLA/resoluciones/RESOLUCIONES%202009/4753.pdf HTTP/1.1" 200 611095
188.165.25.173 - - [29/Oct/2014:08:03:10 -0500] "GET /galeria/carrusel/Carrusel/jquery.thumbnailScroller.css HTTP/1.0" 200 2066
66.249.64.171 - - [29/Oct/2014:08:03:13 -0500] "GET /BLA/resoluciones/AUTOS%202009/2025.pdf HTTP/1.1" 200 102847
190.26.82.138 - - [29/Oct/2014:08:03:15 -0500] "GET /BLA/boletinlegal/js/jquery.js HTTP/1.1" 200 57254
190.26.82.138 - - [29/Oct/2014:08:03:15 -0500] "GET /BLA/boletinlegal/js/jquery.scrollTo-min.js HTTP/1.1" 200 1150
190.26.82.138 - - [29/Oct/2014:08:03:15 -0500] "GET /BLA/boletinlegal/js/jquery.scrollShow.js HTTP/1.1" 200 4586
66.249.64.163 - - [29/Oct/2014:08:03:17 -0500] "GET /BLA/resoluciones/RESOLUCIONES%202009/9437.pdf HTTP/1.1" 200 515195
188.165.25.173 - - [29/Oct/2014:08:03:20 -0500] "GET /galeria/carrusel/Carrusel/jquery.thumbnailScroller.js HTTP/1.0" 200 8157
190.27.213.85 - - [29/Oct/2014:08:03:20 -0500] "GET /BLA/boletinlegal/js/jquery.js HTTP/1.1" 200 57254
190.27.213.85 - - [29/Oct/2014:08:03:20 -0500] "GET /BLA/boletinlegal/js/jquery.scrollTo-min.js HTTP/1.1" 200 1150
190.27.213.85 - - [29/Oct/2014:08:03:20 -0500] "GET /BLA/boletinlegal/js/jquery.scrollShow.js HTTP/1.1" 200 4586
190.27.213.85 - - [29/Oct/2014:08:03:20 -0500] "GET /galeria/carrusel/Carrusel/jquery-ui-1.8.13.custom.min.js HTTP/1.1" 200 10800
190.27.213.85 - - [29/Oct/2014:08:03:20 -0500] "GET /galeria/carrusel/Carrusel/jquery.thumbnailScroller.css HTTP/1.1" 200 2066
190.27.213.85 - - [29/Oct/2014:08:03:21 -0500] "GET /galeria/carrusel/Carrusel/jquery.thumbnailScroller.js HTTP/1.1" 200 8157
66.249.64.171 - - [29/Oct/2014:08:03:21 -0500] "GET /BLA/resoluciones/RESOLUCIONES%202011/0726.pdf HTTP/1.1" 200 73145
190.248.17.194 - - [29/Oct/2014:08:03:22 -0500] "GET /galeria/bibloteca/contentflow.js HTTP/1.1" 200 42804
190.248.17.194 - - [29/Oct/2014:08:03:22 -0500] "GET /galeria/bibloteca/contentflow.css HTTP/1.1" 200 3201
190.248.17.194 - - [29/Oct/2014:08:03:22 -0500] "GET /galeria/bibloteca/mycontentflow.css HTTP/1.1" 200 3110
190.248.17.194 - - [29/Oct/2014:08:03:22 -0500] "GET /galeria/bibloteca/ContentFlowAddOn_white.js HTTP/1.1" 200 2497
190.248.17.194 - - [29/Oct/2014:08:03:22 -0500] "GET /galeria/bibloteca/ContentFlowAddOn_white.css HTTP/1.1" 200 3355
190.248.17.194 - - [29/Oct/2014:08:03:22 -0500] "GET /galeria/bibloteca/img/scrollbar_white.png HTTP/1.1" 200 82
190.248.17.194 - - [29/Oct/2014:08:03:22 -0500] "GET /galeria/bibloteca/img/slider_white.png HTTP/1.1" 200 178
190.248.17.194 - - [29/Oct/2014:08:03:22 -0500] "GET /galeria/bibloteca/img/loader.gif HTTP/1.1" 200 8238
190.248.17.194 - - [29/Oct/2014:08:03:22 -0500] "GET /galeria/bibloteca/img/1x1_0.5_white.png HTTP/1.1" 200 82
190.248.17.194 - - [29/Oct/2014:08:03:22 -0500] "GET /galeria/bibloteca/img/slider_black.png HTTP/1.1" 200 175
190.248.17.194 - - [29/Oct/2014:08:03:22 -0500] "GET /galeria/bibloteca/img/scrollbar_black.png HTTP/1.1" 200 82
190.248.17.194 - - [29/Oct/2014:08:03:23 -0500] "GET /galeria/bibloteca/img/ajax-loader.gif HTTP/1.1" 200 9427
66.249.64.163 - - [29/Oct/2014:08:03:25 -0500] "GET /BLA/resoluciones/RESOLUCIONES%202010/2152.pdf HTTP/1.1" 200 509817
190.27.213.85 - - [29/Oct/2014:08:03:26 -0500] "GET /galeria/nivo-slider/demo/demo.html HTTP/1.1" 200 3316
190.27.213.85 - - [29/Oct/2014:08:03:26 -0500] "GET /galeria/nivo-slider/themes/default/default.css HTTP/1.1" 200 1569
190.27.213.85 - - [29/Oct/2014:08:03:26 -0500] "GET /galeria/nivo-slider/themes/orman/orman.css HTTP/1.1" 200 2152
190.27.213.85 - - [29/Oct/2014:08:03:26 -0500] "GET /galeria/nivo-slider/themes/pascal/pascal.css HTTP/1.1" 200 2258
190.27.213.85 - - [29/Oct/2014:08:03:26 -0500] "GET /galeria/nivo-slider/nivo-slider.css HTTP/1.1" 200 1507
190.27.213.85 - - [29/Oct/2014:08:03:26 -0500] "GET /galeria/nivo-slider/demo/style.css HTTP/1.1" 200 2222
190.27.213.85 - - [29/Oct/2014:08:03:26 -0500] "GET /galeria/nivo-slider/demo/scripts/jquery-1.7.1.min.js HTTP/1.1" 200 93868
190.27.213.85 - - [29/Oct/2014:08:03:26 -0500] "GET /galeria/nivo-slider/jquery.nivo.slider.pack.js HTTP/1.1" 200 11561
190.27.213.85 - - [29/Oct/2014:08:03:26 -0500] "GET /galeria/nivo-slider/demo/images/4Simple_Slider.png HTTP/1.1" 200 11722
190.27.213.85 - - [29/Oct/2014:08:03:26 -0500] "GET /galeria/nivo-slider/themes/default/loading.gif HTTP/1.1" 200 1737
190.27.213.85 - - [29/Oct/2014:08:03:26 -0500] "GET /galeria/nivo-slider/demo/images/porloshumedales.jpg HTTP/1.1" 200 351238
190.27.213.85 - - [29/Oct/2014:08:03:26 -0500] "GET /galeria/nivo-slider/demo/images/banner-aceite3.jpg HTTP/1.1" 200 88347
190.27.213.85 - - [29/Oct/2014:08:03:26 -0500] "GET /galeria/nivo-slider/demo/images/Banner-Caracol-Africano.jpg HTTP/1.1" 200 331986
190.27.213.85 - - [29/Oct/2014:08:03:27 -0500] "GET /galeria/nivo-slider/demo/images/banner-redes.jpg HTTP/1.1" 200 62209
190.27.213.85 - - [29/Oct/2014:08:03:27 -0500] "GET /galeria/nivo-slider/demo/images/mesTIC.jpg HTTP/1.1" 200 180719
190.27.213.85 - - [29/Oct/2014:08:03:27 -0500] "GET /galeria/nivo-slider/demo/images/Tingua-azul.jpg HTTP/1.1" 200 307638
190.27.213.85 - - [29/Oct/2014:08:03:27 -0500] "GET /galeria/nivo-slider/demo/images/9Signos.jpg HTTP/1.1" 200 93040
190.27.213.85 - - [29/Oct/2014:08:03:27 -0500] "GET /galeria/nivo-slider/demo/images/banner-llantas2.jpg HTTP/1.1" 200 73153
190.27.213.85 - - [29/Oct/2014:08:03:28 -0500] "GET /galeria/nivo-slider/demo/images/banner-caballos.png HTTP/1.1" 200 389106
190.27.213.85 - - [29/Oct/2014:08:03:28 -0500] "GET /galeria/nivo-slider/demo/images/Hacienda_Molinos.jpg HTTP/1.1" 200 319171
190.27.213.85 - - [29/Oct/2014:08:03:28 -0500] "GET /galeria/nivo-slider/demo/images/bannerEcolecta3.jpg HTTP/1.1" 200 280034
190.27.213.85 - - [29/Oct/2014:08:03:29 -0500] "GET /galeria/nivo-slider/themes/default/arrows.png HTTP/1.1" 200 824
190.27.213.85 - - [29/Oct/2014:08:03:29 -0500] "GET /galeria/nivo-slider/themes/default/bullets.png HTTP/1.1" 200 1281
181.49.14.97 - - [29/Oct/2014:08:03:29 -0500] "GET /BLA/boletinlegal/js/jquery.js HTTP/1.1" 200 57254
181.49.14.97 - - [29/Oct/2014:08:03:29 -0500] "GET /BLA/boletinlegal/js/jquery.scrollShow.js HTTP/1.1" 200 4586
181.49.14.97 - - [29/Oct/2014:08:03:29 -0500] "GET /BLA/boletinlegal/js/jquery.scrollTo-min.js HTTP/1.1" 200 1150
66.249.64.163 - - [29/Oct/2014:08:03:29 -0500] "GET /BLA/resoluciones/AUTOS%202009/1587.pdf HTTP/1.1" 200 125489
190.27.213.85 - - [29/Oct/2014:08:03:30 -0500] "GET /videos/Spot_Tinguas.flv HTTP/1.1" 200 2087054
188.165.25.173 - - [29/Oct/2014:08:03:33 -0500] "GET /galeria/carrusel/Carrusel/jquery_thumbnail_scroller_horizontal_full.html HTTP/1.0" 200 4236
66.249.64.171 - - [29/Oct/2014:08:03:34 -0500] "GET /BLA/resoluciones/RESOLUCIONES%202010/0348.pdf HTTP/1.1" 200 349846
66.249.64.167 - - [29/Oct/2014:08:03:38 -0500] "GET /BLA/resoluciones/RESOLUCIONES%202011/0760.pdf HTTP/1.1" 200 512097
188.165.25.173 - - [29/Oct/2014:08:03:39 -0500] "GET /galeria/juegos/objects/?C=N;O=A HTTP/1.0" 200 778
123.125.71.45 - - [29/Oct/2014:08:03:41 -0500] "GET / HTTP/1.1" 302 -
190.66.14.194 - - [29/Oct/2014:08:03:41 -0500] "GET /BLA/boletinlegal/js/jquery.js HTTP/1.1" 200 57254
190.66.14.194 - - [29/Oct/2014:08:03:41 -0500] "GET /BLA/boletinlegal/js/jquery.scrollShow.js HTTP/1.1" 200 4586
190.66.14.194 - - [29/Oct/2014:08:03:41 -0500] "GET /BLA/boletinlegal/js/jquery.scrollTo-min.js HTTP/1.1" 200 1150
66.249.64.163 - - [29/Oct/2014:08:03:42 -0500] "GET /BLA/resoluciones/RESOLUCIONES%202010/3886.pdf HTTP/1.1" 200 104990
24.42.0.154 - - [29/Oct/2014:08:03:43 -0500] "GET /BLA/boletinlegal/js/jquery.js HTTP/1.1" 200 57254
24.42.0.154 - - [29/Oct/2014:08:03:43 -0500] "GET /BLA/boletinlegal/js/jquery.scrollTo-min.js HTTP/1.1" 200 1150
24.42.0.154 - - [29/Oct/2014:08:03:43 -0500] "GET /BLA/boletinlegal/js/jquery.scrollShow.js HTTP/1.1" 200 4586
188.165.25.173 - - [29/Oct/2014:08:03:43 -0500] "GET /galeria/juegos/s/?C=N;O=A HTTP/1.0" 200 766
201.245.192.253 - - [29/Oct/2014:08:03:44 -0500] "GET /iframe_api HTTP/1.1" 404 1255
201.245.192.253 - - [29/Oct/2014:08:03:46 -0500] "GET /embed/d37iWcNG9R0?html5=1&autoplay=1&rel=0&showinfo=0&modestbranding=1&iv_load_policy=1&adformat=2_9&width=727&height=412&enablejsapi=1&origin=http://pagead2.googlesyndication.com HTTP/1.1" 404 1379
201.245.192.253 - - [29/Oct/2014:08:03:46 -0500] "GET /iframe_api HTTP/1.1" 404 1379
66.249.64.171 - - [29/Oct/2014:08:03:46 -0500] "GET /BLA/resoluciones/RESOLUCIONES%202010/1377.pdf HTTP/1.1" 200 342998
66.249.64.167 - - [29/Oct/2014:08:03:51 -0500] "GET /BLA/resoluciones/RESOLUCIONES%202010/0983.pdf HTTP/1.1" 200 97691
188.165.25.173 - - [29/Oct/2014:08:03:51 -0500] "GET /galeria/juegos/texturesExport/?C=N;O=A HTTP/1.0" 200 792
66.249.64.171 - - [29/Oct/2014:08:03:55 -0500] "GET /BLA/resoluciones/AUTOS%202009/0963.pdf HTTP/1.1" 200 101230
188.165.25.173 - - [29/Oct/2014:08:03:58 -0500] "GET /galeria/mapa/?C=M;O=A HTTP/1.0" 200 5102
66.249.64.171 - - [29/Oct/2014:08:03:59 -0500] "GET /BLA/resoluciones/RESOLUCIONES%202011/0850.pdf HTTP/1.1" 200 266424
188.165.25.173 - - [29/Oct/2014:08:04:02 -0500] "GET /galeria/nivo-slider/themes/?C=D;O=A HTTP/1.0" 200 1421
66.249.64.163 - - [29/Oct/2014:08:04:03 -0500] "GET /BLA/resoluciones/AUTOS%202008/0644.pdf HTTP/1.1" 200 169391
66.249.64.163 - - [29/Oct/2014:08:04:07 -0500] "GET /BLA/resoluciones/RESOLUCIONES%202009/3627.pdf HTTP/1.1" 200 238006
188.165.25.173 - - [29/Oct/2014:08:04:08 -0500] "GET /galeria/nivo-slider/themes/?C=M;O=A HTTP/1.0" 200 1421
66.249.64.163 - - [29/Oct/2014:08:04:12 -0500] "GET /BLA/resoluciones/RESOLUCIONES%202010/0530.pdf HTTP/1.1" 200 393006
201.245.192.253 - - [29/Oct/2014:08:04:13 -0500] "GET /embed/MHTdDf7DU6A?RELL=0&autoplay=1&wmode=opaque HTTP/1.1" 404 1491
188.165.25.173 - - [29/Oct/2014:08:04:15 -0500] "GET /galeria/nivo-slider/themes/?C=N;O=D HTTP/1.0" 200 1421
66.249.64.163 - - [29/Oct/2014:08:04:16 -0500] "GET /BLA/resoluciones/RESOLUCIONES%202008/1634.pdf HTTP/1.1" 200 261276
66.249.64.163 - - [29/Oct/2014:08:04:20 -0500] "GET /BLA/resoluciones/AUTOS%202007/3536.pdf HTTP/1.1" 200 80508
188.165.25.173 - - [29/Oct/2014:08:04:21 -0500] "GET /galeria/nivo-slider/themes/?C=S;O=A HTTP/1.0" 200 1421
66.249.64.167 - - [29/Oct/2014:08:04:24 -0500] "GET /BLA/resoluciones/RESOLUCIONES%202010/2274.pdf HTTP/1.1" 200 490505
66.249.64.171 - - [29/Oct/2014:08:04:28 -0500] "GET /BLA/resoluciones/RESOLUCIONES%202010/4416.pdf HTTP/1.1" 200 463657
188.165.25.173 - - [29/Oct/2014:08:04:29 -0500] "GET /gallery2/g2data/cache/?C=D;O=D HTTP/1.0" 404 1015
201.245.192.253 - - [29/Oct/2014:08:04:31 -0500] "GET /isolucionsda/FrameSetArticulo.asp?Pagina=/isolucionsda/bancoconocimiento/N/Notificacionporaviso_v8/Notificacionporaviso_v8.asp?IdArticulo=7902 HTTP/1.1" 200 7317
201.245.192.253 - - [29/Oct/2014:08:04:31 -0500] "GET /isolucionsda/Arriba.asp?Pagina=/isolucionsda/bancoconocimiento/N/Notificacionporaviso_v8/Notificacionporaviso_v8.asp?IdArticulo=7902 HTTP/1.1" 200 10540
201.245.192.253 - - [29/Oct/2014:08:04:31 -0500] "GET /isolucionsda/bancoconocimiento/N/Notificacionporaviso_v8/Notificacionporaviso_v8.asp?IdArticulo=7902 HTTP/1.1" 302 152
201.245.192.253 - - [29/Oct/2014:08:04:32 -0500] "GET /v/UWKDRNPIeZ4?hl=en&hd=1 HTTP/1.1" 404 1299
66.249.64.163 - - [29/Oct/2014:08:04:33 -0500] "GET /BLA/resoluciones/RESOLUCIONES%202010/3338.pdf HTTP/1.1" 200 754281
201.245.192.253 - - [29/Oct/2014:08:04:33 -0500] "GET /v/XYyEQ5AhxrI?adformat=2_9&version=3&showinfo=0&rel=0&controls=1&iv_load_policy=1 HTTP/1.1" 404 2869
201.245.192.253 - - [29/Oct/2014:08:04:33 -0500] "GET /v/fOaVlKDnWd0?adformat=2_9&version=3&showinfo=0&rel=0&controls=1&iv_load_policy=1 HTTP/1.1" 404 2909
201.245.192.253 - - [29/Oct/2014:08:04:34 -0500] "GET /v/DfFOkGUsKAc?adformat=2_9&version=3&showinfo=0&rel=0&controls=1&iv_load_policy=1 HTTP/1.1" 404 1339
188.165.25.173 - - [29/Oct/2014:08:04:34 -0500] "GET /gallery2/g2data/cache/?C=M;O=D HTTP/1.0" 404 1015
201.245.192.253 - - [29/Oct/2014:08:04:35 -0500] "GET /v/D02JpF97cE4?adformat=2_9&version=3&showinfo=0&rel=0&controls=1&iv_load_policy=1 HTTP/1.1" 404 1339
66.249.64.47 - - [29/Oct/2014:08:04:35 -0500] "GET /Anexos%20estudio%20Organizacional%20SDA/ANEXO%20No.%201-%20NORMAS%20LEGALES%20DE%20ESTRUCTURA%20Y%20PLANTA/RESE%C3%91A%20HIST%C3%93RICA%20SDA-NORMAS/Decreto%20631%20de%202007-%20Modifica%20planta%20de%20SDA.jsp_files/jquery.js HTTP/1.1" 200 18179
66.249.64.171 - - [29/Oct/2014:08:04:37 -0500] "GET /BLA/resoluciones/RESOLUCIONES%202009/2332.pdf HTTP/1.1" 200 731363
201.245.192.253 - - [29/Oct/2014:08:04:37 -0500] "GET /v/wy46U16-dJg?adformat=2_9&version=3&showinfo=0&rel=0&controls=1&iv_load_policy=1 HTTP/1.1" 404 1339
201.245.192.253 - - [29/Oct/2014:08:04:38 -0500] "GET /v/QqKwrYPliR4?adformat=2_9&version=3&showinfo=0&rel=0&controls=1&iv_load_policy=1 HTTP/1.1" 404 1339
66.249.64.167 - - [29/Oct/2014:08:04:41 -0500] "GET /BLA/resoluciones/RESOLUCIONES%202010/5082.pdf HTTP/1.1" 200 753723
66.249.64.163 - - [29/Oct/2014:08:04:45 -0500] "GET /BLA/resoluciones/RESOLUCIONES%202009/1127.pdf HTTP/1.1" 200 277326
188.165.25.173 - - [29/Oct/2014:08:04:46 -0500] "GET /gallery2/g2data/cache/derivative/?C=D;O=A HTTP/1.0" 404 1015
66.249.64.167 - - [29/Oct/2014:08:04:49 -0500] "GET /BLA/resoluciones/AUTOS%202009/3225.pdf HTTP/1.1" 200 194916
66.249.64.167 - - [29/Oct/2014:08:04:54 -0500] "GET /BLA/resoluciones/RESOLUCIONES%202011/5719.pdf HTTP/1.1" 200 1300292
188.165.25.173 - - [29/Oct/2014:08:04:54 -0500] "GET /gallery2/g2data/cache/derivative/?C=M;O=A HTTP/1.0" 404 1015
201.245.192.253 - - [29/Oct/2014:08:04:58 -0500] "GET /v/DfFOkGUsKAc?adformat=2_9&version=3&showinfo=0&rel=0&controls=1&iv_load_policy=1 HTTP/1.1" 404 2925
66.249.64.163 - - [29/Oct/2014:08:04:58 -0500] "GET /BLA/resoluciones/RESOLUCIONES%202010/2008.pdf HTTP/1.1" 200 337930
220.181.108.122 - - [29/Oct/2014:08:04:58 -0500] "GET / HTTP/1.1" 302 -
66.249.64.167 - - [29/Oct/2014:08:05:02 -0500] "GET /BLA/resoluciones/RESOLUCIONES%202010/0654.pdf HTTP/1.1" 200 516930
188.165.25.173 - - [29/Oct/2014:08:05:04 -0500] "GET /gallery2/g2data/cache/derivative/?C=N;O=D HTTP/1.0" 404 1015
66.249.64.171 - - [29/Oct/2014:08:05:06 -0500] "GET /BLA/resoluciones/RESOLUCIONES%202011/1309.pdf HTTP/1.1" 200 77177
66.249.64.167 - - [29/Oct/2014:08:05:10 -0500] "GET /BLA/resoluciones/AUTOS%202008/2707.pdf HTTP/1.1" 200 67984
66.249.64.43 - - [29/Oct/2014:08:05:11 -0500] "GET /Anexos%20estudio%20Organizacional%20SDA/ANEXO%20No.%201-%20NORMAS%20LEGALES%20DE%20ESTRUCTURA%20Y%20PLANTA/RESE%C3%91A%20HIST%C3%93RICA%20SDA-NORMAS/Decreto%20562%20de%202006%20-%20Establece%20planta%20de%20cargos%20de%20SDA.jsp_files/ladc.css HTTP/1.1" 200 5119
66.249.64.167 - - [29/Oct/2014:08:05:15 -0500] "GET /BLA/resoluciones/RESOLUCIONES%202010/6559.pdf HTTP/1.1" 200 275588
201.245.192.253 - - [29/Oct/2014:08:05:18 -0500] "GET /v/fOaVlKDnWd0?adformat=2_9&version=3&showinfo=0&rel=0&controls=1&iv_load_policy=1 HTTP/1.1" 404 2851
188.165.25.173 - - [29/Oct/2014:08:05:18 -0500] "GET /gallery2/g2data/cache/derivative/?C=S;O=A HTTP/1.0" 404 1015
201.245.192.253 - - [29/Oct/2014:08:05:19 -0500] "GET /v/6KqBhp2Eo4U?adformat=2_9&version=3&showinfo=0&rel=0&controls=1&iv_load_policy=1 HTTP/1.1" 404 2889
66.249.64.163 - - [29/Oct/2014:08:05:19 -0500] "GET /BLA/resoluciones/RESOLUCIONES%202009/0589.pdf HTTP/1.1" 200 325849
201.245.192.253 - - [29/Oct/2014:08:05:23 -0500] "GET /v/6KqBhp2Eo4U?adformat=2_9&version=3&showinfo=0&rel=0&controls=1&iv_load_policy=1 HTTP/1.1" 404 2917
201.245.192.253 - - [29/Oct/2014:08:05:23 -0500] "GET /v/fOaVlKDnWd0?adformat=2_9&version=3&showinfo=0&rel=0&controls=1&iv_load_policy=1 HTTP/1.1" 404 2877
66.249.64.171 - - [29/Oct/2014:08:05:23 -0500] "GET /BLA/resoluciones/RESOLUCIONES%202009/0061.pdf HTTP/1.1" 200 164240
201.245.192.253 - - [29/Oct/2014:08:05:24 -0500] "GET /isolucionsda/g/vacio1x1.gif HTTP/1.1" 404 5195
201.245.192.253 - - [29/Oct/2014:08:05:27 -0500] "GET /isolucionsda/FrameSetArticulo.asp?Pagina=/isolucionsda/bancoconocimiento/p/publicaciondelavisodenotificacion__v8/publicaciondelavisodenotificacion__v8.asp?IdArticulo=7891 HTTP/1.1" 200 7429
201.245.192.253 - - [29/Oct/2014:08:05:27 -0500] "GET /isolucionsda/bancoconocimiento/p/publicaciondelavisodenotificacion__v8/publicaciondelavisodenotificacion__v8.asp?IdArticulo=7891 HTTP/1.1" 200 205
201.245.192.253 - - [29/Oct/2014:08:05:27 -0500] "GET /isolucionsda/Arriba.asp?Pagina=/isolucionsda/bancoconocimiento/p/publicaciondelavisodenotificacion__v8/publicaciondelavisodenotificacion__v8.asp?IdArticulo=7891 HTTP/1.1" 200 10600
201.245.192.253 - - [29/Oct/2014:08:05:27 -0500] "GET /isolucionsda/bancoconocimiento/p/publicaciondelavisodenotificacion__v8/publicaciondelavisodenotificacion__v8.asp?IdArticulo=7891 HTTP/1.1" 302 171
201.245.192.253 - - [29/Oct/2014:08:05:27 -0500] "GET /isolucionsda/bancoconocimiento/p/publicaciondelavisodenotificacion__v8/publicacion%20del%20aviso%20de%20notificacion0.doc HTTP/1.1" 200 87552
188.165.25.173 - - [29/Oct/2014:08:05:27 -0500] "GET /hum/FotosHumedales-Fb05/Fotos%20Mauricio/?C=N;O=D HTTP/1.0" 404 1015
66.249.64.163 - - [29/Oct/2014:08:05:32 -0500] "GET /BLA/resoluciones/RESOLUCIONES%202010/3762.pdf HTTP/1.1" 200 527367
186.154.253.106 - - [29/Oct/2014:08:05:33 -0500] "GET /galeria/nivo-slider/demo/demo.html HTTP/1.1" 200 3316
186.154.253.106 - - [29/Oct/2014:08:05:33 -0500] "GET /galeria/nivo-slider/demo/images/porloshumedales.jpg HTTP/1.1" 200 351238
186.154.253.106 - - [29/Oct/2014:08:05:33 -0500] "GET /galeria/nivo-slider/demo/images/Hacienda_Molinos.jpg HTTP/1.1" 200 319171
186.154.253.106 - - [29/Oct/2014:08:05:33 -0500] "GET /galeria/nivo-slider/demo/images/Tingua-azul.jpg HTTP/1.1" 206 1313
186.154.253.106 - - [29/Oct/2014:08:05:33 -0500] "GET /galeria/nivo-slider/demo/images/Banner-Caracol-Africano.jpg HTTP/1.1" 206 2301
186.154.253.106 - - [29/Oct/2014:08:05:33 -0500] "GET /galeria/nivo-slider/demo/images/9Signos.jpg HTTP/1.1" 206 1333
186.154.253.106 - - [29/Oct/2014:08:05:34 -0500] "GET /galeria/nivo-slider/demo/images/banner-caballos.png HTTP/1.1" 200 389106
186.154.253.106 - - [29/Oct/2014:08:05:34 -0500] "GET /galeria/nivo-slider/demo/images/banner-llantas2.jpg HTTP/1.1" 206 69046
188.165.25.173 - - [29/Oct/2014:08:05:34 -0500] "GET /hum/FotosHumedales-Fb05/Fotos%20Mauricio/?C=S;O=A HTTP/1.0" 404 1015
66.249.64.163 - - [29/Oct/2014:08:05:36 -0500] "GET /BLA/resoluciones/RESOLUCIONES%202009/5095.pdf HTTP/1.1" 200 500655
66.249.64.171 - - [29/Oct/2014:08:05:40 -0500] "GET /BLA/resoluciones/RESOLUCIONES%202009/5714.pdf HTTP/1.1" 200 443692
186.154.253.106 - - [29/Oct/2014:08:05:42 -0500] "GET /autoliquidacion HTTP/1.1" 301 310
186.154.253.106 - - [29/Oct/2014:08:05:42 -0500] "GET /autoliquidacion/ HTTP/1.1" 200 6375
186.154.253.106 - - [29/Oct/2014:08:05:42 -0500] "GET /autoliquidacion/dlf/styles.css HTTP/1.1" 200 3045
186.154.253.106 - - [29/Oct/2014:08:05:42 -0500] "GET /autoliquidacion/dlf/folder.png HTTP/1.1" 200 410
186.154.253.106 - - [29/Oct/2014:08:05:42 -0500] "GET /autoliquidacion/dlf/bg.gif HTTP/1.1" 200 54
188.165.25.173 - - [29/Oct/2014:08:05:43 -0500] "GET /hum/FotosHumedales-Fb05/Fotos%20Rudy/?C=D;O=A HTTP/1.0" 404 1015
66.249.64.167 - - [29/Oct/2014:08:05:44 -0500] "GET /BLA/resoluciones/RESOLUCIONES%202010/4862.pdf HTTP/1.1" 200 755055
201.245.192.253 - - [29/Oct/2014:08:05:43 -0500] "GET /stormWeb/ HTTP/1.1" 503 1124
66.249.64.167 - - [29/Oct/2014:08:05:48 -0500] "GET /BLA/resoluciones/RESOLUCIONES%202010/2252.pdf HTTP/1.1" 200 511525
186.154.253.106 - - [29/Oct/2014:08:05:49 -0500] "GET /autoliquidacion/index.php?dir=Solicitudes+relacionadas+con+calidad+del+aire+auditiva+y+visual%2F HTTP/1.1" 200 5748
186.154.253.106 - - [29/Oct/2014:08:05:49 -0500] "GET /autoliquidacion/dlf/dirup.png HTTP/1.1" 200 644
201.245.192.253 - - [29/Oct/2014:08:05:48 -0500] "GET /Report2/ HTTP/1.1" 503 1124
66.249.64.163 - - [29/Oct/2014:08:05:53 -0500] "GET /BLA/resoluciones/RESOLUCIONES%202009/1044.pdf HTTP/1.1" 200 205220
190.26.211.153 - - [29/Oct/2014:08:05:53 -0500] "GET /galeria/carrusel/Carrusel/jquery.thumbnailScroller.css HTTP/1.1" 200 2066
190.26.211.153 - - [29/Oct/2014:08:05:53 -0500] "GET /BLA/boletinlegal/js/jquery.js HTTP/1.1" 200 57254
190.26.211.153 - - [29/Oct/2014:08:05:53 -0500] "GET /BLA/boletinlegal/js/jquery.scrollTo-min.js HTTP/1.1" 200 1150
190.26.211.153 - - [29/Oct/2014:08:05:53 -0500] "GET /BLA/boletinlegal/js/jquery.scrollShow.js HTTP/1.1" 200 4586
190.26.211.153 - - [29/Oct/2014:08:05:53 -0500] "GET /galeria/carrusel/Carrusel/jquery-ui-1.8.13.custom.min.js HTTP/1.1" 200 10800
190.26.211.153 - - [29/Oct/2014:08:05:53 -0500] "GET /galeria/carrusel/Carrusel/jquery.thumbnailScroller.js HTTP/1.1" 200 8157
188.165.25.173 - - [29/Oct/2014:08:05:54 -0500] "GET /hum/FotosHumedales-Fb05/Fotos%20Rudy/?C=M;O=A HTTP/1.0" 404 1015
157.55.39.47 - - [29/Oct/2014:08:05:54 -0500] "GET /galeria/nivo-slider/demo/demo.html HTTP/1.1" 200 3316
66.249.64.163 - - [29/Oct/2014:08:05:57 -0500] "GET /BLA/resoluciones/AUTOS%202009/3569.pdf HTTP/1.1" 200 209627
201.245.192.253 - - [29/Oct/2014:08:05:58 -0500] "GET /v/9YX1UAW2H4k?adformat=2_9&version=3&showinfo=0&rel=0&controls=1&iv_load_policy=1 HTTP/1.1" 404 2777
74.86.158.107 - - [29/Oct/2014:08:05:58 -0500] "HEAD / HTTP/1.1" 302 -
201.245.192.253 - - [29/Oct/2014:08:06:00 -0500] "GET /embed/APp89urbGcI HTTP/1.1" 404 1327
66.249.64.163 - - [29/Oct/2014:08:06:01 -0500] "GET /BLA/resoluciones/RESOLUCIONES%202009/0700.pdf HTTP/1.1" 200 40703
188.165.25.173 - - [29/Oct/2014:08:06:02 -0500] "GET /hum/FotosHumedales-Fb05/Fotos%20Rudy/?C=N;O=D HTTP/1.0" 404 1015
186.154.253.106 - - [29/Oct/2014:08:06:03 -0500] "GET /autoliquidacion/index.php?dir=Solicitudes+relacionadas+con+calidad+del+aire+auditiva+y+visual%2FRegistro+de+Elementos+de+publicidad+Exterior+Visual%2F HTTP/1.1" 200 4038
186.154.253.106 - - [29/Oct/2014:08:06:03 -0500] "GET /autoliquidacion/dlf/xls.gif HTTP/1.1" 200 636
186.154.253.106 - - [29/Oct/2014:08:06:04 -0500] "GET /autoliquidacion/dlf/pdf.gif HTTP/1.1" 200 272
66.249.64.163 - - [29/Oct/2014:08:06:05 -0500] "GET /BLA/resoluciones/RESOLUCIONES%202011/2666.pdf HTTP/1.1" 200 471038
66.249.64.163 - - [29/Oct/2014:08:06:09 -0500] "GET /BLA/resoluciones/RESOLUCIONES%202009/2442.pdf HTTP/1.1" 200 467179
186.154.253.106 - - [29/Oct/2014:08:06:10 -0500] "GET /autoliquidacion/Solicitudes%20relacionadas%20con%20calidad%20del%20aire%20auditiva%20y%20visual/Registro%20de%20Elementos%20de%20publicidad%20Exterior%20Visual/126pm04-pr16-f-a20-1%20Lista%20de%20Chequeo.xls HTTP/1.1" 200 114176
186.154.253.106 - - [29/Oct/2014:08:06:10 -0500] "GET /autoliquidacion/Solicitudes%20relacionadas%20con%20calidad%20del%20aire%20auditiva%20y%20visual/Registro%20de%20Elementos%20de%20publicidad%20Exterior%20Visual/126pm04-pr16-f-a20-1%20Lista%20de%20Chequeo.xls HTTP/1.1" 200 114176
186.154.253.106 - - [29/Oct/2014:08:06:10 -0500] "GET /autoliquidacion/Solicitudes%20relacionadas%20con%20calidad%20del%20aire%20auditiva%20y%20visual/Registro%20de%20Elementos%20de%20publicidad%20Exterior%20Visual/126pm04-pr16-f-a20-1%20Lista%20de%20Chequeo.xls HTTP/1.1" 200 114176
188.165.25.173 - - [29/Oct/2014:08:06:12 -0500] "GET /hum/FotosHumedales-Fb05/Fotos%20Rudy/?C=S;O=A HTTP/1.0" 404 1015
66.249.64.171 - - [29/Oct/2014:08:06:14 -0500] "GET /BLA/resoluciones/RESOLUCIONES%202010/3635.pdf HTTP/1.1" 200 762741
201.245.192.253 - - [29/Oct/2014:08:06:16 -0500] "GET /iframe_api HTTP/1.1" 404 1291
66.249.64.171 - - [29/Oct/2014:08:06:18 -0500] "GET /BLA/resoluciones/RESOLUCIONES%202010/2565.pdf HTTP/1.1" 200 503787
201.245.192.253 - - [29/Oct/2014:08:06:17 -0500] "GET /stormMonitor/ HTTP/1.1" 503 1124
188.165.25.173 - - [29/Oct/2014:08:06:21 -0500] "GET /hum/FotosHumedales-Fb05/Fotos%20Fundaci%C3%B3n%20La%20Conejera/ HTTP/1.0" 404 1015
66.249.64.163 - - [29/Oct/2014:08:06:22 -0500] "GET /BLA/resoluciones/AUTOS%202009/2152.pdf HTTP/1.1" 200 82251
188.165.25.173 - - [29/Oct/2014:08:06:26 -0500] "GET /images/_notes/?C=M;O=D HTTP/1.0" 404 1015
66.249.64.167 - - [29/Oct/2014:08:06:26 -0500] "GET /BLA/resoluciones/RESOLUCIONES%202009/9317.pdf HTTP/1.1" 200 443885
66.249.64.163 - - [29/Oct/2014:08:06:30 -0500] "GET /BLA/resoluciones/RESOLUCIONES%202009/9755.pdf HTTP/1.1" 200 293075
201.245.192.253 - - [29/Oct/2014:08:06:32 -0500] "GET /v/9YX1UAW2H4k?adformat=2_9&version=3&showinfo=0&rel=0&controls=1&iv_load_policy=1 HTTP/1.1" 404 2777
188.165.25.173 - - [29/Oct/2014:08:06:34 -0500] "GET /images/_notes/?C=S;O=D HTTP/1.0" 404 1015
201.245.192.253 - - [29/Oct/2014:08:06:35 -0500] "GET /isolucionsda/g/vacio1x1.gif HTTP/1.1" 404 5195
66.249.64.171 - - [29/Oct/2014:08:06:36 -0500] "GET /BLA/resoluciones/AUTOS%202009/2150.pdf HTTP/1.1" 200 83430
66.249.64.167 - - [29/Oct/2014:08:06:41 -0500] "GET /BLA/resoluciones/RESOLUCIONES%202010/0480.pdf HTTP/1.1" 200 101860
201.245.192.253 - - [29/Oct/2014:08:06:42 -0500] "GET /plugins/like.php?action=like&app_id=172525162793917&channel=http%3A%2F%2Fstatic.ak.facebook.com%2Fconnect%2Fxd_arbiter%2FehazDpFPEnK.js%3Fversion%3D41%23cb%3Df352c60ee19ecb%26domain%3Dwww.bogota.gov.co%26origin%3Dhttp%253A%252F%252Fwww.bogota.gov.co%252Ff2d2641b3aa92ec%26relation%3Dparent.parent&font=arial&href=http%3A%2F%2Fwww.bogota.gov.co%2Farticle%2Frealizan-%25E2%2580%259Cencuentro-por-el-agua-reconc%25C3%25ADliate-con-la-vida%25E2%2580%259D-en-usaqu%25C3%25A9n&layout=button_count&locale=es_LA&ref=.VFDnClcXzuk.like&sdk=joey&send=false&show_faces=false&width=90 HTTP/1.1" 404 1498
66.249.64.171 - - [29/Oct/2014:08:06:43 -0500] "GET /BLA/resoluciones/RESOLUCIONES%202008/1932.pdf HTTP/1.1" 200 214454
188.165.25.173 - - [29/Oct/2014:08:06:45 -0500] "GET /portalsiaccapacitaciones/Soportes%20Capacitaciones%20A%C3%B1o%202013 HTTP/1.0" 301 357
201.245.192.253 - - [29/Oct/2014:08:06:46 -0500] "GET /plugins/like.php?action=like&app_id=172525162793917&channel=http%3A%2F%2Fstatic.ak.facebook.com%2Fconnect%2Fxd_arbiter%2FehazDpFPEnK.js%3Fversion%3D41%23cb%3Df2396288e18fb32%26domain%3Dwww.bogota.gov.co%26origin%3Dhttp%253A%252F%252Fwww.bogota.gov.co%252Ff8ae205479ee0d%26relation%3Dparent.parent&font=arial&href=http%3A%2F%2Fwww.bogota.gov.co%2Farticle%2Frealizan-%25E2%2580%259Cencuentro-por-el-agua-reconc%25C3%25ADliate-con-la-vida%25E2%2580%259D-en-usaqu%25C3%25A9n&layout=button_count&locale=es_LA&ref=.VFDnDsQE6jc.like&sdk=joey&send=false&show_faces=false&width=90 HTTP/1.1" 404 1498
66.249.64.167 - - [29/Oct/2014:08:06:47 -0500] "GET /BLA/resoluciones/RESOLUCIONES%202010/0601.pdf HTTP/1.1" 200 119022
66.249.64.163 - - [29/Oct/2014:08:06:51 -0500] "GET /BLA/resoluciones/RESOLUCIONES%202008/4105.pdf HTTP/1.1" 200 34736
66.249.64.167 - - [29/Oct/2014:08:06:56 -0500] "GET /BLA/resoluciones/RESOLUCIONES%202010/1247.pdf HTTP/1.1" 200 106814
188.165.25.173 - - [29/Oct/2014:08:06:56 -0500] "GET /portalsiaccapacitaciones/Soportes%20Capacitaciones%20A%c3%b1o%202013/ HTTP/1.0" 200 16997
66.249.64.163 - - [29/Oct/2014:08:07:00 -0500] "GET /BLA/resoluciones/RESOLUCIONES%202009/7848.pdf HTTP/1.1" 200 377536
190.27.213.85 - - [29/Oct/2014:08:07:03 -0500] "GET /hidrico/aguas%20subterraneas/ HTTP/1.1" 404 1320
188.165.25.173 - - [29/Oct/2014:08:07:03 -0500] "GET /portalsiaccapacitaciones/Soportes%20Capacitaciones%20A%C3%B1o%202014 HTTP/1.0" 301 357
201.245.192.253 - - [29/Oct/2014:08:07:03 -0500] "GET /plugins/like.php?action=like&app_id=&channel=http%3A%2F%2Fstatic.ak.facebook.com%2Fconnect%2Fxd_arbiter%2FehazDpFPEnK.js%3Fversion%3D41%23cb%3Df187cce309888a3%26domain%3Dwww.educacionbogota.edu.co%26origin%3Dhttp%253A%252F%252Fwww.educacionbogota.edu.co%252Ff2e4a09eb73073a%26relation%3Dparent.parent&color_scheme=light&font=verdana&href=http%3A%2F%2Fwww.educacionbogota.edu.co%2Fservicios%2Fdocentes%2Fcubrimiento-provisional-de-vacantes&layout=button_count&locale=en_US&sdk=joey&send=false&show_faces=false HTTP/1.1" 404 1486
66.249.64.171 - - [29/Oct/2014:08:07:04 -0500] "GET /BLA/resoluciones/RESOLUCIONES%202010/0468.pdf HTTP/1.1" 200 115666
201.245.192.253 - - [29/Oct/2014:08:07:04 -0500] "GET /isolucionsda/FrameSetArticulo.asp?Pagina=/isolucionsda/bancoconocimiento/A/Autorizacionpararealizarlanotificacionelectronicadelosactosadministrativos_v8/Autorizacionpararealizarlanotificacionelectronicadelosactosadministrativos_v8.asp?IdArticulo=7899 HTTP/1.1" 200 7749
201.245.192.253 - - [29/Oct/2014:08:07:05 -0500] "GET /isolucionsda/bancoconocimiento/A/Autorizacionpararealizarlanotificacionelectronicadelosactosadministrativos_v8/Autorizacionpararealizarlanotificacionelectronicadelosactosadministrativos_v8.asp?IdArticulo=7899 HTTP/1.1" 302 228
201.245.192.253 - - [29/Oct/2014:08:07:05 -0500] "GET /isolucionsda/bancoconocimiento/A/Autorizacionpararealizarlanotificacionelectronicadelosactosadministrativos_v8/autorizacion%20para%20realizar%20la%20notificacion%20electronica%20de%20los%20actos%20administrativos0.docx HTTP/1.1" 200 46018
201.245.192.253 - - [29/Oct/2014:08:07:05 -0500] "GET /isolucionsda/Arriba.asp?Pagina=/isolucionsda/bancoconocimiento/A/Autorizacionpararealizarlanotificacionelectronicadelosactosadministrativos_v8/Autorizacionpararealizarlanotificacionelectronicadelosactosadministrativos_v8.asp?IdArticulo=7899 HTTP/1.1" 200 10770
201.245.192.253 - - [29/Oct/2014:08:07:05 -0500] "GET /v/9YX1UAW2H4k?adformat=2_9&version=3&showinfo=0&rel=0&controls=1&iv_load_policy=1 HTTP/1.1" 404 2775
66.249.64.167 - - [29/Oct/2014:08:07:08 -0500] "GET /BLA/resoluciones/RESOLUCIONES%202010/1793.pdf HTTP/1.1" 200 489559
66.249.64.167 - - [29/Oct/2014:08:07:12 -0500] "GET /BLA/resoluciones/RESOLUCIONES%202008/5404.pdf HTTP/1.1" 200 108411
201.245.179.194 - - [29/Oct/2014:08:07:13 -0500] "GET /galeria/nivo-slider/demo/demo.html HTTP/1.1" 200 3316
201.245.179.194 - - [29/Oct/2014:08:07:13 -0500] "GET /galeria/nivo-slider/demo/images/porloshumedales.jpg HTTP/1.1" 200 351238
201.245.179.194 - - [29/Oct/2014:08:07:13 -0500] "GET /galeria/nivo-slider/demo/images/banner-aceite3.jpg HTTP/1.1" 200 88347
201.245.179.194 - - [29/Oct/2014:08:07:13 -0500] "GET /galeria/nivo-slider/demo/images/mesTIC.jpg HTTP/1.1" 200 180719
201.245.179.194 - - [29/Oct/2014:08:07:13 -0500] "GET /galeria/nivo-slider/demo/images/Tingua-azul.jpg HTTP/1.1" 200 307638
201.245.179.194 - - [29/Oct/2014:08:07:14 -0500] "GET /galeria/nivo-slider/demo/images/Banner-Caracol-Africano.jpg HTTP/1.1" 200 331986
201.245.179.194 - - [29/Oct/2014:08:07:14 -0500] "GET /galeria/nivo-slider/demo/images/banner-redes.jpg HTTP/1.1" 200 62209
201.245.179.194 - - [29/Oct/2014:08:07:15 -0500] "GET /galeria/nivo-slider/demo/images/9Signos.jpg HTTP/1.1" 200 93040
201.245.179.194 - - [29/Oct/2014:08:07:15 -0500] "GET /galeria/nivo-slider/demo/images/banner-llantas2.jpg HTTP/1.1" 200 73153
201.245.179.194 - - [29/Oct/2014:08:07:15 -0500] "GET /galeria/nivo-slider/demo/images/banner-caballos.png HTTP/1.1" 200 389106
201.245.179.194 - - [29/Oct/2014:08:07:15 -0500] "GET /galeria/nivo-slider/demo/images/Hacienda_Molinos.jpg HTTP/1.1" 200 319171
188.165.25.173 - - [29/Oct/2014:08:07:15 -0500] "GET /portalsiaccapacitaciones/Soportes%20Capacitaciones%20A%c3%b1o%202014/ HTTP/1.0" 200 14504
201.245.179.194 - - [29/Oct/2014:08:07:15 -0500] "GET /galeria/nivo-slider/demo/images/bannerEcolecta3.jpg HTTP/1.1" 200 280034
191.76.209.4 - - [29/Oct/2014:08:07:15 -0500] "GET /BLA/boletinlegal/js/jquery.js HTTP/1.1" 200 57254
191.76.209.4 - - [29/Oct/2014:08:07:15 -0500] "GET /BLA/boletinlegal/js/jquery.scrollTo-min.js HTTP/1.1" 200 1150
191.76.209.4 - - [29/Oct/2014:08:07:15 -0500] "GET /BLA/boletinlegal/js/jquery.scrollShow.js HTTP/1.1" 200 4586
201.245.179.194 - - [29/Oct/2014:08:07:15 -0500] "GET /galeria/nivo-slider/demo/images/4Simple_Slider.png HTTP/1.1" 200 11722
201.245.179.194 - - [29/Oct/2014:08:07:15 -0500] "GET /galeria/nivo-slider/themes/default/loading.gif HTTP/1.1" 200 1737
201.245.179.194 - - [29/Oct/2014:08:07:17 -0500] "GET /videos/Spot_Tinguas.flv HTTP/1.1" 200 2087054
201.245.179.194 - - [29/Oct/2014:08:07:17 -0500] "GET /galeria/nivo-slider/themes/default/arrows.png HTTP/1.1" 200 824
201.245.179.194 - - [29/Oct/2014:08:07:17 -0500] "GET /galeria/nivo-slider/themes/default/bullets.png HTTP/1.1" 200 1281
201.245.192.253 - - [29/Oct/2014:08:07:19 -0500] "GET /iframe_api HTTP/1.1" 404 1333
66.249.64.171 - - [29/Oct/2014:08:07:21 -0500] "GET /BLA/resoluciones/AUTOS%202009/0098.pdf HTTP/1.1" 200 103058
201.245.179.194 - - [29/Oct/2014:08:07:22 -0500] "GET /videos/Spot_Tinguas.flv HTTP/1.1" 206 202773
188.165.25.173 - - [29/Oct/2014:08:07:23 -0500] "GET /re/Cuento/cuadro1/_notes/?C=D;O=D HTTP/1.0" 404 1015
201.245.179.194 - - [29/Oct/2014:08:07:25 -0500] "GET /BLA/boletinlegal/images/nuevo.gif HTTP/1.1" 200 26475
201.245.179.194 - - [29/Oct/2014:08:07:25 -0500] "GET /BLA/boletinlegal/images/cabezote%20BLEGAL.jpg HTTP/1.1" 200 118164
201.245.179.194 - - [29/Oct/2014:08:07:25 -0500] "GET /BLA/boletinlegal/images/historia.png HTTP/1.1" 200 52775
201.245.179.194 - - [29/Oct/2014:08:07:25 -0500] "GET /BLA/boletinlegal/images/subscribe-icon-big.png HTTP/1.1" 200 47702
201.245.179.194 - - [29/Oct/2014:08:07:25 -0500] "GET /BLA/boletinlegal/images/arr_l.jpg HTTP/1.1" 200 1979
201.245.179.194 - - [29/Oct/2014:08:07:25 -0500] "GET /BLA/boletinlegal/images/body_bg.jpg HTTP/1.1" 200 1601
201.245.179.194 - - [29/Oct/2014:08:07:25 -0500] "GET /BLA/boletinlegal/images/screen_1.png HTTP/1.1" 200 202547
66.249.64.167 - - [29/Oct/2014:08:07:25 -0500] "GET /BLA/resoluciones/RESOLUCIONES%202010/7502.pdf HTTP/1.1" 200 36895
201.245.179.194 - - [29/Oct/2014:08:07:25 -0500] "GET /BLA/boletinlegal/images/launch.jpg HTTP/1.1" 200 14577
201.245.179.194 - - [29/Oct/2014:08:07:25 -0500] "GET /BLA/boletinlegal/images/screen_2.png HTTP/1.1" 200 362502
201.245.179.194 - - [29/Oct/2014:08:07:25 -0500] "GET /BLA/boletinlegal/images/screen_3.png HTTP/1.1" 200 211853
201.245.179.194 - - [29/Oct/2014:08:07:25 -0500] "GET /BLA/boletinlegal/images/screen_5.png HTTP/1.1" 200 368876
201.245.179.194 - - [29/Oct/2014:08:07:26 -0500] "GET /BLA/boletinlegal/images/arr_r.jpg HTTP/1.1" 200 1998
201.245.179.194 - - [29/Oct/2014:08:07:26 -0500] "GET /BLA/boletinlegal/images/menu_lft.gif HTTP/1.1" 200 1713
201.245.179.194 - - [29/Oct/2014:08:07:26 -0500] "GET /BLA/boletinlegal/images/menu_rght.gif HTTP/1.1" 200 1627
201.245.179.194 - - [29/Oct/2014:08:07:26 -0500] "GET /BLA/boletinlegal/images/menu_bg.jpg HTTP/1.1" 200 620
201.245.179.194 - - [29/Oct/2014:08:07:26 -0500] "GET /BLA/boletinlegal/images/bg_top.jpg HTTP/1.1" 200 522
201.245.179.194 - - [29/Oct/2014:08:07:26 -0500] "GET /BLA/boletinlegal/images/hover.jpg HTTP/1.1" 200 640
201.245.179.194 - - [29/Oct/2014:08:07:26 -0500] "GET /BLA/boletinlegal/images/text.jpg HTTP/1.1" 200 568
201.245.179.194 - - [29/Oct/2014:08:07:26 -0500] "GET /BLA/boletinlegal/images/footer_bg.jpg HTTP/1.1" 200 586
201.245.179.194 - - [29/Oct/2014:08:07:28 -0500] "GET /BLA/boletinlegal/actos.php HTTP/1.1" 200 7534
201.245.179.194 - - [29/Oct/2014:08:07:28 -0500] "GET /BLA/boletinlegal/images/green-yellow-blue-pink-th.png HTTP/1.1" 200 7394
201.245.179.194 - - [29/Oct/2014:08:07:28 -0500] "GET /BLA/boletinlegal/images/abajo.png HTTP/1.1" 200 96676
201.245.179.194 - - [29/Oct/2014:08:07:28 -0500] "GET /BLA/boletinlegal/images/footer_bg_l.jpg HTTP/1.1" 200 776
201.245.179.194 - - [29/Oct/2014:08:07:29 -0500] "GET /BLA/boletinlegal/img/0.png HTTP/1.1" 200 110
201.245.179.194 - - [29/Oct/2014:08:07:29 -0500] "GET /BLA/boletinlegal/img/select-left.png HTTP/1.1" 200 263
201.245.179.194 - - [29/Oct/2014:08:07:29 -0500] "GET /BLA/boletinlegal/img/button.png HTTP/1.1" 200 43241
201.245.179.194 - - [29/Oct/2014:08:07:29 -0500] "GET /BLA/boletinlegal/img/button-left.png HTTP/1.1" 200 57071
201.245.179.194 - - [29/Oct/2014:08:07:29 -0500] "GET /BLA/boletinlegal/img/select-right.png HTTP/1.1" 200 44019
201.245.179.194 - - [29/Oct/2014:08:07:29 -0500] "GET /BLA/boletinlegal/img/button-right.png HTTP/1.1" 200 57878
66.249.64.163 - - [29/Oct/2014:08:07:29 -0500] "GET /BLA/resoluciones/RESOLUCIONES%202010/2319.pdf HTTP/1.1" 200 414053
188.165.25.173 - - [29/Oct/2014:08:07:30 -0500] "GET /re/Cuento/cuadro1/_notes/?C=M;O=D HTTP/1.0" 404 1015
190.26.211.153 - - [29/Oct/2014:08:07:30 -0500] "GET /galeria/nivo-slider/demo/demo.html HTTP/1.1" 200 3316
190.26.211.153 - - [29/Oct/2014:08:07:30 -0500] "GET /galeria/nivo-slider/themes/default/default.css HTTP/1.1" 200 1569
190.26.211.153 - - [29/Oct/2014:08:07:30 -0500] "GET /galeria/nivo-slider/themes/pascal/pascal.css HTTP/1.1" 200 2258
190.26.211.153 - - [29/Oct/2014:08:07:30 -0500] "GET /galeria/nivo-slider/themes/orman/orman.css HTTP/1.1" 200 2152
190.26.211.153 - - [29/Oct/2014:08:07:30 -0500] "GET /galeria/nivo-slider/nivo-slider.css HTTP/1.1" 200 1507
190.26.211.153 - - [29/Oct/2014:08:07:30 -0500] "GET /galeria/nivo-slider/demo/style.css HTTP/1.1" 200 2222
190.26.211.153 - - [29/Oct/2014:08:07:30 -0500] "GET /galeria/nivo-slider/demo/images/porloshumedales.jpg HTTP/1.1" 200 351238
190.26.211.153 - - [29/Oct/2014:08:07:30 -0500] "GET /galeria/nivo-slider/demo/images/banner-aceite3.jpg HTTP/1.1" 200 88347
190.26.211.153 - - [29/Oct/2014:08:07:30 -0500] "GET /galeria/nivo-slider/demo/scripts/jquery-1.7.1.min.js HTTP/1.1" 200 93868
190.26.211.153 - - [29/Oct/2014:08:07:30 -0500] "GET /galeria/nivo-slider/jquery.nivo.slider.pack.js HTTP/1.1" 200 11561
190.26.211.153 - - [29/Oct/2014:08:07:32 -0500] "GET /galeria/nivo-slider/demo/images/mesTIC.jpg HTTP/1.1" 200 180719
190.26.211.153 - - [29/Oct/2014:08:07:32 -0500] "GET /galeria/nivo-slider/demo/images/Tingua-azul.jpg HTTP/1.1" 200 307638
190.26.211.153 - - [29/Oct/2014:08:07:32 -0500] "GET /galeria/nivo-slider/demo/images/Banner-Caracol-Africano.jpg HTTP/1.1" 200 331986
66.249.64.167 - - [29/Oct/2014:08:07:33 -0500] "GET /BLA/resoluciones/RESOLUCIONES%202009/6859.pdf HTTP/1.1" 200 271961
190.26.211.153 - - [29/Oct/2014:08:07:36 -0500] "GET /galeria/nivo-slider/demo/images/banner-redes.jpg HTTP/1.1" 200 62209
201.245.192.253 - - [29/Oct/2014:08:07:36 -0500] "GET /forest/1ibre/images/spacer.gif HTTP/1.1" 304 -
66.249.64.167 - - [29/Oct/2014:08:07:38 -0500] "GET /BLA/resoluciones/RESOLUCIONES%202009/1982.pdf HTTP/1.1" 200 617507
190.26.211.153 - - [29/Oct/2014:08:07:39 -0500] "GET /galeria/nivo-slider/demo/images/9Signos.jpg HTTP/1.1" 200 93040
201.245.192.253 - - [29/Oct/2014:08:07:39 -0500] "GET /v/9YX1UAW2H4k?adformat=2_9&version=3&showinfo=0&rel=0&controls=1&iv_load_policy=1 HTTP/1.1" 404 2779
188.165.25.173 - - [29/Oct/2014:08:07:39 -0500] "GET /re/Cuento/cuadro10/_notes/?C=D;O=D HTTP/1.0" 404 1015
66.249.64.43 - - [29/Oct/2014:08:07:39 -0500] "GET /Anexos%20estudio%20Organizacional%20SDA/ANEXO%20No.%201-%20NORMAS%20LEGALES%20DE%20ESTRUCTURA%20Y%20PLANTA/RESE%C3%91A%20HIST%C3%93RICA%20SDA-NORMAS/Decreto%20561%20de%202006%20-%20Establece%20estructura%20de%20la%20SDA.jsp_files/jquery-1.js HTTP/1.1" 200 57254
190.26.211.153 - - [29/Oct/2014:08:07:40 -0500] "GET /galeria/nivo-slider/demo/images/banner-llantas2.jpg HTTP/1.1" 200 73153
190.26.211.153 - - [29/Oct/2014:08:07:42 -0500] "GET /galeria/nivo-slider/demo/images/banner-caballos.png HTTP/1.1" 200 389106
190.26.211.153 - - [29/Oct/2014:08:07:42 -0500] "GET /galeria/nivo-slider/demo/images/Hacienda_Molinos.jpg HTTP/1.1" 200 319171
201.245.179.194 - - [29/Oct/2014:08:07:24 -0500] "GET /BLA/boletinlegal/index.php? HTTP/1.1" 200 28035
201.245.192.253 - - [29/Oct/2014:08:07:44 -0500] "GET /isolucionsda/g/vacio1x1.gif HTTP/1.1" 404 5195
190.26.211.153 - - [29/Oct/2014:08:07:45 -0500] "GET /galeria/nivo-slider/demo/images/4Simple_Slider.png HTTP/1.1" 200 11722
190.26.211.153 - - [29/Oct/2014:08:07:45 -0500] "GET /galeria/nivo-slider/themes/default/loading.gif HTTP/1.1" 200 1737
190.26.211.153 - - [29/Oct/2014:08:07:45 -0500] "GET /galeria/nivo-slider/demo/images/bannerEcolecta3.jpg HTTP/1.1" 200 280034
66.249.64.171 - - [29/Oct/2014:08:07:46 -0500] "GET /BLA/resoluciones/AUTOS%202009/0919.pdf HTTP/1.1" 200 121662
66.249.64.171 - - [29/Oct/2014:08:07:49 -0500] "GET /BLA/resoluciones/RESOLUCIONES%202002/RES%202002%201251-1301/20021255.tif HTTP/1.1" 200 107402
188.165.25.173 - - [29/Oct/2014:08:07:50 -0500] "GET /re/Cuento/cuadro10/_notes/?C=M;O=D HTTP/1.0" 404 1015
66.249.83.203 - - [29/Oct/2014:08:07:50 -0500] "GET /BLA/boletinlegal/js/jquery.scrollShow.js HTTP/1.1" 200 4586
66.249.83.203 - - [29/Oct/2014:08:07:50 -0500] "GET /BLA/boletinlegal/js/jquery.scrollTo-min.js HTTP/1.1" 200 1150
66.249.83.203 - - [29/Oct/2014:08:07:50 -0500] "GET /BLA/boletinlegal/js/jquery.js HTTP/1.1" 200 57254
190.26.211.153 - - [29/Oct/2014:08:07:50 -0500] "GET /videos/Spot_Tinguas.flv HTTP/1.1" 200 2087054
66.249.64.163 - - [29/Oct/2014:08:07:50 -0500] "GET /BLA/resoluciones/AUTOS%202009/3189.pdf HTTP/1.1" 200 124268
66.249.64.163 - - [29/Oct/2014:08:07:54 -0500] "GET /BLA/resoluciones/AUTOS%202009/2439.pdf HTTP/1.1" 200 101646
201.245.192.253 - - [29/Oct/2014:08:07:58 -0500] "GET /embed/WKKBmYHMVoY?RELL=0&autoplay=1&wmode=opaque HTTP/1.1" 404 1535
66.249.64.171 - - [29/Oct/2014:08:07:59 -0500] "GET /BLA/resoluciones/RESOLUCIONES%202009/2827.pdf HTTP/1.1" 200 422539
188.165.25.173 - - [29/Oct/2014:08:07:59 -0500] "GET /re/Cuento/cuadro10/botones%20cuadro10/?C=D;O=D HTTP/1.0" 404 1015
201.245.192.253 - - [29/Oct/2014:08:08:00 -0500] "GET /v/EeOes4LIgtc?adformat=2_9&version=3&showinfo=0&rel=0&controls=1&iv_load_policy=1 HTTP/1.1" 404 2199
201.245.192.253 - - [29/Oct/2014:08:08:01 -0500] "GET /plugins/like.php?href=$request.attributes.CURRENT_COMPLETE_URL&layout=standard&show_faces=true&width=450&action=like&colorscheme=light&height=80 HTTP/1.1" 404 1020
190.24.146.202 - - [29/Oct/2014:08:08:01 -0500] "GET /BLA/boletinlegal/js/jquery.scrollTo-min.js HTTP/1.1" 200 1150
190.24.146.202 - - [29/Oct/2014:08:08:01 -0500] "GET /BLA/boletinlegal/js/jquery.js HTTP/1.1" 200 57254
190.24.146.202 - - [29/Oct/2014:08:08:01 -0500] "GET /BLA/boletinlegal/js/jquery.scrollShow.js HTTP/1.1" 200 4586
190.24.146.202 - - [29/Oct/2014:08:08:01 -0500] "GET /galeria/carrusel/Carrusel/jquery.thumbnailScroller.css HTTP/1.1" 200 2066
