201.245.192.253 - - [31/Oct/2014:08:35:22 -0500] "GET /plugins/like.php?action=like&app_id=&channel=http%3A%2F%2Fstatic.ak.facebook.com%2Fconnect%2Fxd_arbiter%2FehazDpFPEnK.js%3Fversion%3D41%23cb%3Df103882ea454eaf%26domain%3Dwww.elespectador.com%26origin%3Dhttp%253A%252F%252Fwww.elespectador.com%252Ff11a47f6eb256e8%26relation%3Dparent.parent&href=https%3A%2F%2Fwww.facebook.com%2Felespectadorcom&layout=button&locale=es_LA&sdk=joey&share=false&show_faces=false HTTP/1.1" 404 1276
201.245.192.253 - - [31/Oct/2014:08:35:22 -0500] "GET /plugins/like.php?action=like&app_id=&channel=http%3A%2F%2Fstatic.ak.facebook.com%2Fconnect%2Fxd_arbiter%2FehazDpFPEnK.js%3Fversion%3D41%23cb%3Df1f77affbfbf3ca%26domain%3Dwww.elespectador.com%26origin%3Dhttp%253A%252F%252Fwww.elespectador.com%252Ff11a47f6eb256e8%26relation%3Dparent.parent&href=http%3A%2F%2Fwww.elespectador.com%2F&layout=standard&locale=es_LA&sdk=joey&share=true&show_faces=false&width=450 HTTP/1.1" 404 1276
94.23.19.178 - - [31/Oct/2014:08:35:23 -0500] "GET /re/Cuento/cuadro22/imagen%20izquierda/imagen%20boton%20talleres/_notes/?C=D;O=A HTTP/1.0" 404 1015
94.23.19.178 - - [31/Oct/2014:08:35:25 -0500] "GET /re/Cuento/cuadro22/imagen%20izquierda/imagen%20boton%20talleres/_notes/?C=M;O=A HTTP/1.0" 404 1015
193.95.228.137 - - [31/Oct/2014:08:35:25 -0500] "GET /auntentica.txt HTTP/1.1" 404 1153
94.23.19.178 - - [31/Oct/2014:08:35:27 -0500] "GET /re/Cuento/cuadro22/imagen%20izquierda/imagen%20boton%20talleres/_notes/?C=N;O=D HTTP/1.0" 404 1015
201.245.192.253 - - [31/Oct/2014:08:35:28 -0500] "GET /plugins/likebox.php?id=316803178353796&connections=10&stream=false&header=false&height=270 HTTP/1.1" 404 1350
94.23.19.178 - - [31/Oct/2014:08:35:31 -0500] "GET /re/Cuento/cuadro22/imagen%20izquierda/imagen%20boton%20talleres/_notes/?C=S;O=A HTTP/1.0" 404 1015
190.157.171.170 - - [31/Oct/2014:08:35:31 -0500] "GET /galeria/nivo-slider/demo/images/Encuentro-Orqu%C3%ADdeas01.jpg HTTP/1.1" 304 -
192.168.171.75 - - [31/Oct/2014:08:34:56 -0500] "GET /BLA/boletinlegal/ HTTP/1.1" 200 48956
94.23.19.178 - - [31/Oct/2014:08:35:36 -0500] "GET /re/Talleres/organicos/imagenes%20organicos/imagenes%20compostaje/?C=D;O=D HTTP/1.0" 404 1015
201.245.192.253 - - [31/Oct/2014:08:35:38 -0500] "GET /plugins/like.php?locale=es_ES&href=http%3A%2F%2Fwww.facebook.com%2Fmsn&send=false&layout=button_count&width=450&show_faces=false&font&colorscheme=light&action=like&height=21 HTTP/1.1" 404 1328
201.245.192.253 - - [31/Oct/2014:08:35:39 -0500] "GET /watch?v=trZWxlAUE-Q HTTP/1.1" 404 1693
201.245.192.253 - - [31/Oct/2014:08:35:39 -0500] "GET /forest/ HTTP/1.1" 200 12486
201.245.192.253 - - [31/Oct/2014:08:35:40 -0500] "GET /forest/skins/gdocs-jar/css/forest.css?version=1410.211635 HTTP/1.1" 200 51
201.245.192.253 - - [31/Oct/2014:08:35:40 -0500] "GET /forest/skins/gdocs-jar/css/menu.css?version=1410.211635 HTTP/1.1" 304 -
201.245.192.253 - - [31/Oct/2014:08:35:40 -0500] "GET /forest/skins/gdocs-jar/css/autocomplete.css?version=1410.211635 HTTP/1.1" 304 -
201.245.192.253 - - [31/Oct/2014:08:35:40 -0500] "GET /forest/css/escritorio.css?version=1410.211635 HTTP/1.1" 304 -
201.245.192.253 - - [31/Oct/2014:08:35:40 -0500] "GET /forest/1ibre/jscalendar/calendar-win2k-1.css?version=1410.211635 HTTP/1.1" 304 -
201.245.192.253 - - [31/Oct/2014:08:35:40 -0500] "GET /forest/css/index.css?version=1410.211635 HTTP/1.1" 200 1900
201.245.192.253 - - [31/Oct/2014:08:35:40 -0500] "GET /forest/skins/gdocs-jar/css/dialog.css?version=1410.211635 HTTP/1.1" 304 -
201.245.192.253 - - [31/Oct/2014:08:35:40 -0500] "GET /forest/skins/gdocs-jar/css/forms.css?version=1410.211635 HTTP/1.1" 304 -
201.245.192.253 - - [31/Oct/2014:08:35:40 -0500] "GET /forest/jsoptimized/gz/js/gdocsall-1410.211635.js HTTP/1.1" 304 -
201.245.192.253 - - [31/Oct/2014:08:35:40 -0500] "GET /forest/js/json3.js HTTP/1.1" 304 -
201.245.192.253 - - [31/Oct/2014:08:35:40 -0500] "GET /forest/img/loading.gif HTTP/1.1" 200 1197
201.245.192.253 - - [31/Oct/2014:08:35:40 -0500] "GET /forest/img/spacer.gif HTTP/1.1" 200 43
201.245.192.253 - - [31/Oct/2014:08:35:40 -0500] "GET /forest/img/panel/view_icon.gif HTTP/1.1" 304 -
201.245.192.253 - - [31/Oct/2014:08:35:40 -0500] "GET /forest/img/inicio/4.gif HTTP/1.1" 200 27784
201.245.192.253 - - [31/Oct/2014:08:35:40 -0500] "GET /forest/img/inicio/1.gif HTTP/1.1" 200 23925
201.245.192.253 - - [31/Oct/2014:08:35:40 -0500] "GET /forest/img/inicio/5.gif HTTP/1.1" 200 25611
201.245.192.253 - - [31/Oct/2014:08:35:40 -0500] "GET /forest/img/inicio/6.gif HTTP/1.1" 200 12239
201.245.192.253 - - [31/Oct/2014:08:35:40 -0500] "GET /forest/img/mplogo.gif HTTP/1.1" 304 -
201.245.192.253 - - [31/Oct/2014:08:35:40 -0500] "GET /forest/img/inicio/7.gif HTTP/1.1" 200 18547
201.245.192.253 - - [31/Oct/2014:08:35:40 -0500] "GET /forest/img/close.gif HTTP/1.1" 304 -
201.245.192.253 - - [31/Oct/2014:08:35:40 -0500] "GET /forest/skins/gdocs-jar/img/okey.gif HTTP/1.1" 304 -
201.245.192.253 - - [31/Oct/2014:08:35:40 -0500] "GET /forest/img/forestIcon.gif?version=1410.211635 HTTP/1.1" 304 -
201.245.192.253 - - [31/Oct/2014:08:35:40 -0500] "GET /forest/img/inicio/2.gif HTTP/1.1" 200 42562
201.245.192.253 - - [31/Oct/2014:08:35:40 -0500] "GET /forest/img/inicio/3.gif HTTP/1.1" 200 29737
190.157.171.170 - - [31/Oct/2014:08:35:41 -0500] "GET /galeria/nivo-slider/demo/images/Encuentro-Orqu%C3%ADdeas02.jpg HTTP/1.1" 304 -
190.157.171.170 - - [31/Oct/2014:08:35:41 -0500] "GET /galeria/nivo-slider/demo/images/Encuentro-Orqu%C3%ADdeas01.jpg HTTP/1.1" 304 -
94.23.19.178 - - [31/Oct/2014:08:35:43 -0500] "GET /re/Talleres/organicos/imagenes%20organicos/imagenes%20compostaje/?C=M;O=D HTTP/1.0" 404 1015
94.23.19.178 - - [31/Oct/2014:08:35:45 -0500] "GET /re/Talleres/organicos/imagenes%20organicos/imagenes%20compostaje/?C=S;O=D HTTP/1.0" 404 1015
94.23.19.178 - - [31/Oct/2014:08:35:49 -0500] "GET /re/Talleres/plastico/imagenes%20plastico/animacion%20plastico/_notes/?C=D;O=D HTTP/1.0" 404 1015
201.245.192.253 - - [31/Oct/2014:08:35:50 -0500] "GET /plugins/like.php?action=like&app_id=&channel=http%3A%2F%2Fstatic.ak.facebook.com%2Fconnect%2Fxd_arbiter%2FehazDpFPEnK.js%3Fversion%3D41%23cb%3Df361a975cdac5bc%26domain%3Dwww.elespectador.com%26origin%3Dhttp%253A%252F%252Fwww.elespectador.com%252Ff1b6f7ffd516f34%26relation%3Dparent.parent&href=https%3A%2F%2Fwww.facebook.com%2Felespectadorcom&layout=button&locale=es_LA&sdk=joey&share=false&show_faces=false HTTP/1.1" 404 1290
201.245.192.253 - - [31/Oct/2014:08:35:50 -0500] "GET /plugins/like.php?action=like&app_id=&channel=http%3A%2F%2Fstatic.ak.facebook.com%2Fconnect%2Fxd_arbiter%2FehazDpFPEnK.js%3Fversion%3D41%23cb%3Df1e11092eb5504f%26domain%3Dwww.elespectador.com%26origin%3Dhttp%253A%252F%252Fwww.elespectador.com%252Ff1b6f7ffd516f34%26relation%3Dparent.parent&href=http%3A%2F%2Fwww.elespectador.com%2F&layout=standard&locale=es_LA&sdk=joey&share=true&show_faces=false&width=450 HTTP/1.1" 404 1290
201.245.192.253 - - [31/Oct/2014:08:35:50 -0500] "GET /plugins/like.php?action=like&app_id=&channel=http%3A%2F%2Fstatic.ak.facebook.com%2Fconnect%2Fxd_arbiter%2FehazDpFPEnK.js%3Fversion%3D41%23cb%3Df19f51f9fdfb88c%26domain%3Dwww.elespectador.com%26origin%3Dhttp%253A%252F%252Fwww.elespectador.com%252Ff1b6f7ffd516f34%26relation%3Dparent.parent&href=https%3A%2F%2Fwww.facebook.com%2Felespectadorcom&layout=button&locale=es_LA&sdk=joey&share=false&show_faces=false HTTP/1.1" 404 1290
201.245.192.253 - - [31/Oct/2014:08:35:50 -0500] "GET /plugins/like.php?action=like&app_id=&channel=http%3A%2F%2Fstatic.ak.facebook.com%2Fconnect%2Fxd_arbiter%2FehazDpFPEnK.js%3Fversion%3D41%23cb%3Df3d82593a49211%26domain%3Dwww.elespectador.com%26origin%3Dhttp%253A%252F%252Fwww.elespectador.com%252Ff1b6f7ffd516f34%26relation%3Dparent.parent&href=http%3A%2F%2Fwww.elespectador.com%2F&layout=standard&locale=es_LA&sdk=joey&share=true&show_faces=false&width=450 HTTP/1.1" 404 1290
201.245.192.253 - - [31/Oct/2014:08:35:50 -0500] "POST /forest/login.do HTTP/1.1" 302 -
190.157.171.170 - - [31/Oct/2014:08:35:51 -0500] "GET /galeria/nivo-slider/demo/images/Encuentro-Orqu%C3%ADdeas02.jpg HTTP/1.1" 304 -
190.157.171.170 - - [31/Oct/2014:08:35:51 -0500] "GET /galeria/nivo-slider/demo/images/porloshumedales.jpg HTTP/1.1" 304 -
94.23.19.178 - - [31/Oct/2014:08:35:54 -0500] "GET /re/Talleres/plastico/imagenes%20plastico/animacion%20plastico/_notes/?C=M;O=D HTTP/1.0" 404 1015
201.245.192.253 - - [31/Oct/2014:08:35:55 -0500] "POST /forest/buscar.do? HTTP/1.1" 200 5853
94.23.19.178 - - [31/Oct/2014:08:35:55 -0500] "GET /re/Talleres/plastico/imagenes%20plastico/animacion%20plastico/_notes/?C=N;O=D HTTP/1.0" 404 1015
201.245.192.253 - - [31/Oct/2014:08:35:55 -0500] "GET /plugins/like.php?action=like&app_id=&channel=http%3A%2F%2Fstatic.ak.facebook.com%2Fconnect%2Fxd_arbiter%2FehazDpFPEnK.js%3Fversion%3D41%23cb%3Dffcd48923c93c4%26domain%3Dwww.elespectador.com%26origin%3Dhttp%253A%252F%252Fwww.elespectador.com%252Ff11abdea8a91c87%26relation%3Dparent.parent&href=https%3A%2F%2Fwww.facebook.com%2Felespectadorcom&layout=button&locale=es_LA&sdk=joey&share=false&show_faces=false HTTP/1.1" 404 1434
201.245.192.253 - - [31/Oct/2014:08:35:56 -0500] "GET /plugins/like.php?action=like&app_id=&channel=http%3A%2F%2Fstatic.ak.facebook.com%2Fconnect%2Fxd_arbiter%2FehazDpFPEnK.js%3Fversion%3D41%23cb%3Df4529563e8320b%26domain%3Dwww.elespectador.com%26origin%3Dhttp%253A%252F%252Fwww.elespectador.com%252Ff11abdea8a91c87%26relation%3Dparent.parent&href=http%3A%2F%2Fwww.elespectador.com%2F&layout=standard&locale=es_LA&sdk=joey&share=true&show_faces=false&width=450 HTTP/1.1" 404 1434
201.245.192.253 - - [31/Oct/2014:08:35:56 -0500] "GET /plugins/like.php?action=like&app_id=&channel=http%3A%2F%2Fstatic.ak.facebook.com%2Fconnect%2Fxd_arbiter%2FehazDpFPEnK.js%3Fversion%3D41%23cb%3Df2b1ea98a5b6bfc%26domain%3Dwww.elespectador.com%26origin%3Dhttp%253A%252F%252Fwww.elespectador.com%252Ff11abdea8a91c87%26relation%3Dparent.parent&href=https%3A%2F%2Fwww.facebook.com%2Felespectadorcom&layout=button&locale=es_LA&sdk=joey&share=false&show_faces=false HTTP/1.1" 404 1434
201.245.192.253 - - [31/Oct/2014:08:35:56 -0500] "GET /plugins/like.php?action=like&app_id=&channel=http%3A%2F%2Fstatic.ak.facebook.com%2Fconnect%2Fxd_arbiter%2FehazDpFPEnK.js%3Fversion%3D41%23cb%3Df24ca5aa7a7639c%26domain%3Dwww.elespectador.com%26origin%3Dhttp%253A%252F%252Fwww.elespectador.com%252Ff11abdea8a91c87%26relation%3Dparent.parent&href=http%3A%2F%2Fwww.elespectador.com%2F&layout=standard&locale=es_LA&sdk=joey&share=true&show_faces=false&width=450 HTTP/1.1" 404 1434
94.23.19.178 - - [31/Oct/2014:08:35:57 -0500] "GET /re/Talleres/plastico/imagenes%20plastico/animacion%20plastico/_notes/?C=S;O=D HTTP/1.0" 404 1015
201.245.192.253 - - [31/Oct/2014:08:35:58 -0500] "GET /forest/skins/gdocs-jar/popup/popup.jsp?width=900&height=600&title=Informaci%F3n%20de%20proceso&uri=/forest/system/process.jsp%3FnumPro%3D2905783&name=undefined&_a=0.417358615329654&a=0.23428936357993402 HTTP/1.1" 200 1312
201.245.192.253 - - [31/Oct/2014:08:35:58 -0500] "GET /forest/system/process.jsp?numPro=2905783 HTTP/1.1" 200 19107
201.245.192.253 - - [31/Oct/2014:08:35:58 -0500] "GET /arcgis/services/Calidad_del_Agua_WQI/MapServer/WMSServer?LAYERS=6%2C8%2C4&TRANSPARENT=TRUE&PROJECTION=EPSG%3A4326&FORMAT=image%2Fpng&SERVICE=WMS&VERSION=1.1.1&REQUEST=GetMap&STYLES=&SRS=EPSG%3A4326&BBOX=-74.35546875,4.5703125,-74.1796875,4.74609375&WIDTH=256&HEIGHT=256 HTTP/1.1" 200 1084
94.23.19.178 - - [31/Oct/2014:08:36:00 -0500] "GET /re/Talleres/plastico/imagenes%20plastico/otras%20imagenes/?C=D;O=D HTTP/1.0" 404 1015
190.157.171.170 - - [31/Oct/2014:08:36:01 -0500] "GET /galeria/nivo-slider/demo/images/porloshumedales.jpg HTTP/1.1" 304 -
201.245.192.253 - - [31/Oct/2014:08:36:05 -0500] "GET /forest/json.do?query=usersByDep&coddep=13 HTTP/1.1" 200 3615
201.245.192.253 - - [31/Oct/2014:08:36:05 -0500] "GET /forest/json.do?query=usersByDep&coddep=13 HTTP/1.1" 200 3615
201.245.192.253 - - [31/Oct/2014:08:36:08 -0500] "GET /watch?v=xkKAli1uzRU HTTP/1.1" 404 1697
201.245.192.253 - - [31/Oct/2014:08:36:12 -0500] "GET /plugins/activity.php?site=www.elcolombiano.com&width=310&height=1100&header=true&colorscheme=light&linktarget=_blank&border_color&font&recommendations=false HTTP/1.1" 404 1414
201.245.192.253 - - [31/Oct/2014:08:36:13 -0500] "GET /plugins/like.php?action=like&app_id=157262194293001&channel=http%3A%2F%2Fstatic.ak.facebook.com%2Fconnect%2Fxd_arbiter%2FehazDpFPEnK.js%3Fversion%3D41%23cb%3Df1bca78534%26domain%3Dwww.elcolombiano.com%26origin%3Dhttp%253A%252F%252Fwww.elcolombiano.com%252Ff27f96a1f8%26relation%3Dparent.parent&color_scheme=light&font=verdana&href=http%3A%2F%2Fwww.elcolombiano.com%2FBancoConocimiento%2FN%2Fno_haciamos_actos_obscenos%2Fno_haciamos_actos_obscenos.asp&layout=standard&locale=es_LA&sdk=joey&show_faces=false&width=615 HTTP/1.1" 404 1414
186.155.251.38 - - [31/Oct/2014:08:36:15 -0500] "GET /StormSDA/user.jpg HTTP/1.1" 304 -
186.155.251.38 - - [31/Oct/2014:08:36:15 -0500] "GET /StormSDA/userFiles/user_files.jnlp HTTP/1.1" 304 -
186.155.251.38 - - [31/Oct/2014:08:36:15 -0500] "GET /StormSDA/lib/lib.jnlp HTTP/1.1" 304 -
186.155.251.38 - - [31/Oct/2014:08:36:15 -0500] "GET /StormSDA/nsjars/nsjars.jnlp HTTP/1.1" 304 -
186.155.251.38 - - [31/Oct/2014:08:36:15 -0500] "GET /StormSDA/storm/XMLFormula.jar HTTP/1.1" 304 -
186.155.251.38 - - [31/Oct/2014:08:36:15 -0500] "GET /StormSDA/storm/userHelp.jar HTTP/1.1" 304 -
186.155.251.38 - - [31/Oct/2014:08:36:15 -0500] "GET /StormSDA/storm/Utils.jar HTTP/1.1" 304 -
186.155.251.38 - - [31/Oct/2014:08:36:15 -0500] "GET /StormSDA/StormUser21.jar HTTP/1.1" 304 -
186.155.251.38 - - [31/Oct/2014:08:36:15 -0500] "GET /StormSDA/storm/STORMParser.jar HTTP/1.1" 304 -
186.155.251.38 - - [31/Oct/2014:08:36:15 -0500] "GET /StormSDA/storm/StormUser.jar HTTP/1.1" 304 -
190.24.134.65 - - [31/Oct/2014:08:36:15 -0500] "GET /BLA/resoluciones/RESOLUCIONES%202007/RES%202007%201401%20AL%201500/RESOLUCION%201409%20DE%202007.pdf HTTP/1.1" 200 276957
186.155.251.38 - - [31/Oct/2014:08:36:15 -0500] "GET /StormSDA/storm/STORMFormula.jar HTTP/1.1" 304 -
186.155.251.38 - - [31/Oct/2014:08:36:15 -0500] "GET /StormSDA/storm/EnviosPlugin.jar HTTP/1.1" 304 -
186.155.251.38 - - [31/Oct/2014:08:36:15 -0500] "GET /StormSDA/storm/HTTPClient.jar HTTP/1.1" 304 -
186.155.251.38 - - [31/Oct/2014:08:36:15 -0500] "GET /StormSDA/storm/stormNewServer.jar HTTP/1.1" 304 -
186.155.251.38 - - [31/Oct/2014:08:36:15 -0500] "GET /StormSDA/storm/version.jar HTTP/1.1" 304 -
186.155.251.38 - - [31/Oct/2014:08:36:15 -0500] "GET /StormSDA/storm/Matriz.jar HTTP/1.1" 304 -
186.155.251.38 - - [31/Oct/2014:08:36:15 -0500] "GET /StormSDA/userFiles/1.jar HTTP/1.1" 200 4111
186.155.251.38 - - [31/Oct/2014:08:36:15 -0500] "GET /StormSDA/userFiles/85.jar HTTP/1.1" 200 4101
190.24.134.65 - - [31/Oct/2014:08:36:15 -0500] "GET /BLA/resoluciones/RESOLUCIONES%202007/RES%202007%201401%20AL%201500/RESOLUCION%201409%20DE%202007.pdf HTTP/1.1" 206 32768
186.155.251.38 - - [31/Oct/2014:08:36:15 -0500] "GET /StormSDA/userFiles/86.jar HTTP/1.1" 200 4101
186.155.251.38 - - [31/Oct/2014:08:36:15 -0500] "GET /StormSDA/userFiles/87.jar HTTP/1.1" 200 4101
190.24.134.65 - - [31/Oct/2014:08:36:15 -0500] "GET /BLA/resoluciones/RESOLUCIONES%202007/RES%202007%201401%20AL%201500/RESOLUCION%201409%20DE%202007.pdf HTTP/1.1" 206 244189
186.155.251.38 - - [31/Oct/2014:08:36:16 -0500] "GET /StormSDA/userFiles/87.jar HTTP/1.1" 200 4101
186.155.251.38 - - [31/Oct/2014:08:36:16 -0500] "GET /StormSDA/userFiles/86.jar HTTP/1.1" 200 4101
186.155.251.38 - - [31/Oct/2014:08:36:16 -0500] "GET /StormSDA/userFiles/85.jar HTTP/1.1" 200 4101
186.155.251.38 - - [31/Oct/2014:08:36:16 -0500] "GET /StormSDA/userFiles/1.jar HTTP/1.1" 200 4111
186.155.251.38 - - [31/Oct/2014:08:36:16 -0500] "GET /StormSDA/userFiles/89.jar HTTP/1.1" 200 4101
186.155.251.38 - - [31/Oct/2014:08:36:16 -0500] "GET /StormSDA/userFiles/90.jar HTTP/1.1" 200 4101
186.155.251.38 - - [31/Oct/2014:08:36:16 -0500] "GET /StormSDA/userFiles/88.jar HTTP/1.1" 200 4101
186.155.251.38 - - [31/Oct/2014:08:36:16 -0500] "GET /StormSDA/userFiles/89.jar HTTP/1.1" 200 4101
186.155.251.38 - - [31/Oct/2014:08:36:16 -0500] "GET /StormSDA/userFiles/91.jar HTTP/1.1" 200 4101
186.155.251.38 - - [31/Oct/2014:08:36:16 -0500] "GET /StormSDA/userFiles/88.jar HTTP/1.1" 200 4101
186.155.251.38 - - [31/Oct/2014:08:36:16 -0500] "GET /StormSDA/userFiles/91.jar HTTP/1.1" 200 4101
186.155.251.38 - - [31/Oct/2014:08:36:16 -0500] "GET /StormSDA/userFiles/90.jar HTTP/1.1" 200 4101
190.24.134.65 - - [31/Oct/2014:08:36:16 -0500] "GET /favicon.ico HTTP/1.1" 200 7782
186.155.251.38 - - [31/Oct/2014:08:36:16 -0500] "GET /StormSDA/userFiles/92.jar HTTP/1.1" 200 4101
186.155.251.38 - - [31/Oct/2014:08:36:16 -0500] "GET /StormSDA/userFiles/93.jar HTTP/1.1" 200 4101
186.155.251.38 - - [31/Oct/2014:08:36:16 -0500] "GET /StormSDA/userFiles/92.jar HTTP/1.1" 200 4101
186.155.251.38 - - [31/Oct/2014:08:36:16 -0500] "GET /StormSDA/userFiles/93.jar HTTP/1.1" 200 4101
186.155.251.38 - - [31/Oct/2014:08:36:16 -0500] "GET /StormSDA/userFiles/94.jar HTTP/1.1" 200 4101
186.155.251.38 - - [31/Oct/2014:08:36:16 -0500] "GET /StormSDA/userFiles/95.jar HTTP/1.1" 200 4224
186.155.251.38 - - [31/Oct/2014:08:36:16 -0500] "GET /StormSDA/userFiles/96.jar HTTP/1.1" 200 4101
201.245.192.253 - - [31/Oct/2014:08:36:16 -0500] "GET /galeria/carrusel/Carrusel/jquery-ui-%20%201.8.13.custom.min.js HTTP/1.1" 404 1018
186.155.251.38 - - [31/Oct/2014:08:36:16 -0500] "GET /StormSDA/userFiles/96.jar HTTP/1.1" 200 4101
186.155.251.38 - - [31/Oct/2014:08:36:16 -0500] "GET /StormSDA/userFiles/94.jar HTTP/1.1" 200 4101
186.155.251.38 - - [31/Oct/2014:08:36:16 -0500] "GET /StormSDA/userFiles/95.jar HTTP/1.1" 200 4224
186.155.251.38 - - [31/Oct/2014:08:36:17 -0500] "GET /StormSDA/userFiles/97.jar HTTP/1.1" 200 4101
186.155.251.38 - - [31/Oct/2014:08:36:17 -0500] "GET /StormSDA/userFiles/97.jar HTTP/1.1" 200 4101
186.155.251.38 - - [31/Oct/2014:08:36:17 -0500] "GET /StormSDA/userFiles/basicos.jar HTTP/1.1" 200 652535
186.155.251.38 - - [31/Oct/2014:08:36:17 -0500] "GET /StormSDA/userFiles/98.jar HTTP/1.1" 200 4101
186.155.251.38 - - [31/Oct/2014:08:36:17 -0500] "GET /StormSDA/lib/helper.jar HTTP/1.1" 304 -
186.155.251.38 - - [31/Oct/2014:08:36:17 -0500] "GET /StormSDA/lib/AbsoluteLayout.jar HTTP/1.1" 304 -
186.155.251.38 - - [31/Oct/2014:08:36:17 -0500] "GET /StormSDA/userFiles/98.jar HTTP/1.1" 200 4101
186.155.251.38 - - [31/Oct/2014:08:36:17 -0500] "GET /StormSDA/lib/jaxen-core.jar HTTP/1.1" 304 -
186.155.251.38 - - [31/Oct/2014:08:36:17 -0500] "GET /StormSDA/lib/jaxen-jdom.jar HTTP/1.1" 304 -
186.155.251.38 - - [31/Oct/2014:08:36:17 -0500] "GET /StormSDA/lib/jdom.jar HTTP/1.1" 304 -
186.155.251.38 - - [31/Oct/2014:08:36:17 -0500] "GET /StormSDA/lib/jh.jar HTTP/1.1" 304 -
186.155.251.38 - - [31/Oct/2014:08:36:17 -0500] "GET /StormSDA/lib/saxpath.jar HTTP/1.1" 304 -
186.155.251.38 - - [31/Oct/2014:08:36:17 -0500] "GET /StormSDA/lib/swing-layout-1.0.2.jar HTTP/1.1" 304 -
186.155.251.38 - - [31/Oct/2014:08:36:17 -0500] "GET /StormSDA/lib/jep-2.4.0.jar HTTP/1.1" 304 -
186.155.251.38 - - [31/Oct/2014:08:36:17 -0500] "GET /StormSDA/lib/swing-worker.jar HTTP/1.1" 304 -
186.155.251.38 - - [31/Oct/2014:08:36:17 -0500] "GET /StormSDA/lib/jnlp.jar HTTP/1.1" 304 -
186.155.251.38 - - [31/Oct/2014:08:36:17 -0500] "GET /StormSDA/lib/json.jar HTTP/1.1" 304 -
186.155.251.38 - - [31/Oct/2014:08:36:17 -0500] "GET /StormSDA/nsjars/appframework-1.0.jar HTTP/1.1" 304 -
186.155.251.38 - - [31/Oct/2014:08:36:17 -0500] "GET /StormSDA/nsjars/poi-2.0.jar HTTP/1.1" 304 -
186.155.251.38 - - [31/Oct/2014:08:36:17 -0500] "GET /StormSDA/nsjars/log4j-1.2.11.jar HTTP/1.1" 304 -
186.155.251.38 - - [31/Oct/2014:08:36:17 -0500] "GET /StormSDA/nsjars/derby.jar HTTP/1.1" 304 -
186.155.251.38 - - [31/Oct/2014:08:36:17 -0500] "GET /StormSDA/nsjars/commons-codec-1.4.jar HTTP/1.1" 304 -
186.155.251.38 - - [31/Oct/2014:08:36:17 -0500] "GET /StormSDA/nsjars/commons-logging.jar HTTP/1.1" 304 -
186.155.251.38 - - [31/Oct/2014:08:36:17 -0500] "GET /StormSDA/nsjars/commons-httpclient-3.1.jar HTTP/1.1" 304 -
186.155.251.38 - - [31/Oct/2014:08:36:17 -0500] "GET /StormSDA/nsjars/LoadInf.jar HTTP/1.1" 304 -
186.155.251.38 - - [31/Oct/2014:08:36:17 -0500] "GET /StormSDA/nsjars/ShaUtil.jar HTTP/1.1" 304 -
186.155.251.38 - - [31/Oct/2014:08:36:18 -0500] "GET /StormSDA/userFiles/basicos.jar HTTP/1.1" 200 652535
201.245.192.253 - - [31/Oct/2014:08:36:20 -0500] "GET /arcgis/services/Calidad_del_Agua_WQI/MapServer/WMSServer?LAYERS=6%2C8%2C4&TRANSPARENT=TRUE&PROJECTION=EPSG%3A4326&FORMAT=image%2Fpng&SERVICE=WMS&VERSION=1.1.1&REQUEST=GetMap&STYLES=&SRS=EPSG%3A4326&BBOX=-74.1796875,4.39453125,-74.00390625,4.5703125&WIDTH=256&HEIGHT=256 HTTP/1.1" 200 1688
94.23.19.178 - - [31/Oct/2014:08:36:25 -0500] "GET /re/Talleres/plastico/imagenes%20plastico/otras%20imagenes/?C=M;O=D HTTP/1.0" 404 1015
94.23.19.178 - - [31/Oct/2014:08:36:27 -0500] "GET /re/Talleres/plastico/imagenes%20plastico/otras%20imagenes/?C=S;O=D HTTP/1.0" 404 1015
94.23.19.178 - - [31/Oct/2014:08:36:29 -0500] "GET /re1/Que%20es/Agenda%20ambiental/flora%20fauna/fotos%20flora%20fauna/fauna/?C=D;O=A HTTP/1.0" 404 1015
201.245.192.253 - - [31/Oct/2014:08:36:31 -0500] "POST /forest/login.do HTTP/1.1" 302 -
94.23.19.178 - - [31/Oct/2014:08:36:31 -0500] "GET /re1/Que%20es/Agenda%20ambiental/flora%20fauna/fotos%20flora%20fauna/flora/?C=D;O=A HTTP/1.0" 404 1015
201.245.192.253 - - [31/Oct/2014:08:36:32 -0500] "GET /forest/skins/gdocs-jar/img/print.gif HTTP/1.1" 304 -
94.23.19.178 - - [31/Oct/2014:08:36:35 -0500] "GET /re1/Que%20es/Agenda%20ambiental/flora%20fauna/fotos%20flora%20fauna/flora/?C=M;O=A HTTP/1.0" 404 1015
94.23.19.178 - - [31/Oct/2014:08:36:37 -0500] "GET /re1/Que%20es/Marco%20pedagocico/planillas/imagen%20planillas/barra%20planillas.htm HTTP/1.0" 404 1015
94.23.19.178 - - [31/Oct/2014:08:36:39 -0500] "GET /re1/Que%20es/Marco%20pedagocico/planillas/planilla%20integrada/imagen%20planilla%20integrada/?C=D;O=A HTTP/1.0" 404 1015
94.23.19.178 - - [31/Oct/2014:08:36:40 -0500] "GET /re1/Que%20es/Marco%20pedagocico/planillas/planilla%20integrada/imagen%20planilla%20integrada/?C=M;O=A HTTP/1.0" 404 1015
188.165.15.162 - - [31/Oct/2014:08:36:41 -0500] "GET /BLA/resoluciones/RESOLUCIONES%202002/RES%202002%20251-300/00000279.tif HTTP/1.1" 200 273524
94.23.19.178 - - [31/Oct/2014:08:36:42 -0500] "GET /re1/Que%20es/Marco%20pedagocico/planillas/planilla%20integrada/imagen%20planilla%20integrada/?C=N;O=D HTTP/1.0" 404 1015
66.249.64.167 - - [31/Oct/2014:08:36:43 -0500] "GET /BLA/resoluciones/RESOLUCIONES%202009/9087.pdf HTTP/1.1" 200 117100
94.23.19.178 - - [31/Oct/2014:08:36:44 -0500] "GET /re1/Que%20es/Marco%20pedagocico/planillas/planilla%20integrada/imagen%20planilla%20integrada/?C=S;O=A HTTP/1.0" 404 1015
201.245.192.253 - - [31/Oct/2014:08:36:44 -0500] "GET /plugins/like.php?action=like&app_id=&channel=http%3A%2F%2Fstatic.ak.facebook.com%2Fconnect%2Fxd_arbiter%2FehazDpFPEnK.js%3Fversion%3D41%23cb%3Df47eda4451471c%26domain%3Dwww.elespectador.com%26origin%3Dhttp%253A%252F%252Fwww.elespectador.com%252Ff2cf541205c3304%26relation%3Dparent.parent&href=https%3A%2F%2Fwww.facebook.com%2Felespectadorcom&layout=button&locale=es_LA&sdk=joey&share=false&show_faces=false HTTP/1.1" 404 1276
186.29.177.77 - - [31/Oct/2014:08:36:44 -0500] "GET /autoliquidacion/Grupo%20Forestal%20-%20Silvicultura/Estructura%20del%20SIADAMA.xls HTTP/1.1" 200 1761792
201.245.192.253 - - [31/Oct/2014:08:36:45 -0500] "POST /forest/buscar.do? HTTP/1.1" 200 5853
201.245.192.253 - - [31/Oct/2014:08:36:46 -0500] "GET /plugins/like.php?action=like&app_id=&channel=http%3A%2F%2Fstatic.ak.facebook.com%2Fconnect%2Fxd_arbiter%2FehazDpFPEnK.js%3Fversion%3D41%23cb%3Df213d8b1064ed88%26domain%3Dwww.elespectador.com%26origin%3Dhttp%253A%252F%252Fwww.elespectador.com%252Ff2cf541205c3304%26relation%3Dparent.parent&href=http%3A%2F%2Fwww.elespectador.com%2F&layout=standard&locale=es_LA&sdk=joey&share=true&show_faces=false&width=450 HTTP/1.1" 404 1276
201.245.192.253 - - [31/Oct/2014:08:36:46 -0500] "GET /plugins/like.php?action=like&app_id=&channel=http%3A%2F%2Fstatic.ak.facebook.com%2Fconnect%2Fxd_arbiter%2FehazDpFPEnK.js%3Fversion%3D41%23cb%3Df28d61e7be3501c%26domain%3Dwww.elespectador.com%26origin%3Dhttp%253A%252F%252Fwww.elespectador.com%252Ff2cf541205c3304%26relation%3Dparent.parent&href=http%3A%2F%2Fwww.elespectador.com%2F&layout=standard&locale=es_LA&sdk=joey&share=true&show_faces=false&width=450 HTTP/1.1" 404 1276
201.245.192.253 - - [31/Oct/2014:08:36:46 -0500] "GET /plugins/like.php?action=like&app_id=&channel=http%3A%2F%2Fstatic.ak.facebook.com%2Fconnect%2Fxd_arbiter%2FehazDpFPEnK.js%3Fversion%3D41%23cb%3Df2ba3c08da62c6a%26domain%3Dwww.elespectador.com%26origin%3Dhttp%253A%252F%252Fwww.elespectador.com%252Ff2cf541205c3304%26relation%3Dparent.parent&href=https%3A%2F%2Fwww.facebook.com%2Felespectadorcom&layout=button&locale=es_LA&sdk=joey&share=false&show_faces=false HTTP/1.1" 404 1276
94.23.19.178 - - [31/Oct/2014:08:36:46 -0500] "GET /re1/Que%20es/Marco%20pedagocico/planillas/planilla%20integrada/imagen%20planilla%20integrada/barra%20areas%20planillas.htm HTTP/1.0" 404 1015
201.245.192.253 - - [31/Oct/2014:08:36:48 -0500] "GET /forest/skins/gdocs-jar/popup/popup.jsp?width=900&height=600&title=Informaci%F3n%20de%20proceso&uri=/forest/system/process.jsp%3FnumPro%3D2905783&name=undefined&_a=0.05567863125146022&a=0.30417533599609137 HTTP/1.1" 200 1312
201.245.192.253 - - [31/Oct/2014:08:36:48 -0500] "GET /forest/system/process.jsp?numPro=2905783 HTTP/1.1" 200 19107
94.23.19.178 - - [31/Oct/2014:08:36:48 -0500] "GET /re1/Que%20es/Marco%20pedagocico/relacion%20desarrollo/?C=D;O=D HTTP/1.0" 404 1015
94.23.19.178 - - [31/Oct/2014:08:36:51 -0500] "GET /re1/Que%20es/Marco%20pedagocico/relacion%20desarrollo/?C=M;O=D HTTP/1.0" 404 1015
94.23.19.178 - - [31/Oct/2014:08:36:55 -0500] "GET /re1/Que%20es/Marco%20pedagocico/relacion%20desarrollo/?C=S;O=D HTTP/1.0" 404 1015
201.245.192.253 - - [31/Oct/2014:08:35:50 -0500] "GET /forest/index2.jsp?a=0.5402544795642539 HTTP/1.1" 200 48431
201.245.192.253 - - [31/Oct/2014:08:36:31 -0500] "GET /forest/index2.jsp?a=0.6384590310833896 HTTP/1.1" 200 48430
201.245.192.253 - - [31/Oct/2014:08:36:56 -0500] "GET /forest/skins/gdocs-jar/css/autocomplete.css?version=1410.211635 HTTP/1.1" 304 -
201.245.192.253 - - [31/Oct/2014:08:36:56 -0500] "GET /forest/skins/gdocs-jar/css/dialog.css?version=1410.211635 HTTP/1.1" 304 -
201.245.192.253 - - [31/Oct/2014:08:36:56 -0500] "GET /forest/css/escritorio.css?version=1410.211635 HTTP/1.1" 304 -
201.245.192.253 - - [31/Oct/2014:08:36:56 -0500] "GET /forest/skins/gdocs-jar/css/forms.css?version=1410.211635 HTTP/1.1" 304 -
201.245.192.253 - - [31/Oct/2014:08:36:56 -0500] "GET /forest/1ibre/jscalendar/calendar-win2k-1.css?version=1410.211635 HTTP/1.1" 304 -
201.245.192.253 - - [31/Oct/2014:08:36:56 -0500] "GET /forest/skins/gdocs-jar/css/forest.css?version=1410.211635 HTTP/1.1" 200 51
201.245.192.253 - - [31/Oct/2014:08:36:56 -0500] "GET /forest/skins/gdocs-jar/css/menu.css?version=1410.211635 HTTP/1.1" 304 -
201.245.192.253 - - [31/Oct/2014:08:36:56 -0500] "GET /forest/css/index.css?version=1410.211635 HTTP/1.1" 200 1900
201.245.192.253 - - [31/Oct/2014:08:36:56 -0500] "GET /forest/img/forestIcon.gif?version=1410.211635 HTTP/1.1" 304 -
201.245.192.253 - - [31/Oct/2014:08:36:56 -0500] "GET /forest/skins/gdocs-jar/css/autocomplete.css HTTP/1.1" 304 -
201.245.192.253 - - [31/Oct/2014:08:36:56 -0500] "GET /forest/skins/gdocs-jar/css/tree.css HTTP/1.1" 304 -
94.23.19.178 - - [31/Oct/2014:08:36:57 -0500] "GET /re1/Que%20es/Plan%20comunicaciones/publicos/imagen%20publicos/?C=N;O=A HTTP/1.0" 404 1015
201.245.192.253 - - [31/Oct/2014:08:36:57 -0500] "GET /forest/img/inicio.jpg HTTP/1.1" 304 -
201.245.192.253 - - [31/Oct/2014:08:36:58 -0500] "GET /forest/img/users/3.gif HTTP/1.1" 304 -
201.245.192.253 - - [31/Oct/2014:08:36:58 -0500] "GET /forest/img/users/5.gif HTTP/1.1" 304 -
201.245.192.253 - - [31/Oct/2014:08:36:58 -0500] "GET /forest/img/users/7.gif HTTP/1.1" 304 -
201.245.192.253 - - [31/Oct/2014:08:36:58 -0500] "GET /forest/img/download_large.gif HTTP/1.1" 304 -
201.245.192.253 - - [31/Oct/2014:08:36:58 -0500] "GET /forest/img/buscar.jpg HTTP/1.1" 304 -
201.245.192.253 - - [31/Oct/2014:08:36:58 -0500] "GET /forest/img/buscar_documentos.gif HTTP/1.1" 304 -
201.245.192.253 - - [31/Oct/2014:08:36:58 -0500] "GET /forest/img/notify.gif HTTP/1.1" 304 -
201.245.192.253 - - [31/Oct/2014:08:36:58 -0500] "GET /forest/img/ayuda.gif HTTP/1.1" 304 -
201.245.192.253 - - [31/Oct/2014:08:36:58 -0500] "GET /forest/img/pantalla.gif HTTP/1.1" 304 -
201.245.192.253 - - [31/Oct/2014:08:36:58 -0500] "GET /forest/img/salir3.gif HTTP/1.1" 304 -
201.245.192.253 - - [31/Oct/2014:08:36:58 -0500] "GET /forest/img/mireparto.gif HTTP/1.1" 304 -
201.245.192.253 - - [31/Oct/2014:08:36:58 -0500] "GET /forest/skins/gdocs-jar/js/autocompletar2.js?version=1410.211635 HTTP/1.1" 200 24397
201.245.192.253 - - [31/Oct/2014:08:36:58 -0500] "GET /forest/skins/gdocs-jar/js/xml_utilities.js?version=1410.211635 HTTP/1.1" 200 2433
201.245.192.253 - - [31/Oct/2014:08:36:58 -0500] "GET /forest/img/instanciar.gif HTTP/1.1" 304 -
201.245.192.253 - - [31/Oct/2014:08:36:58 -0500] "GET /forest/img/misdocumentos.gif HTTP/1.1" 200 545
201.245.192.253 - - [31/Oct/2014:08:36:58 -0500] "GET /forest/session.jsp?a=0.40613931199615316 HTTP/1.1" 200 5
201.245.192.253 - - [31/Oct/2014:08:36:58 -0500] "GET /forest/login.jsp?a=0.5322202837538214 HTTP/1.1" 200 2996
94.23.19.178 - - [31/Oct/2014:08:36:59 -0500] "GET /re1/Que%20es/Plan%20comunicaciones/publicos/imagen%20publicos/barra%20publicos.htm HTTP/1.0" 404 1015
94.23.19.178 - - [31/Oct/2014:08:37:00 -0500] "GET /re1/Que%20es/Plan%20operativo/fase%20capacitacion/imagen%20fase%20capacitacion/?C=D;O=A HTTP/1.0" 404 1015
180.76.6.142 - - [31/Oct/2014:08:37:01 -0500] "GET /BLA/resoluciones/AUTOS%202010/0105.pdf HTTP/1.1" 200 366492
94.23.19.178 - - [31/Oct/2014:08:37:02 -0500] "GET /re1/Que%20es/Plan%20operativo/fase%20capacitacion/lorenzo%20barra%20capacitacion/?C=D;O=A HTTP/1.0" 404 1015
94.23.19.178 - - [31/Oct/2014:08:37:06 -0500] "GET /re1/Que%20es/Plan%20operativo/fase%20capacitacion/lorenzo%20barra%20capacitacion/?C=M;O=A HTTP/1.0" 404 1015
186.155.252.67 - - [31/Oct/2014:08:37:10 -0500] "GET /BLA/boletinlegal/js/jquery.scrollTo-min.js HTTP/1.1" 200 1150
186.155.252.67 - - [31/Oct/2014:08:37:10 -0500] "GET /BLA/boletinlegal/js/jquery.js HTTP/1.1" 200 57254
186.155.252.67 - - [31/Oct/2014:08:37:10 -0500] "GET /BLA/boletinlegal/js/jquery.scrollShow.js HTTP/1.1" 200 4586
94.23.19.178 - - [31/Oct/2014:08:37:12 -0500] "GET /re1/Que%20es/Plan%20operativo/fase%20capacitacion/lorenzo%20barra%20capacitacion/?C=N;O=D HTTP/1.0" 404 1015
201.245.192.253 - - [31/Oct/2014:08:37:12 -0500] "GET /plugins/like.php?action=like&app_id=&channel=http%3A%2F%2Fstatic.ak.facebook.com%2Fconnect%2Fxd_arbiter%2FehazDpFPEnK.js%3Fversion%3D41%23cb%3Df1d4f7b0db38a2%26domain%3Dwww.elespectador.com%26origin%3Dhttp%253A%252F%252Fwww.elespectador.com%252Ff2229c578a60a4e%26relation%3Dparent.parent&href=https%3A%2F%2Fwww.facebook.com%2Felespectadorcom&layout=button&locale=es_LA&sdk=joey&share=false&show_faces=false HTTP/1.1" 404 1290
201.245.192.253 - - [31/Oct/2014:08:37:12 -0500] "GET /plugins/like.php?action=like&app_id=&channel=http%3A%2F%2Fstatic.ak.facebook.com%2Fconnect%2Fxd_arbiter%2FehazDpFPEnK.js%3Fversion%3D41%23cb%3Df1c58651bae8c61%26domain%3Dwww.elespectador.com%26origin%3Dhttp%253A%252F%252Fwww.elespectador.com%252Ff2229c578a60a4e%26relation%3Dparent.parent&href=http%3A%2F%2Fwww.elespectador.com%2F&layout=standard&locale=es_LA&sdk=joey&share=true&show_faces=false&width=450 HTTP/1.1" 404 1290
201.245.192.253 - - [31/Oct/2014:08:37:12 -0500] "GET /plugins/like.php?action=like&app_id=&channel=http%3A%2F%2Fstatic.ak.facebook.com%2Fconnect%2Fxd_arbiter%2FehazDpFPEnK.js%3Fversion%3D41%23cb%3Df3863575f3f06fa%26domain%3Dwww.elespectador.com%26origin%3Dhttp%253A%252F%252Fwww.elespectador.com%252Ff2229c578a60a4e%26relation%3Dparent.parent&href=https%3A%2F%2Fwww.facebook.com%2Felespectadorcom&layout=button&locale=es_LA&sdk=joey&share=false&show_faces=false HTTP/1.1" 404 1290
201.245.192.253 - - [31/Oct/2014:08:37:12 -0500] "GET /plugins/like.php?action=like&app_id=&channel=http%3A%2F%2Fstatic.ak.facebook.com%2Fconnect%2Fxd_arbiter%2FehazDpFPEnK.js%3Fversion%3D41%23cb%3Dfb017e592215b1%26domain%3Dwww.elespectador.com%26origin%3Dhttp%253A%252F%252Fwww.elespectador.com%252Ff2229c578a60a4e%26relation%3Dparent.parent&href=http%3A%2F%2Fwww.elespectador.com%2F&layout=standard&locale=es_LA&sdk=joey&share=true&show_faces=false&width=450 HTTP/1.1" 404 1290
188.165.15.192 - - [31/Oct/2014:08:37:13 -0500] "GET /BLA/resoluciones/RESOLUCIONES%202002/RES%202002%201201-1250/20021242.tif HTTP/1.1" 200 100914
94.23.19.178 - - [31/Oct/2014:08:37:14 -0500] "GET /re1/Que%20es/Plan%20operativo/fase%20capacitacion/lorenzo%20barra%20capacitacion/?C=S;O=A HTTP/1.0" 404 1015
188.165.15.162 - - [31/Oct/2014:08:37:15 -0500] "GET /BLA/resoluciones/RESOLUCIONES%202002/RES%202002%201651-1700/20021676.tif HTTP/1.1" 200 44472
94.23.19.178 - - [31/Oct/2014:08:37:15 -0500] "GET /re1/Que%20es/Plan%20operativo/fase%20capacitacion/lorenzo%20barra%20capacitacion/lorenzon%20barra%20capacitacion.htm HTTP/1.0" 404 1015
94.23.19.178 - - [31/Oct/2014:08:37:16 -0500] "GET /robots.txt HTTP/1.0" 404 1019
94.23.19.178 - - [31/Oct/2014:08:37:18 -0500] "GET /Anexos%20estudio%20Organizacional%20SDA/index.php?dir=ANEXO%20No.%2010%20-%20COSTO%20DETALLADO%20PLANTA%20DE%20CARGOS%20ACTUAL/&sort=date&order=desc HTTP/1.0" 200 2420
94.23.19.178 - - [31/Oct/2014:08:37:20 -0500] "GET /Anexos%20estudio%20Organizacional%20SDA/index.php?dir=ANEXO%20No.%2010%20-%20COSTO%20DETALLADO%20PLANTA%20DE%20CARGOS%20ACTUAL/&sort=size&order=desc HTTP/1.0" 200 2420
201.245.192.253 - - [31/Oct/2014:08:37:20 -0500] "GET /forest/buscar.do HTTP/1.1" 200 97220
201.245.192.253 - - [31/Oct/2014:08:37:20 -0500] "GET /forest/css/escritorio.css?version=1410.211635 HTTP/1.1" 304 -
201.245.192.253 - - [31/Oct/2014:08:37:20 -0500] "GET /forest/css/autocomplete.css?version=1410.211635 HTTP/1.1" 304 -
201.245.192.253 - - [31/Oct/2014:08:37:20 -0500] "GET /forest/js/load_func.js?version=1410.211635 HTTP/1.1" 304 -
201.245.192.253 - - [31/Oct/2014:08:37:20 -0500] "GET /forest/js/dialog.js?version=1410.211635 HTTP/1.1" 304 -
201.245.192.253 - - [31/Oct/2014:08:37:20 -0500] "GET /forest/js/sarissa.js?version=1410.211635 HTTP/1.1" 304 -
201.245.192.253 - - [31/Oct/2014:08:37:20 -0500] "GET /forest/js/escritorio/escritorio.js?version=1410.211635 HTTP/1.1" 304 -
201.245.192.253 - - [31/Oct/2014:08:37:20 -0500] "GET /forest/js/autocompletar2.js?version=1410.211635 HTTP/1.1" 304 -
201.245.192.253 - - [31/Oct/2014:08:37:20 -0500] "GET /forest/js/internJS.js?version=1410.211635 HTTP/1.1" 304 -
201.245.192.253 - - [31/Oct/2014:08:37:20 -0500] "GET /forest/js/xml_utilities.js?version=1410.211635 HTTP/1.1" 304 -
201.245.192.253 - - [31/Oct/2014:08:37:20 -0500] "GET /forest/1ibre/protoaculous.js?version=1410.211635 HTTP/1.1" 304 -
201.245.192.253 - - [31/Oct/2014:08:37:20 -0500] "GET /forest/1ibre/jscalendar/calendar.js?version=1410.211635 HTTP/1.1" 304 -
201.245.192.253 - - [31/Oct/2014:08:37:20 -0500] "GET /forest/1ibre/1ibre.js?version=1410.211635 HTTP/1.1" 304 -
201.245.192.253 - - [31/Oct/2014:08:37:20 -0500] "GET /forest/1ibre/jscalendar/lang/calendar-es.js?version=1410.211635 HTTP/1.1" 304 -
201.245.192.253 - - [31/Oct/2014:08:37:20 -0500] "GET /forest/1ibre/jscalendar/calendar-setup.js?version=1410.211635 HTTP/1.1" 304 -
201.245.192.253 - - [31/Oct/2014:08:37:21 -0500] "GET /forest/json.do?query=usersByDep&coddep=13 HTTP/1.1" 200 3615
94.23.19.178 - - [31/Oct/2014:08:37:21 -0500] "GET /Anexos%20estudio%20Organizacional%20SDA/index.php?dir=ANEXO%20No.%202%20-%20EJECUCIONES%20PRESUPUESTALES%202008-2011%20Y%20PRESUPUESTO%202012/&sort=date&order=desc HTTP/1.0" 200 3707
201.245.192.253 - - [31/Oct/2014:08:37:21 -0500] "GET /forest/json.do?query=usersByDep&coddep=13 HTTP/1.1" 200 3615
201.245.192.253 - - [31/Oct/2014:08:37:23 -0500] "GET /v/wy46U16-dJg?adformat=2_9&version=3&showinfo=0&rel=0&controls=1&iv_load_policy=1 HTTP/1.1" 404 2781
94.23.19.178 - - [31/Oct/2014:08:37:23 -0500] "GET /Anexos%20estudio%20Organizacional%20SDA/index.php?dir=ANEXO%20No.%202%20-%20EJECUCIONES%20PRESUPUESTALES%202008-2011%20Y%20PRESUPUESTO%202012/&sort=size&order=desc HTTP/1.0" 200 3707
94.23.19.178 - - [31/Oct/2014:08:37:25 -0500] "GET /Anexos%20estudio%20Organizacional%20SDA/index.php?dir=ANEXO%20No.%205%20-%20ESTUDIO%20Y%20PROPUESTA%20SERAMB%20IENTE/&sort=date&order=desc HTTP/1.0" 200 3622
201.245.192.253 - - [31/Oct/2014:08:37:26 -0500] "POST /forest/buscar.do? HTTP/1.1" 200 5888
94.23.19.178 - - [31/Oct/2014:08:37:27 -0500] "GET /Anexos%20estudio%20Organizacional%20SDA/index.php?dir=ANEXO%20No.%205%20-%20ESTUDIO%20Y%20PROPUESTA%20SERAMB%20IENTE/&sort=size&order=desc HTTP/1.0" 200 3622
94.23.19.178 - - [31/Oct/2014:08:37:28 -0500] "GET /Anexos%20estudio%20Organizacional%20SDA/index.php?dir=ANEXO%20No.%207%20-%20PROYECTO%20DE%20DECRETO%20MODIFICATORIO%20DE%20ESTRUCTURA%20DE%20LA%20SDA/&sort=date&order=desc HTTP/1.0" 200 2593
94.23.19.178 - - [31/Oct/2014:08:37:30 -0500] "GET /Anexos%20estudio%20Organizacional%20SDA/index.php?dir=ANEXO%20No.%207%20-%20PROYECTO%20DE%20DECRETO%20MODIFICATORIO%20DE%20ESTRUCTURA%20DE%20LA%20SDA/&sort=size&order=desc HTTP/1.0" 200 2593
201.245.192.253 - - [31/Oct/2014:08:37:31 -0500] "GET /forest/skins/gdocs-jar/popup/popup.jsp?width=900&height=600&title=Informaci%F3n%20de%20proceso&uri=/forest/system/process.jsp%3FnumPro%3D2907029&name=undefined&_a=0.08655008264143638&a=0.36400788092137204 HTTP/1.1" 200 1312
190.157.171.170 - - [31/Oct/2014:08:37:31 -0500] "GET /galeria/nivo-slider/demo/images/Encuentro-Orqu%C3%ADdeas01.jpg HTTP/1.1" 304 -
201.245.192.253 - - [31/Oct/2014:08:37:31 -0500] "GET /forest/system/process.jsp?numPro=2907029 HTTP/1.1" 200 106233
94.23.19.178 - - [31/Oct/2014:08:37:32 -0500] "GET /Anexos%20estudio%20Organizacional%20SDA/index.php?dir=ANEXO%20No.11-PROYECTO%20DE%20DECRETO%20MODIFICATORIO%20PLANTA%20DE%20CARGOS%20SDA/&sort=date&order=desc HTTP/1.0" 200 2568
188.165.15.169 - - [31/Oct/2014:08:37:32 -0500] "GET /BLA/resoluciones/RESOLUCIONES%202002/RES%202002%201601-1650/20021650.tif HTTP/1.1" 200 80124
94.23.19.178 - - [31/Oct/2014:08:37:35 -0500] "GET /Anexos%20estudio%20Organizacional%20SDA/index.php?dir=ANEXO%20No.11-PROYECTO%20DE%20DECRETO%20MODIFICATORIO%20PLANTA%20DE%20CARGOS%20SDA/&sort=size&order=desc HTTP/1.0" 200 2568
201.245.192.253 - - [31/Oct/2014:08:37:35 -0500] "GET /forest/documentos/1930881/2014EE160500.docx HTTP/1.1" 200 171224
186.85.59.98 - - [31/Oct/2014:08:37:38 -0500] "GET /Report2/login.do HTTP/1.1" 200 4338
94.23.19.178 - - [31/Oct/2014:08:37:38 -0500] "GET /Anexos%20estudio%20Organizacional%20SDA/index.php?dir=ANEXO%20No.12-PROYECTO%20ACTUALIZACION%20MANUAL%20DE%20FUNCIONES%20SDA/&sort=date&order=desc HTTP/1.0" 200 2514
186.155.255.98 - - [31/Oct/2014:08:37:41 -0500] "GET /autoliquidacion HTTP/1.1" 301 310
186.155.255.98 - - [31/Oct/2014:08:37:41 -0500] "GET /autoliquidacion/ HTTP/1.1" 200 6375
186.155.255.98 - - [31/Oct/2014:08:37:41 -0500] "GET /autoliquidacion/dlf/styles.css HTTP/1.1" 200 3045
186.155.255.98 - - [31/Oct/2014:08:37:41 -0500] "GET /autoliquidacion/dlf/folder.png HTTP/1.1" 200 410
186.155.255.98 - - [31/Oct/2014:08:37:41 -0500] "GET /autoliquidacion/dlf/bg.gif HTTP/1.1" 200 54
66.249.88.209 - - [31/Oct/2014:08:37:41 -0500] "GET /galeria/carrusel/Carrusel/jquery-ui-1.8.13.custom.min.js HTTP/1.1" 200 10800
66.249.88.213 - - [31/Oct/2014:08:37:41 -0500] "GET /galeria/carrusel/Carrusel/jquery.thumbnailScroller.css HTTP/1.1" 200 2066
66.249.88.209 - - [31/Oct/2014:08:37:41 -0500] "GET /BLA/boletinlegal/js/jquery.js HTTP/1.1" 200 57254
66.249.88.209 - - [31/Oct/2014:08:37:41 -0500] "GET /galeria/carrusel/Carrusel/jquery.thumbnailScroller.js HTTP/1.1" 200 8157
190.157.171.170 - - [31/Oct/2014:08:37:41 -0500] "GET /galeria/nivo-slider/demo/images/Encuentro-Orqu%C3%ADdeas02.jpg HTTP/1.1" 304 -
190.157.171.170 - - [31/Oct/2014:08:37:41 -0500] "GET /galeria/nivo-slider/demo/images/Encuentro-Orqu%C3%ADdeas01.jpg HTTP/1.1" 304 -
66.249.88.211 - - [31/Oct/2014:08:37:42 -0500] "GET /galeria/nivo-slider/demo/demo.html HTTP/1.1" 200 3492
66.249.88.213 - - [31/Oct/2014:08:37:42 -0500] "GET /galeria/nivo-slider/demo/style.css HTTP/1.1" 200 2222
66.249.88.211 - - [31/Oct/2014:08:37:42 -0500] "GET /galeria/nivo-slider/themes/pascal/pascal.css HTTP/1.1" 200 2258
66.249.88.209 - - [31/Oct/2014:08:37:42 -0500] "GET /galeria/nivo-slider/demo/images/Tingua-azul.jpg HTTP/1.1" 200 307638
66.249.88.209 - - [31/Oct/2014:08:37:42 -0500] "GET /galeria/nivo-slider/demo/images/Banner-Caracol-Africano.jpg HTTP/1.1" 200 331986
66.249.88.209 - - [31/Oct/2014:08:37:42 -0500] "GET /galeria/nivo-slider/demo/scripts/jquery-1.7.1.min.js HTTP/1.1" 200 93868
66.249.88.213 - - [31/Oct/2014:08:37:42 -0500] "GET /galeria/nivo-slider/themes/orman/orman.css HTTP/1.1" 200 2152
66.249.88.213 - - [31/Oct/2014:08:37:42 -0500] "GET /galeria/nivo-slider/demo/images/banner-aceite3.jpg HTTP/1.1" 200 88347
66.249.88.213 - - [31/Oct/2014:08:37:42 -0500] "GET /galeria/nivo-slider/demo/images/Hacienda_Molinos.jpg HTTP/1.1" 200 319171
66.249.88.211 - - [31/Oct/2014:08:37:42 -0500] "GET /galeria/nivo-slider/demo/images/banner-redes.jpg HTTP/1.1" 200 62209
66.249.88.213 - - [31/Oct/2014:08:37:42 -0500] "GET /galeria/nivo-slider/demo/images/banner-llantas2.jpg HTTP/1.1" 200 73153
66.249.88.211 - - [31/Oct/2014:08:37:42 -0500] "GET /galeria/nivo-slider/demo/images/Encuentro-Orqu%C3%ADdeas01.jpg HTTP/1.1" 200 86179
66.249.88.213 - - [31/Oct/2014:08:37:42 -0500] "GET /galeria/nivo-slider/demo/images/Encuentro-Orqu%C3%ADdeas02.jpg HTTP/1.1" 200 85602
66.249.88.211 - - [31/Oct/2014:08:37:42 -0500] "GET /galeria/nivo-slider/demo/images/9Signos.jpg HTTP/1.1" 200 93040
66.249.88.213 - - [31/Oct/2014:08:37:42 -0500] "GET /galeria/nivo-slider/demo/images/porloshumedales.jpg HTTP/1.1" 200 351238
66.249.88.211 - - [31/Oct/2014:08:37:42 -0500] "GET /galeria/nivo-slider/nivo-slider.css HTTP/1.1" 200 1507
66.249.88.209 - - [31/Oct/2014:08:37:42 -0500] "GET /galeria/nivo-slider/demo/images/bannerEcolecta3.jpg HTTP/1.1" 200 280034
66.249.88.213 - - [31/Oct/2014:08:37:42 -0500] "GET /galeria/nivo-slider/themes/default/default.css HTTP/1.1" 200 1569
66.249.88.213 - - [31/Oct/2014:08:37:42 -0500] "GET /galeria/nivo-slider/themes/default/loading.gif HTTP/1.1" 200 1737
66.249.88.213 - - [31/Oct/2014:08:37:42 -0500] "GET /galeria/nivo-slider/demo/images/4Simple_Slider.png HTTP/1.1" 200 11722
94.23.19.178 - - [31/Oct/2014:08:37:43 -0500] "GET /Anexos%20estudio%20Organizacional%20SDA/index.php?dir=ANEXO%20No.12-PROYECTO%20ACTUALIZACION%20MANUAL%20DE%20FUNCIONES%20SDA/&sort=size&order=desc HTTP/1.0" 200 2514
66.249.88.209 - - [31/Oct/2014:08:37:43 -0500] "GET /galeria/nivo-slider/jquery.nivo.slider.pack.js HTTP/1.1" 200 11561
94.23.19.178 - - [31/Oct/2014:08:37:44 -0500] "GET /Autoliquidacion/index.php?dir=Cobro%20Clasificacion%20Uso%20De%20Vivenda%20En%20Suelo%20Restringido/&sort=date&order=desc HTTP/1.0" 200 3219
94.23.19.178 - - [31/Oct/2014:08:37:46 -0500] "GET /Autoliquidacion/index.php?dir=Cobro%20Clasificacion%20Uso%20De%20Vivenda%20En%20Suelo%20Restringido/&sort=size&order=desc HTTP/1.0" 200 3219
186.155.255.98 - - [31/Oct/2014:08:37:47 -0500] "GET /autoliquidacion/index.php?dir=Solicitudes+relacionadas+con+calidad+del+aire+auditiva+y+visual%2F HTTP/1.1" 200 5748
186.155.255.98 - - [31/Oct/2014:08:37:47 -0500] "GET /autoliquidacion/dlf/dirup.png HTTP/1.1" 200 644
94.23.19.178 - - [31/Oct/2014:08:37:48 -0500] "GET /Autoliquidacion/index.php?dir=Cobro%20Clasificacion%20Uso%20De%20Vivenda%20En%20Suelo%20Restringido/COMPATIBILIDAD%20USO%20DE%20VIVIENDA/&sort=date&order=asc HTTP/1.0" 200 2813
190.85.159.4 - - [31/Oct/2014:08:37:50 -0500] "GET /BLA/boletinlegal/js/jquery.scrollTo-min.js HTTP/1.1" 200 1150
190.85.159.4 - - [31/Oct/2014:08:37:50 -0500] "GET /BLA/boletinlegal/js/jquery.js HTTP/1.1" 200 57254
190.85.159.4 - - [31/Oct/2014:08:37:50 -0500] "GET /BLA/boletinlegal/js/jquery.scrollShow.js HTTP/1.1" 200 4586
94.23.19.178 - - [31/Oct/2014:08:37:50 -0500] "GET /Autoliquidacion/index.php?dir=Cobro%20Clasificacion%20Uso%20De%20Vivenda%20En%20Suelo%20Restringido/COMPATIBILIDAD%20USO%20DE%20VIVIENDA/&sort=name&order=desc HTTP/1.0" 200 2812
186.155.255.98 - - [31/Oct/2014:08:37:51 -0500] "GET /autoliquidacion/index.php?dir=Solicitudes+relacionadas+con+calidad+del+aire+auditiva+y+visual%2FRegistro+de+Elementos+de+publicidad+Exterior+Visual%2F HTTP/1.1" 200 4038
186.155.255.98 - - [31/Oct/2014:08:37:51 -0500] "GET /autoliquidacion/dlf/xls.gif HTTP/1.1" 200 636
186.155.255.98 - - [31/Oct/2014:08:37:51 -0500] "GET /autoliquidacion/dlf/pdf.gif HTTP/1.1" 200 272
190.157.171.170 - - [31/Oct/2014:08:37:51 -0500] "GET /galeria/nivo-slider/demo/images/porloshumedales.jpg HTTP/1.1" 304 -
190.157.171.170 - - [31/Oct/2014:08:37:51 -0500] "GET /galeria/nivo-slider/demo/images/Encuentro-Orqu%C3%ADdeas02.jpg HTTP/1.1" 304 -
94.23.19.178 - - [31/Oct/2014:08:37:52 -0500] "GET /Autoliquidacion/index.php?dir=Cobro%20Clasificacion%20Uso%20De%20Vivenda%20En%20Suelo%20Restringido/COMPATIBILIDAD%20USO%20DE%20VIVIENDA/&sort=size&order=asc HTTP/1.0" 200 2813
66.249.88.209 - - [31/Oct/2014:08:37:52 -0500] "GET /galeria/nivo-slider/themes/default/arrows.png HTTP/1.1" 200 824
66.249.88.209 - - [31/Oct/2014:08:37:52 -0500] "GET /galeria/nivo-slider/themes/default/bullets.png HTTP/1.1" 200 1281
180.76.6.16 - - [31/Oct/2014:08:37:52 -0500] "GET /BLA/resoluciones/AUTOS%202009/2230.pdf HTTP/1.1" 200 122633
66.249.88.213 - - [31/Oct/2014:08:37:53 -0500] "GET /galeria/nivo-slider/demo/images/banner-caballos.png HTTP/1.1" 200 389106
201.245.192.253 - - [31/Oct/2014:08:37:56 -0500] "GET /v/wy46U16-dJg?adformat=2_9&version=3&showinfo=0&rel=0&controls=1&iv_load_policy=1 HTTP/1.1" 404 2773
94.23.19.178 - - [31/Oct/2014:08:37:56 -0500] "GET /Autoliquidacion/index.php?dir=Fauna%20Silvestre/&sort=date&order=desc HTTP/1.0" 200 3498
201.245.192.253 - - [31/Oct/2014:08:37:58 -0500] "GET /plugins/like.php?action=like&app_id=&channel=http%3A%2F%2Fstatic.ak.facebook.com%2Fconnect%2Fxd_arbiter%2FehazDpFPEnK.js%3Fversion%3D41%23cb%3Df3de5f4127cdc5%26domain%3Dwww.elespectador.com%26origin%3Dhttp%253A%252F%252Fwww.elespectador.com%252Ff3baa50c103e82%26relation%3Dparent.parent&href=https%3A%2F%2Fwww.facebook.com%2Felespectadorcom&layout=button&locale=es_LA&sdk=joey&share=false&show_faces=false HTTP/1.1" 404 1294
201.245.192.253 - - [31/Oct/2014:08:37:58 -0500] "GET /plugins/like.php?action=like&app_id=&channel=http%3A%2F%2Fstatic.ak.facebook.com%2Fconnect%2Fxd_arbiter%2FehazDpFPEnK.js%3Fversion%3D41%23cb%3Df1652a804b0e06e%26domain%3Dwww.elespectador.com%26origin%3Dhttp%253A%252F%252Fwww.elespectador.com%252Ff3baa50c103e82%26relation%3Dparent.parent&href=http%3A%2F%2Fwww.elespectador.com%2F&layout=standard&locale=es_LA&sdk=joey&share=true&show_faces=false&width=450 HTTP/1.1" 404 1294
201.245.192.253 - - [31/Oct/2014:08:37:58 -0500] "GET /plugins/like.php?action=like&app_id=&channel=http%3A%2F%2Fstatic.ak.facebook.com%2Fconnect%2Fxd_arbiter%2FehazDpFPEnK.js%3Fversion%3D41%23cb%3Df303c02c9d288c%26domain%3Dwww.elespectador.com%26origin%3Dhttp%253A%252F%252Fwww.elespectador.com%252Ff3baa50c103e82%26relation%3Dparent.parent&href=https%3A%2F%2Fwww.facebook.com%2Felespectadorcom&layout=button&locale=es_LA&sdk=joey&share=false&show_faces=false HTTP/1.1" 404 1294
201.245.192.253 - - [31/Oct/2014:08:37:58 -0500] "GET /plugins/like.php?action=like&app_id=&channel=http%3A%2F%2Fstatic.ak.facebook.com%2Fconnect%2Fxd_arbiter%2FehazDpFPEnK.js%3Fversion%3D41%23cb%3Df111f667ca72d8f%26domain%3Dwww.elespectador.com%26origin%3Dhttp%253A%252F%252Fwww.elespectador.com%252Ff3baa50c103e82%26relation%3Dparent.parent&href=http%3A%2F%2Fwww.elespectador.com%2F&layout=standard&locale=es_LA&sdk=joey&share=true&show_faces=false&width=450 HTTP/1.1" 404 1294
186.155.255.98 - - [31/Oct/2014:08:37:59 -0500] "GET /autoliquidacion/Solicitudes%20relacionadas%20con%20calidad%20del%20aire%20auditiva%20y%20visual/Registro%20de%20Elementos%20de%20publicidad%20Exterior%20Visual/126pm04-pr16-f-a20-1%20Lista%20de%20Chequeo.xls HTTP/1.1" 200 114176
94.23.19.178 - - [31/Oct/2014:08:38:00 -0500] "GET /Autoliquidacion/index.php?dir=Fauna%20Silvestre/&sort=size&order=desc HTTP/1.0" 200 3498
201.245.192.253 - - [31/Oct/2014:08:38:02 -0500] "GET /forest/buscar.do HTTP/1.1" 200 97220
201.245.192.253 - - [31/Oct/2014:08:38:02 -0500] "GET /forest/css/escritorio.css?version=1410.211635 HTTP/1.1" 304 -
201.245.192.253 - - [31/Oct/2014:08:38:02 -0500] "GET /forest/css/autocomplete.css?version=1410.211635 HTTP/1.1" 304 -
201.245.192.253 - - [31/Oct/2014:08:38:02 -0500] "GET /forest/js/load_func.js?version=1410.211635 HTTP/1.1" 304 -
201.245.192.253 - - [31/Oct/2014:08:38:02 -0500] "GET /forest/js/sarissa.js?version=1410.211635 HTTP/1.1" 304 -
201.245.192.253 - - [31/Oct/2014:08:38:02 -0500] "GET /forest/js/dialog.js?version=1410.211635 HTTP/1.1" 304 -
201.245.192.253 - - [31/Oct/2014:08:38:02 -0500] "GET /forest/js/autocompletar2.js?version=1410.211635 HTTP/1.1" 304 -
201.245.192.253 - - [31/Oct/2014:08:38:02 -0500] "GET /forest/1ibre/jscalendar/calendar.js?version=1410.211635 HTTP/1.1" 304 -
201.245.192.253 - - [31/Oct/2014:08:38:02 -0500] "GET /forest/1ibre/jscalendar/lang/calendar-es.js?version=1410.211635 HTTP/1.1" 304 -
201.245.192.253 - - [31/Oct/2014:08:38:02 -0500] "GET /forest/js/internJS.js?version=1410.211635 HTTP/1.1" 304 -
201.245.192.253 - - [31/Oct/2014:08:38:02 -0500] "GET /forest/1ibre/protoaculous.js?version=1410.211635 HTTP/1.1" 304 -
201.245.192.253 - - [31/Oct/2014:08:38:02 -0500] "GET /forest/1ibre/jscalendar/calendar-setup.js?version=1410.211635 HTTP/1.1" 304 -
