201.245.192.253 - - [31/Oct/2014:08:40:51 -0500] "GET /forest/usutareas.do?_a=0.18668060307390988&group_system_actual=3 HTTP/1.1" 200 93702
201.245.192.253 - - [31/Oct/2014:08:40:51 -0500] "GET /forest/session.jsp?a=0.3790885526686907 HTTP/1.1" 200 4
201.245.192.253 - - [31/Oct/2014:08:40:52 -0500] "GET /forest/usugrafico.do?_a=0.044664300279691815&group_system_actual=3 HTTP/1.1" 200 44136
201.245.192.253 - - [31/Oct/2014:08:40:52 -0500] "GET /forest/session.jsp?a=0.29416385549120605 HTTP/1.1" 200 4
186.29.177.77 - - [31/Oct/2014:08:40:54 -0500] "GET /forms/java/frmall_jinit.jar HTTP/1.1" 304 -
94.23.19.178 - - [31/Oct/2014:08:40:54 -0500] "GET /aspnet_client/system_web/?C=N;O=A HTTP/1.0" 404 1019
186.29.177.77 - - [31/Oct/2014:08:40:55 -0500] "GET /forms/java/icons.jar HTTP/1.1" 304 -
186.29.177.77 - - [31/Oct/2014:08:40:55 -0500] "GET /forms/java/java/awt/KeyboardFocusManager.class HTTP/1.1" 404 352
186.29.177.77 - - [31/Oct/2014:08:40:55 -0500] "GET /forms/java/java/awt/KeyboardFocusManager.class HTTP/1.1" 404 352
186.29.177.77 - - [31/Oct/2014:08:40:56 -0500] "GET /forms/java/java/awt/event/MouseWheelListener.class HTTP/1.1" 404 356
186.29.177.77 - - [31/Oct/2014:08:40:56 -0500] "GET /forms/java/java/awt/event/MouseWheelListener.class HTTP/1.1" 404 356
186.29.177.77 - - [31/Oct/2014:08:40:56 -0500] "GET /forms/java/oracle/forms/registry/Registry.dat HTTP/1.1" 200 4213
186.29.177.77 - - [31/Oct/2014:08:40:56 -0500] "GET /forms/java/oracle/forms/registry/default.dat HTTP/1.1" 404 350
186.29.177.77 - - [31/Oct/2014:08:40:56 -0500] "GET /forms/frmservlet?config=sia&acceptLanguage=es-CO&ifcmd=startsession HTTP/1.1" 200 119
186.29.177.77 - - [31/Oct/2014:08:40:56 -0500] "GET /forms/lservlet;jsessionid=ac16012b30d5d1cfdb6a824a464fbe11b9e606988bac.e3iSbxaKaheRe34Sa3yKbhiTahb0n6jAmljGr5XDqQLvpAe?ifcmd=getinfo&ifhost=KENNY&ifip=192.168.0.5 HTTP/1.1" 200 8
186.29.177.77 - - [31/Oct/2014:08:40:57 -0500] "POST /forms/lservlet;jsessionid=ac16012b30d5d1cfdb6a824a464fbe11b9e606988bac.e3iSbxaKaheRe34Sa3yKbhiTahb0n6jAmljGr5XDqQLvpAe HTTP/1.1" 200 8
186.29.177.77 - - [31/Oct/2014:08:40:57 -0500] "GET /forms/java/oracle/forms/engine/RunformBundle_es_CO.class HTTP/1.1" 404 362
186.29.177.77 - - [31/Oct/2014:08:40:57 -0500] "GET /forms/java/oracle/forms/engine/RunformBundle_es_CO.class HTTP/1.1" 404 362
94.23.19.178 - - [31/Oct/2014:08:40:58 -0500] "GET /chat/?C=N;O=A HTTP/1.0" 404 1019
201.245.192.253 - - [31/Oct/2014:08:40:59 -0500] "GET /v/hEEqXzHo_AI?adformat=2_9&version=3&showinfo=0&rel=0&controls=1&iv_load_policy=1 HTTP/1.1" 404 2877
186.29.177.77 - - [31/Oct/2014:08:40:59 -0500] "GET /forms/java/oracle/forms/engine/RunformBundle_es_CO.properties HTTP/1.1" 404 367
186.29.177.77 - - [31/Oct/2014:08:40:59 -0500] "POST /forms/lservlet;jsessionid=ac16012b30d5d1cfdb6a824a464fbe11b9e606988bac.e3iSbxaKaheRe34Sa3yKbhiTahb0n6jAmljGr5XDqQLvpAe HTTP/1.1" 200 64000
201.245.192.253 - - [31/Oct/2014:08:41:00 -0500] "GET /v/wy46U16-dJg?adformat=2_9&version=3&showinfo=0&rel=0&controls=1&iv_load_policy=1 HTTP/1.1" 404 2921
201.245.192.253 - - [31/Oct/2014:08:41:00 -0500] "GET /v/hW7CDFj_FL0?adformat=2_9&version=3&showinfo=0&rel=0&controls=1&iv_load_policy=1 HTTP/1.1" 404 2927
201.245.192.253 - - [31/Oct/2014:08:41:00 -0500] "GET /forest/skins/gdocs-jar/popup/popup.jsp?width=900&height=600&title=Informaci%F3n%20de%20proceso&uri=/forest/system/process.jsp%3FnumPro%3D2907064&name=undefined&_a=0.05709002193903889&a=0.08813609401532607 HTTP/1.1" 200 1312
186.29.177.77 - - [31/Oct/2014:08:41:00 -0500] "POST /forms/lservlet;jsessionid=ac16012b30d5d1cfdb6a824a464fbe11b9e606988bac.e3iSbxaKaheRe34Sa3yKbhiTahb0n6jAmljGr5XDqQLvpAe HTTP/1.1" 200 64000
186.29.177.77 - - [31/Oct/2014:08:41:01 -0500] "HEAD /imagenes/dama_logo.gif HTTP/1.1" 200 -
201.245.192.253 - - [31/Oct/2014:08:41:00 -0500] "GET /forest/system/process.jsp?numPro=2907064 HTTP/1.1" 200 109314
186.29.177.77 - - [31/Oct/2014:08:41:01 -0500] "POST /forms/lservlet;jsessionid=ac16012b30d5d1cfdb6a824a464fbe11b9e606988bac.e3iSbxaKaheRe34Sa3yKbhiTahb0n6jAmljGr5XDqQLvpAe HTTP/1.1" 200 63623
186.29.177.77 - - [31/Oct/2014:08:41:01 -0500] "GET /imagenes/dama_logo.gif HTTP/1.1" 200 21482
201.245.192.253 - - [31/Oct/2014:08:41:01 -0500] "GET /v/RdAUVr5q0rk?version=3&rel=0&egm=0&autoplay=0&loop=0&fs=0&iv_load_policy=1&showinfo=0 HTTP/1.1" 404 2875
186.29.177.77 - - [31/Oct/2014:08:41:01 -0500] "POST /forms/lservlet;jsessionid=ac16012b30d5d1cfdb6a824a464fbe11b9e606988bac.e3iSbxaKaheRe34Sa3yKbhiTahb0n6jAmljGr5XDqQLvpAe HTTP/1.1" 200 2
186.29.177.77 - - [31/Oct/2014:08:41:01 -0500] "POST /forms/lservlet;jsessionid=ac16012b30d5d1cfdb6a824a464fbe11b9e606988bac.e3iSbxaKaheRe34Sa3yKbhiTahb0n6jAmljGr5XDqQLvpAe HTTP/1.1" 200 2
201.245.192.253 - - [31/Oct/2014:08:41:02 -0500] "GET /forest/misactividades.do?_a=0.2887464005034417&group_system_actual=3 HTTP/1.1" 200 36559
201.245.192.253 - - [31/Oct/2014:08:41:02 -0500] "GET /forest/session.jsp?a=0.16460424405522645 HTTP/1.1" 200 4
201.245.192.253 - - [31/Oct/2014:08:41:02 -0500] "POST /forest/misactividades.do?ajax=true&a=0.3825938075315207 HTTP/1.1" 200 4288
94.23.19.178 - - [31/Oct/2014:08:41:03 -0500] "GET /chat/?C=S;O=D HTTP/1.0" 404 1019
94.23.19.178 - - [31/Oct/2014:08:41:04 -0500] "GET /chat/libs/?C=D;O=D HTTP/1.0" 404 1019
94.23.19.178 - - [31/Oct/2014:08:41:06 -0500] "GET /chat/libs/?C=M;O=D HTTP/1.0" 404 1019
94.23.19.178 - - [31/Oct/2014:08:41:08 -0500] "GET /chat/libs/?C=N;O=D HTTP/1.0" 404 1019
201.245.192.253 - - [31/Oct/2014:08:41:08 -0500] "GET /embed/fykPK_ZbhKc?rel=0 HTTP/1.1" 404 1461
94.23.19.178 - - [31/Oct/2014:08:41:10 -0500] "GET /chat/libs/?C=S;O=D HTTP/1.0" 404 1019
201.245.192.253 - - [31/Oct/2014:08:41:11 -0500] "GET /forest/documentos/1933673/2014EE163292.docx HTTP/1.1" 200 168934
201.245.192.253 - - [31/Oct/2014:08:41:13 -0500] "GET /v/wy46U16-dJg?adformat=2_9&version=3&showinfo=0&rel=0&controls=1&iv_load_policy=1 HTTP/1.1" 404 2773
201.245.192.253 - - [31/Oct/2014:08:41:14 -0500] "GET /galeria/carrusel/Carrusel/jquery-ui-%20%201.8.13.custom.min.js HTTP/1.1" 404 1018
94.23.19.178 - - [31/Oct/2014:08:41:15 -0500] "GET /chat/res/?C=D;O=D HTTP/1.0" 404 1019
201.245.192.253 - - [31/Oct/2014:08:41:15 -0500] "GET /galeria/carrusel/Carrusel/jquery.thumbnailScroller.css HTTP/1.1" 304 -
201.245.192.253 - - [31/Oct/2014:08:41:15 -0500] "GET /galeria/carrusel/Carrusel/jquery-ui-1.8.13.custom.min.js HTTP/1.1" 304 -
201.245.192.253 - - [31/Oct/2014:08:41:15 -0500] "GET /galeria/carrusel/Carrusel/jquery.thumbnailScroller.js HTTP/1.1" 304 -
186.29.177.77 - - [31/Oct/2014:08:41:19 -0500] "POST /forms/lservlet;jsessionid=ac16012b30d5d1cfdb6a824a464fbe11b9e606988bac.e3iSbxaKaheRe34Sa3yKbhiTahb0n6jAmljGr5XDqQLvpAe HTTP/1.1" 200 102
94.23.19.178 - - [31/Oct/2014:08:41:21 -0500] "GET /chat/res/?C=M;O=D HTTP/1.0" 404 1019
186.29.177.77 - - [31/Oct/2014:08:41:21 -0500] "POST /forms/lservlet;jsessionid=ac16012b30d5d1cfdb6a824a464fbe11b9e606988bac.e3iSbxaKaheRe34Sa3yKbhiTahb0n6jAmljGr5XDqQLvpAe HTTP/1.1" 200 8000
201.245.166.5 - - [31/Oct/2014:08:41:21 -0500] "GET /galeria/nivo-slider/demo/demo.html HTTP/1.1" 200 3492
186.29.177.77 - - [31/Oct/2014:08:41:21 -0500] "POST /forms/lservlet;jsessionid=ac16012b30d5d1cfdb6a824a464fbe11b9e606988bac.e3iSbxaKaheRe34Sa3yKbhiTahb0n6jAmljGr5XDqQLvpAe HTTP/1.1" 200 64
190.27.202.244 - - [31/Oct/2014:08:41:21 -0500] "GET /BLA/boletinlegal/js/jquery.js HTTP/1.1" 200 57254
190.27.202.244 - - [31/Oct/2014:08:41:21 -0500] "GET /BLA/boletinlegal/js/jquery.scrollShow.js HTTP/1.1" 200 4586
190.27.202.244 - - [31/Oct/2014:08:41:21 -0500] "GET /BLA/boletinlegal/js/jquery.scrollTo-min.js HTTP/1.1" 200 1150
201.245.166.5 - - [31/Oct/2014:08:41:21 -0500] "GET /galeria/nivo-slider/demo/images/Encuentro-Orqu%C3%ADdeas01.jpg HTTP/1.1" 200 86179
201.245.166.5 - - [31/Oct/2014:08:41:21 -0500] "GET /galeria/nivo-slider/demo/images/Encuentro-Orqu%C3%ADdeas02.jpg HTTP/1.1" 200 85602
190.27.202.244 - - [31/Oct/2014:08:41:22 -0500] "GET /galeria/carrusel/Carrusel/jquery.thumbnailScroller.css HTTP/1.1" 200 2066
190.27.202.244 - - [31/Oct/2014:08:41:22 -0500] "GET /galeria/carrusel/Carrusel/jquery-ui-1.8.13.custom.min.js HTTP/1.1" 200 10800
201.245.166.5 - - [31/Oct/2014:08:41:22 -0500] "GET /galeria/nivo-slider/demo/images/porloshumedales.jpg HTTP/1.1" 304 -
201.245.166.5 - - [31/Oct/2014:08:41:22 -0500] "GET /galeria/nivo-slider/demo/images/banner-aceite3.jpg HTTP/1.1" 304 -
190.27.202.244 - - [31/Oct/2014:08:41:22 -0500] "GET /galeria/carrusel/Carrusel/jquery.thumbnailScroller.js HTTP/1.1" 200 8157
201.245.166.5 - - [31/Oct/2014:08:41:22 -0500] "GET /galeria/nivo-slider/demo/images/banner-redes.jpg HTTP/1.1" 304 -
190.27.202.244 - - [31/Oct/2014:08:41:24 -0500] "GET /galeria/nivo-slider/demo/demo.html HTTP/1.1" 200 3492
190.27.202.244 - - [31/Oct/2014:08:41:24 -0500] "GET /galeria/nivo-slider/themes/default/default.css HTTP/1.1" 200 1569
190.27.202.244 - - [31/Oct/2014:08:41:24 -0500] "GET /galeria/nivo-slider/themes/pascal/pascal.css HTTP/1.1" 200 2258
190.27.202.244 - - [31/Oct/2014:08:41:24 -0500] "GET /galeria/nivo-slider/themes/orman/orman.css HTTP/1.1" 200 2152
190.27.202.244 - - [31/Oct/2014:08:41:24 -0500] "GET /galeria/nivo-slider/nivo-slider.css HTTP/1.1" 200 1507
190.27.202.244 - - [31/Oct/2014:08:41:24 -0500] "GET /galeria/nivo-slider/demo/images/Encuentro-Orqu%C3%ADdeas01.jpg HTTP/1.1" 200 86179
190.27.202.244 - - [31/Oct/2014:08:41:24 -0500] "GET /galeria/nivo-slider/demo/style.css HTTP/1.1" 200 2222
190.27.202.244 - - [31/Oct/2014:08:41:24 -0500] "GET /galeria/nivo-slider/demo/images/Encuentro-Orqu%C3%ADdeas02.jpg HTTP/1.1" 200 85602
190.147.166.178 - - [31/Oct/2014:08:41:24 -0500] "GET /BLA/resoluciones/RESOLUCIONES%202007/RES%202007%20301%20AL%20400/RESOLUCION%200357%20DE%202007.pdf HTTP/1.1" 200 579100
190.27.202.244 - - [31/Oct/2014:08:41:24 -0500] "GET /galeria/nivo-slider/demo/images/porloshumedales.jpg HTTP/1.1" 200 351238
190.27.202.244 - - [31/Oct/2014:08:41:24 -0500] "GET /galeria/nivo-slider/demo/images/banner-aceite3.jpg HTTP/1.1" 200 88347
190.27.202.244 - - [31/Oct/2014:08:41:24 -0500] "GET /galeria/nivo-slider/demo/images/Banner-Caracol-Africano.jpg HTTP/1.1" 200 331986
94.23.19.178 - - [31/Oct/2014:08:41:25 -0500] "GET /chat/res/?C=N;O=D HTTP/1.0" 404 1019
186.29.177.77 - - [31/Oct/2014:08:41:24 -0500] "POST /forms/lservlet;jsessionid=ac16012b30d5d1cfdb6a824a464fbe11b9e606988bac.e3iSbxaKaheRe34Sa3yKbhiTahb0n6jAmljGr5XDqQLvpAe HTTP/1.1" 200 34712
190.27.202.244 - - [31/Oct/2014:08:41:25 -0500] "GET /galeria/nivo-slider/demo/images/Tingua-azul.jpg HTTP/1.1" 200 307638
190.27.202.244 - - [31/Oct/2014:08:41:25 -0500] "GET /galeria/nivo-slider/demo/images/9Signos.jpg HTTP/1.1" 200 93040
190.147.166.178 - - [31/Oct/2014:08:41:25 -0500] "GET /BLA/resoluciones/RESOLUCIONES%202007/RES%202007%20301%20AL%20400/RESOLUCION%200357%20DE%202007.pdf HTTP/1.1" 206 32768
190.27.202.244 - - [31/Oct/2014:08:41:25 -0500] "GET /galeria/nivo-slider/demo/images/banner-redes.jpg HTTP/1.1" 200 62209
186.29.177.77 - - [31/Oct/2014:08:41:25 -0500] "GET /imagenes/listval.gif HTTP/1.1" 200 905
186.29.177.77 - - [31/Oct/2014:08:41:25 -0500] "GET /imagenes/tree1.gif HTTP/1.1" 200 1161
190.147.166.178 - - [31/Oct/2014:08:41:25 -0500] "GET /BLA/resoluciones/RESOLUCIONES%202007/RES%202007%20301%20AL%20400/RESOLUCION%200357%20DE%202007.pdf HTTP/1.1" 206 546332
190.27.202.244 - - [31/Oct/2014:08:41:25 -0500] "GET /galeria/nivo-slider/demo/images/banner-llantas2.jpg HTTP/1.1" 200 73153
186.29.177.77 - - [31/Oct/2014:08:41:25 -0500] "GET /imagenes/listval.gif HTTP/1.1" 200 905
190.27.202.244 - - [31/Oct/2014:08:41:25 -0500] "GET /galeria/nivo-slider/demo/images/banner-caballos.png HTTP/1.1" 200 389106
186.29.177.77 - - [31/Oct/2014:08:41:25 -0500] "GET /imagenes/CAMERA3.gif HTTP/1.1" 200 4150
186.29.177.77 - - [31/Oct/2014:08:41:25 -0500] "GET /imagenes/SLIDE1.gif HTTP/1.1" 200 1111
186.29.177.77 - - [31/Oct/2014:08:41:25 -0500] "GET /imagenes/flexcomb.gif HTTP/1.1" 200 1169
190.27.202.244 - - [31/Oct/2014:08:41:25 -0500] "GET /galeria/nivo-slider/demo/images/Hacienda_Molinos.jpg HTTP/1.1" 200 319171
186.29.177.77 - - [31/Oct/2014:08:41:26 -0500] "GET /imagenes/GO.gif HTTP/1.1" 200 904
186.29.177.77 - - [31/Oct/2014:08:41:26 -0500] "GET /imagenes/HRTOOLS.gif HTTP/1.1" 200 2238
190.27.202.244 - - [31/Oct/2014:08:41:26 -0500] "GET /galeria/nivo-slider/demo/images/bannerEcolecta3.jpg HTTP/1.1" 200 280034
190.27.202.244 - - [31/Oct/2014:08:41:26 -0500] "GET /galeria/nivo-slider/demo/scripts/jquery-1.7.1.min.js HTTP/1.1" 200 93868
186.29.177.77 - - [31/Oct/2014:08:41:26 -0500] "GET /imagenes/rt_rec1.gif HTTP/1.1" 200 867
186.29.177.77 - - [31/Oct/2014:08:41:26 -0500] "GET /imagenes/apply.gif HTTP/1.1" 200 903
186.29.177.77 - - [31/Oct/2014:08:41:26 -0500] "GET /imagenes/exit.gif HTTP/1.1" 200 916
186.29.177.77 - - [31/Oct/2014:08:41:26 -0500] "GET /imagenes/LISTVAL.gif HTTP/1.1" 200 905
186.29.177.77 - - [31/Oct/2014:08:41:26 -0500] "GET /imagenes/edit.gif HTTP/1.1" 200 919
186.29.177.77 - - [31/Oct/2014:08:41:26 -0500] "GET /imagenes/rt_rec4.gif HTTP/1.1" 200 865
186.29.177.77 - - [31/Oct/2014:08:41:26 -0500] "GET /imagenes/rt_rec3.gif HTTP/1.1" 200 844
186.29.177.77 - - [31/Oct/2014:08:41:26 -0500] "GET /imagenes/rt_rec2.gif HTTP/1.1" 200 847
186.29.177.77 - - [31/Oct/2014:08:41:26 -0500] "GET /imagenes/rt_rdel.gif HTTP/1.1" 200 899
186.29.177.77 - - [31/Oct/2014:08:41:26 -0500] "GET /imagenes/rt_radd.gif HTTP/1.1" 200 907
186.29.177.77 - - [31/Oct/2014:08:41:26 -0500] "GET /imagenes/rt_quer3.gif HTTP/1.1" 200 939
190.27.202.244 - - [31/Oct/2014:08:41:26 -0500] "GET /galeria/nivo-slider/jquery.nivo.slider.pack.js HTTP/1.1" 200 11561
186.29.177.77 - - [31/Oct/2014:08:41:26 -0500] "GET /imagenes/rt_quer2.gif HTTP/1.1" 200 936
186.29.177.77 - - [31/Oct/2014:08:41:26 -0500] "GET /imagenes/rt_quer1.gif HTTP/1.1" 200 930
186.29.177.77 - - [31/Oct/2014:08:41:26 -0500] "GET /imagenes/rt_save.gif HTTP/1.1" 200 903
190.27.202.244 - - [31/Oct/2014:08:41:26 -0500] "GET /galeria/nivo-slider/demo/images/4Simple_Slider.png HTTP/1.1" 200 11722
186.29.177.77 - - [31/Oct/2014:08:41:26 -0500] "GET /imagenes/rt_pset.gif HTTP/1.1" 200 914
186.29.177.77 - - [31/Oct/2014:08:41:27 -0500] "GET /imagenes/QUEJA.gif HTTP/1.1" 200 1091
186.29.177.77 - - [31/Oct/2014:08:41:27 -0500] "GET /imagenes/ARBOL.gif HTTP/1.1" 200 1026
190.27.202.244 - - [31/Oct/2014:08:41:27 -0500] "GET /galeria/nivo-slider/themes/default/loading.gif HTTP/1.1" 200 1737
186.29.177.77 - - [31/Oct/2014:08:41:27 -0500] "GET /imagenes/Clipboard.gif HTTP/1.1" 200 1466
186.29.177.77 - - [31/Oct/2014:08:41:27 -0500] "GET /imagenes/DINERO.gif HTTP/1.1" 200 1766
186.29.177.77 - - [31/Oct/2014:08:41:27 -0500] "GET /imagenes/URGENTE.gif HTTP/1.1" 200 964
186.29.177.77 - - [31/Oct/2014:08:41:27 -0500] "GET /imagenes/TREE4.gif HTTP/1.1" 200 4150
186.29.177.77 - - [31/Oct/2014:08:41:27 -0500] "POST /forms/lservlet;jsessionid=ac16012b30d5d1cfdb6a824a464fbe11b9e606988bac.e3iSbxaKaheRe34Sa3yKbhiTahb0n6jAmljGr5XDqQLvpAe HTTP/1.1" 200 7
186.29.177.77 - - [31/Oct/2014:08:41:27 -0500] "POST /forms/lservlet;jsessionid=ac16012b30d5d1cfdb6a824a464fbe11b9e606988bac.e3iSbxaKaheRe34Sa3yKbhiTahb0n6jAmljGr5XDqQLvpAe HTTP/1.1" 200 34
186.29.177.77 - - [31/Oct/2014:08:41:27 -0500] "POST /forms/lservlet;jsessionid=ac16012b30d5d1cfdb6a824a464fbe11b9e606988bac.e3iSbxaKaheRe34Sa3yKbhiTahb0n6jAmljGr5XDqQLvpAe HTTP/1.1" 200 2
190.27.202.244 - - [31/Oct/2014:08:41:27 -0500] "GET /galeria/nivo-slider/themes/default/arrows.png HTTP/1.1" 200 824
190.27.202.244 - - [31/Oct/2014:08:41:27 -0500] "GET /galeria/nivo-slider/themes/default/bullets.png HTTP/1.1" 200 1281
190.147.166.178 - - [31/Oct/2014:08:41:27 -0500] "GET /favicon.ico HTTP/1.1" 200 7782
186.29.177.77 - - [31/Oct/2014:08:41:29 -0500] "POST /forms/lservlet;jsessionid=ac16012b30d5d1cfdb6a824a464fbe11b9e606988bac.e3iSbxaKaheRe34Sa3yKbhiTahb0n6jAmljGr5XDqQLvpAe HTTP/1.1" 200 2
186.29.177.77 - - [31/Oct/2014:08:41:29 -0500] "POST /forms/lservlet;jsessionid=ac16012b30d5d1cfdb6a824a464fbe11b9e606988bac.e3iSbxaKaheRe34Sa3yKbhiTahb0n6jAmljGr5XDqQLvpAe HTTP/1.1" 200 699
186.29.177.77 - - [31/Oct/2014:08:41:29 -0500] "GET /imagenes/Srch_frw.gif HTTP/1.1" 200 925
186.29.177.77 - - [31/Oct/2014:08:41:29 -0500] "POST /forms/lservlet;jsessionid=ac16012b30d5d1cfdb6a824a464fbe11b9e606988bac.e3iSbxaKaheRe34Sa3yKbhiTahb0n6jAmljGr5XDqQLvpAe HTTP/1.1" 200 10
94.23.19.178 - - [31/Oct/2014:08:41:30 -0500] "GET /chat/res/?C=S;O=D HTTP/1.0" 404 1019
94.23.19.178 - - [31/Oct/2014:08:41:34 -0500] "GET /chat/src/?C=D;O=D HTTP/1.0" 404 1019
94.23.19.178 - - [31/Oct/2014:08:41:37 -0500] "GET /chat/src/?C=M;O=D HTTP/1.0" 404 1019
201.245.192.253 - - [31/Oct/2014:08:41:38 -0500] "GET /forest/css/escritorio.css?version=1410.211635 HTTP/1.1" 304 -
201.245.192.253 - - [31/Oct/2014:08:41:38 -0500] "GET /forest/css/autocomplete.css?version=1410.211635 HTTP/1.1" 304 -
201.245.192.253 - - [31/Oct/2014:08:41:38 -0500] "GET /forest/js/load_func.js?version=1410.211635 HTTP/1.1" 304 -
201.245.192.253 - - [31/Oct/2014:08:41:38 -0500] "GET /forest/js/dialog.js?version=1410.211635 HTTP/1.1" 304 -
201.245.192.253 - - [31/Oct/2014:08:41:38 -0500] "GET /forest/js/sarissa.js?version=1410.211635 HTTP/1.1" 304 -
201.245.192.253 - - [31/Oct/2014:08:41:38 -0500] "GET /forest/js/escritorio/escritorio.js?version=1410.211635 HTTP/1.1" 304 -
201.245.192.253 - - [31/Oct/2014:08:41:38 -0500] "GET /forest/1ibre/protoaculous.js?version=1410.211635 HTTP/1.1" 304 -
201.245.192.253 - - [31/Oct/2014:08:41:38 -0500] "GET /forest/js/autocompletar2.js?version=1410.211635 HTTP/1.1" 304 -
201.245.192.253 - - [31/Oct/2014:08:41:38 -0500] "GET /forest/js/internJS.js?version=1410.211635 HTTP/1.1" 304 -
201.245.192.253 - - [31/Oct/2014:08:41:38 -0500] "GET /forest/1ibre/jscalendar/calendar.js?version=1410.211635 HTTP/1.1" 304 -
201.245.192.253 - - [31/Oct/2014:08:41:38 -0500] "GET /forest/1ibre/jscalendar/lang/calendar-es.js?version=1410.211635 HTTP/1.1" 304 -
201.245.192.253 - - [31/Oct/2014:08:41:38 -0500] "GET /forest/1ibre/jscalendar/calendar-setup.js?version=1410.211635 HTTP/1.1" 304 -
201.245.192.253 - - [31/Oct/2014:08:41:38 -0500] "GET /forest/1ibre/1ibre.js?version=1410.211635 HTTP/1.1" 304 -
201.245.192.253 - - [31/Oct/2014:08:41:38 -0500] "GET /forest/js/xml_utilities.js?version=1410.211635 HTTP/1.1" 304 -
201.245.192.253 - - [31/Oct/2014:08:41:38 -0500] "GET /forest/buscar.do HTTP/1.1" 200 97220
201.245.192.253 - - [31/Oct/2014:08:41:39 -0500] "GET /forest/json.do?query=usersByDep&coddep=13 HTTP/1.1" 200 3615
201.245.192.253 - - [31/Oct/2014:08:41:39 -0500] "GET /forest/json.do?query=usersByDep&coddep=13 HTTP/1.1" 200 3615
190.27.194.138 - - [31/Oct/2014:08:41:40 -0500] "GET /catalogoisis/imagenes/limpiar2.gif HTTP/1.1" 200 589
94.23.19.178 - - [31/Oct/2014:08:41:40 -0500] "GET /chat/src/?C=N;O=D HTTP/1.0" 404 1019
94.23.19.178 - - [31/Oct/2014:08:41:43 -0500] "GET /chat/src/?C=S;O=D HTTP/1.0" 404 1019
188.165.15.19 - - [31/Oct/2014:08:41:45 -0500] "GET /BLA/resoluciones/RESOLUCIONES%202003/RES%202003%20051-100/2003RES51.tif HTTP/1.1" 200 177112
201.245.192.253 - - [31/Oct/2014:08:41:48 -0500] "GET /v/K4VSjfbrBbo?adformat=2_9&version=3&showinfo=0&rel=0&controls=1&iv_load_policy=1 HTTP/1.1" 404 2891
201.245.192.253 - - [31/Oct/2014:08:41:48 -0500] "GET /v/CHe508AnKvo?adformat=2_9&version=3&showinfo=0&rel=0&controls=1&iv_load_policy=1 HTTP/1.1" 404 2919
201.245.192.253 - - [31/Oct/2014:08:41:48 -0500] "GET /v/XYyEQ5AhxrI?adformat=2_9&version=3&showinfo=0&rel=0&controls=1&iv_load_policy=1 HTTP/1.1" 404 1333
186.29.177.77 - - [31/Oct/2014:08:41:48 -0500] "POST /forms/lservlet;jsessionid=ac16012b30d5d1cfdb6a824a464fbe11b9e606988bac.e3iSbxaKaheRe34Sa3yKbhiTahb0n6jAmljGr5XDqQLvpAe HTTP/1.1" 200 24
190.27.194.138 - - [31/Oct/2014:08:41:48 -0500] "GET /catalogoisis/imagenes/aceptar2.gif HTTP/1.1" 200 586
186.29.177.77 - - [31/Oct/2014:08:41:48 -0500] "POST /forms/lservlet;jsessionid=ac16012b30d5d1cfdb6a824a464fbe11b9e606988bac.e3iSbxaKaheRe34Sa3yKbhiTahb0n6jAmljGr5XDqQLvpAe HTTP/1.1" 200 4930
201.245.192.253 - - [31/Oct/2014:08:41:49 -0500] "GET /v/eC-i6vB1_JI?adformat=2_9&version=3&showinfo=0&rel=0&controls=1&iv_load_policy=1 HTTP/1.1" 404 2773
186.29.177.77 - - [31/Oct/2014:08:41:49 -0500] "POST /forms/lservlet;jsessionid=ac16012b30d5d1cfdb6a824a464fbe11b9e606988bac.e3iSbxaKaheRe34Sa3yKbhiTahb0n6jAmljGr5XDqQLvpAe HTTP/1.1" 200 2
94.23.19.178 - - [31/Oct/2014:08:41:49 -0500] "GET /counter/?C=N;O=A HTTP/1.0" 404 1019
180.76.5.26 - - [31/Oct/2014:08:41:49 -0500] "GET /BLA/resoluciones/AUTOS%202010/4857.pdf HTTP/1.1" 200 252135
181.50.248.222 - - [31/Oct/2014:08:41:51 -0500] "GET /catalogoisis/Diccionario.php?i=4&form=0&element=6&prefix=es-&first=yes HTTP/1.1" 200 4203
190.27.194.138 - - [31/Oct/2014:08:41:51 -0500] "GET /catalogoisis/Css/Diccionario.css HTTP/1.1" 200 1478
181.50.248.222 - - [31/Oct/2014:08:41:51 -0500] "GET /catalogoisis/Js/CriterioDiccionario.js HTTP/1.1" 200 608
181.50.248.222 - - [31/Oct/2014:08:41:51 -0500] "GET /catalogoisis/Js/LimpiarDiccionario.js HTTP/1.1" 200 98
181.50.248.168 - - [31/Oct/2014:08:41:51 -0500] "GET /catalogoisis/Js/Diccionario.js HTTP/1.1" 200 999
94.23.19.178 - - [31/Oct/2014:08:41:52 -0500] "GET /counter/?C=S;O=D HTTP/1.0" 404 1019
181.50.248.168 - - [31/Oct/2014:08:41:54 -0500] "GET /catalogoisis/imagenes/aceptar2.gif HTTP/1.1" 200 586
172.22.2.1 - - [31/Oct/2014:08:41:54 -0500] "GET /galeria/nivo-slider/demo/demo.html HTTP/1.1" 200 3492
172.22.2.1 - - [31/Oct/2014:08:41:55 -0500] "GET /galeria/nivo-slider/demo/images/Encuentro-Orqu%C3%ADdeas02.jpg HTTP/1.1" 200 85602
172.22.2.1 - - [31/Oct/2014:08:41:55 -0500] "GET /galeria/nivo-slider/demo/images/Encuentro-Orqu%C3%ADdeas01.jpg HTTP/1.1" 200 86179
172.22.2.1 - - [31/Oct/2014:08:41:55 -0500] "GET /galeria/nivo-slider/demo/images/porloshumedales.jpg HTTP/1.1" 304 -
172.22.2.1 - - [31/Oct/2014:08:41:55 -0500] "GET /galeria/nivo-slider/demo/images/banner-aceite3.jpg HTTP/1.1" 304 -
172.22.2.1 - - [31/Oct/2014:08:41:55 -0500] "GET /galeria/nivo-slider/demo/images/Banner-Caracol-Africano.jpg HTTP/1.1" 304 -
172.22.2.1 - - [31/Oct/2014:08:41:55 -0500] "GET /galeria/nivo-slider/demo/images/9Signos.jpg HTTP/1.1" 304 -
172.22.2.1 - - [31/Oct/2014:08:41:55 -0500] "GET /galeria/nivo-slider/demo/images/banner-caballos.png HTTP/1.1" 304 -
172.22.2.1 - - [31/Oct/2014:08:41:55 -0500] "GET /galeria/nivo-slider/demo/images/bannerEcolecta3.jpg HTTP/1.1" 304 -
181.50.248.222 - - [31/Oct/2014:08:41:55 -0500] "GET /catalogoisis/imagenes/limpiar2.gif HTTP/1.1" 200 589
190.125.206.36 - - [31/Oct/2014:08:41:55 -0500] "GET /galeria/carrusel/Carrusel/jquery.thumbnailScroller.css HTTP/1.1" 200 2066
190.125.206.36 - - [31/Oct/2014:08:41:55 -0500] "GET /BLA/boletinlegal/js/jquery.scrollTo-min.js HTTP/1.1" 200 1150
190.125.206.36 - - [31/Oct/2014:08:41:55 -0500] "GET /galeria/carrusel/Carrusel/jquery-ui-1.8.13.custom.min.js HTTP/1.1" 200 10800
190.125.206.36 - - [31/Oct/2014:08:41:55 -0500] "GET /BLA/boletinlegal/js/jquery.js HTTP/1.1" 200 57254
190.125.206.36 - - [31/Oct/2014:08:41:55 -0500] "GET /BLA/boletinlegal/js/jquery.scrollShow.js HTTP/1.1" 200 4586
190.125.206.36 - - [31/Oct/2014:08:41:55 -0500] "GET /galeria/carrusel/Carrusel/jquery.thumbnailScroller.js HTTP/1.1" 200 8157
181.50.248.222 - - [31/Oct/2014:08:41:55 -0500] "GET /catalogoisis/imagenes/limpiar2.gif HTTP/1.1" 200 589
186.29.177.77 - - [31/Oct/2014:08:41:55 -0500] "POST /forms/lservlet;jsessionid=ac16012b30d5d1cfdb6a824a464fbe11b9e606988bac.e3iSbxaKaheRe34Sa3yKbhiTahb0n6jAmljGr5XDqQLvpAe HTTP/1.1" 200 2
94.23.19.178 - - [31/Oct/2014:08:41:56 -0500] "GET /counter/doc/?C=D;O=D HTTP/1.0" 404 1019
186.29.177.77 - - [31/Oct/2014:08:41:55 -0500] "POST /forms/lservlet;jsessionid=ac16012b30d5d1cfdb6a824a464fbe11b9e606988bac.e3iSbxaKaheRe34Sa3yKbhiTahb0n6jAmljGr5XDqQLvpAe HTTP/1.1" 200 14
190.27.194.138 - - [31/Oct/2014:08:41:57 -0500] "GET /catalogoisis/imagenes/aceptar2.gif HTTP/1.1" 200 586
190.24.224.226 - - [31/Oct/2014:08:41:57 -0500] "GET /catalogoisis/imagenes/aceptar2.gif HTTP/1.1" 200 586
94.23.19.178 - - [31/Oct/2014:08:41:57 -0500] "GET /counter/doc/?C=M;O=D HTTP/1.0" 404 1019
186.29.177.77 - - [31/Oct/2014:08:41:57 -0500] "POST /forms/lservlet;jsessionid=ac16012b30d5d1cfdb6a824a464fbe11b9e606988bac.e3iSbxaKaheRe34Sa3yKbhiTahb0n6jAmljGr5XDqQLvpAe HTTP/1.1" 200 14
201.245.192.253 - - [31/Oct/2014:08:41:58 -0500] "GET /v/gF1XcmQg76o?adformat=2_9&version=3&showinfo=0&rel=0&controls=1&iv_load_policy=1 HTTP/1.1" 404 2731
186.29.177.77 - - [31/Oct/2014:08:41:58 -0500] "POST /forms/lservlet;jsessionid=ac16012b30d5d1cfdb6a824a464fbe11b9e606988bac.e3iSbxaKaheRe34Sa3yKbhiTahb0n6jAmljGr5XDqQLvpAe HTTP/1.1" 200 78
186.29.177.77 - - [31/Oct/2014:08:41:58 -0500] "POST /forms/lservlet;jsessionid=ac16012b30d5d1cfdb6a824a464fbe11b9e606988bac.e3iSbxaKaheRe34Sa3yKbhiTahb0n6jAmljGr5XDqQLvpAe HTTP/1.1" 200 2
201.245.192.253 - - [31/Oct/2014:08:41:59 -0500] "GET /v/wy46U16-dJg?adformat=2_9&version=3&showinfo=0&rel=0&controls=1&iv_load_policy=1 HTTP/1.1" 404 2743
172.22.2.1 - - [31/Oct/2014:08:42:00 -0500] "GET /autoliquidacion/ HTTP/1.1" 200 6375
94.23.19.178 - - [31/Oct/2014:08:42:01 -0500] "GET /counter/doc/?C=N;O=D HTTP/1.0" 404 1019
190.125.206.36 - - [31/Oct/2014:08:42:01 -0500] "GET /galeria/nivo-slider/demo/demo.html HTTP/1.1" 200 3492
190.125.206.36 - - [31/Oct/2014:08:42:02 -0500] "GET /galeria/nivo-slider/themes/default/default.css HTTP/1.1" 200 1569
190.125.206.36 - - [31/Oct/2014:08:42:02 -0500] "GET /galeria/nivo-slider/themes/orman/orman.css HTTP/1.1" 200 2152
181.50.248.222 - - [31/Oct/2014:08:42:02 -0500] "GET /catalogoisis/imagenes/limpiar2.gif HTTP/1.1" 200 589
190.125.206.36 - - [31/Oct/2014:08:42:02 -0500] "GET /galeria/nivo-slider/nivo-slider.css HTTP/1.1" 200 1507
190.125.206.36 - - [31/Oct/2014:08:42:02 -0500] "GET /galeria/nivo-slider/themes/pascal/pascal.css HTTP/1.1" 200 2258
190.125.206.36 - - [31/Oct/2014:08:42:02 -0500] "GET /galeria/nivo-slider/demo/style.css HTTP/1.1" 200 2222
190.125.206.36 - - [31/Oct/2014:08:42:02 -0500] "GET /galeria/nivo-slider/demo/images/Encuentro-Orqu%C3%ADdeas01.jpg HTTP/1.1" 200 86179
190.125.206.36 - - [31/Oct/2014:08:42:02 -0500] "GET /galeria/nivo-slider/demo/images/Banner-Caracol-Africano.jpg HTTP/1.1" 200 331986
190.125.206.36 - - [31/Oct/2014:08:42:02 -0500] "GET /galeria/nivo-slider/demo/images/Encuentro-Orqu%C3%ADdeas02.jpg HTTP/1.1" 200 85602
190.125.206.36 - - [31/Oct/2014:08:42:02 -0500] "GET /galeria/nivo-slider/demo/images/banner-aceite3.jpg HTTP/1.1" 200 88347
190.125.206.36 - - [31/Oct/2014:08:42:02 -0500] "GET /galeria/nivo-slider/demo/images/banner-redes.jpg HTTP/1.1" 200 62209
190.125.206.36 - - [31/Oct/2014:08:42:02 -0500] "GET /galeria/nivo-slider/demo/images/porloshumedales.jpg HTTP/1.1" 200 351238
181.50.248.222 - - [31/Oct/2014:08:42:03 -0500] "GET /catalogoisis/imagenes/limpiar2.gif HTTP/1.1" 200 589
190.125.206.36 - - [31/Oct/2014:08:42:04 -0500] "GET /galeria/nivo-slider/demo/images/Tingua-azul.jpg HTTP/1.1" 200 307638
190.125.206.36 - - [31/Oct/2014:08:42:04 -0500] "GET /galeria/nivo-slider/demo/images/Hacienda_Molinos.jpg HTTP/1.1" 200 319171
181.50.248.222 - - [31/Oct/2014:08:42:04 -0500] "GET /catalogoisis/imagenes/limpiar2.gif HTTP/1.1" 200 589
94.23.19.178 - - [31/Oct/2014:08:42:04 -0500] "GET /counter/doc/?C=S;O=D HTTP/1.0" 404 1019
181.50.248.222 - - [31/Oct/2014:08:42:05 -0500] "GET /catalogoisis/imagenes/aceptar2.gif HTTP/1.1" 200 586
190.125.206.36 - - [31/Oct/2014:08:42:05 -0500] "GET /galeria/nivo-slider/demo/images/9Signos.jpg HTTP/1.1" 200 93040
94.23.19.178 - - [31/Oct/2014:08:42:06 -0500] "GET /counter/pages/2006inicio.php.txt HTTP/1.0" 404 1019
190.125.206.36 - - [31/Oct/2014:08:42:06 -0500] "GET /galeria/nivo-slider/demo/images/bannerEcolecta3.jpg HTTP/1.1" 200 280034
181.50.248.222 - - [31/Oct/2014:08:42:06 -0500] "GET /catalogoisis/imagenes/click.gif HTTP/1.1" 200 398
186.29.177.77 - - [31/Oct/2014:08:42:07 -0500] "POST /forms/lservlet;jsessionid=ac16012b30d5d1cfdb6a824a464fbe11b9e606988bac.e3iSbxaKaheRe34Sa3yKbhiTahb0n6jAmljGr5XDqQLvpAe HTTP/1.1" 200 2
186.29.177.77 - - [31/Oct/2014:08:42:07 -0500] "POST /forms/lservlet;jsessionid=ac16012b30d5d1cfdb6a824a464fbe11b9e606988bac.e3iSbxaKaheRe34Sa3yKbhiTahb0n6jAmljGr5XDqQLvpAe HTTP/1.1" 200 97
186.29.177.77 - - [31/Oct/2014:08:42:08 -0500] "POST /forms/lservlet;jsessionid=ac16012b30d5d1cfdb6a824a464fbe11b9e606988bac.e3iSbxaKaheRe34Sa3yKbhiTahb0n6jAmljGr5XDqQLvpAe HTTP/1.1" 200 2
172.22.2.1 - - [31/Oct/2014:08:42:08 -0500] "GET /autoliquidacion/index.php?dir=Solicitudes+relacionadas+con+calidad+del+aire+auditiva+y+visual%2F HTTP/1.1" 200 5748
186.29.177.77 - - [31/Oct/2014:08:42:08 -0500] "POST /forms/lservlet;jsessionid=ac16012b30d5d1cfdb6a824a464fbe11b9e606988bac.e3iSbxaKaheRe34Sa3yKbhiTahb0n6jAmljGr5XDqQLvpAe HTTP/1.1" 200 2
66.249.64.163 - - [31/Oct/2014:08:42:08 -0500] "GET /BLA/resoluciones/AUTOS%202008/2136.pdf HTTP/1.1" 200 77758
94.23.19.178 - - [31/Oct/2014:08:42:09 -0500] "GET /counter/pages/?C=D;O=A HTTP/1.0" 404 1019
190.125.206.36 - - [31/Oct/2014:08:42:09 -0500] "GET /galeria/nivo-slider/demo/images/banner-llantas2.jpg HTTP/1.1" 200 73153
186.29.177.77 - - [31/Oct/2014:08:42:09 -0500] "POST /forms/lservlet;jsessionid=ac16012b30d5d1cfdb6a824a464fbe11b9e606988bac.e3iSbxaKaheRe34Sa3yKbhiTahb0n6jAmljGr5XDqQLvpAe HTTP/1.1" 200 28
186.29.177.77 - - [31/Oct/2014:08:42:10 -0500] "POST /forms/lservlet;jsessionid=ac16012b30d5d1cfdb6a824a464fbe11b9e606988bac.e3iSbxaKaheRe34Sa3yKbhiTahb0n6jAmljGr5XDqQLvpAe HTTP/1.1" 200 2
190.125.206.36 - - [31/Oct/2014:08:42:10 -0500] "GET /galeria/nivo-slider/jquery.nivo.slider.pack.js HTTP/1.1" 200 11561
190.125.206.36 - - [31/Oct/2014:08:42:10 -0500] "GET /galeria/nivo-slider/demo/images/banner-caballos.png HTTP/1.1" 200 389106
172.22.2.1 - - [31/Oct/2014:08:42:10 -0500] "GET /autoliquidacion/index.php?dir=Solicitudes+relacionadas+con+calidad+del+aire+auditiva+y+visual%2FRegistro+de+Elementos+de+publicidad+Exterior+Visual%2F HTTP/1.1" 200 4038
94.23.19.178 - - [31/Oct/2014:08:42:11 -0500] "GET /documentos/?C=S;O=D HTTP/1.0" 404 1019
186.29.177.77 - - [31/Oct/2014:08:42:10 -0500] "POST /forms/lservlet;jsessionid=ac16012b30d5d1cfdb6a824a464fbe11b9e606988bac.e3iSbxaKaheRe34Sa3yKbhiTahb0n6jAmljGr5XDqQLvpAe HTTP/1.1" 200 14
190.125.206.36 - - [31/Oct/2014:08:42:11 -0500] "GET /galeria/nivo-slider/demo/scripts/jquery-1.7.1.min.js HTTP/1.1" 200 93868
190.125.206.36 - - [31/Oct/2014:08:42:11 -0500] "GET /galeria/nivo-slider/demo/images/4Simple_Slider.png HTTP/1.1" 200 11722
190.125.206.36 - - [31/Oct/2014:08:42:11 -0500] "GET /galeria/nivo-slider/themes/default/loading.gif HTTP/1.1" 200 1737
186.29.177.77 - - [31/Oct/2014:08:42:11 -0500] "POST /forms/lservlet;jsessionid=ac16012b30d5d1cfdb6a824a464fbe11b9e606988bac.e3iSbxaKaheRe34Sa3yKbhiTahb0n6jAmljGr5XDqQLvpAe HTTP/1.1" 200 130
186.29.177.77 - - [31/Oct/2014:08:42:12 -0500] "POST /forms/lservlet;jsessionid=ac16012b30d5d1cfdb6a824a464fbe11b9e606988bac.e3iSbxaKaheRe34Sa3yKbhiTahb0n6jAmljGr5XDqQLvpAe HTTP/1.1" 200 2
186.29.177.77 - - [31/Oct/2014:08:42:12 -0500] "GET /reports/rwservlet/getjobid331864?server=rep_srvapsda HTTP/1.1" 200 83799
94.23.19.178 - - [31/Oct/2014:08:42:12 -0500] "GET /documentosIntranet/CertificadoAportes/?C=N;O=A HTTP/1.0" 404 1019
66.249.64.167 - - [31/Oct/2014:08:42:13 -0500] "GET /BLA/resoluciones/AUTOS%202009/0530.pdf HTTP/1.1" 200 365571
94.23.19.178 - - [31/Oct/2014:08:42:15 -0500] "GET /documentosIntranet/fichasEBI/?C=N;O=A HTTP/1.0" 404 1019
94.23.19.178 - - [31/Oct/2014:08:42:16 -0500] "GET /errores/Diciembre/?C=N;O=A HTTP/1.0" 404 1019
201.245.192.253 - - [31/Oct/2014:08:42:17 -0500] "GET /isolucionsda/FramesetArticulo.asp?Pagina=bancoconocimiento%2FF%2FFichatecnicaencuestadePercepcionProgramaGAE2014%2FFichatecnicaencuestadePercepcionProgramaGAE2014%2Easp&IdArticulo=7290&Codigo=&Fecha=&Version=&Procedimiento=&cliente= HTTP/1.1" 200 7421
201.245.192.253 - - [31/Oct/2014:08:42:17 -0500] "GET /isolucionsda/Arriba.asp?Pagina=bancoconocimiento%2FF%2FFichatecnicaencuestadePercepcionProgramaGAE2014%2FFichatecnicaencuestadePercepcionProgramaGAE2014%2Easp&IdArticulo=7290&Codigo=&Fecha=&Version=&Procedimiento=&cliente= HTTP/1.1" 200 9849
201.245.192.253 - - [31/Oct/2014:08:42:17 -0500] "GET /isolucionsda/bancoconocimiento/F/FichatecnicaencuestadePercepcionProgramaGAE2014/FichatecnicaencuestadePercepcionProgramaGAE2014.asp?IdArticulo=7290 HTTP/1.1" 302 195
94.23.19.178 - - [31/Oct/2014:08:42:18 -0500] "GET /even1/?C=N;O=A HTTP/1.0" 404 1019
190.125.206.36 - - [31/Oct/2014:08:42:19 -0500] "GET /galeria/nivo-slider/themes/default/arrows.png HTTP/1.1" 200 824
190.125.206.36 - - [31/Oct/2014:08:42:20 -0500] "GET /galeria/nivo-slider/themes/default/bullets.png HTTP/1.1" 200 1281
94.23.19.178 - - [31/Oct/2014:08:42:20 -0500] "GET /even2/?C=D;O=D HTTP/1.0" 404 1019
201.245.192.253 - - [31/Oct/2014:08:42:22 -0500] "GET /v/eC-i6vB1_JI?adformat=2_9&version=3&showinfo=0&rel=0&controls=1&iv_load_policy=1 HTTP/1.1" 404 2779
94.23.19.178 - - [31/Oct/2014:08:42:24 -0500] "GET /even2/?C=M;O=D HTTP/1.0" 404 1019
94.23.19.178 - - [31/Oct/2014:08:42:26 -0500] "GET /even2/?C=S;O=D HTTP/1.0" 404 1019
94.23.19.178 - - [31/Oct/2014:08:42:28 -0500] "GET /fur/?C=D;O=D HTTP/1.0" 404 1019
94.23.19.178 - - [31/Oct/2014:08:42:31 -0500] "GET /fur/?C=M;O=D HTTP/1.0" 404 1019
94.23.19.178 - - [31/Oct/2014:08:42:32 -0500] "GET /fur/?C=S;O=D HTTP/1.0" 404 1019
181.135.188.205 - - [31/Oct/2014:08:42:33 -0500] "GET /isolucionsda/g/Bot_RiesgosOver_ESP.jpg HTTP/1.1" 200 4907
94.23.19.178 - - [31/Oct/2014:08:42:34 -0500] "GET /galeria/Carrusel2/?C=D;O=D HTTP/1.0" 200 2147
94.23.19.178 - - [31/Oct/2014:08:42:36 -0500] "GET /galeria/Carrusel2/?C=M;O=D HTTP/1.0" 200 2147
186.83.16.165 - - [31/Oct/2014:08:42:37 -0500] "GET /BLA/boletinlegal/js/jquery.scrollTo-min.js HTTP/1.1" 200 1150
186.83.16.165 - - [31/Oct/2014:08:42:37 -0500] "GET /BLA/boletinlegal/js/jquery.js HTTP/1.1" 200 57254
186.83.16.165 - - [31/Oct/2014:08:42:37 -0500] "GET /BLA/boletinlegal/js/jquery.scrollShow.js HTTP/1.1" 200 4586
94.23.19.178 - - [31/Oct/2014:08:42:37 -0500] "GET /galeria/Carrusel2/?C=N;O=D HTTP/1.0" 200 2147
201.245.192.253 - - [31/Oct/2014:08:42:39 -0500] "GET /plugins/like.php?href=http%3A%2F%2Fwww.facebook.com%2Fgoplaceit%3Cspan%20class=%22translation_missing%22%20title=%22translation%20missing:%20es-CO.country%22%3ECountry%3C/span%3E&send=false&layout=standard&width=200&show_faces=false&font&colorscheme=light&action=like&height=64&appId=393195847426674 HTTP/1.1" 404 1388
94.23.19.178 - - [31/Oct/2014:08:42:39 -0500] "GET /galeria/Carrusel2/?C=S;O=D HTTP/1.0" 200 2147
180.76.6.36 - - [31/Oct/2014:08:42:41 -0500] "GET /BLA/resoluciones/AUTOS%202009/3121.pdf HTTP/1.1" 200 152209
94.23.19.178 - - [31/Oct/2014:08:42:41 -0500] "GET /galeria/carrusel/Carrusel/?C=N;O=D HTTP/1.0" 200 2900
186.29.177.77 - - [31/Oct/2014:08:42:41 -0500] "POST /forms/lservlet;jsessionid=ac16012b30d5d1cfdb6a824a464fbe11b9e606988bac.e3iSbxaKaheRe34Sa3yKbhiTahb0n6jAmljGr5XDqQLvpAe HTTP/1.1" 200 2
186.29.177.77 - - [31/Oct/2014:08:42:41 -0500] "POST /forms/lservlet;jsessionid=ac16012b30d5d1cfdb6a824a464fbe11b9e606988bac.e3iSbxaKaheRe34Sa3yKbhiTahb0n6jAmljGr5XDqQLvpAe HTTP/1.1" 200 45
186.29.177.77 - - [31/Oct/2014:08:42:42 -0500] "POST /forms/lservlet;jsessionid=ac16012b30d5d1cfdb6a824a464fbe11b9e606988bac.e3iSbxaKaheRe34Sa3yKbhiTahb0n6jAmljGr5XDqQLvpAe HTTP/1.1" 200 2
94.23.19.178 - - [31/Oct/2014:08:42:43 -0500] "GET /galeria/carrusel/Carrusel/?C=S;O=A HTTP/1.0" 200 2900
94.23.19.178 - - [31/Oct/2014:08:42:44 -0500] "GET /galeria/carrusel/Carrusel/jquery-ui-1.8.13.custom.min.js HTTP/1.0" 200 10800
186.29.177.77 - - [31/Oct/2014:08:42:46 -0500] "POST /forms/lservlet;jsessionid=ac16012b30d5d1cfdb6a824a464fbe11b9e606988bac.e3iSbxaKaheRe34Sa3yKbhiTahb0n6jAmljGr5XDqQLvpAe HTTP/1.1" 200 2
181.50.248.222 - - [31/Oct/2014:08:42:46 -0500] "GET /catalogoisis/Diccionario.php?i=0&form=0&element=2&prefix=au-&first=yes HTTP/1.1" 200 4197
186.29.177.77 - - [31/Oct/2014:08:42:46 -0500] "POST /forms/lservlet;jsessionid=ac16012b30d5d1cfdb6a824a464fbe11b9e606988bac.e3iSbxaKaheRe34Sa3yKbhiTahb0n6jAmljGr5XDqQLvpAe HTTP/1.1" 200 14
186.29.177.77 - - [31/Oct/2014:08:42:47 -0500] "POST /forms/lservlet;jsessionid=ac16012b30d5d1cfdb6a824a464fbe11b9e606988bac.e3iSbxaKaheRe34Sa3yKbhiTahb0n6jAmljGr5XDqQLvpAe HTTP/1.1" 200 116
186.29.177.77 - - [31/Oct/2014:08:42:47 -0500] "POST /forms/lservlet;jsessionid=ac16012b30d5d1cfdb6a824a464fbe11b9e606988bac.e3iSbxaKaheRe34Sa3yKbhiTahb0n6jAmljGr5XDqQLvpAe HTTP/1.1" 200 2
186.29.177.77 - - [31/Oct/2014:08:42:47 -0500] "GET /reports/rwservlet/getjobid331866?server=rep_srvapsda HTTP/1.1" 200 82739
94.23.19.178 - - [31/Oct/2014:08:42:48 -0500] "GET /galeria/carrusel/Carrusel/jquery.thumbnailScroller.css HTTP/1.0" 200 2066
94.23.19.178 - - [31/Oct/2014:08:42:49 -0500] "GET /galeria/carrusel/Carrusel/jquery.thumbnailScroller.js HTTP/1.0" 200 8157
94.23.19.178 - - [31/Oct/2014:08:42:53 -0500] "GET /galeria/carrusel/Carrusel/jquery_thumbnail_scroller.html HTTP/1.0" 200 4405
188.165.15.19 - - [31/Oct/2014:08:42:55 -0500] "GET /BLA/resoluciones/RESOLUCIONES%202002/RES%202002%20651-700/00000690.tif HTTP/1.1" 200 112870
94.23.19.178 - - [31/Oct/2014:08:42:56 -0500] "GET /galeria/carrusel/Carrusel/jquery_thumbnail_scroller_horizontal_full.html HTTP/1.0" 200 4236
186.29.177.77 - - [31/Oct/2014:08:42:57 -0500] "POST /forms/lservlet;jsessionid=ac16012b30d5d1cfdb6a824a464fbe11b9e606988bac.e3iSbxaKaheRe34Sa3yKbhiTahb0n6jAmljGr5XDqQLvpAe HTTP/1.1" 200 2
94.23.19.178 - - [31/Oct/2014:08:42:57 -0500] "GET /galeria/carrusel/Carrusel/jquery_thumbnail_scroller_vertical.html HTTP/1.0" 200 3683
94.23.19.178 - - [31/Oct/2014:08:42:59 -0500] "GET /galeria/carrusel/Carrusel/jquery_thumbnail_scroller_vertical_full.html HTTP/1.0" 200 3709
94.23.19.178 - - [31/Oct/2014:08:43:03 -0500] "GET /galeria/juegos/?C=D;O=D HTTP/1.0" 200 2031
94.23.19.178 - - [31/Oct/2014:08:43:06 -0500] "GET /galeria/juegos/?C=M;O=D HTTP/1.0" 200 2031
201.245.192.253 - - [31/Oct/2014:08:43:07 -0500] "GET /plugins/like.php?action=like&app_id=&channel=http%3A%2F%2Fstatic.ak.facebook.com%2Fconnect%2Fxd_arbiter%2FehazDpFPEnK.js%3Fversion%3D41%23cb%3Df3c2345828a356%26domain%3Dwww.elespectador.com%26origin%3Dhttp%253A%252F%252Fwww.elespectador.com%252Ff10d2cf5097c229%26relation%3Dparent.parent&href=https%3A%2F%2Fwww.facebook.com%2Felespectadorcom&layout=button&locale=es_LA&sdk=joey&share=false&show_faces=false HTTP/1.1" 404 1416
201.245.192.253 - - [31/Oct/2014:08:43:07 -0500] "GET /plugins/like.php?action=like&app_id=&channel=http%3A%2F%2Fstatic.ak.facebook.com%2Fconnect%2Fxd_arbiter%2FehazDpFPEnK.js%3Fversion%3D41%23cb%3Df39ad0892b77bd8%26domain%3Dwww.elespectador.com%26origin%3Dhttp%253A%252F%252Fwww.elespectador.com%252Ff10d2cf5097c229%26relation%3Dparent.parent&href=http%3A%2F%2Fwww.elespectador.com%2F&layout=standard&locale=es_LA&sdk=joey&share=true&show_faces=false&width=450 HTTP/1.1" 404 1416
201.245.192.253 - - [31/Oct/2014:08:43:07 -0500] "GET /plugins/like.php?action=like&app_id=&channel=http%3A%2F%2Fstatic.ak.facebook.com%2Fconnect%2Fxd_arbiter%2FehazDpFPEnK.js%3Fversion%3D41%23cb%3Df1fd3ba3f752656%26domain%3Dwww.elespectador.com%26origin%3Dhttp%253A%252F%252Fwww.elespectador.com%252Ff10d2cf5097c229%26relation%3Dparent.parent&href=https%3A%2F%2Fwww.facebook.com%2Felespectadorcom&layout=button&locale=es_LA&sdk=joey&share=false&show_faces=false HTTP/1.1" 404 1416
201.245.192.253 - - [31/Oct/2014:08:43:07 -0500] "GET /plugins/like.php?action=like&app_id=&channel=http%3A%2F%2Fstatic.ak.facebook.com%2Fconnect%2Fxd_arbiter%2FehazDpFPEnK.js%3Fversion%3D41%23cb%3Df50bf0ecb1eb28%26domain%3Dwww.elespectador.com%26origin%3Dhttp%253A%252F%252Fwww.elespectador.com%252Ff10d2cf5097c229%26relation%3Dparent.parent&href=http%3A%2F%2Fwww.elespectador.com%2F&layout=standard&locale=es_LA&sdk=joey&share=true&show_faces=false&width=450 HTTP/1.1" 404 1416
201.245.192.253 - - [31/Oct/2014:08:43:09 -0500] "GET /embed/92j50OgfRj4?wmode=opaque HTTP/1.1" 404 1267
94.23.19.178 - - [31/Oct/2014:08:43:12 -0500] "GET /galeria/juegos/?C=S;O=D HTTP/1.0" 200 2031
94.23.19.178 - - [31/Oct/2014:08:43:14 -0500] "GET /galeria/nivo-slider/?C=D;O=D HTTP/1.0" 200 2707
94.23.19.178 - - [31/Oct/2014:08:43:15 -0500] "GET /galeria/nivo-slider/?C=M;O=D HTTP/1.0" 200 2707
94.23.19.178 - - [31/Oct/2014:08:43:17 -0500] "GET /galeria/nivo-slider/?C=N;O=D HTTP/1.0" 200 2707
201.245.192.253 - - [31/Oct/2014:08:43:18 -0500] "GET /plugins/like.php?action=like&app_id=&channel=http%3A%2F%2Fstatic.ak.facebook.com%2Fconnect%2Fxd_arbiter%2FehazDpFPEnK.js%3Fversion%3D41%23cb%3Df350efddaec019%26domain%3Dwww.elespectador.com%26origin%3Dhttp%253A%252F%252Fwww.elespectador.com%252Ff31a663ea9eff14%26relation%3Dparent.parent&href=https%3A%2F%2Fwww.facebook.com%2Felespectadorcom&layout=button&locale=es_LA&sdk=joey&share=false&show_faces=false HTTP/1.1" 404 1416
201.245.192.253 - - [31/Oct/2014:08:43:18 -0500] "GET /plugins/like.php?action=like&app_id=&channel=http%3A%2F%2Fstatic.ak.facebook.com%2Fconnect%2Fxd_arbiter%2FehazDpFPEnK.js%3Fversion%3D41%23cb%3Df3c38ade2c6cea6%26domain%3Dwww.elespectador.com%26origin%3Dhttp%253A%252F%252Fwww.elespectador.com%252Ff31a663ea9eff14%26relation%3Dparent.parent&href=http%3A%2F%2Fwww.elespectador.com%2F&layout=standard&locale=es_LA&sdk=joey&share=true&show_faces=false&width=450 HTTP/1.1" 404 1416
201.245.192.253 - - [31/Oct/2014:08:43:18 -0500] "GET /plugins/like.php?action=like&app_id=&channel=http%3A%2F%2Fstatic.ak.facebook.com%2Fconnect%2Fxd_arbiter%2FehazDpFPEnK.js%3Fversion%3D41%23cb%3Dfbe606a60aad7a%26domain%3Dwww.elespectador.com%26origin%3Dhttp%253A%252F%252Fwww.elespectador.com%252Ff31a663ea9eff14%26relation%3Dparent.parent&href=https%3A%2F%2Fwww.facebook.com%2Felespectadorcom&layout=button&locale=es_LA&sdk=joey&share=false&show_faces=false HTTP/1.1" 404 1416
201.245.192.253 - - [31/Oct/2014:08:43:18 -0500] "GET /plugins/like.php?action=like&app_id=&channel=http%3A%2F%2Fstatic.ak.facebook.com%2Fconnect%2Fxd_arbiter%2FehazDpFPEnK.js%3Fversion%3D41%23cb%3Df3d4685ca345ab4%26domain%3Dwww.elespectador.com%26origin%3Dhttp%253A%252F%252Fwww.elespectador.com%252Ff31a663ea9eff14%26relation%3Dparent.parent&href=http%3A%2F%2Fwww.elespectador.com%2F&layout=standard&locale=es_LA&sdk=joey&share=true&show_faces=false&width=450 HTTP/1.1" 404 1416
94.23.19.178 - - [31/Oct/2014:08:43:19 -0500] "GET /galeria/nivo-slider/?C=S;O=D HTTP/1.0" 200 2707
94.23.19.178 - - [31/Oct/2014:08:43:20 -0500] "GET /gallery2/g2data/?C=N;O=A HTTP/1.0" 404 1019
94.23.19.178 - - [31/Oct/2014:08:43:22 -0500] "GET /gallery2/g2data/cache/?C=D;O=A HTTP/1.0" 404 1019
201.245.192.253 - - [31/Oct/2014:08:43:22 -0500] "GET /galeria/carrusel/Carrusel/jquery.thumbnailScroller.css HTTP/1.1" 304 -
201.245.192.253 - - [31/Oct/2014:08:43:22 -0500] "GET /galeria/carrusel/Carrusel/jquery-ui-1.8.13.custom.min.js HTTP/1.1" 304 -
201.245.192.253 - - [31/Oct/2014:08:43:22 -0500] "GET /galeria/carrusel/Carrusel/jquery.thumbnailScroller.js HTTP/1.1" 304 -
94.23.19.178 - - [31/Oct/2014:08:43:24 -0500] "GET /gallery2/g2data/cache/?C=M;O=A HTTP/1.0" 404 1019
94.23.19.178 - - [31/Oct/2014:08:43:25 -0500] "GET /gallery2/g2data/cache/?C=N;O=D HTTP/1.0" 404 1019
201.245.192.253 - - [31/Oct/2014:08:43:26 -0500] "POST /forest/buscar.do? HTTP/1.1" 200 7256
94.23.19.178 - - [31/Oct/2014:08:43:27 -0500] "GET /gallery2/g2data/cache/?C=S;O=A HTTP/1.0" 404 1019
201.245.192.253 - - [31/Oct/2014:08:43:29 -0500] "GET /forest/skins/gdocs-jar/popup/popup.jsp?width=900&height=600&title=Informaci%F3n%20de%20proceso&uri=/forest/system/process.jsp%3FnumPro%3D2907081&name=undefined&_a=0.9617782200240902&a=0.24152843775479882 HTTP/1.1" 200 1312
201.245.192.253 - - [31/Oct/2014:08:43:29 -0500] "GET /forest/system/process.jsp?numPro=2907081 HTTP/1.1" 200 86471
94.23.19.178 - - [31/Oct/2014:08:43:29 -0500] "GET /gestor/?C=D;O=D HTTP/1.0" 404 1019
94.23.19.178 - - [31/Oct/2014:08:43:32 -0500] "GET /gestor/?C=M;O=D HTTP/1.0" 404 1019
74.86.158.107 - - [31/Oct/2014:08:43:34 -0500] "HEAD / HTTP/1.1" 302 -
94.23.19.178 - - [31/Oct/2014:08:43:34 -0500] "GET /gestor/?C=N;O=A HTTP/1.0" 404 1019
201.245.192.253 - - [31/Oct/2014:08:43:35 -0500] "GET /plugins/like.php?locale=es_ES&href=http%3A%2F%2Fwww.facebook.com%2Fmsn&send=false&layout=button_count&width=450&show_faces=false&font&colorscheme=light&action=like&height=21 HTTP/1.1" 404 1290
94.23.19.178 - - [31/Oct/2014:08:43:38 -0500] "GET /gestor/?C=S;O=D HTTP/1.0" 404 1019
94.23.19.178 - - [31/Oct/2014:08:43:40 -0500] "GET /gestores/?C=D;O=D HTTP/1.0" 404 1019
94.23.19.178 - - [31/Oct/2014:08:43:41 -0500] "GET /gestores/?C=M;O=D HTTP/1.0" 404 1019
201.245.192.253 - - [31/Oct/2014:08:43:43 -0500] "GET /plugins/like.php?locale=es_ES&href=http%3A%2F%2Fwww.facebook.com%2Fmsn&send=false&layout=button_count&width=450&show_faces=false&font&colorscheme=light&action=like&height=21 HTTP/1.1" 404 1328
94.23.19.178 - - [31/Oct/2014:08:43:44 -0500] "GET /gestores/?C=S;O=D HTTP/1.0" 404 1019
201.245.192.253 - - [31/Oct/2014:08:43:47 -0500] "GET /forest/documentos/1927500/2014EE157119.docx HTTP/1.1" 200 168047
201.245.192.253 - - [31/Oct/2014:08:43:47 -0500] "GET /plugins/like.php?locale=es_ES&href=http%3A%2F%2Fwww.facebook.com%2Fmsn&send=false&layout=button_count&width=450&show_faces=false&font&colorscheme=light&action=like&height=21 HTTP/1.1" 404 1442
94.23.19.178 - - [31/Oct/2014:08:43:48 -0500] "GET /gfx/?C=D;O=D HTTP/1.0" 404 1019
94.23.19.178 - - [31/Oct/2014:08:43:50 -0500] "GET /gfx/?C=M;O=D HTTP/1.0" 404 1019
201.245.192.253 - - [31/Oct/2014:08:43:50 -0500] "GET /pyv_embed?video_id=XOjnH-czSYw&use_player=1&ad_type=watch_related&headline=Tip%20 HTTP/1.1" 404 2891
94.23.19.178 - - [31/Oct/2014:08:43:52 -0500] "GET /gfx/?C=S;O=D HTTP/1.0" 404 1019
94.23.19.178 - - [31/Oct/2014:08:43:53 -0500] "GET /guia/?C=D;O=D HTTP/1.0" 404 1019
94.23.19.178 - - [31/Oct/2014:08:43:57 -0500] "GET /guia/?C=M;O=D HTTP/1.0" 404 1019
66.249.64.163 - - [31/Oct/2014:08:43:59 -0500] "GET /BLA/resoluciones/RESOLUCIONES%202011/0008.pdf HTTP/1.1" 200 590857
66.249.64.167 - - [31/Oct/2014:08:44:00 -0500] "GET /BLA/resoluciones/AUTOS%202013/0090.pdf HTTP/1.1" 304 -
94.23.19.178 - - [31/Oct/2014:08:44:02 -0500] "GET /guia/?C=N;O=A HTTP/1.0" 404 1019
201.245.192.253 - - [31/Oct/2014:08:44:03 -0500] "GET /plugins/like.php?action=like&app_id=&channel=http%3A%2F%2Fstatic.ak.facebook.com%2Fconnect%2Fxd_arbiter%2FehazDpFPEnK.js%3Fversion%3D41%23cb%3Df1cbd0c4ea4f17e%26domain%3Dwww.elespectador.com%26origin%3Dhttp%253A%252F%252Fwww.elespectador.com%252Ffa3120ae7f5dea%26relation%3Dparent.parent&href=https%3A%2F%2Fwww.facebook.com%2Felespectadorcom&layout=button&locale=es_LA&sdk=joey&share=false&show_faces=false HTTP/1.1" 404 1276
201.245.192.253 - - [31/Oct/2014:08:44:03 -0500] "GET /plugins/like.php?action=like&app_id=&channel=http%3A%2F%2Fstatic.ak.facebook.com%2Fconnect%2Fxd_arbiter%2FehazDpFPEnK.js%3Fversion%3D41%23cb%3Df1678f21be8a0d3%26domain%3Dwww.elespectador.com%26origin%3Dhttp%253A%252F%252Fwww.elespectador.com%252Ffa3120ae7f5dea%26relation%3Dparent.parent&href=http%3A%2F%2Fwww.elespectador.com%2F&layout=standard&locale=es_LA&sdk=joey&share=true&show_faces=false&width=450 HTTP/1.1" 404 1276
201.245.192.253 - - [31/Oct/2014:08:44:03 -0500] "GET /plugins/like.php?action=like&app_id=&channel=http%3A%2F%2Fstatic.ak.facebook.com%2Fconnect%2Fxd_arbiter%2FehazDpFPEnK.js%3Fversion%3D41%23cb%3Df13daa72cac994e%26domain%3Dwww.elespectador.com%26origin%3Dhttp%253A%252F%252Fwww.elespectador.com%252Ffa3120ae7f5dea%26relation%3Dparent.parent&href=https%3A%2F%2Fwww.facebook.com%2Felespectadorcom&layout=button&locale=es_LA&sdk=joey&share=false&show_faces=false HTTP/1.1" 404 1276
201.245.192.253 - - [31/Oct/2014:08:44:04 -0500] "GET /plugins/like.php?action=like&app_id=&channel=http%3A%2F%2Fstatic.ak.facebook.com%2Fconnect%2Fxd_arbiter%2FehazDpFPEnK.js%3Fversion%3D41%23cb%3Df2b577d24adbcc8%26domain%3Dwww.elespectador.com%26origin%3Dhttp%253A%252F%252Fwww.elespectador.com%252Ffa3120ae7f5dea%26relation%3Dparent.parent&href=http%3A%2F%2Fwww.elespectador.com%2F&layout=standard&locale=es_LA&sdk=joey&share=true&show_faces=false&width=450 HTTP/1.1" 404 1276
190.27.194.138 - - [31/Oct/2014:08:44:06 -0500] "GET /catalogoisis/ HTTP/1.1" 200 8575
190.27.194.138 - - [31/Oct/2014:08:44:06 -0500] "GET /catalogoisis/Js/Cookies.js HTTP/1.1" 200 1369
190.27.194.138 - - [31/Oct/2014:08:44:06 -0500] "GET /catalogoisis/Js/CriterioCombinada.js HTTP/1.1" 200 1843
190.27.194.138 - - [31/Oct/2014:08:44:06 -0500] "GET /catalogoisis/Css/Busqueda.css HTTP/1.1" 200 1995
190.24.224.226 - - [31/Oct/2014:08:44:06 -0500] "GET /catalogoisis/Js/AceptarLimpiar.js HTTP/1.1" 200 331
181.50.248.168 - - [31/Oct/2014:08:44:06 -0500] "GET /catalogoisis/Js/LimpiarCombinada.js HTTP/1.1" 200 207
181.50.248.222 - - [31/Oct/2014:08:44:06 -0500] "GET /catalogoisis/Js/Remote.js HTTP/1.1" 200 436
190.27.194.138 - - [31/Oct/2014:08:44:06 -0500] "GET /catalogoisis/Js/Numero.js HTTP/1.1" 200 398
190.27.194.138 - - [31/Oct/2014:08:44:06 -0500] "GET /catalogoisis/Js/Go.js HTTP/1.1" 200 364
190.27.194.138 - - [31/Oct/2014:08:44:06 -0500] "GET /catalogoisis/imagenes/br1c3.gif HTTP/1.1" 200 302
190.27.194.138 - - [31/Oct/2014:08:44:06 -0500] "GET /catalogoisis/imagenes/Turnbo1.gif HTTP/1.1" 200 227
181.50.248.222 - - [31/Oct/2014:08:44:06 -0500] "GET /catalogoisis/imagenes/br1c1.gif HTTP/1.1" 200 172
190.24.224.226 - - [31/Oct/2014:08:44:06 -0500] "GET /catalogoisis/Js/Enter.js HTTP/1.1" 200 1208
190.27.194.138 - - [31/Oct/2014:08:44:06 -0500] "GET /catalogoisis/imagenes/aceptar1.gif HTTP/1.1" 200 604
190.27.194.138 - - [31/Oct/2014:08:44:06 -0500] "GET /catalogoisis/imagenes/br3c2.gif HTTP/1.1" 200 285
190.27.194.138 - - [31/Oct/2014:08:44:06 -0500] "GET /catalogoisis/imagenes/br3c3.gif HTTP/1.1" 200 186
181.50.248.222 - - [31/Oct/2014:08:44:06 -0500] "GET /catalogoisis/imagenes/br3c1.gif HTTP/1.1" 200 177
190.24.224.226 - - [31/Oct/2014:08:44:06 -0500] "GET /catalogoisis/imagenes/limpiar1.gif HTTP/1.1" 200 606
