46.4.12.20 - - [01/Nov/2014:08:02:55 -0500] "GET /re1/Bioevolucion/Propuesta%20re/Propuesta%20re/?C=N;O=D HTTP/1.0" 404 1019
220.181.108.113 - - [01/Nov/2014:08:02:57 -0500] "GET / HTTP/1.1" 302 -
46.4.12.20 - - [01/Nov/2014:08:02:58 -0500] "GET /re1/Bioevolucion/Propuesta%20re/Propuesta%20re/?C=S;O=A HTTP/1.0" 404 1019
180.76.6.137 - - [01/Nov/2014:08:02:59 -0500] "GET /videos/NuestraGente_10.flv HTTP/1.1" 200 71719881
46.4.12.20 - - [01/Nov/2014:08:03:11 -0500] "GET /re1/Bioevolucion/Propuesta%20re/objetivos%20propuesta/?C=D;O=A HTTP/1.0" 404 1019
46.4.12.20 - - [01/Nov/2014:08:03:16 -0500] "GET /re1/Bioevolucion/Propuesta%20re/objetivos%20propuesta/?C=M;O=A HTTP/1.0" 404 1019
46.4.12.20 - - [01/Nov/2014:08:03:28 -0500] "GET /re1/Bioevolucion/Propuesta%20re/objetivos%20propuesta/?C=N;O=D HTTP/1.0" 404 1019
46.4.12.20 - - [01/Nov/2014:08:03:32 -0500] "GET /re1/Bioevolucion/Propuesta%20re/objetivos%20propuesta/?C=S;O=A HTTP/1.0" 404 1019
46.4.12.20 - - [01/Nov/2014:08:03:36 -0500] "GET /re1/Bioevolucion/marco%20conceptual/?C=D;O=D HTTP/1.0" 404 1019
46.4.12.20 - - [01/Nov/2014:08:03:39 -0500] "GET /re1/Bioevolucion/marco%20conceptual/?C=M;O=D HTTP/1.0" 404 1019
46.4.12.20 - - [01/Nov/2014:08:03:43 -0500] "GET /re1/Bioevolucion/marco%20conceptual/?C=N;O=D HTTP/1.0" 404 1019
74.86.158.107 - - [01/Nov/2014:08:03:52 -0500] "HEAD / HTTP/1.1" 302 -
66.249.65.119 - - [01/Nov/2014:08:03:53 -0500] "GET /BLA/resoluciones/RESOLUCIONES%202010/5851.pdf HTTP/1.1" 200 221222
46.4.12.20 - - [01/Nov/2014:08:04:00 -0500] "GET /re1/Bioevolucion/marco%20conceptual/intereses%20objetivos/?C=D;O=A HTTP/1.0" 404 1019
188.165.15.132 - - [01/Nov/2014:08:04:09 -0500] "GET /BLA/resoluciones/RESOLUCIONES%202004/RES%202004%20801-850/00000838.tif HTTP/1.1" 200 159026
201.245.192.253 - - [01/Nov/2014:08:04:25 -0500] "GET /galeria/nivo-slider/demo/images/Banner-Caracol-Africano.jpg HTTP/1.1" 304 -
66.249.65.115 - - [01/Nov/2014:08:04:55 -0500] "GET /BLA/resoluciones/AUTOS%202012/1640.pdf HTTP/1.1" 200 2335385
46.4.12.20 - - [01/Nov/2014:08:04:58 -0500] "GET /re1/Bioevolucion/marco%20conceptual/intereses%20objetivos/?C=M;O=A HTTP/1.0" 404 1019
46.4.12.20 - - [01/Nov/2014:08:04:59 -0500] "GET /re1/Bioevolucion/marco%20conceptual/intereses%20objetivos/?C=M;O=A HTTP/1.0" 404 1019
46.4.12.20 - - [01/Nov/2014:08:05:01 -0500] "GET /re1/Bioevolucion/marco%20conceptual/intereses%20objetivos/?C=N;O=D HTTP/1.0" 404 1019
190.159.68.227 - - [01/Nov/2014:08:05:01 -0500] "GET /galeria/carrusel/carrusel/jquery.thumbnailscroller.css HTTP/1.1" 200 2066
46.4.12.20 - - [01/Nov/2014:08:05:03 -0500] "GET /re1/Bioevolucion/marco%20conceptual/intereses%20objetivos/?C=S;O=A HTTP/1.0" 404 1019
46.4.12.20 - - [01/Nov/2014:08:05:06 -0500] "GET /re1/Bioevolucion/marco%20conceptual/medio%20ambiente/?C=D;O=A HTTP/1.0" 404 1019
190.159.68.227 - - [01/Nov/2014:08:05:01 -0500] "GET /bla/boletinlegal/index.php? HTTP/1.1" 200 19749
190.159.68.227 - - [01/Nov/2014:08:05:16 -0500] "GET /videos/spot_tinguas.flv HTTP/1.1" 200 2087054
46.4.12.20 - - [01/Nov/2014:08:05:17 -0500] "GET /re1/Bioevolucion/marco%20conceptual/medio%20ambiente/?C=M;O=A HTTP/1.0" 404 1019
46.4.12.20 - - [01/Nov/2014:08:05:25 -0500] "GET /re1/Bioevolucion/marco%20conceptual/medio%20ambiente/?C=N;O=D HTTP/1.0" 404 1019
181.48.106.246 - - [01/Nov/2014:08:05:26 -0500] "GET /BLA/boletinlegal/js/jquery.js HTTP/1.1" 200 57254
181.48.106.246 - - [01/Nov/2014:08:05:26 -0500] "GET /BLA/boletinlegal/js/jquery.scrollShow.js HTTP/1.1" 200 4586
181.48.106.246 - - [01/Nov/2014:08:05:26 -0500] "GET /BLA/boletinlegal/js/jquery.scrollTo-min.js HTTP/1.1" 200 1150
46.4.12.20 - - [01/Nov/2014:08:05:36 -0500] "GET /re1/Bioevolucion/marco%20conceptual/medio%20ambiente/?C=S;O=A HTTP/1.0" 404 1019
190.159.68.227 - - [01/Nov/2014:08:05:01 -0500] "GET /BLA/boletinlegal/index.php? HTTP/1.1" 200 47510
46.4.12.20 - - [01/Nov/2014:08:05:51 -0500] "GET /re1/Bioevolucion/relacion%20curriculo/?C=D;O=D HTTP/1.0" 404 1019
180.76.5.149 - - [01/Nov/2014:08:06:09 -0500] "GET /BLA/resoluciones/AUTOS%202009/3193.pdf HTTP/1.1" 200 145611
46.4.12.20 - - [01/Nov/2014:08:06:17 -0500] "GET /re1/Bioevolucion/relacion%20curriculo/?C=M;O=D HTTP/1.0" 404 1019
46.4.12.20 - - [01/Nov/2014:08:06:22 -0500] "GET /re1/Bioevolucion/relacion%20curriculo/?C=N;O=D HTTP/1.0" 404 1019
46.4.12.20 - - [01/Nov/2014:08:06:25 -0500] "GET /re1/Bioevolucion/relacion%20curriculo/?C=S;O=D HTTP/1.0" 404 1019
46.4.12.20 - - [01/Nov/2014:08:06:38 -0500] "GET /re1/Bioevolucion/relacion%20curriculo/cuadro%201%20diagnostico/cuadro%201%20link.htm HTTP/1.0" 404 1019
46.4.12.20 - - [01/Nov/2014:08:06:46 -0500] "GET /re1/Bioevolucion/relacion%20curriculo/cuadro%202%20administracion/cuadro%202.htm HTTP/1.0" 404 1019
191.158.21.171 - - [01/Nov/2014:08:06:52 -0500] "GET /videos/galeria-fotografica/index13.html? HTTP/1.1" 200 1971
46.4.12.20 - - [01/Nov/2014:08:06:53 -0500] "GET /re1/Bioevolucion/relacion%20curriculo/cuadro%203%20PEI/cuadro%203%20link.htm HTTP/1.0" 404 1019
191.158.21.171 - - [01/Nov/2014:08:06:54 -0500] "GET /videos/galeria-fotografica/js/jquery-flickr-gallery/jquery-flickr.css HTTP/1.1" 200 711
191.158.21.171 - - [01/Nov/2014:08:06:54 -0500] "GET /videos/galeria-fotografica/js/jquery-flickr-gallery/jquery-flickr-gallery.js HTTP/1.1" 200 9050
191.158.21.171 - - [01/Nov/2014:08:07:02 -0500] "GET /videos/galeria-fotografica/js/jquery-flickr-gallery/loader.gif HTTP/1.1" 200 2129
46.4.12.20 - - [01/Nov/2014:08:07:18 -0500] "GET /re1/Bioevolucion/relacion%20curriculo/cuadro%204%20PRAE/cuadro%204%20link.htm HTTP/1.0" 404 1019
66.249.65.119 - - [01/Nov/2014:08:07:22 -0500] "GET /BLA/resoluciones/RESOLUCIONES%202008/4022.pdf HTTP/1.1" 200 568122
186.43.15.221 - - [01/Nov/2014:08:07:26 -0500] "GET /BLA/boletinlegal/js/jquery.js HTTP/1.1" 200 57254
186.43.15.221 - - [01/Nov/2014:08:07:26 -0500] "GET /BLA/boletinlegal/js/jquery.scrollTo-min.js HTTP/1.1" 200 1150
186.43.15.221 - - [01/Nov/2014:08:07:26 -0500] "GET /BLA/boletinlegal/js/jquery.scrollShow.js HTTP/1.1" 200 4586
46.4.12.20 - - [01/Nov/2014:08:07:29 -0500] "GET /re1/Bioevolucion/relacion%20curriculo/cuadro%205%20tematica/cuadro%205%20link.htm HTTP/1.0" 404 1019
201.245.192.253 - - [01/Nov/2014:08:07:33 -0500] "GET /plugins/like.php?href=http%3A%2F%2Fwww.facebook.com%2FRojadirecta&layout=standard&show_faces=false&locale=es_ES&width=450&action=like&colorscheme=light&height=18 HTTP/1.1" 404 1256
201.245.192.253 - - [01/Nov/2014:08:07:33 -0500] "GET /plugins/like.php?href=http%3A%2F%2Fwww.facebook.com%2FRojadirecta&layout=standard&show_faces=false&locale=en_US&width=450&action=like&colorscheme=light&height=18 HTTP/1.1" 404 1256
201.245.192.253 - - [01/Nov/2014:08:07:33 -0500] "GET /plugins/likebox.php?href=http%3A%2F%2Fwww.facebook.com%2Frojadirecta&width=325&colorscheme=light&show_faces=true&header=false&height=176 HTTP/1.1" 404 1256
46.4.12.20 - - [01/Nov/2014:08:07:35 -0500] "GET /re1/Bioevolucion/relacion%20curriculo/cuadro%206%20curriculo/cuadro%206%20link.htm HTTP/1.0" 404 1019
46.4.12.20 - - [01/Nov/2014:08:07:38 -0500] "GET /re1/Creditos/?C=D;O=A HTTP/1.0" 404 1019
46.4.12.20 - - [01/Nov/2014:08:07:41 -0500] "GET /re1/Creditos/?C=M;O=A HTTP/1.0" 404 1019
46.4.12.20 - - [01/Nov/2014:08:07:43 -0500] "GET /re1/Creditos/?C=N;O=D HTTP/1.0" 404 1019
46.4.12.20 - - [01/Nov/2014:08:07:45 -0500] "GET /re1/Creditos/?C=S;O=A HTTP/1.0" 404 1019
46.4.12.20 - - [01/Nov/2014:08:07:47 -0500] "GET /re1/Creditos/creditos%20link.htm HTTP/1.0" 404 1019
46.4.12.20 - - [01/Nov/2014:08:07:49 -0500] "GET /re1/Entrada/?C=D;O=A HTTP/1.0" 404 1019
46.4.12.20 - - [01/Nov/2014:08:07:50 -0500] "GET /re1/Entrada/?C=M;O=A HTTP/1.0" 404 1019
66.249.65.123 - - [01/Nov/2014:08:07:51 -0500] "GET /BLA/resoluciones/RESOLUCIONES%202010/5843.pdf HTTP/1.1" 200 911123
46.4.12.20 - - [01/Nov/2014:08:07:52 -0500] "GET /re1/Entrada/?C=N;O=A HTTP/1.0" 404 1019
46.4.12.20 - - [01/Nov/2014:08:07:54 -0500] "GET /re1/Entrada/entrada%20link.htm HTTP/1.0" 404 1019
46.4.12.20 - - [01/Nov/2014:08:07:56 -0500] "GET /re1/Inicio/?C=M;O=A HTTP/1.0" 404 1019
46.4.12.20 - - [01/Nov/2014:08:07:57 -0500] "GET /re1/Inicio/?C=N;O=D HTTP/1.0" 404 1019
46.4.12.20 - - [01/Nov/2014:08:07:59 -0500] "GET /re1/Inicio/?C=S;O=A HTTP/1.0" 404 1019
46.4.12.20 - - [01/Nov/2014:08:08:01 -0500] "GET /re1/Inicio/Thumbs.db HTTP/1.0" 404 1019
46.4.12.20 - - [01/Nov/2014:08:08:03 -0500] "GET /re1/Inicio/inicio%20link.htm HTTP/1.0" 404 1019
46.4.12.20 - - [01/Nov/2014:08:08:04 -0500] "GET /re1/Que%20es/?C=N;O=A HTTP/1.0" 404 1019
46.4.12.20 - - [01/Nov/2014:08:08:06 -0500] "GET /re1/Que%20es/?C=S;O=D HTTP/1.0" 404 1019
46.4.12.20 - - [01/Nov/2014:08:08:08 -0500] "GET /re1/Que%20es/Agenda%20ambiental/?C=D;O=D HTTP/1.0" 404 1019
46.4.12.20 - - [01/Nov/2014:08:08:10 -0500] "GET /re1/Que%20es/Agenda%20ambiental/?C=M;O=D HTTP/1.0" 404 1019
46.4.12.20 - - [01/Nov/2014:08:08:12 -0500] "GET /re1/Que%20es/Agenda%20ambiental/?C=N;O=D HTTP/1.0" 404 1019
46.4.12.20 - - [01/Nov/2014:08:08:14 -0500] "GET /re1/Que%20es/Agenda%20ambiental/?C=S;O=D HTTP/1.0" 404 1019
46.4.12.20 - - [01/Nov/2014:08:08:16 -0500] "GET /re1/Que%20es/Agenda%20ambiental/clima/clima%20link.htm HTTP/1.0" 404 1019
46.4.12.20 - - [01/Nov/2014:08:08:18 -0500] "GET /re1/Que%20es/Agenda%20ambiental/descripcion/descripcion%20link.htm HTTP/1.0" 404 1019
190.127.234.97 - - [01/Nov/2014:08:08:20 -0500] "GET /BLA/boletinlegal/js/jquery.js HTTP/1.1" 200 57254
190.127.234.97 - - [01/Nov/2014:08:08:20 -0500] "GET /BLA/boletinlegal/js/jquery.scrollTo-min.js HTTP/1.1" 200 1150
190.127.234.97 - - [01/Nov/2014:08:08:20 -0500] "GET /BLA/boletinlegal/js/jquery.scrollShow.js HTTP/1.1" 200 4586
201.221.128.59 - - [01/Nov/2014:08:08:21 -0500] "GET /BLA/boletinlegal/jurisprudencia/analisis/Analisis%20jurisprudencial%20Sentencia%20C-366-11.doc HTTP/1.1" 200 59392
46.4.12.20 - - [01/Nov/2014:08:08:28 -0500] "GET /re1/Que%20es/Agenda%20ambiental/flora%20fauna/flora%20fauna%20link.htm HTTP/1.0" 404 1019
74.86.158.107 - - [01/Nov/2014:08:08:52 -0500] "HEAD / HTTP/1.1" 302 -
46.4.12.20 - - [01/Nov/2014:08:08:56 -0500] "GET /re1/Que%20es/Agenda%20ambiental/geomorfologia/geomorfologia%20link.htm HTTP/1.0" 404 1019
208.43.251.182 - - [01/Nov/2014:08:08:57 -0500] "GET /robots.txt HTTP/1.1" 404 1019
46.4.12.20 - - [01/Nov/2014:08:08:58 -0500] "GET /re1/Que%20es/Agenda%20ambiental/hidrico/hidrico%20link.htm HTTP/1.0" 404 1019
208.43.251.182 - - [01/Nov/2014:08:09:02 -0500] "GET / HTTP/1.1" 302 -
46.4.12.20 - - [01/Nov/2014:08:09:11 -0500] "GET /re1/Que%20es/Marco%20legal/?C=D;O=D HTTP/1.0" 404 1019
178.63.49.82 - - [01/Nov/2014:08:09:13 -0500] "GET /robots.txt HTTP/1.0" 404 1015
46.4.12.20 - - [01/Nov/2014:08:09:14 -0500] "GET /re1/Que%20es/Marco%20legal/?C=M;O=D HTTP/1.0" 404 1019
46.4.12.20 - - [01/Nov/2014:08:09:16 -0500] "GET /re1/Que%20es/Marco%20legal/?C=N;O=D HTTP/1.0" 404 1019
46.4.12.20 - - [01/Nov/2014:08:09:18 -0500] "GET /re1/Que%20es/Marco%20legal/?C=S;O=D HTTP/1.0" 404 1019
178.63.49.82 - - [01/Nov/2014:08:09:18 -0500] "GET /MANUALFUNC/Vivienda/Investigaciones/?C=D;O=D HTTP/1.0" 404 1015
46.4.12.20 - - [01/Nov/2014:08:09:20 -0500] "GET /re1/Que%20es/Marco%20legal/Normas%20internacionales/normas%20internal%20link.htm HTTP/1.0" 404 1019
178.63.49.82 - - [01/Nov/2014:08:09:21 -0500] "GET /MANUALFUNC/Vivienda/Investigaciones/?C=M;O=D HTTP/1.0" 404 1015
46.4.12.20 - - [01/Nov/2014:08:09:22 -0500] "GET /re1/Que%20es/Marco%20legal/Normas%20nacionales/normas%20nacionales%20link.htm HTTP/1.0" 404 1019
178.63.49.82 - - [01/Nov/2014:08:09:23 -0500] "GET /MANUALFUNC/Vivienda/Investigaciones/?C=N;O=A HTTP/1.0" 404 1015
46.4.12.20 - - [01/Nov/2014:08:09:24 -0500] "GET /re1/Que%20es/Marco%20legal/marco%20legal%20link.htm HTTP/1.0" 404 1019
178.63.49.82 - - [01/Nov/2014:08:09:25 -0500] "GET /MANUALFUNC/Vivienda/Investigaciones/?C=S;O=D HTTP/1.0" 404 1015
178.63.49.82 - - [01/Nov/2014:08:09:26 -0500] "GET /chat/res/img/roster/?C=N;O=A HTTP/1.0" 404 1015
46.4.12.20 - - [01/Nov/2014:08:09:26 -0500] "GET /re1/Que%20es/Marco%20pedagocico/?C=D;O=D HTTP/1.0" 404 1019
46.4.12.20 - - [01/Nov/2014:08:09:28 -0500] "GET /re1/Que%20es/Marco%20pedagocico/?C=M;O=D HTTP/1.0" 404 1019
178.63.49.82 - - [01/Nov/2014:08:09:29 -0500] "GET /even/Ca0jr6ay/sld007.htm HTTP/1.0" 404 1015
46.4.12.20 - - [01/Nov/2014:08:09:30 -0500] "GET /re1/Que%20es/Marco%20pedagocico/?C=N;O=D HTTP/1.0" 404 1019
178.63.49.82 - - [01/Nov/2014:08:09:31 -0500] "GET /even/Ca0jr6ay/sld025.htm HTTP/1.0" 404 1015
46.4.12.20 - - [01/Nov/2014:08:09:32 -0500] "GET /re1/Que%20es/Marco%20pedagocico/?C=S;O=D HTTP/1.0" 404 1019
46.4.12.20 - - [01/Nov/2014:08:09:34 -0500] "GET /re1/Que%20es/Marco%20pedagocico/educacion%20ambiental/educacion%20ambiental%20link.htm HTTP/1.0" 404 1019
46.4.12.20 - - [01/Nov/2014:08:09:36 -0500] "GET /re1/Que%20es/Marco%20pedagocico/gestion%20residuos/gestion%20residuos.htm HTTP/1.0" 404 1019
178.63.49.82 - - [01/Nov/2014:08:09:36 -0500] "GET /even/Ca0jr6ay/tsld005.htm HTTP/1.0" 404 1015
46.4.12.20 - - [01/Nov/2014:08:09:37 -0500] "GET /re1/Que%20es/Marco%20pedagocico/modelo%20pedagogico/modelo%20pedagogico%20link.htm HTTP/1.0" 404 1019
66.249.65.115 - - [01/Nov/2014:08:09:38 -0500] "GET /BLA/resoluciones/RESOLUCIONES%202003/RES%202003%20651-700/656.tif HTTP/1.1" 200 68208
46.4.12.20 - - [01/Nov/2014:08:09:39 -0500] "GET /re1/Que%20es/Marco%20pedagocico/relacion%20desarrollo/relacion%20desarrollo%20link.htm HTTP/1.0" 404 1019
46.4.12.20 - - [01/Nov/2014:08:09:40 -0500] "GET /re1/Que%20es/Plan%20comunicaciones/?C=D;O=A HTTP/1.0" 404 1019
46.4.12.20 - - [01/Nov/2014:08:09:42 -0500] "GET /re1/Que%20es/Plan%20comunicaciones/?C=M;O=A HTTP/1.0" 404 1019
46.4.12.20 - - [01/Nov/2014:08:09:44 -0500] "GET /re1/Que%20es/Plan%20comunicaciones/?C=N;O=D HTTP/1.0" 404 1019
46.4.12.20 - - [01/Nov/2014:08:09:46 -0500] "GET /re1/Que%20es/Plan%20comunicaciones/?C=S;O=A HTTP/1.0" 404 1019
46.4.12.20 - - [01/Nov/2014:08:09:48 -0500] "GET /re1/Que%20es/Plan%20comunicaciones/medios%20de%20divulgacion/medios%20divulgacion%20link.htm HTTP/1.0" 404 1019
46.4.12.20 - - [01/Nov/2014:08:09:49 -0500] "GET /re1/Que%20es/Plan%20comunicaciones/plan%20comunicaciones%20link.htm HTTP/1.0" 404 1019
178.63.49.82 - - [01/Nov/2014:08:09:50 -0500] "GET /even/Ca0jr6ay/tsld026.htm HTTP/1.0" 404 1015
46.4.12.20 - - [01/Nov/2014:08:09:51 -0500] "GET /re1/Que%20es/Plan%20operativo/?C=D;O=A HTTP/1.0" 404 1019
46.4.12.20 - - [01/Nov/2014:08:09:53 -0500] "GET /re1/Que%20es/Plan%20operativo/?C=M;O=A HTTP/1.0" 404 1019
46.4.12.20 - - [01/Nov/2014:08:09:55 -0500] "GET /re1/Que%20es/Plan%20operativo/?C=N;O=D HTTP/1.0" 404 1019
178.63.49.82 - - [01/Nov/2014:08:09:55 -0500] "GET /even/Cakdu7gt/sld024.htm HTTP/1.0" 404 1015
46.4.12.20 - - [01/Nov/2014:08:09:56 -0500] "GET /re1/Que%20es/Plan%20operativo/?C=S;O=A HTTP/1.0" 404 1019
46.4.12.20 - - [01/Nov/2014:08:09:58 -0500] "GET /re1/Que%20es/Talleres/?C=D;O=A HTTP/1.0" 404 1019
46.4.12.20 - - [01/Nov/2014:08:10:00 -0500] "GET /re1/Que%20es/Talleres/?C=M;O=A HTTP/1.0" 404 1019
46.4.12.20 - - [01/Nov/2014:08:10:02 -0500] "GET /re1/Que%20es/Talleres/?C=N;O=D HTTP/1.0" 404 1019
46.4.12.20 - - [01/Nov/2014:08:10:04 -0500] "GET /re1/Que%20es/Talleres/?C=S;O=A HTTP/1.0" 404 1019
46.4.12.20 - - [01/Nov/2014:08:10:06 -0500] "GET /re1/Resumen/?C=D;O=D HTTP/1.0" 404 1019
46.4.12.20 - - [01/Nov/2014:08:10:08 -0500] "GET /re1/Resumen/?C=M;O=D HTTP/1.0" 404 1019
46.4.12.20 - - [01/Nov/2014:08:10:10 -0500] "GET /re1/Resumen/?C=N;O=A HTTP/1.0" 404 1019
178.63.49.82 - - [01/Nov/2014:08:10:11 -0500] "GET /even/Cakdu7gt/tsld005.htm HTTP/1.0" 404 1015
178.63.49.82 - - [01/Nov/2014:08:10:18 -0500] "GET /even/Cakdu7gt/tsld025.htm HTTP/1.0" 404 1015
178.63.49.82 - - [01/Nov/2014:08:10:21 -0500] "GET /even/solojefe1/sld027.htm HTTP/1.0" 404 1015
46.4.12.20 - - [01/Nov/2014:08:10:24 -0500] "GET /re1/Resumen/?C=S;O=D HTTP/1.0" 404 1019
178.63.49.82 - - [01/Nov/2014:08:10:24 -0500] "GET /even/solojefe1/tsld005.htm HTTP/1.0" 404 1015
178.63.49.82 - - [01/Nov/2014:08:10:27 -0500] "GET /even/solojefe1/tsld028.htm HTTP/1.0" 404 1015
178.63.49.82 - - [01/Nov/2014:08:10:29 -0500] "GET /galeria/nivo-slider/themes/default/?C=N;O=A HTTP/1.0" 200 1667
46.4.12.20 - - [01/Nov/2014:08:10:30 -0500] "GET /re1/Resumen/Evaluacion/?C=D;O=A HTTP/1.0" 404 1019
178.63.49.82 - - [01/Nov/2014:08:10:31 -0500] "GET /galeria/nivo-slider/themes/pascal/?C=S;O=A HTTP/1.0" 200 2309
178.63.49.82 - - [01/Nov/2014:08:10:33 -0500] "GET /galeria/nivo-slider/themes/pascal/pascal.css HTTP/1.0" 200 2258
46.4.12.20 - - [01/Nov/2014:08:10:39 -0500] "GET /re1/Resumen/Evaluacion/?C=M;O=A HTTP/1.0" 404 1019
178.63.49.82 - - [01/Nov/2014:08:10:39 -0500] "GET /gallery2/g2data/cache/derivative/0/8/?C=N;O=D HTTP/1.0" 404 1015
186.85.217.192 - - [01/Nov/2014:08:10:42 -0500] "GET /BLA/boletinlegal/js/jquery.scrollShow.js HTTP/1.1" 200 4586
186.85.217.192 - - [01/Nov/2014:08:10:42 -0500] "GET /BLA/boletinlegal/js/jquery.js HTTP/1.1" 200 57254
186.85.217.192 - - [01/Nov/2014:08:10:42 -0500] "GET /BLA/boletinlegal/js/jquery.scrollTo-min.js HTTP/1.1" 200 1150
178.63.49.82 - - [01/Nov/2014:08:10:42 -0500] "GET /gallery2/g2data/cache/derivative/0/8/?C=S;O=A HTTP/1.0" 404 1015
46.4.12.20 - - [01/Nov/2014:08:10:44 -0500] "GET /re1/Resumen/Evaluacion/?C=N;O=A HTTP/1.0" 404 1019
46.4.12.20 - - [01/Nov/2014:08:10:46 -0500] "GET /re1/Resumen/Evaluacion/evaluacion%20link.htm HTTP/1.0" 404 1019
66.249.65.119 - - [01/Nov/2014:08:10:47 -0500] "GET /BLA/resoluciones/AUTOS%202011/0003.pdf HTTP/1.1" 200 375388
178.63.49.82 - - [01/Nov/2014:08:10:47 -0500] "GET /gallery2/g2data/cache/derivative/0/9/90-meta.inc HTTP/1.0" 404 1015
178.63.49.82 - - [01/Nov/2014:08:10:51 -0500] "GET /gallery2/g2data/cache/derivative/0/9/92.dat HTTP/1.0" 404 1015
178.63.49.82 - - [01/Nov/2014:08:10:53 -0500] "GET /gallery2/g2data/cache/derivative/0/9/?C=N;O=D HTTP/1.0" 404 1015
46.4.12.20 - - [01/Nov/2014:08:10:54 -0500] "GET /re1/Resumen/como/?C=D;O=A HTTP/1.0" 404 1019
178.63.49.82 - - [01/Nov/2014:08:10:54 -0500] "GET /gallery2/g2data/cache/derivative/0/9/?C=S;O=A HTTP/1.0" 404 1015
178.63.49.82 - - [01/Nov/2014:08:10:56 -0500] "GET /gallery2/g2data/cache/derivative/0/?C=N;O=A HTTP/1.0" 404 1015
178.63.49.82 - - [01/Nov/2014:08:10:58 -0500] "GET /gallery2/g2data/cache/derivative/1/3/?C=N;O=D HTTP/1.0" 404 1015
178.63.49.82 - - [01/Nov/2014:08:11:00 -0500] "GET /gallery2/g2data/cache/derivative/1/3/?C=S;O=A HTTP/1.0" 404 1015
46.4.12.20 - - [01/Nov/2014:08:11:00 -0500] "GET /re1/Resumen/como/?C=M;O=A HTTP/1.0" 404 1019
178.63.49.82 - - [01/Nov/2014:08:11:02 -0500] "GET /gallery2/g2data/cache/derivative/1/4/140-meta.inc HTTP/1.0" 404 1015
46.4.12.20 - - [01/Nov/2014:08:11:05 -0500] "GET /re1/Resumen/como/?C=N;O=D HTTP/1.0" 404 1019
46.4.12.20 - - [01/Nov/2014:08:11:08 -0500] "GET /re1/Resumen/como/?C=S;O=A HTTP/1.0" 404 1019
186.155.130.28 - - [01/Nov/2014:08:11:10 -0500] "GET /isolucionsda/ HTTP/1.1" 200 739
186.155.130.28 - - [01/Nov/2014:08:11:12 -0500] "GET /favicon.ico HTTP/1.1" 200 7782
178.63.49.82 - - [01/Nov/2014:08:11:13 -0500] "GET /gallery2/g2data/cache/derivative/1/4/140.dat HTTP/1.0" 404 1015
178.63.49.82 - - [01/Nov/2014:08:11:20 -0500] "GET /gallery2/g2data/cache/derivative/1/4/142-meta.inc HTTP/1.0" 404 1015
186.28.30.92 - - [01/Nov/2014:08:11:23 -0500] "GET /galeria/nivo-slider/demo/demo.html HTTP/1.1" 304 -
186.28.30.92 - - [01/Nov/2014:08:11:23 -0500] "GET /galeria/nivo-slider/demo/images/Encuentro-Orqu%C3%ADdeas01.jpg HTTP/1.1" 304 -
186.28.30.92 - - [01/Nov/2014:08:11:23 -0500] "GET /galeria/nivo-slider/demo/images/Encuentro-Orqu%C3%ADdeas02.jpg HTTP/1.1" 304 -
186.28.30.92 - - [01/Nov/2014:08:11:23 -0500] "GET /galeria/nivo-slider/demo/images/porloshumedales.jpg HTTP/1.1" 304 -
186.28.30.92 - - [01/Nov/2014:08:11:23 -0500] "GET /galeria/nivo-slider/demo/images/banner-aceite3.jpg HTTP/1.1" 304 -
186.28.30.92 - - [01/Nov/2014:08:11:23 -0500] "GET /galeria/nivo-slider/demo/images/banner-redes.jpg HTTP/1.1" 304 -
178.63.49.82 - - [01/Nov/2014:08:11:26 -0500] "GET /gallery2/g2data/cache/derivative/1/4/142.dat HTTP/1.0" 404 1015
188.165.15.162 - - [01/Nov/2014:08:11:26 -0500] "GET /manual_funciones_Listado/index.php?dir=2.2.2.%20Subdirecci%C3%83%C2%83%C3%82%C2%83%C3%83%C2%82%C3%82%C2%83%C3%83%C2%83%C3%82%C2%82%C3%83%C2%82%C3%82%C2%B3n%20de%20Silvicultura,%20Flora%20y%20Fauna%20Silvestre/&sort=date&order=asc HTTP/1.1" 404 1018
178.63.49.82 - - [01/Nov/2014:08:11:28 -0500] "GET /gallery2/g2data/cache/derivative/1/4/144-meta.inc HTTP/1.0" 404 1015
46.4.12.20 - - [01/Nov/2014:08:11:28 -0500] "GET /re1/Resumen/como/Thumbs.db HTTP/1.0" 404 1019
178.63.49.82 - - [01/Nov/2014:08:11:30 -0500] "GET /gallery2/g2data/cache/derivative/1/4/144.dat HTTP/1.0" 404 1015
186.28.30.92 - - [01/Nov/2014:08:11:31 -0500] "GET /isolucionsda/ HTTP/1.1" 200 739
186.28.30.92 - - [01/Nov/2014:08:11:32 -0500] "GET /isolucionsda/IdentificaUsuario.asp?Pagina1=FrameSetGeneral.asp& HTTP/1.1" 200 4997
178.63.49.82 - - [01/Nov/2014:08:11:33 -0500] "GET /gallery2/g2data/cache/derivative/1/4/146-meta.inc HTTP/1.0" 404 1015
178.63.49.82 - - [01/Nov/2014:08:11:37 -0500] "GET /gallery2/g2data/cache/derivative/1/5/156-meta.inc HTTP/1.0" 404 1015
186.28.30.92 - - [01/Nov/2014:08:11:38 -0500] "POST /isolucionsda/IdentificaUsuario.asp?Pagina1=FrameSetGeneral.asp& HTTP/1.1" 302 173
186.28.30.92 - - [01/Nov/2014:08:11:38 -0500] "GET /isolucionsda/FrameSetGeneral.asp?Pagina1=FrameSetGeneral.asp& HTTP/1.1" 200 6613
186.28.30.92 - - [01/Nov/2014:08:11:38 -0500] "GET /isolucionsda/MagazinHome.asp HTTP/1.1" 502 1356
186.28.30.92 - - [01/Nov/2014:08:11:38 -0500] "GET /isolucionsda/Encabezado.asp?Pagina1=FrameSetGeneral.asp&&Pagina=MagazinHome.asp HTTP/1.1" 200 15388
186.28.30.92 - - [01/Nov/2014:08:11:38 -0500] "GET /isolucionsda/BarraFavoritos.asp HTTP/1.1" 200 911
186.28.30.92 - - [01/Nov/2014:08:11:38 -0500] "GET /isolucionsda/BarraTitulos.asp?Pagina1=FrameSetGeneral.asp&&Pagina=MagazinHome.asp HTTP/1.1" 200 6972
46.4.12.20 - - [01/Nov/2014:08:11:38 -0500] "GET /re1/Resumen/como/como%20link.htm HTTP/1.0" 404 1019
186.28.30.92 - - [01/Nov/2014:08:11:38 -0500] "GET /isolucionsda/Session.asp?Continue=1 HTTP/1.1" 200 6324
186.28.30.92 - - [01/Nov/2014:08:11:47 -0500] "POST /isolucionsda/IdentificaUsuario.asp?Pagina1=FrameSetGeneral.asp& HTTP/1.1" 302 173
186.28.30.92 - - [01/Nov/2014:08:11:47 -0500] "GET /isolucionsda/FrameSetGeneral.asp?Pagina1=FrameSetGeneral.asp& HTTP/1.1" 200 6613
186.28.30.92 - - [01/Nov/2014:08:11:47 -0500] "GET /isolucionsda/Encabezado.asp?Pagina1=FrameSetGeneral.asp&&Pagina=MagazinHome.asp HTTP/1.1" 200 15389
186.28.30.92 - - [01/Nov/2014:08:11:47 -0500] "GET /isolucionsda/BarraTitulos.asp?Pagina1=FrameSetGeneral.asp&&Pagina=MagazinHome.asp HTTP/1.1" 200 6972
186.28.30.92 - - [01/Nov/2014:08:11:47 -0500] "GET /isolucionsda/BarraFavoritos.asp HTTP/1.1" 200 911
186.28.30.92 - - [01/Nov/2014:08:11:47 -0500] "GET /isolucionsda/Session.asp?Continue=1 HTTP/1.1" 200 6324
186.28.30.92 - - [01/Nov/2014:08:11:47 -0500] "GET /isolucionsda/MagazinHome.asp HTTP/1.1" 200 25853
186.28.30.92 - - [01/Nov/2014:08:11:47 -0500] "GET /isolucionsda/g/Bgr_Destacado3399CC.jpg HTTP/1.1" 404 5217
186.28.30.92 - - [01/Nov/2014:08:11:47 -0500] "GET /isolucionsda/TareasSFRedirect.asp HTTP/1.1" 302 195
178.63.49.82 - - [01/Nov/2014:08:11:48 -0500] "GET /gallery2/g2data/cache/derivative/1/7/?C=M;O=A HTTP/1.0" 404 1015
186.28.30.92 - - [01/Nov/2014:08:11:49 -0500] "GET /isolucionsda/FrameSetGeneral.asp?Pagina=Menu.asp&IdModulo=4 HTTP/1.1" 200 6583
186.28.30.92 - - [01/Nov/2014:08:11:49 -0500] "GET /isolucionsda/Encabezado.asp?Pagina=Menu.asp&IdModulo=4 HTTP/1.1" 200 15389
186.28.30.92 - - [01/Nov/2014:08:11:49 -0500] "GET /isolucionsda/Menu.asp?Pagina=Menu.asp&IdModulo=4 HTTP/1.1" 200 -
186.28.30.92 - - [01/Nov/2014:08:11:49 -0500] "GET /isolucionsda/BarraTitulos.asp?Pagina=Menu.asp&IdModulo=4 HTTP/1.1" 200 6985
186.28.30.92 - - [01/Nov/2014:08:11:49 -0500] "GET /isolucionsda/BarraFavoritos.asp HTTP/1.1" 200 911
186.28.30.92 - - [01/Nov/2014:08:11:49 -0500] "GET /isolucionsda/Menu.asp?Pagina=Menu.asp&IdModulo=4 HTTP/1.1" 200 9682
186.28.30.92 - - [01/Nov/2014:08:11:49 -0500] "GET /isolucionsda/Session.asp?Continue=1 HTTP/1.1" 200 6324
186.28.30.92 - - [01/Nov/2014:08:11:48 -0500] "GET /isolucionsda/Login.aspx?TARGET=SFContainerFiltrado.aspx&number=51695265486667554552 HTTP/1.1" 302 886
186.28.30.92 - - [01/Nov/2014:08:11:51 -0500] "GET /isolucionsda/FrameSetGeneral.asp?Pagina=ListadoMaestroDocumentos3.asp HTTP/1.1" 200 6634
186.28.30.92 - - [01/Nov/2014:08:11:52 -0500] "GET /isolucionsda/Encabezado.asp?Pagina=ListadoMaestroDocumentos3.asp HTTP/1.1" 200 15364
186.28.30.92 - - [01/Nov/2014:08:11:52 -0500] "GET /isolucionsda/BarraTitulos.asp?Pagina=ListadoMaestroDocumentos3.asp HTTP/1.1" 200 6985
186.28.30.92 - - [01/Nov/2014:08:11:52 -0500] "GET /isolucionsda/BarraFavoritos.asp HTTP/1.1" 200 911
186.28.30.92 - - [01/Nov/2014:08:11:52 -0500] "GET /isolucionsda/ListadoMaestroDocumentos3.asp?Pagina=ListadoMaestroDocumentos3.asp HTTP/1.1" 200 11467
186.28.30.92 - - [01/Nov/2014:08:11:52 -0500] "GET /isolucionsda/Session.asp?Continue=1 HTTP/1.1" 200 6324
178.63.49.82 - - [01/Nov/2014:08:11:53 -0500] "GET /gallery2/g2data/cache/derivative/1/7/?C=S;O=A HTTP/1.0" 404 1015
186.28.30.92 - - [01/Nov/2014:08:11:53 -0500] "GET /isolucionsda/Jerarquia.asp?Tabla=Proceso&Form=Admon&CampoDisplay=ProcesoDisplayObjetoProceso&CampoHidden=Proceso&bSubmit=True&items= HTTP/1.1" 200 10587
186.28.30.92 - - [01/Nov/2014:08:11:56 -0500] "POST /isolucionsda/Jerarquia.asp HTTP/1.1" 200 8100
186.28.30.92 - - [01/Nov/2014:08:11:56 -0500] "POST /isolucionsda/ListadoMaestroDocumentos3.asp HTTP/1.1" 200 16365
186.28.30.92 - - [01/Nov/2014:08:11:59 -0500] "POST /isolucionsda/ListadoMaestroDocumentos3.asp HTTP/1.1" 200 12214
178.63.49.82 - - [01/Nov/2014:08:11:59 -0500] "GET /gallery2/g2data/cache/derivative/1/8/180-meta.inc HTTP/1.0" 404 1015
66.249.65.119 - - [01/Nov/2014:08:11:59 -0500] "GET /BLA/resoluciones/RESOLUCIONES%202010/7036.pdf HTTP/1.1" 304 -
46.4.12.20 - - [01/Nov/2014:08:12:00 -0500] "GET /re1/Resumen/cuando/?C=D;O=A HTTP/1.0" 404 1019
186.28.30.92 - - [01/Nov/2014:08:12:00 -0500] "GET /isolucionsda/FramesetArticulo.asp?Pagina=bancoconocimiento%2FG%2FGESTIONJURIDICA%5Fv6%2FGESTIONJURIDICA%5Fv6%2Easp&IdArticulo=6837 HTTP/1.1" 200 7229
186.28.30.92 - - [01/Nov/2014:08:12:00 -0500] "GET /isolucionsda/Arriba.asp?Pagina=bancoconocimiento%2FG%2FGESTIONJURIDICA%5Fv6%2FGESTIONJURIDICA%5Fv6%2Easp&IdArticulo=6837 HTTP/1.1" 200 10511
186.28.30.92 - - [01/Nov/2014:08:12:00 -0500] "GET /isolucionsda/bancoconocimiento/G/GESTIONJURIDICA_v6/GESTIONJURIDICA_v6.asp?IdArticulo=6837 HTTP/1.1" 200 67061
186.28.30.92 - - [01/Nov/2014:08:12:01 -0500] "GET /isolucionsda/g/vacio1x1.gif HTTP/1.1" 404 5195
66.249.65.119 - - [01/Nov/2014:08:12:07 -0500] "GET /BLA/resoluciones/AUTOS%202006/AUTOS%202006%20201-300/00000238.tif HTTP/1.1" 200 151054
46.4.12.20 - - [01/Nov/2014:08:12:08 -0500] "GET /re1/Resumen/cuando/?C=M;O=A HTTP/1.0" 404 1019
208.115.111.75 - - [01/Nov/2014:08:12:12 -0500] "GET /robots.txt HTTP/1.1" 404 1019
186.28.30.92 - - [01/Nov/2014:08:12:14 -0500] "GET /isolucionsda/BancoConocimiento/E/EmisionDirectivasyCirculares_v1/EmisionDirectivasyCirculares_v1.asp?IdArticulo=4070 HTTP/1.1" 302 234
46.4.12.20 - - [01/Nov/2014:08:12:14 -0500] "GET /re1/Resumen/cuando/?C=N;O=A HTTP/1.0" 404 1019
186.28.30.92 - - [01/Nov/2014:08:12:14 -0500] "GET /isolucionsda/bancoconocimiento/E/EmisionDirectivasyCirculares_v2/EmisionDirectivasyCirculares_v2.asp?Id_Articulo=6861 HTTP/1.1" 200 46038
186.28.30.92 - - [01/Nov/2014:08:12:15 -0500] "GET /isolucionsda/g/vacio1x1.gif HTTP/1.1" 404 5195
178.63.49.82 - - [01/Nov/2014:08:12:17 -0500] "GET /robots.txt HTTP/1.0" 404 1015
46.4.12.20 - - [01/Nov/2014:08:12:19 -0500] "GET /re1/Resumen/donde/?C=D;O=A HTTP/1.0" 404 1019
178.63.49.82 - - [01/Nov/2014:08:12:20 -0500] "GET /gallery2/g2data/cache/derivative/1/8/180.dat HTTP/1.0" 404 1015
46.4.12.20 - - [01/Nov/2014:08:12:21 -0500] "GET /re1/Resumen/donde/?C=M;O=A HTTP/1.0" 404 1019
178.63.49.82 - - [01/Nov/2014:08:12:24 -0500] "GET /gallery2/g2data/cache/derivative/1/8/182.dat HTTP/1.0" 404 1015
186.28.30.92 - - [01/Nov/2014:08:12:24 -0500] "GET /isolucionsda/FrameSetArticulo.asp?Pagina=/isolucionsda/bancoconocimiento/c/circular2del13deEnerode2010/circular2del13deEnerode2010.asp?IdArticulo=6224 HTTP/1.1" 200 7349
186.28.30.92 - - [01/Nov/2014:08:12:24 -0500] "GET /isolucionsda/Arriba.asp?Pagina=/isolucionsda/bancoconocimiento/c/circular2del13deEnerode2010/circular2del13deEnerode2010.asp?IdArticulo=6224 HTTP/1.1" 200 9937
186.28.30.92 - - [01/Nov/2014:08:12:24 -0500] "GET /isolucionsda/bancoconocimiento/c/circular2del13deEnerode2010/circular2del13deEnerode2010.asp?IdArticulo=6224 HTTP/1.1" 302 174
201.245.192.253 - - [01/Nov/2014:08:12:29 -0500] "GET /v2.0/plugins/like_box.php?app_id=114085351981609&channel=http%3A%2F%2Fstatic.ak.facebook.com%2Fconnect%2Fxd_arbiter%2FehazDpFPEnK.js%3Fversion%3D41%23cb%3Df3dc4c371c%26domain%3Dwww.flyordie.com%26origin%3Dhttp%253A%252F%252Fwww.flyordie.com%252Ff36c5a4d6c%26relation%3Dparent.parent&header=false&height=200&href=http%3A%2F%2Fwww.facebook.com%2Fpages%2FFlyOrDiecom%2F224005207686181&locale=es_ES&sdk=joey&show_faces=true&stream=false&width=250 HTTP/1.1" 404 1274
186.82.192.170 - - [01/Nov/2014:08:12:33 -0500] "GET /BLA/boletinlegal/js/jquery.js HTTP/1.1" 200 57254
186.82.192.170 - - [01/Nov/2014:08:12:33 -0500] "GET /BLA/boletinlegal/js/jquery.scrollTo-min.js HTTP/1.1" 200 1150
186.82.192.170 - - [01/Nov/2014:08:12:33 -0500] "GET /BLA/boletinlegal/js/jquery.scrollShow.js HTTP/1.1" 200 4586
186.28.30.92 - - [01/Nov/2014:08:12:34 -0500] "GET /isolucionsda/g/vacio1x1.gif HTTP/1.1" 404 5195
201.245.192.253 - - [01/Nov/2014:08:12:35 -0500] "GET /v2.0/plugins/like_box.php?app_id=114085351981609&channel=http%3A%2F%2Fstatic.ak.facebook.com%2Fconnect%2Fxd_arbiter%2FehazDpFPEnK.js%3Fversion%3D41%23cb%3Df2d7623388%26domain%3Dwww.flyordie.com%26origin%3Dhttp%253A%252F%252Fwww.flyordie.com%252Ff1973771f8%26relation%3Dparent.parent&header=false&height=300&href=http%3A%2F%2Fwww.facebook.com%2FFlyOrDie.Memory&locale=es_ES&sdk=joey&show_faces=true&stream=false&width=260 HTTP/1.1" 404 1284
186.28.30.92 - - [01/Nov/2014:08:12:36 -0500] "GET /isolucionsda/g/vacio1x1.gif HTTP/1.1" 404 5195
201.245.192.253 - - [01/Nov/2014:08:12:37 -0500] "GET /plugins/like.php?href=http%3A%2F%2Fwww.facebook.com%2FRojadirecta&layout=standard&show_faces=false&locale=es_ES&width=450&action=like&colorscheme=light&height=18 HTTP/1.1" 404 1256
201.245.192.253 - - [01/Nov/2014:08:12:38 -0500] "GET /plugins/like.php?href=http%3A%2F%2Fwww.facebook.com%2FRojadirecta&layout=standard&show_faces=false&locale=en_US&width=450&action=like&colorscheme=light&height=18 HTTP/1.1" 404 1256
201.245.192.253 - - [01/Nov/2014:08:12:38 -0500] "GET /plugins/likebox.php?href=http%3A%2F%2Fwww.facebook.com%2Frojadirecta&width=325&colorscheme=light&show_faces=true&header=false&height=176 HTTP/1.1" 404 1256
186.28.30.92 - - [01/Nov/2014:08:12:40 -0500] "GET /isolucionsda/bancoconocimiento/E/EmisiondeRegulacionNormativa_v1/EmisiondeRegulacionNormativa_v1.asp?IdArticulo=4078 HTTP/1.1" 302 234
186.28.30.92 - - [01/Nov/2014:08:12:40 -0500] "GET /isolucionsda/bancoconocimiento/E/EmisiondeRegulacionNormativa_v2/EmisiondeRegulacionNormativa_v2.asp?Id_Articulo=6864 HTTP/1.1" 200 55723
186.28.30.92 - - [01/Nov/2014:08:12:41 -0500] "GET /isolucionsda/g/vacio1x1.gif HTTP/1.1" 404 5195
178.63.49.82 - - [01/Nov/2014:08:12:43 -0500] "GET /gallery2/g2data/cache/derivative/1/8/184-meta.inc HTTP/1.0" 404 1015
186.28.30.92 - - [01/Nov/2014:08:12:45 -0500] "GET /isolucionsda/FrameSetArticulo.asp?Pagina=/isolucionsda/BancoConocimiento/C/Circular02de25febrerode2010/Circular02de25febrerode2010.asp?IdArticulo=2813 HTTP/1.1" 200 7349
186.28.30.92 - - [01/Nov/2014:08:12:45 -0500] "GET /isolucionsda/Arriba.asp?Pagina=/isolucionsda/BancoConocimiento/C/Circular02de25febrerode2010/Circular02de25febrerode2010.asp?IdArticulo=2813 HTTP/1.1" 200 9935
186.28.30.92 - - [01/Nov/2014:08:12:45 -0500] "GET /isolucionsda/BancoConocimiento/C/Circular02de25febrerode2010/Circular02de25febrerode2010.asp?IdArticulo=2813 HTTP/1.1" 302 150
178.63.49.82 - - [01/Nov/2014:08:12:51 -0500] "GET /gallery2/g2data/cache/derivative/1/8/184.dat HTTP/1.0" 404 1015
178.63.49.82 - - [01/Nov/2014:08:12:54 -0500] "GET /gallery2/g2data/cache/derivative/1/8/186-meta.inc HTTP/1.0" 404 1015
178.63.49.82 - - [01/Nov/2014:08:13:00 -0500] "GET /gallery2/g2data/cache/derivative/1/8/186.dat HTTP/1.0" 404 1015
178.63.49.82 - - [01/Nov/2014:08:13:03 -0500] "GET /gallery2/g2data/cache/derivative/1/8/188-meta.inc HTTP/1.0" 404 1015
178.63.49.82 - - [01/Nov/2014:08:13:05 -0500] "GET /gallery2/g2data/cache/derivative/1/8/188.dat HTTP/1.0" 404 1015
46.4.12.20 - - [01/Nov/2014:08:13:11 -0500] "GET /re1/Resumen/donde/?C=N;O=D HTTP/1.0" 404 1019
178.63.49.82 - - [01/Nov/2014:08:13:19 -0500] "GET /gallery2/g2data/cache/derivative/1/8/?C=D;O=A HTTP/1.0" 404 1015
46.4.12.20 - - [01/Nov/2014:08:13:24 -0500] "GET /re1/Resumen/donde/?C=S;O=A HTTP/1.0" 404 1019
46.4.12.20 - - [01/Nov/2014:08:13:27 -0500] "GET /re1/Resumen/donde/donde%20link.htm HTTP/1.0" 404 1019
46.4.12.20 - - [01/Nov/2014:08:13:32 -0500] "GET /re1/Resumen/porque/?C=D;O=A HTTP/1.0" 404 1019
46.4.12.20 - - [01/Nov/2014:08:13:33 -0500] "GET /re1/Resumen/donde/?C=N;O=D HTTP/1.0" 404 1019
46.4.12.20 - - [01/Nov/2014:08:13:35 -0500] "GET /re1/Resumen/porque/?C=M;O=A HTTP/1.0" 404 1019
66.249.65.115 - - [01/Nov/2014:08:13:40 -0500] "GET /BLA/resoluciones/RESOLUCIONES%202011/3701.pdf HTTP/1.1" 200 537434
178.63.49.82 - - [01/Nov/2014:08:13:40 -0500] "GET /robots.txt HTTP/1.0" 404 1015
178.63.49.82 - - [01/Nov/2014:08:13:44 -0500] "GET /gallery2/g2data/cache/derivative/1/8/?C=M;O=A HTTP/1.0" 404 1015
46.4.12.20 - - [01/Nov/2014:08:13:47 -0500] "GET /re1/Resumen/porque/?C=N;O=D HTTP/1.0" 404 1019
100.43.85.25 - - [01/Nov/2014:08:13:48 -0500] "GET /htdocs/guia/?C=S&O=A HTTP/1.1" 404 1019
46.4.12.20 - - [01/Nov/2014:08:13:50 -0500] "GET /re1/Resumen/porque/?C=S;O=A HTTP/1.0" 404 1019
181.55.107.38 - - [01/Nov/2014:08:13:51 -0500] "GET /BLA/boletinlegal/js/jquery.js HTTP/1.1" 200 57254
181.55.107.38 - - [01/Nov/2014:08:13:51 -0500] "GET /BLA/boletinlegal/js/jquery.scrollTo-min.js HTTP/1.1" 200 1150
181.55.107.38 - - [01/Nov/2014:08:13:51 -0500] "GET /BLA/boletinlegal/js/jquery.scrollShow.js HTTP/1.1" 200 4586
74.86.158.107 - - [01/Nov/2014:08:13:52 -0500] "HEAD / HTTP/1.1" 302 -
46.4.12.20 - - [01/Nov/2014:08:13:54 -0500] "GET /re1/Resumen/que/?C=D;O=A HTTP/1.0" 404 1019
178.63.49.82 - - [01/Nov/2014:08:13:54 -0500] "GET /gallery2/g2data/cache/derivative/1/9/190-meta.inc HTTP/1.0" 404 1015
46.4.12.20 - - [01/Nov/2014:08:13:56 -0500] "GET /re1/Resumen/que/?C=M;O=A HTTP/1.0" 404 1019
46.4.12.20 - - [01/Nov/2014:08:13:57 -0500] "GET /re1/Resumen/que/?C=N;O=D HTTP/1.0" 404 1019
46.4.12.20 - - [01/Nov/2014:08:13:59 -0500] "GET /re1/Resumen/que/?C=S;O=A HTTP/1.0" 404 1019
46.4.12.20 - - [01/Nov/2014:08:14:01 -0500] "GET /re1/Resumen/quienes/?C=D;O=A HTTP/1.0" 404 1019
178.63.49.82 - - [01/Nov/2014:08:14:02 -0500] "GET /gallery2/g2data/cache/derivative/2/9/290-meta.inc HTTP/1.0" 404 1015
46.4.12.20 - - [01/Nov/2014:08:14:03 -0500] "GET /re1/Resumen/quienes/?C=M;O=A HTTP/1.0" 404 1019
46.4.12.20 - - [01/Nov/2014:08:14:05 -0500] "GET /re1/Resumen/quienes/?C=N;O=D HTTP/1.0" 404 1019
46.4.12.20 - - [01/Nov/2014:08:14:07 -0500] "GET /re1/Resumen/quienes/?C=S;O=A HTTP/1.0" 404 1019
46.4.12.20 - - [01/Nov/2014:08:14:09 -0500] "GET /re1/Resumen/quienes/lista%20colegios.htm HTTP/1.0" 404 1019
46.4.12.20 - - [01/Nov/2014:08:14:10 -0500] "GET /re1/Resumen/quienes/quienes%20link.htm HTTP/1.0" 404 1019
178.63.49.82 - - [01/Nov/2014:08:14:12 -0500] "GET /robots.txt HTTP/1.0" 404 1015
46.4.12.20 - - [01/Nov/2014:08:14:13 -0500] "GET /re1/contactenos/?C=D;O=A HTTP/1.0" 404 1019
46.4.12.20 - - [01/Nov/2014:08:14:15 -0500] "GET /re1/contactenos/?C=M;O=A HTTP/1.0" 404 1019
46.4.12.20 - - [01/Nov/2014:08:14:18 -0500] "GET /re1/contactenos/?C=N;O=A HTTP/1.0" 404 1019
46.4.12.20 - - [01/Nov/2014:08:14:20 -0500] "GET /re1/contactenos/contactenos%20link.htm HTTP/1.0" 404 1019
46.4.12.20 - - [01/Nov/2014:08:14:21 -0500] "GET /re1/contactenos/imagen%20contactenos/?C=D;O=A HTTP/1.0" 404 1019
46.4.12.20 - - [01/Nov/2014:08:14:23 -0500] "GET /re1/contactenos/imagen%20contactenos/?C=M;O=A HTTP/1.0" 404 1019
178.63.49.82 - - [01/Nov/2014:08:14:25 -0500] "GET /gallery2/g2data/cache/derivative/2/9/290.dat HTTP/1.0" 404 1015
46.4.12.20 - - [01/Nov/2014:08:14:25 -0500] "GET /re1/contactenos/imagen%20contactenos/?C=N;O=D HTTP/1.0" 404 1019
46.4.12.20 - - [01/Nov/2014:08:14:27 -0500] "GET /re1/contactenos/imagen%20contactenos/?C=S;O=A HTTP/1.0" 404 1019
188.165.15.169 - - [01/Nov/2014:08:14:28 -0500] "GET /BLA/resoluciones/RESOLUCIONES%202003/RES%202003%201001-1050/1020.tif HTTP/1.1" 200 69536
46.4.12.20 - - [01/Nov/2014:08:14:29 -0500] "GET /re1/contactenos/imagen%20contactenos/contactenos.htm HTTP/1.0" 404 1019
46.4.12.20 - - [01/Nov/2014:08:14:31 -0500] "GET /re1/glosario/?C=D;O=D HTTP/1.0" 404 1019
178.63.49.82 - - [01/Nov/2014:08:14:32 -0500] "GET /gallery2/g2data/cache/derivative/2/9/292-meta.inc HTTP/1.0" 404 1015
46.4.12.20 - - [01/Nov/2014:08:14:34 -0500] "GET /re1/glosario/?C=M;O=D HTTP/1.0" 404 1019
178.63.49.82 - - [01/Nov/2014:08:14:37 -0500] "GET /gallery2/g2data/cache/derivative/2/9/292.dat HTTP/1.0" 404 1015
190.12.131.191 - - [01/Nov/2014:08:14:39 -0500] "GET /BLA/boletinlegal/js/jquery.js HTTP/1.1" 200 57254
157.55.39.6 - - [01/Nov/2014:08:14:39 -0500] "GET /dama/libreria/php/decide.php?patron=01.0209 HTTP/1.1" 404 1015
190.12.131.191 - - [01/Nov/2014:08:14:39 -0500] "GET /BLA/boletinlegal/js/jquery.scrollTo-min.js HTTP/1.1" 200 1150
190.12.131.191 - - [01/Nov/2014:08:14:39 -0500] "GET /BLA/boletinlegal/js/jquery.scrollShow.js HTTP/1.1" 200 4586
46.4.12.20 - - [01/Nov/2014:08:14:41 -0500] "GET /re1/glosario/?C=S;O=D HTTP/1.0" 404 1019
46.4.12.20 - - [01/Nov/2014:08:14:43 -0500] "GET /rees/?C=D;O=D HTTP/1.0" 404 1019
178.63.49.82 - - [01/Nov/2014:08:14:44 -0500] "GET /robots.txt HTTP/1.0" 404 1015
46.4.12.20 - - [01/Nov/2014:08:14:52 -0500] "GET /rees/?C=M;O=D HTTP/1.0" 404 1019
46.4.12.20 - - [01/Nov/2014:08:14:54 -0500] "GET /rees/?C=S;O=D HTTP/1.0" 404 1019
46.4.12.20 - - [01/Nov/2014:08:14:56 -0500] "GET /resoluciones/2005/?C=D;O=D HTTP/1.0" 404 1019
178.63.49.82 - - [01/Nov/2014:08:14:56 -0500] "GET /gallery2/g2data/cache/derivative/2/9/295-meta.inc HTTP/1.0" 404 1015
178.63.49.82 - - [01/Nov/2014:08:14:58 -0500] "GET /robots.txt HTTP/1.0" 404 1015
46.4.12.20 - - [01/Nov/2014:08:14:59 -0500] "GET /resoluciones/2005/?C=M;O=D HTTP/1.0" 404 1019
178.63.49.82 - - [01/Nov/2014:08:15:00 -0500] "GET /gallery2/g2data/cache/derivative/2/9/295.dat HTTP/1.0" 404 1015
178.63.49.82 - - [01/Nov/2014:08:15:02 -0500] "GET /gallery2/g2data/cache/derivative/2/9/298-meta.inc HTTP/1.0" 404 1015
46.4.12.20 - - [01/Nov/2014:08:15:03 -0500] "GET /resoluciones/2005/?C=S;O=D HTTP/1.0" 404 1019
180.76.5.23 - - [01/Nov/2014:08:15:03 -0500] "GET /BLA/resoluciones/AUTOS%202009/1548.pdf HTTP/1.1" 200 111416
46.4.12.20 - - [01/Nov/2014:08:15:05 -0500] "GET /resoluciones/2014/?C=D;O=D HTTP/1.0" 404 1019
178.63.49.82 - - [01/Nov/2014:08:15:07 -0500] "GET /gallery2/g2data/cache/derivative/2/9/298.dat HTTP/1.0" 404 1015
46.4.12.20 - - [01/Nov/2014:08:15:07 -0500] "GET /resoluciones/2014/?C=M;O=D HTTP/1.0" 404 1019
178.63.49.82 - - [01/Nov/2014:08:15:08 -0500] "GET /gallery2/g2data/cache/derivative/2/9/?C=D;O=A HTTP/1.0" 404 1015
46.4.12.20 - - [01/Nov/2014:08:15:10 -0500] "GET /resoluciones/2014/?C=S;O=D HTTP/1.0" 404 1019
178.63.49.82 - - [01/Nov/2014:08:15:10 -0500] "GET /gallery2/g2data/cache/derivative/2/9/?C=M;O=A HTTP/1.0" 404 1015
46.4.12.20 - - [01/Nov/2014:08:15:12 -0500] "GET /sinmi2/?C=D;O=D HTTP/1.0" 404 1019
178.63.49.82 - - [01/Nov/2014:08:15:12 -0500] "GET /gallery2/g2data/cache/derivative/2/9/?C=N;O=D HTTP/1.0" 404 1015
46.4.12.20 - - [01/Nov/2014:08:15:14 -0500] "GET /sinmi2/?C=M;O=D HTTP/1.0" 404 1019
178.63.49.82 - - [01/Nov/2014:08:15:14 -0500] "GET /gallery2/g2data/cache/derivative/2/9/?C=S;O=A HTTP/1.0" 404 1015
178.63.49.82 - - [01/Nov/2014:08:15:16 -0500] "GET /gallery2/g2data/cache/derivative/2/?C=N;O=A HTTP/1.0" 404 1015
46.4.12.20 - - [01/Nov/2014:08:15:16 -0500] "GET /sinmi2/?C=S;O=D HTTP/1.0" 404 1019
201.221.128.59 - - [01/Nov/2014:08:15:17 -0500] "-" 408 -
201.221.128.59 - - [01/Nov/2014:08:15:18 -0500] "-" 408 -
201.221.128.59 - - [01/Nov/2014:08:15:18 -0500] "-" 408 -
46.4.12.20 - - [01/Nov/2014:08:15:20 -0500] "GET /sinmi2/htm7/?C=D;O=D HTTP/1.0" 404 1019
178.63.49.82 - - [01/Nov/2014:08:15:21 -0500] "GET /gallery2/g2data/cache/derivative/3/0/?C=M;O=D HTTP/1.0" 404 1015
46.4.12.20 - - [01/Nov/2014:08:15:22 -0500] "GET /sinmi2/htm7/?C=M;O=D HTTP/1.0" 404 1019
178.63.49.82 - - [01/Nov/2014:08:15:23 -0500] "GET /gallery2/g2data/cache/derivative/3/0/?C=N;O=A HTTP/1.0" 404 1015
46.4.12.20 - - [01/Nov/2014:08:15:24 -0500] "GET /sinmi2/htm7/?C=N;O=A HTTP/1.0" 404 1019
178.63.49.82 - - [01/Nov/2014:08:15:25 -0500] "GET /gallery2/g2data/cache/derivative/3/0/?C=S;O=D HTTP/1.0" 404 1015
178.63.49.82 - - [01/Nov/2014:08:15:27 -0500] "GET /gallery2/g2data/cache/derivative/3/1/?C=D;O=D HTTP/1.0" 404 1015
46.4.12.20 - - [01/Nov/2014:08:15:28 -0500] "GET /sinmi2/htm7/?C=S;O=D HTTP/1.0" 404 1019
178.63.49.82 - - [01/Nov/2014:08:15:32 -0500] "GET /gallery2/g2data/cache/derivative/3/1/?C=M;O=D HTTP/1.0" 404 1015
46.4.12.20 - - [01/Nov/2014:08:15:32 -0500] "GET /sinmi2/htm7/INFORME%2007%20AM%20-%20VER%2097/sld001.htm HTTP/1.0" 404 1019
178.63.49.82 - - [01/Nov/2014:08:15:33 -0500] "GET /robots.txt HTTP/1.0" 404 1015
46.4.12.20 - - [01/Nov/2014:08:15:35 -0500] "GET /sinmi2/htm7/INFORME%2007%20AM%20-%20VER%2097/sld003.htm HTTP/1.0" 404 1019
178.63.49.82 - - [01/Nov/2014:08:15:37 -0500] "GET /gallery2/g2data/cache/derivative/3/1/?C=N;O=A HTTP/1.0" 404 1015
46.4.12.20 - - [01/Nov/2014:08:15:37 -0500] "GET /sinmi2/htm7/INFORME%2007%20AM%20-%20VER%2097/sld004.htm HTTP/1.0" 404 1019
46.4.12.20 - - [01/Nov/2014:08:15:39 -0500] "GET /sinmi2/htm7/INFORME%2007%20AM%20-%20VER%2097/sld005.htm HTTP/1.0" 404 1019
46.4.12.20 - - [01/Nov/2014:08:15:41 -0500] "GET /sinmi3/12/?C=D;O=D HTTP/1.0" 404 1019
46.4.12.20 - - [01/Nov/2014:08:15:43 -0500] "GET /sinmi3/12/?C=M;O=D HTTP/1.0" 404 1019
178.63.49.82 - - [01/Nov/2014:08:15:43 -0500] "GET /gallery2/g2data/cache/derivative/3/1/?C=S;O=D HTTP/1.0" 404 1015
186.28.30.92 - - [01/Nov/2014:08:15:44 -0500] "GET /isolucionsda/g/vacio1x1.gif HTTP/1.1" 404 5195
201.245.192.253 - - [01/Nov/2014:08:15:44 -0500] "GET /forest/img/inicio/3.gif HTTP/1.1" 304 -
46.4.12.20 - - [01/Nov/2014:08:15:45 -0500] "GET /sinmi3/12/?C=N;O=A HTTP/1.0" 404 1019
178.63.49.82 - - [01/Nov/2014:08:15:45 -0500] "GET /gallery2/g2data/cache/derivative/3/?C=D;O=D HTTP/1.0" 404 1015
178.63.49.82 - - [01/Nov/2014:08:15:47 -0500] "GET /gallery2/g2data/cache/derivative/3/?C=M;O=D HTTP/1.0" 404 1015
178.63.49.82 - - [01/Nov/2014:08:15:48 -0500] "GET /robots.txt HTTP/1.0" 404 1015
46.4.12.20 - - [01/Nov/2014:08:15:48 -0500] "GET /sinmi3/12/?C=S;O=D HTTP/1.0" 404 1019
186.28.30.92 - - [01/Nov/2014:08:15:48 -0500] "GET /isolucionsda/g/vacio1x1.gif HTTP/1.1" 404 5195
178.63.49.82 - - [01/Nov/2014:08:15:50 -0500] "GET /gallery2/g2data/cache/derivative/3/?C=S;O=D HTTP/1.0" 404 1015
46.4.12.20 - - [01/Nov/2014:08:15:50 -0500] "GET /sinmi3/17/?C=D;O=D HTTP/1.0" 404 1019
186.28.30.92 - - [01/Nov/2014:08:15:51 -0500] "GET /isolucionsda/bancoconocimiento/C/CumplimientodeProvidenciasJudicialesyDecisionesExtrajudicialesdesfavorablesalaSDA_v1_0/CumplimientodeProvidenciasJudicialesyDecisionesExtrajudicialesdesfavorablesalaSDA_v1_0.asp?IdArticulo=5727 HTTP/1.1" 302 340
46.4.12.20 - - [01/Nov/2014:08:15:52 -0500] "GET /sinmi3/17/?C=M;O=D HTTP/1.0" 404 1019
178.63.49.82 - - [01/Nov/2014:08:15:52 -0500] "GET /re/Cuento/cuadro22/boton%20cuadro22/?C=N;O=A HTTP/1.0" 404 1015
186.28.30.92 - - [01/Nov/2014:08:15:52 -0500] "GET /isolucionsda/bancoconocimiento/C/CumplimientodeProvidenciasJudicialesyDecisionesExtrajudicialesdesfavorablesalaSDA_v2/CumplimientodeProvidenciasJudicialesyDecisionesExtrajudicialesdesfavorablesalaSDA_v2.asp?Id_Articulo=6925 HTTP/1.1" 200 119488
186.28.30.92 - - [01/Nov/2014:08:15:53 -0500] "GET /isolucionsda/g/vacio1x1.gif HTTP/1.1" 404 5195
46.4.12.20 - - [01/Nov/2014:08:15:54 -0500] "GET /sinmi3/17/?C=N;O=A HTTP/1.0" 404 1019
178.63.49.82 - - [01/Nov/2014:08:15:54 -0500] "GET /re/Cuento/cuadro22/imagen%20izquierda/imagen%20boton%20talleres/?C=D;O=D HTTP/1.0" 404 1015
178.63.49.82 - - [01/Nov/2014:08:15:56 -0500] "GET /re/Cuento/cuadro22/imagen%20izquierda/imagen%20boton%20talleres/?C=M;O=D HTTP/1.0" 404 1015
178.63.49.82 - - [01/Nov/2014:08:15:57 -0500] "GET /re/Cuento/cuadro22/imagen%20izquierda/imagen%20boton%20talleres/?C=N;O=A HTTP/1.0" 404 1015
178.63.49.82 - - [01/Nov/2014:08:15:59 -0500] "GET /re/Cuento/cuadro22/imagen%20izquierda/imagen%20boton%20talleres/?C=S;O=D HTTP/1.0" 404 1015
46.4.12.20 - - [01/Nov/2014:08:16:01 -0500] "GET /sinmi3/17/?C=S;O=D HTTP/1.0" 404 1019
178.63.49.82 - - [01/Nov/2014:08:16:01 -0500] "GET /re/Cuento/cuadro22/imagen%20izquierda/imagen%20boton%20talleres/_notes/?C=N;O=A HTTP/1.0" 404 1015
178.63.49.82 - - [01/Nov/2014:08:16:03 -0500] "GET /re/Cuento/cuadro22/imagen%20izquierda/imagen%20boton%20talleres/_notes/?C=S;O=D HTTP/1.0" 404 1015
46.4.12.20 - - [01/Nov/2014:08:16:03 -0500] "GET /sinmi3/7/?C=D;O=D HTTP/1.0" 404 1019
178.63.49.82 - - [01/Nov/2014:08:16:04 -0500] "GET /re/Talleres/papel/imagenes%20papel/fotos%20papel/?C=N;O=A HTTP/1.0" 404 1015
46.4.12.20 - - [01/Nov/2014:08:16:05 -0500] "GET /sinmi3/7/?C=M;O=D HTTP/1.0" 404 1019
178.63.49.82 - - [01/Nov/2014:08:16:06 -0500] "GET /re/Talleres/papel/imagenes%20papel/fotos%20papel/?C=S;O=D HTTP/1.0" 404 1015
178.63.49.82 - - [01/Nov/2014:08:16:08 -0500] "GET /re/Talleres/plastico/imagenes%20plastico/barra%20plasticos/?C=D;O=A HTTP/1.0" 404 1015
178.63.49.82 - - [01/Nov/2014:08:16:10 -0500] "GET /re1/Que%20es/Agenda%20ambiental/flora%20fauna/fotos%20flora%20fauna/fauna/?C=S;O=D HTTP/1.0" 404 1015
46.4.12.20 - - [01/Nov/2014:08:16:11 -0500] "GET /sinmi3/7/?C=N;O=A HTTP/1.0" 404 1019
178.63.49.82 - - [01/Nov/2014:08:16:12 -0500] "GET /re1/Que%20es/Agenda%20ambiental/flora%20fauna/fotos%20flora%20fauna/flora/?C=D;O=D HTTP/1.0" 404 1015
178.63.49.82 - - [01/Nov/2014:08:16:16 -0500] "GET /re1/Que%20es/Marco%20pedagocico/planillas/ejemplos%20planillas/ciencias%20sociales/?C=N;O=D HTTP/1.0" 404 1015
186.28.30.92 - - [01/Nov/2014:08:16:29 -0500] "GET /isolucionsda/FrameSetArticulo.asp?Pagina=/isolucionsda/bancoconocimiento/C/Circular74del1deNoviembrede2002/Circular74del1deNoviembrede2002.asp?IdArticulo=6248 HTTP/1.1" 200 7381
186.28.30.92 - - [01/Nov/2014:08:16:30 -0500] "GET /isolucionsda/Arriba.asp?Pagina=/isolucionsda/bancoconocimiento/C/Circular74del1deNoviembrede2002/Circular74del1deNoviembrede2002.asp?IdArticulo=6248 HTTP/1.1" 200 9945
186.28.30.92 - - [01/Nov/2014:08:16:30 -0500] "GET /isolucionsda/bancoconocimiento/C/Circular74del1deNoviembrede2002/Circular74del1deNoviembrede2002.asp?IdArticulo=6248 HTTP/1.1" 302 178
46.4.12.20 - - [01/Nov/2014:08:16:35 -0500] "GET /sinmi3/7/?C=S;O=D HTTP/1.0" 404 1019
178.63.49.82 - - [01/Nov/2014:08:16:37 -0500] "GET /re1/Que%20es/Marco%20pedagocico/planillas/ejemplos%20planillas/ciencias%20sociales/?C=S;O=A HTTP/1.0" 404 1015
178.63.49.82 - - [01/Nov/2014:08:16:39 -0500] "GET /re1/Que%20es/Marco%20pedagocico/planillas/ejemplos%20planillas/espanol/?C=D;O=A HTTP/1.0" 404 1015
66.249.65.115 - - [01/Nov/2014:08:16:39 -0500] "GET /BLA/resoluciones/RESOLUCIONES%202007/RES%202007%201501%20AL%201600/RESOLUCION%201585%20DE%202007.pdf HTTP/1.1" 200 540153
46.4.12.20 - - [01/Nov/2014:08:16:40 -0500] "GET /smtp/Net/?C=D;O=D HTTP/1.0" 404 1019
178.63.49.82 - - [01/Nov/2014:08:16:40 -0500] "GET /re1/Que%20es/Marco%20pedagocico/planillas/ejemplos%20planillas/espanol/?C=M;O=A HTTP/1.0" 404 1015
190.27.148.19 - - [01/Nov/2014:08:16:47 -0500] "GET /galeria/nivo-slider/demo/demo.html HTTP/1.1" 304 -
190.27.148.19 - - [01/Nov/2014:08:16:47 -0500] "GET /galeria/nivo-slider/demo/images/Encuentro-Orqu%C3%ADdeas01.jpg HTTP/1.1" 304 -
190.27.148.19 - - [01/Nov/2014:08:16:47 -0500] "GET /galeria/nivo-slider/demo/images/Encuentro-Orqu%C3%ADdeas02.jpg HTTP/1.1" 304 -
178.63.49.82 - - [01/Nov/2014:08:16:48 -0500] "GET /re1/Que%20es/Marco%20pedagocico/planillas/ejemplos%20planillas/espanol/?C=N;O=D HTTP/1.0" 404 1015
190.27.148.19 - - [01/Nov/2014:08:16:48 -0500] "GET /galeria/nivo-slider/demo/images/porloshumedales.jpg HTTP/1.1" 304 -
46.4.12.20 - - [01/Nov/2014:08:16:51 -0500] "GET /smtp/Net/?C=M;O=D HTTP/1.0" 404 1019
46.4.12.20 - - [01/Nov/2014:08:16:53 -0500] "GET /smtp/Net/?C=N;O=A HTTP/1.0" 404 1019
180.76.6.16 - - [01/Nov/2014:08:16:53 -0500] "GET /BLA/resoluciones/AUTOS%202009/1155.pdf HTTP/1.1" 200 63532
46.4.12.20 - - [01/Nov/2014:08:17:01 -0500] "GET /smtp/Net/?C=S;O=D HTTP/1.0" 404 1019
178.63.49.82 - - [01/Nov/2014:08:17:02 -0500] "GET /re1/Que%20es/Marco%20pedagocico/planillas/ejemplos%20planillas/espanol/?C=S;O=A HTTP/1.0" 404 1015
46.4.12.20 - - [01/Nov/2014:08:17:13 -0500] "GET /smtp/Net/docs/?C=D;O=A HTTP/1.0" 404 1019
46.4.12.20 - - [01/Nov/2014:08:17:16 -0500] "GET /smtp/Net/docs/?C=M;O=A HTTP/1.0" 404 1019
201.245.192.253 - - [01/Nov/2014:08:17:16 -0500] "GET /forest/img/inicio/4.gif HTTP/1.1" 304 -
178.63.49.82 - - [01/Nov/2014:08:17:17 -0500] "GET /re1/Que%20es/Marco%20pedagocico/planillas/planilla%20integrada/?C=N;O=A HTTP/1.0" 404 1015
46.4.12.20 - - [01/Nov/2014:08:17:18 -0500] "GET /smtp/Net/docs/?C=N;O=A HTTP/1.0" 404 1019
46.4.12.20 - - [01/Nov/2014:08:17:26 -0500] "GET /smtp/Net/examples/?C=D;O=A HTTP/1.0" 404 1019
190.66.74.234 - - [01/Nov/2014:08:17:26 -0500] "GET /BLA/boletinlegal/js/jquery.js HTTP/1.1" 200 57254
190.66.74.234 - - [01/Nov/2014:08:17:26 -0500] "GET /BLA/boletinlegal/js/jquery.scrollTo-min.js HTTP/1.1" 200 1150
