180.76.6.66 - - [03/Nov/2014:05:02:52 -0500] "GET /BLA/resoluciones/RESOLUCIONES%202008/1656.pdf HTTP/1.1" 200 208012
180.76.5.172 - - [03/Nov/2014:05:02:54 -0500] "GET /BLA/resoluciones/AUTOS%202007/2917.pdf HTTP/1.1" 200 432355
180.76.6.133 - - [03/Nov/2014:05:02:55 -0500] "GET /BLA/resoluciones/AUTOS%202009/1550.pdf HTTP/1.1" 200 111454
180.76.5.197 - - [03/Nov/2014:05:02:55 -0500] "GET /BLA/resoluciones/RESOLUCIONES%202009/6471.pdf HTTP/1.1" 200 86227
180.76.5.154 - - [03/Nov/2014:05:02:58 -0500] "GET /BLA/resoluciones/AUTOS%202010/5625.pdf HTTP/1.1" 200 635533
180.76.6.153 - - [03/Nov/2014:05:03:02 -0500] "GET /BLA/resoluciones/RESOLUCIONES%202007/RES%202007%202701%20AL%202800/RESOLUCION%202790%20DE%202007.pdf HTTP/1.1" 200 952921
180.76.5.167 - - [03/Nov/2014:05:03:03 -0500] "GET /BLA/resoluciones/RESOLUCIONES%202011/3308.pdf HTTP/1.1" 200 644154
180.76.6.158 - - [03/Nov/2014:05:03:03 -0500] "GET /BLA/resoluciones/Autos%202008/2900.pdf HTTP/1.1" 200 368810
180.76.6.131 - - [03/Nov/2014:05:03:04 -0500] "GET /BLA/resoluciones/RESOLUCIONES%202013/1237.pdf HTTP/1.1" 200 656873
180.76.5.77 - - [03/Nov/2014:05:03:08 -0500] "GET /BLA/resoluciones/RESOLUCIONES%202010/0647.pdf HTTP/1.1" 200 504249
66.249.64.167 - - [03/Nov/2014:05:03:09 -0500] "GET /BLA/resoluciones/RESOLUCIONES%202007/RES%202007%201101%20AL%201200/RESOLUCION%201155%20DE%202007.pdf HTTP/1.1" 200 742860
180.76.5.22 - - [03/Nov/2014:05:03:09 -0500] "GET /BLA/resoluciones/RESOLUCIONES%202010/2450.pdf HTTP/1.1" 200 488427
195.154.77.10 - - [03/Nov/2014:05:03:11 -0500] "GET /gallery2/g2data/cache/derivative/2/3/238.dat HTTP/1.0" 404 1015
180.76.5.28 - - [03/Nov/2014:05:03:11 -0500] "GET /BLA/resoluciones/AUTOS%202007/0851.pdf HTTP/1.1" 200 94751
180.76.6.156 - - [03/Nov/2014:05:03:11 -0500] "GET /BLA/resoluciones/RESOLUCIONES%202009/4653.pdf HTTP/1.1" 200 377576
180.76.5.149 - - [03/Nov/2014:05:03:14 -0500] "GET /BLA/resoluciones/RESOLUCIONES%202010/1400.pdf HTTP/1.1" 200 573182
195.154.77.10 - - [03/Nov/2014:05:03:15 -0500] "GET /gallery2/g2data/cache/derivative/2/3/?C=D;O=A HTTP/1.0" 404 1015
180.76.6.150 - - [03/Nov/2014:05:03:16 -0500] "GET /BLA/resoluciones/RESOLUCIONES%202010/2399.pdf HTTP/1.1" 200 514050
180.76.5.187 - - [03/Nov/2014:05:03:17 -0500] "GET /BLA/resoluciones/RESOLUCIONES%202009/2464.pdf HTTP/1.1" 200 266799
180.76.5.59 - - [03/Nov/2014:05:03:21 -0500] "GET /BLA/resoluciones/RESOLUCIONES%202007/RES%202007%20901%20AL%201000/RESOLUCION%200982%20DE%202007.pdf HTTP/1.1" 200 265079
157.55.39.47 - - [03/Nov/2014:05:03:29 -0500] "GET /BLA/resoluciones/RESOLUCIONES%202010/1487.pdf HTTP/1.1" 200 523521
180.76.5.173 - - [03/Nov/2014:05:03:30 -0500] "GET /BLA/resoluciones/RESOLUCIONES%202007/RES%202007%20401%20AL%20500/RESOLUCION%200468%20DE%202007.pdf HTTP/1.1" 200 1041451
180.76.5.59 - - [03/Nov/2014:05:03:30 -0500] "GET /BLA/resoluciones/RESOLUCIONES%202010/2881.pdf HTTP/1.1" 200 300159
180.76.6.42 - - [03/Nov/2014:05:03:30 -0500] "GET /BLA/resoluciones/RESOLUCIONES%202008/2189.pdf HTTP/1.1" 200 318926
195.154.77.10 - - [03/Nov/2014:05:03:32 -0500] "GET /gallery2/g2data/cache/derivative/2/3/?C=M;O=A HTTP/1.0" 404 1015
180.76.5.60 - - [03/Nov/2014:05:03:32 -0500] "GET /BLA/resoluciones/RESOLUCIONES%202007/RES%202007%201301%20AL%201400/RESOLUCION%201369%20DE%202007.pdf HTTP/1.1" 200 229104
180.76.5.146 - - [03/Nov/2014:05:03:32 -0500] "GET /BLA/resoluciones/RESOLUCIONES%202009/1929.pdf HTTP/1.1" 200 633204
180.76.6.40 - - [03/Nov/2014:05:03:35 -0500] "GET /BLA/resoluciones/AUTOS%202007/2723.pdf HTTP/1.1" 200 76047
180.76.6.63 - - [03/Nov/2014:05:03:35 -0500] "GET /BLA/resoluciones/RESOLUCIONES%202010/6845.pdf HTTP/1.1" 200 1728928
195.154.77.10 - - [03/Nov/2014:05:03:37 -0500] "GET /gallery2/g2data/cache/derivative/2/3/?C=N;O=A HTTP/1.0" 404 1015
195.154.77.10 - - [03/Nov/2014:05:03:39 -0500] "GET /gallery2/g2data/cache/derivative/2/3/?C=N;O=D HTTP/1.0" 404 1015
180.76.5.193 - - [03/Nov/2014:05:03:43 -0500] "GET /BLA/resoluciones/AUTOS%202010/0610.pdf HTTP/1.1" 200 161098
180.76.6.55 - - [03/Nov/2014:05:03:43 -0500] "GET /BLA/resoluciones/AUTOS%202010/4461.pdf HTTP/1.1" 200 342493
195.154.77.10 - - [03/Nov/2014:05:03:44 -0500] "GET /gallery2/g2data/cache/derivative/2/3/?C=S;O=A HTTP/1.0" 404 1015
195.154.77.10 - - [03/Nov/2014:05:03:46 -0500] "GET /gallery2/g2data/cache/derivative/2/4/240-meta.inc HTTP/1.0" 404 1015
195.154.77.10 - - [03/Nov/2014:05:03:48 -0500] "GET /gallery2/g2data/cache/derivative/2/4/240.dat HTTP/1.0" 404 1015
157.55.39.47 - - [03/Nov/2014:05:03:50 -0500] "GET /BLA/resoluciones/RESOLUCIONES%202012/1753.pdf HTTP/1.1" 200 451690
157.55.39.47 - - [03/Nov/2014:05:03:50 -0500] "GET /bla/resoluciones/RESOLUCIONES%202011/0928.pdf HTTP/1.1" 200 69139
157.55.39.47 - - [03/Nov/2014:05:03:51 -0500] "GET /BLA/resoluciones/Resoluciones%202011/1675.pdf HTTP/1.1" 200 71573
157.55.39.47 - - [03/Nov/2014:05:03:51 -0500] "GET /BLA/resoluciones/AUTOS%202009/1549.pdf HTTP/1.1" 200 112349
157.55.39.47 - - [03/Nov/2014:05:03:52 -0500] "GET /BLA/resoluciones/RESOLUCIONES%202012/1027.pdf HTTP/1.1" 200 384413
180.76.5.63 - - [03/Nov/2014:05:03:52 -0500] "GET /BLA/resoluciones/RESOLUCIONES%202009/0257.pdf HTTP/1.1" 200 667151
157.55.39.47 - - [03/Nov/2014:05:03:52 -0500] "GET /bla/resoluciones/RESOLUCIONES%202009/8660.pdf HTTP/1.1" 200 120211
157.55.39.47 - - [03/Nov/2014:05:03:53 -0500] "GET /BLA/resoluciones/Autos%202008/3170.pdf HTTP/1.1" 200 101483
157.55.39.47 - - [03/Nov/2014:05:03:53 -0500] "GET /BLA/resoluciones/RESOLUCIONES%202008/2949.pdf HTTP/1.1" 200 240283
195.154.77.10 - - [03/Nov/2014:05:03:53 -0500] "GET /gallery2/g2data/cache/derivative/2/4/242-meta.inc HTTP/1.0" 404 1015
180.76.5.94 - - [03/Nov/2014:05:03:53 -0500] "GET /BLA/resoluciones/AUTOS%202011/3182.pdf HTTP/1.1" 200 247421
180.76.5.20 - - [03/Nov/2014:05:03:53 -0500] "GET /BLA/resoluciones/RESOLUCIONES%202012/0310.pdf HTTP/1.1" 200 427436
157.55.39.47 - - [03/Nov/2014:05:03:54 -0500] "GET /bla/resoluciones/RESOLUCIONES%202009/8601.pdf HTTP/1.1" 200 1062725
188.165.15.90 - - [03/Nov/2014:05:03:54 -0500] "GET /BLA/resoluciones/RESOLUCIONES%202006/RES%202006%20951-1000/00000977.tif HTTP/1.1" 200 146488
195.154.77.10 - - [03/Nov/2014:05:03:55 -0500] "GET /gallery2/g2data/cache/derivative/2/4/242.dat HTTP/1.0" 404 1015
180.76.6.45 - - [03/Nov/2014:05:03:56 -0500] "GET /BLA/resoluciones/RESOLUCIONES%202010/2229.pdf HTTP/1.1" 200 518660
157.55.39.47 - - [03/Nov/2014:05:03:57 -0500] "GET /BLA/resoluciones/AUTOS%202011/3747.pdf HTTP/1.1" 200 256523
157.55.39.47 - - [03/Nov/2014:05:03:58 -0500] "GET /BLA/resoluciones/AUTOS%202009/2656.pdf HTTP/1.1" 200 104192
180.76.6.151 - - [03/Nov/2014:05:03:58 -0500] "GET /BLA/resoluciones/RESOLUCIONES%202010/7007.pdf HTTP/1.1" 200 67281
195.154.77.10 - - [03/Nov/2014:05:03:58 -0500] "GET /gallery2/g2data/cache/derivative/2/4/244.dat HTTP/1.0" 404 1015
180.76.5.146 - - [03/Nov/2014:05:03:59 -0500] "GET /BLA/resoluciones/RESOLUCIONES%202013/0466.pdf HTTP/1.1" 200 4657784
180.76.6.66 - - [03/Nov/2014:05:04:00 -0500] "GET /BLA/resoluciones/AUTOS%202011/2736.pdf HTTP/1.1" 200 228601
180.76.6.48 - - [03/Nov/2014:05:04:00 -0500] "GET /BLA/resoluciones/RESOLUCIONES%202010/4770.pdf HTTP/1.1" 200 420935
195.154.77.10 - - [03/Nov/2014:05:04:00 -0500] "GET /gallery2/g2data/cache/derivative/2/4/246-meta.inc HTTP/1.0" 404 1015
180.76.6.44 - - [03/Nov/2014:05:04:01 -0500] "GET /BLA/resoluciones/Autos%202008/0713.pdf HTTP/1.1" 200 69292
62.43.225.172 - - [03/Nov/2014:05:03:59 -0500] "GET /arcgis/services/Calidad_del_Agua_WQI/MapServer/WMSServer?VERSION=1.1.1&REQUEST=GetMap&SRS=EPSG:4326&BBOX=-74.2162686339025,4.62266882945533,-74.0450961577955,4.78030812109106&WIDTH=1151&HEIGHT=1060&LAYERS=0,1,3,4,5,6,7,8,9,10,11,12,13&STYLES=,,,,,,,,,,,,&EXCEPTIONS=application/vnd.ogc.se_xml&FORMAT=image/png&BGCOLOR=0xFEFFFF&TRANSPARENT=TRUE HTTP/1.1" 200 39849
180.76.5.190 - - [03/Nov/2014:05:04:02 -0500] "GET /BLA/resoluciones/RESOLUCIONES%202009/2362.pdf HTTP/1.1" 200 469478
195.154.77.10 - - [03/Nov/2014:05:04:03 -0500] "GET /gallery2/g2data/cache/derivative/2/4/246.dat HTTP/1.0" 404 1015
195.154.77.10 - - [03/Nov/2014:05:04:07 -0500] "GET /gallery2/g2data/cache/derivative/2/4/248-meta.inc HTTP/1.0" 404 1015
180.76.5.77 - - [03/Nov/2014:05:04:07 -0500] "GET /BLA/resoluciones/RESOLUCIONES%202009/9570.pdf HTTP/1.1" 200 372392
195.154.77.10 - - [03/Nov/2014:05:04:10 -0500] "GET /gallery2/g2data/cache/derivative/2/4/248.dat HTTP/1.0" 404 1015
195.154.77.10 - - [03/Nov/2014:05:04:14 -0500] "GET /gallery2/g2data/cache/derivative/2/4/?C=D;O=A HTTP/1.0" 404 1015
195.154.77.10 - - [03/Nov/2014:05:04:16 -0500] "GET /gallery2/g2data/cache/derivative/2/4/?C=M;O=A HTTP/1.0" 404 1015
62.43.225.172 - - [03/Nov/2014:05:04:14 -0500] "GET /arcgis/services/Calidad_del_Agua_WQI/MapServer/WMSServer?VERSION=1.1.1&REQUEST=GetMap&SRS=EPSG:4326&BBOX=-74.1698691442888,4.58950509168657,-73.9986966681818,4.74714438332229&WIDTH=1151&HEIGHT=1060&LAYERS=0,1,3,4,5,6,7,8,9,10,11,12,13&STYLES=,,,,,,,,,,,,&EXCEPTIONS=application/vnd.ogc.se_xml&FORMAT=image/png&BGCOLOR=0xFEFFFF&TRANSPARENT=TRUE HTTP/1.1" 200 52022
195.154.77.10 - - [03/Nov/2014:05:04:18 -0500] "GET /gallery2/g2data/cache/derivative/2/4/?C=N;O=A HTTP/1.0" 404 1015
157.55.39.46 - - [03/Nov/2014:05:04:19 -0500] "GET /BLA/resoluciones/Autos%202008/0008.pdf HTTP/1.1" 200 78177
180.76.5.78 - - [03/Nov/2014:05:04:19 -0500] "GET /BLA/resoluciones/RESOLUCIONES%202011/1037.pdf HTTP/1.1" 200 73843
180.76.6.130 - - [03/Nov/2014:05:04:19 -0500] "GET /BLA/resoluciones/RESOLUCIONES%202007/RES%202007%203101%20AL%203200/RESOLUCION%203183%20%20DE%202007.pdf HTTP/1.1" 200 883329
157.55.39.46 - - [03/Nov/2014:05:04:19 -0500] "GET /bla/resoluciones/RESOLUCIONES%202009/1631.pdf HTTP/1.1" 200 387764
157.55.39.46 - - [03/Nov/2014:05:04:20 -0500] "GET /BLA/resoluciones/AUTOS%202009/1213.pdf HTTP/1.1" 200 123326
157.55.39.46 - - [03/Nov/2014:05:04:20 -0500] "GET /BLA/resoluciones/RESOLUCIONES%202007/RES%202007%20901%20AL%201000/RESOLUCION%200917%20DE%202007.pdf HTTP/1.1" 200 160040
157.55.39.46 - - [03/Nov/2014:05:04:21 -0500] "GET /BLA/resoluciones/AUTOS%202007/1692.pdf HTTP/1.1" 200 171783
195.154.77.10 - - [03/Nov/2014:05:04:21 -0500] "GET /gallery2/g2data/cache/derivative/2/4/?C=N;O=D HTTP/1.0" 404 1015
157.55.39.46 - - [03/Nov/2014:05:04:21 -0500] "GET /BLA/resoluciones/AUTOS%202007/3856.pdf HTTP/1.1" 200 77016
157.55.39.46 - - [03/Nov/2014:05:04:21 -0500] "GET /BLA/resoluciones/RESOLUCIONES%202007/RES%202007%20301%20AL%20400/RESOLUCION%200397%20DE%202007.pdf HTTP/1.1" 200 607594
157.55.39.46 - - [03/Nov/2014:05:04:22 -0500] "GET /BLA/resoluciones/RESOLUCIONES%202008/1341.pdf HTTP/1.1" 200 479241
62.43.225.172 - - [03/Nov/2014:05:04:22 -0500] "GET /arcgis/services/Calidad_del_Agua_WQI/MapServer/WMSServer?VERSION=1.1.1&REQUEST=GetMap&SRS=EPSG:4326&BBOX=-74.2446734496596,4.54057742475448,-73.986487,4.85585600802585&WIDTH=868&HEIGHT=1060&LAYERS=0,1,3,4,5,6,7,8,9,10,11,12,13&STYLES=,,,,,,,,,,,,&EXCEPTIONS=application/vnd.ogc.se_xml&FORMAT=image/png&BGCOLOR=0xFEFFFF&TRANSPARENT=TRUE HTTP/1.1" 200 42321
180.76.6.213 - - [03/Nov/2014:05:04:26 -0500] "GET /BLA/resoluciones/RESOLUCIONES%202007/RES%202007%203701%20AL%203800/RESOLUCION%203753%20DE%202007.pdf HTTP/1.1" 200 1170758
180.76.5.143 - - [03/Nov/2014:05:04:27 -0500] "GET /BLA/resoluciones/AUTOS%202007/2614.pdf HTTP/1.1" 200 27894
180.76.6.225 - - [03/Nov/2014:05:04:27 -0500] "GET /BLA/resoluciones/RESOLUCIONES%202009/4976.pdf HTTP/1.1" 200 343924
180.76.6.159 - - [03/Nov/2014:05:04:29 -0500] "GET /BLA/resoluciones/AUTOS%202007/2905.pdf HTTP/1.1" 200 263502
180.76.5.78 - - [03/Nov/2014:05:04:31 -0500] "GET /BLA/resoluciones/RESOLUCIONES%202010/1568.pdf HTTP/1.1" 200 372506
180.76.5.65 - - [03/Nov/2014:05:04:31 -0500] "GET /BLA/resoluciones/RESOLUCIONES%202008/2339.pdf HTTP/1.1" 200 406201
195.154.77.10 - - [03/Nov/2014:05:04:32 -0500] "GET /gallery2/g2data/cache/derivative/2/4/?C=S;O=A HTTP/1.0" 404 1015
195.154.77.10 - - [03/Nov/2014:05:04:36 -0500] "GET /gallery2/g2data/cache/derivative/2/5/250-meta.inc HTTP/1.0" 404 1015
180.76.6.148 - - [03/Nov/2014:05:04:38 -0500] "GET /BLA/resoluciones/RESOLUCIONES%202007/RES%202007%202701%20AL%202800/RESOLUCION%202737%20DE%202007.pdf HTTP/1.1" 200 782429
180.76.5.80 - - [03/Nov/2014:05:04:39 -0500] "GET /BLA/resoluciones/RESOLUCIONES%202008/1460.pdf HTTP/1.1" 200 299553
180.76.6.225 - - [03/Nov/2014:05:04:39 -0500] "GET /BLA/resoluciones/AUTOS%202010/0117.pdf HTTP/1.1" 200 266941
180.76.5.78 - - [03/Nov/2014:05:04:39 -0500] "GET /BLA/resoluciones/RESOLUCIONES%202010/0535.pdf HTTP/1.1" 200 371872
180.76.5.196 - - [03/Nov/2014:05:04:39 -0500] "GET /BLA/resoluciones/Autos%202008/2441.pdf HTTP/1.1" 200 78915
180.76.6.29 - - [03/Nov/2014:05:04:41 -0500] "GET /BLA/resoluciones/AUTOS%202009/2918.pdf HTTP/1.1" 200 96732
186.112.60.41 - - [03/Nov/2014:05:04:41 -0500] "GET /BLA/boletinlegal/js/jquery.js HTTP/1.1" 200 57254
186.112.60.41 - - [03/Nov/2014:05:04:41 -0500] "GET /BLA/boletinlegal/js/jquery.scrollTo-min.js HTTP/1.1" 200 1150
186.112.60.41 - - [03/Nov/2014:05:04:41 -0500] "GET /BLA/boletinlegal/js/jquery.scrollShow.js HTTP/1.1" 200 4586
195.154.77.10 - - [03/Nov/2014:05:04:42 -0500] "GET /gallery2/g2data/cache/derivative/2/5/250.dat HTTP/1.0" 404 1015
180.76.6.21 - - [03/Nov/2014:05:04:42 -0500] "GET /BLA/resoluciones/RESOLUCIONES%202009/2042.pdf HTTP/1.1" 200 654627
195.154.77.10 - - [03/Nov/2014:05:04:47 -0500] "GET /gallery2/g2data/cache/derivative/2/5/252-meta.inc HTTP/1.0" 404 1015
180.76.6.36 - - [03/Nov/2014:05:04:49 -0500] "GET /BLA/resoluciones/RESOLUCIONES%202010/5025.pdf HTTP/1.1" 200 764579
180.76.6.59 - - [03/Nov/2014:05:04:49 -0500] "GET /BLA/resoluciones/AUTOS%202007/0356.pdf HTTP/1.1" 200 194233
195.154.77.10 - - [03/Nov/2014:05:04:49 -0500] "GET /gallery2/g2data/cache/derivative/2/5/252.dat HTTP/1.0" 404 1015
195.154.77.10 - - [03/Nov/2014:05:04:52 -0500] "GET /gallery2/g2data/cache/derivative/2/5/254-meta.inc HTTP/1.0" 404 1015
180.76.6.138 - - [03/Nov/2014:05:04:54 -0500] "GET /BLA/resoluciones/RESOLUCIONES%202009/4640.pdf HTTP/1.1" 200 293729
180.76.5.187 - - [03/Nov/2014:05:04:55 -0500] "GET /BLA/resoluciones/AUTOS%202009/2410.pdf HTTP/1.1" 200 101269
195.154.77.10 - - [03/Nov/2014:05:04:57 -0500] "GET /gallery2/g2data/cache/derivative/2/5/254.dat HTTP/1.0" 404 1015
180.76.5.197 - - [03/Nov/2014:05:04:59 -0500] "GET /BLA/resoluciones/RESOLUCIONES%202011/1004.pdf HTTP/1.1" 200 65541
62.43.225.172 - - [03/Nov/2014:05:04:59 -0500] "GET /arcgis/services/Calidad_del_Agua_WQI/MapServer/WMSServer?VERSION=1.1.1&REQUEST=GetMap&SRS=EPSG:4326&BBOX=-74.2446734496596,4.54057742475448,-73.986487,4.85585600802585&WIDTH=868&HEIGHT=1060&LAYERS=0,1,3,4,5,6,7,8,9,10,11,12,13&STYLES=,,,,,,,,,,,,&EXCEPTIONS=application/vnd.ogc.se_xml&FORMAT=image/png&BGCOLOR=0xFEFFFF&TRANSPARENT=TRUE HTTP/1.1" 200 42321
195.154.77.10 - - [03/Nov/2014:05:05:01 -0500] "GET /gallery2/g2data/cache/derivative/2/5/256-meta.inc HTTP/1.0" 404 1015
195.154.77.10 - - [03/Nov/2014:05:05:03 -0500] "GET /gallery2/g2data/cache/derivative/2/5/256.dat HTTP/1.0" 404 1015
180.76.6.64 - - [03/Nov/2014:05:05:07 -0500] "GET /BLA/resoluciones/RESOLUCIONES%202009/2771.pdf HTTP/1.1" 200 384509
195.154.77.10 - - [03/Nov/2014:05:05:07 -0500] "GET /gallery2/g2data/cache/derivative/2/5/258-meta.inc HTTP/1.0" 404 1015
180.76.5.22 - - [03/Nov/2014:05:05:08 -0500] "GET /BLA/resoluciones/AUTOS%202010/1429.pdf HTTP/1.1" 200 167214
195.154.77.10 - - [03/Nov/2014:05:05:10 -0500] "GET /gallery2/g2data/cache/derivative/2/5/258.dat HTTP/1.0" 404 1015
180.76.5.148 - - [03/Nov/2014:05:05:10 -0500] "GET /BLA/resoluciones/Autos%202008/0512.pdf HTTP/1.1" 200 156194
62.43.225.172 - - [03/Nov/2014:05:05:09 -0500] "GET /arcgis/services/Calidad_del_Agua_WQI/MapServer/WMSServer?VERSION=1.1.1&REQUEST=GetMap&SRS=EPSG:4326&BBOX=-74.1510490948958,4.57178681986596,-74.0141111140102,4.69789825317451&WIDTH=1151&HEIGHT=1060&LAYERS=0,1,3,4,5,6,7,8,9,10,11,12,13&STYLES=,,,,,,,,,,,,&EXCEPTIONS=application/vnd.ogc.se_xml&FORMAT=image/png&BGCOLOR=0xFEFFFF&TRANSPARENT=TRUE HTTP/1.1" 200 48485
180.76.5.95 - - [03/Nov/2014:05:05:11 -0500] "GET /BLA/resoluciones/RESOLUCIONES%202010/0129.pdf HTTP/1.1" 200 387278
195.154.77.10 - - [03/Nov/2014:05:05:12 -0500] "GET /gallery2/g2data/cache/derivative/2/5/?C=D;O=A HTTP/1.0" 404 1015
157.55.39.46 - - [03/Nov/2014:05:05:13 -0500] "-" 408 -
195.154.77.10 - - [03/Nov/2014:05:05:14 -0500] "GET /gallery2/g2data/cache/derivative/2/5/?C=M;O=A HTTP/1.0" 404 1015
180.76.6.146 - - [03/Nov/2014:05:05:14 -0500] "GET /BLA/resoluciones/RESOLUCIONES%202007/RES%202007%203701%20AL%203800/RESOLUCION%203765%20DE%202007.pdf HTTP/1.1" 200 27951
180.76.6.142 - - [03/Nov/2014:05:05:15 -0500] "GET /BLA/resoluciones/AUTOS%202009/2439.pdf HTTP/1.1" 200 101646
180.76.6.42 - - [03/Nov/2014:05:05:17 -0500] "GET /BLA/resoluciones/RESOLUCIONES%202007/RES%202007%20801%20AL%20900/RESOLUCION%200878%20DE%202007.pdf HTTP/1.1" 200 234391
180.76.6.139 - - [03/Nov/2014:05:05:17 -0500] "GET /BLA/resoluciones/RESOLUCIONES%202013/1088.pdf HTTP/1.1" 200 736114
195.154.77.10 - - [03/Nov/2014:05:05:18 -0500] "GET /gallery2/g2data/cache/derivative/2/5/?C=N;O=A HTTP/1.0" 404 1015
195.154.77.10 - - [03/Nov/2014:05:05:21 -0500] "GET /gallery2/g2data/cache/derivative/2/5/?C=N;O=D HTTP/1.0" 404 1015
180.76.5.18 - - [03/Nov/2014:05:05:23 -0500] "GET /BLA/resoluciones/RESOLUCIONES%202008/1939.pdf HTTP/1.1" 200 209174
195.154.77.10 - - [03/Nov/2014:05:05:24 -0500] "GET /gallery2/g2data/cache/derivative/2/5/?C=S;O=A HTTP/1.0" 404 1015
180.76.6.61 - - [03/Nov/2014:05:05:25 -0500] "GET /BLA/resoluciones/RESOLUCIONES%202012/0209.pdf HTTP/1.1" 200 182153
195.154.77.10 - - [03/Nov/2014:05:05:27 -0500] "GET /gallery2/g2data/cache/derivative/2/6/260-meta.inc HTTP/1.0" 404 1015
74.86.158.107 - - [03/Nov/2014:05:05:27 -0500] "HEAD / HTTP/1.1" 302 -
180.76.6.158 - - [03/Nov/2014:05:05:28 -0500] "GET /BLA/resoluciones/AUTOS%202009/2093.pdf HTTP/1.1" 200 100553
180.76.5.150 - - [03/Nov/2014:05:05:29 -0500] "GET /BLA/resoluciones/AUTOS%202013/0401.pdf HTTP/1.1" 200 918656
195.154.77.10 - - [03/Nov/2014:05:05:29 -0500] "GET /gallery2/g2data/cache/derivative/2/6/260.dat HTTP/1.0" 404 1015
195.154.77.10 - - [03/Nov/2014:05:05:31 -0500] "GET /gallery2/g2data/cache/derivative/2/6/262-meta.inc HTTP/1.0" 404 1015
180.76.5.148 - - [03/Nov/2014:05:05:31 -0500] "GET /BLA/resoluciones/Autos%202008/2208.pdf HTTP/1.1" 200 80029
180.76.6.144 - - [03/Nov/2014:05:05:32 -0500] "GET /BLA/resoluciones/AUTOS%202007/1623.pdf HTTP/1.1" 200 226201
195.154.77.10 - - [03/Nov/2014:05:05:33 -0500] "GET /gallery2/g2data/cache/derivative/2/6/262.dat HTTP/1.0" 404 1015
180.76.5.146 - - [03/Nov/2014:05:05:34 -0500] "GET /BLA/resoluciones/RESOLUCIONES%202011/1526.pdf HTTP/1.1" 200 344696
180.76.6.62 - - [03/Nov/2014:05:05:34 -0500] "GET /BLA/resoluciones/RESOLUCIONES%202010/7196.pdf HTTP/1.1" 200 518024
195.154.77.10 - - [03/Nov/2014:05:05:36 -0500] "GET /gallery2/g2data/cache/derivative/2/6/264-meta.inc HTTP/1.0" 404 1015
195.154.77.10 - - [03/Nov/2014:05:05:37 -0500] "GET /gallery2/g2data/cache/derivative/2/6/264.dat HTTP/1.0" 404 1015
180.76.6.159 - - [03/Nov/2014:05:05:38 -0500] "GET /BLA/resoluciones/RESOLUCIONES%202009/0160.pdf HTTP/1.1" 200 312294
195.154.77.10 - - [03/Nov/2014:05:05:39 -0500] "GET /gallery2/g2data/cache/derivative/2/6/266-meta.inc HTTP/1.0" 404 1015
180.76.6.53 - - [03/Nov/2014:05:05:39 -0500] "GET /BLA/resoluciones/RESOLUCIONES%202007/RES%202007%202401%20AL%202500/RESOLUCION%202404%20DE%202007.pdf HTTP/1.1" 200 1589102
180.76.6.54 - - [03/Nov/2014:05:05:41 -0500] "GET /BLA/resoluciones/RESOLUCIONES%202011/1524.pdf HTTP/1.1" 200 232726
180.76.5.28 - - [03/Nov/2014:05:05:42 -0500] "GET /BLA/resoluciones/AUTOS%202011/1922.pdf HTTP/1.1" 200 156255
180.76.5.18 - - [03/Nov/2014:05:05:42 -0500] "GET /BLA/resoluciones/AUTOS%202013/0309.pdf HTTP/1.1" 200 1168660
74.86.158.107 - - [03/Nov/2014:05:05:44 -0500] "GET / HTTP/1.1" 302 -
195.154.77.10 - - [03/Nov/2014:05:05:45 -0500] "GET /gallery2/g2data/cache/derivative/2/6/266.dat HTTP/1.0" 404 1015
195.154.77.10 - - [03/Nov/2014:05:05:48 -0500] "GET /gallery2/g2data/cache/derivative/2/6/268-meta.inc HTTP/1.0" 404 1015
195.154.77.10 - - [03/Nov/2014:05:05:49 -0500] "GET /gallery2/g2data/cache/derivative/2/6/268.dat HTTP/1.0" 404 1015
195.154.77.10 - - [03/Nov/2014:05:05:53 -0500] "GET /gallery2/g2data/cache/derivative/2/6/?C=D;O=A HTTP/1.0" 404 1015
180.76.6.63 - - [03/Nov/2014:05:05:58 -0500] "GET /BLA/resoluciones/AUTOS%202007/0584.pdf HTTP/1.1" 200 475762
180.76.6.64 - - [03/Nov/2014:05:05:58 -0500] "GET /BLA/resoluciones/Autos%202008/1793.pdf HTTP/1.1" 200 236795
180.76.5.189 - - [03/Nov/2014:05:05:58 -0500] "GET /BLA/resoluciones/RESOLUCIONES%202007/RES%202007%202801%20AL%202900/RESOLUCION%202827%20DE%202007.pdf HTTP/1.1" 200 26876
180.76.6.66 - - [03/Nov/2014:05:06:00 -0500] "GET /BLA/resoluciones/AUTOS%202009/1610.pdf HTTP/1.1" 200 113789
180.76.5.24 - - [03/Nov/2014:05:06:01 -0500] "GET /BLA/resoluciones/AUTOS%202007/2978.pdf HTTP/1.1" 200 83219
195.154.77.10 - - [03/Nov/2014:05:06:02 -0500] "GET /gallery2/g2data/cache/derivative/2/6/?C=M;O=A HTTP/1.0" 404 1015
180.76.6.225 - - [03/Nov/2014:05:06:02 -0500] "GET /BLA/resoluciones/AUTOS%202007/2451.pdf HTTP/1.1" 200 280523
180.76.6.47 - - [03/Nov/2014:05:06:03 -0500] "GET /BLA/resoluciones/AUTOS%202010/5406.pdf HTTP/1.1" 200 1008047
195.154.77.10 - - [03/Nov/2014:05:06:04 -0500] "GET /gallery2/g2data/cache/derivative/2/6/?C=N;O=A HTTP/1.0" 404 1015
180.76.6.65 - - [03/Nov/2014:05:06:06 -0500] "GET /BLA/resoluciones/RESOLUCIONES%202009/1429.pdf HTTP/1.1" 200 964821
180.76.6.150 - - [03/Nov/2014:05:06:07 -0500] "GET /BLA/resoluciones/RESOLUCIONES%202009/0247.pdf HTTP/1.1" 200 650563
180.76.5.80 - - [03/Nov/2014:05:06:07 -0500] "GET /BLA/resoluciones/RESOLUCIONES%202008/2691.pdf HTTP/1.1" 200 461990
180.76.6.37 - - [03/Nov/2014:05:06:07 -0500] "GET /BLA/resoluciones/RESOLUCIONES%202011/3326.pdf HTTP/1.1" 200 711330
195.154.77.10 - - [03/Nov/2014:05:06:08 -0500] "GET /gallery2/g2data/cache/derivative/2/6/?C=N;O=D HTTP/1.0" 404 1015
180.76.6.20 - - [03/Nov/2014:05:06:10 -0500] "GET /BLA/resoluciones/AUTOS%202010/5342.pdf HTTP/1.1" 200 474790
195.154.77.10 - - [03/Nov/2014:05:06:10 -0500] "GET /gallery2/g2data/cache/derivative/2/6/?C=S;O=A HTTP/1.0" 404 1015
180.76.5.223 - - [03/Nov/2014:05:06:11 -0500] "GET /BLA/resoluciones/RESOLUCIONES%202007/RES%202007%20101%20AL%20200/RESOLUCION%200194%20DE%202007.pdf HTTP/1.1" 200 70622
195.154.77.10 - - [03/Nov/2014:05:06:12 -0500] "GET /gallery2/g2data/cache/derivative/2/7/270-meta.inc HTTP/1.0" 404 1015
180.76.6.156 - - [03/Nov/2014:05:06:12 -0500] "GET /BLA/resoluciones/RESOLUCIONES%202008/2906.pdf HTTP/1.1" 200 224897
195.154.77.10 - - [03/Nov/2014:05:06:14 -0500] "GET /gallery2/g2data/cache/derivative/2/7/270.dat HTTP/1.0" 404 1015
157.55.39.107 - - [03/Nov/2014:05:06:15 -0500] "GET /BLA/resoluciones/RESOLUCIONES%202009/7918.pdf HTTP/1.1" 200 530471
180.76.6.52 - - [03/Nov/2014:05:06:15 -0500] "GET /BLA/resoluciones/AUTOS%202013/1481.pdf HTTP/1.1" 200 1729700
157.55.39.107 - - [03/Nov/2014:05:06:15 -0500] "GET /BLA/resoluciones/Autos%202008/1197.pdf HTTP/1.1" 200 85373
195.154.77.10 - - [03/Nov/2014:05:06:16 -0500] "GET /gallery2/g2data/cache/derivative/2/7/272-meta.inc HTTP/1.0" 404 1015
157.55.39.107 - - [03/Nov/2014:05:06:16 -0500] "GET /BLA/resoluciones/RESOLUCIONES%202009/9184.pdf HTTP/1.1" 200 605466
157.55.39.107 - - [03/Nov/2014:05:06:16 -0500] "GET /BLA/resoluciones/Resoluciones%202011/0748.pdf HTTP/1.1" 200 463572
157.55.39.107 - - [03/Nov/2014:05:06:17 -0500] "GET /BLA/resoluciones/RESOLUCIONES%202007/RES%202007%20301%20AL%20400/RESOLUCION%200307%20DE%202007.pdf HTTP/1.1" 200 502673
180.76.6.29 - - [03/Nov/2014:05:06:17 -0500] "GET /BLA/resoluciones/AUTOS%202011/0849.pdf HTTP/1.1" 200 95593
157.55.39.107 - - [03/Nov/2014:05:06:17 -0500] "GET /BLA/resoluciones/AUTOS%202007/2648.pdf HTTP/1.1" 200 73893
180.76.6.145 - - [03/Nov/2014:05:06:17 -0500] "GET /BLA/resoluciones/AUTOS%202011/2143.pdf HTTP/1.1" 200 242026
157.55.39.107 - - [03/Nov/2014:05:06:18 -0500] "GET /BLA/resoluciones/Resoluciones%202011/1417.pdf HTTP/1.1" 200 518267
195.154.77.10 - - [03/Nov/2014:05:06:18 -0500] "GET /gallery2/g2data/cache/derivative/2/7/272.dat HTTP/1.0" 404 1015
157.55.39.107 - - [03/Nov/2014:05:06:18 -0500] "GET /BLA/resoluciones/RESOLUCIONES%202008/4952.pdf HTTP/1.1" 200 240356
157.55.39.107 - - [03/Nov/2014:05:06:19 -0500] "GET /BLA/resoluciones/AUTOS%202011/2798.pdf HTTP/1.1" 200 283136
157.55.39.107 - - [03/Nov/2014:05:06:19 -0500] "GET /BLA/resoluciones/RESOLUCIONES%202009/8367.pdf HTTP/1.1" 200 92209
157.55.39.107 - - [03/Nov/2014:05:06:20 -0500] "GET /bla/resoluciones/RESOLUCIONES%202011/2690.pdf HTTP/1.1" 200 752504
157.55.39.107 - - [03/Nov/2014:05:06:20 -0500] "GET /bla/resoluciones/RESOLUCIONES%202011/2261.pdf HTTP/1.1" 200 750168
157.55.39.107 - - [03/Nov/2014:05:06:21 -0500] "GET /BLA/resoluciones/Autos%202008/2887.pdf HTTP/1.1" 200 87406
157.55.39.107 - - [03/Nov/2014:05:06:21 -0500] "GET /BLA/resoluciones/Resoluciones%202011/1271.pdf HTTP/1.1" 200 447681
195.154.77.10 - - [03/Nov/2014:05:06:21 -0500] "GET /gallery2/g2data/cache/derivative/2/7/274-meta.inc HTTP/1.0" 404 1015
180.76.5.62 - - [03/Nov/2014:05:06:21 -0500] "GET /BLA/resoluciones/AUTOS%202010/6600.pdf HTTP/1.1" 200 151757
157.55.39.107 - - [03/Nov/2014:05:06:21 -0500] "GET /BLA/resoluciones/AUTOS%202007/3353.pdf HTTP/1.1" 200 89744
157.55.39.107 - - [03/Nov/2014:05:06:22 -0500] "GET /BLA/resoluciones/Resoluciones%202011/2309.pdf HTTP/1.1" 200 151830
157.55.39.107 - - [03/Nov/2014:05:06:22 -0500] "GET /bla/resoluciones/RESOLUCIONES%202009/9042.pdf HTTP/1.1" 200 522697
195.154.77.10 - - [03/Nov/2014:05:06:23 -0500] "GET /gallery2/g2data/cache/derivative/2/7/274.dat HTTP/1.0" 404 1015
180.76.6.152 - - [03/Nov/2014:05:06:24 -0500] "GET /BLA/resoluciones/AUTOS%202007/2199.pdf HTTP/1.1" 200 132956
180.76.5.69 - - [03/Nov/2014:05:06:28 -0500] "GET /BLA/resoluciones/Autos%202008/0189.pdf HTTP/1.1" 200 99103
180.76.6.51 - - [03/Nov/2014:05:06:28 -0500] "GET /BLA/resoluciones/RESOLUCIONES%202010/5181.pdf HTTP/1.1" 200 1411519
180.76.6.36 - - [03/Nov/2014:05:06:29 -0500] "GET /BLA/resoluciones/AUTOS%202007/0161.pdf HTTP/1.1" 200 47936
180.76.6.53 - - [03/Nov/2014:05:06:30 -0500] "GET /BLA/resoluciones/RESOLUCIONES%202010/2513.pdf HTTP/1.1" 200 494431
195.154.77.10 - - [03/Nov/2014:05:06:32 -0500] "GET /gallery2/g2data/cache/derivative/2/7/276-meta.inc HTTP/1.0" 404 1015
180.76.6.48 - - [03/Nov/2014:05:06:33 -0500] "GET /BLA/resoluciones/RESOLUCIONES%202009/8365.pdf HTTP/1.1" 200 131280
195.154.77.10 - - [03/Nov/2014:05:06:34 -0500] "GET /gallery2/g2data/cache/derivative/2/7/276.dat HTTP/1.0" 404 1015
195.154.77.10 - - [03/Nov/2014:05:06:36 -0500] "GET /gallery2/g2data/cache/derivative/2/7/278-meta.inc HTTP/1.0" 404 1015
180.76.5.20 - - [03/Nov/2014:05:06:37 -0500] "GET /BLA/resoluciones/RESOLUCIONES%202009/0986.pdf HTTP/1.1" 200 64059
180.76.5.173 - - [03/Nov/2014:05:06:37 -0500] "GET /BLA/resoluciones/RESOLUCIONES%202010/6074.pdf HTTP/1.1" 200 314070
195.154.77.10 - - [03/Nov/2014:05:06:40 -0500] "GET /gallery2/g2data/cache/derivative/2/7/278.dat HTTP/1.0" 404 1015
180.76.5.21 - - [03/Nov/2014:05:06:40 -0500] "GET /BLA/resoluciones/Autos%202008/1087.pdf HTTP/1.1" 200 55801
195.154.77.10 - - [03/Nov/2014:05:06:44 -0500] "GET /gallery2/g2data/cache/derivative/2/7/?C=D;O=A HTTP/1.0" 404 1015
157.55.39.107 - - [03/Nov/2014:05:06:44 -0500] "GET /BLA/resoluciones/RESOLUCIONES%202009/8040.pdf HTTP/1.1" 200 416878
180.76.5.71 - - [03/Nov/2014:05:06:44 -0500] "GET /BLA/resoluciones/RESOLUCIONES%202011/0817.pdf HTTP/1.1" 200 301642
157.55.39.107 - - [03/Nov/2014:05:06:44 -0500] "GET /BLA/resoluciones/Resoluciones%202011/5238.pdf HTTP/1.1" 200 612734
157.55.39.107 - - [03/Nov/2014:05:06:45 -0500] "GET /BLA/resoluciones/RESOLUCIONES%202012/0241.pdf HTTP/1.1" 200 258930
157.55.39.107 - - [03/Nov/2014:05:06:45 -0500] "GET /BLA/resoluciones/AUTOS%202007/2731.pdf HTTP/1.1" 200 71667
157.55.39.107 - - [03/Nov/2014:05:06:46 -0500] "GET /BLA/resoluciones/RESOLUCIONES%202008/2262.pdf HTTP/1.1" 200 202505
157.55.39.107 - - [03/Nov/2014:05:06:46 -0500] "GET /bla/resoluciones/RESOLUCIONES%202011/2175.pdf HTTP/1.1" 200 496828
157.55.39.107 - - [03/Nov/2014:05:06:47 -0500] "GET /BLA/resoluciones/Autos%202008/0808.pdf HTTP/1.1" 200 105557
157.55.39.107 - - [03/Nov/2014:05:06:48 -0500] "GET /bla/resoluciones/RESOLUCIONES%202011/1955.pdf HTTP/1.1" 200 301371
157.55.39.107 - - [03/Nov/2014:05:06:49 -0500] "GET /BLA/resoluciones/AUTOS%202009/1804.pdf HTTP/1.1" 200 240292
157.55.39.107 - - [03/Nov/2014:05:06:49 -0500] "GET /BLA/resoluciones/AUTOS%202007/1060.pdf HTTP/1.1" 200 90907
180.76.5.143 - - [03/Nov/2014:05:06:49 -0500] "GET /BLA/resoluciones/AUTOS%202007/2727.pdf HTTP/1.1" 200 58346
180.76.5.170 - - [03/Nov/2014:05:06:49 -0500] "GET /BLA/resoluciones/AUTOS%202013/0369.pdf HTTP/1.1" 200 1029364
195.154.77.10 - - [03/Nov/2014:05:06:51 -0500] "GET /gallery2/g2data/cache/derivative/2/7/?C=M;O=A HTTP/1.0" 404 1015
180.76.6.64 - - [03/Nov/2014:05:06:51 -0500] "GET /BLA/resoluciones/RESOLUCIONES%202010/7674.pdf HTTP/1.1" 200 384523
180.76.6.225 - - [03/Nov/2014:05:06:51 -0500] "GET /BLA/resoluciones/RESOLUCIONES%202011/4590.pdf HTTP/1.1" 200 571600
157.55.39.107 - - [03/Nov/2014:05:06:53 -0500] "GET /BLA/resoluciones/AUTOS%202007/0036.pdf HTTP/1.1" 200 55759
157.55.39.107 - - [03/Nov/2014:05:06:53 -0500] "GET /BLA/resoluciones/Resoluciones%202011/0647.pdf HTTP/1.1" 200 342450
180.76.5.168 - - [03/Nov/2014:05:06:53 -0500] "GET /BLA/resoluciones/RESOLUCIONES%202011/7142.pdf HTTP/1.1" 200 346872
157.55.39.107 - - [03/Nov/2014:05:06:53 -0500] "GET /bla/resoluciones/RESOLUCIONES%202011/0732.pdf HTTP/1.1" 200 247574
195.154.77.10 - - [03/Nov/2014:05:06:54 -0500] "GET /re1/Resumen/resumen%20link.htm HTTP/1.0" 404 1015
188.165.15.192 - - [03/Nov/2014:05:06:54 -0500] "GET /BLA/resoluciones/index.php?dir=RESOLUCIONES%202005/RES%202005%20601-650/&sort=size&order=asc HTTP/1.1" 200 12246
180.76.5.175 - - [03/Nov/2014:05:06:54 -0500] "GET /BLA/resoluciones/RESOLUCIONES%202007/RES%202007%201%20AL%20100/RESOLUCION%200087%20DE%202007.pdf HTTP/1.1" 200 21677
180.76.6.59 - - [03/Nov/2014:05:06:55 -0500] "GET /BLA/resoluciones/RESOLUCIONES%202009/2629.pdf HTTP/1.1" 200 878415
180.76.6.64 - - [03/Nov/2014:05:07:01 -0500] "GET /BLA/resoluciones/AUTOS%202011/7224.pdf HTTP/1.1" 200 134232
195.154.77.10 - - [03/Nov/2014:05:07:03 -0500] "GET /robots.txt HTTP/1.0" 404 1019
180.76.5.26 - - [03/Nov/2014:05:07:03 -0500] "GET /BLA/resoluciones/RESOLUCIONES%202009/1931.pdf HTTP/1.1" 200 590321
180.76.5.188 - - [03/Nov/2014:05:07:06 -0500] "GET /BLA/resoluciones/RESOLUCIONES%202013/0671.pdf HTTP/1.1" 200 804804
195.154.77.10 - - [03/Nov/2014:05:07:11 -0500] "GET /StormSDA/stormWeb/img/?C=D;O=A HTTP/1.0" 200 2925
195.154.77.10 - - [03/Nov/2014:05:07:14 -0500] "GET /StormSDA/stormWeb/img/?C=M;O=A HTTP/1.0" 200 2925
180.76.6.143 - - [03/Nov/2014:05:07:15 -0500] "GET /BLA/resoluciones/RESOLUCIONES%202009/7959.pdf HTTP/1.1" 200 116040
180.76.6.64 - - [03/Nov/2014:05:07:16 -0500] "GET /BLA/resoluciones/AUTOS%202012/0298.pdf HTTP/1.1" 200 224511
180.76.6.52 - - [03/Nov/2014:05:07:17 -0500] "GET /BLA/resoluciones/RESOLUCIONES%202010/7251.pdf HTTP/1.1" 200 120352
180.76.5.24 - - [03/Nov/2014:05:07:18 -0500] "GET /BLA/resoluciones/RESOLUCIONES%202011/2285.pdf HTTP/1.1" 200 280335
180.76.6.157 - - [03/Nov/2014:05:07:20 -0500] "GET /BLA/resoluciones/AUTOS%202012/1832.pdf HTTP/1.1" 200 308912
180.76.5.189 - - [03/Nov/2014:05:07:21 -0500] "GET /BLA/resoluciones/Autos%202008/2471.pdf HTTP/1.1" 200 177545
180.76.6.144 - - [03/Nov/2014:05:07:23 -0500] "GET /BLA/resoluciones/RESOLUCIONES%202011/1281.pdf HTTP/1.1" 200 364172
195.154.77.10 - - [03/Nov/2014:05:07:24 -0500] "GET /StormSDA/stormWeb/img/?C=N;O=A HTTP/1.0" 200 2925
195.154.77.10 - - [03/Nov/2014:05:07:27 -0500] "GET /StormSDA/stormWeb/img/?C=N;O=D HTTP/1.0" 200 2925
180.76.6.64 - - [03/Nov/2014:05:07:29 -0500] "GET /BLA/resoluciones/AUTOS%202007/1896.pdf HTTP/1.1" 200 70903
157.55.39.62 - - [03/Nov/2014:05:07:30 -0500] "GET /BLA/resoluciones/RESOLUCIONES%202010/1937.pdf HTTP/1.1" 200 1276340
157.55.39.62 - - [03/Nov/2014:05:07:31 -0500] "GET /BLA/resoluciones/RESOLUCIONES%202009/1350.pdf HTTP/1.1" 200 512393
157.55.39.62 - - [03/Nov/2014:05:07:31 -0500] "GET /BLA/resoluciones/RESOLUCIONES%202010/5683.pdf HTTP/1.1" 200 299769
180.76.6.42 - - [03/Nov/2014:05:07:31 -0500] "GET /BLA/resoluciones/RESOLUCIONES%202009/1364.pdf HTTP/1.1" 200 512386
157.55.39.62 - - [03/Nov/2014:05:07:31 -0500] "GET /BLA/resoluciones/RESOLUCIONES%202010/5735.pdf HTTP/1.1" 200 92230
157.55.39.62 - - [03/Nov/2014:05:07:32 -0500] "GET /BLA/resoluciones/RESOLUCIONES%202011/1569.pdf HTTP/1.1" 200 72789
157.55.39.62 - - [03/Nov/2014:05:07:32 -0500] "GET /bla/resoluciones/RESOLUCIONES%202009/8063.pdf HTTP/1.1" 200 588944
157.55.39.62 - - [03/Nov/2014:05:07:33 -0500] "GET /BLA/resoluciones/Resoluciones%202011/5086.pdf HTTP/1.1" 200 368277
157.55.39.62 - - [03/Nov/2014:05:07:33 -0500] "GET /bla/resoluciones/RESOLUCIONES%202011/2712.pdf HTTP/1.1" 200 831192
157.55.39.62 - - [03/Nov/2014:05:07:34 -0500] "GET /BLA/resoluciones/RESOLUCIONES%202009/1253.pdf HTTP/1.1" 200 568037
157.55.39.62 - - [03/Nov/2014:05:07:34 -0500] "GET /bla/resoluciones/RESOLUCIONES%202009/8855.pdf HTTP/1.1" 200 186459
180.76.6.63 - - [03/Nov/2014:05:07:34 -0500] "GET /BLA/resoluciones/AUTOS%202007/1829.pdf HTTP/1.1" 200 30212
157.55.39.62 - - [03/Nov/2014:05:07:35 -0500] "GET /BLA/resoluciones/AUTOS%202010/6580.pdf HTTP/1.1" 200 154355
157.55.39.62 - - [03/Nov/2014:05:07:35 -0500] "GET /BLA/resoluciones/RESOLUCIONES%202009/8636.pdf HTTP/1.1" 200 308041
180.76.6.156 - - [03/Nov/2014:05:07:35 -0500] "GET /BLA/resoluciones/Autos%202008/1855.pdf HTTP/1.1" 200 194671
180.76.5.190 - - [03/Nov/2014:05:07:40 -0500] "GET /BLA/resoluciones/AUTOS%202009/1801.pdf HTTP/1.1" 200 191055
180.76.5.57 - - [03/Nov/2014:05:07:40 -0500] "GET /BLA/resoluciones/RESOLUCIONES%202009/1295.pdf HTTP/1.1" 200 440305
180.76.5.167 - - [03/Nov/2014:05:07:41 -0500] "GET /BLA/resoluciones/RESOLUCIONES%202008/1266.pdf HTTP/1.1" 200 372631
180.76.5.17 - - [03/Nov/2014:05:07:44 -0500] "GET /BLA/resoluciones/AUTOS%202011/1990.pdf HTTP/1.1" 200 132372
195.154.77.10 - - [03/Nov/2014:05:07:46 -0500] "GET /StormSDA/stormWeb/img/?C=S;O=A HTTP/1.0" 200 2925
180.76.6.16 - - [03/Nov/2014:05:07:46 -0500] "GET /BLA/resoluciones/AUTOS%202010/0857.pdf HTTP/1.1" 200 185963
195.154.77.10 - - [03/Nov/2014:05:07:48 -0500] "GET /StormSDA/stormWeb/img/index.jsp HTTP/1.0" 200 16876
180.76.6.58 - - [03/Nov/2014:05:07:49 -0500] "GET /BLA/resoluciones/AUTOS%202009/2704.pdf HTTP/1.1" 200 78367
180.76.5.146 - - [03/Nov/2014:05:07:49 -0500] "GET /BLA/resoluciones/RESOLUCIONES%202009/7064.pdf HTTP/1.1" 200 363882
180.76.6.57 - - [03/Nov/2014:05:07:50 -0500] "GET /BLA/resoluciones/RESOLUCIONES%202008/0650.pdf HTTP/1.1" 200 96458
195.154.77.10 - - [03/Nov/2014:05:07:50 -0500] "GET /chat/res/img/action/?C=N;O=D HTTP/1.0" 404 1019
180.76.6.20 - - [03/Nov/2014:05:07:52 -0500] "GET /BLA/resoluciones/RESOLUCIONES%202009/1764.pdf HTTP/1.1" 200 356353
195.154.77.10 - - [03/Nov/2014:05:07:53 -0500] "GET /chat/res/img/action/?C=S;O=A HTTP/1.0" 404 1019
180.76.6.46 - - [03/Nov/2014:05:07:53 -0500] "GET /BLA/resoluciones/RESOLUCIONES%202011/1454.pdf HTTP/1.1" 200 521924
195.154.77.10 - - [03/Nov/2014:05:07:55 -0500] "GET /gallery2/g2data/cache/derivative/1/6/160-meta.inc HTTP/1.0" 404 1019
157.55.39.62 - - [03/Nov/2014:05:07:57 -0500] "GET /BLA/resoluciones/AUTOS%202010/3928.pdf HTTP/1.1" 200 446421
157.55.39.62 - - [03/Nov/2014:05:07:57 -0500] "GET /BLA/resoluciones/RESOLUCIONES%202008/5499.pdf HTTP/1.1" 200 232372
157.55.39.62 - - [03/Nov/2014:05:07:57 -0500] "GET /bla/resoluciones/RESOLUCIONES%202009/8535.pdf HTTP/1.1" 200 511508
157.55.39.62 - - [03/Nov/2014:05:07:58 -0500] "GET /BLA/resoluciones/RESOLUCIONES%202011/0810.pdf HTTP/1.1" 200 400113
157.55.39.62 - - [03/Nov/2014:05:07:58 -0500] "GET /BLA/resoluciones/RESOLUCIONES%202008/3851.pdf HTTP/1.1" 200 699767
157.55.39.62 - - [03/Nov/2014:05:07:59 -0500] "GET /BLA/resoluciones/Autos%202008/1256.pdf HTTP/1.1" 200 75518
157.55.39.62 - - [03/Nov/2014:05:07:59 -0500] "GET /BLA/resoluciones/RESOLUCIONES%202010/3667.pdf HTTP/1.1" 200 620384
157.55.39.62 - - [03/Nov/2014:05:08:00 -0500] "GET /BLA/resoluciones/RESOLUCIONES%202008/0090.pdf HTTP/1.1" 200 315747
157.55.39.62 - - [03/Nov/2014:05:08:00 -0500] "GET /bla/resoluciones/RESOLUCIONES%202009/7446.pdf HTTP/1.1" 200 99035
157.55.39.62 - - [03/Nov/2014:05:08:01 -0500] "GET /bla/resoluciones/RESOLUCIONES%202011/3358.pdf HTTP/1.1" 200 302361
157.55.39.62 - - [03/Nov/2014:05:08:01 -0500] "GET /BLA/resoluciones/AUTOS%202007/2452.pdf HTTP/1.1" 200 180119
157.55.39.62 - - [03/Nov/2014:05:08:02 -0500] "GET /BLA/resoluciones/Resoluciones%202011/2066.pdf HTTP/1.1" 200 509476
157.55.39.62 - - [03/Nov/2014:05:08:02 -0500] "GET /bla/resoluciones/RESOLUCIONES%202011/1222.pdf HTTP/1.1" 200 509855
180.76.6.156 - - [03/Nov/2014:05:08:02 -0500] "GET /BLA/resoluciones/RESOLUCIONES%202011/1880.pdf HTTP/1.1" 200 519030
157.55.39.62 - - [03/Nov/2014:05:08:02 -0500] "GET /BLA/resoluciones/RESOLUCIONES%202010/6516.pdf HTTP/1.1" 200 81821
157.55.39.62 - - [03/Nov/2014:05:08:03 -0500] "GET /bla/resoluciones/RESOLUCIONES%202011/1827.pdf HTTP/1.1" 200 500722
157.55.39.62 - - [03/Nov/2014:05:08:03 -0500] "GET /BLA/resoluciones/RESOLUCIONES%202011/5425.pdf HTTP/1.1" 200 243825
157.55.39.62 - - [03/Nov/2014:05:08:04 -0500] "GET /BLA/resoluciones/RESOLUCIONES%202011/4609.pdf HTTP/1.1" 200 533313
157.55.39.62 - - [03/Nov/2014:05:08:04 -0500] "GET /BLA/resoluciones/RESOLUCIONES%202009/1925.pdf HTTP/1.1" 200 494927
180.76.6.63 - - [03/Nov/2014:05:08:05 -0500] "GET /BLA/resoluciones/RESOLUCIONES%202008/1948.pdf HTTP/1.1" 200 49306
180.76.5.67 - - [03/Nov/2014:05:08:07 -0500] "GET /BLA/resoluciones/AUTOS%202009/2904.pdf HTTP/1.1" 200 85880
180.76.5.194 - - [03/Nov/2014:05:08:09 -0500] "GET /BLA/resoluciones/RESOLUCIONES%202008/1491.pdf HTTP/1.1" 200 363752
180.76.5.166 - - [03/Nov/2014:05:08:11 -0500] "GET /BLA/resoluciones/AUTOS%202010/4463.pdf HTTP/1.1" 200 438151
180.76.5.73 - - [03/Nov/2014:05:08:12 -0500] "GET /BLA/resoluciones/RESOLUCIONES%202009/2844.pdf HTTP/1.1" 200 359065
180.76.6.64 - - [03/Nov/2014:05:08:13 -0500] "GET /BLA/resoluciones/AUTOS%202011/1871.pdf HTTP/1.1" 200 165697
180.76.6.159 - - [03/Nov/2014:05:08:17 -0500] "GET /BLA/resoluciones/RESOLUCIONES%202009/0458.pdf HTTP/1.1" 200 260350
180.76.5.146 - - [03/Nov/2014:05:08:18 -0500] "GET /BLA/resoluciones/RESOLUCIONES%202010/5516.pdf HTTP/1.1" 200 2816787
180.76.6.153 - - [03/Nov/2014:05:08:19 -0500] "GET /BLA/resoluciones/RESOLUCIONES%202013/1479.pdf HTTP/1.1" 200 397614
180.76.6.54 - - [03/Nov/2014:05:08:21 -0500] "GET /BLA/resoluciones/RESOLUCIONES%202010/1678.pdf HTTP/1.1" 200 299261
180.76.6.145 - - [03/Nov/2014:05:08:21 -0500] "GET /BLA/resoluciones/RESOLUCIONES%202011/1221.pdf HTTP/1.1" 200 510809
180.76.6.17 - - [03/Nov/2014:05:08:21 -0500] "GET /BLA/resoluciones/RESOLUCIONES%202010/5999.pdf HTTP/1.1" 200 5925768
180.76.5.61 - - [03/Nov/2014:05:08:22 -0500] "GET /BLA/resoluciones/RESOLUCIONES%202007/RES%202007%203201%20AL%203300/RESOLUCION%203250%20DE%202007.pdf HTTP/1.1" 200 503305
180.76.6.14 - - [03/Nov/2014:05:08:22 -0500] "GET /BLA/resoluciones/RESOLUCIONES%202010/6886.pdf HTTP/1.1" 200 190133
180.76.5.81 - - [03/Nov/2014:05:08:25 -0500] "GET /BLA/resoluciones/AUTOS%202007/0363.pdf HTTP/1.1" 200 191558
180.76.5.75 - - [03/Nov/2014:05:08:26 -0500] "GET /BLA/resoluciones/RESOLUCIONES%202009/7109.pdf HTTP/1.1" 200 169768
180.76.5.69 - - [03/Nov/2014:05:08:26 -0500] "GET /BLA/resoluciones/Autos%202008/0273.pdf HTTP/1.1" 200 188100
180.76.5.95 - - [03/Nov/2014:05:08:27 -0500] "GET /BLA/resoluciones/AUTOS%202011/7689.pdf HTTP/1.1" 200 173310
195.154.77.10 - - [03/Nov/2014:05:08:29 -0500] "GET /gallery2/g2data/cache/derivative/1/6/160.dat HTTP/1.0" 404 1019
195.154.77.10 - - [03/Nov/2014:05:08:31 -0500] "GET /gallery2/g2data/cache/derivative/1/6/162-meta.inc HTTP/1.0" 404 1019
180.76.5.60 - - [03/Nov/2014:05:08:31 -0500] "GET /BLA/resoluciones/Autos%202008/0161.pdf HTTP/1.1" 200 94942
180.76.6.42 - - [03/Nov/2014:05:08:32 -0500] "GET /BLA/resoluciones/RESOLUCIONES%202007/RES%202007%203401%20AL%203500/RESOLUCION%203420%20DE%202007.pdf HTTP/1.1" 200 643765
195.154.77.10 - - [03/Nov/2014:05:08:34 -0500] "GET /gallery2/g2data/cache/derivative/1/6/162.dat HTTP/1.0" 404 1019
180.76.5.197 - - [03/Nov/2014:05:08:34 -0500] "GET /BLA/resoluciones/AUTOS%202009/2029.pdf HTTP/1.1" 200 100265
180.76.5.22 - - [03/Nov/2014:05:08:34 -0500] "GET /BLA/resoluciones/AUTOS%202009/2733.pdf HTTP/1.1" 200 76865
195.154.77.10 - - [03/Nov/2014:05:08:36 -0500] "GET /gallery2/g2data/cache/derivative/1/6/164-meta.inc HTTP/1.0" 404 1019
180.76.6.60 - - [03/Nov/2014:05:08:37 -0500] "GET /BLA/resoluciones/AUTOS%202007/2677.pdf HTTP/1.1" 200 439132
195.154.77.10 - - [03/Nov/2014:05:08:38 -0500] "GET /gallery2/g2data/cache/derivative/1/6/164.dat HTTP/1.0" 404 1019
180.76.5.153 - - [03/Nov/2014:05:08:38 -0500] "GET /BLA/resoluciones/RESOLUCIONES%202010/7791.pdf HTTP/1.1" 200 149025
180.76.6.29 - - [03/Nov/2014:05:08:38 -0500] "GET /BLA/resoluciones/RESOLUCIONES%202008/0464.pdf HTTP/1.1" 200 213834
180.76.5.196 - - [03/Nov/2014:05:08:40 -0500] "GET /BLA/resoluciones/RESOLUCIONES%202010/0910.pdf HTTP/1.1" 200 95103
180.76.6.62 - - [03/Nov/2014:05:08:42 -0500] "GET /BLA/resoluciones/AUTOS%202009/2700.pdf HTTP/1.1" 200 108556
195.154.77.10 - - [03/Nov/2014:05:08:42 -0500] "GET /gallery2/g2data/cache/derivative/1/6/166-meta.inc HTTP/1.0" 404 1019
195.154.77.10 - - [03/Nov/2014:05:08:44 -0500] "GET /gallery2/g2data/cache/derivative/1/6/166.dat HTTP/1.0" 404 1019
195.154.77.10 - - [03/Nov/2014:05:08:46 -0500] "GET /gallery2/g2data/cache/derivative/1/6/168-meta.inc HTTP/1.0" 404 1019
180.76.5.149 - - [03/Nov/2014:05:08:49 -0500] "GET /BLA/resoluciones/Autos%202008/0396.pdf HTTP/1.1" 200 120098
195.154.77.10 - - [03/Nov/2014:05:08:51 -0500] "GET /gallery2/g2data/cache/derivative/1/6/168.dat HTTP/1.0" 404 1019
180.76.6.145 - - [03/Nov/2014:05:08:53 -0500] "GET /BLA/resoluciones/RESOLUCIONES%202010/0693.pdf HTTP/1.1" 200 104078
180.76.5.169 - - [03/Nov/2014:05:08:53 -0500] "GET /BLA/resoluciones/AUTOS%202009/2812.pdf HTTP/1.1" 200 93640
180.76.6.29 - - [03/Nov/2014:05:08:54 -0500] "GET /BLA/resoluciones/RESOLUCIONES%202008/2514.pdf HTTP/1.1" 200 251855
180.76.6.62 - - [03/Nov/2014:05:08:54 -0500] "GET /BLA/resoluciones/AUTOS%202012/0073.pdf HTTP/1.1" 200 168938
195.154.77.10 - - [03/Nov/2014:05:08:55 -0500] "GET /gallery2/g2data/cache/derivative/1/6/?C=D;O=A HTTP/1.0" 404 1019
180.76.5.72 - - [03/Nov/2014:05:08:55 -0500] "GET /BLA/resoluciones/RESOLUCIONES%202007/RES%202007%201501%20AL%201600/RESOLUCION%201573%20DE%202007.pdf HTTP/1.1" 200 744004
195.154.77.10 - - [03/Nov/2014:05:08:57 -0500] "GET /gallery2/g2data/cache/derivative/1/6/?C=M;O=A HTTP/1.0" 404 1019
180.76.5.80 - - [03/Nov/2014:05:08:59 -0500] "GET /BLA/resoluciones/RESOLUCIONES%202010/4934.pdf HTTP/1.1" 200 520891
180.76.6.40 - - [03/Nov/2014:05:09:00 -0500] "GET /BLA/resoluciones/RESOLUCIONES%202007/RES%202007%20801%20AL%20900/RESOLUCION%200865%20DE%202007.pdf HTTP/1.1" 200 1261302
180.76.6.47 - - [03/Nov/2014:05:09:02 -0500] "GET /BLA/resoluciones/AUTOS%202010/2311.pdf HTTP/1.1" 200 1506897
195.154.77.10 - - [03/Nov/2014:05:09:04 -0500] "GET /gallery2/g2data/cache/derivative/2/5/?C=N;O=D HTTP/1.0" 404 1019
180.76.5.188 - - [03/Nov/2014:05:09:07 -0500] "GET /BLA/resoluciones/RESOLUCIONES%202009/4238.pdf HTTP/1.1" 200 290043
195.154.77.10 - - [03/Nov/2014:05:09:10 -0500] "GET /mail/mail2/Mail/?C=D;O=D HTTP/1.0" 404 1019
180.76.6.232 - - [03/Nov/2014:05:09:10 -0500] "GET /BLA/resoluciones/RESOLUCIONES%202010/4742.pdf HTTP/1.1" 200 484121
180.76.5.167 - - [03/Nov/2014:05:09:11 -0500] "GET /BLA/resoluciones/AUTOS%202009/1394.pdf HTTP/1.1" 200 116344
195.154.77.10 - - [03/Nov/2014:05:09:13 -0500] "GET /mail/mail2/Mail/?C=M;O=D HTTP/1.0" 404 1019
180.76.5.64 - - [03/Nov/2014:05:09:13 -0500] "GET /BLA/resoluciones/RESOLUCIONES%202010/2070.pdf HTTP/1.1" 200 197411
180.76.5.63 - - [03/Nov/2014:05:09:13 -0500] "GET /BLA/resoluciones/RESOLUCIONES%202009/0636.pdf HTTP/1.1" 200 66129
180.76.6.65 - - [03/Nov/2014:05:09:14 -0500] "GET /BLA/resoluciones/AUTOS%202007/2105.pdf HTTP/1.1" 200 97073
195.154.77.10 - - [03/Nov/2014:05:09:14 -0500] "GET /mail/mail2/Mail/?C=N;O=D HTTP/1.0" 404 1019
180.76.6.157 - - [03/Nov/2014:05:09:15 -0500] "GET /BLA/resoluciones/AUTOS%202010/1427.pdf HTTP/1.1" 200 244075
180.76.6.57 - - [03/Nov/2014:05:09:16 -0500] "GET /BLA/resoluciones/AUTOS%202011/2208.pdf HTTP/1.1" 200 218295
195.154.77.10 - - [03/Nov/2014:05:09:16 -0500] "GET /mail/mail2/Mail/?C=S;O=D HTTP/1.0" 404 1019
195.154.77.10 - - [03/Nov/2014:05:09:18 -0500] "GET /pread/sec/init18.htm HTTP/1.0" 404 1019
180.76.6.151 - - [03/Nov/2014:05:09:21 -0500] "GET /BLA/resoluciones/AUTOS%202007/2253.pdf HTTP/1.1" 200 371596
195.154.77.10 - - [03/Nov/2014:05:09:21 -0500] "GET /pread/sec/init2.htm HTTP/1.0" 404 1019
180.76.6.155 - - [03/Nov/2014:05:09:22 -0500] "GET /BLA/resoluciones/Autos%202008/0869.pdf HTTP/1.1" 200 70017
180.76.6.159 - - [03/Nov/2014:05:09:22 -0500] "GET /BLA/resoluciones/Autos%202008/1391.pdf HTTP/1.1" 200 90089
180.76.6.157 - - [03/Nov/2014:05:09:23 -0500] "GET /BLA/resoluciones/RESOLUCIONES%202010/6446.pdf HTTP/1.1" 200 74376
180.76.5.24 - - [03/Nov/2014:05:09:23 -0500] "GET /BLA/resoluciones/RESOLUCIONES%202010/4727.pdf HTTP/1.1" 200 341706
180.76.5.63 - - [03/Nov/2014:05:09:24 -0500] "GET /BLA/resoluciones/RESOLUCIONES%202011/0108.pdf HTTP/1.1" 200 362166
180.76.6.134 - - [03/Nov/2014:05:09:25 -0500] "GET /BLA/resoluciones/AUTOS%202009/3151.pdf HTTP/1.1" 200 130917
180.76.6.159 - - [03/Nov/2014:05:09:25 -0500] "GET /BLA/resoluciones/RESOLUCIONES%202009/0563.pdf HTTP/1.1" 200 506959
195.154.77.10 - - [03/Nov/2014:05:09:25 -0500] "GET /pread/sec/init20.htm HTTP/1.0" 404 1019
180.76.5.60 - - [03/Nov/2014:05:09:26 -0500] "GET /BLA/resoluciones/AUTOS%202009/2387.pdf HTTP/1.1" 200 326420
195.154.77.10 - - [03/Nov/2014:05:09:28 -0500] "GET /pread/sec/init21.htm HTTP/1.0" 404 1019
180.76.5.195 - - [03/Nov/2014:05:09:35 -0500] "GET /BLA/resoluciones/RESOLUCIONES%202008/0584.pdf HTTP/1.1" 200 1165415
180.76.5.18 - - [03/Nov/2014:05:09:36 -0500] "GET /BLA/resoluciones/RESOLUCIONES%202011/1161.pdf HTTP/1.1" 200 257562
180.76.6.62 - - [03/Nov/2014:05:09:37 -0500] "GET /BLA/resoluciones/AUTOS%202009/1339.pdf HTTP/1.1" 200 95293
180.76.6.59 - - [03/Nov/2014:05:09:37 -0500] "GET /BLA/resoluciones/AUTOS%202009/2257.pdf HTTP/1.1" 200 122482
180.76.5.77 - - [03/Nov/2014:05:09:38 -0500] "GET /BLA/resoluciones/RESOLUCIONES%202009/0229.pdf HTTP/1.1" 200 236819
180.76.6.49 - - [03/Nov/2014:05:09:39 -0500] "GET /BLA/resoluciones/RESOLUCIONES%202011/0169.pdf HTTP/1.1" 200 75173
157.55.39.107 - - [03/Nov/2014:05:09:41 -0500] "GET /bla/resoluciones/RESOLUCIONES%202009/1200.pdf HTTP/1.1" 200 464218
157.55.39.107 - - [03/Nov/2014:05:09:41 -0500] "GET /BLA/resoluciones/RESOLUCIONES%202009/8806.pdf HTTP/1.1" 200 355452
157.55.39.107 - - [03/Nov/2014:05:09:42 -0500] "GET /BLA/resoluciones/RESOLUCIONES%202010/3911.pdf HTTP/1.1" 200 991532
157.55.39.107 - - [03/Nov/2014:05:09:42 -0500] "GET /BLA/resoluciones/RESOLUCIONES%202008/2092.pdf HTTP/1.1" 200 80922
157.55.39.107 - - [03/Nov/2014:05:09:43 -0500] "GET /BLA/resoluciones/RESOLUCIONES%202009/8402.pdf HTTP/1.1" 200 449405
157.55.39.107 - - [03/Nov/2014:05:09:43 -0500] "GET /BLA/resoluciones/Autos%202008/2685.pdf HTTP/1.1" 200 85238
157.55.39.107 - - [03/Nov/2014:05:09:43 -0500] "GET /BLA/resoluciones/index.php?dir=RESOLUCIONES%202012/&sort=date&order=asc HTTP/1.1" 200 130695
157.55.39.107 - - [03/Nov/2014:05:09:44 -0500] "GET /bla/resoluciones/RESOLUCIONES%202009/7650.pdf HTTP/1.1" 200 496305
157.55.39.107 - - [03/Nov/2014:05:09:45 -0500] "GET /bla/resoluciones/RESOLUCIONES%202011/0957.pdf HTTP/1.1" 200 70507
157.55.39.107 - - [03/Nov/2014:05:09:45 -0500] "GET /BLA/resoluciones/AUTOS%202007/0998.pdf HTTP/1.1" 200 33172
157.55.39.107 - - [03/Nov/2014:05:09:46 -0500] "GET /BLA/resoluciones/Autos%202008/0856.pdf HTTP/1.1" 200 80423
157.55.39.107 - - [03/Nov/2014:05:09:46 -0500] "GET /BLA/resoluciones/Notificaciones/AUTOS%202014/2248.doc HTTP/1.1" 200 228352
180.76.5.61 - - [03/Nov/2014:05:09:46 -0500] "GET /BLA/resoluciones/AUTOS%202007/1250.pdf HTTP/1.1" 200 92726
180.76.5.146 - - [03/Nov/2014:05:09:47 -0500] "GET /BLA/resoluciones/AUTOS%202012/1738.pdf HTTP/1.1" 200 385899
180.76.6.14 - - [03/Nov/2014:05:09:48 -0500] "GET /BLA/resoluciones/RESOLUCIONES%202009/5809.pdf HTTP/1.1" 200 138230
180.76.5.166 - - [03/Nov/2014:05:09:49 -0500] "GET /BLA/resoluciones/Autos%202008/2973.pdf HTTP/1.1" 200 262636
180.76.5.194 - - [03/Nov/2014:05:09:49 -0500] "GET /BLA/resoluciones/AUTOS%202007/2766.pdf HTTP/1.1" 200 145601
180.76.5.71 - - [03/Nov/2014:05:09:49 -0500] "GET /BLA/resoluciones/AUTOS%202013/0076.pdf HTTP/1.1" 200 350443
157.55.39.107 - - [03/Nov/2014:05:09:51 -0500] "GET /BLA/resoluciones/AUTOS%202009/3528.pdf HTTP/1.1" 200 210372
157.55.39.107 - - [03/Nov/2014:05:09:51 -0500] "GET /bla/resoluciones/RESOLUCIONES%202009/9841.pdf HTTP/1.1" 200 789547
157.55.39.107 - - [03/Nov/2014:05:09:52 -0500] "GET /BLA/resoluciones/AUTOS%202011/1303.pdf HTTP/1.1" 200 245511
180.76.5.76 - - [03/Nov/2014:05:09:52 -0500] "GET /BLA/resoluciones/RESOLUCIONES%202009/1330.pdf HTTP/1.1" 200 534691
157.55.39.107 - - [03/Nov/2014:05:09:52 -0500] "GET /BLA/resoluciones/Autos%202008/0178.pdf HTTP/1.1" 200 98923
157.55.39.107 - - [03/Nov/2014:05:09:53 -0500] "GET /BLA/resoluciones/RESOLUCIONES%202011/5320.pdf HTTP/1.1" 200 657646
157.55.39.107 - - [03/Nov/2014:05:09:53 -0500] "GET /BLA/resoluciones/RESOLUCIONES%202008/0928.pdf HTTP/1.1" 200 50294
