180.76.6.60 - - [03/Nov/2014:06:01:02 -0500] "GET /BLA/resoluciones/RESOLUCIONES%202011/2474.pdf HTTP/1.1" 200 757526
180.76.6.59 - - [03/Nov/2014:06:01:06 -0500] "GET /BLA/resoluciones/AUTOS%202007/2087.pdf HTTP/1.1" 200 79058
180.76.5.146 - - [03/Nov/2014:06:01:12 -0500] "GET /BLA/resoluciones/RESOLUCIONES%202010/5816.pdf HTTP/1.1" 200 80748
180.76.5.154 - - [03/Nov/2014:06:01:12 -0500] "GET /BLA/resoluciones/RESOLUCIONES%202007/RES%202007%204301%20AL%204352/RESOLUCION%204317%20DE%202007.pdf HTTP/1.1" 200 297437
180.76.5.144 - - [03/Nov/2014:06:01:12 -0500] "GET /BLA/resoluciones/RESOLUCIONES%202010/7056.pdf HTTP/1.1" 200 269261
180.76.5.59 - - [03/Nov/2014:06:01:13 -0500] "GET /BLA/resoluciones/Autos%202008/2364.pdf HTTP/1.1" 200 159867
180.76.5.168 - - [03/Nov/2014:06:01:14 -0500] "GET /BLA/resoluciones/Autos%202008/2544.pdf HTTP/1.1" 200 103683
180.76.6.233 - - [03/Nov/2014:06:01:15 -0500] "GET /BLA/resoluciones/AUTOS%202011/0249.pdf HTTP/1.1" 200 155697
180.76.5.18 - - [03/Nov/2014:06:01:16 -0500] "GET /BLA/resoluciones/RESOLUCIONES%202007/RES%202007%203001%20AL%203100/RESOLUCION%203033%20DE%202007.pdf HTTP/1.1" 200 543543
148.251.124.174 - - [03/Nov/2014:06:01:17 -0500] "GET /re/Talleres/papel/imagenes%20papel/barra%20papel/?C=M;O=A HTTP/1.0" 404 1019
157.55.39.62 - - [03/Nov/2014:06:01:18 -0500] "GET /BLA/resoluciones/Resoluciones%202011/5017.pdf HTTP/1.1" 200 420931
180.76.6.53 - - [03/Nov/2014:06:01:19 -0500] "GET /BLA/resoluciones/AUTOS%202009/3061.pdf HTTP/1.1" 200 108393
180.76.6.137 - - [03/Nov/2014:06:01:19 -0500] "GET /BLA/resoluciones/Autos%202008/0579.pdf HTTP/1.1" 200 151614
180.76.6.17 - - [03/Nov/2014:06:01:20 -0500] "GET /BLA/resoluciones/RESOLUCIONES%202007/RES%202007%203901%20AL%204000/RESOLUCION%203937%20DE%202007.pdf HTTP/1.1" 200 588158
180.76.5.65 - - [03/Nov/2014:06:01:20 -0500] "GET /BLA/resoluciones/RESOLUCIONES%202011/2133.pdf HTTP/1.1" 200 786092
201.245.192.253 - - [03/Nov/2014:06:01:23 -0500] "GET /forestReports/webcontent/birt/admin/css/containers.css HTTP/1.1" 304 -
148.251.124.174 - - [03/Nov/2014:06:01:25 -0500] "GET /re/Talleres/papel/imagenes%20papel/botones%20lorenzo/?C=N;O=A HTTP/1.0" 404 1019
180.76.6.150 - - [03/Nov/2014:06:01:25 -0500] "GET /BLA/resoluciones/RESOLUCIONES%202008/2800.pdf HTTP/1.1" 200 321829
180.76.5.69 - - [03/Nov/2014:06:01:28 -0500] "GET /BLA/resoluciones/AUTOS%202011/6927.pdf HTTP/1.1" 200 174146
180.76.5.77 - - [03/Nov/2014:06:01:28 -0500] "GET /BLA/resoluciones/RESOLUCIONES%202009/0509.pdf HTTP/1.1" 200 544524
148.251.124.174 - - [03/Nov/2014:06:01:32 -0500] "GET /re/Talleres/papel/imagenes%20papel/fotos%20papel/?C=N;O=A HTTP/1.0" 404 1019
180.76.6.133 - - [03/Nov/2014:06:01:32 -0500] "GET /BLA/resoluciones/RESOLUCIONES%202011/4233.pdf HTTP/1.1" 200 614463
148.251.124.174 - - [03/Nov/2014:06:01:34 -0500] "GET /re/Talleres/plastico/imagenes%20plastico/animacion%20plastico/?C=N;O=A HTTP/1.0" 404 1019
180.76.5.59 - - [03/Nov/2014:06:01:35 -0500] "GET /BLA/resoluciones/RESOLUCIONES%202010/7841.pdf HTTP/1.1" 200 100668
148.251.124.174 - - [03/Nov/2014:06:01:37 -0500] "GET /re/Talleres/plastico/imagenes%20plastico/animacion%20plastico/?C=S;O=D HTTP/1.0" 404 1019
148.251.124.174 - - [03/Nov/2014:06:01:39 -0500] "GET /re/Talleres/plastico/imagenes%20plastico/animacion%20plastico/_notes/?C=D;O=D HTTP/1.0" 404 1019
180.76.6.46 - - [03/Nov/2014:06:01:40 -0500] "GET /BLA/resoluciones/RESOLUCIONES%202010/0545.pdf HTTP/1.1" 200 403124
148.251.124.174 - - [03/Nov/2014:06:01:41 -0500] "GET /re/Talleres/plastico/imagenes%20plastico/animacion%20plastico/_notes/?C=M;O=D HTTP/1.0" 404 1019
123.125.71.22 - - [03/Nov/2014:06:01:42 -0500] "GET / HTTP/1.1" 302 -
148.251.124.174 - - [03/Nov/2014:06:01:43 -0500] "GET /re/Talleres/plastico/imagenes%20plastico/animacion%20plastico/_notes/?C=N;O=D HTTP/1.0" 404 1019
157.55.39.62 - - [03/Nov/2014:06:01:44 -0500] "GET /BLA/resoluciones/Resoluciones%202011/1429.pdf HTTP/1.1" 200 69101
157.55.39.62 - - [03/Nov/2014:06:01:44 -0500] "GET /BLA/resoluciones/RESOLUCIONES%202008/5463.pdf HTTP/1.1" 200 230181
180.76.5.24 - - [03/Nov/2014:06:01:45 -0500] "GET /BLA/resoluciones/RESOLUCIONES%202010/2166.pdf HTTP/1.1" 200 501692
148.251.124.174 - - [03/Nov/2014:06:01:45 -0500] "GET /re/Talleres/plastico/imagenes%20plastico/animacion%20plastico/_notes/?C=S;O=D HTTP/1.0" 404 1019
180.76.5.64 - - [03/Nov/2014:06:01:45 -0500] "GET /BLA/resoluciones/RESOLUCIONES%202009/0781.pdf HTTP/1.1" 200 370188
180.76.5.73 - - [03/Nov/2014:06:01:46 -0500] "GET /BLA/resoluciones/RESOLUCIONES%202010/7535.pdf HTTP/1.1" 200 72263
180.76.6.136 - - [03/Nov/2014:06:01:47 -0500] "GET /BLA/resoluciones/Autos%202008/1575.pdf HTTP/1.1" 200 136511
148.251.124.174 - - [03/Nov/2014:06:01:49 -0500] "GET /re/Talleres/plastico/imagenes%20plastico/barra%20plasticos/?C=N;O=A HTTP/1.0" 404 1019
220.181.108.99 - - [03/Nov/2014:06:01:51 -0500] "GET / HTTP/1.1" 302 -
148.251.124.174 - - [03/Nov/2014:06:01:51 -0500] "GET /re/Talleres/plastico/imagenes%20plastico/otras%20imagenes/?C=D;O=D HTTP/1.0" 404 1019
180.76.6.66 - - [03/Nov/2014:06:01:52 -0500] "GET /BLA/resoluciones/RESOLUCIONES%202007/RES%202007%204201%20AL%204300/RESOLUCION%204203%20DE%202007.pdf HTTP/1.1" 200 279815
148.251.124.174 - - [03/Nov/2014:06:01:53 -0500] "GET /re/Talleres/plastico/imagenes%20plastico/otras%20imagenes/?C=M;O=D HTTP/1.0" 404 1019
180.76.5.148 - - [03/Nov/2014:06:01:55 -0500] "GET /BLA/resoluciones/RESOLUCIONES%202009/0288.pdf HTTP/1.1" 200 517776
148.251.124.174 - - [03/Nov/2014:06:01:56 -0500] "GET /re/Talleres/plastico/imagenes%20plastico/otras%20imagenes/?C=N;O=A HTTP/1.0" 404 1019
148.251.124.174 - - [03/Nov/2014:06:01:59 -0500] "GET /re/Talleres/plastico/imagenes%20plastico/otras%20imagenes/?C=S;O=D HTTP/1.0" 404 1019
180.76.5.187 - - [03/Nov/2014:06:01:59 -0500] "GET /BLA/resoluciones/AUTOS%202009/0215.pdf HTTP/1.1" 200 93169
180.76.5.26 - - [03/Nov/2014:06:01:59 -0500] "GET /BLA/resoluciones/Autos%202008/2436.pdf HTTP/1.1" 200 151428
180.76.6.53 - - [03/Nov/2014:06:02:00 -0500] "GET /BLA/resoluciones/AUTOS%202009/0095.pdf HTTP/1.1" 200 59876
180.76.5.187 - - [03/Nov/2014:06:02:00 -0500] "GET /BLA/resoluciones/RESOLUCIONES%202009/1918.pdf HTTP/1.1" 200 430657
148.251.124.174 - - [03/Nov/2014:06:02:02 -0500] "GET /re/Talleres/vidrio/imagenes%20vidrio/barra%20vidrio/?C=D;O=A HTTP/1.0" 404 1019
157.55.39.62 - - [03/Nov/2014:06:02:05 -0500] "GET /BLA/resoluciones/RESOLUCIONES%202008/1161.pdf HTTP/1.1" 200 233262
157.55.39.62 - - [03/Nov/2014:06:02:06 -0500] "GET /BLA/resoluciones/AUTOS%202010/3453.pdf HTTP/1.1" 200 451697
157.55.39.62 - - [03/Nov/2014:06:02:06 -0500] "GET /BLA/resoluciones/Resoluciones%202011/0685.pdf HTTP/1.1" 200 74127
157.55.39.62 - - [03/Nov/2014:06:02:07 -0500] "GET /BLA/resoluciones/RESOLUCIONES%202009/0236.pdf HTTP/1.1" 200 618774
180.76.6.41 - - [03/Nov/2014:06:02:07 -0500] "GET /BLA/resoluciones/RESOLUCIONES%202008/2134.pdf HTTP/1.1" 200 565773
180.76.5.66 - - [03/Nov/2014:06:02:07 -0500] "GET /BLA/resoluciones/RESOLUCIONES%202011/3235.pdf HTTP/1.1" 200 382941
157.55.39.62 - - [03/Nov/2014:06:02:07 -0500] "GET /BLA/resoluciones/RESOLUCIONES%202009/8263.pdf HTTP/1.1" 200 336886
157.55.39.62 - - [03/Nov/2014:06:02:07 -0500] "GET /BLA/resoluciones/RESOLUCIONES%202010/4563.pdf HTTP/1.1" 200 534707
157.55.39.62 - - [03/Nov/2014:06:02:08 -0500] "GET /BLA/resoluciones/RESOLUCIONES%202009/1575.pdf HTTP/1.1" 200 55619
157.55.39.62 - - [03/Nov/2014:06:02:08 -0500] "GET /BLA/resoluciones/RESOLUCIONES%202011/5632.pdf HTTP/1.1" 200 499811
157.55.39.62 - - [03/Nov/2014:06:02:09 -0500] "GET /BLA/resoluciones/AUTOS%202009/2714.pdf HTTP/1.1" 200 108953
157.55.39.62 - - [03/Nov/2014:06:02:09 -0500] "GET /BLA/resoluciones/AUTOS%202011/4510.pdf HTTP/1.1" 200 249539
157.55.39.62 - - [03/Nov/2014:06:02:10 -0500] "GET /BLA/resoluciones/RESOLUCIONES%202010/2800.pdf HTTP/1.1" 200 548983
157.55.39.62 - - [03/Nov/2014:06:02:10 -0500] "GET /bla/resoluciones/RESOLUCIONES%202009/9515.pdf HTTP/1.1" 200 502025
157.55.39.62 - - [03/Nov/2014:06:02:11 -0500] "GET /bla/resoluciones/RESOLUCIONES%202011/1526.pdf HTTP/1.1" 200 344696
180.76.5.152 - - [03/Nov/2014:06:02:11 -0500] "GET /BLA/resoluciones/AUTOS%202009/0362.pdf HTTP/1.1" 200 267005
157.55.39.62 - - [03/Nov/2014:06:02:11 -0500] "GET /BLA/resoluciones/Autos%202008/1213.pdf HTTP/1.1" 200 84333
157.55.39.62 - - [03/Nov/2014:06:02:11 -0500] "GET /BLA/resoluciones/RESOLUCIONES%202011/2032.pdf HTTP/1.1" 200 516328
148.251.124.174 - - [03/Nov/2014:06:02:12 -0500] "GET /re/Talleres/vidrio/imagenes%20vidrio/barra%20vidrio/?C=M;O=A HTTP/1.0" 404 1019
157.55.39.62 - - [03/Nov/2014:06:02:12 -0500] "GET /BLA/resoluciones/Autos%202008/0243.pdf HTTP/1.1" 200 258363
157.55.39.62 - - [03/Nov/2014:06:02:12 -0500] "GET /BLA/resoluciones/RESOLUCIONES%202011/6182.pdf HTTP/1.1" 200 399926
157.55.39.62 - - [03/Nov/2014:06:02:13 -0500] "GET /BLA/resoluciones/Autos%202008/2608.pdf HTTP/1.1" 200 67674
180.76.6.150 - - [03/Nov/2014:06:02:13 -0500] "GET /BLA/resoluciones/RESOLUCIONES%202009/2843.pdf HTTP/1.1" 200 438775
157.55.39.62 - - [03/Nov/2014:06:02:13 -0500] "GET /BLA/resoluciones/RESOLUCIONES%202010/4892.pdf HTTP/1.1" 200 210908
157.55.39.62 - - [03/Nov/2014:06:02:14 -0500] "GET /BLA/resoluciones/AUTOS%202011/3627.pdf HTTP/1.1" 200 269223
157.55.39.62 - - [03/Nov/2014:06:02:14 -0500] "GET /BLA/resoluciones/AUTOS%202009/2406.pdf HTTP/1.1" 200 103246
157.55.39.62 - - [03/Nov/2014:06:02:15 -0500] "GET /BLA/resoluciones/AUTOS%202010/3769.pdf HTTP/1.1" 200 287375
180.76.6.58 - - [03/Nov/2014:06:02:16 -0500] "GET /BLA/resoluciones/RESOLUCIONES%202009/0382.pdf HTTP/1.1" 200 315520
180.76.6.232 - - [03/Nov/2014:06:02:17 -0500] "GET /BLA/resoluciones/RESOLUCIONES%202009/1651.pdf HTTP/1.1" 200 438389
180.76.6.152 - - [03/Nov/2014:06:02:19 -0500] "GET /BLA/resoluciones/AUTOS%202013/0920.pdf HTTP/1.1" 200 2236492
180.76.6.155 - - [03/Nov/2014:06:02:21 -0500] "GET /BLA/resoluciones/RESOLUCIONES%202009/7291.pdf HTTP/1.1" 200 265775
180.76.6.137 - - [03/Nov/2014:06:02:22 -0500] "GET /BLA/resoluciones/RESOLUCIONES%202009/1584.pdf HTTP/1.1" 200 522515
148.251.124.174 - - [03/Nov/2014:06:02:31 -0500] "GET /re/Talleres/vidrio/imagenes%20vidrio/barra%20vidrio/barra%20vidrio.htm HTTP/1.0" 404 1019
180.76.6.61 - - [03/Nov/2014:06:02:32 -0500] "GET /BLA/resoluciones/RESOLUCIONES%202007/RES%202007%202101%20AL%202200/RESOLUCION%202104%20DE%202007.pdf HTTP/1.1" 200 974244
181.137.162.109 - - [03/Nov/2014:06:02:33 -0500] "GET /BLA/boletinlegal/js/jquery.js HTTP/1.1" 200 57254
181.137.162.109 - - [03/Nov/2014:06:02:33 -0500] "GET /BLA/boletinlegal/js/jquery.scrollTo-min.js HTTP/1.1" 200 1150
181.137.162.109 - - [03/Nov/2014:06:02:33 -0500] "GET /galeria/carrusel/Carrusel/jquery.thumbnailScroller.css HTTP/1.1" 200 2066
181.137.162.109 - - [03/Nov/2014:06:02:33 -0500] "GET /BLA/boletinlegal/js/jquery.scrollShow.js HTTP/1.1" 200 4586
181.137.162.109 - - [03/Nov/2014:06:02:34 -0500] "GET /galeria/carrusel/Carrusel/jquery-ui-1.8.13.custom.min.js HTTP/1.1" 200 10800
181.137.162.109 - - [03/Nov/2014:06:02:34 -0500] "GET /galeria/carrusel/Carrusel/jquery.thumbnailScroller.js HTTP/1.1" 200 8157
181.137.162.109 - - [03/Nov/2014:06:02:34 -0500] "GET /galeria/nivo-slider/demo/demo.html HTTP/1.1" 200 3492
181.137.162.109 - - [03/Nov/2014:06:02:35 -0500] "GET /galeria/nivo-slider/themes/orman/orman.css HTTP/1.1" 200 2152
181.137.162.109 - - [03/Nov/2014:06:02:35 -0500] "GET /galeria/nivo-slider/themes/default/default.css HTTP/1.1" 200 1569
181.137.162.109 - - [03/Nov/2014:06:02:35 -0500] "GET /galeria/nivo-slider/nivo-slider.css HTTP/1.1" 200 1507
181.137.162.109 - - [03/Nov/2014:06:02:35 -0500] "GET /galeria/nivo-slider/themes/pascal/pascal.css HTTP/1.1" 200 2258
181.137.162.109 - - [03/Nov/2014:06:02:35 -0500] "GET /galeria/nivo-slider/demo/style.css HTTP/1.1" 200 2222
181.137.162.109 - - [03/Nov/2014:06:02:35 -0500] "GET /galeria/nivo-slider/jquery.nivo.slider.pack.js HTTP/1.1" 200 11561
181.137.162.109 - - [03/Nov/2014:06:02:35 -0500] "GET /galeria/nivo-slider/demo/images/Encuentro-Orqu%C3%ADdeas01.jpg HTTP/1.1" 200 86179
181.137.162.109 - - [03/Nov/2014:06:02:35 -0500] "GET /galeria/nivo-slider/demo/images/porloshumedales.jpg HTTP/1.1" 200 351238
181.137.162.109 - - [03/Nov/2014:06:02:35 -0500] "GET /galeria/nivo-slider/demo/scripts/jquery-1.7.1.min.js HTTP/1.1" 200 93868
181.137.162.109 - - [03/Nov/2014:06:02:35 -0500] "GET /galeria/nivo-slider/demo/images/banner-aceite3.jpg HTTP/1.1" 200 88347
181.137.162.109 - - [03/Nov/2014:06:02:35 -0500] "GET /galeria/nivo-slider/demo/images/Encuentro-Orqu%C3%ADdeas02.jpg HTTP/1.1" 200 85602
181.137.162.109 - - [03/Nov/2014:06:02:35 -0500] "GET /galeria/nivo-slider/demo/images/banner-aceite3.jpg HTTP/1.1" 200 88347
181.137.162.109 - - [03/Nov/2014:06:02:35 -0500] "GET /galeria/nivo-slider/demo/images/Banner-Caracol-Africano.jpg HTTP/1.1" 200 331986
181.137.162.109 - - [03/Nov/2014:06:02:35 -0500] "GET /galeria/nivo-slider/demo/images/9Signos.jpg HTTP/1.1" 200 93040
181.137.162.109 - - [03/Nov/2014:06:02:35 -0500] "GET /galeria/nivo-slider/demo/images/banner-caballos.png HTTP/1.1" 200 389106
181.137.162.109 - - [03/Nov/2014:06:02:35 -0500] "GET /galeria/nivo-slider/demo/images/bannerEcolecta3.jpg HTTP/1.1" 200 280034
181.137.162.109 - - [03/Nov/2014:06:02:36 -0500] "GET /galeria/nivo-slider/demo/images/4Simple_Slider.png HTTP/1.1" 200 11722
181.137.162.109 - - [03/Nov/2014:06:02:36 -0500] "GET /galeria/nivo-slider/themes/default/loading.gif HTTP/1.1" 200 1737
180.76.5.28 - - [03/Nov/2014:06:02:37 -0500] "GET /BLA/resoluciones/RESOLUCIONES%202011/0537.pdf HTTP/1.1" 200 801710
181.137.162.109 - - [03/Nov/2014:06:02:35 -0500] "GET /galeria/nivo-slider/demo/images/Tingua-azul.jpg HTTP/1.1" 200 307638
181.137.162.109 - - [03/Nov/2014:06:02:38 -0500] "GET /galeria/nivo-slider/demo/images/banner-redes.jpg HTTP/1.1" 200 62209
181.137.162.109 - - [03/Nov/2014:06:02:38 -0500] "GET /galeria/nivo-slider/demo/images/banner-redes.jpg HTTP/1.1" 200 62209
181.137.162.109 - - [03/Nov/2014:06:02:38 -0500] "GET /galeria/nivo-slider/demo/images/banner-llantas2.jpg HTTP/1.1" 200 73153
181.137.162.109 - - [03/Nov/2014:06:02:38 -0500] "GET /galeria/nivo-slider/demo/images/Hacienda_Molinos.jpg HTTP/1.1" 200 319171
180.76.5.24 - - [03/Nov/2014:06:02:38 -0500] "GET /BLA/resoluciones/RESOLUCIONES%202009/2805.pdf HTTP/1.1" 200 425796
157.55.39.107 - - [03/Nov/2014:06:02:39 -0500] "GET /BLA/resoluciones/Autos%202008/0643.pdf HTTP/1.1" 200 66832
180.76.6.47 - - [03/Nov/2014:06:02:39 -0500] "GET /BLA/resoluciones/RESOLUCIONES%202011/3335.pdf HTTP/1.1" 200 751768
157.55.39.107 - - [03/Nov/2014:06:02:39 -0500] "GET /BLA/resoluciones/Autos%202008/2196.pdf HTTP/1.1" 200 83892
157.55.39.107 - - [03/Nov/2014:06:02:40 -0500] "GET /BLA/resoluciones/RESOLUCIONES%202008/2358.pdf HTTP/1.1" 200 289021
157.55.39.107 - - [03/Nov/2014:06:02:40 -0500] "GET /BLA/resoluciones/RESOLUCIONES%202010/7222.pdf HTTP/1.1" 200 452175
157.55.39.107 - - [03/Nov/2014:06:02:41 -0500] "GET /BLA/resoluciones/Autos%202008/0705.pdf HTTP/1.1" 200 83274
180.76.6.135 - - [03/Nov/2014:06:02:41 -0500] "GET /BLA/resoluciones/AUTOS%202011/6474.pdf HTTP/1.1" 200 229312
157.55.39.107 - - [03/Nov/2014:06:02:41 -0500] "GET /BLA/resoluciones/AUTOS%202011/2467.pdf HTTP/1.1" 200 178581
157.55.39.107 - - [03/Nov/2014:06:02:41 -0500] "GET /BLA/resoluciones/AUTOS%202009/2702.pdf HTTP/1.1" 200 70101
180.76.6.141 - - [03/Nov/2014:06:02:42 -0500] "GET /BLA/resoluciones/Autos%202008/0010.pdf HTTP/1.1" 200 148013
157.55.39.107 - - [03/Nov/2014:06:02:42 -0500] "GET /BLA/resoluciones/RESOLUCIONES%202010/6284.pdf HTTP/1.1" 200 2112047
181.137.162.109 - - [03/Nov/2014:06:02:38 -0500] "GET /galeria/nivo-slider/demo/images/banner-llantas2.jpg HTTP/1.1" 200 73153
157.55.39.107 - - [03/Nov/2014:06:02:43 -0500] "GET /BLA/resoluciones/RESOLUCIONES%202010/7105.pdf HTTP/1.1" 200 74067
180.76.5.76 - - [03/Nov/2014:06:02:43 -0500] "GET /BLA/resoluciones/RESOLUCIONES%202009/0899.pdf HTTP/1.1" 200 113384
157.55.39.107 - - [03/Nov/2014:06:02:43 -0500] "GET /bla/resoluciones/RESOLUCIONES%202009/8161.pdf HTTP/1.1" 200 495828
157.55.39.107 - - [03/Nov/2014:06:02:43 -0500] "GET /BLA/resoluciones/AUTOS%202007/2508.pdf HTTP/1.1" 200 350880
181.137.162.109 - - [03/Nov/2014:06:02:44 -0500] "GET /videos/Spot_Tinguas.flv HTTP/1.1" 200 2087054
181.137.162.109 - - [03/Nov/2014:06:02:35 -0500] "GET /galeria/nivo-slider/demo/images/Banner-Caracol-Africano.jpg HTTP/1.1" 200 331986
157.55.39.107 - - [03/Nov/2014:06:02:44 -0500] "GET /BLA/resoluciones/Resoluciones%202011/0079.pdf HTTP/1.1" 200 403475
180.76.5.150 - - [03/Nov/2014:06:02:44 -0500] "GET /BLA/resoluciones/RESOLUCIONES%202010/0191.pdf HTTP/1.1" 200 541600
157.55.39.107 - - [03/Nov/2014:06:02:44 -0500] "GET /BLA/resoluciones/AUTOS%202007/1253.pdf HTTP/1.1" 200 63685
157.55.39.107 - - [03/Nov/2014:06:02:45 -0500] "GET /BLA/resoluciones/AUTOS%202009/3293.pdf HTTP/1.1" 200 196215
181.137.162.109 - - [03/Nov/2014:06:02:45 -0500] "GET /galeria/nivo-slider/themes/default/arrows.png HTTP/1.1" 200 824
181.137.162.109 - - [03/Nov/2014:06:02:45 -0500] "GET /galeria/nivo-slider/themes/default/bullets.png HTTP/1.1" 200 1281
157.55.39.107 - - [03/Nov/2014:06:02:45 -0500] "GET /BLA/resoluciones/RESOLUCIONES%202011/0845.pdf HTTP/1.1" 200 362234
157.55.39.107 - - [03/Nov/2014:06:02:46 -0500] "GET /BLA/resoluciones/RESOLUCIONES%202011/1016.pdf HTTP/1.1" 200 76379
180.76.6.142 - - [03/Nov/2014:06:02:46 -0500] "GET /BLA/resoluciones/Autos%202008/1128.pdf HTTP/1.1" 200 174914
157.55.39.107 - - [03/Nov/2014:06:02:46 -0500] "GET /BLA/resoluciones/RESOLUCIONES%202010/0182.pdf HTTP/1.1" 200 527370
157.55.39.107 - - [03/Nov/2014:06:02:46 -0500] "GET /BLA/resoluciones/AUTOS%202011/0848.pdf HTTP/1.1" 200 171685
180.76.6.43 - - [03/Nov/2014:06:02:47 -0500] "GET /BLA/resoluciones/RESOLUCIONES%202011/3276.pdf HTTP/1.1" 200 551243
180.76.5.19 - - [03/Nov/2014:06:02:48 -0500] "GET /BLA/resoluciones/RESOLUCIONES%202010/1019.pdf HTTP/1.1" 200 113762
180.76.6.65 - - [03/Nov/2014:06:02:49 -0500] "GET /BLA/resoluciones/AUTOS%202011/3329.pdf HTTP/1.1" 200 321132
180.76.5.76 - - [03/Nov/2014:06:02:56 -0500] "GET /BLA/resoluciones/AUTOS%202013/0538.pdf HTTP/1.1" 200 1634822
180.76.6.231 - - [03/Nov/2014:06:02:58 -0500] "GET /BLA/resoluciones/RESOLUCIONES%202007/RES%202007%202801%20AL%202900/RESOLUCION%202829%20DE%202007.pdf HTTP/1.1" 200 26030
180.76.6.17 - - [03/Nov/2014:06:02:58 -0500] "GET /BLA/resoluciones/RESOLUCIONES%202010/6884.pdf HTTP/1.1" 200 418666
180.76.6.135 - - [03/Nov/2014:06:02:58 -0500] "GET /BLA/resoluciones/RESOLUCIONES%202008/2290.pdf HTTP/1.1" 200 355173
180.76.5.195 - - [03/Nov/2014:06:03:00 -0500] "GET /BLA/resoluciones/RESOLUCIONES%202007/RES%202007%203101%20AL%203200/RESOLUCION%203104%20DE%202007.pdf HTTP/1.1" 200 1040931
148.251.124.174 - - [03/Nov/2014:06:03:02 -0500] "GET /re/contactenos/contactenos%20imagen/?C=D;O=D HTTP/1.0" 404 1019
148.251.124.174 - - [03/Nov/2014:06:03:04 -0500] "GET /re/contactenos/contactenos%20imagen/?C=M;O=D HTTP/1.0" 404 1019
180.76.5.168 - - [03/Nov/2014:06:03:06 -0500] "GET /BLA/resoluciones/RESOLUCIONES%202009/2418.pdf HTTP/1.1" 200 417707
148.251.124.174 - - [03/Nov/2014:06:03:07 -0500] "GET /re/contactenos/contactenos%20imagen/?C=S;O=D HTTP/1.0" 404 1019
180.76.6.61 - - [03/Nov/2014:06:03:09 -0500] "GET /BLA/resoluciones/AUTOS%202007/0113.pdf HTTP/1.1" 200 167882
157.55.39.107 - - [03/Nov/2014:06:03:09 -0500] "GET /BLA/resoluciones/RESOLUCIONES%202011/0845.pdf HTTP/1.1" 200 362234
157.55.39.107 - - [03/Nov/2014:06:03:10 -0500] "GET /BLA/resoluciones/RESOLUCIONES%202009/0733.pdf HTTP/1.1" 200 358208
157.55.39.107 - - [03/Nov/2014:06:03:10 -0500] "GET /BLA/resoluciones/Resoluciones%202011/3791.pdf HTTP/1.1" 200 547189
157.55.39.107 - - [03/Nov/2014:06:03:11 -0500] "GET /BLA/resoluciones/AUTOS%202009/1505.pdf HTTP/1.1" 200 99889
148.251.124.174 - - [03/Nov/2014:06:03:11 -0500] "GET /re/contactenos/contactenos%20imagen/_notes/?C=D;O=A HTTP/1.0" 404 1019
180.76.6.153 - - [03/Nov/2014:06:03:13 -0500] "GET /BLA/resoluciones/RESOLUCIONES%202009/5348.pdf HTTP/1.1" 200 371276
148.251.124.174 - - [03/Nov/2014:06:03:14 -0500] "GET /re/contactenos/contactenos%20imagen/_notes/?C=M;O=A HTTP/1.0" 404 1019
148.251.124.174 - - [03/Nov/2014:06:03:17 -0500] "GET /re/contactenos/contactenos%20imagen/_notes/?C=N;O=D HTTP/1.0" 404 1019
180.76.6.47 - - [03/Nov/2014:06:03:18 -0500] "GET /BLA/resoluciones/RESOLUCIONES%202007/RES%202007%203101%20AL%203200/RESOLUCION%203137%20DE%202007.pdf HTTP/1.1" 200 143416
180.76.5.95 - - [03/Nov/2014:06:03:18 -0500] "GET /BLA/resoluciones/RESOLUCIONES%202010/0536.pdf HTTP/1.1" 200 395816
148.251.124.174 - - [03/Nov/2014:06:03:20 -0500] "GET /re/contactenos/contactenos%20imagen/_notes/?C=S;O=A HTTP/1.0" 404 1019
180.76.5.195 - - [03/Nov/2014:06:03:21 -0500] "GET /BLA/resoluciones/AUTOS%202010/4945.pdf HTTP/1.1" 200 149383
148.251.124.174 - - [03/Nov/2014:06:03:22 -0500] "GET /re1/Bioevolucion/Propuesta%20re/Imagen%20Propuesta%20RE/?C=D;O=A HTTP/1.0" 404 1019
180.76.5.150 - - [03/Nov/2014:06:03:22 -0500] "GET /BLA/resoluciones/AUTOS%202013/1537.pdf HTTP/1.1" 200 1691343
180.76.5.81 - - [03/Nov/2014:06:03:23 -0500] "GET /BLA/resoluciones/AUTOS%202009/2698.pdf HTTP/1.1" 200 131023
148.251.124.174 - - [03/Nov/2014:06:03:23 -0500] "GET /re1/Bioevolucion/Propuesta%20re/Imagen%20Propuesta%20RE/?C=M;O=A HTTP/1.0" 404 1019
180.76.5.173 - - [03/Nov/2014:06:03:27 -0500] "GET /BLA/resoluciones/RESOLUCIONES%202011/1076.pdf HTTP/1.1" 200 384148
180.76.6.132 - - [03/Nov/2014:06:03:27 -0500] "GET /BLA/resoluciones/RESOLUCIONES%202007/RES%202007%204201%20AL%204300/RESOLUCION%204220%20DE%202007.pdf HTTP/1.1" 200 1196622
148.251.124.174 - - [03/Nov/2014:06:03:28 -0500] "GET /re1/Bioevolucion/Propuesta%20re/Propuesta%20re/imagen%20propuesta/?C=N;O=A HTTP/1.0" 404 1019
180.76.6.142 - - [03/Nov/2014:06:03:28 -0500] "GET /BLA/resoluciones/Autos%202008/2649.pdf HTTP/1.1" 200 164244
180.76.5.193 - - [03/Nov/2014:06:03:31 -0500] "GET /BLA/resoluciones/RESOLUCIONES%202007/RES%202007%203901%20AL%204000/RESOLUCION%203911%20%20DE%202007.pdf HTTP/1.1" 200 94639
148.251.124.174 - - [03/Nov/2014:06:03:32 -0500] "GET /re1/Bioevolucion/relacion%20curriculo/cuadro%201%20diagnostico/?C=D;O=D HTTP/1.0" 404 1019
180.76.5.150 - - [03/Nov/2014:06:03:36 -0500] "GET /BLA/resoluciones/AUTOS%202009/1797.pdf HTTP/1.1" 200 98766
180.76.6.136 - - [03/Nov/2014:06:03:39 -0500] "GET /BLA/resoluciones/RESOLUCIONES%202009/2855.pdf HTTP/1.1" 200 451634
148.251.124.174 - - [03/Nov/2014:06:03:40 -0500] "GET /re1/Bioevolucion/relacion%20curriculo/cuadro%201%20diagnostico/?C=M;O=D HTTP/1.0" 404 1019
180.76.5.61 - - [03/Nov/2014:06:03:42 -0500] "GET /BLA/resoluciones/RESOLUCIONES%202009/2321.pdf HTTP/1.1" 200 543868
180.76.6.49 - - [03/Nov/2014:06:03:42 -0500] "GET /BLA/resoluciones/AUTOS%202009/1929.pdf HTTP/1.1" 200 209476
180.76.5.149 - - [03/Nov/2014:06:03:43 -0500] "GET /BLA/resoluciones/RESOLUCIONES%202012/1375.pdf HTTP/1.1" 200 709873
180.76.5.197 - - [03/Nov/2014:06:03:43 -0500] "GET /BLA/resoluciones/RESOLUCIONES%202009/1134.pdf HTTP/1.1" 200 2413169
66.249.64.163 - - [03/Nov/2014:06:03:46 -0500] "GET /BLA/resoluciones/RESOLUCIONES%202012/0821.pdf HTTP/1.1" 200 291659
181.137.162.109 - - [03/Nov/2014:06:03:50 -0500] "GET /galeria/carrusel/Carrusel/jquery.thumbnailScroller.js HTTP/1.1" 200 8157
181.137.162.109 - - [03/Nov/2014:06:03:50 -0500] "GET /BLA/boletinlegal/js/jquery.js HTTP/1.1" 200 57254
181.137.162.109 - - [03/Nov/2014:06:03:50 -0500] "GET /BLA/boletinlegal/js/jquery.scrollTo-min.js HTTP/1.1" 200 1150
181.137.162.109 - - [03/Nov/2014:06:03:50 -0500] "GET /BLA/boletinlegal/js/jquery.scrollShow.js HTTP/1.1" 200 4586
181.137.162.109 - - [03/Nov/2014:06:03:50 -0500] "GET /galeria/carrusel/Carrusel/jquery.thumbnailScroller.css HTTP/1.1" 200 2066
181.137.162.109 - - [03/Nov/2014:06:03:50 -0500] "GET /galeria/carrusel/Carrusel/jquery-ui-1.8.13.custom.min.js HTTP/1.1" 200 10800
148.251.124.174 - - [03/Nov/2014:06:03:55 -0500] "GET /re1/Bioevolucion/relacion%20curriculo/cuadro%201%20diagnostico/?C=N;O=A HTTP/1.0" 404 1019
180.76.6.56 - - [03/Nov/2014:06:03:55 -0500] "GET /BLA/resoluciones/AUTOS%202007/1264.pdf HTTP/1.1" 200 141119
180.76.6.143 - - [03/Nov/2014:06:03:58 -0500] "GET /BLA/resoluciones/AUTOS%202010/6743.pdf HTTP/1.1" 200 219002
181.137.162.109 - - [03/Nov/2014:06:03:59 -0500] "GET /galeria/nivo-slider/demo/demo.html HTTP/1.1" 200 3492
181.137.162.109 - - [03/Nov/2014:06:03:59 -0500] "GET /galeria/nivo-slider/themes/default/default.css HTTP/1.1" 200 1569
181.137.162.109 - - [03/Nov/2014:06:03:59 -0500] "GET /galeria/nivo-slider/themes/pascal/pascal.css HTTP/1.1" 200 2258
181.137.162.109 - - [03/Nov/2014:06:03:59 -0500] "GET /galeria/nivo-slider/themes/orman/orman.css HTTP/1.1" 200 2152
181.137.162.109 - - [03/Nov/2014:06:03:59 -0500] "GET /galeria/nivo-slider/demo/images/Hacienda_Molinos.jpg HTTP/1.1" 200 319171
181.137.162.109 - - [03/Nov/2014:06:03:59 -0500] "GET /galeria/nivo-slider/demo/images/banner-caballos.png HTTP/1.1" 200 389106
181.137.162.109 - - [03/Nov/2014:06:03:59 -0500] "GET /galeria/nivo-slider/demo/style.css HTTP/1.1" 200 2222
181.137.162.109 - - [03/Nov/2014:06:03:59 -0500] "GET /galeria/nivo-slider/jquery.nivo.slider.pack.js HTTP/1.1" 200 11561
181.137.162.109 - - [03/Nov/2014:06:03:59 -0500] "GET /galeria/nivo-slider/demo/scripts/jquery-1.7.1.min.js HTTP/1.1" 200 93868
181.137.162.109 - - [03/Nov/2014:06:03:59 -0500] "GET /galeria/nivo-slider/demo/images/Banner-Caracol-Africano.jpg HTTP/1.1" 200 331986
181.137.162.109 - - [03/Nov/2014:06:03:59 -0500] "GET /galeria/nivo-slider/demo/images/Tingua-azul.jpg HTTP/1.1" 200 307638
181.137.162.109 - - [03/Nov/2014:06:03:59 -0500] "GET /galeria/nivo-slider/demo/images/Encuentro-Orqu%C3%ADdeas01.jpg HTTP/1.1" 200 86179
181.137.162.109 - - [03/Nov/2014:06:03:59 -0500] "GET /galeria/nivo-slider/demo/images/9Signos.jpg HTTP/1.1" 200 93040
181.137.162.109 - - [03/Nov/2014:06:03:59 -0500] "GET /galeria/nivo-slider/demo/images/banner-aceite3.jpg HTTP/1.1" 200 88347
181.137.162.109 - - [03/Nov/2014:06:03:59 -0500] "GET /galeria/nivo-slider/demo/images/porloshumedales.jpg HTTP/1.1" 200 351238
181.137.162.109 - - [03/Nov/2014:06:03:59 -0500] "GET /galeria/nivo-slider/demo/images/banner-redes.jpg HTTP/1.1" 200 62209
181.137.162.109 - - [03/Nov/2014:06:03:59 -0500] "GET /galeria/nivo-slider/demo/images/banner-llantas2.jpg HTTP/1.1" 200 73153
181.137.162.109 - - [03/Nov/2014:06:03:59 -0500] "GET /galeria/nivo-slider/nivo-slider.css HTTP/1.1" 200 1507
181.137.162.109 - - [03/Nov/2014:06:03:59 -0500] "GET /galeria/nivo-slider/demo/images/Encuentro-Orqu%C3%ADdeas02.jpg HTTP/1.1" 200 85602
181.137.162.109 - - [03/Nov/2014:06:03:59 -0500] "GET /galeria/nivo-slider/demo/images/bannerEcolecta3.jpg HTTP/1.1" 200 280034
181.137.162.109 - - [03/Nov/2014:06:03:59 -0500] "GET /galeria/nivo-slider/demo/images/4Simple_Slider.png HTTP/1.1" 200 11722
181.137.162.109 - - [03/Nov/2014:06:03:59 -0500] "GET /galeria/nivo-slider/themes/default/loading.gif HTTP/1.1" 200 1737
180.76.6.21 - - [03/Nov/2014:06:04:02 -0500] "GET /BLA/resoluciones/AUTOS%202011/2188.pdf HTTP/1.1" 200 196289
180.76.5.75 - - [03/Nov/2014:06:04:05 -0500] "GET /BLA/resoluciones/AUTOS%202010/5462.pdf HTTP/1.1" 200 782401
180.76.6.232 - - [03/Nov/2014:06:04:06 -0500] "GET /BLA/resoluciones/RESOLUCIONES%202008/0411.pdf HTTP/1.1" 200 991941
180.76.5.189 - - [03/Nov/2014:06:04:07 -0500] "GET /BLA/resoluciones/RESOLUCIONES%202011/4260.pdf HTTP/1.1" 200 452253
148.251.124.174 - - [03/Nov/2014:06:04:09 -0500] "GET /re1/Bioevolucion/relacion%20curriculo/cuadro%201%20diagnostico/?C=S;O=D HTTP/1.0" 404 1019
181.137.162.109 - - [03/Nov/2014:06:04:13 -0500] "GET /galeria/nivo-slider/themes/default/arrows.png HTTP/1.1" 200 824
181.137.162.109 - - [03/Nov/2014:06:04:13 -0500] "GET /galeria/nivo-slider/themes/default/bullets.png HTTP/1.1" 200 1281
180.76.6.53 - - [03/Nov/2014:06:04:13 -0500] "GET /BLA/resoluciones/AUTOS%202011/0207.pdf HTTP/1.1" 200 208809
180.76.6.60 - - [03/Nov/2014:06:04:16 -0500] "GET /BLA/resoluciones/RESOLUCIONES%202009/3637.pdf HTTP/1.1" 200 233271
180.76.6.141 - - [03/Nov/2014:06:04:18 -0500] "GET /BLA/resoluciones/AUTOS%202009/0220.pdf HTTP/1.1" 200 75197
180.76.5.74 - - [03/Nov/2014:06:04:19 -0500] "GET /BLA/resoluciones/RESOLUCIONES%202007/RES%202007%20801%20AL%20900/RESOLUCION%200872%20DE%202007.pdf HTTP/1.1" 200 624652
148.251.124.174 - - [03/Nov/2014:06:04:26 -0500] "GET /re1/Bioevolucion/relacion%20curriculo/cuadro%202%20administracion/?C=D;O=D HTTP/1.0" 404 1019
180.76.5.172 - - [03/Nov/2014:06:04:30 -0500] "GET /BLA/resoluciones/AUTOS%202007/1139.pdf HTTP/1.1" 200 27717
180.76.5.73 - - [03/Nov/2014:06:04:31 -0500] "GET /BLA/resoluciones/Autos%202008/2115.pdf HTTP/1.1" 200 75658
180.76.5.187 - - [03/Nov/2014:06:04:37 -0500] "GET /BLA/resoluciones/RESOLUCIONES%202011/1812.pdf HTTP/1.1" 200 517834
148.251.124.174 - - [03/Nov/2014:06:04:39 -0500] "GET /re1/Bioevolucion/relacion%20curriculo/cuadro%202%20administracion/?C=M;O=D HTTP/1.0" 404 1019
180.76.5.25 - - [03/Nov/2014:06:04:39 -0500] "GET /BLA/resoluciones/AUTOS%202009/1559.pdf HTTP/1.1" 200 122210
180.76.5.59 - - [03/Nov/2014:06:04:40 -0500] "GET /BLA/resoluciones/RESOLUCIONES%202008/1057.pdf HTTP/1.1" 200 70398
148.251.124.174 - - [03/Nov/2014:06:04:42 -0500] "GET /re1/Bioevolucion/relacion%20curriculo/cuadro%202%20administracion/?C=N;O=A HTTP/1.0" 404 1019
180.76.5.145 - - [03/Nov/2014:06:04:45 -0500] "GET /BLA/resoluciones/RESOLUCIONES%202008/1470.pdf HTTP/1.1" 200 302787
148.251.124.174 - - [03/Nov/2014:06:04:47 -0500] "GET /re1/Bioevolucion/relacion%20curriculo/cuadro%202%20administracion/?C=S;O=D HTTP/1.0" 404 1019
180.76.5.177 - - [03/Nov/2014:06:04:48 -0500] "GET /BLA/resoluciones/RESOLUCIONES%202008/2343.pdf HTTP/1.1" 200 285679
100.43.90.10 - - [03/Nov/2014:06:04:49 -0500] "GET /prueba/encuestaRMCAB/conn/?C=N&O=D HTTP/1.1" 404 1019
157.55.39.62 - - [03/Nov/2014:06:04:49 -0500] "GET /BLA/resoluciones/RESOLUCIONES%202009/1388.pdf HTTP/1.1" 200 1034709
157.55.39.62 - - [03/Nov/2014:06:04:50 -0500] "GET /BLA/resoluciones/Autos%202008/3287.pdf HTTP/1.1" 200 65008
148.251.124.174 - - [03/Nov/2014:06:04:50 -0500] "GET /re1/Bioevolucion/relacion%20curriculo/cuadro%203%20PEI/?C=D;O=D HTTP/1.0" 404 1019
157.55.39.62 - - [03/Nov/2014:06:04:50 -0500] "GET /BLA/resoluciones/RESOLUCIONES%202009/2162.pdf HTTP/1.1" 200 580077
157.55.39.62 - - [03/Nov/2014:06:04:51 -0500] "GET /BLA/resoluciones/AUTOS%202010/3900.pdf HTTP/1.1" 200 90520
180.76.5.76 - - [03/Nov/2014:06:04:51 -0500] "GET /BLA/resoluciones/RESOLUCIONES%202008/0318.pdf HTTP/1.1" 200 314683
157.55.39.62 - - [03/Nov/2014:06:04:51 -0500] "GET /bla/resoluciones/RESOLUCIONES%202009/0117.pdf HTTP/1.1" 200 326730
157.55.39.62 - - [03/Nov/2014:06:04:51 -0500] "GET /BLA/resoluciones/AUTOS%202011/1757.pdf HTTP/1.1" 200 176760
157.55.39.62 - - [03/Nov/2014:06:04:52 -0500] "GET /BLA/resoluciones/RESOLUCIONES%202009/7963.pdf HTTP/1.1" 200 737270
148.251.124.174 - - [03/Nov/2014:06:04:52 -0500] "GET /re1/Bioevolucion/relacion%20curriculo/cuadro%203%20PEI/?C=M;O=D HTTP/1.0" 404 1019
157.55.39.62 - - [03/Nov/2014:06:04:52 -0500] "GET /bla/resoluciones/RESOLUCIONES%202009/8636.pdf HTTP/1.1" 200 308041
157.55.39.62 - - [03/Nov/2014:06:04:53 -0500] "GET /BLA/resoluciones/Resoluciones%202011/0093.pdf HTTP/1.1" 200 364189
180.76.6.141 - - [03/Nov/2014:06:04:53 -0500] "GET /BLA/resoluciones/RESOLUCIONES%202007/RES%202007%203801%20AL%203900/RESOLUCION%203817%20DE%202007.pdf HTTP/1.1" 200 481966
157.55.39.62 - - [03/Nov/2014:06:04:53 -0500] "GET /bla/resoluciones/RESOLUCIONES%202009/7412.pdf HTTP/1.1" 200 377134
157.55.39.62 - - [03/Nov/2014:06:04:54 -0500] "GET /BLA/resoluciones/RESOLUCIONES%202010/5008.pdf HTTP/1.1" 200 749797
157.55.39.62 - - [03/Nov/2014:06:04:54 -0500] "GET /BLA/resoluciones/RESOLUCIONES%202010/2909.pdf HTTP/1.1" 200 500635
157.55.39.62 - - [03/Nov/2014:06:04:55 -0500] "GET /BLA/resoluciones/Resoluciones%202011/5061.pdf HTTP/1.1" 200 455963
157.55.39.62 - - [03/Nov/2014:06:04:55 -0500] "GET /bla/resoluciones/RESOLUCIONES%202011/2546.pdf HTTP/1.1" 200 761300
157.55.39.62 - - [03/Nov/2014:06:04:55 -0500] "GET /BLA/resoluciones/AUTOS%202010/1903.pdf HTTP/1.1" 200 144935
148.251.124.174 - - [03/Nov/2014:06:04:57 -0500] "GET /re1/Bioevolucion/relacion%20curriculo/cuadro%203%20PEI/?C=N;O=A HTTP/1.0" 404 1019
188.165.15.132 - - [03/Nov/2014:06:04:59 -0500] "GET /manual_funciones_Listado/index.php?dir=2.3.1.%20Subdirecci%C3%83%C2%B3n%20de%20Ecourbanismo%20y%20Gesti%C3%83%C2%B3n%20Ambiental%20Empresarial/&sort=size&order=asc HTTP/1.1" 404 1018
148.251.124.174 - - [03/Nov/2014:06:05:00 -0500] "GET /re1/Bioevolucion/relacion%20curriculo/cuadro%203%20PEI/?C=S;O=D HTTP/1.0" 404 1019
180.76.5.71 - - [03/Nov/2014:06:05:00 -0500] "GET /BLA/resoluciones/RESOLUCIONES%202010/0619.pdf HTTP/1.1" 200 526258
148.251.124.174 - - [03/Nov/2014:06:05:02 -0500] "GET /re1/Bioevolucion/relacion%20curriculo/cuadro%204%20PRAE/?C=D;O=D HTTP/1.0" 404 1019
180.76.5.20 - - [03/Nov/2014:06:05:04 -0500] "GET /BLA/resoluciones/RESOLUCIONES%202007/RES%202007%203001%20AL%203100/RESOLUCION%203099%20DE%202007.pdf HTTP/1.1" 200 336670
148.251.124.174 - - [03/Nov/2014:06:05:05 -0500] "GET /re1/Bioevolucion/relacion%20curriculo/cuadro%204%20PRAE/?C=M;O=D HTTP/1.0" 404 1019
180.76.6.149 - - [03/Nov/2014:06:05:08 -0500] "GET /BLA/resoluciones/RESOLUCIONES%202009/2774.pdf HTTP/1.1" 200 494743
188.165.15.132 - - [03/Nov/2014:06:05:08 -0500] "GET /BLA/resoluciones/index.php?dir=RESOLUCIONES%202006/RES%202006%20101-150/&sort=size&order=asc HTTP/1.1" 200 12241
180.76.6.63 - - [03/Nov/2014:06:05:09 -0500] "GET /BLA/resoluciones/AUTOS%202007/2186.pdf HTTP/1.1" 200 222135
180.76.5.166 - - [03/Nov/2014:06:05:10 -0500] "GET /BLA/resoluciones/RESOLUCIONES%202008/2128.pdf HTTP/1.1" 200 211191
148.251.124.174 - - [03/Nov/2014:06:05:11 -0500] "GET /re1/Bioevolucion/relacion%20curriculo/cuadro%204%20PRAE/?C=N;O=A HTTP/1.0" 404 1019
180.76.6.149 - - [03/Nov/2014:06:05:12 -0500] "GET /BLA/resoluciones/RESOLUCIONES%202009/2014.pdf HTTP/1.1" 200 484921
180.76.6.58 - - [03/Nov/2014:06:05:15 -0500] "GET /BLA/resoluciones/Autos%202008/1557.pdf HTTP/1.1" 200 93814
180.76.5.73 - - [03/Nov/2014:06:05:16 -0500] "GET /BLA/resoluciones/AUTOS%202011/1639.pdf HTTP/1.1" 200 688731
148.251.124.174 - - [03/Nov/2014:06:05:16 -0500] "GET /re1/Bioevolucion/relacion%20curriculo/cuadro%204%20PRAE/?C=S;O=D HTTP/1.0" 404 1019
180.76.5.81 - - [03/Nov/2014:06:05:17 -0500] "GET /BLA/resoluciones/RESOLUCIONES%202009/6990.pdf HTTP/1.1" 200 162236
180.76.6.17 - - [03/Nov/2014:06:05:17 -0500] "GET /BLA/resoluciones/AUTOS%202011/3729.pdf HTTP/1.1" 200 293315
180.76.5.66 - - [03/Nov/2014:06:05:18 -0500] "GET /BLA/resoluciones/RESOLUCIONES%202009/9189.pdf HTTP/1.1" 200 56016
148.251.124.174 - - [03/Nov/2014:06:05:20 -0500] "GET /re1/Bioevolucion/relacion%20curriculo/cuadro%205%20tematica/?C=D;O=D HTTP/1.0" 404 1019
180.76.6.156 - - [03/Nov/2014:06:05:20 -0500] "GET /BLA/resoluciones/RESOLUCIONES%202010/0082.pdf HTTP/1.1" 200 533913
180.76.5.63 - - [03/Nov/2014:06:05:24 -0500] "GET /BLA/resoluciones/AUTOS%202007/1862.pdf HTTP/1.1" 200 63989
180.76.6.155 - - [03/Nov/2014:06:05:25 -0500] "GET /BLA/resoluciones/RESOLUCIONES%202010/2315.pdf HTTP/1.1" 200 408197
180.76.5.145 - - [03/Nov/2014:06:05:27 -0500] "GET /BLA/resoluciones/RESOLUCIONES%202007/RES%202007%20701%20AL%20800/RESOLUCION%200702%20DE%202007.pdf HTTP/1.1" 200 829645
180.76.6.225 - - [03/Nov/2014:06:05:28 -0500] "GET /BLA/resoluciones/RESOLUCIONES%202010/6825.pdf HTTP/1.1" 200 478837
180.76.6.144 - - [03/Nov/2014:06:05:29 -0500] "GET /BLA/resoluciones/RESOLUCIONES%202011/0554.pdf HTTP/1.1" 200 68201
180.76.6.231 - - [03/Nov/2014:06:05:30 -0500] "GET /BLA/resoluciones/AUTOS%202011/0848.pdf HTTP/1.1" 200 171685
180.76.5.166 - - [03/Nov/2014:06:05:33 -0500] "GET /BLA/resoluciones/AUTOS%202010/1152.pdf HTTP/1.1" 200 150078
180.76.6.42 - - [03/Nov/2014:06:05:37 -0500] "GET /BLA/resoluciones/AUTOS%202011/3284.pdf HTTP/1.1" 200 211343
157.55.39.62 - - [03/Nov/2014:06:05:37 -0500] "GET /BLA/resoluciones/RESOLUCIONES%202008/4424.pdf HTTP/1.1" 200 310584
157.55.39.62 - - [03/Nov/2014:06:05:38 -0500] "GET /BLA/resoluciones/RESOLUCIONES%202010/2725.pdf HTTP/1.1" 200 376706
157.55.39.62 - - [03/Nov/2014:06:05:38 -0500] "GET /BLA/resoluciones/RESOLUCIONES%202008/1806.pdf HTTP/1.1" 200 49644
157.55.39.62 - - [03/Nov/2014:06:05:39 -0500] "GET /BLA/resoluciones/AUTOS%202009/0860.pdf HTTP/1.1" 200 68943
157.55.39.62 - - [03/Nov/2014:06:05:39 -0500] "GET /bla/resoluciones/RESOLUCIONES%202011/0160.pdf HTTP/1.1" 200 341600
157.55.39.62 - - [03/Nov/2014:06:05:40 -0500] "GET /BLA/resoluciones/Resoluciones%202011/2034.pdf HTTP/1.1" 200 516421
148.251.124.174 - - [03/Nov/2014:06:05:40 -0500] "GET /re1/Bioevolucion/relacion%20curriculo/cuadro%205%20tematica/?C=M;O=D HTTP/1.0" 404 1019
157.55.39.62 - - [03/Nov/2014:06:05:40 -0500] "GET /BLA/resoluciones/RESOLUCIONES%202009/0268.pdf HTTP/1.1" 200 350695
157.55.39.62 - - [03/Nov/2014:06:05:41 -0500] "GET /BLA/resoluciones/RESOLUCIONES%202009/8208.pdf HTTP/1.1" 200 912949
180.76.6.61 - - [03/Nov/2014:06:05:41 -0500] "GET /BLA/resoluciones/AUTOS%202011/4231.pdf HTTP/1.1" 200 248419
157.55.39.62 - - [03/Nov/2014:06:05:41 -0500] "GET /BLA/resoluciones/Resoluciones%202011/0371.pdf HTTP/1.1" 200 66487
157.55.39.62 - - [03/Nov/2014:06:05:41 -0500] "GET /BLA/resoluciones/AUTOS%202009/2856.pdf HTTP/1.1" 200 102891
157.55.39.62 - - [03/Nov/2014:06:05:42 -0500] "GET /BLA/resoluciones/RESOLUCIONES%202008/0798.pdf HTTP/1.1" 200 321444
157.55.39.62 - - [03/Nov/2014:06:05:42 -0500] "GET /bla/resoluciones/RESOLUCIONES%202009/0289.pdf HTTP/1.1" 200 425320
157.55.39.62 - - [03/Nov/2014:06:05:43 -0500] "GET /BLA/resoluciones/RESOLUCIONES%202009/7904.pdf HTTP/1.1" 200 533005
74.86.158.107 - - [03/Nov/2014:06:05:44 -0500] "HEAD / HTTP/1.1" 302 -
180.76.5.189 - - [03/Nov/2014:06:05:45 -0500] "GET /BLA/resoluciones/RESOLUCIONES%202010/1498.pdf HTTP/1.1" 200 496767
180.76.6.62 - - [03/Nov/2014:06:05:46 -0500] "GET /BLA/resoluciones/Autos%202008/0345.pdf HTTP/1.1" 200 219620
180.76.5.73 - - [03/Nov/2014:06:05:48 -0500] "GET /BLA/resoluciones/AUTOS%202009/1649.pdf HTTP/1.1" 200 97286
180.76.5.173 - - [03/Nov/2014:06:05:48 -0500] "GET /BLA/resoluciones/Autos%202008/1803.pdf HTTP/1.1" 200 124147
180.76.5.63 - - [03/Nov/2014:06:05:49 -0500] "GET /BLA/resoluciones/AUTOS%202009/0365.pdf HTTP/1.1" 200 188874
188.165.15.19 - - [03/Nov/2014:06:05:50 -0500] "GET /BLA/resoluciones/index.php?dir=RESOLUCIONES%202005/RES%202005%201551-1600/&sort=name&order=asc HTTP/1.1" 200 12364
180.76.5.20 - - [03/Nov/2014:06:05:51 -0500] "GET /BLA/resoluciones/RESOLUCIONES%202010/0757.pdf HTTP/1.1" 200 106040
180.76.5.66 - - [03/Nov/2014:06:05:51 -0500] "GET /BLA/resoluciones/RESOLUCIONES%202010/0168.pdf HTTP/1.1" 200 447896
148.251.124.174 - - [03/Nov/2014:06:05:57 -0500] "GET /re1/Bioevolucion/relacion%20curriculo/cuadro%205%20tematica/?C=N;O=A HTTP/1.0" 404 1019
180.76.6.130 - - [03/Nov/2014:06:05:57 -0500] "GET /BLA/resoluciones/AUTOS%202011/6819.pdf HTTP/1.1" 200 228887
180.76.6.148 - - [03/Nov/2014:06:05:58 -0500] "GET /BLA/resoluciones/AUTOS%202011/4703.pdf HTTP/1.1" 200 214897
180.76.6.41 - - [03/Nov/2014:06:05:58 -0500] "GET /BLA/resoluciones/RESOLUCIONES%202008/0425.pdf HTTP/1.1" 200 291636
201.245.192.253 - - [03/Nov/2014:06:06:01 -0500] "GET /forestReports/webcontent/birt/admin/js/yui/tabview.css HTTP/1.1" 304 -
188.165.15.132 - - [03/Nov/2014:06:06:01 -0500] "GET /BLA/resoluciones/RESOLUCIONES%202004/RES%202004%20451-500/00000476.tif HTTP/1.1" 200 58426
180.76.5.149 - - [03/Nov/2014:06:06:02 -0500] "GET /BLA/resoluciones/AUTOS%202007/1724.pdf HTTP/1.1" 200 35020
180.76.5.196 - - [03/Nov/2014:06:06:04 -0500] "GET /BLA/resoluciones/RESOLUCIONES%202010/7457.pdf HTTP/1.1" 200 357016
180.76.6.132 - - [03/Nov/2014:06:06:07 -0500] "GET /BLA/resoluciones/AUTOS%202010/5372.pdf HTTP/1.1" 200 196233
180.76.6.230 - - [03/Nov/2014:06:06:08 -0500] "GET /BLA/resoluciones/RESOLUCIONES%202009/0478.pdf HTTP/1.1" 200 601449
148.251.124.174 - - [03/Nov/2014:06:06:11 -0500] "GET /re1/Bioevolucion/relacion%20curriculo/cuadro%205%20tematica/?C=S;O=D HTTP/1.0" 404 1019
180.76.5.143 - - [03/Nov/2014:06:06:13 -0500] "GET /BLA/resoluciones/RESOLUCIONES%202011/2847.pdf HTTP/1.1" 200 725216
148.251.124.174 - - [03/Nov/2014:06:06:15 -0500] "GET /re1/Bioevolucion/relacion%20curriculo/cuadro%206%20curriculo/?C=D;O=D HTTP/1.0" 404 1019
157.55.39.62 - - [03/Nov/2014:06:06:19 -0500] "-" 408 -
180.76.5.61 - - [03/Nov/2014:06:06:20 -0500] "GET /BLA/resoluciones/RESOLUCIONES%202008/0023.pdf HTTP/1.1" 200 30366
157.55.39.107 - - [03/Nov/2014:06:06:26 -0500] "GET /Residuos/pinturas/pinturas.html HTTP/1.1" 404 1018
180.76.5.27 - - [03/Nov/2014:06:06:26 -0500] "GET /BLA/resoluciones/RESOLUCIONES%202007/RES%202007%20301%20AL%20400/RESOLUCION%200356%20DE%202007.pdf HTTP/1.1" 200 261198
180.76.6.158 - - [03/Nov/2014:06:06:28 -0500] "GET /BLA/resoluciones/RESOLUCIONES%202011/3340.pdf HTTP/1.1" 200 613208
180.76.5.153 - - [03/Nov/2014:06:06:30 -0500] "GET /BLA/resoluciones/RESOLUCIONES%202007/RES%202007%20501%20AL%20600/RESOLUCION%200525%20DE%202007.pdf HTTP/1.1" 200 103189
180.76.6.138 - - [03/Nov/2014:06:06:39 -0500] "GET /BLA/resoluciones/RESOLUCIONES%202010/5944.pdf HTTP/1.1" 200 630975
180.76.6.157 - - [03/Nov/2014:06:06:41 -0500] "GET /BLA/resoluciones/RESOLUCIONES%202009/3700.pdf HTTP/1.1" 200 51514
180.76.5.78 - - [03/Nov/2014:06:06:43 -0500] "GET /BLA/resoluciones/AUTOS%202013/0963.pdf HTTP/1.1" 200 1592805
180.76.5.66 - - [03/Nov/2014:06:06:44 -0500] "GET /BLA/resoluciones/RESOLUCIONES%202013/0445.pdf HTTP/1.1" 200 2788900
180.76.6.41 - - [03/Nov/2014:06:06:46 -0500] "GET /BLA/resoluciones/RESOLUCIONES%202011/0376.pdf HTTP/1.1" 200 76617
180.76.5.67 - - [03/Nov/2014:06:06:49 -0500] "GET /BLA/resoluciones/AUTOS%202013/2439.pdf HTTP/1.1" 200 266595
180.76.5.73 - - [03/Nov/2014:06:06:50 -0500] "GET /BLA/resoluciones/AUTOS%202012/2005.pdf HTTP/1.1" 200 2899427
180.76.5.149 - - [03/Nov/2014:06:06:55 -0500] "GET /BLA/resoluciones/AUTOS%202007/0549.pdf HTTP/1.1" 200 175204
180.76.6.156 - - [03/Nov/2014:06:06:59 -0500] "GET /BLA/resoluciones/AUTOS%202009/3412.pdf HTTP/1.1" 200 96397
180.76.5.77 - - [03/Nov/2014:06:06:59 -0500] "GET /BLA/resoluciones/RESOLUCIONES%202011/1883.pdf HTTP/1.1" 200 517078
180.76.6.66 - - [03/Nov/2014:06:07:01 -0500] "GET /BLA/resoluciones/AUTOS%202011/4975.pdf HTTP/1.1" 200 136861
180.76.6.152 - - [03/Nov/2014:06:07:01 -0500] "GET /BLA/resoluciones/RESOLUCIONES%202012/0636.pdf HTTP/1.1" 200 541211
180.76.6.51 - - [03/Nov/2014:06:07:02 -0500] "GET /BLA/resoluciones/RESOLUCIONES%202008/0353.pdf HTTP/1.1" 200 114429
180.76.6.153 - - [03/Nov/2014:06:07:07 -0500] "GET /BLA/resoluciones/Autos%202008/2468.pdf HTTP/1.1" 200 131721
180.76.5.144 - - [03/Nov/2014:06:07:07 -0500] "GET /BLA/resoluciones/RESOLUCIONES%202007/RES%202007%203801%20AL%203900/RESOLUCION%203805%20%20DE%202007.pdf HTTP/1.1" 200 1262095
180.76.6.153 - - [03/Nov/2014:06:07:07 -0500] "GET /BLA/resoluciones/AUTOS%202007/1955.pdf HTTP/1.1" 200 78112
148.251.124.174 - - [03/Nov/2014:06:07:08 -0500] "GET /re1/Bioevolucion/relacion%20curriculo/cuadro%206%20curriculo/?C=M;O=D HTTP/1.0" 404 1019
180.76.5.67 - - [03/Nov/2014:06:07:08 -0500] "GET /BLA/resoluciones/AUTOS%202011/0865.pdf HTTP/1.1" 200 153445
180.76.5.188 - - [03/Nov/2014:06:07:08 -0500] "GET /BLA/resoluciones/AUTOS%202009/2558.pdf HTTP/1.1" 200 101109
180.76.5.19 - - [03/Nov/2014:06:07:10 -0500] "GET /BLA/resoluciones/RESOLUCIONES%202007/RES%202007%20501%20AL%20600/RESOLUCION%200562%20DE%202007.pdf HTTP/1.1" 200 1229212
148.251.124.174 - - [03/Nov/2014:06:07:11 -0500] "GET /re1/Bioevolucion/relacion%20curriculo/cuadro%206%20curriculo/?C=N;O=A HTTP/1.0" 404 1019
180.76.5.196 - - [03/Nov/2014:06:07:11 -0500] "GET /BLA/resoluciones/RESOLUCIONES%202010/7460.pdf HTTP/1.1" 200 327546
180.76.5.24 - - [03/Nov/2014:06:07:14 -0500] "GET /BLA/resoluciones/AUTOS%202010/0123.pdf HTTP/1.1" 200 271876
180.76.5.95 - - [03/Nov/2014:06:07:14 -0500] "GET /BLA/resoluciones/RESOLUCIONES%202010/6861.pdf HTTP/1.1" 200 185160
180.76.6.43 - - [03/Nov/2014:06:07:15 -0500] "GET /BLA/resoluciones/RESOLUCIONES%202009/8801.pdf HTTP/1.1" 200 356547
157.55.39.107 - - [03/Nov/2014:06:07:16 -0500] "GET /bla/resoluciones/RESOLUCIONES%202009/2422.pdf HTTP/1.1" 200 311701
157.55.39.62 - - [03/Nov/2014:06:07:17 -0500] "-" 408 -
157.55.39.107 - - [03/Nov/2014:06:07:17 -0500] "GET /BLA/resoluciones/RESOLUCIONES%202010/5571.pdf HTTP/1.1" 200 1933392
157.55.39.107 - - [03/Nov/2014:06:07:17 -0500] "GET /BLA/resoluciones/RESOLUCIONES%202010/5678.pdf HTTP/1.1" 200 80662
157.55.39.107 - - [03/Nov/2014:06:07:18 -0500] "GET /BLA/resoluciones/AUTOS%202009/1633.pdf HTTP/1.1" 200 189386
180.76.5.176 - - [03/Nov/2014:06:07:18 -0500] "GET /BLA/resoluciones/RESOLUCIONES%202010/2312.pdf HTTP/1.1" 200 724678
157.55.39.107 - - [03/Nov/2014:06:07:18 -0500] "GET /bla/resoluciones/RESOLUCIONES%202011/0849.pdf HTTP/1.1" 200 292483
157.55.39.107 - - [03/Nov/2014:06:07:19 -0500] "GET /BLA/resoluciones/RESOLUCIONES%202010/2451.pdf HTTP/1.1" 200 108156
157.55.39.107 - - [03/Nov/2014:06:07:19 -0500] "GET /BLA/resoluciones/RESOLUCIONES%202012/1541.pdf HTTP/1.1" 200 872831
157.55.39.107 - - [03/Nov/2014:06:07:19 -0500] "GET /BLA/resoluciones/Autos%202008/0165.pdf HTTP/1.1" 200 108305
66.249.64.167 - - [03/Nov/2014:06:07:20 -0500] "GET /BLA/resoluciones/RESOLUCIONES%202007/RES%202007%202101%20AL%202200/RESOLUCION%202115%20DE%202007.pdf HTTP/1.1" 304 -
157.55.39.107 - - [03/Nov/2014:06:07:20 -0500] "GET /BLA/resoluciones/AUTOS%202007/3250.pdf HTTP/1.1" 200 73920
50.97.138.107 - - [03/Nov/2014:06:07:20 -0500] "GET /wordpress/wp-admin/ HTTP/1.1" 404 1018
157.55.39.107 - - [03/Nov/2014:06:07:20 -0500] "GET /BLA/resoluciones/AUTOS%202011/5028.pdf HTTP/1.1" 200 241229
157.55.39.107 - - [03/Nov/2014:06:07:21 -0500] "GET /BLA/resoluciones/RESOLUCIONES%202010/3889.pdf HTTP/1.1" 200 1194257
180.76.5.175 - - [03/Nov/2014:06:07:22 -0500] "GET /BLA/resoluciones/RESOLUCIONES%202009/0893.pdf HTTP/1.1" 200 208940
148.251.124.174 - - [03/Nov/2014:06:07:25 -0500] "GET /re1/Bioevolucion/relacion%20curriculo/cuadro%206%20curriculo/?C=M;O=D HTTP/1.0" 404 1019
180.76.6.140 - - [03/Nov/2014:06:07:30 -0500] "GET /BLA/resoluciones/RESOLUCIONES%202011/0954.pdf HTTP/1.1" 200 73837
180.76.5.175 - - [03/Nov/2014:06:07:30 -0500] "GET /BLA/resoluciones/AUTOS%202012/1325.pdf HTTP/1.1" 200 153804
180.76.6.54 - - [03/Nov/2014:06:07:30 -0500] "GET /BLA/resoluciones/AUTOS%202007/1924.pdf HTTP/1.1" 200 157260
180.76.5.147 - - [03/Nov/2014:06:07:31 -0500] "GET /BLA/resoluciones/RESOLUCIONES%202011/0259.pdf HTTP/1.1" 200 205307
180.76.6.156 - - [03/Nov/2014:06:07:32 -0500] "GET /BLA/resoluciones/RESOLUCIONES%202007/RES%202007%20201%20AL%20300/RESOLUCION%200259%20DE%202007.pdf HTTP/1.1" 200 267670
148.251.124.174 - - [03/Nov/2014:06:07:33 -0500] "GET /re1/Bioevolucion/relacion%20curriculo/cuadro%206%20curriculo/?C=S;O=D HTTP/1.0" 404 1019
180.76.6.143 - - [03/Nov/2014:06:07:36 -0500] "GET /BLA/resoluciones/RESOLUCIONES%202007/RES%202007%201901%20AL%202000/RESOLUCION%201981%20%20DE%202007.pdf HTTP/1.1" 200 1384059
148.251.124.174 - - [03/Nov/2014:06:07:41 -0500] "GET /re1/Bioevolucion/relacion%20curriculo/cuadro%206%20curriculo/imagen%20cuadro%206/cuadro%206.htm HTTP/1.0" 404 1019
180.76.5.172 - - [03/Nov/2014:06:07:46 -0500] "GET /BLA/resoluciones/RESOLUCIONES%202007/RES%202007%203101%20AL%203200/RESOLUCION%203171%20DE%202007.pdf HTTP/1.1" 200 614865
180.76.6.56 - - [03/Nov/2014:06:07:50 -0500] "GET /BLA/resoluciones/RESOLUCIONES%202011/2568.pdf HTTP/1.1" 200 302072
180.76.6.65 - - [03/Nov/2014:06:07:51 -0500] "GET /BLA/resoluciones/Autos%202008/2913.pdf HTTP/1.1" 200 60838
148.251.124.174 - - [03/Nov/2014:06:07:53 -0500] "GET /re1/Que%20es/Agenda%20ambiental/clima/?C=D;O=D HTTP/1.0" 404 1019
148.251.124.174 - - [03/Nov/2014:06:07:55 -0500] "GET /re1/Que%20es/Agenda%20ambiental/clima/?C=M;O=D HTTP/1.0" 404 1019
180.76.6.146 - - [03/Nov/2014:06:07:58 -0500] "GET /BLA/resoluciones/RESOLUCIONES%202009/8998.pdf HTTP/1.1" 200 367350
180.76.5.61 - - [03/Nov/2014:06:07:59 -0500] "GET /BLA/resoluciones/AUTOS%202009/3275.pdf HTTP/1.1" 200 101185
180.76.5.195 - - [03/Nov/2014:06:07:59 -0500] "GET /BLA/resoluciones/RESOLUCIONES%202009/2422.pdf HTTP/1.1" 200 311701
180.76.5.75 - - [03/Nov/2014:06:08:00 -0500] "GET /BLA/resoluciones/Autos%202008/1522.pdf HTTP/1.1" 200 75325
180.76.6.233 - - [03/Nov/2014:06:08:00 -0500] "GET /BLA/resoluciones/AUTOS%202011/4507.pdf HTTP/1.1" 200 235597
180.76.6.155 - - [03/Nov/2014:06:08:00 -0500] "GET /BLA/resoluciones/RESOLUCIONES%202010/5923.pdf HTTP/1.1" 200 287134
148.251.124.174 - - [03/Nov/2014:06:08:01 -0500] "GET /re1/Que%20es/Agenda%20ambiental/clima/?C=N;O=A HTTP/1.0" 404 1019
180.76.5.167 - - [03/Nov/2014:06:08:02 -0500] "GET /BLA/resoluciones/RESOLUCIONES%202010/1306.pdf HTTP/1.1" 200 98315
157.55.39.107 - - [03/Nov/2014:06:08:02 -0500] "GET /bla/resoluciones/RESOLUCIONES%202009/8529.pdf HTTP/1.1" 200 523224
157.55.39.107 - - [03/Nov/2014:06:08:03 -0500] "GET /BLA/resoluciones/Autos%202008/2269.pdf HTTP/1.1" 200 194743
157.55.39.107 - - [03/Nov/2014:06:08:03 -0500] "GET /bla/resoluciones/RESOLUCIONES%202011/2151.pdf HTTP/1.1" 200 508771
157.55.39.107 - - [03/Nov/2014:06:08:03 -0500] "GET /BLA/resoluciones/AUTOS%202009/1643.pdf HTTP/1.1" 200 98138
148.251.124.174 - - [03/Nov/2014:06:08:07 -0500] "GET /re1/Que%20es/Agenda%20ambiental/clima/?C=S;O=D HTTP/1.0" 404 1019
148.251.124.174 - - [03/Nov/2014:06:08:11 -0500] "GET /re1/Que%20es/Agenda%20ambiental/descripcion/?C=D;O=D HTTP/1.0" 404 1019
148.251.124.174 - - [03/Nov/2014:06:08:13 -0500] "GET /re1/Que%20es/Agenda%20ambiental/descripcion/?C=M;O=D HTTP/1.0" 404 1019
180.76.5.175 - - [03/Nov/2014:06:08:14 -0500] "GET /BLA/resoluciones/AUTOS%202007/0732.pdf HTTP/1.1" 200 22076
180.76.6.61 - - [03/Nov/2014:06:08:14 -0500] "GET /BLA/resoluciones/AUTOS%202011/0127.pdf HTTP/1.1" 200 145547
