157.55.39.62 - - [03/Nov/2014:06:17:16 -0500] "GET /BLA/resoluciones/AUTOS%202009/0418.pdf HTTP/1.1" 200 176061
180.76.5.189 - - [03/Nov/2014:06:17:16 -0500] "GET /BLA/resoluciones/RESOLUCIONES%202010/7796.pdf HTTP/1.1" 200 504702
157.55.39.62 - - [03/Nov/2014:06:17:16 -0500] "GET /BLA/resoluciones/AUTOS%202010/5985.pdf HTTP/1.1" 200 192331
157.55.39.62 - - [03/Nov/2014:06:17:17 -0500] "GET /BLA/resoluciones/RESOLUCIONES%202010/4035.pdf HTTP/1.1" 200 752905
148.251.124.174 - - [03/Nov/2014:06:17:17 -0500] "GET /re1/Que%20es/Talleres/residuos%20organicos/?C=M;O=D HTTP/1.0" 404 1019
157.55.39.62 - - [03/Nov/2014:06:17:18 -0500] "GET /BLA/resoluciones/Autos%202008/1646.pdf HTTP/1.1" 200 99597
180.76.6.213 - - [03/Nov/2014:06:17:18 -0500] "GET /BLA/resoluciones/AUTOS%202013/2431.pdf HTTP/1.1" 200 1834581
157.55.39.62 - - [03/Nov/2014:06:17:18 -0500] "GET /bla/resoluciones/RESOLUCIONES%202011/3674.pdf HTTP/1.1" 200 548348
157.55.39.62 - - [03/Nov/2014:06:17:19 -0500] "GET /BLA/resoluciones/RESOLUCIONES%202011/1039.pdf HTTP/1.1" 200 75599
157.55.39.62 - - [03/Nov/2014:06:17:19 -0500] "GET /BLA/resoluciones/Autos%202008/1829.pdf HTTP/1.1" 200 140589
157.55.39.62 - - [03/Nov/2014:06:17:20 -0500] "GET /BLA/resoluciones/RESOLUCIONES%202010/2678.pdf HTTP/1.1" 200 401808
157.55.39.62 - - [03/Nov/2014:06:17:20 -0500] "GET /BLA/resoluciones/RESOLUCIONES%202008/0813.pdf HTTP/1.1" 200 74146
157.55.39.62 - - [03/Nov/2014:06:17:20 -0500] "GET /BLA/resoluciones/AUTOS%202009/0177.pdf HTTP/1.1" 200 111885
157.55.39.62 - - [03/Nov/2014:06:17:21 -0500] "GET /bla/resoluciones/RESOLUCIONES%202009/0534.pdf HTTP/1.1" 200 48894
180.76.6.142 - - [03/Nov/2014:06:17:21 -0500] "GET /BLA/resoluciones/RESOLUCIONES%202010/7199.pdf HTTP/1.1" 200 976211
157.55.39.62 - - [03/Nov/2014:06:17:21 -0500] "GET /BLA/resoluciones/RESOLUCIONES%202011/0887.pdf HTTP/1.1" 200 65043
157.55.39.62 - - [03/Nov/2014:06:17:22 -0500] "GET /BLA/boletinlegal/Circulares/2014/Circular%20No.%202%20del%2021%20de%20septiembre%20de%202014.pdf HTTP/1.1" 200 143376
180.76.6.54 - - [03/Nov/2014:06:17:22 -0500] "GET /BLA/resoluciones/RESOLUCIONES%202012/0283.pdf HTTP/1.1" 200 332266
157.55.39.62 - - [03/Nov/2014:06:17:22 -0500] "GET /BLA/resoluciones/RESOLUCIONES%202011/0717.pdf HTTP/1.1" 200 247184
157.55.39.62 - - [03/Nov/2014:06:17:23 -0500] "GET /BLA/resoluciones/Resoluciones%202011/2691.pdf HTTP/1.1" 200 623738
157.55.39.62 - - [03/Nov/2014:06:17:23 -0500] "GET /BLA/resoluciones/Autos%202008/2027.pdf HTTP/1.1" 200 139204
157.55.39.62 - - [03/Nov/2014:06:17:23 -0500] "GET /BLA/resoluciones/RESOLUCIONES%202010/2333.pdf HTTP/1.1" 200 542301
157.55.39.62 - - [03/Nov/2014:06:17:24 -0500] "GET /BLA/resoluciones/AUTOS%202007/2804.pdf HTTP/1.1" 200 83623
157.55.39.62 - - [03/Nov/2014:06:17:24 -0500] "GET /BLA/resoluciones/AUTOS%202007/0896.pdf HTTP/1.1" 200 142119
157.55.39.62 - - [03/Nov/2014:06:17:25 -0500] "GET /BLA/resoluciones/RESOLUCIONES%202009/1727.pdf HTTP/1.1" 200 576806
180.76.5.24 - - [03/Nov/2014:06:17:27 -0500] "GET /BLA/resoluciones/RESOLUCIONES%202009/0575.pdf HTTP/1.1" 200 348407
148.251.124.174 - - [03/Nov/2014:06:17:31 -0500] "GET /re1/Que%20es/Talleres/residuos%20organicos/?C=N;O=A HTTP/1.0" 404 1019
180.76.6.143 - - [03/Nov/2014:06:17:35 -0500] "GET /BLA/resoluciones/RESOLUCIONES%202007/RES%202007%20201%20AL%20300/RESOLUCION%200212%20DE%202007.pdf HTTP/1.1" 200 284359
180.76.5.22 - - [03/Nov/2014:06:17:36 -0500] "GET /BLA/resoluciones/RESOLUCIONES%202011/1014.pdf HTTP/1.1" 200 67525
148.251.124.174 - - [03/Nov/2014:06:17:41 -0500] "GET /re1/Que%20es/Talleres/residuos%20organicos/?C=S;O=D HTTP/1.0" 404 1019
180.76.6.138 - - [03/Nov/2014:06:17:44 -0500] "GET /BLA/resoluciones/RESOLUCIONES%202011/2337.pdf HTTP/1.1" 200 293178
180.76.6.158 - - [03/Nov/2014:06:17:44 -0500] "GET /BLA/resoluciones/Autos%202008/2094.pdf HTTP/1.1" 200 113069
180.76.6.54 - - [03/Nov/2014:06:17:49 -0500] "GET /BLA/resoluciones/RESOLUCIONES%202010/6980.pdf HTTP/1.1" 200 607314
66.249.64.167 - - [03/Nov/2014:06:17:53 -0500] "GET /BLA/resoluciones/RESOLUCIONES%202008/1983.pdf HTTP/1.1" 200 682630
148.251.124.174 - - [03/Nov/2014:06:17:56 -0500] "GET /re1/Que%20es/Talleres/vidrio/?C=D;O=D HTTP/1.0" 404 1019
180.76.6.52 - - [03/Nov/2014:06:17:58 -0500] "GET /BLA/resoluciones/AUTOS%202007/2320.pdf HTTP/1.1" 200 41043
180.76.6.147 - - [03/Nov/2014:06:17:59 -0500] "GET /BLA/resoluciones/AUTOS%202012/0471.pdf HTTP/1.1" 200 191630
180.76.5.223 - - [03/Nov/2014:06:17:59 -0500] "GET /BLA/resoluciones/RESOLUCIONES%202007/RES%202007%203001%20AL%203100/RESOLUCION%203070%20DE%202007.pdf HTTP/1.1" 200 369810
180.76.6.57 - - [03/Nov/2014:06:18:01 -0500] "GET /BLA/resoluciones/RESOLUCIONES%202009/0774.pdf HTTP/1.1" 200 278187
188.165.15.132 - - [03/Nov/2014:06:18:01 -0500] "GET /BLA/resoluciones/RESOLUCIONES%202004/RES%202004%20401-450/00000405.tif HTTP/1.1" 200 95504
180.76.5.166 - - [03/Nov/2014:06:18:02 -0500] "GET /BLA/resoluciones/RESOLUCIONES%202008/2681.pdf HTTP/1.1" 200 265752
180.76.5.169 - - [03/Nov/2014:06:18:04 -0500] "GET /BLA/resoluciones/RESOLUCIONES%202010/7515.pdf HTTP/1.1" 200 161432
180.76.5.26 - - [03/Nov/2014:06:18:05 -0500] "GET /BLA/resoluciones/Autos%202008/2709.pdf HTTP/1.1" 200 100095
180.76.5.60 - - [03/Nov/2014:06:18:05 -0500] "GET /BLA/resoluciones/RESOLUCIONES%202007/RES%202007%20501%20AL%20600/RESOLUCION%200559%20DE%202007.pdf HTTP/1.1" 200 1160006
188.165.15.90 - - [03/Nov/2014:06:18:09 -0500] "GET /BLA/resoluciones/RESOLUCIONES%202004/RES%202004%2001-%2050/00000017.tif HTTP/1.1" 200 103314
180.76.5.155 - - [03/Nov/2014:06:18:11 -0500] "GET /BLA/resoluciones/AUTOS%202007/2417.pdf HTTP/1.1" 200 29385
148.251.124.174 - - [03/Nov/2014:06:18:12 -0500] "GET /re1/Que%20es/Talleres/vidrio/?C=M;O=D HTTP/1.0" 404 1019
180.76.6.149 - - [03/Nov/2014:06:18:13 -0500] "GET /BLA/resoluciones/RESOLUCIONES%202010/2863.pdf HTTP/1.1" 200 298155
180.76.6.53 - - [03/Nov/2014:06:18:15 -0500] "GET /BLA/resoluciones/RESOLUCIONES%202011/1641.pdf HTTP/1.1" 200 75587
180.76.5.146 - - [03/Nov/2014:06:18:16 -0500] "GET /BLA/resoluciones/RESOLUCIONES%202009/9391.pdf HTTP/1.1" 200 251633
180.76.5.59 - - [03/Nov/2014:06:18:19 -0500] "GET /BLA/resoluciones/RESOLUCIONES%202012/0241.pdf HTTP/1.1" 200 258930
180.76.6.231 - - [03/Nov/2014:06:18:19 -0500] "GET /BLA/resoluciones/RESOLUCIONES%202007/RES%202007%20501%20AL%20600/RESOLUCION%200591%20DE%202007.pdf HTTP/1.1" 200 869646
148.251.124.174 - - [03/Nov/2014:06:18:19 -0500] "GET /re1/Que%20es/Talleres/vidrio/?C=N;O=A HTTP/1.0" 404 1019
180.76.6.136 - - [03/Nov/2014:06:18:26 -0500] "GET /BLA/resoluciones/RESOLUCIONES%202010/7479.pdf HTTP/1.1" 200 499187
180.76.5.146 - - [03/Nov/2014:06:18:29 -0500] "GET /BLA/resoluciones/AUTOS%202009/2423.pdf HTTP/1.1" 200 100591
148.251.124.174 - - [03/Nov/2014:06:18:32 -0500] "GET /re1/Que%20es/Talleres/vidrio/?C=S;O=D HTTP/1.0" 404 1019
180.76.5.76 - - [03/Nov/2014:06:18:33 -0500] "GET /BLA/resoluciones/RESOLUCIONES%202010/0990.pdf HTTP/1.1" 200 133012
180.76.6.139 - - [03/Nov/2014:06:18:34 -0500] "GET /BLA/resoluciones/RESOLUCIONES%202009/0329.pdf HTTP/1.1" 200 286107
180.76.6.225 - - [03/Nov/2014:06:18:34 -0500] "GET /BLA/resoluciones/AUTOS%202007/1100.pdf HTTP/1.1" 200 25127
180.76.6.149 - - [03/Nov/2014:06:18:37 -0500] "GET /BLA/resoluciones/AUTOS%202009/1994.pdf HTTP/1.1" 200 108728
180.76.6.135 - - [03/Nov/2014:06:18:37 -0500] "GET /BLA/resoluciones/RESOLUCIONES%202009/0962.pdf HTTP/1.1" 200 619471
180.76.5.67 - - [03/Nov/2014:06:18:40 -0500] "GET /BLA/resoluciones/RESOLUCIONES%202011/2685.pdf HTTP/1.1" 200 752020
180.76.5.24 - - [03/Nov/2014:06:18:40 -0500] "GET /BLA/resoluciones/RESOLUCIONES%202011/3322.pdf HTTP/1.1" 200 776802
180.76.5.78 - - [03/Nov/2014:06:18:41 -0500] "GET /BLA/resoluciones/AUTOS%202011/2985.pdf HTTP/1.1" 200 160600
180.76.6.65 - - [03/Nov/2014:06:18:41 -0500] "GET /BLA/resoluciones/RESOLUCIONES%202013/0316.pdf HTTP/1.1" 200 2344888
148.251.124.174 - - [03/Nov/2014:06:18:43 -0500] "GET /re1/Resumen/donde/imagen%20donde/?C=N;O=A HTTP/1.0" 404 1019
180.76.6.51 - - [03/Nov/2014:06:18:46 -0500] "GET /BLA/resoluciones/Autos%202008/1875.pdf HTTP/1.1" 200 165906
180.76.6.131 - - [03/Nov/2014:06:18:46 -0500] "GET /BLA/resoluciones/Autos%202008/0017.pdf HTTP/1.1" 200 85564
180.76.5.171 - - [03/Nov/2014:06:18:48 -0500] "GET /BLA/resoluciones/RESOLUCIONES%202011/0220.pdf HTTP/1.1" 200 71167
180.76.6.231 - - [03/Nov/2014:06:18:48 -0500] "GET /POT-2013/Cartografia/Anexo01_Sistema_Hidrico.pdf HTTP/1.1" 200 5860035
180.76.6.155 - - [03/Nov/2014:06:18:52 -0500] "GET /BLA/resoluciones/AUTOS%202011/7531.pdf HTTP/1.1" 200 156403
148.251.124.174 - - [03/Nov/2014:06:18:53 -0500] "GET /re1/Resumen/porque/imagen%20porque/?C=N;O=A HTTP/1.0" 404 1019
180.76.6.132 - - [03/Nov/2014:06:18:54 -0500] "GET /BLA/resoluciones/RESOLUCIONES%202011/2962.pdf HTTP/1.1" 200 2929372
148.251.124.174 - - [03/Nov/2014:06:18:54 -0500] "GET /re1/Resumen/que/imagen%20que/?C=N;O=A HTTP/1.0" 404 1019
180.76.5.22 - - [03/Nov/2014:06:18:58 -0500] "GET /BLA/resoluciones/AUTOS%202011/4274.pdf HTTP/1.1" 200 289705
180.76.5.168 - - [03/Nov/2014:06:18:59 -0500] "GET /BLA/resoluciones/RESOLUCIONES%202010/0610.pdf HTTP/1.1" 200 509571
180.76.6.142 - - [03/Nov/2014:06:19:01 -0500] "GET /BLA/resoluciones/RESOLUCIONES%202007/RES%202007%203901%20AL%204000/RESOLUCION%203938%20DE%202007.pdf HTTP/1.1" 200 283253
180.76.6.157 - - [03/Nov/2014:06:19:01 -0500] "GET /BLA/resoluciones/RESOLUCIONES%202009/6918.pdf HTTP/1.1" 200 106856
180.76.5.69 - - [03/Nov/2014:06:19:03 -0500] "GET /BLA/resoluciones/RESOLUCIONES%202009/4537.pdf HTTP/1.1" 200 116762
180.76.5.80 - - [03/Nov/2014:06:19:03 -0500] "GET /BLA/resoluciones/RESOLUCIONES%202010/1763.pdf HTTP/1.1" 200 655422
180.76.5.176 - - [03/Nov/2014:06:19:04 -0500] "GET /BLA/resoluciones/RESOLUCIONES%202011/4217.pdf HTTP/1.1" 200 602731
180.76.5.147 - - [03/Nov/2014:06:19:05 -0500] "GET /BLA/resoluciones/RESOLUCIONES%202009/1102.pdf HTTP/1.1" 200 290783
180.76.6.139 - - [03/Nov/2014:06:19:09 -0500] "GET /BLA/resoluciones/AUTOS%202011/4051.pdf HTTP/1.1" 200 198109
157.55.39.107 - - [03/Nov/2014:06:19:16 -0500] "GET /BLA/resoluciones/AUTOS%202011/0926.pdf HTTP/1.1" 200 317556
157.55.39.107 - - [03/Nov/2014:06:19:16 -0500] "GET /BLA/resoluciones/AUTOS%202007/3355.pdf HTTP/1.1" 200 72873
157.55.39.107 - - [03/Nov/2014:06:19:16 -0500] "GET /bla/resoluciones/RESOLUCIONES%202009/7516.pdf HTTP/1.1" 200 532453
180.76.6.66 - - [03/Nov/2014:06:19:17 -0500] "GET /BLA/resoluciones/AUTOS%202009/2710.pdf HTTP/1.1" 200 111576
180.76.5.150 - - [03/Nov/2014:06:19:17 -0500] "GET /BLA/resoluciones/AUTOS%202007/1547.pdf HTTP/1.1" 200 31577
157.55.39.107 - - [03/Nov/2014:06:19:17 -0500] "GET /bla/resoluciones/RESOLUCIONES%202009/9038.pdf HTTP/1.1" 200 350680
180.76.6.57 - - [03/Nov/2014:06:19:17 -0500] "GET /POT-2013/memoria%20justificativa/Memoria_Justificativa.pdf HTTP/1.1" 200 2916360
180.76.5.23 - - [03/Nov/2014:06:19:18 -0500] "GET /BLA/resoluciones/RESOLUCIONES%202007/RES%202007%203901%20AL%204000/RESOLUCION%203955%20DE%202007.pdf HTTP/1.1" 200 57976
180.76.6.59 - - [03/Nov/2014:06:19:28 -0500] "GET /BLA/resoluciones/RESOLUCIONES%202009/2206.pdf HTTP/1.1" 200 632912
180.76.5.20 - - [03/Nov/2014:06:19:36 -0500] "GET /BLA/resoluciones/AUTOS%202011/4304.pdf HTTP/1.1" 200 243399
157.55.39.107 - - [03/Nov/2014:06:19:39 -0500] "GET /BLA/resoluciones/Autos%202008/0393.pdf HTTP/1.1" 200 80304
157.55.39.107 - - [03/Nov/2014:06:19:39 -0500] "GET /bla/resoluciones/RESOLUCIONES%202011/3269.pdf HTTP/1.1" 200 533001
157.55.39.107 - - [03/Nov/2014:06:19:39 -0500] "GET /bla/resoluciones/RESOLUCIONES%202011/2368.pdf HTTP/1.1" 200 873506
157.55.39.107 - - [03/Nov/2014:06:19:40 -0500] "GET /BLA/resoluciones/AUTOS%202011/2899.pdf HTTP/1.1" 200 215737
180.76.5.77 - - [03/Nov/2014:06:19:40 -0500] "GET /BLA/resoluciones/RESOLUCIONES%202007/RES%202007%20301%20AL%20400/RESOLUCION%200312%20DE%202007.pdf HTTP/1.1" 200 410703
157.55.39.107 - - [03/Nov/2014:06:19:40 -0500] "GET /BLA/resoluciones/Resoluciones%202011/3724.pdf HTTP/1.1" 200 862277
157.55.39.107 - - [03/Nov/2014:06:19:41 -0500] "GET /BLA/resoluciones/Resoluciones%202011/1764.pdf HTTP/1.1" 200 514966
157.55.39.107 - - [03/Nov/2014:06:19:41 -0500] "GET /bla/resoluciones/RESOLUCIONES%202009/8257.pdf HTTP/1.1" 200 135384
157.55.39.107 - - [03/Nov/2014:06:19:42 -0500] "GET /BLA/resoluciones/AUTOS%202011/4405.pdf HTTP/1.1" 200 192328
157.55.39.107 - - [03/Nov/2014:06:19:42 -0500] "GET /BLA/resoluciones/RESOLUCIONES%202008/3207.pdf HTTP/1.1" 200 152119
157.55.39.107 - - [03/Nov/2014:06:19:43 -0500] "GET /BLA/resoluciones/Autos%202008/2353.pdf HTTP/1.1" 200 79217
180.76.6.133 - - [03/Nov/2014:06:19:43 -0500] "GET /BLA/resoluciones/AUTOS%202009/0816.pdf HTTP/1.1" 200 116658
180.76.5.74 - - [03/Nov/2014:06:19:43 -0500] "GET /BLA/resoluciones/RESOLUCIONES%202009/3584.pdf HTTP/1.1" 200 122550
180.76.5.145 - - [03/Nov/2014:06:19:43 -0500] "GET /BLA/resoluciones/RESOLUCIONES%202007/RES%202007%202301%20AL%202400/RESOLUCION%202333%20DE%202007.pdf HTTP/1.1" 200 19079
157.55.39.107 - - [03/Nov/2014:06:19:43 -0500] "GET /BLA/resoluciones/RESOLUCIONES%202008/5543.pdf HTTP/1.1" 200 238852
157.55.39.107 - - [03/Nov/2014:06:19:43 -0500] "GET /BLA/resoluciones/RESOLUCIONES%202010/6618.pdf HTTP/1.1" 200 156817
157.55.39.107 - - [03/Nov/2014:06:19:44 -0500] "GET /BLA/resoluciones/RESOLUCIONES%202010/2002.pdf HTTP/1.1" 200 114912
157.55.39.107 - - [03/Nov/2014:06:19:44 -0500] "GET /BLA/resoluciones/Autos%202008/2651.pdf HTTP/1.1" 200 74543
180.76.5.65 - - [03/Nov/2014:06:19:47 -0500] "GET /BLA/resoluciones/RESOLUCIONES%202008/0866.pdf HTTP/1.1" 200 562934
190.27.69.39 - - [03/Nov/2014:06:19:54 -0500] "GET /BLA/boletinlegal/js/jquery.js HTTP/1.1" 200 57254
190.27.69.39 - - [03/Nov/2014:06:19:54 -0500] "GET /galeria/carrusel/Carrusel/jquery.thumbnailScroller.css HTTP/1.1" 200 2066
190.27.69.39 - - [03/Nov/2014:06:19:54 -0500] "GET /galeria/carrusel/Carrusel/jquery-ui-1.8.13.custom.min.js HTTP/1.1" 200 10800
190.27.69.39 - - [03/Nov/2014:06:19:54 -0500] "GET /galeria/carrusel/Carrusel/jquery.thumbnailScroller.js HTTP/1.1" 200 8157
188.165.15.192 - - [03/Nov/2014:06:19:56 -0500] "GET /BLA/resoluciones/RESOLUCIONES%202005/RES%202005%20901-950/00000944.tif HTTP/1.1" 200 141998
190.27.69.39 - - [03/Nov/2014:06:19:57 -0500] "GET /galeria/nivo-slider/demo/demo.html HTTP/1.1" 200 3492
190.27.69.39 - - [03/Nov/2014:06:19:57 -0500] "GET /galeria/nivo-slider/themes/default/default.css HTTP/1.1" 200 1569
190.27.69.39 - - [03/Nov/2014:06:19:57 -0500] "GET /galeria/nivo-slider/themes/pascal/pascal.css HTTP/1.1" 200 2258
190.27.69.39 - - [03/Nov/2014:06:19:57 -0500] "GET /galeria/nivo-slider/themes/orman/orman.css HTTP/1.1" 200 2152
190.27.69.39 - - [03/Nov/2014:06:19:57 -0500] "GET /galeria/nivo-slider/nivo-slider.css HTTP/1.1" 200 1507
190.27.69.39 - - [03/Nov/2014:06:19:57 -0500] "GET /galeria/nivo-slider/demo/style.css HTTP/1.1" 200 2222
190.27.69.39 - - [03/Nov/2014:06:19:57 -0500] "GET /galeria/nivo-slider/demo/images/Encuentro-Orqu%C3%ADdeas01.jpg HTTP/1.1" 200 86179
190.27.69.39 - - [03/Nov/2014:06:19:57 -0500] "GET /galeria/nivo-slider/demo/images/Encuentro-Orqu%C3%ADdeas02.jpg HTTP/1.1" 200 85602
190.27.69.39 - - [03/Nov/2014:06:19:57 -0500] "GET /galeria/nivo-slider/demo/images/porloshumedales.jpg HTTP/1.1" 200 351238
190.27.69.39 - - [03/Nov/2014:06:19:58 -0500] "GET /galeria/nivo-slider/demo/images/banner-aceite3.jpg HTTP/1.1" 200 88347
190.27.69.39 - - [03/Nov/2014:06:19:58 -0500] "GET /galeria/nivo-slider/demo/images/Tingua-azul.jpg HTTP/1.1" 200 307638
190.27.69.39 - - [03/Nov/2014:06:19:58 -0500] "GET /galeria/nivo-slider/demo/images/Banner-Caracol-Africano.jpg HTTP/1.1" 200 331986
180.76.5.95 - - [03/Nov/2014:06:19:58 -0500] "GET /BLA/resoluciones/RESOLUCIONES%202011/0713.pdf HTTP/1.1" 200 225795
190.27.69.39 - - [03/Nov/2014:06:19:58 -0500] "GET /galeria/nivo-slider/demo/images/banner-redes.jpg HTTP/1.1" 200 62209
190.27.69.39 - - [03/Nov/2014:06:19:58 -0500] "GET /galeria/nivo-slider/demo/images/9Signos.jpg HTTP/1.1" 200 93040
190.27.69.39 - - [03/Nov/2014:06:19:59 -0500] "GET /galeria/nivo-slider/demo/images/banner-llantas2.jpg HTTP/1.1" 200 73153
180.76.5.170 - - [03/Nov/2014:06:19:59 -0500] "GET /BLA/resoluciones/RESOLUCIONES%202011/0349.pdf HTTP/1.1" 200 66189
190.27.69.39 - - [03/Nov/2014:06:19:59 -0500] "GET /galeria/nivo-slider/demo/images/banner-caballos.png HTTP/1.1" 200 389106
190.27.69.39 - - [03/Nov/2014:06:19:59 -0500] "GET /galeria/nivo-slider/demo/images/Hacienda_Molinos.jpg HTTP/1.1" 200 319171
190.27.69.39 - - [03/Nov/2014:06:20:00 -0500] "GET /galeria/nivo-slider/demo/images/bannerEcolecta3.jpg HTTP/1.1" 200 280034
180.76.5.17 - - [03/Nov/2014:06:20:01 -0500] "GET /BLA/resoluciones/RESOLUCIONES%202008/2733.pdf HTTP/1.1" 200 168883
180.76.6.51 - - [03/Nov/2014:06:20:01 -0500] "GET /BLA/resoluciones/AUTOS%202009/3245.pdf HTTP/1.1" 200 193007
190.27.69.39 - - [03/Nov/2014:06:20:01 -0500] "GET /galeria/nivo-slider/demo/scripts/jquery-1.7.1.min.js HTTP/1.1" 200 93868
190.27.69.39 - - [03/Nov/2014:06:20:02 -0500] "GET /galeria/nivo-slider/jquery.nivo.slider.pack.js HTTP/1.1" 200 11561
180.76.6.146 - - [03/Nov/2014:06:20:02 -0500] "GET /BLA/resoluciones/RESOLUCIONES%202008/1132.pdf HTTP/1.1" 200 241661
190.27.69.39 - - [03/Nov/2014:06:20:02 -0500] "GET /galeria/nivo-slider/demo/images/4Simple_Slider.png HTTP/1.1" 200 11722
190.27.69.39 - - [03/Nov/2014:06:20:02 -0500] "GET /galeria/nivo-slider/themes/default/loading.gif HTTP/1.1" 200 1737
180.76.6.133 - - [03/Nov/2014:06:20:03 -0500] "GET /BLA/resoluciones/AUTOS%202012/0970.pdf HTTP/1.1" 200 270513
190.27.69.39 - - [03/Nov/2014:06:20:03 -0500] "GET /galeria/nivo-slider/themes/default/arrows.png HTTP/1.1" 200 824
190.27.69.39 - - [03/Nov/2014:06:20:03 -0500] "GET /galeria/nivo-slider/themes/default/bullets.png HTTP/1.1" 200 1281
180.76.5.176 - - [03/Nov/2014:06:20:06 -0500] "GET /BLA/resoluciones/RESOLUCIONES%202009/0902.pdf HTTP/1.1" 200 403636
157.55.39.62 - - [03/Nov/2014:06:20:06 -0500] "GET /bla/resoluciones/RESOLUCIONES%202009/2058.pdf HTTP/1.1" 200 882563
180.76.5.145 - - [03/Nov/2014:06:20:09 -0500] "GET /BLA/resoluciones/AUTOS%202013/1231.pdf HTTP/1.1" 200 685678
180.76.6.158 - - [03/Nov/2014:06:20:14 -0500] "GET /BLA/resoluciones/AUTOS%202007/2621.pdf HTTP/1.1" 200 29134
180.76.6.138 - - [03/Nov/2014:06:20:15 -0500] "GET /BLA/resoluciones/RESOLUCIONES%202007/RES%202007%20301%20AL%20400/RESOLUCION%200343%20DE%202007.pdf HTTP/1.1" 200 301425
180.76.6.43 - - [03/Nov/2014:06:20:18 -0500] "GET /BLA/resoluciones/RESOLUCIONES%202010/2127.pdf HTTP/1.1" 200 339994
180.76.6.137 - - [03/Nov/2014:06:20:21 -0500] "GET /BLA/resoluciones/AUTOS%202010/0864.pdf HTTP/1.1" 200 174985
180.76.5.177 - - [03/Nov/2014:06:20:25 -0500] "GET /BLA/resoluciones/AUTOS%202013/2041.pdf HTTP/1.1" 200 1909478
180.76.6.60 - - [03/Nov/2014:06:20:26 -0500] "GET /BLA/resoluciones/RESOLUCIONES%202011/0802.pdf HTTP/1.1" 200 517926
157.55.39.62 - - [03/Nov/2014:06:20:28 -0500] "GET /BLA/resoluciones/RESOLUCIONES%202010/6927.pdf HTTP/1.1" 200 294147
180.76.6.66 - - [03/Nov/2014:06:20:28 -0500] "GET /BLA/resoluciones/RESOLUCIONES%202008/0217.pdf HTTP/1.1" 200 500385
157.55.39.62 - - [03/Nov/2014:06:20:28 -0500] "GET /BLA/resoluciones/AUTOS%202007/2953.pdf HTTP/1.1" 200 105933
157.55.39.62 - - [03/Nov/2014:06:20:29 -0500] "GET /BLA/resoluciones/RESOLUCIONES%202010/0340.pdf HTTP/1.1" 200 355702
157.55.39.62 - - [03/Nov/2014:06:20:29 -0500] "GET /bla/resoluciones/RESOLUCIONES%202011/0780.pdf HTTP/1.1" 200 307603
157.55.39.62 - - [03/Nov/2014:06:20:30 -0500] "GET /BLA/resoluciones/RESOLUCIONES%202009/8344.pdf HTTP/1.1" 200 503298
157.55.39.62 - - [03/Nov/2014:06:20:30 -0500] "GET /bla/resoluciones/RESOLUCIONES%202009/0335.pdf HTTP/1.1" 200 194557
157.55.39.62 - - [03/Nov/2014:06:20:31 -0500] "GET /BLA/resoluciones/RESOLUCIONES%202009/8409.pdf HTTP/1.1" 200 372774
180.76.5.177 - - [03/Nov/2014:06:20:32 -0500] "GET /BLA/resoluciones/Autos%202008/2219.pdf HTTP/1.1" 200 102767
74.86.158.107 - - [03/Nov/2014:06:20:44 -0500] "HEAD / HTTP/1.1" 302 -
180.76.6.66 - - [03/Nov/2014:06:20:49 -0500] "GET /BLA/resoluciones/RESOLUCIONES%202008/1350.pdf HTTP/1.1" 200 376885
157.55.39.62 - - [03/Nov/2014:06:20:52 -0500] "GET /BLA/resoluciones/Resoluciones%202011/2592.pdf HTTP/1.1" 200 610758
157.55.39.62 - - [03/Nov/2014:06:20:52 -0500] "GET /bla/resoluciones/RESOLUCIONES%202009/1010.pdf HTTP/1.1" 200 277443
157.55.39.62 - - [03/Nov/2014:06:20:53 -0500] "GET /BLA/resoluciones/AUTOS%202010/6288.pdf HTTP/1.1" 200 391711
157.55.39.62 - - [03/Nov/2014:06:20:53 -0500] "GET /BLA/resoluciones/RESOLUCIONES%202010/3210.pdf HTTP/1.1" 200 546772
180.76.5.28 - - [03/Nov/2014:06:20:54 -0500] "GET /BLA/resoluciones/AUTOS%202011/4720.pdf HTTP/1.1" 200 139957
157.55.39.62 - - [03/Nov/2014:06:20:54 -0500] "GET /BLA/resoluciones/AUTOS%202011/5113.pdf HTTP/1.1" 200 787760
180.76.6.37 - - [03/Nov/2014:06:20:54 -0500] "GET /BLA/resoluciones/RESOLUCIONES%202010/1858.pdf HTTP/1.1" 200 446040
157.55.39.62 - - [03/Nov/2014:06:20:54 -0500] "GET /bla/resoluciones/RESOLUCIONES%202009/9519.pdf HTTP/1.1" 200 439132
157.55.39.62 - - [03/Nov/2014:06:20:55 -0500] "GET /BLA/resoluciones/Autos%202008/0103.pdf HTTP/1.1" 200 204694
157.55.39.62 - - [03/Nov/2014:06:20:55 -0500] "GET /bla/resoluciones/RESOLUCIONES%202009/9660.pdf HTTP/1.1" 200 497531
157.55.39.62 - - [03/Nov/2014:06:20:56 -0500] "GET /BLA/resoluciones/RESOLUCIONES%202011/4881.pdf HTTP/1.1" 200 629754
157.55.39.62 - - [03/Nov/2014:06:20:56 -0500] "GET /bla/resoluciones/RESOLUCIONES%202009/8717.pdf HTTP/1.1" 200 503972
157.55.39.62 - - [03/Nov/2014:06:20:57 -0500] "GET /BLA/resoluciones/RESOLUCIONES%202008/2728.pdf HTTP/1.1" 200 223455
157.55.39.62 - - [03/Nov/2014:06:20:57 -0500] "GET /BLA/resoluciones/AUTOS%202007/1490.pdf HTTP/1.1" 200 40087
157.55.39.62 - - [03/Nov/2014:06:20:57 -0500] "GET /BLA/resoluciones/RESOLUCIONES%202011/3973.pdf HTTP/1.1" 200 698800
157.55.39.62 - - [03/Nov/2014:06:20:58 -0500] "GET /BLA/resoluciones/Resoluciones%202011/0612.pdf HTTP/1.1" 200 72553
180.76.5.172 - - [03/Nov/2014:06:20:58 -0500] "GET /BLA/resoluciones/RESOLUCIONES%202009/5533.pdf HTTP/1.1" 200 379556
180.76.6.158 - - [03/Nov/2014:06:20:58 -0500] "GET /BLA/resoluciones/RESOLUCIONES%202009/2892.pdf HTTP/1.1" 200 469960
157.55.39.62 - - [03/Nov/2014:06:20:58 -0500] "GET /BLA/resoluciones/AUTOS%202007/0739.pdf HTTP/1.1" 200 22211
157.55.39.62 - - [03/Nov/2014:06:20:59 -0500] "GET /BLA/resoluciones/RESOLUCIONES%202011/6195.pdf HTTP/1.1" 200 493771
157.55.39.62 - - [03/Nov/2014:06:20:59 -0500] "GET /BLA/resoluciones/RESOLUCIONES%202008/2440.pdf HTTP/1.1" 200 108744
157.55.39.62 - - [03/Nov/2014:06:21:00 -0500] "GET /bla/resoluciones/RESOLUCIONES%202011/2820.pdf HTTP/1.1" 200 772686
157.55.39.62 - - [03/Nov/2014:06:21:00 -0500] "GET /BLA/resoluciones/AUTOS%202011/4516.pdf HTTP/1.1" 200 243015
157.55.39.62 - - [03/Nov/2014:06:21:01 -0500] "GET /BLA/resoluciones/RESOLUCIONES%202008/3726.pdf HTTP/1.1" 200 768208
180.76.6.20 - - [03/Nov/2014:06:21:01 -0500] "GET /BLA/resoluciones/RESOLUCIONES%202008/1959.pdf HTTP/1.1" 200 40833
157.55.39.62 - - [03/Nov/2014:06:21:01 -0500] "GET /BLA/resoluciones/RESOLUCIONES%202008/0585.pdf HTTP/1.1" 200 613348
157.55.39.62 - - [03/Nov/2014:06:21:01 -0500] "GET /bla/resoluciones/RESOLUCIONES%202009/2164.pdf HTTP/1.1" 200 775810
180.76.6.20 - - [03/Nov/2014:06:21:04 -0500] "GET /BLA/resoluciones/RESOLUCIONES%202011/3877.pdf HTTP/1.1" 200 565628
180.76.6.139 - - [03/Nov/2014:06:21:10 -0500] "GET /BLA/resoluciones/AUTOS%202007/2292.pdf HTTP/1.1" 200 66741
180.76.5.176 - - [03/Nov/2014:06:21:11 -0500] "GET /BLA/resoluciones/Autos%202008/0193.pdf HTTP/1.1" 200 86661
180.76.6.151 - - [03/Nov/2014:06:21:15 -0500] "GET /BLA/resoluciones/RESOLUCIONES%202007/RES%202007%203901%20AL%204000/RESOLUCION%203956%20DE%202007.pdf HTTP/1.1" 200 374329
180.76.5.197 - - [03/Nov/2014:06:21:16 -0500] "GET /BLA/resoluciones/RESOLUCIONES%202007/RES%202007%20601%20AL%20700/RESOLUCION%200602%20DE%202007.pdf HTTP/1.1" 200 999866
180.76.5.23 - - [03/Nov/2014:06:21:17 -0500] "GET /BLA/resoluciones/Autos%202008/2885.pdf HTTP/1.1" 200 88222
180.76.5.20 - - [03/Nov/2014:06:21:24 -0500] "GET /BLA/resoluciones/RESOLUCIONES%202007/RES%202007%201001%20AL%201100/RESOLUCION%201011%20DE%202007.pdf HTTP/1.1" 200 232094
66.249.64.167 - - [03/Nov/2014:06:21:24 -0500] "GET /BLA/resoluciones/RESOLUCIONES%202008/3467.pdf HTTP/1.1" 200 566996
180.76.5.175 - - [03/Nov/2014:06:21:32 -0500] "GET /BLA/resoluciones/AUTOS%202009/0032.pdf HTTP/1.1" 200 106183
180.76.6.230 - - [03/Nov/2014:06:21:34 -0500] "GET /BLA/resoluciones/RESOLUCIONES%202009/8649.pdf HTTP/1.1" 200 130859
180.76.6.66 - - [03/Nov/2014:06:21:35 -0500] "GET /BLA/resoluciones/RESOLUCIONES%202010/0514.pdf HTTP/1.1" 200 373772
180.76.5.74 - - [03/Nov/2014:06:21:37 -0500] "GET /BLA/resoluciones/RESOLUCIONES%202008/0378.pdf HTTP/1.1" 200 235977
180.76.6.213 - - [03/Nov/2014:06:21:37 -0500] "GET /BLA/resoluciones/AUTOS%202007/1364.pdf HTTP/1.1" 200 31382
180.76.6.66 - - [03/Nov/2014:06:21:41 -0500] "GET /BLA/resoluciones/AUTOS%202010/5498.pdf HTTP/1.1" 200 229497
180.76.5.25 - - [03/Nov/2014:06:21:41 -0500] "GET /BLA/resoluciones/RESOLUCIONES%202009/0584.pdf HTTP/1.1" 200 334633
180.76.5.144 - - [03/Nov/2014:06:21:44 -0500] "GET /BLA/resoluciones/RESOLUCIONES%202009/2506.pdf HTTP/1.1" 200 454655
180.76.6.147 - - [03/Nov/2014:06:21:44 -0500] "GET /BLA/resoluciones/RESOLUCIONES%202011/3357.pdf HTTP/1.1" 200 445933
180.76.6.149 - - [03/Nov/2014:06:21:47 -0500] "GET /BLA/resoluciones/RESOLUCIONES%202009/8522.pdf HTTP/1.1" 200 102588
180.76.5.195 - - [03/Nov/2014:06:21:50 -0500] "GET /BLA/resoluciones/RESOLUCIONES%202008/0946.pdf HTTP/1.1" 200 327363
180.76.6.47 - - [03/Nov/2014:06:22:00 -0500] "GET /BLA/resoluciones/RESOLUCIONES%202009/4072.pdf HTTP/1.1" 200 366338
188.165.15.90 - - [03/Nov/2014:06:22:02 -0500] "GET /BLA/resoluciones/RESOLUCIONES%202006/RES%202006%20%202951-3000/00002957.tif HTTP/1.1" 200 80498
180.76.5.168 - - [03/Nov/2014:06:22:02 -0500] "GET /BLA/resoluciones/Autos%202008/2480.pdf HTTP/1.1" 200 467343
180.76.6.140 - - [03/Nov/2014:06:22:02 -0500] "GET /BLA/resoluciones/RESOLUCIONES%202009/0243.pdf HTTP/1.1" 200 573363
180.76.6.157 - - [03/Nov/2014:06:22:07 -0500] "GET /BLA/resoluciones/RESOLUCIONES%202009/8282.pdf HTTP/1.1" 200 64014
180.76.5.73 - - [03/Nov/2014:06:22:08 -0500] "GET /BLA/resoluciones/RESOLUCIONES%202010/6803.pdf HTTP/1.1" 200 409976
180.76.6.45 - - [03/Nov/2014:06:22:08 -0500] "GET /BLA/resoluciones/RESOLUCIONES%202013/1536.pdf HTTP/1.1" 200 6148145
180.76.6.37 - - [03/Nov/2014:06:22:09 -0500] "GET /BLA/resoluciones/AUTOS%202007/1537.pdf HTTP/1.1" 200 407824
180.76.5.187 - - [03/Nov/2014:06:22:11 -0500] "GET /BLA/resoluciones/AUTOS%202007/1309.pdf HTTP/1.1" 200 187515
180.76.5.21 - - [03/Nov/2014:06:22:12 -0500] "GET /BLA/resoluciones/RESOLUCIONES%202007/RES%202007%202201%20AL%202300/RESOLUCION%202244%20DE%202007.pdf HTTP/1.1" 200 350561
180.76.6.44 - - [03/Nov/2014:06:22:12 -0500] "GET /BLA/resoluciones/RESOLUCIONES%202009/1871.pdf HTTP/1.1" 200 352260
180.76.5.26 - - [03/Nov/2014:06:22:13 -0500] "GET /BLA/resoluciones/RESOLUCIONES%202008/1017.pdf HTTP/1.1" 200 290115
180.76.5.65 - - [03/Nov/2014:06:22:15 -0500] "GET /BLA/resoluciones/RESOLUCIONES%202010/1739.pdf HTTP/1.1" 200 555029
180.76.6.140 - - [03/Nov/2014:06:22:15 -0500] "GET /BLA/resoluciones/RESOLUCIONES%202009/1439.pdf HTTP/1.1" 200 739116
180.76.5.25 - - [03/Nov/2014:06:22:17 -0500] "GET /BLA/resoluciones/RESOLUCIONES%202009/4526.pdf HTTP/1.1" 200 62042
180.76.5.170 - - [03/Nov/2014:06:22:17 -0500] "GET /BLA/resoluciones/RESOLUCIONES%202007/RES%202007%202601%20AL%202700/RESOLUCION%202665%20%20DE%202007.pdf HTTP/1.1" 200 897495
180.76.5.71 - - [03/Nov/2014:06:22:18 -0500] "GET /BLA/resoluciones/AUTOS%202011/2873.pdf HTTP/1.1" 200 246549
180.76.5.77 - - [03/Nov/2014:06:22:18 -0500] "GET /BLA/resoluciones/RESOLUCIONES%202011/2271.pdf HTTP/1.1" 200 506666
180.76.5.171 - - [03/Nov/2014:06:22:19 -0500] "GET /BLA/resoluciones/RESOLUCIONES%202008/2408.pdf HTTP/1.1" 200 197036
180.76.5.145 - - [03/Nov/2014:06:22:19 -0500] "GET /BLA/resoluciones/AUTOS%202007/1611.pdf HTTP/1.1" 200 27958
180.76.6.156 - - [03/Nov/2014:06:22:21 -0500] "GET /BLA/resoluciones/AUTOS%202009/1810.pdf HTTP/1.1" 200 196019
180.76.5.167 - - [03/Nov/2014:06:22:32 -0500] "GET /BLA/resoluciones/AUTOS%202011/6262.pdf HTTP/1.1" 200 1396868
180.76.5.61 - - [03/Nov/2014:06:22:33 -0500] "GET /BLA/resoluciones/AUTOS%202011/2505.pdf HTTP/1.1" 200 246678
180.76.6.135 - - [03/Nov/2014:06:22:34 -0500] "GET /BLA/resoluciones/RESOLUCIONES%202009/4358.pdf HTTP/1.1" 200 59414
180.76.5.175 - - [03/Nov/2014:06:22:34 -0500] "GET /BLA/resoluciones/RESOLUCIONES%202010/4703.pdf HTTP/1.1" 200 753203
180.76.5.95 - - [03/Nov/2014:06:22:35 -0500] "GET /BLA/resoluciones/RESOLUCIONES%202010/0143.pdf HTTP/1.1" 200 114662
180.76.5.147 - - [03/Nov/2014:06:22:35 -0500] "GET /BLA/resoluciones/RESOLUCIONES%202010/2731.pdf HTTP/1.1" 200 322402
179.25.129.196 - - [03/Nov/2014:06:22:37 -0500] "GET /BLA/boletinlegal/js/jquery.js HTTP/1.1" 200 57254
179.25.129.196 - - [03/Nov/2014:06:22:37 -0500] "GET /BLA/boletinlegal/js/jquery.scrollTo-min.js HTTP/1.1" 200 1150
179.25.129.196 - - [03/Nov/2014:06:22:37 -0500] "GET /BLA/boletinlegal/js/jquery.scrollShow.js HTTP/1.1" 200 4586
180.76.6.20 - - [03/Nov/2014:06:22:39 -0500] "GET /BLA/resoluciones/RESOLUCIONES%202010/4851.pdf HTTP/1.1" 200 754273
180.76.6.144 - - [03/Nov/2014:06:22:43 -0500] "GET /BLA/resoluciones/RESOLUCIONES%202007/RES%202007%203501%20AL%203600/RESOLUCION%203578%20DE%202007.pdf HTTP/1.1" 200 28844
180.76.6.59 - - [03/Nov/2014:06:22:44 -0500] "GET /BLA/resoluciones/RESOLUCIONES%202009/0605.pdf HTTP/1.1" 200 299140
180.76.6.37 - - [03/Nov/2014:06:22:48 -0500] "GET /BLA/resoluciones/RESOLUCIONES%202009/0780.pdf HTTP/1.1" 200 282144
180.76.5.155 - - [03/Nov/2014:06:22:50 -0500] "GET /BLA/resoluciones/AUTOS%202007/0507.pdf HTTP/1.1" 200 23256
180.76.6.46 - - [03/Nov/2014:06:22:55 -0500] "GET /BLA/resoluciones/AUTOS%202007/2592.pdf HTTP/1.1" 200 78070
180.76.5.153 - - [03/Nov/2014:06:22:56 -0500] "GET /BLA/resoluciones/RESOLUCIONES%202008/0669.pdf HTTP/1.1" 200 188755
180.76.6.158 - - [03/Nov/2014:06:22:56 -0500] "GET /BLA/resoluciones/RESOLUCIONES%202008/2511.pdf HTTP/1.1" 200 279442
180.76.6.62 - - [03/Nov/2014:06:22:59 -0500] "GET /BLA/resoluciones/RESOLUCIONES%202010/1950.pdf HTTP/1.1" 200 166066
180.76.5.95 - - [03/Nov/2014:06:23:02 -0500] "GET /BLA/resoluciones/AUTOS%202007/1488.pdf HTTP/1.1" 200 31264
180.76.6.225 - - [03/Nov/2014:06:23:02 -0500] "GET /BLA/resoluciones/RESOLUCIONES%202008/2636.pdf HTTP/1.1" 200 69056
180.76.6.157 - - [03/Nov/2014:06:23:07 -0500] "GET /BLA/resoluciones/Autos%202008/2336.pdf HTTP/1.1" 200 174933
180.76.6.43 - - [03/Nov/2014:06:23:09 -0500] "GET /BLA/resoluciones/Autos%202008/0140.pdf HTTP/1.1" 200 184706
180.76.6.231 - - [03/Nov/2014:06:23:10 -0500] "GET /BLA/resoluciones/RESOLUCIONES%202009/3742.pdf HTTP/1.1" 200 147706
180.76.6.149 - - [03/Nov/2014:06:23:13 -0500] "GET /BLA/resoluciones/RESOLUCIONES%202008/1092.pdf HTTP/1.1" 200 294899
180.76.5.17 - - [03/Nov/2014:06:23:13 -0500] "GET /BLA/resoluciones/AUTOS%202009/2380.pdf HTTP/1.1" 200 245263
180.76.6.233 - - [03/Nov/2014:06:23:14 -0500] "GET /BLA/resoluciones/AUTOS%202009/1674.pdf HTTP/1.1" 200 124095
180.76.6.130 - - [03/Nov/2014:06:23:16 -0500] "GET /BLA/resoluciones/AUTOS%202007/0692.pdf HTTP/1.1" 200 125499
180.76.5.173 - - [03/Nov/2014:06:23:17 -0500] "GET /BLA/resoluciones/RESOLUCIONES%202009/0744.pdf HTTP/1.1" 200 261525
180.76.5.25 - - [03/Nov/2014:06:23:20 -0500] "GET /manual_funciones_Listado/2.%20Subsecretar%EDa%20General%20y%20de%20Control%20Disciplinario/Profesional%20Universitario%20219-18.pdf HTTP/1.1" 404 1018
180.76.6.158 - - [03/Nov/2014:06:23:20 -0500] "GET /BLA/resoluciones/AUTOS%202009/0512.pdf HTTP/1.1" 200 253803
181.137.150.160 - - [03/Nov/2014:06:23:22 -0500] "GET /isolucionsda/FrameSetGeneral.asp?Pagina1=FrameSetGeneral.asp& HTTP/1.1" 200 146
180.76.6.44 - - [03/Nov/2014:06:23:22 -0500] "GET /BLA/resoluciones/RESOLUCIONES%202008/0300.pdf HTTP/1.1" 200 16544
180.76.5.27 - - [03/Nov/2014:06:23:23 -0500] "GET /BLA/resoluciones/RESOLUCIONES%202010/0652.pdf HTTP/1.1" 200 494675
180.76.6.53 - - [03/Nov/2014:06:23:26 -0500] "GET /BLA/resoluciones/RESOLUCIONES%202007/RES%202007%202201%20AL%202300/RESOLUCION%202251%20DE%202007.pdf HTTP/1.1" 200 463696
157.55.39.107 - - [03/Nov/2014:06:23:28 -0500] "GET /BLA/resoluciones/AUTOS%202007/0930.pdf HTTP/1.1" 200 22758
157.55.39.107 - - [03/Nov/2014:06:23:28 -0500] "GET /BLA/resoluciones/AUTOS%202011/3264.pdf HTTP/1.1" 200 139384
180.76.6.57 - - [03/Nov/2014:06:23:29 -0500] "GET /BLA/resoluciones/RESOLUCIONES%202009/3616.pdf HTTP/1.1" 200 124804
180.76.6.153 - - [03/Nov/2014:06:23:32 -0500] "GET /BLA/resoluciones/RESOLUCIONES%202010/6375.pdf HTTP/1.1" 200 569693
180.76.5.145 - - [03/Nov/2014:06:23:40 -0500] "GET /BLA/resoluciones/RESOLUCIONES%202010/1737.pdf HTTP/1.1" 200 496703
180.76.6.159 - - [03/Nov/2014:06:23:46 -0500] "GET /BLA/resoluciones/AUTOS%202007/0513.pdf HTTP/1.1" 200 407301
180.76.5.150 - - [03/Nov/2014:06:23:47 -0500] "GET /BLA/resoluciones/RESOLUCIONES%202008/0820.pdf HTTP/1.1" 200 81193
180.76.5.64 - - [03/Nov/2014:06:23:49 -0500] "GET /BLA/resoluciones/AUTOS%202010/0842.pdf HTTP/1.1" 200 187017
180.76.5.197 - - [03/Nov/2014:06:23:49 -0500] "GET /BLA/resoluciones/AUTOS%202010/4506.pdf HTTP/1.1" 200 326365
157.55.39.107 - - [03/Nov/2014:06:23:50 -0500] "GET /BLA/resoluciones/RESOLUCIONES%202010/6558.pdf HTTP/1.1" 200 276832
157.55.39.107 - - [03/Nov/2014:06:23:50 -0500] "GET /BLA/resoluciones/RESOLUCIONES%202010/0296.pdf HTTP/1.1" 200 391020
66.249.64.163 - - [03/Nov/2014:06:23:50 -0500] "GET /BLA/resoluciones/RESOLUCIONES%202002/RES%202002%201401-1450/20021427.tif HTTP/1.1" 200 85092
157.55.39.107 - - [03/Nov/2014:06:23:51 -0500] "GET /BLA/resoluciones/RESOLUCIONES%202010/4775.pdf HTTP/1.1" 200 862182
180.76.5.23 - - [03/Nov/2014:06:23:51 -0500] "GET /BLA/resoluciones/RESOLUCIONES%202012/1216.pdf HTTP/1.1" 200 490592
157.55.39.107 - - [03/Nov/2014:06:23:51 -0500] "GET /bla/resoluciones/RESOLUCIONES%202011/0912.pdf HTTP/1.1" 200 74655
180.76.5.66 - - [03/Nov/2014:06:23:54 -0500] "GET /BLA/resoluciones/AUTOS%202007/0516.pdf HTTP/1.1" 200 53886
180.76.5.25 - - [03/Nov/2014:06:23:55 -0500] "GET /BLA/resoluciones/RESOLUCIONES%202010/1869.pdf HTTP/1.1" 200 172484
180.76.5.192 - - [03/Nov/2014:06:23:57 -0500] "GET /BLA/resoluciones/AUTOS%202010/4454.pdf HTTP/1.1" 200 159763
180.76.5.69 - - [03/Nov/2014:06:24:00 -0500] "GET /BLA/resoluciones/AUTOS%202007/2501.pdf HTTP/1.1" 200 198532
180.76.5.77 - - [03/Nov/2014:06:24:02 -0500] "GET /BLA/resoluciones/Autos%202008/1459.pdf HTTP/1.1" 200 96619
180.76.5.64 - - [03/Nov/2014:06:24:08 -0500] "GET /BLA/resoluciones/AUTOS%202009/0753.pdf HTTP/1.1" 200 86690
212.128.23.74 - - [03/Nov/2014:06:24:08 -0500] "GET /BLA/boletinlegal/js/jquery.scrollShow.js HTTP/1.1" 200 4586
212.128.23.74 - - [03/Nov/2014:06:24:08 -0500] "GET /BLA/boletinlegal/js/jquery.js HTTP/1.1" 200 57254
212.128.23.74 - - [03/Nov/2014:06:24:08 -0500] "GET /BLA/boletinlegal/js/jquery.scrollTo-min.js HTTP/1.1" 200 1150
157.55.39.107 - - [03/Nov/2014:06:24:13 -0500] "GET /BLA/resoluciones/Autos%202008/1012.pdf HTTP/1.1" 200 253137
180.76.5.60 - - [03/Nov/2014:06:24:13 -0500] "GET /BLA/resoluciones/RESOLUCIONES%202010/2694.pdf HTTP/1.1" 200 381716
180.76.5.152 - - [03/Nov/2014:06:24:13 -0500] "GET /BLA/resoluciones/RESOLUCIONES%202011/0052.pdf HTTP/1.1" 200 412074
180.76.5.171 - - [03/Nov/2014:06:24:15 -0500] "GET /BLA/resoluciones/RESOLUCIONES%202007/RES%202007%202201%20AL%202300/RESOLUCION%202248%20DE%202007.pdf HTTP/1.1" 200 1060479
180.76.6.150 - - [03/Nov/2014:06:24:15 -0500] "GET /BLA/resoluciones/AUTOS%202010/3483.pdf HTTP/1.1" 200 497310
180.76.6.57 - - [03/Nov/2014:06:24:19 -0500] "GET /BLA/resoluciones/RESOLUCIONES%202007/RES%202007%20201%20AL%20300/RESOLUCION%200284%20DE%202007.pdf HTTP/1.1" 200 336985
180.76.5.17 - - [03/Nov/2014:06:24:21 -0500] "GET /BLA/resoluciones/RESOLUCIONES%202009/8417.pdf HTTP/1.1" 200 210909
180.76.5.166 - - [03/Nov/2014:06:24:24 -0500] "GET /BLA/resoluciones/AUTOS%202007/0237.pdf HTTP/1.1" 200 19923
180.76.6.143 - - [03/Nov/2014:06:24:25 -0500] "GET /BLA/resoluciones/RESOLUCIONES%202012/0031.pdf HTTP/1.1" 200 614250
180.76.6.47 - - [03/Nov/2014:06:24:28 -0500] "GET /BLA/resoluciones/RESOLUCIONES%202009/0103.pdf HTTP/1.1" 200 319034
180.76.6.137 - - [03/Nov/2014:06:24:32 -0500] "GET /BLA/resoluciones/RESOLUCIONES%202009/2694.pdf HTTP/1.1" 200 287031
157.55.39.107 - - [03/Nov/2014:06:24:34 -0500] "GET /BLA/resoluciones/RESOLUCIONES%202010/7873.pdf HTTP/1.1" 200 517872
180.76.5.166 - - [03/Nov/2014:06:24:37 -0500] "GET /BLA/resoluciones/RESOLUCIONES%202009/4056.pdf HTTP/1.1" 200 190092
180.76.5.194 - - [03/Nov/2014:06:24:38 -0500] "GET /BLA/resoluciones/RESOLUCIONES%202009/2605.pdf HTTP/1.1" 200 404674
180.76.6.130 - - [03/Nov/2014:06:24:41 -0500] "GET /BLA/resoluciones/RESOLUCIONES%202010/2066.pdf HTTP/1.1" 200 194971
180.76.6.148 - - [03/Nov/2014:06:24:44 -0500] "GET /BLA/resoluciones/AUTOS%202009/1487.pdf HTTP/1.1" 200 316270
180.76.5.195 - - [03/Nov/2014:06:24:44 -0500] "GET /BLA/resoluciones/AUTOS%202012/2266.pdf HTTP/1.1" 200 2583383
180.76.5.28 - - [03/Nov/2014:06:24:45 -0500] "GET /BLA/resoluciones/Autos%202008/2966.pdf HTTP/1.1" 200 151480
180.76.5.173 - - [03/Nov/2014:06:24:45 -0500] "GET /BLA/resoluciones/RESOLUCIONES%202010/5781.pdf HTTP/1.1" 200 76448
180.76.5.21 - - [03/Nov/2014:06:24:48 -0500] "GET /BLA/resoluciones/Autos%202008/2248.pdf HTTP/1.1" 200 217309
181.137.150.160 - - [03/Nov/2014:06:24:48 -0500] "GET /isolucionsda/FrameSetGeneral.asp?Pagina1=FrameSetGeneral.asp& HTTP/1.1" 200 146
181.137.150.160 - - [03/Nov/2014:06:24:48 -0500] "GET /favicon.ico HTTP/1.1" 200 7782
180.76.6.136 - - [03/Nov/2014:06:24:51 -0500] "GET /BLA/resoluciones/AUTOS%202011/3735.pdf HTTP/1.1" 200 319683
180.76.6.152 - - [03/Nov/2014:06:24:52 -0500] "GET /BLA/resoluciones/RESOLUCIONES%202007/RES%202007%203601%20AL%203700/RESOLUCION%203610%20DE%202007.pdf HTTP/1.1" 200 182598
66.249.64.163 - - [03/Nov/2014:06:24:52 -0500] "GET /BLA/resoluciones/RESOLUCIONES%202007/RES%202007%201401%20AL%201500/RESOLUCION%201418%20DE%202007.pdf HTTP/1.1" 200 345472
180.76.5.192 - - [03/Nov/2014:06:24:58 -0500] "GET /BLA/resoluciones/RESOLUCIONES%202009/2650.pdf HTTP/1.1" 200 695480
180.76.5.152 - - [03/Nov/2014:06:24:59 -0500] "GET /BLA/resoluciones/RESOLUCIONES%202011/0009.pdf HTTP/1.1" 200 147223
180.76.5.146 - - [03/Nov/2014:06:25:02 -0500] "GET /BLA/resoluciones/RESOLUCIONES%202009/0745.pdf HTTP/1.1" 200 262686
180.76.6.65 - - [03/Nov/2014:06:25:02 -0500] "GET /BLA/resoluciones/RESOLUCIONES%202011/1825.pdf HTTP/1.1" 200 502462
180.76.5.193 - - [03/Nov/2014:06:25:04 -0500] "GET /BLA/resoluciones/RESOLUCIONES%202011/1539.pdf HTTP/1.1" 200 73213
180.76.5.80 - - [03/Nov/2014:06:25:05 -0500] "GET /BLA/resoluciones/RESOLUCIONES%202011/1572.pdf HTTP/1.1" 200 70939
180.76.6.146 - - [03/Nov/2014:06:25:05 -0500] "GET /BLA/resoluciones/RESOLUCIONES%202008/0710.pdf HTTP/1.1" 200 722703
180.76.6.145 - - [03/Nov/2014:06:25:11 -0500] "GET /BLA/resoluciones/RESOLUCIONES%202010/2552.pdf HTTP/1.1" 200 535401
180.76.5.177 - - [03/Nov/2014:06:25:11 -0500] "GET /BLA/resoluciones/AUTOS%202009/2089.pdf HTTP/1.1" 200 98333
180.76.5.168 - - [03/Nov/2014:06:25:13 -0500] "GET /BLA/resoluciones/RESOLUCIONES%202007/RES%202007%202501%20AL%202600/RESOLUCION%202556%20DE%202007.pdf HTTP/1.1" 200 413163
180.76.5.188 - - [03/Nov/2014:06:25:13 -0500] "GET /BLA/resoluciones/RESOLUCIONES%202008/0065.pdf HTTP/1.1" 200 642410
180.76.5.143 - - [03/Nov/2014:06:25:16 -0500] "GET /BLA/resoluciones/AUTOS%202007/0408.pdf HTTP/1.1" 200 15343
180.76.5.176 - - [03/Nov/2014:06:25:17 -0500] "GET /BLA/resoluciones/RESOLUCIONES%202008/2732.pdf HTTP/1.1" 200 189542
180.76.5.149 - - [03/Nov/2014:06:25:17 -0500] "GET /BLA/resoluciones/RESOLUCIONES%202008/2131.pdf HTTP/1.1" 200 606252
180.76.6.21 - - [03/Nov/2014:06:25:20 -0500] "GET /BLA/resoluciones/Autos%202008/0293.pdf HTTP/1.1" 200 150195
50.97.138.107 - - [03/Nov/2014:06:25:20 -0500] "GET /wp/wp-admin/ HTTP/1.1" 404 1018
180.76.6.213 - - [03/Nov/2014:06:25:23 -0500] "GET /BLA/resoluciones/AUTOS%202011/2811.pdf HTTP/1.1" 200 197463
180.76.5.144 - - [03/Nov/2014:06:25:24 -0500] "GET /BLA/resoluciones/RESOLUCIONES%202011/2258.pdf HTTP/1.1" 200 643064
180.76.6.47 - - [03/Nov/2014:06:25:25 -0500] "GET /BLA/resoluciones/RESOLUCIONES%202007/RES%202007%20201%20AL%20300/RESOLUCION%200244%20DE%202007.pdf HTTP/1.1" 200 429588
180.76.5.152 - - [03/Nov/2014:06:25:28 -0500] "GET /BLA/resoluciones/RESOLUCIONES%202011/1508.pdf HTTP/1.1" 200 78225
180.76.5.19 - - [03/Nov/2014:06:25:29 -0500] "GET /BLA/resoluciones/RESOLUCIONES%202009/0411.pdf HTTP/1.1" 200 262242
180.76.5.73 - - [03/Nov/2014:06:25:35 -0500] "GET /BLA/resoluciones/RESOLUCIONES%202011/2530.pdf HTTP/1.1" 200 494028
180.76.6.136 - - [03/Nov/2014:06:25:38 -0500] "GET /BLA/resoluciones/AUTOS%202007/1336.pdf HTTP/1.1" 200 31799
180.76.5.71 - - [03/Nov/2014:06:25:43 -0500] "GET /BLA/resoluciones/AUTOS%202011/4235.pdf HTTP/1.1" 200 200055
74.86.158.107 - - [03/Nov/2014:06:25:44 -0500] "HEAD / HTTP/1.1" 302 -
180.76.6.56 - - [03/Nov/2014:06:25:48 -0500] "GET /BLA/resoluciones/RESOLUCIONES%202009/0282.pdf HTTP/1.1" 200 192677
180.76.6.56 - - [03/Nov/2014:06:25:50 -0500] "GET /BLA/resoluciones/Autos%202008/1919.pdf HTTP/1.1" 200 309632
180.76.6.144 - - [03/Nov/2014:06:25:51 -0500] "GET /BLA/resoluciones/RESOLUCIONES%202011/0901.pdf HTTP/1.1" 200 514319
180.76.5.61 - - [03/Nov/2014:06:25:55 -0500] "GET /BLA/resoluciones/AUTOS%202007/0160.pdf HTTP/1.1" 200 48700
180.76.5.170 - - [03/Nov/2014:06:25:56 -0500] "GET /BLA/resoluciones/RESOLUCIONES%202013/0334.pdf HTTP/1.1" 200 2310573
180.76.5.169 - - [03/Nov/2014:06:25:58 -0500] "GET /BLA/resoluciones/Autos%202008/2281.pdf HTTP/1.1" 200 100271
180.76.5.17 - - [03/Nov/2014:06:26:02 -0500] "GET /BLA/resoluciones/RESOLUCIONES%202011/0571.pdf HTTP/1.1" 200 662268
180.76.6.133 - - [03/Nov/2014:06:26:03 -0500] "GET /BLA/resoluciones/RESOLUCIONES%202010/7331.pdf HTTP/1.1" 200 378061
180.76.6.43 - - [03/Nov/2014:06:26:04 -0500] "GET /BLA/resoluciones/RESOLUCIONES%202010/7032.pdf HTTP/1.1" 200 1772797
180.76.5.78 - - [03/Nov/2014:06:26:06 -0500] "GET /BLA/resoluciones/AUTOS%202011/1430.pdf HTTP/1.1" 200 150871
180.76.6.47 - - [03/Nov/2014:06:26:06 -0500] "GET /BLA/resoluciones/RESOLUCIONES%202007/RES%202007%20701%20AL%20800/RESOLUCION%200743%20DE%202007.pdf HTTP/1.1" 200 213133
180.76.6.17 - - [03/Nov/2014:06:26:11 -0500] "GET /BLA/resoluciones/AUTOS%202007/2493.pdf HTTP/1.1" 200 81419
180.76.5.58 - - [03/Nov/2014:06:26:13 -0500] "GET /BLA/resoluciones/Autos%202008/1297.pdf HTTP/1.1" 200 208171
180.76.5.24 - - [03/Nov/2014:06:26:17 -0500] "GET /BLA/resoluciones/RESOLUCIONES%202011/3921.pdf HTTP/1.1" 200 551120
180.76.5.72 - - [03/Nov/2014:06:26:18 -0500] "GET /BLA/resoluciones/RESOLUCIONES%202009/1981.pdf HTTP/1.1" 200 568079
180.76.5.78 - - [03/Nov/2014:06:26:19 -0500] "GET /BLA/resoluciones/AUTOS%202007/0880.pdf HTTP/1.1" 200 86409
180.76.5.72 - - [03/Nov/2014:06:26:20 -0500] "GET /BLA/resoluciones/AUTOS%202011/0648.pdf HTTP/1.1" 200 226356
180.76.6.65 - - [03/Nov/2014:06:26:23 -0500] "GET /BLA/resoluciones/RESOLUCIONES%202007/RES%202007%203301%20AL%203400/RESOLUCION%203398%20DE%202007.pdf HTTP/1.1" 200 674417
180.76.6.52 - - [03/Nov/2014:06:26:28 -0500] "GET /BLA/resoluciones/AUTOS%202007/0554.pdf HTTP/1.1" 200 136909
180.76.6.54 - - [03/Nov/2014:06:26:30 -0500] "GET /BLA/resoluciones/AUTOS%202012/0481.pdf HTTP/1.1" 200 323769
180.76.6.130 - - [03/Nov/2014:06:26:30 -0500] "GET /BLA/resoluciones/RESOLUCIONES%202009/8945.pdf HTTP/1.1" 200 302485
180.76.5.26 - - [03/Nov/2014:06:26:33 -0500] "GET /BLA/resoluciones/RESOLUCIONES%202010/1802.pdf HTTP/1.1" 200 349246
180.76.6.145 - - [03/Nov/2014:06:26:37 -0500] "GET /BLA/resoluciones/AUTOS%202012/1770.pdf HTTP/1.1" 200 336414
180.76.6.146 - - [03/Nov/2014:06:26:37 -0500] "GET /BLA/resoluciones/RESOLUCIONES%202010/1336.pdf HTTP/1.1" 200 612471
180.76.6.47 - - [03/Nov/2014:06:26:40 -0500] "GET /BLA/resoluciones/AUTOS%202010/5640.pdf HTTP/1.1" 200 962999
180.76.6.138 - - [03/Nov/2014:06:26:43 -0500] "GET /BLA/resoluciones/RESOLUCIONES%202009/8782.pdf HTTP/1.1" 200 76934
180.76.5.78 - - [03/Nov/2014:06:26:44 -0500] "GET /BLA/resoluciones/AUTOS%202010/6934.pdf HTTP/1.1" 200 149813
180.76.6.155 - - [03/Nov/2014:06:26:44 -0500] "GET /BLA/resoluciones/Autos%202008/2451.pdf HTTP/1.1" 200 155513
180.76.6.64 - - [03/Nov/2014:06:26:46 -0500] "GET /BLA/resoluciones/AUTOS%202010/0134.pdf HTTP/1.1" 200 181809
180.76.6.147 - - [03/Nov/2014:06:26:48 -0500] "GET /BLA/resoluciones/RESOLUCIONES%202010/0192.pdf HTTP/1.1" 200 539038
180.76.6.17 - - [03/Nov/2014:06:26:50 -0500] "GET /BLA/resoluciones/AUTOS%202010/5713.pdf HTTP/1.1" 200 231067
180.76.5.61 - - [03/Nov/2014:06:26:51 -0500] "GET /BLA/resoluciones/RESOLUCIONES%202007/RES%202007%201901%20AL%202000/RESOLUCION%201914%20DE%202007.pdf HTTP/1.1" 200 27166
180.76.5.95 - - [03/Nov/2014:06:26:51 -0500] "GET /BLA/resoluciones/RESOLUCIONES%202008/2555.pdf HTTP/1.1" 200 282906
180.76.5.196 - - [03/Nov/2014:06:26:52 -0500] "GET /BLA/resoluciones/AUTOS%202011/6903.pdf HTTP/1.1" 200 206591
180.76.5.194 - - [03/Nov/2014:06:26:58 -0500] "GET /BLA/resoluciones/RESOLUCIONES%202008/0751.pdf HTTP/1.1" 200 63345
180.76.5.26 - - [03/Nov/2014:06:26:59 -0500] "GET /BLA/resoluciones/RESOLUCIONES%202013/2555.pdf HTTP/1.1" 200 409592
180.76.5.189 - - [03/Nov/2014:06:26:59 -0500] "GET /BLA/resoluciones/AUTOS%202010/5389.pdf HTTP/1.1" 200 697500
180.76.6.54 - - [03/Nov/2014:06:27:01 -0500] "GET /BLA/resoluciones/RESOLUCIONES%202010/5680.pdf HTTP/1.1" 200 301131
180.76.6.225 - - [03/Nov/2014:06:27:01 -0500] "GET /BLA/resoluciones/RESOLUCIONES%202010/7623.pdf HTTP/1.1" 200 424872
180.76.5.152 - - [03/Nov/2014:06:27:04 -0500] "GET /BLA/resoluciones/AUTOS%202007/1676.pdf HTTP/1.1" 200 651867
175.44.24.73 - - [03/Nov/2014:06:27:11 -0500] "GET //FCKeditor/editor/filemanager/connectors/uploadtest.html.html HTTP/1.1" 404 1018
180.76.6.141 - - [03/Nov/2014:06:27:14 -0500] "GET /BLA/resoluciones/RESOLUCIONES%202010/5055.pdf HTTP/1.1" 200 763139
180.76.5.95 - - [03/Nov/2014:06:27:15 -0500] "GET /BLA/resoluciones/RESOLUCIONES%202012/1586.pdf HTTP/1.1" 200 3145357
180.76.5.94 - - [03/Nov/2014:06:27:15 -0500] "GET /BLA/resoluciones/RESOLUCIONES%202013/0609.pdf HTTP/1.1" 200 1556593
180.76.6.134 - - [03/Nov/2014:06:27:19 -0500] "GET /BLA/resoluciones/AUTOS%202010/1121.pdf HTTP/1.1" 200 184039
180.76.6.150 - - [03/Nov/2014:06:27:22 -0500] "GET /BLA/resoluciones/RESOLUCIONES%202008/0081.pdf HTTP/1.1" 200 1129061
180.76.5.78 - - [03/Nov/2014:06:27:25 -0500] "GET /BLA/resoluciones/AUTOS%202011/0105.pdf HTTP/1.1" 200 182021
180.76.6.56 - - [03/Nov/2014:06:27:30 -0500] "GET /BLA/resoluciones/Autos%202008/0690.pdf HTTP/1.1" 200 119220
180.76.5.20 - - [03/Nov/2014:06:27:32 -0500] "GET /BLA/resoluciones/RESOLUCIONES%202010/4856.pdf HTTP/1.1" 200 759529
180.76.5.76 - - [03/Nov/2014:06:27:37 -0500] "GET /BLA/resoluciones/RESOLUCIONES%202008/1888.pdf HTTP/1.1" 200 207534
180.76.6.142 - - [03/Nov/2014:06:27:37 -0500] "GET /BLA/resoluciones/AUTOS%202007/0228.pdf HTTP/1.1" 200 19723
180.76.6.57 - - [03/Nov/2014:06:27:39 -0500] "GET /BLA/resoluciones/RESOLUCIONES%202011/1893.pdf HTTP/1.1" 200 523074
180.76.6.17 - - [03/Nov/2014:06:27:40 -0500] "GET /BLA/resoluciones/RESOLUCIONES%202011/4464.pdf HTTP/1.1" 200 548396
180.76.6.134 - - [03/Nov/2014:06:27:41 -0500] "GET /BLA/resoluciones/AUTOS%202011/0958.pdf HTTP/1.1" 200 154963
180.76.5.23 - - [03/Nov/2014:06:27:46 -0500] "GET /BLA/resoluciones/RESOLUCIONES%202011/0178.pdf HTTP/1.1" 200 370341
180.76.5.18 - - [03/Nov/2014:06:27:48 -0500] "GET /BLA/resoluciones/AUTOS%202010/2796.pdf HTTP/1.1" 200 5840
180.76.6.137 - - [03/Nov/2014:06:27:50 -0500] "GET /BLA/resoluciones/RESOLUCIONES%202009/2917.pdf HTTP/1.1" 200 529235
180.76.5.155 - - [03/Nov/2014:06:27:52 -0500] "GET /BLA/resoluciones/RESOLUCIONES%202009/6860.pdf HTTP/1.1" 200 273645
180.76.6.225 - - [03/Nov/2014:06:27:55 -0500] "GET /BLA/resoluciones/RESOLUCIONES%202010/6697.pdf HTTP/1.1" 200 558320
180.76.6.131 - - [03/Nov/2014:06:27:58 -0500] "GET /BLA/resoluciones/AUTOS%202013/0203.pdf HTTP/1.1" 200 1225409
180.76.5.172 - - [03/Nov/2014:06:27:59 -0500] "GET /BLA/resoluciones/AUTOS%202007/2612.pdf HTTP/1.1" 200 27403
180.76.5.61 - - [03/Nov/2014:06:28:01 -0500] "GET /BLA/resoluciones/RESOLUCIONES%202010/5050.pdf HTTP/1.1" 200 763195
180.76.5.188 - - [03/Nov/2014:06:28:04 -0500] "GET /BLA/resoluciones/RESOLUCIONES%202009/2520.pdf HTTP/1.1" 200 962753
180.76.5.19 - - [03/Nov/2014:06:28:05 -0500] "GET /BLA/resoluciones/RESOLUCIONES%202011/0433.pdf HTTP/1.1" 200 76943
180.76.5.25 - - [03/Nov/2014:06:28:06 -0500] "GET /BLA/resoluciones/Autos%202008/1744.pdf HTTP/1.1" 200 177084
180.76.6.159 - - [03/Nov/2014:06:28:06 -0500] "GET /BLA/resoluciones/RESOLUCIONES%202009/7471.pdf HTTP/1.1" 200 271155
180.76.6.158 - - [03/Nov/2014:06:28:08 -0500] "GET /BLA/resoluciones/AUTOS%202011/5723.pdf HTTP/1.1" 200 126885
180.76.6.59 - - [03/Nov/2014:06:28:10 -0500] "GET /BLA/resoluciones/RESOLUCIONES%202008/1682.pdf HTTP/1.1" 200 291636
157.55.39.62 - - [03/Nov/2014:06:28:10 -0500] "GET /bla/resoluciones/RESOLUCIONES%202009/1757.pdf HTTP/1.1" 200 494057
157.55.39.62 - - [03/Nov/2014:06:28:11 -0500] "GET /BLA/resoluciones/Autos%202008/0677.pdf HTTP/1.1" 200 206977
180.76.5.149 - - [03/Nov/2014:06:28:12 -0500] "GET /BLA/resoluciones/RESOLUCIONES%202009/3591.pdf HTTP/1.1" 200 101870
180.76.6.60 - - [03/Nov/2014:06:28:13 -0500] "GET /BLA/resoluciones/AUTOS%202013/0205.pdf HTTP/1.1" 200 339785
180.76.5.172 - - [03/Nov/2014:06:28:15 -0500] "GET /BLA/resoluciones/AUTOS%202012/1734.pdf HTTP/1.1" 200 610717
180.76.5.27 - - [03/Nov/2014:06:28:15 -0500] "GET /BLA/resoluciones/AUTOS%202009/1593.pdf HTTP/1.1" 200 125078
