180.76.6.44 - - [03/Nov/2014:05:52:06 -0500] "GET /BLA/resoluciones/RESOLUCIONES%202011/3628.pdf HTTP/1.1" 200 410262
157.55.39.107 - - [03/Nov/2014:05:52:06 -0500] "GET /bla/resoluciones/RESOLUCIONES%202011/0905.pdf HTTP/1.1" 200 362942
157.55.39.107 - - [03/Nov/2014:05:52:07 -0500] "GET /BLA/resoluciones/RESOLUCIONES%202009/7716.pdf HTTP/1.1" 200 637404
157.55.39.107 - - [03/Nov/2014:05:52:07 -0500] "GET /BLA/resoluciones/AUTOS%202009/3440.pdf HTTP/1.1" 200 98179
157.55.39.107 - - [03/Nov/2014:05:52:07 -0500] "GET /BLA/resoluciones/RESOLUCIONES%202008/2469.pdf HTTP/1.1" 200 245489
157.55.39.107 - - [03/Nov/2014:05:52:08 -0500] "GET /BLA/resoluciones/RESOLUCIONES%202010/0104.pdf HTTP/1.1" 200 493586
188.165.15.75 - - [03/Nov/2014:05:52:08 -0500] "GET /BLA/resoluciones/RESOLUCIONES%202004/RES%202004%202001-2050/00002028.tif HTTP/1.1" 200 117232
180.76.5.197 - - [03/Nov/2014:05:52:18 -0500] "GET /BLA/resoluciones/RESOLUCIONES%202010/0424.pdf HTTP/1.1" 200 547099
180.76.6.137 - - [03/Nov/2014:05:52:19 -0500] "GET /BLA/resoluciones/AUTOS%202007/0470.pdf HTTP/1.1" 200 15269
180.76.6.144 - - [03/Nov/2014:05:52:21 -0500] "GET /BLA/resoluciones/RESOLUCIONES%202011/2139.pdf HTTP/1.1" 200 512439
180.76.6.134 - - [03/Nov/2014:05:52:23 -0500] "GET /BLA/resoluciones/RESOLUCIONES%202010/6896.pdf HTTP/1.1" 200 377838
180.76.6.147 - - [03/Nov/2014:05:52:24 -0500] "GET /BLA/resoluciones/Autos%202008/1256.pdf HTTP/1.1" 200 75518
157.55.39.107 - - [03/Nov/2014:05:52:29 -0500] "GET /BLA/resoluciones/RESOLUCIONES%202008/2311.pdf HTTP/1.1" 200 366153
157.55.39.107 - - [03/Nov/2014:05:52:30 -0500] "GET /BLA/resoluciones/Resoluciones%202011/0852.pdf HTTP/1.1" 200 265188
157.55.39.107 - - [03/Nov/2014:05:52:30 -0500] "GET /BLA/resoluciones/RESOLUCIONES%202010/5062.pdf HTTP/1.1" 200 762607
157.55.39.107 - - [03/Nov/2014:05:52:31 -0500] "GET /BLA/resoluciones/RESOLUCIONES%202010/2698.pdf HTTP/1.1" 200 396768
180.76.6.151 - - [03/Nov/2014:05:52:31 -0500] "GET /BLA/resoluciones/RESOLUCIONES%202009/2010.pdf HTTP/1.1" 200 461113
157.55.39.107 - - [03/Nov/2014:05:52:31 -0500] "GET /BLA/resoluciones/RESOLUCIONES%202011/0559.pdf HTTP/1.1" 200 76675
157.55.39.107 - - [03/Nov/2014:05:52:32 -0500] "GET /BLA/resoluciones/Autos%202008/2877.pdf HTTP/1.1" 200 173061
180.76.6.66 - - [03/Nov/2014:05:52:32 -0500] "GET /BLA/resoluciones/RESOLUCIONES%202007/RES%202007%203801%20AL%203900/RESOLUCION%203849%20DE%202007.pdf HTTP/1.1" 200 657300
157.55.39.107 - - [03/Nov/2014:05:52:32 -0500] "GET /bla/resoluciones/RESOLUCIONES%202009/9399.pdf HTTP/1.1" 200 421587
157.55.39.107 - - [03/Nov/2014:05:52:33 -0500] "GET /bla/resoluciones/RESOLUCIONES%202011/0167.pdf HTTP/1.1" 200 604972
180.76.5.71 - - [03/Nov/2014:05:52:33 -0500] "GET /BLA/resoluciones/RESOLUCIONES%202007/RES%202007%201301%20AL%201400/RESOLUCION%201318%20DE%202007.pdf HTTP/1.1" 200 322351
180.76.6.139 - - [03/Nov/2014:05:52:33 -0500] "GET /BLA/resoluciones/RESOLUCIONES%202010/2406.pdf HTTP/1.1" 200 502224
157.55.39.107 - - [03/Nov/2014:05:52:33 -0500] "GET /BLA/resoluciones/AUTOS%202009/1709.pdf HTTP/1.1" 200 124608
157.55.39.107 - - [03/Nov/2014:05:52:34 -0500] "GET /BLA/resoluciones/Resoluciones%202011/2043.pdf HTTP/1.1" 200 434353
157.55.39.107 - - [03/Nov/2014:05:52:34 -0500] "GET /BLA/resoluciones/RESOLUCIONES%202010/0476.pdf HTTP/1.1" 200 104090
157.55.39.107 - - [03/Nov/2014:05:52:34 -0500] "GET /BLA/resoluciones/Autos%202008/1456.pdf HTTP/1.1" 200 99567
157.55.39.107 - - [03/Nov/2014:05:52:35 -0500] "GET /BLA/resoluciones/RESOLUCIONES%202008/3583.pdf HTTP/1.1" 200 121356
180.76.5.26 - - [03/Nov/2014:05:52:35 -0500] "GET /BLA/resoluciones/RESOLUCIONES%202007/RES%202007%201901%20AL%202000/RESOLUCION%201966%20DE%202007.pdf HTTP/1.1" 200 254475
157.55.39.107 - - [03/Nov/2014:05:52:35 -0500] "GET /BLA/resoluciones/AUTOS%202011/3098.pdf HTTP/1.1" 200 225367
157.55.39.107 - - [03/Nov/2014:05:52:36 -0500] "GET /BLA/resoluciones/Resoluciones%202011/4951.pdf HTTP/1.1" 200 351151
157.55.39.107 - - [03/Nov/2014:05:52:36 -0500] "GET /BLA/resoluciones/RESOLUCIONES%202008/3990.pdf HTTP/1.1" 200 464288
62.43.225.172 - - [03/Nov/2014:05:52:33 -0500] "GET /arcgis/services/Calidad_del_Agua_WQI/MapServer/WMSServer?VERSION=1.1.1&REQUEST=GetMap&SRS=EPSG:4326&BBOX=-74.450209,4.39882210018511,-73.986487,4.863924&WIDTH=2029&HEIGHT=2036&LAYERS=0,1,3,4,5,6,7,8,9,10,11,12,13&STYLES=,,,,,,,,,,,,&EXCEPTIONS=application/vnd.ogc.se_xml&FORMAT=image/png&BGCOLOR=0xFEFFFF&TRANSPARENT=TRUE HTTP/1.1" 200 94398
157.55.39.107 - - [03/Nov/2014:05:52:37 -0500] "GET /BLA/resoluciones/RESOLUCIONES%202009/8465.pdf HTTP/1.1" 200 49230
157.55.39.107 - - [03/Nov/2014:05:52:37 -0500] "GET /BLA/resoluciones/Autos%202008/1903.pdf HTTP/1.1" 200 123811
180.76.5.17 - - [03/Nov/2014:05:52:38 -0500] "GET /BLA/resoluciones/AUTOS%202007/1646.pdf HTTP/1.1" 200 216973
180.76.5.166 - - [03/Nov/2014:05:52:38 -0500] "GET /BLA/resoluciones/AUTOS%202009/2565.pdf HTTP/1.1" 200 110418
180.76.5.175 - - [03/Nov/2014:05:52:40 -0500] "GET /BLA/resoluciones/AUTOS%202007/0142.pdf HTTP/1.1" 200 313445
180.76.6.66 - - [03/Nov/2014:05:52:40 -0500] "GET /BLA/resoluciones/RESOLUCIONES%202010/2778.pdf HTTP/1.1" 200 1455092
180.76.5.57 - - [03/Nov/2014:05:52:46 -0500] "GET /BLA/resoluciones/RESOLUCIONES%202009/5735.pdf HTTP/1.1" 200 126010
180.76.6.130 - - [03/Nov/2014:05:52:50 -0500] "GET /BLA/resoluciones/AUTOS%202007/1072.pdf HTTP/1.1" 200 87648
180.76.6.157 - - [03/Nov/2014:05:52:50 -0500] "GET /BLA/resoluciones/RESOLUCIONES%202009/0120.pdf HTTP/1.1" 200 290181
180.76.6.62 - - [03/Nov/2014:05:52:56 -0500] "GET /BLA/resoluciones/RESOLUCIONES%202010/2335.pdf HTTP/1.1" 200 188236
180.76.6.158 - - [03/Nov/2014:05:52:58 -0500] "GET /BLA/resoluciones/RESOLUCIONES%202009/0765.pdf HTTP/1.1" 200 690614
180.76.6.29 - - [03/Nov/2014:05:53:00 -0500] "GET /BLA/resoluciones/Autos%202008/2753.pdf HTTP/1.1" 200 87832
180.76.6.138 - - [03/Nov/2014:05:53:00 -0500] "GET /BLA/resoluciones/RESOLUCIONES%202010/1868.pdf HTTP/1.1" 200 259063
180.76.6.150 - - [03/Nov/2014:05:53:00 -0500] "GET /BLA/resoluciones/AUTOS%202011/3847.pdf HTTP/1.1" 200 130797
180.76.6.64 - - [03/Nov/2014:05:53:01 -0500] "GET /BLA/resoluciones/RESOLUCIONES%202011/3965.pdf HTTP/1.1" 200 787398
180.76.5.60 - - [03/Nov/2014:05:53:03 -0500] "GET /BLA/resoluciones/AUTOS%202013/0149.pdf HTTP/1.1" 200 1438632
180.76.6.134 - - [03/Nov/2014:05:53:05 -0500] "GET /BLA/resoluciones/AUTOS%202010/5932.pdf HTTP/1.1" 200 163520
180.76.5.150 - - [03/Nov/2014:05:53:05 -0500] "GET /BLA/resoluciones/RESOLUCIONES%202008/1554.pdf HTTP/1.1" 200 55525
180.76.6.59 - - [03/Nov/2014:05:53:06 -0500] "GET /BLA/resoluciones/RESOLUCIONES%202009/1136.pdf HTTP/1.1" 200 89408
180.76.6.153 - - [03/Nov/2014:05:53:06 -0500] "GET /BLA/resoluciones/AUTOS%202007/0286.pdf HTTP/1.1" 200 69121
180.76.5.167 - - [03/Nov/2014:05:53:08 -0500] "GET /BLA/resoluciones/RESOLUCIONES%202009/3635.pdf HTTP/1.1" 200 226302
66.249.64.163 - - [03/Nov/2014:05:53:12 -0500] "GET /BLA/resoluciones/AUTOS%202011/0036.pdf HTTP/1.1" 200 168503
180.76.6.142 - - [03/Nov/2014:05:53:14 -0500] "GET /BLA/resoluciones/RESOLUCIONES%202009/2096.pdf HTTP/1.1" 200 567857
180.76.5.65 - - [03/Nov/2014:05:53:14 -0500] "GET /BLA/resoluciones/RESOLUCIONES%202009/4395.pdf HTTP/1.1" 200 351765
180.76.6.48 - - [03/Nov/2014:05:53:22 -0500] "GET /BLA/resoluciones/RESOLUCIONES%202010/1254.pdf HTTP/1.1" 200 102112
180.76.5.150 - - [03/Nov/2014:05:53:23 -0500] "GET /BLA/resoluciones/RESOLUCIONES%202007/RES%202007%202301%20AL%202400/RESOLUCION%202302%20DE%202007.pdf HTTP/1.1" 200 414871
180.76.5.71 - - [03/Nov/2014:05:53:24 -0500] "GET /BLA/resoluciones/RESOLUCIONES%202013/0552.pdf HTTP/1.1" 200 1678912
180.76.5.145 - - [03/Nov/2014:05:53:27 -0500] "GET /BLA/resoluciones/RESOLUCIONES%202012/1328.pdf HTTP/1.1" 200 815126
180.76.6.62 - - [03/Nov/2014:05:53:29 -0500] "GET /BLA/resoluciones/RESOLUCIONES%202009/6900.pdf HTTP/1.1" 200 341067
180.76.6.156 - - [03/Nov/2014:05:53:31 -0500] "GET /BLA/resoluciones/Autos%202008/0496.pdf HTTP/1.1" 200 322409
180.76.5.146 - - [03/Nov/2014:05:53:32 -0500] "GET /BLA/resoluciones/Autos%202008/1131.pdf HTTP/1.1" 200 67374
180.76.6.47 - - [03/Nov/2014:05:53:33 -0500] "GET /BLA/resoluciones/RESOLUCIONES%202012/0906.pdf HTTP/1.1" 200 328589
180.76.5.17 - - [03/Nov/2014:05:53:35 -0500] "GET /BLA/resoluciones/RESOLUCIONES%202007/RES%202007%203401%20AL%203500/RESOLUCION%203428%20DE%202007.pdf HTTP/1.1" 200 410495
180.76.6.52 - - [03/Nov/2014:05:53:36 -0500] "GET /BLA/resoluciones/AUTOS%202010/1042.pdf HTTP/1.1" 200 252853
180.76.6.148 - - [03/Nov/2014:05:53:44 -0500] "GET /BLA/resoluciones/Autos%202008/0956.pdf HTTP/1.1" 200 85700
180.76.5.194 - - [03/Nov/2014:05:53:46 -0500] "GET /BLA/resoluciones/RESOLUCIONES%202009/4983.pdf HTTP/1.1" 200 200999
180.76.5.65 - - [03/Nov/2014:05:53:47 -0500] "GET /BLA/resoluciones/RESOLUCIONES%202010/7001.pdf HTTP/1.1" 200 95079
180.76.5.71 - - [03/Nov/2014:05:53:48 -0500] "GET /BLA/resoluciones/RESOLUCIONES%202010/1394.pdf HTTP/1.1" 200 513077
180.76.6.56 - - [03/Nov/2014:05:53:51 -0500] "GET /BLA/resoluciones/RESOLUCIONES%202011/2736.pdf HTTP/1.1" 200 280538
180.76.5.173 - - [03/Nov/2014:05:53:53 -0500] "GET /BLA/resoluciones/RESOLUCIONES%202009/4945.pdf HTTP/1.1" 200 963812
180.76.6.42 - - [03/Nov/2014:05:53:54 -0500] "GET /BLA/resoluciones/AUTOS%202012/1179.pdf HTTP/1.1" 200 152855
180.76.5.69 - - [03/Nov/2014:05:53:55 -0500] "GET /BLA/resoluciones/AUTOS%202007/1567.pdf HTTP/1.1" 200 31852
180.76.5.73 - - [03/Nov/2014:05:53:58 -0500] "GET /BLA/resoluciones/RESOLUCIONES%202009/2681.pdf HTTP/1.1" 200 564183
180.76.5.20 - - [03/Nov/2014:05:53:58 -0500] "GET /BLA/resoluciones/RESOLUCIONES%202009/8322.pdf HTTP/1.1" 200 375102
180.76.5.69 - - [03/Nov/2014:05:54:00 -0500] "GET /BLA/resoluciones/RESOLUCIONES%202011/1188.pdf HTTP/1.1" 200 366277
180.76.5.20 - - [03/Nov/2014:05:54:01 -0500] "GET /BLA/resoluciones/Autos%202008/0582.pdf HTTP/1.1" 200 177234
157.55.39.62 - - [03/Nov/2014:05:54:01 -0500] "GET /BLA/resoluciones/RESOLUCIONES%202010/4997.pdf HTTP/1.1" 200 747463
157.55.39.62 - - [03/Nov/2014:05:54:02 -0500] "GET /BLA/resoluciones/RESOLUCIONES%202009/2245.pdf HTTP/1.1" 200 501676
157.55.39.62 - - [03/Nov/2014:05:54:02 -0500] "GET /BLA/resoluciones/RESOLUCIONES%202010/1213.pdf HTTP/1.1" 200 151734
157.55.39.62 - - [03/Nov/2014:05:54:03 -0500] "GET /BLA/resoluciones/Autos%202008/0599.pdf HTTP/1.1" 200 83759
180.76.5.72 - - [03/Nov/2014:05:54:03 -0500] "GET /BLA/resoluciones/RESOLUCIONES%202007/RES%202007%203601%20AL%203700/RESOLUCION%203678%20DE%202007.pdf HTTP/1.1" 200 266589
157.55.39.62 - - [03/Nov/2014:05:54:03 -0500] "GET /BLA/resoluciones/AUTOS%202011/0122.pdf HTTP/1.1" 200 145289
157.55.39.62 - - [03/Nov/2014:05:54:03 -0500] "GET /bla/resoluciones/RESOLUCIONES%202011/1933.pdf HTTP/1.1" 200 127025
157.55.39.62 - - [03/Nov/2014:05:54:04 -0500] "GET /BLA/resoluciones/RESOLUCIONES%202011/5572.pdf HTTP/1.1" 200 446525
180.76.5.152 - - [03/Nov/2014:05:54:04 -0500] "GET /BLA/resoluciones/RESOLUCIONES%202011/1096.pdf HTTP/1.1" 200 369813
157.55.39.62 - - [03/Nov/2014:05:54:04 -0500] "GET /BLA/resoluciones/AUTOS%202011/4669.pdf HTTP/1.1" 200 195202
188.165.15.169 - - [03/Nov/2014:05:54:05 -0500] "GET /BLA/resoluciones/RESOLUCIONES%202006/RES%202006%201951-2000/00001990.tif HTTP/1.1" 200 8890
157.55.39.62 - - [03/Nov/2014:05:54:05 -0500] "GET /BLA/resoluciones/AUTOS%202010/5641.pdf HTTP/1.1" 200 158773
157.55.39.62 - - [03/Nov/2014:05:54:05 -0500] "GET /BLA/resoluciones/RESOLUCIONES%202010/3792.pdf HTTP/1.1" 200 1046993
157.55.39.62 - - [03/Nov/2014:05:54:06 -0500] "GET /bla/resoluciones/RESOLUCIONES%202011/0728.pdf HTTP/1.1" 200 65179
157.55.39.62 - - [03/Nov/2014:05:54:06 -0500] "GET /BLA/resoluciones/AUTOS%202011/2407.pdf HTTP/1.1" 200 144171
157.55.39.62 - - [03/Nov/2014:05:54:07 -0500] "GET /BLA/resoluciones/AUTOS%202007/3525.pdf HTTP/1.1" 200 70762
157.55.39.62 - - [03/Nov/2014:05:54:07 -0500] "GET /BLA/resoluciones/AUTOS%202007/2406.pdf HTTP/1.1" 200 68652
180.76.5.197 - - [03/Nov/2014:05:54:07 -0500] "GET /BLA/resoluciones/RESOLUCIONES%202010/7650.pdf HTTP/1.1" 200 399784
157.55.39.62 - - [03/Nov/2014:05:54:07 -0500] "GET /BLA/resoluciones/AUTOS%202009/0657.pdf HTTP/1.1" 200 109817
157.55.39.62 - - [03/Nov/2014:05:54:08 -0500] "GET /bla/resoluciones/RESOLUCIONES%202009/9067.pdf HTTP/1.1" 200 517659
180.76.5.148 - - [03/Nov/2014:05:54:08 -0500] "GET /BLA/resoluciones/Autos%202008/1998.pdf HTTP/1.1" 200 146199
157.55.39.62 - - [03/Nov/2014:05:54:08 -0500] "GET /BLA/resoluciones/Autos%202008/3480.pdf HTTP/1.1" 200 183739
157.55.39.62 - - [03/Nov/2014:05:54:09 -0500] "GET /BLA/resoluciones/RESOLUCIONES%202010/2781.pdf HTTP/1.1" 200 503147
157.55.39.62 - - [03/Nov/2014:05:54:09 -0500] "GET /bla/resoluciones/RESOLUCIONES%202009/7359.pdf HTTP/1.1" 200 784344
157.55.39.62 - - [03/Nov/2014:05:54:10 -0500] "GET /BLA/resoluciones/RESOLUCIONES%202009/1296.pdf HTTP/1.1" 200 853950
180.76.5.60 - - [03/Nov/2014:05:54:10 -0500] "GET /BLA/resoluciones/RESOLUCIONES%202011/0552.pdf HTTP/1.1" 200 67487
157.55.39.62 - - [03/Nov/2014:05:54:10 -0500] "GET /BLA/resoluciones/RESOLUCIONES%202011/2819.pdf HTTP/1.1" 200 189883
157.55.39.62 - - [03/Nov/2014:05:54:11 -0500] "GET /BLA/resoluciones/RESOLUCIONES%202008/1051.pdf HTTP/1.1" 200 405256
180.76.5.65 - - [03/Nov/2014:05:54:11 -0500] "GET /BLA/resoluciones/AUTOS%202009/2632.pdf HTTP/1.1" 200 97320
188.165.15.205 - - [03/Nov/2014:05:54:11 -0500] "GET /BLA/resoluciones/RESOLUCIONES%202004/RES%202004%20601-650/00000623.tif HTTP/1.1" 200 107360
157.55.39.62 - - [03/Nov/2014:05:54:11 -0500] "GET /bla/resoluciones/RESOLUCIONES%202009/4240.pdf HTTP/1.1" 200 724728
180.76.6.59 - - [03/Nov/2014:05:54:11 -0500] "GET /BLA/resoluciones/RESOLUCIONES%202010/7231.pdf HTTP/1.1" 200 449252
180.76.6.145 - - [03/Nov/2014:05:54:13 -0500] "GET /BLA/resoluciones/AUTOS%202011/5039.pdf HTTP/1.1" 200 566301
180.76.6.50 - - [03/Nov/2014:05:54:20 -0500] "GET /BLA/resoluciones/AUTOS%202009/2443.pdf HTTP/1.1" 200 108263
180.76.5.80 - - [03/Nov/2014:05:54:22 -0500] "GET /BLA/resoluciones/AUTOS%202010/2483.pdf HTTP/1.1" 200 67160
180.76.5.177 - - [03/Nov/2014:05:54:26 -0500] "GET /BLA/resoluciones/AUTOS%202009/2222.pdf HTTP/1.1" 200 122755
180.76.5.166 - - [03/Nov/2014:05:54:28 -0500] "GET /BLA/resoluciones/Autos%202008/1049.pdf HTTP/1.1" 200 178124
180.76.6.149 - - [03/Nov/2014:05:54:29 -0500] "GET /BLA/resoluciones/AUTOS%202007/1679.pdf HTTP/1.1" 200 79358
157.55.39.62 - - [03/Nov/2014:05:54:33 -0500] "GET /bla/resoluciones/RESOLUCIONES%202009/1188.pdf HTTP/1.1" 200 210939
157.55.39.62 - - [03/Nov/2014:05:54:33 -0500] "GET /bla/resoluciones/RESOLUCIONES%202009/0581.pdf HTTP/1.1" 200 291295
157.55.39.62 - - [03/Nov/2014:05:54:33 -0500] "GET /BLA/resoluciones/RESOLUCIONES%202009/1888.pdf HTTP/1.1" 200 468114
157.55.39.62 - - [03/Nov/2014:05:54:34 -0500] "GET /bla/resoluciones/RESOLUCIONES%202011/1821.pdf HTTP/1.1" 200 519906
157.55.39.62 - - [03/Nov/2014:05:54:34 -0500] "GET /BLA/resoluciones/RESOLUCIONES%202010/6905.pdf HTTP/1.1" 200 64239
157.55.39.62 - - [03/Nov/2014:05:54:35 -0500] "GET /BLA/resoluciones/Autos%202008/0425.pdf HTTP/1.1" 200 308790
180.76.5.75 - - [03/Nov/2014:05:54:35 -0500] "GET /BLA/resoluciones/RESOLUCIONES%202011/0984.pdf HTTP/1.1" 200 69683
157.55.39.62 - - [03/Nov/2014:05:54:35 -0500] "GET /BLA/resoluciones/RESOLUCIONES%202011/4468.pdf HTTP/1.1" 200 550196
180.76.6.20 - - [03/Nov/2014:05:54:36 -0500] "GET /BLA/resoluciones/RESOLUCIONES%202010/5936.pdf HTTP/1.1" 200 258668
190.248.51.70 - - [03/Nov/2014:05:54:45 -0500] "GET /BLA/resoluciones/RESOLUCIONES%202010/5763.pdf HTTP/1.1" 200 90979
190.248.51.70 - - [03/Nov/2014:05:54:46 -0500] "GET /favicon.ico HTTP/1.1" 200 7782
180.76.5.76 - - [03/Nov/2014:05:54:49 -0500] "GET /BLA/resoluciones/RESOLUCIONES%202010/4826.pdf HTTP/1.1" 200 754253
180.76.6.134 - - [03/Nov/2014:05:54:54 -0500] "GET /BLA/resoluciones/Autos%202008/1332.pdf HTTP/1.1" 200 83208
180.76.6.48 - - [03/Nov/2014:05:54:56 -0500] "GET /BLA/resoluciones/AUTOS%202010/5471.pdf HTTP/1.1" 200 200754
180.76.6.63 - - [03/Nov/2014:05:55:00 -0500] "GET /BLA/resoluciones/AUTOS%202012/0069.pdf HTTP/1.1" 200 177170
157.55.39.107 - - [03/Nov/2014:05:55:00 -0500] "GET /BLA/resoluciones/RESOLUCIONES%202010/2418.pdf HTTP/1.1" 200 593423
157.55.39.107 - - [03/Nov/2014:05:55:01 -0500] "GET /BLA/resoluciones/RESOLUCIONES%202008/2637.pdf HTTP/1.1" 200 17180
157.55.39.107 - - [03/Nov/2014:05:55:01 -0500] "GET /BLA/resoluciones/Autos%202008/2711.pdf HTTP/1.1" 200 97105
157.55.39.107 - - [03/Nov/2014:05:55:01 -0500] "GET /BLA/resoluciones/RESOLUCIONES%202011/3181.pdf HTTP/1.1" 200 524758
157.55.39.107 - - [03/Nov/2014:05:55:02 -0500] "GET /BLA/resoluciones/RESOLUCIONES%202010/7481.pdf HTTP/1.1" 200 68557
157.55.39.107 - - [03/Nov/2014:05:55:02 -0500] "GET /BLA/resoluciones/RESOLUCIONES%202009/2156.pdf HTTP/1.1" 200 544183
157.55.39.107 - - [03/Nov/2014:05:55:03 -0500] "GET /BLA/resoluciones/Resoluciones%202011/5411.pdf HTTP/1.1" 200 624297
157.55.39.107 - - [03/Nov/2014:05:55:03 -0500] "GET /BLA/resoluciones/RESOLUCIONES%202010/4326.pdf HTTP/1.1" 200 108814
180.76.6.134 - - [03/Nov/2014:05:55:05 -0500] "GET /BLA/resoluciones/RESOLUCIONES%202008/1592.pdf HTTP/1.1" 200 378573
66.249.64.171 - - [03/Nov/2014:05:55:08 -0500] "GET /BLA/resoluciones/RESOLUCIONES%202006/RES%202006%201651-1700/00001685.tif HTTP/1.1" 200 145746
180.76.6.56 - - [03/Nov/2014:05:55:09 -0500] "GET /BLA/resoluciones/Autos%202008/2978.pdf HTTP/1.1" 200 103652
180.76.5.58 - - [03/Nov/2014:05:55:11 -0500] "GET /BLA/resoluciones/RESOLUCIONES%202010/0039.pdf HTTP/1.1" 200 542192
180.76.5.151 - - [03/Nov/2014:05:55:11 -0500] "GET /BLA/resoluciones/RESOLUCIONES%202007/RES%202007%203501%20AL%203600/RESOLUCION%203519%20DE%202007.pdf HTTP/1.1" 200 431721
180.76.5.189 - - [03/Nov/2014:05:55:11 -0500] "GET /BLA/resoluciones/AUTOS%202007/1263.pdf HTTP/1.1" 200 272189
180.76.6.156 - - [03/Nov/2014:05:55:19 -0500] "GET /BLA/resoluciones/RESOLUCIONES%202010/5819.pdf HTTP/1.1" 200 84398
180.76.6.134 - - [03/Nov/2014:05:55:20 -0500] "GET /BLA/resoluciones/RESOLUCIONES%202009/0800.pdf HTTP/1.1" 200 436517
180.76.6.213 - - [03/Nov/2014:05:55:20 -0500] "GET /BLA/resoluciones/AUTOS%202009/3445.pdf HTTP/1.1" 200 97078
180.76.5.95 - - [03/Nov/2014:05:55:21 -0500] "GET /BLA/resoluciones/AUTOS%202007/2611.pdf HTTP/1.1" 200 28523
180.76.5.19 - - [03/Nov/2014:05:55:24 -0500] "GET /BLA/resoluciones/AUTOS%202012/1850.pdf HTTP/1.1" 200 250050
157.55.39.107 - - [03/Nov/2014:05:55:25 -0500] "GET /bla/resoluciones/RESOLUCIONES%202011/1032.pdf HTTP/1.1" 200 61533
180.76.6.139 - - [03/Nov/2014:05:55:25 -0500] "GET /BLA/resoluciones/RESOLUCIONES%202007/RES%202007%201%20AL%20100/RESOLUCION%200014%20DE%202007.pdf HTTP/1.1" 200 413552
157.55.39.107 - - [03/Nov/2014:05:55:25 -0500] "GET /BLA/resoluciones/RESOLUCIONES%202012/0220.pdf HTTP/1.1" 200 2213399
157.55.39.107 - - [03/Nov/2014:05:55:26 -0500] "GET /BLA/resoluciones/RESOLUCIONES%202011/5055.pdf HTTP/1.1" 200 660428
180.76.6.20 - - [03/Nov/2014:05:55:26 -0500] "GET /BLA/resoluciones/RESOLUCIONES%202012/1223.pdf HTTP/1.1" 200 386444
157.55.39.107 - - [03/Nov/2014:05:55:26 -0500] "GET /BLA/resoluciones/AUTOS%202007/0469.pdf HTTP/1.1" 200 31971
157.55.39.107 - - [03/Nov/2014:05:55:26 -0500] "GET /BLA/resoluciones/RESOLUCIONES%202008/3841.pdf HTTP/1.1" 200 601240
157.55.39.107 - - [03/Nov/2014:05:55:27 -0500] "GET /BLA/resoluciones/AUTOS%202011/2259.pdf HTTP/1.1" 200 147235
157.55.39.107 - - [03/Nov/2014:05:55:27 -0500] "GET /BLA/resoluciones/AUTOS%202010/5409.pdf HTTP/1.1" 200 4674711
157.55.39.107 - - [03/Nov/2014:05:55:28 -0500] "GET /BLA/resoluciones/RESOLUCIONES%202010/2842.pdf HTTP/1.1" 200 463005
180.76.5.191 - - [03/Nov/2014:05:55:28 -0500] "GET /BLA/resoluciones/RESOLUCIONES%202009/3583.pdf HTTP/1.1" 200 122630
157.55.39.107 - - [03/Nov/2014:05:55:28 -0500] "GET /BLA/resoluciones/AUTOS%202011/4344.pdf HTTP/1.1" 200 265361
157.55.39.107 - - [03/Nov/2014:05:55:29 -0500] "GET /BLA/resoluciones/AUTOS%202007/3511.pdf HTTP/1.1" 200 302176
157.55.39.107 - - [03/Nov/2014:05:55:29 -0500] "GET /BLA/resoluciones/RESOLUCIONES%202008/3925.pdf HTTP/1.1" 200 212982
157.55.39.107 - - [03/Nov/2014:05:55:30 -0500] "GET /BLA/resoluciones/RESOLUCIONES%202010/4253.pdf HTTP/1.1" 200 630274
157.55.39.107 - - [03/Nov/2014:05:55:30 -0500] "GET /BLA/resoluciones/RESOLUCIONES%202011/0352.pdf HTTP/1.1" 200 71951
157.55.39.107 - - [03/Nov/2014:05:55:30 -0500] "GET /BLA/resoluciones/RESOLUCIONES%202010/3556.pdf HTTP/1.1" 200 763011
157.55.39.107 - - [03/Nov/2014:05:55:31 -0500] "GET /BLA/resoluciones/AUTOS%202007/0413.pdf HTTP/1.1" 200 78131
157.55.39.107 - - [03/Nov/2014:05:55:31 -0500] "GET /BLA/resoluciones/RESOLUCIONES%202009/0381.pdf HTTP/1.1" 200 229347
157.55.39.107 - - [03/Nov/2014:05:55:32 -0500] "GET /BLA/resoluciones/RESOLUCIONES%202009/1593.pdf HTTP/1.1" 200 646076
157.55.39.107 - - [03/Nov/2014:05:55:32 -0500] "GET /BLA/resoluciones/RESOLUCIONES%202011/1071.pdf HTTP/1.1" 200 387488
157.55.39.107 - - [03/Nov/2014:05:55:33 -0500] "GET /BLA/resoluciones/RESOLUCIONES%202008/1931.pdf HTTP/1.1" 200 256818
157.55.39.107 - - [03/Nov/2014:05:55:33 -0500] "GET /BLA/resoluciones/RESOLUCIONES%202010/1264.pdf HTTP/1.1" 200 101486
157.55.39.107 - - [03/Nov/2014:05:55:34 -0500] "GET /BLA/resoluciones/RESOLUCIONES%202008/3178.pdf HTTP/1.1" 200 216648
180.76.5.67 - - [03/Nov/2014:05:55:34 -0500] "GET /BLA/resoluciones/RESOLUCIONES%202010/2349.pdf HTTP/1.1" 200 381020
157.55.39.107 - - [03/Nov/2014:05:55:34 -0500] "GET /BLA/resoluciones/Resoluciones%202011/5831.pdf HTTP/1.1" 200 540555
180.76.5.75 - - [03/Nov/2014:05:55:35 -0500] "GET /BLA/resoluciones/RESOLUCIONES%202010/0174.pdf HTTP/1.1" 200 627601
180.76.5.23 - - [03/Nov/2014:05:55:35 -0500] "GET /BLA/resoluciones/AUTOS%202011/2868.pdf HTTP/1.1" 200 366573
180.76.5.77 - - [03/Nov/2014:05:55:36 -0500] "GET /BLA/resoluciones/RESOLUCIONES%202009/1272.pdf HTTP/1.1" 200 201929
180.76.5.155 - - [03/Nov/2014:05:55:36 -0500] "GET /BLA/resoluciones/RESOLUCIONES%202010/2218.pdf HTTP/1.1" 200 514074
180.76.5.146 - - [03/Nov/2014:05:55:38 -0500] "GET /BLA/resoluciones/AUTOS%202007/1703.pdf HTTP/1.1" 200 35068
74.86.158.107 - - [03/Nov/2014:05:55:44 -0500] "HEAD / HTTP/1.1" 302 -
180.76.6.36 - - [03/Nov/2014:05:55:47 -0500] "GET /BLA/resoluciones/AUTOS%202011/2459.pdf HTTP/1.1" 200 160955
180.76.5.143 - - [03/Nov/2014:05:55:48 -0500] "GET /BLA/resoluciones/RESOLUCIONES%202009/0737.pdf HTTP/1.1" 200 254155
180.76.5.223 - - [03/Nov/2014:05:55:54 -0500] "GET /BLA/resoluciones/AUTOS%202007/1406.pdf HTTP/1.1" 200 25711
180.76.6.141 - - [03/Nov/2014:05:55:55 -0500] "GET /BLA/resoluciones/AUTOS%202011/5707.pdf HTTP/1.1" 200 167874
180.76.6.52 - - [03/Nov/2014:05:55:56 -0500] "GET /BLA/resoluciones/AUTOS%202009/1360.pdf HTTP/1.1" 200 139506
180.76.6.64 - - [03/Nov/2014:05:55:57 -0500] "GET /BLA/resoluciones/AUTOS%202009/3146.pdf HTTP/1.1" 200 133133
180.76.6.158 - - [03/Nov/2014:05:55:57 -0500] "GET /BLA/resoluciones/Autos%202008/0774.pdf HTTP/1.1" 200 175043
180.76.5.145 - - [03/Nov/2014:05:56:20 -0500] "GET /BLA/resoluciones/RESOLUCIONES%202013/2399.pdf HTTP/1.1" 200 576183
180.76.6.20 - - [03/Nov/2014:05:56:21 -0500] "GET /BLA/resoluciones/RESOLUCIONES%202009/1384.pdf HTTP/1.1" 200 159681
180.76.6.55 - - [03/Nov/2014:05:56:22 -0500] "GET /BLA/resoluciones/AUTOS%202013/0785.pdf HTTP/1.1" 200 1562464
180.76.6.135 - - [03/Nov/2014:05:56:23 -0500] "GET /BLA/resoluciones/RESOLUCIONES%202013/0764.pdf HTTP/1.1" 200 1684076
180.76.5.170 - - [03/Nov/2014:05:56:26 -0500] "GET /BLA/resoluciones/AUTOS%202007/2604.pdf HTTP/1.1" 200 303495
180.76.6.46 - - [03/Nov/2014:05:56:29 -0500] "GET /BLA/resoluciones/RESOLUCIONES%202007/RES%202007%203201%20AL%203300/RESOLUCION%203226%20DE%202007.pdf HTTP/1.1" 200 53665
180.76.6.132 - - [03/Nov/2014:05:56:33 -0500] "GET /BLA/resoluciones/RESOLUCIONES%202009/1829.pdf HTTP/1.1" 200 503168
180.76.6.59 - - [03/Nov/2014:05:56:35 -0500] "GET /BLA/resoluciones/RESOLUCIONES%202011/1823.pdf HTTP/1.1" 200 503682
188.165.15.23 - - [03/Nov/2014:05:56:36 -0500] "GET /BLA/resoluciones/RESOLUCIONES%202006/RES%202006%201201-1250/00001225.tif HTTP/1.1" 200 52584
180.76.6.21 - - [03/Nov/2014:05:56:36 -0500] "GET /BLA/resoluciones/AUTOS%202009/3323.pdf HTTP/1.1" 200 123575
180.76.6.133 - - [03/Nov/2014:05:56:36 -0500] "GET /BLA/resoluciones/RESOLUCIONES%202010/7346.pdf HTTP/1.1" 200 421355
180.76.6.56 - - [03/Nov/2014:05:56:39 -0500] "GET /BLA/resoluciones/AUTOS%202007/0203.pdf HTTP/1.1" 200 17264
180.76.6.232 - - [03/Nov/2014:05:56:39 -0500] "GET /BLA/resoluciones/AUTOS%202007/1573.pdf HTTP/1.1" 200 28888
180.76.6.233 - - [03/Nov/2014:05:56:40 -0500] "GET /BLA/resoluciones/RESOLUCIONES%202007/RES%202007%203501%20AL%203600/RESOLUCION%203544%20DE%202007.pdf HTTP/1.1" 200 174099
180.76.5.19 - - [03/Nov/2014:05:56:42 -0500] "GET /BLA/resoluciones/RESOLUCIONES%202007/RES%202007%20901%20AL%201000/RESOLUCION%200920%20DE%202007.pdf HTTP/1.1" 200 150367
66.249.64.167 - - [03/Nov/2014:05:56:46 -0500] "GET /BLA/resoluciones/RESOLUCIONES%202007/RES%202007%203201%20AL%203300/RESOLUCION%203216%20DE%202007.pdf HTTP/1.1" 200 52212
180.76.6.144 - - [03/Nov/2014:05:56:49 -0500] "GET /BLA/resoluciones/AUTOS%202011/4503.pdf HTTP/1.1" 200 244793
180.76.6.232 - - [03/Nov/2014:05:56:52 -0500] "GET /BLA/resoluciones/AUTOS%202007/0709.pdf HTTP/1.1" 200 32101
180.76.5.150 - - [03/Nov/2014:05:56:55 -0500] "GET /BLA/resoluciones/AUTOS%202007/0236.pdf HTTP/1.1" 200 19023
180.76.6.142 - - [03/Nov/2014:05:56:56 -0500] "GET /BLA/resoluciones/RESOLUCIONES%202010/7595.pdf HTTP/1.1" 200 162128
180.76.5.94 - - [03/Nov/2014:05:56:59 -0500] "GET /BLA/resoluciones/AUTOS%202009/0303.pdf HTTP/1.1" 200 194837
180.76.6.154 - - [03/Nov/2014:05:57:03 -0500] "GET /BLA/resoluciones/RESOLUCIONES%202010/1018.pdf HTTP/1.1" 200 113972
180.76.6.141 - - [03/Nov/2014:05:57:04 -0500] "GET /BLA/resoluciones/RESOLUCIONES%202007/RES%202007%201201%20AL%201300/RESOLUCION%201239%20DE%202007.pdf HTTP/1.1" 200 866909
2.139.225.42 - - [03/Nov/2014:05:57:11 -0500] "GET /BLA/resoluciones/RESOLUCIONES%202009/2018.pdf HTTP/1.1" 200 666487
180.76.6.60 - - [03/Nov/2014:05:57:11 -0500] "GET /BLA/resoluciones/RESOLUCIONES%202010/7298.pdf HTTP/1.1" 200 349565
2.139.225.42 - - [03/Nov/2014:05:57:11 -0500] "GET /BLA/resoluciones/RESOLUCIONES%202009/2018.pdf HTTP/1.1" 206 32768
180.76.5.69 - - [03/Nov/2014:05:57:12 -0500] "GET /BLA/resoluciones/RESOLUCIONES%202013/0759.pdf HTTP/1.1" 200 1615072
180.76.5.192 - - [03/Nov/2014:05:57:12 -0500] "GET /BLA/resoluciones/AUTOS%202013/0055.pdf HTTP/1.1" 200 308963
2.139.225.42 - - [03/Nov/2014:05:57:12 -0500] "GET /BLA/resoluciones/RESOLUCIONES%202009/2018.pdf HTTP/1.1" 206 633719
2.139.225.42 - - [03/Nov/2014:05:57:14 -0500] "GET /favicon.ico HTTP/1.1" 200 7782
180.76.6.55 - - [03/Nov/2014:05:57:15 -0500] "GET /BLA/resoluciones/RESOLUCIONES%202010/2439.pdf HTTP/1.1" 200 501615
180.76.6.17 - - [03/Nov/2014:05:57:22 -0500] "GET /BLA/resoluciones/RESOLUCIONES%202011/1427.pdf HTTP/1.1" 200 64967
180.76.6.60 - - [03/Nov/2014:05:57:23 -0500] "GET /BLA/resoluciones/AUTOS%202009/3434.pdf HTTP/1.1" 200 98124
180.76.5.76 - - [03/Nov/2014:05:57:23 -0500] "GET /BLA/resoluciones/RESOLUCIONES%202007/RES%202007%203301%20AL%203400/RESOLUCION%203321%20DE%202007.pdf HTTP/1.1" 200 679391
180.76.6.55 - - [03/Nov/2014:05:57:34 -0500] "GET /BLA/resoluciones/AUTOS%202010/4874.pdf HTTP/1.1" 200 161947
180.76.6.64 - - [03/Nov/2014:05:57:37 -0500] "GET /BLA/resoluciones/Autos%202008/2759.pdf HTTP/1.1" 200 123838
180.76.5.17 - - [03/Nov/2014:05:57:38 -0500] "GET /BLA/resoluciones/AUTOS%202007/1078.pdf HTTP/1.1" 200 28687
180.76.6.41 - - [03/Nov/2014:05:57:39 -0500] "GET /BLA/resoluciones/RESOLUCIONES%202007/RES%202007%203001%20AL%203100/RESOLUCION%203035%20DE%202007.pdf HTTP/1.1" 200 238197
180.76.6.137 - - [03/Nov/2014:05:57:39 -0500] "GET /BLA/resoluciones/RESOLUCIONES%202007/RES%202007%201001%20AL%201100/RESOLUCION%201020%20DE%202007.pdf HTTP/1.1" 200 1018942
180.76.6.63 - - [03/Nov/2014:05:57:40 -0500] "GET /BLA/resoluciones/RESOLUCIONES%202010/1731.pdf HTTP/1.1" 200 498479
180.76.6.60 - - [03/Nov/2014:05:57:46 -0500] "GET /BLA/resoluciones/RESOLUCIONES%202007/RES%202007%201801%20AL%201900/RESOLUCION%201867%20DE%202007.pdf HTTP/1.1" 200 1083475
180.76.5.75 - - [03/Nov/2014:05:57:55 -0500] "GET /BLA/resoluciones/RESOLUCIONES%202013/1120.pdf HTTP/1.1" 200 1058347
180.76.6.155 - - [03/Nov/2014:05:57:56 -0500] "GET /BLA/resoluciones/AUTOS%202007/2448.pdf HTTP/1.1" 200 299737
180.76.6.41 - - [03/Nov/2014:05:57:57 -0500] "GET /BLA/resoluciones/RESOLUCIONES%202010/6807.pdf HTTP/1.1" 200 365436
157.55.39.62 - - [03/Nov/2014:05:57:59 -0500] "GET /BLA/resoluciones/Autos%202008/0425.pdf HTTP/1.1" 200 308790
157.55.39.62 - - [03/Nov/2014:05:58:00 -0500] "GET /BLA/resoluciones/RESOLUCIONES%202008/4740.pdf HTTP/1.1" 200 405360
180.76.6.52 - - [03/Nov/2014:05:58:00 -0500] "GET /BLA/resoluciones/RESOLUCIONES%202009/0798.pdf HTTP/1.1" 200 350122
180.76.5.67 - - [03/Nov/2014:05:58:00 -0500] "GET /BLA/resoluciones/AUTOS%202013/1610.pdf HTTP/1.1" 200 139348
157.55.39.62 - - [03/Nov/2014:05:58:00 -0500] "GET /BLA/resoluciones/RESOLUCIONES%202008/1474.pdf HTTP/1.1" 200 122501
157.55.39.62 - - [03/Nov/2014:05:58:01 -0500] "GET /BLA/resoluciones/RESOLUCIONES%202008/3157.pdf HTTP/1.1" 200 190534
148.251.124.174 - - [03/Nov/2014:05:58:01 -0500] "GET /robots.txt HTTP/1.0" 404 1019
180.76.5.65 - - [03/Nov/2014:05:58:01 -0500] "GET /BLA/resoluciones/RESOLUCIONES%202008/1914.pdf HTTP/1.1" 200 198139
157.55.39.62 - - [03/Nov/2014:05:58:01 -0500] "GET /bla/resoluciones/RESOLUCIONES%202009/8776.pdf HTTP/1.1" 200 340577
157.55.39.62 - - [03/Nov/2014:05:58:01 -0500] "GET /BLA/resoluciones/RESOLUCIONES%202010/5558.pdf HTTP/1.1" 200 508069
157.55.39.62 - - [03/Nov/2014:05:58:02 -0500] "GET /BLA/resoluciones/RESOLUCIONES%202012/0748.pdf HTTP/1.1" 200 506333
157.55.39.62 - - [03/Nov/2014:05:58:02 -0500] "GET /BLA/resoluciones/Resoluciones%202011/1052.pdf HTTP/1.1" 200 68813
157.55.39.62 - - [03/Nov/2014:05:58:03 -0500] "GET /BLA/resoluciones/RESOLUCIONES%202010/1993.pdf HTTP/1.1" 200 335556
157.55.39.62 - - [03/Nov/2014:05:58:03 -0500] "GET /BLA/resoluciones/RESOLUCIONES%202009/0176.pdf HTTP/1.1" 200 157335
157.55.39.62 - - [03/Nov/2014:05:58:04 -0500] "GET /bla/resoluciones/RESOLUCIONES%202011/1444.pdf HTTP/1.1" 200 81359
157.55.39.62 - - [03/Nov/2014:05:58:04 -0500] "GET /BLA/resoluciones/Autos%202008/0666.pdf HTTP/1.1" 200 171543
157.55.39.62 - - [03/Nov/2014:05:58:05 -0500] "GET /BLA/resoluciones/RESOLUCIONES%202011/4316.pdf HTTP/1.1" 200 495198
157.55.39.62 - - [03/Nov/2014:05:58:05 -0500] "GET /BLA/resoluciones/AUTOS%202007/1235.pdf HTTP/1.1" 200 72736
157.55.39.62 - - [03/Nov/2014:05:58:06 -0500] "GET /BLA/resoluciones/RESOLUCIONES%202011/1086.pdf HTTP/1.1" 200 265626
157.55.39.62 - - [03/Nov/2014:05:58:06 -0500] "GET /BLA/resoluciones/RESOLUCIONES%202010/4162.pdf HTTP/1.1" 200 755461
157.55.39.62 - - [03/Nov/2014:05:58:06 -0500] "GET /BLA/resoluciones/Autos%202008/2122.pdf HTTP/1.1" 200 99029
157.55.39.62 - - [03/Nov/2014:05:58:07 -0500] "GET /BLA/resoluciones/RESOLUCIONES%202008/2265.pdf HTTP/1.1" 200 254381
180.76.6.57 - - [03/Nov/2014:05:58:07 -0500] "GET /BLA/resoluciones/RESOLUCIONES%202011/0296.pdf HTTP/1.1" 200 550790
157.55.39.62 - - [03/Nov/2014:05:58:07 -0500] "GET /BLA/resoluciones/RESOLUCIONES%202009/0626.pdf HTTP/1.1" 200 300365
157.55.39.62 - - [03/Nov/2014:05:58:08 -0500] "GET /BLA/resoluciones/RESOLUCIONES%202009/7816.pdf HTTP/1.1" 200 499089
157.55.39.62 - - [03/Nov/2014:05:58:08 -0500] "GET /BLA/resoluciones/Autos%202008/3113.pdf HTTP/1.1" 200 122443
157.55.39.62 - - [03/Nov/2014:05:58:09 -0500] "GET /BLA/resoluciones/RESOLUCIONES%202010/3934.pdf HTTP/1.1" 200 502485
180.76.6.36 - - [03/Nov/2014:05:58:09 -0500] "GET /BLA/resoluciones/AUTOS%202009/1740.pdf HTTP/1.1" 200 100571
50.97.138.107 - - [03/Nov/2014:05:58:12 -0500] "GET /test/wp-admin/ HTTP/1.1" 404 1018
148.251.124.174 - - [03/Nov/2014:05:58:16 -0500] "GET /portel_dama/libreria/htm/?C=S;O=D HTTP/1.0" 404 1019
180.76.5.171 - - [03/Nov/2014:05:58:16 -0500] "GET /Autoliquidacion/Solicitudes%20relacionadas%20con%20calidad%20del%20aire%20auditiva%20y%20visual/?C=N;O=A HTTP/1.1" 200 3501
180.76.6.146 - - [03/Nov/2014:05:58:17 -0500] "GET /BLA/resoluciones/RESOLUCIONES%202010/6587.pdf HTTP/1.1" 200 198343
180.76.5.196 - - [03/Nov/2014:05:58:17 -0500] "GET /BLA/resoluciones/AUTOS%202011/5790.pdf HTTP/1.1" 200 191837
180.76.6.21 - - [03/Nov/2014:05:58:19 -0500] "GET /BLA/resoluciones/RESOLUCIONES%202009/2135.pdf HTTP/1.1" 200 538642
180.76.5.65 - - [03/Nov/2014:05:58:21 -0500] "GET /BLA/resoluciones/AUTOS%202011/1515.pdf HTTP/1.1" 200 172043
148.251.124.174 - - [03/Nov/2014:05:58:22 -0500] "GET /portel_dama/libreria/ppt/?C=D;O=D HTTP/1.0" 404 1019
180.76.6.55 - - [03/Nov/2014:05:58:24 -0500] "GET /BLA/resoluciones/RESOLUCIONES%202010/2559.pdf HTTP/1.1" 200 664250
180.76.6.60 - - [03/Nov/2014:05:58:25 -0500] "GET /BLA/resoluciones/AUTOS%202007/2468.pdf HTTP/1.1" 200 87681
180.76.6.230 - - [03/Nov/2014:05:58:25 -0500] "GET /BLA/resoluciones/RESOLUCIONES%202010/1081.pdf HTTP/1.1" 200 554601
180.76.6.46 - - [03/Nov/2014:05:58:28 -0500] "GET /BLA/resoluciones/RESOLUCIONES%202010/4699.pdf HTTP/1.1" 200 751775
148.251.124.174 - - [03/Nov/2014:05:58:29 -0500] "GET /portel_dama/libreria/ppt/?C=M;O=D HTTP/1.0" 404 1019
157.55.39.62 - - [03/Nov/2014:05:58:30 -0500] "GET /BLA/resoluciones/RESOLUCIONES%202008/3258.pdf HTTP/1.1" 200 212572
157.55.39.62 - - [03/Nov/2014:05:58:31 -0500] "GET /bla/resoluciones/RESOLUCIONES%202011/0926.pdf HTTP/1.1" 200 71915
157.55.39.62 - - [03/Nov/2014:05:58:31 -0500] "GET /BLA/resoluciones/RESOLUCIONES%202010/2036.pdf HTTP/1.1" 200 480809
188.165.15.75 - - [03/Nov/2014:05:58:32 -0500] "GET /BLA/resoluciones/RESOLUCIONES%202006/RES%202006%202101-2150/00002129.tif HTTP/1.1" 200 130186
180.76.5.168 - - [03/Nov/2014:05:58:32 -0500] "GET /BLA/resoluciones/AUTOS%202007/0073.pdf HTTP/1.1" 200 45966
148.251.124.174 - - [03/Nov/2014:05:58:32 -0500] "GET /portel_dama/libreria/ppt/?C=N;O=A HTTP/1.0" 404 1019
157.55.39.107 - - [03/Nov/2014:05:58:33 -0500] "GET /BLA/resoluciones/Autos%202008/3235.pdf HTTP/1.1" 200 55411
157.55.39.107 - - [03/Nov/2014:05:58:33 -0500] "GET /BLA/resoluciones/AUTOS%202009/1654.pdf HTTP/1.1" 200 96820
157.55.39.107 - - [03/Nov/2014:05:58:33 -0500] "GET /BLA/resoluciones/Resoluciones%202011/5087.pdf HTTP/1.1" 200 647685
157.55.39.107 - - [03/Nov/2014:05:58:34 -0500] "GET /BLA/resoluciones/AUTOS%202009/0534.pdf HTTP/1.1" 200 181041
180.76.5.95 - - [03/Nov/2014:05:58:34 -0500] "GET /BLA/resoluciones/RESOLUCIONES%202009/8289.pdf HTTP/1.1" 200 304143
148.251.124.174 - - [03/Nov/2014:05:58:36 -0500] "GET /portel_dama/libreria/ppt/?C=S;O=D HTTP/1.0" 404 1019
180.76.5.76 - - [03/Nov/2014:05:58:36 -0500] "GET /BLA/resoluciones/RESOLUCIONES%202008/2204.pdf HTTP/1.1" 200 386165
180.76.5.67 - - [03/Nov/2014:05:58:37 -0500] "GET /BLA/resoluciones/RESOLUCIONES%202012/1147.pdf HTTP/1.1" 200 697072
180.76.6.130 - - [03/Nov/2014:05:58:37 -0500] "GET /BLA/resoluciones/AUTOS%202011/2394.pdf HTTP/1.1" 200 123535
148.251.124.174 - - [03/Nov/2014:05:58:38 -0500] "GET /portel_dama/libreria/swf/?C=D;O=D HTTP/1.0" 404 1019
148.251.124.174 - - [03/Nov/2014:05:58:41 -0500] "GET /portel_dama/libreria/swf/?C=M;O=D HTTP/1.0" 404 1019
180.76.5.65 - - [03/Nov/2014:05:58:43 -0500] "GET /BLA/resoluciones/RESOLUCIONES%202008/1298.pdf HTTP/1.1" 200 223799
180.76.6.20 - - [03/Nov/2014:05:58:46 -0500] "GET /BLA/resoluciones/AUTOS%202013/0349.pdf HTTP/1.1" 200 1167251
180.76.6.21 - - [03/Nov/2014:05:58:47 -0500] "GET /BLA/resoluciones/RESOLUCIONES%202007/RES%202007%204001%20AL%204100/RESOLUCION%204054%20DE%202007.pdf HTTP/1.1" 200 312326
157.55.39.62 - - [03/Nov/2014:05:58:53 -0500] "GET /BLA/resoluciones/RESOLUCIONES%202009/9006.pdf HTTP/1.1" 200 298525
157.55.39.107 - - [03/Nov/2014:05:58:55 -0500] "GET /BLA/resoluciones/RESOLUCIONES%202009/0904.pdf HTTP/1.1" 200 403713
180.76.6.17 - - [03/Nov/2014:05:58:55 -0500] "GET /BLA/resoluciones/AUTOS%202010/5466.pdf HTTP/1.1" 200 183663
157.55.39.107 - - [03/Nov/2014:05:58:55 -0500] "GET /BLA/resoluciones/Autos%202008/2855.pdf HTTP/1.1" 200 157651
157.55.39.107 - - [03/Nov/2014:05:58:56 -0500] "GET /bla/resoluciones/RESOLUCIONES%202009/8983.pdf HTTP/1.1" 200 85003
157.55.39.107 - - [03/Nov/2014:05:58:56 -0500] "GET /BLA/resoluciones/Resoluciones%202011/1178.pdf HTTP/1.1" 200 260112
180.76.6.42 - - [03/Nov/2014:05:58:56 -0500] "GET /BLA/resoluciones/RESOLUCIONES%202013/0518.pdf HTTP/1.1" 200 2708963
157.55.39.107 - - [03/Nov/2014:05:58:57 -0500] "GET /BLA/resoluciones/RESOLUCIONES%202009/7936.pdf HTTP/1.1" 200 498449
157.55.39.107 - - [03/Nov/2014:05:58:57 -0500] "GET /BLA/resoluciones/Resoluciones%202011/5667.pdf HTTP/1.1" 200 620026
157.55.39.107 - - [03/Nov/2014:05:58:58 -0500] "GET /BLA/resoluciones/AUTOS%202007/1458.pdf HTTP/1.1" 200 27569
180.76.5.62 - - [03/Nov/2014:05:58:58 -0500] "GET /BLA/resoluciones/RESOLUCIONES%202009/7306.pdf HTTP/1.1" 200 358642
157.55.39.107 - - [03/Nov/2014:05:58:58 -0500] "GET /BLA/resoluciones/Resoluciones%202011/1837.pdf HTTP/1.1" 200 501158
180.76.5.78 - - [03/Nov/2014:05:58:58 -0500] "GET /BLA/resoluciones/RESOLUCIONES%202007/RES%202007%204101%20AL%204200/RESOLUCION%204136%20%20DE%202007.pdf HTTP/1.1" 200 567669
157.55.39.107 - - [03/Nov/2014:05:58:58 -0500] "GET /BLA/resoluciones/RESOLUCIONES%202009/8897.pdf HTTP/1.1" 200 309781
157.55.39.107 - - [03/Nov/2014:05:58:59 -0500] "GET /BLA/resoluciones/RESOLUCIONES%202009/1398.pdf HTTP/1.1" 200 329265
157.55.39.107 - - [03/Nov/2014:05:58:59 -0500] "GET /BLA/resoluciones/Autos%202008/2545.pdf HTTP/1.1" 200 107191
157.55.39.107 - - [03/Nov/2014:05:59:00 -0500] "GET /BLA/resoluciones/RESOLUCIONES%202009/1267.pdf HTTP/1.1" 200 569573
157.55.39.107 - - [03/Nov/2014:05:59:00 -0500] "GET /bla/resoluciones/RESOLUCIONES%202009/8693.pdf HTTP/1.1" 200 515006
157.55.39.107 - - [03/Nov/2014:05:59:01 -0500] "GET /BLA/resoluciones/RESOLUCIONES%202007/RES%202007%20201%20AL%20300/RESOLUCION%200217%20DE%202007.pdf HTTP/1.1" 200 295110
180.76.5.25 - - [03/Nov/2014:05:59:01 -0500] "GET /BLA/resoluciones/RESOLUCIONES%202010/1961.pdf HTTP/1.1" 200 491699
157.55.39.107 - - [03/Nov/2014:05:59:01 -0500] "GET /BLA/resoluciones/RESOLUCIONES%202010/3922.pdf HTTP/1.1" 200 555905
148.251.124.174 - - [03/Nov/2014:05:59:01 -0500] "GET /portel_dama/libreria/xls/?C=D;O=D HTTP/1.0" 404 1019
157.55.39.107 - - [03/Nov/2014:05:59:02 -0500] "GET /BLA/resoluciones/AUTOS%202011/7665.pdf HTTP/1.1" 200 160128
157.55.39.107 - - [03/Nov/2014:05:59:02 -0500] "GET /bla/resoluciones/RESOLUCIONES%202009/8376.pdf HTTP/1.1" 200 521389
157.55.39.107 - - [03/Nov/2014:05:59:02 -0500] "GET /BLA/resoluciones/RESOLUCIONES%202010/1998.pdf HTTP/1.1" 200 337692
157.55.39.107 - - [03/Nov/2014:05:59:03 -0500] "GET /BLA/resoluciones/AUTOS%202011/3167.pdf HTTP/1.1" 200 131543
157.55.39.107 - - [03/Nov/2014:05:59:03 -0500] "GET /BLA/resoluciones/AUTOS%202011/0640.pdf HTTP/1.1" 200 302941
180.76.6.60 - - [03/Nov/2014:05:59:04 -0500] "GET /BLA/resoluciones/RESOLUCIONES%202010/0272.pdf HTTP/1.1" 200 112208
180.76.6.144 - - [03/Nov/2014:05:59:04 -0500] "GET /BLA/resoluciones/AUTOS%202009/1424.pdf HTTP/1.1" 200 277079
180.76.5.153 - - [03/Nov/2014:05:59:05 -0500] "GET /BLA/resoluciones/AUTOS%202011/3293.pdf HTTP/1.1" 200 283449
180.76.6.158 - - [03/Nov/2014:05:59:06 -0500] "GET /BLA/resoluciones/RESOLUCIONES%202007/RES%202007%20601%20AL%20700/RESOLUCION%200632%20DE%202007.pdf HTTP/1.1" 200 939443
180.76.5.154 - - [03/Nov/2014:05:59:07 -0500] "GET /BLA/resoluciones/RESOLUCIONES%202009/7347.pdf HTTP/1.1" 200 378102
180.76.6.135 - - [03/Nov/2014:05:59:07 -0500] "GET /BLA/resoluciones/RESOLUCIONES%202011/2705.pdf HTTP/1.1" 200 789694
180.76.6.152 - - [03/Nov/2014:05:59:07 -0500] "GET /BLA/resoluciones/AUTOS%202012/1727.pdf HTTP/1.1" 200 1975846
180.76.5.61 - - [03/Nov/2014:05:59:10 -0500] "GET /BLA/resoluciones/RESOLUCIONES%202010/1051.pdf HTTP/1.1" 200 105724
180.76.6.141 - - [03/Nov/2014:05:59:10 -0500] "GET /BLA/resoluciones/AUTOS%202007/1031.pdf HTTP/1.1" 200 106332
180.76.6.21 - - [03/Nov/2014:05:59:11 -0500] "GET /BLA/resoluciones/RESOLUCIONES%202010/4622.pdf HTTP/1.1" 200 116908
180.76.6.136 - - [03/Nov/2014:05:59:11 -0500] "GET /BLA/resoluciones/RESOLUCIONES%202010/6999.pdf HTTP/1.1" 200 353211
180.76.5.17 - - [03/Nov/2014:05:59:12 -0500] "GET /BLA/resoluciones/AUTOS%202011/7795.pdf HTTP/1.1" 200 342551
180.76.6.16 - - [03/Nov/2014:05:59:16 -0500] "GET /BLA/resoluciones/RESOLUCIONES%202009/9706.pdf HTTP/1.1" 200 367883
180.76.5.59 - - [03/Nov/2014:05:59:17 -0500] "GET /BLA/resoluciones/RESOLUCIONES%202010/5858.pdf HTTP/1.1" 200 203467
180.76.6.21 - - [03/Nov/2014:05:59:21 -0500] "GET /BLA/resoluciones/RESOLUCIONES%202007/RES%202007%203701%20AL%203800/RESOLUCION%203749%20DE%202007.pdf HTTP/1.1" 200 963501
180.76.6.28 - - [03/Nov/2014:05:59:22 -0500] "GET /BLA/resoluciones/RESOLUCIONES%202008/1890.pdf HTTP/1.1" 200 198311
157.55.39.107 - - [03/Nov/2014:05:59:25 -0500] "GET /BLA/resoluciones/RESOLUCIONES%202012/0887.pdf HTTP/1.1" 200 481726
157.55.39.107 - - [03/Nov/2014:05:59:25 -0500] "GET /BLA/resoluciones/RESOLUCIONES%202011/2006.pdf HTTP/1.1" 200 735516
157.55.39.107 - - [03/Nov/2014:05:59:26 -0500] "GET /BLA/resoluciones/RESOLUCIONES%202007/RES%202007%203701%20AL%203800/RESOLUCION%203754%20DE%202007.pdf HTTP/1.1" 200 128098
180.76.5.94 - - [03/Nov/2014:05:59:26 -0500] "GET /BLA/resoluciones/RESOLUCIONES%202008/0551.pdf HTTP/1.1" 200 96161
157.55.39.107 - - [03/Nov/2014:05:59:26 -0500] "GET /BLA/resoluciones/Resoluciones%202011/0413.pdf HTTP/1.1" 200 73677
157.55.39.107 - - [03/Nov/2014:05:59:27 -0500] "GET /BLA/resoluciones/AUTOS%202009/1424.pdf HTTP/1.1" 200 277079
180.76.6.53 - - [03/Nov/2014:05:59:28 -0500] "GET /BLA/resoluciones/RESOLUCIONES%202008/1291.pdf HTTP/1.1" 200 833797
148.251.124.174 - - [03/Nov/2014:05:59:29 -0500] "GET /portel_dama/libreria/xls/?C=M;O=D HTTP/1.0" 404 1019
180.76.6.65 - - [03/Nov/2014:05:59:29 -0500] "GET /BLA/resoluciones/RESOLUCIONES%202012/0598.pdf HTTP/1.1" 200 309479
148.251.124.174 - - [03/Nov/2014:05:59:33 -0500] "GET /portel_dama/libreria/xls/?C=N;O=A HTTP/1.0" 404 1019
180.76.6.64 - - [03/Nov/2014:05:59:33 -0500] "GET /BLA/resoluciones/RESOLUCIONES%202008/1055.pdf HTTP/1.1" 200 65967
180.76.5.25 - - [03/Nov/2014:05:59:34 -0500] "GET /BLA/resoluciones/RESOLUCIONES%202008/0394.pdf HTTP/1.1" 200 265292
180.76.6.136 - - [03/Nov/2014:05:59:43 -0500] "GET /BLA/resoluciones/Autos%202008/2765.pdf HTTP/1.1" 200 110256
180.76.5.152 - - [03/Nov/2014:05:59:43 -0500] "GET /BLA/resoluciones/RESOLUCIONES%202012/0807.pdf HTTP/1.1" 200 571558
180.76.5.24 - - [03/Nov/2014:05:59:48 -0500] "GET /BLA/resoluciones/RESOLUCIONES%202010/2363.pdf HTTP/1.1" 200 463758
180.76.5.153 - - [03/Nov/2014:05:59:48 -0500] "GET /BLA/resoluciones/RESOLUCIONES%202008/2519.pdf HTTP/1.1" 200 483434
201.245.192.253 - - [03/Nov/2014:05:59:50 -0500] "GET /forestReports/webcontent/birt/admin/js/jquery_layout/jquery-ui-latest.js HTTP/1.1" 304 -
180.76.6.59 - - [03/Nov/2014:05:59:50 -0500] "GET /BLA/resoluciones/RESOLUCIONES%202011/0892.pdf HTTP/1.1" 200 69219
180.76.6.42 - - [03/Nov/2014:05:59:50 -0500] "GET /BLA/resoluciones/AUTOS%202011/4580.pdf HTTP/1.1" 200 501459
148.251.124.174 - - [03/Nov/2014:05:59:51 -0500] "GET /portel_dama/libreria/xls/?C=S;O=D HTTP/1.0" 404 1019
180.76.5.94 - - [03/Nov/2014:05:59:55 -0500] "GET /BLA/resoluciones/AUTOS%202010/6291.pdf HTTP/1.1" 200 389502
148.251.124.174 - - [03/Nov/2014:05:59:57 -0500] "GET /re/Cuento/cuadro3/cuadro3%20link.htm HTTP/1.0" 404 1019
148.251.124.174 - - [03/Nov/2014:05:59:59 -0500] "GET /re/Cuento/cuadro4/cuadro4%20link.htm HTTP/1.0" 404 1019
180.76.6.132 - - [03/Nov/2014:06:00:01 -0500] "GET /BLA/resoluciones/RESOLUCIONES%202010/2795.pdf HTTP/1.1" 200 404824
148.251.124.174 - - [03/Nov/2014:06:00:02 -0500] "GET /re/Entrada/imagen%20botones/?C=N;O=A HTTP/1.0" 404 1019
180.76.5.191 - - [03/Nov/2014:06:00:04 -0500] "GET /BLA/resoluciones/RESOLUCIONES%202011/4506.pdf HTTP/1.1" 200 416412
148.251.124.174 - - [03/Nov/2014:06:00:05 -0500] "GET /re/Talleres/imagen%20entrada%20talleres/?C=N;O=A HTTP/1.0" 404 1019
180.76.6.36 - - [03/Nov/2014:06:00:06 -0500] "GET /BLA/resoluciones/AUTOS%202007/1507.pdf HTTP/1.1" 200 251865
180.76.6.139 - - [03/Nov/2014:06:00:08 -0500] "GET /BLA/resoluciones/AUTOS%202009/0488.pdf HTTP/1.1" 200 185339
148.251.124.174 - - [03/Nov/2014:06:00:09 -0500] "GET /re/Talleres/metal/imagen%20metales/barra%20metales/?C=D;O=A HTTP/1.0" 404 1019
180.76.6.149 - - [03/Nov/2014:06:00:10 -0500] "GET /BLA/resoluciones/AUTOS%202011/2991.pdf HTTP/1.1" 200 100380
148.251.124.174 - - [03/Nov/2014:06:00:12 -0500] "GET /re/Talleres/metal/imagen%20metales/barra%20metales/?C=M;O=A HTTP/1.0" 404 1019
180.76.5.152 - - [03/Nov/2014:06:00:13 -0500] "GET /BLA/resoluciones/RESOLUCIONES%202010/5552.pdf HTTP/1.1" 200 339753
148.251.124.174 - - [03/Nov/2014:06:00:14 -0500] "GET /re/Talleres/organicos/imagenes%20organicos/barra%20organicos/?C=N;O=A HTTP/1.0" 404 1019
180.76.6.148 - - [03/Nov/2014:06:00:16 -0500] "GET /BLA/resoluciones/RESOLUCIONES%202008/2794.pdf HTTP/1.1" 200 197068
180.76.5.64 - - [03/Nov/2014:06:00:17 -0500] "GET /BLA/resoluciones/Autos%202008/2090.pdf HTTP/1.1" 200 180552
66.249.64.167 - - [03/Nov/2014:06:00:17 -0500] "GET /BLA/resoluciones/AUTOS%202009/1316.pdf HTTP/1.1" 200 110484
148.251.124.174 - - [03/Nov/2014:06:00:18 -0500] "GET /re/Talleres/organicos/imagenes%20organicos/imagenes%20compostaje/?C=D;O=D HTTP/1.0" 404 1019
180.76.5.20 - - [03/Nov/2014:06:00:21 -0500] "GET /BLA/resoluciones/RESOLUCIONES%202012/1323.pdf HTTP/1.1" 200 449613
180.76.6.50 - - [03/Nov/2014:06:00:21 -0500] "GET /BLA/resoluciones/AUTOS%202009/0131.pdf HTTP/1.1" 200 106369
148.251.124.174 - - [03/Nov/2014:06:00:24 -0500] "GET /re/Talleres/organicos/imagenes%20organicos/imagenes%20compostaje/?C=M;O=D HTTP/1.0" 404 1019
190.235.128.88 - - [03/Nov/2014:06:00:25 -0500] "GET /BLA/boletinlegal/js/jquery.js HTTP/1.1" 200 57254
190.235.128.88 - - [03/Nov/2014:06:00:25 -0500] "GET /BLA/boletinlegal/js/jquery.scrollTo-min.js HTTP/1.1" 200 1150
190.235.128.88 - - [03/Nov/2014:06:00:25 -0500] "GET /BLA/boletinlegal/js/jquery.scrollShow.js HTTP/1.1" 200 4586
180.76.6.43 - - [03/Nov/2014:06:00:26 -0500] "GET /BLA/resoluciones/Autos%202008/0658.pdf HTTP/1.1" 200 104920
180.76.6.145 - - [03/Nov/2014:06:00:28 -0500] "GET /BLA/resoluciones/RESOLUCIONES%202008/0994.pdf HTTP/1.1" 200 219368
180.76.6.43 - - [03/Nov/2014:06:00:29 -0500] "GET /BLA/resoluciones/AUTOS%202009/1101.pdf HTTP/1.1" 200 89157
148.251.124.174 - - [03/Nov/2014:06:00:29 -0500] "GET /re/Talleres/organicos/imagenes%20organicos/imagenes%20compostaje/?C=N;O=A HTTP/1.0" 404 1019
180.76.6.137 - - [03/Nov/2014:06:00:30 -0500] "GET /BLA/resoluciones/RESOLUCIONES%202007/RES%202007%201201%20AL%201300/RESOLUCION%201240%20DE%202007.pdf HTTP/1.1" 200 657860
180.76.5.193 - - [03/Nov/2014:06:00:30 -0500] "GET /BLA/resoluciones/Autos%202008/2495.pdf HTTP/1.1" 200 152010
180.76.6.136 - - [03/Nov/2014:06:00:31 -0500] "GET /BLA/resoluciones/RESOLUCIONES%202009/1523.pdf HTTP/1.1" 200 522071
180.76.5.197 - - [03/Nov/2014:06:00:32 -0500] "GET /BLA/resoluciones/RESOLUCIONES%202011/1652.pdf HTTP/1.1" 200 68569
180.76.5.58 - - [03/Nov/2014:06:00:32 -0500] "GET /BLA/resoluciones/RESOLUCIONES%202007/RES%202007%20601%20AL%20700/RESOLUCION%200633%20DE%202007.pdf HTTP/1.1" 200 1836869
85.56.89.164 - - [03/Nov/2014:06:00:35 -0500] "GET /BLA/boletinlegal/js/jquery.js HTTP/1.1" 200 57254
85.56.89.164 - - [03/Nov/2014:06:00:35 -0500] "GET /BLA/boletinlegal/js/jquery.scrollTo-min.js HTTP/1.1" 200 1150
85.56.89.164 - - [03/Nov/2014:06:00:35 -0500] "GET /BLA/boletinlegal/js/jquery.scrollShow.js HTTP/1.1" 200 4586
180.76.5.63 - - [03/Nov/2014:06:00:36 -0500] "GET /BLA/resoluciones/AUTOS%202011/3427.pdf HTTP/1.1" 200 229889
148.251.124.174 - - [03/Nov/2014:06:00:36 -0500] "GET /re/Talleres/organicos/imagenes%20organicos/imagenes%20compostaje/?C=S;O=D HTTP/1.0" 404 1019
180.76.6.42 - - [03/Nov/2014:06:00:37 -0500] "GET /BLA/resoluciones/RESOLUCIONES%202014/1494.pdf HTTP/1.1" 200 438794
180.76.5.194 - - [03/Nov/2014:06:00:38 -0500] "GET /BLA/resoluciones/RESOLUCIONES%202007/RES%202007%201401%20AL%201500/RESOLUCION%201476%20DE%202007.pdf HTTP/1.1" 200 266759
180.76.5.173 - - [03/Nov/2014:06:00:40 -0500] "GET /BLA/resoluciones/Autos%202008/1758.pdf HTTP/1.1" 200 234119
180.76.6.59 - - [03/Nov/2014:06:00:40 -0500] "GET /BLA/resoluciones/RESOLUCIONES%202011/2995.pdf HTTP/1.1" 200 668174
180.76.6.139 - - [03/Nov/2014:06:00:41 -0500] "GET /BLA/resoluciones/AUTOS%202007/1607.pdf HTTP/1.1" 200 31023
74.86.158.107 - - [03/Nov/2014:06:00:44 -0500] "HEAD / HTTP/1.1" 302 -
180.76.5.75 - - [03/Nov/2014:06:00:45 -0500] "GET /BLA/resoluciones/RESOLUCIONES%202012/0254.pdf HTTP/1.1" 200 123103
180.76.6.57 - - [03/Nov/2014:06:00:45 -0500] "GET /BLA/resoluciones/AUTOS%202010/1087.pdf HTTP/1.1" 200 183407
180.76.6.137 - - [03/Nov/2014:06:00:47 -0500] "GET /BLA/resoluciones/RESOLUCIONES%202010/7285.pdf HTTP/1.1" 200 1332253
180.76.6.43 - - [03/Nov/2014:06:00:49 -0500] "GET /BLA/resoluciones/RESOLUCIONES%202009/9483.pdf HTTP/1.1" 200 352838
180.76.5.63 - - [03/Nov/2014:06:00:51 -0500] "GET /BLA/resoluciones/AUTOS%202007/0861.pdf HTTP/1.1" 200 77612
180.76.6.225 - - [03/Nov/2014:06:00:53 -0500] "GET /BLA/resoluciones/Autos%202008/1198.pdf HTTP/1.1" 200 249805
148.251.124.174 - - [03/Nov/2014:06:00:54 -0500] "GET /re/Talleres/papel/imagenes%20papel/barra%20papel/?C=D;O=A HTTP/1.0" 404 1019
180.76.5.27 - - [03/Nov/2014:06:00:55 -0500] "GET /BLA/resoluciones/RESOLUCIONES%202010/0260.pdf HTTP/1.1" 200 552421
180.76.5.81 - - [03/Nov/2014:06:00:56 -0500] "GET /BLA/resoluciones/RESOLUCIONES%202007/RES%202007%204001%20AL%204100/RESOLUCION%204033%20DE%202007.pdf HTTP/1.1" 200 562524
180.76.5.63 - - [03/Nov/2014:06:00:59 -0500] "GET /BLA/resoluciones/RESOLUCIONES%202009/1766.pdf HTTP/1.1" 200 410407
