198.27.82.146 - - [03/Nov/2014:04:28:56 -0500] "GET /gallery2/g2data/cache/derivative/1/5/156.dat HTTP/1.0" 404 1015
180.76.6.63 - - [03/Nov/2014:04:28:58 -0500] "GET /BLA/resoluciones/AUTOS%202007/1482.pdf HTTP/1.1" 200 49217
198.27.82.146 - - [03/Nov/2014:04:29:00 -0500] "GET /gallery2/g2data/cache/derivative/1/5/158-meta.inc HTTP/1.0" 404 1015
180.76.5.20 - - [03/Nov/2014:04:29:01 -0500] "GET /BLA/resoluciones/RESOLUCIONES%202009/0544.pdf HTTP/1.1" 200 209331
62.43.225.172 - - [03/Nov/2014:04:29:06 -0500] "GET /arcgis/services/Calidad_del_Agua_WQI/MapServer/WMSServer?VERSION=1.1.1&REQUEST=GetFeatureInfo&SRS=EPSG:4686&BBOX=-74.1566305187208,4.59153023866666,-74.1464273899278,4.59851633617977&WIDTH=1072&HEIGHT=734&LAYERS=10&QUERY_LAYERS=10&STYLES=&EXCEPTIONS=application/vnd.ogc.se_xml&FORMAT=image/png&INFO_FORMAT=text/html&FEATURE_COUNT=50&X=652&Y=147 HTTP/1.1" 200 796
62.43.225.172 - - [03/Nov/2014:04:29:06 -0500] "GET /arcgis/services/Calidad_del_Agua_WQI/MapServer/WMSServer?VERSION=1.1.1&REQUEST=GetFeatureInfo&SRS=EPSG:4686&BBOX=-74.1566305187208,4.59153023866666,-74.1464273899278,4.59851633617977&WIDTH=1072&HEIGHT=734&LAYERS=10&QUERY_LAYERS=10&STYLES=&EXCEPTIONS=application/vnd.ogc.se_xml&FORMAT=image/png&INFO_FORMAT=text/html&FEATURE_COUNT=50&X=652&Y=147 HTTP/1.1" 200 796
198.27.82.146 - - [03/Nov/2014:04:29:07 -0500] "GET /gallery2/g2data/cache/derivative/1/5/158.dat HTTP/1.0" 404 1015
198.27.82.146 - - [03/Nov/2014:04:29:12 -0500] "GET /gallery2/g2data/cache/derivative/1/5/?C=D;O=A HTTP/1.0" 404 1015
180.76.5.74 - - [03/Nov/2014:04:29:13 -0500] "GET /BLA/resoluciones/AUTOS%202009/3150.pdf HTTP/1.1" 200 130675
198.27.82.146 - - [03/Nov/2014:04:29:14 -0500] "GET /gallery2/g2data/cache/derivative/1/7/?C=D;O=D HTTP/1.0" 404 1015
180.76.6.152 - - [03/Nov/2014:04:29:14 -0500] "GET /BLA/resoluciones/RESOLUCIONES%202009/1034.pdf HTTP/1.1" 200 208498
180.76.6.43 - - [03/Nov/2014:04:29:14 -0500] "GET /BLA/resoluciones/RESOLUCIONES%202010/6810.pdf HTTP/1.1" 200 1502426
198.27.82.146 - - [03/Nov/2014:04:29:18 -0500] "GET /gallery2/g2data/cache/derivative/1/7/?C=M;O=D HTTP/1.0" 404 1015
180.76.5.188 - - [03/Nov/2014:04:29:21 -0500] "GET /BLA/resoluciones/RESOLUCIONES%202010/0811.pdf HTTP/1.1" 200 95379
198.27.82.146 - - [03/Nov/2014:04:29:25 -0500] "GET /gallery2/g2data/cache/derivative/2/7/?C=N;O=D HTTP/1.0" 404 1015
180.76.6.66 - - [03/Nov/2014:04:29:26 -0500] "GET /BLA/resoluciones/RESOLUCIONES%202009/0232.pdf HTTP/1.1" 200 177819
62.43.225.172 - - [03/Nov/2014:04:29:27 -0500] "GET /arcgis/services/Calidad_del_Agua_WQI/MapServer/WMSServer?VERSION=1.1.1&REQUEST=GetMap&SRS=EPSG:4686&BBOX=-74.1568875005094,4.58923881771804,-74.1441335895182,4.59797143960944&WIDTH=1072&HEIGHT=734&LAYERS=10,11,12,13&STYLES=,,,&EXCEPTIONS=application/vnd.ogc.se_xml&FORMAT=image/png&BGCOLOR=0xFEFFFF&TRANSPARENT=TRUE HTTP/1.1" 200 10005
62.43.225.172 - - [03/Nov/2014:04:29:29 -0500] "GET /arcgis/services/Calidad_del_Agua_WQI/MapServer/WMSServer?VERSION=1.1.1&REQUEST=GetMap&SRS=EPSG:4686&BBOX=-74.1573538748666,4.58603368374319,-74.1420491816771,4.59651283001287&WIDTH=1072&HEIGHT=734&LAYERS=10,11,12,13&STYLES=,,,&EXCEPTIONS=application/vnd.ogc.se_xml&FORMAT=image/png&BGCOLOR=0xFEFFFF&TRANSPARENT=TRUE HTTP/1.1" 200 10038
180.76.6.139 - - [03/Nov/2014:04:29:33 -0500] "GET /BLA/resoluciones/RESOLUCIONES%202010/4803.pdf HTTP/1.1" 200 367746
62.43.225.172 - - [03/Nov/2014:04:29:33 -0500] "GET /arcgis/services/Calidad_del_Agua_WQI/MapServer/WMSServer?VERSION=1.1.1&REQUEST=GetMap&SRS=EPSG:4686&BBOX=-74.1554122346858,4.58230744780806,-74.1401075414963,4.59278659407773&WIDTH=1072&HEIGHT=734&LAYERS=10,11,12,13&STYLES=,,,&EXCEPTIONS=application/vnd.ogc.se_xml&FORMAT=image/png&BGCOLOR=0xFEFFFF&TRANSPARENT=TRUE HTTP/1.1" 200 9791
198.27.82.146 - - [03/Nov/2014:04:29:34 -0500] "GET /gallery2/g2data/cache/derivative/2/9/?C=M;O=D HTTP/1.0" 404 1015
62.43.225.172 - - [03/Nov/2014:04:29:34 -0500] "GET /arcgis/services/Calidad_del_Agua_WQI/MapServer/WMSServer?VERSION=1.1.1&REQUEST=GetMap&SRS=EPSG:4686&BBOX=-74.1576394101873,4.58282141138532,-74.1423347169978,4.59330055765499&WIDTH=1072&HEIGHT=734&LAYERS=10,11,12,13&STYLES=,,,&EXCEPTIONS=application/vnd.ogc.se_xml&FORMAT=image/png&BGCOLOR=0xFEFFFF&TRANSPARENT=TRUE HTTP/1.1" 200 9791
62.43.225.172 - - [03/Nov/2014:04:29:35 -0500] "GET /arcgis/services/Calidad_del_Agua_WQI/MapServer/WMSServer?VERSION=1.1.1&REQUEST=GetMap&SRS=EPSG:4686&BBOX=-74.1617082885072,4.58500575658867,-74.1464035953177,4.59548490285835&WIDTH=1072&HEIGHT=734&LAYERS=10,11,12,13&STYLES=,,,&EXCEPTIONS=application/vnd.ogc.se_xml&FORMAT=image/png&BGCOLOR=0xFEFFFF&TRANSPARENT=TRUE HTTP/1.1" 200 9135
198.27.82.146 - - [03/Nov/2014:04:29:36 -0500] "GET /gallery2/g2data/cache/derivative/2/9/?C=S;O=D HTTP/1.0" 404 1015
180.76.6.146 - - [03/Nov/2014:04:29:38 -0500] "GET /BLA/resoluciones/RESOLUCIONES%202007/RES%202007%20601%20AL%20700/RESOLUCION%200695%20DE%202007.pdf HTTP/1.1" 200 24665
198.27.82.146 - - [03/Nov/2014:04:29:38 -0500] "GET /gallery2/g2data/cache/derivative/2/?C=D;O=D HTTP/1.0" 404 1015
198.27.82.146 - - [03/Nov/2014:04:29:41 -0500] "GET /gallery2/g2data/cache/derivative/2/?C=M;O=D HTTP/1.0" 404 1015
180.76.5.197 - - [03/Nov/2014:04:29:41 -0500] "GET /BLA/resoluciones/RESOLUCIONES%202008/1794.pdf HTTP/1.1" 200 243568
180.76.5.167 - - [03/Nov/2014:04:29:42 -0500] "GET /BLA/resoluciones/AUTOS%202007/0797.pdf HTTP/1.1" 200 70762
62.43.225.172 - - [03/Nov/2014:04:29:42 -0500] "GET /arcgis/services/Calidad_del_Agua_WQI/MapServer/WMSServer?VERSION=1.1.1&REQUEST=GetMap&SRS=EPSG:4686&BBOX=-74.450209,3.731026,-73.986487,4.863924&WIDTH=273&HEIGHT=667&LAYERS=10,11,12,13&STYLES=,,,&EXCEPTIONS=application/vnd.ogc.se_xml&FORMAT=image/png&BGCOLOR=0xFEFFFF&TRANSPARENT=TRUE HTTP/1.1" 200 8134
180.76.5.190 - - [03/Nov/2014:04:29:43 -0500] "GET /BLA/resoluciones/Autos%202008/0459.pdf HTTP/1.1" 200 144089
180.76.5.187 - - [03/Nov/2014:04:29:44 -0500] "GET /BLA/resoluciones/RESOLUCIONES%202010/6175.pdf HTTP/1.1" 200 3203877
198.27.82.146 - - [03/Nov/2014:04:29:46 -0500] "GET /gallery2/g2data/cache/derivative/2/?C=S;O=D HTTP/1.0" 404 1015
180.76.6.225 - - [03/Nov/2014:04:29:46 -0500] "GET /BLA/resoluciones/RESOLUCIONES%202007/RES%202007%202501%20AL%202600/RESOLUCION%202507%20DE%202007.pdf HTTP/1.1" 200 67877
62.43.225.172 - - [03/Nov/2014:04:29:46 -0500] "GET /arcgis/services/Calidad_del_Agua_WQI/MapServer/WMSServer?VERSION=1.1.1&REQUEST=GetMap&SRS=EPSG:4686&BBOX=-74.1766384721068,4.55893674550409,-74.0427386744871,4.65061813678474&WIDTH=1072&HEIGHT=734&LAYERS=10,11,12,13&STYLES=,,,&EXCEPTIONS=application/vnd.ogc.se_xml&FORMAT=image/png&BGCOLOR=0xFEFFFF&TRANSPARENT=TRUE HTTP/1.1" 200 17198
198.27.82.146 - - [03/Nov/2014:04:29:47 -0500] "GET /re1/Que%20es/Marco%20pedagocico/planillas/ejemplos%20planillas/edu%20fisica/imagen%20edu%20fisica/?C=N;O=A HTTP/1.0" 404 1015
157.55.39.47 - - [03/Nov/2014:04:29:49 -0500] "GET /bla/resoluciones/RESOLUCIONES%202011/1284.pdf HTTP/1.1" 200 371768
157.55.39.47 - - [03/Nov/2014:04:29:50 -0500] "GET /BLA/resoluciones/RESOLUCIONES%202009/9088.pdf HTTP/1.1" 200 571350
157.55.39.47 - - [03/Nov/2014:04:29:50 -0500] "GET /bla/resoluciones/RESOLUCIONES%202009/9396.pdf HTTP/1.1" 200 412871
157.55.39.47 - - [03/Nov/2014:04:29:51 -0500] "GET /BLA/resoluciones/AUTOS%202010/1156.pdf HTTP/1.1" 200 147520
198.27.82.146 - - [03/Nov/2014:04:29:52 -0500] "GET /re1/Que%20es/Marco%20pedagocico/planillas/ejemplos%20planillas/edu%20fisica/imagen%20edu%20fisica/?C=S;O=D HTTP/1.0" 404 1015
180.76.5.223 - - [03/Nov/2014:04:29:52 -0500] "GET /BLA/resoluciones/RESOLUCIONES%202009/1903.pdf HTTP/1.1" 200 899770
62.43.225.172 - - [03/Nov/2014:04:29:53 -0500] "GET /arcgis/services/Calidad_del_Agua_WQI/MapServer/WMSServer?VERSION=1.1.1&REQUEST=GetFeatureInfo&SRS=EPSG:4686&BBOX=-74.1766384721068,4.55893674550409,-74.0427386744871,4.65061813678474&WIDTH=1072&HEIGHT=734&LAYERS=10&QUERY_LAYERS=10&STYLES=&EXCEPTIONS=application/vnd.ogc.se_xml&FORMAT=image/png&INFO_FORMAT=text/html&FEATURE_COUNT=50&X=633&Y=509 HTTP/1.1" 200 793
62.43.225.172 - - [03/Nov/2014:04:29:54 -0500] "GET /arcgis/services/Calidad_del_Agua_WQI/MapServer/WMSServer?VERSION=1.1.1&REQUEST=GetFeatureInfo&SRS=EPSG:4686&BBOX=-74.1766384721068,4.55893674550409,-74.0427386744871,4.65061813678474&WIDTH=1072&HEIGHT=734&LAYERS=10&QUERY_LAYERS=10&STYLES=&EXCEPTIONS=application/vnd.ogc.se_xml&FORMAT=image/png&INFO_FORMAT=text/html&FEATURE_COUNT=50&X=633&Y=509 HTTP/1.1" 200 793
157.55.39.47 - - [03/Nov/2014:04:29:54 -0500] "GET /BLA/resoluciones/Autos%202008/1105.pdf HTTP/1.1" 200 46456
157.55.39.47 - - [03/Nov/2014:04:29:54 -0500] "GET /BLA/resoluciones/RESOLUCIONES%202010/0780.pdf HTTP/1.1" 200 104050
157.55.39.47 - - [03/Nov/2014:04:29:55 -0500] "GET /BLA/resoluciones/RESOLUCIONES%202010/1173.pdf HTTP/1.1" 200 110864
157.55.39.47 - - [03/Nov/2014:04:29:55 -0500] "GET /BLA/resoluciones/RESOLUCIONES%202011/2040.pdf HTTP/1.1" 200 775214
180.76.6.134 - - [03/Nov/2014:04:29:56 -0500] "GET /BLA/resoluciones/AUTOS%202011/0161.pdf HTTP/1.1" 200 164451
180.76.6.63 - - [03/Nov/2014:04:29:57 -0500] "GET /BLA/resoluciones/AUTOS%202009/2132.pdf HTTP/1.1" 200 85601
180.76.5.20 - - [03/Nov/2014:04:29:58 -0500] "GET /BLA/resoluciones/RESOLUCIONES%202008/1167.pdf HTTP/1.1" 200 67823
180.76.6.56 - - [03/Nov/2014:04:29:58 -0500] "GET /BLA/resoluciones/AUTOS%202007/2705.pdf HTTP/1.1" 200 170585
180.76.6.55 - - [03/Nov/2014:04:30:00 -0500] "GET /BLA/resoluciones/AUTOS%202011/0936.pdf HTTP/1.1" 200 153481
180.76.6.150 - - [03/Nov/2014:04:30:00 -0500] "GET /BLA/resoluciones/AUTOS%202010/6070.pdf HTTP/1.1" 200 208759
180.76.5.69 - - [03/Nov/2014:04:30:01 -0500] "GET /BLA/resoluciones/RESOLUCIONES%202007/RES%202007%20501%20AL%20600/RESOLUCION%200515%20DE%202007.pdf HTTP/1.1" 200 439591
198.27.82.146 - - [03/Nov/2014:04:30:04 -0500] "GET /robots.txt HTTP/1.0" 404 1019
180.76.5.25 - - [03/Nov/2014:04:30:04 -0500] "GET /BLA/resoluciones/AUTOS%202007/1496.pdf HTTP/1.1" 200 24794
180.76.5.176 - - [03/Nov/2014:04:30:04 -0500] "GET /BLA/resoluciones/RESOLUCIONES%202009/0516.pdf HTTP/1.1" 200 370424
198.27.82.146 - - [03/Nov/2014:04:30:06 -0500] "GET /MANUALFUNC/Vivienda/?C=D;O=D HTTP/1.0" 404 1019
198.27.82.146 - - [03/Nov/2014:04:30:08 -0500] "GET /MANUALFUNC/Vivienda/?C=M;O=D HTTP/1.0" 404 1019
180.76.5.175 - - [03/Nov/2014:04:30:09 -0500] "GET /BLA/resoluciones/AUTOS%202009/1716.pdf HTTP/1.1" 200 124061
198.27.82.146 - - [03/Nov/2014:04:30:10 -0500] "GET /MANUALFUNC/Vivienda/?C=S;O=D HTTP/1.0" 404 1019
62.43.225.172 - - [03/Nov/2014:04:30:10 -0500] "GET /arcgis/services/Calidad_del_Agua_WQI/MapServer/WMSServer?VERSION=1.1.1&REQUEST=GetFeatureInfo&SRS=EPSG:4686&BBOX=-74.1766384721068,4.55893674550409,-74.0427386744871,4.65061813678474&WIDTH=1072&HEIGHT=734&LAYERS=10&QUERY_LAYERS=10&STYLES=&EXCEPTIONS=application/vnd.ogc.se_xml&FORMAT=image/png&INFO_FORMAT=text/html&FEATURE_COUNT=50&X=796&Y=633 HTTP/1.1" 200 793
62.43.225.172 - - [03/Nov/2014:04:30:11 -0500] "GET /arcgis/services/Calidad_del_Agua_WQI/MapServer/WMSServer?VERSION=1.1.1&REQUEST=GetFeatureInfo&SRS=EPSG:4686&BBOX=-74.1766384721068,4.55893674550409,-74.0427386744871,4.65061813678474&WIDTH=1072&HEIGHT=734&LAYERS=10&QUERY_LAYERS=10&STYLES=&EXCEPTIONS=application/vnd.ogc.se_xml&FORMAT=image/png&INFO_FORMAT=text/html&FEATURE_COUNT=50&X=796&Y=633 HTTP/1.1" 200 793
198.27.82.146 - - [03/Nov/2014:04:30:12 -0500] "GET /MANUALFUNC/Vivienda/Prevencion/?C=D;O=D HTTP/1.0" 404 1019
180.76.6.57 - - [03/Nov/2014:04:30:12 -0500] "GET /BLA/resoluciones/RESOLUCIONES%202008/1869.pdf HTTP/1.1" 200 199019
180.76.6.135 - - [03/Nov/2014:04:30:12 -0500] "GET /BLA/resoluciones/AUTOS%202013/0636.pdf HTTP/1.1" 200 1077332
198.27.82.146 - - [03/Nov/2014:04:30:14 -0500] "GET /MANUALFUNC/Vivienda/Prevencion/?C=M;O=D HTTP/1.0" 404 1019
157.55.39.46 - - [03/Nov/2014:04:30:17 -0500] "GET /BLA/resoluciones/RESOLUCIONES%202010/6622.pdf HTTP/1.1" 200 311338
180.76.5.23 - - [03/Nov/2014:04:30:19 -0500] "GET /BLA/resoluciones/RESOLUCIONES%202008/1697.pdf HTTP/1.1" 200 253394
180.76.5.28 - - [03/Nov/2014:04:30:20 -0500] "GET /BLA/resoluciones/RESOLUCIONES%202009/1673.pdf HTTP/1.1" 200 856193
198.27.82.146 - - [03/Nov/2014:04:30:20 -0500] "GET /MANUALFUNC/Vivienda/Prevencion/?C=S;O=D HTTP/1.0" 404 1019
180.76.6.43 - - [03/Nov/2014:04:30:21 -0500] "GET /BLA/resoluciones/RESOLUCIONES%202008/0826.pdf HTTP/1.1" 200 449155
180.76.6.156 - - [03/Nov/2014:04:30:22 -0500] "GET /BLA/resoluciones/AUTOS%202011/1523.pdf HTTP/1.1" 200 141620
180.76.5.150 - - [03/Nov/2014:04:30:24 -0500] "GET /BLA/resoluciones/RESOLUCIONES%202007/RES%202007%201401%20AL%201500/RESOLUCION%201481%20DE%202007.pdf HTTP/1.1" 200 245945
180.76.5.171 - - [03/Nov/2014:04:30:26 -0500] "GET /BLA/resoluciones/RESOLUCIONES%202010/0519.pdf HTTP/1.1" 200 640974
62.43.225.172 - - [03/Nov/2014:04:30:27 -0500] "GET /arcgis/services/Calidad_del_Agua_WQI/MapServer/WMSServer?VERSION=1.1.1&REQUEST=GetFeatureInfo&SRS=EPSG:4686&BBOX=-74.1766384721068,4.55893674550409,-74.0427386744871,4.65061813678474&WIDTH=1072&HEIGHT=734&LAYERS=10&QUERY_LAYERS=10&STYLES=&EXCEPTIONS=application/vnd.ogc.se_xml&FORMAT=image/png&INFO_FORMAT=text/html&FEATURE_COUNT=50&X=374&Y=13 HTTP/1.1" 200 793
62.43.225.172 - - [03/Nov/2014:04:30:27 -0500] "GET /arcgis/services/Calidad_del_Agua_WQI/MapServer/WMSServer?VERSION=1.1.1&REQUEST=GetFeatureInfo&SRS=EPSG:4686&BBOX=-74.1766384721068,4.55893674550409,-74.0427386744871,4.65061813678474&WIDTH=1072&HEIGHT=734&LAYERS=10&QUERY_LAYERS=10&STYLES=&EXCEPTIONS=application/vnd.ogc.se_xml&FORMAT=image/png&INFO_FORMAT=text/html&FEATURE_COUNT=50&X=374&Y=13 HTTP/1.1" 200 793
198.27.82.146 - - [03/Nov/2014:04:30:27 -0500] "GET /PruebasSTORM/StormSDA_pruebas/forms/?C=N;O=D HTTP/1.0" 200 3538
74.86.158.107 - - [03/Nov/2014:04:30:27 -0500] "HEAD / HTTP/1.1" 302 -
180.76.6.42 - - [03/Nov/2014:04:30:29 -0500] "GET /BLA/resoluciones/AUTOS%202007/1700.pdf HTTP/1.1" 200 109513
180.76.6.130 - - [03/Nov/2014:04:30:34 -0500] "GET /BLA/resoluciones/RESOLUCIONES%202011/4532.pdf HTTP/1.1" 200 368849
198.27.82.146 - - [03/Nov/2014:04:30:35 -0500] "GET /PruebasSTORM/StormSDA_pruebas/forms/?C=S;O=A HTTP/1.0" 200 3538
198.27.82.146 - - [03/Nov/2014:04:30:37 -0500] "GET /PruebasSTORM/StormSDA_pruebas/stormWeb/img/?C=D;O=A HTTP/1.0" 200 2988
180.76.6.131 - - [03/Nov/2014:04:30:39 -0500] "GET /BLA/resoluciones/Autos%202008/0643.pdf HTTP/1.1" 200 66832
180.76.5.154 - - [03/Nov/2014:04:30:39 -0500] "GET /BLA/resoluciones/AUTOS%202007/0558.pdf HTTP/1.1" 200 317715
198.27.82.146 - - [03/Nov/2014:04:30:39 -0500] "GET /PruebasSTORM/StormSDA_pruebas/stormWeb/img/?C=M;O=A HTTP/1.0" 200 2988
180.76.6.156 - - [03/Nov/2014:04:30:40 -0500] "GET /BLA/resoluciones/RESOLUCIONES%202011/3666.pdf HTTP/1.1" 200 550270
198.27.82.146 - - [03/Nov/2014:04:30:41 -0500] "GET /PruebasSTORM/StormSDA_pruebas/stormWeb/img/?C=N;O=D HTTP/1.0" 200 2988
180.76.5.77 - - [03/Nov/2014:04:30:41 -0500] "GET /BLA/resoluciones/AUTOS%202009/1597.pdf HTTP/1.1" 200 125965
180.76.6.14 - - [03/Nov/2014:04:30:41 -0500] "GET /BLA/resoluciones/RESOLUCIONES%202010/6828.pdf HTTP/1.1" 200 690480
180.76.5.61 - - [03/Nov/2014:04:30:43 -0500] "GET /BLA/resoluciones/AUTOS%202011/2933.pdf HTTP/1.1" 200 487992
62.43.225.172 - - [03/Nov/2014:04:30:45 -0500] "GET /arcgis/services/Calidad_del_Agua_WQI/MapServer/WMSServer?VERSION=1.1.1&REQUEST=GetFeatureInfo&SRS=EPSG:4686&BBOX=-74.1766384721068,4.55893674550409,-74.0427386744871,4.65061813678474&WIDTH=1072&HEIGHT=734&LAYERS=10&QUERY_LAYERS=10&STYLES=&EXCEPTIONS=application/vnd.ogc.se_xml&FORMAT=image/png&INFO_FORMAT=text/html&FEATURE_COUNT=50&X=414&Y=130 HTTP/1.1" 200 793
62.43.225.172 - - [03/Nov/2014:04:30:45 -0500] "GET /arcgis/services/Calidad_del_Agua_WQI/MapServer/WMSServer?VERSION=1.1.1&REQUEST=GetFeatureInfo&SRS=EPSG:4686&BBOX=-74.1766384721068,4.55893674550409,-74.0427386744871,4.65061813678474&WIDTH=1072&HEIGHT=734&LAYERS=10&QUERY_LAYERS=10&STYLES=&EXCEPTIONS=application/vnd.ogc.se_xml&FORMAT=image/png&INFO_FORMAT=text/html&FEATURE_COUNT=50&X=414&Y=130 HTTP/1.1" 200 793
198.27.82.146 - - [03/Nov/2014:04:30:46 -0500] "GET /PruebasSTORM/StormSDA_pruebas/stormWeb/img/?C=S;O=A HTTP/1.0" 200 2988
180.76.5.26 - - [03/Nov/2014:04:30:46 -0500] "GET /BLA/resoluciones/AUTOS%202011/1554.pdf HTTP/1.1" 200 149263
180.76.5.58 - - [03/Nov/2014:04:30:48 -0500] "GET /BLA/resoluciones/RESOLUCIONES%202011/2272.pdf HTTP/1.1" 200 504758
198.27.82.146 - - [03/Nov/2014:04:30:49 -0500] "GET /PruebasSTORM/StormSDA_pruebas/stormWeb/img/index.jsp HTTP/1.0" 200 16876
180.76.5.189 - - [03/Nov/2014:04:30:50 -0500] "GET /BLA/resoluciones/RESOLUCIONES%202007/RES%202007%201101%20AL%201200/RESOLUCION%201199%20DE%202007.pdf HTTP/1.1" 200 647396
180.76.5.195 - - [03/Nov/2014:04:30:50 -0500] "GET /BLA/resoluciones/RESOLUCIONES%202007/RES%202007%20601%20AL%20700/RESOLUCION%200640%20DE%202007.pdf HTTP/1.1" 200 755634
180.76.6.43 - - [03/Nov/2014:04:30:52 -0500] "GET /BLA/resoluciones/RESOLUCIONES%202010/5009.pdf HTTP/1.1" 200 753349
198.27.82.146 - - [03/Nov/2014:04:30:53 -0500] "GET /chat/res/img/?C=M;O=D HTTP/1.0" 404 1019
198.27.82.146 - - [03/Nov/2014:04:30:55 -0500] "GET /chat/res/img/?C=S;O=D HTTP/1.0" 404 1019
180.76.6.44 - - [03/Nov/2014:04:30:55 -0500] "GET /BLA/resoluciones/RESOLUCIONES%202009/2452.pdf HTTP/1.1" 200 428960
198.27.82.146 - - [03/Nov/2014:04:30:56 -0500] "GET /chat/res/img/action/?C=D;O=A HTTP/1.0" 404 1019
180.76.6.142 - - [03/Nov/2014:04:30:58 -0500] "GET /BLA/resoluciones/RESOLUCIONES%202009/9586.pdf HTTP/1.1" 200 378039
180.76.6.154 - - [03/Nov/2014:04:30:59 -0500] "GET /BLA/resoluciones/RESOLUCIONES%202008/1609.pdf HTTP/1.1" 200 265940
180.76.5.169 - - [03/Nov/2014:04:31:00 -0500] "GET /BLA/resoluciones/AUTOS%202013/1762.pdf HTTP/1.1" 200 251854
198.27.82.146 - - [03/Nov/2014:04:31:01 -0500] "GET /chat/res/img/action/?C=M;O=A HTTP/1.0" 404 1019
180.76.6.156 - - [03/Nov/2014:04:31:01 -0500] "GET /BLA/resoluciones/RESOLUCIONES%202010/7345.pdf HTTP/1.1" 200 344307
180.76.6.145 - - [03/Nov/2014:04:31:02 -0500] "GET /BLA/resoluciones/RESOLUCIONES%202010/5544.pdf HTTP/1.1" 200 203733
198.27.82.146 - - [03/Nov/2014:04:31:04 -0500] "GET /chat/res/img/action/?C=N;O=A HTTP/1.0" 404 1019
198.27.82.146 - - [03/Nov/2014:04:31:06 -0500] "GET /chat/res/img/roster/?C=D;O=D HTTP/1.0" 404 1019
180.76.5.71 - - [03/Nov/2014:04:31:08 -0500] "GET /BLA/resoluciones/RESOLUCIONES%202008/1659.pdf HTTP/1.1" 200 68967
180.76.5.147 - - [03/Nov/2014:04:31:09 -0500] "GET /BLA/resoluciones/RESOLUCIONES%202009/5854.pdf HTTP/1.1" 200 50134
180.76.6.28 - - [03/Nov/2014:04:31:09 -0500] "GET /BLA/resoluciones/Autos%202008/2518.pdf HTTP/1.1" 200 126196
180.76.5.17 - - [03/Nov/2014:04:31:10 -0500] "GET /BLA/resoluciones/AUTOS%202007/0034.pdf HTTP/1.1" 200 133659
198.27.82.146 - - [03/Nov/2014:04:31:11 -0500] "GET /chat/res/img/roster/?C=M;O=D HTTP/1.0" 404 1019
180.76.5.166 - - [03/Nov/2014:04:31:14 -0500] "GET /BLA/resoluciones/AUTOS%202007/2452.pdf HTTP/1.1" 200 180119
198.27.82.146 - - [03/Nov/2014:04:31:16 -0500] "GET /chat/res/img/roster/?C=N;O=A HTTP/1.0" 404 1019
180.76.6.144 - - [03/Nov/2014:04:31:21 -0500] "GET /BLA/resoluciones/RESOLUCIONES%202007/RES%202007%202901%20AL%203000/RESOLUCION%202994%20DE%202007.pdf HTTP/1.1" 200 349658
198.27.82.146 - - [03/Nov/2014:04:31:22 -0500] "GET /chat/res/img/roster/?C=S;O=D HTTP/1.0" 404 1019
180.76.6.61 - - [03/Nov/2014:04:31:27 -0500] "GET /BLA/resoluciones/RESOLUCIONES%202010/0974.pdf HTTP/1.1" 200 99399
198.27.82.146 - - [03/Nov/2014:04:31:27 -0500] "GET /galeria/nivo-slider/demo/scripts/?C=D;O=A HTTP/1.0" 200 1035
180.76.5.19 - - [03/Nov/2014:04:31:28 -0500] "GET /BLA/resoluciones/RESOLUCIONES%202010/1944.pdf HTTP/1.1" 200 543185
180.76.6.155 - - [03/Nov/2014:04:31:28 -0500] "GET /BLA/resoluciones/RESOLUCIONES%202009/0686.pdf HTTP/1.1" 200 303373
180.76.6.55 - - [03/Nov/2014:04:31:29 -0500] "GET /BLA/resoluciones/RESOLUCIONES%202009/1904.pdf HTTP/1.1" 200 897949
180.76.5.143 - - [03/Nov/2014:04:31:30 -0500] "GET /BLA/resoluciones/RESOLUCIONES%202007/RES%202007%204201%20AL%204300/RESOLUCION%204272%20DE%202007.pdf HTTP/1.1" 200 162335
198.27.82.146 - - [03/Nov/2014:04:31:31 -0500] "GET /galeria/nivo-slider/demo/scripts/?C=M;O=A HTTP/1.0" 200 1035
180.76.5.24 - - [03/Nov/2014:04:31:32 -0500] "GET /BLA/resoluciones/Autos%202008/2453.pdf HTTP/1.1" 200 136861
198.27.82.146 - - [03/Nov/2014:04:31:34 -0500] "GET /galeria/nivo-slider/demo/scripts/?C=N;O=D HTTP/1.0" 200 1035
180.76.6.14 - - [03/Nov/2014:04:31:34 -0500] "GET /BLA/resoluciones/AUTOS%202007/0415.pdf HTTP/1.1" 200 59347
198.27.82.146 - - [03/Nov/2014:04:31:37 -0500] "GET /galeria/nivo-slider/demo/scripts/?C=S;O=A HTTP/1.0" 200 1035
180.76.5.58 - - [03/Nov/2014:04:31:37 -0500] "GET /BLA/resoluciones/RESOLUCIONES%202010/2260.pdf HTTP/1.1" 200 532594
180.76.6.233 - - [03/Nov/2014:04:31:38 -0500] "GET /BLA/resoluciones/RESOLUCIONES%202009/2635.pdf HTTP/1.1" 200 1227140
180.76.5.71 - - [03/Nov/2014:04:31:39 -0500] "GET /BLA/resoluciones/RESOLUCIONES%202007/RES%202007%20201%20AL%20300/RESOLUCION%200277%20DE%202007.pdf HTTP/1.1" 200 296052
180.76.6.144 - - [03/Nov/2014:04:31:47 -0500] "GET /BLA/resoluciones/RESOLUCIONES%202011/0914.pdf HTTP/1.1" 200 77841
180.76.6.154 - - [03/Nov/2014:04:31:48 -0500] "GET /BLA/resoluciones/RESOLUCIONES%202008/0485.pdf HTTP/1.1" 200 370531
180.76.6.21 - - [03/Nov/2014:04:31:49 -0500] "GET /BLA/resoluciones/AUTOS%202009/3068.pdf HTTP/1.1" 200 119914
188.165.15.19 - - [03/Nov/2014:04:31:50 -0500] "GET /BLA/resoluciones/RESOLUCIONES%202004/RES%202004%20451-500/00000452.tif HTTP/1.1" 200 191574
180.76.6.141 - - [03/Nov/2014:04:31:50 -0500] "GET /BLA/resoluciones/RESOLUCIONES%202007/RES%202007%20201%20AL%20300/RESOLUCION%200202%20DE%202007.pdf HTTP/1.1" 200 380933
157.55.39.47 - - [03/Nov/2014:04:31:50 -0500] "GET /bla/resoluciones/RESOLUCIONES%202009/1501.pdf HTTP/1.1" 200 412893
157.55.39.47 - - [03/Nov/2014:04:31:51 -0500] "GET /BLA/resoluciones/Autos%202008/0436.pdf HTTP/1.1" 200 169057
157.55.39.47 - - [03/Nov/2014:04:31:51 -0500] "GET /BLA/resoluciones/RESOLUCIONES%202010/7221.pdf HTTP/1.1" 200 917568
180.76.6.40 - - [03/Nov/2014:04:31:51 -0500] "GET /BLA/resoluciones/RESOLUCIONES%202009/9578.pdf HTTP/1.1" 200 288469
180.76.6.156 - - [03/Nov/2014:04:31:51 -0500] "GET /BLA/resoluciones/Autos%202008/0934.pdf HTTP/1.1" 200 175543
198.27.82.146 - - [03/Nov/2014:04:31:52 -0500] "GET /galeria/nivo-slider/demo/scripts/jquery-1.7.1.min.js HTTP/1.0" 200 93868
180.76.6.17 - - [03/Nov/2014:04:31:53 -0500] "GET /BLA/resoluciones/RESOLUCIONES%202010/1242.pdf HTTP/1.1" 200 105486
180.76.6.153 - - [03/Nov/2014:04:31:54 -0500] "GET /BLA/resoluciones/AUTOS%202007/1528.pdf HTTP/1.1" 200 55368
180.76.6.49 - - [03/Nov/2014:04:31:56 -0500] "GET /BLA/resoluciones/RESOLUCIONES%202007/RES%202007%201%20AL%20100/RESOLUCION%200077%20DE%202007.pdf HTTP/1.1" 200 1502776
180.76.6.50 - - [03/Nov/2014:04:31:59 -0500] "GET /BLA/resoluciones/AUTOS%202009/3319.pdf HTTP/1.1" 200 205532
180.76.5.153 - - [03/Nov/2014:04:32:00 -0500] "GET /BLA/resoluciones/RESOLUCIONES%202007/RES%202007%201%20AL%20100/RESOLUCION%200037%20%20DE%202007.pdf HTTP/1.1" 200 384970
198.27.82.146 - - [03/Nov/2014:04:32:01 -0500] "GET /galeria/nivo-slider/themes/orman/?C=D;O=D HTTP/1.0" 200 2091
180.76.6.48 - - [03/Nov/2014:04:32:01 -0500] "GET /BLA/resoluciones/AUTOS%202011/1559.pdf HTTP/1.1" 200 164767
180.76.6.231 - - [03/Nov/2014:04:32:04 -0500] "GET /BLA/resoluciones/RESOLUCIONES%202010/7740.pdf HTTP/1.1" 200 449925
180.76.5.23 - - [03/Nov/2014:04:32:07 -0500] "GET /BLA/resoluciones/RESOLUCIONES%202010/2149.pdf HTTP/1.1" 200 524257
198.27.82.146 - - [03/Nov/2014:04:32:07 -0500] "GET /galeria/nivo-slider/themes/orman/?C=M;O=D HTTP/1.0" 200 2091
180.76.6.43 - - [03/Nov/2014:04:32:07 -0500] "GET /BLA/resoluciones/AUTOS%202013/0127.pdf HTTP/1.1" 200 1928863
198.27.82.146 - - [03/Nov/2014:04:32:09 -0500] "GET /galeria/nivo-slider/themes/pascal/?C=D;O=D HTTP/1.0" 200 2313
180.76.5.191 - - [03/Nov/2014:04:32:11 -0500] "GET /BLA/resoluciones/AUTOS%202010/0834.pdf HTTP/1.1" 200 210641
198.27.82.146 - - [03/Nov/2014:04:32:12 -0500] "GET /galeria/nivo-slider/themes/pascal/?C=M;O=D HTTP/1.0" 200 2313
157.55.39.46 - - [03/Nov/2014:04:32:13 -0500] "GET /BLA/resoluciones/Resoluciones%202011/2257.pdf HTTP/1.1" 200 749668
180.76.6.141 - - [03/Nov/2014:04:32:14 -0500] "GET /BLA/resoluciones/AUTOS%202011/0743.pdf HTTP/1.1" 200 158809
180.76.5.148 - - [03/Nov/2014:04:32:14 -0500] "GET /BLA/resoluciones/Autos%202008/2970.pdf HTTP/1.1" 200 182454
198.27.82.146 - - [03/Nov/2014:04:32:14 -0500] "GET /gallery2/g2data/cache/derivative/0/1/100-meta.inc HTTP/1.0" 404 1019
198.27.82.146 - - [03/Nov/2014:04:32:21 -0500] "GET /gallery2/g2data/cache/derivative/0/1/100.dat HTTP/1.0" 404 1019
188.165.15.169 - - [03/Nov/2014:04:32:21 -0500] "GET /manual_funciones_Listado/index.php?dir=1.1.+Oficina+de+Control+Interno%2F HTTP/1.1" 404 1018
180.76.6.231 - - [03/Nov/2014:04:32:22 -0500] "GET /BLA/resoluciones/AUTOS%202010/6629.pdf HTTP/1.1" 200 141963
66.249.64.171 - - [03/Nov/2014:04:32:23 -0500] "GET /BLA/resoluciones/AUTOS%202007/0819.pdf HTTP/1.1" 200 91956
180.76.5.20 - - [03/Nov/2014:04:32:28 -0500] "GET /BLA/resoluciones/AUTOS%202007/2927.pdf HTTP/1.1" 200 507318
180.76.6.230 - - [03/Nov/2014:04:32:29 -0500] "GET /BLA/resoluciones/RESOLUCIONES%202010/4891.pdf HTTP/1.1" 200 750137
180.76.6.139 - - [03/Nov/2014:04:32:31 -0500] "GET /BLA/resoluciones/Autos%202008/1175.pdf HTTP/1.1" 200 275933
198.27.82.146 - - [03/Nov/2014:04:32:36 -0500] "GET /gallery2/g2data/cache/derivative/0/1/?C=D;O=A HTTP/1.0" 404 1019
180.76.6.14 - - [03/Nov/2014:04:32:37 -0500] "GET /BLA/resoluciones/AUTOS%202007/0327.pdf HTTP/1.1" 200 50933
180.76.5.72 - - [03/Nov/2014:04:32:38 -0500] "GET /BLA/resoluciones/RESOLUCIONES%202009/4477.pdf HTTP/1.1" 200 175550
180.76.5.61 - - [03/Nov/2014:04:32:38 -0500] "GET /BLA/resoluciones/RESOLUCIONES%202007/RES%202007%203801%20AL%203900/RESOLUCION%203847%20DE%202007.pdf HTTP/1.1" 200 1232649
198.27.82.146 - - [03/Nov/2014:04:32:41 -0500] "-" 408 -
198.27.82.146 - - [03/Nov/2014:04:32:41 -0500] "GET /gallery2/g2data/cache/derivative/0/1/?C=M;O=A HTTP/1.0" 404 1019
198.27.82.146 - - [03/Nov/2014:04:32:44 -0500] "GET /gallery2/g2data/cache/derivative/0/1/?C=N;O=D HTTP/1.0" 404 1019
157.55.39.194 - - [03/Nov/2014:04:32:46 -0500] "GET /robots.txt HTTP/1.1" 404 1019
198.27.82.146 - - [03/Nov/2014:04:32:46 -0500] "GET /gallery2/g2data/cache/derivative/0/1/?C=S;O=A HTTP/1.0" 404 1019
180.76.6.159 - - [03/Nov/2014:04:32:46 -0500] "GET /BLA/resoluciones/RESOLUCIONES%202007/RES%202007%203701%20AL%203800/RESOLUCION%203730%20DE%202007.pdf HTTP/1.1" 200 401651
180.76.6.136 - - [03/Nov/2014:04:32:48 -0500] "GET /BLA/resoluciones/RESOLUCIONES%202010/2645.pdf HTTP/1.1" 200 337193
180.76.5.144 - - [03/Nov/2014:04:32:51 -0500] "GET /BLA/resoluciones/RESOLUCIONES%202011/0849.pdf HTTP/1.1" 200 292483
198.27.82.146 - - [03/Nov/2014:04:32:52 -0500] "GET /gallery2/g2data/cache/derivative/0/8/82-meta.inc HTTP/1.0" 404 1019
180.76.6.132 - - [03/Nov/2014:04:32:52 -0500] "GET /BLA/resoluciones/RESOLUCIONES%202011/1044.pdf HTTP/1.1" 200 86467
180.76.6.148 - - [03/Nov/2014:04:32:54 -0500] "GET /BLA/resoluciones/RESOLUCIONES%202009/2810.pdf HTTP/1.1" 200 534476
180.76.5.71 - - [03/Nov/2014:04:32:58 -0500] "GET /BLA/resoluciones/AUTOS%202010/6435.pdf HTTP/1.1" 200 151701
180.76.5.63 - - [03/Nov/2014:04:32:59 -0500] "GET /BLA/resoluciones/RESOLUCIONES%202009/6173.pdf HTTP/1.1" 200 112502
198.27.82.146 - - [03/Nov/2014:04:32:59 -0500] "GET /gallery2/g2data/cache/derivative/0/8/84-meta.inc HTTP/1.0" 404 1019
180.76.6.133 - - [03/Nov/2014:04:33:04 -0500] "GET /BLA/resoluciones/RESOLUCIONES%202010/6431.pdf HTTP/1.1" 200 1257913
180.76.6.213 - - [03/Nov/2014:04:33:04 -0500] "GET /BLA/resoluciones/AUTOS%202013/0587.pdf HTTP/1.1" 200 787676
198.27.82.146 - - [03/Nov/2014:04:33:04 -0500] "GET /gallery2/g2data/cache/derivative/0/8/84.dat HTTP/1.0" 404 1019
198.27.82.146 - - [03/Nov/2014:04:33:06 -0500] "GET /gallery2/g2data/cache/derivative/0/8/86-meta.inc HTTP/1.0" 404 1019
198.27.82.146 - - [03/Nov/2014:04:33:08 -0500] "GET /gallery2/g2data/cache/derivative/0/8/86.dat HTTP/1.0" 404 1019
180.76.6.28 - - [03/Nov/2014:04:33:09 -0500] "GET /BLA/resoluciones/AUTOS%202012/1215.pdf HTTP/1.1" 200 183853
180.76.6.149 - - [03/Nov/2014:04:33:09 -0500] "GET /BLA/resoluciones/RESOLUCIONES%202007/RES%202007%202601%20AL%202700/RESOLUCION%202617%20DE%202007.pdf HTTP/1.1" 200 7435257
180.76.6.37 - - [03/Nov/2014:04:33:10 -0500] "GET /BLA/resoluciones/AUTOS%202013/1406.pdf HTTP/1.1" 200 1337632
180.76.6.133 - - [03/Nov/2014:04:33:11 -0500] "GET /BLA/resoluciones/RESOLUCIONES%202010/6408.pdf HTTP/1.1" 200 516711
180.76.6.231 - - [03/Nov/2014:04:33:12 -0500] "GET /BLA/resoluciones/RESOLUCIONES%202008/2292.pdf HTTP/1.1" 200 364817
198.27.82.146 - - [03/Nov/2014:04:33:13 -0500] "GET /gallery2/g2data/cache/derivative/0/8/88-meta.inc HTTP/1.0" 404 1019
180.76.6.225 - - [03/Nov/2014:04:33:15 -0500] "GET /BLA/resoluciones/AUTOS%202009/3135.pdf HTTP/1.1" 200 131760
180.76.6.149 - - [03/Nov/2014:04:33:20 -0500] "GET /BLA/resoluciones/RESOLUCIONES%202009/2369.pdf HTTP/1.1" 200 540300
198.27.82.146 - - [03/Nov/2014:04:33:20 -0500] "GET /gallery2/g2data/cache/derivative/0/8/88.dat HTTP/1.0" 404 1019
180.76.6.158 - - [03/Nov/2014:04:33:22 -0500] "GET /BLA/resoluciones/RESOLUCIONES%202009/1210.pdf HTTP/1.1" 200 396851
198.27.82.146 - - [03/Nov/2014:04:33:23 -0500] "GET /gallery2/g2data/cache/derivative/0/8/?C=D;O=A HTTP/1.0" 404 1019
180.76.5.197 - - [03/Nov/2014:04:33:24 -0500] "GET /BLA/resoluciones/RESOLUCIONES%202010/6511.pdf HTTP/1.1" 200 1460978
180.76.5.61 - - [03/Nov/2014:04:33:28 -0500] "GET /BLA/resoluciones/RESOLUCIONES%202011/0574.pdf HTTP/1.1" 200 40070
180.76.6.53 - - [03/Nov/2014:04:33:29 -0500] "GET /BLA/resoluciones/AUTOS%202010/5578.pdf HTTP/1.1" 200 846516
198.27.82.146 - - [03/Nov/2014:04:33:29 -0500] "GET /gallery2/g2data/cache/derivative/0/8/?C=M;O=A HTTP/1.0" 404 1019
157.55.39.47 - - [03/Nov/2014:04:33:31 -0500] "GET /BLA/resoluciones/RESOLUCIONES%202009/0579.pdf HTTP/1.1" 200 310539
157.55.39.47 - - [03/Nov/2014:04:33:31 -0500] "GET /BLA/resoluciones/Resoluciones%202011/5215.pdf HTTP/1.1" 200 1298989
157.55.39.47 - - [03/Nov/2014:04:33:32 -0500] "GET /BLA/resoluciones/RESOLUCIONES%202010/0159.pdf HTTP/1.1" 200 376243
157.55.39.47 - - [03/Nov/2014:04:33:32 -0500] "GET /BLA/resoluciones/RESOLUCIONES%202011/2251.pdf HTTP/1.1" 200 691886
157.55.39.47 - - [03/Nov/2014:04:33:33 -0500] "GET /BLA/resoluciones/AUTOS%202010/4463.pdf HTTP/1.1" 200 438151
180.76.6.45 - - [03/Nov/2014:04:33:33 -0500] "GET /BLA/resoluciones/RESOLUCIONES%202008/1479.pdf HTTP/1.1" 200 297039
180.76.6.140 - - [03/Nov/2014:04:33:34 -0500] "GET /BLA/resoluciones/RESOLUCIONES%202007/RES%202007%20501%20AL%20600/RESOLUCION%200508%20DE%202007.pdf HTTP/1.1" 200 439494
198.27.82.146 - - [03/Nov/2014:04:33:35 -0500] "GET /gallery2/g2data/cache/derivative/0/8/?C=N;O=D HTTP/1.0" 404 1019
157.55.39.47 - - [03/Nov/2014:04:33:36 -0500] "GET /BLA/resoluciones/AUTOS%202011/1852.pdf HTTP/1.1" 200 98070
157.55.39.47 - - [03/Nov/2014:04:33:37 -0500] "GET /BLA/resoluciones/RESOLUCIONES%202009/9711.pdf HTTP/1.1" 200 321622
157.55.39.47 - - [03/Nov/2014:04:33:37 -0500] "GET /BLA/resoluciones/AUTOS%202011/3198.pdf HTTP/1.1" 200 315359
180.76.5.196 - - [03/Nov/2014:04:33:40 -0500] "GET /BLA/resoluciones/AUTOS%202007/2814.pdf HTTP/1.1" 200 102546
157.55.39.47 - - [03/Nov/2014:04:33:41 -0500] "GET /BLA/resoluciones/AUTOS%202011/1734.pdf HTTP/1.1" 200 146897
157.55.39.47 - - [03/Nov/2014:04:33:41 -0500] "GET /BLA/resoluciones/RESOLUCIONES%202010/7191.pdf HTTP/1.1" 200 62661
180.76.6.59 - - [03/Nov/2014:04:33:41 -0500] "GET /BLA/resoluciones/AUTOS%202011/4226.pdf HTTP/1.1" 200 246105
157.55.39.47 - - [03/Nov/2014:04:33:42 -0500] "GET /BLA/resoluciones/Autos%202008/0931.pdf HTTP/1.1" 200 78470
157.55.39.47 - - [03/Nov/2014:04:33:42 -0500] "GET /BLA/resoluciones/Autos%202008/2841.pdf HTTP/1.1" 200 59577
157.55.39.47 - - [03/Nov/2014:04:33:42 -0500] "GET /BLA/resoluciones/AUTOS%202011/4277.pdf HTTP/1.1" 200 268387
157.55.39.47 - - [03/Nov/2014:04:33:43 -0500] "GET /BLA/resoluciones/AUTOS%202011/0454.pdf HTTP/1.1" 200 323642
157.55.39.47 - - [03/Nov/2014:04:33:43 -0500] "GET /BLA/resoluciones/RESOLUCIONES%202008/4909.pdf HTTP/1.1" 200 217004
198.27.82.146 - - [03/Nov/2014:04:33:43 -0500] "GET /gallery2/g2data/cache/derivative/0/8/?C=S;O=A HTTP/1.0" 404 1019
157.55.39.47 - - [03/Nov/2014:04:33:44 -0500] "GET /BLA/resoluciones/Resoluciones%202011/0687.pdf HTTP/1.1" 200 71801
157.55.39.47 - - [03/Nov/2014:04:33:44 -0500] "GET /BLA/resoluciones/RESOLUCIONES%202010/0274.pdf HTTP/1.1" 200 111374
180.76.6.55 - - [03/Nov/2014:04:33:44 -0500] "GET /BLA/resoluciones/RESOLUCIONES%202009/8768.pdf HTTP/1.1" 200 135014
157.55.39.47 - - [03/Nov/2014:04:33:45 -0500] "GET /BLA/resoluciones/AUTOS%202007/3652.pdf HTTP/1.1" 200 236390
157.55.39.47 - - [03/Nov/2014:04:33:45 -0500] "GET /BLA/resoluciones/RESOLUCIONES%202011/0444.pdf HTTP/1.1" 200 84201
180.76.6.66 - - [03/Nov/2014:04:33:49 -0500] "GET /BLA/resoluciones/RESOLUCIONES%202011/4463.pdf HTTP/1.1" 200 552864
180.76.5.71 - - [03/Nov/2014:04:33:50 -0500] "GET /BLA/resoluciones/RESOLUCIONES%202012/0159.pdf HTTP/1.1" 200 596025
62.43.225.172 - - [03/Nov/2014:04:33:52 -0500] "GET /arcgis/server/arcgisoutput/_ags_map90b346a77e184ece9f3a829f29528d0e.png HTTP/1.1" 404 1166
180.76.6.145 - - [03/Nov/2014:04:33:52 -0500] "GET /portalsiaccapacitaciones/0002.%20Presentacion%20Experencia%20IDT.pdf HTTP/1.1" 404 1018
180.76.6.20 - - [03/Nov/2014:04:33:54 -0500] "GET /BLA/resoluciones/RESOLUCIONES%202011/0465.pdf HTTP/1.1" 200 75075
198.27.82.146 - - [03/Nov/2014:04:33:54 -0500] "GET /gallery2/g2data/cache/derivative/0/9/90-meta.inc HTTP/1.0" 404 1019
157.55.39.253 - - [03/Nov/2014:04:33:57 -0500] "GET /BLA/resoluciones/RESOLUCIONES%202011/5729.pdf HTTP/1.1" 200 527817
157.55.39.253 - - [03/Nov/2014:04:33:58 -0500] "GET /BLA/resoluciones/RESOLUCIONES%202009/1310.pdf HTTP/1.1" 200 285391
198.27.82.146 - - [03/Nov/2014:04:33:59 -0500] "GET /gallery2/g2data/cache/derivative/0/9/90.dat HTTP/1.0" 404 1019
180.76.6.44 - - [03/Nov/2014:04:34:01 -0500] "GET /BLA/resoluciones/RESOLUCIONES%202010/6344.pdf HTTP/1.1" 200 513189
180.76.5.143 - - [03/Nov/2014:04:34:02 -0500] "GET /BLA/resoluciones/RESOLUCIONES%202010/1773.pdf HTTP/1.1" 200 563798
198.27.82.146 - - [03/Nov/2014:04:34:03 -0500] "GET /gallery2/g2data/cache/derivative/0/9/92-meta.inc HTTP/1.0" 404 1019
180.76.5.150 - - [03/Nov/2014:04:34:06 -0500] "GET /BLA/resoluciones/Autos%202008/1195.pdf HTTP/1.1" 200 147826
62.43.225.172 - - [03/Nov/2014:04:34:07 -0500] "GET /arcgis/services/Calidad_del_Agua_WQI/MapServer/WMSServer?VERSION=1.1.1&REQUEST=GetMap&SRS=EPSG:4686&BBOX=-74.2328021740506,4.57136750199584,-74.0797552421556,4.67615896469261&WIDTH=1072&HEIGHT=734&LAYERS=10,11,12,13&STYLES=,,,&EXCEPTIONS=application/vnd.ogc.se_xml&FORMAT=image/png&BGCOLOR=0xFEFFFF&TRANSPARENT=TRUE HTTP/1.1" 200 17101
62.43.225.172 - - [03/Nov/2014:04:34:09 -0500] "GET /arcgis/services/Calidad_del_Agua_WQI/MapServer/WMSServer?VERSION=1.1.1&REQUEST=GetMap&SRS=EPSG:4686&BBOX=-74.2892429891089,4.59088503089616,-74.1298191017183,4.70004280453863&WIDTH=1072&HEIGHT=734&LAYERS=10,11,12,13&STYLES=,,,&EXCEPTIONS=application/vnd.ogc.se_xml&FORMAT=image/png&BGCOLOR=0xFEFFFF&TRANSPARENT=TRUE HTTP/1.1" 200 12143
198.27.82.146 - - [03/Nov/2014:04:34:10 -0500] "GET /gallery2/g2data/cache/derivative/0/9/92.dat HTTP/1.0" 404 1019
180.76.6.59 - - [03/Nov/2014:04:34:12 -0500] "GET /BLA/resoluciones/AUTOS%202013/2408.pdf HTTP/1.1" 200 1130103
62.43.225.172 - - [03/Nov/2014:04:34:13 -0500] "GET /arcgis/services/Calidad_del_Agua_WQI/MapServer/WMSServer?VERSION=1.1.1&REQUEST=GetMap&SRS=EPSG:4686&BBOX=-74.2098284780393,4.5473111512269,-74.0504045906487,4.65646892486936&WIDTH=1072&HEIGHT=734&LAYERS=10,11,12,13&STYLES=,,,&EXCEPTIONS=application/vnd.ogc.se_xml&FORMAT=image/png&BGCOLOR=0xFEFFFF&TRANSPARENT=TRUE HTTP/1.1" 200 18986
198.27.82.146 - - [03/Nov/2014:04:34:15 -0500] "GET /gallery2/g2data/cache/derivative/0/9/94-meta.inc HTTP/1.0" 404 1019
180.76.5.24 - - [03/Nov/2014:04:34:15 -0500] "GET /BLA/resoluciones/RESOLUCIONES%202009/4306.pdf HTTP/1.1" 200 129230
180.76.6.155 - - [03/Nov/2014:04:34:16 -0500] "GET /BLA/resoluciones/RESOLUCIONES%202010/5708.pdf HTTP/1.1" 200 73480
62.43.225.172 - - [03/Nov/2014:04:34:19 -0500] "GET /arcgis/server/arcgisoutput/_ags_map90b346a77e184ece9f3a829f29528d0e.png HTTP/1.1" 404 1166
180.76.6.133 - - [03/Nov/2014:04:34:19 -0500] "GET /BLA/resoluciones/AUTOS%202011/3219.pdf HTTP/1.1" 200 309413
198.27.82.146 - - [03/Nov/2014:04:34:21 -0500] "GET /gallery2/g2data/cache/derivative/0/9/94.dat HTTP/1.0" 404 1019
198.27.82.146 - - [03/Nov/2014:04:34:24 -0500] "GET /gallery2/g2data/cache/derivative/0/9/96-meta.inc HTTP/1.0" 404 1019
180.76.6.62 - - [03/Nov/2014:04:34:26 -0500] "GET /BLA/resoluciones/RESOLUCIONES%202010/6677.pdf HTTP/1.1" 200 606203
198.27.82.146 - - [03/Nov/2014:04:34:27 -0500] "GET /gallery2/g2data/cache/derivative/0/9/96.dat HTTP/1.0" 404 1019
180.76.5.21 - - [03/Nov/2014:04:34:27 -0500] "GET /BLA/resoluciones/RESOLUCIONES%202013/0417.pdf HTTP/1.1" 200 581613
180.76.6.133 - - [03/Nov/2014:04:34:29 -0500] "GET /BLA/resoluciones/RESOLUCIONES%202007/RES%202007%202901%20AL%203000/RESOLUCION%202933%20DE%202007.pdf HTTP/1.1" 200 402212
198.27.82.146 - - [03/Nov/2014:04:34:31 -0500] "GET /gallery2/g2data/cache/derivative/0/9/98-meta.inc HTTP/1.0" 404 1019
180.76.6.148 - - [03/Nov/2014:04:34:33 -0500] "GET /BLA/resoluciones/AUTOS%202009/1901.pdf HTTP/1.1" 200 316157
180.76.5.193 - - [03/Nov/2014:04:34:36 -0500] "GET /BLA/resoluciones/AUTOS%202007/2913.pdf HTTP/1.1" 200 131507
198.27.82.146 - - [03/Nov/2014:04:34:37 -0500] "GET /gallery2/g2data/cache/derivative/0/9/98.dat HTTP/1.0" 404 1019
62.43.225.172 - - [03/Nov/2014:04:34:37 -0500] "GET /arcgis/services/Calidad_del_Agua_WQI/MapServer/WMSServer?VERSION=1.1.1&REQUEST=GetMap&SRS=EPSG:4686&BBOX=-74.2583099960331,4.49585530697582,-74.0988861086425,4.60501308061828&WIDTH=1072&HEIGHT=734&LAYERS=10,11,12,13&STYLES=,,,&EXCEPTIONS=application/vnd.ogc.se_xml&FORMAT=image/png&BGCOLOR=0xFEFFFF&TRANSPARENT=TRUE HTTP/1.1" 200 12484
180.76.5.190 - - [03/Nov/2014:04:34:38 -0500] "GET /BLA/resoluciones/AUTOS%202009/1575.pdf HTTP/1.1" 200 123626
180.76.5.18 - - [03/Nov/2014:04:34:39 -0500] "GET /BLA/resoluciones/RESOLUCIONES%202010/1993.pdf HTTP/1.1" 200 335556
62.43.225.172 - - [03/Nov/2014:04:34:39 -0500] "GET /arcgis/services/Calidad_del_Agua_WQI/MapServer/WMSServer?VERSION=1.1.1&REQUEST=GetMap&SRS=EPSG:4686&BBOX=-74.2841866344715,4.53288566887905,-74.1247627470809,4.64204344252151&WIDTH=1072&HEIGHT=734&LAYERS=10,11,12,13&STYLES=,,,&EXCEPTIONS=application/vnd.ogc.se_xml&FORMAT=image/png&BGCOLOR=0xFEFFFF&TRANSPARENT=TRUE HTTP/1.1" 200 13779
180.76.5.197 - - [03/Nov/2014:04:34:41 -0500] "GET /BLA/resoluciones/RESOLUCIONES%202010/2221.pdf HTTP/1.1" 200 493912
198.27.82.146 - - [03/Nov/2014:04:34:41 -0500] "GET /gallery2/g2data/cache/derivative/0/9/?C=M;O=A HTTP/1.0" 404 1019
62.43.225.172 - - [03/Nov/2014:04:34:42 -0500] "GET /arcgis/services/Calidad_del_Agua_WQI/MapServer/WMSServer?VERSION=1.1.1&REQUEST=GetMap&SRS=EPSG:4686&BBOX=-74.2841866344715,4.46819630911857,-74.1247627470809,4.70673280228199&WIDTH=691&HEIGHT=1034&LAYERS=10,11,12,13&STYLES=,,,&EXCEPTIONS=application/vnd.ogc.se_xml&FORMAT=image/png&BGCOLOR=0xFEFFFF&TRANSPARENT=TRUE HTTP/1.1" 200 14888
180.76.6.66 - - [03/Nov/2014:04:34:45 -0500] "GET /BLA/resoluciones/RESOLUCIONES%202010/4687.pdf HTTP/1.1" 200 746725
180.76.6.153 - - [03/Nov/2014:04:34:45 -0500] "GET /BLA/resoluciones/RESOLUCIONES%202007/RES%202007%204001%20AL%204100/RESOLUCION%204068%20DE%202007.pdf HTTP/1.1" 200 257470
180.76.5.18 - - [03/Nov/2014:04:34:46 -0500] "GET /BLA/resoluciones/AUTOS%202009/2020.pdf HTTP/1.1" 200 99664
62.43.225.172 - - [03/Nov/2014:04:34:47 -0500] "GET /arcgis/server/arcgisoutput/_ags_map90b346a77e184ece9f3a829f29528d0e.png HTTP/1.1" 404 1166
198.27.82.146 - - [03/Nov/2014:04:34:48 -0500] "GET /gallery2/g2data/cache/derivative/0/?C=D;O=D HTTP/1.0" 404 1019
180.76.6.152 - - [03/Nov/2014:04:34:48 -0500] "GET /BLA/resoluciones/RESOLUCIONES%202011/0858.pdf HTTP/1.1" 200 370566
198.27.82.146 - - [03/Nov/2014:04:34:53 -0500] "GET /gallery2/g2data/cache/derivative/0/?C=M;O=D HTTP/1.0" 404 1019
180.76.5.191 - - [03/Nov/2014:04:34:59 -0500] "GET /BLA/resoluciones/RESOLUCIONES%202010/1072.pdf HTTP/1.1" 200 104174
198.27.82.146 - - [03/Nov/2014:04:35:00 -0500] "GET /gallery2/g2data/cache/derivative/0/?C=N;O=A HTTP/1.0" 404 1019
62.43.225.172 - - [03/Nov/2014:04:35:00 -0500] "GET /arcgis/server/arcgisoutput/_ags_map433ce1a38281437caff296f8dbeff17f.png HTTP/1.1" 404 1166
180.76.6.141 - - [03/Nov/2014:04:35:03 -0500] "GET /BLA/resoluciones/RESOLUCIONES%202010/6709.pdf HTTP/1.1" 200 273117
180.76.5.66 - - [03/Nov/2014:04:35:06 -0500] "GET /BLA/resoluciones/RESOLUCIONES%202010/7144.pdf HTTP/1.1" 200 293591
198.27.82.146 - - [03/Nov/2014:04:35:07 -0500] "GET /gallery2/g2data/cache/derivative/0/?C=S;O=D HTTP/1.0" 404 1019
180.76.6.21 - - [03/Nov/2014:04:35:08 -0500] "GET /BLA/resoluciones/RESOLUCIONES%202010/0622.pdf HTTP/1.1" 200 445777
180.76.5.73 - - [03/Nov/2014:04:35:08 -0500] "GET /BLA/resoluciones/RESOLUCIONES%202010/2497.pdf HTTP/1.1" 200 408956
180.76.5.151 - - [03/Nov/2014:04:35:09 -0500] "GET /BLA/resoluciones/RESOLUCIONES%202010/1039.pdf HTTP/1.1" 200 111200
180.76.5.24 - - [03/Nov/2014:04:35:10 -0500] "GET /BLA/resoluciones/RESOLUCIONES%202011/0573.pdf HTTP/1.1" 200 67393
198.27.82.146 - - [03/Nov/2014:04:35:11 -0500] "GET /gallery2/g2data/cache/derivative/1/4/142-meta.inc HTTP/1.0" 404 1019
180.76.5.80 - - [03/Nov/2014:04:35:13 -0500] "GET /BLA/resoluciones/AUTOS%202007/1343.pdf HTTP/1.1" 200 52466
198.27.82.146 - - [03/Nov/2014:04:35:13 -0500] "GET /gallery2/g2data/cache/derivative/1/4/142.dat HTTP/1.0" 404 1019
62.43.225.172 - - [03/Nov/2014:04:35:14 -0500] "GET /arcgis/services/Calidad_del_Agua_WQI/MapServer/WMSServer?VERSION=1.1.1&REQUEST=GetMap&SRS=EPSG:4686&BBOX=-74.2362396006698,4.4689954263486,-74.0768157132792,4.70753191951202&WIDTH=691&HEIGHT=1034&LAYERS=10,11,12,13&STYLES=,,,&EXCEPTIONS=application/vnd.ogc.se_xml&FORMAT=image/png&BGCOLOR=0xFEFFFF&TRANSPARENT=TRUE HTTP/1.1" 200 18714
180.76.5.168 - - [03/Nov/2014:04:35:15 -0500] "GET /BLA/resoluciones/AUTOS%202011/3096.pdf HTTP/1.1" 200 317123
180.76.5.28 - - [03/Nov/2014:04:35:16 -0500] "GET /BLA/resoluciones/RESOLUCIONES%202010/1724.pdf HTTP/1.1" 200 410664
198.27.82.146 - - [03/Nov/2014:04:35:18 -0500] "GET /gallery2/g2data/cache/derivative/1/4/144-meta.inc HTTP/1.0" 404 1019
62.43.225.172 - - [03/Nov/2014:04:35:18 -0500] "GET /arcgis/services/Calidad_del_Agua_WQI/MapServer/WMSServer?VERSION=1.1.1&REQUEST=GetMap&SRS=EPSG:4686&BBOX=-74.2186590216092,4.51614334292026,-74.0592351342186,4.75467983608369&WIDTH=691&HEIGHT=1034&LAYERS=10,11,12,13&STYLES=,,,&EXCEPTIONS=application/vnd.ogc.se_xml&FORMAT=image/png&BGCOLOR=0xFEFFFF&TRANSPARENT=TRUE HTTP/1.1" 200 19807
180.76.6.233 - - [03/Nov/2014:04:35:19 -0500] "GET /BLA/resoluciones/RESOLUCIONES%202008/1273.pdf HTTP/1.1" 200 43190
62.43.225.172 - - [03/Nov/2014:04:35:19 -0500] "GET /arcgis/services/Calidad_del_Agua_WQI/MapServer/WMSServer?VERSION=1.1.1&REQUEST=GetMap&SRS=EPSG:4686&BBOX=-74.155928319052,4.5229358393755,-73.9965044316614,4.76147233253893&WIDTH=691&HEIGHT=1034&LAYERS=10,11,12,13&STYLES=,,,&EXCEPTIONS=application/vnd.ogc.se_xml&FORMAT=image/png&BGCOLOR=0xFEFFFF&TRANSPARENT=TRUE HTTP/1.1" 200 19418
180.76.6.157 - - [03/Nov/2014:04:35:22 -0500] "GET /BLA/resoluciones/RESOLUCIONES%202008/2240.pdf HTTP/1.1" 200 203389
180.76.5.77 - - [03/Nov/2014:04:35:23 -0500] "GET /BLA/resoluciones/RESOLUCIONES%202010/0678.pdf HTTP/1.1" 200 108010
198.27.82.146 - - [03/Nov/2014:04:35:23 -0500] "GET /gallery2/g2data/cache/derivative/1/4/144.dat HTTP/1.0" 404 1019
62.43.225.172 - - [03/Nov/2014:04:35:24 -0500] "GET /arcgis/services/Calidad_del_Agua_WQI/MapServer/WMSServer?VERSION=1.1.1&REQUEST=GetMap&SRS=EPSG:4686&BBOX=-74.2018775597786,4.53372392198088,-74.042453672388,4.77226041514431&WIDTH=691&HEIGHT=1034&LAYERS=10,11,12,13&STYLES=,,,&EXCEPTIONS=application/vnd.ogc.se_xml&FORMAT=image/png&BGCOLOR=0xFEFFFF&TRANSPARENT=TRUE HTTP/1.1" 200 19182
62.43.225.172 - - [03/Nov/2014:04:35:25 -0500] "GET /arcgis/services/Calidad_del_Agua_WQI/MapServer/WMSServer?VERSION=1.1.1&REQUEST=GetMap&SRS=EPSG:4686&BBOX=-74.1715111050375,4.49816320524463,-74.0120872176469,4.73669969840805&WIDTH=691&HEIGHT=1034&LAYERS=10,11,12,13&STYLES=,,,&EXCEPTIONS=application/vnd.ogc.se_xml&FORMAT=image/png&BGCOLOR=0xFEFFFF&TRANSPARENT=TRUE HTTP/1.1" 200 19574
74.86.158.107 - - [03/Nov/2014:04:35:27 -0500] "HEAD / HTTP/1.1" 302 -
198.27.82.146 - - [03/Nov/2014:04:35:28 -0500] "GET /gallery2/g2data/cache/derivative/1/4/146-meta.inc HTTP/1.0" 404 1019
198.27.82.146 - - [03/Nov/2014:04:35:31 -0500] "GET /gallery2/g2data/cache/derivative/1/4/146.dat HTTP/1.0" 404 1019
180.76.6.156 - - [03/Nov/2014:04:35:34 -0500] "GET /BLA/resoluciones/RESOLUCIONES%202007/RES%202007%204301%20AL%204352/RESOLUCION%204304%20DE%202007.pdf HTTP/1.1" 200 778947
180.76.6.131 - - [03/Nov/2014:04:35:36 -0500] "GET /BLA/resoluciones/Autos%202008/2767.pdf HTTP/1.1" 200 111315
198.27.82.146 - - [03/Nov/2014:04:35:36 -0500] "GET /gallery2/g2data/cache/derivative/1/4/148-meta.inc HTTP/1.0" 404 1019
180.76.6.20 - - [03/Nov/2014:04:35:39 -0500] "GET /BLA/resoluciones/AUTOS%202007/0684.pdf HTTP/1.1" 200 307172
198.27.82.146 - - [03/Nov/2014:04:35:41 -0500] "GET /gallery2/g2data/cache/derivative/1/4/148.dat HTTP/1.0" 404 1019
180.76.5.72 - - [03/Nov/2014:04:35:43 -0500] "GET /BLA/resoluciones/AUTOS%202011/3906.pdf HTTP/1.1" 200 224027
198.27.82.146 - - [03/Nov/2014:04:35:45 -0500] "GET /gallery2/g2data/cache/derivative/1/4/?C=D;O=A HTTP/1.0" 404 1019
180.76.6.17 - - [03/Nov/2014:04:35:45 -0500] "GET /BLA/resoluciones/RESOLUCIONES%202009/2052.pdf HTTP/1.1" 200 537515
157.55.39.47 - - [03/Nov/2014:04:35:48 -0500] "GET /BLA/resoluciones/RESOLUCIONES%202008/5393.pdf HTTP/1.1" 200 209115
157.55.39.47 - - [03/Nov/2014:04:35:48 -0500] "GET /BLA/resoluciones/Resoluciones%202011/3658.pdf HTTP/1.1" 200 550648
198.27.82.146 - - [03/Nov/2014:04:35:49 -0500] "GET /gallery2/g2data/cache/derivative/1/4/?C=M;O=A HTTP/1.0" 404 1019
157.55.39.47 - - [03/Nov/2014:04:35:49 -0500] "GET /BLA/resoluciones/AUTOS%202007/1129.pdf HTTP/1.1" 200 47747
157.55.39.47 - - [03/Nov/2014:04:35:49 -0500] "GET /BLA/resoluciones/AUTOS%202011/5839.pdf HTTP/1.1" 200 181026
157.55.39.47 - - [03/Nov/2014:04:35:50 -0500] "GET /BLA/resoluciones/AUTOS%202007/2376.pdf HTTP/1.1" 200 84330
157.55.39.47 - - [03/Nov/2014:04:35:50 -0500] "GET /BLA/resoluciones/RESOLUCIONES%202011/3417.pdf HTTP/1.1" 200 667312
157.55.39.47 - - [03/Nov/2014:04:35:51 -0500] "GET /BLA/resoluciones/RESOLUCIONES%202010/4758.pdf HTTP/1.1" 200 602785
157.55.39.47 - - [03/Nov/2014:04:35:51 -0500] "GET /bla/resoluciones/RESOLUCIONES%202011/3757.pdf HTTP/1.1" 200 622016
180.76.6.139 - - [03/Nov/2014:04:35:51 -0500] "GET /BLA/resoluciones/RESOLUCIONES%202008/2304.pdf HTTP/1.1" 200 357234
180.76.6.55 - - [03/Nov/2014:04:35:54 -0500] "GET /BLA/resoluciones/AUTOS%202013/1692.pdf HTTP/1.1" 200 2648493
198.27.82.146 - - [03/Nov/2014:04:35:55 -0500] "GET /gallery2/g2data/cache/derivative/1/4/?C=N;O=D HTTP/1.0" 404 1019
66.249.64.167 - - [03/Nov/2014:04:35:56 -0500] "GET /BLA/resoluciones/RESOLUCIONES%202010/1530.pdf HTTP/1.1" 200 449500
180.76.5.172 - - [03/Nov/2014:04:35:58 -0500] "GET /BLA/resoluciones/Autos%202008/0958.pdf HTTP/1.1" 200 81222
198.27.82.146 - - [03/Nov/2014:04:35:59 -0500] "GET /gallery2/g2data/cache/derivative/1/4/?C=S;O=A HTTP/1.0" 404 1019
180.76.6.136 - - [03/Nov/2014:04:36:01 -0500] "GET /BLA/resoluciones/RESOLUCIONES%202010/6763.pdf HTTP/1.1" 200 258408
180.76.6.157 - - [03/Nov/2014:04:36:01 -0500] "GET /BLA/resoluciones/AUTOS%202009/2016.pdf HTTP/1.1" 200 101255
180.76.5.151 - - [03/Nov/2014:04:36:02 -0500] "GET /BLA/resoluciones/RESOLUCIONES%202010/4925.pdf HTTP/1.1" 200 758029
180.76.6.47 - - [03/Nov/2014:04:36:05 -0500] "GET /BLA/resoluciones/RESOLUCIONES%202008/1545.pdf HTTP/1.1" 200 293473
198.27.82.146 - - [03/Nov/2014:04:36:06 -0500] "GET /gallery2/g2data/cache/derivative/1/5/150-meta.inc HTTP/1.0" 404 1019
180.76.6.151 - - [03/Nov/2014:04:36:07 -0500] "GET /BLA/resoluciones/RESOLUCIONES%202010/7340.pdf HTTP/1.1" 200 236724
180.76.5.59 - - [03/Nov/2014:04:36:08 -0500] "GET /BLA/resoluciones/AUTOS%202007/2807.pdf HTTP/1.1" 200 109205
198.27.82.146 - - [03/Nov/2014:04:36:09 -0500] "GET /gallery2/g2data/cache/derivative/1/5/150.dat HTTP/1.0" 404 1019
198.27.82.146 - - [03/Nov/2014:04:36:12 -0500] "GET /gallery2/g2data/cache/derivative/1/5/152-meta.inc HTTP/1.0" 404 1019
180.76.5.58 - - [03/Nov/2014:04:36:12 -0500] "GET /BLA/resoluciones/AUTOS%202013/0322.pdf HTTP/1.1" 200 1893900
180.76.5.19 - - [03/Nov/2014:04:36:13 -0500] "GET /BLA/resoluciones/RESOLUCIONES%202009/4942.pdf HTTP/1.1" 200 356588
180.76.5.74 - - [03/Nov/2014:04:36:13 -0500] "GET /BLA/resoluciones/AUTOS%202010/0144.pdf HTTP/1.1" 200 199643
180.76.5.73 - - [03/Nov/2014:04:36:15 -0500] "GET /BLA/resoluciones/AUTOS%202011/6247.pdf HTTP/1.1" 200 214872
198.27.82.146 - - [03/Nov/2014:04:36:18 -0500] "GET /gallery2/g2data/cache/derivative/1/5/152.dat HTTP/1.0" 404 1019
180.76.6.156 - - [03/Nov/2014:04:36:18 -0500] "GET /BLA/resoluciones/RESOLUCIONES%202009/9784.pdf HTTP/1.1" 200 333556
198.27.82.146 - - [03/Nov/2014:04:36:22 -0500] "GET /gallery2/g2data/cache/derivative/1/5/154-meta.inc HTTP/1.0" 404 1019
180.76.5.63 - - [03/Nov/2014:04:36:24 -0500] "GET /BLA/resoluciones/AUTOS%202009/1121.pdf HTTP/1.1" 200 101912
180.76.5.172 - - [03/Nov/2014:04:36:32 -0500] "GET /BLA/resoluciones/AUTOS%202011/7559.pdf HTTP/1.1" 200 130186
180.76.5.188 - - [03/Nov/2014:04:36:33 -0500] "GET /BLA/resoluciones/RESOLUCIONES%202010/7680.pdf HTTP/1.1" 200 63799
