180.76.6.136 - - [03/Nov/2014:04:45:25 -0500] "GET /BLA/resoluciones/AUTOS%202007/0473.pdf HTTP/1.1" 200 126621
74.86.158.107 - - [03/Nov/2014:04:45:27 -0500] "HEAD / HTTP/1.1" 302 -
198.27.82.146 - - [03/Nov/2014:04:45:29 -0500] "GET /gallery2/g2data/cache/derivative/2/6/268.dat HTTP/1.0" 404 1019
180.76.6.53 - - [03/Nov/2014:04:45:29 -0500] "GET /BLA/resoluciones/RESOLUCIONES%202009/0264.pdf HTTP/1.1" 200 172212
180.76.5.58 - - [03/Nov/2014:04:45:30 -0500] "GET /BLA/resoluciones/RESOLUCIONES%202011/1008.pdf HTTP/1.1" 200 72043
180.76.6.41 - - [03/Nov/2014:04:45:31 -0500] "GET /BLA/resoluciones/RESOLUCIONES%202007/RES%202007%201601%20AL%201725/RESOLUCION%201615%20DE%202007.pdf HTTP/1.1" 200 308205
180.76.5.66 - - [03/Nov/2014:04:45:31 -0500] "GET /BLA/resoluciones/RESOLUCIONES%202007/RES%202007%201201%20AL%201300/RESOLUCION%201205%20DE%202007.pdf HTTP/1.1" 200 390506
198.27.82.146 - - [03/Nov/2014:04:45:33 -0500] "GET /gallery2/g2data/cache/derivative/2/6/?C=D;O=A HTTP/1.0" 404 1019
180.76.5.189 - - [03/Nov/2014:04:45:34 -0500] "GET /BLA/resoluciones/RESOLUCIONES%202009/1961.pdf HTTP/1.1" 200 319792
198.27.82.146 - - [03/Nov/2014:04:45:36 -0500] "GET /gallery2/g2data/cache/derivative/2/6/?C=M;O=A HTTP/1.0" 404 1019
180.76.5.187 - - [03/Nov/2014:04:45:36 -0500] "GET /BLA/resoluciones/RESOLUCIONES%202011/0974.pdf HTTP/1.1" 200 70939
180.76.5.171 - - [03/Nov/2014:04:45:38 -0500] "GET /BLA/resoluciones/RESOLUCIONES%202009/3608.pdf HTTP/1.1" 200 103666
180.76.5.71 - - [03/Nov/2014:04:45:38 -0500] "GET /BLA/resoluciones/RESOLUCIONES%202007/RES%202007%201901%20AL%202000/RESOLUCION%201971%20DE%202007.pdf HTTP/1.1" 200 146291
195.154.77.10 - - [03/Nov/2014:04:45:42 -0500] "GET /gallery2/g2data/cache/derivative/0/3/32-meta.inc HTTP/1.0" 404 1015
180.76.5.148 - - [03/Nov/2014:04:45:44 -0500] "GET /BLA/resoluciones/RESOLUCIONES%202011/0593.pdf HTTP/1.1" 200 287410
195.154.77.10 - - [03/Nov/2014:04:45:46 -0500] "GET /gallery2/g2data/cache/derivative/0/3/32.dat HTTP/1.0" 404 1015
180.76.5.177 - - [03/Nov/2014:04:45:46 -0500] "GET /BLA/resoluciones/RESOLUCIONES%202009/0915.pdf HTTP/1.1" 200 208123
180.76.5.150 - - [03/Nov/2014:04:45:46 -0500] "GET /BLA/resoluciones/RESOLUCIONES%202009/1689.pdf HTTP/1.1" 200 291262
198.27.82.146 - - [03/Nov/2014:04:45:49 -0500] "GET /gallery2/g2data/cache/derivative/2/6/?C=N;O=D HTTP/1.0" 404 1019
180.76.5.151 - - [03/Nov/2014:04:45:50 -0500] "GET /BLA/resoluciones/Autos%202008/1952.pdf HTTP/1.1" 200 90102
180.76.5.223 - - [03/Nov/2014:04:45:50 -0500] "GET /BLA/resoluciones/AUTOS%202010/5419.pdf HTTP/1.1" 200 203074
198.27.82.146 - - [03/Nov/2014:04:45:51 -0500] "GET /gallery2/g2data/cache/derivative/2/6/?C=S;O=A HTTP/1.0" 404 1019
180.76.5.147 - - [03/Nov/2014:04:45:53 -0500] "GET /BLA/resoluciones/RESOLUCIONES%202007/RES%202007%204101%20AL%204200/RESOLUCION%204104%20DE%202007.pdf HTTP/1.1" 200 173469
180.76.5.143 - - [03/Nov/2014:04:45:54 -0500] "GET /BLA/resoluciones/AUTOS%202007/1499.pdf HTTP/1.1" 200 262604
157.55.39.47 - - [03/Nov/2014:04:45:55 -0500] "GET /BLA/resoluciones/Resoluciones%202011/5063.pdf HTTP/1.1" 200 422783
180.76.5.197 - - [03/Nov/2014:04:45:55 -0500] "GET /BLA/resoluciones/Autos%202008/0041.pdf HTTP/1.1" 200 159903
157.55.39.47 - - [03/Nov/2014:04:45:56 -0500] "GET /BLA/resoluciones/RESOLUCIONES%202011/1366.pdf HTTP/1.1" 200 66735
157.55.39.47 - - [03/Nov/2014:04:45:56 -0500] "GET /BLA/resoluciones/RESOLUCIONES%202009/2396.pdf HTTP/1.1" 200 424417
157.55.39.47 - - [03/Nov/2014:04:45:56 -0500] "GET /BLA/resoluciones/RESOLUCIONES%202011/5972.pdf HTTP/1.1" 200 489799
195.154.77.10 - - [03/Nov/2014:04:45:57 -0500] "GET /gallery2/g2data/cache/derivative/0/3/34-meta.inc HTTP/1.0" 404 1015
157.55.39.47 - - [03/Nov/2014:04:45:57 -0500] "GET /BLA/resoluciones/AUTOS%202011/2084.pdf HTTP/1.1" 200 123180
157.55.39.47 - - [03/Nov/2014:04:45:57 -0500] "GET /BLA/resoluciones/RESOLUCIONES%202010/2564.pdf HTTP/1.1" 200 500121
201.245.192.253 - - [03/Nov/2014:04:45:58 -0500] "GET /forestReports/webcontent/birt/admin/js/yui/element-min.js HTTP/1.1" 304 -
198.27.82.146 - - [03/Nov/2014:04:45:58 -0500] "GET /gallery2/g2data/cache/derivative/2/7/270-meta.inc HTTP/1.0" 404 1019
157.55.39.47 - - [03/Nov/2014:04:45:58 -0500] "GET /BLA/resoluciones/Autos%202008/2445.pdf HTTP/1.1" 200 230056
180.76.5.23 - - [03/Nov/2014:04:45:59 -0500] "GET /BLA/resoluciones/AUTOS%202007/1374.pdf HTTP/1.1" 200 27148
195.154.77.10 - - [03/Nov/2014:04:46:00 -0500] "GET /gallery2/g2data/cache/derivative/0/3/34.dat HTTP/1.0" 404 1015
180.76.5.167 - - [03/Nov/2014:04:46:01 -0500] "GET /BLA/resoluciones/RESOLUCIONES%202010/2005.pdf HTTP/1.1" 200 341416
198.27.82.146 - - [03/Nov/2014:04:46:04 -0500] "GET /gallery2/g2data/cache/derivative/2/7/270.dat HTTP/1.0" 404 1019
180.76.6.134 - - [03/Nov/2014:04:46:04 -0500] "GET /BLA/resoluciones/RESOLUCIONES%202008/2766.pdf HTTP/1.1" 200 190223
180.76.6.48 - - [03/Nov/2014:04:46:05 -0500] "GET /BLA/resoluciones/AUTOS%202009/2898.pdf HTTP/1.1" 200 84648
195.154.77.10 - - [03/Nov/2014:04:46:06 -0500] "GET /gallery2/g2data/cache/derivative/0/3/36-meta.inc HTTP/1.0" 404 1015
180.76.6.36 - - [03/Nov/2014:04:46:06 -0500] "GET /BLA/resoluciones/AUTOS%202009/0614.pdf HTTP/1.1" 200 119996
180.76.6.157 - - [03/Nov/2014:04:46:06 -0500] "GET /BLA/resoluciones/RESOLUCIONES%202013/3771.pdf HTTP/1.1" 200 355884
198.27.82.146 - - [03/Nov/2014:04:46:07 -0500] "GET /gallery2/g2data/cache/derivative/2/7/272-meta.inc HTTP/1.0" 404 1019
180.76.5.28 - - [03/Nov/2014:04:46:08 -0500] "GET /BLA/resoluciones/AUTOS%202007/0163.pdf HTTP/1.1" 200 48436
180.76.5.22 - - [03/Nov/2014:04:46:09 -0500] "GET /BLA/resoluciones/RESOLUCIONES%202009/7955.pdf HTTP/1.1" 200 80449
180.76.6.148 - - [03/Nov/2014:04:46:11 -0500] "GET /BLA/resoluciones/RESOLUCIONES%202009/1491.pdf HTTP/1.1" 200 343925
180.76.6.232 - - [03/Nov/2014:04:46:11 -0500] "GET /BLA/resoluciones/RESOLUCIONES%202010/0637.pdf HTTP/1.1" 200 514071
188.165.15.126 - - [03/Nov/2014:04:46:14 -0500] "GET /BLA/resoluciones/RESOLUCIONES%202006/RES%202006%20451-500/00000465.tif HTTP/1.1" 200 38702
198.27.82.146 - - [03/Nov/2014:04:46:15 -0500] "GET /gallery2/g2data/cache/derivative/2/7/272.dat HTTP/1.0" 404 1019
198.27.82.146 - - [03/Nov/2014:04:46:17 -0500] "GET /gallery2/g2data/cache/derivative/2/7/274-meta.inc HTTP/1.0" 404 1019
195.154.77.10 - - [03/Nov/2014:04:46:18 -0500] "GET /gallery2/g2data/cache/derivative/0/3/36.dat HTTP/1.0" 404 1015
180.76.5.149 - - [03/Nov/2014:04:46:21 -0500] "GET /BLA/resoluciones/RESOLUCIONES%202011/1235.pdf HTTP/1.1" 200 273353
157.55.39.46 - - [03/Nov/2014:04:46:22 -0500] "GET /BLA/resoluciones/RESOLUCIONES%202009/8765.pdf HTTP/1.1" 200 56052
180.76.6.58 - - [03/Nov/2014:04:46:22 -0500] "GET /BLA/resoluciones/RESOLUCIONES%202008/0693.pdf HTTP/1.1" 200 34604
157.55.39.46 - - [03/Nov/2014:04:46:22 -0500] "GET /bla/resoluciones/RESOLUCIONES%202009/0467.pdf HTTP/1.1" 200 466098
188.165.15.205 - - [03/Nov/2014:04:46:22 -0500] "GET /BLA/resoluciones/RESOLUCIONES%202005/RES%202005%20%201701-1750/00001742.tif HTTP/1.1" 200 358410
157.55.39.46 - - [03/Nov/2014:04:46:23 -0500] "GET /BLA/resoluciones/RESOLUCIONES%202009/0990.pdf HTTP/1.1" 200 252867
157.55.39.46 - - [03/Nov/2014:04:46:23 -0500] "GET /BLA/resoluciones/Resoluciones%202011/3369.pdf HTTP/1.1" 200 749916
198.27.82.146 - - [03/Nov/2014:04:46:23 -0500] "GET /gallery2/g2data/cache/derivative/2/7/274.dat HTTP/1.0" 404 1019
157.55.39.46 - - [03/Nov/2014:04:46:24 -0500] "GET /BLA/resoluciones/RESOLUCIONES%202010/7759.pdf HTTP/1.1" 200 80621
157.55.39.46 - - [03/Nov/2014:04:46:24 -0500] "GET /BLA/resoluciones/RESOLUCIONES%202008/0227.pdf HTTP/1.1" 200 281834
157.55.39.46 - - [03/Nov/2014:04:46:24 -0500] "GET /bla/resoluciones/RESOLUCIONES%202011/1668.pdf HTTP/1.1" 200 73411
180.76.5.194 - - [03/Nov/2014:04:46:25 -0500] "GET /BLA/resoluciones/Autos%202008/1865.pdf HTTP/1.1" 200 159569
201.245.192.253 - - [03/Nov/2014:04:46:26 -0500] "GET /forestReports/webcontent/birt/admin/css/client.css HTTP/1.1" 304 -
180.76.5.172 - - [03/Nov/2014:04:46:26 -0500] "GET /BLA/resoluciones/AUTOS%202011/5322.pdf HTTP/1.1" 200 602303
180.76.5.144 - - [03/Nov/2014:04:46:26 -0500] "GET /BLA/resoluciones/AUTOS%202011/6165.pdf HTTP/1.1" 200 977845
198.27.82.146 - - [03/Nov/2014:04:46:28 -0500] "GET /gallery2/g2data/cache/derivative/2/7/276-meta.inc HTTP/1.0" 404 1019
157.55.39.46 - - [03/Nov/2014:04:46:28 -0500] "GET /BLA/resoluciones/RESOLUCIONES%202008/5259.pdf HTTP/1.1" 200 342199
180.76.6.145 - - [03/Nov/2014:04:46:28 -0500] "GET /BLA/resoluciones/RESOLUCIONES%202013/0868.pdf HTTP/1.1" 200 1943686
157.55.39.47 - - [03/Nov/2014:04:46:28 -0500] "GET /BLA/resoluciones/Autos%202008/2216.pdf HTTP/1.1" 200 100527
66.249.64.163 - - [03/Nov/2014:04:46:29 -0500] "GET /BLA/resoluciones/RESOLUCIONES%202007/RES%202007%202201%20AL%202300/RESOLUCION%202224%20DE%202007.pdf HTTP/1.1" 200 315004
198.27.82.146 - - [03/Nov/2014:04:46:30 -0500] "GET /gallery2/g2data/cache/derivative/2/7/276.dat HTTP/1.0" 404 1019
180.76.5.172 - - [03/Nov/2014:04:46:32 -0500] "GET /BLA/resoluciones/Autos%202008/1445.pdf HTTP/1.1" 200 242896
180.76.5.57 - - [03/Nov/2014:04:46:32 -0500] "GET /BLA/resoluciones/RESOLUCIONES%202007/RES%202007%20301%20AL%20400/RESOLUCION%200354%20DE%202007.pdf HTTP/1.1" 200 170041
180.76.5.17 - - [03/Nov/2014:04:46:34 -0500] "GET /BLA/resoluciones/RESOLUCIONES%202008/0686.pdf HTTP/1.1" 200 48694
180.76.6.149 - - [03/Nov/2014:04:46:36 -0500] "GET /BLA/resoluciones/AUTOS%202012/0323.pdf HTTP/1.1" 200 353422
180.76.6.135 - - [03/Nov/2014:04:46:37 -0500] "GET /BLA/resoluciones/AUTOS%202007/2951.pdf HTTP/1.1" 200 47535
157.55.39.47 - - [03/Nov/2014:04:46:38 -0500] "GET /BLA/resoluciones/RESOLUCIONES%202011/0357.pdf HTTP/1.1" 200 83611
180.76.6.56 - - [03/Nov/2014:04:46:38 -0500] "GET /BLA/resoluciones/RESOLUCIONES%202011/2397.pdf HTTP/1.1" 200 615784
157.55.39.47 - - [03/Nov/2014:04:46:38 -0500] "GET /bla/resoluciones/RESOLUCIONES%202009/9159.pdf HTTP/1.1" 200 436397
157.55.39.47 - - [03/Nov/2014:04:46:39 -0500] "GET /BLA/resoluciones/RESOLUCIONES%202010/6244.pdf HTTP/1.1" 200 84594
180.76.5.173 - - [03/Nov/2014:04:46:39 -0500] "GET /BLA/resoluciones/AUTOS%202009/0605.pdf HTTP/1.1" 200 124457
180.76.6.136 - - [03/Nov/2014:04:46:39 -0500] "GET /BLA/resoluciones/AUTOS%202010/4642.pdf HTTP/1.1" 200 325779
180.76.5.143 - - [03/Nov/2014:04:46:42 -0500] "GET /BLA/resoluciones/AUTOS%202009/0735.pdf HTTP/1.1" 200 560420
180.76.5.148 - - [03/Nov/2014:04:46:44 -0500] "GET /BLA/resoluciones/RESOLUCIONES%202008/0636.pdf HTTP/1.1" 200 18367
195.154.77.10 - - [03/Nov/2014:04:46:46 -0500] "GET /gallery2/g2data/cache/derivative/0/3/38-meta.inc HTTP/1.0" 404 1015
195.154.77.10 - - [03/Nov/2014:04:46:47 -0500] "GET /gallery2/g2data/cache/derivative/0/3/38.dat HTTP/1.0" 404 1015
180.76.5.155 - - [03/Nov/2014:04:46:48 -0500] "GET /BLA/resoluciones/AUTOS%202009/1123.pdf HTTP/1.1" 200 75575
180.76.5.176 - - [03/Nov/2014:04:46:49 -0500] "GET /BLA/resoluciones/Autos%202008/2121.pdf HTTP/1.1" 200 89583
198.27.82.146 - - [03/Nov/2014:04:46:50 -0500] "-" 408 -
195.154.77.10 - - [03/Nov/2014:04:46:51 -0500] "GET /gallery2/g2data/cache/derivative/0/3/?C=D;O=A HTTP/1.0" 404 1015
180.76.6.131 - - [03/Nov/2014:04:46:54 -0500] "GET /BLA/resoluciones/Autos%202008/1288.pdf HTTP/1.1" 200 134663
180.76.6.49 - - [03/Nov/2014:04:46:55 -0500] "GET /BLA/resoluciones/RESOLUCIONES%202013/0509.pdf HTTP/1.1" 200 426710
180.76.5.192 - - [03/Nov/2014:04:46:58 -0500] "GET /BLA/resoluciones/AUTOS%202011/7391.pdf HTTP/1.1" 200 173714
180.76.5.195 - - [03/Nov/2014:04:47:03 -0500] "GET /BLA/resoluciones/RESOLUCIONES%202011/0313.pdf HTTP/1.1" 200 70105
195.154.77.10 - - [03/Nov/2014:04:47:07 -0500] "GET /gallery2/g2data/cache/derivative/0/3/?C=M;O=A HTTP/1.0" 404 1015
180.76.5.75 - - [03/Nov/2014:04:47:07 -0500] "GET /BLA/resoluciones/RESOLUCIONES%202010/5790.pdf HTTP/1.1" 200 82123
180.76.6.133 - - [03/Nov/2014:04:47:11 -0500] "GET /BLA/resoluciones/RESOLUCIONES%202008/2258.pdf HTTP/1.1" 200 200360
180.76.6.65 - - [03/Nov/2014:04:47:11 -0500] "GET /BLA/resoluciones/RESOLUCIONES%202010/5904.pdf HTTP/1.1" 200 612559
180.76.5.71 - - [03/Nov/2014:04:47:14 -0500] "GET /BLA/resoluciones/RESOLUCIONES%202008/1535.pdf HTTP/1.1" 200 239660
195.154.77.10 - - [03/Nov/2014:04:47:17 -0500] "GET /gallery2/g2data/cache/derivative/0/3/?C=N;O=A HTTP/1.0" 404 1015
180.76.5.170 - - [03/Nov/2014:04:47:17 -0500] "GET /BLA/resoluciones/AUTOS%202009/1893.pdf HTTP/1.1" 200 206945
198.27.82.146 - - [03/Nov/2014:04:47:19 -0500] "GET /gallery2/g2data/cache/derivative/2/7/278.dat HTTP/1.0" 404 1019
198.27.82.146 - - [03/Nov/2014:04:47:23 -0500] "GET /gallery2/g2data/cache/derivative/2/9/290.dat HTTP/1.0" 404 1019
180.76.5.27 - - [03/Nov/2014:04:47:23 -0500] "GET /BLA/resoluciones/RESOLUCIONES%202010/6210.pdf HTTP/1.1" 200 848459
180.76.5.81 - - [03/Nov/2014:04:47:24 -0500] "GET /BLA/resoluciones/AUTOS%202007/1096.pdf HTTP/1.1" 200 27452
180.76.5.144 - - [03/Nov/2014:04:47:28 -0500] "GET /BLA/resoluciones/RESOLUCIONES%202010/5776.pdf HTTP/1.1" 200 104542
180.76.5.173 - - [03/Nov/2014:04:47:30 -0500] "GET /BLA/resoluciones/AUTOS%202009/0560.pdf HTTP/1.1" 200 123613
195.154.77.10 - - [03/Nov/2014:04:47:31 -0500] "GET /gallery2/g2data/cache/derivative/0/3/?C=N;O=D HTTP/1.0" 404 1015
180.76.6.45 - - [03/Nov/2014:04:47:31 -0500] "GET /BLA/resoluciones/RESOLUCIONES%202007/RES%202007%203801%20AL%203900/RESOLUCION%203814%20DE%202007.pdf HTTP/1.1" 200 389136
180.76.5.192 - - [03/Nov/2014:04:47:31 -0500] "GET /BLA/resoluciones/AUTOS%202011/4141.pdf HTTP/1.1" 200 216165
180.76.5.63 - - [03/Nov/2014:04:47:32 -0500] "GET /BLA/resoluciones/Autos%202008/2169.pdf HTTP/1.1" 200 154782
180.76.5.67 - - [03/Nov/2014:04:47:33 -0500] "GET /BLA/resoluciones/RESOLUCIONES%202007/RES%202007%201001%20AL%201100/RESOLUCION%201093%20DE%202007.pdf HTTP/1.1" 200 216351
180.76.5.74 - - [03/Nov/2014:04:47:34 -0500] "GET /BLA/resoluciones/RESOLUCIONES%202009/2535.pdf HTTP/1.1" 200 471986
180.76.6.28 - - [03/Nov/2014:04:47:35 -0500] "GET /BLA/resoluciones/AUTOS%202010/5627.pdf HTTP/1.1" 200 208465
195.154.77.10 - - [03/Nov/2014:04:47:35 -0500] "GET /gallery2/g2data/cache/derivative/0/3/?C=S;O=A HTTP/1.0" 404 1015
180.76.5.175 - - [03/Nov/2014:04:47:37 -0500] "GET /BLA/resoluciones/RESOLUCIONES%202008/0176.pdf HTTP/1.1" 200 289175
180.76.6.157 - - [03/Nov/2014:04:47:37 -0500] "GET /BLA/resoluciones/RESOLUCIONES%202008/0035.pdf HTTP/1.1" 200 475094
180.76.5.154 - - [03/Nov/2014:04:47:38 -0500] "GET /BLA/resoluciones/AUTOS%202009/2069.pdf HTTP/1.1" 200 100325
180.76.5.187 - - [03/Nov/2014:04:47:39 -0500] "GET /BLA/resoluciones/RESOLUCIONES%202011/4587.pdf HTTP/1.1" 200 712336
195.154.77.10 - - [03/Nov/2014:04:47:43 -0500] "GET /gallery2/g2data/cache/derivative/0/4/40-meta.inc HTTP/1.0" 404 1015
195.154.77.10 - - [03/Nov/2014:04:47:48 -0500] "GET /gallery2/g2data/cache/derivative/0/4/40.dat HTTP/1.0" 404 1015
180.76.6.132 - - [03/Nov/2014:04:47:49 -0500] "GET /BLA/resoluciones/RESOLUCIONES%202007/RES%202007%203501%20AL%203600/RESOLUCION%203517%20DE%202007.pdf HTTP/1.1" 200 53512
180.76.6.42 - - [03/Nov/2014:04:47:50 -0500] "GET /BLA/resoluciones/RESOLUCIONES%202010/1149.pdf HTTP/1.1" 200 93727
180.76.6.65 - - [03/Nov/2014:04:47:51 -0500] "GET /BLA/resoluciones/RESOLUCIONES%202009/0801.pdf HTTP/1.1" 200 222432
180.76.6.158 - - [03/Nov/2014:04:47:59 -0500] "GET /BLA/resoluciones/RESOLUCIONES%202010/6288.pdf HTTP/1.1" 200 3356825
180.76.6.231 - - [03/Nov/2014:04:48:00 -0500] "GET /BLA/resoluciones/RESOLUCIONES%202010/5359.pdf HTTP/1.1" 200 365193
180.76.6.138 - - [03/Nov/2014:04:48:01 -0500] "GET /BLA/resoluciones/RESOLUCIONES%202011/3380.pdf HTTP/1.1" 200 739776
180.76.6.233 - - [03/Nov/2014:04:48:01 -0500] "GET /BLA/resoluciones/RESOLUCIONES%202010/7485.pdf HTTP/1.1" 200 36378
180.76.6.156 - - [03/Nov/2014:04:48:02 -0500] "GET /BLA/resoluciones/RESOLUCIONES%202009/8855.pdf HTTP/1.1" 200 186459
180.76.5.76 - - [03/Nov/2014:04:48:03 -0500] "GET /BLA/resoluciones/Autos%202008/2547.pdf HTTP/1.1" 200 135843
180.76.5.149 - - [03/Nov/2014:04:48:04 -0500] "GET /BLA/resoluciones/RESOLUCIONES%202009/7315.pdf HTTP/1.1" 200 317110
195.154.77.10 - - [03/Nov/2014:04:48:10 -0500] "GET /gallery2/g2data/cache/derivative/0/4/42-meta.inc HTTP/1.0" 404 1015
180.76.6.14 - - [03/Nov/2014:04:48:11 -0500] "GET /BLA/resoluciones/AUTOS%202012/1306.pdf HTTP/1.1" 200 191163
198.27.82.146 - - [03/Nov/2014:04:48:11 -0500] "GET /gallery2/g2data/cache/derivative/2/9/292-meta.inc HTTP/1.0" 404 1019
195.154.77.10 - - [03/Nov/2014:04:48:12 -0500] "GET /gallery2/g2data/cache/derivative/0/4/42.dat HTTP/1.0" 404 1015
180.76.5.73 - - [03/Nov/2014:04:48:13 -0500] "GET /BLA/resoluciones/RESOLUCIONES%202009/3686.pdf HTTP/1.1" 200 132268
188.165.15.132 - - [03/Nov/2014:04:48:13 -0500] "GET /BLA/resoluciones/RESOLUCIONES%202005/RES%202005%203051-3100/00003086.tif HTTP/1.1" 200 160864
195.154.77.10 - - [03/Nov/2014:04:48:15 -0500] "GET /gallery2/g2data/cache/derivative/0/4/44-meta.inc HTTP/1.0" 404 1015
180.76.5.189 - - [03/Nov/2014:04:48:15 -0500] "GET /BLA/resoluciones/RESOLUCIONES%202009/0352.pdf HTTP/1.1" 200 364844
198.27.82.146 - - [03/Nov/2014:04:48:17 -0500] "GET /gallery2/g2data/cache/derivative/2/9/292.dat HTTP/1.0" 404 1019
180.76.5.144 - - [03/Nov/2014:04:48:17 -0500] "GET /BLA/resoluciones/RESOLUCIONES%202009/0016.pdf HTTP/1.1" 200 223651
201.245.192.253 - - [03/Nov/2014:04:48:20 -0500] "GET /forestReports/webcontent/birt/admin/css/autocomplete.css HTTP/1.1" 304 -
198.27.82.146 - - [03/Nov/2014:04:48:20 -0500] "GET /gallery2/g2data/cache/derivative/2/9/295.dat HTTP/1.0" 404 1019
198.27.82.146 - - [03/Nov/2014:04:48:23 -0500] "GET /gallery2/g2data/cache/derivative/2/9/298.dat HTTP/1.0" 404 1019
180.76.5.76 - - [03/Nov/2014:04:48:23 -0500] "GET /BLA/resoluciones/AUTOS%202009/1662.pdf HTTP/1.1" 200 112407
198.27.82.146 - - [03/Nov/2014:04:48:25 -0500] "GET /gallery2/g2data/cache/derivative/2/9/?C=D;O=A HTTP/1.0" 404 1019
180.76.6.66 - - [03/Nov/2014:04:48:27 -0500] "GET /BLA/resoluciones/AUTOS%202009/2399.pdf HTTP/1.1" 200 102400
198.27.82.146 - - [03/Nov/2014:04:48:28 -0500] "GET /gallery2/g2data/cache/derivative/2/9/?C=M;O=A HTTP/1.0" 404 1019
201.245.192.253 - - [03/Nov/2014:04:48:29 -0500] "GET /forestReports/webcontent/birt/admin/js/jquery_layout/jquery-latest.js HTTP/1.1" 304 -
195.154.77.10 - - [03/Nov/2014:04:48:30 -0500] "GET /gallery2/g2data/cache/derivative/0/4/44.dat HTTP/1.0" 404 1015
198.27.82.146 - - [03/Nov/2014:04:48:30 -0500] "GET /gallery2/g2data/cache/derivative/2/9/?C=N;O=D HTTP/1.0" 404 1019
180.76.6.46 - - [03/Nov/2014:04:48:30 -0500] "GET /BLA/resoluciones/RESOLUCIONES%202008/2397.pdf HTTP/1.1" 200 201710
180.76.6.45 - - [03/Nov/2014:04:48:33 -0500] "GET /BLA/resoluciones/RESOLUCIONES%202011/0642.pdf HTTP/1.1" 200 359462
180.76.5.57 - - [03/Nov/2014:04:48:33 -0500] "GET /BLA/resoluciones/RESOLUCIONES%202010/7091.pdf HTTP/1.1" 200 267681
66.249.64.167 - - [03/Nov/2014:04:48:33 -0500] "GET /BLA/resoluciones/RESOLUCIONES%202002/RES%202002%20101-150/2002RES104.tif HTTP/1.1" 200 158994
195.154.77.10 - - [03/Nov/2014:04:48:34 -0500] "GET /gallery2/g2data/cache/derivative/0/4/46-meta.inc HTTP/1.0" 404 1015
198.27.82.146 - - [03/Nov/2014:04:48:34 -0500] "GET /gallery2/g2data/cache/derivative/2/9/?C=S;O=A HTTP/1.0" 404 1019
180.76.5.175 - - [03/Nov/2014:04:48:36 -0500] "GET /BLA/resoluciones/Autos%202008/2274.pdf HTTP/1.1" 200 212985
198.27.82.146 - - [03/Nov/2014:04:48:38 -0500] "GET /gallery2/g2data/cache/derivative/2/?C=D;O=D HTTP/1.0" 404 1019
180.76.5.81 - - [03/Nov/2014:04:48:38 -0500] "GET /BLA/resoluciones/RESOLUCIONES%202010/6287.pdf HTTP/1.1" 200 2052532
195.154.77.10 - - [03/Nov/2014:04:48:39 -0500] "GET /gallery2/g2data/cache/derivative/0/4/46.dat HTTP/1.0" 404 1015
198.27.82.146 - - [03/Nov/2014:04:48:41 -0500] "GET /gallery2/g2data/cache/derivative/2/?C=M;O=D HTTP/1.0" 404 1019
198.27.82.146 - - [03/Nov/2014:04:48:44 -0500] "GET /gallery2/g2data/cache/derivative/2/?C=N;O=A HTTP/1.0" 404 1019
195.154.77.10 - - [03/Nov/2014:04:48:47 -0500] "GET /gallery2/g2data/cache/derivative/0/4/48-meta.inc HTTP/1.0" 404 1015
180.76.6.147 - - [03/Nov/2014:04:48:48 -0500] "GET /BLA/resoluciones/AUTOS%202012/2916.pdf HTTP/1.1" 200 3120757
198.27.82.146 - - [03/Nov/2014:04:48:49 -0500] "GET /gallery2/g2data/cache/derivative/2/?C=S;O=D HTTP/1.0" 404 1019
180.76.5.65 - - [03/Nov/2014:04:48:50 -0500] "GET /BLA/resoluciones/RESOLUCIONES%202009/3880.pdf HTTP/1.1" 200 337787
180.76.5.95 - - [03/Nov/2014:04:48:51 -0500] "GET /BLA/resoluciones/AUTOS%202011/0194.pdf HTTP/1.1" 200 210425
198.27.82.146 - - [03/Nov/2014:04:48:54 -0500] "GET /gallery2/g2data/cache/derivative/3/0/?C=D;O=D HTTP/1.0" 404 1019
180.76.5.168 - - [03/Nov/2014:04:48:55 -0500] "GET /BLA/resoluciones/AUTOS%202010/2607.pdf HTTP/1.1" 200 160815
180.76.5.18 - - [03/Nov/2014:04:48:56 -0500] "GET /BLA/resoluciones/RESOLUCIONES%202009/2376.pdf HTTP/1.1" 200 415881
198.27.82.146 - - [03/Nov/2014:04:48:57 -0500] "GET /gallery2/g2data/cache/derivative/3/0/?C=M;O=D HTTP/1.0" 404 1019
195.154.77.10 - - [03/Nov/2014:04:48:57 -0500] "GET /gallery2/g2data/cache/derivative/0/4/48.dat HTTP/1.0" 404 1015
195.154.77.10 - - [03/Nov/2014:04:48:58 -0500] "GET /gallery2/g2data/cache/derivative/0/4/?C=D;O=A HTTP/1.0" 404 1015
198.27.82.146 - - [03/Nov/2014:04:48:59 -0500] "GET /gallery2/g2data/cache/derivative/3/0/?C=N;O=A HTTP/1.0" 404 1019
180.76.6.37 - - [03/Nov/2014:04:49:00 -0500] "GET /BLA/resoluciones/AUTOS%202011/2801.pdf HTTP/1.1" 200 375607
180.76.6.16 - - [03/Nov/2014:04:49:03 -0500] "GET /BLA/resoluciones/RESOLUCIONES%202011/3460.pdf HTTP/1.1" 200 821412
198.27.82.146 - - [03/Nov/2014:04:49:03 -0500] "GET /gallery2/g2data/cache/derivative/3/0/?C=S;O=D HTTP/1.0" 404 1019
180.76.5.22 - - [03/Nov/2014:04:49:05 -0500] "GET /BLA/resoluciones/RESOLUCIONES%202010/6921.pdf HTTP/1.1" 200 711378
198.27.82.146 - - [03/Nov/2014:04:49:05 -0500] "GET /gallery2/g2data/cache/derivative/3/1/?C=D;O=D HTTP/1.0" 404 1019
195.154.77.10 - - [03/Nov/2014:04:49:06 -0500] "GET /gallery2/g2data/cache/derivative/0/4/?C=M;O=A HTTP/1.0" 404 1015
180.76.5.153 - - [03/Nov/2014:04:49:07 -0500] "GET /BLA/resoluciones/RESOLUCIONES%202010/5217.pdf HTTP/1.1" 200 783867
198.27.82.146 - - [03/Nov/2014:04:49:09 -0500] "GET /gallery2/g2data/cache/derivative/3/1/?C=M;O=D HTTP/1.0" 404 1019
195.154.77.10 - - [03/Nov/2014:04:49:10 -0500] "GET /gallery2/g2data/cache/derivative/0/4/?C=N;O=A HTTP/1.0" 404 1015
180.76.5.62 - - [03/Nov/2014:04:49:11 -0500] "GET /BLA/resoluciones/RESOLUCIONES%202009/1717.pdf HTTP/1.1" 200 635216
180.76.5.27 - - [03/Nov/2014:04:49:11 -0500] "GET /BLA/resoluciones/Autos%202008/1782.pdf HTTP/1.1" 200 278202
198.27.82.146 - - [03/Nov/2014:04:49:12 -0500] "GET /gallery2/g2data/cache/derivative/3/1/?C=N;O=A HTTP/1.0" 404 1019
180.76.5.172 - - [03/Nov/2014:04:49:13 -0500] "GET /BLA/resoluciones/RESOLUCIONES%202009/2348.pdf HTTP/1.1" 200 498059
180.76.6.48 - - [03/Nov/2014:04:49:14 -0500] "GET /BLA/resoluciones/AUTOS%202011/1737.pdf HTTP/1.1" 200 233072
180.76.6.154 - - [03/Nov/2014:04:49:15 -0500] "GET /BLA/resoluciones/RESOLUCIONES%202008/0061.pdf HTTP/1.1" 200 282891
198.27.82.146 - - [03/Nov/2014:04:49:16 -0500] "GET /gallery2/g2data/cache/derivative/3/1/?C=S;O=D HTTP/1.0" 404 1019
195.154.77.10 - - [03/Nov/2014:04:49:17 -0500] "GET /gallery2/g2data/cache/derivative/0/4/?C=N;O=D HTTP/1.0" 404 1015
180.76.6.151 - - [03/Nov/2014:04:49:17 -0500] "GET /BLA/resoluciones/AUTOS%202009/0546.pdf HTTP/1.1" 200 183550
180.76.6.36 - - [03/Nov/2014:04:49:18 -0500] "GET /BLA/resoluciones/RESOLUCIONES%202008/1212.pdf HTTP/1.1" 200 67146
180.76.5.154 - - [03/Nov/2014:04:49:18 -0500] "GET /BLA/resoluciones/RESOLUCIONES%202012/0881.pdf HTTP/1.1" 200 415949
198.27.82.146 - - [03/Nov/2014:04:49:18 -0500] "GET /mail/Mail/?C=D;O=D HTTP/1.0" 404 1019
180.76.6.136 - - [03/Nov/2014:04:49:20 -0500] "GET /BLA/resoluciones/AUTOS%202009/2844.pdf HTTP/1.1" 200 99190
180.76.5.173 - - [03/Nov/2014:04:49:20 -0500] "GET /BLA/resoluciones/RESOLUCIONES%202010/0096.pdf HTTP/1.1" 200 506267
180.76.5.72 - - [03/Nov/2014:04:49:24 -0500] "GET /BLA/resoluciones/RESOLUCIONES%202007/RES%202007%203701%20AL%203800/RESOLUCION%203762%20DE%202007.pdf HTTP/1.1" 200 68019
180.76.6.14 - - [03/Nov/2014:04:49:24 -0500] "GET /BLA/resoluciones/RESOLUCIONES%202011/2363.pdf HTTP/1.1" 200 782340
198.27.82.146 - - [03/Nov/2014:04:49:25 -0500] "GET /mail/Mail/?C=M;O=D HTTP/1.0" 404 1019
180.76.6.150 - - [03/Nov/2014:04:49:25 -0500] "GET /BLA/resoluciones/RESOLUCIONES%202007/RES%202007%203401%20AL%203500/RESOLUCION%203405%20%20DE%202007.pdf HTTP/1.1" 200 587457
198.27.82.146 - - [03/Nov/2014:04:49:27 -0500] "GET /mail/Mail/?C=S;O=D HTTP/1.0" 404 1019
195.154.77.10 - - [03/Nov/2014:04:49:29 -0500] "GET /gallery2/g2data/cache/derivative/0/4/?C=S;O=A HTTP/1.0" 404 1015
180.76.5.78 - - [03/Nov/2014:04:49:29 -0500] "GET /BLA/resoluciones/RESOLUCIONES%202007/RES%202007%201801%20AL%201900/RESOLUCION%201810%20DE%202007.pdf HTTP/1.1" 200 761561
198.27.82.146 - - [03/Nov/2014:04:49:31 -0500] "GET /mail/Mail/Queue/Container/?C=D;O=D HTTP/1.0" 404 1019
180.76.5.166 - - [03/Nov/2014:04:49:33 -0500] "GET /BLA/resoluciones/Autos%202008/1775.pdf HTTP/1.1" 200 164090
195.154.77.10 - - [03/Nov/2014:04:49:34 -0500] "GET /gallery2/g2data/cache/derivative/0/5/50-meta.inc HTTP/1.0" 404 1015
180.76.5.76 - - [03/Nov/2014:04:49:35 -0500] "GET /BLA/resoluciones/AUTOS%202011/5274.pdf HTTP/1.1" 200 1149632
198.27.82.146 - - [03/Nov/2014:04:49:35 -0500] "GET /mail/Mail/Queue/Container/?C=M;O=D HTTP/1.0" 404 1019
201.255.89.108 - - [03/Nov/2014:04:49:36 -0500] "GET /BLA/boletinlegal/js/jquery.js HTTP/1.1" 200 57254
201.255.89.108 - - [03/Nov/2014:04:49:36 -0500] "GET /BLA/boletinlegal/js/jquery.scrollTo-min.js HTTP/1.1" 200 1150
201.255.89.108 - - [03/Nov/2014:04:49:36 -0500] "GET /BLA/boletinlegal/js/jquery.scrollShow.js HTTP/1.1" 200 4586
195.154.77.10 - - [03/Nov/2014:04:49:38 -0500] "GET /gallery2/g2data/cache/derivative/0/5/50.dat HTTP/1.0" 404 1015
198.27.82.146 - - [03/Nov/2014:04:49:38 -0500] "GET /mail/Mail/Queue/Container/?C=N;O=A HTTP/1.0" 404 1019
180.76.6.28 - - [03/Nov/2014:04:49:39 -0500] "GET /BLA/resoluciones/Autos%202008/0359.pdf HTTP/1.1" 200 147125
180.76.6.143 - - [03/Nov/2014:04:49:40 -0500] "GET /BLA/resoluciones/RESOLUCIONES%202010/6869.pdf HTTP/1.1" 200 188608
180.76.6.53 - - [03/Nov/2014:04:49:40 -0500] "GET /BLA/resoluciones/RESOLUCIONES%202011/2255.pdf HTTP/1.1" 200 749368
198.27.82.146 - - [03/Nov/2014:04:49:41 -0500] "GET /mail/Mail/Queue/Container/?C=S;O=D HTTP/1.0" 404 1019
180.76.6.28 - - [03/Nov/2014:04:49:41 -0500] "GET /BLA/resoluciones/RESOLUCIONES%202008/0640.pdf HTTP/1.1" 200 458068
201.255.89.108 - - [03/Nov/2014:04:49:42 -0500] "GET /hidrico/aguas%20subterraneas/ HTTP/1.1" 404 1296
180.76.5.94 - - [03/Nov/2014:04:49:43 -0500] "GET /BLA/resoluciones/RESOLUCIONES%202007/RES%202007%203701%20AL%203800/RESOLUCION%203767%20DE%202007.pdf HTTP/1.1" 200 52530
201.245.192.253 - - [03/Nov/2014:04:49:43 -0500] "GET /arcgis/services/Calidad_del_Agua_WQI/MapServer/WMSServer?LAYERS=6%2C8%2C4&TRANSPARENT=TRUE&PROJECTION=EPSG%3A4326&FORMAT=image%2Fpng&SERVICE=WMS&VERSION=1.1.1&REQUEST=GetMap&STYLES=&SRS=EPSG%3A4326&BBOX=-74.8828125,4.21875,-74.53125,4.5703125&WIDTH=256&HEIGHT=256 HTTP/1.1" 200 875
198.27.82.146 - - [03/Nov/2014:04:49:44 -0500] "GET /mail/mail2/tests/?C=D;O=D HTTP/1.0" 404 1019
180.76.6.36 - - [03/Nov/2014:04:49:45 -0500] "GET /BLA/resoluciones/RESOLUCIONES%202009/2782.pdf HTTP/1.1" 200 382101
180.76.6.135 - - [03/Nov/2014:04:49:46 -0500] "GET /BLA/resoluciones/RESOLUCIONES%202007/RES%202007%204201%20AL%204300/RESOLUCION%204300%20DE%202007.pdf HTTP/1.1" 200 581651
157.55.39.47 - - [03/Nov/2014:04:49:46 -0500] "GET /BLA/resoluciones/RESOLUCIONES%202008/4227.pdf HTTP/1.1" 200 595611
157.55.39.47 - - [03/Nov/2014:04:49:47 -0500] "GET /bla/resoluciones/RESOLUCIONES%202011/1603.pdf HTTP/1.1" 200 75895
180.76.5.176 - - [03/Nov/2014:04:49:47 -0500] "GET /BLA/resoluciones/RESOLUCIONES%202007/RES%202007%20601%20AL%20700/RESOLUCION%200653%20DE%202007.pdf HTTP/1.1" 200 341749
198.27.82.146 - - [03/Nov/2014:04:49:48 -0500] "GET /mail/mail2/tests/?C=M;O=D HTTP/1.0" 404 1019
180.76.5.23 - - [03/Nov/2014:04:49:48 -0500] "GET /BLA/resoluciones/RESOLUCIONES%202009/8501.pdf HTTP/1.1" 200 274053
198.27.82.146 - - [03/Nov/2014:04:49:50 -0500] "GET /mail/mail2/tests/?C=N;O=D HTTP/1.0" 404 1019
198.27.82.146 - - [03/Nov/2014:04:49:52 -0500] "GET /mail/mail2/tests/?C=S;O=D HTTP/1.0" 404 1019
180.76.6.230 - - [03/Nov/2014:04:49:55 -0500] "GET /BLA/resoluciones/RESOLUCIONES%202010/2016.pdf HTTP/1.1" 200 341736
180.76.6.44 - - [03/Nov/2014:04:49:55 -0500] "GET /BLA/resoluciones/RESOLUCIONES%202010/6346.pdf HTTP/1.1" 200 480648
198.27.82.146 - - [03/Nov/2014:04:49:56 -0500] "GET /menu/images/?C=D;O=D HTTP/1.0" 404 1019
198.27.82.146 - - [03/Nov/2014:04:49:59 -0500] "GET /menu/images/?C=M;O=D HTTP/1.0" 404 1019
180.76.5.168 - - [03/Nov/2014:04:49:59 -0500] "GET /BLA/resoluciones/RESOLUCIONES%202010/0406.pdf HTTP/1.1" 200 515303
180.76.6.43 - - [03/Nov/2014:04:49:59 -0500] "GET /BLA/resoluciones/RESOLUCIONES%202010/6513.pdf HTTP/1.1" 200 45139
180.76.6.56 - - [03/Nov/2014:04:49:59 -0500] "GET /manual_funciones_Listado/index.php?dir=2.5.%20Direcci%F3n%20de%20Gesti%F3n%20Corporativa/&sort=size&order=asc HTTP/1.1" 404 1018
66.249.64.171 - - [03/Nov/2014:04:50:00 -0500] "GET /BLA/resoluciones/RESOLUCIONES%202007/RES%202007%201301%20AL%201400/RESOLUCION%201326%20DE%202007.pdf HTTP/1.1" 200 350512
201.245.192.253 - - [03/Nov/2014:04:50:01 -0500] "GET /arcgis/services/Calidad_del_Agua_WQI/MapServer/WMSServer?LAYERS=6%2C8%2C4&TRANSPARENT=TRUE&PROJECTION=EPSG%3A4326&FORMAT=image%2Fpng&SERVICE=WMS&VERSION=1.1.1&REQUEST=GetMap&STYLES=&SRS=EPSG%3A4326&BBOX=-73.828125,3.8671875,-73.4765625,4.21875&WIDTH=256&HEIGHT=256 HTTP/1.1" 200 875
198.27.82.146 - - [03/Nov/2014:04:50:01 -0500] "GET /menu/images/?C=S;O=D HTTP/1.0" 404 1019
201.245.192.253 - - [03/Nov/2014:04:50:04 -0500] "GET /arcgis/services/Calidad_del_Agua_WQI/MapServer/WMSServer?LAYERS=6%2C8%2C4&TRANSPARENT=TRUE&PROJECTION=EPSG%3A4326&FORMAT=image%2Fpng&SERVICE=WMS&VERSION=1.1.1&REQUEST=GetMap&STYLES=&SRS=EPSG%3A4326&BBOX=-74.8828125,3.8671875,-74.53125,4.21875&WIDTH=256&HEIGHT=256 HTTP/1.1" 200 875
198.27.82.146 - - [03/Nov/2014:04:50:05 -0500] "GET /noticias/themes/orman/?C=D;O=D HTTP/1.0" 404 1019
180.76.5.173 - - [03/Nov/2014:04:50:05 -0500] "GET /BLA/resoluciones/RESOLUCIONES%202011/1416.pdf HTTP/1.1" 200 743410
180.76.6.130 - - [03/Nov/2014:04:50:07 -0500] "GET /BLA/resoluciones/RESOLUCIONES%202011/1311.pdf HTTP/1.1" 200 70237
180.76.6.16 - - [03/Nov/2014:04:50:07 -0500] "GET /BLA/resoluciones/Autos%202008/1808.pdf HTTP/1.1" 200 91558
198.27.82.146 - - [03/Nov/2014:04:50:07 -0500] "GET /noticias/themes/orman/?C=M;O=D HTTP/1.0" 404 1019
201.245.192.253 - - [03/Nov/2014:04:50:08 -0500] "GET /forestReports/webcontent/birt/admin/img/expand_all.gif HTTP/1.1" 304 -
157.55.39.47 - - [03/Nov/2014:04:50:08 -0500] "GET /BLA/resoluciones/RESOLUCIONES%202008/2097.pdf HTTP/1.1" 200 29091
198.27.82.146 - - [03/Nov/2014:04:50:10 -0500] "GET /noticias/themes/orman/?C=S;O=D HTTP/1.0" 404 1019
198.27.82.146 - - [03/Nov/2014:04:50:11 -0500] "GET /noticias/themes/pascal/?C=D;O=D HTTP/1.0" 404 1019
180.76.5.150 - - [03/Nov/2014:04:50:13 -0500] "GET /BLA/resoluciones/AUTOS%202007/2923.pdf HTTP/1.1" 200 376392
198.27.82.146 - - [03/Nov/2014:04:50:14 -0500] "GET /noticias/themes/pascal/?C=M;O=D HTTP/1.0" 404 1019
180.76.5.151 - - [03/Nov/2014:04:50:14 -0500] "GET /BLA/resoluciones/RESOLUCIONES%202013/0102.pdf HTTP/1.1" 200 1072750
180.76.6.61 - - [03/Nov/2014:04:50:15 -0500] "GET /BLA/resoluciones/RESOLUCIONES%202009/0069.pdf HTTP/1.1" 200 371415
201.245.192.253 - - [03/Nov/2014:04:50:15 -0500] "GET /arcgis/services/Calidad_del_Agua_WQI/MapServer/WMSServer?LAYERS=6%2C8%2C4&TRANSPARENT=TRUE&PROJECTION=EPSG%3A4326&FORMAT=image%2Fpng&SERVICE=WMS&VERSION=1.1.1&REQUEST=GetMap&STYLES=&SRS=EPSG%3A4326&BBOX=-73.828125,4.21875,-73.4765625,4.5703125&WIDTH=256&HEIGHT=256 HTTP/1.1" 200 875
198.27.82.146 - - [03/Nov/2014:04:50:17 -0500] "GET /noticias/themes/pascal/?C=S;O=D HTTP/1.0" 404 1019
180.76.6.16 - - [03/Nov/2014:04:50:17 -0500] "GET /BLA/resoluciones/AUTOS%202007/0033.pdf HTTP/1.1" 200 91197
180.76.5.75 - - [03/Nov/2014:04:50:23 -0500] "GET /BLA/resoluciones/RESOLUCIONES%202010/6994.pdf HTTP/1.1" 200 1101370
198.27.82.146 - - [03/Nov/2014:04:50:23 -0500] "GET /planesacc/pdf/planeac/?C=D;O=D HTTP/1.0" 404 1019
180.76.6.55 - - [03/Nov/2014:04:50:23 -0500] "GET /BLA/resoluciones/RESOLUCIONES%202009/1397.pdf HTTP/1.1" 200 4816691
180.76.5.22 - - [03/Nov/2014:04:50:24 -0500] "GET /BLA/resoluciones/Autos%202008/2498.pdf HTTP/1.1" 200 92262
180.76.6.152 - - [03/Nov/2014:04:50:24 -0500] "GET /BLA/resoluciones/AUTOS%202009/3161.pdf HTTP/1.1" 200 131632
180.76.6.138 - - [03/Nov/2014:04:50:25 -0500] "GET /BLA/resoluciones/RESOLUCIONES%202009/0189.pdf HTTP/1.1" 200 256849
180.76.5.57 - - [03/Nov/2014:04:50:27 -0500] "GET /BLA/resoluciones/RESOLUCIONES%202008/1527.pdf HTTP/1.1" 200 69851
180.76.5.66 - - [03/Nov/2014:04:50:27 -0500] "GET /BLA/resoluciones/RESOLUCIONES%202010/7625.pdf HTTP/1.1" 200 365876
180.76.5.19 - - [03/Nov/2014:04:50:27 -0500] "GET /BLA/resoluciones/Autos%202008/1227.pdf HTTP/1.1" 200 105078
74.86.158.107 - - [03/Nov/2014:04:50:27 -0500] "HEAD / HTTP/1.1" 302 -
195.154.77.10 - - [03/Nov/2014:04:50:28 -0500] "GET /gallery2/g2data/cache/derivative/0/5/52-meta.inc HTTP/1.0" 404 1015
198.27.82.146 - - [03/Nov/2014:04:50:32 -0500] "GET /planesacc/pdf/planeac/?C=M;O=D HTTP/1.0" 404 1019
201.245.192.253 - - [03/Nov/2014:04:50:32 -0500] "GET /arcgis/services/Calidad_del_Agua_WQI/MapServer/WMSServer?LAYERS=6%2C8%2C4&TRANSPARENT=TRUE&PROJECTION=EPSG%3A4326&FORMAT=image%2Fpng&SERVICE=WMS&VERSION=1.1.1&REQUEST=GetMap&STYLES=&SRS=EPSG%3A4326&BBOX=-74.1796875,4.21875,-73.828125,4.5703125&WIDTH=256&HEIGHT=256 HTTP/1.1" 200 1436
180.76.5.197 - - [03/Nov/2014:04:50:33 -0500] "GET /BLA/resoluciones/AUTOS%202012/0483.pdf HTTP/1.1" 200 338327
180.76.6.63 - - [03/Nov/2014:04:50:34 -0500] "GET /BLA/resoluciones/AUTOS%202013/1561.pdf HTTP/1.1" 200 850363
180.76.5.143 - - [03/Nov/2014:04:50:34 -0500] "GET /BLA/resoluciones/AUTOS%202011/2698.pdf HTTP/1.1" 200 112398
198.27.82.146 - - [03/Nov/2014:04:50:35 -0500] "GET /portel_dama/administracion/clases_administracion/?C=D;O=D HTTP/1.0" 404 1019
198.27.82.146 - - [03/Nov/2014:04:50:37 -0500] "GET /portel_dama/administracion/clases_administracion/?C=M;O=D HTTP/1.0" 404 1019
180.76.5.171 - - [03/Nov/2014:04:50:40 -0500] "GET /BLA/resoluciones/AUTOS%202013/1083.pdf HTTP/1.1" 200 1714595
180.76.6.155 - - [03/Nov/2014:04:50:42 -0500] "GET /BLA/resoluciones/RESOLUCIONES%202008/2630.pdf HTTP/1.1" 200 164180
180.76.6.131 - - [03/Nov/2014:04:50:43 -0500] "GET /BLA/resoluciones/AUTOS%202011/6538.pdf HTTP/1.1" 200 212025
180.76.5.144 - - [03/Nov/2014:04:50:43 -0500] "GET /BLA/resoluciones/RESOLUCIONES%202009/8857.pdf HTTP/1.1" 200 366556
198.27.82.146 - - [03/Nov/2014:04:50:44 -0500] "GET /portel_dama/administracion/clases_administracion/?C=S;O=D HTTP/1.0" 404 1019
195.154.77.10 - - [03/Nov/2014:04:50:48 -0500] "GET /gallery2/g2data/cache/derivative/0/5/52.dat HTTP/1.0" 404 1015
180.76.5.155 - - [03/Nov/2014:04:50:48 -0500] "GET /BLA/resoluciones/RESOLUCIONES%202009/0721.pdf HTTP/1.1" 200 475721
180.76.6.157 - - [03/Nov/2014:04:50:49 -0500] "GET /BLA/resoluciones/RESOLUCIONES%202011/1550.pdf HTTP/1.1" 200 66705
198.27.82.146 - - [03/Nov/2014:04:50:50 -0500] "GET /portel_dama/administracion/clases_contenido/?C=D;O=D HTTP/1.0" 404 1019
195.154.77.10 - - [03/Nov/2014:04:50:53 -0500] "GET /gallery2/g2data/cache/derivative/0/5/54-meta.inc HTTP/1.0" 404 1015
180.76.6.156 - - [03/Nov/2014:04:50:54 -0500] "GET /BLA/resoluciones/RESOLUCIONES%202008/0283.pdf HTTP/1.1" 200 189941
180.76.5.196 - - [03/Nov/2014:04:50:54 -0500] "GET /BLA/resoluciones/RESOLUCIONES%202010/5251.pdf HTTP/1.1" 200 913949
195.154.77.10 - - [03/Nov/2014:04:50:54 -0500] "GET /gallery2/g2data/cache/derivative/0/5/54.dat HTTP/1.0" 404 1015
198.27.82.146 - - [03/Nov/2014:04:50:55 -0500] "GET /portel_dama/administracion/clases_contenido/?C=M;O=D HTTP/1.0" 404 1019
195.154.77.10 - - [03/Nov/2014:04:50:56 -0500] "GET /gallery2/g2data/cache/derivative/0/5/56-meta.inc HTTP/1.0" 404 1015
195.154.77.10 - - [03/Nov/2014:04:50:58 -0500] "GET /gallery2/g2data/cache/derivative/0/5/56.dat HTTP/1.0" 404 1015
180.76.5.145 - - [03/Nov/2014:04:50:58 -0500] "GET /BLA/resoluciones/RESOLUCIONES%202008/1962.pdf HTTP/1.1" 200 55933
180.76.6.157 - - [03/Nov/2014:04:50:58 -0500] "GET /BLA/resoluciones/RESOLUCIONES%202013/0166.pdf HTTP/1.1" 200 2284894
180.76.5.72 - - [03/Nov/2014:04:50:58 -0500] "GET /BLA/resoluciones/AUTOS%202013/0383.pdf HTTP/1.1" 200 2471229
198.27.82.146 - - [03/Nov/2014:04:50:59 -0500] "GET /portel_dama/administracion/clases_contenido/?C=S;O=D HTTP/1.0" 404 1019
195.154.77.10 - - [03/Nov/2014:04:51:01 -0500] "GET /gallery2/g2data/cache/derivative/0/5/58-meta.inc HTTP/1.0" 404 1015
180.76.6.233 - - [03/Nov/2014:04:51:02 -0500] "GET /BLA/resoluciones/AUTOS%202011/6388.pdf HTTP/1.1" 200 222039
198.27.82.146 - - [03/Nov/2014:04:51:03 -0500] "GET /portel_dama/administracion/css/?C=D;O=D HTTP/1.0" 404 1019
180.76.6.51 - - [03/Nov/2014:04:51:03 -0500] "GET /BLA/resoluciones/AUTOS%202013/2773.pdf HTTP/1.1" 200 1847063
180.76.6.48 - - [03/Nov/2014:04:51:04 -0500] "GET /BLA/resoluciones/RESOLUCIONES%202007/RES%202007%201901%20AL%202000/RESOLUCION%201990%20DE%202007.pdf HTTP/1.1" 200 142110
180.76.5.25 - - [03/Nov/2014:04:51:07 -0500] "GET /BLA/resoluciones/AUTOS%202007/2711.pdf HTTP/1.1" 200 76684
180.76.5.58 - - [03/Nov/2014:04:51:07 -0500] "GET /BLA/resoluciones/AUTOS%202007/0520.pdf HTTP/1.1" 200 284694
180.76.6.152 - - [03/Nov/2014:04:51:07 -0500] "GET /BLA/resoluciones/AUTOS%202007/0183.pdf HTTP/1.1" 200 121022
180.76.6.225 - - [03/Nov/2014:04:51:07 -0500] "GET /BLA/resoluciones/AUTOS%202013/2000.pdf HTTP/1.1" 200 1917726
180.76.5.194 - - [03/Nov/2014:04:51:08 -0500] "GET /BLA/resoluciones/AUTOS%202009/1094.pdf HTTP/1.1" 200 94821
180.76.5.58 - - [03/Nov/2014:04:51:11 -0500] "GET /BLA/resoluciones/RESOLUCIONES%202008/2387.pdf HTTP/1.1" 200 457604
198.27.82.146 - - [03/Nov/2014:04:51:12 -0500] "GET /portel_dama/administracion/css/?C=M;O=D HTTP/1.0" 404 1019
195.154.77.10 - - [03/Nov/2014:04:51:18 -0500] "GET /gallery2/g2data/cache/derivative/0/5/58.dat HTTP/1.0" 404 1015
180.76.5.60 - - [03/Nov/2014:04:51:18 -0500] "GET /BLA/resoluciones/Autos%202008/1249.pdf HTTP/1.1" 200 81817
180.76.5.189 - - [03/Nov/2014:04:51:18 -0500] "GET /BLA/resoluciones/AUTOS%202007/0439.pdf HTTP/1.1" 200 16866
180.76.5.17 - - [03/Nov/2014:04:51:19 -0500] "GET /BLA/resoluciones/RESOLUCIONES%202010/5898.pdf HTTP/1.1" 200 74585
180.76.6.152 - - [03/Nov/2014:04:51:20 -0500] "GET /BLA/resoluciones/RESOLUCIONES%202008/1387.pdf HTTP/1.1" 200 345795
195.154.77.10 - - [03/Nov/2014:04:51:21 -0500] "GET /gallery2/g2data/cache/derivative/0/5/?C=D;O=A HTTP/1.0" 404 1015
180.76.6.157 - - [03/Nov/2014:04:51:25 -0500] "GET /BLA/resoluciones/RESOLUCIONES%202008/0583.pdf HTTP/1.1" 200 426976
195.154.77.10 - - [03/Nov/2014:04:51:25 -0500] "GET /gallery2/g2data/cache/derivative/0/5/?C=M;O=A HTTP/1.0" 404 1015
195.154.77.10 - - [03/Nov/2014:04:51:28 -0500] "GET /gallery2/g2data/cache/derivative/0/5/?C=N;O=A HTTP/1.0" 404 1015
198.27.82.146 - - [03/Nov/2014:04:51:32 -0500] "GET /portel_dama/administracion/css/?C=S;O=D HTTP/1.0" 404 1019
198.27.82.146 - - [03/Nov/2014:04:51:35 -0500] "-" 408 -
180.76.6.55 - - [03/Nov/2014:04:51:39 -0500] "GET /BLA/resoluciones/RESOLUCIONES%202010/7009.pdf HTTP/1.1" 200 476556
180.76.6.154 - - [03/Nov/2014:04:51:44 -0500] "GET /BLA/resoluciones/RESOLUCIONES%202007/RES%202007%20901%20AL%201000/RESOLUCION%200921%20DE%202007.pdf HTTP/1.1" 200 213792
198.27.82.146 - - [03/Nov/2014:04:51:46 -0500] "GET /portel_dama/libreria/css/?C=D;O=D HTTP/1.0" 404 1019
180.76.6.48 - - [03/Nov/2014:04:51:46 -0500] "GET /BLA/resoluciones/RESOLUCIONES%202009/3901.pdf HTTP/1.1" 200 48600
180.76.6.231 - - [03/Nov/2014:04:51:46 -0500] "GET /BLA/resoluciones/RESOLUCIONES%202010/7866.pdf HTTP/1.1" 200 530232
180.76.5.155 - - [03/Nov/2014:04:51:48 -0500] "GET /BLA/resoluciones/AUTOS%202013/1884.pdf HTTP/1.1" 200 413556
180.76.6.51 - - [03/Nov/2014:04:51:50 -0500] "GET /BLA/resoluciones/AUTOS%202011/1412.pdf HTTP/1.1" 200 101797
180.76.6.21 - - [03/Nov/2014:04:51:50 -0500] "GET /BLA/resoluciones/AUTOS%202007/0975.pdf HTTP/1.1" 200 48906
198.27.82.146 - - [03/Nov/2014:04:51:53 -0500] "GET /portel_dama/libreria/css/?C=M;O=D HTTP/1.0" 404 1019
180.76.6.62 - - [03/Nov/2014:04:51:56 -0500] "GET /BLA/resoluciones/RESOLUCIONES%202013/1159.pdf HTTP/1.1" 200 391155
198.27.82.146 - - [03/Nov/2014:04:51:57 -0500] "GET /portel_dama/libreria/css/?C=N;O=A HTTP/1.0" 404 1019
180.76.5.193 - - [03/Nov/2014:04:51:57 -0500] "GET /BLA/resoluciones/RESOLUCIONES%202010/7343.pdf HTTP/1.1" 200 346331
180.76.5.196 - - [03/Nov/2014:04:52:00 -0500] "GET /BLA/resoluciones/RESOLUCIONES%202008/0400.pdf HTTP/1.1" 200 238360
180.76.5.26 - - [03/Nov/2014:04:52:01 -0500] "GET /BLA/resoluciones/RESOLUCIONES%202008/2136.pdf HTTP/1.1" 200 362812
198.27.82.146 - - [03/Nov/2014:04:52:01 -0500] "GET /portel_dama/libreria/css/?C=S;O=D HTTP/1.0" 404 1019
198.27.82.146 - - [03/Nov/2014:04:52:04 -0500] "GET /portel_dama/libreria/doc/?C=D;O=D HTTP/1.0" 404 1019
180.76.6.46 - - [03/Nov/2014:04:52:04 -0500] "GET /BLA/resoluciones/RESOLUCIONES%202009/1958.pdf HTTP/1.1" 200 582987
180.76.5.190 - - [03/Nov/2014:04:52:06 -0500] "GET /BLA/resoluciones/RESOLUCIONES%202011/0900.pdf HTTP/1.1" 200 522477
198.27.82.146 - - [03/Nov/2014:04:52:07 -0500] "GET /portel_dama/libreria/doc/?C=M;O=D HTTP/1.0" 404 1019
180.76.5.195 - - [03/Nov/2014:04:52:10 -0500] "GET /BLA/resoluciones/RESOLUCIONES%202010/5948.pdf HTTP/1.1" 200 78280
198.27.82.146 - - [03/Nov/2014:04:52:11 -0500] "GET /portel_dama/libreria/doc/?C=S;O=D HTTP/1.0" 404 1019
198.27.82.146 - - [03/Nov/2014:04:52:13 -0500] "GET /portel_dama/libreria/gd2/?C=N;O=A HTTP/1.0" 404 1019
180.76.5.17 - - [03/Nov/2014:04:52:14 -0500] "GET /BLA/resoluciones/RESOLUCIONES%202011/1763.pdf HTTP/1.1" 200 517280
180.76.6.44 - - [03/Nov/2014:04:52:15 -0500] "GET /BLA/resoluciones/RESOLUCIONES%202010/0630.pdf HTTP/1.1" 200 530275
188.165.15.75 - - [03/Nov/2014:04:52:18 -0500] "GET /BLA/resoluciones/RESOLUCIONES%202003/RES%202003%20001-050/2003RES4.tif HTTP/1.1" 200 74912
180.76.6.131 - - [03/Nov/2014:04:52:18 -0500] "GET /BLA/resoluciones/AUTOS%202011/2948.pdf HTTP/1.1" 200 482678
195.154.77.10 - - [03/Nov/2014:04:52:20 -0500] "GET /gallery2/g2data/cache/derivative/0/5/?C=N;O=D HTTP/1.0" 404 1015
198.27.82.146 - - [03/Nov/2014:04:52:20 -0500] "GET /portel_dama/libreria/gd2/?C=S;O=D HTTP/1.0" 404 1019
180.76.6.42 - - [03/Nov/2014:04:52:24 -0500] "GET /BLA/resoluciones/RESOLUCIONES%202010/0444.pdf HTTP/1.1" 200 116328
180.76.5.190 - - [03/Nov/2014:04:52:25 -0500] "GET /BLA/resoluciones/RESOLUCIONES%202011/1498.pdf HTTP/1.1" 200 102678
198.27.82.146 - - [03/Nov/2014:04:52:26 -0500] "GET /portel_dama/libreria/htm/?C=D;O=D HTTP/1.0" 404 1019
198.27.82.146 - - [03/Nov/2014:04:52:26 -0500] "-" 408 -
180.76.6.61 - - [03/Nov/2014:04:52:27 -0500] "GET /BLA/resoluciones/AUTOS%202013/0567.pdf HTTP/1.1" 200 1581494
195.154.77.10 - - [03/Nov/2014:04:52:28 -0500] "GET /gallery2/g2data/cache/derivative/0/5/?C=S;O=A HTTP/1.0" 404 1015
180.76.6.17 - - [03/Nov/2014:04:52:28 -0500] "GET /BLA/resoluciones/RESOLUCIONES%202007/RES%202007%202601%20AL%202700/RESOLUCION%202685%20DE%202007.pdf HTTP/1.1" 200 175666
180.76.5.57 - - [03/Nov/2014:04:52:28 -0500] "GET /BLA/resoluciones/AUTOS%202013/1480.pdf HTTP/1.1" 200 1571684
180.76.5.67 - - [03/Nov/2014:04:52:29 -0500] "GET /BLA/resoluciones/AUTOS%202007/2726.pdf HTTP/1.1" 200 53135
180.76.6.133 - - [03/Nov/2014:04:52:30 -0500] "GET /BLA/resoluciones/RESOLUCIONES%202007/RES%202007%203201%20AL%203300/RESOLUCION%203256%20DE%202007.pdf HTTP/1.1" 200 27804
180.76.5.73 - - [03/Nov/2014:04:52:31 -0500] "GET /BLA/resoluciones/AUTOS%202007/2843.pdf HTTP/1.1" 200 118029
198.27.82.146 - - [03/Nov/2014:04:52:31 -0500] "GET /portel_dama/libreria/htm/?C=M;O=D HTTP/1.0" 404 1019
180.76.5.191 - - [03/Nov/2014:04:52:31 -0500] "GET /BLA/resoluciones/AUTOS%202010/5985.pdf HTTP/1.1" 200 192331
180.76.6.154 - - [03/Nov/2014:04:52:33 -0500] "GET /BLA/resoluciones/RESOLUCIONES%202009/2657.pdf HTTP/1.1" 200 716934
180.76.6.139 - - [03/Nov/2014:04:52:38 -0500] "GET /BLA/resoluciones/AUTOS%202010/6439.pdf HTTP/1.1" 200 155883
180.76.6.29 - - [03/Nov/2014:04:52:39 -0500] "GET /BLA/resoluciones/RESOLUCIONES%202007/RES%202007%20301%20AL%20400/RESOLUCION%200306%20DE%202007.pdf HTTP/1.1" 200 332523
180.76.6.130 - - [03/Nov/2014:04:52:39 -0500] "GET /BLA/resoluciones/AUTOS%202007/0730.pdf HTTP/1.1" 200 32270
180.76.5.59 - - [03/Nov/2014:04:52:41 -0500] "GET /BLA/resoluciones/RESOLUCIONES%202010/0795.pdf HTTP/1.1" 200 109402
180.76.6.57 - - [03/Nov/2014:04:52:41 -0500] "GET /BLA/resoluciones/Autos%202008/0301.pdf HTTP/1.1" 200 95913
180.76.5.154 - - [03/Nov/2014:04:52:42 -0500] "GET /BLA/resoluciones/RESOLUCIONES%202009/2219.pdf HTTP/1.1" 200 609273
195.154.77.10 - - [03/Nov/2014:04:52:44 -0500] "GET /gallery2/g2data/cache/derivative/0/5/?C=N;O=D HTTP/1.0" 404 1015
180.76.5.65 - - [03/Nov/2014:04:52:44 -0500] "GET /BLA/resoluciones/RESOLUCIONES%202009/2041.pdf HTTP/1.1" 200 939162
195.154.77.10 - - [03/Nov/2014:04:52:45 -0500] "GET /gallery2/g2data/cache/derivative/0/6/60-meta.inc HTTP/1.0" 404 1015
195.154.77.10 - - [03/Nov/2014:04:52:47 -0500] "GET /gallery2/g2data/cache/derivative/0/6/60.dat HTTP/1.0" 404 1015
180.76.5.20 - - [03/Nov/2014:04:52:48 -0500] "GET /BLA/resoluciones/AUTOS%202007/0360.pdf HTTP/1.1" 200 190417
180.76.5.69 - - [03/Nov/2014:04:52:51 -0500] "GET /BLA/resoluciones/RESOLUCIONES%202007/RES%202007%204101%20AL%204200/RESOLUCION%204134%20%20DE%202007.pdf HTTP/1.1" 200 264525
180.76.5.192 - - [03/Nov/2014:04:52:51 -0500] "GET /BLA/resoluciones/Autos%202008/2289.pdf HTTP/1.1" 200 168498
180.76.5.193 - - [03/Nov/2014:04:52:51 -0500] "GET /BLA/resoluciones/Autos%202008/0379.pdf HTTP/1.1" 200 246625
180.76.6.147 - - [03/Nov/2014:04:52:52 -0500] "GET /BLA/resoluciones/AUTOS%202010/5474.pdf HTTP/1.1" 200 374130
180.76.5.151 - - [03/Nov/2014:04:52:53 -0500] "GET /BLA/resoluciones/RESOLUCIONES%202010/2034.pdf HTTP/1.1" 200 528077
180.76.6.17 - - [03/Nov/2014:04:52:54 -0500] "GET /BLA/resoluciones/RESOLUCIONES%202011/2422.pdf HTTP/1.1" 200 514195
180.76.5.153 - - [03/Nov/2014:04:52:54 -0500] "GET /BLA/resoluciones/RESOLUCIONES%202010/5815.pdf HTTP/1.1" 200 80693
180.76.6.65 - - [03/Nov/2014:04:52:54 -0500] "GET /BLA/resoluciones/RESOLUCIONES%202007/RES%202007%201601%20AL%201725/RESOLUCION%201616%20DE%202007.pdf HTTP/1.1" 200 606710
180.76.6.156 - - [03/Nov/2014:04:52:56 -0500] "GET /BLA/resoluciones/RESOLUCIONES%202008/1956.pdf HTTP/1.1" 200 569656
180.76.6.146 - - [03/Nov/2014:04:53:01 -0500] "GET /BLA/resoluciones/AUTOS%202007/1184.pdf HTTP/1.1" 200 24951
180.76.5.147 - - [03/Nov/2014:04:53:01 -0500] "GET /BLA/resoluciones/Autos%202008/0616.pdf HTTP/1.1" 200 145553
180.76.6.17 - - [03/Nov/2014:04:53:04 -0500] "GET /BLA/resoluciones/RESOLUCIONES%202010/1119.pdf HTTP/1.1" 200 103546
180.76.5.196 - - [03/Nov/2014:04:53:06 -0500] "GET /BLA/resoluciones/Autos%202008/1528.pdf HTTP/1.1" 200 188682
180.76.5.27 - - [03/Nov/2014:04:53:07 -0500] "GET /BLA/resoluciones/RESOLUCIONES%202010/6843.pdf HTTP/1.1" 200 1719435
180.76.6.41 - - [03/Nov/2014:04:53:10 -0500] "GET /BLA/resoluciones/RESOLUCIONES%202011/0493.pdf HTTP/1.1" 200 73257
180.76.5.187 - - [03/Nov/2014:04:53:10 -0500] "GET /BLA/resoluciones/AUTOS%202009/1271.pdf HTTP/1.1" 200 196390
180.76.5.77 - - [03/Nov/2014:04:53:13 -0500] "GET /BLA/resoluciones/RESOLUCIONES%202009/0044.pdf HTTP/1.1" 200 68609
180.76.5.67 - - [03/Nov/2014:04:53:14 -0500] "GET /BLA/resoluciones/AUTOS%202011/0006.pdf HTTP/1.1" 200 313893
180.76.6.135 - - [03/Nov/2014:04:53:17 -0500] "GET /BLA/resoluciones/RESOLUCIONES%202007/RES%202007%202701%20AL%202800/RESOLUCION%202713%20DE%202007.pdf HTTP/1.1" 200 807515
180.76.5.168 - - [03/Nov/2014:04:53:19 -0500] "GET /BLA/resoluciones/RESOLUCIONES%202010/2067.pdf HTTP/1.1" 200 195557
180.76.5.167 - - [03/Nov/2014:04:53:19 -0500] "GET /BLA/resoluciones/RESOLUCIONES%202008/0166.pdf HTTP/1.1" 200 305274
195.154.77.10 - - [03/Nov/2014:04:53:20 -0500] "GET /gallery2/g2data/cache/derivative/0/6/62-meta.inc HTTP/1.0" 404 1015
195.154.77.10 - - [03/Nov/2014:04:53:24 -0500] "GET /gallery2/g2data/cache/derivative/0/6/62.dat HTTP/1.0" 404 1015
180.76.5.170 - - [03/Nov/2014:04:53:25 -0500] "GET /BLA/resoluciones/AUTOS%202011/0031.pdf HTTP/1.1" 200 140476
180.76.5.149 - - [03/Nov/2014:04:53:26 -0500] "GET /BLA/resoluciones/RESOLUCIONES%202010/1845.pdf HTTP/1.1" 200 401106
180.76.6.48 - - [03/Nov/2014:04:53:27 -0500] "GET /BLA/resoluciones/RESOLUCIONES%202010/5028.pdf HTTP/1.1" 200 755359
180.76.6.45 - - [03/Nov/2014:04:53:28 -0500] "GET /BLA/resoluciones/RESOLUCIONES%202010/1139.pdf HTTP/1.1" 200 93621
180.76.6.133 - - [03/Nov/2014:04:53:28 -0500] "GET /BLA/resoluciones/AUTOS%202013/2388.pdf HTTP/1.1" 200 1894414
180.76.5.57 - - [03/Nov/2014:04:53:29 -0500] "GET /BLA/resoluciones/RESOLUCIONES%202007/RES%202007%203801%20AL%203900/RESOLUCION%203839%20DE%202007.pdf HTTP/1.1" 200 690834
66.249.64.163 - - [03/Nov/2014:04:53:29 -0500] "GET /BLA/resoluciones/AUTOS%202009/2594.pdf HTTP/1.1" 200 119920
180.76.5.169 - - [03/Nov/2014:04:53:30 -0500] "GET /BLA/resoluciones/RESOLUCIONES%202008/0666.pdf HTTP/1.1" 200 192998
180.76.5.60 - - [03/Nov/2014:04:53:30 -0500] "GET /BLA/resoluciones/RESOLUCIONES%202011/0879.pdf HTTP/1.1" 200 76157
195.154.77.10 - - [03/Nov/2014:04:53:31 -0500] "GET /gallery2/g2data/cache/derivative/0/6/64-meta.inc HTTP/1.0" 404 1015
180.76.6.48 - - [03/Nov/2014:04:53:32 -0500] "GET /BLA/resoluciones/RESOLUCIONES%202010/6830.pdf HTTP/1.1" 200 927876
