148.251.124.174 - - [03/Nov/2014:06:08:15 -0500] "GET /re1/Que%20es/Agenda%20ambiental/descripcion/?C=N;O=A HTTP/1.0" 404 1019
180.76.6.151 - - [03/Nov/2014:06:08:16 -0500] "GET /BLA/resoluciones/RESOLUCIONES%202010/0649.pdf HTTP/1.1" 200 526701
148.251.124.174 - - [03/Nov/2014:06:08:17 -0500] "GET /re1/Que%20es/Agenda%20ambiental/descripcion/?C=S;O=D HTTP/1.0" 404 1019
148.251.124.174 - - [03/Nov/2014:06:08:19 -0500] "GET /re1/Que%20es/Agenda%20ambiental/flora%20fauna/?C=N;O=A HTTP/1.0" 404 1019
148.251.124.174 - - [03/Nov/2014:06:08:21 -0500] "GET /re1/Que%20es/Agenda%20ambiental/flora%20fauna/?C=S;O=D HTTP/1.0" 404 1019
180.76.5.74 - - [03/Nov/2014:06:08:23 -0500] "GET /BLA/resoluciones/RESOLUCIONES%202007/RES%202007%204001%20AL%204100/RESOLUCION%204093%20DE%202007.pdf HTTP/1.1" 200 1224150
148.251.124.174 - - [03/Nov/2014:06:08:25 -0500] "GET /re1/Que%20es/Agenda%20ambiental/geomorfologia/?C=D;O=D HTTP/1.0" 404 1019
180.76.5.170 - - [03/Nov/2014:06:08:27 -0500] "GET /BLA/resoluciones/RESOLUCIONES%202010/6384.pdf HTTP/1.1" 200 545243
180.76.6.138 - - [03/Nov/2014:06:08:28 -0500] "GET /BLA/resoluciones/RESOLUCIONES%202009/0003.pdf HTTP/1.1" 200 252279
180.76.6.47 - - [03/Nov/2014:06:08:32 -0500] "GET /BLA/resoluciones/RESOLUCIONES%202013/0294.pdf HTTP/1.1" 200 2432385
180.76.6.149 - - [03/Nov/2014:06:08:37 -0500] "GET /BLA/resoluciones/AUTOS%202009/1357.pdf HTTP/1.1" 200 96369
180.76.5.95 - - [03/Nov/2014:06:08:37 -0500] "GET /BLA/resoluciones/AUTOS%202007/2599.pdf HTTP/1.1" 200 80532
180.76.5.170 - - [03/Nov/2014:06:08:38 -0500] "GET /BLA/resoluciones/RESOLUCIONES%202009/0122.pdf HTTP/1.1" 200 263224
180.76.6.42 - - [03/Nov/2014:06:08:39 -0500] "GET /BLA/resoluciones/AUTOS%202009/2099.pdf HTTP/1.1" 200 437934
148.251.124.174 - - [03/Nov/2014:06:08:42 -0500] "GET /re1/Que%20es/Agenda%20ambiental/geomorfologia/?C=M;O=D HTTP/1.0" 404 1019
180.76.5.77 - - [03/Nov/2014:06:08:44 -0500] "GET /BLA/resoluciones/AUTOS%202010/5114.pdf HTTP/1.1" 200 170151
180.76.5.152 - - [03/Nov/2014:06:08:46 -0500] "GET /BLA/resoluciones/RESOLUCIONES%202009/9494.pdf HTTP/1.1" 200 100111
180.76.5.144 - - [03/Nov/2014:06:08:46 -0500] "GET /BLA/resoluciones/RESOLUCIONES%202007/RES%202007%204201%20AL%204300/RESOLUCION%204275%20DE%202007.pdf HTTP/1.1" 200 849575
180.76.6.149 - - [03/Nov/2014:06:08:50 -0500] "GET /BLA/resoluciones/Autos%202008/2557.pdf HTTP/1.1" 200 268264
180.76.6.55 - - [03/Nov/2014:06:08:53 -0500] "GET /BLA/resoluciones/RESOLUCIONES%202010/0231.pdf HTTP/1.1" 200 429238
148.251.124.174 - - [03/Nov/2014:06:08:57 -0500] "GET /re1/Que%20es/Agenda%20ambiental/geomorfologia/?C=N;O=A HTTP/1.0" 404 1019
180.76.5.190 - - [03/Nov/2014:06:08:59 -0500] "GET /BLA/resoluciones/RESOLUCIONES%202008/5532.pdf HTTP/1.1" 200 440088
180.76.5.63 - - [03/Nov/2014:06:09:04 -0500] "GET /BLA/resoluciones/RESOLUCIONES%202009/2256.pdf HTTP/1.1" 200 403742
180.76.6.148 - - [03/Nov/2014:06:09:06 -0500] "GET /BLA/resoluciones/AUTOS%202011/5331.pdf HTTP/1.1" 200 186100
157.55.39.62 - - [03/Nov/2014:06:09:09 -0500] "GET /BLA/resoluciones/RESOLUCIONES%202012/0581.pdf HTTP/1.1" 200 1520873
157.55.39.62 - - [03/Nov/2014:06:09:09 -0500] "GET /BLA/resoluciones/RESOLUCIONES%202010/7643.pdf HTTP/1.1" 200 68446
157.55.39.62 - - [03/Nov/2014:06:09:10 -0500] "GET /bla/resoluciones/RESOLUCIONES%202011/0871.pdf HTTP/1.1" 200 269503
157.55.39.62 - - [03/Nov/2014:06:09:10 -0500] "GET /BLA/resoluciones/AUTOS%202011/0197.pdf HTTP/1.1" 200 183821
157.55.39.62 - - [03/Nov/2014:06:09:10 -0500] "GET /BLA/resoluciones/Autos%202008/1580.pdf HTTP/1.1" 200 132221
157.55.39.62 - - [03/Nov/2014:06:09:11 -0500] "GET /BLA/resoluciones/Resoluciones%202011/5368.pdf HTTP/1.1" 200 390909
157.55.39.62 - - [03/Nov/2014:06:09:12 -0500] "GET /BLA/resoluciones/AUTOS%202011/4880.pdf HTTP/1.1" 200 633643
148.251.124.174 - - [03/Nov/2014:06:09:12 -0500] "GET /re1/Que%20es/Agenda%20ambiental/geomorfologia/?C=S;O=D HTTP/1.0" 404 1019
157.55.39.62 - - [03/Nov/2014:06:09:16 -0500] "GET /BLA/resoluciones/RESOLUCIONES%202009/1174.pdf HTTP/1.1" 200 295799
148.251.124.174 - - [03/Nov/2014:06:09:20 -0500] "GET /re1/Que%20es/Agenda%20ambiental/hidrico/?C=D;O=D HTTP/1.0" 404 1019
180.76.6.156 - - [03/Nov/2014:06:09:20 -0500] "GET /BLA/resoluciones/RESOLUCIONES%202010/2311.pdf HTTP/1.1" 200 513231
180.76.5.67 - - [03/Nov/2014:06:09:21 -0500] "GET /BLA/resoluciones/RESOLUCIONES%202010/6619.pdf HTTP/1.1" 200 865128
180.76.6.156 - - [03/Nov/2014:06:09:27 -0500] "GET /BLA/resoluciones/RESOLUCIONES%202008/2291.pdf HTTP/1.1" 200 362797
148.251.124.174 - - [03/Nov/2014:06:09:29 -0500] "GET /re1/Que%20es/Agenda%20ambiental/hidrico/?C=M;O=D HTTP/1.0" 404 1019
180.76.5.78 - - [03/Nov/2014:06:09:29 -0500] "GET /BLA/resoluciones/RESOLUCIONES%202007/RES%202007%201%20AL%20100/RESOLUCION%200039%20DE%202007.pdf HTTP/1.1" 200 54376
180.76.6.136 - - [03/Nov/2014:06:09:29 -0500] "GET /BLA/resoluciones/AUTOS%202007/2254.pdf HTTP/1.1" 200 145106
180.76.6.60 - - [03/Nov/2014:06:09:29 -0500] "GET /BLA/resoluciones/AUTOS%202011/5118.pdf HTTP/1.1" 200 284239
180.76.6.231 - - [03/Nov/2014:06:09:30 -0500] "GET /BLA/resoluciones/RESOLUCIONES%202011/0215.pdf HTTP/1.1" 200 231095
180.76.6.137 - - [03/Nov/2014:06:09:31 -0500] "GET /BLA/resoluciones/RESOLUCIONES%202007/RES%202007%203401%20AL%203500/RESOLUCION%203417%20DE%202007.pdf HTTP/1.1" 200 479565
148.251.124.174 - - [03/Nov/2014:06:09:31 -0500] "GET /re1/Que%20es/Agenda%20ambiental/hidrico/?C=N;O=A HTTP/1.0" 404 1019
180.76.5.73 - - [03/Nov/2014:06:09:32 -0500] "GET /BLA/resoluciones/RESOLUCIONES%202010/0962.pdf HTTP/1.1" 200 434483
148.251.124.174 - - [03/Nov/2014:06:09:33 -0500] "GET /re1/Que%20es/Agenda%20ambiental/hidrico/?C=S;O=D HTTP/1.0" 404 1019
180.76.6.149 - - [03/Nov/2014:06:09:34 -0500] "GET /BLA/resoluciones/RESOLUCIONES%202010/5521.pdf HTTP/1.1" 200 2810968
148.251.124.174 - - [03/Nov/2014:06:09:35 -0500] "GET /re1/Que%20es/Marco%20legal/Normas%20internacionales/?C=D;O=D HTTP/1.0" 404 1019
157.55.39.62 - - [03/Nov/2014:06:09:37 -0500] "GET /BLA/resoluciones/AUTOS%202009/3021.pdf HTTP/1.1" 200 185766
148.251.124.174 - - [03/Nov/2014:06:09:37 -0500] "GET /re1/Que%20es/Marco%20legal/Normas%20internacionales/?C=M;O=D HTTP/1.0" 404 1019
157.55.39.62 - - [03/Nov/2014:06:09:38 -0500] "GET /BLA/resoluciones/Resoluciones%202011/5616.pdf HTTP/1.1" 200 614858
157.55.39.62 - - [03/Nov/2014:06:09:38 -0500] "GET /BLA/resoluciones/AUTOS%202011/3359.pdf HTTP/1.1" 200 231321
157.55.39.62 - - [03/Nov/2014:06:09:39 -0500] "GET /BLA/resoluciones/RESOLUCIONES%202010/2989.pdf HTTP/1.1" 200 673184
180.76.5.21 - - [03/Nov/2014:06:09:39 -0500] "GET /BLA/resoluciones/RESOLUCIONES%202009/7475.pdf HTTP/1.1" 200 106746
148.251.124.174 - - [03/Nov/2014:06:09:40 -0500] "GET /re1/Que%20es/Marco%20legal/Normas%20internacionales/?C=N;O=A HTTP/1.0" 404 1019
148.251.124.174 - - [03/Nov/2014:06:09:42 -0500] "GET /re1/Que%20es/Marco%20legal/Normas%20internacionales/?C=S;O=D HTTP/1.0" 404 1019
148.251.124.174 - - [03/Nov/2014:06:09:45 -0500] "GET /re1/Que%20es/Marco%20legal/Normas%20nacionales/?C=D;O=D HTTP/1.0" 404 1019
180.76.6.130 - - [03/Nov/2014:06:09:46 -0500] "GET /BLA/resoluciones/RESOLUCIONES%202010/5094.pdf HTTP/1.1" 200 754727
148.251.124.174 - - [03/Nov/2014:06:09:46 -0500] "GET /re1/Que%20es/Marco%20legal/Normas%20nacionales/?C=M;O=D HTTP/1.0" 404 1019
148.251.124.174 - - [03/Nov/2014:06:09:48 -0500] "GET /re1/Que%20es/Marco%20legal/Normas%20nacionales/?C=N;O=A HTTP/1.0" 404 1019
180.76.5.65 - - [03/Nov/2014:06:09:50 -0500] "GET /BLA/resoluciones/AUTOS%202011/4323.pdf HTTP/1.1" 200 139617
148.251.124.174 - - [03/Nov/2014:06:09:50 -0500] "GET /re1/Que%20es/Marco%20legal/Normas%20nacionales/?C=S;O=D HTTP/1.0" 404 1019
148.251.124.174 - - [03/Nov/2014:06:09:52 -0500] "GET /re1/Que%20es/Marco%20pedagocico/educacion%20ambiental/?C=D;O=D HTTP/1.0" 404 1019
148.251.124.174 - - [03/Nov/2014:06:09:56 -0500] "GET /re1/Que%20es/Marco%20pedagocico/educacion%20ambiental/?C=M;O=D HTTP/1.0" 404 1019
180.76.6.149 - - [03/Nov/2014:06:09:56 -0500] "GET /BLA/resoluciones/RESOLUCIONES%202009/6133.pdf HTTP/1.1" 200 104086
148.251.124.174 - - [03/Nov/2014:06:09:58 -0500] "GET /re1/Que%20es/Marco%20pedagocico/educacion%20ambiental/?C=N;O=A HTTP/1.0" 404 1019
180.76.6.139 - - [03/Nov/2014:06:10:03 -0500] "GET /BLA/resoluciones/RESOLUCIONES%202010/7224.pdf HTTP/1.1" 200 113657
180.76.6.16 - - [03/Nov/2014:06:10:03 -0500] "GET /BLA/resoluciones/RESOLUCIONES%202013/1186.pdf HTTP/1.1" 200 441162
157.55.39.62 - - [03/Nov/2014:06:10:04 -0500] "GET /BLA/resoluciones/AUTOS%202011/6629.pdf HTTP/1.1" 200 408027
157.55.39.62 - - [03/Nov/2014:06:10:05 -0500] "GET /BLA/resoluciones/RESOLUCIONES%202009/7580.pdf HTTP/1.1" 200 496075
157.55.39.62 - - [03/Nov/2014:06:10:05 -0500] "GET /BLA/resoluciones/AUTOS%202009/1788.pdf HTTP/1.1" 200 98903
157.55.39.62 - - [03/Nov/2014:06:10:06 -0500] "GET /BLA/resoluciones/RESOLUCIONES%202010/7034.pdf HTTP/1.1" 200 1311550
157.55.39.62 - - [03/Nov/2014:06:10:06 -0500] "GET /BLA/resoluciones/RESOLUCIONES%202011/1357.pdf HTTP/1.1" 200 64241
157.55.39.62 - - [03/Nov/2014:06:10:07 -0500] "GET /BLA/resoluciones/RESOLUCIONES%202010/5855.pdf HTTP/1.1" 200 242672
180.76.5.20 - - [03/Nov/2014:06:10:07 -0500] "GET /BLA/resoluciones/RESOLUCIONES%202010/0968.pdf HTTP/1.1" 200 432667
157.55.39.62 - - [03/Nov/2014:06:10:07 -0500] "GET /BLA/resoluciones/AUTOS%202009/3328.pdf HTTP/1.1" 200 103992
148.251.124.174 - - [03/Nov/2014:06:10:08 -0500] "GET /re1/Que%20es/Marco%20pedagocico/educacion%20ambiental/?C=S;O=D HTTP/1.0" 404 1019
180.76.6.133 - - [03/Nov/2014:06:10:09 -0500] "GET /BLA/resoluciones/RESOLUCIONES%202011/2919.pdf HTTP/1.1" 200 576164
180.76.5.187 - - [03/Nov/2014:06:10:09 -0500] "GET /BLA/resoluciones/Autos%202008/1201.pdf HTTP/1.1" 200 82860
180.76.6.148 - - [03/Nov/2014:06:10:14 -0500] "GET /BLA/resoluciones/RESOLUCIONES%202007/RES%202007%20301%20AL%20400/RESOLUCION%200346%20DE%202007.pdf HTTP/1.1" 200 265946
180.76.6.141 - - [03/Nov/2014:06:10:16 -0500] "GET /BLA/resoluciones/RESOLUCIONES%202011/3417.pdf HTTP/1.1" 200 667312
148.251.124.174 - - [03/Nov/2014:06:10:16 -0500] "GET /re1/Que%20es/Marco%20pedagocico/gestion%20residuos/?C=D;O=D HTTP/1.0" 404 1019
180.76.5.20 - - [03/Nov/2014:06:10:19 -0500] "GET /BLA/resoluciones/RESOLUCIONES%202010/2324.pdf HTTP/1.1" 200 532385
180.76.5.191 - - [03/Nov/2014:06:10:24 -0500] "GET /BLA/resoluciones/RESOLUCIONES%202011/0119.pdf HTTP/1.1" 200 309936
180.76.6.233 - - [03/Nov/2014:06:10:30 -0500] "GET /BLA/resoluciones/RESOLUCIONES%202007/RES%202007%203301%20AL%203400/RESOLUCION%203322%20DE%202007.pdf HTTP/1.1" 200 241192
180.76.5.27 - - [03/Nov/2014:06:10:30 -0500] "GET /BLA/resoluciones/AUTOS%202011/2395.pdf HTTP/1.1" 200 122541
180.76.6.57 - - [03/Nov/2014:06:10:30 -0500] "GET /BLA/resoluciones/AUTOS%202011/3700.pdf HTTP/1.1" 200 539569
180.76.5.67 - - [03/Nov/2014:06:10:31 -0500] "GET /BLA/resoluciones/RESOLUCIONES%202010/1563.pdf HTTP/1.1" 200 620956
180.76.5.195 - - [03/Nov/2014:06:10:34 -0500] "GET /BLA/resoluciones/RESOLUCIONES%202012/1431.pdf HTTP/1.1" 200 388891
180.76.6.147 - - [03/Nov/2014:06:10:35 -0500] "GET /BLA/resoluciones/RESOLUCIONES%202009/1627.pdf HTTP/1.1" 200 480351
180.76.5.151 - - [03/Nov/2014:06:10:36 -0500] "GET /BLA/resoluciones/RESOLUCIONES%202010/1001.pdf HTTP/1.1" 200 116614
148.251.124.174 - - [03/Nov/2014:06:10:39 -0500] "GET /re1/Que%20es/Marco%20pedagocico/gestion%20residuos/?C=M;O=D HTTP/1.0" 404 1019
180.76.5.26 - - [03/Nov/2014:06:10:39 -0500] "GET /BLA/resoluciones/RESOLUCIONES%202007/RES%202007%20701%20AL%20800/RESOLUCION%200727%20DE%202007.pdf HTTP/1.1" 200 234922
180.76.5.61 - - [03/Nov/2014:06:10:42 -0500] "GET /BLA/resoluciones/RESOLUCIONES%202008/0094.pdf HTTP/1.1" 200 243487
157.55.39.62 - - [03/Nov/2014:06:10:44 -0500] "-" 408 -
74.86.158.107 - - [03/Nov/2014:06:10:44 -0500] "HEAD / HTTP/1.1" 302 -
180.76.5.175 - - [03/Nov/2014:06:10:44 -0500] "GET /BLA/resoluciones/AUTOS%202011/0325.pdf HTTP/1.1" 200 154187
180.76.5.144 - - [03/Nov/2014:06:10:47 -0500] "GET /BLA/resoluciones/AUTOS%202007/0763.pdf HTTP/1.1" 200 44016
148.251.124.174 - - [03/Nov/2014:06:10:47 -0500] "GET /re1/Que%20es/Marco%20pedagocico/gestion%20residuos/?C=N;O=A HTTP/1.0" 404 1019
180.76.5.80 - - [03/Nov/2014:06:10:49 -0500] "GET /BLA/resoluciones/AUTOS%202011/0250.pdf HTTP/1.1" 200 271948
66.249.64.171 - - [03/Nov/2014:06:10:51 -0500] "GET /BLA/resoluciones/RESOLUCIONES%202010/4497.pdf HTTP/1.1" 200 654758
180.76.6.157 - - [03/Nov/2014:06:10:51 -0500] "GET /BLA/resoluciones/RESOLUCIONES%202010/2929.pdf HTTP/1.1" 200 492803
148.251.124.174 - - [03/Nov/2014:06:10:53 -0500] "GET /re1/Que%20es/Marco%20pedagocico/gestion%20residuos/?C=S;O=D HTTP/1.0" 404 1019
180.76.6.36 - - [03/Nov/2014:06:10:54 -0500] "GET /BLA/resoluciones/RESOLUCIONES%202009/1913.pdf HTTP/1.1" 200 327764
180.76.6.136 - - [03/Nov/2014:06:10:56 -0500] "GET /BLA/resoluciones/Autos%202008/1317.pdf HTTP/1.1" 200 66043
180.76.5.196 - - [03/Nov/2014:06:10:56 -0500] "GET /BLA/resoluciones/Autos%202008/0906.pdf HTTP/1.1" 200 167970
180.76.6.143 - - [03/Nov/2014:06:11:00 -0500] "GET /BLA/resoluciones/AUTOS%202009/0350.pdf HTTP/1.1" 200 90185
180.76.6.147 - - [03/Nov/2014:06:11:01 -0500] "GET /BLA/resoluciones/RESOLUCIONES%202007/RES%202007%203001%20AL%203100/RESOLUCION%203027%20%20DE%202007.pdf HTTP/1.1" 200 1023840
148.251.124.174 - - [03/Nov/2014:06:11:01 -0500] "GET /re1/Que%20es/Marco%20pedagocico/modelo%20pedagogico/?C=D;O=D HTTP/1.0" 404 1019
180.76.6.141 - - [03/Nov/2014:06:11:02 -0500] "GET /BLA/resoluciones/RESOLUCIONES%202011/4232.pdf HTTP/1.1" 200 483285
148.251.124.174 - - [03/Nov/2014:06:11:03 -0500] "GET /re1/Que%20es/Marco%20pedagocico/modelo%20pedagogico/?C=M;O=D HTTP/1.0" 404 1019
148.251.124.174 - - [03/Nov/2014:06:11:06 -0500] "GET /re1/Que%20es/Marco%20pedagocico/modelo%20pedagogico/?C=N;O=A HTTP/1.0" 404 1019
148.251.124.174 - - [03/Nov/2014:06:11:08 -0500] "GET /re1/Que%20es/Marco%20pedagocico/modelo%20pedagogico/?C=S;O=D HTTP/1.0" 404 1019
180.76.5.188 - - [03/Nov/2014:06:11:08 -0500] "GET /BLA/resoluciones/RESOLUCIONES%202013/2450.pdf HTTP/1.1" 200 385477
180.76.6.46 - - [03/Nov/2014:06:11:09 -0500] "GET /BLA/resoluciones/AUTOS%202012/2184.pdf HTTP/1.1" 200 2499037
148.251.124.174 - - [03/Nov/2014:06:11:09 -0500] "GET /re1/Que%20es/Marco%20pedagocico/planillas/?C=D;O=D HTTP/1.0" 404 1019
180.76.6.52 - - [03/Nov/2014:06:11:10 -0500] "GET /BLA/resoluciones/RESOLUCIONES%202009/8450.pdf HTTP/1.1" 200 125568
180.76.5.22 - - [03/Nov/2014:06:11:11 -0500] "GET /BLA/resoluciones/RESOLUCIONES%202008/1103.pdf HTTP/1.1" 200 383698
148.251.124.174 - - [03/Nov/2014:06:11:11 -0500] "GET /re1/Que%20es/Marco%20pedagocico/planillas/?C=M;O=D HTTP/1.0" 404 1019
180.76.6.141 - - [03/Nov/2014:06:11:13 -0500] "GET /BLA/resoluciones/RESOLUCIONES%202008/4227.pdf HTTP/1.1" 200 595611
148.251.124.174 - - [03/Nov/2014:06:11:13 -0500] "GET /re1/Que%20es/Marco%20pedagocico/planillas/?C=N;O=A HTTP/1.0" 404 1019
148.251.124.174 - - [03/Nov/2014:06:11:15 -0500] "GET /re1/Que%20es/Marco%20pedagocico/planillas/?C=S;O=D HTTP/1.0" 404 1019
157.55.39.107 - - [03/Nov/2014:06:11:16 -0500] "GET /BLA/resoluciones/RESOLUCIONES%202011/3920.pdf HTTP/1.1" 200 546350
180.76.5.150 - - [03/Nov/2014:06:11:16 -0500] "GET /BLA/resoluciones/AUTOS%202010/4578.pdf HTTP/1.1" 200 239441
157.55.39.107 - - [03/Nov/2014:06:11:16 -0500] "GET /BLA/resoluciones/AUTOS%202009/2851.pdf HTTP/1.1" 200 73495
157.55.39.107 - - [03/Nov/2014:06:11:17 -0500] "GET /BLA/resoluciones/RESOLUCIONES%202009/8665.pdf HTTP/1.1" 200 527009
148.251.124.174 - - [03/Nov/2014:06:11:17 -0500] "GET /re1/Que%20es/Marco%20pedagocico/planillas/ejemplos%20planillas/?C=D;O=A HTTP/1.0" 404 1019
157.55.39.107 - - [03/Nov/2014:06:11:17 -0500] "GET /BLA/resoluciones/Resoluciones%202011/6033.pdf HTTP/1.1" 200 1096218
157.55.39.107 - - [03/Nov/2014:06:11:18 -0500] "GET /BLA/resoluciones/RESOLUCIONES%202008/1832.pdf HTTP/1.1" 200 252471
180.76.6.36 - - [03/Nov/2014:06:11:18 -0500] "GET /BLA/resoluciones/RESOLUCIONES%202008/1308.pdf HTTP/1.1" 200 430019
157.55.39.107 - - [03/Nov/2014:06:11:18 -0500] "GET /BLA/resoluciones/RESOLUCIONES%202009/0982.pdf HTTP/1.1" 200 428961
157.55.39.107 - - [03/Nov/2014:06:11:19 -0500] "GET /BLA/resoluciones/RESOLUCIONES%202010/3531.pdf HTTP/1.1" 200 500577
180.76.5.175 - - [03/Nov/2014:06:11:19 -0500] "GET /BLA/resoluciones/RESOLUCIONES%202008/1520.pdf HTTP/1.1" 200 511462
157.55.39.107 - - [03/Nov/2014:06:11:19 -0500] "GET /BLA/resoluciones/AUTOS%202007/2894.pdf HTTP/1.1" 200 145055
148.251.124.174 - - [03/Nov/2014:06:11:19 -0500] "GET /re1/Que%20es/Marco%20pedagocico/planillas/ejemplos%20planillas/?C=M;O=A HTTP/1.0" 404 1019
157.55.39.107 - - [03/Nov/2014:06:11:20 -0500] "GET /BLA/resoluciones/AUTOS%202009/0532.pdf HTTP/1.1" 200 253829
157.55.39.107 - - [03/Nov/2014:06:11:20 -0500] "GET /bla/resoluciones/RESOLUCIONES%202009/8358.pdf HTTP/1.1" 200 500395
157.55.39.107 - - [03/Nov/2014:06:11:20 -0500] "GET /BLA/resoluciones/AUTOS%202011/1892.pdf HTTP/1.1" 200 160213
157.55.39.107 - - [03/Nov/2014:06:11:21 -0500] "GET /BLA/resoluciones/RESOLUCIONES%202011/1242.pdf HTTP/1.1" 200 175705
148.251.124.174 - - [03/Nov/2014:06:11:21 -0500] "GET /re1/Que%20es/Marco%20pedagocico/planillas/ejemplos%20planillas/?C=N;O=D HTTP/1.0" 404 1019
148.251.124.174 - - [03/Nov/2014:06:11:23 -0500] "GET /re1/Que%20es/Marco%20pedagocico/planillas/ejemplos%20planillas/?C=S;O=A HTTP/1.0" 404 1019
180.76.5.196 - - [03/Nov/2014:06:11:24 -0500] "GET /BLA/resoluciones/Autos%202008/1261.pdf HTTP/1.1" 200 67126
148.251.124.174 - - [03/Nov/2014:06:11:25 -0500] "GET /re1/Que%20es/Marco%20pedagocico/planillas/planilla%20integrada/?C=D;O=A HTTP/1.0" 404 1019
180.76.5.192 - - [03/Nov/2014:06:11:25 -0500] "GET /BLA/resoluciones/Autos%202008/1397.pdf HTTP/1.1" 200 142177
180.76.5.72 - - [03/Nov/2014:06:11:26 -0500] "GET /BLA/resoluciones/RESOLUCIONES%202011/1111.pdf HTTP/1.1" 200 351259
148.251.124.174 - - [03/Nov/2014:06:11:27 -0500] "GET /re1/Que%20es/Marco%20pedagocico/planillas/planilla%20integrada/?C=M;O=A HTTP/1.0" 404 1019
180.76.5.168 - - [03/Nov/2014:06:11:27 -0500] "GET /BLA/resoluciones/RESOLUCIONES%202013/0121.pdf HTTP/1.1" 200 586231
148.251.124.174 - - [03/Nov/2014:06:11:29 -0500] "GET /re1/Que%20es/Marco%20pedagocico/planillas/planilla%20integrada/?C=N;O=A HTTP/1.0" 404 1019
180.76.5.59 - - [03/Nov/2014:06:11:30 -0500] "GET /BLA/resoluciones/AUTOS%202010/0162.pdf HTTP/1.1" 200 848890
180.76.6.20 - - [03/Nov/2014:06:11:32 -0500] "GET /BLA/resoluciones/AUTOS%202007/1165.pdf HTTP/1.1" 200 26166
180.76.5.27 - - [03/Nov/2014:06:11:35 -0500] "GET /BLA/resoluciones/RESOLUCIONES%202010/1584.pdf HTTP/1.1" 200 496797
208.115.113.91 - - [03/Nov/2014:06:11:36 -0500] "GET /robots.txt HTTP/1.1" 404 1019
148.251.124.174 - - [03/Nov/2014:06:11:38 -0500] "GET /re1/Que%20es/Marco%20pedagocico/relacion%20desarrollo/?C=D;O=D HTTP/1.0" 404 1019
180.76.5.152 - - [03/Nov/2014:06:11:39 -0500] "GET /BLA/resoluciones/Autos%202008/2377.pdf HTTP/1.1" 200 98609
180.76.5.197 - - [03/Nov/2014:06:11:40 -0500] "GET /BLA/resoluciones/AUTOS%202007/2180.pdf HTTP/1.1" 200 130968
180.76.5.60 - - [03/Nov/2014:06:11:41 -0500] "GET /BLA/resoluciones/RESOLUCIONES%202007/RES%202007%201801%20AL%201900/RESOLUCION%201826%20DE%202007.pdf HTTP/1.1" 200 162690
157.55.39.107 - - [03/Nov/2014:06:11:42 -0500] "GET /BLA/resoluciones/RESOLUCIONES%202009/1455.pdf HTTP/1.1" 200 606383
157.55.39.107 - - [03/Nov/2014:06:11:43 -0500] "GET /BLA/resoluciones/AUTOS%202009/0003.pdf HTTP/1.1" 200 112407
157.55.39.107 - - [03/Nov/2014:06:11:43 -0500] "GET /BLA/resoluciones/Autos%202008/1273.pdf HTTP/1.1" 200 62273
157.55.39.107 - - [03/Nov/2014:06:11:43 -0500] "GET /BLA/resoluciones/RESOLUCIONES%202010/5701.pdf HTTP/1.1" 200 76832
157.55.39.107 - - [03/Nov/2014:06:11:44 -0500] "GET /BLA/resoluciones/RESOLUCIONES%202010/7765.pdf HTTP/1.1" 200 107878
157.55.39.107 - - [03/Nov/2014:06:11:44 -0500] "GET /BLA/resoluciones/RESOLUCIONES%202008/3038.pdf HTTP/1.1" 200 200358
157.55.39.107 - - [03/Nov/2014:06:11:45 -0500] "GET /BLA/resoluciones/RESOLUCIONES%202008/1159.pdf HTTP/1.1" 200 816328
148.251.124.174 - - [03/Nov/2014:06:11:45 -0500] "GET /re1/Que%20es/Marco%20pedagocico/relacion%20desarrollo/?C=M;O=D HTTP/1.0" 404 1019
180.76.6.141 - - [03/Nov/2014:06:11:46 -0500] "GET /BLA/resoluciones/RESOLUCIONES%202009/1174.pdf HTTP/1.1" 200 295799
180.76.6.159 - - [03/Nov/2014:06:11:46 -0500] "GET /BLA/resoluciones/AUTOS%202009/2719.pdf HTTP/1.1" 200 82164
180.76.5.62 - - [03/Nov/2014:06:11:48 -0500] "GET /BLA/resoluciones/RESOLUCIONES%202010/2642.pdf HTTP/1.1" 200 338530
180.76.6.139 - - [03/Nov/2014:06:11:48 -0500] "GET /BLA/resoluciones/RESOLUCIONES%202010/6698.pdf HTTP/1.1" 200 769483
180.76.5.23 - - [03/Nov/2014:06:11:49 -0500] "GET /BLA/resoluciones/Autos%202008/0228.pdf HTTP/1.1" 200 107639
180.76.6.51 - - [03/Nov/2014:06:11:52 -0500] "GET /BLA/resoluciones/AUTOS%202007/2579.pdf HTTP/1.1" 200 68665
180.76.5.60 - - [03/Nov/2014:06:11:53 -0500] "GET /BLA/resoluciones/RESOLUCIONES%202010/0193.pdf HTTP/1.1" 200 534920
180.76.5.177 - - [03/Nov/2014:06:11:56 -0500] "GET /BLA/resoluciones/Autos%202008/2903.pdf HTTP/1.1" 200 102096
180.76.5.74 - - [03/Nov/2014:06:11:56 -0500] "GET /BLA/resoluciones/AUTOS%202007/2550.pdf HTTP/1.1" 200 97877
180.76.6.53 - - [03/Nov/2014:06:11:58 -0500] "GET /BLA/resoluciones/AUTOS%202011/2793.pdf HTTP/1.1" 200 162303
180.76.6.62 - - [03/Nov/2014:06:11:59 -0500] "GET /BLA/resoluciones/RESOLUCIONES%202009/7067.pdf HTTP/1.1" 200 111581
180.76.5.196 - - [03/Nov/2014:06:12:02 -0500] "GET /BLA/resoluciones/Autos%202008/2254.pdf HTTP/1.1" 200 224547
180.76.5.60 - - [03/Nov/2014:06:12:03 -0500] "GET /BLA/resoluciones/Autos%202008/1902.pdf HTTP/1.1" 200 84952
180.76.5.223 - - [03/Nov/2014:06:12:05 -0500] "GET /BLA/resoluciones/RESOLUCIONES%202007/RES%202007%20701%20AL%20800/RESOLUCION%200732%20DE%202007.pdf HTTP/1.1" 200 233131
180.76.6.145 - - [03/Nov/2014:06:12:07 -0500] "GET /BLA/resoluciones/AUTOS%202011/2174.pdf HTTP/1.1" 200 133198
180.76.6.48 - - [03/Nov/2014:06:12:08 -0500] "GET /BLA/resoluciones/RESOLUCIONES%202010/0673.pdf HTTP/1.1" 200 99893
180.76.5.170 - - [03/Nov/2014:06:12:08 -0500] "GET /BLA/resoluciones/RESOLUCIONES%202008/0066.pdf HTTP/1.1" 200 1147196
180.76.5.175 - - [03/Nov/2014:06:12:14 -0500] "GET /BLA/resoluciones/RESOLUCIONES%202011/4204.pdf HTTP/1.1" 200 166219
180.76.5.167 - - [03/Nov/2014:06:12:20 -0500] "GET /BLA/resoluciones/AUTOS%202013/0563.pdf HTTP/1.1" 200 1519522
148.251.124.174 - - [03/Nov/2014:06:12:25 -0500] "GET /re1/Que%20es/Marco%20pedagocico/relacion%20desarrollo/?C=N;O=A HTTP/1.0" 404 1019
180.76.5.194 - - [03/Nov/2014:06:12:26 -0500] "GET /BLA/resoluciones/AUTOS%202009/2981.pdf HTTP/1.1" 200 367948
180.76.6.136 - - [03/Nov/2014:06:12:28 -0500] "GET /BLA/resoluciones/RESOLUCIONES%202009/5711.pdf HTTP/1.1" 200 200025
180.76.6.49 - - [03/Nov/2014:06:12:30 -0500] "GET /BLA/resoluciones/AUTOS%202010/3856.pdf HTTP/1.1" 200 633007
148.251.124.174 - - [03/Nov/2014:06:12:32 -0500] "GET /re1/Que%20es/Marco%20pedagocico/relacion%20desarrollo/?C=S;O=D HTTP/1.0" 404 1019
180.76.6.132 - - [03/Nov/2014:06:12:35 -0500] "GET /BLA/resoluciones/AUTOS%202007/1855.pdf HTTP/1.1" 200 93852
180.76.6.231 - - [03/Nov/2014:06:12:35 -0500] "GET /BLA/resoluciones/AUTOS%202007/2758.pdf HTTP/1.1" 200 81292
180.76.6.135 - - [03/Nov/2014:06:12:38 -0500] "GET /BLA/resoluciones/RESOLUCIONES%202010/1981.pdf HTTP/1.1" 200 387528
180.76.6.53 - - [03/Nov/2014:06:12:39 -0500] "GET /BLA/resoluciones/RESOLUCIONES%202010/6647.pdf HTTP/1.1" 200 266300
148.251.124.174 - - [03/Nov/2014:06:12:40 -0500] "GET /re1/Que%20es/Marco%20pedagocico/tematica%20ambiental/?C=D;O=D HTTP/1.0" 404 1019
180.76.5.154 - - [03/Nov/2014:06:12:40 -0500] "GET /BLA/resoluciones/AUTOS%202007/1143.pdf HTTP/1.1" 200 26421
180.76.5.176 - - [03/Nov/2014:06:12:40 -0500] "GET /BLA/resoluciones/RESOLUCIONES%202012/1087.pdf HTTP/1.1" 200 429267
180.76.6.62 - - [03/Nov/2014:06:12:41 -0500] "GET /BLA/resoluciones/RESOLUCIONES%202010/0437.pdf HTTP/1.1" 200 552134
180.76.6.139 - - [03/Nov/2014:06:12:42 -0500] "GET /BLA/resoluciones/RESOLUCIONES%202009/2402.pdf HTTP/1.1" 200 320761
157.55.39.62 - - [03/Nov/2014:06:12:46 -0500] "GET /BLA/resoluciones/RESOLUCIONES%202009/1010.pdf HTTP/1.1" 200 277443
157.55.39.62 - - [03/Nov/2014:06:12:48 -0500] "GET /BLA/resoluciones/Autos%202008/2251.pdf HTTP/1.1" 200 156826
157.55.39.62 - - [03/Nov/2014:06:12:48 -0500] "GET /BLA/resoluciones/RESOLUCIONES%202009/9677.pdf HTTP/1.1" 200 416940
157.55.39.62 - - [03/Nov/2014:06:12:48 -0500] "GET /BLA/resoluciones/Resoluciones%202011/4947.pdf HTTP/1.1" 200 358349
157.55.39.62 - - [03/Nov/2014:06:12:49 -0500] "GET /BLA/resoluciones/AUTOS%202011/0098.pdf HTTP/1.1" 200 125901
157.55.39.62 - - [03/Nov/2014:06:12:49 -0500] "GET /BLA/resoluciones/RESOLUCIONES%202009/8468.pdf HTTP/1.1" 200 115956
157.55.39.62 - - [03/Nov/2014:06:12:50 -0500] "GET /BLA/resoluciones/AUTOS%202011/0699.pdf HTTP/1.1" 200 99751
180.76.6.159 - - [03/Nov/2014:06:12:50 -0500] "GET /BLA/resoluciones/Autos%202008/2089.pdf HTTP/1.1" 200 110525
157.55.39.62 - - [03/Nov/2014:06:12:50 -0500] "GET /bla/resoluciones/RESOLUCIONES%202009/2127.pdf HTTP/1.1" 200 565911
157.55.39.62 - - [03/Nov/2014:06:12:51 -0500] "GET /BLA/resoluciones/RESOLUCIONES%202010/3575.pdf HTTP/1.1" 200 760995
157.55.39.62 - - [03/Nov/2014:06:12:51 -0500] "GET /BLA/resoluciones/Resoluciones%202011/2087.pdf HTTP/1.1" 200 629258
157.55.39.62 - - [03/Nov/2014:06:12:51 -0500] "GET /BLA/resoluciones/AUTOS%202011/1365.pdf HTTP/1.1" 200 283141
157.55.39.62 - - [03/Nov/2014:06:12:52 -0500] "GET /BLA/resoluciones/AUTOS%202011/5172.pdf HTTP/1.1" 200 630183
180.76.5.171 - - [03/Nov/2014:06:12:53 -0500] "GET /BLA/resoluciones/AUTOS%202012/1133.pdf HTTP/1.1" 200 154070
180.76.5.167 - - [03/Nov/2014:06:12:54 -0500] "GET /BLA/resoluciones/AUTOS%202012/1915.pdf HTTP/1.1" 200 1984098
180.76.6.136 - - [03/Nov/2014:06:12:55 -0500] "GET /BLA/resoluciones/RESOLUCIONES%202007/RES%202007%202201%20AL%202300/RESOLUCION%202247%20DE%202007.pdf HTTP/1.1" 200 684546
180.76.5.152 - - [03/Nov/2014:06:12:55 -0500] "GET /BLA/resoluciones/AUTOS%202012/2225.pdf HTTP/1.1" 200 1622274
148.251.124.174 - - [03/Nov/2014:06:12:57 -0500] "GET /re1/Que%20es/Marco%20pedagocico/tematica%20ambiental/?C=M;O=D HTTP/1.0" 404 1019
180.76.5.192 - - [03/Nov/2014:06:12:58 -0500] "GET /BLA/resoluciones/AUTOS%202013/0541.pdf HTTP/1.1" 200 1643703
180.76.5.73 - - [03/Nov/2014:06:12:59 -0500] "GET /BLA/resoluciones/AUTOS%202011/3993.pdf HTTP/1.1" 200 221719
180.76.6.61 - - [03/Nov/2014:06:13:01 -0500] "GET /BLA/resoluciones/RESOLUCIONES%202010/1063.pdf HTTP/1.1" 200 114890
180.76.5.169 - - [03/Nov/2014:06:13:01 -0500] "GET /BLA/resoluciones/RESOLUCIONES%202011/0110.pdf HTTP/1.1" 200 349155
180.76.6.232 - - [03/Nov/2014:06:13:02 -0500] "GET /BLA/resoluciones/RESOLUCIONES%202009/6098.pdf HTTP/1.1" 200 279928
148.251.124.174 - - [03/Nov/2014:06:13:06 -0500] "GET /re1/Que%20es/Marco%20pedagocico/tematica%20ambiental/?C=N;O=A HTTP/1.0" 404 1019
148.251.124.174 - - [03/Nov/2014:06:13:08 -0500] "GET /re1/Que%20es/Marco%20pedagocico/tematica%20ambiental/?C=S;O=D HTTP/1.0" 404 1019
180.76.5.27 - - [03/Nov/2014:06:13:10 -0500] "GET /BLA/resoluciones/RESOLUCIONES%202011/2241.pdf HTTP/1.1" 200 789702
157.55.39.62 - - [03/Nov/2014:06:13:13 -0500] "GET /BLA/resoluciones/RESOLUCIONES%202009/8301.pdf HTTP/1.1" 200 421586
180.76.6.44 - - [03/Nov/2014:06:13:13 -0500] "GET /BLA/resoluciones/AUTOS%202012/1607.pdf HTTP/1.1" 200 237339
157.55.39.62 - - [03/Nov/2014:06:13:13 -0500] "GET /BLA/resoluciones/RESOLUCIONES%202008/0757.pdf HTTP/1.1" 200 1111691
157.55.39.62 - - [03/Nov/2014:06:13:14 -0500] "GET /BLA/resoluciones/AUTOS%202007/2193.pdf HTTP/1.1" 200 47910
157.55.39.62 - - [03/Nov/2014:06:13:14 -0500] "GET /BLA/resoluciones/Autos%202008/2682.pdf HTTP/1.1" 200 181503
157.55.39.62 - - [03/Nov/2014:06:13:15 -0500] "GET /BLA/resoluciones/RESOLUCIONES%202009/9565.pdf HTTP/1.1" 200 534217
180.76.6.28 - - [03/Nov/2014:06:13:15 -0500] "GET /BLA/resoluciones/RESOLUCIONES%202008/1804.pdf HTTP/1.1" 200 283048
148.251.124.174 - - [03/Nov/2014:06:13:15 -0500] "GET /re1/Que%20es/Plan%20comunicaciones/imagen%20plan%20comunicaciones/?C=S;O=A HTTP/1.0" 404 1019
157.55.39.62 - - [03/Nov/2014:06:13:15 -0500] "GET /BLA/resoluciones/AUTOS%202010/4826.pdf HTTP/1.1" 200 365005
157.55.39.62 - - [03/Nov/2014:06:13:16 -0500] "GET /BLA/resoluciones/RESOLUCIONES%202010/3242.pdf HTTP/1.1" 200 759231
157.55.39.62 - - [03/Nov/2014:06:13:17 -0500] "GET /BLA/resoluciones/RESOLUCIONES%202010/2936.pdf HTTP/1.1" 200 487607
180.76.6.64 - - [03/Nov/2014:06:13:17 -0500] "GET /BLA/resoluciones/AUTOS%202013/1074.pdf HTTP/1.1" 200 142398
157.55.39.62 - - [03/Nov/2014:06:13:17 -0500] "GET /bla/resoluciones/RESOLUCIONES%202009/1966.pdf HTTP/1.1" 200 528226
148.251.124.174 - - [03/Nov/2014:06:13:18 -0500] "GET /re1/Que%20es/Plan%20comunicaciones/imagen%20plan%20comunicaciones/plan%20comunicaciones.htm HTTP/1.0" 404 1019
180.76.6.136 - - [03/Nov/2014:06:13:19 -0500] "GET /BLA/resoluciones/RESOLUCIONES%202007/RES%202007%20501%20AL%20600/RESOLUCION%200582%20DE%202007.pdf HTTP/1.1" 200 442518
180.76.6.232 - - [03/Nov/2014:06:13:22 -0500] "GET /BLA/resoluciones/AUTOS%202011/4450.pdf HTTP/1.1" 200 285251
180.76.5.25 - - [03/Nov/2014:06:13:23 -0500] "GET /BLA/resoluciones/RESOLUCIONES%202009/1603.pdf HTTP/1.1" 200 623137
157.55.39.107 - - [03/Nov/2014:06:13:25 -0500] "-" 408 -
180.76.5.72 - - [03/Nov/2014:06:13:30 -0500] "GET /BLA/resoluciones/RESOLUCIONES%202007/RES%202007%202201%20AL%202300/RESOLUCION%202219%20DE%202007.pdf HTTP/1.1" 200 142122
148.251.124.174 - - [03/Nov/2014:06:13:34 -0500] "GET /re1/Que%20es/Plan%20comunicaciones/medios%20de%20divulgacion/?C=N;O=A HTTP/1.0" 404 1019
157.55.39.62 - - [03/Nov/2014:06:13:37 -0500] "GET /BLA/resoluciones/RESOLUCIONES%202011/5453.pdf HTTP/1.1" 200 584042
157.55.39.62 - - [03/Nov/2014:06:13:38 -0500] "GET /BLA/resoluciones/Resoluciones%202011/2038.pdf HTTP/1.1" 200 775982
157.55.39.62 - - [03/Nov/2014:06:13:38 -0500] "GET /BLA/resoluciones/RESOLUCIONES%202008/3666.pdf HTTP/1.1" 200 312993
157.55.39.62 - - [03/Nov/2014:06:13:38 -0500] "GET /BLA/resoluciones/Resoluciones%202011/1556.pdf HTTP/1.1" 200 155911
157.55.39.62 - - [03/Nov/2014:06:13:39 -0500] "GET /bla/resoluciones/RESOLUCIONES%202011/0915.pdf HTTP/1.1" 200 72411
157.55.39.62 - - [03/Nov/2014:06:13:39 -0500] "GET /BLA/resoluciones/RESOLUCIONES%202008/5149.pdf HTTP/1.1" 200 203390
157.55.39.62 - - [03/Nov/2014:06:13:40 -0500] "GET /BLA/resoluciones/Autos%202008/2912.pdf HTTP/1.1" 200 112825
188.165.15.192 - - [03/Nov/2014:06:13:42 -0500] "GET /BLA/resoluciones/RESOLUCIONES%202006/RES%202006%202501-2550/00002521.tif HTTP/1.1" 200 123718
180.76.6.143 - - [03/Nov/2014:06:13:44 -0500] "GET /BLA/resoluciones/RESOLUCIONES%202007/RES%202007%203601%20AL%203700/RESOLUCION%203621%20DE%202007.pdf HTTP/1.1" 200 691400
180.76.6.135 - - [03/Nov/2014:06:13:45 -0500] "GET /BLA/resoluciones/Autos%202008/0870.pdf HTTP/1.1" 200 84581
180.76.6.150 - - [03/Nov/2014:06:13:45 -0500] "GET /BLA/resoluciones/AUTOS%202007/1902.pdf HTTP/1.1" 200 23650
180.76.5.153 - - [03/Nov/2014:06:13:47 -0500] "GET /BLA/resoluciones/RESOLUCIONES%202010/6073.pdf HTTP/1.1" 200 620249
180.76.5.190 - - [03/Nov/2014:06:13:50 -0500] "GET /BLA/resoluciones/AUTOS%202013/0118.pdf HTTP/1.1" 200 1893893
180.76.6.133 - - [03/Nov/2014:06:13:52 -0500] "GET /BLA/resoluciones/AUTOS%202011/0709.pdf HTTP/1.1" 200 185059
180.76.5.22 - - [03/Nov/2014:06:13:54 -0500] "GET /BLA/resoluciones/RESOLUCIONES%202011/1138.pdf HTTP/1.1" 200 263991
180.76.5.150 - - [03/Nov/2014:06:13:54 -0500] "GET /BLA/resoluciones/RESOLUCIONES%202007/RES%202007%20701%20AL%20800/RESOLUCION%200746%20DE%202007.pdf HTTP/1.1" 200 233574
180.76.6.142 - - [03/Nov/2014:06:13:56 -0500] "GET /BLA/resoluciones/AUTOS%202009/0822.pdf HTTP/1.1" 200 76993
148.251.124.174 - - [03/Nov/2014:06:14:00 -0500] "GET /re1/Que%20es/Plan%20comunicaciones/medios%20de%20divulgacion/?C=S;O=D HTTP/1.0" 404 1019
180.76.6.51 - - [03/Nov/2014:06:14:01 -0500] "GET /BLA/resoluciones/AUTOS%202007/2892.pdf HTTP/1.1" 200 205509
180.76.6.53 - - [03/Nov/2014:06:14:01 -0500] "GET /BLA/resoluciones/AUTOS%202011/4412.pdf HTTP/1.1" 200 223802
180.76.5.77 - - [03/Nov/2014:06:14:01 -0500] "GET /BLA/resoluciones/RESOLUCIONES%202009/0949.pdf HTTP/1.1" 200 576031
180.76.6.134 - - [03/Nov/2014:06:14:05 -0500] "GET /BLA/resoluciones/AUTOS%202011/7098.pdf HTTP/1.1" 200 317040
180.76.6.66 - - [03/Nov/2014:06:14:05 -0500] "GET /BLA/resoluciones/RESOLUCIONES%202009/0658.pdf HTTP/1.1" 200 125296
148.251.124.174 - - [03/Nov/2014:06:14:09 -0500] "GET /re1/Que%20es/Plan%20comunicaciones/publicos/?C=N;O=A HTTP/1.0" 404 1019
148.251.124.174 - - [03/Nov/2014:06:14:12 -0500] "GET /re1/Que%20es/Plan%20comunicaciones/publicos/?C=S;O=D HTTP/1.0" 404 1019
180.76.5.27 - - [03/Nov/2014:06:14:15 -0500] "GET /BLA/resoluciones/AUTOS%202007/1043.pdf HTTP/1.1" 200 26073
180.76.6.62 - - [03/Nov/2014:06:14:16 -0500] "GET /BLA/resoluciones/AUTOS%202011/3331.pdf HTTP/1.1" 200 302686
180.76.5.74 - - [03/Nov/2014:06:14:17 -0500] "GET /BLA/resoluciones/RESOLUCIONES%202010/6217.pdf HTTP/1.1" 200 351228
180.76.5.196 - - [03/Nov/2014:06:14:17 -0500] "GET /BLA/resoluciones/AUTOS%202013/0921.pdf HTTP/1.1" 200 1540585
66.249.64.163 - - [03/Nov/2014:06:14:19 -0500] "GET /BLA/resoluciones/RESOLUCIONES%202009/2244.pdf HTTP/1.1" 200 323718
148.251.124.174 - - [03/Nov/2014:06:14:20 -0500] "GET /re1/Que%20es/Plan%20operativo/fase%20capacitacion/?C=N;O=A HTTP/1.0" 404 1019
180.76.5.22 - - [03/Nov/2014:06:14:22 -0500] "GET /BLA/resoluciones/RESOLUCIONES%202010/5624.pdf HTTP/1.1" 200 2761051
180.76.6.137 - - [03/Nov/2014:06:14:24 -0500] "GET /BLA/resoluciones/RESOLUCIONES%202011/3146.pdf HTTP/1.1" 200 381961
180.76.6.20 - - [03/Nov/2014:06:14:27 -0500] "GET /BLA/resoluciones/RESOLUCIONES%202010/4819.pdf HTTP/1.1" 200 763033
180.76.5.190 - - [03/Nov/2014:06:14:27 -0500] "GET /BLA/resoluciones/AUTOS%202013/2557.pdf HTTP/1.1" 200 359861
180.76.6.57 - - [03/Nov/2014:06:14:28 -0500] "GET /BLA/resoluciones/RESOLUCIONES%202010/1964.pdf HTTP/1.1" 200 495467
148.251.124.174 - - [03/Nov/2014:06:14:30 -0500] "GET /re1/Que%20es/Plan%20operativo/fase%20capacitacion/?C=S;O=D HTTP/1.0" 404 1019
180.76.5.193 - - [03/Nov/2014:06:14:36 -0500] "GET /BLA/resoluciones/Autos%202008/1109.pdf HTTP/1.1" 200 54995
180.76.5.192 - - [03/Nov/2014:06:14:38 -0500] "GET /BLA/resoluciones/RESOLUCIONES%202011/0490.pdf HTTP/1.1" 200 94999
157.55.39.62 - - [03/Nov/2014:06:14:40 -0500] "-" 408 -
180.76.5.145 - - [03/Nov/2014:06:14:40 -0500] "GET /BLA/resoluciones/RESOLUCIONES%202008/2671.pdf HTTP/1.1" 200 76628
180.76.6.52 - - [03/Nov/2014:06:14:41 -0500] "GET /BLA/resoluciones/RESOLUCIONES%202010/7452.pdf HTTP/1.1" 200 448058
148.251.124.174 - - [03/Nov/2014:06:14:48 -0500] "GET /re1/Que%20es/Plan%20operativo/fase%20recoleccion/?C=D;O=D HTTP/1.0" 404 1019
180.76.5.194 - - [03/Nov/2014:06:14:49 -0500] "GET /BLA/resoluciones/RESOLUCIONES%202008/1546.pdf HTTP/1.1" 200 224476
180.76.6.232 - - [03/Nov/2014:06:14:51 -0500] "GET /BLA/resoluciones/RESOLUCIONES%202009/2488.pdf HTTP/1.1" 200 258739
180.76.5.173 - - [03/Nov/2014:06:14:53 -0500] "GET /BLA/resoluciones/RESOLUCIONES%202009/1131.pdf HTTP/1.1" 200 547782
66.249.64.171 - - [03/Nov/2014:06:14:57 -0500] "GET /BLA/resoluciones/RESOLUCIONES%202002/RES%202002%201551-1600/20021589.tif HTTP/1.1" 200 181514
180.76.5.175 - - [03/Nov/2014:06:14:57 -0500] "GET /BLA/resoluciones/RESOLUCIONES%202009/0032.pdf HTTP/1.1" 200 501057
180.76.6.16 - - [03/Nov/2014:06:14:59 -0500] "GET /BLA/resoluciones/RESOLUCIONES%202009/4532.pdf HTTP/1.1" 200 109068
180.76.6.233 - - [03/Nov/2014:06:15:01 -0500] "GET /BLA/resoluciones/RESOLUCIONES%202007/RES%202007%201301%20AL%201400/RESOLUCION%201390%20DE%202007.pdf HTTP/1.1" 200 264204
180.76.6.40 - - [03/Nov/2014:06:15:03 -0500] "GET /BLA/resoluciones/RESOLUCIONES%202010/0505.pdf HTTP/1.1" 200 111666
180.76.5.58 - - [03/Nov/2014:06:15:07 -0500] "GET /BLA/resoluciones/RESOLUCIONES%202009/1675.pdf HTTP/1.1" 200 863351
148.251.124.174 - - [03/Nov/2014:06:15:07 -0500] "GET /re1/Que%20es/Plan%20operativo/fase%20recoleccion/?C=M;O=D HTTP/1.0" 404 1019
180.76.5.62 - - [03/Nov/2014:06:15:08 -0500] "GET /BLA/resoluciones/RESOLUCIONES%202009/1497.pdf HTTP/1.1" 200 223539
180.76.6.58 - - [03/Nov/2014:06:15:08 -0500] "GET /BLA/resoluciones/RESOLUCIONES%202009/0908.pdf HTTP/1.1" 200 447872
180.76.6.139 - - [03/Nov/2014:06:15:09 -0500] "GET /BLA/resoluciones/Autos%202008/2736.pdf HTTP/1.1" 200 119098
180.76.6.143 - - [03/Nov/2014:06:15:10 -0500] "GET /BLA/resoluciones/RESOLUCIONES%202013/0846.pdf HTTP/1.1" 200 11556435
180.76.5.146 - - [03/Nov/2014:06:15:13 -0500] "GET /BLA/resoluciones/RESOLUCIONES%202011/1980.pdf HTTP/1.1" 200 824494
148.251.124.174 - - [03/Nov/2014:06:15:14 -0500] "GET /re1/Que%20es/Plan%20operativo/fase%20recoleccion/?C=N;O=A HTTP/1.0" 404 1019
180.76.5.18 - - [03/Nov/2014:06:15:15 -0500] "GET /BLA/resoluciones/RESOLUCIONES%202011/0952.pdf HTTP/1.1" 200 75735
180.76.6.64 - - [03/Nov/2014:06:15:22 -0500] "GET /BLA/resoluciones/RESOLUCIONES%202011/2880.pdf HTTP/1.1" 200 760002
148.251.124.174 - - [03/Nov/2014:06:15:22 -0500] "GET /re1/Que%20es/Plan%20operativo/fase%20recoleccion/?C=S;O=D HTTP/1.0" 404 1019
180.76.6.130 - - [03/Nov/2014:06:15:23 -0500] "GET /BLA/resoluciones/RESOLUCIONES%202010/0862.pdf HTTP/1.1" 200 438027
180.76.5.177 - - [03/Nov/2014:06:15:25 -0500] "GET /BLA/resoluciones/RESOLUCIONES%202009/0823.pdf HTTP/1.1" 200 212739
148.251.124.174 - - [03/Nov/2014:06:15:26 -0500] "GET /re1/Que%20es/Plan%20operativo/imagen%20plan%20operativo/?C=D;O=A HTTP/1.0" 404 1019
180.76.6.48 - - [03/Nov/2014:06:15:31 -0500] "GET /BLA/resoluciones/RESOLUCIONES%202009/8949.pdf HTTP/1.1" 200 332541
180.76.5.190 - - [03/Nov/2014:06:15:31 -0500] "GET /BLA/resoluciones/RESOLUCIONES%202008/0269.pdf HTTP/1.1" 200 1000792
148.251.124.174 - - [03/Nov/2014:06:15:32 -0500] "GET /re1/Que%20es/Plan%20operativo/imagen%20plan%20operativo/?C=M;O=A HTTP/1.0" 404 1019
180.76.6.139 - - [03/Nov/2014:06:15:32 -0500] "GET /BLA/resoluciones/RESOLUCIONES%202011/2828.pdf HTTP/1.1" 200 761894
180.76.5.81 - - [03/Nov/2014:06:15:33 -0500] "GET /BLA/resoluciones/RESOLUCIONES%202007/RES%202007%201601%20AL%201725/RESOLUCION%201613%20DE%202007.pdf HTTP/1.1" 200 764498
180.76.5.63 - - [03/Nov/2014:06:15:36 -0500] "GET /BLA/resoluciones/RESOLUCIONES%202009/1186.pdf HTTP/1.1" 200 323652
180.76.6.21 - - [03/Nov/2014:06:15:37 -0500] "GET /BLA/resoluciones/Autos%202008/2535.pdf HTTP/1.1" 200 93229
180.76.5.80 - - [03/Nov/2014:06:15:40 -0500] "GET /BLA/resoluciones/RESOLUCIONES%202010/0076.pdf HTTP/1.1" 200 526578
180.76.5.28 - - [03/Nov/2014:06:15:42 -0500] "GET /BLA/resoluciones/AUTOS%202010/1153.pdf HTTP/1.1" 200 148284
180.76.6.52 - - [03/Nov/2014:06:15:42 -0500] "GET /BLA/resoluciones/RESOLUCIONES%202009/1400.pdf HTTP/1.1" 200 116778
74.86.158.107 - - [03/Nov/2014:06:15:44 -0500] "HEAD / HTTP/1.1" 302 -
180.76.5.63 - - [03/Nov/2014:06:15:44 -0500] "GET /POT-2013/Cartografia/10_EEP_Urbana.pdf HTTP/1.1" 200 5413968
180.76.6.51 - - [03/Nov/2014:06:15:45 -0500] "GET /BLA/resoluciones/RESOLUCIONES%202013/0318.pdf HTTP/1.1" 200 2349418
180.76.5.25 - - [03/Nov/2014:06:15:48 -0500] "GET /BLA/resoluciones/RESOLUCIONES%202011/1598.pdf HTTP/1.1" 200 90729
180.76.6.157 - - [03/Nov/2014:06:15:48 -0500] "GET /BLA/resoluciones/RESOLUCIONES%202011/0576.pdf HTTP/1.1" 200 61551
157.55.39.107 - - [03/Nov/2014:06:15:49 -0500] "GET /BLA/resoluciones/RESOLUCIONES%202010/0023.pdf HTTP/1.1" 200 391789
157.55.39.107 - - [03/Nov/2014:06:15:49 -0500] "GET /bla/resoluciones/RESOLUCIONES%202009/8311.pdf HTTP/1.1" 200 453313
180.76.5.189 - - [03/Nov/2014:06:15:49 -0500] "GET /BLA/resoluciones/Autos%202008/1894.pdf HTTP/1.1" 200 143887
157.55.39.107 - - [03/Nov/2014:06:15:49 -0500] "GET /BLA/resoluciones/AUTOS%202007/3241.pdf HTTP/1.1" 200 86796
157.55.39.107 - - [03/Nov/2014:06:15:50 -0500] "GET /bla/resoluciones/RESOLUCIONES%202009/8111.pdf HTTP/1.1" 200 517444
157.55.39.107 - - [03/Nov/2014:06:15:50 -0500] "GET /BLA/resoluciones/RESOLUCIONES%202011/4298.pdf HTTP/1.1" 200 571652
157.55.39.107 - - [03/Nov/2014:06:15:51 -0500] "GET /BLA/resoluciones/AUTOS%202007/0940.pdf HTTP/1.1" 200 21857
157.55.39.107 - - [03/Nov/2014:06:15:51 -0500] "GET /bla/resoluciones/RESOLUCIONES%202009/0366.pdf HTTP/1.1" 200 285680
148.251.124.174 - - [03/Nov/2014:06:15:51 -0500] "GET /re1/Que%20es/Talleres/metales/?C=N;O=A HTTP/1.0" 404 1019
180.76.6.37 - - [03/Nov/2014:06:15:56 -0500] "GET /BLA/resoluciones/RESOLUCIONES%202010/7375.pdf HTTP/1.1" 200 351336
180.76.5.28 - - [03/Nov/2014:06:16:00 -0500] "GET /BLA/resoluciones/RESOLUCIONES%202014/0353.pdf HTTP/1.1" 200 1863863
180.76.6.62 - - [03/Nov/2014:06:16:01 -0500] "GET /BLA/resoluciones/AUTOS%202013/3133.pdf HTTP/1.1" 200 751141
180.76.5.175 - - [03/Nov/2014:06:16:05 -0500] "GET /BLA/resoluciones/Autos%202008/1628.pdf HTTP/1.1" 200 66657
180.76.6.142 - - [03/Nov/2014:06:16:05 -0500] "GET /BLA/resoluciones/AUTOS%202011/3942.pdf HTTP/1.1" 200 323481
148.251.124.174 - - [03/Nov/2014:06:16:06 -0500] "GET /re1/Que%20es/Talleres/metales/?C=S;O=D HTTP/1.0" 404 1019
148.251.124.174 - - [03/Nov/2014:06:16:09 -0500] "GET /re1/Que%20es/Talleres/papel/?C=D;O=D HTTP/1.0" 404 1019
180.76.6.145 - - [03/Nov/2014:06:16:10 -0500] "GET /BLA/resoluciones/RESOLUCIONES%202008/2302.pdf HTTP/1.1" 200 352872
148.251.124.174 - - [03/Nov/2014:06:16:11 -0500] "GET /re1/Que%20es/Talleres/papel/?C=M;O=D HTTP/1.0" 404 1019
180.76.6.29 - - [03/Nov/2014:06:16:12 -0500] "GET /BLA/resoluciones/AUTOS%202010/1413.pdf HTTP/1.1" 200 237473
157.55.39.107 - - [03/Nov/2014:06:16:13 -0500] "GET /bla/resoluciones/RESOLUCIONES%202009/8236.pdf HTTP/1.1" 200 434271
157.55.39.107 - - [03/Nov/2014:06:16:13 -0500] "GET /BLA/resoluciones/Resoluciones%202011/1540.pdf HTTP/1.1" 200 76683
157.55.39.107 - - [03/Nov/2014:06:16:14 -0500] "GET /BLA/resoluciones/Resoluciones%202011/5365.pdf HTTP/1.1" 200 433629
157.55.39.107 - - [03/Nov/2014:06:16:14 -0500] "GET /bla/resoluciones/RESOLUCIONES%202009/8463.pdf HTTP/1.1" 200 48124
157.55.39.107 - - [03/Nov/2014:06:16:15 -0500] "GET /BLA/resoluciones/RESOLUCIONES%202010/0514.pdf HTTP/1.1" 200 373772
148.251.124.174 - - [03/Nov/2014:06:16:15 -0500] "GET /re1/Que%20es/Talleres/papel/?C=N;O=A HTTP/1.0" 404 1019
180.76.6.148 - - [03/Nov/2014:06:16:15 -0500] "GET /BLA/resoluciones/AUTOS%202007/0112.pdf HTTP/1.1" 200 115958
157.55.39.107 - - [03/Nov/2014:06:16:15 -0500] "GET /BLA/resoluciones/RESOLUCIONES%202010/3321.pdf HTTP/1.1" 200 516093
157.55.39.107 - - [03/Nov/2014:06:16:15 -0500] "GET /BLA/resoluciones/AUTOS%202007/1617.pdf HTTP/1.1" 200 100103
180.76.5.58 - - [03/Nov/2014:06:16:16 -0500] "GET /BLA/resoluciones/AUTOS%202011/6375.pdf HTTP/1.1" 200 197028
180.76.6.43 - - [03/Nov/2014:06:16:17 -0500] "GET /BLA/resoluciones/RESOLUCIONES%202010/7089.pdf HTTP/1.1" 200 498060
180.76.5.20 - - [03/Nov/2014:06:16:18 -0500] "GET /BLA/resoluciones/AUTOS%202007/0854.pdf HTTP/1.1" 200 92002
157.55.39.107 - - [03/Nov/2014:06:16:19 -0500] "GET /bla/resoluciones/RESOLUCIONES%202011/1932.pdf HTTP/1.1" 200 159173
157.55.39.107 - - [03/Nov/2014:06:16:19 -0500] "GET /BLA/resoluciones/RESOLUCIONES%202010/2974.pdf HTTP/1.1" 200 1030153
157.55.39.107 - - [03/Nov/2014:06:16:20 -0500] "GET /BLA/resoluciones/Autos%202008/0740.pdf HTTP/1.1" 200 148902
180.76.5.18 - - [03/Nov/2014:06:16:20 -0500] "GET /BLA/resoluciones/Autos%202008/1494.pdf HTTP/1.1" 200 249779
157.55.39.107 - - [03/Nov/2014:06:16:20 -0500] "GET /BLA/resoluciones/Autos%202008/0042.pdf HTTP/1.1" 200 83855
157.55.39.107 - - [03/Nov/2014:06:16:20 -0500] "GET /BLA/resoluciones/Resoluciones%202011/5395.pdf HTTP/1.1" 200 584041
157.55.39.107 - - [03/Nov/2014:06:16:21 -0500] "GET /BLA/resoluciones/AUTOS%202007/1820.pdf HTTP/1.1" 200 33544
157.55.39.107 - - [03/Nov/2014:06:16:21 -0500] "GET /bla/resoluciones/RESOLUCIONES%202011/3700.pdf HTTP/1.1" 200 553232
157.55.39.107 - - [03/Nov/2014:06:16:22 -0500] "GET /BLA/resoluciones/AUTOS%202010/5323.pdf HTTP/1.1" 200 1892591
180.76.5.72 - - [03/Nov/2014:06:16:22 -0500] "GET /BLA/resoluciones/RESOLUCIONES%202010/6314.pdf HTTP/1.1" 200 1956050
180.76.5.94 - - [03/Nov/2014:06:16:23 -0500] "GET /BLA/resoluciones/Autos%202008/0671.pdf HTTP/1.1" 200 160225
50.97.138.107 - - [03/Nov/2014:06:16:23 -0500] "GET /blog/wp-admin/ HTTP/1.1" 404 1018
180.76.5.17 - - [03/Nov/2014:06:16:24 -0500] "GET /BLA/resoluciones/RESOLUCIONES%202010/5020.pdf HTTP/1.1" 200 751062
180.76.6.53 - - [03/Nov/2014:06:16:26 -0500] "GET /BLA/resoluciones/RESOLUCIONES%202009/0697.pdf HTTP/1.1" 200 408035
180.76.6.58 - - [03/Nov/2014:06:16:27 -0500] "GET /BLA/resoluciones/RESOLUCIONES%202010/5872.pdf HTTP/1.1" 200 134694
180.76.6.46 - - [03/Nov/2014:06:16:28 -0500] "GET /BLA/resoluciones/RESOLUCIONES%202007/RES%202007%201301%20AL%201400/RESOLUCION%201315%20DE%202007.pdf HTTP/1.1" 200 573836
180.76.6.62 - - [03/Nov/2014:06:16:28 -0500] "GET /BLA/resoluciones/RESOLUCIONES%202010/7221.pdf HTTP/1.1" 200 917568
180.76.6.230 - - [03/Nov/2014:06:16:29 -0500] "GET /BLA/resoluciones/RESOLUCIONES%202011/2301.pdf HTTP/1.1" 200 315062
148.251.124.174 - - [03/Nov/2014:06:16:29 -0500] "GET /re1/Que%20es/Talleres/papel/?C=S;O=D HTTP/1.0" 404 1019
180.76.6.131 - - [03/Nov/2014:06:16:32 -0500] "GET /BLA/resoluciones/RESOLUCIONES%202011/4208.pdf HTTP/1.1" 200 487489
180.76.6.66 - - [03/Nov/2014:06:16:36 -0500] "GET /BLA/resoluciones/RESOLUCIONES%202009/7112.pdf HTTP/1.1" 200 327155
180.76.6.132 - - [03/Nov/2014:06:16:37 -0500] "GET /BLA/resoluciones/AUTOS%202010/1449.pdf HTTP/1.1" 200 196047
180.76.6.157 - - [03/Nov/2014:06:16:37 -0500] "GET /BLA/resoluciones/AUTOS%202013/1473.pdf HTTP/1.1" 200 857104
180.76.6.130 - - [03/Nov/2014:06:16:40 -0500] "GET /BLA/resoluciones/AUTOS%202007/2433.pdf HTTP/1.1" 200 29260
180.76.6.66 - - [03/Nov/2014:06:16:41 -0500] "GET /BLA/resoluciones/RESOLUCIONES%202008/2113.pdf HTTP/1.1" 200 509494
157.55.39.107 - - [03/Nov/2014:06:16:42 -0500] "GET /BLA/resoluciones/AUTOS%202009/2574.pdf HTTP/1.1" 200 112404
157.55.39.107 - - [03/Nov/2014:06:16:43 -0500] "GET /BLA/resoluciones/RESOLUCIONES%202010/1936.pdf HTTP/1.1" 200 601983
180.76.5.146 - - [03/Nov/2014:06:16:43 -0500] "GET /BLA/resoluciones/AUTOS%202007/2317.pdf HTTP/1.1" 200 33232
157.55.39.107 - - [03/Nov/2014:06:16:43 -0500] "GET /BLA/resoluciones/RESOLUCIONES%202009/9540.pdf HTTP/1.1" 200 504221
157.55.39.107 - - [03/Nov/2014:06:16:43 -0500] "GET /BLA/resoluciones/RESOLUCIONES%202011/2049.pdf HTTP/1.1" 200 513045
157.55.39.107 - - [03/Nov/2014:06:16:44 -0500] "GET /bla/resoluciones/RESOLUCIONES%202009/0603.pdf HTTP/1.1" 200 341067
180.76.5.172 - - [03/Nov/2014:06:16:44 -0500] "GET /BLA/resoluciones/AUTOS%202012/1847.pdf HTTP/1.1" 200 285519
180.76.6.133 - - [03/Nov/2014:06:16:44 -0500] "GET /BLA/resoluciones/AUTOS%202013/1388.pdf HTTP/1.1" 200 420477
157.55.39.107 - - [03/Nov/2014:06:16:44 -0500] "GET /BLA/resoluciones/RESOLUCIONES%202008/1706.pdf HTTP/1.1" 200 243985
157.55.39.107 - - [03/Nov/2014:06:16:45 -0500] "GET /BLA/resoluciones/RESOLUCIONES%202011/0482.pdf HTTP/1.1" 200 72189
148.251.124.174 - - [03/Nov/2014:06:16:46 -0500] "GET /re1/Que%20es/Talleres/plasticos/?C=D;O=D HTTP/1.0" 404 1019
180.76.6.150 - - [03/Nov/2014:06:16:46 -0500] "GET /BLA/resoluciones/RESOLUCIONES%202008/2891.pdf HTTP/1.1" 200 335676
180.76.6.41 - - [03/Nov/2014:06:16:47 -0500] "GET /BLA/resoluciones/AUTOS%202009/2064.pdf HTTP/1.1" 200 96185
157.55.39.62 - - [03/Nov/2014:06:16:48 -0500] "GET /BLA/resoluciones/AUTOS%202011/2043.pdf HTTP/1.1" 200 129536
157.55.39.62 - - [03/Nov/2014:06:16:49 -0500] "GET /BLA/resoluciones/RESOLUCIONES%202009/1661.pdf HTTP/1.1" 200 394019
180.76.5.20 - - [03/Nov/2014:06:16:49 -0500] "GET /BLA/resoluciones/RESOLUCIONES%202010/7663.pdf HTTP/1.1" 200 166704
157.55.39.62 - - [03/Nov/2014:06:16:49 -0500] "GET /BLA/resoluciones/RESOLUCIONES%202008/0882.pdf HTTP/1.1" 200 346161
180.76.6.230 - - [03/Nov/2014:06:16:51 -0500] "GET /BLA/resoluciones/RESOLUCIONES%202011/2054.pdf HTTP/1.1" 200 308991
157.55.39.62 - - [03/Nov/2014:06:16:53 -0500] "GET /bla/resoluciones/RESOLUCIONES%202009/0656.pdf HTTP/1.1" 200 462021
180.76.6.148 - - [03/Nov/2014:06:16:53 -0500] "GET /BLA/resoluciones/RESOLUCIONES%202010/6327.pdf HTTP/1.1" 200 550237
157.55.39.62 - - [03/Nov/2014:06:16:53 -0500] "GET /BLA/resoluciones/AUTOS%202009/1547.pdf HTTP/1.1" 200 112336
157.55.39.62 - - [03/Nov/2014:06:16:54 -0500] "GET /BLA/resoluciones/Autos%202008/2989.pdf HTTP/1.1" 200 247542
180.76.5.58 - - [03/Nov/2014:06:16:54 -0500] "GET /BLA/resoluciones/RESOLUCIONES%202008/1506.pdf HTTP/1.1" 200 183561
157.55.39.62 - - [03/Nov/2014:06:16:54 -0500] "GET /BLA/resoluciones/AUTOS%202011/3293.pdf HTTP/1.1" 200 283449
148.251.124.174 - - [03/Nov/2014:06:16:59 -0500] "GET /re1/Que%20es/Talleres/plasticos/?C=M;O=D HTTP/1.0" 404 1019
180.76.5.76 - - [03/Nov/2014:06:16:59 -0500] "GET /BLA/resoluciones/RESOLUCIONES%202010/0152.pdf HTTP/1.1" 200 1161087
180.76.5.58 - - [03/Nov/2014:06:17:02 -0500] "GET /BLA/resoluciones/AUTOS%202007/2316.pdf HTTP/1.1" 200 30949
180.76.5.23 - - [03/Nov/2014:06:17:05 -0500] "GET /BLA/resoluciones/Autos%202008/2678.pdf HTTP/1.1" 200 105198
148.251.124.174 - - [03/Nov/2014:06:17:06 -0500] "GET /re1/Que%20es/Talleres/plasticos/?C=N;O=A HTTP/1.0" 404 1019
180.76.6.130 - - [03/Nov/2014:06:17:07 -0500] "GET /BLA/resoluciones/AUTOS%202011/0688.pdf HTTP/1.1" 200 101134
180.76.6.17 - - [03/Nov/2014:06:17:08 -0500] "GET /BLA/resoluciones/RESOLUCIONES%202010/6942.pdf HTTP/1.1" 200 459237
180.76.6.133 - - [03/Nov/2014:06:17:10 -0500] "GET /BLA/resoluciones/AUTOS%202007/0280.pdf HTTP/1.1" 200 155103
180.76.5.154 - - [03/Nov/2014:06:17:10 -0500] "GET /BLA/resoluciones/AUTOS%202007/2173.pdf HTTP/1.1" 200 88663
148.251.124.174 - - [03/Nov/2014:06:17:12 -0500] "GET /re1/Que%20es/Talleres/plasticos/?C=S;O=D HTTP/1.0" 404 1019
148.251.124.174 - - [03/Nov/2014:06:17:15 -0500] "GET /re1/Que%20es/Talleres/residuos%20organicos/?C=D;O=D HTTP/1.0" 404 1019
