180.76.6.135 - - [03/Nov/2014:04:36:34 -0500] "GET /BLA/resoluciones/RESOLUCIONES%202009/2661.pdf HTTP/1.1" 200 424411
180.76.6.231 - - [03/Nov/2014:04:36:35 -0500] "GET /BLA/resoluciones/Autos%202008/2271.pdf HTTP/1.1" 200 180818
180.76.5.149 - - [03/Nov/2014:04:36:36 -0500] "GET /BLA/resoluciones/Autos%202008/0326.pdf HTTP/1.1" 200 85160
198.27.82.146 - - [03/Nov/2014:04:36:41 -0500] "GET /gallery2/g2data/cache/derivative/1/5/158-meta.inc HTTP/1.0" 404 1019
180.76.6.137 - - [03/Nov/2014:04:36:41 -0500] "GET /BLA/resoluciones/Autos%202008/2672.pdf HTTP/1.1" 200 171537
180.76.6.136 - - [03/Nov/2014:04:36:41 -0500] "GET /BLA/resoluciones/RESOLUCIONES%202009/2646.pdf HTTP/1.1" 200 218553
180.76.6.59 - - [03/Nov/2014:04:36:41 -0500] "GET /BLA/resoluciones/RESOLUCIONES%202012/0335.pdf HTTP/1.1" 200 345043
198.27.82.146 - - [03/Nov/2014:04:36:42 -0500] "GET /gallery2/g2data/cache/derivative/1/5/?C=D;O=A HTTP/1.0" 404 1019
180.76.5.172 - - [03/Nov/2014:04:36:43 -0500] "GET /BLA/resoluciones/AUTOS%202010/2515.pdf HTTP/1.1" 200 132201
198.27.82.146 - - [03/Nov/2014:04:36:44 -0500] "GET /gallery2/g2data/cache/derivative/1/5/?C=M;O=A HTTP/1.0" 404 1019
180.76.5.171 - - [03/Nov/2014:04:36:45 -0500] "GET /BLA/resoluciones/RESOLUCIONES%202010/1446.pdf HTTP/1.1" 200 511249
198.27.82.146 - - [03/Nov/2014:04:36:45 -0500] "GET /gallery2/g2data/cache/derivative/1/5/?C=N;O=D HTTP/1.0" 404 1019
180.76.6.157 - - [03/Nov/2014:04:36:48 -0500] "GET /BLA/resoluciones/RESOLUCIONES%202007/RES%202007%203601%20AL%203700/RESOLUCION%203615%20DE%202007.pdf HTTP/1.1" 200 1065164
198.27.82.146 - - [03/Nov/2014:04:36:50 -0500] "GET /gallery2/g2data/cache/derivative/1/6/?C=N;O=D HTTP/1.0" 404 1019
180.76.5.74 - - [03/Nov/2014:04:36:50 -0500] "GET /BLA/resoluciones/RESOLUCIONES%202008/2680.pdf HTTP/1.1" 200 234441
180.76.6.138 - - [03/Nov/2014:04:36:52 -0500] "GET /BLA/resoluciones/RESOLUCIONES%202008/2269.pdf HTTP/1.1" 200 282299
180.76.6.54 - - [03/Nov/2014:04:36:53 -0500] "GET /BLA/resoluciones/AUTOS%202011/5056.pdf HTTP/1.1" 200 446841
180.76.6.28 - - [03/Nov/2014:04:36:56 -0500] "GET /BLA/resoluciones/RESOLUCIONES%202011/0043.pdf HTTP/1.1" 200 2095373
180.76.5.78 - - [03/Nov/2014:04:36:58 -0500] "GET /BLA/resoluciones/RESOLUCIONES%202007/RES%202007%203001%20AL%203100/RESOLUCION%203080%20DE%202007.pdf HTTP/1.1" 200 170453
180.76.5.18 - - [03/Nov/2014:04:36:59 -0500] "GET /BLA/resoluciones/RESOLUCIONES%202009/0114.pdf HTTP/1.1" 200 188468
198.27.82.146 - - [03/Nov/2014:04:37:01 -0500] "GET /gallery2/g2data/cache/derivative/1/6/?C=S;O=A HTTP/1.0" 404 1019
180.76.6.140 - - [03/Nov/2014:04:37:04 -0500] "GET /BLA/resoluciones/AUTOS%202010/6216.pdf HTTP/1.1" 200 201671
198.27.82.146 - - [03/Nov/2014:04:37:06 -0500] "GET /gallery2/g2data/cache/derivative/1/7/170-meta.inc HTTP/1.0" 404 1019
198.27.82.146 - - [03/Nov/2014:04:37:10 -0500] "GET /gallery2/g2data/cache/derivative/1/7/170.dat HTTP/1.0" 404 1019
180.76.5.28 - - [03/Nov/2014:04:37:10 -0500] "GET /BLA/resoluciones/RESOLUCIONES%202007/RES%202007%203801%20AL%203900/RESOLUCION%203883%20DE%202007.pdf HTTP/1.1" 200 954104
180.76.6.155 - - [03/Nov/2014:04:37:12 -0500] "GET /BLA/resoluciones/AUTOS%202009/3249.pdf HTTP/1.1" 200 193252
180.76.5.63 - - [03/Nov/2014:04:37:13 -0500] "GET /BLA/resoluciones/AUTOS%202010/5334.pdf HTTP/1.1" 200 1059863
198.27.82.146 - - [03/Nov/2014:04:37:14 -0500] "GET /gallery2/g2data/cache/derivative/1/7/172-meta.inc HTTP/1.0" 404 1019
198.27.82.146 - - [03/Nov/2014:04:37:16 -0500] "GET /gallery2/g2data/cache/derivative/1/7/172.dat HTTP/1.0" 404 1019
180.76.6.53 - - [03/Nov/2014:04:37:22 -0500] "GET /BLA/resoluciones/Autos%202008/0377.pdf HTTP/1.1" 200 265034
180.76.6.233 - - [03/Nov/2014:04:37:23 -0500] "GET /BLA/resoluciones/RESOLUCIONES%202010/2744.pdf HTTP/1.1" 200 493349
180.76.5.27 - - [03/Nov/2014:04:37:23 -0500] "GET /BLA/resoluciones/AUTOS%202013/1670.pdf HTTP/1.1" 200 173459
198.27.82.146 - - [03/Nov/2014:04:37:25 -0500] "GET /gallery2/g2data/cache/derivative/1/7/176.dat HTTP/1.0" 404 1019
198.27.82.146 - - [03/Nov/2014:04:37:28 -0500] "GET /gallery2/g2data/cache/derivative/1/7/178-meta.inc HTTP/1.0" 404 1019
180.76.6.64 - - [03/Nov/2014:04:37:30 -0500] "GET /BLA/resoluciones/RESOLUCIONES%202010/7813.pdf HTTP/1.1" 200 509210
198.27.82.146 - - [03/Nov/2014:04:37:31 -0500] "GET /gallery2/g2data/cache/derivative/1/7/178.dat HTTP/1.0" 404 1019
198.27.82.146 - - [03/Nov/2014:04:37:33 -0500] "GET /gallery2/g2data/cache/derivative/1/7/?C=D;O=A HTTP/1.0" 404 1019
180.76.5.26 - - [03/Nov/2014:04:37:36 -0500] "GET /BLA/resoluciones/RESOLUCIONES%202011/4589.pdf HTTP/1.1" 200 647330
198.27.82.146 - - [03/Nov/2014:04:37:38 -0500] "GET /gallery2/g2data/cache/derivative/1/7/?C=M;O=A HTTP/1.0" 404 1019
180.76.6.36 - - [03/Nov/2014:04:37:40 -0500] "GET /BLA/resoluciones/AUTOS%202011/5463.pdf HTTP/1.1" 200 262001
198.27.82.146 - - [03/Nov/2014:04:37:43 -0500] "GET /gallery2/g2data/cache/derivative/1/7/?C=N;O=D HTTP/1.0" 404 1019
180.76.6.62 - - [03/Nov/2014:04:37:43 -0500] "GET /BLA/resoluciones/AUTOS%202009/2231.pdf HTTP/1.1" 200 122843
198.27.82.146 - - [03/Nov/2014:04:37:45 -0500] "GET /gallery2/g2data/cache/derivative/1/7/?C=S;O=A HTTP/1.0" 404 1019
198.27.82.146 - - [03/Nov/2014:04:37:48 -0500] "GET /gallery2/g2data/cache/derivative/1/8/180-meta.inc HTTP/1.0" 404 1019
180.76.6.137 - - [03/Nov/2014:04:37:49 -0500] "GET /BLA/resoluciones/AUTOS%202013/1615.pdf HTTP/1.1" 200 1139860
180.76.5.173 - - [03/Nov/2014:04:37:52 -0500] "GET /BLA/resoluciones/Autos%202008/2670.pdf HTTP/1.1" 200 83957
180.76.5.75 - - [03/Nov/2014:04:37:54 -0500] "GET /BLA/resoluciones/RESOLUCIONES%202007/RES%202007%202301%20AL%202400/RESOLUCION%202361%20DE%202007.pdf HTTP/1.1" 200 193768
180.76.5.58 - - [03/Nov/2014:04:37:54 -0500] "GET /BLA/resoluciones/Autos%202008/1595.pdf HTTP/1.1" 200 181939
198.27.82.146 - - [03/Nov/2014:04:37:55 -0500] "GET /gallery2/g2data/cache/derivative/1/8/180.dat HTTP/1.0" 404 1019
180.76.5.192 - - [03/Nov/2014:04:37:55 -0500] "GET /BLA/resoluciones/RESOLUCIONES%202008/1355.pdf HTTP/1.1" 200 1076489
180.76.6.65 - - [03/Nov/2014:04:37:56 -0500] "GET /BLA/resoluciones/AUTOS%202007/1157.pdf HTTP/1.1" 200 43699
180.76.6.232 - - [03/Nov/2014:04:37:58 -0500] "GET /BLA/resoluciones/RESOLUCIONES%202009/0402.pdf HTTP/1.1" 200 249144
180.76.5.74 - - [03/Nov/2014:04:38:02 -0500] "GET /BLA/resoluciones/RESOLUCIONES%202009/0716.pdf HTTP/1.1" 200 273710
180.76.6.133 - - [03/Nov/2014:04:38:04 -0500] "GET /BLA/resoluciones/AUTOS%202011/0254.pdf HTTP/1.1" 200 280839
180.76.5.150 - - [03/Nov/2014:04:38:06 -0500] "GET /BLA/resoluciones/RESOLUCIONES%202010/5269.pdf HTTP/1.1" 200 687766
180.76.5.193 - - [03/Nov/2014:04:38:06 -0500] "GET /BLA/resoluciones/RESOLUCIONES%202007/RES%202007%201801%20AL%201900/RESOLUCION%201871%20DE%202007.pdf HTTP/1.1" 200 3794935
62.43.225.172 - - [03/Nov/2014:04:38:10 -0500] "GET /arcgis/server/arcgisoutput/_ags_map433ce1a38281437caff296f8dbeff17f.png HTTP/1.1" 404 1166
54.160.53.113 - - [03/Nov/2014:04:38:10 -0500] "GET /BLA/boletinlegal/js/jquery.js HTTP/1.1" 200 57254
54.160.53.113 - - [03/Nov/2014:04:38:10 -0500] "GET /BLA/boletinlegal/js/jquery.scrollTo-min.js HTTP/1.1" 200 1150
54.160.53.113 - - [03/Nov/2014:04:38:10 -0500] "GET /BLA/boletinlegal/js/jquery.scrollShow.js HTTP/1.1" 200 4586
54.160.53.113 - - [03/Nov/2014:04:38:10 -0500] "GET /galeria/carrusel/Carrusel/jquery.thumbnailScroller.css HTTP/1.1" 200 2066
54.160.53.113 - - [03/Nov/2014:04:38:10 -0500] "GET /galeria/carrusel/Carrusel/jquery-ui-1.8.13.custom.min.js HTTP/1.1" 200 10800
54.160.53.113 - - [03/Nov/2014:04:38:10 -0500] "GET /galeria/carrusel/Carrusel/jquery.thumbnailScroller.js HTTP/1.1" 200 8157
54.160.53.113 - - [03/Nov/2014:04:38:12 -0500] "GET /galeria/nivo-slider/demo/demo.html HTTP/1.1" 200 3492
54.160.53.113 - - [03/Nov/2014:04:38:12 -0500] "GET /galeria/nivo-slider/nivo-slider.css HTTP/1.1" 200 1507
54.160.53.113 - - [03/Nov/2014:04:38:12 -0500] "GET /galeria/nivo-slider/themes/default/default.css HTTP/1.1" 200 1569
54.160.53.113 - - [03/Nov/2014:04:38:12 -0500] "GET /galeria/nivo-slider/demo/scripts/jquery-1.7.1.min.js HTTP/1.1" 200 93868
54.160.53.113 - - [03/Nov/2014:04:38:12 -0500] "GET /galeria/nivo-slider/themes/pascal/pascal.css HTTP/1.1" 200 2258
54.160.53.113 - - [03/Nov/2014:04:38:12 -0500] "GET /galeria/nivo-slider/demo/style.css HTTP/1.1" 200 2222
54.160.53.113 - - [03/Nov/2014:04:38:12 -0500] "GET /galeria/nivo-slider/themes/orman/orman.css HTTP/1.1" 200 2152
54.160.53.113 - - [03/Nov/2014:04:38:12 -0500] "GET /galeria/nivo-slider/jquery.nivo.slider.pack.js HTTP/1.1" 200 11561
180.76.5.190 - - [03/Nov/2014:04:38:12 -0500] "GET /BLA/resoluciones/RESOLUCIONES%202010/1250.pdf HTTP/1.1" 200 107872
157.55.39.46 - - [03/Nov/2014:04:38:13 -0500] "GET /BLA/resoluciones/RESOLUCIONES%202010/3905.pdf HTTP/1.1" 200 1004691
157.55.39.46 - - [03/Nov/2014:04:38:13 -0500] "GET /BLA/resoluciones/Resoluciones%202011/0924.pdf HTTP/1.1" 200 38206
180.76.5.67 - - [03/Nov/2014:04:38:15 -0500] "GET /BLA/resoluciones/RESOLUCIONES%202009/7238.pdf HTTP/1.1" 200 52964
157.55.39.46 - - [03/Nov/2014:04:38:14 -0500] "GET /BLA/resoluciones/index.php?dir=AUTOS%202009/&sort=date&order=asc HTTP/1.1" 200 393165
157.55.39.46 - - [03/Nov/2014:04:38:16 -0500] "GET /BLA/resoluciones/RESOLUCIONES%202008/4493.pdf HTTP/1.1" 200 402622
180.76.5.20 - - [03/Nov/2014:04:38:16 -0500] "GET /BLA/resoluciones/RESOLUCIONES%202010/2079.pdf HTTP/1.1" 200 198695
157.55.39.46 - - [03/Nov/2014:04:38:16 -0500] "GET /BLA/resoluciones/AUTOS%202009/1543.pdf HTTP/1.1" 200 111500
180.76.6.147 - - [03/Nov/2014:04:38:18 -0500] "GET /BLA/resoluciones/AUTOS%202009/0667.pdf HTTP/1.1" 200 74578
180.76.6.44 - - [03/Nov/2014:04:38:22 -0500] "GET /BLA/resoluciones/AUTOS%202009/2129.pdf HTTP/1.1" 200 74588
180.76.5.23 - - [03/Nov/2014:04:38:25 -0500] "GET /BLA/resoluciones/AUTOS%202011/6117.pdf HTTP/1.1" 200 172516
180.76.5.147 - - [03/Nov/2014:04:38:26 -0500] "GET /BLA/resoluciones/RESOLUCIONES%202010/0375.pdf HTTP/1.1" 200 117734
180.76.5.75 - - [03/Nov/2014:04:38:26 -0500] "GET /BLA/resoluciones/RESOLUCIONES%202007/RES%202007%203801%20AL%203900/RESOLUCION%203888%20DE%202007.pdf HTTP/1.1" 200 381768
180.76.6.14 - - [03/Nov/2014:04:38:29 -0500] "GET /BLA/resoluciones/AUTOS%202013/0156.pdf HTTP/1.1" 200 2103746
180.76.5.166 - - [03/Nov/2014:04:38:32 -0500] "GET /BLA/resoluciones/RESOLUCIONES%202007/RES%202007%20301%20AL%20400/RESOLUCION%200400%20DE%202007.pdf HTTP/1.1" 200 985266
180.76.6.135 - - [03/Nov/2014:04:38:33 -0500] "GET /BLA/resoluciones/RESOLUCIONES%202011/3606.pdf HTTP/1.1" 200 493508
180.76.5.170 - - [03/Nov/2014:04:38:35 -0500] "GET /BLA/resoluciones/RESOLUCIONES%202010/7470.pdf HTTP/1.1" 200 399832
180.76.5.146 - - [03/Nov/2014:04:38:37 -0500] "GET /BLA/resoluciones/AUTOS%202007/0848.pdf HTTP/1.1" 200 90937
180.76.5.195 - - [03/Nov/2014:04:38:37 -0500] "GET /BLA/resoluciones/RESOLUCIONES%202009/6814.pdf HTTP/1.1" 200 378229
157.55.39.47 - - [03/Nov/2014:04:38:38 -0500] "GET /BLA/resoluciones/RESOLUCIONES%202010/7559.pdf HTTP/1.1" 200 807385
198.27.82.146 - - [03/Nov/2014:04:38:44 -0500] "GET /gallery2/g2data/cache/derivative/1/8/182-meta.inc HTTP/1.0" 404 1019
180.76.6.232 - - [03/Nov/2014:04:38:45 -0500] "GET /BLA/resoluciones/AUTOS%202011/4284.pdf HTTP/1.1" 200 247365
180.76.5.67 - - [03/Nov/2014:04:38:45 -0500] "GET /BLA/resoluciones/RESOLUCIONES%202007/RES%202007%202401%20AL%202500/RESOLUCION%202421%20DE%202007.pdf HTTP/1.1" 200 711628
198.27.82.146 - - [03/Nov/2014:04:38:46 -0500] "GET /gallery2/g2data/cache/derivative/1/8/182.dat HTTP/1.0" 404 1019
180.76.6.46 - - [03/Nov/2014:04:38:46 -0500] "GET /BLA/resoluciones/RESOLUCIONES%202007/RES%202007%202301%20AL%202400/RESOLUCION%202350%20DE%202007.pdf HTTP/1.1" 200 582444
198.27.82.146 - - [03/Nov/2014:04:38:48 -0500] "GET /gallery2/g2data/cache/derivative/1/8/184-meta.inc HTTP/1.0" 404 1019
180.76.6.155 - - [03/Nov/2014:04:38:49 -0500] "GET /BLA/resoluciones/RESOLUCIONES%202012/1415.pdf HTTP/1.1" 200 449629
180.76.5.67 - - [03/Nov/2014:04:38:53 -0500] "GET /BLA/resoluciones/AUTOS%202007/1784.pdf HTTP/1.1" 200 35284
180.76.6.147 - - [03/Nov/2014:04:38:54 -0500] "GET /BLA/resoluciones/AUTOS%202011/4098.pdf HTTP/1.1" 200 256637
180.76.6.225 - - [03/Nov/2014:04:38:55 -0500] "GET /BLA/resoluciones/RESOLUCIONES%202010/4866.pdf HTTP/1.1" 200 756587
198.27.82.146 - - [03/Nov/2014:04:38:56 -0500] "GET /gallery2/g2data/cache/derivative/1/8/184.dat HTTP/1.0" 404 1019
54.82.89.93 - - [03/Nov/2014:04:38:58 -0500] "GET /BLA/boletinlegal/js/jquery.scrollTo-min.js HTTP/1.1" 200 1150
54.82.89.93 - - [03/Nov/2014:04:38:58 -0500] "GET /BLA/boletinlegal/js/jquery.scrollShow.js HTTP/1.1" 200 4586
54.82.89.93 - - [03/Nov/2014:04:38:58 -0500] "GET /BLA/boletinlegal/js/jquery.js HTTP/1.1" 200 57254
198.27.82.146 - - [03/Nov/2014:04:39:02 -0500] "GET /gallery2/g2data/cache/derivative/1/8/186-meta.inc HTTP/1.0" 404 1019
180.76.5.62 - - [03/Nov/2014:04:39:03 -0500] "GET /BLA/resoluciones/RESOLUCIONES%202010/2427.pdf HTTP/1.1" 200 488507
180.76.5.76 - - [03/Nov/2014:04:39:03 -0500] "GET /BLA/resoluciones/RESOLUCIONES%202010/6113.pdf HTTP/1.1" 200 691479
180.76.6.159 - - [03/Nov/2014:04:39:07 -0500] "GET /BLA/resoluciones/AUTOS%202007/0660.pdf HTTP/1.1" 200 65547
180.76.6.139 - - [03/Nov/2014:04:39:07 -0500] "GET /BLA/resoluciones/AUTOS%202013/2390.pdf HTTP/1.1" 200 1796957
180.76.5.168 - - [03/Nov/2014:04:39:08 -0500] "GET /BLA/resoluciones/AUTOS%202009/0172.pdf HTTP/1.1" 200 187415
198.27.82.146 - - [03/Nov/2014:04:39:10 -0500] "GET /gallery2/g2data/cache/derivative/1/8/186.dat HTTP/1.0" 404 1019
180.76.5.58 - - [03/Nov/2014:04:39:10 -0500] "GET /BLA/resoluciones/Autos%202008/1300.pdf HTTP/1.1" 200 280906
198.27.82.146 - - [03/Nov/2014:04:39:11 -0500] "GET /gallery2/g2data/cache/derivative/1/8/188-meta.inc HTTP/1.0" 404 1019
180.76.6.53 - - [03/Nov/2014:04:39:12 -0500] "GET /BLA/resoluciones/RESOLUCIONES%202009/3679.pdf HTTP/1.1" 200 51736
201.245.192.253 - - [03/Nov/2014:04:39:14 -0500] "GET /galeria/nivo-slider/demo/demo.html HTTP/1.1" 304 -
180.76.6.47 - - [03/Nov/2014:04:39:14 -0500] "GET /BLA/resoluciones/RESOLUCIONES%202007/RES%202007%201101%20AL%201200/RESOLUCION%201146%20DE%202007.pdf HTTP/1.1" 200 98939
180.76.5.65 - - [03/Nov/2014:04:39:17 -0500] "GET /BLA/resoluciones/RESOLUCIONES%202011/4227.pdf HTTP/1.1" 200 468625
180.76.5.167 - - [03/Nov/2014:04:39:18 -0500] "GET /BLA/resoluciones/Autos%202008/2571.pdf HTTP/1.1" 200 269051
180.76.5.65 - - [03/Nov/2014:04:39:20 -0500] "GET /BLA/resoluciones/RESOLUCIONES%202012/0651.pdf HTTP/1.1" 200 369929
198.27.82.146 - - [03/Nov/2014:04:39:24 -0500] "GET /gallery2/g2data/cache/derivative/1/8/188.dat HTTP/1.0" 404 1019
180.76.5.81 - - [03/Nov/2014:04:39:26 -0500] "GET /BLA/resoluciones/RESOLUCIONES%202010/1491.pdf HTTP/1.1" 200 518423
198.27.82.146 - - [03/Nov/2014:04:39:26 -0500] "GET /gallery2/g2data/cache/derivative/1/8/?C=D;O=A HTTP/1.0" 404 1019
66.249.64.167 - - [03/Nov/2014:04:39:27 -0500] "GET /BLA/resoluciones/AUTOS%202009/3187.pdf HTTP/1.1" 200 106657
180.76.6.131 - - [03/Nov/2014:04:39:27 -0500] "GET /BLA/resoluciones/RESOLUCIONES%202007/RES%202007%201001%20AL%201100/RESOLUCION%201042%20DE%202007.pdf HTTP/1.1" 200 351976
180.76.6.157 - - [03/Nov/2014:04:39:29 -0500] "GET /BLA/resoluciones/RESOLUCIONES%202009/1069.pdf HTTP/1.1" 200 203423
180.76.6.40 - - [03/Nov/2014:04:39:29 -0500] "GET /BLA/resoluciones/AUTOS%202013/2524.pdf HTTP/1.1" 200 1816183
180.76.6.213 - - [03/Nov/2014:04:39:30 -0500] "GET /BLA/resoluciones/RESOLUCIONES%202011/0525.pdf HTTP/1.1" 200 363775
198.27.82.146 - - [03/Nov/2014:04:39:30 -0500] "GET /gallery2/g2data/cache/derivative/1/8/?C=M;O=A HTTP/1.0" 404 1019
198.27.82.146 - - [03/Nov/2014:04:39:32 -0500] "GET /gallery2/g2data/cache/derivative/1/8/?C=N;O=D HTTP/1.0" 404 1019
180.76.5.192 - - [03/Nov/2014:04:39:34 -0500] "GET /BLA/resoluciones/RESOLUCIONES%202007/RES%202007%201301%20AL%201400/RESOLUCION%201352%20DE%202007.pdf HTTP/1.1" 200 45890
198.27.82.146 - - [03/Nov/2014:04:39:34 -0500] "GET /gallery2/g2data/cache/derivative/1/8/?C=S;O=A HTTP/1.0" 404 1019
180.76.6.43 - - [03/Nov/2014:04:39:37 -0500] "GET /BLA/resoluciones/RESOLUCIONES%202007/RES%202007%204301%20AL%204352/RESOLUCION%204337%20DE%202007.pdf HTTP/1.1" 200 535581
180.76.6.154 - - [03/Nov/2014:04:39:37 -0500] "GET /BLA/resoluciones/RESOLUCIONES%202009/1798.pdf HTTP/1.1" 200 465995
180.76.5.22 - - [03/Nov/2014:04:39:37 -0500] "GET /BLA/resoluciones/RESOLUCIONES%202012/1189.pdf HTTP/1.1" 200 558127
180.76.6.48 - - [03/Nov/2014:04:39:38 -0500] "GET /BLA/resoluciones/Autos%202008/1903.pdf HTTP/1.1" 200 123811
198.27.82.146 - - [03/Nov/2014:04:39:39 -0500] "GET /gallery2/g2data/cache/derivative/1/9/190-meta.inc HTTP/1.0" 404 1019
198.27.82.146 - - [03/Nov/2014:04:39:44 -0500] "GET /gallery2/g2data/cache/derivative/1/9/190.dat HTTP/1.0" 404 1019
180.76.6.29 - - [03/Nov/2014:04:39:45 -0500] "GET /BLA/resoluciones/AUTOS%202007/2789.pdf HTTP/1.1" 200 231064
180.76.5.94 - - [03/Nov/2014:04:39:50 -0500] "GET /BLA/resoluciones/RESOLUCIONES%202010/2573.pdf HTTP/1.1" 200 539241
180.76.5.77 - - [03/Nov/2014:04:39:50 -0500] "GET /BLA/resoluciones/RESOLUCIONES%202010/2628.pdf HTTP/1.1" 200 515011
198.27.82.146 - - [03/Nov/2014:04:39:51 -0500] "GET /gallery2/g2data/cache/derivative/1/9/192-meta.inc HTTP/1.0" 404 1019
157.55.39.194 - - [03/Nov/2014:04:39:54 -0500] "-" 408 -
198.27.82.146 - - [03/Nov/2014:04:39:55 -0500] "GET /gallery2/g2data/cache/derivative/1/9/192.dat HTTP/1.0" 404 1019
180.76.6.66 - - [03/Nov/2014:04:39:55 -0500] "GET /BLA/resoluciones/RESOLUCIONES%202013/2205.pdf HTTP/1.1" 200 330652
180.76.6.155 - - [03/Nov/2014:04:39:56 -0500] "GET /BLA/resoluciones/RESOLUCIONES%202010/7496.pdf HTTP/1.1" 200 35797
180.76.6.134 - - [03/Nov/2014:04:39:59 -0500] "GET /BLA/resoluciones/AUTOS%202010/1443.pdf HTTP/1.1" 200 203739
180.76.5.72 - - [03/Nov/2014:04:40:00 -0500] "GET /BLA/resoluciones/RESOLUCIONES%202010/1279.pdf HTTP/1.1" 200 107564
180.76.5.168 - - [03/Nov/2014:04:40:01 -0500] "GET /BLA/resoluciones/RESOLUCIONES%202007/RES%202007%201801%20AL%201900/RESOLUCION%201861%20DE%202007.pdf HTTP/1.1" 200 321810
198.27.82.146 - - [03/Nov/2014:04:40:01 -0500] "GET /gallery2/g2data/cache/derivative/1/9/194-meta.inc HTTP/1.0" 404 1019
180.76.5.19 - - [03/Nov/2014:04:40:06 -0500] "GET /BLA/resoluciones/RESOLUCIONES%202009/2935.pdf HTTP/1.1" 200 424900
180.76.6.52 - - [03/Nov/2014:04:40:08 -0500] "GET /BLA/resoluciones/AUTOS%202011/1754.pdf HTTP/1.1" 200 90520
180.76.6.141 - - [03/Nov/2014:04:40:08 -0500] "GET /BLA/resoluciones/AUTOS%202011/6248.pdf HTTP/1.1" 200 216611
198.27.82.146 - - [03/Nov/2014:04:40:12 -0500] "GET /gallery2/g2data/cache/derivative/1/9/194.dat HTTP/1.0" 404 1019
180.76.5.143 - - [03/Nov/2014:04:40:12 -0500] "GET /BLA/resoluciones/RESOLUCIONES%202009/7685.pdf HTTP/1.1" 200 35104
198.27.82.146 - - [03/Nov/2014:04:40:16 -0500] "GET /gallery2/g2data/cache/derivative/1/9/196-meta.inc HTTP/1.0" 404 1019
180.76.5.80 - - [03/Nov/2014:04:40:17 -0500] "GET /BLA/resoluciones/RESOLUCIONES%202010/7498.pdf HTTP/1.1" 200 35579
157.55.39.107 - - [03/Nov/2014:04:40:17 -0500] "GET /BLA/resoluciones/RESOLUCIONES%202011/2112.pdf HTTP/1.1" 200 510093
180.76.5.176 - - [03/Nov/2014:04:40:18 -0500] "GET /BLA/resoluciones/AUTOS%202013/3593.pdf HTTP/1.1" 200 883582
157.55.39.107 - - [03/Nov/2014:04:40:19 -0500] "GET /BLA/resoluciones/RESOLUCIONES%202010/4826.pdf HTTP/1.1" 200 754253
157.55.39.107 - - [03/Nov/2014:04:40:20 -0500] "GET /BLA/resoluciones/AUTOS%202009/1680.pdf HTTP/1.1" 200 122580
157.55.39.107 - - [03/Nov/2014:04:40:20 -0500] "GET /BLA/resoluciones/RESOLUCIONES%202010/3653.pdf HTTP/1.1" 200 713375
198.27.82.146 - - [03/Nov/2014:04:40:21 -0500] "GET /gallery2/g2data/cache/derivative/1/9/196.dat HTTP/1.0" 404 1019
157.55.39.107 - - [03/Nov/2014:04:40:21 -0500] "GET /BLA/resoluciones/RESOLUCIONES%202007/RES%202007%20901%20AL%201000/RESOLUCION%200976%20DE%202007.pdf HTTP/1.1" 200 248249
157.55.39.107 - - [03/Nov/2014:04:40:21 -0500] "GET /BLA/resoluciones/AUTOS%202011/3191.pdf HTTP/1.1" 200 275273
180.76.5.81 - - [03/Nov/2014:04:40:22 -0500] "GET /BLA/resoluciones/RESOLUCIONES%202007/RES%202007%204001%20AL%204100/RESOLUCION%204032%20DE%202007.pdf HTTP/1.1" 200 713379
198.27.82.146 - - [03/Nov/2014:04:40:24 -0500] "GET /gallery2/g2data/cache/derivative/1/9/198-meta.inc HTTP/1.0" 404 1019
180.76.6.232 - - [03/Nov/2014:04:40:24 -0500] "GET /BLA/resoluciones/AUTOS%202011/0706.pdf HTTP/1.1" 200 92993
180.76.5.193 - - [03/Nov/2014:04:40:24 -0500] "GET /BLA/resoluciones/AUTOS%202012/1329.pdf HTTP/1.1" 200 159068
74.86.158.107 - - [03/Nov/2014:04:40:27 -0500] "HEAD / HTTP/1.1" 302 -
198.27.82.146 - - [03/Nov/2014:04:40:32 -0500] "GET /gallery2/g2data/cache/derivative/1/9/198.dat HTTP/1.0" 404 1019
198.27.82.146 - - [03/Nov/2014:04:40:37 -0500] "GET /gallery2/g2data/cache/derivative/1/9/?C=D;O=A HTTP/1.0" 404 1019
180.76.6.64 - - [03/Nov/2014:04:40:37 -0500] "GET /BLA/resoluciones/Autos%202008/1931.pdf HTTP/1.1" 200 121579
180.76.6.131 - - [03/Nov/2014:04:40:38 -0500] "GET /BLA/resoluciones/RESOLUCIONES%202009/2146.pdf HTTP/1.1" 200 474743
180.76.6.16 - - [03/Nov/2014:04:40:39 -0500] "GET /BLA/resoluciones/RESOLUCIONES%202008/0171.pdf HTTP/1.1" 200 274907
180.76.6.146 - - [03/Nov/2014:04:40:41 -0500] "GET /BLA/resoluciones/AUTOS%202009/1606.pdf HTTP/1.1" 200 205320
180.76.6.148 - - [03/Nov/2014:04:40:41 -0500] "GET /BLA/resoluciones/RESOLUCIONES%202010/2317.pdf HTTP/1.1" 200 407919
180.76.5.150 - - [03/Nov/2014:04:40:42 -0500] "GET /BLA/resoluciones/Autos%202008/0666.pdf HTTP/1.1" 200 171543
180.76.6.16 - - [03/Nov/2014:04:40:42 -0500] "GET /BLA/resoluciones/RESOLUCIONES%202009/0489.pdf HTTP/1.1" 200 308984
180.76.5.147 - - [03/Nov/2014:04:40:42 -0500] "GET /BLA/resoluciones/RESOLUCIONES%202010/1529.pdf HTTP/1.1" 200 435793
198.27.82.146 - - [03/Nov/2014:04:40:42 -0500] "GET /gallery2/g2data/cache/derivative/1/9/?C=M;O=A HTTP/1.0" 404 1019
198.27.82.146 - - [03/Nov/2014:04:40:47 -0500] "GET /gallery2/g2data/cache/derivative/1/9/?C=N;O=D HTTP/1.0" 404 1019
180.76.5.188 - - [03/Nov/2014:04:40:47 -0500] "GET /BLA/resoluciones/AUTOS%202007/2278.pdf HTTP/1.1" 200 328296
180.76.6.40 - - [03/Nov/2014:04:40:51 -0500] "GET /BLA/resoluciones/RESOLUCIONES%202007/RES%202007%20801%20AL%20900/RESOLUCION%200895%20DE%202007.pdf HTTP/1.1" 200 269196
180.76.5.63 - - [03/Nov/2014:04:40:51 -0500] "GET /BLA/resoluciones/AUTOS%202011/4461.pdf HTTP/1.1" 200 246307
198.27.82.146 - - [03/Nov/2014:04:40:52 -0500] "GET /gallery2/g2data/cache/derivative/1/9/?C=S;O=A HTTP/1.0" 404 1019
180.76.5.94 - - [03/Nov/2014:04:40:52 -0500] "GET /BLA/resoluciones/RESOLUCIONES%202007/RES%202007%202301%20AL%202400/RESOLUCION%202349%20DE%202007.pdf HTTP/1.1" 200 870651
180.76.5.59 - - [03/Nov/2014:04:40:52 -0500] "GET /BLA/resoluciones/RESOLUCIONES%202010/2887.pdf HTTP/1.1" 200 502671
198.27.82.146 - - [03/Nov/2014:04:40:54 -0500] "GET /gallery2/g2data/cache/derivative/1/?C=D;O=D HTTP/1.0" 404 1019
198.27.82.146 - - [03/Nov/2014:04:40:55 -0500] "GET /gallery2/g2data/cache/derivative/1/?C=M;O=D HTTP/1.0" 404 1019
180.76.6.53 - - [03/Nov/2014:04:40:56 -0500] "GET /BLA/resoluciones/RESOLUCIONES%202010/5268.pdf HTTP/1.1" 200 385750
180.76.6.41 - - [03/Nov/2014:04:41:02 -0500] "GET /BLA/resoluciones/RESOLUCIONES%202008/0844.pdf HTTP/1.1" 200 187201
157.55.39.107 - - [03/Nov/2014:04:41:02 -0500] "GET /bla/resoluciones/RESOLUCIONES%202009/7835.pdf HTTP/1.1" 200 529825
198.27.82.146 - - [03/Nov/2014:04:41:03 -0500] "GET /gallery2/g2data/cache/derivative/1/?C=N;O=A HTTP/1.0" 404 1019
157.55.39.107 - - [03/Nov/2014:04:41:03 -0500] "GET /BLA/resoluciones/RESOLUCIONES%202010/3442.pdf HTTP/1.1" 200 759501
180.76.5.188 - - [03/Nov/2014:04:41:03 -0500] "GET /BLA/resoluciones/AUTOS%202007/2234.pdf HTTP/1.1" 200 79705
180.76.6.60 - - [03/Nov/2014:04:41:03 -0500] "GET /BLA/resoluciones/RESOLUCIONES%202013/1209.pdf HTTP/1.1" 200 313577
157.55.39.107 - - [03/Nov/2014:04:41:03 -0500] "GET /BLA/resoluciones/RESOLUCIONES%202010/4147.pdf HTTP/1.1" 200 749655
157.55.39.107 - - [03/Nov/2014:04:41:04 -0500] "GET /bla/resoluciones/RESOLUCIONES%202009/1054.pdf HTTP/1.1" 200 209966
157.55.39.107 - - [03/Nov/2014:04:41:04 -0500] "GET /BLA/resoluciones/RESOLUCIONES%202010/0388.pdf HTTP/1.1" 200 57684
198.27.82.146 - - [03/Nov/2014:04:41:04 -0500] "GET /gallery2/g2data/cache/derivative/1/?C=S;O=D HTTP/1.0" 404 1019
157.55.39.107 - - [03/Nov/2014:04:41:05 -0500] "GET /bla/resoluciones/RESOLUCIONES%202009/1438.pdf HTTP/1.1" 200 438645
157.55.39.107 - - [03/Nov/2014:04:41:05 -0500] "GET /BLA/resoluciones/RESOLUCIONES%202010/2902.pdf HTTP/1.1" 200 487903
157.55.39.107 - - [03/Nov/2014:04:41:05 -0500] "GET /BLA/resoluciones/AUTOS%202007/1955.pdf HTTP/1.1" 200 78112
157.55.39.107 - - [03/Nov/2014:04:41:06 -0500] "GET /BLA/resoluciones/RESOLUCIONES%202011/5579.pdf HTTP/1.1" 200 449420
157.55.39.107 - - [03/Nov/2014:04:41:06 -0500] "GET /BLA/resoluciones/RESOLUCIONES%202010/6834.pdf HTTP/1.1" 200 434640
157.55.39.107 - - [03/Nov/2014:04:41:07 -0500] "GET /bla/resoluciones/RESOLUCIONES%202009/9443.pdf HTTP/1.1" 200 574508
157.55.39.107 - - [03/Nov/2014:04:41:07 -0500] "GET /BLA/resoluciones/AUTOS%202007/0710.pdf HTTP/1.1" 200 67615
180.76.5.58 - - [03/Nov/2014:04:41:07 -0500] "GET /BLA/resoluciones/RESOLUCIONES%202009/2749.pdf HTTP/1.1" 200 459723
157.55.39.107 - - [03/Nov/2014:04:41:08 -0500] "GET /BLA/resoluciones/RESOLUCIONES%202012/1453.pdf HTTP/1.1" 200 1047977
157.55.39.107 - - [03/Nov/2014:04:41:08 -0500] "GET /BLA/resoluciones/AUTOS%202009/1712.pdf HTTP/1.1" 200 124349
198.27.82.146 - - [03/Nov/2014:04:41:08 -0500] "GET /gallery2/g2data/cache/derivative/2/0/200-meta.inc HTTP/1.0" 404 1019
157.55.39.107 - - [03/Nov/2014:04:41:09 -0500] "GET /BLA/resoluciones/RESOLUCIONES%202009/1346.pdf HTTP/1.1" 200 520564
157.55.39.107 - - [03/Nov/2014:04:41:09 -0500] "GET /BLA/resoluciones/Autos%202008/1555.pdf HTTP/1.1" 200 140366
157.55.39.107 - - [03/Nov/2014:04:41:09 -0500] "GET /BLA/resoluciones/Resoluciones%202011/2803.pdf HTTP/1.1" 200 761814
157.55.39.107 - - [03/Nov/2014:04:41:10 -0500] "GET /BLA/resoluciones/RESOLUCIONES%202007/RES%202007%20901%20AL%201000/RESOLUCION%200989%20DE%202007.pdf HTTP/1.1" 200 330659
198.27.82.146 - - [03/Nov/2014:04:41:10 -0500] "GET /gallery2/g2data/cache/derivative/2/0/200.dat HTTP/1.0" 404 1019
180.76.6.142 - - [03/Nov/2014:04:41:10 -0500] "GET /BLA/resoluciones/AUTOS%202010/0535.pdf HTTP/1.1" 200 179077
157.55.39.107 - - [03/Nov/2014:04:41:10 -0500] "GET /BLA/resoluciones/RESOLUCIONES%202009/0844.pdf HTTP/1.1" 200 320613
157.55.39.107 - - [03/Nov/2014:04:41:11 -0500] "GET /BLA/resoluciones/Resoluciones%202011/3074.pdf HTTP/1.1" 200 2418827
157.55.39.107 - - [03/Nov/2014:04:41:11 -0500] "GET /BLA/resoluciones/RESOLUCIONES%202010/1897.pdf HTTP/1.1" 200 677362
157.55.39.107 - - [03/Nov/2014:04:41:12 -0500] "GET /BLA/resoluciones/RESOLUCIONES%202009/8246.pdf HTTP/1.1" 200 272037
198.27.82.146 - - [03/Nov/2014:04:41:12 -0500] "GET /gallery2/g2data/cache/derivative/2/0/202-meta.inc HTTP/1.0" 404 1019
180.76.5.189 - - [03/Nov/2014:04:41:13 -0500] "GET /BLA/resoluciones/RESOLUCIONES%202009/6855.pdf HTTP/1.1" 200 276021
198.27.82.146 - - [03/Nov/2014:04:41:13 -0500] "GET /gallery2/g2data/cache/derivative/2/0/202.dat HTTP/1.0" 404 1019
180.76.5.57 - - [03/Nov/2014:04:41:15 -0500] "GET /BLA/resoluciones/AUTOS%202007/0399.pdf HTTP/1.1" 200 63773
198.27.82.146 - - [03/Nov/2014:04:41:19 -0500] "GET /gallery2/g2data/cache/derivative/2/0/204-meta.inc HTTP/1.0" 404 1019
180.76.6.41 - - [03/Nov/2014:04:41:20 -0500] "GET /BLA/resoluciones/RESOLUCIONES%202013/0279.pdf HTTP/1.1" 200 2342871
180.76.5.175 - - [03/Nov/2014:04:41:21 -0500] "GET /BLA/resoluciones/RESOLUCIONES%202007/RES%202007%204001%20AL%204100/RESOLUCION%204037%20DE%202007.pdf HTTP/1.1" 200 667843
180.76.6.40 - - [03/Nov/2014:04:41:21 -0500] "GET /BLA/resoluciones/RESOLUCIONES%202009/1716.pdf HTTP/1.1" 200 367003
198.27.82.146 - - [03/Nov/2014:04:41:22 -0500] "GET /gallery2/g2data/cache/derivative/2/0/204.dat HTTP/1.0" 404 1019
198.27.82.146 - - [03/Nov/2014:04:41:23 -0500] "GET /gallery2/g2data/cache/derivative/2/0/206-meta.inc HTTP/1.0" 404 1019
180.76.5.192 - - [03/Nov/2014:04:41:22 -0500] "GET /BLA/resoluciones/RESOLUCIONES%202010/2854.pdf HTTP/1.1" 200 12811547
198.27.82.146 - - [03/Nov/2014:04:41:25 -0500] "GET /gallery2/g2data/cache/derivative/2/0/206.dat HTTP/1.0" 404 1019
198.27.82.146 - - [03/Nov/2014:04:41:27 -0500] "GET /gallery2/g2data/cache/derivative/2/0/208-meta.inc HTTP/1.0" 404 1019
180.76.5.194 - - [03/Nov/2014:04:41:29 -0500] "GET /BLA/resoluciones/RESOLUCIONES%202008/1392.pdf HTTP/1.1" 200 303947
180.76.5.24 - - [03/Nov/2014:04:41:31 -0500] "GET /BLA/resoluciones/RESOLUCIONES%202007/RES%202007%201726%20AL%201800/RESOLUCION%201753%20DE%202007.pdf HTTP/1.1" 200 220306
198.27.82.146 - - [03/Nov/2014:04:41:32 -0500] "GET /gallery2/g2data/cache/derivative/2/0/208.dat HTTP/1.0" 404 1019
180.76.6.50 - - [03/Nov/2014:04:41:33 -0500] "GET /BLA/resoluciones/RESOLUCIONES%202008/0810.pdf HTTP/1.1" 200 34612
188.165.15.205 - - [03/Nov/2014:04:41:35 -0500] "GET /BLA/resoluciones/RESOLUCIONES%202002/RES%202002%201351-1400/20021371.tif HTTP/1.1" 200 117088
198.27.82.146 - - [03/Nov/2014:04:41:36 -0500] "GET /gallery2/g2data/cache/derivative/2/0/?C=D;O=A HTTP/1.0" 404 1019
180.76.6.152 - - [03/Nov/2014:04:41:37 -0500] "GET /BLA/resoluciones/RESOLUCIONES%202012/0742.pdf HTTP/1.1" 200 195740
157.55.39.47 - - [03/Nov/2014:04:41:39 -0500] "GET /BLA/resoluciones/RESOLUCIONES%202012/0199.pdf HTTP/1.1" 200 690728
157.55.39.47 - - [03/Nov/2014:04:41:40 -0500] "GET /BLA/resoluciones/RESOLUCIONES%202010/6649.pdf HTTP/1.1" 200 272368
157.55.39.47 - - [03/Nov/2014:04:41:40 -0500] "GET /BLA/resoluciones/RESOLUCIONES%202007/RES%202007%20301%20AL%20400/RESOLUCION%200368%20DE%202007.pdf HTTP/1.1" 200 225785
180.76.6.133 - - [03/Nov/2014:04:41:40 -0500] "GET /BLA/resoluciones/RESOLUCIONES%202010/1758.pdf HTTP/1.1" 200 492553
157.55.39.47 - - [03/Nov/2014:04:41:40 -0500] "GET /BLA/resoluciones/AUTOS%202007/3032.pdf HTTP/1.1" 200 513776
157.55.39.47 - - [03/Nov/2014:04:41:41 -0500] "GET /BLA/resoluciones/Resoluciones%202011/4368.pdf HTTP/1.1" 200 805406
198.27.82.146 - - [03/Nov/2014:04:41:41 -0500] "GET /gallery2/g2data/cache/derivative/2/0/?C=M;O=A HTTP/1.0" 404 1019
157.55.39.47 - - [03/Nov/2014:04:41:41 -0500] "GET /BLA/resoluciones/RESOLUCIONES%202010/3246.pdf HTTP/1.1" 200 753364
157.55.39.47 - - [03/Nov/2014:04:41:42 -0500] "GET /BLA/resoluciones/RESOLUCIONES%202008/0641.pdf HTTP/1.1" 200 395000
157.55.39.47 - - [03/Nov/2014:04:41:42 -0500] "GET /BLA/resoluciones/AUTOS%202011/4319.pdf HTTP/1.1" 200 199409
180.76.6.232 - - [03/Nov/2014:04:41:42 -0500] "GET /BLA/resoluciones/AUTOS%202011/0758.pdf HTTP/1.1" 200 104824
157.55.39.47 - - [03/Nov/2014:04:41:43 -0500] "GET /BLA/resoluciones/RESOLUCIONES%202010/2378.pdf HTTP/1.1" 200 448244
157.55.39.47 - - [03/Nov/2014:04:41:43 -0500] "GET /BLA/resoluciones/RESOLUCIONES%202007/RES%202007%203701%20AL%203800/RESOLUCION%203760%20DE%202007.pdf HTTP/1.1" 200 545316
198.27.82.146 - - [03/Nov/2014:04:41:43 -0500] "GET /gallery2/g2data/cache/derivative/2/0/?C=N;O=D HTTP/1.0" 404 1019
180.76.6.28 - - [03/Nov/2014:04:41:44 -0500] "GET /BLA/resoluciones/RESOLUCIONES%202011/1805.pdf HTTP/1.1" 200 514764
198.27.82.146 - - [03/Nov/2014:04:41:45 -0500] "GET /gallery2/g2data/cache/derivative/2/0/?C=S;O=A HTTP/1.0" 404 1019
180.76.5.80 - - [03/Nov/2014:04:41:46 -0500] "GET /BLA/resoluciones/Autos%202008/1212.pdf HTTP/1.1" 200 87267
157.55.39.47 - - [03/Nov/2014:04:41:47 -0500] "GET /bla/resoluciones/RESOLUCIONES%202011/1226.pdf HTTP/1.1" 200 525455
157.55.39.47 - - [03/Nov/2014:04:41:47 -0500] "GET /BLA/resoluciones/RESOLUCIONES%202011/1963.pdf HTTP/1.1" 200 268374
157.55.39.47 - - [03/Nov/2014:04:41:48 -0500] "GET /BLA/resoluciones/Autos%202008/0776.pdf HTTP/1.1" 200 74630
157.55.39.47 - - [03/Nov/2014:04:41:48 -0500] "GET /BLA/resoluciones/RESOLUCIONES%202010/1502.pdf HTTP/1.1" 200 496219
157.55.39.47 - - [03/Nov/2014:04:41:49 -0500] "GET /bla/resoluciones/RESOLUCIONES%202009/7671.pdf HTTP/1.1" 200 496339
157.55.39.47 - - [03/Nov/2014:04:41:49 -0500] "GET /POT-2013/index.php?dir=&sort=name&order=desc HTTP/1.1" 200 2678
157.55.39.47 - - [03/Nov/2014:04:41:49 -0500] "GET /BLA/resoluciones/RESOLUCIONES%202008/0886.pdf HTTP/1.1" 200 38805
157.55.39.47 - - [03/Nov/2014:04:41:50 -0500] "GET /BLA/resoluciones/AUTOS%202011/2464.pdf HTTP/1.1" 200 135662
157.55.39.47 - - [03/Nov/2014:04:41:50 -0500] "GET /BLA/resoluciones/RESOLUCIONES%202008/4176.pdf HTTP/1.1" 200 336388
180.76.6.64 - - [03/Nov/2014:04:41:50 -0500] "GET /BLA/resoluciones/AUTOS%202011/4148.pdf HTTP/1.1" 200 220685
157.55.39.47 - - [03/Nov/2014:04:41:50 -0500] "GET /BLA/resoluciones/Resoluciones%202011/2186.pdf HTTP/1.1" 200 511655
157.55.39.47 - - [03/Nov/2014:04:41:51 -0500] "GET /bla/resoluciones/RESOLUCIONES%202009/9743.pdf HTTP/1.1" 200 322316
180.76.6.17 - - [03/Nov/2014:04:41:51 -0500] "GET /BLA/resoluciones/AUTOS%202007/2453.pdf HTTP/1.1" 200 110958
180.76.5.61 - - [03/Nov/2014:04:41:51 -0500] "GET /BLA/resoluciones/Autos%202008/2931.pdf HTTP/1.1" 200 67910
157.55.39.47 - - [03/Nov/2014:04:41:51 -0500] "GET /BLA/resoluciones/Resoluciones%202011/4550.pdf HTTP/1.1" 200 987196
157.55.39.47 - - [03/Nov/2014:04:41:52 -0500] "GET /BLA/resoluciones/RESOLUCIONES%202010/1442.pdf HTTP/1.1" 200 359030
157.55.39.47 - - [03/Nov/2014:04:41:52 -0500] "GET /bla/resoluciones/RESOLUCIONES%202009/2366.pdf HTTP/1.1" 200 462012
157.55.39.47 - - [03/Nov/2014:04:41:53 -0500] "GET /BLA/resoluciones/AUTOS%202011/2142.pdf HTTP/1.1" 200 265428
157.55.39.47 - - [03/Nov/2014:04:41:53 -0500] "GET /BLA/resoluciones/RESOLUCIONES%202010/2199.pdf HTTP/1.1" 200 512583
157.55.39.47 - - [03/Nov/2014:04:41:54 -0500] "GET /bla/resoluciones/RESOLUCIONES%202011/2447.pdf HTTP/1.1" 200 513916
180.76.6.152 - - [03/Nov/2014:04:41:56 -0500] "GET /BLA/resoluciones/AUTOS%202013/2749.pdf HTTP/1.1" 200 293784
180.76.6.149 - - [03/Nov/2014:04:41:57 -0500] "GET /BLA/resoluciones/RESOLUCIONES%202009/5031.pdf HTTP/1.1" 200 67621
180.76.5.81 - - [03/Nov/2014:04:42:00 -0500] "GET /BLA/resoluciones/RESOLUCIONES%202012/1547.pdf HTTP/1.1" 200 817745
180.76.6.36 - - [03/Nov/2014:04:42:01 -0500] "GET /BLA/resoluciones/AUTOS%202007/2848.pdf HTTP/1.1" 200 211167
180.76.5.23 - - [03/Nov/2014:04:42:01 -0500] "GET /BLA/resoluciones/RESOLUCIONES%202010/7399.pdf HTTP/1.1" 200 496643
180.76.6.130 - - [03/Nov/2014:04:42:06 -0500] "GET /BLA/resoluciones/AUTOS%202013/2767.pdf HTTP/1.1" 200 1898361
180.76.6.28 - - [03/Nov/2014:04:42:07 -0500] "GET /BLA/resoluciones/AUTOS%202007/1659.pdf HTTP/1.1" 200 114687
180.76.5.170 - - [03/Nov/2014:04:42:08 -0500] "GET /BLA/resoluciones/AUTOS%202009/0582.pdf HTTP/1.1" 200 127965
180.76.5.80 - - [03/Nov/2014:04:42:08 -0500] "GET /BLA/resoluciones/AUTOS%202010/1109.pdf HTTP/1.1" 200 190415
180.76.5.155 - - [03/Nov/2014:04:42:08 -0500] "GET /BLA/resoluciones/RESOLUCIONES%202009/1881.pdf HTTP/1.1" 200 760324
180.76.5.195 - - [03/Nov/2014:04:42:08 -0500] "GET /BLA/resoluciones/RESOLUCIONES%202013/0105.pdf HTTP/1.1" 200 2101366
180.76.6.138 - - [03/Nov/2014:04:42:11 -0500] "GET /BLA/resoluciones/RESOLUCIONES%202009/2459.pdf HTTP/1.1" 200 211620
180.76.5.171 - - [03/Nov/2014:04:42:14 -0500] "GET /BLA/resoluciones/AUTOS%202009/1549.pdf HTTP/1.1" 200 112349
180.76.6.213 - - [03/Nov/2014:04:42:14 -0500] "GET /BLA/resoluciones/RESOLUCIONES%202012/0938.pdf HTTP/1.1" 200 572000
180.76.6.55 - - [03/Nov/2014:04:42:16 -0500] "GET /BLA/resoluciones/RESOLUCIONES%202009/1075.pdf HTTP/1.1" 200 53088
180.76.5.65 - - [03/Nov/2014:04:42:19 -0500] "GET /BLA/resoluciones/RESOLUCIONES%202008/2759.pdf HTTP/1.1" 200 190881
180.76.5.75 - - [03/Nov/2014:04:42:23 -0500] "GET /BLA/resoluciones/RESOLUCIONES%202010/0878.pdf HTTP/1.1" 200 106066
180.76.5.59 - - [03/Nov/2014:04:42:25 -0500] "GET /BLA/resoluciones/AUTOS%202009/0132.pdf HTTP/1.1" 200 138723
180.76.5.63 - - [03/Nov/2014:04:42:27 -0500] "GET /BLA/resoluciones/RESOLUCIONES%202008/0798.pdf HTTP/1.1" 200 321444
180.76.6.65 - - [03/Nov/2014:04:42:27 -0500] "GET /BLA/resoluciones/AUTOS%202011/4013.pdf HTTP/1.1" 200 236815
180.76.5.58 - - [03/Nov/2014:04:42:27 -0500] "GET /BLA/resoluciones/AUTOS%202009/0679.pdf HTTP/1.1" 200 88422
180.76.5.192 - - [03/Nov/2014:04:42:29 -0500] "GET /BLA/resoluciones/Autos%202008/0909.pdf HTTP/1.1" 200 91041
180.76.6.139 - - [03/Nov/2014:04:42:30 -0500] "GET /BLA/resoluciones/RESOLUCIONES%202010/1302.pdf HTTP/1.1" 200 101278
180.76.6.136 - - [03/Nov/2014:04:42:38 -0500] "GET /BLA/resoluciones/AUTOS%202007/2543.pdf HTTP/1.1" 200 228112
195.154.77.10 - - [03/Nov/2014:04:42:38 -0500] "GET /robots.txt HTTP/1.0" 404 1015
180.76.5.192 - - [03/Nov/2014:04:42:42 -0500] "GET /BLA/resoluciones/RESOLUCIONES%202010/0554.pdf HTTP/1.1" 200 118949
195.154.77.10 - - [03/Nov/2014:04:42:50 -0500] "GET /gallery2/g2data/cache/derivative/0/2/22-meta.inc HTTP/1.0" 404 1015
180.76.6.53 - - [03/Nov/2014:04:42:53 -0500] "GET /BLA/resoluciones/Autos%202008/2080.pdf HTTP/1.1" 200 98515
201.245.192.253 - - [03/Nov/2014:04:42:55 -0500] "GET /galeria/nivo-slider/demo/images/mesTIC.jpg HTTP/1.1" 304 -
185.10.104.130 - - [03/Nov/2014:04:42:57 -0500] "GET /BLA/resoluciones/AUTOS%202009/0349.pdf HTTP/1.1" 200 560763
180.76.6.213 - - [03/Nov/2014:04:43:02 -0500] "GET /BLA/resoluciones/RESOLUCIONES%202008/1511.pdf HTTP/1.1" 200 401534
180.76.5.195 - - [03/Nov/2014:04:43:04 -0500] "GET /BLA/resoluciones/AUTOS%202011/4124.pdf HTTP/1.1" 200 222041
180.76.5.223 - - [03/Nov/2014:04:43:05 -0500] "GET /BLA/resoluciones/RESOLUCIONES%202013/1305.pdf HTTP/1.1" 200 543974
180.76.5.143 - - [03/Nov/2014:04:43:08 -0500] "GET /BLA/resoluciones/RESOLUCIONES%202010/5178.pdf HTTP/1.1" 200 1410770
180.76.5.197 - - [03/Nov/2014:04:43:08 -0500] "GET /BLA/resoluciones/AUTOS%202012/1866.pdf HTTP/1.1" 200 288284
180.76.5.189 - - [03/Nov/2014:04:43:08 -0500] "GET /BLA/resoluciones/RESOLUCIONES%202009/1561.pdf HTTP/1.1" 200 426790
180.76.6.158 - - [03/Nov/2014:04:43:10 -0500] "GET /BLA/resoluciones/RESOLUCIONES%202013/0901.pdf HTTP/1.1" 200 384141
180.76.5.57 - - [03/Nov/2014:04:43:12 -0500] "GET /BLA/resoluciones/RESOLUCIONES%202009/9766.pdf HTTP/1.1" 200 280079
198.27.82.146 - - [03/Nov/2014:04:43:14 -0500] "GET /gallery2/g2data/cache/derivative/2/1/210-meta.inc HTTP/1.0" 404 1019
188.165.15.75 - - [03/Nov/2014:04:43:14 -0500] "GET /BLA/resoluciones/RESOLUCIONES%202005/RES%202005%202751-2800/00002757.tif HTTP/1.1" 200 27762
180.76.6.149 - - [03/Nov/2014:04:43:16 -0500] "GET /BLA/resoluciones/RESOLUCIONES%202010/4754.pdf HTTP/1.1" 200 906418
180.76.6.154 - - [03/Nov/2014:04:43:18 -0500] "GET /POT-2013/Cartografia/11_Areas_Actividad_Extractiva_2013_V1.pdf HTTP/1.1" 200 3984327
180.76.5.78 - - [03/Nov/2014:04:43:20 -0500] "GET /BLA/resoluciones/AUTOS%202007/1519.pdf HTTP/1.1" 200 86582
198.27.82.146 - - [03/Nov/2014:04:43:23 -0500] "GET /gallery2/g2data/cache/derivative/2/1/210.dat HTTP/1.0" 404 1019
180.76.5.195 - - [03/Nov/2014:04:43:23 -0500] "GET /BLA/resoluciones/RESOLUCIONES%202007/RES%202007%202601%20AL%202700/RESOLUCION%202612%20DE%202007.pdf HTTP/1.1" 200 606263
201.245.192.253 - - [03/Nov/2014:04:43:24 -0500] "GET /forestReports/webcontent/birt/admin/js/client.js HTTP/1.1" 304 -
198.27.82.146 - - [03/Nov/2014:04:43:25 -0500] "GET /gallery2/g2data/cache/derivative/2/1/212-meta.inc HTTP/1.0" 404 1019
180.76.5.149 - - [03/Nov/2014:04:43:25 -0500] "GET /BLA/resoluciones/RESOLUCIONES%202009/3618.pdf HTTP/1.1" 200 61592
180.76.5.171 - - [03/Nov/2014:04:43:26 -0500] "GET /BLA/resoluciones/RESOLUCIONES%202011/3622.pdf HTTP/1.1" 200 551285
180.76.5.196 - - [03/Nov/2014:04:43:27 -0500] "GET /BLA/resoluciones/RESOLUCIONES%202009/8261.pdf HTTP/1.1" 200 289155
195.154.77.10 - - [03/Nov/2014:04:43:28 -0500] "GET /gallery2/g2data/cache/derivative/0/2/22.dat HTTP/1.0" 404 1015
180.76.5.175 - - [03/Nov/2014:04:43:29 -0500] "GET /BLA/resoluciones/AUTOS%202011/7362.pdf HTTP/1.1" 200 241629
180.76.6.54 - - [03/Nov/2014:04:43:32 -0500] "GET /BLA/resoluciones/RESOLUCIONES%202010/5199.pdf HTTP/1.1" 200 365270
195.154.77.10 - - [03/Nov/2014:04:43:35 -0500] "GET /gallery2/g2data/cache/derivative/0/2/23-meta.inc HTTP/1.0" 404 1015
198.27.82.146 - - [03/Nov/2014:04:43:36 -0500] "GET /gallery2/g2data/cache/derivative/2/2/?C=D;O=A HTTP/1.0" 404 1019
180.76.5.153 - - [03/Nov/2014:04:43:39 -0500] "GET /BLA/resoluciones/RESOLUCIONES%202010/2043.pdf HTTP/1.1" 200 55274
195.154.77.10 - - [03/Nov/2014:04:43:40 -0500] "GET /gallery2/g2data/cache/derivative/0/2/23.dat HTTP/1.0" 404 1015
198.27.82.146 - - [03/Nov/2014:04:43:41 -0500] "GET /gallery2/g2data/cache/derivative/2/2/?C=M;O=A HTTP/1.0" 404 1019
180.76.6.62 - - [03/Nov/2014:04:43:42 -0500] "GET /BLA/resoluciones/AUTOS%202007/0889.pdf HTTP/1.1" 200 55603
198.27.82.146 - - [03/Nov/2014:04:43:44 -0500] "GET /gallery2/g2data/cache/derivative/2/2/?C=N;O=D HTTP/1.0" 404 1019
180.76.6.130 - - [03/Nov/2014:04:43:45 -0500] "GET /BLA/resoluciones/Autos%202008/1418.pdf HTTP/1.1" 200 430362
198.27.82.146 - - [03/Nov/2014:04:43:46 -0500] "GET /gallery2/g2data/cache/derivative/2/2/?C=S;O=A HTTP/1.0" 404 1019
195.154.77.10 - - [03/Nov/2014:04:43:49 -0500] "GET /gallery2/g2data/cache/derivative/0/2/24-meta.inc HTTP/1.0" 404 1015
180.76.5.196 - - [03/Nov/2014:04:43:49 -0500] "GET /BLA/resoluciones/AUTOS%202009/2206.pdf HTTP/1.1" 200 112984
198.27.82.146 - - [03/Nov/2014:04:43:50 -0500] "GET /gallery2/g2data/cache/derivative/2/3/230-meta.inc HTTP/1.0" 404 1019
180.76.5.169 - - [03/Nov/2014:04:43:53 -0500] "GET /BLA/resoluciones/RESOLUCIONES%202009/8637.pdf HTTP/1.1" 200 283313
198.27.82.146 - - [03/Nov/2014:04:43:54 -0500] "GET /gallery2/g2data/cache/derivative/2/3/230.dat HTTP/1.0" 404 1019
195.154.77.10 - - [03/Nov/2014:04:43:57 -0500] "GET /gallery2/g2data/cache/derivative/0/2/24.dat HTTP/1.0" 404 1015
180.76.6.17 - - [03/Nov/2014:04:43:58 -0500] "GET /BLA/resoluciones/RESOLUCIONES%202007/RES%202007%202501%20AL%202600/RESOLUCION%202575%20DE%202007.pdf HTTP/1.1" 200 935349
198.27.82.146 - - [03/Nov/2014:04:44:01 -0500] "GET /gallery2/g2data/cache/derivative/2/3/232-meta.inc HTTP/1.0" 404 1019
180.76.5.223 - - [03/Nov/2014:04:44:04 -0500] "GET /BLA/resoluciones/Autos%202008/1658.pdf HTTP/1.1" 200 246524
198.27.82.146 - - [03/Nov/2014:04:44:06 -0500] "GET /gallery2/g2data/cache/derivative/2/3/234-meta.inc HTTP/1.0" 404 1019
195.154.77.10 - - [03/Nov/2014:04:44:06 -0500] "GET /gallery2/g2data/cache/derivative/0/2/26-meta.inc HTTP/1.0" 404 1015
198.27.82.146 - - [03/Nov/2014:04:44:08 -0500] "GET /gallery2/g2data/cache/derivative/2/3/238.dat HTTP/1.0" 404 1019
195.154.77.10 - - [03/Nov/2014:04:44:08 -0500] "GET /gallery2/g2data/cache/derivative/0/2/26.dat HTTP/1.0" 404 1015
195.154.77.10 - - [03/Nov/2014:04:44:10 -0500] "GET /gallery2/g2data/cache/derivative/0/2/28-meta.inc HTTP/1.0" 404 1015
180.76.6.143 - - [03/Nov/2014:04:44:10 -0500] "GET /BLA/resoluciones/AUTOS%202009/1086.pdf HTTP/1.1" 200 98334
180.76.6.66 - - [03/Nov/2014:04:44:10 -0500] "GET /BLA/resoluciones/Autos%202008/1504.pdf HTTP/1.1" 200 209250
180.76.6.17 - - [03/Nov/2014:04:44:10 -0500] "GET /BLA/resoluciones/RESOLUCIONES%202011/4308.pdf HTTP/1.1" 200 165747
198.27.82.146 - - [03/Nov/2014:04:44:12 -0500] "GET /gallery2/g2data/cache/derivative/2/3/?C=D;O=A HTTP/1.0" 404 1019
198.27.82.146 - - [03/Nov/2014:04:44:14 -0500] "GET /gallery2/g2data/cache/derivative/2/3/?C=M;O=A HTTP/1.0" 404 1019
198.27.82.146 - - [03/Nov/2014:04:44:16 -0500] "GET /gallery2/g2data/cache/derivative/2/3/?C=S;O=A HTTP/1.0" 404 1019
180.76.6.56 - - [03/Nov/2014:04:44:16 -0500] "GET /BLA/resoluciones/AUTOS%202009/1655.pdf HTTP/1.1" 200 100505
180.76.6.37 - - [03/Nov/2014:04:44:16 -0500] "GET /BLA/resoluciones/RESOLUCIONES%202010/0029.pdf HTTP/1.1" 200 394508
180.76.6.58 - - [03/Nov/2014:04:44:17 -0500] "GET /BLA/resoluciones/RESOLUCIONES%202009/1360.pdf HTTP/1.1" 200 512787
195.154.77.10 - - [03/Nov/2014:04:44:18 -0500] "GET /gallery2/g2data/cache/derivative/0/2/28.dat HTTP/1.0" 404 1015
198.27.82.146 - - [03/Nov/2014:04:44:19 -0500] "GET /gallery2/g2data/cache/derivative/2/4/240-meta.inc HTTP/1.0" 404 1019
180.76.5.197 - - [03/Nov/2014:04:44:19 -0500] "GET /BLA/resoluciones/RESOLUCIONES%202010/7304.pdf HTTP/1.1" 200 356520
195.154.77.10 - - [03/Nov/2014:04:44:22 -0500] "GET /gallery2/g2data/cache/derivative/0/2/?C=D;O=A HTTP/1.0" 404 1015
180.76.6.59 - - [03/Nov/2014:04:44:24 -0500] "GET /BLA/resoluciones/AUTOS%202011/2955.pdf HTTP/1.1" 200 512096
198.27.82.146 - - [03/Nov/2014:04:44:25 -0500] "GET /gallery2/g2data/cache/derivative/2/4/240.dat HTTP/1.0" 404 1019
198.27.82.146 - - [03/Nov/2014:04:44:27 -0500] "GET /gallery2/g2data/cache/derivative/2/4/242-meta.inc HTTP/1.0" 404 1019
201.245.192.253 - - [03/Nov/2014:04:44:30 -0500] "GET /forestReports/webcontent/birt/admin/js/yui/tabview-min.js HTTP/1.1" 304 -
198.27.82.146 - - [03/Nov/2014:04:44:32 -0500] "GET /gallery2/g2data/cache/derivative/2/4/242.dat HTTP/1.0" 404 1019
180.76.6.231 - - [03/Nov/2014:04:44:32 -0500] "GET /BLA/resoluciones/AUTOS%202009/0750.pdf HTTP/1.1" 200 292910
180.76.5.57 - - [03/Nov/2014:04:44:32 -0500] "GET /BLA/resoluciones/RESOLUCIONES%202011/1107.pdf HTTP/1.1" 200 288973
180.76.5.196 - - [03/Nov/2014:04:44:32 -0500] "GET /BLA/resoluciones/Autos%202008/2191.pdf HTTP/1.1" 200 75479
180.76.6.45 - - [03/Nov/2014:04:44:32 -0500] "GET /BLA/resoluciones/RESOLUCIONES%202009/2726.pdf HTTP/1.1" 200 371392
195.154.77.10 - - [03/Nov/2014:04:44:34 -0500] "GET /gallery2/g2data/cache/derivative/0/2/?C=M;O=A HTTP/1.0" 404 1015
198.27.82.146 - - [03/Nov/2014:04:44:35 -0500] "GET /gallery2/g2data/cache/derivative/2/4/244-meta.inc HTTP/1.0" 404 1019
195.154.77.10 - - [03/Nov/2014:04:44:38 -0500] "GET /gallery2/g2data/cache/derivative/0/2/?C=N;O=A HTTP/1.0" 404 1015
180.76.5.60 - - [03/Nov/2014:04:44:38 -0500] "GET /BLA/resoluciones/RESOLUCIONES%202010/0706.pdf HTTP/1.1" 200 103662
198.27.82.146 - - [03/Nov/2014:04:44:39 -0500] "GET /gallery2/g2data/cache/derivative/2/4/244.dat HTTP/1.0" 404 1019
180.76.5.61 - - [03/Nov/2014:04:44:40 -0500] "GET /BLA/resoluciones/AUTOS%202009/1990.pdf HTTP/1.1" 200 230421
198.27.82.146 - - [03/Nov/2014:04:44:45 -0500] "GET /gallery2/g2data/cache/derivative/2/4/246-meta.inc HTTP/1.0" 404 1019
195.154.77.10 - - [03/Nov/2014:04:44:46 -0500] "GET /gallery2/g2data/cache/derivative/0/2/?C=N;O=D HTTP/1.0" 404 1015
198.27.82.146 - - [03/Nov/2014:04:44:47 -0500] "GET /gallery2/g2data/cache/derivative/2/4/246.dat HTTP/1.0" 404 1019
180.76.6.41 - - [03/Nov/2014:04:44:49 -0500] "GET /BLA/resoluciones/RESOLUCIONES%202010/2900.pdf HTTP/1.1" 200 496753
198.27.82.146 - - [03/Nov/2014:04:44:53 -0500] "GET /gallery2/g2data/cache/derivative/2/4/248-meta.inc HTTP/1.0" 404 1019
180.76.6.61 - - [03/Nov/2014:04:44:53 -0500] "GET /BLA/resoluciones/AUTOS%202013/1621.pdf HTTP/1.1" 200 1700156
195.154.77.10 - - [03/Nov/2014:04:44:54 -0500] "GET /gallery2/g2data/cache/derivative/0/2/?C=S;O=A HTTP/1.0" 404 1015
201.245.192.253 - - [03/Nov/2014:04:44:56 -0500] "GET /forestReports/webcontent/birt/admin/js/jquery_layout/jquery.layout-latest.js HTTP/1.1" 304 -
195.154.77.10 - - [03/Nov/2014:04:44:58 -0500] "GET /gallery2/g2data/cache/derivative/0/3/30-meta.inc HTTP/1.0" 404 1015
180.76.6.57 - - [03/Nov/2014:04:45:00 -0500] "GET /BLA/resoluciones/RESOLUCIONES%202010/7159.pdf HTTP/1.1" 200 674073
180.76.5.22 - - [03/Nov/2014:04:45:00 -0500] "GET /BLA/resoluciones/RESOLUCIONES%202008/1797.pdf HTTP/1.1" 200 275929
180.76.6.21 - - [03/Nov/2014:04:45:01 -0500] "GET /BLA/resoluciones/AUTOS%202011/5080.pdf HTTP/1.1" 200 170252
198.27.82.146 - - [03/Nov/2014:04:45:02 -0500] "GET /gallery2/g2data/cache/derivative/2/6/262.dat HTTP/1.0" 404 1019
180.76.6.146 - - [03/Nov/2014:04:45:05 -0500] "GET /BLA/resoluciones/RESOLUCIONES%202009/2834.pdf HTTP/1.1" 200 840346
198.27.82.146 - - [03/Nov/2014:04:45:08 -0500] "GET /gallery2/g2data/cache/derivative/2/6/264-meta.inc HTTP/1.0" 404 1019
180.76.6.138 - - [03/Nov/2014:04:45:08 -0500] "GET /BLA/resoluciones/AUTOS%202009/1826.pdf HTTP/1.1" 200 129082
180.76.5.21 - - [03/Nov/2014:04:45:08 -0500] "GET /BLA/resoluciones/AUTOS%202013/2172.pdf HTTP/1.1" 200 844680
192.227.253.174 - - [03/Nov/2014:04:45:11 -0500] "GET /auntentica.txt HTTP/1.1" 404 1153
198.27.82.146 - - [03/Nov/2014:04:45:11 -0500] "GET /gallery2/g2data/cache/derivative/2/6/264.dat HTTP/1.0" 404 1019
201.245.192.253 - - [03/Nov/2014:04:45:13 -0500] "GET /forestReports/webcontent/birt/admin/css/popup.css HTTP/1.1" 304 -
180.76.6.21 - - [03/Nov/2014:04:45:13 -0500] "GET /BLA/resoluciones/RESOLUCIONES%202010/5015.pdf HTTP/1.1" 200 754513
180.76.5.192 - - [03/Nov/2014:04:45:13 -0500] "GET /BLA/resoluciones/RESOLUCIONES%202010/7003.pdf HTTP/1.1" 200 69041
180.76.6.225 - - [03/Nov/2014:04:45:15 -0500] "GET /BLA/resoluciones/RESOLUCIONES%202007/RES%202007%20801%20AL%20900/RESOLUCION%200875%20DE%202007.pdf HTTP/1.1" 200 372226
195.154.77.10 - - [03/Nov/2014:04:45:16 -0500] "GET /gallery2/g2data/cache/derivative/0/3/30.dat HTTP/1.0" 404 1015
180.76.6.50 - - [03/Nov/2014:04:45:17 -0500] "GET /BLA/resoluciones/RESOLUCIONES%202009/1265.pdf HTTP/1.1" 200 652375
180.76.6.48 - - [03/Nov/2014:04:45:18 -0500] "GET /BLA/resoluciones/AUTOS%202007/1300.pdf HTTP/1.1" 200 81658
198.27.82.146 - - [03/Nov/2014:04:45:19 -0500] "GET /gallery2/g2data/cache/derivative/2/6/266-meta.inc HTTP/1.0" 404 1019
190.27.69.39 - - [03/Nov/2014:04:45:21 -0500] "GET /BLA/boletinlegal/js/jquery.js HTTP/1.1" 200 57254
190.27.69.39 - - [03/Nov/2014:04:45:21 -0500] "GET /BLA/boletinlegal/js/jquery.scrollTo-min.js HTTP/1.1" 200 1150
190.27.69.39 - - [03/Nov/2014:04:45:21 -0500] "GET /BLA/boletinlegal/js/jquery.scrollShow.js HTTP/1.1" 200 4586
198.27.82.146 - - [03/Nov/2014:04:45:22 -0500] "GET /gallery2/g2data/cache/derivative/2/6/266.dat HTTP/1.0" 404 1019
198.27.82.146 - - [03/Nov/2014:04:45:24 -0500] "GET /gallery2/g2data/cache/derivative/2/6/268-meta.inc HTTP/1.0" 404 1019
180.76.5.190 - - [03/Nov/2014:04:45:24 -0500] "GET /BLA/resoluciones/AUTOS%202007/2102.pdf HTTP/1.1" 200 82818
