180.76.6.133 - - [04/Nov/2014:04:47:57 -0500] "GET /BLA/resoluciones/RESOLUCIONES%202009/0185.pdf HTTP/1.1" 200 263153
157.55.39.253 - - [04/Nov/2014:04:48:09 -0500] "GET /BLA/resoluciones/AUTOS%202009/0393.pdf HTTP/1.1" 200 69235
157.55.39.253 - - [04/Nov/2014:04:48:11 -0500] "GET /BLA/resoluciones/Resoluciones%202011/0775.pdf HTTP/1.1" 200 197893
157.55.39.253 - - [04/Nov/2014:04:48:11 -0500] "GET /BLA/resoluciones/Autos%202008/1815.pdf HTTP/1.1" 200 121159
157.55.39.253 - - [04/Nov/2014:04:48:12 -0500] "GET /bla/resoluciones/RESOLUCIONES%202009/8652.pdf HTTP/1.1" 200 527959
157.55.39.253 - - [04/Nov/2014:04:48:12 -0500] "GET /BLA/resoluciones/AUTOS%202009/2171.pdf HTTP/1.1" 200 111067
207.46.13.139 - - [04/Nov/2014:04:48:14 -0500] "GET /BLA/resoluciones/RESOLUCIONES%202010/4061.pdf HTTP/1.1" 200 208001
66.249.64.163 - - [04/Nov/2014:04:48:16 -0500] "GET /BLA/resoluciones/RESOLUCIONES%202008/5689.pdf HTTP/1.1" 304 -
66.249.64.171 - - [04/Nov/2014:04:48:20 -0500] "GET /BLA/resoluciones/RESOLUCIONES%202007/RES%202007%202501%20AL%202600/RESOLUCION%202538%20DE%202007.pdf HTTP/1.1" 200 73839
207.46.13.139 - - [04/Nov/2014:04:48:20 -0500] "GET /BLA/resoluciones/Resoluciones%202011/3738.pdf HTTP/1.1" 200 271578
157.55.39.151 - - [04/Nov/2014:04:48:25 -0500] "GET /bla/resoluciones/RESOLUCIONES%202009/7781.pdf HTTP/1.1" 200 495645
157.55.39.151 - - [04/Nov/2014:04:48:25 -0500] "GET /BLA/resoluciones/RESOLUCIONES%202008/4515.pdf HTTP/1.1" 200 235646
207.46.13.139 - - [04/Nov/2014:04:48:31 -0500] "GET /BLA/resoluciones/RESOLUCIONES%202011/1006.pdf HTTP/1.1" 200 78591
207.46.13.139 - - [04/Nov/2014:04:48:35 -0500] "GET /BLA/resoluciones/RESOLUCIONES%202008/3660.pdf HTTP/1.1" 200 1185391
66.249.64.171 - - [04/Nov/2014:04:48:37 -0500] "GET /BLA/resoluciones/RESOLUCIONES%202010/5186.pdf HTTP/1.1" 200 921782
157.55.39.151 - - [04/Nov/2014:04:48:41 -0500] "GET /BLA/resoluciones/RESOLUCIONES%202008/5247.pdf HTTP/1.1" 200 331275
150.70.97.126 - - [04/Nov/2014:04:48:45 -0500] "GET /BLA/resoluciones/RESOLUCIONES%202010/7639.pdf HTTP/1.1" 200 67305
207.46.13.139 - - [04/Nov/2014:04:48:46 -0500] "GET /BLA/resoluciones/RESOLUCIONES%202011/5239.pdf HTTP/1.1" 200 615794
207.46.13.139 - - [04/Nov/2014:04:48:47 -0500] "GET /bla/resoluciones/RESOLUCIONES%202011/0752.pdf HTTP/1.1" 200 397252
66.249.64.171 - - [04/Nov/2014:04:48:48 -0500] "GET /BLA/resoluciones/AUTOS%202011/0194.pdf HTTP/1.1" 200 210425
180.76.6.21 - - [04/Nov/2014:04:48:53 -0500] "GET /BLA/resoluciones/AUTOS%202009/2818.pdf HTTP/1.1" 200 95564
207.46.13.139 - - [04/Nov/2014:04:49:06 -0500] "GET /bla/resoluciones/RESOLUCIONES%202011/2096.pdf HTTP/1.1" 200 374505
207.46.13.139 - - [04/Nov/2014:04:49:07 -0500] "GET /BLA/resoluciones/RESOLUCIONES%202008/4899.pdf HTTP/1.1" 200 211489
157.55.39.151 - - [04/Nov/2014:04:49:11 -0500] "GET /BLA/resoluciones/AUTOS%202009/2660.pdf HTTP/1.1" 200 105791
157.55.39.151 - - [04/Nov/2014:04:49:15 -0500] "GET /bla/resoluciones/RESOLUCIONES%202011/1388.pdf HTTP/1.1" 200 76685
46.4.32.75 - - [04/Nov/2014:04:49:16 -0500] "GET /gallery2/g2data/cache/derivative/1/8/?C=M;O=D HTTP/1.0" 404 1019
157.55.39.151 - - [04/Nov/2014:04:49:16 -0500] "GET /BLA/resoluciones/Autos%202008/1083.pdf HTTP/1.1" 200 242459
46.4.32.75 - - [04/Nov/2014:04:49:17 -0500] "GET /gallery2/g2data/cache/derivative/1/8/?C=N;O=A HTTP/1.0" 404 1019
46.4.32.75 - - [04/Nov/2014:04:49:19 -0500] "GET /gallery2/g2data/cache/derivative/1/8/?C=S;O=D HTTP/1.0" 404 1019
188.165.15.90 - - [04/Nov/2014:04:49:19 -0500] "GET /BLA/resoluciones/RESOLUCIONES%202005/RES%202005%202001-2050/00002029.tif HTTP/1.1" 200 139602
46.4.32.75 - - [04/Nov/2014:04:49:21 -0500] "GET /gallery2/g2data/cache/derivative/1/9/?C=D;O=D HTTP/1.0" 404 1019
66.249.64.167 - - [04/Nov/2014:04:49:21 -0500] "GET /BLA/resoluciones/AUTOS%202011/3164.pdf HTTP/1.1" 304 -
207.46.13.139 - - [04/Nov/2014:04:49:21 -0500] "GET /BLA/resoluciones/RESOLUCIONES%202008/1571.pdf HTTP/1.1" 200 306862
46.4.32.75 - - [04/Nov/2014:04:49:22 -0500] "GET /gallery2/g2data/cache/derivative/1/9/?C=M;O=D HTTP/1.0" 404 1019
46.4.32.75 - - [04/Nov/2014:04:49:24 -0500] "GET /gallery2/g2data/cache/derivative/1/9/?C=N;O=A HTTP/1.0" 404 1019
46.4.32.75 - - [04/Nov/2014:04:49:26 -0500] "GET /gallery2/g2data/cache/derivative/1/9/?C=S;O=D HTTP/1.0" 404 1019
207.46.13.139 - - [04/Nov/2014:04:49:26 -0500] "GET /BLA/resoluciones/AUTOS%202009/2296.pdf HTTP/1.1" 200 137563
157.55.39.151 - - [04/Nov/2014:04:49:27 -0500] "GET /BLA/resoluciones/RESOLUCIONES%202009/9147.pdf HTTP/1.1" 200 437695
46.4.32.75 - - [04/Nov/2014:04:49:27 -0500] "GET /gallery2/g2data/cache/derivative/2/0/?C=D;O=D HTTP/1.0" 404 1019
157.55.39.151 - - [04/Nov/2014:04:49:27 -0500] "GET /BLA/resoluciones/RESOLUCIONES%202008/4967.pdf HTTP/1.1" 200 213927
46.4.32.75 - - [04/Nov/2014:04:49:29 -0500] "GET /gallery2/g2data/cache/derivative/2/0/?C=M;O=D HTTP/1.0" 404 1019
46.4.32.75 - - [04/Nov/2014:04:49:31 -0500] "GET /gallery2/g2data/cache/derivative/2/0/?C=N;O=A HTTP/1.0" 404 1019
46.4.32.75 - - [04/Nov/2014:04:49:32 -0500] "GET /gallery2/g2data/cache/derivative/2/0/?C=S;O=D HTTP/1.0" 404 1019
46.4.32.75 - - [04/Nov/2014:04:49:34 -0500] "GET /gallery2/g2data/cache/derivative/2/1/?C=D;O=D HTTP/1.0" 404 1019
46.4.32.75 - - [04/Nov/2014:04:49:36 -0500] "GET /gallery2/g2data/cache/derivative/2/1/?C=M;O=D HTTP/1.0" 404 1019
46.4.32.75 - - [04/Nov/2014:04:49:37 -0500] "GET /gallery2/g2data/cache/derivative/2/1/?C=N;O=A HTTP/1.0" 404 1019
46.4.32.75 - - [04/Nov/2014:04:49:40 -0500] "GET /gallery2/g2data/cache/derivative/2/1/?C=S;O=D HTTP/1.0" 404 1019
157.55.39.254 - - [04/Nov/2014:04:49:40 -0500] "GET /BLA/resoluciones/RESOLUCIONES%202008/0338.pdf HTTP/1.1" 200 246761
157.55.39.254 - - [04/Nov/2014:04:49:41 -0500] "GET /BLA/resoluciones/RESOLUCIONES%202010/2949.pdf HTTP/1.1" 200 114470
157.55.39.254 - - [04/Nov/2014:04:49:41 -0500] "GET /BLA/resoluciones/RESOLUCIONES%202010/3063.pdf HTTP/1.1" 200 484905
157.55.39.254 - - [04/Nov/2014:04:49:42 -0500] "GET /BLA/resoluciones/RESOLUCIONES%202009/8773.pdf HTTP/1.1" 200 1277891
46.4.32.75 - - [04/Nov/2014:04:49:42 -0500] "GET /gallery2/g2data/cache/derivative/2/2/?C=D;O=D HTTP/1.0" 404 1019
46.4.32.75 - - [04/Nov/2014:04:49:43 -0500] "GET /gallery2/g2data/cache/derivative/2/2/?C=M;O=D HTTP/1.0" 404 1019
46.4.32.75 - - [04/Nov/2014:04:49:45 -0500] "GET /gallery2/g2data/cache/derivative/2/2/?C=N;O=A HTTP/1.0" 404 1019
46.4.32.75 - - [04/Nov/2014:04:49:47 -0500] "GET /gallery2/g2data/cache/derivative/2/2/?C=S;O=D HTTP/1.0" 404 1019
46.4.32.75 - - [04/Nov/2014:04:49:48 -0500] "GET /gallery2/g2data/cache/derivative/2/3/232.dat HTTP/1.0" 404 1019
157.55.39.254 - - [04/Nov/2014:04:49:48 -0500] "GET /BLA/resoluciones/RESOLUCIONES%202010/3084.pdf HTTP/1.1" 200 96078
157.55.39.254 - - [04/Nov/2014:04:49:49 -0500] "GET /BLA/resoluciones/RESOLUCIONES%202009/8923.pdf HTTP/1.1" 200 357167
157.55.39.254 - - [04/Nov/2014:04:49:49 -0500] "GET /BLA/resoluciones/AUTOS%202011/3115.pdf HTTP/1.1" 200 285297
157.55.39.152 - - [04/Nov/2014:04:49:50 -0500] "GET /BLA/resoluciones/RESOLUCIONES%202010/1186.pdf HTTP/1.1" 200 117026
46.4.32.75 - - [04/Nov/2014:04:49:50 -0500] "GET /gallery2/g2data/cache/derivative/2/3/234.dat HTTP/1.0" 404 1019
157.55.39.254 - - [04/Nov/2014:04:49:50 -0500] "GET /BLA/resoluciones/RESOLUCIONES%202009/8573.pdf HTTP/1.1" 200 522596
157.55.39.254 - - [04/Nov/2014:04:49:51 -0500] "GET /BLA/resoluciones/AUTOS%202010/5487.pdf HTTP/1.1" 200 181495
157.55.39.254 - - [04/Nov/2014:04:49:51 -0500] "GET /BLA/resoluciones/RESOLUCIONES%202010/6906.pdf HTTP/1.1" 200 68675
46.4.32.75 - - [04/Nov/2014:04:49:52 -0500] "GET /gallery2/g2data/cache/derivative/2/3/236-meta.inc HTTP/1.0" 404 1019
66.249.64.167 - - [04/Nov/2014:04:49:53 -0500] "GET /BLA/resoluciones/AUTOS%202008/0462.pdf HTTP/1.1" 304 -
46.4.32.75 - - [04/Nov/2014:04:49:53 -0500] "GET /gallery2/g2data/cache/derivative/2/3/236.dat HTTP/1.0" 404 1019
46.4.32.75 - - [04/Nov/2014:04:49:55 -0500] "GET /gallery2/g2data/cache/derivative/2/3/238-meta.inc HTTP/1.0" 404 1019
46.4.32.75 - - [04/Nov/2014:04:49:57 -0500] "GET /gallery2/g2data/cache/derivative/2/3/?C=D;O=D HTTP/1.0" 404 1019
207.46.13.139 - - [04/Nov/2014:04:49:57 -0500] "GET /BLA/resoluciones/RESOLUCIONES%202010/6005.pdf HTTP/1.1" 200 648239
207.46.13.139 - - [04/Nov/2014:04:49:58 -0500] "GET /BLA/resoluciones/AUTOS%202007/0500.pdf HTTP/1.1" 200 17800
46.4.32.75 - - [04/Nov/2014:04:49:58 -0500] "GET /gallery2/g2data/cache/derivative/2/3/?C=M;O=D HTTP/1.0" 404 1019
46.4.32.75 - - [04/Nov/2014:04:50:00 -0500] "GET /gallery2/g2data/cache/derivative/2/3/?C=N;O=A HTTP/1.0" 404 1019
46.4.32.75 - - [04/Nov/2014:04:50:02 -0500] "GET /gallery2/g2data/cache/derivative/2/3/?C=N;O=D HTTP/1.0" 404 1019
66.249.64.163 - - [04/Nov/2014:04:50:02 -0500] "GET /BLA/resoluciones/AUTOS%202009/2177.pdf HTTP/1.1" 200 114414
46.4.32.75 - - [04/Nov/2014:04:50:03 -0500] "GET /gallery2/g2data/cache/derivative/2/3/?C=S;O=D HTTP/1.0" 404 1019
46.4.32.75 - - [04/Nov/2014:04:50:05 -0500] "GET /gallery2/g2data/cache/derivative/2/5/250-meta.inc HTTP/1.0" 404 1019
46.4.32.75 - - [04/Nov/2014:04:50:07 -0500] "GET /gallery2/g2data/cache/derivative/2/5/250.dat HTTP/1.0" 404 1019
46.4.32.75 - - [04/Nov/2014:04:50:08 -0500] "GET /gallery2/g2data/cache/derivative/2/5/252-meta.inc HTTP/1.0" 404 1019
46.4.32.75 - - [04/Nov/2014:04:50:10 -0500] "GET /gallery2/g2data/cache/derivative/2/5/252.dat HTTP/1.0" 404 1019
46.4.32.75 - - [04/Nov/2014:04:50:12 -0500] "GET /gallery2/g2data/cache/derivative/2/5/254-meta.inc HTTP/1.0" 404 1019
46.4.32.75 - - [04/Nov/2014:04:50:13 -0500] "GET /gallery2/g2data/cache/derivative/2/5/254.dat HTTP/1.0" 404 1019
188.165.15.23 - - [04/Nov/2014:04:50:15 -0500] "GET /BLA/resoluciones/RESOLUCIONES%202005/RES%202005%202451-2500/00002494.tif HTTP/1.1" 200 248592
46.4.32.75 - - [04/Nov/2014:04:50:15 -0500] "GET /gallery2/g2data/cache/derivative/2/5/256-meta.inc HTTP/1.0" 404 1019
46.4.32.75 - - [04/Nov/2014:04:50:17 -0500] "GET /gallery2/g2data/cache/derivative/2/5/256.dat HTTP/1.0" 404 1019
46.4.32.75 - - [04/Nov/2014:04:50:18 -0500] "GET /gallery2/g2data/cache/derivative/2/5/258-meta.inc HTTP/1.0" 404 1019
46.4.32.75 - - [04/Nov/2014:04:50:20 -0500] "GET /gallery2/g2data/cache/derivative/2/5/258.dat HTTP/1.0" 404 1019
46.4.32.75 - - [04/Nov/2014:04:50:22 -0500] "GET /gallery2/g2data/cache/derivative/2/5/?C=D;O=A HTTP/1.0" 404 1019
46.4.32.75 - - [04/Nov/2014:04:50:23 -0500] "GET /gallery2/g2data/cache/derivative/2/5/?C=M;O=A HTTP/1.0" 404 1019
157.55.39.47 - - [04/Nov/2014:04:50:24 -0500] "GET /BLA/resoluciones/Resoluciones%202011/0309.pdf HTTP/1.1" 200 85183
46.4.32.75 - - [04/Nov/2014:04:50:25 -0500] "GET /gallery2/g2data/cache/derivative/2/5/?C=S;O=A HTTP/1.0" 404 1019
157.55.39.47 - - [04/Nov/2014:04:50:25 -0500] "GET /BLA/resoluciones/RESOLUCIONES%202010/1737.pdf HTTP/1.1" 200 496703
157.55.39.47 - - [04/Nov/2014:04:50:25 -0500] "GET /BLA/resoluciones/RESOLUCIONES%202009/9204.pdf HTTP/1.1" 200 493741
66.249.64.171 - - [04/Nov/2014:04:50:25 -0500] "GET /BLA/resoluciones/RESOLUCIONES%202007/RES%202007%202501%20AL%202600/RESOLUCION%202507%20DE%202007.pdf HTTP/1.1" 304 -
157.55.39.47 - - [04/Nov/2014:04:50:26 -0500] "GET /bla/resoluciones/RESOLUCIONES%202009/7898.pdf HTTP/1.1" 200 430544
157.55.39.47 - - [04/Nov/2014:04:50:27 -0500] "GET /bla/resoluciones/RESOLUCIONES%202009/7821.pdf HTTP/1.1" 200 526345
157.55.39.47 - - [04/Nov/2014:04:50:27 -0500] "GET /BLA/resoluciones/RESOLUCIONES%202010/7806.pdf HTTP/1.1" 200 726492
157.55.39.47 - - [04/Nov/2014:04:50:28 -0500] "GET /BLA/resoluciones/Autos%202008/0160.pdf HTTP/1.1" 200 157742
157.55.39.47 - - [04/Nov/2014:04:50:28 -0500] "GET /bla/resoluciones/RESOLUCIONES%202011/0935.pdf HTTP/1.1" 200 73337
157.55.39.47 - - [04/Nov/2014:04:50:32 -0500] "GET /bla/resoluciones/RESOLUCIONES%202009/7687.pdf HTTP/1.1" 200 99521
157.55.39.47 - - [04/Nov/2014:04:50:35 -0500] "GET /BLA/resoluciones/Resoluciones%202011/6230.pdf HTTP/1.1" 200 1327291
157.55.39.47 - - [04/Nov/2014:04:50:36 -0500] "GET /BLA/resoluciones/Autos%202008/0881.pdf HTTP/1.1" 200 90155
207.46.13.139 - - [04/Nov/2014:04:50:42 -0500] "GET /BLA/resoluciones/RESOLUCIONES%202011/5425.pdf HTTP/1.1" 200 243825
46.4.32.75 - - [04/Nov/2014:04:50:43 -0500] "GET /gallery2/g2data/cache/derivative/2/6/260-meta.inc HTTP/1.0" 404 1019
46.4.32.75 - - [04/Nov/2014:04:50:45 -0500] "GET /gallery2/g2data/cache/derivative/2/6/260.dat HTTP/1.0" 404 1019
46.4.32.75 - - [04/Nov/2014:04:50:47 -0500] "GET /gallery2/g2data/cache/derivative/2/6/262-meta.inc HTTP/1.0" 404 1019
157.55.39.152 - - [04/Nov/2014:04:50:47 -0500] "GET /BLA/resoluciones/RESOLUCIONES%202009/8806.pdf HTTP/1.1" 200 355452
46.4.32.75 - - [04/Nov/2014:04:50:48 -0500] "GET /gallery2/g2data/cache/derivative/2/6/?C=D;O=D HTTP/1.0" 404 1019
181.50.74.129 - - [04/Nov/2014:04:50:49 -0500] "GET /BLA/resoluciones/RESOLUCIONES%202010/3197.pdf HTTP/1.1" 200 375184
181.50.74.129 - - [04/Nov/2014:04:50:49 -0500] "GET /favicon.ico HTTP/1.1" 200 7782
181.50.74.129 - - [04/Nov/2014:04:50:49 -0500] "GET /BLA/resoluciones/RESOLUCIONES%202010/3197.pdf HTTP/1.1" 206 47504
181.50.74.129 - - [04/Nov/2014:04:50:49 -0500] "GET /BLA/resoluciones/RESOLUCIONES%202010/3197.pdf HTTP/1.1" 206 65536
181.50.74.129 - - [04/Nov/2014:04:50:49 -0500] "GET /BLA/resoluciones/RESOLUCIONES%202010/3197.pdf HTTP/1.1" 206 65536
181.50.74.129 - - [04/Nov/2014:04:50:50 -0500] "GET /BLA/resoluciones/RESOLUCIONES%202010/3197.pdf HTTP/1.1" 206 65536
181.50.74.129 - - [04/Nov/2014:04:50:50 -0500] "GET /BLA/resoluciones/RESOLUCIONES%202010/3197.pdf HTTP/1.1" 206 65536
46.4.32.75 - - [04/Nov/2014:04:50:50 -0500] "GET /gallery2/g2data/cache/derivative/2/6/?C=M;O=D HTTP/1.0" 404 1019
46.4.32.75 - - [04/Nov/2014:04:50:51 -0500] "GET /gallery2/g2data/cache/derivative/2/6/?C=N;O=A HTTP/1.0" 404 1019
157.55.39.152 - - [04/Nov/2014:04:50:51 -0500] "GET /bla/resoluciones/RESOLUCIONES%202009/9841.pdf HTTP/1.1" 200 789547
46.4.32.75 - - [04/Nov/2014:04:50:53 -0500] "GET /gallery2/g2data/cache/derivative/2/6/?C=S;O=D HTTP/1.0" 404 1019
46.4.32.75 - - [04/Nov/2014:04:50:55 -0500] "GET /gallery2/g2data/cache/derivative/2/7/?C=D;O=D HTTP/1.0" 404 1019
46.4.32.75 - - [04/Nov/2014:04:50:56 -0500] "GET /gallery2/g2data/cache/derivative/2/7/?C=M;O=D HTTP/1.0" 404 1019
66.249.64.167 - - [04/Nov/2014:04:50:58 -0500] "GET /BLA/resoluciones/RESOLUCIONES%202011/1001.pdf HTTP/1.1" 304 -
46.4.32.75 - - [04/Nov/2014:04:50:58 -0500] "GET /gallery2/g2data/cache/derivative/2/7/?C=N;O=A HTTP/1.0" 404 1019
46.4.32.75 - - [04/Nov/2014:04:51:00 -0500] "GET /gallery2/g2data/cache/derivative/2/7/?C=S;O=D HTTP/1.0" 404 1019
46.4.32.75 - - [04/Nov/2014:04:51:02 -0500] "GET /gallery2/g2data/cache/derivative/2/8/?C=D;O=D HTTP/1.0" 404 1019
46.4.32.75 - - [04/Nov/2014:04:51:03 -0500] "GET /gallery2/g2data/cache/derivative/2/8/?C=M;O=D HTTP/1.0" 404 1019
46.4.32.75 - - [04/Nov/2014:04:51:05 -0500] "GET /gallery2/g2data/cache/derivative/2/8/?C=N;O=A HTTP/1.0" 404 1019
46.4.32.75 - - [04/Nov/2014:04:51:07 -0500] "GET /gallery2/g2data/cache/derivative/2/8/?C=S;O=D HTTP/1.0" 404 1019
46.4.32.75 - - [04/Nov/2014:04:51:08 -0500] "GET /gallery2/g2data/cache/derivative/2/9/295-meta.inc HTTP/1.0" 404 1019
66.249.64.167 - - [04/Nov/2014:04:51:09 -0500] "GET /BLA/resoluciones/RESOLUCIONES%202009/5523.pdf HTTP/1.1" 200 517359
46.4.32.75 - - [04/Nov/2014:04:51:10 -0500] "GET /gallery2/g2data/cache/derivative/2/9/298-meta.inc HTTP/1.0" 404 1019
46.4.32.75 - - [04/Nov/2014:04:51:12 -0500] "GET /gallery2/g2data/cache/derivative/2/9/?C=D;O=D HTTP/1.0" 404 1019
46.4.32.75 - - [04/Nov/2014:04:51:13 -0500] "GET /gallery2/g2data/cache/derivative/2/9/?C=M;O=D HTTP/1.0" 404 1019
46.4.32.75 - - [04/Nov/2014:04:51:15 -0500] "GET /gallery2/g2data/cache/derivative/2/9/?C=N;O=A HTTP/1.0" 404 1019
46.4.32.75 - - [04/Nov/2014:04:51:17 -0500] "GET /gallery2/g2data/cache/derivative/2/9/?C=S;O=D HTTP/1.0" 404 1019
46.4.32.75 - - [04/Nov/2014:04:51:19 -0500] "GET /portel_dama/libreria/gd2/gif/?C=D;O=A HTTP/1.0" 404 1019
201.245.192.253 - - [04/Nov/2014:04:51:19 -0500] "GET /forest/1ibre/jscalendar/menuarrow.gif HTTP/1.1" 304 -
66.249.64.171 - - [04/Nov/2014:04:51:30 -0500] "GET /BLA/resoluciones/AUTOS%202008/1010.pdf HTTP/1.1" 200 177018
180.76.5.171 - - [04/Nov/2014:04:51:36 -0500] "GET /BLA/resoluciones/RESOLUCIONES%202007/RES%202007%204101%20AL%204200/RESOLUCION%204147%20DE%202007.pdf HTTP/1.1" 200 48081
74.86.158.107 - - [04/Nov/2014:04:51:36 -0500] "HEAD / HTTP/1.1" 302 -
207.46.13.139 - - [04/Nov/2014:04:51:38 -0500] "GET /BLA/resoluciones/AUTOS%202007/1599.pdf HTTP/1.1" 200 46873
207.46.13.139 - - [04/Nov/2014:04:51:41 -0500] "GET /BLA/resoluciones/RESOLUCIONES%202011/2048.pdf HTTP/1.1" 200 396815
157.55.39.152 - - [04/Nov/2014:04:51:44 -0500] "GET /BLA/resoluciones/RESOLUCIONES%202011/5126.pdf HTTP/1.1" 200 456917
157.55.39.152 - - [04/Nov/2014:04:51:49 -0500] "GET /BLA/resoluciones/AUTOS%202007/2515.pdf HTTP/1.1" 200 410674
157.55.39.152 - - [04/Nov/2014:04:51:50 -0500] "GET /bla/resoluciones/RESOLUCIONES%202009/0301.pdf HTTP/1.1" 200 524646
218.30.103.61 - - [04/Nov/2014:04:51:51 -0500] "GET /resoluciones/RESOLUCIONES%202009/0084.pdf HTTP/1.1" 404 1018
66.249.64.167 - - [04/Nov/2014:04:52:02 -0500] "GET /BLA/resoluciones/RESOLUCIONES%202011/0291.pdf HTTP/1.1" 304 -
46.4.32.75 - - [04/Nov/2014:04:52:03 -0500] "GET /pread/sec/init.htm HTTP/1.0" 404 1019
207.46.13.139 - - [04/Nov/2014:04:52:04 -0500] "GET /bla/resoluciones/RESOLUCIONES%202009/8758.pdf HTTP/1.1" 200 381136
46.4.32.75 - - [04/Nov/2014:04:52:05 -0500] "GET /pread/sec/init1.htm HTTP/1.0" 404 1019
207.46.13.139 - - [04/Nov/2014:04:52:05 -0500] "GET /BLA/resoluciones/RESOLUCIONES%202010/4623.pdf HTTP/1.1" 200 626828
46.4.32.75 - - [04/Nov/2014:04:52:06 -0500] "GET /pread/sec/init10.htm HTTP/1.0" 404 1019
46.4.32.75 - - [04/Nov/2014:04:52:08 -0500] "GET /pread/sec/init12.htm HTTP/1.0" 404 1019
46.4.32.75 - - [04/Nov/2014:04:52:10 -0500] "GET /pread/sec/init13.htm HTTP/1.0" 404 1019
157.55.39.151 - - [04/Nov/2014:04:52:10 -0500] "GET /BLA/resoluciones/RESOLUCIONES%202010/6344.pdf HTTP/1.1" 200 513189
46.4.32.75 - - [04/Nov/2014:04:52:11 -0500] "GET /pread/sec/init14.htm HTTP/1.0" 404 1019
46.4.32.75 - - [04/Nov/2014:04:52:13 -0500] "GET /pread/sec/init15.htm HTTP/1.0" 404 1019
46.4.32.75 - - [04/Nov/2014:04:52:15 -0500] "GET /pread/sec/init16.htm HTTP/1.0" 404 1019
46.4.32.75 - - [04/Nov/2014:04:52:16 -0500] "GET /pread/sec/init17.htm HTTP/1.0" 404 1019
188.165.15.169 - - [04/Nov/2014:04:52:17 -0500] "GET /BLA/resoluciones/index.php?dir=RESOLUCIONES%202007/RES%202007%204301%20AL%204352/&sort=size&order=desc HTTP/1.1" 200 14904
46.4.32.75 - - [04/Nov/2014:04:52:19 -0500] "GET /pread/sec/init3.htm HTTP/1.0" 404 1019
46.4.32.75 - - [04/Nov/2014:04:52:20 -0500] "GET /pread/sec/init4.htm HTTP/1.0" 404 1019
207.46.13.139 - - [04/Nov/2014:04:52:21 -0500] "GET /BLA/resoluciones/RESOLUCIONES%202011/4517.pdf HTTP/1.1" 200 49012
46.4.32.75 - - [04/Nov/2014:04:52:22 -0500] "GET /pread/sec/init5.htm HTTP/1.0" 404 1019
46.4.32.75 - - [04/Nov/2014:04:52:24 -0500] "GET /pread/sec/init6.htm HTTP/1.0" 404 1019
46.4.32.75 - - [04/Nov/2014:04:52:25 -0500] "GET /pread/sec/init7.htm HTTP/1.0" 404 1019
46.4.32.75 - - [04/Nov/2014:04:52:27 -0500] "GET /pread/sec/init8.htm HTTP/1.0" 404 1019
157.55.39.151 - - [04/Nov/2014:04:52:28 -0500] "GET /BLA/resoluciones/RESOLUCIONES%202010/1577.pdf HTTP/1.1" 200 498085
207.46.13.139 - - [04/Nov/2014:04:52:30 -0500] "GET /BLA/resoluciones/RESOLUCIONES%202011/2365.pdf HTTP/1.1" 200 789160
218.30.103.61 - - [04/Nov/2014:04:52:30 -0500] "GET /resoluciones/RESOLUCIONES%202009/0061.pdf HTTP/1.1" 404 1018
46.4.32.75 - - [04/Nov/2014:04:52:30 -0500] "GET /pread/sec/init9.htm HTTP/1.0" 404 1019
46.4.32.75 - - [04/Nov/2014:04:52:33 -0500] "GET /portel_dama/libreria/gd2/gif/?C=M;O=A HTTP/1.0" 404 1019
46.4.32.75 - - [04/Nov/2014:04:52:34 -0500] "GET /pread/sec/initx1.htm HTTP/1.0" 404 1019
66.249.64.171 - - [04/Nov/2014:04:52:35 -0500] "GET /BLA/resoluciones/RESOLUCIONES%202010/6743.pdf HTTP/1.1" 200 1042055
46.4.32.75 - - [04/Nov/2014:04:52:36 -0500] "GET /re/contactenos/contactenos%20imagen/_notes/?C=N;O=A HTTP/1.0" 404 1019
46.4.32.75 - - [04/Nov/2014:04:52:38 -0500] "GET /re/contactenos/contactenos%20imagen/_notes/?C=S;O=D HTTP/1.0" 404 1019
92.222.98.209 - - [04/Nov/2014:04:52:40 -0500] "GET /auntentica.txt HTTP/1.1" 404 1153
207.46.13.139 - - [04/Nov/2014:04:52:43 -0500] "GET /BLA/resoluciones/RESOLUCIONES%202008/3162.pdf HTTP/1.1" 200 234018
207.46.13.139 - - [04/Nov/2014:04:52:43 -0500] "GET /BLA/resoluciones/RESOLUCIONES%202009/9696.pdf HTTP/1.1" 200 346011
46.4.32.75 - - [04/Nov/2014:04:52:46 -0500] "GET /re1/Bioevolucion/Propuesta%20re/objetivos%20propuesta/imagen%20objetivos/?C=N;O=A HTTP/1.0" 404 1019
66.249.64.171 - - [04/Nov/2014:04:52:48 -0500] "GET /BLA/resoluciones/AUTOS%202009/0279.pdf HTTP/1.1" 200 66958
46.4.32.75 - - [04/Nov/2014:04:52:49 -0500] "GET /re1/Bioevolucion/Propuesta%20re/objetivos%20propuesta/imagen%20objetivos/?C=S;O=D HTTP/1.0" 404 1019
46.4.32.75 - - [04/Nov/2014:04:52:51 -0500] "GET /re1/Bioevolucion/marco%20conceptual/intereses%20objetivos/imagen%20interese%20objetivos/?C=N;O=A HTTP/1.0" 404 1019
46.4.32.75 - - [04/Nov/2014:04:52:53 -0500] "GET /re1/Bioevolucion/marco%20conceptual/intereses%20objetivos/imagen%20interese%20objetivos/?C=S;O=D HTTP/1.0" 404 1019
157.55.39.152 - - [04/Nov/2014:04:52:53 -0500] "GET /BLA/resoluciones/Resoluciones%202011/1505.pdf HTTP/1.1" 200 74061
46.4.32.75 - - [04/Nov/2014:04:52:58 -0500] "GET /re1/Bioevolucion/marco%20conceptual/medio%20ambiente/imagen%20medio%20ambiente/?C=D;O=D HTTP/1.0" 404 1019
46.4.32.75 - - [04/Nov/2014:04:53:00 -0500] "GET /re1/Bioevolucion/marco%20conceptual/medio%20ambiente/imagen%20medio%20ambiente/?C=M;O=D HTTP/1.0" 404 1019
46.4.32.75 - - [04/Nov/2014:04:53:02 -0500] "GET /re1/Bioevolucion/marco%20conceptual/medio%20ambiente/imagen%20medio%20ambiente/?C=N;O=A HTTP/1.0" 404 1019
46.4.32.75 - - [04/Nov/2014:04:53:03 -0500] "GET /re1/Bioevolucion/marco%20conceptual/medio%20ambiente/imagen%20medio%20ambiente/?C=S;O=D HTTP/1.0" 404 1019
46.4.32.75 - - [04/Nov/2014:04:53:05 -0500] "GET /re1/Bioevolucion/relacion%20curriculo/cuadro%202%20administracion/imagen%20cuadro%202/?C=N;O=A HTTP/1.0" 404 1019
46.4.32.75 - - [04/Nov/2014:04:53:07 -0500] "GET /re1/Bioevolucion/relacion%20curriculo/cuadro%202%20administracion/imagen%20cuadro%202/?C=S;O=D HTTP/1.0" 404 1019
66.249.64.167 - - [04/Nov/2014:04:53:07 -0500] "GET /BLA/resoluciones/RESOLUCIONES%202007/RES%202007%202001%20AL%202100/RESOLUCION%202085%20DE%202007.pdf HTTP/1.1" 200 481606
46.4.32.75 - - [04/Nov/2014:04:53:10 -0500] "GET /re1/Bioevolucion/relacion%20curriculo/cuadro%206%20curriculo/imagen%20cuadro%206/?C=S;O=D HTTP/1.0" 404 1019
207.46.13.139 - - [04/Nov/2014:04:53:12 -0500] "GET /BLA/resoluciones/RESOLUCIONES%202008/0150.pdf HTTP/1.1" 200 95011
207.46.13.139 - - [04/Nov/2014:04:53:13 -0500] "GET /BLA/resoluciones/Autos%202008/3497.pdf HTTP/1.1" 200 173359
46.4.32.75 - - [04/Nov/2014:04:53:14 -0500] "GET /re1/Entrada/imagen%20entrada/?C=N;O=A HTTP/1.0" 404 1019
157.55.39.151 - - [04/Nov/2014:04:53:16 -0500] "GET /BLA/resoluciones/RESOLUCIONES%202008/0054.pdf HTTP/1.1" 200 74380
46.4.32.75 - - [04/Nov/2014:04:53:16 -0500] "GET /re1/Entrada/imagen%20entrada/?C=S;O=D HTTP/1.0" 404 1019
46.4.32.75 - - [04/Nov/2014:04:53:19 -0500] "GET /re1/Que%20es/Agenda%20ambiental/clima/barra%20clima/?C=N;O=A HTTP/1.0" 404 1019
46.4.32.75 - - [04/Nov/2014:04:53:21 -0500] "GET /re1/Que%20es/Agenda%20ambiental/clima/barra%20clima/?C=S;O=D HTTP/1.0" 404 1019
46.4.32.75 - - [04/Nov/2014:04:53:22 -0500] "GET /re1/Que%20es/Agenda%20ambiental/descripcion/barra%20descripcion/?C=N;O=A HTTP/1.0" 404 1019
46.4.32.75 - - [04/Nov/2014:04:53:24 -0500] "GET /re1/Que%20es/Agenda%20ambiental/descripcion/barra%20descripcion/?C=S;O=D HTTP/1.0" 404 1019
46.4.32.75 - - [04/Nov/2014:04:53:25 -0500] "GET /re1/Que%20es/Agenda%20ambiental/flora%20fauna/barra%20flora%20fauna/?C=N;O=A HTTP/1.0" 404 1019
46.4.32.75 - - [04/Nov/2014:04:53:27 -0500] "GET /re1/Que%20es/Agenda%20ambiental/flora%20fauna/barra%20flora%20fauna/?C=S;O=D HTTP/1.0" 404 1019
180.76.5.67 - - [04/Nov/2014:04:53:27 -0500] "GET /BLA/resoluciones/AUTOS%202011/0227.pdf HTTP/1.1" 200 30660
188.165.15.169 - - [04/Nov/2014:04:53:28 -0500] "GET /BLA/resoluciones/RESOLUCIONES%202005/RES%202005%201851-1900/00001854.tif HTTP/1.1" 200 110496
46.4.32.75 - - [04/Nov/2014:04:53:29 -0500] "GET /re1/Que%20es/Agenda%20ambiental/flora%20fauna/barra%20flora%20fauna/barra%20flora%20y%20fauna.htm HTTP/1.0" 404 1019
46.4.32.75 - - [04/Nov/2014:04:53:31 -0500] "GET /re1/Que%20es/Marco%20pedagocico/planillas/ejemplos%20planillas/?C=N;O=A HTTP/1.0" 404 1019
46.4.32.75 - - [04/Nov/2014:04:53:32 -0500] "GET /re1/Que%20es/Marco%20pedagocico/planillas/ejemplos%20planillas/?C=S;O=D HTTP/1.0" 404 1019
207.46.13.139 - - [04/Nov/2014:04:53:33 -0500] "GET /bla/resoluciones/RESOLUCIONES%202011/0982.pdf HTTP/1.1" 200 82289
46.4.32.75 - - [04/Nov/2014:04:53:34 -0500] "GET /re1/Que%20es/Plan%20comunicaciones/medios%20de%20divulgacion/imagen%20medios%20divulgacion/?C=N;O=A HTTP/1.0" 404 1019
207.46.13.139 - - [04/Nov/2014:04:53:34 -0500] "GET /BLA/resoluciones/RESOLUCIONES%202008/1030.pdf HTTP/1.1" 200 298830
157.55.39.151 - - [04/Nov/2014:04:53:35 -0500] "GET /BLA/resoluciones/AUTOS%202010/4401.pdf HTTP/1.1" 200 238006
46.4.32.75 - - [04/Nov/2014:04:53:36 -0500] "GET /re1/Que%20es/Plan%20comunicaciones/medios%20de%20divulgacion/imagen%20medios%20divulgacion/?C=S;O=D HTTP/1.0" 404 1019
46.4.32.75 - - [04/Nov/2014:04:53:37 -0500] "GET /re1/Que%20es/Plan%20comunicaciones/publicos/imagen%20publicos/?C=N;O=A HTTP/1.0" 404 1019
46.4.32.75 - - [04/Nov/2014:04:53:39 -0500] "GET /re1/Que%20es/Plan%20comunicaciones/publicos/imagen%20publicos/?C=S;O=D HTTP/1.0" 404 1019
66.249.64.171 - - [04/Nov/2014:04:53:39 -0500] "GET /BLA/resoluciones/AUTOS%202013/3505.pdf HTTP/1.1" 200 389544
46.4.32.75 - - [04/Nov/2014:04:53:41 -0500] "GET /re1/Que%20es/Plan%20operativo/fase%20capacitacion/imagen%20fase%20capacitacion/?C=N;O=A HTTP/1.0" 404 1019
46.4.32.75 - - [04/Nov/2014:04:53:42 -0500] "GET /re1/Que%20es/Plan%20operativo/fase%20capacitacion/imagen%20fase%20capacitacion/?C=S;O=D HTTP/1.0" 404 1019
46.4.32.75 - - [04/Nov/2014:04:53:44 -0500] "GET /re1/Que%20es/Talleres/metales/barra%20metales/?C=N;O=A HTTP/1.0" 404 1019
46.4.32.75 - - [04/Nov/2014:04:53:46 -0500] "GET /re1/Que%20es/Talleres/metales/barra%20metales/?C=S;O=D HTTP/1.0" 404 1019
46.4.32.75 - - [04/Nov/2014:04:53:47 -0500] "GET /re1/Que%20es/Talleres/papel/barra%20papel/?C=N;O=A HTTP/1.0" 404 1019
46.4.32.75 - - [04/Nov/2014:04:53:49 -0500] "GET /re1/Que%20es/Talleres/papel/barra%20papel/?C=S;O=D HTTP/1.0" 404 1019
46.4.32.75 - - [04/Nov/2014:04:53:50 -0500] "GET /re1/Que%20es/Talleres/plasticos/barra%20plasticos/?C=N;O=D HTTP/1.0" 404 1019
46.4.32.75 - - [04/Nov/2014:04:53:52 -0500] "GET /re1/Que%20es/Talleres/plasticos/barra%20plasticos/?C=S;O=A HTTP/1.0" 404 1019
66.249.64.163 - - [04/Nov/2014:04:53:53 -0500] "GET /BLA/resoluciones/Autos%202008/0328.pdf HTTP/1.1" 200 62576
207.46.13.139 - - [04/Nov/2014:04:53:54 -0500] "GET /BLA/resoluciones/RESOLUCIONES%202008/1117.pdf HTTP/1.1" 200 92511
46.4.32.75 - - [04/Nov/2014:04:53:54 -0500] "GET /re1/Que%20es/Talleres/plasticos/barra%20plasticos/lorenzo%20barra%20plastico.htm HTTP/1.0" 404 1019
207.46.13.139 - - [04/Nov/2014:04:53:54 -0500] "GET /BLA/resoluciones/RESOLUCIONES%202010/6085.pdf HTTP/1.1" 200 3019834
207.46.13.139 - - [04/Nov/2014:04:53:55 -0500] "GET /BLA/resoluciones/Resoluciones%202011/0842.pdf HTTP/1.1" 200 797866
46.4.32.75 - - [04/Nov/2014:04:53:55 -0500] "GET /re1/Que%20es/Talleres/vidrio/barra%20vidrio/?C=N;O=D HTTP/1.0" 404 1019
46.4.32.75 - - [04/Nov/2014:04:53:57 -0500] "GET /re1/Que%20es/Talleres/vidrio/barra%20vidrio/?C=S;O=A HTTP/1.0" 404 1019
157.55.39.47 - - [04/Nov/2014:04:53:58 -0500] "GET /bla/resoluciones/RESOLUCIONES%202009/7490.pdf HTTP/1.1" 200 483491
157.55.39.47 - - [04/Nov/2014:04:53:58 -0500] "GET /BLA/resoluciones/RESOLUCIONES%202009/1176.pdf HTTP/1.1" 200 395091
157.55.39.47 - - [04/Nov/2014:04:53:59 -0500] "GET /BLA/resoluciones/AUTOS%202007/0840.pdf HTTP/1.1" 200 51468
157.55.39.47 - - [04/Nov/2014:04:53:59 -0500] "GET /bla/resoluciones/RESOLUCIONES%202011/2079.pdf HTTP/1.1" 200 509915
46.4.32.75 - - [04/Nov/2014:04:54:00 -0500] "GET /re1/Que%20es/Talleres/vidrio/barra%20vidrio/lorenzon%20barra%20vidrio.htm HTTP/1.0" 404 1019
157.55.39.47 - - [04/Nov/2014:04:54:00 -0500] "GET /bla/resoluciones/RESOLUCIONES%202009/1796.pdf HTTP/1.1" 200 426724
157.55.39.47 - - [04/Nov/2014:04:54:01 -0500] "GET /BLA/resoluciones/RESOLUCIONES%202011/3768.pdf HTTP/1.1" 200 815210
157.55.39.47 - - [04/Nov/2014:04:54:02 -0500] "GET /BLA/resoluciones/RESOLUCIONES%202010/2234.pdf HTTP/1.1" 200 478135
46.4.32.75 - - [04/Nov/2014:04:54:02 -0500] "GET /re1/Resumen/Evaluacion/Barra%20evaluacion/?C=S;O=D HTTP/1.0" 404 1019
157.55.39.47 - - [04/Nov/2014:04:54:02 -0500] "GET /bla/resoluciones/RESOLUCIONES%202011/1316.pdf HTTP/1.1" 200 75341
157.55.39.46 - - [04/Nov/2014:04:54:03 -0500] "GET /BLA/resoluciones/RESOLUCIONES%202009/9409.pdf HTTP/1.1" 200 409807
157.55.39.46 - - [04/Nov/2014:04:54:03 -0500] "GET /BLA/resoluciones/RESOLUCIONES%202010/4129.pdf HTTP/1.1" 200 758689
46.4.32.75 - - [04/Nov/2014:04:54:04 -0500] "GET /re1/Resumen/como/imagen%20como/?C=N;O=D HTTP/1.0" 404 1019
46.4.32.75 - - [04/Nov/2014:04:54:06 -0500] "GET /re1/Resumen/como/imagen%20como/?C=S;O=A HTTP/1.0" 404 1019
157.55.39.46 - - [04/Nov/2014:04:54:07 -0500] "GET /BLA/resoluciones/RESOLUCIONES%202008/4484.pdf HTTP/1.1" 200 507963
157.55.39.46 - - [04/Nov/2014:04:54:07 -0500] "GET /BLA/resoluciones/AUTOS%202010/3483.pdf HTTP/1.1" 200 497310
157.55.39.46 - - [04/Nov/2014:04:54:08 -0500] "GET /BLA/resoluciones/AUTOS%202010/2515.pdf HTTP/1.1" 200 132201
157.55.39.46 - - [04/Nov/2014:04:54:09 -0500] "GET /BLA/resoluciones/RESOLUCIONES%202010/3057.pdf HTTP/1.1" 200 505489
46.4.32.75 - - [04/Nov/2014:04:54:10 -0500] "GET /re1/Resumen/como/imagen%20como/Thumbs.db HTTP/1.0" 404 1019
66.249.64.167 - - [04/Nov/2014:04:54:12 -0500] "GET /BLA/resoluciones/RESOLUCIONES%202010/0024.pdf HTTP/1.1" 200 380446
157.55.39.46 - - [04/Nov/2014:04:54:12 -0500] "GET /BLA/resoluciones/Autos%202008/2536.pdf HTTP/1.1" 200 194874
157.55.39.46 - - [04/Nov/2014:04:54:13 -0500] "GET /BLA/resoluciones/AUTOS%202007/3096.pdf HTTP/1.1" 200 238094
157.55.39.46 - - [04/Nov/2014:04:54:14 -0500] "GET /BLA/resoluciones/AUTOS%202011/4216.pdf HTTP/1.1" 200 238581
157.55.39.46 - - [04/Nov/2014:04:54:14 -0500] "GET /BLA/resoluciones/RESOLUCIONES%202008/3381.pdf HTTP/1.1" 200 354636
157.55.39.46 - - [04/Nov/2014:04:54:15 -0500] "GET /BLA/resoluciones/RESOLUCIONES%202008/4413.pdf HTTP/1.1" 200 655484
157.55.39.46 - - [04/Nov/2014:04:54:15 -0500] "GET /BLA/resoluciones/RESOLUCIONES%202009/7368.pdf HTTP/1.1" 200 1080094
157.55.39.46 - - [04/Nov/2014:04:54:16 -0500] "GET /bla/resoluciones/RESOLUCIONES%202009/2282.pdf HTTP/1.1" 200 379908
157.55.39.46 - - [04/Nov/2014:04:54:16 -0500] "GET /BLA/resoluciones/Autos%202008/3300.pdf HTTP/1.1" 200 49756
157.55.39.46 - - [04/Nov/2014:04:54:17 -0500] "GET /BLA/resoluciones/AUTOS%202010/4854.pdf HTTP/1.1" 200 252871
207.46.13.139 - - [04/Nov/2014:04:54:21 -0500] "GET /BLA/resoluciones/RESOLUCIONES%202009/7412.pdf HTTP/1.1" 200 377134
207.46.13.139 - - [04/Nov/2014:04:54:21 -0500] "GET /BLA/resoluciones/RESOLUCIONES%202009/8396.pdf HTTP/1.1" 200 453483
207.46.13.139 - - [04/Nov/2014:04:54:22 -0500] "GET /BLA/resoluciones/Resoluciones%202011/3619.pdf HTTP/1.1" 200 449588
207.46.13.139 - - [04/Nov/2014:04:54:23 -0500] "GET /BLA/resoluciones/RESOLUCIONES%202008/0768.pdf HTTP/1.1" 200 254591
180.76.6.143 - - [04/Nov/2014:04:54:23 -0500] "GET /BLA/resoluciones/AUTOS%202009/0831.pdf HTTP/1.1" 200 77897
207.46.13.139 - - [04/Nov/2014:04:54:24 -0500] "GET /BLA/resoluciones/RESOLUCIONES%202010/4286.pdf HTTP/1.1" 200 718192
207.46.13.139 - - [04/Nov/2014:04:54:26 -0500] "GET /BLA/resoluciones/AUTOS%202011/4553.pdf HTTP/1.1" 200 121600
157.55.39.151 - - [04/Nov/2014:04:54:31 -0500] "GET /BLA/resoluciones/AUTOS%202011/1303.pdf HTTP/1.1" 200 245511
157.55.39.151 - - [04/Nov/2014:04:54:31 -0500] "GET /BLA/resoluciones/RESOLUCIONES%202010/1559.pdf HTTP/1.1" 200 370368
157.55.39.151 - - [04/Nov/2014:04:54:32 -0500] "GET /BLA/resoluciones/AUTOS%202010/0702.pdf HTTP/1.1" 200 179547
66.249.64.163 - - [04/Nov/2014:04:54:44 -0500] "GET /BLA/resoluciones/RESOLUCIONES%202009/7723.pdf HTTP/1.1" 304 -
46.4.32.75 - - [04/Nov/2014:04:54:55 -0500] "GET /re1/Resumen/quienes/imagen%20quienes/?C=N;O=D HTTP/1.0" 404 1019
46.4.32.75 - - [04/Nov/2014:04:54:57 -0500] "GET /re1/Resumen/quienes/imagen%20quienes/?C=S;O=A HTTP/1.0" 404 1019
46.4.32.75 - - [04/Nov/2014:04:54:59 -0500] "GET /re1/Resumen/quienes/imagen%20quienes/barra%20quienes.htm HTTP/1.0" 404 1019
157.55.39.152 - - [04/Nov/2014:04:55:09 -0500] "GET /BLA/resoluciones/AUTOS%202007/3597.pdf HTTP/1.1" 200 166846
157.55.39.151 - - [04/Nov/2014:04:55:11 -0500] "GET /BLA/resoluciones/RESOLUCIONES%202011/2504.pdf HTTP/1.1" 200 844492
207.46.13.139 - - [04/Nov/2014:04:55:14 -0500] "GET /BLA/resoluciones/AUTOS%202009/0770.pdf HTTP/1.1" 200 178690
66.249.64.171 - - [04/Nov/2014:04:55:16 -0500] "GET /BLA/resoluciones/RESOLUCIONES%202007/RES%202007%202201%20AL%202300/RESOLUCION%202240%20DE%202007.pdf HTTP/1.1" 304 -
180.76.5.166 - - [04/Nov/2014:04:55:19 -0500] "GET /BLA/resoluciones/AUTOS%202011/0113.pdf HTTP/1.1" 200 358864
46.4.32.75 - - [04/Nov/2014:04:55:23 -0500] "GET /re1/Resumen/como/imagen%20como/barra%20como.htm HTTP/1.0" 404 1019
188.165.15.90 - - [04/Nov/2014:04:55:37 -0500] "GET /BLA/resoluciones/index.php?dir=RESOLUCIONES%202004/RES%202004%202051-2100/&sort=date&order=asc HTTP/1.1" 200 12370
207.46.13.139 - - [04/Nov/2014:04:55:39 -0500] "GET /bla/resoluciones/RESOLUCIONES%202009/2401.pdf HTTP/1.1" 200 411569
207.46.13.139 - - [04/Nov/2014:04:55:39 -0500] "GET /BLA/resoluciones/RESOLUCIONES%202010/0024.pdf HTTP/1.1" 200 380446
157.55.39.47 - - [04/Nov/2014:04:55:40 -0500] "-" 408 -
157.55.39.152 - - [04/Nov/2014:04:55:44 -0500] "GET /BLA/resoluciones/RESOLUCIONES%202009/0657.pdf HTTP/1.1" 200 408671
157.55.39.152 - - [04/Nov/2014:04:55:45 -0500] "GET /BLA/resoluciones/RESOLUCIONES%202011/5768.pdf HTTP/1.1" 200 1571228
157.55.39.152 - - [04/Nov/2014:04:55:45 -0500] "GET /BLA/resoluciones/RESOLUCIONES%202010/1707.pdf HTTP/1.1" 200 414654
157.55.39.152 - - [04/Nov/2014:04:55:46 -0500] "GET /bla/resoluciones/RESOLUCIONES%202009/1049.pdf HTTP/1.1" 200 204576
66.249.64.171 - - [04/Nov/2014:04:55:49 -0500] "GET /BLA/resoluciones/RESOLUCIONES%202008/0215.pdf HTTP/1.1" 304 -
180.76.5.154 - - [04/Nov/2014:04:56:15 -0500] "GET /BLA/resoluciones/AUTOS%202009/2242.pdf HTTP/1.1" 200 119942
66.249.64.163 - - [04/Nov/2014:04:56:21 -0500] "GET /BLA/resoluciones/AUTOS%202011/2751.pdf HTTP/1.1" 304 -
157.55.39.151 - - [04/Nov/2014:04:56:23 -0500] "GET /BLA/resoluciones/RESOLUCIONES%202010/5170.pdf HTTP/1.1" 200 1045354
207.46.13.139 - - [04/Nov/2014:04:56:30 -0500] "GET /BLA/resoluciones/Resoluciones%202011/2001.pdf HTTP/1.1" 200 770516
207.46.13.139 - - [04/Nov/2014:04:56:31 -0500] "GET /BLA/resoluciones/Resoluciones%202011/0418.pdf HTTP/1.1" 200 75739
207.46.13.139 - - [04/Nov/2014:04:56:31 -0500] "GET /BLA/resoluciones/AUTOS%202011/6198.pdf HTTP/1.1" 200 237573
207.46.13.139 - - [04/Nov/2014:04:56:31 -0500] "GET /BLA/resoluciones/Resoluciones%202011/2378.pdf HTTP/1.1" 200 784318
188.165.15.126 - - [04/Nov/2014:04:56:32 -0500] "GET /manual_funciones_Listado/2.3.1.%20Subdirecci%C3%B3n%20de%20Ecourbanismo%20y%20Gesti%C3%B3n%20Ambiental%20Empresarial/?C=S;O=A HTTP/1.1" 404 1018
74.86.158.107 - - [04/Nov/2014:04:56:36 -0500] "HEAD / HTTP/1.1" 302 -
207.46.13.139 - - [04/Nov/2014:04:56:37 -0500] "GET /BLA/resoluciones/AUTOS%202011/2814.pdf HTTP/1.1" 200 311435
207.46.13.139 - - [04/Nov/2014:04:56:38 -0500] "GET /BLA/resoluciones/RESOLUCIONES%202009/9407.pdf HTTP/1.1" 200 420039
157.55.39.151 - - [04/Nov/2014:04:56:44 -0500] "GET /BLA/resoluciones/RESOLUCIONES%202009/1303.pdf HTTP/1.1" 200 510786
157.55.39.151 - - [04/Nov/2014:04:56:44 -0500] "GET /BLA/resoluciones/AUTOS%202009/1676.pdf HTTP/1.1" 200 120344
157.55.39.151 - - [04/Nov/2014:04:56:46 -0500] "GET /BLA/resoluciones/RESOLUCIONES%202010/3737.pdf HTTP/1.1" 200 314073
157.55.39.151 - - [04/Nov/2014:04:56:46 -0500] "GET /bla/resoluciones/RESOLUCIONES%202009/9540.pdf HTTP/1.1" 200 504221
157.55.39.151 - - [04/Nov/2014:04:56:47 -0500] "GET /BLA/resoluciones/Resoluciones%202011/3735.pdf HTTP/1.1" 200 825990
66.249.64.163 - - [04/Nov/2014:04:56:48 -0500] "GET /BLA/resoluciones/RESOLUCIONES%202009/1583.pdf HTTP/1.1" 200 569692
66.249.64.163 - - [04/Nov/2014:04:56:51 -0500] "GET /BLA/resoluciones/AUTOS%202009/1277.pdf HTTP/1.1" 200 99411
207.46.13.139 - - [04/Nov/2014:04:56:52 -0500] "GET /BLA/resoluciones/AUTOS%202007/3699.pdf HTTP/1.1" 200 106158
66.249.64.171 - - [04/Nov/2014:04:56:53 -0500] "GET /BLA/resoluciones/RESOLUCIONES%202008/1500.pdf HTTP/1.1" 200 157079
157.55.39.152 - - [04/Nov/2014:04:57:03 -0500] "GET /BLA/resoluciones/RESOLUCIONES%202011/3752.pdf HTTP/1.1" 200 876344
180.76.5.144 - - [04/Nov/2014:04:57:11 -0500] "GET /BLA/resoluciones/AUTOS%202009/2030.pdf HTTP/1.1" 200 100408
207.46.13.139 - - [04/Nov/2014:04:57:12 -0500] "GET /BLA/resoluciones/AUTOS%202009/0125.pdf HTTP/1.1" 200 77928
207.46.13.139 - - [04/Nov/2014:04:57:12 -0500] "GET /BLA/resoluciones/RESOLUCIONES%202010/6352.pdf HTTP/1.1" 200 494736
207.46.13.139 - - [04/Nov/2014:04:57:13 -0500] "GET /BLA/resoluciones/RESOLUCIONES%202010/7521.pdf HTTP/1.1" 200 68256
207.46.13.139 - - [04/Nov/2014:04:57:14 -0500] "GET /BLA/resoluciones/RESOLUCIONES%202008/2155.pdf HTTP/1.1" 200 351519
207.46.13.139 - - [04/Nov/2014:04:57:14 -0500] "GET /BLA/resoluciones/RESOLUCIONES%202007/RES%202007%20301%20AL%20400/RESOLUCION%200344%20DE%202007.pdf HTTP/1.1" 200 702706
157.55.39.47 - - [04/Nov/2014:04:57:17 -0500] "GET /BLA/resoluciones/AUTOS%202011/3644.pdf HTTP/1.1" 200 309042
157.55.39.47 - - [04/Nov/2014:04:57:18 -0500] "GET /BLA/resoluciones/Resoluciones%202011/1770.pdf HTTP/1.1" 200 521558
157.55.39.47 - - [04/Nov/2014:04:57:18 -0500] "GET /BLA/resoluciones/RESOLUCIONES%202010/3619.pdf HTTP/1.1" 200 1318043
157.55.39.47 - - [04/Nov/2014:04:57:19 -0500] "GET /BLA/resoluciones/Resoluciones%202011/0892.pdf HTTP/1.1" 200 69219
157.55.39.47 - - [04/Nov/2014:04:57:19 -0500] "GET /bla/resoluciones/RESOLUCIONES%202009/1525.pdf HTTP/1.1" 200 471214
157.55.39.47 - - [04/Nov/2014:04:57:20 -0500] "GET /BLA/resoluciones/RESOLUCIONES%202009/8487.pdf HTTP/1.1" 200 347897
157.55.39.47 - - [04/Nov/2014:04:57:20 -0500] "GET /BLA/resoluciones/RESOLUCIONES%202008/2368.pdf HTTP/1.1" 200 341541
157.55.39.47 - - [04/Nov/2014:04:57:21 -0500] "GET /bla/resoluciones/RESOLUCIONES%202009/9698.pdf HTTP/1.1" 200 338300
157.55.39.47 - - [04/Nov/2014:04:57:21 -0500] "GET /BLA/resoluciones/RESOLUCIONES%202008/4009.pdf HTTP/1.1" 200 397889
157.55.39.47 - - [04/Nov/2014:04:57:22 -0500] "GET /BLA/resoluciones/RESOLUCIONES%202008/1521.pdf HTTP/1.1" 200 258783
157.55.39.47 - - [04/Nov/2014:04:57:22 -0500] "GET /BLA/resoluciones/RESOLUCIONES%202010/6422.pdf HTTP/1.1" 200 517046
157.55.39.47 - - [04/Nov/2014:04:57:23 -0500] "GET /BLA/resoluciones/RESOLUCIONES%202009/1620.pdf HTTP/1.1" 200 693274
157.55.39.47 - - [04/Nov/2014:04:57:23 -0500] "GET /BLA/resoluciones/RESOLUCIONES%202010/2007.pdf HTTP/1.1" 200 338116
157.55.39.47 - - [04/Nov/2014:04:57:24 -0500] "GET /BLA/resoluciones/RESOLUCIONES%202008/1290.pdf HTTP/1.1" 200 1050642
66.249.64.167 - - [04/Nov/2014:04:57:26 -0500] "GET /BLA/resoluciones/RESOLUCIONES%202010/6170.pdf HTTP/1.1" 200 640622
207.46.13.139 - - [04/Nov/2014:04:57:33 -0500] "GET /BLA/resoluciones/RESOLUCIONES%202008/4789.pdf HTTP/1.1" 200 43135
207.46.13.139 - - [04/Nov/2014:04:57:33 -0500] "GET /BLA/resoluciones/RESOLUCIONES%202010/6650.pdf HTTP/1.1" 200 264472
207.46.13.139 - - [04/Nov/2014:04:57:34 -0500] "GET /BLA/resoluciones/RESOLUCIONES%202010/3435.pdf HTTP/1.1" 200 741359
157.55.39.151 - - [04/Nov/2014:04:57:38 -0500] "GET /BLA/resoluciones/RESOLUCIONES%202008/0928.pdf HTTP/1.1" 200 50294
157.55.39.47 - - [04/Nov/2014:04:57:44 -0500] "GET /BLA/resoluciones/Resoluciones%202011/5396.pdf HTTP/1.1" 200 513719
157.55.39.47 - - [04/Nov/2014:04:57:44 -0500] "GET /BLA/resoluciones/RESOLUCIONES%202010/5945.pdf HTTP/1.1" 200 313647
207.46.13.139 - - [04/Nov/2014:04:57:48 -0500] "GET /bla/resoluciones/RESOLUCIONES%202009/8706.pdf HTTP/1.1" 200 601714
188.165.15.90 - - [04/Nov/2014:04:57:57 -0500] "GET /BLA/resoluciones/RESOLUCIONES%202002/RES%202002%201651-1700/20021658.tif HTTP/1.1" 200 142664
66.249.64.171 - - [04/Nov/2014:04:57:58 -0500] "GET /BLA/resoluciones/RESOLUCIONES%202009/9682.pdf HTTP/1.1" 304 -
207.46.13.139 - - [04/Nov/2014:04:58:00 -0500] "GET /BLA/resoluciones/AUTOS%202011/5470.pdf HTTP/1.1" 200 148851
207.46.13.139 - - [04/Nov/2014:04:58:08 -0500] "GET /bla/resoluciones/RESOLUCIONES%202011/2874.pdf HTTP/1.1" 200 790990
66.249.64.163 - - [04/Nov/2014:04:58:25 -0500] "GET /BLA/resoluciones/AUTOS%202009/2083.pdf HTTP/1.1" 200 99664
207.46.13.139 - - [04/Nov/2014:04:58:27 -0500] "GET /BLA/resoluciones/AUTOS%202011/4203.pdf HTTP/1.1" 200 203407
66.249.64.171 - - [04/Nov/2014:04:58:30 -0500] "GET /BLA/resoluciones/RESOLUCIONES%202007/RES%202007%202001%20AL%202100/RESOLUCION%202057%20DE%202007.pdf HTTP/1.1" 200 6515767
157.55.39.151 - - [04/Nov/2014:04:58:31 -0500] "GET /BLA/resoluciones/AUTOS%202009/0909.pdf HTTP/1.1" 200 123153
207.46.13.139 - - [04/Nov/2014:04:58:38 -0500] "GET /BLA/resoluciones/AUTOS%202011/3920.pdf HTTP/1.1" 200 556101
207.46.13.139 - - [04/Nov/2014:04:58:43 -0500] "GET /BLA/resoluciones/RESOLUCIONES%202009/9192.pdf HTTP/1.1" 200 567531
207.46.13.139 - - [04/Nov/2014:04:58:58 -0500] "GET /BLA/resoluciones/RESOLUCIONES%202011/2029.pdf HTTP/1.1" 200 512703
100.43.85.25 - - [04/Nov/2014:04:59:01 -0500] "GET /MANUALFUNC/?C=S&O=A HTTP/1.1" 404 1019
66.249.64.171 - - [04/Nov/2014:04:59:03 -0500] "GET /BLA/resoluciones/AUTOS%202008/0323.pdf HTTP/1.1" 304 -
157.55.39.152 - - [04/Nov/2014:04:59:03 -0500] "GET /BLA/resoluciones/RESOLUCIONES%202010/2013.pdf HTTP/1.1" 200 337868
66.249.64.171 - - [04/Nov/2014:04:59:04 -0500] "GET /BLA/resoluciones/RESOLUCIONES%202011/4716.pdf HTTP/1.1" 200 457484
157.55.39.36 - - [04/Nov/2014:04:59:06 -0500] "GET /pot/?C=D;O=D HTTP/1.1" 404 1019
207.46.13.139 - - [04/Nov/2014:04:59:13 -0500] "GET /bla/resoluciones/RESOLUCIONES%202009/9243.pdf HTTP/1.1" 200 494398
207.46.13.139 - - [04/Nov/2014:04:59:13 -0500] "GET /bla/resoluciones/RESOLUCIONES%202009/0672.pdf HTTP/1.1" 200 300019
157.55.39.151 - - [04/Nov/2014:04:59:24 -0500] "GET /BLA/resoluciones/AUTOS%202009/1540.pdf HTTP/1.1" 200 109271
201.245.192.253 - - [04/Nov/2014:04:59:26 -0500] "GET /forest/skins/gdocs-jar/img/clip.gif HTTP/1.1" 304 -
207.46.13.139 - - [04/Nov/2014:04:59:33 -0500] "GET /bla/resoluciones/RESOLUCIONES%202011/0153.pdf HTTP/1.1" 200 258311
207.46.13.139 - - [04/Nov/2014:04:59:35 -0500] "GET /bla/resoluciones/RESOLUCIONES%202009/7446.pdf HTTP/1.1" 200 99035
66.249.64.171 - - [04/Nov/2014:04:59:35 -0500] "GET /BLA/resoluciones/RESOLUCIONES%202012/1168.pdf HTTP/1.1" 200 1795780
157.55.39.151 - - [04/Nov/2014:04:59:37 -0500] "GET /BLA/resoluciones/AUTOS%202009/1804.pdf HTTP/1.1" 200 240292
66.249.64.167 - - [04/Nov/2014:04:59:38 -0500] "GET /BLA/resoluciones/RESOLUCIONES%202007/RES%202007%201201%20AL%201300/RESOLUCION%201239%20DE%202007.pdf HTTP/1.1" 200 866909
157.55.39.152 - - [04/Nov/2014:04:59:44 -0500] "GET /bla/resoluciones/RESOLUCIONES%202009/8057.pdf HTTP/1.1" 200 699234
66.249.64.163 - - [04/Nov/2014:04:59:49 -0500] "GET /BLA/resoluciones/AUTOS%202014/2811.pdf HTTP/1.1" 200 2847452
188.165.15.126 - - [04/Nov/2014:04:59:52 -0500] "GET /BLA/resoluciones/RESOLUCIONES%202005/RES%202005%201201-1250/00001235.tif HTTP/1.1" 200 174624
66.249.64.167 - - [04/Nov/2014:04:59:55 -0500] "GET /BLA/resoluciones/AUTOS%202014/2102.pdf HTTP/1.1" 200 2308730
188.165.15.75 - - [04/Nov/2014:04:59:55 -0500] "GET /BLA/resoluciones/RESOLUCIONES%202002/RES%202002%20651-700/00000668.tif HTTP/1.1" 200 137742
66.249.64.167 - - [04/Nov/2014:04:59:59 -0500] "GET /BLA/resoluciones/AUTOS%202014/2175.pdf HTTP/1.1" 200 2489711
107.167.94.175 - - [04/Nov/2014:05:00:03 -0500] "GET /auntentica.txt HTTP/1.1" 404 1153
66.249.64.167 - - [04/Nov/2014:05:00:07 -0500] "GET /BLA/resoluciones/AUTOS%202008/1822.pdf HTTP/1.1" 304 -
157.55.39.151 - - [04/Nov/2014:05:00:14 -0500] "GET /BLA/resoluciones/AUTOS%202007/1480.pdf HTTP/1.1" 200 87162
66.249.64.163 - - [04/Nov/2014:05:00:17 -0500] "GET /BLA/resoluciones/AUTOS%202014/2246.pdf HTTP/1.1" 200 2432969
66.249.64.167 - - [04/Nov/2014:05:00:22 -0500] "GET /BLA/resoluciones/AUTOS%202014/5699.pdf HTTP/1.1" 200 2279700
207.46.13.139 - - [04/Nov/2014:05:00:23 -0500] "GET /BLA/resoluciones/RESOLUCIONES%202011/4377.pdf HTTP/1.1" 200 491563
66.249.64.171 - - [04/Nov/2014:05:00:26 -0500] "GET /BLA/resoluciones/AUTOS%202014/2236.pdf HTTP/1.1" 200 2709075
157.55.39.47 - - [04/Nov/2014:05:00:28 -0500] "GET /BLA/resoluciones/RESOLUCIONES%202010/3133.pdf HTTP/1.1" 200 742855
157.55.39.47 - - [04/Nov/2014:05:00:29 -0500] "GET /bla/resoluciones/RESOLUCIONES%202011/2154.pdf HTTP/1.1" 200 512735
157.55.39.47 - - [04/Nov/2014:05:00:29 -0500] "GET /BLA/resoluciones/RESOLUCIONES%202010/7631.pdf HTTP/1.1" 200 66185
157.55.39.47 - - [04/Nov/2014:05:00:30 -0500] "GET /BLA/resoluciones/RESOLUCIONES%202010/6721.pdf HTTP/1.1" 200 230725
157.55.39.47 - - [04/Nov/2014:05:00:30 -0500] "GET /BLA/resoluciones/RESOLUCIONES%202009/9807.pdf HTTP/1.1" 200 382939
157.55.39.47 - - [04/Nov/2014:05:00:31 -0500] "GET /BLA/resoluciones/Resoluciones%202011/5202.pdf HTTP/1.1" 200 520797
157.55.39.47 - - [04/Nov/2014:05:00:31 -0500] "GET /BLA/resoluciones/RESOLUCIONES%202009/8267.pdf HTTP/1.1" 200 289287
157.55.39.47 - - [04/Nov/2014:05:00:32 -0500] "GET /bla/resoluciones/RESOLUCIONES%202009/8118.pdf HTTP/1.1" 200 556392
157.55.39.47 - - [04/Nov/2014:05:00:32 -0500] "GET /BLA/resoluciones/AUTOS%202011/1964.pdf HTTP/1.1" 200 148161
157.55.39.47 - - [04/Nov/2014:05:00:33 -0500] "GET /BLA/resoluciones/AUTOS%202007/2940.pdf HTTP/1.1" 200 192239
157.55.39.47 - - [04/Nov/2014:05:00:33 -0500] "GET /bla/resoluciones/RESOLUCIONES%202009/0589.pdf HTTP/1.1" 200 325849
157.55.39.47 - - [04/Nov/2014:05:00:34 -0500] "GET /BLA/resoluciones/Resoluciones%202011/1749.pdf HTTP/1.1" 200 519564
157.55.39.47 - - [04/Nov/2014:05:00:34 -0500] "GET /BLA/resoluciones/RESOLUCIONES%202010/2480.pdf HTTP/1.1" 200 281237
66.249.64.167 - - [04/Nov/2014:05:00:38 -0500] "GET /BLA/resoluciones/AUTOS%202009/0710.pdf HTTP/1.1" 200 96587
66.249.64.163 - - [04/Nov/2014:05:00:40 -0500] "GET /BLA/resoluciones/RESOLUCIONES%202007/RES%202007%204001%20AL%204100/RESOLUCION%204009%20DE%202007.pdf HTTP/1.1" 304 -
66.249.64.167 - - [04/Nov/2014:05:00:46 -0500] "GET /BLA/resoluciones/AUTOS%202014/2221.pdf HTTP/1.1" 200 2497559
188.165.15.132 - - [04/Nov/2014:05:01:10 -0500] "GET /BLA/resoluciones/RESOLUCIONES%202006/RES%202006%201301-1350/00001315.tif HTTP/1.1" 200 133682
66.249.64.167 - - [04/Nov/2014:05:01:12 -0500] "GET /BLA/resoluciones/RESOLUCIONES%202010/6111.pdf HTTP/1.1" 200 679016
157.55.39.151 - - [04/Nov/2014:05:01:15 -0500] "GET /BLA/resoluciones/RESOLUCIONES%202008/3141.pdf HTTP/1.1" 200 230586
66.249.64.167 - - [04/Nov/2014:05:01:16 -0500] "GET /Anexos%20estudio%20Organizacional%20SDA/ANEXO%20No.%201-%20NORMAS%20LEGALES%20DE%20ESTRUCTURA%20Y%20PLANTA/Decreto%20673%20de%201995%20Reestructura%20el%20DAMA_files/bs_archive.gif HTTP/1.1" 200 172
157.55.39.151 - - [04/Nov/2014:05:01:25 -0500] "GET /BLA/resoluciones/AUTOS%202007/3353.pdf HTTP/1.1" 200 89744
157.55.39.151 - - [04/Nov/2014:05:01:25 -0500] "GET /bla/resoluciones/RESOLUCIONES%202009/8420.pdf HTTP/1.1" 200 465979
66.249.64.163 - - [04/Nov/2014:05:01:30 -0500] "GET /BLA/resoluciones/AUTOS%202014/2831.pdf HTTP/1.1" 200 2493440
207.46.13.139 - - [04/Nov/2014:05:01:33 -0500] "GET /BLA/resoluciones/AUTOS%202007/2856.pdf HTTP/1.1" 200 167469
74.86.158.107 - - [04/Nov/2014:05:01:36 -0500] "HEAD / HTTP/1.1" 302 -
157.55.39.151 - - [04/Nov/2014:05:01:37 -0500] "GET /BLA/resoluciones/RESOLUCIONES%202011/1676.pdf HTTP/1.1" 200 72155
157.55.39.151 - - [04/Nov/2014:05:01:38 -0500] "GET /bla/resoluciones/RESOLUCIONES%202009/2238.pdf HTTP/1.1" 200 454543
66.249.64.163 - - [04/Nov/2014:05:01:44 -0500] "GET /BLA/resoluciones/AUTOS%202008/2221.pdf HTTP/1.1" 304 -
66.249.64.163 - - [04/Nov/2014:05:01:45 -0500] "GET /BLA/resoluciones/AUTOS%202014/1611.pdf HTTP/1.1" 200 3724099
66.249.64.171 - - [04/Nov/2014:05:01:51 -0500] "GET /BLA/resoluciones/AUTOS%202014/2371.pdf HTTP/1.1" 200 2410878
207.46.13.139 - - [04/Nov/2014:05:01:53 -0500] "GET /BLA/resoluciones/RESOLUCIONES%202011/1136.pdf HTTP/1.1" 200 297034
207.46.13.139 - - [04/Nov/2014:05:01:54 -0500] "GET /BLA/resoluciones/RESOLUCIONES%202011/0436.pdf HTTP/1.1" 200 70519
66.249.64.167 - - [04/Nov/2014:05:01:56 -0500] "GET /BLA/resoluciones/AUTOS%202014/3306.pdf HTTP/1.1" 200 2013452
157.55.39.152 - - [04/Nov/2014:05:02:00 -0500] "GET /bla/resoluciones/RESOLUCIONES%202009/0134.pdf HTTP/1.1" 200 452605
66.249.64.171 - - [04/Nov/2014:05:02:08 -0500] "GET /BLA/resoluciones/AUTOS%202014/2186.pdf HTTP/1.1" 200 2512410
66.249.64.171 - - [04/Nov/2014:05:02:17 -0500] "GET /BLA/resoluciones/RESOLUCIONES%202012/0967.pdf HTTP/1.1" 304 -
207.46.13.139 - - [04/Nov/2014:05:02:18 -0500] "GET /BLA/resoluciones/RESOLUCIONES%202008/2403.pdf HTTP/1.1" 200 199144
66.249.64.163 - - [04/Nov/2014:05:02:20 -0500] "GET /BLA/resoluciones/AUTOS%202014/2243.pdf HTTP/1.1" 200 2485134
157.55.39.151 - - [04/Nov/2014:05:02:36 -0500] "GET /BLA/resoluciones/RESOLUCIONES%202011/0149.pdf HTTP/1.1" 200 360960
157.55.39.151 - - [04/Nov/2014:05:02:40 -0500] "GET /BLA/resoluciones/RESOLUCIONES%202011/0544.pdf HTTP/1.1" 200 66853
