180.76.6.36 - - [04/Nov/2014:06:01:51 -0500] "GET /BLA/resoluciones/AUTOS%202011/3797.pdf HTTP/1.1" 200 239783
186.82.78.180 - - [04/Nov/2014:06:01:23 -0500] "GET /reports/rwservlet/getjobid331986?server=rep_srvapsda HTTP/1.0" 200 6303979
157.55.39.152 - - [04/Nov/2014:06:02:02 -0500] "GET /BLA/resoluciones/AUTOS%202011/3339.pdf HTTP/1.1" 200 226629
66.249.64.171 - - [04/Nov/2014:06:02:06 -0500] "GET /BLA/resoluciones/AUTOS%202009/1338.pdf HTTP/1.1" 200 88037
91.194.84.106 - - [04/Nov/2014:06:02:09 -0500] "GET /robots.txt HTTP/1.0" 404 1019
91.194.84.106 - - [04/Nov/2014:06:02:15 -0500] "GET /re1/Que%20es/Marco%20pedagocico/planillas/ejemplos%20planillas/edu%20fisica/?C=M;O=D HTTP/1.0" 404 1019
91.194.84.106 - - [04/Nov/2014:06:02:20 -0500] "GET /re1/Que%20es/Marco%20pedagocico/planillas/ejemplos%20planillas/edu%20fisica/?C=N;O=D HTTP/1.0" 404 1019
186.82.78.180 - - [04/Nov/2014:06:02:21 -0500] "POST /forms/lservlet;jsessionid=ac16012b30d50e3ccd2380dd497d96bdaa65c96af770.e3iSbxaKaheRe34Sa3yKbhiTahb0n6jAmljGr5XDqQLvpAe HTTP/1.1" 200 2
91.194.84.106 - - [04/Nov/2014:06:02:21 -0500] "GET /re1/Que%20es/Marco%20pedagocico/planillas/ejemplos%20planillas/edu%20fisica/?C=S;O=D HTTP/1.0" 404 1019
91.194.84.106 - - [04/Nov/2014:06:02:23 -0500] "GET /re1/Que%20es/Marco%20pedagocico/planillas/ejemplos%20planillas/edu%20fisica/imagen%20edu%20fisica/?C=D;O=A HTTP/1.0" 404 1019
91.194.84.106 - - [04/Nov/2014:06:02:26 -0500] "GET /re1/Que%20es/Marco%20pedagocico/planillas/ejemplos%20planillas/edu%20fisica/imagen%20edu%20fisica/?C=M;O=A HTTP/1.0" 404 1019
91.194.84.106 - - [04/Nov/2014:06:02:28 -0500] "GET /re1/Que%20es/Marco%20pedagocico/planillas/ejemplos%20planillas/edu%20fisica/imagen%20edu%20fisica/?C=N;O=D HTTP/1.0" 404 1019
91.194.84.106 - - [04/Nov/2014:06:02:31 -0500] "GET /re1/Que%20es/Marco%20pedagocico/planillas/ejemplos%20planillas/edu%20fisica/imagen%20edu%20fisica/?C=S;O=A HTTP/1.0" 404 1019
91.194.84.106 - - [04/Nov/2014:06:02:37 -0500] "GET /re1/Que%20es/Marco%20pedagocico/planillas/ejemplos%20planillas/espanol/?C=D;O=D HTTP/1.0" 404 1019
66.249.64.171 - - [04/Nov/2014:06:02:38 -0500] "GET /BLA/resoluciones/AUTOS%202009/1495.pdf HTTP/1.1" 200 186836
91.194.84.106 - - [04/Nov/2014:06:02:41 -0500] "GET /re1/Que%20es/Marco%20pedagocico/planillas/ejemplos%20planillas/espanol/?C=M;O=D HTTP/1.0" 404 1019
157.55.39.47 - - [04/Nov/2014:06:02:43 -0500] "GET /BLA/resoluciones/AUTOS%202011/0131.pdf HTTP/1.1" 200 129581
157.55.39.47 - - [04/Nov/2014:06:02:43 -0500] "GET /BLA/resoluciones/RESOLUCIONES%202009/1734.pdf HTTP/1.1" 200 238398
91.194.84.106 - - [04/Nov/2014:06:02:46 -0500] "GET /re1/Que%20es/Marco%20pedagocico/planillas/ejemplos%20planillas/espanol/?C=N;O=D HTTP/1.0" 404 1019
180.76.6.21 - - [04/Nov/2014:06:02:46 -0500] "GET /BLA/resoluciones/RESOLUCIONES%202009/0033.pdf HTTP/1.1" 200 318124
157.55.39.47 - - [04/Nov/2014:06:02:47 -0500] "GET /BLA/resoluciones/RESOLUCIONES%202010/5582.pdf HTTP/1.1" 200 246975
157.55.39.47 - - [04/Nov/2014:06:02:47 -0500] "GET /BLA/resoluciones/RESOLUCIONES%202009/0363.pdf HTTP/1.1" 200 352490
157.55.39.47 - - [04/Nov/2014:06:02:48 -0500] "GET /bla/resoluciones/RESOLUCIONES%202011/2139.pdf HTTP/1.1" 200 512439
91.194.84.106 - - [04/Nov/2014:06:02:48 -0500] "GET /re1/Que%20es/Marco%20pedagocico/planillas/ejemplos%20planillas/espanol/?C=S;O=D HTTP/1.0" 404 1019
157.55.39.47 - - [04/Nov/2014:06:02:48 -0500] "GET /BLA/resoluciones/AUTOS%202009/2431.pdf HTTP/1.1" 200 102739
157.55.39.47 - - [04/Nov/2014:06:02:49 -0500] "GET /BLA/resoluciones/RESOLUCIONES%202009/9338.pdf HTTP/1.1" 200 491881
157.55.39.47 - - [04/Nov/2014:06:02:49 -0500] "GET /BLA/resoluciones/AUTOS%202011/0721.pdf HTTP/1.1" 200 226270
157.55.39.47 - - [04/Nov/2014:06:02:50 -0500] "GET /BLA/resoluciones/RESOLUCIONES%202010/4752.pdf HTTP/1.1" 200 521463
157.55.39.47 - - [04/Nov/2014:06:02:50 -0500] "GET /BLA/resoluciones/Resoluciones%202011/5381.pdf HTTP/1.1" 200 575828
91.194.84.106 - - [04/Nov/2014:06:02:50 -0500] "GET /re1/Que%20es/Marco%20pedagocico/planillas/ejemplos%20planillas/matematicas/?C=D;O=D HTTP/1.0" 404 1019
157.55.39.47 - - [04/Nov/2014:06:02:51 -0500] "GET /BLA/resoluciones/RESOLUCIONES%202010/3876.pdf HTTP/1.1" 200 1127736
157.55.39.47 - - [04/Nov/2014:06:02:51 -0500] "GET /BLA/resoluciones/AUTOS%202011/0480.pdf HTTP/1.1" 200 203757
157.55.39.47 - - [04/Nov/2014:06:02:51 -0500] "GET /BLA/resoluciones/Resoluciones%202011/5511.pdf HTTP/1.1" 200 418022
91.194.84.106 - - [04/Nov/2014:06:02:52 -0500] "GET /re1/Que%20es/Marco%20pedagocico/planillas/ejemplos%20planillas/matematicas/?C=M;O=D HTTP/1.0" 404 1019
157.55.39.152 - - [04/Nov/2014:06:02:55 -0500] "GET /BLA/resoluciones/RESOLUCIONES%202010/6673.pdf HTTP/1.1" 200 634960
91.194.84.106 - - [04/Nov/2014:06:02:56 -0500] "GET /re1/Que%20es/Marco%20pedagocico/planillas/ejemplos%20planillas/matematicas/?C=N;O=D HTTP/1.0" 404 1019
91.194.84.106 - - [04/Nov/2014:06:03:02 -0500] "GET /re1/Que%20es/Marco%20pedagocico/planillas/ejemplos%20planillas/matematicas/?C=S;O=D HTTP/1.0" 404 1019
201.245.192.253 - - [04/Nov/2014:06:03:03 -0500] "GET /plugins/like_box.php?app_id=&channel=http%3A%2F%2Fstatic.ak.facebook.com%2Fconnect%2Fxd_arbiter%2FehazDpFPEnK.js%3Fversion%3D41%23cb%3Df25d01041c%26domain%3Dwww.colombia.com%26origin%3Dhttp%253A%252F%252Fwww.colombia.com%252Ff31aa86388%26relation%3Dparent.parent&header=false&href=http%3A%2F%2Fwww.facebook.com%2Fpages%2FColombiacom%2F120864984617693&locale=es_LA&sdk=joey&stream=false&width=320 HTTP/1.1" 404 1332
186.82.78.180 - - [04/Nov/2014:06:03:03 -0500] "POST /forms/lservlet;jsessionid=ac16012b30d50e3ccd2380dd497d96bdaa65c96af770.e3iSbxaKaheRe34Sa3yKbhiTahb0n6jAmljGr5XDqQLvpAe HTTP/1.1" 200 2
186.82.78.180 - - [04/Nov/2014:06:03:03 -0500] "POST /forms/lservlet;jsessionid=ac16012b30d50e3ccd2380dd497d96bdaa65c96af770.e3iSbxaKaheRe34Sa3yKbhiTahb0n6jAmljGr5XDqQLvpAe HTTP/1.1" 200 2287
186.82.78.180 - - [04/Nov/2014:06:03:04 -0500] "POST /forms/lservlet;jsessionid=ac16012b30d50e3ccd2380dd497d96bdaa65c96af770.e3iSbxaKaheRe34Sa3yKbhiTahb0n6jAmljGr5XDqQLvpAe HTTP/1.1" 200 10
91.194.84.106 - - [04/Nov/2014:06:03:05 -0500] "GET /re1/Que%20es/Marco%20pedagocico/planillas/planilla%20integrada/?C=D;O=D HTTP/1.0" 404 1019
91.194.84.106 - - [04/Nov/2014:06:03:07 -0500] "GET /re1/Que%20es/Marco%20pedagocico/planillas/planilla%20integrada/?C=M;O=D HTTP/1.0" 404 1019
157.55.39.152 - - [04/Nov/2014:06:03:07 -0500] "GET /BLA/resoluciones/RESOLUCIONES%202010/1998.pdf HTTP/1.1" 200 337692
157.55.39.152 - - [04/Nov/2014:06:03:09 -0500] "GET /BLA/resoluciones/RESOLUCIONES%202009/7946.pdf HTTP/1.1" 200 493233
186.82.78.180 - - [04/Nov/2014:06:03:09 -0500] "POST /forms/lservlet;jsessionid=ac16012b30d50e3ccd2380dd497d96bdaa65c96af770.e3iSbxaKaheRe34Sa3yKbhiTahb0n6jAmljGr5XDqQLvpAe HTTP/1.1" 200 24
186.82.78.180 - - [04/Nov/2014:06:03:10 -0500] "POST /forms/lservlet;jsessionid=ac16012b30d50e3ccd2380dd497d96bdaa65c96af770.e3iSbxaKaheRe34Sa3yKbhiTahb0n6jAmljGr5XDqQLvpAe HTTP/1.1" 200 4312
66.249.64.171 - - [04/Nov/2014:06:03:11 -0500] "GET /BLA/resoluciones/AUTOS%202007/2322.pdf HTTP/1.1" 200 49146
186.82.78.180 - - [04/Nov/2014:06:03:11 -0500] "POST /forms/lservlet;jsessionid=ac16012b30d50e3ccd2380dd497d96bdaa65c96af770.e3iSbxaKaheRe34Sa3yKbhiTahb0n6jAmljGr5XDqQLvpAe HTTP/1.1" 200 2
91.194.84.106 - - [04/Nov/2014:06:03:12 -0500] "GET /re1/Que%20es/Marco%20pedagocico/planillas/planilla%20integrada/?C=S;O=D HTTP/1.0" 404 1019
186.82.78.180 - - [04/Nov/2014:06:03:13 -0500] "POST /forms/lservlet;jsessionid=ac16012b30d50e3ccd2380dd497d96bdaa65c96af770.e3iSbxaKaheRe34Sa3yKbhiTahb0n6jAmljGr5XDqQLvpAe HTTP/1.1" 200 2
186.82.78.180 - - [04/Nov/2014:06:03:13 -0500] "POST /forms/lservlet;jsessionid=ac16012b30d50e3ccd2380dd497d96bdaa65c96af770.e3iSbxaKaheRe34Sa3yKbhiTahb0n6jAmljGr5XDqQLvpAe HTTP/1.1" 200 112
186.82.78.180 - - [04/Nov/2014:06:03:14 -0500] "POST /forms/lservlet;jsessionid=ac16012b30d50e3ccd2380dd497d96bdaa65c96af770.e3iSbxaKaheRe34Sa3yKbhiTahb0n6jAmljGr5XDqQLvpAe HTTP/1.1" 200 2
186.82.78.180 - - [04/Nov/2014:06:03:14 -0500] "GET /reports/rwservlet/getjobid331987?server=rep_srvapsda HTTP/1.0" 200 744040
91.194.84.106 - - [04/Nov/2014:06:03:21 -0500] "GET /re1/Que%20es/Marco%20pedagocico/planillas/planilla%20integrada/imagen%20planilla%20integrada/?C=D;O=A HTTP/1.0" 404 1019
91.194.84.106 - - [04/Nov/2014:06:03:23 -0500] "GET /re1/Que%20es/Marco%20pedagocico/planillas/planilla%20integrada/imagen%20planilla%20integrada/?C=M;O=A HTTP/1.0" 404 1019
91.194.84.106 - - [04/Nov/2014:06:03:25 -0500] "GET /re1/Que%20es/Marco%20pedagocico/planillas/planilla%20integrada/imagen%20planilla%20integrada/?C=N;O=D HTTP/1.0" 404 1019
91.194.84.106 - - [04/Nov/2014:06:03:27 -0500] "GET /re1/Que%20es/Marco%20pedagocico/planillas/planilla%20integrada/imagen%20planilla%20integrada/?C=S;O=A HTTP/1.0" 404 1019
207.46.13.139 - - [04/Nov/2014:06:03:28 -0500] "GET /BLA/resoluciones/RESOLUCIONES%202010/6426.pdf HTTP/1.1" 200 552982
207.46.13.139 - - [04/Nov/2014:06:03:29 -0500] "GET /BLA/resoluciones/Resoluciones%202011/1423.pdf HTTP/1.1" 200 74833
100.43.90.10 - - [04/Nov/2014:06:03:29 -0500] "GET /robots.txt HTTP/1.1" 404 1019
91.194.84.106 - - [04/Nov/2014:06:03:29 -0500] "GET /re1/Que%20es/Marco%20pedagocico/planillas/planilla%20integrada/imagen%20planilla%20integrada/barra%20areas%20planillas.htm HTTP/1.0" 404 1019
207.46.13.139 - - [04/Nov/2014:06:03:29 -0500] "GET /BLA/resoluciones/RESOLUCIONES%202009/9112.pdf HTTP/1.1" 200 413268
207.46.13.139 - - [04/Nov/2014:06:03:30 -0500] "GET /BLA/resoluciones/AUTOS%202010/4395.pdf HTTP/1.1" 200 143353
207.46.13.139 - - [04/Nov/2014:06:03:30 -0500] "GET /BLA/resoluciones/AUTOS%202011/5573.pdf HTTP/1.1" 200 166209
207.46.13.139 - - [04/Nov/2014:06:03:31 -0500] "GET /BLA/resoluciones/RESOLUCIONES%202012/1266.pdf HTTP/1.1" 200 440671
91.194.84.106 - - [04/Nov/2014:06:03:31 -0500] "GET /re1/Que%20es/Plan%20comunicaciones/medios%20de%20divulgacion/imagen%20lorenzo%20barra/?C=D;O=A HTTP/1.0" 404 1019
157.55.39.151 - - [04/Nov/2014:06:03:36 -0500] "GET /BLA/resoluciones/RESOLUCIONES%202011/1899.pdf HTTP/1.1" 200 516158
91.194.84.106 - - [04/Nov/2014:06:03:39 -0500] "GET /re1/Que%20es/Plan%20comunicaciones/medios%20de%20divulgacion/imagen%20medios%20divulgacion/?C=D;O=D HTTP/1.0" 404 1019
91.194.84.106 - - [04/Nov/2014:06:03:41 -0500] "GET /re1/Que%20es/Plan%20comunicaciones/medios%20de%20divulgacion/imagen%20medios%20divulgacion/?C=M;O=D HTTP/1.0" 404 1019
66.249.64.163 - - [04/Nov/2014:06:03:43 -0500] "GET /BLA/resoluciones/AUTOS%202009/0359.pdf HTTP/1.1" 200 182525
91.194.84.106 - - [04/Nov/2014:06:03:44 -0500] "GET /re1/Que%20es/Plan%20comunicaciones/publicos/imagen%20publicos/?C=M;O=D HTTP/1.0" 404 1019
157.55.39.152 - - [04/Nov/2014:06:03:47 -0500] "GET /BLA/resoluciones/AUTOS%202011/5917.pdf HTTP/1.1" 200 276518
91.194.84.106 - - [04/Nov/2014:06:03:47 -0500] "GET /re1/Que%20es/Plan%20operativo/fase%20capacitacion/imagen%20fase%20capacitacion/?C=D;O=D HTTP/1.0" 404 1019
91.194.84.106 - - [04/Nov/2014:06:03:51 -0500] "GET /re1/Que%20es/Plan%20operativo/fase%20capacitacion/imagen%20fase%20capacitacion/?C=M;O=D HTTP/1.0" 404 1019
91.194.84.106 - - [04/Nov/2014:06:03:56 -0500] "GET /re1/Que%20es/Plan%20operativo/fase%20recoleccion/imagen%20recoleccion/?C=D;O=D HTTP/1.0" 404 1019
91.194.84.106 - - [04/Nov/2014:06:03:59 -0500] "GET /re1/Que%20es/Plan%20operativo/fase%20recoleccion/imagen%20recoleccion/?C=M;O=D HTTP/1.0" 404 1019
91.194.84.106 - - [04/Nov/2014:06:04:01 -0500] "GET /re1/Que%20es/Plan%20operativo/fase%20recoleccion/imagen%20recoleccion/?C=N;O=D HTTP/1.0" 404 1019
91.194.84.106 - - [04/Nov/2014:06:04:04 -0500] "GET /re1/Que%20es/Plan%20operativo/fase%20recoleccion/imagen%20recoleccion/?C=S;O=D HTTP/1.0" 404 1019
157.55.39.152 - - [04/Nov/2014:06:04:07 -0500] "GET /BLA/resoluciones/RESOLUCIONES%202011/2076.pdf HTTP/1.1" 200 508513
91.194.84.106 - - [04/Nov/2014:06:04:08 -0500] "GET /re1/Que%20es/Plan%20operativo/imagen%20plan%20operativo/?C=N;O=A HTTP/1.0" 404 1019
91.194.84.106 - - [04/Nov/2014:06:04:11 -0500] "GET /re1/Que%20es/Talleres/metales/barra%20metales/?C=M;O=D HTTP/1.0" 404 1019
91.194.84.106 - - [04/Nov/2014:06:04:14 -0500] "GET /re1/Que%20es/Talleres/papel/barra%20papel/?C=D;O=D HTTP/1.0" 404 1019
66.249.64.171 - - [04/Nov/2014:06:04:15 -0500] "GET /BLA/resoluciones/AUTOS%202009/2436.pdf HTTP/1.1" 200 99815
91.194.84.106 - - [04/Nov/2014:06:04:17 -0500] "GET /re1/Que%20es/Talleres/papel/barra%20papel/?C=M;O=D HTTP/1.0" 404 1019
157.55.39.151 - - [04/Nov/2014:06:04:18 -0500] "GET /BLA/resoluciones/RESOLUCIONES%202009/0050.pdf HTTP/1.1" 200 327514
91.194.84.106 - - [04/Nov/2014:06:04:20 -0500] "GET /re1/Que%20es/Talleres/papel/imagen%20papel/?C=D;O=D HTTP/1.0" 404 1019
186.82.78.180 - - [04/Nov/2014:06:04:22 -0500] "POST /forms/lservlet;jsessionid=ac16012b30d50e3ccd2380dd497d96bdaa65c96af770.e3iSbxaKaheRe34Sa3yKbhiTahb0n6jAmljGr5XDqQLvpAe HTTP/1.1" 200 2
91.194.84.106 - - [04/Nov/2014:06:04:24 -0500] "GET /re1/Que%20es/Talleres/papel/imagen%20papel/?C=M;O=D HTTP/1.0" 404 1019
91.194.84.106 - - [04/Nov/2014:06:04:27 -0500] "GET /re1/Que%20es/Talleres/papel/imagen%20papel/?C=N;O=D HTTP/1.0" 404 1019
91.194.84.106 - - [04/Nov/2014:06:04:29 -0500] "GET /re1/Que%20es/Talleres/papel/imagen%20papel/?C=S;O=D HTTP/1.0" 404 1019
91.194.84.106 - - [04/Nov/2014:06:04:31 -0500] "GET /re1/Que%20es/Talleres/plasticos/barra%20plasticos/?C=D;O=A HTTP/1.0" 404 1019
91.194.84.106 - - [04/Nov/2014:06:04:36 -0500] "GET /re1/Que%20es/Talleres/plasticos/barra%20plasticos/?C=M;O=A HTTP/1.0" 404 1019
157.55.39.151 - - [04/Nov/2014:06:04:37 -0500] "GET /BLA/resoluciones/RESOLUCIONES%202009/8370.pdf HTTP/1.1" 200 60096
91.194.84.106 - - [04/Nov/2014:06:04:39 -0500] "GET /re1/Que%20es/Talleres/plasticos/barra%20plasticos/?C=N;O=A HTTP/1.0" 404 1019
91.194.84.106 - - [04/Nov/2014:06:04:41 -0500] "GET /re1/Que%20es/Talleres/plasticos/imagen%20plasticos/?C=D;O=D HTTP/1.0" 404 1019
207.46.13.139 - - [04/Nov/2014:06:04:43 -0500] "GET /bla/resoluciones/RESOLUCIONES%202009/8387.pdf HTTP/1.1" 200 424524
207.46.13.139 - - [04/Nov/2014:06:04:44 -0500] "GET /BLA/resoluciones/Autos%202008/0952.pdf HTTP/1.1" 200 82297
91.194.84.106 - - [04/Nov/2014:06:04:44 -0500] "GET /re1/Que%20es/Talleres/plasticos/imagen%20plasticos/?C=M;O=D HTTP/1.0" 404 1019
207.46.13.139 - - [04/Nov/2014:06:04:44 -0500] "GET /BLA/resoluciones/Resoluciones%202011/5774.pdf HTTP/1.1" 200 433400
207.46.13.139 - - [04/Nov/2014:06:04:45 -0500] "GET /BLA/resoluciones/RESOLUCIONES%202010/4035.pdf HTTP/1.1" 200 752905
207.46.13.139 - - [04/Nov/2014:06:04:45 -0500] "GET /BLA/resoluciones/RESOLUCIONES%202010/0340.pdf HTTP/1.1" 200 355702
207.46.13.139 - - [04/Nov/2014:06:04:46 -0500] "GET /BLA/resoluciones/RESOLUCIONES%202010/2361.pdf HTTP/1.1" 200 485814
66.249.64.163 - - [04/Nov/2014:06:04:48 -0500] "GET /BLA/resoluciones/AUTOS%202008/2265.pdf HTTP/1.1" 200 227507
157.55.39.152 - - [04/Nov/2014:06:04:48 -0500] "GET /BLA/resoluciones/RESOLUCIONES%202011/0525.pdf HTTP/1.1" 200 363775
157.55.39.152 - - [04/Nov/2014:06:04:49 -0500] "GET /bla/resoluciones/RESOLUCIONES%202009/1179.pdf HTTP/1.1" 200 326867
91.194.84.106 - - [04/Nov/2014:06:04:49 -0500] "GET /re1/Que%20es/Talleres/plasticos/imagen%20plasticos/?C=N;O=D HTTP/1.0" 404 1019
91.194.84.106 - - [04/Nov/2014:06:04:52 -0500] "GET /re1/Que%20es/Talleres/plasticos/imagen%20plasticos/?C=S;O=D HTTP/1.0" 404 1019
91.194.84.106 - - [04/Nov/2014:06:04:57 -0500] "GET /re1/Que%20es/Talleres/residuos%20organicos/barra%20organicos/?C=D;O=D HTTP/1.0" 404 1019
91.194.84.106 - - [04/Nov/2014:06:05:01 -0500] "GET /re1/Que%20es/Talleres/residuos%20organicos/barra%20organicos/?C=M;O=D HTTP/1.0" 404 1019
91.194.84.106 - - [04/Nov/2014:06:05:07 -0500] "GET /re1/Que%20es/Talleres/residuos%20organicos/barra%20organicos/?C=N;O=D HTTP/1.0" 404 1019
91.194.84.106 - - [04/Nov/2014:06:05:12 -0500] "GET /re1/Que%20es/Talleres/residuos%20organicos/barra%20organicos/?C=S;O=D HTTP/1.0" 404 1019
157.55.39.151 - - [04/Nov/2014:06:05:12 -0500] "GET /BLA/resoluciones/Autos%202008/0944.pdf HTTP/1.1" 200 110181
91.194.84.106 - - [04/Nov/2014:06:05:15 -0500] "GET /re1/Que%20es/Talleres/residuos%20organicos/imagen%20residuos%20organicos/?C=D;O=D HTTP/1.0" 404 1019
91.194.84.106 - - [04/Nov/2014:06:05:19 -0500] "GET /re1/Que%20es/Talleres/residuos%20organicos/imagen%20residuos%20organicos/?C=M;O=D HTTP/1.0" 404 1019
66.249.64.171 - - [04/Nov/2014:06:05:20 -0500] "GET /BLA/resoluciones/AUTOS%202010/0166.pdf HTTP/1.1" 200 172416
91.194.84.106 - - [04/Nov/2014:06:05:22 -0500] "GET /re1/Que%20es/Talleres/vidrio/barra%20vidrio/?C=D;O=A HTTP/1.0" 404 1019
157.55.39.151 - - [04/Nov/2014:06:05:22 -0500] "GET /BLA/resoluciones/RESOLUCIONES%202010/6941.pdf HTTP/1.1" 200 301503
91.194.84.106 - - [04/Nov/2014:06:05:24 -0500] "GET /re1/Que%20es/Talleres/vidrio/barra%20vidrio/?C=M;O=A HTTP/1.0" 404 1019
91.194.84.106 - - [04/Nov/2014:06:05:28 -0500] "GET /re1/Que%20es/Talleres/vidrio/barra%20vidrio/?C=N;O=A HTTP/1.0" 404 1019
157.55.39.151 - - [04/Nov/2014:06:05:31 -0500] "GET /BLA/resoluciones/Resoluciones%202011/4465.pdf HTTP/1.1" 200 551382
157.55.39.151 - - [04/Nov/2014:06:05:31 -0500] "GET /BLA/resoluciones/AUTOS%202009/0759.pdf HTTP/1.1" 200 92314
91.194.84.106 - - [04/Nov/2014:06:05:32 -0500] "GET /re1/Resumen/Evaluacion/Barra%20evaluacion/?C=D;O=D HTTP/1.0" 404 1019
91.194.84.106 - - [04/Nov/2014:06:05:35 -0500] "GET /re1/Resumen/Evaluacion/Barra%20evaluacion/?C=M;O=D HTTP/1.0" 404 1019
157.55.39.47 - - [04/Nov/2014:06:05:35 -0500] "GET /BLA/resoluciones/AUTOS%202007/0924.pdf HTTP/1.1" 200 163636
157.55.39.47 - - [04/Nov/2014:06:05:36 -0500] "GET /bla/resoluciones/RESOLUCIONES%202011/0127.pdf HTTP/1.1" 200 520694
157.55.39.47 - - [04/Nov/2014:06:05:36 -0500] "GET /BLA/resoluciones/AUTOS%202007/3727.pdf HTTP/1.1" 200 198565
157.55.39.47 - - [04/Nov/2014:06:05:37 -0500] "GET /BLA/resoluciones/AUTOS%202007/3654.pdf HTTP/1.1" 200 118079
157.55.39.47 - - [04/Nov/2014:06:05:37 -0500] "GET /BLA/resoluciones/Resoluciones%202011/4980.pdf HTTP/1.1" 200 350679
157.55.39.47 - - [04/Nov/2014:06:05:38 -0500] "GET /BLA/resoluciones/RESOLUCIONES%202012/0611.pdf HTTP/1.1" 200 689671
91.194.84.106 - - [04/Nov/2014:06:05:38 -0500] "GET /re1/Resumen/como/imagen%20como/?C=D;O=A HTTP/1.0" 404 1019
157.55.39.47 - - [04/Nov/2014:06:05:38 -0500] "GET /BLA/resoluciones/AUTOS%202010/4684.pdf HTTP/1.1" 200 487827
201.244.197.68 - - [04/Nov/2014:06:05:38 -0500] "GET /forest/session.jsp?a=0.288414369802922 HTTP/1.1" 200 4
157.55.39.47 - - [04/Nov/2014:06:05:39 -0500] "GET /BLA/resoluciones/AUTOS%202009/2012.pdf HTTP/1.1" 200 99995
157.55.39.47 - - [04/Nov/2014:06:05:39 -0500] "GET /bla/resoluciones/RESOLUCIONES%202009/9692.pdf HTTP/1.1" 200 331090
157.55.39.47 - - [04/Nov/2014:06:05:39 -0500] "GET /BLA/resoluciones/RESOLUCIONES%202011/3458.pdf HTTP/1.1" 200 894168
91.194.84.106 - - [04/Nov/2014:06:05:40 -0500] "GET /re1/Resumen/como/imagen%20como/?C=M;O=A HTTP/1.0" 404 1019
157.55.39.47 - - [04/Nov/2014:06:05:40 -0500] "GET /BLA/resoluciones/RESOLUCIONES%202008/2224.pdf HTTP/1.1" 200 477035
157.55.39.47 - - [04/Nov/2014:06:05:40 -0500] "GET /BLA/resoluciones/AUTOS%202011/6387.pdf HTTP/1.1" 200 263763
157.55.39.47 - - [04/Nov/2014:06:05:41 -0500] "GET /bla/resoluciones/RESOLUCIONES%202009/8151.pdf HTTP/1.1" 200 502037
157.55.39.47 - - [04/Nov/2014:06:05:41 -0500] "GET /BLA/resoluciones/AUTOS%202007/0763.pdf HTTP/1.1" 200 44016
157.55.39.47 - - [04/Nov/2014:06:05:42 -0500] "GET /BLA/resoluciones/AUTOS%202007/2482.pdf HTTP/1.1" 200 209750
91.194.84.106 - - [04/Nov/2014:06:05:42 -0500] "GET /re1/Resumen/como/imagen%20como/?C=N;O=A HTTP/1.0" 404 1019
91.194.84.106 - - [04/Nov/2014:06:05:47 -0500] "GET /re1/Resumen/donde/imagen%20donde/?C=D;O=D HTTP/1.0" 404 1019
157.55.39.152 - - [04/Nov/2014:06:05:50 -0500] "GET /BLA/resoluciones/RESOLUCIONES%202009/9518.pdf HTTP/1.1" 200 653522
157.55.39.152 - - [04/Nov/2014:06:05:51 -0500] "GET /BLA/resoluciones/RESOLUCIONES%202010/0826.pdf HTTP/1.1" 200 113946
157.55.39.152 - - [04/Nov/2014:06:05:52 -0500] "GET /BLA/resoluciones/RESOLUCIONES%202010/7623.pdf HTTP/1.1" 200 424872
66.249.64.171 - - [04/Nov/2014:06:05:52 -0500] "GET /BLA/resoluciones/AUTOS%202009/1640.pdf HTTP/1.1" 200 85032
91.194.84.106 - - [04/Nov/2014:06:05:53 -0500] "GET /re1/Resumen/donde/imagen%20donde/?C=M;O=D HTTP/1.0" 404 1019
157.55.39.152 - - [04/Nov/2014:06:06:07 -0500] "GET /BLA/resoluciones/RESOLUCIONES%202010/5046.pdf HTTP/1.1" 200 754723
157.55.39.151 - - [04/Nov/2014:06:06:16 -0500] "GET /BLA/resoluciones/RESOLUCIONES%202009/1039.pdf HTTP/1.1" 200 204825
91.194.84.106 - - [04/Nov/2014:06:06:19 -0500] "GET /re1/Resumen/donde/imagen%20donde/?C=S;O=D HTTP/1.0" 404 1019
186.82.78.180 - - [04/Nov/2014:06:06:22 -0500] "POST /forms/lservlet;jsessionid=ac16012b30d50e3ccd2380dd497d96bdaa65c96af770.e3iSbxaKaheRe34Sa3yKbhiTahb0n6jAmljGr5XDqQLvpAe HTTP/1.1" 200 2
91.194.84.106 - - [04/Nov/2014:06:06:23 -0500] "GET /re1/Resumen/porque/imagen%20porque/?C=D;O=D HTTP/1.0" 404 1019
66.249.64.163 - - [04/Nov/2014:06:06:25 -0500] "GET /BLA/resoluciones/AUTOS%202009/1686.pdf HTTP/1.1" 200 124204
91.194.84.106 - - [04/Nov/2014:06:06:26 -0500] "GET /re1/Resumen/porque/imagen%20porque/?C=M;O=D HTTP/1.0" 404 1019
91.194.84.106 - - [04/Nov/2014:06:06:30 -0500] "GET /re1/Resumen/porque/imagen%20porque/?C=S;O=D HTTP/1.0" 404 1019
91.194.84.106 - - [04/Nov/2014:06:06:32 -0500] "GET /re1/Resumen/que/imagen%20que/?C=D;O=D HTTP/1.0" 404 1019
74.86.158.107 - - [04/Nov/2014:06:06:36 -0500] "HEAD / HTTP/1.1" 302 -
91.194.84.106 - - [04/Nov/2014:06:06:37 -0500] "GET /re1/Resumen/que/imagen%20que/?C=M;O=D HTTP/1.0" 404 1019
91.194.84.106 - - [04/Nov/2014:06:06:39 -0500] "GET /re1/Resumen/que/imagen%20que/?C=S;O=D HTTP/1.0" 404 1019
157.55.39.151 - - [04/Nov/2014:06:06:45 -0500] "GET /BLA/resoluciones/Autos%202008/0147.pdf HTTP/1.1" 200 149587
157.55.39.152 - - [04/Nov/2014:06:06:46 -0500] "GET /bla/resoluciones/RESOLUCIONES%202009/1444.pdf HTTP/1.1" 200 1822248
207.46.13.139 - - [04/Nov/2014:06:06:46 -0500] "GET /bla/resoluciones/RESOLUCIONES%202011/2624.pdf HTTP/1.1" 200 510931
91.194.84.106 - - [04/Nov/2014:06:06:46 -0500] "GET /re1/Resumen/quienes/imagen%20quienes/?C=M;O=A HTTP/1.0" 404 1019
157.55.39.152 - - [04/Nov/2014:06:06:46 -0500] "GET /bla/resoluciones/RESOLUCIONES%202009/8553.pdf HTTP/1.1" 200 475935
207.46.13.139 - - [04/Nov/2014:06:06:46 -0500] "GET /BLA/resoluciones/Resoluciones%202011/0263.pdf HTTP/1.1" 200 71074
207.46.13.139 - - [04/Nov/2014:06:06:47 -0500] "GET /BLA/resoluciones/AUTOS%202011/2967.pdf HTTP/1.1" 200 501231
207.46.13.139 - - [04/Nov/2014:06:06:47 -0500] "GET /BLA/resoluciones/RESOLUCIONES%202009/1960.pdf HTTP/1.1" 200 439455
207.46.13.139 - - [04/Nov/2014:06:06:48 -0500] "GET /BLA/resoluciones/RESOLUCIONES%202008/4764.pdf HTTP/1.1" 200 528914
207.46.13.139 - - [04/Nov/2014:06:06:48 -0500] "GET /bla/resoluciones/RESOLUCIONES%202009/9164.pdf HTTP/1.1" 200 437571
207.46.13.139 - - [04/Nov/2014:06:06:49 -0500] "GET /BLA/resoluciones/RESOLUCIONES%202008/1688.pdf HTTP/1.1" 200 203300
207.46.13.139 - - [04/Nov/2014:06:06:49 -0500] "GET /BLA/resoluciones/RESOLUCIONES%202011/3973.pdf HTTP/1.1" 200 698800
207.46.13.139 - - [04/Nov/2014:06:06:49 -0500] "GET /bla/resoluciones/RESOLUCIONES%202009/0608.pdf HTTP/1.1" 200 310457
157.55.39.152 - - [04/Nov/2014:06:06:50 -0500] "GET /BLA/resoluciones/RESOLUCIONES%202010/1413.pdf HTTP/1.1" 200 2025111
207.46.13.139 - - [04/Nov/2014:06:06:50 -0500] "GET /BLA/resoluciones/AUTOS%202009/3577.pdf HTTP/1.1" 200 204422
207.46.13.139 - - [04/Nov/2014:06:06:50 -0500] "GET /BLA/resoluciones/RESOLUCIONES%202011/5504.pdf HTTP/1.1" 200 352991
91.194.84.106 - - [04/Nov/2014:06:06:51 -0500] "GET /re1/Resumen/quienes/imagen%20quienes/?C=N;O=A HTTP/1.0" 404 1019
66.249.64.171 - - [04/Nov/2014:06:06:57 -0500] "GET /BLA/resoluciones/AUTOS%202009/1660.pdf HTTP/1.1" 200 281409
157.55.39.152 - - [04/Nov/2014:06:06:57 -0500] "GET /BLA/resoluciones/RESOLUCIONES%202011/2291.pdf HTTP/1.1" 200 293731
201.245.192.253 - - [04/Nov/2014:06:07:18 -0500] "GET /autoliquidacion/Grupo%20Forestal%20-%20Silvicultura/Especies%20de%20flora%20en%20la%20ciudad%20de%20bogota.xls HTTP/1.1" 304 -
207.46.13.139 - - [04/Nov/2014:06:07:25 -0500] "GET /BLA/resoluciones/Autos%202008/0222.pdf HTTP/1.1" 200 104558
207.46.13.139 - - [04/Nov/2014:06:07:25 -0500] "GET /BLA/resoluciones/AUTOS%202009/3516.pdf HTTP/1.1" 200 111946
207.46.13.139 - - [04/Nov/2014:06:07:26 -0500] "GET /bla/resoluciones/RESOLUCIONES%202009/8937.pdf HTTP/1.1" 200 366487
66.249.64.163 - - [04/Nov/2014:06:07:28 -0500] "GET /BLA/resoluciones/RESOLUCIONES%202008/4486.pdf HTTP/1.1" 200 482312
207.46.13.139 - - [04/Nov/2014:06:07:29 -0500] "GET /BLA/resoluciones/Resoluciones%202011/0950.pdf HTTP/1.1" 200 71069
66.249.64.163 - - [04/Nov/2014:06:07:29 -0500] "GET /BLA/resoluciones/AUTOS%202009/3159.pdf HTTP/1.1" 200 130389
207.46.13.139 - - [04/Nov/2014:06:07:29 -0500] "GET /BLA/resoluciones/RESOLUCIONES%202008/3976.pdf HTTP/1.1" 200 658698
157.55.39.151 - - [04/Nov/2014:06:07:30 -0500] "GET /BLA/resoluciones/RESOLUCIONES%202010/3818.pdf HTTP/1.1" 200 82327
157.55.39.151 - - [04/Nov/2014:06:07:32 -0500] "GET /BLA/resoluciones/AUTOS%202007/2696.pdf HTTP/1.1" 200 68585
186.82.78.180 - - [04/Nov/2014:06:07:46 -0500] "POST /forms/lservlet;jsessionid=ac16012b30d50e3ccd2380dd497d96bdaa65c96af770.e3iSbxaKaheRe34Sa3yKbhiTahb0n6jAmljGr5XDqQLvpAe HTTP/1.1" 200 2
186.82.78.180 - - [04/Nov/2014:06:07:47 -0500] "POST /forms/lservlet;jsessionid=ac16012b30d50e3ccd2380dd497d96bdaa65c96af770.e3iSbxaKaheRe34Sa3yKbhiTahb0n6jAmljGr5XDqQLvpAe HTTP/1.1" 200 2344
186.82.78.180 - - [04/Nov/2014:06:07:47 -0500] "POST /forms/lservlet;jsessionid=ac16012b30d50e3ccd2380dd497d96bdaa65c96af770.e3iSbxaKaheRe34Sa3yKbhiTahb0n6jAmljGr5XDqQLvpAe HTTP/1.1" 200 10
186.82.78.180 - - [04/Nov/2014:06:07:50 -0500] "POST /forms/lservlet;jsessionid=ac16012b30d50e3ccd2380dd497d96bdaa65c96af770.e3iSbxaKaheRe34Sa3yKbhiTahb0n6jAmljGr5XDqQLvpAe HTTP/1.1" 200 2
186.82.78.180 - - [04/Nov/2014:06:07:50 -0500] "POST /forms/lservlet;jsessionid=ac16012b30d50e3ccd2380dd497d96bdaa65c96af770.e3iSbxaKaheRe34Sa3yKbhiTahb0n6jAmljGr5XDqQLvpAe HTTP/1.1" 200 239
186.82.78.180 - - [04/Nov/2014:06:07:51 -0500] "POST /forms/lservlet;jsessionid=ac16012b30d50e3ccd2380dd497d96bdaa65c96af770.e3iSbxaKaheRe34Sa3yKbhiTahb0n6jAmljGr5XDqQLvpAe HTTP/1.1" 200 44
186.82.78.180 - - [04/Nov/2014:06:07:51 -0500] "POST /forms/lservlet;jsessionid=ac16012b30d50e3ccd2380dd497d96bdaa65c96af770.e3iSbxaKaheRe34Sa3yKbhiTahb0n6jAmljGr5XDqQLvpAe HTTP/1.1" 200 15
186.82.78.180 - - [04/Nov/2014:06:07:52 -0500] "POST /forms/lservlet;jsessionid=ac16012b30d50e3ccd2380dd497d96bdaa65c96af770.e3iSbxaKaheRe34Sa3yKbhiTahb0n6jAmljGr5XDqQLvpAe HTTP/1.1" 200 2
186.82.78.180 - - [04/Nov/2014:06:07:56 -0500] "POST /forms/lservlet;jsessionid=ac16012b30d50e3ccd2380dd497d96bdaa65c96af770.e3iSbxaKaheRe34Sa3yKbhiTahb0n6jAmljGr5XDqQLvpAe HTTP/1.1" 200 66
186.82.78.180 - - [04/Nov/2014:06:07:57 -0500] "POST /forms/lservlet;jsessionid=ac16012b30d50e3ccd2380dd497d96bdaa65c96af770.e3iSbxaKaheRe34Sa3yKbhiTahb0n6jAmljGr5XDqQLvpAe HTTP/1.1" 200 26
186.82.78.180 - - [04/Nov/2014:06:07:59 -0500] "POST /forms/lservlet;jsessionid=ac16012b30d50e3ccd2380dd497d96bdaa65c96af770.e3iSbxaKaheRe34Sa3yKbhiTahb0n6jAmljGr5XDqQLvpAe HTTP/1.1" 200 56
186.82.78.180 - - [04/Nov/2014:06:07:59 -0500] "POST /forms/lservlet;jsessionid=ac16012b30d50e3ccd2380dd497d96bdaa65c96af770.e3iSbxaKaheRe34Sa3yKbhiTahb0n6jAmljGr5XDqQLvpAe HTTP/1.1" 200 18
186.82.78.180 - - [04/Nov/2014:06:08:00 -0500] "POST /forms/lservlet;jsessionid=ac16012b30d50e3ccd2380dd497d96bdaa65c96af770.e3iSbxaKaheRe34Sa3yKbhiTahb0n6jAmljGr5XDqQLvpAe HTTP/1.1" 200 8
186.82.78.180 - - [04/Nov/2014:06:08:00 -0500] "POST /forms/lservlet;jsessionid=ac16012b30d50e3ccd2380dd497d96bdaa65c96af770.e3iSbxaKaheRe34Sa3yKbhiTahb0n6jAmljGr5XDqQLvpAe HTTP/1.1" 200 2
66.249.64.171 - - [04/Nov/2014:06:08:02 -0500] "GET /BLA/resoluciones/AUTOS%202009/1090.pdf HTTP/1.1" 200 110482
157.55.39.152 - - [04/Nov/2014:06:08:06 -0500] "GET /BLA/resoluciones/RESOLUCIONES%202009/1379.pdf HTTP/1.1" 200 691086
186.82.78.180 - - [04/Nov/2014:06:08:08 -0500] "POST /forms/lservlet;jsessionid=ac16012b30d50e3ccd2380dd497d96bdaa65c96af770.e3iSbxaKaheRe34Sa3yKbhiTahb0n6jAmljGr5XDqQLvpAe HTTP/1.1" 200 24
186.82.78.180 - - [04/Nov/2014:06:08:08 -0500] "POST /forms/lservlet;jsessionid=ac16012b30d50e3ccd2380dd497d96bdaa65c96af770.e3iSbxaKaheRe34Sa3yKbhiTahb0n6jAmljGr5XDqQLvpAe HTTP/1.1" 200 14
186.82.78.180 - - [04/Nov/2014:06:08:09 -0500] "POST /forms/lservlet;jsessionid=ac16012b30d50e3ccd2380dd497d96bdaa65c96af770.e3iSbxaKaheRe34Sa3yKbhiTahb0n6jAmljGr5XDqQLvpAe HTTP/1.1" 200 4196
186.82.78.180 - - [04/Nov/2014:06:08:10 -0500] "POST /forms/lservlet;jsessionid=ac16012b30d50e3ccd2380dd497d96bdaa65c96af770.e3iSbxaKaheRe34Sa3yKbhiTahb0n6jAmljGr5XDqQLvpAe HTTP/1.1" 200 20
186.82.78.180 - - [04/Nov/2014:06:08:14 -0500] "POST /forms/lservlet;jsessionid=ac16012b30d50e3ccd2380dd497d96bdaa65c96af770.e3iSbxaKaheRe34Sa3yKbhiTahb0n6jAmljGr5XDqQLvpAe HTTP/1.1" 200 2
186.82.78.180 - - [04/Nov/2014:06:08:14 -0500] "POST /forms/lservlet;jsessionid=ac16012b30d50e3ccd2380dd497d96bdaa65c96af770.e3iSbxaKaheRe34Sa3yKbhiTahb0n6jAmljGr5XDqQLvpAe HTTP/1.1" 200 2573
186.82.78.180 - - [04/Nov/2014:06:08:15 -0500] "POST /forms/lservlet;jsessionid=ac16012b30d50e3ccd2380dd497d96bdaa65c96af770.e3iSbxaKaheRe34Sa3yKbhiTahb0n6jAmljGr5XDqQLvpAe HTTP/1.1" 200 2
123.125.71.22 - - [04/Nov/2014:06:08:16 -0500] "GET / HTTP/1.1" 302 -
186.82.78.180 - - [04/Nov/2014:06:08:19 -0500] "POST /forms/lservlet;jsessionid=ac16012b30d50e3ccd2380dd497d96bdaa65c96af770.e3iSbxaKaheRe34Sa3yKbhiTahb0n6jAmljGr5XDqQLvpAe HTTP/1.1" 200 2
186.82.78.180 - - [04/Nov/2014:06:08:19 -0500] "POST /forms/lservlet;jsessionid=ac16012b30d50e3ccd2380dd497d96bdaa65c96af770.e3iSbxaKaheRe34Sa3yKbhiTahb0n6jAmljGr5XDqQLvpAe HTTP/1.1" 200 3639
186.82.78.180 - - [04/Nov/2014:06:08:20 -0500] "POST /forms/lservlet;jsessionid=ac16012b30d50e3ccd2380dd497d96bdaa65c96af770.e3iSbxaKaheRe34Sa3yKbhiTahb0n6jAmljGr5XDqQLvpAe HTTP/1.1" 200 2
186.82.78.180 - - [04/Nov/2014:06:08:22 -0500] "POST /forms/lservlet;jsessionid=ac16012b30d50e3ccd2380dd497d96bdaa65c96af770.e3iSbxaKaheRe34Sa3yKbhiTahb0n6jAmljGr5XDqQLvpAe HTTP/1.1" 200 2
186.82.78.180 - - [04/Nov/2014:06:08:26 -0500] "POST /forms/lservlet;jsessionid=ac16012b30d50e3ccd2380dd497d96bdaa65c96af770.e3iSbxaKaheRe34Sa3yKbhiTahb0n6jAmljGr5XDqQLvpAe HTTP/1.1" 200 2
157.55.39.151 - - [04/Nov/2014:06:08:26 -0500] "GET /BLA/resoluciones/RESOLUCIONES%202011/4716.pdf HTTP/1.1" 200 457484
186.82.78.180 - - [04/Nov/2014:06:08:26 -0500] "POST /forms/lservlet;jsessionid=ac16012b30d50e3ccd2380dd497d96bdaa65c96af770.e3iSbxaKaheRe34Sa3yKbhiTahb0n6jAmljGr5XDqQLvpAe HTTP/1.1" 200 4050
186.82.78.180 - - [04/Nov/2014:06:08:27 -0500] "POST /forms/lservlet;jsessionid=ac16012b30d50e3ccd2380dd497d96bdaa65c96af770.e3iSbxaKaheRe34Sa3yKbhiTahb0n6jAmljGr5XDqQLvpAe HTTP/1.1" 200 2
207.46.13.139 - - [04/Nov/2014:06:08:30 -0500] "GET /BLA/resoluciones/AUTOS%202010/1482.pdf HTTP/1.1" 200 261145
207.46.13.139 - - [04/Nov/2014:06:08:30 -0500] "GET /BLA/resoluciones/AUTOS%202007/0685.pdf HTTP/1.1" 200 206298
207.46.13.139 - - [04/Nov/2014:06:08:31 -0500] "GET /BLA/resoluciones/RESOLUCIONES%202009/1953.pdf HTTP/1.1" 200 597331
207.46.13.139 - - [04/Nov/2014:06:08:31 -0500] "GET /bla/resoluciones/RESOLUCIONES%202009/0335.pdf HTTP/1.1" 200 194557
186.82.78.180 - - [04/Nov/2014:06:08:32 -0500] "POST /forms/lservlet;jsessionid=ac16012b30d50e3ccd2380dd497d96bdaa65c96af770.e3iSbxaKaheRe34Sa3yKbhiTahb0n6jAmljGr5XDqQLvpAe HTTP/1.1" 200 2
207.46.13.139 - - [04/Nov/2014:06:08:33 -0500] "GET /bla/resoluciones/RESOLUCIONES%202009/8603.pdf HTTP/1.1" 200 948030
186.82.78.180 - - [04/Nov/2014:06:08:32 -0500] "POST /forms/lservlet;jsessionid=ac16012b30d50e3ccd2380dd497d96bdaa65c96af770.e3iSbxaKaheRe34Sa3yKbhiTahb0n6jAmljGr5XDqQLvpAe HTTP/1.1" 200 3399
186.82.78.180 - - [04/Nov/2014:06:08:33 -0500] "POST /forms/lservlet;jsessionid=ac16012b30d50e3ccd2380dd497d96bdaa65c96af770.e3iSbxaKaheRe34Sa3yKbhiTahb0n6jAmljGr5XDqQLvpAe HTTP/1.1" 200 2
66.249.64.171 - - [04/Nov/2014:06:08:34 -0500] "GET /BLA/resoluciones/AUTOS%202009/3371.pdf HTTP/1.1" 200 208412
186.82.78.180 - - [04/Nov/2014:06:08:35 -0500] "POST /forms/lservlet;jsessionid=ac16012b30d50e3ccd2380dd497d96bdaa65c96af770.e3iSbxaKaheRe34Sa3yKbhiTahb0n6jAmljGr5XDqQLvpAe HTTP/1.1" 200 2
157.55.39.151 - - [04/Nov/2014:06:08:36 -0500] "GET /BLA/resoluciones/Resoluciones%202011/3700.pdf HTTP/1.1" 200 553232
186.82.78.180 - - [04/Nov/2014:06:08:36 -0500] "POST /forms/lservlet;jsessionid=ac16012b30d50e3ccd2380dd497d96bdaa65c96af770.e3iSbxaKaheRe34Sa3yKbhiTahb0n6jAmljGr5XDqQLvpAe HTTP/1.1" 200 2909
186.82.78.180 - - [04/Nov/2014:06:08:37 -0500] "POST /forms/lservlet;jsessionid=ac16012b30d50e3ccd2380dd497d96bdaa65c96af770.e3iSbxaKaheRe34Sa3yKbhiTahb0n6jAmljGr5XDqQLvpAe HTTP/1.1" 200 2
186.82.78.180 - - [04/Nov/2014:06:08:38 -0500] "POST /forms/lservlet;jsessionid=ac16012b30d50e3ccd2380dd497d96bdaa65c96af770.e3iSbxaKaheRe34Sa3yKbhiTahb0n6jAmljGr5XDqQLvpAe HTTP/1.1" 200 2
186.82.78.180 - - [04/Nov/2014:06:08:39 -0500] "POST /forms/lservlet;jsessionid=ac16012b30d50e3ccd2380dd497d96bdaa65c96af770.e3iSbxaKaheRe34Sa3yKbhiTahb0n6jAmljGr5XDqQLvpAe HTTP/1.1" 200 2912
186.82.78.180 - - [04/Nov/2014:06:08:40 -0500] "POST /forms/lservlet;jsessionid=ac16012b30d50e3ccd2380dd497d96bdaa65c96af770.e3iSbxaKaheRe34Sa3yKbhiTahb0n6jAmljGr5XDqQLvpAe HTTP/1.1" 200 2
186.82.78.180 - - [04/Nov/2014:06:08:41 -0500] "POST /forms/lservlet;jsessionid=ac16012b30d50e3ccd2380dd497d96bdaa65c96af770.e3iSbxaKaheRe34Sa3yKbhiTahb0n6jAmljGr5XDqQLvpAe HTTP/1.1" 200 2
186.82.78.180 - - [04/Nov/2014:06:08:41 -0500] "POST /forms/lservlet;jsessionid=ac16012b30d50e3ccd2380dd497d96bdaa65c96af770.e3iSbxaKaheRe34Sa3yKbhiTahb0n6jAmljGr5XDqQLvpAe HTTP/1.1" 200 2829
186.82.78.180 - - [04/Nov/2014:06:08:42 -0500] "POST /forms/lservlet;jsessionid=ac16012b30d50e3ccd2380dd497d96bdaa65c96af770.e3iSbxaKaheRe34Sa3yKbhiTahb0n6jAmljGr5XDqQLvpAe HTTP/1.1" 200 2
186.82.78.180 - - [04/Nov/2014:06:08:44 -0500] "POST /forms/lservlet;jsessionid=ac16012b30d50e3ccd2380dd497d96bdaa65c96af770.e3iSbxaKaheRe34Sa3yKbhiTahb0n6jAmljGr5XDqQLvpAe HTTP/1.1" 200 2
186.82.78.180 - - [04/Nov/2014:06:08:44 -0500] "POST /forms/lservlet;jsessionid=ac16012b30d50e3ccd2380dd497d96bdaa65c96af770.e3iSbxaKaheRe34Sa3yKbhiTahb0n6jAmljGr5XDqQLvpAe HTTP/1.1" 200 3307
186.82.78.180 - - [04/Nov/2014:06:08:45 -0500] "POST /forms/lservlet;jsessionid=ac16012b30d50e3ccd2380dd497d96bdaa65c96af770.e3iSbxaKaheRe34Sa3yKbhiTahb0n6jAmljGr5XDqQLvpAe HTTP/1.1" 200 2
157.55.39.152 - - [04/Nov/2014:06:08:46 -0500] "GET /BLA/resoluciones/RESOLUCIONES%202009/0196.pdf HTTP/1.1" 200 242794
157.55.39.58 - - [04/Nov/2014:06:08:46 -0500] "GET /robots.txt HTTP/1.1" 404 1019
186.82.78.180 - - [04/Nov/2014:06:08:48 -0500] "POST /forms/lservlet;jsessionid=ac16012b30d50e3ccd2380dd497d96bdaa65c96af770.e3iSbxaKaheRe34Sa3yKbhiTahb0n6jAmljGr5XDqQLvpAe HTTP/1.1" 200 2
186.82.78.180 - - [04/Nov/2014:06:08:48 -0500] "POST /forms/lservlet;jsessionid=ac16012b30d50e3ccd2380dd497d96bdaa65c96af770.e3iSbxaKaheRe34Sa3yKbhiTahb0n6jAmljGr5XDqQLvpAe HTTP/1.1" 200 2660
186.82.78.180 - - [04/Nov/2014:06:08:49 -0500] "POST /forms/lservlet;jsessionid=ac16012b30d50e3ccd2380dd497d96bdaa65c96af770.e3iSbxaKaheRe34Sa3yKbhiTahb0n6jAmljGr5XDqQLvpAe HTTP/1.1" 200 2
157.55.39.47 - - [04/Nov/2014:06:08:50 -0500] "GET /BLA/resoluciones/AUTOS%202007/3783.pdf HTTP/1.1" 200 98278
157.55.39.47 - - [04/Nov/2014:06:08:51 -0500] "GET /BLA/resoluciones/RESOLUCIONES%202009/0783.pdf HTTP/1.1" 200 326343
157.55.39.47 - - [04/Nov/2014:06:08:51 -0500] "GET /BLA/resoluciones/RESOLUCIONES%202010/1898.pdf HTTP/1.1" 200 102502
157.55.39.47 - - [04/Nov/2014:06:08:52 -0500] "GET /BLA/resoluciones/RESOLUCIONES%202008/3842.pdf HTTP/1.1" 200 578536
157.55.39.47 - - [04/Nov/2014:06:08:52 -0500] "GET /BLA/resoluciones/Resoluciones%202011/1050.pdf HTTP/1.1" 200 273587
157.55.39.47 - - [04/Nov/2014:06:08:53 -0500] "GET /bla/resoluciones/RESOLUCIONES%202011/1366.pdf HTTP/1.1" 200 66735
157.55.39.47 - - [04/Nov/2014:06:08:53 -0500] "GET /BLA/resoluciones/Autos%202008/1653.pdf HTTP/1.1" 200 86505
157.55.39.47 - - [04/Nov/2014:06:08:53 -0500] "GET /BLA/resoluciones/AUTOS%202011/5236.pdf HTTP/1.1" 200 207650
157.55.39.47 - - [04/Nov/2014:06:08:57 -0500] "GET /BLA/resoluciones/RESOLUCIONES%202007/RES%202007%20901%20AL%201000/RESOLUCION%200971%20DE%202007.pdf HTTP/1.1" 200 319606
157.55.39.47 - - [04/Nov/2014:06:08:57 -0500] "GET /BLA/resoluciones/Resoluciones%202011/2560.pdf HTTP/1.1" 200 392286
157.55.39.47 - - [04/Nov/2014:06:08:58 -0500] "GET /BLA/resoluciones/RESOLUCIONES%202010/0307.pdf HTTP/1.1" 200 544341
186.82.78.180 - - [04/Nov/2014:06:08:59 -0500] "POST /forms/lservlet;jsessionid=ac16012b30d50e3ccd2380dd497d96bdaa65c96af770.e3iSbxaKaheRe34Sa3yKbhiTahb0n6jAmljGr5XDqQLvpAe HTTP/1.1" 200 2
186.82.78.180 - - [04/Nov/2014:06:09:00 -0500] "POST /forms/lservlet;jsessionid=ac16012b30d50e3ccd2380dd497d96bdaa65c96af770.e3iSbxaKaheRe34Sa3yKbhiTahb0n6jAmljGr5XDqQLvpAe HTTP/1.1" 200 14
207.46.13.139 - - [04/Nov/2014:06:09:01 -0500] "GET /BLA/resoluciones/RESOLUCIONES%202008/1328.pdf HTTP/1.1" 200 1208451
186.82.78.180 - - [04/Nov/2014:06:09:01 -0500] "POST /forms/lservlet;jsessionid=ac16012b30d50e3ccd2380dd497d96bdaa65c96af770.e3iSbxaKaheRe34Sa3yKbhiTahb0n6jAmljGr5XDqQLvpAe HTTP/1.1" 200 14
207.46.13.139 - - [04/Nov/2014:06:09:03 -0500] "GET /BLA/resoluciones/RESOLUCIONES%202008/2334.pdf HTTP/1.1" 200 131406
207.46.13.139 - - [04/Nov/2014:06:09:03 -0500] "GET /BLA/resoluciones/RESOLUCIONES%202009/8978.pdf HTTP/1.1" 200 474941
186.82.78.180 - - [04/Nov/2014:06:09:02 -0500] "POST /forms/lservlet;jsessionid=ac16012b30d50e3ccd2380dd497d96bdaa65c96af770.e3iSbxaKaheRe34Sa3yKbhiTahb0n6jAmljGr5XDqQLvpAe HTTP/1.1" 200 14
186.82.78.180 - - [04/Nov/2014:06:09:04 -0500] "POST /forms/lservlet;jsessionid=ac16012b30d50e3ccd2380dd497d96bdaa65c96af770.e3iSbxaKaheRe34Sa3yKbhiTahb0n6jAmljGr5XDqQLvpAe HTTP/1.1" 200 14
186.82.78.180 - - [04/Nov/2014:06:09:06 -0500] "POST /forms/lservlet;jsessionid=ac16012b30d50e3ccd2380dd497d96bdaa65c96af770.e3iSbxaKaheRe34Sa3yKbhiTahb0n6jAmljGr5XDqQLvpAe HTTP/1.1" 200 131
186.82.78.180 - - [04/Nov/2014:06:09:06 -0500] "GET /reports/rwservlet/getjobid331988?server=rep_srvapsda HTTP/1.0" 200 47676
157.55.39.152 - - [04/Nov/2014:06:09:06 -0500] "GET /bla/resoluciones/RESOLUCIONES%202011/0560.pdf HTTP/1.1" 200 66619
186.82.78.180 - - [04/Nov/2014:06:09:06 -0500] "POST /forms/lservlet;jsessionid=ac16012b30d50e3ccd2380dd497d96bdaa65c96af770.e3iSbxaKaheRe34Sa3yKbhiTahb0n6jAmljGr5XDqQLvpAe HTTP/1.1" 200 2
66.249.64.163 - - [04/Nov/2014:06:09:06 -0500] "GET /BLA/resoluciones/AUTOS%202009/1195.pdf HTTP/1.1" 200 124130
157.55.39.151 - - [04/Nov/2014:06:09:16 -0500] "GET /BLA/resoluciones/AUTOS%202009/2563.pdf HTTP/1.1" 200 114632
186.30.80.205 - - [04/Nov/2014:06:09:20 -0500] "GET /BLA/resoluciones/AUTOS%202011/0187.pdf HTTP/1.1" 200 345405
220.181.108.104 - - [04/Nov/2014:06:09:27 -0500] "GET / HTTP/1.1" 302 -
207.46.13.139 - - [04/Nov/2014:06:09:36 -0500] "GET /BLA/resoluciones/Autos%202008/1969.pdf HTTP/1.1" 200 86729
207.46.13.139 - - [04/Nov/2014:06:09:38 -0500] "GET /BLA/resoluciones/AUTOS%202007/2792.pdf HTTP/1.1" 200 137566
66.249.64.171 - - [04/Nov/2014:06:09:39 -0500] "GET /BLA/resoluciones/AUTOS%202010/1424.pdf HTTP/1.1" 200 267171
157.55.39.151 - - [04/Nov/2014:06:09:40 -0500] "GET /BLA/resoluciones/RESOLUCIONES%202009/8161.pdf HTTP/1.1" 200 495828
157.55.39.152 - - [04/Nov/2014:06:09:57 -0500] "GET /bla/resoluciones/RESOLUCIONES%202009/8275.pdf HTTP/1.1" 200 475500
157.55.39.152 - - [04/Nov/2014:06:09:58 -0500] "GET /BLA/resoluciones/AUTOS%202010/0704.pdf HTTP/1.1" 200 187933
186.82.78.180 - - [04/Nov/2014:06:10:01 -0500] "POST /forms/lservlet;jsessionid=ac16012b30d50e3ccd2380dd497d96bdaa65c96af770.e3iSbxaKaheRe34Sa3yKbhiTahb0n6jAmljGr5XDqQLvpAe HTTP/1.1" 200 2
186.82.78.180 - - [04/Nov/2014:06:10:02 -0500] "POST /forms/lservlet;jsessionid=ac16012b30d50e3ccd2380dd497d96bdaa65c96af770.e3iSbxaKaheRe34Sa3yKbhiTahb0n6jAmljGr5XDqQLvpAe HTTP/1.1" 200 116
186.82.78.180 - - [04/Nov/2014:06:10:03 -0500] "POST /forms/lservlet;jsessionid=ac16012b30d50e3ccd2380dd497d96bdaa65c96af770.e3iSbxaKaheRe34Sa3yKbhiTahb0n6jAmljGr5XDqQLvpAe HTTP/1.1" 200 2
186.82.78.180 - - [04/Nov/2014:06:10:03 -0500] "GET /reports/rwservlet/getjobid331989?server=rep_srvapsda HTTP/1.0" 200 618091
157.55.39.58 - - [04/Nov/2014:06:10:05 -0500] "GET / HTTP/1.1" 302 -
201.245.192.253 - - [04/Nov/2014:06:10:09 -0500] "GET /forest/js/inicio.js?version=1410.211635 HTTP/1.1" 304 -
66.249.64.171 - - [04/Nov/2014:06:10:11 -0500] "GET /BLA/resoluciones/AUTOS%202009/3605.pdf HTTP/1.1" 200 272485
157.55.39.151 - - [04/Nov/2014:06:10:15 -0500] "GET /BLA/resoluciones/AUTOS%202009/2185.pdf HTTP/1.1" 200 102942
157.55.39.151 - - [04/Nov/2014:06:10:16 -0500] "GET /BLA/resoluciones/RESOLUCIONES%202009/1666.pdf HTTP/1.1" 200 493351
66.249.64.171 - - [04/Nov/2014:06:10:20 -0500] "GET /BLA/resoluciones/RESOLUCIONES%202007/RES%202007%203601%20AL%203700/RESOLUCION%203653%20DE%202007.pdf HTTP/1.1" 200 640040
186.82.78.180 - - [04/Nov/2014:06:10:22 -0500] "POST /forms/lservlet;jsessionid=ac16012b30d50e3ccd2380dd497d96bdaa65c96af770.e3iSbxaKaheRe34Sa3yKbhiTahb0n6jAmljGr5XDqQLvpAe HTTP/1.1" 200 2
157.55.39.151 - - [04/Nov/2014:06:10:28 -0500] "GET /BLA/resoluciones/AUTOS%202010/4582.pdf HTTP/1.1" 200 177409
207.46.13.139 - - [04/Nov/2014:06:10:33 -0500] "GET /BLA/resoluciones/Resoluciones%202011/0451.pdf HTTP/1.1" 200 68259
207.46.13.139 - - [04/Nov/2014:06:10:33 -0500] "GET /BLA/resoluciones/RESOLUCIONES%202011/1368.pdf HTTP/1.1" 200 1405678
207.46.13.139 - - [04/Nov/2014:06:10:34 -0500] "GET /BLA/resoluciones/RESOLUCIONES%202010/3025.pdf HTTP/1.1" 200 830519
207.46.13.139 - - [04/Nov/2014:06:10:34 -0500] "GET /BLA/resoluciones/RESOLUCIONES%202008/0585.pdf HTTP/1.1" 200 613348
207.46.13.139 - - [04/Nov/2014:06:10:35 -0500] "GET /BLA/resoluciones/RESOLUCIONES%202010/0011.pdf HTTP/1.1" 200 502895
207.46.13.139 - - [04/Nov/2014:06:10:36 -0500] "GET /BLA/resoluciones/AUTOS%202009/1357.pdf HTTP/1.1" 200 96369
66.249.64.167 - - [04/Nov/2014:06:10:43 -0500] "GET /BLA/resoluciones/AUTOS%202009/1737.pdf HTTP/1.1" 200 100373
207.46.13.139 - - [04/Nov/2014:06:11:05 -0500] "GET /BLA/resoluciones/AUTOS%202009/0338.pdf HTTP/1.1" 200 99891
207.46.13.139 - - [04/Nov/2014:06:11:06 -0500] "GET /bla/resoluciones/RESOLUCIONES%202009/7377.pdf HTTP/1.1" 200 957781
207.46.13.139 - - [04/Nov/2014:06:11:07 -0500] "GET /bla/resoluciones/RESOLUCIONES%202011/0215.pdf HTTP/1.1" 200 231095
207.46.13.139 - - [04/Nov/2014:06:11:07 -0500] "GET /BLA/resoluciones/RESOLUCIONES%202011/1659.pdf HTTP/1.1" 200 350989
66.249.64.171 - - [04/Nov/2014:06:11:16 -0500] "GET /BLA/resoluciones/RESOLUCIONES%202005/INDEX.DAT HTTP/1.1" 200 2000
201.244.197.68 - - [04/Nov/2014:06:11:21 -0500] "GET /forest/session.jsp?a=0.060031893430277705 HTTP/1.1" 200 4
157.55.39.151 - - [04/Nov/2014:06:11:25 -0500] "GET /BLA/resoluciones/RESOLUCIONES%202008/5605.pdf HTTP/1.1" 200 249433
186.82.78.180 - - [04/Nov/2014:06:11:29 -0500] "POST /forms/lservlet;jsessionid=ac16012b30d50e3ccd2380dd497d96bdaa65c96af770.e3iSbxaKaheRe34Sa3yKbhiTahb0n6jAmljGr5XDqQLvpAe HTTP/1.1" 200 101
74.86.158.107 - - [04/Nov/2014:06:11:36 -0500] "HEAD / HTTP/1.1" 302 -
66.249.64.171 - - [04/Nov/2014:06:11:48 -0500] "GET /BLA/resoluciones/RESOLUCIONES%202010/1990.pdf HTTP/1.1" 200 336070
157.55.39.47 - - [04/Nov/2014:06:12:00 -0500] "GET /bla/resoluciones/RESOLUCIONES%202009/8864.pdf HTTP/1.1" 200 346017
157.55.39.47 - - [04/Nov/2014:06:12:01 -0500] "GET /bla/resoluciones/RESOLUCIONES%202011/1427.pdf HTTP/1.1" 200 64967
207.46.13.139 - - [04/Nov/2014:06:12:01 -0500] "GET /BLA/resoluciones/AUTOS%202009/2925.pdf HTTP/1.1" 200 170599
157.55.39.47 - - [04/Nov/2014:06:12:01 -0500] "GET /BLA/resoluciones/RESOLUCIONES%202008/2490.pdf HTTP/1.1" 200 314987
157.55.39.47 - - [04/Nov/2014:06:12:02 -0500] "GET /BLA/resoluciones/AUTOS%202009/0286.pdf HTTP/1.1" 200 120947
157.55.39.46 - - [04/Nov/2014:06:12:02 -0500] "GET /BLA/resoluciones/Resoluciones%202011/2880.pdf HTTP/1.1" 200 760002
207.46.13.139 - - [04/Nov/2014:06:12:06 -0500] "GET /BLA/resoluciones/RESOLUCIONES%202011/4241.pdf HTTP/1.1" 200 633694
207.46.13.139 - - [04/Nov/2014:06:12:06 -0500] "GET /BLA/resoluciones/AUTOS%202007/1471.pdf HTTP/1.1" 200 76189
207.46.13.139 - - [04/Nov/2014:06:12:07 -0500] "GET /BLA/resoluciones/AUTOS%202011/4507.pdf HTTP/1.1" 200 235597
66.249.64.163 - - [04/Nov/2014:06:12:20 -0500] "GET /BLA/resoluciones/AUTOS%202007/0731.pdf HTTP/1.1" 200 21562
186.82.78.180 - - [04/Nov/2014:06:12:23 -0500] "POST /forms/lservlet;jsessionid=ac16012b30d50e3ccd2380dd497d96bdaa65c96af770.e3iSbxaKaheRe34Sa3yKbhiTahb0n6jAmljGr5XDqQLvpAe HTTP/1.1" 200 2
157.55.39.151 - - [04/Nov/2014:06:12:27 -0500] "GET /BLA/resoluciones/RESOLUCIONES%202010/3109.pdf HTTP/1.1" 200 548041
157.55.39.151 - - [04/Nov/2014:06:12:44 -0500] "GET /BLA/resoluciones/RESOLUCIONES%202009/1933.pdf HTTP/1.1" 200 403322
207.46.13.139 - - [04/Nov/2014:06:12:50 -0500] "GET /BLA/resoluciones/AUTOS%202009/2044.pdf HTTP/1.1" 200 187858
207.46.13.139 - - [04/Nov/2014:06:12:51 -0500] "GET /BLA/resoluciones/RESOLUCIONES%202007/RES%202007%20201%20AL%20300/RESOLUCION%200228%20DE%202007.pdf HTTP/1.1" 200 276461
66.249.64.171 - - [04/Nov/2014:06:12:53 -0500] "GET /BLA/resoluciones/AUTOS%202009/3591.pdf HTTP/1.1" 200 209123
66.249.64.167 - - [04/Nov/2014:06:13:04 -0500] "GET /BLA/resoluciones/RESOLUCIONES%202003/RES%202003%201551-1601/20031564.tif HTTP/1.1" 200 112428
66.249.64.171 - - [04/Nov/2014:06:13:09 -0500] "GET /BLA/resoluciones/AUTOS%202009/2712.pdf HTTP/1.1" 200 95063
157.55.39.151 - - [04/Nov/2014:06:13:17 -0500] "GET /BLA/resoluciones/Resoluciones%202011/1540.pdf HTTP/1.1" 200 76683
157.55.39.151 - - [04/Nov/2014:06:13:20 -0500] "GET /bla/resoluciones/RESOLUCIONES%202011/3834.pdf HTTP/1.1" 200 1061937
187.175.165.124 - - [04/Nov/2014:06:13:24 -0500] "GET /BLA/boletinlegal/js/jquery.scrollShow.js HTTP/1.1" 200 4586
187.175.165.124 - - [04/Nov/2014:06:13:24 -0500] "GET /BLA/boletinlegal/js/jquery.js HTTP/1.1" 200 57254
187.175.165.124 - - [04/Nov/2014:06:13:24 -0500] "GET /BLA/boletinlegal/js/jquery.scrollTo-min.js HTTP/1.1" 200 1150
66.249.64.171 - - [04/Nov/2014:06:13:25 -0500] "GET /BLA/resoluciones/AUTOS%202009/2932.pdf HTTP/1.1" 200 105940
157.55.39.151 - - [04/Nov/2014:06:13:28 -0500] "GET /BLA/resoluciones/RESOLUCIONES%202010/3671.pdf HTTP/1.1" 200 561867
157.55.39.151 - - [04/Nov/2014:06:13:29 -0500] "GET /BLA/resoluciones/Autos%202008/2567.pdf HTTP/1.1" 200 102736
180.76.6.133 - - [04/Nov/2014:06:13:38 -0500] "GET /BLA/resoluciones/RESOLUCIONES%202007/RES%202007%203801%20AL%203900/RESOLUCION%203892%20DE%202007.pdf HTTP/1.1" 200 542503
207.46.13.139 - - [04/Nov/2014:06:13:48 -0500] "GET /BLA/resoluciones/RESOLUCIONES%202009/0391.pdf HTTP/1.1" 200 350606
207.46.13.139 - - [04/Nov/2014:06:13:49 -0500] "GET /BLA/resoluciones/Resoluciones%202011/5045.pdf HTTP/1.1" 200 466667
207.46.13.139 - - [04/Nov/2014:06:13:49 -0500] "GET /BLA/resoluciones/Resoluciones%202011/2032.pdf HTTP/1.1" 200 516328
157.55.39.152 - - [04/Nov/2014:06:13:50 -0500] "GET /bla/resoluciones/RESOLUCIONES%202009/8386.pdf HTTP/1.1" 200 433995
157.55.39.152 - - [04/Nov/2014:06:13:51 -0500] "GET /BLA/resoluciones/Resoluciones%202011/4167.pdf HTTP/1.1" 200 771180
157.55.39.152 - - [04/Nov/2014:06:13:51 -0500] "GET /bla/resoluciones/RESOLUCIONES%202009/9071.pdf HTTP/1.1" 200 528323
157.55.39.47 - - [04/Nov/2014:06:13:56 -0500] "GET /BLA/resoluciones/AUTOS%202011/3385.pdf HTTP/1.1" 200 232533
157.55.39.47 - - [04/Nov/2014:06:13:56 -0500] "GET /BLA/resoluciones/RESOLUCIONES%202011/5838.pdf HTTP/1.1" 200 416739
157.55.39.47 - - [04/Nov/2014:06:13:57 -0500] "GET /BLA/resoluciones/RESOLUCIONES%202012/0411.pdf HTTP/1.1" 200 587258
157.55.39.47 - - [04/Nov/2014:06:13:57 -0500] "GET /bla/resoluciones/RESOLUCIONES%202011/1545.pdf HTTP/1.1" 200 69707
66.249.64.163 - - [04/Nov/2014:06:13:57 -0500] "GET /BLA/resoluciones/AUTOS%202009/1806.pdf HTTP/1.1" 200 346960
157.55.39.47 - - [04/Nov/2014:06:13:58 -0500] "GET /bla/resoluciones/RESOLUCIONES%202009/9842.pdf HTTP/1.1" 200 336004
157.55.39.47 - - [04/Nov/2014:06:13:58 -0500] "GET /BLA/resoluciones/RESOLUCIONES%202010/2505.pdf HTTP/1.1" 200 328626
157.55.39.47 - - [04/Nov/2014:06:13:58 -0500] "GET /BLA/resoluciones/RESOLUCIONES%202011/0039.pdf HTTP/1.1" 200 555426
157.55.39.47 - - [04/Nov/2014:06:13:59 -0500] "GET /BLA/resoluciones/AUTOS%202009/1288.pdf HTTP/1.1" 200 295794
157.55.39.47 - - [04/Nov/2014:06:13:59 -0500] "GET /BLA/resoluciones/AUTOS%202007/3400.pdf HTTP/1.1" 200 195299
157.55.39.47 - - [04/Nov/2014:06:14:00 -0500] "GET /BLA/resoluciones/RESOLUCIONES%202012/1555.pdf HTTP/1.1" 200 3303513
157.55.39.47 - - [04/Nov/2014:06:14:01 -0500] "GET /BLA/resoluciones/RESOLUCIONES%202009/9834.pdf HTTP/1.1" 200 559505
157.55.39.47 - - [04/Nov/2014:06:14:01 -0500] "GET /BLA/resoluciones/RESOLUCIONES%202011/2285.pdf HTTP/1.1" 200 280335
157.55.39.47 - - [04/Nov/2014:06:14:01 -0500] "GET /BLA/resoluciones/RESOLUCIONES%202009/8309.pdf HTTP/1.1" 200 435352
157.55.39.47 - - [04/Nov/2014:06:14:02 -0500] "GET /BLA/resoluciones/RESOLUCIONES%202010/4468.pdf HTTP/1.1" 200 533090
157.55.39.47 - - [04/Nov/2014:06:14:02 -0500] "GET /bla/resoluciones/RESOLUCIONES%202011/0398.pdf HTTP/1.1" 200 312272
157.55.39.46 - - [04/Nov/2014:06:14:03 -0500] "GET /BLA/resoluciones/RESOLUCIONES%202010/0462.pdf HTTP/1.1" 200 103782
157.55.39.151 - - [04/Nov/2014:06:14:12 -0500] "GET /BLA/resoluciones/RESOLUCIONES%202010/7235.pdf HTTP/1.1" 200 399525
157.55.39.151 - - [04/Nov/2014:06:14:12 -0500] "GET /bla/resoluciones/RESOLUCIONES%202009/9480.pdf HTTP/1.1" 200 353750
157.55.39.151 - - [04/Nov/2014:06:14:13 -0500] "GET /BLA/resoluciones/Autos%202008/2543.pdf HTTP/1.1" 200 87632
