207.46.13.139 - - [04/Nov/2014:02:16:24 -0500] "GET /BLA/resoluciones/RESOLUCIONES%202009/7673.pdf HTTP/1.1" 200 498597
66.249.64.39 - - [04/Nov/2014:02:16:33 -0500] "GET /PruebasSTORM/StormSDA_pruebas/userFiles/user_files/formulas/3/246.xml HTTP/1.1" 200 790
157.55.39.151 - - [04/Nov/2014:02:16:34 -0500] "GET /BLA/resoluciones/RESOLUCIONES%202009/7777.pdf HTTP/1.1" 200 496457
157.55.39.151 - - [04/Nov/2014:02:16:34 -0500] "GET /BLA/resoluciones/Resoluciones%202011/0559.pdf HTTP/1.1" 200 76675
74.86.158.107 - - [04/Nov/2014:02:16:37 -0500] "HEAD / HTTP/1.1" 302 -
188.165.15.23 - - [04/Nov/2014:02:16:37 -0500] "GET /BLA/resoluciones/RESOLUCIONES%202002/RES%202002%2051-100/2002RES80.tif HTTP/1.1" 200 68930
66.249.85.75 - - [04/Nov/2014:02:16:58 -0500] "GET /sig/MECI/DOCUMENTOS/Informe%20de%20Gestion/INFORME%20DE%20GESTION%202008%202010VersionFinal.pdf HTTP/1.1" 404 1018
66.249.64.47 - - [04/Nov/2014:02:17:05 -0500] "GET /PruebasSTORM/StormSDA_pruebas/userFiles/user_files/formulas/3/688.xml HTTP/1.1" 200 961
157.55.39.152 - - [04/Nov/2014:02:17:09 -0500] "GET /BLA/resoluciones/Autos%202008/0259.pdf HTTP/1.1" 200 94678
157.55.39.151 - - [04/Nov/2014:02:17:10 -0500] "GET /BLA/resoluciones/Resoluciones%202011/6222.pdf HTTP/1.1" 200 1271808
157.55.39.151 - - [04/Nov/2014:02:17:10 -0500] "GET /BLA/resoluciones/RESOLUCIONES%202009/0612.pdf HTTP/1.1" 200 299550
207.46.13.139 - - [04/Nov/2014:02:17:15 -0500] "GET /BLA/resoluciones/AUTOS%202007/1799.pdf HTTP/1.1" 200 32106
66.249.64.39 - - [04/Nov/2014:02:17:29 -0500] "GET /Autoliquidacion/index.php?dir=TR%C1MITES%20MINER%CDA/&sort=size&order=desc HTTP/1.1" 200 2839
157.55.39.151 - - [04/Nov/2014:02:17:31 -0500] "GET /bla/resoluciones/RESOLUCIONES%202011/1654.pdf HTTP/1.1" 200 66919
157.55.39.151 - - [04/Nov/2014:02:17:31 -0500] "GET /BLA/resoluciones/AUTOS%202009/0766.pdf HTTP/1.1" 200 175472
157.55.39.151 - - [04/Nov/2014:02:17:34 -0500] "GET /bla/resoluciones/RESOLUCIONES%202009/7817.pdf HTTP/1.1" 200 492387
66.249.64.167 - - [04/Nov/2014:02:17:36 -0500] "GET /BLA/resoluciones/RESOLUCIONES%202011/3515.pdf HTTP/1.1" 200 504787
66.249.64.47 - - [04/Nov/2014:02:17:37 -0500] "GET /PruebasSTORM/StormSDA_pruebas/userFiles/user_files/formulas/2/13.xml HTTP/1.1" 200 860
207.46.13.139 - - [04/Nov/2014:02:17:40 -0500] "GET /bla/resoluciones/RESOLUCIONES%202011/0056.pdf HTTP/1.1" 200 363108
157.55.39.254 - - [04/Nov/2014:02:17:47 -0500] "GET /BLA/resoluciones/RESOLUCIONES%202008/1091.pdf HTTP/1.1" 200 185068
157.55.39.254 - - [04/Nov/2014:02:17:47 -0500] "GET /BLA/resoluciones/AUTOS%202011/0945.pdf HTTP/1.1" 200 220692
157.55.39.152 - - [04/Nov/2014:02:17:52 -0500] "GET /BLA/resoluciones/AUTOS%202007/1066.pdf HTTP/1.1" 200 401396
157.55.39.254 - - [04/Nov/2014:02:17:53 -0500] "GET /BLA/resoluciones/AUTOS%202010/5245.pdf HTTP/1.1" 200 251025
157.55.39.152 - - [04/Nov/2014:02:17:54 -0500] "GET /bla/resoluciones/RESOLUCIONES%202009/0974.pdf HTTP/1.1" 200 273583
188.165.15.205 - - [04/Nov/2014:02:18:05 -0500] "GET /BLA/resoluciones/RESOLUCIONES%202005/RES%202005%20351-400/00000387.tif HTTP/1.1" 200 238484
207.46.13.139 - - [04/Nov/2014:02:18:08 -0500] "GET /BLA/resoluciones/RESOLUCIONES%202008/1419.pdf HTTP/1.1" 200 313940
207.46.13.139 - - [04/Nov/2014:02:18:09 -0500] "GET /BLA/resoluciones/RESOLUCIONES%202011/4307.pdf HTTP/1.1" 200 159537
180.76.5.71 - - [04/Nov/2014:02:18:16 -0500] "GET /BLA/resoluciones/RESOLUCIONES%202009/1010.pdf HTTP/1.1" 200 277443
207.46.13.139 - - [04/Nov/2014:02:18:29 -0500] "GET /BLA/resoluciones/RESOLUCIONES%202011/5638.pdf HTTP/1.1" 200 802454
207.46.13.139 - - [04/Nov/2014:02:18:30 -0500] "GET /bla/resoluciones/RESOLUCIONES%202009/9769.pdf HTTP/1.1" 200 270767
157.55.39.151 - - [04/Nov/2014:02:18:34 -0500] "GET /bla/resoluciones/RESOLUCIONES%202009/1362.pdf HTTP/1.1" 200 429802
66.249.64.47 - - [04/Nov/2014:02:18:42 -0500] "GET /PruebasSTORM/StormSDA_pruebas/userFiles/user_files/formulas/3/8.xml HTTP/1.1" 200 1092
157.55.39.152 - - [04/Nov/2014:02:18:44 -0500] "GET /BLA/resoluciones/AUTOS%202007/0094.pdf HTTP/1.1" 200 46980
157.55.39.58 - - [04/Nov/2014:02:18:45 -0500] "GET /dama/libreria/php/frame_detalle.php?h_id=546&patron=01.0301 HTTP/1.1" 404 1015
157.55.39.152 - - [04/Nov/2014:02:18:45 -0500] "GET /BLA/resoluciones/AUTOS%202011/7322.pdf HTTP/1.1" 200 143923
111.254.126.195 - - [04/Nov/2014:02:18:50 -0500] "GET /auntentica.txt HTTP/1.1" 404 1019
180.76.6.231 - - [04/Nov/2014:02:19:12 -0500] "GET /BLA/resoluciones/RESOLUCIONES%202007/RES%202007%20601%20AL%20700/RESOLUCION%200601%20DE%202007.pdf HTTP/1.1" 200 244671
66.249.64.39 - - [04/Nov/2014:02:19:14 -0500] "GET /PruebasSTORM/StormSDA_pruebas/userFiles/user_files/formulas/3/565.xml HTTP/1.1" 200 1005
207.46.13.139 - - [04/Nov/2014:02:19:34 -0500] "GET /bla/resoluciones/RESOLUCIONES%202009/0246.pdf HTTP/1.1" 200 751037
157.55.39.151 - - [04/Nov/2014:02:19:43 -0500] "GET /BLA/resoluciones/Autos%202008/2533.pdf HTTP/1.1" 200 97496
66.249.64.47 - - [04/Nov/2014:02:19:47 -0500] "GET /PruebasSTORM/StormSDA_pruebas/userFiles/user_files/formulas/3/701.xml HTTP/1.1" 200 979
157.55.39.152 - - [04/Nov/2014:02:19:49 -0500] "GET /BLA/resoluciones/RESOLUCIONES%202010/3894.pdf HTTP/1.1" 200 700616
157.55.39.152 - - [04/Nov/2014:02:19:49 -0500] "GET /BLA/resoluciones/Resoluciones%202011/3489.pdf HTTP/1.1" 200 336946
157.55.39.152 - - [04/Nov/2014:02:19:57 -0500] "GET /BLA/resoluciones/RESOLUCIONES%202010/6829.pdf HTTP/1.1" 200 468116
157.55.39.152 - - [04/Nov/2014:02:19:58 -0500] "GET /BLA/resoluciones/Autos%202008/1619.pdf HTTP/1.1" 200 64495
157.55.39.152 - - [04/Nov/2014:02:20:00 -0500] "GET /BLA/resoluciones/RESOLUCIONES%202010/3563.pdf HTTP/1.1" 200 737537
180.76.5.173 - - [04/Nov/2014:02:20:08 -0500] "GET /BLA/resoluciones/RESOLUCIONES%202007/RES%202007%204101%20AL%204200/RESOLUCION%204179%20DE%202007.pdf HTTP/1.1" 200 1763306
207.46.13.139 - - [04/Nov/2014:02:20:14 -0500] "GET /BLA/resoluciones/RESOLUCIONES%202011/4142.pdf HTTP/1.1" 200 560916
207.46.13.139 - - [04/Nov/2014:02:20:15 -0500] "GET /BLA/resoluciones/AUTOS%202009/1782.pdf HTTP/1.1" 200 98427
207.46.13.139 - - [04/Nov/2014:02:20:15 -0500] "GET /BLA/resoluciones/AUTOS%202007/2934.pdf HTTP/1.1" 200 187455
66.249.64.167 - - [04/Nov/2014:02:20:17 -0500] "GET /BLA/resoluciones/AUTOS%202013/0190.pdf HTTP/1.1" 200 3325531
157.55.39.151 - - [04/Nov/2014:02:20:19 -0500] "GET /BLA/resoluciones/Resoluciones%202011/0861.pdf HTTP/1.1" 200 203035
157.55.39.151 - - [04/Nov/2014:02:20:20 -0500] "GET /BLA/resoluciones/Autos%202008/1852.pdf HTTP/1.1" 200 171365
157.55.39.151 - - [04/Nov/2014:02:20:21 -0500] "GET /BLA/resoluciones/RESOLUCIONES%202011/2812.pdf HTTP/1.1" 200 210238
207.46.13.139 - - [04/Nov/2014:02:20:23 -0500] "GET /BLA/resoluciones/AUTOS%202011/3008.pdf HTTP/1.1" 200 156787
207.46.13.139 - - [04/Nov/2014:02:20:24 -0500] "GET /BLA/resoluciones/RESOLUCIONES%202010/2833.pdf HTTP/1.1" 200 214187
207.46.13.139 - - [04/Nov/2014:02:20:28 -0500] "GET /BLA/resoluciones/RESOLUCIONES%202008/3410.pdf HTTP/1.1" 200 348467
207.46.13.139 - - [04/Nov/2014:02:20:47 -0500] "GET /BLA/resoluciones/Resoluciones%202011/6971.pdf HTTP/1.1" 200 637749
207.46.13.139 - - [04/Nov/2014:02:20:52 -0500] "GET /BLA/resoluciones/RESOLUCIONES%202011/5258.pdf HTTP/1.1" 200 527690
207.46.13.139 - - [04/Nov/2014:02:20:58 -0500] "GET /BLA/resoluciones/Resoluciones%202011/1851.pdf HTTP/1.1" 200 1359083
180.76.6.130 - - [04/Nov/2014:02:21:04 -0500] "GET /BLA/resoluciones/RESOLUCIONES%202009/2246.pdf HTTP/1.1" 200 326401
207.46.13.139 - - [04/Nov/2014:02:21:08 -0500] "GET /BLA/resoluciones/RESOLUCIONES%202011/5017.pdf HTTP/1.1" 200 420931
123.125.71.27 - - [04/Nov/2014:02:21:10 -0500] "GET / HTTP/1.1" 302 -
207.46.13.139 - - [04/Nov/2014:02:21:12 -0500] "GET /BLA/resoluciones/AUTOS%202011/3231.pdf HTTP/1.1" 200 342142
157.55.39.151 - - [04/Nov/2014:02:21:18 -0500] "GET /BLA/resoluciones/Resoluciones%202011/5611.pdf HTTP/1.1" 200 416468
66.249.64.167 - - [04/Nov/2014:02:21:20 -0500] "GET /BLA/resoluciones/RESOLUCIONES%202012/1098.pdf HTTP/1.1" 200 535475
207.46.13.139 - - [04/Nov/2014:02:21:22 -0500] "GET /BLA/resoluciones/RESOLUCIONES%202007/RES%202007%20301%20AL%20400/RESOLUCION%200310%20DE%202007.pdf HTTP/1.1" 200 174861
207.46.13.139 - - [04/Nov/2014:02:21:28 -0500] "GET /BLA/resoluciones/AUTOS%202007/2077.pdf HTTP/1.1" 200 82842
207.46.13.139 - - [04/Nov/2014:02:21:29 -0500] "GET /BLA/resoluciones/RESOLUCIONES%202009/0532.pdf HTTP/1.1" 200 140161
74.86.158.107 - - [04/Nov/2014:02:21:37 -0500] "HEAD / HTTP/1.1" 302 -
157.55.39.152 - - [04/Nov/2014:02:21:49 -0500] "GET /BLA/resoluciones/Autos%202008/1349.pdf HTTP/1.1" 200 66040
66.249.64.171 - - [04/Nov/2014:02:21:50 -0500] "GET /BLA/resoluciones/AUTOS%202009/0562.pdf HTTP/1.1" 200 125297
66.249.64.167 - - [04/Nov/2014:02:21:51 -0500] "GET /BLA/resoluciones/RESOLUCIONES%202005/RES%202005%203051-3100/00003059.tif HTTP/1.1" 200 131220
66.249.64.163 - - [04/Nov/2014:02:21:52 -0500] "GET /Residuos/lavanderias/images/page35.swf HTTP/1.1" 404 1018
157.55.39.152 - - [04/Nov/2014:02:21:53 -0500] "GET /bla/resoluciones/RESOLUCIONES%202009/0844.pdf HTTP/1.1" 200 320613
188.165.15.169 - - [04/Nov/2014:02:21:54 -0500] "GET /BLA/resoluciones/RESOLUCIONES%202005/RES%202005%201551-1600/00001566.tif HTTP/1.1" 200 322700
66.249.64.39 - - [04/Nov/2014:02:21:56 -0500] "GET /BLA/boletinlegal/jurisprudencia/analisis/CUADRO%20ANALISIS%20SENTENCIA%20T-411%20DE%201992.doc HTTP/1.1" 304 -
66.249.64.163 - - [04/Nov/2014:02:22:02 -0500] "GET /Residuos/lavanderias/files/search/search92.xml HTTP/1.1" 404 1018
220.181.108.104 - - [04/Nov/2014:02:22:13 -0500] "GET / HTTP/1.1" 302 -
157.55.39.151 - - [04/Nov/2014:02:22:19 -0500] "GET /BLA/resoluciones/AUTOS%202007/0544.pdf HTTP/1.1" 200 231291
207.46.13.139 - - [04/Nov/2014:02:22:40 -0500] "GET /bla/resoluciones/RESOLUCIONES%202009/0755.pdf HTTP/1.1" 200 318987
207.46.13.139 - - [04/Nov/2014:02:22:41 -0500] "GET /BLA/resoluciones/Autos%202008/1988.pdf HTTP/1.1" 200 115665
207.46.13.139 - - [04/Nov/2014:02:22:41 -0500] "GET /BLA/resoluciones/RESOLUCIONES%202008/3024.pdf HTTP/1.1" 200 383600
207.46.13.139 - - [04/Nov/2014:02:22:42 -0500] "GET /BLA/resoluciones/RESOLUCIONES%202008/2567.pdf HTTP/1.1" 200 369960
207.46.13.139 - - [04/Nov/2014:02:22:42 -0500] "GET /bla/resoluciones/RESOLUCIONES%202009/9572.pdf HTTP/1.1" 200 388118
188.165.15.192 - - [04/Nov/2014:02:22:53 -0500] "GET /BLA/resoluciones/RESOLUCIONES%202005/RES%202005%202001-2050/00002008.tif HTTP/1.1" 200 177166
66.249.64.163 - - [04/Nov/2014:02:22:57 -0500] "GET /BLA/resoluciones/RESOLUCIONES%202009/2489.pdf HTTP/1.1" 200 255895
157.55.39.152 - - [04/Nov/2014:02:23:04 -0500] "GET /BLA/resoluciones/RESOLUCIONES%202009/1958.pdf HTTP/1.1" 200 582987
157.55.39.152 - - [04/Nov/2014:02:23:05 -0500] "GET /BLA/resoluciones/RESOLUCIONES%202010/1036.pdf HTTP/1.1" 200 108090
207.46.13.139 - - [04/Nov/2014:02:23:09 -0500] "GET /BLA/resoluciones/Resoluciones%202011/1574.pdf HTTP/1.1" 200 67521
207.46.13.139 - - [04/Nov/2014:02:23:48 -0500] "GET /BLA/resoluciones/RESOLUCIONES%202010/6426.pdf HTTP/1.1" 200 552982
180.76.6.29 - - [04/Nov/2014:02:23:49 -0500] "GET /BLA/resoluciones/RESOLUCIONES%202009/0021.pdf HTTP/1.1" 200 218200
207.46.13.139 - - [04/Nov/2014:02:23:57 -0500] "GET /BLA/resoluciones/RESOLUCIONES%202009/7533.pdf HTTP/1.1" 200 536658
207.46.13.139 - - [04/Nov/2014:02:24:08 -0500] "GET /BLA/resoluciones/AUTOS%202011/4370.pdf HTTP/1.1" 200 241413
66.249.64.171 - - [04/Nov/2014:02:24:13 -0500] "GET /Residuos/metalmecanica/metalmecanica.html HTTP/1.1" 404 1018
157.55.39.151 - - [04/Nov/2014:02:24:20 -0500] "GET /bla/resoluciones/RESOLUCIONES%202009/8619.pdf HTTP/1.1" 200 121626
157.55.39.151 - - [04/Nov/2014:02:24:32 -0500] "GET /bla/resoluciones/RESOLUCIONES%202009/1401.pdf HTTP/1.1" 200 184905
157.55.39.151 - - [04/Nov/2014:02:24:33 -0500] "GET /BLA/resoluciones/RESOLUCIONES%202008/2426.pdf HTTP/1.1" 200 189769
157.55.39.151 - - [04/Nov/2014:02:24:34 -0500] "GET /bla/resoluciones/RESOLUCIONES%202009/0926.pdf HTTP/1.1" 200 467575
157.55.39.151 - - [04/Nov/2014:02:24:34 -0500] "GET /BLA/resoluciones/RESOLUCIONES%202012/1648.pdf HTTP/1.1" 200 796453
207.46.13.139 - - [04/Nov/2014:02:24:38 -0500] "GET /BLA/resoluciones/RESOLUCIONES%202011/1103.pdf HTTP/1.1" 200 250186
207.46.13.139 - - [04/Nov/2014:02:24:39 -0500] "GET /BLA/resoluciones/RESOLUCIONES%202009/7752.pdf HTTP/1.1" 200 355270
207.46.13.139 - - [04/Nov/2014:02:25:07 -0500] "GET /BLA/resoluciones/AUTOS%202007/0063.pdf HTTP/1.1" 200 47747
207.46.13.139 - - [04/Nov/2014:02:25:12 -0500] "GET /bla/resoluciones/RESOLUCIONES%202009/0474.pdf HTTP/1.1" 200 264530
157.55.39.151 - - [04/Nov/2014:02:25:15 -0500] "GET /BLA/resoluciones/RESOLUCIONES%202008/2408.pdf HTTP/1.1" 200 197036
157.55.39.151 - - [04/Nov/2014:02:25:16 -0500] "GET /BLA/resoluciones/AUTOS%202009/1736.pdf HTTP/1.1" 200 99750
207.46.13.139 - - [04/Nov/2014:02:25:20 -0500] "GET /BLA/resoluciones/RESOLUCIONES%202008/2609.pdf HTTP/1.1" 200 140402
207.46.13.139 - - [04/Nov/2014:02:25:20 -0500] "GET /bla/resoluciones/RESOLUCIONES%202011/1164.pdf HTTP/1.1" 200 268654
207.46.13.139 - - [04/Nov/2014:02:25:21 -0500] "GET /BLA/resoluciones/RESOLUCIONES%202008/4382.pdf HTTP/1.1" 200 39294
207.46.13.139 - - [04/Nov/2014:02:25:38 -0500] "GET /BLA/resoluciones/AUTOS%202011/3334.pdf HTTP/1.1" 200 218325
207.46.13.139 - - [04/Nov/2014:02:25:38 -0500] "GET /BLA/resoluciones/RESOLUCIONES%202009/1944.pdf HTTP/1.1" 200 414515
207.46.13.139 - - [04/Nov/2014:02:25:48 -0500] "GET /BLA/resoluciones/AUTOS%202010/4606.pdf HTTP/1.1" 200 401261
207.46.13.139 - - [04/Nov/2014:02:25:49 -0500] "GET /BLA/resoluciones/RESOLUCIONES%202009/9799.pdf HTTP/1.1" 200 716156
157.55.39.152 - - [04/Nov/2014:02:26:01 -0500] "GET /BLA/resoluciones/RESOLUCIONES%202008/5554.pdf HTTP/1.1" 200 57590
207.46.13.139 - - [04/Nov/2014:02:26:21 -0500] "GET /bla/resoluciones/RESOLUCIONES%202011/0904.pdf HTTP/1.1" 200 385148
207.46.13.139 - - [04/Nov/2014:02:26:23 -0500] "GET /BLA/resoluciones/RESOLUCIONES%202010/1204.pdf HTTP/1.1" 200 112052
74.86.158.107 - - [04/Nov/2014:02:26:37 -0500] "HEAD / HTTP/1.1" 302 -
207.46.13.139 - - [04/Nov/2014:02:26:53 -0500] "GET /bla/resoluciones/RESOLUCIONES%202009/9189.pdf HTTP/1.1" 200 56016
207.46.13.139 - - [04/Nov/2014:02:26:53 -0500] "GET /BLA/resoluciones/RESOLUCIONES%202009/0748.pdf HTTP/1.1" 200 233606
207.46.13.139 - - [04/Nov/2014:02:26:54 -0500] "GET /BLA/resoluciones/Resoluciones%202011/5357.pdf HTTP/1.1" 200 567904
190.159.144.138 - - [04/Nov/2014:02:27:05 -0500] "GET /forest/login.do HTTP/1.1" 200 12486
66.249.64.163 - - [04/Nov/2014:02:27:11 -0500] "GET /BLA/resoluciones/RESOLUCIONES%202007/RES%202007%201726%20AL%201800/RESOLUCION%201771%20DE%202007.pdf HTTP/1.1" 200 1456873
157.55.39.151 - - [04/Nov/2014:02:27:14 -0500] "GET /BLA/resoluciones/Resoluciones%202011/3780.pdf HTTP/1.1" 200 374953
180.76.5.27 - - [04/Nov/2014:02:27:16 -0500] "GET /BLA/resoluciones/index.php?dir=RESOLUCIONES%202006/RES%202006%201401-1450/&sort=size&order=asc HTTP/1.1" 200 12367
207.46.13.139 - - [04/Nov/2014:02:27:19 -0500] "GET /BLA/resoluciones/RESOLUCIONES%202010/2335.pdf HTTP/1.1" 200 188236
190.159.144.138 - - [04/Nov/2014:02:27:20 -0500] "GET /forest/login.do HTTP/1.1" 200 12486
207.46.13.139 - - [04/Nov/2014:02:27:20 -0500] "GET /BLA/resoluciones/AUTOS%202011/0128.pdf HTTP/1.1" 200 152239
157.55.39.151 - - [04/Nov/2014:02:27:36 -0500] "GET /BLA/resoluciones/RESOLUCIONES%202010/0259.pdf HTTP/1.1" 200 446925
207.46.13.139 - - [04/Nov/2014:02:27:40 -0500] "GET /BLA/resoluciones/RESOLUCIONES%202008/1940.pdf HTTP/1.1" 200 208148
207.46.13.139 - - [04/Nov/2014:02:27:41 -0500] "GET /BLA/resoluciones/AUTOS%202011/4085.pdf HTTP/1.1" 200 234685
207.46.13.139 - - [04/Nov/2014:02:27:46 -0500] "GET /BLA/resoluciones/Autos%202008/1125.pdf HTTP/1.1" 200 177319
207.46.13.139 - - [04/Nov/2014:02:27:48 -0500] "GET /BLA/resoluciones/RESOLUCIONES%202011/2113.pdf HTTP/1.1" 200 510431
207.46.13.139 - - [04/Nov/2014:02:27:49 -0500] "GET /BLA/resoluciones/Autos%202008/1823.pdf HTTP/1.1" 200 209863
188.165.15.13 - - [04/Nov/2014:02:27:53 -0500] "GET /BLA/resoluciones/RESOLUCIONES%202006/RES%202006%202651-2700/00002681.tif HTTP/1.1" 200 143540
157.55.39.152 - - [04/Nov/2014:02:28:01 -0500] "GET /BLA/resoluciones/AUTOS%202007/0553.pdf HTTP/1.1" 200 53061
207.46.13.139 - - [04/Nov/2014:02:28:11 -0500] "-" 408 -
157.55.39.151 - - [04/Nov/2014:02:28:14 -0500] "GET /BLA/resoluciones/RESOLUCIONES%202010/0530.pdf HTTP/1.1" 200 393006
157.55.39.151 - - [04/Nov/2014:02:28:15 -0500] "GET /BLA/resoluciones/RESOLUCIONES%202008/2463.pdf HTTP/1.1" 200 248933
66.249.64.163 - - [04/Nov/2014:02:28:20 -0500] "GET /BLA/resoluciones/RESOLUCIONES%202010/5950.pdf HTTP/1.1" 200 79667
207.46.13.139 - - [04/Nov/2014:02:28:27 -0500] "GET /BLA/resoluciones/RESOLUCIONES%202010/2328.pdf HTTP/1.1" 200 536089
207.46.13.139 - - [04/Nov/2014:02:28:27 -0500] "GET /BLA/resoluciones/AUTOS%202007/0037.pdf HTTP/1.1" 200 103770
207.46.13.139 - - [04/Nov/2014:02:28:29 -0500] "GET /BLA/resoluciones/RESOLUCIONES%202011/5715.pdf HTTP/1.1" 200 591366
157.55.39.151 - - [04/Nov/2014:02:28:31 -0500] "GET /bla/resoluciones/RESOLUCIONES%202011/0665.pdf HTTP/1.1" 200 70821
157.55.39.151 - - [04/Nov/2014:02:28:44 -0500] "GET /BLA/resoluciones/AUTOS%202007/2659.pdf HTTP/1.1" 200 162851
157.55.39.152 - - [04/Nov/2014:02:29:08 -0500] "GET /BLA/resoluciones/RESOLUCIONES%202009/2034.pdf HTTP/1.1" 200 1078459
157.55.39.151 - - [04/Nov/2014:02:29:10 -0500] "GET /BLA/resoluciones/AUTOS%202007/2671.pdf HTTP/1.1" 200 176787
157.55.39.151 - - [04/Nov/2014:02:29:20 -0500] "GET /BLA/resoluciones/AUTOS%202011/2452.pdf HTTP/1.1" 200 175315
157.55.39.151 - - [04/Nov/2014:02:29:24 -0500] "GET /BLA/resoluciones/AUTOS%202009/2189.pdf HTTP/1.1" 200 426062
207.46.13.139 - - [04/Nov/2014:02:29:37 -0500] "GET /BLA/resoluciones/RESOLUCIONES%202009/9164.pdf HTTP/1.1" 200 437571
207.46.13.139 - - [04/Nov/2014:02:29:41 -0500] "GET /BLA/resoluciones/RESOLUCIONES%202010/4258.pdf HTTP/1.1" 200 627618
157.55.39.151 - - [04/Nov/2014:02:29:41 -0500] "GET /BLA/resoluciones/AUTOS%202007/0170.pdf HTTP/1.1" 200 114233
157.55.39.152 - - [04/Nov/2014:02:29:43 -0500] "GET /BLA/resoluciones/RESOLUCIONES%202008/0080.pdf HTTP/1.1" 200 1365261
207.46.13.139 - - [04/Nov/2014:02:30:04 -0500] "GET /BLA/resoluciones/RESOLUCIONES%202011/2337.pdf HTTP/1.1" 200 293178
207.46.13.139 - - [04/Nov/2014:02:30:04 -0500] "GET /BLA/resoluciones/RESOLUCIONES%202009/9379.pdf HTTP/1.1" 200 106800
207.46.13.139 - - [04/Nov/2014:02:30:04 -0500] "GET /BLA/resoluciones/RESOLUCIONES%202010/4731.pdf HTTP/1.1" 200 339696
207.46.13.139 - - [04/Nov/2014:02:30:05 -0500] "GET /BLA/resoluciones/RESOLUCIONES%202008/3864.pdf HTTP/1.1" 200 112693
207.46.13.139 - - [04/Nov/2014:02:30:06 -0500] "GET /BLA/resoluciones/RESOLUCIONES%202009/1229.pdf HTTP/1.1" 200 433973
66.249.64.43 - - [04/Nov/2014:02:30:10 -0500] "-" 408 -
207.46.13.139 - - [04/Nov/2014:02:30:19 -0500] "GET /BLA/resoluciones/RESOLUCIONES%202010/?C=S;O=D HTTP/1.1" 200 593332
207.46.13.139 - - [04/Nov/2014:02:30:22 -0500] "GET /BLA/resoluciones/RESOLUCIONES%202008/0439.pdf HTTP/1.1" 200 253967
157.55.39.151 - - [04/Nov/2014:02:30:33 -0500] "GET /bla/resoluciones/RESOLUCIONES%202009/8289.pdf HTTP/1.1" 200 304143
157.55.39.151 - - [04/Nov/2014:02:30:33 -0500] "GET /BLA/resoluciones/RESOLUCIONES%202010/3183.pdf HTTP/1.1" 200 519652
157.55.39.151 - - [04/Nov/2014:02:30:34 -0500] "GET /BLA/resoluciones/Resoluciones%202011/1163.pdf HTTP/1.1" 200 259908
207.46.13.139 - - [04/Nov/2014:02:30:35 -0500] "GET /BLA/resoluciones/RESOLUCIONES%202008/4388.pdf HTTP/1.1" 200 449832
207.46.13.139 - - [04/Nov/2014:02:30:36 -0500] "GET /BLA/resoluciones/RESOLUCIONES%202010/1860.pdf HTTP/1.1" 200 404320
207.46.13.139 - - [04/Nov/2014:02:31:05 -0500] "GET /BLA/resoluciones/Autos%202008/0741.pdf HTTP/1.1" 200 56087
66.249.64.167 - - [04/Nov/2014:02:31:11 -0500] "GET /BLA/resoluciones/RESOLUCIONES%202007/RES%202007%203401%20AL%203500/RESOLUCION%203452%20DE%202007.pdf HTTP/1.1" 200 879345
157.55.39.151 - - [04/Nov/2014:02:31:11 -0500] "GET /BLA/resoluciones/AUTOS%202011/2670.pdf HTTP/1.1" 200 146703
157.55.39.151 - - [04/Nov/2014:02:31:12 -0500] "GET /BLA/resoluciones/Autos%202008/0628.pdf HTTP/1.1" 200 96069
157.55.39.151 - - [04/Nov/2014:02:31:13 -0500] "GET /BLA/resoluciones/AUTOS%202011/5961.pdf HTTP/1.1" 200 181824
66.249.64.39 - - [04/Nov/2014:02:31:19 -0500] "GET /BLA/boletinlegal/jurisprudencia/analisis/Analisis%20jurisprudencial%20Sentencia%20C-366-11.doc HTTP/1.1" 304 -
157.55.39.151 - - [04/Nov/2014:02:31:29 -0500] "GET /BLA/resoluciones/Resoluciones%202011/0040.pdf HTTP/1.1" 200 315889
74.86.158.107 - - [04/Nov/2014:02:31:37 -0500] "HEAD / HTTP/1.1" 302 -
66.249.64.39 - - [04/Nov/2014:02:31:38 -0500] "GET /BLA/boletinlegal/jurisprudencia/analisis/CUADRO%20SENTENCIA%20T-299%20DE%202008.doc HTTP/1.1" 304 -
157.55.39.151 - - [04/Nov/2014:02:31:40 -0500] "GET /bla/resoluciones/RESOLUCIONES%202011/0548.pdf HTTP/1.1" 200 69239
189.219.45.7 - - [04/Nov/2014:02:31:48 -0500] "GET /BLA/boletinlegal/js/jquery.js HTTP/1.1" 200 57254
189.219.45.7 - - [04/Nov/2014:02:31:48 -0500] "GET /BLA/boletinlegal/js/jquery.scrollTo-min.js HTTP/1.1" 200 1150
189.219.45.7 - - [04/Nov/2014:02:31:48 -0500] "GET /BLA/boletinlegal/js/jquery.scrollShow.js HTTP/1.1" 200 4586
157.55.39.152 - - [04/Nov/2014:02:32:05 -0500] "GET /bla/resoluciones/RESOLUCIONES%202011/2889.pdf HTTP/1.1" 200 402314
66.249.64.171 - - [04/Nov/2014:02:32:10 -0500] "GET /BLA/boletinlegal/actos.php HTTP/1.1" 200 7534
201.185.233.95 - - [04/Nov/2014:02:32:11 -0500] "GET /BLA/resoluciones/RESOLUCIONES%202009/4361.pdf HTTP/1.1" 200 1117641
201.185.233.95 - - [04/Nov/2014:02:32:12 -0500] "GET /favicon.ico HTTP/1.1" 200 7782
201.185.233.95 - - [04/Nov/2014:02:32:12 -0500] "GET /BLA/resoluciones/RESOLUCIONES%202009/4361.pdf HTTP/1.1" 206 32768
201.185.233.95 - - [04/Nov/2014:02:32:12 -0500] "GET /BLA/resoluciones/RESOLUCIONES%202009/4361.pdf HTTP/1.1" 206 1084873
157.55.39.151 - - [04/Nov/2014:02:32:21 -0500] "GET /bla/resoluciones/RESOLUCIONES%202009/1769.pdf HTTP/1.1" 200 594033
207.46.13.139 - - [04/Nov/2014:02:32:26 -0500] "GET /BLA/resoluciones/RESOLUCIONES%202008/2558.pdf HTTP/1.1" 200 338902
157.55.39.151 - - [04/Nov/2014:02:32:41 -0500] "GET /BLA/resoluciones/AUTOS%202007/1730.pdf HTTP/1.1" 200 36916
66.249.64.163 - - [04/Nov/2014:02:32:43 -0500] "GET /BLA/resoluciones/RESOLUCIONES%202007/RES%202007%203901%20AL%204000/RESOLUCION%203949%20DE%202007.pdf HTTP/1.1" 304 -
157.55.39.152 - - [04/Nov/2014:02:32:44 -0500] "GET /BLA/resoluciones/RESOLUCIONES%202010/6430.pdf HTTP/1.1" 200 534894
157.55.39.152 - - [04/Nov/2014:02:32:45 -0500] "GET /BLA/resoluciones/RESOLUCIONES%202008/1107.pdf HTTP/1.1" 200 546552
207.46.13.139 - - [04/Nov/2014:02:32:47 -0500] "GET /bla/resoluciones/RESOLUCIONES%202009/8506.pdf HTTP/1.1" 200 353778
207.46.13.139 - - [04/Nov/2014:02:33:07 -0500] "GET /BLA/resoluciones/RESOLUCIONES%202012/1869.pdf HTTP/1.1" 200 2548358
66.249.64.167 - - [04/Nov/2014:02:33:15 -0500] "GET /BLA/resoluciones/AUTOS%202013/0454.pdf HTTP/1.1" 200 489636
207.46.13.139 - - [04/Nov/2014:02:33:20 -0500] "GET /BLA/resoluciones/AUTOS%202010/1431.pdf HTTP/1.1" 200 238133
157.55.39.151 - - [04/Nov/2014:02:33:25 -0500] "GET /BLA/resoluciones/AUTOS%202011/5961.pdf HTTP/1.1" 200 181824
157.55.39.151 - - [04/Nov/2014:02:33:26 -0500] "GET /BLA/resoluciones/RESOLUCIONES%202009/0348.pdf HTTP/1.1" 200 149432
157.55.39.151 - - [04/Nov/2014:02:33:27 -0500] "GET /bla/resoluciones/RESOLUCIONES%202009/0381.pdf HTTP/1.1" 200 229347
180.76.5.197 - - [04/Nov/2014:02:33:39 -0500] "GET /BLA/resoluciones/RESOLUCIONES%202009/1295.pdf HTTP/1.1" 200 440305
207.46.13.139 - - [04/Nov/2014:02:33:42 -0500] "GET /BLA/resoluciones/AUTOS%202007/2216.pdf HTTP/1.1" 200 80130
207.46.13.139 - - [04/Nov/2014:02:33:42 -0500] "GET /BLA/resoluciones/AUTOS%202007/2395.pdf HTTP/1.1" 200 84100
66.249.64.163 - - [04/Nov/2014:02:33:43 -0500] "GET /BLA/resoluciones/RESOLUCIONES%202009/6459.pdf HTTP/1.1" 200 409580
66.249.64.171 - - [04/Nov/2014:02:33:47 -0500] "GET /BLA/resoluciones/RESOLUCIONES%202007/RES%202007%20201%20AL%20300/RESOLUCION%200244%20DE%202007.pdf HTTP/1.1" 200 429588
157.55.39.152 - - [04/Nov/2014:02:33:48 -0500] "GET /BLA/resoluciones/AUTOS%202010/5473.pdf HTTP/1.1" 200 190630
186.83.128.60 - - [04/Nov/2014:02:34:00 -0500] "GET /BLA/boletinlegal/js/jquery.scrollTo-min.js HTTP/1.1" 200 1150
186.83.128.60 - - [04/Nov/2014:02:34:01 -0500] "GET /BLA/boletinlegal/js/jquery.scrollShow.js HTTP/1.1" 200 4586
186.83.128.60 - - [04/Nov/2014:02:34:01 -0500] "GET /BLA/boletinlegal/js/jquery.js HTTP/1.1" 200 57254
157.55.39.151 - - [04/Nov/2014:02:34:11 -0500] "GET /bla/resoluciones/RESOLUCIONES%202009/1879.pdf HTTP/1.1" 200 352066
157.55.39.151 - - [04/Nov/2014:02:34:17 -0500] "GET /BLA/resoluciones/AUTOS%202009/0474.pdf HTTP/1.1" 200 353529
157.55.39.151 - - [04/Nov/2014:02:34:18 -0500] "GET /BLA/resoluciones/AUTOS%202009/0626.pdf HTTP/1.1" 200 74534
66.249.64.163 - - [04/Nov/2014:02:34:20 -0500] "GET /BLA/resoluciones/AUTOS%202007/2717.pdf HTTP/1.1" 200 82939
207.46.13.139 - - [04/Nov/2014:02:34:22 -0500] "GET /BLA/resoluciones/RESOLUCIONES%202011/2374.pdf HTTP/1.1" 200 784830
180.76.6.233 - - [04/Nov/2014:02:34:35 -0500] "GET /BLA/resoluciones/RESOLUCIONES%202009/2926.pdf HTTP/1.1" 200 568121
188.165.15.23 - - [04/Nov/2014:02:34:35 -0500] "GET /BLA/resoluciones/RESOLUCIONES%202005/RES%202005%201151-1200/00001152.tif HTTP/1.1" 200 196682
207.46.13.139 - - [04/Nov/2014:02:34:52 -0500] "GET /BLA/resoluciones/RESOLUCIONES%202010/6212.pdf HTTP/1.1" 200 589136
66.249.64.167 - - [04/Nov/2014:02:34:52 -0500] "GET /BLA/resoluciones/AUTOS%202009/3082.pdf HTTP/1.1" 200 97754
207.46.13.139 - - [04/Nov/2014:02:35:10 -0500] "GET /BLA/resoluciones/RESOLUCIONES%202011/2878.pdf HTTP/1.1" 200 757600
157.55.39.151 - - [04/Nov/2014:02:35:15 -0500] "GET /BLA/resoluciones/AUTOS%202011/0123.pdf HTTP/1.1" 200 141739
207.46.13.139 - - [04/Nov/2014:02:35:21 -0500] "GET /BLA/resoluciones/AUTOS%202007/3292.pdf HTTP/1.1" 200 146961
207.46.13.139 - - [04/Nov/2014:02:35:21 -0500] "GET /BLA/resoluciones/AUTOS%202007/1477.pdf HTTP/1.1" 200 41614
207.46.13.139 - - [04/Nov/2014:02:35:23 -0500] "GET /bla/resoluciones/RESOLUCIONES%202009/1691.pdf HTTP/1.1" 200 438184
66.249.64.167 - - [04/Nov/2014:02:35:24 -0500] "GET /BLA/resoluciones/RESOLUCIONES%202008/1808.pdf HTTP/1.1" 200 765129
188.165.15.23 - - [04/Nov/2014:02:35:30 -0500] "GET /BLA/resoluciones/RESOLUCIONES%202005/RES%202005%201151-1200/00001170.tif HTTP/1.1" 200 198328
186.113.10.143 - - [04/Nov/2014:02:35:43 -0500] "GET /galeria/nivo-slider/demo/images/banner-conejera1.jpg HTTP/1.1" 304 -
66.249.64.163 - - [04/Nov/2014:02:35:57 -0500] "GET /chat/libs/strophejs-plugins/ HTTP/1.1" 404 1018
207.46.13.139 - - [04/Nov/2014:02:36:03 -0500] "GET /BLA/resoluciones/AUTOS%202010/1450.pdf HTTP/1.1" 200 244647
157.55.39.151 - - [04/Nov/2014:02:36:12 -0500] "GET /bla/resoluciones/RESOLUCIONES%202009/9536.pdf HTTP/1.1" 200 531081
66.249.64.171 - - [04/Nov/2014:02:36:26 -0500] "GET /BLA/resoluciones/RESOLUCIONES%202010/1961.pdf HTTP/1.1" 200 491699
66.249.64.171 - - [04/Nov/2014:02:36:29 -0500] "GET /BLA/resoluciones/AUTOS%202009/2014.pdf HTTP/1.1" 200 100937
66.249.64.171 - - [04/Nov/2014:02:36:33 -0500] "GET /BLA/resoluciones/AUTOS%202009/3232.pdf HTTP/1.1" 200 190172
207.46.13.139 - - [04/Nov/2014:02:36:35 -0500] "GET /BLA/resoluciones/Resoluciones%202011/0008.pdf HTTP/1.1" 200 590857
207.46.13.139 - - [04/Nov/2014:02:36:35 -0500] "GET /BLA/resoluciones/RESOLUCIONES%202009/2076.pdf HTTP/1.1" 200 514113
74.86.158.107 - - [04/Nov/2014:02:36:37 -0500] "HEAD / HTTP/1.1" 302 -
66.249.64.163 - - [04/Nov/2014:02:36:43 -0500] "GET /BLA/resoluciones/RESOLUCIONES%202012/1912.pdf HTTP/1.1" 200 379148
66.249.64.167 - - [04/Nov/2014:02:36:59 -0500] "GET /BLA/resoluciones/RESOLUCIONES%202012/1860.pdf HTTP/1.1" 200 506087
66.249.64.167 - - [04/Nov/2014:02:37:01 -0500] "GET /BLA/resoluciones/AUTOS%202009/2414.pdf HTTP/1.1" 200 103562
157.55.39.152 - - [04/Nov/2014:02:37:03 -0500] "GET /BLA/resoluciones/RESOLUCIONES%202009/0123.pdf HTTP/1.1" 200 255893
157.55.39.152 - - [04/Nov/2014:02:37:03 -0500] "GET /BLA/resoluciones/AUTOS%202009/3517.pdf HTTP/1.1" 200 110643
207.46.13.139 - - [04/Nov/2014:02:37:06 -0500] "GET /BLA/resoluciones/RESOLUCIONES%202012/1356.pdf HTTP/1.1" 200 282950
207.46.13.139 - - [04/Nov/2014:02:37:08 -0500] "GET /BLA/resoluciones/RESOLUCIONES%202009/0143.pdf HTTP/1.1" 200 177033
66.249.64.167 - - [04/Nov/2014:02:37:17 -0500] "GET /Anexos%20estudio%20Organizacional%20SDA/ANEXO%20No.%201-%20NORMAS%20LEGALES%20DE%20ESTRUCTURA%20Y%20PLANTA/Decreto%20673%20de%201995%20Reestructura%20el%20DAMA_files/compedit.jpg HTTP/1.1" 200 6688
157.55.39.151 - - [04/Nov/2014:02:37:28 -0500] "GET /BLA/resoluciones/RESOLUCIONES%202008/4291.pdf HTTP/1.1" 200 345655
207.46.13.139 - - [04/Nov/2014:02:37:31 -0500] "GET /BLA/resoluciones/RESOLUCIONES%202008/1992.pdf HTTP/1.1" 200 265967
207.46.13.139 - - [04/Nov/2014:02:37:33 -0500] "GET /BLA/resoluciones/RESOLUCIONES%202008/0216.pdf HTTP/1.1" 200 393694
66.249.64.163 - - [04/Nov/2014:02:37:34 -0500] "GET /BLA/resoluciones/AUTOS%202009/2605.pdf HTTP/1.1" 200 105785
100.43.85.25 - - [04/Nov/2014:02:37:45 -0500] "GET /re1/Bioevolucion/relacion%20curriculo/cuadro%206%20curriculo/imagen%20cuadro%206/cuadro%206_r3_c2.jpg HTTP/1.1" 404 1019
207.46.13.139 - - [04/Nov/2014:02:37:49 -0500] "GET /BLA/resoluciones/RESOLUCIONES%202010/3540.pdf HTTP/1.1" 200 512249
207.46.13.139 - - [04/Nov/2014:02:37:51 -0500] "GET /BLA/resoluciones/RESOLUCIONES%202009/1400.pdf HTTP/1.1" 200 116778
157.55.39.152 - - [04/Nov/2014:02:37:53 -0500] "GET /BLA/resoluciones/AUTOS%202007/3498.pdf HTTP/1.1" 200 150896
157.55.39.152 - - [04/Nov/2014:02:37:54 -0500] "GET /BLA/resoluciones/AUTOS%202007/0098.pdf HTTP/1.1" 200 115678
157.55.39.152 - - [04/Nov/2014:02:37:54 -0500] "GET /BLA/resoluciones/Autos%202008/0365.pdf HTTP/1.1" 200 153127
66.249.64.171 - - [04/Nov/2014:02:38:06 -0500] "GET /BLA/resoluciones/AUTOS%202009/2071.pdf HTTP/1.1" 200 99735
207.46.13.139 - - [04/Nov/2014:02:38:15 -0500] "GET /BLA/resoluciones/RESOLUCIONES%202008/0691.pdf HTTP/1.1" 200 459370
207.46.13.139 - - [04/Nov/2014:02:38:16 -0500] "GET /BLA/resoluciones/AUTOS%202009/2319.pdf HTTP/1.1" 200 150274
157.55.39.151 - - [04/Nov/2014:02:38:19 -0500] "GET /BLA/resoluciones/AUTOS%202007/1959.pdf HTTP/1.1" 200 173712
157.55.39.151 - - [04/Nov/2014:02:38:20 -0500] "GET /BLA/resoluciones/RESOLUCIONES%202008/1310.pdf HTTP/1.1" 200 293587
157.55.39.151 - - [04/Nov/2014:02:38:20 -0500] "GET /BLA/resoluciones/RESOLUCIONES%202010/2728.pdf HTTP/1.1" 200 377034
157.55.39.151 - - [04/Nov/2014:02:38:21 -0500] "GET /BLA/resoluciones/RESOLUCIONES%202008/0049.pdf HTTP/1.1" 200 292848
157.55.39.151 - - [04/Nov/2014:02:38:22 -0500] "GET /BLA/resoluciones/Resoluciones%202011/1505.pdf HTTP/1.1" 200 74061
157.55.39.151 - - [04/Nov/2014:02:38:34 -0500] "GET /BLA/resoluciones/Autos%202008/3052.pdf HTTP/1.1" 200 70833
157.55.39.151 - - [04/Nov/2014:02:38:35 -0500] "GET /BLA/resoluciones/Autos%202008/2278.pdf HTTP/1.1" 200 112441
157.55.39.151 - - [04/Nov/2014:02:38:35 -0500] "GET /BLA/resoluciones/AUTOS%202009/0538.pdf HTTP/1.1" 200 116598
66.249.64.167 - - [04/Nov/2014:02:38:38 -0500] "GET /BLA/resoluciones/AUTOS%202009/2058.pdf HTTP/1.1" 200 101185
207.46.13.139 - - [04/Nov/2014:02:38:38 -0500] "GET /BLA/resoluciones/Autos%202008/1412.pdf HTTP/1.1" 200 340105
157.55.39.151 - - [04/Nov/2014:02:38:46 -0500] "GET /bla/resoluciones/RESOLUCIONES%202011/1372.pdf HTTP/1.1" 200 65863
157.55.39.38 - - [04/Nov/2014:02:38:54 -0500] "GET /robots.txt HTTP/1.1" 404 1019
66.249.64.163 - - [04/Nov/2014:02:39:05 -0500] "GET /BLA/resoluciones/AUTOS%202009/2635.pdf HTTP/1.1" 200 98599
66.249.64.171 - - [04/Nov/2014:02:39:08 -0500] "GET /BLA/resoluciones/AUTOS%202007/2198.pdf HTTP/1.1" 200 301892
66.249.64.171 - - [04/Nov/2014:02:39:11 -0500] "GET /BLA/resoluciones/RESOLUCIONES%202007/RES%202007%202101%20AL%202200/RESOLUCION%202150%20DE%202007.pdf HTTP/1.1" 200 564507
157.55.39.151 - - [04/Nov/2014:02:39:16 -0500] "GET /bla/resoluciones/RESOLUCIONES%202011/1727.pdf HTTP/1.1" 200 295696
157.55.39.151 - - [04/Nov/2014:02:39:17 -0500] "GET /BLA/resoluciones/Resoluciones%202011/2547.pdf HTTP/1.1" 200 768192
157.55.39.151 - - [04/Nov/2014:02:39:18 -0500] "GET /BLA/resoluciones/RESOLUCIONES%202008/5427.pdf HTTP/1.1" 200 284830
207.46.13.139 - - [04/Nov/2014:02:39:18 -0500] "GET /BLA/resoluciones/AUTOS%202010/5456.pdf HTTP/1.1" 200 402465
180.76.5.58 - - [04/Nov/2014:02:39:26 -0500] "GET /BLA/resoluciones/AUTOS%202011/1638.pdf HTTP/1.1" 200 215420
207.46.13.139 - - [04/Nov/2014:02:39:39 -0500] "GET /BLA/resoluciones/Autos%202008/0563.pdf HTTP/1.1" 200 98261
157.55.39.152 - - [04/Nov/2014:02:39:43 -0500] "GET /bla/resoluciones/RESOLUCIONES%202011/1697.pdf HTTP/1.1" 200 66807
66.249.64.171 - - [04/Nov/2014:02:39:43 -0500] "GET /BLA/resoluciones/AUTOS%202009/2949.pdf HTTP/1.1" 200 107477
157.55.39.152 - - [04/Nov/2014:02:39:43 -0500] "GET /BLA/resoluciones/RESOLUCIONES%202010/1523.pdf HTTP/1.1" 200 325726
157.55.39.152 - - [04/Nov/2014:02:39:44 -0500] "GET /bla/resoluciones/RESOLUCIONES%202011/2898.pdf HTTP/1.1" 200 721456
157.55.39.152 - - [04/Nov/2014:02:39:44 -0500] "GET /BLA/resoluciones/RESOLUCIONES%202010/7109.pdf HTTP/1.1" 200 158374
157.55.39.152 - - [04/Nov/2014:02:39:45 -0500] "GET /BLA/resoluciones/RESOLUCIONES%202008/1065.pdf HTTP/1.1" 200 511643
178.156.41.34 - - [04/Nov/2014:02:39:47 -0500] "GET /BLA/resoluciones/AUTOS%202013/0174.pdf HTTP/1.0" 200 3480267
207.46.13.139 - - [04/Nov/2014:02:39:50 -0500] "GET /bla/resoluciones/RESOLUCIONES%202011/1459.pdf HTTP/1.1" 200 526106
207.46.13.139 - - [04/Nov/2014:02:39:51 -0500] "GET /bla/resoluciones/RESOLUCIONES%202011/2606.pdf HTTP/1.1" 200 385448
207.46.13.139 - - [04/Nov/2014:02:39:52 -0500] "GET /bla/resoluciones/RESOLUCIONES%202009/1624.pdf HTTP/1.1" 200 397257
157.55.39.152 - - [04/Nov/2014:02:39:54 -0500] "GET /BLA/resoluciones/RESOLUCIONES%202010/6483.pdf HTTP/1.1" 200 1583768
157.55.39.152 - - [04/Nov/2014:02:39:54 -0500] "GET /BLA/resoluciones/RESOLUCIONES%202011/0796.pdf HTTP/1.1" 200 301723
157.55.39.152 - - [04/Nov/2014:02:39:55 -0500] "GET /BLA/resoluciones/RESOLUCIONES%202010/1117.pdf HTTP/1.1" 200 103550
157.55.39.152 - - [04/Nov/2014:02:39:56 -0500] "GET /BLA/resoluciones/RESOLUCIONES%202009/7650.pdf HTTP/1.1" 200 496305
157.55.39.152 - - [04/Nov/2014:02:39:56 -0500] "GET /BLA/resoluciones/AUTOS%202007/0027.pdf HTTP/1.1" 200 117079
178.156.41.34 - - [04/Nov/2014:02:40:00 -0500] "GET /favicon.ico HTTP/1.0" 200 7782
207.46.13.139 - - [04/Nov/2014:02:40:09 -0500] "GET /BLA/resoluciones/RESOLUCIONES%202009/9249.pdf HTTP/1.1" 200 492954
207.46.13.139 - - [04/Nov/2014:02:40:13 -0500] "GET /BLA/resoluciones/RESOLUCIONES%202009/0499.pdf HTTP/1.1" 200 201846
66.249.64.171 - - [04/Nov/2014:02:40:15 -0500] "GET /BLA/resoluciones/AUTOS%202009/2547.pdf HTTP/1.1" 200 103385
207.46.13.139 - - [04/Nov/2014:02:40:29 -0500] "GET /BLA/resoluciones/RESOLUCIONES%202010/6456.pdf HTTP/1.1" 200 365458
207.46.13.139 - - [04/Nov/2014:02:40:30 -0500] "GET /BLA/resoluciones/RESOLUCIONES%202010/3775.pdf HTTP/1.1" 200 541513
207.46.13.139 - - [04/Nov/2014:02:40:31 -0500] "GET /BLA/resoluciones/Resoluciones%202011/0485.pdf HTTP/1.1" 200 59661
188.165.15.19 - - [04/Nov/2014:02:40:33 -0500] "GET /BLA/resoluciones/index.php?dir=RESOLUCIONES%202005/RES%202005%203151-3180/&sort=date&order=asc HTTP/1.1" 200 8263
207.46.13.139 - - [04/Nov/2014:02:40:41 -0500] "GET /BLA/resoluciones/RESOLUCIONES%202008/0901.pdf HTTP/1.1" 200 248651
207.46.13.139 - - [04/Nov/2014:02:40:41 -0500] "GET /BLA/resoluciones/Autos%202008/2040.pdf HTTP/1.1" 200 174442
66.249.85.75 - - [04/Nov/2014:02:40:43 -0500] "GET /sig/MECI/DOCUMENTOS/Informe%20de%20Gestion/INFORME%20DE%20GESTION%202008%202010VersionFinal.pdf HTTP/1.1" 404 1018
66.249.64.171 - - [04/Nov/2014:02:40:48 -0500] "GET /chat/libs/jquery-i18n/ HTTP/1.1" 404 1018
207.46.13.139 - - [04/Nov/2014:02:41:00 -0500] "GET /BLA/resoluciones/RESOLUCIONES%202011/4816.pdf HTTP/1.1" 200 528261
207.46.13.139 - - [04/Nov/2014:02:41:00 -0500] "GET /BLA/resoluciones/RESOLUCIONES%202010/7059.pdf HTTP/1.1" 200 534937
207.46.13.139 - - [04/Nov/2014:02:41:08 -0500] "GET /BLA/resoluciones/Autos%202008/0305.pdf HTTP/1.1" 200 112725
201.245.192.253 - - [04/Nov/2014:02:41:09 -0500] "GET /arcgis/services/Calidad_del_Agua_WQI/MapServer/WMSServer?LAYERS=6%2C8%2C4&TRANSPARENT=TRUE&PROJECTION=EPSG%3A4326&FORMAT=image%2Fpng&SERVICE=WMS&VERSION=1.1.1&REQUEST=GetMap&STYLES=&SRS=EPSG%3A4326&BBOX=-74.8828125,4.21875,-74.53125,4.5703125&WIDTH=256&HEIGHT=256 HTTP/1.1" 200 875
157.55.39.151 - - [04/Nov/2014:02:41:13 -0500] "GET /BLA/resoluciones/RESOLUCIONES%202009/7474.pdf HTTP/1.1" 200 2126371
66.249.64.167 - - [04/Nov/2014:02:41:14 -0500] "GET /BLA/resoluciones/RESOLUCIONES%202007/RES%202007%201301%20AL%201400/RESOLUCION%201303%20DE%202007.pdf HTTP/1.1" 200 66890
157.55.39.151 - - [04/Nov/2014:02:41:14 -0500] "GET /BLA/resoluciones/RESOLUCIONES%202012/0908.pdf HTTP/1.1" 200 379330
157.55.39.151 - - [04/Nov/2014:02:41:14 -0500] "GET /BLA/resoluciones/RESOLUCIONES%202010/2020.pdf HTTP/1.1" 200 339508
180.76.6.132 - - [04/Nov/2014:02:41:18 -0500] "GET /BLA/resoluciones/RESOLUCIONES%202007/RES%202007%204101%20AL%204200/RESOLUCION%204128%20DE%202007.pdf HTTP/1.1" 200 1447012
207.46.13.139 - - [04/Nov/2014:02:41:18 -0500] "GET /BLA/resoluciones/AUTOS%202011/4268.pdf HTTP/1.1" 200 269943
207.46.13.139 - - [04/Nov/2014:02:41:19 -0500] "GET /BLA/resoluciones/RESOLUCIONES%202009/9434.pdf HTTP/1.1" 200 480744
66.249.64.167 - - [04/Nov/2014:02:41:20 -0500] "GET /BLA/resoluciones/AUTOS%202009/3174.pdf HTTP/1.1" 200 131677
207.46.13.139 - - [04/Nov/2014:02:41:20 -0500] "GET /BLA/resoluciones/RESOLUCIONES%202009/2224.pdf HTTP/1.1" 200 510672
201.245.192.253 - - [04/Nov/2014:02:41:26 -0500] "GET /arcgis/services/Calidad_del_Agua_WQI/MapServer/WMSServer?LAYERS=6%2C8%2C4&TRANSPARENT=TRUE&PROJECTION=EPSG%3A4326&FORMAT=image%2Fpng&SERVICE=WMS&VERSION=1.1.1&REQUEST=GetMap&STYLES=&SRS=EPSG%3A4326&BBOX=-73.828125,3.8671875,-73.4765625,4.21875&WIDTH=256&HEIGHT=256 HTTP/1.1" 200 875
201.245.192.253 - - [04/Nov/2014:02:41:29 -0500] "GET /arcgis/services/Calidad_del_Agua_WQI/MapServer/WMSServer?LAYERS=6%2C8%2C4&TRANSPARENT=TRUE&PROJECTION=EPSG%3A4326&FORMAT=image%2Fpng&SERVICE=WMS&VERSION=1.1.1&REQUEST=GetMap&STYLES=&SRS=EPSG%3A4326&BBOX=-74.8828125,3.8671875,-74.53125,4.21875&WIDTH=256&HEIGHT=256 HTTP/1.1" 200 875
74.86.158.107 - - [04/Nov/2014:02:41:37 -0500] "HEAD / HTTP/1.1" 302 -
207.46.13.139 - - [04/Nov/2014:02:41:38 -0500] "GET /BLA/resoluciones/Resoluciones%202011/1799.pdf HTTP/1.1" 200 515276
201.245.192.253 - - [04/Nov/2014:02:41:41 -0500] "GET /arcgis/services/Calidad_del_Agua_WQI/MapServer/WMSServer?LAYERS=6%2C8%2C4&TRANSPARENT=TRUE&PROJECTION=EPSG%3A4326&FORMAT=image%2Fpng&SERVICE=WMS&VERSION=1.1.1&REQUEST=GetMap&STYLES=&SRS=EPSG%3A4326&BBOX=-73.828125,4.21875,-73.4765625,4.5703125&WIDTH=256&HEIGHT=256 HTTP/1.1" 200 875
207.46.13.139 - - [04/Nov/2014:02:41:47 -0500] "GET /bla/resoluciones/RESOLUCIONES%202009/1798.pdf HTTP/1.1" 200 465995
66.249.64.163 - - [04/Nov/2014:02:41:51 -0500] "GET /BLA/resoluciones/RESOLUCIONES%202010/6358.pdf HTTP/1.1" 200 507752
157.55.39.152 - - [04/Nov/2014:02:41:52 -0500] "GET /BLA/resoluciones/RESOLUCIONES%202011/4957.pdf HTTP/1.1" 200 358301
66.249.64.163 - - [04/Nov/2014:02:41:52 -0500] "GET /BLA/resoluciones/AUTOS%202009/1727.pdf HTTP/1.1" 200 210672
157.55.39.152 - - [04/Nov/2014:02:41:52 -0500] "GET /BLA/resoluciones/RESOLUCIONES%202011/0771.pdf HTTP/1.1" 200 76469
201.245.192.253 - - [04/Nov/2014:02:41:58 -0500] "GET /arcgis/services/Calidad_del_Agua_WQI/MapServer/WMSServer?LAYERS=6%2C8%2C4&TRANSPARENT=TRUE&PROJECTION=EPSG%3A4326&FORMAT=image%2Fpng&SERVICE=WMS&VERSION=1.1.1&REQUEST=GetMap&STYLES=&SRS=EPSG%3A4326&BBOX=-74.1796875,4.21875,-73.828125,4.5703125&WIDTH=256&HEIGHT=256 HTTP/1.1" 200 1436
157.55.39.151 - - [04/Nov/2014:02:42:12 -0500] "GET /BLA/resoluciones/Resoluciones%202011/0777.pdf HTTP/1.1" 200 270887
207.46.13.139 - - [04/Nov/2014:02:42:19 -0500] "GET /BLA/resoluciones/RESOLUCIONES%202010/6964.pdf HTTP/1.1" 200 481735
207.46.13.139 - - [04/Nov/2014:02:42:20 -0500] "GET /BLA/resoluciones/AUTOS%202011/1564.pdf HTTP/1.1" 200 137441
157.55.39.151 - - [04/Nov/2014:02:42:27 -0500] "GET /BLA/resoluciones/RESOLUCIONES%202010/6745.pdf HTTP/1.1" 200 274581
207.46.13.139 - - [04/Nov/2014:02:42:35 -0500] "GET /BLA/resoluciones/Resoluciones%202011/3806.pdf HTTP/1.1" 200 516407
157.55.39.152 - - [04/Nov/2014:02:42:40 -0500] "GET /BLA/resoluciones/AUTOS%202007/0376.pdf HTTP/1.1" 200 170644
157.55.39.152 - - [04/Nov/2014:02:42:44 -0500] "GET /BLA/resoluciones/RESOLUCIONES%202008/0970.pdf HTTP/1.1" 200 215290
157.55.39.152 - - [04/Nov/2014:02:42:53 -0500] "GET /BLA/resoluciones/AUTOS%202011/1252.pdf HTTP/1.1" 200 161783
66.249.64.163 - - [04/Nov/2014:02:42:57 -0500] "GET /BLA/resoluciones/AUTOS%202009/1792.pdf HTTP/1.1" 200 97752
207.46.13.139 - - [04/Nov/2014:02:42:58 -0500] "GET /BLA/resoluciones/RESOLUCIONES%202008/1905.pdf HTTP/1.1" 200 199668
180.76.6.151 - - [04/Nov/2014:02:43:10 -0500] "GET /BLA/resoluciones/RESOLUCIONES%202007/RES%202007%204201%20AL%204300/RESOLUCION%204229%20DE%202007.pdf HTTP/1.1" 200 268511
207.46.13.139 - - [04/Nov/2014:02:43:12 -0500] "GET /BLA/resoluciones/RESOLUCIONES%202011/0915.pdf HTTP/1.1" 200 72411
157.55.39.151 - - [04/Nov/2014:02:43:17 -0500] "GET /BLA/resoluciones/RESOLUCIONES%202010/3648.pdf HTTP/1.1" 200 96311
157.55.39.151 - - [04/Nov/2014:02:43:18 -0500] "GET /BLA/resoluciones/AUTOS%202010/1896.pdf HTTP/1.1" 200 146773
157.55.39.151 - - [04/Nov/2014:02:43:18 -0500] "GET /BLA/resoluciones/AUTOS%202011/0890.pdf HTTP/1.1" 200 103542
157.55.39.151 - - [04/Nov/2014:02:43:20 -0500] "GET /BLA/resoluciones/RESOLUCIONES%202010/2685.pdf HTTP/1.1" 200 386616
207.46.13.139 - - [04/Nov/2014:02:43:22 -0500] "GET /bla/resoluciones/RESOLUCIONES%202011/2365.pdf HTTP/1.1" 200 789160
66.249.64.171 - - [04/Nov/2014:02:43:29 -0500] "GET /BLA/resoluciones/AUTOS%202009/2087.pdf HTTP/1.1" 200 97599
207.46.13.139 - - [04/Nov/2014:02:43:32 -0500] "GET /BLA/resoluciones/AUTOS%202009/2773.pdf HTTP/1.1" 200 103369
157.55.39.151 - - [04/Nov/2014:02:43:35 -0500] "GET /BLA/resoluciones/RESOLUCIONES%202010/2155.pdf HTTP/1.1" 200 491713
207.46.13.139 - - [04/Nov/2014:02:43:38 -0500] "GET /BLA/resoluciones/RESOLUCIONES%202008/4174.pdf HTTP/1.1" 200 638070
207.46.13.139 - - [04/Nov/2014:02:43:41 -0500] "GET /BLA/resoluciones/AUTOS%202007/1765.pdf HTTP/1.1" 200 37641
207.46.13.139 - - [04/Nov/2014:02:43:41 -0500] "GET /bla/resoluciones/RESOLUCIONES%202009/8999.pdf HTTP/1.1" 200 319612
207.46.13.139 - - [04/Nov/2014:02:43:42 -0500] "GET /BLA/resoluciones/Resoluciones%202011/0871.pdf HTTP/1.1" 200 269503
207.46.13.139 - - [04/Nov/2014:02:43:42 -0500] "GET /BLA/resoluciones/RESOLUCIONES%202010/0162.pdf HTTP/1.1" 200 385701
207.46.13.139 - - [04/Nov/2014:02:43:43 -0500] "GET /BLA/resoluciones/RESOLUCIONES%202008/2743.pdf HTTP/1.1" 200 296211
157.55.39.152 - - [04/Nov/2014:02:43:53 -0500] "GET /BLA/resoluciones/RESOLUCIONES%202008/1069.pdf HTTP/1.1" 200 317656
157.55.39.152 - - [04/Nov/2014:02:43:54 -0500] "GET /BLA/resoluciones/RESOLUCIONES%202010/6088.pdf HTTP/1.1" 200 683394
157.55.39.152 - - [04/Nov/2014:02:43:54 -0500] "GET /BLA/resoluciones/AUTOS%202007/2017.pdf HTTP/1.1" 200 139550
157.55.39.152 - - [04/Nov/2014:02:43:55 -0500] "GET /BLA/resoluciones/RESOLUCIONES%202010/2226.pdf HTTP/1.1" 200 518796
207.46.13.139 - - [04/Nov/2014:02:43:56 -0500] "GET /BLA/resoluciones/RESOLUCIONES%202010/4070.pdf HTTP/1.1" 200 81321
207.46.13.139 - - [04/Nov/2014:02:43:57 -0500] "GET /BLA/resoluciones/Autos%202008/1657.pdf HTTP/1.1" 200 320589
207.46.13.139 - - [04/Nov/2014:02:43:58 -0500] "GET /BLA/resoluciones/RESOLUCIONES%202012/1331.pdf HTTP/1.1" 200 1001517
207.46.13.139 - - [04/Nov/2014:02:43:58 -0500] "GET /BLA/resoluciones/RESOLUCIONES%202009/0167.pdf HTTP/1.1" 200 24973
207.46.13.139 - - [04/Nov/2014:02:43:59 -0500] "GET /BLA/resoluciones/RESOLUCIONES%202009/0209.pdf HTTP/1.1" 200 250891
66.249.64.163 - - [04/Nov/2014:02:44:02 -0500] "GET /BLA/resoluciones/AUTOS%202009/1715.pdf HTTP/1.1" 200 123809
157.55.39.151 - - [04/Nov/2014:02:44:14 -0500] "GET /BLA/resoluciones/RESOLUCIONES%202010/3769.pdf HTTP/1.1" 200 651120
157.55.39.151 - - [04/Nov/2014:02:44:15 -0500] "GET /bla/resoluciones/RESOLUCIONES%202011/3801.pdf HTTP/1.1" 200 732606
157.55.39.151 - - [04/Nov/2014:02:44:15 -0500] "GET /BLA/resoluciones/RESOLUCIONES%202010/1197.pdf HTTP/1.1" 200 110116
207.46.13.139 - - [04/Nov/2014:02:44:18 -0500] "GET /bla/resoluciones/RESOLUCIONES%202009/1837.pdf HTTP/1.1" 200 430710
207.46.13.139 - - [04/Nov/2014:02:44:22 -0500] "GET /BLA/resoluciones/RESOLUCIONES%202008/0131.pdf HTTP/1.1" 200 284642
207.46.13.139 - - [04/Nov/2014:02:44:23 -0500] "GET /BLA/resoluciones/RESOLUCIONES%202009/9097.pdf HTTP/1.1" 200 530401
66.249.64.167 - - [04/Nov/2014:02:44:31 -0500] "GET /BLA/resoluciones/RESOLUCIONES%202007/RES%202007%201301%20AL%201400/RESOLUCION%201304%20DE%202007.pdf HTTP/1.1" 200 61586
157.55.39.151 - - [04/Nov/2014:02:44:33 -0500] "GET /BLA/resoluciones/RESOLUCIONES%202010/3610.pdf HTTP/1.1" 200 501943
66.249.64.167 - - [04/Nov/2014:02:44:34 -0500] "GET /BLA/resoluciones/AUTOS%202009/1635.pdf HTTP/1.1" 200 200974
157.55.39.151 - - [04/Nov/2014:02:44:35 -0500] "GET /BLA/resoluciones/RESOLUCIONES%202011/5313.pdf HTTP/1.1" 200 421053
207.46.13.139 - - [04/Nov/2014:02:44:39 -0500] "GET /BLA/resoluciones/RESOLUCIONES%202007/RES%202007%202701%20AL%202800/RESOLUCION%202796%20DE%202007.pdf HTTP/1.1" 200 819734
207.46.13.139 - - [04/Nov/2014:02:44:49 -0500] "GET /bla/resoluciones/RESOLUCIONES%202009/8829.pdf HTTP/1.1" 200 566404
207.46.13.139 - - [04/Nov/2014:02:44:49 -0500] "GET /BLA/resoluciones/RESOLUCIONES%202008/0131.pdf HTTP/1.1" 200 284642
201.245.192.253 - - [04/Nov/2014:02:44:53 -0500] "GET /forestReports/webcontent/birt/admin/img/dtree/minus.gif HTTP/1.1" 304 -
157.55.39.152 - - [04/Nov/2014:02:44:55 -0500] "GET /bla/resoluciones/RESOLUCIONES%202011/3801.pdf HTTP/1.1" 200 732606
66.249.64.167 - - [04/Nov/2014:02:45:06 -0500] "GET /BLA/resoluciones/AUTOS%202009/1680.pdf HTTP/1.1" 200 122580
201.245.192.253 - - [04/Nov/2014:02:45:11 -0500] "GET /forest/img/borrar.gif HTTP/1.1" 304 -
157.55.39.151 - - [04/Nov/2014:02:45:20 -0500] "GET /BLA/resoluciones/RESOLUCIONES%202009/7415.pdf HTTP/1.1" 200 346134
157.55.39.151 - - [04/Nov/2014:02:45:21 -0500] "GET /BLA/resoluciones/AUTOS%202009/0835.pdf HTTP/1.1" 200 101755
207.46.13.139 - - [04/Nov/2014:02:45:29 -0500] "GET /BLA/resoluciones/RESOLUCIONES%202010/1842.pdf HTTP/1.1" 200 494561
157.55.39.151 - - [04/Nov/2014:02:45:37 -0500] "-" 408 -
186.118.208.248 - - [04/Nov/2014:02:45:37 -0500] "GET /BLA/boletinlegal/js/jquery.js HTTP/1.1" 200 57254
186.118.208.248 - - [04/Nov/2014:02:45:37 -0500] "GET /BLA/boletinlegal/js/jquery.scrollTo-min.js HTTP/1.1" 200 1150
186.118.208.248 - - [04/Nov/2014:02:45:37 -0500] "GET /galeria/carrusel/Carrusel/jquery.thumbnailScroller.css HTTP/1.1" 200 2066
186.118.208.248 - - [04/Nov/2014:02:45:37 -0500] "GET /galeria/carrusel/Carrusel/jquery-ui-1.8.13.custom.min.js HTTP/1.1" 200 10800
186.118.208.248 - - [04/Nov/2014:02:45:37 -0500] "GET /galeria/carrusel/Carrusel/jquery.thumbnailScroller.js HTTP/1.1" 200 8157
186.118.208.248 - - [04/Nov/2014:02:45:37 -0500] "GET /BLA/boletinlegal/js/jquery.scrollShow.js HTTP/1.1" 200 4586
66.249.64.167 - - [04/Nov/2014:02:45:39 -0500] "GET /BLA/resoluciones/AUTOS%202009/2803.pdf HTTP/1.1" 200 103262
157.55.39.151 - - [04/Nov/2014:02:45:39 -0500] "GET /bla/resoluciones/RESOLUCIONES%202011/1837.pdf HTTP/1.1" 200 501158
207.46.13.139 - - [04/Nov/2014:02:45:46 -0500] "GET /BLA/resoluciones/RESOLUCIONES%202010/4889.pdf HTTP/1.1" 200 737135
207.46.13.139 - - [04/Nov/2014:02:45:46 -0500] "GET /BLA/resoluciones/AUTOS%202007/1379.pdf HTTP/1.1" 200 29458
180.76.6.138 - - [04/Nov/2014:02:45:52 -0500] "GET /BLA/resoluciones/RESOLUCIONES%202009/1831.pdf HTTP/1.1" 200 467103
157.55.39.152 - - [04/Nov/2014:02:46:02 -0500] "GET /BLA/resoluciones/Resoluciones%202011/2681.pdf HTTP/1.1" 200 699680
66.249.64.171 - - [04/Nov/2014:02:46:11 -0500] "GET /BLA/resoluciones/AUTOS%202013/0649.pdf HTTP/1.1" 200 1139580
207.46.13.139 - - [04/Nov/2014:02:46:25 -0500] "GET /BLA/resoluciones/RESOLUCIONES%202011/6207.pdf HTTP/1.1" 200 692681
66.249.64.171 - - [04/Nov/2014:02:46:25 -0500] "GET /BLA/resoluciones/RESOLUCIONES%202012/1458.pdf HTTP/1.1" 200 1417962
207.46.13.139 - - [04/Nov/2014:02:46:25 -0500] "GET /BLA/resoluciones/Autos%202008/1978.pdf HTTP/1.1" 200 100635
207.46.13.139 - - [04/Nov/2014:02:46:26 -0500] "GET /BLA/resoluciones/AUTOS%202007/2579.pdf HTTP/1.1" 200 68665
74.86.158.107 - - [04/Nov/2014:02:46:36 -0500] "HEAD / HTTP/1.1" 302 -
66.249.64.171 - - [04/Nov/2014:02:46:43 -0500] "GET /BLA/resoluciones/AUTOS%202009/3206.pdf HTTP/1.1" 200 213589
180.76.6.14 - - [04/Nov/2014:02:46:48 -0500] "GET /BLA/resoluciones/RESOLUCIONES%202007/RES%202007%202601%20AL%202700/RESOLUCION%202647%20DE%202007.pdf HTTP/1.1" 200 920056
157.55.39.152 - - [04/Nov/2014:02:46:55 -0500] "GET /BLA/resoluciones/RESOLUCIONES%202009/1401.pdf HTTP/1.1" 200 184905
157.55.39.152 - - [04/Nov/2014:02:46:57 -0500] "GET /bla/resoluciones/RESOLUCIONES%202011/0488.pdf HTTP/1.1" 200 84502
157.55.39.152 - - [04/Nov/2014:02:46:57 -0500] "GET /BLA/resoluciones/AUTOS%202011/4567.pdf HTTP/1.1" 200 256181
66.249.64.47 - - [04/Nov/2014:02:47:00 -0500] "GET /Anexos%20estudio%20Organizacional%20SDA/index.php?dir=ANEXO+No.+5+-+ESTUDIO+Y+PROPUESTA+SERAMB+IENTE%2F HTTP/1.1" 200 3623
207.46.13.139 - - [04/Nov/2014:02:47:04 -0500] "GET /BLA/resoluciones/Autos%202008/3290.pdf HTTP/1.1" 200 50931
207.46.13.139 - - [04/Nov/2014:02:47:05 -0500] "GET /BLA/resoluciones/RESOLUCIONES%202010/0017.pdf HTTP/1.1" 200 409053
