157.55.39.151 - - [06/Nov/2014:00:50:31 -0500] "GET /BLA/resoluciones/RESOLUCIONES%202009/9698.pdf HTTP/1.1" 200 338300
157.55.39.255 - - [06/Nov/2014:00:50:34 -0500] "GET /bla/resoluciones/RESOLUCIONES%202009/1293.pdf HTTP/1.1" 200 535707
157.55.39.234 - - [06/Nov/2014:00:50:40 -0500] "GET /BLA/resoluciones/Resoluciones%202011/0009.pdf HTTP/1.1" 200 147223
157.55.39.255 - - [06/Nov/2014:00:50:44 -0500] "GET /BLA/resoluciones/RESOLUCIONES%202008/0204.pdf HTTP/1.1" 200 276846
157.55.39.151 - - [06/Nov/2014:00:50:50 -0500] "GET /BLA/resoluciones/RESOLUCIONES%202010/3631.pdf HTTP/1.1" 200 767441
157.55.39.151 - - [06/Nov/2014:00:50:51 -0500] "GET /BLA/resoluciones/RESOLUCIONES%202008/2052.pdf HTTP/1.1" 200 183247
66.249.64.167 - - [06/Nov/2014:00:51:02 -0500] "GET /re1/Bioevolucion/Propuesta%20re/objetivos%20propuesta/ HTTP/1.1" 404 1018
157.55.39.234 - - [06/Nov/2014:00:51:09 -0500] "GET /bla/resoluciones/RESOLUCIONES%202009/0265.pdf HTTP/1.1" 200 169597
157.55.39.234 - - [06/Nov/2014:00:51:09 -0500] "GET /BLA/resoluciones/AUTOS%202011/4204.pdf HTTP/1.1" 200 225227
66.249.64.163 - - [06/Nov/2014:00:51:14 -0500] "GET /hidrico/aguas%20subterraneas/index.php?dir=Cartograf%ECa_Final_2013%2FBalance+H%EDdrico%2F HTTP/1.1" 404 1018
74.86.158.107 - - [06/Nov/2014:00:51:14 -0500] "HEAD / HTTP/1.1" 302 -
157.55.39.152 - - [06/Nov/2014:00:51:23 -0500] "GET /BLA/resoluciones/RESOLUCIONES%202010/5000.pdf HTTP/1.1" 200 743157
66.249.64.167 - - [06/Nov/2014:00:51:26 -0500] "GET /huelladecarbono/logo-camiseta.html HTTP/1.1" 404 1018
157.55.39.118 - - [06/Nov/2014:00:51:27 -0500] "GET /BLA/resoluciones/RESOLUCIONES%202011/4031.pdf HTTP/1.1" 200 823216
157.55.39.118 - - [06/Nov/2014:00:51:28 -0500] "GET /BLA/resoluciones/Resoluciones%202011/2096.pdf HTTP/1.1" 200 374505
66.249.64.171 - - [06/Nov/2014:00:51:36 -0500] "GET /counter/digits/reflect/ HTTP/1.1" 404 1018
157.55.39.234 - - [06/Nov/2014:00:51:43 -0500] "GET /BLA/resoluciones/AUTOS%202011/5873.pdf HTTP/1.1" 200 505321
157.55.39.234 - - [06/Nov/2014:00:51:44 -0500] "GET /BLA/resoluciones/Resoluciones%202011/2146.pdf HTTP/1.1" 200 512871
157.55.39.234 - - [06/Nov/2014:00:51:44 -0500] "GET /BLA/resoluciones/RESOLUCIONES%202008/5440.pdf HTTP/1.1" 200 283023
157.55.39.234 - - [06/Nov/2014:00:51:45 -0500] "GET /BLA/resoluciones/RESOLUCIONES%202011/5059.pdf HTTP/1.1" 200 428546
157.55.39.234 - - [06/Nov/2014:00:51:45 -0500] "GET /BLA/resoluciones/RESOLUCIONES%202010/1903.pdf HTTP/1.1" 200 597388
157.55.39.255 - - [06/Nov/2014:00:51:48 -0500] "GET /BLA/resoluciones/RESOLUCIONES%202011/4589.pdf HTTP/1.1" 200 647330
157.55.39.152 - - [06/Nov/2014:00:51:53 -0500] "GET /BLA/resoluciones/RESOLUCIONES%202010/5961.pdf HTTP/1.1" 200 76901
157.55.39.118 - - [06/Nov/2014:00:51:58 -0500] "GET /BLA/resoluciones/AUTOS%202007/0272.pdf HTTP/1.1" 200 71414
157.55.39.118 - - [06/Nov/2014:00:51:58 -0500] "GET /BLA/resoluciones/AUTOS%202009/2001.pdf HTTP/1.1" 200 103831
157.55.39.118 - - [06/Nov/2014:00:51:59 -0500] "GET /BLA/resoluciones/RESOLUCIONES%202009/0886.pdf HTTP/1.1" 200 58175
157.55.39.118 - - [06/Nov/2014:00:52:00 -0500] "GET /BLA/resoluciones/AUTOS%202009/1157.pdf HTTP/1.1" 200 79109
198.46.82.65 - - [06/Nov/2014:00:52:03 -0500] "GET /blog/wp-admin/ HTTP/1.1" 404 1018
66.249.64.163 - - [06/Nov/2014:00:52:11 -0500] "GET /counter/digits/techgo/ HTTP/1.1" 404 1018
157.55.39.234 - - [06/Nov/2014:00:52:12 -0500] "GET /BLA/resoluciones/AUTOS%202010/5475.pdf HTTP/1.1" 200 192674
157.55.39.234 - - [06/Nov/2014:00:52:13 -0500] "GET /BLA/resoluciones/RESOLUCIONES%202010/2700.pdf HTTP/1.1" 200 390238
157.55.39.151 - - [06/Nov/2014:00:52:36 -0500] "GET /BLA/resoluciones/Resoluciones%202011/2339.pdf HTTP/1.1" 200 306129
157.55.39.118 - - [06/Nov/2014:00:52:41 -0500] "GET /BLA/resoluciones/AUTOS%202009/2424.pdf HTTP/1.1" 200 99520
157.55.39.118 - - [06/Nov/2014:00:52:44 -0500] "GET /BLA/resoluciones/RESOLUCIONES%202009/9109.pdf HTTP/1.1" 200 411644
157.55.39.234 - - [06/Nov/2014:00:52:59 -0500] "GET /BLA/resoluciones/AUTOS%202011/7647.pdf HTTP/1.1" 200 730695
157.55.39.118 - - [06/Nov/2014:00:53:04 -0500] "GET /BLA/resoluciones/RESOLUCIONES%202010/5511.pdf HTTP/1.1" 200 2873695
157.55.39.118 - - [06/Nov/2014:00:53:06 -0500] "GET /BLA/resoluciones/RESOLUCIONES%202008/4804.pdf HTTP/1.1" 200 302886
157.55.39.152 - - [06/Nov/2014:00:53:21 -0500] "GET /BLA/resoluciones/RESOLUCIONES%202008/1783.pdf HTTP/1.1" 200 283888
157.55.39.152 - - [06/Nov/2014:00:53:21 -0500] "GET /BLA/resoluciones/Resoluciones%202011/0601.pdf HTTP/1.1" 200 74671
157.55.39.152 - - [06/Nov/2014:00:53:21 -0500] "GET /BLA/resoluciones/Resoluciones%202011/4623.pdf HTTP/1.1" 200 95833
66.249.64.163 - - [06/Nov/2014:00:53:37 -0500] "GET /Residuos/metalmecanica/files/search/search4.xml HTTP/1.1" 404 1018
180.76.5.169 - - [06/Nov/2014:00:53:48 -0500] "GET /BLA/resoluciones/RESOLUCIONES%202010/2905.pdf HTTP/1.1" 200 495719
157.55.39.151 - - [06/Nov/2014:00:53:49 -0500] "GET /bla/resoluciones/RESOLUCIONES%202009/8432.pdf HTTP/1.1" 200 559094
157.55.39.151 - - [06/Nov/2014:00:53:49 -0500] "GET /BLA/resoluciones/RESOLUCIONES%202008/0501.pdf HTTP/1.1" 200 117187
157.55.39.255 - - [06/Nov/2014:00:53:53 -0500] "GET /BLA/resoluciones/AUTOS%202009/0536.pdf HTTP/1.1" 200 202030
157.55.39.255 - - [06/Nov/2014:00:53:53 -0500] "GET /bla/resoluciones/RESOLUCIONES%202009/2209.pdf HTTP/1.1" 200 622375
157.55.39.255 - - [06/Nov/2014:00:53:54 -0500] "GET /BLA/resoluciones/Resoluciones%202011/6177.pdf HTTP/1.1" 200 3315589
66.249.64.171 - - [06/Nov/2014:00:53:55 -0500] "GET /BLA/resoluciones/AUTOS%202013/0024.pdf HTTP/1.1" 200 1912747
157.55.39.118 - - [06/Nov/2014:00:54:01 -0500] "GET /BLA/resoluciones/RESOLUCIONES%202011/0123.pdf HTTP/1.1" 200 319365
157.55.39.118 - - [06/Nov/2014:00:54:02 -0500] "GET /bla/resoluciones/RESOLUCIONES%202009/2157.pdf HTTP/1.1" 200 565789
157.55.39.118 - - [06/Nov/2014:00:54:02 -0500] "GET /BLA/resoluciones/RESOLUCIONES%202011/2060.pdf HTTP/1.1" 200 514729
157.55.39.152 - - [06/Nov/2014:00:54:06 -0500] "GET /BLA/resoluciones/RESOLUCIONES%202008/3468.pdf HTTP/1.1" 200 447952
66.249.64.39 - - [06/Nov/2014:00:54:09 -0500] "GET /BLA/boletinlegal/Circulares/2010/Circular%2001%20de%2018%20de%20febrero%20de%202010.pdf HTTP/1.1" 200 72083
66.249.64.167 - - [06/Nov/2014:00:54:10 -0500] "GET /BLA/resoluciones/AUTOS%202014/4220.pdf HTTP/1.1" 200 235374
157.55.39.234 - - [06/Nov/2014:00:54:11 -0500] "GET /BLA/resoluciones/RESOLUCIONES%202011/2857.pdf HTTP/1.1" 200 892504
157.55.39.234 - - [06/Nov/2014:00:54:12 -0500] "GET /BLA/resoluciones/Autos%202008/0182.pdf HTTP/1.1" 200 181482
157.55.39.234 - - [06/Nov/2014:00:54:12 -0500] "GET /BLA/resoluciones/RESOLUCIONES%202010/0470.pdf HTTP/1.1" 200 113424
157.55.39.234 - - [06/Nov/2014:00:54:13 -0500] "GET /BLA/resoluciones/RESOLUCIONES%202008/4033.pdf HTTP/1.1" 200 371126
66.249.64.163 - - [06/Nov/2014:00:54:23 -0500] "GET /BLA/resoluciones/AUTOS%202014/4169.pdf HTTP/1.1" 200 276607
157.55.39.152 - - [06/Nov/2014:00:54:25 -0500] "GET /BLA/resoluciones/RESOLUCIONES%202009/8070.pdf HTTP/1.1" 200 471481
66.249.64.163 - - [06/Nov/2014:00:54:29 -0500] "GET /BLA/resoluciones/AUTOS%202008/3443.pdf HTTP/1.1" 200 76072
157.55.39.118 - - [06/Nov/2014:00:54:29 -0500] "GET /BLA/resoluciones/Autos%202008/0276.pdf HTTP/1.1" 200 256722
157.55.39.118 - - [06/Nov/2014:00:54:30 -0500] "GET /BLA/resoluciones/AUTOS%202010/5510.pdf HTTP/1.1" 200 222235
157.55.39.151 - - [06/Nov/2014:00:54:35 -0500] "GET /BLA/resoluciones/RESOLUCIONES%202011/0864.pdf HTTP/1.1" 200 264657
157.55.39.151 - - [06/Nov/2014:00:54:36 -0500] "GET /BLA/resoluciones/AUTOS%202009/1299.pdf HTTP/1.1" 200 186928
157.55.39.234 - - [06/Nov/2014:00:54:42 -0500] "GET /BLA/resoluciones/RESOLUCIONES%202011/3323.pdf HTTP/1.1" 200 773710
157.55.39.234 - - [06/Nov/2014:00:54:46 -0500] "GET /BLA/resoluciones/RESOLUCIONES%202011/1048.pdf HTTP/1.1" 200 290961
207.46.13.1 - - [06/Nov/2014:00:54:47 -0500] "GET /dama/libreria/pdf/PIGA_ANEXO7.pdf HTTP/1.1" 404 1019
157.55.39.151 - - [06/Nov/2014:00:54:49 -0500] "GET /BLA/resoluciones/Resoluciones%202011/0954.pdf HTTP/1.1" 200 73837
157.55.39.152 - - [06/Nov/2014:00:54:54 -0500] "GET /bla/resoluciones/RESOLUCIONES%202011/2380.pdf HTTP/1.1" 200 762446
157.55.39.152 - - [06/Nov/2014:00:54:54 -0500] "GET /BLA/resoluciones/RESOLUCIONES%202009/9344.pdf HTTP/1.1" 200 494631
66.249.64.171 - - [06/Nov/2014:00:55:04 -0500] "GET /BLA/resoluciones/AUTOS%202011/1015.pdf HTTP/1.1" 200 123771
157.55.39.234 - - [06/Nov/2014:00:55:05 -0500] "GET /BLA/resoluciones/Resoluciones%202011/5400.pdf HTTP/1.1" 200 468675
157.55.39.255 - - [06/Nov/2014:00:55:05 -0500] "GET /bla/resoluciones/RESOLUCIONES%202009/2352.pdf HTTP/1.1" 200 512597
157.55.39.255 - - [06/Nov/2014:00:55:05 -0500] "GET /BLA/resoluciones/RESOLUCIONES%202011/2539.pdf HTTP/1.1" 200 496219
157.55.39.255 - - [06/Nov/2014:00:55:07 -0500] "GET /BLA/resoluciones/Autos%202008/2868.pdf HTTP/1.1" 200 144096
157.55.39.255 - - [06/Nov/2014:00:55:08 -0500] "GET /BLA/resoluciones/RESOLUCIONES%202010/7838.pdf HTTP/1.1" 200 451394
157.55.39.152 - - [06/Nov/2014:00:55:21 -0500] "GET /BLA/resoluciones/RESOLUCIONES%202009/0131.pdf HTTP/1.1" 200 138666
157.55.39.152 - - [06/Nov/2014:00:55:23 -0500] "GET /BLA/resoluciones/AUTOS%202009/1524.pdf HTTP/1.1" 200 97150
180.76.5.28 - - [06/Nov/2014:00:55:28 -0500] "GET /BLA/resoluciones/AUTOS%202011/1928.pdf HTTP/1.1" 200 165025
66.249.64.163 - - [06/Nov/2014:00:55:38 -0500] "GET /re/Cuento/cuadro14/_notes/ HTTP/1.1" 404 1018
201.245.192.253 - - [06/Nov/2014:00:55:43 -0500] "GET /forest/skins/gdocs-jar/img/info.jpg HTTP/1.1" 200 482
66.249.64.163 - - [06/Nov/2014:00:55:50 -0500] "GET /newsecs/plaenli/informes/ HTTP/1.1" 404 1018
157.55.39.152 - - [06/Nov/2014:00:55:55 -0500] "GET /bla/resoluciones/RESOLUCIONES%202009/9269.pdf HTTP/1.1" 200 515381
157.55.39.234 - - [06/Nov/2014:00:55:59 -0500] "GET /BLA/resoluciones/RESOLUCIONES%202009/7656.pdf HTTP/1.1" 200 520312
157.55.39.234 - - [06/Nov/2014:00:55:59 -0500] "GET /BLA/resoluciones/AUTOS%202007/3816.pdf HTTP/1.1" 200 71549
157.55.39.234 - - [06/Nov/2014:00:56:00 -0500] "GET /BLA/resoluciones/RESOLUCIONES%202009/0479.pdf HTTP/1.1" 200 617185
157.55.39.234 - - [06/Nov/2014:00:56:00 -0500] "GET /bla/resoluciones/RESOLUCIONES%202009/0468.pdf HTTP/1.1" 200 239751
157.55.39.234 - - [06/Nov/2014:00:56:07 -0500] "GET /BLA/resoluciones/RESOLUCIONES%202010/7425.pdf HTTP/1.1" 200 69395
157.55.39.152 - - [06/Nov/2014:00:56:12 -0500] "GET /BLA/resoluciones/RESOLUCIONES%202010/4776.pdf HTTP/1.1" 200 719246
66.249.64.167 - - [06/Nov/2014:00:56:13 -0500] "GET /BLA/resoluciones/RESOLUCIONES%202011/5538.pdf HTTP/1.1" 304 -
74.86.158.107 - - [06/Nov/2014:00:56:14 -0500] "HEAD / HTTP/1.1" 302 -
157.55.39.152 - - [06/Nov/2014:00:56:22 -0500] "GET /BLA/resoluciones/Resoluciones%202011/3916.pdf HTTP/1.1" 200 561746
157.55.39.118 - - [06/Nov/2014:00:56:26 -0500] "GET /BLA/resoluciones/AUTOS%202007/1136.pdf HTTP/1.1" 200 27980
157.55.39.255 - - [06/Nov/2014:00:56:31 -0500] "GET /BLA/resoluciones/RESOLUCIONES%202011/5548.pdf HTTP/1.1" 200 454830
157.55.39.151 - - [06/Nov/2014:00:56:36 -0500] "GET /bla/resoluciones/RESOLUCIONES%202011/0565.pdf HTTP/1.1" 200 68209
66.249.64.167 - - [06/Nov/2014:00:56:40 -0500] "GET /BLA/resoluciones/RESOLUCIONES%202004/RES%202004%201401-1450/00001448.tif HTTP/1.1" 200 245808
157.55.39.118 - - [06/Nov/2014:00:56:43 -0500] "GET /BLA/resoluciones/AUTOS%202007/1049.pdf HTTP/1.1" 200 35632
66.249.64.163 - - [06/Nov/2014:00:56:47 -0500] "GET /BLA/resoluciones/RESOLUCIONES%202011/2109.pdf HTTP/1.1" 304 -
157.55.39.234 - - [06/Nov/2014:00:56:51 -0500] "GET /BLA/boletinlegal/Circulares/2012/Circular%20No.%209%20del%2021%20de%20Agosto%20de%202012.pdf HTTP/1.1" 200 1402289
157.55.39.234 - - [06/Nov/2014:00:56:51 -0500] "GET /BLA/resoluciones/RESOLUCIONES%202009/1623.pdf HTTP/1.1" 200 389591
157.55.39.234 - - [06/Nov/2014:00:56:51 -0500] "GET /BLA/resoluciones/RESOLUCIONES%202010/5852.pdf HTTP/1.1" 200 132970
157.55.39.234 - - [06/Nov/2014:00:56:54 -0500] "GET /BLA/resoluciones/RESOLUCIONES%202010/2078.pdf HTTP/1.1" 200 205053
157.55.39.234 - - [06/Nov/2014:00:56:54 -0500] "GET /bla/resoluciones/RESOLUCIONES%202011/1878.pdf HTTP/1.1" 200 514919
157.55.39.234 - - [06/Nov/2014:00:56:55 -0500] "GET /BLA/resoluciones/AUTOS%202009/2623.pdf HTTP/1.1" 200 91402
157.55.39.234 - - [06/Nov/2014:00:56:55 -0500] "GET /BLA/resoluciones/Resoluciones%202011/4940.pdf HTTP/1.1" 200 357363
157.55.39.234 - - [06/Nov/2014:00:56:56 -0500] "GET /BLA/resoluciones/RESOLUCIONES%202007/RES%202007%20301%20AL%20400/RESOLUCION%200334%20DE%202007.pdf HTTP/1.1" 200 974433
157.55.39.255 - - [06/Nov/2014:00:56:58 -0500] "GET /BLA/resoluciones/RESOLUCIONES%202010/7265.pdf HTTP/1.1" 200 278576
157.55.39.255 - - [06/Nov/2014:00:56:58 -0500] "GET /bla/resoluciones/RESOLUCIONES%202009/7779.pdf HTTP/1.1" 200 493989
157.55.39.255 - - [06/Nov/2014:00:57:00 -0500] "GET /bla/resoluciones/RESOLUCIONES%202009/7617.pdf HTTP/1.1" 200 142322
157.55.39.255 - - [06/Nov/2014:00:57:01 -0500] "GET /BLA/resoluciones/Autos%202008/1874.pdf HTTP/1.1" 200 165924
157.55.39.152 - - [06/Nov/2014:00:57:03 -0500] "GET /BLA/resoluciones/RESOLUCIONES%202009/0435.pdf HTTP/1.1" 200 434327
157.55.39.255 - - [06/Nov/2014:00:57:08 -0500] "GET /BLA/resoluciones/Autos%202008/1874.pdf HTTP/1.1" 200 165924
157.55.39.118 - - [06/Nov/2014:00:57:13 -0500] "GET /BLA/resoluciones/Autos%202008/1614.pdf HTTP/1.1" 200 66108
157.55.39.118 - - [06/Nov/2014:00:57:17 -0500] "GET /bla/resoluciones/RESOLUCIONES%202011/1049.pdf HTTP/1.1" 200 389634
157.55.39.118 - - [06/Nov/2014:00:57:17 -0500] "GET /BLA/resoluciones/RESOLUCIONES%202011/4524.pdf HTTP/1.1" 200 665399
66.249.64.163 - - [06/Nov/2014:00:57:22 -0500] "GET /BLA/resoluciones/RESOLUCIONES%202007/RES%202007%20501%20AL%20600/RESOLUCION%200507%20DE%202007.pdf HTTP/1.1" 304 -
157.55.39.152 - - [06/Nov/2014:00:57:25 -0500] "GET /BLA/resoluciones/AUTOS%202007/2212.pdf HTTP/1.1" 200 88934
157.55.39.151 - - [06/Nov/2014:00:57:46 -0500] "GET /BLA/resoluciones/AUTOS%202010/4391.pdf HTTP/1.1" 200 135435
66.249.64.163 - - [06/Nov/2014:00:57:56 -0500] "GET /BLA/resoluciones/RESOLUCIONES%202007/RES%202007%202401%20AL%202500/RESOLUCION%202401%20DE%202007.pdf HTTP/1.1" 304 -
66.249.64.163 - - [06/Nov/2014:00:58:02 -0500] "GET /hidrico/aguas%20subterraneas/index.php?dir=Cartograf%ECa_Final_2013%2FGeolog%EDa%2F HTTP/1.1" 404 1018
157.55.39.255 - - [06/Nov/2014:00:58:09 -0500] "GET /BLA/resoluciones/AUTOS%202011/4634.pdf HTTP/1.1" 200 617453
157.55.39.255 - - [06/Nov/2014:00:58:09 -0500] "GET /BLA/resoluciones/AUTOS%202011/2089.pdf HTTP/1.1" 200 151935
157.55.39.234 - - [06/Nov/2014:00:58:16 -0500] "GET /BLA/resoluciones/Resoluciones%202011/2550.pdf HTTP/1.1" 200 764980
157.55.39.234 - - [06/Nov/2014:00:58:19 -0500] "GET /BLA/resoluciones/AUTOS%202011/5607.pdf HTTP/1.1" 200 181077
157.55.39.152 - - [06/Nov/2014:00:58:20 -0500] "GET /bla/resoluciones/RESOLUCIONES%202009/7737.pdf HTTP/1.1" 200 557380
157.55.39.152 - - [06/Nov/2014:00:58:20 -0500] "GET /BLA/resoluciones/Autos%202008/2165.pdf HTTP/1.1" 200 106481
157.55.39.152 - - [06/Nov/2014:00:58:21 -0500] "GET /bla/resoluciones/RESOLUCIONES%202009/2015.pdf HTTP/1.1" 200 1357574
157.55.39.118 - - [06/Nov/2014:00:58:27 -0500] "GET /BLA/resoluciones/RESOLUCIONES%202008/2269.pdf HTTP/1.1" 200 282299
157.55.39.255 - - [06/Nov/2014:00:58:31 -0500] "GET /BLA/resoluciones/RESOLUCIONES%202009/2408.pdf HTTP/1.1" 200 415110
66.249.64.171 - - [06/Nov/2014:00:58:31 -0500] "GET /BLA/resoluciones/RESOLUCIONES%202008/1415.pdf HTTP/1.1" 200 283931
157.55.39.255 - - [06/Nov/2014:00:58:32 -0500] "GET /BLA/resoluciones/RESOLUCIONES%202010/2327.pdf HTTP/1.1" 200 534163
157.55.39.255 - - [06/Nov/2014:00:58:33 -0500] "GET /BLA/resoluciones/RESOLUCIONES%202010/7366.pdf HTTP/1.1" 200 339250
157.55.39.255 - - [06/Nov/2014:00:58:33 -0500] "GET /bla/resoluciones/RESOLUCIONES%202009/9695.pdf HTTP/1.1" 200 326450
157.55.39.255 - - [06/Nov/2014:00:58:33 -0500] "GET /bla/resoluciones/RESOLUCIONES%202011/1766.pdf HTTP/1.1" 200 516918
157.55.39.118 - - [06/Nov/2014:00:58:56 -0500] "GET /BLA/resoluciones/RESOLUCIONES%202008/4034.pdf HTTP/1.1" 200 519388
157.55.39.118 - - [06/Nov/2014:00:58:56 -0500] "GET /BLA/resoluciones/RESOLUCIONES%202008/5203.pdf HTTP/1.1" 200 59973
157.55.39.255 - - [06/Nov/2014:00:59:00 -0500] "GET /BLA/resoluciones/Autos%202008/1727.pdf HTTP/1.1" 200 157378
157.55.39.255 - - [06/Nov/2014:00:59:01 -0500] "GET /BLA/resoluciones/RESOLUCIONES%202011/0169.pdf HTTP/1.1" 200 75173
157.55.39.255 - - [06/Nov/2014:00:59:01 -0500] "GET /BLA/resoluciones/AUTOS%202011/5692.pdf HTTP/1.1" 200 138257
157.55.39.255 - - [06/Nov/2014:00:59:03 -0500] "GET /bla/resoluciones/RESOLUCIONES%202011/2700.pdf HTTP/1.1" 200 769320
66.249.64.163 - - [06/Nov/2014:00:59:06 -0500] "GET /BLA/resoluciones/RESOLUCIONES%202009/6722.pdf HTTP/1.1" 200 437957
157.55.39.118 - - [06/Nov/2014:00:59:06 -0500] "GET /BLA/resoluciones/AUTOS%202010/2371.pdf HTTP/1.1" 200 295057
157.55.39.152 - - [06/Nov/2014:00:59:10 -0500] "GET /BLA/resoluciones/RESOLUCIONES%202008/1163.pdf HTTP/1.1" 200 746301
157.55.39.118 - - [06/Nov/2014:00:59:15 -0500] "GET /bla/resoluciones/RESOLUCIONES%202009/8219.pdf HTTP/1.1" 200 638508
186.28.166.202 - - [06/Nov/2014:00:59:17 -0500] "GET /galeria/carrusel/Carrusel/jquery.thumbnailScroller.css HTTP/1.1" 200 2066
186.28.166.202 - - [06/Nov/2014:00:59:17 -0500] "GET /BLA/boletinlegal/js/jquery.js HTTP/1.1" 200 57254
186.28.166.202 - - [06/Nov/2014:00:59:17 -0500] "GET /BLA/boletinlegal/js/jquery.scrollTo-min.js HTTP/1.1" 200 1150
186.28.166.202 - - [06/Nov/2014:00:59:17 -0500] "GET /BLA/boletinlegal/js/jquery.scrollShow.js HTTP/1.1" 200 4586
186.28.166.202 - - [06/Nov/2014:00:59:17 -0500] "GET /galeria/carrusel/Carrusel/jquery-ui-1.8.13.custom.min.js HTTP/1.1" 200 10800
186.28.166.202 - - [06/Nov/2014:00:59:17 -0500] "GET /galeria/carrusel/Carrusel/jquery.thumbnailScroller.js HTTP/1.1" 200 8157
186.28.166.202 - - [06/Nov/2014:00:59:19 -0500] "GET /galeria/nivo-slider/demo/demo.html HTTP/1.1" 200 3372
186.28.166.202 - - [06/Nov/2014:00:59:19 -0500] "GET /galeria/nivo-slider/themes/default/default.css HTTP/1.1" 200 1569
186.28.166.202 - - [06/Nov/2014:00:59:19 -0500] "GET /galeria/nivo-slider/themes/pascal/pascal.css HTTP/1.1" 200 2258
186.28.166.202 - - [06/Nov/2014:00:59:19 -0500] "GET /galeria/nivo-slider/themes/orman/orman.css HTTP/1.1" 200 2152
186.28.166.202 - - [06/Nov/2014:00:59:19 -0500] "GET /galeria/nivo-slider/nivo-slider.css HTTP/1.1" 200 1507
186.28.166.202 - - [06/Nov/2014:00:59:19 -0500] "GET /galeria/nivo-slider/demo/style.css HTTP/1.1" 200 2222
186.28.166.202 - - [06/Nov/2014:00:59:19 -0500] "GET /galeria/nivo-slider/demo/images/Banner-Ecourbanismo.jpg HTTP/1.1" 200 189838
186.28.166.202 - - [06/Nov/2014:00:59:19 -0500] "GET /galeria/nivo-slider/jquery.nivo.slider.pack.js HTTP/1.1" 200 11561
186.28.166.202 - - [06/Nov/2014:00:59:19 -0500] "GET /galeria/nivo-slider/demo/images/porloshumedales.jpg HTTP/1.1" 200 351238
186.28.166.202 - - [06/Nov/2014:00:59:19 -0500] "GET /galeria/nivo-slider/demo/images/banner-aceite3.jpg HTTP/1.1" 200 88347
186.28.166.202 - - [06/Nov/2014:00:59:19 -0500] "GET /galeria/nivo-slider/demo/images/Tingua-azul.jpg HTTP/1.1" 200 307638
186.28.166.202 - - [06/Nov/2014:00:59:20 -0500] "GET /galeria/nivo-slider/demo/scripts/jquery-1.7.1.min.js HTTP/1.1" 200 93868
186.28.166.202 - - [06/Nov/2014:00:59:20 -0500] "GET /galeria/nivo-slider/demo/images/4Simple_Slider.png HTTP/1.1" 200 11722
186.28.166.202 - - [06/Nov/2014:00:59:21 -0500] "GET /galeria/nivo-slider/themes/default/loading.gif HTTP/1.1" 200 1737
186.28.166.202 - - [06/Nov/2014:00:59:22 -0500] "GET /galeria/nivo-slider/demo/images/Banner-Caracol-Africano.jpg HTTP/1.1" 200 331986
186.28.166.202 - - [06/Nov/2014:00:59:22 -0500] "GET /galeria/nivo-slider/demo/images/banner-redes.jpg HTTP/1.1" 200 62209
186.28.166.202 - - [06/Nov/2014:00:59:24 -0500] "GET /galeria/nivo-slider/demo/images/9Signos.jpg HTTP/1.1" 200 93040
186.28.166.202 - - [06/Nov/2014:00:59:24 -0500] "GET /galeria/nivo-slider/demo/images/banner-llantas2.jpg HTTP/1.1" 200 73153
186.28.166.202 - - [06/Nov/2014:00:59:24 -0500] "GET /galeria/nivo-slider/demo/images/banner-caballos.png HTTP/1.1" 200 389106
186.28.166.202 - - [06/Nov/2014:00:59:24 -0500] "GET /galeria/nivo-slider/demo/images/Hacienda_Molinos.jpg HTTP/1.1" 200 319171
157.55.39.151 - - [06/Nov/2014:00:59:34 -0500] "GET /bla/resoluciones/RESOLUCIONES%202009/8928.pdf HTTP/1.1" 200 384990
157.55.39.118 - - [06/Nov/2014:00:59:37 -0500] "GET /BLA/resoluciones/Autos%202008/2544.pdf HTTP/1.1" 200 103683
157.55.39.118 - - [06/Nov/2014:00:59:38 -0500] "GET /bla/resoluciones/RESOLUCIONES%202011/1389.pdf HTTP/1.1" 200 67227
157.55.39.118 - - [06/Nov/2014:00:59:39 -0500] "GET /BLA/resoluciones/RESOLUCIONES%202011/1261.pdf HTTP/1.1" 200 368236
157.55.39.118 - - [06/Nov/2014:00:59:39 -0500] "GET /bla/resoluciones/RESOLUCIONES%202011/1249.pdf HTTP/1.1" 200 219533
66.249.64.171 - - [06/Nov/2014:00:59:40 -0500] "GET /BLA/resoluciones/index.php?dir=RESOLUCIONES%202003/RES%202003%20101-150/&sort=size&order=desc HTTP/1.1" 200 12354
157.55.39.234 - - [06/Nov/2014:00:59:43 -0500] "GET /BLA/resoluciones/RESOLUCIONES%202008/5078.pdf HTTP/1.1" 200 238915
157.55.39.234 - - [06/Nov/2014:00:59:43 -0500] "GET /BLA/resoluciones/AUTOS%202010/4821.pdf HTTP/1.1" 200 365934
157.55.39.234 - - [06/Nov/2014:00:59:43 -0500] "GET /BLA/resoluciones/AUTOS%202007/2432.pdf HTTP/1.1" 200 28438
157.55.39.234 - - [06/Nov/2014:00:59:45 -0500] "GET /BLA/resoluciones/RESOLUCIONES%202010/5903.pdf HTTP/1.1" 200 268283
157.55.39.255 - - [06/Nov/2014:00:59:51 -0500] "GET /BLA/resoluciones/RESOLUCIONES%202008/0088.pdf HTTP/1.1" 200 282797
157.55.39.255 - - [06/Nov/2014:00:59:51 -0500] "GET /BLA/resoluciones/Autos%202008/0170.pdf HTTP/1.1" 200 105433
157.55.39.255 - - [06/Nov/2014:00:59:52 -0500] "GET /BLA/resoluciones/AUTOS%202011/4460.pdf HTTP/1.1" 200 239301
157.55.39.255 - - [06/Nov/2014:00:59:52 -0500] "GET /BLA/resoluciones/RESOLUCIONES%202009/7670.pdf HTTP/1.1" 200 496469
157.55.39.118 - - [06/Nov/2014:00:59:57 -0500] "GET /bla/resoluciones/RESOLUCIONES%202009/0553.pdf HTTP/1.1" 200 714263
142.4.214.167 - - [06/Nov/2014:01:00:00 -0500] "GET /webfile/?tramite=2712 HTTP/1.1" 200 167305
157.55.39.152 - - [06/Nov/2014:01:00:12 -0500] "GET /BLA/resoluciones/Resoluciones%202011/4939.pdf HTTP/1.1" 200 350983
66.249.64.167 - - [06/Nov/2014:01:00:15 -0500] "GET /BLA/resoluciones/index.php?dir=RESOLUCIONES%202003/RES%202003%201351-1400/&sort=date&order=asc HTTP/1.1" 200 12157
66.249.64.167 - - [06/Nov/2014:01:00:15 -0500] "GET /Residuos/impresion/files/search/search61.xml HTTP/1.1" 404 1018
157.55.39.255 - - [06/Nov/2014:01:00:18 -0500] "GET /BLA/resoluciones/RESOLUCIONES%202009/1220.pdf HTTP/1.1" 200 637850
157.55.39.255 - - [06/Nov/2014:01:00:18 -0500] "GET /BLA/resoluciones/Autos%202008/2967.pdf HTTP/1.1" 200 88629
157.55.39.151 - - [06/Nov/2014:01:00:35 -0500] "GET /BLA/resoluciones/RESOLUCIONES%202008/0014.pdf HTTP/1.1" 200 105655
157.55.39.118 - - [06/Nov/2014:01:00:39 -0500] "GET /BLA/resoluciones/RESOLUCIONES%202009/1399.pdf HTTP/1.1" 200 116586
198.46.82.65 - - [06/Nov/2014:01:00:41 -0500] "GET /wp/wp-admin/ HTTP/1.1" 404 1018
157.55.39.255 - - [06/Nov/2014:01:00:45 -0500] "GET /BLA/resoluciones/AUTOS%202009/0304.pdf HTTP/1.1" 200 189437
66.249.64.171 - - [06/Nov/2014:01:00:49 -0500] "GET /BLA/resoluciones/index.php?dir=RESOLUCIONES%202006/RES%202006%201601-1650/&sort=size&order=desc HTTP/1.1" 200 12365
157.55.39.118 - - [06/Nov/2014:01:00:49 -0500] "GET /BLA/resoluciones/Autos%202008/2075.pdf HTTP/1.1" 200 146876
157.55.39.234 - - [06/Nov/2014:01:01:00 -0500] "GET /BLA/resoluciones/RESOLUCIONES%202009/7397.pdf HTTP/1.1" 200 682493
157.55.39.152 - - [06/Nov/2014:01:01:00 -0500] "GET /BLA/resoluciones/Resoluciones%202011/1457.pdf HTTP/1.1" 200 553768
157.55.39.234 - - [06/Nov/2014:01:01:00 -0500] "GET /BLA/resoluciones/RESOLUCIONES%202009/8507.pdf HTTP/1.1" 200 388470
157.55.39.152 - - [06/Nov/2014:01:01:00 -0500] "GET /BLA/resoluciones/Autos%202008/1720.pdf HTTP/1.1" 200 187284
157.55.39.152 - - [06/Nov/2014:01:01:01 -0500] "GET /BLA/resoluciones/RESOLUCIONES%202011/1859.pdf HTTP/1.1" 200 514235
186.87.116.76 - - [06/Nov/2014:01:01:13 -0500] "GET /BLA/boletinlegal/js/jquery.js HTTP/1.1" 200 57254
186.87.116.76 - - [06/Nov/2014:01:01:13 -0500] "GET /BLA/boletinlegal/js/jquery.scrollTo-min.js HTTP/1.1" 200 1150
186.87.116.76 - - [06/Nov/2014:01:01:13 -0500] "GET /BLA/boletinlegal/js/jquery.scrollShow.js HTTP/1.1" 200 4586
74.86.158.107 - - [06/Nov/2014:01:01:14 -0500] "HEAD / HTTP/1.1" 302 -
157.55.39.118 - - [06/Nov/2014:01:01:16 -0500] "GET /BLA/resoluciones/RESOLUCIONES%202009/7743.pdf HTTP/1.1" 200 302440
157.55.39.118 - - [06/Nov/2014:01:01:18 -0500] "GET /BLA/resoluciones/RESOLUCIONES%202008/0869.pdf HTTP/1.1" 200 40196
157.55.39.118 - - [06/Nov/2014:01:01:18 -0500] "GET /BLA/resoluciones/AUTOS%202007/1327.pdf HTTP/1.1" 200 52429
66.249.64.163 - - [06/Nov/2014:01:01:24 -0500] "GET /BLA/resoluciones/RESOLUCIONES%202008/5152.pdf HTTP/1.1" 200 188305
157.55.39.118 - - [06/Nov/2014:01:01:27 -0500] "GET /BLA/resoluciones/RESOLUCIONES%202010/6106.pdf HTTP/1.1" 200 698098
157.55.39.151 - - [06/Nov/2014:01:01:31 -0500] "GET /BLA/resoluciones/Resoluciones%202011/0610.pdf HTTP/1.1" 200 798456
157.55.39.151 - - [06/Nov/2014:01:01:32 -0500] "GET /BLA/resoluciones/RESOLUCIONES%202011/0610.pdf HTTP/1.1" 200 798456
157.55.39.255 - - [06/Nov/2014:01:01:39 -0500] "GET /BLA/resoluciones/Resoluciones%202011/1488.pdf HTTP/1.1" 200 70807
157.55.39.151 - - [06/Nov/2014:01:01:43 -0500] "GET /BLA/resoluciones/Resoluciones%202011/4750.pdf HTTP/1.1" 200 545038
157.55.39.255 - - [06/Nov/2014:01:01:49 -0500] "GET /BLA/resoluciones/RESOLUCIONES%202011/5343.pdf HTTP/1.1" 200 1002201
157.55.39.234 - - [06/Nov/2014:01:01:53 -0500] "GET /BLA/resoluciones/RESOLUCIONES%202009/1189.pdf HTTP/1.1" 200 321176
157.55.39.118 - - [06/Nov/2014:01:01:58 -0500] "GET /bla/resoluciones/RESOLUCIONES%202009/7485.pdf HTTP/1.1" 200 2326815
66.249.64.171 - - [06/Nov/2014:01:01:58 -0500] "GET /BLA/resoluciones/index.php?dir=RESOLUCIONES+2005%2FRES+2005+1901-1950%2F HTTP/1.1" 200 12364
157.55.39.118 - - [06/Nov/2014:01:02:00 -0500] "GET /BLA/resoluciones/RESOLUCIONES%202008/4248.pdf HTTP/1.1" 200 436093
157.55.39.152 - - [06/Nov/2014:01:02:08 -0500] "GET /BLA/resoluciones/RESOLUCIONES%202011/0898.pdf HTTP/1.1" 200 789534
157.55.39.152 - - [06/Nov/2014:01:02:10 -0500] "GET /BLA/resoluciones/RESOLUCIONES%202010/1864.pdf HTTP/1.1" 200 360610
157.55.39.255 - - [06/Nov/2014:01:02:12 -0500] "GET /bla/resoluciones/RESOLUCIONES%202009/0502.pdf HTTP/1.1" 200 175913
157.55.39.255 - - [06/Nov/2014:01:02:13 -0500] "GET /BLA/resoluciones/RESOLUCIONES%202010/7823.pdf HTTP/1.1" 200 424256
157.55.39.152 - - [06/Nov/2014:01:02:23 -0500] "GET /BLA/resoluciones/AUTOS%202011/0225.pdf HTTP/1.1" 200 148403
157.55.39.152 - - [06/Nov/2014:01:02:25 -0500] "GET /BLA/resoluciones/RESOLUCIONES%202010/4506.pdf HTTP/1.1" 200 707996
66.249.64.163 - - [06/Nov/2014:01:02:27 -0500] "GET /hidrico/aguas%20subterraneas/Cartograf%C3%ACa_Final_2013/Balance%20H%C3%ADdrico/Precipitacion_Marzo_Abril.pdf HTTP/1.1" 404 1018
157.55.39.118 - - [06/Nov/2014:01:02:33 -0500] "GET /BLA/resoluciones/Resoluciones%202011/5157.pdf HTTP/1.1" 200 675731
157.55.39.151 - - [06/Nov/2014:01:02:37 -0500] "GET /BLA/resoluciones/RESOLUCIONES%202012/1587.pdf HTTP/1.1" 200 3493026
157.55.39.151 - - [06/Nov/2014:01:02:38 -0500] "GET /BLA/resoluciones/AUTOS%202007/0563.pdf HTTP/1.1" 200 137996
157.55.39.234 - - [06/Nov/2014:01:02:43 -0500] "GET /BLA/resoluciones/AUTOS%202007/3084.pdf HTTP/1.1" 200 337980
157.55.39.151 - - [06/Nov/2014:01:02:49 -0500] "GET /BLA/resoluciones/RESOLUCIONES%202008/1461.pdf HTTP/1.1" 200 299470
157.55.39.151 - - [06/Nov/2014:01:02:50 -0500] "GET /BLA/resoluciones/RESOLUCIONES%202011/0198.pdf HTTP/1.1" 200 69405
157.55.39.118 - - [06/Nov/2014:01:02:58 -0500] "GET /BLA/resoluciones/AUTOS%202009/1702.pdf HTTP/1.1" 200 124822
157.55.39.234 - - [06/Nov/2014:01:03:07 -0500] "GET /BLA/resoluciones/Resoluciones%202011/1562.pdf HTTP/1.1" 200 724888
66.249.64.47 - - [06/Nov/2014:01:03:08 -0500] "GET /POT-2013/index.php?dir=Cartografia%2F HTTP/1.1" 200 11465
157.55.39.234 - - [06/Nov/2014:01:03:08 -0500] "GET /bla/resoluciones/RESOLUCIONES%202011/2321.pdf HTTP/1.1" 200 506293
157.55.39.234 - - [06/Nov/2014:01:03:09 -0500] "GET /BLA/resoluciones/RESOLUCIONES%202008/3826.pdf HTTP/1.1" 200 313953
66.249.64.171 - - [06/Nov/2014:01:03:14 -0500] "GET /galeria/nivo-slider/demo/demo.html HTTP/1.1" 200 3372
66.249.64.163 - - [06/Nov/2014:01:03:15 -0500] "GET /galeria/nivo-slider/themes/orman/orman.css HTTP/1.1" 200 2152
66.249.64.163 - - [06/Nov/2014:01:03:16 -0500] "GET /galeria/nivo-slider/themes/pascal/pascal.css HTTP/1.1" 200 2258
157.55.39.118 - - [06/Nov/2014:01:03:16 -0500] "GET /BLA/resoluciones/RESOLUCIONES%202009/8387.pdf HTTP/1.1" 200 424524
157.55.39.118 - - [06/Nov/2014:01:03:16 -0500] "GET /BLA/resoluciones/AUTOS%202011/4264.pdf HTTP/1.1" 200 261003
66.249.64.167 - - [06/Nov/2014:01:03:16 -0500] "GET /galeria/nivo-slider/nivo-slider.css HTTP/1.1" 200 1507
66.249.64.163 - - [06/Nov/2014:01:03:17 -0500] "GET /galeria/nivo-slider/themes/default/default.css HTTP/1.1" 200 1569
66.249.64.167 - - [06/Nov/2014:01:03:17 -0500] "GET /galeria/nivo-slider/demo/style.css HTTP/1.1" 200 2222
157.55.39.118 - - [06/Nov/2014:01:03:18 -0500] "GET /bla/resoluciones/RESOLUCIONES%202011/2248.pdf HTTP/1.1" 200 773358
66.249.64.171 - - [06/Nov/2014:01:03:18 -0500] "GET /galeria/nivo-slider/jquery.nivo.slider.pack.js HTTP/1.1" 200 11561
66.249.64.171 - - [06/Nov/2014:01:03:18 -0500] "GET /galeria/nivo-slider/demo/scripts/jquery-1.7.1.min.js HTTP/1.1" 200 93868
157.55.39.255 - - [06/Nov/2014:01:03:38 -0500] "GET /BLA/resoluciones/RESOLUCIONES%202010/7288.pdf HTTP/1.1" 200 1340813
157.55.39.234 - - [06/Nov/2014:01:03:40 -0500] "GET /BLA/resoluciones/RESOLUCIONES%202010/1753.pdf HTTP/1.1" 200 520479
66.249.64.39 - - [06/Nov/2014:01:03:42 -0500] "GET /Autoliquidacion/index.php?dir=TR%C1MITES%20AGUAS%20SUPERFICIALES/&sort=date&order=asc HTTP/1.1" 200 2682
157.55.39.118 - - [06/Nov/2014:01:03:48 -0500] "GET /bla/resoluciones/RESOLUCIONES%202011/3349.pdf HTTP/1.1" 200 302573
157.55.39.118 - - [06/Nov/2014:01:03:48 -0500] "GET /BLA/resoluciones/RESOLUCIONES%202010/6358.pdf HTTP/1.1" 200 507752
157.55.39.118 - - [06/Nov/2014:01:03:50 -0500] "GET /BLA/resoluciones/RESOLUCIONES%202012/1126.pdf HTTP/1.1" 200 758976
157.55.39.255 - - [06/Nov/2014:01:03:55 -0500] "GET /BLA/resoluciones/Resoluciones%202011/3799.pdf HTTP/1.1" 200 751365
157.55.39.255 - - [06/Nov/2014:01:03:55 -0500] "GET /BLA/resoluciones/Resoluciones%202011/1678.pdf HTTP/1.1" 200 68047
157.55.39.151 - - [06/Nov/2014:01:04:02 -0500] "GET /bla/resoluciones/RESOLUCIONES%202009/8314.pdf HTTP/1.1" 200 400034
180.76.6.156 - - [06/Nov/2014:01:04:05 -0500] "GET /BLA/resoluciones/RESOLUCIONES%202007/RES%202007%20401%20AL%20500/RESOLUCION%200444%20DE%202007.pdf HTTP/1.1" 200 1405488
157.55.39.152 - - [06/Nov/2014:01:04:07 -0500] "GET /bla/resoluciones/RESOLUCIONES%202011/1749.pdf HTTP/1.1" 200 519564
157.55.39.152 - - [06/Nov/2014:01:04:09 -0500] "GET /BLA/resoluciones/RESOLUCIONES%202009/2468.pdf HTTP/1.1" 200 417680
180.76.6.29 - - [06/Nov/2014:01:04:24 -0500] "GET /BLA/resoluciones/AUTOS%202009/2820.pdf HTTP/1.1" 200 99443
157.55.39.234 - - [06/Nov/2014:01:04:39 -0500] "GET /BLA/resoluciones/RESOLUCIONES%202008/4423.pdf HTTP/1.1" 200 638879
157.55.39.234 - - [06/Nov/2014:01:04:39 -0500] "GET /BLA/resoluciones/RESOLUCIONES%202008/3680.pdf HTTP/1.1" 200 207295
66.249.64.163 - - [06/Nov/2014:01:04:41 -0500] "GET /Residuos/quimicos/files/search/search105.xml HTTP/1.1" 404 1018
157.55.39.255 - - [06/Nov/2014:01:04:42 -0500] "GET /BLA/resoluciones/RESOLUCIONES%202009/2135.pdf HTTP/1.1" 200 538642
157.55.39.118 - - [06/Nov/2014:01:04:47 -0500] "GET /BLA/resoluciones/Autos%202008/0629.pdf HTTP/1.1" 200 96625
66.249.64.171 - - [06/Nov/2014:01:04:48 -0500] "GET /BLA/resoluciones/index.php?dir=RESOLUCIONES%202006/RES%202006%201601-1650/&sort=name&order=asc HTTP/1.1" 200 12366
66.249.64.39 - - [06/Nov/2014:01:04:49 -0500] "GET /Autoliquidacion/index.php?dir=TR%C1MITES%20AGUAS%20SUPERFICIALES/&sort=name&order=asc HTTP/1.1" 200 2682
157.55.39.255 - - [06/Nov/2014:01:04:55 -0500] "GET /BLA/resoluciones/RESOLUCIONES%202011/3772.pdf HTTP/1.1" 200 688124
157.55.39.118 - - [06/Nov/2014:01:05:00 -0500] "GET /BLA/resoluciones/AUTOS%202011/2189.pdf HTTP/1.1" 200 208535
157.55.39.118 - - [06/Nov/2014:01:05:01 -0500] "GET /BLA/resoluciones/Autos%202008/1031.pdf HTTP/1.1" 200 84063
157.55.39.152 - - [06/Nov/2014:01:05:04 -0500] "GET /BLA/resoluciones/AUTOS%202007/1539.pdf HTTP/1.1" 200 138995
157.55.39.255 - - [06/Nov/2014:01:05:15 -0500] "GET /BLA/resoluciones/RESOLUCIONES%202010/6383.pdf HTTP/1.1" 200 740307
157.55.39.255 - - [06/Nov/2014:01:05:15 -0500] "GET /BLA/resoluciones/Resoluciones%202011/1431.pdf HTTP/1.1" 200 67653
157.55.39.255 - - [06/Nov/2014:01:05:17 -0500] "GET /BLA/resoluciones/RESOLUCIONES%202010/0306.pdf HTTP/1.1" 200 541759
66.249.64.167 - - [06/Nov/2014:01:05:26 -0500] "GET /BLA/resoluciones/RESOLUCIONES%202006/RES%202006%202701-2750/INDEX.DAT HTTP/1.1" 200 2000
180.76.6.21 - - [06/Nov/2014:01:05:28 -0500] "GET /BLA/resoluciones/AUTOS%202011/1928.pdf HTTP/1.1" 200 165025
157.55.39.234 - - [06/Nov/2014:01:05:29 -0500] "GET /BLA/resoluciones/Autos%202008/0925.pdf HTTP/1.1" 200 82718
157.55.39.151 - - [06/Nov/2014:01:05:29 -0500] "GET /BLA/resoluciones/Autos%202008/1814.pdf HTTP/1.1" 200 116685
157.55.39.234 - - [06/Nov/2014:01:05:29 -0500] "GET /BLA/resoluciones/Resoluciones%202011/1210.pdf HTTP/1.1" 200 397818
157.55.39.151 - - [06/Nov/2014:01:05:29 -0500] "GET /BLA/resoluciones/RESOLUCIONES%202008/3941.pdf HTTP/1.1" 200 55425
157.55.39.234 - - [06/Nov/2014:01:05:29 -0500] "GET /BLA/resoluciones/Autos%202008/1191.pdf HTTP/1.1" 200 85969
66.249.64.163 - - [06/Nov/2014:01:05:33 -0500] "GET /BLA/resoluciones/AUTOS%202014/5829.pdf HTTP/1.1" 200 1738721
157.55.39.118 - - [06/Nov/2014:01:05:34 -0500] "GET /BLA/resoluciones/AUTOS%202011/3069.pdf HTTP/1.1" 200 248671
157.55.39.118 - - [06/Nov/2014:01:05:45 -0500] "GET /BLA/resoluciones/AUTOS%202010/5488.pdf HTTP/1.1" 200 142267
66.249.64.163 - - [06/Nov/2014:01:06:00 -0500] "GET /re1/Bioevolucion/relacion%20curriculo/cuadro%202%20administracion/ HTTP/1.1" 404 1018
157.55.39.152 - - [06/Nov/2014:01:06:14 -0500] "GET /BLA/resoluciones/RESOLUCIONES%202010/4848.pdf HTTP/1.1" 200 259381
74.86.158.107 - - [06/Nov/2014:01:06:14 -0500] "HEAD / HTTP/1.1" 302 -
157.55.39.152 - - [06/Nov/2014:01:06:16 -0500] "GET /BLA/resoluciones/RESOLUCIONES%202011/0632.pdf HTTP/1.1" 200 285912
157.55.39.152 - - [06/Nov/2014:01:06:18 -0500] "GET /BLA/resoluciones/AUTOS%202007/0660.pdf HTTP/1.1" 200 65547
157.55.39.255 - - [06/Nov/2014:01:06:23 -0500] "GET /BLA/boletinlegal/Circulares/2011/Circular%20No.%201%20del%2012%20de%20Abril%20de%202011.pdf HTTP/1.1" 200 366269
157.55.39.118 - - [06/Nov/2014:01:06:30 -0500] "GET /BLA/resoluciones/RESOLUCIONES%202009/7528.pdf HTTP/1.1" 200 499755
66.249.64.47 - - [06/Nov/2014:01:06:35 -0500] "GET /Autoliquidacion/index.php?dir=TR%C1MITES%20AGUAS%20SUPERFICIALES/&sort=date&order=desc HTTP/1.1" 200 2681
157.55.39.151 - - [06/Nov/2014:01:06:39 -0500] "GET /BLA/resoluciones/Autos%202008/0823.pdf HTTP/1.1" 200 184647
157.55.39.151 - - [06/Nov/2014:01:06:40 -0500] "GET /BLA/resoluciones/Autos%202008/1061.pdf HTTP/1.1" 200 169753
157.55.39.118 - - [06/Nov/2014:01:06:44 -0500] "GET /BLA/resoluciones/Autos%202008/0593.pdf HTTP/1.1" 200 206510
157.55.39.255 - - [06/Nov/2014:01:06:53 -0500] "GET /BLA/resoluciones/RESOLUCIONES%202009/7573.pdf HTTP/1.1" 200 494701
66.249.64.171 - - [06/Nov/2014:01:06:53 -0500] "GET /counter/digits/radiant/ HTTP/1.1" 404 1018
157.55.39.118 - - [06/Nov/2014:01:06:54 -0500] "GET /BLA/resoluciones/RESOLUCIONES%202011/1379.pdf HTTP/1.1" 200 66849
157.55.39.255 - - [06/Nov/2014:01:06:54 -0500] "GET /BLA/resoluciones/RESOLUCIONES%202011/1227.pdf HTTP/1.1" 200 521942
157.55.39.152 - - [06/Nov/2014:01:07:06 -0500] "GET /BLA/resoluciones/RESOLUCIONES%202011/0432.pdf HTTP/1.1" 200 70969
66.249.64.163 - - [06/Nov/2014:01:07:09 -0500] "GET /galeria/nivo-slider/demo/scripts/ HTTP/1.1" 200 1034
157.55.39.255 - - [06/Nov/2014:01:07:11 -0500] "GET /BLA/resoluciones/RESOLUCIONES%202010/5680.pdf HTTP/1.1" 200 301131
157.55.39.234 - - [06/Nov/2014:01:07:16 -0500] "GET /BLA/resoluciones/AUTOS%202009/2136.pdf HTTP/1.1" 200 85639
157.55.39.118 - - [06/Nov/2014:01:07:20 -0500] "GET /BLA/resoluciones/AUTOS%202010/4617.pdf HTTP/1.1" 200 401086
157.55.39.234 - - [06/Nov/2014:01:07:20 -0500] "GET /BLA/resoluciones/RESOLUCIONES%202010/7364.pdf HTTP/1.1" 200 343322
157.55.39.118 - - [06/Nov/2014:01:07:20 -0500] "GET /BLA/resoluciones/Autos%202008/2985.pdf HTTP/1.1" 200 113020
157.55.39.234 - - [06/Nov/2014:01:07:20 -0500] "GET /BLA/resoluciones/Autos%202008/2988.pdf HTTP/1.1" 200 168905
157.55.39.234 - - [06/Nov/2014:01:07:21 -0500] "GET /BLA/resoluciones/RESOLUCIONES%202010/2603.pdf HTTP/1.1" 200 523287
157.55.39.118 - - [06/Nov/2014:01:07:21 -0500] "GET /BLA/resoluciones/AUTOS%202007/3738.pdf HTTP/1.1" 200 224833
157.55.39.234 - - [06/Nov/2014:01:07:21 -0500] "GET /BLA/resoluciones/Resoluciones%202011/1195.pdf HTTP/1.1" 200 511355
157.55.39.118 - - [06/Nov/2014:01:07:21 -0500] "GET /BLA/resoluciones/RESOLUCIONES%202009/8786.pdf HTTP/1.1" 200 487824
157.55.39.255 - - [06/Nov/2014:01:07:25 -0500] "GET /BLA/resoluciones/Resoluciones%202011/0598.pdf HTTP/1.1" 200 75733
66.249.64.163 - - [06/Nov/2014:01:07:31 -0500] "GET /BLA/resoluciones/AUTOS%202014/1116.pdf HTTP/1.1" 200 487949
157.55.39.234 - - [06/Nov/2014:01:07:36 -0500] "GET /bla/resoluciones/RESOLUCIONES%202011/3144.pdf HTTP/1.1" 200 460197
157.55.39.234 - - [06/Nov/2014:01:07:37 -0500] "GET /BLA/resoluciones/Resoluciones%202011/0380.pdf HTTP/1.1" 200 259144
157.55.39.234 - - [06/Nov/2014:01:07:37 -0500] "GET /BLA/resoluciones/Resoluciones%202011/3838.pdf HTTP/1.1" 200 912312
220.181.108.122 - - [06/Nov/2014:01:07:38 -0500] "GET / HTTP/1.1" 302 -
123.125.71.60 - - [06/Nov/2014:01:07:41 -0500] "GET / HTTP/1.1" 302 -
66.249.64.163 - - [06/Nov/2014:01:07:44 -0500] "GET /Residuos/curtiembres/images/page132.swf HTTP/1.1" 404 1018
66.249.64.167 - - [06/Nov/2014:01:07:45 -0500] "GET /resoluciones/RESOLUCIONES%202008/2789.pdf HTTP/1.1" 404 1018
157.55.39.152 - - [06/Nov/2014:01:07:53 -0500] "GET /BLA/resoluciones/RESOLUCIONES%202009/0606.pdf HTTP/1.1" 200 306191
157.55.39.255 - - [06/Nov/2014:01:08:01 -0500] "GET /BLA/resoluciones/AUTOS%202009/0331.pdf HTTP/1.1" 200 126614
66.249.64.171 - - [06/Nov/2014:01:08:01 -0500] "GET /BLA/resoluciones/AUTOS%202009/0127.pdf HTTP/1.1" 200 61879
157.55.39.152 - - [06/Nov/2014:01:08:10 -0500] "GET /BLA/resoluciones/Autos%202008/0155.pdf HTTP/1.1" 200 228577
66.249.64.167 - - [06/Nov/2014:01:08:11 -0500] "GET /BLA/resoluciones/AUTOS%202014/1603.pdf HTTP/1.1" 200 240756
157.55.39.152 - - [06/Nov/2014:01:08:14 -0500] "GET /BLA/resoluciones/RESOLUCIONES%202011/2275.pdf HTTP/1.1" 200 504834
157.55.39.152 - - [06/Nov/2014:01:08:16 -0500] "GET /BLA/resoluciones/Autos%202008/3176.pdf HTTP/1.1" 200 197883
66.249.64.43 - - [06/Nov/2014:01:08:19 -0500] "GET /BLA/ HTTP/1.1" 200 538
157.55.39.255 - - [06/Nov/2014:01:08:24 -0500] "GET /BLA/resoluciones/Autos%202008/0212.pdf HTTP/1.1" 200 94281
157.55.39.255 - - [06/Nov/2014:01:08:25 -0500] "GET /BLA/resoluciones/AUTOS%202011/2246.pdf HTTP/1.1" 200 62015
157.55.39.118 - - [06/Nov/2014:01:08:32 -0500] "GET /BLA/resoluciones/Autos%202008/3141.pdf HTTP/1.1" 200 222701
152.61.128.66 - - [06/Nov/2014:01:08:37 -0500] "HEAD / HTTP/1.1" 302 -
157.55.39.151 - - [06/Nov/2014:01:08:37 -0500] "GET /BLA/resoluciones/AUTOS%202009/1683.pdf HTTP/1.1" 200 123469
152.61.128.66 - - [06/Nov/2014:01:08:37 -0500] "GET /arcgis/services/Calidad_del_Agua_WQI/MapServer/WMSServer?request=GetCapabilities&service=WMS HTTP/1.1" 200 32135
152.61.128.66 - - [06/Nov/2014:01:08:38 -0500] "GET /arcgis/services/Calidad_del_Agua_WQI/MapServer/WMSServer?request=GetCapabilities&service=WMS HTTP/1.0" 200 32135
157.55.39.151 - - [06/Nov/2014:01:08:39 -0500] "GET /BLA/resoluciones/RESOLUCIONES%202008/3576.pdf HTTP/1.1" 200 194465
152.61.128.66 - - [06/Nov/2014:01:08:39 -0500] "GET /arcgis/services/Calidad_del_Agua_WQI/MapServer/WMSServer?request=GetCapabilities&service=WMS HTTP/1.0" 200 32135
152.61.128.66 - - [06/Nov/2014:01:08:40 -0500] "GET /arcgis/services/Calidad_del_Agua_WQI/MapServer/WMSServer?request=GetCapabilities&service=WMS HTTP/1.0" 200 32135
152.61.128.66 - - [06/Nov/2014:01:08:41 -0500] "GET /arcgis/services/Calidad_del_Agua_WQI/MapServer/WMSServer?VERSION=1.1.1&REQUEST=GetMap&LAYERS=0&SRS=EPSG:4326&BBOX=-74.473395,3.674381,-73.963300,4.920569&WIDTH=250&HEIGHT=250&FORMAT=image/bmp&STYLES=& HTTP/1.1" 200 188054
157.55.39.255 - - [06/Nov/2014:01:08:45 -0500] "GET /BLA/resoluciones/RESOLUCIONES%202008/2044.pdf HTTP/1.1" 200 757107
180.76.5.169 - - [06/Nov/2014:01:08:49 -0500] "-" 408 -
157.55.39.118 - - [06/Nov/2014:01:08:49 -0500] "GET /BLA/resoluciones/AUTOS%202011/0488.pdf HTTP/1.1" 200 96017
157.55.39.255 - - [06/Nov/2014:01:08:55 -0500] "GET /BLA/resoluciones/AUTOS%202011/0076.pdf HTTP/1.1" 200 476169
157.55.39.152 - - [06/Nov/2014:01:08:59 -0500] "GET /bla/resoluciones/RESOLUCIONES%202009/2310.pdf HTTP/1.1" 200 425489
66.249.64.47 - - [06/Nov/2014:01:09:03 -0500] "GET /cyber/ecour/eco.htm HTTP/1.1" 404 1019
66.249.64.171 - - [06/Nov/2014:01:09:06 -0500] "GET /re/Cuento/imagenes%20comunes/botones%20cuento/ HTTP/1.1" 404 1018
189.176.245.19 - - [06/Nov/2014:01:09:08 -0500] "GET /BLA/boletinlegal/js/jquery.js HTTP/1.1" 200 57254
189.176.245.19 - - [06/Nov/2014:01:09:08 -0500] "GET /BLA/boletinlegal/js/jquery.scrollTo-min.js HTTP/1.1" 200 1150
189.176.245.19 - - [06/Nov/2014:01:09:08 -0500] "GET /BLA/boletinlegal/js/jquery.scrollShow.js HTTP/1.1" 200 4586
157.55.39.234 - - [06/Nov/2014:01:09:09 -0500] "GET /BLA/resoluciones/Resoluciones%202011/4824.pdf HTTP/1.1" 200 860123
157.55.39.234 - - [06/Nov/2014:01:09:09 -0500] "GET /BLA/resoluciones/RESOLUCIONES%202010/5806.pdf HTTP/1.1" 200 40182
157.55.39.255 - - [06/Nov/2014:01:09:11 -0500] "GET /BLA/resoluciones/RESOLUCIONES%202009/9161.pdf HTTP/1.1" 200 436823
66.249.64.171 - - [06/Nov/2014:01:09:13 -0500] "GET /BLA/resoluciones/RESOLUCIONES%202007/RES%202007%20901%20AL%201000/RESOLUCION%200958%20DE%202007.pdf HTTP/1.1" 200 439073
157.55.39.255 - - [06/Nov/2014:01:09:13 -0500] "GET /BLA/resoluciones/AUTOS%202009/2020.pdf HTTP/1.1" 200 99664
157.55.39.255 - - [06/Nov/2014:01:09:13 -0500] "GET /bla/resoluciones/RESOLUCIONES%202009/1110.pdf HTTP/1.1" 200 284341
157.55.39.118 - - [06/Nov/2014:01:09:17 -0500] "GET /BLA/resoluciones/RESOLUCIONES%202011/2234.pdf HTTP/1.1" 200 398524
157.55.39.118 - - [06/Nov/2014:01:09:18 -0500] "GET /BLA/resoluciones/RESOLUCIONES%202009/7561.pdf HTTP/1.1" 200 495423
157.55.39.255 - - [06/Nov/2014:01:09:24 -0500] "GET /bla/resoluciones/RESOLUCIONES%202009/0173.pdf HTTP/1.1" 200 318558
157.55.39.255 - - [06/Nov/2014:01:09:25 -0500] "GET /BLA/resoluciones/RESOLUCIONES%202009/8296.pdf HTTP/1.1" 200 391624
157.55.39.255 - - [06/Nov/2014:01:09:25 -0500] "GET /bla/resoluciones/RESOLUCIONES%202011/1051.pdf HTTP/1.1" 200 296910
198.46.82.65 - - [06/Nov/2014:01:09:25 -0500] "GET /old/wp-admin/ HTTP/1.1" 404 1018
157.55.39.255 - - [06/Nov/2014:01:09:26 -0500] "GET /BLA/resoluciones/RESOLUCIONES%202011/1897.pdf HTTP/1.1" 200 522202
157.55.39.255 - - [06/Nov/2014:01:09:26 -0500] "GET /BLA/resoluciones/RESOLUCIONES%202010/3902.pdf HTTP/1.1" 200 1034978
157.55.39.151 - - [06/Nov/2014:01:09:26 -0500] "GET /BLA/resoluciones/AUTOS%202011/6403.pdf HTTP/1.1" 200 125579
157.55.39.151 - - [06/Nov/2014:01:09:27 -0500] "GET /BLA/resoluciones/Resoluciones%202011/3059.pdf HTTP/1.1" 200 120506
157.55.39.151 - - [06/Nov/2014:01:09:28 -0500] "GET /BLA/resoluciones/AUTOS%202009/0198.pdf HTTP/1.1" 200 379077
190.203.20.7 - - [06/Nov/2014:01:09:32 -0500] "GET /BLA/boletinlegal/js/jquery.js HTTP/1.1" 200 57254
190.203.20.7 - - [06/Nov/2014:01:09:32 -0500] "GET /BLA/boletinlegal/js/jquery.scrollTo-min.js HTTP/1.1" 200 1150
190.203.20.7 - - [06/Nov/2014:01:09:33 -0500] "GET /BLA/boletinlegal/js/jquery.scrollShow.js HTTP/1.1" 200 4586
157.55.39.118 - - [06/Nov/2014:01:09:37 -0500] "GET /BLA/resoluciones/RESOLUCIONES%202008/1510.pdf HTTP/1.1" 200 93001
157.55.39.118 - - [06/Nov/2014:01:09:38 -0500] "GET /bla/resoluciones/RESOLUCIONES%202011/0110.pdf HTTP/1.1" 200 349155
157.55.39.234 - - [06/Nov/2014:01:09:42 -0500] "GET /BLA/resoluciones/RESOLUCIONES%202010/1298.pdf HTTP/1.1" 200 110954
157.55.39.234 - - [06/Nov/2014:01:09:43 -0500] "GET /BLA/resoluciones/AUTOS%202009/0992.pdf HTTP/1.1" 200 109063
157.55.39.255 - - [06/Nov/2014:01:09:47 -0500] "GET /BLA/resoluciones/RESOLUCIONES%202009/9790.pdf HTTP/1.1" 200 548177
157.55.39.255 - - [06/Nov/2014:01:09:48 -0500] "GET /BLA/resoluciones/RESOLUCIONES%202010/5996.pdf HTTP/1.1" 200 944913
157.55.39.152 - - [06/Nov/2014:01:09:51 -0500] "GET /BLA/resoluciones/Resoluciones%202011/5706.pdf HTTP/1.1" 200 727571
66.249.64.39 - - [06/Nov/2014:01:09:54 -0500] "GET /Autoliquidacion/index.php?dir=TR%C1MITES%20AGUAS%20SUPERFICIALES/&sort=name&order=desc HTTP/1.1" 200 2681
66.249.64.167 - - [06/Nov/2014:01:09:55 -0500] "GET /BLA/resoluciones/RESOLUCIONES%202009/6027.pdf HTTP/1.1" 200 486587
66.249.64.167 - - [06/Nov/2014:01:09:56 -0500] "GET /BLA/resoluciones/AUTOS%202014/2729.pdf HTTP/1.1" 200 470735
157.55.39.118 - - [06/Nov/2014:01:10:02 -0500] "GET /BLA/resoluciones/AUTOS%202011/2504.pdf HTTP/1.1" 200 274312
157.55.39.118 - - [06/Nov/2014:01:10:02 -0500] "GET /BLA/resoluciones/AUTOS%202011/3752.pdf HTTP/1.1" 200 209692
157.55.39.234 - - [06/Nov/2014:01:10:07 -0500] "GET /BLA/resoluciones/RESOLUCIONES%202010/2219.pdf HTTP/1.1" 200 493648
157.55.39.255 - - [06/Nov/2014:01:10:07 -0500] "GET /BLA/resoluciones/Resoluciones%202011/2047.pdf HTTP/1.1" 200 692124
157.55.39.234 - - [06/Nov/2014:01:10:07 -0500] "GET /BLA/resoluciones/RESOLUCIONES%202008/1307.pdf HTTP/1.1" 200 1113834
157.55.39.255 - - [06/Nov/2014:01:10:07 -0500] "GET /BLA/resoluciones/RESOLUCIONES%202007/RES%202007%20901%20AL%201000/RESOLUCION%200954%20DE%202007.pdf HTTP/1.1" 200 222949
190.26.28.3 - - [06/Nov/2014:01:10:10 -0500] "GET /galeria/nivo-slider/demo/images/bannerEcolecta3.jpg HTTP/1.1" 200 280034
157.55.39.152 - - [06/Nov/2014:01:10:17 -0500] "GET /BLA/resoluciones/RESOLUCIONES%202010/2393.pdf HTTP/1.1" 200 508340
157.55.39.118 - - [06/Nov/2014:01:10:21 -0500] "GET /BLA/resoluciones/RESOLUCIONES%202009/8576.pdf HTTP/1.1" 200 513710
190.26.28.3 - - [06/Nov/2014:01:10:23 -0500] "GET /galeria/nivo-slider/demo/images/bannerEcolecta3.jpg HTTP/1.1" 200 280034
157.55.39.255 - - [06/Nov/2014:01:10:26 -0500] "GET /BLA/resoluciones/RESOLUCIONES%202011/0841.pdf HTTP/1.1" 200 800078
157.55.39.255 - - [06/Nov/2014:01:10:28 -0500] "GET /BLA/resoluciones/Resoluciones%202011/1478.pdf HTTP/1.1" 200 38114
157.55.39.255 - - [06/Nov/2014:01:10:28 -0500] "GET /BLA/resoluciones/AUTOS%202010/0409.pdf HTTP/1.1" 200 242867
157.55.39.118 - - [06/Nov/2014:01:10:31 -0500] "GET /BLA/resoluciones/Autos%202008/3449.pdf HTTP/1.1" 200 124564
157.55.39.118 - - [06/Nov/2014:01:10:32 -0500] "GET /bla/resoluciones/RESOLUCIONES%202009/1326.pdf HTTP/1.1" 200 411235
157.55.39.118 - - [06/Nov/2014:01:10:33 -0500] "GET /BLA/resoluciones/RESOLUCIONES%202010/5522.pdf HTTP/1.1" 200 196423
157.55.39.118 - - [06/Nov/2014:01:10:33 -0500] "GET /BLA/resoluciones/AUTOS%202011/6954.pdf HTTP/1.1" 200 189423
157.55.39.151 - - [06/Nov/2014:01:10:35 -0500] "GET /BLA/resoluciones/Autos%202008/1168.pdf HTTP/1.1" 200 206673
157.55.39.151 - - [06/Nov/2014:01:10:36 -0500] "GET /bla/resoluciones/RESOLUCIONES%202009/7423.pdf HTTP/1.1" 200 492897
157.55.39.151 - - [06/Nov/2014:01:10:37 -0500] "GET /BLA/resoluciones/RESOLUCIONES%202010/2238.pdf HTTP/1.1" 200 341990
157.55.39.151 - - [06/Nov/2014:01:10:40 -0500] "GET /BLA/resoluciones/AUTOS%202007/0028.pdf HTTP/1.1" 200 49140
157.55.39.151 - - [06/Nov/2014:01:10:41 -0500] "GET /BLA/resoluciones/AUTOS%202010/0781.pdf HTTP/1.1" 200 158026
180.76.5.151 - - [06/Nov/2014:01:10:44 -0500] "-" 408 -
157.55.39.234 - - [06/Nov/2014:01:10:45 -0500] "GET /BLA/resoluciones/RESOLUCIONES%202009/9350.pdf HTTP/1.1" 200 494033
157.55.39.118 - - [06/Nov/2014:01:10:48 -0500] "GET /BLA/resoluciones/AUTOS%202011/6846.pdf HTTP/1.1" 200 201482
157.55.39.234 - - [06/Nov/2014:01:10:52 -0500] "GET /BLA/resoluciones/AUTOS%202010/5457.pdf HTTP/1.1" 200 145850
157.55.39.255 - - [06/Nov/2014:01:10:53 -0500] "GET /BLA/resoluciones/AUTOS%202007/2360.pdf HTTP/1.1" 200 325845
157.55.39.255 - - [06/Nov/2014:01:10:54 -0500] "GET /BLA/resoluciones/RESOLUCIONES%202008/4110.pdf HTTP/1.1" 200 364109
157.55.39.255 - - [06/Nov/2014:01:10:54 -0500] "GET /BLA/resoluciones/RESOLUCIONES%202010/2058.pdf HTTP/1.1" 200 193931
157.55.39.255 - - [06/Nov/2014:01:10:55 -0500] "GET /BLA/resoluciones/AUTOS%202007/2816.pdf HTTP/1.1" 200 157520
157.55.39.255 - - [06/Nov/2014:01:10:55 -0500] "GET /BLA/resoluciones/RESOLUCIONES%202009/1754.pdf HTTP/1.1" 200 503274
66.249.64.167 - - [06/Nov/2014:01:10:59 -0500] "GET /BLA/resoluciones/AUTOS%202009/2938.pdf HTTP/1.1" 200 157697
157.55.39.152 - - [06/Nov/2014:01:11:02 -0500] "GET /BLA/resoluciones/RESOLUCIONES%202010/1772.pdf HTTP/1.1" 200 552838
66.249.64.167 - - [06/Nov/2014:01:11:11 -0500] "GET /counter/digits/chocolat/ HTTP/1.1" 404 1018
157.55.39.152 - - [06/Nov/2014:01:11:11 -0500] "GET /BLA/resoluciones/RESOLUCIONES%202009/0884.pdf HTTP/1.1" 200 722089
74.86.158.107 - - [06/Nov/2014:01:11:14 -0500] "HEAD / HTTP/1.1" 302 -
157.55.39.255 - - [06/Nov/2014:01:11:16 -0500] "GET /BLA/resoluciones/RESOLUCIONES%202010/2252.pdf HTTP/1.1" 200 511525
157.55.39.118 - - [06/Nov/2014:01:11:21 -0500] "GET /BLA/resoluciones/RESOLUCIONES%202011/0307.pdf HTTP/1.1" 200 85617
