157.55.39.234 - - [06/Nov/2014:00:29:41 -0500] "GET /BLA/resoluciones/RESOLUCIONES%202010/2041.pdf HTTP/1.1" 200 59245
61.135.190.224 - - [06/Nov/2014:00:29:41 -0500] "GET /BLA/boletinlegal/js/jquery.scrollTo-min.js HTTP/1.1" 200 1150
61.135.190.224 - - [06/Nov/2014:00:29:42 -0500] "GET /BLA/boletinlegal/js/jquery.scrollShow.js HTTP/1.1" 200 4586
61.135.190.224 - - [06/Nov/2014:00:29:43 -0500] "GET /galeria/carrusel/Carrusel/jquery-ui-1.8.13.custom.min.js HTTP/1.1" 200 10800
61.135.190.224 - - [06/Nov/2014:00:29:43 -0500] "GET /galeria/carrusel/Carrusel/jquery.thumbnailScroller.js HTTP/1.1" 200 8157
157.55.39.151 - - [06/Nov/2014:00:29:44 -0500] "GET /BLA/resoluciones/AUTOS%202007/3393.pdf HTTP/1.1" 200 148597
157.55.39.151 - - [06/Nov/2014:00:29:44 -0500] "GET /BLA/resoluciones/AUTOS%202007/1110.pdf HTTP/1.1" 200 26524
157.55.39.118 - - [06/Nov/2014:00:29:49 -0500] "GET /bla/resoluciones/RESOLUCIONES%202011/2815.pdf HTTP/1.1" 200 753712
157.55.39.255 - - [06/Nov/2014:00:29:56 -0500] "GET /BLA/resoluciones/AUTOS%202009/1994.pdf HTTP/1.1" 200 108728
180.76.5.80 - - [06/Nov/2014:00:30:01 -0500] "GET /BLA/resoluciones/RESOLUCIONES%202009/0956.pdf HTTP/1.1" 200 655122
157.55.39.118 - - [06/Nov/2014:00:30:04 -0500] "GET /BLA/resoluciones/Resoluciones%202011/3285.pdf HTTP/1.1" 200 283898
157.55.39.234 - - [06/Nov/2014:00:30:08 -0500] "GET /BLA/resoluciones/RESOLUCIONES%202011/4361.pdf HTTP/1.1" 200 695644
157.55.39.234 - - [06/Nov/2014:00:30:09 -0500] "GET /BLA/resoluciones/AUTOS%202011/1644.pdf HTTP/1.1" 200 139422
157.55.39.234 - - [06/Nov/2014:00:30:09 -0500] "GET /BLA/resoluciones/RESOLUCIONES%202009/8089.pdf HTTP/1.1" 200 501585
157.55.39.234 - - [06/Nov/2014:00:30:13 -0500] "GET /BLA/resoluciones/RESOLUCIONES%202011/2336.pdf HTTP/1.1" 200 291773
157.55.39.234 - - [06/Nov/2014:00:30:13 -0500] "GET /BLA/resoluciones/RESOLUCIONES%202009/1943.pdf HTTP/1.1" 200 457769
157.55.39.234 - - [06/Nov/2014:00:30:14 -0500] "GET /BLA/resoluciones/AUTOS%202011/7790.pdf HTTP/1.1" 200 140252
157.55.39.234 - - [06/Nov/2014:00:30:14 -0500] "GET /BLA/resoluciones/RESOLUCIONES%202008/4276.pdf HTTP/1.1" 200 625474
157.55.39.234 - - [06/Nov/2014:00:30:15 -0500] "GET /BLA/resoluciones/AUTOS%202009/3220.pdf HTTP/1.1" 200 191291
157.55.39.234 - - [06/Nov/2014:00:30:15 -0500] "GET /BLA/resoluciones/AUTOS%202011/3748.pdf HTTP/1.1" 200 236183
157.55.39.118 - - [06/Nov/2014:00:30:19 -0500] "GET /BLA/resoluciones/AUTOS%202007/1812.pdf HTTP/1.1" 200 31121
157.55.39.152 - - [06/Nov/2014:00:30:22 -0500] "GET /BLA/resoluciones/RESOLUCIONES%202011/1269.pdf HTTP/1.1" 200 313445
157.55.39.152 - - [06/Nov/2014:00:30:23 -0500] "GET /BLA/resoluciones/Resoluciones%202011/5031.pdf HTTP/1.1" 200 126863
157.55.39.152 - - [06/Nov/2014:00:30:23 -0500] "GET /BLA/resoluciones/RESOLUCIONES%202010/1410.pdf HTTP/1.1" 200 3019381
201.245.192.253 - - [06/Nov/2014:00:30:26 -0500] "GET /forest/skins/gdocs-jar/img/print.gif HTTP/1.1" 200 1195
180.76.5.167 - - [06/Nov/2014:00:30:28 -0500] "GET /BLA/resoluciones/RESOLUCIONES%202009/2851.pdf HTTP/1.1" 200 527148
157.55.39.255 - - [06/Nov/2014:00:30:32 -0500] "GET /BLA/resoluciones/RESOLUCIONES%202009/9170.pdf HTTP/1.1" 200 437887
157.55.39.255 - - [06/Nov/2014:00:30:32 -0500] "GET /BLA/resoluciones/RESOLUCIONES%202010/7093.pdf HTTP/1.1" 200 510062
157.55.39.151 - - [06/Nov/2014:00:30:36 -0500] "GET /BLA/resoluciones/RESOLUCIONES%202010/4816.pdf HTTP/1.1" 200 753849
157.55.39.151 - - [06/Nov/2014:00:30:37 -0500] "GET /bla/resoluciones/RESOLUCIONES%202009/9570.pdf HTTP/1.1" 200 372392
157.55.39.118 - - [06/Nov/2014:00:30:41 -0500] "GET /BLA/resoluciones/RESOLUCIONES%202009/9157.pdf HTTP/1.1" 200 436967
202.46.61.123 - - [06/Nov/2014:00:30:55 -0500] "GET /BLA/resoluciones/RESOLUCIONES%202007/RES%202007%20601%20AL%20700/RESOLUCION%200601%20DE%202007.pdf HTTP/1.1" 200 244671
157.55.39.255 - - [06/Nov/2014:00:30:56 -0500] "GET /BLA/resoluciones/RESOLUCIONES%202008/3817.pdf HTTP/1.1" 200 732975
157.55.39.255 - - [06/Nov/2014:00:30:56 -0500] "GET /BLA/resoluciones/AUTOS%202009/2823.pdf HTTP/1.1" 200 129837
157.55.39.152 - - [06/Nov/2014:00:31:13 -0500] "GET /BLA/resoluciones/RESOLUCIONES%202011/0280.pdf HTTP/1.1" 200 85667
74.86.158.107 - - [06/Nov/2014:00:31:14 -0500] "HEAD / HTTP/1.1" 302 -
66.249.64.167 - - [06/Nov/2014:00:31:27 -0500] "GET /counter/digits/jump/ HTTP/1.1" 404 1018
157.55.39.234 - - [06/Nov/2014:00:31:27 -0500] "GET /bla/resoluciones/RESOLUCIONES%202009/8951.pdf HTTP/1.1" 200 311659
157.55.39.255 - - [06/Nov/2014:00:31:30 -0500] "GET /BLA/resoluciones/RESOLUCIONES%202008/5105.pdf HTTP/1.1" 200 352606
157.55.39.255 - - [06/Nov/2014:00:31:30 -0500] "GET /BLA/resoluciones/Resoluciones%202011/4794.pdf HTTP/1.1" 200 804989
157.55.39.255 - - [06/Nov/2014:00:31:31 -0500] "GET /BLA/resoluciones/RESOLUCIONES%202011/6155.pdf HTTP/1.1" 200 206909
157.55.39.255 - - [06/Nov/2014:00:31:31 -0500] "GET /BLA/resoluciones/RESOLUCIONES%202008/4019.pdf HTTP/1.1" 200 617775
157.55.39.234 - - [06/Nov/2014:00:31:28 -0500] "GET /bla/resoluciones/resoluciones%202011/?C=N;O=A HTTP/1.1" 200 665283
157.55.39.255 - - [06/Nov/2014:00:31:32 -0500] "GET /BLA/resoluciones/AUTOS%202009/0115.pdf HTTP/1.1" 200 55787
157.55.39.151 - - [06/Nov/2014:00:31:32 -0500] "GET /BLA/resoluciones/Autos%202008/1276.pdf HTTP/1.1" 200 73845
180.76.6.58 - - [06/Nov/2014:00:31:49 -0500] "GET /BLA/resoluciones/RESOLUCIONES%202009/1234.pdf HTTP/1.1" 200 90029
66.249.64.163 - - [06/Nov/2014:00:31:52 -0500] "GET /portel_dama/libreria/doc/ HTTP/1.1" 404 1018
157.55.39.255 - - [06/Nov/2014:00:31:55 -0500] "GET /bla/resoluciones/RESOLUCIONES%202009/8948.pdf HTTP/1.1" 200 333439
157.55.39.255 - - [06/Nov/2014:00:31:55 -0500] "GET /BLA/resoluciones/RESOLUCIONES%202009/7882.pdf HTTP/1.1" 200 438774
157.55.39.118 - - [06/Nov/2014:00:31:59 -0500] "GET /BLA/resoluciones/RESOLUCIONES%202010/4928.pdf HTTP/1.1" 200 755781
157.55.39.118 - - [06/Nov/2014:00:31:59 -0500] "GET /BLA/resoluciones/RESOLUCIONES%202011/3036.pdf HTTP/1.1" 200 709904
157.55.39.118 - - [06/Nov/2014:00:32:00 -0500] "GET /BLA/resoluciones/RESOLUCIONES%202009/8838.pdf HTTP/1.1" 200 405691
157.55.39.118 - - [06/Nov/2014:00:32:00 -0500] "GET /BLA/resoluciones/RESOLUCIONES%202010/4211.pdf HTTP/1.1" 200 753487
157.55.39.118 - - [06/Nov/2014:00:32:01 -0500] "GET /BLA/resoluciones/RESOLUCIONES%202010/7856.pdf HTTP/1.1" 200 503802
157.55.39.255 - - [06/Nov/2014:00:32:04 -0500] "GET /BLA/resoluciones/RESOLUCIONES%202010/4040.pdf HTTP/1.1" 200 796607
157.55.39.152 - - [06/Nov/2014:00:32:05 -0500] "GET /BLA/resoluciones/RESOLUCIONES%202009/9316.pdf HTTP/1.1" 200 480107
157.55.39.118 - - [06/Nov/2014:00:32:26 -0500] "GET /BLA/resoluciones/Autos%202008/1982.pdf HTTP/1.1" 200 98226
66.249.64.167 - - [06/Nov/2014:00:32:36 -0500] "GET /counter/digits/7seg/ HTTP/1.1" 404 1018
157.55.39.234 - - [06/Nov/2014:00:32:37 -0500] "GET /BLA/resoluciones/Resoluciones%202011/0292.pdf HTTP/1.1" 200 532142
157.55.39.234 - - [06/Nov/2014:00:32:37 -0500] "GET /BLA/resoluciones/RESOLUCIONES%202008/2732.pdf HTTP/1.1" 200 189542
157.55.39.234 - - [06/Nov/2014:00:32:38 -0500] "GET /BLA/resoluciones/RESOLUCIONES%202010/7206.pdf HTTP/1.1" 200 982364
157.55.39.255 - - [06/Nov/2014:00:32:47 -0500] "GET /BLA/resoluciones/Autos%202008/2504.pdf HTTP/1.1" 200 165475
157.55.39.255 - - [06/Nov/2014:00:32:48 -0500] "GET /BLA/resoluciones/AUTOS%202011/4245.pdf HTTP/1.1" 200 280443
157.55.39.118 - - [06/Nov/2014:00:33:01 -0500] "GET /BLA/resoluciones/RESOLUCIONES%202010/1689.pdf HTTP/1.1" 200 490599
157.55.39.118 - - [06/Nov/2014:00:33:01 -0500] "GET /BLA/resoluciones/RESOLUCIONES%202009/8050.pdf HTTP/1.1" 200 415674
66.249.64.139 - - [06/Nov/2014:00:33:02 -0500] "GET /robots.txt HTTP/1.1" 404 1015
66.249.64.143 - - [06/Nov/2014:00:33:02 -0500] "GET /dama/libreria/pdf/polit_humedales.pdf HTTP/1.1" 404 1015
66.249.64.171 - - [06/Nov/2014:00:33:10 -0500] "GET /Residuos/impresion/images/page71.swf HTTP/1.1" 404 1018
157.55.39.152 - - [06/Nov/2014:00:33:12 -0500] "GET /BLA/resoluciones/RESOLUCIONES%202010/2053.pdf HTTP/1.1" 200 190569
157.55.39.152 - - [06/Nov/2014:00:33:12 -0500] "GET /BLA/resoluciones/RESOLUCIONES%202010/5741.pdf HTTP/1.1" 200 92209
157.55.39.152 - - [06/Nov/2014:00:33:13 -0500] "GET /BLA/resoluciones/RESOLUCIONES%202008/3464.pdf HTTP/1.1" 200 383106
157.55.39.118 - - [06/Nov/2014:00:33:13 -0500] "GET /BLA/resoluciones/RESOLUCIONES%202011/4250.pdf HTTP/1.1" 200 586226
157.55.39.152 - - [06/Nov/2014:00:33:13 -0500] "GET /BLA/resoluciones/RESOLUCIONES%202010/0926.pdf HTTP/1.1" 200 104608
181.70.215.183 - - [06/Nov/2014:00:33:20 -0500] "GET /BLA/boletinlegal/js/jquery.js HTTP/1.1" 200 57254
181.70.215.183 - - [06/Nov/2014:00:33:20 -0500] "GET /BLA/boletinlegal/js/jquery.scrollTo-min.js HTTP/1.1" 200 1150
181.70.215.183 - - [06/Nov/2014:00:33:20 -0500] "GET /BLA/boletinlegal/js/jquery.scrollShow.js HTTP/1.1" 200 4586
157.55.39.234 - - [06/Nov/2014:00:33:21 -0500] "GET /BLA/resoluciones/AUTOS%202011/2611.pdf HTTP/1.1" 200 340822
157.55.39.234 - - [06/Nov/2014:00:33:22 -0500] "GET /BLA/resoluciones/RESOLUCIONES%202008/0442.pdf HTTP/1.1" 200 293466
157.55.39.234 - - [06/Nov/2014:00:33:23 -0500] "GET /BLA/resoluciones/RESOLUCIONES%202010/7857.pdf HTTP/1.1" 200 316892
157.55.39.152 - - [06/Nov/2014:00:33:25 -0500] "GET /BLA/resoluciones/RESOLUCIONES%202011/2404.pdf HTTP/1.1" 200 616444
157.55.39.151 - - [06/Nov/2014:00:33:45 -0500] "GET /BLA/resoluciones/RESOLUCIONES%202008/1686.pdf HTTP/1.1" 200 528667
66.249.64.171 - - [06/Nov/2014:00:33:45 -0500] "GET /Residuos/impresion/images/page61.swf HTTP/1.1" 404 1018
157.55.39.151 - - [06/Nov/2014:00:33:45 -0500] "GET /BLA/resoluciones/AUTOS%202007/0900.pdf HTTP/1.1" 200 82505
180.76.5.172 - - [06/Nov/2014:00:33:45 -0500] "GET /BLA/resoluciones/AUTOS%202011/6254.pdf HTTP/1.1" 200 169697
157.55.39.151 - - [06/Nov/2014:00:33:48 -0500] "GET /BLA/boletinlegal/jurisprudencia/analisis/Analisis%20Sentencia%20T-1077,%202%20corregida.doc HTTP/1.1" 200 47616
180.76.5.67 - - [06/Nov/2014:00:33:51 -0500] "GET /BLA/resoluciones/AUTOS%202011/2174.pdf HTTP/1.1" 200 133198
157.55.39.152 - - [06/Nov/2014:00:33:55 -0500] "GET /BLA/resoluciones/RESOLUCIONES%202010/6923.pdf HTTP/1.1" 200 519938
157.55.39.152 - - [06/Nov/2014:00:33:56 -0500] "GET /BLA/resoluciones/RESOLUCIONES%202011/1498.pdf HTTP/1.1" 200 102678
66.249.64.163 - - [06/Nov/2014:00:33:57 -0500] "GET /portel_dama/libreria/css/ HTTP/1.1" 404 1018
157.55.39.152 - - [06/Nov/2014:00:34:00 -0500] "GET /BLA/resoluciones/RESOLUCIONES%202010/0816.pdf HTTP/1.1" 200 103702
157.55.39.152 - - [06/Nov/2014:00:34:04 -0500] "GET /BLA/resoluciones/RESOLUCIONES%202011/3878.pdf HTTP/1.1" 200 559422
198.46.82.65 - - [06/Nov/2014:00:34:07 -0500] "GET /test/wp-admin/ HTTP/1.1" 404 1018
157.55.39.255 - - [06/Nov/2014:00:34:09 -0500] "GET /BLA/resoluciones/RESOLUCIONES%202008/4418.pdf HTTP/1.1" 200 289804
157.55.39.255 - - [06/Nov/2014:00:34:10 -0500] "GET /BLA/resoluciones/AUTOS%202010/0834.pdf HTTP/1.1" 200 210641
157.55.39.118 - - [06/Nov/2014:00:34:14 -0500] "GET /BLA/resoluciones/RESOLUCIONES%202010/1436.pdf HTTP/1.1" 200 609640
157.55.39.118 - - [06/Nov/2014:00:34:15 -0500] "GET /BLA/resoluciones/RESOLUCIONES%202010/3090.pdf HTTP/1.1" 200 122771
157.55.39.152 - - [06/Nov/2014:00:34:19 -0500] "GET /BLA/resoluciones/RESOLUCIONES%202011/4217.pdf HTTP/1.1" 200 602731
66.249.64.167 - - [06/Nov/2014:00:34:20 -0500] "GET /BLA/resoluciones/RESOLUCIONES%202007/RES%202007%203101%20AL%203200/RESOLUCION%203147%20DE%202007.pdf HTTP/1.1" 304 -
157.55.39.152 - - [06/Nov/2014:00:34:23 -0500] "GET /BLA/resoluciones/AUTOS%202009/0898.pdf HTTP/1.1" 200 125272
157.55.39.152 - - [06/Nov/2014:00:34:24 -0500] "GET /BLA/resoluciones/Resoluciones%202011/2275.pdf HTTP/1.1" 200 504834
157.55.39.118 - - [06/Nov/2014:00:34:27 -0500] "GET /BLA/resoluciones/Autos%202008/2964.pdf HTTP/1.1" 200 284730
157.55.39.255 - - [06/Nov/2014:00:34:43 -0500] "GET /BLA/resoluciones/RESOLUCIONES%202007/RES%202007%202701%20AL%202800/RESOLUCION%202775%20DE%202007.pdf HTTP/1.1" 200 384415
157.55.39.151 - - [06/Nov/2014:00:34:48 -0500] "GET /BLA/resoluciones/AUTOS%202011/4137.pdf HTTP/1.1" 200 228647
157.55.39.151 - - [06/Nov/2014:00:34:48 -0500] "GET /BLA/resoluciones/RESOLUCIONES%202010/0902.pdf HTTP/1.1" 200 100776
157.55.39.118 - - [06/Nov/2014:00:34:52 -0500] "GET /BLA/resoluciones/Resoluciones%202011/2172.pdf HTTP/1.1" 200 498430
157.55.39.118 - - [06/Nov/2014:00:34:53 -0500] "GET /BLA/resoluciones/RESOLUCIONES%202010/6781.pdf HTTP/1.1" 200 391191
157.55.39.118 - - [06/Nov/2014:00:34:54 -0500] "GET /BLA/resoluciones/RESOLUCIONES%202008/1876.pdf HTTP/1.1" 200 212198
66.249.64.171 - - [06/Nov/2014:00:34:54 -0500] "GET /BLA/resoluciones/AUTOS%202009/0418.pdf HTTP/1.1" 200 176061
157.55.39.255 - - [06/Nov/2014:00:35:01 -0500] "GET /BLA/resoluciones/RESOLUCIONES%202009/1041.pdf HTTP/1.1" 200 220605
157.55.39.255 - - [06/Nov/2014:00:35:01 -0500] "GET /bla/resoluciones/RESOLUCIONES%202009/4224.pdf HTTP/1.1" 200 692662
157.55.39.152 - - [06/Nov/2014:00:35:04 -0500] "GET /BLA/resoluciones/AUTOS%202009/5941.pdf HTTP/1.1" 200 1460146
157.55.39.152 - - [06/Nov/2014:00:35:05 -0500] "GET /BLA/resoluciones/RESOLUCIONES%202010/2411.pdf HTTP/1.1" 200 53738
157.55.39.118 - - [06/Nov/2014:00:35:09 -0500] "GET /BLA/resoluciones/Autos%202008/2962.pdf HTTP/1.1" 200 356190
157.55.39.118 - - [06/Nov/2014:00:35:10 -0500] "GET /BLA/resoluciones/Autos%202008/1483.pdf HTTP/1.1" 200 85708
157.55.39.118 - - [06/Nov/2014:00:35:10 -0500] "GET /BLA/resoluciones/AUTOS%202011/1331.pdf HTTP/1.1" 200 152045
201.245.192.253 - - [06/Nov/2014:00:35:14 -0500] "GET /galeria/nivo-slider/demo/images/Encuentro-Orqu%C3%ADdeas02.jpg HTTP/1.1" 304 -
157.55.39.234 - - [06/Nov/2014:00:35:15 -0500] "GET /bla/resoluciones/RESOLUCIONES%202009/2467.pdf HTTP/1.1" 200 617854
157.55.39.234 - - [06/Nov/2014:00:35:16 -0500] "GET /BLA/resoluciones/AUTOS%202007/3247.pdf HTTP/1.1" 200 89951
157.55.39.234 - - [06/Nov/2014:00:35:16 -0500] "GET /BLA/resoluciones/AUTOS%202011/4409.pdf HTTP/1.1" 200 201993
157.55.39.234 - - [06/Nov/2014:00:35:17 -0500] "GET /BLA/resoluciones/Resoluciones%202011/3485.pdf HTTP/1.1" 200 461671
157.55.39.234 - - [06/Nov/2014:00:35:18 -0500] "GET /BLA/resoluciones/Autos%202008/2561.pdf HTTP/1.1" 200 210095
181.59.4.173 - - [06/Nov/2014:00:35:28 -0500] "GET /BLA/boletinlegal/js/jquery.js HTTP/1.1" 200 57254
181.59.4.173 - - [06/Nov/2014:00:35:28 -0500] "GET /BLA/boletinlegal/js/jquery.scrollTo-min.js HTTP/1.1" 200 1150
181.59.4.173 - - [06/Nov/2014:00:35:28 -0500] "GET /BLA/boletinlegal/js/jquery.scrollShow.js HTTP/1.1" 200 4586
66.249.64.171 - - [06/Nov/2014:00:35:29 -0500] "GET /BLA/resoluciones/AUTOS%202010/5713.pdf HTTP/1.1" 200 231067
157.55.39.255 - - [06/Nov/2014:00:35:33 -0500] "GET /bla/resoluciones/RESOLUCIONES%202009/9100.pdf HTTP/1.1" 200 481287
157.55.39.255 - - [06/Nov/2014:00:35:34 -0500] "GET /BLA/resoluciones/RESOLUCIONES%202009/8119.pdf HTTP/1.1" 200 554690
157.55.39.255 - - [06/Nov/2014:00:35:35 -0500] "GET /bla/resoluciones/RESOLUCIONES%202011/2902.pdf HTTP/1.1" 200 770202
157.55.39.255 - - [06/Nov/2014:00:35:36 -0500] "GET /BLA/resoluciones/AUTOS%202009/0182.pdf HTTP/1.1" 200 216036
157.55.39.234 - - [06/Nov/2014:00:35:37 -0500] "GET /BLA/resoluciones/AUTOS%202010/6620.pdf HTTP/1.1" 200 154911
157.55.39.234 - - [06/Nov/2014:00:35:38 -0500] "GET /BLA/resoluciones/AUTOS%202007/3310.pdf HTTP/1.1" 200 80164
157.55.39.118 - - [06/Nov/2014:00:35:43 -0500] "GET /BLA/resoluciones/AUTOS%202009/3361.pdf HTTP/1.1" 200 202810
157.55.39.151 - - [06/Nov/2014:00:35:47 -0500] "GET /BLA/resoluciones/RESOLUCIONES%202011/4416.pdf HTTP/1.1" 200 361135
157.55.39.151 - - [06/Nov/2014:00:35:48 -0500] "GET /BLA/resoluciones/AUTOS%202011/3769.pdf HTTP/1.1" 200 326609
157.55.39.118 - - [06/Nov/2014:00:35:59 -0500] "GET /BLA/resoluciones/Resoluciones%202011/0535.pdf HTTP/1.1" 200 803242
66.249.64.163 - - [06/Nov/2014:00:36:03 -0500] "GET /BLA/resoluciones/AUTOS%202011/3526.pdf HTTP/1.1" 200 386314
157.55.39.118 - - [06/Nov/2014:00:36:09 -0500] "GET /BLA/resoluciones/RESOLUCIONES%202010/5220.pdf HTTP/1.1" 200 786961
157.55.39.118 - - [06/Nov/2014:00:36:11 -0500] "GET /BLA/resoluciones/RESOLUCIONES%202008/4923.pdf HTTP/1.1" 200 362704
74.86.158.107 - - [06/Nov/2014:00:36:14 -0500] "HEAD / HTTP/1.1" 302 -
157.55.39.255 - - [06/Nov/2014:00:36:15 -0500] "GET /BLA/resoluciones/RESOLUCIONES%202012/0638.pdf HTTP/1.1" 200 812260
157.55.39.152 - - [06/Nov/2014:00:36:20 -0500] "GET /BLA/resoluciones/AUTOS%202009/1807.pdf HTTP/1.1" 200 217727
157.55.39.234 - - [06/Nov/2014:00:36:32 -0500] "GET /BLA/resoluciones/Autos%202008/2208.pdf HTTP/1.1" 200 80029
157.55.39.234 - - [06/Nov/2014:00:36:32 -0500] "GET /BLA/resoluciones/AUTOS%202007/2906.pdf HTTP/1.1" 200 72817
157.55.39.234 - - [06/Nov/2014:00:36:32 -0500] "GET /BLA/resoluciones/RESOLUCIONES%202008/4922.pdf HTTP/1.1" 200 377420
157.55.39.234 - - [06/Nov/2014:00:36:33 -0500] "GET /BLA/resoluciones/AUTOS%202010/5630.pdf HTTP/1.1" 200 213762
66.249.64.171 - - [06/Nov/2014:00:36:38 -0500] "GET /BLA/resoluciones/RESOLUCIONES%202007/RES%202007%20401%20AL%20500/RESOLUCION%200477%20DE%202007.pdf HTTP/1.1" 304 -
157.55.39.255 - - [06/Nov/2014:00:36:42 -0500] "GET /BLA/resoluciones/AUTOS%202009/1608.pdf HTTP/1.1" 200 199157
157.55.39.255 - - [06/Nov/2014:00:36:43 -0500] "GET /BLA/resoluciones/Resoluciones%202011/4337.pdf HTTP/1.1" 200 577728
157.55.39.151 - - [06/Nov/2014:00:36:47 -0500] "GET /BLA/resoluciones/AUTOS%202007/0157.pdf HTTP/1.1" 200 417713
157.55.39.118 - - [06/Nov/2014:00:36:52 -0500] "GET /bla/resoluciones/RESOLUCIONES%202009/8171.pdf HTTP/1.1" 200 499277
157.55.39.152 - - [06/Nov/2014:00:37:00 -0500] "GET /BLA/resoluciones/AUTOS%202007/0086.pdf HTTP/1.1" 200 49221
66.249.64.171 - - [06/Nov/2014:00:37:12 -0500] "GET /BLA/resoluciones/RESOLUCIONES%202007/RES%202007%202201%20AL%202300/RESOLUCION%202210%20DE%202007.pdf HTTP/1.1" 200 149715
157.55.39.234 - - [06/Nov/2014:00:37:16 -0500] "GET /BLA/resoluciones/AUTOS%202011/1830.pdf HTTP/1.1" 200 186483
157.55.39.234 - - [06/Nov/2014:00:37:16 -0500] "GET /BLA/resoluciones/AUTOS%202007/1916.pdf HTTP/1.1" 200 157258
157.55.39.234 - - [06/Nov/2014:00:37:16 -0500] "GET /BLA/resoluciones/Resoluciones%202011/3685.pdf HTTP/1.1" 200 785442
157.55.39.234 - - [06/Nov/2014:00:37:17 -0500] "GET /bla/resoluciones/RESOLUCIONES%202009/7682.pdf HTTP/1.1" 200 101892
157.55.39.152 - - [06/Nov/2014:00:37:18 -0500] "GET /BLA/resoluciones/Autos%202008/3404.pdf HTTP/1.1" 200 160906
157.55.39.152 - - [06/Nov/2014:00:37:24 -0500] "GET /BLA/resoluciones/AUTOS%202011/2440.pdf HTTP/1.1" 200 155415
157.55.39.118 - - [06/Nov/2014:00:37:27 -0500] "GET /BLA/resoluciones/AUTOS%202009/1840.pdf HTTP/1.1" 200 100252
157.55.39.234 - - [06/Nov/2014:00:37:46 -0500] "GET /BLA/resoluciones/AUTOS%202009/2756.pdf HTTP/1.1" 200 92605
157.55.39.234 - - [06/Nov/2014:00:37:47 -0500] "GET /BLA/resoluciones/Resoluciones%202011/3278.pdf HTTP/1.1" 200 433552
66.249.64.167 - - [06/Nov/2014:00:37:47 -0500] "GET /BLA/resoluciones/RESOLUCIONES%202007/RES%202007%201401%20AL%201500/RESOLUCION%201407%20DE%202007.pdf HTTP/1.1" 304 -
157.55.39.234 - - [06/Nov/2014:00:37:47 -0500] "GET /BLA/resoluciones/RESOLUCIONES%202008/5334.pdf HTTP/1.1" 200 49064
157.55.39.234 - - [06/Nov/2014:00:37:48 -0500] "GET /BLA/resoluciones/AUTOS%202011/5593.pdf HTTP/1.1" 200 234885
157.55.39.234 - - [06/Nov/2014:00:37:48 -0500] "GET /BLA/resoluciones/RESOLUCIONES%202011/0158.pdf HTTP/1.1" 200 433955
157.55.39.255 - - [06/Nov/2014:00:37:52 -0500] "GET /BLA/resoluciones/RESOLUCIONES%202011/0633.pdf HTTP/1.1" 200 290286
157.55.39.255 - - [06/Nov/2014:00:37:52 -0500] "GET /BLA/resoluciones/RESOLUCIONES%202009/0933.pdf HTTP/1.1" 200 270475
157.55.39.255 - - [06/Nov/2014:00:37:53 -0500] "GET /BLA/resoluciones/Resoluciones%202011/1014.pdf HTTP/1.1" 200 67525
157.55.39.118 - - [06/Nov/2014:00:37:58 -0500] "GET /BLA/resoluciones/AUTOS%202011/6222.pdf HTTP/1.1" 200 249485
157.55.39.152 - - [06/Nov/2014:00:38:02 -0500] "GET /bla/resoluciones/RESOLUCIONES%202009/2334.pdf HTTP/1.1" 200 619082
157.55.39.152 - - [06/Nov/2014:00:38:03 -0500] "GET /BLA/resoluciones/RESOLUCIONES%202011/0588.pdf HTTP/1.1" 200 406826
66.249.64.171 - - [06/Nov/2014:00:38:19 -0500] "GET /Residuos/vehiculos/files/search/search77.xml HTTP/1.1" 404 1018
66.249.64.171 - - [06/Nov/2014:00:38:21 -0500] "GET /BLA/resoluciones/RESOLUCIONES%202012/1586.pdf HTTP/1.1" 304 -
157.55.39.152 - - [06/Nov/2014:00:38:24 -0500] "GET /bla/resoluciones/RESOLUCIONES%202009/8239.pdf HTTP/1.1" 200 287715
157.55.39.118 - - [06/Nov/2014:00:38:28 -0500] "GET /BLA/resoluciones/RESOLUCIONES%202010/2880.pdf HTTP/1.1" 200 509863
157.55.39.255 - - [06/Nov/2014:00:38:44 -0500] "GET /BLA/resoluciones/AUTOS%202010/3771.pdf HTTP/1.1" 200 171807
157.55.39.152 - - [06/Nov/2014:00:38:53 -0500] "GET /BLA/resoluciones/Resoluciones%202011/2149.pdf HTTP/1.1" 200 514597
157.55.39.152 - - [06/Nov/2014:00:38:54 -0500] "GET /BLA/resoluciones/Resoluciones%202011/3331.pdf HTTP/1.1" 200 796706
157.55.39.152 - - [06/Nov/2014:00:38:54 -0500] "GET /BLA/resoluciones/RESOLUCIONES%202009/0242.pdf HTTP/1.1" 200 566343
66.249.64.171 - - [06/Nov/2014:00:38:56 -0500] "GET /BLA/resoluciones/RESOLUCIONES%202010/4697.pdf HTTP/1.1" 200 763031
157.55.39.118 - - [06/Nov/2014:00:38:59 -0500] "GET /BLA/resoluciones/Autos%202008/0364.pdf HTTP/1.1" 200 386943
66.249.64.39 - - [06/Nov/2014:00:39:07 -0500] "GET /BLA/boletinlegal/Directivas/2011/Directiva%20No.%205%20del%2029%20de%20Agosto%20de%202011.pdf HTTP/1.1" 200 444404
157.55.39.152 - - [06/Nov/2014:00:39:16 -0500] "GET /bla/resoluciones/RESOLUCIONES%202009/0530.pdf HTTP/1.1" 200 1161320
157.55.39.255 - - [06/Nov/2014:00:39:24 -0500] "GET /BLA/resoluciones/AUTOS%202011/7137.pdf HTTP/1.1" 200 185910
190.29.84.130 - - [06/Nov/2014:00:39:25 -0500] "GET /PORTAL_SIAC/swf/Residuos/impresion/files/guia_impresion-lit.pdf HTTP/1.1" 200 12573981
157.55.39.255 - - [06/Nov/2014:00:39:25 -0500] "GET /BLA/resoluciones/RESOLUCIONES%202009/9581.pdf HTTP/1.1" 200 387636
190.29.84.130 - - [06/Nov/2014:00:39:25 -0500] "GET /PORTAL_SIAC/swf/Residuos/impresion/files/guia_impresion-lit.pdf HTTP/1.1" 206 32768
190.29.84.130 - - [06/Nov/2014:00:39:26 -0500] "GET /PORTAL_SIAC/swf/Residuos/impresion/files/guia_impresion-lit.pdf HTTP/1.1" 206 12541213
157.55.39.118 - - [06/Nov/2014:00:39:30 -0500] "GET /BLA/resoluciones/Autos%202008/0235.pdf HTTP/1.1" 200 159629
157.55.39.118 - - [06/Nov/2014:00:39:30 -0500] "GET /BLA/resoluciones/RESOLUCIONES%202009/1874.pdf HTTP/1.1" 200 342276
157.55.39.118 - - [06/Nov/2014:00:39:31 -0500] "GET /bla/resoluciones/RESOLUCIONES%202011/1432.pdf HTTP/1.1" 200 66055
66.249.64.171 - - [06/Nov/2014:00:39:31 -0500] "GET /BLA/resoluciones/RESOLUCIONES%202010/4834.pdf HTTP/1.1" 200 696803
190.29.84.130 - - [06/Nov/2014:00:39:45 -0500] "GET /favicon.ico HTTP/1.1" 200 7782
157.55.39.151 - - [06/Nov/2014:00:39:46 -0500] "GET /BLA/resoluciones/RESOLUCIONES%202010/3684.pdf HTTP/1.1" 200 901504
157.55.39.151 - - [06/Nov/2014:00:39:46 -0500] "GET /BLA/resoluciones/AUTOS%202011/5018.pdf HTTP/1.1" 200 645215
157.55.39.118 - - [06/Nov/2014:00:39:54 -0500] "GET /BLA/resoluciones/Autos%202008/3150.pdf HTTP/1.1" 200 416225
157.55.39.118 - - [06/Nov/2014:00:39:55 -0500] "GET /bla/resoluciones/RESOLUCIONES%202011/2044.pdf HTTP/1.1" 200 774484
157.55.39.234 - - [06/Nov/2014:00:40:00 -0500] "GET /BLA/resoluciones/RESOLUCIONES%202010/2570.pdf HTTP/1.1" 200 541365
157.55.39.234 - - [06/Nov/2014:00:40:01 -0500] "GET /bla/resoluciones/RESOLUCIONES%202011/2052.pdf HTTP/1.1" 200 515983
157.55.39.234 - - [06/Nov/2014:00:40:01 -0500] "GET /BLA/resoluciones/AUTOS%202011/1607.pdf HTTP/1.1" 200 278524
157.55.39.255 - - [06/Nov/2014:00:40:05 -0500] "GET /BLA/resoluciones/RESOLUCIONES%202009/8944.pdf HTTP/1.1" 200 337333
157.55.39.255 - - [06/Nov/2014:00:40:05 -0500] "GET /BLA/resoluciones/RESOLUCIONES%202010/2873.pdf HTTP/1.1" 200 417292
66.249.64.167 - - [06/Nov/2014:00:40:05 -0500] "GET /BLA/resoluciones/RESOLUCIONES%202009/5584.pdf HTTP/1.1" 200 674541
157.55.39.255 - - [06/Nov/2014:00:40:06 -0500] "GET /BLA/resoluciones/Resoluciones%202011/3660.pdf HTTP/1.1" 200 551634
157.55.39.255 - - [06/Nov/2014:00:40:06 -0500] "GET /BLA/resoluciones/AUTOS%202011/1403.pdf HTTP/1.1" 200 98075
157.55.39.255 - - [06/Nov/2014:00:40:07 -0500] "GET /BLA/resoluciones/RESOLUCIONES%202009/1359.pdf HTTP/1.1" 200 512000
74.117.238.193 - - [06/Nov/2014:00:40:19 -0500] "GET /auntentica.txt HTTP/1.1" 404 1153
157.55.39.152 - - [06/Nov/2014:00:40:21 -0500] "GET /BLA/resoluciones/RESOLUCIONES%202012/1030.pdf HTTP/1.1" 200 585959
66.249.64.171 - - [06/Nov/2014:00:40:30 -0500] "GET /Residuos/vehiculos/vehiculos.swf?pageNumber= HTTP/1.1" 404 1018
157.55.39.118 - - [06/Nov/2014:00:40:36 -0500] "GET /BLA/resoluciones/AUTOS%202007/2308.pdf HTTP/1.1" 200 72098
157.55.39.234 - - [06/Nov/2014:00:40:38 -0500] "GET /BLA/resoluciones/Resoluciones%202011/2052.pdf HTTP/1.1" 200 515983
157.55.39.234 - - [06/Nov/2014:00:40:38 -0500] "GET /BLA/resoluciones/RESOLUCIONES%202008/4303.pdf HTTP/1.1" 200 484962
157.55.39.234 - - [06/Nov/2014:00:40:39 -0500] "GET /bla/resoluciones/RESOLUCIONES%202011/2731.pdf HTTP/1.1" 200 709638
157.55.39.234 - - [06/Nov/2014:00:40:39 -0500] "GET /BLA/resoluciones/RESOLUCIONES%202010/0944.pdf HTTP/1.1" 200 106616
191.89.188.169 - - [06/Nov/2014:00:40:43 -0500] "GET /BLA/boletinlegal/js/jquery.js HTTP/1.1" 200 57254
191.89.188.169 - - [06/Nov/2014:00:40:43 -0500] "GET /BLA/boletinlegal/js/jquery.scrollTo-min.js HTTP/1.1" 200 1150
191.89.188.169 - - [06/Nov/2014:00:40:43 -0500] "GET /BLA/boletinlegal/js/jquery.scrollShow.js HTTP/1.1" 200 4586
157.55.39.151 - - [06/Nov/2014:00:40:43 -0500] "GET /BLA/resoluciones/AUTOS%202009/3443.pdf HTTP/1.1" 200 98412
157.55.39.255 - - [06/Nov/2014:00:40:47 -0500] "GET /BLA/resoluciones/Resoluciones%202011/4277.pdf HTTP/1.1" 200 565698
157.55.39.255 - - [06/Nov/2014:00:40:48 -0500] "GET /BLA/resoluciones/RESOLUCIONES%202010/1573.pdf HTTP/1.1" 200 507733
157.55.39.255 - - [06/Nov/2014:00:40:48 -0500] "GET /bla/resoluciones/RESOLUCIONES%202009/0708.pdf HTTP/1.1" 200 135589
157.55.39.255 - - [06/Nov/2014:00:40:49 -0500] "GET /bla/resoluciones/RESOLUCIONES%202009/7624.pdf HTTP/1.1" 200 440343
157.55.39.118 - - [06/Nov/2014:00:41:05 -0500] "GET /BLA/resoluciones/RESOLUCIONES%202010/1307.pdf HTTP/1.1" 200 112106
74.86.158.107 - - [06/Nov/2014:00:41:14 -0500] "HEAD / HTTP/1.1" 302 -
66.249.64.171 - - [06/Nov/2014:00:41:14 -0500] "GET /gallery2/g2data/cache/derivative/2/6/ HTTP/1.1" 404 1018
157.55.39.255 - - [06/Nov/2014:00:41:22 -0500] "GET /BLA/resoluciones/AUTOS%202009/2618.pdf HTTP/1.1" 200 81918
157.55.39.234 - - [06/Nov/2014:00:41:32 -0500] "GET /bla/resoluciones/RESOLUCIONES%202011/1234.pdf HTTP/1.1" 200 274383
157.55.39.234 - - [06/Nov/2014:00:41:32 -0500] "GET /BLA/resoluciones/RESOLUCIONES%202011/0386.pdf HTTP/1.1" 200 70499
157.55.39.234 - - [06/Nov/2014:00:41:33 -0500] "GET /BLA/resoluciones/Resoluciones%202011/4064.pdf HTTP/1.1" 200 851120
157.55.39.234 - - [06/Nov/2014:00:41:33 -0500] "GET /bla/resoluciones/RESOLUCIONES%202011/3390.pdf HTTP/1.1" 200 1132739
157.55.39.234 - - [06/Nov/2014:00:41:34 -0500] "GET /BLA/resoluciones/RESOLUCIONES%202009/9326.pdf HTTP/1.1" 200 834280
157.55.39.151 - - [06/Nov/2014:00:41:35 -0500] "GET /BLA/resoluciones/AUTOS%202010/4450.pdf HTTP/1.1" 200 278215
157.55.39.255 - - [06/Nov/2014:00:41:44 -0500] "GET /BLA/resoluciones/AUTOS%202009/0783.pdf HTTP/1.1" 200 302604
157.55.39.255 - - [06/Nov/2014:00:41:44 -0500] "GET /BLA/resoluciones/RESOLUCIONES%202010/4587.pdf HTTP/1.1" 200 1191109
157.55.39.255 - - [06/Nov/2014:00:41:45 -0500] "GET /bla/resoluciones/RESOLUCIONES%202009/9806.pdf HTTP/1.1" 200 355579
66.249.64.163 - - [06/Nov/2014:00:41:49 -0500] "GET /gallery2/g2data/cache/ HTTP/1.1" 404 1018
157.55.39.151 - - [06/Nov/2014:00:41:50 -0500] "GET /BLA/resoluciones/RESOLUCIONES%202008/0139.pdf HTTP/1.1" 200 683297
157.55.39.152 - - [06/Nov/2014:00:41:51 -0500] "GET /BLA/resoluciones/RESOLUCIONES%202010/1537.pdf HTTP/1.1" 200 488507
157.55.39.152 - - [06/Nov/2014:00:41:51 -0500] "GET /BLA/resoluciones/Autos%202008/1840.pdf HTTP/1.1" 200 299238
157.55.39.152 - - [06/Nov/2014:00:41:52 -0500] "GET /BLA/resoluciones/AUTOS%202009/2957.pdf HTTP/1.1" 200 100657
157.55.39.152 - - [06/Nov/2014:00:41:52 -0500] "GET /BLA/resoluciones/RESOLUCIONES%202010/0325.pdf HTTP/1.1" 200 105270
186.154.187.102 - - [06/Nov/2014:00:41:53 -0500] "GET /BLA/boletinlegal/js/jquery.js HTTP/1.1" 200 57254
186.154.187.102 - - [06/Nov/2014:00:41:53 -0500] "GET /BLA/boletinlegal/js/jquery.scrollTo-min.js HTTP/1.1" 200 1150
186.154.187.102 - - [06/Nov/2014:00:41:53 -0500] "GET /BLA/boletinlegal/js/jquery.scrollShow.js HTTP/1.1" 200 4586
157.55.39.234 - - [06/Nov/2014:00:42:00 -0500] "GET /bla/resoluciones/RESOLUCIONES%202009/?C=D;O=D HTTP/1.1" 200 593123
157.55.39.118 - - [06/Nov/2014:00:42:04 -0500] "GET /BLA/resoluciones/RESOLUCIONES%202009/8580.pdf HTTP/1.1" 200 500872
157.55.39.234 - - [06/Nov/2014:00:42:04 -0500] "GET /BLA/resoluciones/RESOLUCIONES%202008/0726.pdf HTTP/1.1" 200 58283
157.55.39.118 - - [06/Nov/2014:00:42:04 -0500] "GET /BLA/resoluciones/Autos%202008/2465.pdf HTTP/1.1" 200 125681
157.55.39.234 - - [06/Nov/2014:00:42:04 -0500] "GET /BLA/resoluciones/RESOLUCIONES%202011/2625.pdf HTTP/1.1" 200 512745
157.55.39.234 - - [06/Nov/2014:00:42:05 -0500] "GET /BLA/resoluciones/Resoluciones%202011/0218.pdf HTTP/1.1" 200 268552
157.55.39.234 - - [06/Nov/2014:00:42:05 -0500] "GET /bla/resoluciones/RESOLUCIONES%202009/1541.pdf HTTP/1.1" 200 432233
157.55.39.118 - - [06/Nov/2014:00:42:08 -0500] "GET /bla/resoluciones/RESOLUCIONES%202009/0964.pdf HTTP/1.1" 200 15101198
157.55.39.118 - - [06/Nov/2014:00:42:14 -0500] "GET /BLA/resoluciones/Resoluciones%202011/1875.pdf HTTP/1.1" 200 468780
157.55.39.118 - - [06/Nov/2014:00:42:14 -0500] "GET /BLA/resoluciones/RESOLUCIONES%202010/4772.pdf HTTP/1.1" 200 617773
157.55.39.118 - - [06/Nov/2014:00:42:15 -0500] "GET /BLA/resoluciones/AUTOS%202011/6952.pdf HTTP/1.1" 200 557612
180.76.5.22 - - [06/Nov/2014:00:42:22 -0500] "GET /mail/Mail/Queue/?C=S;O=D HTTP/1.1" 404 1018
66.249.64.167 - - [06/Nov/2014:00:42:23 -0500] "GET /re1/Resumen/cuando/imagen%20cuando/ HTTP/1.1" 404 1018
157.55.39.118 - - [06/Nov/2014:00:42:31 -0500] "GET /BLA/resoluciones/RESOLUCIONES%202009/9254.pdf HTTP/1.1" 200 498779
157.55.39.118 - - [06/Nov/2014:00:42:31 -0500] "GET /BLA/resoluciones/RESOLUCIONES%202010/1050.pdf HTTP/1.1" 200 95811
66.249.64.47 - - [06/Nov/2014:00:42:40 -0500] "GET /Anexos%20estudio%20Organizacional%20SDA/ANEXO%20No.%203-%20CONTRATACI%C3%93N%20%20OPS%C2%B4s%202008-2012/CONTRATOS%20SDA%202008%20POR%20DEPENDENCIA.xls HTTP/1.1" 200 371712
157.55.39.151 - - [06/Nov/2014:00:42:42 -0500] "GET /BLA/resoluciones/RESOLUCIONES%202011/0303.pdf HTTP/1.1" 200 70023
157.55.39.151 - - [06/Nov/2014:00:42:44 -0500] "GET /BLA/resoluciones/RESOLUCIONES%202007/RES%202007%20201%20AL%20300/RESOLUCION%200205%20DE%202007.pdf HTTP/1.1" 200 192842
180.76.5.145 - - [06/Nov/2014:00:42:49 -0500] "GET /BLA/resoluciones/RESOLUCIONES%202007/RES%202007%202601%20AL%202700/RESOLUCION%202650%20DE%202007.pdf HTTP/1.1" 200 384281
66.249.64.163 - - [06/Nov/2014:00:42:58 -0500] "GET /counter/digits/circle/ HTTP/1.1" 404 1018
157.55.39.118 - - [06/Nov/2014:00:43:10 -0500] "GET /BLA/resoluciones/RESOLUCIONES%202008/0592.pdf HTTP/1.1" 200 306122
157.55.39.152 - - [06/Nov/2014:00:43:15 -0500] "GET /BLA/resoluciones/RESOLUCIONES%202010/2313.pdf HTTP/1.1" 200 421241
157.55.39.152 - - [06/Nov/2014:00:43:15 -0500] "GET /bla/resoluciones/RESOLUCIONES%202009/1352.pdf HTTP/1.1" 200 627199
198.46.82.65 - - [06/Nov/2014:00:43:18 -0500] "GET /wordpress/wp-admin/ HTTP/1.1" 404 1018
157.55.39.151 - - [06/Nov/2014:00:43:28 -0500] "GET /BLA/resoluciones/Resoluciones%202011/5834.pdf HTTP/1.1" 200 423065
157.55.39.151 - - [06/Nov/2014:00:43:31 -0500] "GET /BLA/resoluciones/AUTOS%202010/5497.pdf HTTP/1.1" 200 134113
157.55.39.255 - - [06/Nov/2014:00:43:43 -0500] "GET /BLA/resoluciones/AUTOS%202011/7658.pdf HTTP/1.1" 200 333353
157.55.39.151 - - [06/Nov/2014:00:43:47 -0500] "GET /bla/resoluciones/RESOLUCIONES%202009/0856.pdf HTTP/1.1" 200 299398
180.76.6.60 - - [06/Nov/2014:00:43:48 -0500] "-" 408 -
180.76.6.148 - - [06/Nov/2014:00:43:48 -0500] "GET /BLA/resoluciones/RESOLUCIONES%202010/2905.pdf HTTP/1.1" 200 495719
157.55.39.234 - - [06/Nov/2014:00:43:52 -0500] "GET /BLA/resoluciones/AUTOS%202007/1977.pdf HTTP/1.1" 200 47982
157.55.39.234 - - [06/Nov/2014:00:43:53 -0500] "GET /BLA/resoluciones/RESOLUCIONES%202011/4858.pdf HTTP/1.1" 200 882072
157.55.39.234 - - [06/Nov/2014:00:43:53 -0500] "GET /BLA/resoluciones/RESOLUCIONES%202007/RES%202007%203701%20AL%203800/RESOLUCION%203727%20DE%202007.pdf HTTP/1.1" 200 1267106
157.55.39.234 - - [06/Nov/2014:00:43:54 -0500] "GET /BLA/resoluciones/RESOLUCIONES%202008/1366.pdf HTTP/1.1" 200 238136
157.55.39.234 - - [06/Nov/2014:00:43:55 -0500] "GET /BLA/resoluciones/AUTOS%202009/0317.pdf HTTP/1.1" 200 107498
157.55.39.152 - - [06/Nov/2014:00:43:58 -0500] "GET /bla/resoluciones/RESOLUCIONES%202009/9494.pdf HTTP/1.1" 200 100111
157.55.39.152 - - [06/Nov/2014:00:43:59 -0500] "GET /bla/resoluciones/RESOLUCIONES%202009/8702.pdf HTTP/1.1" 200 418035
66.249.64.163 - - [06/Nov/2014:00:44:07 -0500] "GET /counter/digits/break2/ HTTP/1.1" 404 1018
157.55.39.234 - - [06/Nov/2014:00:44:23 -0500] "GET /BLA/resoluciones/AUTOS%202011/2808.pdf HTTP/1.1" 200 294325
157.55.39.234 - - [06/Nov/2014:00:44:23 -0500] "GET /BLA/resoluciones/AUTOS%202009/2644.pdf HTTP/1.1" 200 96342
157.55.39.234 - - [06/Nov/2014:00:44:24 -0500] "GET /bla/resoluciones/RESOLUCIONES%202009/1851.pdf HTTP/1.1" 200 479887
157.55.39.234 - - [06/Nov/2014:00:44:24 -0500] "GET /bla/resoluciones/RESOLUCIONES%202009/924.pdf HTTP/1.1" 200 77947
157.55.39.234 - - [06/Nov/2014:00:44:26 -0500] "GET /BLA/resoluciones/RESOLUCIONES%202010/3076.pdf HTTP/1.1" 200 414554
157.55.39.255 - - [06/Nov/2014:00:44:27 -0500] "GET /BLA/resoluciones/RESOLUCIONES%202010/2280.pdf HTTP/1.1" 200 1872167
157.55.39.255 - - [06/Nov/2014:00:44:28 -0500] "GET /BLA/resoluciones/RESOLUCIONES%202010/3144.pdf HTTP/1.1" 200 246845
157.55.39.151 - - [06/Nov/2014:00:44:34 -0500] "GET /BLA/resoluciones/AUTOS%202011/2202.pdf HTTP/1.1" 200 138094
157.55.39.151 - - [06/Nov/2014:00:44:35 -0500] "GET /bla/resoluciones/RESOLUCIONES%202009/8741.pdf HTTP/1.1" 200 512503
157.55.39.118 - - [06/Nov/2014:00:44:39 -0500] "GET /bla/resoluciones/RESOLUCIONES%202011/2987.pdf HTTP/1.1" 200 516054
66.249.64.163 - - [06/Nov/2014:00:44:42 -0500] "GET /counter/digits/rust/ HTTP/1.1" 404 1018
66.249.64.167 - - [06/Nov/2014:00:44:52 -0500] "GET /portel_dama/libreria/ppt/ HTTP/1.1" 404 1018
201.245.192.253 - - [06/Nov/2014:00:44:53 -0500] "GET /StormSDA/userFiles/98.jar HTTP/1.1" 304 -
157.55.39.151 - - [06/Nov/2014:00:44:54 -0500] "GET /BLA/resoluciones/RESOLUCIONES%202009/7731.pdf HTTP/1.1" 200 561720
201.245.192.253 - - [06/Nov/2014:00:44:57 -0500] "GET /StormSDA/userFiles/89.jar HTTP/1.1" 304 -
201.245.192.253 - - [06/Nov/2014:00:44:58 -0500] "GET /StormSDA/userFiles/93.jar HTTP/1.1" 304 -
157.55.39.234 - - [06/Nov/2014:00:44:58 -0500] "GET /BLA/resoluciones/RESOLUCIONES%202010/3200.pdf HTTP/1.1" 200 599573
157.55.39.234 - - [06/Nov/2014:00:45:04 -0500] "-" 408 -
157.55.39.118 - - [06/Nov/2014:00:45:13 -0500] "GET /BLA/resoluciones/RESOLUCIONES%202010/1498.pdf HTTP/1.1" 200 496767
157.55.39.152 - - [06/Nov/2014:00:45:20 -0500] "GET /BLA/resoluciones/RESOLUCIONES%202011/0846.pdf HTTP/1.1" 200 566848
157.55.39.152 - - [06/Nov/2014:00:45:21 -0500] "GET /BLA/resoluciones/RESOLUCIONES%202009/0658.pdf HTTP/1.1" 200 125296
157.55.39.118 - - [06/Nov/2014:00:45:25 -0500] "GET /bla/resoluciones/RESOLUCIONES%202009/0710.pdf HTTP/1.1" 200 240476
201.245.192.253 - - [06/Nov/2014:00:45:25 -0500] "GET /StormSDA/userFiles/96.jar HTTP/1.1" 304 -
157.55.39.118 - - [06/Nov/2014:00:45:25 -0500] "GET /BLA/resoluciones/RESOLUCIONES%202009/0516.pdf HTTP/1.1" 200 370424
201.245.192.253 - - [06/Nov/2014:00:45:26 -0500] "GET /StormSDA/userFiles/87.jar HTTP/1.1" 304 -
157.55.39.118 - - [06/Nov/2014:00:45:26 -0500] "GET /BLA/resoluciones/RESOLUCIONES%202009/0822.pdf HTTP/1.1" 200 202921
201.245.192.253 - - [06/Nov/2014:00:45:27 -0500] "GET /StormSDA/userFiles/91.jar HTTP/1.1" 304 -
157.55.39.255 - - [06/Nov/2014:00:45:32 -0500] "GET /BLA/resoluciones/RESOLUCIONES%202011/6082.pdf HTTP/1.1" 200 232897
157.55.39.255 - - [06/Nov/2014:00:45:33 -0500] "GET /BLA/resoluciones/RESOLUCIONES%202008/5118.pdf HTTP/1.1" 200 489031
157.55.39.255 - - [06/Nov/2014:00:45:33 -0500] "GET /BLA/resoluciones/Resoluciones%202011/4762.pdf HTTP/1.1" 200 599722
157.55.39.151 - - [06/Nov/2014:00:45:41 -0500] "GET /BLA/resoluciones/AUTOS%202007/3865.pdf HTTP/1.1" 200 484533
157.55.39.151 - - [06/Nov/2014:00:45:42 -0500] "GET /BLA/resoluciones/RESOLUCIONES%202009/2072.pdf HTTP/1.1" 200 550139
157.55.39.255 - - [06/Nov/2014:00:45:49 -0500] "GET /bla/resoluciones/RESOLUCIONES%202011/0622.pdf HTTP/1.1" 200 74103
66.249.64.171 - - [06/Nov/2014:00:45:51 -0500] "GET /counter/digits/mpurple/ HTTP/1.1" 404 1018
201.245.192.253 - - [06/Nov/2014:00:45:52 -0500] "GET /StormSDA/userFiles/94.jar HTTP/1.1" 304 -
157.55.39.152 - - [06/Nov/2014:00:45:53 -0500] "GET /BLA/resoluciones/RESOLUCIONES%202007/RES%202007%20301%20AL%20400/RESOLUCION%200369%20DE%202007.pdf HTTP/1.1" 200 325179
157.55.39.152 - - [06/Nov/2014:00:45:54 -0500] "GET /BLA/resoluciones/RESOLUCIONES%202009/9065.pdf HTTP/1.1" 200 509349
186.154.187.102 - - [06/Nov/2014:00:45:57 -0500] "GET /videos/galeria-fotografica/index16.html? HTTP/1.1" 200 1971
186.154.187.102 - - [06/Nov/2014:00:45:57 -0500] "GET /videos/galeria-fotografica/js/jquery-flickr-gallery/jquery-flickr.css HTTP/1.1" 200 711
186.154.187.102 - - [06/Nov/2014:00:45:57 -0500] "GET /videos/galeria-fotografica/js/jquery-flickr-gallery/jquery-flickr-gallery.js HTTP/1.1" 200 9050
186.154.187.102 - - [06/Nov/2014:00:45:58 -0500] "GET /videos/galeria-fotografica/js/jquery-flickr-gallery/loader.gif HTTP/1.1" 200 2129
157.55.39.118 - - [06/Nov/2014:00:46:02 -0500] "GET /BLA/resoluciones/RESOLUCIONES%202009/9704.pdf HTTP/1.1" 200 322378
157.55.39.152 - - [06/Nov/2014:00:46:06 -0500] "GET /BLA/resoluciones/RESOLUCIONES%202008/2398.pdf HTTP/1.1" 200 211124
157.55.39.255 - - [06/Nov/2014:00:46:11 -0500] "GET /BLA/resoluciones/Resoluciones%202011/0347.pdf HTTP/1.1" 200 71279
157.55.39.255 - - [06/Nov/2014:00:46:11 -0500] "GET /BLA/resoluciones/RESOLUCIONES%202008/1526.pdf HTTP/1.1" 200 350990
157.55.39.255 - - [06/Nov/2014:00:46:12 -0500] "GET /bla/resoluciones/RESOLUCIONES%202009/8680.pdf HTTP/1.1" 200 477241
74.86.158.107 - - [06/Nov/2014:00:46:14 -0500] "HEAD / HTTP/1.1" 302 -
157.55.39.255 - - [06/Nov/2014:00:46:23 -0500] "GET /BLA/resoluciones/Resoluciones%202011/1279.pdf HTTP/1.1" 200 461696
201.245.192.253 - - [06/Nov/2014:00:46:23 -0500] "GET /StormSDA/userFiles/92.jar HTTP/1.1" 304 -
157.55.39.255 - - [06/Nov/2014:00:46:23 -0500] "GET /bla/resoluciones/RESOLUCIONES%202009/8454.pdf HTTP/1.1" 200 134266
157.55.39.118 - - [06/Nov/2014:00:46:27 -0500] "GET /BLA/resoluciones/RESOLUCIONES%202011/0095.pdf HTTP/1.1" 200 648470
157.55.39.151 - - [06/Nov/2014:00:46:35 -0500] "GET /BLA/resoluciones/Resoluciones%202011/4375.pdf HTTP/1.1" 200 232429
157.55.39.234 - - [06/Nov/2014:00:46:41 -0500] "GET /bla/resoluciones/RESOLUCIONES%202009/7918.pdf HTTP/1.1" 200 530471
157.55.39.234 - - [06/Nov/2014:00:46:41 -0500] "GET /bla/resoluciones/RESOLUCIONES%202011/1600.pdf HTTP/1.1" 200 69353
157.55.39.234 - - [06/Nov/2014:00:46:43 -0500] "GET /BLA/resoluciones/Resoluciones%202011/2593.pdf HTTP/1.1" 200 260728
157.55.39.234 - - [06/Nov/2014:00:46:43 -0500] "GET /BLA/resoluciones/RESOLUCIONES%202011/4880.pdf HTTP/1.1" 200 439194
157.55.39.234 - - [06/Nov/2014:00:46:44 -0500] "GET /BLA/resoluciones/RESOLUCIONES%202009/2347.pdf HTTP/1.1" 200 517237
66.249.64.171 - - [06/Nov/2014:00:47:00 -0500] "GET /counter/digits/mbc/ HTTP/1.1" 404 1018
66.249.64.163 - - [06/Nov/2014:00:47:03 -0500] "GET /manual_funciones_Listado/index.php?dir=&sort=size&order=desc HTTP/1.1" 404 1018
157.55.39.255 - - [06/Nov/2014:00:47:06 -0500] "GET /bla/resoluciones/RESOLUCIONES%202009/0519.pdf HTTP/1.1" 200 184871
157.55.39.255 - - [06/Nov/2014:00:47:07 -0500] "GET /BLA/resoluciones/RESOLUCIONES%202011/2250.pdf HTTP/1.1" 200 711672
157.55.39.152 - - [06/Nov/2014:00:47:10 -0500] "-" 408 -
157.55.39.255 - - [06/Nov/2014:00:47:15 -0500] "GET /BLA/resoluciones/Autos%202008/2772.pdf HTTP/1.1" 200 101503
157.55.39.255 - - [06/Nov/2014:00:47:16 -0500] "GET /BLA/resoluciones/RESOLUCIONES%202011/4384.pdf HTTP/1.1" 200 630261
157.55.39.152 - - [06/Nov/2014:00:47:24 -0500] "GET /BLA/resoluciones/RESOLUCIONES%202011/0429.pdf HTTP/1.1" 200 66579
157.55.39.151 - - [06/Nov/2014:00:47:26 -0500] "GET /BLA/resoluciones/Resoluciones%202011/1844.pdf HTTP/1.1" 200 513678
157.55.39.151 - - [06/Nov/2014:00:47:27 -0500] "GET /BLA/resoluciones/RESOLUCIONES%202008/5313.pdf HTTP/1.1" 200 176309
157.55.39.118 - - [06/Nov/2014:00:47:28 -0500] "GET /BLA/resoluciones/RESOLUCIONES%202011/3391.pdf HTTP/1.1" 200 1689441
157.55.39.118 - - [06/Nov/2014:00:47:28 -0500] "GET /BLA/resoluciones/RESOLUCIONES%202010/4666.pdf HTTP/1.1" 200 445349
66.249.64.167 - - [06/Nov/2014:00:47:34 -0500] "GET /BLA/resoluciones/RESOLUCIONES%202006/RES%202006%202101-2150/INDEX.DAT HTTP/1.1" 200 2000
157.55.39.234 - - [06/Nov/2014:00:47:40 -0500] "GET /BLA/resoluciones/RESOLUCIONES%202010/7254.pdf HTTP/1.1" 200 341585
157.55.39.234 - - [06/Nov/2014:00:47:40 -0500] "GET /BLA/resoluciones/RESOLUCIONES%202011/5102.pdf HTTP/1.1" 200 340439
157.55.39.234 - - [06/Nov/2014:00:47:41 -0500] "GET /BLA/resoluciones/AUTOS%202010/1902.pdf HTTP/1.1" 200 144429
157.55.39.255 - - [06/Nov/2014:00:47:42 -0500] "GET /BLA/resoluciones/RESOLUCIONES%202009/0513.pdf HTTP/1.1" 200 433266
66.249.64.163 - - [06/Nov/2014:00:47:43 -0500] "GET /BLA/resoluciones/AUTOS%202014/4221.pdf HTTP/1.1" 200 217488
157.55.39.255 - - [06/Nov/2014:00:47:49 -0500] "GET /BLA/resoluciones/Autos%202008/0021.pdf HTTP/1.1" 200 86722
157.55.39.118 - - [06/Nov/2014:00:47:58 -0500] "GET /BLA/resoluciones/Autos%202008/0502.pdf HTTP/1.1" 200 72855
157.55.39.118 - - [06/Nov/2014:00:47:58 -0500] "GET /BLA/resoluciones/RESOLUCIONES%202008/2187.pdf HTTP/1.1" 200 368752
157.55.39.118 - - [06/Nov/2014:00:47:59 -0500] "GET /BLA/resoluciones/RESOLUCIONES%202010/4481.pdf HTTP/1.1" 200 163988
157.55.39.118 - - [06/Nov/2014:00:47:59 -0500] "GET /BLA/resoluciones/Autos%202008/0459.pdf HTTP/1.1" 200 144089
157.55.39.118 - - [06/Nov/2014:00:48:00 -0500] "GET /BLA/resoluciones/RESOLUCIONES%202010/2544.pdf HTTP/1.1" 200 490147
180.76.5.63 - - [06/Nov/2014:00:48:01 -0500] "GET /BLA/resoluciones/RESOLUCIONES%202007/RES%202007%201901%20AL%202000/RESOLUCION%201906%20DE%202007.pdf HTTP/1.1" 200 94477
157.55.39.255 - - [06/Nov/2014:00:48:09 -0500] "GET /bla/resoluciones/RESOLUCIONES%202011/2301.pdf HTTP/1.1" 200 315062
66.249.64.171 - - [06/Nov/2014:00:48:09 -0500] "GET /counter/digits/curly/ HTTP/1.1" 404 1018
157.55.39.255 - - [06/Nov/2014:00:48:09 -0500] "GET /BLA/resoluciones/RESOLUCIONES%202010/1703.pdf HTTP/1.1" 200 314217
157.55.39.255 - - [06/Nov/2014:00:48:09 -0500] "GET /bla/resoluciones/RESOLUCIONES%202011/1085.pdf HTTP/1.1" 200 368079
157.55.39.152 - - [06/Nov/2014:00:48:10 -0500] "GET /BLA/resoluciones/RESOLUCIONES%202008/1087.pdf HTTP/1.1" 200 298473
157.55.39.234 - - [06/Nov/2014:00:48:15 -0500] "GET /BLA/resoluciones/Resoluciones%202011/6070.pdf HTTP/1.1" 200 1310778
157.55.39.234 - - [06/Nov/2014:00:48:16 -0500] "GET /BLA/resoluciones/AUTOS%202009/0979.pdf HTTP/1.1" 200 194677
157.55.39.234 - - [06/Nov/2014:00:48:16 -0500] "GET /BLA/resoluciones/Resoluciones%202011/3047.pdf HTTP/1.1" 200 765940
157.55.39.234 - - [06/Nov/2014:00:48:17 -0500] "GET /BLA/resoluciones/RESOLUCIONES%202009/2260.pdf HTTP/1.1" 200 463458
157.55.39.234 - - [06/Nov/2014:00:48:17 -0500] "GET /BLA/resoluciones/RESOLUCIONES%202009/1638.pdf HTTP/1.1" 200 426689
157.55.39.234 - - [06/Nov/2014:00:48:18 -0500] "GET /BLA/boletinlegal/Circulares/2013/Circular%20No.%203%20del%2005%20de%20abril%20de%202013.pdf HTTP/1.1" 200 93580
157.55.39.234 - - [06/Nov/2014:00:48:18 -0500] "GET /BLA/resoluciones/RESOLUCIONES%202011/1141.pdf HTTP/1.1" 200 266015
157.55.39.255 - - [06/Nov/2014:00:48:26 -0500] "GET /BLA/resoluciones/RESOLUCIONES%202012/0784.pdf HTTP/1.1" 200 443125
157.55.39.151 - - [06/Nov/2014:00:48:32 -0500] "GET /bla/resoluciones/RESOLUCIONES%202011/1539.pdf HTTP/1.1" 200 73213
157.55.39.255 - - [06/Nov/2014:00:48:42 -0500] "GET /bla/resoluciones/RESOLUCIONES%202009/7794.pdf HTTP/1.1" 200 496333
157.55.39.255 - - [06/Nov/2014:00:48:42 -0500] "GET /BLA/resoluciones/Resoluciones%202011/6409.pdf HTTP/1.1" 200 2850177
100.43.85.25 - - [06/Nov/2014:00:48:48 -0500] "GET /documentosIntranet/CertificadoAportes/?C=M&O=A HTTP/1.1" 404 1019
157.55.39.255 - - [06/Nov/2014:00:48:54 -0500] "GET /BLA/resoluciones/RESOLUCIONES%202008/5252.pdf HTTP/1.1" 200 330385
157.55.39.255 - - [06/Nov/2014:00:48:55 -0500] "GET /BLA/resoluciones/Resoluciones%202011/3911.pdf HTTP/1.1" 200 544900
157.55.39.255 - - [06/Nov/2014:00:48:57 -0500] "GET /bla/resoluciones/RESOLUCIONES%202011/3043.pdf HTTP/1.1" 200 634298
157.55.39.234 - - [06/Nov/2014:00:48:59 -0500] "GET /bla/resoluciones/RESOLUCIONES%202009/4288.pdf HTTP/1.1" 200 806363
157.55.39.234 - - [06/Nov/2014:00:49:00 -0500] "GET /BLA/resoluciones/AUTOS%202009/0542.pdf HTTP/1.1" 200 167478
157.55.39.234 - - [06/Nov/2014:00:49:00 -0500] "GET /BLA/resoluciones/AUTOS%202009/2280.pdf HTTP/1.1" 200 121383
157.55.39.234 - - [06/Nov/2014:00:49:01 -0500] "GET /BLA/resoluciones/RESOLUCIONES%202008/0438.pdf HTTP/1.1" 200 214279
157.55.39.234 - - [06/Nov/2014:00:49:02 -0500] "GET /BLA/resoluciones/AUTOS%202007/2945.pdf HTTP/1.1" 200 128628
157.55.39.255 - - [06/Nov/2014:00:49:05 -0500] "GET /BLA/resoluciones/AUTOS%202011/4140.pdf HTTP/1.1" 200 223477
157.55.39.255 - - [06/Nov/2014:00:49:06 -0500] "GET /BLA/resoluciones/Autos%202008/0361.pdf HTTP/1.1" 200 142565
157.55.39.118 - - [06/Nov/2014:00:49:09 -0500] "GET /BLA/resoluciones/RESOLUCIONES%202009/1987.pdf HTTP/1.1" 200 612689
157.55.39.151 - - [06/Nov/2014:00:48:33 -0500] "GET /BLA/boletinlegal/ HTTP/1.1" 200 48955
157.55.39.118 - - [06/Nov/2014:00:49:11 -0500] "GET /BLA/resoluciones/RESOLUCIONES%202009/7941.pdf HTTP/1.1" 200 499807
157.55.39.118 - - [06/Nov/2014:00:49:11 -0500] "GET /BLA/resoluciones/AUTOS%202011/3614.pdf HTTP/1.1" 200 698649
66.249.64.167 - - [06/Nov/2014:00:49:14 -0500] "GET /Residuos/impresion/files/search/search50.xml HTTP/1.1" 404 1018
157.55.39.152 - - [06/Nov/2014:00:49:16 -0500] "GET /BLA/resoluciones/RESOLUCIONES%202010/4887.pdf HTTP/1.1" 200 740135
157.55.39.152 - - [06/Nov/2014:00:49:17 -0500] "GET /BLA/resoluciones/RESOLUCIONES%202008/0755.pdf HTTP/1.1" 200 250769
157.55.39.152 - - [06/Nov/2014:00:49:17 -0500] "GET /bla/resoluciones/RESOLUCIONES%202009/7541.pdf HTTP/1.1" 200 497465
157.55.39.234 - - [06/Nov/2014:00:49:34 -0500] "GET /BLA/resoluciones/RESOLUCIONES%202009/8858.pdf HTTP/1.1" 200 95464
157.55.39.234 - - [06/Nov/2014:00:49:35 -0500] "GET /BLA/resoluciones/Resoluciones%202011/3627.pdf HTTP/1.1" 200 398620
157.55.39.234 - - [06/Nov/2014:00:49:37 -0500] "GET /bla/resoluciones/RESOLUCIONES%202009/0125.pdf HTTP/1.1" 200 285950
180.76.5.59 - - [06/Nov/2014:00:49:37 -0500] "GET /BLA/resoluciones/index.php?dir=RESOLUCIONES%202002/&sort=name&order=desc HTTP/1.1" 200 11294
157.55.39.255 - - [06/Nov/2014:00:49:38 -0500] "GET /BLA/resoluciones/Resoluciones%202011/4461.pdf HTTP/1.1" 200 553886
157.55.39.255 - - [06/Nov/2014:00:49:39 -0500] "GET /BLA/resoluciones/AUTOS%202011/7600.pdf HTTP/1.1" 200 152718
157.55.39.255 - - [06/Nov/2014:00:49:40 -0500] "GET /BLA/resoluciones/Resoluciones%202011/1186.pdf HTTP/1.1" 200 305382
157.55.39.151 - - [06/Nov/2014:00:49:48 -0500] "GET /bla/resoluciones/RESOLUCIONES%202009/0384.pdf HTTP/1.1" 200 360052
157.55.39.151 - - [06/Nov/2014:00:49:48 -0500] "GET /BLA/resoluciones/Resoluciones%202011/1767.pdf HTTP/1.1" 200 520542
157.55.39.151 - - [06/Nov/2014:00:49:49 -0500] "GET /BLA/resoluciones/RESOLUCIONES%202008/0665.pdf HTTP/1.1" 200 71472
66.249.64.167 - - [06/Nov/2014:00:49:50 -0500] "GET /BLA/resoluciones/AUTOS%202014/1609.pdf HTTP/1.1" 200 334641
157.55.39.118 - - [06/Nov/2014:00:49:52 -0500] "GET /BLA/resoluciones/Resoluciones%202011/0621.pdf HTTP/1.1" 200 74979
157.55.39.152 - - [06/Nov/2014:00:49:53 -0500] "GET /bla/resoluciones/RESOLUCIONES%202011/0976.pdf HTTP/1.1" 200 75605
157.55.39.255 - - [06/Nov/2014:00:49:57 -0500] "GET /BLA/resoluciones/AUTOS%202011/5355.pdf HTTP/1.1" 200 332056
66.249.64.171 - - [06/Nov/2014:00:50:04 -0500] "GET /BLA/resoluciones/AUTOS%202014/0042.pdf HTTP/1.1" 200 826826
157.55.39.152 - - [06/Nov/2014:00:50:08 -0500] "GET /BLA/resoluciones/Resoluciones%202011/5323.pdf HTTP/1.1" 200 564140
157.55.39.255 - - [06/Nov/2014:00:50:15 -0500] "GET /bla/resoluciones/RESOLUCIONES%202009/7579.pdf HTTP/1.1" 200 502767
157.55.39.255 - - [06/Nov/2014:00:50:17 -0500] "GET /BLA/resoluciones/RESOLUCIONES%202007/RES%202007%202701%20AL%202800/RESOLUCION%202768%20%20DE%202007.pdf HTTP/1.1" 200 350586
157.55.39.152 - - [06/Nov/2014:00:50:19 -0500] "GET /BLA/resoluciones/RESOLUCIONES%202009/1909.pdf HTTP/1.1" 200 567922
157.55.39.152 - - [06/Nov/2014:00:50:19 -0500] "GET /BLA/resoluciones/AUTOS%202009/2117.pdf HTTP/1.1" 200 89409
157.55.39.118 - - [06/Nov/2014:00:50:25 -0500] "GET /BLA/resoluciones/RESOLUCIONES%202011/1864.pdf HTTP/1.1" 200 516927
157.55.39.118 - - [06/Nov/2014:00:50:25 -0500] "GET /BLA/resoluciones/RESOLUCIONES%202009/1259.pdf HTTP/1.1" 200 645849
66.249.64.171 - - [06/Nov/2014:00:50:27 -0500] "GET /counter/digits/war2orc/ HTTP/1.1" 404 1018
157.55.39.151 - - [06/Nov/2014:00:50:30 -0500] "GET /BLA/resoluciones/RESOLUCIONES%202010/6925.pdf HTTP/1.1" 200 76675
157.55.39.151 - - [06/Nov/2014:00:50:30 -0500] "GET /BLA/resoluciones/RESOLUCIONES%202009/0775.pdf HTTP/1.1" 200 24603
