201.245.192.253 - - [07/Nov/2014:06:21:52 -0500] "GET /forestReports/webcontent/birt/ajax/core/BirtSoapRequest.js HTTP/1.1" 304 -
201.245.192.253 - - [07/Nov/2014:06:21:52 -0500] "GET /forestReports/webcontent/birt/images/Report_parameters.gif HTTP/1.1" 304 -
201.245.192.253 - - [07/Nov/2014:06:21:52 -0500] "GET /forestReports/webcontent/birt/images/Toc.gif HTTP/1.1" 304 -
201.245.192.253 - - [07/Nov/2014:06:21:52 -0500] "GET /forestReports/webcontent/birt/images/ExportReport.gif HTTP/1.1" 304 -
201.245.192.253 - - [07/Nov/2014:06:21:52 -0500] "GET /forestReports/webcontent/birt/images/AddAll.gif HTTP/1.1" 304 -
201.245.192.253 - - [07/Nov/2014:06:21:52 -0500] "GET /forestReports/webcontent/birt/images/Add.gif HTTP/1.1" 304 -
201.245.192.253 - - [07/Nov/2014:06:21:52 -0500] "GET /forestReports/webcontent/birt/images/Remove_disabled.gif HTTP/1.1" 304 -
201.245.192.253 - - [07/Nov/2014:06:21:52 -0500] "GET /forestReports/webcontent/birt/images/RemoveAll_disabled.gif HTTP/1.1" 304 -
201.245.192.253 - - [07/Nov/2014:06:21:52 -0500] "GET /forestReports/webcontent/birt/images/Down_disabled.gif HTTP/1.1" 304 -
201.245.192.253 - - [07/Nov/2014:06:21:52 -0500] "GET /forestReports/webcontent/birt/images/parameter.gif HTTP/1.1" 304 -
201.245.192.253 - - [07/Nov/2014:06:21:52 -0500] "GET /forestReports/webcontent/birt/pages/common/processing.jsp?__rtl=false HTTP/1.1" 200 719
201.245.192.253 - - [07/Nov/2014:06:21:52 -0500] "GET /forestReports/webcontent/birt/images/PreviousPage_disabled.gif HTTP/1.1" 304 -
201.245.192.253 - - [07/Nov/2014:06:21:52 -0500] "GET /forestReports/webcontent/birt/images/Loading.gif HTTP/1.1" 304 -
201.245.192.253 - - [07/Nov/2014:06:21:52 -0500] "POST /forest/frameset?__toolbar=true&__report=forest%2Frpts%2F117.rptdesign&__format=&__app=forest&__sessionId=20141107_062617_332&__dpi=96 HTTP/1.1" 200 16981
201.245.192.253 - - [07/Nov/2014:06:21:54 -0500] "GET /forest/preview?__sessionId=20141107_062617_332&__imageid=file75326b241497c55dd594018.gif HTTP/1.1" 200 2367
201.245.192.253 - - [07/Nov/2014:06:21:54 -0500] "GET /forest/preview?__sessionId=20141107_062617_332&__imageid=file75326b241497c55dd594017.gif HTTP/1.1" 200 4169
190.159.238.62 - - [07/Nov/2014:06:21:27 -0500] "GET /forms/jinitiator/jinit.exe HTTP/1.1" 200 8038136
66.249.64.163 - - [07/Nov/2014:06:21:56 -0500] "GET /BLA/resoluciones/AUTOS%202011/7341.pdf HTTP/1.1" 200 205659
190.159.238.62 - - [07/Nov/2014:06:21:57 -0500] "GET /favicon.ico HTTP/1.1" 200 7782
201.245.192.253 - - [07/Nov/2014:06:21:59 -0500] "POST /forest/parameter HTTP/1.1" 200 6582
201.245.192.253 - - [07/Nov/2014:06:22:06 -0500] "POST /forest/frameset? HTTP/1.1" 200 53276
201.245.192.253 - - [07/Nov/2014:06:22:06 -0500] "GET /forestReports/webcontent/birt/pages/common/processing.jsp?__rtl=false HTTP/1.1" 200 719
66.249.64.167 - - [07/Nov/2014:06:22:07 -0500] "GET /BLA/resoluciones/RESOLUCIONES%202010/4397.pdf HTTP/1.1" 304 -
201.245.192.253 - - [07/Nov/2014:06:22:06 -0500] "POST /forest/frameset?__toolbar=true&__report=forest%2Frpts%2F117.rptdesign&__format=&__app=forest&__sessionIdOLD=20141107_062617_332&__sessionId=20141107_062631_019&__dpi=96 HTTP/1.1" 200 15602
201.245.192.253 - - [07/Nov/2014:06:22:07 -0500] "GET /forest/preview?__sessionId=20141107_062631_019&__imageid=file75326b241497c55dd594019.gif HTTP/1.1" 200 4169
201.245.192.253 - - [07/Nov/2014:06:22:07 -0500] "GET /forest/preview?__sessionId=20141107_062631_019&__imageid=file75326b241497c55dd594020.gif HTTP/1.1" 200 2367
201.245.192.253 - - [07/Nov/2014:06:22:13 -0500] "POST /forest/parameter HTTP/1.1" 200 6584
66.249.64.171 - - [07/Nov/2014:06:22:17 -0500] "GET /BLA/resoluciones/AUTOS%202010/2371.pdf HTTP/1.1" 304 -
201.245.192.253 - - [07/Nov/2014:06:22:19 -0500] "POST /forest/frameset? HTTP/1.1" 200 53280
201.245.192.253 - - [07/Nov/2014:06:22:19 -0500] "GET /forestReports/webcontent/birt/pages/common/processing.jsp?__rtl=false HTTP/1.1" 200 719
201.245.192.253 - - [07/Nov/2014:06:22:19 -0500] "POST /forest/frameset?__toolbar=true&__report=forest%2Frpts%2F117.rptdesign&__format=&__app=forest&__sessionIdOLD=20141107_062631_019&__sessionId=20141107_062643_866&__dpi=96 HTTP/1.1" 200 18504
201.245.192.253 - - [07/Nov/2014:06:22:19 -0500] "GET /forest/preview?__sessionId=20141107_062643_866&__imageid=file75326b241497c55dd594021.gif HTTP/1.1" 200 4169
201.245.192.253 - - [07/Nov/2014:06:22:19 -0500] "GET /forest/preview?__sessionId=20141107_062643_866&__imageid=file75326b241497c55dd594022.gif HTTP/1.1" 200 2367
66.249.64.171 - - [07/Nov/2014:06:22:28 -0500] "GET /BLA/resoluciones/RESOLUCIONES%202008/3460.pdf HTTP/1.1" 304 -
66.249.64.171 - - [07/Nov/2014:06:22:38 -0500] "GET /BLA/resoluciones/RESOLUCIONES%202010/1461.pdf HTTP/1.1" 200 434145
66.249.64.163 - - [07/Nov/2014:06:22:39 -0500] "GET /BLA/resoluciones/RESOLUCIONES%202007/RES%202007%204101%20AL%204200/RESOLUCION%204161%20DE%202007.pdf HTTP/1.1" 304 -
190.141.165.177 - - [07/Nov/2014:06:22:47 -0500] "GET /galeria/nivo-slider/demo/demo.html HTTP/1.1" 304 -
190.141.165.177 - - [07/Nov/2014:06:22:47 -0500] "GET /galeria/nivo-slider/demo/images/Banner-comparendo.jpg HTTP/1.1" 304 -
190.141.165.177 - - [07/Nov/2014:06:22:47 -0500] "GET /galeria/nivo-slider/demo/images/Banner-Ecourbanismo.jpg HTTP/1.1" 304 -
66.249.64.167 - - [07/Nov/2014:06:22:49 -0500] "GET /BLA/resoluciones/AUTOS%202012/1730.pdf HTTP/1.1" 304 -
190.141.165.177 - - [07/Nov/2014:06:22:51 -0500] "GET /videos/Spot_CambioClimatico.flv HTTP/1.1" 304 -
66.249.64.167 - - [07/Nov/2014:06:22:59 -0500] "GET /BLA/resoluciones/RESOLUCIONES%202009/4279.pdf HTTP/1.1" 200 503841
66.249.64.163 - - [07/Nov/2014:06:23:10 -0500] "GET /BLA/resoluciones/RESOLUCIONES%202009/8556.pdf HTTP/1.1" 200 172581
66.249.64.163 - - [07/Nov/2014:06:23:20 -0500] "GET /BLA/resoluciones/RESOLUCIONES%202007/RES%202007%201401%20AL%201500/RESOLUCION%201435%20DE%202007.pdf HTTP/1.1" 200 202991
181.48.9.62 - - [07/Nov/2014:06:23:31 -0500] "GET /BLA/boletinlegal/js/jquery.js HTTP/1.1" 304 -
181.48.9.62 - - [07/Nov/2014:06:23:31 -0500] "GET /BLA/boletinlegal/js/jquery.scrollTo-min.js HTTP/1.1" 304 -
181.48.9.62 - - [07/Nov/2014:06:23:31 -0500] "GET /BLA/boletinlegal/js/jquery.scrollShow.js HTTP/1.1" 304 -
66.249.64.163 - - [07/Nov/2014:06:23:31 -0500] "GET /BLA/resoluciones/RESOLUCIONES%202007/RES%202007%20701%20AL%20800/RESOLUCION%200772%20DE%202007.pdf HTTP/1.1" 304 -
66.249.64.171 - - [07/Nov/2014:06:23:41 -0500] "GET /BLA/resoluciones/RESOLUCIONES%202011/0235.pdf HTTP/1.1" 200 1320887
66.249.64.163 - - [07/Nov/2014:06:23:44 -0500] "GET /BLA/resoluciones/RESOLUCIONES%202010/1747.pdf HTTP/1.1" 200 413514
66.249.64.171 - - [07/Nov/2014:06:23:52 -0500] "GET /BLA/resoluciones/RESOLUCIONES%202009/6226.pdf HTTP/1.1" 200 1152059
66.249.64.163 - - [07/Nov/2014:06:24:02 -0500] "GET /autoliquidacion/index.php?dir=TR%C1MITES+AGUAS+SUBTERR%C1NEAS%2F126PM04-PR93-PR%D3RROGA+CONCESI%D3N+AGUAS+SUBTERR%C1NEAS%2F HTTP/1.1" 200 2907
201.245.192.253 - - [07/Nov/2014:06:24:03 -0500] "GET /arcgis/services/Calidad_del_Agua_WQI/MapServer/WMSServer?LAYERS=6%2C8%2C4&TRANSPARENT=TRUE&PROJECTION=EPSG%3A4326&FORMAT=image%2Fpng&SERVICE=WMS&VERSION=1.1.1&REQUEST=GetMap&STYLES=&SRS=EPSG%3A4326&BBOX=-74.8828125,4.5703125,-74.53125,4.921875&WIDTH=256&HEIGHT=256 HTTP/1.1" 200 875
201.245.192.253 - - [07/Nov/2014:06:24:13 -0500] "GET /plugins/like.php?locale=es_ES&href=http%3A%2F%2Fwww.facebook.com%2Fmsn&send=false&layout=button_count&width=450&show_faces=false&font&colorscheme=light&action=like&height=21 HTTP/1.1" 404 1314
66.249.64.163 - - [07/Nov/2014:06:24:13 -0500] "GET /BLA/resoluciones/RESOLUCIONES%202009/7311.pdf HTTP/1.1" 200 352574
66.249.64.163 - - [07/Nov/2014:06:24:23 -0500] "GET /BLA/resoluciones/RESOLUCIONES%202010/6336.pdf HTTP/1.1" 200 746683
186.122.46.234 - - [07/Nov/2014:06:24:24 -0500] "GET /BLA/boletinlegal/js/jquery.js HTTP/1.1" 200 57254
186.122.46.234 - - [07/Nov/2014:06:24:24 -0500] "GET /BLA/boletinlegal/js/jquery.scrollTo-min.js HTTP/1.1" 200 1150
186.122.46.234 - - [07/Nov/2014:06:24:24 -0500] "GET /BLA/boletinlegal/js/jquery.scrollShow.js HTTP/1.1" 200 4586
124.171.44.45 - - [07/Nov/2014:06:24:32 -0500] "GET /webdav/x32.php?host=121.99.219.194&time=1&port=80 HTTP/1.1" 404 1018
181.48.9.62 - - [07/Nov/2014:06:24:32 -0500] "GET /galeria/nivo-slider/demo/demo.html HTTP/1.1" 200 3542
181.48.9.62 - - [07/Nov/2014:06:24:32 -0500] "GET /galeria/nivo-slider/demo/images/Banner-comparendo.jpg HTTP/1.1" 200 388762
66.249.64.171 - - [07/Nov/2014:06:24:34 -0500] "GET /BLA/resoluciones/AUTOS%202013/0951.pdf HTTP/1.1" 304 -
181.48.9.62 - - [07/Nov/2014:06:24:34 -0500] "GET /galeria/nivo-slider/themes/pascal/pascal.css HTTP/1.1" 304 -
181.48.9.62 - - [07/Nov/2014:06:24:34 -0500] "GET /galeria/nivo-slider/themes/default/default.css HTTP/1.1" 304 -
181.48.9.62 - - [07/Nov/2014:06:24:34 -0500] "GET /galeria/nivo-slider/themes/orman/orman.css HTTP/1.1" 304 -
181.48.9.62 - - [07/Nov/2014:06:24:36 -0500] "GET /galeria/nivo-slider/nivo-slider.css HTTP/1.1" 304 -
181.48.9.62 - - [07/Nov/2014:06:24:38 -0500] "GET /galeria/nivo-slider/demo/images/Banner-Ecourbanismo.jpg HTTP/1.1" 304 -
181.48.9.62 - - [07/Nov/2014:06:24:38 -0500] "GET /galeria/nivo-slider/demo/images/porloshumedales.jpg HTTP/1.1" 304 -
181.48.9.62 - - [07/Nov/2014:06:24:42 -0500] "GET /galeria/nivo-slider/demo/images/banner-aceite3.jpg HTTP/1.1" 304 -
66.249.64.171 - - [07/Nov/2014:06:24:44 -0500] "GET /BLA/resoluciones/AUTOS%202013/3160.pdf HTTP/1.1" 200 455355
181.48.9.62 - - [07/Nov/2014:06:24:49 -0500] "GET /galeria/nivo-slider/demo/images/Tingua-azul.jpg HTTP/1.1" 304 -
66.249.64.171 - - [07/Nov/2014:06:24:50 -0500] "GET /BLA/resoluciones/RESOLUCIONES%202010/1102.pdf HTTP/1.1" 200 104962
181.48.9.62 - - [07/Nov/2014:06:24:53 -0500] "GET /galeria/nivo-slider/themes/default/loading.gif HTTP/1.1" 304 -
201.245.192.253 - - [07/Nov/2014:06:24:54 -0500] "GET /forestReports/webcontent/birt/admin/img/popup/close.gif HTTP/1.1" 304 -
66.249.64.171 - - [07/Nov/2014:06:24:55 -0500] "GET /BLA/resoluciones/AUTOS%202013/2801.pdf HTTP/1.1" 304 -
198.27.66.185 - - [07/Nov/2014:06:25:01 -0500] "GET /robots.txt HTTP/1.0" 404 1015
66.249.64.171 - - [07/Nov/2014:06:25:01 -0500] "GET /autoliquidacion/index.php HTTP/1.1" 200 6375
181.48.9.62 - - [07/Nov/2014:06:25:04 -0500] "GET /galeria/nivo-slider/demo/images/Banner-Caracol-Africano.jpg HTTP/1.1" 304 -
198.27.66.185 - - [07/Nov/2014:06:25:04 -0500] "GET /hum/FotosHumedales-Fb05/Fotos%20Fundaci%C3%B3n%20La%20Conejera/?C=D;O=A HTTP/1.0" 404 1015
66.249.64.163 - - [07/Nov/2014:06:25:05 -0500] "GET /BLA/resoluciones/RESOLUCIONES%202008/4230.pdf HTTP/1.1" 200 557902
198.27.66.185 - - [07/Nov/2014:06:25:06 -0500] "GET /hum/FotosHumedales-Fb05/Fotos%20Fundaci%C3%B3n%20La%20Conejera/?C=M;O=A HTTP/1.0" 404 1015
198.27.66.185 - - [07/Nov/2014:06:25:08 -0500] "GET /portalsiaccapacitaciones/Soportes%20Capacitaciones%20A%C3%B1o%202013/?C=N;O=A HTTP/1.0" 200 16997
198.27.66.185 - - [07/Nov/2014:06:25:10 -0500] "GET /robots.txt HTTP/1.0" 404 1019
198.27.66.185 - - [07/Nov/2014:06:25:12 -0500] "GET /even1/Secci%C3%B3n%201/?C=D;O=A HTTP/1.0" 404 1019
198.27.66.185 - - [07/Nov/2014:06:25:13 -0500] "GET /even1/Secci%C3%B3n%201/?C=M;O=A HTTP/1.0" 404 1019
181.48.9.62 - - [07/Nov/2014:06:25:14 -0500] "GET /galeria/nivo-slider/demo/images/banner-redes.jpg HTTP/1.1" 304 -
198.27.66.185 - - [07/Nov/2014:06:25:15 -0500] "GET /phylum/ene01/pyl.htm HTTP/1.0" 404 1019
66.249.64.163 - - [07/Nov/2014:06:25:16 -0500] "GET /BLA/resoluciones/RESOLUCIONES%202007/RES%202007%203501%20AL%203600/RESOLUCION%203573%20DE%202007.pdf HTTP/1.1" 304 -
181.48.9.62 - - [07/Nov/2014:06:25:16 -0500] "GET /galeria/nivo-slider/demo/images/9Signos.jpg HTTP/1.1" 304 -
198.27.66.185 - - [07/Nov/2014:06:25:19 -0500] "GET /re/Cuento/cuadro22/boton%20cuadro22/_notes/?C=D;O=D HTTP/1.0" 404 1019
181.48.9.62 - - [07/Nov/2014:06:25:22 -0500] "GET /galeria/nivo-slider/demo/images/banner-llantas2.jpg HTTP/1.1" 304 -
198.27.66.185 - - [07/Nov/2014:06:25:23 -0500] "GET /re/Cuento/cuadro22/boton%20cuadro22/_notes/?C=M;O=D HTTP/1.0" 404 1019
66.249.64.171 - - [07/Nov/2014:06:25:26 -0500] "GET /BLA/resoluciones/RESOLUCIONES%202008/1564.pdf HTTP/1.1" 200 261132
181.48.9.62 - - [07/Nov/2014:06:25:28 -0500] "GET /videos/Spot_CambioClimatico.flv HTTP/1.1" 304 -
198.27.66.185 - - [07/Nov/2014:06:25:29 -0500] "GET /re/Cuento/cuadro22/imagen%20izquierda/imagen%20boton%20talleres/?C=D;O=D HTTP/1.0" 404 1019
181.48.9.62 - - [07/Nov/2014:06:25:31 -0500] "GET /galeria/nivo-slider/demo/images/banner-caballos.png HTTP/1.1" 304 -
198.27.66.185 - - [07/Nov/2014:06:25:33 -0500] "GET /re/Cuento/cuadro22/imagen%20izquierda/imagen%20boton%20talleres/?C=M;O=D HTTP/1.0" 404 1019
201.245.192.253 - - [07/Nov/2014:06:25:35 -0500] "GET /forest/img/nav_first.gif HTTP/1.1" 304 -
190.7.107.4 - - [07/Nov/2014:06:25:36 -0500] "GET /BLA/boletinlegal/js/jquery.scrollShow.js HTTP/1.1" 200 4586
190.7.107.4 - - [07/Nov/2014:06:25:36 -0500] "GET /BLA/boletinlegal/js/jquery.js HTTP/1.1" 200 57254
190.7.107.4 - - [07/Nov/2014:06:25:36 -0500] "GET /BLA/boletinlegal/js/jquery.scrollTo-min.js HTTP/1.1" 200 1150
190.7.107.4 - - [07/Nov/2014:06:25:36 -0500] "GET /galeria/carrusel/Carrusel/jquery.thumbnailScroller.css HTTP/1.1" 200 2066
190.7.107.4 - - [07/Nov/2014:06:25:36 -0500] "GET /galeria/carrusel/Carrusel/jquery-ui-1.8.13.custom.min.js HTTP/1.1" 200 10800
190.7.107.4 - - [07/Nov/2014:06:25:36 -0500] "GET /galeria/carrusel/Carrusel/jquery.thumbnailScroller.js HTTP/1.1" 200 8157
198.27.66.185 - - [07/Nov/2014:06:25:37 -0500] "GET /re/Cuento/cuadro22/imagen%20izquierda/imagen%20boton%20talleres/_notes/?C=D;O=A HTTP/1.0" 404 1019
66.249.64.167 - - [07/Nov/2014:06:25:37 -0500] "GET /BLA/resoluciones/RESOLUCIONES%202007/RES%202007%202001%20AL%202100/RESOLUCION%202092%20DE%202007.pdf HTTP/1.1" 200 335002
198.27.66.185 - - [07/Nov/2014:06:25:40 -0500] "GET /re/Cuento/cuadro22/imagen%20izquierda/imagen%20boton%20talleres/_notes/?C=M;O=A HTTP/1.0" 404 1019
181.48.9.62 - - [07/Nov/2014:06:25:47 -0500] "GET /galeria/nivo-slider/demo/images/Hacienda_Molinos.jpg HTTP/1.1" 304 -
66.249.64.163 - - [07/Nov/2014:06:25:47 -0500] "GET /BLA/resoluciones/RESOLUCIONES%202009/9731.pdf HTTP/1.1" 200 284619
198.27.66.185 - - [07/Nov/2014:06:25:48 -0500] "GET /re/Cuento/cuadro22/imagen%20izquierda/imagen%20boton%20talleres/_notes/?C=N;O=D HTTP/1.0" 404 1019
198.27.66.185 - - [07/Nov/2014:06:25:52 -0500] "GET /re/Cuento/cuadro22/imagen%20izquierda/imagen%20boton%20talleres/_notes/?C=S;O=A HTTP/1.0" 404 1019
74.86.158.107 - - [07/Nov/2014:06:25:54 -0500] "HEAD / HTTP/1.1" 302 -
198.27.66.185 - - [07/Nov/2014:06:25:54 -0500] "GET /re/Cuento/imagenes%20comunes/botones%20cuento/_notes/?C=D;O=D HTTP/1.0" 404 1019
66.249.64.163 - - [07/Nov/2014:06:25:56 -0500] "GET /BLA/resoluciones/RESOLUCIONES%202010/0324.pdf HTTP/1.1" 200 142082
198.27.66.185 - - [07/Nov/2014:06:25:57 -0500] "GET /re/Cuento/imagenes%20comunes/botones%20cuento/_notes/?C=M;O=D HTTP/1.0" 404 1019
66.249.64.167 - - [07/Nov/2014:06:25:58 -0500] "GET /BLA/resoluciones/RESOLUCIONES%202009/3986.pdf HTTP/1.1" 200 371780
198.27.66.185 - - [07/Nov/2014:06:26:01 -0500] "GET /re/Entrada/entrada.htm HTTP/1.0" 404 1019
198.27.66.185 - - [07/Nov/2014:06:26:05 -0500] "GET /siac/siac1.htm HTTP/1.0" 404 1019
66.249.64.167 - - [07/Nov/2014:06:26:09 -0500] "GET /BLA/resoluciones/RESOLUCIONES%202011/6123.pdf HTTP/1.1" 200 582019
181.48.9.62 - - [07/Nov/2014:06:26:11 -0500] "GET /galeria/nivo-slider/demo/images/bannerEcolecta3.jpg HTTP/1.1" 304 -
66.249.64.39 - - [07/Nov/2014:06:26:19 -0500] "GET /htdocs/gallery2/g2data/cache/derivative/2/8/ HTTP/1.1" 404 1019
66.249.64.171 - - [07/Nov/2014:06:26:30 -0500] "GET /BLA/resoluciones/RESOLUCIONES%202009/1760.pdf HTTP/1.1" 304 -
186.114.55.239 - - [07/Nov/2014:06:26:37 -0500] "GET /BLA/resoluciones/RESOLUCIONES%202013/0761.pdf HTTP/1.1" 200 1680685
186.114.55.239 - - [07/Nov/2014:06:26:37 -0500] "GET /BLA/resoluciones/RESOLUCIONES%202013/0761.pdf HTTP/1.1" 206 32768
186.114.55.239 - - [07/Nov/2014:06:26:37 -0500] "GET /BLA/resoluciones/RESOLUCIONES%202013/0761.pdf HTTP/1.1" 206 1647917
66.249.64.171 - - [07/Nov/2014:06:26:40 -0500] "GET /BLA/resoluciones/RESOLUCIONES%202009/3071.pdf HTTP/1.1" 200 510545
186.114.55.239 - - [07/Nov/2014:06:26:41 -0500] "GET /favicon.ico HTTP/1.1" 200 7782
201.245.192.253 - - [07/Nov/2014:06:26:45 -0500] "GET /forest/session.jsp?a=0.8828702850732952 HTTP/1.1" 200 4
66.249.64.171 - - [07/Nov/2014:06:26:51 -0500] "GET /BLA/resoluciones/AUTOS%202009/0618.pdf HTTP/1.1" 304 -
66.249.64.171 - - [07/Nov/2014:06:27:01 -0500] "GET /BLA/resoluciones/RESOLUCIONES%202009/8399.pdf HTTP/1.1" 200 430060
66.249.64.167 - - [07/Nov/2014:06:27:02 -0500] "GET /BLA/resoluciones/RESOLUCIONES%202010/0558.pdf HTTP/1.1" 200 101296
66.249.64.171 - - [07/Nov/2014:06:27:12 -0500] "GET /BLA/resoluciones/RESOLUCIONES%202013/1089.pdf HTTP/1.1" 304 -
66.249.64.171 - - [07/Nov/2014:06:27:22 -0500] "GET /BLA/resoluciones/RESOLUCIONES%202007/RES%202007%202601%20AL%202700/RESOLUCION%202651%20DE%202007.pdf HTTP/1.1" 304 -
66.249.64.163 - - [07/Nov/2014:06:27:33 -0500] "GET /BLA/resoluciones/RESOLUCIONES%202008/3907.pdf HTTP/1.1" 304 -
66.249.64.167 - - [07/Nov/2014:06:27:43 -0500] "GET /BLA/resoluciones/RESOLUCIONES%202009/8034.pdf HTTP/1.1" 200 414664
201.244.251.147 - - [07/Nov/2014:06:27:51 -0500] "GET / HTTP/1.1" 302 -
201.244.251.147 - - [07/Nov/2014:06:27:53 -0500] "GET /BLA/boletinlegal/js/jquery.scrollShow.js HTTP/1.1" 200 4586
201.244.251.147 - - [07/Nov/2014:06:27:53 -0500] "GET /BLA/boletinlegal/js/jquery.scrollTo-min.js HTTP/1.1" 200 1150
201.244.251.147 - - [07/Nov/2014:06:27:53 -0500] "GET /galeria/carrusel/Carrusel/jquery.thumbnailScroller.css HTTP/1.1" 200 2066
201.244.251.147 - - [07/Nov/2014:06:27:53 -0500] "GET /BLA/boletinlegal/js/jquery.js HTTP/1.1" 200 57254
201.244.251.147 - - [07/Nov/2014:06:27:54 -0500] "GET /galeria/carrusel/Carrusel/jquery-ui-1.8.13.custom.min.js HTTP/1.1" 200 10800
201.244.251.147 - - [07/Nov/2014:06:27:54 -0500] "GET /galeria/carrusel/Carrusel/jquery.thumbnailScroller.js HTTP/1.1" 200 8157
66.249.64.163 - - [07/Nov/2014:06:27:54 -0500] "GET /BLA/resoluciones/RESOLUCIONES%202011/0055.pdf HTTP/1.1" 304 -
201.245.192.253 - - [07/Nov/2014:06:27:54 -0500] "POST /forest/parameter HTTP/1.1" 200 6585
201.244.251.147 - - [07/Nov/2014:06:27:58 -0500] "GET /galeria/nivo-slider/demo/demo.html HTTP/1.1" 200 3542
190.29.89.49 - - [07/Nov/2014:06:27:58 -0500] "GET /BLA/boletinlegal/js/jquery.scrollTo-min.js HTTP/1.1" 200 1150
190.29.89.49 - - [07/Nov/2014:06:27:58 -0500] "GET /BLA/boletinlegal/js/jquery.js HTTP/1.1" 200 57254
190.29.89.49 - - [07/Nov/2014:06:27:58 -0500] "GET /BLA/boletinlegal/js/jquery.scrollShow.js HTTP/1.1" 200 4586
201.245.192.253 - - [07/Nov/2014:06:27:59 -0500] "POST /forest/frameset? HTTP/1.1" 200 53272
201.245.192.253 - - [07/Nov/2014:06:27:59 -0500] "GET /forestReports/webcontent/birt/pages/common/processing.jsp?__rtl=false HTTP/1.1" 200 719
201.245.192.253 - - [07/Nov/2014:06:27:59 -0500] "GET /forestReports/webcontent/birt/pages/common/processing.jsp?__rtl=false HTTP/1.1" 200 719
201.244.251.147 - - [07/Nov/2014:06:27:59 -0500] "GET /galeria/nivo-slider/themes/default/default.css HTTP/1.1" 200 1569
201.244.251.147 - - [07/Nov/2014:06:27:59 -0500] "GET /galeria/nivo-slider/themes/pascal/pascal.css HTTP/1.1" 200 2258
201.244.251.147 - - [07/Nov/2014:06:27:59 -0500] "GET /galeria/nivo-slider/nivo-slider.css HTTP/1.1" 200 1507
201.244.251.147 - - [07/Nov/2014:06:27:59 -0500] "GET /galeria/nivo-slider/themes/orman/orman.css HTTP/1.1" 200 2152
201.245.192.253 - - [07/Nov/2014:06:27:59 -0500] "POST /forest/frameset?__toolbar=true&__report=forest%2Frpts%2F117.rptdesign&__format=&__app=forest&__sessionIdOLD=20141107_062643_866&__sessionId=20141107_063223_766&__dpi=96 HTTP/1.1" 200 37641
201.244.251.147 - - [07/Nov/2014:06:27:59 -0500] "GET /galeria/nivo-slider/demo/style.css HTTP/1.1" 200 2222
201.244.251.147 - - [07/Nov/2014:06:27:59 -0500] "GET /galeria/nivo-slider/demo/images/Banner-comparendo.jpg HTTP/1.1" 200 388762
201.244.251.147 - - [07/Nov/2014:06:28:00 -0500] "GET /galeria/nivo-slider/demo/images/Banner-Ecourbanismo.jpg HTTP/1.1" 200 189838
201.244.251.147 - - [07/Nov/2014:06:28:00 -0500] "GET /galeria/nivo-slider/demo/images/porloshumedales.jpg HTTP/1.1" 200 351238
201.244.251.147 - - [07/Nov/2014:06:28:00 -0500] "GET /galeria/nivo-slider/demo/images/banner-aceite3.jpg HTTP/1.1" 200 88347
201.244.251.147 - - [07/Nov/2014:06:28:00 -0500] "GET /galeria/nivo-slider/demo/images/Banner-Caracol-Africano.jpg HTTP/1.1" 200 331986
201.245.192.253 - - [07/Nov/2014:06:28:00 -0500] "GET /forest/preview?__sessionId=20141107_063223_766&__imageid=file75326b241497c55dd594023.gif HTTP/1.1" 200 4169
201.245.192.253 - - [07/Nov/2014:06:28:00 -0500] "GET /forest/preview?__sessionId=20141107_063223_766&__imageid=file75326b241497c55dd594024.gif HTTP/1.1" 200 2367
201.244.251.147 - - [07/Nov/2014:06:28:00 -0500] "GET /galeria/nivo-slider/demo/images/Tingua-azul.jpg HTTP/1.1" 200 307638
201.244.251.147 - - [07/Nov/2014:06:28:00 -0500] "GET /galeria/nivo-slider/demo/scripts/jquery-1.7.1.min.js HTTP/1.1" 200 93868
201.244.251.147 - - [07/Nov/2014:06:28:01 -0500] "GET /galeria/nivo-slider/demo/images/9Signos.jpg HTTP/1.1" 200 93040
201.244.251.147 - - [07/Nov/2014:06:28:00 -0500] "GET /galeria/nivo-slider/demo/images/Hacienda_Molinos.jpg HTTP/1.1" 200 319171
201.244.251.147 - - [07/Nov/2014:06:28:02 -0500] "GET /galeria/nivo-slider/demo/images/banner-llantas2.jpg HTTP/1.1" 200 73153
201.244.251.147 - - [07/Nov/2014:06:28:03 -0500] "GET /galeria/nivo-slider/demo/images/banner-redes.jpg HTTP/1.1" 200 62209
201.244.251.147 - - [07/Nov/2014:06:28:04 -0500] "GET /galeria/nivo-slider/demo/images/bannerEcolecta3.jpg HTTP/1.1" 200 280034
201.244.251.147 - - [07/Nov/2014:06:28:04 -0500] "GET /galeria/nivo-slider/jquery.nivo.slider.pack.js HTTP/1.1" 200 11561
66.249.64.167 - - [07/Nov/2014:06:28:04 -0500] "GET /BLA/resoluciones/RESOLUCIONES%202010/0237.pdf HTTP/1.1" 200 558647
201.244.251.147 - - [07/Nov/2014:06:28:05 -0500] "GET /galeria/nivo-slider/demo/images/banner-caballos.png HTTP/1.1" 200 389106
201.244.251.147 - - [07/Nov/2014:06:28:06 -0500] "GET /galeria/nivo-slider/demo/images/4Simple_Slider.png HTTP/1.1" 200 11722
201.244.251.147 - - [07/Nov/2014:06:28:06 -0500] "GET /galeria/nivo-slider/themes/default/loading.gif HTTP/1.1" 200 1737
201.245.192.253 - - [07/Nov/2014:06:28:08 -0500] "POST /forest/parameter HTTP/1.1" 200 6583
66.249.64.167 - - [07/Nov/2014:06:28:08 -0500] "GET /BLA/resoluciones/RESOLUCIONES%202010/0833.pdf HTTP/1.1" 200 108124
201.244.251.147 - - [07/Nov/2014:06:28:12 -0500] "GET /galeria/nivo-slider/themes/default/arrows.png HTTP/1.1" 200 824
201.244.251.147 - - [07/Nov/2014:06:28:14 -0500] "GET /galeria/nivo-slider/themes/default/bullets.png HTTP/1.1" 200 1281
66.249.64.167 - - [07/Nov/2014:06:28:15 -0500] "GET /BLA/resoluciones/RESOLUCIONES%202009/4642.pdf HTTP/1.1" 200 777738
201.245.192.253 - - [07/Nov/2014:06:28:17 -0500] "POST /forest/frameset? HTTP/1.1" 200 53276
201.245.192.253 - - [07/Nov/2014:06:28:17 -0500] "GET /forestReports/webcontent/birt/pages/common/processing.jsp?__rtl=false HTTP/1.1" 200 719
201.245.192.253 - - [07/Nov/2014:06:28:17 -0500] "POST /forest/frameset?__toolbar=true&__report=forest%2Frpts%2F117.rptdesign&__app=forest&__format=&__sessionIdOLD=20141107_063223_766&__sessionId=20141107_063241_767&__dpi=96 HTTP/1.1" 200 11076
201.245.192.253 - - [07/Nov/2014:06:28:17 -0500] "GET /forest/preview?__sessionId=20141107_063241_767&__imageid=file75326b241497c55dd594026.gif HTTP/1.1" 200 2367
201.245.192.253 - - [07/Nov/2014:06:28:17 -0500] "GET /forest/preview?__sessionId=20141107_063241_767&__imageid=file75326b241497c55dd594025.gif HTTP/1.1" 200 4169
201.245.192.253 - - [07/Nov/2014:06:28:20 -0500] "POST /forest/parameter HTTP/1.1" 200 6584
186.80.9.96 - - [07/Nov/2014:06:28:20 -0500] "GET /BLA/boletinlegal/js/jquery.scrollTo-min.js HTTP/1.1" 200 1150
186.80.9.96 - - [07/Nov/2014:06:28:20 -0500] "GET /BLA/boletinlegal/js/jquery.js HTTP/1.1" 200 57254
186.80.9.96 - - [07/Nov/2014:06:28:20 -0500] "GET /BLA/boletinlegal/js/jquery.scrollShow.js HTTP/1.1" 200 4586
201.245.192.253 - - [07/Nov/2014:06:28:25 -0500] "POST /forest/frameset? HTTP/1.1" 200 53284
201.245.192.253 - - [07/Nov/2014:06:28:25 -0500] "GET /forestReports/webcontent/birt/pages/common/processing.jsp?__rtl=false HTTP/1.1" 200 719
66.249.64.163 - - [07/Nov/2014:06:28:25 -0500] "GET /BLA/resoluciones/RESOLUCIONES%202007/RES%202007%202001%20AL%202100/RESOLUCION%202036%20DE%202007.pdf HTTP/1.1" 304 -
201.245.192.253 - - [07/Nov/2014:06:28:25 -0500] "POST /forest/frameset?__toolbar=true&__report=forest%2Frpts%2F117.rptdesign&__format=&__app=forest&__sessionIdOLD=20141107_063241_767&__sessionId=20141107_063250_067&__dpi=96 HTTP/1.1" 200 11078
201.245.192.253 - - [07/Nov/2014:06:28:26 -0500] "GET /forest/preview?__sessionId=20141107_063250_067&__imageid=file75326b241497c55dd594027.gif HTTP/1.1" 200 4169
201.245.192.253 - - [07/Nov/2014:06:28:26 -0500] "GET /forest/preview?__sessionId=20141107_063250_067&__imageid=file75326b241497c55dd594028.gif HTTP/1.1" 200 2367
201.245.192.253 - - [07/Nov/2014:06:28:27 -0500] "POST /forest/parameter HTTP/1.1" 200 6586
201.245.192.253 - - [07/Nov/2014:06:28:34 -0500] "POST /forest/frameset? HTTP/1.1" 200 53280
201.245.192.253 - - [07/Nov/2014:06:28:34 -0500] "GET /forestReports/webcontent/birt/pages/common/processing.jsp?__rtl=false HTTP/1.1" 200 719
201.245.192.253 - - [07/Nov/2014:06:28:34 -0500] "POST /forest/frameset?__toolbar=true&__report=forest%2Frpts%2F117.rptdesign&__format=&__app=forest&__sessionIdOLD=20141107_063250_067&__sessionId=20141107_063259_312&__dpi=96 HTTP/1.1" 200 29062
201.245.192.253 - - [07/Nov/2014:06:28:35 -0500] "GET /forest/preview?__sessionId=20141107_063259_312&__imageid=file75326b241497c55dd594029.gif HTTP/1.1" 200 4169
201.245.192.253 - - [07/Nov/2014:06:28:35 -0500] "GET /forest/preview?__sessionId=20141107_063259_312&__imageid=file75326b241497c55dd594030.gif HTTP/1.1" 200 2367
66.249.64.171 - - [07/Nov/2014:06:28:36 -0500] "GET /BLA/resoluciones/RESOLUCIONES%202011/2826.pdf HTTP/1.1" 200 748190
190.240.207.185 - - [07/Nov/2014:06:28:38 -0500] "GET /BLA/boletinlegal/js/jquery.js HTTP/1.1" 200 57254
190.240.207.185 - - [07/Nov/2014:06:28:38 -0500] "GET /BLA/boletinlegal/js/jquery.scrollTo-min.js HTTP/1.1" 200 1150
190.240.207.185 - - [07/Nov/2014:06:28:38 -0500] "GET /BLA/boletinlegal/js/jquery.scrollShow.js HTTP/1.1" 200 4586
201.245.192.253 - - [07/Nov/2014:06:28:41 -0500] "GET /forest/img/nav_prev.gif HTTP/1.1" 304 -
66.249.64.167 - - [07/Nov/2014:06:28:46 -0500] "GET /BLA/resoluciones/RESOLUCIONES%202007/RES%202007%202801%20AL%202900/RESOLUCION%202854%20DE%202007.pdf HTTP/1.1" 304 -
201.184.229.126 - - [07/Nov/2014:06:28:48 -0500] "GET /BLA/boletinlegal/js/jquery.js HTTP/1.1" 200 57254
201.184.229.126 - - [07/Nov/2014:06:28:48 -0500] "GET /BLA/boletinlegal/js/jquery.scrollTo-min.js HTTP/1.1" 200 1150
201.184.229.126 - - [07/Nov/2014:06:28:48 -0500] "GET /BLA/boletinlegal/js/jquery.scrollShow.js HTTP/1.1" 200 4586
201.184.229.126 - - [07/Nov/2014:06:28:48 -0500] "GET /galeria/carrusel/Carrusel/jquery.thumbnailScroller.css HTTP/1.1" 200 2066
201.184.229.126 - - [07/Nov/2014:06:28:49 -0500] "GET /galeria/carrusel/Carrusel/jquery-ui-1.8.13.custom.min.js HTTP/1.1" 200 10800
201.184.229.126 - - [07/Nov/2014:06:28:49 -0500] "GET /galeria/carrusel/Carrusel/jquery.thumbnailScroller.js HTTP/1.1" 200 8157
201.184.229.126 - - [07/Nov/2014:06:28:50 -0500] "GET /galeria/nivo-slider/demo/demo.html HTTP/1.1" 200 3542
201.184.229.126 - - [07/Nov/2014:06:28:50 -0500] "GET /galeria/nivo-slider/themes/default/default.css HTTP/1.1" 200 1569
201.184.229.126 - - [07/Nov/2014:06:28:50 -0500] "GET /galeria/nivo-slider/themes/pascal/pascal.css HTTP/1.1" 200 2258
201.184.229.126 - - [07/Nov/2014:06:28:50 -0500] "GET /galeria/nivo-slider/themes/orman/orman.css HTTP/1.1" 200 2152
201.184.229.126 - - [07/Nov/2014:06:28:50 -0500] "GET /galeria/nivo-slider/nivo-slider.css HTTP/1.1" 200 1507
201.184.229.126 - - [07/Nov/2014:06:28:50 -0500] "GET /galeria/nivo-slider/demo/style.css HTTP/1.1" 200 2222
201.184.229.126 - - [07/Nov/2014:06:28:50 -0500] "GET /galeria/nivo-slider/demo/scripts/jquery-1.7.1.min.js HTTP/1.1" 200 93868
201.184.229.126 - - [07/Nov/2014:06:28:50 -0500] "GET /galeria/nivo-slider/jquery.nivo.slider.pack.js HTTP/1.1" 200 11561
201.184.229.126 - - [07/Nov/2014:06:28:50 -0500] "GET /galeria/nivo-slider/demo/images/Banner-comparendo.jpg HTTP/1.1" 200 388762
201.184.229.126 - - [07/Nov/2014:06:28:50 -0500] "GET /galeria/nivo-slider/demo/images/Banner-Ecourbanismo.jpg HTTP/1.1" 200 189838
201.184.229.126 - - [07/Nov/2014:06:28:51 -0500] "GET /galeria/nivo-slider/demo/images/porloshumedales.jpg HTTP/1.1" 200 351238
201.184.229.126 - - [07/Nov/2014:06:28:51 -0500] "GET /galeria/nivo-slider/demo/images/banner-aceite3.jpg HTTP/1.1" 200 88347
201.184.229.126 - - [07/Nov/2014:06:28:52 -0500] "GET /galeria/nivo-slider/demo/images/Tingua-azul.jpg HTTP/1.1" 200 307638
201.184.229.126 - - [07/Nov/2014:06:28:54 -0500] "GET /galeria/nivo-slider/demo/images/Banner-Caracol-Africano.jpg HTTP/1.1" 200 331986
201.184.229.126 - - [07/Nov/2014:06:28:54 -0500] "GET /galeria/nivo-slider/demo/images/banner-redes.jpg HTTP/1.1" 200 62209
201.184.229.126 - - [07/Nov/2014:06:28:55 -0500] "GET /galeria/nivo-slider/demo/images/9Signos.jpg HTTP/1.1" 200 93040
201.184.229.126 - - [07/Nov/2014:06:28:55 -0500] "GET /galeria/nivo-slider/demo/images/banner-llantas2.jpg HTTP/1.1" 200 73153
201.184.229.126 - - [07/Nov/2014:06:28:56 -0500] "GET /galeria/nivo-slider/demo/images/banner-caballos.png HTTP/1.1" 200 389106
201.184.229.126 - - [07/Nov/2014:06:28:56 -0500] "GET /galeria/nivo-slider/demo/images/Hacienda_Molinos.jpg HTTP/1.1" 200 319171
201.184.229.126 - - [07/Nov/2014:06:28:56 -0500] "GET /galeria/nivo-slider/demo/images/bannerEcolecta3.jpg HTTP/1.1" 200 280034
201.184.229.126 - - [07/Nov/2014:06:28:57 -0500] "GET /galeria/nivo-slider/demo/images/4Simple_Slider.png HTTP/1.1" 200 11722
66.249.64.171 - - [07/Nov/2014:06:28:57 -0500] "GET /BLA/resoluciones/RESOLUCIONES%202009/8413.pdf HTTP/1.1" 200 729272
201.184.229.126 - - [07/Nov/2014:06:28:57 -0500] "GET /galeria/nivo-slider/themes/default/loading.gif HTTP/1.1" 200 1737
201.184.229.126 - - [07/Nov/2014:06:28:59 -0500] "GET /videos/Spot_CambioClimatico.flv HTTP/1.1" 200 4371917
201.184.229.126 - - [07/Nov/2014:06:28:59 -0500] "GET /galeria/nivo-slider/themes/default/arrows.png HTTP/1.1" 200 824
201.184.229.126 - - [07/Nov/2014:06:28:59 -0500] "GET /galeria/nivo-slider/themes/default/bullets.png HTTP/1.1" 200 1281
66.249.64.167 - - [07/Nov/2014:06:29:07 -0500] "GET /BLA/resoluciones/RESOLUCIONES%202010/0115.pdf HTTP/1.1" 304 -
66.249.64.163 - - [07/Nov/2014:06:29:14 -0500] "GET /BLA/resoluciones/RESOLUCIONES%202010/1587.pdf HTTP/1.1" 200 434777
66.249.64.167 - - [07/Nov/2014:06:29:18 -0500] "GET /BLA/resoluciones/AUTOS%202008/0322.pdf HTTP/1.1" 304 -
66.249.64.163 - - [07/Nov/2014:06:29:29 -0500] "GET /BLA/resoluciones/RESOLUCIONES%202012/0331.pdf HTTP/1.1" 200 343266
118.99.13.128 - - [07/Nov/2014:06:29:31 -0500] "HEAD /editor/filemanager/connectors/test.html HTTP/1.1" 404 -
66.249.64.171 - - [07/Nov/2014:06:29:39 -0500] "GET /BLA/resoluciones/RESOLUCIONES%202009/2101.pdf HTTP/1.1" 200 427340
66.249.64.163 - - [07/Nov/2014:06:29:49 -0500] "GET /BLA/resoluciones/RESOLUCIONES%202010/6483.pdf HTTP/1.1" 304 -
66.249.64.167 - - [07/Nov/2014:06:30:00 -0500] "GET /BLA/resoluciones/RESOLUCIONES%202007/RES%202007%201501%20AL%201600/RESOLUCION%201516%20DE%202007.pdf HTTP/1.1" 304 -
66.249.64.163 - - [07/Nov/2014:06:30:11 -0500] "GET /BLA/resoluciones/AUTOS%202013/1474.pdf HTTP/1.1" 304 -
66.249.64.171 - - [07/Nov/2014:06:30:20 -0500] "GET /BLA/resoluciones/RESOLUCIONES%202010/0773.pdf HTTP/1.1" 200 109382
66.249.64.171 - - [07/Nov/2014:06:30:21 -0500] "GET /BLA/resoluciones/AUTOS%202012/0320.pdf HTTP/1.1" 304 -
66.249.64.163 - - [07/Nov/2014:06:30:25 -0500] "GET /BLA/resoluciones/AUTOS%202010/5654.pdf HTTP/1.1" 200 938648
66.249.64.171 - - [07/Nov/2014:06:30:32 -0500] "GET /BLA/resoluciones/RESOLUCIONES%202007/RES%202007%203801%20AL%203900/RESOLUCION%203819%20DE%202007.pdf HTTP/1.1" 304 -
180.76.6.231 - - [07/Nov/2014:06:30:36 -0500] "GET /BLA/resoluciones/RESOLUCIONES%202007/RES%202007%20401%20AL%20500/RESOLUCION%200438%20DE%202007.pdf HTTP/1.1" 200 453454
186.80.66.205 - - [07/Nov/2014:06:30:37 -0500] "GET /BLA/boletinlegal/js/jquery.js HTTP/1.1" 200 57254
186.80.66.205 - - [07/Nov/2014:06:30:37 -0500] "GET /BLA/boletinlegal/js/jquery.scrollTo-min.js HTTP/1.1" 200 1150
186.80.66.205 - - [07/Nov/2014:06:30:37 -0500] "GET /BLA/boletinlegal/js/jquery.scrollShow.js HTTP/1.1" 200 4586
66.249.64.171 - - [07/Nov/2014:06:30:42 -0500] "GET /BLA/resoluciones/RESOLUCIONES%202012/1914.pdf HTTP/1.1" 200 319834
66.249.64.167 - - [07/Nov/2014:06:30:53 -0500] "GET /BLA/resoluciones/AUTOS%202012/1659.pdf HTTP/1.1" 304 -
74.86.158.107 - - [07/Nov/2014:06:30:54 -0500] "HEAD / HTTP/1.1" 302 -
66.249.64.167 - - [07/Nov/2014:06:31:03 -0500] "GET /BLA/resoluciones/RESOLUCIONES%202009/6135.pdf HTTP/1.1" 200 214743
180.76.6.144 - - [07/Nov/2014:06:31:03 -0500] "GET /BLA/resoluciones/AUTOS%202011/1894.pdf HTTP/1.1" 200 157157
190.24.118.223 - - [07/Nov/2014:06:31:07 -0500] "GET /BLA/boletinlegal/js/jquery.js HTTP/1.1" 200 57254
190.24.118.223 - - [07/Nov/2014:06:31:07 -0500] "GET /BLA/boletinlegal/js/jquery.scrollShow.js HTTP/1.1" 200 4586
190.24.118.223 - - [07/Nov/2014:06:31:07 -0500] "GET /BLA/boletinlegal/js/jquery.scrollTo-min.js HTTP/1.1" 200 1150
66.249.64.163 - - [07/Nov/2014:06:31:14 -0500] "GET /BLA/resoluciones/RESOLUCIONES%202007/RES%202007%203001%20AL%203100/RESOLUCION%203018%20DE%202007.pdf HTTP/1.1" 304 -
66.249.64.167 - - [07/Nov/2014:06:31:24 -0500] "GET /BLA/resoluciones/RESOLUCIONES%202012/0888.pdf HTTP/1.1" 304 -
66.249.64.167 - - [07/Nov/2014:06:31:26 -0500] "GET /BLA/resoluciones/RESOLUCIONES%202009/3059.pdf HTTP/1.1" 200 484151
66.249.64.167 - - [07/Nov/2014:06:31:35 -0500] "GET /BLA/resoluciones/AUTOS%202013/0205.pdf HTTP/1.1" 304 -
201.245.192.253 - - [07/Nov/2014:06:31:45 -0500] "GET /forest/session.jsp?a=0.7409399750176817 HTTP/1.1" 200 4
66.249.64.163 - - [07/Nov/2014:06:31:45 -0500] "GET /BLA/resoluciones/RESOLUCIONES%202007/RES%202007%201001%20AL%201100/RESOLUCION%201008%20DE%202007.pdf HTTP/1.1" 304 -
201.245.192.253 - - [07/Nov/2014:06:31:48 -0500] "GET /fr/u.php?p=328546547221502&m=7737553515082530344&t=2592000 HTTP/1.1" 404 1456
66.249.64.167 - - [07/Nov/2014:06:31:56 -0500] "GET /BLA/resoluciones/AUTOS%202013/1376.pdf HTTP/1.1" 304 -
180.76.5.17 - - [07/Nov/2014:06:32:04 -0500] "GET /musgo/ HTTP/1.1" 404 1019
66.249.64.167 - - [07/Nov/2014:06:32:06 -0500] "GET /BLA/resoluciones/AUTOS%202010/0167.pdf HTTP/1.1" 304 -
180.76.6.231 - - [07/Nov/2014:06:32:06 -0500] "GET /BLA/resoluciones/index.php?dir=RESOLUCIONES+2007%2FRES+2007+2401+AL+2500%2F HTTP/1.1" 200 26869
201.245.192.253 - - [07/Nov/2014:06:32:17 -0500] "GET /plugins/like.php?locale=es_ES&href=http%3A%2F%2Fwww.facebook.com%2Fmsn&send=false&layout=button_count&width=450&show_faces=false&font&colorscheme=light&action=like&height=21 HTTP/1.1" 404 1312
66.249.64.163 - - [07/Nov/2014:06:32:17 -0500] "GET /BLA/resoluciones/RESOLUCIONES%202008/4086.pdf HTTP/1.1" 200 340175
201.245.192.253 - - [07/Nov/2014:06:32:27 -0500] "GET /fr/u.php?p=328546547221502&m=7737553515082530344&t=2592000 HTTP/1.1" 404 1486
66.249.64.171 - - [07/Nov/2014:06:32:27 -0500] "GET /BLA/resoluciones/AUTOS%202012/1898.pdf HTTP/1.1" 304 -
66.249.64.167 - - [07/Nov/2014:06:32:31 -0500] "GET /BLA/resoluciones/AUTOS%202007/2093.pdf HTTP/1.1" 200 78669
66.249.64.163 - - [07/Nov/2014:06:32:38 -0500] "GET /BLA/resoluciones/RESOLUCIONES%202007/RES%202007%20401%20AL%20500/RESOLUCION%200479%20DE%202007.pdf HTTP/1.1" 304 -
66.249.64.167 - - [07/Nov/2014:06:32:48 -0500] "GET /BLA/resoluciones/RESOLUCIONES%202008/3526.pdf HTTP/1.1" 200 366474
66.249.64.163 - - [07/Nov/2014:06:32:59 -0500] "GET /BLA/resoluciones/AUTOS%202010/5687.pdf HTTP/1.1" 200 271543
190.242.36.170 - - [07/Nov/2014:06:33:08 -0500] "GET /BLA/boletinlegal/js/jquery.scrollShow.js HTTP/1.1" 200 4586
190.242.36.170 - - [07/Nov/2014:06:33:08 -0500] "GET /BLA/boletinlegal/js/jquery.js HTTP/1.1" 200 57254
190.242.36.170 - - [07/Nov/2014:06:33:08 -0500] "GET /BLA/boletinlegal/js/jquery.scrollTo-min.js HTTP/1.1" 200 1150
66.249.64.171 - - [07/Nov/2014:06:33:09 -0500] "GET /BLA/resoluciones/RESOLUCIONES%202010/1389.pdf HTTP/1.1" 304 -
66.249.64.167 - - [07/Nov/2014:06:33:20 -0500] "GET /BLA/resoluciones/AUTOS%202011/0742.pdf HTTP/1.1" 200 228679
66.249.64.171 - - [07/Nov/2014:06:33:30 -0500] "GET /BLA/resoluciones/RESOLUCIONES%202007/RES%202007%201301%20AL%201400/RESOLUCION%201304%20DE%202007.pdf HTTP/1.1" 304 -
66.249.64.171 - - [07/Nov/2014:06:33:37 -0500] "GET /BLA/resoluciones/RESOLUCIONES%202010/0722.pdf HTTP/1.1" 200 103926
66.249.64.171 - - [07/Nov/2014:06:33:41 -0500] "GET /BLA/resoluciones/RESOLUCIONES%202007/RES%202007%201%20AL%20100/RESOLUCION%200064%20DE%202007.pdf HTTP/1.1" 200 1928287
66.249.64.163 - - [07/Nov/2014:06:33:51 -0500] "GET /BLA/resoluciones/RESOLUCIONES%202009/0471.pdf HTTP/1.1" 200 306977
66.249.64.167 - - [07/Nov/2014:06:33:53 -0500] "GET /BLA/resoluciones/RESOLUCIONES%202002/RES%202002%20351-400/00000388.tif HTTP/1.1" 200 59806
190.71.56.122 - - [07/Nov/2014:06:33:54 -0500] "GET /BLA/resoluciones/RESOLUCIONES%202007/RES%202007%204101%20AL%204200/RESOLUCION%204134%20%20DE%202007.pdf HTTP/1.1" 200 264525
190.71.56.122 - - [07/Nov/2014:06:33:54 -0500] "GET /BLA/resoluciones/RESOLUCIONES%202007/RES%202007%204101%20AL%204200/RESOLUCION%204134%20%20DE%202007.pdf HTTP/1.1" 206 32768
190.71.56.122 - - [07/Nov/2014:06:33:54 -0500] "GET /BLA/resoluciones/RESOLUCIONES%202007/RES%202007%204101%20AL%204200/RESOLUCION%204134%20%20DE%202007.pdf HTTP/1.1" 206 231757
190.71.56.122 - - [07/Nov/2014:06:33:55 -0500] "GET /favicon.ico HTTP/1.1" 200 7782
66.249.64.171 - - [07/Nov/2014:06:34:02 -0500] "GET /BLA/resoluciones/RESOLUCIONES%202007/RES%202007%20401%20AL%20500/RESOLUCION%200439%20DE%202007.pdf HTTP/1.1" 200 447436
66.249.64.171 - - [07/Nov/2014:06:34:12 -0500] "GET /BLA/resoluciones/AUTOS%202009/1836.pdf HTTP/1.1" 304 -
66.249.64.43 - - [07/Nov/2014:06:34:23 -0500] "GET /htdocs/gallery2/g2data/cache/derivative/2/7/278-meta.inc HTTP/1.1" 404 1019
66.249.64.171 - - [07/Nov/2014:06:34:34 -0500] "GET /BLA/resoluciones/RESOLUCIONES%202013/2661.pdf HTTP/1.1" 200 745662
66.249.64.163 - - [07/Nov/2014:06:34:43 -0500] "GET /BLA/resoluciones/AUTOS%202007/3751.pdf HTTP/1.1" 200 141918
66.249.64.163 - - [07/Nov/2014:06:34:44 -0500] "GET /BLA/resoluciones/AUTOS%202011/0934.pdf HTTP/1.1" 304 -
66.249.64.167 - - [07/Nov/2014:06:34:55 -0500] "GET /BLA/resoluciones/RESOLUCIONES%202013/0244.pdf HTTP/1.1" 200 3677479
180.76.5.74 - - [07/Nov/2014:06:34:57 -0500] "GET /BLA/resoluciones/AUTOS%202009/1219.pdf HTTP/1.1" 200 124402
201.245.192.253 - - [07/Nov/2014:06:35:01 -0500] "GET /galeria/nivo-slider/demo/images/banner-aceite3.jpg HTTP/1.1" 304 -
201.245.192.253 - - [07/Nov/2014:06:35:03 -0500] "GET /forest/index2.jsp?_a=0.37479305639863014 HTTP/1.1" 200 88410
201.245.192.253 - - [07/Nov/2014:06:35:03 -0500] "GET /forest/session.jsp?a=0.09278349485248327 HTTP/1.1" 200 4
66.249.64.167 - - [07/Nov/2014:06:35:05 -0500] "GET /BLA/resoluciones/RESOLUCIONES%202010/1684.pdf HTTP/1.1" 200 440903
201.245.192.253 - - [07/Nov/2014:06:35:06 -0500] "GET /forest/misactividades.do?group_system_actual=3&codPro=90&_a=0.030392336084541727 HTTP/1.1" 200 36885
201.245.192.253 - - [07/Nov/2014:06:35:07 -0500] "GET /forest/session.jsp?a=0.28909617429599166 HTTP/1.1" 200 4
201.245.192.253 - - [07/Nov/2014:06:35:07 -0500] "POST /forest/misactividades.do?ajax=true&a=0.3722927193157375 HTTP/1.1" 200 9578
186.147.149.35 - - [07/Nov/2014:06:35:13 -0500] "GET /BLA/boletinlegal/js/jquery.scrollTo-min.js HTTP/1.1" 200 1150
186.147.149.35 - - [07/Nov/2014:06:35:13 -0500] "GET /BLA/boletinlegal/js/jquery.scrollShow.js HTTP/1.1" 200 4586
186.147.149.35 - - [07/Nov/2014:06:35:13 -0500] "GET /BLA/boletinlegal/js/jquery.js HTTP/1.1" 200 57254
66.249.64.167 - - [07/Nov/2014:06:35:16 -0500] "GET /BLA/resoluciones/AUTOS%202007/2598.pdf HTTP/1.1" 200 83260
201.245.192.253 - - [07/Nov/2014:06:35:23 -0500] "POST /forest/misactividades.do?ajax=true&a=0.960195547901094 HTTP/1.1" 200 7391
66.249.64.171 - - [07/Nov/2014:06:35:26 -0500] "GET /BLA/resoluciones/AUTOS%202007/2751.pdf HTTP/1.1" 304 -
201.245.192.253 - - [07/Nov/2014:06:35:29 -0500] "POST /forest/misactividades.do?ajax=true&a=0.6523665555287153 HTTP/1.1" 200 9578
181.59.42.14 - - [07/Nov/2014:06:35:34 -0500] "GET /BLA/boletinlegal/js/jquery.js HTTP/1.1" 200 57254
181.59.42.14 - - [07/Nov/2014:06:35:34 -0500] "GET /BLA/boletinlegal/js/jquery.scrollTo-min.js HTTP/1.1" 200 1150
181.59.42.14 - - [07/Nov/2014:06:35:34 -0500] "GET /BLA/boletinlegal/js/jquery.scrollShow.js HTTP/1.1" 200 4586
66.249.64.163 - - [07/Nov/2014:06:35:37 -0500] "GET /BLA/resoluciones/RESOLUCIONES%202008/1548.pdf HTTP/1.1" 304 -
66.249.64.167 - - [07/Nov/2014:06:35:47 -0500] "GET /BLA/resoluciones/RESOLUCIONES%202011/5630.pdf HTTP/1.1" 200 479407
66.249.64.167 - - [07/Nov/2014:06:35:49 -0500] "GET /BLA/resoluciones/AUTOS%202009/3341.pdf HTTP/1.1" 200 199296
74.86.158.107 - - [07/Nov/2014:06:35:54 -0500] "HEAD / HTTP/1.1" 302 -
66.249.64.163 - - [07/Nov/2014:06:35:58 -0500] "GET /BLA/resoluciones/RESOLUCIONES%202010/6013.pdf HTTP/1.1" 304 -
181.48.162.157 - - [07/Nov/2014:06:36:06 -0500] "GET /BLA/boletinlegal/js/jquery.js HTTP/1.1" 200 57254
181.48.162.157 - - [07/Nov/2014:06:36:06 -0500] "GET /BLA/boletinlegal/js/jquery.scrollTo-min.js HTTP/1.1" 200 1150
181.48.162.157 - - [07/Nov/2014:06:36:06 -0500] "GET /BLA/boletinlegal/js/jquery.scrollShow.js HTTP/1.1" 200 4586
66.249.64.167 - - [07/Nov/2014:06:36:08 -0500] "GET /BLA/resoluciones/RESOLUCIONES%202007/RES%202007%202201%20AL%202300/RESOLUCION%202223%20DE%202007.pdf HTTP/1.1" 304 -
201.245.192.253 - - [07/Nov/2014:06:36:15 -0500] "GET /forest/reportes.do?group_system_actual=5&_a=0.8238900071009994 HTTP/1.1" 302 -
201.245.192.253 - - [07/Nov/2014:06:36:15 -0500] "GET /forest/reportes.do?menu=1&group_system_actual=5 HTTP/1.1" 200 31347
201.245.192.253 - - [07/Nov/2014:06:36:15 -0500] "GET /forest/session.jsp?a=0.7235040026716888 HTTP/1.1" 200 4
201.245.192.253 - - [07/Nov/2014:06:36:15 -0500] "GET /forest/parameter?action=listRpts&a=0.4709963109344244 HTTP/1.1" 200 60686
201.245.192.253 - - [07/Nov/2014:06:36:18 -0500] "GET /forest/parameter?action=parametersReportMDX&id_rpt=297&currentTab=tab_presentacion&a=0.5642947289161384 HTTP/1.1" 200 2899
66.249.64.163 - - [07/Nov/2014:06:36:19 -0500] "GET /BLA/resoluciones/AUTOS%202012/1799.pdf HTTP/1.1" 200 687022
201.245.192.253 - - [07/Nov/2014:06:36:22 -0500] "GET /forest/parameter?action=parametersReportMDX&id_rpt=117&currentTab=tab_presentacion&a=0.3866153280250728 HTTP/1.1" 200 6434
184.144.102.216 - - [07/Nov/2014:06:36:24 -0500] "GET /BLA/boletinlegal/js/jquery.scrollTo-min.js HTTP/1.1" 200 1150
184.144.102.216 - - [07/Nov/2014:06:36:24 -0500] "GET /galeria/carrusel/Carrusel/jquery.thumbnailScroller.css HTTP/1.1" 200 2066
184.144.102.216 - - [07/Nov/2014:06:36:24 -0500] "GET /BLA/boletinlegal/js/jquery.js HTTP/1.1" 200 57254
184.144.102.216 - - [07/Nov/2014:06:36:24 -0500] "GET /BLA/boletinlegal/js/jquery.scrollShow.js HTTP/1.1" 200 4586
184.144.102.216 - - [07/Nov/2014:06:36:24 -0500] "GET /galeria/carrusel/Carrusel/jquery-ui-1.8.13.custom.min.js HTTP/1.1" 200 10800
184.144.102.216 - - [07/Nov/2014:06:36:24 -0500] "GET /galeria/carrusel/Carrusel/jquery.thumbnailScroller.js HTTP/1.1" 200 8157
184.144.102.216 - - [07/Nov/2014:06:36:26 -0500] "GET /galeria/nivo-slider/demo/demo.html HTTP/1.1" 200 3542
184.144.102.216 - - [07/Nov/2014:06:36:26 -0500] "GET /galeria/nivo-slider/themes/default/default.css HTTP/1.1" 200 1569
184.144.102.216 - - [07/Nov/2014:06:36:26 -0500] "GET /galeria/nivo-slider/themes/pascal/pascal.css HTTP/1.1" 200 2258
184.144.102.216 - - [07/Nov/2014:06:36:26 -0500] "GET /galeria/nivo-slider/nivo-slider.css HTTP/1.1" 200 1507
184.144.102.216 - - [07/Nov/2014:06:36:26 -0500] "GET /galeria/nivo-slider/themes/orman/orman.css HTTP/1.1" 200 2152
184.144.102.216 - - [07/Nov/2014:06:36:26 -0500] "GET /galeria/nivo-slider/demo/style.css HTTP/1.1" 200 2222
184.144.102.216 - - [07/Nov/2014:06:36:26 -0500] "GET /galeria/nivo-slider/demo/images/Banner-comparendo.jpg HTTP/1.1" 200 388762
184.144.102.216 - - [07/Nov/2014:06:36:26 -0500] "GET /galeria/nivo-slider/demo/images/Banner-Ecourbanismo.jpg HTTP/1.1" 200 189838
184.144.102.216 - - [07/Nov/2014:06:36:26 -0500] "GET /galeria/nivo-slider/demo/images/porloshumedales.jpg HTTP/1.1" 200 351238
184.144.102.216 - - [07/Nov/2014:06:36:26 -0500] "GET /galeria/nivo-slider/demo/images/banner-aceite3.jpg HTTP/1.1" 200 88347
184.144.102.216 - - [07/Nov/2014:06:36:26 -0500] "GET /galeria/nivo-slider/demo/images/Tingua-azul.jpg HTTP/1.1" 200 307638
184.144.102.216 - - [07/Nov/2014:06:36:26 -0500] "GET /galeria/nivo-slider/demo/images/banner-redes.jpg HTTP/1.1" 200 62209
184.144.102.216 - - [07/Nov/2014:06:36:26 -0500] "GET /galeria/nivo-slider/demo/images/Banner-Caracol-Africano.jpg HTTP/1.1" 200 331986
184.144.102.216 - - [07/Nov/2014:06:36:26 -0500] "GET /galeria/nivo-slider/demo/images/banner-caballos.png HTTP/1.1" 200 389106
184.144.102.216 - - [07/Nov/2014:06:36:28 -0500] "GET /galeria/nivo-slider/demo/images/4Simple_Slider.png HTTP/1.1" 200 11722
184.144.102.216 - - [07/Nov/2014:06:36:26 -0500] "GET /galeria/nivo-slider/demo/images/9Signos.jpg HTTP/1.1" 200 93040
184.144.102.216 - - [07/Nov/2014:06:36:28 -0500] "GET /galeria/nivo-slider/themes/default/loading.gif HTTP/1.1" 200 1737
184.144.102.216 - - [07/Nov/2014:06:36:28 -0500] "GET /galeria/nivo-slider/demo/scripts/jquery-1.7.1.min.js HTTP/1.1" 200 93868
184.144.102.216 - - [07/Nov/2014:06:36:28 -0500] "GET /galeria/nivo-slider/jquery.nivo.slider.pack.js HTTP/1.1" 200 11561
66.249.64.163 - - [07/Nov/2014:06:36:29 -0500] "GET /BLA/resoluciones/RESOLUCIONES%202010/1806.pdf HTTP/1.1" 200 377302
184.144.102.216 - - [07/Nov/2014:06:36:26 -0500] "GET /galeria/nivo-slider/demo/images/bannerEcolecta3.jpg HTTP/1.1" 200 280034
201.245.192.253 - - [07/Nov/2014:06:36:30 -0500] "POST /forest/frameset? HTTP/1.1" 200 53237
201.245.192.253 - - [07/Nov/2014:06:36:30 -0500] "GET /forestReports/webcontent/birt/pages/common/processing.jsp?__rtl=false HTTP/1.1" 200 719
201.245.192.253 - - [07/Nov/2014:06:36:30 -0500] "GET /forestReports/webcontent/birt/pages/common/processing.jsp?__rtl=false HTTP/1.1" 200 719
184.144.102.216 - - [07/Nov/2014:06:36:26 -0500] "GET /galeria/nivo-slider/demo/images/Hacienda_Molinos.jpg HTTP/1.1" 200 319171
201.245.192.253 - - [07/Nov/2014:06:36:30 -0500] "POST /forest/frameset?__toolbar=true&__report=forest%2Frpts%2F117.rptdesign&__format=&__app=forest&__sessionId=20141107_064054_966&__dpi=96 HTTP/1.1" 200 15614
184.144.102.216 - - [07/Nov/2014:06:36:26 -0500] "GET /galeria/nivo-slider/demo/images/banner-llantas2.jpg HTTP/1.1" 200 73153
201.245.192.253 - - [07/Nov/2014:06:36:31 -0500] "GET /forest/preview?__sessionId=20141107_064054_966&__imageid=file75326b241497c55dd594031.gif HTTP/1.1" 200 4169
201.245.192.253 - - [07/Nov/2014:06:36:31 -0500] "GET /forest/preview?__sessionId=20141107_064054_966&__imageid=file75326b241497c55dd594032.gif HTTP/1.1" 200 2367
184.144.102.216 - - [07/Nov/2014:06:36:32 -0500] "GET /galeria/nivo-slider/themes/default/arrows.png HTTP/1.1" 200 824
184.144.102.216 - - [07/Nov/2014:06:36:32 -0500] "GET /galeria/nivo-slider/themes/default/bullets.png HTTP/1.1" 200 1281
201.245.192.253 - - [07/Nov/2014:06:36:34 -0500] "POST /forest/parameter HTTP/1.1" 200 6583
201.245.192.253 - - [07/Nov/2014:06:36:38 -0500] "POST /forest/frameset? HTTP/1.1" 200 53280
201.245.192.253 - - [07/Nov/2014:06:36:38 -0500] "GET /forestReports/webcontent/birt/pages/common/processing.jsp?__rtl=false HTTP/1.1" 200 719
201.245.192.253 - - [07/Nov/2014:06:36:38 -0500] "POST /forest/frameset?__toolbar=true&__report=forest%2Frpts%2F117.rptdesign&__app=forest&__format=&__sessionIdOLD=20141107_064054_966&__sessionId=20141107_064103_497&__dpi=96 HTTP/1.1" 200 65558
201.245.192.253 - - [07/Nov/2014:06:36:39 -0500] "GET /forest/preview?__sessionId=20141107_064103_497&__imageid=file75326b241497c55dd594033.gif HTTP/1.1" 200 4169
201.245.192.253 - - [07/Nov/2014:06:36:39 -0500] "GET /forest/preview?__sessionId=20141107_064103_497&__imageid=file75326b241497c55dd594034.gif HTTP/1.1" 200 2367
66.249.64.163 - - [07/Nov/2014:06:36:40 -0500] "GET /BLA/resoluciones/RESOLUCIONES%202011/0768.pdf HTTP/1.1" 304 -
201.245.192.253 - - [07/Nov/2014:06:36:46 -0500] "POST /forest/parameter HTTP/1.1" 200 6585
186.81.163.231 - - [07/Nov/2014:06:36:48 -0500] "GET /BLA/boletinlegal/js/jquery.js HTTP/1.1" 200 57254
186.81.163.231 - - [07/Nov/2014:06:36:48 -0500] "GET /BLA/boletinlegal/js/jquery.scrollShow.js HTTP/1.1" 200 4586
186.81.163.231 - - [07/Nov/2014:06:36:48 -0500] "GET /BLA/boletinlegal/js/jquery.scrollTo-min.js HTTP/1.1" 200 1150
66.249.64.171 - - [07/Nov/2014:06:36:50 -0500] "GET /BLA/resoluciones/RESOLUCIONES%202007/RES%202007%201%20AL%20100/RESOLUCION%200005%20DE%202007.pdf HTTP/1.1" 200 270708
201.245.192.253 - - [07/Nov/2014:06:36:51 -0500] "POST /forest/frameset? HTTP/1.1" 200 53284
201.245.192.253 - - [07/Nov/2014:06:36:51 -0500] "GET /forestReports/webcontent/birt/pages/common/processing.jsp?__rtl=false HTTP/1.1" 200 719
201.245.192.253 - - [07/Nov/2014:06:36:51 -0500] "POST /forest/frameset?__toolbar=true&__report=forest%2Frpts%2F117.rptdesign&__app=forest&__format=&__sessionIdOLD=20141107_064103_497&__sessionId=20141107_064116_228&__dpi=96 HTTP/1.1" 200 11078
