190.158.7.219 - - [07/Nov/2014:05:04:01 -0500] "GET /forest/system/process.jsp?numPro=2770115 HTTP/1.1" 200 19642
190.158.7.219 - - [07/Nov/2014:05:04:01 -0500] "GET /forest/system/process.jsp?numPro=2770115 HTTP/1.1" 200 60283
190.158.7.219 - - [07/Nov/2014:05:04:31 -0500] "GET /forest/buscar.do HTTP/1.1" 200 97135
190.158.7.219 - - [07/Nov/2014:05:04:32 -0500] "GET /forest/json.do?query=usersByDep&coddep=2013 HTTP/1.1" 200 7404
190.158.7.219 - - [07/Nov/2014:05:04:32 -0500] "GET /forest/json.do?query=usersByDep&coddep=2013 HTTP/1.1" 200 7404
66.249.64.163 - - [07/Nov/2014:05:04:32 -0500] "GET /re1/Bioevolucion/relacion%20curriculo/ HTTP/1.1" 404 1018
190.158.7.219 - - [07/Nov/2014:05:04:34 -0500] "POST /forest/buscar.do? HTTP/1.1" 200 5987
66.249.64.171 - - [07/Nov/2014:05:04:37 -0500] "GET /re1/Que%20es/Talleres/metales/ HTTP/1.1" 404 1018
66.249.64.167 - - [07/Nov/2014:05:04:39 -0500] "GET /BLA/resoluciones/AUTOS%202011/7148.pdf HTTP/1.1" 200 139148
190.158.7.219 - - [07/Nov/2014:05:04:39 -0500] "GET /forest/skins/gdocs-jar/popup/popup.jsp?width=900&height=600&title=Informaci%F3n%20de%20proceso&uri=/forest/system/process.jsp%3FnumPro%3D2845001&name=undefined&_a=0.7434426590334624&a=0.10256724758073688 HTTP/1.1" 200 1312
190.158.7.219 - - [07/Nov/2014:05:04:40 -0500] "GET /forest/system/process.jsp?numPro=2845001 HTTP/1.1" 200 14695
190.158.7.219 - - [07/Nov/2014:05:04:40 -0500] "GET /forest/system/process.jsp?numPro=2845001 HTTP/1.1" 200 18463
190.158.7.219 - - [07/Nov/2014:05:04:41 -0500] "GET /forest/documentos/1868085/2014ER97709.docx HTTP/1.1" 200 11943
186.87.11.53 - - [07/Nov/2014:05:04:42 -0500] "GET /BLA/boletinlegal/js/jquery.scrollTo-min.js HTTP/1.1" 200 1150
186.87.11.53 - - [07/Nov/2014:05:04:42 -0500] "GET /BLA/boletinlegal/js/jquery.scrollShow.js HTTP/1.1" 200 4586
186.87.11.53 - - [07/Nov/2014:05:04:42 -0500] "GET /BLA/boletinlegal/js/jquery.js HTTP/1.1" 200 57254
66.249.64.167 - - [07/Nov/2014:05:04:43 -0500] "GET /re1/Que%20es/Talleres/papel/ HTTP/1.1" 404 1018
66.249.64.39 - - [07/Nov/2014:05:04:59 -0500] "GET /htdocs/counter/digits/smplst/ HTTP/1.1" 404 1019
66.249.64.163 - - [07/Nov/2014:05:05:04 -0500] "GET /BLA/resoluciones/RESOLUCIONES%202013/1453.pdf HTTP/1.1" 200 1229416
66.249.64.163 - - [07/Nov/2014:05:05:14 -0500] "GET /BLA/resoluciones/RESOLUCIONES%202007/RES%202007%201501%20AL%201600/RESOLUCION%201570%20DE%202007.pdf HTTP/1.1" 304 -
66.249.64.167 - - [07/Nov/2014:05:05:25 -0500] "GET /BLA/resoluciones/RESOLUCIONES%202007/RES%202007%203501%20AL%203600/RESOLUCION%203525%20DE%202007.pdf HTTP/1.1" 304 -
61.7.149.69 - - [07/Nov/2014:05:05:30 -0500] "GET /auntentica.txt HTTP/1.1" 404 1153
66.249.64.163 - - [07/Nov/2014:05:05:35 -0500] "GET /BLA/resoluciones/AUTOS%202007/1963.pdf HTTP/1.1" 304 -
66.249.64.171 - - [07/Nov/2014:05:05:45 -0500] "GET /BLA/resoluciones/AUTOS%202011/3457.pdf HTTP/1.1" 200 386903
190.158.7.219 - - [07/Nov/2014:05:05:45 -0500] "GET /forest/skins/gdocs-jar/popup/popup.jsp?width=1100&height=500&title=Buscar%20documentos&uri=/forest/buscar.do%3Ftype%3Ddocumentos&name=undefined&_a=0.18241836572997272&a=0.08892848342657089 HTTP/1.1" 200 1300
190.158.7.219 - - [07/Nov/2014:05:05:45 -0500] "GET /forest/buscar.do?type=documentos HTTP/1.1" 200 18159
190.158.7.219 - - [07/Nov/2014:05:05:45 -0500] "GET /forest/buscar.do?type=documentos HTTP/1.1" 200 97145
190.158.7.219 - - [07/Nov/2014:05:05:45 -0500] "GET /forest/json.do?query=usersByDep&coddep=2013 HTTP/1.1" 200 7404
190.158.7.219 - - [07/Nov/2014:05:05:46 -0500] "GET /forest/json.do?query=usersByDep&coddep=2013 HTTP/1.1" 200 7404
66.249.64.163 - - [07/Nov/2014:05:05:46 -0500] "GET /BLA/resoluciones/RESOLUCIONES%202010/2518.pdf HTTP/1.1" 304 -
190.158.7.219 - - [07/Nov/2014:05:05:51 -0500] "POST /forest/buscar.do? HTTP/1.1" 200 5989
74.86.158.107 - - [07/Nov/2014:05:05:54 -0500] "HEAD / HTTP/1.1" 302 -
66.249.64.167 - - [07/Nov/2014:05:05:56 -0500] "GET /BLA/resoluciones/RESOLUCIONES%202010/1338.pdf HTTP/1.1" 200 1002432
201.245.192.253 - - [07/Nov/2014:05:06:04 -0500] "GET /forest/img/lapiz.gif HTTP/1.1" 304 -
190.158.7.219 - - [07/Nov/2014:05:06:04 -0500] "GET /forest/session.jsp?a=0.036275354446843266 HTTP/1.1" 200 4
66.249.64.171 - - [07/Nov/2014:05:06:07 -0500] "GET /BLA/resoluciones/RESOLUCIONES%202009/3753.pdf HTTP/1.1" 304 -
66.249.64.171 - - [07/Nov/2014:05:06:17 -0500] "GET /BLA/resoluciones/RESOLUCIONES%202009/0219.pdf HTTP/1.1" 304 -
66.249.64.171 - - [07/Nov/2014:05:06:28 -0500] "GET /BLA/resoluciones/RESOLUCIONES%202010/1261.pdf HTTP/1.1" 304 -
190.158.7.219 - - [07/Nov/2014:05:06:28 -0500] "GET /forest/skins/gdocs-jar/popup/popup.jsp?width=1100&height=500&title=Buscar%20documentos&uri=/forest/buscar.do%3Ftype%3Ddocumentos&name=undefined&_a=0.7891035948414356&a=0.10682358266785741 HTTP/1.1" 200 1300
190.158.7.219 - - [07/Nov/2014:05:06:28 -0500] "GET /forest/buscar.do?type=documentos HTTP/1.1" 200 14695
190.158.7.219 - - [07/Nov/2014:05:06:28 -0500] "GET /forest/buscar.do?type=documentos HTTP/1.1" 200 97145
190.158.7.219 - - [07/Nov/2014:05:06:29 -0500] "GET /forest/json.do?query=usersByDep&coddep=2013 HTTP/1.1" 200 7404
190.158.7.219 - - [07/Nov/2014:05:06:29 -0500] "GET /forest/json.do?query=usersByDep&coddep=2013 HTTP/1.1" 200 7404
190.158.7.219 - - [07/Nov/2014:05:06:32 -0500] "POST /forest/buscar.do? HTTP/1.1" 200 5925
190.24.129.149 - - [07/Nov/2014:05:06:33 -0500] "GET /galeria/nivo-slider/demo/images/Banner-Ecourbanismo.jpg HTTP/1.1" 304 -
66.249.64.167 - - [07/Nov/2014:05:06:38 -0500] "GET /BLA/resoluciones/AUTOS%202008/2857.pdf HTTP/1.1" 304 -
66.249.64.167 - - [07/Nov/2014:05:06:49 -0500] "GET /BLA/resoluciones/RESOLUCIONES%202007/RES%202007%204101%20AL%204200/RESOLUCION%204137%20%20DE%202007.pdf HTTP/1.1" 304 -
190.158.7.219 - - [07/Nov/2014:05:06:50 -0500] "GET /forest/buscar.do HTTP/1.1" 200 97135
190.158.7.219 - - [07/Nov/2014:05:06:51 -0500] "GET /forest/json.do?query=usersByDep&coddep=2013 HTTP/1.1" 200 7404
190.158.7.219 - - [07/Nov/2014:05:06:51 -0500] "GET /forest/json.do?query=usersByDep&coddep=2013 HTTP/1.1" 200 7404
66.249.64.167 - - [07/Nov/2014:05:06:51 -0500] "GET /BLA/resoluciones/RESOLUCIONES%202009/8816.pdf HTTP/1.1" 200 419974
186.87.11.53 - - [07/Nov/2014:05:06:51 -0500] "GET /galeria/bibloteca/contentflow.js HTTP/1.1" 200 42804
186.87.11.53 - - [07/Nov/2014:05:06:51 -0500] "GET /galeria/bibloteca/contentflow.css HTTP/1.1" 200 3201
186.87.11.53 - - [07/Nov/2014:05:06:51 -0500] "GET /galeria/bibloteca/mycontentflow.css HTTP/1.1" 200 3110
186.87.11.53 - - [07/Nov/2014:05:06:51 -0500] "GET /galeria/bibloteca/ContentFlowAddOn_white.js HTTP/1.1" 200 2497
186.87.11.53 - - [07/Nov/2014:05:06:52 -0500] "GET /galeria/bibloteca/ContentFlowAddOn_white.css HTTP/1.1" 200 3355
186.87.11.53 - - [07/Nov/2014:05:06:52 -0500] "GET /galeria/bibloteca/img/loader.gif HTTP/1.1" 200 8238
186.87.11.53 - - [07/Nov/2014:05:06:52 -0500] "GET /galeria/bibloteca/img/scrollbar_white.png HTTP/1.1" 200 82
186.87.11.53 - - [07/Nov/2014:05:06:52 -0500] "GET /galeria/bibloteca/img/slider_white.png HTTP/1.1" 200 178
186.87.11.53 - - [07/Nov/2014:05:06:52 -0500] "GET /galeria/bibloteca/img/1x1_0.5_white.png HTTP/1.1" 200 82
186.87.11.53 - - [07/Nov/2014:05:06:52 -0500] "GET /galeria/bibloteca/img/scrollbar_black.png HTTP/1.1" 200 82
186.87.11.53 - - [07/Nov/2014:05:06:52 -0500] "GET /galeria/bibloteca/img/ajax-loader.gif HTTP/1.1" 200 9427
186.87.11.53 - - [07/Nov/2014:05:06:52 -0500] "GET /galeria/bibloteca/img/slider_black.png HTTP/1.1" 200 175
190.158.7.219 - - [07/Nov/2014:05:06:54 -0500] "POST /forest/buscar.do? HTTP/1.1" 200 7278
66.249.64.167 - - [07/Nov/2014:05:06:59 -0500] "GET /BLA/resoluciones/RESOLUCIONES%202010/7790.pdf HTTP/1.1" 304 -
190.158.7.219 - - [07/Nov/2014:05:07:06 -0500] "GET /forest/skins/gdocs-jar/popup/popup.jsp?width=900&height=600&title=Informaci%F3n%20de%20proceso&uri=/forest/system/process.jsp%3FnumPro%3D2938685&name=undefined&_a=0.986991866491735&a=0.19303263654001057 HTTP/1.1" 200 1312
190.158.7.219 - - [07/Nov/2014:05:07:06 -0500] "GET /forest/system/process.jsp?numPro=2938685 HTTP/1.1" 200 14695
190.158.7.219 - - [07/Nov/2014:05:07:06 -0500] "GET /forest/system/process.jsp?numPro=2938685 HTTP/1.1" 200 25344
190.158.7.219 - - [07/Nov/2014:05:07:09 -0500] "GET /forest/skins/gdocs-jar/popup/popup.jsp?width=850&height=380&title=Informaci%F3n%20del%20radicado&uri=/forest/system/document.jsp%3FcodDoc%3D1945049&name=undefined&_a=0.3969301625620574&a=0.09870311873964965 HTTP/1.1" 200 1315
190.158.7.219 - - [07/Nov/2014:05:07:09 -0500] "GET /forest/system/document.jsp?codDoc=1945049 HTTP/1.1" 200 11588
190.158.7.219 - - [07/Nov/2014:05:07:09 -0500] "GET /forest/system/document.jsp?codDoc=1945049 HTTP/1.1" 200 11588
66.249.64.171 - - [07/Nov/2014:05:07:10 -0500] "GET /BLA/resoluciones/RESOLUCIONES%202009/6868.pdf HTTP/1.1" 304 -
190.158.7.219 - - [07/Nov/2014:05:07:18 -0500] "GET /forest/documentos/1945049/2014ER174666.docx HTTP/1.1" 200 11738
66.249.64.167 - - [07/Nov/2014:05:07:20 -0500] "GET /BLA/resoluciones/RESOLUCIONES%202007/RES%202007%202301%20AL%202400/RESOLUCION%202357%20%20DE%202007.pdf HTTP/1.1" 200 911707
66.249.64.167 - - [07/Nov/2014:05:07:29 -0500] "GET /BLA/resoluciones/RESOLUCIONES%202002/RES%202002%20351-400/00000395.tif HTTP/1.1" 200 59636
66.249.64.163 - - [07/Nov/2014:05:07:31 -0500] "GET /BLA/resoluciones/AUTOS%202011/2213.pdf HTTP/1.1" 200 187012
66.249.64.167 - - [07/Nov/2014:05:07:41 -0500] "GET /BLA/resoluciones/RESOLUCIONES%202010/7798.pdf HTTP/1.1" 304 -
180.76.6.14 - - [07/Nov/2014:05:07:51 -0500] "GET /BLA/resoluciones/AUTOS%202009/0111.pdf HTTP/1.1" 200 72816
66.249.64.167 - - [07/Nov/2014:05:07:52 -0500] "GET /BLA/resoluciones/RESOLUCIONES%202007/RES%202007%203301%20AL%203400/RESOLUCION%203386%20DE%202007.pdf HTTP/1.1" 304 -
66.249.64.163 - - [07/Nov/2014:05:07:57 -0500] "GET /BLA/resoluciones/RESOLUCIONES%202007/RES%202007%201401%20AL%201500/RESOLUCION%201415%20DE%202007.pdf HTTP/1.1" 200 213901
66.249.64.171 - - [07/Nov/2014:05:08:02 -0500] "GET /BLA/resoluciones/RESOLUCIONES%202013/1044.pdf HTTP/1.1" 200 1043234
186.29.30.130 - - [07/Nov/2014:05:08:07 -0500] "GET /videos/galeria-fotografica/index16.html? HTTP/1.1" 200 1971
186.29.30.130 - - [07/Nov/2014:05:08:08 -0500] "GET /videos/galeria-fotografica/js/jquery-flickr-gallery/jquery-flickr.css HTTP/1.1" 200 711
186.29.30.130 - - [07/Nov/2014:05:08:09 -0500] "GET /videos/galeria-fotografica/js/jquery-flickr-gallery/jquery-flickr-gallery.js HTTP/1.1" 200 9050
186.29.30.130 - - [07/Nov/2014:05:08:10 -0500] "GET /videos/galeria-fotografica/js/jquery-flickr-gallery/loader.gif HTTP/1.1" 200 2129
190.158.7.219 - - [07/Nov/2014:05:08:12 -0500] "GET /forest/skins/gdocs-jar/popup/popup.jsp?width=1100&height=500&title=Buscar%20documentos&uri=/forest/buscar.do%3Ftype%3Ddocumentos&name=undefined&_a=0.5433518337085843&a=0.6660873261280358 HTTP/1.1" 200 1300
190.158.7.219 - - [07/Nov/2014:05:08:12 -0500] "GET /forest/buscar.do?type=documentos HTTP/1.1" 200 28567
190.158.7.219 - - [07/Nov/2014:05:08:12 -0500] "GET /forest/buscar.do?type=documentos HTTP/1.1" 200 97145
190.158.7.219 - - [07/Nov/2014:05:08:13 -0500] "GET /forest/json.do?query=usersByDep&coddep=2013 HTTP/1.1" 200 7404
190.158.7.219 - - [07/Nov/2014:05:08:13 -0500] "GET /forest/json.do?query=usersByDep&coddep=2013 HTTP/1.1" 200 7404
66.249.64.163 - - [07/Nov/2014:05:08:13 -0500] "GET /BLA/resoluciones/RESOLUCIONES%202011/1235.pdf HTTP/1.1" 200 273353
190.158.7.219 - - [07/Nov/2014:05:08:16 -0500] "POST /forest/buscar.do? HTTP/1.1" 200 7272
66.249.64.171 - - [07/Nov/2014:05:08:24 -0500] "GET /BLA/resoluciones/RESOLUCIONES%202007/RES%202007%201%20AL%20100/RESOLUCION%200071%20DE%202007.pdf HTTP/1.1" 200 461476
66.249.64.167 - - [07/Nov/2014:05:08:34 -0500] "GET /BLA/resoluciones/AUTOS%202013/0950.pdf HTTP/1.1" 304 -
66.249.64.167 - - [07/Nov/2014:05:08:45 -0500] "GET /BLA/resoluciones/RESOLUCIONES%202007/RES%202007%202901%20AL%203000/RESOLUCION%202930%20DE%202007.pdf HTTP/1.1" 304 -
66.249.64.163 - - [07/Nov/2014:05:08:55 -0500] "GET /BLA/resoluciones/RESOLUCIONES%202010/2364.pdf HTTP/1.1" 200 442822
66.249.64.167 - - [07/Nov/2014:05:09:02 -0500] "GET /BLA/resoluciones/RESOLUCIONES%202010/6654.pdf HTTP/1.1" 200 1239058
66.249.64.167 - - [07/Nov/2014:05:09:06 -0500] "GET /BLA/resoluciones/RESOLUCIONES%202014/0081.pdf HTTP/1.1" 200 477689
186.29.30.130 - - [07/Nov/2014:05:09:08 -0500] "GET /videos/galeria-fotografica/index16.html? HTTP/1.1" 304 -
190.158.7.219 - - [07/Nov/2014:05:09:08 -0500] "GET /forest/buscar.do HTTP/1.1" 200 97135
190.158.7.219 - - [07/Nov/2014:05:09:08 -0500] "GET /forest/json.do?query=usersByDep&coddep=2013 HTTP/1.1" 200 7404
190.158.7.219 - - [07/Nov/2014:05:09:08 -0500] "GET /forest/json.do?query=usersByDep&coddep=2013 HTTP/1.1" 200 7404
190.158.7.219 - - [07/Nov/2014:05:09:12 -0500] "POST /forest/buscar.do? HTTP/1.1" 200 7439
66.249.64.171 - - [07/Nov/2014:05:09:16 -0500] "GET /BLA/resoluciones/AUTOS%202010/0872.pdf HTTP/1.1" 304 -
66.249.64.163 - - [07/Nov/2014:05:09:27 -0500] "GET /BLA/resoluciones/AUTOS%202009/0395.pdf HTTP/1.1" 200 109830
66.249.64.167 - - [07/Nov/2014:05:09:37 -0500] "GET /BLA/resoluciones/RESOLUCIONES%202011/5748.pdf HTTP/1.1" 304 -
66.249.64.167 - - [07/Nov/2014:05:09:48 -0500] "GET /BLA/resoluciones/RESOLUCIONES%202009/1383.pdf HTTP/1.1" 304 -
66.249.64.171 - - [07/Nov/2014:05:09:58 -0500] "GET /BLA/resoluciones/AUTOS%202008/0143.pdf HTTP/1.1" 200 110349
190.158.7.219 - - [07/Nov/2014:05:09:59 -0500] "GET /forest/buscar.do HTTP/1.1" 200 97135
190.158.7.219 - - [07/Nov/2014:05:10:00 -0500] "GET /forest/json.do?query=usersByDep&coddep=2013 HTTP/1.1" 200 7404
190.158.7.219 - - [07/Nov/2014:05:10:00 -0500] "GET /forest/json.do?query=usersByDep&coddep=2013 HTTP/1.1" 200 7404
186.29.30.130 - - [07/Nov/2014:05:10:01 -0500] "GET /BLA/boletinlegal/js/jquery.js HTTP/1.1" 200 57254
186.29.30.130 - - [07/Nov/2014:05:10:01 -0500] "GET /BLA/boletinlegal/js/jquery.scrollTo-min.js HTTP/1.1" 200 1150
186.29.30.130 - - [07/Nov/2014:05:10:01 -0500] "GET /BLA/boletinlegal/js/jquery.scrollShow.js HTTP/1.1" 200 4586
190.158.7.219 - - [07/Nov/2014:05:10:03 -0500] "POST /forest/buscar.do? HTTP/1.1" 200 5933
66.249.64.171 - - [07/Nov/2014:05:10:08 -0500] "GET /BLA/resoluciones/RESOLUCIONES%202008/0020.pdf HTTP/1.1" 200 2037219
66.249.64.163 - - [07/Nov/2014:05:10:12 -0500] "GET /BLA/resoluciones/RESOLUCIONES%202010/7074.pdf HTTP/1.1" 304 -
66.249.64.171 - - [07/Nov/2014:05:10:18 -0500] "GET /portel_dama/libreria/php/2006/ECOSISTEMAS%20FINAL%20web_mz27/x%20restauracion/sitio/33_publi/33_publi.html HTTP/1.1" 404 1018
66.249.64.167 - - [07/Nov/2014:05:10:19 -0500] "GET /BLA/resoluciones/AUTOS%202010/4945.pdf HTTP/1.1" 200 149383
64.76.213.197 - - [07/Nov/2014:05:10:22 -0500] "GET /videos/Spot_CambioClimatico.flv HTTP/1.1" 304 -
66.249.64.163 - - [07/Nov/2014:05:10:30 -0500] "GET /BLA/resoluciones/AUTOS%202012/2437.pdf HTTP/1.1" 200 2316527
66.249.64.39 - - [07/Nov/2014:05:10:40 -0500] "GET /htdocs/gallery2/g2data/cache/derivative/2/2/220-meta.inc HTTP/1.1" 404 1019
190.158.7.219 - - [07/Nov/2014:05:10:43 -0500] "GET /forest/buscar.do HTTP/1.1" 200 97135
190.158.7.219 - - [07/Nov/2014:05:10:44 -0500] "GET /forest/json.do?query=usersByDep&coddep=2013 HTTP/1.1" 200 7404
190.158.7.219 - - [07/Nov/2014:05:10:44 -0500] "GET /forest/json.do?query=usersByDep&coddep=2013 HTTP/1.1" 200 7404
190.158.7.219 - - [07/Nov/2014:05:10:47 -0500] "POST /forest/buscar.do? HTTP/1.1" 200 5998
66.249.64.171 - - [07/Nov/2014:05:10:51 -0500] "GET /BLA/resoluciones/AUTOS%202007/2331.pdf HTTP/1.1" 200 157140
74.86.158.107 - - [07/Nov/2014:05:10:54 -0500] "HEAD / HTTP/1.1" 302 -
190.158.7.219 - - [07/Nov/2014:05:10:56 -0500] "GET /forest/skins/gdocs-jar/popup/popup.jsp?width=900&height=600&title=Informaci%F3n%20de%20proceso&uri=/forest/system/process.jsp%3FnumPro%3D2882373&name=undefined&_a=0.3703091461211443&a=0.6829805804882199 HTTP/1.1" 200 1312
190.158.7.219 - - [07/Nov/2014:05:10:56 -0500] "GET /forest/system/process.jsp?numPro=2882373 HTTP/1.1" 200 18159
190.158.7.219 - - [07/Nov/2014:05:10:56 -0500] "GET /forest/system/process.jsp?numPro=2882373 HTTP/1.1" 200 60677
66.249.64.167 - - [07/Nov/2014:05:11:01 -0500] "GET /BLA/resoluciones/AUTOS%202013/1121.pdf HTTP/1.1" 200 1259228
190.158.7.219 - - [07/Nov/2014:05:11:04 -0500] "GET /forest/session.jsp?a=0.9800720014609396 HTTP/1.1" 200 4
66.249.64.163 - - [07/Nov/2014:05:11:12 -0500] "GET /BLA/resoluciones/AUTOS%202011/1978.pdf HTTP/1.1" 200 308742
66.249.64.167 - - [07/Nov/2014:05:11:14 -0500] "GET /BLA/resoluciones/RESOLUCIONES%202010/5370.pdf HTTP/1.1" 200 734737
66.249.64.167 - - [07/Nov/2014:05:11:22 -0500] "GET /BLA/resoluciones/RESOLUCIONES%202010/4764.pdf HTTP/1.1" 200 408438
216.145.50.40 - - [07/Nov/2014:05:11:26 -0500] "GET / HTTP/1.0" 302 -
66.249.64.163 - - [07/Nov/2014:05:11:33 -0500] "GET /BLA/resoluciones/RESOLUCIONES%202013/2293.pdf HTTP/1.1" 200 558057
66.249.64.163 - - [07/Nov/2014:05:11:43 -0500] "GET /BLA/resoluciones/RESOLUCIONES%202012/0859.pdf HTTP/1.1" 304 -
201.245.192.253 - - [07/Nov/2014:05:11:44 -0500] "GET /plugins/like.php?locale=es_ES&href=http%3A%2F%2Fwww.facebook.com%2Fmsn&send=false&layout=button_count&width=450&show_faces=false&font&colorscheme=light&action=like&height=21 HTTP/1.1" 404 1314
190.158.7.219 - - [07/Nov/2014:05:11:50 -0500] "GET /forest/buscar.do HTTP/1.1" 200 97135
190.158.7.219 - - [07/Nov/2014:05:11:50 -0500] "GET /forest/json.do?query=usersByDep&coddep=2013 HTTP/1.1" 200 7404
190.158.7.219 - - [07/Nov/2014:05:11:50 -0500] "GET /forest/json.do?query=usersByDep&coddep=2013 HTTP/1.1" 200 7404
190.158.7.219 - - [07/Nov/2014:05:11:53 -0500] "POST /forest/buscar.do? HTTP/1.1" 200 7269
66.249.64.167 - - [07/Nov/2014:05:11:54 -0500] "GET /BLA/resoluciones/RESOLUCIONES%202013/1149.pdf HTTP/1.1" 200 787843
66.249.64.163 - - [07/Nov/2014:05:12:04 -0500] "GET /BLA/resoluciones/RESOLUCIONES%202007/RES%202007%201101%20AL%201200/RESOLUCION%201125%20DE%202007.pdf HTTP/1.1" 304 -
190.158.7.219 - - [07/Nov/2014:05:12:12 -0500] "GET /forest/skins/gdocs-jar/popup/popup.jsp?width=1100&height=500&title=Buscar%20documentos&uri=/forest/buscar.do%3Ftype%3Ddocumentos&name=undefined&_a=0.7676536121871322&a=0.3436424152459949 HTTP/1.1" 200 1300
190.158.7.219 - - [07/Nov/2014:05:12:12 -0500] "GET /forest/buscar.do?type=documentos HTTP/1.1" 200 18159
190.158.7.219 - - [07/Nov/2014:05:12:12 -0500] "GET /forest/buscar.do?type=documentos HTTP/1.1" 200 97145
190.158.7.219 - - [07/Nov/2014:05:12:13 -0500] "GET /forest/json.do?query=usersByDep&coddep=2013 HTTP/1.1" 200 7404
190.158.7.219 - - [07/Nov/2014:05:12:13 -0500] "GET /forest/json.do?query=usersByDep&coddep=2013 HTTP/1.1" 200 7404
190.158.7.219 - - [07/Nov/2014:05:12:15 -0500] "POST /forest/buscar.do? HTTP/1.1" 200 7269
66.249.64.167 - - [07/Nov/2014:05:12:15 -0500] "GET /BLA/resoluciones/RESOLUCIONES%202010/6749.pdf HTTP/1.1" 200 220203
66.249.64.171 - - [07/Nov/2014:05:12:20 -0500] "GET /BLA/resoluciones/RESOLUCIONES%202009/0751.pdf HTTP/1.1" 200 426532
66.249.64.171 - - [07/Nov/2014:05:12:25 -0500] "GET /BLA/resoluciones/AUTOS%202007/2266.pdf HTTP/1.1" 200 79036
66.249.64.171 - - [07/Nov/2014:05:12:36 -0500] "GET /BLA/resoluciones/RESOLUCIONES%202007/RES%202007%203001%20AL%203100/RESOLUCION%203040%20DE%202007.pdf HTTP/1.1" 304 -
66.249.64.171 - - [07/Nov/2014:05:12:47 -0500] "GET /BLA/resoluciones/AUTOS%202009/2176.pdf HTTP/1.1" 304 -
200.14.238.130 - - [07/Nov/2014:05:12:51 -0500] "GET /BLA/boletinlegal/js/jquery.scrollTo-min.js HTTP/1.1" 200 1150
200.14.238.130 - - [07/Nov/2014:05:12:51 -0500] "GET /BLA/boletinlegal/js/jquery.scrollShow.js HTTP/1.1" 200 4586
200.14.238.130 - - [07/Nov/2014:05:12:51 -0500] "GET /BLA/boletinlegal/js/jquery.js HTTP/1.1" 200 57254
200.14.238.130 - - [07/Nov/2014:05:12:51 -0500] "GET /galeria/carrusel/Carrusel/jquery.thumbnailScroller.css HTTP/1.1" 200 2066
200.14.238.130 - - [07/Nov/2014:05:12:51 -0500] "GET /galeria/carrusel/Carrusel/jquery-ui-1.8.13.custom.min.js HTTP/1.1" 200 10800
200.14.238.130 - - [07/Nov/2014:05:12:51 -0500] "GET /galeria/carrusel/Carrusel/jquery.thumbnailScroller.js HTTP/1.1" 200 8157
200.14.238.130 - - [07/Nov/2014:05:12:52 -0500] "GET /galeria/nivo-slider/demo/demo.html HTTP/1.1" 200 3542
200.14.238.130 - - [07/Nov/2014:05:12:52 -0500] "GET /galeria/nivo-slider/themes/default/default.css HTTP/1.1" 200 1569
200.14.238.130 - - [07/Nov/2014:05:12:52 -0500] "GET /galeria/nivo-slider/themes/pascal/pascal.css HTTP/1.1" 200 2258
200.14.238.130 - - [07/Nov/2014:05:12:52 -0500] "GET /galeria/nivo-slider/themes/orman/orman.css HTTP/1.1" 200 2152
200.14.238.130 - - [07/Nov/2014:05:12:52 -0500] "GET /galeria/nivo-slider/nivo-slider.css HTTP/1.1" 200 1507
200.14.238.130 - - [07/Nov/2014:05:12:52 -0500] "GET /galeria/nivo-slider/demo/style.css HTTP/1.1" 200 2222
200.14.238.130 - - [07/Nov/2014:05:12:52 -0500] "GET /galeria/nivo-slider/demo/images/Banner-comparendo.jpg HTTP/1.1" 200 388762
200.14.238.130 - - [07/Nov/2014:05:12:52 -0500] "GET /galeria/nivo-slider/demo/images/Banner-Ecourbanismo.jpg HTTP/1.1" 200 189838
200.14.238.130 - - [07/Nov/2014:05:12:52 -0500] "GET /galeria/nivo-slider/demo/images/porloshumedales.jpg HTTP/1.1" 200 351238
200.14.238.130 - - [07/Nov/2014:05:12:52 -0500] "GET /galeria/nivo-slider/demo/images/banner-aceite3.jpg HTTP/1.1" 200 88347
200.14.238.130 - - [07/Nov/2014:05:12:52 -0500] "GET /galeria/nivo-slider/demo/images/Tingua-azul.jpg HTTP/1.1" 200 307638
200.14.238.130 - - [07/Nov/2014:05:12:53 -0500] "GET /galeria/nivo-slider/demo/images/banner-redes.jpg HTTP/1.1" 200 62209
200.14.238.130 - - [07/Nov/2014:05:12:53 -0500] "GET /galeria/nivo-slider/demo/images/9Signos.jpg HTTP/1.1" 200 93040
200.14.238.130 - - [07/Nov/2014:05:12:53 -0500] "GET /galeria/nivo-slider/demo/images/banner-llantas2.jpg HTTP/1.1" 200 73153
200.14.238.130 - - [07/Nov/2014:05:12:53 -0500] "GET /galeria/nivo-slider/demo/images/banner-caballos.png HTTP/1.1" 200 389106
200.14.238.130 - - [07/Nov/2014:05:12:54 -0500] "GET /galeria/nivo-slider/demo/images/Hacienda_Molinos.jpg HTTP/1.1" 200 319171
200.14.238.130 - - [07/Nov/2014:05:12:54 -0500] "GET /galeria/nivo-slider/demo/images/bannerEcolecta3.jpg HTTP/1.1" 200 280034
200.14.238.130 - - [07/Nov/2014:05:12:54 -0500] "GET /galeria/nivo-slider/demo/scripts/jquery-1.7.1.min.js HTTP/1.1" 200 93868
200.14.238.130 - - [07/Nov/2014:05:12:54 -0500] "GET /galeria/nivo-slider/jquery.nivo.slider.pack.js HTTP/1.1" 200 11561
200.14.238.130 - - [07/Nov/2014:05:12:55 -0500] "GET /galeria/nivo-slider/demo/images/4Simple_Slider.png HTTP/1.1" 200 11722
200.14.238.130 - - [07/Nov/2014:05:12:55 -0500] "GET /galeria/nivo-slider/themes/default/loading.gif HTTP/1.1" 200 1737
200.14.238.130 - - [07/Nov/2014:05:12:55 -0500] "GET /galeria/nivo-slider/demo/images/Banner-Caracol-Africano.jpg HTTP/1.1" 200 331986
200.14.238.130 - - [07/Nov/2014:05:12:56 -0500] "GET /galeria/nivo-slider/themes/default/arrows.png HTTP/1.1" 200 824
200.14.238.130 - - [07/Nov/2014:05:12:56 -0500] "GET /galeria/nivo-slider/themes/default/bullets.png HTTP/1.1" 200 1281
66.249.64.171 - - [07/Nov/2014:05:12:57 -0500] "GET /BLA/resoluciones/RESOLUCIONES%202007/RES%202007%20701%20AL%20800/RESOLUCION%200736%20DE%202007.pdf HTTP/1.1" 200 220971
190.158.7.219 - - [07/Nov/2014:05:12:57 -0500] "GET /forest/buscar.do HTTP/1.1" 200 97135
190.158.7.219 - - [07/Nov/2014:05:12:57 -0500] "GET /forest/json.do?query=usersByDep&coddep=2013 HTTP/1.1" 200 7404
190.158.7.219 - - [07/Nov/2014:05:12:57 -0500] "GET /forest/json.do?query=usersByDep&coddep=2013 HTTP/1.1" 200 7404
190.158.7.219 - - [07/Nov/2014:05:13:00 -0500] "POST /forest/buscar.do? HTTP/1.1" 200 7252
66.249.64.167 - - [07/Nov/2014:05:13:08 -0500] "GET /BLA/resoluciones/RESOLUCIONES%202010/4765.pdf HTTP/1.1" 304 -
66.249.64.171 - - [07/Nov/2014:05:13:18 -0500] "GET /BLA/resoluciones/AUTOS%202012/3022.pdf HTTP/1.1" 304 -
66.249.64.167 - - [07/Nov/2014:05:13:26 -0500] "GET /BLA/resoluciones/AUTOS%202009/3327.pdf HTTP/1.1" 200 112215
66.249.64.167 - - [07/Nov/2014:05:13:29 -0500] "GET /BLA/resoluciones/RESOLUCIONES%202010/2966.pdf HTTP/1.1" 200 370330
66.249.64.163 - - [07/Nov/2014:05:13:39 -0500] "GET /BLA/resoluciones/RESOLUCIONES%202013/1195.pdf HTTP/1.1" 304 -
190.158.7.219 - - [07/Nov/2014:05:13:49 -0500] "GET /forest/buscar.do HTTP/1.1" 200 97135
190.158.7.219 - - [07/Nov/2014:05:13:49 -0500] "GET /forest/json.do?query=usersByDep&coddep=2013 HTTP/1.1" 200 7404
190.158.7.219 - - [07/Nov/2014:05:13:49 -0500] "GET /forest/json.do?query=usersByDep&coddep=2013 HTTP/1.1" 200 7404
66.249.64.167 - - [07/Nov/2014:05:13:50 -0500] "GET /BLA/resoluciones/RESOLUCIONES%202007/RES%202007%20401%20AL%20500/RESOLUCION%200467%20DE%202007.pdf HTTP/1.1" 200 1043644
190.158.7.219 - - [07/Nov/2014:05:13:52 -0500] "POST /forest/buscar.do? HTTP/1.1" 200 8439
66.249.64.163 - - [07/Nov/2014:05:14:00 -0500] "GET /BLA/resoluciones/AUTOS%202013/0182.pdf HTTP/1.1" 200 1298099
37.49.224.14 - - [07/Nov/2014:05:14:04 -0500] "GET /auntentica.txt HTTP/1.1" 404 1153
66.249.64.171 - - [07/Nov/2014:05:14:11 -0500] "GET /BLA/resoluciones/RESOLUCIONES%202013/0317.pdf HTTP/1.1" 200 2315597
190.158.7.219 - - [07/Nov/2014:05:14:20 -0500] "GET /forest/buscar.do HTTP/1.1" 200 97135
190.158.7.219 - - [07/Nov/2014:05:14:21 -0500] "GET /forest/json.do?query=usersByDep&coddep=2013 HTTP/1.1" 200 7404
190.158.7.219 - - [07/Nov/2014:05:14:21 -0500] "GET /forest/json.do?query=usersByDep&coddep=2013 HTTP/1.1" 200 7404
66.249.64.163 - - [07/Nov/2014:05:14:21 -0500] "GET /BLA/resoluciones/AUTOS%202011/5868.pdf HTTP/1.1" 304 -
190.158.7.219 - - [07/Nov/2014:05:14:23 -0500] "POST /forest/buscar.do? HTTP/1.1" 200 5943
66.249.64.39 - - [07/Nov/2014:05:14:32 -0500] "GET /htdocs/counter/digits/scrshdw/ HTTP/1.1" 404 1019
66.249.64.167 - - [07/Nov/2014:05:14:32 -0500] "GET /BLA/resoluciones/RESOLUCIONES%202010/1373.pdf HTTP/1.1" 200 358608
66.249.64.171 - - [07/Nov/2014:05:14:42 -0500] "GET /BLA/resoluciones/AUTOS%202011/3604.pdf HTTP/1.1" 200 134087
190.158.7.219 - - [07/Nov/2014:05:14:49 -0500] "GET /forest/buscar.do HTTP/1.1" 200 97135
190.158.7.219 - - [07/Nov/2014:05:14:50 -0500] "GET /forest/json.do?query=usersByDep&coddep=2013 HTTP/1.1" 200 7404
190.158.7.219 - - [07/Nov/2014:05:14:50 -0500] "GET /forest/json.do?query=usersByDep&coddep=2013 HTTP/1.1" 200 7404
190.158.7.219 - - [07/Nov/2014:05:14:52 -0500] "POST /forest/buscar.do? HTTP/1.1" 200 7264
66.249.64.163 - - [07/Nov/2014:05:14:53 -0500] "GET /BLA/resoluciones/RESOLUCIONES%202009/0419.pdf HTTP/1.1" 200 198294
190.158.7.219 - - [07/Nov/2014:05:15:00 -0500] "GET /forest/skins/gdocs-jar/popup/popup.jsp?width=900&height=600&title=Informaci%F3n%20de%20proceso&uri=/forest/system/process.jsp%3FnumPro%3D2929517&name=undefined&_a=0.32719651726074517&a=0.9156829577405006 HTTP/1.1" 200 1312
190.158.7.219 - - [07/Nov/2014:05:15:00 -0500] "GET /forest/system/process.jsp?numPro=2929517 HTTP/1.1" 200 18159
190.158.7.219 - - [07/Nov/2014:05:15:00 -0500] "GET /forest/system/process.jsp?numPro=2929517 HTTP/1.1" 200 29390
66.249.64.171 - - [07/Nov/2014:05:15:03 -0500] "GET /BLA/resoluciones/RESOLUCIONES%202007/RES%202007%201001%20AL%201100/RESOLUCION%201083%20DE%202007.pdf HTTP/1.1" 304 -
201.245.192.253 - - [07/Nov/2014:05:15:03 -0500] "GET /ecodirectorio/files/res/pages/page_0108.swf HTTP/1.1" 304 -
190.158.7.219 - - [07/Nov/2014:05:15:05 -0500] "GET /forest/documentos/1925433/2014ER155052.pdf HTTP/1.1" 200 34290
201.245.192.253 - - [07/Nov/2014:05:15:07 -0500] "GET /ecodirectorio/files/res/pages/page_0051.swf HTTP/1.1" 304 -
66.249.64.171 - - [07/Nov/2014:05:15:14 -0500] "GET /BLA/resoluciones/RESOLUCIONES%202009/9476.pdf HTTP/1.1" 304 -
66.249.64.167 - - [07/Nov/2014:05:15:24 -0500] "GET /BLA/resoluciones/RESOLUCIONES%202009/6878.pdf HTTP/1.1" 304 -
66.249.64.171 - - [07/Nov/2014:05:15:35 -0500] "GET /BLA/resoluciones/RESOLUCIONES%202012/0906.pdf HTTP/1.1" 304 -
66.249.64.171 - - [07/Nov/2014:05:15:38 -0500] "GET /BLA/resoluciones/RESOLUCIONES%202010/0799.pdf HTTP/1.1" 200 111076
201.245.192.253 - - [07/Nov/2014:05:15:45 -0500] "GET /ecodirectorio/files/res/pages/page_0026.swf HTTP/1.1" 304 -
66.249.64.171 - - [07/Nov/2014:05:15:45 -0500] "GET /BLA/resoluciones/RESOLUCIONES%202009/5323.pdf HTTP/1.1" 304 -
66.249.64.163 - - [07/Nov/2014:05:15:48 -0500] "GET /BLA/resoluciones/RESOLUCIONES%202005/RES%202005%201301-1350/00001341.tif HTTP/1.1" 200 37504
201.245.192.253 - - [07/Nov/2014:05:15:51 -0500] "GET /ecodirectorio/files/res/pages/page_0083.swf HTTP/1.1" 304 -
74.86.158.107 - - [07/Nov/2014:05:15:54 -0500] "HEAD / HTTP/1.1" 302 -
66.249.64.167 - - [07/Nov/2014:05:15:56 -0500] "GET /BLA/resoluciones/RESOLUCIONES%202007/RES%202007%202601%20AL%202700/RESOLUCION%202625%20DE%202007.pdf HTTP/1.1" 200 287371
190.158.7.219 - - [07/Nov/2014:05:16:03 -0500] "GET /forest/skins/gdocs-jar/popup/popup.jsp?width=1100&height=500&title=Buscar%20documentos&uri=/forest/buscar.do%3Ftype%3Ddocumentos&name=undefined&_a=0.3106189132668078&a=0.9936592460144311 HTTP/1.1" 200 1300
190.158.7.219 - - [07/Nov/2014:05:16:03 -0500] "GET /forest/buscar.do?type=documentos HTTP/1.1" 200 97145
190.158.7.219 - - [07/Nov/2014:05:16:04 -0500] "GET /forest/json.do?query=usersByDep&coddep=2013 HTTP/1.1" 200 7404
190.158.7.219 - - [07/Nov/2014:05:16:04 -0500] "GET /forest/json.do?query=usersByDep&coddep=2013 HTTP/1.1" 200 7404
190.158.7.219 - - [07/Nov/2014:05:16:04 -0500] "GET /forest/session.jsp?a=0.09587426274083555 HTTP/1.1" 200 4
66.249.64.171 - - [07/Nov/2014:05:16:06 -0500] "GET /BLA/resoluciones/AUTOS%202011/3723.pdf HTTP/1.1" 304 -
190.158.7.219 - - [07/Nov/2014:05:16:06 -0500] "POST /forest/buscar.do? HTTP/1.1" 200 5893
66.249.64.163 - - [07/Nov/2014:05:16:17 -0500] "GET /BLA/resoluciones/RESOLUCIONES%202007/RES%202007%204101%20AL%204200/RESOLUCION%204195%20DE%202007.pdf HTTP/1.1" 304 -
190.158.7.219 - - [07/Nov/2014:05:16:23 -0500] "GET /forest/skins/gdocs-jar/popup/popup.jsp?width=900&height=600&title=Informaci%F3n%20de%20proceso&uri=/forest/system/process.jsp%3FnumPro%3D2920162&name=undefined&_a=0.1273321439512074&a=0.5329648160841316 HTTP/1.1" 200 1312
190.158.7.219 - - [07/Nov/2014:05:16:23 -0500] "GET /forest/system/process.jsp?numPro=2920162 HTTP/1.1" 200 18159
190.158.7.219 - - [07/Nov/2014:05:16:23 -0500] "GET /forest/skins/gdocs-jar/img/icons/xlsx.gif HTTP/1.1" 304 -
190.158.7.219 - - [07/Nov/2014:05:16:23 -0500] "GET /forest/system/process.jsp?numPro=2920162 HTTP/1.1" 200 90254
66.249.64.171 - - [07/Nov/2014:05:16:27 -0500] "GET /BLA/resoluciones/RESOLUCIONES%202010/4510.pdf HTTP/1.1" 200 491809
66.249.64.171 - - [07/Nov/2014:05:16:38 -0500] "GET /BLA/resoluciones/RESOLUCIONES%202009/4453.pdf HTTP/1.1" 200 393490
66.249.64.163 - - [07/Nov/2014:05:16:44 -0500] "GET /BLA/resoluciones/AUTOS%202007/2470.pdf HTTP/1.1" 200 230207
66.249.64.167 - - [07/Nov/2014:05:16:49 -0500] "GET /BLA/resoluciones/RESOLUCIONES%202010/2010.pdf HTTP/1.1" 304 -
66.249.64.163 - - [07/Nov/2014:05:16:59 -0500] "GET /BLA/resoluciones/RESOLUCIONES%202012/1331.pdf HTTP/1.1" 304 -
190.158.7.219 - - [07/Nov/2014:05:17:00 -0500] "GET /forest/skins/gdocs-jar/popup/popup.jsp?width=1100&height=500&title=Buscar%20documentos&uri=/forest/buscar.do%3Ftype%3Ddocumentos&name=undefined&_a=0.7950216769240797&a=0.42896050377748907 HTTP/1.1" 200 1300
190.158.7.219 - - [07/Nov/2014:05:17:00 -0500] "GET /forest/buscar.do?type=documentos HTTP/1.1" 200 14695
190.158.7.219 - - [07/Nov/2014:05:17:00 -0500] "GET /forest/buscar.do?type=documentos HTTP/1.1" 200 97145
190.158.7.219 - - [07/Nov/2014:05:17:01 -0500] "GET /forest/json.do?query=usersByDep&coddep=2013 HTTP/1.1" 200 7404
190.158.7.219 - - [07/Nov/2014:05:17:01 -0500] "GET /forest/json.do?query=usersByDep&coddep=2013 HTTP/1.1" 200 7404
180.76.6.65 - - [07/Nov/2014:05:17:03 -0500] "GET /BLA/resoluciones/RESOLUCIONES%202009/0093.pdf HTTP/1.1" 200 283365
190.158.7.219 - - [07/Nov/2014:05:17:05 -0500] "POST /forest/buscar.do? HTTP/1.1" 200 5932
66.249.64.171 - - [07/Nov/2014:05:17:10 -0500] "GET /BLA/resoluciones/RESOLUCIONES%202008/5516.pdf HTTP/1.1" 200 363508
66.249.64.163 - - [07/Nov/2014:05:17:20 -0500] "GET /BLA/resoluciones/AUTOS%202011/2094.pdf HTTP/1.1" 200 144291
190.158.7.219 - - [07/Nov/2014:05:17:25 -0500] "GET /forest/skins/gdocs-jar/popup/popup.jsp?width=1100&height=500&title=Buscar%20documentos&uri=/forest/buscar.do%3Ftype%3Ddocumentos&name=undefined&_a=0.5178158248309046&a=0.007041048724204302 HTTP/1.1" 200 1300
190.158.7.219 - - [07/Nov/2014:05:17:25 -0500] "GET /forest/buscar.do?type=documentos HTTP/1.1" 200 18159
190.158.7.219 - - [07/Nov/2014:05:17:25 -0500] "GET /forest/buscar.do?type=documentos HTTP/1.1" 200 97145
190.158.7.219 - - [07/Nov/2014:05:17:26 -0500] "GET /forest/json.do?query=usersByDep&coddep=2013 HTTP/1.1" 200 7404
190.158.7.219 - - [07/Nov/2014:05:17:26 -0500] "GET /forest/json.do?query=usersByDep&coddep=2013 HTTP/1.1" 200 7404
190.158.7.219 - - [07/Nov/2014:05:17:30 -0500] "POST /forest/buscar.do? HTTP/1.1" 200 7200
66.249.64.163 - - [07/Nov/2014:05:17:31 -0500] "GET /BLA/resoluciones/RESOLUCIONES%202007/RES%202007%202901%20AL%203000/RESOLUCION%202913%20DE%202007.pdf HTTP/1.1" 304 -
66.249.64.171 - - [07/Nov/2014:05:17:41 -0500] "GET /BLA/resoluciones/RESOLUCIONES%202011/1006.pdf HTTP/1.1" 304 -
190.158.7.219 - - [07/Nov/2014:05:17:46 -0500] "GET /forest/skins/gdocs-jar/popup/popup.jsp?width=900&height=600&title=Informaci%F3n%20de%20proceso&uri=/forest/system/process.jsp%3FnumPro%3D2898933&name=undefined&_a=0.6821880913339555&a=0.37994222342967987 HTTP/1.1" 200 1312
190.158.7.219 - - [07/Nov/2014:05:17:46 -0500] "GET /forest/system/process.jsp?numPro=2898933 HTTP/1.1" 200 23114
190.158.7.219 - - [07/Nov/2014:05:17:46 -0500] "GET /forest/system/process.jsp?numPro=2898933 HTTP/1.1" 200 61808
66.249.64.163 - - [07/Nov/2014:05:17:50 -0500] "GET /BLA/resoluciones/RESOLUCIONES%202010/0455.pdf HTTP/1.1" 200 100330
66.249.64.171 - - [07/Nov/2014:05:17:52 -0500] "GET /BLA/resoluciones/RESOLUCIONES%202007/RES%202007%201801%20AL%201900/RESOLUCION%201899%20DE%202007.pdf HTTP/1.1" 304 -
66.249.64.171 - - [07/Nov/2014:05:18:02 -0500] "GET /BLA/resoluciones/RESOLUCIONES%202010/1715.pdf HTTP/1.1" 304 -
66.249.64.163 - - [07/Nov/2014:05:18:13 -0500] "GET /BLA/resoluciones/RESOLUCIONES%202013/0869.pdf HTTP/1.1" 304 -
66.249.64.163 - - [07/Nov/2014:05:18:23 -0500] "GET /BLA/resoluciones/RESOLUCIONES%202010/2019.pdf HTTP/1.1" 200 336010
66.249.64.167 - - [07/Nov/2014:05:18:34 -0500] "GET /BLA/resoluciones/AUTOS%202012/0484.pdf HTTP/1.1" 200 319642
190.158.7.219 - - [07/Nov/2014:05:18:39 -0500] "GET /forest/buscar.do HTTP/1.1" 200 97135
190.158.7.219 - - [07/Nov/2014:05:18:39 -0500] "GET /forest/json.do?query=usersByDep&coddep=2013 HTTP/1.1" 200 7404
190.158.7.219 - - [07/Nov/2014:05:18:39 -0500] "GET /forest/json.do?query=usersByDep&coddep=2013 HTTP/1.1" 200 7404
190.158.7.219 - - [07/Nov/2014:05:18:43 -0500] "POST /forest/buscar.do? HTTP/1.1" 200 5987
66.249.64.163 - - [07/Nov/2014:05:18:44 -0500] "GET /BLA/resoluciones/RESOLUCIONES%202009/4847.pdf HTTP/1.1" 200 566781
190.158.7.219 - - [07/Nov/2014:05:18:50 -0500] "GET /forest/skins/gdocs-jar/popup/popup.jsp?width=900&height=600&title=Informaci%F3n%20de%20proceso&uri=/forest/system/process.jsp%3FnumPro%3D2845001&name=undefined&_a=0.6253100424073637&a=0.3074091747403145 HTTP/1.1" 200 1312
190.158.7.219 - - [07/Nov/2014:05:18:50 -0500] "GET /forest/system/process.jsp?numPro=2845001 HTTP/1.1" 200 18462
190.158.7.219 - - [07/Nov/2014:05:18:50 -0500] "GET /forest/system/process.jsp?numPro=2845001 HTTP/1.1" 200 18462
190.158.7.219 - - [07/Nov/2014:05:18:53 -0500] "GET /forest/documentos/1868085/2014ER97709.docx HTTP/1.1" 200 11943
66.249.64.171 - - [07/Nov/2014:05:18:55 -0500] "GET /BLA/resoluciones/RESOLUCIONES%202007/RES%202007%201101%20AL%201200/RESOLUCION%201188%20DE%202007.pdf HTTP/1.1" 304 -
66.249.64.163 - - [07/Nov/2014:05:18:56 -0500] "GET /BLA/resoluciones/RESOLUCIONES%202010/1357.pdf HTTP/1.1" 200 345285
66.249.64.171 - - [07/Nov/2014:05:19:05 -0500] "GET /BLA/resoluciones/AUTOS%202013/0840.pdf HTTP/1.1" 200 1047907
180.76.5.193 - - [07/Nov/2014:05:19:10 -0500] "GET /BLA/resoluciones/index.php?dir=RESOLUCIONES+2007%2FRES+2007+1201+AL+1300%2F HTTP/1.1" 200 26864
100.43.85.25 - - [07/Nov/2014:05:19:15 -0500] "GET /galeria/nivo-slider/themes/pascal/?C=D;O=D HTTP/1.1" 200 2313
66.249.64.163 - - [07/Nov/2014:05:19:16 -0500] "GET /BLA/resoluciones/RESOLUCIONES%202011/4599.pdf HTTP/1.1" 200 692902
66.249.64.47 - - [07/Nov/2014:05:19:26 -0500] "GET /htdocs/gallery2/g2data/cache/derivative/2/2/226-meta.inc HTTP/1.1" 404 1019
66.249.64.39 - - [07/Nov/2014:05:19:37 -0500] "GET /htdocs/counter/digits/i/ HTTP/1.1" 404 1019
201.245.192.253 - - [07/Nov/2014:05:19:46 -0500] "GET /ecodirectorio/files/res/pages/page_0077.swf HTTP/1.1" 304 -
201.245.192.253 - - [07/Nov/2014:05:19:46 -0500] "GET /plugins/like.php?locale=es_ES&href=http%3A%2F%2Fwww.facebook.com%2Fmsn&send=false&layout=button_count&width=450&show_faces=false&font&colorscheme=light&action=like&height=21 HTTP/1.1" 404 1312
66.249.64.47 - - [07/Nov/2014:05:19:47 -0500] "GET /htdocs/counter/digits/katt160/ HTTP/1.1" 404 1019
201.245.192.253 - - [07/Nov/2014:05:19:48 -0500] "GET /ecodirectorio/files/res/pages/page_0123.swf HTTP/1.1" 304 -
66.249.64.39 - - [07/Nov/2014:05:19:58 -0500] "GET /htdocs/gallery2/g2data/cache/derivative/2/3/234-meta.inc HTTP/1.1" 404 1019
66.249.64.163 - - [07/Nov/2014:05:20:02 -0500] "GET /BLA/resoluciones/AUTOS%202009/2222.pdf HTTP/1.1" 200 122755
66.249.64.39 - - [07/Nov/2014:05:20:08 -0500] "GET /htdocs/counter/digits/mcis/ HTTP/1.1" 404 1019
66.249.64.43 - - [07/Nov/2014:05:20:19 -0500] "GET /htdocs/counter/digits/mgold/ HTTP/1.1" 404 1019
66.249.64.39 - - [07/Nov/2014:05:20:29 -0500] "GET /htdocs/counter/digits/yllwgld/ HTTP/1.1" 404 1019
66.249.64.39 - - [07/Nov/2014:05:20:40 -0500] "GET /htdocs/counter/digits/aliasw/ HTTP/1.1" 404 1019
66.249.64.47 - - [07/Nov/2014:05:20:50 -0500] "GET /htdocs/counter/digits/web1/ HTTP/1.1" 404 1019
74.86.158.107 - - [07/Nov/2014:05:20:54 -0500] "HEAD / HTTP/1.1" 302 -
66.249.64.43 - - [07/Nov/2014:05:21:01 -0500] "GET /htdocs/gallery2/g2data/cache/derivative/2/4/248-meta.inc HTTP/1.1" 404 1019
190.158.7.219 - - [07/Nov/2014:05:21:04 -0500] "GET /forest/session.jsp?a=0.3596921672578901 HTTP/1.1" 200 4
66.249.64.163 - - [07/Nov/2014:05:21:07 -0500] "GET /BLA/resoluciones/AUTOS%202009/3548.pdf HTTP/1.1" 200 152508
66.249.64.39 - - [07/Nov/2014:05:21:12 -0500] "GET /htdocs/counter/digits/katt157/ HTTP/1.1" 404 1019
66.249.64.47 - - [07/Nov/2014:05:21:22 -0500] "GET /htdocs/counter/digits/flubber/ HTTP/1.1" 404 1019
180.76.5.63 - - [07/Nov/2014:05:21:29 -0500] "GET /BLA/resoluciones/AUTOS%202011/1723.pdf HTTP/1.1" 200 158891
66.249.64.47 - - [07/Nov/2014:05:21:33 -0500] "GET /htdocs/counter/digits/pumpkin/ HTTP/1.1" 404 1019
181.137.175.209 - - [07/Nov/2014:05:21:34 -0500] "GET /BLA/boletinlegal/js/jquery.scrollTo-min.js HTTP/1.1" 200 1150
181.137.175.209 - - [07/Nov/2014:05:21:34 -0500] "GET /BLA/boletinlegal/js/jquery.scrollShow.js HTTP/1.1" 200 4586
181.137.175.209 - - [07/Nov/2014:05:21:34 -0500] "GET /galeria/carrusel/Carrusel/jquery-ui-1.8.13.custom.min.js HTTP/1.1" 200 10800
181.137.175.209 - - [07/Nov/2014:05:21:34 -0500] "GET /BLA/boletinlegal/js/jquery.js HTTP/1.1" 200 57254
181.137.175.209 - - [07/Nov/2014:05:21:34 -0500] "GET /galeria/carrusel/Carrusel/jquery.thumbnailScroller.css HTTP/1.1" 200 2066
181.137.175.209 - - [07/Nov/2014:05:21:34 -0500] "GET /galeria/carrusel/Carrusel/jquery.thumbnailScroller.js HTTP/1.1" 200 8157
181.137.175.209 - - [07/Nov/2014:05:21:36 -0500] "GET /galeria/nivo-slider/demo/demo.html HTTP/1.1" 200 3542
181.137.175.209 - - [07/Nov/2014:05:21:37 -0500] "GET /galeria/nivo-slider/themes/default/default.css HTTP/1.1" 200 1569
181.137.175.209 - - [07/Nov/2014:05:21:37 -0500] "GET /galeria/nivo-slider/themes/orman/orman.css HTTP/1.1" 200 2152
181.137.175.209 - - [07/Nov/2014:05:21:37 -0500] "GET /galeria/nivo-slider/nivo-slider.css HTTP/1.1" 200 1507
181.137.175.209 - - [07/Nov/2014:05:21:37 -0500] "GET /galeria/nivo-slider/demo/style.css HTTP/1.1" 200 2222
181.137.175.209 - - [07/Nov/2014:05:21:37 -0500] "GET /galeria/nivo-slider/themes/pascal/pascal.css HTTP/1.1" 200 2258
181.137.175.209 - - [07/Nov/2014:05:21:37 -0500] "GET /galeria/nivo-slider/demo/images/banner-aceite3.jpg HTTP/1.1" 200 88347
181.137.175.209 - - [07/Nov/2014:05:21:37 -0500] "GET /galeria/nivo-slider/demo/images/Banner-comparendo.jpg HTTP/1.1" 200 388762
181.137.175.209 - - [07/Nov/2014:05:21:37 -0500] "GET /galeria/nivo-slider/demo/images/Banner-Ecourbanismo.jpg HTTP/1.1" 200 189838
181.137.175.209 - - [07/Nov/2014:05:21:37 -0500] "GET /galeria/nivo-slider/demo/images/porloshumedales.jpg HTTP/1.1" 200 351238
181.137.175.209 - - [07/Nov/2014:05:21:37 -0500] "GET /galeria/nivo-slider/demo/images/Tingua-azul.jpg HTTP/1.1" 200 307638
181.137.175.209 - - [07/Nov/2014:05:21:37 -0500] "GET /galeria/nivo-slider/demo/images/Banner-Caracol-Africano.jpg HTTP/1.1" 200 331986
181.137.175.209 - - [07/Nov/2014:05:21:37 -0500] "GET /galeria/nivo-slider/demo/images/banner-redes.jpg HTTP/1.1" 200 62209
181.137.175.209 - - [07/Nov/2014:05:21:37 -0500] "GET /galeria/nivo-slider/demo/images/banner-llantas2.jpg HTTP/1.1" 200 73153
181.137.175.209 - - [07/Nov/2014:05:21:37 -0500] "GET /galeria/nivo-slider/demo/images/9Signos.jpg HTTP/1.1" 200 93040
181.137.175.209 - - [07/Nov/2014:05:21:37 -0500] "GET /galeria/nivo-slider/demo/images/bannerEcolecta3.jpg HTTP/1.1" 200 280034
181.137.175.209 - - [07/Nov/2014:05:21:37 -0500] "GET /galeria/nivo-slider/demo/images/Hacienda_Molinos.jpg HTTP/1.1" 200 319171
181.137.175.209 - - [07/Nov/2014:05:21:37 -0500] "GET /galeria/nivo-slider/demo/images/banner-caballos.png HTTP/1.1" 200 389106
181.137.175.209 - - [07/Nov/2014:05:21:39 -0500] "GET /galeria/nivo-slider/demo/images/4Simple_Slider.png HTTP/1.1" 200 11722
181.137.175.209 - - [07/Nov/2014:05:21:39 -0500] "GET /galeria/nivo-slider/themes/default/loading.gif HTTP/1.1" 200 1737
181.137.175.209 - - [07/Nov/2014:05:21:40 -0500] "GET /galeria/nivo-slider/demo/scripts/jquery-1.7.1.min.js HTTP/1.1" 200 93868
181.137.175.209 - - [07/Nov/2014:05:21:40 -0500] "GET /galeria/nivo-slider/jquery.nivo.slider.pack.js HTTP/1.1" 200 11561
66.249.64.39 - - [07/Nov/2014:05:21:43 -0500] "GET /htdocs/counter/digits/wlbneo/ HTTP/1.1" 404 1019
181.137.175.209 - - [07/Nov/2014:05:21:46 -0500] "GET /galeria/nivo-slider/themes/default/arrows.png HTTP/1.1" 200 824
181.137.175.209 - - [07/Nov/2014:05:21:46 -0500] "GET /galeria/nivo-slider/themes/default/bullets.png HTTP/1.1" 200 1281
66.249.64.39 - - [07/Nov/2014:05:21:54 -0500] "GET /htdocs/counter/digits/vert/ HTTP/1.1" 404 1019
66.249.64.39 - - [07/Nov/2014:05:22:04 -0500] "GET /htdocs/counter/digits/surf/ HTTP/1.1" 404 1019
66.249.64.167 - - [07/Nov/2014:05:22:13 -0500] "GET /BLA/resoluciones/RESOLUCIONES%202010/1379.pdf HTTP/1.1" 200 352578
66.249.64.47 - - [07/Nov/2014:05:22:15 -0500] "GET /htdocs/counter/digits/stencil/ HTTP/1.1" 404 1019
180.76.5.62 - - [07/Nov/2014:05:22:23 -0500] "GET /BLA/resoluciones/RESOLUCIONES%202009/0950.pdf HTTP/1.1" 200 653344
66.249.64.47 - - [07/Nov/2014:05:22:25 -0500] "GET /htdocs/counter/digits/chocolat/ HTTP/1.1" 404 1019
66.249.64.39 - - [07/Nov/2014:05:22:36 -0500] "GET /htdocs/counter/digits/psquare/ HTTP/1.1" 404 1019
66.249.64.43 - - [07/Nov/2014:05:22:46 -0500] "GET /htdocs/gallery2/g2data/cache/derivative/2/6/264-meta.inc HTTP/1.1" 404 1019
180.76.5.169 - - [07/Nov/2014:05:22:50 -0500] "GET /BLA/resoluciones/AUTOS%202011/6184.pdf HTTP/1.1" 200 590391
66.249.64.167 - - [07/Nov/2014:05:23:17 -0500] "GET /BLA/resoluciones/RESOLUCIONES%202009/9090.pdf HTTP/1.1" 200 480481
66.249.64.171 - - [07/Nov/2014:05:23:19 -0500] "GET /BLA/resoluciones/RESOLUCIONES%202010/1649.pdf HTTP/1.1" 200 404434
201.245.192.253 - - [07/Nov/2014:05:23:44 -0500] "GET /ecodirectorio/files/res/pages/page_0068.swf HTTP/1.1" 304 -
66.249.64.167 - - [07/Nov/2014:05:24:25 -0500] "GET /BLA/resoluciones/RESOLUCIONES%202010/6278.pdf HTTP/1.1" 200 528220
66.249.64.167 - - [07/Nov/2014:05:25:31 -0500] "GET /BLA/resoluciones/RESOLUCIONES%202010/1571.pdf HTTP/1.1" 200 500547
180.76.5.193 - - [07/Nov/2014:05:25:38 -0500] "GET /BLA/resoluciones/RESOLUCIONES%202009/2049.pdf HTTP/1.1" 200 729290
74.86.158.107 - - [07/Nov/2014:05:25:54 -0500] "HEAD / HTTP/1.1" 302 -
190.158.7.219 - - [07/Nov/2014:05:26:04 -0500] "GET /forest/session.jsp?a=0.5215631348546594 HTTP/1.1" 200 4
66.249.64.171 - - [07/Nov/2014:05:26:37 -0500] "GET /BLA/resoluciones/RESOLUCIONES%202010/1246.pdf HTTP/1.1" 200 104564
190.158.7.219 - - [07/Nov/2014:05:26:42 -0500] "GET /forest/skins/gdocs-jar/css/forest.css?version=1411.041919 HTTP/1.1" 304 -
190.158.7.219 - - [07/Nov/2014:05:26:42 -0500] "GET /forest/skins/gdocs-jar/css/autocomplete.css?version=1411.041919 HTTP/1.1" 304 -
190.158.7.219 - - [07/Nov/2014:05:26:42 -0500] "GET /forest/css/escritorio.css?version=1411.041919 HTTP/1.1" 304 -
190.158.7.219 - - [07/Nov/2014:05:26:42 -0500] "GET /forest/skins/gdocs-jar/css/menu.css?version=1411.041919 HTTP/1.1" 304 -
190.158.7.219 - - [07/Nov/2014:05:26:42 -0500] "GET /forest/css/index.css?version=1411.041919 HTTP/1.1" 304 -
190.158.7.219 - - [07/Nov/2014:05:26:42 -0500] "GET /forest/usutareas.do?codTraEsc=15918406&_a=0.4693772782802852 HTTP/1.1" 200 119794
190.158.7.219 - - [07/Nov/2014:05:26:42 -0500] "GET /forest/1ibre/jscalendar/calendar-win2k-1.css?version=1411.041919 HTTP/1.1" 304 -
190.158.7.219 - - [07/Nov/2014:05:26:42 -0500] "GET /forest/skins/gdocs-jar/css/dialog.css?version=1411.041919 HTTP/1.1" 304 -
190.158.7.219 - - [07/Nov/2014:05:26:42 -0500] "GET /forest/skins/gdocs-jar/css/forms.css?version=1411.041919 HTTP/1.1" 304 -
190.158.7.219 - - [07/Nov/2014:05:26:42 -0500] "GET /forest/skins/gdocs-jar/css/forms.css HTTP/1.1" 304 -
190.158.7.219 - - [07/Nov/2014:05:26:42 -0500] "GET /forest/js/json3.js HTTP/1.1" 304 -
190.158.7.219 - - [07/Nov/2014:05:26:42 -0500] "GET /forest/skins/gdocs-jar/js/tareas.js?version=1411.041919 HTTP/1.1" 304 -
190.158.7.219 - - [07/Nov/2014:05:26:42 -0500] "GET /forest/skins/gdocs-jar/js/formsBase.js?version=1411.041919 HTTP/1.1" 304 -
190.158.7.219 - - [07/Nov/2014:05:26:42 -0500] "GET /forest/skins/gdocs-jar/js/number-functions.js?version=1411.041919 HTTP/1.1" 304 -
190.158.7.219 - - [07/Nov/2014:05:26:42 -0500] "GET /forest/skins/gdocs-jar/js/swfobject.js?version=1411.041919 HTTP/1.1" 304 -
190.158.7.219 - - [07/Nov/2014:05:26:42 -0500] "GET /forest/skins/gdocs-jar/js/graphicForm.js?version=1411.041919 HTTP/1.1" 304 -
190.158.7.219 - - [07/Nov/2014:05:26:42 -0500] "GET /forest/img/loading.gif HTTP/1.1" 304 -
190.158.7.219 - - [07/Nov/2014:05:26:42 -0500] "GET /forest/img/spacer.gif HTTP/1.1" 304 -
190.158.7.219 - - [07/Nov/2014:05:26:42 -0500] "GET /forest/skins/gdocs-jar/img/desasociarUser.gif HTTP/1.1" 304 -
190.158.7.219 - - [07/Nov/2014:05:26:42 -0500] "GET /forest/img/asociarUser.gif HTTP/1.1" 304 -
190.158.7.219 - - [07/Nov/2014:05:26:42 -0500] "GET /forest/skins/gdocs-jar/img/asociarUserOtraDependencia.gif HTTP/1.1" 304 -
190.158.7.219 - - [07/Nov/2014:05:26:42 -0500] "GET /forest/skins/gdocs-jar/img/comments.gif HTTP/1.1" 304 -
190.158.7.219 - - [07/Nov/2014:05:26:42 -0500] "GET /forest/skins/gdocs-jar/img/vertodossubprocesos.gif HTTP/1.1" 304 -
190.158.7.219 - - [07/Nov/2014:05:26:43 -0500] "GET /forest/skins/gdocs-jar/img/actividad2.gif HTTP/1.1" 304 -
190.158.7.219 - - [07/Nov/2014:05:26:43 -0500] "GET /forest/skins/gdocs-jar/img/alert.gif HTTP/1.1" 304 -
190.158.7.219 - - [07/Nov/2014:05:26:43 -0500] "GET /forest/skins/gdocs-jar/img/disk.png HTTP/1.1" 304 -
190.158.7.219 - - [07/Nov/2014:05:26:43 -0500] "GET /forest/skins/gdocs-jar/img/control-double.png HTTP/1.1" 304 -
190.158.7.219 - - [07/Nov/2014:05:26:43 -0500] "GET /forest/skins/gdocs-jar/img/close.gif HTTP/1.1" 304 -
190.158.7.219 - - [07/Nov/2014:05:26:43 -0500] "GET /forest/skins/gdocs-jar/img/okey.gif HTTP/1.1" 304 -
190.158.7.219 - - [07/Nov/2014:05:26:43 -0500] "GET /forest/skins/gdocs-jar/img/spacer.gif HTTP/1.1" 304 -
190.158.7.219 - - [07/Nov/2014:05:26:43 -0500] "GET /forest/skins/gdocs-jar/img/prev.gif HTTP/1.1" 304 -
190.158.7.219 - - [07/Nov/2014:05:26:43 -0500] "GET /forest/img/close.gif HTTP/1.1" 304 -
190.158.7.219 - - [07/Nov/2014:05:26:43 -0500] "GET /forest/img/mplogo.gif HTTP/1.1" 304 -
190.158.7.219 - - [07/Nov/2014:05:26:43 -0500] "GET /forest/img/base/bsc2_r1_c1.gif HTTP/1.1" 304 -
190.158.7.219 - - [07/Nov/2014:05:26:43 -0500] "GET /forest/img/base/bsc2_r1_c2.gif HTTP/1.1" 304 -
190.158.7.219 - - [07/Nov/2014:05:26:43 -0500] "GET /forest/img/base/bsc2_r1_c3.gif HTTP/1.1" 304 -
190.158.7.219 - - [07/Nov/2014:05:26:43 -0500] "GET /forest/1ibre/1ibre.css HTTP/1.1" 304 -
190.158.7.219 - - [07/Nov/2014:05:26:43 -0500] "GET /forest/session.jsp?a=0.9811686254106462 HTTP/1.1" 200 4
190.158.7.219 - - [07/Nov/2014:05:26:51 -0500] "GET /forest/skins/gdocs-jar/popup/popup.jsp?width=1100&height=500&title=Buscar%20documentos&uri=/forest/buscar.do%3Ftype%3Ddocumentos&name=undefined&_a=0.7153117586858571&a=0.9781206191983074 HTTP/1.1" 200 1300
190.158.7.219 - - [07/Nov/2014:05:26:52 -0500] "GET /forest/buscar.do?type=documentos HTTP/1.1" 200 18159
190.158.7.219 - - [07/Nov/2014:05:26:52 -0500] "GET /forest/buscar.do?type=documentos HTTP/1.1" 200 97145
190.158.7.219 - - [07/Nov/2014:05:26:52 -0500] "GET /forest/json.do?query=usersByDep&coddep=2013 HTTP/1.1" 200 7404
190.158.7.219 - - [07/Nov/2014:05:26:52 -0500] "GET /forest/json.do?query=usersByDep&coddep=2013 HTTP/1.1" 200 7404
190.158.7.219 - - [07/Nov/2014:05:27:30 -0500] "POST /forest/buscar.do? HTTP/1.1" 200 7290
66.249.64.171 - - [07/Nov/2014:05:27:43 -0500] "GET /BLA/resoluciones/RESOLUCIONES%202010/4483.pdf HTTP/1.1" 200 421430
201.245.192.253 - - [07/Nov/2014:05:27:49 -0500] "GET /plugins/like.php?locale=es_ES&href=http%3A%2F%2Fwww.facebook.com%2Fmsn&send=false&layout=button_count&width=450&show_faces=false&font&colorscheme=light&action=like&height=21 HTTP/1.1" 404 1312
