190.242.39.175 - - [07/Nov/2014:08:00:00 -0500] "GET /galeria/nivo-slider/demo/images/Tingua-azul.jpg HTTP/1.1" 200 307638
190.242.39.175 - - [07/Nov/2014:08:00:00 -0500] "GET /galeria/nivo-slider/demo/images/Banner-Caracol-Africano.jpg HTTP/1.1" 200 331986
190.242.39.175 - - [07/Nov/2014:08:00:00 -0500] "GET /galeria/nivo-slider/demo/images/banner-redes.jpg HTTP/1.1" 200 62209
190.242.39.175 - - [07/Nov/2014:08:00:00 -0500] "GET /galeria/nivo-slider/demo/images/9Signos.jpg HTTP/1.1" 200 93040
190.242.39.175 - - [07/Nov/2014:08:00:01 -0500] "GET /galeria/nivo-slider/demo/images/banner-caballos.png HTTP/1.1" 200 389106
190.242.39.175 - - [07/Nov/2014:08:00:01 -0500] "GET /galeria/nivo-slider/demo/images/banner-llantas2.jpg HTTP/1.1" 200 73153
190.242.39.175 - - [07/Nov/2014:08:00:02 -0500] "GET /galeria/nivo-slider/demo/images/Hacienda_Molinos.jpg HTTP/1.1" 200 319171
190.242.39.175 - - [07/Nov/2014:08:00:02 -0500] "GET /galeria/nivo-slider/demo/images/bannerEcolecta3.jpg HTTP/1.1" 200 280034
190.242.39.175 - - [07/Nov/2014:08:00:02 -0500] "GET /galeria/nivo-slider/demo/images/4Simple_Slider.png HTTP/1.1" 200 11722
66.249.64.167 - - [07/Nov/2014:08:00:02 -0500] "GET /BLA/resoluciones/RESOLUCIONES%202013/0065.pdf HTTP/1.1" 304 -
190.242.39.175 - - [07/Nov/2014:08:00:02 -0500] "GET /galeria/nivo-slider/themes/default/loading.gif HTTP/1.1" 200 1737
190.144.156.66 - - [07/Nov/2014:08:00:02 -0500] "GET /BLA/boletinlegal/js/jquery.js HTTP/1.1" 200 57254
190.144.156.66 - - [07/Nov/2014:08:00:02 -0500] "GET /BLA/boletinlegal/js/jquery.scrollTo-min.js HTTP/1.1" 200 1150
201.245.192.253 - - [07/Nov/2014:08:00:03 -0500] "POST /forest/login.do HTTP/1.1" 302 -
201.245.192.253 - - [07/Nov/2014:08:00:03 -0500] "GET /forest/css/escritorio.css?version=1411.041919 HTTP/1.1" 304 -
201.245.192.253 - - [07/Nov/2014:08:00:03 -0500] "GET /forest/skins/gdocs-jar/css/menu.css?version=1411.041919 HTTP/1.1" 304 -
201.245.192.253 - - [07/Nov/2014:08:00:03 -0500] "GET /forest/1ibre/jscalendar/calendar-win2k-1.css?version=1411.041919 HTTP/1.1" 304 -
201.245.192.253 - - [07/Nov/2014:08:00:03 -0500] "GET /forest/skins/gdocs-jar/css/forest.css?version=1411.041919 HTTP/1.1" 304 -
201.245.192.253 - - [07/Nov/2014:08:00:03 -0500] "GET /forest/skins/gdocs-jar/css/forms.css?version=1411.041919 HTTP/1.1" 304 -
201.245.192.253 - - [07/Nov/2014:08:00:03 -0500] "GET /forest/skins/gdocs-jar/css/autocomplete.css?version=1411.041919 HTTP/1.1" 304 -
201.245.192.253 - - [07/Nov/2014:08:00:03 -0500] "GET /forest/css/index.css?version=1411.041919 HTTP/1.1" 304 -
201.245.192.253 - - [07/Nov/2014:08:00:03 -0500] "GET /forest/skins/gdocs-jar/css/dialog.css?version=1411.041919 HTTP/1.1" 304 -
201.245.192.253 - - [07/Nov/2014:08:00:03 -0500] "GET /forest/img/forestIcon.gif?version=1411.041919 HTTP/1.1" 304 -
201.245.192.253 - - [07/Nov/2014:08:00:03 -0500] "GET /forest/img/forestIcon.gif?version=1411.041919 HTTP/1.1" 304 -
201.245.192.253 - - [07/Nov/2014:08:00:03 -0500] "GET /forest/index2.jsp?a=0.6183457256077519 HTTP/1.1" 200 33932
201.245.192.253 - - [07/Nov/2014:08:00:04 -0500] "GET /forest/session.jsp?a=0.07213982848362588 HTTP/1.1" 200 4
190.242.39.175 - - [07/Nov/2014:08:00:04 -0500] "GET /galeria/nivo-slider/jquery.nivo.slider.pack.js HTTP/1.1" 200 11561
201.245.192.253 - - [07/Nov/2014:08:00:06 -0500] "POST /isolucionsda/ListadoMaestroDocumentos3.asp?Accion=Consultar&Mande=Buscar&paginaactual=24 HTTP/1.1" 200 20780
190.242.39.175 - - [07/Nov/2014:08:00:06 -0500] "GET /galeria/nivo-slider/themes/default/arrows.png HTTP/1.1" 200 824
190.242.39.175 - - [07/Nov/2014:08:00:06 -0500] "GET /galeria/nivo-slider/themes/default/bullets.png HTTP/1.1" 200 1281
201.245.192.253 - - [07/Nov/2014:08:00:07 -0500] "GET /v/SGr_KN34sm4?adformat=2_9&version=3&showinfo=0&rel=0&controls=1&iv_load_policy=1 HTTP/1.1" 404 2791
186.145.162.140 - - [07/Nov/2014:08:00:07 -0500] "POST /forms/lservlet;jsessionid=ac16012b30d5ce0ddffee1064743be8a8ffe18445590.e3iSbxaKaheRe34Sa3yKbhiTahb0n6jAmljGr5XDqQLvpAe HTTP/1.1" 200 2
66.249.64.167 - - [07/Nov/2014:08:00:07 -0500] "GET /BLA/resoluciones/RESOLUCIONES%202011/3959.pdf HTTP/1.1" 304 -
66.249.64.171 - - [07/Nov/2014:08:00:12 -0500] "GET /BLA/resoluciones/RESOLUCIONES%202007/RES%202007%20801%20AL%20900/RESOLUCION%200833%20DE%202007.pdf HTTP/1.1" 304 -
186.147.66.232 - - [07/Nov/2014:07:59:24 -0500] "POST /forest/buscar.do? HTTP/1.1" 200 10866
201.245.192.253 - - [07/Nov/2014:08:00:14 -0500] "GET /isolucionsda/Jerarquia.asp?Tabla=Proceso&Form=Admon&CampoDisplay=ProcesoDisplayObjetoProceso&CampoHidden=Proceso&bSubmit=True&items=15 HTTP/1.1" 200 10591
201.245.192.253 - - [07/Nov/2014:08:00:16 -0500] "POST /isolucionsda/ListadoMaestroDocumentos3.asp?Accion=Consultar&Mande=Buscar&paginaactual=25 HTTP/1.1" 200 20334
186.29.64.165 - - [07/Nov/2014:08:00:16 -0500] "GET /isolucionsda/FrameSetGeneral.asp?Pagina=NotaMejora.asp&Accion=Nueva&ConMenu=NO HTTP/1.1" 200 6518
186.29.64.165 - - [07/Nov/2014:08:00:16 -0500] "GET /isolucionsda/Encabezado.asp?Pagina=NotaMejora.asp&Accion=Nueva&ConMenu=NO HTTP/1.1" 200 15219
186.29.64.165 - - [07/Nov/2014:08:00:16 -0500] "GET /isolucionsda/BarraTitulos.asp?Pagina=NotaMejora.asp&Accion=Nueva&ConMenu=NO HTTP/1.1" 200 6865
186.29.64.165 - - [07/Nov/2014:08:00:16 -0500] "GET /isolucionsda/BarraFavoritos.asp HTTP/1.1" 200 911
66.249.64.171 - - [07/Nov/2014:08:00:16 -0500] "GET /BLA/resoluciones/RESOLUCIONES%202002/RES%202002%20351-400/00000379.tif HTTP/1.1" 200 60218
186.29.64.165 - - [07/Nov/2014:08:00:17 -0500] "GET /isolucionsda/Session.asp?Continue=1 HTTP/1.1" 200 6196
186.29.64.165 - - [07/Nov/2014:08:00:16 -0500] "GET /isolucionsda/NotaMejora.asp?Pagina=NotaMejora.asp&Accion=Nueva&ConMenu=NO HTTP/1.1" 200 30249
66.249.64.171 - - [07/Nov/2014:08:00:18 -0500] "GET /BLA/resoluciones/RESOLUCIONES%202009/2650.pdf HTTP/1.1" 304 -
181.54.115.182 - - [07/Nov/2014:08:00:18 -0500] "GET /galeria/carrusel/Carrusel/jquery.thumbnailScroller.css HTTP/1.1" 200 2066
181.54.115.182 - - [07/Nov/2014:08:00:18 -0500] "GET /galeria/carrusel/Carrusel/jquery-ui-1.8.13.custom.min.js HTTP/1.1" 200 10800
181.54.115.182 - - [07/Nov/2014:08:00:18 -0500] "GET /galeria/carrusel/Carrusel/jquery.thumbnailScroller.js HTTP/1.1" 200 8157
181.54.115.182 - - [07/Nov/2014:08:00:19 -0500] "GET /galeria/nivo-slider/demo/demo.html HTTP/1.1" 200 3542
181.54.115.182 - - [07/Nov/2014:08:00:20 -0500] "GET /galeria/nivo-slider/themes/default/default.css HTTP/1.1" 200 1569
181.54.115.182 - - [07/Nov/2014:08:00:20 -0500] "GET /galeria/nivo-slider/themes/orman/orman.css HTTP/1.1" 200 2152
181.54.115.182 - - [07/Nov/2014:08:00:20 -0500] "GET /galeria/nivo-slider/themes/pascal/pascal.css HTTP/1.1" 200 2258
181.54.115.182 - - [07/Nov/2014:08:00:20 -0500] "GET /galeria/nivo-slider/nivo-slider.css HTTP/1.1" 200 1507
181.54.115.182 - - [07/Nov/2014:08:00:21 -0500] "GET /galeria/nivo-slider/demo/style.css HTTP/1.1" 200 2222
181.54.115.182 - - [07/Nov/2014:08:00:21 -0500] "GET /galeria/nivo-slider/demo/scripts/jquery-1.7.1.min.js HTTP/1.1" 200 93868
181.54.115.182 - - [07/Nov/2014:08:00:21 -0500] "GET /galeria/nivo-slider/jquery.nivo.slider.pack.js HTTP/1.1" 200 11561
181.54.115.182 - - [07/Nov/2014:08:00:21 -0500] "GET /galeria/nivo-slider/demo/images/Banner-comparendo.jpg HTTP/1.1" 200 388762
181.54.115.182 - - [07/Nov/2014:08:00:21 -0500] "GET /galeria/nivo-slider/demo/images/Banner-Ecourbanismo.jpg HTTP/1.1" 200 189838
181.54.115.182 - - [07/Nov/2014:08:00:21 -0500] "GET /galeria/nivo-slider/demo/images/porloshumedales.jpg HTTP/1.1" 200 351238
181.54.115.182 - - [07/Nov/2014:08:00:21 -0500] "GET /galeria/nivo-slider/demo/images/banner-aceite3.jpg HTTP/1.1" 200 88347
181.54.115.182 - - [07/Nov/2014:08:00:21 -0500] "GET /galeria/nivo-slider/demo/images/Tingua-azul.jpg HTTP/1.1" 200 307638
66.249.64.163 - - [07/Nov/2014:08:00:22 -0500] "GET /BLA/resoluciones/AUTOS%202011/3084.pdf HTTP/1.1" 200 198887
190.216.133.36 - - [07/Nov/2014:08:00:22 -0500] "GET /BLA/resoluciones/AUTOS%202012/3098.pdf HTTP/1.1" 200 2046946
181.54.115.182 - - [07/Nov/2014:08:00:22 -0500] "GET /galeria/nivo-slider/demo/images/Banner-Caracol-Africano.jpg HTTP/1.1" 200 331986
181.54.115.182 - - [07/Nov/2014:08:00:22 -0500] "GET /galeria/nivo-slider/demo/images/banner-redes.jpg HTTP/1.1" 200 62209
181.54.115.182 - - [07/Nov/2014:08:00:22 -0500] "GET /galeria/nivo-slider/demo/images/4Simple_Slider.png HTTP/1.1" 200 11722
181.54.115.182 - - [07/Nov/2014:08:00:23 -0500] "GET /galeria/nivo-slider/themes/default/loading.gif HTTP/1.1" 200 1737
181.54.115.182 - - [07/Nov/2014:08:00:23 -0500] "GET /galeria/nivo-slider/demo/images/9Signos.jpg HTTP/1.1" 200 93040
181.54.115.182 - - [07/Nov/2014:08:00:23 -0500] "GET /galeria/nivo-slider/demo/images/banner-llantas2.jpg HTTP/1.1" 200 73153
181.54.115.182 - - [07/Nov/2014:08:00:23 -0500] "GET /galeria/nivo-slider/demo/images/banner-caballos.png HTTP/1.1" 200 389106
201.245.192.253 - - [07/Nov/2014:08:00:23 -0500] "POST /isolucionsda/Jerarquia.asp HTTP/1.1" 200 8104
201.245.192.253 - - [07/Nov/2014:08:00:23 -0500] "POST /isolucionsda/ListadoMaestroDocumentos3.asp HTTP/1.1" 200 12296
181.54.115.182 - - [07/Nov/2014:08:00:24 -0500] "GET /galeria/nivo-slider/demo/images/Hacienda_Molinos.jpg HTTP/1.1" 200 319171
181.54.115.182 - - [07/Nov/2014:08:00:24 -0500] "GET /galeria/nivo-slider/demo/images/bannerEcolecta3.jpg HTTP/1.1" 200 280034
201.245.192.253 - - [07/Nov/2014:08:00:26 -0500] "POST /isolucionsda/ListadoMaestroDocumentos3.asp?Accion=Consultar&Mande=Buscar&paginaactual=26 HTTP/1.1" 200 21018
181.54.115.182 - - [07/Nov/2014:08:00:26 -0500] "GET /galeria/nivo-slider/themes/default/arrows.png HTTP/1.1" 200 824
181.54.115.182 - - [07/Nov/2014:08:00:26 -0500] "GET /galeria/nivo-slider/themes/default/bullets.png HTTP/1.1" 200 1281
66.249.64.167 - - [07/Nov/2014:08:00:28 -0500] "GET /BLA/resoluciones/RESOLUCIONES%202010/6705.pdf HTTP/1.1" 304 -
181.54.115.182 - - [07/Nov/2014:08:00:32 -0500] "GET /videos/Spot_CambioClimatico.flv HTTP/1.1" 200 4371917
201.245.192.253 - - [07/Nov/2014:08:00:33 -0500] "GET /plugins/like.php?action=recommend&app_id=157615614311925&channel=http%3A%2F%2Fstatic.ak.facebook.com%2Fconnect%2Fxd_arbiter%2FQjK2hWv6uak.js%3Fversion%3D41%23cb%3Df389c542864afec%26domain%3Dresultadodelaloteria.com%26origin%3Dhttp%253A%252F%252Fresultadodelaloteria.com%252Ffa757c28b9eb9f%26relation%3Dparent.parent&href=http%3A%2F%2Fresultadodelaloteria.com%2Fcolombia%2Fastro-sol&layout=box_count&locale=es_ES&sdk=joey&send=false&show_faces=false&width=122 HTTP/1.1" 404 1304
201.245.192.253 - - [07/Nov/2014:08:00:35 -0500] "GET /v/hEEqXzHo_AI?adformat=2_9&version=3&showinfo=0&rel=0&controls=1&iv_load_policy=1 HTTP/1.1" 404 2791
201.245.192.253 - - [07/Nov/2014:08:00:35 -0500] "GET /v/CYJsKjK2WgU?adformat=2_9&version=3&showinfo=0&rel=0&controls=1&iv_load_policy=1 HTTP/1.1" 404 1367
186.29.64.165 - - [07/Nov/2014:08:00:36 -0500] "GET /isolucionsda/Jerarquia.asp?Tabla=Proceso&Form=frmNotamej&CampoDisplay=CodProcesoDisplayObjetoProceso&CampoHidden=CodProceso&bSubmit=False&items= HTTP/1.1" 200 10471
186.145.162.140 - - [07/Nov/2014:08:00:36 -0500] "POST /forms/lservlet;jsessionid=ac16012b30d5ce0ddffee1064743be8a8ffe18445590.e3iSbxaKaheRe34Sa3yKbhiTahb0n6jAmljGr5XDqQLvpAe HTTP/1.1" 200 52
201.245.192.253 - - [07/Nov/2014:08:00:36 -0500] "GET /plugins/like.php?locale=es_ES&href=http%3A%2F%2Fwww.facebook.com%2Fmsn&send=false&layout=button_count&width=450&show_faces=false&font&colorscheme=light&action=like&height=21 HTTP/1.1" 404 1362
201.245.192.253 - - [07/Nov/2014:08:00:38 -0500] "POST /isolucionsda/ListadoMaestroDocumentos3.asp HTTP/1.1" 200 16719
66.249.64.163 - - [07/Nov/2014:08:00:39 -0500] "GET /BLA/resoluciones/RESOLUCIONES%202009/4087.pdf HTTP/1.1" 304 -
201.245.192.253 - - [07/Nov/2014:08:00:39 -0500] "POST /isolucionsda/ListadoMaestroDocumentos3.asp?Accion=Consultar&Mande=Buscar&paginaactual=27 HTTP/1.1" 200 21078
201.245.192.253 - - [07/Nov/2014:08:00:39 -0500] "GET /v/SGr_KN34sm4?adformat=2_9&version=3&showinfo=0&rel=0&controls=1&iv_load_policy=1 HTTP/1.1" 404 2773
186.29.64.165 - - [07/Nov/2014:08:00:39 -0500] "POST /isolucionsda/Jerarquia.asp HTTP/1.1" 200 7940
186.147.66.232 - - [07/Nov/2014:08:00:19 -0500] "POST /forest/buscar.do? HTTP/1.1" 200 17032
186.145.162.140 - - [07/Nov/2014:08:00:45 -0500] "POST /forms/lservlet;jsessionid=ac16012b30d5ce0ddffee1064743be8a8ffe18445590.e3iSbxaKaheRe34Sa3yKbhiTahb0n6jAmljGr5XDqQLvpAe HTTP/1.1" 200 30
186.145.162.140 - - [07/Nov/2014:08:00:45 -0500] "POST /forms/lservlet;jsessionid=ac16012b30d5ce0ddffee1064743be8a8ffe18445590.e3iSbxaKaheRe34Sa3yKbhiTahb0n6jAmljGr5XDqQLvpAe HTTP/1.1" 200 8
186.145.162.140 - - [07/Nov/2014:08:00:45 -0500] "POST /forms/lservlet;jsessionid=ac16012b30d5ce0ddffee1064743be8a8ffe18445590.e3iSbxaKaheRe34Sa3yKbhiTahb0n6jAmljGr5XDqQLvpAe HTTP/1.1" 200 2
186.29.64.165 - - [07/Nov/2014:08:00:45 -0500] "POST /isolucionsda/NotaMejora.asp HTTP/1.1" 200 30403
201.245.192.253 - - [07/Nov/2014:08:00:47 -0500] "GET /isolucionsda/Jerarquia.asp?Tabla=Proceso&Form=Admon&CampoDisplay=ProcesoDisplayObjetoProceso&CampoHidden=Proceso&bSubmit=True&items=12 HTTP/1.1" 200 10591
201.245.192.253 - - [07/Nov/2014:08:00:48 -0500] "POST /isolucionsda/ListadoMaestroDocumentos3.asp?Accion=Consultar&Mande=Buscar&paginaactual=28 HTTP/1.1" 200 21387
186.145.162.140 - - [07/Nov/2014:08:00:48 -0500] "POST /forms/lservlet;jsessionid=ac16012b30d5ce0ddffee1064743be8a8ffe18445590.e3iSbxaKaheRe34Sa3yKbhiTahb0n6jAmljGr5XDqQLvpAe HTTP/1.1" 200 24
186.145.162.140 - - [07/Nov/2014:08:00:48 -0500] "POST /forms/lservlet;jsessionid=ac16012b30d5ce0ddffee1064743be8a8ffe18445590.e3iSbxaKaheRe34Sa3yKbhiTahb0n6jAmljGr5XDqQLvpAe HTTP/1.1" 200 276
186.145.162.140 - - [07/Nov/2014:08:00:49 -0500] "POST /forms/lservlet;jsessionid=ac16012b30d5ce0ddffee1064743be8a8ffe18445590.e3iSbxaKaheRe34Sa3yKbhiTahb0n6jAmljGr5XDqQLvpAe HTTP/1.1" 200 20
66.249.64.163 - - [07/Nov/2014:08:00:49 -0500] "GET /BLA/resoluciones/RESOLUCIONES%202007/RES%202007%20501%20AL%20600/RESOLUCION%200532%20DE%202007.pdf HTTP/1.1" 304 -
186.145.162.140 - - [07/Nov/2014:08:00:51 -0500] "POST /forms/lservlet;jsessionid=ac16012b30d5ce0ddffee1064743be8a8ffe18445590.e3iSbxaKaheRe34Sa3yKbhiTahb0n6jAmljGr5XDqQLvpAe HTTP/1.1" 200 52
190.216.133.36 - - [07/Nov/2014:08:00:51 -0500] "GET /BLA/resoluciones/AUTOS%202012/3097.pdf HTTP/1.1" 200 2212487
186.145.162.140 - - [07/Nov/2014:08:00:52 -0500] "POST /forms/lservlet;jsessionid=ac16012b30d5ce0ddffee1064743be8a8ffe18445590.e3iSbxaKaheRe34Sa3yKbhiTahb0n6jAmljGr5XDqQLvpAe HTTP/1.1" 200 30
186.145.162.140 - - [07/Nov/2014:08:00:52 -0500] "POST /forms/lservlet;jsessionid=ac16012b30d5ce0ddffee1064743be8a8ffe18445590.e3iSbxaKaheRe34Sa3yKbhiTahb0n6jAmljGr5XDqQLvpAe HTTP/1.1" 200 8
186.145.162.140 - - [07/Nov/2014:08:00:52 -0500] "POST /forms/lservlet;jsessionid=ac16012b30d5ce0ddffee1064743be8a8ffe18445590.e3iSbxaKaheRe34Sa3yKbhiTahb0n6jAmljGr5XDqQLvpAe HTTP/1.1" 200 2
74.86.158.107 - - [07/Nov/2014:08:00:54 -0500] "HEAD / HTTP/1.1" 302 -
201.245.192.253 - - [07/Nov/2014:08:00:54 -0500] "POST /isolucionsda/ListadoMaestroDocumentos3.asp?Accion=Consultar&Mande=Buscar&paginaactual=29 HTTP/1.1" 200 21201
186.147.66.232 - - [07/Nov/2014:08:00:54 -0500] "GET /forest/skins/gdocs-jar/popup/popup.jsp?width=850&height=380&title=Informaci%F3n%20del%20radicado&uri=/forest/system/document.jsp%3FcodDoc%3D1616088&name=undefined&_a=0.17361235129646957&a=0.43845335207879543 HTTP/1.1" 200 1315
186.147.66.232 - - [07/Nov/2014:08:00:54 -0500] "GET /forest/system/document.jsp?codDoc=1616088 HTTP/1.1" 200 22217
186.147.66.232 - - [07/Nov/2014:08:00:54 -0500] "GET /forest/system/document.jsp?codDoc=1616088 HTTP/1.1" 200 22217
201.245.192.253 - - [07/Nov/2014:08:00:55 -0500] "GET /plugins/like.php?locale=es_ES&href=http%3A%2F%2Fwww.facebook.com%2Fmsn&send=false&layout=button_count&width=450&show_faces=false&font&colorscheme=light&action=like&height=21 HTTP/1.1" 404 1312
186.147.66.232 - - [07/Nov/2014:08:00:55 -0500] "GET /forest/img/icons/pdf.gif HTTP/1.1" 304 -
186.145.162.140 - - [07/Nov/2014:08:00:56 -0500] "POST /forms/lservlet;jsessionid=ac16012b30d5ce0ddffee1064743be8a8ffe18445590.e3iSbxaKaheRe34Sa3yKbhiTahb0n6jAmljGr5XDqQLvpAe HTTP/1.1" 200 24
186.145.162.140 - - [07/Nov/2014:08:00:56 -0500] "POST /forms/lservlet;jsessionid=ac16012b30d5ce0ddffee1064743be8a8ffe18445590.e3iSbxaKaheRe34Sa3yKbhiTahb0n6jAmljGr5XDqQLvpAe HTTP/1.1" 200 14
186.147.66.232 - - [07/Nov/2014:08:00:57 -0500] "GET /forest/usudocumentos.do?p7z=1616088&a=0.7729838131926954&a=0.780970751773566 HTTP/1.1" 200 2526
186.147.66.232 - - [07/Nov/2014:08:00:58 -0500] "GET /forest/skins/gdocs-jar/img/contraido.gif HTTP/1.1" 304 -
186.145.162.140 - - [07/Nov/2014:08:00:57 -0500] "POST /forms/lservlet;jsessionid=ac16012b30d5ce0ddffee1064743be8a8ffe18445590.e3iSbxaKaheRe34Sa3yKbhiTahb0n6jAmljGr5XDqQLvpAe HTTP/1.1" 200 14
186.145.162.140 - - [07/Nov/2014:08:00:59 -0500] "POST /forms/lservlet;jsessionid=ac16012b30d5ce0ddffee1064743be8a8ffe18445590.e3iSbxaKaheRe34Sa3yKbhiTahb0n6jAmljGr5XDqQLvpAe HTTP/1.1" 200 4503
186.145.162.140 - - [07/Nov/2014:08:00:59 -0500] "POST /forms/lservlet;jsessionid=ac16012b30d5ce0ddffee1064743be8a8ffe18445590.e3iSbxaKaheRe34Sa3yKbhiTahb0n6jAmljGr5XDqQLvpAe HTTP/1.1" 200 20
66.249.64.163 - - [07/Nov/2014:08:01:00 -0500] "GET /BLA/resoluciones/AUTOS%202007/0825.pdf HTTP/1.1" 304 -
201.245.192.253 - - [07/Nov/2014:08:01:01 -0500] "POST /isolucionsda/ListadoMaestroDocumentos3.asp?Accion=Consultar&Mande=Buscar&paginaactual=30 HTTP/1.1" 200 21249
201.245.192.253 - - [07/Nov/2014:08:01:04 -0500] "GET /fr/u.php?t=2592000&p=443937282305007&m=OGQzMjIyZmIxNDZkMzI0YTc1OGUyNDAyZjc1YjZmOTc HTTP/1.1" 404 1316
186.145.162.140 - - [07/Nov/2014:08:01:05 -0500] "POST /forms/lservlet;jsessionid=ac16012b30d5ce0ddffee1064743be8a8ffe18445590.e3iSbxaKaheRe34Sa3yKbhiTahb0n6jAmljGr5XDqQLvpAe HTTP/1.1" 200 2
186.145.162.140 - - [07/Nov/2014:08:01:05 -0500] "POST /forms/lservlet;jsessionid=ac16012b30d5ce0ddffee1064743be8a8ffe18445590.e3iSbxaKaheRe34Sa3yKbhiTahb0n6jAmljGr5XDqQLvpAe HTTP/1.1" 200 2777
186.145.162.140 - - [07/Nov/2014:08:01:06 -0500] "POST /forms/lservlet;jsessionid=ac16012b30d5ce0ddffee1064743be8a8ffe18445590.e3iSbxaKaheRe34Sa3yKbhiTahb0n6jAmljGr5XDqQLvpAe HTTP/1.1" 200 2
186.29.64.165 - - [07/Nov/2014:08:01:07 -0500] "GET /isolucionsda/BuscarNormaNumeral.asp?Form=frmNotamej&CampoVisible=NormaNumeral&CampoOculto=txtNormaNumeral HTTP/1.1" 200 36967
186.145.162.140 - - [07/Nov/2014:08:01:08 -0500] "POST /forms/lservlet;jsessionid=ac16012b30d5ce0ddffee1064743be8a8ffe18445590.e3iSbxaKaheRe34Sa3yKbhiTahb0n6jAmljGr5XDqQLvpAe HTTP/1.1" 200 2
186.145.162.140 - - [07/Nov/2014:08:01:08 -0500] "POST /forms/lservlet;jsessionid=ac16012b30d5ce0ddffee1064743be8a8ffe18445590.e3iSbxaKaheRe34Sa3yKbhiTahb0n6jAmljGr5XDqQLvpAe HTTP/1.1" 200 2977
186.145.162.140 - - [07/Nov/2014:08:01:09 -0500] "POST /forms/lservlet;jsessionid=ac16012b30d5ce0ddffee1064743be8a8ffe18445590.e3iSbxaKaheRe34Sa3yKbhiTahb0n6jAmljGr5XDqQLvpAe HTTP/1.1" 200 2
201.245.192.253 - - [07/Nov/2014:08:01:10 -0500] "POST /isolucionsda/Jerarquia.asp HTTP/1.1" 200 8112
201.245.192.253 - - [07/Nov/2014:08:01:10 -0500] "POST /isolucionsda/ListadoMaestroDocumentos3.asp HTTP/1.1" 200 16665
66.249.64.163 - - [07/Nov/2014:08:01:10 -0500] "GET /BLA/resoluciones/RESOLUCIONES%202009/8688.pdf HTTP/1.1" 304 -
201.245.192.253 - - [07/Nov/2014:08:01:11 -0500] "GET /v/SGr_KN34sm4?adformat=2_9&version=3&showinfo=0&rel=0&controls=1&iv_load_policy=1 HTTP/1.1" 404 2775
186.145.162.140 - - [07/Nov/2014:08:01:12 -0500] "POST /forms/lservlet;jsessionid=ac16012b30d5ce0ddffee1064743be8a8ffe18445590.e3iSbxaKaheRe34Sa3yKbhiTahb0n6jAmljGr5XDqQLvpAe HTTP/1.1" 200 2
186.145.162.140 - - [07/Nov/2014:08:01:12 -0500] "POST /forms/lservlet;jsessionid=ac16012b30d5ce0ddffee1064743be8a8ffe18445590.e3iSbxaKaheRe34Sa3yKbhiTahb0n6jAmljGr5XDqQLvpAe HTTP/1.1" 200 3868
186.145.162.140 - - [07/Nov/2014:08:01:13 -0500] "POST /forms/lservlet;jsessionid=ac16012b30d5ce0ddffee1064743be8a8ffe18445590.e3iSbxaKaheRe34Sa3yKbhiTahb0n6jAmljGr5XDqQLvpAe HTTP/1.1" 200 2
191.95.243.27 - - [07/Nov/2014:08:01:14 -0500] "GET /galeria/nivo-slider/demo/demo.html HTTP/1.1" 200 3542
186.145.162.140 - - [07/Nov/2014:08:01:15 -0500] "POST /forms/lservlet;jsessionid=ac16012b30d5ce0ddffee1064743be8a8ffe18445590.e3iSbxaKaheRe34Sa3yKbhiTahb0n6jAmljGr5XDqQLvpAe HTTP/1.1" 200 2
191.95.243.27 - - [07/Nov/2014:08:01:15 -0500] "GET /galeria/nivo-slider/demo/images/Banner-comparendo.jpg HTTP/1.1" 200 388762
191.95.243.27 - - [07/Nov/2014:08:01:15 -0500] "GET /galeria/nivo-slider/demo/images/Banner-Ecourbanismo.jpg HTTP/1.1" 304 -
191.95.243.27 - - [07/Nov/2014:08:01:15 -0500] "GET /galeria/nivo-slider/demo/images/porloshumedales.jpg HTTP/1.1" 304 -
186.145.162.140 - - [07/Nov/2014:08:01:15 -0500] "POST /forms/lservlet;jsessionid=ac16012b30d5ce0ddffee1064743be8a8ffe18445590.e3iSbxaKaheRe34Sa3yKbhiTahb0n6jAmljGr5XDqQLvpAe HTTP/1.1" 200 3336
191.95.243.27 - - [07/Nov/2014:08:01:15 -0500] "GET /galeria/nivo-slider/demo/images/banner-aceite3.jpg HTTP/1.1" 304 -
186.145.162.140 - - [07/Nov/2014:08:01:15 -0500] "POST /forms/lservlet;jsessionid=ac16012b30d5ce0ddffee1064743be8a8ffe18445590.e3iSbxaKaheRe34Sa3yKbhiTahb0n6jAmljGr5XDqQLvpAe HTTP/1.1" 200 2
191.95.243.27 - - [07/Nov/2014:08:01:16 -0500] "GET /galeria/nivo-slider/demo/images/banner-redes.jpg HTTP/1.1" 304 -
186.145.162.140 - - [07/Nov/2014:08:01:16 -0500] "POST /forms/lservlet;jsessionid=ac16012b30d5ce0ddffee1064743be8a8ffe18445590.e3iSbxaKaheRe34Sa3yKbhiTahb0n6jAmljGr5XDqQLvpAe HTTP/1.1" 200 2
186.145.162.140 - - [07/Nov/2014:08:01:16 -0500] "POST /forms/lservlet;jsessionid=ac16012b30d5ce0ddffee1064743be8a8ffe18445590.e3iSbxaKaheRe34Sa3yKbhiTahb0n6jAmljGr5XDqQLvpAe HTTP/1.1" 200 3546
186.145.162.140 - - [07/Nov/2014:08:01:17 -0500] "POST /forms/lservlet;jsessionid=ac16012b30d5ce0ddffee1064743be8a8ffe18445590.e3iSbxaKaheRe34Sa3yKbhiTahb0n6jAmljGr5XDqQLvpAe HTTP/1.1" 200 2
201.245.192.253 - - [07/Nov/2014:08:01:18 -0500] "POST /isolucionsda/ListadoMaestroDocumentos3.asp?Accion=Consultar&Mande=Buscar&paginaactual=31 HTTP/1.1" 200 20552
66.249.64.163 - - [07/Nov/2014:08:01:21 -0500] "GET /BLA/resoluciones/AUTOS%202011/4859.pdf HTTP/1.1" 200 171539
186.145.162.140 - - [07/Nov/2014:08:01:21 -0500] "POST /forms/lservlet;jsessionid=ac16012b30d5ce0ddffee1064743be8a8ffe18445590.e3iSbxaKaheRe34Sa3yKbhiTahb0n6jAmljGr5XDqQLvpAe HTTP/1.1" 200 2
186.145.162.140 - - [07/Nov/2014:08:01:22 -0500] "POST /forms/lservlet;jsessionid=ac16012b30d5ce0ddffee1064743be8a8ffe18445590.e3iSbxaKaheRe34Sa3yKbhiTahb0n6jAmljGr5XDqQLvpAe HTTP/1.1" 200 3975
186.145.162.140 - - [07/Nov/2014:08:01:22 -0500] "POST /forms/lservlet;jsessionid=ac16012b30d5ce0ddffee1064743be8a8ffe18445590.e3iSbxaKaheRe34Sa3yKbhiTahb0n6jAmljGr5XDqQLvpAe HTTP/1.1" 200 2
186.145.162.140 - - [07/Nov/2014:08:01:23 -0500] "POST /forms/lservlet;jsessionid=ac16012b30d5ce0ddffee1064743be8a8ffe18445590.e3iSbxaKaheRe34Sa3yKbhiTahb0n6jAmljGr5XDqQLvpAe HTTP/1.1" 200 2
186.145.162.140 - - [07/Nov/2014:08:01:23 -0500] "POST /forms/lservlet;jsessionid=ac16012b30d5ce0ddffee1064743be8a8ffe18445590.e3iSbxaKaheRe34Sa3yKbhiTahb0n6jAmljGr5XDqQLvpAe HTTP/1.1" 200 3182
186.145.162.140 - - [07/Nov/2014:08:01:23 -0500] "POST /forms/lservlet;jsessionid=ac16012b30d5ce0ddffee1064743be8a8ffe18445590.e3iSbxaKaheRe34Sa3yKbhiTahb0n6jAmljGr5XDqQLvpAe HTTP/1.1" 200 2
201.245.192.253 - - [07/Nov/2014:08:01:25 -0500] "GET /forest/img/dtree/visor/pdf.png HTTP/1.1" 304 -
186.145.162.140 - - [07/Nov/2014:08:01:26 -0500] "POST /forms/lservlet;jsessionid=ac16012b30d5ce0ddffee1064743be8a8ffe18445590.e3iSbxaKaheRe34Sa3yKbhiTahb0n6jAmljGr5XDqQLvpAe HTTP/1.1" 200 2
186.145.162.140 - - [07/Nov/2014:08:01:26 -0500] "POST /forms/lservlet;jsessionid=ac16012b30d5ce0ddffee1064743be8a8ffe18445590.e3iSbxaKaheRe34Sa3yKbhiTahb0n6jAmljGr5XDqQLvpAe HTTP/1.1" 200 3222
186.145.162.140 - - [07/Nov/2014:08:01:27 -0500] "POST /forms/lservlet;jsessionid=ac16012b30d5ce0ddffee1064743be8a8ffe18445590.e3iSbxaKaheRe34Sa3yKbhiTahb0n6jAmljGr5XDqQLvpAe HTTP/1.1" 200 2
201.245.192.253 - - [07/Nov/2014:08:01:27 -0500] "POST /isolucionsda/ListadoMaestroDocumentos3.asp?Accion=Consultar&Mande=Buscar&paginaactual=32 HTTP/1.1" 200 20464
66.249.64.163 - - [07/Nov/2014:08:01:28 -0500] "GET /BLA/resoluciones/RESOLUCIONES%202013/0698.pdf HTTP/1.1" 200 491452
201.245.192.253 - - [07/Nov/2014:08:01:28 -0500] "POST /isolucionsda/ListadoMaestroDocumentos3.asp HTTP/1.1" 200 16602
66.249.64.171 - - [07/Nov/2014:08:01:31 -0500] "GET /BLA/resoluciones/RESOLUCIONES%202007/RES%202007%203001%20AL%203100/RESOLUCION%203053%20DE%202007.pdf HTTP/1.1" 304 -
201.245.192.253 - - [07/Nov/2014:08:01:32 -0500] "POST /isolucionsda/ListadoMaestroDocumentos3.asp?Accion=Consultar&Mande=Buscar&paginaactual=33 HTTP/1.1" 200 20328
186.147.66.232 - - [07/Nov/2014:08:01:16 -0500] "GET /forest/documentos/1616088/2013IE027360.p7z:claro/Concepto%20Tecnico.doc HTTP/1.1" 200 9934336
186.29.64.165 - - [07/Nov/2014:08:01:36 -0500] "GET /isolucionsda/BuscarUsuarios.asp?Tabla=Usuario&Form=frmNotamej&CampoHidden=EnviarA&CampoDisplay=NomEnviarA&items=&primeravez=true&ListaSucursales=1 HTTP/1.1" 200 17137
186.29.64.165 - - [07/Nov/2014:08:01:39 -0500] "POST /isolucionsda/BuscarUsuarios.asp HTTP/1.1" 200 16753
186.145.162.140 - - [07/Nov/2014:08:01:41 -0500] "POST /forms/lservlet;jsessionid=ac16012b30d5ce0ddffee1064743be8a8ffe18445590.e3iSbxaKaheRe34Sa3yKbhiTahb0n6jAmljGr5XDqQLvpAe HTTP/1.1" 200 2
201.245.192.253 - - [07/Nov/2014:08:01:41 -0500] "POST /isolucionsda/ListadoMaestroDocumentos3.asp?Accion=Consultar&Mande=Buscar&paginaactual=2 HTTP/1.1" 200 16635
186.145.162.140 - - [07/Nov/2014:08:01:41 -0500] "POST /forms/lservlet;jsessionid=ac16012b30d5ce0ddffee1064743be8a8ffe18445590.e3iSbxaKaheRe34Sa3yKbhiTahb0n6jAmljGr5XDqQLvpAe HTTP/1.1" 200 2482
186.145.162.140 - - [07/Nov/2014:08:01:42 -0500] "POST /forms/lservlet;jsessionid=ac16012b30d5ce0ddffee1064743be8a8ffe18445590.e3iSbxaKaheRe34Sa3yKbhiTahb0n6jAmljGr5XDqQLvpAe HTTP/1.1" 200 2
66.249.64.171 - - [07/Nov/2014:08:01:42 -0500] "GET /BLA/resoluciones/RESOLUCIONES%202010/1558.pdf HTTP/1.1" 304 -
186.145.162.140 - - [07/Nov/2014:08:01:43 -0500] "POST /forms/lservlet;jsessionid=ac16012b30d5ce0ddffee1064743be8a8ffe18445590.e3iSbxaKaheRe34Sa3yKbhiTahb0n6jAmljGr5XDqQLvpAe HTTP/1.1" 200 2
201.245.192.253 - - [07/Nov/2014:08:01:44 -0500] "POST /isolucionsda/ListadoMaestroDocumentos3.asp?Accion=Consultar&Mande=Buscar&paginaactual=34 HTTP/1.1" 200 20432
201.245.192.253 - - [07/Nov/2014:08:01:44 -0500] "GET /v/SGr_KN34sm4?adformat=2_9&version=3&showinfo=0&rel=0&controls=1&iv_load_policy=1 HTTP/1.1" 404 1121
186.145.162.140 - - [07/Nov/2014:08:01:44 -0500] "POST /forms/lservlet;jsessionid=ac16012b30d5ce0ddffee1064743be8a8ffe18445590.e3iSbxaKaheRe34Sa3yKbhiTahb0n6jAmljGr5XDqQLvpAe HTTP/1.1" 200 3219
186.145.162.140 - - [07/Nov/2014:08:01:45 -0500] "POST /forms/lservlet;jsessionid=ac16012b30d5ce0ddffee1064743be8a8ffe18445590.e3iSbxaKaheRe34Sa3yKbhiTahb0n6jAmljGr5XDqQLvpAe HTTP/1.1" 200 2
186.145.162.140 - - [07/Nov/2014:08:01:46 -0500] "POST /forms/lservlet;jsessionid=ac16012b30d5ce0ddffee1064743be8a8ffe18445590.e3iSbxaKaheRe34Sa3yKbhiTahb0n6jAmljGr5XDqQLvpAe HTTP/1.1" 200 2
186.145.162.140 - - [07/Nov/2014:08:01:46 -0500] "POST /forms/lservlet;jsessionid=ac16012b30d5ce0ddffee1064743be8a8ffe18445590.e3iSbxaKaheRe34Sa3yKbhiTahb0n6jAmljGr5XDqQLvpAe HTTP/1.1" 200 2242
186.145.162.140 - - [07/Nov/2014:08:01:46 -0500] "POST /forms/lservlet;jsessionid=ac16012b30d5ce0ddffee1064743be8a8ffe18445590.e3iSbxaKaheRe34Sa3yKbhiTahb0n6jAmljGr5XDqQLvpAe HTTP/1.1" 200 2
186.145.162.140 - - [07/Nov/2014:08:01:48 -0500] "POST /forms/lservlet;jsessionid=ac16012b30d5ce0ddffee1064743be8a8ffe18445590.e3iSbxaKaheRe34Sa3yKbhiTahb0n6jAmljGr5XDqQLvpAe HTTP/1.1" 200 2
186.145.162.140 - - [07/Nov/2014:08:01:48 -0500] "POST /forms/lservlet;jsessionid=ac16012b30d5ce0ddffee1064743be8a8ffe18445590.e3iSbxaKaheRe34Sa3yKbhiTahb0n6jAmljGr5XDqQLvpAe HTTP/1.1" 200 3373
186.145.162.140 - - [07/Nov/2014:08:01:49 -0500] "POST /forms/lservlet;jsessionid=ac16012b30d5ce0ddffee1064743be8a8ffe18445590.e3iSbxaKaheRe34Sa3yKbhiTahb0n6jAmljGr5XDqQLvpAe HTTP/1.1" 200 2
186.145.162.140 - - [07/Nov/2014:08:01:50 -0500] "POST /forms/lservlet;jsessionid=ac16012b30d5ce0ddffee1064743be8a8ffe18445590.e3iSbxaKaheRe34Sa3yKbhiTahb0n6jAmljGr5XDqQLvpAe HTTP/1.1" 200 2
186.145.162.140 - - [07/Nov/2014:08:01:50 -0500] "POST /forms/lservlet;jsessionid=ac16012b30d5ce0ddffee1064743be8a8ffe18445590.e3iSbxaKaheRe34Sa3yKbhiTahb0n6jAmljGr5XDqQLvpAe HTTP/1.1" 200 3523
186.29.64.165 - - [07/Nov/2014:08:01:50 -0500] "GET /isolucionsda/CalendarioDisplayHidden.asp?Form=frmNotamej&Campo=FechaNotaMejora&Campo1=FechaNotaMejoraDisplay&MONTH=11&YEAR=2014 HTTP/1.1" 200 16158
186.145.162.140 - - [07/Nov/2014:08:01:51 -0500] "POST /forms/lservlet;jsessionid=ac16012b30d5ce0ddffee1064743be8a8ffe18445590.e3iSbxaKaheRe34Sa3yKbhiTahb0n6jAmljGr5XDqQLvpAe HTTP/1.1" 200 2
186.29.64.165 - - [07/Nov/2014:08:01:51 -0500] "GET /isolucionsda/g/prev.gif HTTP/1.1" 200 97
186.29.64.165 - - [07/Nov/2014:08:01:51 -0500] "GET /isolucionsda/g/vacio1x1.gif HTTP/1.1" 404 5195
186.29.64.165 - - [07/Nov/2014:08:01:51 -0500] "GET /isolucionsda/g/next.gif HTTP/1.1" 200 101
186.29.64.165 - - [07/Nov/2014:08:01:51 -0500] "GET /isolucionsda/Graficas/line.gif HTTP/1.1" 404 5201
201.245.192.253 - - [07/Nov/2014:08:01:51 -0500] "POST /isolucionsda/ListadoMaestroDocumentos3.asp?Accion=Consultar&Mande=Buscar&paginaactual=35 HTTP/1.1" 200 20229
186.145.162.140 - - [07/Nov/2014:08:01:52 -0500] "POST /forms/lservlet;jsessionid=ac16012b30d5ce0ddffee1064743be8a8ffe18445590.e3iSbxaKaheRe34Sa3yKbhiTahb0n6jAmljGr5XDqQLvpAe HTTP/1.1" 200 2
201.245.192.253 - - [07/Nov/2014:08:01:52 -0500] "POST /isolucionsda/ListadoMaestroDocumentos3.asp?Accion=Consultar&Mande=Buscar&paginaactual=3 HTTP/1.1" 200 16704
186.145.162.140 - - [07/Nov/2014:08:01:52 -0500] "POST /forms/lservlet;jsessionid=ac16012b30d5ce0ddffee1064743be8a8ffe18445590.e3iSbxaKaheRe34Sa3yKbhiTahb0n6jAmljGr5XDqQLvpAe HTTP/1.1" 200 2523
186.145.162.140 - - [07/Nov/2014:08:01:52 -0500] "POST /forms/lservlet;jsessionid=ac16012b30d5ce0ddffee1064743be8a8ffe18445590.e3iSbxaKaheRe34Sa3yKbhiTahb0n6jAmljGr5XDqQLvpAe HTTP/1.1" 200 2
66.249.64.167 - - [07/Nov/2014:08:01:52 -0500] "GET /BLA/resoluciones/RESOLUCIONES%202008/5328.pdf HTTP/1.1" 200 2182051
186.29.64.165 - - [07/Nov/2014:08:01:53 -0500] "GET /isolucionsda/CalendarioDisplayHidden.asp?Form=frmNotamej&Campo=FechaNotaMejora&Campo1=FechaNotaMejoraDisplay&month=10&year=2014 HTTP/1.1" 200 15691
186.145.162.140 - - [07/Nov/2014:08:01:53 -0500] "POST /forms/lservlet;jsessionid=ac16012b30d5ce0ddffee1064743be8a8ffe18445590.e3iSbxaKaheRe34Sa3yKbhiTahb0n6jAmljGr5XDqQLvpAe HTTP/1.1" 200 2
186.29.64.165 - - [07/Nov/2014:08:01:53 -0500] "GET /isolucionsda/Graficas/line.gif HTTP/1.1" 404 5201
186.29.64.165 - - [07/Nov/2014:08:01:53 -0500] "GET /isolucionsda/g/vacio1x1.gif HTTP/1.1" 404 5195
186.145.162.140 - - [07/Nov/2014:08:01:54 -0500] "POST /forms/lservlet;jsessionid=ac16012b30d5ce0ddffee1064743be8a8ffe18445590.e3iSbxaKaheRe34Sa3yKbhiTahb0n6jAmljGr5XDqQLvpAe HTTP/1.1" 200 3149
186.145.162.140 - - [07/Nov/2014:08:01:54 -0500] "POST /forms/lservlet;jsessionid=ac16012b30d5ce0ddffee1064743be8a8ffe18445590.e3iSbxaKaheRe34Sa3yKbhiTahb0n6jAmljGr5XDqQLvpAe HTTP/1.1" 200 2
186.145.162.140 - - [07/Nov/2014:08:01:55 -0500] "POST /forms/lservlet;jsessionid=ac16012b30d5ce0ddffee1064743be8a8ffe18445590.e3iSbxaKaheRe34Sa3yKbhiTahb0n6jAmljGr5XDqQLvpAe HTTP/1.1" 200 2
186.145.162.140 - - [07/Nov/2014:08:01:55 -0500] "POST /forms/lservlet;jsessionid=ac16012b30d5ce0ddffee1064743be8a8ffe18445590.e3iSbxaKaheRe34Sa3yKbhiTahb0n6jAmljGr5XDqQLvpAe HTTP/1.1" 200 3533
186.145.162.140 - - [07/Nov/2014:08:01:55 -0500] "POST /forms/lservlet;jsessionid=ac16012b30d5ce0ddffee1064743be8a8ffe18445590.e3iSbxaKaheRe34Sa3yKbhiTahb0n6jAmljGr5XDqQLvpAe HTTP/1.1" 200 2
186.29.64.165 - - [07/Nov/2014:08:01:56 -0500] "GET /isolucionsda/CalendarioDisplayHidden.asp?Form=frmNotamej&Campo=FechaNotaMejora&Campo1=FechaNotaMejoraDisplay&month=9&year=2014 HTTP/1.1" 200 15606
186.29.64.165 - - [07/Nov/2014:08:01:56 -0500] "GET /isolucionsda/g/vacio1x1.gif HTTP/1.1" 404 5195
186.29.64.165 - - [07/Nov/2014:08:01:56 -0500] "GET /isolucionsda/Graficas/line.gif HTTP/1.1" 404 5201
186.145.162.140 - - [07/Nov/2014:08:01:56 -0500] "POST /forms/lservlet;jsessionid=ac16012b30d5ce0ddffee1064743be8a8ffe18445590.e3iSbxaKaheRe34Sa3yKbhiTahb0n6jAmljGr5XDqQLvpAe HTTP/1.1" 200 2
186.145.162.140 - - [07/Nov/2014:08:01:56 -0500] "POST /forms/lservlet;jsessionid=ac16012b30d5ce0ddffee1064743be8a8ffe18445590.e3iSbxaKaheRe34Sa3yKbhiTahb0n6jAmljGr5XDqQLvpAe HTTP/1.1" 200 3641
186.145.162.140 - - [07/Nov/2014:08:01:57 -0500] "POST /forms/lservlet;jsessionid=ac16012b30d5ce0ddffee1064743be8a8ffe18445590.e3iSbxaKaheRe34Sa3yKbhiTahb0n6jAmljGr5XDqQLvpAe HTTP/1.1" 200 2
186.145.162.140 - - [07/Nov/2014:08:01:57 -0500] "POST /forms/lservlet;jsessionid=ac16012b30d5ce0ddffee1064743be8a8ffe18445590.e3iSbxaKaheRe34Sa3yKbhiTahb0n6jAmljGr5XDqQLvpAe HTTP/1.1" 200 2
201.245.192.253 - - [07/Nov/2014:08:01:57 -0500] "GET /forest/ HTTP/1.1" 200 12486
201.245.192.253 - - [07/Nov/2014:08:01:57 -0500] "GET /forest/skins/gdocs-jar/css/forest.css?version=1411.041919 HTTP/1.1" 200 51
201.245.192.253 - - [07/Nov/2014:08:01:57 -0500] "GET /forest/skins/gdocs-jar/css/autocomplete.css?version=1411.041919 HTTP/1.1" 200 1620
201.245.192.253 - - [07/Nov/2014:08:01:57 -0500] "GET /forest/css/index.css?version=1411.041919 HTTP/1.1" 200 1900
201.245.192.253 - - [07/Nov/2014:08:01:57 -0500] "GET /forest/skins/gdocs-jar/css/menu.css?version=1411.041919 HTTP/1.1" 200 4235
201.245.192.253 - - [07/Nov/2014:08:01:57 -0500] "GET /forest/skins/gdocs-jar/css/dialog.css?version=1411.041919 HTTP/1.1" 200 1430
201.245.192.253 - - [07/Nov/2014:08:01:57 -0500] "GET /forest/img/forestIcon.gif?version=1411.041919 HTTP/1.1" 200 573
201.245.192.253 - - [07/Nov/2014:08:01:57 -0500] "GET /forest/skins/gdocs-jar/css/forms.css?version=1411.041919 HTTP/1.1" 200 7180
201.245.192.253 - - [07/Nov/2014:08:01:57 -0500] "GET /forest/css/escritorio.css?version=1411.041919 HTTP/1.1" 200 15878
201.245.192.253 - - [07/Nov/2014:08:01:57 -0500] "GET /forest/1ibre/jscalendar/calendar-win2k-1.css?version=1411.041919 HTTP/1.1" 200 5986
201.245.192.253 - - [07/Nov/2014:08:01:57 -0500] "GET /forest/js/json3.js HTTP/1.1" 200 39592
201.245.192.253 - - [07/Nov/2014:08:01:57 -0500] "GET /forest/img/forestIcon.gif?version=1411.041919 HTTP/1.1" 304 -
186.29.64.165 - - [07/Nov/2014:08:01:58 -0500] "GET /isolucionsda/CalendarioDisplayHidden.asp?Form=frmNotamej&Campo=FechaNotaMejora&Campo1=FechaNotaMejoraDisplay&month=8&year=2014 HTTP/1.1" 200 16238
201.245.192.253 - - [07/Nov/2014:08:01:58 -0500] "POST /isolucionsda/ListadoMaestroDocumentos3.asp?Accion=Consultar&Mande=Buscar&paginaactual=36 HTTP/1.1" 200 20225
201.245.192.253 - - [07/Nov/2014:08:01:57 -0500] "GET /forest/jsoptimized/gz/js/gdocsall-1411.041919.js HTTP/1.1" 200 96626
186.29.64.165 - - [07/Nov/2014:08:01:58 -0500] "GET /isolucionsda/Graficas/line.gif HTTP/1.1" 404 5201
201.245.192.253 - - [07/Nov/2014:08:01:58 -0500] "GET /forest/img/loading.gif HTTP/1.1" 200 1197
201.245.192.253 - - [07/Nov/2014:08:01:58 -0500] "GET /forest/img/inicio/6.gif HTTP/1.1" 200 12239
201.245.192.253 - - [07/Nov/2014:08:01:58 -0500] "GET /forest/img/panel/view_icon.gif HTTP/1.1" 200 681
201.245.192.253 - - [07/Nov/2014:08:01:58 -0500] "GET /forest/img/spacer.gif HTTP/1.1" 200 43
201.245.192.253 - - [07/Nov/2014:08:01:58 -0500] "GET /forest/img/close.gif HTTP/1.1" 200 571
201.245.192.253 - - [07/Nov/2014:08:01:58 -0500] "GET /forest/img/mplogo.gif HTTP/1.1" 200 806
201.245.192.253 - - [07/Nov/2014:08:01:58 -0500] "GET /forest/img/inicio/7.gif HTTP/1.1" 200 18547
201.245.192.253 - - [07/Nov/2014:08:01:58 -0500] "GET /forest/skins/gdocs-jar/img/okey.gif HTTP/1.1" 200 203
201.245.192.253 - - [07/Nov/2014:08:01:58 -0500] "GET /forest/img/inicio/2.gif HTTP/1.1" 200 42562
186.29.64.165 - - [07/Nov/2014:08:01:58 -0500] "GET /isolucionsda/g/vacio1x1.gif HTTP/1.1" 404 5195
201.245.192.253 - - [07/Nov/2014:08:01:58 -0500] "GET /forest/img/inicio/5.gif HTTP/1.1" 200 25611
201.245.192.253 - - [07/Nov/2014:08:01:58 -0500] "GET /forest/img/inicio/3.gif HTTP/1.1" 200 29737
201.245.192.253 - - [07/Nov/2014:08:01:58 -0500] "GET /forest/img/inicio/1.gif HTTP/1.1" 200 23925
201.245.192.253 - - [07/Nov/2014:08:01:58 -0500] "GET /forest/img/inicio/4.gif HTTP/1.1" 200 27784
186.145.162.140 - - [07/Nov/2014:08:01:58 -0500] "POST /forms/lservlet;jsessionid=ac16012b30d5ce0ddffee1064743be8a8ffe18445590.e3iSbxaKaheRe34Sa3yKbhiTahb0n6jAmljGr5XDqQLvpAe HTTP/1.1" 200 3282
186.145.162.140 - - [07/Nov/2014:08:01:59 -0500] "POST /forms/lservlet;jsessionid=ac16012b30d5ce0ddffee1064743be8a8ffe18445590.e3iSbxaKaheRe34Sa3yKbhiTahb0n6jAmljGr5XDqQLvpAe HTTP/1.1" 200 2
201.245.192.253 - - [07/Nov/2014:08:02:01 -0500] "POST /isolucionsda/ListadoMaestroDocumentos3.asp?Accion=Consultar&Mande=Buscar&paginaactual=4 HTTP/1.1" 200 16495
66.249.64.163 - - [07/Nov/2014:08:02:03 -0500] "GET /BLA/resoluciones/RESOLUCIONES%202007/RES%202007%202801%20AL%202900/RESOLUCION%202845%20DE%202007.pdf HTTP/1.1" 200 1345395
186.147.66.232 - - [07/Nov/2014:08:02:03 -0500] "GET /forest/session.jsp?a=0.6991186595987529 HTTP/1.1" 200 4
201.245.192.253 - - [07/Nov/2014:08:02:07 -0500] "POST /isolucionsda/ListadoMaestroDocumentos3.asp?Accion=Consultar&Mande=Buscar&paginaactual=37 HTTP/1.1" 200 20634
186.145.162.140 - - [07/Nov/2014:08:02:07 -0500] "POST /forms/lservlet;jsessionid=ac16012b30d5ce0ddffee1064743be8a8ffe18445590.e3iSbxaKaheRe34Sa3yKbhiTahb0n6jAmljGr5XDqQLvpAe HTTP/1.1" 200 2
201.245.192.253 - - [07/Nov/2014:08:02:07 -0500] "GET /forest/ HTTP/1.1" 200 12486
201.245.192.253 - - [07/Nov/2014:08:02:07 -0500] "GET /forest/skins/gdocs-jar/css/forest.css?version=1411.041919 HTTP/1.1" 304 -
201.245.192.253 - - [07/Nov/2014:08:02:07 -0500] "GET /forest/skins/gdocs-jar/css/menu.css?version=1411.041919 HTTP/1.1" 304 -
201.245.192.253 - - [07/Nov/2014:08:02:07 -0500] "GET /forest/skins/gdocs-jar/css/autocomplete.css?version=1411.041919 HTTP/1.1" 304 -
201.245.192.253 - - [07/Nov/2014:08:02:07 -0500] "GET /forest/1ibre/jscalendar/calendar-win2k-1.css?version=1411.041919 HTTP/1.1" 304 -
201.245.192.253 - - [07/Nov/2014:08:02:07 -0500] "GET /forest/css/escritorio.css?version=1411.041919 HTTP/1.1" 304 -
201.245.192.253 - - [07/Nov/2014:08:02:07 -0500] "GET /forest/css/index.css?version=1411.041919 HTTP/1.1" 304 -
201.245.192.253 - - [07/Nov/2014:08:02:07 -0500] "GET /forest/skins/gdocs-jar/css/dialog.css?version=1411.041919 HTTP/1.1" 304 -
201.245.192.253 - - [07/Nov/2014:08:02:07 -0500] "GET /forest/img/forestIcon.gif?version=1411.041919 HTTP/1.1" 304 -
201.245.192.253 - - [07/Nov/2014:08:02:07 -0500] "GET /forest/skins/gdocs-jar/css/forms.css?version=1411.041919 HTTP/1.1" 304 -
180.76.6.145 - - [07/Nov/2014:08:02:12 -0500] "GET /BLA/resoluciones/RESOLUCIONES%202009/0531.pdf HTTP/1.1" 200 62374
66.249.64.167 - - [07/Nov/2014:08:02:13 -0500] "GET /BLA/resoluciones/RESOLUCIONES%202011/0259.pdf HTTP/1.1" 304 -
186.29.64.165 - - [07/Nov/2014:08:02:14 -0500] "GET /isolucionsda/CalendarioDisplayHidden.asp?Form=frmNotamej&Campo=FechaNotaMejora&Campo1=FechaNotaMejoraDisplay&month=9&year=2014 HTTP/1.1" 200 15606
186.29.64.165 - - [07/Nov/2014:08:02:14 -0500] "GET /isolucionsda/g/vacio1x1.gif HTTP/1.1" 404 5195
186.29.64.165 - - [07/Nov/2014:08:02:14 -0500] "GET /isolucionsda/Graficas/line.gif HTTP/1.1" 404 5201
201.245.192.253 - - [07/Nov/2014:08:02:17 -0500] "POST /isolucionsda/ListadoMaestroDocumentos3.asp?Accion=Consultar&Mande=Buscar&paginaactual=4 HTTP/1.1" 200 16495
201.245.192.253 - - [07/Nov/2014:08:02:20 -0500] "POST /forest/login.do HTTP/1.1" 302 -
201.245.192.253 - - [07/Nov/2014:08:02:20 -0500] "GET /forest/index2.jsp?a=0.1425006219654903 HTTP/1.1" 200 67733
201.245.192.253 - - [07/Nov/2014:08:02:22 -0500] "GET /forest/skins/gdocs-jar/css/forest.css?version=1411.041919 HTTP/1.1" 304 -
201.245.192.253 - - [07/Nov/2014:08:02:22 -0500] "GET /forest/skins/gdocs-jar/css/menu.css?version=1411.041919 HTTP/1.1" 304 -
201.245.192.253 - - [07/Nov/2014:08:02:22 -0500] "GET /forest/css/escritorio.css?version=1411.041919 HTTP/1.1" 304 -
201.245.192.253 - - [07/Nov/2014:08:02:22 -0500] "GET /forest/skins/gdocs-jar/css/autocomplete.css?version=1411.041919 HTTP/1.1" 304 -
201.245.192.253 - - [07/Nov/2014:08:02:22 -0500] "GET /forest/1ibre/jscalendar/calendar-win2k-1.css?version=1411.041919 HTTP/1.1" 304 -
201.245.192.253 - - [07/Nov/2014:08:02:22 -0500] "GET /forest/css/index.css?version=1411.041919 HTTP/1.1" 304 -
201.245.192.253 - - [07/Nov/2014:08:02:22 -0500] "GET /forest/skins/gdocs-jar/css/forms.css?version=1411.041919 HTTP/1.1" 304 -
201.245.192.253 - - [07/Nov/2014:08:02:22 -0500] "GET /forest/skins/gdocs-jar/css/dialog.css?version=1411.041919 HTTP/1.1" 304 -
201.245.192.253 - - [07/Nov/2014:08:02:22 -0500] "GET /forest/img/forestIcon.gif?version=1411.041919 HTTP/1.1" 304 -
201.245.192.253 - - [07/Nov/2014:08:02:22 -0500] "GET /forest/img/mireparto.gif HTTP/1.1" 200 2341
201.245.192.253 - - [07/Nov/2014:08:02:22 -0500] "GET /forest/session.jsp?a=0.8968919616491533 HTTP/1.1" 200 4
201.245.192.253 - - [07/Nov/2014:08:02:23 -0500] "POST /isolucionsda/ListadoMaestroDocumentos3.asp?Accion=Consultar&Mande=Buscar&paginaactual=38 HTTP/1.1" 200 21123
66.249.64.163 - - [07/Nov/2014:08:02:24 -0500] "GET /BLA/resoluciones/RESOLUCIONES%202012/1239.pdf HTTP/1.1" 304 -
201.245.192.253 - - [07/Nov/2014:08:02:24 -0500] "POST /isolucionsda/ListadoMaestroDocumentos3.asp?Accion=Consultar&Mande=Buscar&paginaactual=3 HTTP/1.1" 200 16704
186.145.162.140 - - [07/Nov/2014:08:02:28 -0500] "POST /forms/lservlet;jsessionid=ac16012b30d5ce0ddffee1064743be8a8ffe18445590.e3iSbxaKaheRe34Sa3yKbhiTahb0n6jAmljGr5XDqQLvpAe HTTP/1.1" 200 2
186.145.162.140 - - [07/Nov/2014:08:02:28 -0500] "POST /forms/lservlet;jsessionid=ac16012b30d5ce0ddffee1064743be8a8ffe18445590.e3iSbxaKaheRe34Sa3yKbhiTahb0n6jAmljGr5XDqQLvpAe HTTP/1.1" 200 2380
201.245.192.253 - - [07/Nov/2014:08:02:28 -0500] "POST /isolucionsda/ListadoMaestroDocumentos3.asp?Accion=Consultar&Mande=Buscar&paginaactual=39 HTTP/1.1" 200 20215
186.145.162.140 - - [07/Nov/2014:08:02:28 -0500] "POST /forms/lservlet;jsessionid=ac16012b30d5ce0ddffee1064743be8a8ffe18445590.e3iSbxaKaheRe34Sa3yKbhiTahb0n6jAmljGr5XDqQLvpAe HTTP/1.1" 200 2
186.145.162.140 - - [07/Nov/2014:08:02:32 -0500] "POST /forms/lservlet;jsessionid=ac16012b30d5ce0ddffee1064743be8a8ffe18445590.e3iSbxaKaheRe34Sa3yKbhiTahb0n6jAmljGr5XDqQLvpAe HTTP/1.1" 200 2
186.145.162.140 - - [07/Nov/2014:08:02:33 -0500] "POST /forms/lservlet;jsessionid=ac16012b30d5ce0ddffee1064743be8a8ffe18445590.e3iSbxaKaheRe34Sa3yKbhiTahb0n6jAmljGr5XDqQLvpAe HTTP/1.1" 200 2560
186.145.162.140 - - [07/Nov/2014:08:02:33 -0500] "POST /forms/lservlet;jsessionid=ac16012b30d5ce0ddffee1064743be8a8ffe18445590.e3iSbxaKaheRe34Sa3yKbhiTahb0n6jAmljGr5XDqQLvpAe HTTP/1.1" 200 2
201.245.192.253 - - [07/Nov/2014:08:02:33 -0500] "GET /plugins/like.php?action=like&app_id=140631486028704&channel=http%3A%2F%2Fstatic.ak.facebook.com%2Fconnect%2Fxd_arbiter%2FQjK2hWv6uak.js%3Fversion%3D41%23cb%3Df346b5f8d2f1b2a%26domain%3Dwww.groupon.com.co%26origin%3Dhttp%253A%252F%252Fwww.groupon.com.co%252Ff1599ea317a8991%26relation%3Dparent.parent&href=http%3A%2F%2Fwww.groupon.com.co%2Fgo%2F1002223775%3Fh%3D7%26p%3DRFB%26e%3D1002223775%26s%3D2014-11-07&layout=button_count&locale=es_LA&sdk=joey&send=false&show_faces=false HTTP/1.1" 404 1688
201.245.192.253 - - [07/Nov/2014:08:02:33 -0500] "GET /plugins/like_box.php?app_id=140631486028704&channel=http%3A%2F%2Fstatic.ak.facebook.com%2Fconnect%2Fxd_arbiter%2FQjK2hWv6uak.js%3Fversion%3D41%23cb%3Df36d1719f6b133c%26domain%3Dwww.groupon.com.co%26origin%3Dhttp%253A%252F%252Fwww.groupon.com.co%252Ff1599ea317a8991%26relation%3Dparent.parent&color_scheme=light&header=false&height=300&href=https%3A%2F%2Fwww.facebook.com%2F140776352607183&locale=es_LA&sdk=joey&show_border=false&show_faces=true&stream=false&width=234 HTTP/1.1" 404 1688
66.249.64.167 - - [07/Nov/2014:08:02:34 -0500] "GET /BLA/resoluciones/RESOLUCIONES%202008/2644.pdf HTTP/1.1" 200 199676
186.29.64.165 - - [07/Nov/2014:08:02:34 -0500] "GET /isolucionsda/CalendarioDisplayHidden.asp?Form=frmNotamej&Campo=FechaCierreProyectada&Campo1=FechaCierreProyectada_Display HTTP/1.1" 200 16223
186.29.64.165 - - [07/Nov/2014:08:02:34 -0500] "GET /isolucionsda/g/vacio1x1.gif HTTP/1.1" 404 5195
186.29.64.165 - - [07/Nov/2014:08:02:34 -0500] "GET /isolucionsda/Graficas/line.gif HTTP/1.1" 404 5201
66.249.64.171 - - [07/Nov/2014:08:02:34 -0500] "GET /BLA/resoluciones/AUTOS%202010/1307.pdf HTTP/1.1" 304 -
186.29.64.165 - - [07/Nov/2014:08:02:36 -0500] "GET /isolucionsda/CalendarioDisplayHidden.asp?Form=frmNotamej&Campo=FechaCierreProyectada&Campo1=FechaCierreProyectada_Display&month=12&year=2014 HTTP/1.1" 200 15755
186.29.64.165 - - [07/Nov/2014:08:02:36 -0500] "GET /isolucionsda/g/vacio1x1.gif HTTP/1.1" 404 5195
186.29.64.165 - - [07/Nov/2014:08:02:36 -0500] "GET /isolucionsda/Graficas/line.gif HTTP/1.1" 404 5201
186.145.162.140 - - [07/Nov/2014:08:02:36 -0500] "POST /forms/lservlet;jsessionid=ac16012b30d5ce0ddffee1064743be8a8ffe18445590.e3iSbxaKaheRe34Sa3yKbhiTahb0n6jAmljGr5XDqQLvpAe HTTP/1.1" 200 2
186.29.64.165 - - [07/Nov/2014:08:02:36 -0500] "GET /isolucionsda/CalendarioDisplayHidden.asp?Form=frmNotamej&Campo=FechaCierreProyectada&Campo1=FechaCierreProyectada_Display&month=1&year=2015 HTTP/1.1" 200 15757
186.29.64.165 - - [07/Nov/2014:08:02:36 -0500] "GET /isolucionsda/Graficas/line.gif HTTP/1.1" 404 5201
186.29.64.165 - - [07/Nov/2014:08:02:36 -0500] "GET /isolucionsda/g/vacio1x1.gif HTTP/1.1" 404 5195
186.145.162.140 - - [07/Nov/2014:08:02:36 -0500] "POST /forms/lservlet;jsessionid=ac16012b30d5ce0ddffee1064743be8a8ffe18445590.e3iSbxaKaheRe34Sa3yKbhiTahb0n6jAmljGr5XDqQLvpAe HTTP/1.1" 200 2960
186.145.162.140 - - [07/Nov/2014:08:02:37 -0500] "POST /forms/lservlet;jsessionid=ac16012b30d5ce0ddffee1064743be8a8ffe18445590.e3iSbxaKaheRe34Sa3yKbhiTahb0n6jAmljGr5XDqQLvpAe HTTP/1.1" 200 2
186.145.162.140 - - [07/Nov/2014:08:02:37 -0500] "POST /forms/lservlet;jsessionid=ac16012b30d5ce0ddffee1064743be8a8ffe18445590.e3iSbxaKaheRe34Sa3yKbhiTahb0n6jAmljGr5XDqQLvpAe HTTP/1.1" 200 2
186.145.162.140 - - [07/Nov/2014:08:02:38 -0500] "POST /forms/lservlet;jsessionid=ac16012b30d5ce0ddffee1064743be8a8ffe18445590.e3iSbxaKaheRe34Sa3yKbhiTahb0n6jAmljGr5XDqQLvpAe HTTP/1.1" 200 3101
186.29.64.165 - - [07/Nov/2014:08:02:38 -0500] "GET /isolucionsda/CalendarioDisplayHidden.asp?Form=frmNotamej&Campo=FechaCierreProyectada&Campo1=FechaCierreProyectada_Display&month=2&year=2015 HTTP/1.1" 200 14951
186.29.64.165 - - [07/Nov/2014:08:02:38 -0500] "GET /isolucionsda/g/vacio1x1.gif HTTP/1.1" 404 5195
186.29.64.165 - - [07/Nov/2014:08:02:38 -0500] "GET /isolucionsda/Graficas/line.gif HTTP/1.1" 404 5201
186.29.64.165 - - [07/Nov/2014:08:02:39 -0500] "GET /isolucionsda/CalendarioDisplayHidden.asp?Form=frmNotamej&Campo=FechaCierreProyectada&Campo1=FechaCierreProyectada_Display&month=3&year=2015 HTTP/1.1" 200 15750
186.29.64.165 - - [07/Nov/2014:08:02:39 -0500] "GET /isolucionsda/g/vacio1x1.gif HTTP/1.1" 404 5195
186.29.64.165 - - [07/Nov/2014:08:02:39 -0500] "GET /isolucionsda/Graficas/line.gif HTTP/1.1" 404 5201
201.245.192.253 - - [07/Nov/2014:08:02:39 -0500] "POST /isolucionsda/ListadoMaestroDocumentos3.asp?Accion=Consultar&Mande=Buscar&paginaactual=40 HTTP/1.1" 200 19989
186.29.64.165 - - [07/Nov/2014:08:02:40 -0500] "GET /isolucionsda/CalendarioDisplayHidden.asp?Form=frmNotamej&Campo=FechaCierreProyectada&Campo1=FechaCierreProyectada_Display&month=4&year=2015 HTTP/1.1" 200 15668
186.29.64.165 - - [07/Nov/2014:08:02:40 -0500] "GET /isolucionsda/g/vacio1x1.gif HTTP/1.1" 404 5195
186.29.64.165 - - [07/Nov/2014:08:02:40 -0500] "GET /isolucionsda/Graficas/line.gif HTTP/1.1" 404 5201
186.145.162.140 - - [07/Nov/2014:08:02:40 -0500] "POST /forms/lservlet;jsessionid=ac16012b30d5ce0ddffee1064743be8a8ffe18445590.e3iSbxaKaheRe34Sa3yKbhiTahb0n6jAmljGr5XDqQLvpAe HTTP/1.1" 200 2
186.29.64.165 - - [07/Nov/2014:08:02:40 -0500] "GET /isolucionsda/CalendarioDisplayHidden.asp?Form=frmNotamej&Campo=FechaCierreProyectada&Campo1=FechaCierreProyectada_Display&month=5&year=2015 HTTP/1.1" 200 16300
186.29.64.165 - - [07/Nov/2014:08:02:41 -0500] "GET /isolucionsda/g/vacio1x1.gif HTTP/1.1" 404 5195
186.29.64.165 - - [07/Nov/2014:08:02:41 -0500] "GET /isolucionsda/Graficas/line.gif HTTP/1.1" 404 5201
181.234.222.92 - - [07/Nov/2014:08:02:41 -0500] "GET /BLA/boletinlegal/js/jquery.js HTTP/1.1" 200 57254
181.234.222.92 - - [07/Nov/2014:08:02:41 -0500] "GET /BLA/boletinlegal/js/jquery.scrollTo-min.js HTTP/1.1" 200 1150
181.234.222.92 - - [07/Nov/2014:08:02:41 -0500] "GET /BLA/boletinlegal/js/jquery.scrollShow.js HTTP/1.1" 200 4586
186.29.64.165 - - [07/Nov/2014:08:02:41 -0500] "GET /isolucionsda/CalendarioDisplayHidden.asp?Form=frmNotamej&Campo=FechaCierreProyectada&Campo1=FechaCierreProyectada_Display&month=6&year=2015 HTTP/1.1" 200 15665
186.29.64.165 - - [07/Nov/2014:08:02:41 -0500] "GET /isolucionsda/g/vacio1x1.gif HTTP/1.1" 404 5195
186.29.64.165 - - [07/Nov/2014:08:02:41 -0500] "GET /isolucionsda/Graficas/line.gif HTTP/1.1" 404 5201
186.145.162.140 - - [07/Nov/2014:08:02:42 -0500] "POST /forms/lservlet;jsessionid=ac16012b30d5ce0ddffee1064743be8a8ffe18445590.e3iSbxaKaheRe34Sa3yKbhiTahb0n6jAmljGr5XDqQLvpAe HTTP/1.1" 200 2
186.29.64.165 - - [07/Nov/2014:08:02:42 -0500] "GET /isolucionsda/CalendarioDisplayHidden.asp?Form=frmNotamej&Campo=FechaCierreProyectada&Campo1=FechaCierreProyectada_Display&month=7&year=2015 HTTP/1.1" 200 15752
186.29.64.165 - - [07/Nov/2014:08:02:42 -0500] "GET /isolucionsda/g/vacio1x1.gif HTTP/1.1" 404 5195
186.29.64.165 - - [07/Nov/2014:08:02:42 -0500] "GET /isolucionsda/Graficas/line.gif HTTP/1.1" 404 5201
