190.26.119.3 - - [07/Nov/2014:07:57:02 -0500] "GET /isolucionsda/FrameSetGeneral.asp?Pagina=SucursalSeleccion.asp&CargaPagina=ModuloProcesos&IdModulo=3 HTTP/1.1" 200 6716
190.26.119.3 - - [07/Nov/2014:07:57:02 -0500] "GET /isolucionsda/Encabezado.asp?Pagina=SucursalSeleccion.asp&CargaPagina=ModuloProcesos&IdModulo=3 HTTP/1.1" 200 15404
190.26.119.3 - - [07/Nov/2014:07:57:02 -0500] "GET /isolucionsda/BarraTitulos.asp?Pagina=SucursalSeleccion.asp&CargaPagina=ModuloProcesos&IdModulo=3 HTTP/1.1" 200 6988
190.26.119.3 - - [07/Nov/2014:07:57:02 -0500] "GET /isolucionsda/SucursalSeleccion.asp?Pagina=SucursalSeleccion.asp&CargaPagina=ModuloProcesos&IdModulo=3 HTTP/1.1" 302 221
190.26.119.3 - - [07/Nov/2014:07:57:02 -0500] "GET /isolucionsda/BarraFavoritos.asp HTTP/1.1" 200 911
190.25.11.206 - - [07/Nov/2014:07:56:47 -0500] "GET /galeria/nivo-slider/demo/images/banner-llantas2.jpg HTTP/1.1" 200 73153
190.26.119.3 - - [07/Nov/2014:07:57:02 -0500] "GET /isolucionsda/BancoConocimiento/M/MAPADEPROCESOSSDA_v3/MAPADEPROCESOSSDA_v3.asp HTTP/1.1" 302 159
190.25.11.206 - - [07/Nov/2014:07:56:47 -0500] "GET /galeria/nivo-slider/demo/images/Hacienda_Molinos.jpg HTTP/1.1" 200 319171
190.26.119.3 - - [07/Nov/2014:07:57:02 -0500] "GET /isolucionsda/Session.asp?Continue=1 HTTP/1.1" 200 6324
186.30.87.28 - - [07/Nov/2014:07:57:02 -0500] "GET /BLA/boletinlegal/js/jquery.js HTTP/1.1" 200 57254
186.30.87.28 - - [07/Nov/2014:07:57:02 -0500] "GET /BLA/boletinlegal/js/jquery.scrollTo-min.js HTTP/1.1" 200 1150
186.30.87.28 - - [07/Nov/2014:07:57:02 -0500] "GET /BLA/boletinlegal/js/jquery.scrollShow.js HTTP/1.1" 200 4586
186.147.66.232 - - [07/Nov/2014:07:57:01 -0500] "GET /forest/index2.jsp?_a=0.8799245005939156 HTTP/1.1" 200 89358
190.26.119.3 - - [07/Nov/2014:07:57:03 -0500] "GET /isolucionsda/framesetgeneral.asp?pagina=bancoconocimiento/G/GESTIONAMBIENTALYDESARROLLORURAL_v4/GESTIONAMBIENTALYDESARROLLORURAL_v4.asp?IdArticulo=2286 HTTP/1.1" 200 6962
186.147.66.232 - - [07/Nov/2014:07:57:03 -0500] "GET /forest/session.jsp?a=0.033543376019224524 HTTP/1.1" 200 4
190.26.119.3 - - [07/Nov/2014:07:57:03 -0500] "GET /isolucionsda/Encabezado.asp?pagina=bancoconocimiento/G/GESTIONAMBIENTALYDESARROLLORURAL_v4/GESTIONAMBIENTALYDESARROLLORURAL_v4.asp?IdArticulo=2286 HTTP/1.1" 200 15404
190.26.119.3 - - [07/Nov/2014:07:57:03 -0500] "GET /isolucionsda/BarraTitulos.asp?pagina=bancoconocimiento/G/GESTIONAMBIENTALYDESARROLLORURAL_v4/GESTIONAMBIENTALYDESARROLLORURAL_v4.asp?IdArticulo=2286 HTTP/1.1" 200 6988
190.26.119.3 - - [07/Nov/2014:07:57:03 -0500] "GET /isolucionsda/BarraFavoritos.asp HTTP/1.1" 200 911
190.26.119.3 - - [07/Nov/2014:07:57:03 -0500] "GET /isolucionsda/bancoconocimiento/G/GESTIONAMBIENTALYDESARROLLORURAL_v4/GESTIONAMBIENTALYDESARROLLORURAL_v4.asp?IdArticulo=2286?pagina=bancoconocimiento/G/GESTIONAMBIENTALYDESARROLLORURAL_v4/GESTIONAMBIENTALYDESARROLLORURAL_v4.asp?IdArticulo=2286 HTTP/1.1" 302 242
190.25.11.206 - - [07/Nov/2014:07:57:03 -0500] "GET /galeria/nivo-slider/themes/default/arrows.png HTTP/1.1" 200 824
190.26.119.3 - - [07/Nov/2014:07:57:03 -0500] "GET /isolucionsda/Session.asp?Continue=1 HTTP/1.1" 200 6324
66.249.64.167 - - [07/Nov/2014:07:57:04 -0500] "GET /BLA/resoluciones/AUTOS%202012/1207.pdf HTTP/1.1" 200 165276
190.26.119.3 - - [07/Nov/2014:07:57:04 -0500] "GET /isolucionsda/g/vacio1x1.gif HTTP/1.1" 404 5195
190.26.119.3 - - [07/Nov/2014:07:57:03 -0500] "GET /isolucionsda/bancoconocimiento/G/GESTIONAMBIENTALYDESARROLLORURAL_v6/GESTIONAMBIENTALYDESARROLLORURAL_v6.asp?Id_Articulo=6829 HTTP/1.1" 200 87026
190.25.11.206 - - [07/Nov/2014:07:57:05 -0500] "GET /galeria/nivo-slider/themes/default/bullets.png HTTP/1.1" 200 1281
190.216.133.36 - - [07/Nov/2014:07:57:08 -0500] "GET /BLA/resoluciones/AUTOS%202014/3833.pdf HTTP/1.1" 304 -
186.147.66.232 - - [07/Nov/2014:07:57:08 -0500] "GET /forest/skins/gdocs-jar/popup/popup.jsp?width=1100&height=500&title=Buscar%20documentos&uri=/forest/buscar.do%3Ftype%3Ddocumentos&name=undefined&_a=0.9486130203586072&a=0.9306054797489196 HTTP/1.1" 200 1300
186.147.66.232 - - [07/Nov/2014:07:57:08 -0500] "GET /forest/buscar.do?type=documentos HTTP/1.1" 200 97145
186.147.66.232 - - [07/Nov/2014:07:57:10 -0500] "GET /forest/json.do?query=usersByDep&coddep=7025 HTTP/1.1" 200 851
186.147.66.232 - - [07/Nov/2014:07:57:10 -0500] "GET /forest/json.do?query=usersByDep&coddep=7025 HTTP/1.1" 200 851
201.245.192.253 - - [07/Nov/2014:07:57:11 -0500] "POST /isolucionsda/ListadoMaestroDocumentos3.asp?Accion=Consultar&Mande=Buscar&paginaactual=29 HTTP/1.1" 200 21201
181.208.84.202 - - [07/Nov/2014:07:57:12 -0500] "GET /BLA/boletinlegal/js/jquery.js HTTP/1.1" 200 57254
181.208.84.202 - - [07/Nov/2014:07:57:12 -0500] "GET /BLA/boletinlegal/js/jquery.scrollTo-min.js HTTP/1.1" 200 1150
181.208.84.202 - - [07/Nov/2014:07:57:12 -0500] "GET /BLA/boletinlegal/js/jquery.scrollShow.js HTTP/1.1" 200 4586
201.245.192.253 - - [07/Nov/2014:07:57:12 -0500] "GET /forest/session.jsp?a=0.5260280643124133 HTTP/1.1" 200 4
186.147.66.232 - - [07/Nov/2014:07:57:13 -0500] "GET /forest/1ibre/jscalendar/updown.gif HTTP/1.1" 304 -
186.147.66.232 - - [07/Nov/2014:07:57:13 -0500] "GET /forest/1ibre/jscalendar/menuarrow.gif HTTP/1.1" 304 -
190.216.133.36 - - [07/Nov/2014:07:57:14 -0500] "GET /BLA/resoluciones/AUTOS%202014/3833.pdf HTTP/1.1" 304 -
201.245.192.253 - - [07/Nov/2014:07:57:14 -0500] "GET /v/qcDCenlEyOQ?adformat=2_9&version=3&showinfo=0&rel=0&controls=1&iv_load_policy=1 HTTP/1.1" 404 3199
201.245.192.253 - - [07/Nov/2014:07:57:14 -0500] "GET /v/RuLYexaSfUs?adformat=2_9&version=3&showinfo=0&rel=0&controls=1&iv_load_policy=1 HTTP/1.1" 404 3227
201.245.192.253 - - [07/Nov/2014:07:57:15 -0500] "GET /v/yc4uJUw9NNw?adformat=2_9&version=3&showinfo=0&rel=0&controls=1&iv_load_policy=1 HTTP/1.1" 404 3125
201.245.192.253 - - [07/Nov/2014:07:57:18 -0500] "POST /isolucionsda/ListadoMaestroDocumentos3.asp?Accion=Consultar&Mande=Buscar&paginaactual=28 HTTP/1.1" 200 21387
190.216.133.36 - - [07/Nov/2014:07:57:20 -0500] "GET /BLA/resoluciones/AUTOS%202014/3680.pdf HTTP/1.1" 200 455512
181.208.84.202 - - [07/Nov/2014:07:57:26 -0500] "GET /galeria/bibloteca/contentflow.js HTTP/1.1" 200 42804
180.76.5.67 - - [07/Nov/2014:07:57:26 -0500] "GET /BLA/resoluciones/RESOLUCIONES%202007/RES%202007%20401%20AL%20500/RESOLUCION%200492%20DE%202007.pdf HTTP/1.1" 200 182070
201.245.192.253 - - [07/Nov/2014:07:57:28 -0500] "POST /isolucionsda/ListadoMaestroDocumentos3.asp?Accion=Consultar&Mande=Buscar&paginaactual=27 HTTP/1.1" 200 21078
190.216.133.36 - - [07/Nov/2014:07:57:28 -0500] "GET /BLA/resoluciones/AUTOS%202014/3680.pdf HTTP/1.1" 304 -
181.208.84.202 - - [07/Nov/2014:07:57:28 -0500] "GET /galeria/bibloteca/contentflow.css HTTP/1.1" 200 3201
181.208.84.202 - - [07/Nov/2014:07:57:30 -0500] "GET /galeria/bibloteca/mycontentflow.css HTTP/1.1" 200 3110
181.208.84.202 - - [07/Nov/2014:07:57:30 -0500] "GET /galeria/bibloteca/ContentFlowAddOn_white.js HTTP/1.1" 200 2497
186.147.66.232 - - [07/Nov/2014:07:57:31 -0500] "GET /forest/xmlresponse.do?lista=searchTerceroByName&xmlret=1&todos=false&_a=0.8501410488970578&partNomTer=860 HTTP/1.1" 200 2381
181.208.84.202 - - [07/Nov/2014:07:57:32 -0500] "GET /galeria/bibloteca/ContentFlowAddOn_white.css HTTP/1.1" 200 3355
186.147.66.232 - - [07/Nov/2014:07:57:33 -0500] "GET /forest/xmlresponse.do?lista=searchTerceroByName&xmlret=1&todos=false&_a=0.8501410488970578&partNomTer=8600 HTTP/1.1" 200 2556
181.208.84.202 - - [07/Nov/2014:07:57:33 -0500] "GET /galeria/bibloteca/img/loader.gif HTTP/1.1" 200 8238
181.208.84.202 - - [07/Nov/2014:07:57:33 -0500] "GET /galeria/bibloteca/img/scrollbar_white.png HTTP/1.1" 200 82
181.208.84.202 - - [07/Nov/2014:07:57:33 -0500] "GET /galeria/bibloteca/img/slider_white.png HTTP/1.1" 200 178
190.216.133.36 - - [07/Nov/2014:07:57:34 -0500] "GET /BLA/resoluciones/AUTOS%202014/3680.pdf HTTP/1.1" 304 -
186.147.66.232 - - [07/Nov/2014:07:57:34 -0500] "GET /forest/xmlresponse.do?lista=searchTerceroByName&xmlret=1&todos=false&_a=0.8501410488970578&partNomTer=860065 HTTP/1.1" 200 2485
201.245.192.253 - - [07/Nov/2014:07:57:35 -0500] "POST /isolucionsda/ListadoMaestroDocumentos3.asp?Accion=Consultar&Mande=Buscar&paginaactual=26 HTTP/1.1" 200 21018
186.147.66.232 - - [07/Nov/2014:07:57:36 -0500] "GET /forest/xmlresponse.do?lista=searchTerceroByName&xmlret=1&todos=false&_a=0.8501410488970578&partNomTer=8600656 HTTP/1.1" 200 1157
186.147.66.232 - - [07/Nov/2014:07:57:37 -0500] "GET /forest/xmlresponse.do?lista=searchTerceroByName&xmlret=1&todos=false&_a=0.8501410488970578&partNomTer=860065624 HTTP/1.1" 200 200
181.208.84.202 - - [07/Nov/2014:07:57:37 -0500] "GET /galeria/bibloteca/img/scrollbar_black.png HTTP/1.1" 200 82
181.208.84.202 - - [07/Nov/2014:07:57:37 -0500] "GET /galeria/bibloteca/img/slider_black.png HTTP/1.1" 200 175
181.208.84.202 - - [07/Nov/2014:07:57:37 -0500] "GET /galeria/bibloteca/img/1x1_0.5_white.png HTTP/1.1" 200 82
181.208.84.202 - - [07/Nov/2014:07:57:37 -0500] "GET /galeria/bibloteca/img/ajax-loader.gif HTTP/1.1" 200 9427
190.216.133.36 - - [07/Nov/2014:07:57:40 -0500] "GET /BLA/resoluciones/AUTOS%202014/3678.pdf HTTP/1.1" 200 411040
190.26.119.3 - - [07/Nov/2014:07:57:42 -0500] "GET /isolucionsda/bancoconocimiento/D/DireccionyCoordinaciondelaATAenelTerritorioRuraldelD_C_v3/DireccionyCoordinaciondelaATAenelTerritorioRuraldelD_C_v3.asp?IdArticulo=3908 HTTP/1.1" 200 49282
190.26.119.3 - - [07/Nov/2014:07:57:42 -0500] "GET /isolucionsda/g/vacio1x1.gif HTTP/1.1" 404 5195
190.216.133.36 - - [07/Nov/2014:07:57:46 -0500] "GET /BLA/resoluciones/AUTOS%202014/3678.pdf HTTP/1.1" 304 -
201.245.192.253 - - [07/Nov/2014:07:57:49 -0500] "POST /isolucionsda/ListadoMaestroDocumentos3.asp?Accion=Consultar&Mande=Buscar&paginaactual=25 HTTP/1.1" 200 20334
190.216.133.36 - - [07/Nov/2014:07:57:51 -0500] "GET /BLA/resoluciones/AUTOS%202014/3678.pdf HTTP/1.1" 304 -
190.182.103.78 - - [07/Nov/2014:07:57:51 -0500] "GET /BLA/boletinlegal/js/jquery.js HTTP/1.1" 200 57254
190.182.103.78 - - [07/Nov/2014:07:57:51 -0500] "GET /BLA/boletinlegal/js/jquery.scrollTo-min.js HTTP/1.1" 200 1150
190.182.103.78 - - [07/Nov/2014:07:57:51 -0500] "GET /BLA/boletinlegal/js/jquery.scrollShow.js HTTP/1.1" 200 4586
201.245.192.253 - - [07/Nov/2014:07:57:53 -0500] "GET /plugins/like.php?href=http%3A%2F%2Fwww.facebook.com%2Fmundonets&layout=box_count&width=&show_faces=1&action=like&colorscheme=light&height= HTTP/1.1" 404 1290
186.145.162.140 - - [07/Nov/2014:07:57:53 -0500] "GET /forms/frmservlet?config=sia HTTP/1.1" 200 4028
201.245.192.253 - - [07/Nov/2014:07:57:54 -0500] "GET /v/wy46U16-dJg?adformat=2_9&version=3&showinfo=0&rel=0&controls=1&iv_load_policy=1 HTTP/1.1" 404 1367
201.245.192.253 - - [07/Nov/2014:07:57:55 -0500] "GET /v/QqKwrYPliR4?adformat=2_9&version=3&showinfo=0&rel=0&controls=1&iv_load_policy=1 HTTP/1.1" 404 1367
190.216.133.36 - - [07/Nov/2014:07:57:56 -0500] "GET /BLA/resoluciones/AUTOS%202014/3562.pdf HTTP/1.1" 200 845832
201.245.192.253 - - [07/Nov/2014:07:57:58 -0500] "GET /plugins/like.php?href=http%3A%2F%2Fwww.mundonets.com%2Floteria-de-bogota%2Fjueves-9-de-octubre-2014%2F&layout=button_count&action=like&show_faces=1&share=true&appId=131822650229762 HTTP/1.1" 404 1340
201.245.192.253 - - [07/Nov/2014:07:57:58 -0500] "GET /plugins/like.php?href=http%3A%2F%2Fwww.facebook.com%2Fmundonets&layout=box_count&width=&show_faces=1&action=like&colorscheme=light&height= HTTP/1.1" 404 1340
201.245.192.253 - - [07/Nov/2014:07:58:00 -0500] "POST /isolucionsda/ListadoMaestroDocumentos3.asp?Accion=Consultar&Mande=Buscar&paginaactual=24 HTTP/1.1" 200 20780
186.145.162.140 - - [07/Nov/2014:07:58:03 -0500] "GET /forms/java/frmall_jinit.jar HTTP/1.1" 304 -
186.145.162.140 - - [07/Nov/2014:07:58:04 -0500] "GET /forms/java/icons.jar HTTP/1.1" 304 -
186.145.162.140 - - [07/Nov/2014:07:58:04 -0500] "GET /forms/java/java/awt/KeyboardFocusManager.class HTTP/1.1" 404 352
186.145.162.140 - - [07/Nov/2014:07:58:04 -0500] "GET /forms/java/java/awt/KeyboardFocusManager.class HTTP/1.1" 404 352
186.145.162.140 - - [07/Nov/2014:07:58:05 -0500] "GET /forms/java/java/awt/event/MouseWheelListener.class HTTP/1.1" 404 356
186.145.162.140 - - [07/Nov/2014:07:58:05 -0500] "GET /forms/java/java/awt/event/MouseWheelListener.class HTTP/1.1" 404 356
186.145.162.140 - - [07/Nov/2014:07:58:06 -0500] "GET /forms/java/oracle/forms/registry/Registry.dat HTTP/1.1" 200 4213
186.145.162.140 - - [07/Nov/2014:07:58:06 -0500] "GET /forms/java/oracle/forms/registry/default.dat HTTP/1.1" 404 350
186.145.162.140 - - [07/Nov/2014:07:58:06 -0500] "GET /forms/frmservlet?config=sia&acceptLanguage=es-CO&ifcmd=startsession HTTP/1.1" 200 119
186.145.162.140 - - [07/Nov/2014:07:58:06 -0500] "GET /forms/lservlet;jsessionid=ac16012b30d5ce0ddffee1064743be8a8ffe18445590.e3iSbxaKaheRe34Sa3yKbhiTahb0n6jAmljGr5XDqQLvpAe?ifcmd=getinfo&ifhost=JennyPao&ifip=192.168.0.11 HTTP/1.1" 200 8
186.145.162.140 - - [07/Nov/2014:07:58:06 -0500] "POST /forms/lservlet;jsessionid=ac16012b30d5ce0ddffee1064743be8a8ffe18445590.e3iSbxaKaheRe34Sa3yKbhiTahb0n6jAmljGr5XDqQLvpAe HTTP/1.1" 200 8
186.145.162.140 - - [07/Nov/2014:07:58:07 -0500] "POST /forms/lservlet;jsessionid=ac16012b30d5ce0ddffee1064743be8a8ffe18445590.e3iSbxaKaheRe34Sa3yKbhiTahb0n6jAmljGr5XDqQLvpAe HTTP/1.1" 200 64000
186.145.162.140 - - [07/Nov/2014:07:58:08 -0500] "POST /forms/lservlet;jsessionid=ac16012b30d5ce0ddffee1064743be8a8ffe18445590.e3iSbxaKaheRe34Sa3yKbhiTahb0n6jAmljGr5XDqQLvpAe HTTP/1.1" 200 64000
186.145.162.140 - - [07/Nov/2014:07:58:08 -0500] "POST /forms/lservlet;jsessionid=ac16012b30d5ce0ddffee1064743be8a8ffe18445590.e3iSbxaKaheRe34Sa3yKbhiTahb0n6jAmljGr5XDqQLvpAe HTTP/1.1" 200 63623
186.145.162.140 - - [07/Nov/2014:07:58:09 -0500] "HEAD /imagenes/dama_logo.gif HTTP/1.1" 200 -
186.145.162.140 - - [07/Nov/2014:07:58:09 -0500] "GET /imagenes/dama_logo.gif HTTP/1.1" 200 21482
66.249.64.163 - - [07/Nov/2014:07:58:10 -0500] "GET /BLA/resoluciones/RESOLUCIONES%202009/0465.pdf HTTP/1.1" 200 196516
186.145.162.140 - - [07/Nov/2014:07:58:10 -0500] "POST /forms/lservlet;jsessionid=ac16012b30d5ce0ddffee1064743be8a8ffe18445590.e3iSbxaKaheRe34Sa3yKbhiTahb0n6jAmljGr5XDqQLvpAe HTTP/1.1" 200 2
186.145.162.140 - - [07/Nov/2014:07:58:10 -0500] "POST /forms/lservlet;jsessionid=ac16012b30d5ce0ddffee1064743be8a8ffe18445590.e3iSbxaKaheRe34Sa3yKbhiTahb0n6jAmljGr5XDqQLvpAe HTTP/1.1" 200 2
201.245.192.253 - - [07/Nov/2014:07:58:10 -0500] "POST /isolucionsda/ListadoMaestroDocumentos3.asp?Accion=Consultar&Mande=Buscar&paginaactual=23 HTTP/1.1" 200 20678
190.242.117.2 - - [07/Nov/2014:07:58:16 -0500] "GET /BLA/boletinlegal/js/jquery.scrollShow.js HTTP/1.0" 200 4586
190.242.117.2 - - [07/Nov/2014:07:58:16 -0500] "GET /BLA/boletinlegal/js/jquery.js HTTP/1.0" 200 57254
190.242.117.2 - - [07/Nov/2014:07:58:16 -0500] "GET /BLA/boletinlegal/js/jquery.scrollTo-min.js HTTP/1.0" 200 1150
181.136.152.119 - - [07/Nov/2014:07:58:16 -0500] "GET /BLA/boletinlegal/js/jquery.scrollShow.js HTTP/1.1" 200 4586
181.136.152.119 - - [07/Nov/2014:07:58:16 -0500] "GET /BLA/boletinlegal/js/jquery.js HTTP/1.1" 200 57254
181.136.152.119 - - [07/Nov/2014:07:58:16 -0500] "GET /BLA/boletinlegal/js/jquery.scrollTo-min.js HTTP/1.1" 200 1150
181.136.152.119 - - [07/Nov/2014:07:58:17 -0500] "GET /galeria/carrusel/Carrusel/jquery.thumbnailScroller.css HTTP/1.1" 200 2066
181.136.152.119 - - [07/Nov/2014:07:58:17 -0500] "GET /galeria/carrusel/Carrusel/jquery-ui-1.8.13.custom.min.js HTTP/1.1" 200 10800
181.136.152.119 - - [07/Nov/2014:07:58:17 -0500] "GET /galeria/carrusel/Carrusel/jquery.thumbnailScroller.js HTTP/1.1" 200 8157
201.245.192.253 - - [07/Nov/2014:07:58:21 -0500] "POST /isolucionsda/ListadoMaestroDocumentos3.asp?Accion=Consultar&Mande=Buscar&paginaactual=22 HTTP/1.1" 200 21046
181.136.152.119 - - [07/Nov/2014:07:58:21 -0500] "GET /galeria/nivo-slider/demo/demo.html HTTP/1.1" 200 3542
181.136.152.119 - - [07/Nov/2014:07:58:21 -0500] "GET /galeria/nivo-slider/themes/default/default.css HTTP/1.1" 200 1569
181.136.152.119 - - [07/Nov/2014:07:58:21 -0500] "GET /galeria/nivo-slider/themes/pascal/pascal.css HTTP/1.1" 200 2258
181.136.152.119 - - [07/Nov/2014:07:58:21 -0500] "GET /galeria/nivo-slider/themes/orman/orman.css HTTP/1.1" 200 2152
181.136.152.119 - - [07/Nov/2014:07:58:22 -0500] "GET /galeria/nivo-slider/nivo-slider.css HTTP/1.1" 200 1507
181.136.152.119 - - [07/Nov/2014:07:58:22 -0500] "GET /galeria/nivo-slider/demo/style.css HTTP/1.1" 200 2222
181.136.152.119 - - [07/Nov/2014:07:58:22 -0500] "GET /galeria/nivo-slider/demo/images/Banner-comparendo.jpg HTTP/1.1" 200 388762
181.136.152.119 - - [07/Nov/2014:07:58:22 -0500] "GET /galeria/nivo-slider/demo/images/porloshumedales.jpg HTTP/1.1" 200 351238
181.136.152.119 - - [07/Nov/2014:07:58:22 -0500] "GET /galeria/nivo-slider/demo/images/banner-aceite3.jpg HTTP/1.1" 200 88347
181.136.152.119 - - [07/Nov/2014:07:58:22 -0500] "GET /galeria/nivo-slider/demo/images/Banner-Ecourbanismo.jpg HTTP/1.1" 200 189838
181.136.152.119 - - [07/Nov/2014:07:58:22 -0500] "GET /galeria/nivo-slider/demo/images/Banner-Caracol-Africano.jpg HTTP/1.1" 200 331986
181.136.152.119 - - [07/Nov/2014:07:58:22 -0500] "GET /galeria/nivo-slider/demo/images/Tingua-azul.jpg HTTP/1.1" 200 307638
100.43.85.25 - - [07/Nov/2014:07:58:23 -0500] "GET /pread/sec/menu_r1_c1.gif HTTP/1.1" 404 1019
181.136.152.119 - - [07/Nov/2014:07:58:23 -0500] "GET /galeria/nivo-slider/demo/images/banner-redes.jpg HTTP/1.1" 200 62209
181.136.152.119 - - [07/Nov/2014:07:58:24 -0500] "GET /galeria/nivo-slider/demo/images/9Signos.jpg HTTP/1.1" 200 93040
181.136.152.119 - - [07/Nov/2014:07:58:24 -0500] "GET /galeria/nivo-slider/demo/images/banner-llantas2.jpg HTTP/1.1" 200 73153
181.136.152.119 - - [07/Nov/2014:07:58:25 -0500] "GET /galeria/nivo-slider/demo/images/banner-caballos.png HTTP/1.1" 200 389106
181.136.152.119 - - [07/Nov/2014:07:58:25 -0500] "GET /galeria/nivo-slider/demo/images/Hacienda_Molinos.jpg HTTP/1.1" 200 319171
181.136.152.119 - - [07/Nov/2014:07:58:25 -0500] "GET /galeria/nivo-slider/demo/images/bannerEcolecta3.jpg HTTP/1.1" 200 280034
181.136.152.119 - - [07/Nov/2014:07:58:25 -0500] "GET /galeria/nivo-slider/demo/scripts/jquery-1.7.1.min.js HTTP/1.1" 200 93868
201.245.192.253 - - [07/Nov/2014:07:58:25 -0500] "GET /galeria/nivo-slider/themes/default/default.css HTTP/1.1" 304 -
181.136.152.119 - - [07/Nov/2014:07:58:25 -0500] "GET /galeria/nivo-slider/jquery.nivo.slider.pack.js HTTP/1.1" 200 11561
181.136.152.119 - - [07/Nov/2014:07:58:26 -0500] "GET /galeria/nivo-slider/themes/default/loading.gif HTTP/1.1" 200 1737
181.136.152.119 - - [07/Nov/2014:07:58:26 -0500] "GET /galeria/nivo-slider/demo/images/4Simple_Slider.png HTTP/1.1" 200 11722
201.245.192.253 - - [07/Nov/2014:07:58:26 -0500] "GET /v/vVoe_pEZSHM?adformat=2_9&version=3&showinfo=0&rel=0&controls=1&iv_load_policy=1 HTTP/1.1" 404 3191
181.136.152.119 - - [07/Nov/2014:07:58:27 -0500] "GET /galeria/nivo-slider/themes/default/arrows.png HTTP/1.1" 200 824
181.136.152.119 - - [07/Nov/2014:07:58:27 -0500] "GET /galeria/nivo-slider/themes/default/bullets.png HTTP/1.1" 200 1281
181.136.152.119 - - [07/Nov/2014:07:58:30 -0500] "GET /videos/Spot_CambioClimatico.flv HTTP/1.1" 200 4371917
201.245.192.253 - - [07/Nov/2014:07:58:31 -0500] "POST /isolucionsda/ListadoMaestroDocumentos3.asp?Accion=Consultar&Mande=Buscar&paginaactual=21 HTTP/1.1" 200 20422
201.245.192.253 - - [07/Nov/2014:07:58:38 -0500] "POST /isolucionsda/ListadoMaestroDocumentos3.asp?Accion=Consultar&Mande=Buscar&paginaactual=20 HTTP/1.1" 200 20263
186.145.162.140 - - [07/Nov/2014:07:58:43 -0500] "POST /forms/lservlet;jsessionid=ac16012b30d5ce0ddffee1064743be8a8ffe18445590.e3iSbxaKaheRe34Sa3yKbhiTahb0n6jAmljGr5XDqQLvpAe HTTP/1.1" 200 8000
186.145.162.140 - - [07/Nov/2014:07:58:44 -0500] "POST /forms/lservlet;jsessionid=ac16012b30d5ce0ddffee1064743be8a8ffe18445590.e3iSbxaKaheRe34Sa3yKbhiTahb0n6jAmljGr5XDqQLvpAe HTTP/1.1" 200 64
186.145.162.140 - - [07/Nov/2014:07:58:44 -0500] "POST /forms/lservlet;jsessionid=ac16012b30d5ce0ddffee1064743be8a8ffe18445590.e3iSbxaKaheRe34Sa3yKbhiTahb0n6jAmljGr5XDqQLvpAe HTTP/1.1" 200 2
186.145.162.140 - - [07/Nov/2014:07:58:44 -0500] "POST /forms/lservlet;jsessionid=ac16012b30d5ce0ddffee1064743be8a8ffe18445590.e3iSbxaKaheRe34Sa3yKbhiTahb0n6jAmljGr5XDqQLvpAe HTTP/1.1" 200 2
186.145.162.140 - - [07/Nov/2014:07:58:44 -0500] "POST /forms/lservlet;jsessionid=ac16012b30d5ce0ddffee1064743be8a8ffe18445590.e3iSbxaKaheRe34Sa3yKbhiTahb0n6jAmljGr5XDqQLvpAe HTTP/1.1" 200 2
201.245.192.253 - - [07/Nov/2014:07:58:46 -0500] "POST /isolucionsda/ListadoMaestroDocumentos3.asp?Accion=Consultar&Mande=Buscar&paginaactual=19 HTTP/1.1" 200 20624
201.245.192.253 - - [07/Nov/2014:07:58:48 -0500] "GET /isolucionsda/ HTTP/1.1" 200 739
201.245.192.253 - - [07/Nov/2014:07:58:49 -0500] "GET /isolucionsda/ HTTP/1.1" 200 739
201.245.192.253 - - [07/Nov/2014:07:58:49 -0500] "GET /isolucionsda/IdentificaUsuario.asp?Pagina1=FrameSetGeneral.asp& HTTP/1.1" 200 4997
186.145.162.140 - - [07/Nov/2014:07:58:49 -0500] "POST /forms/lservlet;jsessionid=ac16012b30d5ce0ddffee1064743be8a8ffe18445590.e3iSbxaKaheRe34Sa3yKbhiTahb0n6jAmljGr5XDqQLvpAe HTTP/1.1" 200 34711
201.245.192.253 - - [07/Nov/2014:07:58:50 -0500] "POST /isolucionsda/ListadoMaestroDocumentos3.asp?Accion=Consultar&Mande=Buscar&paginaactual=18 HTTP/1.1" 200 21014
201.245.192.253 - - [07/Nov/2014:07:58:51 -0500] "GET /v/vVoe_pEZSHM?adformat=2_9&version=3&showinfo=0&rel=0&controls=1&iv_load_policy=1 HTTP/1.1" 404 3183
186.145.162.140 - - [07/Nov/2014:07:58:51 -0500] "GET /imagenes/listval.gif HTTP/1.1" 200 905
186.145.162.140 - - [07/Nov/2014:07:58:51 -0500] "GET /imagenes/tree1.gif HTTP/1.1" 200 1161
186.145.162.140 - - [07/Nov/2014:07:58:51 -0500] "GET /imagenes/listval.gif HTTP/1.1" 200 905
186.145.162.140 - - [07/Nov/2014:07:58:51 -0500] "GET /imagenes/CAMERA3.gif HTTP/1.1" 200 4150
186.145.162.140 - - [07/Nov/2014:07:58:51 -0500] "GET /imagenes/SLIDE1.gif HTTP/1.1" 200 1111
186.145.162.140 - - [07/Nov/2014:07:58:51 -0500] "GET /imagenes/flexcomb.gif HTTP/1.1" 200 1169
186.145.162.140 - - [07/Nov/2014:07:58:51 -0500] "GET /imagenes/GO.gif HTTP/1.1" 200 904
186.145.162.140 - - [07/Nov/2014:07:58:51 -0500] "GET /imagenes/HRTOOLS.gif HTTP/1.1" 200 2238
186.145.162.140 - - [07/Nov/2014:07:58:51 -0500] "GET /imagenes/rt_rec1.gif HTTP/1.1" 200 867
186.145.162.140 - - [07/Nov/2014:07:58:51 -0500] "GET /imagenes/apply.gif HTTP/1.1" 200 903
186.145.162.140 - - [07/Nov/2014:07:58:51 -0500] "GET /imagenes/exit.gif HTTP/1.1" 200 916
186.145.162.140 - - [07/Nov/2014:07:58:51 -0500] "GET /imagenes/LISTVAL.gif HTTP/1.1" 200 905
186.145.162.140 - - [07/Nov/2014:07:58:51 -0500] "GET /imagenes/edit.gif HTTP/1.1" 200 919
186.145.162.140 - - [07/Nov/2014:07:58:51 -0500] "GET /imagenes/rt_rec4.gif HTTP/1.1" 200 865
186.145.162.140 - - [07/Nov/2014:07:58:51 -0500] "GET /imagenes/rt_rec3.gif HTTP/1.1" 200 844
186.145.162.140 - - [07/Nov/2014:07:58:51 -0500] "GET /imagenes/rt_rec2.gif HTTP/1.1" 200 847
186.145.162.140 - - [07/Nov/2014:07:58:51 -0500] "GET /imagenes/rt_rdel.gif HTTP/1.1" 200 899
186.145.162.140 - - [07/Nov/2014:07:58:51 -0500] "GET /imagenes/rt_radd.gif HTTP/1.1" 200 907
186.145.162.140 - - [07/Nov/2014:07:58:51 -0500] "GET /imagenes/rt_quer3.gif HTTP/1.1" 200 939
186.145.162.140 - - [07/Nov/2014:07:58:51 -0500] "GET /imagenes/rt_quer2.gif HTTP/1.1" 200 936
186.145.162.140 - - [07/Nov/2014:07:58:51 -0500] "GET /imagenes/rt_quer1.gif HTTP/1.1" 200 930
186.145.162.140 - - [07/Nov/2014:07:58:51 -0500] "GET /imagenes/rt_save.gif HTTP/1.1" 200 903
186.145.162.140 - - [07/Nov/2014:07:58:51 -0500] "GET /imagenes/rt_pset.gif HTTP/1.1" 200 914
186.145.162.140 - - [07/Nov/2014:07:58:52 -0500] "GET /imagenes/QUEJA.gif HTTP/1.1" 200 1091
186.145.162.140 - - [07/Nov/2014:07:58:52 -0500] "GET /imagenes/ARBOL.gif HTTP/1.1" 200 1026
186.145.162.140 - - [07/Nov/2014:07:58:52 -0500] "GET /imagenes/Clipboard.gif HTTP/1.1" 200 1466
186.145.162.140 - - [07/Nov/2014:07:58:52 -0500] "GET /imagenes/DINERO.gif HTTP/1.1" 200 1766
186.145.162.140 - - [07/Nov/2014:07:58:52 -0500] "GET /imagenes/URGENTE.gif HTTP/1.1" 200 964
186.145.162.140 - - [07/Nov/2014:07:58:52 -0500] "GET /imagenes/TREE4.gif HTTP/1.1" 200 4150
186.145.162.140 - - [07/Nov/2014:07:58:52 -0500] "POST /forms/lservlet;jsessionid=ac16012b30d5ce0ddffee1064743be8a8ffe18445590.e3iSbxaKaheRe34Sa3yKbhiTahb0n6jAmljGr5XDqQLvpAe HTTP/1.1" 200 7
186.145.162.140 - - [07/Nov/2014:07:58:52 -0500] "POST /forms/lservlet;jsessionid=ac16012b30d5ce0ddffee1064743be8a8ffe18445590.e3iSbxaKaheRe34Sa3yKbhiTahb0n6jAmljGr5XDqQLvpAe HTTP/1.1" 200 34
186.145.162.140 - - [07/Nov/2014:07:58:52 -0500] "POST /forms/lservlet;jsessionid=ac16012b30d5ce0ddffee1064743be8a8ffe18445590.e3iSbxaKaheRe34Sa3yKbhiTahb0n6jAmljGr5XDqQLvpAe HTTP/1.1" 200 2
201.245.192.253 - - [07/Nov/2014:07:58:52 -0500] "POST /isolucionsda/IdentificaUsuario.asp?Pagina1=FrameSetGeneral.asp& HTTP/1.1" 302 173
201.245.192.253 - - [07/Nov/2014:07:58:52 -0500] "GET /isolucionsda/FrameSetGeneral.asp?Pagina1=FrameSetGeneral.asp& HTTP/1.1" 200 6613
201.245.192.253 - - [07/Nov/2014:07:58:52 -0500] "GET /isolucionsda/BarraTitulos.asp?Pagina1=FrameSetGeneral.asp&&Pagina=MagazinHome.asp HTTP/1.1" 200 6972
201.245.192.253 - - [07/Nov/2014:07:58:52 -0500] "GET /isolucionsda/Encabezado.asp?Pagina1=FrameSetGeneral.asp&&Pagina=MagazinHome.asp HTTP/1.1" 200 15388
201.245.192.253 - - [07/Nov/2014:07:58:52 -0500] "GET /isolucionsda/BarraFavoritos.asp HTTP/1.1" 200 911
201.245.192.253 - - [07/Nov/2014:07:58:52 -0500] "GET /isolucionsda/MagazinHome.asp HTTP/1.1" 200 25853
201.245.192.253 - - [07/Nov/2014:07:58:52 -0500] "GET /isolucionsda/g/Bgr_Destacado3399CC.jpg HTTP/1.1" 404 5217
201.245.192.253 - - [07/Nov/2014:07:58:52 -0500] "GET /isolucionsda/TareasSFRedirect.asp HTTP/1.1" 302 195
201.245.192.253 - - [07/Nov/2014:07:58:52 -0500] "GET /isolucionsda/Session.asp?Continue=1 HTTP/1.1" 200 6324
191.95.245.21 - - [07/Nov/2014:07:58:53 -0500] "GET /BLA/boletinlegal/js/jquery.js HTTP/1.1" 200 57254
201.245.192.253 - - [07/Nov/2014:07:58:52 -0500] "GET /isolucionsda/Login.aspx?TARGET=SFContainerFiltrado.aspx&number=54525070486856664550 HTTP/1.1" 302 886
201.245.192.253 - - [07/Nov/2014:07:58:54 -0500] "GET /isolucionsda/SFContainerFiltrado.aspx?Number=54525070486856664550 HTTP/1.1" 200 14314
191.95.245.21 - - [07/Nov/2014:07:58:54 -0500] "GET /BLA/boletinlegal/js/jquery.scrollTo-min.js HTTP/1.1" 200 1150
191.95.245.21 - - [07/Nov/2014:07:58:54 -0500] "GET /BLA/boletinlegal/js/jquery.scrollShow.js HTTP/1.1" 200 4586
201.245.192.253 - - [07/Nov/2014:07:58:54 -0500] "GET /isolucionsda/DetalleTareas.aspx?Number=54525070486856664550 HTTP/1.1" 302 144
201.245.192.253 - - [07/Nov/2014:07:58:54 -0500] "GET /isolucionsda/DetalleTareas.aspx?Number=54525070486856664550 HTTP/1.1" 200 5355
201.245.192.253 - - [07/Nov/2014:07:58:54 -0500] "GET /isolucionsda/ErrorMsg.aspx HTTP/1.1" 200 1701
190.216.133.36 - - [07/Nov/2014:07:58:54 -0500] "GET /BLA/boletinlegal/consulta_actos.php?tipo=autos&no=&usuario=&sector=&fecha=2012&resuelve=sancionatorio HTTP/1.1" 200 353748
201.245.192.253 - - [07/Nov/2014:07:58:55 -0500] "GET /isolucionsda/auxlib.js HTTP/1.1" 404 5185
201.245.192.253 - - [07/Nov/2014:07:58:55 -0500] "GET /isolucionsda/infowndpublic.js HTTP/1.1" 404 5199
201.245.192.253 - - [07/Nov/2014:07:58:55 -0500] "GET /isolucionsda/infowndcore.js HTTP/1.1" 404 5195
190.216.133.36 - - [07/Nov/2014:07:58:55 -0500] "GET /BLA/boletinlegal/images/pdf.gif HTTP/1.1" 304 -
190.216.133.36 - - [07/Nov/2014:07:58:55 -0500] "GET /BLA/boletinlegal/images/background.gif HTTP/1.1" 304 -
186.145.162.140 - - [07/Nov/2014:07:58:55 -0500] "POST /forms/lservlet;jsessionid=ac16012b30d5ce0ddffee1064743be8a8ffe18445590.e3iSbxaKaheRe34Sa3yKbhiTahb0n6jAmljGr5XDqQLvpAe HTTP/1.1" 200 647
201.245.192.253 - - [07/Nov/2014:07:58:57 -0500] "GET /isolucionsda/FrameSetGeneral.asp?Pagina=Menu.asp&IdModulo=4 HTTP/1.1" 200 6583
186.147.66.232 - - [07/Nov/2014:07:57:40 -0500] "POST /forest/buscar.do? HTTP/1.1" 200 16964
201.245.192.253 - - [07/Nov/2014:07:58:57 -0500] "GET /isolucionsda/Encabezado.asp?Pagina=Menu.asp&IdModulo=4 HTTP/1.1" 200 15389
201.245.192.253 - - [07/Nov/2014:07:58:57 -0500] "GET /isolucionsda/BarraTitulos.asp?Pagina=Menu.asp&IdModulo=4 HTTP/1.1" 200 6985
201.245.192.253 - - [07/Nov/2014:07:58:57 -0500] "GET /isolucionsda/BarraFavoritos.asp HTTP/1.1" 200 911
201.245.192.253 - - [07/Nov/2014:07:58:57 -0500] "GET /isolucionsda/Menu.asp?Pagina=Menu.asp&IdModulo=4 HTTP/1.1" 200 9682
201.245.192.253 - - [07/Nov/2014:07:58:57 -0500] "GET /isolucionsda/Session.asp?Continue=1 HTTP/1.1" 200 6324
186.147.66.232 - - [07/Nov/2014:07:58:58 -0500] "GET /forest/img/scanner.gif HTTP/1.1" 200 1136
186.145.162.140 - - [07/Nov/2014:07:59:00 -0500] "POST /forms/lservlet;jsessionid=ac16012b30d5ce0ddffee1064743be8a8ffe18445590.e3iSbxaKaheRe34Sa3yKbhiTahb0n6jAmljGr5XDqQLvpAe HTTP/1.1" 200 49
201.245.192.253 - - [07/Nov/2014:07:59:00 -0500] "GET /isolucionsda/FrameSetGeneral.asp?Pagina=ListadoMaestroDocumentos3.asp HTTP/1.1" 200 6634
201.245.192.253 - - [07/Nov/2014:07:59:00 -0500] "GET /isolucionsda/Encabezado.asp?Pagina=ListadoMaestroDocumentos3.asp HTTP/1.1" 200 15364
201.245.192.253 - - [07/Nov/2014:07:59:00 -0500] "GET /isolucionsda/BarraTitulos.asp?Pagina=ListadoMaestroDocumentos3.asp HTTP/1.1" 200 6985
201.245.192.253 - - [07/Nov/2014:07:59:00 -0500] "GET /isolucionsda/ListadoMaestroDocumentos3.asp?Pagina=ListadoMaestroDocumentos3.asp HTTP/1.1" 200 11467
201.245.192.253 - - [07/Nov/2014:07:59:00 -0500] "GET /isolucionsda/Session.asp?Continue=1 HTTP/1.1" 200 6324
201.245.192.253 - - [07/Nov/2014:07:59:00 -0500] "GET /isolucionsda/BarraFavoritos.asp HTTP/1.1" 200 911
190.216.133.36 - - [07/Nov/2014:07:59:02 -0500] "GET /BLA/resoluciones/AUTOS%202012/3112.pdf HTTP/1.1" 200 1978577
201.245.192.253 - - [07/Nov/2014:07:59:05 -0500] "POST /isolucionsda/ListadoMaestroDocumentos3.asp HTTP/1.1" 200 20518
186.154.253.106 - - [07/Nov/2014:07:59:06 -0500] "GET /galeria/nivo-slider/demo/demo.html HTTP/1.1" 200 3542
186.154.253.106 - - [07/Nov/2014:07:59:06 -0500] "GET /galeria/nivo-slider/demo/images/Banner-comparendo.jpg HTTP/1.1" 200 388762
186.154.253.106 - - [07/Nov/2014:07:59:06 -0500] "GET /galeria/nivo-slider/demo/images/Banner-Ecourbanismo.jpg HTTP/1.1" 304 -
186.154.253.106 - - [07/Nov/2014:07:59:06 -0500] "GET /galeria/nivo-slider/demo/images/porloshumedales.jpg HTTP/1.1" 304 -
201.245.192.253 - - [07/Nov/2014:07:59:07 -0500] "GET /plugins/like.php?href=http%3A%2F%2Fwww.facebook.com%2Fmundonets&layout=box_count&width=&show_faces=1&action=like&colorscheme=light&height= HTTP/1.1" 404 1290
186.154.253.106 - - [07/Nov/2014:07:59:07 -0500] "GET /videos/Spot_CambioClimatico.flv HTTP/1.1" 304 -
186.145.162.140 - - [07/Nov/2014:07:59:11 -0500] "POST /forms/lservlet;jsessionid=ac16012b30d5ce0ddffee1064743be8a8ffe18445590.e3iSbxaKaheRe34Sa3yKbhiTahb0n6jAmljGr5XDqQLvpAe HTTP/1.1" 200 80
190.248.27.170 - - [07/Nov/2014:07:59:13 -0500] "GET /galeria/carrusel/Carrusel/jquery.thumbnailScroller.css HTTP/1.1" 200 2066
190.248.27.170 - - [07/Nov/2014:07:59:13 -0500] "GET /BLA/boletinlegal/js/jquery.scrollShow.js HTTP/1.1" 200 4586
190.248.27.170 - - [07/Nov/2014:07:59:13 -0500] "GET /BLA/boletinlegal/js/jquery.js HTTP/1.1" 200 57254
190.248.27.170 - - [07/Nov/2014:07:59:13 -0500] "GET /BLA/boletinlegal/js/jquery.scrollTo-min.js HTTP/1.1" 200 1150
190.248.27.170 - - [07/Nov/2014:07:59:14 -0500] "GET /galeria/carrusel/Carrusel/jquery.thumbnailScroller.js HTTP/1.1" 200 8157
190.248.27.170 - - [07/Nov/2014:07:59:14 -0500] "GET /galeria/carrusel/Carrusel/jquery-ui-1.8.13.custom.min.js HTTP/1.1" 200 10800
190.248.27.170 - - [07/Nov/2014:07:59:14 -0500] "GET /galeria/nivo-slider/demo/demo.html HTTP/1.1" 200 3542
190.248.27.170 - - [07/Nov/2014:07:59:15 -0500] "GET /galeria/nivo-slider/themes/orman/orman.css HTTP/1.1" 200 2152
190.248.27.170 - - [07/Nov/2014:07:59:15 -0500] "GET /galeria/nivo-slider/themes/pascal/pascal.css HTTP/1.1" 200 2258
190.248.27.170 - - [07/Nov/2014:07:59:15 -0500] "GET /galeria/nivo-slider/themes/default/default.css HTTP/1.1" 200 1569
190.248.27.170 - - [07/Nov/2014:07:59:15 -0500] "GET /galeria/nivo-slider/nivo-slider.css HTTP/1.1" 200 1507
190.248.27.170 - - [07/Nov/2014:07:59:15 -0500] "GET /galeria/nivo-slider/demo/style.css HTTP/1.1" 200 2222
190.248.27.170 - - [07/Nov/2014:07:59:15 -0500] "GET /galeria/nivo-slider/demo/images/Banner-comparendo.jpg HTTP/1.1" 200 388762
190.248.27.170 - - [07/Nov/2014:07:59:15 -0500] "GET /galeria/nivo-slider/jquery.nivo.slider.pack.js HTTP/1.1" 200 11561
190.248.27.170 - - [07/Nov/2014:07:59:15 -0500] "GET /galeria/nivo-slider/demo/images/Banner-Ecourbanismo.jpg HTTP/1.1" 200 189838
190.248.27.170 - - [07/Nov/2014:07:59:15 -0500] "GET /galeria/nivo-slider/demo/scripts/jquery-1.7.1.min.js HTTP/1.1" 200 93868
190.248.27.170 - - [07/Nov/2014:07:59:15 -0500] "GET /galeria/nivo-slider/demo/images/porloshumedales.jpg HTTP/1.1" 200 351238
190.248.27.170 - - [07/Nov/2014:07:59:15 -0500] "GET /galeria/nivo-slider/demo/images/banner-aceite3.jpg HTTP/1.1" 200 88347
190.248.27.170 - - [07/Nov/2014:07:59:15 -0500] "GET /galeria/nivo-slider/demo/images/Tingua-azul.jpg HTTP/1.1" 200 307638
186.145.162.140 - - [07/Nov/2014:07:59:15 -0500] "POST /forms/lservlet;jsessionid=ac16012b30d5ce0ddffee1064743be8a8ffe18445590.e3iSbxaKaheRe34Sa3yKbhiTahb0n6jAmljGr5XDqQLvpAe HTTP/1.1" 200 24
66.249.64.171 - - [07/Nov/2014:07:59:16 -0500] "GET /BLA/resoluciones/RESOLUCIONES%202011/4653.pdf HTTP/1.1" 200 613026
190.248.27.170 - - [07/Nov/2014:07:59:16 -0500] "GET /galeria/nivo-slider/demo/images/Banner-Caracol-Africano.jpg HTTP/1.1" 200 331986
186.145.162.140 - - [07/Nov/2014:07:59:15 -0500] "POST /forms/lservlet;jsessionid=ac16012b30d5ce0ddffee1064743be8a8ffe18445590.e3iSbxaKaheRe34Sa3yKbhiTahb0n6jAmljGr5XDqQLvpAe HTTP/1.1" 200 14
186.145.162.140 - - [07/Nov/2014:07:59:17 -0500] "POST /forms/lservlet;jsessionid=ac16012b30d5ce0ddffee1064743be8a8ffe18445590.e3iSbxaKaheRe34Sa3yKbhiTahb0n6jAmljGr5XDqQLvpAe HTTP/1.1" 200 591
186.145.162.140 - - [07/Nov/2014:07:59:17 -0500] "POST /forms/lservlet;jsessionid=ac16012b30d5ce0ddffee1064743be8a8ffe18445590.e3iSbxaKaheRe34Sa3yKbhiTahb0n6jAmljGr5XDqQLvpAe HTTP/1.1" 200 20
190.248.27.170 - - [07/Nov/2014:07:59:17 -0500] "GET /galeria/nivo-slider/demo/images/banner-redes.jpg HTTP/1.1" 200 62209
180.76.6.29 - - [07/Nov/2014:07:59:17 -0500] "GET /BLA/resoluciones/RESOLUCIONES%202007/RES%202007%20401%20AL%20500/RESOLUCION%200450%20DE%202007.pdf HTTP/1.1" 200 885336
190.248.27.170 - - [07/Nov/2014:07:59:17 -0500] "GET /galeria/nivo-slider/demo/images/9Signos.jpg HTTP/1.1" 200 93040
190.248.27.170 - - [07/Nov/2014:07:59:18 -0500] "GET /galeria/nivo-slider/demo/images/banner-llantas2.jpg HTTP/1.1" 200 73153
190.248.27.170 - - [07/Nov/2014:07:59:18 -0500] "GET /galeria/nivo-slider/demo/images/banner-caballos.png HTTP/1.1" 200 389106
190.248.27.170 - - [07/Nov/2014:07:59:19 -0500] "GET /galeria/nivo-slider/demo/images/Hacienda_Molinos.jpg HTTP/1.1" 200 319171
186.145.162.140 - - [07/Nov/2014:07:59:19 -0500] "POST /forms/lservlet;jsessionid=ac16012b30d5ce0ddffee1064743be8a8ffe18445590.e3iSbxaKaheRe34Sa3yKbhiTahb0n6jAmljGr5XDqQLvpAe HTTP/1.1" 200 2
186.145.162.140 - - [07/Nov/2014:07:59:19 -0500] "POST /forms/lservlet;jsessionid=ac16012b30d5ce0ddffee1064743be8a8ffe18445590.e3iSbxaKaheRe34Sa3yKbhiTahb0n6jAmljGr5XDqQLvpAe HTTP/1.1" 200 281
186.145.162.140 - - [07/Nov/2014:07:59:19 -0500] "POST /forms/lservlet;jsessionid=ac16012b30d5ce0ddffee1064743be8a8ffe18445590.e3iSbxaKaheRe34Sa3yKbhiTahb0n6jAmljGr5XDqQLvpAe HTTP/1.1" 200 10
190.248.27.170 - - [07/Nov/2014:07:59:19 -0500] "GET /galeria/nivo-slider/demo/images/bannerEcolecta3.jpg HTTP/1.1" 200 280034
190.248.27.170 - - [07/Nov/2014:07:59:19 -0500] "GET /galeria/nivo-slider/demo/images/4Simple_Slider.png HTTP/1.1" 200 11722
190.248.27.170 - - [07/Nov/2014:07:59:20 -0500] "GET /galeria/nivo-slider/themes/default/loading.gif HTTP/1.1" 200 1737
190.248.27.170 - - [07/Nov/2014:07:59:20 -0500] "GET /videos/Spot_CambioClimatico.flv HTTP/1.1" 200 4371917
201.245.192.253 - - [07/Nov/2014:07:59:20 -0500] "POST /isolucionsda/ListadoMaestroDocumentos3.asp HTTP/1.1" 200 20675
186.145.162.140 - - [07/Nov/2014:07:59:20 -0500] "POST /forms/lservlet;jsessionid=ac16012b30d5ce0ddffee1064743be8a8ffe18445590.e3iSbxaKaheRe34Sa3yKbhiTahb0n6jAmljGr5XDqQLvpAe HTTP/1.1" 200 426
190.248.27.170 - - [07/Nov/2014:07:59:24 -0500] "GET /galeria/nivo-slider/themes/default/arrows.png HTTP/1.1" 200 824
190.248.27.170 - - [07/Nov/2014:07:59:24 -0500] "GET /galeria/nivo-slider/themes/default/bullets.png HTTP/1.1" 200 1281
186.145.162.140 - - [07/Nov/2014:07:59:24 -0500] "POST /forms/lservlet;jsessionid=ac16012b30d5ce0ddffee1064743be8a8ffe18445590.e3iSbxaKaheRe34Sa3yKbhiTahb0n6jAmljGr5XDqQLvpAe HTTP/1.1" 200 52
201.245.192.253 - - [07/Nov/2014:07:59:29 -0500] "GET /isolucionsda/ HTTP/1.1" 200 739
181.48.146.202 - - [07/Nov/2014:07:59:31 -0500] "GET /videos/Spot_CambioClimatico.flv HTTP/1.1" 200 4371917
186.145.162.140 - - [07/Nov/2014:07:59:31 -0500] "POST /forms/lservlet;jsessionid=ac16012b30d5ce0ddffee1064743be8a8ffe18445590.e3iSbxaKaheRe34Sa3yKbhiTahb0n6jAmljGr5XDqQLvpAe HTTP/1.1" 200 24
186.145.162.140 - - [07/Nov/2014:07:59:31 -0500] "POST /forms/lservlet;jsessionid=ac16012b30d5ce0ddffee1064743be8a8ffe18445590.e3iSbxaKaheRe34Sa3yKbhiTahb0n6jAmljGr5XDqQLvpAe HTTP/1.1" 200 530
186.145.162.140 - - [07/Nov/2014:07:59:31 -0500] "POST /forms/lservlet;jsessionid=ac16012b30d5ce0ddffee1064743be8a8ffe18445590.e3iSbxaKaheRe34Sa3yKbhiTahb0n6jAmljGr5XDqQLvpAe HTTP/1.1" 200 20
186.145.162.140 - - [07/Nov/2014:07:59:32 -0500] "POST /forms/lservlet;jsessionid=ac16012b30d5ce0ddffee1064743be8a8ffe18445590.e3iSbxaKaheRe34Sa3yKbhiTahb0n6jAmljGr5XDqQLvpAe HTTP/1.1" 200 2
186.145.162.140 - - [07/Nov/2014:07:59:32 -0500] "POST /forms/lservlet;jsessionid=ac16012b30d5ce0ddffee1064743be8a8ffe18445590.e3iSbxaKaheRe34Sa3yKbhiTahb0n6jAmljGr5XDqQLvpAe HTTP/1.1" 200 281
186.145.162.140 - - [07/Nov/2014:07:59:32 -0500] "POST /forms/lservlet;jsessionid=ac16012b30d5ce0ddffee1064743be8a8ffe18445590.e3iSbxaKaheRe34Sa3yKbhiTahb0n6jAmljGr5XDqQLvpAe HTTP/1.1" 200 10
201.245.192.253 - - [07/Nov/2014:07:59:33 -0500] "GET /isolucionsda/Jerarquia.asp?Tabla=Proceso&Form=Admon&CampoDisplay=ProcesoDisplayObjetoProceso&CampoHidden=Proceso&bSubmit=True&items= HTTP/1.1" 200 10587
186.145.162.140 - - [07/Nov/2014:07:59:33 -0500] "POST /forms/lservlet;jsessionid=ac16012b30d5ce0ddffee1064743be8a8ffe18445590.e3iSbxaKaheRe34Sa3yKbhiTahb0n6jAmljGr5XDqQLvpAe HTTP/1.1" 200 60
186.145.162.140 - - [07/Nov/2014:07:59:34 -0500] "POST /forms/lservlet;jsessionid=ac16012b30d5ce0ddffee1064743be8a8ffe18445590.e3iSbxaKaheRe34Sa3yKbhiTahb0n6jAmljGr5XDqQLvpAe HTTP/1.1" 200 440
201.245.192.253 - - [07/Nov/2014:07:59:34 -0500] "POST /isolucionsda/ListadoMaestroDocumentos3.asp?Accion=Consultar&Mande=Buscar&paginaactual=22 HTTP/1.1" 200 21046
186.145.162.140 - - [07/Nov/2014:07:59:36 -0500] "POST /forms/lservlet;jsessionid=ac16012b30d5ce0ddffee1064743be8a8ffe18445590.e3iSbxaKaheRe34Sa3yKbhiTahb0n6jAmljGr5XDqQLvpAe HTTP/1.1" 200 52
190.216.133.36 - - [07/Nov/2014:07:59:37 -0500] "GET /BLA/resoluciones/AUTOS%202012/3105.pdf HTTP/1.1" 200 2162179
186.145.162.140 - - [07/Nov/2014:07:59:42 -0500] "POST /forms/lservlet;jsessionid=ac16012b30d5ce0ddffee1064743be8a8ffe18445590.e3iSbxaKaheRe34Sa3yKbhiTahb0n6jAmljGr5XDqQLvpAe HTTP/1.1" 200 24
186.145.162.140 - - [07/Nov/2014:07:59:42 -0500] "POST /forms/lservlet;jsessionid=ac16012b30d5ce0ddffee1064743be8a8ffe18445590.e3iSbxaKaheRe34Sa3yKbhiTahb0n6jAmljGr5XDqQLvpAe HTTP/1.1" 200 530
186.145.162.140 - - [07/Nov/2014:07:59:42 -0500] "POST /forms/lservlet;jsessionid=ac16012b30d5ce0ddffee1064743be8a8ffe18445590.e3iSbxaKaheRe34Sa3yKbhiTahb0n6jAmljGr5XDqQLvpAe HTTP/1.1" 200 20
186.145.162.140 - - [07/Nov/2014:07:59:45 -0500] "POST /forms/lservlet;jsessionid=ac16012b30d5ce0ddffee1064743be8a8ffe18445590.e3iSbxaKaheRe34Sa3yKbhiTahb0n6jAmljGr5XDqQLvpAe HTTP/1.1" 200 2
186.145.162.140 - - [07/Nov/2014:07:59:46 -0500] "POST /forms/lservlet;jsessionid=ac16012b30d5ce0ddffee1064743be8a8ffe18445590.e3iSbxaKaheRe34Sa3yKbhiTahb0n6jAmljGr5XDqQLvpAe HTTP/1.1" 200 472
186.145.162.140 - - [07/Nov/2014:07:59:46 -0500] "POST /forms/lservlet;jsessionid=ac16012b30d5ce0ddffee1064743be8a8ffe18445590.e3iSbxaKaheRe34Sa3yKbhiTahb0n6jAmljGr5XDqQLvpAe HTTP/1.1" 200 10
66.249.64.163 - - [07/Nov/2014:07:59:46 -0500] "GET /BLA/resoluciones/index.php?dir=RESOLUCIONES%202006/RES%202006%20201-250/&sort=size&order=asc HTTP/1.1" 200 12238
186.145.162.140 - - [07/Nov/2014:07:59:47 -0500] "POST /forms/lservlet;jsessionid=ac16012b30d5ce0ddffee1064743be8a8ffe18445590.e3iSbxaKaheRe34Sa3yKbhiTahb0n6jAmljGr5XDqQLvpAe HTTP/1.1" 200 52
208.30.41.59 - - [07/Nov/2014:07:59:47 -0500] "GET /crossdomain.xml HTTP/1.1" 404 1280
201.245.192.253 - - [07/Nov/2014:07:59:48 -0500] "POST /isolucionsda/Jerarquia.asp HTTP/1.1" 200 8102
208.30.41.59 - - [07/Nov/2014:07:59:47 -0500] "GET /arcgis/services/Calidad_del_Agua_WQI/MapServer/WMSServer?STYLES=&FORMAT=image%2Fpng&WIDTH=1680&LAYERS=3%2C4%2C5%2C6%2C7&BBOX=%2D74%2E30083604703748%2C4%2E6012079946528255%2C%2D73%2E90108659805799%2C4%2E821308137692125&HEIGHT=925&SERVICE=WMS&VERSION=1%2E1%2E1&SRS=EPSG%3A4686&REQUEST=GetMap&TRANSPARENT=TRUE HTTP/1.1" 200 13465
201.245.192.253 - - [07/Nov/2014:07:59:48 -0500] "POST /isolucionsda/ListadoMaestroDocumentos3.asp HTTP/1.1" 200 16403
66.249.64.171 - - [07/Nov/2014:07:59:51 -0500] "GET /BLA/resoluciones/RESOLUCIONES%202011/1103.pdf HTTP/1.1" 304 -
201.245.192.253 - - [07/Nov/2014:07:59:52 -0500] "POST /isolucionsda/ListadoMaestroDocumentos3.asp?Accion=Consultar&Mande=Buscar&paginaactual=21 HTTP/1.1" 200 20422
201.245.192.253 - - [07/Nov/2014:07:59:53 -0500] "GET /forest/index2.jsp?a=0.7324795556574155 HTTP/1.1" 200 12486
201.245.192.253 - - [07/Nov/2014:07:59:53 -0500] "GET /forest/img/forestIcon.gif?version=1411.041919 HTTP/1.1" 200 573
201.245.192.253 - - [07/Nov/2014:07:59:53 -0500] "GET /forest/skins/gdocs-jar/css/forest.css?version=1411.041919 HTTP/1.1" 200 51
201.245.192.253 - - [07/Nov/2014:07:59:53 -0500] "GET /forest/css/index.css?version=1411.041919 HTTP/1.1" 200 1900
201.245.192.253 - - [07/Nov/2014:07:59:53 -0500] "GET /forest/skins/gdocs-jar/css/menu.css?version=1411.041919 HTTP/1.1" 200 4235
201.245.192.253 - - [07/Nov/2014:07:59:53 -0500] "GET /forest/skins/gdocs-jar/css/autocomplete.css?version=1411.041919 HTTP/1.1" 200 1620
201.245.192.253 - - [07/Nov/2014:07:59:53 -0500] "GET /forest/skins/gdocs-jar/css/forms.css?version=1411.041919 HTTP/1.1" 200 7180
201.245.192.253 - - [07/Nov/2014:07:59:53 -0500] "GET /forest/skins/gdocs-jar/css/dialog.css?version=1411.041919 HTTP/1.1" 200 1430
201.245.192.253 - - [07/Nov/2014:07:59:53 -0500] "GET /forest/1ibre/jscalendar/calendar-win2k-1.css?version=1411.041919 HTTP/1.1" 200 5986
201.245.192.253 - - [07/Nov/2014:07:59:53 -0500] "GET /forest/css/escritorio.css?version=1411.041919 HTTP/1.1" 200 15878
201.245.192.253 - - [07/Nov/2014:07:59:53 -0500] "GET /forest/skins/gdocs-jar/css/forest.css?version=1411.041919 HTTP/1.1" 200 51
201.245.192.253 - - [07/Nov/2014:07:59:53 -0500] "GET /forest/img/spacer.gif HTTP/1.1" 200 43
201.245.192.253 - - [07/Nov/2014:07:59:53 -0500] "GET /forest/img/loading.gif HTTP/1.1" 200 1197
201.245.192.253 - - [07/Nov/2014:07:59:53 -0500] "GET /forest/img/panel/view_icon.gif HTTP/1.1" 200 681
201.245.192.253 - - [07/Nov/2014:07:59:53 -0500] "GET /forest/jsoptimized/gz/js/gdocsall-1411.041919.js HTTP/1.1" 200 96626
201.245.192.253 - - [07/Nov/2014:07:59:53 -0500] "GET /forest/1ibre/jscalendar/calendar-win2k-1.css?version=1411.041919 HTTP/1.1" 200 5986
201.245.192.253 - - [07/Nov/2014:07:59:53 -0500] "GET /forest/skins/gdocs-jar/css/autocomplete.css?version=1411.041919 HTTP/1.1" 200 1620
201.245.192.253 - - [07/Nov/2014:07:59:53 -0500] "GET /forest/skins/gdocs-jar/css/dialog.css?version=1411.041919 HTTP/1.1" 200 1430
201.245.192.253 - - [07/Nov/2014:07:59:53 -0500] "GET /forest/css/index.css?version=1411.041919 HTTP/1.1" 200 1900
201.245.192.253 - - [07/Nov/2014:07:59:53 -0500] "GET /forest/img/mplogo.gif HTTP/1.1" 200 806
201.245.192.253 - - [07/Nov/2014:07:59:53 -0500] "GET /forest/skins/gdocs-jar/img/okey.gif HTTP/1.1" 200 203
201.245.192.253 - - [07/Nov/2014:07:59:53 -0500] "GET /forest/css/escritorio.css?version=1411.041919 HTTP/1.1" 200 15878
201.245.192.253 - - [07/Nov/2014:07:59:53 -0500] "GET /forest/skins/gdocs-jar/css/menu.css?version=1411.041919 HTTP/1.1" 200 4235
201.245.192.253 - - [07/Nov/2014:07:59:53 -0500] "GET /forest/skins/gdocs-jar/css/forms.css?version=1411.041919 HTTP/1.1" 200 7180
201.245.192.253 - - [07/Nov/2014:07:59:53 -0500] "GET /forest/img/forestIcon.gif?version=1411.041919 HTTP/1.1" 200 573
201.245.192.253 - - [07/Nov/2014:07:59:53 -0500] "GET /forest/js/json3.js HTTP/1.1" 200 39592
201.245.192.253 - - [07/Nov/2014:07:59:53 -0500] "GET /forest/js/json3.js HTTP/1.1" 200 39592
201.245.192.253 - - [07/Nov/2014:07:59:53 -0500] "GET /forest/img/close.gif HTTP/1.1" 200 571
201.245.192.253 - - [07/Nov/2014:07:59:53 -0500] "GET /forest/jsoptimized/gz/js/gdocsall-1411.041919.js HTTP/1.1" 200 96626
201.245.192.253 - - [07/Nov/2014:07:59:53 -0500] "GET /forest/img/spacer.gif HTTP/1.1" 200 43
201.245.192.253 - - [07/Nov/2014:07:59:53 -0500] "GET /forest/img/loading.gif HTTP/1.1" 200 1197
201.245.192.253 - - [07/Nov/2014:07:59:53 -0500] "GET /forest/img/panel/view_icon.gif HTTP/1.1" 200 681
201.245.192.253 - - [07/Nov/2014:07:59:53 -0500] "GET /forest/img/close.gif HTTP/1.1" 200 571
201.245.192.253 - - [07/Nov/2014:07:59:53 -0500] "GET /forest/img/inicio/1.gif HTTP/1.1" 200 23925
201.245.192.253 - - [07/Nov/2014:07:59:53 -0500] "GET /forest/img/inicio/2.gif HTTP/1.1" 200 42562
201.245.192.253 - - [07/Nov/2014:07:59:53 -0500] "GET /forest/img/inicio/3.gif HTTP/1.1" 200 29737
201.245.192.253 - - [07/Nov/2014:07:59:54 -0500] "GET /forest/skins/gdocs-jar/img/okey.gif HTTP/1.1" 200 203
201.245.192.253 - - [07/Nov/2014:07:59:54 -0500] "GET /forest/img/mplogo.gif HTTP/1.1" 200 806
201.245.192.253 - - [07/Nov/2014:07:59:54 -0500] "GET /forest/img/inicio/6.gif HTTP/1.1" 200 12239
201.245.192.253 - - [07/Nov/2014:07:59:54 -0500] "GET /forest/img/inicio/7.gif HTTP/1.1" 200 18547
201.245.192.253 - - [07/Nov/2014:07:59:54 -0500] "GET /forest/img/inicio/4.gif HTTP/1.1" 200 27784
201.245.192.253 - - [07/Nov/2014:07:59:54 -0500] "GET /forest/img/inicio/5.gif HTTP/1.1" 200 25611
201.245.192.253 - - [07/Nov/2014:07:59:54 -0500] "GET /forest/img/forestIcon.gif?version=1411.041919 HTTP/1.1" 304 -
190.242.39.175 - - [07/Nov/2014:07:59:56 -0500] "GET /galeria/carrusel/Carrusel/jquery.thumbnailScroller.js HTTP/1.1" 200 8157
190.242.39.175 - - [07/Nov/2014:07:59:56 -0500] "GET /galeria/carrusel/Carrusel/jquery.thumbnailScroller.css HTTP/1.1" 200 2066
190.242.39.175 - - [07/Nov/2014:07:59:56 -0500] "GET /galeria/carrusel/Carrusel/jquery-ui-1.8.13.custom.min.js HTTP/1.1" 200 10800
190.242.39.175 - - [07/Nov/2014:07:59:56 -0500] "GET /BLA/boletinlegal/js/jquery.scrollShow.js HTTP/1.1" 200 4586
190.242.39.175 - - [07/Nov/2014:07:59:56 -0500] "GET /BLA/boletinlegal/js/jquery.scrollTo-min.js HTTP/1.1" 200 1150
186.145.162.140 - - [07/Nov/2014:07:59:56 -0500] "POST /forms/lservlet;jsessionid=ac16012b30d5ce0ddffee1064743be8a8ffe18445590.e3iSbxaKaheRe34Sa3yKbhiTahb0n6jAmljGr5XDqQLvpAe HTTP/1.1" 200 24
186.145.162.140 - - [07/Nov/2014:07:59:56 -0500] "POST /forms/lservlet;jsessionid=ac16012b30d5ce0ddffee1064743be8a8ffe18445590.e3iSbxaKaheRe34Sa3yKbhiTahb0n6jAmljGr5XDqQLvpAe HTTP/1.1" 200 530
66.249.64.163 - - [07/Nov/2014:07:59:57 -0500] "GET /BLA/resoluciones/RESOLUCIONES%202007/RES%202007%201726%20AL%201800/RESOLUCION%201788%20DE%202007.pdf HTTP/1.1" 304 -
186.145.162.140 - - [07/Nov/2014:07:59:57 -0500] "POST /forms/lservlet;jsessionid=ac16012b30d5ce0ddffee1064743be8a8ffe18445590.e3iSbxaKaheRe34Sa3yKbhiTahb0n6jAmljGr5XDqQLvpAe HTTP/1.1" 200 20
201.245.192.253 - - [07/Nov/2014:07:59:57 -0500] "POST /isolucionsda/ListadoMaestroDocumentos3.asp?Accion=Consultar&Mande=Buscar&paginaactual=23 HTTP/1.1" 200 20678
201.245.192.253 - - [07/Nov/2014:07:59:58 -0500] "POST /isolucionsda/ListadoMaestroDocumentos3.asp?Accion=Consultar&Mande=Buscar&paginaactual=2 HTTP/1.1" 200 16105
190.242.39.175 - - [07/Nov/2014:07:59:59 -0500] "GET /BLA/boletinlegal/js/jquery.js HTTP/1.1" 200 57254
190.242.39.175 - - [07/Nov/2014:07:59:59 -0500] "GET /galeria/nivo-slider/demo/demo.html HTTP/1.1" 200 3542
190.242.39.175 - - [07/Nov/2014:07:59:59 -0500] "GET /galeria/nivo-slider/themes/orman/orman.css HTTP/1.1" 200 2152
190.242.39.175 - - [07/Nov/2014:07:59:59 -0500] "GET /galeria/nivo-slider/themes/pascal/pascal.css HTTP/1.1" 200 2258
190.242.39.175 - - [07/Nov/2014:07:59:59 -0500] "GET /galeria/nivo-slider/nivo-slider.css HTTP/1.1" 200 1507
190.242.39.175 - - [07/Nov/2014:07:59:59 -0500] "GET /galeria/nivo-slider/demo/style.css HTTP/1.1" 200 2222
190.242.39.175 - - [07/Nov/2014:07:59:59 -0500] "GET /galeria/nivo-slider/themes/default/default.css HTTP/1.1" 200 1569
190.242.39.175 - - [07/Nov/2014:07:59:59 -0500] "GET /galeria/nivo-slider/demo/images/Banner-comparendo.jpg HTTP/1.1" 200 388762
190.242.39.175 - - [07/Nov/2014:07:59:59 -0500] "GET /galeria/nivo-slider/demo/images/porloshumedales.jpg HTTP/1.1" 200 351238
190.242.39.175 - - [07/Nov/2014:07:59:59 -0500] "GET /galeria/nivo-slider/demo/scripts/jquery-1.7.1.min.js HTTP/1.1" 200 93868
190.242.39.175 - - [07/Nov/2014:07:59:59 -0500] "GET /galeria/nivo-slider/demo/images/Banner-Ecourbanismo.jpg HTTP/1.1" 200 189838
190.242.39.175 - - [07/Nov/2014:07:59:59 -0500] "GET /galeria/nivo-slider/demo/images/banner-aceite3.jpg HTTP/1.1" 200 88347
190.144.156.66 - - [07/Nov/2014:07:59:59 -0500] "GET /BLA/boletinlegal/js/jquery.scrollShow.js HTTP/1.1" 200 4586
186.145.162.140 - - [07/Nov/2014:07:59:59 -0500] "POST /forms/lservlet;jsessionid=ac16012b30d5ce0ddffee1064743be8a8ffe18445590.e3iSbxaKaheRe34Sa3yKbhiTahb0n6jAmljGr5XDqQLvpAe HTTP/1.1" 200 426
