201.245.192.253 - - [07/Nov/2014:07:07:28 -0500] "GET /galeria/carrusel/Carrusel/jquery-ui-%20%201.8.13.custom.min.js HTTP/1.1" 404 1018
190.127.234.88 - - [07/Nov/2014:07:07:30 -0500] "GET /galeria/nivo-slider/themes/default/loading.gif HTTP/1.1" 200 1737
66.249.64.167 - - [07/Nov/2014:07:07:31 -0500] "GET /BLA/resoluciones/RESOLUCIONES%202013/2787.pdf HTTP/1.1" 304 -
181.48.9.62 - - [07/Nov/2014:07:07:32 -0500] "GET /BLA/boletinlegal/js/jquery.js HTTP/1.1" 304 -
181.48.9.62 - - [07/Nov/2014:07:07:32 -0500] "GET /BLA/boletinlegal/js/jquery.scrollTo-min.js HTTP/1.1" 304 -
181.48.9.62 - - [07/Nov/2014:07:07:32 -0500] "GET /BLA/boletinlegal/js/jquery.scrollShow.js HTTP/1.1" 304 -
66.249.64.167 - - [07/Nov/2014:07:07:41 -0500] "GET /BLA/resoluciones/RESOLUCIONES%202007/RES%202007%202701%20AL%202800/RESOLUCION%202778%20%20DE%202007.pdf HTTP/1.1" 200 1816364
66.249.64.167 - - [07/Nov/2014:07:07:44 -0500] "GET /BLA/resoluciones/RESOLUCIONES%202007/RES%202007%203001%20AL%203100/RESOLUCION%203065%20DE%202007.pdf HTTP/1.1" 304 -
190.127.234.88 - - [07/Nov/2014:07:07:49 -0500] "GET /galeria/nivo-slider/demo/images/banner-llantas2.jpg HTTP/1.1" 200 73153
66.249.64.167 - - [07/Nov/2014:07:07:52 -0500] "GET /BLA/resoluciones/RESOLUCIONES%202009/8881.pdf HTTP/1.1" 304 -
201.245.192.253 - - [07/Nov/2014:07:07:54 -0500] "GET /forest/session.jsp?a=0.9895981615409255 HTTP/1.1" 200 4
66.249.64.171 - - [07/Nov/2014:07:08:03 -0500] "GET /BLA/resoluciones/RESOLUCIONES%202010/5787.pdf HTTP/1.1" 200 218493
190.127.234.88 - - [07/Nov/2014:07:08:05 -0500] "GET /galeria/nivo-slider/demo/images/bannerEcolecta3.jpg HTTP/1.1" 200 280034
66.249.64.171 - - [07/Nov/2014:07:08:13 -0500] "GET /BLA/resoluciones/RESOLUCIONES%202008/0432.pdf HTTP/1.1" 304 -
181.70.225.54 - - [07/Nov/2014:07:08:23 -0500] "POST /forest/actions/manager.login?group_system_actual= HTTP/1.1" 200 14
181.70.225.54 - - [07/Nov/2014:07:08:25 -0500] "GET /forest/session.jsp?a=0.09177836263552308 HTTP/1.1" 200 4
190.127.234.88 - - [07/Nov/2014:07:08:34 -0500] "GET /galeria/nivo-slider/demo/images/Banner-Caracol-Africano.jpg HTTP/1.1" 200 331986
190.127.234.88 - - [07/Nov/2014:07:08:49 -0500] "GET /galeria/nivo-slider/demo/images/4Simple_Slider.png HTTP/1.1" 200 11722
190.127.234.88 - - [07/Nov/2014:07:09:01 -0500] "GET /galeria/nivo-slider/demo/images/banner-caballos.png HTTP/1.1" 200 389106
66.249.64.163 - - [07/Nov/2014:07:09:03 -0500] "GET /BLA/resoluciones/RESOLUCIONES%202007/RES%202007%20201%20AL%20300/RESOLUCION%200222%20DE%202007.pdf HTTP/1.1" 200 290784
66.249.64.43 - - [07/Nov/2014:07:09:04 -0500] "GET /htdocs/counter/digits/rock/ HTTP/1.1" 404 1019
66.249.64.171 - - [07/Nov/2014:07:09:04 -0500] "GET /BLA/resoluciones/RESOLUCIONES%202007/RES%202007%201101%20AL%201200/RESOLUCION%201195%20DE%202007.pdf HTTP/1.1" 304 -
66.249.64.167 - - [07/Nov/2014:07:09:05 -0500] "GET /BLA/resoluciones/RESOLUCIONES%202007/RES%202007%20501%20AL%20600/RESOLUCION%200512%20DE%202007.pdf HTTP/1.1" 304 -
190.127.234.88 - - [07/Nov/2014:07:09:05 -0500] "GET /galeria/nivo-slider/demo/images/Banner-comparendo.jpg HTTP/1.1" 200 388762
66.249.64.163 - - [07/Nov/2014:07:09:06 -0500] "GET /BLA/resoluciones/RESOLUCIONES%202012/1068.pdf HTTP/1.1" 200 12607219
190.109.154.169 - - [07/Nov/2014:07:09:20 -0500] "GET /BLA/resoluciones/AUTOS%202010/2607.pdf HTTP/1.1" 200 160815
190.109.154.169 - - [07/Nov/2014:07:09:20 -0500] "GET /BLA/resoluciones/AUTOS%202010/2607.pdf HTTP/1.1" 206 32768
190.109.154.169 - - [07/Nov/2014:07:09:21 -0500] "GET /BLA/resoluciones/AUTOS%202010/2607.pdf HTTP/1.1" 206 128047
190.109.154.169 - - [07/Nov/2014:07:09:22 -0500] "GET /favicon.ico HTTP/1.1" 200 7782
66.249.64.171 - - [07/Nov/2014:07:09:24 -0500] "GET /BLA/resoluciones/RESOLUCIONES%202011/3117.pdf HTTP/1.1" 200 252247
66.249.64.163 - - [07/Nov/2014:07:09:27 -0500] "GET /BLA/resoluciones/RESOLUCIONES%202007/RES%202007%204201%20AL%204300/RESOLUCION%204211%20DE%202007.pdf HTTP/1.1" 200 242480
152.61.128.66 - - [07/Nov/2014:07:09:29 -0500] "HEAD / HTTP/1.1" 302 -
152.61.128.66 - - [07/Nov/2014:07:09:29 -0500] "GET /arcgis/services/Calidad_del_Agua_WQI/MapServer/WMSServer?request=GetCapabilities&service=WMS HTTP/1.1" 200 32135
152.61.128.66 - - [07/Nov/2014:07:09:29 -0500] "GET /arcgis/services/Calidad_del_Agua_WQI/MapServer/WMSServer?request=GetCapabilities&service=WMS HTTP/1.0" 200 32135
152.61.128.66 - - [07/Nov/2014:07:09:30 -0500] "GET /arcgis/services/Calidad_del_Agua_WQI/MapServer/WMSServer?request=GetCapabilities&service=WMS HTTP/1.0" 200 32135
152.61.128.66 - - [07/Nov/2014:07:09:31 -0500] "GET /arcgis/services/Calidad_del_Agua_WQI/MapServer/WMSServer?request=GetCapabilities&service=WMS HTTP/1.0" 200 32135
152.61.128.66 - - [07/Nov/2014:07:09:32 -0500] "GET /arcgis/services/Calidad_del_Agua_WQI/MapServer/WMSServer?VERSION=1.1.1&REQUEST=GetMap&LAYERS=0&SRS=EPSG:4326&BBOX=-74.473395,3.674381,-73.963300,4.920569&WIDTH=250&HEIGHT=250&FORMAT=image/bmp&STYLES=& HTTP/1.1" 200 188054
190.127.234.88 - - [07/Nov/2014:07:09:37 -0500] "GET /galeria/nivo-slider/demo/images/9Signos.jpg HTTP/1.1" 200 93040
66.249.64.163 - - [07/Nov/2014:07:09:37 -0500] "GET /BLA/resoluciones/RESOLUCIONES%202009/7625.pdf HTTP/1.1" 304 -
66.249.64.171 - - [07/Nov/2014:07:09:48 -0500] "GET /BLA/resoluciones/RESOLUCIONES%202009/4812.pdf HTTP/1.1" 304 -
66.249.64.171 - - [07/Nov/2014:07:09:52 -0500] "GET /BLA/resoluciones/RESOLUCIONES%202009/7833.pdf HTTP/1.1" 200 523509
66.249.64.167 - - [07/Nov/2014:07:09:58 -0500] "GET /BLA/resoluciones/RESOLUCIONES%202007/RES%202007%201501%20AL%201600/RESOLUCION%201503%20DE%202007.pdf HTTP/1.1" 200 191234
66.249.64.171 - - [07/Nov/2014:07:10:09 -0500] "GET /BLA/resoluciones/RESOLUCIONES%202007/RES%202007%201601%20AL%201725/RESOLUCION%201617%20DE%202007.pdf HTTP/1.1" 304 -
66.249.64.167 - - [07/Nov/2014:07:10:19 -0500] "GET /BLA/resoluciones/RESOLUCIONES%202008/5291.pdf HTTP/1.1" 304 -
181.48.9.60 - - [07/Nov/2014:07:10:27 -0500] "GET /BLA/boletinlegal/js/jquery.scrollTo-min.js HTTP/1.1" 304 -
181.48.9.60 - - [07/Nov/2014:07:10:27 -0500] "GET /BLA/boletinlegal/js/jquery.js HTTP/1.1" 304 -
181.48.9.60 - - [07/Nov/2014:07:10:27 -0500] "GET /BLA/boletinlegal/js/jquery.scrollShow.js HTTP/1.1" 304 -
66.249.64.163 - - [07/Nov/2014:07:10:30 -0500] "GET /BLA/resoluciones/AUTOS%202009/2595.pdf HTTP/1.1" 200 113422
181.48.9.60 - - [07/Nov/2014:07:10:37 -0500] "GET /BLA/boletinlegal/js/jquery.js HTTP/1.1" 304 -
181.48.9.60 - - [07/Nov/2014:07:10:37 -0500] "GET /BLA/boletinlegal/js/jquery.scrollTo-min.js HTTP/1.1" 304 -
181.48.9.60 - - [07/Nov/2014:07:10:37 -0500] "GET /BLA/boletinlegal/js/jquery.scrollShow.js HTTP/1.1" 304 -
66.249.64.163 - - [07/Nov/2014:07:10:40 -0500] "GET /BLA/resoluciones/AUTOS%202008/1425.pdf HTTP/1.1" 304 -
100.43.85.25 - - [07/Nov/2014:07:10:43 -0500] "GET /re1/Bioevolucion/marco%20conceptual/intereses%20objetivos/imagen%20interese%20objetivos/barra%20principios%20objetivos_r5_c5_f2.gif HTTP/1.1" 404 1019
66.249.64.167 - - [07/Nov/2014:07:10:51 -0500] "GET /BLA/resoluciones/RESOLUCIONES%202007/RES%202007%201201%20AL%201300/RESOLUCION%201236%20DE%202007.pdf HTTP/1.1" 200 656533
74.86.158.107 - - [07/Nov/2014:07:10:54 -0500] "HEAD / HTTP/1.1" 302 -
66.249.64.171 - - [07/Nov/2014:07:10:58 -0500] "GET /BLA/resoluciones/RESOLUCIONES%202010/1346.pdf HTTP/1.1" 200 360288
66.249.64.167 - - [07/Nov/2014:07:10:59 -0500] "GET /BLA/resoluciones/RESOLUCIONES%202005/RES%202005%201301-1350/00001335.tif HTTP/1.1" 200 35520
66.249.64.163 - - [07/Nov/2014:07:11:02 -0500] "GET /BLA/resoluciones/RESOLUCIONES%202008/1164.pdf HTTP/1.1" 304 -
190.127.233.117 - - [07/Nov/2014:07:11:02 -0500] "GET /BLA/boletinlegal/js/jquery.js HTTP/1.1" 200 57254
190.127.233.117 - - [07/Nov/2014:07:11:02 -0500] "GET /BLA/boletinlegal/js/jquery.scrollTo-min.js HTTP/1.1" 200 1150
190.127.233.117 - - [07/Nov/2014:07:11:02 -0500] "GET /BLA/boletinlegal/js/jquery.scrollShow.js HTTP/1.1" 200 4586
66.249.64.171 - - [07/Nov/2014:07:11:12 -0500] "GET /BLA/resoluciones/RESOLUCIONES%202011/3818.pdf HTTP/1.1" 304 -
201.245.192.253 - - [07/Nov/2014:07:11:21 -0500] "GET /plugins/like.php?app_id=&channel=http%3A%2F%2Fstatic.ak.facebook.com%2Fconnect%2Fxd_arbiter%2FQjK2hWv6uak.js%3Fversion%3D41%23cb%3Dfcfba89a4%26domain%3Dapps.claro.com.co%26origin%3Dhttp%253A%252F%252Fapps.claro.com.co%252Ff3d7a806b8%26relation%3Dparent.parent&href=http%3A%2F%2Fwww.facebook.com%2Fcomceloficial&layout=button_count&locale=es_LA&sdk=joey&show_faces=false&width=120 HTTP/1.1" 404 1332
66.249.64.167 - - [07/Nov/2014:07:11:23 -0500] "GET /BLA/resoluciones/RESOLUCIONES%202007/RES%202007%202401%20AL%202500/RESOLUCION%202431%20DE%202007.pdf HTTP/1.1" 304 -
66.249.64.167 - - [07/Nov/2014:07:11:33 -0500] "GET /BLA/resoluciones/RESOLUCIONES%202010/1420.pdf HTTP/1.1" 304 -
66.249.64.163 - - [07/Nov/2014:07:11:44 -0500] "GET /BLA/resoluciones/RESOLUCIONES%202010/4617.pdf HTTP/1.1" 200 364742
66.249.64.171 - - [07/Nov/2014:07:11:54 -0500] "GET /BLA/resoluciones/RESOLUCIONES%202009/2108.pdf HTTP/1.1" 200 437581
66.249.64.163 - - [07/Nov/2014:07:12:05 -0500] "GET /BLA/resoluciones/RESOLUCIONES%202007/RES%202007%203601%20AL%203700/RESOLUCION%203624%20DE%202007.pdf HTTP/1.1" 304 -
190.84.180.50 - - [07/Nov/2014:07:12:06 -0500] "GET /galeria/carrusel/Carrusel/jquery.thumbnailScroller.js HTTP/1.1" 200 8157
190.84.180.50 - - [07/Nov/2014:07:12:06 -0500] "GET /galeria/carrusel/Carrusel/jquery-ui-1.8.13.custom.min.js HTTP/1.1" 200 10800
190.84.180.50 - - [07/Nov/2014:07:12:06 -0500] "GET /galeria/carrusel/Carrusel/jquery.thumbnailScroller.css HTTP/1.1" 200 2066
190.84.180.50 - - [07/Nov/2014:07:12:06 -0500] "GET /BLA/boletinlegal/js/jquery.scrollTo-min.js HTTP/1.1" 200 1150
190.84.180.50 - - [07/Nov/2014:07:12:06 -0500] "GET /BLA/boletinlegal/js/jquery.scrollShow.js HTTP/1.1" 200 4586
190.84.180.50 - - [07/Nov/2014:07:12:06 -0500] "GET /BLA/boletinlegal/js/jquery.js HTTP/1.1" 200 57254
190.84.180.50 - - [07/Nov/2014:07:12:08 -0500] "GET /galeria/nivo-slider/demo/demo.html HTTP/1.1" 200 3542
190.84.180.50 - - [07/Nov/2014:07:12:08 -0500] "GET /galeria/nivo-slider/demo/scripts/jquery-1.7.1.min.js HTTP/1.1" 200 93868
190.84.180.50 - - [07/Nov/2014:07:12:08 -0500] "GET /galeria/nivo-slider/themes/orman/orman.css HTTP/1.1" 200 2152
190.84.180.50 - - [07/Nov/2014:07:12:08 -0500] "GET /galeria/nivo-slider/jquery.nivo.slider.pack.js HTTP/1.1" 200 11561
190.84.180.50 - - [07/Nov/2014:07:12:08 -0500] "GET /galeria/nivo-slider/nivo-slider.css HTTP/1.1" 200 1507
190.84.180.50 - - [07/Nov/2014:07:12:08 -0500] "GET /galeria/nivo-slider/demo/style.css HTTP/1.1" 200 2222
190.84.180.50 - - [07/Nov/2014:07:12:08 -0500] "GET /galeria/nivo-slider/themes/pascal/pascal.css HTTP/1.1" 200 2258
190.84.180.50 - - [07/Nov/2014:07:12:08 -0500] "GET /galeria/nivo-slider/themes/default/default.css HTTP/1.1" 200 1569
190.84.180.50 - - [07/Nov/2014:07:12:08 -0500] "GET /galeria/nivo-slider/demo/images/banner-aceite3.jpg HTTP/1.1" 200 88347
190.84.180.50 - - [07/Nov/2014:07:12:08 -0500] "GET /galeria/nivo-slider/demo/images/Tingua-azul.jpg HTTP/1.1" 200 307638
190.84.180.50 - - [07/Nov/2014:07:12:08 -0500] "GET /galeria/nivo-slider/demo/images/Banner-Caracol-Africano.jpg HTTP/1.1" 200 331986
190.84.180.50 - - [07/Nov/2014:07:12:08 -0500] "GET /galeria/nivo-slider/demo/images/banner-redes.jpg HTTP/1.1" 200 62209
190.84.180.50 - - [07/Nov/2014:07:12:08 -0500] "GET /galeria/nivo-slider/demo/images/9Signos.jpg HTTP/1.1" 200 93040
190.84.180.50 - - [07/Nov/2014:07:12:08 -0500] "GET /galeria/nivo-slider/demo/images/Banner-Ecourbanismo.jpg HTTP/1.1" 200 189838
190.84.180.50 - - [07/Nov/2014:07:12:08 -0500] "GET /galeria/nivo-slider/demo/images/Banner-comparendo.jpg HTTP/1.1" 200 388762
190.84.180.50 - - [07/Nov/2014:07:12:08 -0500] "GET /galeria/nivo-slider/demo/images/porloshumedales.jpg HTTP/1.1" 200 351238
190.84.180.50 - - [07/Nov/2014:07:12:09 -0500] "GET /galeria/nivo-slider/demo/images/banner-llantas2.jpg HTTP/1.1" 200 73153
190.84.180.50 - - [07/Nov/2014:07:12:09 -0500] "GET /galeria/nivo-slider/demo/images/banner-caballos.png HTTP/1.1" 200 389106
190.84.180.50 - - [07/Nov/2014:07:12:09 -0500] "GET /galeria/nivo-slider/demo/images/Hacienda_Molinos.jpg HTTP/1.1" 200 319171
190.84.180.50 - - [07/Nov/2014:07:12:10 -0500] "GET /galeria/nivo-slider/demo/images/bannerEcolecta3.jpg HTTP/1.1" 200 280034
190.84.180.50 - - [07/Nov/2014:07:12:11 -0500] "GET /galeria/nivo-slider/demo/images/4Simple_Slider.png HTTP/1.1" 200 11722
190.84.180.50 - - [07/Nov/2014:07:12:12 -0500] "GET /galeria/nivo-slider/themes/default/loading.gif HTTP/1.1" 200 1737
190.84.180.50 - - [07/Nov/2014:07:12:15 -0500] "GET /galeria/nivo-slider/themes/default/bullets.png HTTP/1.1" 200 1281
190.84.180.50 - - [07/Nov/2014:07:12:15 -0500] "GET /galeria/nivo-slider/themes/default/arrows.png HTTP/1.1" 200 824
66.249.64.167 - - [07/Nov/2014:07:12:15 -0500] "GET /BLA/resoluciones/RESOLUCIONES%202008/1490.pdf HTTP/1.1" 200 734732
190.158.7.219 - - [07/Nov/2014:07:12:21 -0500] "GET /forest/session.jsp?a=0.18948991573415697 HTTP/1.1" 200 4
201.245.7.19 - - [07/Nov/2014:07:12:29 -0500] "GET /BLA/boletinlegal/js/jquery.scrollShow.js HTTP/1.1" 200 4586
201.245.7.19 - - [07/Nov/2014:07:12:29 -0500] "GET /BLA/boletinlegal/js/jquery.js HTTP/1.1" 200 57254
201.245.7.19 - - [07/Nov/2014:07:12:29 -0500] "GET /BLA/boletinlegal/js/jquery.scrollTo-min.js HTTP/1.1" 200 1150
190.158.7.219 - - [07/Nov/2014:07:12:29 -0500] "GET /forest/skins/gdocs-jar/popup/popup.jsp?width=1100&height=500&title=Buscar%20documentos&uri=/forest/buscar.do%3Ftype%3Ddocumentos&name=undefined&_a=0.637360310414806&a=0.5251472666859627 HTTP/1.1" 200 1300
190.158.7.219 - - [07/Nov/2014:07:12:30 -0500] "GET /forest/buscar.do?type=documentos HTTP/1.1" 200 18149
66.249.64.163 - - [07/Nov/2014:07:12:26 -0500] "GET /BLA/resoluciones/AUTOS%202013/2193.pdf HTTP/1.1" 200 59443646
190.158.7.219 - - [07/Nov/2014:07:12:30 -0500] "GET /forest/buscar.do?type=documentos HTTP/1.1" 200 97145
190.158.7.219 - - [07/Nov/2014:07:12:30 -0500] "GET /forest/json.do?query=usersByDep&coddep=2013 HTTP/1.1" 200 7404
190.158.7.219 - - [07/Nov/2014:07:12:30 -0500] "GET /forest/json.do?query=usersByDep&coddep=2013 HTTP/1.1" 200 7404
190.158.7.219 - - [07/Nov/2014:07:12:34 -0500] "POST /forest/buscar.do? HTTP/1.1" 200 7439
201.245.192.253 - - [07/Nov/2014:07:12:34 -0500] "GET /plugins/like.php?locale=es_ES&href=http%3A%2F%2Fwww.facebook.com%2Fmsn&send=false&layout=button_count&width=450&show_faces=false&font&colorscheme=light&action=like&height=21 HTTP/1.1" 404 1312
201.245.192.253 - - [07/Nov/2014:07:12:41 -0500] "GET /forest/skins/gdocs-jar/img/plus.gif HTTP/1.1" 304 -
201.245.192.253 - - [07/Nov/2014:07:12:42 -0500] "GET /forest/img/dtree/visor/padlock.png HTTP/1.1" 304 -
190.26.222.57 - - [07/Nov/2014:07:12:46 -0500] "GET /BLA/boletinlegal/js/jquery.scrollTo-min.js HTTP/1.1" 200 1150
190.26.222.57 - - [07/Nov/2014:07:12:46 -0500] "GET /galeria/carrusel/Carrusel/jquery-ui-1.8.13.custom.min.js HTTP/1.1" 200 10800
190.26.222.57 - - [07/Nov/2014:07:12:46 -0500] "GET /BLA/boletinlegal/js/jquery.scrollShow.js HTTP/1.1" 200 4586
190.26.222.57 - - [07/Nov/2014:07:12:46 -0500] "GET /galeria/carrusel/Carrusel/jquery.thumbnailScroller.css HTTP/1.1" 200 2066
190.26.222.57 - - [07/Nov/2014:07:12:46 -0500] "GET /BLA/boletinlegal/js/jquery.js HTTP/1.1" 200 57254
190.26.222.57 - - [07/Nov/2014:07:12:56 -0500] "GET /galeria/nivo-slider/demo/demo.html HTTP/1.1" 200 3542
190.26.222.57 - - [07/Nov/2014:07:12:56 -0500] "GET /galeria/nivo-slider/themes/default/default.css HTTP/1.1" 200 1569
190.26.222.57 - - [07/Nov/2014:07:12:56 -0500] "GET /galeria/nivo-slider/themes/pascal/pascal.css HTTP/1.1" 200 2258
190.26.222.57 - - [07/Nov/2014:07:12:56 -0500] "GET /galeria/nivo-slider/nivo-slider.css HTTP/1.1" 200 1507
190.26.222.57 - - [07/Nov/2014:07:12:56 -0500] "GET /galeria/nivo-slider/themes/orman/orman.css HTTP/1.1" 200 2152
190.26.222.57 - - [07/Nov/2014:07:12:56 -0500] "GET /galeria/nivo-slider/demo/style.css HTTP/1.1" 200 2222
190.26.222.57 - - [07/Nov/2014:07:12:56 -0500] "GET /galeria/nivo-slider/demo/scripts/jquery-1.7.1.min.js HTTP/1.1" 200 93868
190.26.222.57 - - [07/Nov/2014:07:12:56 -0500] "GET /galeria/nivo-slider/jquery.nivo.slider.pack.js HTTP/1.1" 200 11561
190.26.222.57 - - [07/Nov/2014:07:12:56 -0500] "GET /galeria/nivo-slider/demo/images/Banner-comparendo.jpg HTTP/1.1" 200 388762
190.26.222.57 - - [07/Nov/2014:07:12:56 -0500] "GET /galeria/nivo-slider/demo/images/Banner-Ecourbanismo.jpg HTTP/1.1" 200 189838
190.26.222.57 - - [07/Nov/2014:07:12:56 -0500] "GET /galeria/nivo-slider/demo/images/porloshumedales.jpg HTTP/1.1" 200 351238
201.245.192.253 - - [07/Nov/2014:07:12:57 -0500] "GET /galeria/carrusel/Carrusel/jquery-ui-%20%201.8.13.custom.min.js HTTP/1.1" 404 1018
190.26.222.57 - - [07/Nov/2014:07:12:57 -0500] "GET /galeria/nivo-slider/demo/images/banner-aceite3.jpg HTTP/1.1" 200 88347
190.26.222.57 - - [07/Nov/2014:07:12:57 -0500] "GET /galeria/nivo-slider/demo/images/Tingua-azul.jpg HTTP/1.1" 200 307638
190.26.222.57 - - [07/Nov/2014:07:12:58 -0500] "GET /galeria/nivo-slider/demo/images/Banner-Caracol-Africano.jpg HTTP/1.1" 200 331986
190.26.222.57 - - [07/Nov/2014:07:12:58 -0500] "GET /galeria/nivo-slider/demo/images/banner-redes.jpg HTTP/1.1" 200 62209
190.26.222.57 - - [07/Nov/2014:07:12:58 -0500] "GET /galeria/nivo-slider/demo/images/9Signos.jpg HTTP/1.1" 200 93040
190.26.222.57 - - [07/Nov/2014:07:12:58 -0500] "GET /galeria/nivo-slider/demo/images/banner-llantas2.jpg HTTP/1.1" 200 73153
190.26.222.57 - - [07/Nov/2014:07:12:59 -0500] "GET /galeria/nivo-slider/demo/images/banner-caballos.png HTTP/1.1" 200 389106
190.26.222.57 - - [07/Nov/2014:07:12:59 -0500] "GET /galeria/nivo-slider/demo/images/Hacienda_Molinos.jpg HTTP/1.1" 200 319171
190.26.222.57 - - [07/Nov/2014:07:12:59 -0500] "GET /galeria/nivo-slider/demo/images/bannerEcolecta3.jpg HTTP/1.1" 200 280034
190.26.222.57 - - [07/Nov/2014:07:12:59 -0500] "GET /galeria/nivo-slider/demo/images/4Simple_Slider.png HTTP/1.1" 200 11722
190.26.222.57 - - [07/Nov/2014:07:13:00 -0500] "GET /galeria/nivo-slider/themes/default/loading.gif HTTP/1.1" 200 1737
190.26.222.57 - - [07/Nov/2014:07:13:02 -0500] "GET /galeria/nivo-slider/themes/default/arrows.png HTTP/1.1" 200 824
190.26.222.57 - - [07/Nov/2014:07:13:02 -0500] "GET /galeria/nivo-slider/themes/default/bullets.png HTTP/1.1" 200 1281
180.76.6.148 - - [07/Nov/2014:07:13:04 -0500] "GET /BLA/resoluciones/RESOLUCIONES%202009/0429.pdf HTTP/1.1" 200 320794
152.61.193.99 - - [07/Nov/2014:07:13:10 -0500] "HEAD / HTTP/1.1" 302 -
152.61.193.99 - - [07/Nov/2014:07:13:10 -0500] "GET /arcgis/services/Calidad_del_Agua_WQI/MapServer/WMSServer?SERVICE=WMS&REQUEST=GetCapabilities HTTP/1.1" 200 32135
152.61.193.99 - - [07/Nov/2014:07:13:11 -0500] "GET /arcgis/services/Calidad_del_Agua_WQI/MapServer/WMSServer?SERVICE=WMS&REQUEST=GetCapabilities HTTP/1.1" 200 32135
152.61.193.99 - - [07/Nov/2014:07:13:11 -0500] "GET /arcgis/services/Calidad_del_Agua_WQI/MapServer/WMSServer?SERVICE=WMS&REQUEST=GetCapabilities HTTP/1.1" 200 32135
152.61.193.99 - - [07/Nov/2014:07:13:12 -0500] "GET /arcgis/services/Calidad_del_Agua_WQI/MapServer/WMSServer?SERVICE=WMS&REQUEST=GetCapabilities HTTP/1.1" 200 32135
152.61.193.99 - - [07/Nov/2014:07:13:13 -0500] "GET /arcgis/services/Calidad_del_Agua_WQI/MapServer/WMSServer?VERSION=1.1.1&REQUEST=GetMap&LAYERS=0&SRS=EPSG:4326&BBOX=-74.473395,3.674381,-73.963300,4.920569&WIDTH=250&HEIGHT=250&FORMAT=image/bmp&STYLES=& HTTP/1.1" 200 188054
190.158.7.219 - - [07/Nov/2014:07:13:23 -0500] "GET /forest/skins/gdocs-jar/popup/popup.jsp?width=1100&height=500&title=Buscar%20documentos&uri=/forest/buscar.do%3Ftype%3Ddocumentos&name=undefined&_a=0.1794190804939717&a=0.5572837316431105 HTTP/1.1" 200 1300
190.158.7.219 - - [07/Nov/2014:07:13:23 -0500] "GET /forest/buscar.do?type=documentos HTTP/1.1" 200 28552
190.27.14.214 - - [07/Nov/2014:07:13:24 -0500] "GET /BLA/resoluciones/RESOLUCIONES%202013/0594.pdf HTTP/1.1" 200 3335575
190.158.7.219 - - [07/Nov/2014:07:13:23 -0500] "GET /forest/buscar.do?type=documentos HTTP/1.1" 200 97145
190.158.7.219 - - [07/Nov/2014:07:13:24 -0500] "GET /forest/json.do?query=usersByDep&coddep=2013 HTTP/1.1" 200 7404
190.158.7.219 - - [07/Nov/2014:07:13:24 -0500] "GET /forest/json.do?query=usersByDep&coddep=2013 HTTP/1.1" 200 7404
190.27.14.214 - - [07/Nov/2014:07:13:24 -0500] "GET /BLA/resoluciones/RESOLUCIONES%202013/0594.pdf HTTP/1.1" 206 32768
190.27.14.214 - - [07/Nov/2014:07:13:25 -0500] "GET /BLA/resoluciones/RESOLUCIONES%202013/0594.pdf HTTP/1.1" 206 3302807
201.245.192.253 - - [07/Nov/2014:07:13:25 -0500] "GET /plugins/like.php?href=http%3A%2F%2Fwww.spainmovil.es%2FMotorola%2Ffichas-tecnicas%2Fn2581%2FMotorola-Moto-G.html&layout=button_count&show_faces=false&width=130&action=like&colorscheme=light HTTP/1.1" 404 1298
201.245.192.253 - - [07/Nov/2014:07:13:25 -0500] "GET /plugins/like.php?href=http%3A%2F%2Fwww.spainmovil.es%2FMotorola%2Ffichas-tecnicas%2Fn2557%2FMotorola-Moto-X.html&layout=button_count&show_faces=false&width=130&action=like&colorscheme=light HTTP/1.1" 404 1298
190.158.7.219 - - [07/Nov/2014:07:13:29 -0500] "POST /forest/buscar.do? HTTP/1.1" 200 5998
180.76.6.134 - - [07/Nov/2014:07:13:31 -0500] "GET /BLA/resoluciones/RESOLUCIONES%202009/1721.pdf HTTP/1.1" 200 579009
66.249.64.163 - - [07/Nov/2014:07:13:49 -0500] "GET /BLA/resoluciones/RESOLUCIONES%202010/0576.pdf HTTP/1.1" 200 504617
66.249.64.171 - - [07/Nov/2014:07:13:50 -0500] "GET /BLA/resoluciones/RESOLUCIONES%202010/0035.pdf HTTP/1.1" 304 -
66.249.64.163 - - [07/Nov/2014:07:13:50 -0500] "GET /BLA/resoluciones/AUTOS%202013/0888.pdf HTTP/1.1" 304 -
66.249.64.163 - - [07/Nov/2014:07:13:52 -0500] "GET /BLA/resoluciones/RESOLUCIONES%202010/3924.pdf HTTP/1.1" 200 470479
66.249.64.167 - - [07/Nov/2014:07:13:53 -0500] "GET /BLA/resoluciones/RESOLUCIONES%202010/7098.pdf HTTP/1.1" 200 268630
66.249.64.171 - - [07/Nov/2014:07:13:56 -0500] "GET /BLA/resoluciones/RESOLUCIONES%202007/RES%202007%20601%20AL%20700/RESOLUCION%200652%20DE%202007.pdf HTTP/1.1" 304 -
66.249.64.171 - - [07/Nov/2014:07:14:01 -0500] "GET /BLA/resoluciones/RESOLUCIONES%202007/RES%202007%201101%20AL%201200/RESOLUCION%201155%20DE%202007.pdf HTTP/1.1" 200 742860
186.155.122.250 - - [07/Nov/2014:07:14:05 -0500] "GET /BLA/boletinlegal/js/jquery.js HTTP/1.1" 200 57254
186.155.122.250 - - [07/Nov/2014:07:14:05 -0500] "GET /BLA/boletinlegal/js/jquery.scrollTo-min.js HTTP/1.1" 200 1150
186.155.122.250 - - [07/Nov/2014:07:14:05 -0500] "GET /BLA/boletinlegal/js/jquery.scrollShow.js HTTP/1.1" 200 4586
66.249.64.163 - - [07/Nov/2014:07:14:07 -0500] "GET /BLA/resoluciones/RESOLUCIONES%202009/4086.pdf HTTP/1.1" 200 895524
190.25.232.143 - - [07/Nov/2014:07:14:07 -0500] "GET /galeria/nivo-slider/themes/orman/orman.css HTTP/1.1" 304 -
190.158.7.219 - - [07/Nov/2014:07:14:10 -0500] "GET /forest/buscar.do HTTP/1.1" 200 97135
190.158.7.219 - - [07/Nov/2014:07:14:10 -0500] "GET /forest/json.do?query=usersByDep&coddep=2013 HTTP/1.1" 200 7404
190.158.7.219 - - [07/Nov/2014:07:14:10 -0500] "GET /forest/json.do?query=usersByDep&coddep=2013 HTTP/1.1" 200 7404
66.249.64.171 - - [07/Nov/2014:07:14:12 -0500] "GET /BLA/resoluciones/RESOLUCIONES%202009/7715.pdf HTTP/1.1" 304 -
190.158.7.219 - - [07/Nov/2014:07:14:15 -0500] "POST /forest/buscar.do? HTTP/1.1" 200 7200
66.249.64.171 - - [07/Nov/2014:07:14:16 -0500] "GET /BLA/resoluciones/AUTOS%202009/3443.pdf HTTP/1.1" 200 98412
66.249.64.167 - - [07/Nov/2014:07:14:17 -0500] "GET /BLA/resoluciones/RESOLUCIONES%202007/RES%202007%20701%20AL%20800/RESOLUCION%200769%20DE%202007.pdf HTTP/1.1" 304 -
201.245.192.253 - - [07/Nov/2014:07:14:16 -0500] "GET /isolucionsda/ HTTP/1.1" 200 739
201.245.192.253 - - [07/Nov/2014:07:14:18 -0500] "GET /isolucionsda/IdentificaUsuario.asp?Pagina1=FrameSetGeneral.asp& HTTP/1.1" 200 4997
66.249.64.167 - - [07/Nov/2014:07:14:22 -0500] "GET /BLA/resoluciones/AUTOS%202013/1880.pdf HTTP/1.1" 200 420737
201.245.192.253 - - [07/Nov/2014:07:14:25 -0500] "POST /isolucionsda/IdentificaUsuario.asp?Pagina1=FrameSetGeneral.asp& HTTP/1.1" 302 173
201.245.192.253 - - [07/Nov/2014:07:14:25 -0500] "GET /isolucionsda/FrameSetGeneral.asp?Pagina1=FrameSetGeneral.asp& HTTP/1.1" 200 6613
201.245.192.253 - - [07/Nov/2014:07:14:25 -0500] "GET /isolucionsda/BarraFavoritos.asp HTTP/1.1" 502 1362
201.245.192.253 - - [07/Nov/2014:07:14:25 -0500] "GET /isolucionsda/Encabezado.asp?Pagina1=FrameSetGeneral.asp&&Pagina=MagazinHome.asp HTTP/1.1" 200 15388
201.245.192.253 - - [07/Nov/2014:07:14:25 -0500] "GET /isolucionsda/BarraTitulos.asp?Pagina1=FrameSetGeneral.asp&&Pagina=MagazinHome.asp HTTP/1.1" 200 6972
201.245.192.253 - - [07/Nov/2014:07:14:25 -0500] "GET /isolucionsda/MagazinHome.asp HTTP/1.1" 200 25853
201.245.192.253 - - [07/Nov/2014:07:14:25 -0500] "GET /isolucionsda/Session.asp?Continue=1 HTTP/1.1" 200 6324
201.245.192.253 - - [07/Nov/2014:07:14:25 -0500] "GET /isolucionsda/g/Bgr_Destacado3399CC.jpg HTTP/1.1" 404 5217
201.245.192.253 - - [07/Nov/2014:07:14:25 -0500] "GET /isolucionsda/TareasSFRedirect.asp HTTP/1.1" 302 195
201.245.192.253 - - [07/Nov/2014:07:14:26 -0500] "GET /isolucionsda/Login.aspx?TARGET=SFContainerFiltrado.aspx&number=57704869495568484552 HTTP/1.1" 302 886
201.245.192.253 - - [07/Nov/2014:07:14:28 -0500] "GET /isolucionsda/SFContainerFiltrado.aspx?Number=57704869495568484552 HTTP/1.1" 200 14314
201.245.192.253 - - [07/Nov/2014:07:14:28 -0500] "GET /isolucionsda/Logout.asp HTTP/1.1" 200 6054
201.245.192.253 - - [07/Nov/2014:07:14:28 -0500] "GET /isolucionsda/ControlDeInicio.asp HTTP/1.1" 200 739
201.245.192.253 - - [07/Nov/2014:07:14:28 -0500] "GET /isolucionsda/DetalleTareas.aspx?Number=57704869495568484552 HTTP/1.1" 302 144
201.245.192.253 - - [07/Nov/2014:07:14:29 -0500] "GET /isolucionsda/ErrorMsg.aspx HTTP/1.1" 200 1701
201.245.192.253 - - [07/Nov/2014:07:14:32 -0500] "GET /forest/session.jsp?a=0.9713887784164399 HTTP/1.1" 200 4
66.249.64.171 - - [07/Nov/2014:07:14:33 -0500] "GET /BLA/resoluciones/RESOLUCIONES%202008/1165.pdf HTTP/1.1" 200 417716
201.245.192.253 - - [07/Nov/2014:07:14:34 -0500] "POST /forest/parameter HTTP/1.1" 200 6585
201.245.192.253 - - [07/Nov/2014:07:14:38 -0500] "POST /forest/frameset? HTTP/1.1" 200 53264
201.245.192.253 - - [07/Nov/2014:07:14:38 -0500] "GET /forestReports/webcontent/birt/pages/common/processing.jsp?__rtl=false HTTP/1.1" 200 719
201.245.192.253 - - [07/Nov/2014:07:14:38 -0500] "GET /forestReports/webcontent/birt/pages/common/processing.jsp?__rtl=false HTTP/1.1" 200 719
201.245.192.253 - - [07/Nov/2014:07:14:38 -0500] "POST /forest/frameset?__toolbar=true&__report=forest%2Frpts%2F117.rptdesign&__format=&__app=forest&__sessionIdOLD=20141107_070730_652&__sessionId=20141107_071903_087&__dpi=96 HTTP/1.1" 200 34899
201.245.192.253 - - [07/Nov/2014:07:14:39 -0500] "GET /forest/preview?__sessionId=20141107_071903_087&__imageid=file75326b241497c55dd594041.gif HTTP/1.1" 200 4169
201.245.192.253 - - [07/Nov/2014:07:14:39 -0500] "GET /forest/preview?__sessionId=20141107_071903_087&__imageid=file75326b241497c55dd594042.gif HTTP/1.1" 200 2367
201.245.192.253 - - [07/Nov/2014:07:14:43 -0500] "POST /forest/parameter HTTP/1.1" 200 6581
201.245.192.253 - - [07/Nov/2014:07:14:48 -0500] "POST /forest/frameset? HTTP/1.1" 200 53272
201.245.192.253 - - [07/Nov/2014:07:14:48 -0500] "GET /forestReports/webcontent/birt/pages/common/processing.jsp?__rtl=false HTTP/1.1" 200 719
201.245.192.253 - - [07/Nov/2014:07:14:49 -0500] "POST /forest/frameset?__toolbar=true&__report=forest%2Frpts%2F117.rptdesign&__format=&__app=forest&__sessionIdOLD=20141107_071903_087&__sessionId=20141107_071913_648&__dpi=96 HTTP/1.1" 200 30560
201.245.192.253 - - [07/Nov/2014:07:14:49 -0500] "GET /forest/preview?__sessionId=20141107_071913_648&__imageid=file75326b241497c55dd594043.gif HTTP/1.1" 200 4169
201.245.192.253 - - [07/Nov/2014:07:14:49 -0500] "GET /forest/preview?__sessionId=20141107_071913_648&__imageid=file75326b241497c55dd594044.gif HTTP/1.1" 200 2367
201.245.192.253 - - [07/Nov/2014:07:14:54 -0500] "POST /forest/parameter HTTP/1.1" 200 6583
190.25.54.207 - - [07/Nov/2014:07:14:57 -0500] "GET /BLA/boletinlegal/js/jquery.js HTTP/1.1" 200 57254
190.158.7.219 - - [07/Nov/2014:07:14:57 -0500] "GET /forest/buscar.do HTTP/1.1" 200 97135
190.158.7.219 - - [07/Nov/2014:07:14:58 -0500] "GET /forest/json.do?query=usersByDep&coddep=2013 HTTP/1.1" 200 7404
190.158.7.219 - - [07/Nov/2014:07:14:58 -0500] "GET /forest/json.do?query=usersByDep&coddep=2013 HTTP/1.1" 200 7404
190.158.7.219 - - [07/Nov/2014:07:15:02 -0500] "POST /forest/buscar.do? HTTP/1.1" 200 7264
201.245.192.253 - - [07/Nov/2014:07:15:06 -0500] "POST /forest/frameset? HTTP/1.1" 200 53276
201.245.192.253 - - [07/Nov/2014:07:15:06 -0500] "GET /forestReports/webcontent/birt/pages/common/processing.jsp?__rtl=false HTTP/1.1" 200 719
201.245.192.253 - - [07/Nov/2014:07:15:06 -0500] "POST /forest/frameset?__toolbar=true&__report=forest%2Frpts%2F117.rptdesign&__format=&__app=forest&__sessionIdOLD=20141107_071913_648&__sessionId=20141107_071931_349&__dpi=96 HTTP/1.1" 200 14058
201.245.192.253 - - [07/Nov/2014:07:15:07 -0500] "GET /forest/preview?__sessionId=20141107_071931_349&__imageid=file75326b241497c55dd594045.gif HTTP/1.1" 200 4169
201.245.192.253 - - [07/Nov/2014:07:15:07 -0500] "GET /forest/preview?__sessionId=20141107_071931_349&__imageid=file75326b241497c55dd594046.gif HTTP/1.1" 200 2367
152.61.128.66 - - [07/Nov/2014:07:15:18 -0500] "HEAD / HTTP/1.1" 302 -
152.61.128.66 - - [07/Nov/2014:07:15:18 -0500] "GET /arcgis/services/Calidad_del_Agua_WQI/MapServer/WMSServer?SERVICE=WMS&REQUEST=GetCapabilities HTTP/1.1" 200 32135
152.61.128.66 - - [07/Nov/2014:07:15:19 -0500] "GET /arcgis/services/Calidad_del_Agua_WQI/MapServer/WMSServer?SERVICE=WMS&REQUEST=GetCapabilities HTTP/1.0" 200 32135
152.61.128.66 - - [07/Nov/2014:07:15:20 -0500] "GET /arcgis/services/Calidad_del_Agua_WQI/MapServer/WMSServer?SERVICE=WMS&REQUEST=GetCapabilities HTTP/1.0" 200 32135
152.61.128.66 - - [07/Nov/2014:07:15:21 -0500] "GET /arcgis/services/Calidad_del_Agua_WQI/MapServer/WMSServer?SERVICE=WMS&REQUEST=GetCapabilities HTTP/1.0" 200 32135
152.61.128.66 - - [07/Nov/2014:07:15:22 -0500] "GET /arcgis/services/Calidad_del_Agua_WQI/MapServer/WMSServer?VERSION=1.1.1&REQUEST=GetMap&LAYERS=0&SRS=EPSG:4326&BBOX=-74.473395,3.674381,-73.963300,4.920569&WIDTH=250&HEIGHT=250&FORMAT=image/bmp&STYLES=& HTTP/1.1" 200 188054
74.86.158.107 - - [07/Nov/2014:07:15:54 -0500] "HEAD / HTTP/1.1" 302 -
201.245.192.253 - - [07/Nov/2014:07:16:05 -0500] "GET /embed/qY-4_uERceI HTTP/1.1" 404 1307
201.245.192.253 - - [07/Nov/2014:07:16:05 -0500] "GET /embed/qY-4_uERceI HTTP/1.1" 404 1307
66.249.64.163 - - [07/Nov/2014:07:16:24 -0500] "GET /BLA/resoluciones/RESOLUCIONES%202007/RES%202007%203101%20AL%203200/RESOLUCION%203200%20DE%202007.pdf HTTP/1.1" 304 -
66.249.64.171 - - [07/Nov/2014:07:16:24 -0500] "GET /BLA/resoluciones/RESOLUCIONES%202010/1314.pdf HTTP/1.1" 200 104854
66.249.64.163 - - [07/Nov/2014:07:16:25 -0500] "GET /BLA/resoluciones/RESOLUCIONES%202009/1282.pdf HTTP/1.1" 200 105610
66.249.64.171 - - [07/Nov/2014:07:16:26 -0500] "GET /BLA/resoluciones/RESOLUCIONES%202010/4724.pdf HTTP/1.1" 304 -
66.249.64.163 - - [07/Nov/2014:07:16:31 -0500] "GET /BLA/resoluciones/RESOLUCIONES%202010/1088.pdf HTTP/1.1" 200 114554
66.249.64.171 - - [07/Nov/2014:07:16:31 -0500] "GET /BLA/resoluciones/AUTOS%202011/1735.pdf HTTP/1.1" 200 158069
66.249.64.167 - - [07/Nov/2014:07:16:32 -0500] "GET /BLA/resoluciones/RESOLUCIONES%202010/6290.pdf HTTP/1.1" 304 -
66.249.64.171 - - [07/Nov/2014:07:16:35 -0500] "GET /BLA/resoluciones/RESOLUCIONES%202007/RES%202007%202201%20AL%202300/RESOLUCION%202254%20DE%202007.pdf HTTP/1.1" 200 789850
181.70.225.54 - - [07/Nov/2014:07:16:37 -0500] "GET /galeria/nivo-slider/demo/demo.html HTTP/1.1" 200 3542
66.249.64.167 - - [07/Nov/2014:07:16:40 -0500] "GET /BLA/resoluciones/RESOLUCIONES%202007/RES%202007%201501%20AL%201600/RESOLUCION%201532%20DE%202007.pdf HTTP/1.1" 304 -
181.70.225.54 - - [07/Nov/2014:07:16:45 -0500] "GET /videos/Spot_CambioClimatico.flv HTTP/1.1" 200 4371917
66.249.64.167 - - [07/Nov/2014:07:16:45 -0500] "GET /BLA/resoluciones/RESOLUCIONES%202011/3269.pdf HTTP/1.1" 200 533001
181.70.225.54 - - [07/Nov/2014:07:16:47 -0500] "GET /galeria/nivo-slider/themes/default/default.css HTTP/1.1" 304 -
66.249.64.163 - - [07/Nov/2014:07:16:51 -0500] "GET /BLA/resoluciones/AUTOS%202010/5460.pdf HTTP/1.1" 200 507171
186.103.85.229 - - [07/Nov/2014:07:16:52 -0500] "GET /BLA/boletinlegal/js/jquery.js HTTP/1.1" 200 57254
186.103.85.229 - - [07/Nov/2014:07:16:52 -0500] "GET /BLA/boletinlegal/js/jquery.scrollTo-min.js HTTP/1.1" 200 1150
186.103.85.229 - - [07/Nov/2014:07:16:52 -0500] "GET /BLA/boletinlegal/js/jquery.scrollShow.js HTTP/1.1" 200 4586
201.245.192.253 - - [07/Nov/2014:07:16:52 -0500] "GET /e/d4q_rCPtVvM?modestbranding=1&enablejsapi=1&version=3 HTTP/1.1" 404 1421
66.249.64.167 - - [07/Nov/2014:07:16:56 -0500] "GET /BLA/resoluciones/RESOLUCIONES%202011/1670.pdf HTTP/1.1" 200 80349
190.65.203.86 - - [07/Nov/2014:07:17:01 -0500] "GET /BLA/boletinlegal/js/jquery.js HTTP/1.1" 200 57254
190.65.203.86 - - [07/Nov/2014:07:17:01 -0500] "GET /BLA/boletinlegal/js/jquery.scrollTo-min.js HTTP/1.1" 200 1150
190.65.203.86 - - [07/Nov/2014:07:17:01 -0500] "GET /BLA/boletinlegal/js/jquery.scrollShow.js HTTP/1.1" 200 4586
180.76.5.144 - - [07/Nov/2014:07:17:04 -0500] "GET /videos/60sgsAbril2.flv HTTP/1.1" 200 8359637
190.27.14.214 - - [07/Nov/2014:07:17:05 -0500] "GET /BLA/boletinlegal/js/jquery.js HTTP/1.1" 200 57254
190.27.14.214 - - [07/Nov/2014:07:17:05 -0500] "GET /BLA/boletinlegal/js/jquery.scrollTo-min.js HTTP/1.1" 200 1150
190.27.14.214 - - [07/Nov/2014:07:17:05 -0500] "GET /BLA/boletinlegal/js/jquery.scrollShow.js HTTP/1.1" 200 4586
66.249.64.167 - - [07/Nov/2014:07:17:06 -0500] "GET /BLA/resoluciones/RESOLUCIONES%202009/6915.pdf HTTP/1.1" 200 108068
66.249.64.163 - - [07/Nov/2014:07:17:17 -0500] "GET /BLA/resoluciones/RESOLUCIONES%202009/8677.pdf HTTP/1.1" 304 -
190.158.7.219 - - [07/Nov/2014:07:17:21 -0500] "GET /forest/session.jsp?a=0.25476459530182183 HTTP/1.1" 200 4
186.147.22.116 - - [07/Nov/2014:07:17:22 -0500] "GET /galeria/nivo-slider/demo/demo.html HTTP/1.1" 200 3542
186.147.22.116 - - [07/Nov/2014:07:17:23 -0500] "GET /galeria/nivo-slider/demo/images/Banner-comparendo.jpg HTTP/1.1" 200 388762
186.147.22.116 - - [07/Nov/2014:07:17:23 -0500] "GET /galeria/nivo-slider/demo/images/Banner-Ecourbanismo.jpg HTTP/1.1" 200 189838
186.147.22.116 - - [07/Nov/2014:07:17:23 -0500] "GET /galeria/nivo-slider/demo/images/porloshumedales.jpg HTTP/1.1" 304 -
186.147.22.116 - - [07/Nov/2014:07:17:24 -0500] "GET /galeria/nivo-slider/demo/images/Tingua-azul.jpg HTTP/1.1" 304 -
186.147.22.116 - - [07/Nov/2014:07:17:24 -0500] "GET /galeria/nivo-slider/demo/images/banner-aceite3.jpg HTTP/1.1" 304 -
186.147.22.116 - - [07/Nov/2014:07:17:24 -0500] "GET /galeria/nivo-slider/demo/images/Banner-Caracol-Africano.jpg HTTP/1.1" 304 -
186.147.22.116 - - [07/Nov/2014:07:17:24 -0500] "GET /galeria/nivo-slider/demo/images/banner-redes.jpg HTTP/1.1" 304 -
186.147.22.116 - - [07/Nov/2014:07:17:24 -0500] "GET /galeria/nivo-slider/demo/images/Hacienda_Molinos.jpg HTTP/1.1" 304 -
186.147.22.116 - - [07/Nov/2014:07:17:24 -0500] "GET /galeria/nivo-slider/demo/images/bannerEcolecta3.jpg HTTP/1.1" 304 -
186.147.22.116 - - [07/Nov/2014:07:17:25 -0500] "GET /videos/Spot_CambioClimatico.flv HTTP/1.1" 200 4371917
66.249.64.171 - - [07/Nov/2014:07:17:28 -0500] "GET /BLA/resoluciones/RESOLUCIONES%202007/RES%202007%202701%20AL%202800/RESOLUCION%202702%20DE%202007.pdf HTTP/1.1" 200 266235
66.249.64.171 - - [07/Nov/2014:07:17:34 -0500] "GET /BLA/resoluciones/RESOLUCIONES%202010/0905.pdf HTTP/1.1" 200 100237
201.245.192.253 - - [07/Nov/2014:07:17:36 -0500] "GET /common/scribe_endpoint.php?c=jssdk_error&m=%7B%22error%22%3A%22LOAD%22%2C%20%22extra%22%3A%20%7B%22name%22%3A%22TypeError%22%2C%22line%22%3A%22undefined%22%2C%22script%22%3A%22undefined%22%2C%22stack%22%3A%22TypeError%3A%20Cannot%20read%20property%20%27appendChild%27%20of%20null%0A%20%20%20%20at%20n%20(http%3A%2F%2Fconnect.facebook.net%2Fen_US%2Ffbds.js%3A10%3A1003)%0A%20%20%20%20at%20o%20(http%3A%2F%2Fconnect.facebook.net%2Fen_US%2Ffbds.js%3A10%3A1768)%0A%20%20%20%20at%20Object.h.track%20(http%3A%2F%2Fconnect.facebook.net%2Fen_US%2Ffbds.js%3A10%3A1207)%0A%20%20%20%20at%20p%20(http%3A%2F%2Fconnect.facebook.net%2Fen_US%2Ffbds.js%3A10%3A2039)%0A%20%20%20%20at%20http%3A%2F%2Fconnect.facebook.net%2Fen_US%2Ffbds.js%3A10%3A2083%0A%20%20%20%20at%20http%3A%2F%2Fconnect.facebook.net%2Fen_US%2Ffbds.js%3A10%3A2439%22%2C%22revision%22%3A%221485205%22%2C%22message%22%3A%22Cannot%20read%20property%20%27appendChild%27%20of%20null%22%7D%7D HTTP/1.1" 404 2242
66.249.64.43 - - [07/Nov/2014:07:17:38 -0500] "GET /htdocs/counter/digits/bluesky/ HTTP/1.1" 404 1019
66.249.64.163 - - [07/Nov/2014:07:17:49 -0500] "GET /BLA/resoluciones/RESOLUCIONES%202009/2826.pdf HTTP/1.1" 200 339746
201.245.192.253 - - [07/Nov/2014:07:17:58 -0500] "GET /common/scribe_endpoint.php?c=jssdk_error&m=%7B%22error%22%3A%22LOAD%22%2C%20%22extra%22%3A%20%7B%22name%22%3A%22TypeError%22%2C%22line%22%3A%22undefined%22%2C%22script%22%3A%22undefined%22%2C%22stack%22%3A%22TypeError%3A%20Cannot%20read%20property%20%27appendChild%27%20of%20null%0A%20%20%20%20at%20n%20(http%3A%2F%2Fconnect.facebook.net%2Fen_US%2Ffbds.js%3A10%3A1003)%0A%20%20%20%20at%20o%20(http%3A%2F%2Fconnect.facebook.net%2Fen_US%2Ffbds.js%3A10%3A1768)%0A%20%20%20%20at%20Object.h.track%20(http%3A%2F%2Fconnect.facebook.net%2Fen_US%2Ffbds.js%3A10%3A1207)%0A%20%20%20%20at%20p%20(http%3A%2F%2Fconnect.facebook.net%2Fen_US%2Ffbds.js%3A10%3A2039)%0A%20%20%20%20at%20http%3A%2F%2Fconnect.facebook.net%2Fen_US%2Ffbds.js%3A10%3A2083%0A%20%20%20%20at%20http%3A%2F%2Fconnect.facebook.net%2Fen_US%2Ffbds.js%3A10%3A2439%22%2C%22revision%22%3A%221485205%22%2C%22message%22%3A%22Cannot%20read%20property%20%27appendChild%27%20of%20null%22%7D%7D HTTP/1.1" 404 2242
66.249.64.163 - - [07/Nov/2014:07:17:59 -0500] "GET /BLA/resoluciones/RESOLUCIONES%202011/5260.pdf HTTP/1.1" 200 556212
190.248.51.60 - - [07/Nov/2014:07:18:05 -0500] "GET /galeria/nivo-slider/demo/images/Banner-Ecourbanismo.jpg HTTP/1.1" 304 -
66.249.64.171 - - [07/Nov/2014:07:18:10 -0500] "GET /BLA/resoluciones/RESOLUCIONES%202009/4398.pdf HTTP/1.1" 304 -
66.249.64.171 - - [07/Nov/2014:07:18:20 -0500] "GET /BLA/resoluciones/RESOLUCIONES%202011/3756.pdf HTTP/1.1" 304 -
201.245.192.253 - - [07/Nov/2014:07:18:28 -0500] "GET /embed/ZJRVhkotd70?wmode=opaque HTTP/1.1" 404 1475
201.245.192.253 - - [07/Nov/2014:07:18:28 -0500] "GET /embed/NaCVZSpwCQc?wmode=opaque HTTP/1.1" 404 1475
66.249.64.163 - - [07/Nov/2014:07:18:31 -0500] "GET /BLA/resoluciones/RESOLUCIONES%202007/RES%202007%203001%20AL%203100/RESOLUCION%203041%20DE%202007.pdf HTTP/1.1" 304 -
66.249.64.167 - - [07/Nov/2014:07:18:40 -0500] "GET /BLA/resoluciones/RESOLUCIONES%202010/1018.pdf HTTP/1.1" 200 113972
66.249.64.163 - - [07/Nov/2014:07:18:41 -0500] "GET /BLA/resoluciones/RESOLUCIONES%202009/4001.pdf HTTP/1.1" 200 484369
201.245.192.253 - - [07/Nov/2014:07:18:48 -0500] "GET /common/scribe_endpoint.php?c=jssdk_error&m=%7B%22error%22%3A%22LOAD%22%2C%20%22extra%22%3A%20%7B%22name%22%3A%22TypeError%22%2C%22line%22%3A%22undefined%22%2C%22script%22%3A%22undefined%22%2C%22stack%22%3A%22TypeError%3A%20Cannot%20read%20property%20%27appendChild%27%20of%20null%0A%20%20%20%20at%20n%20(http%3A%2F%2Fconnect.facebook.net%2Fen_US%2Ffbds.js%3A10%3A1003)%0A%20%20%20%20at%20o%20(http%3A%2F%2Fconnect.facebook.net%2Fen_US%2Ffbds.js%3A10%3A1768)%0A%20%20%20%20at%20Object.h.track%20(http%3A%2F%2Fconnect.facebook.net%2Fen_US%2Ffbds.js%3A10%3A1207)%0A%20%20%20%20at%20p%20(http%3A%2F%2Fconnect.facebook.net%2Fen_US%2Ffbds.js%3A10%3A2039)%0A%20%20%20%20at%20http%3A%2F%2Fconnect.facebook.net%2Fen_US%2Ffbds.js%3A10%3A2083%0A%20%20%20%20at%20http%3A%2F%2Fconnect.facebook.net%2Fen_US%2Ffbds.js%3A10%3A2439%22%2C%22revision%22%3A%221485205%22%2C%22message%22%3A%22Cannot%20read%20property%20%27appendChild%27%20of%20null%22%7D%7D HTTP/1.1" 404 2242
66.249.64.167 - - [07/Nov/2014:07:18:52 -0500] "GET /BLA/resoluciones/RESOLUCIONES%202010/0684.pdf HTTP/1.1" 304 -
66.249.64.163 - - [07/Nov/2014:07:19:02 -0500] "GET /BLA/resoluciones/RESOLUCIONES%202010/6515.pdf HTTP/1.1" 200 580587
201.245.192.253 - - [07/Nov/2014:07:19:10 -0500] "GET /common/scribe_endpoint.php?c=jssdk_error&m=%7B%22error%22%3A%22LOAD%22%2C%20%22extra%22%3A%20%7B%22name%22%3A%22TypeError%22%2C%22line%22%3A%22undefined%22%2C%22script%22%3A%22undefined%22%2C%22stack%22%3A%22TypeError%3A%20Cannot%20read%20property%20%27appendChild%27%20of%20null%0A%20%20%20%20at%20n%20(http%3A%2F%2Fconnect.facebook.net%2Fen_US%2Ffbds.js%3A10%3A1003)%0A%20%20%20%20at%20o%20(http%3A%2F%2Fconnect.facebook.net%2Fen_US%2Ffbds.js%3A10%3A1768)%0A%20%20%20%20at%20Object.h.track%20(http%3A%2F%2Fconnect.facebook.net%2Fen_US%2Ffbds.js%3A10%3A1207)%0A%20%20%20%20at%20p%20(http%3A%2F%2Fconnect.facebook.net%2Fen_US%2Ffbds.js%3A10%3A2039)%0A%20%20%20%20at%20http%3A%2F%2Fconnect.facebook.net%2Fen_US%2Ffbds.js%3A10%3A2083%0A%20%20%20%20at%20http%3A%2F%2Fconnect.facebook.net%2Fen_US%2Ffbds.js%3A10%3A2439%22%2C%22revision%22%3A%221485205%22%2C%22message%22%3A%22Cannot%20read%20property%20%27appendChild%27%20of%20null%22%7D%7D HTTP/1.1" 404 2242
186.98.175.124 - - [07/Nov/2014:07:19:13 -0500] "GET /BLA/boletinlegal/js/jquery.scrollTo-min.js HTTP/1.1" 200 1150
186.98.175.124 - - [07/Nov/2014:07:19:13 -0500] "GET /BLA/boletinlegal/js/jquery.js HTTP/1.1" 200 57254
186.98.175.124 - - [07/Nov/2014:07:19:13 -0500] "GET /galeria/carrusel/Carrusel/jquery-ui-1.8.13.custom.min.js HTTP/1.1" 200 10800
186.98.175.124 - - [07/Nov/2014:07:19:13 -0500] "GET /galeria/carrusel/Carrusel/jquery.thumbnailScroller.js HTTP/1.1" 200 8157
186.98.175.124 - - [07/Nov/2014:07:19:13 -0500] "GET /galeria/carrusel/Carrusel/jquery.thumbnailScroller.css HTTP/1.1" 200 2066
186.98.175.124 - - [07/Nov/2014:07:19:13 -0500] "GET /BLA/boletinlegal/js/jquery.scrollShow.js HTTP/1.1" 200 4586
186.98.175.124 - - [07/Nov/2014:07:19:16 -0500] "GET /galeria/nivo-slider/demo/demo.html HTTP/1.1" 200 3542
186.98.175.124 - - [07/Nov/2014:07:19:17 -0500] "GET /galeria/nivo-slider/themes/default/default.css HTTP/1.1" 200 1569
186.98.175.124 - - [07/Nov/2014:07:19:17 -0500] "GET /galeria/nivo-slider/themes/pascal/pascal.css HTTP/1.1" 200 2258
186.98.175.124 - - [07/Nov/2014:07:19:17 -0500] "GET /galeria/nivo-slider/jquery.nivo.slider.pack.js HTTP/1.1" 200 11561
186.98.175.124 - - [07/Nov/2014:07:19:17 -0500] "GET /galeria/nivo-slider/demo/style.css HTTP/1.1" 200 2222
186.98.175.124 - - [07/Nov/2014:07:19:17 -0500] "GET /galeria/nivo-slider/nivo-slider.css HTTP/1.1" 200 1507
186.98.175.124 - - [07/Nov/2014:07:19:17 -0500] "GET /galeria/nivo-slider/themes/orman/orman.css HTTP/1.1" 200 2152
186.98.175.124 - - [07/Nov/2014:07:19:17 -0500] "GET /galeria/nivo-slider/demo/scripts/jquery-1.7.1.min.js HTTP/1.1" 200 93868
186.98.175.124 - - [07/Nov/2014:07:19:18 -0500] "GET /galeria/nivo-slider/demo/images/Banner-comparendo.jpg HTTP/1.1" 200 388762
186.98.175.124 - - [07/Nov/2014:07:19:18 -0500] "GET /galeria/nivo-slider/demo/images/porloshumedales.jpg HTTP/1.1" 200 351238
186.98.175.124 - - [07/Nov/2014:07:19:18 -0500] "GET /galeria/nivo-slider/demo/images/banner-aceite3.jpg HTTP/1.1" 200 88347
186.98.175.124 - - [07/Nov/2014:07:19:18 -0500] "GET /galeria/nivo-slider/demo/images/Tingua-azul.jpg HTTP/1.1" 200 307638
186.98.175.124 - - [07/Nov/2014:07:19:18 -0500] "GET /galeria/nivo-slider/demo/images/Banner-Ecourbanismo.jpg HTTP/1.1" 200 189838
186.98.175.124 - - [07/Nov/2014:07:19:18 -0500] "GET /galeria/nivo-slider/demo/images/banner-redes.jpg HTTP/1.1" 200 62209
186.98.175.124 - - [07/Nov/2014:07:19:20 -0500] "GET /galeria/nivo-slider/demo/images/Banner-Caracol-Africano.jpg HTTP/1.1" 200 331986
186.98.175.124 - - [07/Nov/2014:07:19:21 -0500] "GET /galeria/nivo-slider/demo/images/bannerEcolecta3.jpg HTTP/1.1" 200 280034
186.98.175.124 - - [07/Nov/2014:07:19:22 -0500] "GET /galeria/nivo-slider/demo/images/banner-llantas2.jpg HTTP/1.1" 200 73153
186.98.175.124 - - [07/Nov/2014:07:19:23 -0500] "GET /galeria/nivo-slider/demo/images/4Simple_Slider.png HTTP/1.1" 200 11722
186.98.175.124 - - [07/Nov/2014:07:19:23 -0500] "GET /galeria/nivo-slider/themes/default/loading.gif HTTP/1.1" 200 1737
186.98.175.124 - - [07/Nov/2014:07:19:25 -0500] "GET /galeria/nivo-slider/demo/images/9Signos.jpg HTTP/1.1" 200 93040
186.98.175.124 - - [07/Nov/2014:07:19:26 -0500] "GET /galeria/nivo-slider/demo/images/Hacienda_Molinos.jpg HTTP/1.1" 200 319171
186.98.175.124 - - [07/Nov/2014:07:19:26 -0500] "GET /galeria/nivo-slider/demo/images/banner-caballos.png HTTP/1.1" 200 389106
186.98.175.124 - - [07/Nov/2014:07:19:31 -0500] "GET /galeria/nivo-slider/themes/default/arrows.png HTTP/1.1" 200 824
186.98.175.124 - - [07/Nov/2014:07:19:32 -0500] "GET /galeria/nivo-slider/themes/default/bullets.png HTTP/1.1" 200 1281
201.245.192.253 - - [07/Nov/2014:07:19:32 -0500] "GET /forest/session.jsp?a=0.20237018959596753 HTTP/1.1" 200 4
201.245.192.253 - - [07/Nov/2014:07:19:44 -0500] "GET /common/scribe_endpoint.php?c=jssdk_error&m=%7B%22error%22%3A%22LOAD%22%2C%20%22extra%22%3A%20%7B%22name%22%3A%22TypeError%22%2C%22line%22%3A%22undefined%22%2C%22script%22%3A%22undefined%22%2C%22stack%22%3A%22TypeError%3A%20Cannot%20read%20property%20%27appendChild%27%20of%20null%0A%20%20%20%20at%20n%20(http%3A%2F%2Fconnect.facebook.net%2Fen_US%2Ffbds.js%3A10%3A1003)%0A%20%20%20%20at%20o%20(http%3A%2F%2Fconnect.facebook.net%2Fen_US%2Ffbds.js%3A10%3A1768)%0A%20%20%20%20at%20Object.h.track%20(http%3A%2F%2Fconnect.facebook.net%2Fen_US%2Ffbds.js%3A10%3A1207)%0A%20%20%20%20at%20p%20(http%3A%2F%2Fconnect.facebook.net%2Fen_US%2Ffbds.js%3A10%3A2039)%0A%20%20%20%20at%20http%3A%2F%2Fconnect.facebook.net%2Fen_US%2Ffbds.js%3A10%3A2083%0A%20%20%20%20at%20http%3A%2F%2Fconnect.facebook.net%2Fen_US%2Ffbds.js%3A10%3A2439%22%2C%22revision%22%3A%221485205%22%2C%22message%22%3A%22Cannot%20read%20property%20%27appendChild%27%20of%20null%22%7D%7D HTTP/1.1" 404 2242
201.245.192.253 - - [07/Nov/2014:07:19:53 -0500] "GET /embed/qtCxyYBuQYc?RELL=0&autoplay=1&wmode=opaque HTTP/1.1" 404 1491
190.127.234.88 - - [07/Nov/2014:07:20:09 -0500] "GET /galeria/nivo-slider/themes/default/bullets.png HTTP/1.1" 200 1281
190.127.234.88 - - [07/Nov/2014:07:20:09 -0500] "GET /galeria/nivo-slider/demo/images/Banner-comparendo.jpg HTTP/1.1" 200 388762
190.127.234.88 - - [07/Nov/2014:07:20:09 -0500] "GET /galeria/nivo-slider/themes/default/arrows.png HTTP/1.1" 200 824
186.170.241.18 - - [07/Nov/2014:07:20:10 -0500] "GET /BLA/resoluciones/RESOLUCIONES%202007/RES%202007%202201%20AL%202300/RESOLUCION%202215%20DE%202007.pdf HTTP/1.1" 200 50786
186.170.241.18 - - [07/Nov/2014:07:20:12 -0500] "GET /BLA/resoluciones/RESOLUCIONES%202007/RES%202007%202201%20AL%202300/RESOLUCION%202215%20DE%202007.pdf HTTP/1.1" 200 50786
201.245.192.253 - - [07/Nov/2014:07:20:12 -0500] "GET /common/scribe_endpoint.php?c=jssdk_error&m=%7B%22error%22%3A%22LOAD%22%2C%20%22extra%22%3A%20%7B%22name%22%3A%22TypeError%22%2C%22line%22%3A%22undefined%22%2C%22script%22%3A%22undefined%22%2C%22stack%22%3A%22TypeError%3A%20Cannot%20read%20property%20%27appendChild%27%20of%20null%0A%20%20%20%20at%20n%20(http%3A%2F%2Fconnect.facebook.net%2Fen_US%2Ffbds.js%3A10%3A1003)%0A%20%20%20%20at%20o%20(http%3A%2F%2Fconnect.facebook.net%2Fen_US%2Ffbds.js%3A10%3A1768)%0A%20%20%20%20at%20Object.h.track%20(http%3A%2F%2Fconnect.facebook.net%2Fen_US%2Ffbds.js%3A10%3A1207)%0A%20%20%20%20at%20p%20(http%3A%2F%2Fconnect.facebook.net%2Fen_US%2Ffbds.js%3A10%3A2039)%0A%20%20%20%20at%20http%3A%2F%2Fconnect.facebook.net%2Fen_US%2Ffbds.js%3A10%3A2083%0A%20%20%20%20at%20http%3A%2F%2Fconnect.facebook.net%2Fen_US%2Ffbds.js%3A10%3A2439%22%2C%22revision%22%3A%221485205%22%2C%22message%22%3A%22Cannot%20read%20property%20%27appendChild%27%20of%20null%22%7D%7D HTTP/1.1" 404 2242
66.249.64.163 - - [07/Nov/2014:07:20:13 -0500] "GET /BLA/resoluciones/RESOLUCIONES%202009/4916.pdf HTTP/1.1" 304 -
66.249.64.163 - - [07/Nov/2014:07:20:14 -0500] "GET /BLA/resoluciones/AUTOS%202007/3563.pdf HTTP/1.1" 200 161343
100.43.85.25 - - [07/Nov/2014:07:20:15 -0500] "GET /pie/ HTTP/1.1" 404 1019
201.245.192.253 - - [07/Nov/2014:07:20:31 -0500] "GET /common/scribe_endpoint.php?c=jssdk_error&m=%7B%22error%22%3A%22LOAD%22%2C%20%22extra%22%3A%20%7B%22name%22%3A%22TypeError%22%2C%22line%22%3A%22undefined%22%2C%22script%22%3A%22undefined%22%2C%22stack%22%3A%22TypeError%3A%20Cannot%20read%20property%20%27appendChild%27%20of%20null%0A%20%20%20%20at%20n%20(http%3A%2F%2Fconnect.facebook.net%2Fen_US%2Ffbds.js%3A10%3A1003)%0A%20%20%20%20at%20o%20(http%3A%2F%2Fconnect.facebook.net%2Fen_US%2Ffbds.js%3A10%3A1768)%0A%20%20%20%20at%20Object.h.track%20(http%3A%2F%2Fconnect.facebook.net%2Fen_US%2Ffbds.js%3A10%3A1207)%0A%20%20%20%20at%20p%20(http%3A%2F%2Fconnect.facebook.net%2Fen_US%2Ffbds.js%3A10%3A2039)%0A%20%20%20%20at%20http%3A%2F%2Fconnect.facebook.net%2Fen_US%2Ffbds.js%3A10%3A2083%0A%20%20%20%20at%20http%3A%2F%2Fconnect.facebook.net%2Fen_US%2Ffbds.js%3A10%3A2439%22%2C%22revision%22%3A%221485205%22%2C%22message%22%3A%22Cannot%20read%20property%20%27appendChild%27%20of%20null%22%7D%7D HTTP/1.1" 404 2242
66.249.64.167 - - [07/Nov/2014:07:20:34 -0500] "GET /BLA/resoluciones/AUTOS%202012/1969.pdf HTTP/1.1" 304 -
66.249.64.167 - - [07/Nov/2014:07:20:35 -0500] "GET /BLA/resoluciones/AUTOS%202008/0806.pdf HTTP/1.1" 304 -
66.249.64.163 - - [07/Nov/2014:07:20:36 -0500] "GET /BLA/resoluciones/AUTOS%202010/5246.pdf HTTP/1.1" 200 248769
201.245.192.253 - - [07/Nov/2014:07:20:38 -0500] "GET /plugins/like.php?locale=es_ES&href=http%3A%2F%2Fwww.facebook.com%2Fmsn&send=false&layout=button_count&width=450&show_faces=false&font&colorscheme=light&action=like&height=21 HTTP/1.1" 404 1312
66.249.64.163 - - [07/Nov/2014:07:20:38 -0500] "GET /BLA/resoluciones/RESOLUCIONES%202013/0607.pdf HTTP/1.1" 200 262472
