190.157.153.111 - - [07/Nov/2014:00:51:30 -0500] "GET /forest/session.jsp?a=0.24059244754837583 HTTP/1.1" 200 4
190.157.153.111 - - [07/Nov/2014:00:51:31 -0500] "GET /forest/actions/forms.getMappedValues?id=id_Numeracion1&value=1380667058876&codForm=ElaborarDocumento&a=0.35022807831813035 HTTP/1.1" 200 126
190.157.153.111 - - [07/Nov/2014:00:51:30 -0500] "GET /ForestMSG_SDA/channelAsync/template_word_16846736;jsessionid=gKjEwnoYH0TP0uCZWWpgbScw.server1?X-Atmosphere-tracking-id=397ee067-deb4-a07b-2b5f-9bf21439dedc&X-Atmosphere-Framework=1.0.5&X-Atmosphere-Transport=long-polling&tabid=0.28945882301631614&X-Cache-Date=0&Content-Type=application/xml HTTP/1.1" 200 8193
190.157.153.111 - - [07/Nov/2014:00:51:31 -0500] "GET /ForestMSG_SDA/channelAsync/template_word_16846736;jsessionid=gKjEwnoYH0TP0uCZWWpgbScw.server1?X-Atmosphere-tracking-id=397ee067-deb4-a07b-2b5f-9bf21439dedc&X-Atmosphere-Framework=1.0.5&X-Atmosphere-Transport=long-polling&tabid=0.28945882301631614&X-Cache-Date=1414820410042&Content-Type=application/xml HTTP/1.1" 200 8193
190.157.153.111 - - [07/Nov/2014:00:51:31 -0500] "GET /ForestMSG_SDA/channelAsync/template_word_16846736;jsessionid=gKjEwnoYH0TP0uCZWWpgbScw.server1?X-Atmosphere-tracking-id=397ee067-deb4-a07b-2b5f-9bf21439dedc&X-Atmosphere-Framework=1.0.5&X-Atmosphere-Transport=long-polling&tabid=0.28945882301631614&X-Cache-Date=1414820410042&Content-Type=application/xml HTTP/1.1" 200 8193
190.157.153.111 - - [07/Nov/2014:00:51:31 -0500] "GET /ForestMSG_SDA/channelAsync/template_word_16846736;jsessionid=gKjEwnoYH0TP0uCZWWpgbScw.server1?X-Atmosphere-tracking-id=397ee067-deb4-a07b-2b5f-9bf21439dedc&X-Atmosphere-Framework=1.0.5&X-Atmosphere-Transport=long-polling&tabid=0.28945882301631614&X-Cache-Date=1414820410502&Content-Type=application/xml HTTP/1.1" 200 8193
190.157.153.111 - - [07/Nov/2014:00:51:31 -0500] "GET /ForestMSG_SDA/channelAsync/template_word_16846736;jsessionid=gKjEwnoYH0TP0uCZWWpgbScw.server1?X-Atmosphere-tracking-id=397ee067-deb4-a07b-2b5f-9bf21439dedc&X-Atmosphere-Framework=1.0.5&X-Atmosphere-Transport=long-polling&tabid=0.28945882301631614&X-Cache-Date=1414820410502&Content-Type=application/xml HTTP/1.1" 200 8193
190.157.153.111 - - [07/Nov/2014:00:51:31 -0500] "GET /ForestMSG_SDA/channelAsync/template_word_16846736;jsessionid=gKjEwnoYH0TP0uCZWWpgbScw.server1?X-Atmosphere-tracking-id=397ee067-deb4-a07b-2b5f-9bf21439dedc&X-Atmosphere-Framework=1.0.5&X-Atmosphere-Transport=long-polling&tabid=0.28945882301631614&X-Cache-Date=1414820410502&Content-Type=application/xml HTTP/1.1" 200 8193
190.157.153.111 - - [07/Nov/2014:00:51:31 -0500] "GET /ForestMSG_SDA/channelAsync/template_word_16846736;jsessionid=gKjEwnoYH0TP0uCZWWpgbScw.server1?X-Atmosphere-tracking-id=397ee067-deb4-a07b-2b5f-9bf21439dedc&X-Atmosphere-Framework=1.0.5&X-Atmosphere-Transport=long-polling&tabid=0.28945882301631614&X-Cache-Date=1414820410552&Content-Type=application/xml HTTP/1.1" 200 8193
190.157.153.111 - - [07/Nov/2014:00:51:31 -0500] "GET /ForestMSG_SDA/channelAsync/template_word_16846736;jsessionid=gKjEwnoYH0TP0uCZWWpgbScw.server1?X-Atmosphere-tracking-id=397ee067-deb4-a07b-2b5f-9bf21439dedc&X-Atmosphere-Framework=1.0.5&X-Atmosphere-Transport=long-polling&tabid=0.28945882301631614&X-Cache-Date=1414820410552&Content-Type=application/xml HTTP/1.1" 200 8193
190.157.153.111 - - [07/Nov/2014:00:51:31 -0500] "GET /ForestMSG_SDA/channelAsync/template_word_16846736;jsessionid=gKjEwnoYH0TP0uCZWWpgbScw.server1?X-Atmosphere-tracking-id=397ee067-deb4-a07b-2b5f-9bf21439dedc&X-Atmosphere-Framework=1.0.5&X-Atmosphere-Transport=long-polling&tabid=0.28945882301631614&X-Cache-Date=1414820410572&Content-Type=application/xml HTTP/1.1" 200 8193
190.157.153.111 - - [07/Nov/2014:00:51:31 -0500] "GET /ForestMSG_SDA/channelAsync/template_word_16846736;jsessionid=gKjEwnoYH0TP0uCZWWpgbScw.server1?X-Atmosphere-tracking-id=397ee067-deb4-a07b-2b5f-9bf21439dedc&X-Atmosphere-Framework=1.0.5&X-Atmosphere-Transport=long-polling&tabid=0.28945882301631614&X-Cache-Date=1414820410552&Content-Type=application/xml HTTP/1.1" 200 8193
66.249.64.39 - - [07/Nov/2014:00:50:57 -0500] "GET /BLA/boletinlegal/index.php HTTP/1.1" 200 48956
66.249.64.163 - - [07/Nov/2014:00:51:36 -0500] "GET /BLA/resoluciones/RESOLUCIONES%202007/RES%202007%202901%20AL%203000/RESOLUCION%202939%20DE%202007.pdf HTTP/1.1" 304 -
66.249.64.167 - - [07/Nov/2014:00:51:36 -0500] "GET /BLA/resoluciones/RESOLUCIONES%202010/7836.pdf HTTP/1.1" 304 -
190.157.153.111 - - [07/Nov/2014:00:51:36 -0500] "GET /forest/skins/gdocs-jar/popup/escritorio/subirborrador.jsp?form=ElaborarDocumento&codTpl=&codBorr=508811&a=0.6950333647276641 HTTP/1.1" 200 23292
190.157.153.111 - - [07/Nov/2014:00:51:36 -0500] "GET /forest/json.do?query=borradoresByTpls&codInst=2677757&codTare=1464&firma=0&a=0.7464413731832648 HTTP/1.1" 200 364
190.157.153.111 - - [07/Nov/2014:00:51:36 -0500] "GET /forest/json.do?query=plantillasByTarea&codTare=1464&codInst=2677757&firma=0&a=0.39260148032893466 HTTP/1.1" 200 503
66.249.64.163 - - [07/Nov/2014:00:51:37 -0500] "GET /BLA/resoluciones/RESOLUCIONES%202010/6084.pdf HTTP/1.1" 304 -
190.157.153.111 - - [07/Nov/2014:00:51:37 -0500] "GET /forest/json.do?query=terceroById&numTer=900002583-6&a=0.8392262170053051 HTTP/1.1" 200 689
190.157.153.111 - - [07/Nov/2014:00:51:37 -0500] "GET /forest/json.do?query=datosBorradorByCodTraBorr&codTraBorr=1504741&a=0.857146784021285 HTTP/1.1" 200 180
190.157.153.111 - - [07/Nov/2014:00:51:37 -0500] "GET /forest/json.do?query=adjuntosByBorrador&codTraBorr=1504741&a=0.13080058888469093 HTTP/1.1" 200 2
190.157.153.111 - - [07/Nov/2014:00:51:37 -0500] "GET /forest/json.do?query=ultimoBorradorByTpl&codTpl=2309&codInst=2677757&a=0.20954451326033946 HTTP/1.1" 200 2
190.157.153.111 - - [07/Nov/2014:00:51:37 -0500] "GET /forest/json.do?query=ultimoBorradorByTpl&codTpl=781&codInst=2677757&a=0.6978544550117074 HTTP/1.1" 200 2
190.157.153.111 - - [07/Nov/2014:00:51:37 -0500] "GET /forest/json.do?query=ultimoBorradorByTpl&codTpl=1241&codInst=2677757&a=0.21951671830976055 HTTP/1.1" 200 20
190.157.153.111 - - [07/Nov/2014:00:51:38 -0500] "GET /forest/json.do?query=ultimoBorradorByTpl&codTpl=921&codInst=2677757&a=0.7396064111727731 HTTP/1.1" 200 2
66.249.64.167 - - [07/Nov/2014:00:51:39 -0500] "GET /BLA/resoluciones/RESOLUCIONES%202009/7294.pdf HTTP/1.1" 304 -
66.249.64.171 - - [07/Nov/2014:00:51:41 -0500] "GET /BLA/resoluciones/RESOLUCIONES%202008/3682.pdf HTTP/1.1" 200 1371904
66.249.64.171 - - [07/Nov/2014:00:51:52 -0500] "GET /BLA/resoluciones/RESOLUCIONES%202007/RES%202007%202001%20AL%202100/RESOLUCION%202021%20DE%202007.pdf HTTP/1.1" 200 617071
66.249.64.163 - - [07/Nov/2014:00:52:01 -0500] "GET /BLA/resoluciones/RESOLUCIONES%202010/0967.pdf HTTP/1.1" 200 433911
66.249.64.171 - - [07/Nov/2014:00:52:03 -0500] "GET /BLA/resoluciones/RESOLUCIONES%202011/3779.pdf HTTP/1.1" 304 -
66.249.64.163 - - [07/Nov/2014:00:52:13 -0500] "GET /BLA/resoluciones/RESOLUCIONES%202010/2112.pdf HTTP/1.1" 304 -
190.157.153.111 - - [07/Nov/2014:00:52:15 -0500] "POST /forest/usutareas.do?group_system_actual=3 HTTP/1.1" 200 204
190.157.153.111 - - [07/Nov/2014:00:52:18 -0500] "GET /forest/jsoptimized/gz/js/gdocsall-1411.041919.js HTTP/1.1" 304 -
190.157.153.111 - - [07/Nov/2014:00:52:18 -0500] "GET /forest/usutareas.do?group_system_actual=3&a=0.4293140754694031 HTTP/1.1" 200 107570
190.157.153.111 - - [07/Nov/2014:00:51:31 -0500] "GET /ForestMSG_SDA/channelAsync/template_word_16846736;jsessionid=gKjEwnoYH0TP0uCZWWpgbScw.server1?X-Atmosphere-tracking-id=397ee067-deb4-a07b-2b5f-9bf21439dedc&X-Atmosphere-Framework=1.0.5&X-Atmosphere-Transport=long-polling&tabid=0.28945882301631614&X-Cache-Date=1414820410572&Content-Type=application/xml HTTP/1.1" 200 8193
190.157.153.111 - - [07/Nov/2014:00:52:19 -0500] "GET /ForestMSG_SDA/channelAsync/template_word_16846736;jsessionid=gKjEwnoYH0TP0uCZWWpgbScw.server1?X-Atmosphere-tracking-id=396b44db-2e73-8948-b35e-33ceda0f24f1&X-Atmosphere-Framework=1.0.5&X-Atmosphere-Transport=long-polling&tabid=0.49187414219826264&X-Cache-Date=0&Content-Type=application/xml HTTP/1.1" 200 8193
190.157.153.111 - - [07/Nov/2014:00:52:19 -0500] "GET /forest/session.jsp?a=0.9654602829135466 HTTP/1.1" 200 4
190.157.153.111 - - [07/Nov/2014:00:52:20 -0500] "GET /forest/actions/forms.getMappedValues?id=id_Numeracion1&value=1380667058876&codForm=ElaborarDocumento&a=0.23283790204111776 HTTP/1.1" 200 126
190.157.153.111 - - [07/Nov/2014:00:52:19 -0500] "GET /ForestMSG_SDA/channelAsync/template_word_16846736;jsessionid=gKjEwnoYH0TP0uCZWWpgbScw.server1?X-Atmosphere-tracking-id=396b44db-2e73-8948-b35e-33ceda0f24f1&X-Atmosphere-Framework=1.0.5&X-Atmosphere-Transport=long-polling&tabid=0.49187414219826264&X-Cache-Date=1414820458462&Content-Type=application/xml HTTP/1.1" 200 8193
190.157.153.111 - - [07/Nov/2014:00:52:21 -0500] "GET /ForestMSG_SDA/channelAsync/template_word_16846736;jsessionid=gKjEwnoYH0TP0uCZWWpgbScw.server1?X-Atmosphere-tracking-id=396b44db-2e73-8948-b35e-33ceda0f24f1&X-Atmosphere-Framework=1.0.5&X-Atmosphere-Transport=long-polling&tabid=0.49187414219826264&X-Cache-Date=1414820459562&Content-Type=application/xml HTTP/1.1" 200 8193
190.157.153.111 - - [07/Nov/2014:00:52:21 -0500] "GET /ForestMSG_SDA/channelAsync/template_word_16846736;jsessionid=gKjEwnoYH0TP0uCZWWpgbScw.server1?X-Atmosphere-tracking-id=396b44db-2e73-8948-b35e-33ceda0f24f1&X-Atmosphere-Framework=1.0.5&X-Atmosphere-Transport=long-polling&tabid=0.49187414219826264&X-Cache-Date=1414820460004&Content-Type=application/xml HTTP/1.1" 200 8193
190.157.153.111 - - [07/Nov/2014:00:52:21 -0500] "GET /ForestMSG_SDA/channelAsync/template_word_16846736;jsessionid=gKjEwnoYH0TP0uCZWWpgbScw.server1?X-Atmosphere-tracking-id=396b44db-2e73-8948-b35e-33ceda0f24f1&X-Atmosphere-Framework=1.0.5&X-Atmosphere-Transport=long-polling&tabid=0.49187414219826264&X-Cache-Date=1414820460004&Content-Type=application/xml HTTP/1.1" 200 8193
190.157.153.111 - - [07/Nov/2014:00:52:21 -0500] "GET /ForestMSG_SDA/channelAsync/template_word_16846736;jsessionid=gKjEwnoYH0TP0uCZWWpgbScw.server1?X-Atmosphere-tracking-id=396b44db-2e73-8948-b35e-33ceda0f24f1&X-Atmosphere-Framework=1.0.5&X-Atmosphere-Transport=long-polling&tabid=0.49187414219826264&X-Cache-Date=1414820460004&Content-Type=application/xml HTTP/1.1" 200 8193
190.157.153.111 - - [07/Nov/2014:00:52:21 -0500] "GET /ForestMSG_SDA/channelAsync/template_word_16846736;jsessionid=gKjEwnoYH0TP0uCZWWpgbScw.server1?X-Atmosphere-tracking-id=396b44db-2e73-8948-b35e-33ceda0f24f1&X-Atmosphere-Framework=1.0.5&X-Atmosphere-Transport=long-polling&tabid=0.49187414219826264&X-Cache-Date=1414820460054&Content-Type=application/xml HTTP/1.1" 200 8193
190.157.153.111 - - [07/Nov/2014:00:52:21 -0500] "GET /ForestMSG_SDA/channelAsync/template_word_16846736;jsessionid=gKjEwnoYH0TP0uCZWWpgbScw.server1?X-Atmosphere-tracking-id=396b44db-2e73-8948-b35e-33ceda0f24f1&X-Atmosphere-Framework=1.0.5&X-Atmosphere-Transport=long-polling&tabid=0.49187414219826264&X-Cache-Date=1414820460004&Content-Type=application/xml HTTP/1.1" 200 8193
190.157.153.111 - - [07/Nov/2014:00:52:21 -0500] "GET /ForestMSG_SDA/channelAsync/template_word_16846736;jsessionid=gKjEwnoYH0TP0uCZWWpgbScw.server1?X-Atmosphere-tracking-id=396b44db-2e73-8948-b35e-33ceda0f24f1&X-Atmosphere-Framework=1.0.5&X-Atmosphere-Transport=long-polling&tabid=0.49187414219826264&X-Cache-Date=1414820460054&Content-Type=application/xml HTTP/1.1" 200 8193
190.157.153.111 - - [07/Nov/2014:00:52:21 -0500] "GET /ForestMSG_SDA/channelAsync/template_word_16846736;jsessionid=gKjEwnoYH0TP0uCZWWpgbScw.server1?X-Atmosphere-tracking-id=396b44db-2e73-8948-b35e-33ceda0f24f1&X-Atmosphere-Framework=1.0.5&X-Atmosphere-Transport=long-polling&tabid=0.49187414219826264&X-Cache-Date=1414820460054&Content-Type=application/xml HTTP/1.1" 200 8193
66.249.64.171 - - [07/Nov/2014:00:52:23 -0500] "GET /BLA/resoluciones/RESOLUCIONES%202008/2602.pdf HTTP/1.1" 304 -
190.159.137.18 - - [07/Nov/2014:00:52:24 -0500] "GET /BLA/boletinlegal/js/jquery.js HTTP/1.1" 200 57254
190.159.137.18 - - [07/Nov/2014:00:52:24 -0500] "GET /BLA/boletinlegal/js/jquery.scrollTo-min.js HTTP/1.1" 200 1150
190.159.137.18 - - [07/Nov/2014:00:52:24 -0500] "GET /BLA/boletinlegal/js/jquery.scrollShow.js HTTP/1.1" 200 4586
190.159.137.18 - - [07/Nov/2014:00:52:24 -0500] "GET /galeria/carrusel/Carrusel/jquery.thumbnailScroller.css HTTP/1.1" 200 2066
190.159.137.18 - - [07/Nov/2014:00:52:24 -0500] "GET /galeria/carrusel/Carrusel/jquery-ui-1.8.13.custom.min.js HTTP/1.1" 200 10800
190.159.137.18 - - [07/Nov/2014:00:52:24 -0500] "GET /galeria/carrusel/Carrusel/jquery.thumbnailScroller.js HTTP/1.1" 200 8157
190.157.153.111 - - [07/Nov/2014:00:52:24 -0500] "GET /forest/actions/forms.getList?codForm=ElaborarDocumento&id=Fun_Destino17&text=A HTTP/1.1" 200 1271
190.159.137.18 - - [07/Nov/2014:00:52:26 -0500] "GET /galeria/nivo-slider/demo/demo.html HTTP/1.1" 200 3542
190.159.137.18 - - [07/Nov/2014:00:52:26 -0500] "GET /galeria/nivo-slider/themes/pascal/pascal.css HTTP/1.1" 200 2258
190.159.137.18 - - [07/Nov/2014:00:52:26 -0500] "GET /galeria/nivo-slider/themes/default/default.css HTTP/1.1" 200 1569
190.159.137.18 - - [07/Nov/2014:00:52:26 -0500] "GET /galeria/nivo-slider/themes/orman/orman.css HTTP/1.1" 200 2152
190.159.137.18 - - [07/Nov/2014:00:52:26 -0500] "GET /galeria/nivo-slider/nivo-slider.css HTTP/1.1" 200 1507
190.159.137.18 - - [07/Nov/2014:00:52:26 -0500] "GET /galeria/nivo-slider/demo/style.css HTTP/1.1" 200 2222
190.159.137.18 - - [07/Nov/2014:00:52:26 -0500] "GET /galeria/nivo-slider/demo/scripts/jquery-1.7.1.min.js HTTP/1.1" 200 93868
190.159.137.18 - - [07/Nov/2014:00:52:26 -0500] "GET /galeria/nivo-slider/jquery.nivo.slider.pack.js HTTP/1.1" 200 11561
190.159.137.18 - - [07/Nov/2014:00:52:26 -0500] "GET /galeria/nivo-slider/demo/images/Banner-comparendo.jpg HTTP/1.1" 200 388762
190.159.137.18 - - [07/Nov/2014:00:52:26 -0500] "GET /galeria/nivo-slider/demo/images/Banner-Ecourbanismo.jpg HTTP/1.1" 200 189838
190.159.137.18 - - [07/Nov/2014:00:52:26 -0500] "GET /galeria/nivo-slider/demo/images/banner-aceite3.jpg HTTP/1.1" 200 88347
190.159.137.18 - - [07/Nov/2014:00:52:26 -0500] "GET /galeria/nivo-slider/demo/images/porloshumedales.jpg HTTP/1.1" 200 351238
190.159.137.18 - - [07/Nov/2014:00:52:27 -0500] "GET /galeria/nivo-slider/demo/images/Tingua-azul.jpg HTTP/1.1" 200 307638
190.159.137.18 - - [07/Nov/2014:00:52:27 -0500] "GET /galeria/nivo-slider/demo/images/Banner-Caracol-Africano.jpg HTTP/1.1" 200 331986
190.159.137.18 - - [07/Nov/2014:00:52:28 -0500] "GET /galeria/nivo-slider/demo/images/banner-redes.jpg HTTP/1.1" 200 62209
190.159.137.18 - - [07/Nov/2014:00:52:28 -0500] "GET /galeria/nivo-slider/demo/images/4Simple_Slider.png HTTP/1.1" 200 11722
190.159.137.18 - - [07/Nov/2014:00:52:28 -0500] "GET /galeria/nivo-slider/themes/default/loading.gif HTTP/1.1" 200 1737
190.159.137.18 - - [07/Nov/2014:00:52:28 -0500] "GET /galeria/nivo-slider/demo/images/9Signos.jpg HTTP/1.1" 200 93040
190.159.137.18 - - [07/Nov/2014:00:52:29 -0500] "GET /galeria/nivo-slider/demo/images/banner-llantas2.jpg HTTP/1.1" 200 73153
190.159.137.18 - - [07/Nov/2014:00:52:29 -0500] "GET /galeria/nivo-slider/demo/images/banner-caballos.png HTTP/1.1" 200 389106
190.159.137.18 - - [07/Nov/2014:00:52:29 -0500] "GET /galeria/nivo-slider/demo/images/Hacienda_Molinos.jpg HTTP/1.1" 200 319171
190.159.137.18 - - [07/Nov/2014:00:52:29 -0500] "GET /galeria/nivo-slider/demo/images/bannerEcolecta3.jpg HTTP/1.1" 200 280034
190.157.153.111 - - [07/Nov/2014:00:52:28 -0500] "POST /forest/usutareas.do? HTTP/1.1" 200 76
190.159.137.18 - - [07/Nov/2014:00:52:31 -0500] "GET /galeria/nivo-slider/themes/default/arrows.png HTTP/1.1" 200 824
190.159.137.18 - - [07/Nov/2014:00:52:31 -0500] "GET /galeria/nivo-slider/themes/default/bullets.png HTTP/1.1" 200 1281
190.157.153.111 - - [07/Nov/2014:00:52:32 -0500] "GET /forest/usutareas.do?group_system_actual=3&a=0.3871983815567596 HTTP/1.1" 200 19231
190.157.153.111 - - [07/Nov/2014:00:52:32 -0500] "GET /forest/jsoptimized/gz/js/gdocsall-1411.041919.js HTTP/1.1" 304 -
190.157.153.111 - - [07/Nov/2014:00:52:32 -0500] "GET /forest/session.jsp?a=0.02671186949596449 HTTP/1.1" 200 4
190.159.137.18 - - [07/Nov/2014:00:52:32 -0500] "GET /videos/Spot_CambioClimatico.flv HTTP/1.1" 200 4371917
66.249.64.163 - - [07/Nov/2014:00:52:34 -0500] "GET /BLA/resoluciones/RESOLUCIONES%202008/4363.pdf HTTP/1.1" 304 -
66.249.64.163 - - [07/Nov/2014:00:52:38 -0500] "GET /BLA/resoluciones/RESOLUCIONES%202003/RES%202003%20351-400/360.tif HTTP/1.1" 200 192424
66.249.64.171 - - [07/Nov/2014:00:52:44 -0500] "GET /BLA/resoluciones/RESOLUCIONES%202010/5270.pdf HTTP/1.1" 200 831352
190.157.153.111 - - [07/Nov/2014:00:52:45 -0500] "GET /forest/logout-redirect.jsp HTTP/1.1" 302 -
190.157.153.111 - - [07/Nov/2014:00:52:45 -0500] "GET /forest/login.do HTTP/1.1" 200 12486
190.157.153.111 - - [07/Nov/2014:00:52:45 -0500] "GET /forest/jsoptimized/gz/js/gdocsall-1411.041919.js HTTP/1.1" 304 -
190.157.153.111 - - [07/Nov/2014:00:52:45 -0500] "GET /forest/img/forestIcon.gif?version=1411.041919 HTTP/1.1" 200 573
66.249.64.167 - - [07/Nov/2014:00:52:55 -0500] "GET /BLA/resoluciones/RESOLUCIONES%202007/RES%202007%20901%20AL%201000/RESOLUCION%200914%20DE%202007.pdf HTTP/1.1" 304 -
190.157.153.111 - - [07/Nov/2014:00:52:59 -0500] "POST /forest/login.do HTTP/1.1" 302 -
190.157.153.111 - - [07/Nov/2014:00:52:59 -0500] "GET /forest/jsoptimized/gz/js/gdocsall-1411.041919.js HTTP/1.1" 304 -
190.157.153.111 - - [07/Nov/2014:00:52:59 -0500] "GET /forest/index2.jsp?a=0.8690744589566638 HTTP/1.1" 200 410811
190.157.153.111 - - [07/Nov/2014:00:53:01 -0500] "GET /forest/session.jsp?a=0.9137197984489616 HTTP/1.1" 200 4
190.157.153.111 - - [07/Nov/2014:00:53:05 -0500] "GET /forest/skins/gdocs-jar/popup/popup.jsp?width=1100&height=500&title=Buscar%20procesos&uri=/forest/buscar.do%3Ftype%3Dprocesos&name=undefined&_a=0.37644147166304276&a=0.4595206572731464 HTTP/1.1" 200 1296
66.249.64.167 - - [07/Nov/2014:00:53:05 -0500] "GET /BLA/resoluciones/AUTOS%202011/3287.pdf HTTP/1.1" 304 -
66.249.64.171 - - [07/Nov/2014:00:53:06 -0500] "GET /BLA/resoluciones/AUTOS%202009/3439.pdf HTTP/1.1" 200 98822
190.157.153.111 - - [07/Nov/2014:00:53:05 -0500] "GET /forest/buscar.do?type=procesos HTTP/1.1" 200 97143
190.157.153.111 - - [07/Nov/2014:00:53:15 -0500] "POST /forest/buscar.do? HTTP/1.1" 200 5385
66.249.64.171 - - [07/Nov/2014:00:53:16 -0500] "GET /BLA/resoluciones/RESOLUCIONES%202007/RES%202007%201201%20AL%201300/RESOLUCION%201271%20DE%202007.pdf HTTP/1.1" 304 -
190.157.153.111 - - [07/Nov/2014:00:53:18 -0500] "GET /forest/jsoptimized/gz/js/gdocsall-1411.041919.js HTTP/1.1" 304 -
190.157.153.111 - - [07/Nov/2014:00:53:17 -0500] "GET /forest/usutareas.do?group_system_actual=3&codAct=1477&numPro=2661614&codPro=134&fecTra=2014-11-07%2000:48:09.0&codInst=2677757&codTraEsc=16846737 HTTP/1.1" 200 121914
190.157.153.111 - - [07/Nov/2014:00:53:19 -0500] "GET /forest/session.jsp?a=0.7493909915126811 HTTP/1.1" 200 4
190.157.153.111 - - [07/Nov/2014:00:53:20 -0500] "GET /forest/actions/forms.getMappedValues?id=id_Numeracion4&value=1380667058876&codForm=RevisarDocumento&a=0.2858002728753097 HTTP/1.1" 200 144
190.157.153.111 - - [07/Nov/2014:00:53:18 -0500] "GET /ForestMSG_SDA/channelAsync/template_word_16846737;jsessionid=Ki2jdVkhQF9NmTx3Rd0vUg24.server1?X-Atmosphere-tracking-id=33ee96ef-192b-3f8d-5b24-831564d41454&X-Atmosphere-Framework=1.0.5&X-Atmosphere-Transport=long-polling&tabid=0.03626813960856967&X-Cache-Date=0&Content-Type=application/xml HTTP/1.1" 200 8193
201.245.192.253 - - [07/Nov/2014:00:53:18 -0500] "GET /forest/session.jsp?a=0.157941073179245 HTTP/1.1" 200 4
190.157.153.111 - - [07/Nov/2014:00:53:21 -0500] "GET /ForestMSG_SDA/channelAsync/template_word_16846737;jsessionid=Ki2jdVkhQF9NmTx3Rd0vUg24.server1?X-Atmosphere-tracking-id=33ee96ef-192b-3f8d-5b24-831564d41454&X-Atmosphere-Framework=1.0.5&X-Atmosphere-Transport=long-polling&tabid=0.03626813960856967&X-Cache-Date=1414820519382&Content-Type=application/xml HTTP/1.1" 200 8193
190.157.153.111 - - [07/Nov/2014:00:53:21 -0500] "GET /ForestMSG_SDA/channelAsync/template_word_16846737;jsessionid=Ki2jdVkhQF9NmTx3Rd0vUg24.server1?X-Atmosphere-tracking-id=33ee96ef-192b-3f8d-5b24-831564d41454&X-Atmosphere-Framework=1.0.5&X-Atmosphere-Transport=long-polling&tabid=0.03626813960856967&X-Cache-Date=1414820520262&Content-Type=application/xml HTTP/1.1" 200 8193
190.157.153.111 - - [07/Nov/2014:00:53:21 -0500] "GET /ForestMSG_SDA/channelAsync/template_word_16846737;jsessionid=Ki2jdVkhQF9NmTx3Rd0vUg24.server1?X-Atmosphere-tracking-id=33ee96ef-192b-3f8d-5b24-831564d41454&X-Atmosphere-Framework=1.0.5&X-Atmosphere-Transport=long-polling&tabid=0.03626813960856967&X-Cache-Date=1414820520342&Content-Type=application/xml HTTP/1.1" 200 8193
190.157.153.111 - - [07/Nov/2014:00:53:21 -0500] "GET /ForestMSG_SDA/channelAsync/template_word_16846737;jsessionid=Ki2jdVkhQF9NmTx3Rd0vUg24.server1?X-Atmosphere-tracking-id=33ee96ef-192b-3f8d-5b24-831564d41454&X-Atmosphere-Framework=1.0.5&X-Atmosphere-Transport=long-polling&tabid=0.03626813960856967&X-Cache-Date=1414820520362&Content-Type=application/xml HTTP/1.1" 200 8193
190.157.153.111 - - [07/Nov/2014:00:53:21 -0500] "GET /ForestMSG_SDA/channelAsync/template_word_16846737;jsessionid=Ki2jdVkhQF9NmTx3Rd0vUg24.server1?X-Atmosphere-tracking-id=33ee96ef-192b-3f8d-5b24-831564d41454&X-Atmosphere-Framework=1.0.5&X-Atmosphere-Transport=long-polling&tabid=0.03626813960856967&X-Cache-Date=1414820520362&Content-Type=application/xml HTTP/1.1" 200 8193
190.157.153.111 - - [07/Nov/2014:00:53:21 -0500] "GET /ForestMSG_SDA/channelAsync/template_word_16846737;jsessionid=Ki2jdVkhQF9NmTx3Rd0vUg24.server1?X-Atmosphere-tracking-id=33ee96ef-192b-3f8d-5b24-831564d41454&X-Atmosphere-Framework=1.0.5&X-Atmosphere-Transport=long-polling&tabid=0.03626813960856967&X-Cache-Date=1414820520472&Content-Type=application/xml HTTP/1.1" 200 8193
190.157.153.111 - - [07/Nov/2014:00:53:21 -0500] "GET /ForestMSG_SDA/channelAsync/template_word_16846737;jsessionid=Ki2jdVkhQF9NmTx3Rd0vUg24.server1?X-Atmosphere-tracking-id=33ee96ef-192b-3f8d-5b24-831564d41454&X-Atmosphere-Framework=1.0.5&X-Atmosphere-Transport=long-polling&tabid=0.03626813960856967&X-Cache-Date=1414820520362&Content-Type=application/xml HTTP/1.1" 200 8193
190.157.153.111 - - [07/Nov/2014:00:53:21 -0500] "GET /ForestMSG_SDA/channelAsync/template_word_16846737;jsessionid=Ki2jdVkhQF9NmTx3Rd0vUg24.server1?X-Atmosphere-tracking-id=33ee96ef-192b-3f8d-5b24-831564d41454&X-Atmosphere-Framework=1.0.5&X-Atmosphere-Transport=long-polling&tabid=0.03626813960856967&X-Cache-Date=1414820520452&Content-Type=application/xml HTTP/1.1" 200 8193
190.157.153.111 - - [07/Nov/2014:00:53:21 -0500] "GET /ForestMSG_SDA/channelAsync/template_word_16846737;jsessionid=Ki2jdVkhQF9NmTx3Rd0vUg24.server1?X-Atmosphere-tracking-id=33ee96ef-192b-3f8d-5b24-831564d41454&X-Atmosphere-Framework=1.0.5&X-Atmosphere-Transport=long-polling&tabid=0.03626813960856967&X-Cache-Date=1414820520262&Content-Type=application/xml HTTP/1.1" 200 8193
66.249.64.171 - - [07/Nov/2014:00:53:26 -0500] "GET /BLA/resoluciones/AUTOS%202007/2340.pdf HTTP/1.1" 304 -
190.157.153.111 - - [07/Nov/2014:00:53:27 -0500] "GET /forest/actions/forms.getList?codForm=RevisarDocumento&id=Fun_revisar&text=c HTTP/1.1" 200 1304
190.157.153.111 - - [07/Nov/2014:00:53:27 -0500] "GET /forest/actions/forms.getList?codForm=RevisarDocumento&id=Fun_revisar&text=ca HTTP/1.1" 200 1325
190.157.153.111 - - [07/Nov/2014:00:53:28 -0500] "GET /forest/actions/forms.getList?codForm=RevisarDocumento&id=Fun_revisar&text=car HTTP/1.1" 200 1316
190.157.153.111 - - [07/Nov/2014:00:53:29 -0500] "GET /forest/actions/forms.getList?codForm=RevisarDocumento&id=Fun_revisar&text=carm HTTP/1.1" 200 701
190.157.153.111 - - [07/Nov/2014:00:53:30 -0500] "GET /forest/actions/forms.getList?codForm=RevisarDocumento&id=Fun_revisar&text=carmen HTTP/1.1" 200 701
190.157.153.111 - - [07/Nov/2014:00:53:32 -0500] "GET /forest/actions/forms.getList?codForm=RevisarDocumento&id=Fun_revisar&text=carmen%20 HTTP/1.1" 200 570
190.157.153.111 - - [07/Nov/2014:00:53:32 -0500] "GET /forest/actions/forms.getList?codForm=RevisarDocumento&id=Fun_revisar&text=carmen%20r HTTP/1.1" 200 127
66.249.64.167 - - [07/Nov/2014:00:53:37 -0500] "GET /BLA/resoluciones/RESOLUCIONES%202007/RES%202007%204301%20AL%204352/RESOLUCION%204327%20DE%202007.pdf HTTP/1.1" 304 -
190.157.153.111 - - [07/Nov/2014:00:53:38 -0500] "POST /forest/usutareas.do? HTTP/1.1" 200 76
190.157.153.111 - - [07/Nov/2014:00:53:41 -0500] "GET /forest/usutareas.do?group_system_actual=3&a=0.37590384655213216 HTTP/1.1" 200 20486
190.157.153.111 - - [07/Nov/2014:00:53:41 -0500] "GET /forest/jsoptimized/gz/js/gdocsall-1411.041919.js HTTP/1.1" 304 -
190.157.153.111 - - [07/Nov/2014:00:53:42 -0500] "GET /forest/session.jsp?a=0.8809029906136498 HTTP/1.1" 200 4
66.249.64.171 - - [07/Nov/2014:00:53:47 -0500] "GET /BLA/resoluciones/RESOLUCIONES%202009/7104.pdf HTTP/1.1" 304 -
190.157.153.111 - - [07/Nov/2014:00:53:56 -0500] "GET /forest/skins/gdocs-jar/popup/popup.jsp?width=1100&height=500&title=Buscar%20procesos&uri=/forest/buscar.do%3Ftype%3Dprocesos&name=undefined&_a=0.5322156653391306&a=0.6818903275330486 HTTP/1.1" 200 1296
190.157.153.111 - - [07/Nov/2014:00:53:56 -0500] "GET /forest/buscar.do?type=procesos HTTP/1.1" 200 97143
66.249.64.167 - - [07/Nov/2014:00:53:58 -0500] "GET /BLA/resoluciones/RESOLUCIONES%202011/3726.pdf HTTP/1.1" 304 -
201.245.192.253 - - [07/Nov/2014:00:54:05 -0500] "GET /plugins/like.php?locale=es_ES&href=http%3A%2F%2Fwww.facebook.com%2Fmsn&send=false&layout=button_count&width=450&show_faces=false&font&colorscheme=light&action=like&height=21 HTTP/1.1" 404 1312
190.157.153.111 - - [07/Nov/2014:00:54:06 -0500] "POST /forest/buscar.do? HTTP/1.1" 200 5392
66.249.64.171 - - [07/Nov/2014:00:54:08 -0500] "GET /BLA/resoluciones/RESOLUCIONES%202013/0466.pdf HTTP/1.1" 304 -
190.157.153.111 - - [07/Nov/2014:00:54:09 -0500] "GET /forest/jsoptimized/gz/js/gdocsall-1411.041919.js HTTP/1.1" 304 -
190.157.153.111 - - [07/Nov/2014:00:54:09 -0500] "GET /forest/usutareas.do?group_system_actual=3&codAct=879&numPro=2645505&codPro=90&fecTra=2014-07-23%2010:44:42.062&codInst=2660740&codTraEsc=16180367 HTTP/1.1" 200 96432
190.157.153.111 - - [07/Nov/2014:00:54:10 -0500] "GET /forest/session.jsp?a=0.11377741779865569 HTTP/1.1" 200 4
66.249.64.163 - - [07/Nov/2014:00:54:12 -0500] "GET /BLA/resoluciones/RESOLUCIONES%202010/1579.pdf HTTP/1.1" 200 493345
190.157.153.111 - - [07/Nov/2014:00:54:13 -0500] "GET /forest/skins/gdocs-jar/popup/escritorio/reasignar.jsp?codTraEsc=16180367&a=0.5137089591521733 HTTP/1.1" 200 3741
66.249.64.167 - - [07/Nov/2014:00:54:19 -0500] "GET /BLA/resoluciones/RESOLUCIONES%202007/RES%202007%20401%20AL%20500/RESOLUCION%200412%20DE%202007.pdf HTTP/1.1" 304 -
190.216.130.229 - - [07/Nov/2014:00:54:28 -0500] "GET /galeria/mapa/3MapaBogot%C3%A1.jpg HTTP/1.1" 200 688183
66.249.64.39 - - [07/Nov/2014:00:54:30 -0500] "GET /htdocs/counter/digits/tinyred/ HTTP/1.1" 404 1019
201.245.192.253 - - [07/Nov/2014:00:54:32 -0500] "GET /forest/session.jsp?a=0.48828806495293975 HTTP/1.1" 200 4
190.157.153.111 - - [07/Nov/2014:00:54:32 -0500] "POST /forest/usutareas.do?group_system_actual=3 HTTP/1.1" 200 155
190.157.153.111 - - [07/Nov/2014:00:54:34 -0500] "GET /forest/jsoptimized/gz/js/gdocsall-1411.041919.js HTTP/1.1" 304 -
190.157.153.111 - - [07/Nov/2014:00:54:34 -0500] "GET /forest/usutareas.do?group_system_actual=3&a=0.006104650850494497 HTTP/1.1" 200 20485
190.157.153.111 - - [07/Nov/2014:00:54:34 -0500] "GET /forest/session.jsp?a=0.2859509141812171 HTTP/1.1" 200 4
190.216.130.229 - - [07/Nov/2014:00:54:36 -0500] "GET /favicon.ico HTTP/1.1" 200 7782
66.249.64.39 - - [07/Nov/2014:00:54:40 -0500] "GET /htdocs/counter/digits/katt152/ HTTP/1.1" 404 1019
181.61.60.173 - - [07/Nov/2014:00:54:42 -0500] "GET /BLA/resoluciones/RESOLUCIONES%202007/RES%202007%203201%20AL%203300/RESOLUCION%203257%20DE%202007.pdf HTTP/1.1" 200 2739877
66.249.64.39 - - [07/Nov/2014:00:54:50 -0500] "GET /BLA/boletinlegal/jurisprudencia.php HTTP/1.1" 200 10741
190.157.153.111 - - [07/Nov/2014:00:54:52 -0500] "GET /forest/skins/gdocs-jar/popup/popup.jsp?width=1100&height=500&title=Buscar%20procesos&uri=/forest/buscar.do%3Ftype%3Dprocesos&name=undefined&_a=0.7895772405035233&a=0.13096359636536386 HTTP/1.1" 200 1296
190.157.153.111 - - [07/Nov/2014:00:54:53 -0500] "GET /forest/buscar.do?type=procesos HTTP/1.1" 200 97143
190.158.7.219 - - [07/Nov/2014:00:48:55 -0500] "GET /ForestMSG_SDA/channelAsync/template_word_16846728?X-Atmosphere-tracking-id=3448e3f0-fc83-4230-aa98-de0ca61cf285&X-Atmosphere-Framework=1.0.5&X-Atmosphere-Transport=long-polling&tabid=0.4014815026894212&X-Cache-Date=0&Content-Type=application/xml&_=1415339418279 HTTP/1.1" 200 8193
190.157.153.111 - - [07/Nov/2014:00:55:05 -0500] "POST /forest/buscar.do? HTTP/1.1" 200 5187
66.249.64.171 - - [07/Nov/2014:00:55:12 -0500] "GET /noticias/themes/pascal/ HTTP/1.1" 404 1018
190.157.153.111 - - [07/Nov/2014:00:55:17 -0500] "GET /forest/buscar.do?type=procesos HTTP/1.1" 200 97143
66.249.64.163 - - [07/Nov/2014:00:55:18 -0500] "GET /BLA/resoluciones/RESOLUCIONES%202010/1390.pdf HTTP/1.1" 200 348250
190.157.153.111 - - [07/Nov/2014:00:49:18 -0500] "GET /ForestMSG_SDA/channelAsync/template_word_16717369;jsessionid=DHcMQkrG5lS+kw4bhkpaxBF0.server1?X-Atmosphere-tracking-id=6b2655b1-2fce-a6c1-2e3f-33da2623f9f8&X-Atmosphere-Framework=1.0.5&X-Atmosphere-Transport=long-polling&tabid=0.51549067987644&X-Cache-Date=1414820277540&Content-Type=application/xml HTTP/1.1" 200 8193
66.249.64.167 - - [07/Nov/2014:00:55:22 -0500] "GET /BLA/resoluciones/RESOLUCIONES%202007/RES%202007%201801%20AL%201900/RESOLUCION%201843%20DE%202007.pdf HTTP/1.1" 304 -
190.157.153.111 - - [07/Nov/2014:00:55:26 -0500] "POST /forest/buscar.do? HTTP/1.1" 200 5199
66.249.64.171 - - [07/Nov/2014:00:55:33 -0500] "GET /BLA/resoluciones/RESOLUCIONES%202007/RES%202007%204101%20AL%204200/RESOLUCION%204101%20DE%202007.pdf HTTP/1.1" 304 -
190.157.153.111 - - [07/Nov/2014:00:55:34 -0500] "GET /forest/logout-redirect.jsp HTTP/1.1" 302 -
190.157.153.111 - - [07/Nov/2014:00:55:34 -0500] "GET /forest/login.do HTTP/1.1" 200 12486
190.157.153.111 - - [07/Nov/2014:00:55:34 -0500] "GET /forest/jsoptimized/gz/js/gdocsall-1411.041919.js HTTP/1.1" 304 -
190.157.153.111 - - [07/Nov/2014:00:55:35 -0500] "GET /forest/img/forestIcon.gif?version=1411.041919 HTTP/1.1" 200 573
66.249.64.171 - - [07/Nov/2014:00:55:43 -0500] "GET /BLA/resoluciones/RESOLUCIONES%202011/0170.pdf HTTP/1.1" 304 -
190.157.153.111 - - [07/Nov/2014:00:55:50 -0500] "POST /forest/login.do HTTP/1.1" 302 -
190.157.153.111 - - [07/Nov/2014:00:55:51 -0500] "GET /forest/jsoptimized/gz/js/gdocsall-1411.041919.js HTTP/1.1" 304 -
190.157.153.111 - - [07/Nov/2014:00:55:50 -0500] "GET /forest/index2.jsp?a=0.09428929077818404 HTTP/1.1" 200 322279
190.157.153.111 - - [07/Nov/2014:00:55:53 -0500] "GET /forest/session.jsp?a=0.21174172483788073 HTTP/1.1" 200 4
66.249.64.167 - - [07/Nov/2014:00:55:54 -0500] "GET /BLA/resoluciones/RESOLUCIONES%202007/RES%202007%204001%20AL%204100/RESOLUCION%204019%20DE%202007.pdf HTTP/1.1" 304 -
68.180.229.40 - - [07/Nov/2014:00:55:55 -0500] "GET /CertificadoAportes/ HTTP/1.1" 404 1018
190.157.153.111 - - [07/Nov/2014:00:55:57 -0500] "GET /forest/skins/gdocs-jar/popup/popup.jsp?width=1100&height=500&title=Buscar%20procesos&uri=/forest/buscar.do%3Ftype%3Dprocesos&name=undefined&_a=0.06437119189204876&a=0.2680340326778248 HTTP/1.1" 200 1296
190.157.153.111 - - [07/Nov/2014:00:55:57 -0500] "GET /forest/buscar.do?type=procesos HTTP/1.1" 200 97143
74.86.158.107 - - [07/Nov/2014:00:56:03 -0500] "HEAD / HTTP/1.1" 302 -
66.249.64.167 - - [07/Nov/2014:00:56:04 -0500] "GET /BLA/resoluciones/RESOLUCIONES%202011/0380.pdf HTTP/1.1" 304 -
190.157.153.111 - - [07/Nov/2014:00:56:11 -0500] "POST /forest/buscar.do? HTTP/1.1" 200 5149
66.249.64.167 - - [07/Nov/2014:00:56:15 -0500] "GET /BLA/resoluciones/RESOLUCIONES%202007/RES%202007%20601%20AL%20700/RESOLUCION%200687%20DE%202007.pdf HTTP/1.1" 304 -
190.157.153.111 - - [07/Nov/2014:00:56:16 -0500] "GET /forest/buscar.do?type=procesos HTTP/1.1" 200 97143
66.249.64.167 - - [07/Nov/2014:00:56:24 -0500] "GET /BLA/resoluciones/RESOLUCIONES%202009/5434.pdf HTTP/1.1" 200 513403
66.249.64.171 - - [07/Nov/2014:00:56:27 -0500] "GET /BLA/resoluciones/RESOLUCIONES%202008/3877.pdf HTTP/1.1" 304 -
190.157.153.111 - - [07/Nov/2014:00:56:28 -0500] "POST /forest/buscar.do? HTTP/1.1" 200 5393
190.157.153.111 - - [07/Nov/2014:00:56:31 -0500] "GET /forest/jsoptimized/gz/js/gdocsall-1411.041919.js HTTP/1.1" 304 -
190.157.153.111 - - [07/Nov/2014:00:56:31 -0500] "GET /forest/usutareas.do?group_system_actual=3&codAct=879&numPro=2300535&codPro=90&fecTra=2014-07-07%2012:35:21.44&codInst=2301756&codTraEsc=16076561 HTTP/1.1" 200 96292
190.157.153.111 - - [07/Nov/2014:00:56:31 -0500] "GET /forest/session.jsp?a=0.6125457820034161 HTTP/1.1" 200 4
190.157.153.111 - - [07/Nov/2014:00:56:33 -0500] "GET /forest/skins/gdocs-jar/popup/escritorio/reasignar.jsp?codTraEsc=16076561&a=0.3976857418844022 HTTP/1.1" 200 3744
190.157.153.111 - - [07/Nov/2014:00:50:34 -0500] "GET /ForestMSG_SDA/channelAsync/template_word_16846733;jsessionid=ljPGnyqJYLsKciHoOa7S4KMP.server1?X-Atmosphere-tracking-id=98edcae5-b4f6-3090-f6d9-3557290c2e1e&X-Atmosphere-Framework=1.0.5&X-Atmosphere-Transport=long-polling&tabid=0.1045921531848597&X-Cache-Date=1414820352950&Content-Type=application/xml HTTP/1.1" 200 8193
66.249.64.171 - - [07/Nov/2014:00:56:36 -0500] "GET /BLA/resoluciones/RESOLUCIONES%202007/RES%202007%201601%20AL%201725/RESOLUCION%201608%20DE%202007.pdf HTTP/1.1" 304 -
66.249.64.167 - - [07/Nov/2014:00:56:36 -0500] "GET /BLA/resoluciones/RESOLUCIONES%202005/RES%202005%201301-1350/00001329.tif HTTP/1.1" 200 617638
66.249.64.163 - - [07/Nov/2014:00:56:46 -0500] "GET /BLA/resoluciones/RESOLUCIONES%202007/RES%202007%204101%20AL%204200/RESOLUCION%204196%20DE%202007.pdf HTTP/1.1" 200 233767
190.157.153.111 - - [07/Nov/2014:00:56:47 -0500] "POST /forest/usutareas.do?group_system_actual=3 HTTP/1.1" 200 152
190.157.153.111 - - [07/Nov/2014:00:56:47 -0500] "GET /forest/jsoptimized/gz/js/gdocsall-1411.041919.js HTTP/1.1" 304 -
190.157.153.111 - - [07/Nov/2014:00:56:47 -0500] "GET /forest/usutareas.do?group_system_actual=3&a=0.569074241909856 HTTP/1.1" 200 20080
190.157.153.111 - - [07/Nov/2014:00:56:48 -0500] "GET /forest/session.jsp?a=0.3425229973788801 HTTP/1.1" 200 4
64.76.82.195 - - [07/Nov/2014:00:56:57 -0500] "GET /BLA/boletinlegal/js/jquery.js HTTP/1.1" 200 57254
64.76.82.195 - - [07/Nov/2014:00:56:57 -0500] "GET /BLA/boletinlegal/js/jquery.scrollTo-min.js HTTP/1.1" 200 1150
64.76.82.195 - - [07/Nov/2014:00:56:57 -0500] "GET /BLA/boletinlegal/js/jquery.scrollShow.js HTTP/1.1" 200 4586
66.249.64.163 - - [07/Nov/2014:00:56:57 -0500] "GET /BLA/resoluciones/AUTOS%202011/1742.pdf HTTP/1.1" 304 -
66.249.64.163 - - [07/Nov/2014:00:57:07 -0500] "GET /BLA/resoluciones/RESOLUCIONES%202007/RES%202007%202201%20AL%202300/RESOLUCION%202213%20DE%202007.pdf HTTP/1.1" 304 -
66.249.64.163 - - [07/Nov/2014:00:57:18 -0500] "GET /BLA/resoluciones/RESOLUCIONES%202007/RES%202007%20401%20AL%20500/RESOLUCION%200453%20DE%202007.pdf HTTP/1.1" 304 -
66.249.64.171 - - [07/Nov/2014:00:57:28 -0500] "GET /BLA/resoluciones/RESOLUCIONES%202010/3092.pdf HTTP/1.1" 304 -
66.249.64.163 - - [07/Nov/2014:00:57:30 -0500] "GET /BLA/resoluciones/RESOLUCIONES%202010/0942.pdf HTTP/1.1" 200 98403
190.216.130.229 - - [07/Nov/2014:00:57:35 -0500] "GET /galeria/mapa/humedal.html? HTTP/1.1" 200 10966
190.216.130.229 - - [07/Nov/2014:00:57:35 -0500] "GET /galeria/mapa/TORCA12.jpg HTTP/1.1" 200 24337
190.216.130.229 - - [07/Nov/2014:00:57:35 -0500] "GET /galeria/mapa/Guaymaral12.jpg HTTP/1.1" 200 53686
190.216.130.229 - - [07/Nov/2014:00:57:35 -0500] "GET /galeria/mapa/CONEJERA12.jpg HTTP/1.1" 200 21841
190.216.130.229 - - [07/Nov/2014:00:57:35 -0500] "GET /galeria/mapa/CORDOBA12.jpg HTTP/1.1" 200 23380
190.216.130.229 - - [07/Nov/2014:00:57:35 -0500] "GET /galeria/mapa/JUANAMARILLO12.jpg HTTP/1.1" 200 21131
190.216.130.229 - - [07/Nov/2014:00:57:35 -0500] "GET /galeria/mapa/SANTAMARIA22.jpg HTTP/1.1" 200 22321
190.216.130.229 - - [07/Nov/2014:00:57:36 -0500] "GET /galeria/mapa/JABOQUE12.jpg HTTP/1.1" 200 21815
190.216.130.229 - - [07/Nov/2014:00:57:36 -0500] "GET /galeria/mapa/capellania12.jpg HTTP/1.1" 200 22811
190.216.130.229 - - [07/Nov/2014:00:57:36 -0500] "GET /galeria/mapa/MEANDRO12.jpg HTTP/1.1" 200 22732
190.216.130.229 - - [07/Nov/2014:00:57:36 -0500] "GET /galeria/mapa/TECHO12.jpg HTTP/1.1" 200 27716
190.216.130.229 - - [07/Nov/2014:00:57:36 -0500] "GET /galeria/mapa/BURRO12.jpg HTTP/1.1" 200 24169
190.216.130.229 - - [07/Nov/2014:00:57:37 -0500] "GET /galeria/mapa/VACA12.jpg HTTP/1.1" 200 22491
190.216.130.229 - - [07/Nov/2014:00:57:37 -0500] "GET /galeria/mapa/TIBANICA12.jpg HTTP/1.1" 200 23039
190.216.130.229 - - [07/Nov/2014:00:57:37 -0500] "GET /galeria/mapa/Aula-Soratama.jpg HTTP/1.1" 200 51270
190.216.130.229 - - [07/Nov/2014:00:57:37 -0500] "GET /galeria/mapa/Aula-Nevados.jpg HTTP/1.1" 200 64761
190.216.130.229 - - [07/Nov/2014:00:57:37 -0500] "GET /galeria/mapa/Montana-Entrenubes.jpg HTTP/1.1" 200 42011
180.76.6.144 - - [07/Nov/2014:00:57:37 -0500] "GET /Autoliquidacion/index.php?dir=TR%C1MITES%20MINER%CDA/&sort=size&order=asc HTTP/1.1" 200 2840
190.216.130.229 - - [07/Nov/2014:00:57:37 -0500] "GET /galeria/mapa/aulaSantaM.jpg HTTP/1.1" 200 69216
181.66.156.213 - - [07/Nov/2014:00:57:38 -0500] "GET /BLA/boletinlegal/js/jquery.js HTTP/1.1" 200 57254
181.66.156.213 - - [07/Nov/2014:00:57:38 -0500] "GET /BLA/boletinlegal/js/jquery.scrollTo-min.js HTTP/1.1" 200 1150
181.66.156.213 - - [07/Nov/2014:00:57:38 -0500] "GET /BLA/boletinlegal/js/jquery.scrollShow.js HTTP/1.1" 200 4586
200.31.197.50 - - [07/Nov/2014:00:57:38 -0500] "GET /galeria/nivo-slider/demo/images/Ecolecta-banner2.jpg HTTP/1.1" 304 -
66.249.64.167 - - [07/Nov/2014:00:57:39 -0500] "GET /BLA/resoluciones/RESOLUCIONES%202007/RES%202007%20601%20AL%20700/RESOLUCION%200626%20DE%202007.pdf HTTP/1.1" 304 -
181.66.156.213 - - [07/Nov/2014:00:57:42 -0500] "GET /hidrico/aguas%20subterraneas/ HTTP/1.1" 404 1296
66.249.64.171 - - [07/Nov/2014:00:57:49 -0500] "GET /BLA/resoluciones/RESOLUCIONES%202011/2320.pdf HTTP/1.1" 304 -
66.249.64.43 - - [07/Nov/2014:00:58:00 -0500] "GET /htdocs/gallery2/g2data/cache/derivative/2/0/200-meta.inc HTTP/1.1" 404 1019
66.249.64.167 - - [07/Nov/2014:00:58:10 -0500] "GET /BLA/resoluciones/RESOLUCIONES%202011/1855.pdf HTTP/1.1" 304 -
190.157.153.111 - - [07/Nov/2014:00:52:21 -0500] "GET /ForestMSG_SDA/channelAsync/template_word_16846736;jsessionid=gKjEwnoYH0TP0uCZWWpgbScw.server1?X-Atmosphere-tracking-id=396b44db-2e73-8948-b35e-33ceda0f24f1&X-Atmosphere-Framework=1.0.5&X-Atmosphere-Transport=long-polling&tabid=0.49187414219826264&X-Cache-Date=1414820460054&Content-Type=application/xml HTTP/1.1" 200 8193
66.249.64.163 - - [07/Nov/2014:00:58:21 -0500] "GET /BLA/resoluciones/RESOLUCIONES%202010/5726.pdf HTTP/1.1" 304 -
201.245.192.253 - - [07/Nov/2014:00:58:22 -0500] "GET /forest/session.jsp?a=0.8343946568202227 HTTP/1.1" 200 4
66.249.64.167 - - [07/Nov/2014:00:58:31 -0500] "GET /BLA/resoluciones/RESOLUCIONES%202007/RES%202007%201101%20AL%201200/RESOLUCION%201141%20DE%202007.pdf HTTP/1.1" 304 -
66.249.64.171 - - [07/Nov/2014:00:58:36 -0500] "GET /BLA/resoluciones/RESOLUCIONES%202012/1032.pdf HTTP/1.1" 200 640186
66.249.64.163 - - [07/Nov/2014:00:58:42 -0500] "GET /BLA/resoluciones/RESOLUCIONES%202009/6079.pdf HTTP/1.1" 304 -
180.76.5.169 - - [07/Nov/2014:00:58:51 -0500] "GET /BLA/resoluciones/RESOLUCIONES%202007/RES%202007%20601%20AL%20700/RESOLUCION%200620%20DE%202007.pdf HTTP/1.1" 200 2188156
66.249.64.163 - - [07/Nov/2014:00:58:52 -0500] "GET /BLA/resoluciones/RESOLUCIONES%202007/RES%202007%203501%20AL%203600/RESOLUCION%203546%20DE%202007.pdf HTTP/1.1" 304 -
200.118.216.82 - - [07/Nov/2014:00:58:57 -0500] "GET /BLA/boletinlegal/js/jquery.scrollTo-min.js HTTP/1.1" 200 1150
200.118.216.82 - - [07/Nov/2014:00:58:57 -0500] "GET /BLA/boletinlegal/js/jquery.js HTTP/1.1" 200 57254
200.118.216.82 - - [07/Nov/2014:00:58:57 -0500] "GET /BLA/boletinlegal/js/jquery.scrollShow.js HTTP/1.1" 200 4586
200.118.216.82 - - [07/Nov/2014:00:58:57 -0500] "GET /galeria/carrusel/Carrusel/jquery.thumbnailScroller.css HTTP/1.1" 200 2066
200.118.216.82 - - [07/Nov/2014:00:58:57 -0500] "GET /galeria/carrusel/Carrusel/jquery-ui-1.8.13.custom.min.js HTTP/1.1" 200 10800
200.118.216.82 - - [07/Nov/2014:00:58:57 -0500] "GET /galeria/carrusel/Carrusel/jquery.thumbnailScroller.js HTTP/1.1" 200 8157
200.118.216.82 - - [07/Nov/2014:00:58:59 -0500] "GET /galeria/nivo-slider/demo/demo.html HTTP/1.1" 200 3542
200.118.216.82 - - [07/Nov/2014:00:59:00 -0500] "GET /galeria/nivo-slider/themes/default/default.css HTTP/1.1" 200 1569
200.118.216.82 - - [07/Nov/2014:00:59:00 -0500] "GET /galeria/nivo-slider/themes/pascal/pascal.css HTTP/1.1" 200 2258
200.118.216.82 - - [07/Nov/2014:00:59:00 -0500] "GET /galeria/nivo-slider/themes/orman/orman.css HTTP/1.1" 200 2152
200.118.216.82 - - [07/Nov/2014:00:59:00 -0500] "GET /galeria/nivo-slider/nivo-slider.css HTTP/1.1" 200 1507
200.118.216.82 - - [07/Nov/2014:00:59:00 -0500] "GET /galeria/nivo-slider/demo/style.css HTTP/1.1" 200 2222
200.118.216.82 - - [07/Nov/2014:00:59:00 -0500] "GET /galeria/nivo-slider/demo/images/porloshumedales.jpg HTTP/1.1" 200 351238
200.118.216.82 - - [07/Nov/2014:00:59:00 -0500] "GET /galeria/nivo-slider/demo/images/Banner-comparendo.jpg HTTP/1.1" 200 388762
200.118.216.82 - - [07/Nov/2014:00:59:00 -0500] "GET /galeria/nivo-slider/demo/images/Banner-Ecourbanismo.jpg HTTP/1.1" 200 189838
200.118.216.82 - - [07/Nov/2014:00:59:00 -0500] "GET /galeria/nivo-slider/demo/images/banner-aceite3.jpg HTTP/1.1" 200 88347
200.118.216.82 - - [07/Nov/2014:00:59:00 -0500] "GET /galeria/nivo-slider/demo/images/Tingua-azul.jpg HTTP/1.1" 200 307638
200.118.216.82 - - [07/Nov/2014:00:59:00 -0500] "GET /galeria/nivo-slider/demo/images/Banner-Caracol-Africano.jpg HTTP/1.1" 200 331986
200.118.216.82 - - [07/Nov/2014:00:59:01 -0500] "GET /galeria/nivo-slider/demo/images/banner-redes.jpg HTTP/1.1" 200 62209
200.118.216.82 - - [07/Nov/2014:00:59:01 -0500] "GET /galeria/nivo-slider/demo/images/9Signos.jpg HTTP/1.1" 200 93040
200.118.216.82 - - [07/Nov/2014:00:59:01 -0500] "GET /galeria/nivo-slider/demo/images/banner-llantas2.jpg HTTP/1.1" 200 73153
200.118.216.82 - - [07/Nov/2014:00:59:02 -0500] "GET /galeria/nivo-slider/demo/images/banner-caballos.png HTTP/1.1" 200 389106
200.118.216.82 - - [07/Nov/2014:00:59:02 -0500] "GET /galeria/nivo-slider/demo/images/Hacienda_Molinos.jpg HTTP/1.1" 200 319171
200.118.216.82 - - [07/Nov/2014:00:59:02 -0500] "GET /galeria/nivo-slider/demo/images/bannerEcolecta3.jpg HTTP/1.1" 200 280034
66.249.64.171 - - [07/Nov/2014:00:59:03 -0500] "GET /BLA/resoluciones/RESOLUCIONES%202007/RES%202007%201301%20AL%201400/RESOLUCION%201316%20DE%202007.pdf HTTP/1.1" 304 -
200.118.216.82 - - [07/Nov/2014:00:59:07 -0500] "GET /galeria/nivo-slider/demo/images/Banner-comparendo.jpg HTTP/1.1" 206 1
200.118.216.82 - - [07/Nov/2014:00:59:07 -0500] "GET /galeria/nivo-slider/demo/images/Banner-Ecourbanismo.jpg HTTP/1.1" 206 1
200.118.216.82 - - [07/Nov/2014:00:59:07 -0500] "GET /galeria/nivo-slider/demo/images/porloshumedales.jpg HTTP/1.1" 206 1
200.118.216.82 - - [07/Nov/2014:00:59:07 -0500] "GET /galeria/nivo-slider/demo/images/Banner-comparendo.jpg HTTP/1.1" 206 186317
200.118.216.82 - - [07/Nov/2014:00:59:07 -0500] "GET /galeria/nivo-slider/demo/images/bannerEcolecta3.jpg HTTP/1.1" 200 280034
200.118.216.82 - - [07/Nov/2014:00:59:07 -0500] "GET /galeria/nivo-slider/demo/images/banner-caballos.png HTTP/1.1" 206 1
200.118.216.82 - - [07/Nov/2014:00:59:07 -0500] "GET /galeria/nivo-slider/demo/images/Hacienda_Molinos.jpg HTTP/1.1" 206 1
200.118.216.82 - - [07/Nov/2014:00:59:07 -0500] "GET /galeria/nivo-slider/demo/images/porloshumedales.jpg HTTP/1.1" 206 56120
200.118.216.82 - - [07/Nov/2014:00:59:07 -0500] "GET /galeria/nivo-slider/demo/images/Banner-Ecourbanismo.jpg HTTP/1.1" 206 9113
200.118.216.82 - - [07/Nov/2014:00:59:07 -0500] "GET /galeria/nivo-slider/demo/images/Hacienda_Molinos.jpg HTTP/1.1" 206 186229
200.118.216.82 - - [07/Nov/2014:00:59:07 -0500] "GET /galeria/nivo-slider/demo/images/banner-caballos.png HTTP/1.1" 206 298155
200.118.216.82 - - [07/Nov/2014:00:59:07 -0500] "GET /galeria/nivo-slider/demo/scripts/jquery-1.7.1.min.js HTTP/1.1" 200 93868
200.118.216.82 - - [07/Nov/2014:00:59:07 -0500] "GET /galeria/nivo-slider/jquery.nivo.slider.pack.js HTTP/1.1" 200 11561
200.118.216.82 - - [07/Nov/2014:00:59:08 -0500] "GET /galeria/nivo-slider/themes/default/loading.gif HTTP/1.1" 200 1737
200.118.216.82 - - [07/Nov/2014:00:59:08 -0500] "GET /galeria/nivo-slider/demo/images/4Simple_Slider.png HTTP/1.1" 200 11722
200.118.216.82 - - [07/Nov/2014:00:59:09 -0500] "GET /galeria/nivo-slider/themes/default/arrows.png HTTP/1.1" 200 824
200.118.216.82 - - [07/Nov/2014:00:59:09 -0500] "GET /galeria/nivo-slider/themes/default/bullets.png HTTP/1.1" 200 1281
66.249.64.163 - - [07/Nov/2014:00:59:14 -0500] "GET /BLA/resoluciones/RESOLUCIONES%202007/RES%202007%20601%20AL%20700/RESOLUCION%200634%20DE%202007.pdf HTTP/1.1" 304 -
190.157.153.111 - - [07/Nov/2014:00:53:21 -0500] "GET /ForestMSG_SDA/channelAsync/template_word_16846737;jsessionid=Ki2jdVkhQF9NmTx3Rd0vUg24.server1?X-Atmosphere-tracking-id=33ee96ef-192b-3f8d-5b24-831564d41454&X-Atmosphere-Framework=1.0.5&X-Atmosphere-Transport=long-polling&tabid=0.03626813960856967&X-Cache-Date=1414820520472&Content-Type=application/xml HTTP/1.1" 200 8193
66.249.64.163 - - [07/Nov/2014:00:59:24 -0500] "GET /BLA/resoluciones/RESOLUCIONES%202011/5334.pdf HTTP/1.1" 304 -
201.245.192.253 - - [07/Nov/2014:00:59:32 -0500] "GET /forest/session.jsp?a=0.607396334875375 HTTP/1.1" 200 4
66.249.64.47 - - [07/Nov/2014:00:59:35 -0500] "GET /htdocs/counter/digits/rosewd/ HTTP/1.1" 404 1019
66.249.64.163 - - [07/Nov/2014:00:59:45 -0500] "GET /BLA/resoluciones/RESOLUCIONES%202007/RES%202007%203601%20AL%203700/RESOLUCION%203686%20DE%202007.pdf HTTP/1.1" 304 -
66.249.64.171 - - [07/Nov/2014:00:59:56 -0500] "GET /BLA/resoluciones/RESOLUCIONES%202011/5012.pdf HTTP/1.1" 304 -
66.249.64.171 - - [07/Nov/2014:01:00:06 -0500] "GET /BLA/resoluciones/RESOLUCIONES%202007/RES%202007%203801%20AL%203900/RESOLUCION%203829%20DE%202007.pdf HTTP/1.1" 304 -
66.249.64.163 - - [07/Nov/2014:01:00:12 -0500] "GET /BLA/resoluciones/AUTOS%202008/0636.pdf HTTP/1.1" 200 222793
186.28.253.254 - - [07/Nov/2014:01:00:16 -0500] "GET /BLA/boletinlegal/js/jquery.js HTTP/1.1" 200 57254
186.28.253.254 - - [07/Nov/2014:01:00:16 -0500] "GET /BLA/boletinlegal/js/jquery.scrollTo-min.js HTTP/1.1" 200 1150
186.28.253.254 - - [07/Nov/2014:01:00:16 -0500] "GET /BLA/boletinlegal/js/jquery.scrollShow.js HTTP/1.1" 200 4586
186.28.253.254 - - [07/Nov/2014:01:00:16 -0500] "GET /galeria/carrusel/Carrusel/jquery.thumbnailScroller.css HTTP/1.1" 200 2066
186.28.253.254 - - [07/Nov/2014:01:00:16 -0500] "GET /galeria/carrusel/Carrusel/jquery-ui-1.8.13.custom.min.js HTTP/1.1" 200 10800
186.28.253.254 - - [07/Nov/2014:01:00:16 -0500] "GET /galeria/carrusel/Carrusel/jquery.thumbnailScroller.js HTTP/1.1" 200 8157
66.249.64.163 - - [07/Nov/2014:01:00:17 -0500] "GET /BLA/resoluciones/RESOLUCIONES%202012/1570.pdf HTTP/1.1" 304 -
186.28.253.254 - - [07/Nov/2014:01:00:17 -0500] "GET /galeria/nivo-slider/demo/demo.html HTTP/1.1" 200 3542
186.28.253.254 - - [07/Nov/2014:01:00:17 -0500] "GET /galeria/nivo-slider/themes/default/default.css HTTP/1.1" 200 1569
186.28.253.254 - - [07/Nov/2014:01:00:17 -0500] "GET /galeria/nivo-slider/themes/pascal/pascal.css HTTP/1.1" 200 2258
186.28.253.254 - - [07/Nov/2014:01:00:17 -0500] "GET /galeria/nivo-slider/themes/orman/orman.css HTTP/1.1" 200 2152
186.28.253.254 - - [07/Nov/2014:01:00:17 -0500] "GET /galeria/nivo-slider/nivo-slider.css HTTP/1.1" 200 1507
186.28.253.254 - - [07/Nov/2014:01:00:17 -0500] "GET /galeria/nivo-slider/demo/style.css HTTP/1.1" 200 2222
186.28.253.254 - - [07/Nov/2014:01:00:17 -0500] "GET /galeria/nivo-slider/demo/images/banner-redes.jpg HTTP/1.1" 200 62209
186.28.253.254 - - [07/Nov/2014:01:00:17 -0500] "GET /galeria/nivo-slider/demo/images/Banner-comparendo.jpg HTTP/1.1" 200 388762
186.28.253.254 - - [07/Nov/2014:01:00:17 -0500] "GET /galeria/nivo-slider/demo/images/Banner-Ecourbanismo.jpg HTTP/1.1" 200 189838
186.28.253.254 - - [07/Nov/2014:01:00:17 -0500] "GET /galeria/nivo-slider/demo/images/porloshumedales.jpg HTTP/1.1" 200 351238
186.28.253.254 - - [07/Nov/2014:01:00:17 -0500] "GET /galeria/nivo-slider/demo/images/banner-aceite3.jpg HTTP/1.1" 200 88347
186.28.253.254 - - [07/Nov/2014:01:00:17 -0500] "GET /galeria/nivo-slider/demo/images/Tingua-azul.jpg HTTP/1.1" 200 307638
186.28.253.254 - - [07/Nov/2014:01:00:17 -0500] "GET /galeria/nivo-slider/demo/scripts/jquery-1.7.1.min.js HTTP/1.1" 200 93868
186.28.253.254 - - [07/Nov/2014:01:00:18 -0500] "GET /galeria/nivo-slider/jquery.nivo.slider.pack.js HTTP/1.1" 200 11561
186.28.253.254 - - [07/Nov/2014:01:00:18 -0500] "GET /galeria/nivo-slider/demo/images/Banner-Caracol-Africano.jpg HTTP/1.1" 200 331986
190.157.153.111 - - [07/Nov/2014:01:00:18 -0500] "GET /forest/skins/gdocs-jar/popup/popup.jsp?width=1100&height=500&title=Buscar%20procesos&uri=/forest/buscar.do%3Ftype%3Dprocesos&name=undefined&_a=0.329829069650655&a=0.9346778520658945 HTTP/1.1" 200 1296
186.28.253.254 - - [07/Nov/2014:01:00:18 -0500] "GET /galeria/nivo-slider/demo/images/9Signos.jpg HTTP/1.1" 200 93040
190.157.153.111 - - [07/Nov/2014:01:00:18 -0500] "GET /forest/buscar.do?type=procesos HTTP/1.1" 200 97143
186.28.253.254 - - [07/Nov/2014:01:00:19 -0500] "GET /galeria/nivo-slider/demo/images/banner-llantas2.jpg HTTP/1.1" 200 73153
186.28.253.254 - - [07/Nov/2014:01:00:19 -0500] "GET /galeria/nivo-slider/demo/images/banner-caballos.png HTTP/1.1" 200 389106
