66.249.64.171 - - [07/Nov/2014:02:23:43 -0500] "GET /BLA/resoluciones/RESOLUCIONES%202007/RES%202007%203301%20AL%203400/RESOLUCION%203394%20DE%202007.pdf HTTP/1.1" 304 -
66.249.64.163 - - [07/Nov/2014:02:23:54 -0500] "GET /BLA/resoluciones/RESOLUCIONES%202011/4899.pdf HTTP/1.1" 304 -
66.249.64.163 - - [07/Nov/2014:02:24:04 -0500] "GET /BLA/resoluciones/RESOLUCIONES%202009/7958.pdf HTTP/1.1" 200 471887
100.43.85.25 - - [07/Nov/2014:02:24:05 -0500] "GET /videos/?C=D;O=A HTTP/1.1" 200 47522
66.249.64.163 - - [07/Nov/2014:02:24:15 -0500] "GET /BLA/resoluciones/AUTOS%202009/0532.pdf HTTP/1.1" 304 -
66.249.64.167 - - [07/Nov/2014:02:24:16 -0500] "GET /BLA/resoluciones/RESOLUCIONES%202010/5360.pdf HTTP/1.1" 200 518745
180.76.6.64 - - [07/Nov/2014:02:24:23 -0500] "GET /BLA/resoluciones/RESOLUCIONES%202009/0563.pdf HTTP/1.1" 200 506959
66.249.64.171 - - [07/Nov/2014:02:24:25 -0500] "GET /BLA/resoluciones/RESOLUCIONES%202009/5613.pdf HTTP/1.1" 304 -
201.245.192.253 - - [07/Nov/2014:02:24:28 -0500] "GET /isolucionsda/g/Ico_PegarDatos.gif HTTP/1.1" 304 -
66.249.64.167 - - [07/Nov/2014:02:24:36 -0500] "GET /BLA/resoluciones/RESOLUCIONES%202009/9090.pdf HTTP/1.1" 304 -
190.158.7.219 - - [07/Nov/2014:02:18:42 -0500] "GET /ForestMSG_SDA/channelAsync/template_word_16846728?X-Atmosphere-tracking-id=089e1ac9-e790-b507-c937-b150976af69a&X-Atmosphere-Framework=1.0.5&X-Atmosphere-Transport=long-polling&tabid=0.0689072401728481&X-Cache-Date=0&Content-Type=application/xml&_=1415344805449 HTTP/1.1" 200 8193
66.249.64.167 - - [07/Nov/2014:02:24:46 -0500] "GET /BLA/resoluciones/RESOLUCIONES%202007/RES%202007%204101%20AL%204200/RESOLUCION%204171%20DE%202007.pdf HTTP/1.1" 304 -
66.249.64.171 - - [07/Nov/2014:02:24:48 -0500] "GET /BLA/resoluciones/AUTOS%202009/0916.pdf HTTP/1.1" 200 122888
66.249.64.171 - - [07/Nov/2014:02:24:57 -0500] "GET /BLA/resoluciones/RESOLUCIONES%202012/1857.pdf HTTP/1.1" 304 -
66.249.64.171 - - [07/Nov/2014:02:25:07 -0500] "GET /BLA/resoluciones/RESOLUCIONES%202012/1309.pdf HTTP/1.1" 200 944414
66.249.64.163 - - [07/Nov/2014:02:25:18 -0500] "GET /BLA/resoluciones/AUTOS%202010/5136.pdf HTTP/1.1" 304 -
66.249.64.167 - - [07/Nov/2014:02:25:22 -0500] "GET /BLA/resoluciones/RESOLUCIONES%202010/0969.pdf HTTP/1.1" 200 433271
66.249.64.163 - - [07/Nov/2014:02:25:28 -0500] "GET /BLA/resoluciones/AUTOS%202008/0758.pdf HTTP/1.1" 200 291600
190.158.7.219 - - [07/Nov/2014:02:25:32 -0500] "GET /forest/session.jsp?a=0.20985330804251134 HTTP/1.1" 200 4
66.249.64.47 - - [07/Nov/2014:02:25:39 -0500] "GET / HTTP/1.1" 302 -
180.76.6.233 - - [07/Nov/2014:02:25:54 -0500] "GET /BLA/resoluciones/RESOLUCIONES%202007/RES%202007%20501%20AL%20600/RESOLUCION%200551%20DE%202007.pdf HTTP/1.1" 200 360507
74.86.158.107 - - [07/Nov/2014:02:25:55 -0500] "HEAD / HTTP/1.1" 302 -
66.249.64.167 - - [07/Nov/2014:02:26:24 -0500] "GET /BLA/resoluciones/RESOLUCIONES%202010/1519.pdf HTTP/1.1" 304 -
66.249.64.171 - - [07/Nov/2014:02:26:28 -0500] "GET /BLA/resoluciones/AUTOS%202007/1960.pdf HTTP/1.1" 200 441199
190.158.7.219 - - [07/Nov/2014:02:20:32 -0500] "GET /ForestMSG_SDA/channelAsync/template_word_16846802?X-Atmosphere-tracking-id=0c45f614-ccff-aa3b-1683-0c1ad221c8e0&X-Atmosphere-Framework=1.0.5&X-Atmosphere-Transport=long-polling&tabid=0.629508949117735&X-Cache-Date=0&Content-Type=application/xml&_=1415344914916 HTTP/1.1" 200 8193
66.249.64.171 - - [07/Nov/2014:02:27:34 -0500] "GET /BLA/resoluciones/RESOLUCIONES%202008/0311.pdf HTTP/1.1" 200 300397
180.76.5.23 - - [07/Nov/2014:02:27:43 -0500] "GET /BLA/resoluciones/RESOLUCIONES%202007/RES%202007%204201%20AL%204300/RESOLUCION%204263%20DE%202007.pdf HTTP/1.1" 200 72447
187.217.195.54 - - [07/Nov/2014:02:28:03 -0500] "GET /BLA/boletinlegal/js/jquery.js HTTP/1.1" 200 57254
187.217.195.54 - - [07/Nov/2014:02:28:03 -0500] "GET /BLA/boletinlegal/js/jquery.scrollTo-min.js HTTP/1.1" 200 1150
187.217.195.54 - - [07/Nov/2014:02:28:03 -0500] "GET /BLA/boletinlegal/js/jquery.scrollShow.js HTTP/1.1" 200 4586
201.245.192.253 - - [07/Nov/2014:02:28:29 -0500] "GET /forest/skins/gdocs-jar/img/print.gif HTTP/1.1" 304 -
66.249.64.163 - - [07/Nov/2014:02:28:40 -0500] "GET /BLA/resoluciones/RESOLUCIONES%202010/1104.pdf HTTP/1.1" 200 101886
201.245.192.253 - - [07/Nov/2014:02:29:14 -0500] "GET /forest/skins/gdocs-jar/img/green.gif HTTP/1.1" 304 -
66.249.64.167 - - [07/Nov/2014:02:29:35 -0500] "GET /BLA/resoluciones/Autos%202008/3119.pdf HTTP/1.1" 200 52001
66.249.64.163 - - [07/Nov/2014:02:29:46 -0500] "GET /BLA/resoluciones/RESOLUCIONES%202007/RES%202007%201201%20AL%201300/RESOLUCION%201206%20DE%202007.pdf HTTP/1.1" 200 141288
66.249.64.39 - - [07/Nov/2014:02:30:08 -0500] "GET /dama/libreria/pdf/pdf_entrenubes/a6.pdf HTTP/1.1" 404 1019
66.249.64.171 - - [07/Nov/2014:02:30:15 -0500] "GET /BLA/resoluciones/AUTOS%202009/3275.pdf HTTP/1.1" 200 101185
190.158.7.219 - - [07/Nov/2014:02:30:32 -0500] "GET /forest/session.jsp?a=0.5157394115813076 HTTP/1.1" 200 4
66.249.64.163 - - [07/Nov/2014:02:30:37 -0500] "GET /BLA/resoluciones/Autos%202008/2080.pdf HTTP/1.1" 200 98515
201.245.192.253 - - [07/Nov/2014:02:30:43 -0500] "GET /fr/u.php?p=328546547221502&m=4591359691530816241&t=2592000 HTTP/1.1" 404 1480
66.249.64.171 - - [07/Nov/2014:02:30:45 -0500] "GET /BLA/resoluciones/AUTOS%202010/6732.pdf HTTP/1.1" 200 436111
201.245.192.253 - - [07/Nov/2014:02:30:46 -0500] "GET /plugins/like.php?locale=es_ES&href=http%3A%2F%2Fwww.facebook.com%2Fmsn&send=false&layout=button_count&width=450&show_faces=false&font&colorscheme=light&action=like&height=21 HTTP/1.1" 404 1312
66.249.64.167 - - [07/Nov/2014:02:30:52 -0500] "GET /BLA/resoluciones/RESOLUCIONES%202010/1200.pdf HTTP/1.1" 200 111878
74.86.158.107 - - [07/Nov/2014:02:30:54 -0500] "HEAD / HTTP/1.1" 302 -
66.249.64.163 - - [07/Nov/2014:02:31:10 -0500] "GET /BLA/resoluciones/AUTOS%202009/3581.pdf HTTP/1.1" 200 202480
66.249.64.167 - - [07/Nov/2014:02:31:23 -0500] "GET /BLA/resoluciones/AUTOS%202009/3419.pdf HTTP/1.1" 200 98137
66.249.64.163 - - [07/Nov/2014:02:31:58 -0500] "GET /BLA/resoluciones/RESOLUCIONES%202010/0867.pdf HTTP/1.1" 200 439787
201.245.192.253 - - [07/Nov/2014:02:32:23 -0500] "GET /isolucionsda/BancoConocimiento/1/11973SONOMETRO/blh040038%20informe%20de%20mantenimiento0.pdf HTTP/1.1" 304 -
190.158.7.219 - - [07/Nov/2014:02:26:32 -0500] "GET /ForestMSG_SDA/channelAsync/template_word_16846802?X-Atmosphere-tracking-id=0c45f614-ccff-aa3b-1683-0c1ad221c8e0&X-Atmosphere-Framework=1.0.5&X-Atmosphere-Transport=long-polling&tabid=0.629508949117735&X-Cache-Date=0&Content-Type=application/xml&_=1415345275025 HTTP/1.1" 200 8193
66.249.64.163 - - [07/Nov/2014:02:32:52 -0500] "GET /BLA/resoluciones/RESOLUCIONES%202011/0354.pdf HTTP/1.1" 200 70433
66.249.64.171 - - [07/Nov/2014:02:33:03 -0500] "GET /BLA/resoluciones/RESOLUCIONES%202010/0464.pdf HTTP/1.1" 200 100332
180.76.6.40 - - [07/Nov/2014:02:33:30 -0500] "GET /BLA/resoluciones/index.php?dir=RESOLUCIONES%202007/RES%202007%20501%20AL%20600/&sort=date&order=asc HTTP/1.1" 200 26888
66.249.64.167 - - [07/Nov/2014:02:34:10 -0500] "GET /BLA/resoluciones/RESOLUCIONES%202010/1569.pdf HTTP/1.1" 200 501179
201.245.192.253 - - [07/Nov/2014:02:34:18 -0500] "GET /videos/EMPRESASPREAD2013.flv HTTP/1.1" 304 -
66.249.64.171 - - [07/Nov/2014:02:35:15 -0500] "GET /BLA/resoluciones/RESOLUCIONES%202010/1537.pdf HTTP/1.1" 200 488507
66.249.64.167 - - [07/Nov/2014:02:35:19 -0500] "GET /resoluciones/RESOLUCIONES%202010/1868.pdf HTTP/1.1" 404 1018
190.158.7.219 - - [07/Nov/2014:02:35:22 -0500] "GET /forest/session.jsp?a=0.02590876747854054 HTTP/1.1" 200 4
190.158.7.219 - - [07/Nov/2014:02:35:22 -0500] "GET /forest/skins/gdocs-jar/popup/escritorio/subirborrador.jsp?form=Correspondencia_Elaborar_Borrador&codTpl=641&codBorr=&a=0.3078777608461678 HTTP/1.1" 200 23286
190.158.7.219 - - [07/Nov/2014:02:35:22 -0500] "GET /forest/json.do?query=borradoresByTpls&codInst=2912894&codTare=692&firma=0&a=0.8361014251131564 HTTP/1.1" 200 2
190.158.7.219 - - [07/Nov/2014:02:35:22 -0500] "GET /forest/json.do?query=plantillasByTarea&codTare=692&codInst=2912894&firma=0&a=0.9600199966225773 HTTP/1.1" 200 904
190.158.7.219 - - [07/Nov/2014:02:35:23 -0500] "GET /forest/json.do?query=terceroById&numTer=89999906109&a=0.43580450396984816 HTTP/1.1" 200 671
190.158.7.219 - - [07/Nov/2014:02:35:23 -0500] "GET /forest/json.do?query=ultimoBorradorByTpl&codTpl=621&codInst=2912894&a=0.4768990802112967 HTTP/1.1" 200 2
190.158.7.219 - - [07/Nov/2014:02:35:23 -0500] "GET /forest/json.do?query=ultimoBorradorByTpl&codTpl=1201&codInst=2912894&a=0.4821954930666834 HTTP/1.1" 200 2
190.158.7.219 - - [07/Nov/2014:02:35:23 -0500] "GET /forest/json.do?query=ultimoBorradorByTpl&codTpl=641&codInst=2912894&a=0.2455413485877216 HTTP/1.1" 200 2
190.158.7.219 - - [07/Nov/2014:02:35:23 -0500] "GET /forest/json.do?query=ultimoBorradorByTpl&codTpl=901&codInst=2912894&a=0.6890676668845117 HTTP/1.1" 200 2
190.158.7.219 - - [07/Nov/2014:02:35:23 -0500] "GET /forest/json.do?query=ultimoBorradorByTpl&codTpl=501&codInst=2912894&a=0.19598968233913183 HTTP/1.1" 200 2
190.158.7.219 - - [07/Nov/2014:02:35:23 -0500] "GET /forest/json.do?query=ultimoBorradorByTpl&codTpl=1301&codInst=2912894&a=0.40568615635856986 HTTP/1.1" 200 2
190.158.7.219 - - [07/Nov/2014:02:35:32 -0500] "GET /forest/session.jsp?a=0.14441869035363197 HTTP/1.1" 200 4
74.86.158.107 - - [07/Nov/2014:02:35:54 -0500] "HEAD / HTTP/1.1" 302 -
201.245.192.253 - - [07/Nov/2014:02:36:03 -0500] "GET /forest/img/icons/pdf.gif HTTP/1.1" 304 -
190.158.7.219 - - [07/Nov/2014:02:36:01 -0500] "POST /forest/usutareas.do?group_system_actual=3 HTTP/1.1" 200 190
66.249.64.171 - - [07/Nov/2014:02:36:21 -0500] "GET /BLA/resoluciones/RESOLUCIONES%202011/1909.pdf HTTP/1.1" 200 159051
190.158.7.219 - - [07/Nov/2014:02:32:32 -0500] "GET /ForestMSG_SDA/channelAsync/template_word_16846802?X-Atmosphere-tracking-id=0c45f614-ccff-aa3b-1683-0c1ad221c8e0&X-Atmosphere-Framework=1.0.5&X-Atmosphere-Transport=long-polling&tabid=0.629508949117735&X-Cache-Date=0&Content-Type=application/xml&_=1415345635044 HTTP/1.1" 200 8193
190.158.7.219 - - [07/Nov/2014:02:36:25 -0500] "GET /forest/usutareas.do?group_system_actual=3&a=0.9020610442385077 HTTP/1.1" 200 122994
190.158.7.219 - - [07/Nov/2014:02:36:26 -0500] "GET /forest/session.jsp?a=0.01305144582875073 HTTP/1.1" 200 4
190.158.7.219 - - [07/Nov/2014:02:36:31 -0500] "POST /forest/usutareas.do? HTTP/1.1" 200 76
190.158.7.219 - - [07/Nov/2014:02:36:33 -0500] "GET /forest/usutareas.do?group_system_actual=3&a=0.5297896338161081 HTTP/1.1" 200 122991
190.158.7.219 - - [07/Nov/2014:02:36:25 -0500] "GET /ForestMSG_SDA/channelAsync/template_word_16846802?X-Atmosphere-tracking-id=37081dd1-5289-4d39-289c-bca401767c4f&X-Atmosphere-Framework=1.0.5&X-Atmosphere-Transport=long-polling&tabid=0.1651211571879685&X-Cache-Date=0&Content-Type=application/xml&_=1415345868499 HTTP/1.1" 200 8193
190.158.7.219 - - [07/Nov/2014:02:36:34 -0500] "GET /forest/session.jsp?a=0.7461007973179221 HTTP/1.1" 200 4
190.158.7.219 - - [07/Nov/2014:02:36:36 -0500] "POST /forest/usutareas.do? HTTP/1.1" 200 76
190.158.7.219 - - [07/Nov/2014:02:36:37 -0500] "GET /forest/usutareas.do?group_system_actual=3&a=0.5368157743941993 HTTP/1.1" 200 19271
190.158.7.219 - - [07/Nov/2014:02:36:38 -0500] "GET /forest/session.jsp?a=0.5177844031713903 HTTP/1.1" 200 4
190.158.7.219 - - [07/Nov/2014:02:36:40 -0500] "GET /forest/index2.jsp?_a=0.3553442833945155 HTTP/1.1" 200 118230
190.158.7.219 - - [07/Nov/2014:02:36:40 -0500] "GET /forest/session.jsp?a=0.9685976144392043 HTTP/1.1" 200 4
66.249.64.171 - - [07/Nov/2014:02:36:44 -0500] "GET /BLA/resoluciones/AUTOS%202009/1578.pdf HTTP/1.1" 200 120611
201.245.192.253 - - [07/Nov/2014:02:36:46 -0500] "GET /forest/skins/gdocs-jar/img/fondo-barra.gif HTTP/1.1" 304 -
66.249.64.163 - - [07/Nov/2014:02:37:27 -0500] "GET /BLA/resoluciones/RESOLUCIONES%202009/8974.pdf HTTP/1.1" 200 363284
180.76.5.147 - - [07/Nov/2014:02:37:42 -0500] "GET /BLA/resoluciones/index.php?dir=RESOLUCIONES%202003/RES%202003%201451-1500/&sort=name&order=asc HTTP/1.1" 200 12159
66.249.64.171 - - [07/Nov/2014:02:38:33 -0500] "GET /BLA/resoluciones/RESOLUCIONES%202007/RES%202007%201201%20AL%201300/RESOLUCION%201209%20DE%202007.pdf HTTP/1.1" 200 569072
157.55.39.118 - - [07/Nov/2014:02:38:34 -0500] "GET / HTTP/1.1" 302 -
201.245.192.253 - - [07/Nov/2014:02:38:48 -0500] "GET /plugins/like.php?locale=es_ES&href=http%3A%2F%2Fwww.facebook.com%2Fmsn&send=false&layout=button_count&width=450&show_faces=false&font&colorscheme=light&action=like&height=21 HTTP/1.1" 404 1312
118.99.13.128 - - [07/Nov/2014:02:39:35 -0500] "HEAD /editor/editor/filemanager/browser/default/connectors/test.html HTTP/1.1" 404 -
66.249.64.167 - - [07/Nov/2014:02:39:39 -0500] "GET /BLA/resoluciones/AUTOS%202009/0548.pdf HTTP/1.1" 200 117701
66.249.64.167 - - [07/Nov/2014:02:40:45 -0500] "GET /BLA/resoluciones/AUTOS%202008/0496.pdf HTTP/1.1" 200 322409
74.86.158.107 - - [07/Nov/2014:02:40:54 -0500] "HEAD / HTTP/1.1" 302 -
66.249.64.167 - - [07/Nov/2014:02:41:53 -0500] "GET /BLA/resoluciones/RESOLUCIONES%202010/2482.pdf HTTP/1.1" 200 279587
190.158.7.219 - - [07/Nov/2014:02:36:34 -0500] "GET /ForestMSG_SDA/channelAsync/template_word_16846802?X-Atmosphere-tracking-id=e836fb42-c2c0-50ce-f65b-ac02ff729827&X-Atmosphere-Framework=1.0.5&X-Atmosphere-Transport=long-polling&tabid=0.0672477853950113&X-Cache-Date=0&Content-Type=application/xml&_=1415345876667 HTTP/1.1" 200 8193
180.76.5.149 - - [07/Nov/2014:02:42:39 -0500] "GET /BLA/resoluciones/RESOLUCIONES%202009/1694.pdf HTTP/1.1" 200 868859
66.249.64.171 - - [07/Nov/2014:02:42:57 -0500] "GET /BLA/resoluciones/AUTOS%202008/0406.pdf HTTP/1.1" 200 81708
180.76.6.50 - - [07/Nov/2014:02:43:34 -0500] "GET /BLA/resoluciones/AUTOS%202009/0271.pdf HTTP/1.1" 200 109856
66.249.64.171 - - [07/Nov/2014:02:43:40 -0500] "GET /BLA/resoluciones/RESOLUCIONES%202003/RES%202003%20351-400/373.tif HTTP/1.1" 200 171032
201.245.192.253 - - [07/Nov/2014:02:43:51 -0500] "GET /isolucionsda/g/Ico_CopiarDocOver.gif HTTP/1.1" 304 -
66.249.64.171 - - [07/Nov/2014:02:44:03 -0500] "GET /BLA/resoluciones/RESOLUCIONES%202010/1366.pdf HTTP/1.1" 200 358422
186.80.10.97 - - [07/Nov/2014:02:44:12 -0500] "GET /BLA/boletinlegal/js/jquery.js HTTP/1.1" 200 57254
186.80.10.97 - - [07/Nov/2014:02:44:12 -0500] "GET /BLA/boletinlegal/js/jquery.scrollTo-min.js HTTP/1.1" 200 1150
186.80.10.97 - - [07/Nov/2014:02:44:12 -0500] "GET /BLA/boletinlegal/js/jquery.scrollShow.js HTTP/1.1" 200 4586
66.249.64.167 - - [07/Nov/2014:02:45:09 -0500] "GET /BLA/resoluciones/RESOLUCIONES%202010/1123.pdf HTTP/1.1" 200 103378
66.249.64.163 - - [07/Nov/2014:02:45:40 -0500] "GET /BLA/resoluciones/RESOLUCIONES%202011/0043.pdf HTTP/1.1" 200 2095373
66.249.64.171 - - [07/Nov/2014:02:45:45 -0500] "GET /BLA/resoluciones/AUTOS%202009/3219.pdf HTTP/1.1" 200 192247
74.86.158.107 - - [07/Nov/2014:02:45:54 -0500] "HEAD / HTTP/1.1" 302 -
66.249.64.163 - - [07/Nov/2014:02:46:14 -0500] "GET /BLA/resoluciones/RESOLUCIONES%202014/0353.pdf HTTP/1.1" 200 1863863
66.249.64.167 - - [07/Nov/2014:02:46:51 -0500] "GET /BLA/resoluciones/RESOLUCIONES%202010/6580.pdf HTTP/1.1" 200 605609
201.245.192.253 - - [07/Nov/2014:02:46:51 -0500] "GET /plugins/like.php?locale=es_ES&href=http%3A%2F%2Fwww.facebook.com%2Fmsn&send=false&layout=button_count&width=450&show_faces=false&font&colorscheme=light&action=like&height=21 HTTP/1.1" 404 1314
66.249.64.167 - - [07/Nov/2014:02:47:04 -0500] "GET /BLA/resoluciones/RESOLUCIONES%202010/6806.pdf HTTP/1.1" 200 285385
66.249.64.163 - - [07/Nov/2014:02:47:20 -0500] "GET /BLA/resoluciones/RESOLUCIONES%202010/0683.pdf HTTP/1.1" 200 128198
158.85.89.7 - - [07/Nov/2014:02:47:26 -0500] "GET /robots.txt HTTP/1.1" 404 1019
104.131.223.222 - - [07/Nov/2014:02:47:27 -0500] "GET /galeria/nivo-slider/demo/demo.html#? HTTP/1.0" 200 3542
158.85.89.7 - - [07/Nov/2014:02:47:30 -0500] "GET / HTTP/1.1" 302 -
66.249.64.167 - - [07/Nov/2014:02:48:04 -0500] "GET /BLA/resoluciones/RESOLUCIONES%202010/6507.pdf HTTP/1.1" 200 95316
66.249.64.171 - - [07/Nov/2014:02:49:32 -0500] "GET /BLA/resoluciones/RESOLUCIONES%202009/2019.pdf HTTP/1.1" 200 425664
66.249.64.163 - - [07/Nov/2014:02:50:13 -0500] "GET /BLA/resoluciones/AUTOS%202009/2848.pdf HTTP/1.1" 200 89217
66.249.64.167 - - [07/Nov/2014:02:50:18 -0500] "GET /BLA/resoluciones/AUTOS%202008/0393.pdf HTTP/1.1" 200 80304
66.249.64.163 - - [07/Nov/2014:02:50:38 -0500] "GET /BLA/resoluciones/RESOLUCIONES%202010/1462.pdf HTTP/1.1" 200 437417
74.86.158.107 - - [07/Nov/2014:02:50:54 -0500] "HEAD / HTTP/1.1" 302 -
180.76.6.130 - - [07/Nov/2014:02:51:28 -0500] "GET /BLA/resoluciones/AUTOS%202011/6149.pdf HTTP/1.1" 200 180842
201.245.192.253 - - [07/Nov/2014:02:51:38 -0500] "GET /forestReports/webcontent/birt/admin/img/dtree/empty_star.png HTTP/1.1" 200 3300
66.249.64.171 - - [07/Nov/2014:02:51:45 -0500] "GET /BLA/resoluciones/RESOLUCIONES%202010/6288.pdf HTTP/1.1" 200 3356825
66.249.64.163 - - [07/Nov/2014:02:51:49 -0500] "GET /BLA/resoluciones/RESOLUCIONES%202004/RES%202004%201401-1450/00001414.tif HTTP/1.1" 200 81258
180.76.6.145 - - [07/Nov/2014:02:51:56 -0500] "GET /BLA/resoluciones/RESOLUCIONES%202007/RES%202007%204201%20AL%204300/RESOLUCION%204300%20DE%202007.pdf HTTP/1.1" 200 581651
157.55.39.118 - - [07/Nov/2014:02:52:27 -0500] "GET /BLA/boletinlegal/js/jquery.scrollTo-min.js HTTP/1.1" 200 1150
157.55.39.255 - - [07/Nov/2014:02:52:44 -0500] "GET /robots.txt HTTP/1.1" 404 1018
157.55.39.255 - - [07/Nov/2014:02:52:44 -0500] "GET /robots.txt HTTP/1.1" 404 1018
157.55.39.255 - - [07/Nov/2014:02:52:44 -0500] "GET /robots.txt HTTP/1.1" 404 1018
157.55.39.255 - - [07/Nov/2014:02:52:44 -0500] "GET /BLA/boletinlegal/js/jquery.js HTTP/1.1" 200 57254
66.249.64.163 - - [07/Nov/2014:02:52:50 -0500] "GET /BLA/resoluciones/RESOLUCIONES%202010/0848.pdf HTTP/1.1" 200 105412
157.55.39.234 - - [07/Nov/2014:02:52:51 -0500] "GET /BLA/boletinlegal/js/jquery.scrollShow.js HTTP/1.1" 200 4586
66.249.64.171 - - [07/Nov/2014:02:53:18 -0500] "GET /BLA/resoluciones/AUTOS%202009/3347.pdf HTTP/1.1" 200 207813
66.249.64.163 - - [07/Nov/2014:02:54:39 -0500] "GET /BLA/resoluciones/AUTOS%202009/2181.pdf HTTP/1.1" 200 100913
201.245.192.253 - - [07/Nov/2014:02:54:54 -0500] "GET /plugins/like.php?locale=es_ES&href=http%3A%2F%2Fwww.facebook.com%2Fmsn&send=false&layout=button_count&width=450&show_faces=false&font&colorscheme=light&action=like&height=21 HTTP/1.1" 404 1312
66.249.64.167 - - [07/Nov/2014:02:55:02 -0500] "GET /BLA/resoluciones/AUTOS%202009/3566.pdf HTTP/1.1" 200 211668
201.245.192.253 - - [07/Nov/2014:02:55:52 -0500] "GET /forest/skins/gdocs-jar/img/more_details.gif HTTP/1.1" 304 -
74.86.158.107 - - [07/Nov/2014:02:55:54 -0500] "HEAD / HTTP/1.1" 302 -
66.249.64.163 - - [07/Nov/2014:02:56:08 -0500] "GET /BLA/resoluciones/AUTOS%202010/1902.pdf HTTP/1.1" 200 144429
201.245.192.253 - - [07/Nov/2014:02:56:22 -0500] "GET /forest/skins/gdocs-jar/img/grid-prev.gif HTTP/1.1" 304 -
180.76.5.76 - - [07/Nov/2014:02:56:41 -0500] "GET /BLA/resoluciones/RESOLUCIONES%202009/0257.pdf HTTP/1.1" 200 667151
66.249.64.171 - - [07/Nov/2014:02:56:54 -0500] "GET /BLA/resoluciones/AUTOS%202009/0807.pdf HTTP/1.1" 200 64219
66.249.64.171 - - [07/Nov/2014:02:57:10 -0500] "GET /BLA/resoluciones/AUTOS%202009/2398.pdf HTTP/1.1" 200 141858
66.249.64.163 - - [07/Nov/2014:02:57:14 -0500] "GET /BLA/resoluciones/RESOLUCIONES%202009/8592.pdf HTTP/1.1" 200 362362
180.76.6.144 - - [07/Nov/2014:02:57:40 -0500] "GET /BLA/resoluciones/RESOLUCIONES%202009/1193.pdf HTTP/1.1" 200 324717
66.249.64.167 - - [07/Nov/2014:02:57:49 -0500] "GET /BLA/resoluciones/AUTOS%202009/3359.pdf HTTP/1.1" 200 209272
66.249.64.163 - - [07/Nov/2014:02:58:08 -0500] "GET /BLA/resoluciones/AUTOS%202009/2871.pdf HTTP/1.1" 200 81680
66.249.64.167 - - [07/Nov/2014:02:58:19 -0500] "GET /BLA/resoluciones/RESOLUCIONES%202010/0775.pdf HTTP/1.1" 200 100304
66.249.64.163 - - [07/Nov/2014:02:59:25 -0500] "GET /BLA/resoluciones/AUTOS%202011/5307.pdf HTTP/1.1" 200 228651
123.125.71.21 - - [07/Nov/2014:02:59:27 -0500] "GET /robots.txt HTTP/1.1" 404 1019
201.245.192.253 - - [07/Nov/2014:02:59:28 -0500] "GET /forest/skins/gdocs-jar/img/grid-last.gif HTTP/1.1" 304 -
66.249.64.171 - - [07/Nov/2014:02:59:34 -0500] "GET /BLA/resoluciones/RESOLUCIONES%202007/RES%202007%203101%20AL%203200/RESOLUCION%203129%20DE%202007.pdf HTTP/1.1" 200 58421
66.249.64.171 - - [07/Nov/2014:03:00:31 -0500] "GET /BLA/resoluciones/AUTOS%202008/0257.pdf HTTP/1.1" 200 146404
74.86.158.107 - - [07/Nov/2014:03:00:55 -0500] "HEAD / HTTP/1.1" 302 -
36.251.5.209 - - [07/Nov/2014:03:01:32 -0500] "GET /auntent HTTP/1.1" 404 1153
66.249.64.163 - - [07/Nov/2014:03:01:37 -0500] "GET /BLA/resoluciones/RESOLUCIONES%202010/1575.pdf HTTP/1.1" 200 434143
66.249.64.171 - - [07/Nov/2014:03:02:43 -0500] "GET /BLA/resoluciones/RESOLUCIONES%202010/0798.pdf HTTP/1.1" 200 103004
66.249.64.167 - - [07/Nov/2014:03:02:53 -0500] "GET /BLA/resoluciones/RESOLUCIONES%202010/5773.pdf HTTP/1.1" 200 104241
201.245.192.253 - - [07/Nov/2014:03:02:56 -0500] "GET /plugins/like.php?locale=es_ES&href=http%3A%2F%2Fwww.facebook.com%2Fmsn&send=false&layout=button_count&width=450&show_faces=false&font&colorscheme=light&action=like&height=21 HTTP/1.1" 404 1312
66.249.64.163 - - [07/Nov/2014:03:03:49 -0500] "GET /BLA/resoluciones/AUTOS%202009/3399.pdf HTTP/1.1" 200 98068
66.249.64.163 - - [07/Nov/2014:03:04:24 -0500] "GET /BLA/resoluciones/RESOLUCIONES%202011/0861.pdf HTTP/1.1" 200 203035
201.245.192.253 - - [07/Nov/2014:03:04:46 -0500] "GET /galeria/nivo-slider/demo/images/Encuentro-Orqu%C3%ADdeas02.jpg HTTP/1.1" 304 -
66.249.64.163 - - [07/Nov/2014:03:04:55 -0500] "GET /BLA/resoluciones/RESOLUCIONES%202010/1496.pdf HTTP/1.1" 200 466365
66.249.64.163 - - [07/Nov/2014:03:05:29 -0500] "GET /BLA/resoluciones/AUTOS%202008/0409.pdf HTTP/1.1" 304 -
74.86.158.107 - - [07/Nov/2014:03:05:54 -0500] "HEAD / HTTP/1.1" 302 -
66.249.64.167 - - [07/Nov/2014:03:06:01 -0500] "GET /BLA/resoluciones/RESOLUCIONES%202010/2868.pdf HTTP/1.1" 200 522776
66.249.64.171 - - [07/Nov/2014:03:06:04 -0500] "GET /BLA/resoluciones/AUTOS%202009/0442.pdf HTTP/1.1" 200 240164
66.249.64.163 - - [07/Nov/2014:03:06:41 -0500] "GET /BLA/resoluciones/RESOLUCIONES%202003/RES%202003%20351-400/396.tif HTTP/1.1" 200 135800
180.76.6.131 - - [07/Nov/2014:03:07:06 -0500] "GET /BLA/resoluciones/RESOLUCIONES%202007/RES%202007%201901%20AL%202000/RESOLUCION%201936%20DE%202007.pdf HTTP/1.1" 200 1357231
66.249.64.167 - - [07/Nov/2014:03:07:07 -0500] "GET /BLA/resoluciones/RESOLUCIONES%202010/1298.pdf HTTP/1.1" 200 110954
66.249.64.171 - - [07/Nov/2014:03:07:38 -0500] "GET /BLA/resoluciones/AUTOS%202009/1257.pdf HTTP/1.1" 200 118921
201.245.192.253 - - [07/Nov/2014:03:07:45 -0500] "GET /forest/img/jquery/ui-bg_glass_85_dfeffc_1x400.png HTTP/1.1" 304 -
66.249.64.167 - - [07/Nov/2014:03:07:54 -0500] "GET /BLA/resoluciones/AUTOS%202009/1002.pdf HTTP/1.1" 200 162198
66.249.64.163 - - [07/Nov/2014:03:08:11 -0500] "GET /BLA/resoluciones/RESOLUCIONES%202011/0099.pdf HTTP/1.1" 200 343303
66.249.64.163 - - [07/Nov/2014:03:08:13 -0500] "GET /BLA/resoluciones/RESOLUCIONES%202010/1263.pdf HTTP/1.1" 200 101956
180.76.5.24 - - [07/Nov/2014:03:08:16 -0500] "GET /BLA/resoluciones/RESOLUCIONES%202007/RES%202007%203801%20AL%203900/RESOLUCION%203818%20%20DE%202007.pdf HTTP/1.1" 200 1304300
66.249.64.167 - - [07/Nov/2014:03:09:19 -0500] "GET /BLA/resoluciones/AUTOS%202009/2246.pdf HTTP/1.1" 200 120947
66.249.64.163 - - [07/Nov/2014:03:09:27 -0500] "GET /BLA/resoluciones/AUTOS%202009/0125.pdf HTTP/1.1" 200 77928
66.249.64.163 - - [07/Nov/2014:03:09:31 -0500] "GET /BLA/resoluciones/RESOLUCIONES%202011/1581.pdf HTTP/1.1" 200 70155
66.249.64.163 - - [07/Nov/2014:03:09:43 -0500] "GET /BLA/resoluciones/RESOLUCIONES%202007/RES%202007%20401%20AL%20500/RESOLUCION%200500%20DE%202007.pdf HTTP/1.1" 200 417205
66.249.64.167 - - [07/Nov/2014:03:10:24 -0500] "GET /BLA/resoluciones/RESOLUCIONES%202009/1061.pdf HTTP/1.1" 200 262595
66.249.64.163 - - [07/Nov/2014:03:10:38 -0500] "GET /manual_funciones_Listado/1.3.%20Oficina%20Asesora%20de%20Comunicaciones/Profesional%20Especializado%20222-19.pdf HTTP/1.1" 404 1018
180.76.6.150 - - [07/Nov/2014:03:10:43 -0500] "GET /BLA/resoluciones/RESOLUCIONES%202009/0556.pdf HTTP/1.1" 200 713107
66.249.64.163 - - [07/Nov/2014:03:10:43 -0500] "GET /re1/Que%20es/Agenda%20ambiental/hidrico/ HTTP/1.1" 404 1018
66.249.64.163 - - [07/Nov/2014:03:10:54 -0500] "GET /re1/Bioevolucion/imagen%20bioevolucion/ HTTP/1.1" 404 1018
74.86.158.107 - - [07/Nov/2014:03:10:54 -0500] "HEAD / HTTP/1.1" 302 -
66.249.64.167 - - [07/Nov/2014:03:10:59 -0500] "GET /re1/Que%20es/Marco%20pedagocico/planillas/planilla%20integrada/imagen%20planilla%20integrada/ HTTP/1.1" 404 1018
201.245.192.253 - - [07/Nov/2014:03:11:00 -0500] "GET /plugins/like.php?locale=es_ES&href=http%3A%2F%2Fwww.facebook.com%2Fmsn&send=false&layout=button_count&width=450&show_faces=false&font&colorscheme=light&action=like&height=21 HTTP/1.1" 404 1312
66.249.64.171 - - [07/Nov/2014:03:11:04 -0500] "GET /re1/Resumen/quienes/ HTTP/1.1" 404 1018
66.249.64.171 - - [07/Nov/2014:03:11:10 -0500] "GET /BLA/resoluciones/RESOLUCIONES%202003/RES%202003%20401-450/ HTTP/1.1" 200 11574
66.249.64.47 - - [07/Nov/2014:03:11:20 -0500] "GET /htdocs/counter/digits/amini/ HTTP/1.1" 404 1019
66.249.64.171 - - [07/Nov/2014:03:11:30 -0500] "GET /BLA/resoluciones/RESOLUCIONES%202010/0333.pdf HTTP/1.1" 200 1039140
66.249.64.163 - - [07/Nov/2014:03:11:38 -0500] "GET /re1/Entrada/imagen%20entrada/ HTTP/1.1" 404 1018
66.249.64.163 - - [07/Nov/2014:03:11:41 -0500] "GET /re1/Que%20es/Agenda%20ambiental/clima/barra%20clima/ HTTP/1.1" 404 1018
66.249.64.167 - - [07/Nov/2014:03:11:56 -0500] "GET /sig/Manual%20de%20Procesos%20y%20Procedimientos/PM04%20Evaluaci%C3%B3n,%20Control%20y%20Seguimiento/126PM04-PR17%20Atenci%C3%B3n%20solicitud%20Salvoconducto%20Flora.pdf HTTP/1.1" 404 1018
66.249.64.171 - - [07/Nov/2014:03:12:11 -0500] "GET /BLA/resoluciones/AUTOS%202009/1449.pdf HTTP/1.1" 200 112883
66.249.64.163 - - [07/Nov/2014:03:12:13 -0500] "GET /PruebasSTORM/StormSDA_pruebas/userFiles/ HTTP/1.1" 200 5499
66.249.64.171 - - [07/Nov/2014:03:12:23 -0500] "GET /re1/Que%20es/Marco%20legal/ HTTP/1.1" 404 1018
66.249.64.171 - - [07/Nov/2014:03:12:36 -0500] "GET /BLA/resoluciones/RESOLUCIONES%202010/1115.pdf HTTP/1.1" 200 111932
66.249.64.43 - - [07/Nov/2014:03:12:44 -0500] "GET /htdocs/counter/digits/caliblu/ HTTP/1.1" 404 1019
66.249.64.167 - - [07/Nov/2014:03:12:55 -0500] "GET /re1/Bioevolucion/relacion%20curriculo/cuadro%206%20curriculo/ HTTP/1.1" 404 1018
66.249.64.167 - - [07/Nov/2014:03:13:05 -0500] "GET /BLA/resoluciones/RESOLUCIONES%202007/RES%202007%201801%20AL%201900/RESOLUCION%201893%20DE%202007.pdf HTTP/1.1" 200 432204
66.249.64.171 - - [07/Nov/2014:03:13:16 -0500] "GET /BLA/resoluciones/RESOLUCIONES%202007/RES%202007%203001%20AL%203100/RESOLUCION%203097%20%20DE%202007.pdf HTTP/1.1" 304 -
66.249.64.171 - - [07/Nov/2014:03:13:26 -0500] "GET /BLA/resoluciones/RESOLUCIONES%202010/6097.pdf HTTP/1.1" 304 -
66.249.64.171 - - [07/Nov/2014:03:13:30 -0500] "GET /resoluciones/RESOLUCIONES%202008/1601.pdf HTTP/1.1" 404 1018
66.249.64.167 - - [07/Nov/2014:03:13:37 -0500] "GET /BLA/resoluciones/Notificaciones/AUTOS%202013/2227.doc HTTP/1.1" 200 259584
66.249.64.163 - - [07/Nov/2014:03:13:42 -0500] "GET /BLA/resoluciones/RESOLUCIONES%202010/1354.pdf HTTP/1.1" 200 343576
66.249.64.163 - - [07/Nov/2014:03:13:48 -0500] "GET /BLA/resoluciones/RESOLUCIONES%202009/3831.pdf HTTP/1.1" 304 -
66.249.64.163 - - [07/Nov/2014:03:13:58 -0500] "GET /BLA/resoluciones/RESOLUCIONES%202011/0403.pdf HTTP/1.1" 200 272691
66.249.64.163 - - [07/Nov/2014:03:14:09 -0500] "GET /BLA/resoluciones/RESOLUCIONES%202011/1137.pdf HTTP/1.1" 304 -
190.27.155.129 - - [07/Nov/2014:03:14:15 -0500] "GET /BLA/boletinlegal/js/jquery.js HTTP/1.1" 200 57254
190.27.155.129 - - [07/Nov/2014:03:14:15 -0500] "GET /BLA/boletinlegal/js/jquery.scrollTo-min.js HTTP/1.1" 200 1150
190.27.155.129 - - [07/Nov/2014:03:14:15 -0500] "GET /galeria/carrusel/Carrusel/jquery.thumbnailScroller.css HTTP/1.1" 200 2066
190.27.155.129 - - [07/Nov/2014:03:14:15 -0500] "GET /BLA/boletinlegal/js/jquery.scrollShow.js HTTP/1.1" 200 4586
190.27.155.129 - - [07/Nov/2014:03:14:16 -0500] "GET /galeria/carrusel/Carrusel/jquery-ui-1.8.13.custom.min.js HTTP/1.1" 200 10800
190.27.155.129 - - [07/Nov/2014:03:14:16 -0500] "GET /galeria/carrusel/Carrusel/jquery.thumbnailScroller.js HTTP/1.1" 200 8157
190.27.155.129 - - [07/Nov/2014:03:14:17 -0500] "GET /galeria/nivo-slider/demo/demo.html HTTP/1.1" 200 3542
190.27.155.129 - - [07/Nov/2014:03:14:17 -0500] "GET /galeria/nivo-slider/themes/default/default.css HTTP/1.1" 200 1569
190.27.155.129 - - [07/Nov/2014:03:14:17 -0500] "GET /galeria/nivo-slider/themes/pascal/pascal.css HTTP/1.1" 200 2258
190.27.155.129 - - [07/Nov/2014:03:14:17 -0500] "GET /galeria/nivo-slider/themes/orman/orman.css HTTP/1.1" 200 2152
190.27.155.129 - - [07/Nov/2014:03:14:17 -0500] "GET /galeria/nivo-slider/nivo-slider.css HTTP/1.1" 200 1507
190.27.155.129 - - [07/Nov/2014:03:14:17 -0500] "GET /galeria/nivo-slider/demo/style.css HTTP/1.1" 200 2222
190.27.155.129 - - [07/Nov/2014:03:14:17 -0500] "GET /galeria/nivo-slider/demo/scripts/jquery-1.7.1.min.js HTTP/1.1" 200 93868
190.27.155.129 - - [07/Nov/2014:03:14:17 -0500] "GET /galeria/nivo-slider/jquery.nivo.slider.pack.js HTTP/1.1" 200 11561
190.27.155.129 - - [07/Nov/2014:03:14:18 -0500] "GET /galeria/nivo-slider/demo/images/Banner-comparendo.jpg HTTP/1.1" 200 388762
190.27.155.129 - - [07/Nov/2014:03:14:18 -0500] "GET /galeria/nivo-slider/demo/images/Banner-Ecourbanismo.jpg HTTP/1.1" 200 189838
190.27.155.129 - - [07/Nov/2014:03:14:18 -0500] "GET /galeria/nivo-slider/demo/images/porloshumedales.jpg HTTP/1.1" 200 351238
190.27.155.129 - - [07/Nov/2014:03:14:18 -0500] "GET /galeria/nivo-slider/demo/images/banner-aceite3.jpg HTTP/1.1" 200 88347
190.27.155.129 - - [07/Nov/2014:03:14:18 -0500] "GET /galeria/nivo-slider/demo/images/Tingua-azul.jpg HTTP/1.1" 200 307638
190.27.155.129 - - [07/Nov/2014:03:14:18 -0500] "GET /galeria/nivo-slider/demo/images/9Signos.jpg HTTP/1.1" 200 93040
190.27.155.129 - - [07/Nov/2014:03:14:18 -0500] "GET /galeria/nivo-slider/demo/images/banner-llantas2.jpg HTTP/1.1" 200 73153
66.249.64.171 - - [07/Nov/2014:03:14:19 -0500] "GET /BLA/resoluciones/RESOLUCIONES%202008/0937.pdf HTTP/1.1" 200 760012
190.27.155.129 - - [07/Nov/2014:03:14:20 -0500] "GET /galeria/nivo-slider/demo/images/Banner-Caracol-Africano.jpg HTTP/1.1" 200 331986
190.27.155.129 - - [07/Nov/2014:03:14:21 -0500] "GET /galeria/nivo-slider/demo/images/banner-caballos.png HTTP/1.1" 200 389106
190.27.155.129 - - [07/Nov/2014:03:14:18 -0500] "GET /galeria/nivo-slider/demo/images/bannerEcolecta3.jpg HTTP/1.1" 200 280034
190.27.155.129 - - [07/Nov/2014:03:14:22 -0500] "GET /galeria/nivo-slider/themes/default/loading.gif HTTP/1.1" 200 1737
190.27.155.129 - - [07/Nov/2014:03:14:23 -0500] "GET /galeria/nivo-slider/demo/images/banner-redes.jpg HTTP/1.1" 200 62209
190.27.155.129 - - [07/Nov/2014:03:14:18 -0500] "GET /galeria/nivo-slider/demo/images/4Simple_Slider.png HTTP/1.1" 200 11722
190.27.155.129 - - [07/Nov/2014:03:14:23 -0500] "GET /galeria/nivo-slider/demo/images/Hacienda_Molinos.jpg HTTP/1.1" 200 319171
190.27.155.129 - - [07/Nov/2014:03:14:25 -0500] "GET /galeria/nivo-slider/themes/default/arrows.png HTTP/1.1" 200 824
190.27.155.129 - - [07/Nov/2014:03:14:25 -0500] "GET /galeria/nivo-slider/themes/default/bullets.png HTTP/1.1" 200 1281
66.249.64.171 - - [07/Nov/2014:03:14:30 -0500] "GET /BLA/resoluciones/RESOLUCIONES%202007/RES%202007%201001%20AL%201100/RESOLUCION%201001%20DE%202007.pdf HTTP/1.1" 304 -
66.249.64.43 - - [07/Nov/2014:03:14:40 -0500] "GET /htdocs/gallery2/g2data/cache/derivative/2/4/ HTTP/1.1" 404 1019
66.249.64.167 - - [07/Nov/2014:03:14:48 -0500] "GET /BLA/resoluciones/RESOLUCIONES%202009/7744.pdf HTTP/1.1" 200 303508
66.249.64.167 - - [07/Nov/2014:03:14:51 -0500] "GET /BLA/resoluciones/RESOLUCIONES%202007/RES%202007%20301%20AL%20400/RESOLUCION%200362%20DE%202007.pdf HTTP/1.1" 200 374673
66.249.64.163 - - [07/Nov/2014:03:15:01 -0500] "GET /BLA/resoluciones/RESOLUCIONES%202010/3984.pdf HTTP/1.1" 304 -
66.249.64.167 - - [07/Nov/2014:03:15:06 -0500] "GET /BLA/resoluciones/RESOLUCIONES%202011/1013.pdf HTTP/1.1" 200 631400
66.249.64.163 - - [07/Nov/2014:03:15:12 -0500] "GET /BLA/resoluciones/RESOLUCIONES%202013/0849.pdf HTTP/1.1" 200 945384
66.249.64.171 - - [07/Nov/2014:03:15:22 -0500] "GET /BLA/resoluciones/AUTOS%202011/0269.pdf HTTP/1.1" 304 -
66.249.64.171 - - [07/Nov/2014:03:15:33 -0500] "GET /BLA/resoluciones/AUTOS%202013/0853.pdf HTTP/1.1" 304 -
66.249.64.163 - - [07/Nov/2014:03:15:43 -0500] "GET /BLA/resoluciones/AUTOS%202009/0724.pdf HTTP/1.1" 200 349658
66.249.64.163 - - [07/Nov/2014:03:15:54 -0500] "GET /BLA/resoluciones/RESOLUCIONES%202012/0345.pdf HTTP/1.1" 304 -
66.249.64.171 - - [07/Nov/2014:03:15:54 -0500] "GET /BLA/resoluciones/AUTOS%202007/3781.pdf HTTP/1.1" 200 139450
74.86.158.107 - - [07/Nov/2014:03:15:54 -0500] "HEAD / HTTP/1.1" 302 -
66.249.64.171 - - [07/Nov/2014:03:15:58 -0500] "GET /BLA/resoluciones/RESOLUCIONES%202008/0920.pdf HTTP/1.1" 200 218338
66.249.64.167 - - [07/Nov/2014:03:16:04 -0500] "GET /BLA/resoluciones/RESOLUCIONES%202009/9393.pdf HTTP/1.1" 304 -
66.249.64.163 - - [07/Nov/2014:03:16:15 -0500] "GET /BLA/resoluciones/AUTOS%202010/0116.pdf HTTP/1.1" 304 -
66.249.64.171 - - [07/Nov/2014:03:16:25 -0500] "GET /BLA/resoluciones/RESOLUCIONES%202013/1537.pdf HTTP/1.1" 200 3527352
66.249.64.171 - - [07/Nov/2014:03:16:48 -0500] "GET /BLA/resoluciones/AUTOS%202011/1741.pdf HTTP/1.1" 304 -
66.249.64.167 - - [07/Nov/2014:03:16:49 -0500] "GET /BLA/resoluciones/AUTOS%202008/1663.pdf HTTP/1.1" 304 -
66.249.64.163 - - [07/Nov/2014:03:16:57 -0500] "GET /BLA/resoluciones/AUTOS%202010/4872.pdf HTTP/1.1" 304 -
66.249.64.167 - - [07/Nov/2014:03:17:00 -0500] "GET /BLA/resoluciones/RESOLUCIONES%202010/3439.pdf HTTP/1.1" 200 759059
66.249.64.167 - - [07/Nov/2014:03:17:07 -0500] "GET /BLA/resoluciones/RESOLUCIONES%202007/RES%202007%20601%20AL%20700/RESOLUCION%200628%20DE%202007.pdf HTTP/1.1" 304 -
66.249.64.167 - - [07/Nov/2014:03:17:18 -0500] "GET /BLA/resoluciones/RESOLUCIONES%202007/RES%202007%20901%20AL%201000/RESOLUCION%200937%20DE%202007.pdf HTTP/1.1" 304 -
66.249.64.171 - - [07/Nov/2014:03:17:28 -0500] "GET /BLA/resoluciones/RESOLUCIONES%202008/1754.pdf HTTP/1.1" 304 -
66.249.64.163 - - [07/Nov/2014:03:17:39 -0500] "GET /BLA/resoluciones/RESOLUCIONES%202007/RES%202007%202501%20AL%202600/RESOLUCION%202578%20DE%202007.pdf HTTP/1.1" 304 -
66.249.64.167 - - [07/Nov/2014:03:17:49 -0500] "GET /BLA/resoluciones/RESOLUCIONES%202009/9832.pdf HTTP/1.1" 304 -
66.249.64.163 - - [07/Nov/2014:03:18:00 -0500] "GET /BLA/resoluciones/RESOLUCIONES%202010/4784.pdf HTTP/1.1" 200 298517
201.245.192.253 - - [07/Nov/2014:03:18:08 -0500] "GET /videos/Spot_CambioClimatico.flv HTTP/1.1" 304 -
66.249.64.163 - - [07/Nov/2014:03:18:09 -0500] "GET /BLA/resoluciones/RESOLUCIONES%202010/1388.pdf HTTP/1.1" 200 365842
66.249.64.171 - - [07/Nov/2014:03:18:11 -0500] "GET /BLA/resoluciones/AUTOS%202013/1049.pdf HTTP/1.1" 304 -
66.249.64.167 - - [07/Nov/2014:03:18:21 -0500] "GET /BLA/resoluciones/AUTOS%202007/2009.pdf HTTP/1.1" 304 -
66.249.64.163 - - [07/Nov/2014:03:18:32 -0500] "GET /BLA/resoluciones/RESOLUCIONES%202009/4706.pdf HTTP/1.1" 304 -
180.76.6.225 - - [07/Nov/2014:03:18:33 -0500] "GET /BLA/resoluciones/RESOLUCIONES%202009/0071.pdf HTTP/1.1" 200 603413
66.249.64.171 - - [07/Nov/2014:03:18:42 -0500] "GET /BLA/resoluciones/RESOLUCIONES%202007/RES%202007%20601%20AL%20700/RESOLUCION%200667%20DE%202007.pdf HTTP/1.1" 304 -
66.249.64.163 - - [07/Nov/2014:03:18:53 -0500] "GET /BLA/resoluciones/RESOLUCIONES%202012/1415.pdf HTTP/1.1" 304 -
201.245.192.253 - - [07/Nov/2014:03:19:02 -0500] "GET /plugins/like.php?locale=es_ES&href=http%3A%2F%2Fwww.facebook.com%2Fmsn&send=false&layout=button_count&width=450&show_faces=false&font&colorscheme=light&action=like&height=21 HTTP/1.1" 404 1312
66.249.64.167 - - [07/Nov/2014:03:19:02 -0500] "GET /BLA/resoluciones/Autos%202008/0498.pdf HTTP/1.1" 200 77482
66.249.64.163 - - [07/Nov/2014:03:19:03 -0500] "GET /BLA/resoluciones/RESOLUCIONES%202009/4388.pdf HTTP/1.1" 304 -
180.76.5.153 - - [07/Nov/2014:03:19:09 -0500] "GET /BLA/resoluciones/AUTOS%202011/1730.pdf HTTP/1.1" 200 136715
66.249.64.167 - - [07/Nov/2014:03:19:12 -0500] "GET /BLA/resoluciones/AUTOS%202009/3419.pdf HTTP/1.1" 200 98137
66.249.64.167 - - [07/Nov/2014:03:19:14 -0500] "GET /BLA/resoluciones/RESOLUCIONES%202011/1500.pdf HTTP/1.1" 304 -
66.249.64.163 - - [07/Nov/2014:03:19:15 -0500] "GET /BLA/resoluciones/AUTOS%202009/3615.pdf HTTP/1.1" 200 100576
66.249.64.167 - - [07/Nov/2014:03:19:24 -0500] "GET /BLA/resoluciones/AUTOS%202008/0800.pdf HTTP/1.1" 304 -
201.245.192.253 - - [07/Nov/2014:03:19:28 -0500] "GET /kmz/vallas_otorgadas_may2014.kmz HTTP/1.1" 304 -
66.249.64.43 - - [07/Nov/2014:03:19:35 -0500] "GET /htdocs/counter/digits/apple/ HTTP/1.1" 404 1019
66.249.64.167 - - [07/Nov/2014:03:19:45 -0500] "GET /BLA/resoluciones/RESOLUCIONES%202007/RES%202007%203201%20AL%203300/RESOLUCION%203286%20DE%202007.pdf HTTP/1.1" 200 586220
66.249.64.163 - - [07/Nov/2014:03:19:56 -0500] "GET /BLA/resoluciones/RESOLUCIONES%202007/RES%202007%203601%20AL%203700/RESOLUCION%203677%20DE%202007.pdf HTTP/1.1" 304 -
66.249.64.163 - - [07/Nov/2014:03:20:05 -0500] "GET /BLA/resoluciones/RESOLUCIONES%202007/RES%202007%20701%20AL%20800/RESOLUCION%200751%20DE%202007.pdf HTTP/1.1" 200 515138
66.249.64.163 - - [07/Nov/2014:03:20:08 -0500] "GET /BLA/resoluciones/AUTOS%202010/3624.pdf HTTP/1.1" 200 1606925
180.76.5.22 - - [07/Nov/2014:03:20:19 -0500] "GET /BLA/resoluciones/RESOLUCIONES%202009/0181.pdf HTTP/1.1" 200 268578
66.249.64.167 - - [07/Nov/2014:03:20:22 -0500] "GET /BLA/resoluciones/RESOLUCIONES%202011/3616.pdf HTTP/1.1" 304 -
66.249.64.171 - - [07/Nov/2014:03:20:27 -0500] "GET /BLA/resoluciones/RESOLUCIONES%202013/1207.pdf HTTP/1.1" 200 1620257
66.249.64.163 - - [07/Nov/2014:03:20:30 -0500] "GET /BLA/resoluciones/Autos%202008/2100.pdf HTTP/1.1" 200 132797
66.249.64.163 - - [07/Nov/2014:03:20:36 -0500] "GET /BLA/resoluciones/RESOLUCIONES%202004/RES%202004%201401-1450/00001435.tif HTTP/1.1" 200 148946
66.249.64.163 - - [07/Nov/2014:03:20:38 -0500] "GET /BLA/resoluciones/RESOLUCIONES%202013/0716.pdf HTTP/1.1" 200 682605
86.184.212.247 - - [07/Nov/2014:03:20:46 -0500] "GET /robots.txt HTTP/1.0" 404 1015
86.184.212.247 - - [07/Nov/2014:03:20:48 -0500] "GET /hum/FotosHumedales-Fb05/Fotos%20Fundaci%C3%B3n%20La%20Conejera/?C=N;O=D HTTP/1.0" 404 1015
66.249.64.171 - - [07/Nov/2014:03:20:48 -0500] "GET /BLA/resoluciones/RESOLUCIONES%202009/3587.pdf HTTP/1.1" 304 -
86.184.212.247 - - [07/Nov/2014:03:20:50 -0500] "GET /hum/FotosHumedales-Fb05/Fotos%20Fundaci%C3%B3n%20La%20Conejera/?C=S;O=A HTTP/1.0" 404 1015
86.184.212.247 - - [07/Nov/2014:03:20:51 -0500] "GET /robots.txt HTTP/1.0" 404 1019
86.184.212.247 - - [07/Nov/2014:03:20:53 -0500] "GET /even1/Secci%C3%B3n%201/?C=N;O=D HTTP/1.0" 404 1019
74.86.158.107 - - [07/Nov/2014:03:20:54 -0500] "HEAD / HTTP/1.1" 302 -
86.184.212.247 - - [07/Nov/2014:03:20:55 -0500] "GET /even1/Secci%C3%B3n%201/?C=S;O=A HTTP/1.0" 404 1019
86.184.212.247 - - [07/Nov/2014:03:20:57 -0500] "GET /even1/Secci%C3%B3n%202/?C=D;O=A HTTP/1.0" 404 1019
66.249.64.167 - - [07/Nov/2014:03:20:59 -0500] "GET /BLA/resoluciones/RESOLUCIONES%202009/6568.pdf HTTP/1.1" 304 -
86.184.212.247 - - [07/Nov/2014:03:20:59 -0500] "GET /even1/Secci%C3%B3n%202/?C=M;O=A HTTP/1.0" 404 1019
86.184.212.247 - - [07/Nov/2014:03:21:00 -0500] "GET /even1/Secci%C3%B3n%202/?C=N;O=D HTTP/1.0" 404 1019
86.184.212.247 - - [07/Nov/2014:03:21:04 -0500] "GET /even1/Secci%C3%B3n%202/?C=S;O=A HTTP/1.0" 404 1019
86.184.212.247 - - [07/Nov/2014:03:21:06 -0500] "GET /even1/Secci%C3%B3n%203/?C=D;O=A HTTP/1.0" 404 1019
86.184.212.247 - - [07/Nov/2014:03:21:08 -0500] "GET /even1/Secci%C3%B3n%203/?C=M;O=A HTTP/1.0" 404 1019
66.249.64.163 - - [07/Nov/2014:03:21:09 -0500] "GET /BLA/resoluciones/RESOLUCIONES%202007/RES%202007%202701%20AL%202800/RESOLUCION%202712%20%20DE%202007.pdf HTTP/1.1" 304 -
86.184.212.247 - - [07/Nov/2014:03:21:09 -0500] "GET /even1/Secci%C3%B3n%203/?C=N;O=D HTTP/1.0" 404 1019
86.184.212.247 - - [07/Nov/2014:03:21:11 -0500] "GET /even1/Secci%C3%B3n%203/?C=S;O=A HTTP/1.0" 404 1019
86.184.212.247 - - [07/Nov/2014:03:21:13 -0500] "GET /even1/Secci%C3%B3n%204/?C=D;O=A HTTP/1.0" 404 1019
86.184.212.247 - - [07/Nov/2014:03:21:14 -0500] "GET /even1/Secci%C3%B3n%204/?C=M;O=A HTTP/1.0" 404 1019
86.184.212.247 - - [07/Nov/2014:03:21:16 -0500] "GET /even1/Secci%C3%B3n%204/?C=N;O=D HTTP/1.0" 404 1019
86.184.212.247 - - [07/Nov/2014:03:21:18 -0500] "GET /even1/Secci%C3%B3n%204/?C=S;O=A HTTP/1.0" 404 1019
86.184.212.247 - - [07/Nov/2014:03:21:20 -0500] "GET /re/Cuento/cuadro22/boton%20cuadro22/_notes/?C=N;O=A HTTP/1.0" 404 1019
66.249.64.171 - - [07/Nov/2014:03:21:20 -0500] "GET /BLA/resoluciones/RESOLUCIONES%202011/5117.pdf HTTP/1.1" 200 441138
86.184.212.247 - - [07/Nov/2014:03:21:22 -0500] "GET /re/Cuento/cuadro22/boton%20cuadro22/_notes/?C=S;O=D HTTP/1.0" 404 1019
66.249.64.167 - - [07/Nov/2014:03:21:24 -0500] "GET /BLA/resoluciones/AUTOS%202009/3603.pdf HTTP/1.1" 200 206316
86.184.212.247 - - [07/Nov/2014:03:21:24 -0500] "GET /re/Cuento/cuadro22/imagen%20izquierda/imagen%20boton%20talleres/?C=N;O=A HTTP/1.0" 404 1019
86.184.212.247 - - [07/Nov/2014:03:21:26 -0500] "GET /re/Cuento/cuadro22/imagen%20izquierda/imagen%20boton%20talleres/?C=S;O=D HTTP/1.0" 404 1019
86.184.212.247 - - [07/Nov/2014:03:21:27 -0500] "GET /re/Cuento/imagenes%20comunes/botones%20cuento/_notes/?C=N;O=A HTTP/1.0" 404 1019
86.184.212.247 - - [07/Nov/2014:03:21:29 -0500] "GET /re/Cuento/imagenes%20comunes/botones%20cuento/_notes/?C=S;O=D HTTP/1.0" 404 1019
66.249.64.163 - - [07/Nov/2014:03:21:30 -0500] "GET /BLA/resoluciones/RESOLUCIONES%202007/RES%202007%20301%20AL%20400/RESOLUCION%200398%20DE%202007.pdf HTTP/1.1" 200 1692309
66.249.64.167 - - [07/Nov/2014:03:21:41 -0500] "GET /BLA/resoluciones/RESOLUCIONES%202007/RES%202007%20601%20AL%20700/RESOLUCION%200640%20DE%202007.pdf HTTP/1.1" 304 -
66.249.64.163 - - [07/Nov/2014:03:21:43 -0500] "GET /BLA/resoluciones/AUTOS%202009/0264.pdf HTTP/1.1" 200 59894
66.249.64.163 - - [07/Nov/2014:03:21:51 -0500] "GET /BLA/resoluciones/RESOLUCIONES%202010/6795.pdf HTTP/1.1" 304 -
66.249.64.167 - - [07/Nov/2014:03:22:02 -0500] "GET /BLA/resoluciones/RESOLUCIONES%202012/0661.pdf HTTP/1.1" 304 -
66.249.64.163 - - [07/Nov/2014:03:22:12 -0500] "GET /BLA/resoluciones/RESOLUCIONES%202009/0101.pdf HTTP/1.1" 304 -
66.249.64.171 - - [07/Nov/2014:03:22:23 -0500] "GET /BLA/resoluciones/AUTOS%202013/1954.pdf HTTP/1.1" 304 -
66.249.64.171 - - [07/Nov/2014:03:22:28 -0500] "GET /BLA/resoluciones/AUTOS%202009/0038.pdf HTTP/1.1" 200 107023
66.249.64.171 - - [07/Nov/2014:03:22:29 -0500] "GET /BLA/resoluciones/RESOLUCIONES%202009/1937.pdf HTTP/1.1" 200 539919
66.249.64.171 - - [07/Nov/2014:03:22:33 -0500] "GET /BLA/resoluciones/RESOLUCIONES%202007/RES%202007%202001%20AL%202100/RESOLUCION%202022%20DE%202007.pdf HTTP/1.1" 304 -
66.249.64.163 - - [07/Nov/2014:03:22:44 -0500] "GET /BLA/resoluciones/RESOLUCIONES%202014/0464.pdf HTTP/1.1" 200 1120083
66.249.64.171 - - [07/Nov/2014:03:22:55 -0500] "GET /BLA/resoluciones/RESOLUCIONES%202007/RES%202007%20501%20AL%20600/RESOLUCION%200584%20DE%202007.pdf HTTP/1.1" 304 -
66.249.64.163 - - [07/Nov/2014:03:23:05 -0500] "GET /BLA/resoluciones/RESOLUCIONES%202008/4244.pdf HTTP/1.1" 200 351435
66.249.64.163 - - [07/Nov/2014:03:23:16 -0500] "GET /BLA/resoluciones/RESOLUCIONES%202011/3772.pdf HTTP/1.1" 304 -
66.249.64.163 - - [07/Nov/2014:03:23:22 -0500] "GET /BLA/resoluciones/AUTOS%202009/2206.pdf HTTP/1.1" 200 112984
66.249.64.163 - - [07/Nov/2014:03:23:26 -0500] "GET /BLA/resoluciones/RESOLUCIONES%202011/0588.pdf HTTP/1.1" 200 406826
66.249.64.171 - - [07/Nov/2014:03:23:26 -0500] "GET /BLA/resoluciones/RESOLUCIONES%202013/1329.pdf HTTP/1.1" 304 -
66.249.64.171 - - [07/Nov/2014:03:23:35 -0500] "GET /BLA/resoluciones/AUTOS%202007/0859.pdf HTTP/1.1" 200 94734
66.249.64.171 - - [07/Nov/2014:03:23:37 -0500] "GET /BLA/resoluciones/RESOLUCIONES%202007/RES%202007%20401%20AL%20500/RESOLUCION%200436%20DE%202007.pdf HTTP/1.1" 200 426228
66.249.64.171 - - [07/Nov/2014:03:23:42 -0500] "GET /BLA/resoluciones/RESOLUCIONES%202011/0221.pdf HTTP/1.1" 200 84161
66.249.64.163 - - [07/Nov/2014:03:23:47 -0500] "GET /BLA/resoluciones/AUTOS%202009/0483.pdf HTTP/1.1" 200 411863
66.249.64.163 - - [07/Nov/2014:03:23:47 -0500] "GET /BLA/resoluciones/AUTOS%202011/1354.pdf HTTP/1.1" 304 -
189.208.140.30 - - [07/Nov/2014:03:23:56 -0500] "GET /BLA/boletinlegal/js/jquery.js HTTP/1.1" 200 57254
189.208.140.30 - - [07/Nov/2014:03:23:56 -0500] "GET /BLA/boletinlegal/js/jquery.scrollShow.js HTTP/1.1" 200 4586
189.208.140.30 - - [07/Nov/2014:03:23:56 -0500] "GET /BLA/boletinlegal/js/jquery.scrollTo-min.js HTTP/1.1" 200 1150
189.208.140.30 - - [07/Nov/2014:03:23:56 -0500] "GET /galeria/carrusel/Carrusel/jquery.thumbnailScroller.css HTTP/1.1" 200 2066
189.208.140.30 - - [07/Nov/2014:03:23:57 -0500] "GET /galeria/carrusel/Carrusel/jquery-ui-1.8.13.custom.min.js HTTP/1.1" 200 10800
189.208.140.30 - - [07/Nov/2014:03:23:57 -0500] "GET /galeria/carrusel/Carrusel/jquery.thumbnailScroller.js HTTP/1.1" 200 8157
66.249.64.171 - - [07/Nov/2014:03:23:58 -0500] "GET /BLA/resoluciones/RESOLUCIONES%202010/6380.pdf HTTP/1.1" 200 855110
66.249.64.163 - - [07/Nov/2014:03:24:03 -0500] "GET /BLA/resoluciones/AUTOS%202009/2084.pdf HTTP/1.1" 200 99361
66.249.64.171 - - [07/Nov/2014:03:24:08 -0500] "GET /BLA/resoluciones/RESOLUCIONES%202007/RES%202007%203301%20AL%203400/RESOLUCION%203337%20DE%202007.pdf HTTP/1.1" 200 317872
66.249.64.163 - - [07/Nov/2014:03:24:19 -0500] "GET /BLA/resoluciones/RESOLUCIONES%202011/0334.pdf HTTP/1.1" 304 -
66.249.64.171 - - [07/Nov/2014:03:24:29 -0500] "GET /BLA/resoluciones/RESOLUCIONES%202009/8862.pdf HTTP/1.1" 304 -
66.249.64.167 - - [07/Nov/2014:03:24:40 -0500] "GET /BLA/resoluciones/RESOLUCIONES%202007/RES%202007%20201%20AL%20300/RESOLUCION%200255%20DE%202007.pdf HTTP/1.1" 200 267393
220.181.108.121 - - [07/Nov/2014:03:24:40 -0500] "GET / HTTP/1.1" 302 -
66.249.64.171 - - [07/Nov/2014:03:24:41 -0500] "GET /BLA/resoluciones/RESOLUCIONES%202007/RES%202007%20301%20AL%20400/RESOLUCION%200354%20DE%202007.pdf HTTP/1.1" 200 170041
157.55.39.207 - - [07/Nov/2014:03:24:45 -0500] "GET /ifweb/4.html HTTP/1.1" 404 1019
66.249.64.47 - - [07/Nov/2014:03:24:51 -0500] "GET /htdocs/counter/digits/painter/ HTTP/1.1" 404 1019
66.249.64.171 - - [07/Nov/2014:03:25:01 -0500] "GET /BLA/resoluciones/RESOLUCIONES%202010/1392.pdf HTTP/1.1" 304 -
66.249.64.163 - - [07/Nov/2014:03:25:08 -0500] "GET /BLA/resoluciones/AUTOS%202009/0910.pdf HTTP/1.1" 200 122677
180.76.6.155 - - [07/Nov/2014:03:25:11 -0500] "GET /BLA/resoluciones/RESOLUCIONES%202009/1960.pdf HTTP/1.1" 200 439455
66.249.64.171 - - [07/Nov/2014:03:25:11 -0500] "GET /BLA/resoluciones/AUTOS%202010/5389.pdf HTTP/1.1" 304 -
66.249.64.171 - - [07/Nov/2014:03:25:22 -0500] "GET /BLA/resoluciones/AUTOS%202013/3438.pdf HTTP/1.1" 304 -
66.249.64.171 - - [07/Nov/2014:03:25:32 -0500] "GET /BLA/resoluciones/RESOLUCIONES%202007/RES%202007%201401%20AL%201500/RESOLUCION%201490%20DE%202007.pdf HTTP/1.1" 304 -
66.249.64.167 - - [07/Nov/2014:03:25:43 -0500] "GET /BLA/resoluciones/RESOLUCIONES%202009/4218.pdf HTTP/1.1" 200 773656
66.249.64.163 - - [07/Nov/2014:03:25:47 -0500] "GET /BLA/resoluciones/RESOLUCIONES%202010/1612.pdf HTTP/1.1" 200 444532
66.249.64.171 - - [07/Nov/2014:03:25:53 -0500] "GET /BLA/resoluciones/AUTOS%202013/0339.pdf HTTP/1.1" 304 -
74.86.158.107 - - [07/Nov/2014:03:25:54 -0500] "HEAD / HTTP/1.1" 302 -
201.245.192.253 - - [07/Nov/2014:03:25:58 -0500] "GET /forestReports/webcontent/birt/admin/img/dtree/plusbottom.gif HTTP/1.1" 304 -
201.245.192.253 - - [07/Nov/2014:03:26:02 -0500] "GET /forestReports/webcontent/birt/admin/img/dtree/hpage.gif HTTP/1.1" 304 -
66.249.64.171 - - [07/Nov/2014:03:26:04 -0500] "GET /BLA/resoluciones/RESOLUCIONES%202013/2616.pdf HTTP/1.1" 304 -
100.43.85.25 - - [07/Nov/2014:03:26:06 -0500] "GET /pread/sec/arbol.jpg HTTP/1.1" 404 1019
66.249.64.167 - - [07/Nov/2014:03:26:14 -0500] "GET /BLA/resoluciones/RESOLUCIONES%202008/1844.pdf HTTP/1.1" 200 345930
66.249.64.167 - - [07/Nov/2014:03:26:20 -0500] "GET /BLA/resoluciones/RESOLUCIONES%202011/0595.pdf HTTP/1.1" 200 279636
66.249.64.171 - - [07/Nov/2014:03:26:25 -0500] "GET /BLA/resoluciones/RESOLUCIONES%202007/RES%202007%201301%20AL%201400/RESOLUCION%201371%20DE%202007.pdf HTTP/1.1" 304 -
201.245.192.253 - - [07/Nov/2014:03:26:35 -0500] "GET /forestReports/webcontent/birt/admin/js/autocompletar2.js HTTP/1.1" 304 -
66.249.64.167 - - [07/Nov/2014:03:26:36 -0500] "GET /BLA/resoluciones/RESOLUCIONES%202009/5434.pdf HTTP/1.1" 304 -
66.249.64.171 - - [07/Nov/2014:03:26:36 -0500] "GET /BLA/resoluciones/RESOLUCIONES%202011/0485.pdf HTTP/1.1" 200 59661
66.249.64.39 - - [07/Nov/2014:03:26:46 -0500] "GET /htdocs/gallery2/g2data/cache/derivative/2/3/230-meta.inc HTTP/1.1" 404 1019
66.249.64.171 - - [07/Nov/2014:03:26:53 -0500] "GET /BLA/resoluciones/RESOLUCIONES%202010/0233.pdf HTTP/1.1" 200 57268
66.249.64.163 - - [07/Nov/2014:03:26:57 -0500] "GET /BLA/resoluciones/AUTOS%202008/0316.pdf HTTP/1.1" 200 134602
66.249.64.171 - - [07/Nov/2014:03:27:00 -0500] "GET /BLA/resoluciones/AUTOS%202009/1424.pdf HTTP/1.1" 200 277079
201.245.192.253 - - [07/Nov/2014:03:27:04 -0500] "GET /plugins/like.php?locale=es_ES&href=http%3A%2F%2Fwww.facebook.com%2Fmsn&send=false&layout=button_count&width=450&show_faces=false&font&colorscheme=light&action=like&height=21 HTTP/1.1" 404 1312
66.249.64.163 - - [07/Nov/2014:03:27:07 -0500] "GET /BLA/resoluciones/AUTOS%202007/1713.pdf HTTP/1.1" 304 -
66.249.64.163 - - [07/Nov/2014:03:27:18 -0500] "GET /BLA/resoluciones/AUTOS%202013/0414.pdf HTTP/1.1" 304 -
