190.157.153.111 - - [07/Nov/2014:01:12:53 -0500] "GET /forest/buscar.do?type=procesos HTTP/1.1" 200 97143
190.158.7.219 - - [07/Nov/2014:01:06:55 -0500] "GET /ForestMSG_SDA/channelAsync/template_word_16846728?X-Atmosphere-tracking-id=3448e3f0-fc83-4230-aa98-de0ca61cf285&X-Atmosphere-Framework=1.0.5&X-Atmosphere-Transport=long-polling&tabid=0.4014815026894212&X-Cache-Date=0&Content-Type=application/xml&_=1415340498329 HTTP/1.1" 200 8193
66.249.64.167 - - [07/Nov/2014:01:12:56 -0500] "GET /BLA/resoluciones/AUTOS%202009/0332.pdf HTTP/1.1" 200 112913
190.157.153.111 - - [07/Nov/2014:01:13:02 -0500] "POST /forest/buscar.do? HTTP/1.1" 200 5363
190.157.153.111 - - [07/Nov/2014:01:13:05 -0500] "GET /forest/jsoptimized/gz/js/gdocsall-1411.041919.js HTTP/1.1" 304 -
190.157.153.111 - - [07/Nov/2014:01:13:06 -0500] "GET /forest/skins/gdocs-jar/js/grid.js?version=1411.041919 HTTP/1.1" 304 -
190.157.153.111 - - [07/Nov/2014:01:13:05 -0500] "GET /forest/usutareas.do?group_system_actual=3&codAct=1477&numPro=2571255&codPro=134&fecTra=2014-11-06%2022:30:27.0&codInst=2582860&codTraEsc=16846660 HTTP/1.1" 200 119124
190.157.153.111 - - [07/Nov/2014:01:13:06 -0500] "GET /forest/js/usutareas-docs.js HTTP/1.1" 304 -
190.157.153.111 - - [07/Nov/2014:01:13:06 -0500] "GET /forest/js/jquery/jquery-1.5.2.min.js HTTP/1.1" 304 -
66.249.64.171 - - [07/Nov/2014:01:13:06 -0500] "GET /BLA/resoluciones/AUTOS%202009/0247.pdf HTTP/1.1" 200 109911
190.157.153.111 - - [07/Nov/2014:01:13:06 -0500] "GET /forest/js/jquery/jquery.atmosphere.js HTTP/1.1" 304 -
190.157.153.111 - - [07/Nov/2014:01:13:06 -0500] "GET /forest/js/socketConnection.js HTTP/1.1" 304 -
190.157.153.111 - - [07/Nov/2014:01:13:06 -0500] "GET /forest/skins/gdocs-jar/img/bola.gif HTTP/1.1" 304 -
190.157.153.111 - - [07/Nov/2014:01:13:06 -0500] "GET /forest/img/warning.gif HTTP/1.1" 304 -
190.157.153.111 - - [07/Nov/2014:01:13:06 -0500] "GET /forest/skins/gdocs-jar/img/close.gif HTTP/1.1" 304 -
190.157.153.111 - - [07/Nov/2014:01:13:07 -0500] "GET /forest/session.jsp?a=0.6708293266117766 HTTP/1.1" 200 4
190.157.153.111 - - [07/Nov/2014:01:13:08 -0500] "GET /forest/actions/forms.getMappedValues?id=id_Numeracion4&value=1369164783798&codForm=RevisarDocumento&a=0.2426074095704392 HTTP/1.1" 200 137
190.157.153.111 - - [07/Nov/2014:01:13:06 -0500] "GET /ForestMSG_SDA/channelAsync/template_word_16846660;jsessionid=K5-PYwEnqAr3vvGasEEG2oIN.server1?X-Atmosphere-tracking-id=4d80b85a-d958-dbaa-4fe9-3449bb68481f&X-Atmosphere-Framework=1.0.5&X-Atmosphere-Transport=long-polling&tabid=0.6552965848232797&X-Cache-Date=0&Content-Type=application/xml HTTP/1.1" 200 8193
190.157.153.111 - - [07/Nov/2014:01:13:08 -0500] "GET /ForestMSG_SDA/channelAsync/template_word_16846660;jsessionid=K5-PYwEnqAr3vvGasEEG2oIN.server1?X-Atmosphere-tracking-id=4d80b85a-d958-dbaa-4fe9-3449bb68481f&X-Atmosphere-Framework=1.0.5&X-Atmosphere-Transport=long-polling&tabid=0.6552965848232797&X-Cache-Date=1414818107664&Content-Type=application/xml HTTP/1.1" 200 8193
190.157.153.111 - - [07/Nov/2014:01:13:08 -0500] "GET /ForestMSG_SDA/channelAsync/template_word_16846660;jsessionid=K5-PYwEnqAr3vvGasEEG2oIN.server1?X-Atmosphere-tracking-id=4d80b85a-d958-dbaa-4fe9-3449bb68481f&X-Atmosphere-Framework=1.0.5&X-Atmosphere-Transport=long-polling&tabid=0.6552965848232797&X-Cache-Date=1414818107184&Content-Type=application/xml HTTP/1.1" 200 8193
190.157.153.111 - - [07/Nov/2014:01:13:08 -0500] "GET /ForestMSG_SDA/channelAsync/template_word_16846660;jsessionid=K5-PYwEnqAr3vvGasEEG2oIN.server1?X-Atmosphere-tracking-id=4d80b85a-d958-dbaa-4fe9-3449bb68481f&X-Atmosphere-Framework=1.0.5&X-Atmosphere-Transport=long-polling&tabid=0.6552965848232797&X-Cache-Date=1414818107664&Content-Type=application/xml HTTP/1.1" 200 8193
190.157.153.111 - - [07/Nov/2014:01:13:08 -0500] "GET /ForestMSG_SDA/channelAsync/template_word_16846660;jsessionid=K5-PYwEnqAr3vvGasEEG2oIN.server1?X-Atmosphere-tracking-id=4d80b85a-d958-dbaa-4fe9-3449bb68481f&X-Atmosphere-Framework=1.0.5&X-Atmosphere-Transport=long-polling&tabid=0.6552965848232797&X-Cache-Date=1414818107684&Content-Type=application/xml HTTP/1.1" 200 8193
190.157.153.111 - - [07/Nov/2014:01:13:08 -0500] "GET /ForestMSG_SDA/channelAsync/template_word_16846660;jsessionid=K5-PYwEnqAr3vvGasEEG2oIN.server1?X-Atmosphere-tracking-id=4d80b85a-d958-dbaa-4fe9-3449bb68481f&X-Atmosphere-Framework=1.0.5&X-Atmosphere-Transport=long-polling&tabid=0.6552965848232797&X-Cache-Date=1414818107684&Content-Type=application/xml HTTP/1.1" 200 8193
190.157.153.111 - - [07/Nov/2014:01:13:08 -0500] "GET /ForestMSG_SDA/channelAsync/template_word_16846660;jsessionid=K5-PYwEnqAr3vvGasEEG2oIN.server1?X-Atmosphere-tracking-id=4d80b85a-d958-dbaa-4fe9-3449bb68481f&X-Atmosphere-Framework=1.0.5&X-Atmosphere-Transport=long-polling&tabid=0.6552965848232797&X-Cache-Date=1414818107724&Content-Type=application/xml HTTP/1.1" 200 8193
190.157.153.111 - - [07/Nov/2014:01:13:08 -0500] "GET /ForestMSG_SDA/channelAsync/template_word_16846660;jsessionid=K5-PYwEnqAr3vvGasEEG2oIN.server1?X-Atmosphere-tracking-id=4d80b85a-d958-dbaa-4fe9-3449bb68481f&X-Atmosphere-Framework=1.0.5&X-Atmosphere-Transport=long-polling&tabid=0.6552965848232797&X-Cache-Date=1414818107724&Content-Type=application/xml HTTP/1.1" 200 8193
190.157.153.111 - - [07/Nov/2014:01:13:08 -0500] "GET /ForestMSG_SDA/channelAsync/template_word_16846660;jsessionid=K5-PYwEnqAr3vvGasEEG2oIN.server1?X-Atmosphere-tracking-id=4d80b85a-d958-dbaa-4fe9-3449bb68481f&X-Atmosphere-Framework=1.0.5&X-Atmosphere-Transport=long-polling&tabid=0.6552965848232797&X-Cache-Date=1414818107724&Content-Type=application/xml HTTP/1.1" 200 8193
190.158.7.219 - - [07/Nov/2014:01:13:12 -0500] "GET /forest/session.jsp?a=0.8010330244433135 HTTP/1.1" 200 4
66.249.64.163 - - [07/Nov/2014:01:13:21 -0500] "GET /BLA/jurisprudencia/sentencias/C-703-10.rtf HTTP/1.1" 404 1018
190.157.153.111 - - [07/Nov/2014:01:13:28 -0500] "GET /forest/actions/forms.getList?codForm=RevisarDocumento&id=Fun_revisar&text=ca HTTP/1.1" 200 1325
190.157.153.111 - - [07/Nov/2014:01:13:28 -0500] "GET /forest/actions/forms.getList?codForm=RevisarDocumento&id=Fun_revisar&text=car HTTP/1.1" 200 1316
190.157.153.111 - - [07/Nov/2014:01:13:28 -0500] "GET /forest/actions/forms.getList?codForm=RevisarDocumento&id=Fun_revisar&text=carm HTTP/1.1" 200 701
190.157.153.111 - - [07/Nov/2014:01:13:29 -0500] "GET /forest/actions/forms.getList?codForm=RevisarDocumento&id=Fun_revisar&text=carmen HTTP/1.1" 200 701
190.157.153.111 - - [07/Nov/2014:01:13:32 -0500] "POST /forest/usutareas.do? HTTP/1.1" 200 76
190.157.153.111 - - [07/Nov/2014:01:13:34 -0500] "GET /forest/usutareas.do?group_system_actual=3&a=0.018048518449656603 HTTP/1.1" 200 20485
190.157.153.111 - - [07/Nov/2014:01:13:34 -0500] "GET /forest/jsoptimized/gz/js/gdocsall-1411.041919.js HTTP/1.1" 304 -
190.157.153.111 - - [07/Nov/2014:01:13:34 -0500] "GET /forest/session.jsp?a=0.4714385329630849 HTTP/1.1" 200 4
66.249.64.167 - - [07/Nov/2014:01:13:36 -0500] "GET /BLA/resoluciones/AUTOS%202009/3289.pdf HTTP/1.1" 200 106254
190.157.153.111 - - [07/Nov/2014:01:13:50 -0500] "GET /forest/skins/gdocs-jar/popup/popup.jsp?width=1100&height=500&title=Buscar%20procesos&uri=/forest/buscar.do%3Ftype%3Dprocesos&name=undefined&_a=0.9336582414225212&a=0.10023299475182307 HTTP/1.1" 200 1296
190.157.153.111 - - [07/Nov/2014:01:13:50 -0500] "GET /forest/buscar.do?type=procesos HTTP/1.1" 200 97143
66.249.64.167 - - [07/Nov/2014:01:13:54 -0500] "GET /BLA/resoluciones/AUTOS%202009/3154.pdf HTTP/1.1" 200 131664
66.249.64.163 - - [07/Nov/2014:01:13:58 -0500] "GET /BLA/resoluciones/RESOLUCIONES%202010/0813.pdf HTTP/1.1" 200 98087
190.157.153.111 - - [07/Nov/2014:01:14:01 -0500] "POST /forest/buscar.do? HTTP/1.1" 200 5359
190.157.153.111 - - [07/Nov/2014:01:14:05 -0500] "GET /forest/jsoptimized/gz/js/gdocsall-1411.041919.js HTTP/1.1" 304 -
190.157.153.111 - - [07/Nov/2014:01:14:04 -0500] "GET /forest/usutareas.do?group_system_actual=3&codAct=1477&numPro=2490753&codPro=134&fecTra=2014-11-06%2022:26:23.0&codInst=2498462&codTraEsc=16846650 HTTP/1.1" 200 121633
190.157.153.111 - - [07/Nov/2014:01:14:05 -0500] "GET /forest/skins/gdocs-jar/js/grid.js?version=1411.041919 HTTP/1.1" 304 -
190.157.153.111 - - [07/Nov/2014:01:14:05 -0500] "GET /forest/js/usutareas-docs.js HTTP/1.1" 304 -
190.157.153.111 - - [07/Nov/2014:01:14:05 -0500] "GET /forest/js/jquery/jquery-1.5.2.min.js HTTP/1.1" 304 -
190.157.153.111 - - [07/Nov/2014:01:14:05 -0500] "GET /forest/js/jquery/jquery.atmosphere.js HTTP/1.1" 304 -
190.157.153.111 - - [07/Nov/2014:01:14:05 -0500] "GET /forest/js/socketConnection.js HTTP/1.1" 304 -
190.157.153.111 - - [07/Nov/2014:01:14:05 -0500] "GET /forest/skins/gdocs-jar/img/bola.gif HTTP/1.1" 304 -
190.157.153.111 - - [07/Nov/2014:01:14:06 -0500] "GET /forest/skins/gdocs-jar/img/close.gif HTTP/1.1" 304 -
190.157.153.111 - - [07/Nov/2014:01:14:06 -0500] "GET /forest/img/warning.gif HTTP/1.1" 304 -
190.157.153.111 - - [07/Nov/2014:01:14:06 -0500] "GET /forest/session.jsp?a=0.2795352161295493 HTTP/1.1" 200 4
190.157.153.111 - - [07/Nov/2014:01:14:07 -0500] "GET /forest/actions/forms.getMappedValues?id=id_Numeracion4&value=1355596072893&codForm=RevisarDocumento&a=0.7621502217650672 HTTP/1.1" 200 142
190.157.153.111 - - [07/Nov/2014:01:14:05 -0500] "GET /ForestMSG_SDA/channelAsync/template_word_16846650;jsessionid=K5-PYwEnqAr3vvGasEEG2oIN.server1?X-Atmosphere-tracking-id=6df88817-8755-5f32-1dbf-7ccfce7bf331&X-Atmosphere-Framework=1.0.5&X-Atmosphere-Transport=long-polling&tabid=0.31561954788797575&X-Cache-Date=0&Content-Type=application/xml HTTP/1.1" 200 8193
66.249.64.163 - - [07/Nov/2014:01:14:07 -0500] "GET /BLA/resoluciones/AUTOS%202009/1564.pdf HTTP/1.1" 200 123187
190.157.153.111 - - [07/Nov/2014:01:14:07 -0500] "GET /ForestMSG_SDA/channelAsync/template_word_16846650;jsessionid=K5-PYwEnqAr3vvGasEEG2oIN.server1?X-Atmosphere-tracking-id=6df88817-8755-5f32-1dbf-7ccfce7bf331&X-Atmosphere-Framework=1.0.5&X-Atmosphere-Transport=long-polling&tabid=0.31561954788797575&X-Cache-Date=1414818166276&Content-Type=application/xml HTTP/1.1" 200 8193
190.157.153.111 - - [07/Nov/2014:01:14:07 -0500] "GET /ForestMSG_SDA/channelAsync/template_word_16846650;jsessionid=K5-PYwEnqAr3vvGasEEG2oIN.server1?X-Atmosphere-tracking-id=6df88817-8755-5f32-1dbf-7ccfce7bf331&X-Atmosphere-Framework=1.0.5&X-Atmosphere-Transport=long-polling&tabid=0.31561954788797575&X-Cache-Date=1414818166276&Content-Type=application/xml HTTP/1.1" 200 8193
190.157.153.111 - - [07/Nov/2014:01:14:07 -0500] "GET /ForestMSG_SDA/channelAsync/template_word_16846650;jsessionid=K5-PYwEnqAr3vvGasEEG2oIN.server1?X-Atmosphere-tracking-id=6df88817-8755-5f32-1dbf-7ccfce7bf331&X-Atmosphere-Framework=1.0.5&X-Atmosphere-Transport=long-polling&tabid=0.31561954788797575&X-Cache-Date=1414818166706&Content-Type=application/xml HTTP/1.1" 200 8193
190.157.153.111 - - [07/Nov/2014:01:14:07 -0500] "GET /ForestMSG_SDA/channelAsync/template_word_16846650;jsessionid=K5-PYwEnqAr3vvGasEEG2oIN.server1?X-Atmosphere-tracking-id=6df88817-8755-5f32-1dbf-7ccfce7bf331&X-Atmosphere-Framework=1.0.5&X-Atmosphere-Transport=long-polling&tabid=0.31561954788797575&X-Cache-Date=1414818166726&Content-Type=application/xml HTTP/1.1" 200 8193
190.157.153.111 - - [07/Nov/2014:01:14:07 -0500] "GET /ForestMSG_SDA/channelAsync/template_word_16846650;jsessionid=K5-PYwEnqAr3vvGasEEG2oIN.server1?X-Atmosphere-tracking-id=6df88817-8755-5f32-1dbf-7ccfce7bf331&X-Atmosphere-Framework=1.0.5&X-Atmosphere-Transport=long-polling&tabid=0.31561954788797575&X-Cache-Date=1414818166756&Content-Type=application/xml HTTP/1.1" 200 8193
190.157.153.111 - - [07/Nov/2014:01:14:07 -0500] "GET /ForestMSG_SDA/channelAsync/template_word_16846650;jsessionid=K5-PYwEnqAr3vvGasEEG2oIN.server1?X-Atmosphere-tracking-id=6df88817-8755-5f32-1dbf-7ccfce7bf331&X-Atmosphere-Framework=1.0.5&X-Atmosphere-Transport=long-polling&tabid=0.31561954788797575&X-Cache-Date=1414818166726&Content-Type=application/xml HTTP/1.1" 200 8193
190.157.153.111 - - [07/Nov/2014:01:14:07 -0500] "GET /ForestMSG_SDA/channelAsync/template_word_16846650;jsessionid=K5-PYwEnqAr3vvGasEEG2oIN.server1?X-Atmosphere-tracking-id=6df88817-8755-5f32-1dbf-7ccfce7bf331&X-Atmosphere-Framework=1.0.5&X-Atmosphere-Transport=long-polling&tabid=0.31561954788797575&X-Cache-Date=1414818166756&Content-Type=application/xml HTTP/1.1" 200 8193
190.157.153.111 - - [07/Nov/2014:01:14:07 -0500] "GET /ForestMSG_SDA/channelAsync/template_word_16846650;jsessionid=K5-PYwEnqAr3vvGasEEG2oIN.server1?X-Atmosphere-tracking-id=6df88817-8755-5f32-1dbf-7ccfce7bf331&X-Atmosphere-Framework=1.0.5&X-Atmosphere-Transport=long-polling&tabid=0.31561954788797575&X-Cache-Date=1414818166756&Content-Type=application/xml HTTP/1.1" 200 8193
190.157.153.111 - - [07/Nov/2014:01:14:07 -0500] "GET /ForestMSG_SDA/channelAsync/template_word_16846650;jsessionid=K5-PYwEnqAr3vvGasEEG2oIN.server1?X-Atmosphere-tracking-id=6df88817-8755-5f32-1dbf-7ccfce7bf331&X-Atmosphere-Framework=1.0.5&X-Atmosphere-Transport=long-polling&tabid=0.31561954788797575&X-Cache-Date=1414818166776&Content-Type=application/xml HTTP/1.1" 200 8193
190.157.153.111 - - [07/Nov/2014:01:14:17 -0500] "GET /forest/actions/forms.getList?codForm=RevisarDocumento&id=Fun_revisar&text=c HTTP/1.1" 200 1304
190.157.153.111 - - [07/Nov/2014:01:14:17 -0500] "GET /forest/actions/forms.getList?codForm=RevisarDocumento&id=Fun_revisar&text=car HTTP/1.1" 200 1316
190.157.153.111 - - [07/Nov/2014:01:14:19 -0500] "GET /forest/actions/forms.getList?codForm=RevisarDocumento&id=Fun_revisar&text=carm HTTP/1.1" 200 701
190.157.153.111 - - [07/Nov/2014:01:14:19 -0500] "GET /forest/actions/forms.getList?codForm=RevisarDocumento&id=Fun_revisar&text=carme HTTP/1.1" 200 701
190.157.153.111 - - [07/Nov/2014:01:14:19 -0500] "GET /forest/actions/forms.getList?codForm=RevisarDocumento&id=Fun_revisar&text=carmen HTTP/1.1" 200 701
190.157.153.111 - - [07/Nov/2014:01:14:22 -0500] "POST /forest/usutareas.do? HTTP/1.1" 200 76
190.157.153.111 - - [07/Nov/2014:01:14:24 -0500] "GET /forest/usutareas.do?group_system_actual=3&a=0.5748837032817684 HTTP/1.1" 200 20485
190.157.153.111 - - [07/Nov/2014:01:14:24 -0500] "GET /forest/jsoptimized/gz/js/gdocsall-1411.041919.js HTTP/1.1" 304 -
190.157.153.111 - - [07/Nov/2014:01:14:25 -0500] "GET /forest/session.jsp?a=0.4700379151944312 HTTP/1.1" 200 4
66.249.64.171 - - [07/Nov/2014:01:14:34 -0500] "GET /BLA/resoluciones/AUTOS%202009/0510.pdf HTTP/1.1" 304 -
201.245.192.253 - - [07/Nov/2014:01:14:38 -0500] "GET /forest/img/jquery/ui-bg_glass_75_d0e5f5_1x400.png HTTP/1.1" 304 -
66.249.64.171 - - [07/Nov/2014:01:14:39 -0500] "GET /BLA/resoluciones/AUTOS%202007/3632.pdf HTTP/1.1" 200 235649
190.157.153.111 - - [07/Nov/2014:01:14:39 -0500] "GET /forest/skins/gdocs-jar/popup/popup.jsp?width=1100&height=500&title=Buscar%20procesos&uri=/forest/buscar.do%3Ftype%3Dprocesos&name=undefined&_a=0.2830220266446726&a=0.7729311442976741 HTTP/1.1" 200 1296
190.157.153.111 - - [07/Nov/2014:01:14:39 -0500] "GET /forest/buscar.do?type=procesos HTTP/1.1" 200 97143
66.249.64.171 - - [07/Nov/2014:01:14:44 -0500] "GET /BLA/resoluciones/RESOLUCIONES%202008/0531.pdf HTTP/1.1" 304 -
190.157.153.111 - - [07/Nov/2014:01:14:47 -0500] "POST /forest/buscar.do? HTTP/1.1" 200 5360
190.157.153.111 - - [07/Nov/2014:01:14:51 -0500] "GET /forest/jsoptimized/gz/js/gdocsall-1411.041919.js HTTP/1.1" 304 -
190.157.153.111 - - [07/Nov/2014:01:14:52 -0500] "GET /forest/skins/gdocs-jar/js/grid.js?version=1411.041919 HTTP/1.1" 304 -
190.157.153.111 - - [07/Nov/2014:01:14:52 -0500] "GET /forest/js/usutareas-docs.js HTTP/1.1" 304 -
190.157.153.111 - - [07/Nov/2014:01:14:52 -0500] "GET /forest/js/jquery/jquery-1.5.2.min.js HTTP/1.1" 304 -
190.157.153.111 - - [07/Nov/2014:01:14:52 -0500] "GET /forest/js/jquery/jquery.atmosphere.js HTTP/1.1" 304 -
190.157.153.111 - - [07/Nov/2014:01:14:52 -0500] "GET /forest/js/socketConnection.js HTTP/1.1" 304 -
190.157.153.111 - - [07/Nov/2014:01:14:50 -0500] "GET /forest/usutareas.do?group_system_actual=3&codAct=1477&numPro=2923333&codPro=134&fecTra=2014-11-06%2023:19:53.0&codInst=2955529&codTraEsc=16846701 HTTP/1.1" 200 117552
190.157.153.111 - - [07/Nov/2014:01:14:53 -0500] "GET /forest/skins/gdocs-jar/img/bola.gif HTTP/1.1" 304 -
190.157.153.111 - - [07/Nov/2014:01:14:53 -0500] "GET /forest/skins/gdocs-jar/img/close.gif HTTP/1.1" 304 -
190.157.153.111 - - [07/Nov/2014:01:14:53 -0500] "GET /forest/session.jsp?a=0.30313740655188015 HTTP/1.1" 200 4
66.249.64.171 - - [07/Nov/2014:01:14:54 -0500] "GET /BLA/resoluciones/RESOLUCIONES%202007/RES%202007%203101%20AL%203200/RESOLUCION%203108%20DE%202007.pdf HTTP/1.1" 304 -
190.157.153.111 - - [07/Nov/2014:01:14:54 -0500] "GET /forest/actions/forms.getMappedValues?id=id_Numeracion4&value=1412179350969&codForm=RevisarDocumento&a=0.27334109703054365 HTTP/1.1" 200 141
190.157.153.111 - - [07/Nov/2014:01:14:53 -0500] "GET /ForestMSG_SDA/channelAsync/template_word_16846701;jsessionid=K5-PYwEnqAr3vvGasEEG2oIN.server1?X-Atmosphere-tracking-id=27e82d78-2eec-a2dc-0e70-fe5e193ba5f9&X-Atmosphere-Framework=1.0.5&X-Atmosphere-Transport=long-polling&tabid=0.11792920044464694&X-Cache-Date=0&Content-Type=application/xml HTTP/1.1" 200 8193
190.157.153.111 - - [07/Nov/2014:01:14:55 -0500] "GET /ForestMSG_SDA/channelAsync/template_word_16846701;jsessionid=K5-PYwEnqAr3vvGasEEG2oIN.server1?X-Atmosphere-tracking-id=27e82d78-2eec-a2dc-0e70-fe5e193ba5f9&X-Atmosphere-Framework=1.0.5&X-Atmosphere-Transport=long-polling&tabid=0.11792920044464694&X-Cache-Date=1414818212296&Content-Type=application/xml HTTP/1.1" 200 8193
190.157.153.111 - - [07/Nov/2014:01:14:55 -0500] "GET /ForestMSG_SDA/channelAsync/template_word_16846701;jsessionid=K5-PYwEnqAr3vvGasEEG2oIN.server1?X-Atmosphere-tracking-id=27e82d78-2eec-a2dc-0e70-fe5e193ba5f9&X-Atmosphere-Framework=1.0.5&X-Atmosphere-Transport=long-polling&tabid=0.11792920044464694&X-Cache-Date=1414818213980&Content-Type=application/xml HTTP/1.1" 200 8193
190.157.153.111 - - [07/Nov/2014:01:14:55 -0500] "GET /ForestMSG_SDA/channelAsync/template_word_16846701;jsessionid=K5-PYwEnqAr3vvGasEEG2oIN.server1?X-Atmosphere-tracking-id=27e82d78-2eec-a2dc-0e70-fe5e193ba5f9&X-Atmosphere-Framework=1.0.5&X-Atmosphere-Transport=long-polling&tabid=0.11792920044464694&X-Cache-Date=1414818213980&Content-Type=application/xml HTTP/1.1" 200 8193
190.157.153.111 - - [07/Nov/2014:01:14:55 -0500] "GET /ForestMSG_SDA/channelAsync/template_word_16846701;jsessionid=K5-PYwEnqAr3vvGasEEG2oIN.server1?X-Atmosphere-tracking-id=27e82d78-2eec-a2dc-0e70-fe5e193ba5f9&X-Atmosphere-Framework=1.0.5&X-Atmosphere-Transport=long-polling&tabid=0.11792920044464694&X-Cache-Date=1414818214110&Content-Type=application/xml HTTP/1.1" 200 8193
190.157.153.111 - - [07/Nov/2014:01:14:55 -0500] "GET /ForestMSG_SDA/channelAsync/template_word_16846701;jsessionid=K5-PYwEnqAr3vvGasEEG2oIN.server1?X-Atmosphere-tracking-id=27e82d78-2eec-a2dc-0e70-fe5e193ba5f9&X-Atmosphere-Framework=1.0.5&X-Atmosphere-Transport=long-polling&tabid=0.11792920044464694&X-Cache-Date=1414818214110&Content-Type=application/xml HTTP/1.1" 200 8193
190.157.153.111 - - [07/Nov/2014:01:14:55 -0500] "GET /ForestMSG_SDA/channelAsync/template_word_16846701;jsessionid=K5-PYwEnqAr3vvGasEEG2oIN.server1?X-Atmosphere-tracking-id=27e82d78-2eec-a2dc-0e70-fe5e193ba5f9&X-Atmosphere-Framework=1.0.5&X-Atmosphere-Transport=long-polling&tabid=0.11792920044464694&X-Cache-Date=1414818214110&Content-Type=application/xml HTTP/1.1" 200 8193
190.157.153.111 - - [07/Nov/2014:01:14:55 -0500] "GET /ForestMSG_SDA/channelAsync/template_word_16846701;jsessionid=K5-PYwEnqAr3vvGasEEG2oIN.server1?X-Atmosphere-tracking-id=27e82d78-2eec-a2dc-0e70-fe5e193ba5f9&X-Atmosphere-Framework=1.0.5&X-Atmosphere-Transport=long-polling&tabid=0.11792920044464694&X-Cache-Date=1414818214340&Content-Type=application/xml HTTP/1.1" 200 8193
190.157.153.111 - - [07/Nov/2014:01:14:55 -0500] "GET /ForestMSG_SDA/channelAsync/template_word_16846701;jsessionid=K5-PYwEnqAr3vvGasEEG2oIN.server1?X-Atmosphere-tracking-id=27e82d78-2eec-a2dc-0e70-fe5e193ba5f9&X-Atmosphere-Framework=1.0.5&X-Atmosphere-Transport=long-polling&tabid=0.11792920044464694&X-Cache-Date=1414818214340&Content-Type=application/xml HTTP/1.1" 200 8193
190.157.153.111 - - [07/Nov/2014:01:14:54 -0500] "GET /ForestMSG_SDA/channelAsync/template_word_16846701;jsessionid=K5-PYwEnqAr3vvGasEEG2oIN.server1?X-Atmosphere-tracking-id=27e82d78-2eec-a2dc-0e70-fe5e193ba5f9&X-Atmosphere-Framework=1.0.5&X-Atmosphere-Transport=long-polling&tabid=0.11792920044464694&X-Cache-Date=1414818212296&Content-Type=application/xml HTTP/1.1" 200 8193
190.157.153.111 - - [07/Nov/2014:01:15:04 -0500] "GET /forest/actions/forms.getList?codForm=RevisarDocumento&id=Fun_revisar&text=ca HTTP/1.1" 200 1325
190.157.153.111 - - [07/Nov/2014:01:15:04 -0500] "GET /forest/actions/forms.getList?codForm=RevisarDocumento&id=Fun_revisar&text=car HTTP/1.1" 200 1316
66.249.64.163 - - [07/Nov/2014:01:15:04 -0500] "GET /BLA/resoluciones/RESOLUCIONES%202010/1103.pdf HTTP/1.1" 200 122834
190.157.153.111 - - [07/Nov/2014:01:15:05 -0500] "GET /forest/actions/forms.getList?codForm=RevisarDocumento&id=Fun_revisar&text=carme HTTP/1.1" 200 701
190.157.153.111 - - [07/Nov/2014:01:15:05 -0500] "GET /forest/actions/forms.getList?codForm=RevisarDocumento&id=Fun_revisar&text=carmen HTTP/1.1" 200 701
66.249.64.167 - - [07/Nov/2014:01:15:05 -0500] "GET /BLA/resoluciones/RESOLUCIONES%202010/1758.pdf HTTP/1.1" 304 -
190.157.153.111 - - [07/Nov/2014:01:15:09 -0500] "POST /forest/usutareas.do? HTTP/1.1" 200 76
190.157.153.111 - - [07/Nov/2014:01:15:12 -0500] "GET /forest/usutareas.do?group_system_actual=3&a=0.7714682259891903 HTTP/1.1" 200 20485
190.157.153.111 - - [07/Nov/2014:01:15:12 -0500] "GET /forest/jsoptimized/gz/js/gdocsall-1411.041919.js HTTP/1.1" 304 -
190.157.153.111 - - [07/Nov/2014:01:15:13 -0500] "GET /forest/session.jsp?a=0.7478023191517813 HTTP/1.1" 200 4
66.249.64.171 - - [07/Nov/2014:01:15:15 -0500] "GET /BLA/resoluciones/AUTOS%202009/1760.pdf HTTP/1.1" 200 188628
66.249.64.171 - - [07/Nov/2014:01:15:16 -0500] "GET /BLA/resoluciones/RESOLUCIONES%202010/0877.pdf HTTP/1.1" 304 -
190.157.153.111 - - [07/Nov/2014:01:09:25 -0500] "GET /ForestMSG_SDA/channelAsync/template_word_16846730;jsessionid=K5-PYwEnqAr3vvGasEEG2oIN.server1?X-Atmosphere-tracking-id=d0de0e72-8a9b-e250-171b-9409d1b23426&X-Atmosphere-Framework=1.0.5&X-Atmosphere-Transport=long-polling&tabid=0.10490067516417256&X-Cache-Date=1414817882678&Content-Type=application/xml HTTP/1.1" 200 8193
66.249.64.167 - - [07/Nov/2014:01:15:26 -0500] "GET /BLA/resoluciones/RESOLUCIONES%202012/1034.pdf HTTP/1.1" 304 -
190.157.153.111 - - [07/Nov/2014:01:15:27 -0500] "GET /forest/skins/gdocs-jar/popup/popup.jsp?width=1100&height=500&title=Buscar%20procesos&uri=/forest/buscar.do%3Ftype%3Dprocesos&name=undefined&_a=0.8441286341538376&a=0.20542253924183246 HTTP/1.1" 200 1296
190.157.153.111 - - [07/Nov/2014:01:15:27 -0500] "GET /forest/buscar.do?type=procesos HTTP/1.1" 200 97143
66.249.64.171 - - [07/Nov/2014:01:15:36 -0500] "GET /BLA/resoluciones/AUTOS%202011/0755.pdf HTTP/1.1" 200 178065
190.157.153.111 - - [07/Nov/2014:01:15:37 -0500] "POST /forest/buscar.do? HTTP/1.1" 200 5367
208.115.111.75 - - [07/Nov/2014:01:15:37 -0500] "GET /agro/diag9.htm HTTP/1.1" 404 1019
190.157.153.111 - - [07/Nov/2014:01:15:41 -0500] "GET /forest/jsoptimized/gz/js/gdocsall-1411.041919.js HTTP/1.1" 304 -
190.157.153.111 - - [07/Nov/2014:01:15:41 -0500] "GET /forest/usutareas.do?group_system_actual=3&codAct=879&numPro=2917777&codPro=90&fecTra=2014-10-01%2011:08:53.209&codInst=2949691&codTraEsc=16599351 HTTP/1.1" 200 96289
190.157.153.111 - - [07/Nov/2014:01:15:43 -0500] "GET /forest/session.jsp?a=0.6305858848898755 HTTP/1.1" 200 4
190.157.153.111 - - [07/Nov/2014:01:15:45 -0500] "GET /forest/skins/gdocs-jar/popup/escritorio/reasignar.jsp?codTraEsc=16599351&a=0.8187529979217851 HTTP/1.1" 200 3741
66.249.64.167 - - [07/Nov/2014:01:15:47 -0500] "GET /BLA/resoluciones/RESOLUCIONES%202010/1616.pdf HTTP/1.1" 304 -
66.249.64.171 - - [07/Nov/2014:01:15:53 -0500] "GET /BLA/resoluciones/RESOLUCIONES%202010/6514.pdf HTTP/1.1" 200 3804117
66.249.64.171 - - [07/Nov/2014:01:16:02 -0500] "GET /BLA/resoluciones/AUTOS%202011/3778.pdf HTTP/1.1" 304 -
74.86.158.107 - - [07/Nov/2014:01:16:03 -0500] "HEAD / HTTP/1.1" 302 -
66.249.64.171 - - [07/Nov/2014:01:16:08 -0500] "GET /BLA/resoluciones/RESOLUCIONES%202008/0889.pdf HTTP/1.1" 304 -
66.249.64.163 - - [07/Nov/2014:01:16:10 -0500] "GET /BLA/resoluciones/AUTOS%202012/1125.pdf HTTP/1.1" 200 178902
190.157.153.111 - - [07/Nov/2014:01:16:12 -0500] "POST /forest/usutareas.do?group_system_actual=3 HTTP/1.1" 200 155
190.157.153.111 - - [07/Nov/2014:01:10:12 -0500] "GET /ForestMSG_SDA/channelAsync/template_word_16846717;jsessionid=K5-PYwEnqAr3vvGasEEG2oIN.server1?X-Atmosphere-tracking-id=df78923c-bc82-ae3d-39a8-dd9f9ef04730&X-Atmosphere-Framework=1.0.5&X-Atmosphere-Transport=long-polling&tabid=0.6025860515828291&X-Cache-Date=1414817931506&Content-Type=application/xml HTTP/1.1" 200 8193
190.157.153.111 - - [07/Nov/2014:01:16:15 -0500] "GET /forest/jsoptimized/gz/js/gdocsall-1411.041919.js HTTP/1.1" 304 -
190.157.153.111 - - [07/Nov/2014:01:16:15 -0500] "GET /forest/usutareas.do?group_system_actual=3&a=0.26525831958177526 HTTP/1.1" 200 20485
190.157.153.111 - - [07/Nov/2014:01:16:15 -0500] "GET /forest/session.jsp?a=0.8313517489201608 HTTP/1.1" 200 4
66.249.64.163 - - [07/Nov/2014:01:16:18 -0500] "GET /BLA/resoluciones/AUTOS%202013/0066.pdf HTTP/1.1" 304 -
152.61.128.66 - - [07/Nov/2014:01:16:18 -0500] "HEAD / HTTP/1.1" 302 -
152.61.128.66 - - [07/Nov/2014:01:16:19 -0500] "GET /arcgis/services/Calidad_del_Agua_WQI/MapServer/WMSServer?request=GetCapabilities&service=WMS HTTP/1.1" 200 32135
152.61.128.66 - - [07/Nov/2014:01:16:19 -0500] "GET /arcgis/services/Calidad_del_Agua_WQI/MapServer/WMSServer?request=GetCapabilities&service=WMS HTTP/1.0" 200 32135
152.61.128.66 - - [07/Nov/2014:01:16:20 -0500] "GET /arcgis/services/Calidad_del_Agua_WQI/MapServer/WMSServer?request=GetCapabilities&service=WMS HTTP/1.0" 200 32135
152.61.128.66 - - [07/Nov/2014:01:16:21 -0500] "GET /arcgis/services/Calidad_del_Agua_WQI/MapServer/WMSServer?request=GetCapabilities&service=WMS HTTP/1.0" 200 32135
152.61.128.66 - - [07/Nov/2014:01:16:22 -0500] "GET /arcgis/services/Calidad_del_Agua_WQI/MapServer/WMSServer?VERSION=1.1.1&REQUEST=GetMap&LAYERS=0&SRS=EPSG:4326&BBOX=-74.473395,3.674381,-73.963300,4.920569&WIDTH=250&HEIGHT=250&FORMAT=image/bmp&STYLES=& HTTP/1.1" 200 188054
66.249.64.167 - - [07/Nov/2014:01:16:29 -0500] "GET /BLA/resoluciones/RESOLUCIONES%202010/7575.pdf HTTP/1.1" 304 -
190.157.153.111 - - [07/Nov/2014:01:16:33 -0500] "GET /forest/skins/gdocs-jar/popup/popup.jsp?width=1100&height=500&title=Buscar%20procesos&uri=/forest/buscar.do%3Ftype%3Dprocesos&name=undefined&_a=0.04524506424717789&a=0.6349728337021493 HTTP/1.1" 200 1296
190.157.153.111 - - [07/Nov/2014:01:16:33 -0500] "GET /forest/buscar.do?type=procesos HTTP/1.1" 200 97143
66.249.64.163 - - [07/Nov/2014:01:16:42 -0500] "GET /BLA/resoluciones/RESOLUCIONES%202007/RES%202007%202301%20AL%202400/RESOLUCION%202394%20DE%202007.pdf HTTP/1.1" 200 1130020
190.157.153.111 - - [07/Nov/2014:01:16:43 -0500] "POST /forest/buscar.do? HTTP/1.1" 200 5396
190.157.153.111 - - [07/Nov/2014:01:16:47 -0500] "GET /forest/jsoptimized/gz/js/gdocsall-1411.041919.js HTTP/1.1" 304 -
190.157.153.111 - - [07/Nov/2014:01:16:48 -0500] "GET /forest/skins/gdocs-jar/js/grid.js?version=1411.041919 HTTP/1.1" 304 -
190.157.153.111 - - [07/Nov/2014:01:16:48 -0500] "GET /forest/js/usutareas-docs.js HTTP/1.1" 304 -
190.157.153.111 - - [07/Nov/2014:01:16:48 -0500] "GET /forest/js/jquery/jquery-1.5.2.min.js HTTP/1.1" 304 -
190.157.153.111 - - [07/Nov/2014:01:16:48 -0500] "GET /forest/js/jquery/jquery.atmosphere.js HTTP/1.1" 304 -
190.157.153.111 - - [07/Nov/2014:01:16:48 -0500] "GET /forest/js/socketConnection.js HTTP/1.1" 304 -
190.157.153.111 - - [07/Nov/2014:01:16:48 -0500] "GET /forest/skins/gdocs-jar/img/bola.gif HTTP/1.1" 304 -
190.157.153.111 - - [07/Nov/2014:01:16:48 -0500] "GET /ForestMSG_SDA/channelAsync/template_word_16846695;jsessionid=K5-PYwEnqAr3vvGasEEG2oIN.server1?X-Atmosphere-tracking-id=0449f7db-e16b-0c70-8bc8-86b954db8894&X-Atmosphere-Framework=1.0.5&X-Atmosphere-Transport=long-polling&tabid=0.9784075513084742&X-Cache-Date=0&Content-Type=application/xml HTTP/1.1" 200 8193
190.157.153.111 - - [07/Nov/2014:01:16:48 -0500] "GET /forest/skins/gdocs-jar/img/close.gif HTTP/1.1" 304 -
190.157.153.111 - - [07/Nov/2014:01:16:47 -0500] "GET /forest/usutareas.do?group_system_actual=3&codAct=1477&numPro=2923241&codPro=134&fecTra=2014-11-06%2023:05:12.0&codInst=2955391&codTraEsc=16846695 HTTP/1.1" 200 117671
190.157.153.111 - - [07/Nov/2014:01:16:48 -0500] "GET /ForestMSG_SDA/channelAsync/template_word_16846695;jsessionid=K5-PYwEnqAr3vvGasEEG2oIN.server1?X-Atmosphere-tracking-id=0449f7db-e16b-0c70-8bc8-86b954db8894&X-Atmosphere-Framework=1.0.5&X-Atmosphere-Transport=long-polling&tabid=0.9784075513084742&X-Cache-Date=1414818327799&Content-Type=application/xml HTTP/1.1" 200 8193
190.157.153.111 - - [07/Nov/2014:01:16:48 -0500] "GET /ForestMSG_SDA/channelAsync/template_word_16846695;jsessionid=K5-PYwEnqAr3vvGasEEG2oIN.server1?X-Atmosphere-tracking-id=0449f7db-e16b-0c70-8bc8-86b954db8894&X-Atmosphere-Framework=1.0.5&X-Atmosphere-Transport=long-polling&tabid=0.9784075513084742&X-Cache-Date=1414818327819&Content-Type=application/xml HTTP/1.1" 200 8193
190.157.153.111 - - [07/Nov/2014:01:16:48 -0500] "GET /ForestMSG_SDA/channelAsync/template_word_16846695;jsessionid=K5-PYwEnqAr3vvGasEEG2oIN.server1?X-Atmosphere-tracking-id=0449f7db-e16b-0c70-8bc8-86b954db8894&X-Atmosphere-Framework=1.0.5&X-Atmosphere-Transport=long-polling&tabid=0.9784075513084742&X-Cache-Date=1414818327819&Content-Type=application/xml HTTP/1.1" 200 8193
190.157.153.111 - - [07/Nov/2014:01:16:48 -0500] "GET /ForestMSG_SDA/channelAsync/template_word_16846695;jsessionid=K5-PYwEnqAr3vvGasEEG2oIN.server1?X-Atmosphere-tracking-id=0449f7db-e16b-0c70-8bc8-86b954db8894&X-Atmosphere-Framework=1.0.5&X-Atmosphere-Transport=long-polling&tabid=0.9784075513084742&X-Cache-Date=1414818327859&Content-Type=application/xml HTTP/1.1" 200 8193
190.157.153.111 - - [07/Nov/2014:01:16:49 -0500] "GET /forest/session.jsp?a=0.34876548603894336 HTTP/1.1" 200 4
190.157.153.111 - - [07/Nov/2014:01:16:48 -0500] "GET /ForestMSG_SDA/channelAsync/template_word_16846695;jsessionid=K5-PYwEnqAr3vvGasEEG2oIN.server1?X-Atmosphere-tracking-id=0449f7db-e16b-0c70-8bc8-86b954db8894&X-Atmosphere-Framework=1.0.5&X-Atmosphere-Transport=long-polling&tabid=0.9784075513084742&X-Cache-Date=1414818327819&Content-Type=application/xml HTTP/1.1" 200 8193
66.249.64.171 - - [07/Nov/2014:01:16:50 -0500] "GET /BLA/resoluciones/RESOLUCIONES%202009/3667.pdf HTTP/1.1" 304 -
190.157.153.111 - - [07/Nov/2014:01:16:50 -0500] "GET /forest/actions/forms.getMappedValues?id=id_Numeracion4&value=1412176893883&codForm=RevisarDocumento&a=0.6747275804236723 HTTP/1.1" 200 142
190.157.153.111 - - [07/Nov/2014:01:16:49 -0500] "GET /ForestMSG_SDA/channelAsync/template_word_16846695;jsessionid=K5-PYwEnqAr3vvGasEEG2oIN.server1?X-Atmosphere-tracking-id=0449f7db-e16b-0c70-8bc8-86b954db8894&X-Atmosphere-Framework=1.0.5&X-Atmosphere-Transport=long-polling&tabid=0.9784075513084742&X-Cache-Date=1414818327859&Content-Type=application/xml HTTP/1.1" 200 8193
190.157.153.111 - - [07/Nov/2014:01:16:50 -0500] "GET /ForestMSG_SDA/channelAsync/template_word_16846695;jsessionid=K5-PYwEnqAr3vvGasEEG2oIN.server1?X-Atmosphere-tracking-id=0449f7db-e16b-0c70-8bc8-86b954db8894&X-Atmosphere-Framework=1.0.5&X-Atmosphere-Transport=long-polling&tabid=0.9784075513084742&X-Cache-Date=1414818327929&Content-Type=application/xml HTTP/1.1" 200 8193
190.157.153.111 - - [07/Nov/2014:01:16:50 -0500] "GET /ForestMSG_SDA/channelAsync/template_word_16846695;jsessionid=K5-PYwEnqAr3vvGasEEG2oIN.server1?X-Atmosphere-tracking-id=0449f7db-e16b-0c70-8bc8-86b954db8894&X-Atmosphere-Framework=1.0.5&X-Atmosphere-Transport=long-polling&tabid=0.9784075513084742&X-Cache-Date=1414818327929&Content-Type=application/xml HTTP/1.1" 200 8193
190.157.153.111 - - [07/Nov/2014:01:16:53 -0500] "GET /forest/borrador/1504689/Borrador%20juridico%202014-10-01.docx HTTP/1.1" 200 61534
186.28.86.28 - - [07/Nov/2014:01:16:58 -0500] "GET /BLA/boletinlegal/js/jquery.js HTTP/1.1" 200 57254
66.249.64.171 - - [07/Nov/2014:01:16:58 -0500] "GET /BLA/resoluciones/RESOLUCIONES%202003/RES%202003%20351-400/365.tif HTTP/1.1" 200 69164
186.28.86.28 - - [07/Nov/2014:01:16:58 -0500] "GET /BLA/boletinlegal/js/jquery.scrollTo-min.js HTTP/1.1" 200 1150
186.28.86.28 - - [07/Nov/2014:01:16:58 -0500] "GET /BLA/boletinlegal/js/jquery.scrollShow.js HTTP/1.1" 200 4586
66.249.64.163 - - [07/Nov/2014:01:17:00 -0500] "GET /BLA/resoluciones/AUTOS%202007/0885.pdf HTTP/1.1" 200 109435
190.157.153.111 - - [07/Nov/2014:01:11:01 -0500] "GET /ForestMSG_SDA/channelAsync/template_word_16846715;jsessionid=K5-PYwEnqAr3vvGasEEG2oIN.server1?X-Atmosphere-tracking-id=11af9c69-296e-e654-48e6-6d23029230c6&X-Atmosphere-Framework=1.0.5&X-Atmosphere-Transport=long-polling&tabid=0.9575660061653701&X-Cache-Date=1414817980002&Content-Type=application/xml HTTP/1.1" 200 8193
66.249.64.167 - - [07/Nov/2014:01:17:11 -0500] "GET /BLA/resoluciones/RESOLUCIONES%202009/2063.pdf HTTP/1.1" 304 -
66.249.64.167 - - [07/Nov/2014:01:17:16 -0500] "GET /BLA/resoluciones/RESOLUCIONES%202007/RES%202007%202901%20AL%203000/RESOLUCION%202967%20DE%202007.pdf HTTP/1.1" 200 745785
152.61.193.99 - - [07/Nov/2014:01:17:18 -0500] "HEAD / HTTP/1.1" 302 -
152.61.193.99 - - [07/Nov/2014:01:17:19 -0500] "GET /arcgis/services/Calidad_del_Agua_WQI/MapServer/WMSServer?SERVICE=WMS&REQUEST=GetCapabilities HTTP/1.1" 200 32135
152.61.193.99 - - [07/Nov/2014:01:17:19 -0500] "GET /arcgis/services/Calidad_del_Agua_WQI/MapServer/WMSServer?SERVICE=WMS&REQUEST=GetCapabilities HTTP/1.1" 200 32135
152.61.193.99 - - [07/Nov/2014:01:17:20 -0500] "GET /arcgis/services/Calidad_del_Agua_WQI/MapServer/WMSServer?SERVICE=WMS&REQUEST=GetCapabilities HTTP/1.1" 200 32135
66.249.64.167 - - [07/Nov/2014:01:17:21 -0500] "GET /BLA/resoluciones/AUTOS%202010/1423.pdf HTTP/1.1" 304 -
152.61.193.99 - - [07/Nov/2014:01:17:21 -0500] "GET /arcgis/services/Calidad_del_Agua_WQI/MapServer/WMSServer?SERVICE=WMS&REQUEST=GetCapabilities HTTP/1.1" 200 32135
152.61.193.99 - - [07/Nov/2014:01:17:22 -0500] "GET /arcgis/services/Calidad_del_Agua_WQI/MapServer/WMSServer?VERSION=1.1.1&REQUEST=GetMap&LAYERS=0&SRS=EPSG:4326&BBOX=-74.473395,3.674381,-73.963300,4.920569&WIDTH=250&HEIGHT=250&FORMAT=image/bmp&STYLES=& HTTP/1.1" 200 188054
66.249.64.171 - - [07/Nov/2014:01:17:32 -0500] "GET /BLA/resoluciones/RESOLUCIONES%202007/RES%202007%204201%20AL%204300/RESOLUCION%204229%20DE%202007.pdf HTTP/1.1" 304 -
190.157.153.111 - - [07/Nov/2014:01:17:34 -0500] "GET /forest/actions/forms.getList?codForm=RevisarDocumento&id=Fun_revisar&text=c HTTP/1.1" 200 1304
190.157.153.111 - - [07/Nov/2014:01:17:34 -0500] "GET /forest/actions/forms.getList?codForm=RevisarDocumento&id=Fun_revisar&text=car HTTP/1.1" 200 1316
190.157.153.111 - - [07/Nov/2014:01:17:34 -0500] "GET /forest/actions/forms.getList?codForm=RevisarDocumento&id=Fun_revisar&text=carm HTTP/1.1" 200 701
190.157.153.111 - - [07/Nov/2014:01:17:34 -0500] "GET /forest/actions/forms.getList?codForm=RevisarDocumento&id=Fun_revisar&text=carme HTTP/1.1" 200 701
190.157.153.111 - - [07/Nov/2014:01:17:35 -0500] "GET /forest/actions/forms.getList?codForm=RevisarDocumento&id=Fun_revisar&text=carmen HTTP/1.1" 200 701
190.157.153.111 - - [07/Nov/2014:01:17:37 -0500] "POST /forest/usutareas.do? HTTP/1.1" 200 76
190.157.153.111 - - [07/Nov/2014:01:17:40 -0500] "GET /forest/usutareas.do?group_system_actual=3&a=0.05130427141468169 HTTP/1.1" 200 20486
190.157.153.111 - - [07/Nov/2014:01:17:40 -0500] "GET /forest/jsoptimized/gz/js/gdocsall-1411.041919.js HTTP/1.1" 304 -
190.157.153.111 - - [07/Nov/2014:01:17:41 -0500] "GET /forest/session.jsp?a=0.4957527182543572 HTTP/1.1" 200 4
66.249.64.163 - - [07/Nov/2014:01:17:42 -0500] "GET /BLA/resoluciones/RESOLUCIONES%202009/6798.pdf HTTP/1.1" 304 -
190.157.153.111 - - [07/Nov/2014:01:17:44 -0500] "GET /forest/skins/gdocs-jar/popup/popup.jsp?width=1100&height=500&title=Buscar%20procesos&uri=/forest/buscar.do%3Ftype%3Dprocesos&name=undefined&_a=0.6583687543180858&a=0.4237715376331109 HTTP/1.1" 200 1296
180.76.5.57 - - [07/Nov/2014:01:17:45 -0500] "GET /BLA/resoluciones/RESOLUCIONES%202009/0972.pdf HTTP/1.1" 200 251707
190.157.153.111 - - [07/Nov/2014:01:17:45 -0500] "GET /forest/buscar.do?type=procesos HTTP/1.1" 200 97143
66.249.64.167 - - [07/Nov/2014:01:17:53 -0500] "GET /BLA/resoluciones/RESOLUCIONES%202009/7129.pdf HTTP/1.1" 304 -
190.157.153.111 - - [07/Nov/2014:01:17:54 -0500] "POST /forest/buscar.do? HTTP/1.1" 200 5403
190.157.153.111 - - [07/Nov/2014:01:17:58 -0500] "GET /forest/jsoptimized/gz/js/gdocsall-1411.041919.js HTTP/1.1" 304 -
190.157.153.111 - - [07/Nov/2014:01:17:58 -0500] "GET /forest/usutareas.do?group_system_actual=3&codAct=879&numPro=2917780&codPro=90&fecTra=2014-10-01%2010:27:12.193&codInst=2949694&codTraEsc=16598500 HTTP/1.1" 200 96425
190.157.153.111 - - [07/Nov/2014:01:17:59 -0500] "GET /forest/session.jsp?a=0.42315299755628144 HTTP/1.1" 200 4
190.157.153.111 - - [07/Nov/2014:01:18:02 -0500] "GET /forest/skins/gdocs-jar/popup/escritorio/reasignar.jsp?codTraEsc=16598500&a=0.7248268570602119 HTTP/1.1" 200 3741
66.249.64.171 - - [07/Nov/2014:01:18:03 -0500] "GET /BLA/resoluciones/RESOLUCIONES%202010/5353.pdf HTTP/1.1" 304 -
190.157.153.111 - - [07/Nov/2014:01:18:11 -0500] "POST /forest/usutareas.do?group_system_actual=3 HTTP/1.1" 200 155
190.157.153.111 - - [07/Nov/2014:01:18:11 -0500] "GET /forest/jsoptimized/gz/js/gdocsall-1411.041919.js HTTP/1.1" 304 -
190.157.153.111 - - [07/Nov/2014:01:18:11 -0500] "GET /forest/usutareas.do?group_system_actual=3&a=0.5066570275261597 HTTP/1.1" 200 20484
180.76.5.66 - - [07/Nov/2014:01:18:12 -0500] "GET /BLA/resoluciones/RESOLUCIONES%202009/1079.pdf HTTP/1.1" 200 289182
190.157.153.111 - - [07/Nov/2014:01:18:12 -0500] "GET /forest/session.jsp?a=0.46001423098378424 HTTP/1.1" 200 4
201.245.192.253 - - [07/Nov/2014:01:18:14 -0500] "GET /plugins/like.php?locale=es_ES&href=http%3A%2F%2Fwww.facebook.com%2Fmsn&send=false&layout=button_count&width=450&show_faces=false&font&colorscheme=light&action=like&height=21 HTTP/1.1" 404 1312
66.249.64.163 - - [07/Nov/2014:01:18:14 -0500] "GET /BLA/resoluciones/Notificaciones/AUTOS%202014/1569.doc HTTP/1.1" 304 -
190.157.153.111 - - [07/Nov/2014:01:12:17 -0500] "GET /ForestMSG_SDA/channelAsync/template_word_16846705;jsessionid=K5-PYwEnqAr3vvGasEEG2oIN.server1?X-Atmosphere-tracking-id=20ee954f-2552-b2f9-f168-91025260be46&X-Atmosphere-Framework=1.0.5&X-Atmosphere-Transport=long-polling&tabid=0.23236829721027718&X-Cache-Date=1414818055678&Content-Type=application/xml HTTP/1.1" 200 8193
66.249.64.171 - - [07/Nov/2014:01:18:22 -0500] "GET /BLA/resoluciones/AUTOS%202009/3431.pdf HTTP/1.1" 200 97992
66.249.64.171 - - [07/Nov/2014:01:18:24 -0500] "GET /BLA/resoluciones/RESOLUCIONES%202011/5356.pdf HTTP/1.1" 304 -
190.157.153.111 - - [07/Nov/2014:01:18:27 -0500] "GET /forest/skins/gdocs-jar/popup/popup.jsp?width=1100&height=500&title=Buscar%20procesos&uri=/forest/buscar.do%3Ftype%3Dprocesos&name=undefined&_a=0.6461290949487676&a=0.2642364288361419 HTTP/1.1" 200 1296
190.157.153.111 - - [07/Nov/2014:01:18:27 -0500] "GET /forest/buscar.do?type=procesos HTTP/1.1" 200 97143
186.28.112.131 - - [07/Nov/2014:01:18:30 -0500] "GET /BLA/boletinlegal/js/jquery.js HTTP/1.1" 200 57254
186.28.112.131 - - [07/Nov/2014:01:18:30 -0500] "GET /BLA/boletinlegal/js/jquery.scrollTo-min.js HTTP/1.1" 200 1150
186.28.112.131 - - [07/Nov/2014:01:18:30 -0500] "GET /BLA/boletinlegal/js/jquery.scrollShow.js HTTP/1.1" 200 4586
186.28.112.131 - - [07/Nov/2014:01:18:31 -0500] "GET /hidrico/aguas%20subterraneas/ HTTP/1.1" 404 1296
66.249.64.163 - - [07/Nov/2014:01:18:35 -0500] "GET /BLA/resoluciones/RESOLUCIONES%202007/RES%202007%202501%20AL%202600/RESOLUCION%202567%20DE%202007.pdf HTTP/1.1" 304 -
181.61.169.21 - - [07/Nov/2014:01:18:35 -0500] "GET /BLA/boletinlegal/js/jquery.js HTTP/1.1" 200 57254
181.61.169.21 - - [07/Nov/2014:01:18:35 -0500] "GET /BLA/boletinlegal/js/jquery.scrollShow.js HTTP/1.1" 200 4586
181.61.169.21 - - [07/Nov/2014:01:18:35 -0500] "GET /BLA/boletinlegal/js/jquery.scrollTo-min.js HTTP/1.1" 200 1150
190.157.153.111 - - [07/Nov/2014:01:18:36 -0500] "POST /forest/buscar.do? HTTP/1.1" 200 6112
190.157.153.111 - - [07/Nov/2014:01:18:40 -0500] "GET /forest/jsoptimized/gz/js/gdocsall-1411.041919.js HTTP/1.1" 304 -
190.157.153.111 - - [07/Nov/2014:01:18:41 -0500] "GET /forest/skins/gdocs-jar/js/grid.js?version=1411.041919 HTTP/1.1" 304 -
190.157.153.111 - - [07/Nov/2014:01:18:41 -0500] "GET /forest/js/usutareas-docs.js HTTP/1.1" 304 -
190.157.153.111 - - [07/Nov/2014:01:18:41 -0500] "GET /forest/js/jquery/jquery-1.5.2.min.js HTTP/1.1" 304 -
190.157.153.111 - - [07/Nov/2014:01:18:41 -0500] "GET /forest/js/jquery/jquery.atmosphere.js HTTP/1.1" 304 -
190.157.153.111 - - [07/Nov/2014:01:18:41 -0500] "GET /forest/js/socketConnection.js HTTP/1.1" 304 -
190.157.153.111 - - [07/Nov/2014:01:18:41 -0500] "GET /forest/skins/gdocs-jar/img/bola.gif HTTP/1.1" 304 -
190.157.153.111 - - [07/Nov/2014:01:18:41 -0500] "GET /forest/img/warning.gif HTTP/1.1" 304 -
190.157.153.111 - - [07/Nov/2014:01:18:39 -0500] "GET /forest/usutareas.do?group_system_actual=3&codAct=1477&numPro=2505490&codPro=134&fecTra=2014-11-04%2023:53:12.0&codInst=2670983&codTraEsc=16829939 HTTP/1.1" 200 122223
190.157.153.111 - - [07/Nov/2014:01:18:41 -0500] "GET /forest/skins/gdocs-jar/img/close.gif HTTP/1.1" 304 -
190.157.153.111 - - [07/Nov/2014:01:18:41 -0500] "GET /ForestMSG_SDA/channelAsync/template_word_16829939;jsessionid=K5-PYwEnqAr3vvGasEEG2oIN.server1?X-Atmosphere-tracking-id=7d6a3291-49a0-7744-2c55-d9e2dac16bac&X-Atmosphere-Framework=1.0.5&X-Atmosphere-Transport=long-polling&tabid=0.9400913942719212&X-Cache-Date=0&Content-Type=application/xml HTTP/1.1" 200 8193
190.157.153.111 - - [07/Nov/2014:01:18:41 -0500] "GET /ForestMSG_SDA/channelAsync/template_word_16829939;jsessionid=K5-PYwEnqAr3vvGasEEG2oIN.server1?X-Atmosphere-tracking-id=7d6a3291-49a0-7744-2c55-d9e2dac16bac&X-Atmosphere-Framework=1.0.5&X-Atmosphere-Transport=long-polling&tabid=0.9400913942719212&X-Cache-Date=1414818440803&Content-Type=application/xml HTTP/1.1" 200 8193
190.157.153.111 - - [07/Nov/2014:01:18:41 -0500] "GET /forest/session.jsp?a=0.4925671301009153 HTTP/1.1" 200 4
190.157.153.111 - - [07/Nov/2014:01:18:43 -0500] "GET /forest/actions/forms.getMappedValues?id=id_Numeracion4&value=1358267060411&codForm=RevisarDocumento&a=0.2982426328076115 HTTP/1.1" 200 146
66.249.64.167 - - [07/Nov/2014:01:18:46 -0500] "GET /BLA/resoluciones/AUTOS%202009/1787.pdf HTTP/1.1" 304 -
190.158.7.219 - - [07/Nov/2014:01:12:55 -0500] "GET /ForestMSG_SDA/channelAsync/template_word_16846728?X-Atmosphere-tracking-id=3448e3f0-fc83-4230-aa98-de0ca61cf285&X-Atmosphere-Framework=1.0.5&X-Atmosphere-Transport=long-polling&tabid=0.4014815026894212&X-Cache-Date=0&Content-Type=application/xml&_=1415340858341 HTTP/1.1" 200 8193
66.249.64.163 - - [07/Nov/2014:01:18:56 -0500] "GET /BLA/resoluciones/RESOLUCIONES%202007/RES%202007%202101%20AL%202200/RESOLUCION%202131%20DE%202007.pdf HTTP/1.1" 304 -
190.157.153.111 - - [07/Nov/2014:01:18:57 -0500] "POST /forest/usutareas.do? HTTP/1.1" 200 76
190.157.153.111 - - [07/Nov/2014:01:18:59 -0500] "GET /forest/jsoptimized/gz/js/gdocsall-1411.041919.js HTTP/1.1" 304 -
190.157.153.111 - - [07/Nov/2014:01:18:59 -0500] "GET /forest/usutareas.do?group_system_actual=3&a=0.5295605344903358 HTTP/1.1" 200 20486
190.157.153.111 - - [07/Nov/2014:01:19:00 -0500] "GET /forest/session.jsp?a=0.7220591941620872 HTTP/1.1" 200 4
190.157.153.111 - - [07/Nov/2014:01:19:04 -0500] "GET /forest/skins/gdocs-jar/popup/popup.jsp?width=1100&height=500&title=Buscar%20procesos&uri=/forest/buscar.do%3Ftype%3Dprocesos&name=undefined&_a=0.08541900714200967&a=0.3950153881134655 HTTP/1.1" 200 1296
190.157.153.111 - - [07/Nov/2014:01:19:04 -0500] "GET /forest/buscar.do?type=procesos HTTP/1.1" 200 97143
66.249.64.171 - - [07/Nov/2014:01:19:07 -0500] "GET /BLA/resoluciones/AUTOS%202010/5371.pdf HTTP/1.1" 200 2053415
190.157.153.111 - - [07/Nov/2014:01:13:08 -0500] "GET /ForestMSG_SDA/channelAsync/template_word_16846660;jsessionid=K5-PYwEnqAr3vvGasEEG2oIN.server1?X-Atmosphere-tracking-id=4d80b85a-d958-dbaa-4fe9-3449bb68481f&X-Atmosphere-Framework=1.0.5&X-Atmosphere-Transport=long-polling&tabid=0.6552965848232797&X-Cache-Date=1414818107724&Content-Type=application/xml HTTP/1.1" 200 8193
190.157.153.111 - - [07/Nov/2014:01:13:08 -0500] "GET /ForestMSG_SDA/channelAsync/template_word_16846660;jsessionid=K5-PYwEnqAr3vvGasEEG2oIN.server1?X-Atmosphere-tracking-id=4d80b85a-d958-dbaa-4fe9-3449bb68481f&X-Atmosphere-Framework=1.0.5&X-Atmosphere-Transport=long-polling&tabid=0.6552965848232797&X-Cache-Date=1414818107724&Content-Type=application/xml HTTP/1.1" 200 8193
190.157.153.111 - - [07/Nov/2014:01:19:13 -0500] "POST /forest/buscar.do? HTTP/1.1" 200 5403
66.249.64.163 - - [07/Nov/2014:01:19:17 -0500] "GET /BLA/resoluciones/RESOLUCIONES%202010/2771.pdf HTTP/1.1" 304 -
190.157.153.111 - - [07/Nov/2014:01:19:18 -0500] "GET /forest/jsoptimized/gz/js/gdocsall-1411.041919.js HTTP/1.1" 304 -
190.157.153.111 - - [07/Nov/2014:01:19:17 -0500] "GET /forest/usutareas.do?group_system_actual=3&codAct=880&numPro=2611659&codPro=90&fecTra=2014-09-22%2015:38:39.154&codInst=2625609&codTraEsc=16538183 HTTP/1.1" 200 92595
190.157.153.111 - - [07/Nov/2014:01:19:19 -0500] "GET /forest/session.jsp?a=0.9951056556362251 HTTP/1.1" 200 4
190.157.153.111 - - [07/Nov/2014:01:19:21 -0500] "GET /forest/skins/gdocs-jar/popup/escritorio/reasignar.jsp?codTraEsc=16538183&a=0.7549923370842109 HTTP/1.1" 200 3741
188.186.97.175 - - [07/Nov/2014:01:19:27 -0500] "GET / HTTP/1.0" 302 -
66.249.64.171 - - [07/Nov/2014:01:19:28 -0500] "GET /BLA/resoluciones/RESOLUCIONES%202013/0081.pdf HTTP/1.1" 304 -
190.157.153.111 - - [07/Nov/2014:01:19:28 -0500] "POST /forest/usutareas.do?group_system_actual=3 HTTP/1.1" 200 155
66.249.64.163 - - [07/Nov/2014:01:19:28 -0500] "GET /BLA/resoluciones/RESOLUCIONES%202007/RES%202007%201401%20AL%201500/RESOLUCION%201455%20DE%202007.pdf HTTP/1.1" 200 315144
190.157.153.111 - - [07/Nov/2014:01:19:29 -0500] "GET /forest/jsoptimized/gz/js/gdocsall-1411.041919.js HTTP/1.1" 304 -
190.157.153.111 - - [07/Nov/2014:01:19:29 -0500] "GET /forest/usutareas.do?group_system_actual=3&a=0.5990352312746142 HTTP/1.1" 200 20486
190.157.153.111 - - [07/Nov/2014:01:19:29 -0500] "GET /forest/session.jsp?a=0.07579096592826351 HTTP/1.1" 200 4
66.249.64.167 - - [07/Nov/2014:01:19:38 -0500] "GET /BLA/resoluciones/AUTOS%202013/0459.pdf HTTP/1.1" 304 -
190.157.153.111 - - [07/Nov/2014:01:19:43 -0500] "GET /forest/skins/gdocs-jar/popup/popup.jsp?width=1100&height=500&title=Buscar%20procesos&uri=/forest/buscar.do%3Ftype%3Dprocesos&name=undefined&_a=0.8337630496483329&a=0.6865160153172752 HTTP/1.1" 200 1296
190.157.153.111 - - [07/Nov/2014:01:19:43 -0500] "GET /forest/buscar.do?type=procesos HTTP/1.1" 200 97143
66.249.64.163 - - [07/Nov/2014:01:19:49 -0500] "GET /BLA/resoluciones/RESOLUCIONES%202007/RES%202007%204001%20AL%204100/RESOLUCION%204092%20DE%202007.pdf HTTP/1.1" 304 -
66.249.64.163 - - [07/Nov/2014:01:19:59 -0500] "GET /BLA/resoluciones/AUTOS%202010/0102.pdf HTTP/1.1" 200 301093
190.66.105.175 - - [07/Nov/2014:01:20:02 -0500] "GET /BLA/resoluciones/RESOLUCIONES%202009/7670.pdf HTTP/1.1" 200 496469
190.66.105.175 - - [07/Nov/2014:01:20:02 -0500] "GET /BLA/resoluciones/RESOLUCIONES%202009/7670.pdf HTTP/1.1" 206 32768
190.66.105.175 - - [07/Nov/2014:01:20:02 -0500] "GET /BLA/resoluciones/RESOLUCIONES%202009/7670.pdf HTTP/1.1" 206 463701
190.66.105.175 - - [07/Nov/2014:01:20:03 -0500] "GET /favicon.ico HTTP/1.1" 200 7782
190.157.153.111 - - [07/Nov/2014:01:14:07 -0500] "GET /ForestMSG_SDA/channelAsync/template_word_16846650;jsessionid=K5-PYwEnqAr3vvGasEEG2oIN.server1?X-Atmosphere-tracking-id=6df88817-8755-5f32-1dbf-7ccfce7bf331&X-Atmosphere-Framework=1.0.5&X-Atmosphere-Transport=long-polling&tabid=0.31561954788797575&X-Cache-Date=1414818166706&Content-Type=application/xml HTTP/1.1" 200 8193
66.249.64.171 - - [07/Nov/2014:01:20:10 -0500] "GET /BLA/resoluciones/RESOLUCIONES%202010/6110.pdf HTTP/1.1" 304 -
190.157.153.111 - - [07/Nov/2014:01:20:12 -0500] "GET /forest/skins/gdocs-jar/popup/popup.jsp?width=1100&height=500&title=Buscar%20procesos&uri=/forest/buscar.do%3Ftype%3Dprocesos&name=undefined&_a=0.12326915416949346&a=0.0756095981646524 HTTP/1.1" 200 1296
190.157.153.111 - - [07/Nov/2014:01:20:12 -0500] "GET /forest/buscar.do?type=procesos HTTP/1.1" 200 97143
66.249.64.167 - - [07/Nov/2014:01:20:20 -0500] "GET /BLA/resoluciones/RESOLUCIONES%202007/RES%202007%20801%20AL%20900/RESOLUCION%200898%20DE%202007.pdf HTTP/1.1" 304 -
190.157.153.111 - - [07/Nov/2014:01:20:22 -0500] "POST /forest/buscar.do? HTTP/1.1" 200 6066
190.157.153.111 - - [07/Nov/2014:01:20:26 -0500] "GET /forest/jsoptimized/gz/js/gdocsall-1411.041919.js HTTP/1.1" 304 -
190.157.153.111 - - [07/Nov/2014:01:20:27 -0500] "GET /ForestMSG_SDA/channelAsync/template_word_16829940;jsessionid=K5-PYwEnqAr3vvGasEEG2oIN.server1?X-Atmosphere-tracking-id=100113ac-9951-3925-5d08-4d8f00603540&X-Atmosphere-Framework=1.0.5&X-Atmosphere-Transport=long-polling&tabid=0.004290940636637208&X-Cache-Date=0&Content-Type=application/xml HTTP/1.1" 200 8193
190.157.153.111 - - [07/Nov/2014:01:20:27 -0500] "GET /ForestMSG_SDA/channelAsync/template_word_16829940;jsessionid=K5-PYwEnqAr3vvGasEEG2oIN.server1?X-Atmosphere-tracking-id=100113ac-9951-3925-5d08-4d8f00603540&X-Atmosphere-Framework=1.0.5&X-Atmosphere-Transport=long-polling&tabid=0.004290940636637208&X-Cache-Date=1414818546425&Content-Type=application/xml HTTP/1.1" 200 8193
