190.143.25.65 - - [08/Nov/2014:11:25:53 -0500] "POST /forms/lservlet;jsessionid=ac16012b30d5a89af454e1144a808167ac91d8194f2e.e3iSbxaKaheRe34Sa3yKbhiTahb0n6jAmljGr5XDqQLvpAe HTTP/1.1" 200 29950
190.143.25.65 - - [08/Nov/2014:11:25:54 -0500] "POST /forms/lservlet;jsessionid=ac16012b30d5a89af454e1144a808167ac91d8194f2e.e3iSbxaKaheRe34Sa3yKbhiTahb0n6jAmljGr5XDqQLvpAe HTTP/1.1" 200 11
190.143.25.65 - - [08/Nov/2014:11:25:55 -0500] "POST /forms/lservlet;jsessionid=ac16012b30d5a89af454e1144a808167ac91d8194f2e.e3iSbxaKaheRe34Sa3yKbhiTahb0n6jAmljGr5XDqQLvpAe HTTP/1.1" 200 28655
190.143.25.65 - - [08/Nov/2014:11:25:57 -0500] "POST /forms/lservlet;jsessionid=ac16012b30d5a89af454e1144a808167ac91d8194f2e.e3iSbxaKaheRe34Sa3yKbhiTahb0n6jAmljGr5XDqQLvpAe HTTP/1.1" 200 26588
190.143.25.65 - - [08/Nov/2014:11:25:59 -0500] "POST /forms/lservlet;jsessionid=ac16012b30d5a89af454e1144a808167ac91d8194f2e.e3iSbxaKaheRe34Sa3yKbhiTahb0n6jAmljGr5XDqQLvpAe HTTP/1.1" 200 30815
190.143.25.65 - - [08/Nov/2014:11:26:00 -0500] "POST /forms/lservlet;jsessionid=ac16012b30d5a89af454e1144a808167ac91d8194f2e.e3iSbxaKaheRe34Sa3yKbhiTahb0n6jAmljGr5XDqQLvpAe HTTP/1.1" 200 23850
190.143.25.65 - - [08/Nov/2014:11:26:02 -0500] "POST /forms/lservlet;jsessionid=ac16012b30d5a89af454e1144a808167ac91d8194f2e.e3iSbxaKaheRe34Sa3yKbhiTahb0n6jAmljGr5XDqQLvpAe HTTP/1.1" 200 32198
190.143.25.65 - - [08/Nov/2014:11:26:03 -0500] "POST /forms/lservlet;jsessionid=ac16012b30d5a89af454e1144a808167ac91d8194f2e.e3iSbxaKaheRe34Sa3yKbhiTahb0n6jAmljGr5XDqQLvpAe HTTP/1.1" 200 33844
190.143.25.65 - - [08/Nov/2014:11:26:05 -0500] "POST /forms/lservlet;jsessionid=ac16012b30d5a89af454e1144a808167ac91d8194f2e.e3iSbxaKaheRe34Sa3yKbhiTahb0n6jAmljGr5XDqQLvpAe HTTP/1.1" 200 37836
200.93.135.156 - - [08/Nov/2014:11:26:05 -0500] "GET /portalsiaccapacitaciones/Listas%20de%20Asistencia%202013/Lista%20de%20Asistencia%20Capacitaci%C3%B3on%20Uso%20eficiente%20del%20Agua%20y%20Manejo%20de%20Vertimientos%2018-07-2013.pdf HTTP/1.1" 200 1536504
190.143.25.65 - - [08/Nov/2014:11:26:06 -0500] "POST /forms/lservlet;jsessionid=ac16012b30d5a89af454e1144a808167ac91d8194f2e.e3iSbxaKaheRe34Sa3yKbhiTahb0n6jAmljGr5XDqQLvpAe HTTP/1.1" 200 33443
190.143.25.65 - - [08/Nov/2014:11:26:08 -0500] "POST /forms/lservlet;jsessionid=ac16012b30d5a89af454e1144a808167ac91d8194f2e.e3iSbxaKaheRe34Sa3yKbhiTahb0n6jAmljGr5XDqQLvpAe HTTP/1.1" 200 323
190.143.25.65 - - [08/Nov/2014:11:26:09 -0500] "POST /forms/lservlet;jsessionid=ac16012b30d5a89af454e1144a808167ac91d8194f2e.e3iSbxaKaheRe34Sa3yKbhiTahb0n6jAmljGr5XDqQLvpAe HTTP/1.1" 200 2
190.143.25.65 - - [08/Nov/2014:11:26:10 -0500] "POST /forms/lservlet;jsessionid=ac16012b30d5a89af454e1144a808167ac91d8194f2e.e3iSbxaKaheRe34Sa3yKbhiTahb0n6jAmljGr5XDqQLvpAe HTTP/1.1" 200 164
190.143.25.65 - - [08/Nov/2014:11:26:22 -0500] "POST /forms/lservlet;jsessionid=ac16012b30d5a89af454e1144a808167ac91d8194f2e.e3iSbxaKaheRe34Sa3yKbhiTahb0n6jAmljGr5XDqQLvpAe HTTP/1.1" 200 139
200.93.135.156 - - [08/Nov/2014:11:26:22 -0500] "GET /portalsiaccapacitaciones/Listas%20de%20Asistencia%202013/Lista%20de%20Asistencia%20Cierre%20Ciclo%20de%20Capacitaciones%2019-12-2013.pdf HTTP/1.1" 200 521410
190.143.25.65 - - [08/Nov/2014:11:26:23 -0500] "POST /forms/lservlet;jsessionid=ac16012b30d5a89af454e1144a808167ac91d8194f2e.e3iSbxaKaheRe34Sa3yKbhiTahb0n6jAmljGr5XDqQLvpAe HTTP/1.1" 200 2
190.143.25.65 - - [08/Nov/2014:11:26:23 -0500] "POST /forms/lservlet;jsessionid=ac16012b30d5a89af454e1144a808167ac91d8194f2e.e3iSbxaKaheRe34Sa3yKbhiTahb0n6jAmljGr5XDqQLvpAe HTTP/1.1" 200 25
190.143.25.65 - - [08/Nov/2014:11:26:24 -0500] "POST /forms/lservlet;jsessionid=ac16012b30d5a89af454e1144a808167ac91d8194f2e.e3iSbxaKaheRe34Sa3yKbhiTahb0n6jAmljGr5XDqQLvpAe HTTP/1.1" 200 2
190.143.25.65 - - [08/Nov/2014:11:26:25 -0500] "POST /forms/lservlet;jsessionid=ac16012b30d5a89af454e1144a808167ac91d8194f2e.e3iSbxaKaheRe34Sa3yKbhiTahb0n6jAmljGr5XDqQLvpAe HTTP/1.1" 200 22
190.143.25.65 - - [08/Nov/2014:11:26:26 -0500] "POST /forms/lservlet;jsessionid=ac16012b30d5a89af454e1144a808167ac91d8194f2e.e3iSbxaKaheRe34Sa3yKbhiTahb0n6jAmljGr5XDqQLvpAe HTTP/1.1" 200 22
190.143.25.65 - - [08/Nov/2014:11:26:27 -0500] "POST /forms/lservlet;jsessionid=ac16012b30d5a89af454e1144a808167ac91d8194f2e.e3iSbxaKaheRe34Sa3yKbhiTahb0n6jAmljGr5XDqQLvpAe HTTP/1.1" 200 29022
190.143.25.65 - - [08/Nov/2014:11:26:31 -0500] "POST /forms/lservlet;jsessionid=ac16012b30d5a89af454e1144a808167ac91d8194f2e.e3iSbxaKaheRe34Sa3yKbhiTahb0n6jAmljGr5XDqQLvpAe HTTP/1.1" 200 30057
190.143.25.65 - - [08/Nov/2014:11:26:32 -0500] "POST /forms/lservlet;jsessionid=ac16012b30d5a89af454e1144a808167ac91d8194f2e.e3iSbxaKaheRe34Sa3yKbhiTahb0n6jAmljGr5XDqQLvpAe HTTP/1.1" 200 28498
190.143.25.65 - - [08/Nov/2014:11:26:33 -0500] "POST /forms/lservlet;jsessionid=ac16012b30d5a89af454e1144a808167ac91d8194f2e.e3iSbxaKaheRe34Sa3yKbhiTahb0n6jAmljGr5XDqQLvpAe HTTP/1.1" 200 29920
190.143.25.65 - - [08/Nov/2014:11:26:35 -0500] "POST /forms/lservlet;jsessionid=ac16012b30d5a89af454e1144a808167ac91d8194f2e.e3iSbxaKaheRe34Sa3yKbhiTahb0n6jAmljGr5XDqQLvpAe HTTP/1.1" 200 729
190.143.25.65 - - [08/Nov/2014:11:26:36 -0500] "POST /forms/lservlet;jsessionid=ac16012b30d5a89af454e1144a808167ac91d8194f2e.e3iSbxaKaheRe34Sa3yKbhiTahb0n6jAmljGr5XDqQLvpAe HTTP/1.1" 200 2
190.143.25.65 - - [08/Nov/2014:11:26:36 -0500] "POST /forms/lservlet;jsessionid=ac16012b30d5a89af454e1144a808167ac91d8194f2e.e3iSbxaKaheRe34Sa3yKbhiTahb0n6jAmljGr5XDqQLvpAe HTTP/1.1" 200 100
200.93.135.156 - - [08/Nov/2014:11:26:38 -0500] "GET /portalsiaccapacitaciones/Listas%20de%20Asistencia%202013/Lista%20de%20Asistencia%20Compras%20P%C3%BAblicas%20Sostenibles%20y%20Matriz%20IAVIA%2013-11-2013.pdf HTTP/1.1" 200 270963
190.143.25.65 - - [08/Nov/2014:11:26:40 -0500] "POST /forms/lservlet;jsessionid=ac16012b30d5a89af454e1144a808167ac91d8194f2e.e3iSbxaKaheRe34Sa3yKbhiTahb0n6jAmljGr5XDqQLvpAe HTTP/1.1" 200 14423
190.143.25.65 - - [08/Nov/2014:11:26:42 -0500] "POST /forms/lservlet;jsessionid=ac16012b30d5a89af454e1144a808167ac91d8194f2e.e3iSbxaKaheRe34Sa3yKbhiTahb0n6jAmljGr5XDqQLvpAe HTTP/1.1" 200 748
190.143.25.65 - - [08/Nov/2014:11:26:44 -0500] "POST /forms/lservlet;jsessionid=ac16012b30d5a89af454e1144a808167ac91d8194f2e.e3iSbxaKaheRe34Sa3yKbhiTahb0n6jAmljGr5XDqQLvpAe HTTP/1.1" 200 2
190.143.25.65 - - [08/Nov/2014:11:26:44 -0500] "POST /forms/lservlet;jsessionid=ac16012b30d5a89af454e1144a808167ac91d8194f2e.e3iSbxaKaheRe34Sa3yKbhiTahb0n6jAmljGr5XDqQLvpAe HTTP/1.1" 200 100
190.143.25.65 - - [08/Nov/2014:11:26:48 -0500] "POST /forms/lservlet;jsessionid=ac16012b30d5a89af454e1144a808167ac91d8194f2e.e3iSbxaKaheRe34Sa3yKbhiTahb0n6jAmljGr5XDqQLvpAe HTTP/1.1" 200 19818
190.143.25.65 - - [08/Nov/2014:11:26:51 -0500] "POST /forms/lservlet;jsessionid=ac16012b30d5a89af454e1144a808167ac91d8194f2e.e3iSbxaKaheRe34Sa3yKbhiTahb0n6jAmljGr5XDqQLvpAe HTTP/1.1" 200 744
190.143.25.65 - - [08/Nov/2014:11:26:52 -0500] "POST /forms/lservlet;jsessionid=ac16012b30d5a89af454e1144a808167ac91d8194f2e.e3iSbxaKaheRe34Sa3yKbhiTahb0n6jAmljGr5XDqQLvpAe HTTP/1.1" 200 19845
200.93.135.156 - - [08/Nov/2014:11:26:54 -0500] "GET /portalsiaccapacitaciones/Listas%20de%20Asistencia%202013/Lista%20de%20Asistencia%20Manejo%20de%20Inservibles%20y%20Campa%C3%B1a%20RAEE's%2031-10-2013.pdf HTTP/1.1" 200 202611
190.143.25.65 - - [08/Nov/2014:11:26:56 -0500] "POST /forms/lservlet;jsessionid=ac16012b30d5a89af454e1144a808167ac91d8194f2e.e3iSbxaKaheRe34Sa3yKbhiTahb0n6jAmljGr5XDqQLvpAe HTTP/1.1" 200 329
190.143.25.65 - - [08/Nov/2014:11:26:57 -0500] "POST /forms/lservlet;jsessionid=ac16012b30d5a89af454e1144a808167ac91d8194f2e.e3iSbxaKaheRe34Sa3yKbhiTahb0n6jAmljGr5XDqQLvpAe HTTP/1.1" 200 2
190.143.25.65 - - [08/Nov/2014:11:26:58 -0500] "POST /forms/lservlet;jsessionid=ac16012b30d5a89af454e1144a808167ac91d8194f2e.e3iSbxaKaheRe34Sa3yKbhiTahb0n6jAmljGr5XDqQLvpAe HTTP/1.1" 200 100
190.143.25.65 - - [08/Nov/2014:11:27:01 -0500] "POST /forms/lservlet;jsessionid=ac16012b30d5a89af454e1144a808167ac91d8194f2e.e3iSbxaKaheRe34Sa3yKbhiTahb0n6jAmljGr5XDqQLvpAe HTTP/1.1" 200 182
200.93.135.156 - - [08/Nov/2014:11:27:07 -0500] "GET /portalsiaccapacitaciones/Listas%20de%20Asistencia%202013/Lista%20de%20Asitencia%20Capacitaci%C3%B3n%20Instrumentos%20de%20Planeaci%C3%B3n%20Ambiental%2020-06-2013.pdf HTTP/1.1" 200 3109665
190.143.25.65 - - [08/Nov/2014:11:27:14 -0500] "POST /forms/lservlet;jsessionid=ac16012b30d5a89af454e1144a808167ac91d8194f2e.e3iSbxaKaheRe34Sa3yKbhiTahb0n6jAmljGr5XDqQLvpAe HTTP/1.1" 200 24
190.143.25.65 - - [08/Nov/2014:11:27:14 -0500] "POST /forms/lservlet;jsessionid=ac16012b30d5a89af454e1144a808167ac91d8194f2e.e3iSbxaKaheRe34Sa3yKbhiTahb0n6jAmljGr5XDqQLvpAe HTTP/1.1" 200 2
190.143.25.65 - - [08/Nov/2014:11:27:16 -0500] "POST /forms/lservlet;jsessionid=ac16012b30d5a89af454e1144a808167ac91d8194f2e.e3iSbxaKaheRe34Sa3yKbhiTahb0n6jAmljGr5XDqQLvpAe HTTP/1.1" 200 2
190.143.25.65 - - [08/Nov/2014:11:27:16 -0500] "POST /forms/lservlet;jsessionid=ac16012b30d5a89af454e1144a808167ac91d8194f2e.e3iSbxaKaheRe34Sa3yKbhiTahb0n6jAmljGr5XDqQLvpAe HTTP/1.1" 200 69
190.143.25.65 - - [08/Nov/2014:11:27:16 -0500] "POST /forms/lservlet;jsessionid=ac16012b30d5a89af454e1144a808167ac91d8194f2e.e3iSbxaKaheRe34Sa3yKbhiTahb0n6jAmljGr5XDqQLvpAe HTTP/1.1" 200 2
190.143.25.65 - - [08/Nov/2014:11:27:17 -0500] "POST /forms/lservlet;jsessionid=ac16012b30d5a89af454e1144a808167ac91d8194f2e.e3iSbxaKaheRe34Sa3yKbhiTahb0n6jAmljGr5XDqQLvpAe HTTP/1.1" 200 2
190.143.25.65 - - [08/Nov/2014:11:27:17 -0500] "POST /forms/lservlet;jsessionid=ac16012b30d5a89af454e1144a808167ac91d8194f2e.e3iSbxaKaheRe34Sa3yKbhiTahb0n6jAmljGr5XDqQLvpAe HTTP/1.1" 200 7952
190.143.25.65 - - [08/Nov/2014:11:27:18 -0500] "POST /forms/lservlet;jsessionid=ac16012b30d5a89af454e1144a808167ac91d8194f2e.e3iSbxaKaheRe34Sa3yKbhiTahb0n6jAmljGr5XDqQLvpAe HTTP/1.1" 200 2
190.143.25.65 - - [08/Nov/2014:11:27:22 -0500] "POST /forms/lservlet;jsessionid=ac16012b30d5a89af454e1144a808167ac91d8194f2e.e3iSbxaKaheRe34Sa3yKbhiTahb0n6jAmljGr5XDqQLvpAe HTTP/1.1" 200 2
190.143.25.65 - - [08/Nov/2014:11:27:22 -0500] "POST /forms/lservlet;jsessionid=ac16012b30d5a89af454e1144a808167ac91d8194f2e.e3iSbxaKaheRe34Sa3yKbhiTahb0n6jAmljGr5XDqQLvpAe HTTP/1.1" 200 50
190.143.25.65 - - [08/Nov/2014:11:27:22 -0500] "POST /forms/lservlet;jsessionid=ac16012b30d5a89af454e1144a808167ac91d8194f2e.e3iSbxaKaheRe34Sa3yKbhiTahb0n6jAmljGr5XDqQLvpAe HTTP/1.1" 200 2
190.143.25.65 - - [08/Nov/2014:11:27:23 -0500] "POST /forms/lservlet;jsessionid=ac16012b30d5a89af454e1144a808167ac91d8194f2e.e3iSbxaKaheRe34Sa3yKbhiTahb0n6jAmljGr5XDqQLvpAe HTTP/1.1" 200 2
190.143.25.65 - - [08/Nov/2014:11:27:23 -0500] "POST /forms/lservlet;jsessionid=ac16012b30d5a89af454e1144a808167ac91d8194f2e.e3iSbxaKaheRe34Sa3yKbhiTahb0n6jAmljGr5XDqQLvpAe HTTP/1.1" 200 1990
190.143.25.65 - - [08/Nov/2014:11:27:23 -0500] "POST /forms/lservlet;jsessionid=ac16012b30d5a89af454e1144a808167ac91d8194f2e.e3iSbxaKaheRe34Sa3yKbhiTahb0n6jAmljGr5XDqQLvpAe HTTP/1.1" 200 78
190.143.25.65 - - [08/Nov/2014:11:27:31 -0500] "POST /forms/lservlet;jsessionid=ac16012b30d5a89af454e1144a808167ac91d8194f2e.e3iSbxaKaheRe34Sa3yKbhiTahb0n6jAmljGr5XDqQLvpAe HTTP/1.1" 200 2
66.249.64.167 - - [08/Nov/2014:11:27:41 -0500] "GET /counter/digits/bbldotb/ HTTP/1.1" 404 1018
190.143.25.65 - - [08/Nov/2014:11:27:57 -0500] "POST /forms/lservlet;jsessionid=ac16012b30d5a89af454e1144a808167ac91d8194f2e.e3iSbxaKaheRe34Sa3yKbhiTahb0n6jAmljGr5XDqQLvpAe HTTP/1.1" 200 86
190.143.25.65 - - [08/Nov/2014:11:27:58 -0500] "GET /forms/frmservlet?config=sia HTTP/1.1" 200 4028
190.143.25.65 - - [08/Nov/2014:11:27:57 -0500] "POST /forms/lservlet;jsessionid=ac16012b30d5a89af454e1144a808167ac91d8194f2e.e3iSbxaKaheRe34Sa3yKbhiTahb0n6jAmljGr5XDqQLvpAe HTTP/1.1" 200 -
190.146.254.232 - - [08/Nov/2014:11:27:58 -0500] "GET /BLA/boletinlegal/js/jquery.js HTTP/1.1" 200 57254
190.146.254.232 - - [08/Nov/2014:11:27:58 -0500] "GET /BLA/boletinlegal/js/jquery.scrollTo-min.js HTTP/1.1" 200 1150
190.146.254.232 - - [08/Nov/2014:11:27:58 -0500] "GET /BLA/boletinlegal/js/jquery.scrollShow.js HTTP/1.1" 200 4586
190.143.25.65 - - [08/Nov/2014:11:27:59 -0500] "GET /forms/java/oracle/forms/registry/Registry.dat HTTP/1.1" 200 4213
190.143.25.65 - - [08/Nov/2014:11:27:59 -0500] "GET /forms/java/oracle/forms/registry/default.dat HTTP/1.1" 404 350
190.143.25.65 - - [08/Nov/2014:11:27:59 -0500] "GET /forms/frmservlet?config=sia&acceptLanguage=es-CO&ifcmd=startsession HTTP/1.1" 200 119
190.143.25.65 - - [08/Nov/2014:11:27:59 -0500] "GET /forms/lservlet;jsessionid=ac16012b30d508203b4a63184f1e98cd9c5b8b1ca936.e3iSbxaKaheRe34Sa3yKbhiTahb0n6jAmljGr5XDqQLvpAe?ifcmd=getinfo&ifhost=LuisJavier&ifip=192.168.0.17 HTTP/1.1" 200 8
190.143.25.65 - - [08/Nov/2014:11:27:59 -0500] "POST /forms/lservlet;jsessionid=ac16012b30d508203b4a63184f1e98cd9c5b8b1ca936.e3iSbxaKaheRe34Sa3yKbhiTahb0n6jAmljGr5XDqQLvpAe HTTP/1.1" 200 8
190.26.30.124 - - [08/Nov/2014:11:27:59 -0500] "GET /galeria/nivo-slider/demo/scripts/jquery-1.7.1.min.js HTTP/1.1" 200 93868
190.143.25.65 - - [08/Nov/2014:11:27:59 -0500] "POST /forms/lservlet;jsessionid=ac16012b30d508203b4a63184f1e98cd9c5b8b1ca936.e3iSbxaKaheRe34Sa3yKbhiTahb0n6jAmljGr5XDqQLvpAe HTTP/1.1" 200 64000
190.143.25.65 - - [08/Nov/2014:11:28:00 -0500] "HEAD /imagenes/dama_logo.gif HTTP/1.1" 200 -
190.143.25.65 - - [08/Nov/2014:11:28:00 -0500] "POST /forms/lservlet;jsessionid=ac16012b30d508203b4a63184f1e98cd9c5b8b1ca936.e3iSbxaKaheRe34Sa3yKbhiTahb0n6jAmljGr5XDqQLvpAe HTTP/1.1" 200 64000
190.143.25.65 - - [08/Nov/2014:11:28:00 -0500] "POST /forms/lservlet;jsessionid=ac16012b30d508203b4a63184f1e98cd9c5b8b1ca936.e3iSbxaKaheRe34Sa3yKbhiTahb0n6jAmljGr5XDqQLvpAe HTTP/1.1" 200 63623
190.143.25.65 - - [08/Nov/2014:11:28:01 -0500] "POST /forms/lservlet;jsessionid=ac16012b30d508203b4a63184f1e98cd9c5b8b1ca936.e3iSbxaKaheRe34Sa3yKbhiTahb0n6jAmljGr5XDqQLvpAe HTTP/1.1" 200 2
190.143.25.65 - - [08/Nov/2014:11:28:13 -0500] "POST /forms/lservlet;jsessionid=ac16012b30d508203b4a63184f1e98cd9c5b8b1ca936.e3iSbxaKaheRe34Sa3yKbhiTahb0n6jAmljGr5XDqQLvpAe HTTP/1.1" 200 7998
190.143.25.65 - - [08/Nov/2014:11:28:14 -0500] "POST /forms/lservlet;jsessionid=ac16012b30d508203b4a63184f1e98cd9c5b8b1ca936.e3iSbxaKaheRe34Sa3yKbhiTahb0n6jAmljGr5XDqQLvpAe HTTP/1.1" 200 64
190.143.25.65 - - [08/Nov/2014:11:28:14 -0500] "POST /forms/lservlet;jsessionid=ac16012b30d508203b4a63184f1e98cd9c5b8b1ca936.e3iSbxaKaheRe34Sa3yKbhiTahb0n6jAmljGr5XDqQLvpAe HTTP/1.1" 200 2
190.143.25.65 - - [08/Nov/2014:11:28:14 -0500] "POST /forms/lservlet;jsessionid=ac16012b30d508203b4a63184f1e98cd9c5b8b1ca936.e3iSbxaKaheRe34Sa3yKbhiTahb0n6jAmljGr5XDqQLvpAe HTTP/1.1" 200 2
190.143.25.65 - - [08/Nov/2014:11:28:14 -0500] "POST /forms/lservlet;jsessionid=ac16012b30d508203b4a63184f1e98cd9c5b8b1ca936.e3iSbxaKaheRe34Sa3yKbhiTahb0n6jAmljGr5XDqQLvpAe HTTP/1.1" 200 2
66.249.64.167 - - [08/Nov/2014:11:28:16 -0500] "GET /BLA/resoluciones/AUTOS%202008/0710.pdf HTTP/1.1" 200 83682
181.240.31.158 - - [08/Nov/2014:11:29:00 -0500] "GET /BLA/boletinlegal/js/jquery.js HTTP/1.1" 200 57254
181.240.31.158 - - [08/Nov/2014:11:29:00 -0500] "GET /BLA/boletinlegal/js/jquery.scrollTo-min.js HTTP/1.1" 200 1150
181.240.31.158 - - [08/Nov/2014:11:29:00 -0500] "GET /BLA/boletinlegal/js/jquery.scrollShow.js HTTP/1.1" 200 4586
181.142.217.142 - - [08/Nov/2014:11:29:06 -0500] "GET /BLA/boletinlegal/js/jquery.js HTTP/1.1" 200 57254
181.142.217.142 - - [08/Nov/2014:11:29:06 -0500] "GET /BLA/boletinlegal/js/jquery.scrollShow.js HTTP/1.1" 200 4586
181.142.217.142 - - [08/Nov/2014:11:29:06 -0500] "GET /BLA/boletinlegal/js/jquery.scrollTo-min.js HTTP/1.1" 200 1150
181.142.217.142 - - [08/Nov/2014:11:29:06 -0500] "GET /galeria/carrusel/Carrusel/jquery.thumbnailScroller.css HTTP/1.1" 304 -
181.142.217.142 - - [08/Nov/2014:11:29:06 -0500] "GET /galeria/carrusel/Carrusel/jquery.thumbnailScroller.js HTTP/1.1" 304 -
181.142.217.142 - - [08/Nov/2014:11:29:06 -0500] "GET /galeria/carrusel/Carrusel/jquery-ui-1.8.13.custom.min.js HTTP/1.1" 304 -
66.249.64.171 - - [08/Nov/2014:11:29:19 -0500] "GET /BLA/resoluciones/AUTOS%202011/1769.pdf HTTP/1.1" 200 263862
5.196.97.34 - - [08/Nov/2014:11:29:51 -0500] "GET /auntentica.txt HTTP/1.1" 404 1153
190.252.156.82 - - [08/Nov/2014:11:29:56 -0500] "GET /BLA/boletinlegal/js/jquery.js HTTP/1.1" 200 57254
190.252.156.82 - - [08/Nov/2014:11:29:56 -0500] "GET /BLA/boletinlegal/js/jquery.scrollTo-min.js HTTP/1.1" 200 1150
190.252.156.82 - - [08/Nov/2014:11:29:56 -0500] "GET /BLA/boletinlegal/js/jquery.scrollShow.js HTTP/1.1" 200 4586
190.143.25.65 - - [08/Nov/2014:11:29:59 -0500] "POST /forms/lservlet;jsessionid=ac16012b30d508203b4a63184f1e98cd9c5b8b1ca936.e3iSbxaKaheRe34Sa3yKbhiTahb0n6jAmljGr5XDqQLvpAe HTTP/1.1" 200 2
66.249.64.163 - - [08/Nov/2014:11:30:21 -0500] "GET /BLA/resoluciones/AUTOS%202009/2224.pdf HTTP/1.1" 200 123408
74.86.158.107 - - [08/Nov/2014:11:30:51 -0500] "HEAD / HTTP/1.1" 302 -
181.142.198.72 - - [08/Nov/2014:11:31:11 -0500] "GET /BLA/boletinlegal/js/jquery.js HTTP/1.1" 200 57254
181.142.198.72 - - [08/Nov/2014:11:31:11 -0500] "GET /BLA/boletinlegal/js/jquery.scrollShow.js HTTP/1.1" 200 4586
181.142.198.72 - - [08/Nov/2014:11:31:11 -0500] "GET /BLA/boletinlegal/js/jquery.scrollTo-min.js HTTP/1.1" 200 1150
66.249.64.171 - - [08/Nov/2014:11:31:24 -0500] "GET /BLA/resoluciones/RESOLUCIONES%202010/2690.pdf HTTP/1.1" 200 381352
190.143.25.65 - - [08/Nov/2014:11:31:59 -0500] "POST /forms/lservlet;jsessionid=ac16012b30d508203b4a63184f1e98cd9c5b8b1ca936.e3iSbxaKaheRe34Sa3yKbhiTahb0n6jAmljGr5XDqQLvpAe HTTP/1.1" 200 2
66.249.64.163 - - [08/Nov/2014:11:32:09 -0500] "GET /portel_dama/libreria/pdf/planesdeaccion2006/vivienda/ HTTP/1.1" 404 1018
186.168.68.71 - - [08/Nov/2014:11:32:11 -0500] "GET /BLA/boletinlegal/js/jquery.scrollShow.js HTTP/1.1" 200 4586
186.168.68.71 - - [08/Nov/2014:11:32:11 -0500] "GET /BLA/boletinlegal/js/jquery.js HTTP/1.1" 200 57254
186.168.68.71 - - [08/Nov/2014:11:32:11 -0500] "GET /BLA/boletinlegal/js/jquery.scrollTo-min.js HTTP/1.1" 200 1150
66.249.64.167 - - [08/Nov/2014:11:32:27 -0500] "GET /BLA/resoluciones/AUTOS%202009/2254.pdf HTTP/1.1" 200 121667
66.249.64.171 - - [08/Nov/2014:11:32:32 -0500] "GET /BLA/resoluciones/RESOLUCIONES%202004/RES%202004%20851-900/00000854.tif HTTP/1.1" 200 282046
66.249.64.171 - - [08/Nov/2014:11:32:48 -0500] "GET /re/Talleres/papel/imagenes%20papel/barra%20papel/ HTTP/1.1" 404 1018
66.249.64.163 - - [08/Nov/2014:11:32:48 -0500] "GET /BLA/resoluciones/RESOLUCIONES%202007/RES%202007%201601%20AL%201725/RESOLUCION%201615%20DE%202007.pdf HTTP/1.1" 200 308205
201.191.255.95 - - [08/Nov/2014:11:32:49 -0500] "GET /BLA/boletinlegal/js/jquery.js HTTP/1.1" 200 57254
201.191.255.95 - - [08/Nov/2014:11:32:50 -0500] "GET /BLA/boletinlegal/js/jquery.scrollTo-min.js HTTP/1.1" 200 1150
201.191.255.95 - - [08/Nov/2014:11:32:50 -0500] "GET /BLA/boletinlegal/js/jquery.scrollShow.js HTTP/1.1" 200 4586
201.191.255.95 - - [08/Nov/2014:11:32:50 -0500] "GET /galeria/carrusel/Carrusel/jquery.thumbnailScroller.css HTTP/1.1" 200 2066
201.191.255.95 - - [08/Nov/2014:11:32:50 -0500] "GET /galeria/carrusel/Carrusel/jquery-ui-1.8.13.custom.min.js HTTP/1.1" 200 10800
201.191.255.95 - - [08/Nov/2014:11:32:51 -0500] "GET /galeria/carrusel/Carrusel/jquery.thumbnailScroller.js HTTP/1.1" 200 8157
190.252.138.62 - - [08/Nov/2014:11:32:51 -0500] "GET /BLA/boletinlegal/js/jquery.js HTTP/1.1" 200 57254
190.252.138.62 - - [08/Nov/2014:11:32:51 -0500] "GET /BLA/boletinlegal/js/jquery.scrollTo-min.js HTTP/1.1" 200 1150
190.252.138.62 - - [08/Nov/2014:11:32:51 -0500] "GET /BLA/boletinlegal/js/jquery.scrollShow.js HTTP/1.1" 200 4586
201.191.255.95 - - [08/Nov/2014:11:33:04 -0500] "GET /galeria/nivo-slider/demo/demo.html HTTP/1.1" 200 3542
201.191.255.95 - - [08/Nov/2014:11:33:05 -0500] "GET /galeria/nivo-slider/themes/default/default.css HTTP/1.1" 200 1569
201.191.255.95 - - [08/Nov/2014:11:33:05 -0500] "GET /galeria/nivo-slider/themes/pascal/pascal.css HTTP/1.1" 200 2258
201.191.255.95 - - [08/Nov/2014:11:33:05 -0500] "GET /galeria/nivo-slider/themes/orman/orman.css HTTP/1.1" 200 2152
201.191.255.95 - - [08/Nov/2014:11:33:05 -0500] "GET /galeria/nivo-slider/nivo-slider.css HTTP/1.1" 200 1507
201.191.255.95 - - [08/Nov/2014:11:33:05 -0500] "GET /galeria/nivo-slider/demo/style.css HTTP/1.1" 200 2222
201.191.255.95 - - [08/Nov/2014:11:33:06 -0500] "GET /galeria/nivo-slider/demo/images/Banner-comparendo.jpg HTTP/1.1" 200 388762
201.191.255.95 - - [08/Nov/2014:11:33:06 -0500] "GET /galeria/nivo-slider/demo/images/Banner-Ecourbanismo.jpg HTTP/1.1" 200 189838
201.191.255.95 - - [08/Nov/2014:11:33:06 -0500] "GET /galeria/nivo-slider/demo/images/porloshumedales.jpg HTTP/1.1" 200 351238
201.191.255.95 - - [08/Nov/2014:11:33:06 -0500] "GET /galeria/nivo-slider/demo/images/banner-aceite3.jpg HTTP/1.1" 200 88347
201.191.255.95 - - [08/Nov/2014:11:33:06 -0500] "GET /galeria/nivo-slider/demo/images/Tingua-azul.jpg HTTP/1.1" 200 307638
201.191.255.95 - - [08/Nov/2014:11:33:06 -0500] "GET /galeria/nivo-slider/demo/images/Banner-Caracol-Africano.jpg HTTP/1.1" 200 331986
201.191.255.95 - - [08/Nov/2014:11:33:13 -0500] "GET /galeria/nivo-slider/demo/images/banner-redes.jpg HTTP/1.1" 200 62209
201.191.255.95 - - [08/Nov/2014:11:33:16 -0500] "GET /galeria/nivo-slider/demo/images/9Signos.jpg HTTP/1.1" 200 93040
201.191.255.95 - - [08/Nov/2014:11:33:17 -0500] "GET /galeria/nivo-slider/demo/images/banner-llantas2.jpg HTTP/1.1" 200 73153
180.76.6.56 - - [08/Nov/2014:11:33:19 -0500] "GET /BLA/resoluciones/RESOLUCIONES%202011/2043.pdf HTTP/1.1" 200 434353
201.191.255.95 - - [08/Nov/2014:11:33:19 -0500] "GET /galeria/nivo-slider/demo/images/banner-caballos.png HTTP/1.1" 200 389106
201.191.255.95 - - [08/Nov/2014:11:33:19 -0500] "GET /galeria/nivo-slider/demo/images/Hacienda_Molinos.jpg HTTP/1.1" 200 319171
201.191.255.95 - - [08/Nov/2014:11:33:21 -0500] "GET /galeria/nivo-slider/demo/images/bannerEcolecta3.jpg HTTP/1.1" 200 280034
186.29.57.3 - - [08/Nov/2014:11:33:24 -0500] "GET /BLA/boletinlegal/js/jquery.js HTTP/1.1" 200 57254
186.29.57.3 - - [08/Nov/2014:11:33:24 -0500] "GET /BLA/boletinlegal/js/jquery.scrollTo-min.js HTTP/1.1" 200 1150
186.29.57.3 - - [08/Nov/2014:11:33:24 -0500] "GET /BLA/boletinlegal/js/jquery.scrollShow.js HTTP/1.1" 200 4586
200.69.103.254 - - [08/Nov/2014:11:33:25 -0500] "GET /BLA/boletinlegal/js/jquery.js HTTP/1.0" 200 57254
200.69.103.254 - - [08/Nov/2014:11:33:25 -0500] "GET /BLA/boletinlegal/js/jquery.scrollTo-min.js HTTP/1.0" 200 1150
200.69.103.254 - - [08/Nov/2014:11:33:25 -0500] "GET /BLA/boletinlegal/js/jquery.scrollShow.js HTTP/1.0" 200 4586
66.249.64.167 - - [08/Nov/2014:11:33:29 -0500] "GET /BLA/resoluciones/RESOLUCIONES%202010/0963.pdf HTTP/1.1" 200 436723
201.191.255.95 - - [08/Nov/2014:11:33:39 -0500] "GET /galeria/nivo-slider/demo/scripts/jquery-1.7.1.min.js HTTP/1.1" 200 93868
201.191.255.95 - - [08/Nov/2014:11:33:40 -0500] "GET /galeria/nivo-slider/jquery.nivo.slider.pack.js HTTP/1.1" 200 11561
201.191.255.95 - - [08/Nov/2014:11:33:51 -0500] "GET /galeria/nivo-slider/demo/images/4Simple_Slider.png HTTP/1.1" 200 11722
201.191.255.95 - - [08/Nov/2014:11:33:51 -0500] "GET /galeria/nivo-slider/themes/default/loading.gif HTTP/1.1" 200 1737
190.143.25.65 - - [08/Nov/2014:11:33:59 -0500] "POST /forms/lservlet;jsessionid=ac16012b30d508203b4a63184f1e98cd9c5b8b1ca936.e3iSbxaKaheRe34Sa3yKbhiTahb0n6jAmljGr5XDqQLvpAe HTTP/1.1" 200 2
201.191.255.95 - - [08/Nov/2014:11:34:04 -0500] "GET /galeria/nivo-slider/themes/default/bullets.png HTTP/1.1" 200 1281
201.191.255.95 - - [08/Nov/2014:11:34:04 -0500] "GET /galeria/nivo-slider/themes/default/arrows.png HTTP/1.1" 200 824
66.249.64.163 - - [08/Nov/2014:11:34:04 -0500] "GET /re/Talleres/vidrio/imagenes%20vidrio/barra%20vidrio/_notes/ HTTP/1.1" 404 1018
66.249.64.171 - - [08/Nov/2014:11:34:32 -0500] "GET /BLA/resoluciones/AUTOS%202010/5219.pdf HTTP/1.1" 200 323366
190.12.155.67 - - [08/Nov/2014:11:34:32 -0500] "GET /galeria/bibloteca/contentflow.js HTTP/1.1" 200 42804
190.12.155.67 - - [08/Nov/2014:11:34:35 -0500] "GET /galeria/bibloteca/contentflow.css HTTP/1.1" 200 3201
190.12.155.67 - - [08/Nov/2014:11:34:36 -0500] "GET /galeria/bibloteca/mycontentflow.css HTTP/1.1" 200 3110
190.12.155.67 - - [08/Nov/2014:11:34:36 -0500] "GET /galeria/bibloteca/ContentFlowAddOn_white.js HTTP/1.1" 200 2497
190.12.155.67 - - [08/Nov/2014:11:34:36 -0500] "GET /galeria/bibloteca/ContentFlowAddOn_white.css HTTP/1.1" 200 3355
190.12.155.67 - - [08/Nov/2014:11:34:36 -0500] "GET /galeria/bibloteca/img/loader.gif HTTP/1.1" 200 8238
190.12.155.67 - - [08/Nov/2014:11:34:37 -0500] "GET /galeria/bibloteca/img/scrollbar_white.png HTTP/1.1" 200 82
190.12.155.67 - - [08/Nov/2014:11:34:37 -0500] "GET /galeria/bibloteca/img/slider_white.png HTTP/1.1" 200 178
190.12.155.67 - - [08/Nov/2014:11:34:41 -0500] "GET /galeria/bibloteca/img/scrollbar_black.png HTTP/1.1" 200 82
190.12.155.67 - - [08/Nov/2014:11:34:41 -0500] "GET /galeria/bibloteca/img/slider_black.png HTTP/1.1" 200 175
190.12.155.67 - - [08/Nov/2014:11:34:41 -0500] "GET /galeria/bibloteca/img/1x1_0.5_white.png HTTP/1.1" 200 82
190.12.155.67 - - [08/Nov/2014:11:34:41 -0500] "GET /galeria/bibloteca/img/ajax-loader.gif HTTP/1.1" 200 9427
186.93.4.90 - - [08/Nov/2014:11:34:46 -0500] "GET /BLA/boletinlegal/js/jquery.js HTTP/1.1" 200 57254
186.93.4.90 - - [08/Nov/2014:11:34:46 -0500] "GET /BLA/boletinlegal/js/jquery.scrollTo-min.js HTTP/1.1" 200 1150
186.93.4.90 - - [08/Nov/2014:11:34:46 -0500] "GET /BLA/boletinlegal/js/jquery.scrollShow.js HTTP/1.1" 200 4586
66.249.64.163 - - [08/Nov/2014:11:35:21 -0500] "GET /portel_dama/libreria/php/Nueva%20carpeta/ HTTP/1.1" 404 1018
66.249.64.171 - - [08/Nov/2014:11:35:34 -0500] "GET /BLA/resoluciones/RESOLUCIONES%202010/0093.pdf HTTP/1.1" 200 510413
66.249.64.167 - - [08/Nov/2014:11:35:38 -0500] "GET /BLA/resoluciones/RESOLUCIONES%202010/1232.pdf HTTP/1.1" 200 136620
74.86.158.107 - - [08/Nov/2014:11:35:51 -0500] "HEAD / HTTP/1.1" 302 -
190.143.25.65 - - [08/Nov/2014:11:35:59 -0500] "POST /forms/lservlet;jsessionid=ac16012b30d508203b4a63184f1e98cd9c5b8b1ca936.e3iSbxaKaheRe34Sa3yKbhiTahb0n6jAmljGr5XDqQLvpAe HTTP/1.1" 200 2
190.104.26.6 - - [08/Nov/2014:11:36:12 -0500] "GET /BLA/boletinlegal/js/jquery.js HTTP/1.1" 200 57254
190.104.26.6 - - [08/Nov/2014:11:36:12 -0500] "GET /BLA/boletinlegal/js/jquery.scrollShow.js HTTP/1.1" 200 4586
190.104.26.6 - - [08/Nov/2014:11:36:12 -0500] "GET /BLA/boletinlegal/js/jquery.scrollTo-min.js HTTP/1.1" 200 1150
190.104.26.6 - - [08/Nov/2014:11:36:12 -0500] "GET /galeria/carrusel/Carrusel/jquery.thumbnailScroller.css HTTP/1.1" 200 2066
190.104.26.6 - - [08/Nov/2014:11:36:12 -0500] "GET /galeria/carrusel/Carrusel/jquery-ui-1.8.13.custom.min.js HTTP/1.1" 200 10800
190.104.26.6 - - [08/Nov/2014:11:36:12 -0500] "GET /galeria/carrusel/Carrusel/jquery.thumbnailScroller.js HTTP/1.1" 200 8157
190.104.26.6 - - [08/Nov/2014:11:36:24 -0500] "GET /galeria/nivo-slider/demo/demo.html HTTP/1.1" 200 3542
190.104.26.6 - - [08/Nov/2014:11:36:25 -0500] "GET /galeria/nivo-slider/themes/pascal/pascal.css HTTP/1.1" 200 2258
190.104.26.6 - - [08/Nov/2014:11:36:25 -0500] "GET /galeria/nivo-slider/themes/default/default.css HTTP/1.1" 200 1569
190.104.26.6 - - [08/Nov/2014:11:36:25 -0500] "GET /galeria/nivo-slider/demo/style.css HTTP/1.1" 200 2222
190.104.26.6 - - [08/Nov/2014:11:36:25 -0500] "GET /galeria/nivo-slider/nivo-slider.css HTTP/1.1" 200 1507
190.104.26.6 - - [08/Nov/2014:11:36:25 -0500] "GET /galeria/nivo-slider/themes/orman/orman.css HTTP/1.1" 200 2152
190.104.26.6 - - [08/Nov/2014:11:36:26 -0500] "GET /galeria/nivo-slider/demo/images/Banner-comparendo.jpg HTTP/1.1" 200 388762
190.104.26.6 - - [08/Nov/2014:11:36:26 -0500] "GET /galeria/nivo-slider/demo/images/Banner-Ecourbanismo.jpg HTTP/1.1" 200 189838
190.104.26.6 - - [08/Nov/2014:11:36:26 -0500] "GET /galeria/nivo-slider/demo/images/banner-aceite3.jpg HTTP/1.1" 200 88347
190.104.26.6 - - [08/Nov/2014:11:36:26 -0500] "GET /galeria/nivo-slider/demo/images/porloshumedales.jpg HTTP/1.1" 200 351238
190.104.26.6 - - [08/Nov/2014:11:36:26 -0500] "GET /galeria/nivo-slider/demo/images/Banner-Caracol-Africano.jpg HTTP/1.1" 200 331986
190.104.26.6 - - [08/Nov/2014:11:36:26 -0500] "GET /galeria/nivo-slider/demo/images/Tingua-azul.jpg HTTP/1.1" 200 307638
190.104.26.6 - - [08/Nov/2014:11:36:29 -0500] "GET /galeria/nivo-slider/demo/images/banner-redes.jpg HTTP/1.1" 200 62209
190.104.26.6 - - [08/Nov/2014:11:36:29 -0500] "GET /galeria/nivo-slider/demo/images/9Signos.jpg HTTP/1.1" 200 93040
190.104.26.6 - - [08/Nov/2014:11:36:32 -0500] "GET /galeria/nivo-slider/demo/images/banner-llantas2.jpg HTTP/1.1" 200 73153
190.104.26.6 - - [08/Nov/2014:11:36:32 -0500] "GET /galeria/nivo-slider/demo/images/banner-caballos.png HTTP/1.1" 200 389106
190.104.26.6 - - [08/Nov/2014:11:36:37 -0500] "GET /galeria/nivo-slider/demo/images/Hacienda_Molinos.jpg HTTP/1.1" 200 319171
66.249.64.163 - - [08/Nov/2014:11:36:37 -0500] "GET /BLA/resoluciones/AUTOS%202009/3329.pdf HTTP/1.1" 200 202239
66.249.64.171 - - [08/Nov/2014:11:36:38 -0500] "GET /counter/digits/led/ HTTP/1.1" 404 1018
190.104.26.6 - - [08/Nov/2014:11:36:38 -0500] "GET /galeria/nivo-slider/demo/images/bannerEcolecta3.jpg HTTP/1.1" 200 280034
190.104.26.6 - - [08/Nov/2014:11:36:44 -0500] "GET /galeria/nivo-slider/demo/scripts/jquery-1.7.1.min.js HTTP/1.1" 200 93868
190.104.26.6 - - [08/Nov/2014:11:36:46 -0500] "GET /galeria/nivo-slider/jquery.nivo.slider.pack.js HTTP/1.1" 200 11561
190.104.26.6 - - [08/Nov/2014:11:36:46 -0500] "GET /galeria/nivo-slider/demo/images/4Simple_Slider.png HTTP/1.1" 200 11722
190.104.26.6 - - [08/Nov/2014:11:36:47 -0500] "GET /galeria/nivo-slider/themes/default/loading.gif HTTP/1.1" 200 1737
66.249.64.167 - - [08/Nov/2014:11:37:16 -0500] "GET /portel_dama/libreria/php/2006/ECOSISTEMAS%20FINAL%20web_mz27/x%20restauracion/ HTTP/1.1" 404 1018
66.249.64.167 - - [08/Nov/2014:11:37:40 -0500] "GET /BLA/resoluciones/AUTOS%202012/0958.pdf HTTP/1.1" 200 172244
186.155.132.26 - - [08/Nov/2014:11:37:52 -0500] "GET /BLA/boletinlegal/js/jquery.js HTTP/1.1" 200 57254
186.155.132.26 - - [08/Nov/2014:11:37:52 -0500] "GET /BLA/boletinlegal/js/jquery.scrollShow.js HTTP/1.1" 200 4586
186.155.132.26 - - [08/Nov/2014:11:37:52 -0500] "GET /BLA/boletinlegal/js/jquery.scrollTo-min.js HTTP/1.1" 200 1150
66.249.64.171 - - [08/Nov/2014:11:37:55 -0500] "GET /portel_dama/libreria/php/2006/ECOSISTEMAS%20FINAL%20web_mz27/incendios/ HTTP/1.1" 404 1018
190.143.25.65 - - [08/Nov/2014:11:37:59 -0500] "POST /forms/lservlet;jsessionid=ac16012b30d508203b4a63184f1e98cd9c5b8b1ca936.e3iSbxaKaheRe34Sa3yKbhiTahb0n6jAmljGr5XDqQLvpAe HTTP/1.1" 200 2
180.76.5.223 - - [08/Nov/2014:11:38:12 -0500] "GET /BLA/resoluciones/RESOLUCIONES%202011/0352.pdf HTTP/1.1" 200 71951
190.96.203.184 - - [08/Nov/2014:11:38:25 -0500] "GET /BLA/resoluciones/RESOLUCIONES%202007/RES%202007%201901%20AL%202000/RESOLUCION%201945%20DE%202007.pdf HTTP/1.1" 200 604120
66.249.64.171 - - [08/Nov/2014:11:38:33 -0500] "GET /portel_dama/libreria/pdf/varios2006/ HTTP/1.1" 404 1018
66.249.64.171 - - [08/Nov/2014:11:38:42 -0500] "GET /BLA/resoluciones/AUTOS%202009/3369.pdf HTTP/1.1" 200 208792
200.93.135.156 - - [08/Nov/2014:11:39:03 -0500] "GET /portalsiaccapacitaciones/Listas%20de%20Asistencia%202014 HTTP/1.1" 301 351
200.93.135.156 - - [08/Nov/2014:11:39:03 -0500] "GET /portalsiaccapacitaciones/Listas%20de%20Asistencia%202014/ HTTP/1.1" 200 4774
200.93.135.156 - - [08/Nov/2014:11:39:03 -0500] "GET /icons/blank.gif HTTP/1.1" 200 148
200.93.135.156 - - [08/Nov/2014:11:39:03 -0500] "GET /icons/back.gif HTTP/1.1" 200 216
200.93.135.156 - - [08/Nov/2014:11:39:03 -0500] "GET /icons/layout.gif HTTP/1.1" 200 276
186.91.198.103 - - [08/Nov/2014:11:39:06 -0500] "GET /BLA/boletinlegal/js/jquery.js HTTP/1.1" 200 57254
186.91.198.103 - - [08/Nov/2014:11:39:06 -0500] "GET /BLA/boletinlegal/js/jquery.scrollTo-min.js HTTP/1.1" 200 1150
186.91.198.103 - - [08/Nov/2014:11:39:06 -0500] "GET /BLA/boletinlegal/js/jquery.scrollShow.js HTTP/1.1" 200 4586
200.93.135.156 - - [08/Nov/2014:11:39:09 -0500] "GET /portalsiaccapacitaciones/Listas%20de%20Asistencia%202014/Lista%20de%20Asistencia%20Sesi%c3%b3n%201.%20Gesti%c3%b3n%20Ambiental%2009-04-2014.pdf HTTP/1.1" 200 3041774
200.93.135.156 - - [08/Nov/2014:11:39:34 -0500] "GET /portalsiaccapacitaciones/Listas%20de%20Asistencia%202014/Lista%20de%20Asistencia%20Sesi%c3%b3n%202.%20Sistema%20Integrado%20de%20Gesti%c3%b3n%2029-04-2014.pdf HTTP/1.1" 200 3130625
66.249.64.167 - - [08/Nov/2014:11:39:45 -0500] "GET /BLA/resoluciones/AUTOS%202009/3393.pdf HTTP/1.1" 200 97036
66.249.64.163 - - [08/Nov/2014:11:39:50 -0500] "GET /portel_dama/libreria/php/2006/ECOSISTEMAS%20FINAL%20web_mz27/x%20ruralidad/cabezotes/ HTTP/1.1" 404 1018
200.93.135.156 - - [08/Nov/2014:11:39:52 -0500] "GET /portalsiaccapacitaciones/Listas%20de%20Asistencia%202014/Lista%20de%20Asistencia%20Sesi%c3%b3n%203.%20Sistemas%20de%20Gesti%c3%b3n%2013-05-2014.pdf HTTP/1.1" 200 3330263
190.143.25.65 - - [08/Nov/2014:11:39:59 -0500] "POST /forms/lservlet;jsessionid=ac16012b30d508203b4a63184f1e98cd9c5b8b1ca936.e3iSbxaKaheRe34Sa3yKbhiTahb0n6jAmljGr5XDqQLvpAe HTTP/1.1" 200 2
200.93.135.156 - - [08/Nov/2014:11:40:15 -0500] "GET /portalsiaccapacitaciones/Listas%20de%20Asistencia%202014/Lista%20de%20Asistencia%20Sesi%c3%b3n%203.%20Sistemas%20de%20Gesti%c3%b3n%20II%2013-05-2014.pdf HTTP/1.1" 200 3330263
190.85.246.9 - - [08/Nov/2014:11:40:28 -0500] "GET /BLA/boletinlegal/js/jquery.js HTTP/1.1" 200 57254
190.85.246.9 - - [08/Nov/2014:11:40:28 -0500] "GET /BLA/boletinlegal/js/jquery.scrollTo-min.js HTTP/1.1" 200 1150
190.85.246.9 - - [08/Nov/2014:11:40:28 -0500] "GET /BLA/boletinlegal/js/jquery.scrollShow.js HTTP/1.1" 200 4586
190.85.246.9 - - [08/Nov/2014:11:40:28 -0500] "GET /galeria/carrusel/Carrusel/jquery.thumbnailScroller.css HTTP/1.1" 200 2066
190.85.246.9 - - [08/Nov/2014:11:40:28 -0500] "GET /galeria/carrusel/Carrusel/jquery-ui-1.8.13.custom.min.js HTTP/1.1" 200 10800
190.85.246.9 - - [08/Nov/2014:11:40:28 -0500] "GET /galeria/carrusel/Carrusel/jquery.thumbnailScroller.js HTTP/1.1" 200 8157
190.85.246.9 - - [08/Nov/2014:11:40:28 -0500] "GET /galeria/nivo-slider/demo/demo.html HTTP/1.1" 200 3542
190.85.246.9 - - [08/Nov/2014:11:40:28 -0500] "GET /galeria/nivo-slider/themes/default/default.css HTTP/1.1" 200 1569
190.85.246.9 - - [08/Nov/2014:11:40:28 -0500] "GET /galeria/nivo-slider/themes/pascal/pascal.css HTTP/1.1" 200 2258
190.85.246.9 - - [08/Nov/2014:11:40:28 -0500] "GET /galeria/nivo-slider/themes/orman/orman.css HTTP/1.1" 200 2152
190.85.246.9 - - [08/Nov/2014:11:40:28 -0500] "GET /galeria/nivo-slider/nivo-slider.css HTTP/1.1" 200 1507
190.85.246.9 - - [08/Nov/2014:11:40:28 -0500] "GET /galeria/nivo-slider/demo/style.css HTTP/1.1" 200 2222
190.85.246.9 - - [08/Nov/2014:11:40:28 -0500] "GET /galeria/nivo-slider/demo/images/Banner-comparendo.jpg HTTP/1.1" 200 388762
190.85.246.9 - - [08/Nov/2014:11:40:28 -0500] "GET /galeria/nivo-slider/demo/images/Banner-Ecourbanismo.jpg HTTP/1.1" 200 189838
190.85.246.9 - - [08/Nov/2014:11:40:28 -0500] "GET /galeria/nivo-slider/demo/images/porloshumedales.jpg HTTP/1.1" 200 351238
190.85.246.9 - - [08/Nov/2014:11:40:28 -0500] "GET /galeria/nivo-slider/demo/images/banner-aceite3.jpg HTTP/1.1" 200 88347
190.85.246.9 - - [08/Nov/2014:11:40:28 -0500] "GET /galeria/nivo-slider/demo/images/Tingua-azul.jpg HTTP/1.1" 200 307638
190.85.246.9 - - [08/Nov/2014:11:40:28 -0500] "GET /galeria/nivo-slider/demo/images/Banner-Caracol-Africano.jpg HTTP/1.1" 200 331986
190.85.246.9 - - [08/Nov/2014:11:40:29 -0500] "GET /galeria/nivo-slider/demo/images/banner-redes.jpg HTTP/1.1" 200 62209
190.85.246.9 - - [08/Nov/2014:11:40:29 -0500] "GET /galeria/nivo-slider/demo/images/9Signos.jpg HTTP/1.1" 200 93040
190.85.246.9 - - [08/Nov/2014:11:40:29 -0500] "GET /galeria/nivo-slider/demo/images/banner-llantas2.jpg HTTP/1.1" 200 73153
190.85.246.9 - - [08/Nov/2014:11:40:29 -0500] "GET /galeria/nivo-slider/demo/images/banner-caballos.png HTTP/1.1" 200 389106
190.85.246.9 - - [08/Nov/2014:11:40:29 -0500] "GET /galeria/nivo-slider/demo/images/Hacienda_Molinos.jpg HTTP/1.1" 200 319171
190.85.246.9 - - [08/Nov/2014:11:40:30 -0500] "GET /galeria/nivo-slider/demo/images/bannerEcolecta3.jpg HTTP/1.1" 200 280034
190.85.246.9 - - [08/Nov/2014:11:40:30 -0500] "GET /galeria/nivo-slider/demo/scripts/jquery-1.7.1.min.js HTTP/1.1" 200 93868
190.85.246.9 - - [08/Nov/2014:11:40:30 -0500] "GET /galeria/nivo-slider/jquery.nivo.slider.pack.js HTTP/1.1" 200 11561
190.85.246.9 - - [08/Nov/2014:11:40:31 -0500] "GET /galeria/nivo-slider/demo/images/4Simple_Slider.png HTTP/1.1" 200 11722
190.85.246.9 - - [08/Nov/2014:11:40:31 -0500] "GET /galeria/nivo-slider/themes/default/loading.gif HTTP/1.1" 200 1737
190.85.246.9 - - [08/Nov/2014:11:40:32 -0500] "GET /galeria/nivo-slider/themes/default/arrows.png HTTP/1.1" 200 824
190.85.246.9 - - [08/Nov/2014:11:40:32 -0500] "GET /galeria/nivo-slider/themes/default/bullets.png HTTP/1.1" 200 1281
66.249.64.163 - - [08/Nov/2014:11:40:47 -0500] "GET /BLA/resoluciones/AUTOS%202009/3398.pdf HTTP/1.1" 200 96128
74.86.158.107 - - [08/Nov/2014:11:40:51 -0500] "HEAD / HTTP/1.1" 302 -
66.249.64.167 - - [08/Nov/2014:11:41:06 -0500] "GET /counter/digits/katt007/ HTTP/1.1" 404 1018
190.156.91.128 - - [08/Nov/2014:11:41:07 -0500] "GET /BLA/boletinlegal/js/jquery.js HTTP/1.1" 200 57254
190.156.91.128 - - [08/Nov/2014:11:41:07 -0500] "GET /BLA/boletinlegal/js/jquery.scrollTo-min.js HTTP/1.1" 200 1150
190.156.91.128 - - [08/Nov/2014:11:41:07 -0500] "GET /BLA/boletinlegal/js/jquery.scrollShow.js HTTP/1.1" 200 4586
92.48.105.158 - - [08/Nov/2014:11:41:17 -0500] "GET /wp-admin/ HTTP/1.1" 404 1018
200.93.135.156 - - [08/Nov/2014:11:41:28 -0500] "GET /portalsiaccapacitaciones/Listas%20de%20Asistencia%202014/Lista%20de%20Asistencia%20Sesi%c3%b3n%204.%20Gesti%c3%b3n%20Ambiental%20II%2027-05-14.pdf HTTP/1.1" 200 545056
186.29.159.104 - - [08/Nov/2014:11:41:36 -0500] "GET /BLA/boletinlegal/js/jquery.scrollShow.js HTTP/1.1" 200 4586
186.29.159.104 - - [08/Nov/2014:11:41:36 -0500] "GET /BLA/boletinlegal/js/jquery.scrollTo-min.js HTTP/1.1" 200 1150
186.29.159.104 - - [08/Nov/2014:11:41:36 -0500] "GET /BLA/boletinlegal/js/jquery.js HTTP/1.1" 200 57254
180.76.5.189 - - [08/Nov/2014:11:41:38 -0500] "GET /BLA/resoluciones/RESOLUCIONES%202011/1812.pdf HTTP/1.1" 200 517834
186.29.48.18 - - [08/Nov/2014:11:41:41 -0500] "GET /BLA/boletinlegal/js/jquery.js HTTP/1.1" 200 57254
186.29.48.18 - - [08/Nov/2014:11:41:41 -0500] "GET /BLA/boletinlegal/js/jquery.scrollTo-min.js HTTP/1.1" 200 1150
186.29.48.18 - - [08/Nov/2014:11:41:41 -0500] "GET /BLA/boletinlegal/js/jquery.scrollShow.js HTTP/1.1" 200 4586
200.93.135.156 - - [08/Nov/2014:11:41:42 -0500] "GET /portalsiaccapacitaciones/Listas%20de%20Asistencia%202014/Lista%20de%20Asistencia%20Sesi%c3%b3n%206.%20Indicadores%2010-08-14.pdf HTTP/1.1" 200 7507098
66.249.64.163 - - [08/Nov/2014:11:41:53 -0500] "GET /BLA/resoluciones/AUTOS%202009/2231.pdf HTTP/1.1" 200 122843
190.143.25.65 - - [08/Nov/2014:11:41:59 -0500] "POST /forms/lservlet;jsessionid=ac16012b30d508203b4a63184f1e98cd9c5b8b1ca936.e3iSbxaKaheRe34Sa3yKbhiTahb0n6jAmljGr5XDqQLvpAe HTTP/1.1" 200 2
200.93.135.156 - - [08/Nov/2014:11:42:11 -0500] "GET /portalsiaccapacitaciones/Listas%20de%20Asistencia%202014/Lista%20de%20Asistencia%20Sesi%c3%b3n%209.%20Residuos%20Especiales%2030-09-14.pdf HTTP/1.1" 200 1483316
180.76.6.153 - - [08/Nov/2014:11:42:13 -0500] "GET /BLA/resoluciones/RESOLUCIONES%202011/3333.pdf HTTP/1.1" 200 750476
190.252.52.132 - - [08/Nov/2014:11:42:14 -0500] "GET /BLA/boletinlegal/js/jquery.js HTTP/1.1" 200 57254
190.252.52.132 - - [08/Nov/2014:11:42:14 -0500] "GET /galeria/carrusel/Carrusel/jquery.thumbnailScroller.css HTTP/1.1" 200 2066
190.252.52.132 - - [08/Nov/2014:11:42:14 -0500] "GET /BLA/boletinlegal/js/jquery.scrollShow.js HTTP/1.1" 200 4586
190.252.52.132 - - [08/Nov/2014:11:42:14 -0500] "GET /galeria/carrusel/Carrusel/jquery-ui-1.8.13.custom.min.js HTTP/1.1" 200 10800
190.252.52.132 - - [08/Nov/2014:11:42:15 -0500] "GET /galeria/carrusel/Carrusel/jquery.thumbnailScroller.js HTTP/1.1" 200 8157
190.252.52.132 - - [08/Nov/2014:11:42:15 -0500] "GET /BLA/boletinlegal/js/jquery.scrollTo-min.js HTTP/1.1" 200 1150
66.249.64.167 - - [08/Nov/2014:11:42:23 -0500] "GET /counter/digits/web2/ HTTP/1.1" 404 1018
200.93.135.156 - - [08/Nov/2014:11:42:27 -0500] "GET /portalsiaccapacitaciones/Listas%20de%20Asistencia%202014/Lista%20de%20Asistencia%20Sesi%c3%b3n%2010.%20Residuos%20L%c3%adquidos%20y%20Emisiones%20Atmosf%c3%a9ricas%2014-10-14.pdf HTTP/1.1" 200 1839809
190.252.52.132 - - [08/Nov/2014:11:42:38 -0500] "GET /galeria/nivo-slider/demo/demo.html HTTP/1.1" 200 3542
190.252.52.132 - - [08/Nov/2014:11:42:39 -0500] "GET /galeria/nivo-slider/themes/default/default.css HTTP/1.1" 200 1569
190.27.117.151 - - [08/Nov/2014:11:42:39 -0500] "GET /crossdomain.xml HTTP/1.1" 404 1184
190.27.117.151 - - [08/Nov/2014:11:42:40 -0500] "GET /arcgis/services/Calidad_del_Agua_WQI/MapServer/WMSServer?WIDTH=1280&LAYERS=3%2C4%2C5%2C6%2C7&BBOX=%2D74%2E09291446192843%2C4%2E572857095804741%2C%2D74%2E07768591149112%2C4%2E579935992297086&HEIGHT=595&VERSION=1%2E1%2E1&SERVICE=WMS&FORMAT=image%2Fpng&SRS=EPSG%3A4686&REQUEST=GetMap&TRANSPARENT=TRUE&STYLES= HTTP/1.1" 200 6724
190.252.52.132 - - [08/Nov/2014:11:42:41 -0500] "GET /galeria/nivo-slider/demo/scripts/jquery-1.7.1.min.js HTTP/1.1" 200 93868
190.252.52.132 - - [08/Nov/2014:11:42:42 -0500] "GET /galeria/nivo-slider/themes/pascal/pascal.css HTTP/1.1" 200 2258
181.209.246.225 - - [08/Nov/2014:11:42:42 -0500] "GET /BLA/boletinlegal/js/jquery.js HTTP/1.1" 200 57254
181.209.246.225 - - [08/Nov/2014:11:42:42 -0500] "GET /BLA/boletinlegal/js/jquery.scrollTo-min.js HTTP/1.1" 200 1150
181.209.246.225 - - [08/Nov/2014:11:42:42 -0500] "GET /BLA/boletinlegal/js/jquery.scrollShow.js HTTP/1.1" 200 4586
190.252.52.132 - - [08/Nov/2014:11:42:42 -0500] "GET /galeria/nivo-slider/nivo-slider.css HTTP/1.1" 200 1507
190.252.52.132 - - [08/Nov/2014:11:42:43 -0500] "GET /galeria/nivo-slider/demo/style.css HTTP/1.1" 200 2222
190.252.52.132 - - [08/Nov/2014:11:42:46 -0500] "GET /galeria/nivo-slider/themes/orman/orman.css HTTP/1.1" 200 2152
190.27.117.151 - - [08/Nov/2014:11:42:46 -0500] "GET /arcgis/services/Calidad_del_Agua_WQI/MapServer/WMSServer?WIDTH=1280&LAYERS=3%2C4%2C5%2C6%2C7&BBOX=%2D74%2E09199759974047%2C4%2E573423284499142%2C%2D74%2E07676904930315%2C4%2E580502180991487&HEIGHT=595&VERSION=1%2E1%2E1&SERVICE=WMS&FORMAT=image%2Fpng&SRS=EPSG%3A4686&REQUEST=GetMap&TRANSPARENT=TRUE&STYLES= HTTP/1.1" 200 6593
200.93.135.156 - - [08/Nov/2014:11:42:48 -0500] "GET /portalsiaccapacitaciones/Listas%20de%20Asistencia%202014/Lista%20de%20Asistencia%20Sesi%c3%b3n%2011.%20Educaci%c3%b3n%20Ambiental%2021-10-14.pdf HTTP/1.1" 200 1353284
190.156.20.254 - - [08/Nov/2014:11:42:49 -0500] "GET /BLA/boletinlegal/js/jquery.scrollTo-min.js HTTP/1.1" 200 1150
190.156.20.254 - - [08/Nov/2014:11:42:49 -0500] "GET /BLA/boletinlegal/js/jquery.scrollShow.js HTTP/1.1" 200 4586
190.156.20.254 - - [08/Nov/2014:11:42:49 -0500] "GET /BLA/boletinlegal/js/jquery.js HTTP/1.1" 200 57254
190.27.117.151 - - [08/Nov/2014:11:42:51 -0500] "GET /crossdomain.xml HTTP/1.1" 404 1184
190.27.117.151 - - [08/Nov/2014:11:42:51 -0500] "GET /arcgis/services/Calidad_del_Agua_WQI/MapServer/WMSServer?WIDTH=1280&LAYERS=3%2C4%2C5%2C6%2C7&BBOX=%2D74%2E0936534366651%2C4%2E574248259735416%2C%2D74%2E07842488622778%2C4%2E581327156227761&HEIGHT=595&VERSION=1%2E1%2E1&SERVICE=WMS&FORMAT=image%2Fpng&SRS=EPSG%3A4686&REQUEST=GetMap&TRANSPARENT=TRUE&STYLES= HTTP/1.1" 200 6461
66.249.64.163 - - [08/Nov/2014:11:42:52 -0500] "GET /BLA/resoluciones/AUTOS%202009/2230.pdf HTTP/1.1" 200 122633
190.252.52.132 - - [08/Nov/2014:11:42:53 -0500] "GET /galeria/nivo-slider/demo/images/Banner-comparendo.jpg HTTP/1.1" 200 388762
190.252.52.132 - - [08/Nov/2014:11:42:53 -0500] "GET /galeria/nivo-slider/demo/images/Banner-Ecourbanismo.jpg HTTP/1.1" 200 189838
190.252.52.132 - - [08/Nov/2014:11:42:54 -0500] "GET /galeria/nivo-slider/demo/images/banner-aceite3.jpg HTTP/1.1" 200 88347
190.252.52.132 - - [08/Nov/2014:11:42:56 -0500] "GET /galeria/nivo-slider/demo/images/Tingua-azul.jpg HTTP/1.1" 200 307638
190.252.52.132 - - [08/Nov/2014:11:42:56 -0500] "GET /galeria/nivo-slider/demo/images/porloshumedales.jpg HTTP/1.1" 200 351238
190.252.52.132 - - [08/Nov/2014:11:42:58 -0500] "GET /galeria/nivo-slider/jquery.nivo.slider.pack.js HTTP/1.1" 200 11561
190.252.52.132 - - [08/Nov/2014:11:43:00 -0500] "GET /galeria/nivo-slider/demo/images/Banner-Caracol-Africano.jpg HTTP/1.1" 200 331986
200.93.135.156 - - [08/Nov/2014:11:43:01 -0500] "GET /portalsiaccapacitaciones/Listas%20de%20Asistencia%202014/Lista%20de%20Asistencia%20Sesi%c3%b3n%20Adicional.%20Movilidad%20Sostenible%20-%20Ecoconducci%c3%b3n%20Ma%c3%b1ana%2005-05-2014.pdf HTTP/1.1" 200 779095
66.249.64.171 - - [08/Nov/2014:11:43:01 -0500] "GET /counter/digits/smpaint/ HTTP/1.1" 404 1018
190.252.52.132 - - [08/Nov/2014:11:43:02 -0500] "GET /galeria/nivo-slider/demo/images/banner-redes.jpg HTTP/1.1" 200 62209
200.93.135.156 - - [08/Nov/2014:11:43:03 -0500] "GET /portalsiaccapacitaciones/Listas%20de%20Asistencia%202014/Lista%20de%20Asistencia%20Sesi%c3%b3n%20Adicional.%20Movilidad%20Sostenible%20-%20Ecoconducci%c3%b3n%20Ma%c3%b1ana%2005-05-2014.pdf HTTP/1.1" 200 779095
190.252.52.132 - - [08/Nov/2014:11:43:03 -0500] "GET /galeria/nivo-slider/demo/images/9Signos.jpg HTTP/1.1" 200 93040
190.252.52.132 - - [08/Nov/2014:11:43:04 -0500] "GET /galeria/nivo-slider/demo/images/banner-llantas2.jpg HTTP/1.1" 200 73153
190.252.52.132 - - [08/Nov/2014:11:43:05 -0500] "GET /galeria/nivo-slider/demo/images/banner-caballos.png HTTP/1.1" 200 389106
181.174.75.57 - - [08/Nov/2014:11:43:07 -0500] "GET /BLA/boletinlegal/js/jquery.js HTTP/1.1" 200 57254
181.174.75.57 - - [08/Nov/2014:11:43:07 -0500] "GET /BLA/boletinlegal/js/jquery.scrollTo-min.js HTTP/1.1" 200 1150
181.174.75.57 - - [08/Nov/2014:11:43:07 -0500] "GET /BLA/boletinlegal/js/jquery.scrollShow.js HTTP/1.1" 200 4586
190.74.96.105 - - [08/Nov/2014:11:43:10 -0500] "GET /BLA/boletinlegal/js/jquery.js HTTP/1.1" 200 57254
190.74.96.105 - - [08/Nov/2014:11:43:10 -0500] "GET /BLA/boletinlegal/js/jquery.scrollTo-min.js HTTP/1.1" 200 1150
190.74.96.105 - - [08/Nov/2014:11:43:10 -0500] "GET /BLA/boletinlegal/js/jquery.scrollShow.js HTTP/1.1" 200 4586
190.252.52.132 - - [08/Nov/2014:11:43:13 -0500] "GET /galeria/nivo-slider/demo/images/bannerEcolecta3.jpg HTTP/1.1" 200 280034
190.252.52.132 - - [08/Nov/2014:11:43:15 -0500] "GET /galeria/nivo-slider/themes/default/loading.gif HTTP/1.1" 200 1737
190.252.52.132 - - [08/Nov/2014:11:43:16 -0500] "GET /galeria/nivo-slider/demo/images/Hacienda_Molinos.jpg HTTP/1.1" 200 319171
200.93.135.156 - - [08/Nov/2014:11:43:17 -0500] "GET /portalsiaccapacitaciones/Listas%20de%20Asistencia%202014/Lista%20de%20Asistencia%20Sesi%c3%b3n%20Adicional.%20Movilidad%20Sostenible%20-%20Ecoconducci%c3%b3n%20Tarde%2005-05-2014.pdf HTTP/1.1" 200 767872
190.252.52.132 - - [08/Nov/2014:11:43:17 -0500] "GET /galeria/nivo-slider/demo/images/4Simple_Slider.png HTTP/1.1" 200 11722
190.26.211.114 - - [08/Nov/2014:11:43:20 -0500] "GET /BLA/boletinlegal/js/jquery.js HTTP/1.1" 200 57254
190.26.211.114 - - [08/Nov/2014:11:43:20 -0500] "GET /BLA/boletinlegal/js/jquery.scrollShow.js HTTP/1.1" 200 4586
190.26.211.114 - - [08/Nov/2014:11:43:20 -0500] "GET /BLA/boletinlegal/js/jquery.scrollTo-min.js HTTP/1.1" 200 1150
190.27.117.151 - - [08/Nov/2014:11:43:25 -0500] "GET /crossdomain.xml HTTP/1.1" 404 1184
190.27.117.151 - - [08/Nov/2014:11:43:25 -0500] "GET /arcgis/services/Calidad_del_Agua_WQI/MapServer/WMSServer?WIDTH=1280&LAYERS=3%2C4%2C5%2C6%2C7&BBOX=%2D74%2E09080782764651%2C4%2E572304886177544%2C%2D74%2E0755792772092%2C4%2E579383782669889&HEIGHT=595&VERSION=1%2E1%2E1&SERVICE=WMS&FORMAT=image%2Fpng&SRS=EPSG%3A4686&REQUEST=GetMap&TRANSPARENT=TRUE&STYLES= HTTP/1.1" 200 6755
190.27.117.151 - - [08/Nov/2014:11:43:26 -0500] "GET /arcgis/services/Calidad_del_Agua_WQI/MapServer/WMSServer?WIDTH=1280&LAYERS=3%2C4%2C5%2C6%2C7&BBOX=%2D74%2E08321734703792%2C4%2E57305441639438%2C%2D74%2E07712592686299%2C4%2E575885974991318&HEIGHT=595&VERSION=1%2E1%2E1&SERVICE=WMS&FORMAT=image%2Fpng&SRS=EPSG%3A4686&REQUEST=GetMap&TRANSPARENT=TRUE&STYLES= HTTP/1.1" 200 5636
190.27.117.151 - - [08/Nov/2014:11:43:30 -0500] "GET /arcgis/services/Calidad_del_Agua_WQI/MapServer/WMSServer?WIDTH=1280&LAYERS=3%2C4%2C5%2C6%2C7&BBOX=%2D74%2E08390307623162%2C4%2E5733924929264465%2C%2D74%2E0778116560567%2C4%2E5762240515233845&HEIGHT=595&VERSION=1%2E1%2E1&SERVICE=WMS&FORMAT=image%2Fpng&SRS=EPSG%3A4686&REQUEST=GetMap&TRANSPARENT=TRUE&STYLES= HTTP/1.1" 200 5609
200.93.135.156 - - [08/Nov/2014:11:43:33 -0500] "GET /portalsiaccapacitaciones/Listas%20de%20Asistencia%202014/Lista%20de%20Asistencia%20Socializaci%c3%b3n%20Actividades%202014%2004-03-2014.pdf HTTP/1.1" 200 509271
186.115.79.210 - - [08/Nov/2014:11:43:35 -0500] "GET / HTTP/1.1" 302 -
190.252.52.132 - - [08/Nov/2014:11:43:36 -0500] "GET /galeria/nivo-slider/themes/default/arrows.png HTTP/1.1" 200 824
190.27.117.151 - - [08/Nov/2014:11:43:37 -0500] "GET /crossdomain.xml HTTP/1.1" 404 1184
190.252.52.132 - - [08/Nov/2014:11:43:37 -0500] "GET /galeria/nivo-slider/themes/default/bullets.png HTTP/1.1" 200 1281
190.27.117.151 - - [08/Nov/2014:11:43:37 -0500] "GET /arcgis/services/Calidad_del_Agua_WQI/MapServer/WMSServer?WIDTH=1280&LAYERS=3%2C4%2C5%2C6%2C7&BBOX=%2D74%2E0866449487839%2C4%2E574013091553918%2C%2D74%2E08055352860897%2C4%2E576844650150856&HEIGHT=595&VERSION=1%2E1%2E1&SERVICE=WMS&FORMAT=image%2Fpng&SRS=EPSG%3A4686&REQUEST=GetMap&TRANSPARENT=TRUE&STYLES= HTTP/1.1" 200 6197
186.154.88.137 - - [08/Nov/2014:11:43:38 -0500] "GET /galeria/nivo-slider/demo/demo.html HTTP/1.1" 200 3542
186.115.79.210 - - [08/Nov/2014:11:43:38 -0500] "GET /BLA/boletinlegal/js/jquery.scrollTo-min.js HTTP/1.1" 200 1150
186.115.79.210 - - [08/Nov/2014:11:43:38 -0500] "GET /BLA/boletinlegal/js/jquery.js HTTP/1.1" 200 57254
