190.27.74.234 - - [08/Nov/2014:01:23:37 -0500] "GET /Report2/loading.jsp?migracion=111&id_rpt=17&currentTab=tab_2094&rnd=0.02585749499281942 HTTP/1.1" 200 35441
190.27.74.234 - - [08/Nov/2014:01:23:38 -0500] "GET /Report2/serviceListados.jsp?queryId=rpt/infxidC&informe=5&a=0.32986119017004967 HTTP/1.1" 200 216
190.27.74.234 - - [08/Nov/2014:01:23:38 -0500] "GET /Report2/serviceListados.jsp?queryId=rpt/entidadxidC&nit=102&a=0.5526544847525656 HTTP/1.1" 200 220
190.27.74.234 - - [08/Nov/2014:01:23:37 -0500] "GET /Report2/rpt.jsp?migracion=111&id_rpt=17&currentTab=tab_2094&rnd=0.8429358827738626 HTTP/1.1" 200 275650
190.27.74.234 - - [08/Nov/2014:01:23:38 -0500] "POST /Report2/infReportada.jsp?rdmMapa=147015 HTTP/1.1" 200 3839
66.249.65.119 - - [08/Nov/2014:01:23:45 -0500] "GET /BLA/resoluciones/RESOLUCIONES%202010/2112.pdf HTTP/1.1" 304 -
66.249.65.123 - - [08/Nov/2014:01:23:55 -0500] "GET /resoluciones/RESOLUCIONES%202008/1246.pdf HTTP/1.1" 404 1018
66.249.65.119 - - [08/Nov/2014:01:23:57 -0500] "GET /BLA/resoluciones/RESOLUCIONES%202010/7836.pdf HTTP/1.1" 304 -
66.249.65.115 - - [08/Nov/2014:01:24:08 -0500] "GET /BLA/resoluciones/RESOLUCIONES%202007/RES%202007%202001%20AL%202100/RESOLUCION%202020%20%20DE%202007.pdf HTTP/1.1" 304 -
190.27.74.234 - - [08/Nov/2014:01:24:05 -0500] "POST /Report2/parameter HTTP/1.1" 200 72180
190.27.74.234 - - [08/Nov/2014:01:24:09 -0500] "GET /Report2/parameter?action=runReportMDX&json=true&listdep=informe&id_rpt=17&param_nit=102 HTTP/1.1" 200 418
190.27.74.234 - - [08/Nov/2014:01:24:09 -0500] "GET /Report2/parameter?action=runReportMDX&json=true&listdep=FecBal&id_rpt=17&param_informe=5&param_nit=102 HTTP/1.1" 200 560
190.27.74.234 - - [08/Nov/2014:01:24:09 -0500] "GET /Report2/parameter?action=runReportMDX&json=true&listdep=formato&id_rpt=17&param_informe=5&param_nit=102&param_FecBal=2013-09-30 HTTP/1.1" 200 610
190.27.74.234 - - [08/Nov/2014:01:24:12 -0500] "GET /Report2/parameter?action=runReportMDX&json=true&listdep=formato&id_rpt=17&param_informe=5&param_nit=102&param_FecBal=2013-12-31 HTTP/1.1" 200 610
190.27.74.234 - - [08/Nov/2014:01:24:13 -0500] "POST /Report2/rptManage.jsp?migracion=111 HTTP/1.1" 200 615
190.27.74.234 - - [08/Nov/2014:01:24:16 -0500] "GET /Report2/loading.jsp?migracion=111&id_rpt=17&currentTab=tab_2094&rnd=0.4879075524451284 HTTP/1.1" 200 68208
190.27.74.234 - - [08/Nov/2014:01:24:16 -0500] "GET /Report2/rpt.jsp?migracion=111&id_rpt=17&currentTab=tab_2094&rnd=0.988208014962039 HTTP/1.1" 200 537794
190.27.74.234 - - [08/Nov/2014:01:24:18 -0500] "GET /Report2/serviceListados.jsp?queryId=rpt/infxidC&informe=5&a=0.807977213524282 HTTP/1.1" 200 216
190.27.74.234 - - [08/Nov/2014:01:24:18 -0500] "GET /Report2/serviceListados.jsp?queryId=rpt/entidadxidC&nit=102&a=0.11762240272946656 HTTP/1.1" 200 220
190.27.74.234 - - [08/Nov/2014:01:24:16 -0500] "POST /Report2/infReportada.jsp?rdmMapa=462706 HTTP/1.1" 200 3839
66.249.65.115 - - [08/Nov/2014:01:24:20 -0500] "GET /BLA/resoluciones/AUTOS%202013/3951.pdf HTTP/1.1" 304 -
66.249.65.123 - - [08/Nov/2014:01:24:29 -0500] "GET /BLA/resoluciones/RESOLUCIONES%202005/RES%202005%20151-200/00000178.tif HTTP/1.1" 200 172516
66.249.65.115 - - [08/Nov/2014:01:24:32 -0500] "GET /BLA/resoluciones/index.php?dir=RESOLUCIONES%202003/RES%202003%201901-1950/&sort=size&order=asc HTTP/1.1" 200 12158
66.249.65.115 - - [08/Nov/2014:01:24:43 -0500] "GET /BLA/resoluciones/RESOLUCIONES%202010/6628.pdf HTTP/1.1" 304 -
96.22.11.7 - - [08/Nov/2014:01:24:53 -0500] "GET / HTTP/1.1" 302 -
66.249.65.123 - - [08/Nov/2014:01:24:55 -0500] "GET /BLA/resoluciones/RESOLUCIONES%202010/2266.pdf HTTP/1.1" 304 -
201.245.192.253 - - [08/Nov/2014:01:24:57 -0500] "GET /fr/u.php?p=328546547221502&m=4591359691530816241&t=2592000 HTTP/1.1" 404 1480
201.245.192.253 - - [08/Nov/2014:01:24:59 -0500] "GET /plugins/like.php?locale=es_ES&href=http%3A%2F%2Fwww.facebook.com%2Fmsn&send=false&layout=button_count&width=450&show_faces=false&font&colorscheme=light&action=like&height=21 HTTP/1.1" 404 1312
66.249.65.115 - - [08/Nov/2014:01:25:06 -0500] "GET /BLA/resoluciones/RESOLUCIONES%202011/6454.pdf HTTP/1.1" 304 -
66.249.65.123 - - [08/Nov/2014:01:25:18 -0500] "GET /BLA/resoluciones/RESOLUCIONES%202007/RES%202007%20401%20AL%20500/RESOLUCION%200413%20DE%202007.pdf HTTP/1.1" 304 -
96.22.11.7 - - [08/Nov/2014:01:25:21 -0500] "GET / HTTP/1.1" 302 -
201.245.192.253 - - [08/Nov/2014:01:25:27 -0500] "GET /forest/skins/gdocs-jar/img/icons/p7z.gif HTTP/1.1" 304 -
66.249.65.123 - - [08/Nov/2014:01:25:30 -0500] "GET /BLA/resoluciones/index.php?dir=RESOLUCIONES%202007/RES%202007%204301%20AL%204352/&sort=size&order=desc HTTP/1.1" 200 14904
66.249.65.119 - - [08/Nov/2014:01:25:41 -0500] "GET /BLA/resoluciones/RESOLUCIONES%202010/5764.pdf HTTP/1.1" 200 300278
66.249.65.123 - - [08/Nov/2014:01:25:50 -0500] "GET /BLA/resoluciones/AUTOS%202009/1325.pdf HTTP/1.1" 200 73050
74.86.158.107 - - [08/Nov/2014:01:25:52 -0500] "HEAD / HTTP/1.1" 302 -
66.249.65.123 - - [08/Nov/2014:01:25:53 -0500] "GET /BLA/resoluciones/AUTOS%202013/2310.pdf HTTP/1.1" 304 -
96.22.11.7 - - [08/Nov/2014:01:25:55 -0500] "GET / HTTP/1.1" 302 -
96.22.11.7 - - [08/Nov/2014:01:25:56 -0500] "GET / HTTP/1.1" 302 -
66.249.65.123 - - [08/Nov/2014:01:26:05 -0500] "GET /BLA/resoluciones/AUTOS%202013/0375.pdf HTTP/1.1" 304 -
66.249.65.119 - - [08/Nov/2014:01:26:16 -0500] "GET /BLA/resoluciones/RESOLUCIONES%202010/5721.pdf HTTP/1.1" 304 -
66.249.65.119 - - [08/Nov/2014:01:26:17 -0500] "GET /BLA/resoluciones/AUTOS%202009/0553.pdf HTTP/1.1" 200 126484
96.22.11.7 - - [08/Nov/2014:01:26:28 -0500] "GET / HTTP/1.1" 302 -
66.249.65.119 - - [08/Nov/2014:01:26:28 -0500] "GET /BLA/resoluciones/RESOLUCIONES%202010/5591.pdf HTTP/1.1" 304 -
66.249.65.115 - - [08/Nov/2014:01:26:33 -0500] "GET /BLA/resoluciones/AUTOS%202009/1250.pdf HTTP/1.1" 200 99518
66.249.65.123 - - [08/Nov/2014:01:26:39 -0500] "GET /BLA/resoluciones/RESOLUCIONES%202010/6461.pdf HTTP/1.1" 200 37617
66.249.65.123 - - [08/Nov/2014:01:26:51 -0500] "GET /BLA/resoluciones/AUTOS%202013/1106.pdf HTTP/1.1" 200 2557398
96.22.11.7 - - [08/Nov/2014:01:26:55 -0500] "GET / HTTP/1.1" 302 -
66.249.65.123 - - [08/Nov/2014:01:27:03 -0500] "GET /BLA/resoluciones/AUTOS%202013/1689.pdf HTTP/1.1" 304 -
190.27.74.234 - - [08/Nov/2014:01:27:06 -0500] "POST /Report2/parameter HTTP/1.1" 200 137716
190.27.74.234 - - [08/Nov/2014:01:27:11 -0500] "GET /Report2/parameter?action=runReportMDX&json=true&listdep=informe&id_rpt=17&param_nit=102 HTTP/1.1" 200 418
190.27.74.234 - - [08/Nov/2014:01:27:11 -0500] "GET /Report2/parameter?action=runReportMDX&json=true&listdep=FecBal&id_rpt=17&param_informe=5&param_nit=102 HTTP/1.1" 200 560
190.27.74.234 - - [08/Nov/2014:01:27:11 -0500] "GET /Report2/parameter?action=runReportMDX&json=true&listdep=formato&id_rpt=17&param_informe=5&param_nit=102&param_FecBal=2013-12-31 HTTP/1.1" 200 610
66.249.65.123 - - [08/Nov/2014:01:27:14 -0500] "GET /BLA/resoluciones/RESOLUCIONES%202010/5748.pdf HTTP/1.1" 304 -
190.27.74.234 - - [08/Nov/2014:01:27:14 -0500] "GET /Report2/parameter?action=runReportMDX&json=true&listdep=formato&id_rpt=17&param_informe=5&param_nit=102&param_FecBal=2013-03-31 HTTP/1.1" 200 610
96.22.11.7 - - [08/Nov/2014:01:27:22 -0500] "GET / HTTP/1.1" 302 -
66.249.65.123 - - [08/Nov/2014:01:27:26 -0500] "GET /BLA/resoluciones/RESOLUCIONES%202009/7879.pdf HTTP/1.1" 304 -
157.55.39.118 - - [08/Nov/2014:01:27:28 -0500] "GET /videos/galeria-fotografica/index17.html? HTTP/1.1" 200 1971
190.27.74.234 - - [08/Nov/2014:01:27:25 -0500] "POST /Report2/rptManage.jsp?migracion=111 HTTP/1.1" 200 617
190.27.74.234 - - [08/Nov/2014:01:27:30 -0500] "GET /Report2/loading.jsp?migracion=111&id_rpt=17&currentTab=tab_2094&rnd=0.24781033693438204 HTTP/1.1" 200 133762
190.27.74.234 - - [08/Nov/2014:01:27:30 -0500] "POST /Report2/infReportada.jsp?rdmMapa=444582 HTTP/1.1" 200 8902
190.27.74.234 - - [08/Nov/2014:01:27:29 -0500] "GET /Report2/rpt.jsp?migracion=111&id_rpt=17&currentTab=tab_2094&rnd=0.5524793398380098 HTTP/1.1" 200 1062131
190.27.74.234 - - [08/Nov/2014:01:27:37 -0500] "GET /Report2/serviceListados.jsp?queryId=rpt/infxidC&informe=5&a=0.37416152260266244 HTTP/1.1" 200 216
190.27.74.234 - - [08/Nov/2014:01:27:37 -0500] "GET /Report2/serviceListados.jsp?queryId=rpt/entidadxidC&nit=102&a=0.24420269578695297 HTTP/1.1" 200 220
66.249.65.119 - - [08/Nov/2014:01:27:38 -0500] "GET /BLA/resoluciones/RESOLUCIONES%202010/5089.pdf HTTP/1.1" 200 690585
66.249.65.115 - - [08/Nov/2014:01:27:49 -0500] "GET /BLA/resoluciones/RESOLUCIONES%202010/6910.pdf HTTP/1.1" 304 -
201.245.192.253 - - [08/Nov/2014:01:27:53 -0500] "GET /forestReports/webcontent/birt/admin/img/popup/close.gif HTTP/1.1" 304 -
66.249.65.115 - - [08/Nov/2014:01:28:01 -0500] "GET /BLA/resoluciones/AUTOS%202013/1091.pdf HTTP/1.1" 304 -
66.249.65.123 - - [08/Nov/2014:01:28:02 -0500] "GET /BLA/resoluciones/RESOLUCIONES%202010/1785.pdf HTTP/1.1" 200 538744
186.84.145.82 - - [08/Nov/2014:01:28:04 -0500] "GET /BLA/boletinlegal/js/jquery.scrollShow.js HTTP/1.1" 200 4586
186.84.145.82 - - [08/Nov/2014:01:28:04 -0500] "GET /BLA/boletinlegal/js/jquery.js HTTP/1.1" 200 57254
186.84.145.82 - - [08/Nov/2014:01:28:04 -0500] "GET /BLA/boletinlegal/js/jquery.scrollTo-min.js HTTP/1.1" 200 1150
66.249.65.115 - - [08/Nov/2014:01:28:12 -0500] "GET /BLA/resoluciones/RESOLUCIONES%202009/0481.pdf HTTP/1.1" 304 -
188.240.139.244 - - [08/Nov/2014:01:28:24 -0500] "GET /auntentica.txt HTTP/1.1" 404 1153
66.249.65.119 - - [08/Nov/2014:01:28:24 -0500] "GET /BLA/resoluciones/RESOLUCIONES%202007/RES%202007%201101%20AL%201200/RESOLUCION%201141%20DE%202007.pdf HTTP/1.1" 304 -
66.249.65.123 - - [08/Nov/2014:01:28:36 -0500] "GET /BLA/resoluciones/RESOLUCIONES%202010/6492.pdf HTTP/1.1" 200 494997
66.249.65.123 - - [08/Nov/2014:01:28:47 -0500] "GET /BLA/resoluciones/RESOLUCIONES%202009/6285.pdf HTTP/1.1" 200 431577
66.249.65.119 - - [08/Nov/2014:01:28:59 -0500] "GET /BLA/resoluciones/RESOLUCIONES%202009/2955.pdf HTTP/1.1" 200 460561
66.249.65.115 - - [08/Nov/2014:01:29:11 -0500] "GET /BLA/resoluciones/RESOLUCIONES%202009/8675.pdf HTTP/1.1" 200 530993
66.249.65.119 - - [08/Nov/2014:01:29:22 -0500] "GET /BLA/resoluciones/RESOLUCIONES%202009/8692.pdf HTTP/1.1" 200 522144
66.249.65.119 - - [08/Nov/2014:01:29:34 -0500] "GET /BLA/resoluciones/RESOLUCIONES%202010/3977.pdf HTTP/1.1" 200 495107
66.249.65.115 - - [08/Nov/2014:01:29:46 -0500] "GET /BLA/resoluciones/RESOLUCIONES%202011/2981.pdf HTTP/1.1" 200 509150
66.249.65.119 - - [08/Nov/2014:01:29:57 -0500] "GET /BLA/resoluciones/RESOLUCIONES%202010/2828.pdf HTTP/1.1" 304 -
157.55.39.91 - - [08/Nov/2014:01:30:03 -0500] "GET /ecodirectorio/? HTTP/1.1" 200 4742
66.249.65.123 - - [08/Nov/2014:01:30:09 -0500] "GET /BLA/resoluciones/RESOLUCIONES%202010/3707.pdf HTTP/1.1" 200 768217
66.249.65.123 - - [08/Nov/2014:01:30:20 -0500] "GET /BLA/resoluciones/RESOLUCIONES%202011/1875.pdf HTTP/1.1" 200 468780
190.27.74.234 - - [08/Nov/2014:01:30:13 -0500] "POST /Report2/parameter HTTP/1.1" 200 268790
190.27.74.234 - - [08/Nov/2014:01:30:24 -0500] "GET /Report2/parameter?action=runReportMDX&json=true&listdep=informe&id_rpt=17&param_nit=102 HTTP/1.1" 200 418
190.27.74.234 - - [08/Nov/2014:01:30:25 -0500] "GET /Report2/parameter?action=runReportMDX&json=true&listdep=FecBal&id_rpt=17&param_informe=5&param_nit=102 HTTP/1.1" 200 560
190.27.74.234 - - [08/Nov/2014:01:30:25 -0500] "GET /Report2/parameter?action=runReportMDX&json=true&listdep=formato&id_rpt=17&param_informe=5&param_nit=102&param_FecBal=2013-03-31 HTTP/1.1" 200 610
201.245.192.253 - - [08/Nov/2014:01:30:28 -0500] "GET /ecodirectorio/files/res/pages/page_0137.swf HTTP/1.1" 304 -
190.27.74.234 - - [08/Nov/2014:01:30:29 -0500] "GET /Report2/parameter?action=runReportMDX&json=true&listdep=formato&id_rpt=17&param_informe=5&param_nit=102&param_FecBal=2013-06-30 HTTP/1.1" 200 610
66.249.65.123 - - [08/Nov/2014:01:30:32 -0500] "GET /BLA/resoluciones/AUTOS%202013/2119.pdf HTTP/1.1" 200 503654
201.245.192.253 - - [08/Nov/2014:01:30:40 -0500] "GET /ecodirectorio/files/res/pages/page_0127.swf HTTP/1.1" 304 -
190.27.74.234 - - [08/Nov/2014:01:30:32 -0500] "POST /Report2/rptManage.jsp?migracion=111 HTTP/1.1" 200 615
66.249.65.119 - - [08/Nov/2014:01:30:44 -0500] "GET /BLA/resoluciones/AUTOS%202013/1119.pdf HTTP/1.1" 200 1174305
186.82.185.55 - - [08/Nov/2014:01:30:44 -0500] "GET /BLA/boletinlegal/js/jquery.scrollTo-min.js HTTP/1.1" 200 1150
186.82.185.55 - - [08/Nov/2014:01:30:44 -0500] "GET /BLA/boletinlegal/js/jquery.js HTTP/1.1" 200 57254
186.82.185.55 - - [08/Nov/2014:01:30:44 -0500] "GET /BLA/boletinlegal/js/jquery.scrollShow.js HTTP/1.1" 200 4586
190.27.74.234 - - [08/Nov/2014:01:30:43 -0500] "GET /Report2/loading.jsp?migracion=111&id_rpt=17&currentTab=tab_2094&rnd=0.584675970529539 HTTP/1.1" 200 264833
201.245.192.253 - - [08/Nov/2014:01:30:46 -0500] "GET /ecodirectorio/files/res/pages/page_0133.swf HTTP/1.1" 304 -
74.86.158.107 - - [08/Nov/2014:01:30:52 -0500] "HEAD / HTTP/1.1" 302 -
66.249.65.123 - - [08/Nov/2014:01:30:55 -0500] "GET /BLA/resoluciones/RESOLUCIONES%202010/2639.pdf HTTP/1.1" 304 -
190.27.74.234 - - [08/Nov/2014:01:30:43 -0500] "GET /Report2/rpt.jsp?migracion=111&id_rpt=17&currentTab=tab_2094&rnd=0.3463824666579216 HTTP/1.1" 200 2110709
190.27.74.234 - - [08/Nov/2014:01:30:56 -0500] "GET /Report2/serviceListados.jsp?queryId=rpt/infxidC&informe=5&a=0.7651219819672406 HTTP/1.1" 200 216
190.27.74.234 - - [08/Nov/2014:01:30:57 -0500] "GET /Report2/serviceListados.jsp?queryId=rpt/entidadxidC&nit=102&a=0.06457801978103817 HTTP/1.1" 200 220
201.245.192.253 - - [08/Nov/2014:01:30:57 -0500] "GET /ecodirectorio/files/res/pages/page_0123.swf HTTP/1.1" 304 -
190.27.74.234 - - [08/Nov/2014:01:30:48 -0500] "POST /Report2/infReportada.jsp?rdmMapa=531878 HTTP/1.1" 200 8348
66.249.65.123 - - [08/Nov/2014:01:31:07 -0500] "GET /BLA/resoluciones/RESOLUCIONES%202010/2035.pdf HTTP/1.1" 304 -
66.249.65.115 - - [08/Nov/2014:01:31:18 -0500] "GET /BLA/resoluciones/AUTOS%202013/3592.pdf HTTP/1.1" 200 1042969
201.245.192.253 - - [08/Nov/2014:01:31:23 -0500] "GET /ecodirectorio/files/res/pages/page_0138.swf HTTP/1.1" 304 -
201.245.192.253 - - [08/Nov/2014:01:31:27 -0500] "GET /ecodirectorio/files/res/pages/page_0126.swf HTTP/1.1" 304 -
66.249.65.115 - - [08/Nov/2014:01:31:30 -0500] "GET /BLA/resoluciones/RESOLUCIONES%202010/7081.pdf HTTP/1.1" 200 65679
201.245.192.253 - - [08/Nov/2014:01:31:35 -0500] "GET /ecodirectorio/files/res/pages/page_0128.swf HTTP/1.1" 304 -
66.249.65.123 - - [08/Nov/2014:01:31:42 -0500] "GET /BLA/resoluciones/RESOLUCIONES%202010/4746.pdf HTTP/1.1" 304 -
201.245.192.253 - - [08/Nov/2014:01:31:46 -0500] "GET /ecodirectorio/files/res/pages/page_0131.swf HTTP/1.1" 304 -
66.249.65.115 - - [08/Nov/2014:01:31:53 -0500] "GET /BLA/resoluciones/RESOLUCIONES%202010/0635.pdf HTTP/1.1" 200 533013
190.27.74.234 - - [08/Nov/2014:01:31:43 -0500] "POST /Report2/parameter HTTP/1.1" 200 75
201.245.192.253 - - [08/Nov/2014:01:31:58 -0500] "GET /ecodirectorio/files/res/pages/page_0121.swf HTTP/1.1" 304 -
66.249.65.123 - - [08/Nov/2014:01:32:05 -0500] "GET /BLA/resoluciones/RESOLUCIONES%202011/1615.pdf HTTP/1.1" 200 73651
66.249.65.119 - - [08/Nov/2014:01:32:05 -0500] "GET /BLA/resoluciones/RESOLUCIONES%202010/3453.pdf HTTP/1.1" 200 742843
201.245.192.253 - - [08/Nov/2014:01:32:07 -0500] "GET /ecodirectorio/files/res/pages/page_0119.swf HTTP/1.1" 304 -
66.249.65.119 - - [08/Nov/2014:01:32:17 -0500] "GET /BLA/resoluciones/RESOLUCIONES%202010/5581.pdf HTTP/1.1" 304 -
201.245.192.253 - - [08/Nov/2014:01:32:24 -0500] "GET /ecodirectorio/files/res/pages/page_0136.swf HTTP/1.1" 304 -
201.245.192.253 - - [08/Nov/2014:01:32:27 -0500] "GET /ecodirectorio/files/res/pages/page_0124.swf HTTP/1.1" 304 -
190.27.74.234 - - [08/Nov/2014:01:32:28 -0500] "POST /Report2/login.do HTTP/1.1" 200 14506
66.249.65.123 - - [08/Nov/2014:01:32:28 -0500] "GET /BLA/resoluciones/RESOLUCIONES%202010/3742.pdf HTTP/1.1" 304 -
190.27.74.234 - - [08/Nov/2014:01:32:33 -0500] "GET /Report2/css/dialog.css HTTP/1.1" 304 -
190.27.74.234 - - [08/Nov/2014:01:32:34 -0500] "GET /Report2/img/salir.gif HTTP/1.1" 304 -
190.27.74.234 - - [08/Nov/2014:01:32:34 -0500] "GET /Report2/img/cliente/right1.png HTTP/1.1" 304 -
190.27.74.234 - - [08/Nov/2014:01:32:34 -0500] "GET /birtApps/webcontent/birt/admin/js/1ibre/jscalendar/calendar-win2k-1.css HTTP/1.1" 304 -
190.27.74.234 - - [08/Nov/2014:01:32:34 -0500] "GET /birtApps/webcontent/birt/admin/js/1ibre/protoaculous.js HTTP/1.1" 304 -
190.27.74.234 - - [08/Nov/2014:01:32:35 -0500] "GET /birtApps/webcontent/birt/admin/js/1ibre/1ibre.js HTTP/1.1" 304 -
190.27.74.234 - - [08/Nov/2014:01:32:35 -0500] "GET /birtApps/webcontent/birt/admin/js/1ibre/jscalendar/calendar.js HTTP/1.1" 304 -
190.27.74.234 - - [08/Nov/2014:01:32:35 -0500] "GET /birtApps/webcontent/birt/admin/css/report.css HTTP/1.1" 304 -
190.27.74.234 - - [08/Nov/2014:01:32:35 -0500] "GET /birtApps/webcontent/birt/admin/js/yui/tabview.css HTTP/1.1" 304 -
190.27.74.234 - - [08/Nov/2014:01:32:35 -0500] "GET /birtApps/webcontent/birt/admin/css/containers.css HTTP/1.1" 304 -
190.27.74.234 - - [08/Nov/2014:01:32:35 -0500] "GET /birtApps/webcontent/birt/admin/js/yui/fonts-min.css HTTP/1.1" 304 -
190.27.74.234 - - [08/Nov/2014:01:32:35 -0500] "GET /birtApps/webcontent/birt/admin/css/client.css HTTP/1.1" 304 -
190.27.74.234 - - [08/Nov/2014:01:32:35 -0500] "GET /birtApps/webcontent/birt/admin/css/popup.css HTTP/1.1" 304 -
190.27.74.234 - - [08/Nov/2014:01:32:35 -0500] "GET /birtApps/webcontent/birt/admin/css/dtree.css HTTP/1.1" 304 -
190.27.74.234 - - [08/Nov/2014:01:32:35 -0500] "GET /birtApps/webcontent/birt/admin/css/autocomplete.css HTTP/1.1" 304 -
190.27.74.234 - - [08/Nov/2014:01:32:35 -0500] "GET /birtApps/webcontent/birt/admin/js/1ibre/jscalendar/calendar-setup.js HTTP/1.1" 304 -
190.27.74.234 - - [08/Nov/2014:01:32:35 -0500] "GET /birtApps/webcontent/birt/admin/js/1ibre/jscalendar/lang/calendar-es.js HTTP/1.1" 304 -
190.27.74.234 - - [08/Nov/2014:01:32:35 -0500] "GET /birtApps/webcontent/birt/admin/js/jquery_layout/jquery-ui-latest.js HTTP/1.1" 304 -
190.27.74.234 - - [08/Nov/2014:01:32:35 -0500] "GET /birtApps/webcontent/birt/admin/js/jquery_layout/jquery-latest.js HTTP/1.1" 304 -
190.27.74.234 - - [08/Nov/2014:01:32:35 -0500] "GET /birtApps/webcontent/birt/admin/js/jquery_layout/jquery.layout-latest.js HTTP/1.1" 304 -
190.27.74.234 - - [08/Nov/2014:01:32:35 -0500] "GET /birtApps/webcontent/birt/admin/js/yui/yahoo-dom-event.js HTTP/1.1" 304 -
190.27.74.234 - - [08/Nov/2014:01:32:35 -0500] "GET /birtApps/webcontent/birt/admin/js/autocompletar2.js HTTP/1.1" 304 -
190.27.74.234 - - [08/Nov/2014:01:32:35 -0500] "GET /birtApps/webcontent/birt/admin/js/yui/element-min.js HTTP/1.1" 304 -
190.27.74.234 - - [08/Nov/2014:01:32:35 -0500] "GET /birtApps/webcontent/birt/admin/js/client.js HTTP/1.1" 304 -
190.27.74.234 - - [08/Nov/2014:01:32:35 -0500] "GET /birtApps/webcontent/birt/admin/js/yui/tabview-min.js HTTP/1.1" 304 -
190.27.74.234 - - [08/Nov/2014:01:32:35 -0500] "GET /birtApps/webcontent/birt/admin/js/dtree.js HTTP/1.1" 304 -
190.27.74.234 - - [08/Nov/2014:01:32:36 -0500] "GET /birtApps/webcontent/birt/admin/img/collapse_all.gif HTTP/1.1" 304 -
190.27.74.234 - - [08/Nov/2014:01:32:36 -0500] "GET /birtApps/webcontent/birt/admin/img/expand_all.gif HTTP/1.1" 304 -
190.27.74.234 - - [08/Nov/2014:01:32:36 -0500] "GET /birtApps/webcontent/birt/admin/css/images/magnifier.png HTTP/1.1" 304 -
66.249.65.119 - - [08/Nov/2014:01:32:40 -0500] "GET /BLA/resoluciones/RESOLUCIONES%202010/4134.pdf HTTP/1.1" 304 -
201.245.192.253 - - [08/Nov/2014:01:32:41 -0500] "GET /ecodirectorio/files/res/pages/page_0132.swf HTTP/1.1" 304 -
190.27.74.234 - - [08/Nov/2014:01:32:44 -0500] "GET /Report2/img/cliente/background1.png HTTP/1.1" 304 -
190.27.74.234 - - [08/Nov/2014:01:32:48 -0500] "GET /birtApps/webcontent/birt/admin/img/go-lt-off.gif HTTP/1.1" 304 -
190.27.74.234 - - [08/Nov/2014:01:32:48 -0500] "GET /Report2/parameter?action=listRpts HTTP/1.1" 200 16331
190.27.74.234 - - [08/Nov/2014:01:32:49 -0500] "GET /birtApps/webcontent/birt/admin/js/1ibre/1ibre.css HTTP/1.1" 304 -
220.181.108.122 - - [08/Nov/2014:01:32:51 -0500] "GET / HTTP/1.1" 302 -
66.249.65.123 - - [08/Nov/2014:01:32:51 -0500] "GET /BLA/resoluciones/AUTOS%202013/2189.pdf HTTP/1.1" 200 402001
201.245.192.253 - - [08/Nov/2014:01:32:53 -0500] "GET /ecodirectorio/files/res/pages/page_0122.swf HTTP/1.1" 304 -
201.245.192.253 - - [08/Nov/2014:01:32:53 -0500] "GET /ecodirectorio/files/res/pages/page_0139.swf HTTP/1.1" 304 -
190.27.74.234 - - [08/Nov/2014:01:32:54 -0500] "GET /Report2/parameter?action=parametersReportMDX&id_rpt=17&currentTab=tab_presentacion HTTP/1.1" 200 6578
190.27.74.234 - - [08/Nov/2014:01:33:00 -0500] "POST /Report2/parameter?action=runReportMDX&json=true&listdep=nit&id_rpt=17&param_partNomauto=p HTTP/1.1" 200 565
190.27.74.234 - - [08/Nov/2014:01:33:00 -0500] "POST /Report2/parameter?action=runReportMDX&json=true&listdep=nit&id_rpt=17&param_partNomauto=perso HTTP/1.1" 200 46
190.27.74.234 - - [08/Nov/2014:01:33:00 -0500] "GET /Report2/parameter?action=runReportMDX&json=true&listdep=informe&id_rpt=17&param_nit=102 HTTP/1.1" 200 418
66.249.65.123 - - [08/Nov/2014:01:33:03 -0500] "GET /BLA/resoluciones/index.php?dir=RESOLUCIONES%202003/RES%202003%202151-2189/&sort=name&order=desc HTTP/1.1" 200 9914
201.245.192.253 - - [08/Nov/2014:01:33:04 -0500] "GET /plugins/like.php?locale=es_ES&href=http%3A%2F%2Fwww.facebook.com%2Fmsn&send=false&layout=button_count&width=450&show_faces=false&font&colorscheme=light&action=like&height=21 HTTP/1.1" 404 1312
190.27.74.234 - - [08/Nov/2014:01:33:04 -0500] "GET /Report2/parameter?action=runReportMDX&json=true&listdep=FecBal&id_rpt=17&param_informe=5&param_nit=102 HTTP/1.1" 200 560
201.245.192.253 - - [08/Nov/2014:01:33:04 -0500] "GET /ecodirectorio/files/res/pages/page_0129.swf HTTP/1.1" 304 -
190.27.74.234 - - [08/Nov/2014:01:33:09 -0500] "GET /Report2/parameter?action=runReportMDX&json=true&listdep=formato&id_rpt=17&param_informe=5&param_nit=102&param_FecBal=2013-09-30 HTTP/1.1" 200 610
190.27.74.234 - - [08/Nov/2014:01:33:13 -0500] "POST /Report2/rptManage.jsp?migracion=111 HTTP/1.1" 200 618
190.27.74.234 - - [08/Nov/2014:01:33:13 -0500] "GET /Report2/loading.jsp?migracion=111&id_rpt=17&currentTab=tab_34690&rnd=0.955363366040274 HTTP/1.1" 200 2693
190.27.74.234 - - [08/Nov/2014:01:33:13 -0500] "GET /Report2/rpt.jsp?migracion=111&id_rpt=17&currentTab=tab_34690&rnd=0.19124978376297408 HTTP/1.1" 200 13576
66.249.65.123 - - [08/Nov/2014:01:33:15 -0500] "GET /BLA/resoluciones/RESOLUCIONES%202010/6656.pdf HTTP/1.1" 304 -
190.27.74.234 - - [08/Nov/2014:01:33:16 -0500] "GET /Report2/serviceListados.jsp?queryId=rpt/infxidC&informe=5&a=0.9016284530516714 HTTP/1.1" 200 216
190.27.74.234 - - [08/Nov/2014:01:33:16 -0500] "GET /Report2/serviceListados.jsp?queryId=rpt/entidadxidC&nit=102&a=0.5283245742321014 HTTP/1.1" 200 220
190.27.74.234 - - [08/Nov/2014:01:33:16 -0500] "POST /Report2/infReportada.jsp?rdmMapa=170763 HTTP/1.1" 200 8359
95.25.161.65 - - [08/Nov/2014:01:33:25 -0500] "GET /BLA/boletinlegal/js/jquery.scrollShow.js HTTP/1.1" 200 4586
95.25.161.65 - - [08/Nov/2014:01:33:25 -0500] "GET /BLA/boletinlegal/js/jquery.scrollTo-min.js HTTP/1.1" 200 1150
95.25.161.65 - - [08/Nov/2014:01:33:25 -0500] "GET /galeria/carrusel/Carrusel/jquery-ui-1.8.13.custom.min.js HTTP/1.1" 200 10800
95.25.161.65 - - [08/Nov/2014:01:33:25 -0500] "GET /BLA/boletinlegal/js/jquery.js HTTP/1.1" 200 57254
95.25.161.65 - - [08/Nov/2014:01:33:25 -0500] "GET /galeria/carrusel/Carrusel/jquery.thumbnailScroller.css HTTP/1.1" 200 2066
95.25.161.65 - - [08/Nov/2014:01:33:25 -0500] "GET /galeria/carrusel/Carrusel/jquery.thumbnailScroller.js HTTP/1.1" 200 8157
66.249.65.119 - - [08/Nov/2014:01:33:26 -0500] "GET /BLA/resoluciones/RESOLUCIONES%202010/3455.pdf HTTP/1.1" 200 616040
95.25.161.65 - - [08/Nov/2014:01:33:27 -0500] "GET /galeria/nivo-slider/demo/demo.html HTTP/1.1" 200 3542
95.25.161.65 - - [08/Nov/2014:01:33:27 -0500] "GET /galeria/nivo-slider/themes/pascal/pascal.css HTTP/1.1" 200 2258
95.25.161.65 - - [08/Nov/2014:01:33:27 -0500] "GET /galeria/nivo-slider/themes/default/default.css HTTP/1.1" 200 1569
95.25.161.65 - - [08/Nov/2014:01:33:27 -0500] "GET /galeria/nivo-slider/nivo-slider.css HTTP/1.1" 200 1507
95.25.161.65 - - [08/Nov/2014:01:33:27 -0500] "GET /galeria/nivo-slider/demo/style.css HTTP/1.1" 200 2222
95.25.161.65 - - [08/Nov/2014:01:33:27 -0500] "GET /galeria/nivo-slider/demo/images/Banner-Ecourbanismo.jpg HTTP/1.1" 200 189838
95.25.161.65 - - [08/Nov/2014:01:33:27 -0500] "GET /galeria/nivo-slider/themes/orman/orman.css HTTP/1.1" 200 2152
95.25.161.65 - - [08/Nov/2014:01:33:27 -0500] "GET /galeria/nivo-slider/demo/images/Tingua-azul.jpg HTTP/1.1" 200 307638
95.25.161.65 - - [08/Nov/2014:01:33:27 -0500] "GET /galeria/nivo-slider/demo/images/banner-redes.jpg HTTP/1.1" 200 62209
95.25.161.65 - - [08/Nov/2014:01:33:27 -0500] "GET /galeria/nivo-slider/demo/images/Banner-comparendo.jpg HTTP/1.1" 200 388762
95.25.161.65 - - [08/Nov/2014:01:33:27 -0500] "GET /galeria/nivo-slider/demo/images/Banner-Caracol-Africano.jpg HTTP/1.1" 200 331986
95.25.161.65 - - [08/Nov/2014:01:33:27 -0500] "GET /galeria/nivo-slider/demo/images/banner-caballos.png HTTP/1.1" 200 389106
95.25.161.65 - - [08/Nov/2014:01:33:27 -0500] "GET /galeria/nivo-slider/demo/images/bannerEcolecta3.jpg HTTP/1.1" 200 280034
95.25.161.65 - - [08/Nov/2014:01:33:27 -0500] "GET /galeria/nivo-slider/demo/images/banner-llantas2.jpg HTTP/1.1" 200 73153
95.25.161.65 - - [08/Nov/2014:01:33:27 -0500] "GET /galeria/nivo-slider/demo/images/9Signos.jpg HTTP/1.1" 200 93040
95.25.161.65 - - [08/Nov/2014:01:33:27 -0500] "GET /galeria/nivo-slider/demo/scripts/jquery-1.7.1.min.js HTTP/1.1" 200 93868
95.25.161.65 - - [08/Nov/2014:01:33:27 -0500] "GET /galeria/nivo-slider/demo/images/Hacienda_Molinos.jpg HTTP/1.1" 200 319171
95.25.161.65 - - [08/Nov/2014:01:33:27 -0500] "GET /galeria/nivo-slider/demo/images/porloshumedales.jpg HTTP/1.1" 200 351238
95.25.161.65 - - [08/Nov/2014:01:33:27 -0500] "GET /galeria/nivo-slider/demo/images/banner-aceite3.jpg HTTP/1.1" 200 88347
95.25.161.65 - - [08/Nov/2014:01:33:27 -0500] "GET /galeria/nivo-slider/jquery.nivo.slider.pack.js HTTP/1.1" 200 11561
95.25.161.65 - - [08/Nov/2014:01:33:28 -0500] "GET /galeria/nivo-slider/demo/images/4Simple_Slider.png HTTP/1.1" 200 11722
95.25.161.65 - - [08/Nov/2014:01:33:28 -0500] "GET /galeria/nivo-slider/themes/default/loading.gif HTTP/1.1" 200 1737
66.249.65.115 - - [08/Nov/2014:01:33:38 -0500] "GET /BLA/resoluciones/RESOLUCIONES%202010/2552.pdf HTTP/1.1" 304 -
95.25.161.65 - - [08/Nov/2014:01:33:38 -0500] "GET /galeria/nivo-slider/themes/default/arrows.png HTTP/1.1" 200 824
95.25.161.65 - - [08/Nov/2014:01:33:38 -0500] "GET /galeria/nivo-slider/themes/default/bullets.png HTTP/1.1" 200 1281
201.245.192.253 - - [08/Nov/2014:01:33:42 -0500] "GET /ecodirectorio/files/res/pages/page_0130.swf HTTP/1.1" 304 -
66.249.65.119 - - [08/Nov/2014:01:33:50 -0500] "GET /BLA/resoluciones/RESOLUCIONES%202010/5843.pdf HTTP/1.1" 304 -
201.245.192.253 - - [08/Nov/2014:01:33:53 -0500] "GET /ecodirectorio/files/res/pages/page_0120.swf HTTP/1.1" 304 -
190.27.74.234 - - [08/Nov/2014:01:33:59 -0500] "POST /Report2/parameter HTTP/1.1" 200 6652
190.27.74.234 - - [08/Nov/2014:01:34:00 -0500] "GET /Report2/parameter?action=runReportMDX&json=true&listdep=informe&id_rpt=17&param_nit=102 HTTP/1.1" 200 418
190.27.74.234 - - [08/Nov/2014:01:34:00 -0500] "GET /Report2/parameter?action=runReportMDX&json=true&listdep=FecBal&id_rpt=17&param_informe=5&param_nit=102 HTTP/1.1" 200 560
190.27.74.234 - - [08/Nov/2014:01:34:00 -0500] "GET /Report2/parameter?action=runReportMDX&json=true&listdep=formato&id_rpt=17&param_informe=5&param_nit=102&param_FecBal=2013-09-30 HTTP/1.1" 200 610
66.249.65.119 - - [08/Nov/2014:01:34:01 -0500] "GET /BLA/resoluciones/RESOLUCIONES%202009/6420.pdf HTTP/1.1" 304 -
190.27.74.234 - - [08/Nov/2014:01:34:02 -0500] "GET /Report2/parameter?action=runReportMDX&json=true&listdep=formato&id_rpt=17&param_informe=5&param_nit=102&param_FecBal=2013-12-31 HTTP/1.1" 200 610
190.27.74.234 - - [08/Nov/2014:01:34:03 -0500] "POST /Report2/rptManage.jsp?migracion=111 HTTP/1.1" 200 619
190.27.74.234 - - [08/Nov/2014:01:34:03 -0500] "GET /Report2/loading.jsp?migracion=111&id_rpt=17&currentTab=tab_34690&rnd=0.08015676188625742 HTTP/1.1" 200 2695
190.27.74.234 - - [08/Nov/2014:01:34:03 -0500] "GET /Report2/rpt.jsp?migracion=111&id_rpt=17&currentTab=tab_34690&rnd=0.7979735731958053 HTTP/1.1" 200 13592
190.27.74.234 - - [08/Nov/2014:01:34:04 -0500] "GET /Report2/serviceListados.jsp?queryId=rpt/infxidC&informe=5&a=0.5659164930693805 HTTP/1.1" 200 216
190.27.74.234 - - [08/Nov/2014:01:34:04 -0500] "GET /Report2/serviceListados.jsp?queryId=rpt/entidadxidC&nit=102&a=0.931746136629954 HTTP/1.1" 200 220
190.27.74.234 - - [08/Nov/2014:01:34:04 -0500] "POST /Report2/infReportada.jsp?rdmMapa=184542 HTTP/1.1" 200 9001
66.249.65.119 - - [08/Nov/2014:01:34:13 -0500] "GET /BLA/resoluciones/AUTOS%202013/1175.pdf HTTP/1.1" 200 829545
66.249.65.123 - - [08/Nov/2014:01:34:24 -0500] "GET /BLA/resoluciones/RESOLUCIONES%202010/6445.pdf HTTP/1.1" 200 577691
208.115.111.75 - - [08/Nov/2014:01:34:33 -0500] "GET /re/Talleres/papel/?C=S;O=D HTTP/1.1" 404 1019
66.249.65.119 - - [08/Nov/2014:01:34:36 -0500] "GET /BLA/resoluciones/RESOLUCIONES%202009/3946.pdf HTTP/1.1" 304 -
66.249.65.119 - - [08/Nov/2014:01:34:48 -0500] "GET /BLA/resoluciones/RESOLUCIONES%202011/3803.pdf HTTP/1.1" 200 513256
66.249.65.119 - - [08/Nov/2014:01:34:58 -0500] "GET /BLA/resoluciones/index.php?dir=RESOLUCIONES%202003/RES%202003%202151-2189/&sort=date&order=asc HTTP/1.1" 200 9915
66.249.65.123 - - [08/Nov/2014:01:34:59 -0500] "GET /BLA/resoluciones/RESOLUCIONES%202009/6829.pdf HTTP/1.1" 304 -
66.249.65.119 - - [08/Nov/2014:01:35:09 -0500] "GET /BLA/resoluciones/AUTOS%202009/3593.pdf HTTP/1.1" 200 208899
66.249.65.123 - - [08/Nov/2014:01:35:11 -0500] "GET /BLA/resoluciones/AUTOS%202013/0307.pdf HTTP/1.1" 200 1858923
66.249.65.119 - - [08/Nov/2014:01:35:23 -0500] "GET /BLA/resoluciones/AUTOS%202013/2408.pdf HTTP/1.1" 304 -
66.249.65.123 - - [08/Nov/2014:01:35:34 -0500] "GET /BLA/resoluciones/RESOLUCIONES%202009/8227.pdf HTTP/1.1" 304 -
66.249.65.119 - - [08/Nov/2014:01:35:46 -0500] "GET /BLA/resoluciones/AUTOS%202008/0727.pdf HTTP/1.1" 304 -
74.86.158.107 - - [08/Nov/2014:01:35:52 -0500] "HEAD / HTTP/1.1" 302 -
66.249.65.115 - - [08/Nov/2014:01:36:09 -0500] "GET /BLA/resoluciones/RESOLUCIONES%202010/3810.pdf HTTP/1.1" 304 -
66.249.65.123 - - [08/Nov/2014:01:36:21 -0500] "GET /gallery2/g2data/cache/derivative/2/9/ HTTP/1.1" 404 1018
66.249.65.119 - - [08/Nov/2014:01:36:32 -0500] "GET /BLA/resoluciones/AUTOS%202008/3396.pdf HTTP/1.1" 200 101963
66.249.65.123 - - [08/Nov/2014:01:36:35 -0500] "GET /BLA/resoluciones/RESOLUCIONES%202004/RES%202004%201151-1200/00001157.tif HTTP/1.1" 200 192234
66.249.65.119 - - [08/Nov/2014:01:36:43 -0500] "GET /galeria/nivo-slider/demo/images/Banner-comparendo.jpg HTTP/1.1" 200 388762
201.245.192.253 - - [08/Nov/2014:01:36:50 -0500] "GET /galeria/nivo-slider/demo/images/Banner-Ecourbanismo.jpg HTTP/1.1" 304 -
66.249.65.115 - - [08/Nov/2014:01:37:01 -0500] "GET /BLA/resoluciones/RESOLUCIONES%202011/1597.pdf HTTP/1.1" 200 84449
66.249.65.119 - - [08/Nov/2014:01:37:20 -0500] "GET /BLA/resoluciones/index.php?dir=RESOLUCIONES%202003/RES%202003%202151-2189/&sort=name&order=asc HTTP/1.1" 200 9915
66.249.65.119 - - [08/Nov/2014:01:37:29 -0500] "GET /BLA/resoluciones/RESOLUCIONES%202010/1425.pdf HTTP/1.1" 304 -
66.249.65.119 - - [08/Nov/2014:01:37:58 -0500] "GET /BLA/resoluciones/index.php?dir=RESOLUCIONES+2007%2FRES+2007+1+AL+100%2F HTTP/1.1" 200 26175
180.76.6.134 - - [08/Nov/2014:01:38:00 -0500] "GET /BLA/resoluciones/RESOLUCIONES%202007/RES%202007%20501%20AL%20600/RESOLUCION%200502%20DE%202007.pdf HTTP/1.1" 200 377503
66.249.65.115 - - [08/Nov/2014:01:38:26 -0500] "GET /BLA/resoluciones/RESOLUCIONES%202009/8592.pdf HTTP/1.1" 304 -
66.249.65.115 - - [08/Nov/2014:01:38:55 -0500] "GET /BLA/resoluciones/index.php?dir=RESOLUCIONES+2007%2FRES+2007+201+AL+300%2F HTTP/1.1" 200 27110
66.249.65.123 - - [08/Nov/2014:01:40:20 -0500] "GET /BLA/resoluciones/RESOLUCIONES%202009/4363.pdf HTTP/1.1" 200 558653
66.249.65.115 - - [08/Nov/2014:01:40:49 -0500] "GET /BLA/resoluciones/RESOLUCIONES%202010/1980.pdf HTTP/1.1" 304 -
74.86.158.107 - - [08/Nov/2014:01:40:52 -0500] "HEAD / HTTP/1.1" 302 -
201.245.192.253 - - [08/Nov/2014:01:41:06 -0500] "GET /fr/u.php?p=328546547221502&m=4591359691530816241&t=2592000 HTTP/1.1" 404 1480
201.245.192.253 - - [08/Nov/2014:01:41:08 -0500] "GET /plugins/like.php?locale=es_ES&href=http%3A%2F%2Fwww.facebook.com%2Fmsn&send=false&layout=button_count&width=450&show_faces=false&font&colorscheme=light&action=like&height=21 HTTP/1.1" 404 1312
66.249.65.123 - - [08/Nov/2014:01:41:17 -0500] "GET /BLA/resoluciones/RESOLUCIONES%202009/1393.pdf HTTP/1.1" 304 -
190.27.74.234 - - [08/Nov/2014:01:41:28 -0500] "POST /Report2/parameter HTTP/1.1" 200 6656
190.27.74.234 - - [08/Nov/2014:01:41:31 -0500] "GET /Report2/parameter?action=runReportMDX&json=true&listdep=informe&id_rpt=17&param_nit=102 HTTP/1.1" 200 418
190.27.74.234 - - [08/Nov/2014:01:41:32 -0500] "GET /Report2/parameter?action=runReportMDX&json=true&listdep=FecBal&id_rpt=17&param_informe=5&param_nit=102 HTTP/1.1" 200 560
190.27.74.234 - - [08/Nov/2014:01:41:32 -0500] "GET /Report2/parameter?action=runReportMDX&json=true&listdep=formato&id_rpt=17&param_informe=5&param_nit=102&param_FecBal=2013-12-31 HTTP/1.1" 200 610
190.27.74.234 - - [08/Nov/2014:01:41:39 -0500] "GET /Report2/parameter?action=runReportMDX&json=true&listdep=formato&id_rpt=17&param_informe=5&param_nit=102&param_FecBal=2013-03-31 HTTP/1.1" 200 610
190.27.74.234 - - [08/Nov/2014:01:41:44 -0500] "POST /Report2/rptManage.jsp?migracion=111 HTTP/1.1" 200 618
190.27.74.234 - - [08/Nov/2014:01:41:46 -0500] "GET /Report2/rpt.jsp?migracion=111&id_rpt=17&currentTab=tab_34690&rnd=0.7119293098082001 HTTP/1.1" 200 13618
190.27.74.234 - - [08/Nov/2014:01:41:46 -0500] "GET /Report2/loading.jsp?migracion=111&id_rpt=17&currentTab=tab_34690&rnd=0.7144529021505718 HTTP/1.1" 200 2697
190.27.74.234 - - [08/Nov/2014:01:41:49 -0500] "GET /Report2/serviceListados.jsp?queryId=rpt/infxidC&informe=5&a=0.6690756815951318 HTTP/1.1" 200 216
66.249.65.119 - - [08/Nov/2014:01:41:49 -0500] "GET /BLA/resoluciones/RESOLUCIONES%202010/0910.pdf HTTP/1.1" 304 -
190.27.74.234 - - [08/Nov/2014:01:41:49 -0500] "GET /Report2/serviceListados.jsp?queryId=rpt/entidadxidC&nit=102&a=0.9340473075862974 HTTP/1.1" 200 220
190.27.74.234 - - [08/Nov/2014:01:41:51 -0500] "POST /Report2/infReportada.jsp?rdmMapa=699179 HTTP/1.1" 200 4834
66.249.65.115 - - [08/Nov/2014:01:42:11 -0500] "GET /BLA/resoluciones/index.php?dir=RESOLUCIONES%202007/RES%202007%201%20AL%20100/&sort=name&order=desc HTTP/1.1" 200 26174
66.249.65.119 - - [08/Nov/2014:01:42:11 -0500] "GET /BLA/resoluciones/index.php?dir=RESOLUCIONES%202003/RES%202003%202151-2189/&sort=date&order=desc HTTP/1.1" 200 9914
66.249.65.51 - - [08/Nov/2014:01:42:13 -0500] "GET /Autoliquidacion/Grupo%20Forestal%20-%20Industria%20de%20la%20Madera/Lista%20de%20chequeo%20-%20Certificaci%C3%B3n.pdf HTTP/1.1" 200 49858
66.249.65.123 - - [08/Nov/2014:01:42:14 -0500] "GET /BLA/resoluciones/RESOLUCIONES%202009/7085.pdf HTTP/1.1" 304 -
66.249.65.123 - - [08/Nov/2014:01:42:17 -0500] "GET /BLA/resoluciones/RESOLUCIONES%202009/6637.pdf HTTP/1.1" 200 395364
66.249.65.115 - - [08/Nov/2014:01:42:43 -0500] "GET /BLA/resoluciones/index.php?dir=RESOLUCIONES%202006/RES%202006%20251-300/&sort=size&order=asc HTTP/1.1" 200 12236
66.249.65.119 - - [08/Nov/2014:01:43:04 -0500] "GET /BLA/resoluciones/AUTOS%202009/1693.pdf HTTP/1.1" 200 122182
190.27.74.234 - - [08/Nov/2014:01:43:10 -0500] "POST /Report2/parameter HTTP/1.1" 200 6664
190.27.74.234 - - [08/Nov/2014:01:43:10 -0500] "GET /Report2/parameter?action=runReportMDX&json=true&listdep=informe&id_rpt=17&param_nit=102 HTTP/1.1" 200 418
190.27.74.234 - - [08/Nov/2014:01:43:10 -0500] "GET /Report2/parameter?action=runReportMDX&json=true&listdep=FecBal&id_rpt=17&param_informe=5&param_nit=102 HTTP/1.1" 200 560
190.27.74.234 - - [08/Nov/2014:01:43:11 -0500] "GET /Report2/parameter?action=runReportMDX&json=true&listdep=formato&id_rpt=17&param_informe=5&param_nit=102&param_FecBal=2013-03-31 HTTP/1.1" 200 610
66.249.65.123 - - [08/Nov/2014:01:43:11 -0500] "GET /BLA/resoluciones/RESOLUCIONES%202010/1203.pdf HTTP/1.1" 304 -
190.27.74.234 - - [08/Nov/2014:01:43:14 -0500] "GET /Report2/parameter?action=runReportMDX&json=true&listdep=formato&id_rpt=17&param_informe=5&param_nit=102&param_FecBal=2013-06-30 HTTP/1.1" 200 610
190.27.74.234 - - [08/Nov/2014:01:43:15 -0500] "POST /Report2/rptManage.jsp?migracion=111 HTTP/1.1" 200 621
190.27.74.234 - - [08/Nov/2014:01:43:15 -0500] "GET /Report2/loading.jsp?migracion=111&id_rpt=17&currentTab=tab_34690&rnd=0.038521133761968085 HTTP/1.1" 200 2704
190.27.74.234 - - [08/Nov/2014:01:43:15 -0500] "GET /Report2/rpt.jsp?migracion=111&id_rpt=17&currentTab=tab_34690&rnd=0.24660983647520818 HTTP/1.1" 200 13682
190.27.74.234 - - [08/Nov/2014:01:43:16 -0500] "GET /Report2/serviceListados.jsp?queryId=rpt/infxidC&informe=5&a=0.026129127945750952 HTTP/1.1" 200 216
190.27.74.234 - - [08/Nov/2014:01:43:16 -0500] "GET /Report2/serviceListados.jsp?queryId=rpt/entidadxidC&nit=102&a=0.35372411692515016 HTTP/1.1" 200 220
190.27.74.234 - - [08/Nov/2014:01:43:16 -0500] "POST /Report2/infReportada.jsp?rdmMapa=735553 HTTP/1.1" 200 6232
180.76.5.168 - - [08/Nov/2014:01:43:39 -0500] "GET /Autoliquidacion/index.php?dir=TR%C1MITES%20VERTIMIENTOS/REGISTRO%20DE%20VERTIMIENTOS/&sort=size&order=asc HTTP/1.1" 200 2634
66.249.65.123 - - [08/Nov/2014:01:43:40 -0500] "GET /BLA/resoluciones/RESOLUCIONES%202009/1554.pdf HTTP/1.1" 304 -
157.55.39.207 - - [08/Nov/2014:01:43:51 -0500] "GET /robots.txt HTTP/1.1" 404 1015
157.55.39.207 - - [08/Nov/2014:01:44:01 -0500] "GET /ifweb/ HTTP/1.1" 404 1015
66.249.65.119 - - [08/Nov/2014:01:44:08 -0500] "GET /BLA/resoluciones/RESOLUCIONES%202009/7738.pdf HTTP/1.1" 200 559256
66.249.65.119 - - [08/Nov/2014:01:44:24 -0500] "GET /BLA/resoluciones/AUTOS%202009/0838.pdf HTTP/1.1" 200 74182
66.249.65.115 - - [08/Nov/2014:01:44:37 -0500] "GET /BLA/resoluciones/RESOLUCIONES%202010/5249.pdf HTTP/1.1" 304 -
66.249.65.119 - - [08/Nov/2014:01:45:05 -0500] "GET /BLA/resoluciones/AUTOS%202013/1789.pdf HTTP/1.1" 200 1908802
181.52.99.15 - - [08/Nov/2014:01:45:09 -0500] "GET /BLA/resoluciones/RESOLUCIONES%202007/RES%202007%20501%20AL%20600/RESOLUCION%200520%20DE%202007.pdf HTTP/1.1" 200 91251
181.52.99.15 - - [08/Nov/2014:01:45:10 -0500] "GET /BLA/resoluciones/RESOLUCIONES%202007/RES%202007%20501%20AL%20600/RESOLUCION%200520%20DE%202007.pdf HTTP/1.1" 206 32768
181.52.99.15 - - [08/Nov/2014:01:45:10 -0500] "GET /BLA/resoluciones/RESOLUCIONES%202007/RES%202007%20501%20AL%20600/RESOLUCION%200520%20DE%202007.pdf HTTP/1.1" 206 58483
181.52.99.15 - - [08/Nov/2014:01:45:10 -0500] "GET /favicon.ico HTTP/1.1" 200 7782
74.86.158.107 - - [08/Nov/2014:01:45:52 -0500] "HEAD / HTTP/1.1" 302 -
66.249.65.123 - - [08/Nov/2014:01:46:02 -0500] "GET /BLA/resoluciones/AUTOS%202009/0222.pdf HTTP/1.1" 304 -
190.27.74.234 - - [08/Nov/2014:01:46:10 -0500] "POST /Report2/parameter HTTP/1.1" 200 6680
190.27.74.234 - - [08/Nov/2014:01:46:11 -0500] "GET /Report2/parameter?action=runReportMDX&json=true&listdep=informe&id_rpt=17&param_nit=102 HTTP/1.1" 200 418
190.27.74.234 - - [08/Nov/2014:01:46:11 -0500] "GET /Report2/parameter?action=runReportMDX&json=true&listdep=FecBal&id_rpt=17&param_informe=5&param_nit=102 HTTP/1.1" 200 560
190.27.74.234 - - [08/Nov/2014:01:46:11 -0500] "GET /Report2/parameter?action=runReportMDX&json=true&listdep=formato&id_rpt=17&param_informe=5&param_nit=102&param_FecBal=2013-06-30 HTTP/1.1" 200 610
190.27.74.234 - - [08/Nov/2014:01:46:14 -0500] "GET /Report2/parameter?action=runReportMDX&json=true&listdep=formato&id_rpt=17&param_informe=5&param_nit=102&param_FecBal=2013-09-30 HTTP/1.1" 200 610
190.27.74.234 - - [08/Nov/2014:01:46:15 -0500] "POST /Report2/rptManage.jsp?migracion=111 HTTP/1.1" 200 618
190.27.74.234 - - [08/Nov/2014:01:46:15 -0500] "GET /Report2/loading.jsp?migracion=111&id_rpt=17&currentTab=tab_34690&rnd=0.4671275265959196 HTTP/1.1" 200 2720
190.27.74.234 - - [08/Nov/2014:01:46:15 -0500] "GET /Report2/rpt.jsp?migracion=111&id_rpt=17&currentTab=tab_34690&rnd=0.0698403839670847 HTTP/1.1" 200 13810
190.27.74.234 - - [08/Nov/2014:01:46:16 -0500] "GET /Report2/serviceListados.jsp?queryId=rpt/infxidC&informe=5&a=0.27745016384869814 HTTP/1.1" 200 216
190.27.74.234 - - [08/Nov/2014:01:46:16 -0500] "GET /Report2/serviceListados.jsp?queryId=rpt/entidadxidC&nit=102&a=0.7107197614386678 HTTP/1.1" 200 220
190.27.74.234 - - [08/Nov/2014:01:46:16 -0500] "POST /Report2/infReportada.jsp?rdmMapa=525753 HTTP/1.1" 200 5286
66.249.65.119 - - [08/Nov/2014:01:46:31 -0500] "GET /BLA/resoluciones/RESOLUCIONES%202010/1090.pdf HTTP/1.1" 304 -
66.249.65.123 - - [08/Nov/2014:01:47:00 -0500] "GET /phpold/fabian.php HTTP/1.1" 404 1018
180.76.6.135 - - [08/Nov/2014:01:47:05 -0500] "GET /BLA/resoluciones/AUTOS%202009/1842.pdf HTTP/1.1" 200 98384
202.46.63.40 - - [08/Nov/2014:01:47:23 -0500] "GET / HTTP/1.1" 302 -
66.249.65.115 - - [08/Nov/2014:01:47:28 -0500] "GET /BLA/resoluciones/index.php?dir=RESOLUCIONES+2005%2FRES+2005+2201-2250%2F HTTP/1.1" 200 12363
66.249.65.115 - - [08/Nov/2014:01:47:31 -0500] "GET /BLA/resoluciones/RESOLUCIONES%202005/RES%202005%20151-200/00000163.tif HTTP/1.1" 200 43870
190.27.74.234 - - [08/Nov/2014:01:47:41 -0500] "POST /Report2/parameter HTTP/1.1" 200 6712
190.27.74.234 - - [08/Nov/2014:01:47:42 -0500] "GET /Report2/parameter?action=runReportMDX&json=true&listdep=informe&id_rpt=17&param_nit=102 HTTP/1.1" 200 418
190.27.74.234 - - [08/Nov/2014:01:47:42 -0500] "GET /Report2/parameter?action=runReportMDX&json=true&listdep=FecBal&id_rpt=17&param_informe=5&param_nit=102 HTTP/1.1" 200 560
190.27.74.234 - - [08/Nov/2014:01:47:42 -0500] "GET /Report2/parameter?action=runReportMDX&json=true&listdep=formato&id_rpt=17&param_informe=5&param_nit=102&param_FecBal=2013-09-30 HTTP/1.1" 200 610
190.27.74.234 - - [08/Nov/2014:01:47:45 -0500] "GET /Report2/parameter?action=runReportMDX&json=true&listdep=formato&id_rpt=17&param_informe=5&param_nit=102&param_FecBal=2013-12-31 HTTP/1.1" 200 610
190.27.74.234 - - [08/Nov/2014:01:47:46 -0500] "POST /Report2/rptManage.jsp?migracion=111 HTTP/1.1" 200 619
190.27.74.234 - - [08/Nov/2014:01:47:47 -0500] "GET /Report2/loading.jsp?migracion=111&id_rpt=17&currentTab=tab_34690&rnd=0.08811856920188366 HTTP/1.1" 200 2752
190.27.74.234 - - [08/Nov/2014:01:47:47 -0500] "GET /Report2/rpt.jsp?migracion=111&id_rpt=17&currentTab=tab_34690&rnd=0.9054288877395599 HTTP/1.1" 200 14066
190.27.74.234 - - [08/Nov/2014:01:47:47 -0500] "GET /Report2/serviceListados.jsp?queryId=rpt/infxidC&informe=5&a=0.05892757256515324 HTTP/1.1" 200 216
190.27.74.234 - - [08/Nov/2014:01:47:47 -0500] "GET /Report2/serviceListados.jsp?queryId=rpt/entidadxidC&nit=102&a=0.7210483073722571 HTTP/1.1" 200 220
190.27.74.234 - - [08/Nov/2014:01:47:47 -0500] "POST /Report2/infReportada.jsp?rdmMapa=186910 HTTP/1.1" 200 5534
119.63.193.130 - - [08/Nov/2014:01:47:49 -0500] "GET / HTTP/1.1" 302 -
66.249.65.119 - - [08/Nov/2014:01:47:57 -0500] "GET /BLA/resoluciones/AUTOS%202007/0966.pdf HTTP/1.1" 304 -
66.249.65.123 - - [08/Nov/2014:01:48:02 -0500] "GET /BLA/resoluciones/AUTOS%202009/1904.pdf HTTP/1.1" 200 379520
66.249.65.123 - - [08/Nov/2014:01:48:22 -0500] "GET /BLA/resoluciones/RESOLUCIONES%202004/RES%202004%201551-1600/00001562.tif HTTP/1.1" 200 138296
66.249.65.115 - - [08/Nov/2014:01:48:26 -0500] "GET /BLA/resoluciones/AUTOS%202007/0311.pdf HTTP/1.1" 304 -
66.249.65.119 - - [08/Nov/2014:01:48:54 -0500] "GET /BLA/resoluciones/AUTOS%202013/0338.pdf HTTP/1.1" 304 -
201.245.192.253 - - [08/Nov/2014:01:49:11 -0500] "GET /plugins/like.php?locale=es_ES&href=http%3A%2F%2Fwww.facebook.com%2Fmsn&send=false&layout=button_count&width=450&show_faces=false&font&colorscheme=light&action=like&height=21 HTTP/1.1" 404 1314
66.249.65.123 - - [08/Nov/2014:01:49:27 -0500] "GET /BLA/resoluciones/RESOLUCIONES%202010/1159.pdf HTTP/1.1" 200 131400
66.249.65.119 - - [08/Nov/2014:01:49:51 -0500] "GET /BLA/resoluciones/index.php?dir=RESOLUCIONES%202002/RES%202002%20901-950/&sort=date&order=asc HTTP/1.1" 200 12227
66.249.65.115 - - [08/Nov/2014:01:50:09 -0500] "GET /BLA/resoluciones/AUTOS%202009/1496.pdf HTTP/1.1" 200 194062
66.249.65.119 - - [08/Nov/2014:01:50:20 -0500] "GET /BLA/resoluciones/RESOLUCIONES%202009/8711.pdf HTTP/1.1" 200 375708
190.27.74.234 - - [08/Nov/2014:01:50:38 -0500] "POST /Report2/parameter HTTP/1.1" 200 6776
190.27.74.234 - - [08/Nov/2014:01:50:39 -0500] "GET /Report2/parameter?action=runReportMDX&json=true&listdep=informe&id_rpt=17&param_nit=102 HTTP/1.1" 200 418
190.27.74.234 - - [08/Nov/2014:01:50:39 -0500] "GET /Report2/parameter?action=runReportMDX&json=true&listdep=FecBal&id_rpt=17&param_informe=5&param_nit=102 HTTP/1.1" 200 560
190.27.74.234 - - [08/Nov/2014:01:50:39 -0500] "GET /Report2/parameter?action=runReportMDX&json=true&listdep=formato&id_rpt=17&param_informe=5&param_nit=102&param_FecBal=2013-12-31 HTTP/1.1" 200 610
190.27.74.234 - - [08/Nov/2014:01:50:41 -0500] "GET /Report2/parameter?action=runReportMDX&json=true&listdep=formato&id_rpt=17&param_informe=5&param_nit=102&param_FecBal=2013-03-31 HTTP/1.1" 200 610
190.27.74.234 - - [08/Nov/2014:01:50:46 -0500] "POST /Report2/rptManage.jsp?migracion=111 HTTP/1.1" 200 618
190.27.74.234 - - [08/Nov/2014:01:50:46 -0500] "GET /Report2/rpt.jsp?migracion=111&id_rpt=17&currentTab=tab_34690&rnd=0.6691296458111448 HTTP/1.1" 200 14614
190.27.74.234 - - [08/Nov/2014:01:50:46 -0500] "GET /Report2/loading.jsp?migracion=111&id_rpt=17&currentTab=tab_34690&rnd=0.5155262122328096 HTTP/1.1" 200 2830
190.27.74.234 - - [08/Nov/2014:01:50:46 -0500] "GET /Report2/serviceListados.jsp?queryId=rpt/infxidC&informe=5&a=0.9656039669644088 HTTP/1.1" 200 216
190.27.74.234 - - [08/Nov/2014:01:50:46 -0500] "GET /Report2/serviceListados.jsp?queryId=rpt/entidadxidC&nit=102&a=0.43504666280932724 HTTP/1.1" 200 220
190.27.74.234 - - [08/Nov/2014:01:50:47 -0500] "POST /Report2/infReportada.jsp?rdmMapa=318603 HTTP/1.1" 200 5985
66.249.65.115 - - [08/Nov/2014:01:50:51 -0500] "GET /BLA/resoluciones/AUTOS%202009/0977.pdf HTTP/1.1" 200 193463
74.86.158.107 - - [08/Nov/2014:01:50:52 -0500] "HEAD / HTTP/1.1" 302 -
66.249.65.123 - - [08/Nov/2014:01:51:17 -0500] "GET /BLA/resoluciones/RESOLUCIONES%202009/8437.pdf HTTP/1.1" 304 -
157.55.39.118 - - [08/Nov/2014:01:51:37 -0500] "GET /galeria/bibloteca/contentflow.js HTTP/1.1" 200 42804
190.27.74.234 - - [08/Nov/2014:01:51:41 -0500] "POST /Report2/parameter HTTP/1.1" 200 6904
190.27.74.234 - - [08/Nov/2014:01:51:41 -0500] "GET /Report2/parameter?action=runReportMDX&json=true&listdep=informe&id_rpt=17&param_nit=102 HTTP/1.1" 200 418
190.27.74.234 - - [08/Nov/2014:01:51:42 -0500] "GET /Report2/parameter?action=runReportMDX&json=true&listdep=FecBal&id_rpt=17&param_informe=5&param_nit=102 HTTP/1.1" 200 560
190.27.74.234 - - [08/Nov/2014:01:51:42 -0500] "GET /Report2/parameter?action=runReportMDX&json=true&listdep=formato&id_rpt=17&param_informe=5&param_nit=102&param_FecBal=2013-03-31 HTTP/1.1" 200 610
190.27.74.234 - - [08/Nov/2014:01:51:44 -0500] "GET /Report2/parameter?action=runReportMDX&json=true&listdep=formato&id_rpt=17&param_informe=5&param_nit=102&param_FecBal=2013-06-30 HTTP/1.1" 200 610
190.27.74.234 - - [08/Nov/2014:01:51:45 -0500] "POST /Report2/rptManage.jsp?migracion=111 HTTP/1.1" 200 619
190.27.74.234 - - [08/Nov/2014:01:51:45 -0500] "GET /Report2/rpt.jsp?migracion=111&id_rpt=17&currentTab=tab_34690&rnd=0.11552713160589967 HTTP/1.1" 200 15638
190.27.74.234 - - [08/Nov/2014:01:51:46 -0500] "GET /Report2/loading.jsp?migracion=111&id_rpt=17&currentTab=tab_34690&rnd=0.8135486052245596 HTTP/1.1" 200 2959
190.27.74.234 - - [08/Nov/2014:01:51:46 -0500] "GET /Report2/serviceListados.jsp?queryId=rpt/infxidC&informe=5&a=0.708794520702213 HTTP/1.1" 200 216
190.27.74.234 - - [08/Nov/2014:01:51:46 -0500] "GET /Report2/serviceListados.jsp?queryId=rpt/entidadxidC&nit=102&a=0.8571663340553641 HTTP/1.1" 200 220
66.249.65.123 - - [08/Nov/2014:01:51:46 -0500] "GET /BLA/resoluciones/RESOLUCIONES%202007/RES%202007%203601%20AL%203700/RESOLUCION%203626%20DE%202007.pdf HTTP/1.1" 304 -
190.27.74.234 - - [08/Nov/2014:01:51:46 -0500] "POST /Report2/infReportada.jsp?rdmMapa=165206 HTTP/1.1" 200 5982
190.27.74.234 - - [08/Nov/2014:01:51:58 -0500] "POST /Report2/parameter HTTP/1.1" 200 7160
190.27.74.234 - - [08/Nov/2014:01:51:59 -0500] "GET /Report2/parameter?action=runReportMDX&json=true&listdep=informe&id_rpt=17&param_nit=102 HTTP/1.1" 200 418
190.27.74.234 - - [08/Nov/2014:01:51:59 -0500] "GET /Report2/parameter?action=runReportMDX&json=true&listdep=FecBal&id_rpt=17&param_informe=5&param_nit=102 HTTP/1.1" 200 560
190.27.74.234 - - [08/Nov/2014:01:51:59 -0500] "GET /Report2/parameter?action=runReportMDX&json=true&listdep=formato&id_rpt=17&param_informe=5&param_nit=102&param_FecBal=2013-06-30 HTTP/1.1" 200 610
190.25.45.158 - - [08/Nov/2014:01:52:00 -0500] "GET /BLA/boletinlegal/js/jquery.scrollShow.js HTTP/1.1" 200 4586
190.25.45.158 - - [08/Nov/2014:01:52:00 -0500] "GET /BLA/boletinlegal/js/jquery.js HTTP/1.1" 200 57254
190.25.45.158 - - [08/Nov/2014:01:52:00 -0500] "GET /BLA/boletinlegal/js/jquery.scrollTo-min.js HTTP/1.1" 200 1150
190.27.74.234 - - [08/Nov/2014:01:52:02 -0500] "GET /Report2/parameter?action=runReportMDX&json=true&listdep=formato&id_rpt=17&param_informe=5&param_nit=102&param_FecBal=2013-03-31 HTTP/1.1" 200 610
190.27.74.234 - - [08/Nov/2014:01:52:03 -0500] "POST /Report2/rptManage.jsp?migracion=111 HTTP/1.1" 200 620
190.27.74.234 - - [08/Nov/2014:01:52:03 -0500] "GET /Report2/loading.jsp?migracion=111&id_rpt=17&currentTab=tab_34690&rnd=0.3510276042692613 HTTP/1.1" 200 3214
