190.27.74.234 - - [08/Nov/2014:00:48:01 -0500] "GET /Report2/rpt.jsp?migracion=111&id_rpt=17&currentTab=tab_43506&rnd=0.6669698207013008 HTTP/1.1" 200 13709
190.27.74.234 - - [08/Nov/2014:00:48:02 -0500] "GET /Report2/serviceListados.jsp?queryId=rpt/infxidC&informe=5&a=0.9042161505203694 HTTP/1.1" 200 216
190.27.74.234 - - [08/Nov/2014:00:48:02 -0500] "GET /Report2/serviceListados.jsp?queryId=rpt/entidadxidC&nit=126&a=0.8195769207086414 HTTP/1.1" 200 232
190.27.74.234 - - [08/Nov/2014:00:48:02 -0500] "POST /Report2/infReportada.jsp?rdmMapa=177257 HTTP/1.1" 200 13713
190.147.118.7 - - [08/Nov/2014:00:48:02 -0500] "GET /videos/Spot_CambioClimatico.flv HTTP/1.1" 200 4371917
66.249.65.123 - - [08/Nov/2014:00:48:06 -0500] "GET /BLA/resoluciones/index.php?dir=RESOLUCIONES%202002/RES%202002%20651-700/&sort=size&order=desc HTTP/1.1" 200 12212
66.249.65.115 - - [08/Nov/2014:00:48:09 -0500] "GET /BLA/resoluciones/RESOLUCIONES%202007/RES%202007%201801%20AL%201900/RESOLUCION%201870%20DE%202007.pdf HTTP/1.1" 200 2428610
181.55.228.249 - - [08/Nov/2014:00:48:10 -0500] "GET /BLA/boletinlegal/js/jquery.js HTTP/1.1" 200 57254
181.55.228.249 - - [08/Nov/2014:00:48:10 -0500] "GET /BLA/boletinlegal/js/jquery.scrollTo-min.js HTTP/1.1" 200 1150
181.55.228.249 - - [08/Nov/2014:00:48:10 -0500] "GET /BLA/boletinlegal/js/jquery.scrollShow.js HTTP/1.1" 200 4586
66.249.65.123 - - [08/Nov/2014:00:48:18 -0500] "GET /BLA/resoluciones/RESOLUCIONES%202010/4620.pdf HTTP/1.1" 200 195956
66.249.65.115 - - [08/Nov/2014:00:48:29 -0500] "GET /gallery2/g2data/cache/derivative/1/7/ HTTP/1.1" 404 1018
190.147.118.7 - - [08/Nov/2014:00:47:55 -0500] "GET /BLA/boletinlegal/index.php? HTTP/1.1" 200 48956
181.55.228.249 - - [08/Nov/2014:00:48:32 -0500] "GET /BLA/boletinlegal/js/jquery.js HTTP/1.1" 304 -
181.55.228.249 - - [08/Nov/2014:00:48:32 -0500] "GET /BLA/boletinlegal/js/jquery.scrollTo-min.js HTTP/1.1" 304 -
181.55.228.249 - - [08/Nov/2014:00:48:32 -0500] "GET /BLA/boletinlegal/js/jquery.scrollShow.js HTTP/1.1" 304 -
66.249.65.115 - - [08/Nov/2014:00:48:41 -0500] "GET /BLA/resoluciones/index.php?dir=RESOLUCIONES%202006/RES%202006%202301-2350/&sort=size&order=asc HTTP/1.1" 200 12364
66.249.65.123 - - [08/Nov/2014:00:48:53 -0500] "GET /BLA/resoluciones/AUTOS%202013/3482.pdf HTTP/1.1" 304 -
66.249.65.119 - - [08/Nov/2014:00:49:04 -0500] "GET /gallery2/g2data/cache/derivative/0/9/ HTTP/1.1" 404 1018
180.76.6.149 - - [08/Nov/2014:00:48:34 -0500] "GET /BLA/boletinlegal/index.php HTTP/1.1" 200 48956
66.249.65.123 - - [08/Nov/2014:00:49:16 -0500] "GET /BLA/resoluciones/RESOLUCIONES%202010/6954.pdf HTTP/1.1" 304 -
66.249.65.123 - - [08/Nov/2014:00:49:20 -0500] "GET /BLA/resoluciones/AUTOS%202008/1006.pdf HTTP/1.1" 304 -
66.249.65.119 - - [08/Nov/2014:00:49:28 -0500] "GET /BLA/resoluciones/RESOLUCIONES%202011/3320.pdf HTTP/1.1" 200 790108
201.245.192.253 - - [08/Nov/2014:00:49:30 -0500] "GET /BLA/resoluciones/AUTOS%202014/2186.pdf HTTP/1.1" 304 -
66.249.65.115 - - [08/Nov/2014:00:49:39 -0500] "GET /BLA/resoluciones/RESOLUCIONES%202009/3859.pdf HTTP/1.1" 304 -
180.76.6.134 - - [08/Nov/2014:00:49:10 -0500] "GET /BLA/boletinlegal/ HTTP/1.1" 200 48956
66.249.65.123 - - [08/Nov/2014:00:49:51 -0500] "GET /BLA/resoluciones/RESOLUCIONES%202010/4733.pdf HTTP/1.1" 304 -
66.249.65.119 - - [08/Nov/2014:00:50:07 -0500] "GET /BLA/resoluciones/RESOLUCIONES%202010/6684.pdf HTTP/1.1" 200 374628
66.249.65.115 - - [08/Nov/2014:00:50:14 -0500] "GET /BLA/resoluciones/AUTOS%202009/1197.pdf HTTP/1.1" 200 124904
66.249.65.115 - - [08/Nov/2014:00:50:19 -0500] "GET /BLA/resoluciones/RESOLUCIONES%202006/RES%202006%201801-1850/00001832.tif HTTP/1.1" 200 513210
66.249.65.115 - - [08/Nov/2014:00:50:26 -0500] "GET /BLA/resoluciones/AUTOS%202013/0655.pdf HTTP/1.1" 304 -
190.13.44.33 - - [08/Nov/2014:00:50:35 -0500] "GET /BLA/resoluciones/RESOLUCIONES%202007/RES%202007%201801%20AL%201900/RESOLUCION%201855%20DE%202007.pdf HTTP/1.1" 200 1120317
190.13.44.33 - - [08/Nov/2014:00:50:37 -0500] "GET /BLA/resoluciones/RESOLUCIONES%202007/RES%202007%201801%20AL%201900/RESOLUCION%201855%20DE%202007.pdf HTTP/1.1" 206 32768
190.13.44.33 - - [08/Nov/2014:00:50:37 -0500] "GET /BLA/resoluciones/RESOLUCIONES%202007/RES%202007%201801%20AL%201900/RESOLUCION%201855%20DE%202007.pdf HTTP/1.1" 206 1087549
66.249.65.119 - - [08/Nov/2014:00:50:37 -0500] "GET /BLA/resoluciones/RESOLUCIONES%202009/2019.pdf HTTP/1.1" 304 -
190.13.44.33 - - [08/Nov/2014:00:50:40 -0500] "GET /favicon.ico HTTP/1.1" 200 7782
66.249.65.123 - - [08/Nov/2014:00:50:49 -0500] "GET /BLA/resoluciones/AUTOS%202010/2310.pdf HTTP/1.1" 304 -
66.249.65.115 - - [08/Nov/2014:00:50:50 -0500] "GET /BLA/resoluciones/AUTOS%202009/2841.pdf HTTP/1.1" 200 77363
74.86.158.107 - - [08/Nov/2014:00:50:52 -0500] "HEAD / HTTP/1.1" 302 -
66.249.65.119 - - [08/Nov/2014:00:51:01 -0500] "GET /BLA/resoluciones/RESOLUCIONES%202007/RES%202007%20101%20AL%20200/RESOLUCION%200132%20%20DE%202007.pdf HTTP/1.1" 200 346630
186.80.170.131 - - [08/Nov/2014:00:51:09 -0500] "GET /galeria/carrusel/Carrusel/jquery.thumbnailScroller.css HTTP/1.1" 200 2066
186.80.170.131 - - [08/Nov/2014:00:51:09 -0500] "GET /BLA/boletinlegal/js/jquery.js HTTP/1.1" 200 57254
186.80.170.131 - - [08/Nov/2014:00:51:09 -0500] "GET /BLA/boletinlegal/js/jquery.scrollTo-min.js HTTP/1.1" 200 1150
186.80.170.131 - - [08/Nov/2014:00:51:09 -0500] "GET /galeria/carrusel/Carrusel/jquery-ui-1.8.13.custom.min.js HTTP/1.1" 200 10800
186.80.170.131 - - [08/Nov/2014:00:51:09 -0500] "GET /galeria/carrusel/Carrusel/jquery.thumbnailScroller.js HTTP/1.1" 200 8157
186.80.170.131 - - [08/Nov/2014:00:51:10 -0500] "GET /BLA/boletinlegal/js/jquery.scrollShow.js HTTP/1.1" 200 4586
66.249.65.119 - - [08/Nov/2014:00:51:12 -0500] "GET /BLA/resoluciones/RESOLUCIONES%202010/1690.pdf HTTP/1.1" 304 -
66.249.65.123 - - [08/Nov/2014:00:51:24 -0500] "GET /BLA/resoluciones/index.php?dir=RESOLUCIONES%202007/RES%202007%203701%20AL%203800/&sort=size&order=asc HTTP/1.1" 200 26851
66.249.65.119 - - [08/Nov/2014:00:51:47 -0500] "GET /BLA/resoluciones/RESOLUCIONES%202007/RES%202007%202801%20AL%202900/RESOLUCION%202806%20DE%202007.pdf HTTP/1.1" 304 -
66.249.65.119 - - [08/Nov/2014:00:51:47 -0500] "GET /BLA/resoluciones/AUTOS%202009/1122.pdf HTTP/1.1" 200 95970
112.208.34.157 - - [08/Nov/2014:00:51:57 -0500] "GET /gallery2/g2data/cache/derivative/2/5/254.dat HTTP/1.1" 404 1018
66.249.65.115 - - [08/Nov/2014:00:51:59 -0500] "GET /BLA/resoluciones/RESOLUCIONES%202007/RES%202007%203601%20AL%203700/RESOLUCION%203700%20DE%202007.pdf HTTP/1.1" 304 -
118.99.13.128 - - [08/Nov/2014:00:52:05 -0500] "HEAD /webeditor/editor/filemanager/browser/default/connectors/test.html HTTP/1.1" 404 -
66.249.65.119 - - [08/Nov/2014:00:52:08 -0500] "GET /BLA/resoluciones/index.php?dir=RESOLUCIONES%202009/&sort=size&order=desc HTTP/1.1" 200 1672911
66.249.65.51 - - [08/Nov/2014:00:52:18 -0500] "GET /BLA/boletinlegal/Circulares/2014/Circular%2008%20de%20Mayo%20de%202014.pdf HTTP/1.1" 304 -
66.249.65.123 - - [08/Nov/2014:00:52:22 -0500] "GET /BLA/resoluciones/RESOLUCIONES%202009/2838.pdf HTTP/1.1" 304 -
201.245.192.253 - - [08/Nov/2014:00:52:23 -0500] "GET /webfile/skins/gdocs-jar/js/graphicForm.js?version=1410.011744 HTTP/1.1" 200 16490
66.249.65.119 - - [08/Nov/2014:00:52:25 -0500] "GET /BLA/resoluciones/RESOLUCIONES%202007/RES%202007%203301%20AL%203400/RESOLUCION%203355%20DE%202007.pdf HTTP/1.1" 200 445239
66.249.65.123 - - [08/Nov/2014:00:52:33 -0500] "GET /BLA/resoluciones/RESOLUCIONES%202010/6286.pdf HTTP/1.1" 304 -
201.245.192.253 - - [08/Nov/2014:00:52:39 -0500] "GET /plugins/like.php?locale=es_ES&href=http%3A%2F%2Fwww.facebook.com%2Fmsn&send=false&layout=button_count&width=450&show_faces=false&font&colorscheme=light&action=like&height=21 HTTP/1.1" 404 1312
66.249.65.123 - - [08/Nov/2014:00:52:45 -0500] "GET /BLA/resoluciones/index.php?dir=RESOLUCIONES%202007/RES%202007%201301%20AL%201400/&sort=size&order=desc HTTP/1.1" 200 26816
66.249.65.119 - - [08/Nov/2014:00:52:57 -0500] "GET /BLA/resoluciones/RESOLUCIONES%202009/8032.pdf HTTP/1.1" 304 -
190.151.211.109 - - [08/Nov/2014:00:53:04 -0500] "GET /dama/libreria/jpg/ecosistemas/aulas/aa2_1.jpg HTTP/1.1" 404 1343
66.249.65.115 - - [08/Nov/2014:00:53:08 -0500] "GET /BLA/resoluciones/AUTOS%202009/3177.pdf HTTP/1.1" 200 130223
66.249.65.119 - - [08/Nov/2014:00:53:20 -0500] "GET /BLA/resoluciones/AUTOS%202013/0704.pdf HTTP/1.1" 304 -
66.249.65.123 - - [08/Nov/2014:00:53:21 -0500] "GET /BLA/resoluciones/RESOLUCIONES%202007/RES%202007%201201%20AL%201300/RESOLUCION%201279%20DE%202007.pdf HTTP/1.1" 304 -
66.249.65.119 - - [08/Nov/2014:00:53:32 -0500] "GET /BLA/resoluciones/AUTOS%202007/3546.pdf HTTP/1.1" 200 281236
66.249.65.51 - - [08/Nov/2014:00:53:41 -0500] "GET /Autoliquidacion/Grupo%20Forestal%20-%20Industria%20de%20la%20Madera/Instructivo%20de%20Diligenciamiento%20del%20Libro%20de%20Operaciones.pdf HTTP/1.1" 200 118072
66.249.65.115 - - [08/Nov/2014:00:53:43 -0500] "GET /BLA/resoluciones/RESOLUCIONES%202009/2245.pdf HTTP/1.1" 304 -
66.249.65.123 - - [08/Nov/2014:00:53:55 -0500] "GET /BLA/resoluciones/RESOLUCIONES%202011/2627.pdf HTTP/1.1" 200 474529
66.249.65.115 - - [08/Nov/2014:00:54:07 -0500] "GET /BLA/resoluciones/RESOLUCIONES%202009/2116.pdf HTTP/1.1" 304 -
66.249.65.119 - - [08/Nov/2014:00:54:17 -0500] "GET /BLA/resoluciones/index.php?dir= HTTP/1.1" 200 6952
66.249.65.119 - - [08/Nov/2014:00:54:18 -0500] "GET /BLA/resoluciones/RESOLUCIONES%202009/7217.pdf HTTP/1.1" 200 767934
66.249.65.123 - - [08/Nov/2014:00:54:21 -0500] "GET /BLA/resoluciones/RESOLUCIONES%202010/7037.pdf HTTP/1.1" 200 69585
66.249.65.115 - - [08/Nov/2014:00:54:25 -0500] "GET /BLA/resoluciones/RESOLUCIONES%202004/RES%202004%201551-1600/INDEX.DAT HTTP/1.1" 200 2000
66.249.65.123 - - [08/Nov/2014:00:54:30 -0500] "GET /BLA/resoluciones/AUTOS%202009/0459.pdf HTTP/1.1" 200 271070
180.76.6.51 - - [08/Nov/2014:00:54:34 -0500] "GET /BLA/resoluciones/RESOLUCIONES%202009/1877.pdf HTTP/1.1" 200 346796
66.249.65.119 - - [08/Nov/2014:00:54:41 -0500] "GET /BLA/resoluciones/RESOLUCIONES%202009/9196.pdf HTTP/1.1" 304 -
66.249.65.55 - - [08/Nov/2014:00:54:46 -0500] "GET /Autoliquidacion/Grupo%20Forestal%20-%20Industria%20de%20la%20Madera/Solicitud%20de%20verificaci%C3%B3n%20CITES%20y%20NO%20CITES%20flora.pdf HTTP/1.1" 200 58237
66.249.65.59 - - [08/Nov/2014:00:54:48 -0500] "GET /Autoliquidacion/Grupo%20Forestal%20-%20Industria%20de%20la%20Madera/Lista%20de%20chequeo-Registro%20del%20libro%20operaciones.pdf HTTP/1.1" 200 76481
112.208.34.157 - - [08/Nov/2014:00:54:52 -0500] "GET /gallery2/g2data/cache/derivative/2/5/254.dat HTTP/1.1" 404 1018
66.249.65.123 - - [08/Nov/2014:00:54:53 -0500] "GET /BLA/resoluciones/RESOLUCIONES%202009/2953.pdf HTTP/1.1" 304 -
66.249.65.115 - - [08/Nov/2014:00:55:05 -0500] "GET /BLA/resoluciones/RESOLUCIONES%202010/5681.pdf HTTP/1.1" 304 -
66.249.65.115 - - [08/Nov/2014:00:55:16 -0500] "GET /BLA/resoluciones/RESOLUCIONES%202009/5893.pdf HTTP/1.1" 200 433823
66.249.65.115 - - [08/Nov/2014:00:55:28 -0500] "GET /BLA/resoluciones/RESOLUCIONES%202010/2906.pdf HTTP/1.1" 304 -
190.157.179.186 - - [08/Nov/2014:00:55:32 -0500] "GET /BLA/boletinlegal/js/jquery.js HTTP/1.1" 200 57254
190.157.179.186 - - [08/Nov/2014:00:55:32 -0500] "GET /BLA/boletinlegal/js/jquery.scrollTo-min.js HTTP/1.1" 200 1150
190.157.179.186 - - [08/Nov/2014:00:55:32 -0500] "GET /BLA/boletinlegal/js/jquery.scrollShow.js HTTP/1.1" 200 4586
66.249.65.123 - - [08/Nov/2014:00:55:38 -0500] "GET /BLA/resoluciones/index.php?dir=RESOLUCIONES%202004/RES%202004%201551-1600/&sort=name&order=asc HTTP/1.1" 200 12345
66.249.65.115 - - [08/Nov/2014:00:55:40 -0500] "GET /BLA/resoluciones/RESOLUCIONES%202009/5278.pdf HTTP/1.1" 304 -
66.249.65.119 - - [08/Nov/2014:00:55:41 -0500] "GET /BLA/resoluciones/RESOLUCIONES%202005/RES%202005%20151-200/00000200.tif HTTP/1.1" 200 41702
66.249.65.119 - - [08/Nov/2014:00:55:51 -0500] "GET /BLA/resoluciones/AUTOS%202011/2470.pdf HTTP/1.1" 200 153077
74.86.158.107 - - [08/Nov/2014:00:55:52 -0500] "HEAD / HTTP/1.1" 302 -
180.76.6.65 - - [08/Nov/2014:00:55:55 -0500] "GET /BLA/resoluciones/AUTOS%202011/0745.pdf HTTP/1.1" 200 164817
66.249.65.115 - - [08/Nov/2014:00:56:03 -0500] "GET /BLA/resoluciones/RESOLUCIONES%202009/6058.pdf HTTP/1.1" 200 560127
66.249.65.115 - - [08/Nov/2014:00:56:14 -0500] "GET /BLA/resoluciones/RESOLUCIONES%202010/6093.pdf HTTP/1.1" 304 -
66.249.65.123 - - [08/Nov/2014:00:56:26 -0500] "GET /gallery2/g2data/cache/derivative/2/0/ HTTP/1.1" 404 1018
66.249.65.119 - - [08/Nov/2014:00:56:38 -0500] "GET /BLA/resoluciones/RESOLUCIONES%202009/3354.pdf HTTP/1.1" 200 557885
66.249.65.115 - - [08/Nov/2014:00:56:49 -0500] "GET /BLA/resoluciones/AUTOS%202008/1998.pdf HTTP/1.1" 304 -
66.249.65.115 - - [08/Nov/2014:00:56:54 -0500] "GET /BLA/resoluciones/index.php?dir=RESOLUCIONES%202004/RES%202004%201551-1600/&sort=date&order=asc HTTP/1.1" 200 12345
66.249.65.115 - - [08/Nov/2014:00:57:01 -0500] "GET /phpold/aaaz.php HTTP/1.1" 404 1018
66.249.65.119 - - [08/Nov/2014:00:57:13 -0500] "GET /BLA/resoluciones/RESOLUCIONES%202008/0042.pdf HTTP/1.1" 200 398731
66.249.65.119 - - [08/Nov/2014:00:57:24 -0500] "GET /BLA/resoluciones/RESOLUCIONES%202009/9349.pdf HTTP/1.1" 304 -
66.249.65.119 - - [08/Nov/2014:00:57:36 -0500] "GET /BLA/resoluciones/RESOLUCIONES%202009/8823.pdf HTTP/1.1" 304 -
66.249.65.123 - - [08/Nov/2014:00:57:47 -0500] "GET /BLA/resoluciones/RESOLUCIONES%202009/6335.pdf HTTP/1.1" 200 522599
66.249.65.115 - - [08/Nov/2014:00:57:59 -0500] "GET /BLA/resoluciones/RESOLUCIONES%202010/3761.pdf HTTP/1.1" 304 -
190.192.4.141 - - [08/Nov/2014:00:58:08 -0500] "GET /BLA/boletinlegal/js/jquery.js HTTP/1.1" 200 57254
190.192.4.141 - - [08/Nov/2014:00:58:08 -0500] "GET /BLA/boletinlegal/js/jquery.scrollTo-min.js HTTP/1.1" 200 1150
190.192.4.141 - - [08/Nov/2014:00:58:08 -0500] "GET /BLA/boletinlegal/js/jquery.scrollShow.js HTTP/1.1" 200 4586
66.249.65.123 - - [08/Nov/2014:00:58:22 -0500] "GET /BLA/resoluciones/RESOLUCIONES%202009/9486.pdf HTTP/1.1" 200 831296
66.249.65.115 - - [08/Nov/2014:00:58:34 -0500] "GET /BLA/resoluciones/RESOLUCIONES%202009/2315.pdf HTTP/1.1" 304 -
180.76.6.21 - - [08/Nov/2014:00:58:34 -0500] "GET /BLA/resoluciones/RESOLUCIONES%202007/RES%202007%20401%20AL%20500/RESOLUCION%200491%20DE%202007.pdf HTTP/1.1" 200 119318
66.249.65.115 - - [08/Nov/2014:00:58:46 -0500] "GET /BLA/resoluciones/RESOLUCIONES%202008/3572.pdf HTTP/1.1" 200 193891
66.249.65.123 - - [08/Nov/2014:00:58:57 -0500] "GET /BLA/resoluciones/RESOLUCIONES%202009/1291.pdf HTTP/1.1" 200 421115
66.249.65.123 - - [08/Nov/2014:00:59:09 -0500] "GET /BLA/resoluciones/RESOLUCIONES%202009/2637.pdf HTTP/1.1" 304 -
66.249.65.115 - - [08/Nov/2014:00:59:14 -0500] "GET /BLA/resoluciones/index.php?dir=RESOLUCIONES+2000%2F HTTP/1.1" 200 13662
66.249.65.123 - - [08/Nov/2014:00:59:20 -0500] "GET /BLA/resoluciones/RESOLUCIONES%202010/6692.pdf HTTP/1.1" 304 -
66.249.65.115 - - [08/Nov/2014:00:59:24 -0500] "GET /BLA/resoluciones/index.php?dir=AUTOS+2007%2F HTTP/1.1" 200 628096
66.249.65.119 - - [08/Nov/2014:00:59:31 -0500] "GET /BLA/resoluciones/index.php?dir=RESOLUCIONES+2003%2FRES+2003+1551-1601%2F HTTP/1.1" 200 12156
66.249.65.115 - - [08/Nov/2014:00:59:32 -0500] "GET /BLA/resoluciones/RESOLUCIONES%202011/2689.pdf HTTP/1.1" 200 749286
66.249.65.119 - - [08/Nov/2014:00:59:34 -0500] "GET /BLA/resoluciones/index.php?dir=AUTOS+2010%2F HTTP/1.1" 200 214072
66.249.65.119 - - [08/Nov/2014:00:59:44 -0500] "GET /BLA/resoluciones/AUTOS%202013/0768.pdf HTTP/1.1" 304 -
66.249.65.123 - - [08/Nov/2014:00:59:45 -0500] "GET /BLA/resoluciones/index.php?dir=AUTOS+2014%2F HTTP/1.1" 200 47839
190.27.74.234 - - [08/Nov/2014:00:59:52 -0500] "POST /Report2/parameter HTTP/1.1" 200 6692
190.27.74.234 - - [08/Nov/2014:00:59:52 -0500] "GET /Report2/parameter?action=runReportMDX&json=true&listdep=informe&id_rpt=17&param_nit=126 HTTP/1.1" 200 844
190.27.74.234 - - [08/Nov/2014:00:59:52 -0500] "GET /Report2/parameter?action=runReportMDX&json=true&listdep=FecBal&id_rpt=17&param_informe=5&param_nit=126 HTTP/1.1" 200 560
190.27.74.234 - - [08/Nov/2014:00:59:53 -0500] "GET /Report2/parameter?action=runReportMDX&json=true&listdep=formato&id_rpt=17&param_informe=5&param_nit=126&param_FecBal=2013-06-30 HTTP/1.1" 200 610
66.249.65.119 - - [08/Nov/2014:00:59:55 -0500] "GET /BLA/resoluciones/RESOLUCIONES%202008/4801.pdf HTTP/1.1" 200 486138
66.249.65.115 - - [08/Nov/2014:00:59:58 -0500] "GET /BLA/resoluciones/index.php?dir=AUTOS+2005%2F HTTP/1.1" 200 1813
190.27.74.234 - - [08/Nov/2014:00:59:58 -0500] "POST /Report2/parameter?action=runReportMDX&json=true&listdep=nit&id_rpt=17&param_partNomauto=SECRETAR%C3%83%C2%83%C3%82%C2%83%C3%83%C2%82%C3%82%C2%83%C3%83%C2%83%C3%82%C2%82%C3%83%C2%82%C3%82%C2%8DA%20DISTRITAL HTTP/1.1" 200 2
190.27.74.234 - - [08/Nov/2014:01:00:00 -0500] "POST /Report2/parameter?action=runReportMDX&json=true&listdep=nit&id_rpt=17&param_partNomauto=pere HTTP/1.1" 200 2
190.27.74.234 - - [08/Nov/2014:01:00:01 -0500] "POST /Report2/parameter?action=runReportMDX&json=true&listdep=nit&id_rpt=17&param_partNomauto=per HTTP/1.1" 200 260
190.27.74.234 - - [08/Nov/2014:01:00:02 -0500] "POST /Report2/parameter?action=runReportMDX&json=true&listdep=nit&id_rpt=17&param_partNomauto=pers HTTP/1.1" 200 46
190.27.74.234 - - [08/Nov/2014:01:00:03 -0500] "GET /Report2/parameter?action=runReportMDX&json=true&listdep=informe&id_rpt=17&param_nit=102 HTTP/1.1" 200 418
190.27.74.234 - - [08/Nov/2014:01:00:04 -0500] "GET /Report2/parameter?action=runReportMDX&json=true&listdep=FecBal&id_rpt=17&param_informe=5&param_nit=102 HTTP/1.1" 200 560
190.27.74.234 - - [08/Nov/2014:01:00:04 -0500] "GET /Report2/parameter?action=runReportMDX&json=true&listdep=formato&id_rpt=17&param_informe=5&param_nit=102&param_FecBal=2013-06-30 HTTP/1.1" 200 610
66.249.65.119 - - [08/Nov/2014:01:00:07 -0500] "GET /BLA/resoluciones/RESOLUCIONES%202009/6222.pdf HTTP/1.1" 200 1112155
190.27.74.234 - - [08/Nov/2014:01:00:10 -0500] "GET /Report2/parameter?action=runReportMDX&json=true&listdep=formato&id_rpt=17&param_informe=5&param_nit=102&param_FecBal=2013-03-31 HTTP/1.1" 200 610
190.27.74.234 - - [08/Nov/2014:01:00:14 -0500] "POST /Report2/rptManage.jsp?migracion=111 HTTP/1.1" 200 618
190.27.74.234 - - [08/Nov/2014:01:00:14 -0500] "GET /Report2/loading.jsp?migracion=111&id_rpt=17&currentTab=tab_43506&rnd=0.07788039426312221 HTTP/1.1" 200 2685
190.27.74.234 - - [08/Nov/2014:01:00:14 -0500] "GET /Report2/rpt.jsp?migracion=111&id_rpt=17&currentTab=tab_43506&rnd=0.698265879197915 HTTP/1.1" 200 13549
190.27.74.234 - - [08/Nov/2014:01:00:14 -0500] "POST /Report2/infReportada.jsp?rdmMapa=765052 HTTP/1.1" 200 13406
190.27.74.234 - - [08/Nov/2014:01:00:14 -0500] "GET /Report2/serviceListados.jsp?queryId=rpt/infxidC&informe=5&a=0.8965219703968614 HTTP/1.1" 200 132
66.249.65.115 - - [08/Nov/2014:01:00:19 -0500] "GET /BLA/resoluciones/RESOLUCIONES%202009/5767.pdf HTTP/1.1" 200 715997
66.249.65.119 - - [08/Nov/2014:01:00:20 -0500] "GET /BLA/resoluciones/index.php?dir=AUTOS+2013%2F HTTP/1.1" 200 161668
66.249.65.119 - - [08/Nov/2014:01:00:30 -0500] "GET /BLA/resoluciones/AUTOS%202014/0441.pdf HTTP/1.1" 304 -
66.249.65.119 - - [08/Nov/2014:01:00:41 -0500] "GET /BLA/resoluciones/index.php?dir=AUTOS+2009%2F HTTP/1.1" 200 393165
201.245.192.253 - - [08/Nov/2014:01:00:43 -0500] "GET /fr/u.php?p=328546547221502&m=4591359691530816241&t=2592000 HTTP/1.1" 404 1480
66.249.65.119 - - [08/Nov/2014:01:00:44 -0500] "GET /BLA/resoluciones/RESOLUCIONES%202009/3457.pdf HTTP/1.1" 304 -
186.28.166.215 - - [08/Nov/2014:01:00:45 -0500] "GET /galeria/carrusel/Carrusel/jquery.thumbnailScroller.css HTTP/1.1" 200 2066
186.28.166.215 - - [08/Nov/2014:01:00:45 -0500] "GET /galeria/carrusel/Carrusel/jquery-ui-1.8.13.custom.min.js HTTP/1.1" 200 10800
186.28.166.215 - - [08/Nov/2014:01:00:45 -0500] "GET /BLA/boletinlegal/js/jquery.scrollTo-min.js HTTP/1.1" 200 1150
186.28.166.215 - - [08/Nov/2014:01:00:45 -0500] "GET /galeria/carrusel/Carrusel/jquery.thumbnailScroller.js HTTP/1.1" 200 8157
186.28.166.215 - - [08/Nov/2014:01:00:45 -0500] "GET /BLA/boletinlegal/js/jquery.js HTTP/1.1" 200 57254
186.28.166.215 - - [08/Nov/2014:01:00:45 -0500] "GET /BLA/boletinlegal/js/jquery.scrollShow.js HTTP/1.1" 200 4586
186.28.166.215 - - [08/Nov/2014:01:00:47 -0500] "GET /galeria/nivo-slider/demo/demo.html HTTP/1.1" 200 3542
186.28.166.215 - - [08/Nov/2014:01:00:47 -0500] "GET /galeria/nivo-slider/nivo-slider.css HTTP/1.1" 200 1507
186.28.166.215 - - [08/Nov/2014:01:00:47 -0500] "GET /galeria/nivo-slider/themes/default/default.css HTTP/1.1" 200 1569
186.28.166.215 - - [08/Nov/2014:01:00:47 -0500] "GET /galeria/nivo-slider/demo/style.css HTTP/1.1" 200 2222
186.28.166.215 - - [08/Nov/2014:01:00:47 -0500] "GET /galeria/nivo-slider/themes/orman/orman.css HTTP/1.1" 200 2152
186.28.166.215 - - [08/Nov/2014:01:00:47 -0500] "GET /galeria/nivo-slider/themes/pascal/pascal.css HTTP/1.1" 200 2258
201.245.192.253 - - [08/Nov/2014:01:00:47 -0500] "GET /plugins/like.php?locale=es_ES&href=http%3A%2F%2Fwww.facebook.com%2Fmsn&send=false&layout=button_count&width=450&show_faces=false&font&colorscheme=light&action=like&height=21 HTTP/1.1" 404 1312
186.28.166.215 - - [08/Nov/2014:01:00:47 -0500] "GET /galeria/nivo-slider/demo/images/Banner-comparendo.jpg HTTP/1.1" 200 388762
186.28.166.215 - - [08/Nov/2014:01:00:47 -0500] "GET /galeria/nivo-slider/demo/images/porloshumedales.jpg HTTP/1.1" 200 351238
186.28.166.215 - - [08/Nov/2014:01:00:47 -0500] "GET /galeria/nivo-slider/demo/images/Banner-Ecourbanismo.jpg HTTP/1.1" 200 189838
186.28.166.215 - - [08/Nov/2014:01:00:47 -0500] "GET /galeria/nivo-slider/demo/scripts/jquery-1.7.1.min.js HTTP/1.1" 200 93868
186.28.166.215 - - [08/Nov/2014:01:00:47 -0500] "GET /galeria/nivo-slider/jquery.nivo.slider.pack.js HTTP/1.1" 200 11561
186.28.166.215 - - [08/Nov/2014:01:00:47 -0500] "GET /galeria/nivo-slider/demo/images/banner-aceite3.jpg HTTP/1.1" 200 88347
186.28.166.215 - - [08/Nov/2014:01:00:49 -0500] "GET /galeria/nivo-slider/demo/images/Tingua-azul.jpg HTTP/1.1" 200 307638
186.28.166.215 - - [08/Nov/2014:01:00:49 -0500] "GET /galeria/nivo-slider/demo/images/Banner-Caracol-Africano.jpg HTTP/1.1" 200 331986
186.28.166.215 - - [08/Nov/2014:01:00:50 -0500] "GET /galeria/nivo-slider/demo/images/4Simple_Slider.png HTTP/1.1" 200 11722
186.28.166.215 - - [08/Nov/2014:01:00:50 -0500] "GET /galeria/nivo-slider/themes/default/loading.gif HTTP/1.1" 200 1737
186.28.166.215 - - [08/Nov/2014:01:00:50 -0500] "GET /galeria/nivo-slider/demo/images/banner-redes.jpg HTTP/1.1" 200 62209
74.86.158.107 - - [08/Nov/2014:01:00:52 -0500] "HEAD / HTTP/1.1" 302 -
186.28.166.215 - - [08/Nov/2014:01:00:52 -0500] "GET /galeria/nivo-slider/demo/images/9Signos.jpg HTTP/1.1" 200 93040
186.28.166.215 - - [08/Nov/2014:01:00:53 -0500] "GET /galeria/nivo-slider/demo/images/banner-llantas2.jpg HTTP/1.1" 200 73153
66.249.65.119 - - [08/Nov/2014:01:00:53 -0500] "GET /BLA/resoluciones/RESOLUCIONES%202009/6759.pdf HTTP/1.1" 304 -
186.28.166.215 - - [08/Nov/2014:01:00:54 -0500] "GET /galeria/nivo-slider/demo/images/banner-caballos.png HTTP/1.1" 200 389106
186.28.166.215 - - [08/Nov/2014:01:00:54 -0500] "GET /galeria/nivo-slider/demo/images/Hacienda_Molinos.jpg HTTP/1.1" 200 319171
186.28.166.215 - - [08/Nov/2014:01:00:55 -0500] "GET /galeria/nivo-slider/demo/images/bannerEcolecta3.jpg HTTP/1.1" 200 280034
186.28.166.215 - - [08/Nov/2014:01:00:56 -0500] "GET /videos/Spot_CambioClimatico.flv HTTP/1.1" 200 4371917
186.28.166.215 - - [08/Nov/2014:01:01:00 -0500] "GET /galeria/nivo-slider/themes/default/arrows.png HTTP/1.1" 200 824
186.28.166.215 - - [08/Nov/2014:01:01:00 -0500] "GET /galeria/nivo-slider/themes/default/bullets.png HTTP/1.1" 200 1281
66.249.65.123 - - [08/Nov/2014:01:01:03 -0500] "GET /BLA/resoluciones/index.php?dir=AUTOS+2011%2F HTTP/1.1" 200 514309
66.249.65.115 - - [08/Nov/2014:01:01:05 -0500] "GET /BLA/resoluciones/RESOLUCIONES%202013/0027.pdf HTTP/1.1" 200 2124888
190.27.74.234 - - [08/Nov/2014:01:01:15 -0500] "POST /Report2/parameter HTTP/1.1" 200 6652
190.27.74.234 - - [08/Nov/2014:01:01:15 -0500] "GET /Report2/parameter?action=runReportMDX&json=true&listdep=informe&id_rpt=17&param_nit=102 HTTP/1.1" 200 418
190.27.74.234 - - [08/Nov/2014:01:01:15 -0500] "GET /Report2/parameter?action=runReportMDX&json=true&listdep=FecBal&id_rpt=17&param_informe=5&param_nit=102 HTTP/1.1" 200 560
190.27.74.234 - - [08/Nov/2014:01:01:16 -0500] "GET /Report2/parameter?action=runReportMDX&json=true&listdep=formato&id_rpt=17&param_informe=5&param_nit=102&param_FecBal=2013-03-31 HTTP/1.1" 200 610
66.249.65.115 - - [08/Nov/2014:01:01:17 -0500] "GET /BLA/resoluciones/AUTOS%202011/6500.pdf HTTP/1.1" 200 195785
190.27.74.234 - - [08/Nov/2014:01:01:18 -0500] "GET /Report2/parameter?action=runReportMDX&json=true&listdep=formato&id_rpt=17&param_informe=5&param_nit=102&param_FecBal=2013-06-30 HTTP/1.1" 200 610
190.27.74.234 - - [08/Nov/2014:01:01:20 -0500] "POST /Report2/rptManage.jsp?migracion=111 HTTP/1.1" 200 618
190.27.74.234 - - [08/Nov/2014:01:01:20 -0500] "GET /Report2/loading.jsp?migracion=111&id_rpt=17&currentTab=tab_43506&rnd=0.7512719241350678 HTTP/1.1" 200 2687
190.27.74.234 - - [08/Nov/2014:01:01:20 -0500] "GET /Report2/rpt.jsp?migracion=111&id_rpt=17&currentTab=tab_43506&rnd=0.6149941596903388 HTTP/1.1" 200 13565
190.27.74.234 - - [08/Nov/2014:01:01:21 -0500] "GET /Report2/serviceListados.jsp?queryId=rpt/infxidC&informe=5&a=0.7122818566858768 HTTP/1.1" 200 216
190.27.74.234 - - [08/Nov/2014:01:01:21 -0500] "POST /Report2/infReportada.jsp?rdmMapa=780011 HTTP/1.1" 200 13480
190.27.74.234 - - [08/Nov/2014:01:01:21 -0500] "GET /Report2/serviceListados.jsp?queryId=rpt/entidadxidC&nit=102&a=0.7023322863969952 HTTP/1.1" 200 220
66.249.65.115 - - [08/Nov/2014:01:01:28 -0500] "GET /BLA/resoluciones/RESOLUCIONES%202011/0310.pdf HTTP/1.1" 304 -
66.249.65.123 - - [08/Nov/2014:01:01:40 -0500] "GET /BLA/resoluciones/RESOLUCIONES%202007/RES%202007%201101%20AL%201200/RESOLUCION%201147%20DE%202007.pdf HTTP/1.1" 304 -
190.27.74.234 - - [08/Nov/2014:01:01:42 -0500] "POST /Report2/parameter HTTP/1.1" 200 6656
190.27.74.234 - - [08/Nov/2014:01:01:43 -0500] "GET /Report2/parameter?action=runReportMDX&json=true&listdep=informe&id_rpt=17&param_nit=102 HTTP/1.1" 200 418
190.27.74.234 - - [08/Nov/2014:01:01:43 -0500] "GET /Report2/parameter?action=runReportMDX&json=true&listdep=FecBal&id_rpt=17&param_informe=5&param_nit=102 HTTP/1.1" 200 560
190.27.74.234 - - [08/Nov/2014:01:01:43 -0500] "GET /Report2/parameter?action=runReportMDX&json=true&listdep=formato&id_rpt=17&param_informe=5&param_nit=102&param_FecBal=2013-06-30 HTTP/1.1" 200 610
66.249.65.123 - - [08/Nov/2014:01:01:51 -0500] "GET /BLA/resoluciones/AUTOS%202008/3276.pdf HTTP/1.1" 304 -
190.27.74.234 - - [08/Nov/2014:01:01:51 -0500] "GET /Report2/parameter?action=runReportMDX&json=true&listdep=formato&id_rpt=17&param_informe=5&param_nit=102&param_FecBal=2013-09-30 HTTP/1.1" 200 610
190.27.74.234 - - [08/Nov/2014:01:01:52 -0500] "POST /Report2/rptManage.jsp?migracion=111 HTTP/1.1" 200 618
190.27.74.234 - - [08/Nov/2014:01:01:53 -0500] "GET /Report2/rpt.jsp?migracion=111&id_rpt=17&currentTab=tab_43506&rnd=0.460550081602245 HTTP/1.1" 200 13597
190.27.74.234 - - [08/Nov/2014:01:01:53 -0500] "GET /Report2/loading.jsp?migracion=111&id_rpt=17&currentTab=tab_43506&rnd=0.20515131671477893 HTTP/1.1" 200 2691
190.27.74.234 - - [08/Nov/2014:01:01:53 -0500] "GET /Report2/serviceListados.jsp?queryId=rpt/infxidC&informe=5&a=0.435039710951969 HTTP/1.1" 200 216
190.27.74.234 - - [08/Nov/2014:01:01:53 -0500] "GET /Report2/serviceListados.jsp?queryId=rpt/entidadxidC&nit=102&a=0.4207654120400548 HTTP/1.1" 200 220
190.27.74.234 - - [08/Nov/2014:01:01:54 -0500] "POST /Report2/infReportada.jsp?rdmMapa=232898 HTTP/1.1" 200 12011
66.249.65.115 - - [08/Nov/2014:01:02:03 -0500] "GET /BLA/resoluciones/AUTOS%202011/2818.pdf HTTP/1.1" 200 199323
180.76.5.17 - - [08/Nov/2014:01:02:10 -0500] "GET /BLA/resoluciones/AUTOS%202009/0352.pdf HTTP/1.1" 200 91857
190.27.74.234 - - [08/Nov/2014:01:02:14 -0500] "POST /Report2/parameter HTTP/1.1" 200 6664
66.249.65.119 - - [08/Nov/2014:01:02:15 -0500] "GET /BLA/resoluciones/RESOLUCIONES%202007/RES%202007%202301%20AL%202400/RESOLUCION%202311%20DE%202007.pdf HTTP/1.1" 200 444496
190.27.74.234 - - [08/Nov/2014:01:02:15 -0500] "GET /Report2/parameter?action=runReportMDX&json=true&listdep=informe&id_rpt=17&param_nit=102 HTTP/1.1" 200 418
190.27.74.234 - - [08/Nov/2014:01:02:15 -0500] "GET /Report2/parameter?action=runReportMDX&json=true&listdep=FecBal&id_rpt=17&param_informe=5&param_nit=102 HTTP/1.1" 200 560
190.27.74.234 - - [08/Nov/2014:01:02:15 -0500] "GET /Report2/parameter?action=runReportMDX&json=true&listdep=formato&id_rpt=17&param_informe=5&param_nit=102&param_FecBal=2013-09-30 HTTP/1.1" 200 610
190.27.74.234 - - [08/Nov/2014:01:02:17 -0500] "GET /Report2/parameter?action=runReportMDX&json=true&listdep=formato&id_rpt=17&param_informe=5&param_nit=102&param_FecBal=2013-12-31 HTTP/1.1" 200 610
190.27.74.234 - - [08/Nov/2014:01:02:18 -0500] "POST /Report2/rptManage.jsp?migracion=111 HTTP/1.1" 200 621
190.27.74.234 - - [08/Nov/2014:01:02:18 -0500] "GET /Report2/loading.jsp?migracion=111&id_rpt=17&currentTab=tab_43506&rnd=0.49704103943499534 HTTP/1.1" 200 2699
190.27.74.234 - - [08/Nov/2014:01:02:18 -0500] "GET /Report2/rpt.jsp?migracion=111&id_rpt=17&currentTab=tab_43506&rnd=0.061938448531683066 HTTP/1.1" 200 13661
190.27.74.234 - - [08/Nov/2014:01:02:19 -0500] "GET /Report2/serviceListados.jsp?queryId=rpt/infxidC&informe=5&a=0.10222707944922149 HTTP/1.1" 200 216
190.27.74.234 - - [08/Nov/2014:01:02:19 -0500] "POST /Report2/infReportada.jsp?rdmMapa=22517 HTTP/1.1" 200 13516
190.27.74.234 - - [08/Nov/2014:01:02:19 -0500] "GET /Report2/serviceListados.jsp?queryId=rpt/entidadxidC&nit=102&a=0.07951108063571155 HTTP/1.1" 200 220
66.249.65.115 - - [08/Nov/2014:01:02:26 -0500] "GET /autoliquidacion/index.php?dir=Grupo+Forestal+-+Industria+de+la+Madera%2F HTTP/1.1" 200 7195
66.249.65.115 - - [08/Nov/2014:01:02:38 -0500] "GET /BLA/resoluciones/RESOLUCIONES%202009/9630.pdf HTTP/1.1" 200 454849
66.249.65.123 - - [08/Nov/2014:01:02:50 -0500] "GET /BLA/resoluciones/RESOLUCIONES%202009/7407.pdf HTTP/1.1" 200 1292842
66.249.65.115 - - [08/Nov/2014:01:03:01 -0500] "GET /BLA/resoluciones/AUTOS%202014/1311.pdf HTTP/1.1" 304 -
180.76.6.130 - - [08/Nov/2014:01:03:04 -0500] "GET /BLA/resoluciones/AUTOS%202011/4263.pdf HTTP/1.1" 200 277231
66.249.65.119 - - [08/Nov/2014:01:03:13 -0500] "GET /BLA/resoluciones/AUTOS%202014/0446.pdf HTTP/1.1" 200 372629
66.249.65.119 - - [08/Nov/2014:01:03:25 -0500] "GET /BLA/resoluciones/RESOLUCIONES%202008/1850.pdf HTTP/1.1" 304 -
100.43.85.25 - - [08/Nov/2014:01:03:33 -0500] "GET /robots.txt HTTP/1.1" 404 1019
66.249.65.115 - - [08/Nov/2014:01:03:36 -0500] "GET /BLA/resoluciones/RESOLUCIONES%202009/7481.pdf HTTP/1.1" 200 497573
66.249.65.123 - - [08/Nov/2014:01:03:48 -0500] "GET /BLA/resoluciones/RESOLUCIONES%202009/1742.pdf HTTP/1.1" 304 -
66.249.65.119 - - [08/Nov/2014:01:03:59 -0500] "GET /BLA/resoluciones/RESOLUCIONES%202007/RES%202007%203501%20AL%203600/RESOLUCION%203560%20DE%202007.pdf HTTP/1.1" 304 -
66.249.65.119 - - [08/Nov/2014:01:04:11 -0500] "GET /BLA/resoluciones/RESOLUCIONES%202009/8277.pdf HTTP/1.1" 304 -
66.249.65.123 - - [08/Nov/2014:01:04:23 -0500] "GET /BLA/resoluciones/RESOLUCIONES%202007/RES%202007%202001%20AL%202100/RESOLUCION%202075%20DE%202007.pdf HTTP/1.1" 304 -
201.245.192.253 - - [08/Nov/2014:01:04:32 -0500] "GET /ecodirectorio/files/res/pages/page_0000.swf HTTP/1.1" 304 -
66.249.65.123 - - [08/Nov/2014:01:04:34 -0500] "GET /BLA/resoluciones/RESOLUCIONES%202012/0324.pdf HTTP/1.1" 304 -
187.207.22.139 - - [08/Nov/2014:01:04:40 -0500] "GET /BLA/boletinlegal/js/jquery.scrollTo-min.js HTTP/1.1" 200 1150
187.207.22.139 - - [08/Nov/2014:01:04:40 -0500] "GET /BLA/boletinlegal/js/jquery.js HTTP/1.1" 200 57254
187.207.22.139 - - [08/Nov/2014:01:04:40 -0500] "GET /BLA/boletinlegal/js/jquery.scrollShow.js HTTP/1.1" 200 4586
66.249.65.119 - - [08/Nov/2014:01:04:46 -0500] "GET /BLA/resoluciones/AUTOS%202008/1984.pdf HTTP/1.1" 304 -
201.245.192.253 - - [08/Nov/2014:01:04:50 -0500] "GET /ecodirectorio/files/res/pages/page_0013.swf HTTP/1.1" 304 -
66.249.65.123 - - [08/Nov/2014:01:04:57 -0500] "GET /BLA/resoluciones/AUTOS%202011/6816.pdf HTTP/1.1" 304 -
201.245.192.253 - - [08/Nov/2014:01:05:01 -0500] "GET /ecodirectorio/files/res/pages/page_0003.swf HTTP/1.1" 304 -
189.236.98.129 - - [08/Nov/2014:01:05:04 -0500] "GET /BLA/boletinlegal/js/jquery.js HTTP/1.1" 200 57254
189.236.98.129 - - [08/Nov/2014:01:05:04 -0500] "GET /BLA/boletinlegal/js/jquery.scrollShow.js HTTP/1.1" 200 4586
189.236.98.129 - - [08/Nov/2014:01:05:05 -0500] "GET /BLA/boletinlegal/js/jquery.scrollTo-min.js HTTP/1.1" 200 1150
190.27.74.234 - - [08/Nov/2014:01:05:09 -0500] "POST /Report2/parameter HTTP/1.1" 200 6680
66.249.65.115 - - [08/Nov/2014:01:05:09 -0500] "GET /BLA/resoluciones/RESOLUCIONES%202009/2671.pdf HTTP/1.1" 304 -
190.27.74.234 - - [08/Nov/2014:01:05:09 -0500] "GET /Report2/parameter?action=runReportMDX&json=true&listdep=informe&id_rpt=17&param_nit=102 HTTP/1.1" 200 418
190.27.74.234 - - [08/Nov/2014:01:05:10 -0500] "GET /Report2/parameter?action=runReportMDX&json=true&listdep=FecBal&id_rpt=17&param_informe=5&param_nit=102 HTTP/1.1" 200 560
190.27.74.234 - - [08/Nov/2014:01:05:10 -0500] "GET /Report2/parameter?action=runReportMDX&json=true&listdep=formato&id_rpt=17&param_informe=5&param_nit=102&param_FecBal=2013-12-31 HTTP/1.1" 200 610
190.27.74.234 - - [08/Nov/2014:01:05:12 -0500] "GET /Report2/parameter?action=runReportMDX&json=true&listdep=formato&id_rpt=17&param_informe=5&param_nit=102&param_FecBal=2013-09-30 HTTP/1.1" 200 610
190.27.74.234 - - [08/Nov/2014:01:05:14 -0500] "POST /Report2/rptManage.jsp?migracion=111 HTTP/1.1" 200 621
190.27.74.234 - - [08/Nov/2014:01:05:15 -0500] "GET /Report2/loading.jsp?migracion=111&id_rpt=17&currentTab=tab_43506&rnd=0.19793954583413875 HTTP/1.1" 200 2716
190.27.74.234 - - [08/Nov/2014:01:05:14 -0500] "GET /Report2/rpt.jsp?migracion=111&id_rpt=17&currentTab=tab_43506&rnd=0.034504261062200836 HTTP/1.1" 200 13789
190.27.74.234 - - [08/Nov/2014:01:05:15 -0500] "GET /Report2/serviceListados.jsp?queryId=rpt/infxidC&informe=5&a=0.42416606890037656 HTTP/1.1" 200 216
190.27.74.234 - - [08/Nov/2014:01:05:15 -0500] "GET /Report2/serviceListados.jsp?queryId=rpt/entidadxidC&nit=102&a=0.9010641465429217 HTTP/1.1" 200 220
190.27.74.234 - - [08/Nov/2014:01:05:15 -0500] "POST /Report2/infReportada.jsp?rdmMapa=146950 HTTP/1.1" 200 12011
66.249.65.119 - - [08/Nov/2014:01:05:21 -0500] "GET /BLA/resoluciones/AUTOS%202011/6443.pdf HTTP/1.1" 200 134514
190.27.74.234 - - [08/Nov/2014:01:05:29 -0500] "POST /Report2/parameter HTTP/1.1" 200 6712
190.27.74.234 - - [08/Nov/2014:01:05:29 -0500] "GET /Report2/parameter?action=runReportMDX&json=true&listdep=informe&id_rpt=17&param_nit=102 HTTP/1.1" 200 418
190.27.74.234 - - [08/Nov/2014:01:05:30 -0500] "GET /Report2/parameter?action=runReportMDX&json=true&listdep=FecBal&id_rpt=17&param_informe=5&param_nit=102 HTTP/1.1" 200 560
190.27.74.234 - - [08/Nov/2014:01:05:30 -0500] "GET /Report2/parameter?action=runReportMDX&json=true&listdep=formato&id_rpt=17&param_informe=5&param_nit=102&param_FecBal=2013-09-30 HTTP/1.1" 200 610
201.245.192.253 - - [08/Nov/2014:01:05:31 -0500] "GET /ecodirectorio/files/res/navbtn/toc.swf HTTP/1.1" 304 -
201.245.192.253 - - [08/Nov/2014:01:05:31 -0500] "GET /ecodirectorio/files/res/pages/page_0006.swf HTTP/1.1" 304 -
66.249.65.123 - - [08/Nov/2014:01:05:32 -0500] "GET /BLA/resoluciones/RESOLUCIONES%202007/RES%202007%203001%20AL%203100/RESOLUCION%203024%20DE%202007.pdf HTTP/1.1" 304 -
190.27.74.234 - - [08/Nov/2014:01:05:37 -0500] "GET /Report2/parameter?action=runReportMDX&json=true&listdep=formato&id_rpt=17&param_informe=5&param_nit=102&param_FecBal=2013-06-30 HTTP/1.1" 200 610
201.245.192.253 - - [08/Nov/2014:01:05:37 -0500] "GET /ecodirectorio/files/res/navbtn/zoomout.swf HTTP/1.1" 304 -
190.27.74.234 - - [08/Nov/2014:01:05:38 -0500] "POST /Report2/rptManage.jsp?migracion=111 HTTP/1.1" 200 619
190.27.74.234 - - [08/Nov/2014:01:05:38 -0500] "GET /Report2/loading.jsp?migracion=111&id_rpt=17&currentTab=tab_43506&rnd=0.2146623553989574 HTTP/1.1" 200 2747
190.27.74.234 - - [08/Nov/2014:01:05:38 -0500] "GET /Report2/rpt.jsp?migracion=111&id_rpt=17&currentTab=tab_43506&rnd=0.09080947539270579 HTTP/1.1" 200 14045
190.27.74.234 - - [08/Nov/2014:01:05:39 -0500] "GET /Report2/serviceListados.jsp?queryId=rpt/infxidC&informe=5&a=0.23537022923119366 HTTP/1.1" 200 132
190.27.74.234 - - [08/Nov/2014:01:05:39 -0500] "POST /Report2/infReportada.jsp?rdmMapa=336469 HTTP/1.1" 200 13480
180.76.5.17 - - [08/Nov/2014:01:05:40 -0500] "GET /BLA/resoluciones/AUTOS%202011/2959.pdf HTTP/1.1" 200 474985
66.249.65.123 - - [08/Nov/2014:01:05:44 -0500] "GET /autoliquidacion/index.php?dir=TR%C1MITES+ACEITES-RESIDUOS-ESTACIONES%2Faceites-ES%2F HTTP/1.1" 200 3334
74.86.158.107 - - [08/Nov/2014:01:05:52 -0500] "HEAD / HTTP/1.1" 302 -
66.249.65.115 - - [08/Nov/2014:01:05:56 -0500] "GET /BLA/resoluciones/RESOLUCIONES%202009/4386.pdf HTTP/1.1" 304 -
190.27.74.234 - - [08/Nov/2014:01:06:05 -0500] "POST /Report2/parameter HTTP/1.1" 200 6776
190.27.74.234 - - [08/Nov/2014:01:06:05 -0500] "GET /Report2/parameter?action=runReportMDX&json=true&listdep=informe&id_rpt=17&param_nit=102 HTTP/1.1" 200 418
190.27.74.234 - - [08/Nov/2014:01:06:06 -0500] "GET /Report2/parameter?action=runReportMDX&json=true&listdep=FecBal&id_rpt=17&param_informe=5&param_nit=102 HTTP/1.1" 200 560
190.27.74.234 - - [08/Nov/2014:01:06:06 -0500] "GET /Report2/parameter?action=runReportMDX&json=true&listdep=formato&id_rpt=17&param_informe=5&param_nit=102&param_FecBal=2013-06-30 HTTP/1.1" 200 610
180.76.6.146 - - [08/Nov/2014:01:06:07 -0500] "GET /BLA/resoluciones/RESOLUCIONES%202007/RES%202007%201901%20AL%202000/RESOLUCION%201947%20DE%202007.pdf HTTP/1.1" 200 623076
66.249.65.119 - - [08/Nov/2014:01:06:07 -0500] "GET /BLA/resoluciones/RESOLUCIONES%202008/4190.pdf HTTP/1.1" 304 -
201.245.192.253 - - [08/Nov/2014:01:06:07 -0500] "GET /ecodirectorio/files/book.swf HTTP/1.1" 304 -
190.24.129.149 - - [08/Nov/2014:01:06:08 -0500] "GET /galeria/nivo-slider/demo/images/Banner-Ecourbanismo.jpg HTTP/1.1" 304 -
190.27.74.234 - - [08/Nov/2014:01:06:09 -0500] "GET /Report2/parameter?action=runReportMDX&json=true&listdep=formato&id_rpt=17&param_informe=5&param_nit=102&param_FecBal=2013-03-31 HTTP/1.1" 200 610
190.27.74.234 - - [08/Nov/2014:01:06:09 -0500] "POST /Report2/rptManage.jsp?migracion=111 HTTP/1.1" 200 617
190.27.74.234 - - [08/Nov/2014:01:06:10 -0500] "GET /Report2/rpt.jsp?migracion=111&id_rpt=17&currentTab=tab_43506&rnd=0.6863128205480434 HTTP/1.1" 200 14557
190.27.74.234 - - [08/Nov/2014:01:06:10 -0500] "GET /Report2/loading.jsp?migracion=111&id_rpt=17&currentTab=tab_43506&rnd=0.161653901456004 HTTP/1.1" 200 2811
201.245.192.253 - - [08/Nov/2014:01:06:10 -0500] "GET /ecodirectorio/files/res/navbtn/play.swf HTTP/1.1" 304 -
190.27.74.234 - - [08/Nov/2014:01:06:10 -0500] "GET /Report2/serviceListados.jsp?queryId=rpt/infxidC&informe=5&a=0.17110411077737808 HTTP/1.1" 200 216
190.27.74.234 - - [08/Nov/2014:01:06:10 -0500] "GET /Report2/serviceListados.jsp?queryId=rpt/entidadxidC&nit=102&a=0.5306159607134759 HTTP/1.1" 200 220
190.27.74.234 - - [08/Nov/2014:01:06:10 -0500] "POST /Report2/infReportada.jsp?rdmMapa=143896 HTTP/1.1" 200 13406
201.245.192.253 - - [08/Nov/2014:01:06:14 -0500] "GET /ecodirectorio/files/res/other/mag.swf HTTP/1.1" 304 -
66.249.65.115 - - [08/Nov/2014:01:06:19 -0500] "GET /BLA/resoluciones/AUTOS%202011/3936.pdf HTTP/1.1" 200 509821
66.249.65.115 - - [08/Nov/2014:01:06:31 -0500] "GET /BLA/resoluciones/RESOLUCIONES%202013/0941.pdf HTTP/1.1" 304 -
66.249.65.115 - - [08/Nov/2014:01:06:42 -0500] "GET /BLA/resoluciones/RESOLUCIONES%202007/RES%202007%203101%20AL%203200/RESOLUCION%203110%20%20DE%202007.pdf HTTP/1.1" 200 1196069
190.27.74.234 - - [08/Nov/2014:01:06:46 -0500] "POST /Report2/parameter HTTP/1.1" 200 6904
190.27.74.234 - - [08/Nov/2014:01:06:47 -0500] "GET /Report2/parameter?action=runReportMDX&json=true&listdep=informe&id_rpt=17&param_nit=102 HTTP/1.1" 200 4
66.249.65.115 - - [08/Nov/2014:01:06:54 -0500] "GET /BLA/resoluciones/RESOLUCIONES%202008/0205.pdf HTTP/1.1" 304 -
66.249.65.123 - - [08/Nov/2014:01:07:05 -0500] "GET /BLA/resoluciones/AUTOS%202011/1277.pdf HTTP/1.1" 304 -
201.245.192.253 - - [08/Nov/2014:01:07:11 -0500] "GET /ecodirectorio/files/res/other/toolbar.swf HTTP/1.1" 304 -
66.249.65.123 - - [08/Nov/2014:01:07:17 -0500] "GET /BLA/resoluciones/RESOLUCIONES%202007/RES%202007%204201%20AL%204300/RESOLUCION%204220%20DE%202007.pdf HTTP/1.1" 304 -
66.249.65.119 - - [08/Nov/2014:01:07:29 -0500] "GET /BLA/resoluciones/AUTOS%202011/2440.pdf HTTP/1.1" 304 -
66.249.65.115 - - [08/Nov/2014:01:07:40 -0500] "GET /BLA/resoluciones/RESOLUCIONES%202008/0880.pdf HTTP/1.1" 304 -
201.245.192.253 - - [08/Nov/2014:01:07:44 -0500] "GET /ecodirectorio/files/res/pages/page_0009.swf HTTP/1.1" 304 -
201.245.192.253 - - [08/Nov/2014:01:07:51 -0500] "GET /ecodirectorio/files/framework.swf HTTP/1.1" 304 -
66.249.65.115 - - [08/Nov/2014:01:07:52 -0500] "GET /BLA/resoluciones/AUTOS%202008/0204.pdf HTTP/1.1" 304 -
201.245.192.253 - - [08/Nov/2014:01:07:56 -0500] "GET /ecodirectorio/files/res/navbtn/zoomin.swf HTTP/1.1" 304 -
201.245.192.253 - - [08/Nov/2014:01:08:01 -0500] "GET /ecodirectorio/files/res/pages/page_0005.swf HTTP/1.1" 304 -
66.249.65.123 - - [08/Nov/2014:01:08:03 -0500] "GET /BLA/resoluciones/RESOLUCIONES%202007/RES%202007%203401%20AL%203500/RESOLUCION%203437%20DE%202007.pdf HTTP/1.1" 304 -
180.76.5.74 - - [08/Nov/2014:01:08:11 -0500] "GET /BLA/resoluciones/AUTOS%202011/2832.pdf HTTP/1.1" 200 168388
66.249.65.119 - - [08/Nov/2014:01:08:15 -0500] "GET /BLA/resoluciones/RESOLUCIONES%202009/0513.pdf HTTP/1.1" 304 -
201.245.192.253 - - [08/Nov/2014:01:08:17 -0500] "GET /ecodirectorio/files/res/navbtn/print.swf HTTP/1.1" 304 -
201.245.192.253 - - [08/Nov/2014:01:08:21 -0500] "GET /ecodirectorio/files/res/pages/page_0010.swf HTTP/1.1" 304 -
66.249.65.119 - - [08/Nov/2014:01:08:27 -0500] "GET /BLA/resoluciones/RESOLUCIONES%202009/6087.pdf HTTP/1.1" 304 -
190.27.74.234 - - [08/Nov/2014:01:08:28 -0500] "POST /Report2/login.do HTTP/1.1" 200 14506
190.27.74.234 - - [08/Nov/2014:01:08:30 -0500] "GET /Report2/css/dialog.css HTTP/1.1" 304 -
201.245.192.253 - - [08/Nov/2014:01:08:31 -0500] "GET /ecodirectorio/files/res/pages/page_0008.swf HTTP/1.1" 304 -
190.27.74.234 - - [08/Nov/2014:01:08:32 -0500] "GET /Report2/img/cliente/right1.png HTTP/1.1" 304 -
190.27.74.234 - - [08/Nov/2014:01:08:32 -0500] "GET /Report2/img/cliente/left1.png HTTP/1.1" 304 -
190.27.74.234 - - [08/Nov/2014:01:08:32 -0500] "GET /Report2/img/salir.gif HTTP/1.1" 304 -
190.27.74.234 - - [08/Nov/2014:01:08:32 -0500] "GET /birtApps/webcontent/birt/admin/js/1ibre/jscalendar/calendar-win2k-1.css HTTP/1.1" 304 -
190.27.74.234 - - [08/Nov/2014:01:08:32 -0500] "GET /birtApps/webcontent/birt/admin/js/1ibre/protoaculous.js HTTP/1.1" 304 -
190.27.74.234 - - [08/Nov/2014:01:08:32 -0500] "GET /birtApps/webcontent/birt/admin/js/1ibre/1ibre.js HTTP/1.1" 304 -
190.27.74.234 - - [08/Nov/2014:01:08:32 -0500] "GET /birtApps/webcontent/birt/admin/css/report.css HTTP/1.1" 304 -
190.27.74.234 - - [08/Nov/2014:01:08:32 -0500] "GET /birtApps/webcontent/birt/admin/css/containers.css HTTP/1.1" 304 -
190.27.74.234 - - [08/Nov/2014:01:08:32 -0500] "GET /birtApps/webcontent/birt/admin/js/yui/tabview.css HTTP/1.1" 304 -
190.27.74.234 - - [08/Nov/2014:01:08:33 -0500] "GET /birtApps/webcontent/birt/admin/js/yui/fonts-min.css HTTP/1.1" 304 -
190.27.74.234 - - [08/Nov/2014:01:08:33 -0500] "GET /birtApps/webcontent/birt/admin/css/dtree.css HTTP/1.1" 304 -
190.27.74.234 - - [08/Nov/2014:01:08:33 -0500] "GET /birtApps/webcontent/birt/admin/css/client.css HTTP/1.1" 304 -
190.27.74.234 - - [08/Nov/2014:01:08:33 -0500] "GET /birtApps/webcontent/birt/admin/css/autocomplete.css HTTP/1.1" 304 -
190.27.74.234 - - [08/Nov/2014:01:08:33 -0500] "GET /birtApps/webcontent/birt/admin/css/popup.css HTTP/1.1" 304 -
190.27.74.234 - - [08/Nov/2014:01:08:33 -0500] "GET /birtApps/webcontent/birt/admin/js/1ibre/jscalendar/calendar.js HTTP/1.1" 304 -
190.27.74.234 - - [08/Nov/2014:01:08:33 -0500] "GET /birtApps/webcontent/birt/admin/js/1ibre/jscalendar/lang/calendar-es.js HTTP/1.1" 304 -
190.27.74.234 - - [08/Nov/2014:01:08:33 -0500] "GET /birtApps/webcontent/birt/admin/js/1ibre/jscalendar/calendar-setup.js HTTP/1.1" 304 -
190.27.74.234 - - [08/Nov/2014:01:08:33 -0500] "GET /birtApps/webcontent/birt/admin/js/jquery_layout/jquery-latest.js HTTP/1.1" 304 -
190.27.74.234 - - [08/Nov/2014:01:08:33 -0500] "GET /birtApps/webcontent/birt/admin/js/jquery_layout/jquery-ui-latest.js HTTP/1.1" 304 -
190.27.74.234 - - [08/Nov/2014:01:08:33 -0500] "GET /birtApps/webcontent/birt/admin/js/jquery_layout/jquery.layout-latest.js HTTP/1.1" 304 -
190.27.74.234 - - [08/Nov/2014:01:08:33 -0500] "GET /birtApps/webcontent/birt/admin/js/autocompletar2.js HTTP/1.1" 304 -
190.27.74.234 - - [08/Nov/2014:01:08:33 -0500] "GET /birtApps/webcontent/birt/admin/js/yui/yahoo-dom-event.js HTTP/1.1" 304 -
190.27.74.234 - - [08/Nov/2014:01:08:33 -0500] "GET /birtApps/webcontent/birt/admin/js/yui/element-min.js HTTP/1.1" 304 -
190.27.74.234 - - [08/Nov/2014:01:08:33 -0500] "GET /birtApps/webcontent/birt/admin/js/dtree.js HTTP/1.1" 304 -
190.27.74.234 - - [08/Nov/2014:01:08:33 -0500] "GET /birtApps/webcontent/birt/admin/js/yui/tabview-min.js HTTP/1.1" 304 -
190.27.74.234 - - [08/Nov/2014:01:08:33 -0500] "GET /birtApps/webcontent/birt/admin/js/client.js HTTP/1.1" 304 -
190.27.74.234 - - [08/Nov/2014:01:08:33 -0500] "GET /Report2/img/cliente/background1.png HTTP/1.1" 304 -
190.27.74.234 - - [08/Nov/2014:01:08:33 -0500] "GET /birtApps/webcontent/birt/admin/img/expand_all.gif HTTP/1.1" 304 -
190.27.74.234 - - [08/Nov/2014:01:08:33 -0500] "GET /birtApps/webcontent/birt/admin/img/collapse_all.gif HTTP/1.1" 304 -
190.27.74.234 - - [08/Nov/2014:01:08:33 -0500] "GET /birtApps/webcontent/birt/admin/css/images/magnifier.png HTTP/1.1" 304 -
190.27.74.234 - - [08/Nov/2014:01:08:34 -0500] "GET /birtApps/webcontent/birt/admin/img/go-lt-off.gif HTTP/1.1" 304 -
190.27.74.234 - - [08/Nov/2014:01:08:34 -0500] "GET /Report2/parameter?action=listRpts HTTP/1.1" 200 16331
190.27.74.234 - - [08/Nov/2014:01:08:35 -0500] "GET /birtApps/webcontent/birt/admin/js/1ibre/1ibre.css HTTP/1.1" 304 -
201.245.192.253 - - [08/Nov/2014:01:08:36 -0500] "GET /ecodirectorio/files/res/pages/page_0035.swf HTTP/1.1" 304 -
66.249.65.123 - - [08/Nov/2014:01:08:38 -0500] "GET /BLA/resoluciones/AUTOS%202012/1819.pdf HTTP/1.1" 304 -
201.245.192.253 - - [08/Nov/2014:01:08:41 -0500] "GET /ecodirectorio/files/res/navbtn/exitfullscreen.swf HTTP/1.1" 304 -
201.245.192.253 - - [08/Nov/2014:01:08:49 -0500] "GET /plugins/like.php?locale=es_ES&href=http%3A%2F%2Fwww.facebook.com%2Fmsn&send=false&layout=button_count&width=450&show_faces=false&font&colorscheme=light&action=like&height=21 HTTP/1.1" 404 1312
66.249.65.123 - - [08/Nov/2014:01:08:50 -0500] "GET /BLA/resoluciones/RESOLUCIONES%202009/8639.pdf HTTP/1.1" 200 314477
190.27.74.234 - - [08/Nov/2014:01:08:51 -0500] "GET /Report2/parameter?action=parametersReportMDX&id_rpt=17&currentTab=tab_presentacion HTTP/1.1" 200 6578
152.61.128.66 - - [08/Nov/2014:01:08:52 -0500] "HEAD / HTTP/1.1" 302 -
152.61.128.66 - - [08/Nov/2014:01:08:52 -0500] "GET /arcgis/services/Calidad_del_Agua_WQI/MapServer/WMSServer?request=GetCapabilities&service=WMS HTTP/1.1" 200 32135
152.61.128.66 - - [08/Nov/2014:01:08:53 -0500] "GET /arcgis/services/Calidad_del_Agua_WQI/MapServer/WMSServer?request=GetCapabilities&service=WMS HTTP/1.0" 200 32135
152.61.128.66 - - [08/Nov/2014:01:08:54 -0500] "GET /arcgis/services/Calidad_del_Agua_WQI/MapServer/WMSServer?request=GetCapabilities&service=WMS HTTP/1.0" 200 32135
152.61.128.66 - - [08/Nov/2014:01:08:55 -0500] "GET /arcgis/services/Calidad_del_Agua_WQI/MapServer/WMSServer?request=GetCapabilities&service=WMS HTTP/1.0" 200 32135
190.27.74.234 - - [08/Nov/2014:01:08:57 -0500] "POST /Report2/parameter?action=runReportMDX&json=true&listdep=nit&id_rpt=17&param_partNomauto=perso HTTP/1.1" 200 46
152.61.128.66 - - [08/Nov/2014:01:08:57 -0500] "GET /arcgis/services/Calidad_del_Agua_WQI/MapServer/WMSServer?VERSION=1.1.1&REQUEST=GetMap&LAYERS=0&SRS=EPSG:4326&BBOX=-74.473395,3.674381,-73.963300,4.920569&WIDTH=250&HEIGHT=250&FORMAT=image/bmp&STYLES=& HTTP/1.1" 200 188054
190.27.74.234 - - [08/Nov/2014:01:08:58 -0500] "GET /Report2/parameter?action=runReportMDX&json=true&listdep=informe&id_rpt=17&param_nit=102 HTTP/1.1" 200 418
66.249.65.119 - - [08/Nov/2014:01:09:02 -0500] "GET /BLA/resoluciones/RESOLUCIONES%202008/0993.pdf HTTP/1.1" 304 -
190.27.74.234 - - [08/Nov/2014:01:09:04 -0500] "GET /Report2/parameter?action=runReportMDX&json=true&listdep=FecBal&id_rpt=17&param_informe=5&param_nit=102 HTTP/1.1" 200 560
201.245.192.253 - - [08/Nov/2014:01:09:05 -0500] "GET /ecodirectorio/files/res/pages/page_0021.swf HTTP/1.1" 304 -
190.27.74.234 - - [08/Nov/2014:01:09:08 -0500] "GET /Report2/parameter?action=runReportMDX&json=true&listdep=formato&id_rpt=17&param_informe=5&param_nit=102&param_FecBal=2013-03-31 HTTP/1.1" 200 610
190.27.74.234 - - [08/Nov/2014:01:09:11 -0500] "POST /Report2/rptManage.jsp?migracion=111 HTTP/1.1" 200 616
190.27.74.234 - - [08/Nov/2014:01:09:11 -0500] "GET /Report2/rpt.jsp?migracion=111&id_rpt=17&currentTab=tab_2094&rnd=0.7169911633266517 HTTP/1.1" 200 13546
190.27.74.234 - - [08/Nov/2014:01:09:11 -0500] "GET /Report2/loading.jsp?migracion=111&id_rpt=17&currentTab=tab_2094&rnd=0.4760655043535754 HTTP/1.1" 200 2684
190.27.74.234 - - [08/Nov/2014:01:09:12 -0500] "GET /Report2/serviceListados.jsp?queryId=rpt/infxidC&informe=5&a=0.9142405774910003 HTTP/1.1" 200 216
190.27.74.234 - - [08/Nov/2014:01:09:12 -0500] "GET /Report2/serviceListados.jsp?queryId=rpt/entidadxidC&nit=102&a=0.7524606685619801 HTTP/1.1" 200 220
