190.9.192.66 - - [17/Nov/2014:11:38:51 -0500] "GET /galeria/carrusel/Carrusel/jquery-ui-1.8.13.custom.min.js HTTP/1.1" 304 -
190.9.192.66 - - [17/Nov/2014:11:38:51 -0500] "GET /galeria/carrusel/Carrusel/jquery.thumbnailScroller.js HTTP/1.1" 304 -
190.26.186.10 - - [17/Nov/2014:11:38:52 -0500] "POST /forms/lservlet;jsessionid=ac16012b30d5cc0fabacecd14d548cfe952d4f8dbb64.e3iSbxaKaheRe34Sa3yKbhiTahb0n6jAmljGr5XDqQLvpAe HTTP/1.1" 200 688
190.26.186.10 - - [17/Nov/2014:11:38:52 -0500] "POST /forms/lservlet;jsessionid=ac16012b30d5cc0fabacecd14d548cfe952d4f8dbb64.e3iSbxaKaheRe34Sa3yKbhiTahb0n6jAmljGr5XDqQLvpAe HTTP/1.1" 200 10
190.26.186.10 - - [17/Nov/2014:11:38:53 -0500] "POST /forms/lservlet;jsessionid=ac16012b30d5cc0fabacecd14d548cfe952d4f8dbb64.e3iSbxaKaheRe34Sa3yKbhiTahb0n6jAmljGr5XDqQLvpAe HTTP/1.1" 200 2
190.26.186.10 - - [17/Nov/2014:11:38:54 -0500] "POST /forms/lservlet;jsessionid=ac16012b30d5cc0fabacecd14d548cfe952d4f8dbb64.e3iSbxaKaheRe34Sa3yKbhiTahb0n6jAmljGr5XDqQLvpAe HTTP/1.1" 200 72
190.26.186.10 - - [17/Nov/2014:11:38:55 -0500] "POST /forms/lservlet;jsessionid=ac16012b30d5cc0fabacecd14d548cfe952d4f8dbb64.e3iSbxaKaheRe34Sa3yKbhiTahb0n6jAmljGr5XDqQLvpAe HTTP/1.1" 200 2
190.26.186.10 - - [17/Nov/2014:11:38:56 -0500] "POST /forms/lservlet;jsessionid=ac16012b30d5cc0fabacecd14d548cfe952d4f8dbb64.e3iSbxaKaheRe34Sa3yKbhiTahb0n6jAmljGr5XDqQLvpAe HTTP/1.1" 200 239
190.26.186.10 - - [17/Nov/2014:11:38:56 -0500] "POST /forms/lservlet;jsessionid=ac16012b30d5cc0fabacecd14d548cfe952d4f8dbb64.e3iSbxaKaheRe34Sa3yKbhiTahb0n6jAmljGr5XDqQLvpAe HTTP/1.1" 200 44
190.26.186.10 - - [17/Nov/2014:11:38:56 -0500] "POST /forms/lservlet;jsessionid=ac16012b30d5cc0fabacecd14d548cfe952d4f8dbb64.e3iSbxaKaheRe34Sa3yKbhiTahb0n6jAmljGr5XDqQLvpAe HTTP/1.1" 200 17
188.165.15.85 - - [17/Nov/2014:11:38:57 -0500] "GET /BLA/resoluciones/RESOLUCIONES%202005/RES%202005%201-50/00000034.tif HTTP/1.1" 200 259052
190.26.186.10 - - [17/Nov/2014:11:38:57 -0500] "POST /forms/lservlet;jsessionid=ac16012b30d5cc0fabacecd14d548cfe952d4f8dbb64.e3iSbxaKaheRe34Sa3yKbhiTahb0n6jAmljGr5XDqQLvpAe HTTP/1.1" 200 2
190.26.186.10 - - [17/Nov/2014:11:38:58 -0500] "POST /forms/lservlet;jsessionid=ac16012b30d5cc0fabacecd14d548cfe952d4f8dbb64.e3iSbxaKaheRe34Sa3yKbhiTahb0n6jAmljGr5XDqQLvpAe HTTP/1.1" 200 70
190.26.186.10 - - [17/Nov/2014:11:38:58 -0500] "POST /forms/lservlet;jsessionid=ac16012b30d5cc0fabacecd14d548cfe952d4f8dbb64.e3iSbxaKaheRe34Sa3yKbhiTahb0n6jAmljGr5XDqQLvpAe HTTP/1.1" 200 31
190.26.186.10 - - [17/Nov/2014:11:38:59 -0500] "POST /forms/lservlet;jsessionid=ac16012b30d5cc0fabacecd14d548cfe952d4f8dbb64.e3iSbxaKaheRe34Sa3yKbhiTahb0n6jAmljGr5XDqQLvpAe HTTP/1.1" 200 2
190.156.146.3 - - [17/Nov/2014:11:38:58 -0500] "POST /forest/usutareas.do? HTTP/1.1" 200 232
190.26.186.10 - - [17/Nov/2014:11:38:59 -0500] "POST /forms/lservlet;jsessionid=ac16012b30d5cc0fabacecd14d548cfe952d4f8dbb64.e3iSbxaKaheRe34Sa3yKbhiTahb0n6jAmljGr5XDqQLvpAe HTTP/1.1" 200 63
186.85.79.140 - - [17/Nov/2014:11:38:59 -0500] "POST /forest/buscar.do? HTTP/1.1" 200 8670
186.85.79.140 - - [17/Nov/2014:11:38:59 -0500] "GET /forest/img/nav_first.gif HTTP/1.1" 200 89
186.85.79.140 - - [17/Nov/2014:11:38:59 -0500] "GET /forest/img/nav_prev.gif HTTP/1.1" 200 109
186.85.79.140 - - [17/Nov/2014:11:38:59 -0500] "GET /forest/img/nav_next.gif HTTP/1.1" 200 111
186.85.79.140 - - [17/Nov/2014:11:38:59 -0500] "GET /forest/img/nav_last.gif HTTP/1.1" 200 92
186.85.79.140 - - [17/Nov/2014:11:38:59 -0500] "GET /forest/skins/gdocs-jar/img/more_details.gif HTTP/1.1" 200 617
157.55.39.84 - - [17/Nov/2014:11:39:00 -0500] "GET /dama/libreria/php/frame_detalle.php?h_id=536 HTTP/1.1" 404 1019
190.156.146.3 - - [17/Nov/2014:11:39:01 -0500] "GET /forest/usutareas.do?group_system_actual=3&a=0.18774675158783793 HTTP/1.1" 200 19244
190.156.146.3 - - [17/Nov/2014:11:39:01 -0500] "GET /forest/session.jsp?a=0.8594064298085868 HTTP/1.1" 200 4
190.9.192.66 - - [17/Nov/2014:11:39:01 -0500] "GET /galeria/nivo-slider/demo/demo.html HTTP/1.1" 304 -
190.9.192.66 - - [17/Nov/2014:11:39:02 -0500] "GET /galeria/nivo-slider/themes/default/default.css HTTP/1.1" 304 -
190.9.192.66 - - [17/Nov/2014:11:39:03 -0500] "GET /galeria/nivo-slider/themes/pascal/pascal.css HTTP/1.1" 304 -
190.9.192.66 - - [17/Nov/2014:11:39:03 -0500] "GET /galeria/nivo-slider/themes/orman/orman.css HTTP/1.1" 304 -
190.9.192.66 - - [17/Nov/2014:11:39:04 -0500] "GET /galeria/nivo-slider/nivo-slider.css HTTP/1.1" 304 -
190.9.192.66 - - [17/Nov/2014:11:39:04 -0500] "GET /galeria/nivo-slider/jquery.nivo.slider.pack.js HTTP/1.1" 304 -
190.9.192.66 - - [17/Nov/2014:11:39:04 -0500] "GET /galeria/nivo-slider/demo/style.css HTTP/1.1" 304 -
190.9.192.66 - - [17/Nov/2014:11:39:04 -0500] "GET /galeria/nivo-slider/demo/scripts/jquery-1.7.1.min.js HTTP/1.1" 304 -
190.26.186.10 - - [17/Nov/2014:11:39:04 -0500] "POST /forms/lservlet;jsessionid=ac16012b30d5cc0fabacecd14d548cfe952d4f8dbb64.e3iSbxaKaheRe34Sa3yKbhiTahb0n6jAmljGr5XDqQLvpAe HTTP/1.1" 200 76
190.9.192.66 - - [17/Nov/2014:11:39:05 -0500] "GET /galeria/nivo-slider/demo/images/ForoNacionalAmbiental.jpg HTTP/1.1" 304 -
190.9.192.66 - - [17/Nov/2014:11:39:06 -0500] "GET /galeria/nivo-slider/demo/images/Banner-comparendo.jpg HTTP/1.1" 304 -
190.9.192.66 - - [17/Nov/2014:11:39:06 -0500] "GET /galeria/nivo-slider/demo/images/porloshumedales.jpg HTTP/1.1" 304 -
190.9.192.66 - - [17/Nov/2014:11:39:06 -0500] "GET /galeria/nivo-slider/demo/images/Banner-Ecourbanismo.jpg HTTP/1.1" 304 -
190.9.192.66 - - [17/Nov/2014:11:39:06 -0500] "GET /galeria/nivo-slider/demo/images/banner-aceite3.jpg HTTP/1.1" 304 -
186.85.79.140 - - [17/Nov/2014:11:39:07 -0500] "GET /forest/logout-redirect.jsp HTTP/1.1" 302 -
186.85.79.140 - - [17/Nov/2014:11:39:07 -0500] "GET /forest/login.do HTTP/1.1" 200 10924
190.9.192.66 - - [17/Nov/2014:11:39:08 -0500] "GET /galeria/nivo-slider/demo/images/Tingua-azul.jpg HTTP/1.1" 304 -
190.9.192.66 - - [17/Nov/2014:11:39:08 -0500] "GET /galeria/nivo-slider/demo/images/Banner-Caracol-Africano.jpg HTTP/1.1" 304 -
190.9.192.66 - - [17/Nov/2014:11:39:08 -0500] "GET /galeria/nivo-slider/demo/images/9Signos.jpg HTTP/1.1" 304 -
190.9.192.66 - - [17/Nov/2014:11:39:08 -0500] "GET /galeria/nivo-slider/demo/images/banner-redes.jpg HTTP/1.1" 304 -
190.9.192.66 - - [17/Nov/2014:11:39:09 -0500] "GET /galeria/nivo-slider/demo/images/banner-caballos.png HTTP/1.1" 304 -
190.9.192.66 - - [17/Nov/2014:11:39:09 -0500] "GET /galeria/nivo-slider/demo/images/Hacienda_Molinos.jpg HTTP/1.1" 304 -
190.9.192.66 - - [17/Nov/2014:11:39:09 -0500] "GET /galeria/nivo-slider/demo/images/bannerEcolecta3.jpg HTTP/1.1" 304 -
190.9.192.66 - - [17/Nov/2014:11:39:11 -0500] "GET /galeria/nivo-slider/demo/images/4Simple_Slider.png HTTP/1.1" 304 -
190.9.192.66 - - [17/Nov/2014:11:39:11 -0500] "GET /galeria/nivo-slider/themes/default/loading.gif HTTP/1.1" 304 -
31.4.204.158 - - [17/Nov/2014:11:39:11 -0500] "GET /BLA/boletinlegal/js/jquery.js HTTP/1.1" 200 57254
31.4.204.158 - - [17/Nov/2014:11:39:11 -0500] "GET /BLA/boletinlegal/js/jquery.scrollShow.js HTTP/1.1" 200 4586
31.4.204.158 - - [17/Nov/2014:11:39:11 -0500] "GET /BLA/boletinlegal/js/jquery.scrollTo-min.js HTTP/1.1" 200 1150
190.26.186.10 - - [17/Nov/2014:11:39:11 -0500] "POST /forms/lservlet;jsessionid=ac16012b30d5cc0fabacecd14d548cfe952d4f8dbb64.e3iSbxaKaheRe34Sa3yKbhiTahb0n6jAmljGr5XDqQLvpAe HTTP/1.1" 200 24
190.9.192.66 - - [17/Nov/2014:11:39:12 -0500] "GET /galeria/nivo-slider/themes/default/arrows.png HTTP/1.1" 304 -
190.9.192.66 - - [17/Nov/2014:11:39:12 -0500] "GET /galeria/nivo-slider/themes/default/bullets.png HTTP/1.1" 304 -
190.26.186.10 - - [17/Nov/2014:11:39:11 -0500] "POST /forms/lservlet;jsessionid=ac16012b30d5cc0fabacecd14d548cfe952d4f8dbb64.e3iSbxaKaheRe34Sa3yKbhiTahb0n6jAmljGr5XDqQLvpAe HTTP/1.1" 200 592
190.26.186.10 - - [17/Nov/2014:11:39:12 -0500] "POST /forms/lservlet;jsessionid=ac16012b30d5cc0fabacecd14d548cfe952d4f8dbb64.e3iSbxaKaheRe34Sa3yKbhiTahb0n6jAmljGr5XDqQLvpAe HTTP/1.1" 200 20
190.26.186.10 - - [17/Nov/2014:11:39:13 -0500] "POST /forms/lservlet;jsessionid=ac16012b30d5cc0fabacecd14d548cfe952d4f8dbb64.e3iSbxaKaheRe34Sa3yKbhiTahb0n6jAmljGr5XDqQLvpAe HTTP/1.1" 200 2
190.26.186.10 - - [17/Nov/2014:11:39:13 -0500] "POST /forms/lservlet;jsessionid=ac16012b30d5cc0fabacecd14d548cfe952d4f8dbb64.e3iSbxaKaheRe34Sa3yKbhiTahb0n6jAmljGr5XDqQLvpAe HTTP/1.1" 200 472
190.26.186.10 - - [17/Nov/2014:11:39:14 -0500] "POST /forms/lservlet;jsessionid=ac16012b30d5cc0fabacecd14d548cfe952d4f8dbb64.e3iSbxaKaheRe34Sa3yKbhiTahb0n6jAmljGr5XDqQLvpAe HTTP/1.1" 200 10
190.26.186.10 - - [17/Nov/2014:11:39:16 -0500] "POST /forms/lservlet;jsessionid=ac16012b30d5cc0fabacecd14d548cfe952d4f8dbb64.e3iSbxaKaheRe34Sa3yKbhiTahb0n6jAmljGr5XDqQLvpAe HTTP/1.1" 200 52
190.9.192.66 - - [17/Nov/2014:11:39:17 -0500] "GET /videos/Spot_CambioClimatico.flv HTTP/1.1" 304 -
190.26.186.10 - - [17/Nov/2014:11:39:19 -0500] "POST /forms/lservlet;jsessionid=ac16012b30d5cc0fabacecd14d548cfe952d4f8dbb64.e3iSbxaKaheRe34Sa3yKbhiTahb0n6jAmljGr5XDqQLvpAe HTTP/1.1" 200 24
190.26.186.10 - - [17/Nov/2014:11:39:19 -0500] "POST /forms/lservlet;jsessionid=ac16012b30d5cc0fabacecd14d548cfe952d4f8dbb64.e3iSbxaKaheRe34Sa3yKbhiTahb0n6jAmljGr5XDqQLvpAe HTTP/1.1" 200 530
190.26.186.10 - - [17/Nov/2014:11:39:20 -0500] "POST /forms/lservlet;jsessionid=ac16012b30d5cc0fabacecd14d548cfe952d4f8dbb64.e3iSbxaKaheRe34Sa3yKbhiTahb0n6jAmljGr5XDqQLvpAe HTTP/1.1" 200 20
186.147.66.232 - - [17/Nov/2014:11:39:20 -0500] "GET /forest/session.jsp?a=0.3144204905256629 HTTP/1.1" 200 4
190.26.186.10 - - [17/Nov/2014:11:39:21 -0500] "POST /forms/lservlet;jsessionid=ac16012b30d5cc0fabacecd14d548cfe952d4f8dbb64.e3iSbxaKaheRe34Sa3yKbhiTahb0n6jAmljGr5XDqQLvpAe HTTP/1.1" 200 2
190.26.186.10 - - [17/Nov/2014:11:39:21 -0500] "POST /forms/lservlet;jsessionid=ac16012b30d5cc0fabacecd14d548cfe952d4f8dbb64.e3iSbxaKaheRe34Sa3yKbhiTahb0n6jAmljGr5XDqQLvpAe HTTP/1.1" 200 447
190.26.186.10 - - [17/Nov/2014:11:39:21 -0500] "POST /forms/lservlet;jsessionid=ac16012b30d5cc0fabacecd14d548cfe952d4f8dbb64.e3iSbxaKaheRe34Sa3yKbhiTahb0n6jAmljGr5XDqQLvpAe HTTP/1.1" 200 10
201.245.192.253 - - [17/Nov/2014:11:39:22 -0500] "GET /BLA/boletinlegal/consulta_actos.php?tipo=resoluciones&no=1685&usuario=&sector=&fecha=2010&resuelve= HTTP/1.1" 200 1066
190.26.186.10 - - [17/Nov/2014:11:39:23 -0500] "POST /forms/lservlet;jsessionid=ac16012b30d5cc0fabacecd14d548cfe952d4f8dbb64.e3iSbxaKaheRe34Sa3yKbhiTahb0n6jAmljGr5XDqQLvpAe HTTP/1.1" 200 52
201.245.192.253 - - [17/Nov/2014:11:39:24 -0500] "GET /BLA/resoluciones/RESOLUCIONES%202010/1685.pdf HTTP/1.1" 200 382382
188.186.35.24 - - [17/Nov/2014:11:39:27 -0500] "GET / HTTP/1.0" 302 -
74.86.158.107 - - [17/Nov/2014:11:39:29 -0500] "HEAD / HTTP/1.1" 302 -
190.26.186.10 - - [17/Nov/2014:11:39:30 -0500] "POST /forms/lservlet;jsessionid=ac16012b30d5cc0fabacecd14d548cfe952d4f8dbb64.e3iSbxaKaheRe34Sa3yKbhiTahb0n6jAmljGr5XDqQLvpAe HTTP/1.1" 200 24
190.26.186.10 - - [17/Nov/2014:11:39:30 -0500] "POST /forms/lservlet;jsessionid=ac16012b30d5cc0fabacecd14d548cfe952d4f8dbb64.e3iSbxaKaheRe34Sa3yKbhiTahb0n6jAmljGr5XDqQLvpAe HTTP/1.1" 200 4420
190.26.186.10 - - [17/Nov/2014:11:39:31 -0500] "POST /forms/lservlet;jsessionid=ac16012b30d5cc0fabacecd14d548cfe952d4f8dbb64.e3iSbxaKaheRe34Sa3yKbhiTahb0n6jAmljGr5XDqQLvpAe HTTP/1.1" 200 20
190.26.186.10 - - [17/Nov/2014:11:39:34 -0500] "POST /forms/lservlet;jsessionid=ac16012b30d5cc0fabacecd14d548cfe952d4f8dbb64.e3iSbxaKaheRe34Sa3yKbhiTahb0n6jAmljGr5XDqQLvpAe HTTP/1.1" 200 2
190.26.186.10 - - [17/Nov/2014:11:39:36 -0500] "POST /forms/lservlet;jsessionid=ac16012b30d5cc0fabacecd14d548cfe952d4f8dbb64.e3iSbxaKaheRe34Sa3yKbhiTahb0n6jAmljGr5XDqQLvpAe HTTP/1.1" 200 14
190.26.186.10 - - [17/Nov/2014:11:39:38 -0500] "POST /forms/lservlet;jsessionid=ac16012b30d5cc0fabacecd14d548cfe952d4f8dbb64.e3iSbxaKaheRe34Sa3yKbhiTahb0n6jAmljGr5XDqQLvpAe HTTP/1.1" 200 3328
190.26.186.10 - - [17/Nov/2014:11:39:39 -0500] "POST /forms/lservlet;jsessionid=ac16012b30d5cc0fabacecd14d548cfe952d4f8dbb64.e3iSbxaKaheRe34Sa3yKbhiTahb0n6jAmljGr5XDqQLvpAe HTTP/1.1" 200 2
190.25.195.33 - - [17/Nov/2014:11:39:40 -0500] "GET /BLA/boletinlegal/js/jquery.js HTTP/1.1" 200 57254
190.25.195.33 - - [17/Nov/2014:11:39:40 -0500] "GET /BLA/boletinlegal/js/jquery.scrollTo-min.js HTTP/1.1" 200 1150
190.25.195.33 - - [17/Nov/2014:11:39:40 -0500] "GET /BLA/boletinlegal/js/jquery.scrollShow.js HTTP/1.1" 200 4586
190.25.195.33 - - [17/Nov/2014:11:39:40 -0500] "GET /galeria/carrusel/Carrusel/jquery.thumbnailScroller.css HTTP/1.1" 200 2066
190.25.195.33 - - [17/Nov/2014:11:39:40 -0500] "GET /galeria/carrusel/Carrusel/jquery-ui-1.8.13.custom.min.js HTTP/1.1" 200 10800
190.25.195.33 - - [17/Nov/2014:11:39:41 -0500] "GET /galeria/carrusel/Carrusel/jquery.thumbnailScroller.js HTTP/1.1" 200 8157
190.26.186.10 - - [17/Nov/2014:11:39:41 -0500] "POST /forms/lservlet;jsessionid=ac16012b30d5cc0fabacecd14d548cfe952d4f8dbb64.e3iSbxaKaheRe34Sa3yKbhiTahb0n6jAmljGr5XDqQLvpAe HTTP/1.1" 200 2
190.26.186.10 - - [17/Nov/2014:11:39:41 -0500] "POST /forms/lservlet;jsessionid=ac16012b30d5cc0fabacecd14d548cfe952d4f8dbb64.e3iSbxaKaheRe34Sa3yKbhiTahb0n6jAmljGr5XDqQLvpAe HTTP/1.1" 200 3012
190.26.186.10 - - [17/Nov/2014:11:39:42 -0500] "POST /forms/lservlet;jsessionid=ac16012b30d5cc0fabacecd14d548cfe952d4f8dbb64.e3iSbxaKaheRe34Sa3yKbhiTahb0n6jAmljGr5XDqQLvpAe HTTP/1.1" 200 2
190.25.195.33 - - [17/Nov/2014:11:39:45 -0500] "GET /galeria/nivo-slider/demo/demo.html HTTP/1.1" 200 3537
190.25.195.33 - - [17/Nov/2014:11:39:45 -0500] "GET /galeria/nivo-slider/themes/default/default.css HTTP/1.1" 200 1569
190.25.195.33 - - [17/Nov/2014:11:39:45 -0500] "GET /galeria/nivo-slider/themes/pascal/pascal.css HTTP/1.1" 200 2258
190.25.195.33 - - [17/Nov/2014:11:39:45 -0500] "GET /galeria/nivo-slider/themes/orman/orman.css HTTP/1.1" 200 2152
190.25.195.33 - - [17/Nov/2014:11:39:45 -0500] "GET /galeria/nivo-slider/nivo-slider.css HTTP/1.1" 200 1507
190.25.195.33 - - [17/Nov/2014:11:39:45 -0500] "GET /galeria/nivo-slider/demo/style.css HTTP/1.1" 200 2222
190.25.195.33 - - [17/Nov/2014:11:39:45 -0500] "GET /galeria/nivo-slider/demo/scripts/jquery-1.7.1.min.js HTTP/1.1" 200 93868
190.25.195.33 - - [17/Nov/2014:11:39:45 -0500] "GET /galeria/nivo-slider/jquery.nivo.slider.pack.js HTTP/1.1" 200 11561
190.26.186.10 - - [17/Nov/2014:11:39:45 -0500] "POST /forms/lservlet;jsessionid=ac16012b30d5cc0fabacecd14d548cfe952d4f8dbb64.e3iSbxaKaheRe34Sa3yKbhiTahb0n6jAmljGr5XDqQLvpAe HTTP/1.1" 200 452
190.25.195.33 - - [17/Nov/2014:11:39:45 -0500] "GET /galeria/nivo-slider/demo/images/ForoNacionalAmbiental.jpg HTTP/1.1" 200 202541
190.25.195.33 - - [17/Nov/2014:11:39:45 -0500] "GET /galeria/nivo-slider/demo/images/Banner-comparendo.jpg HTTP/1.1" 200 388762
190.25.195.33 - - [17/Nov/2014:11:39:45 -0500] "GET /galeria/nivo-slider/demo/images/Banner-Ecourbanismo.jpg HTTP/1.1" 200 189838
190.25.195.33 - - [17/Nov/2014:11:39:45 -0500] "GET /galeria/nivo-slider/demo/images/4Simple_Slider.png HTTP/1.1" 200 11722
190.26.186.10 - - [17/Nov/2014:11:39:45 -0500] "POST /forms/lservlet;jsessionid=ac16012b30d5cc0fabacecd14d548cfe952d4f8dbb64.e3iSbxaKaheRe34Sa3yKbhiTahb0n6jAmljGr5XDqQLvpAe HTTP/1.1" 200 7
190.25.195.33 - - [17/Nov/2014:11:39:46 -0500] "GET /galeria/nivo-slider/themes/default/loading.gif HTTP/1.1" 200 1737
190.25.195.33 - - [17/Nov/2014:11:39:46 -0500] "GET /galeria/nivo-slider/demo/images/porloshumedales.jpg HTTP/1.1" 200 351238
190.25.195.33 - - [17/Nov/2014:11:39:46 -0500] "GET /galeria/nivo-slider/demo/images/banner-aceite3.jpg HTTP/1.1" 200 88347
190.26.186.10 - - [17/Nov/2014:11:39:46 -0500] "POST /forms/lservlet;jsessionid=ac16012b30d5cc0fabacecd14d548cfe952d4f8dbb64.e3iSbxaKaheRe34Sa3yKbhiTahb0n6jAmljGr5XDqQLvpAe HTTP/1.1" 200 363
190.25.195.33 - - [17/Nov/2014:11:39:47 -0500] "GET /galeria/nivo-slider/demo/images/Tingua-azul.jpg HTTP/1.1" 200 307638
190.26.186.10 - - [17/Nov/2014:11:39:47 -0500] "POST /forms/lservlet;jsessionid=ac16012b30d5cc0fabacecd14d548cfe952d4f8dbb64.e3iSbxaKaheRe34Sa3yKbhiTahb0n6jAmljGr5XDqQLvpAe HTTP/1.1" 200 392
190.25.195.33 - - [17/Nov/2014:11:39:48 -0500] "GET /galeria/nivo-slider/demo/images/Banner-Caracol-Africano.jpg HTTP/1.1" 200 331986
190.26.186.10 - - [17/Nov/2014:11:39:48 -0500] "POST /forms/lservlet;jsessionid=ac16012b30d5cc0fabacecd14d548cfe952d4f8dbb64.e3iSbxaKaheRe34Sa3yKbhiTahb0n6jAmljGr5XDqQLvpAe HTTP/1.1" 200 370
190.26.186.10 - - [17/Nov/2014:11:39:48 -0500] "POST /forms/lservlet;jsessionid=ac16012b30d5cc0fabacecd14d548cfe952d4f8dbb64.e3iSbxaKaheRe34Sa3yKbhiTahb0n6jAmljGr5XDqQLvpAe HTTP/1.1" 200 417
190.25.195.33 - - [17/Nov/2014:11:39:49 -0500] "GET /galeria/nivo-slider/demo/images/banner-redes.jpg HTTP/1.1" 200 62209
190.26.186.10 - - [17/Nov/2014:11:39:49 -0500] "POST /forms/lservlet;jsessionid=ac16012b30d5cc0fabacecd14d548cfe952d4f8dbb64.e3iSbxaKaheRe34Sa3yKbhiTahb0n6jAmljGr5XDqQLvpAe HTTP/1.1" 200 421
190.25.195.33 - - [17/Nov/2014:11:39:49 -0500] "GET /galeria/nivo-slider/demo/images/9Signos.jpg HTTP/1.1" 200 93040
190.25.195.33 - - [17/Nov/2014:11:39:50 -0500] "GET /galeria/nivo-slider/demo/images/banner-caballos.png HTTP/1.1" 200 389106
190.25.195.33 - - [17/Nov/2014:11:39:50 -0500] "GET /galeria/nivo-slider/demo/images/Hacienda_Molinos.jpg HTTP/1.1" 200 319171
190.25.195.33 - - [17/Nov/2014:11:39:50 -0500] "GET /galeria/nivo-slider/demo/images/bannerEcolecta3.jpg HTTP/1.1" 200 280034
190.26.186.10 - - [17/Nov/2014:11:39:52 -0500] "POST /forms/lservlet;jsessionid=ac16012b30d5cc0fabacecd14d548cfe952d4f8dbb64.e3iSbxaKaheRe34Sa3yKbhiTahb0n6jAmljGr5XDqQLvpAe HTTP/1.1" 200 152
190.25.195.33 - - [17/Nov/2014:11:39:55 -0500] "GET /galeria/nivo-slider/themes/default/arrows.png HTTP/1.1" 200 824
190.25.195.33 - - [17/Nov/2014:11:39:55 -0500] "GET /galeria/nivo-slider/themes/default/bullets.png HTTP/1.1" 200 1281
190.26.186.10 - - [17/Nov/2014:11:40:01 -0500] "POST /forms/lservlet;jsessionid=ac16012b30d5cc0fabacecd14d548cfe952d4f8dbb64.e3iSbxaKaheRe34Sa3yKbhiTahb0n6jAmljGr5XDqQLvpAe HTTP/1.1" 200 63
190.26.186.10 - - [17/Nov/2014:11:40:01 -0500] "POST /forms/lservlet;jsessionid=ac16012b30d5cc0fabacecd14d548cfe952d4f8dbb64.e3iSbxaKaheRe34Sa3yKbhiTahb0n6jAmljGr5XDqQLvpAe HTTP/1.1" 200 174
190.25.195.33 - - [17/Nov/2014:11:40:02 -0500] "GET /videos/Spot_CambioClimatico.flv HTTP/1.1" 200 4371917
190.26.186.10 - - [17/Nov/2014:11:40:03 -0500] "POST /forms/lservlet;jsessionid=ac16012b30d5cc0fabacecd14d548cfe952d4f8dbb64.e3iSbxaKaheRe34Sa3yKbhiTahb0n6jAmljGr5XDqQLvpAe HTTP/1.1" 200 98
190.26.186.10 - - [17/Nov/2014:11:40:10 -0500] "POST /forms/lservlet;jsessionid=ac16012b30d5cc0fabacecd14d548cfe952d4f8dbb64.e3iSbxaKaheRe34Sa3yKbhiTahb0n6jAmljGr5XDqQLvpAe HTTP/1.1" 200 2
190.26.186.10 - - [17/Nov/2014:11:40:10 -0500] "POST /forms/lservlet;jsessionid=ac16012b30d5cc0fabacecd14d548cfe952d4f8dbb64.e3iSbxaKaheRe34Sa3yKbhiTahb0n6jAmljGr5XDqQLvpAe HTTP/1.1" 200 14
190.26.186.10 - - [17/Nov/2014:11:40:11 -0500] "POST /forms/lservlet;jsessionid=ac16012b30d5cc0fabacecd14d548cfe952d4f8dbb64.e3iSbxaKaheRe34Sa3yKbhiTahb0n6jAmljGr5XDqQLvpAe HTTP/1.1" 200 14
186.147.66.232 - - [17/Nov/2014:11:40:13 -0500] "GET /forest/buscar.do HTTP/1.1" 200 97260
181.50.217.76 - - [17/Nov/2014:11:40:13 -0500] "GET /BLA/resoluciones/RESOLUCIONES%202007/RES%202007%202601%20AL%202700/RESOLUCION%202646%20DE%202007.pdf HTTP/1.1" 200 373873
190.26.186.10 - - [17/Nov/2014:11:40:12 -0500] "POST /forms/lservlet;jsessionid=ac16012b30d5cc0fabacecd14d548cfe952d4f8dbb64.e3iSbxaKaheRe34Sa3yKbhiTahb0n6jAmljGr5XDqQLvpAe HTTP/1.1" 200 14
186.147.66.232 - - [17/Nov/2014:11:40:15 -0500] "GET /forest/json.do?query=usersByDep&coddep=7025 HTTP/1.1" 200 851
186.147.66.232 - - [17/Nov/2014:11:40:15 -0500] "GET /forest/json.do?query=usersByDep&coddep=7025 HTTP/1.1" 200 851
190.26.186.10 - - [17/Nov/2014:11:40:14 -0500] "POST /forms/lservlet;jsessionid=ac16012b30d5cc0fabacecd14d548cfe952d4f8dbb64.e3iSbxaKaheRe34Sa3yKbhiTahb0n6jAmljGr5XDqQLvpAe HTTP/1.1" 200 14
181.50.217.76 - - [17/Nov/2014:11:40:15 -0500] "GET /BLA/resoluciones/RESOLUCIONES%202007/RES%202007%202601%20AL%202700/RESOLUCION%202646%20DE%202007.pdf HTTP/1.1" 206 32768
181.50.217.76 - - [17/Nov/2014:11:40:16 -0500] "GET /BLA/resoluciones/RESOLUCIONES%202007/RES%202007%202601%20AL%202700/RESOLUCION%202646%20DE%202007.pdf HTTP/1.1" 206 341105
190.26.186.10 - - [17/Nov/2014:11:40:16 -0500] "POST /forms/lservlet;jsessionid=ac16012b30d5cc0fabacecd14d548cfe952d4f8dbb64.e3iSbxaKaheRe34Sa3yKbhiTahb0n6jAmljGr5XDqQLvpAe HTTP/1.1" 200 15
181.50.217.76 - - [17/Nov/2014:11:40:19 -0500] "GET /favicon.ico HTTP/1.1" 200 7782
190.26.186.10 - - [17/Nov/2014:11:40:19 -0500] "POST /forms/lservlet;jsessionid=ac16012b30d5cc0fabacecd14d548cfe952d4f8dbb64.e3iSbxaKaheRe34Sa3yKbhiTahb0n6jAmljGr5XDqQLvpAe HTTP/1.1" 200 131
190.26.186.10 - - [17/Nov/2014:11:40:19 -0500] "POST /forms/lservlet;jsessionid=ac16012b30d5cc0fabacecd14d548cfe952d4f8dbb64.e3iSbxaKaheRe34Sa3yKbhiTahb0n6jAmljGr5XDqQLvpAe HTTP/1.1" 200 2
186.147.66.232 - - [17/Nov/2014:11:40:41 -0500] "GET /forest/xmlresponse.do?lista=searchTerceroByName&xmlret=1&todos=false&_a=0.22850920562632382&partNomTer=860 HTTP/1.1" 200 2381
186.147.66.232 - - [17/Nov/2014:11:40:43 -0500] "GET /forest/xmlresponse.do?lista=searchTerceroByName&xmlret=1&todos=false&_a=0.22850920562632382&partNomTer=8600 HTTP/1.1" 200 2556
190.156.146.3 - - [17/Nov/2014:11:40:43 -0500] "GET /forest/misactividades.do?_a=0.08584079029969871&group_system_actual=3 HTTP/1.1" 200 36528
190.156.146.3 - - [17/Nov/2014:11:40:43 -0500] "GET /forest/session.jsp?a=0.4553870218805969 HTTP/1.1" 200 4
190.156.146.3 - - [17/Nov/2014:11:40:43 -0500] "POST /forest/misactividades.do?ajax=true&a=0.5586148104630411 HTTP/1.1" 200 10512
186.147.66.232 - - [17/Nov/2014:11:40:44 -0500] "GET /forest/xmlresponse.do?lista=searchTerceroByName&xmlret=1&todos=false&_a=0.22850920562632382&partNomTer=860030 HTTP/1.1" 200 2371
190.26.186.10 - - [17/Nov/2014:11:40:44 -0500] "POST /forms/lservlet;jsessionid=ac16012b30d5cc0fabacecd14d548cfe952d4f8dbb64.e3iSbxaKaheRe34Sa3yKbhiTahb0n6jAmljGr5XDqQLvpAe HTTP/1.1" 200 2
190.156.146.3 - - [17/Nov/2014:11:40:45 -0500] "GET /forest/usutareas.do?_a=0.6001983708702028&group_system_actual=3 HTTP/1.1" 200 40952
190.156.146.3 - - [17/Nov/2014:11:40:45 -0500] "GET /forest/usutareas.do?_a=0.4131719204597175&group_system_actual=3 HTTP/1.1" 200 107359
190.156.146.3 - - [17/Nov/2014:11:40:46 -0500] "GET /forest/session.jsp?a=0.48349379282444715 HTTP/1.1" 200 4
190.156.146.3 - - [17/Nov/2014:11:40:46 -0500] "GET /forest/actions/forms.getMappedValues?id=id_EnlaceConcejo39&value=1415763992888&codForm=DPC_RadicarConsolidador1&a=0.8245142984669656 HTTP/1.1" 200 47
190.158.1.210 - - [17/Nov/2014:11:40:46 -0500] "GET /galeria/nivo-slider/demo/demo.html HTTP/1.1" 304 -
186.147.66.232 - - [17/Nov/2014:11:40:46 -0500] "GET /forest/xmlresponse.do?lista=searchTerceroByName&xmlret=1&todos=false&_a=0.22850920562632382&partNomTer=8600309 HTTP/1.1" 200 614
190.158.1.210 - - [17/Nov/2014:11:40:47 -0500] "GET /galeria/nivo-slider/demo/images/ForoNacionalAmbiental.jpg HTTP/1.1" 304 -
190.158.1.210 - - [17/Nov/2014:11:40:47 -0500] "GET /galeria/nivo-slider/demo/images/Banner-comparendo.jpg HTTP/1.1" 304 -
190.158.1.210 - - [17/Nov/2014:11:40:47 -0500] "GET /galeria/nivo-slider/demo/images/Banner-Ecourbanismo.jpg HTTP/1.1" 304 -
190.158.1.210 - - [17/Nov/2014:11:40:47 -0500] "GET /galeria/nivo-slider/demo/images/banner-aceite3.jpg HTTP/1.1" 304 -
186.147.66.232 - - [17/Nov/2014:11:40:47 -0500] "GET /forest/xmlresponse.do?lista=searchTerceroByName&xmlret=1&todos=false&_a=0.22850920562632382&partNomTer=86003093 HTTP/1.1" 200 195
190.158.1.210 - - [17/Nov/2014:11:40:47 -0500] "GET /galeria/nivo-slider/demo/images/banner-redes.jpg HTTP/1.1" 304 -
186.147.66.232 - - [17/Nov/2014:11:40:47 -0500] "GET /forest/xmlresponse.do?lista=searchTerceroByName&xmlret=1&todos=false&_a=0.22850920562632382&partNomTer=860030938 HTTP/1.1" 200 195
190.158.1.210 - - [17/Nov/2014:11:40:51 -0500] "GET /videos/Spot_CambioClimatico.flv HTTP/1.1" 304 -
190.26.186.10 - - [17/Nov/2014:11:40:19 -0500] "GET /reports/rwservlet/getjobid333178?server=rep_srvapsda HTTP/1.1" 200 6323016
66.249.64.171 - - [17/Nov/2014:11:41:06 -0500] "GET /BLA/resoluciones/RESOLUCIONES%202007/RES%202007%20901%20AL%201000/RESOLUCION%200934%20DE%202007.pdf HTTP/1.1" 200 205950
181.157.126.246 - - [17/Nov/2014:11:41:33 -0500] "GET /BLA/boletinlegal/js/jquery.js HTTP/1.1" 200 57254
181.157.126.246 - - [17/Nov/2014:11:41:33 -0500] "GET /BLA/boletinlegal/js/jquery.scrollTo-min.js HTTP/1.1" 200 1150
181.157.126.246 - - [17/Nov/2014:11:41:33 -0500] "GET /BLA/boletinlegal/js/jquery.scrollShow.js HTTP/1.1" 200 4586
190.24.129.149 - - [17/Nov/2014:11:41:38 -0500] "GET /galeria/nivo-slider/demo/images/Banner-Ecourbanismo.jpg HTTP/1.1" 304 -
186.29.229.173 - - [17/Nov/2014:11:41:43 -0500] "GET /forest/session.jsp?a=0.447480011338786 HTTP/1.1" 200 4
190.158.1.210 - - [17/Nov/2014:11:41:51 -0500] "GET /isolucionsda/ HTTP/1.1" 200 739
190.84.112.143 - - [17/Nov/2014:11:41:55 -0500] "GET /BLA/boletinlegal/js/jquery.js HTTP/1.1" 200 57254
190.84.112.143 - - [17/Nov/2014:11:41:55 -0500] "GET /BLA/boletinlegal/js/jquery.scrollShow.js HTTP/1.1" 200 4586
190.84.112.143 - - [17/Nov/2014:11:41:55 -0500] "GET /BLA/boletinlegal/js/jquery.scrollTo-min.js HTTP/1.1" 200 1150
186.29.229.173 - - [17/Nov/2014:11:35:55 -0500] "GET /ForestMSG_SDA/channelAsync/template_word_16719450?X-Atmosphere-tracking-id=52225466-ecdc-d2d5-2763-01c3e3645f1c&X-Atmosphere-Framework=1.0.5&X-Atmosphere-Transport=long-polling&tabid=0.738311968169446&X-Cache-Date=0&Content-Type=application/xml&_=1416242348190 HTTP/1.1" 200 8193
190.84.112.143 - - [17/Nov/2014:11:41:55 -0500] "GET /galeria/carrusel/Carrusel/jquery.thumbnailScroller.css HTTP/1.1" 200 2066
190.84.112.143 - - [17/Nov/2014:11:41:55 -0500] "GET /galeria/carrusel/Carrusel/jquery-ui-1.8.13.custom.min.js HTTP/1.1" 200 10800
190.84.112.143 - - [17/Nov/2014:11:41:57 -0500] "GET /galeria/carrusel/Carrusel/jquery.thumbnailScroller.js HTTP/1.1" 200 8157
190.84.112.143 - - [17/Nov/2014:11:42:01 -0500] "GET /galeria/nivo-slider/demo/demo.html HTTP/1.1" 200 3537
190.84.112.143 - - [17/Nov/2014:11:42:01 -0500] "GET /galeria/nivo-slider/themes/default/default.css HTTP/1.1" 200 1569
190.84.112.143 - - [17/Nov/2014:11:42:02 -0500] "GET /galeria/nivo-slider/themes/pascal/pascal.css HTTP/1.1" 200 2258
190.84.112.143 - - [17/Nov/2014:11:42:02 -0500] "GET /galeria/nivo-slider/themes/orman/orman.css HTTP/1.1" 200 2152
190.84.112.143 - - [17/Nov/2014:11:42:02 -0500] "GET /galeria/nivo-slider/nivo-slider.css HTTP/1.1" 200 1507
190.84.112.143 - - [17/Nov/2014:11:42:02 -0500] "GET /galeria/nivo-slider/demo/style.css HTTP/1.1" 200 2222
190.84.112.143 - - [17/Nov/2014:11:42:02 -0500] "GET /galeria/nivo-slider/demo/images/ForoNacionalAmbiental.jpg HTTP/1.1" 200 202541
190.84.112.143 - - [17/Nov/2014:11:42:02 -0500] "GET /galeria/nivo-slider/demo/images/Banner-comparendo.jpg HTTP/1.1" 200 388762
190.84.112.143 - - [17/Nov/2014:11:42:02 -0500] "GET /galeria/nivo-slider/demo/images/Banner-Ecourbanismo.jpg HTTP/1.1" 200 189838
190.84.112.143 - - [17/Nov/2014:11:42:02 -0500] "GET /galeria/nivo-slider/demo/images/porloshumedales.jpg HTTP/1.1" 200 351238
190.84.112.143 - - [17/Nov/2014:11:42:02 -0500] "GET /galeria/nivo-slider/demo/images/Tingua-azul.jpg HTTP/1.1" 200 307638
190.84.112.143 - - [17/Nov/2014:11:42:02 -0500] "GET /galeria/nivo-slider/demo/images/banner-aceite3.jpg HTTP/1.1" 200 88347
190.84.112.143 - - [17/Nov/2014:11:42:03 -0500] "GET /galeria/nivo-slider/demo/images/Banner-Caracol-Africano.jpg HTTP/1.1" 200 331986
190.84.112.143 - - [17/Nov/2014:11:42:03 -0500] "GET /galeria/nivo-slider/demo/images/banner-redes.jpg HTTP/1.1" 200 62209
190.84.112.143 - - [17/Nov/2014:11:42:03 -0500] "GET /galeria/nivo-slider/demo/images/9Signos.jpg HTTP/1.1" 200 93040
190.84.112.143 - - [17/Nov/2014:11:42:04 -0500] "GET /galeria/nivo-slider/demo/images/banner-caballos.png HTTP/1.1" 200 389106
190.84.112.143 - - [17/Nov/2014:11:42:04 -0500] "GET /galeria/nivo-slider/demo/images/Hacienda_Molinos.jpg HTTP/1.1" 200 319171
190.84.112.143 - - [17/Nov/2014:11:42:04 -0500] "GET /galeria/nivo-slider/demo/images/bannerEcolecta3.jpg HTTP/1.1" 200 280034
190.84.112.143 - - [17/Nov/2014:11:42:05 -0500] "GET /galeria/nivo-slider/demo/scripts/jquery-1.7.1.min.js HTTP/1.1" 200 93868
190.84.112.143 - - [17/Nov/2014:11:42:06 -0500] "GET /galeria/nivo-slider/jquery.nivo.slider.pack.js HTTP/1.1" 200 11561
190.84.112.143 - - [17/Nov/2014:11:42:06 -0500] "GET /galeria/nivo-slider/demo/images/4Simple_Slider.png HTTP/1.1" 200 11722
190.84.112.143 - - [17/Nov/2014:11:42:06 -0500] "GET /galeria/nivo-slider/themes/default/loading.gif HTTP/1.1" 200 1737
190.84.112.143 - - [17/Nov/2014:11:42:07 -0500] "GET /galeria/nivo-slider/themes/default/arrows.png HTTP/1.1" 200 824
190.84.112.143 - - [17/Nov/2014:11:42:07 -0500] "GET /galeria/nivo-slider/themes/default/bullets.png HTTP/1.1" 200 1281
190.158.1.210 - - [17/Nov/2014:11:42:12 -0500] "GET /isolucionsda/ HTTP/1.1" 200 739
188.165.15.235 - - [17/Nov/2014:11:42:20 -0500] "GET /BLA/resoluciones/RESOLUCIONES%202002/RES%202002%20101-150/2002RES102.tif HTTP/1.1" 200 119570
190.156.146.3 - - [17/Nov/2014:11:42:28 -0500] "GET /forest/borrador/1515588/RESPUESTA%20RADICADO%202014ER180298.docx HTTP/1.1" 200 597217
186.29.229.173 - - [17/Nov/2014:11:36:42 -0500] "GET /ForestMSG_SDA/channelAsync/template_word_16719494?X-Atmosphere-tracking-id=6e281284-6bce-8233-174d-547ecdd1374c&X-Atmosphere-Framework=1.0.5&X-Atmosphere-Transport=long-polling&tabid=0.8217941537760204&X-Cache-Date=0&Content-Type=application/xml&_=1416242395866 HTTP/1.1" 200 8193
190.26.186.10 - - [17/Nov/2014:11:42:45 -0500] "POST /forms/lservlet;jsessionid=ac16012b30d5cc0fabacecd14d548cfe952d4f8dbb64.e3iSbxaKaheRe34Sa3yKbhiTahb0n6jAmljGr5XDqQLvpAe HTTP/1.1" 200 2
194.183.97.149 - - [17/Nov/2014:11:42:46 -0500] "GET /BLA/resoluciones/AUTOS%202013/1308.pdf HTTP/1.1" 200 1736677
194.183.97.149 - - [17/Nov/2014:11:42:55 -0500] "GET /BLA/resoluciones/AUTOS%202013/1308.pdf HTTP/1.1" 200 1736677
190.29.95.175 - - [17/Nov/2014:11:43:00 -0500] "GET /BLA/boletinlegal/js/jquery.scrollTo-min.js HTTP/1.1" 200 1150
190.29.95.175 - - [17/Nov/2014:11:43:01 -0500] "GET /galeria/carrusel/Carrusel/jquery-ui-1.8.13.custom.min.js HTTP/1.1" 200 10800
190.29.95.175 - - [17/Nov/2014:11:43:01 -0500] "GET /BLA/boletinlegal/js/jquery.js HTTP/1.1" 200 57254
190.29.95.175 - - [17/Nov/2014:11:43:01 -0500] "GET /BLA/boletinlegal/js/jquery.scrollShow.js HTTP/1.1" 200 4586
190.29.95.175 - - [17/Nov/2014:11:43:01 -0500] "GET /galeria/carrusel/Carrusel/jquery.thumbnailScroller.css HTTP/1.1" 200 2066
190.29.95.175 - - [17/Nov/2014:11:43:01 -0500] "GET /galeria/carrusel/Carrusel/jquery.thumbnailScroller.js HTTP/1.1" 200 8157
190.29.95.175 - - [17/Nov/2014:11:43:03 -0500] "GET /galeria/nivo-slider/demo/demo.html HTTP/1.1" 200 3537
190.29.95.175 - - [17/Nov/2014:11:43:03 -0500] "GET /galeria/nivo-slider/themes/default/default.css HTTP/1.1" 200 1569
190.29.95.175 - - [17/Nov/2014:11:43:03 -0500] "GET /galeria/nivo-slider/nivo-slider.css HTTP/1.1" 200 1507
190.29.95.175 - - [17/Nov/2014:11:43:03 -0500] "GET /galeria/nivo-slider/themes/pascal/pascal.css HTTP/1.1" 200 2258
190.29.95.175 - - [17/Nov/2014:11:43:03 -0500] "GET /galeria/nivo-slider/themes/orman/orman.css HTTP/1.1" 200 2152
190.29.95.175 - - [17/Nov/2014:11:43:03 -0500] "GET /galeria/nivo-slider/demo/style.css HTTP/1.1" 200 2222
190.29.95.175 - - [17/Nov/2014:11:43:03 -0500] "GET /galeria/nivo-slider/demo/images/ForoNacionalAmbiental.jpg HTTP/1.1" 200 202541
190.29.95.175 - - [17/Nov/2014:11:43:03 -0500] "GET /galeria/nivo-slider/demo/scripts/jquery-1.7.1.min.js HTTP/1.1" 200 93868
190.29.95.175 - - [17/Nov/2014:11:43:03 -0500] "GET /galeria/nivo-slider/jquery.nivo.slider.pack.js HTTP/1.1" 200 11561
190.29.95.175 - - [17/Nov/2014:11:43:03 -0500] "GET /galeria/nivo-slider/demo/images/Banner-comparendo.jpg HTTP/1.1" 200 388762
190.29.95.175 - - [17/Nov/2014:11:43:03 -0500] "GET /galeria/nivo-slider/demo/images/Banner-Ecourbanismo.jpg HTTP/1.1" 200 189838
190.29.95.175 - - [17/Nov/2014:11:43:03 -0500] "GET /galeria/nivo-slider/demo/images/porloshumedales.jpg HTTP/1.1" 200 351238
190.29.95.175 - - [17/Nov/2014:11:43:04 -0500] "GET /galeria/nivo-slider/demo/images/4Simple_Slider.png HTTP/1.1" 200 11722
190.29.95.175 - - [17/Nov/2014:11:43:04 -0500] "GET /galeria/nivo-slider/themes/default/loading.gif HTTP/1.1" 200 1737
190.29.95.175 - - [17/Nov/2014:11:43:04 -0500] "GET /galeria/nivo-slider/demo/images/Banner-Caracol-Africano.jpg HTTP/1.1" 200 331986
190.29.95.175 - - [17/Nov/2014:11:43:04 -0500] "GET /galeria/nivo-slider/demo/images/Tingua-azul.jpg HTTP/1.1" 200 307638
190.29.95.175 - - [17/Nov/2014:11:43:04 -0500] "GET /galeria/nivo-slider/demo/images/banner-aceite3.jpg HTTP/1.1" 200 88347
190.29.95.175 - - [17/Nov/2014:11:43:05 -0500] "GET /galeria/nivo-slider/demo/images/banner-caballos.png HTTP/1.1" 200 389106
190.29.95.175 - - [17/Nov/2014:11:43:05 -0500] "GET /galeria/nivo-slider/demo/images/Hacienda_Molinos.jpg HTTP/1.1" 200 319171
190.29.95.175 - - [17/Nov/2014:11:43:05 -0500] "GET /galeria/nivo-slider/demo/images/9Signos.jpg HTTP/1.1" 200 93040
190.29.95.175 - - [17/Nov/2014:11:43:05 -0500] "GET /galeria/nivo-slider/demo/images/banner-redes.jpg HTTP/1.1" 200 62209
190.29.95.175 - - [17/Nov/2014:11:43:06 -0500] "GET /galeria/nivo-slider/demo/images/bannerEcolecta3.jpg HTTP/1.1" 200 280034
194.183.97.149 - - [17/Nov/2014:11:43:08 -0500] "GET /BLA/resoluciones/AUTOS%202013/1308.pdf HTTP/1.1" 206 1
186.29.224.32 - - [17/Nov/2014:11:43:09 -0500] "GET /BLA/resoluciones/RESOLUCIONES%202011/5794.pdf HTTP/1.1" 200 495227
186.29.224.32 - - [17/Nov/2014:11:43:10 -0500] "GET /BLA/resoluciones/RESOLUCIONES%202011/5794.pdf HTTP/1.1" 206 32768
186.29.224.32 - - [17/Nov/2014:11:43:10 -0500] "GET /BLA/resoluciones/RESOLUCIONES%202011/5794.pdf HTTP/1.1" 206 462459
186.29.224.32 - - [17/Nov/2014:11:43:11 -0500] "GET /favicon.ico HTTP/1.1" 200 7782
194.183.97.149 - - [17/Nov/2014:11:43:13 -0500] "GET /BLA/resoluciones/AUTOS%202013/1308.pdf HTTP/1.1" 200 1736677
186.28.118.17 - - [17/Nov/2014:11:43:19 -0500] "GET /BLA/boletinlegal/js/jquery.js HTTP/1.1" 200 57254
186.28.118.17 - - [17/Nov/2014:11:43:19 -0500] "GET /BLA/boletinlegal/js/jquery.scrollTo-min.js HTTP/1.1" 200 1150
186.28.118.17 - - [17/Nov/2014:11:43:19 -0500] "GET /BLA/boletinlegal/js/jquery.scrollShow.js HTTP/1.1" 200 4586
190.29.95.175 - - [17/Nov/2014:11:43:19 -0500] "GET /galeria/nivo-slider/themes/default/arrows.png HTTP/1.1" 200 824
190.29.95.175 - - [17/Nov/2014:11:43:19 -0500] "GET /galeria/nivo-slider/themes/default/bullets.png HTTP/1.1" 200 1281
190.29.95.175 - - [17/Nov/2014:11:43:21 -0500] "GET /videos/Spot_CambioClimatico.flv HTTP/1.1" 200 4371917
190.158.1.210 - - [17/Nov/2014:11:43:27 -0500] "GET /isolucionsda/ HTTP/1.1" 200 739
190.26.186.10 - - [17/Nov/2014:11:43:28 -0500] "POST /forms/lservlet;jsessionid=ac16012b30d5cc0fabacecd14d548cfe952d4f8dbb64.e3iSbxaKaheRe34Sa3yKbhiTahb0n6jAmljGr5XDqQLvpAe HTTP/1.1" 200 159
190.26.186.10 - - [17/Nov/2014:11:43:30 -0500] "POST /forms/lservlet;jsessionid=ac16012b30d5cc0fabacecd14d548cfe952d4f8dbb64.e3iSbxaKaheRe34Sa3yKbhiTahb0n6jAmljGr5XDqQLvpAe HTTP/1.1" 200 2
190.26.186.10 - - [17/Nov/2014:11:43:31 -0500] "POST /forms/lservlet;jsessionid=ac16012b30d5cc0fabacecd14d548cfe952d4f8dbb64.e3iSbxaKaheRe34Sa3yKbhiTahb0n6jAmljGr5XDqQLvpAe HTTP/1.1" 200 2374
190.26.186.10 - - [17/Nov/2014:11:43:31 -0500] "POST /forms/lservlet;jsessionid=ac16012b30d5cc0fabacecd14d548cfe952d4f8dbb64.e3iSbxaKaheRe34Sa3yKbhiTahb0n6jAmljGr5XDqQLvpAe HTTP/1.1" 200 19
190.26.186.10 - - [17/Nov/2014:11:43:32 -0500] "POST /forms/lservlet;jsessionid=ac16012b30d5cc0fabacecd14d548cfe952d4f8dbb64.e3iSbxaKaheRe34Sa3yKbhiTahb0n6jAmljGr5XDqQLvpAe HTTP/1.1" 200 30
190.26.186.10 - - [17/Nov/2014:11:43:33 -0500] "POST /forms/lservlet;jsessionid=ac16012b30d5cc0fabacecd14d548cfe952d4f8dbb64.e3iSbxaKaheRe34Sa3yKbhiTahb0n6jAmljGr5XDqQLvpAe HTTP/1.1" 200 24
190.26.186.10 - - [17/Nov/2014:11:43:34 -0500] "POST /forms/lservlet;jsessionid=ac16012b30d5cc0fabacecd14d548cfe952d4f8dbb64.e3iSbxaKaheRe34Sa3yKbhiTahb0n6jAmljGr5XDqQLvpAe HTTP/1.1" 200 14
190.26.186.10 - - [17/Nov/2014:11:43:35 -0500] "POST /forms/lservlet;jsessionid=ac16012b30d5cc0fabacecd14d548cfe952d4f8dbb64.e3iSbxaKaheRe34Sa3yKbhiTahb0n6jAmljGr5XDqQLvpAe HTTP/1.1" 200 3842
190.26.186.10 - - [17/Nov/2014:11:43:35 -0500] "POST /forms/lservlet;jsessionid=ac16012b30d5cc0fabacecd14d548cfe952d4f8dbb64.e3iSbxaKaheRe34Sa3yKbhiTahb0n6jAmljGr5XDqQLvpAe HTTP/1.1" 200 20
190.26.186.10 - - [17/Nov/2014:11:43:41 -0500] "POST /forms/lservlet;jsessionid=ac16012b30d5cc0fabacecd14d548cfe952d4f8dbb64.e3iSbxaKaheRe34Sa3yKbhiTahb0n6jAmljGr5XDqQLvpAe HTTP/1.1" 200 2
190.26.186.10 - - [17/Nov/2014:11:43:41 -0500] "POST /forms/lservlet;jsessionid=ac16012b30d5cc0fabacecd14d548cfe952d4f8dbb64.e3iSbxaKaheRe34Sa3yKbhiTahb0n6jAmljGr5XDqQLvpAe HTTP/1.1" 200 2237
190.26.186.10 - - [17/Nov/2014:11:43:41 -0500] "POST /forms/lservlet;jsessionid=ac16012b30d5cc0fabacecd14d548cfe952d4f8dbb64.e3iSbxaKaheRe34Sa3yKbhiTahb0n6jAmljGr5XDqQLvpAe HTTP/1.1" 200 2
190.26.186.10 - - [17/Nov/2014:11:43:42 -0500] "POST /forms/lservlet;jsessionid=ac16012b30d5cc0fabacecd14d548cfe952d4f8dbb64.e3iSbxaKaheRe34Sa3yKbhiTahb0n6jAmljGr5XDqQLvpAe HTTP/1.1" 200 2
190.26.186.10 - - [17/Nov/2014:11:43:43 -0500] "POST /forms/lservlet;jsessionid=ac16012b30d5cc0fabacecd14d548cfe952d4f8dbb64.e3iSbxaKaheRe34Sa3yKbhiTahb0n6jAmljGr5XDqQLvpAe HTTP/1.1" 200 2499
190.26.186.10 - - [17/Nov/2014:11:43:44 -0500] "POST /forms/lservlet;jsessionid=ac16012b30d5cc0fabacecd14d548cfe952d4f8dbb64.e3iSbxaKaheRe34Sa3yKbhiTahb0n6jAmljGr5XDqQLvpAe HTTP/1.1" 200 2
190.26.186.10 - - [17/Nov/2014:11:43:47 -0500] "POST /forms/lservlet;jsessionid=ac16012b30d5cc0fabacecd14d548cfe952d4f8dbb64.e3iSbxaKaheRe34Sa3yKbhiTahb0n6jAmljGr5XDqQLvpAe HTTP/1.1" 200 2
190.26.186.10 - - [17/Nov/2014:11:43:47 -0500] "POST /forms/lservlet;jsessionid=ac16012b30d5cc0fabacecd14d548cfe952d4f8dbb64.e3iSbxaKaheRe34Sa3yKbhiTahb0n6jAmljGr5XDqQLvpAe HTTP/1.1" 200 2458
190.26.186.10 - - [17/Nov/2014:11:43:47 -0500] "POST /forms/lservlet;jsessionid=ac16012b30d5cc0fabacecd14d548cfe952d4f8dbb64.e3iSbxaKaheRe34Sa3yKbhiTahb0n6jAmljGr5XDqQLvpAe HTTP/1.1" 200 2
190.26.186.10 - - [17/Nov/2014:11:43:49 -0500] "POST /forms/lservlet;jsessionid=ac16012b30d5cc0fabacecd14d548cfe952d4f8dbb64.e3iSbxaKaheRe34Sa3yKbhiTahb0n6jAmljGr5XDqQLvpAe HTTP/1.1" 200 2
190.26.186.10 - - [17/Nov/2014:11:43:49 -0500] "POST /forms/lservlet;jsessionid=ac16012b30d5cc0fabacecd14d548cfe952d4f8dbb64.e3iSbxaKaheRe34Sa3yKbhiTahb0n6jAmljGr5XDqQLvpAe HTTP/1.1" 200 2164
190.26.186.10 - - [17/Nov/2014:11:43:49 -0500] "POST /forms/lservlet;jsessionid=ac16012b30d5cc0fabacecd14d548cfe952d4f8dbb64.e3iSbxaKaheRe34Sa3yKbhiTahb0n6jAmljGr5XDqQLvpAe HTTP/1.1" 200 10
190.26.186.10 - - [17/Nov/2014:11:43:50 -0500] "POST /forms/lservlet;jsessionid=ac16012b30d5cc0fabacecd14d548cfe952d4f8dbb64.e3iSbxaKaheRe34Sa3yKbhiTahb0n6jAmljGr5XDqQLvpAe HTTP/1.1" 200 2
190.26.186.10 - - [17/Nov/2014:11:43:50 -0500] "POST /forms/lservlet;jsessionid=ac16012b30d5cc0fabacecd14d548cfe952d4f8dbb64.e3iSbxaKaheRe34Sa3yKbhiTahb0n6jAmljGr5XDqQLvpAe HTTP/1.1" 200 3436
190.26.186.10 - - [17/Nov/2014:11:43:51 -0500] "POST /forms/lservlet;jsessionid=ac16012b30d5cc0fabacecd14d548cfe952d4f8dbb64.e3iSbxaKaheRe34Sa3yKbhiTahb0n6jAmljGr5XDqQLvpAe HTTP/1.1" 200 2
190.26.186.10 - - [17/Nov/2014:11:43:52 -0500] "POST /forms/lservlet;jsessionid=ac16012b30d5cc0fabacecd14d548cfe952d4f8dbb64.e3iSbxaKaheRe34Sa3yKbhiTahb0n6jAmljGr5XDqQLvpAe HTTP/1.1" 200 99
186.147.66.232 - - [17/Nov/2014:11:40:51 -0500] "POST /forest/buscar.do? HTTP/1.1" 200 15538
190.26.186.10 - - [17/Nov/2014:11:44:01 -0500] "POST /forms/lservlet;jsessionid=ac16012b30d5cc0fabacecd14d548cfe952d4f8dbb64.e3iSbxaKaheRe34Sa3yKbhiTahb0n6jAmljGr5XDqQLvpAe HTTP/1.1" 200 66
190.26.186.10 - - [17/Nov/2014:11:44:02 -0500] "POST /forms/lservlet;jsessionid=ac16012b30d5cc0fabacecd14d548cfe952d4f8dbb64.e3iSbxaKaheRe34Sa3yKbhiTahb0n6jAmljGr5XDqQLvpAe HTTP/1.1" 200 2
190.26.186.10 - - [17/Nov/2014:11:44:02 -0500] "POST /forms/lservlet;jsessionid=ac16012b30d5cc0fabacecd14d548cfe952d4f8dbb64.e3iSbxaKaheRe34Sa3yKbhiTahb0n6jAmljGr5XDqQLvpAe HTTP/1.1" 200 2734
190.26.186.10 - - [17/Nov/2014:11:44:03 -0500] "POST /forms/lservlet;jsessionid=ac16012b30d5cc0fabacecd14d548cfe952d4f8dbb64.e3iSbxaKaheRe34Sa3yKbhiTahb0n6jAmljGr5XDqQLvpAe HTTP/1.1" 200 2
190.26.186.10 - - [17/Nov/2014:11:44:05 -0500] "POST /forms/lservlet;jsessionid=ac16012b30d5cc0fabacecd14d548cfe952d4f8dbb64.e3iSbxaKaheRe34Sa3yKbhiTahb0n6jAmljGr5XDqQLvpAe HTTP/1.1" 200 76
190.26.186.10 - - [17/Nov/2014:11:44:09 -0500] "POST /forms/lservlet;jsessionid=ac16012b30d5cc0fabacecd14d548cfe952d4f8dbb64.e3iSbxaKaheRe34Sa3yKbhiTahb0n6jAmljGr5XDqQLvpAe HTTP/1.1" 200 66
190.26.186.10 - - [17/Nov/2014:11:44:11 -0500] "POST /forms/lservlet;jsessionid=ac16012b30d5cc0fabacecd14d548cfe952d4f8dbb64.e3iSbxaKaheRe34Sa3yKbhiTahb0n6jAmljGr5XDqQLvpAe HTTP/1.1" 200 2
190.26.186.10 - - [17/Nov/2014:11:44:11 -0500] "POST /forms/lservlet;jsessionid=ac16012b30d5cc0fabacecd14d548cfe952d4f8dbb64.e3iSbxaKaheRe34Sa3yKbhiTahb0n6jAmljGr5XDqQLvpAe HTTP/1.1" 200 2298
190.26.186.10 - - [17/Nov/2014:11:44:12 -0500] "POST /forms/lservlet;jsessionid=ac16012b30d5cc0fabacecd14d548cfe952d4f8dbb64.e3iSbxaKaheRe34Sa3yKbhiTahb0n6jAmljGr5XDqQLvpAe HTTP/1.1" 200 2
190.26.186.10 - - [17/Nov/2014:11:44:13 -0500] "POST /forms/lservlet;jsessionid=ac16012b30d5cc0fabacecd14d548cfe952d4f8dbb64.e3iSbxaKaheRe34Sa3yKbhiTahb0n6jAmljGr5XDqQLvpAe HTTP/1.1" 200 76
190.26.186.10 - - [17/Nov/2014:11:44:16 -0500] "POST /forms/lservlet;jsessionid=ac16012b30d5cc0fabacecd14d548cfe952d4f8dbb64.e3iSbxaKaheRe34Sa3yKbhiTahb0n6jAmljGr5XDqQLvpAe HTTP/1.1" 200 66
190.156.146.3 - - [17/Nov/2014:11:38:17 -0500] "GET /ForestMSG_SDA/channelAsync/template_word_16901071?X-Atmosphere-tracking-id=64dd9ccf-ef8e-5286-b191-95f36795bc44&X-Atmosphere-Framework=1.0.5&X-Atmosphere-Transport=long-polling&tabid=0.36525723175145686&X-Cache-Date=0&Content-Type=application/xml&_=1416242531972 HTTP/1.1" 200 8193
190.26.186.10 - - [17/Nov/2014:11:44:18 -0500] "POST /forms/lservlet;jsessionid=ac16012b30d5cc0fabacecd14d548cfe952d4f8dbb64.e3iSbxaKaheRe34Sa3yKbhiTahb0n6jAmljGr5XDqQLvpAe HTTP/1.1" 200 2
190.26.186.10 - - [17/Nov/2014:11:44:18 -0500] "POST /forms/lservlet;jsessionid=ac16012b30d5cc0fabacecd14d548cfe952d4f8dbb64.e3iSbxaKaheRe34Sa3yKbhiTahb0n6jAmljGr5XDqQLvpAe HTTP/1.1" 200 2268
190.26.186.10 - - [17/Nov/2014:11:44:19 -0500] "POST /forms/lservlet;jsessionid=ac16012b30d5cc0fabacecd14d548cfe952d4f8dbb64.e3iSbxaKaheRe34Sa3yKbhiTahb0n6jAmljGr5XDqQLvpAe HTTP/1.1" 200 2
186.147.66.232 - - [17/Nov/2014:11:44:21 -0500] "GET /forest/session.jsp?a=0.21225574403069913 HTTP/1.1" 200 4
187.178.9.213 - - [17/Nov/2014:11:39:21 -0500] "GET /videos/CRRFFS.mp4 HTTP/1.1" 200 286784363
190.26.186.10 - - [17/Nov/2014:11:44:22 -0500] "POST /forms/lservlet;jsessionid=ac16012b30d5cc0fabacecd14d548cfe952d4f8dbb64.e3iSbxaKaheRe34Sa3yKbhiTahb0n6jAmljGr5XDqQLvpAe HTTP/1.1" 200 2
190.26.186.10 - - [17/Nov/2014:11:44:22 -0500] "POST /forms/lservlet;jsessionid=ac16012b30d5cc0fabacecd14d548cfe952d4f8dbb64.e3iSbxaKaheRe34Sa3yKbhiTahb0n6jAmljGr5XDqQLvpAe HTTP/1.1" 200 36
190.26.186.10 - - [17/Nov/2014:11:44:22 -0500] "POST /forms/lservlet;jsessionid=ac16012b30d5cc0fabacecd14d548cfe952d4f8dbb64.e3iSbxaKaheRe34Sa3yKbhiTahb0n6jAmljGr5XDqQLvpAe HTTP/1.1" 200 2
186.29.229.173 - - [17/Nov/2014:11:44:23 -0500] "GET /galeria/nivo-slider/demo/demo.html HTTP/1.1" 200 3537
190.26.186.10 - - [17/Nov/2014:11:44:24 -0500] "POST /forms/lservlet;jsessionid=ac16012b30d5cc0fabacecd14d548cfe952d4f8dbb64.e3iSbxaKaheRe34Sa3yKbhiTahb0n6jAmljGr5XDqQLvpAe HTTP/1.1" 200 2
190.26.186.10 - - [17/Nov/2014:11:44:24 -0500] "POST /forms/lservlet;jsessionid=ac16012b30d5cc0fabacecd14d548cfe952d4f8dbb64.e3iSbxaKaheRe34Sa3yKbhiTahb0n6jAmljGr5XDqQLvpAe HTTP/1.1" 200 34
186.29.229.173 - - [17/Nov/2014:11:44:24 -0500] "GET /galeria/nivo-slider/demo/images/ForoNacionalAmbiental.jpg HTTP/1.1" 200 202541
190.26.186.10 - - [17/Nov/2014:11:44:24 -0500] "POST /forms/lservlet;jsessionid=ac16012b30d5cc0fabacecd14d548cfe952d4f8dbb64.e3iSbxaKaheRe34Sa3yKbhiTahb0n6jAmljGr5XDqQLvpAe HTTP/1.1" 200 2
186.29.229.173 - - [17/Nov/2014:11:44:25 -0500] "GET /galeria/nivo-slider/demo/images/Banner-comparendo.jpg HTTP/1.1" 304 -
186.29.229.173 - - [17/Nov/2014:11:44:25 -0500] "GET /galeria/nivo-slider/demo/images/Banner-Ecourbanismo.jpg HTTP/1.1" 304 -
186.29.229.173 - - [17/Nov/2014:11:44:25 -0500] "GET /galeria/nivo-slider/demo/images/porloshumedales.jpg HTTP/1.1" 304 -
186.29.229.173 - - [17/Nov/2014:11:44:25 -0500] "GET /galeria/nivo-slider/demo/images/banner-aceite3.jpg HTTP/1.1" 304 -
186.29.229.173 - - [17/Nov/2014:11:44:25 -0500] "GET /galeria/nivo-slider/demo/images/Tingua-azul.jpg HTTP/1.1" 304 -
186.29.229.173 - - [17/Nov/2014:11:44:25 -0500] "GET /galeria/nivo-slider/demo/images/Banner-Caracol-Africano.jpg HTTP/1.1" 304 -
186.29.229.173 - - [17/Nov/2014:11:44:25 -0500] "GET /galeria/nivo-slider/demo/images/banner-redes.jpg HTTP/1.1" 304 -
186.29.229.173 - - [17/Nov/2014:11:44:25 -0500] "GET /galeria/nivo-slider/demo/images/bannerEcolecta3.jpg HTTP/1.1" 304 -
190.26.186.10 - - [17/Nov/2014:11:44:26 -0500] "POST /forms/lservlet;jsessionid=ac16012b30d5cc0fabacecd14d548cfe952d4f8dbb64.e3iSbxaKaheRe34Sa3yKbhiTahb0n6jAmljGr5XDqQLvpAe HTTP/1.1" 200 2
190.26.186.10 - - [17/Nov/2014:11:44:26 -0500] "POST /forms/lservlet;jsessionid=ac16012b30d5cc0fabacecd14d548cfe952d4f8dbb64.e3iSbxaKaheRe34Sa3yKbhiTahb0n6jAmljGr5XDqQLvpAe HTTP/1.1" 200 1990
190.26.186.10 - - [17/Nov/2014:11:44:26 -0500] "POST /forms/lservlet;jsessionid=ac16012b30d5cc0fabacecd14d548cfe952d4f8dbb64.e3iSbxaKaheRe34Sa3yKbhiTahb0n6jAmljGr5XDqQLvpAe HTTP/1.1" 200 2
74.86.158.107 - - [17/Nov/2014:11:44:29 -0500] "HEAD / HTTP/1.1" 302 -
186.29.229.173 - - [17/Nov/2014:11:44:31 -0500] "GET /videos/Spot_CambioClimatico.flv HTTP/1.1" 304 -
200.86.182.94 - - [17/Nov/2014:11:44:41 -0500] "GET /BLA/resoluciones/RESOLUCIONES%202009/7875.pdf HTTP/1.1" 200 419834
200.86.182.94 - - [17/Nov/2014:11:44:43 -0500] "GET /BLA/resoluciones/RESOLUCIONES%202009/7875.pdf HTTP/1.1" 206 32768
200.86.182.94 - - [17/Nov/2014:11:44:44 -0500] "GET /BLA/resoluciones/RESOLUCIONES%202009/7875.pdf HTTP/1.1" 206 387066
66.249.64.163 - - [17/Nov/2014:11:44:44 -0500] "GET /BLA/resoluciones/RESOLUCIONES%202010/3024.pdf HTTP/1.1" 200 685672
190.26.186.10 - - [17/Nov/2014:11:44:45 -0500] "POST /forms/lservlet;jsessionid=ac16012b30d5cc0fabacecd14d548cfe952d4f8dbb64.e3iSbxaKaheRe34Sa3yKbhiTahb0n6jAmljGr5XDqQLvpAe HTTP/1.1" 200 2
200.86.182.94 - - [17/Nov/2014:11:44:46 -0500] "GET /favicon.ico HTTP/1.1" 200 7782
200.116.77.219 - - [17/Nov/2014:11:45:06 -0500] "GET /BLA/boletinlegal/js/jquery.js HTTP/1.1" 200 57254
200.116.77.219 - - [17/Nov/2014:11:45:06 -0500] "GET /BLA/boletinlegal/js/jquery.scrollTo-min.js HTTP/1.1" 200 1150
200.116.77.219 - - [17/Nov/2014:11:45:06 -0500] "GET /BLA/boletinlegal/js/jquery.scrollShow.js HTTP/1.1" 200 4586
186.83.205.75 - - [17/Nov/2014:11:45:16 -0500] "GET /BLA/resoluciones/AUTOS%202007/1621.pdf HTTP/1.1" 200 98860
190.156.242.210 - - [17/Nov/2014:11:45:18 -0500] "GET /BLA/boletinlegal/js/jquery.js HTTP/1.1" 200 57254
190.156.242.210 - - [17/Nov/2014:11:45:18 -0500] "GET /BLA/boletinlegal/js/jquery.scrollTo-min.js HTTP/1.1" 200 1150
190.156.242.210 - - [17/Nov/2014:11:45:18 -0500] "GET /BLA/boletinlegal/js/jquery.scrollShow.js HTTP/1.1" 200 4586
186.29.229.173 - - [17/Nov/2014:11:45:18 -0500] "GET /BLA/boletinlegal/actos.php HTTP/1.1" 200 7534
186.29.229.173 - - [17/Nov/2014:11:45:09 -0500] "GET /BLA/boletinlegal/index.php? HTTP/1.1" 200 28058
186.29.229.173 - - [17/Nov/2014:11:45:34 -0500] "GET /BLA/boletinlegal/consulta_actos.php?tipo=resoluciones&no=0509&usuario=&sector=&fecha=2014&resuelve= HTTP/1.1" 200 623
186.29.229.173 - - [17/Nov/2014:11:45:40 -0500] "GET /BLA/boletinlegal/consulta_actos.php?tipo=resoluciones&no=0509&usuario=&sector=&fecha=2014&resuelve= HTTP/1.1" 200 623
186.29.229.173 - - [17/Nov/2014:11:45:40 -0500] "GET /BLA/boletinlegal/consulta_actos.php?tipo=resoluciones&no=0509&usuario=&sector=&fecha=2014&resuelve= HTTP/1.1" 200 623
186.29.229.173 - - [17/Nov/2014:11:45:41 -0500] "GET /BLA/boletinlegal/consulta_actos.php?tipo=resoluciones&no=0509&usuario=&sector=&fecha=2014&resuelve= HTTP/1.1" 200 623
186.29.229.173 - - [17/Nov/2014:11:45:41 -0500] "GET /BLA/boletinlegal/consulta_actos.php?tipo=resoluciones&no=0509&usuario=&sector=&fecha=2014&resuelve= HTTP/1.1" 200 623
186.29.229.173 - - [17/Nov/2014:11:45:42 -0500] "GET /BLA/boletinlegal/consulta_actos.php?tipo=resoluciones&no=0509&usuario=&sector=&fecha=2014&resuelve= HTTP/1.1" 200 623
190.24.95.121 - - [17/Nov/2014:11:45:43 -0500] "GET /BLA/boletinlegal/norma_menu.php HTTP/1.1" 200 5286
190.156.146.3 - - [17/Nov/2014:11:45:45 -0500] "GET /forest/session.jsp?a=0.3816693089902401 HTTP/1.1" 200 4
191.102.121.47 - - [17/Nov/2014:11:45:47 -0500] "GET /BLA/boletinlegal/js/jquery.js HTTP/1.1" 200 57254
191.102.121.47 - - [17/Nov/2014:11:45:47 -0500] "GET /BLA/boletinlegal/js/jquery.scrollTo-min.js HTTP/1.1" 200 1150
191.102.121.47 - - [17/Nov/2014:11:45:47 -0500] "GET /BLA/boletinlegal/js/jquery.scrollShow.js HTTP/1.1" 200 4586
190.29.95.175 - - [17/Nov/2014:11:45:58 -0500] "GET /portalsiaccapacitaciones/MATRIZ%20NORMATIVA%20AMBIENTAL.pdf HTTP/1.1" 404 1314
190.29.95.175 - - [17/Nov/2014:11:46:03 -0500] "GET /portalsiaccapacitaciones/MATRIZ%20NORMATIVA%20AMBIENTAL.pdf HTTP/1.1" 404 1314
186.29.229.173 - - [17/Nov/2014:11:46:05 -0500] "GET /BLA/boletinlegal/consulta_actos.php?tipo=resoluciones&no=7784&usuario=&sector=&fecha=2010&resuelve= HTTP/1.1" 200 1050
186.29.229.173 - - [17/Nov/2014:11:46:06 -0500] "GET /BLA/boletinlegal/images/pdf.gif HTTP/1.1" 200 567
186.29.229.173 - - [17/Nov/2014:11:46:08 -0500] "GET /BLA/resoluciones/RESOLUCIONES%202010/7784.pdf HTTP/1.1" 200 421955
