190.156.146.3 - - [17/Nov/2014:11:36:17 -0500] "GET /forest/img/jquery/quitarfiltrar.gif HTTP/1.1" 200 1021
190.156.146.3 - - [17/Nov/2014:11:36:17 -0500] "GET /forest/img/jquery/ui-icons_469bdd_256x240.png HTTP/1.1" 200 70990
190.156.146.3 - - [17/Nov/2014:11:36:17 -0500] "GET /forest/img/jquery/ui-bg_glass_85_dfeffc_1x400.png HTTP/1.1" 200 50159
190.156.146.3 - - [17/Nov/2014:11:36:17 -0500] "POST /forest/misactividades.do?ajax=true&a=0.358429410494864 HTTP/1.1" 200 11064
190.156.146.3 - - [17/Nov/2014:11:36:17 -0500] "GET /forest/skins/gdocs-jar/img/doc-alert.gif HTTP/1.1" 200 370
190.156.146.3 - - [17/Nov/2014:11:36:17 -0500] "GET /forest/img/newdocs.gif HTTP/1.1" 200 433
186.85.79.140 - - [17/Nov/2014:11:36:21 -0500] "GET /forest/actions/forms.getList?codForm=primerasactividades&id=funcionariodest27&text=RAFAEL%20PRIETO%20RAMIREZ HTTP/1.1" 200 58
190.156.146.3 - - [17/Nov/2014:11:36:22 -0500] "GET /forest/img/jquery/ui-bg_flat_55_fbec88_40x100.png HTTP/1.1" 200 47994
190.156.146.3 - - [17/Nov/2014:11:36:22 -0500] "GET /forest/usutareas.do?codTraEsc=16901071 HTTP/1.1" 200 107198
190.156.146.3 - - [17/Nov/2014:11:36:22 -0500] "GET /forest/skins/gdocs-jar/img/desasociarUser.gif HTTP/1.1" 200 1209
190.156.146.3 - - [17/Nov/2014:11:36:22 -0500] "GET /forest/skins/gdocs-jar/img/asociarUserOtraDependencia.gif HTTP/1.1" 200 1217
190.156.146.3 - - [17/Nov/2014:11:36:22 -0500] "GET /forest/skins/gdocs-jar/img/vertodossubprocesos.gif HTTP/1.1" 200 167
190.156.146.3 - - [17/Nov/2014:11:36:22 -0500] "GET /forest/img/asociarUser.gif HTTP/1.1" 200 1227
190.156.146.3 - - [17/Nov/2014:11:36:22 -0500] "GET /forest/skins/gdocs-jar/img/comments.gif HTTP/1.1" 200 672
190.156.146.3 - - [17/Nov/2014:11:36:22 -0500] "GET /forest/skins/gdocs-jar/css/forms.css HTTP/1.1" 200 7180
190.156.146.3 - - [17/Nov/2014:11:36:22 -0500] "GET /forest/skins/gdocs-jar/js/grid.js?version=1411.041919 HTTP/1.1" 200 7034
190.156.146.3 - - [17/Nov/2014:11:36:22 -0500] "GET /forest/js/usutareas-docs.js HTTP/1.1" 200 646
190.156.146.3 - - [17/Nov/2014:11:36:22 -0500] "GET /forest/js/socketConnection.js HTTP/1.1" 200 3648
190.156.146.3 - - [17/Nov/2014:11:36:22 -0500] "GET /forest/skins/gdocs-jar/js/tareas.js?version=1411.041919 HTTP/1.1" 200 41438
190.156.146.3 - - [17/Nov/2014:11:36:22 -0500] "GET /forest/js/jquery/jquery-1.5.2.min.js HTTP/1.1" 200 85940
190.156.146.3 - - [17/Nov/2014:11:36:22 -0500] "GET /forest/skins/gdocs-jar/js/number-functions.js?version=1411.041919 HTTP/1.1" 200 9577
190.156.146.3 - - [17/Nov/2014:11:36:22 -0500] "GET /forest/skins/gdocs-jar/js/swfobject.js?version=1411.041919 HTTP/1.1" 200 6887
190.156.146.3 - - [17/Nov/2014:11:36:22 -0500] "GET /forest/skins/gdocs-jar/img/actividad2.gif HTTP/1.1" 200 1189
190.156.146.3 - - [17/Nov/2014:11:36:23 -0500] "GET /forest/skins/gdocs-jar/img/bola.gif HTTP/1.1" 200 272
190.156.146.3 - - [17/Nov/2014:11:36:22 -0500] "GET /forest/skins/gdocs-jar/js/formsBase.js?version=1411.041919 HTTP/1.1" 200 100847
190.156.146.3 - - [17/Nov/2014:11:36:23 -0500] "GET /forest/skins/gdocs-jar/img/disk.png HTTP/1.1" 200 22070
190.156.146.3 - - [17/Nov/2014:11:36:23 -0500] "GET /forest/skins/gdocs-jar/img/control-double.png HTTP/1.1" 200 21754
190.156.146.3 - - [17/Nov/2014:11:36:23 -0500] "GET /forest/skins/gdocs-jar/img/spacer.gif HTTP/1.1" 200 43
190.156.146.3 - - [17/Nov/2014:11:36:23 -0500] "GET /forest/skins/gdocs-jar/img/close.gif HTTP/1.1" 200 571
190.156.146.3 - - [17/Nov/2014:11:36:22 -0500] "GET /forest/skins/gdocs-jar/js/graphicForm.js?version=1411.041919 HTTP/1.1" 200 16490
190.156.146.3 - - [17/Nov/2014:11:36:22 -0500] "GET /forest/js/jquery/jquery.atmosphere.js HTTP/1.1" 200 103614
190.156.146.3 - - [17/Nov/2014:11:36:23 -0500] "GET /forest/skins/gdocs-jar/img/prev.gif HTTP/1.1" 200 827
186.85.79.140 - - [17/Nov/2014:11:36:23 -0500] "POST /forest/usutareas.do? HTTP/1.1" 200 76
190.156.146.3 - - [17/Nov/2014:11:36:23 -0500] "GET /forest/skins/gdocs-jar/img/icons/xlsx.gif HTTP/1.1" 200 1039
190.234.47.190 - - [17/Nov/2014:11:36:23 -0500] "GET /BLA/boletinlegal/js/jquery.js HTTP/1.1" 200 57254
190.234.47.190 - - [17/Nov/2014:11:36:23 -0500] "GET /BLA/boletinlegal/js/jquery.scrollTo-min.js HTTP/1.1" 200 1150
190.234.47.190 - - [17/Nov/2014:11:36:23 -0500] "GET /BLA/boletinlegal/js/jquery.scrollShow.js HTTP/1.1" 200 4586
190.156.146.3 - - [17/Nov/2014:11:36:23 -0500] "GET /forest/session.jsp?a=0.8756512706167996 HTTP/1.1" 200 4
190.156.146.3 - - [17/Nov/2014:11:36:23 -0500] "GET /forest/skins/gdocs-jar/img/green.gif HTTP/1.1" 200 134
190.156.146.3 - - [17/Nov/2014:11:36:23 -0500] "GET /forest/skins/gdocs-jar/img/bgPanel.jpg HTTP/1.1" 200 430
190.156.146.3 - - [17/Nov/2014:11:36:23 -0500] "GET /forest/actions/forms.getMappedValues?id=id_EnlaceConcejo39&value=1415977406333&codForm=DPC_RadicarConsolidador1&a=0.6577316669281572 HTTP/1.1" 200 47
186.85.79.140 - - [17/Nov/2014:11:36:24 -0500] "GET /forest/usutareas.do?group_system_actual=3&a=0.6152951535768807 HTTP/1.1" 200 19517
186.85.79.140 - - [17/Nov/2014:11:36:24 -0500] "GET /forest/session.jsp?a=0.24590389733202755 HTTP/1.1" 200 4
186.85.79.140 - - [17/Nov/2014:11:36:25 -0500] "GET /forest/misactividades.do?_a=0.4792982707731426&group_system_actual=3 HTTP/1.1" 200 36801
186.85.79.140 - - [17/Nov/2014:11:36:26 -0500] "GET /forest/session.jsp?a=0.21386088873259723 HTTP/1.1" 200 4
188.165.15.117 - - [17/Nov/2014:11:36:26 -0500] "GET /BLA/resoluciones/index.php?dir=Notificaciones/REGISTROS%202013/&sort=date&order=desc HTTP/1.1" 200 2052
186.85.79.140 - - [17/Nov/2014:11:36:26 -0500] "POST /forest/misactividades.do?ajax=true&a=0.48449610313400626 HTTP/1.1" 200 3285
190.156.146.3 - - [17/Nov/2014:11:36:26 -0500] "GET /forest/borrador/1515747/Provisional%20Asadero%20Puente%20Aranda.docx HTTP/1.1" 200 171502
186.85.79.140 - - [17/Nov/2014:11:36:28 -0500] "GET /forest/usutareas.do?_a=0.17060760082677007&group_system_actual=3 HTTP/1.1" 200 99261
186.85.79.140 - - [17/Nov/2014:11:36:29 -0500] "GET /forest/session.jsp?a=0.3813320668414235 HTTP/1.1" 200 4
186.85.79.140 - - [17/Nov/2014:11:36:29 -0500] "GET /forest/actions/forms.getList?codForm=primerasactividades&id=tipo_solicitud591 HTTP/1.1" 200 79
186.29.229.173 - - [17/Nov/2014:11:36:31 -0500] "GET /forest/skins/gdocs-jar/popup/popup.jsp?width=1100&height=500&title=Buscar%20procesos&uri=/forest/buscar.do%3Ftype%3Dprocesos&name=undefined&_a=0.8585326891369698&a=0.4273804037710641 HTTP/1.1" 200 1296
186.29.229.173 - - [17/Nov/2014:11:36:31 -0500] "GET /forest/css/escritorio.css?version=1411.041919 HTTP/1.1" 304 -
186.29.229.173 - - [17/Nov/2014:11:36:31 -0500] "GET /forest/css/autocomplete.css?version=1411.041919 HTTP/1.1" 304 -
186.29.229.173 - - [17/Nov/2014:11:36:31 -0500] "GET /forest/skins/gdocs-jar/css/tree.css?version=1411.041919 HTTP/1.1" 304 -
186.29.229.173 - - [17/Nov/2014:11:36:31 -0500] "GET /forest/js/load_func.js?version=1411.041919 HTTP/1.1" 304 -
186.29.229.173 - - [17/Nov/2014:11:36:31 -0500] "GET /forest/js/dialog.js?version=1411.041919 HTTP/1.1" 304 -
186.29.229.173 - - [17/Nov/2014:11:36:31 -0500] "GET /forest/js/sarissa.js?version=1411.041919 HTTP/1.1" 304 -
186.29.229.173 - - [17/Nov/2014:11:36:32 -0500] "GET /forest/js/escritorio/escritorio.js?version=1411.041919 HTTP/1.1" 304 -
186.29.229.173 - - [17/Nov/2014:11:36:32 -0500] "GET /forest/js/internJS.js?version=1411.041919 HTTP/1.1" 304 -
186.29.229.173 - - [17/Nov/2014:11:36:32 -0500] "GET /forest/js/autocompletar2.js?version=1411.041919 HTTP/1.1" 304 -
186.29.229.173 - - [17/Nov/2014:11:36:32 -0500] "GET /forest/1ibre/protoaculous.js?version=1411.041919 HTTP/1.1" 304 -
186.29.229.173 - - [17/Nov/2014:11:36:32 -0500] "GET /forest/1ibre/jscalendar/calendar.js?version=1411.041919 HTTP/1.1" 304 -
186.29.229.173 - - [17/Nov/2014:11:36:32 -0500] "GET /forest/1ibre/jscalendar/lang/calendar-es.js?version=1411.041919 HTTP/1.1" 304 -
186.29.229.173 - - [17/Nov/2014:11:36:32 -0500] "GET /forest/1ibre/jscalendar/calendar-setup.js?version=1411.041919 HTTP/1.1" 304 -
186.29.229.173 - - [17/Nov/2014:11:36:32 -0500] "GET /forest/1ibre/1ibre.js?version=1411.041919 HTTP/1.1" 304 -
186.29.229.173 - - [17/Nov/2014:11:36:32 -0500] "GET /forest/js/xml_utilities.js?version=1411.041919 HTTP/1.1" 304 -
186.43.78.254 - - [17/Nov/2014:11:36:32 -0500] "GET /BLA/resoluciones/RESOLUCIONES%202007/RES%202007%201901%20AL%202000/RESOLUCION%201943%20DE%202007.pdf HTTP/1.1" 200 641861
186.29.229.173 - - [17/Nov/2014:11:36:31 -0500] "GET /forest/buscar.do?type=procesos HTTP/1.1" 200 97264
186.43.78.254 - - [17/Nov/2014:11:36:32 -0500] "GET /BLA/resoluciones/RESOLUCIONES%202007/RES%202007%201901%20AL%202000/RESOLUCION%201943%20DE%202007.pdf HTTP/1.1" 206 32768
186.43.78.254 - - [17/Nov/2014:11:36:33 -0500] "GET /BLA/resoluciones/RESOLUCIONES%202007/RES%202007%201901%20AL%202000/RESOLUCION%201943%20DE%202007.pdf HTTP/1.1" 206 609093
186.29.229.173 - - [17/Nov/2014:11:36:33 -0500] "GET /forest/json.do?query=usersByDep&coddep=20 HTTP/1.1" 200 3228
186.29.229.173 - - [17/Nov/2014:11:36:33 -0500] "GET /forest/json.do?query=usersByDep&coddep=20 HTTP/1.1" 200 3228
186.43.78.254 - - [17/Nov/2014:11:36:35 -0500] "GET /favicon.ico HTTP/1.1" 200 7782
190.26.186.10 - - [17/Nov/2014:11:36:36 -0500] "POST /forms/lservlet;jsessionid=ac16012b30d5a40d3e6c061f4866b9c4fe677414d8c7.e3iSbxaKaheRe34Sa3yKbhiTahb0n6jAmljGr5XDqQLvpAe HTTP/1.1" 200 134
186.85.79.140 - - [17/Nov/2014:11:36:37 -0500] "GET /forest/actions/forms.getList?codForm=primerasactividades&id=funcionariodest27&text=RAFAEL%20PRIETO%20RAMIREZ HTTP/1.1" 200 58
186.29.229.173 - - [17/Nov/2014:11:36:38 -0500] "POST /forest/buscar.do? HTTP/1.1" 200 5327
186.85.79.140 - - [17/Nov/2014:11:36:38 -0500] "POST /forest/usutareas.do? HTTP/1.1" 200 76
186.85.79.140 - - [17/Nov/2014:11:36:40 -0500] "GET /forest/usutareas.do?group_system_actual=3&a=0.9627448155079037 HTTP/1.1" 200 19519
186.85.79.140 - - [17/Nov/2014:11:36:40 -0500] "GET /forest/session.jsp?a=0.8749528513289988 HTTP/1.1" 200 4
186.85.79.140 - - [17/Nov/2014:11:36:41 -0500] "GET /forest/misactividades.do?_a=0.8246349461842328&group_system_actual=3 HTTP/1.1" 200 36801
186.85.79.140 - - [17/Nov/2014:11:36:41 -0500] "GET /forest/session.jsp?a=0.7883915288839489 HTTP/1.1" 200 4
186.29.229.173 - - [17/Nov/2014:11:36:42 -0500] "GET /forest/skins/gdocs-jar/css/forest.css?version=1411.041919 HTTP/1.1" 304 -
186.29.229.173 - - [17/Nov/2014:11:36:42 -0500] "GET /forest/skins/gdocs-jar/css/menu.css?version=1411.041919 HTTP/1.1" 304 -
186.29.229.173 - - [17/Nov/2014:11:36:42 -0500] "GET /forest/skins/gdocs-jar/css/autocomplete.css?version=1411.041919 HTTP/1.1" 304 -
186.29.229.173 - - [17/Nov/2014:11:36:42 -0500] "GET /forest/css/escritorio.css?version=1411.041919 HTTP/1.1" 304 -
186.29.229.173 - - [17/Nov/2014:11:36:42 -0500] "GET /forest/css/index.css?version=1411.041919 HTTP/1.1" 304 -
186.29.229.173 - - [17/Nov/2014:11:36:41 -0500] "GET /forest/usutareas.do?group_system_actual=3&codAct=1476&numPro=2311364&codPro=134&fecTra=2014-10-20%2010:10:46.543&codInst=2312625&codTraEsc=16719494 HTTP/1.1" 200 105520
186.29.229.173 - - [17/Nov/2014:11:36:42 -0500] "GET /forest/1ibre/jscalendar/calendar-win2k-1.css?version=1411.041919 HTTP/1.1" 304 -
186.29.229.173 - - [17/Nov/2014:11:36:42 -0500] "GET /forest/skins/gdocs-jar/css/dialog.css?version=1411.041919 HTTP/1.1" 304 -
186.29.229.173 - - [17/Nov/2014:11:36:42 -0500] "GET /forest/skins/gdocs-jar/css/forms.css?version=1411.041919 HTTP/1.1" 304 -
186.85.79.140 - - [17/Nov/2014:11:36:42 -0500] "POST /forest/misactividades.do?ajax=true&a=0.8509343175683171 HTTP/1.1" 200 2747
186.29.229.173 - - [17/Nov/2014:11:36:42 -0500] "GET /forest/img/forestIcon.gif?version=1411.041919 HTTP/1.1" 304 -
186.29.229.173 - - [17/Nov/2014:11:36:42 -0500] "GET /forest/skins/gdocs-jar/js/tareas.js?version=1411.041919 HTTP/1.1" 304 -
186.29.229.173 - - [17/Nov/2014:11:36:42 -0500] "GET /forest/skins/gdocs-jar/js/autocompletar2.js?version=1411.041919 HTTP/1.1" 304 -
186.29.229.173 - - [17/Nov/2014:11:36:42 -0500] "GET /forest/skins/gdocs-jar/js/xml_utilities.js?version=1411.041919 HTTP/1.1" 304 -
186.29.229.173 - - [17/Nov/2014:11:36:42 -0500] "GET /forest/skins/gdocs-jar/js/grid.js?version=1411.041919 HTTP/1.1" 304 -
186.29.229.173 - - [17/Nov/2014:11:36:42 -0500] "GET /forest/skins/gdocs-jar/js/number-functions.js?version=1411.041919 HTTP/1.1" 304 -
186.29.229.173 - - [17/Nov/2014:11:36:42 -0500] "GET /forest/skins/gdocs-jar/js/formsBase.js?version=1411.041919 HTTP/1.1" 304 -
186.29.229.173 - - [17/Nov/2014:11:36:42 -0500] "GET /forest/skins/gdocs-jar/js/swfobject.js?version=1411.041919 HTTP/1.1" 304 -
186.29.229.173 - - [17/Nov/2014:11:36:42 -0500] "GET /forest/skins/gdocs-jar/js/graphicForm.js?version=1411.041919 HTTP/1.1" 304 -
190.26.186.10 - - [17/Nov/2014:11:36:43 -0500] "GET /forms/frmservlet?config=sia HTTP/1.1" 200 4028
186.29.229.173 - - [17/Nov/2014:11:36:43 -0500] "GET /forest/session.jsp?a=0.4984774140671109 HTTP/1.1" 200 4
186.29.229.173 - - [17/Nov/2014:11:36:43 -0500] "GET /forest/actions/forms.getMappedValues?id=id_Numeracion1&value=1328833069425&codForm=ElaborarDocumento&a=0.9944096630643122 HTTP/1.1" 200 124
190.26.186.10 - - [17/Nov/2014:11:36:43 -0500] "GET /forms/java/oracle/forms/registry/Registry.dat HTTP/1.1" 200 4213
190.26.186.10 - - [17/Nov/2014:11:36:44 -0500] "GET /forms/java/oracle/forms/registry/default.dat HTTP/1.1" 404 350
186.85.79.140 - - [17/Nov/2014:11:36:43 -0500] "GET /forest/usutareas.do?_a=0.9906839143950492&group_system_actual=3 HTTP/1.1" 200 99453
190.26.186.10 - - [17/Nov/2014:11:36:44 -0500] "GET /forms/frmservlet?config=sia&acceptLanguage=es-ES&ifcmd=startsession HTTP/1.1" 200 119
190.26.186.10 - - [17/Nov/2014:11:36:44 -0500] "GET /forms/lservlet;jsessionid=ac16012b30d5cc0fabacecd14d548cfe952d4f8dbb64.e3iSbxaKaheRe34Sa3yKbhiTahb0n6jAmljGr5XDqQLvpAe?ifcmd=getinfo&ifhost=Chirley&ifip=192.168.0.8 HTTP/1.1" 200 8
186.85.79.140 - - [17/Nov/2014:11:36:44 -0500] "GET /forest/session.jsp?a=0.6650486725848168 HTTP/1.1" 200 4
190.26.186.10 - - [17/Nov/2014:11:36:44 -0500] "POST /forms/lservlet;jsessionid=ac16012b30d5cc0fabacecd14d548cfe952d4f8dbb64.e3iSbxaKaheRe34Sa3yKbhiTahb0n6jAmljGr5XDqQLvpAe HTTP/1.1" 200 8
186.85.79.140 - - [17/Nov/2014:11:36:44 -0500] "GET /forest/actions/forms.getList?codForm=primerasactividades&id=tipo_solicitud591 HTTP/1.1" 200 79
190.26.186.10 - - [17/Nov/2014:11:36:44 -0500] "POST /forms/lservlet;jsessionid=ac16012b30d5cc0fabacecd14d548cfe952d4f8dbb64.e3iSbxaKaheRe34Sa3yKbhiTahb0n6jAmljGr5XDqQLvpAe HTTP/1.1" 200 64000
190.26.186.10 - - [17/Nov/2014:11:36:46 -0500] "HEAD /imagenes/dama_logo.gif HTTP/1.1" 200 -
190.26.186.10 - - [17/Nov/2014:11:36:45 -0500] "POST /forms/lservlet;jsessionid=ac16012b30d5cc0fabacecd14d548cfe952d4f8dbb64.e3iSbxaKaheRe34Sa3yKbhiTahb0n6jAmljGr5XDqQLvpAe HTTP/1.1" 200 64000
190.26.186.10 - - [17/Nov/2014:11:36:47 -0500] "POST /forms/lservlet;jsessionid=ac16012b30d5cc0fabacecd14d548cfe952d4f8dbb64.e3iSbxaKaheRe34Sa3yKbhiTahb0n6jAmljGr5XDqQLvpAe HTTP/1.1" 200 63623
190.26.186.10 - - [17/Nov/2014:11:36:48 -0500] "POST /forms/lservlet;jsessionid=ac16012b30d5cc0fabacecd14d548cfe952d4f8dbb64.e3iSbxaKaheRe34Sa3yKbhiTahb0n6jAmljGr5XDqQLvpAe HTTP/1.1" 200 2
186.29.229.173 - - [17/Nov/2014:11:36:48 -0500] "GET /forest/documentos/1397969/2011IE146397.pdf HTTP/1.1" 200 339501
186.85.79.140 - - [17/Nov/2014:11:36:51 -0500] "GET /forest/actions/forms.getList?codForm=primerasactividades&id=funcionariodest27&text=RAFAEL%20PRIETO%20RAMIREZ HTTP/1.1" 200 58
186.85.79.140 - - [17/Nov/2014:11:36:53 -0500] "POST /forest/usutareas.do? HTTP/1.1" 200 76
186.85.79.140 - - [17/Nov/2014:11:36:54 -0500] "GET /forest/usutareas.do?group_system_actual=3&a=0.4166644609067589 HTTP/1.1" 200 19519
186.85.79.140 - - [17/Nov/2014:11:36:55 -0500] "GET /forest/session.jsp?a=0.3778694693464786 HTTP/1.1" 200 4
190.26.186.10 - - [17/Nov/2014:11:36:56 -0500] "POST /forms/lservlet;jsessionid=ac16012b30d5cc0fabacecd14d548cfe952d4f8dbb64.e3iSbxaKaheRe34Sa3yKbhiTahb0n6jAmljGr5XDqQLvpAe HTTP/1.1" 200 7990
190.26.186.10 - - [17/Nov/2014:11:36:56 -0500] "POST /forms/lservlet;jsessionid=ac16012b30d5cc0fabacecd14d548cfe952d4f8dbb64.e3iSbxaKaheRe34Sa3yKbhiTahb0n6jAmljGr5XDqQLvpAe HTTP/1.1" 200 64
190.26.186.10 - - [17/Nov/2014:11:36:56 -0500] "POST /forms/lservlet;jsessionid=ac16012b30d5cc0fabacecd14d548cfe952d4f8dbb64.e3iSbxaKaheRe34Sa3yKbhiTahb0n6jAmljGr5XDqQLvpAe HTTP/1.1" 200 2
186.85.79.140 - - [17/Nov/2014:11:36:57 -0500] "GET /forest/misactividades.do?_a=0.9608548155520111&group_system_actual=3 HTTP/1.1" 200 36801
190.26.186.10 - - [17/Nov/2014:11:36:57 -0500] "POST /forms/lservlet;jsessionid=ac16012b30d5cc0fabacecd14d548cfe952d4f8dbb64.e3iSbxaKaheRe34Sa3yKbhiTahb0n6jAmljGr5XDqQLvpAe HTTP/1.1" 200 2
190.26.186.10 - - [17/Nov/2014:11:36:57 -0500] "POST /forms/lservlet;jsessionid=ac16012b30d5cc0fabacecd14d548cfe952d4f8dbb64.e3iSbxaKaheRe34Sa3yKbhiTahb0n6jAmljGr5XDqQLvpAe HTTP/1.1" 200 2
186.85.79.140 - - [17/Nov/2014:11:36:57 -0500] "GET /forest/session.jsp?a=0.5655746669508517 HTTP/1.1" 200 4
186.85.79.140 - - [17/Nov/2014:11:36:57 -0500] "POST /forest/misactividades.do?ajax=true&a=0.11755745694972575 HTTP/1.1" 200 2209
186.85.79.140 - - [17/Nov/2014:11:37:00 -0500] "GET /forest/skins/gdocs-jar/popup/popup.jsp?width=850&height=380&title=Informaci%F3n%20del%20radicado&uri=/forest/system/document.jsp%3FcodDoc%3D1917335&name=undefined&_a=0.3050857065245509&a=0.8368844464421272 HTTP/1.1" 200 1315
186.85.79.140 - - [17/Nov/2014:11:37:00 -0500] "GET /forest/system/document.jsp?codDoc=1917335 HTTP/1.1" 200 19038
186.85.79.140 - - [17/Nov/2014:11:37:00 -0500] "GET /forest/css/escritorio.css HTTP/1.1" 200 15878
186.85.79.140 - - [17/Nov/2014:11:37:01 -0500] "GET /forest/css/dialog.css HTTP/1.1" 200 1100
186.85.79.140 - - [17/Nov/2014:11:37:01 -0500] "GET /forest/css/index.css HTTP/1.1" 200 1900
186.85.79.140 - - [17/Nov/2014:11:37:01 -0500] "GET /forest/skins/gdocs-jar/img/eye.gif HTTP/1.1" 200 396
186.85.79.140 - - [17/Nov/2014:11:37:00 -0500] "GET /forest/system/document.jsp?codDoc=1917335 HTTP/1.1" 200 19038
186.85.79.140 - - [17/Nov/2014:11:37:01 -0500] "GET /forest/1ibre/1ibre.js HTTP/1.1" 200 197648
186.85.79.140 - - [17/Nov/2014:11:37:01 -0500] "GET /forest/1ibre/protoaculous.js HTTP/1.1" 200 151386
190.26.186.10 - - [17/Nov/2014:11:37:02 -0500] "POST /forms/lservlet;jsessionid=ac16012b30d5cc0fabacecd14d548cfe952d4f8dbb64.e3iSbxaKaheRe34Sa3yKbhiTahb0n6jAmljGr5XDqQLvpAe HTTP/1.1" 200 34711
190.26.186.10 - - [17/Nov/2014:11:37:02 -0500] "GET /imagenes/listval.gif HTTP/1.1" 200 905
190.26.186.10 - - [17/Nov/2014:11:37:02 -0500] "GET /imagenes/tree1.gif HTTP/1.1" 200 1161
190.26.186.10 - - [17/Nov/2014:11:37:03 -0500] "GET /imagenes/listval.gif HTTP/1.1" 200 905
186.85.79.140 - - [17/Nov/2014:11:37:04 -0500] "GET /forest/usutareas.do?_a=0.45807278831489384&group_system_actual=3 HTTP/1.1" 200 99453
186.85.79.140 - - [17/Nov/2014:11:37:05 -0500] "GET /forest/session.jsp?a=0.23455275408923626 HTTP/1.1" 200 4
186.85.79.140 - - [17/Nov/2014:11:37:05 -0500] "GET /forest/actions/forms.getList?codForm=primerasactividades&id=tipo_solicitud591 HTTP/1.1" 200 79
190.26.186.10 - - [17/Nov/2014:11:37:06 -0500] "GET /imagenes/CAMERA3.gif HTTP/1.1" 200 4150
190.26.186.10 - - [17/Nov/2014:11:37:06 -0500] "GET /imagenes/SLIDE1.gif HTTP/1.1" 200 1111
190.26.186.10 - - [17/Nov/2014:11:37:06 -0500] "GET /imagenes/flexcomb.gif HTTP/1.1" 200 1169
190.26.186.10 - - [17/Nov/2014:11:37:06 -0500] "GET /imagenes/GO.gif HTTP/1.1" 200 904
190.26.186.10 - - [17/Nov/2014:11:37:06 -0500] "GET /imagenes/HRTOOLS.gif HTTP/1.1" 200 2238
190.26.186.10 - - [17/Nov/2014:11:37:07 -0500] "GET /imagenes/rt_rec1.gif HTTP/1.1" 200 867
190.26.186.10 - - [17/Nov/2014:11:37:07 -0500] "GET /imagenes/apply.gif HTTP/1.1" 200 903
190.26.186.10 - - [17/Nov/2014:11:37:07 -0500] "GET /imagenes/exit.gif HTTP/1.1" 200 916
190.26.186.10 - - [17/Nov/2014:11:37:08 -0500] "GET /imagenes/LISTVAL.gif HTTP/1.1" 200 905
190.26.186.10 - - [17/Nov/2014:11:37:08 -0500] "GET /imagenes/edit.gif HTTP/1.1" 200 919
190.26.186.10 - - [17/Nov/2014:11:37:08 -0500] "GET /imagenes/rt_rec4.gif HTTP/1.1" 200 865
190.26.186.10 - - [17/Nov/2014:11:37:08 -0500] "GET /imagenes/rt_rec3.gif HTTP/1.1" 200 844
190.26.186.10 - - [17/Nov/2014:11:37:09 -0500] "GET /imagenes/rt_rec2.gif HTTP/1.1" 200 847
190.26.186.10 - - [17/Nov/2014:11:37:09 -0500] "GET /imagenes/rt_rdel.gif HTTP/1.1" 200 899
190.26.186.10 - - [17/Nov/2014:11:37:09 -0500] "GET /imagenes/rt_radd.gif HTTP/1.1" 200 907
190.26.186.10 - - [17/Nov/2014:11:37:09 -0500] "GET /imagenes/rt_quer3.gif HTTP/1.1" 200 939
190.26.186.10 - - [17/Nov/2014:11:37:09 -0500] "GET /imagenes/rt_quer2.gif HTTP/1.1" 200 936
190.26.186.10 - - [17/Nov/2014:11:37:09 -0500] "GET /imagenes/rt_quer1.gif HTTP/1.1" 200 930
190.26.186.10 - - [17/Nov/2014:11:37:10 -0500] "GET /imagenes/rt_save.gif HTTP/1.1" 200 903
190.26.186.10 - - [17/Nov/2014:11:37:10 -0500] "GET /imagenes/rt_pset.gif HTTP/1.1" 200 914
190.26.186.10 - - [17/Nov/2014:11:37:10 -0500] "GET /imagenes/QUEJA.gif HTTP/1.1" 200 1091
190.26.186.10 - - [17/Nov/2014:11:37:10 -0500] "GET /imagenes/ARBOL.gif HTTP/1.1" 200 1026
190.26.186.10 - - [17/Nov/2014:11:37:11 -0500] "GET /imagenes/Clipboard.gif HTTP/1.1" 200 1466
186.85.79.140 - - [17/Nov/2014:11:37:11 -0500] "GET /forest/actions/forms.getList?codForm=primerasactividades&id=funcionariodest27&text=RAFAEL%20PRIETO%20RAMIREZ HTTP/1.1" 200 58
190.26.186.10 - - [17/Nov/2014:11:37:12 -0500] "GET /imagenes/DINERO.gif HTTP/1.1" 200 1766
190.26.186.10 - - [17/Nov/2014:11:37:12 -0500] "GET /imagenes/URGENTE.gif HTTP/1.1" 200 964
190.26.186.10 - - [17/Nov/2014:11:37:12 -0500] "GET /imagenes/TREE4.gif HTTP/1.1" 200 4150
188.165.15.207 - - [17/Nov/2014:11:37:12 -0500] "GET /BLA/resoluciones/RESOLUCIONES%202005/RES%202005%202151-2200/00002186.tif HTTP/1.1" 200 283756
190.26.186.10 - - [17/Nov/2014:11:37:12 -0500] "POST /forms/lservlet;jsessionid=ac16012b30d5cc0fabacecd14d548cfe952d4f8dbb64.e3iSbxaKaheRe34Sa3yKbhiTahb0n6jAmljGr5XDqQLvpAe HTTP/1.1" 200 7
190.26.186.10 - - [17/Nov/2014:11:37:12 -0500] "POST /forms/lservlet;jsessionid=ac16012b30d5cc0fabacecd14d548cfe952d4f8dbb64.e3iSbxaKaheRe34Sa3yKbhiTahb0n6jAmljGr5XDqQLvpAe HTTP/1.1" 200 34
190.26.186.10 - - [17/Nov/2014:11:37:13 -0500] "POST /forms/lservlet;jsessionid=ac16012b30d5cc0fabacecd14d548cfe952d4f8dbb64.e3iSbxaKaheRe34Sa3yKbhiTahb0n6jAmljGr5XDqQLvpAe HTTP/1.1" 200 2
186.85.79.140 - - [17/Nov/2014:11:37:13 -0500] "POST /forest/usutareas.do? HTTP/1.1" 200 76
186.85.79.140 - - [17/Nov/2014:11:37:14 -0500] "GET /forest/usutareas.do?group_system_actual=3&a=0.9509079738054425 HTTP/1.1" 200 19519
186.85.79.140 - - [17/Nov/2014:11:37:15 -0500] "GET /forest/session.jsp?a=0.19322329852730036 HTTP/1.1" 200 4
190.26.186.10 - - [17/Nov/2014:11:37:15 -0500] "POST /forms/lservlet;jsessionid=ac16012b30d5cc0fabacecd14d548cfe952d4f8dbb64.e3iSbxaKaheRe34Sa3yKbhiTahb0n6jAmljGr5XDqQLvpAe HTTP/1.1" 200 2
190.26.186.10 - - [17/Nov/2014:11:37:16 -0500] "POST /forms/lservlet;jsessionid=ac16012b30d5cc0fabacecd14d548cfe952d4f8dbb64.e3iSbxaKaheRe34Sa3yKbhiTahb0n6jAmljGr5XDqQLvpAe HTTP/1.1" 200 699
186.85.79.140 - - [17/Nov/2014:11:37:16 -0500] "GET /forest/misactividades.do?_a=0.00617887987755239&group_system_actual=3 HTTP/1.1" 200 36801
190.26.186.10 - - [17/Nov/2014:11:37:16 -0500] "GET /imagenes/Srch_frw.gif HTTP/1.1" 200 925
190.26.186.10 - - [17/Nov/2014:11:37:16 -0500] "POST /forms/lservlet;jsessionid=ac16012b30d5cc0fabacecd14d548cfe952d4f8dbb64.e3iSbxaKaheRe34Sa3yKbhiTahb0n6jAmljGr5XDqQLvpAe HTTP/1.1" 200 10
186.85.79.140 - - [17/Nov/2014:11:37:16 -0500] "GET /forest/session.jsp?a=0.32438399409875274 HTTP/1.1" 200 4
186.85.79.140 - - [17/Nov/2014:11:37:16 -0500] "POST /forest/misactividades.do?ajax=true&a=0.4818018393125385 HTTP/1.1" 200 1671
190.26.186.10 - - [17/Nov/2014:11:37:17 -0500] "POST /forms/lservlet;jsessionid=ac16012b30d5cc0fabacecd14d548cfe952d4f8dbb64.e3iSbxaKaheRe34Sa3yKbhiTahb0n6jAmljGr5XDqQLvpAe HTTP/1.1" 200 2
186.85.79.140 - - [17/Nov/2014:11:37:18 -0500] "GET /forest/usutareas.do?_a=0.9352395916357636&group_system_actual=3 HTTP/1.1" 200 99549
190.26.186.10 - - [17/Nov/2014:11:37:19 -0500] "POST /forms/lservlet;jsessionid=ac16012b30d5cc0fabacecd14d548cfe952d4f8dbb64.e3iSbxaKaheRe34Sa3yKbhiTahb0n6jAmljGr5XDqQLvpAe HTTP/1.1" 200 52
186.85.79.140 - - [17/Nov/2014:11:37:19 -0500] "GET /forest/session.jsp?a=0.7472817488014698 HTTP/1.1" 200 4
186.85.79.140 - - [17/Nov/2014:11:37:19 -0500] "GET /forest/actions/forms.getList?codForm=primerasactividades&id=tipo_solicitud591 HTTP/1.1" 200 79
190.26.186.10 - - [17/Nov/2014:11:37:21 -0500] "POST /forms/lservlet;jsessionid=ac16012b30d5cc0fabacecd14d548cfe952d4f8dbb64.e3iSbxaKaheRe34Sa3yKbhiTahb0n6jAmljGr5XDqQLvpAe HTTP/1.1" 200 2
190.26.186.10 - - [17/Nov/2014:11:37:21 -0500] "POST /forms/lservlet;jsessionid=ac16012b30d5cc0fabacecd14d548cfe952d4f8dbb64.e3iSbxaKaheRe34Sa3yKbhiTahb0n6jAmljGr5XDqQLvpAe HTTP/1.1" 200 239
190.26.186.10 - - [17/Nov/2014:11:37:22 -0500] "POST /forms/lservlet;jsessionid=ac16012b30d5cc0fabacecd14d548cfe952d4f8dbb64.e3iSbxaKaheRe34Sa3yKbhiTahb0n6jAmljGr5XDqQLvpAe HTTP/1.1" 200 44
190.26.186.10 - - [17/Nov/2014:11:37:22 -0500] "POST /forms/lservlet;jsessionid=ac16012b30d5cc0fabacecd14d548cfe952d4f8dbb64.e3iSbxaKaheRe34Sa3yKbhiTahb0n6jAmljGr5XDqQLvpAe HTTP/1.1" 200 15
190.26.186.10 - - [17/Nov/2014:11:37:24 -0500] "POST /forms/lservlet;jsessionid=ac16012b30d5cc0fabacecd14d548cfe952d4f8dbb64.e3iSbxaKaheRe34Sa3yKbhiTahb0n6jAmljGr5XDqQLvpAe HTTP/1.1" 200 2
190.26.186.10 - - [17/Nov/2014:11:37:25 -0500] "POST /forms/lservlet;jsessionid=ac16012b30d5cc0fabacecd14d548cfe952d4f8dbb64.e3iSbxaKaheRe34Sa3yKbhiTahb0n6jAmljGr5XDqQLvpAe HTTP/1.1" 200 70
190.26.186.10 - - [17/Nov/2014:11:37:25 -0500] "POST /forms/lservlet;jsessionid=ac16012b30d5cc0fabacecd14d548cfe952d4f8dbb64.e3iSbxaKaheRe34Sa3yKbhiTahb0n6jAmljGr5XDqQLvpAe HTTP/1.1" 200 31
190.26.186.10 - - [17/Nov/2014:11:37:26 -0500] "POST /forms/lservlet;jsessionid=ac16012b30d5cc0fabacecd14d548cfe952d4f8dbb64.e3iSbxaKaheRe34Sa3yKbhiTahb0n6jAmljGr5XDqQLvpAe HTTP/1.1" 200 2
190.26.186.10 - - [17/Nov/2014:11:37:26 -0500] "POST /forms/lservlet;jsessionid=ac16012b30d5cc0fabacecd14d548cfe952d4f8dbb64.e3iSbxaKaheRe34Sa3yKbhiTahb0n6jAmljGr5XDqQLvpAe HTTP/1.1" 200 72
66.249.64.171 - - [17/Nov/2014:11:37:26 -0500] "GET /BLA/resoluciones/RESOLUCIONES%202009/2600.pdf HTTP/1.1" 200 319115
186.85.79.140 - - [17/Nov/2014:11:37:26 -0500] "GET /forest/actions/forms.getList?codForm=primerasactividades&id=funcionariodest27&text=RAFAEL%20PRIETO%20RAMIREZ HTTP/1.1" 200 58
186.85.79.140 - - [17/Nov/2014:11:37:28 -0500] "POST /forest/usutareas.do? HTTP/1.1" 200 76
186.85.79.140 - - [17/Nov/2014:11:37:30 -0500] "GET /forest/usutareas.do?group_system_actual=3&a=0.03720475663430989 HTTP/1.1" 200 19519
186.85.79.140 - - [17/Nov/2014:11:37:30 -0500] "GET /forest/session.jsp?a=0.6159672199282795 HTTP/1.1" 200 4
190.26.186.10 - - [17/Nov/2014:11:37:30 -0500] "POST /forms/lservlet;jsessionid=ac16012b30d5cc0fabacecd14d548cfe952d4f8dbb64.e3iSbxaKaheRe34Sa3yKbhiTahb0n6jAmljGr5XDqQLvpAe HTTP/1.1" 200 76
186.29.229.173 - - [17/Nov/2014:11:31:34 -0500] "GET /ForestMSG_SDA/channelAsync/template_word_16906755?X-Atmosphere-tracking-id=5673c2bb-1969-e822-2477-f085143805b7&X-Atmosphere-Framework=1.0.5&X-Atmosphere-Transport=long-polling&tabid=0.45129680997411714&X-Cache-Date=0&Content-Type=application/xml&_=1416242087787 HTTP/1.1" 200 8193
190.26.186.10 - - [17/Nov/2014:11:37:49 -0500] "POST /forms/lservlet;jsessionid=ac16012b30d5cc0fabacecd14d548cfe952d4f8dbb64.e3iSbxaKaheRe34Sa3yKbhiTahb0n6jAmljGr5XDqQLvpAe HTTP/1.1" 200 24
190.26.186.10 - - [17/Nov/2014:11:37:49 -0500] "POST /forms/lservlet;jsessionid=ac16012b30d5cc0fabacecd14d548cfe952d4f8dbb64.e3iSbxaKaheRe34Sa3yKbhiTahb0n6jAmljGr5XDqQLvpAe HTTP/1.1" 200 4211
190.156.146.3 - - [17/Nov/2014:11:37:50 -0500] "GET /forest/skins/gdocs-jar/popup/escritorio/radicar.jsp?form=DPC_RadicarConsolidador1&codTpl=&codBorr=512443&a=0.9463132787495852 HTTP/1.1" 200 26700
190.156.146.3 - - [17/Nov/2014:11:37:50 -0500] "GET /forest/img/lapiz.gif HTTP/1.1" 200 914
190.156.146.3 - - [17/Nov/2014:11:37:50 -0500] "GET /forest/img/historial.gif HTTP/1.1" 200 1341
190.156.146.3 - - [17/Nov/2014:11:37:50 -0500] "GET /forest/json.do?query=plantillasByTarea&codTare=2338&codInst=2976622&firma=1&a=0.250966670922935 HTTP/1.1" 200 259
190.156.146.3 - - [17/Nov/2014:11:37:50 -0500] "GET /forest/img/adduser.gif HTTP/1.1" 200 1249
181.131.19.65 - - [17/Nov/2014:11:37:50 -0500] "GET /BLA/boletinlegal/js/jquery.scrollShow.js HTTP/1.1" 200 4586
181.131.19.65 - - [17/Nov/2014:11:37:50 -0500] "GET /galeria/carrusel/Carrusel/jquery.thumbnailScroller.css HTTP/1.1" 200 2066
181.131.19.65 - - [17/Nov/2014:11:37:50 -0500] "GET /galeria/carrusel/Carrusel/jquery-ui-1.8.13.custom.min.js HTTP/1.1" 200 10800
181.131.19.65 - - [17/Nov/2014:11:37:50 -0500] "GET /galeria/carrusel/Carrusel/jquery.thumbnailScroller.js HTTP/1.1" 200 8157
181.131.19.65 - - [17/Nov/2014:11:37:50 -0500] "GET /BLA/boletinlegal/js/jquery.js HTTP/1.1" 200 57254
181.131.19.65 - - [17/Nov/2014:11:37:50 -0500] "GET /BLA/boletinlegal/js/jquery.scrollTo-min.js HTTP/1.1" 200 1150
190.26.186.10 - - [17/Nov/2014:11:37:50 -0500] "POST /forms/lservlet;jsessionid=ac16012b30d5cc0fabacecd14d548cfe952d4f8dbb64.e3iSbxaKaheRe34Sa3yKbhiTahb0n6jAmljGr5XDqQLvpAe HTTP/1.1" 200 20
190.156.146.3 - - [17/Nov/2014:11:37:50 -0500] "GET /forest/json.do?query=borradoresByTplsRadicar&codInst=2976622&codTare=2338&firma=1&a=0.0022460422478616238 HTTP/1.1" 200 214
190.156.146.3 - - [17/Nov/2014:11:37:50 -0500] "GET /forest/json.do?query=terceroById&numTer=ATM006643&a=0.8165404389146715 HTTP/1.1" 200 633
190.156.146.3 - - [17/Nov/2014:11:37:50 -0500] "GET /forest/json.do?query=ultimoBorradorByTpl&codTpl=2021&codInst=2976622&a=0.4919609436765313 HTTP/1.1" 200 20
190.156.146.3 - - [17/Nov/2014:11:37:50 -0500] "GET /forest/json.do?query=ultimoBorradorByTpl&codTpl=726&codInst=2976622&a=0.787501533748582 HTTP/1.1" 200 2
190.156.146.3 - - [17/Nov/2014:11:37:50 -0500] "GET /forest/json.do?query=datosBorradorByCodTraBorr&codTraBorr=1515747&a=0.9573738498147577 HTTP/1.1" 200 180
190.156.146.3 - - [17/Nov/2014:11:37:50 -0500] "GET /forest/json.do?query=adjuntosByBorrador&codTraBorr=1515747&a=0.18572018295526505 HTTP/1.1" 200 2
190.156.146.3 - - [17/Nov/2014:11:37:50 -0500] "GET /forest/json.do?query=datosBorradorByCodTraBorr&codTraBorr=1515747&a=0.8320592634845525 HTTP/1.1" 200 180
186.85.79.140 - - [17/Nov/2014:11:37:53 -0500] "GET /forest/misactividades.do?_a=0.7877367313485593&group_system_actual=3 HTTP/1.1" 200 36801
190.26.186.10 - - [17/Nov/2014:11:37:53 -0500] "POST /forms/lservlet;jsessionid=ac16012b30d5cc0fabacecd14d548cfe952d4f8dbb64.e3iSbxaKaheRe34Sa3yKbhiTahb0n6jAmljGr5XDqQLvpAe HTTP/1.1" 200 2
181.131.19.65 - - [17/Nov/2014:11:37:53 -0500] "GET /galeria/nivo-slider/demo/demo.html HTTP/1.1" 200 3537
186.85.79.140 - - [17/Nov/2014:11:37:54 -0500] "GET /forest/session.jsp?a=0.6416055634617805 HTTP/1.1" 200 4
190.26.186.10 - - [17/Nov/2014:11:37:54 -0500] "POST /forms/lservlet;jsessionid=ac16012b30d5cc0fabacecd14d548cfe952d4f8dbb64.e3iSbxaKaheRe34Sa3yKbhiTahb0n6jAmljGr5XDqQLvpAe HTTP/1.1" 200 3173
186.85.79.140 - - [17/Nov/2014:11:37:54 -0500] "POST /forest/misactividades.do?ajax=true&a=0.36106082424521446 HTTP/1.1" 200 1123
190.156.146.3 - - [17/Nov/2014:11:37:54 -0500] "GET /forest/json.do?query=terceroById&numTer=ATM006643&a=0.03763249237090349 HTTP/1.1" 200 633
190.156.146.3 - - [17/Nov/2014:11:37:54 -0500] "GET /forest/json.do?query=medEnvsByClaDoc&claDoc=2&a=0.8116216831840575 HTTP/1.1" 200 74
190.26.186.10 - - [17/Nov/2014:11:37:54 -0500] "POST /forms/lservlet;jsessionid=ac16012b30d5cc0fabacecd14d548cfe952d4f8dbb64.e3iSbxaKaheRe34Sa3yKbhiTahb0n6jAmljGr5XDqQLvpAe HTTP/1.1" 200 2
181.131.19.65 - - [17/Nov/2014:11:37:55 -0500] "GET /galeria/nivo-slider/themes/pascal/pascal.css HTTP/1.1" 200 2258
181.131.19.65 - - [17/Nov/2014:11:37:55 -0500] "GET /galeria/nivo-slider/themes/orman/orman.css HTTP/1.1" 200 2152
181.131.19.65 - - [17/Nov/2014:11:37:55 -0500] "GET /galeria/nivo-slider/nivo-slider.css HTTP/1.1" 200 1507
181.131.19.65 - - [17/Nov/2014:11:37:55 -0500] "GET /galeria/nivo-slider/demo/style.css HTTP/1.1" 200 2222
181.131.19.65 - - [17/Nov/2014:11:37:55 -0500] "GET /galeria/nivo-slider/demo/images/ForoNacionalAmbiental.jpg HTTP/1.1" 200 202541
181.131.19.65 - - [17/Nov/2014:11:37:55 -0500] "GET /galeria/nivo-slider/themes/default/default.css HTTP/1.1" 200 1569
181.131.19.65 - - [17/Nov/2014:11:37:55 -0500] "GET /galeria/nivo-slider/jquery.nivo.slider.pack.js HTTP/1.1" 200 11561
181.131.19.65 - - [17/Nov/2014:11:37:55 -0500] "GET /galeria/nivo-slider/demo/scripts/jquery-1.7.1.min.js HTTP/1.1" 200 93868
181.131.19.65 - - [17/Nov/2014:11:37:55 -0500] "GET /galeria/nivo-slider/demo/images/Banner-comparendo.jpg HTTP/1.1" 200 388762
181.131.19.65 - - [17/Nov/2014:11:37:55 -0500] "GET /galeria/nivo-slider/demo/images/porloshumedales.jpg HTTP/1.1" 200 351238
181.131.19.65 - - [17/Nov/2014:11:37:55 -0500] "GET /galeria/nivo-slider/demo/images/Banner-Ecourbanismo.jpg HTTP/1.1" 200 189838
186.28.211.231 - - [17/Nov/2014:11:37:55 -0500] "GET /videos/galeria-fotografica/js/jquery-flickr-gallery/jquery-flickr.css HTTP/1.1" 200 711
186.28.211.231 - - [17/Nov/2014:11:37:55 -0500] "GET /videos/galeria-fotografica/js/jquery-flickr-gallery/jquery-flickr-gallery.js HTTP/1.1" 200 9050
181.131.19.65 - - [17/Nov/2014:11:37:55 -0500] "GET /galeria/nivo-slider/demo/images/banner-aceite3.jpg HTTP/1.1" 200 88347
181.131.19.65 - - [17/Nov/2014:11:37:56 -0500] "GET /galeria/nivo-slider/demo/images/4Simple_Slider.png HTTP/1.1" 200 11722
181.131.19.65 - - [17/Nov/2014:11:37:56 -0500] "GET /galeria/nivo-slider/demo/images/Tingua-azul.jpg HTTP/1.1" 200 307638
181.131.19.65 - - [17/Nov/2014:11:37:56 -0500] "GET /galeria/nivo-slider/themes/default/loading.gif HTTP/1.1" 200 1737
186.28.211.231 - - [17/Nov/2014:11:37:56 -0500] "GET /videos/galeria-fotografica/js/jquery-flickr-gallery/loader.gif HTTP/1.1" 200 2129
181.131.19.65 - - [17/Nov/2014:11:37:56 -0500] "GET /galeria/nivo-slider/demo/images/Banner-Caracol-Africano.jpg HTTP/1.1" 200 331986
181.131.19.65 - - [17/Nov/2014:11:37:57 -0500] "GET /galeria/nivo-slider/demo/images/9Signos.jpg HTTP/1.1" 200 93040
181.131.19.65 - - [17/Nov/2014:11:37:57 -0500] "GET /galeria/nivo-slider/demo/images/banner-redes.jpg HTTP/1.1" 200 62209
181.131.19.65 - - [17/Nov/2014:11:37:58 -0500] "GET /galeria/nivo-slider/demo/images/bannerEcolecta3.jpg HTTP/1.1" 200 280034
190.26.186.10 - - [17/Nov/2014:11:37:58 -0500] "POST /forms/lservlet;jsessionid=ac16012b30d5cc0fabacecd14d548cfe952d4f8dbb64.e3iSbxaKaheRe34Sa3yKbhiTahb0n6jAmljGr5XDqQLvpAe HTTP/1.1" 200 392
181.131.19.65 - - [17/Nov/2014:11:37:58 -0500] "GET /galeria/nivo-slider/demo/images/banner-caballos.png HTTP/1.1" 200 389106
181.131.19.65 - - [17/Nov/2014:11:37:58 -0500] "GET /galeria/nivo-slider/demo/images/Hacienda_Molinos.jpg HTTP/1.1" 200 319171
186.85.79.140 - - [17/Nov/2014:11:37:56 -0500] "GET /forest/usutareas.do?_a=0.5429408578202128&group_system_actual=3 HTTP/1.1" 200 99551
190.26.186.10 - - [17/Nov/2014:11:37:58 -0500] "POST /forms/lservlet;jsessionid=ac16012b30d5cc0fabacecd14d548cfe952d4f8dbb64.e3iSbxaKaheRe34Sa3yKbhiTahb0n6jAmljGr5XDqQLvpAe HTTP/1.1" 200 7
186.85.79.140 - - [17/Nov/2014:11:37:59 -0500] "GET /forest/session.jsp?a=0.5022280057892203 HTTP/1.1" 200 4
190.26.186.10 - - [17/Nov/2014:11:37:59 -0500] "POST /forms/lservlet;jsessionid=ac16012b30d5cc0fabacecd14d548cfe952d4f8dbb64.e3iSbxaKaheRe34Sa3yKbhiTahb0n6jAmljGr5XDqQLvpAe HTTP/1.1" 200 329
186.85.79.140 - - [17/Nov/2014:11:37:59 -0500] "GET /forest/actions/forms.getList?codForm=primerasactividades&id=tipo_solicitud591 HTTP/1.1" 200 79
181.131.19.65 - - [17/Nov/2014:11:37:59 -0500] "GET /videos/Spot_CambioClimatico.flv HTTP/1.1" 200 4371917
190.156.146.3 - - [17/Nov/2014:11:38:02 -0500] "GET /forest/json.do?query=tipoFirmaTipDoc&idtido=606&a=0.6512121690902859 HTTP/1.1" 200 21
181.131.19.65 - - [17/Nov/2014:11:38:03 -0500] "GET /galeria/nivo-slider/themes/default/arrows.png HTTP/1.1" 200 824
190.26.186.10 - - [17/Nov/2014:11:38:03 -0500] "POST /forms/lservlet;jsessionid=ac16012b30d5cc0fabacecd14d548cfe952d4f8dbb64.e3iSbxaKaheRe34Sa3yKbhiTahb0n6jAmljGr5XDqQLvpAe HTTP/1.1" 200 266
181.131.19.65 - - [17/Nov/2014:11:38:03 -0500] "GET /galeria/nivo-slider/themes/default/bullets.png HTTP/1.1" 200 1281
190.26.186.10 - - [17/Nov/2014:11:38:03 -0500] "POST /forms/lservlet;jsessionid=ac16012b30d5cc0fabacecd14d548cfe952d4f8dbb64.e3iSbxaKaheRe34Sa3yKbhiTahb0n6jAmljGr5XDqQLvpAe HTTP/1.1" 200 11
190.26.186.10 - - [17/Nov/2014:11:38:07 -0500] "POST /forms/lservlet;jsessionid=ac16012b30d5cc0fabacecd14d548cfe952d4f8dbb64.e3iSbxaKaheRe34Sa3yKbhiTahb0n6jAmljGr5XDqQLvpAe HTTP/1.1" 200 155
190.26.186.10 - - [17/Nov/2014:11:38:08 -0500] "POST /forms/lservlet;jsessionid=ac16012b30d5cc0fabacecd14d548cfe952d4f8dbb64.e3iSbxaKaheRe34Sa3yKbhiTahb0n6jAmljGr5XDqQLvpAe HTTP/1.1" 200 176
190.156.146.3 - - [17/Nov/2014:11:38:11 -0500] "GET /forest/actions/manager.fechaSumaDias?fecha=2014-11-17&dias=15&habil=true&a=0.5918515753000975 HTTP/1.1" 200 12
190.26.186.10 - - [17/Nov/2014:11:38:11 -0500] "POST /forms/lservlet;jsessionid=ac16012b30d5cc0fabacecd14d548cfe952d4f8dbb64.e3iSbxaKaheRe34Sa3yKbhiTahb0n6jAmljGr5XDqQLvpAe HTTP/1.1" 200 98
190.26.186.10 - - [17/Nov/2014:11:38:12 -0500] "POST /forms/lservlet;jsessionid=ac16012b30d5cc0fabacecd14d548cfe952d4f8dbb64.e3iSbxaKaheRe34Sa3yKbhiTahb0n6jAmljGr5XDqQLvpAe HTTP/1.1" 200 2
190.26.186.10 - - [17/Nov/2014:11:38:13 -0500] "POST /forms/lservlet;jsessionid=ac16012b30d5cc0fabacecd14d548cfe952d4f8dbb64.e3iSbxaKaheRe34Sa3yKbhiTahb0n6jAmljGr5XDqQLvpAe HTTP/1.1" 200 2807
190.26.186.10 - - [17/Nov/2014:11:38:13 -0500] "POST /forms/lservlet;jsessionid=ac16012b30d5cc0fabacecd14d548cfe952d4f8dbb64.e3iSbxaKaheRe34Sa3yKbhiTahb0n6jAmljGr5XDqQLvpAe HTTP/1.1" 200 2
186.29.229.173 - - [17/Nov/2014:11:38:12 -0500] "GET /forest/documentos/1397969/2011IE146397.pdf HTTP/1.1" 200 339501
190.26.186.10 - - [17/Nov/2014:11:38:15 -0500] "POST /forms/lservlet;jsessionid=ac16012b30d5cc0fabacecd14d548cfe952d4f8dbb64.e3iSbxaKaheRe34Sa3yKbhiTahb0n6jAmljGr5XDqQLvpAe HTTP/1.1" 200 2
190.26.186.10 - - [17/Nov/2014:11:38:15 -0500] "POST /forms/lservlet;jsessionid=ac16012b30d5cc0fabacecd14d548cfe952d4f8dbb64.e3iSbxaKaheRe34Sa3yKbhiTahb0n6jAmljGr5XDqQLvpAe HTTP/1.1" 200 36
190.26.186.10 - - [17/Nov/2014:11:38:15 -0500] "POST /forms/lservlet;jsessionid=ac16012b30d5cc0fabacecd14d548cfe952d4f8dbb64.e3iSbxaKaheRe34Sa3yKbhiTahb0n6jAmljGr5XDqQLvpAe HTTP/1.1" 200 2
190.156.146.3 - - [17/Nov/2014:11:38:15 -0500] "POST /forest/usutareas.do?group_system_actual=3 HTTP/1.1" 200 267
190.156.146.3 - - [17/Nov/2014:11:38:17 -0500] "GET /forest/usutareas.do?group_system_actual=3&a=0.9223385974764824 HTTP/1.1" 200 107943
190.156.146.3 - - [17/Nov/2014:11:36:23 -0500] "GET /ForestMSG_SDA/channelAsync/template_word_16901071?X-Atmosphere-tracking-id=416e4ed6-4b54-eccf-386f-6d167f12423c&X-Atmosphere-Framework=1.0.5&X-Atmosphere-Transport=long-polling&tabid=0.030224191956222057&X-Cache-Date=0&Content-Type=application/xml&_=1416242416714 HTTP/1.1" 200 8193
190.156.146.3 - - [17/Nov/2014:11:38:17 -0500] "GET /forest/session.jsp?a=0.30721115600317717 HTTP/1.1" 200 4
190.156.146.3 - - [17/Nov/2014:11:38:17 -0500] "GET /forest/actions/forms.getMappedValues?id=id_EnlaceConcejo39&value=1415977406333&codForm=DPC_RadicarConsolidador1&a=0.7656847110483795 HTTP/1.1" 200 47
190.26.186.10 - - [17/Nov/2014:11:38:16 -0500] "POST /forms/lservlet;jsessionid=ac16012b30d5cc0fabacecd14d548cfe952d4f8dbb64.e3iSbxaKaheRe34Sa3yKbhiTahb0n6jAmljGr5XDqQLvpAe HTTP/1.1" 200 2
190.26.186.10 - - [17/Nov/2014:11:38:18 -0500] "POST /forms/lservlet;jsessionid=ac16012b30d5cc0fabacecd14d548cfe952d4f8dbb64.e3iSbxaKaheRe34Sa3yKbhiTahb0n6jAmljGr5XDqQLvpAe HTTP/1.1" 200 2928
190.26.186.10 - - [17/Nov/2014:11:38:18 -0500] "POST /forms/lservlet;jsessionid=ac16012b30d5cc0fabacecd14d548cfe952d4f8dbb64.e3iSbxaKaheRe34Sa3yKbhiTahb0n6jAmljGr5XDqQLvpAe HTTP/1.1" 200 2
190.26.186.10 - - [17/Nov/2014:11:38:19 -0500] "POST /forms/lservlet;jsessionid=ac16012b30d5cc0fabacecd14d548cfe952d4f8dbb64.e3iSbxaKaheRe34Sa3yKbhiTahb0n6jAmljGr5XDqQLvpAe HTTP/1.1" 200 2
186.85.79.140 - - [17/Nov/2014:11:38:19 -0500] "GET /forest/actions/forms.getList?codForm=primerasactividades&id=funcionariodest27&text=RAFAEL%20PRIETO%20RAMIREZ HTTP/1.1" 200 58
190.26.186.10 - - [17/Nov/2014:11:38:19 -0500] "POST /forms/lservlet;jsessionid=ac16012b30d5cc0fabacecd14d548cfe952d4f8dbb64.e3iSbxaKaheRe34Sa3yKbhiTahb0n6jAmljGr5XDqQLvpAe HTTP/1.1" 200 2525
190.26.186.10 - - [17/Nov/2014:11:38:19 -0500] "POST /forms/lservlet;jsessionid=ac16012b30d5cc0fabacecd14d548cfe952d4f8dbb64.e3iSbxaKaheRe34Sa3yKbhiTahb0n6jAmljGr5XDqQLvpAe HTTP/1.1" 200 10
188.165.15.61 - - [17/Nov/2014:11:38:20 -0500] "GET /BLA/resoluciones/RESOLUCIONES%202006/RES%202006%201051-1100/00001053.tif HTTP/1.1" 200 230316
190.26.186.10 - - [17/Nov/2014:11:38:20 -0500] "POST /forms/lservlet;jsessionid=ac16012b30d5cc0fabacecd14d548cfe952d4f8dbb64.e3iSbxaKaheRe34Sa3yKbhiTahb0n6jAmljGr5XDqQLvpAe HTTP/1.1" 200 2
190.26.186.10 - - [17/Nov/2014:11:38:22 -0500] "POST /forms/lservlet;jsessionid=ac16012b30d5cc0fabacecd14d548cfe952d4f8dbb64.e3iSbxaKaheRe34Sa3yKbhiTahb0n6jAmljGr5XDqQLvpAe HTTP/1.1" 200 72
190.26.186.10 - - [17/Nov/2014:11:38:24 -0500] "POST /forms/lservlet;jsessionid=ac16012b30d5cc0fabacecd14d548cfe952d4f8dbb64.e3iSbxaKaheRe34Sa3yKbhiTahb0n6jAmljGr5XDqQLvpAe HTTP/1.1" 200 2
190.26.186.10 - - [17/Nov/2014:11:38:24 -0500] "POST /forms/lservlet;jsessionid=ac16012b30d5cc0fabacecd14d548cfe952d4f8dbb64.e3iSbxaKaheRe34Sa3yKbhiTahb0n6jAmljGr5XDqQLvpAe HTTP/1.1" 200 239
190.26.186.10 - - [17/Nov/2014:11:38:24 -0500] "POST /forms/lservlet;jsessionid=ac16012b30d5cc0fabacecd14d548cfe952d4f8dbb64.e3iSbxaKaheRe34Sa3yKbhiTahb0n6jAmljGr5XDqQLvpAe HTTP/1.1" 200 44
186.85.79.140 - - [17/Nov/2014:11:38:25 -0500] "POST /forest/usutareas.do? HTTP/1.1" 200 76
190.26.186.10 - - [17/Nov/2014:11:38:25 -0500] "POST /forms/lservlet;jsessionid=ac16012b30d5cc0fabacecd14d548cfe952d4f8dbb64.e3iSbxaKaheRe34Sa3yKbhiTahb0n6jAmljGr5XDqQLvpAe HTTP/1.1" 200 17
190.26.186.10 - - [17/Nov/2014:11:38:26 -0500] "POST /forms/lservlet;jsessionid=ac16012b30d5cc0fabacecd14d548cfe952d4f8dbb64.e3iSbxaKaheRe34Sa3yKbhiTahb0n6jAmljGr5XDqQLvpAe HTTP/1.1" 200 2
190.26.186.10 - - [17/Nov/2014:11:38:26 -0500] "POST /forms/lservlet;jsessionid=ac16012b30d5cc0fabacecd14d548cfe952d4f8dbb64.e3iSbxaKaheRe34Sa3yKbhiTahb0n6jAmljGr5XDqQLvpAe HTTP/1.1" 200 70
190.26.186.10 - - [17/Nov/2014:11:38:27 -0500] "POST /forms/lservlet;jsessionid=ac16012b30d5cc0fabacecd14d548cfe952d4f8dbb64.e3iSbxaKaheRe34Sa3yKbhiTahb0n6jAmljGr5XDqQLvpAe HTTP/1.1" 200 31
190.26.186.10 - - [17/Nov/2014:11:38:28 -0500] "POST /forms/lservlet;jsessionid=ac16012b30d5cc0fabacecd14d548cfe952d4f8dbb64.e3iSbxaKaheRe34Sa3yKbhiTahb0n6jAmljGr5XDqQLvpAe HTTP/1.1" 200 2
190.26.186.10 - - [17/Nov/2014:11:38:28 -0500] "POST /forms/lservlet;jsessionid=ac16012b30d5cc0fabacecd14d548cfe952d4f8dbb64.e3iSbxaKaheRe34Sa3yKbhiTahb0n6jAmljGr5XDqQLvpAe HTTP/1.1" 200 72
190.26.186.10 - - [17/Nov/2014:11:38:33 -0500] "POST /forms/lservlet;jsessionid=ac16012b30d5cc0fabacecd14d548cfe952d4f8dbb64.e3iSbxaKaheRe34Sa3yKbhiTahb0n6jAmljGr5XDqQLvpAe HTTP/1.1" 200 76
157.55.39.236 - - [17/Nov/2014:11:38:36 -0500] "GET /BLA/resoluciones/ HTTP/1.1" 200 6952
186.85.79.140 - - [17/Nov/2014:11:38:37 -0500] "GET /forest/usutareas.do?group_system_actual=3&a=0.28710096958093345 HTTP/1.1" 200 19518
186.85.79.140 - - [17/Nov/2014:11:38:38 -0500] "GET /forest/session.jsp?a=0.6714427247643471 HTTP/1.1" 200 4
187.178.9.213 - - [17/Nov/2014:11:38:38 -0500] "GET /BLA/boletinlegal/js/jquery.scrollShow.js HTTP/1.1" 200 4586
187.178.9.213 - - [17/Nov/2014:11:38:38 -0500] "GET /BLA/boletinlegal/js/jquery.scrollTo-min.js HTTP/1.1" 200 1150
187.178.9.213 - - [17/Nov/2014:11:38:39 -0500] "GET /BLA/boletinlegal/js/jquery.js HTTP/1.1" 200 57254
190.26.186.10 - - [17/Nov/2014:11:38:41 -0500] "POST /forms/lservlet;jsessionid=ac16012b30d5cc0fabacecd14d548cfe952d4f8dbb64.e3iSbxaKaheRe34Sa3yKbhiTahb0n6jAmljGr5XDqQLvpAe HTTP/1.1" 200 24
190.26.186.10 - - [17/Nov/2014:11:38:42 -0500] "POST /forms/lservlet;jsessionid=ac16012b30d5cc0fabacecd14d548cfe952d4f8dbb64.e3iSbxaKaheRe34Sa3yKbhiTahb0n6jAmljGr5XDqQLvpAe HTTP/1.1" 200 4136
190.26.186.10 - - [17/Nov/2014:11:38:42 -0500] "POST /forms/lservlet;jsessionid=ac16012b30d5cc0fabacecd14d548cfe952d4f8dbb64.e3iSbxaKaheRe34Sa3yKbhiTahb0n6jAmljGr5XDqQLvpAe HTTP/1.1" 200 20
190.26.186.10 - - [17/Nov/2014:11:38:44 -0500] "POST /forms/lservlet;jsessionid=ac16012b30d5cc0fabacecd14d548cfe952d4f8dbb64.e3iSbxaKaheRe34Sa3yKbhiTahb0n6jAmljGr5XDqQLvpAe HTTP/1.1" 200 2
190.26.186.10 - - [17/Nov/2014:11:38:45 -0500] "POST /forms/lservlet;jsessionid=ac16012b30d5cc0fabacecd14d548cfe952d4f8dbb64.e3iSbxaKaheRe34Sa3yKbhiTahb0n6jAmljGr5XDqQLvpAe HTTP/1.1" 200 2
190.26.186.10 - - [17/Nov/2014:11:38:45 -0500] "POST /forms/lservlet;jsessionid=ac16012b30d5cc0fabacecd14d548cfe952d4f8dbb64.e3iSbxaKaheRe34Sa3yKbhiTahb0n6jAmljGr5XDqQLvpAe HTTP/1.1" 200 3059
190.26.186.10 - - [17/Nov/2014:11:38:46 -0500] "POST /forms/lservlet;jsessionid=ac16012b30d5cc0fabacecd14d548cfe952d4f8dbb64.e3iSbxaKaheRe34Sa3yKbhiTahb0n6jAmljGr5XDqQLvpAe HTTP/1.1" 200 2
186.85.79.140 - - [17/Nov/2014:11:38:46 -0500] "GET /forest/skins/gdocs-jar/popup/popup.jsp?width=1100&height=500&title=Buscar%20documentos&uri=/forest/buscar.do%3Ftype%3Ddocumentos&name=undefined&_a=0.3524291303474456&a=0.9029192619491369 HTTP/1.1" 200 1300
186.85.79.140 - - [17/Nov/2014:11:38:46 -0500] "GET /forest/buscar.do?type=documentos HTTP/1.1" 200 97270
186.85.79.140 - - [17/Nov/2014:11:38:46 -0500] "GET /forest/css/autocomplete.css?version=1411.041919 HTTP/1.1" 200 1662
186.85.79.140 - - [17/Nov/2014:11:38:46 -0500] "GET /forest/skins/gdocs-jar/css/tree.css?version=1411.041919 HTTP/1.1" 200 223
186.85.79.140 - - [17/Nov/2014:11:38:46 -0500] "GET /forest/1ibre/jscalendar/calendar-win2k-1.css HTTP/1.1" 200 5986
186.85.79.140 - - [17/Nov/2014:11:38:46 -0500] "GET /forest/js/load_func.js?version=1411.041919 HTTP/1.1" 200 919
186.85.79.140 - - [17/Nov/2014:11:38:46 -0500] "GET /forest/js/dialog.js?version=1411.041919 HTTP/1.1" 200 4201
186.85.79.140 - - [17/Nov/2014:11:38:46 -0500] "GET /forest/js/escritorio/escritorio.js?version=1411.041919 HTTP/1.1" 200 8096
186.85.79.140 - - [17/Nov/2014:11:38:46 -0500] "GET /forest/js/internJS.js?version=1411.041919 HTTP/1.1" 200 3047
186.85.79.140 - - [17/Nov/2014:11:38:46 -0500] "GET /forest/js/sarissa.js?version=1411.041919 HTTP/1.1" 200 27327
186.85.79.140 - - [17/Nov/2014:11:38:46 -0500] "GET /forest/js/autocompletar2.js?version=1411.041919 HTTP/1.1" 200 24092
186.85.79.140 - - [17/Nov/2014:11:38:46 -0500] "GET /forest/1ibre/jscalendar/lang/calendar-es.js?version=1411.041919 HTTP/1.1" 200 3995
186.85.79.140 - - [17/Nov/2014:11:38:46 -0500] "GET /forest/1ibre/jscalendar/calendar-setup.js?version=1411.041919 HTTP/1.1" 200 8927
186.85.79.140 - - [17/Nov/2014:11:38:47 -0500] "GET /forest/skins/gdocs-jar/img/top-search-icon.gif HTTP/1.1" 200 607
186.85.79.140 - - [17/Nov/2014:11:38:47 -0500] "GET /forest/js/xml_utilities.js?version=1411.041919 HTTP/1.1" 200 11451
186.85.79.140 - - [17/Nov/2014:11:38:47 -0500] "GET /forest/skins/gdocs-jar/img/select.gif HTTP/1.1" 200 335
186.85.79.140 - - [17/Nov/2014:11:38:46 -0500] "GET /forest/buscar.do?type=documentos HTTP/1.1" 200 97270
186.85.79.140 - - [17/Nov/2014:11:38:47 -0500] "GET /forest/skins/gdocs-jar/img/user_search.gif HTTP/1.1" 200 1491
186.85.79.140 - - [17/Nov/2014:11:38:46 -0500] "GET /forest/1ibre/jscalendar/calendar.js?version=1411.041919 HTTP/1.1" 200 51363
186.85.79.140 - - [17/Nov/2014:11:38:46 -0500] "GET /forest/1ibre/protoaculous.js?version=1411.041919 HTTP/1.1" 200 151386
186.85.79.140 - - [17/Nov/2014:11:38:47 -0500] "GET /forest/1ibre/1ibre.js?version=1411.041919 HTTP/1.1" 200 197648
186.85.79.140 - - [17/Nov/2014:11:38:47 -0500] "GET /forest/json.do?query=usersByDep&coddep=2013 HTTP/1.1" 200 7470
186.85.79.140 - - [17/Nov/2014:11:38:47 -0500] "GET /forest/skins/gdocs-jar/img/dependencia-tree.gif HTTP/1.1" 200 1039
186.85.79.140 - - [17/Nov/2014:11:38:47 -0500] "GET /forest/1ibre/jscalendar/img.gif HTTP/1.1" 200 223
186.85.79.140 - - [17/Nov/2014:11:38:47 -0500] "GET /forest/1ibre/images/minus.gif HTTP/1.1" 200 80
186.85.79.140 - - [17/Nov/2014:11:38:47 -0500] "GET /forest/1ibre/images/spacer.gif HTTP/1.1" 200 43
186.85.79.140 - - [17/Nov/2014:11:38:48 -0500] "GET /forest/1ibre/images/plus.gif HTTP/1.1" 200 88
186.85.79.140 - - [17/Nov/2014:11:38:47 -0500] "GET /forest/json.do?query=usersByDep&coddep=2013 HTTP/1.1" 200 7470
190.26.186.10 - - [17/Nov/2014:11:38:49 -0500] "POST /forms/lservlet;jsessionid=ac16012b30d5cc0fabacecd14d548cfe952d4f8dbb64.e3iSbxaKaheRe34Sa3yKbhiTahb0n6jAmljGr5XDqQLvpAe HTTP/1.1" 200 2
190.26.186.10 - - [17/Nov/2014:11:38:50 -0500] "POST /forms/lservlet;jsessionid=ac16012b30d5cc0fabacecd14d548cfe952d4f8dbb64.e3iSbxaKaheRe34Sa3yKbhiTahb0n6jAmljGr5XDqQLvpAe HTTP/1.1" 200 2274
190.26.186.10 - - [17/Nov/2014:11:38:50 -0500] "POST /forms/lservlet;jsessionid=ac16012b30d5cc0fabacecd14d548cfe952d4f8dbb64.e3iSbxaKaheRe34Sa3yKbhiTahb0n6jAmljGr5XDqQLvpAe HTTP/1.1" 200 10
190.9.192.66 - - [17/Nov/2014:11:38:51 -0500] "GET /BLA/boletinlegal/js/jquery.js HTTP/1.1" 304 -
190.9.192.66 - - [17/Nov/2014:11:38:51 -0500] "GET /galeria/carrusel/Carrusel/jquery.thumbnailScroller.css HTTP/1.1" 304 -
190.9.192.66 - - [17/Nov/2014:11:38:51 -0500] "GET /BLA/boletinlegal/js/jquery.scrollTo-min.js HTTP/1.1" 304 -
190.9.192.66 - - [17/Nov/2014:11:38:51 -0500] "GET /BLA/boletinlegal/js/jquery.scrollShow.js HTTP/1.1" 304 -
190.26.186.10 - - [17/Nov/2014:11:38:51 -0500] "POST /forms/lservlet;jsessionid=ac16012b30d5cc0fabacecd14d548cfe952d4f8dbb64.e3iSbxaKaheRe34Sa3yKbhiTahb0n6jAmljGr5XDqQLvpAe HTTP/1.1" 200 2
