181.55.224.205 - - [17/Nov/2014:12:02:01 -0500] "POST /forms/lservlet;jsessionid=ac16012b30d5938407afe4244b68863dcfa47e51b501.e3iSbxaKaheRe34Sa3yKbhiTahb0n6jAmljGr5XDqQLvpAe HTTP/1.1" 200 2903
181.55.224.205 - - [17/Nov/2014:12:02:02 -0500] "POST /forms/lservlet;jsessionid=ac16012b30d5938407afe4244b68863dcfa47e51b501.e3iSbxaKaheRe34Sa3yKbhiTahb0n6jAmljGr5XDqQLvpAe HTTP/1.1" 200 2
181.55.224.205 - - [17/Nov/2014:12:02:03 -0500] "POST /forms/lservlet;jsessionid=ac16012b30d5938407afe4244b68863dcfa47e51b501.e3iSbxaKaheRe34Sa3yKbhiTahb0n6jAmljGr5XDqQLvpAe HTTP/1.1" 200 2
181.55.224.205 - - [17/Nov/2014:12:02:03 -0500] "POST /forms/lservlet;jsessionid=ac16012b30d5938407afe4244b68863dcfa47e51b501.e3iSbxaKaheRe34Sa3yKbhiTahb0n6jAmljGr5XDqQLvpAe HTTP/1.1" 200 2853
181.55.224.205 - - [17/Nov/2014:12:02:03 -0500] "POST /forms/lservlet;jsessionid=ac16012b30d5938407afe4244b68863dcfa47e51b501.e3iSbxaKaheRe34Sa3yKbhiTahb0n6jAmljGr5XDqQLvpAe HTTP/1.1" 200 2
181.55.224.205 - - [17/Nov/2014:12:02:04 -0500] "POST /forms/lservlet;jsessionid=ac16012b30d5938407afe4244b68863dcfa47e51b501.e3iSbxaKaheRe34Sa3yKbhiTahb0n6jAmljGr5XDqQLvpAe HTTP/1.1" 200 2
181.55.224.205 - - [17/Nov/2014:12:02:04 -0500] "POST /forms/lservlet;jsessionid=ac16012b30d5938407afe4244b68863dcfa47e51b501.e3iSbxaKaheRe34Sa3yKbhiTahb0n6jAmljGr5XDqQLvpAe HTTP/1.1" 200 2821
181.55.224.205 - - [17/Nov/2014:12:02:05 -0500] "POST /forms/lservlet;jsessionid=ac16012b30d5938407afe4244b68863dcfa47e51b501.e3iSbxaKaheRe34Sa3yKbhiTahb0n6jAmljGr5XDqQLvpAe HTTP/1.1" 200 2
186.29.229.173 - - [17/Nov/2014:12:02:05 -0500] "GET /BLA/boletinlegal/consulta_actos.php?tipo=resoluciones&no=0494&usuario=&sector=&fecha=2012&resuelve= HTTP/1.1" 200 623
181.55.224.205 - - [17/Nov/2014:12:02:05 -0500] "POST /forms/lservlet;jsessionid=ac16012b30d5938407afe4244b68863dcfa47e51b501.e3iSbxaKaheRe34Sa3yKbhiTahb0n6jAmljGr5XDqQLvpAe HTTP/1.1" 200 2
181.55.224.205 - - [17/Nov/2014:12:02:05 -0500] "POST /forms/lservlet;jsessionid=ac16012b30d5938407afe4244b68863dcfa47e51b501.e3iSbxaKaheRe34Sa3yKbhiTahb0n6jAmljGr5XDqQLvpAe HTTP/1.1" 200 2796
181.55.224.205 - - [17/Nov/2014:12:02:06 -0500] "POST /forms/lservlet;jsessionid=ac16012b30d5938407afe4244b68863dcfa47e51b501.e3iSbxaKaheRe34Sa3yKbhiTahb0n6jAmljGr5XDqQLvpAe HTTP/1.1" 200 2
181.55.224.205 - - [17/Nov/2014:12:02:06 -0500] "POST /forms/lservlet;jsessionid=ac16012b30d5938407afe4244b68863dcfa47e51b501.e3iSbxaKaheRe34Sa3yKbhiTahb0n6jAmljGr5XDqQLvpAe HTTP/1.1" 200 2
186.29.229.173 - - [17/Nov/2014:12:02:07 -0500] "GET /BLA/boletinlegal/consulta_actos.php?tipo=resoluciones&no=0494&usuario=&sector=&fecha=2012&resuelve= HTTP/1.1" 200 623
181.55.224.205 - - [17/Nov/2014:12:02:07 -0500] "POST /forms/lservlet;jsessionid=ac16012b30d5938407afe4244b68863dcfa47e51b501.e3iSbxaKaheRe34Sa3yKbhiTahb0n6jAmljGr5XDqQLvpAe HTTP/1.1" 200 2252
181.55.224.205 - - [17/Nov/2014:12:02:07 -0500] "POST /forms/lservlet;jsessionid=ac16012b30d5938407afe4244b68863dcfa47e51b501.e3iSbxaKaheRe34Sa3yKbhiTahb0n6jAmljGr5XDqQLvpAe HTTP/1.1" 200 2
181.55.224.205 - - [17/Nov/2014:12:02:07 -0500] "POST /forms/lservlet;jsessionid=ac16012b30d5938407afe4244b68863dcfa47e51b501.e3iSbxaKaheRe34Sa3yKbhiTahb0n6jAmljGr5XDqQLvpAe HTTP/1.1" 200 2
181.55.224.205 - - [17/Nov/2014:12:02:08 -0500] "POST /forms/lservlet;jsessionid=ac16012b30d5938407afe4244b68863dcfa47e51b501.e3iSbxaKaheRe34Sa3yKbhiTahb0n6jAmljGr5XDqQLvpAe HTTP/1.1" 200 2354
181.55.224.205 - - [17/Nov/2014:12:02:08 -0500] "POST /forms/lservlet;jsessionid=ac16012b30d5938407afe4244b68863dcfa47e51b501.e3iSbxaKaheRe34Sa3yKbhiTahb0n6jAmljGr5XDqQLvpAe HTTP/1.1" 200 2
181.55.224.205 - - [17/Nov/2014:12:02:09 -0500] "POST /forms/lservlet;jsessionid=ac16012b30d5938407afe4244b68863dcfa47e51b501.e3iSbxaKaheRe34Sa3yKbhiTahb0n6jAmljGr5XDqQLvpAe HTTP/1.1" 200 2
181.55.224.205 - - [17/Nov/2014:12:02:09 -0500] "POST /forms/lservlet;jsessionid=ac16012b30d5938407afe4244b68863dcfa47e51b501.e3iSbxaKaheRe34Sa3yKbhiTahb0n6jAmljGr5XDqQLvpAe HTTP/1.1" 200 2484
181.55.224.205 - - [17/Nov/2014:12:02:10 -0500] "POST /forms/lservlet;jsessionid=ac16012b30d5938407afe4244b68863dcfa47e51b501.e3iSbxaKaheRe34Sa3yKbhiTahb0n6jAmljGr5XDqQLvpAe HTTP/1.1" 200 2
181.55.224.205 - - [17/Nov/2014:12:02:10 -0500] "POST /forms/lservlet;jsessionid=ac16012b30d5938407afe4244b68863dcfa47e51b501.e3iSbxaKaheRe34Sa3yKbhiTahb0n6jAmljGr5XDqQLvpAe HTTP/1.1" 200 2
181.55.224.205 - - [17/Nov/2014:12:02:10 -0500] "POST /forms/lservlet;jsessionid=ac16012b30d5938407afe4244b68863dcfa47e51b501.e3iSbxaKaheRe34Sa3yKbhiTahb0n6jAmljGr5XDqQLvpAe HTTP/1.1" 200 2281
181.55.224.205 - - [17/Nov/2014:12:02:11 -0500] "POST /forms/lservlet;jsessionid=ac16012b30d5938407afe4244b68863dcfa47e51b501.e3iSbxaKaheRe34Sa3yKbhiTahb0n6jAmljGr5XDqQLvpAe HTTP/1.1" 200 2
181.55.224.205 - - [17/Nov/2014:12:02:12 -0500] "POST /forms/lservlet;jsessionid=ac16012b30d5938407afe4244b68863dcfa47e51b501.e3iSbxaKaheRe34Sa3yKbhiTahb0n6jAmljGr5XDqQLvpAe HTTP/1.1" 200 2
181.55.224.205 - - [17/Nov/2014:12:02:12 -0500] "POST /forms/lservlet;jsessionid=ac16012b30d5938407afe4244b68863dcfa47e51b501.e3iSbxaKaheRe34Sa3yKbhiTahb0n6jAmljGr5XDqQLvpAe HTTP/1.1" 200 3206
181.55.224.205 - - [17/Nov/2014:12:02:12 -0500] "POST /forms/lservlet;jsessionid=ac16012b30d5938407afe4244b68863dcfa47e51b501.e3iSbxaKaheRe34Sa3yKbhiTahb0n6jAmljGr5XDqQLvpAe HTTP/1.1" 200 2
181.55.224.205 - - [17/Nov/2014:12:02:14 -0500] "POST /forms/lservlet;jsessionid=ac16012b30d5938407afe4244b68863dcfa47e51b501.e3iSbxaKaheRe34Sa3yKbhiTahb0n6jAmljGr5XDqQLvpAe HTTP/1.1" 200 2
181.55.224.205 - - [17/Nov/2014:12:02:14 -0500] "POST /forms/lservlet;jsessionid=ac16012b30d5938407afe4244b68863dcfa47e51b501.e3iSbxaKaheRe34Sa3yKbhiTahb0n6jAmljGr5XDqQLvpAe HTTP/1.1" 200 2682
181.55.224.205 - - [17/Nov/2014:12:02:14 -0500] "POST /forms/lservlet;jsessionid=ac16012b30d5938407afe4244b68863dcfa47e51b501.e3iSbxaKaheRe34Sa3yKbhiTahb0n6jAmljGr5XDqQLvpAe HTTP/1.1" 200 2
201.245.192.253 - - [17/Nov/2014:12:02:18 -0500] "GET /BLA/boletinlegal/consulta_actos.php?tipo=resoluciones&no=3732&usuario=&sector=&fecha=2010&resuelve= HTTP/1.1" 200 1050
181.55.224.205 - - [17/Nov/2014:12:02:20 -0500] "POST /forms/lservlet;jsessionid=ac16012b30d5938407afe4244b68863dcfa47e51b501.e3iSbxaKaheRe34Sa3yKbhiTahb0n6jAmljGr5XDqQLvpAe HTTP/1.1" 200 2
181.55.224.205 - - [17/Nov/2014:12:02:20 -0500] "POST /forms/lservlet;jsessionid=ac16012b30d5938407afe4244b68863dcfa47e51b501.e3iSbxaKaheRe34Sa3yKbhiTahb0n6jAmljGr5XDqQLvpAe HTTP/1.1" 200 2640
181.55.224.205 - - [17/Nov/2014:12:02:21 -0500] "POST /forms/lservlet;jsessionid=ac16012b30d5938407afe4244b68863dcfa47e51b501.e3iSbxaKaheRe34Sa3yKbhiTahb0n6jAmljGr5XDqQLvpAe HTTP/1.1" 200 2
186.82.136.27 - - [17/Nov/2014:12:02:21 -0500] "GET /BLA/boletinlegal/js/jquery.js HTTP/1.1" 200 57254
186.82.136.27 - - [17/Nov/2014:12:02:21 -0500] "GET /BLA/boletinlegal/js/jquery.scrollTo-min.js HTTP/1.1" 200 1150
186.82.136.27 - - [17/Nov/2014:12:02:21 -0500] "GET /BLA/boletinlegal/js/jquery.scrollShow.js HTTP/1.1" 200 4586
181.55.224.205 - - [17/Nov/2014:12:02:22 -0500] "POST /forms/lservlet;jsessionid=ac16012b30d5938407afe4244b68863dcfa47e51b501.e3iSbxaKaheRe34Sa3yKbhiTahb0n6jAmljGr5XDqQLvpAe HTTP/1.1" 200 2
181.55.224.205 - - [17/Nov/2014:12:02:22 -0500] "POST /forms/lservlet;jsessionid=ac16012b30d5938407afe4244b68863dcfa47e51b501.e3iSbxaKaheRe34Sa3yKbhiTahb0n6jAmljGr5XDqQLvpAe HTTP/1.1" 200 3236
181.55.224.205 - - [17/Nov/2014:12:02:22 -0500] "POST /forms/lservlet;jsessionid=ac16012b30d5938407afe4244b68863dcfa47e51b501.e3iSbxaKaheRe34Sa3yKbhiTahb0n6jAmljGr5XDqQLvpAe HTTP/1.1" 200 2
181.55.224.205 - - [17/Nov/2014:12:02:23 -0500] "POST /forms/lservlet;jsessionid=ac16012b30d5938407afe4244b68863dcfa47e51b501.e3iSbxaKaheRe34Sa3yKbhiTahb0n6jAmljGr5XDqQLvpAe HTTP/1.1" 200 2
181.55.224.205 - - [17/Nov/2014:12:02:23 -0500] "POST /forms/lservlet;jsessionid=ac16012b30d5938407afe4244b68863dcfa47e51b501.e3iSbxaKaheRe34Sa3yKbhiTahb0n6jAmljGr5XDqQLvpAe HTTP/1.1" 200 2579
181.55.224.205 - - [17/Nov/2014:12:02:23 -0500] "POST /forms/lservlet;jsessionid=ac16012b30d5938407afe4244b68863dcfa47e51b501.e3iSbxaKaheRe34Sa3yKbhiTahb0n6jAmljGr5XDqQLvpAe HTTP/1.1" 200 2
181.55.224.205 - - [17/Nov/2014:12:02:24 -0500] "POST /forms/lservlet;jsessionid=ac16012b30d5938407afe4244b68863dcfa47e51b501.e3iSbxaKaheRe34Sa3yKbhiTahb0n6jAmljGr5XDqQLvpAe HTTP/1.1" 200 2
181.55.224.205 - - [17/Nov/2014:12:02:24 -0500] "POST /forms/lservlet;jsessionid=ac16012b30d5938407afe4244b68863dcfa47e51b501.e3iSbxaKaheRe34Sa3yKbhiTahb0n6jAmljGr5XDqQLvpAe HTTP/1.1" 200 2299
181.55.224.205 - - [17/Nov/2014:12:02:24 -0500] "POST /forms/lservlet;jsessionid=ac16012b30d5938407afe4244b68863dcfa47e51b501.e3iSbxaKaheRe34Sa3yKbhiTahb0n6jAmljGr5XDqQLvpAe HTTP/1.1" 200 2
181.55.224.205 - - [17/Nov/2014:12:02:25 -0500] "POST /forms/lservlet;jsessionid=ac16012b30d5938407afe4244b68863dcfa47e51b501.e3iSbxaKaheRe34Sa3yKbhiTahb0n6jAmljGr5XDqQLvpAe HTTP/1.1" 200 2
181.55.224.205 - - [17/Nov/2014:12:02:25 -0500] "POST /forms/lservlet;jsessionid=ac16012b30d5938407afe4244b68863dcfa47e51b501.e3iSbxaKaheRe34Sa3yKbhiTahb0n6jAmljGr5XDqQLvpAe HTTP/1.1" 200 3451
181.55.224.205 - - [17/Nov/2014:12:02:25 -0500] "POST /forms/lservlet;jsessionid=ac16012b30d5938407afe4244b68863dcfa47e51b501.e3iSbxaKaheRe34Sa3yKbhiTahb0n6jAmljGr5XDqQLvpAe HTTP/1.1" 200 2
190.252.229.76 - - [17/Nov/2014:12:02:26 -0500] "GET /BLA/boletinlegal/js/jquery.scrollShow.js HTTP/1.1" 200 4586
190.252.229.76 - - [17/Nov/2014:12:02:26 -0500] "GET /BLA/boletinlegal/js/jquery.scrollTo-min.js HTTP/1.1" 200 1150
190.252.229.76 - - [17/Nov/2014:12:02:26 -0500] "GET /BLA/boletinlegal/js/jquery.js HTTP/1.1" 200 57254
181.55.224.205 - - [17/Nov/2014:12:02:26 -0500] "POST /forms/lservlet;jsessionid=ac16012b30d5938407afe4244b68863dcfa47e51b501.e3iSbxaKaheRe34Sa3yKbhiTahb0n6jAmljGr5XDqQLvpAe HTTP/1.1" 200 2
181.55.224.205 - - [17/Nov/2014:12:02:26 -0500] "POST /forms/lservlet;jsessionid=ac16012b30d5938407afe4244b68863dcfa47e51b501.e3iSbxaKaheRe34Sa3yKbhiTahb0n6jAmljGr5XDqQLvpAe HTTP/1.1" 200 2957
181.55.224.205 - - [17/Nov/2014:12:02:27 -0500] "POST /forms/lservlet;jsessionid=ac16012b30d5938407afe4244b68863dcfa47e51b501.e3iSbxaKaheRe34Sa3yKbhiTahb0n6jAmljGr5XDqQLvpAe HTTP/1.1" 200 2
181.55.224.205 - - [17/Nov/2014:12:02:27 -0500] "POST /forms/lservlet;jsessionid=ac16012b30d5938407afe4244b68863dcfa47e51b501.e3iSbxaKaheRe34Sa3yKbhiTahb0n6jAmljGr5XDqQLvpAe HTTP/1.1" 200 2
181.55.224.205 - - [17/Nov/2014:12:02:27 -0500] "POST /forms/lservlet;jsessionid=ac16012b30d5938407afe4244b68863dcfa47e51b501.e3iSbxaKaheRe34Sa3yKbhiTahb0n6jAmljGr5XDqQLvpAe HTTP/1.1" 200 2180
181.55.224.205 - - [17/Nov/2014:12:02:28 -0500] "POST /forms/lservlet;jsessionid=ac16012b30d5938407afe4244b68863dcfa47e51b501.e3iSbxaKaheRe34Sa3yKbhiTahb0n6jAmljGr5XDqQLvpAe HTTP/1.1" 200 2
181.55.224.205 - - [17/Nov/2014:12:02:28 -0500] "POST /forms/lservlet;jsessionid=ac16012b30d5938407afe4244b68863dcfa47e51b501.e3iSbxaKaheRe34Sa3yKbhiTahb0n6jAmljGr5XDqQLvpAe HTTP/1.1" 200 2
186.29.229.173 - - [17/Nov/2014:12:02:28 -0500] "GET /forest/skins/gdocs-jar/popup/popup.jsp?width=1100&height=500&title=Buscar%20documentos&uri=/forest/buscar.do%3Ftype%3Ddocumentos&name=undefined&_a=0.17535702023057986&a=0.7557534791164482 HTTP/1.1" 200 1300
181.55.224.205 - - [17/Nov/2014:12:02:28 -0500] "POST /forms/lservlet;jsessionid=ac16012b30d5938407afe4244b68863dcfa47e51b501.e3iSbxaKaheRe34Sa3yKbhiTahb0n6jAmljGr5XDqQLvpAe HTTP/1.1" 200 2210
181.55.224.205 - - [17/Nov/2014:12:02:29 -0500] "POST /forms/lservlet;jsessionid=ac16012b30d5938407afe4244b68863dcfa47e51b501.e3iSbxaKaheRe34Sa3yKbhiTahb0n6jAmljGr5XDqQLvpAe HTTP/1.1" 200 2
186.29.229.173 - - [17/Nov/2014:12:02:29 -0500] "GET /forest/css/escritorio.css?version=1411.041919 HTTP/1.1" 304 -
186.29.229.173 - - [17/Nov/2014:12:02:29 -0500] "GET /forest/css/autocomplete.css?version=1411.041919 HTTP/1.1" 304 -
186.29.229.173 - - [17/Nov/2014:12:02:29 -0500] "GET /forest/skins/gdocs-jar/css/tree.css?version=1411.041919 HTTP/1.1" 304 -
186.29.229.173 - - [17/Nov/2014:12:02:29 -0500] "GET /forest/js/load_func.js?version=1411.041919 HTTP/1.1" 304 -
186.29.229.173 - - [17/Nov/2014:12:02:29 -0500] "GET /forest/js/dialog.js?version=1411.041919 HTTP/1.1" 304 -
186.29.229.173 - - [17/Nov/2014:12:02:29 -0500] "GET /forest/js/sarissa.js?version=1411.041919 HTTP/1.1" 304 -
186.29.229.173 - - [17/Nov/2014:12:02:29 -0500] "GET /forest/js/escritorio/escritorio.js?version=1411.041919 HTTP/1.1" 304 -
186.29.229.173 - - [17/Nov/2014:12:02:29 -0500] "GET /forest/js/internJS.js?version=1411.041919 HTTP/1.1" 304 -
186.29.229.173 - - [17/Nov/2014:12:02:29 -0500] "GET /forest/js/autocompletar2.js?version=1411.041919 HTTP/1.1" 304 -
186.29.229.173 - - [17/Nov/2014:12:02:29 -0500] "GET /forest/1ibre/protoaculous.js?version=1411.041919 HTTP/1.1" 304 -
186.29.229.173 - - [17/Nov/2014:12:02:29 -0500] "GET /forest/1ibre/jscalendar/calendar.js?version=1411.041919 HTTP/1.1" 304 -
186.29.229.173 - - [17/Nov/2014:12:02:29 -0500] "GET /forest/1ibre/jscalendar/lang/calendar-es.js?version=1411.041919 HTTP/1.1" 304 -
186.29.229.173 - - [17/Nov/2014:12:02:29 -0500] "GET /forest/1ibre/jscalendar/calendar-setup.js?version=1411.041919 HTTP/1.1" 304 -
186.29.229.173 - - [17/Nov/2014:12:02:29 -0500] "GET /forest/1ibre/1ibre.js?version=1411.041919 HTTP/1.1" 304 -
186.29.229.173 - - [17/Nov/2014:12:02:29 -0500] "GET /forest/js/xml_utilities.js?version=1411.041919 HTTP/1.1" 304 -
186.29.229.173 - - [17/Nov/2014:12:02:29 -0500] "GET /forest/buscar.do?type=documentos HTTP/1.1" 200 97266
186.29.229.173 - - [17/Nov/2014:12:02:30 -0500] "GET /forest/json.do?query=usersByDep&coddep=20 HTTP/1.1" 200 3228
161.18.86.34 - - [17/Nov/2014:12:02:30 -0500] "GET /BLA/boletinlegal/js/jquery.js HTTP/1.1" 200 57254
161.18.86.34 - - [17/Nov/2014:12:02:30 -0500] "GET /BLA/boletinlegal/js/jquery.scrollTo-min.js HTTP/1.1" 200 1150
161.18.86.34 - - [17/Nov/2014:12:02:30 -0500] "GET /BLA/boletinlegal/js/jquery.scrollShow.js HTTP/1.1" 200 4586
181.55.224.205 - - [17/Nov/2014:12:02:31 -0500] "POST /forms/lservlet;jsessionid=ac16012b30d5938407afe4244b68863dcfa47e51b501.e3iSbxaKaheRe34Sa3yKbhiTahb0n6jAmljGr5XDqQLvpAe HTTP/1.1" 200 2
186.29.229.173 - - [17/Nov/2014:12:02:31 -0500] "GET /forest/json.do?query=usersByDep&coddep=20 HTTP/1.1" 200 3228
181.55.224.205 - - [17/Nov/2014:12:02:31 -0500] "POST /forms/lservlet;jsessionid=ac16012b30d5938407afe4244b68863dcfa47e51b501.e3iSbxaKaheRe34Sa3yKbhiTahb0n6jAmljGr5XDqQLvpAe HTTP/1.1" 200 3806
181.55.224.205 - - [17/Nov/2014:12:02:31 -0500] "POST /forms/lservlet;jsessionid=ac16012b30d5938407afe4244b68863dcfa47e51b501.e3iSbxaKaheRe34Sa3yKbhiTahb0n6jAmljGr5XDqQLvpAe HTTP/1.1" 200 2
181.55.224.205 - - [17/Nov/2014:12:02:32 -0500] "POST /forms/lservlet;jsessionid=ac16012b30d5938407afe4244b68863dcfa47e51b501.e3iSbxaKaheRe34Sa3yKbhiTahb0n6jAmljGr5XDqQLvpAe HTTP/1.1" 200 2
181.55.224.205 - - [17/Nov/2014:12:02:32 -0500] "POST /forms/lservlet;jsessionid=ac16012b30d5938407afe4244b68863dcfa47e51b501.e3iSbxaKaheRe34Sa3yKbhiTahb0n6jAmljGr5XDqQLvpAe HTTP/1.1" 200 2454
181.55.224.205 - - [17/Nov/2014:12:02:33 -0500] "POST /forms/lservlet;jsessionid=ac16012b30d5938407afe4244b68863dcfa47e51b501.e3iSbxaKaheRe34Sa3yKbhiTahb0n6jAmljGr5XDqQLvpAe HTTP/1.1" 200 2
181.55.224.205 - - [17/Nov/2014:12:02:33 -0500] "POST /forms/lservlet;jsessionid=ac16012b30d5938407afe4244b68863dcfa47e51b501.e3iSbxaKaheRe34Sa3yKbhiTahb0n6jAmljGr5XDqQLvpAe HTTP/1.1" 200 2
181.55.224.205 - - [17/Nov/2014:12:02:33 -0500] "POST /forms/lservlet;jsessionid=ac16012b30d5938407afe4244b68863dcfa47e51b501.e3iSbxaKaheRe34Sa3yKbhiTahb0n6jAmljGr5XDqQLvpAe HTTP/1.1" 200 3422
181.55.224.205 - - [17/Nov/2014:12:02:34 -0500] "POST /forms/lservlet;jsessionid=ac16012b30d5938407afe4244b68863dcfa47e51b501.e3iSbxaKaheRe34Sa3yKbhiTahb0n6jAmljGr5XDqQLvpAe HTTP/1.1" 200 2
181.55.224.205 - - [17/Nov/2014:12:02:34 -0500] "POST /forms/lservlet;jsessionid=ac16012b30d5938407afe4244b68863dcfa47e51b501.e3iSbxaKaheRe34Sa3yKbhiTahb0n6jAmljGr5XDqQLvpAe HTTP/1.1" 200 2
181.55.224.205 - - [17/Nov/2014:12:02:34 -0500] "POST /forms/lservlet;jsessionid=ac16012b30d5938407afe4244b68863dcfa47e51b501.e3iSbxaKaheRe34Sa3yKbhiTahb0n6jAmljGr5XDqQLvpAe HTTP/1.1" 200 2209
181.55.224.205 - - [17/Nov/2014:12:02:35 -0500] "POST /forms/lservlet;jsessionid=ac16012b30d5938407afe4244b68863dcfa47e51b501.e3iSbxaKaheRe34Sa3yKbhiTahb0n6jAmljGr5XDqQLvpAe HTTP/1.1" 200 2
181.55.224.205 - - [17/Nov/2014:12:02:35 -0500] "POST /forms/lservlet;jsessionid=ac16012b30d5938407afe4244b68863dcfa47e51b501.e3iSbxaKaheRe34Sa3yKbhiTahb0n6jAmljGr5XDqQLvpAe HTTP/1.1" 200 2
186.29.229.173 - - [17/Nov/2014:12:02:35 -0500] "POST /forest/buscar.do? HTTP/1.1" 200 6727
186.29.229.173 - - [17/Nov/2014:12:02:35 -0500] "GET /forest/img/candado.gif HTTP/1.1" 200 406
181.55.224.205 - - [17/Nov/2014:12:02:35 -0500] "POST /forms/lservlet;jsessionid=ac16012b30d5938407afe4244b68863dcfa47e51b501.e3iSbxaKaheRe34Sa3yKbhiTahb0n6jAmljGr5XDqQLvpAe HTTP/1.1" 200 3785
181.55.224.205 - - [17/Nov/2014:12:02:36 -0500] "POST /forms/lservlet;jsessionid=ac16012b30d5938407afe4244b68863dcfa47e51b501.e3iSbxaKaheRe34Sa3yKbhiTahb0n6jAmljGr5XDqQLvpAe HTTP/1.1" 200 2
181.55.224.205 - - [17/Nov/2014:12:02:36 -0500] "POST /forms/lservlet;jsessionid=ac16012b30d5938407afe4244b68863dcfa47e51b501.e3iSbxaKaheRe34Sa3yKbhiTahb0n6jAmljGr5XDqQLvpAe HTTP/1.1" 200 2
181.55.224.205 - - [17/Nov/2014:12:02:37 -0500] "POST /forms/lservlet;jsessionid=ac16012b30d5938407afe4244b68863dcfa47e51b501.e3iSbxaKaheRe34Sa3yKbhiTahb0n6jAmljGr5XDqQLvpAe HTTP/1.1" 200 2869
181.55.224.205 - - [17/Nov/2014:12:02:37 -0500] "POST /forms/lservlet;jsessionid=ac16012b30d5938407afe4244b68863dcfa47e51b501.e3iSbxaKaheRe34Sa3yKbhiTahb0n6jAmljGr5XDqQLvpAe HTTP/1.1" 200 2
181.55.224.205 - - [17/Nov/2014:12:02:37 -0500] "POST /forms/lservlet;jsessionid=ac16012b30d5938407afe4244b68863dcfa47e51b501.e3iSbxaKaheRe34Sa3yKbhiTahb0n6jAmljGr5XDqQLvpAe HTTP/1.1" 200 2
181.55.224.205 - - [17/Nov/2014:12:02:37 -0500] "POST /forms/lservlet;jsessionid=ac16012b30d5938407afe4244b68863dcfa47e51b501.e3iSbxaKaheRe34Sa3yKbhiTahb0n6jAmljGr5XDqQLvpAe HTTP/1.1" 200 2213
181.55.224.205 - - [17/Nov/2014:12:02:38 -0500] "POST /forms/lservlet;jsessionid=ac16012b30d5938407afe4244b68863dcfa47e51b501.e3iSbxaKaheRe34Sa3yKbhiTahb0n6jAmljGr5XDqQLvpAe HTTP/1.1" 200 2
181.55.224.205 - - [17/Nov/2014:12:02:38 -0500] "POST /forms/lservlet;jsessionid=ac16012b30d5938407afe4244b68863dcfa47e51b501.e3iSbxaKaheRe34Sa3yKbhiTahb0n6jAmljGr5XDqQLvpAe HTTP/1.1" 200 2
181.55.224.205 - - [17/Nov/2014:12:02:38 -0500] "POST /forms/lservlet;jsessionid=ac16012b30d5938407afe4244b68863dcfa47e51b501.e3iSbxaKaheRe34Sa3yKbhiTahb0n6jAmljGr5XDqQLvpAe HTTP/1.1" 200 2602
181.55.224.205 - - [17/Nov/2014:12:02:39 -0500] "POST /forms/lservlet;jsessionid=ac16012b30d5938407afe4244b68863dcfa47e51b501.e3iSbxaKaheRe34Sa3yKbhiTahb0n6jAmljGr5XDqQLvpAe HTTP/1.1" 200 2
181.55.224.205 - - [17/Nov/2014:12:02:39 -0500] "POST /forms/lservlet;jsessionid=ac16012b30d5938407afe4244b68863dcfa47e51b501.e3iSbxaKaheRe34Sa3yKbhiTahb0n6jAmljGr5XDqQLvpAe HTTP/1.1" 200 2
181.55.224.205 - - [17/Nov/2014:12:02:40 -0500] "POST /forms/lservlet;jsessionid=ac16012b30d5938407afe4244b68863dcfa47e51b501.e3iSbxaKaheRe34Sa3yKbhiTahb0n6jAmljGr5XDqQLvpAe HTTP/1.1" 200 2240
181.55.224.205 - - [17/Nov/2014:12:02:40 -0500] "POST /forms/lservlet;jsessionid=ac16012b30d5938407afe4244b68863dcfa47e51b501.e3iSbxaKaheRe34Sa3yKbhiTahb0n6jAmljGr5XDqQLvpAe HTTP/1.1" 200 2
181.55.224.205 - - [17/Nov/2014:12:02:41 -0500] "POST /forms/lservlet;jsessionid=ac16012b30d5938407afe4244b68863dcfa47e51b501.e3iSbxaKaheRe34Sa3yKbhiTahb0n6jAmljGr5XDqQLvpAe HTTP/1.1" 200 2
181.55.224.205 - - [17/Nov/2014:12:02:41 -0500] "POST /forms/lservlet;jsessionid=ac16012b30d5938407afe4244b68863dcfa47e51b501.e3iSbxaKaheRe34Sa3yKbhiTahb0n6jAmljGr5XDqQLvpAe HTTP/1.1" 200 3064
181.55.224.205 - - [17/Nov/2014:12:02:41 -0500] "POST /forms/lservlet;jsessionid=ac16012b30d5938407afe4244b68863dcfa47e51b501.e3iSbxaKaheRe34Sa3yKbhiTahb0n6jAmljGr5XDqQLvpAe HTTP/1.1" 200 2
181.55.224.205 - - [17/Nov/2014:12:02:42 -0500] "POST /forms/lservlet;jsessionid=ac16012b30d5938407afe4244b68863dcfa47e51b501.e3iSbxaKaheRe34Sa3yKbhiTahb0n6jAmljGr5XDqQLvpAe HTTP/1.1" 200 2
181.55.224.205 - - [17/Nov/2014:12:02:42 -0500] "POST /forms/lservlet;jsessionid=ac16012b30d5938407afe4244b68863dcfa47e51b501.e3iSbxaKaheRe34Sa3yKbhiTahb0n6jAmljGr5XDqQLvpAe HTTP/1.1" 200 3077
181.55.224.205 - - [17/Nov/2014:12:02:42 -0500] "POST /forms/lservlet;jsessionid=ac16012b30d5938407afe4244b68863dcfa47e51b501.e3iSbxaKaheRe34Sa3yKbhiTahb0n6jAmljGr5XDqQLvpAe HTTP/1.1" 200 2
181.55.224.205 - - [17/Nov/2014:12:02:43 -0500] "POST /forms/lservlet;jsessionid=ac16012b30d5938407afe4244b68863dcfa47e51b501.e3iSbxaKaheRe34Sa3yKbhiTahb0n6jAmljGr5XDqQLvpAe HTTP/1.1" 200 2
181.55.224.205 - - [17/Nov/2014:12:02:43 -0500] "POST /forms/lservlet;jsessionid=ac16012b30d5938407afe4244b68863dcfa47e51b501.e3iSbxaKaheRe34Sa3yKbhiTahb0n6jAmljGr5XDqQLvpAe HTTP/1.1" 200 2625
181.55.224.205 - - [17/Nov/2014:12:02:43 -0500] "POST /forms/lservlet;jsessionid=ac16012b30d5938407afe4244b68863dcfa47e51b501.e3iSbxaKaheRe34Sa3yKbhiTahb0n6jAmljGr5XDqQLvpAe HTTP/1.1" 200 2
181.55.224.205 - - [17/Nov/2014:12:02:45 -0500] "POST /forms/lservlet;jsessionid=ac16012b30d5938407afe4244b68863dcfa47e51b501.e3iSbxaKaheRe34Sa3yKbhiTahb0n6jAmljGr5XDqQLvpAe HTTP/1.1" 200 2
181.55.224.205 - - [17/Nov/2014:12:02:45 -0500] "POST /forms/lservlet;jsessionid=ac16012b30d5938407afe4244b68863dcfa47e51b501.e3iSbxaKaheRe34Sa3yKbhiTahb0n6jAmljGr5XDqQLvpAe HTTP/1.1" 200 2120
181.55.224.205 - - [17/Nov/2014:12:02:45 -0500] "POST /forms/lservlet;jsessionid=ac16012b30d5938407afe4244b68863dcfa47e51b501.e3iSbxaKaheRe34Sa3yKbhiTahb0n6jAmljGr5XDqQLvpAe HTTP/1.1" 200 2
186.29.229.173 - - [17/Nov/2014:12:02:45 -0500] "GET /forest/skins/gdocs-jar/popup/popup.jsp?width=900&height=600&title=Informaci%F3n%20de%20proceso&uri=/forest/system/process.jsp%3FnumPro%3D600589&name=undefined&_a=0.807639110152544&a=0.6507119443901163 HTTP/1.1" 200 1311
186.147.66.232 - - [17/Nov/2014:11:59:36 -0500] "POST /forest/buscar.do? HTTP/1.1" 200 15698
186.29.229.173 - - [17/Nov/2014:12:02:45 -0500] "GET /forest/system/process.jsp?numPro=600589 HTTP/1.1" 200 11913
181.55.224.205 - - [17/Nov/2014:12:02:46 -0500] "POST /forms/lservlet;jsessionid=ac16012b30d5938407afe4244b68863dcfa47e51b501.e3iSbxaKaheRe34Sa3yKbhiTahb0n6jAmljGr5XDqQLvpAe HTTP/1.1" 200 2
181.55.224.205 - - [17/Nov/2014:12:02:46 -0500] "POST /forms/lservlet;jsessionid=ac16012b30d5938407afe4244b68863dcfa47e51b501.e3iSbxaKaheRe34Sa3yKbhiTahb0n6jAmljGr5XDqQLvpAe HTTP/1.1" 200 2532
181.55.224.205 - - [17/Nov/2014:12:02:46 -0500] "POST /forms/lservlet;jsessionid=ac16012b30d5938407afe4244b68863dcfa47e51b501.e3iSbxaKaheRe34Sa3yKbhiTahb0n6jAmljGr5XDqQLvpAe HTTP/1.1" 200 2
181.55.224.205 - - [17/Nov/2014:12:02:47 -0500] "POST /forms/lservlet;jsessionid=ac16012b30d5938407afe4244b68863dcfa47e51b501.e3iSbxaKaheRe34Sa3yKbhiTahb0n6jAmljGr5XDqQLvpAe HTTP/1.1" 200 2
181.55.224.205 - - [17/Nov/2014:12:02:47 -0500] "POST /forms/lservlet;jsessionid=ac16012b30d5938407afe4244b68863dcfa47e51b501.e3iSbxaKaheRe34Sa3yKbhiTahb0n6jAmljGr5XDqQLvpAe HTTP/1.1" 200 3224
181.55.224.205 - - [17/Nov/2014:12:02:48 -0500] "POST /forms/lservlet;jsessionid=ac16012b30d5938407afe4244b68863dcfa47e51b501.e3iSbxaKaheRe34Sa3yKbhiTahb0n6jAmljGr5XDqQLvpAe HTTP/1.1" 200 2
181.55.224.205 - - [17/Nov/2014:12:02:48 -0500] "POST /forms/lservlet;jsessionid=ac16012b30d5938407afe4244b68863dcfa47e51b501.e3iSbxaKaheRe34Sa3yKbhiTahb0n6jAmljGr5XDqQLvpAe HTTP/1.1" 200 2
181.55.224.205 - - [17/Nov/2014:12:02:48 -0500] "POST /forms/lservlet;jsessionid=ac16012b30d5938407afe4244b68863dcfa47e51b501.e3iSbxaKaheRe34Sa3yKbhiTahb0n6jAmljGr5XDqQLvpAe HTTP/1.1" 200 3020
181.55.224.205 - - [17/Nov/2014:12:02:49 -0500] "POST /forms/lservlet;jsessionid=ac16012b30d5938407afe4244b68863dcfa47e51b501.e3iSbxaKaheRe34Sa3yKbhiTahb0n6jAmljGr5XDqQLvpAe HTTP/1.1" 200 2
181.55.224.205 - - [17/Nov/2014:12:02:50 -0500] "POST /forms/lservlet;jsessionid=ac16012b30d5938407afe4244b68863dcfa47e51b501.e3iSbxaKaheRe34Sa3yKbhiTahb0n6jAmljGr5XDqQLvpAe HTTP/1.1" 200 2
190.26.186.10 - - [17/Nov/2014:12:02:50 -0500] "POST /forms/lservlet;jsessionid=ac16012b30d5cc0fabacecd14d548cfe952d4f8dbb64.e3iSbxaKaheRe34Sa3yKbhiTahb0n6jAmljGr5XDqQLvpAe HTTP/1.1" 200 2
181.55.224.205 - - [17/Nov/2014:12:02:50 -0500] "POST /forms/lservlet;jsessionid=ac16012b30d5938407afe4244b68863dcfa47e51b501.e3iSbxaKaheRe34Sa3yKbhiTahb0n6jAmljGr5XDqQLvpAe HTTP/1.1" 200 2448
181.55.224.205 - - [17/Nov/2014:12:02:50 -0500] "POST /forms/lservlet;jsessionid=ac16012b30d5938407afe4244b68863dcfa47e51b501.e3iSbxaKaheRe34Sa3yKbhiTahb0n6jAmljGr5XDqQLvpAe HTTP/1.1" 200 2
181.55.224.205 - - [17/Nov/2014:12:02:51 -0500] "POST /forms/lservlet;jsessionid=ac16012b30d5938407afe4244b68863dcfa47e51b501.e3iSbxaKaheRe34Sa3yKbhiTahb0n6jAmljGr5XDqQLvpAe HTTP/1.1" 200 2
181.55.224.205 - - [17/Nov/2014:12:02:51 -0500] "POST /forms/lservlet;jsessionid=ac16012b30d5938407afe4244b68863dcfa47e51b501.e3iSbxaKaheRe34Sa3yKbhiTahb0n6jAmljGr5XDqQLvpAe HTTP/1.1" 200 2833
181.55.224.205 - - [17/Nov/2014:12:02:51 -0500] "POST /forms/lservlet;jsessionid=ac16012b30d5938407afe4244b68863dcfa47e51b501.e3iSbxaKaheRe34Sa3yKbhiTahb0n6jAmljGr5XDqQLvpAe HTTP/1.1" 200 2
181.55.224.205 - - [17/Nov/2014:12:02:53 -0500] "POST /forms/lservlet;jsessionid=ac16012b30d5938407afe4244b68863dcfa47e51b501.e3iSbxaKaheRe34Sa3yKbhiTahb0n6jAmljGr5XDqQLvpAe HTTP/1.1" 200 2
181.55.224.205 - - [17/Nov/2014:12:02:53 -0500] "POST /forms/lservlet;jsessionid=ac16012b30d5938407afe4244b68863dcfa47e51b501.e3iSbxaKaheRe34Sa3yKbhiTahb0n6jAmljGr5XDqQLvpAe HTTP/1.1" 200 2923
181.55.224.205 - - [17/Nov/2014:12:02:53 -0500] "POST /forms/lservlet;jsessionid=ac16012b30d5938407afe4244b68863dcfa47e51b501.e3iSbxaKaheRe34Sa3yKbhiTahb0n6jAmljGr5XDqQLvpAe HTTP/1.1" 200 2
186.29.229.173 - - [17/Nov/2014:12:02:54 -0500] "GET /forest/documentos/368291/2010ER64234.PDF HTTP/1.1" 200 214
181.55.224.205 - - [17/Nov/2014:12:02:54 -0500] "POST /forms/lservlet;jsessionid=ac16012b30d5938407afe4244b68863dcfa47e51b501.e3iSbxaKaheRe34Sa3yKbhiTahb0n6jAmljGr5XDqQLvpAe HTTP/1.1" 200 2
181.55.224.205 - - [17/Nov/2014:12:02:54 -0500] "POST /forms/lservlet;jsessionid=ac16012b30d5938407afe4244b68863dcfa47e51b501.e3iSbxaKaheRe34Sa3yKbhiTahb0n6jAmljGr5XDqQLvpAe HTTP/1.1" 200 3156
181.55.224.205 - - [17/Nov/2014:12:02:54 -0500] "POST /forms/lservlet;jsessionid=ac16012b30d5938407afe4244b68863dcfa47e51b501.e3iSbxaKaheRe34Sa3yKbhiTahb0n6jAmljGr5XDqQLvpAe HTTP/1.1" 200 2
181.55.224.205 - - [17/Nov/2014:12:02:55 -0500] "POST /forms/lservlet;jsessionid=ac16012b30d5938407afe4244b68863dcfa47e51b501.e3iSbxaKaheRe34Sa3yKbhiTahb0n6jAmljGr5XDqQLvpAe HTTP/1.1" 200 2
181.55.224.205 - - [17/Nov/2014:12:02:55 -0500] "POST /forms/lservlet;jsessionid=ac16012b30d5938407afe4244b68863dcfa47e51b501.e3iSbxaKaheRe34Sa3yKbhiTahb0n6jAmljGr5XDqQLvpAe HTTP/1.1" 200 3048
181.55.224.205 - - [17/Nov/2014:12:02:55 -0500] "POST /forms/lservlet;jsessionid=ac16012b30d5938407afe4244b68863dcfa47e51b501.e3iSbxaKaheRe34Sa3yKbhiTahb0n6jAmljGr5XDqQLvpAe HTTP/1.1" 200 2
181.55.224.205 - - [17/Nov/2014:12:02:56 -0500] "POST /forms/lservlet;jsessionid=ac16012b30d5938407afe4244b68863dcfa47e51b501.e3iSbxaKaheRe34Sa3yKbhiTahb0n6jAmljGr5XDqQLvpAe HTTP/1.1" 200 2
181.55.224.205 - - [17/Nov/2014:12:02:56 -0500] "POST /forms/lservlet;jsessionid=ac16012b30d5938407afe4244b68863dcfa47e51b501.e3iSbxaKaheRe34Sa3yKbhiTahb0n6jAmljGr5XDqQLvpAe HTTP/1.1" 200 2657
181.55.224.205 - - [17/Nov/2014:12:02:57 -0500] "POST /forms/lservlet;jsessionid=ac16012b30d5938407afe4244b68863dcfa47e51b501.e3iSbxaKaheRe34Sa3yKbhiTahb0n6jAmljGr5XDqQLvpAe HTTP/1.1" 200 2
66.249.64.167 - - [17/Nov/2014:12:02:57 -0500] "GET /BLA/resoluciones/RESOLUCIONES%202007/RES%202007%202801%20AL%202900/RESOLUCION%202859%20DE%202007.pdf HTTP/1.1" 200 624707
181.55.224.205 - - [17/Nov/2014:12:02:57 -0500] "POST /forms/lservlet;jsessionid=ac16012b30d5938407afe4244b68863dcfa47e51b501.e3iSbxaKaheRe34Sa3yKbhiTahb0n6jAmljGr5XDqQLvpAe HTTP/1.1" 200 2
181.55.224.205 - - [17/Nov/2014:12:02:58 -0500] "POST /forms/lservlet;jsessionid=ac16012b30d5938407afe4244b68863dcfa47e51b501.e3iSbxaKaheRe34Sa3yKbhiTahb0n6jAmljGr5XDqQLvpAe HTTP/1.1" 200 2311
181.55.224.205 - - [17/Nov/2014:12:02:58 -0500] "POST /forms/lservlet;jsessionid=ac16012b30d5938407afe4244b68863dcfa47e51b501.e3iSbxaKaheRe34Sa3yKbhiTahb0n6jAmljGr5XDqQLvpAe HTTP/1.1" 200 2
201.245.192.253 - - [17/Nov/2014:12:02:59 -0500] "GET /BLA/boletinlegal/consulta_actos.php?tipo=resoluciones&no=7308&usuario=&sector=&fecha=2009&resuelve= HTTP/1.1" 200 1037
181.55.224.205 - - [17/Nov/2014:12:02:59 -0500] "POST /forms/lservlet;jsessionid=ac16012b30d5938407afe4244b68863dcfa47e51b501.e3iSbxaKaheRe34Sa3yKbhiTahb0n6jAmljGr5XDqQLvpAe HTTP/1.1" 200 2
181.55.224.205 - - [17/Nov/2014:12:02:59 -0500] "POST /forms/lservlet;jsessionid=ac16012b30d5938407afe4244b68863dcfa47e51b501.e3iSbxaKaheRe34Sa3yKbhiTahb0n6jAmljGr5XDqQLvpAe HTTP/1.1" 200 2907
181.55.224.205 - - [17/Nov/2014:12:03:00 -0500] "POST /forms/lservlet;jsessionid=ac16012b30d5938407afe4244b68863dcfa47e51b501.e3iSbxaKaheRe34Sa3yKbhiTahb0n6jAmljGr5XDqQLvpAe HTTP/1.1" 200 2
181.142.216.156 - - [17/Nov/2014:12:03:00 -0500] "GET /BLA/boletinlegal/js/jquery.scrollShow.js HTTP/1.1" 200 4586
181.142.216.156 - - [17/Nov/2014:12:03:00 -0500] "GET /BLA/boletinlegal/js/jquery.js HTTP/1.1" 200 57254
181.142.216.156 - - [17/Nov/2014:12:03:00 -0500] "GET /BLA/boletinlegal/js/jquery.scrollTo-min.js HTTP/1.1" 200 1150
181.55.224.205 - - [17/Nov/2014:12:03:00 -0500] "POST /forms/lservlet;jsessionid=ac16012b30d5938407afe4244b68863dcfa47e51b501.e3iSbxaKaheRe34Sa3yKbhiTahb0n6jAmljGr5XDqQLvpAe HTTP/1.1" 200 2
181.55.224.205 - - [17/Nov/2014:12:03:00 -0500] "POST /forms/lservlet;jsessionid=ac16012b30d5938407afe4244b68863dcfa47e51b501.e3iSbxaKaheRe34Sa3yKbhiTahb0n6jAmljGr5XDqQLvpAe HTTP/1.1" 200 3224
181.55.224.205 - - [17/Nov/2014:12:03:01 -0500] "POST /forms/lservlet;jsessionid=ac16012b30d5938407afe4244b68863dcfa47e51b501.e3iSbxaKaheRe34Sa3yKbhiTahb0n6jAmljGr5XDqQLvpAe HTTP/1.1" 200 2
181.55.224.205 - - [17/Nov/2014:12:03:01 -0500] "POST /forms/lservlet;jsessionid=ac16012b30d5938407afe4244b68863dcfa47e51b501.e3iSbxaKaheRe34Sa3yKbhiTahb0n6jAmljGr5XDqQLvpAe HTTP/1.1" 200 2
181.55.224.205 - - [17/Nov/2014:12:03:01 -0500] "POST /forms/lservlet;jsessionid=ac16012b30d5938407afe4244b68863dcfa47e51b501.e3iSbxaKaheRe34Sa3yKbhiTahb0n6jAmljGr5XDqQLvpAe HTTP/1.1" 200 2435
181.55.224.205 - - [17/Nov/2014:12:03:02 -0500] "POST /forms/lservlet;jsessionid=ac16012b30d5938407afe4244b68863dcfa47e51b501.e3iSbxaKaheRe34Sa3yKbhiTahb0n6jAmljGr5XDqQLvpAe HTTP/1.1" 200 2
181.55.224.205 - - [17/Nov/2014:12:03:02 -0500] "POST /forms/lservlet;jsessionid=ac16012b30d5938407afe4244b68863dcfa47e51b501.e3iSbxaKaheRe34Sa3yKbhiTahb0n6jAmljGr5XDqQLvpAe HTTP/1.1" 200 2
181.55.224.205 - - [17/Nov/2014:12:03:02 -0500] "POST /forms/lservlet;jsessionid=ac16012b30d5938407afe4244b68863dcfa47e51b501.e3iSbxaKaheRe34Sa3yKbhiTahb0n6jAmljGr5XDqQLvpAe HTTP/1.1" 200 2810
181.55.224.205 - - [17/Nov/2014:12:03:03 -0500] "POST /forms/lservlet;jsessionid=ac16012b30d5938407afe4244b68863dcfa47e51b501.e3iSbxaKaheRe34Sa3yKbhiTahb0n6jAmljGr5XDqQLvpAe HTTP/1.1" 200 2
181.55.224.205 - - [17/Nov/2014:12:03:03 -0500] "POST /forms/lservlet;jsessionid=ac16012b30d5938407afe4244b68863dcfa47e51b501.e3iSbxaKaheRe34Sa3yKbhiTahb0n6jAmljGr5XDqQLvpAe HTTP/1.1" 200 2
181.55.224.205 - - [17/Nov/2014:12:03:03 -0500] "POST /forms/lservlet;jsessionid=ac16012b30d5938407afe4244b68863dcfa47e51b501.e3iSbxaKaheRe34Sa3yKbhiTahb0n6jAmljGr5XDqQLvpAe HTTP/1.1" 200 2943
181.55.224.205 - - [17/Nov/2014:12:03:04 -0500] "POST /forms/lservlet;jsessionid=ac16012b30d5938407afe4244b68863dcfa47e51b501.e3iSbxaKaheRe34Sa3yKbhiTahb0n6jAmljGr5XDqQLvpAe HTTP/1.1" 200 2
181.54.162.235 - - [17/Nov/2014:12:03:04 -0500] "GET /BLA/boletinlegal/js/jquery.js HTTP/1.1" 200 57254
181.54.162.235 - - [17/Nov/2014:12:03:04 -0500] "GET /BLA/boletinlegal/js/jquery.scrollTo-min.js HTTP/1.1" 200 1150
181.54.162.235 - - [17/Nov/2014:12:03:04 -0500] "GET /BLA/boletinlegal/js/jquery.scrollShow.js HTTP/1.1" 200 4586
181.55.224.205 - - [17/Nov/2014:12:03:04 -0500] "POST /forms/lservlet;jsessionid=ac16012b30d5938407afe4244b68863dcfa47e51b501.e3iSbxaKaheRe34Sa3yKbhiTahb0n6jAmljGr5XDqQLvpAe HTTP/1.1" 200 2
181.55.224.205 - - [17/Nov/2014:12:03:04 -0500] "POST /forms/lservlet;jsessionid=ac16012b30d5938407afe4244b68863dcfa47e51b501.e3iSbxaKaheRe34Sa3yKbhiTahb0n6jAmljGr5XDqQLvpAe HTTP/1.1" 200 5177
181.55.224.205 - - [17/Nov/2014:12:03:05 -0500] "POST /forms/lservlet;jsessionid=ac16012b30d5938407afe4244b68863dcfa47e51b501.e3iSbxaKaheRe34Sa3yKbhiTahb0n6jAmljGr5XDqQLvpAe HTTP/1.1" 200 2
181.55.224.205 - - [17/Nov/2014:12:03:05 -0500] "POST /forms/lservlet;jsessionid=ac16012b30d5938407afe4244b68863dcfa47e51b501.e3iSbxaKaheRe34Sa3yKbhiTahb0n6jAmljGr5XDqQLvpAe HTTP/1.1" 200 2
181.55.224.205 - - [17/Nov/2014:12:03:06 -0500] "POST /forms/lservlet;jsessionid=ac16012b30d5938407afe4244b68863dcfa47e51b501.e3iSbxaKaheRe34Sa3yKbhiTahb0n6jAmljGr5XDqQLvpAe HTTP/1.1" 200 3171
181.55.224.205 - - [17/Nov/2014:12:03:06 -0500] "POST /forms/lservlet;jsessionid=ac16012b30d5938407afe4244b68863dcfa47e51b501.e3iSbxaKaheRe34Sa3yKbhiTahb0n6jAmljGr5XDqQLvpAe HTTP/1.1" 200 2
181.55.224.205 - - [17/Nov/2014:12:03:07 -0500] "POST /forms/lservlet;jsessionid=ac16012b30d5938407afe4244b68863dcfa47e51b501.e3iSbxaKaheRe34Sa3yKbhiTahb0n6jAmljGr5XDqQLvpAe HTTP/1.1" 200 2
181.55.224.205 - - [17/Nov/2014:12:03:07 -0500] "POST /forms/lservlet;jsessionid=ac16012b30d5938407afe4244b68863dcfa47e51b501.e3iSbxaKaheRe34Sa3yKbhiTahb0n6jAmljGr5XDqQLvpAe HTTP/1.1" 200 2100
181.55.224.205 - - [17/Nov/2014:12:03:07 -0500] "POST /forms/lservlet;jsessionid=ac16012b30d5938407afe4244b68863dcfa47e51b501.e3iSbxaKaheRe34Sa3yKbhiTahb0n6jAmljGr5XDqQLvpAe HTTP/1.1" 200 2
181.55.224.205 - - [17/Nov/2014:12:03:08 -0500] "POST /forms/lservlet;jsessionid=ac16012b30d5938407afe4244b68863dcfa47e51b501.e3iSbxaKaheRe34Sa3yKbhiTahb0n6jAmljGr5XDqQLvpAe HTTP/1.1" 200 2
181.55.224.205 - - [17/Nov/2014:12:03:08 -0500] "POST /forms/lservlet;jsessionid=ac16012b30d5938407afe4244b68863dcfa47e51b501.e3iSbxaKaheRe34Sa3yKbhiTahb0n6jAmljGr5XDqQLvpAe HTTP/1.1" 200 4272
181.55.224.205 - - [17/Nov/2014:12:03:09 -0500] "POST /forms/lservlet;jsessionid=ac16012b30d5938407afe4244b68863dcfa47e51b501.e3iSbxaKaheRe34Sa3yKbhiTahb0n6jAmljGr5XDqQLvpAe HTTP/1.1" 200 2
181.55.224.205 - - [17/Nov/2014:12:03:10 -0500] "POST /forms/lservlet;jsessionid=ac16012b30d5938407afe4244b68863dcfa47e51b501.e3iSbxaKaheRe34Sa3yKbhiTahb0n6jAmljGr5XDqQLvpAe HTTP/1.1" 200 2
181.55.224.205 - - [17/Nov/2014:12:03:10 -0500] "POST /forms/lservlet;jsessionid=ac16012b30d5938407afe4244b68863dcfa47e51b501.e3iSbxaKaheRe34Sa3yKbhiTahb0n6jAmljGr5XDqQLvpAe HTTP/1.1" 200 3283
181.55.224.205 - - [17/Nov/2014:12:03:10 -0500] "POST /forms/lservlet;jsessionid=ac16012b30d5938407afe4244b68863dcfa47e51b501.e3iSbxaKaheRe34Sa3yKbhiTahb0n6jAmljGr5XDqQLvpAe HTTP/1.1" 200 2
181.55.224.205 - - [17/Nov/2014:12:03:11 -0500] "POST /forms/lservlet;jsessionid=ac16012b30d5938407afe4244b68863dcfa47e51b501.e3iSbxaKaheRe34Sa3yKbhiTahb0n6jAmljGr5XDqQLvpAe HTTP/1.1" 200 2
181.55.224.205 - - [17/Nov/2014:12:03:11 -0500] "POST /forms/lservlet;jsessionid=ac16012b30d5938407afe4244b68863dcfa47e51b501.e3iSbxaKaheRe34Sa3yKbhiTahb0n6jAmljGr5XDqQLvpAe HTTP/1.1" 200 3140
181.55.224.205 - - [17/Nov/2014:12:03:11 -0500] "POST /forms/lservlet;jsessionid=ac16012b30d5938407afe4244b68863dcfa47e51b501.e3iSbxaKaheRe34Sa3yKbhiTahb0n6jAmljGr5XDqQLvpAe HTTP/1.1" 200 2
181.55.224.205 - - [17/Nov/2014:12:03:12 -0500] "POST /forms/lservlet;jsessionid=ac16012b30d5938407afe4244b68863dcfa47e51b501.e3iSbxaKaheRe34Sa3yKbhiTahb0n6jAmljGr5XDqQLvpAe HTTP/1.1" 200 2
181.55.224.205 - - [17/Nov/2014:12:03:12 -0500] "POST /forms/lservlet;jsessionid=ac16012b30d5938407afe4244b68863dcfa47e51b501.e3iSbxaKaheRe34Sa3yKbhiTahb0n6jAmljGr5XDqQLvpAe HTTP/1.1" 200 2818
181.55.224.205 - - [17/Nov/2014:12:03:12 -0500] "POST /forms/lservlet;jsessionid=ac16012b30d5938407afe4244b68863dcfa47e51b501.e3iSbxaKaheRe34Sa3yKbhiTahb0n6jAmljGr5XDqQLvpAe HTTP/1.1" 200 2
181.55.224.205 - - [17/Nov/2014:12:03:13 -0500] "POST /forms/lservlet;jsessionid=ac16012b30d5938407afe4244b68863dcfa47e51b501.e3iSbxaKaheRe34Sa3yKbhiTahb0n6jAmljGr5XDqQLvpAe HTTP/1.1" 200 2
181.54.7.170 - - [17/Nov/2014:12:03:13 -0500] "GET /BLA/boletinlegal/js/jquery.scrollTo-min.js HTTP/1.1" 200 1150
181.54.7.170 - - [17/Nov/2014:12:03:13 -0500] "GET /BLA/boletinlegal/js/jquery.js HTTP/1.1" 200 57254
181.54.7.170 - - [17/Nov/2014:12:03:13 -0500] "GET /BLA/boletinlegal/js/jquery.scrollShow.js HTTP/1.1" 200 4586
181.54.7.170 - - [17/Nov/2014:12:03:13 -0500] "GET /galeria/carrusel/Carrusel/jquery.thumbnailScroller.css HTTP/1.1" 200 2066
181.54.7.170 - - [17/Nov/2014:12:03:13 -0500] "GET /galeria/carrusel/Carrusel/jquery-ui-1.8.13.custom.min.js HTTP/1.1" 200 10800
181.55.224.205 - - [17/Nov/2014:12:03:13 -0500] "POST /forms/lservlet;jsessionid=ac16012b30d5938407afe4244b68863dcfa47e51b501.e3iSbxaKaheRe34Sa3yKbhiTahb0n6jAmljGr5XDqQLvpAe HTTP/1.1" 200 3266
181.55.224.205 - - [17/Nov/2014:12:03:14 -0500] "POST /forms/lservlet;jsessionid=ac16012b30d5938407afe4244b68863dcfa47e51b501.e3iSbxaKaheRe34Sa3yKbhiTahb0n6jAmljGr5XDqQLvpAe HTTP/1.1" 200 2
181.54.7.170 - - [17/Nov/2014:12:03:14 -0500] "GET /galeria/carrusel/Carrusel/jquery.thumbnailScroller.js HTTP/1.1" 200 8157
181.55.224.205 - - [17/Nov/2014:12:03:14 -0500] "POST /forms/lservlet;jsessionid=ac16012b30d5938407afe4244b68863dcfa47e51b501.e3iSbxaKaheRe34Sa3yKbhiTahb0n6jAmljGr5XDqQLvpAe HTTP/1.1" 200 2
181.55.224.205 - - [17/Nov/2014:12:03:14 -0500] "POST /forms/lservlet;jsessionid=ac16012b30d5938407afe4244b68863dcfa47e51b501.e3iSbxaKaheRe34Sa3yKbhiTahb0n6jAmljGr5XDqQLvpAe HTTP/1.1" 200 3267
181.55.224.205 - - [17/Nov/2014:12:03:15 -0500] "POST /forms/lservlet;jsessionid=ac16012b30d5938407afe4244b68863dcfa47e51b501.e3iSbxaKaheRe34Sa3yKbhiTahb0n6jAmljGr5XDqQLvpAe HTTP/1.1" 200 2
181.55.224.205 - - [17/Nov/2014:12:03:15 -0500] "POST /forms/lservlet;jsessionid=ac16012b30d5938407afe4244b68863dcfa47e51b501.e3iSbxaKaheRe34Sa3yKbhiTahb0n6jAmljGr5XDqQLvpAe HTTP/1.1" 200 2
181.55.224.205 - - [17/Nov/2014:12:03:15 -0500] "POST /forms/lservlet;jsessionid=ac16012b30d5938407afe4244b68863dcfa47e51b501.e3iSbxaKaheRe34Sa3yKbhiTahb0n6jAmljGr5XDqQLvpAe HTTP/1.1" 200 3013
181.55.224.205 - - [17/Nov/2014:12:03:16 -0500] "POST /forms/lservlet;jsessionid=ac16012b30d5938407afe4244b68863dcfa47e51b501.e3iSbxaKaheRe34Sa3yKbhiTahb0n6jAmljGr5XDqQLvpAe HTTP/1.1" 200 2
181.55.224.205 - - [17/Nov/2014:12:03:16 -0500] "POST /forms/lservlet;jsessionid=ac16012b30d5938407afe4244b68863dcfa47e51b501.e3iSbxaKaheRe34Sa3yKbhiTahb0n6jAmljGr5XDqQLvpAe HTTP/1.1" 200 2
181.55.224.205 - - [17/Nov/2014:12:03:16 -0500] "POST /forms/lservlet;jsessionid=ac16012b30d5938407afe4244b68863dcfa47e51b501.e3iSbxaKaheRe34Sa3yKbhiTahb0n6jAmljGr5XDqQLvpAe HTTP/1.1" 200 2319
181.55.224.205 - - [17/Nov/2014:12:03:17 -0500] "POST /forms/lservlet;jsessionid=ac16012b30d5938407afe4244b68863dcfa47e51b501.e3iSbxaKaheRe34Sa3yKbhiTahb0n6jAmljGr5XDqQLvpAe HTTP/1.1" 200 2
181.55.224.205 - - [17/Nov/2014:12:03:17 -0500] "POST /forms/lservlet;jsessionid=ac16012b30d5938407afe4244b68863dcfa47e51b501.e3iSbxaKaheRe34Sa3yKbhiTahb0n6jAmljGr5XDqQLvpAe HTTP/1.1" 200 2
181.55.224.205 - - [17/Nov/2014:12:03:17 -0500] "POST /forms/lservlet;jsessionid=ac16012b30d5938407afe4244b68863dcfa47e51b501.e3iSbxaKaheRe34Sa3yKbhiTahb0n6jAmljGr5XDqQLvpAe HTTP/1.1" 200 2603
181.55.224.205 - - [17/Nov/2014:12:03:18 -0500] "POST /forms/lservlet;jsessionid=ac16012b30d5938407afe4244b68863dcfa47e51b501.e3iSbxaKaheRe34Sa3yKbhiTahb0n6jAmljGr5XDqQLvpAe HTTP/1.1" 200 2
181.55.224.205 - - [17/Nov/2014:12:03:19 -0500] "POST /forms/lservlet;jsessionid=ac16012b30d5938407afe4244b68863dcfa47e51b501.e3iSbxaKaheRe34Sa3yKbhiTahb0n6jAmljGr5XDqQLvpAe HTTP/1.1" 200 2
181.55.224.205 - - [17/Nov/2014:12:03:19 -0500] "POST /forms/lservlet;jsessionid=ac16012b30d5938407afe4244b68863dcfa47e51b501.e3iSbxaKaheRe34Sa3yKbhiTahb0n6jAmljGr5XDqQLvpAe HTTP/1.1" 200 2838
181.55.224.205 - - [17/Nov/2014:12:03:19 -0500] "POST /forms/lservlet;jsessionid=ac16012b30d5938407afe4244b68863dcfa47e51b501.e3iSbxaKaheRe34Sa3yKbhiTahb0n6jAmljGr5XDqQLvpAe HTTP/1.1" 200 2
181.55.224.205 - - [17/Nov/2014:12:03:20 -0500] "POST /forms/lservlet;jsessionid=ac16012b30d5938407afe4244b68863dcfa47e51b501.e3iSbxaKaheRe34Sa3yKbhiTahb0n6jAmljGr5XDqQLvpAe HTTP/1.1" 200 2
181.55.224.205 - - [17/Nov/2014:12:03:20 -0500] "POST /forms/lservlet;jsessionid=ac16012b30d5938407afe4244b68863dcfa47e51b501.e3iSbxaKaheRe34Sa3yKbhiTahb0n6jAmljGr5XDqQLvpAe HTTP/1.1" 200 5905
181.55.224.205 - - [17/Nov/2014:12:03:21 -0500] "POST /forms/lservlet;jsessionid=ac16012b30d5938407afe4244b68863dcfa47e51b501.e3iSbxaKaheRe34Sa3yKbhiTahb0n6jAmljGr5XDqQLvpAe HTTP/1.1" 200 2
181.55.224.205 - - [17/Nov/2014:12:03:21 -0500] "POST /forms/lservlet;jsessionid=ac16012b30d5938407afe4244b68863dcfa47e51b501.e3iSbxaKaheRe34Sa3yKbhiTahb0n6jAmljGr5XDqQLvpAe HTTP/1.1" 200 2
181.55.224.205 - - [17/Nov/2014:12:03:22 -0500] "POST /forms/lservlet;jsessionid=ac16012b30d5938407afe4244b68863dcfa47e51b501.e3iSbxaKaheRe34Sa3yKbhiTahb0n6jAmljGr5XDqQLvpAe HTTP/1.1" 200 4479
181.55.224.205 - - [17/Nov/2014:12:03:22 -0500] "POST /forms/lservlet;jsessionid=ac16012b30d5938407afe4244b68863dcfa47e51b501.e3iSbxaKaheRe34Sa3yKbhiTahb0n6jAmljGr5XDqQLvpAe HTTP/1.1" 200 2
181.55.224.205 - - [17/Nov/2014:12:03:22 -0500] "POST /forms/lservlet;jsessionid=ac16012b30d5938407afe4244b68863dcfa47e51b501.e3iSbxaKaheRe34Sa3yKbhiTahb0n6jAmljGr5XDqQLvpAe HTTP/1.1" 200 2
181.55.224.205 - - [17/Nov/2014:12:03:23 -0500] "POST /forms/lservlet;jsessionid=ac16012b30d5938407afe4244b68863dcfa47e51b501.e3iSbxaKaheRe34Sa3yKbhiTahb0n6jAmljGr5XDqQLvpAe HTTP/1.1" 200 3614
181.55.224.205 - - [17/Nov/2014:12:03:23 -0500] "POST /forms/lservlet;jsessionid=ac16012b30d5938407afe4244b68863dcfa47e51b501.e3iSbxaKaheRe34Sa3yKbhiTahb0n6jAmljGr5XDqQLvpAe HTTP/1.1" 200 2
181.55.224.205 - - [17/Nov/2014:12:03:23 -0500] "POST /forms/lservlet;jsessionid=ac16012b30d5938407afe4244b68863dcfa47e51b501.e3iSbxaKaheRe34Sa3yKbhiTahb0n6jAmljGr5XDqQLvpAe HTTP/1.1" 200 2
181.54.7.170 - - [17/Nov/2014:12:03:24 -0500] "GET /galeria/nivo-slider/demo/demo.html HTTP/1.1" 200 3537
181.55.224.205 - - [17/Nov/2014:12:03:24 -0500] "POST /forms/lservlet;jsessionid=ac16012b30d5938407afe4244b68863dcfa47e51b501.e3iSbxaKaheRe34Sa3yKbhiTahb0n6jAmljGr5XDqQLvpAe HTTP/1.1" 200 2716
181.55.224.205 - - [17/Nov/2014:12:03:24 -0500] "POST /forms/lservlet;jsessionid=ac16012b30d5938407afe4244b68863dcfa47e51b501.e3iSbxaKaheRe34Sa3yKbhiTahb0n6jAmljGr5XDqQLvpAe HTTP/1.1" 200 2
181.55.224.205 - - [17/Nov/2014:12:03:24 -0500] "POST /forms/lservlet;jsessionid=ac16012b30d5938407afe4244b68863dcfa47e51b501.e3iSbxaKaheRe34Sa3yKbhiTahb0n6jAmljGr5XDqQLvpAe HTTP/1.1" 200 2
181.54.7.170 - - [17/Nov/2014:12:03:25 -0500] "GET /galeria/nivo-slider/themes/default/default.css HTTP/1.1" 200 1569
181.54.7.170 - - [17/Nov/2014:12:03:25 -0500] "GET /galeria/nivo-slider/themes/pascal/pascal.css HTTP/1.1" 200 2258
181.54.7.170 - - [17/Nov/2014:12:03:25 -0500] "GET /galeria/nivo-slider/themes/orman/orman.css HTTP/1.1" 200 2152
181.55.224.205 - - [17/Nov/2014:12:03:24 -0500] "POST /forms/lservlet;jsessionid=ac16012b30d5938407afe4244b68863dcfa47e51b501.e3iSbxaKaheRe34Sa3yKbhiTahb0n6jAmljGr5XDqQLvpAe HTTP/1.1" 200 2791
181.54.7.170 - - [17/Nov/2014:12:03:25 -0500] "GET /galeria/nivo-slider/demo/style.css HTTP/1.1" 200 2222
181.54.7.170 - - [17/Nov/2014:12:03:25 -0500] "GET /galeria/nivo-slider/demo/images/ForoNacionalAmbiental.jpg HTTP/1.1" 200 202541
181.54.7.170 - - [17/Nov/2014:12:03:25 -0500] "GET /galeria/nivo-slider/nivo-slider.css HTTP/1.1" 200 1507
181.54.7.170 - - [17/Nov/2014:12:03:25 -0500] "GET /galeria/nivo-slider/demo/images/Banner-comparendo.jpg HTTP/1.1" 200 388762
181.55.224.205 - - [17/Nov/2014:12:03:25 -0500] "POST /forms/lservlet;jsessionid=ac16012b30d5938407afe4244b68863dcfa47e51b501.e3iSbxaKaheRe34Sa3yKbhiTahb0n6jAmljGr5XDqQLvpAe HTTP/1.1" 200 2
181.54.7.170 - - [17/Nov/2014:12:03:25 -0500] "GET /galeria/nivo-slider/demo/images/porloshumedales.jpg HTTP/1.1" 200 351238
181.54.7.170 - - [17/Nov/2014:12:03:25 -0500] "GET /galeria/nivo-slider/demo/images/Banner-Ecourbanismo.jpg HTTP/1.1" 200 189838
181.54.7.170 - - [17/Nov/2014:12:03:25 -0500] "GET /galeria/nivo-slider/demo/images/Tingua-azul.jpg HTTP/1.1" 200 307638
181.54.7.170 - - [17/Nov/2014:12:03:25 -0500] "GET /galeria/nivo-slider/demo/images/banner-aceite3.jpg HTTP/1.1" 200 88347
181.55.224.205 - - [17/Nov/2014:12:03:26 -0500] "POST /forms/lservlet;jsessionid=ac16012b30d5938407afe4244b68863dcfa47e51b501.e3iSbxaKaheRe34Sa3yKbhiTahb0n6jAmljGr5XDqQLvpAe HTTP/1.1" 200 2
181.55.224.205 - - [17/Nov/2014:12:03:26 -0500] "POST /forms/lservlet;jsessionid=ac16012b30d5938407afe4244b68863dcfa47e51b501.e3iSbxaKaheRe34Sa3yKbhiTahb0n6jAmljGr5XDqQLvpAe HTTP/1.1" 200 2613
181.55.224.205 - - [17/Nov/2014:12:03:26 -0500] "POST /forms/lservlet;jsessionid=ac16012b30d5938407afe4244b68863dcfa47e51b501.e3iSbxaKaheRe34Sa3yKbhiTahb0n6jAmljGr5XDqQLvpAe HTTP/1.1" 200 2
181.55.224.205 - - [17/Nov/2014:12:03:26 -0500] "POST /forms/lservlet;jsessionid=ac16012b30d5938407afe4244b68863dcfa47e51b501.e3iSbxaKaheRe34Sa3yKbhiTahb0n6jAmljGr5XDqQLvpAe HTTP/1.1" 200 2
181.55.224.205 - - [17/Nov/2014:12:03:27 -0500] "POST /forms/lservlet;jsessionid=ac16012b30d5938407afe4244b68863dcfa47e51b501.e3iSbxaKaheRe34Sa3yKbhiTahb0n6jAmljGr5XDqQLvpAe HTTP/1.1" 200 2539
181.55.224.205 - - [17/Nov/2014:12:03:27 -0500] "POST /forms/lservlet;jsessionid=ac16012b30d5938407afe4244b68863dcfa47e51b501.e3iSbxaKaheRe34Sa3yKbhiTahb0n6jAmljGr5XDqQLvpAe HTTP/1.1" 200 2
186.28.171.177 - - [17/Nov/2014:12:03:27 -0500] "POST /forms/lservlet;jsessionid=ac16012b30d5de96018be3af4b0b9fd7bd348a5efec6.e3iSbxaKaheRe34Sa3yKbhiTahb0n6jAmljGr5XDqQLvpAe HTTP/1.1" 200 34711
181.55.224.205 - - [17/Nov/2014:12:03:27 -0500] "POST /forms/lservlet;jsessionid=ac16012b30d5938407afe4244b68863dcfa47e51b501.e3iSbxaKaheRe34Sa3yKbhiTahb0n6jAmljGr5XDqQLvpAe HTTP/1.1" 200 2
181.55.224.205 - - [17/Nov/2014:12:03:28 -0500] "POST /forms/lservlet;jsessionid=ac16012b30d5938407afe4244b68863dcfa47e51b501.e3iSbxaKaheRe34Sa3yKbhiTahb0n6jAmljGr5XDqQLvpAe HTTP/1.1" 200 2974
181.55.224.205 - - [17/Nov/2014:12:03:28 -0500] "POST /forms/lservlet;jsessionid=ac16012b30d5938407afe4244b68863dcfa47e51b501.e3iSbxaKaheRe34Sa3yKbhiTahb0n6jAmljGr5XDqQLvpAe HTTP/1.1" 200 2
181.55.224.205 - - [17/Nov/2014:12:03:28 -0500] "POST /forms/lservlet;jsessionid=ac16012b30d5938407afe4244b68863dcfa47e51b501.e3iSbxaKaheRe34Sa3yKbhiTahb0n6jAmljGr5XDqQLvpAe HTTP/1.1" 200 2
181.55.224.205 - - [17/Nov/2014:12:03:29 -0500] "POST /forms/lservlet;jsessionid=ac16012b30d5938407afe4244b68863dcfa47e51b501.e3iSbxaKaheRe34Sa3yKbhiTahb0n6jAmljGr5XDqQLvpAe HTTP/1.1" 200 4238
181.55.224.205 - - [17/Nov/2014:12:03:29 -0500] "POST /forms/lservlet;jsessionid=ac16012b30d5938407afe4244b68863dcfa47e51b501.e3iSbxaKaheRe34Sa3yKbhiTahb0n6jAmljGr5XDqQLvpAe HTTP/1.1" 200 2
181.55.224.205 - - [17/Nov/2014:12:03:29 -0500] "POST /forms/lservlet;jsessionid=ac16012b30d5938407afe4244b68863dcfa47e51b501.e3iSbxaKaheRe34Sa3yKbhiTahb0n6jAmljGr5XDqQLvpAe HTTP/1.1" 200 2
181.55.224.205 - - [17/Nov/2014:12:03:29 -0500] "POST /forms/lservlet;jsessionid=ac16012b30d5938407afe4244b68863dcfa47e51b501.e3iSbxaKaheRe34Sa3yKbhiTahb0n6jAmljGr5XDqQLvpAe HTTP/1.1" 200 3038
181.54.7.170 - - [17/Nov/2014:12:03:30 -0500] "GET /galeria/nivo-slider/demo/images/Banner-Caracol-Africano.jpg HTTP/1.1" 200 331986
181.55.224.205 - - [17/Nov/2014:12:03:30 -0500] "POST /forms/lservlet;jsessionid=ac16012b30d5938407afe4244b68863dcfa47e51b501.e3iSbxaKaheRe34Sa3yKbhiTahb0n6jAmljGr5XDqQLvpAe HTTP/1.1" 200 2
181.55.224.205 - - [17/Nov/2014:12:03:31 -0500] "POST /forms/lservlet;jsessionid=ac16012b30d5938407afe4244b68863dcfa47e51b501.e3iSbxaKaheRe34Sa3yKbhiTahb0n6jAmljGr5XDqQLvpAe HTTP/1.1" 200 2
181.55.224.205 - - [17/Nov/2014:12:03:31 -0500] "POST /forms/lservlet;jsessionid=ac16012b30d5938407afe4244b68863dcfa47e51b501.e3iSbxaKaheRe34Sa3yKbhiTahb0n6jAmljGr5XDqQLvpAe HTTP/1.1" 200 3118
181.55.224.205 - - [17/Nov/2014:12:03:31 -0500] "POST /forms/lservlet;jsessionid=ac16012b30d5938407afe4244b68863dcfa47e51b501.e3iSbxaKaheRe34Sa3yKbhiTahb0n6jAmljGr5XDqQLvpAe HTTP/1.1" 200 2
181.54.7.170 - - [17/Nov/2014:12:03:33 -0500] "GET /galeria/nivo-slider/demo/images/banner-redes.jpg HTTP/1.1" 200 62209
181.55.224.205 - - [17/Nov/2014:12:03:35 -0500] "POST /forms/lservlet;jsessionid=ac16012b30d5938407afe4244b68863dcfa47e51b501.e3iSbxaKaheRe34Sa3yKbhiTahb0n6jAmljGr5XDqQLvpAe HTTP/1.1" 200 2
181.55.224.205 - - [17/Nov/2014:12:03:35 -0500] "POST /forms/lservlet;jsessionid=ac16012b30d5938407afe4244b68863dcfa47e51b501.e3iSbxaKaheRe34Sa3yKbhiTahb0n6jAmljGr5XDqQLvpAe HTTP/1.1" 200 2288
181.55.224.205 - - [17/Nov/2014:12:03:35 -0500] "POST /forms/lservlet;jsessionid=ac16012b30d5938407afe4244b68863dcfa47e51b501.e3iSbxaKaheRe34Sa3yKbhiTahb0n6jAmljGr5XDqQLvpAe HTTP/1.1" 200 2
181.55.224.205 - - [17/Nov/2014:12:03:36 -0500] "POST /forms/lservlet;jsessionid=ac16012b30d5938407afe4244b68863dcfa47e51b501.e3iSbxaKaheRe34Sa3yKbhiTahb0n6jAmljGr5XDqQLvpAe HTTP/1.1" 200 2
181.54.7.170 - - [17/Nov/2014:12:03:36 -0500] "GET /galeria/nivo-slider/demo/images/9Signos.jpg HTTP/1.1" 200 93040
181.55.224.205 - - [17/Nov/2014:12:03:36 -0500] "POST /forms/lservlet;jsessionid=ac16012b30d5938407afe4244b68863dcfa47e51b501.e3iSbxaKaheRe34Sa3yKbhiTahb0n6jAmljGr5XDqQLvpAe HTTP/1.1" 200 2208
181.55.224.205 - - [17/Nov/2014:12:03:37 -0500] "POST /forms/lservlet;jsessionid=ac16012b30d5938407afe4244b68863dcfa47e51b501.e3iSbxaKaheRe34Sa3yKbhiTahb0n6jAmljGr5XDqQLvpAe HTTP/1.1" 200 2
188.165.15.110 - - [17/Nov/2014:12:03:37 -0500] "GET /BLA/resoluciones/RESOLUCIONES%202004/RES%202004%20801-850/00000821.tif HTTP/1.1" 200 279220
181.54.7.170 - - [17/Nov/2014:12:03:37 -0500] "GET /galeria/nivo-slider/demo/images/banner-caballos.png HTTP/1.1" 200 389106
