181.54.125.173 - - [17/Nov/2014:11:57:47 -0500] "GET /galeria/nivo-slider/themes/pascal/pascal.css HTTP/1.1" 200 2258
181.54.125.173 - - [17/Nov/2014:11:57:47 -0500] "GET /galeria/nivo-slider/themes/default/default.css HTTP/1.1" 200 1569
181.54.125.173 - - [17/Nov/2014:11:57:47 -0500] "GET /galeria/nivo-slider/nivo-slider.css HTTP/1.1" 200 1507
181.54.125.173 - - [17/Nov/2014:11:57:47 -0500] "GET /galeria/nivo-slider/jquery.nivo.slider.pack.js HTTP/1.1" 200 11561
181.55.224.205 - - [17/Nov/2014:11:57:47 -0500] "POST /forms/lservlet;jsessionid=ac16012b30d5938407afe4244b68863dcfa47e51b501.e3iSbxaKaheRe34Sa3yKbhiTahb0n6jAmljGr5XDqQLvpAe HTTP/1.1" 200 2
181.54.125.173 - - [17/Nov/2014:11:57:48 -0500] "GET /galeria/nivo-slider/demo/images/ForoNacionalAmbiental.jpg HTTP/1.1" 200 202541
181.54.125.173 - - [17/Nov/2014:11:57:48 -0500] "GET /galeria/nivo-slider/demo/style.css HTTP/1.1" 200 2222
181.54.125.173 - - [17/Nov/2014:11:57:48 -0500] "GET /galeria/nivo-slider/demo/images/Banner-comparendo.jpg HTTP/1.1" 200 388762
181.54.125.173 - - [17/Nov/2014:11:57:48 -0500] "GET /galeria/nivo-slider/themes/orman/orman.css HTTP/1.1" 200 2152
181.54.125.173 - - [17/Nov/2014:11:57:48 -0500] "GET /galeria/nivo-slider/demo/images/Banner-Ecourbanismo.jpg HTTP/1.1" 200 189838
181.54.125.173 - - [17/Nov/2014:11:57:48 -0500] "GET /galeria/nivo-slider/demo/scripts/jquery-1.7.1.min.js HTTP/1.1" 200 93868
181.54.125.173 - - [17/Nov/2014:11:57:48 -0500] "GET /galeria/nivo-slider/demo/images/porloshumedales.jpg HTTP/1.1" 200 351238
181.54.125.173 - - [17/Nov/2014:11:57:48 -0500] "GET /galeria/nivo-slider/demo/images/banner-aceite3.jpg HTTP/1.1" 200 88347
181.55.224.205 - - [17/Nov/2014:11:57:48 -0500] "POST /forms/lservlet;jsessionid=ac16012b30d5938407afe4244b68863dcfa47e51b501.e3iSbxaKaheRe34Sa3yKbhiTahb0n6jAmljGr5XDqQLvpAe HTTP/1.1" 200 3137
181.55.224.205 - - [17/Nov/2014:11:57:48 -0500] "POST /forms/lservlet;jsessionid=ac16012b30d5938407afe4244b68863dcfa47e51b501.e3iSbxaKaheRe34Sa3yKbhiTahb0n6jAmljGr5XDqQLvpAe HTTP/1.1" 200 2
181.54.125.173 - - [17/Nov/2014:11:57:48 -0500] "GET /galeria/nivo-slider/demo/images/4Simple_Slider.png HTTP/1.1" 200 11722
181.54.125.173 - - [17/Nov/2014:11:57:48 -0500] "GET /galeria/nivo-slider/themes/default/loading.gif HTTP/1.1" 200 1737
181.54.125.173 - - [17/Nov/2014:11:57:49 -0500] "GET /galeria/nivo-slider/demo/images/Tingua-azul.jpg HTTP/1.1" 200 307638
190.156.146.3 - - [17/Nov/2014:11:57:50 -0500] "GET /forest/json.do?query=tipoFirmaTipDoc&idtido=606&a=0.6678182887844741 HTTP/1.1" 200 21
181.54.125.173 - - [17/Nov/2014:11:57:50 -0500] "GET /galeria/nivo-slider/demo/images/Banner-Caracol-Africano.jpg HTTP/1.1" 200 331986
181.54.125.173 - - [17/Nov/2014:11:57:50 -0500] "GET /galeria/nivo-slider/demo/images/banner-redes.jpg HTTP/1.1" 200 62209
181.55.224.205 - - [17/Nov/2014:11:57:50 -0500] "POST /forms/lservlet;jsessionid=ac16012b30d5938407afe4244b68863dcfa47e51b501.e3iSbxaKaheRe34Sa3yKbhiTahb0n6jAmljGr5XDqQLvpAe HTTP/1.1" 200 2
181.54.125.173 - - [17/Nov/2014:11:57:50 -0500] "GET /galeria/nivo-slider/demo/images/9Signos.jpg HTTP/1.1" 200 93040
181.54.125.173 - - [17/Nov/2014:11:57:50 -0500] "GET /galeria/nivo-slider/demo/images/banner-caballos.png HTTP/1.1" 200 389106
181.54.125.173 - - [17/Nov/2014:11:57:50 -0500] "GET /galeria/nivo-slider/demo/images/Hacienda_Molinos.jpg HTTP/1.1" 200 319171
181.55.224.205 - - [17/Nov/2014:11:57:50 -0500] "POST /forms/lservlet;jsessionid=ac16012b30d5938407afe4244b68863dcfa47e51b501.e3iSbxaKaheRe34Sa3yKbhiTahb0n6jAmljGr5XDqQLvpAe HTTP/1.1" 200 3346
181.55.224.205 - - [17/Nov/2014:11:57:51 -0500] "POST /forms/lservlet;jsessionid=ac16012b30d5938407afe4244b68863dcfa47e51b501.e3iSbxaKaheRe34Sa3yKbhiTahb0n6jAmljGr5XDqQLvpAe HTTP/1.1" 200 2
181.54.125.173 - - [17/Nov/2014:11:57:51 -0500] "GET /galeria/nivo-slider/demo/images/bannerEcolecta3.jpg HTTP/1.1" 200 280034
181.54.125.173 - - [17/Nov/2014:11:57:52 -0500] "GET /videos/Spot_CambioClimatico.flv HTTP/1.1" 200 4371917
181.55.224.205 - - [17/Nov/2014:11:57:52 -0500] "POST /forms/lservlet;jsessionid=ac16012b30d5938407afe4244b68863dcfa47e51b501.e3iSbxaKaheRe34Sa3yKbhiTahb0n6jAmljGr5XDqQLvpAe HTTP/1.1" 200 2
181.55.224.205 - - [17/Nov/2014:11:57:52 -0500] "POST /forms/lservlet;jsessionid=ac16012b30d5938407afe4244b68863dcfa47e51b501.e3iSbxaKaheRe34Sa3yKbhiTahb0n6jAmljGr5XDqQLvpAe HTTP/1.1" 200 2898
181.55.224.205 - - [17/Nov/2014:11:57:53 -0500] "POST /forms/lservlet;jsessionid=ac16012b30d5938407afe4244b68863dcfa47e51b501.e3iSbxaKaheRe34Sa3yKbhiTahb0n6jAmljGr5XDqQLvpAe HTTP/1.1" 200 2
190.156.146.3 - - [17/Nov/2014:11:57:53 -0500] "GET /forest/actions/manager.fechaSumaDias?fecha=2014-11-17&dias=15&habil=true&a=0.18801595852710307 HTTP/1.1" 200 12
181.54.125.173 - - [17/Nov/2014:11:57:55 -0500] "GET /galeria/nivo-slider/themes/default/arrows.png HTTP/1.1" 200 824
181.54.125.173 - - [17/Nov/2014:11:57:55 -0500] "GET /galeria/nivo-slider/themes/default/bullets.png HTTP/1.1" 200 1281
181.55.224.205 - - [17/Nov/2014:11:57:55 -0500] "POST /forms/lservlet;jsessionid=ac16012b30d5938407afe4244b68863dcfa47e51b501.e3iSbxaKaheRe34Sa3yKbhiTahb0n6jAmljGr5XDqQLvpAe HTTP/1.1" 200 2
181.55.224.205 - - [17/Nov/2014:11:57:55 -0500] "POST /forms/lservlet;jsessionid=ac16012b30d5938407afe4244b68863dcfa47e51b501.e3iSbxaKaheRe34Sa3yKbhiTahb0n6jAmljGr5XDqQLvpAe HTTP/1.1" 200 3766
181.55.224.205 - - [17/Nov/2014:11:57:55 -0500] "POST /forms/lservlet;jsessionid=ac16012b30d5938407afe4244b68863dcfa47e51b501.e3iSbxaKaheRe34Sa3yKbhiTahb0n6jAmljGr5XDqQLvpAe HTTP/1.1" 200 2
181.55.224.205 - - [17/Nov/2014:11:57:57 -0500] "POST /forms/lservlet;jsessionid=ac16012b30d5938407afe4244b68863dcfa47e51b501.e3iSbxaKaheRe34Sa3yKbhiTahb0n6jAmljGr5XDqQLvpAe HTTP/1.1" 200 2
181.55.224.205 - - [17/Nov/2014:11:57:57 -0500] "POST /forms/lservlet;jsessionid=ac16012b30d5938407afe4244b68863dcfa47e51b501.e3iSbxaKaheRe34Sa3yKbhiTahb0n6jAmljGr5XDqQLvpAe HTTP/1.1" 200 36
181.55.224.205 - - [17/Nov/2014:11:57:57 -0500] "POST /forms/lservlet;jsessionid=ac16012b30d5938407afe4244b68863dcfa47e51b501.e3iSbxaKaheRe34Sa3yKbhiTahb0n6jAmljGr5XDqQLvpAe HTTP/1.1" 200 2
181.55.224.205 - - [17/Nov/2014:11:57:58 -0500] "POST /forms/lservlet;jsessionid=ac16012b30d5938407afe4244b68863dcfa47e51b501.e3iSbxaKaheRe34Sa3yKbhiTahb0n6jAmljGr5XDqQLvpAe HTTP/1.1" 200 2
181.55.224.205 - - [17/Nov/2014:11:57:59 -0500] "POST /forms/lservlet;jsessionid=ac16012b30d5938407afe4244b68863dcfa47e51b501.e3iSbxaKaheRe34Sa3yKbhiTahb0n6jAmljGr5XDqQLvpAe HTTP/1.1" 200 34
181.55.224.205 - - [17/Nov/2014:11:57:59 -0500] "POST /forms/lservlet;jsessionid=ac16012b30d5938407afe4244b68863dcfa47e51b501.e3iSbxaKaheRe34Sa3yKbhiTahb0n6jAmljGr5XDqQLvpAe HTTP/1.1" 200 2
181.55.224.205 - - [17/Nov/2014:11:57:59 -0500] "POST /forms/lservlet;jsessionid=ac16012b30d5938407afe4244b68863dcfa47e51b501.e3iSbxaKaheRe34Sa3yKbhiTahb0n6jAmljGr5XDqQLvpAe HTTP/1.1" 200 2
181.55.224.205 - - [17/Nov/2014:11:57:59 -0500] "POST /forms/lservlet;jsessionid=ac16012b30d5938407afe4244b68863dcfa47e51b501.e3iSbxaKaheRe34Sa3yKbhiTahb0n6jAmljGr5XDqQLvpAe HTTP/1.1" 200 3585
181.55.224.205 - - [17/Nov/2014:11:58:00 -0500] "POST /forms/lservlet;jsessionid=ac16012b30d5938407afe4244b68863dcfa47e51b501.e3iSbxaKaheRe34Sa3yKbhiTahb0n6jAmljGr5XDqQLvpAe HTTP/1.1" 200 2
181.55.224.205 - - [17/Nov/2014:11:58:00 -0500] "POST /forms/lservlet;jsessionid=ac16012b30d5938407afe4244b68863dcfa47e51b501.e3iSbxaKaheRe34Sa3yKbhiTahb0n6jAmljGr5XDqQLvpAe HTTP/1.1" 200 2
181.55.224.205 - - [17/Nov/2014:11:58:00 -0500] "POST /forms/lservlet;jsessionid=ac16012b30d5938407afe4244b68863dcfa47e51b501.e3iSbxaKaheRe34Sa3yKbhiTahb0n6jAmljGr5XDqQLvpAe HTTP/1.1" 200 2674
181.55.224.205 - - [17/Nov/2014:11:58:00 -0500] "POST /forms/lservlet;jsessionid=ac16012b30d5938407afe4244b68863dcfa47e51b501.e3iSbxaKaheRe34Sa3yKbhiTahb0n6jAmljGr5XDqQLvpAe HTTP/1.1" 200 2
181.55.224.205 - - [17/Nov/2014:11:58:01 -0500] "POST /forms/lservlet;jsessionid=ac16012b30d5938407afe4244b68863dcfa47e51b501.e3iSbxaKaheRe34Sa3yKbhiTahb0n6jAmljGr5XDqQLvpAe HTTP/1.1" 200 2
181.55.224.205 - - [17/Nov/2014:11:58:01 -0500] "POST /forms/lservlet;jsessionid=ac16012b30d5938407afe4244b68863dcfa47e51b501.e3iSbxaKaheRe34Sa3yKbhiTahb0n6jAmljGr5XDqQLvpAe HTTP/1.1" 200 3013
181.55.224.205 - - [17/Nov/2014:11:58:01 -0500] "POST /forms/lservlet;jsessionid=ac16012b30d5938407afe4244b68863dcfa47e51b501.e3iSbxaKaheRe34Sa3yKbhiTahb0n6jAmljGr5XDqQLvpAe HTTP/1.1" 200 2
181.55.224.205 - - [17/Nov/2014:11:58:01 -0500] "POST /forms/lservlet;jsessionid=ac16012b30d5938407afe4244b68863dcfa47e51b501.e3iSbxaKaheRe34Sa3yKbhiTahb0n6jAmljGr5XDqQLvpAe HTTP/1.1" 200 2
181.55.224.205 - - [17/Nov/2014:11:58:02 -0500] "POST /forms/lservlet;jsessionid=ac16012b30d5938407afe4244b68863dcfa47e51b501.e3iSbxaKaheRe34Sa3yKbhiTahb0n6jAmljGr5XDqQLvpAe HTTP/1.1" 200 2
181.55.224.205 - - [17/Nov/2014:11:58:02 -0500] "POST /forms/lservlet;jsessionid=ac16012b30d5938407afe4244b68863dcfa47e51b501.e3iSbxaKaheRe34Sa3yKbhiTahb0n6jAmljGr5XDqQLvpAe HTTP/1.1" 200 2843
181.55.224.205 - - [17/Nov/2014:11:58:02 -0500] "POST /forms/lservlet;jsessionid=ac16012b30d5938407afe4244b68863dcfa47e51b501.e3iSbxaKaheRe34Sa3yKbhiTahb0n6jAmljGr5XDqQLvpAe HTTP/1.1" 200 2
190.156.146.3 - - [17/Nov/2014:11:58:03 -0500] "POST /forest/usutareas.do?group_system_actual=3 HTTP/1.1" 200 267
181.55.224.205 - - [17/Nov/2014:11:58:03 -0500] "POST /forms/lservlet;jsessionid=ac16012b30d5938407afe4244b68863dcfa47e51b501.e3iSbxaKaheRe34Sa3yKbhiTahb0n6jAmljGr5XDqQLvpAe HTTP/1.1" 200 2
181.55.224.205 - - [17/Nov/2014:11:58:03 -0500] "POST /forms/lservlet;jsessionid=ac16012b30d5938407afe4244b68863dcfa47e51b501.e3iSbxaKaheRe34Sa3yKbhiTahb0n6jAmljGr5XDqQLvpAe HTTP/1.1" 200 3049
181.55.224.205 - - [17/Nov/2014:11:58:04 -0500] "POST /forms/lservlet;jsessionid=ac16012b30d5938407afe4244b68863dcfa47e51b501.e3iSbxaKaheRe34Sa3yKbhiTahb0n6jAmljGr5XDqQLvpAe HTTP/1.1" 200 2
181.55.224.205 - - [17/Nov/2014:11:58:04 -0500] "POST /forms/lservlet;jsessionid=ac16012b30d5938407afe4244b68863dcfa47e51b501.e3iSbxaKaheRe34Sa3yKbhiTahb0n6jAmljGr5XDqQLvpAe HTTP/1.1" 200 2
181.55.224.205 - - [17/Nov/2014:11:58:04 -0500] "POST /forms/lservlet;jsessionid=ac16012b30d5938407afe4244b68863dcfa47e51b501.e3iSbxaKaheRe34Sa3yKbhiTahb0n6jAmljGr5XDqQLvpAe HTTP/1.1" 200 2233
181.55.224.205 - - [17/Nov/2014:11:58:05 -0500] "POST /forms/lservlet;jsessionid=ac16012b30d5938407afe4244b68863dcfa47e51b501.e3iSbxaKaheRe34Sa3yKbhiTahb0n6jAmljGr5XDqQLvpAe HTTP/1.1" 200 10
190.156.146.3 - - [17/Nov/2014:11:58:04 -0500] "GET /forest/usutareas.do?group_system_actual=3&a=0.5748992341104895 HTTP/1.1" 200 110881
190.156.146.3 - - [17/Nov/2014:11:56:53 -0500] "GET /ForestMSG_SDA/channelAsync/template_word_16900312?X-Atmosphere-tracking-id=428391f9-70e4-2b17-d431-0994e83e3429&X-Atmosphere-Framework=1.0.5&X-Atmosphere-Transport=long-polling&tabid=0.13080250867642462&X-Cache-Date=0&Content-Type=application/xml&_=1416243654485 HTTP/1.1" 200 8193
190.156.146.3 - - [17/Nov/2014:11:58:05 -0500] "GET /forest/session.jsp?a=0.12906470242887735 HTTP/1.1" 200 4
190.156.146.3 - - [17/Nov/2014:11:58:05 -0500] "GET /forest/actions/forms.getMappedValues?id=id_EnlaceConcejo39&value=1415801581869&codForm=DPC_RadicarConsolidador1&a=0.32266402360983193 HTTP/1.1" 200 47
190.156.146.3 - - [17/Nov/2014:11:58:12 -0500] "POST /forest/usutareas.do? HTTP/1.1" 200 341
190.156.146.3 - - [17/Nov/2014:11:58:13 -0500] "GET /forest/usutareas.do?group_system_actual=3&a=0.045173976104706526 HTTP/1.1" 200 19245
190.156.146.3 - - [17/Nov/2014:11:58:13 -0500] "GET /forest/session.jsp?a=0.29194544279016554 HTTP/1.1" 200 4
190.156.146.3 - - [17/Nov/2014:11:58:15 -0500] "GET /forest/misactividades.do?_a=0.6588281139265746&group_system_actual=3 HTTP/1.1" 200 36528
190.156.146.3 - - [17/Nov/2014:11:58:15 -0500] "GET /forest/misactividades.do?_a=0.5800619444344193&group_system_actual=3 HTTP/1.1" 200 36528
190.156.146.3 - - [17/Nov/2014:11:58:15 -0500] "GET /forest/session.jsp?a=0.1638358416967094 HTTP/1.1" 200 4
190.156.146.3 - - [17/Nov/2014:11:58:15 -0500] "POST /forest/misactividades.do?ajax=true&a=0.13825238915160298 HTTP/1.1" 200 8359
190.156.146.3 - - [17/Nov/2014:11:58:17 -0500] "GET /forest/usutareas.do?_a=0.4181172924581915&group_system_actual=3 HTTP/1.1" 200 107845
190.156.146.3 - - [17/Nov/2014:11:58:18 -0500] "GET /forest/session.jsp?a=0.0457043987698853 HTTP/1.1" 200 4
190.156.146.3 - - [17/Nov/2014:11:58:18 -0500] "GET /forest/actions/forms.getMappedValues?id=id_EnlaceConcejo39&value=1414772561311&codForm=DPC_RadicarConsolidador1&a=0.11906759114935994 HTTP/1.1" 200 47
190.156.146.3 - - [17/Nov/2014:11:58:20 -0500] "GET /forest/borrador/1515545/respuesta.docx HTTP/1.1" 200 169728
201.185.204.14 - - [17/Nov/2014:11:58:23 -0500] "GET /BLA/boletinlegal/js/jquery.scrollTo-min.js HTTP/1.1" 200 1150
201.185.204.14 - - [17/Nov/2014:11:58:23 -0500] "GET /BLA/boletinlegal/js/jquery.scrollShow.js HTTP/1.1" 200 4586
201.185.204.14 - - [17/Nov/2014:11:58:23 -0500] "GET /BLA/boletinlegal/js/jquery.js HTTP/1.1" 200 57254
201.245.192.253 - - [17/Nov/2014:11:58:24 -0500] "GET /BLA/boletinlegal/consulta_actos.php?tipo=resoluciones&no=6127&usuario=&sector=&fecha=2009&resuelve= HTTP/1.1" 200 1028
186.119.55.57 - - [17/Nov/2014:11:58:35 -0500] "GET /BLA/boletinlegal/js/jquery.js HTTP/1.1" 200 57254
186.119.55.57 - - [17/Nov/2014:11:58:35 -0500] "GET /BLA/boletinlegal/js/jquery.scrollTo-min.js HTTP/1.1" 200 1150
186.119.55.57 - - [17/Nov/2014:11:58:35 -0500] "GET /BLA/boletinlegal/js/jquery.scrollShow.js HTTP/1.1" 200 4586
201.244.255.183 - - [17/Nov/2014:11:58:36 -0500] "GET /BLA/boletinlegal/js/jquery.js HTTP/1.1" 200 57254
201.244.255.183 - - [17/Nov/2014:11:58:36 -0500] "GET /BLA/boletinlegal/js/jquery.scrollTo-min.js HTTP/1.1" 200 1150
201.244.255.183 - - [17/Nov/2014:11:58:36 -0500] "GET /BLA/boletinlegal/js/jquery.scrollShow.js HTTP/1.1" 200 4586
190.26.186.10 - - [17/Nov/2014:11:58:47 -0500] "POST /forms/lservlet;jsessionid=ac16012b30d5cc0fabacecd14d548cfe952d4f8dbb64.e3iSbxaKaheRe34Sa3yKbhiTahb0n6jAmljGr5XDqQLvpAe HTTP/1.1" 200 2
188.165.15.64 - - [17/Nov/2014:11:58:57 -0500] "GET /BLA/resoluciones/RESOLUCIONES%202005/RES%202005%201301-1350/00001312.tif HTTP/1.1" 200 62076
190.156.146.3 - - [17/Nov/2014:11:52:57 -0500] "GET /ForestMSG_SDA/channelAsync/template_word_16900419?X-Atmosphere-tracking-id=f273f65d-67d6-f6c7-cf5a-cbe8d4b8da92&X-Atmosphere-Framework=1.0.5&X-Atmosphere-Transport=long-polling&tabid=0.7256105022970587&X-Cache-Date=0&Content-Type=application/xml&_=1416243415901 HTTP/1.1" 200 8193
186.147.66.232 - - [17/Nov/2014:11:55:22 -0500] "POST /forest/buscar.do? HTTP/1.1" 200 15530
188.165.15.60 - - [17/Nov/2014:11:59:06 -0500] "GET /BLA/resoluciones/RESOLUCIONES%202004/RES%202004%2001-%2050/00000038.tif HTTP/1.1" 200 104868
181.55.224.205 - - [17/Nov/2014:11:59:14 -0500] "POST /forms/lservlet;jsessionid=ac16012b30d5938407afe4244b68863dcfa47e51b501.e3iSbxaKaheRe34Sa3yKbhiTahb0n6jAmljGr5XDqQLvpAe HTTP/1.1" 200 2
181.55.224.205 - - [17/Nov/2014:11:59:14 -0500] "POST /forms/lservlet;jsessionid=ac16012b30d5938407afe4244b68863dcfa47e51b501.e3iSbxaKaheRe34Sa3yKbhiTahb0n6jAmljGr5XDqQLvpAe HTTP/1.1" 200 688
181.55.224.205 - - [17/Nov/2014:11:59:14 -0500] "POST /forms/lservlet;jsessionid=ac16012b30d5938407afe4244b68863dcfa47e51b501.e3iSbxaKaheRe34Sa3yKbhiTahb0n6jAmljGr5XDqQLvpAe HTTP/1.1" 200 10
181.55.224.205 - - [17/Nov/2014:11:59:15 -0500] "POST /forms/lservlet;jsessionid=ac16012b30d5938407afe4244b68863dcfa47e51b501.e3iSbxaKaheRe34Sa3yKbhiTahb0n6jAmljGr5XDqQLvpAe HTTP/1.1" 200 66
66.249.64.167 - - [17/Nov/2014:11:59:20 -0500] "GET /BLA/resoluciones/RESOLUCIONES%202007/RES%202007%203201%20AL%203300/RESOLUCION%203271%20DE%202007.pdf HTTP/1.1" 200 1268778
187.151.213.73 - - [17/Nov/2014:11:59:21 -0500] "GET /BLA/boletinlegal/js/jquery.scrollTo-min.js HTTP/1.1" 200 1150
187.151.213.73 - - [17/Nov/2014:11:59:21 -0500] "GET /BLA/boletinlegal/js/jquery.js HTTP/1.1" 200 57254
187.151.213.73 - - [17/Nov/2014:11:59:21 -0500] "GET /BLA/boletinlegal/js/jquery.scrollShow.js HTTP/1.1" 200 4586
186.147.66.232 - - [17/Nov/2014:11:59:22 -0500] "GET /forest/session.jsp?a=0.8411227816250175 HTTP/1.1" 200 4
66.249.64.163 - - [17/Nov/2014:11:59:26 -0500] "GET /galeria/nivo-slider/nivo-slider.css HTTP/1.1" 200 1507
66.249.64.171 - - [17/Nov/2014:11:59:27 -0500] "GET /galeria/nivo-slider/demo/scripts/jquery-1.7.1.min.js HTTP/1.1" 200 93868
66.249.64.171 - - [17/Nov/2014:11:59:28 -0500] "GET /galeria/nivo-slider/demo/demo.html HTTP/1.1" 200 3537
66.249.64.167 - - [17/Nov/2014:11:59:28 -0500] "GET /galeria/nivo-slider/demo/style.css HTTP/1.1" 200 2222
66.249.64.167 - - [17/Nov/2014:11:59:29 -0500] "GET /galeria/nivo-slider/jquery.nivo.slider.pack.js HTTP/1.1" 200 11561
74.86.158.107 - - [17/Nov/2014:11:59:29 -0500] "HEAD / HTTP/1.1" 302 -
66.249.64.163 - - [17/Nov/2014:11:59:29 -0500] "GET /galeria/nivo-slider/themes/orman/orman.css HTTP/1.1" 200 2152
66.249.64.163 - - [17/Nov/2014:11:59:30 -0500] "GET /galeria/nivo-slider/themes/pascal/pascal.css HTTP/1.1" 200 2258
66.249.64.167 - - [17/Nov/2014:11:59:30 -0500] "GET /galeria/nivo-slider/themes/default/default.css HTTP/1.1" 200 1569
186.154.168.238 - - [17/Nov/2014:11:59:31 -0500] "GET /BLA/boletinlegal/js/jquery.js HTTP/1.1" 200 57254
186.154.168.238 - - [17/Nov/2014:11:59:31 -0500] "GET /BLA/boletinlegal/js/jquery.scrollTo-min.js HTTP/1.1" 200 1150
186.154.168.238 - - [17/Nov/2014:11:59:31 -0500] "GET /BLA/boletinlegal/js/jquery.scrollShow.js HTTP/1.1" 200 4586
186.154.168.238 - - [17/Nov/2014:11:59:31 -0500] "GET /galeria/carrusel/Carrusel/jquery.thumbnailScroller.css HTTP/1.1" 200 2066
186.154.168.238 - - [17/Nov/2014:11:59:31 -0500] "GET /galeria/carrusel/Carrusel/jquery-ui-1.8.13.custom.min.js HTTP/1.1" 200 10800
186.154.168.238 - - [17/Nov/2014:11:59:31 -0500] "GET /galeria/carrusel/Carrusel/jquery.thumbnailScroller.js HTTP/1.1" 200 8157
186.28.171.177 - - [17/Nov/2014:11:59:31 -0500] "GET /forms/frmservlet?config=sia HTTP/1.1" 200 4028
181.55.224.205 - - [17/Nov/2014:11:59:31 -0500] "POST /forms/lservlet;jsessionid=ac16012b30d5938407afe4244b68863dcfa47e51b501.e3iSbxaKaheRe34Sa3yKbhiTahb0n6jAmljGr5XDqQLvpAe HTTP/1.1" 200 24
181.55.224.205 - - [17/Nov/2014:11:59:31 -0500] "POST /forms/lservlet;jsessionid=ac16012b30d5938407afe4244b68863dcfa47e51b501.e3iSbxaKaheRe34Sa3yKbhiTahb0n6jAmljGr5XDqQLvpAe HTTP/1.1" 200 592
181.55.224.205 - - [17/Nov/2014:11:59:32 -0500] "POST /forms/lservlet;jsessionid=ac16012b30d5938407afe4244b68863dcfa47e51b501.e3iSbxaKaheRe34Sa3yKbhiTahb0n6jAmljGr5XDqQLvpAe HTTP/1.1" 200 20
181.55.224.205 - - [17/Nov/2014:11:59:34 -0500] "POST /forms/lservlet;jsessionid=ac16012b30d5938407afe4244b68863dcfa47e51b501.e3iSbxaKaheRe34Sa3yKbhiTahb0n6jAmljGr5XDqQLvpAe HTTP/1.1" 200 55
181.55.224.205 - - [17/Nov/2014:11:59:37 -0500] "POST /forms/lservlet;jsessionid=ac16012b30d5938407afe4244b68863dcfa47e51b501.e3iSbxaKaheRe34Sa3yKbhiTahb0n6jAmljGr5XDqQLvpAe HTTP/1.1" 200 2
181.55.224.205 - - [17/Nov/2014:11:59:37 -0500] "POST /forms/lservlet;jsessionid=ac16012b30d5938407afe4244b68863dcfa47e51b501.e3iSbxaKaheRe34Sa3yKbhiTahb0n6jAmljGr5XDqQLvpAe HTTP/1.1" 200 484
181.55.224.205 - - [17/Nov/2014:11:59:37 -0500] "POST /forms/lservlet;jsessionid=ac16012b30d5938407afe4244b68863dcfa47e51b501.e3iSbxaKaheRe34Sa3yKbhiTahb0n6jAmljGr5XDqQLvpAe HTTP/1.1" 200 19
186.28.171.177 - - [17/Nov/2014:11:59:38 -0500] "GET /forms/java/frmall_jinit.jar HTTP/1.1" 304 -
181.55.224.205 - - [17/Nov/2014:11:59:38 -0500] "POST /forms/lservlet;jsessionid=ac16012b30d5938407afe4244b68863dcfa47e51b501.e3iSbxaKaheRe34Sa3yKbhiTahb0n6jAmljGr5XDqQLvpAe HTTP/1.1" 200 50
186.154.168.238 - - [17/Nov/2014:11:59:38 -0500] "GET /galeria/nivo-slider/demo/demo.html HTTP/1.1" 200 3537
186.154.168.238 - - [17/Nov/2014:11:59:39 -0500] "GET /galeria/nivo-slider/themes/default/default.css HTTP/1.1" 200 1569
186.154.168.238 - - [17/Nov/2014:11:59:39 -0500] "GET /galeria/nivo-slider/themes/pascal/pascal.css HTTP/1.1" 200 2258
186.154.168.238 - - [17/Nov/2014:11:59:39 -0500] "GET /galeria/nivo-slider/demo/images/ForoNacionalAmbiental.jpg HTTP/1.1" 200 202541
186.154.168.238 - - [17/Nov/2014:11:59:39 -0500] "GET /galeria/nivo-slider/themes/orman/orman.css HTTP/1.1" 200 2152
186.154.168.238 - - [17/Nov/2014:11:59:39 -0500] "GET /galeria/nivo-slider/nivo-slider.css HTTP/1.1" 200 1507
186.154.168.238 - - [17/Nov/2014:11:59:39 -0500] "GET /galeria/nivo-slider/demo/style.css HTTP/1.1" 200 2222
186.154.168.238 - - [17/Nov/2014:11:59:39 -0500] "GET /galeria/nivo-slider/demo/scripts/jquery-1.7.1.min.js HTTP/1.1" 200 93868
186.154.168.238 - - [17/Nov/2014:11:59:39 -0500] "GET /galeria/nivo-slider/jquery.nivo.slider.pack.js HTTP/1.1" 200 11561
186.154.168.238 - - [17/Nov/2014:11:59:40 -0500] "GET /galeria/nivo-slider/demo/images/Banner-comparendo.jpg HTTP/1.1" 200 388762
186.154.168.238 - - [17/Nov/2014:11:59:40 -0500] "GET /galeria/nivo-slider/demo/images/Banner-Ecourbanismo.jpg HTTP/1.1" 200 189838
186.154.168.238 - - [17/Nov/2014:11:59:40 -0500] "GET /galeria/nivo-slider/demo/images/porloshumedales.jpg HTTP/1.1" 200 351238
201.245.192.253 - - [17/Nov/2014:11:59:40 -0500] "GET /BLA/boletinlegal/consulta_actos.php?tipo=resoluciones&no=6771&usuario=&sector=&fecha=2010&resuelve= HTTP/1.1" 200 1460
186.154.82.207 - - [17/Nov/2014:11:59:40 -0500] "GET /BLA/boletinlegal/js/jquery.js HTTP/1.1" 200 57254
186.154.82.207 - - [17/Nov/2014:11:59:40 -0500] "GET /BLA/boletinlegal/js/jquery.scrollShow.js HTTP/1.1" 200 4586
186.154.82.207 - - [17/Nov/2014:11:59:40 -0500] "GET /BLA/boletinlegal/js/jquery.scrollTo-min.js HTTP/1.1" 200 1150
186.154.168.238 - - [17/Nov/2014:11:59:42 -0500] "GET /galeria/nivo-slider/demo/images/banner-aceite3.jpg HTTP/1.1" 200 88347
186.154.168.238 - - [17/Nov/2014:11:59:42 -0500] "GET /galeria/nivo-slider/demo/images/Tingua-azul.jpg HTTP/1.1" 200 307638
201.228.184.49 - - [17/Nov/2014:11:59:43 -0500] "GET /BLA/boletinlegal/js/jquery.js HTTP/1.1" 200 57254
201.228.184.49 - - [17/Nov/2014:11:59:43 -0500] "GET /BLA/boletinlegal/js/jquery.scrollTo-min.js HTTP/1.1" 200 1150
201.228.184.49 - - [17/Nov/2014:11:59:43 -0500] "GET /BLA/boletinlegal/js/jquery.scrollShow.js HTTP/1.1" 200 4586
181.55.224.205 - - [17/Nov/2014:11:59:43 -0500] "POST /forms/lservlet;jsessionid=ac16012b30d5938407afe4244b68863dcfa47e51b501.e3iSbxaKaheRe34Sa3yKbhiTahb0n6jAmljGr5XDqQLvpAe HTTP/1.1" 200 24
181.55.224.205 - - [17/Nov/2014:11:59:43 -0500] "POST /forms/lservlet;jsessionid=ac16012b30d5938407afe4244b68863dcfa47e51b501.e3iSbxaKaheRe34Sa3yKbhiTahb0n6jAmljGr5XDqQLvpAe HTTP/1.1" 200 4224
181.55.224.205 - - [17/Nov/2014:11:59:44 -0500] "POST /forms/lservlet;jsessionid=ac16012b30d5938407afe4244b68863dcfa47e51b501.e3iSbxaKaheRe34Sa3yKbhiTahb0n6jAmljGr5XDqQLvpAe HTTP/1.1" 200 18
186.154.168.238 - - [17/Nov/2014:11:59:44 -0500] "GET /galeria/nivo-slider/demo/images/4Simple_Slider.png HTTP/1.1" 200 11722
186.154.168.238 - - [17/Nov/2014:11:59:45 -0500] "GET /galeria/nivo-slider/themes/default/loading.gif HTTP/1.1" 200 1737
186.154.168.238 - - [17/Nov/2014:11:59:45 -0500] "GET /galeria/nivo-slider/demo/images/Banner-Caracol-Africano.jpg HTTP/1.1" 200 331986
186.154.168.238 - - [17/Nov/2014:11:59:45 -0500] "GET /galeria/nivo-slider/demo/images/banner-redes.jpg HTTP/1.1" 200 62209
186.28.171.177 - - [17/Nov/2014:11:59:46 -0500] "GET /forms/java/icons.jar HTTP/1.1" 304 -
186.28.171.177 - - [17/Nov/2014:11:59:46 -0500] "GET /forms/java/java/awt/KeyboardFocusManager.class HTTP/1.1" 404 352
186.28.171.177 - - [17/Nov/2014:11:59:46 -0500] "GET /forms/java/java/awt/KeyboardFocusManager.class HTTP/1.1" 404 352
186.28.171.177 - - [17/Nov/2014:11:59:46 -0500] "GET /forms/java/java/awt/event/MouseWheelListener.class HTTP/1.1" 404 356
186.154.168.238 - - [17/Nov/2014:11:59:46 -0500] "GET /galeria/nivo-slider/demo/images/9Signos.jpg HTTP/1.1" 200 93040
186.28.171.177 - - [17/Nov/2014:11:59:46 -0500] "GET /forms/java/java/awt/event/MouseWheelListener.class HTTP/1.1" 404 356
186.28.171.177 - - [17/Nov/2014:11:59:46 -0500] "GET /forms/java/oracle/forms/registry/Registry.dat HTTP/1.1" 200 4213
186.28.171.177 - - [17/Nov/2014:11:59:46 -0500] "GET /forms/java/oracle/forms/registry/default.dat HTTP/1.1" 404 350
181.55.224.205 - - [17/Nov/2014:11:59:46 -0500] "POST /forms/lservlet;jsessionid=ac16012b30d5938407afe4244b68863dcfa47e51b501.e3iSbxaKaheRe34Sa3yKbhiTahb0n6jAmljGr5XDqQLvpAe HTTP/1.1" 200 2
181.55.224.205 - - [17/Nov/2014:11:59:47 -0500] "POST /forms/lservlet;jsessionid=ac16012b30d5938407afe4244b68863dcfa47e51b501.e3iSbxaKaheRe34Sa3yKbhiTahb0n6jAmljGr5XDqQLvpAe HTTP/1.1" 200 14
186.154.168.238 - - [17/Nov/2014:11:59:49 -0500] "GET /galeria/nivo-slider/demo/images/banner-caballos.png HTTP/1.1" 200 389106
181.55.224.205 - - [17/Nov/2014:11:59:48 -0500] "POST /forms/lservlet;jsessionid=ac16012b30d5938407afe4244b68863dcfa47e51b501.e3iSbxaKaheRe34Sa3yKbhiTahb0n6jAmljGr5XDqQLvpAe HTTP/1.1" 200 14
186.154.168.238 - - [17/Nov/2014:11:59:49 -0500] "GET /galeria/nivo-slider/demo/images/Hacienda_Molinos.jpg HTTP/1.1" 200 319171
186.154.168.238 - - [17/Nov/2014:11:59:49 -0500] "GET /galeria/nivo-slider/demo/images/bannerEcolecta3.jpg HTTP/1.1" 200 280034
181.55.224.205 - - [17/Nov/2014:11:59:49 -0500] "POST /forms/lservlet;jsessionid=ac16012b30d5938407afe4244b68863dcfa47e51b501.e3iSbxaKaheRe34Sa3yKbhiTahb0n6jAmljGr5XDqQLvpAe HTTP/1.1" 200 14
181.55.224.205 - - [17/Nov/2014:11:59:51 -0500] "POST /forms/lservlet;jsessionid=ac16012b30d5938407afe4244b68863dcfa47e51b501.e3iSbxaKaheRe34Sa3yKbhiTahb0n6jAmljGr5XDqQLvpAe HTTP/1.1" 200 14
186.28.171.177 - - [17/Nov/2014:11:59:53 -0500] "GET /forms/frmservlet?config=sia&acceptLanguage=es-co&ifcmd=startsession HTTP/1.1" 200 119
181.55.224.205 - - [17/Nov/2014:11:59:53 -0500] "POST /forms/lservlet;jsessionid=ac16012b30d5938407afe4244b68863dcfa47e51b501.e3iSbxaKaheRe34Sa3yKbhiTahb0n6jAmljGr5XDqQLvpAe HTTP/1.1" 200 15
186.28.171.177 - - [17/Nov/2014:11:59:54 -0500] "GET /forms/lservlet;jsessionid=ac16012b30d5de96018be3af4b0b9fd7bd348a5efec6.e3iSbxaKaheRe34Sa3yKbhiTahb0n6jAmljGr5XDqQLvpAe?ifcmd=getinfo&ifhost=JuanCarlos-PC&ifip=192.168.0.3 HTTP/1.1" 200 8
186.28.171.177 - - [17/Nov/2014:11:59:54 -0500] "POST /forms/lservlet;jsessionid=ac16012b30d5de96018be3af4b0b9fd7bd348a5efec6.e3iSbxaKaheRe34Sa3yKbhiTahb0n6jAmljGr5XDqQLvpAe HTTP/1.1" 200 8
186.28.171.177 - - [17/Nov/2014:11:59:55 -0500] "GET /forms/java/oracle/forms/engine/RunformBundle_es_CO.class HTTP/1.1" 404 362
186.28.171.177 - - [17/Nov/2014:11:59:55 -0500] "GET /forms/java/oracle/forms/engine/RunformBundle_es_CO.class HTTP/1.1" 404 362
186.28.171.177 - - [17/Nov/2014:11:59:55 -0500] "GET /forms/java/oracle/forms/engine/RunformBundle_es_CO.properties HTTP/1.1" 404 367
186.28.171.177 - - [17/Nov/2014:11:59:55 -0500] "POST /forms/lservlet;jsessionid=ac16012b30d5de96018be3af4b0b9fd7bd348a5efec6.e3iSbxaKaheRe34Sa3yKbhiTahb0n6jAmljGr5XDqQLvpAe HTTP/1.1" 200 64000
181.55.224.205 - - [17/Nov/2014:11:59:55 -0500] "POST /forms/lservlet;jsessionid=ac16012b30d5938407afe4244b68863dcfa47e51b501.e3iSbxaKaheRe34Sa3yKbhiTahb0n6jAmljGr5XDqQLvpAe HTTP/1.1" 200 15
186.28.171.177 - - [17/Nov/2014:11:59:56 -0500] "POST /forms/lservlet;jsessionid=ac16012b30d5de96018be3af4b0b9fd7bd348a5efec6.e3iSbxaKaheRe34Sa3yKbhiTahb0n6jAmljGr5XDqQLvpAe HTTP/1.1" 200 64000
186.28.171.177 - - [17/Nov/2014:11:59:57 -0500] "POST /forms/lservlet;jsessionid=ac16012b30d5de96018be3af4b0b9fd7bd348a5efec6.e3iSbxaKaheRe34Sa3yKbhiTahb0n6jAmljGr5XDqQLvpAe HTTP/1.1" 200 63623
186.154.168.238 - - [17/Nov/2014:11:59:57 -0500] "GET /galeria/nivo-slider/themes/default/arrows.png HTTP/1.1" 200 824
186.154.168.238 - - [17/Nov/2014:11:59:57 -0500] "GET /galeria/nivo-slider/themes/default/bullets.png HTTP/1.1" 200 1281
186.28.171.177 - - [17/Nov/2014:11:59:58 -0500] "HEAD /imagenes/dama_logo.gif HTTP/1.1" 200 -
186.28.171.177 - - [17/Nov/2014:11:59:58 -0500] "GET /imagenes/dama_logo.gif HTTP/1.1" 200 21482
186.28.171.177 - - [17/Nov/2014:11:59:59 -0500] "POST /forms/lservlet;jsessionid=ac16012b30d5de96018be3af4b0b9fd7bd348a5efec6.e3iSbxaKaheRe34Sa3yKbhiTahb0n6jAmljGr5XDqQLvpAe HTTP/1.1" 200 2
186.28.171.177 - - [17/Nov/2014:11:59:59 -0500] "POST /forms/lservlet;jsessionid=ac16012b30d5de96018be3af4b0b9fd7bd348a5efec6.e3iSbxaKaheRe34Sa3yKbhiTahb0n6jAmljGr5XDqQLvpAe HTTP/1.1" 200 2
186.154.168.238 - - [17/Nov/2014:11:59:59 -0500] "GET /videos/Spot_CambioClimatico.flv HTTP/1.1" 200 4371917
181.55.224.205 - - [17/Nov/2014:11:59:59 -0500] "POST /forms/lservlet;jsessionid=ac16012b30d5938407afe4244b68863dcfa47e51b501.e3iSbxaKaheRe34Sa3yKbhiTahb0n6jAmljGr5XDqQLvpAe HTTP/1.1" 200 15
181.55.224.205 - - [17/Nov/2014:12:00:07 -0500] "POST /forms/lservlet;jsessionid=ac16012b30d5938407afe4244b68863dcfa47e51b501.e3iSbxaKaheRe34Sa3yKbhiTahb0n6jAmljGr5XDqQLvpAe HTTP/1.1" 200 15
201.245.192.253 - - [17/Nov/2014:12:00:10 -0500] "GET /BLA/boletinlegal/consulta_actos.php?tipo=resoluciones&no=9593&usuario=&sector=&fecha=2009&resuelve= HTTP/1.1" 200 1058
186.29.229.173 - - [17/Nov/2014:12:00:16 -0500] "GET /forest/session.jsp?a=0.08741011238705076 HTTP/1.1" 200 4
181.55.224.205 - - [17/Nov/2014:12:00:16 -0500] "POST /forms/lservlet;jsessionid=ac16012b30d5938407afe4244b68863dcfa47e51b501.e3iSbxaKaheRe34Sa3yKbhiTahb0n6jAmljGr5XDqQLvpAe HTTP/1.1" 200 15
186.29.36.97 - - [17/Nov/2014:12:00:21 -0500] "GET /BLA/boletinlegal/js/jquery.js HTTP/1.1" 200 57254
186.29.36.97 - - [17/Nov/2014:12:00:21 -0500] "GET /BLA/boletinlegal/js/jquery.scrollTo-min.js HTTP/1.1" 200 1150
186.29.36.97 - - [17/Nov/2014:12:00:21 -0500] "GET /BLA/boletinlegal/js/jquery.scrollShow.js HTTP/1.1" 200 4586
181.55.224.205 - - [17/Nov/2014:12:00:25 -0500] "POST /forms/lservlet;jsessionid=ac16012b30d5938407afe4244b68863dcfa47e51b501.e3iSbxaKaheRe34Sa3yKbhiTahb0n6jAmljGr5XDqQLvpAe HTTP/1.1" 200 15
181.55.105.32 - - [17/Nov/2014:12:00:32 -0500] "GET /BLA/boletinlegal/js/jquery.js HTTP/1.1" 200 57254
181.55.105.32 - - [17/Nov/2014:12:00:32 -0500] "GET /BLA/boletinlegal/js/jquery.scrollTo-min.js HTTP/1.1" 200 1150
181.55.105.32 - - [17/Nov/2014:12:00:32 -0500] "GET /BLA/boletinlegal/js/jquery.scrollShow.js HTTP/1.1" 200 4586
181.55.224.205 - - [17/Nov/2014:12:00:34 -0500] "POST /forms/lservlet;jsessionid=ac16012b30d5938407afe4244b68863dcfa47e51b501.e3iSbxaKaheRe34Sa3yKbhiTahb0n6jAmljGr5XDqQLvpAe HTTP/1.1" 200 15
181.61.120.192 - - [17/Nov/2014:12:00:39 -0500] "GET /PruebasSTORM/StormSDA_pruebas/userFiles/user_files.jnlp HTTP/1.1" 304 -
181.61.120.192 - - [17/Nov/2014:12:00:39 -0500] "GET /PruebasSTORM/StormSDA_pruebas/lib/lib.jnlp HTTP/1.1" 304 -
181.61.120.192 - - [17/Nov/2014:12:00:39 -0500] "GET /PruebasSTORM/StormSDA_pruebas/nsjars/nsjars.jnlp HTTP/1.1" 304 -
181.61.120.192 - - [17/Nov/2014:12:00:39 -0500] "GET /PruebasSTORM/StormSDA_pruebas/storm/XMLFormula.jar HTTP/1.1" 304 -
181.61.120.192 - - [17/Nov/2014:12:00:39 -0500] "GET /PruebasSTORM/StormSDA_pruebas/storm/Utils.jar HTTP/1.1" 304 -
181.61.120.192 - - [17/Nov/2014:12:00:39 -0500] "GET /PruebasSTORM/StormSDA_pruebas/StormUser21.jar HTTP/1.1" 304 -
181.61.120.192 - - [17/Nov/2014:12:00:39 -0500] "GET /PruebasSTORM/StormSDA_pruebas/storm/userHelp.jar HTTP/1.1" 304 -
181.61.120.192 - - [17/Nov/2014:12:00:39 -0500] "GET /PruebasSTORM/StormSDA_pruebas/storm/StormUser.jar HTTP/1.1" 304 -
181.61.120.192 - - [17/Nov/2014:12:00:40 -0500] "GET /PruebasSTORM/StormSDA_pruebas/storm/STORMParser.jar HTTP/1.1" 304 -
181.61.120.192 - - [17/Nov/2014:12:00:40 -0500] "GET /PruebasSTORM/StormSDA_pruebas/storm/EnviosPlugin.jar HTTP/1.1" 304 -
181.61.120.192 - - [17/Nov/2014:12:00:40 -0500] "GET /PruebasSTORM/StormSDA_pruebas/storm/stormNewServer.jar HTTP/1.1" 304 -
181.61.120.192 - - [17/Nov/2014:12:00:40 -0500] "GET /PruebasSTORM/StormSDA_pruebas/storm/STORMFormula.jar HTTP/1.1" 304 -
181.61.120.192 - - [17/Nov/2014:12:00:40 -0500] "GET /PruebasSTORM/StormSDA_pruebas/storm/HTTPClient.jar HTTP/1.1" 304 -
181.61.120.192 - - [17/Nov/2014:12:00:40 -0500] "GET /PruebasSTORM/StormSDA_pruebas/storm/version.jar HTTP/1.1" 304 -
181.61.120.192 - - [17/Nov/2014:12:00:40 -0500] "GET /PruebasSTORM/StormSDA_pruebas/userFiles/1.jar HTTP/1.1" 304 -
181.61.120.192 - - [17/Nov/2014:12:00:40 -0500] "GET /PruebasSTORM/StormSDA_pruebas/storm/Matriz.jar HTTP/1.1" 304 -
181.61.120.192 - - [17/Nov/2014:12:00:40 -0500] "GET /PruebasSTORM/StormSDA_pruebas/userFiles/85.jar HTTP/1.1" 304 -
181.61.120.192 - - [17/Nov/2014:12:00:40 -0500] "GET /PruebasSTORM/StormSDA_pruebas/userFiles/86.jar HTTP/1.1" 304 -
181.61.120.192 - - [17/Nov/2014:12:00:40 -0500] "GET /PruebasSTORM/StormSDA_pruebas/userFiles/87.jar HTTP/1.1" 304 -
181.61.120.192 - - [17/Nov/2014:12:00:40 -0500] "GET /PruebasSTORM/StormSDA_pruebas/userFiles/88.jar HTTP/1.1" 304 -
181.61.120.192 - - [17/Nov/2014:12:00:40 -0500] "GET /PruebasSTORM/StormSDA_pruebas/userFiles/90.jar HTTP/1.1" 304 -
181.61.120.192 - - [17/Nov/2014:12:00:40 -0500] "GET /PruebasSTORM/StormSDA_pruebas/userFiles/89.jar HTTP/1.1" 304 -
181.61.120.192 - - [17/Nov/2014:12:00:40 -0500] "GET /PruebasSTORM/StormSDA_pruebas/userFiles/91.jar HTTP/1.1" 304 -
181.61.120.192 - - [17/Nov/2014:12:00:40 -0500] "GET /PruebasSTORM/StormSDA_pruebas/userFiles/95.jar HTTP/1.1" 304 -
181.61.120.192 - - [17/Nov/2014:12:00:40 -0500] "GET /PruebasSTORM/StormSDA_pruebas/userFiles/94.jar HTTP/1.1" 304 -
181.61.120.192 - - [17/Nov/2014:12:00:40 -0500] "GET /PruebasSTORM/StormSDA_pruebas/userFiles/92.jar HTTP/1.1" 304 -
181.61.120.192 - - [17/Nov/2014:12:00:40 -0500] "GET /PruebasSTORM/StormSDA_pruebas/userFiles/93.jar HTTP/1.1" 304 -
181.61.120.192 - - [17/Nov/2014:12:00:40 -0500] "GET /PruebasSTORM/StormSDA_pruebas/userFiles/97.jar HTTP/1.1" 304 -
181.61.120.192 - - [17/Nov/2014:12:00:40 -0500] "GET /PruebasSTORM/StormSDA_pruebas/userFiles/96.jar HTTP/1.1" 304 -
181.61.120.192 - - [17/Nov/2014:12:00:40 -0500] "GET /PruebasSTORM/StormSDA_pruebas/userFiles/basicos.jar HTTP/1.1" 304 -
181.61.120.192 - - [17/Nov/2014:12:00:40 -0500] "GET /PruebasSTORM/StormSDA_pruebas/userFiles/98.jar HTTP/1.1" 304 -
181.61.120.192 - - [17/Nov/2014:12:00:40 -0500] "GET /PruebasSTORM/StormSDA_pruebas/lib/helper.jar HTTP/1.1" 304 -
181.61.120.192 - - [17/Nov/2014:12:00:40 -0500] "GET /PruebasSTORM/StormSDA_pruebas/lib/AbsoluteLayout.jar HTTP/1.1" 304 -
181.61.120.192 - - [17/Nov/2014:12:00:40 -0500] "GET /PruebasSTORM/StormSDA_pruebas/lib/jaxen-core.jar HTTP/1.1" 304 -
181.61.120.192 - - [17/Nov/2014:12:00:40 -0500] "GET /PruebasSTORM/StormSDA_pruebas/lib/jaxen-jdom.jar HTTP/1.1" 304 -
181.61.120.192 - - [17/Nov/2014:12:00:40 -0500] "GET /PruebasSTORM/StormSDA_pruebas/lib/jdom.jar HTTP/1.1" 304 -
181.61.120.192 - - [17/Nov/2014:12:00:40 -0500] "GET /PruebasSTORM/StormSDA_pruebas/lib/jep-2.4.0.jar HTTP/1.1" 304 -
181.61.120.192 - - [17/Nov/2014:12:00:40 -0500] "GET /PruebasSTORM/StormSDA_pruebas/lib/jh.jar HTTP/1.1" 304 -
181.61.120.192 - - [17/Nov/2014:12:00:40 -0500] "GET /PruebasSTORM/StormSDA_pruebas/lib/saxpath.jar HTTP/1.1" 304 -
181.61.120.192 - - [17/Nov/2014:12:00:40 -0500] "GET /PruebasSTORM/StormSDA_pruebas/lib/swing-layout-1.0.2.jar HTTP/1.1" 304 -
181.61.120.192 - - [17/Nov/2014:12:00:40 -0500] "GET /PruebasSTORM/StormSDA_pruebas/lib/jnlp.jar HTTP/1.1" 304 -
181.61.120.192 - - [17/Nov/2014:12:00:40 -0500] "GET /PruebasSTORM/StormSDA_pruebas/lib/json.jar HTTP/1.1" 304 -
181.61.120.192 - - [17/Nov/2014:12:00:40 -0500] "GET /PruebasSTORM/StormSDA_pruebas/lib/swing-worker.jar HTTP/1.1" 304 -
181.61.120.192 - - [17/Nov/2014:12:00:40 -0500] "GET /PruebasSTORM/StormSDA_pruebas/nsjars/poi-2.0.jar HTTP/1.1" 304 -
181.61.120.192 - - [17/Nov/2014:12:00:40 -0500] "GET /PruebasSTORM/StormSDA_pruebas/nsjars/appframework-1.0.jar HTTP/1.1" 304 -
181.61.120.192 - - [17/Nov/2014:12:00:40 -0500] "GET /PruebasSTORM/StormSDA_pruebas/nsjars/derby.jar HTTP/1.1" 304 -
181.61.120.192 - - [17/Nov/2014:12:00:40 -0500] "GET /PruebasSTORM/StormSDA_pruebas/nsjars/log4j-1.2.11.jar HTTP/1.1" 304 -
181.61.120.192 - - [17/Nov/2014:12:00:40 -0500] "GET /PruebasSTORM/StormSDA_pruebas/nsjars/commons-codec-1.4.jar HTTP/1.1" 304 -
181.61.120.192 - - [17/Nov/2014:12:00:40 -0500] "GET /PruebasSTORM/StormSDA_pruebas/nsjars/LoadInf.jar HTTP/1.1" 304 -
181.61.120.192 - - [17/Nov/2014:12:00:40 -0500] "GET /PruebasSTORM/StormSDA_pruebas/nsjars/commons-httpclient-3.1.jar HTTP/1.1" 304 -
181.61.120.192 - - [17/Nov/2014:12:00:40 -0500] "GET /PruebasSTORM/StormSDA_pruebas/nsjars/ShaUtil.jar HTTP/1.1" 304 -
181.61.120.192 - - [17/Nov/2014:12:00:40 -0500] "GET /PruebasSTORM/StormSDA_pruebas/nsjars/commons-logging.jar HTTP/1.1" 304 -
181.61.120.192 - - [17/Nov/2014:12:00:40 -0500] "GET /PruebasSTORM/StormSDA_pruebas/user.jpg HTTP/1.1" 304 -
186.29.229.173 - - [17/Nov/2014:11:54:43 -0500] "GET /ForestMSG_SDA/channelAsync/template_word_16719494?X-Atmosphere-tracking-id=6e281284-6bce-8233-174d-547ecdd1374c&X-Atmosphere-Framework=1.0.5&X-Atmosphere-Transport=long-polling&tabid=0.8217941537760204&X-Cache-Date=0&Content-Type=application/xml&_=1416243476258 HTTP/1.1" 200 8193
181.55.224.205 - - [17/Nov/2014:12:00:44 -0500] "POST /forms/lservlet;jsessionid=ac16012b30d5938407afe4244b68863dcfa47e51b501.e3iSbxaKaheRe34Sa3yKbhiTahb0n6jAmljGr5XDqQLvpAe HTTP/1.1" 200 15
190.26.186.10 - - [17/Nov/2014:12:00:49 -0500] "POST /forms/lservlet;jsessionid=ac16012b30d5cc0fabacecd14d548cfe952d4f8dbb64.e3iSbxaKaheRe34Sa3yKbhiTahb0n6jAmljGr5XDqQLvpAe HTTP/1.1" 200 2
181.55.224.205 - - [17/Nov/2014:12:00:53 -0500] "POST /forms/lservlet;jsessionid=ac16012b30d5938407afe4244b68863dcfa47e51b501.e3iSbxaKaheRe34Sa3yKbhiTahb0n6jAmljGr5XDqQLvpAe HTTP/1.1" 200 15
181.55.224.205 - - [17/Nov/2014:12:01:02 -0500] "POST /forms/lservlet;jsessionid=ac16012b30d5938407afe4244b68863dcfa47e51b501.e3iSbxaKaheRe34Sa3yKbhiTahb0n6jAmljGr5XDqQLvpAe HTTP/1.1" 200 15
201.245.192.253 - - [17/Nov/2014:12:01:07 -0500] "GET /BLA/boletinlegal/consulta_actos.php?tipo=resoluciones&no=0138&usuario=&sector=&fecha=2011&resuelve= HTTP/1.1" 200 623
186.28.171.177 - - [17/Nov/2014:12:01:11 -0500] "POST /forms/lservlet;jsessionid=ac16012b30d5de96018be3af4b0b9fd7bd348a5efec6.e3iSbxaKaheRe34Sa3yKbhiTahb0n6jAmljGr5XDqQLvpAe HTTP/1.1" 200 7988
181.55.224.205 - - [17/Nov/2014:12:01:11 -0500] "POST /forms/lservlet;jsessionid=ac16012b30d5938407afe4244b68863dcfa47e51b501.e3iSbxaKaheRe34Sa3yKbhiTahb0n6jAmljGr5XDqQLvpAe HTTP/1.1" 200 15
186.28.171.177 - - [17/Nov/2014:12:01:12 -0500] "POST /forms/lservlet;jsessionid=ac16012b30d5de96018be3af4b0b9fd7bd348a5efec6.e3iSbxaKaheRe34Sa3yKbhiTahb0n6jAmljGr5XDqQLvpAe HTTP/1.1" 200 64
186.28.171.177 - - [17/Nov/2014:12:01:13 -0500] "POST /forms/lservlet;jsessionid=ac16012b30d5de96018be3af4b0b9fd7bd348a5efec6.e3iSbxaKaheRe34Sa3yKbhiTahb0n6jAmljGr5XDqQLvpAe HTTP/1.1" 200 2
186.28.171.177 - - [17/Nov/2014:12:01:13 -0500] "POST /forms/lservlet;jsessionid=ac16012b30d5de96018be3af4b0b9fd7bd348a5efec6.e3iSbxaKaheRe34Sa3yKbhiTahb0n6jAmljGr5XDqQLvpAe HTTP/1.1" 200 2
186.28.171.177 - - [17/Nov/2014:12:01:13 -0500] "POST /forms/lservlet;jsessionid=ac16012b30d5de96018be3af4b0b9fd7bd348a5efec6.e3iSbxaKaheRe34Sa3yKbhiTahb0n6jAmljGr5XDqQLvpAe HTTP/1.1" 200 2
190.156.146.3 - - [17/Nov/2014:11:55:17 -0500] "GET /ForestMSG_SDA/channelAsync/template_word_16900338?X-Atmosphere-tracking-id=2174edc3-3536-65c1-23f7-3df6be3d1163&X-Atmosphere-Framework=1.0.5&X-Atmosphere-Transport=long-polling&tabid=0.2915245860349387&X-Cache-Date=0&Content-Type=application/xml&_=1416243556959 HTTP/1.1" 200 8193
201.245.192.253 - - [17/Nov/2014:12:01:17 -0500] "GET /BLA/boletinlegal/consulta_actos.php?tipo=resoluciones&no=0016&usuario=&sector=&fecha=2009&resuelve= HTTP/1.1" 200 1013
190.156.146.3 - - [17/Nov/2014:12:01:19 -0500] "GET /forest/skins/gdocs-jar/popup/escritorio/radicar.jsp?form=DPC_RadicarConsolidador1&codTpl=&codBorr=506810&a=0.6752734151668847 HTTP/1.1" 200 26700
190.156.146.3 - - [17/Nov/2014:12:01:20 -0500] "GET /forest/json.do?query=borradoresByTplsRadicar&codInst=2978543&codTare=2338&firma=1&a=0.10396868642419577 HTTP/1.1" 200 189
190.156.146.3 - - [17/Nov/2014:12:01:20 -0500] "GET /forest/json.do?query=plantillasByTarea&codTare=2338&codInst=2978543&firma=1&a=0.8151977208908647 HTTP/1.1" 200 259
190.156.146.3 - - [17/Nov/2014:12:01:20 -0500] "GET /forest/json.do?query=datosBorradorByCodTraBorr&codTraBorr=1515545&a=0.41960063902661204 HTTP/1.1" 200 180
190.156.146.3 - - [17/Nov/2014:12:01:20 -0500] "GET /forest/json.do?query=adjuntosByBorrador&codTraBorr=1515545&a=0.35328215174376965 HTTP/1.1" 200 2
190.156.146.3 - - [17/Nov/2014:12:01:20 -0500] "GET /forest/json.do?query=ultimoBorradorByTpl&codTpl=2021&codInst=2978543&a=0.8973807077854872 HTTP/1.1" 200 2
190.156.146.3 - - [17/Nov/2014:12:01:20 -0500] "GET /forest/json.do?query=datosBorradorByCodTraBorr&codTraBorr=1515545&a=0.4468298282008618 HTTP/1.1" 200 180
190.156.146.3 - - [17/Nov/2014:12:01:20 -0500] "GET /forest/json.do?query=ultimoBorradorByTpl&codTpl=726&codInst=2978543&a=0.7553507210686803 HTTP/1.1" 200 20
190.156.146.3 - - [17/Nov/2014:12:01:20 -0500] "GET /forest/json.do?query=terceroById&numTer=12538676&a=0.9144836512859911 HTTP/1.1" 200 671
181.55.224.205 - - [17/Nov/2014:12:01:20 -0500] "POST /forms/lservlet;jsessionid=ac16012b30d5938407afe4244b68863dcfa47e51b501.e3iSbxaKaheRe34Sa3yKbhiTahb0n6jAmljGr5XDqQLvpAe HTTP/1.1" 200 15
190.156.146.3 - - [17/Nov/2014:12:01:24 -0500] "GET /forest/json.do?query=terceroById&numTer=12538676&a=0.5885540538001806 HTTP/1.1" 200 671
190.156.146.3 - - [17/Nov/2014:12:01:24 -0500] "GET /forest/json.do?query=medEnvsByClaDoc&claDoc=2&a=0.7254322338849306 HTTP/1.1" 200 74
186.82.169.129 - - [17/Nov/2014:12:01:24 -0500] "GET /BLA/resoluciones/AUTOS%202013/0174.pdf HTTP/1.1" 200 3480267
186.82.169.129 - - [17/Nov/2014:12:01:28 -0500] "GET /BLA/resoluciones/AUTOS%202013/0174.pdf HTTP/1.1" 206 32768
190.156.146.3 - - [17/Nov/2014:12:01:28 -0500] "GET /forest/json.do?query=tipoFirmaTipDoc&idtido=606&a=0.7288679853081703 HTTP/1.1" 200 21
186.82.169.129 - - [17/Nov/2014:12:01:28 -0500] "GET /BLA/resoluciones/AUTOS%202013/0174.pdf HTTP/1.1" 206 3447499
181.55.224.205 - - [17/Nov/2014:12:01:29 -0500] "POST /forms/lservlet;jsessionid=ac16012b30d5938407afe4244b68863dcfa47e51b501.e3iSbxaKaheRe34Sa3yKbhiTahb0n6jAmljGr5XDqQLvpAe HTTP/1.1" 200 15
190.156.146.3 - - [17/Nov/2014:12:01:31 -0500] "GET /forest/actions/manager.fechaSumaDias?fecha=2014-11-17&dias=15&habil=true&a=0.7812227294780314 HTTP/1.1" 200 12
161.18.96.121 - - [17/Nov/2014:12:01:31 -0500] "GET /BLA/boletinlegal/js/jquery.scrollTo-min.js HTTP/1.1" 200 1150
161.18.96.121 - - [17/Nov/2014:12:01:31 -0500] "GET /BLA/boletinlegal/js/jquery.scrollShow.js HTTP/1.1" 200 4586
161.18.96.121 - - [17/Nov/2014:12:01:31 -0500] "GET /BLA/boletinlegal/js/jquery.js HTTP/1.1" 200 57254
190.156.146.3 - - [17/Nov/2014:12:01:35 -0500] "POST /forest/usutareas.do?group_system_actual=3 HTTP/1.1" 200 267
190.156.146.3 - - [17/Nov/2014:12:01:36 -0500] "GET /forest/usutareas.do?group_system_actual=3&a=0.4268191675655544 HTTP/1.1" 200 108622
190.156.146.3 - - [17/Nov/2014:11:58:18 -0500] "GET /ForestMSG_SDA/channelAsync/template_word_16900248?X-Atmosphere-tracking-id=138274cf-b0df-fe10-e560-d0361e6a2638&X-Atmosphere-Framework=1.0.5&X-Atmosphere-Transport=long-polling&tabid=0.03573752660304308&X-Cache-Date=0&Content-Type=application/xml&_=1416243740416 HTTP/1.1" 200 8193
190.156.146.3 - - [17/Nov/2014:12:01:37 -0500] "GET /forest/session.jsp?a=0.834084419766441 HTTP/1.1" 200 4
190.156.146.3 - - [17/Nov/2014:12:01:37 -0500] "GET /forest/actions/forms.getMappedValues?id=id_EnlaceConcejo39&value=1414772561311&codForm=DPC_RadicarConsolidador1&a=0.14918280020356178 HTTP/1.1" 200 47
181.55.224.205 - - [17/Nov/2014:12:01:38 -0500] "POST /forms/lservlet;jsessionid=ac16012b30d5938407afe4244b68863dcfa47e51b501.e3iSbxaKaheRe34Sa3yKbhiTahb0n6jAmljGr5XDqQLvpAe HTTP/1.1" 200 3509
181.55.224.205 - - [17/Nov/2014:12:01:38 -0500] "POST /forms/lservlet;jsessionid=ac16012b30d5938407afe4244b68863dcfa47e51b501.e3iSbxaKaheRe34Sa3yKbhiTahb0n6jAmljGr5XDqQLvpAe HTTP/1.1" 200 2
186.82.169.129 - - [17/Nov/2014:12:01:45 -0500] "GET /favicon.ico HTTP/1.1" 200 7782
190.156.146.3 - - [17/Nov/2014:12:01:46 -0500] "POST /forest/usutareas.do? HTTP/1.1" 200 76
190.156.146.3 - - [17/Nov/2014:12:01:37 -0500] "GET /ForestMSG_SDA/channelAsync/template_word_16900248?X-Atmosphere-tracking-id=6be024d9-434d-e573-e856-228f01f7493a&X-Atmosphere-Framework=1.0.5&X-Atmosphere-Transport=long-polling&tabid=0.5179969312157482&X-Cache-Date=0&Content-Type=application/xml&_=1416243940660 HTTP/1.1" 200 8193
190.156.146.3 - - [17/Nov/2014:12:01:49 -0500] "GET /forest/usutareas.do?group_system_actual=3&a=0.014555867295712233 HTTP/1.1" 200 108621
190.156.146.3 - - [17/Nov/2014:12:01:50 -0500] "GET /forest/session.jsp?a=0.43832594621926546 HTTP/1.1" 200 4
190.156.146.3 - - [17/Nov/2014:12:01:50 -0500] "GET /forest/actions/forms.getMappedValues?id=id_EnlaceConcejo39&value=1414772561311&codForm=DPC_RadicarConsolidador1&a=0.659730346640572 HTTP/1.1" 200 47
181.55.224.205 - - [17/Nov/2014:12:01:50 -0500] "POST /forms/lservlet;jsessionid=ac16012b30d5938407afe4244b68863dcfa47e51b501.e3iSbxaKaheRe34Sa3yKbhiTahb0n6jAmljGr5XDqQLvpAe HTTP/1.1" 200 2
181.55.224.205 - - [17/Nov/2014:12:01:50 -0500] "POST /forms/lservlet;jsessionid=ac16012b30d5938407afe4244b68863dcfa47e51b501.e3iSbxaKaheRe34Sa3yKbhiTahb0n6jAmljGr5XDqQLvpAe HTTP/1.1" 200 3489
181.55.224.205 - - [17/Nov/2014:12:01:50 -0500] "POST /forms/lservlet;jsessionid=ac16012b30d5938407afe4244b68863dcfa47e51b501.e3iSbxaKaheRe34Sa3yKbhiTahb0n6jAmljGr5XDqQLvpAe HTTP/1.1" 200 2
181.55.224.205 - - [17/Nov/2014:12:01:52 -0500] "POST /forms/lservlet;jsessionid=ac16012b30d5938407afe4244b68863dcfa47e51b501.e3iSbxaKaheRe34Sa3yKbhiTahb0n6jAmljGr5XDqQLvpAe HTTP/1.1" 200 2
181.55.224.205 - - [17/Nov/2014:12:01:52 -0500] "POST /forms/lservlet;jsessionid=ac16012b30d5938407afe4244b68863dcfa47e51b501.e3iSbxaKaheRe34Sa3yKbhiTahb0n6jAmljGr5XDqQLvpAe HTTP/1.1" 200 3059
181.55.224.205 - - [17/Nov/2014:12:01:53 -0500] "POST /forms/lservlet;jsessionid=ac16012b30d5938407afe4244b68863dcfa47e51b501.e3iSbxaKaheRe34Sa3yKbhiTahb0n6jAmljGr5XDqQLvpAe HTTP/1.1" 200 2
181.55.224.205 - - [17/Nov/2014:12:01:53 -0500] "POST /forms/lservlet;jsessionid=ac16012b30d5938407afe4244b68863dcfa47e51b501.e3iSbxaKaheRe34Sa3yKbhiTahb0n6jAmljGr5XDqQLvpAe HTTP/1.1" 200 2
181.55.224.205 - - [17/Nov/2014:12:01:53 -0500] "POST /forms/lservlet;jsessionid=ac16012b30d5938407afe4244b68863dcfa47e51b501.e3iSbxaKaheRe34Sa3yKbhiTahb0n6jAmljGr5XDqQLvpAe HTTP/1.1" 200 3110
190.156.146.3 - - [17/Nov/2014:12:01:53 -0500] "POST /forest/usutareas.do? HTTP/1.1" 200 232
181.55.224.205 - - [17/Nov/2014:12:01:54 -0500] "POST /forms/lservlet;jsessionid=ac16012b30d5938407afe4244b68863dcfa47e51b501.e3iSbxaKaheRe34Sa3yKbhiTahb0n6jAmljGr5XDqQLvpAe HTTP/1.1" 200 2
181.55.224.205 - - [17/Nov/2014:12:01:55 -0500] "POST /forms/lservlet;jsessionid=ac16012b30d5938407afe4244b68863dcfa47e51b501.e3iSbxaKaheRe34Sa3yKbhiTahb0n6jAmljGr5XDqQLvpAe HTTP/1.1" 200 2
190.156.146.3 - - [17/Nov/2014:12:01:55 -0500] "GET /forest/usutareas.do?group_system_actual=3&a=0.3502998370677233 HTTP/1.1" 200 19245
190.156.146.3 - - [17/Nov/2014:12:01:55 -0500] "GET /forest/session.jsp?a=0.7654841721523553 HTTP/1.1" 200 4
181.55.224.205 - - [17/Nov/2014:12:01:55 -0500] "POST /forms/lservlet;jsessionid=ac16012b30d5938407afe4244b68863dcfa47e51b501.e3iSbxaKaheRe34Sa3yKbhiTahb0n6jAmljGr5XDqQLvpAe HTTP/1.1" 200 2465
181.55.224.205 - - [17/Nov/2014:12:01:55 -0500] "POST /forms/lservlet;jsessionid=ac16012b30d5938407afe4244b68863dcfa47e51b501.e3iSbxaKaheRe34Sa3yKbhiTahb0n6jAmljGr5XDqQLvpAe HTTP/1.1" 200 2
186.28.171.177 - - [17/Nov/2014:12:01:56 -0500] "POST /forms/lservlet;jsessionid=ac16012b30d5de96018be3af4b0b9fd7bd348a5efec6.e3iSbxaKaheRe34Sa3yKbhiTahb0n6jAmljGr5XDqQLvpAe HTTP/1.1" 200 2
181.55.224.205 - - [17/Nov/2014:12:01:57 -0500] "POST /forms/lservlet;jsessionid=ac16012b30d5938407afe4244b68863dcfa47e51b501.e3iSbxaKaheRe34Sa3yKbhiTahb0n6jAmljGr5XDqQLvpAe HTTP/1.1" 200 2
181.55.224.205 - - [17/Nov/2014:12:01:57 -0500] "POST /forms/lservlet;jsessionid=ac16012b30d5938407afe4244b68863dcfa47e51b501.e3iSbxaKaheRe34Sa3yKbhiTahb0n6jAmljGr5XDqQLvpAe HTTP/1.1" 200 3185
181.55.224.205 - - [17/Nov/2014:12:01:58 -0500] "POST /forms/lservlet;jsessionid=ac16012b30d5938407afe4244b68863dcfa47e51b501.e3iSbxaKaheRe34Sa3yKbhiTahb0n6jAmljGr5XDqQLvpAe HTTP/1.1" 200 2
190.156.146.3 - - [17/Nov/2014:12:01:58 -0500] "GET /forest/misactividades.do?_a=0.6555582804139704&group_system_actual=3 HTTP/1.1" 200 36528
190.156.146.3 - - [17/Nov/2014:12:01:59 -0500] "GET /forest/session.jsp?a=0.2998357657343149 HTTP/1.1" 200 4
181.55.224.205 - - [17/Nov/2014:12:01:59 -0500] "POST /forms/lservlet;jsessionid=ac16012b30d5938407afe4244b68863dcfa47e51b501.e3iSbxaKaheRe34Sa3yKbhiTahb0n6jAmljGr5XDqQLvpAe HTTP/1.1" 200 2
190.156.146.3 - - [17/Nov/2014:12:01:59 -0500] "POST /forest/misactividades.do?ajax=true&a=0.7906707145739347 HTTP/1.1" 200 7771
181.55.224.205 - - [17/Nov/2014:12:01:59 -0500] "POST /forms/lservlet;jsessionid=ac16012b30d5938407afe4244b68863dcfa47e51b501.e3iSbxaKaheRe34Sa3yKbhiTahb0n6jAmljGr5XDqQLvpAe HTTP/1.1" 200 2889
181.55.224.205 - - [17/Nov/2014:12:01:59 -0500] "POST /forms/lservlet;jsessionid=ac16012b30d5938407afe4244b68863dcfa47e51b501.e3iSbxaKaheRe34Sa3yKbhiTahb0n6jAmljGr5XDqQLvpAe HTTP/1.1" 200 2
181.55.224.205 - - [17/Nov/2014:12:02:00 -0500] "POST /forms/lservlet;jsessionid=ac16012b30d5938407afe4244b68863dcfa47e51b501.e3iSbxaKaheRe34Sa3yKbhiTahb0n6jAmljGr5XDqQLvpAe HTTP/1.1" 200 2
181.55.224.205 - - [17/Nov/2014:12:02:00 -0500] "POST /forms/lservlet;jsessionid=ac16012b30d5938407afe4244b68863dcfa47e51b501.e3iSbxaKaheRe34Sa3yKbhiTahb0n6jAmljGr5XDqQLvpAe HTTP/1.1" 200 2795
181.55.224.205 - - [17/Nov/2014:12:02:01 -0500] "POST /forms/lservlet;jsessionid=ac16012b30d5938407afe4244b68863dcfa47e51b501.e3iSbxaKaheRe34Sa3yKbhiTahb0n6jAmljGr5XDqQLvpAe HTTP/1.1" 200 2
181.55.224.205 - - [17/Nov/2014:12:02:01 -0500] "POST /forms/lservlet;jsessionid=ac16012b30d5938407afe4244b68863dcfa47e51b501.e3iSbxaKaheRe34Sa3yKbhiTahb0n6jAmljGr5XDqQLvpAe HTTP/1.1" 200 2
