190.26.211.153 - - [18/Nov/2014:07:45:33 -0500] "GET /galeria/nivo-slider/demo/images/banner-redes.jpg HTTP/1.1" 200 62209
190.25.157.12 - - [18/Nov/2014:07:45:34 -0500] "GET /forest/img/asociarUser.gif HTTP/1.1" 200 1227
190.25.157.12 - - [18/Nov/2014:07:45:34 -0500] "GET /forest/skins/gdocs-jar/img/asociarUserOtraDependencia.gif HTTP/1.1" 200 1217
190.25.157.12 - - [18/Nov/2014:07:45:34 -0500] "GET /forest/skins/gdocs-jar/img/comments.gif HTTP/1.1" 200 672
190.25.157.12 - - [18/Nov/2014:07:45:34 -0500] "GET /forest/skins/gdocs-jar/img/vertodossubprocesos.gif HTTP/1.1" 200 167
190.25.157.12 - - [18/Nov/2014:07:45:34 -0500] "GET /forest/skins/gdocs-jar/img/actividad2.gif HTTP/1.1" 200 1189
190.25.157.12 - - [18/Nov/2014:07:45:34 -0500] "GET /forest/skins/gdocs-jar/img/bola.gif HTTP/1.1" 200 272
190.25.157.12 - - [18/Nov/2014:07:45:34 -0500] "GET /forest/skins/gdocs-jar/img/ok.gif HTTP/1.1" 200 579
190.25.157.12 - - [18/Nov/2014:07:45:34 -0500] "GET /forest/skins/gdocs-jar/img/prev.gif HTTP/1.1" 200 827
190.25.157.12 - - [18/Nov/2014:07:45:34 -0500] "GET /forest/skins/gdocs-jar/img/spacer.gif HTTP/1.1" 200 43
190.25.157.12 - - [18/Nov/2014:07:45:34 -0500] "GET /forest/skins/gdocs-jar/img/disk.png HTTP/1.1" 200 22070
190.25.157.12 - - [18/Nov/2014:07:45:34 -0500] "GET /forest/skins/gdocs-jar/img/close.gif HTTP/1.1" 200 571
190.25.157.12 - - [18/Nov/2014:07:45:34 -0500] "GET /forest/skins/gdocs-jar/img/control-double.png HTTP/1.1" 200 21754
190.25.157.12 - - [18/Nov/2014:07:45:34 -0500] "GET /forest/session.jsp?a=0.04228475084528327 HTTP/1.1" 200 4
190.25.157.12 - - [18/Nov/2014:07:45:34 -0500] "GET /forest/skins/gdocs-jar/img/bgPanel.jpg HTTP/1.1" 200 430
190.25.157.12 - - [18/Nov/2014:07:45:34 -0500] "GET /forest/skins/gdocs-jar/img/green.gif HTTP/1.1" 200 134
190.25.157.12 - - [18/Nov/2014:07:45:34 -0500] "GET /forest/actions/forms.getMappedValues?id=id_EnlaceConcejo39&value=1415734305193&codForm=DPC_RadicarConsolidador1&a=0.8433056946378201 HTTP/1.1" 200 47
201.245.192.253 - - [18/Nov/2014:07:45:36 -0500] "GET /galeria/nivo-slider/demo/demo.html HTTP/1.1" 304 -
201.245.192.253 - - [18/Nov/2014:07:45:36 -0500] "GET /galeria/nivo-slider/demo/images/ForoNacionalAmbiental.jpg HTTP/1.1" 304 -
201.245.192.253 - - [18/Nov/2014:07:45:36 -0500] "GET /galeria/nivo-slider/demo/images/Banner-comparendo.jpg HTTP/1.1" 304 -
201.245.192.253 - - [18/Nov/2014:07:45:36 -0500] "GET /galeria/nivo-slider/demo/images/Banner-Ecourbanismo.jpg HTTP/1.1" 304 -
201.245.192.253 - - [18/Nov/2014:07:45:36 -0500] "GET /galeria/nivo-slider/demo/images/banner-aceite3.jpg HTTP/1.1" 304 -
201.245.192.253 - - [18/Nov/2014:07:45:36 -0500] "GET /galeria/nivo-slider/demo/images/Tingua-azul.jpg HTTP/1.1" 304 -
201.245.192.253 - - [18/Nov/2014:07:45:36 -0500] "GET /galeria/nivo-slider/demo/images/Banner-Caracol-Africano.jpg HTTP/1.1" 304 -
201.245.192.253 - - [18/Nov/2014:07:45:36 -0500] "GET /galeria/nivo-slider/demo/images/porloshumedales.jpg HTTP/1.1" 304 -
201.245.192.253 - - [18/Nov/2014:07:45:36 -0500] "GET /galeria/nivo-slider/demo/images/banner-redes.jpg HTTP/1.1" 304 -
201.245.192.253 - - [18/Nov/2014:07:45:36 -0500] "GET /galeria/nivo-slider/demo/images/banner-caballos.png HTTP/1.1" 304 -
201.245.192.253 - - [18/Nov/2014:07:45:36 -0500] "GET /galeria/nivo-slider/demo/images/bannerEcolecta3.jpg HTTP/1.1" 304 -
190.25.157.12 - - [18/Nov/2014:07:45:38 -0500] "GET /forest/borrador/1515725/Rta%20Hacienda%20Los%20Molinos.docx HTTP/1.1" 200 132264
181.69.201.99 - - [18/Nov/2014:07:45:38 -0500] "GET /forest/login.do HTTP/1.1" 200 12486
190.26.211.153 - - [18/Nov/2014:07:45:40 -0500] "GET /videos/Spot_CambioClimatico.flv HTTP/1.1" 200 4371917
190.26.211.153 - - [18/Nov/2014:07:45:41 -0500] "GET /galeria/nivo-slider/demo/images/9Signos.jpg HTTP/1.1" 200 93040
201.245.192.253 - - [18/Nov/2014:07:45:42 -0500] "GET /forest/xmlresponse.do?lista=searchTerceroByName&xmlret=1&todos=false&partNomTer=secretaria&a=0.34917151002202007 HTTP/1.1" 200 2852
190.242.117.2 - - [18/Nov/2014:07:45:42 -0500] "GET /BLA/boletinlegal/js/jquery.js HTTP/1.0" 200 57254
190.242.117.2 - - [18/Nov/2014:07:45:42 -0500] "GET /BLA/boletinlegal/js/jquery.scrollShow.js HTTP/1.0" 200 4586
190.242.117.2 - - [18/Nov/2014:07:45:42 -0500] "GET /BLA/boletinlegal/js/jquery.scrollTo-min.js HTTP/1.0" 200 1150
190.26.211.153 - - [18/Nov/2014:07:45:43 -0500] "GET /galeria/nivo-slider/demo/images/banner-caballos.png HTTP/1.1" 200 389106
157.55.39.151 - - [18/Nov/2014:07:45:43 -0500] "GET /galeria/nivo-slider/demo/demo.html HTTP/1.1" 200 3537
190.26.211.153 - - [18/Nov/2014:07:45:43 -0500] "GET /galeria/nivo-slider/demo/images/Hacienda_Molinos.jpg HTTP/1.1" 200 319171
190.26.211.153 - - [18/Nov/2014:07:45:44 -0500] "GET /galeria/nivo-slider/demo/images/bannerEcolecta3.jpg HTTP/1.1" 200 280034
201.245.192.253 - - [18/Nov/2014:07:45:44 -0500] "GET /forest/xmlresponse.do?lista=searchTerceroByName&xmlret=1&todos=false&partNomTer=secretaria%20distrital%20de%20ambiente&a=0.036296226194878156 HTTP/1.1" 200 325
201.245.192.253 - - [18/Nov/2014:07:45:45 -0500] "GET /forest/json.do?query=terceroById&numTer=899999061-9%20SDA&a=0.11922648950643178 HTTP/1.1" 200 662
201.245.192.253 - - [18/Nov/2014:07:45:46 -0500] "POST /forest/radicacion.do?codMod=11&group_system_actual=4 HTTP/1.1" 200 361
201.245.192.253 - - [18/Nov/2014:07:45:47 -0500] "GET /forest/xmlresponse.do?xmlresult=1&lista=getXMLQuery&queryId=rpt/getListProcesosByDepNoProject&coddep=2013&codmod=11&coddepx=2013&a=0.036299007774879266&a=0.9871663495179687 HTTP/1.1" 200 28597
201.245.192.253 - - [18/Nov/2014:07:45:47 -0500] "GET /forest/json.do?query=tipDocsByClaDoc&claDoc=1&a=0.09459167208634722&a=0.06031659119093591 HTTP/1.1" 200 238
201.245.192.253 - - [18/Nov/2014:07:45:47 -0500] "GET /forest/xmlresponse.do?xmlresult=1&lista=getProcesosTerceros&numTer=899999061-9%20SDA&a=0.8331455042257607 HTTP/1.1" 200 815
200.93.185.158 - - [18/Nov/2014:07:45:50 -0500] "GET /ecodirectorio/files/res/pages/page_0118.swf HTTP/1.0" 304 -
200.93.185.158 - - [18/Nov/2014:07:45:50 -0500] "GET /ecodirectorio/files/res/pages/page_0119.swf HTTP/1.0" 304 -
190.158.1.210 - - [18/Nov/2014:07:45:53 -0500] "GET /galeria/nivo-slider/demo/demo.html HTTP/1.1" 304 -
190.158.1.210 - - [18/Nov/2014:07:45:55 -0500] "GET /galeria/nivo-slider/demo/images/ForoNacionalAmbiental.jpg HTTP/1.1" 304 -
190.158.1.210 - - [18/Nov/2014:07:45:55 -0500] "GET /galeria/nivo-slider/demo/images/porloshumedales.jpg HTTP/1.1" 304 -
190.158.1.210 - - [18/Nov/2014:07:45:55 -0500] "GET /galeria/nivo-slider/demo/images/Tingua-azul.jpg HTTP/1.1" 304 -
181.61.29.3 - - [18/Nov/2014:07:45:57 -0500] "GET /BLA/boletinlegal/js/jquery.scrollTo-min.js HTTP/1.1" 200 1150
181.61.29.3 - - [18/Nov/2014:07:45:57 -0500] "GET /BLA/boletinlegal/js/jquery.js HTTP/1.1" 200 57254
181.61.29.3 - - [18/Nov/2014:07:45:57 -0500] "GET /BLA/boletinlegal/js/jquery.scrollShow.js HTTP/1.1" 200 4586
181.61.29.3 - - [18/Nov/2014:07:45:57 -0500] "GET /galeria/carrusel/Carrusel/jquery.thumbnailScroller.css HTTP/1.1" 200 2066
190.26.211.153 - - [18/Nov/2014:07:45:57 -0500] "GET /galeria/nivo-slider/themes/default/arrows.png HTTP/1.1" 200 824
190.26.211.153 - - [18/Nov/2014:07:45:57 -0500] "GET /galeria/nivo-slider/themes/default/bullets.png HTTP/1.1" 200 1281
181.61.29.3 - - [18/Nov/2014:07:45:57 -0500] "GET /galeria/carrusel/Carrusel/jquery-ui-1.8.13.custom.min.js HTTP/1.1" 200 10800
181.61.29.3 - - [18/Nov/2014:07:45:58 -0500] "GET /galeria/carrusel/Carrusel/jquery.thumbnailScroller.js HTTP/1.1" 200 8157
201.245.192.253 - - [18/Nov/2014:07:45:58 -0500] "GET /forest/xmlresponse.do?lista=searchTerceroByName&xmlret=1&todos=false&claDoc=1&partNomTer=secretar&a=0.6576901827246848 HTTP/1.1" 200 2852
181.61.29.3 - - [18/Nov/2014:07:45:59 -0500] "GET /galeria/nivo-slider/demo/demo.html HTTP/1.1" 200 3537
181.61.29.3 - - [18/Nov/2014:07:45:59 -0500] "GET /galeria/nivo-slider/themes/default/default.css HTTP/1.1" 200 1569
181.61.29.3 - - [18/Nov/2014:07:45:59 -0500] "GET /galeria/nivo-slider/demo/style.css HTTP/1.1" 200 2222
181.61.29.3 - - [18/Nov/2014:07:45:59 -0500] "GET /galeria/nivo-slider/themes/orman/orman.css HTTP/1.1" 200 2152
181.61.29.3 - - [18/Nov/2014:07:45:59 -0500] "GET /galeria/nivo-slider/nivo-slider.css HTTP/1.1" 200 1507
181.61.29.3 - - [18/Nov/2014:07:45:59 -0500] "GET /galeria/nivo-slider/themes/pascal/pascal.css HTTP/1.1" 200 2258
181.61.29.3 - - [18/Nov/2014:07:45:59 -0500] "GET /galeria/nivo-slider/demo/scripts/jquery-1.7.1.min.js HTTP/1.1" 200 93868
181.61.29.3 - - [18/Nov/2014:07:45:59 -0500] "GET /galeria/nivo-slider/demo/images/ForoNacionalAmbiental.jpg HTTP/1.1" 200 202541
181.61.29.3 - - [18/Nov/2014:07:45:59 -0500] "GET /galeria/nivo-slider/jquery.nivo.slider.pack.js HTTP/1.1" 200 11561
181.61.29.3 - - [18/Nov/2014:07:45:59 -0500] "GET /galeria/nivo-slider/demo/images/Banner-comparendo.jpg HTTP/1.1" 200 388762
181.61.29.3 - - [18/Nov/2014:07:45:59 -0500] "GET /galeria/nivo-slider/demo/images/porloshumedales.jpg HTTP/1.1" 200 351238
181.61.29.3 - - [18/Nov/2014:07:45:59 -0500] "GET /galeria/nivo-slider/demo/images/Banner-Ecourbanismo.jpg HTTP/1.1" 200 189838
181.61.29.3 - - [18/Nov/2014:07:46:00 -0500] "GET /galeria/nivo-slider/demo/images/4Simple_Slider.png HTTP/1.1" 200 11722
181.61.29.3 - - [18/Nov/2014:07:46:00 -0500] "GET /galeria/nivo-slider/themes/default/loading.gif HTTP/1.1" 200 1737
201.245.192.253 - - [18/Nov/2014:07:46:00 -0500] "GET /forest/xmlresponse.do?lista=searchTerceroByName&xmlret=1&todos=false&claDoc=1&partNomTer=LA%20(ULA)%20SECRETARIA%20ESPECIAL%20DEia%20distrital%20d&a=0.7834640012210654 HTTP/1.1" 200 78
200.93.185.158 - - [18/Nov/2014:07:46:00 -0500] "GET /ecodirectorio/files/res/pages/page_0120.swf HTTP/1.0" 304 -
200.93.185.158 - - [18/Nov/2014:07:46:00 -0500] "GET /ecodirectorio/files/res/pages/page_0121.swf HTTP/1.0" 304 -
181.61.29.3 - - [18/Nov/2014:07:46:00 -0500] "GET /galeria/nivo-slider/demo/images/banner-aceite3.jpg HTTP/1.1" 200 88347
181.61.29.3 - - [18/Nov/2014:07:46:00 -0500] "GET /galeria/nivo-slider/demo/images/Tingua-azul.jpg HTTP/1.1" 200 307638
181.61.29.3 - - [18/Nov/2014:07:46:01 -0500] "GET /galeria/nivo-slider/demo/images/Banner-Caracol-Africano.jpg HTTP/1.1" 200 331986
181.61.29.3 - - [18/Nov/2014:07:46:01 -0500] "GET /galeria/nivo-slider/demo/images/banner-redes.jpg HTTP/1.1" 200 62209
181.61.29.3 - - [18/Nov/2014:07:46:02 -0500] "GET /galeria/nivo-slider/demo/images/9Signos.jpg HTTP/1.1" 200 93040
181.61.29.3 - - [18/Nov/2014:07:46:02 -0500] "GET /galeria/nivo-slider/demo/images/banner-caballos.png HTTP/1.1" 200 389106
181.61.29.3 - - [18/Nov/2014:07:46:03 -0500] "GET /galeria/nivo-slider/demo/images/Hacienda_Molinos.jpg HTTP/1.1" 200 319171
181.61.29.3 - - [18/Nov/2014:07:46:03 -0500] "GET /galeria/nivo-slider/demo/images/bannerEcolecta3.jpg HTTP/1.1" 200 280034
201.245.192.253 - - [18/Nov/2014:07:46:05 -0500] "GET /forest/xmlresponse.do?lista=searchTerceroByName&xmlret=1&todos=false&claDoc=1&partNomTer=secretaria%20&a=0.5653773353919843 HTTP/1.1" 200 2852
181.61.29.3 - - [18/Nov/2014:07:46:05 -0500] "GET /galeria/nivo-slider/themes/default/arrows.png HTTP/1.1" 200 824
181.61.29.3 - - [18/Nov/2014:07:46:05 -0500] "GET /galeria/nivo-slider/themes/default/bullets.png HTTP/1.1" 200 1281
181.61.29.3 - - [18/Nov/2014:07:46:06 -0500] "GET /videos/Spot_CambioClimatico.flv HTTP/1.1" 200 4371917
201.245.192.253 - - [18/Nov/2014:07:46:08 -0500] "GET /forest/xmlresponse.do?lista=searchTerceroByName&xmlret=1&todos=false&claDoc=1&partNomTer=secretaria%20distrital%20de%20ambiente&a=0.8734399494099817 HTTP/1.1" 200 325
201.245.192.253 - - [18/Nov/2014:07:46:09 -0500] "GET /forest/xmlresponse.do?xmlresult=1&lista=getProcesosTerceros&numTer=899999061-9%20SDA&a=0.43116160011452476 HTTP/1.1" 200 815
201.245.192.253 - - [18/Nov/2014:07:46:09 -0500] "GET /forest/json.do?query=processByTer&codter=899999061-9%20SDA&a=0.9192844162616833 HTTP/1.1" 200 8180
200.93.185.158 - - [18/Nov/2014:07:46:13 -0500] "GET /ecodirectorio/files/res/pages/page_0122.swf HTTP/1.0" 304 -
200.93.185.158 - - [18/Nov/2014:07:46:13 -0500] "GET /ecodirectorio/files/res/pages/page_0123.swf HTTP/1.0" 304 -
201.245.192.253 - - [18/Nov/2014:07:46:15 -0500] "GET /forest/xmlresponse.do?xmlresult=1&lista=getXMLQuery&queryId=rpt/getListProcesosByDepNoProject&coddep=2013&codmod=11&coddepx=2013&a=0.3256142192559176&a=0.7695974627137835 HTTP/1.1" 200 28597
201.245.192.253 - - [18/Nov/2014:07:46:15 -0500] "GET /forest/xmlresponse.do?xmlresult=1&lista=getProcesosTerceros&numTer=899999061-9%20SDA&a=0.1873884113193831 HTTP/1.1" 200 815
201.245.192.253 - - [18/Nov/2014:07:46:19 -0500] "GET /plugins/like.php?action=like&app_id=&channel=http%3A%2F%2Fstatic.ak.facebook.com%2Fconnect%2Fxd_arbiter%2FQjK2hWv6uak.js%3Fversion%3D41%23cb%3Df208fac6e76a188%26domain%3Dwww.elespectador.com%26origin%3Dhttp%253A%252F%252Fwww.elespectador.com%252Ff27121173ee042%26relation%3Dparent.parent&href=https%3A%2F%2Fwww.facebook.com%2Felespectadorcom&layout=button&locale=es_LA&sdk=joey&share=false&show_faces=false HTTP/1.1" 404 1424
201.245.192.253 - - [18/Nov/2014:07:46:19 -0500] "GET /plugins/like.php?action=like&app_id=&channel=http%3A%2F%2Fstatic.ak.facebook.com%2Fconnect%2Fxd_arbiter%2FQjK2hWv6uak.js%3Fversion%3D41%23cb%3Dfb592e7443dff2%26domain%3Dwww.elespectador.com%26origin%3Dhttp%253A%252F%252Fwww.elespectador.com%252Ff27121173ee042%26relation%3Dparent.parent&href=https%3A%2F%2Fwww.facebook.com%2Felespectadorcom&layout=button&locale=es_LA&sdk=joey&share=false&show_faces=false HTTP/1.1" 404 1424
201.245.192.253 - - [18/Nov/2014:07:46:19 -0500] "GET /plugins/like.php?action=like&app_id=&channel=http%3A%2F%2Fstatic.ak.facebook.com%2Fconnect%2Fxd_arbiter%2FQjK2hWv6uak.js%3Fversion%3D41%23cb%3Df3d66c3d7b25664%26domain%3Dwww.elespectador.com%26origin%3Dhttp%253A%252F%252Fwww.elespectador.com%252Ff27121173ee042%26relation%3Dparent.parent&href=http%3A%2F%2Fwww.elespectador.com%2F&layout=standard&locale=es_LA&sdk=joey&share=true&show_faces=false&width=450 HTTP/1.1" 404 1424
201.245.192.253 - - [18/Nov/2014:07:46:19 -0500] "GET /forest/json.do?query=camposByTramite&codTra=-1&a=0.3138576647836646 HTTP/1.1" 200 2
201.245.192.253 - - [18/Nov/2014:07:46:20 -0500] "GET /plugins/like.php?action=like&app_id=&channel=http%3A%2F%2Fstatic.ak.facebook.com%2Fconnect%2Fxd_arbiter%2FQjK2hWv6uak.js%3Fversion%3D41%23cb%3Df304fad710abb3%26domain%3Dwww.elespectador.com%26origin%3Dhttp%253A%252F%252Fwww.elespectador.com%252Ff27121173ee042%26relation%3Dparent.parent&href=http%3A%2F%2Fwww.elespectador.com%2F&layout=standard&locale=es_LA&sdk=joey&share=true&show_faces=false&width=450 HTTP/1.1" 404 1424
201.245.192.253 - - [18/Nov/2014:07:46:21 -0500] "GET /forest/actions/manager.calculateDateFin?dias=30&habil=true&a=0.44384258405469323 HTTP/1.1" 200 13
201.245.192.253 - - [18/Nov/2014:07:46:21 -0500] "GET /forest/json.do?query=camposByTramite&codTra=2845&a=0.297765280067783 HTTP/1.1" 200 2
200.93.185.158 - - [18/Nov/2014:07:46:27 -0500] "GET /ecodirectorio/files/res/pages/page_0125.swf HTTP/1.0" 304 -
200.93.185.158 - - [18/Nov/2014:07:46:27 -0500] "GET /ecodirectorio/files/res/pages/page_0126.swf HTTP/1.0" 304 -
190.27.74.31 - - [18/Nov/2014:07:46:29 -0500] "POST /forms/lservlet;jsessionid=ac16012b30d575c39f423c634534b2b7bf674ef8fa08.e3iSbxaKaheRe34Sa3yKbhiTahb0n6jAmljGr5XDqQLvpAe HTTP/1.1" 200 2
201.245.192.253 - - [18/Nov/2014:07:46:34 -0500] "GET /galeria/nivo-slider/demo/scripts/jquery-1.7.1.min.js HTTP/1.1" 304 -
200.93.185.158 - - [18/Nov/2014:07:46:36 -0500] "GET /ecodirectorio/files/res/pages/page_0128.swf HTTP/1.0" 304 -
200.93.185.158 - - [18/Nov/2014:07:46:36 -0500] "GET /ecodirectorio/files/res/pages/page_0129.swf HTTP/1.0" 304 -
181.142.210.106 - - [18/Nov/2014:07:46:36 -0500] "GET /BLA/boletinlegal/js/jquery.js HTTP/1.1" 200 57254
181.142.210.106 - - [18/Nov/2014:07:46:36 -0500] "GET /BLA/boletinlegal/js/jquery.scrollTo-min.js HTTP/1.1" 200 1150
181.142.210.106 - - [18/Nov/2014:07:46:36 -0500] "GET /BLA/boletinlegal/js/jquery.scrollShow.js HTTP/1.1" 200 4586
201.245.192.253 - - [18/Nov/2014:07:46:48 -0500] "GET /plugins/like.php?action=recommend&app_id=157615614311925&channel=http%3A%2F%2Fstatic.ak.facebook.com%2Fconnect%2Fxd_arbiter%2FQjK2hWv6uak.js%3Fversion%3D41%23cb%3Df33f79b801677c%26domain%3Dresultadodelaloteria.com%26origin%3Dhttp%253A%252F%252Fresultadodelaloteria.com%252Ff307b4e6aa4872c%26relation%3Dparent.parent&href=http%3A%2F%2Fresultadodelaloteria.com%2Fcolombia%2Floteria-de-BOYACA&layout=box_count&locale=es_ES&sdk=joey&send=false&show_faces=false&width=122 HTTP/1.1" 404 1320
200.93.185.158 - - [18/Nov/2014:07:46:49 -0500] "GET /ecodirectorio/files/res/pages/page_0127.swf HTTP/1.0" 304 -
200.93.185.158 - - [18/Nov/2014:07:46:49 -0500] "GET /ecodirectorio/files/res/pages/page_0130.swf HTTP/1.0" 304 -
201.245.192.253 - - [18/Nov/2014:07:46:50 -0500] "GET /v/8BZ59qtMNO8?adformat=2_9&version=3&showinfo=0&rel=0&controls=1&iv_load_policy=1 HTTP/1.1" 404 1367
190.27.74.31 - - [18/Nov/2014:07:46:52 -0500] "POST /forms/lservlet;jsessionid=ac16012b30d575c39f423c634534b2b7bf674ef8fa08.e3iSbxaKaheRe34Sa3yKbhiTahb0n6jAmljGr5XDqQLvpAe HTTP/1.1" 200 226
201.245.192.253 - - [18/Nov/2014:07:46:52 -0500] "GET /forest/xmlresponse.do?lista=searchTerceroByName&xmlret=1&todos=false&partNomTer=secretaria%20distrital%20de%20ambiente&a=0.827679493459709 HTTP/1.1" 200 325
190.27.74.31 - - [18/Nov/2014:07:46:53 -0500] "POST /forms/lservlet;jsessionid=ac16012b30d575c39f423c634534b2b7bf674ef8fa08.e3iSbxaKaheRe34Sa3yKbhiTahb0n6jAmljGr5XDqQLvpAe HTTP/1.1" 200 308
190.27.74.31 - - [18/Nov/2014:07:46:53 -0500] "POST /forms/lservlet;jsessionid=ac16012b30d575c39f423c634534b2b7bf674ef8fa08.e3iSbxaKaheRe34Sa3yKbhiTahb0n6jAmljGr5XDqQLvpAe HTTP/1.1" 200 10
201.245.192.253 - - [18/Nov/2014:07:46:53 -0500] "GET /forest/json.do?query=terceroById&numTer=899999061-9%20SDA&a=0.9130692330034139 HTTP/1.1" 200 662
190.27.74.31 - - [18/Nov/2014:07:46:54 -0500] "POST /forms/lservlet;jsessionid=ac16012b30d575c39f423c634534b2b7bf674ef8fa08.e3iSbxaKaheRe34Sa3yKbhiTahb0n6jAmljGr5XDqQLvpAe HTTP/1.1" 200 292
190.27.74.31 - - [18/Nov/2014:07:46:54 -0500] "POST /forms/lservlet;jsessionid=ac16012b30d575c39f423c634534b2b7bf674ef8fa08.e3iSbxaKaheRe34Sa3yKbhiTahb0n6jAmljGr5XDqQLvpAe HTTP/1.1" 200 10
190.27.74.31 - - [18/Nov/2014:07:46:54 -0500] "POST /forms/lservlet;jsessionid=ac16012b30d575c39f423c634534b2b7bf674ef8fa08.e3iSbxaKaheRe34Sa3yKbhiTahb0n6jAmljGr5XDqQLvpAe HTTP/1.1" 200 340
190.27.74.31 - - [18/Nov/2014:07:46:54 -0500] "POST /forms/lservlet;jsessionid=ac16012b30d575c39f423c634534b2b7bf674ef8fa08.e3iSbxaKaheRe34Sa3yKbhiTahb0n6jAmljGr5XDqQLvpAe HTTP/1.1" 200 10
190.27.74.31 - - [18/Nov/2014:07:46:54 -0500] "POST /forms/lservlet;jsessionid=ac16012b30d575c39f423c634534b2b7bf674ef8fa08.e3iSbxaKaheRe34Sa3yKbhiTahb0n6jAmljGr5XDqQLvpAe HTTP/1.1" 200 316
190.27.74.31 - - [18/Nov/2014:07:46:54 -0500] "POST /forms/lservlet;jsessionid=ac16012b30d575c39f423c634534b2b7bf674ef8fa08.e3iSbxaKaheRe34Sa3yKbhiTahb0n6jAmljGr5XDqQLvpAe HTTP/1.1" 200 11
201.245.192.253 - - [18/Nov/2014:07:46:55 -0500] "POST /forest/radicacion.do?codMod=11&group_system_actual=4 HTTP/1.1" 200 361
201.245.192.253 - - [18/Nov/2014:07:46:55 -0500] "GET /forest/xmlresponse.do?xmlresult=1&lista=getXMLQuery&queryId=rpt/getListProcesosByDepNoProject&coddep=2013&codmod=11&coddepx=2013&a=0.17568917102111448&a=0.48873303092853815 HTTP/1.1" 200 28597
201.245.192.253 - - [18/Nov/2014:07:46:55 -0500] "GET /forest/json.do?query=tipDocsByClaDoc&claDoc=1&a=0.556097998864793&a=0.280888836324379 HTTP/1.1" 200 238
200.93.185.158 - - [18/Nov/2014:07:46:56 -0500] "GET /ecodirectorio/files/res/pages/page_0131.swf HTTP/1.0" 304 -
200.93.185.158 - - [18/Nov/2014:07:46:56 -0500] "GET /ecodirectorio/files/res/pages/page_0132.swf HTTP/1.0" 304 -
201.245.192.253 - - [18/Nov/2014:07:46:55 -0500] "GET /forest/xmlresponse.do?xmlresult=1&lista=getProcesosTerceros&numTer=899999061-9%20SDA&a=0.7748964848357814 HTTP/1.1" 200 815
190.27.74.31 - - [18/Nov/2014:07:46:57 -0500] "POST /forms/lservlet;jsessionid=ac16012b30d575c39f423c634534b2b7bf674ef8fa08.e3iSbxaKaheRe34Sa3yKbhiTahb0n6jAmljGr5XDqQLvpAe HTTP/1.1" 200 36056
190.27.74.31 - - [18/Nov/2014:07:47:00 -0500] "POST /forms/lservlet;jsessionid=ac16012b30d575c39f423c634534b2b7bf674ef8fa08.e3iSbxaKaheRe34Sa3yKbhiTahb0n6jAmljGr5XDqQLvpAe HTTP/1.1" 200 75
190.25.157.12 - - [18/Nov/2014:07:47:04 -0500] "GET /forest/skins/gdocs-jar/popup/escritorio/radicar.jsp?form=DPC_RadicarConsolidador1&codTpl=&codBorr=511200&a=0.9312906949780881 HTTP/1.1" 200 26700
190.25.157.12 - - [18/Nov/2014:07:47:04 -0500] "GET /forest/skins/gdocs-jar/img/top-search-icon.gif HTTP/1.1" 200 607
190.25.157.12 - - [18/Nov/2014:07:47:04 -0500] "GET /forest/img/historial.gif HTTP/1.1" 200 1341
190.25.157.12 - - [18/Nov/2014:07:47:04 -0500] "GET /forest/img/lapiz.gif HTTP/1.1" 200 914
190.25.157.12 - - [18/Nov/2014:07:47:04 -0500] "GET /forest/json.do?query=plantillasByTarea&codTare=2338&codInst=2983992&firma=1&a=0.4127520713955164 HTTP/1.1" 200 259
190.25.157.12 - - [18/Nov/2014:07:47:04 -0500] "GET /forest/json.do?query=borradoresByTplsRadicar&codInst=2983992&codTare=2338&firma=1&a=0.5071075921878219 HTTP/1.1" 200 204
200.93.185.158 - - [18/Nov/2014:07:47:04 -0500] "GET /ecodirectorio/files/res/pages/page_0133.swf HTTP/1.0" 304 -
200.93.185.158 - - [18/Nov/2014:07:47:04 -0500] "GET /ecodirectorio/files/res/pages/page_0134.swf HTTP/1.0" 304 -
190.27.74.31 - - [18/Nov/2014:07:47:04 -0500] "POST /forms/lservlet;jsessionid=ac16012b30d575c39f423c634534b2b7bf674ef8fa08.e3iSbxaKaheRe34Sa3yKbhiTahb0n6jAmljGr5XDqQLvpAe HTTP/1.1" 200 207
190.25.157.12 - - [18/Nov/2014:07:47:05 -0500] "GET /forest/json.do?query=terceroById&numTer=860400134-5&a=0.32660716120153666 HTTP/1.1" 200 685
190.25.157.12 - - [18/Nov/2014:07:47:05 -0500] "GET /forest/skins/gdocs-jar/img/expandido.gif HTTP/1.1" 200 190
190.25.157.12 - - [18/Nov/2014:07:47:05 -0500] "GET /forest/img/adduser.gif HTTP/1.1" 200 1249
190.25.157.12 - - [18/Nov/2014:07:47:05 -0500] "GET /forest/json.do?query=adjuntosByBorrador&codTraBorr=1515725&a=0.4829457397572696 HTTP/1.1" 200 53
190.25.157.12 - - [18/Nov/2014:07:47:05 -0500] "GET /forest/json.do?query=datosBorradorByCodTraBorr&codTraBorr=1515725&a=0.0608313565608114 HTTP/1.1" 200 180
190.25.157.12 - - [18/Nov/2014:07:47:05 -0500] "GET /forest/json.do?query=ultimoBorradorByTpl&codTpl=2021&codInst=2983992&a=0.2561321575194597 HTTP/1.1" 200 2
190.25.157.12 - - [18/Nov/2014:07:47:06 -0500] "GET /forest/json.do?query=datosBorradorByCodTraBorr&codTraBorr=1515725&a=0.7918868749402463 HTTP/1.1" 200 180
190.25.157.12 - - [18/Nov/2014:07:47:06 -0500] "GET /forest/json.do?query=ultimoBorradorByTpl&codTpl=726&codInst=2983992&a=0.2791694381739944 HTTP/1.1" 200 20
190.27.74.31 - - [18/Nov/2014:07:47:06 -0500] "POST /forms/lservlet;jsessionid=ac16012b30d575c39f423c634534b2b7bf674ef8fa08.e3iSbxaKaheRe34Sa3yKbhiTahb0n6jAmljGr5XDqQLvpAe HTTP/1.1" 200 91
190.27.74.31 - - [18/Nov/2014:07:47:06 -0500] "POST /forms/lservlet;jsessionid=ac16012b30d575c39f423c634534b2b7bf674ef8fa08.e3iSbxaKaheRe34Sa3yKbhiTahb0n6jAmljGr5XDqQLvpAe HTTP/1.1" 200 7
201.245.192.253 - - [18/Nov/2014:07:47:07 -0500] "GET /forest/xmlresponse.do?lista=searchTerceroByName&xmlret=1&todos=false&claDoc=1&partNomTer=secretaria&a=0.9235286404418024 HTTP/1.1" 200 2852
190.27.74.31 - - [18/Nov/2014:07:47:08 -0500] "POST /forms/lservlet;jsessionid=ac16012b30d575c39f423c634534b2b7bf674ef8fa08.e3iSbxaKaheRe34Sa3yKbhiTahb0n6jAmljGr5XDqQLvpAe HTTP/1.1" 200 184
201.245.192.253 - - [18/Nov/2014:07:47:10 -0500] "GET /forest/xmlresponse.do?lista=searchTerceroByName&xmlret=1&todos=false&claDoc=1&partNomTer=secretaria%20distrital%20de%20ambiente&a=0.7334819632489107 HTTP/1.1" 200 325
201.245.192.253 - - [18/Nov/2014:07:47:11 -0500] "GET /forest/json.do?query=processByTer&codter=899999061-9%20SDA&a=0.4861101740265984 HTTP/1.1" 200 8139
190.27.74.31 - - [18/Nov/2014:07:47:14 -0500] "POST /forms/lservlet;jsessionid=ac16012b30d575c39f423c634534b2b7bf674ef8fa08.e3iSbxaKaheRe34Sa3yKbhiTahb0n6jAmljGr5XDqQLvpAe HTTP/1.1" 200 12
190.27.74.31 - - [18/Nov/2014:07:47:14 -0500] "POST /forms/lservlet;jsessionid=ac16012b30d575c39f423c634534b2b7bf674ef8fa08.e3iSbxaKaheRe34Sa3yKbhiTahb0n6jAmljGr5XDqQLvpAe HTTP/1.1" 200 8
190.27.74.31 - - [18/Nov/2014:07:47:14 -0500] "POST /forms/lservlet;jsessionid=ac16012b30d575c39f423c634534b2b7bf674ef8fa08.e3iSbxaKaheRe34Sa3yKbhiTahb0n6jAmljGr5XDqQLvpAe HTTP/1.1" 200 2
190.27.74.31 - - [18/Nov/2014:07:47:15 -0500] "POST /forms/lservlet;jsessionid=ac16012b30d575c39f423c634534b2b7bf674ef8fa08.e3iSbxaKaheRe34Sa3yKbhiTahb0n6jAmljGr5XDqQLvpAe HTTP/1.1" 200 47
190.27.74.31 - - [18/Nov/2014:07:47:16 -0500] "POST /forms/lservlet;jsessionid=ac16012b30d575c39f423c634534b2b7bf674ef8fa08.e3iSbxaKaheRe34Sa3yKbhiTahb0n6jAmljGr5XDqQLvpAe HTTP/1.1" 200 7
190.27.74.31 - - [18/Nov/2014:07:47:17 -0500] "POST /forms/lservlet;jsessionid=ac16012b30d575c39f423c634534b2b7bf674ef8fa08.e3iSbxaKaheRe34Sa3yKbhiTahb0n6jAmljGr5XDqQLvpAe HTTP/1.1" 200 16608
200.93.185.158 - - [18/Nov/2014:07:47:17 -0500] "GET /ecodirectorio/files/res/pages/page_0137.swf HTTP/1.0" 304 -
190.25.157.12 - - [18/Nov/2014:07:47:19 -0500] "GET /forest/json.do?query=medEnvsByClaDoc&claDoc=2&a=0.34344785986468196 HTTP/1.1" 200 74
190.25.157.12 - - [18/Nov/2014:07:47:19 -0500] "GET /forest/json.do?query=terceroById&numTer=860400134-5&a=0.15380102186463773 HTTP/1.1" 200 685
190.27.74.31 - - [18/Nov/2014:07:47:19 -0500] "POST /forms/lservlet;jsessionid=ac16012b30d575c39f423c634534b2b7bf674ef8fa08.e3iSbxaKaheRe34Sa3yKbhiTahb0n6jAmljGr5XDqQLvpAe HTTP/1.1" 200 35
190.24.136.98 - - [18/Nov/2014:07:47:20 -0500] "GET /stormWeb/ HTTP/1.1" 200 12136
190.27.74.31 - - [18/Nov/2014:07:47:20 -0500] "POST /forms/lservlet;jsessionid=ac16012b30d575c39f423c634534b2b7bf674ef8fa08.e3iSbxaKaheRe34Sa3yKbhiTahb0n6jAmljGr5XDqQLvpAe HTTP/1.1" 200 2
200.93.185.158 - - [18/Nov/2014:07:47:20 -0500] "GET /ecodirectorio/files/res/pages/page_0135.swf HTTP/1.0" 304 -
190.27.74.31 - - [18/Nov/2014:07:47:21 -0500] "POST /forms/lservlet;jsessionid=ac16012b30d575c39f423c634534b2b7bf674ef8fa08.e3iSbxaKaheRe34Sa3yKbhiTahb0n6jAmljGr5XDqQLvpAe HTTP/1.1" 200 93
201.245.192.253 - - [18/Nov/2014:07:47:20 -0500] "GET /forest/xmlresponse.do?xmlresult=1&lista=getProcesosTerceros&numTer=899999061-9%20SDA&a=0.5174558015084373 HTTP/1.1" 200 815
190.27.74.31 - - [18/Nov/2014:07:47:22 -0500] "POST /forms/lservlet;jsessionid=ac16012b30d575c39f423c634534b2b7bf674ef8fa08.e3iSbxaKaheRe34Sa3yKbhiTahb0n6jAmljGr5XDqQLvpAe HTTP/1.1" 200 2
190.24.136.98 - - [18/Nov/2014:07:47:22 -0500] "POST /stormWeb/login.do;jsessionid=70AFECA4C9EF04D9E13041AC7581D995 HTTP/1.1" 200 22346
190.24.136.98 - - [18/Nov/2014:07:47:22 -0500] "GET /stormWeb/js/1ibre/jscalendar/calendar-setup.js HTTP/1.1" 200 8927
190.24.136.98 - - [18/Nov/2014:07:47:22 -0500] "GET /stormWeb/styles/estilos01.css HTTP/1.1" 200 965
190.24.136.98 - - [18/Nov/2014:07:47:22 -0500] "GET /stormWeb/styles/estilos.css HTTP/1.1" 200 6743
190.24.136.98 - - [18/Nov/2014:07:47:22 -0500] "GET /stormWeb/js/1ibre/jscalendar/lang/calendar-es.js HTTP/1.1" 200 3995
190.24.136.98 - - [18/Nov/2014:07:47:22 -0500] "GET /stormWeb/img/loading.gif HTTP/1.1" 200 6610
190.24.136.98 - - [18/Nov/2014:07:47:22 -0500] "GET /stormWeb/js/1ibre/jscalendar/calendar.js HTTP/1.1" 200 51290
190.24.136.98 - - [18/Nov/2014:07:47:22 -0500] "GET /stormWeb/styles/menu.css HTTP/1.1" 200 3192
190.24.136.98 - - [18/Nov/2014:07:47:22 -0500] "GET /stormWeb/img/stormLogo.gif HTTP/1.1" 200 2380
190.24.136.98 - - [18/Nov/2014:07:47:22 -0500] "GET /stormWeb/img/menu/salir.gif HTTP/1.1" 200 1271
190.24.136.98 - - [18/Nov/2014:07:47:22 -0500] "GET /stormWeb/img/user.gif HTTP/1.1" 200 384
190.24.136.98 - - [18/Nov/2014:07:47:22 -0500] "GET /stormWeb/img/clock.gif HTTP/1.1" 200 381
190.24.136.98 - - [18/Nov/2014:07:47:22 -0500] "GET /stormWeb/img/header/banner_r1_c2.gif HTTP/1.1" 200 126
190.24.136.98 - - [18/Nov/2014:07:47:22 -0500] "GET /stormWeb/img/menu/fondo-barra.gif HTTP/1.1" 200 140
190.24.136.98 - - [18/Nov/2014:07:47:22 -0500] "GET /stormWeb/img/header/banner_r1_c1.gif HTTP/1.1" 200 7159
190.27.74.31 - - [18/Nov/2014:07:47:22 -0500] "POST /forms/lservlet;jsessionid=ac16012b30d575c39f423c634534b2b7bf674ef8fa08.e3iSbxaKaheRe34Sa3yKbhiTahb0n6jAmljGr5XDqQLvpAe HTTP/1.1" 200 310
190.24.136.98 - - [18/Nov/2014:07:47:22 -0500] "GET /stormWeb/img/menu/1.gif HTTP/1.1" 200 1186
190.24.136.98 - - [18/Nov/2014:07:47:22 -0500] "GET /stormWeb/img/menu/2100.gif HTTP/1.1" 200 1161
190.24.136.98 - - [18/Nov/2014:07:47:22 -0500] "GET /stormWeb/img/menu/2200.gif HTTP/1.1" 200 710
190.24.136.98 - - [18/Nov/2014:07:47:22 -0500] "GET /stormWeb/img/menu/2300.gif HTTP/1.1" 200 1085
190.24.136.98 - - [18/Nov/2014:07:47:22 -0500] "GET /stormWeb/img/menu/2400.gif HTTP/1.1" 200 1152
190.24.136.98 - - [18/Nov/2014:07:47:22 -0500] "GET /stormWeb/img/menu/2500.gif HTTP/1.1" 200 1241
190.24.136.98 - - [18/Nov/2014:07:47:22 -0500] "GET /stormWeb/img/menu/2600.gif HTTP/1.1" 200 1201
190.24.136.98 - - [18/Nov/2014:07:47:23 -0500] "GET /favicon.ico HTTP/1.1" 200 7782
200.93.185.158 - - [18/Nov/2014:07:47:23 -0500] "GET /ecodirectorio/files/res/pages/page_0138.swf HTTP/1.0" 304 -
200.93.185.158 - - [18/Nov/2014:07:47:23 -0500] "GET /ecodirectorio/files/res/pages/page_0136.swf HTTP/1.0" 304 -
190.27.74.31 - - [18/Nov/2014:07:47:27 -0500] "POST /forms/lservlet;jsessionid=ac16012b30d575c39f423c634534b2b7bf674ef8fa08.e3iSbxaKaheRe34Sa3yKbhiTahb0n6jAmljGr5XDqQLvpAe HTTP/1.1" 200 75
190.24.136.98 - - [18/Nov/2014:07:47:28 -0500] "GET /stormWeb/img/menu/bgInfo.gif HTTP/1.1" 200 109
200.93.185.158 - - [18/Nov/2014:07:47:29 -0500] "GET /ecodirectorio/files/res/pages/page_0139.swf HTTP/1.0" 304 -
200.93.185.158 - - [18/Nov/2014:07:47:29 -0500] "GET /ecodirectorio/files/res/pages/page_0140.swf HTTP/1.0" 304 -
190.24.136.98 - - [18/Nov/2014:07:47:30 -0500] "GET /stormWeb/seleccionarInforme.do?opc=4&id_group=2400&id_rd=2405 HTTP/1.1" 200 28314
190.24.136.98 - - [18/Nov/2014:07:47:30 -0500] "GET /stormWeb/js/calendarDateInput.js HTTP/1.1" 200 32133
190.24.136.98 - - [18/Nov/2014:07:47:30 -0500] "GET /stormWeb/img/calendar.jpg HTTP/1.1" 200 1089
190.24.136.98 - - [18/Nov/2014:07:47:30 -0500] "GET /stormWeb/img/bgHeader.gif HTTP/1.1" 200 231
190.24.136.98 - - [18/Nov/2014:07:47:30 -0500] "GET /stormWeb/img/prev.gif HTTP/1.1" 200 827
190.24.136.98 - - [18/Nov/2014:07:47:30 -0500] "GET /stormWeb/img/next.gif HTTP/1.1" 200 827
190.27.74.31 - - [18/Nov/2014:07:47:31 -0500] "POST /forms/lservlet;jsessionid=ac16012b30d575c39f423c634534b2b7bf674ef8fa08.e3iSbxaKaheRe34Sa3yKbhiTahb0n6jAmljGr5XDqQLvpAe HTTP/1.1" 200 12
190.27.74.31 - - [18/Nov/2014:07:47:31 -0500] "POST /forms/lservlet;jsessionid=ac16012b30d575c39f423c634534b2b7bf674ef8fa08.e3iSbxaKaheRe34Sa3yKbhiTahb0n6jAmljGr5XDqQLvpAe HTTP/1.1" 200 16515
190.27.74.31 - - [18/Nov/2014:07:47:33 -0500] "POST /forms/lservlet;jsessionid=ac16012b30d575c39f423c634534b2b7bf674ef8fa08.e3iSbxaKaheRe34Sa3yKbhiTahb0n6jAmljGr5XDqQLvpAe HTTP/1.1" 200 176
190.25.157.12 - - [18/Nov/2014:07:47:34 -0500] "GET /forest/json.do?query=tipoFirmaTipDoc&idtido=606&a=0.8101508836261928 HTTP/1.1" 200 21
190.27.74.31 - - [18/Nov/2014:07:47:39 -0500] "POST /forms/lservlet;jsessionid=ac16012b30d575c39f423c634534b2b7bf674ef8fa08.e3iSbxaKaheRe34Sa3yKbhiTahb0n6jAmljGr5XDqQLvpAe HTTP/1.1" 200 12
190.27.74.31 - - [18/Nov/2014:07:47:39 -0500] "POST /forms/lservlet;jsessionid=ac16012b30d575c39f423c634534b2b7bf674ef8fa08.e3iSbxaKaheRe34Sa3yKbhiTahb0n6jAmljGr5XDqQLvpAe HTTP/1.1" 200 8
181.69.201.99 - - [18/Nov/2014:07:47:37 -0500] "GET /forest/login.do HTTP/1.1" 200 12486
190.27.74.31 - - [18/Nov/2014:07:47:39 -0500] "POST /forms/lservlet;jsessionid=ac16012b30d575c39f423c634534b2b7bf674ef8fa08.e3iSbxaKaheRe34Sa3yKbhiTahb0n6jAmljGr5XDqQLvpAe HTTP/1.1" 200 2
190.27.74.31 - - [18/Nov/2014:07:47:40 -0500] "POST /forms/lservlet;jsessionid=ac16012b30d575c39f423c634534b2b7bf674ef8fa08.e3iSbxaKaheRe34Sa3yKbhiTahb0n6jAmljGr5XDqQLvpAe HTTP/1.1" 200 47
190.27.74.31 - - [18/Nov/2014:07:47:41 -0500] "POST /forms/lservlet;jsessionid=ac16012b30d575c39f423c634534b2b7bf674ef8fa08.e3iSbxaKaheRe34Sa3yKbhiTahb0n6jAmljGr5XDqQLvpAe HTTP/1.1" 200 7
190.27.74.31 - - [18/Nov/2014:07:47:41 -0500] "POST /forms/lservlet;jsessionid=ac16012b30d575c39f423c634534b2b7bf674ef8fa08.e3iSbxaKaheRe34Sa3yKbhiTahb0n6jAmljGr5XDqQLvpAe HTTP/1.1" 200 15
181.136.134.194 - - [18/Nov/2014:07:47:42 -0500] "GET /BLA/resoluciones/RESOLUCIONES%202007/RES%202007%203201%20AL%203300/RESOLUCION%203277%20DE%202007.pdf HTTP/1.1" 200 251872
181.136.134.194 - - [18/Nov/2014:07:47:42 -0500] "GET /BLA/resoluciones/RESOLUCIONES%202007/RES%202007%203201%20AL%203300/RESOLUCION%203277%20DE%202007.pdf HTTP/1.1" 206 32768
181.136.134.194 - - [18/Nov/2014:07:47:42 -0500] "GET /BLA/resoluciones/RESOLUCIONES%202007/RES%202007%203201%20AL%203300/RESOLUCION%203277%20DE%202007.pdf HTTP/1.1" 206 219104
181.136.134.194 - - [18/Nov/2014:07:47:42 -0500] "GET /favicon.ico HTTP/1.1" 200 7782
190.27.74.31 - - [18/Nov/2014:07:47:43 -0500] "POST /forms/lservlet;jsessionid=ac16012b30d575c39f423c634534b2b7bf674ef8fa08.e3iSbxaKaheRe34Sa3yKbhiTahb0n6jAmljGr5XDqQLvpAe HTTP/1.1" 200 2
190.27.74.31 - - [18/Nov/2014:07:47:44 -0500] "POST /forms/lservlet;jsessionid=ac16012b30d575c39f423c634534b2b7bf674ef8fa08.e3iSbxaKaheRe34Sa3yKbhiTahb0n6jAmljGr5XDqQLvpAe HTTP/1.1" 200 16612
201.245.192.253 - - [18/Nov/2014:07:47:44 -0500] "GET /forest/xmlresponse.do?xmlresult=1&lista=getXMLQuery&queryId=rpt/getListProcesosByDepNoProject&coddep=2013&codmod=11&coddepx=2013&a=0.25404461037732995&a=0.4647479588209745 HTTP/1.1" 200 28597
190.25.157.12 - - [18/Nov/2014:07:47:45 -0500] "GET /forest/actions/manager.fechaSumaDias?fecha=2014-11-18&dias=15&habil=true&a=0.9693765214178711 HTTP/1.1" 200 12
200.93.185.158 - - [18/Nov/2014:07:47:45 -0500] "GET /ecodirectorio/files/res/pages/page_0141.swf HTTP/1.0" 304 -
201.245.192.253 - - [18/Nov/2014:07:47:44 -0500] "GET /forest/xmlresponse.do?xmlresult=1&lista=getProcesosTerceros&numTer=899999061-9%20SDA&a=0.09479692491679548 HTTP/1.1" 200 815
201.245.192.253 - - [18/Nov/2014:07:47:48 -0500] "GET /forest/json.do?query=camposByTramite&codTra=-1&a=0.6591079285095164 HTTP/1.1" 200 2
200.93.185.158 - - [18/Nov/2014:07:47:48 -0500] "GET /ecodirectorio/files/res/pages/page_0124.swf HTTP/1.0" 304 -
201.245.192.253 - - [18/Nov/2014:07:47:50 -0500] "GET /forest/actions/manager.calculateDateFin?dias=30&habil=true&a=0.4482336945697014 HTTP/1.1" 200 13
201.245.192.253 - - [18/Nov/2014:07:47:50 -0500] "GET /forest/json.do?query=camposByTramite&codTra=2845&a=0.9069138903110195 HTTP/1.1" 200 2
200.93.185.158 - - [18/Nov/2014:07:47:54 -0500] "-" 408 -
201.245.192.253 - - [18/Nov/2014:07:47:54 -0500] "GET /forest/session.jsp?a=0.8273554214543272 HTTP/1.1" 200 4
190.25.157.12 - - [18/Nov/2014:07:47:58 -0500] "POST /forest/usutareas.do?group_system_actual=3 HTTP/1.1" 200 267
190.25.157.12 - - [18/Nov/2014:07:48:01 -0500] "GET /forest/usutareas.do?group_system_actual=3&a=0.6264092873316258 HTTP/1.1" 200 110908
190.25.157.12 - - [18/Nov/2014:07:45:34 -0500] "GET /ForestMSG_SDA/channelAsync/template_word_16900969?X-Atmosphere-tracking-id=c6812983-46fc-d50f-f779-8f404c40cc31&X-Atmosphere-Framework=1.0.5&X-Atmosphere-Transport=long-polling&tabid=0.6113201763946563&X-Cache-Date=0&Content-Type=application/xml&_=1416314941703 HTTP/1.1" 200 8193
190.25.157.12 - - [18/Nov/2014:07:48:01 -0500] "GET /forest/session.jsp?a=0.42973863589577377 HTTP/1.1" 200 4
190.25.157.12 - - [18/Nov/2014:07:48:02 -0500] "GET /forest/actions/forms.getMappedValues?id=id_EnlaceConcejo39&value=1415734305193&codForm=DPC_RadicarConsolidador1&a=0.6136066496837884 HTTP/1.1" 200 47
201.245.192.253 - - [18/Nov/2014:07:48:09 -0500] "GET /galeria/nivo-slider/demo/demo.html HTTP/1.1" 304 -
201.245.192.253 - - [18/Nov/2014:07:48:10 -0500] "GET /galeria/nivo-slider/demo/images/ForoNacionalAmbiental.jpg HTTP/1.1" 304 -
201.245.192.253 - - [18/Nov/2014:07:48:10 -0500] "GET /galeria/nivo-slider/demo/images/Banner-comparendo.jpg HTTP/1.1" 304 -
201.245.192.253 - - [18/Nov/2014:07:48:10 -0500] "GET /galeria/nivo-slider/demo/images/Banner-Ecourbanismo.jpg HTTP/1.1" 304 -
201.245.192.253 - - [18/Nov/2014:07:48:10 -0500] "GET /galeria/nivo-slider/demo/images/porloshumedales.jpg HTTP/1.1" 304 -
201.245.192.253 - - [18/Nov/2014:07:48:10 -0500] "GET /galeria/nivo-slider/demo/images/banner-aceite3.jpg HTTP/1.1" 304 -
201.245.192.253 - - [18/Nov/2014:07:48:10 -0500] "GET /galeria/nivo-slider/demo/images/Tingua-azul.jpg HTTP/1.1" 304 -
201.245.192.253 - - [18/Nov/2014:07:48:10 -0500] "GET /galeria/nivo-slider/demo/images/Banner-Caracol-Africano.jpg HTTP/1.1" 304 -
201.245.192.253 - - [18/Nov/2014:07:48:10 -0500] "GET /galeria/nivo-slider/demo/images/banner-redes.jpg HTTP/1.1" 304 -
201.245.192.253 - - [18/Nov/2014:07:48:10 -0500] "GET /galeria/nivo-slider/demo/images/banner-caballos.png HTTP/1.1" 304 -
201.245.192.253 - - [18/Nov/2014:07:48:10 -0500] "GET /galeria/nivo-slider/demo/images/Hacienda_Molinos.jpg HTTP/1.1" 304 -
201.245.192.253 - - [18/Nov/2014:07:48:10 -0500] "GET /galeria/nivo-slider/demo/images/bannerEcolecta3.jpg HTTP/1.1" 304 -
74.86.158.107 - - [18/Nov/2014:07:48:13 -0500] "HEAD / HTTP/1.1" 302 -
190.24.221.109 - - [18/Nov/2014:07:48:16 -0500] "GET /BLA/boletinlegal/js/jquery.js HTTP/1.1" 200 57254
190.24.221.109 - - [18/Nov/2014:07:48:16 -0500] "GET /galeria/carrusel/Carrusel/jquery.thumbnailScroller.css HTTP/1.1" 200 2066
190.24.221.109 - - [18/Nov/2014:07:48:16 -0500] "GET /BLA/boletinlegal/js/jquery.scrollTo-min.js HTTP/1.1" 200 1150
190.24.221.109 - - [18/Nov/2014:07:48:16 -0500] "GET /BLA/boletinlegal/js/jquery.scrollShow.js HTTP/1.1" 200 4586
190.24.221.109 - - [18/Nov/2014:07:48:16 -0500] "GET /galeria/carrusel/Carrusel/jquery-ui-1.8.13.custom.min.js HTTP/1.1" 200 10800
190.24.221.109 - - [18/Nov/2014:07:48:16 -0500] "GET /galeria/carrusel/Carrusel/jquery.thumbnailScroller.js HTTP/1.1" 200 8157
190.27.74.31 - - [18/Nov/2014:07:48:18 -0500] "POST /forms/lservlet;jsessionid=ac16012b30d575c39f423c634534b2b7bf674ef8fa08.e3iSbxaKaheRe34Sa3yKbhiTahb0n6jAmljGr5XDqQLvpAe HTTP/1.1" 200 2
190.27.74.31 - - [18/Nov/2014:07:48:19 -0500] "POST /forms/lservlet;jsessionid=ac16012b30d575c39f423c634534b2b7bf674ef8fa08.e3iSbxaKaheRe34Sa3yKbhiTahb0n6jAmljGr5XDqQLvpAe HTTP/1.1" 200 104
190.27.74.31 - - [18/Nov/2014:07:48:19 -0500] "POST /forms/lservlet;jsessionid=ac16012b30d575c39f423c634534b2b7bf674ef8fa08.e3iSbxaKaheRe34Sa3yKbhiTahb0n6jAmljGr5XDqQLvpAe HTTP/1.1" 200 2
190.27.74.31 - - [18/Nov/2014:07:48:20 -0500] "POST /forms/lservlet;jsessionid=ac16012b30d575c39f423c634534b2b7bf674ef8fa08.e3iSbxaKaheRe34Sa3yKbhiTahb0n6jAmljGr5XDqQLvpAe HTTP/1.1" 200 2
190.27.74.31 - - [18/Nov/2014:07:48:20 -0500] "POST /forms/lservlet;jsessionid=ac16012b30d575c39f423c634534b2b7bf674ef8fa08.e3iSbxaKaheRe34Sa3yKbhiTahb0n6jAmljGr5XDqQLvpAe HTTP/1.1" 200 167
188.165.15.235 - - [18/Nov/2014:07:48:21 -0500] "GET /BLA/resoluciones/RESOLUCIONES%202005/RES%202005%20851-900/00000858.tif HTTP/1.1" 200 78102
201.245.192.253 - - [18/Nov/2014:07:48:21 -0500] "GET /forest/xmlresponse.do?lista=searchTerceroByName&xmlret=1&todos=false&partNomTer=secretaria%20&a=0.780197613008155 HTTP/1.1" 200 2852
201.245.192.253 - - [18/Nov/2014:07:48:24 -0500] "GET /forest/xmlresponse.do?lista=searchTerceroByName&xmlret=1&todos=false&partNomTer=secretaria%20distrital%20de%20ambiente&a=0.4070056083900099 HTTP/1.1" 200 325
201.245.192.253 - - [18/Nov/2014:07:48:25 -0500] "GET /forest/json.do?query=terceroById&numTer=899999061-9%20SDA&a=0.7589326755507666 HTTP/1.1" 200 662
201.245.192.253 - - [18/Nov/2014:07:48:26 -0500] "POST /forest/radicacion.do?codMod=11&group_system_actual=4 HTTP/1.1" 200 362
201.245.192.253 - - [18/Nov/2014:07:48:26 -0500] "GET /forest/xmlresponse.do?xmlresult=1&lista=getXMLQuery&queryId=rpt/getListProcesosByDepNoProject&coddep=2013&codmod=11&coddepx=2013&a=0.5368738855300461&a=0.3474466991609977 HTTP/1.1" 200 28597
201.245.192.253 - - [18/Nov/2014:07:48:26 -0500] "GET /forest/json.do?query=tipDocsByClaDoc&claDoc=1&a=0.14453372279432863&a=0.7151524677434443 HTTP/1.1" 200 238
201.245.192.253 - - [18/Nov/2014:07:48:26 -0500] "GET /forest/xmlresponse.do?xmlresult=1&lista=getProcesosTerceros&numTer=899999061-9%20SDA&a=0.5520285678275473 HTTP/1.1" 200 815
190.27.74.31 - - [18/Nov/2014:07:48:29 -0500] "POST /forms/lservlet;jsessionid=ac16012b30d575c39f423c634534b2b7bf674ef8fa08.e3iSbxaKaheRe34Sa3yKbhiTahb0n6jAmljGr5XDqQLvpAe HTTP/1.1" 200 36175
190.27.74.31 - - [18/Nov/2014:07:48:29 -0500] "POST /forms/lservlet;jsessionid=ac16012b30d575c39f423c634534b2b7bf674ef8fa08.e3iSbxaKaheRe34Sa3yKbhiTahb0n6jAmljGr5XDqQLvpAe HTTP/1.1" 200 11
190.27.74.31 - - [18/Nov/2014:07:48:29 -0500] "POST /forms/lservlet;jsessionid=ac16012b30d575c39f423c634534b2b7bf674ef8fa08.e3iSbxaKaheRe34Sa3yKbhiTahb0n6jAmljGr5XDqQLvpAe HTTP/1.1" 200 349
190.27.74.31 - - [18/Nov/2014:07:48:29 -0500] "POST /forms/lservlet;jsessionid=ac16012b30d575c39f423c634534b2b7bf674ef8fa08.e3iSbxaKaheRe34Sa3yKbhiTahb0n6jAmljGr5XDqQLvpAe HTTP/1.1" 200 11
190.27.74.31 - - [18/Nov/2014:07:48:32 -0500] "POST /forms/lservlet;jsessionid=ac16012b30d575c39f423c634534b2b7bf674ef8fa08.e3iSbxaKaheRe34Sa3yKbhiTahb0n6jAmljGr5XDqQLvpAe HTTP/1.1" 200 36808
190.24.136.98 - - [18/Nov/2014:07:48:32 -0500] "POST /stormWeb/filtroInf.do HTTP/1.1" 200 28387
190.27.74.31 - - [18/Nov/2014:07:48:34 -0500] "POST /forms/lservlet;jsessionid=ac16012b30d575c39f423c634534b2b7bf674ef8fa08.e3iSbxaKaheRe34Sa3yKbhiTahb0n6jAmljGr5XDqQLvpAe HTTP/1.1" 200 75
190.27.74.31 - - [18/Nov/2014:07:48:36 -0500] "POST /forms/lservlet;jsessionid=ac16012b30d575c39f423c634534b2b7bf674ef8fa08.e3iSbxaKaheRe34Sa3yKbhiTahb0n6jAmljGr5XDqQLvpAe HTTP/1.1" 200 148
190.27.74.31 - - [18/Nov/2014:07:48:37 -0500] "POST /forms/lservlet;jsessionid=ac16012b30d575c39f423c634534b2b7bf674ef8fa08.e3iSbxaKaheRe34Sa3yKbhiTahb0n6jAmljGr5XDqQLvpAe HTTP/1.1" 200 36695
201.245.192.253 - - [18/Nov/2014:07:48:38 -0500] "GET /forest/xmlresponse.do?lista=searchTerceroByName&xmlret=1&todos=false&claDoc=1&partNomTer=secretaria&a=0.9004529849343796 HTTP/1.1" 200 2852
190.27.74.31 - - [18/Nov/2014:07:48:39 -0500] "POST /forms/lservlet;jsessionid=ac16012b30d575c39f423c634534b2b7bf674ef8fa08.e3iSbxaKaheRe34Sa3yKbhiTahb0n6jAmljGr5XDqQLvpAe HTTP/1.1" 200 148
201.245.192.253 - - [18/Nov/2014:07:48:39 -0500] "GET /forest/xmlresponse.do?lista=searchTerceroByName&xmlret=1&todos=false&claDoc=1&partNomTer=secretaria%20fdi&a=0.15714569536129275 HTTP/1.1" 200 78
179.32.235.97 - - [18/Nov/2014:07:48:39 -0500] "GET /BLA/boletinlegal/js/jquery.js HTTP/1.1" 200 57254
179.32.235.97 - - [18/Nov/2014:07:48:39 -0500] "GET /BLA/boletinlegal/js/jquery.scrollTo-min.js HTTP/1.1" 200 1150
179.32.235.97 - - [18/Nov/2014:07:48:39 -0500] "GET /BLA/boletinlegal/js/jquery.scrollShow.js HTTP/1.1" 200 4586
201.245.192.253 - - [18/Nov/2014:07:48:39 -0500] "GET /forest/xmlresponse.do?lista=searchTerceroByName&xmlret=1&todos=false&claDoc=1&partNomTer=secretaria%20&a=0.728378790732912 HTTP/1.1" 200 2852
190.27.74.31 - - [18/Nov/2014:07:48:42 -0500] "POST /forms/lservlet;jsessionid=ac16012b30d575c39f423c634534b2b7bf674ef8fa08.e3iSbxaKaheRe34Sa3yKbhiTahb0n6jAmljGr5XDqQLvpAe HTTP/1.1" 200 252
201.245.192.253 - - [18/Nov/2014:07:48:42 -0500] "GET /forest/xmlresponse.do?lista=searchTerceroByName&xmlret=1&todos=false&claDoc=1&partNomTer=secretaria%20distrital%20de%20ambiente&a=0.849223493452792 HTTP/1.1" 200 325
190.27.74.31 - - [18/Nov/2014:07:48:43 -0500] "POST /forms/lservlet;jsessionid=ac16012b30d575c39f423c634534b2b7bf674ef8fa08.e3iSbxaKaheRe34Sa3yKbhiTahb0n6jAmljGr5XDqQLvpAe HTTP/1.1" 200 75
190.27.74.31 - - [18/Nov/2014:07:48:45 -0500] "POST /forms/lservlet;jsessionid=ac16012b30d575c39f423c634534b2b7bf674ef8fa08.e3iSbxaKaheRe34Sa3yKbhiTahb0n6jAmljGr5XDqQLvpAe HTTP/1.1" 200 187
201.245.192.253 - - [18/Nov/2014:07:48:44 -0500] "GET /forest/xmlresponse.do?xmlresult=1&lista=getProcesosTerceros&numTer=899999061-9%20SDA&a=0.8582489938584136 HTTP/1.1" 200 815
201.245.192.253 - - [18/Nov/2014:07:48:44 -0500] "GET /forest/json.do?query=processByTer&codter=899999061-9%20SDA&a=0.6592589316110002 HTTP/1.1" 200 8324
190.27.74.31 - - [18/Nov/2014:07:48:47 -0500] "POST /forms/lservlet;jsessionid=ac16012b30d575c39f423c634534b2b7bf674ef8fa08.e3iSbxaKaheRe34Sa3yKbhiTahb0n6jAmljGr5XDqQLvpAe HTTP/1.1" 200 175
190.24.136.98 - - [18/Nov/2014:07:48:50 -0500] "GET /stormWeb/filtroConsultarDocumento.jsp?id_group=2200&id_rd=2210 HTTP/1.1" 200 29668
190.24.136.98 - - [18/Nov/2014:07:48:50 -0500] "GET /stormWeb/js/sarissa_xml_xsl_utilities.js HTTP/1.1" 200 4172
190.24.136.98 - - [18/Nov/2014:07:48:50 -0500] "GET /stormWeb/js/SelectManager.js HTTP/1.1" 200 2715
190.24.136.98 - - [18/Nov/2014:07:48:50 -0500] "GET /stormWeb/js/xml_utilities.js HTTP/1.1" 200 2996
190.24.136.98 - - [18/Nov/2014:07:48:50 -0500] "GET /stormWeb/js/common.js HTTP/1.1" 200 2722
190.24.136.98 - - [18/Nov/2014:07:48:50 -0500] "GET /stormWeb/js/sarissa_dhtml.js HTTP/1.1" 200 4458
190.24.136.98 - - [18/Nov/2014:07:48:50 -0500] "GET /stormWeb/js/sarissa.js HTTP/1.1" 200 27893
190.24.136.98 - - [18/Nov/2014:07:48:50 -0500] "GET /stormWeb/js/escritorio.js HTTP/1.1" 200 5082
201.245.192.253 - - [18/Nov/2014:07:48:50 -0500] "GET /forest/xmlresponse.do?xmlresult=1&lista=getXMLQuery&queryId=rpt/getListProcesosByDepNoProject&coddep=2013&codmod=11&coddepx=2013&a=0.9835121350945233&a=0.5927769425021701 HTTP/1.1" 200 28597
201.245.192.253 - - [18/Nov/2014:07:48:50 -0500] "GET /forest/xmlresponse.do?xmlresult=1&lista=getProcesosTerceros&numTer=899999061-9%20SDA&a=0.017465210866823733 HTTP/1.1" 200 815
201.245.192.253 - - [18/Nov/2014:07:48:54 -0500] "GET /forest/json.do?query=camposByTramite&codTra=-1&a=0.44079695222856685 HTTP/1.1" 200 2
201.245.192.253 - - [18/Nov/2014:07:48:56 -0500] "GET /forest/actions/manager.calculateDateFin?dias=30&habil=true&a=0.06485221071606384 HTTP/1.1" 200 13
201.245.192.253 - - [18/Nov/2014:07:48:56 -0500] "GET /forest/json.do?query=camposByTramite&codTra=2845&a=0.01682422637588976 HTTP/1.1" 200 2
190.27.74.31 - - [18/Nov/2014:07:48:56 -0500] "POST /forms/lservlet;jsessionid=ac16012b30d575c39f423c634534b2b7bf674ef8fa08.e3iSbxaKaheRe34Sa3yKbhiTahb0n6jAmljGr5XDqQLvpAe HTTP/1.1" 200 12
190.27.74.31 - - [18/Nov/2014:07:48:56 -0500] "POST /forms/lservlet;jsessionid=ac16012b30d575c39f423c634534b2b7bf674ef8fa08.e3iSbxaKaheRe34Sa3yKbhiTahb0n6jAmljGr5XDqQLvpAe HTTP/1.1" 200 19913
190.24.221.109 - - [18/Nov/2014:07:48:57 -0500] "GET /galeria/nivo-slider/demo/demo.html HTTP/1.1" 200 3537
190.24.221.109 - - [18/Nov/2014:07:48:57 -0500] "GET /galeria/nivo-slider/themes/default/default.css HTTP/1.1" 200 1569
190.27.74.31 - - [18/Nov/2014:07:48:58 -0500] "POST /forms/lservlet;jsessionid=ac16012b30d575c39f423c634534b2b7bf674ef8fa08.e3iSbxaKaheRe34Sa3yKbhiTahb0n6jAmljGr5XDqQLvpAe HTTP/1.1" 200 176
190.24.221.109 - - [18/Nov/2014:07:48:58 -0500] "GET /galeria/nivo-slider/themes/pascal/pascal.css HTTP/1.1" 200 2258
190.24.221.109 - - [18/Nov/2014:07:48:58 -0500] "GET /galeria/nivo-slider/themes/orman/orman.css HTTP/1.1" 200 2152
190.24.221.109 - - [18/Nov/2014:07:48:58 -0500] "GET /galeria/nivo-slider/nivo-slider.css HTTP/1.1" 200 1507
190.24.221.109 - - [18/Nov/2014:07:48:59 -0500] "GET /galeria/nivo-slider/demo/style.css HTTP/1.1" 200 2222
190.24.221.109 - - [18/Nov/2014:07:48:59 -0500] "GET /galeria/nivo-slider/demo/scripts/jquery-1.7.1.min.js HTTP/1.1" 200 93868
190.24.221.109 - - [18/Nov/2014:07:48:59 -0500] "GET /galeria/nivo-slider/jquery.nivo.slider.pack.js HTTP/1.1" 200 11561
190.24.221.109 - - [18/Nov/2014:07:49:00 -0500] "GET /galeria/nivo-slider/demo/images/4Simple_Slider.png HTTP/1.1" 200 11722
190.27.74.31 - - [18/Nov/2014:07:49:00 -0500] "POST /forms/lservlet;jsessionid=ac16012b30d575c39f423c634534b2b7bf674ef8fa08.e3iSbxaKaheRe34Sa3yKbhiTahb0n6jAmljGr5XDqQLvpAe HTTP/1.1" 200 12
190.27.74.31 - - [18/Nov/2014:07:49:00 -0500] "POST /forms/lservlet;jsessionid=ac16012b30d575c39f423c634534b2b7bf674ef8fa08.e3iSbxaKaheRe34Sa3yKbhiTahb0n6jAmljGr5XDqQLvpAe HTTP/1.1" 200 8
190.27.74.31 - - [18/Nov/2014:07:49:00 -0500] "POST /forms/lservlet;jsessionid=ac16012b30d575c39f423c634534b2b7bf674ef8fa08.e3iSbxaKaheRe34Sa3yKbhiTahb0n6jAmljGr5XDqQLvpAe HTTP/1.1" 200 2
190.24.221.109 - - [18/Nov/2014:07:49:01 -0500] "GET /galeria/nivo-slider/themes/default/loading.gif HTTP/1.1" 200 1737
190.27.74.31 - - [18/Nov/2014:07:49:01 -0500] "POST /forms/lservlet;jsessionid=ac16012b30d575c39f423c634534b2b7bf674ef8fa08.e3iSbxaKaheRe34Sa3yKbhiTahb0n6jAmljGr5XDqQLvpAe HTTP/1.1" 200 47
190.27.74.31 - - [18/Nov/2014:07:49:03 -0500] "POST /forms/lservlet;jsessionid=ac16012b30d575c39f423c634534b2b7bf674ef8fa08.e3iSbxaKaheRe34Sa3yKbhiTahb0n6jAmljGr5XDqQLvpAe HTTP/1.1" 200 2
190.27.74.31 - - [18/Nov/2014:07:49:03 -0500] "POST /forms/lservlet;jsessionid=ac16012b30d575c39f423c634534b2b7bf674ef8fa08.e3iSbxaKaheRe34Sa3yKbhiTahb0n6jAmljGr5XDqQLvpAe HTTP/1.1" 200 104
190.27.74.31 - - [18/Nov/2014:07:49:03 -0500] "POST /forms/lservlet;jsessionid=ac16012b30d575c39f423c634534b2b7bf674ef8fa08.e3iSbxaKaheRe34Sa3yKbhiTahb0n6jAmljGr5XDqQLvpAe HTTP/1.1" 200 2
190.27.74.31 - - [18/Nov/2014:07:49:04 -0500] "POST /forms/lservlet;jsessionid=ac16012b30d575c39f423c634534b2b7bf674ef8fa08.e3iSbxaKaheRe34Sa3yKbhiTahb0n6jAmljGr5XDqQLvpAe HTTP/1.1" 200 2
190.24.221.109 - - [18/Nov/2014:07:49:05 -0500] "GET /galeria/nivo-slider/demo/images/ForoNacionalAmbiental.jpg HTTP/1.1" 200 202541
190.27.74.31 - - [18/Nov/2014:07:49:05 -0500] "POST /forms/lservlet;jsessionid=ac16012b30d575c39f423c634534b2b7bf674ef8fa08.e3iSbxaKaheRe34Sa3yKbhiTahb0n6jAmljGr5XDqQLvpAe HTTP/1.1" 200 177
181.69.201.99 - - [18/Nov/2014:07:49:08 -0500] "GET /forest/login.do HTTP/1.1" 200 12486
190.24.221.109 - - [18/Nov/2014:07:49:11 -0500] "GET /galeria/nivo-slider/demo/images/Banner-Ecourbanismo.jpg HTTP/1.1" 200 189838
190.24.221.109 - - [18/Nov/2014:07:49:11 -0500] "GET /galeria/nivo-slider/demo/images/Banner-comparendo.jpg HTTP/1.1" 200 388762
