201.245.192.253 - - [18/Nov/2014:08:18:11 -0500] "GET /galeria/nivo-slider/demo/images/porloshumedales.jpg HTTP/1.1" 304 -
201.245.192.253 - - [18/Nov/2014:08:18:11 -0500] "GET /galeria/nivo-slider/demo/images/banner-aceite3.jpg HTTP/1.1" 304 -
201.245.192.253 - - [18/Nov/2014:08:18:11 -0500] "GET /galeria/nivo-slider/demo/images/Tingua-azul.jpg HTTP/1.1" 304 -
201.245.192.253 - - [18/Nov/2014:08:18:11 -0500] "GET /galeria/nivo-slider/demo/images/banner-redes.jpg HTTP/1.1" 304 -
201.245.192.253 - - [18/Nov/2014:08:18:11 -0500] "GET /galeria/nivo-slider/demo/images/Banner-Caracol-Africano.jpg HTTP/1.1" 304 -
201.245.192.253 - - [18/Nov/2014:08:18:11 -0500] "GET /galeria/nivo-slider/demo/images/bannerEcolecta3.jpg HTTP/1.1" 304 -
201.245.192.253 - - [18/Nov/2014:08:18:11 -0500] "GET /galeria/nivo-slider/demo/images/banner-caballos.png HTTP/1.1" 304 -
188.165.15.90 - - [18/Nov/2014:08:18:11 -0500] "GET /BLA/resoluciones/RESOLUCIONES%202005/RES%202005%203001-3050/00003039.tif HTTP/1.1" 200 105364
74.86.158.107 - - [18/Nov/2014:08:18:12 -0500] "HEAD / HTTP/1.1" 302 -
190.27.74.31 - - [18/Nov/2014:08:18:16 -0500] "POST /forms/lservlet;jsessionid=ac16012b30d575c39f423c634534b2b7bf674ef8fa08.e3iSbxaKaheRe34Sa3yKbhiTahb0n6jAmljGr5XDqQLvpAe HTTP/1.1" 200 12
190.27.74.31 - - [18/Nov/2014:08:18:16 -0500] "POST /forms/lservlet;jsessionid=ac16012b30d575c39f423c634534b2b7bf674ef8fa08.e3iSbxaKaheRe34Sa3yKbhiTahb0n6jAmljGr5XDqQLvpAe HTTP/1.1" 200 18665
190.27.74.31 - - [18/Nov/2014:08:18:18 -0500] "POST /forms/lservlet;jsessionid=ac16012b30d575c39f423c634534b2b7bf674ef8fa08.e3iSbxaKaheRe34Sa3yKbhiTahb0n6jAmljGr5XDqQLvpAe HTTP/1.1" 200 182
190.27.74.31 - - [18/Nov/2014:08:18:20 -0500] "POST /forms/lservlet;jsessionid=ac16012b30d575c39f423c634534b2b7bf674ef8fa08.e3iSbxaKaheRe34Sa3yKbhiTahb0n6jAmljGr5XDqQLvpAe HTTP/1.1" 200 12
190.27.74.31 - - [18/Nov/2014:08:18:20 -0500] "POST /forms/lservlet;jsessionid=ac16012b30d575c39f423c634534b2b7bf674ef8fa08.e3iSbxaKaheRe34Sa3yKbhiTahb0n6jAmljGr5XDqQLvpAe HTTP/1.1" 200 8
190.27.74.31 - - [18/Nov/2014:08:18:20 -0500] "POST /forms/lservlet;jsessionid=ac16012b30d575c39f423c634534b2b7bf674ef8fa08.e3iSbxaKaheRe34Sa3yKbhiTahb0n6jAmljGr5XDqQLvpAe HTTP/1.1" 200 2
190.27.74.31 - - [18/Nov/2014:08:18:21 -0500] "POST /forms/lservlet;jsessionid=ac16012b30d575c39f423c634534b2b7bf674ef8fa08.e3iSbxaKaheRe34Sa3yKbhiTahb0n6jAmljGr5XDqQLvpAe HTTP/1.1" 200 47
190.27.74.31 - - [18/Nov/2014:08:18:21 -0500] "POST /forms/lservlet;jsessionid=ac16012b30d575c39f423c634534b2b7bf674ef8fa08.e3iSbxaKaheRe34Sa3yKbhiTahb0n6jAmljGr5XDqQLvpAe HTTP/1.1" 200 7
190.27.74.31 - - [18/Nov/2014:08:18:22 -0500] "POST /forms/lservlet;jsessionid=ac16012b30d575c39f423c634534b2b7bf674ef8fa08.e3iSbxaKaheRe34Sa3yKbhiTahb0n6jAmljGr5XDqQLvpAe HTTP/1.1" 200 15
190.27.74.31 - - [18/Nov/2014:08:18:22 -0500] "POST /forms/lservlet;jsessionid=ac16012b30d575c39f423c634534b2b7bf674ef8fa08.e3iSbxaKaheRe34Sa3yKbhiTahb0n6jAmljGr5XDqQLvpAe HTTP/1.1" 200 12
201.245.192.253 - - [18/Nov/2014:08:18:23 -0500] "GET /isolucionsda/ HTTP/1.1" 200 739
201.245.192.253 - - [18/Nov/2014:08:18:23 -0500] "GET /isolucionsda/IdentificaUsuario.asp?Pagina1=FrameSetGeneral.asp& HTTP/1.1" 200 4997
190.27.74.31 - - [18/Nov/2014:08:18:23 -0500] "POST /forms/lservlet;jsessionid=ac16012b30d575c39f423c634534b2b7bf674ef8fa08.e3iSbxaKaheRe34Sa3yKbhiTahb0n6jAmljGr5XDqQLvpAe HTTP/1.1" 200 2
190.27.74.31 - - [18/Nov/2014:08:18:24 -0500] "POST /forms/lservlet;jsessionid=ac16012b30d575c39f423c634534b2b7bf674ef8fa08.e3iSbxaKaheRe34Sa3yKbhiTahb0n6jAmljGr5XDqQLvpAe HTTP/1.1" 200 110
190.27.74.31 - - [18/Nov/2014:08:18:24 -0500] "POST /forms/lservlet;jsessionid=ac16012b30d575c39f423c634534b2b7bf674ef8fa08.e3iSbxaKaheRe34Sa3yKbhiTahb0n6jAmljGr5XDqQLvpAe HTTP/1.1" 200 2
190.27.74.31 - - [18/Nov/2014:08:18:25 -0500] "POST /forms/lservlet;jsessionid=ac16012b30d575c39f423c634534b2b7bf674ef8fa08.e3iSbxaKaheRe34Sa3yKbhiTahb0n6jAmljGr5XDqQLvpAe HTTP/1.1" 200 2
190.157.124.80 - - [18/Nov/2014:08:18:25 -0500] "GET /BLA/boletinlegal/js/jquery.js HTTP/1.1" 200 57254
190.157.124.80 - - [18/Nov/2014:08:18:25 -0500] "GET /BLA/boletinlegal/js/jquery.scrollTo-min.js HTTP/1.1" 200 1150
190.157.124.80 - - [18/Nov/2014:08:18:25 -0500] "GET /BLA/boletinlegal/js/jquery.scrollShow.js HTTP/1.1" 200 4586
190.27.74.31 - - [18/Nov/2014:08:18:25 -0500] "POST /forms/lservlet;jsessionid=ac16012b30d575c39f423c634534b2b7bf674ef8fa08.e3iSbxaKaheRe34Sa3yKbhiTahb0n6jAmljGr5XDqQLvpAe HTTP/1.1" 200 167
200.118.16.84 - - [18/Nov/2014:08:18:25 -0500] "POST /forms/lservlet;jsessionid=ac16012b30d512623ce5a05241f68ba1b47211104a51.e3iSbxaKaheRe34Sa3yKbhiTahb0n6jAmljGr5XDqQLvpAe HTTP/1.1" 200 2
201.245.192.253 - - [18/Nov/2014:08:18:25 -0500] "GET /galeria/nivo-slider/demo/images/Hacienda_Molinos.jpg HTTP/1.1" 304 -
201.245.192.253 - - [18/Nov/2014:08:18:25 -0500] "GET /galeria/nivo-slider/demo/demo.html HTTP/1.1" 304 -
201.245.192.253 - - [18/Nov/2014:08:18:25 -0500] "GET /galeria/nivo-slider/demo/images/ForoNacionalAmbiental.jpg HTTP/1.1" 304 -
201.245.192.253 - - [18/Nov/2014:08:18:25 -0500] "GET /galeria/nivo-slider/demo/images/Banner-comparendo.jpg HTTP/1.1" 304 -
201.245.192.253 - - [18/Nov/2014:08:18:25 -0500] "GET /galeria/nivo-slider/demo/images/Banner-Ecourbanismo.jpg HTTP/1.1" 304 -
201.245.192.253 - - [18/Nov/2014:08:18:25 -0500] "GET /galeria/nivo-slider/demo/images/banner-aceite3.jpg HTTP/1.1" 304 -
201.245.192.253 - - [18/Nov/2014:08:18:25 -0500] "GET /galeria/nivo-slider/demo/images/Tingua-azul.jpg HTTP/1.1" 304 -
201.245.192.253 - - [18/Nov/2014:08:18:25 -0500] "GET /galeria/nivo-slider/demo/images/banner-redes.jpg HTTP/1.1" 304 -
201.245.192.253 - - [18/Nov/2014:08:18:25 -0500] "GET /galeria/nivo-slider/demo/images/banner-caballos.png HTTP/1.1" 304 -
201.245.192.253 - - [18/Nov/2014:08:18:25 -0500] "GET /galeria/nivo-slider/demo/images/Banner-Caracol-Africano.jpg HTTP/1.1" 304 -
201.245.192.253 - - [18/Nov/2014:08:18:25 -0500] "GET /galeria/nivo-slider/demo/images/porloshumedales.jpg HTTP/1.1" 304 -
201.245.192.253 - - [18/Nov/2014:08:18:25 -0500] "GET /galeria/nivo-slider/demo/images/bannerEcolecta3.jpg HTTP/1.1" 304 -
190.29.137.63 - - [18/Nov/2014:08:18:27 -0500] "GET /BLA/boletinlegal/js/jquery.scrollTo-min.js HTTP/1.1" 200 1150
190.29.137.63 - - [18/Nov/2014:08:18:27 -0500] "GET /BLA/boletinlegal/js/jquery.js HTTP/1.1" 200 57254
190.29.137.63 - - [18/Nov/2014:08:18:27 -0500] "GET /BLA/boletinlegal/js/jquery.scrollShow.js HTTP/1.1" 200 4586
190.27.74.31 - - [18/Nov/2014:08:18:27 -0500] "POST /forms/lservlet;jsessionid=ac16012b30d575c39f423c634534b2b7bf674ef8fa08.e3iSbxaKaheRe34Sa3yKbhiTahb0n6jAmljGr5XDqQLvpAe HTTP/1.1" 200 47704
190.27.74.31 - - [18/Nov/2014:08:18:30 -0500] "POST /forms/lservlet;jsessionid=ac16012b30d575c39f423c634534b2b7bf674ef8fa08.e3iSbxaKaheRe34Sa3yKbhiTahb0n6jAmljGr5XDqQLvpAe HTTP/1.1" 200 180
190.27.74.31 - - [18/Nov/2014:08:18:30 -0500] "POST /forms/lservlet;jsessionid=ac16012b30d575c39f423c634534b2b7bf674ef8fa08.e3iSbxaKaheRe34Sa3yKbhiTahb0n6jAmljGr5XDqQLvpAe HTTP/1.1" 200 2
201.245.192.253 - - [18/Nov/2014:08:18:30 -0500] "POST /isolucionsda/IdentificaUsuario.asp?Pagina1=FrameSetGeneral.asp& HTTP/1.1" 302 173
201.245.192.253 - - [18/Nov/2014:08:18:30 -0500] "GET /isolucionsda/FrameSetGeneral.asp?Pagina1=FrameSetGeneral.asp& HTTP/1.1" 200 6613
201.245.192.253 - - [18/Nov/2014:08:18:30 -0500] "GET /isolucionsda/Encabezado.asp?Pagina1=FrameSetGeneral.asp&&Pagina=MagazinHome.asp HTTP/1.1" 200 15388
201.245.192.253 - - [18/Nov/2014:08:18:30 -0500] "GET /isolucionsda/BarraTitulos.asp?Pagina1=FrameSetGeneral.asp&&Pagina=MagazinHome.asp HTTP/1.1" 200 6972
201.245.192.253 - - [18/Nov/2014:08:18:30 -0500] "GET /isolucionsda/MagazinHome.asp HTTP/1.1" 200 27531
201.245.192.253 - - [18/Nov/2014:08:18:31 -0500] "GET /isolucionsda/BarraFavoritos.asp HTTP/1.1" 200 911
201.245.192.253 - - [18/Nov/2014:08:18:31 -0500] "GET /isolucionsda/g/Bgr_Destacado3399CC.jpg HTTP/1.1" 404 5217
201.245.192.253 - - [18/Nov/2014:08:18:31 -0500] "GET /isolucionsda/Session.asp?Continue=1 HTTP/1.1" 200 6324
201.245.192.253 - - [18/Nov/2014:08:18:31 -0500] "GET /isolucionsda/TareasSFRedirect.asp HTTP/1.1" 302 195
201.245.192.253 - - [18/Nov/2014:08:18:31 -0500] "GET /isolucionsda/Login.aspx?TARGET=SFContainerFiltrado.aspx&number=52525152686956514554 HTTP/1.1" 302 886
201.245.192.253 - - [18/Nov/2014:08:18:32 -0500] "GET /isolucionsda/SFContainerFiltrado.aspx?Number=52525152686956514554 HTTP/1.1" 200 14314
201.245.192.253 - - [18/Nov/2014:08:18:32 -0500] "GET /isolucionsda/DetalleTareas.aspx?Number=52525152686956514554 HTTP/1.1" 200 5355
201.245.192.253 - - [18/Nov/2014:08:18:32 -0500] "GET /isolucionsda/infowndpublic.js HTTP/1.1" 404 5199
201.245.192.253 - - [18/Nov/2014:08:18:32 -0500] "GET /isolucionsda/auxlib.js HTTP/1.1" 404 5185
201.245.192.253 - - [18/Nov/2014:08:18:32 -0500] "GET /isolucionsda/infowndcore.js HTTP/1.1" 404 5195
201.245.192.253 - - [18/Nov/2014:08:18:32 -0500] "GET /isolucionsda/infowndpublic.js HTTP/1.1" 404 5199
201.245.192.253 - - [18/Nov/2014:08:18:32 -0500] "GET /isolucionsda/infowndcore.js HTTP/1.1" 404 5195
190.27.74.31 - - [18/Nov/2014:08:18:33 -0500] "POST /forms/lservlet;jsessionid=ac16012b30d575c39f423c634534b2b7bf674ef8fa08.e3iSbxaKaheRe34Sa3yKbhiTahb0n6jAmljGr5XDqQLvpAe HTTP/1.1" 200 37510
201.245.192.253 - - [18/Nov/2014:08:18:34 -0500] "GET /isolucionsda/FrameSetGeneral.asp?Pagina=Menu.asp&IdModulo=4 HTTP/1.1" 200 6583
201.245.192.253 - - [18/Nov/2014:08:18:34 -0500] "GET /isolucionsda/BarraTitulos.asp?Pagina=Menu.asp&IdModulo=4 HTTP/1.1" 200 6985
201.245.192.253 - - [18/Nov/2014:08:18:34 -0500] "GET /isolucionsda/Menu.asp?Pagina=Menu.asp&IdModulo=4 HTTP/1.1" 200 9682
201.245.192.253 - - [18/Nov/2014:08:18:34 -0500] "GET /isolucionsda/Encabezado.asp?Pagina=Menu.asp&IdModulo=4 HTTP/1.1" 200 15389
201.245.192.253 - - [18/Nov/2014:08:18:34 -0500] "GET /isolucionsda/BarraFavoritos.asp HTTP/1.1" 200 911
201.245.192.253 - - [18/Nov/2014:08:18:34 -0500] "GET /isolucionsda/Session.asp?Continue=1 HTTP/1.1" 200 6324
201.245.192.253 - - [18/Nov/2014:08:18:36 -0500] "GET /isolucionsda/FrameSetGeneral.asp?Pagina=ListadoMaestroDocumentos3.asp HTTP/1.1" 200 6634
201.245.192.253 - - [18/Nov/2014:08:18:36 -0500] "GET /isolucionsda/Encabezado.asp?Pagina=ListadoMaestroDocumentos3.asp HTTP/1.1" 200 15364
201.245.192.253 - - [18/Nov/2014:08:18:36 -0500] "GET /isolucionsda/ListadoMaestroDocumentos3.asp?Pagina=ListadoMaestroDocumentos3.asp HTTP/1.1" 200 11467
201.245.192.253 - - [18/Nov/2014:08:18:36 -0500] "GET /isolucionsda/Session.asp?Continue=1 HTTP/1.1" 200 6324
201.245.192.253 - - [18/Nov/2014:08:18:36 -0500] "GET /isolucionsda/BarraFavoritos.asp HTTP/1.1" 200 911
201.245.192.253 - - [18/Nov/2014:08:18:36 -0500] "GET /isolucionsda/BarraTitulos.asp?Pagina=ListadoMaestroDocumentos3.asp HTTP/1.1" 200 6985
190.27.74.31 - - [18/Nov/2014:08:18:39 -0500] "POST /forms/lservlet;jsessionid=ac16012b30d575c39f423c634534b2b7bf674ef8fa08.e3iSbxaKaheRe34Sa3yKbhiTahb0n6jAmljGr5XDqQLvpAe HTTP/1.1" 200 254
201.245.192.253 - - [18/Nov/2014:08:18:40 -0500] "GET /galeria/nivo-slider/demo/images/Banner-comparendo.jpg HTTP/1.1" 304 -
201.245.192.253 - - [18/Nov/2014:08:18:40 -0500] "GET /galeria/nivo-slider/demo/images/ForoNacionalAmbiental.jpg HTTP/1.1" 304 -
201.245.192.253 - - [18/Nov/2014:08:18:40 -0500] "GET /galeria/nivo-slider/demo/images/porloshumedales.jpg HTTP/1.1" 304 -
201.245.192.253 - - [18/Nov/2014:08:18:40 -0500] "GET /galeria/nivo-slider/demo/images/Banner-Ecourbanismo.jpg HTTP/1.1" 304 -
201.245.192.253 - - [18/Nov/2014:08:18:40 -0500] "GET /galeria/nivo-slider/demo/images/banner-redes.jpg HTTP/1.1" 304 -
201.245.192.253 - - [18/Nov/2014:08:18:40 -0500] "GET /galeria/nivo-slider/demo/images/banner-aceite3.jpg HTTP/1.1" 304 -
201.245.192.253 - - [18/Nov/2014:08:18:40 -0500] "GET /galeria/nivo-slider/demo/images/Tingua-azul.jpg HTTP/1.1" 304 -
201.245.192.253 - - [18/Nov/2014:08:18:40 -0500] "GET /galeria/nivo-slider/demo/images/Banner-Caracol-Africano.jpg HTTP/1.1" 304 -
201.245.192.253 - - [18/Nov/2014:08:18:40 -0500] "GET /galeria/nivo-slider/demo/images/9Signos.jpg HTTP/1.1" 304 -
201.245.192.253 - - [18/Nov/2014:08:18:40 -0500] "GET /galeria/nivo-slider/demo/images/banner-caballos.png HTTP/1.1" 304 -
201.245.192.253 - - [18/Nov/2014:08:18:40 -0500] "GET /galeria/nivo-slider/demo/images/Hacienda_Molinos.jpg HTTP/1.1" 304 -
201.245.192.253 - - [18/Nov/2014:08:18:40 -0500] "GET /galeria/nivo-slider/demo/images/bannerEcolecta3.jpg HTTP/1.1" 304 -
201.245.192.253 - - [18/Nov/2014:08:18:41 -0500] "GET /galeria/nivo-slider/demo/images/4Simple_Slider.png HTTP/1.1" 304 -
201.245.192.253 - - [18/Nov/2014:08:18:41 -0500] "GET /galeria/nivo-slider/themes/default/loading.gif HTTP/1.1" 304 -
201.245.192.253 - - [18/Nov/2014:08:18:41 -0500] "GET /galeria/nivo-slider/themes/default/default.css HTTP/1.1" 304 -
190.27.74.31 - - [18/Nov/2014:08:18:40 -0500] "POST /forms/lservlet;jsessionid=ac16012b30d575c39f423c634534b2b7bf674ef8fa08.e3iSbxaKaheRe34Sa3yKbhiTahb0n6jAmljGr5XDqQLvpAe HTTP/1.1" 200 37368
190.27.74.31 - - [18/Nov/2014:08:18:43 -0500] "POST /forms/lservlet;jsessionid=ac16012b30d575c39f423c634534b2b7bf674ef8fa08.e3iSbxaKaheRe34Sa3yKbhiTahb0n6jAmljGr5XDqQLvpAe HTTP/1.1" 200 87
201.245.192.253 - - [18/Nov/2014:08:18:43 -0500] "GET /isolucionsda/Jerarquia.asp?Tabla=Proceso&Form=Admon&CampoDisplay=ProcesoDisplayObjetoProceso&CampoHidden=Proceso&bSubmit=True&items= HTTP/1.1" 200 10587
190.27.74.31 - - [18/Nov/2014:08:18:45 -0500] "POST /forms/lservlet;jsessionid=ac16012b30d575c39f423c634534b2b7bf674ef8fa08.e3iSbxaKaheRe34Sa3yKbhiTahb0n6jAmljGr5XDqQLvpAe HTTP/1.1" 200 13
201.245.192.253 - - [18/Nov/2014:08:18:46 -0500] "POST /isolucionsda/Jerarquia.asp HTTP/1.1" 200 8118
201.245.192.253 - - [18/Nov/2014:08:18:46 -0500] "POST /isolucionsda/ListadoMaestroDocumentos3.asp HTTP/1.1" 200 12287
201.245.192.253 - - [18/Nov/2014:08:18:47 -0500] "GET /isolucionsda/FramesetArticulo.asp?Pagina=BancoConocimiento%2FI%2FIncentivostributarios%5Fv1%2FIncentivostributarios%5Fv1%2Easp&IdArticulo=3571 HTTP/1.1" 200 7277
201.245.192.253 - - [18/Nov/2014:08:18:47 -0500] "GET /isolucionsda/BancoConocimiento/I/Incentivostributarios_v1/Incentivostributarios_v1.asp?IdArticulo=3571 HTTP/1.1" 200 85332
201.245.192.253 - - [18/Nov/2014:08:18:48 -0500] "GET /isolucionsda/g/vacio1x1.gif HTTP/1.1" 404 5195
201.245.192.253 - - [18/Nov/2014:08:18:47 -0500] "GET /isolucionsda/Arriba.asp?Pagina=BancoConocimiento%2FI%2FIncentivostributarios%5Fv1%2FIncentivostributarios%5Fv1%2Easp&IdArticulo=3571 HTTP/1.1" 200 10535
190.24.136.98 - - [18/Nov/2014:08:18:49 -0500] "GET /StormSDA/user.jpg HTTP/1.1" 304 -
190.24.136.98 - - [18/Nov/2014:08:18:49 -0500] "GET /StormSDA/userFiles/user_files.jnlp HTTP/1.1" 304 -
190.24.136.98 - - [18/Nov/2014:08:18:49 -0500] "GET /StormSDA/lib/lib.jnlp HTTP/1.1" 304 -
190.24.136.98 - - [18/Nov/2014:08:18:49 -0500] "GET /StormSDA/nsjars/nsjars.jnlp HTTP/1.1" 304 -
190.24.136.98 - - [18/Nov/2014:08:18:49 -0500] "GET /StormSDA/storm/Utils.jar HTTP/1.1" 304 -
190.24.136.98 - - [18/Nov/2014:08:18:49 -0500] "GET /StormSDA/StormUser21.jar HTTP/1.1" 304 -
190.24.136.98 - - [18/Nov/2014:08:18:49 -0500] "GET /StormSDA/storm/userHelp.jar HTTP/1.1" 304 -
190.24.136.98 - - [18/Nov/2014:08:18:49 -0500] "GET /StormSDA/storm/XMLFormula.jar HTTP/1.1" 304 -
190.24.136.98 - - [18/Nov/2014:08:18:49 -0500] "GET /StormSDA/storm/STORMParser.jar HTTP/1.1" 304 -
190.24.136.98 - - [18/Nov/2014:08:18:49 -0500] "GET /StormSDA/storm/STORMFormula.jar HTTP/1.1" 304 -
190.24.136.98 - - [18/Nov/2014:08:18:50 -0500] "GET /StormSDA/storm/StormUser.jar HTTP/1.1" 304 -
190.24.136.98 - - [18/Nov/2014:08:18:50 -0500] "GET /StormSDA/storm/stormNewServer.jar HTTP/1.1" 304 -
190.24.136.98 - - [18/Nov/2014:08:18:50 -0500] "GET /StormSDA/storm/HTTPClient.jar HTTP/1.1" 304 -
190.24.136.98 - - [18/Nov/2014:08:18:50 -0500] "GET /StormSDA/storm/Matriz.jar HTTP/1.1" 304 -
190.24.136.98 - - [18/Nov/2014:08:18:50 -0500] "GET /StormSDA/storm/version.jar HTTP/1.1" 304 -
190.24.136.98 - - [18/Nov/2014:08:18:50 -0500] "GET /StormSDA/storm/EnviosPlugin.jar HTTP/1.1" 304 -
190.24.136.98 - - [18/Nov/2014:08:18:50 -0500] "GET /StormSDA/userFiles/1.jar HTTP/1.1" 304 -
190.24.136.98 - - [18/Nov/2014:08:18:50 -0500] "GET /StormSDA/userFiles/86.jar HTTP/1.1" 304 -
190.24.136.98 - - [18/Nov/2014:08:18:50 -0500] "GET /StormSDA/userFiles/85.jar HTTP/1.1" 304 -
190.24.136.98 - - [18/Nov/2014:08:18:50 -0500] "GET /StormSDA/userFiles/87.jar HTTP/1.1" 304 -
190.24.136.98 - - [18/Nov/2014:08:18:50 -0500] "GET /StormSDA/userFiles/89.jar HTTP/1.1" 304 -
190.24.136.98 - - [18/Nov/2014:08:18:50 -0500] "GET /StormSDA/userFiles/88.jar HTTP/1.1" 304 -
190.24.136.98 - - [18/Nov/2014:08:18:50 -0500] "GET /StormSDA/userFiles/90.jar HTTP/1.1" 304 -
190.24.136.98 - - [18/Nov/2014:08:18:50 -0500] "GET /StormSDA/userFiles/92.jar HTTP/1.1" 304 -
190.24.136.98 - - [18/Nov/2014:08:18:50 -0500] "GET /StormSDA/userFiles/91.jar HTTP/1.1" 304 -
190.24.136.98 - - [18/Nov/2014:08:18:50 -0500] "GET /StormSDA/userFiles/93.jar HTTP/1.1" 304 -
190.24.136.98 - - [18/Nov/2014:08:18:50 -0500] "GET /StormSDA/userFiles/94.jar HTTP/1.1" 304 -
190.24.136.98 - - [18/Nov/2014:08:18:50 -0500] "GET /StormSDA/userFiles/95.jar HTTP/1.1" 304 -
190.24.136.98 - - [18/Nov/2014:08:18:50 -0500] "GET /StormSDA/userFiles/96.jar HTTP/1.1" 304 -
190.24.136.98 - - [18/Nov/2014:08:18:50 -0500] "GET /StormSDA/userFiles/98.jar HTTP/1.1" 304 -
190.24.136.98 - - [18/Nov/2014:08:18:50 -0500] "GET /StormSDA/userFiles/97.jar HTTP/1.1" 304 -
190.24.136.98 - - [18/Nov/2014:08:18:50 -0500] "GET /StormSDA/userFiles/basicos.jar HTTP/1.1" 304 -
190.24.136.98 - - [18/Nov/2014:08:18:50 -0500] "GET /StormSDA/lib/AbsoluteLayout.jar HTTP/1.1" 304 -
190.24.136.98 - - [18/Nov/2014:08:18:50 -0500] "GET /StormSDA/lib/helper.jar HTTP/1.1" 304 -
190.24.136.98 - - [18/Nov/2014:08:18:50 -0500] "GET /StormSDA/lib/jaxen-core.jar HTTP/1.1" 304 -
190.24.136.98 - - [18/Nov/2014:08:18:50 -0500] "GET /StormSDA/lib/jaxen-jdom.jar HTTP/1.1" 304 -
190.24.136.98 - - [18/Nov/2014:08:18:50 -0500] "GET /StormSDA/lib/jdom.jar HTTP/1.1" 304 -
190.24.136.98 - - [18/Nov/2014:08:18:50 -0500] "GET /StormSDA/lib/jep-2.4.0.jar HTTP/1.1" 304 -
190.24.136.98 - - [18/Nov/2014:08:18:50 -0500] "GET /StormSDA/lib/saxpath.jar HTTP/1.1" 304 -
190.24.136.98 - - [18/Nov/2014:08:18:50 -0500] "GET /StormSDA/lib/jh.jar HTTP/1.1" 304 -
190.24.136.98 - - [18/Nov/2014:08:18:51 -0500] "GET /StormSDA/lib/swing-layout-1.0.2.jar HTTP/1.1" 304 -
190.24.136.98 - - [18/Nov/2014:08:18:51 -0500] "GET /StormSDA/lib/swing-worker.jar HTTP/1.1" 304 -
190.24.136.98 - - [18/Nov/2014:08:18:51 -0500] "GET /StormSDA/lib/jnlp.jar HTTP/1.1" 304 -
190.24.136.98 - - [18/Nov/2014:08:18:51 -0500] "GET /StormSDA/lib/json.jar HTTP/1.1" 304 -
190.24.136.98 - - [18/Nov/2014:08:18:51 -0500] "GET /StormSDA/nsjars/log4j-1.2.11.jar HTTP/1.1" 304 -
190.24.136.98 - - [18/Nov/2014:08:18:51 -0500] "GET /StormSDA/nsjars/appframework-1.0.jar HTTP/1.1" 304 -
190.27.74.31 - - [18/Nov/2014:08:18:51 -0500] "POST /forms/lservlet;jsessionid=ac16012b30d575c39f423c634534b2b7bf674ef8fa08.e3iSbxaKaheRe34Sa3yKbhiTahb0n6jAmljGr5XDqQLvpAe HTTP/1.1" 200 7
190.24.136.98 - - [18/Nov/2014:08:18:51 -0500] "GET /StormSDA/nsjars/poi-2.0.jar HTTP/1.1" 304 -
190.24.136.98 - - [18/Nov/2014:08:18:51 -0500] "GET /StormSDA/nsjars/derby.jar HTTP/1.1" 304 -
190.24.136.98 - - [18/Nov/2014:08:18:51 -0500] "GET /StormSDA/nsjars/commons-httpclient-3.1.jar HTTP/1.1" 304 -
190.24.136.98 - - [18/Nov/2014:08:18:51 -0500] "GET /StormSDA/nsjars/commons-codec-1.4.jar HTTP/1.1" 304 -
190.24.136.98 - - [18/Nov/2014:08:18:51 -0500] "GET /StormSDA/nsjars/commons-logging.jar HTTP/1.1" 304 -
190.24.136.98 - - [18/Nov/2014:08:18:51 -0500] "GET /StormSDA/nsjars/ShaUtil.jar HTTP/1.1" 304 -
190.24.136.98 - - [18/Nov/2014:08:18:51 -0500] "GET /StormSDA/nsjars/LoadInf.jar HTTP/1.1" 304 -
190.27.74.31 - - [18/Nov/2014:08:18:51 -0500] "POST /forms/lservlet;jsessionid=ac16012b30d575c39f423c634534b2b7bf674ef8fa08.e3iSbxaKaheRe34Sa3yKbhiTahb0n6jAmljGr5XDqQLvpAe HTTP/1.1" 200 17771
190.27.74.31 - - [18/Nov/2014:08:18:52 -0500] "POST /forms/lservlet;jsessionid=ac16012b30d575c39f423c634534b2b7bf674ef8fa08.e3iSbxaKaheRe34Sa3yKbhiTahb0n6jAmljGr5XDqQLvpAe HTTP/1.1" 200 148
190.27.74.31 - - [18/Nov/2014:08:18:53 -0500] "POST /forms/lservlet;jsessionid=ac16012b30d575c39f423c634534b2b7bf674ef8fa08.e3iSbxaKaheRe34Sa3yKbhiTahb0n6jAmljGr5XDqQLvpAe HTTP/1.1" 200 13
190.27.74.31 - - [18/Nov/2014:08:18:54 -0500] "POST /forms/lservlet;jsessionid=ac16012b30d575c39f423c634534b2b7bf674ef8fa08.e3iSbxaKaheRe34Sa3yKbhiTahb0n6jAmljGr5XDqQLvpAe HTTP/1.1" 200 7
190.27.74.31 - - [18/Nov/2014:08:18:54 -0500] "POST /forms/lservlet;jsessionid=ac16012b30d575c39f423c634534b2b7bf674ef8fa08.e3iSbxaKaheRe34Sa3yKbhiTahb0n6jAmljGr5XDqQLvpAe HTTP/1.1" 200 8
190.27.74.31 - - [18/Nov/2014:08:18:54 -0500] "POST /forms/lservlet;jsessionid=ac16012b30d575c39f423c634534b2b7bf674ef8fa08.e3iSbxaKaheRe34Sa3yKbhiTahb0n6jAmljGr5XDqQLvpAe HTTP/1.1" 200 2
190.27.74.31 - - [18/Nov/2014:08:18:55 -0500] "POST /forms/lservlet;jsessionid=ac16012b30d575c39f423c634534b2b7bf674ef8fa08.e3iSbxaKaheRe34Sa3yKbhiTahb0n6jAmljGr5XDqQLvpAe HTTP/1.1" 200 26
190.27.74.31 - - [18/Nov/2014:08:18:56 -0500] "POST /forms/lservlet;jsessionid=ac16012b30d575c39f423c634534b2b7bf674ef8fa08.e3iSbxaKaheRe34Sa3yKbhiTahb0n6jAmljGr5XDqQLvpAe HTTP/1.1" 200 7
190.27.74.31 - - [18/Nov/2014:08:18:56 -0500] "POST /forms/lservlet;jsessionid=ac16012b30d575c39f423c634534b2b7bf674ef8fa08.e3iSbxaKaheRe34Sa3yKbhiTahb0n6jAmljGr5XDqQLvpAe HTTP/1.1" 200 15
188.165.15.110 - - [18/Nov/2014:08:18:56 -0500] "GET /BLA/resoluciones/RESOLUCIONES%202004/RES%202004%201251-1300/00001255.tif HTTP/1.1" 200 128440
188.165.15.117 - - [18/Nov/2014:08:18:56 -0500] "GET /BLA/resoluciones/RESOLUCIONES%202002/RES%202002%2051-100/2002RES70.tif HTTP/1.1" 200 74606
201.245.192.253 - - [18/Nov/2014:08:18:57 -0500] "GET /isolucionsda/FrameSetArticulo.asp?Pagina=/isolucionsda/bancoconocimiento/O/OficiodeClasificaciondebajoymedioimpactoambiental_v1/OficiodeClasificaciondebajoymedioimpactoambiental_v1.asp?IdArticulo=3581 HTTP/1.1" 200 7549
188.165.15.85 - - [18/Nov/2014:08:18:57 -0500] "GET /BLA/resoluciones/index.php?dir=RESOLUCIONES+2005%2FRES+2005+1851-1900%2F HTTP/1.1" 200 12356
190.27.74.31 - - [18/Nov/2014:08:18:57 -0500] "POST /forms/lservlet;jsessionid=ac16012b30d575c39f423c634534b2b7bf674ef8fa08.e3iSbxaKaheRe34Sa3yKbhiTahb0n6jAmljGr5XDqQLvpAe HTTP/1.1" 200 2
201.245.192.253 - - [18/Nov/2014:08:18:57 -0500] "GET /isolucionsda/Arriba.asp?Pagina=/isolucionsda/bancoconocimiento/O/OficiodeClasificaciondebajoymedioimpactoambiental_v1/OficiodeClasificaciondebajoymedioimpactoambiental_v1.asp?IdArticulo=3581 HTTP/1.1" 200 10668
201.245.192.253 - - [18/Nov/2014:08:18:57 -0500] "GET /isolucionsda/bancoconocimiento/O/OficiodeClasificaciondebajoymedioimpactoambiental_v1/OficiodeClasificaciondebajoymedioimpactoambiental_v1.asp?IdArticulo=3581 HTTP/1.1" 302 223
190.27.74.31 - - [18/Nov/2014:08:18:57 -0500] "POST /forms/lservlet;jsessionid=ac16012b30d575c39f423c634534b2b7bf674ef8fa08.e3iSbxaKaheRe34Sa3yKbhiTahb0n6jAmljGr5XDqQLvpAe HTTP/1.1" 200 110
201.245.192.253 - - [18/Nov/2014:08:18:57 -0500] "GET /isolucionsda/bancoconocimiento/O/OficiodeClasificaciondebajoymedioimpactoambiental_v1/anexo%204%20formato%20oficio%20de%20clasificacif3n%20de%20bajo%20y%20medio%20impacto%20ambiental00.doc HTTP/1.1" 200 180736
190.27.74.31 - - [18/Nov/2014:08:18:58 -0500] "POST /forms/lservlet;jsessionid=ac16012b30d575c39f423c634534b2b7bf674ef8fa08.e3iSbxaKaheRe34Sa3yKbhiTahb0n6jAmljGr5XDqQLvpAe HTTP/1.1" 200 2
190.27.74.31 - - [18/Nov/2014:08:18:58 -0500] "POST /forms/lservlet;jsessionid=ac16012b30d575c39f423c634534b2b7bf674ef8fa08.e3iSbxaKaheRe34Sa3yKbhiTahb0n6jAmljGr5XDqQLvpAe HTTP/1.1" 200 2
190.27.74.31 - - [18/Nov/2014:08:18:59 -0500] "POST /forms/lservlet;jsessionid=ac16012b30d575c39f423c634534b2b7bf674ef8fa08.e3iSbxaKaheRe34Sa3yKbhiTahb0n6jAmljGr5XDqQLvpAe HTTP/1.1" 200 159
201.245.192.253 - - [18/Nov/2014:08:19:00 -0500] "GET /galeria/nivo-slider/demo/demo.html HTTP/1.1" 304 -
201.245.192.253 - - [18/Nov/2014:08:19:00 -0500] "GET /galeria/nivo-slider/demo/images/ForoNacionalAmbiental.jpg HTTP/1.1" 304 -
201.245.192.253 - - [18/Nov/2014:08:19:00 -0500] "GET /galeria/nivo-slider/demo/images/Banner-comparendo.jpg HTTP/1.1" 304 -
201.245.192.253 - - [18/Nov/2014:08:19:00 -0500] "GET /galeria/nivo-slider/demo/images/Banner-Ecourbanismo.jpg HTTP/1.1" 304 -
201.245.192.253 - - [18/Nov/2014:08:19:00 -0500] "GET /galeria/nivo-slider/demo/images/porloshumedales.jpg HTTP/1.1" 304 -
201.245.192.253 - - [18/Nov/2014:08:19:00 -0500] "GET /galeria/nivo-slider/demo/images/banner-redes.jpg HTTP/1.1" 304 -
201.245.192.253 - - [18/Nov/2014:08:19:00 -0500] "GET /galeria/nivo-slider/demo/images/bannerEcolecta3.jpg HTTP/1.1" 304 -
201.245.192.253 - - [18/Nov/2014:08:19:00 -0500] "GET /galeria/nivo-slider/demo/images/Banner-Caracol-Africano.jpg HTTP/1.1" 304 -
201.245.192.253 - - [18/Nov/2014:08:19:02 -0500] "GET /galeria/nivo-slider/demo/images/banner-aceite3.jpg HTTP/1.1" 304 -
190.27.74.31 - - [18/Nov/2014:08:19:01 -0500] "POST /forms/lservlet;jsessionid=ac16012b30d575c39f423c634534b2b7bf674ef8fa08.e3iSbxaKaheRe34Sa3yKbhiTahb0n6jAmljGr5XDqQLvpAe HTTP/1.1" 200 219
188.165.15.90 - - [18/Nov/2014:08:19:04 -0500] "GET /BLA/resoluciones/index.php?dir=RESOLUCIONES+2004%2FRES+2004+1001-1050%2F HTTP/1.1" 200 12169
190.27.74.31 - - [18/Nov/2014:08:19:04 -0500] "POST /forms/lservlet;jsessionid=ac16012b30d575c39f423c634534b2b7bf674ef8fa08.e3iSbxaKaheRe34Sa3yKbhiTahb0n6jAmljGr5XDqQLvpAe HTTP/1.1" 200 75
190.27.74.31 - - [18/Nov/2014:08:19:05 -0500] "POST /forms/lservlet;jsessionid=ac16012b30d575c39f423c634534b2b7bf674ef8fa08.e3iSbxaKaheRe34Sa3yKbhiTahb0n6jAmljGr5XDqQLvpAe HTTP/1.1" 200 148
190.27.74.31 - - [18/Nov/2014:08:19:07 -0500] "POST /forms/lservlet;jsessionid=ac16012b30d575c39f423c634534b2b7bf674ef8fa08.e3iSbxaKaheRe34Sa3yKbhiTahb0n6jAmljGr5XDqQLvpAe HTTP/1.1" 200 13
190.27.74.31 - - [18/Nov/2014:08:19:09 -0500] "POST /forms/lservlet;jsessionid=ac16012b30d575c39f423c634534b2b7bf674ef8fa08.e3iSbxaKaheRe34Sa3yKbhiTahb0n6jAmljGr5XDqQLvpAe HTTP/1.1" 200 7
190.27.74.31 - - [18/Nov/2014:08:19:09 -0500] "POST /forms/lservlet;jsessionid=ac16012b30d575c39f423c634534b2b7bf674ef8fa08.e3iSbxaKaheRe34Sa3yKbhiTahb0n6jAmljGr5XDqQLvpAe HTTP/1.1" 200 26
190.27.74.31 - - [18/Nov/2014:08:19:10 -0500] "POST /forms/lservlet;jsessionid=ac16012b30d575c39f423c634534b2b7bf674ef8fa08.e3iSbxaKaheRe34Sa3yKbhiTahb0n6jAmljGr5XDqQLvpAe HTTP/1.1" 200 157
190.27.74.31 - - [18/Nov/2014:08:19:11 -0500] "POST /forms/lservlet;jsessionid=ac16012b30d575c39f423c634534b2b7bf674ef8fa08.e3iSbxaKaheRe34Sa3yKbhiTahb0n6jAmljGr5XDqQLvpAe HTTP/1.1" 200 13
190.27.74.31 - - [18/Nov/2014:08:19:14 -0500] "POST /forms/lservlet;jsessionid=ac16012b30d575c39f423c634534b2b7bf674ef8fa08.e3iSbxaKaheRe34Sa3yKbhiTahb0n6jAmljGr5XDqQLvpAe HTTP/1.1" 200 7
190.27.74.31 - - [18/Nov/2014:08:19:14 -0500] "POST /forms/lservlet;jsessionid=ac16012b30d575c39f423c634534b2b7bf674ef8fa08.e3iSbxaKaheRe34Sa3yKbhiTahb0n6jAmljGr5XDqQLvpAe HTTP/1.1" 200 29694
190.27.74.31 - - [18/Nov/2014:08:19:17 -0500] "POST /forms/lservlet;jsessionid=ac16012b30d575c39f423c634534b2b7bf674ef8fa08.e3iSbxaKaheRe34Sa3yKbhiTahb0n6jAmljGr5XDqQLvpAe HTTP/1.1" 200 32
64.76.58.158 - - [18/Nov/2014:08:19:25 -0500] "GET /BLA/boletinlegal/js/jquery.scrollTo-min.js HTTP/1.0" 200 1150
64.76.58.158 - - [18/Nov/2014:08:19:25 -0500] "GET /BLA/boletinlegal/js/jquery.js HTTP/1.0" 200 57254
64.76.58.158 - - [18/Nov/2014:08:19:25 -0500] "GET /BLA/boletinlegal/js/jquery.scrollShow.js HTTP/1.0" 200 4586
190.27.74.31 - - [18/Nov/2014:08:19:25 -0500] "POST /forms/lservlet;jsessionid=ac16012b30d575c39f423c634534b2b7bf674ef8fa08.e3iSbxaKaheRe34Sa3yKbhiTahb0n6jAmljGr5XDqQLvpAe HTTP/1.1" 200 12
190.27.74.31 - - [18/Nov/2014:08:19:26 -0500] "POST /forms/lservlet;jsessionid=ac16012b30d575c39f423c634534b2b7bf674ef8fa08.e3iSbxaKaheRe34Sa3yKbhiTahb0n6jAmljGr5XDqQLvpAe HTTP/1.1" 200 17771
190.27.74.31 - - [18/Nov/2014:08:19:28 -0500] "POST /forms/lservlet;jsessionid=ac16012b30d575c39f423c634534b2b7bf674ef8fa08.e3iSbxaKaheRe34Sa3yKbhiTahb0n6jAmljGr5XDqQLvpAe HTTP/1.1" 200 2
190.27.74.31 - - [18/Nov/2014:08:19:28 -0500] "POST /forms/lservlet;jsessionid=ac16012b30d575c39f423c634534b2b7bf674ef8fa08.e3iSbxaKaheRe34Sa3yKbhiTahb0n6jAmljGr5XDqQLvpAe HTTP/1.1" 200 104
190.27.74.31 - - [18/Nov/2014:08:19:28 -0500] "POST /forms/lservlet;jsessionid=ac16012b30d575c39f423c634534b2b7bf674ef8fa08.e3iSbxaKaheRe34Sa3yKbhiTahb0n6jAmljGr5XDqQLvpAe HTTP/1.1" 200 2
201.245.192.253 - - [18/Nov/2014:08:19:32 -0500] "GET /embed/nzjOJfrgABc?showinfo=1&autoplay=0&autohide=1&showrelated=0 HTTP/1.1" 404 1307
180.76.6.130 - - [18/Nov/2014:08:19:35 -0500] "GET /BLA/resoluciones/AUTOS%202010/6378.pdf HTTP/1.1" 200 146169
190.84.190.26 - - [18/Nov/2014:08:19:47 -0500] "GET /galeria/nivo-slider/demo/demo.html HTTP/1.1" 304 -
190.84.190.26 - - [18/Nov/2014:08:19:48 -0500] "GET /galeria/nivo-slider/demo/images/ForoNacionalAmbiental.jpg HTTP/1.1" 304 -
190.27.74.31 - - [18/Nov/2014:08:19:49 -0500] "POST /forms/lservlet;jsessionid=ac16012b30d575c39f423c634534b2b7bf674ef8fa08.e3iSbxaKaheRe34Sa3yKbhiTahb0n6jAmljGr5XDqQLvpAe HTTP/1.1" 200 2
190.29.137.63 - - [18/Nov/2014:08:19:55 -0500] "GET /BLA/boletinlegal/js/jquery.js HTTP/1.1" 200 57254
190.29.137.63 - - [18/Nov/2014:08:19:55 -0500] "GET /BLA/boletinlegal/js/jquery.scrollTo-min.js HTTP/1.1" 200 1150
190.29.137.63 - - [18/Nov/2014:08:19:55 -0500] "GET /BLA/boletinlegal/js/jquery.scrollShow.js HTTP/1.1" 200 4586
190.27.74.31 - - [18/Nov/2014:08:20:01 -0500] "POST /forms/lservlet;jsessionid=ac16012b30d575c39f423c634534b2b7bf674ef8fa08.e3iSbxaKaheRe34Sa3yKbhiTahb0n6jAmljGr5XDqQLvpAe HTTP/1.1" 200 159
181.48.171.9 - - [18/Nov/2014:08:20:03 -0500] "GET /BLA/boletinlegal/js/jquery.js HTTP/1.1" 200 57254
181.48.171.9 - - [18/Nov/2014:08:20:03 -0500] "GET /BLA/boletinlegal/js/jquery.scrollTo-min.js HTTP/1.1" 200 1150
181.48.171.9 - - [18/Nov/2014:08:20:03 -0500] "GET /BLA/boletinlegal/js/jquery.scrollShow.js HTTP/1.1" 200 4586
186.84.50.43 - - [18/Nov/2014:08:20:06 -0500] "POST /forms/lservlet;jsessionid=ac16012b30d577a600019c464d7ba88daf3defde757e.e3iSbxaKaheRe34Sa3yKbhiTahb0n6jAmljGr5XDqQLvpAe HTTP/1.1" 200 2
201.245.192.253 - - [18/Nov/2014:08:20:07 -0500] "GET /galeria/nivo-slider/demo/demo.html HTTP/1.1" 304 -
190.27.74.31 - - [18/Nov/2014:08:20:06 -0500] "POST /forms/lservlet;jsessionid=ac16012b30d575c39f423c634534b2b7bf674ef8fa08.e3iSbxaKaheRe34Sa3yKbhiTahb0n6jAmljGr5XDqQLvpAe HTTP/1.1" 200 47539
201.245.192.253 - - [18/Nov/2014:08:20:07 -0500] "GET /galeria/nivo-slider/themes/default/default.css HTTP/1.1" 304 -
201.245.192.253 - - [18/Nov/2014:08:20:07 -0500] "GET /galeria/nivo-slider/demo/images/ForoNacionalAmbiental.jpg HTTP/1.1" 304 -
201.245.192.253 - - [18/Nov/2014:08:20:07 -0500] "GET /galeria/nivo-slider/demo/images/Banner-comparendo.jpg HTTP/1.1" 304 -
201.245.192.253 - - [18/Nov/2014:08:20:07 -0500] "GET /galeria/nivo-slider/demo/images/Banner-Ecourbanismo.jpg HTTP/1.1" 304 -
201.245.192.253 - - [18/Nov/2014:08:20:08 -0500] "GET /galeria/nivo-slider/demo/images/Tingua-azul.jpg HTTP/1.1" 304 -
201.245.192.253 - - [18/Nov/2014:08:20:08 -0500] "GET /galeria/nivo-slider/demo/images/porloshumedales.jpg HTTP/1.1" 304 -
201.245.192.253 - - [18/Nov/2014:08:20:08 -0500] "GET /galeria/nivo-slider/demo/images/banner-aceite3.jpg HTTP/1.1" 304 -
201.245.192.253 - - [18/Nov/2014:08:20:08 -0500] "GET /galeria/nivo-slider/demo/images/Banner-Caracol-Africano.jpg HTTP/1.1" 304 -
201.245.192.253 - - [18/Nov/2014:08:20:08 -0500] "GET /galeria/nivo-slider/demo/images/banner-redes.jpg HTTP/1.1" 304 -
201.245.192.253 - - [18/Nov/2014:08:20:08 -0500] "GET /galeria/nivo-slider/demo/images/bannerEcolecta3.jpg HTTP/1.1" 304 -
201.245.192.253 - - [18/Nov/2014:08:20:08 -0500] "GET /galeria/nivo-slider/demo/images/9Signos.jpg HTTP/1.1" 304 -
190.27.74.31 - - [18/Nov/2014:08:20:08 -0500] "POST /forms/lservlet;jsessionid=ac16012b30d575c39f423c634534b2b7bf674ef8fa08.e3iSbxaKaheRe34Sa3yKbhiTahb0n6jAmljGr5XDqQLvpAe HTTP/1.1" 200 47550
190.27.74.31 - - [18/Nov/2014:08:20:10 -0500] "POST /forms/lservlet;jsessionid=ac16012b30d575c39f423c634534b2b7bf674ef8fa08.e3iSbxaKaheRe34Sa3yKbhiTahb0n6jAmljGr5XDqQLvpAe HTTP/1.1" 200 47553
188.165.15.61 - - [18/Nov/2014:08:20:21 -0500] "GET /BLA/resoluciones/RESOLUCIONES%202006/RES%202006%202401-2450/00002414.tif HTTP/1.1" 200 268040
190.27.74.31 - - [18/Nov/2014:08:20:25 -0500] "POST /forms/lservlet;jsessionid=ac16012b30d575c39f423c634534b2b7bf674ef8fa08.e3iSbxaKaheRe34Sa3yKbhiTahb0n6jAmljGr5XDqQLvpAe HTTP/1.1" 200 408
190.27.74.31 - - [18/Nov/2014:08:20:25 -0500] "POST /forms/lservlet;jsessionid=ac16012b30d575c39f423c634534b2b7bf674ef8fa08.e3iSbxaKaheRe34Sa3yKbhiTahb0n6jAmljGr5XDqQLvpAe HTTP/1.1" 200 7
200.118.16.84 - - [18/Nov/2014:08:20:25 -0500] "POST /forms/lservlet;jsessionid=ac16012b30d512623ce5a05241f68ba1b47211104a51.e3iSbxaKaheRe34Sa3yKbhiTahb0n6jAmljGr5XDqQLvpAe HTTP/1.1" 200 2
190.27.74.31 - - [18/Nov/2014:08:20:25 -0500] "POST /forms/lservlet;jsessionid=ac16012b30d575c39f423c634534b2b7bf674ef8fa08.e3iSbxaKaheRe34Sa3yKbhiTahb0n6jAmljGr5XDqQLvpAe HTTP/1.1" 200 360
190.27.74.31 - - [18/Nov/2014:08:20:25 -0500] "POST /forms/lservlet;jsessionid=ac16012b30d575c39f423c634534b2b7bf674ef8fa08.e3iSbxaKaheRe34Sa3yKbhiTahb0n6jAmljGr5XDqQLvpAe HTTP/1.1" 200 7
190.27.74.31 - - [18/Nov/2014:08:20:26 -0500] "POST /forms/lservlet;jsessionid=ac16012b30d575c39f423c634534b2b7bf674ef8fa08.e3iSbxaKaheRe34Sa3yKbhiTahb0n6jAmljGr5XDqQLvpAe HTTP/1.1" 200 328
190.27.74.31 - - [18/Nov/2014:08:20:26 -0500] "POST /forms/lservlet;jsessionid=ac16012b30d575c39f423c634534b2b7bf674ef8fa08.e3iSbxaKaheRe34Sa3yKbhiTahb0n6jAmljGr5XDqQLvpAe HTTP/1.1" 200 11
201.245.192.253 - - [18/Nov/2014:08:20:26 -0500] "GET /galeria/nivo-slider/demo/demo.html HTTP/1.1" 304 -
190.27.74.31 - - [18/Nov/2014:08:20:26 -0500] "POST /forms/lservlet;jsessionid=ac16012b30d575c39f423c634534b2b7bf674ef8fa08.e3iSbxaKaheRe34Sa3yKbhiTahb0n6jAmljGr5XDqQLvpAe HTTP/1.1" 200 387
190.27.74.31 - - [18/Nov/2014:08:20:26 -0500] "POST /forms/lservlet;jsessionid=ac16012b30d575c39f423c634534b2b7bf674ef8fa08.e3iSbxaKaheRe34Sa3yKbhiTahb0n6jAmljGr5XDqQLvpAe HTTP/1.1" 200 11
190.27.74.31 - - [18/Nov/2014:08:20:26 -0500] "POST /forms/lservlet;jsessionid=ac16012b30d575c39f423c634534b2b7bf674ef8fa08.e3iSbxaKaheRe34Sa3yKbhiTahb0n6jAmljGr5XDqQLvpAe HTTP/1.1" 200 328
190.27.74.31 - - [18/Nov/2014:08:20:26 -0500] "POST /forms/lservlet;jsessionid=ac16012b30d575c39f423c634534b2b7bf674ef8fa08.e3iSbxaKaheRe34Sa3yKbhiTahb0n6jAmljGr5XDqQLvpAe HTTP/1.1" 200 11
201.245.192.253 - - [18/Nov/2014:08:20:28 -0500] "GET /galeria/nivo-slider/demo/images/ForoNacionalAmbiental.jpg HTTP/1.1" 304 -
201.245.192.253 - - [18/Nov/2014:08:20:28 -0500] "GET /galeria/nivo-slider/demo/images/Banner-comparendo.jpg HTTP/1.1" 304 -
201.245.192.253 - - [18/Nov/2014:08:20:28 -0500] "GET /galeria/nivo-slider/demo/images/Banner-Ecourbanismo.jpg HTTP/1.1" 304 -
201.245.192.253 - - [18/Nov/2014:08:20:28 -0500] "GET /galeria/nivo-slider/demo/images/porloshumedales.jpg HTTP/1.1" 304 -
201.245.192.253 - - [18/Nov/2014:08:20:28 -0500] "GET /galeria/nivo-slider/demo/images/banner-aceite3.jpg HTTP/1.1" 304 -
201.245.192.253 - - [18/Nov/2014:08:20:29 -0500] "GET /galeria/nivo-slider/demo/images/Banner-Caracol-Africano.jpg HTTP/1.1" 304 -
201.245.192.253 - - [18/Nov/2014:08:20:29 -0500] "GET /galeria/nivo-slider/themes/default/default.css HTTP/1.1" 304 -
201.245.192.253 - - [18/Nov/2014:08:20:29 -0500] "GET /galeria/nivo-slider/demo/images/9Signos.jpg HTTP/1.1" 304 -
201.245.192.253 - - [18/Nov/2014:08:20:29 -0500] "GET /galeria/nivo-slider/demo/images/Tingua-azul.jpg HTTP/1.1" 304 -
201.245.192.253 - - [18/Nov/2014:08:20:29 -0500] "GET /galeria/nivo-slider/demo/images/banner-caballos.png HTTP/1.1" 304 -
201.245.192.253 - - [18/Nov/2014:08:20:29 -0500] "GET /galeria/nivo-slider/demo/images/Hacienda_Molinos.jpg HTTP/1.1" 304 -
201.245.192.253 - - [18/Nov/2014:08:20:29 -0500] "GET /galeria/nivo-slider/demo/images/bannerEcolecta3.jpg HTTP/1.1" 304 -
190.27.74.31 - - [18/Nov/2014:08:20:29 -0500] "POST /forms/lservlet;jsessionid=ac16012b30d575c39f423c634534b2b7bf674ef8fa08.e3iSbxaKaheRe34Sa3yKbhiTahb0n6jAmljGr5XDqQLvpAe HTTP/1.1" 200 41103
190.27.74.31 - - [18/Nov/2014:08:20:30 -0500] "POST /forms/lservlet;jsessionid=ac16012b30d575c39f423c634534b2b7bf674ef8fa08.e3iSbxaKaheRe34Sa3yKbhiTahb0n6jAmljGr5XDqQLvpAe HTTP/1.1" 200 2
190.27.74.31 - - [18/Nov/2014:08:20:31 -0500] "POST /forms/lservlet;jsessionid=ac16012b30d575c39f423c634534b2b7bf674ef8fa08.e3iSbxaKaheRe34Sa3yKbhiTahb0n6jAmljGr5XDqQLvpAe HTTP/1.1" 200 180
201.245.192.253 - - [18/Nov/2014:08:20:32 -0500] "GET /galeria/nivo-slider/demo/images/banner-redes.jpg HTTP/1.1" 304 -
190.27.74.31 - - [18/Nov/2014:08:20:32 -0500] "POST /forms/lservlet;jsessionid=ac16012b30d575c39f423c634534b2b7bf674ef8fa08.e3iSbxaKaheRe34Sa3yKbhiTahb0n6jAmljGr5XDqQLvpAe HTTP/1.1" 200 41021
190.27.74.31 - - [18/Nov/2014:08:20:37 -0500] "POST /forms/lservlet;jsessionid=ac16012b30d575c39f423c634534b2b7bf674ef8fa08.e3iSbxaKaheRe34Sa3yKbhiTahb0n6jAmljGr5XDqQLvpAe HTTP/1.1" 200 207
190.216.136.114 - - [18/Nov/2014:08:20:37 -0500] "GET /BLA/boletinlegal/js/jquery.scrollTo-min.js HTTP/1.1" 200 1150
190.216.136.114 - - [18/Nov/2014:08:20:37 -0500] "GET /BLA/boletinlegal/js/jquery.js HTTP/1.1" 200 57254
190.216.136.114 - - [18/Nov/2014:08:20:37 -0500] "GET /BLA/boletinlegal/js/jquery.scrollShow.js HTTP/1.1" 200 4586
190.27.74.31 - - [18/Nov/2014:08:20:38 -0500] "POST /forms/lservlet;jsessionid=ac16012b30d575c39f423c634534b2b7bf674ef8fa08.e3iSbxaKaheRe34Sa3yKbhiTahb0n6jAmljGr5XDqQLvpAe HTTP/1.1" 200 75
190.27.74.31 - - [18/Nov/2014:08:20:40 -0500] "POST /forms/lservlet;jsessionid=ac16012b30d575c39f423c634534b2b7bf674ef8fa08.e3iSbxaKaheRe34Sa3yKbhiTahb0n6jAmljGr5XDqQLvpAe HTTP/1.1" 200 12
190.27.74.31 - - [18/Nov/2014:08:20:41 -0500] "POST /forms/lservlet;jsessionid=ac16012b30d575c39f423c634534b2b7bf674ef8fa08.e3iSbxaKaheRe34Sa3yKbhiTahb0n6jAmljGr5XDqQLvpAe HTTP/1.1" 200 19290
190.27.74.31 - - [18/Nov/2014:08:20:42 -0500] "POST /forms/lservlet;jsessionid=ac16012b30d575c39f423c634534b2b7bf674ef8fa08.e3iSbxaKaheRe34Sa3yKbhiTahb0n6jAmljGr5XDqQLvpAe HTTP/1.1" 200 182
180.76.5.143 - - [18/Nov/2014:08:20:44 -0500] "GET /BLA/resoluciones/RESOLUCIONES%202012/1457.pdf HTTP/1.1" 200 266724
190.84.79.126 - - [18/Nov/2014:08:20:50 -0500] "GET /galeria/nivo-slider/demo/demo.html HTTP/1.1" 200 3537
190.27.74.31 - - [18/Nov/2014:08:20:50 -0500] "POST /forms/lservlet;jsessionid=ac16012b30d575c39f423c634534b2b7bf674ef8fa08.e3iSbxaKaheRe34Sa3yKbhiTahb0n6jAmljGr5XDqQLvpAe HTTP/1.1" 200 12
190.27.74.31 - - [18/Nov/2014:08:20:50 -0500] "POST /forms/lservlet;jsessionid=ac16012b30d575c39f423c634534b2b7bf674ef8fa08.e3iSbxaKaheRe34Sa3yKbhiTahb0n6jAmljGr5XDqQLvpAe HTTP/1.1" 200 8
190.27.74.31 - - [18/Nov/2014:08:20:50 -0500] "POST /forms/lservlet;jsessionid=ac16012b30d575c39f423c634534b2b7bf674ef8fa08.e3iSbxaKaheRe34Sa3yKbhiTahb0n6jAmljGr5XDqQLvpAe HTTP/1.1" 200 2
190.27.74.31 - - [18/Nov/2014:08:20:51 -0500] "POST /forms/lservlet;jsessionid=ac16012b30d575c39f423c634534b2b7bf674ef8fa08.e3iSbxaKaheRe34Sa3yKbhiTahb0n6jAmljGr5XDqQLvpAe HTTP/1.1" 200 47
190.27.74.31 - - [18/Nov/2014:08:20:51 -0500] "POST /forms/lservlet;jsessionid=ac16012b30d575c39f423c634534b2b7bf674ef8fa08.e3iSbxaKaheRe34Sa3yKbhiTahb0n6jAmljGr5XDqQLvpAe HTTP/1.1" 200 7
190.27.74.31 - - [18/Nov/2014:08:20:52 -0500] "POST /forms/lservlet;jsessionid=ac16012b30d575c39f423c634534b2b7bf674ef8fa08.e3iSbxaKaheRe34Sa3yKbhiTahb0n6jAmljGr5XDqQLvpAe HTTP/1.1" 200 15
190.84.79.126 - - [18/Nov/2014:08:20:52 -0500] "GET /galeria/nivo-slider/demo/images/ForoNacionalAmbiental.jpg HTTP/1.1" 200 202541
190.84.79.126 - - [18/Nov/2014:08:20:52 -0500] "GET /galeria/nivo-slider/demo/images/Banner-comparendo.jpg HTTP/1.1" 304 -
190.27.74.31 - - [18/Nov/2014:08:20:53 -0500] "POST /forms/lservlet;jsessionid=ac16012b30d575c39f423c634534b2b7bf674ef8fa08.e3iSbxaKaheRe34Sa3yKbhiTahb0n6jAmljGr5XDqQLvpAe HTTP/1.1" 200 12
190.84.79.126 - - [18/Nov/2014:08:20:53 -0500] "GET /galeria/nivo-slider/demo/images/Banner-Ecourbanismo.jpg HTTP/1.1" 304 -
190.84.79.126 - - [18/Nov/2014:08:20:53 -0500] "GET /galeria/nivo-slider/demo/images/porloshumedales.jpg HTTP/1.1" 304 -
190.27.74.31 - - [18/Nov/2014:08:20:54 -0500] "POST /forms/lservlet;jsessionid=ac16012b30d575c39f423c634534b2b7bf674ef8fa08.e3iSbxaKaheRe34Sa3yKbhiTahb0n6jAmljGr5XDqQLvpAe HTTP/1.1" 200 12
190.84.79.126 - - [18/Nov/2014:08:20:54 -0500] "GET /galeria/nivo-slider/demo/images/banner-aceite3.jpg HTTP/1.1" 304 -
190.27.74.31 - - [18/Nov/2014:08:20:55 -0500] "POST /forms/lservlet;jsessionid=ac16012b30d575c39f423c634534b2b7bf674ef8fa08.e3iSbxaKaheRe34Sa3yKbhiTahb0n6jAmljGr5XDqQLvpAe HTTP/1.1" 200 2
190.27.74.31 - - [18/Nov/2014:08:20:55 -0500] "POST /forms/lservlet;jsessionid=ac16012b30d575c39f423c634534b2b7bf674ef8fa08.e3iSbxaKaheRe34Sa3yKbhiTahb0n6jAmljGr5XDqQLvpAe HTTP/1.1" 200 19388
190.84.79.126 - - [18/Nov/2014:08:20:56 -0500] "GET /galeria/nivo-slider/demo/images/Banner-Caracol-Africano.jpg HTTP/1.1" 304 -
190.84.79.126 - - [18/Nov/2014:08:20:56 -0500] "GET /galeria/nivo-slider/demo/images/Tingua-azul.jpg HTTP/1.1" 304 -
190.84.79.126 - - [18/Nov/2014:08:20:56 -0500] "GET /galeria/nivo-slider/demo/images/banner-redes.jpg HTTP/1.1" 304 -
201.245.192.253 - - [18/Nov/2014:08:20:56 -0500] "GET /user/haciendabogota HTTP/1.1" 404 1121
190.84.79.126 - - [18/Nov/2014:08:20:58 -0500] "GET /galeria/nivo-slider/demo/images/bannerEcolecta3.jpg HTTP/1.1" 304 -
190.27.74.31 - - [18/Nov/2014:08:20:58 -0500] "POST /forms/lservlet;jsessionid=ac16012b30d575c39f423c634534b2b7bf674ef8fa08.e3iSbxaKaheRe34Sa3yKbhiTahb0n6jAmljGr5XDqQLvpAe HTTP/1.1" 200 2
190.27.74.31 - - [18/Nov/2014:08:20:58 -0500] "POST /forms/lservlet;jsessionid=ac16012b30d575c39f423c634534b2b7bf674ef8fa08.e3iSbxaKaheRe34Sa3yKbhiTahb0n6jAmljGr5XDqQLvpAe HTTP/1.1" 200 104
190.27.74.31 - - [18/Nov/2014:08:20:58 -0500] "POST /forms/lservlet;jsessionid=ac16012b30d575c39f423c634534b2b7bf674ef8fa08.e3iSbxaKaheRe34Sa3yKbhiTahb0n6jAmljGr5XDqQLvpAe HTTP/1.1" 200 2
190.27.74.31 - - [18/Nov/2014:08:20:59 -0500] "POST /forms/lservlet;jsessionid=ac16012b30d575c39f423c634534b2b7bf674ef8fa08.e3iSbxaKaheRe34Sa3yKbhiTahb0n6jAmljGr5XDqQLvpAe HTTP/1.1" 200 2
190.84.79.126 - - [18/Nov/2014:08:21:00 -0500] "GET /dama/libreria/jpg/sec_amb.jpg HTTP/1.1" 404 1019
190.27.74.31 - - [18/Nov/2014:08:21:00 -0500] "POST /forms/lservlet;jsessionid=ac16012b30d575c39f423c634534b2b7bf674ef8fa08.e3iSbxaKaheRe34Sa3yKbhiTahb0n6jAmljGr5XDqQLvpAe HTTP/1.1" 200 167
190.84.79.126 - - [18/Nov/2014:08:21:00 -0500] "GET /videos/Spot_CambioClimatico.flv HTTP/1.1" 304 -
190.84.79.126 - - [18/Nov/2014:08:21:01 -0500] "GET /dama/libreria/jpg/sec_amb.jpg HTTP/1.1" 404 1019
190.27.74.31 - - [18/Nov/2014:08:21:01 -0500] "POST /forms/lservlet;jsessionid=ac16012b30d575c39f423c634534b2b7bf674ef8fa08.e3iSbxaKaheRe34Sa3yKbhiTahb0n6jAmljGr5XDqQLvpAe HTTP/1.1" 200 195
190.84.79.126 - - [18/Nov/2014:08:21:01 -0500] "GET /dama/libreria/jpg/sec_amb.jpg HTTP/1.1" 404 1019
190.27.74.31 - - [18/Nov/2014:08:21:03 -0500] "POST /forms/lservlet;jsessionid=ac16012b30d575c39f423c634534b2b7bf674ef8fa08.e3iSbxaKaheRe34Sa3yKbhiTahb0n6jAmljGr5XDqQLvpAe HTTP/1.1" 200 91
190.27.74.31 - - [18/Nov/2014:08:21:03 -0500] "POST /forms/lservlet;jsessionid=ac16012b30d575c39f423c634534b2b7bf674ef8fa08.e3iSbxaKaheRe34Sa3yKbhiTahb0n6jAmljGr5XDqQLvpAe HTTP/1.1" 200 7
190.84.79.126 - - [18/Nov/2014:08:21:03 -0500] "GET /dama/libreria/jpg/sec_amb.jpg HTTP/1.1" 404 1019
190.27.74.31 - - [18/Nov/2014:08:21:05 -0500] "POST /forms/lservlet;jsessionid=ac16012b30d575c39f423c634534b2b7bf674ef8fa08.e3iSbxaKaheRe34Sa3yKbhiTahb0n6jAmljGr5XDqQLvpAe HTTP/1.1" 200 12
190.27.74.31 - - [18/Nov/2014:08:21:05 -0500] "POST /forms/lservlet;jsessionid=ac16012b30d575c39f423c634534b2b7bf674ef8fa08.e3iSbxaKaheRe34Sa3yKbhiTahb0n6jAmljGr5XDqQLvpAe HTTP/1.1" 200 19290
190.27.74.31 - - [18/Nov/2014:08:21:06 -0500] "POST /forms/lservlet;jsessionid=ac16012b30d575c39f423c634534b2b7bf674ef8fa08.e3iSbxaKaheRe34Sa3yKbhiTahb0n6jAmljGr5XDqQLvpAe HTTP/1.1" 200 182
190.27.74.31 - - [18/Nov/2014:08:21:12 -0500] "POST /forms/lservlet;jsessionid=ac16012b30d575c39f423c634534b2b7bf674ef8fa08.e3iSbxaKaheRe34Sa3yKbhiTahb0n6jAmljGr5XDqQLvpAe HTTP/1.1" 200 12
190.27.74.31 - - [18/Nov/2014:08:21:12 -0500] "POST /forms/lservlet;jsessionid=ac16012b30d575c39f423c634534b2b7bf674ef8fa08.e3iSbxaKaheRe34Sa3yKbhiTahb0n6jAmljGr5XDqQLvpAe HTTP/1.1" 200 8
190.27.74.31 - - [18/Nov/2014:08:21:12 -0500] "POST /forms/lservlet;jsessionid=ac16012b30d575c39f423c634534b2b7bf674ef8fa08.e3iSbxaKaheRe34Sa3yKbhiTahb0n6jAmljGr5XDqQLvpAe HTTP/1.1" 200 2
190.27.74.31 - - [18/Nov/2014:08:21:13 -0500] "POST /forms/lservlet;jsessionid=ac16012b30d575c39f423c634534b2b7bf674ef8fa08.e3iSbxaKaheRe34Sa3yKbhiTahb0n6jAmljGr5XDqQLvpAe HTTP/1.1" 200 47
190.27.74.31 - - [18/Nov/2014:08:21:14 -0500] "POST /forms/lservlet;jsessionid=ac16012b30d575c39f423c634534b2b7bf674ef8fa08.e3iSbxaKaheRe34Sa3yKbhiTahb0n6jAmljGr5XDqQLvpAe HTTP/1.1" 200 7
190.27.74.31 - - [18/Nov/2014:08:21:14 -0500] "POST /forms/lservlet;jsessionid=ac16012b30d575c39f423c634534b2b7bf674ef8fa08.e3iSbxaKaheRe34Sa3yKbhiTahb0n6jAmljGr5XDqQLvpAe HTTP/1.1" 200 15
190.84.79.126 - - [18/Nov/2014:08:21:16 -0500] "GET /dama/libreria/jpg/sec_amb.jpg HTTP/1.1" 404 1019
190.27.74.31 - - [18/Nov/2014:08:21:16 -0500] "POST /forms/lservlet;jsessionid=ac16012b30d575c39f423c634534b2b7bf674ef8fa08.e3iSbxaKaheRe34Sa3yKbhiTahb0n6jAmljGr5XDqQLvpAe HTTP/1.1" 200 2
190.27.74.31 - - [18/Nov/2014:08:21:17 -0500] "POST /forms/lservlet;jsessionid=ac16012b30d575c39f423c634534b2b7bf674ef8fa08.e3iSbxaKaheRe34Sa3yKbhiTahb0n6jAmljGr5XDqQLvpAe HTTP/1.1" 200 19387
190.27.74.31 - - [18/Nov/2014:08:21:18 -0500] "POST /forms/lservlet;jsessionid=ac16012b30d575c39f423c634534b2b7bf674ef8fa08.e3iSbxaKaheRe34Sa3yKbhiTahb0n6jAmljGr5XDqQLvpAe HTTP/1.1" 200 2
190.27.74.31 - - [18/Nov/2014:08:21:18 -0500] "POST /forms/lservlet;jsessionid=ac16012b30d575c39f423c634534b2b7bf674ef8fa08.e3iSbxaKaheRe34Sa3yKbhiTahb0n6jAmljGr5XDqQLvpAe HTTP/1.1" 200 104
190.27.155.125 - - [18/Nov/2014:08:21:18 -0500] "GET /isolucionsda/Session.asp HTTP/1.1" 200 6199
190.84.79.126 - - [18/Nov/2014:08:21:18 -0500] "GET /dama/libreria/jpg/sec_amb.jpg HTTP/1.1" 404 1019
190.84.79.126 - - [18/Nov/2014:08:21:18 -0500] "GET /dama/libreria/jpg/sec_amb.jpg HTTP/1.1" 404 1019
190.84.79.126 - - [18/Nov/2014:08:21:18 -0500] "GET /dama/libreria/jpg/sec_amb.jpg HTTP/1.1" 404 1019
190.27.74.31 - - [18/Nov/2014:08:21:18 -0500] "POST /forms/lservlet;jsessionid=ac16012b30d575c39f423c634534b2b7bf674ef8fa08.e3iSbxaKaheRe34Sa3yKbhiTahb0n6jAmljGr5XDqQLvpAe HTTP/1.1" 200 2
190.27.74.31 - - [18/Nov/2014:08:21:19 -0500] "POST /forms/lservlet;jsessionid=ac16012b30d575c39f423c634534b2b7bf674ef8fa08.e3iSbxaKaheRe34Sa3yKbhiTahb0n6jAmljGr5XDqQLvpAe HTTP/1.1" 200 2
190.27.74.31 - - [18/Nov/2014:08:21:19 -0500] "POST /forms/lservlet;jsessionid=ac16012b30d575c39f423c634534b2b7bf674ef8fa08.e3iSbxaKaheRe34Sa3yKbhiTahb0n6jAmljGr5XDqQLvpAe HTTP/1.1" 200 167
190.27.74.31 - - [18/Nov/2014:08:21:21 -0500] "POST /forms/lservlet;jsessionid=ac16012b30d575c39f423c634534b2b7bf674ef8fa08.e3iSbxaKaheRe34Sa3yKbhiTahb0n6jAmljGr5XDqQLvpAe HTTP/1.1" 200 41012
190.27.74.31 - - [18/Nov/2014:08:21:22 -0500] "POST /forms/lservlet;jsessionid=ac16012b30d575c39f423c634534b2b7bf674ef8fa08.e3iSbxaKaheRe34Sa3yKbhiTahb0n6jAmljGr5XDqQLvpAe HTTP/1.1" 200 41023
200.74.141.50 - - [18/Nov/2014:08:21:25 -0500] "GET /BLA/resoluciones/AUTOS%202007/1654.pdf HTTP/1.1" 200 201493
200.74.141.50 - - [18/Nov/2014:08:21:25 -0500] "GET /favicon.ico HTTP/1.1" 200 7782
190.27.74.31 - - [18/Nov/2014:08:21:24 -0500] "POST /forms/lservlet;jsessionid=ac16012b30d575c39f423c634534b2b7bf674ef8fa08.e3iSbxaKaheRe34Sa3yKbhiTahb0n6jAmljGr5XDqQLvpAe HTTP/1.1" 200 41026
190.27.74.31 - - [18/Nov/2014:08:21:27 -0500] "POST /forms/lservlet;jsessionid=ac16012b30d575c39f423c634534b2b7bf674ef8fa08.e3iSbxaKaheRe34Sa3yKbhiTahb0n6jAmljGr5XDqQLvpAe HTTP/1.1" 200 328
190.27.74.31 - - [18/Nov/2014:08:21:27 -0500] "POST /forms/lservlet;jsessionid=ac16012b30d575c39f423c634534b2b7bf674ef8fa08.e3iSbxaKaheRe34Sa3yKbhiTahb0n6jAmljGr5XDqQLvpAe HTTP/1.1" 200 11
190.27.74.31 - - [18/Nov/2014:08:21:27 -0500] "POST /forms/lservlet;jsessionid=ac16012b30d575c39f423c634534b2b7bf674ef8fa08.e3iSbxaKaheRe34Sa3yKbhiTahb0n6jAmljGr5XDqQLvpAe HTTP/1.1" 200 388
190.27.74.31 - - [18/Nov/2014:08:21:27 -0500] "POST /forms/lservlet;jsessionid=ac16012b30d575c39f423c634534b2b7bf674ef8fa08.e3iSbxaKaheRe34Sa3yKbhiTahb0n6jAmljGr5XDqQLvpAe HTTP/1.1" 200 11
190.27.74.31 - - [18/Nov/2014:08:21:27 -0500] "POST /forms/lservlet;jsessionid=ac16012b30d575c39f423c634534b2b7bf674ef8fa08.e3iSbxaKaheRe34Sa3yKbhiTahb0n6jAmljGr5XDqQLvpAe HTTP/1.1" 200 328
190.27.74.31 - - [18/Nov/2014:08:21:27 -0500] "POST /forms/lservlet;jsessionid=ac16012b30d575c39f423c634534b2b7bf674ef8fa08.e3iSbxaKaheRe34Sa3yKbhiTahb0n6jAmljGr5XDqQLvpAe HTTP/1.1" 200 11
201.245.192.253 - - [18/Nov/2014:08:21:27 -0500] "GET /forest/img/forestIcon.gif?version=1411.041919 HTTP/1.1" 304 -
190.27.74.31 - - [18/Nov/2014:08:21:27 -0500] "POST /forms/lservlet;jsessionid=ac16012b30d575c39f423c634534b2b7bf674ef8fa08.e3iSbxaKaheRe34Sa3yKbhiTahb0n6jAmljGr5XDqQLvpAe HTTP/1.1" 200 328
190.27.74.31 - - [18/Nov/2014:08:21:27 -0500] "POST /forms/lservlet;jsessionid=ac16012b30d575c39f423c634534b2b7bf674ef8fa08.e3iSbxaKaheRe34Sa3yKbhiTahb0n6jAmljGr5XDqQLvpAe HTTP/1.1" 200 11
190.27.74.31 - - [18/Nov/2014:08:21:28 -0500] "POST /forms/lservlet;jsessionid=ac16012b30d575c39f423c634534b2b7bf674ef8fa08.e3iSbxaKaheRe34Sa3yKbhiTahb0n6jAmljGr5XDqQLvpAe HTTP/1.1" 200 385
190.27.74.31 - - [18/Nov/2014:08:21:28 -0500] "POST /forms/lservlet;jsessionid=ac16012b30d575c39f423c634534b2b7bf674ef8fa08.e3iSbxaKaheRe34Sa3yKbhiTahb0n6jAmljGr5XDqQLvpAe HTTP/1.1" 200 11
