161.18.86.37 - - [18/Nov/2014:08:00:30 -0500] "GET /BLA/boletinlegal/js/jquery.scrollTo-min.js HTTP/1.1" 200 1150
161.18.86.37 - - [18/Nov/2014:08:00:30 -0500] "GET /BLA/boletinlegal/js/jquery.scrollShow.js HTTP/1.1" 200 4586
190.27.74.31 - - [18/Nov/2014:08:00:31 -0500] "POST /forms/lservlet;jsessionid=ac16012b30d575c39f423c634534b2b7bf674ef8fa08.e3iSbxaKaheRe34Sa3yKbhiTahb0n6jAmljGr5XDqQLvpAe HTTP/1.1" 200 91
190.27.74.31 - - [18/Nov/2014:08:00:31 -0500] "POST /forms/lservlet;jsessionid=ac16012b30d575c39f423c634534b2b7bf674ef8fa08.e3iSbxaKaheRe34Sa3yKbhiTahb0n6jAmljGr5XDqQLvpAe HTTP/1.1" 200 7
186.154.205.146 - - [18/Nov/2014:08:00:34 -0500] "GET /BLA/boletinlegal/norma_menu.php HTTP/1.1" 200 5286
190.27.74.31 - - [18/Nov/2014:08:00:36 -0500] "POST /forms/lservlet;jsessionid=ac16012b30d575c39f423c634534b2b7bf674ef8fa08.e3iSbxaKaheRe34Sa3yKbhiTahb0n6jAmljGr5XDqQLvpAe HTTP/1.1" 200 12
190.27.74.31 - - [18/Nov/2014:08:00:37 -0500] "POST /forms/lservlet;jsessionid=ac16012b30d575c39f423c634534b2b7bf674ef8fa08.e3iSbxaKaheRe34Sa3yKbhiTahb0n6jAmljGr5XDqQLvpAe HTTP/1.1" 200 16610
201.245.192.253 - - [18/Nov/2014:08:00:37 -0500] "GET /galeria/nivo-slider/demo/demo.html HTTP/1.1" 304 -
186.154.205.146 - - [18/Nov/2014:08:00:37 -0500] "GET /BLA/boletinlegal/consulta.php?menu=publicidad HTTP/1.1" 200 19434
186.154.205.146 - - [18/Nov/2014:08:00:37 -0500] "GET /BLA/boletinlegal/consulta.php?menu=publicidad HTTP/1.1" 200 19434
190.27.74.31 - - [18/Nov/2014:08:00:39 -0500] "POST /forms/lservlet;jsessionid=ac16012b30d575c39f423c634534b2b7bf674ef8fa08.e3iSbxaKaheRe34Sa3yKbhiTahb0n6jAmljGr5XDqQLvpAe HTTP/1.1" 200 182
201.245.192.253 - - [18/Nov/2014:08:00:39 -0500] "GET /galeria/nivo-slider/demo/images/ForoNacionalAmbiental.jpg HTTP/1.1" 304 -
201.245.192.253 - - [18/Nov/2014:08:00:39 -0500] "GET /galeria/nivo-slider/demo/images/Banner-comparendo.jpg HTTP/1.1" 304 -
201.245.192.253 - - [18/Nov/2014:08:00:39 -0500] "GET /galeria/nivo-slider/demo/images/Banner-Ecourbanismo.jpg HTTP/1.1" 304 -
201.245.192.253 - - [18/Nov/2014:08:00:39 -0500] "GET /galeria/nivo-slider/demo/images/porloshumedales.jpg HTTP/1.1" 304 -
201.245.192.253 - - [18/Nov/2014:08:00:39 -0500] "GET /galeria/nivo-slider/demo/images/banner-aceite3.jpg HTTP/1.1" 304 -
201.245.192.253 - - [18/Nov/2014:08:00:39 -0500] "GET /galeria/nivo-slider/demo/images/Tingua-azul.jpg HTTP/1.1" 304 -
201.245.192.253 - - [18/Nov/2014:08:00:39 -0500] "GET /galeria/nivo-slider/demo/images/Banner-Caracol-Africano.jpg HTTP/1.1" 304 -
201.245.192.253 - - [18/Nov/2014:08:00:39 -0500] "GET /galeria/nivo-slider/demo/images/banner-redes.jpg HTTP/1.1" 304 -
201.245.192.253 - - [18/Nov/2014:08:00:39 -0500] "GET /galeria/nivo-slider/demo/images/bannerEcolecta3.jpg HTTP/1.1" 304 -
200.118.16.84 - - [18/Nov/2014:08:00:41 -0500] "POST /forms/lservlet;jsessionid=ac16012b30d512623ce5a05241f68ba1b47211104a51.e3iSbxaKaheRe34Sa3yKbhiTahb0n6jAmljGr5XDqQLvpAe HTTP/1.1" 200 7999
66.249.64.167 - - [18/Nov/2014:08:00:41 -0500] "GET /Residuos/metalmecanica/images/page105.swf HTTP/1.1" 404 1018
190.27.74.31 - - [18/Nov/2014:08:00:42 -0500] "POST /forms/lservlet;jsessionid=ac16012b30d575c39f423c634534b2b7bf674ef8fa08.e3iSbxaKaheRe34Sa3yKbhiTahb0n6jAmljGr5XDqQLvpAe HTTP/1.1" 200 12
200.118.16.84 - - [18/Nov/2014:08:00:42 -0500] "POST /forms/lservlet;jsessionid=ac16012b30d512623ce5a05241f68ba1b47211104a51.e3iSbxaKaheRe34Sa3yKbhiTahb0n6jAmljGr5XDqQLvpAe HTTP/1.1" 200 64
200.118.16.84 - - [18/Nov/2014:08:00:42 -0500] "POST /forms/lservlet;jsessionid=ac16012b30d512623ce5a05241f68ba1b47211104a51.e3iSbxaKaheRe34Sa3yKbhiTahb0n6jAmljGr5XDqQLvpAe HTTP/1.1" 200 2
200.118.16.84 - - [18/Nov/2014:08:00:42 -0500] "POST /forms/lservlet;jsessionid=ac16012b30d512623ce5a05241f68ba1b47211104a51.e3iSbxaKaheRe34Sa3yKbhiTahb0n6jAmljGr5XDqQLvpAe HTTP/1.1" 200 2
200.118.16.84 - - [18/Nov/2014:08:00:42 -0500] "POST /forms/lservlet;jsessionid=ac16012b30d512623ce5a05241f68ba1b47211104a51.e3iSbxaKaheRe34Sa3yKbhiTahb0n6jAmljGr5XDqQLvpAe HTTP/1.1" 200 2
190.27.74.31 - - [18/Nov/2014:08:00:42 -0500] "POST /forms/lservlet;jsessionid=ac16012b30d575c39f423c634534b2b7bf674ef8fa08.e3iSbxaKaheRe34Sa3yKbhiTahb0n6jAmljGr5XDqQLvpAe HTTP/1.1" 200 8
190.27.74.31 - - [18/Nov/2014:08:00:42 -0500] "POST /forms/lservlet;jsessionid=ac16012b30d575c39f423c634534b2b7bf674ef8fa08.e3iSbxaKaheRe34Sa3yKbhiTahb0n6jAmljGr5XDqQLvpAe HTTP/1.1" 200 2
190.27.74.31 - - [18/Nov/2014:08:00:43 -0500] "POST /forms/lservlet;jsessionid=ac16012b30d575c39f423c634534b2b7bf674ef8fa08.e3iSbxaKaheRe34Sa3yKbhiTahb0n6jAmljGr5XDqQLvpAe HTTP/1.1" 200 47
190.27.74.31 - - [18/Nov/2014:08:00:43 -0500] "POST /forms/lservlet;jsessionid=ac16012b30d575c39f423c634534b2b7bf674ef8fa08.e3iSbxaKaheRe34Sa3yKbhiTahb0n6jAmljGr5XDqQLvpAe HTTP/1.1" 200 7
190.27.74.31 - - [18/Nov/2014:08:00:44 -0500] "POST /forms/lservlet;jsessionid=ac16012b30d575c39f423c634534b2b7bf674ef8fa08.e3iSbxaKaheRe34Sa3yKbhiTahb0n6jAmljGr5XDqQLvpAe HTTP/1.1" 200 15
190.27.74.31 - - [18/Nov/2014:08:00:44 -0500] "POST /forms/lservlet;jsessionid=ac16012b30d575c39f423c634534b2b7bf674ef8fa08.e3iSbxaKaheRe34Sa3yKbhiTahb0n6jAmljGr5XDqQLvpAe HTTP/1.1" 200 12
200.118.16.84 - - [18/Nov/2014:08:00:45 -0500] "POST /forms/lservlet;jsessionid=ac16012b30d512623ce5a05241f68ba1b47211104a51.e3iSbxaKaheRe34Sa3yKbhiTahb0n6jAmljGr5XDqQLvpAe HTTP/1.1" 200 34711
190.27.74.31 - - [18/Nov/2014:08:00:46 -0500] "POST /forms/lservlet;jsessionid=ac16012b30d575c39f423c634534b2b7bf674ef8fa08.e3iSbxaKaheRe34Sa3yKbhiTahb0n6jAmljGr5XDqQLvpAe HTTP/1.1" 200 2
190.27.74.31 - - [18/Nov/2014:08:00:46 -0500] "POST /forms/lservlet;jsessionid=ac16012b30d575c39f423c634534b2b7bf674ef8fa08.e3iSbxaKaheRe34Sa3yKbhiTahb0n6jAmljGr5XDqQLvpAe HTTP/1.1" 200 110
200.118.16.84 - - [18/Nov/2014:08:00:46 -0500] "GET /imagenes/listval.gif HTTP/1.1" 200 905
200.118.16.84 - - [18/Nov/2014:08:00:46 -0500] "GET /imagenes/tree1.gif HTTP/1.1" 200 1161
190.27.74.31 - - [18/Nov/2014:08:00:46 -0500] "POST /forms/lservlet;jsessionid=ac16012b30d575c39f423c634534b2b7bf674ef8fa08.e3iSbxaKaheRe34Sa3yKbhiTahb0n6jAmljGr5XDqQLvpAe HTTP/1.1" 200 2
200.118.16.84 - - [18/Nov/2014:08:00:46 -0500] "GET /imagenes/listval.gif HTTP/1.1" 200 905
200.118.16.84 - - [18/Nov/2014:08:00:46 -0500] "GET /imagenes/CAMERA3.gif HTTP/1.1" 200 4150
200.118.16.84 - - [18/Nov/2014:08:00:46 -0500] "GET /imagenes/SLIDE1.gif HTTP/1.1" 200 1111
200.118.16.84 - - [18/Nov/2014:08:00:47 -0500] "GET /imagenes/flexcomb.gif HTTP/1.1" 200 1169
200.118.16.84 - - [18/Nov/2014:08:00:47 -0500] "GET /imagenes/GO.gif HTTP/1.1" 200 904
200.118.16.84 - - [18/Nov/2014:08:00:47 -0500] "GET /imagenes/HRTOOLS.gif HTTP/1.1" 200 2238
200.118.16.84 - - [18/Nov/2014:08:00:47 -0500] "GET /imagenes/rt_rec1.gif HTTP/1.1" 200 867
200.118.16.84 - - [18/Nov/2014:08:00:47 -0500] "GET /imagenes/apply.gif HTTP/1.1" 200 903
200.118.16.84 - - [18/Nov/2014:08:00:47 -0500] "GET /imagenes/exit.gif HTTP/1.1" 200 916
200.118.16.84 - - [18/Nov/2014:08:00:47 -0500] "GET /imagenes/LISTVAL.gif HTTP/1.1" 200 905
200.118.16.84 - - [18/Nov/2014:08:00:47 -0500] "GET /imagenes/edit.gif HTTP/1.1" 200 919
200.118.16.84 - - [18/Nov/2014:08:00:47 -0500] "GET /imagenes/rt_rec4.gif HTTP/1.1" 200 865
200.118.16.84 - - [18/Nov/2014:08:00:47 -0500] "GET /imagenes/rt_rec3.gif HTTP/1.1" 200 844
200.118.16.84 - - [18/Nov/2014:08:00:47 -0500] "GET /imagenes/rt_rec2.gif HTTP/1.1" 200 847
200.118.16.84 - - [18/Nov/2014:08:00:47 -0500] "GET /imagenes/rt_rdel.gif HTTP/1.1" 200 899
200.118.16.84 - - [18/Nov/2014:08:00:47 -0500] "GET /imagenes/rt_radd.gif HTTP/1.1" 200 907
200.118.16.84 - - [18/Nov/2014:08:00:47 -0500] "GET /imagenes/rt_quer3.gif HTTP/1.1" 200 939
200.118.16.84 - - [18/Nov/2014:08:00:47 -0500] "GET /imagenes/rt_quer2.gif HTTP/1.1" 200 936
200.118.16.84 - - [18/Nov/2014:08:00:47 -0500] "GET /imagenes/rt_quer1.gif HTTP/1.1" 200 930
200.118.16.84 - - [18/Nov/2014:08:00:47 -0500] "GET /imagenes/rt_save.gif HTTP/1.1" 200 903
200.118.16.84 - - [18/Nov/2014:08:00:47 -0500] "GET /imagenes/rt_pset.gif HTTP/1.1" 200 914
190.27.74.31 - - [18/Nov/2014:08:00:47 -0500] "POST /forms/lservlet;jsessionid=ac16012b30d575c39f423c634534b2b7bf674ef8fa08.e3iSbxaKaheRe34Sa3yKbhiTahb0n6jAmljGr5XDqQLvpAe HTTP/1.1" 200 2
200.118.16.84 - - [18/Nov/2014:08:00:47 -0500] "GET /imagenes/QUEJA.gif HTTP/1.1" 200 1091
200.118.16.84 - - [18/Nov/2014:08:00:47 -0500] "GET /imagenes/ARBOL.gif HTTP/1.1" 200 1026
200.118.16.84 - - [18/Nov/2014:08:00:47 -0500] "GET /imagenes/Clipboard.gif HTTP/1.1" 200 1466
200.118.16.84 - - [18/Nov/2014:08:00:47 -0500] "GET /imagenes/DINERO.gif HTTP/1.1" 200 1766
200.118.16.84 - - [18/Nov/2014:08:00:47 -0500] "GET /imagenes/URGENTE.gif HTTP/1.1" 200 964
200.118.16.84 - - [18/Nov/2014:08:00:47 -0500] "GET /imagenes/TREE4.gif HTTP/1.1" 200 4150
200.118.16.84 - - [18/Nov/2014:08:00:47 -0500] "POST /forms/lservlet;jsessionid=ac16012b30d512623ce5a05241f68ba1b47211104a51.e3iSbxaKaheRe34Sa3yKbhiTahb0n6jAmljGr5XDqQLvpAe HTTP/1.1" 200 7
200.118.16.84 - - [18/Nov/2014:08:00:47 -0500] "POST /forms/lservlet;jsessionid=ac16012b30d512623ce5a05241f68ba1b47211104a51.e3iSbxaKaheRe34Sa3yKbhiTahb0n6jAmljGr5XDqQLvpAe HTTP/1.1" 200 34
200.118.16.84 - - [18/Nov/2014:08:00:47 -0500] "POST /forms/lservlet;jsessionid=ac16012b30d512623ce5a05241f68ba1b47211104a51.e3iSbxaKaheRe34Sa3yKbhiTahb0n6jAmljGr5XDqQLvpAe HTTP/1.1" 200 2
190.27.74.31 - - [18/Nov/2014:08:00:47 -0500] "POST /forms/lservlet;jsessionid=ac16012b30d575c39f423c634534b2b7bf674ef8fa08.e3iSbxaKaheRe34Sa3yKbhiTahb0n6jAmljGr5XDqQLvpAe HTTP/1.1" 200 167
188.165.15.234 - - [18/Nov/2014:08:00:48 -0500] "GET /BLA/resoluciones/RESOLUCIONES%202003/RES%202003%201251-1300/20031282.tif HTTP/1.1" 200 126662
200.118.16.84 - - [18/Nov/2014:08:00:49 -0500] "POST /forms/lservlet;jsessionid=ac16012b30d512623ce5a05241f68ba1b47211104a51.e3iSbxaKaheRe34Sa3yKbhiTahb0n6jAmljGr5XDqQLvpAe HTTP/1.1" 200 2
200.118.16.84 - - [18/Nov/2014:08:00:49 -0500] "POST /forms/lservlet;jsessionid=ac16012b30d512623ce5a05241f68ba1b47211104a51.e3iSbxaKaheRe34Sa3yKbhiTahb0n6jAmljGr5XDqQLvpAe HTTP/1.1" 200 699
200.118.16.84 - - [18/Nov/2014:08:00:49 -0500] "GET /imagenes/Srch_frw.gif HTTP/1.1" 200 925
200.118.16.84 - - [18/Nov/2014:08:00:49 -0500] "POST /forms/lservlet;jsessionid=ac16012b30d512623ce5a05241f68ba1b47211104a51.e3iSbxaKaheRe34Sa3yKbhiTahb0n6jAmljGr5XDqQLvpAe HTTP/1.1" 200 10
190.27.74.31 - - [18/Nov/2014:08:00:49 -0500] "POST /forms/lservlet;jsessionid=ac16012b30d575c39f423c634534b2b7bf674ef8fa08.e3iSbxaKaheRe34Sa3yKbhiTahb0n6jAmljGr5XDqQLvpAe HTTP/1.1" 200 37684
190.27.74.31 - - [18/Nov/2014:08:00:51 -0500] "POST /forms/lservlet;jsessionid=ac16012b30d575c39f423c634534b2b7bf674ef8fa08.e3iSbxaKaheRe34Sa3yKbhiTahb0n6jAmljGr5XDqQLvpAe HTTP/1.1" 200 251
190.27.74.31 - - [18/Nov/2014:08:00:52 -0500] "POST /forms/lservlet;jsessionid=ac16012b30d575c39f423c634534b2b7bf674ef8fa08.e3iSbxaKaheRe34Sa3yKbhiTahb0n6jAmljGr5XDqQLvpAe HTTP/1.1" 200 91
190.27.74.31 - - [18/Nov/2014:08:00:52 -0500] "POST /forms/lservlet;jsessionid=ac16012b30d575c39f423c634534b2b7bf674ef8fa08.e3iSbxaKaheRe34Sa3yKbhiTahb0n6jAmljGr5XDqQLvpAe HTTP/1.1" 200 7
66.249.64.167 - - [18/Nov/2014:08:00:54 -0500] "GET /BLA/resoluciones/RESOLUCIONES%202003/RES%202003%201651-1700/20031688.tif HTTP/1.1" 200 93252
190.27.74.31 - - [18/Nov/2014:08:00:58 -0500] "POST /forms/lservlet;jsessionid=ac16012b30d575c39f423c634534b2b7bf674ef8fa08.e3iSbxaKaheRe34Sa3yKbhiTahb0n6jAmljGr5XDqQLvpAe HTTP/1.1" 200 12
190.27.74.31 - - [18/Nov/2014:08:00:58 -0500] "POST /forms/lservlet;jsessionid=ac16012b30d575c39f423c634534b2b7bf674ef8fa08.e3iSbxaKaheRe34Sa3yKbhiTahb0n6jAmljGr5XDqQLvpAe HTTP/1.1" 200 16610
190.27.74.31 - - [18/Nov/2014:08:01:01 -0500] "POST /forms/lservlet;jsessionid=ac16012b30d575c39f423c634534b2b7bf674ef8fa08.e3iSbxaKaheRe34Sa3yKbhiTahb0n6jAmljGr5XDqQLvpAe HTTP/1.1" 200 182
66.249.64.167 - - [18/Nov/2014:08:01:04 -0500] "GET /Residuos/vehiculos/images/page91.swf HTTP/1.1" 404 1018
190.27.74.31 - - [18/Nov/2014:08:01:04 -0500] "POST /forms/lservlet;jsessionid=ac16012b30d575c39f423c634534b2b7bf674ef8fa08.e3iSbxaKaheRe34Sa3yKbhiTahb0n6jAmljGr5XDqQLvpAe HTTP/1.1" 200 12
190.27.74.31 - - [18/Nov/2014:08:01:04 -0500] "POST /forms/lservlet;jsessionid=ac16012b30d575c39f423c634534b2b7bf674ef8fa08.e3iSbxaKaheRe34Sa3yKbhiTahb0n6jAmljGr5XDqQLvpAe HTTP/1.1" 200 8
190.27.74.31 - - [18/Nov/2014:08:01:04 -0500] "POST /forms/lservlet;jsessionid=ac16012b30d575c39f423c634534b2b7bf674ef8fa08.e3iSbxaKaheRe34Sa3yKbhiTahb0n6jAmljGr5XDqQLvpAe HTTP/1.1" 200 2
190.27.74.31 - - [18/Nov/2014:08:01:05 -0500] "POST /forms/lservlet;jsessionid=ac16012b30d575c39f423c634534b2b7bf674ef8fa08.e3iSbxaKaheRe34Sa3yKbhiTahb0n6jAmljGr5XDqQLvpAe HTTP/1.1" 200 47
188.165.15.61 - - [18/Nov/2014:08:01:05 -0500] "GET /BLA/resoluciones/RESOLUCIONES%202006/RES%202006%202651-2700/00002697.tif HTTP/1.1" 200 293974
190.27.74.31 - - [18/Nov/2014:08:01:06 -0500] "POST /forms/lservlet;jsessionid=ac16012b30d575c39f423c634534b2b7bf674ef8fa08.e3iSbxaKaheRe34Sa3yKbhiTahb0n6jAmljGr5XDqQLvpAe HTTP/1.1" 200 7
200.118.16.84 - - [18/Nov/2014:08:01:06 -0500] "POST /forms/lservlet;jsessionid=ac16012b30d512623ce5a05241f68ba1b47211104a51.e3iSbxaKaheRe34Sa3yKbhiTahb0n6jAmljGr5XDqQLvpAe HTTP/1.1" 200 24
190.27.74.31 - - [18/Nov/2014:08:01:06 -0500] "POST /forms/lservlet;jsessionid=ac16012b30d575c39f423c634534b2b7bf674ef8fa08.e3iSbxaKaheRe34Sa3yKbhiTahb0n6jAmljGr5XDqQLvpAe HTTP/1.1" 200 15
190.27.74.31 - - [18/Nov/2014:08:01:07 -0500] "POST /forms/lservlet;jsessionid=ac16012b30d575c39f423c634534b2b7bf674ef8fa08.e3iSbxaKaheRe34Sa3yKbhiTahb0n6jAmljGr5XDqQLvpAe HTTP/1.1" 200 12
200.118.16.84 - - [18/Nov/2014:08:01:06 -0500] "POST /forms/lservlet;jsessionid=ac16012b30d512623ce5a05241f68ba1b47211104a51.e3iSbxaKaheRe34Sa3yKbhiTahb0n6jAmljGr5XDqQLvpAe HTTP/1.1" 200 4895
200.118.16.84 - - [18/Nov/2014:08:01:07 -0500] "POST /forms/lservlet;jsessionid=ac16012b30d512623ce5a05241f68ba1b47211104a51.e3iSbxaKaheRe34Sa3yKbhiTahb0n6jAmljGr5XDqQLvpAe HTTP/1.1" 200 2
190.27.74.31 - - [18/Nov/2014:08:01:08 -0500] "POST /forms/lservlet;jsessionid=ac16012b30d575c39f423c634534b2b7bf674ef8fa08.e3iSbxaKaheRe34Sa3yKbhiTahb0n6jAmljGr5XDqQLvpAe HTTP/1.1" 200 2
190.27.74.31 - - [18/Nov/2014:08:01:08 -0500] "POST /forms/lservlet;jsessionid=ac16012b30d575c39f423c634534b2b7bf674ef8fa08.e3iSbxaKaheRe34Sa3yKbhiTahb0n6jAmljGr5XDqQLvpAe HTTP/1.1" 200 110
190.27.74.31 - - [18/Nov/2014:08:01:08 -0500] "POST /forms/lservlet;jsessionid=ac16012b30d575c39f423c634534b2b7bf674ef8fa08.e3iSbxaKaheRe34Sa3yKbhiTahb0n6jAmljGr5XDqQLvpAe HTTP/1.1" 200 2
190.27.74.31 - - [18/Nov/2014:08:01:09 -0500] "POST /forms/lservlet;jsessionid=ac16012b30d575c39f423c634534b2b7bf674ef8fa08.e3iSbxaKaheRe34Sa3yKbhiTahb0n6jAmljGr5XDqQLvpAe HTTP/1.1" 200 2
190.27.74.31 - - [18/Nov/2014:08:01:10 -0500] "POST /forms/lservlet;jsessionid=ac16012b30d575c39f423c634534b2b7bf674ef8fa08.e3iSbxaKaheRe34Sa3yKbhiTahb0n6jAmljGr5XDqQLvpAe HTTP/1.1" 200 167
186.30.144.26 - - [18/Nov/2014:08:01:17 -0500] "GET /BLA/boletinlegal/js/jquery.js HTTP/1.1" 200 57254
186.30.144.26 - - [18/Nov/2014:08:01:17 -0500] "GET /BLA/boletinlegal/js/jquery.scrollTo-min.js HTTP/1.1" 200 1150
186.30.144.26 - - [18/Nov/2014:08:01:17 -0500] "GET /BLA/boletinlegal/js/jquery.scrollShow.js HTTP/1.1" 200 4586
186.30.144.26 - - [18/Nov/2014:08:01:18 -0500] "GET /galeria/carrusel/Carrusel/jquery.thumbnailScroller.css HTTP/1.1" 200 2066
186.30.144.26 - - [18/Nov/2014:08:01:18 -0500] "GET /galeria/carrusel/Carrusel/jquery-ui-1.8.13.custom.min.js HTTP/1.1" 200 10800
186.30.144.26 - - [18/Nov/2014:08:01:18 -0500] "GET /galeria/carrusel/Carrusel/jquery.thumbnailScroller.js HTTP/1.1" 200 8157
191.111.119.244 - - [18/Nov/2014:08:01:23 -0500] "GET /galeria/carrusel/Carrusel/jquery.thumbnailScroller.css HTTP/1.1" 200 2066
191.111.119.244 - - [18/Nov/2014:08:01:23 -0500] "GET /BLA/boletinlegal/js/jquery.scrollTo-min.js HTTP/1.1" 200 1150
191.111.119.244 - - [18/Nov/2014:08:01:23 -0500] "GET /galeria/carrusel/Carrusel/jquery.thumbnailScroller.js HTTP/1.1" 200 8157
191.111.119.244 - - [18/Nov/2014:08:01:23 -0500] "GET /galeria/carrusel/Carrusel/jquery-ui-1.8.13.custom.min.js HTTP/1.1" 200 10800
191.111.119.244 - - [18/Nov/2014:08:01:23 -0500] "GET /BLA/boletinlegal/js/jquery.js HTTP/1.1" 200 57254
191.111.119.244 - - [18/Nov/2014:08:01:23 -0500] "GET /BLA/boletinlegal/js/jquery.scrollShow.js HTTP/1.1" 200 4586
186.30.144.26 - - [18/Nov/2014:08:01:23 -0500] "GET /galeria/nivo-slider/demo/demo.html HTTP/1.1" 200 3537
186.30.144.26 - - [18/Nov/2014:08:01:24 -0500] "GET /galeria/nivo-slider/themes/default/default.css HTTP/1.1" 200 1569
191.111.119.244 - - [18/Nov/2014:08:01:24 -0500] "GET /galeria/nivo-slider/demo/demo.html HTTP/1.1" 200 3537
186.30.144.26 - - [18/Nov/2014:08:01:24 -0500] "GET /galeria/nivo-slider/themes/pascal/pascal.css HTTP/1.1" 200 2258
186.30.144.26 - - [18/Nov/2014:08:01:24 -0500] "GET /galeria/nivo-slider/themes/orman/orman.css HTTP/1.1" 200 2152
186.30.144.26 - - [18/Nov/2014:08:01:24 -0500] "GET /galeria/nivo-slider/demo/style.css HTTP/1.1" 200 2222
186.30.144.26 - - [18/Nov/2014:08:01:24 -0500] "GET /galeria/nivo-slider/demo/images/ForoNacionalAmbiental.jpg HTTP/1.1" 200 202541
186.30.144.26 - - [18/Nov/2014:08:01:24 -0500] "GET /galeria/nivo-slider/nivo-slider.css HTTP/1.1" 200 1507
186.30.144.26 - - [18/Nov/2014:08:01:24 -0500] "GET /galeria/nivo-slider/demo/images/Banner-comparendo.jpg HTTP/1.1" 200 388762
186.30.144.26 - - [18/Nov/2014:08:01:25 -0500] "GET /galeria/nivo-slider/demo/images/Banner-Ecourbanismo.jpg HTTP/1.1" 200 189838
186.30.144.26 - - [18/Nov/2014:08:01:25 -0500] "GET /galeria/nivo-slider/demo/images/porloshumedales.jpg HTTP/1.1" 200 351238
186.30.144.26 - - [18/Nov/2014:08:01:25 -0500] "GET /galeria/nivo-slider/demo/images/banner-aceite3.jpg HTTP/1.1" 200 88347
186.30.144.26 - - [18/Nov/2014:08:01:25 -0500] "GET /galeria/nivo-slider/demo/images/Tingua-azul.jpg HTTP/1.1" 200 307638
191.111.119.244 - - [18/Nov/2014:08:01:25 -0500] "GET /galeria/nivo-slider/demo/scripts/jquery-1.7.1.min.js HTTP/1.1" 200 93868
191.111.119.244 - - [18/Nov/2014:08:01:25 -0500] "GET /galeria/nivo-slider/themes/default/default.css HTTP/1.1" 200 1569
191.111.119.244 - - [18/Nov/2014:08:01:25 -0500] "GET /galeria/nivo-slider/nivo-slider.css HTTP/1.1" 200 1507
191.111.119.244 - - [18/Nov/2014:08:01:25 -0500] "GET /galeria/nivo-slider/themes/orman/orman.css HTTP/1.1" 200 2152
191.111.119.244 - - [18/Nov/2014:08:01:25 -0500] "GET /galeria/nivo-slider/themes/pascal/pascal.css HTTP/1.1" 200 2258
191.111.119.244 - - [18/Nov/2014:08:01:25 -0500] "GET /galeria/nivo-slider/demo/style.css HTTP/1.1" 200 2222
191.111.119.244 - - [18/Nov/2014:08:01:25 -0500] "GET /galeria/nivo-slider/jquery.nivo.slider.pack.js HTTP/1.1" 200 11561
191.111.119.244 - - [18/Nov/2014:08:01:25 -0500] "GET /galeria/nivo-slider/demo/images/ForoNacionalAmbiental.jpg HTTP/1.1" 200 202541
191.111.119.244 - - [18/Nov/2014:08:01:25 -0500] "GET /galeria/nivo-slider/demo/images/banner-aceite3.jpg HTTP/1.1" 200 88347
191.111.119.244 - - [18/Nov/2014:08:01:25 -0500] "GET /galeria/nivo-slider/demo/images/Banner-comparendo.jpg HTTP/1.1" 200 388762
191.111.119.244 - - [18/Nov/2014:08:01:25 -0500] "GET /galeria/nivo-slider/demo/images/porloshumedales.jpg HTTP/1.1" 200 351238
191.111.119.244 - - [18/Nov/2014:08:01:25 -0500] "GET /galeria/nivo-slider/demo/images/Banner-Ecourbanismo.jpg HTTP/1.1" 200 189838
191.111.119.244 - - [18/Nov/2014:08:01:26 -0500] "GET /galeria/nivo-slider/demo/images/Tingua-azul.jpg HTTP/1.1" 200 307638
191.111.119.244 - - [18/Nov/2014:08:01:26 -0500] "GET /galeria/nivo-slider/demo/images/4Simple_Slider.png HTTP/1.1" 200 11722
191.111.119.244 - - [18/Nov/2014:08:01:26 -0500] "GET /galeria/nivo-slider/themes/default/loading.gif HTTP/1.1" 200 1737
191.111.119.244 - - [18/Nov/2014:08:01:27 -0500] "GET /galeria/nivo-slider/demo/images/Banner-Caracol-Africano.jpg HTTP/1.1" 200 331986
191.111.119.244 - - [18/Nov/2014:08:01:27 -0500] "GET /galeria/nivo-slider/demo/images/banner-redes.jpg HTTP/1.1" 200 62209
191.111.119.244 - - [18/Nov/2014:08:01:27 -0500] "GET /galeria/nivo-slider/demo/images/9Signos.jpg HTTP/1.1" 200 93040
191.111.119.244 - - [18/Nov/2014:08:01:27 -0500] "GET /galeria/nivo-slider/demo/images/Hacienda_Molinos.jpg HTTP/1.1" 200 319171
191.111.119.244 - - [18/Nov/2014:08:01:27 -0500] "GET /galeria/nivo-slider/demo/images/banner-caballos.png HTTP/1.1" 200 389106
191.111.119.244 - - [18/Nov/2014:08:01:27 -0500] "GET /galeria/nivo-slider/demo/images/bannerEcolecta3.jpg HTTP/1.1" 200 280034
186.30.144.26 - - [18/Nov/2014:08:01:29 -0500] "GET /galeria/nivo-slider/demo/images/Banner-Caracol-Africano.jpg HTTP/1.1" 200 331986
191.111.119.244 - - [18/Nov/2014:08:01:29 -0500] "GET /videos/Spot_CambioClimatico.flv HTTP/1.1" 200 4371917
191.111.119.244 - - [18/Nov/2014:08:01:30 -0500] "GET /galeria/nivo-slider/themes/default/arrows.png HTTP/1.1" 200 824
191.111.119.244 - - [18/Nov/2014:08:01:30 -0500] "GET /galeria/nivo-slider/themes/default/bullets.png HTTP/1.1" 200 1281
186.30.144.26 - - [18/Nov/2014:08:01:32 -0500] "GET /galeria/nivo-slider/demo/images/banner-redes.jpg HTTP/1.1" 200 62209
186.30.144.26 - - [18/Nov/2014:08:01:32 -0500] "GET /galeria/nivo-slider/demo/images/9Signos.jpg HTTP/1.1" 200 93040
186.30.144.26 - - [18/Nov/2014:08:01:32 -0500] "GET /galeria/nivo-slider/demo/images/banner-caballos.png HTTP/1.1" 200 389106
186.30.144.26 - - [18/Nov/2014:08:01:34 -0500] "GET /galeria/nivo-slider/demo/images/Hacienda_Molinos.jpg HTTP/1.1" 200 319171
186.30.144.26 - - [18/Nov/2014:08:01:34 -0500] "GET /galeria/nivo-slider/demo/images/bannerEcolecta3.jpg HTTP/1.1" 200 280034
186.30.144.26 - - [18/Nov/2014:08:01:36 -0500] "GET /galeria/nivo-slider/demo/scripts/jquery-1.7.1.min.js HTTP/1.1" 200 93868
186.30.144.26 - - [18/Nov/2014:08:01:37 -0500] "GET /galeria/nivo-slider/jquery.nivo.slider.pack.js HTTP/1.1" 200 11561
201.245.192.253 - - [18/Nov/2014:08:01:47 -0500] "GET /forest/session.jsp?a=0.04039160915310225 HTTP/1.1" 200 4
201.245.192.253 - - [18/Nov/2014:08:01:51 -0500] "GET /forest/index2.jsp?selected=tab_init&tab=1 HTTP/1.1" 200 36920
201.245.192.253 - - [18/Nov/2014:08:01:52 -0500] "GET /forest/skins/gdocs-jar/css/forest.css?version=1411.041919 HTTP/1.1" 304 -
201.245.192.253 - - [18/Nov/2014:08:01:52 -0500] "GET /forest/skins/gdocs-jar/css/menu.css?version=1411.041919 HTTP/1.1" 304 -
201.245.192.253 - - [18/Nov/2014:08:01:52 -0500] "GET /forest/skins/gdocs-jar/css/autocomplete.css?version=1411.041919 HTTP/1.1" 304 -
201.245.192.253 - - [18/Nov/2014:08:01:52 -0500] "GET /forest/css/escritorio.css?version=1411.041919 HTTP/1.1" 304 -
201.245.192.253 - - [18/Nov/2014:08:01:52 -0500] "GET /forest/css/index.css?version=1411.041919 HTTP/1.1" 304 -
201.245.192.253 - - [18/Nov/2014:08:01:52 -0500] "GET /forest/1ibre/jscalendar/calendar-win2k-1.css?version=1411.041919 HTTP/1.1" 304 -
201.245.192.253 - - [18/Nov/2014:08:01:52 -0500] "GET /forest/skins/gdocs-jar/css/dialog.css?version=1411.041919 HTTP/1.1" 304 -
201.245.192.253 - - [18/Nov/2014:08:01:52 -0500] "GET /forest/skins/gdocs-jar/css/forms.css?version=1411.041919 HTTP/1.1" 304 -
201.245.192.253 - - [18/Nov/2014:08:01:52 -0500] "GET /forest/img/forestIcon.gif?version=1411.041919 HTTP/1.1" 304 -
201.245.192.253 - - [18/Nov/2014:08:01:52 -0500] "GET /forest/img/panel/clasificarTRD.gif HTTP/1.1" 304 -
201.245.192.253 - - [18/Nov/2014:08:01:52 -0500] "GET /forest/session.jsp?a=0.4147852742692477 HTTP/1.1" 200 4
188.165.15.90 - - [18/Nov/2014:08:02:15 -0500] "GET /BLA/resoluciones/RESOLUCIONES%202004/RES%202004%20951-1000/00000990.tif HTTP/1.1" 200 116818
201.245.192.253 - - [18/Nov/2014:08:02:18 -0500] "GET /plugins/share_button.php?app_id=&channel=http%3A%2F%2Fstatic.ak.facebook.com%2Fconnect%2Fxd_arbiter%2FQjK2hWv6uak.js%3Fversion%3D41%23cb%3Df3f3e2163a8fd7%26domain%3Dwww.muyinteresante.es%26origin%3Dhttp%253A%252F%252Fwww.muyinteresante.es%252Ff3f788a9847e2c4%26relation%3Dparent.parent&href=http%3A%2F%2Fwww.muyinteresante.es%2Fsalud%2Farticulo%2Ftomate-para-el-corazon&locale=es_ES&sdk=joey&type=button_count HTTP/1.1" 404 1336
181.234.96.233 - - [18/Nov/2014:08:02:24 -0500] "GET /BLA/resoluciones/AUTOS%202010/5635.pdf HTTP/1.1" 200 621721
200.118.16.84 - - [18/Nov/2014:08:02:24 -0500] "POST /forms/lservlet;jsessionid=ac16012b30d512623ce5a05241f68ba1b47211104a51.e3iSbxaKaheRe34Sa3yKbhiTahb0n6jAmljGr5XDqQLvpAe HTTP/1.1" 200 2
190.27.74.31 - - [18/Nov/2014:08:02:29 -0500] "POST /forms/lservlet;jsessionid=ac16012b30d575c39f423c634534b2b7bf674ef8fa08.e3iSbxaKaheRe34Sa3yKbhiTahb0n6jAmljGr5XDqQLvpAe HTTP/1.1" 200 2
66.249.64.163 - - [18/Nov/2014:08:02:31 -0500] "GET /BLA/resoluciones/AUTOS%202013/2928.pdf HTTP/1.1" 200 367774
201.245.192.253 - - [18/Nov/2014:08:02:32 -0500] "GET /galeria/nivo-slider/demo/demo.html HTTP/1.1" 304 -
201.245.192.253 - - [18/Nov/2014:08:02:33 -0500] "GET /galeria/nivo-slider/themes/default/default.css HTTP/1.1" 304 -
201.245.192.253 - - [18/Nov/2014:08:02:33 -0500] "GET /galeria/nivo-slider/themes/pascal/pascal.css HTTP/1.1" 304 -
201.245.192.253 - - [18/Nov/2014:08:02:33 -0500] "GET /galeria/nivo-slider/nivo-slider.css HTTP/1.1" 304 -
201.245.192.253 - - [18/Nov/2014:08:02:33 -0500] "GET /galeria/nivo-slider/themes/orman/orman.css HTTP/1.1" 304 -
201.245.192.253 - - [18/Nov/2014:08:02:33 -0500] "GET /galeria/nivo-slider/demo/style.css HTTP/1.1" 304 -
201.245.192.253 - - [18/Nov/2014:08:02:33 -0500] "GET /galeria/nivo-slider/demo/images/Banner-comparendo.jpg HTTP/1.1" 304 -
201.245.192.253 - - [18/Nov/2014:08:02:33 -0500] "GET /galeria/nivo-slider/demo/images/ForoNacionalAmbiental.jpg HTTP/1.1" 304 -
201.245.192.253 - - [18/Nov/2014:08:02:33 -0500] "GET /galeria/nivo-slider/demo/images/Banner-Ecourbanismo.jpg HTTP/1.1" 304 -
201.245.192.253 - - [18/Nov/2014:08:02:33 -0500] "GET /galeria/nivo-slider/demo/images/porloshumedales.jpg HTTP/1.1" 304 -
201.245.192.253 - - [18/Nov/2014:08:02:33 -0500] "GET /galeria/nivo-slider/demo/images/Tingua-azul.jpg HTTP/1.1" 304 -
201.245.192.253 - - [18/Nov/2014:08:02:33 -0500] "GET /galeria/nivo-slider/demo/images/Banner-Caracol-Africano.jpg HTTP/1.1" 304 -
201.245.192.253 - - [18/Nov/2014:08:02:33 -0500] "GET /galeria/nivo-slider/demo/images/banner-redes.jpg HTTP/1.1" 304 -
201.245.192.253 - - [18/Nov/2014:08:02:33 -0500] "GET /galeria/nivo-slider/demo/images/banner-caballos.png HTTP/1.1" 304 -
201.245.192.253 - - [18/Nov/2014:08:02:33 -0500] "GET /galeria/nivo-slider/demo/images/Hacienda_Molinos.jpg HTTP/1.1" 304 -
201.245.192.253 - - [18/Nov/2014:08:02:33 -0500] "GET /galeria/nivo-slider/demo/images/9Signos.jpg HTTP/1.1" 304 -
201.245.192.253 - - [18/Nov/2014:08:02:33 -0500] "GET /galeria/nivo-slider/demo/images/bannerEcolecta3.jpg HTTP/1.1" 304 -
201.245.192.253 - - [18/Nov/2014:08:02:33 -0500] "GET /galeria/nivo-slider/demo/scripts/jquery-1.7.1.min.js HTTP/1.1" 304 -
201.245.192.253 - - [18/Nov/2014:08:02:33 -0500] "GET /galeria/nivo-slider/jquery.nivo.slider.pack.js HTTP/1.1" 304 -
201.245.192.253 - - [18/Nov/2014:08:02:33 -0500] "GET /galeria/nivo-slider/themes/default/loading.gif HTTP/1.1" 304 -
201.245.192.253 - - [18/Nov/2014:08:02:33 -0500] "GET /galeria/nivo-slider/demo/images/4Simple_Slider.png HTTP/1.1" 304 -
180.76.6.64 - - [18/Nov/2014:08:02:49 -0500] "GET /BLA/resoluciones/RESOLUCIONES%202007/RES%202007%202401%20AL%202500/RESOLUCION%202462%20DE%202007.pdf HTTP/1.1" 200 549830
190.27.74.31 - - [18/Nov/2014:08:02:50 -0500] "POST /forms/lservlet;jsessionid=ac16012b30d575c39f423c634534b2b7bf674ef8fa08.e3iSbxaKaheRe34Sa3yKbhiTahb0n6jAmljGr5XDqQLvpAe HTTP/1.1" 200 38077
190.27.74.31 - - [18/Nov/2014:08:02:51 -0500] "POST /forms/lservlet;jsessionid=ac16012b30d575c39f423c634534b2b7bf674ef8fa08.e3iSbxaKaheRe34Sa3yKbhiTahb0n6jAmljGr5XDqQLvpAe HTTP/1.1" 200 11
190.27.74.31 - - [18/Nov/2014:08:02:51 -0500] "POST /forms/lservlet;jsessionid=ac16012b30d575c39f423c634534b2b7bf674ef8fa08.e3iSbxaKaheRe34Sa3yKbhiTahb0n6jAmljGr5XDqQLvpAe HTTP/1.1" 200 288
190.27.74.31 - - [18/Nov/2014:08:02:51 -0500] "POST /forms/lservlet;jsessionid=ac16012b30d575c39f423c634534b2b7bf674ef8fa08.e3iSbxaKaheRe34Sa3yKbhiTahb0n6jAmljGr5XDqQLvpAe HTTP/1.1" 200 11
190.27.74.31 - - [18/Nov/2014:08:02:51 -0500] "POST /forms/lservlet;jsessionid=ac16012b30d575c39f423c634534b2b7bf674ef8fa08.e3iSbxaKaheRe34Sa3yKbhiTahb0n6jAmljGr5XDqQLvpAe HTTP/1.1" 200 288
190.27.74.31 - - [18/Nov/2014:08:02:51 -0500] "POST /forms/lservlet;jsessionid=ac16012b30d575c39f423c634534b2b7bf674ef8fa08.e3iSbxaKaheRe34Sa3yKbhiTahb0n6jAmljGr5XDqQLvpAe HTTP/1.1" 200 11
190.27.74.31 - - [18/Nov/2014:08:02:52 -0500] "POST /forms/lservlet;jsessionid=ac16012b30d575c39f423c634534b2b7bf674ef8fa08.e3iSbxaKaheRe34Sa3yKbhiTahb0n6jAmljGr5XDqQLvpAe HTTP/1.1" 200 331
190.27.74.31 - - [18/Nov/2014:08:02:52 -0500] "POST /forms/lservlet;jsessionid=ac16012b30d575c39f423c634534b2b7bf674ef8fa08.e3iSbxaKaheRe34Sa3yKbhiTahb0n6jAmljGr5XDqQLvpAe HTTP/1.1" 200 11
190.27.74.31 - - [18/Nov/2014:08:02:52 -0500] "POST /forms/lservlet;jsessionid=ac16012b30d575c39f423c634534b2b7bf674ef8fa08.e3iSbxaKaheRe34Sa3yKbhiTahb0n6jAmljGr5XDqQLvpAe HTTP/1.1" 200 38057
190.27.74.31 - - [18/Nov/2014:08:02:53 -0500] "POST /forms/lservlet;jsessionid=ac16012b30d575c39f423c634534b2b7bf674ef8fa08.e3iSbxaKaheRe34Sa3yKbhiTahb0n6jAmljGr5XDqQLvpAe HTTP/1.1" 200 38004
190.27.74.31 - - [18/Nov/2014:08:02:55 -0500] "POST /forms/lservlet;jsessionid=ac16012b30d575c39f423c634534b2b7bf674ef8fa08.e3iSbxaKaheRe34Sa3yKbhiTahb0n6jAmljGr5XDqQLvpAe HTTP/1.1" 200 478
190.27.74.31 - - [18/Nov/2014:08:02:56 -0500] "POST /forms/lservlet;jsessionid=ac16012b30d575c39f423c634534b2b7bf674ef8fa08.e3iSbxaKaheRe34Sa3yKbhiTahb0n6jAmljGr5XDqQLvpAe HTTP/1.1" 200 42118
190.27.74.31 - - [18/Nov/2014:08:03:00 -0500] "POST /forms/lservlet;jsessionid=ac16012b30d575c39f423c634534b2b7bf674ef8fa08.e3iSbxaKaheRe34Sa3yKbhiTahb0n6jAmljGr5XDqQLvpAe HTTP/1.1" 200 180
190.27.74.31 - - [18/Nov/2014:08:03:03 -0500] "POST /forms/lservlet;jsessionid=ac16012b30d575c39f423c634534b2b7bf674ef8fa08.e3iSbxaKaheRe34Sa3yKbhiTahb0n6jAmljGr5XDqQLvpAe HTTP/1.1" 200 252
190.27.74.31 - - [18/Nov/2014:08:03:04 -0500] "POST /forms/lservlet;jsessionid=ac16012b30d575c39f423c634534b2b7bf674ef8fa08.e3iSbxaKaheRe34Sa3yKbhiTahb0n6jAmljGr5XDqQLvpAe HTTP/1.1" 200 91
190.27.74.31 - - [18/Nov/2014:08:03:04 -0500] "POST /forms/lservlet;jsessionid=ac16012b30d575c39f423c634534b2b7bf674ef8fa08.e3iSbxaKaheRe34Sa3yKbhiTahb0n6jAmljGr5XDqQLvpAe HTTP/1.1" 200 7
65.167.94.156 - - [18/Nov/2014:08:03:06 -0500] "GET /BLA/boletinlegal/js/jquery.js HTTP/1.1" 200 57254
65.167.94.156 - - [18/Nov/2014:08:03:06 -0500] "GET /BLA/boletinlegal/js/jquery.scrollTo-min.js HTTP/1.1" 200 1150
65.167.94.156 - - [18/Nov/2014:08:03:06 -0500] "GET /BLA/boletinlegal/js/jquery.scrollShow.js HTTP/1.1" 200 4586
200.31.67.254 - - [18/Nov/2014:08:03:07 -0500] "GET /galeria/nivo-slider/demo/demo.html HTTP/1.1" 304 -
200.31.67.254 - - [18/Nov/2014:08:03:10 -0500] "GET /galeria/nivo-slider/demo/images/ForoNacionalAmbiental.jpg HTTP/1.1" 304 -
200.31.67.254 - - [18/Nov/2014:08:03:10 -0500] "GET /galeria/nivo-slider/demo/images/Banner-comparendo.jpg HTTP/1.1" 304 -
200.31.67.254 - - [18/Nov/2014:08:03:10 -0500] "GET /galeria/nivo-slider/demo/images/Banner-Ecourbanismo.jpg HTTP/1.1" 304 -
200.31.67.254 - - [18/Nov/2014:08:03:10 -0500] "GET /galeria/nivo-slider/demo/images/porloshumedales.jpg HTTP/1.1" 304 -
200.31.67.254 - - [18/Nov/2014:08:03:10 -0500] "GET /galeria/nivo-slider/demo/images/Tingua-azul.jpg HTTP/1.1" 304 -
200.31.67.254 - - [18/Nov/2014:08:03:10 -0500] "GET /galeria/nivo-slider/demo/images/banner-aceite3.jpg HTTP/1.1" 304 -
200.31.67.254 - - [18/Nov/2014:08:03:10 -0500] "GET /galeria/nivo-slider/demo/images/banner-redes.jpg HTTP/1.1" 304 -
200.31.67.254 - - [18/Nov/2014:08:03:10 -0500] "GET /galeria/nivo-slider/demo/images/9Signos.jpg HTTP/1.1" 200 93040
200.31.67.254 - - [18/Nov/2014:08:03:10 -0500] "GET /galeria/nivo-slider/demo/images/banner-caballos.png HTTP/1.1" 200 389106
200.31.67.254 - - [18/Nov/2014:08:03:10 -0500] "GET /galeria/nivo-slider/demo/images/Hacienda_Molinos.jpg HTTP/1.1" 200 319171
200.31.67.254 - - [18/Nov/2014:08:03:10 -0500] "GET /galeria/nivo-slider/demo/images/Banner-Caracol-Africano.jpg HTTP/1.1" 304 -
200.31.67.254 - - [18/Nov/2014:08:03:10 -0500] "GET /galeria/nivo-slider/demo/images/bannerEcolecta3.jpg HTTP/1.1" 304 -
74.86.158.107 - - [18/Nov/2014:08:03:13 -0500] "HEAD / HTTP/1.1" 302 -
190.27.74.31 - - [18/Nov/2014:08:03:14 -0500] "POST /forms/lservlet;jsessionid=ac16012b30d575c39f423c634534b2b7bf674ef8fa08.e3iSbxaKaheRe34Sa3yKbhiTahb0n6jAmljGr5XDqQLvpAe HTTP/1.1" 200 12
66.249.64.171 - - [18/Nov/2014:08:03:15 -0500] "GET /phpold/AjaxPhpCode/Chapter03/ajax/foundations/ping/ HTTP/1.1" 404 1018
190.27.74.31 - - [18/Nov/2014:08:03:15 -0500] "POST /forms/lservlet;jsessionid=ac16012b30d575c39f423c634534b2b7bf674ef8fa08.e3iSbxaKaheRe34Sa3yKbhiTahb0n6jAmljGr5XDqQLvpAe HTTP/1.1" 200 21123
190.27.74.31 - - [18/Nov/2014:08:03:17 -0500] "POST /forms/lservlet;jsessionid=ac16012b30d575c39f423c634534b2b7bf674ef8fa08.e3iSbxaKaheRe34Sa3yKbhiTahb0n6jAmljGr5XDqQLvpAe HTTP/1.1" 200 182
181.48.199.182 - - [18/Nov/2014:08:03:17 -0500] "GET /BLA/boletinlegal/js/jquery.js HTTP/1.1" 200 57254
181.48.199.182 - - [18/Nov/2014:08:03:17 -0500] "GET /BLA/boletinlegal/js/jquery.scrollTo-min.js HTTP/1.1" 200 1150
181.48.199.182 - - [18/Nov/2014:08:03:17 -0500] "GET /BLA/boletinlegal/js/jquery.scrollShow.js HTTP/1.1" 200 4586
190.27.74.31 - - [18/Nov/2014:08:03:19 -0500] "POST /forms/lservlet;jsessionid=ac16012b30d575c39f423c634534b2b7bf674ef8fa08.e3iSbxaKaheRe34Sa3yKbhiTahb0n6jAmljGr5XDqQLvpAe HTTP/1.1" 200 12
190.27.74.31 - - [18/Nov/2014:08:03:19 -0500] "POST /forms/lservlet;jsessionid=ac16012b30d575c39f423c634534b2b7bf674ef8fa08.e3iSbxaKaheRe34Sa3yKbhiTahb0n6jAmljGr5XDqQLvpAe HTTP/1.1" 200 8
190.27.74.31 - - [18/Nov/2014:08:03:19 -0500] "POST /forms/lservlet;jsessionid=ac16012b30d575c39f423c634534b2b7bf674ef8fa08.e3iSbxaKaheRe34Sa3yKbhiTahb0n6jAmljGr5XDqQLvpAe HTTP/1.1" 200 2
200.31.67.254 - - [18/Nov/2014:08:03:19 -0500] "GET /videos/Spot_CambioClimatico.flv HTTP/1.1" 200 4371917
188.165.15.61 - - [18/Nov/2014:08:03:19 -0500] "GET /BLA/resoluciones/RESOLUCIONES%202006/RES%202006%20601-650/00000643.tif HTTP/1.1" 200 183964
200.31.67.254 - - [18/Nov/2014:08:03:19 -0500] "GET /videos/Spot_CambioClimatico.flv HTTP/1.1" 200 4371917
190.27.74.31 - - [18/Nov/2014:08:03:19 -0500] "POST /forms/lservlet;jsessionid=ac16012b30d575c39f423c634534b2b7bf674ef8fa08.e3iSbxaKaheRe34Sa3yKbhiTahb0n6jAmljGr5XDqQLvpAe HTTP/1.1" 200 47
190.27.74.31 - - [18/Nov/2014:08:03:20 -0500] "POST /forms/lservlet;jsessionid=ac16012b30d575c39f423c634534b2b7bf674ef8fa08.e3iSbxaKaheRe34Sa3yKbhiTahb0n6jAmljGr5XDqQLvpAe HTTP/1.1" 200 7
190.27.74.31 - - [18/Nov/2014:08:03:20 -0500] "POST /forms/lservlet;jsessionid=ac16012b30d575c39f423c634534b2b7bf674ef8fa08.e3iSbxaKaheRe34Sa3yKbhiTahb0n6jAmljGr5XDqQLvpAe HTTP/1.1" 200 15
190.27.74.31 - - [18/Nov/2014:08:03:21 -0500] "POST /forms/lservlet;jsessionid=ac16012b30d575c39f423c634534b2b7bf674ef8fa08.e3iSbxaKaheRe34Sa3yKbhiTahb0n6jAmljGr5XDqQLvpAe HTTP/1.1" 200 12
190.27.74.31 - - [18/Nov/2014:08:03:23 -0500] "POST /forms/lservlet;jsessionid=ac16012b30d575c39f423c634534b2b7bf674ef8fa08.e3iSbxaKaheRe34Sa3yKbhiTahb0n6jAmljGr5XDqQLvpAe HTTP/1.1" 200 2
190.27.74.31 - - [18/Nov/2014:08:03:23 -0500] "POST /forms/lservlet;jsessionid=ac16012b30d575c39f423c634534b2b7bf674ef8fa08.e3iSbxaKaheRe34Sa3yKbhiTahb0n6jAmljGr5XDqQLvpAe HTTP/1.1" 200 110
190.27.74.31 - - [18/Nov/2014:08:03:23 -0500] "POST /forms/lservlet;jsessionid=ac16012b30d575c39f423c634534b2b7bf674ef8fa08.e3iSbxaKaheRe34Sa3yKbhiTahb0n6jAmljGr5XDqQLvpAe HTTP/1.1" 200 2
190.27.74.31 - - [18/Nov/2014:08:03:24 -0500] "POST /forms/lservlet;jsessionid=ac16012b30d575c39f423c634534b2b7bf674ef8fa08.e3iSbxaKaheRe34Sa3yKbhiTahb0n6jAmljGr5XDqQLvpAe HTTP/1.1" 200 2
190.27.74.31 - - [18/Nov/2014:08:03:25 -0500] "POST /forms/lservlet;jsessionid=ac16012b30d575c39f423c634534b2b7bf674ef8fa08.e3iSbxaKaheRe34Sa3yKbhiTahb0n6jAmljGr5XDqQLvpAe HTTP/1.1" 200 167
190.27.74.31 - - [18/Nov/2014:08:03:27 -0500] "POST /forms/lservlet;jsessionid=ac16012b30d575c39f423c634534b2b7bf674ef8fa08.e3iSbxaKaheRe34Sa3yKbhiTahb0n6jAmljGr5XDqQLvpAe HTTP/1.1" 200 234
190.27.74.31 - - [18/Nov/2014:08:03:28 -0500] "POST /forms/lservlet;jsessionid=ac16012b30d575c39f423c634534b2b7bf674ef8fa08.e3iSbxaKaheRe34Sa3yKbhiTahb0n6jAmljGr5XDqQLvpAe HTTP/1.1" 200 75
190.27.74.31 - - [18/Nov/2014:08:03:39 -0500] "POST /forms/lservlet;jsessionid=ac16012b30d575c39f423c634534b2b7bf674ef8fa08.e3iSbxaKaheRe34Sa3yKbhiTahb0n6jAmljGr5XDqQLvpAe HTTP/1.1" 200 12
190.27.74.31 - - [18/Nov/2014:08:03:39 -0500] "POST /forms/lservlet;jsessionid=ac16012b30d575c39f423c634534b2b7bf674ef8fa08.e3iSbxaKaheRe34Sa3yKbhiTahb0n6jAmljGr5XDqQLvpAe HTTP/1.1" 200 21123
190.27.74.31 - - [18/Nov/2014:08:03:41 -0500] "POST /forms/lservlet;jsessionid=ac16012b30d575c39f423c634534b2b7bf674ef8fa08.e3iSbxaKaheRe34Sa3yKbhiTahb0n6jAmljGr5XDqQLvpAe HTTP/1.1" 200 182
190.27.74.31 - - [18/Nov/2014:08:03:43 -0500] "POST /forms/lservlet;jsessionid=ac16012b30d575c39f423c634534b2b7bf674ef8fa08.e3iSbxaKaheRe34Sa3yKbhiTahb0n6jAmljGr5XDqQLvpAe HTTP/1.1" 200 12
190.27.74.31 - - [18/Nov/2014:08:03:43 -0500] "POST /forms/lservlet;jsessionid=ac16012b30d575c39f423c634534b2b7bf674ef8fa08.e3iSbxaKaheRe34Sa3yKbhiTahb0n6jAmljGr5XDqQLvpAe HTTP/1.1" 200 8
190.27.74.31 - - [18/Nov/2014:08:03:44 -0500] "POST /forms/lservlet;jsessionid=ac16012b30d575c39f423c634534b2b7bf674ef8fa08.e3iSbxaKaheRe34Sa3yKbhiTahb0n6jAmljGr5XDqQLvpAe HTTP/1.1" 200 2
190.27.74.31 - - [18/Nov/2014:08:03:44 -0500] "POST /forms/lservlet;jsessionid=ac16012b30d575c39f423c634534b2b7bf674ef8fa08.e3iSbxaKaheRe34Sa3yKbhiTahb0n6jAmljGr5XDqQLvpAe HTTP/1.1" 200 47
190.27.74.31 - - [18/Nov/2014:08:03:47 -0500] "POST /forms/lservlet;jsessionid=ac16012b30d575c39f423c634534b2b7bf674ef8fa08.e3iSbxaKaheRe34Sa3yKbhiTahb0n6jAmljGr5XDqQLvpAe HTTP/1.1" 200 7
190.27.74.31 - - [18/Nov/2014:08:03:47 -0500] "POST /forms/lservlet;jsessionid=ac16012b30d575c39f423c634534b2b7bf674ef8fa08.e3iSbxaKaheRe34Sa3yKbhiTahb0n6jAmljGr5XDqQLvpAe HTTP/1.1" 200 15
190.27.74.31 - - [18/Nov/2014:08:03:48 -0500] "POST /forms/lservlet;jsessionid=ac16012b30d575c39f423c634534b2b7bf674ef8fa08.e3iSbxaKaheRe34Sa3yKbhiTahb0n6jAmljGr5XDqQLvpAe HTTP/1.1" 200 2
190.27.74.31 - - [18/Nov/2014:08:03:49 -0500] "POST /forms/lservlet;jsessionid=ac16012b30d575c39f423c634534b2b7bf674ef8fa08.e3iSbxaKaheRe34Sa3yKbhiTahb0n6jAmljGr5XDqQLvpAe HTTP/1.1" 200 110
190.27.74.31 - - [18/Nov/2014:08:03:49 -0500] "POST /forms/lservlet;jsessionid=ac16012b30d575c39f423c634534b2b7bf674ef8fa08.e3iSbxaKaheRe34Sa3yKbhiTahb0n6jAmljGr5XDqQLvpAe HTTP/1.1" 200 2
190.27.74.31 - - [18/Nov/2014:08:03:50 -0500] "POST /forms/lservlet;jsessionid=ac16012b30d575c39f423c634534b2b7bf674ef8fa08.e3iSbxaKaheRe34Sa3yKbhiTahb0n6jAmljGr5XDqQLvpAe HTTP/1.1" 200 2
190.27.74.31 - - [18/Nov/2014:08:03:50 -0500] "POST /forms/lservlet;jsessionid=ac16012b30d575c39f423c634534b2b7bf674ef8fa08.e3iSbxaKaheRe34Sa3yKbhiTahb0n6jAmljGr5XDqQLvpAe HTTP/1.1" 200 167
201.245.192.253 - - [18/Nov/2014:08:03:52 -0500] "GET /galeria/nivo-slider/demo/images/banner-aceite3.jpg HTTP/1.1" 304 -
66.249.64.171 - - [18/Nov/2014:08:03:58 -0500] "GET /phpold/AjaxPhpCode/Chapter03/ajax/foundations/proxyping/proxyping.html HTTP/1.1" 404 1018
190.27.74.31 - - [18/Nov/2014:08:04:01 -0500] "POST /forms/lservlet;jsessionid=ac16012b30d575c39f423c634534b2b7bf674ef8fa08.e3iSbxaKaheRe34Sa3yKbhiTahb0n6jAmljGr5XDqQLvpAe HTTP/1.1" 200 2
190.27.74.31 - - [18/Nov/2014:08:04:01 -0500] "POST /forms/lservlet;jsessionid=ac16012b30d575c39f423c634534b2b7bf674ef8fa08.e3iSbxaKaheRe34Sa3yKbhiTahb0n6jAmljGr5XDqQLvpAe HTTP/1.1" 200 104
190.27.74.31 - - [18/Nov/2014:08:04:02 -0500] "POST /forms/lservlet;jsessionid=ac16012b30d575c39f423c634534b2b7bf674ef8fa08.e3iSbxaKaheRe34Sa3yKbhiTahb0n6jAmljGr5XDqQLvpAe HTTP/1.1" 200 2
190.27.74.31 - - [18/Nov/2014:08:04:02 -0500] "POST /forms/lservlet;jsessionid=ac16012b30d575c39f423c634534b2b7bf674ef8fa08.e3iSbxaKaheRe34Sa3yKbhiTahb0n6jAmljGr5XDqQLvpAe HTTP/1.1" 200 2
190.27.74.31 - - [18/Nov/2014:08:04:03 -0500] "POST /forms/lservlet;jsessionid=ac16012b30d575c39f423c634534b2b7bf674ef8fa08.e3iSbxaKaheRe34Sa3yKbhiTahb0n6jAmljGr5XDqQLvpAe HTTP/1.1" 200 148
190.27.74.31 - - [18/Nov/2014:08:04:05 -0500] "POST /forms/lservlet;jsessionid=ac16012b30d575c39f423c634534b2b7bf674ef8fa08.e3iSbxaKaheRe34Sa3yKbhiTahb0n6jAmljGr5XDqQLvpAe HTTP/1.1" 200 40409
190.27.74.31 - - [18/Nov/2014:08:04:08 -0500] "POST /forms/lservlet;jsessionid=ac16012b30d575c39f423c634534b2b7bf674ef8fa08.e3iSbxaKaheRe34Sa3yKbhiTahb0n6jAmljGr5XDqQLvpAe HTTP/1.1" 200 87
190.27.74.31 - - [18/Nov/2014:08:04:14 -0500] "POST /forms/lservlet;jsessionid=ac16012b30d575c39f423c634534b2b7bf674ef8fa08.e3iSbxaKaheRe34Sa3yKbhiTahb0n6jAmljGr5XDqQLvpAe HTTP/1.1" 200 41999
190.27.74.31 - - [18/Nov/2014:08:04:16 -0500] "POST /forms/lservlet;jsessionid=ac16012b30d575c39f423c634534b2b7bf674ef8fa08.e3iSbxaKaheRe34Sa3yKbhiTahb0n6jAmljGr5XDqQLvpAe HTTP/1.1" 200 185
190.27.74.31 - - [18/Nov/2014:08:04:18 -0500] "POST /forms/lservlet;jsessionid=ac16012b30d575c39f423c634534b2b7bf674ef8fa08.e3iSbxaKaheRe34Sa3yKbhiTahb0n6jAmljGr5XDqQLvpAe HTTP/1.1" 200 75
190.27.74.31 - - [18/Nov/2014:08:04:21 -0500] "POST /forms/lservlet;jsessionid=ac16012b30d575c39f423c634534b2b7bf674ef8fa08.e3iSbxaKaheRe34Sa3yKbhiTahb0n6jAmljGr5XDqQLvpAe HTTP/1.1" 200 12
190.27.74.31 - - [18/Nov/2014:08:04:21 -0500] "POST /forms/lservlet;jsessionid=ac16012b30d575c39f423c634534b2b7bf674ef8fa08.e3iSbxaKaheRe34Sa3yKbhiTahb0n6jAmljGr5XDqQLvpAe HTTP/1.1" 200 21506
190.27.74.31 - - [18/Nov/2014:08:04:23 -0500] "POST /forms/lservlet;jsessionid=ac16012b30d575c39f423c634534b2b7bf674ef8fa08.e3iSbxaKaheRe34Sa3yKbhiTahb0n6jAmljGr5XDqQLvpAe HTTP/1.1" 200 182
200.118.16.84 - - [18/Nov/2014:08:04:24 -0500] "POST /forms/lservlet;jsessionid=ac16012b30d512623ce5a05241f68ba1b47211104a51.e3iSbxaKaheRe34Sa3yKbhiTahb0n6jAmljGr5XDqQLvpAe HTTP/1.1" 200 2
66.249.83.179 - - [18/Nov/2014:08:04:29 -0500] "GET /BLA/boletinlegal/js/jquery.scrollTo-min.js HTTP/1.1" 200 1150
66.249.83.179 - - [18/Nov/2014:08:04:29 -0500] "GET /BLA/boletinlegal/js/jquery.js HTTP/1.1" 200 57254
66.249.83.179 - - [18/Nov/2014:08:04:29 -0500] "GET /BLA/boletinlegal/js/jquery.scrollShow.js HTTP/1.1" 200 4586
190.27.74.31 - - [18/Nov/2014:08:04:29 -0500] "POST /forms/lservlet;jsessionid=ac16012b30d575c39f423c634534b2b7bf674ef8fa08.e3iSbxaKaheRe34Sa3yKbhiTahb0n6jAmljGr5XDqQLvpAe HTTP/1.1" 200 7
190.27.74.31 - - [18/Nov/2014:08:04:30 -0500] "POST /forms/lservlet;jsessionid=ac16012b30d575c39f423c634534b2b7bf674ef8fa08.e3iSbxaKaheRe34Sa3yKbhiTahb0n6jAmljGr5XDqQLvpAe HTTP/1.1" 200 7
190.27.74.31 - - [18/Nov/2014:08:04:30 -0500] "POST /forms/lservlet;jsessionid=ac16012b30d575c39f423c634534b2b7bf674ef8fa08.e3iSbxaKaheRe34Sa3yKbhiTahb0n6jAmljGr5XDqQLvpAe HTTP/1.1" 200 8
190.27.74.31 - - [18/Nov/2014:08:04:30 -0500] "POST /forms/lservlet;jsessionid=ac16012b30d575c39f423c634534b2b7bf674ef8fa08.e3iSbxaKaheRe34Sa3yKbhiTahb0n6jAmljGr5XDqQLvpAe HTTP/1.1" 200 2
190.27.74.31 - - [18/Nov/2014:08:04:31 -0500] "POST /forms/lservlet;jsessionid=ac16012b30d575c39f423c634534b2b7bf674ef8fa08.e3iSbxaKaheRe34Sa3yKbhiTahb0n6jAmljGr5XDqQLvpAe HTTP/1.1" 200 47
66.249.83.179 - - [18/Nov/2014:08:04:31 -0500] "GET /galeria/carrusel/Carrusel/jquery.thumbnailScroller.css HTTP/1.1" 200 2066
66.249.83.179 - - [18/Nov/2014:08:04:31 -0500] "GET /galeria/carrusel/Carrusel/jquery.thumbnailScroller.js HTTP/1.1" 200 8157
66.249.83.185 - - [18/Nov/2014:08:04:31 -0500] "GET /galeria/carrusel/Carrusel/jquery-ui-1.8.13.custom.min.js HTTP/1.1" 200 10800
190.27.74.31 - - [18/Nov/2014:08:04:32 -0500] "POST /forms/lservlet;jsessionid=ac16012b30d575c39f423c634534b2b7bf674ef8fa08.e3iSbxaKaheRe34Sa3yKbhiTahb0n6jAmljGr5XDqQLvpAe HTTP/1.1" 200 7
190.27.74.31 - - [18/Nov/2014:08:04:32 -0500] "POST /forms/lservlet;jsessionid=ac16012b30d575c39f423c634534b2b7bf674ef8fa08.e3iSbxaKaheRe34Sa3yKbhiTahb0n6jAmljGr5XDqQLvpAe HTTP/1.1" 200 15
190.27.74.31 - - [18/Nov/2014:08:04:33 -0500] "POST /forms/lservlet;jsessionid=ac16012b30d575c39f423c634534b2b7bf674ef8fa08.e3iSbxaKaheRe34Sa3yKbhiTahb0n6jAmljGr5XDqQLvpAe HTTP/1.1" 200 2
190.27.74.31 - - [18/Nov/2014:08:04:33 -0500] "POST /forms/lservlet;jsessionid=ac16012b30d575c39f423c634534b2b7bf674ef8fa08.e3iSbxaKaheRe34Sa3yKbhiTahb0n6jAmljGr5XDqQLvpAe HTTP/1.1" 200 21603
66.249.83.179 - - [18/Nov/2014:08:04:33 -0500] "GET /galeria/nivo-slider/demo/demo.html HTTP/1.1" 200 3537
66.249.83.185 - - [18/Nov/2014:08:04:34 -0500] "GET /galeria/nivo-slider/themes/default/default.css HTTP/1.1" 200 1569
66.249.83.179 - - [18/Nov/2014:08:04:34 -0500] "GET /galeria/nivo-slider/demo/style.css HTTP/1.1" 200 2222
66.249.83.179 - - [18/Nov/2014:08:04:34 -0500] "GET /galeria/nivo-slider/jquery.nivo.slider.pack.js HTTP/1.1" 200 11561
66.249.83.191 - - [18/Nov/2014:08:04:34 -0500] "GET /galeria/nivo-slider/themes/orman/orman.css HTTP/1.1" 200 2152
66.249.83.185 - - [18/Nov/2014:08:04:34 -0500] "GET /galeria/nivo-slider/nivo-slider.css HTTP/1.1" 200 1507
66.249.83.191 - - [18/Nov/2014:08:04:34 -0500] "GET /galeria/nivo-slider/themes/pascal/pascal.css HTTP/1.1" 200 2258
66.249.83.191 - - [18/Nov/2014:08:04:34 -0500] "GET /galeria/nivo-slider/demo/scripts/jquery-1.7.1.min.js HTTP/1.1" 200 93868
66.249.83.185 - - [18/Nov/2014:08:04:34 -0500] "GET /galeria/nivo-slider/demo/images/ForoNacionalAmbiental.jpg HTTP/1.1" 200 202541
66.249.83.179 - - [18/Nov/2014:08:04:34 -0500] "GET /galeria/nivo-slider/demo/images/Banner-comparendo.jpg HTTP/1.1" 200 388762
66.249.83.179 - - [18/Nov/2014:08:04:34 -0500] "GET /galeria/nivo-slider/demo/images/banner-redes.jpg HTTP/1.1" 200 62209
66.249.83.179 - - [18/Nov/2014:08:04:34 -0500] "GET /galeria/nivo-slider/demo/images/banner-aceite3.jpg HTTP/1.1" 200 88347
66.249.83.191 - - [18/Nov/2014:08:04:34 -0500] "GET /galeria/nivo-slider/demo/images/Banner-Caracol-Africano.jpg HTTP/1.1" 200 331986
66.249.83.185 - - [18/Nov/2014:08:04:34 -0500] "GET /galeria/nivo-slider/demo/images/porloshumedales.jpg HTTP/1.1" 200 351238
66.249.83.179 - - [18/Nov/2014:08:04:34 -0500] "GET /galeria/nivo-slider/demo/images/Banner-Ecourbanismo.jpg HTTP/1.1" 200 189838
66.249.83.191 - - [18/Nov/2014:08:04:34 -0500] "GET /galeria/nivo-slider/demo/images/banner-caballos.png HTTP/1.1" 200 389106
66.249.83.191 - - [18/Nov/2014:08:04:34 -0500] "GET /galeria/nivo-slider/demo/images/bannerEcolecta3.jpg HTTP/1.1" 200 280034
66.249.83.191 - - [18/Nov/2014:08:04:34 -0500] "GET /galeria/nivo-slider/demo/images/Hacienda_Molinos.jpg HTTP/1.1" 200 319171
66.249.83.179 - - [18/Nov/2014:08:04:34 -0500] "GET /galeria/nivo-slider/demo/images/9Signos.jpg HTTP/1.1" 200 93040
66.249.83.179 - - [18/Nov/2014:08:04:34 -0500] "GET /galeria/nivo-slider/themes/default/loading.gif HTTP/1.1" 200 1737
66.249.83.185 - - [18/Nov/2014:08:04:34 -0500] "GET /galeria/nivo-slider/demo/images/4Simple_Slider.png HTTP/1.1" 200 11722
190.27.74.31 - - [18/Nov/2014:08:04:35 -0500] "POST /forms/lservlet;jsessionid=ac16012b30d575c39f423c634534b2b7bf674ef8fa08.e3iSbxaKaheRe34Sa3yKbhiTahb0n6jAmljGr5XDqQLvpAe HTTP/1.1" 200 2
190.27.74.31 - - [18/Nov/2014:08:04:35 -0500] "POST /forms/lservlet;jsessionid=ac16012b30d575c39f423c634534b2b7bf674ef8fa08.e3iSbxaKaheRe34Sa3yKbhiTahb0n6jAmljGr5XDqQLvpAe HTTP/1.1" 200 104
190.27.74.31 - - [18/Nov/2014:08:04:36 -0500] "POST /forms/lservlet;jsessionid=ac16012b30d575c39f423c634534b2b7bf674ef8fa08.e3iSbxaKaheRe34Sa3yKbhiTahb0n6jAmljGr5XDqQLvpAe HTTP/1.1" 200 2
66.249.83.191 - - [18/Nov/2014:08:04:36 -0500] "GET /galeria/nivo-slider/demo/images/Tingua-azul.jpg HTTP/1.1" 200 307638
190.27.74.31 - - [18/Nov/2014:08:04:36 -0500] "POST /forms/lservlet;jsessionid=ac16012b30d575c39f423c634534b2b7bf674ef8fa08.e3iSbxaKaheRe34Sa3yKbhiTahb0n6jAmljGr5XDqQLvpAe HTTP/1.1" 200 2
66.249.83.191 - - [18/Nov/2014:08:04:38 -0500] "GET /galeria/nivo-slider/themes/default/arrows.png HTTP/1.1" 200 824
66.249.83.185 - - [18/Nov/2014:08:04:38 -0500] "GET /galeria/nivo-slider/themes/default/bullets.png HTTP/1.1" 200 1281
190.27.74.31 - - [18/Nov/2014:08:04:41 -0500] "POST /forms/lservlet;jsessionid=ac16012b30d575c39f423c634534b2b7bf674ef8fa08.e3iSbxaKaheRe34Sa3yKbhiTahb0n6jAmljGr5XDqQLvpAe HTTP/1.1" 200 167
66.249.64.171 - - [18/Nov/2014:08:04:42 -0500] "GET /Residuos/maderas/ HTTP/1.1" 404 1018
201.245.192.253 - - [18/Nov/2014:08:04:42 -0500] "GET /embed/MbV7WuNWHe4 HTTP/1.1" 404 1411
190.27.74.31 - - [18/Nov/2014:08:04:44 -0500] "POST /forms/lservlet;jsessionid=ac16012b30d575c39f423c634534b2b7bf674ef8fa08.e3iSbxaKaheRe34Sa3yKbhiTahb0n6jAmljGr5XDqQLvpAe HTTP/1.1" 200 195
190.27.74.31 - - [18/Nov/2014:08:04:45 -0500] "POST /forms/lservlet;jsessionid=ac16012b30d575c39f423c634534b2b7bf674ef8fa08.e3iSbxaKaheRe34Sa3yKbhiTahb0n6jAmljGr5XDqQLvpAe HTTP/1.1" 200 75
190.27.74.31 - - [18/Nov/2014:08:04:47 -0500] "POST /forms/lservlet;jsessionid=ac16012b30d575c39f423c634534b2b7bf674ef8fa08.e3iSbxaKaheRe34Sa3yKbhiTahb0n6jAmljGr5XDqQLvpAe HTTP/1.1" 200 187
190.27.74.31 - - [18/Nov/2014:08:04:48 -0500] "POST /forms/lservlet;jsessionid=ac16012b30d575c39f423c634534b2b7bf674ef8fa08.e3iSbxaKaheRe34Sa3yKbhiTahb0n6jAmljGr5XDqQLvpAe HTTP/1.1" 200 175
190.27.74.31 - - [18/Nov/2014:08:04:49 -0500] "POST /forms/lservlet;jsessionid=ac16012b30d575c39f423c634534b2b7bf674ef8fa08.e3iSbxaKaheRe34Sa3yKbhiTahb0n6jAmljGr5XDqQLvpAe HTTP/1.1" 200 176
190.27.74.31 - - [18/Nov/2014:08:04:50 -0500] "POST /forms/lservlet;jsessionid=ac16012b30d575c39f423c634534b2b7bf674ef8fa08.e3iSbxaKaheRe34Sa3yKbhiTahb0n6jAmljGr5XDqQLvpAe HTTP/1.1" 200 7
190.27.74.31 - - [18/Nov/2014:08:04:50 -0500] "POST /forms/lservlet;jsessionid=ac16012b30d575c39f423c634534b2b7bf674ef8fa08.e3iSbxaKaheRe34Sa3yKbhiTahb0n6jAmljGr5XDqQLvpAe HTTP/1.1" 200 21617
190.27.74.31 - - [18/Nov/2014:08:04:52 -0500] "POST /forms/lservlet;jsessionid=ac16012b30d575c39f423c634534b2b7bf674ef8fa08.e3iSbxaKaheRe34Sa3yKbhiTahb0n6jAmljGr5XDqQLvpAe HTTP/1.1" 200 179
