190.27.74.31 - - [18/Nov/2014:08:21:29 -0500] "POST /forms/lservlet;jsessionid=ac16012b30d575c39f423c634534b2b7bf674ef8fa08.e3iSbxaKaheRe34Sa3yKbhiTahb0n6jAmljGr5XDqQLvpAe HTTP/1.1" 200 50104
190.27.74.31 - - [18/Nov/2014:08:21:31 -0500] "POST /forms/lservlet;jsessionid=ac16012b30d575c39f423c634534b2b7bf674ef8fa08.e3iSbxaKaheRe34Sa3yKbhiTahb0n6jAmljGr5XDqQLvpAe HTTP/1.1" 200 180
201.245.192.253 - - [18/Nov/2014:08:21:32 -0500] "GET /forest/css/escritorio.css?version=1411.041919 HTTP/1.1" 304 -
201.245.192.253 - - [18/Nov/2014:08:21:33 -0500] "GET /forest/img/panel/popAnimated.gif HTTP/1.1" 304 -
190.27.74.31 - - [18/Nov/2014:08:21:34 -0500] "POST /forms/lservlet;jsessionid=ac16012b30d575c39f423c634534b2b7bf674ef8fa08.e3iSbxaKaheRe34Sa3yKbhiTahb0n6jAmljGr5XDqQLvpAe HTTP/1.1" 200 252
201.245.192.253 - - [18/Nov/2014:08:21:34 -0500] "GET /forest/session.jsp?a=0.9131394704144493 HTTP/1.1" 200 5
201.245.192.253 - - [18/Nov/2014:08:21:35 -0500] "GET /forest/1ibre/1ibre.css HTTP/1.1" 304 -
201.245.192.253 - - [18/Nov/2014:08:21:35 -0500] "GET /forest/login.jsp?a=0.6627222406667987 HTTP/1.1" 200 2996
190.27.74.31 - - [18/Nov/2014:08:21:35 -0500] "POST /forms/lservlet;jsessionid=ac16012b30d575c39f423c634534b2b7bf674ef8fa08.e3iSbxaKaheRe34Sa3yKbhiTahb0n6jAmljGr5XDqQLvpAe HTTP/1.1" 200 91
190.27.74.31 - - [18/Nov/2014:08:21:35 -0500] "POST /forms/lservlet;jsessionid=ac16012b30d575c39f423c634534b2b7bf674ef8fa08.e3iSbxaKaheRe34Sa3yKbhiTahb0n6jAmljGr5XDqQLvpAe HTTP/1.1" 200 7
201.245.192.253 - - [18/Nov/2014:08:21:39 -0500] "GET /plugins/like.php?locale=es_ES&href=https%3A%2F%2Fwww.facebook.com%2FMSNColombia&send=false&layout=button_count&width=450&show_faces=false&font&colorscheme=light&action=like&height=21 HTTP/1.1" 404 1362
201.245.192.253 - - [18/Nov/2014:08:21:40 -0500] "GET /plugins/like.php?app_id=587961294590496&channel=http%3A%2F%2Fstatic.ak.facebook.com%2Fconnect%2Fxd_arbiter%2FQjK2hWv6uak.js%3Fversion%3D41%23cb%3Df1b3c83f350d9d%26domain%3Dwww.easy.cl%26origin%3Dhttp%253A%252F%252Fwww.easy.cl%252Ff317c98136b0df8%26relation%3Dparent.parent&href=http%3A%2F%2Fwww.easy.cl%2Feasy%2FProductDisplay%3Fmundo%3D1%26id_prod%3D162700%26id_cat%3D0%26tpCa%3D4%26caN0%3D84%26caN1%3D94%26caN2%3D4582%26caN3%3D497&layout=button_count&locale=es_ES&sdk=joey&send=false&show_faces=true&width=115 HTTP/1.1" 404 1432
190.27.74.31 - - [18/Nov/2014:08:21:42 -0500] "POST /forms/lservlet;jsessionid=ac16012b30d575c39f423c634534b2b7bf674ef8fa08.e3iSbxaKaheRe34Sa3yKbhiTahb0n6jAmljGr5XDqQLvpAe HTTP/1.1" 200 12
190.27.74.31 - - [18/Nov/2014:08:21:43 -0500] "POST /forms/lservlet;jsessionid=ac16012b30d575c39f423c634534b2b7bf674ef8fa08.e3iSbxaKaheRe34Sa3yKbhiTahb0n6jAmljGr5XDqQLvpAe HTTP/1.1" 200 21828
190.27.74.31 - - [18/Nov/2014:08:21:44 -0500] "POST /forms/lservlet;jsessionid=ac16012b30d575c39f423c634534b2b7bf674ef8fa08.e3iSbxaKaheRe34Sa3yKbhiTahb0n6jAmljGr5XDqQLvpAe HTTP/1.1" 200 182
190.27.74.31 - - [18/Nov/2014:08:21:46 -0500] "POST /forms/lservlet;jsessionid=ac16012b30d575c39f423c634534b2b7bf674ef8fa08.e3iSbxaKaheRe34Sa3yKbhiTahb0n6jAmljGr5XDqQLvpAe HTTP/1.1" 200 12
190.27.74.31 - - [18/Nov/2014:08:21:46 -0500] "POST /forms/lservlet;jsessionid=ac16012b30d575c39f423c634534b2b7bf674ef8fa08.e3iSbxaKaheRe34Sa3yKbhiTahb0n6jAmljGr5XDqQLvpAe HTTP/1.1" 200 8
190.27.74.31 - - [18/Nov/2014:08:21:46 -0500] "POST /forms/lservlet;jsessionid=ac16012b30d575c39f423c634534b2b7bf674ef8fa08.e3iSbxaKaheRe34Sa3yKbhiTahb0n6jAmljGr5XDqQLvpAe HTTP/1.1" 200 2
190.27.74.31 - - [18/Nov/2014:08:21:47 -0500] "POST /forms/lservlet;jsessionid=ac16012b30d575c39f423c634534b2b7bf674ef8fa08.e3iSbxaKaheRe34Sa3yKbhiTahb0n6jAmljGr5XDqQLvpAe HTTP/1.1" 200 47
190.27.74.31 - - [18/Nov/2014:08:21:47 -0500] "POST /forms/lservlet;jsessionid=ac16012b30d575c39f423c634534b2b7bf674ef8fa08.e3iSbxaKaheRe34Sa3yKbhiTahb0n6jAmljGr5XDqQLvpAe HTTP/1.1" 200 7
190.27.74.31 - - [18/Nov/2014:08:21:48 -0500] "POST /forms/lservlet;jsessionid=ac16012b30d575c39f423c634534b2b7bf674ef8fa08.e3iSbxaKaheRe34Sa3yKbhiTahb0n6jAmljGr5XDqQLvpAe HTTP/1.1" 200 15
190.27.74.31 - - [18/Nov/2014:08:21:48 -0500] "POST /forms/lservlet;jsessionid=ac16012b30d575c39f423c634534b2b7bf674ef8fa08.e3iSbxaKaheRe34Sa3yKbhiTahb0n6jAmljGr5XDqQLvpAe HTTP/1.1" 200 12
190.27.74.31 - - [18/Nov/2014:08:21:49 -0500] "POST /forms/lservlet;jsessionid=ac16012b30d575c39f423c634534b2b7bf674ef8fa08.e3iSbxaKaheRe34Sa3yKbhiTahb0n6jAmljGr5XDqQLvpAe HTTP/1.1" 200 2
190.27.74.31 - - [18/Nov/2014:08:21:50 -0500] "POST /forms/lservlet;jsessionid=ac16012b30d575c39f423c634534b2b7bf674ef8fa08.e3iSbxaKaheRe34Sa3yKbhiTahb0n6jAmljGr5XDqQLvpAe HTTP/1.1" 200 110
190.27.74.31 - - [18/Nov/2014:08:21:50 -0500] "POST /forms/lservlet;jsessionid=ac16012b30d575c39f423c634534b2b7bf674ef8fa08.e3iSbxaKaheRe34Sa3yKbhiTahb0n6jAmljGr5XDqQLvpAe HTTP/1.1" 200 2
190.27.74.31 - - [18/Nov/2014:08:21:51 -0500] "POST /forms/lservlet;jsessionid=ac16012b30d575c39f423c634534b2b7bf674ef8fa08.e3iSbxaKaheRe34Sa3yKbhiTahb0n6jAmljGr5XDqQLvpAe HTTP/1.1" 200 2
190.27.74.31 - - [18/Nov/2014:08:21:51 -0500] "POST /forms/lservlet;jsessionid=ac16012b30d575c39f423c634534b2b7bf674ef8fa08.e3iSbxaKaheRe34Sa3yKbhiTahb0n6jAmljGr5XDqQLvpAe HTTP/1.1" 200 167
201.245.192.253 - - [18/Nov/2014:08:21:52 -0500] "GET /plugins/likebox.php?href=https%3A%2F%2Fwww.facebook.com%2Fcolconectada&width=300&colorscheme=light&border_color=%23ffffff&show_faces=true&stream=false&show_border=false&header=false&height=260 HTTP/1.1" 404 1290
66.249.64.167 - - [18/Nov/2014:08:21:53 -0500] "GET /BLA/resoluciones/RESOLUCIONES%202006/RES%202006%201801-1850/00001849.tif HTTP/1.1" 200 46484
180.76.5.166 - - [18/Nov/2014:08:21:53 -0500] "GET /Autoliquidacion/index.php?dir=TR%C1MITES%20AGUAS%20SUBTERR%C1NEAS/126PM04-PR92-%20PERMISO%20EXPLORACI%D3N%20AGUAS%20SUBTERRANEAS/&sort=size&order=asc HTTP/1.1" 200 2974
201.245.192.253 - - [18/Nov/2014:08:21:55 -0500] "GET /v/IYDr3FWSMG0?adformat=2_9&version=3&showinfo=0&rel=0&controls=1&iv_load_policy=1 HTTP/1.1" 404 2891
201.245.192.253 - - [18/Nov/2014:08:21:57 -0500] "GET /plugins/like.php?action=like&app_id=193915430685856&channel=http%3A%2F%2Fstatic.ak.facebook.com%2Fconnect%2Fxd_arbiter%2FQjK2hWv6uak.js%3Fversion%3D41%23cb%3Dffe196724%26domain%3Dwww.colconectada.com%26origin%3Dhttp%253A%252F%252Fwww.colconectada.com%252Ff20336c0c%26relation%3Dparent.parent&href=http%3A%2F%2Fwww.colconectada.com%2Fnormas-icontec%2F&layout=box_count&locale=es_LA&sdk=joey&share=true&show_faces=false&width=35 HTTP/1.1" 404 1290
186.84.50.43 - - [18/Nov/2014:08:22:06 -0500] "POST /forms/lservlet;jsessionid=ac16012b30d577a600019c464d7ba88daf3defde757e.e3iSbxaKaheRe34Sa3yKbhiTahb0n6jAmljGr5XDqQLvpAe HTTP/1.1" 200 2
201.245.192.253 - - [18/Nov/2014:08:22:07 -0500] "GET /v/1hOLxmsS1Sc?adformat=2_9&version=3&showinfo=0&rel=0&controls=1&iv_load_policy=1 HTTP/1.1" 404 2897
201.245.192.253 - - [18/Nov/2014:08:22:22 -0500] "GET /plugins/like.php?locale=es_ES&href=https%3A%2F%2Fwww.facebook.com%2FMSNColombia&send=false&layout=button_count&width=450&show_faces=false&font&colorscheme=light&action=like&height=21 HTTP/1.1" 404 1362
201.245.192.253 - - [18/Nov/2014:08:22:24 -0500] "GET /fr/u.php?p=474445595912814&m=7ea4538b-4f85-4e02-811f-78438293340e&t=2592000 HTTP/1.1" 404 1122
200.118.16.84 - - [18/Nov/2014:08:22:25 -0500] "POST /forms/lservlet;jsessionid=ac16012b30d512623ce5a05241f68ba1b47211104a51.e3iSbxaKaheRe34Sa3yKbhiTahb0n6jAmljGr5XDqQLvpAe HTTP/1.1" 200 2
181.48.43.178 - - [18/Nov/2014:08:22:26 -0500] "GET /galeria/carrusel/Carrusel/jquery.thumbnailScroller.css HTTP/1.1" 200 2066
181.48.43.178 - - [18/Nov/2014:08:22:26 -0500] "GET /galeria/carrusel/Carrusel/jquery-ui-1.8.13.custom.min.js HTTP/1.1" 200 10800
181.48.43.178 - - [18/Nov/2014:08:22:26 -0500] "GET /galeria/carrusel/Carrusel/jquery.thumbnailScroller.js HTTP/1.1" 200 8157
181.48.43.178 - - [18/Nov/2014:08:22:27 -0500] "GET /galeria/nivo-slider/demo/demo.html HTTP/1.1" 200 3537
181.48.43.178 - - [18/Nov/2014:08:22:27 -0500] "GET /galeria/nivo-slider/themes/default/default.css HTTP/1.1" 200 1569
181.48.43.178 - - [18/Nov/2014:08:22:27 -0500] "GET /galeria/nivo-slider/themes/pascal/pascal.css HTTP/1.1" 200 2258
181.48.43.178 - - [18/Nov/2014:08:22:27 -0500] "GET /galeria/nivo-slider/demo/style.css HTTP/1.1" 200 2222
181.48.43.178 - - [18/Nov/2014:08:22:27 -0500] "GET /galeria/nivo-slider/themes/orman/orman.css HTTP/1.1" 200 2152
181.48.43.178 - - [18/Nov/2014:08:22:27 -0500] "GET /galeria/nivo-slider/nivo-slider.css HTTP/1.1" 200 1507
181.48.43.178 - - [18/Nov/2014:08:22:27 -0500] "GET /galeria/nivo-slider/demo/scripts/jquery-1.7.1.min.js HTTP/1.1" 200 93868
181.48.43.178 - - [18/Nov/2014:08:22:27 -0500] "GET /galeria/nivo-slider/jquery.nivo.slider.pack.js HTTP/1.1" 200 11561
181.48.43.178 - - [18/Nov/2014:08:22:27 -0500] "GET /galeria/nivo-slider/demo/images/ForoNacionalAmbiental.jpg HTTP/1.1" 200 202541
181.48.43.178 - - [18/Nov/2014:08:22:27 -0500] "GET /galeria/nivo-slider/demo/images/Banner-comparendo.jpg HTTP/1.1" 200 388762
181.48.43.178 - - [18/Nov/2014:08:22:27 -0500] "GET /galeria/nivo-slider/demo/images/Banner-Ecourbanismo.jpg HTTP/1.1" 200 189838
181.48.43.178 - - [18/Nov/2014:08:22:27 -0500] "GET /galeria/nivo-slider/demo/images/porloshumedales.jpg HTTP/1.1" 200 351238
181.48.43.178 - - [18/Nov/2014:08:22:27 -0500] "GET /galeria/nivo-slider/themes/default/loading.gif HTTP/1.1" 200 1737
181.48.43.178 - - [18/Nov/2014:08:22:27 -0500] "GET /galeria/nivo-slider/demo/images/4Simple_Slider.png HTTP/1.1" 200 11722
181.48.43.178 - - [18/Nov/2014:08:22:27 -0500] "GET /galeria/nivo-slider/demo/images/banner-aceite3.jpg HTTP/1.1" 200 88347
181.48.43.178 - - [18/Nov/2014:08:22:27 -0500] "GET /galeria/nivo-slider/demo/images/Tingua-azul.jpg HTTP/1.1" 200 307638
181.48.43.178 - - [18/Nov/2014:08:22:27 -0500] "GET /galeria/nivo-slider/demo/images/Banner-Caracol-Africano.jpg HTTP/1.1" 200 331986
181.48.43.178 - - [18/Nov/2014:08:22:27 -0500] "GET /galeria/nivo-slider/demo/images/banner-redes.jpg HTTP/1.1" 200 62209
181.48.43.178 - - [18/Nov/2014:08:22:28 -0500] "GET /galeria/nivo-slider/demo/images/9Signos.jpg HTTP/1.1" 200 93040
181.48.43.178 - - [18/Nov/2014:08:22:28 -0500] "GET /galeria/nivo-slider/demo/images/banner-caballos.png HTTP/1.1" 200 389106
181.48.43.178 - - [18/Nov/2014:08:22:28 -0500] "GET /galeria/nivo-slider/demo/images/Hacienda_Molinos.jpg HTTP/1.1" 200 319171
181.48.43.178 - - [18/Nov/2014:08:22:28 -0500] "GET /galeria/nivo-slider/demo/images/bannerEcolecta3.jpg HTTP/1.1" 200 280034
181.48.43.178 - - [18/Nov/2014:08:22:29 -0500] "GET /videos/Spot_CambioClimatico.flv HTTP/1.1" 200 4371917
201.245.192.253 - - [18/Nov/2014:08:22:30 -0500] "GET /embed/sBRQuo2ttX4 HTTP/1.1" 404 1269
201.245.192.253 - - [18/Nov/2014:08:22:30 -0500] "GET /embed/0wzQMEDH1jE HTTP/1.1" 404 1269
181.48.43.178 - - [18/Nov/2014:08:22:30 -0500] "GET /galeria/nivo-slider/themes/default/arrows.png HTTP/1.1" 200 824
181.48.43.178 - - [18/Nov/2014:08:22:30 -0500] "GET /galeria/nivo-slider/themes/default/bullets.png HTTP/1.1" 200 1281
190.27.74.31 - - [18/Nov/2014:08:22:30 -0500] "POST /forms/lservlet;jsessionid=ac16012b30d575c39f423c634534b2b7bf674ef8fa08.e3iSbxaKaheRe34Sa3yKbhiTahb0n6jAmljGr5XDqQLvpAe HTTP/1.1" 200 2
190.27.74.31 - - [18/Nov/2014:08:22:35 -0500] "POST /forms/lservlet;jsessionid=ac16012b30d575c39f423c634534b2b7bf674ef8fa08.e3iSbxaKaheRe34Sa3yKbhiTahb0n6jAmljGr5XDqQLvpAe HTTP/1.1" 200 2
190.27.74.31 - - [18/Nov/2014:08:22:35 -0500] "POST /forms/lservlet;jsessionid=ac16012b30d575c39f423c634534b2b7bf674ef8fa08.e3iSbxaKaheRe34Sa3yKbhiTahb0n6jAmljGr5XDqQLvpAe HTTP/1.1" 200 21920
190.27.74.31 - - [18/Nov/2014:08:22:38 -0500] "POST /forms/lservlet;jsessionid=ac16012b30d575c39f423c634534b2b7bf674ef8fa08.e3iSbxaKaheRe34Sa3yKbhiTahb0n6jAmljGr5XDqQLvpAe HTTP/1.1" 200 49949
190.27.74.31 - - [18/Nov/2014:08:22:40 -0500] "POST /forms/lservlet;jsessionid=ac16012b30d575c39f423c634534b2b7bf674ef8fa08.e3iSbxaKaheRe34Sa3yKbhiTahb0n6jAmljGr5XDqQLvpAe HTTP/1.1" 200 206
190.27.74.31 - - [18/Nov/2014:08:22:41 -0500] "POST /forms/lservlet;jsessionid=ac16012b30d575c39f423c634534b2b7bf674ef8fa08.e3iSbxaKaheRe34Sa3yKbhiTahb0n6jAmljGr5XDqQLvpAe HTTP/1.1" 200 75
190.27.74.31 - - [18/Nov/2014:08:22:50 -0500] "POST /forms/lservlet;jsessionid=ac16012b30d575c39f423c634534b2b7bf674ef8fa08.e3iSbxaKaheRe34Sa3yKbhiTahb0n6jAmljGr5XDqQLvpAe HTTP/1.1" 200 12
190.27.74.31 - - [18/Nov/2014:08:22:50 -0500] "POST /forms/lservlet;jsessionid=ac16012b30d575c39f423c634534b2b7bf674ef8fa08.e3iSbxaKaheRe34Sa3yKbhiTahb0n6jAmljGr5XDqQLvpAe HTTP/1.1" 200 21828
190.27.74.31 - - [18/Nov/2014:08:22:52 -0500] "POST /forms/lservlet;jsessionid=ac16012b30d575c39f423c634534b2b7bf674ef8fa08.e3iSbxaKaheRe34Sa3yKbhiTahb0n6jAmljGr5XDqQLvpAe HTTP/1.1" 200 182
190.27.74.31 - - [18/Nov/2014:08:22:54 -0500] "POST /forms/lservlet;jsessionid=ac16012b30d575c39f423c634534b2b7bf674ef8fa08.e3iSbxaKaheRe34Sa3yKbhiTahb0n6jAmljGr5XDqQLvpAe HTTP/1.1" 200 12
190.27.74.31 - - [18/Nov/2014:08:22:54 -0500] "POST /forms/lservlet;jsessionid=ac16012b30d575c39f423c634534b2b7bf674ef8fa08.e3iSbxaKaheRe34Sa3yKbhiTahb0n6jAmljGr5XDqQLvpAe HTTP/1.1" 200 8
190.27.74.31 - - [18/Nov/2014:08:22:55 -0500] "POST /forms/lservlet;jsessionid=ac16012b30d575c39f423c634534b2b7bf674ef8fa08.e3iSbxaKaheRe34Sa3yKbhiTahb0n6jAmljGr5XDqQLvpAe HTTP/1.1" 200 2
190.27.74.31 - - [18/Nov/2014:08:22:55 -0500] "POST /forms/lservlet;jsessionid=ac16012b30d575c39f423c634534b2b7bf674ef8fa08.e3iSbxaKaheRe34Sa3yKbhiTahb0n6jAmljGr5XDqQLvpAe HTTP/1.1" 200 47
190.27.74.31 - - [18/Nov/2014:08:22:56 -0500] "POST /forms/lservlet;jsessionid=ac16012b30d575c39f423c634534b2b7bf674ef8fa08.e3iSbxaKaheRe34Sa3yKbhiTahb0n6jAmljGr5XDqQLvpAe HTTP/1.1" 200 7
190.27.74.31 - - [18/Nov/2014:08:22:57 -0500] "POST /forms/lservlet;jsessionid=ac16012b30d575c39f423c634534b2b7bf674ef8fa08.e3iSbxaKaheRe34Sa3yKbhiTahb0n6jAmljGr5XDqQLvpAe HTTP/1.1" 200 15
190.27.74.31 - - [18/Nov/2014:08:22:58 -0500] "POST /forms/lservlet;jsessionid=ac16012b30d575c39f423c634534b2b7bf674ef8fa08.e3iSbxaKaheRe34Sa3yKbhiTahb0n6jAmljGr5XDqQLvpAe HTTP/1.1" 200 12
190.27.74.31 - - [18/Nov/2014:08:23:00 -0500] "POST /forms/lservlet;jsessionid=ac16012b30d575c39f423c634534b2b7bf674ef8fa08.e3iSbxaKaheRe34Sa3yKbhiTahb0n6jAmljGr5XDqQLvpAe HTTP/1.1" 200 2
190.27.74.31 - - [18/Nov/2014:08:23:00 -0500] "POST /forms/lservlet;jsessionid=ac16012b30d575c39f423c634534b2b7bf674ef8fa08.e3iSbxaKaheRe34Sa3yKbhiTahb0n6jAmljGr5XDqQLvpAe HTTP/1.1" 200 110
190.27.74.31 - - [18/Nov/2014:08:23:00 -0500] "POST /forms/lservlet;jsessionid=ac16012b30d575c39f423c634534b2b7bf674ef8fa08.e3iSbxaKaheRe34Sa3yKbhiTahb0n6jAmljGr5XDqQLvpAe HTTP/1.1" 200 2
190.27.74.31 - - [18/Nov/2014:08:23:01 -0500] "POST /forms/lservlet;jsessionid=ac16012b30d575c39f423c634534b2b7bf674ef8fa08.e3iSbxaKaheRe34Sa3yKbhiTahb0n6jAmljGr5XDqQLvpAe HTTP/1.1" 200 2
190.26.196.195 - - [18/Nov/2014:08:23:02 -0500] "GET /galeria/nivo-slider/demo/demo.html HTTP/1.1" 200 3537
202.46.56.175 - - [18/Nov/2014:08:23:02 -0500] "GET /privacy_policy.html HTTP/1.1" 404 1015
190.27.74.31 - - [18/Nov/2014:08:23:02 -0500] "POST /forms/lservlet;jsessionid=ac16012b30d575c39f423c634534b2b7bf674ef8fa08.e3iSbxaKaheRe34Sa3yKbhiTahb0n6jAmljGr5XDqQLvpAe HTTP/1.1" 200 167
190.26.196.195 - - [18/Nov/2014:08:23:03 -0500] "GET /galeria/nivo-slider/demo/images/ForoNacionalAmbiental.jpg HTTP/1.1" 200 202541
190.26.196.195 - - [18/Nov/2014:08:23:03 -0500] "GET /galeria/nivo-slider/demo/images/Banner-comparendo.jpg HTTP/1.1" 304 -
190.26.196.195 - - [18/Nov/2014:08:23:03 -0500] "GET /galeria/nivo-slider/demo/images/porloshumedales.jpg HTTP/1.1" 304 -
190.26.196.195 - - [18/Nov/2014:08:23:03 -0500] "GET /galeria/nivo-slider/demo/images/Banner-Ecourbanismo.jpg HTTP/1.1" 304 -
190.26.196.195 - - [18/Nov/2014:08:23:03 -0500] "GET /galeria/nivo-slider/demo/images/banner-aceite3.jpg HTTP/1.1" 304 -
190.26.196.195 - - [18/Nov/2014:08:23:03 -0500] "GET /galeria/nivo-slider/demo/images/Tingua-azul.jpg HTTP/1.1" 304 -
190.26.196.195 - - [18/Nov/2014:08:23:03 -0500] "GET /galeria/nivo-slider/demo/images/Banner-Caracol-Africano.jpg HTTP/1.1" 304 -
190.26.196.195 - - [18/Nov/2014:08:23:03 -0500] "GET /galeria/nivo-slider/demo/images/banner-redes.jpg HTTP/1.1" 304 -
190.26.196.195 - - [18/Nov/2014:08:23:03 -0500] "GET /galeria/nivo-slider/demo/images/9Signos.jpg HTTP/1.1" 304 -
190.26.196.195 - - [18/Nov/2014:08:23:03 -0500] "GET /galeria/nivo-slider/demo/images/Hacienda_Molinos.jpg HTTP/1.1" 304 -
190.26.196.195 - - [18/Nov/2014:08:23:03 -0500] "GET /galeria/nivo-slider/demo/images/bannerEcolecta3.jpg HTTP/1.1" 304 -
190.26.196.195 - - [18/Nov/2014:08:23:04 -0500] "GET /videos/Spot_CambioClimatico.flv HTTP/1.1" 304 -
190.27.74.31 - - [18/Nov/2014:08:23:05 -0500] "POST /forms/lservlet;jsessionid=ac16012b30d575c39f423c634534b2b7bf674ef8fa08.e3iSbxaKaheRe34Sa3yKbhiTahb0n6jAmljGr5XDqQLvpAe HTTP/1.1" 200 50074
190.27.74.31 - - [18/Nov/2014:08:23:07 -0500] "POST /forms/lservlet;jsessionid=ac16012b30d575c39f423c634534b2b7bf674ef8fa08.e3iSbxaKaheRe34Sa3yKbhiTahb0n6jAmljGr5XDqQLvpAe HTTP/1.1" 200 50024
190.27.74.31 - - [18/Nov/2014:08:23:09 -0500] "POST /forms/lservlet;jsessionid=ac16012b30d575c39f423c634534b2b7bf674ef8fa08.e3iSbxaKaheRe34Sa3yKbhiTahb0n6jAmljGr5XDqQLvpAe HTTP/1.1" 200 50027
190.27.74.31 - - [18/Nov/2014:08:23:10 -0500] "POST /forms/lservlet;jsessionid=ac16012b30d575c39f423c634534b2b7bf674ef8fa08.e3iSbxaKaheRe34Sa3yKbhiTahb0n6jAmljGr5XDqQLvpAe HTTP/1.1" 200 37862
74.86.158.107 - - [18/Nov/2014:08:23:12 -0500] "HEAD / HTTP/1.1" 302 -
190.27.74.31 - - [18/Nov/2014:08:23:13 -0500] "POST /forms/lservlet;jsessionid=ac16012b30d575c39f423c634534b2b7bf674ef8fa08.e3iSbxaKaheRe34Sa3yKbhiTahb0n6jAmljGr5XDqQLvpAe HTTP/1.1" 200 180
190.27.74.31 - - [18/Nov/2014:08:23:16 -0500] "POST /forms/lservlet;jsessionid=ac16012b30d575c39f423c634534b2b7bf674ef8fa08.e3iSbxaKaheRe34Sa3yKbhiTahb0n6jAmljGr5XDqQLvpAe HTTP/1.1" 200 252
190.27.74.31 - - [18/Nov/2014:08:23:17 -0500] "POST /forms/lservlet;jsessionid=ac16012b30d575c39f423c634534b2b7bf674ef8fa08.e3iSbxaKaheRe34Sa3yKbhiTahb0n6jAmljGr5XDqQLvpAe HTTP/1.1" 200 75
201.245.192.253 - - [18/Nov/2014:08:23:19 -0500] "GET /galeria/nivo-slider/demo/demo.html HTTP/1.1" 304 -
201.245.192.253 - - [18/Nov/2014:08:23:19 -0500] "GET /galeria/nivo-slider/themes/default/default.css HTTP/1.1" 304 -
201.245.192.253 - - [18/Nov/2014:08:23:19 -0500] "GET /galeria/nivo-slider/demo/images/ForoNacionalAmbiental.jpg HTTP/1.1" 304 -
201.245.192.253 - - [18/Nov/2014:08:23:19 -0500] "GET /galeria/nivo-slider/demo/images/Banner-comparendo.jpg HTTP/1.1" 304 -
201.245.192.253 - - [18/Nov/2014:08:23:19 -0500] "GET /galeria/nivo-slider/demo/images/porloshumedales.jpg HTTP/1.1" 304 -
201.245.192.253 - - [18/Nov/2014:08:23:19 -0500] "GET /galeria/nivo-slider/demo/images/Banner-Ecourbanismo.jpg HTTP/1.1" 304 -
201.245.192.253 - - [18/Nov/2014:08:23:19 -0500] "GET /galeria/nivo-slider/demo/images/Tingua-azul.jpg HTTP/1.1" 304 -
201.245.192.253 - - [18/Nov/2014:08:23:19 -0500] "GET /galeria/nivo-slider/demo/images/banner-redes.jpg HTTP/1.1" 304 -
201.245.192.253 - - [18/Nov/2014:08:23:19 -0500] "GET /galeria/nivo-slider/demo/images/9Signos.jpg HTTP/1.1" 304 -
201.245.192.253 - - [18/Nov/2014:08:23:19 -0500] "GET /galeria/nivo-slider/demo/images/bannerEcolecta3.jpg HTTP/1.1" 304 -
190.27.74.31 - - [18/Nov/2014:08:23:22 -0500] "POST /forms/lservlet;jsessionid=ac16012b30d575c39f423c634534b2b7bf674ef8fa08.e3iSbxaKaheRe34Sa3yKbhiTahb0n6jAmljGr5XDqQLvpAe HTTP/1.1" 200 12
190.27.74.31 - - [18/Nov/2014:08:23:23 -0500] "POST /forms/lservlet;jsessionid=ac16012b30d575c39f423c634534b2b7bf674ef8fa08.e3iSbxaKaheRe34Sa3yKbhiTahb0n6jAmljGr5XDqQLvpAe HTTP/1.1" 200 17793
190.27.74.31 - - [18/Nov/2014:08:23:24 -0500] "POST /forms/lservlet;jsessionid=ac16012b30d575c39f423c634534b2b7bf674ef8fa08.e3iSbxaKaheRe34Sa3yKbhiTahb0n6jAmljGr5XDqQLvpAe HTTP/1.1" 200 182
190.27.74.31 - - [18/Nov/2014:08:23:26 -0500] "POST /forms/lservlet;jsessionid=ac16012b30d575c39f423c634534b2b7bf674ef8fa08.e3iSbxaKaheRe34Sa3yKbhiTahb0n6jAmljGr5XDqQLvpAe HTTP/1.1" 200 12
190.27.74.31 - - [18/Nov/2014:08:23:27 -0500] "POST /forms/lservlet;jsessionid=ac16012b30d575c39f423c634534b2b7bf674ef8fa08.e3iSbxaKaheRe34Sa3yKbhiTahb0n6jAmljGr5XDqQLvpAe HTTP/1.1" 200 8
190.27.74.31 - - [18/Nov/2014:08:23:27 -0500] "POST /forms/lservlet;jsessionid=ac16012b30d575c39f423c634534b2b7bf674ef8fa08.e3iSbxaKaheRe34Sa3yKbhiTahb0n6jAmljGr5XDqQLvpAe HTTP/1.1" 200 2
190.27.74.31 - - [18/Nov/2014:08:23:27 -0500] "POST /forms/lservlet;jsessionid=ac16012b30d575c39f423c634534b2b7bf674ef8fa08.e3iSbxaKaheRe34Sa3yKbhiTahb0n6jAmljGr5XDqQLvpAe HTTP/1.1" 200 47
190.27.74.31 - - [18/Nov/2014:08:23:28 -0500] "POST /forms/lservlet;jsessionid=ac16012b30d575c39f423c634534b2b7bf674ef8fa08.e3iSbxaKaheRe34Sa3yKbhiTahb0n6jAmljGr5XDqQLvpAe HTTP/1.1" 200 7
190.27.74.31 - - [18/Nov/2014:08:23:28 -0500] "POST /forms/lservlet;jsessionid=ac16012b30d575c39f423c634534b2b7bf674ef8fa08.e3iSbxaKaheRe34Sa3yKbhiTahb0n6jAmljGr5XDqQLvpAe HTTP/1.1" 200 15
190.27.74.31 - - [18/Nov/2014:08:23:29 -0500] "POST /forms/lservlet;jsessionid=ac16012b30d575c39f423c634534b2b7bf674ef8fa08.e3iSbxaKaheRe34Sa3yKbhiTahb0n6jAmljGr5XDqQLvpAe HTTP/1.1" 200 2
201.245.192.253 - - [18/Nov/2014:08:23:29 -0500] "GET /galeria/nivo-slider/demo/images/Banner-Caracol-Africano.jpg HTTP/1.1" 304 -
190.27.74.31 - - [18/Nov/2014:08:23:29 -0500] "POST /forms/lservlet;jsessionid=ac16012b30d575c39f423c634534b2b7bf674ef8fa08.e3iSbxaKaheRe34Sa3yKbhiTahb0n6jAmljGr5XDqQLvpAe HTTP/1.1" 200 17890
190.27.74.31 - - [18/Nov/2014:08:23:30 -0500] "POST /forms/lservlet;jsessionid=ac16012b30d575c39f423c634534b2b7bf674ef8fa08.e3iSbxaKaheRe34Sa3yKbhiTahb0n6jAmljGr5XDqQLvpAe HTTP/1.1" 200 2
190.27.74.31 - - [18/Nov/2014:08:23:31 -0500] "POST /forms/lservlet;jsessionid=ac16012b30d575c39f423c634534b2b7bf674ef8fa08.e3iSbxaKaheRe34Sa3yKbhiTahb0n6jAmljGr5XDqQLvpAe HTTP/1.1" 200 126
190.27.74.31 - - [18/Nov/2014:08:23:31 -0500] "POST /forms/lservlet;jsessionid=ac16012b30d575c39f423c634534b2b7bf674ef8fa08.e3iSbxaKaheRe34Sa3yKbhiTahb0n6jAmljGr5XDqQLvpAe HTTP/1.1" 200 15
190.27.74.31 - - [18/Nov/2014:08:23:32 -0500] "POST /forms/lservlet;jsessionid=ac16012b30d575c39f423c634534b2b7bf674ef8fa08.e3iSbxaKaheRe34Sa3yKbhiTahb0n6jAmljGr5XDqQLvpAe HTTP/1.1" 200 12
190.27.74.31 - - [18/Nov/2014:08:23:34 -0500] "POST /forms/lservlet;jsessionid=ac16012b30d575c39f423c634534b2b7bf674ef8fa08.e3iSbxaKaheRe34Sa3yKbhiTahb0n6jAmljGr5XDqQLvpAe HTTP/1.1" 200 2
190.27.74.31 - - [18/Nov/2014:08:23:34 -0500] "POST /forms/lservlet;jsessionid=ac16012b30d575c39f423c634534b2b7bf674ef8fa08.e3iSbxaKaheRe34Sa3yKbhiTahb0n6jAmljGr5XDqQLvpAe HTTP/1.1" 200 113
190.27.74.31 - - [18/Nov/2014:08:23:35 -0500] "POST /forms/lservlet;jsessionid=ac16012b30d575c39f423c634534b2b7bf674ef8fa08.e3iSbxaKaheRe34Sa3yKbhiTahb0n6jAmljGr5XDqQLvpAe HTTP/1.1" 200 2
190.27.74.31 - - [18/Nov/2014:08:23:38 -0500] "POST /forms/lservlet;jsessionid=ac16012b30d575c39f423c634534b2b7bf674ef8fa08.e3iSbxaKaheRe34Sa3yKbhiTahb0n6jAmljGr5XDqQLvpAe HTTP/1.1" 200 2
190.27.74.31 - - [18/Nov/2014:08:23:40 -0500] "POST /forms/lservlet;jsessionid=ac16012b30d575c39f423c634534b2b7bf674ef8fa08.e3iSbxaKaheRe34Sa3yKbhiTahb0n6jAmljGr5XDqQLvpAe HTTP/1.1" 200 167
201.245.192.253 - - [18/Nov/2014:08:23:40 -0500] "GET /galeria/nivo-slider/demo/demo.html HTTP/1.1" 304 -
201.245.192.253 - - [18/Nov/2014:08:23:40 -0500] "GET /galeria/nivo-slider/demo/style.css HTTP/1.1" 304 -
201.245.192.253 - - [18/Nov/2014:08:23:40 -0500] "GET /galeria/nivo-slider/demo/images/ForoNacionalAmbiental.jpg HTTP/1.1" 304 -
201.245.192.253 - - [18/Nov/2014:08:23:40 -0500] "GET /galeria/nivo-slider/demo/images/Banner-comparendo.jpg HTTP/1.1" 304 -
201.245.192.253 - - [18/Nov/2014:08:23:40 -0500] "GET /galeria/nivo-slider/demo/images/Banner-Ecourbanismo.jpg HTTP/1.1" 304 -
201.245.192.253 - - [18/Nov/2014:08:23:40 -0500] "GET /galeria/nivo-slider/demo/images/porloshumedales.jpg HTTP/1.1" 304 -
201.245.192.253 - - [18/Nov/2014:08:23:40 -0500] "GET /galeria/nivo-slider/demo/images/banner-redes.jpg HTTP/1.1" 304 -
201.245.192.253 - - [18/Nov/2014:08:23:40 -0500] "GET /galeria/nivo-slider/demo/images/9Signos.jpg HTTP/1.1" 304 -
201.245.192.253 - - [18/Nov/2014:08:23:40 -0500] "GET /galeria/nivo-slider/demo/images/Hacienda_Molinos.jpg HTTP/1.1" 304 -
201.245.192.253 - - [18/Nov/2014:08:23:40 -0500] "GET /galeria/nivo-slider/demo/images/bannerEcolecta3.jpg HTTP/1.1" 304 -
190.27.74.31 - - [18/Nov/2014:08:23:41 -0500] "POST /forms/lservlet;jsessionid=ac16012b30d575c39f423c634534b2b7bf674ef8fa08.e3iSbxaKaheRe34Sa3yKbhiTahb0n6jAmljGr5XDqQLvpAe HTTP/1.1" 200 2
190.27.74.31 - - [18/Nov/2014:08:23:41 -0500] "POST /forms/lservlet;jsessionid=ac16012b30d575c39f423c634534b2b7bf674ef8fa08.e3iSbxaKaheRe34Sa3yKbhiTahb0n6jAmljGr5XDqQLvpAe HTTP/1.1" 200 17885
200.118.16.84 - - [18/Nov/2014:08:23:44 -0500] "POST /forms/lservlet;jsessionid=ac16012b30d512623ce5a05241f68ba1b47211104a51.e3iSbxaKaheRe34Sa3yKbhiTahb0n6jAmljGr5XDqQLvpAe HTTP/1.1" 200 113
188.165.15.61 - - [18/Nov/2014:08:23:44 -0500] "GET /BLA/resoluciones/RESOLUCIONES%202005/RES%202005%20151-200/00000190.tif HTTP/1.1" 200 125700
190.27.74.31 - - [18/Nov/2014:08:23:44 -0500] "POST /forms/lservlet;jsessionid=ac16012b30d575c39f423c634534b2b7bf674ef8fa08.e3iSbxaKaheRe34Sa3yKbhiTahb0n6jAmljGr5XDqQLvpAe HTTP/1.1" 200 195
190.27.74.31 - - [18/Nov/2014:08:23:46 -0500] "POST /forms/lservlet;jsessionid=ac16012b30d575c39f423c634534b2b7bf674ef8fa08.e3iSbxaKaheRe34Sa3yKbhiTahb0n6jAmljGr5XDqQLvpAe HTTP/1.1" 200 75
201.245.192.253 - - [18/Nov/2014:08:23:46 -0500] "GET /galeria/nivo-slider/demo/images/banner-aceite3.jpg HTTP/1.1" 304 -
190.27.74.31 - - [18/Nov/2014:08:23:51 -0500] "POST /forms/lservlet;jsessionid=ac16012b30d575c39f423c634534b2b7bf674ef8fa08.e3iSbxaKaheRe34Sa3yKbhiTahb0n6jAmljGr5XDqQLvpAe HTTP/1.1" 200 12
190.27.74.31 - - [18/Nov/2014:08:23:51 -0500] "POST /forms/lservlet;jsessionid=ac16012b30d575c39f423c634534b2b7bf674ef8fa08.e3iSbxaKaheRe34Sa3yKbhiTahb0n6jAmljGr5XDqQLvpAe HTTP/1.1" 200 17793
190.27.74.31 - - [18/Nov/2014:08:23:52 -0500] "POST /forms/lservlet;jsessionid=ac16012b30d575c39f423c634534b2b7bf674ef8fa08.e3iSbxaKaheRe34Sa3yKbhiTahb0n6jAmljGr5XDqQLvpAe HTTP/1.1" 200 182
186.29.1.109 - - [18/Nov/2014:08:23:53 -0500] "GET /videos/galeria-fotografica/index13.html? HTTP/1.1" 200 1971
190.27.74.31 - - [18/Nov/2014:08:23:54 -0500] "POST /forms/lservlet;jsessionid=ac16012b30d575c39f423c634534b2b7bf674ef8fa08.e3iSbxaKaheRe34Sa3yKbhiTahb0n6jAmljGr5XDqQLvpAe HTTP/1.1" 200 12
190.27.74.31 - - [18/Nov/2014:08:23:54 -0500] "POST /forms/lservlet;jsessionid=ac16012b30d575c39f423c634534b2b7bf674ef8fa08.e3iSbxaKaheRe34Sa3yKbhiTahb0n6jAmljGr5XDqQLvpAe HTTP/1.1" 200 8
190.27.74.31 - - [18/Nov/2014:08:23:54 -0500] "POST /forms/lservlet;jsessionid=ac16012b30d575c39f423c634534b2b7bf674ef8fa08.e3iSbxaKaheRe34Sa3yKbhiTahb0n6jAmljGr5XDqQLvpAe HTTP/1.1" 200 2
190.27.74.31 - - [18/Nov/2014:08:23:55 -0500] "POST /forms/lservlet;jsessionid=ac16012b30d575c39f423c634534b2b7bf674ef8fa08.e3iSbxaKaheRe34Sa3yKbhiTahb0n6jAmljGr5XDqQLvpAe HTTP/1.1" 200 47
190.0.19.76 - - [18/Nov/2014:08:23:55 -0500] "GET /galeria/nivo-slider/demo/demo.html HTTP/1.1" 304 -
186.29.1.109 - - [18/Nov/2014:08:23:55 -0500] "GET /videos/galeria-fotografica/js/jquery-flickr-gallery/jquery-flickr.css HTTP/1.1" 200 711
190.0.19.76 - - [18/Nov/2014:08:23:55 -0500] "GET /galeria/nivo-slider/demo/images/ForoNacionalAmbiental.jpg HTTP/1.1" 304 -
190.0.19.76 - - [18/Nov/2014:08:23:55 -0500] "GET /galeria/nivo-slider/demo/images/Banner-Ecourbanismo.jpg HTTP/1.1" 304 -
190.0.19.76 - - [18/Nov/2014:08:23:55 -0500] "GET /galeria/nivo-slider/demo/images/Banner-comparendo.jpg HTTP/1.1" 304 -
190.0.19.76 - - [18/Nov/2014:08:23:55 -0500] "GET /galeria/nivo-slider/demo/images/porloshumedales.jpg HTTP/1.1" 304 -
190.0.19.76 - - [18/Nov/2014:08:23:55 -0500] "GET /galeria/nivo-slider/demo/images/banner-aceite3.jpg HTTP/1.1" 304 -
190.0.19.76 - - [18/Nov/2014:08:23:55 -0500] "GET /galeria/nivo-slider/demo/images/Tingua-azul.jpg HTTP/1.1" 304 -
186.29.1.109 - - [18/Nov/2014:08:23:55 -0500] "GET /videos/galeria-fotografica/js/jquery-flickr-gallery/jquery-flickr-gallery.js HTTP/1.1" 200 9050
190.0.19.76 - - [18/Nov/2014:08:23:55 -0500] "GET /galeria/nivo-slider/demo/images/banner-redes.jpg HTTP/1.1" 304 -
190.0.19.76 - - [18/Nov/2014:08:23:55 -0500] "GET /galeria/nivo-slider/demo/images/bannerEcolecta3.jpg HTTP/1.1" 304 -
190.27.74.31 - - [18/Nov/2014:08:23:55 -0500] "POST /forms/lservlet;jsessionid=ac16012b30d575c39f423c634534b2b7bf674ef8fa08.e3iSbxaKaheRe34Sa3yKbhiTahb0n6jAmljGr5XDqQLvpAe HTTP/1.1" 200 7
190.27.74.31 - - [18/Nov/2014:08:23:56 -0500] "POST /forms/lservlet;jsessionid=ac16012b30d575c39f423c634534b2b7bf674ef8fa08.e3iSbxaKaheRe34Sa3yKbhiTahb0n6jAmljGr5XDqQLvpAe HTTP/1.1" 200 15
190.27.74.31 - - [18/Nov/2014:08:23:56 -0500] "POST /forms/lservlet;jsessionid=ac16012b30d575c39f423c634534b2b7bf674ef8fa08.e3iSbxaKaheRe34Sa3yKbhiTahb0n6jAmljGr5XDqQLvpAe HTTP/1.1" 200 12
190.0.19.76 - - [18/Nov/2014:08:23:57 -0500] "GET /videos/Spot_CambioClimatico.flv HTTP/1.1" 206 1
190.27.74.31 - - [18/Nov/2014:08:23:57 -0500] "POST /forms/lservlet;jsessionid=ac16012b30d575c39f423c634534b2b7bf674ef8fa08.e3iSbxaKaheRe34Sa3yKbhiTahb0n6jAmljGr5XDqQLvpAe HTTP/1.1" 200 2
190.0.19.76 - - [18/Nov/2014:08:23:57 -0500] "GET /videos/Spot_CambioClimatico.flv HTTP/1.1" 206 802874
190.27.74.31 - - [18/Nov/2014:08:23:57 -0500] "POST /forms/lservlet;jsessionid=ac16012b30d575c39f423c634534b2b7bf674ef8fa08.e3iSbxaKaheRe34Sa3yKbhiTahb0n6jAmljGr5XDqQLvpAe HTTP/1.1" 200 17891
190.27.74.31 - - [18/Nov/2014:08:23:59 -0500] "POST /forms/lservlet;jsessionid=ac16012b30d575c39f423c634534b2b7bf674ef8fa08.e3iSbxaKaheRe34Sa3yKbhiTahb0n6jAmljGr5XDqQLvpAe HTTP/1.1" 200 2
190.27.74.31 - - [18/Nov/2014:08:23:59 -0500] "POST /forms/lservlet;jsessionid=ac16012b30d575c39f423c634534b2b7bf674ef8fa08.e3iSbxaKaheRe34Sa3yKbhiTahb0n6jAmljGr5XDqQLvpAe HTTP/1.1" 200 104
190.27.74.31 - - [18/Nov/2014:08:24:00 -0500] "POST /forms/lservlet;jsessionid=ac16012b30d575c39f423c634534b2b7bf674ef8fa08.e3iSbxaKaheRe34Sa3yKbhiTahb0n6jAmljGr5XDqQLvpAe HTTP/1.1" 200 2
190.24.138.98 - - [18/Nov/2014:08:24:01 -0500] "GET /BLA/boletinlegal/js/jquery.scrollTo-min.js HTTP/1.1" 304 -
190.24.138.98 - - [18/Nov/2014:08:24:01 -0500] "GET /BLA/boletinlegal/js/jquery.js HTTP/1.1" 304 -
190.24.138.98 - - [18/Nov/2014:08:24:01 -0500] "GET /galeria/carrusel/Carrusel/jquery-ui-1.8.13.custom.min.js HTTP/1.1" 304 -
190.24.138.98 - - [18/Nov/2014:08:24:01 -0500] "GET /BLA/boletinlegal/js/jquery.scrollShow.js HTTP/1.1" 304 -
190.24.138.98 - - [18/Nov/2014:08:24:01 -0500] "GET /galeria/carrusel/Carrusel/jquery.thumbnailScroller.css HTTP/1.1" 304 -
190.24.138.98 - - [18/Nov/2014:08:24:01 -0500] "GET /galeria/carrusel/Carrusel/jquery.thumbnailScroller.js HTTP/1.1" 304 -
190.24.138.98 - - [18/Nov/2014:08:24:01 -0500] "GET /galeria/nivo-slider/demo/demo.html HTTP/1.1" 304 -
190.24.138.98 - - [18/Nov/2014:08:24:01 -0500] "GET /galeria/nivo-slider/demo/images/ForoNacionalAmbiental.jpg HTTP/1.1" 304 -
190.24.138.98 - - [18/Nov/2014:08:24:01 -0500] "GET /galeria/nivo-slider/demo/images/Banner-Ecourbanismo.jpg HTTP/1.1" 304 -
190.24.138.98 - - [18/Nov/2014:08:24:01 -0500] "GET /galeria/nivo-slider/demo/images/porloshumedales.jpg HTTP/1.1" 304 -
190.24.138.98 - - [18/Nov/2014:08:24:01 -0500] "GET /galeria/nivo-slider/demo/images/banner-aceite3.jpg HTTP/1.1" 304 -
190.24.138.98 - - [18/Nov/2014:08:24:01 -0500] "GET /galeria/nivo-slider/themes/pascal/pascal.css HTTP/1.1" 304 -
190.24.138.98 - - [18/Nov/2014:08:24:01 -0500] "GET /galeria/nivo-slider/demo/images/Banner-Caracol-Africano.jpg HTTP/1.1" 304 -
190.24.138.98 - - [18/Nov/2014:08:24:01 -0500] "GET /galeria/nivo-slider/demo/images/9Signos.jpg HTTP/1.1" 304 -
190.24.138.98 - - [18/Nov/2014:08:24:01 -0500] "GET /galeria/nivo-slider/demo/images/Hacienda_Molinos.jpg HTTP/1.1" 304 -
190.24.138.98 - - [18/Nov/2014:08:24:01 -0500] "GET /galeria/nivo-slider/demo/scripts/jquery-1.7.1.min.js HTTP/1.1" 304 -
190.27.74.31 - - [18/Nov/2014:08:24:00 -0500] "POST /forms/lservlet;jsessionid=ac16012b30d575c39f423c634534b2b7bf674ef8fa08.e3iSbxaKaheRe34Sa3yKbhiTahb0n6jAmljGr5XDqQLvpAe HTTP/1.1" 200 2
190.24.138.98 - - [18/Nov/2014:08:24:02 -0500] "GET /galeria/nivo-slider/themes/default/default.css HTTP/1.1" 304 -
190.24.138.98 - - [18/Nov/2014:08:24:02 -0500] "GET /galeria/nivo-slider/demo/images/Banner-comparendo.jpg HTTP/1.1" 304 -
190.24.138.98 - - [18/Nov/2014:08:24:02 -0500] "GET /galeria/nivo-slider/themes/orman/orman.css HTTP/1.1" 304 -
190.24.138.98 - - [18/Nov/2014:08:24:02 -0500] "GET /galeria/nivo-slider/demo/images/banner-redes.jpg HTTP/1.1" 304 -
190.24.138.98 - - [18/Nov/2014:08:24:02 -0500] "GET /galeria/nivo-slider/nivo-slider.css HTTP/1.1" 304 -
190.24.138.98 - - [18/Nov/2014:08:24:02 -0500] "GET /galeria/nivo-slider/demo/images/bannerEcolecta3.jpg HTTP/1.1" 304 -
190.24.138.98 - - [18/Nov/2014:08:24:02 -0500] "GET /galeria/nivo-slider/demo/style.css HTTP/1.1" 304 -
190.24.138.98 - - [18/Nov/2014:08:24:02 -0500] "GET /galeria/nivo-slider/demo/images/Tingua-azul.jpg HTTP/1.1" 304 -
190.24.138.98 - - [18/Nov/2014:08:24:02 -0500] "GET /galeria/nivo-slider/jquery.nivo.slider.pack.js HTTP/1.1" 304 -
190.24.138.98 - - [18/Nov/2014:08:24:02 -0500] "GET /galeria/nivo-slider/demo/images/4Simple_Slider.png HTTP/1.1" 304 -
190.24.138.98 - - [18/Nov/2014:08:24:02 -0500] "GET /galeria/nivo-slider/themes/default/loading.gif HTTP/1.1" 304 -
190.27.74.31 - - [18/Nov/2014:08:24:02 -0500] "POST /forms/lservlet;jsessionid=ac16012b30d575c39f423c634534b2b7bf674ef8fa08.e3iSbxaKaheRe34Sa3yKbhiTahb0n6jAmljGr5XDqQLvpAe HTTP/1.1" 200 167
190.24.138.98 - - [18/Nov/2014:08:24:03 -0500] "GET /galeria/nivo-slider/themes/default/bullets.png HTTP/1.1" 304 -
190.24.138.98 - - [18/Nov/2014:08:24:03 -0500] "GET /galeria/nivo-slider/themes/default/arrows.png HTTP/1.1" 304 -
190.27.74.31 - - [18/Nov/2014:08:24:05 -0500] "POST /forms/lservlet;jsessionid=ac16012b30d575c39f423c634534b2b7bf674ef8fa08.e3iSbxaKaheRe34Sa3yKbhiTahb0n6jAmljGr5XDqQLvpAe HTTP/1.1" 200 38072
190.27.74.31 - - [18/Nov/2014:08:24:05 -0500] "POST /forms/lservlet;jsessionid=ac16012b30d575c39f423c634534b2b7bf674ef8fa08.e3iSbxaKaheRe34Sa3yKbhiTahb0n6jAmljGr5XDqQLvpAe HTTP/1.1" 200 11
190.27.74.31 - - [18/Nov/2014:08:24:05 -0500] "POST /forms/lservlet;jsessionid=ac16012b30d575c39f423c634534b2b7bf674ef8fa08.e3iSbxaKaheRe34Sa3yKbhiTahb0n6jAmljGr5XDqQLvpAe HTTP/1.1" 200 317
190.27.74.31 - - [18/Nov/2014:08:24:05 -0500] "POST /forms/lservlet;jsessionid=ac16012b30d575c39f423c634534b2b7bf674ef8fa08.e3iSbxaKaheRe34Sa3yKbhiTahb0n6jAmljGr5XDqQLvpAe HTTP/1.1" 200 11
190.27.74.31 - - [18/Nov/2014:08:24:06 -0500] "POST /forms/lservlet;jsessionid=ac16012b30d575c39f423c634534b2b7bf674ef8fa08.e3iSbxaKaheRe34Sa3yKbhiTahb0n6jAmljGr5XDqQLvpAe HTTP/1.1" 200 373
190.27.74.31 - - [18/Nov/2014:08:24:06 -0500] "POST /forms/lservlet;jsessionid=ac16012b30d575c39f423c634534b2b7bf674ef8fa08.e3iSbxaKaheRe34Sa3yKbhiTahb0n6jAmljGr5XDqQLvpAe HTTP/1.1" 200 11
186.84.50.43 - - [18/Nov/2014:08:24:06 -0500] "POST /forms/lservlet;jsessionid=ac16012b30d577a600019c464d7ba88daf3defde757e.e3iSbxaKaheRe34Sa3yKbhiTahb0n6jAmljGr5XDqQLvpAe HTTP/1.1" 200 2
190.27.74.31 - - [18/Nov/2014:08:24:06 -0500] "POST /forms/lservlet;jsessionid=ac16012b30d575c39f423c634534b2b7bf674ef8fa08.e3iSbxaKaheRe34Sa3yKbhiTahb0n6jAmljGr5XDqQLvpAe HTTP/1.1" 200 312
190.27.74.31 - - [18/Nov/2014:08:24:06 -0500] "POST /forms/lservlet;jsessionid=ac16012b30d575c39f423c634534b2b7bf674ef8fa08.e3iSbxaKaheRe34Sa3yKbhiTahb0n6jAmljGr5XDqQLvpAe HTTP/1.1" 200 11
190.27.74.31 - - [18/Nov/2014:08:24:06 -0500] "POST /forms/lservlet;jsessionid=ac16012b30d575c39f423c634534b2b7bf674ef8fa08.e3iSbxaKaheRe34Sa3yKbhiTahb0n6jAmljGr5XDqQLvpAe HTTP/1.1" 200 312
190.27.74.31 - - [18/Nov/2014:08:24:06 -0500] "POST /forms/lservlet;jsessionid=ac16012b30d575c39f423c634534b2b7bf674ef8fa08.e3iSbxaKaheRe34Sa3yKbhiTahb0n6jAmljGr5XDqQLvpAe HTTP/1.1" 200 11
190.27.74.31 - - [18/Nov/2014:08:24:06 -0500] "POST /forms/lservlet;jsessionid=ac16012b30d575c39f423c634534b2b7bf674ef8fa08.e3iSbxaKaheRe34Sa3yKbhiTahb0n6jAmljGr5XDqQLvpAe HTTP/1.1" 200 385
190.27.74.31 - - [18/Nov/2014:08:24:07 -0500] "POST /forms/lservlet;jsessionid=ac16012b30d575c39f423c634534b2b7bf674ef8fa08.e3iSbxaKaheRe34Sa3yKbhiTahb0n6jAmljGr5XDqQLvpAe HTTP/1.1" 200 11
186.29.1.109 - - [18/Nov/2014:08:24:09 -0500] "GET /videos/galeria-fotografica/js/jquery-flickr-gallery/loader.gif HTTP/1.1" 200 2129
190.27.74.31 - - [18/Nov/2014:08:24:11 -0500] "POST /forms/lservlet;jsessionid=ac16012b30d575c39f423c634534b2b7bf674ef8fa08.e3iSbxaKaheRe34Sa3yKbhiTahb0n6jAmljGr5XDqQLvpAe HTTP/1.1" 200 38043
190.27.74.31 - - [18/Nov/2014:08:24:12 -0500] "POST /forms/lservlet;jsessionid=ac16012b30d575c39f423c634534b2b7bf674ef8fa08.e3iSbxaKaheRe34Sa3yKbhiTahb0n6jAmljGr5XDqQLvpAe HTTP/1.1" 200 38055
190.27.74.31 - - [18/Nov/2014:08:24:14 -0500] "POST /forms/lservlet;jsessionid=ac16012b30d575c39f423c634534b2b7bf674ef8fa08.e3iSbxaKaheRe34Sa3yKbhiTahb0n6jAmljGr5XDqQLvpAe HTTP/1.1" 200 56595
190.27.74.31 - - [18/Nov/2014:08:24:17 -0500] "POST /forms/lservlet;jsessionid=ac16012b30d575c39f423c634534b2b7bf674ef8fa08.e3iSbxaKaheRe34Sa3yKbhiTahb0n6jAmljGr5XDqQLvpAe HTTP/1.1" 200 180
190.27.74.31 - - [18/Nov/2014:08:24:20 -0500] "POST /forms/lservlet;jsessionid=ac16012b30d575c39f423c634534b2b7bf674ef8fa08.e3iSbxaKaheRe34Sa3yKbhiTahb0n6jAmljGr5XDqQLvpAe HTTP/1.1" 200 252
190.27.74.31 - - [18/Nov/2014:08:24:20 -0500] "POST /forms/lservlet;jsessionid=ac16012b30d575c39f423c634534b2b7bf674ef8fa08.e3iSbxaKaheRe34Sa3yKbhiTahb0n6jAmljGr5XDqQLvpAe HTTP/1.1" 200 75
190.27.74.31 - - [18/Nov/2014:08:24:25 -0500] "POST /forms/lservlet;jsessionid=ac16012b30d575c39f423c634534b2b7bf674ef8fa08.e3iSbxaKaheRe34Sa3yKbhiTahb0n6jAmljGr5XDqQLvpAe HTTP/1.1" 200 12
190.27.74.31 - - [18/Nov/2014:08:24:25 -0500] "POST /forms/lservlet;jsessionid=ac16012b30d575c39f423c634534b2b7bf674ef8fa08.e3iSbxaKaheRe34Sa3yKbhiTahb0n6jAmljGr5XDqQLvpAe HTTP/1.1" 200 24250
186.82.128.23 - - [18/Nov/2014:08:24:25 -0500] "GET /BLA/boletinlegal/js/jquery.js HTTP/1.1" 200 57254
186.82.128.23 - - [18/Nov/2014:08:24:25 -0500] "GET /galeria/carrusel/Carrusel/jquery.thumbnailScroller.css HTTP/1.1" 200 2066
186.82.128.23 - - [18/Nov/2014:08:24:25 -0500] "GET /BLA/boletinlegal/js/jquery.scrollShow.js HTTP/1.1" 200 4586
200.118.16.84 - - [18/Nov/2014:08:24:25 -0500] "POST /forms/lservlet;jsessionid=ac16012b30d512623ce5a05241f68ba1b47211104a51.e3iSbxaKaheRe34Sa3yKbhiTahb0n6jAmljGr5XDqQLvpAe HTTP/1.1" 200 2
190.27.74.31 - - [18/Nov/2014:08:24:26 -0500] "POST /forms/lservlet;jsessionid=ac16012b30d575c39f423c634534b2b7bf674ef8fa08.e3iSbxaKaheRe34Sa3yKbhiTahb0n6jAmljGr5XDqQLvpAe HTTP/1.1" 200 182
186.82.128.23 - - [18/Nov/2014:08:24:26 -0500] "GET /BLA/boletinlegal/js/jquery.scrollTo-min.js HTTP/1.1" 200 1150
186.82.128.23 - - [18/Nov/2014:08:24:26 -0500] "GET /galeria/carrusel/Carrusel/jquery-ui-1.8.13.custom.min.js HTTP/1.1" 200 10800
186.82.128.23 - - [18/Nov/2014:08:24:26 -0500] "GET /galeria/carrusel/Carrusel/jquery.thumbnailScroller.js HTTP/1.1" 200 8157
186.82.128.23 - - [18/Nov/2014:08:24:27 -0500] "GET /galeria/nivo-slider/demo/demo.html HTTP/1.1" 200 3537
186.82.128.23 - - [18/Nov/2014:08:24:27 -0500] "GET /galeria/nivo-slider/themes/default/default.css HTTP/1.1" 200 1569
186.82.128.23 - - [18/Nov/2014:08:24:27 -0500] "GET /galeria/nivo-slider/themes/pascal/pascal.css HTTP/1.1" 200 2258
186.82.128.23 - - [18/Nov/2014:08:24:27 -0500] "GET /galeria/nivo-slider/themes/orman/orman.css HTTP/1.1" 200 2152
186.82.128.23 - - [18/Nov/2014:08:24:27 -0500] "GET /galeria/nivo-slider/demo/style.css HTTP/1.1" 200 2222
190.27.74.31 - - [18/Nov/2014:08:24:28 -0500] "POST /forms/lservlet;jsessionid=ac16012b30d575c39f423c634534b2b7bf674ef8fa08.e3iSbxaKaheRe34Sa3yKbhiTahb0n6jAmljGr5XDqQLvpAe HTTP/1.1" 200 12
190.27.74.31 - - [18/Nov/2014:08:24:28 -0500] "POST /forms/lservlet;jsessionid=ac16012b30d575c39f423c634534b2b7bf674ef8fa08.e3iSbxaKaheRe34Sa3yKbhiTahb0n6jAmljGr5XDqQLvpAe HTTP/1.1" 200 8
190.27.74.31 - - [18/Nov/2014:08:24:28 -0500] "POST /forms/lservlet;jsessionid=ac16012b30d575c39f423c634534b2b7bf674ef8fa08.e3iSbxaKaheRe34Sa3yKbhiTahb0n6jAmljGr5XDqQLvpAe HTTP/1.1" 200 2
190.27.74.31 - - [18/Nov/2014:08:24:29 -0500] "POST /forms/lservlet;jsessionid=ac16012b30d575c39f423c634534b2b7bf674ef8fa08.e3iSbxaKaheRe34Sa3yKbhiTahb0n6jAmljGr5XDqQLvpAe HTTP/1.1" 200 47
190.27.74.31 - - [18/Nov/2014:08:24:29 -0500] "POST /forms/lservlet;jsessionid=ac16012b30d575c39f423c634534b2b7bf674ef8fa08.e3iSbxaKaheRe34Sa3yKbhiTahb0n6jAmljGr5XDqQLvpAe HTTP/1.1" 200 7
190.27.74.31 - - [18/Nov/2014:08:24:29 -0500] "POST /forms/lservlet;jsessionid=ac16012b30d575c39f423c634534b2b7bf674ef8fa08.e3iSbxaKaheRe34Sa3yKbhiTahb0n6jAmljGr5XDqQLvpAe HTTP/1.1" 200 15
190.27.74.31 - - [18/Nov/2014:08:19:29 -0500] "POST /forms/lservlet;jsessionid=ac16012b30d575c39f423c634534b2b7bf674ef8fa08.e3iSbxaKaheRe34Sa3yKbhiTahb0n6jAmljGr5XDqQLvpAe HTTP/1.1" 400 945
190.27.74.31 - - [18/Nov/2014:08:24:30 -0500] "POST /forms/lservlet;jsessionid=ac16012b30d575c39f423c634534b2b7bf674ef8fa08.e3iSbxaKaheRe34Sa3yKbhiTahb0n6jAmljGr5XDqQLvpAe HTTP/1.1" 200 2
186.82.128.23 - - [18/Nov/2014:08:24:30 -0500] "GET /galeria/nivo-slider/nivo-slider.css HTTP/1.1" 200 1507
186.82.128.23 - - [18/Nov/2014:08:24:30 -0500] "GET /galeria/nivo-slider/demo/scripts/jquery-1.7.1.min.js HTTP/1.1" 200 93868
186.82.128.23 - - [18/Nov/2014:08:24:30 -0500] "GET /galeria/nivo-slider/jquery.nivo.slider.pack.js HTTP/1.1" 200 11561
186.82.128.23 - - [18/Nov/2014:08:24:30 -0500] "GET /galeria/nivo-slider/demo/images/ForoNacionalAmbiental.jpg HTTP/1.1" 200 202541
186.82.128.23 - - [18/Nov/2014:08:24:30 -0500] "GET /galeria/nivo-slider/demo/images/banner-aceite3.jpg HTTP/1.1" 200 88347
186.82.128.23 - - [18/Nov/2014:08:24:30 -0500] "GET /galeria/nivo-slider/demo/images/porloshumedales.jpg HTTP/1.1" 200 351238
186.82.128.23 - - [18/Nov/2014:08:24:30 -0500] "GET /galeria/nivo-slider/demo/images/Banner-Ecourbanismo.jpg HTTP/1.1" 200 189838
186.82.128.23 - - [18/Nov/2014:08:24:30 -0500] "GET /galeria/nivo-slider/demo/images/Banner-comparendo.jpg HTTP/1.1" 200 388762
186.82.128.23 - - [18/Nov/2014:08:24:31 -0500] "GET /galeria/nivo-slider/demo/images/4Simple_Slider.png HTTP/1.1" 200 11722
186.82.128.23 - - [18/Nov/2014:08:24:31 -0500] "GET /galeria/nivo-slider/demo/images/Banner-Caracol-Africano.jpg HTTP/1.1" 200 331986
186.82.128.23 - - [18/Nov/2014:08:24:31 -0500] "GET /galeria/nivo-slider/demo/images/Hacienda_Molinos.jpg HTTP/1.1" 200 319171
181.48.188.19 - - [18/Nov/2014:08:24:31 -0500] "GET /autoliquidacion/ HTTP/1.1" 200 6375
190.27.74.31 - - [18/Nov/2014:08:24:32 -0500] "POST /forms/lservlet;jsessionid=ac16012b30d575c39f423c634534b2b7bf674ef8fa08.e3iSbxaKaheRe34Sa3yKbhiTahb0n6jAmljGr5XDqQLvpAe HTTP/1.1" 200 2
186.82.128.23 - - [18/Nov/2014:08:24:32 -0500] "GET /galeria/nivo-slider/demo/images/9Signos.jpg HTTP/1.1" 200 93040
190.27.74.31 - - [18/Nov/2014:08:24:32 -0500] "POST /forms/lservlet;jsessionid=ac16012b30d575c39f423c634534b2b7bf674ef8fa08.e3iSbxaKaheRe34Sa3yKbhiTahb0n6jAmljGr5XDqQLvpAe HTTP/1.1" 200 110
186.82.128.23 - - [18/Nov/2014:08:24:32 -0500] "GET /galeria/nivo-slider/demo/images/Tingua-azul.jpg HTTP/1.1" 200 307638
186.82.128.23 - - [18/Nov/2014:08:24:32 -0500] "GET /galeria/nivo-slider/demo/images/banner-redes.jpg HTTP/1.1" 200 62209
186.82.128.23 - - [18/Nov/2014:08:24:32 -0500] "GET /galeria/nivo-slider/themes/default/loading.gif HTTP/1.1" 200 1737
186.82.128.23 - - [18/Nov/2014:08:24:32 -0500] "GET /galeria/nivo-slider/demo/images/bannerEcolecta3.jpg HTTP/1.1" 200 280034
190.27.74.31 - - [18/Nov/2014:08:24:32 -0500] "POST /forms/lservlet;jsessionid=ac16012b30d575c39f423c634534b2b7bf674ef8fa08.e3iSbxaKaheRe34Sa3yKbhiTahb0n6jAmljGr5XDqQLvpAe HTTP/1.1" 200 2
190.27.74.31 - - [18/Nov/2014:08:24:33 -0500] "POST /forms/lservlet;jsessionid=ac16012b30d575c39f423c634534b2b7bf674ef8fa08.e3iSbxaKaheRe34Sa3yKbhiTahb0n6jAmljGr5XDqQLvpAe HTTP/1.1" 200 2
186.82.128.23 - - [18/Nov/2014:08:24:33 -0500] "GET /galeria/nivo-slider/demo/images/banner-caballos.png HTTP/1.1" 200 389106
190.27.74.31 - - [18/Nov/2014:08:24:34 -0500] "POST /forms/lservlet;jsessionid=ac16012b30d575c39f423c634534b2b7bf674ef8fa08.e3iSbxaKaheRe34Sa3yKbhiTahb0n6jAmljGr5XDqQLvpAe HTTP/1.1" 200 167
186.82.128.23 - - [18/Nov/2014:08:24:34 -0500] "GET /galeria/nivo-slider/themes/default/arrows.png HTTP/1.1" 200 824
186.82.128.23 - - [18/Nov/2014:08:24:34 -0500] "GET /galeria/nivo-slider/themes/default/bullets.png HTTP/1.1" 200 1281
190.27.74.31 - - [18/Nov/2014:08:24:35 -0500] "POST /forms/lservlet;jsessionid=ac16012b30d575c39f423c634534b2b7bf674ef8fa08.e3iSbxaKaheRe34Sa3yKbhiTahb0n6jAmljGr5XDqQLvpAe HTTP/1.1" 200 247
190.27.74.31 - - [18/Nov/2014:08:24:36 -0500] "POST /forms/lservlet;jsessionid=ac16012b30d575c39f423c634534b2b7bf674ef8fa08.e3iSbxaKaheRe34Sa3yKbhiTahb0n6jAmljGr5XDqQLvpAe HTTP/1.1" 200 75
190.27.74.31 - - [18/Nov/2014:08:24:44 -0500] "POST /forms/lservlet;jsessionid=ac16012b30d575c39f423c634534b2b7bf674ef8fa08.e3iSbxaKaheRe34Sa3yKbhiTahb0n6jAmljGr5XDqQLvpAe HTTP/1.1" 200 12
190.27.74.31 - - [18/Nov/2014:08:24:44 -0500] "POST /forms/lservlet;jsessionid=ac16012b30d575c39f423c634534b2b7bf674ef8fa08.e3iSbxaKaheRe34Sa3yKbhiTahb0n6jAmljGr5XDqQLvpAe HTTP/1.1" 200 24250
190.27.74.31 - - [18/Nov/2014:08:24:45 -0500] "POST /forms/lservlet;jsessionid=ac16012b30d575c39f423c634534b2b7bf674ef8fa08.e3iSbxaKaheRe34Sa3yKbhiTahb0n6jAmljGr5XDqQLvpAe HTTP/1.1" 200 182
190.27.74.31 - - [18/Nov/2014:08:24:47 -0500] "POST /forms/lservlet;jsessionid=ac16012b30d575c39f423c634534b2b7bf674ef8fa08.e3iSbxaKaheRe34Sa3yKbhiTahb0n6jAmljGr5XDqQLvpAe HTTP/1.1" 200 12
190.27.74.31 - - [18/Nov/2014:08:24:48 -0500] "POST /forms/lservlet;jsessionid=ac16012b30d575c39f423c634534b2b7bf674ef8fa08.e3iSbxaKaheRe34Sa3yKbhiTahb0n6jAmljGr5XDqQLvpAe HTTP/1.1" 200 8
190.27.74.31 - - [18/Nov/2014:08:24:48 -0500] "POST /forms/lservlet;jsessionid=ac16012b30d575c39f423c634534b2b7bf674ef8fa08.e3iSbxaKaheRe34Sa3yKbhiTahb0n6jAmljGr5XDqQLvpAe HTTP/1.1" 200 2
181.48.188.19 - - [18/Nov/2014:08:24:48 -0500] "GET /autoliquidacion/index.php?dir=Solicitudes+relacionadas+con+calidad+del+aire+auditiva+y+visual%2F HTTP/1.1" 200 5748
190.27.74.31 - - [18/Nov/2014:08:24:48 -0500] "POST /forms/lservlet;jsessionid=ac16012b30d575c39f423c634534b2b7bf674ef8fa08.e3iSbxaKaheRe34Sa3yKbhiTahb0n6jAmljGr5XDqQLvpAe HTTP/1.1" 200 47
190.27.74.31 - - [18/Nov/2014:08:24:49 -0500] "POST /forms/lservlet;jsessionid=ac16012b30d575c39f423c634534b2b7bf674ef8fa08.e3iSbxaKaheRe34Sa3yKbhiTahb0n6jAmljGr5XDqQLvpAe HTTP/1.1" 200 7
190.27.74.31 - - [18/Nov/2014:08:24:49 -0500] "POST /forms/lservlet;jsessionid=ac16012b30d575c39f423c634534b2b7bf674ef8fa08.e3iSbxaKaheRe34Sa3yKbhiTahb0n6jAmljGr5XDqQLvpAe HTTP/1.1" 200 15
190.27.74.31 - - [18/Nov/2014:08:24:50 -0500] "POST /forms/lservlet;jsessionid=ac16012b30d575c39f423c634534b2b7bf674ef8fa08.e3iSbxaKaheRe34Sa3yKbhiTahb0n6jAmljGr5XDqQLvpAe HTTP/1.1" 200 12
190.27.74.31 - - [18/Nov/2014:08:24:50 -0500] "POST /forms/lservlet;jsessionid=ac16012b30d575c39f423c634534b2b7bf674ef8fa08.e3iSbxaKaheRe34Sa3yKbhiTahb0n6jAmljGr5XDqQLvpAe HTTP/1.1" 200 2
190.27.74.31 - - [18/Nov/2014:08:24:50 -0500] "POST /forms/lservlet;jsessionid=ac16012b30d575c39f423c634534b2b7bf674ef8fa08.e3iSbxaKaheRe34Sa3yKbhiTahb0n6jAmljGr5XDqQLvpAe HTTP/1.1" 200 24348
220.181.108.105 - - [18/Nov/2014:08:24:51 -0500] "GET /resoluciones/resoluciones%202007/res%202007%201401%20al%201500/resolucion%201401%20de%202007.pdf HTTP/1.1" 404 1018
190.27.74.31 - - [18/Nov/2014:08:24:52 -0500] "POST /forms/lservlet;jsessionid=ac16012b30d575c39f423c634534b2b7bf674ef8fa08.e3iSbxaKaheRe34Sa3yKbhiTahb0n6jAmljGr5XDqQLvpAe HTTP/1.1" 200 2
190.27.74.31 - - [18/Nov/2014:08:24:52 -0500] "POST /forms/lservlet;jsessionid=ac16012b30d575c39f423c634534b2b7bf674ef8fa08.e3iSbxaKaheRe34Sa3yKbhiTahb0n6jAmljGr5XDqQLvpAe HTTP/1.1" 200 104
190.27.74.31 - - [18/Nov/2014:08:24:53 -0500] "POST /forms/lservlet;jsessionid=ac16012b30d575c39f423c634534b2b7bf674ef8fa08.e3iSbxaKaheRe34Sa3yKbhiTahb0n6jAmljGr5XDqQLvpAe HTTP/1.1" 200 2
190.27.74.31 - - [18/Nov/2014:08:24:53 -0500] "POST /forms/lservlet;jsessionid=ac16012b30d575c39f423c634534b2b7bf674ef8fa08.e3iSbxaKaheRe34Sa3yKbhiTahb0n6jAmljGr5XDqQLvpAe HTTP/1.1" 200 2
190.27.74.31 - - [18/Nov/2014:08:24:54 -0500] "POST /forms/lservlet;jsessionid=ac16012b30d575c39f423c634534b2b7bf674ef8fa08.e3iSbxaKaheRe34Sa3yKbhiTahb0n6jAmljGr5XDqQLvpAe HTTP/1.1" 200 167
190.27.74.31 - - [18/Nov/2014:08:24:56 -0500] "POST /forms/lservlet;jsessionid=ac16012b30d575c39f423c634534b2b7bf674ef8fa08.e3iSbxaKaheRe34Sa3yKbhiTahb0n6jAmljGr5XDqQLvpAe HTTP/1.1" 200 56499
190.27.74.31 - - [18/Nov/2014:08:24:58 -0500] "POST /forms/lservlet;jsessionid=ac16012b30d575c39f423c634534b2b7bf674ef8fa08.e3iSbxaKaheRe34Sa3yKbhiTahb0n6jAmljGr5XDqQLvpAe HTTP/1.1" 200 56510
181.48.188.19 - - [18/Nov/2014:08:25:00 -0500] "GET /autoliquidacion/index.php?dir=Solicitudes+relacionadas+con+calidad+del+aire+auditiva+y+visual%2FRegistro+de+Elementos+de+publicidad+Exterior+Visual%2F HTTP/1.1" 200 4037
190.27.74.31 - - [18/Nov/2014:08:25:04 -0500] "POST /forms/lservlet;jsessionid=ac16012b30d575c39f423c634534b2b7bf674ef8fa08.e3iSbxaKaheRe34Sa3yKbhiTahb0n6jAmljGr5XDqQLvpAe HTTP/1.1" 200 33994
190.27.74.31 - - [18/Nov/2014:08:25:06 -0500] "POST /forms/lservlet;jsessionid=ac16012b30d575c39f423c634534b2b7bf674ef8fa08.e3iSbxaKaheRe34Sa3yKbhiTahb0n6jAmljGr5XDqQLvpAe HTTP/1.1" 200 180
190.27.74.31 - - [18/Nov/2014:08:25:08 -0500] "POST /forms/lservlet;jsessionid=ac16012b30d575c39f423c634534b2b7bf674ef8fa08.e3iSbxaKaheRe34Sa3yKbhiTahb0n6jAmljGr5XDqQLvpAe HTTP/1.1" 200 252
190.27.74.31 - - [18/Nov/2014:08:25:09 -0500] "POST /forms/lservlet;jsessionid=ac16012b30d575c39f423c634534b2b7bf674ef8fa08.e3iSbxaKaheRe34Sa3yKbhiTahb0n6jAmljGr5XDqQLvpAe HTTP/1.1" 200 75
190.27.74.31 - - [18/Nov/2014:08:25:15 -0500] "POST /forms/lservlet;jsessionid=ac16012b30d575c39f423c634534b2b7bf674ef8fa08.e3iSbxaKaheRe34Sa3yKbhiTahb0n6jAmljGr5XDqQLvpAe HTTP/1.1" 200 12
