190.24.138.253 - - [18/Nov/2014:08:44:17 -0500] "GET /galeria/nivo-slider/demo/images/banner-aceite3.jpg HTTP/1.1" 200 88347
190.24.138.253 - - [18/Nov/2014:08:44:17 -0500] "GET /galeria/nivo-slider/demo/images/Tingua-azul.jpg HTTP/1.1" 200 307638
190.24.138.253 - - [18/Nov/2014:08:44:18 -0500] "GET /galeria/nivo-slider/demo/images/banner-caballos.png HTTP/1.1" 200 389106
190.24.138.253 - - [18/Nov/2014:08:44:18 -0500] "GET /galeria/nivo-slider/demo/images/Hacienda_Molinos.jpg HTTP/1.1" 200 319171
190.24.138.253 - - [18/Nov/2014:08:44:18 -0500] "GET /galeria/nivo-slider/demo/images/bannerEcolecta3.jpg HTTP/1.1" 200 280034
190.27.74.31 - - [18/Nov/2014:08:44:17 -0500] "POST /forms/lservlet;jsessionid=ac16012b30d575c39f423c634534b2b7bf674ef8fa08.e3iSbxaKaheRe34Sa3yKbhiTahb0n6jAmljGr5XDqQLvpAe HTTP/1.1" 200 36847
190.24.138.253 - - [18/Nov/2014:08:44:19 -0500] "GET /galeria/nivo-slider/demo/scripts/jquery-1.7.1.min.js HTTP/1.1" 200 93868
190.24.138.253 - - [18/Nov/2014:08:44:19 -0500] "GET /galeria/nivo-slider/jquery.nivo.slider.pack.js HTTP/1.1" 200 11561
190.24.138.253 - - [18/Nov/2014:08:44:19 -0500] "GET /galeria/nivo-slider/demo/images/Banner-comparendo.jpg HTTP/1.1" 200 388762
190.24.138.253 - - [18/Nov/2014:08:44:19 -0500] "GET /galeria/nivo-slider/demo/images/banner-redes.jpg HTTP/1.1" 200 62209
190.24.138.253 - - [18/Nov/2014:08:44:19 -0500] "GET /galeria/nivo-slider/demo/images/9Signos.jpg HTTP/1.1" 200 93040
190.24.138.253 - - [18/Nov/2014:08:44:19 -0500] "GET /galeria/nivo-slider/demo/images/4Simple_Slider.png HTTP/1.1" 200 11722
190.24.138.253 - - [18/Nov/2014:08:44:19 -0500] "GET /galeria/nivo-slider/themes/default/loading.gif HTTP/1.1" 200 1737
190.27.74.31 - - [18/Nov/2014:08:44:19 -0500] "POST /forms/lservlet;jsessionid=ac16012b30d575c39f423c634534b2b7bf674ef8fa08.e3iSbxaKaheRe34Sa3yKbhiTahb0n6jAmljGr5XDqQLvpAe HTTP/1.1" 200 36794
190.24.138.253 - - [18/Nov/2014:08:44:21 -0500] "GET /videos/Spot_CambioClimatico.flv HTTP/1.1" 200 4371917
190.27.74.31 - - [18/Nov/2014:08:44:20 -0500] "POST /forms/lservlet;jsessionid=ac16012b30d575c39f423c634534b2b7bf674ef8fa08.e3iSbxaKaheRe34Sa3yKbhiTahb0n6jAmljGr5XDqQLvpAe HTTP/1.1" 200 36794
190.24.138.253 - - [18/Nov/2014:08:44:24 -0500] "GET /galeria/nivo-slider/themes/default/bullets.png HTTP/1.1" 200 1281
190.24.138.253 - - [18/Nov/2014:08:44:24 -0500] "GET /galeria/nivo-slider/themes/default/arrows.png HTTP/1.1" 200 824
200.118.16.84 - - [18/Nov/2014:08:44:26 -0500] "POST /forms/lservlet;jsessionid=ac16012b30d512623ce5a05241f68ba1b47211104a51.e3iSbxaKaheRe34Sa3yKbhiTahb0n6jAmljGr5XDqQLvpAe HTTP/1.1" 200 2
190.27.74.31 - - [18/Nov/2014:08:44:29 -0500] "POST /forms/lservlet;jsessionid=ac16012b30d575c39f423c634534b2b7bf674ef8fa08.e3iSbxaKaheRe34Sa3yKbhiTahb0n6jAmljGr5XDqQLvpAe HTTP/1.1" 200 34360
190.27.74.31 - - [18/Nov/2014:08:44:31 -0500] "POST /forms/lservlet;jsessionid=ac16012b30d575c39f423c634534b2b7bf674ef8fa08.e3iSbxaKaheRe34Sa3yKbhiTahb0n6jAmljGr5XDqQLvpAe HTTP/1.1" 200 180
200.118.16.84 - - [18/Nov/2014:08:44:33 -0500] "POST /forms/lservlet;jsessionid=ac16012b30d512623ce5a05241f68ba1b47211104a51.e3iSbxaKaheRe34Sa3yKbhiTahb0n6jAmljGr5XDqQLvpAe HTTP/1.1" 200 105
190.27.74.31 - - [18/Nov/2014:08:44:34 -0500] "POST /forms/lservlet;jsessionid=ac16012b30d575c39f423c634534b2b7bf674ef8fa08.e3iSbxaKaheRe34Sa3yKbhiTahb0n6jAmljGr5XDqQLvpAe HTTP/1.1" 200 253
190.27.74.31 - - [18/Nov/2014:08:44:35 -0500] "POST /forms/lservlet;jsessionid=ac16012b30d575c39f423c634534b2b7bf674ef8fa08.e3iSbxaKaheRe34Sa3yKbhiTahb0n6jAmljGr5XDqQLvpAe HTTP/1.1" 200 91
190.27.74.31 - - [18/Nov/2014:08:44:35 -0500] "POST /forms/lservlet;jsessionid=ac16012b30d575c39f423c634534b2b7bf674ef8fa08.e3iSbxaKaheRe34Sa3yKbhiTahb0n6jAmljGr5XDqQLvpAe HTTP/1.1" 200 7
190.158.227.26 - - [18/Nov/2014:08:44:39 -0500] "GET /BLA/boletinlegal/js/jquery.js HTTP/1.1" 200 57254
190.158.227.26 - - [18/Nov/2014:08:44:39 -0500] "GET /BLA/boletinlegal/js/jquery.scrollTo-min.js HTTP/1.1" 200 1150
190.158.227.26 - - [18/Nov/2014:08:44:39 -0500] "GET /BLA/boletinlegal/js/jquery.scrollShow.js HTTP/1.1" 200 4586
190.158.227.26 - - [18/Nov/2014:08:44:39 -0500] "GET /galeria/carrusel/Carrusel/jquery.thumbnailScroller.css HTTP/1.1" 200 2066
190.158.227.26 - - [18/Nov/2014:08:44:39 -0500] "GET /galeria/carrusel/Carrusel/jquery-ui-1.8.13.custom.min.js HTTP/1.1" 200 10800
190.158.227.26 - - [18/Nov/2014:08:44:39 -0500] "GET /galeria/carrusel/Carrusel/jquery.thumbnailScroller.js HTTP/1.1" 200 8157
190.27.74.31 - - [18/Nov/2014:08:44:41 -0500] "POST /forms/lservlet;jsessionid=ac16012b30d575c39f423c634534b2b7bf674ef8fa08.e3iSbxaKaheRe34Sa3yKbhiTahb0n6jAmljGr5XDqQLvpAe HTTP/1.1" 200 12
190.27.74.31 - - [18/Nov/2014:08:44:41 -0500] "POST /forms/lservlet;jsessionid=ac16012b30d575c39f423c634534b2b7bf674ef8fa08.e3iSbxaKaheRe34Sa3yKbhiTahb0n6jAmljGr5XDqQLvpAe HTTP/1.1" 200 14188
190.27.74.31 - - [18/Nov/2014:08:44:42 -0500] "POST /forms/lservlet;jsessionid=ac16012b30d575c39f423c634534b2b7bf674ef8fa08.e3iSbxaKaheRe34Sa3yKbhiTahb0n6jAmljGr5XDqQLvpAe HTTP/1.1" 200 182
190.158.227.26 - - [18/Nov/2014:08:44:42 -0500] "GET /galeria/nivo-slider/demo/demo.html HTTP/1.1" 200 3537
190.158.227.26 - - [18/Nov/2014:08:44:43 -0500] "GET /galeria/nivo-slider/themes/default/default.css HTTP/1.1" 200 1569
190.158.227.26 - - [18/Nov/2014:08:44:43 -0500] "GET /galeria/nivo-slider/themes/pascal/pascal.css HTTP/1.1" 200 2258
190.158.227.26 - - [18/Nov/2014:08:44:43 -0500] "GET /galeria/nivo-slider/themes/orman/orman.css HTTP/1.1" 200 2152
190.158.227.26 - - [18/Nov/2014:08:44:43 -0500] "GET /galeria/nivo-slider/demo/scripts/jquery-1.7.1.min.js HTTP/1.1" 200 93868
190.158.227.26 - - [18/Nov/2014:08:44:43 -0500] "GET /galeria/nivo-slider/jquery.nivo.slider.pack.js HTTP/1.1" 200 11561
190.158.227.26 - - [18/Nov/2014:08:44:43 -0500] "GET /galeria/nivo-slider/nivo-slider.css HTTP/1.1" 200 1507
190.158.227.26 - - [18/Nov/2014:08:44:43 -0500] "GET /galeria/nivo-slider/demo/style.css HTTP/1.1" 200 2222
190.158.227.26 - - [18/Nov/2014:08:44:43 -0500] "GET /galeria/nivo-slider/demo/images/ForoNacionalAmbiental.jpg HTTP/1.1" 200 202541
190.158.227.26 - - [18/Nov/2014:08:44:43 -0500] "GET /galeria/nivo-slider/demo/images/Banner-comparendo.jpg HTTP/1.1" 200 388762
190.158.227.26 - - [18/Nov/2014:08:44:43 -0500] "GET /galeria/nivo-slider/demo/images/Banner-Ecourbanismo.jpg HTTP/1.1" 200 189838
190.158.227.26 - - [18/Nov/2014:08:44:43 -0500] "GET /galeria/nivo-slider/demo/images/porloshumedales.jpg HTTP/1.1" 200 351238
190.158.227.26 - - [18/Nov/2014:08:44:43 -0500] "GET /galeria/nivo-slider/demo/images/4Simple_Slider.png HTTP/1.1" 200 11722
190.158.227.26 - - [18/Nov/2014:08:44:43 -0500] "GET /galeria/nivo-slider/themes/default/loading.gif HTTP/1.1" 200 1737
190.158.227.26 - - [18/Nov/2014:08:44:44 -0500] "GET /galeria/nivo-slider/demo/images/banner-aceite3.jpg HTTP/1.1" 200 88347
190.158.227.26 - - [18/Nov/2014:08:44:44 -0500] "GET /galeria/nivo-slider/demo/images/Banner-Caracol-Africano.jpg HTTP/1.1" 200 331986
190.158.227.26 - - [18/Nov/2014:08:44:44 -0500] "GET /galeria/nivo-slider/demo/images/Tingua-azul.jpg HTTP/1.1" 200 307638
190.158.227.26 - - [18/Nov/2014:08:44:44 -0500] "GET /galeria/nivo-slider/demo/images/banner-redes.jpg HTTP/1.1" 200 62209
190.158.227.26 - - [18/Nov/2014:08:44:44 -0500] "GET /galeria/nivo-slider/demo/images/9Signos.jpg HTTP/1.1" 200 93040
190.158.227.26 - - [18/Nov/2014:08:44:44 -0500] "GET /galeria/nivo-slider/demo/images/banner-caballos.png HTTP/1.1" 200 389106
190.158.227.26 - - [18/Nov/2014:08:44:44 -0500] "GET /galeria/nivo-slider/demo/images/Hacienda_Molinos.jpg HTTP/1.1" 200 319171
190.158.227.26 - - [18/Nov/2014:08:44:44 -0500] "GET /galeria/nivo-slider/demo/images/bannerEcolecta3.jpg HTTP/1.1" 200 280034
190.27.74.31 - - [18/Nov/2014:08:44:45 -0500] "POST /forms/lservlet;jsessionid=ac16012b30d575c39f423c634534b2b7bf674ef8fa08.e3iSbxaKaheRe34Sa3yKbhiTahb0n6jAmljGr5XDqQLvpAe HTTP/1.1" 200 12
190.27.74.31 - - [18/Nov/2014:08:44:45 -0500] "POST /forms/lservlet;jsessionid=ac16012b30d575c39f423c634534b2b7bf674ef8fa08.e3iSbxaKaheRe34Sa3yKbhiTahb0n6jAmljGr5XDqQLvpAe HTTP/1.1" 200 8
190.27.74.31 - - [18/Nov/2014:08:44:45 -0500] "POST /forms/lservlet;jsessionid=ac16012b30d575c39f423c634534b2b7bf674ef8fa08.e3iSbxaKaheRe34Sa3yKbhiTahb0n6jAmljGr5XDqQLvpAe HTTP/1.1" 200 2
190.158.227.26 - - [18/Nov/2014:08:44:46 -0500] "GET /galeria/nivo-slider/themes/default/arrows.png HTTP/1.1" 200 824
190.158.227.26 - - [18/Nov/2014:08:44:46 -0500] "GET /galeria/nivo-slider/themes/default/bullets.png HTTP/1.1" 200 1281
190.27.74.31 - - [18/Nov/2014:08:44:46 -0500] "POST /forms/lservlet;jsessionid=ac16012b30d575c39f423c634534b2b7bf674ef8fa08.e3iSbxaKaheRe34Sa3yKbhiTahb0n6jAmljGr5XDqQLvpAe HTTP/1.1" 200 47
190.27.74.31 - - [18/Nov/2014:08:44:46 -0500] "POST /forms/lservlet;jsessionid=ac16012b30d575c39f423c634534b2b7bf674ef8fa08.e3iSbxaKaheRe34Sa3yKbhiTahb0n6jAmljGr5XDqQLvpAe HTTP/1.1" 200 7
190.27.74.31 - - [18/Nov/2014:08:44:47 -0500] "POST /forms/lservlet;jsessionid=ac16012b30d575c39f423c634534b2b7bf674ef8fa08.e3iSbxaKaheRe34Sa3yKbhiTahb0n6jAmljGr5XDqQLvpAe HTTP/1.1" 200 15
190.158.227.26 - - [18/Nov/2014:08:44:47 -0500] "GET /videos/Spot_CambioClimatico.flv HTTP/1.1" 200 4371917
190.27.74.31 - - [18/Nov/2014:08:44:48 -0500] "POST /forms/lservlet;jsessionid=ac16012b30d575c39f423c634534b2b7bf674ef8fa08.e3iSbxaKaheRe34Sa3yKbhiTahb0n6jAmljGr5XDqQLvpAe HTTP/1.1" 200 2
190.27.74.31 - - [18/Nov/2014:08:44:48 -0500] "POST /forms/lservlet;jsessionid=ac16012b30d575c39f423c634534b2b7bf674ef8fa08.e3iSbxaKaheRe34Sa3yKbhiTahb0n6jAmljGr5XDqQLvpAe HTTP/1.1" 200 110
190.27.74.31 - - [18/Nov/2014:08:44:48 -0500] "POST /forms/lservlet;jsessionid=ac16012b30d575c39f423c634534b2b7bf674ef8fa08.e3iSbxaKaheRe34Sa3yKbhiTahb0n6jAmljGr5XDqQLvpAe HTTP/1.1" 200 2
190.27.74.31 - - [18/Nov/2014:08:44:49 -0500] "POST /forms/lservlet;jsessionid=ac16012b30d575c39f423c634534b2b7bf674ef8fa08.e3iSbxaKaheRe34Sa3yKbhiTahb0n6jAmljGr5XDqQLvpAe HTTP/1.1" 200 2
190.27.74.31 - - [18/Nov/2014:08:44:50 -0500] "POST /forms/lservlet;jsessionid=ac16012b30d575c39f423c634534b2b7bf674ef8fa08.e3iSbxaKaheRe34Sa3yKbhiTahb0n6jAmljGr5XDqQLvpAe HTTP/1.1" 200 167
190.27.74.31 - - [18/Nov/2014:08:44:51 -0500] "POST /forms/lservlet;jsessionid=ac16012b30d575c39f423c634534b2b7bf674ef8fa08.e3iSbxaKaheRe34Sa3yKbhiTahb0n6jAmljGr5XDqQLvpAe HTTP/1.1" 200 248
190.27.74.31 - - [18/Nov/2014:08:44:52 -0500] "POST /forms/lservlet;jsessionid=ac16012b30d575c39f423c634534b2b7bf674ef8fa08.e3iSbxaKaheRe34Sa3yKbhiTahb0n6jAmljGr5XDqQLvpAe HTTP/1.1" 200 75
180.76.5.61 - - [18/Nov/2014:08:44:55 -0500] "GET /BLA/resoluciones/RESOLUCIONES%202009/1789.pdf HTTP/1.1" 200 513819
190.27.74.31 - - [18/Nov/2014:08:44:58 -0500] "POST /forms/lservlet;jsessionid=ac16012b30d575c39f423c634534b2b7bf674ef8fa08.e3iSbxaKaheRe34Sa3yKbhiTahb0n6jAmljGr5XDqQLvpAe HTTP/1.1" 200 12
190.27.74.31 - - [18/Nov/2014:08:44:58 -0500] "POST /forms/lservlet;jsessionid=ac16012b30d575c39f423c634534b2b7bf674ef8fa08.e3iSbxaKaheRe34Sa3yKbhiTahb0n6jAmljGr5XDqQLvpAe HTTP/1.1" 200 14188
190.27.74.31 - - [18/Nov/2014:08:44:59 -0500] "POST /forms/lservlet;jsessionid=ac16012b30d575c39f423c634534b2b7bf674ef8fa08.e3iSbxaKaheRe34Sa3yKbhiTahb0n6jAmljGr5XDqQLvpAe HTTP/1.1" 200 182
190.27.74.31 - - [18/Nov/2014:08:45:01 -0500] "POST /forms/lservlet;jsessionid=ac16012b30d575c39f423c634534b2b7bf674ef8fa08.e3iSbxaKaheRe34Sa3yKbhiTahb0n6jAmljGr5XDqQLvpAe HTTP/1.1" 200 12
190.27.74.31 - - [18/Nov/2014:08:45:01 -0500] "POST /forms/lservlet;jsessionid=ac16012b30d575c39f423c634534b2b7bf674ef8fa08.e3iSbxaKaheRe34Sa3yKbhiTahb0n6jAmljGr5XDqQLvpAe HTTP/1.1" 200 8
190.27.74.31 - - [18/Nov/2014:08:45:01 -0500] "POST /forms/lservlet;jsessionid=ac16012b30d575c39f423c634534b2b7bf674ef8fa08.e3iSbxaKaheRe34Sa3yKbhiTahb0n6jAmljGr5XDqQLvpAe HTTP/1.1" 200 2
190.27.74.31 - - [18/Nov/2014:08:45:02 -0500] "POST /forms/lservlet;jsessionid=ac16012b30d575c39f423c634534b2b7bf674ef8fa08.e3iSbxaKaheRe34Sa3yKbhiTahb0n6jAmljGr5XDqQLvpAe HTTP/1.1" 200 47
190.27.74.31 - - [18/Nov/2014:08:45:02 -0500] "POST /forms/lservlet;jsessionid=ac16012b30d575c39f423c634534b2b7bf674ef8fa08.e3iSbxaKaheRe34Sa3yKbhiTahb0n6jAmljGr5XDqQLvpAe HTTP/1.1" 200 7
201.245.192.253 - - [18/Nov/2014:08:45:02 -0500] "GET /galeria/nivo-slider/demo/demo.html HTTP/1.1" 304 -
190.27.74.31 - - [18/Nov/2014:08:45:02 -0500] "POST /forms/lservlet;jsessionid=ac16012b30d575c39f423c634534b2b7bf674ef8fa08.e3iSbxaKaheRe34Sa3yKbhiTahb0n6jAmljGr5XDqQLvpAe HTTP/1.1" 200 15
201.245.192.253 - - [18/Nov/2014:08:45:03 -0500] "GET /galeria/nivo-slider/themes/default/default.css HTTP/1.1" 304 -
201.245.192.253 - - [18/Nov/2014:08:45:03 -0500] "GET /galeria/nivo-slider/demo/images/ForoNacionalAmbiental.jpg HTTP/1.1" 304 -
201.245.192.253 - - [18/Nov/2014:08:45:03 -0500] "GET /galeria/nivo-slider/demo/images/Banner-comparendo.jpg HTTP/1.1" 304 -
201.245.192.253 - - [18/Nov/2014:08:45:03 -0500] "GET /galeria/nivo-slider/demo/images/Banner-Ecourbanismo.jpg HTTP/1.1" 304 -
201.245.192.253 - - [18/Nov/2014:08:45:03 -0500] "GET /galeria/nivo-slider/demo/images/porloshumedales.jpg HTTP/1.1" 304 -
201.245.192.253 - - [18/Nov/2014:08:45:03 -0500] "GET /galeria/nivo-slider/demo/images/banner-aceite3.jpg HTTP/1.1" 304 -
201.245.192.253 - - [18/Nov/2014:08:45:03 -0500] "GET /galeria/nivo-slider/demo/images/Tingua-azul.jpg HTTP/1.1" 304 -
201.245.192.253 - - [18/Nov/2014:08:45:03 -0500] "GET /galeria/nivo-slider/demo/images/Banner-Caracol-Africano.jpg HTTP/1.1" 304 -
201.245.192.253 - - [18/Nov/2014:08:45:03 -0500] "GET /galeria/nivo-slider/demo/images/banner-redes.jpg HTTP/1.1" 304 -
201.245.192.253 - - [18/Nov/2014:08:45:03 -0500] "GET /galeria/nivo-slider/demo/images/9Signos.jpg HTTP/1.1" 304 -
201.245.192.253 - - [18/Nov/2014:08:45:03 -0500] "GET /galeria/nivo-slider/demo/images/banner-caballos.png HTTP/1.1" 304 -
201.245.192.253 - - [18/Nov/2014:08:45:03 -0500] "GET /galeria/nivo-slider/demo/images/bannerEcolecta3.jpg HTTP/1.1" 304 -
190.27.74.31 - - [18/Nov/2014:08:45:04 -0500] "POST /forms/lservlet;jsessionid=ac16012b30d575c39f423c634534b2b7bf674ef8fa08.e3iSbxaKaheRe34Sa3yKbhiTahb0n6jAmljGr5XDqQLvpAe HTTP/1.1" 200 2
190.27.74.31 - - [18/Nov/2014:08:45:04 -0500] "POST /forms/lservlet;jsessionid=ac16012b30d575c39f423c634534b2b7bf674ef8fa08.e3iSbxaKaheRe34Sa3yKbhiTahb0n6jAmljGr5XDqQLvpAe HTTP/1.1" 200 110
190.27.74.31 - - [18/Nov/2014:08:45:04 -0500] "POST /forms/lservlet;jsessionid=ac16012b30d575c39f423c634534b2b7bf674ef8fa08.e3iSbxaKaheRe34Sa3yKbhiTahb0n6jAmljGr5XDqQLvpAe HTTP/1.1" 200 2
190.27.74.31 - - [18/Nov/2014:08:45:05 -0500] "POST /forms/lservlet;jsessionid=ac16012b30d575c39f423c634534b2b7bf674ef8fa08.e3iSbxaKaheRe34Sa3yKbhiTahb0n6jAmljGr5XDqQLvpAe HTTP/1.1" 200 2
201.245.208.27 - - [18/Nov/2014:08:45:05 -0500] "GET /BLA/boletinlegal/js/jquery.js HTTP/1.1" 200 57254
201.245.208.27 - - [18/Nov/2014:08:45:05 -0500] "GET /BLA/boletinlegal/js/jquery.scrollTo-min.js HTTP/1.1" 200 1150
201.245.208.27 - - [18/Nov/2014:08:45:05 -0500] "GET /BLA/boletinlegal/js/jquery.scrollShow.js HTTP/1.1" 200 4586
190.27.74.31 - - [18/Nov/2014:08:45:06 -0500] "POST /forms/lservlet;jsessionid=ac16012b30d575c39f423c634534b2b7bf674ef8fa08.e3iSbxaKaheRe34Sa3yKbhiTahb0n6jAmljGr5XDqQLvpAe HTTP/1.1" 200 167
190.27.74.31 - - [18/Nov/2014:08:45:07 -0500] "POST /forms/lservlet;jsessionid=ac16012b30d575c39f423c634534b2b7bf674ef8fa08.e3iSbxaKaheRe34Sa3yKbhiTahb0n6jAmljGr5XDqQLvpAe HTTP/1.1" 200 34308
201.184.77.29 - - [18/Nov/2014:08:45:09 -0500] "GET /videos/ArchivoSDA.flv HTTP/1.1" 200 31205279
201.245.192.253 - - [18/Nov/2014:08:45:10 -0500] "GET /plugins/likebox.php?href=http%3A%2F%2Fwww.facebook.com%2Fpages%2FWordReferencecom%2F277856304509&width=215&height=62&colorscheme=light&show_faces=false&border_color&stream=false&header=false HTTP/1.1" 404 1296
190.27.74.31 - - [18/Nov/2014:08:45:09 -0500] "POST /forms/lservlet;jsessionid=ac16012b30d575c39f423c634534b2b7bf674ef8fa08.e3iSbxaKaheRe34Sa3yKbhiTahb0n6jAmljGr5XDqQLvpAe HTTP/1.1" 200 34255
190.27.74.31 - - [18/Nov/2014:08:45:11 -0500] "POST /forms/lservlet;jsessionid=ac16012b30d575c39f423c634534b2b7bf674ef8fa08.e3iSbxaKaheRe34Sa3yKbhiTahb0n6jAmljGr5XDqQLvpAe HTTP/1.1" 200 34255
190.27.74.31 - - [18/Nov/2014:08:45:13 -0500] "POST /forms/lservlet;jsessionid=ac16012b30d575c39f423c634534b2b7bf674ef8fa08.e3iSbxaKaheRe34Sa3yKbhiTahb0n6jAmljGr5XDqQLvpAe HTTP/1.1" 200 36813
190.27.74.31 - - [18/Nov/2014:08:45:15 -0500] "POST /forms/lservlet;jsessionid=ac16012b30d575c39f423c634534b2b7bf674ef8fa08.e3iSbxaKaheRe34Sa3yKbhiTahb0n6jAmljGr5XDqQLvpAe HTTP/1.1" 200 36794
190.27.74.31 - - [18/Nov/2014:08:45:16 -0500] "POST /forms/lservlet;jsessionid=ac16012b30d575c39f423c634534b2b7bf674ef8fa08.e3iSbxaKaheRe34Sa3yKbhiTahb0n6jAmljGr5XDqQLvpAe HTTP/1.1" 200 36794
201.245.192.253 - - [18/Nov/2014:08:45:18 -0500] "GET /forms/frmservlet?config=sia HTTP/1.1" 200 4028
201.245.192.253 - - [18/Nov/2014:08:45:19 -0500] "GET /forms/java/frmall_jinit.jar HTTP/1.1" 200 20136
201.245.192.253 - - [18/Nov/2014:08:45:19 -0500] "GET /forms/java/icons.jar HTTP/1.1" 200 20139
201.245.192.253 - - [18/Nov/2014:08:45:19 -0500] "GET /forms/java/java/awt/KeyboardFocusManager.class HTTP/1.1" 404 352
201.245.192.253 - - [18/Nov/2014:08:45:19 -0500] "GET /forms/java/java/awt/KeyboardFocusManager.class HTTP/1.1" 404 352
201.245.192.253 - - [18/Nov/2014:08:45:19 -0500] "GET /forms/java/java/awt/event/MouseWheelListener.class HTTP/1.1" 404 356
201.245.192.253 - - [18/Nov/2014:08:45:19 -0500] "GET /forms/java/java/awt/event/MouseWheelListener.class HTTP/1.1" 404 356
201.245.192.253 - - [18/Nov/2014:08:45:20 -0500] "GET /galeria/nivo-slider/demo/demo.html HTTP/1.1" 304 -
201.245.192.253 - - [18/Nov/2014:08:45:20 -0500] "GET /forms/java/oracle/forms/registry/default.dat HTTP/1.1" 404 350
201.245.192.253 - - [18/Nov/2014:08:45:21 -0500] "GET /forms/frmservlet?config=sia&acceptLanguage=es-CO&ifcmd=startsession HTTP/1.1" 200 119
201.245.192.253 - - [18/Nov/2014:08:45:21 -0500] "GET /forms/lservlet;jsessionid=ac16012b30d556bd921143ed4c3dbac6de2fce7ac261.e3iSbxaKaheRe34Sa3yKbhiTahb0n6jAmljGr5XDqQLvpAe?ifcmd=getinfo&ifhost=A3SSFFS04WL&ifip=192.168.169.71 HTTP/1.1" 200 8
190.27.74.31 - - [18/Nov/2014:08:45:21 -0500] "POST /forms/lservlet;jsessionid=ac16012b30d575c39f423c634534b2b7bf674ef8fa08.e3iSbxaKaheRe34Sa3yKbhiTahb0n6jAmljGr5XDqQLvpAe HTTP/1.1" 200 325
190.27.74.31 - - [18/Nov/2014:08:45:21 -0500] "POST /forms/lservlet;jsessionid=ac16012b30d575c39f423c634534b2b7bf674ef8fa08.e3iSbxaKaheRe34Sa3yKbhiTahb0n6jAmljGr5XDqQLvpAe HTTP/1.1" 200 11
201.245.192.253 - - [18/Nov/2014:08:45:21 -0500] "POST /forms/lservlet;jsessionid=ac16012b30d556bd921143ed4c3dbac6de2fce7ac261.e3iSbxaKaheRe34Sa3yKbhiTahb0n6jAmljGr5XDqQLvpAe HTTP/1.1" 200 8
201.245.192.253 - - [18/Nov/2014:08:45:22 -0500] "GET /forms/java/oracle/forms/engine/RunformBundle_es_CO.class HTTP/1.1" 404 362
201.245.192.253 - - [18/Nov/2014:08:45:22 -0500] "GET /forms/java/oracle/forms/engine/RunformBundle_es_CO.class HTTP/1.1" 404 362
201.245.192.253 - - [18/Nov/2014:08:45:22 -0500] "GET /forms/java/oracle/forms/engine/RunformBundle_es_CO.properties HTTP/1.1" 404 367
190.27.74.31 - - [18/Nov/2014:08:45:21 -0500] "POST /forms/lservlet;jsessionid=ac16012b30d575c39f423c634534b2b7bf674ef8fa08.e3iSbxaKaheRe34Sa3yKbhiTahb0n6jAmljGr5XDqQLvpAe HTTP/1.1" 200 37088
201.245.192.253 - - [18/Nov/2014:08:45:22 -0500] "POST /forms/lservlet;jsessionid=ac16012b30d556bd921143ed4c3dbac6de2fce7ac261.e3iSbxaKaheRe34Sa3yKbhiTahb0n6jAmljGr5XDqQLvpAe HTTP/1.1" 200 64000
201.245.192.253 - - [18/Nov/2014:08:45:23 -0500] "POST /forms/lservlet;jsessionid=ac16012b30d556bd921143ed4c3dbac6de2fce7ac261.e3iSbxaKaheRe34Sa3yKbhiTahb0n6jAmljGr5XDqQLvpAe HTTP/1.1" 200 64000
190.27.74.31 - - [18/Nov/2014:08:45:22 -0500] "POST /forms/lservlet;jsessionid=ac16012b30d575c39f423c634534b2b7bf674ef8fa08.e3iSbxaKaheRe34Sa3yKbhiTahb0n6jAmljGr5XDqQLvpAe HTTP/1.1" 200 37067
201.245.192.253 - - [18/Nov/2014:08:45:23 -0500] "POST /forms/lservlet;jsessionid=ac16012b30d556bd921143ed4c3dbac6de2fce7ac261.e3iSbxaKaheRe34Sa3yKbhiTahb0n6jAmljGr5XDqQLvpAe HTTP/1.1" 200 63623
201.245.192.253 - - [18/Nov/2014:08:45:23 -0500] "HEAD /imagenes/dama_logo.gif HTTP/1.1" 200 -
201.245.192.253 - - [18/Nov/2014:08:45:24 -0500] "GET /plugins/likebox.php?href=http%3A%2F%2Fwww.facebook.com%2Fpages%2FWordReferencecom%2F277856304509&width=215&height=62&colorscheme=light&show_faces=false&border_color&stream=false&header=false HTTP/1.1" 404 1300
201.245.192.253 - - [18/Nov/2014:08:45:24 -0500] "POST /forms/lservlet;jsessionid=ac16012b30d556bd921143ed4c3dbac6de2fce7ac261.e3iSbxaKaheRe34Sa3yKbhiTahb0n6jAmljGr5XDqQLvpAe HTTP/1.1" 200 2
201.245.192.253 - - [18/Nov/2014:08:45:24 -0500] "POST /forms/lservlet;jsessionid=ac16012b30d556bd921143ed4c3dbac6de2fce7ac261.e3iSbxaKaheRe34Sa3yKbhiTahb0n6jAmljGr5XDqQLvpAe HTTP/1.1" 200 2
190.27.74.31 - - [18/Nov/2014:08:45:24 -0500] "POST /forms/lservlet;jsessionid=ac16012b30d575c39f423c634534b2b7bf674ef8fa08.e3iSbxaKaheRe34Sa3yKbhiTahb0n6jAmljGr5XDqQLvpAe HTTP/1.1" 200 597
190.27.74.31 - - [18/Nov/2014:08:45:25 -0500] "POST /forms/lservlet;jsessionid=ac16012b30d575c39f423c634534b2b7bf674ef8fa08.e3iSbxaKaheRe34Sa3yKbhiTahb0n6jAmljGr5XDqQLvpAe HTTP/1.1" 200 49676
190.27.74.31 - - [18/Nov/2014:08:45:27 -0500] "POST /forms/lservlet;jsessionid=ac16012b30d575c39f423c634534b2b7bf674ef8fa08.e3iSbxaKaheRe34Sa3yKbhiTahb0n6jAmljGr5XDqQLvpAe HTTP/1.1" 200 324
190.145.70.82 - - [18/Nov/2014:08:45:27 -0500] "GET /BLA/boletinlegal/js/jquery.js HTTP/1.1" 200 57254
190.145.70.82 - - [18/Nov/2014:08:45:27 -0500] "GET /BLA/boletinlegal/js/jquery.scrollTo-min.js HTTP/1.1" 200 1150
190.145.70.82 - - [18/Nov/2014:08:45:27 -0500] "GET /BLA/boletinlegal/js/jquery.scrollShow.js HTTP/1.1" 200 4586
190.27.74.31 - - [18/Nov/2014:08:45:27 -0500] "POST /forms/lservlet;jsessionid=ac16012b30d575c39f423c634534b2b7bf674ef8fa08.e3iSbxaKaheRe34Sa3yKbhiTahb0n6jAmljGr5XDqQLvpAe HTTP/1.1" 200 11
201.245.192.253 - - [18/Nov/2014:08:45:27 -0500] "GET /forest/ HTTP/1.1" 200 12486
201.245.192.253 - - [18/Nov/2014:08:45:27 -0500] "GET /forest/jsoptimized/gz/js/gdocsall-1411.041919.js HTTP/1.1" 304 -
201.245.192.253 - - [18/Nov/2014:08:45:28 -0500] "GET /forest/jsoptimized/gz/js/gdocsall-1411.041919.js HTTP/1.1" 304 -
201.245.192.253 - - [18/Nov/2014:08:45:28 -0500] "GET /forest/skins/gdocs-jar/css/forest.css?version=1411.041919 HTTP/1.1" 304 -
201.245.192.253 - - [18/Nov/2014:08:45:28 -0500] "GET /forest/skins/gdocs-jar/css/menu.css?version=1411.041919 HTTP/1.1" 304 -
201.245.192.253 - - [18/Nov/2014:08:45:28 -0500] "GET /forest/skins/gdocs-jar/css/autocomplete.css?version=1411.041919 HTTP/1.1" 304 -
201.245.192.253 - - [18/Nov/2014:08:45:28 -0500] "GET /forest/skins/gdocs-jar/css/forms.css?version=1411.041919 HTTP/1.1" 304 -
201.245.192.253 - - [18/Nov/2014:08:45:28 -0500] "GET /forest/js/json3.js HTTP/1.1" 304 -
201.245.192.253 - - [18/Nov/2014:08:45:28 -0500] "GET /forest/img/panel/view_icon.gif HTTP/1.1" 304 -
201.245.192.253 - - [18/Nov/2014:08:45:28 -0500] "GET /forest/img/inicio/2.gif HTTP/1.1" 304 -
201.245.192.253 - - [18/Nov/2014:08:45:28 -0500] "GET /forest/img/inicio/3.gif HTTP/1.1" 304 -
201.245.192.253 - - [18/Nov/2014:08:45:28 -0500] "GET /forest/img/inicio/4.gif HTTP/1.1" 304 -
201.245.192.253 - - [18/Nov/2014:08:45:28 -0500] "GET /forest/img/inicio/5.gif HTTP/1.1" 304 -
201.245.192.253 - - [18/Nov/2014:08:45:28 -0500] "GET /forest/img/inicio/6.gif HTTP/1.1" 304 -
201.245.192.253 - - [18/Nov/2014:08:45:28 -0500] "GET /forest/css/escritorio.css?version=1411.041919 HTTP/1.1" 304 -
201.245.192.253 - - [18/Nov/2014:08:45:28 -0500] "GET /forest/css/index.css?version=1411.041919 HTTP/1.1" 304 -
201.245.192.253 - - [18/Nov/2014:08:45:28 -0500] "GET /forest/skins/gdocs-jar/css/dialog.css?version=1411.041919 HTTP/1.1" 304 -
201.245.192.253 - - [18/Nov/2014:08:45:28 -0500] "GET /forest/img/loading.gif HTTP/1.1" 304 -
201.245.192.253 - - [18/Nov/2014:08:45:28 -0500] "GET /forest/1ibre/jscalendar/calendar-win2k-1.css?version=1411.041919 HTTP/1.1" 304 -
201.245.192.253 - - [18/Nov/2014:08:45:28 -0500] "GET /forest/img/spacer.gif HTTP/1.1" 304 -
201.245.192.253 - - [18/Nov/2014:08:45:28 -0500] "GET /forest/img/inicio/1.gif HTTP/1.1" 304 -
201.245.192.253 - - [18/Nov/2014:08:45:28 -0500] "GET /forest/img/inicio/7.gif HTTP/1.1" 304 -
201.245.192.253 - - [18/Nov/2014:08:45:28 -0500] "GET /forest/img/mplogo.gif HTTP/1.1" 304 -
201.245.192.253 - - [18/Nov/2014:08:45:28 -0500] "GET /forest/img/close.gif HTTP/1.1" 304 -
201.245.192.253 - - [18/Nov/2014:08:45:28 -0500] "GET /forest/skins/gdocs-jar/img/okey.gif HTTP/1.1" 304 -
201.245.192.253 - - [18/Nov/2014:08:45:28 -0500] "GET /forest/img/base/bsc2_r1_c1.gif HTTP/1.1" 304 -
201.245.192.253 - - [18/Nov/2014:08:45:28 -0500] "GET /forest/img/base/bsc2_r1_c2.gif HTTP/1.1" 304 -
201.245.192.253 - - [18/Nov/2014:08:45:28 -0500] "GET /forest/img/base/bsc2_r1_c3.gif HTTP/1.1" 304 -
201.245.192.253 - - [18/Nov/2014:08:45:28 -0500] "GET /forest/img/forestIcon.gif?version=1411.041919 HTTP/1.1" 304 -
201.245.192.253 - - [18/Nov/2014:08:45:28 -0500] "GET /forest/1ibre/1ibre.css HTTP/1.1" 304 -
200.75.51.149 - - [18/Nov/2014:08:45:28 -0500] "GET /BLA/boletinlegal/js/jquery.js HTTP/1.1" 200 57254
200.75.51.149 - - [18/Nov/2014:08:45:28 -0500] "GET /BLA/boletinlegal/js/jquery.scrollShow.js HTTP/1.1" 200 4586
200.75.51.149 - - [18/Nov/2014:08:45:28 -0500] "GET /BLA/boletinlegal/js/jquery.scrollTo-min.js HTTP/1.1" 200 1150
190.27.74.31 - - [18/Nov/2014:08:45:28 -0500] "POST /forms/lservlet;jsessionid=ac16012b30d575c39f423c634534b2b7bf674ef8fa08.e3iSbxaKaheRe34Sa3yKbhiTahb0n6jAmljGr5XDqQLvpAe HTTP/1.1" 200 348
190.27.74.31 - - [18/Nov/2014:08:45:29 -0500] "POST /forms/lservlet;jsessionid=ac16012b30d575c39f423c634534b2b7bf674ef8fa08.e3iSbxaKaheRe34Sa3yKbhiTahb0n6jAmljGr5XDqQLvpAe HTTP/1.1" 200 11
190.27.74.31 - - [18/Nov/2014:08:45:30 -0500] "POST /forms/lservlet;jsessionid=ac16012b30d575c39f423c634534b2b7bf674ef8fa08.e3iSbxaKaheRe34Sa3yKbhiTahb0n6jAmljGr5XDqQLvpAe HTTP/1.1" 200 34328
144.76.8.132 - - [18/Nov/2014:08:45:31 -0500] "GET /robots.txt HTTP/1.0" 404 1015
201.245.192.253 - - [18/Nov/2014:08:45:32 -0500] "GET /galeria/nivo-slider/demo/images/ForoNacionalAmbiental.jpg HTTP/1.1" 304 -
201.245.192.253 - - [18/Nov/2014:08:45:32 -0500] "GET /galeria/nivo-slider/demo/images/Banner-comparendo.jpg HTTP/1.1" 304 -
201.245.192.253 - - [18/Nov/2014:08:45:32 -0500] "GET /galeria/nivo-slider/demo/images/Banner-Ecourbanismo.jpg HTTP/1.1" 304 -
201.245.192.253 - - [18/Nov/2014:08:45:32 -0500] "GET /galeria/nivo-slider/demo/images/porloshumedales.jpg HTTP/1.1" 304 -
201.245.192.253 - - [18/Nov/2014:08:45:32 -0500] "GET /galeria/nivo-slider/demo/images/banner-aceite3.jpg HTTP/1.1" 304 -
201.245.192.253 - - [18/Nov/2014:08:45:32 -0500] "GET /galeria/nivo-slider/demo/images/Banner-Caracol-Africano.jpg HTTP/1.1" 304 -
201.245.192.253 - - [18/Nov/2014:08:45:32 -0500] "GET /galeria/nivo-slider/demo/images/banner-redes.jpg HTTP/1.1" 304 -
201.245.192.253 - - [18/Nov/2014:08:45:32 -0500] "GET /galeria/nivo-slider/demo/images/bannerEcolecta3.jpg HTTP/1.1" 304 -
190.27.74.31 - - [18/Nov/2014:08:45:31 -0500] "POST /forms/lservlet;jsessionid=ac16012b30d575c39f423c634534b2b7bf674ef8fa08.e3iSbxaKaheRe34Sa3yKbhiTahb0n6jAmljGr5XDqQLvpAe HTTP/1.1" 200 34255
190.27.74.31 - - [18/Nov/2014:08:45:33 -0500] "POST /forms/lservlet;jsessionid=ac16012b30d575c39f423c634534b2b7bf674ef8fa08.e3iSbxaKaheRe34Sa3yKbhiTahb0n6jAmljGr5XDqQLvpAe HTTP/1.1" 200 34258
190.27.74.31 - - [18/Nov/2014:08:45:34 -0500] "POST /forms/lservlet;jsessionid=ac16012b30d575c39f423c634534b2b7bf674ef8fa08.e3iSbxaKaheRe34Sa3yKbhiTahb0n6jAmljGr5XDqQLvpAe HTTP/1.1" 200 2
201.245.192.253 - - [18/Nov/2014:08:45:35 -0500] "GET /watch?v=nfpcXRS2Gio HTTP/1.1" 404 1701
144.76.8.132 - - [18/Nov/2014:08:45:35 -0500] "GET /Anexos%20estudio%20Organizacional%20SDA/ANEXO%20No.%201-%20NORMAS%20LEGALES%20DE%20ESTRUCTURA%20Y%20PLANTA/Acuerdo%209%20de%201990%20Concejo%20de%20Bogot%C3%A1..htm HTTP/1.0" 200 34207
201.245.192.253 - - [18/Nov/2014:08:45:38 -0500] "GET /watch?v=_DNhEZyruBs HTTP/1.1" 404 1701
186.116.129.2 - - [18/Nov/2014:08:45:38 -0500] "GET /BLA/resoluciones/AUTOS%202011/5077.pdf HTTP/1.1" 200 688618
201.245.192.253 - - [18/Nov/2014:08:45:39 -0500] "GET /BLA/boletinlegal/style.css HTTP/1.1" 304 -
201.245.192.253 - - [18/Nov/2014:08:45:39 -0500] "GET /BLA/boletinlegal/styles2.css HTTP/1.1" 304 -
201.245.192.253 - - [18/Nov/2014:08:45:39 -0500] "GET /BLA/boletinlegal/images/cabezote%20BLEGAL.jpg HTTP/1.1" 304 -
201.245.192.253 - - [18/Nov/2014:08:45:39 -0500] "GET /BLA/boletinlegal/images/historia.png HTTP/1.1" 304 -
201.245.192.253 - - [18/Nov/2014:08:45:39 -0500] "GET /BLA/boletinlegal/images/subscribe-icon-big.png HTTP/1.1" 304 -
201.245.192.253 - - [18/Nov/2014:08:45:39 -0500] "GET /BLA/boletinlegal/images/body_bg.jpg HTTP/1.1" 304 -
201.245.192.253 - - [18/Nov/2014:08:45:39 -0500] "GET /BLA/boletinlegal/images/menu_rght.gif HTTP/1.1" 304 -
201.245.192.253 - - [18/Nov/2014:08:45:39 -0500] "GET /BLA/boletinlegal/images/menu_lft.gif HTTP/1.1" 304 -
201.245.192.253 - - [18/Nov/2014:08:45:39 -0500] "GET /BLA/boletinlegal/images/menu_bg.jpg HTTP/1.1" 304 -
201.245.192.253 - - [18/Nov/2014:08:45:39 -0500] "GET /BLA/boletinlegal/images/bg_top.jpg HTTP/1.1" 304 -
201.245.192.253 - - [18/Nov/2014:08:45:39 -0500] "GET /BLA/boletinlegal/images/footer_bg.jpg HTTP/1.1" 304 -
201.245.192.253 - - [18/Nov/2014:08:45:39 -0500] "GET /BLA/boletinlegal/images/text.jpg HTTP/1.1" 304 -
201.245.192.253 - - [18/Nov/2014:08:45:39 -0500] "GET /BLA/boletinlegal/images/hover.jpg HTTP/1.1" 304 -
190.27.74.31 - - [18/Nov/2014:08:45:38 -0500] "POST /forms/lservlet;jsessionid=ac16012b30d575c39f423c634534b2b7bf674ef8fa08.e3iSbxaKaheRe34Sa3yKbhiTahb0n6jAmljGr5XDqQLvpAe HTTP/1.1" 200 44155
201.245.192.253 - - [18/Nov/2014:08:45:40 -0500] "POST /omaha/update.php?w=3:iCANWgtiAdoLzC0pntr2M5lmFFADlZQxvmAGKo9WgwUocKD8DTy81THNkhD0bDgKobAqtV_vVarVOc60g1tyJQ5MbTwyLI3CPyk3aOi2oDBWDmUZvDQ5wteHUjk1XbPJkP9eraN3NMchILY46UWOumBJ2FvyXeQFkzu0uWkL_JA HTTP/1.1" 404 1020
201.245.192.253 - - [18/Nov/2014:08:45:41 -0500] "GET /watch?v=40weduWbZZY HTTP/1.1" 404 1701
201.245.192.253 - - [18/Nov/2014:08:45:42 -0500] "POST /forms/lservlet;jsessionid=ac16012b30d556bd921143ed4c3dbac6de2fce7ac261.e3iSbxaKaheRe34Sa3yKbhiTahb0n6jAmljGr5XDqQLvpAe HTTP/1.1" 200 7996
89.188.144.9 - - [18/Nov/2014:08:45:42 -0500] "GET /blog/wp-admin/ HTTP/1.1" 404 1018
190.27.74.31 - - [18/Nov/2014:08:45:43 -0500] "POST /forms/lservlet;jsessionid=ac16012b30d575c39f423c634534b2b7bf674ef8fa08.e3iSbxaKaheRe34Sa3yKbhiTahb0n6jAmljGr5XDqQLvpAe HTTP/1.1" 200 207
201.245.192.253 - - [18/Nov/2014:08:45:42 -0500] "POST /forms/lservlet;jsessionid=ac16012b30d556bd921143ed4c3dbac6de2fce7ac261.e3iSbxaKaheRe34Sa3yKbhiTahb0n6jAmljGr5XDqQLvpAe HTTP/1.1" 200 64
201.245.192.253 - - [18/Nov/2014:08:45:45 -0500] "POST /forms/lservlet;jsessionid=ac16012b30d556bd921143ed4c3dbac6de2fce7ac261.e3iSbxaKaheRe34Sa3yKbhiTahb0n6jAmljGr5XDqQLvpAe HTTP/1.1" 200 2
201.245.192.253 - - [18/Nov/2014:08:45:45 -0500] "POST /forms/lservlet;jsessionid=ac16012b30d556bd921143ed4c3dbac6de2fce7ac261.e3iSbxaKaheRe34Sa3yKbhiTahb0n6jAmljGr5XDqQLvpAe HTTP/1.1" 200 2
201.245.192.253 - - [18/Nov/2014:08:45:45 -0500] "POST /forms/lservlet;jsessionid=ac16012b30d556bd921143ed4c3dbac6de2fce7ac261.e3iSbxaKaheRe34Sa3yKbhiTahb0n6jAmljGr5XDqQLvpAe HTTP/1.1" 200 2
190.27.74.31 - - [18/Nov/2014:08:45:45 -0500] "POST /forms/lservlet;jsessionid=ac16012b30d575c39f423c634534b2b7bf674ef8fa08.e3iSbxaKaheRe34Sa3yKbhiTahb0n6jAmljGr5XDqQLvpAe HTTP/1.1" 200 155
201.245.192.253 - - [18/Nov/2014:08:45:45 -0500] "GET /BLA/boletinlegal/documentos-importantes.php HTTP/1.1" 200 4822
201.245.192.253 - - [18/Nov/2014:08:45:45 -0500] "GET /BLA/boletinlegal/images/abajo.png HTTP/1.1" 304 -
201.245.192.253 - - [18/Nov/2014:08:45:45 -0500] "GET /BLA/boletinlegal/ajax.js HTTP/1.1" 304 -
201.245.192.253 - - [18/Nov/2014:08:45:45 -0500] "GET /BLA/boletinlegal/niceforms.js HTTP/1.1" 304 -
201.245.192.253 - - [18/Nov/2014:08:45:45 -0500] "GET /BLA/boletinlegal/niceforms-default.css HTTP/1.1" 304 -
201.245.192.253 - - [18/Nov/2014:08:45:46 -0500] "GET /BLA/boletinlegal/img/0.png HTTP/1.1" 304 -
201.245.192.253 - - [18/Nov/2014:08:45:46 -0500] "GET /BLA/boletinlegal/img/button.png HTTP/1.1" 304 -
201.245.192.253 - - [18/Nov/2014:08:45:46 -0500] "GET /BLA/boletinlegal/img/button-right.png HTTP/1.1" 304 -
144.76.8.132 - - [18/Nov/2014:08:45:46 -0500] "GET /Autoliquidacion/Grupo%20Forestal%20-%20Silvicultura/Solicitud%20y%20lista%20de%20chequeo%20Evaluaci%C3%B3n%20Silvicultural.xlsx HTTP/1.0" 200 100649
201.245.192.253 - - [18/Nov/2014:08:45:46 -0500] "GET /plugins/likebox.php?href=http%3A%2F%2Fwww.facebook.com%2Fpages%2FWordReferencecom%2F277856304509&width=215&height=62&colorscheme=light&show_faces=false&border_color&stream=false&header=false HTTP/1.1" 404 1296
190.27.74.31 - - [18/Nov/2014:08:45:47 -0500] "POST /forms/lservlet;jsessionid=ac16012b30d575c39f423c634534b2b7bf674ef8fa08.e3iSbxaKaheRe34Sa3yKbhiTahb0n6jAmljGr5XDqQLvpAe HTTP/1.1" 200 349
190.27.74.31 - - [18/Nov/2014:08:45:47 -0500] "POST /forms/lservlet;jsessionid=ac16012b30d575c39f423c634534b2b7bf674ef8fa08.e3iSbxaKaheRe34Sa3yKbhiTahb0n6jAmljGr5XDqQLvpAe HTTP/1.1" 200 7
190.27.74.31 - - [18/Nov/2014:08:45:47 -0500] "POST /forms/lservlet;jsessionid=ac16012b30d575c39f423c634534b2b7bf674ef8fa08.e3iSbxaKaheRe34Sa3yKbhiTahb0n6jAmljGr5XDqQLvpAe HTTP/1.1" 200 328
190.27.74.31 - - [18/Nov/2014:08:45:47 -0500] "POST /forms/lservlet;jsessionid=ac16012b30d575c39f423c634534b2b7bf674ef8fa08.e3iSbxaKaheRe34Sa3yKbhiTahb0n6jAmljGr5XDqQLvpAe HTTP/1.1" 200 11
201.245.192.253 - - [18/Nov/2014:08:45:47 -0500] "POST /forest/login.do HTTP/1.1" 200 12533
201.245.192.253 - - [18/Nov/2014:08:45:48 -0500] "GET /forest/img/forestIcon.gif?version=1411.041919 HTTP/1.1" 304 -
190.27.74.31 - - [18/Nov/2014:08:45:48 -0500] "POST /forms/lservlet;jsessionid=ac16012b30d575c39f423c634534b2b7bf674ef8fa08.e3iSbxaKaheRe34Sa3yKbhiTahb0n6jAmljGr5XDqQLvpAe HTTP/1.1" 200 328
190.27.74.31 - - [18/Nov/2014:08:45:48 -0500] "POST /forms/lservlet;jsessionid=ac16012b30d575c39f423c634534b2b7bf674ef8fa08.e3iSbxaKaheRe34Sa3yKbhiTahb0n6jAmljGr5XDqQLvpAe HTTP/1.1" 200 11
190.27.74.31 - - [18/Nov/2014:08:45:48 -0500] "POST /forms/lservlet;jsessionid=ac16012b30d575c39f423c634534b2b7bf674ef8fa08.e3iSbxaKaheRe34Sa3yKbhiTahb0n6jAmljGr5XDqQLvpAe HTTP/1.1" 200 365
144.76.8.132 - - [18/Nov/2014:08:45:48 -0500] "GET /Politica%20Distrital%20de%20Biodiversidad/%3C?%3E HTTP/1.0" 404 1015
190.27.74.31 - - [18/Nov/2014:08:45:48 -0500] "POST /forms/lservlet;jsessionid=ac16012b30d575c39f423c634534b2b7bf674ef8fa08.e3iSbxaKaheRe34Sa3yKbhiTahb0n6jAmljGr5XDqQLvpAe HTTP/1.1" 200 11
190.27.74.31 - - [18/Nov/2014:08:45:48 -0500] "POST /forms/lservlet;jsessionid=ac16012b30d575c39f423c634534b2b7bf674ef8fa08.e3iSbxaKaheRe34Sa3yKbhiTahb0n6jAmljGr5XDqQLvpAe HTTP/1.1" 200 328
190.27.74.31 - - [18/Nov/2014:08:45:48 -0500] "POST /forms/lservlet;jsessionid=ac16012b30d575c39f423c634534b2b7bf674ef8fa08.e3iSbxaKaheRe34Sa3yKbhiTahb0n6jAmljGr5XDqQLvpAe HTTP/1.1" 200 11
201.245.192.253 - - [18/Nov/2014:08:45:48 -0500] "POST /forms/lservlet;jsessionid=ac16012b30d556bd921143ed4c3dbac6de2fce7ac261.e3iSbxaKaheRe34Sa3yKbhiTahb0n6jAmljGr5XDqQLvpAe HTTP/1.1" 200 34711
201.245.192.253 - - [18/Nov/2014:08:45:49 -0500] "POST /forms/lservlet;jsessionid=ac16012b30d556bd921143ed4c3dbac6de2fce7ac261.e3iSbxaKaheRe34Sa3yKbhiTahb0n6jAmljGr5XDqQLvpAe HTTP/1.1" 200 7
201.245.192.253 - - [18/Nov/2014:08:45:49 -0500] "POST /forms/lservlet;jsessionid=ac16012b30d556bd921143ed4c3dbac6de2fce7ac261.e3iSbxaKaheRe34Sa3yKbhiTahb0n6jAmljGr5XDqQLvpAe HTTP/1.1" 200 34
201.245.192.253 - - [18/Nov/2014:08:45:49 -0500] "POST /forms/lservlet;jsessionid=ac16012b30d556bd921143ed4c3dbac6de2fce7ac261.e3iSbxaKaheRe34Sa3yKbhiTahb0n6jAmljGr5XDqQLvpAe HTTP/1.1" 200 2
201.245.192.253 - - [18/Nov/2014:08:45:49 -0500] "GET /embed/MWj0HWbSWos?rel=0 HTTP/1.1" 404 1265
201.245.192.253 - - [18/Nov/2014:08:45:49 -0500] "GET /embed/z1zg0KbDuzo HTTP/1.1" 404 1265
201.245.192.253 - - [18/Nov/2014:08:45:50 -0500] "POST /forms/lservlet;jsessionid=ac16012b30d556bd921143ed4c3dbac6de2fce7ac261.e3iSbxaKaheRe34Sa3yKbhiTahb0n6jAmljGr5XDqQLvpAe HTTP/1.1" 200 2
201.245.192.253 - - [18/Nov/2014:08:45:50 -0500] "POST /forms/lservlet;jsessionid=ac16012b30d556bd921143ed4c3dbac6de2fce7ac261.e3iSbxaKaheRe34Sa3yKbhiTahb0n6jAmljGr5XDqQLvpAe HTTP/1.1" 200 699
201.245.192.253 - - [18/Nov/2014:08:45:50 -0500] "POST /forms/lservlet;jsessionid=ac16012b30d556bd921143ed4c3dbac6de2fce7ac261.e3iSbxaKaheRe34Sa3yKbhiTahb0n6jAmljGr5XDqQLvpAe HTTP/1.1" 200 10
190.27.74.31 - - [18/Nov/2014:08:45:50 -0500] "POST /forms/lservlet;jsessionid=ac16012b30d575c39f423c634534b2b7bf674ef8fa08.e3iSbxaKaheRe34Sa3yKbhiTahb0n6jAmljGr5XDqQLvpAe HTTP/1.1" 200 134
201.245.192.253 - - [18/Nov/2014:08:45:51 -0500] "GET /plugins/like.php?href=http%3A//computerhoy.com/video/lg-muestra-caracteristicas-del-lg-g3-beat-video-16765&layout=button_count&show_faces=false&action=like&colorscheme=light&width=100&height=21&font=&locale=es_ES HTTP/1.1" 404 1368
201.245.192.253 - - [18/Nov/2014:08:45:51 -0500] "GET /BLA/boletinlegal/norma_menu.php HTTP/1.1" 200 5286
201.245.192.253 - - [18/Nov/2014:08:45:51 -0500] "GET /BLA/boletinlegal/js/lib.js HTTP/1.1" 304 -
201.245.192.253 - - [18/Nov/2014:08:45:51 -0500] "GET /BLA/boletinlegal/js/popup.js HTTP/1.1" 304 -
201.245.192.253 - - [18/Nov/2014:08:45:51 -0500] "GET /BLA/boletinlegal/js/jquery1.js HTTP/1.1" 304 -
201.245.192.253 - - [18/Nov/2014:08:45:51 -0500] "GET /BLA/boletinlegal/images/img_3.jpg HTTP/1.1" 304 -
201.245.192.253 - - [18/Nov/2014:08:45:51 -0500] "GET /BLA/boletinlegal/carousel.swf HTTP/1.1" 304 -
201.245.192.253 - - [18/Nov/2014:08:45:51 -0500] "GET /plugins/share_button.php?app_id=180915142033352&channel=http%3A%2F%2Fstatic.ak.facebook.com%2Fconnect%2Fxd_arbiter%2FQjK2hWv6uak.js%3Fversion%3D41%23cb%3Df2a4205ec4688d%26domain%3Dcomputerhoy.com%26origin%3Dhttp%253A%252F%252Fcomputerhoy.com%252Ff2bd2e432a07f18%26relation%3Dparent.parent&href=http%3A%2F%2Fcomputerhoy.com%2Fvideo%2Flg-muestra-caracteristicas-del-lg-g3-beat-video-16765&locale=en_US&sdk=joey&type=button_count HTTP/1.1" 404 1368
144.76.8.132 - - [18/Nov/2014:08:45:52 -0500] "GET /even1/Secci%C3%B3n%201/ HTTP/1.0" 404 1015
201.245.192.253 - - [18/Nov/2014:08:45:52 -0500] "GET /BLA/boletinlegal/actos.php HTTP/1.1" 200 7534
201.245.192.253 - - [18/Nov/2014:08:45:52 -0500] "GET /BLA/boletinlegal/js/ajax_actos.js HTTP/1.1" 304 -
201.245.192.253 - - [18/Nov/2014:08:45:52 -0500] "GET /BLA/boletinlegal/images/green-yellow-blue-pink-th.png HTTP/1.1" 304 -
201.245.192.253 - - [18/Nov/2014:08:45:52 -0500] "GET /BLA/boletinlegal/img/select-left.png HTTP/1.1" 304 -
201.245.192.253 - - [18/Nov/2014:08:45:54 -0500] "GET /plugins/likebox.php?href=http%3A%2F%2Fwww.facebook.com%2Fpages%2FWordReferencecom%2F277856304509&width=215&height=62&colorscheme=light&show_faces=false&border_color&stream=false&header=false HTTP/1.1" 404 1292
144.76.8.132 - - [18/Nov/2014:08:45:54 -0500] "GET /even1/Secci%C3%B3n%202/ HTTP/1.0" 404 1015
201.245.192.253 - - [18/Nov/2014:08:45:54 -0500] "POST /forest/login.do HTTP/1.1" 302 -
201.245.192.253 - - [18/Nov/2014:08:45:54 -0500] "GET /forest/index2.jsp?a=0.13116576719620354 HTTP/1.1" 200 41460
201.245.192.253 - - [18/Nov/2014:08:45:55 -0500] "GET /forest/img/inicio.jpg HTTP/1.1" 304 -
201.245.192.253 - - [18/Nov/2014:08:45:55 -0500] "GET /forest/img/users/3.gif HTTP/1.1" 304 -
201.245.192.253 - - [18/Nov/2014:08:45:55 -0500] "GET /forest/img/users/7.gif HTTP/1.1" 304 -
201.245.192.253 - - [18/Nov/2014:08:45:55 -0500] "GET /forest/img/users/5.gif HTTP/1.1" 304 -
201.245.192.253 - - [18/Nov/2014:08:45:55 -0500] "GET /forest/img/download_large.gif HTTP/1.1" 304 -
201.245.192.253 - - [18/Nov/2014:08:45:55 -0500] "GET /forest/img/buscar_procesos.gif HTTP/1.1" 304 -
201.245.192.253 - - [18/Nov/2014:08:45:55 -0500] "GET /forest/img/buscar_documentos.gif HTTP/1.1" 304 -
201.245.192.253 - - [18/Nov/2014:08:45:55 -0500] "GET /forest/img/notify.gif HTTP/1.1" 304 -
201.245.192.253 - - [18/Nov/2014:08:45:55 -0500] "GET /forest/img/buscar.jpg HTTP/1.1" 304 -
201.245.192.253 - - [18/Nov/2014:08:45:55 -0500] "GET /forest/img/ayuda.gif HTTP/1.1" 304 -
201.245.192.253 - - [18/Nov/2014:08:45:55 -0500] "GET /forest/img/pantalla.gif HTTP/1.1" 304 -
201.245.192.253 - - [18/Nov/2014:08:45:55 -0500] "GET /forest/img/salir3.gif HTTP/1.1" 304 -
201.245.192.253 - - [18/Nov/2014:08:45:55 -0500] "GET /forest/img/panel/menu/folder.png HTTP/1.1" 304 -
201.245.192.253 - - [18/Nov/2014:08:45:55 -0500] "GET /forest/img/panel/menu/add.png HTTP/1.1" 304 -
201.245.192.253 - - [18/Nov/2014:08:45:55 -0500] "GET /forest/img/panel/menu/hoy.png HTTP/1.1" 304 -
201.245.192.253 - - [18/Nov/2014:08:45:55 -0500] "GET /forest/skins/gdocs-jar/css/tree.css HTTP/1.1" 304 -
201.245.192.253 - - [18/Nov/2014:08:45:55 -0500] "GET /forest/skins/gdocs-jar/css/autocomplete.css HTTP/1.1" 304 -
201.245.192.253 - - [18/Nov/2014:08:45:55 -0500] "GET /forest/skins/gdocs-jar/js/autocompletar2.js?version=1411.041919 HTTP/1.1" 304 -
201.245.192.253 - - [18/Nov/2014:08:45:55 -0500] "GET /forest/skins/gdocs-jar/js/xml_utilities.js?version=1411.041919 HTTP/1.1" 304 -
201.245.192.253 - - [18/Nov/2014:08:45:55 -0500] "GET /forest/js/inicio.js?version=1411.041919 HTTP/1.1" 304 -
201.245.192.253 - - [18/Nov/2014:08:45:55 -0500] "GET /forest/skins/gdocs-jar/js/misprocesos.js?version=1411.041919 HTTP/1.1" 304 -
201.245.192.253 - - [18/Nov/2014:08:45:55 -0500] "GET /forest/skins/gdocs-jar/img/cancel.gif HTTP/1.1" 304 -
201.245.192.253 - - [18/Nov/2014:08:45:55 -0500] "GET /forest/img/instanciar.gif HTTP/1.1" 304 -
201.245.192.253 - - [18/Nov/2014:08:45:55 -0500] "GET /forest/img/fondo-barra.gif HTTP/1.1" 304 -
201.245.192.253 - - [18/Nov/2014:08:45:55 -0500] "GET /forest/img/misdocumentos.gif HTTP/1.1" 304 -
201.245.192.253 - - [18/Nov/2014:08:45:55 -0500] "GET /forest/skins/gdocs-jar/img/icons/docx.gif HTTP/1.1" 304 -
201.245.192.253 - - [18/Nov/2014:08:45:55 -0500] "GET /forest/skins/gdocs-jar/img/icons/pdf.gif HTTP/1.1" 304 -
201.245.192.253 - - [18/Nov/2014:08:45:55 -0500] "GET /forest/session.jsp?a=0.522925924986137 HTTP/1.1" 200 4
201.245.192.253 - - [18/Nov/2014:08:45:55 -0500] "GET /forest/img/panel/menu/danger2.png HTTP/1.1" 304 -
201.245.192.253 - - [18/Nov/2014:08:45:55 -0500] "GET /fr/u.php?p=328546547221502&m=3938231314422336187&t=2592000 HTTP/1.1" 404 1456
201.245.192.253 - - [18/Nov/2014:08:45:57 -0500] "GET /BLA/boletinlegal/images.xml HTTP/1.1" 304 -
201.245.192.253 - - [18/Nov/2014:08:45:57 -0500] "GET /forest/img/jquery/ui-bg_glass_75_d0e5f5_1x400.png HTTP/1.1" 304 -
201.245.192.253 - - [18/Nov/2014:08:45:57 -0500] "GET /forest/skins/gdocs-jar/popup/popup.jsp?width=1100&height=500&title=Buscar%20documentos&uri=/forest/buscar.do%3Ftype%3Ddocumentos&name=undefined&_a=0.7099421241633766&a=0.4844343498407469 HTTP/1.1" 200 1300
201.245.192.253 - - [18/Nov/2014:08:45:57 -0500] "GET /forest/buscar.do?type=documentos HTTP/1.1" 200 97264
201.245.192.253 - - [18/Nov/2014:08:45:57 -0500] "GET /forest/skins/gdocs-jar/css/tree.css?version=1411.041919 HTTP/1.1" 304 -
201.245.192.253 - - [18/Nov/2014:08:45:57 -0500] "GET /forest/css/autocomplete.css?version=1411.041919 HTTP/1.1" 304 -
201.245.192.253 - - [18/Nov/2014:08:45:57 -0500] "GET /forest/js/autocompletar2.js?version=1411.041919 HTTP/1.1" 304 -
201.245.192.253 - - [18/Nov/2014:08:45:57 -0500] "GET /forest/js/escritorio/escritorio.js?version=1411.041919 HTTP/1.1" 304 -
201.245.192.253 - - [18/Nov/2014:08:45:57 -0500] "GET /forest/1ibre/protoaculous.js?version=1411.041919 HTTP/1.1" 304 -
201.245.192.253 - - [18/Nov/2014:08:45:57 -0500] "GET /forest/1ibre/jscalendar/calendar-setup.js?version=1411.041919 HTTP/1.1" 304 -
201.245.192.253 - - [18/Nov/2014:08:45:57 -0500] "GET /forest/1ibre/jscalendar/lang/calendar-es.js?version=1411.041919 HTTP/1.1" 304 -
201.245.192.253 - - [18/Nov/2014:08:45:57 -0500] "GET /forest/1ibre/jscalendar/calendar.js?version=1411.041919 HTTP/1.1" 304 -
201.245.192.253 - - [18/Nov/2014:08:45:57 -0500] "GET /forest/js/dialog.js?version=1411.041919 HTTP/1.1" 304 -
201.245.192.253 - - [18/Nov/2014:08:45:57 -0500] "GET /forest/js/load_func.js?version=1411.041919 HTTP/1.1" 304 -
201.245.192.253 - - [18/Nov/2014:08:45:57 -0500] "GET /forest/1ibre/1ibre.js?version=1411.041919 HTTP/1.1" 304 -
201.245.192.253 - - [18/Nov/2014:08:45:57 -0500] "GET /forest/js/sarissa.js?version=1411.041919 HTTP/1.1" 304 -
201.245.192.253 - - [18/Nov/2014:08:45:57 -0500] "GET /forest/1ibre/jscalendar/calendar-win2k-1.css HTTP/1.1" 304 -
201.245.192.253 - - [18/Nov/2014:08:45:57 -0500] "GET /forest/js/internJS.js?version=1411.041919 HTTP/1.1" 304 -
201.245.192.253 - - [18/Nov/2014:08:45:57 -0500] "GET /forest/js/xml_utilities.js?version=1411.041919 HTTP/1.1" 304 -
201.245.192.253 - - [18/Nov/2014:08:45:57 -0500] "GET /forest/skins/gdocs-jar/img/top-search-icon.gif HTTP/1.1" 304 -
201.245.192.253 - - [18/Nov/2014:08:45:57 -0500] "GET /forest/skins/gdocs-jar/img/select.gif HTTP/1.1" 304 -
201.245.192.253 - - [18/Nov/2014:08:45:58 -0500] "GET /forest/skins/gdocs-jar/img/user_search.gif HTTP/1.1" 304 -
201.245.192.253 - - [18/Nov/2014:08:45:58 -0500] "GET /fr/u.php?p=418865601488577&m=2e3b540d-e9b5-4a00-851c-a6be4ba6d04b HTTP/1.1" 404 1838
201.245.192.253 - - [18/Nov/2014:08:45:58 -0500] "GET /forest/json.do?query=usersByDep&coddep=6 HTTP/1.1" 200 1092
201.245.192.253 - - [18/Nov/2014:08:45:58 -0500] "GET /forest/json.do?query=usersByDep&coddep=6 HTTP/1.1" 200 1092
201.245.192.253 - - [18/Nov/2014:08:45:58 -0500] "GET /forest/1ibre/images/minus.gif HTTP/1.1" 304 -
201.245.192.253 - - [18/Nov/2014:08:45:58 -0500] "GET /forest/1ibre/images/spacer.gif HTTP/1.1" 304 -
201.245.192.253 - - [18/Nov/2014:08:45:58 -0500] "GET /forest/skins/gdocs-jar/img/dependencia-tree.gif HTTP/1.1" 304 -
201.245.192.253 - - [18/Nov/2014:08:45:58 -0500] "GET /forest/1ibre/jscalendar/img.gif HTTP/1.1" 304 -
190.146.224.163 - - [18/Nov/2014:08:45:58 -0500] "GET /BLA/boletinlegal/js/jquery.scrollTo-min.js HTTP/1.1" 200 1150
190.146.224.163 - - [18/Nov/2014:08:45:58 -0500] "GET /galeria/carrusel/Carrusel/jquery-ui-1.8.13.custom.min.js HTTP/1.1" 200 10800
190.146.224.163 - - [18/Nov/2014:08:45:58 -0500] "GET /galeria/carrusel/Carrusel/jquery.thumbnailScroller.css HTTP/1.1" 200 2066
190.146.224.163 - - [18/Nov/2014:08:45:58 -0500] "GET /galeria/carrusel/Carrusel/jquery.thumbnailScroller.js HTTP/1.1" 200 8157
190.146.224.163 - - [18/Nov/2014:08:45:58 -0500] "GET /BLA/boletinlegal/js/jquery.scrollShow.js HTTP/1.1" 200 4586
201.245.192.253 - - [18/Nov/2014:08:45:58 -0500] "GET /fr/u.php?p=185501061579159&m=T1hvcBQaT3etz8F_cpESMA&t=2592000&cb=W8u4qbUC HTTP/1.1" 404 1552
190.146.224.163 - - [18/Nov/2014:08:45:59 -0500] "GET /BLA/boletinlegal/js/jquery.js HTTP/1.1" 200 57254
201.245.192.253 - - [18/Nov/2014:08:45:59 -0500] "GET /galeria/nivo-slider/demo/images/banner-caballos.png HTTP/1.1" 304 -
201.245.192.253 - - [18/Nov/2014:08:45:59 -0500] "GET /forest/1ibre/images/plus.gif HTTP/1.1" 304 -
200.87.138.22 - - [18/Nov/2014:08:46:01 -0500] "GET /BLA/boletinlegal/js/jquery.scrollShow.js HTTP/1.1" 200 4586
200.87.138.22 - - [18/Nov/2014:08:46:01 -0500] "GET /BLA/boletinlegal/js/jquery.scrollTo-min.js HTTP/1.1" 200 1150
200.87.138.22 - - [18/Nov/2014:08:46:01 -0500] "GET /BLA/boletinlegal/js/jquery.js HTTP/1.1" 200 57254
200.87.138.22 - - [18/Nov/2014:08:46:01 -0500] "GET /galeria/carrusel/Carrusel/jquery-ui-1.8.13.custom.min.js HTTP/1.1" 200 10800
200.87.138.22 - - [18/Nov/2014:08:46:01 -0500] "GET /galeria/carrusel/Carrusel/jquery.thumbnailScroller.js HTTP/1.1" 200 8157
201.245.192.253 - - [18/Nov/2014:08:46:01 -0500] "GET /plugins/likebox.php?href=http%3A%2F%2Fwww.facebook.com%2Fpages%2FWordReferencecom%2F277856304509&width=215&height=62&colorscheme=light&show_faces=false&border_color&stream=false&header=false HTTP/1.1" 404 1296
144.76.8.132 - - [18/Nov/2014:08:46:02 -0500] "GET /even1/Secci%C3%B3n%203/ HTTP/1.0" 404 1015
190.146.224.163 - - [18/Nov/2014:08:46:02 -0500] "GET /galeria/nivo-slider/demo/demo.html HTTP/1.1" 200 3537
190.146.224.163 - - [18/Nov/2014:08:46:02 -0500] "GET /galeria/nivo-slider/demo/images/ForoNacionalAmbiental.jpg HTTP/1.1" 200 202541
190.146.224.163 - - [18/Nov/2014:08:46:02 -0500] "GET /galeria/nivo-slider/themes/pascal/pascal.css HTTP/1.1" 200 2258
190.146.224.163 - - [18/Nov/2014:08:46:02 -0500] "GET /galeria/nivo-slider/nivo-slider.css HTTP/1.1" 200 1507
190.146.224.163 - - [18/Nov/2014:08:46:02 -0500] "GET /galeria/nivo-slider/themes/default/default.css HTTP/1.1" 200 1569
190.146.224.163 - - [18/Nov/2014:08:46:02 -0500] "GET /galeria/nivo-slider/themes/orman/orman.css HTTP/1.1" 200 2152
190.146.224.163 - - [18/Nov/2014:08:46:02 -0500] "GET /galeria/nivo-slider/demo/images/Banner-comparendo.jpg HTTP/1.1" 200 388762
190.146.224.163 - - [18/Nov/2014:08:46:02 -0500] "GET /galeria/nivo-slider/demo/scripts/jquery-1.7.1.min.js HTTP/1.1" 200 93868
190.146.224.163 - - [18/Nov/2014:08:46:02 -0500] "GET /galeria/nivo-slider/demo/style.css HTTP/1.1" 200 2222
190.146.224.163 - - [18/Nov/2014:08:46:02 -0500] "GET /galeria/nivo-slider/jquery.nivo.slider.pack.js HTTP/1.1" 200 11561
190.146.224.163 - - [18/Nov/2014:08:46:03 -0500] "GET /galeria/nivo-slider/demo/images/Banner-Ecourbanismo.jpg HTTP/1.1" 200 189838
190.146.224.163 - - [18/Nov/2014:08:46:03 -0500] "GET /galeria/nivo-slider/demo/images/porloshumedales.jpg HTTP/1.1" 200 351238
190.146.224.163 - - [18/Nov/2014:08:46:03 -0500] "GET /galeria/nivo-slider/demo/images/banner-aceite3.jpg HTTP/1.1" 200 88347
201.245.192.253 - - [18/Nov/2014:08:46:03 -0500] "GET /BLA/boletinlegal/consulta_actos.php?tipo=resoluciones&no=1125&usuario=&sector=&fecha=2014&resuelve= HTTP/1.1" 200 1064
190.14.255.2 - - [18/Nov/2014:08:46:04 -0500] "GET /BLA/boletinlegal/js/jquery.scrollShow.js HTTP/1.1" 200 4586
