186.84.50.43 - - [20/Nov/2014:07:48:44 -0500] "GET /imagenes/listval.gif HTTP/1.1" 200 905
186.84.50.43 - - [20/Nov/2014:07:48:44 -0500] "GET /imagenes/tree1.gif HTTP/1.1" 200 1161
186.84.50.43 - - [20/Nov/2014:07:48:44 -0500] "GET /imagenes/listval.gif HTTP/1.1" 200 905
186.84.50.43 - - [20/Nov/2014:07:48:44 -0500] "GET /imagenes/CAMERA3.gif HTTP/1.1" 200 4150
186.84.50.43 - - [20/Nov/2014:07:48:44 -0500] "GET /imagenes/SLIDE1.gif HTTP/1.1" 200 1111
186.84.50.43 - - [20/Nov/2014:07:48:44 -0500] "GET /imagenes/flexcomb.gif HTTP/1.1" 200 1169
186.84.50.43 - - [20/Nov/2014:07:48:44 -0500] "GET /imagenes/GO.gif HTTP/1.1" 200 904
186.84.50.43 - - [20/Nov/2014:07:48:44 -0500] "GET /imagenes/HRTOOLS.gif HTTP/1.1" 200 2238
186.84.50.43 - - [20/Nov/2014:07:48:44 -0500] "GET /imagenes/rt_rec1.gif HTTP/1.1" 200 867
186.84.50.43 - - [20/Nov/2014:07:48:44 -0500] "GET /imagenes/apply.gif HTTP/1.1" 200 903
186.84.50.43 - - [20/Nov/2014:07:48:44 -0500] "GET /imagenes/exit.gif HTTP/1.1" 200 916
186.84.50.43 - - [20/Nov/2014:07:48:44 -0500] "GET /imagenes/LISTVAL.gif HTTP/1.1" 200 905
186.84.50.43 - - [20/Nov/2014:07:48:44 -0500] "GET /imagenes/edit.gif HTTP/1.1" 200 919
186.84.50.43 - - [20/Nov/2014:07:48:44 -0500] "GET /imagenes/rt_rec4.gif HTTP/1.1" 200 865
186.84.50.43 - - [20/Nov/2014:07:48:44 -0500] "GET /imagenes/rt_rec3.gif HTTP/1.1" 200 844
186.84.50.43 - - [20/Nov/2014:07:48:44 -0500] "GET /imagenes/rt_rec2.gif HTTP/1.1" 200 847
186.84.50.43 - - [20/Nov/2014:07:48:44 -0500] "GET /imagenes/rt_rdel.gif HTTP/1.1" 200 899
186.84.50.43 - - [20/Nov/2014:07:48:44 -0500] "GET /imagenes/rt_radd.gif HTTP/1.1" 200 907
186.84.50.43 - - [20/Nov/2014:07:48:44 -0500] "GET /imagenes/rt_quer3.gif HTTP/1.1" 200 939
186.84.50.43 - - [20/Nov/2014:07:48:44 -0500] "GET /imagenes/rt_quer2.gif HTTP/1.1" 200 936
186.84.50.43 - - [20/Nov/2014:07:48:44 -0500] "GET /imagenes/rt_quer1.gif HTTP/1.1" 200 930
186.84.50.43 - - [20/Nov/2014:07:48:44 -0500] "GET /imagenes/rt_save.gif HTTP/1.1" 200 903
186.84.50.43 - - [20/Nov/2014:07:48:44 -0500] "GET /imagenes/rt_pset.gif HTTP/1.1" 200 914
186.84.50.43 - - [20/Nov/2014:07:48:44 -0500] "GET /imagenes/QUEJA.gif HTTP/1.1" 200 1091
186.84.50.43 - - [20/Nov/2014:07:48:44 -0500] "GET /imagenes/ARBOL.gif HTTP/1.1" 200 1026
186.84.50.43 - - [20/Nov/2014:07:48:44 -0500] "GET /imagenes/Clipboard.gif HTTP/1.1" 200 1466
186.84.50.43 - - [20/Nov/2014:07:48:45 -0500] "GET /imagenes/DINERO.gif HTTP/1.1" 200 1766
186.84.50.43 - - [20/Nov/2014:07:48:45 -0500] "GET /imagenes/URGENTE.gif HTTP/1.1" 200 964
186.84.50.43 - - [20/Nov/2014:07:48:45 -0500] "GET /imagenes/TREE4.gif HTTP/1.1" 200 4150
186.84.50.43 - - [20/Nov/2014:07:48:45 -0500] "POST /forms/lservlet;jsessionid=ac16012b30d5d6ac356c63bc4b6d91b8cfdf1b1f36a5.e3iSbxaKaheRe34Sa3yKbhiTahb0n6jAmljGr5XDqQLvpAe HTTP/1.1" 200 7
186.84.50.43 - - [20/Nov/2014:07:48:45 -0500] "POST /forms/lservlet;jsessionid=ac16012b30d5d6ac356c63bc4b6d91b8cfdf1b1f36a5.e3iSbxaKaheRe34Sa3yKbhiTahb0n6jAmljGr5XDqQLvpAe HTTP/1.1" 200 34
186.84.50.43 - - [20/Nov/2014:07:48:45 -0500] "POST /forms/lservlet;jsessionid=ac16012b30d5d6ac356c63bc4b6d91b8cfdf1b1f36a5.e3iSbxaKaheRe34Sa3yKbhiTahb0n6jAmljGr5XDqQLvpAe HTTP/1.1" 200 2
186.84.50.43 - - [20/Nov/2014:07:48:45 -0500] "POST /forms/lservlet;jsessionid=ac16012b30d5d6ac356c63bc4b6d91b8cfdf1b1f36a5.e3iSbxaKaheRe34Sa3yKbhiTahb0n6jAmljGr5XDqQLvpAe HTTP/1.1" 200 647
186.84.50.43 - - [20/Nov/2014:07:48:47 -0500] "POST /forms/lservlet;jsessionid=ac16012b30d5d6ac356c63bc4b6d91b8cfdf1b1f36a5.e3iSbxaKaheRe34Sa3yKbhiTahb0n6jAmljGr5XDqQLvpAe HTTP/1.1" 200 49
186.84.50.43 - - [20/Nov/2014:07:48:57 -0500] "POST /forms/lservlet;jsessionid=ac16012b30d5d6ac356c63bc4b6d91b8cfdf1b1f36a5.e3iSbxaKaheRe34Sa3yKbhiTahb0n6jAmljGr5XDqQLvpAe HTTP/1.1" 200 24
186.84.50.43 - - [20/Nov/2014:07:48:57 -0500] "POST /forms/lservlet;jsessionid=ac16012b30d5d6ac356c63bc4b6d91b8cfdf1b1f36a5.e3iSbxaKaheRe34Sa3yKbhiTahb0n6jAmljGr5XDqQLvpAe HTTP/1.1" 200 4242
186.84.50.43 - - [20/Nov/2014:07:48:58 -0500] "POST /forms/lservlet;jsessionid=ac16012b30d5d6ac356c63bc4b6d91b8cfdf1b1f36a5.e3iSbxaKaheRe34Sa3yKbhiTahb0n6jAmljGr5XDqQLvpAe HTTP/1.1" 200 20
190.27.116.90 - - [20/Nov/2014:07:48:59 -0500] "GET /forest/css/escritorio.css?version=1411.041919 HTTP/1.1" 304 -
190.27.116.90 - - [20/Nov/2014:07:48:59 -0500] "GET /forest/css/autocomplete.css?version=1411.041919 HTTP/1.1" 304 -
190.27.116.90 - - [20/Nov/2014:07:48:59 -0500] "GET /forest/skins/gdocs-jar/css/tree.css?version=1411.041919 HTTP/1.1" 304 -
190.27.116.90 - - [20/Nov/2014:07:48:59 -0500] "GET /forest/js/load_func.js?version=1411.041919 HTTP/1.1" 304 -
190.27.116.90 - - [20/Nov/2014:07:48:59 -0500] "GET /forest/js/dialog.js?version=1411.041919 HTTP/1.1" 304 -
190.27.116.90 - - [20/Nov/2014:07:48:59 -0500] "GET /forest/js/sarissa.js?version=1411.041919 HTTP/1.1" 304 -
190.27.116.90 - - [20/Nov/2014:07:48:59 -0500] "GET /forest/js/escritorio/escritorio.js?version=1411.041919 HTTP/1.1" 304 -
190.27.116.90 - - [20/Nov/2014:07:48:59 -0500] "GET /forest/js/internJS.js?version=1411.041919 HTTP/1.1" 304 -
190.27.116.90 - - [20/Nov/2014:07:48:59 -0500] "GET /forest/js/autocompletar2.js?version=1411.041919 HTTP/1.1" 304 -
190.27.116.90 - - [20/Nov/2014:07:48:59 -0500] "GET /forest/1ibre/protoaculous.js?version=1411.041919 HTTP/1.1" 304 -
190.27.116.90 - - [20/Nov/2014:07:48:59 -0500] "GET /forest/1ibre/jscalendar/calendar.js?version=1411.041919 HTTP/1.1" 304 -
190.27.116.90 - - [20/Nov/2014:07:48:59 -0500] "GET /forest/1ibre/jscalendar/lang/calendar-es.js?version=1411.041919 HTTP/1.1" 304 -
190.27.116.90 - - [20/Nov/2014:07:48:59 -0500] "GET /forest/1ibre/jscalendar/calendar-setup.js?version=1411.041919 HTTP/1.1" 304 -
190.27.116.90 - - [20/Nov/2014:07:48:59 -0500] "GET /forest/1ibre/1ibre.js?version=1411.041919 HTTP/1.1" 304 -
190.27.116.90 - - [20/Nov/2014:07:48:59 -0500] "GET /forest/js/xml_utilities.js?version=1411.041919 HTTP/1.1" 304 -
190.27.116.90 - - [20/Nov/2014:07:48:59 -0500] "GET /forest/buscar.do HTTP/1.1" 200 97260
190.27.116.90 - - [20/Nov/2014:07:49:00 -0500] "GET /forest/json.do?query=usersByDep&coddep=7019 HTTP/1.1" 200 1531
190.27.116.90 - - [20/Nov/2014:07:49:01 -0500] "GET /forest/json.do?query=usersByDep&coddep=7019 HTTP/1.1" 200 1531
201.245.192.253 - - [20/Nov/2014:07:49:02 -0500] "GET /plugins/like.php?app_id=&channel=http%3A%2F%2Fstatic.ak.facebook.com%2Fconnect%2Fxd_arbiter%2F7r8gQb8MIqE.js%3Fversion%3D41%23cb%3Df3619152814b8ac%26domain%3Dbogota.opendi.co%26origin%3Dhttp%253A%252F%252Fbogota.opendi.co%252Ffa73dfb410f64b%26relation%3Dparent.parent&href=http%3A%2F%2Fbogota.opendi.co%2F242674.html&layout=button_count&locale=en_US&sdk=joey&send=false&show_faces=false&width=120 HTTP/1.1" 404 1274
190.27.116.90 - - [20/Nov/2014:07:49:03 -0500] "POST /forest/buscar.do? HTTP/1.1" 200 6928
186.84.50.43 - - [20/Nov/2014:07:49:04 -0500] "POST /forms/lservlet;jsessionid=ac16012b30d5d6ac356c63bc4b6d91b8cfdf1b1f36a5.e3iSbxaKaheRe34Sa3yKbhiTahb0n6jAmljGr5XDqQLvpAe HTTP/1.1" 200 2
186.84.50.43 - - [20/Nov/2014:07:49:04 -0500] "POST /forms/lservlet;jsessionid=ac16012b30d5d6ac356c63bc4b6d91b8cfdf1b1f36a5.e3iSbxaKaheRe34Sa3yKbhiTahb0n6jAmljGr5XDqQLvpAe HTTP/1.1" 200 2200
186.84.50.43 - - [20/Nov/2014:07:49:04 -0500] "POST /forms/lservlet;jsessionid=ac16012b30d5d6ac356c63bc4b6d91b8cfdf1b1f36a5.e3iSbxaKaheRe34Sa3yKbhiTahb0n6jAmljGr5XDqQLvpAe HTTP/1.1" 200 10
186.84.50.43 - - [20/Nov/2014:07:49:05 -0500] "POST /forms/lservlet;jsessionid=ac16012b30d5d6ac356c63bc4b6d91b8cfdf1b1f36a5.e3iSbxaKaheRe34Sa3yKbhiTahb0n6jAmljGr5XDqQLvpAe HTTP/1.1" 200 2
186.84.50.43 - - [20/Nov/2014:07:49:05 -0500] "POST /forms/lservlet;jsessionid=ac16012b30d5d6ac356c63bc4b6d91b8cfdf1b1f36a5.e3iSbxaKaheRe34Sa3yKbhiTahb0n6jAmljGr5XDqQLvpAe HTTP/1.1" 200 36
186.84.50.43 - - [20/Nov/2014:07:49:05 -0500] "POST /forms/lservlet;jsessionid=ac16012b30d5d6ac356c63bc4b6d91b8cfdf1b1f36a5.e3iSbxaKaheRe34Sa3yKbhiTahb0n6jAmljGr5XDqQLvpAe HTTP/1.1" 200 7
186.84.50.43 - - [20/Nov/2014:07:49:06 -0500] "POST /forms/lservlet;jsessionid=ac16012b30d5d6ac356c63bc4b6d91b8cfdf1b1f36a5.e3iSbxaKaheRe34Sa3yKbhiTahb0n6jAmljGr5XDqQLvpAe HTTP/1.1" 200 2
190.27.116.90 - - [20/Nov/2014:07:49:06 -0500] "GET /forest/skins/gdocs-jar/popup/popup.jsp?width=850&height=380&title=Informaci%F3n%20del%20radicado&uri=/forest/system/document.jsp%3FcodDoc%3D1538842&name=undefined&_a=0.5645729996706321&a=0.766967295045053 HTTP/1.1" 200 1315
190.27.116.90 - - [20/Nov/2014:07:49:06 -0500] "GET /forest/system/document.jsp?codDoc=1538842 HTTP/1.1" 200 14851
186.84.50.43 - - [20/Nov/2014:07:49:06 -0500] "POST /forms/lservlet;jsessionid=ac16012b30d5d6ac356c63bc4b6d91b8cfdf1b1f36a5.e3iSbxaKaheRe34Sa3yKbhiTahb0n6jAmljGr5XDqQLvpAe HTTP/1.1" 200 2995
186.84.50.43 - - [20/Nov/2014:07:49:06 -0500] "POST /forms/lservlet;jsessionid=ac16012b30d5d6ac356c63bc4b6d91b8cfdf1b1f36a5.e3iSbxaKaheRe34Sa3yKbhiTahb0n6jAmljGr5XDqQLvpAe HTTP/1.1" 200 2
186.84.50.43 - - [20/Nov/2014:07:49:07 -0500] "POST /forms/lservlet;jsessionid=ac16012b30d5d6ac356c63bc4b6d91b8cfdf1b1f36a5.e3iSbxaKaheRe34Sa3yKbhiTahb0n6jAmljGr5XDqQLvpAe HTTP/1.1" 200 2
186.84.50.43 - - [20/Nov/2014:07:49:07 -0500] "POST /forms/lservlet;jsessionid=ac16012b30d5d6ac356c63bc4b6d91b8cfdf1b1f36a5.e3iSbxaKaheRe34Sa3yKbhiTahb0n6jAmljGr5XDqQLvpAe HTTP/1.1" 200 36
186.84.50.43 - - [20/Nov/2014:07:49:07 -0500] "POST /forms/lservlet;jsessionid=ac16012b30d5d6ac356c63bc4b6d91b8cfdf1b1f36a5.e3iSbxaKaheRe34Sa3yKbhiTahb0n6jAmljGr5XDqQLvpAe HTTP/1.1" 200 2
190.27.116.90 - - [20/Nov/2014:07:49:07 -0500] "GET /forest/usudocumentos.do?p7z=1538842&a=0.3100689799795191&a=0.9929682001120502 HTTP/1.1" 200 2582
186.84.50.43 - - [20/Nov/2014:07:49:08 -0500] "POST /forms/lservlet;jsessionid=ac16012b30d5d6ac356c63bc4b6d91b8cfdf1b1f36a5.e3iSbxaKaheRe34Sa3yKbhiTahb0n6jAmljGr5XDqQLvpAe HTTP/1.1" 200 2425
186.84.50.43 - - [20/Nov/2014:07:49:11 -0500] "POST /forms/lservlet;jsessionid=ac16012b30d5d6ac356c63bc4b6d91b8cfdf1b1f36a5.e3iSbxaKaheRe34Sa3yKbhiTahb0n6jAmljGr5XDqQLvpAe HTTP/1.1" 200 49
190.27.116.90 - - [20/Nov/2014:07:49:09 -0500] "GET /forest/documentos/1538842/2012EE114959.p7z:claro/Registro%20Vertimientos.doc HTTP/1.1" 200 286720
186.84.50.43 - - [20/Nov/2014:07:49:17 -0500] "POST /forms/lservlet;jsessionid=ac16012b30d5d6ac356c63bc4b6d91b8cfdf1b1f36a5.e3iSbxaKaheRe34Sa3yKbhiTahb0n6jAmljGr5XDqQLvpAe HTTP/1.1" 200 24
200.13.242.18 - - [20/Nov/2014:07:49:18 -0500] "GET /BLA/resoluciones/RESOLUCIONES%202013/0880.pdf HTTP/1.1" 200 565879
186.84.50.43 - - [20/Nov/2014:07:49:17 -0500] "POST /forms/lservlet;jsessionid=ac16012b30d5d6ac356c63bc4b6d91b8cfdf1b1f36a5.e3iSbxaKaheRe34Sa3yKbhiTahb0n6jAmljGr5XDqQLvpAe HTTP/1.1" 200 5605
186.84.50.43 - - [20/Nov/2014:07:49:18 -0500] "POST /forms/lservlet;jsessionid=ac16012b30d5d6ac356c63bc4b6d91b8cfdf1b1f36a5.e3iSbxaKaheRe34Sa3yKbhiTahb0n6jAmljGr5XDqQLvpAe HTTP/1.1" 200 20
200.13.242.18 - - [20/Nov/2014:07:49:18 -0500] "GET /BLA/resoluciones/RESOLUCIONES%202013/0880.pdf HTTP/1.1" 200 565879
200.13.242.18 - - [20/Nov/2014:07:49:19 -0500] "GET /BLA/resoluciones/RESOLUCIONES%202013/0880.pdf HTTP/1.1" 206 32768
200.13.242.18 - - [20/Nov/2014:07:49:19 -0500] "GET /BLA/resoluciones/RESOLUCIONES%202013/0880.pdf HTTP/1.1" 206 533111
200.13.242.18 - - [20/Nov/2014:07:49:20 -0500] "GET /favicon.ico HTTP/1.1" 200 7782
201.245.192.253 - - [20/Nov/2014:07:49:25 -0500] "GET /plugins/like.php?app_id=284491111573568&channel=http%3A%2F%2Fstatic.ak.facebook.com%2Fconnect%2Fxd_arbiter%2F7r8gQb8MIqE.js%3Fversion%3D41%23cb%3Df3d81e384ab2cee%26domain%3Dg-trade.instapage.com%26origin%3Dhttp%253A%252F%252Fg-trade.instapage.com%252Ff285a7248aaf1f2%26relation%3Dparent.parent&href=http%3A%2F%2Fg-trade.instapage.com%2F&layout=box_count&locale=en_US&sdk=joey&send=false&show_faces=true&width=450 HTTP/1.1" 404 1262
201.245.192.253 - - [20/Nov/2014:07:49:32 -0500] "GET /plugins/like.php?app_id=284491111573568&channel=http%3A%2F%2Fstatic.ak.facebook.com%2Fconnect%2Fxd_arbiter%2F7r8gQb8MIqE.js%3Fversion%3D41%23cb%3Df2cdf4cc4f9805%26domain%3Dg-trade.instapage.com%26origin%3Dhttp%253A%252F%252Fg-trade.instapage.com%252Ff9dfe7675abf75%26relation%3Dparent.parent&href=http%3A%2F%2Fg-trade.instapage.com%2F&layout=box_count&locale=en_US&sdk=joey&send=false&show_faces=true&width=450 HTTP/1.1" 404 1262
190.27.116.90 - - [20/Nov/2014:07:49:36 -0500] "GET /forest/session.jsp?a=0.4368421473624178 HTTP/1.1" 200 4
186.154.179.237 - - [20/Nov/2014:07:49:43 -0500] "GET /galeria/carrusel/Carrusel/jquery.thumbnailScroller.css HTTP/1.1" 200 2066
186.154.179.237 - - [20/Nov/2014:07:49:43 -0500] "GET /BLA/boletinlegal/js/jquery.js HTTP/1.1" 200 57254
186.154.179.237 - - [20/Nov/2014:07:49:43 -0500] "GET /BLA/boletinlegal/js/jquery.scrollTo-min.js HTTP/1.1" 200 1150
186.154.179.237 - - [20/Nov/2014:07:49:43 -0500] "GET /BLA/boletinlegal/js/jquery.scrollShow.js HTTP/1.1" 200 4586
186.154.179.237 - - [20/Nov/2014:07:49:43 -0500] "GET /galeria/carrusel/Carrusel/jquery-ui-1.8.13.custom.min.js HTTP/1.1" 200 10800
186.154.179.237 - - [20/Nov/2014:07:49:44 -0500] "GET /galeria/carrusel/Carrusel/jquery.thumbnailScroller.js HTTP/1.1" 200 8157
186.154.179.237 - - [20/Nov/2014:07:49:46 -0500] "GET /galeria/nivo-slider/demo/demo.html HTTP/1.1" 200 3674
186.154.179.237 - - [20/Nov/2014:07:49:47 -0500] "GET /galeria/nivo-slider/themes/default/default.css HTTP/1.1" 200 1569
186.154.179.237 - - [20/Nov/2014:07:49:47 -0500] "GET /galeria/nivo-slider/themes/pascal/pascal.css HTTP/1.1" 200 2258
186.154.179.237 - - [20/Nov/2014:07:49:47 -0500] "GET /galeria/nivo-slider/themes/orman/orman.css HTTP/1.1" 200 2152
186.154.179.237 - - [20/Nov/2014:07:49:47 -0500] "GET /galeria/nivo-slider/nivo-slider.css HTTP/1.1" 200 1507
186.154.179.237 - - [20/Nov/2014:07:49:47 -0500] "GET /galeria/nivo-slider/demo/style.css HTTP/1.1" 200 2222
186.154.179.237 - - [20/Nov/2014:07:49:47 -0500] "GET /galeria/nivo-slider/demo/scripts/jquery-1.7.1.min.js HTTP/1.1" 200 93868
186.154.179.237 - - [20/Nov/2014:07:49:47 -0500] "GET /galeria/nivo-slider/jquery.nivo.slider.pack.js HTTP/1.1" 200 11561
186.154.179.237 - - [20/Nov/2014:07:49:47 -0500] "GET /galeria/nivo-slider/demo/images/4Simple_Slider.png HTTP/1.1" 200 11722
186.154.179.237 - - [20/Nov/2014:07:49:47 -0500] "GET /galeria/nivo-slider/themes/default/loading.gif HTTP/1.1" 200 1737
188.165.15.64 - - [20/Nov/2014:07:49:48 -0500] "GET /BLA/resoluciones/RESOLUCIONES%202004/RES%202004%20501-550/00000522.tif HTTP/1.1" 200 107702
186.154.179.237 - - [20/Nov/2014:07:49:49 -0500] "GET /galeria/nivo-slider/demo/images/Biotaxis-Man.jpg HTTP/1.1" 200 99362
186.154.179.237 - - [20/Nov/2014:07:49:49 -0500] "GET /galeria/nivo-slider/demo/images/ForoNacionalAmbiental.jpg HTTP/1.1" 200 202541
186.154.179.237 - - [20/Nov/2014:07:49:49 -0500] "GET /galeria/nivo-slider/demo/images/Banner-comparendo.jpg HTTP/1.1" 200 388762
186.154.179.237 - - [20/Nov/2014:07:49:49 -0500] "GET /galeria/nivo-slider/demo/images/Banner-Ecourbanismo.jpg HTTP/1.1" 200 189838
186.154.179.237 - - [20/Nov/2014:07:49:49 -0500] "GET /galeria/nivo-slider/demo/images/porloshumedales.jpg HTTP/1.1" 200 351238
186.154.179.237 - - [20/Nov/2014:07:49:49 -0500] "GET /galeria/nivo-slider/demo/images/banner-aceite3.jpg HTTP/1.1" 200 88347
186.82.78.180 - - [20/Nov/2014:07:49:50 -0500] "POST /forms/lservlet;jsessionid=ac16012b30d5031a2424849f424fbd15ded94878613c.e3iSbxaKaheRe34Sa3yKbhiTahb0n6jAmljGr5XDqQLvpAe HTTP/1.1" 200 2
186.154.179.237 - - [20/Nov/2014:07:49:51 -0500] "GET /galeria/nivo-slider/demo/images/Tingua-azul.jpg HTTP/1.1" 200 307638
186.154.179.237 - - [20/Nov/2014:07:49:52 -0500] "GET /galeria/nivo-slider/demo/images/Banner-Caracol-Africano.jpg HTTP/1.1" 200 331986
186.154.179.237 - - [20/Nov/2014:07:49:53 -0500] "GET /galeria/nivo-slider/demo/images/banner-redes.jpg HTTP/1.1" 200 62209
186.154.179.237 - - [20/Nov/2014:07:49:53 -0500] "GET /galeria/nivo-slider/demo/images/9Signos.jpg HTTP/1.1" 200 93040
186.154.179.237 - - [20/Nov/2014:07:49:54 -0500] "GET /galeria/nivo-slider/demo/images/banner-caballos.png HTTP/1.1" 200 389106
186.154.179.237 - - [20/Nov/2014:07:49:55 -0500] "GET /galeria/nivo-slider/demo/images/Hacienda_Molinos.jpg HTTP/1.1" 200 319171
190.27.116.90 - - [20/Nov/2014:07:49:58 -0500] "GET /forest/css/escritorio.css?version=1411.041919 HTTP/1.1" 304 -
190.27.116.90 - - [20/Nov/2014:07:49:58 -0500] "GET /forest/css/autocomplete.css?version=1411.041919 HTTP/1.1" 304 -
190.27.116.90 - - [20/Nov/2014:07:49:58 -0500] "GET /forest/skins/gdocs-jar/css/tree.css?version=1411.041919 HTTP/1.1" 304 -
190.27.116.90 - - [20/Nov/2014:07:49:58 -0500] "GET /forest/js/load_func.js?version=1411.041919 HTTP/1.1" 304 -
190.27.116.90 - - [20/Nov/2014:07:49:58 -0500] "GET /forest/js/dialog.js?version=1411.041919 HTTP/1.1" 304 -
190.27.116.90 - - [20/Nov/2014:07:49:58 -0500] "GET /forest/js/sarissa.js?version=1411.041919 HTTP/1.1" 304 -
190.27.116.90 - - [20/Nov/2014:07:49:58 -0500] "GET /forest/js/escritorio/escritorio.js?version=1411.041919 HTTP/1.1" 304 -
190.27.116.90 - - [20/Nov/2014:07:49:58 -0500] "GET /forest/js/internJS.js?version=1411.041919 HTTP/1.1" 304 -
190.27.116.90 - - [20/Nov/2014:07:49:58 -0500] "GET /forest/js/autocompletar2.js?version=1411.041919 HTTP/1.1" 304 -
190.27.116.90 - - [20/Nov/2014:07:49:58 -0500] "GET /forest/1ibre/protoaculous.js?version=1411.041919 HTTP/1.1" 304 -
190.27.116.90 - - [20/Nov/2014:07:49:58 -0500] "GET /forest/1ibre/jscalendar/calendar.js?version=1411.041919 HTTP/1.1" 304 -
190.27.116.90 - - [20/Nov/2014:07:49:58 -0500] "GET /forest/1ibre/jscalendar/lang/calendar-es.js?version=1411.041919 HTTP/1.1" 304 -
190.27.116.90 - - [20/Nov/2014:07:49:58 -0500] "GET /forest/1ibre/jscalendar/calendar-setup.js?version=1411.041919 HTTP/1.1" 304 -
190.27.116.90 - - [20/Nov/2014:07:49:58 -0500] "GET /forest/1ibre/1ibre.js?version=1411.041919 HTTP/1.1" 304 -
190.27.116.90 - - [20/Nov/2014:07:49:58 -0500] "GET /forest/js/xml_utilities.js?version=1411.041919 HTTP/1.1" 304 -
190.27.116.90 - - [20/Nov/2014:07:49:58 -0500] "GET /forest/buscar.do HTTP/1.1" 200 97260
190.27.116.90 - - [20/Nov/2014:07:49:59 -0500] "GET /forest/json.do?query=usersByDep&coddep=7019 HTTP/1.1" 200 1531
190.27.116.90 - - [20/Nov/2014:07:49:59 -0500] "GET /forest/json.do?query=usersByDep&coddep=7019 HTTP/1.1" 200 1531
186.154.179.237 - - [20/Nov/2014:07:50:00 -0500] "GET /galeria/nivo-slider/demo/images/bannerEcolecta3.jpg HTTP/1.1" 200 280034
186.154.179.237 - - [20/Nov/2014:07:50:00 -0500] "GET /videos/Spot_CambioClimatico.flv HTTP/1.1" 200 4371917
190.27.116.90 - - [20/Nov/2014:07:50:01 -0500] "POST /forest/buscar.do? HTTP/1.1" 200 6928
186.154.179.237 - - [20/Nov/2014:07:50:04 -0500] "GET /galeria/nivo-slider/themes/default/arrows.png HTTP/1.1" 200 824
186.154.179.237 - - [20/Nov/2014:07:50:04 -0500] "GET /galeria/nivo-slider/themes/default/bullets.png HTTP/1.1" 200 1281
190.27.116.90 - - [20/Nov/2014:07:50:04 -0500] "GET /forest/skins/gdocs-jar/popup/popup.jsp?width=850&height=380&title=Informaci%F3n%20del%20radicado&uri=/forest/system/document.jsp%3FcodDoc%3D1538843&name=undefined&_a=0.7516399817423567&a=0.4582242107562384 HTTP/1.1" 200 1315
190.27.116.90 - - [20/Nov/2014:07:50:05 -0500] "GET /forest/system/document.jsp?codDoc=1538843 HTTP/1.1" 200 12729
190.27.116.90 - - [20/Nov/2014:07:50:06 -0500] "GET /forest/usudocumentos.do?p7z=1538843&a=0.22157177970828168&a=0.807616341583817 HTTP/1.1" 200 2582
207.46.13.28 - - [20/Nov/2014:07:50:06 -0500] "GET /robots.txt HTTP/1.1" 404 1019
207.46.13.28 - - [20/Nov/2014:07:50:08 -0500] "GET /dama/libreria/pdf/ciclodemateriales.pdf HTTP/1.1" 404 1019
201.245.192.253 - - [20/Nov/2014:07:50:08 -0500] "GET /fr/u.php?p=441981302501808&m=5d9b2484-a6f4-4976-a94d-5c241a7e1aa7 HTTP/1.1" 404 1288
190.27.116.90 - - [20/Nov/2014:07:50:08 -0500] "GET /forest/documentos/1538843/2012EE114960.p7z:claro/Registro%20Vertimientos.doc HTTP/1.1" 200 286720
186.84.50.43 - - [20/Nov/2014:07:50:14 -0500] "POST /forms/lservlet;jsessionid=ac16012b30d5d6ac356c63bc4b6d91b8cfdf1b1f36a5.e3iSbxaKaheRe34Sa3yKbhiTahb0n6jAmljGr5XDqQLvpAe HTTP/1.1" 200 2
186.84.50.43 - - [20/Nov/2014:07:50:17 -0500] "POST /forms/lservlet;jsessionid=ac16012b30d5d6ac356c63bc4b6d91b8cfdf1b1f36a5.e3iSbxaKaheRe34Sa3yKbhiTahb0n6jAmljGr5XDqQLvpAe HTTP/1.1" 200 2
201.245.192.253 - - [20/Nov/2014:07:50:18 -0500] "GET /fr/u.php?p=328546547221502&m=3161322214571824438&t=2592000 HTTP/1.1" 404 1484
186.84.50.43 - - [20/Nov/2014:07:50:18 -0500] "POST /forms/lservlet;jsessionid=ac16012b30d5d6ac356c63bc4b6d91b8cfdf1b1f36a5.e3iSbxaKaheRe34Sa3yKbhiTahb0n6jAmljGr5XDqQLvpAe HTTP/1.1" 200 3141
186.84.50.43 - - [20/Nov/2014:07:50:18 -0500] "POST /forms/lservlet;jsessionid=ac16012b30d5d6ac356c63bc4b6d91b8cfdf1b1f36a5.e3iSbxaKaheRe34Sa3yKbhiTahb0n6jAmljGr5XDqQLvpAe HTTP/1.1" 200 2
201.245.192.253 - - [20/Nov/2014:07:50:18 -0500] "GET /forest/session.jsp?a=0.3601044680528219 HTTP/1.1" 200 4
186.84.50.43 - - [20/Nov/2014:07:50:18 -0500] "POST /forms/lservlet;jsessionid=ac16012b30d5d6ac356c63bc4b6d91b8cfdf1b1f36a5.e3iSbxaKaheRe34Sa3yKbhiTahb0n6jAmljGr5XDqQLvpAe HTTP/1.1" 200 2
186.84.50.43 - - [20/Nov/2014:07:50:19 -0500] "POST /forms/lservlet;jsessionid=ac16012b30d5d6ac356c63bc4b6d91b8cfdf1b1f36a5.e3iSbxaKaheRe34Sa3yKbhiTahb0n6jAmljGr5XDqQLvpAe HTTP/1.1" 200 2876
186.84.50.43 - - [20/Nov/2014:07:50:19 -0500] "POST /forms/lservlet;jsessionid=ac16012b30d5d6ac356c63bc4b6d91b8cfdf1b1f36a5.e3iSbxaKaheRe34Sa3yKbhiTahb0n6jAmljGr5XDqQLvpAe HTTP/1.1" 200 2
201.245.192.253 - - [20/Nov/2014:07:50:20 -0500] "GET /plugins/like.php?locale=es_ES&href=https%3A%2F%2Fwww.facebook.com%2FMSNColombia&send=false&layout=button_count&width=450&show_faces=false&font&colorscheme=light&action=like&height=21 HTTP/1.1" 404 1290
186.84.50.43 - - [20/Nov/2014:07:50:23 -0500] "POST /forms/lservlet;jsessionid=ac16012b30d5d6ac356c63bc4b6d91b8cfdf1b1f36a5.e3iSbxaKaheRe34Sa3yKbhiTahb0n6jAmljGr5XDqQLvpAe HTTP/1.1" 200 2
186.84.50.43 - - [20/Nov/2014:07:50:23 -0500] "POST /forms/lservlet;jsessionid=ac16012b30d5d6ac356c63bc4b6d91b8cfdf1b1f36a5.e3iSbxaKaheRe34Sa3yKbhiTahb0n6jAmljGr5XDqQLvpAe HTTP/1.1" 200 14
188.165.15.90 - - [20/Nov/2014:07:50:24 -0500] "GET /BLA/resoluciones/index.php?dir=RESOLUCIONES%202005/RES%202005%202251-2300/&sort=size&order=asc HTTP/1.1" 200 12353
186.84.50.43 - - [20/Nov/2014:07:50:24 -0500] "POST /forms/lservlet;jsessionid=ac16012b30d5d6ac356c63bc4b6d91b8cfdf1b1f36a5.e3iSbxaKaheRe34Sa3yKbhiTahb0n6jAmljGr5XDqQLvpAe HTTP/1.1" 200 14
186.84.50.43 - - [20/Nov/2014:07:50:25 -0500] "POST /forms/lservlet;jsessionid=ac16012b30d5d6ac356c63bc4b6d91b8cfdf1b1f36a5.e3iSbxaKaheRe34Sa3yKbhiTahb0n6jAmljGr5XDqQLvpAe HTTP/1.1" 200 14
186.84.50.43 - - [20/Nov/2014:07:50:27 -0500] "POST /forms/lservlet;jsessionid=ac16012b30d5d6ac356c63bc4b6d91b8cfdf1b1f36a5.e3iSbxaKaheRe34Sa3yKbhiTahb0n6jAmljGr5XDqQLvpAe HTTP/1.1" 200 131
186.84.50.43 - - [20/Nov/2014:07:50:27 -0500] "POST /forms/lservlet;jsessionid=ac16012b30d5d6ac356c63bc4b6d91b8cfdf1b1f36a5.e3iSbxaKaheRe34Sa3yKbhiTahb0n6jAmljGr5XDqQLvpAe HTTP/1.1" 200 2
186.84.50.43 - - [20/Nov/2014:07:50:27 -0500] "GET /reports/rwservlet/getjobid333674?server=rep_srvapsda HTTP/1.1" 200 916505
190.7.107.4 - - [20/Nov/2014:07:50:38 -0500] "GET /BLA/boletinlegal/js/jquery.js HTTP/1.1" 200 57254
190.7.107.4 - - [20/Nov/2014:07:50:38 -0500] "GET /BLA/boletinlegal/js/jquery.scrollTo-min.js HTTP/1.1" 200 1150
190.7.107.4 - - [20/Nov/2014:07:50:38 -0500] "GET /BLA/boletinlegal/js/jquery.scrollShow.js HTTP/1.1" 200 4586
66.249.67.75 - - [20/Nov/2014:07:50:39 -0500] "GET /robots.txt HTTP/1.1" 404 1018
66.249.67.75 - - [20/Nov/2014:07:50:40 -0500] "GET /BLA/resoluciones/RESOLUCIONES%202010/4708.pdf HTTP/1.1" 200 345344
201.245.192.253 - - [20/Nov/2014:07:50:46 -0500] "GET /BLA/boletinlegal/js/jquery.scrollShow.js HTTP/1.1" 304 -
201.245.192.253 - - [20/Nov/2014:07:50:46 -0500] "GET /galeria/carrusel/Carrusel/jquery.thumbnailScroller.css HTTP/1.1" 304 -
201.245.192.253 - - [20/Nov/2014:07:50:46 -0500] "GET /galeria/carrusel/Carrusel/jquery-ui-1.8.13.custom.min.js HTTP/1.1" 304 -
201.245.192.253 - - [20/Nov/2014:07:50:46 -0500] "GET /galeria/carrusel/Carrusel/jquery.thumbnailScroller.js HTTP/1.1" 304 -
186.84.50.43 - - [20/Nov/2014:07:50:47 -0500] "POST /forms/lservlet;jsessionid=ac16012b30d5d6ac356c63bc4b6d91b8cfdf1b1f36a5.e3iSbxaKaheRe34Sa3yKbhiTahb0n6jAmljGr5XDqQLvpAe HTTP/1.1" 200 2
186.84.50.43 - - [20/Nov/2014:07:50:47 -0500] "POST /forms/lservlet;jsessionid=ac16012b30d5d6ac356c63bc4b6d91b8cfdf1b1f36a5.e3iSbxaKaheRe34Sa3yKbhiTahb0n6jAmljGr5XDqQLvpAe HTTP/1.1" 200 2279
186.84.50.43 - - [20/Nov/2014:07:50:47 -0500] "POST /forms/lservlet;jsessionid=ac16012b30d5d6ac356c63bc4b6d91b8cfdf1b1f36a5.e3iSbxaKaheRe34Sa3yKbhiTahb0n6jAmljGr5XDqQLvpAe HTTP/1.1" 200 10
201.245.192.253 - - [20/Nov/2014:07:50:48 -0500] "GET /galeria/nivo-slider/demo/demo.html HTTP/1.1" 304 -
201.245.192.253 - - [20/Nov/2014:07:50:48 -0500] "GET /galeria/nivo-slider/themes/default/default.css HTTP/1.1" 304 -
201.245.192.253 - - [20/Nov/2014:07:50:48 -0500] "GET /galeria/nivo-slider/demo/style.css HTTP/1.1" 304 -
201.245.192.253 - - [20/Nov/2014:07:50:48 -0500] "GET /galeria/nivo-slider/themes/orman/orman.css HTTP/1.1" 304 -
201.245.192.253 - - [20/Nov/2014:07:50:48 -0500] "GET /galeria/nivo-slider/themes/pascal/pascal.css HTTP/1.1" 304 -
201.245.192.253 - - [20/Nov/2014:07:50:48 -0500] "GET /galeria/nivo-slider/demo/images/ForoNacionalAmbiental.jpg HTTP/1.1" 304 -
201.245.192.253 - - [20/Nov/2014:07:50:48 -0500] "GET /galeria/nivo-slider/demo/images/Biotaxis-Man.jpg HTTP/1.1" 304 -
201.245.192.253 - - [20/Nov/2014:07:50:48 -0500] "GET /galeria/nivo-slider/demo/images/porloshumedales.jpg HTTP/1.1" 304 -
201.245.192.253 - - [20/Nov/2014:07:50:48 -0500] "GET /galeria/nivo-slider/nivo-slider.css HTTP/1.1" 304 -
201.245.192.253 - - [20/Nov/2014:07:50:48 -0500] "GET /galeria/nivo-slider/demo/images/Banner-Ecourbanismo.jpg HTTP/1.1" 304 -
201.245.192.253 - - [20/Nov/2014:07:50:48 -0500] "GET /galeria/nivo-slider/demo/images/Banner-Caracol-Africano.jpg HTTP/1.1" 304 -
201.245.192.253 - - [20/Nov/2014:07:50:48 -0500] "GET /galeria/nivo-slider/demo/images/banner-aceite3.jpg HTTP/1.1" 304 -
201.245.192.253 - - [20/Nov/2014:07:50:48 -0500] "GET /galeria/nivo-slider/demo/images/banner-redes.jpg HTTP/1.1" 304 -
201.245.192.253 - - [20/Nov/2014:07:50:48 -0500] "GET /galeria/nivo-slider/demo/images/9Signos.jpg HTTP/1.1" 304 -
201.245.192.253 - - [20/Nov/2014:07:50:48 -0500] "GET /galeria/nivo-slider/demo/images/Tingua-azul.jpg HTTP/1.1" 304 -
201.245.192.253 - - [20/Nov/2014:07:50:48 -0500] "GET /galeria/nivo-slider/demo/images/Banner-comparendo.jpg HTTP/1.1" 304 -
201.245.192.253 - - [20/Nov/2014:07:50:48 -0500] "GET /galeria/nivo-slider/demo/images/banner-caballos.png HTTP/1.1" 304 -
201.245.192.253 - - [20/Nov/2014:07:50:48 -0500] "GET /galeria/nivo-slider/demo/images/bannerEcolecta3.jpg HTTP/1.1" 304 -
201.245.192.253 - - [20/Nov/2014:07:50:48 -0500] "GET /galeria/nivo-slider/demo/images/Hacienda_Molinos.jpg HTTP/1.1" 304 -
201.245.192.253 - - [20/Nov/2014:07:50:48 -0500] "GET /galeria/nivo-slider/demo/scripts/jquery-1.7.1.min.js HTTP/1.1" 304 -
201.245.192.253 - - [20/Nov/2014:07:50:48 -0500] "GET /galeria/nivo-slider/jquery.nivo.slider.pack.js HTTP/1.1" 304 -
201.245.192.253 - - [20/Nov/2014:07:50:48 -0500] "GET /galeria/nivo-slider/themes/default/loading.gif HTTP/1.1" 304 -
201.245.192.253 - - [20/Nov/2014:07:50:48 -0500] "GET /galeria/nivo-slider/demo/images/4Simple_Slider.png HTTP/1.1" 304 -
186.84.50.43 - - [20/Nov/2014:07:50:48 -0500] "POST /forms/lservlet;jsessionid=ac16012b30d5d6ac356c63bc4b6d91b8cfdf1b1f36a5.e3iSbxaKaheRe34Sa3yKbhiTahb0n6jAmljGr5XDqQLvpAe HTTP/1.1" 200 2
186.84.50.43 - - [20/Nov/2014:07:50:48 -0500] "POST /forms/lservlet;jsessionid=ac16012b30d5d6ac356c63bc4b6d91b8cfdf1b1f36a5.e3iSbxaKaheRe34Sa3yKbhiTahb0n6jAmljGr5XDqQLvpAe HTTP/1.1" 200 3112
186.84.50.43 - - [20/Nov/2014:07:50:49 -0500] "POST /forms/lservlet;jsessionid=ac16012b30d5d6ac356c63bc4b6d91b8cfdf1b1f36a5.e3iSbxaKaheRe34Sa3yKbhiTahb0n6jAmljGr5XDqQLvpAe HTTP/1.1" 200 2
186.84.50.43 - - [20/Nov/2014:07:50:50 -0500] "POST /forms/lservlet;jsessionid=ac16012b30d5d6ac356c63bc4b6d91b8cfdf1b1f36a5.e3iSbxaKaheRe34Sa3yKbhiTahb0n6jAmljGr5XDqQLvpAe HTTP/1.1" 200 2453
186.84.50.43 - - [20/Nov/2014:07:50:51 -0500] "POST /forms/lservlet;jsessionid=ac16012b30d5d6ac356c63bc4b6d91b8cfdf1b1f36a5.e3iSbxaKaheRe34Sa3yKbhiTahb0n6jAmljGr5XDqQLvpAe HTTP/1.1" 200 2
186.84.50.43 - - [20/Nov/2014:07:50:51 -0500] "POST /forms/lservlet;jsessionid=ac16012b30d5d6ac356c63bc4b6d91b8cfdf1b1f36a5.e3iSbxaKaheRe34Sa3yKbhiTahb0n6jAmljGr5XDqQLvpAe HTTP/1.1" 200 8
186.84.50.43 - - [20/Nov/2014:07:50:51 -0500] "POST /forms/lservlet;jsessionid=ac16012b30d5d6ac356c63bc4b6d91b8cfdf1b1f36a5.e3iSbxaKaheRe34Sa3yKbhiTahb0n6jAmljGr5XDqQLvpAe HTTP/1.1" 200 2
186.84.50.43 - - [20/Nov/2014:07:50:52 -0500] "POST /forms/lservlet;jsessionid=ac16012b30d5d6ac356c63bc4b6d91b8cfdf1b1f36a5.e3iSbxaKaheRe34Sa3yKbhiTahb0n6jAmljGr5XDqQLvpAe HTTP/1.1" 200 19
186.84.50.43 - - [20/Nov/2014:07:50:52 -0500] "POST /forms/lservlet;jsessionid=ac16012b30d5d6ac356c63bc4b6d91b8cfdf1b1f36a5.e3iSbxaKaheRe34Sa3yKbhiTahb0n6jAmljGr5XDqQLvpAe HTTP/1.1" 200 8
186.84.50.43 - - [20/Nov/2014:07:50:52 -0500] "POST /forms/lservlet;jsessionid=ac16012b30d5d6ac356c63bc4b6d91b8cfdf1b1f36a5.e3iSbxaKaheRe34Sa3yKbhiTahb0n6jAmljGr5XDqQLvpAe HTTP/1.1" 200 2
188.165.15.117 - - [20/Nov/2014:07:50:53 -0500] "GET /BLA/resoluciones/index.php?dir=RESOLUCIONES%202005/RES%202005%203101-3150/&sort=name&order=asc HTTP/1.1" 200 12367
186.84.50.43 - - [20/Nov/2014:07:50:58 -0500] "POST /forms/lservlet;jsessionid=ac16012b30d5d6ac356c63bc4b6d91b8cfdf1b1f36a5.e3iSbxaKaheRe34Sa3yKbhiTahb0n6jAmljGr5XDqQLvpAe HTTP/1.1" 200 24
186.84.50.43 - - [20/Nov/2014:07:50:58 -0500] "POST /forms/lservlet;jsessionid=ac16012b30d5d6ac356c63bc4b6d91b8cfdf1b1f36a5.e3iSbxaKaheRe34Sa3yKbhiTahb0n6jAmljGr5XDqQLvpAe HTTP/1.1" 200 4264
186.84.50.43 - - [20/Nov/2014:07:50:59 -0500] "POST /forms/lservlet;jsessionid=ac16012b30d5d6ac356c63bc4b6d91b8cfdf1b1f36a5.e3iSbxaKaheRe34Sa3yKbhiTahb0n6jAmljGr5XDqQLvpAe HTTP/1.1" 200 20
190.27.116.90 - - [20/Nov/2014:07:51:01 -0500] "GET /forest/css/escritorio.css?version=1411.041919 HTTP/1.1" 304 -
190.27.116.90 - - [20/Nov/2014:07:51:01 -0500] "GET /forest/css/autocomplete.css?version=1411.041919 HTTP/1.1" 304 -
190.27.116.90 - - [20/Nov/2014:07:51:01 -0500] "GET /forest/skins/gdocs-jar/css/tree.css?version=1411.041919 HTTP/1.1" 304 -
190.27.116.90 - - [20/Nov/2014:07:51:01 -0500] "GET /forest/js/load_func.js?version=1411.041919 HTTP/1.1" 304 -
190.27.116.90 - - [20/Nov/2014:07:51:01 -0500] "GET /forest/js/dialog.js?version=1411.041919 HTTP/1.1" 304 -
190.27.116.90 - - [20/Nov/2014:07:51:01 -0500] "GET /forest/js/sarissa.js?version=1411.041919 HTTP/1.1" 304 -
190.27.116.90 - - [20/Nov/2014:07:51:01 -0500] "GET /forest/js/escritorio/escritorio.js?version=1411.041919 HTTP/1.1" 304 -
190.27.116.90 - - [20/Nov/2014:07:51:01 -0500] "GET /forest/js/internJS.js?version=1411.041919 HTTP/1.1" 304 -
190.27.116.90 - - [20/Nov/2014:07:51:01 -0500] "GET /forest/js/autocompletar2.js?version=1411.041919 HTTP/1.1" 304 -
190.27.116.90 - - [20/Nov/2014:07:51:01 -0500] "GET /forest/1ibre/protoaculous.js?version=1411.041919 HTTP/1.1" 304 -
190.27.116.90 - - [20/Nov/2014:07:51:01 -0500] "GET /forest/1ibre/jscalendar/calendar.js?version=1411.041919 HTTP/1.1" 304 -
190.27.116.90 - - [20/Nov/2014:07:51:01 -0500] "GET /forest/1ibre/jscalendar/lang/calendar-es.js?version=1411.041919 HTTP/1.1" 304 -
190.27.116.90 - - [20/Nov/2014:07:51:01 -0500] "GET /forest/1ibre/jscalendar/calendar-setup.js?version=1411.041919 HTTP/1.1" 304 -
190.27.116.90 - - [20/Nov/2014:07:51:01 -0500] "GET /forest/1ibre/1ibre.js?version=1411.041919 HTTP/1.1" 304 -
190.27.116.90 - - [20/Nov/2014:07:51:01 -0500] "GET /forest/js/xml_utilities.js?version=1411.041919 HTTP/1.1" 304 -
190.27.116.90 - - [20/Nov/2014:07:51:00 -0500] "GET /forest/buscar.do HTTP/1.1" 200 97260
190.27.116.90 - - [20/Nov/2014:07:51:03 -0500] "GET /forest/json.do?query=usersByDep&coddep=7019 HTTP/1.1" 200 1531
190.27.116.90 - - [20/Nov/2014:07:51:03 -0500] "GET /forest/json.do?query=usersByDep&coddep=7019 HTTP/1.1" 200 1531
186.84.50.43 - - [20/Nov/2014:07:51:06 -0500] "POST /forms/lservlet;jsessionid=ac16012b30d5d6ac356c63bc4b6d91b8cfdf1b1f36a5.e3iSbxaKaheRe34Sa3yKbhiTahb0n6jAmljGr5XDqQLvpAe HTTP/1.1" 200 2
186.84.50.43 - - [20/Nov/2014:07:51:06 -0500] "POST /forms/lservlet;jsessionid=ac16012b30d5d6ac356c63bc4b6d91b8cfdf1b1f36a5.e3iSbxaKaheRe34Sa3yKbhiTahb0n6jAmljGr5XDqQLvpAe HTTP/1.1" 200 3223
186.84.50.43 - - [20/Nov/2014:07:51:07 -0500] "POST /forms/lservlet;jsessionid=ac16012b30d5d6ac356c63bc4b6d91b8cfdf1b1f36a5.e3iSbxaKaheRe34Sa3yKbhiTahb0n6jAmljGr5XDqQLvpAe HTTP/1.1" 200 2
186.84.50.43 - - [20/Nov/2014:07:51:08 -0500] "POST /forms/lservlet;jsessionid=ac16012b30d5d6ac356c63bc4b6d91b8cfdf1b1f36a5.e3iSbxaKaheRe34Sa3yKbhiTahb0n6jAmljGr5XDqQLvpAe HTTP/1.1" 200 2
190.27.116.90 - - [20/Nov/2014:07:51:09 -0500] "POST /forest/buscar.do? HTTP/1.1" 200 6960
186.84.50.43 - - [20/Nov/2014:07:51:08 -0500] "POST /forms/lservlet;jsessionid=ac16012b30d5d6ac356c63bc4b6d91b8cfdf1b1f36a5.e3iSbxaKaheRe34Sa3yKbhiTahb0n6jAmljGr5XDqQLvpAe HTTP/1.1" 200 2653
186.84.50.43 - - [20/Nov/2014:07:51:09 -0500] "POST /forms/lservlet;jsessionid=ac16012b30d5d6ac356c63bc4b6d91b8cfdf1b1f36a5.e3iSbxaKaheRe34Sa3yKbhiTahb0n6jAmljGr5XDqQLvpAe HTTP/1.1" 200 2
186.84.50.43 - - [20/Nov/2014:07:51:11 -0500] "POST /forms/lservlet;jsessionid=ac16012b30d5d6ac356c63bc4b6d91b8cfdf1b1f36a5.e3iSbxaKaheRe34Sa3yKbhiTahb0n6jAmljGr5XDqQLvpAe HTTP/1.1" 200 2
186.84.50.43 - - [20/Nov/2014:07:51:12 -0500] "POST /forms/lservlet;jsessionid=ac16012b30d5d6ac356c63bc4b6d91b8cfdf1b1f36a5.e3iSbxaKaheRe34Sa3yKbhiTahb0n6jAmljGr5XDqQLvpAe HTTP/1.1" 200 2371
186.84.50.43 - - [20/Nov/2014:07:51:12 -0500] "POST /forms/lservlet;jsessionid=ac16012b30d5d6ac356c63bc4b6d91b8cfdf1b1f36a5.e3iSbxaKaheRe34Sa3yKbhiTahb0n6jAmljGr5XDqQLvpAe HTTP/1.1" 200 2
201.245.192.253 - - [20/Nov/2014:07:51:12 -0500] "GET /plugins/like.php?action=like&app_id=172525162793917&channel=http%3A%2F%2Fstatic.ak.facebook.com%2Fconnect%2Fxd_arbiter%2F7r8gQb8MIqE.js%3Fversion%3D41%23cb%3Df2ff198c8c4289e%26domain%3Dwww.empleos.com.co%26origin%3Dhttp%253A%252F%252Fwww.empleos.com.co%252Ff212a82ab47a95c%26relation%3Dparent.parent&font=arial&href=http%3A%2F%2Fwww.empleos.com.co%2Fempleo%2Fauxiliar-de-archivo%2F29016&layout=button_count&locale=es_LA&ref=.VG3kurjpjMw.like&sdk=joey&send=false&show_faces=false&width=90 HTTP/1.1" 404 1540
190.27.116.90 - - [20/Nov/2014:07:51:12 -0500] "GET /forest/skins/gdocs-jar/popup/popup.jsp?width=850&height=380&title=Informaci%F3n%20del%20radicado&uri=/forest/system/document.jsp%3FcodDoc%3D1538844&name=undefined&_a=0.492105666778602&a=0.9569242380622398 HTTP/1.1" 200 1315
190.27.116.90 - - [20/Nov/2014:07:51:12 -0500] "GET /forest/system/document.jsp?codDoc=1538844 HTTP/1.1" 200 14277
190.27.116.90 - - [20/Nov/2014:07:51:14 -0500] "GET /forest/usudocumentos.do?p7z=1538844&a=0.034488289425831264&a=0.42393275460986635 HTTP/1.1" 200 2582
186.84.50.43 - - [20/Nov/2014:07:51:14 -0500] "POST /forms/lservlet;jsessionid=ac16012b30d5d6ac356c63bc4b6d91b8cfdf1b1f36a5.e3iSbxaKaheRe34Sa3yKbhiTahb0n6jAmljGr5XDqQLvpAe HTTP/1.1" 200 2
186.84.50.43 - - [20/Nov/2014:07:51:14 -0500] "POST /forms/lservlet;jsessionid=ac16012b30d5d6ac356c63bc4b6d91b8cfdf1b1f36a5.e3iSbxaKaheRe34Sa3yKbhiTahb0n6jAmljGr5XDqQLvpAe HTTP/1.1" 200 2584
186.84.50.43 - - [20/Nov/2014:07:51:15 -0500] "POST /forms/lservlet;jsessionid=ac16012b30d5d6ac356c63bc4b6d91b8cfdf1b1f36a5.e3iSbxaKaheRe34Sa3yKbhiTahb0n6jAmljGr5XDqQLvpAe HTTP/1.1" 200 2
190.27.116.90 - - [20/Nov/2014:07:51:16 -0500] "GET /forest/documentos/1538844/2012EE114961.p7z:claro/Registro%20Vertimientos.doc HTTP/1.1" 200 286720
186.84.50.43 - - [20/Nov/2014:07:51:17 -0500] "POST /forms/lservlet;jsessionid=ac16012b30d5d6ac356c63bc4b6d91b8cfdf1b1f36a5.e3iSbxaKaheRe34Sa3yKbhiTahb0n6jAmljGr5XDqQLvpAe HTTP/1.1" 200 2
186.84.50.43 - - [20/Nov/2014:07:51:18 -0500] "POST /forms/lservlet;jsessionid=ac16012b30d5d6ac356c63bc4b6d91b8cfdf1b1f36a5.e3iSbxaKaheRe34Sa3yKbhiTahb0n6jAmljGr5XDqQLvpAe HTTP/1.1" 200 2025
186.84.50.43 - - [20/Nov/2014:07:51:18 -0500] "POST /forms/lservlet;jsessionid=ac16012b30d5d6ac356c63bc4b6d91b8cfdf1b1f36a5.e3iSbxaKaheRe34Sa3yKbhiTahb0n6jAmljGr5XDqQLvpAe HTTP/1.1" 200 2
201.245.192.253 - - [20/Nov/2014:07:51:19 -0500] "GET /galeria/nivo-slider/demo/demo.html HTTP/1.1" 304 -
201.245.192.253 - - [20/Nov/2014:07:51:20 -0500] "GET /galeria/nivo-slider/demo/images/Biotaxis-Man.jpg HTTP/1.1" 304 -
201.245.192.253 - - [20/Nov/2014:07:51:20 -0500] "GET /galeria/nivo-slider/demo/images/ForoNacionalAmbiental.jpg HTTP/1.1" 304 -
201.245.192.253 - - [20/Nov/2014:07:51:20 -0500] "GET /galeria/nivo-slider/demo/images/Banner-Ecourbanismo.jpg HTTP/1.1" 304 -
186.84.50.43 - - [20/Nov/2014:07:51:20 -0500] "POST /forms/lservlet;jsessionid=ac16012b30d5d6ac356c63bc4b6d91b8cfdf1b1f36a5.e3iSbxaKaheRe34Sa3yKbhiTahb0n6jAmljGr5XDqQLvpAe HTTP/1.1" 200 2
186.84.50.43 - - [20/Nov/2014:07:51:20 -0500] "POST /forms/lservlet;jsessionid=ac16012b30d5d6ac356c63bc4b6d91b8cfdf1b1f36a5.e3iSbxaKaheRe34Sa3yKbhiTahb0n6jAmljGr5XDqQLvpAe HTTP/1.1" 200 2020
186.84.50.43 - - [20/Nov/2014:07:51:20 -0500] "POST /forms/lservlet;jsessionid=ac16012b30d5d6ac356c63bc4b6d91b8cfdf1b1f36a5.e3iSbxaKaheRe34Sa3yKbhiTahb0n6jAmljGr5XDqQLvpAe HTTP/1.1" 200 2
186.84.50.43 - - [20/Nov/2014:07:51:22 -0500] "POST /forms/lservlet;jsessionid=ac16012b30d5d6ac356c63bc4b6d91b8cfdf1b1f36a5.e3iSbxaKaheRe34Sa3yKbhiTahb0n6jAmljGr5XDqQLvpAe HTTP/1.1" 200 2
186.84.50.43 - - [20/Nov/2014:07:51:22 -0500] "POST /forms/lservlet;jsessionid=ac16012b30d5d6ac356c63bc4b6d91b8cfdf1b1f36a5.e3iSbxaKaheRe34Sa3yKbhiTahb0n6jAmljGr5XDqQLvpAe HTTP/1.1" 200 2007
186.84.50.43 - - [20/Nov/2014:07:51:22 -0500] "POST /forms/lservlet;jsessionid=ac16012b30d5d6ac356c63bc4b6d91b8cfdf1b1f36a5.e3iSbxaKaheRe34Sa3yKbhiTahb0n6jAmljGr5XDqQLvpAe HTTP/1.1" 200 2
201.245.192.253 - - [20/Nov/2014:07:51:25 -0500] "GET /plugins/like.php?app_id=&channel=http%3A%2F%2Fstatic.ak.facebook.com%2Fconnect%2Fxd_arbiter%2F7r8gQb8MIqE.js%3Fversion%3D41%23cb%3Df3f271f253bb9%26domain%3Dbogota.opendi.co%26origin%3Dhttp%253A%252F%252Fbogota.opendi.co%252Ff3037bb4d6991a2%26relation%3Dparent.parent&href=http%3A%2F%2Fbogota.opendi.co%2F49029.html&layout=button_count&locale=en_US&sdk=joey&send=false&show_faces=false&width=120 HTTP/1.1" 404 1272
186.84.50.43 - - [20/Nov/2014:07:51:28 -0500] "POST /forms/lservlet;jsessionid=ac16012b30d5d6ac356c63bc4b6d91b8cfdf1b1f36a5.e3iSbxaKaheRe34Sa3yKbhiTahb0n6jAmljGr5XDqQLvpAe HTTP/1.1" 200 2
186.84.50.43 - - [20/Nov/2014:07:51:29 -0500] "POST /forms/lservlet;jsessionid=ac16012b30d5d6ac356c63bc4b6d91b8cfdf1b1f36a5.e3iSbxaKaheRe34Sa3yKbhiTahb0n6jAmljGr5XDqQLvpAe HTTP/1.1" 200 2020
186.84.50.43 - - [20/Nov/2014:07:51:29 -0500] "POST /forms/lservlet;jsessionid=ac16012b30d5d6ac356c63bc4b6d91b8cfdf1b1f36a5.e3iSbxaKaheRe34Sa3yKbhiTahb0n6jAmljGr5XDqQLvpAe HTTP/1.1" 200 2
186.84.50.43 - - [20/Nov/2014:07:51:30 -0500] "POST /forms/lservlet;jsessionid=ac16012b30d5d6ac356c63bc4b6d91b8cfdf1b1f36a5.e3iSbxaKaheRe34Sa3yKbhiTahb0n6jAmljGr5XDqQLvpAe HTTP/1.1" 200 2
186.84.50.43 - - [20/Nov/2014:07:51:30 -0500] "POST /forms/lservlet;jsessionid=ac16012b30d5d6ac356c63bc4b6d91b8cfdf1b1f36a5.e3iSbxaKaheRe34Sa3yKbhiTahb0n6jAmljGr5XDqQLvpAe HTTP/1.1" 200 2007
186.84.50.43 - - [20/Nov/2014:07:51:31 -0500] "POST /forms/lservlet;jsessionid=ac16012b30d5d6ac356c63bc4b6d91b8cfdf1b1f36a5.e3iSbxaKaheRe34Sa3yKbhiTahb0n6jAmljGr5XDqQLvpAe HTTP/1.1" 200 2
186.84.50.43 - - [20/Nov/2014:07:51:31 -0500] "POST /forms/lservlet;jsessionid=ac16012b30d5d6ac356c63bc4b6d91b8cfdf1b1f36a5.e3iSbxaKaheRe34Sa3yKbhiTahb0n6jAmljGr5XDqQLvpAe HTTP/1.1" 200 2
186.84.50.43 - - [20/Nov/2014:07:51:31 -0500] "POST /forms/lservlet;jsessionid=ac16012b30d5d6ac356c63bc4b6d91b8cfdf1b1f36a5.e3iSbxaKaheRe34Sa3yKbhiTahb0n6jAmljGr5XDqQLvpAe HTTP/1.1" 200 2020
186.84.50.43 - - [20/Nov/2014:07:51:32 -0500] "POST /forms/lservlet;jsessionid=ac16012b30d5d6ac356c63bc4b6d91b8cfdf1b1f36a5.e3iSbxaKaheRe34Sa3yKbhiTahb0n6jAmljGr5XDqQLvpAe HTTP/1.1" 200 2
186.84.50.43 - - [20/Nov/2014:07:51:32 -0500] "POST /forms/lservlet;jsessionid=ac16012b30d5d6ac356c63bc4b6d91b8cfdf1b1f36a5.e3iSbxaKaheRe34Sa3yKbhiTahb0n6jAmljGr5XDqQLvpAe HTTP/1.1" 200 2
186.84.50.43 - - [20/Nov/2014:07:51:32 -0500] "POST /forms/lservlet;jsessionid=ac16012b30d5d6ac356c63bc4b6d91b8cfdf1b1f36a5.e3iSbxaKaheRe34Sa3yKbhiTahb0n6jAmljGr5XDqQLvpAe HTTP/1.1" 200 2376
186.84.50.43 - - [20/Nov/2014:07:51:33 -0500] "POST /forms/lservlet;jsessionid=ac16012b30d5d6ac356c63bc4b6d91b8cfdf1b1f36a5.e3iSbxaKaheRe34Sa3yKbhiTahb0n6jAmljGr5XDqQLvpAe HTTP/1.1" 200 2
201.245.192.253 - - [20/Nov/2014:07:51:33 -0500] "GET /pyv_embed?video_id=mLFpUXiT8AQ&use_player=1&ad_type=watch_related&headline=Tip HTTP/1.1" 404 3165
186.154.247.228 - - [20/Nov/2014:07:51:33 -0500] "GET /BLA/resoluciones/RESOLUCIONES%202011/4200.pdf HTTP/1.1" 200 209242
186.154.247.228 - - [20/Nov/2014:07:51:33 -0500] "GET /favicon.ico HTTP/1.1" 200 7782
201.245.192.253 - - [20/Nov/2014:07:51:34 -0500] "GET /plugins/like.php?app_id=&channel=http%3A%2F%2Fstatic.ak.facebook.com%2Fconnect%2Fxd_arbiter%2F7r8gQb8MIqE.js%3Fversion%3D41%23cb%3Dfee05dd7b3a03b%26domain%3Dbogota.opendi.co%26origin%3Dhttp%253A%252F%252Fbogota.opendi.co%252Ff1b0641473f59a%26relation%3Dparent.parent&href=http%3A%2F%2Fbogota.opendi.co%2F242674.html&layout=button_count&locale=en_US&sdk=joey&send=false&show_faces=false&width=120 HTTP/1.1" 404 1274
186.84.50.43 - - [20/Nov/2014:07:51:34 -0500] "POST /forms/lservlet;jsessionid=ac16012b30d5d6ac356c63bc4b6d91b8cfdf1b1f36a5.e3iSbxaKaheRe34Sa3yKbhiTahb0n6jAmljGr5XDqQLvpAe HTTP/1.1" 200 2
186.84.50.43 - - [20/Nov/2014:07:51:34 -0500] "POST /forms/lservlet;jsessionid=ac16012b30d5d6ac356c63bc4b6d91b8cfdf1b1f36a5.e3iSbxaKaheRe34Sa3yKbhiTahb0n6jAmljGr5XDqQLvpAe HTTP/1.1" 200 2467
186.84.50.43 - - [20/Nov/2014:07:51:35 -0500] "POST /forms/lservlet;jsessionid=ac16012b30d5d6ac356c63bc4b6d91b8cfdf1b1f36a5.e3iSbxaKaheRe34Sa3yKbhiTahb0n6jAmljGr5XDqQLvpAe HTTP/1.1" 200 2
201.245.192.253 - - [20/Nov/2014:07:51:35 -0500] "GET /plugins/like.php?action=like&app_id=172525162793917&channel=http%3A%2F%2Fstatic.ak.facebook.com%2Fconnect%2Fxd_arbiter%2F7r8gQb8MIqE.js%3Fversion%3D41%23cb%3Dfd289ae7ced4ad%26domain%3Dwww.empleos.com.co%26origin%3Dhttp%253A%252F%252Fwww.empleos.com.co%252Ff37ef1a761d78b%26relation%3Dparent.parent&font=arial&href=http%3A%2F%2Fwww.empleos.com.co%2Fempleo%2Fmantenimiento%2F28068&layout=button_count&locale=es_LA&ref=.VG3k0FRoF9Y.like&sdk=joey&send=false&show_faces=false&width=90 HTTP/1.1" 404 1308
186.84.50.43 - - [20/Nov/2014:07:51:36 -0500] "POST /forms/lservlet;jsessionid=ac16012b30d5d6ac356c63bc4b6d91b8cfdf1b1f36a5.e3iSbxaKaheRe34Sa3yKbhiTahb0n6jAmljGr5XDqQLvpAe HTTP/1.1" 200 2
186.84.50.43 - - [20/Nov/2014:07:51:36 -0500] "POST /forms/lservlet;jsessionid=ac16012b30d5d6ac356c63bc4b6d91b8cfdf1b1f36a5.e3iSbxaKaheRe34Sa3yKbhiTahb0n6jAmljGr5XDqQLvpAe HTTP/1.1" 200 2593
186.84.50.43 - - [20/Nov/2014:07:51:36 -0500] "POST /forms/lservlet;jsessionid=ac16012b30d5d6ac356c63bc4b6d91b8cfdf1b1f36a5.e3iSbxaKaheRe34Sa3yKbhiTahb0n6jAmljGr5XDqQLvpAe HTTP/1.1" 200 2
186.84.50.43 - - [20/Nov/2014:07:51:37 -0500] "POST /forms/lservlet;jsessionid=ac16012b30d5d6ac356c63bc4b6d91b8cfdf1b1f36a5.e3iSbxaKaheRe34Sa3yKbhiTahb0n6jAmljGr5XDqQLvpAe HTTP/1.1" 200 2
186.84.50.43 - - [20/Nov/2014:07:51:37 -0500] "POST /forms/lservlet;jsessionid=ac16012b30d5d6ac356c63bc4b6d91b8cfdf1b1f36a5.e3iSbxaKaheRe34Sa3yKbhiTahb0n6jAmljGr5XDqQLvpAe HTTP/1.1" 200 2632
186.84.50.43 - - [20/Nov/2014:07:51:38 -0500] "POST /forms/lservlet;jsessionid=ac16012b30d5d6ac356c63bc4b6d91b8cfdf1b1f36a5.e3iSbxaKaheRe34Sa3yKbhiTahb0n6jAmljGr5XDqQLvpAe HTTP/1.1" 200 2
186.84.50.43 - - [20/Nov/2014:07:51:40 -0500] "POST /forms/lservlet;jsessionid=ac16012b30d5d6ac356c63bc4b6d91b8cfdf1b1f36a5.e3iSbxaKaheRe34Sa3yKbhiTahb0n6jAmljGr5XDqQLvpAe HTTP/1.1" 200 2
186.84.50.43 - - [20/Nov/2014:07:51:40 -0500] "POST /forms/lservlet;jsessionid=ac16012b30d5d6ac356c63bc4b6d91b8cfdf1b1f36a5.e3iSbxaKaheRe34Sa3yKbhiTahb0n6jAmljGr5XDqQLvpAe HTTP/1.1" 200 2386
186.84.50.43 - - [20/Nov/2014:07:51:41 -0500] "POST /forms/lservlet;jsessionid=ac16012b30d5d6ac356c63bc4b6d91b8cfdf1b1f36a5.e3iSbxaKaheRe34Sa3yKbhiTahb0n6jAmljGr5XDqQLvpAe HTTP/1.1" 200 2
186.84.50.43 - - [20/Nov/2014:07:51:42 -0500] "POST /forms/lservlet;jsessionid=ac16012b30d5d6ac356c63bc4b6d91b8cfdf1b1f36a5.e3iSbxaKaheRe34Sa3yKbhiTahb0n6jAmljGr5XDqQLvpAe HTTP/1.1" 200 2
186.84.50.43 - - [20/Nov/2014:07:51:42 -0500] "POST /forms/lservlet;jsessionid=ac16012b30d5d6ac356c63bc4b6d91b8cfdf1b1f36a5.e3iSbxaKaheRe34Sa3yKbhiTahb0n6jAmljGr5XDqQLvpAe HTTP/1.1" 200 3046
186.84.50.43 - - [20/Nov/2014:07:51:42 -0500] "POST /forms/lservlet;jsessionid=ac16012b30d5d6ac356c63bc4b6d91b8cfdf1b1f36a5.e3iSbxaKaheRe34Sa3yKbhiTahb0n6jAmljGr5XDqQLvpAe HTTP/1.1" 200 2
201.245.192.253 - - [20/Nov/2014:07:51:43 -0500] "GET /BLA/boletinlegal/actos.php HTTP/1.1" 200 7534
186.84.50.43 - - [20/Nov/2014:07:51:43 -0500] "POST /forms/lservlet;jsessionid=ac16012b30d5d6ac356c63bc4b6d91b8cfdf1b1f36a5.e3iSbxaKaheRe34Sa3yKbhiTahb0n6jAmljGr5XDqQLvpAe HTTP/1.1" 200 2
186.84.50.43 - - [20/Nov/2014:07:51:44 -0500] "POST /forms/lservlet;jsessionid=ac16012b30d5d6ac356c63bc4b6d91b8cfdf1b1f36a5.e3iSbxaKaheRe34Sa3yKbhiTahb0n6jAmljGr5XDqQLvpAe HTTP/1.1" 200 3199
186.84.50.43 - - [20/Nov/2014:07:51:44 -0500] "POST /forms/lservlet;jsessionid=ac16012b30d5d6ac356c63bc4b6d91b8cfdf1b1f36a5.e3iSbxaKaheRe34Sa3yKbhiTahb0n6jAmljGr5XDqQLvpAe HTTP/1.1" 200 2
186.84.50.43 - - [20/Nov/2014:07:51:45 -0500] "POST /forms/lservlet;jsessionid=ac16012b30d5d6ac356c63bc4b6d91b8cfdf1b1f36a5.e3iSbxaKaheRe34Sa3yKbhiTahb0n6jAmljGr5XDqQLvpAe HTTP/1.1" 200 2
186.84.50.43 - - [20/Nov/2014:07:51:45 -0500] "POST /forms/lservlet;jsessionid=ac16012b30d5d6ac356c63bc4b6d91b8cfdf1b1f36a5.e3iSbxaKaheRe34Sa3yKbhiTahb0n6jAmljGr5XDqQLvpAe HTTP/1.1" 200 2976
186.84.50.43 - - [20/Nov/2014:07:51:46 -0500] "POST /forms/lservlet;jsessionid=ac16012b30d5d6ac356c63bc4b6d91b8cfdf1b1f36a5.e3iSbxaKaheRe34Sa3yKbhiTahb0n6jAmljGr5XDqQLvpAe HTTP/1.1" 200 2
186.84.50.43 - - [20/Nov/2014:07:51:47 -0500] "POST /forms/lservlet;jsessionid=ac16012b30d5d6ac356c63bc4b6d91b8cfdf1b1f36a5.e3iSbxaKaheRe34Sa3yKbhiTahb0n6jAmljGr5XDqQLvpAe HTTP/1.1" 200 2
186.84.50.43 - - [20/Nov/2014:07:51:47 -0500] "POST /forms/lservlet;jsessionid=ac16012b30d5d6ac356c63bc4b6d91b8cfdf1b1f36a5.e3iSbxaKaheRe34Sa3yKbhiTahb0n6jAmljGr5XDqQLvpAe HTTP/1.1" 200 3371
186.84.50.43 - - [20/Nov/2014:07:51:48 -0500] "POST /forms/lservlet;jsessionid=ac16012b30d5d6ac356c63bc4b6d91b8cfdf1b1f36a5.e3iSbxaKaheRe34Sa3yKbhiTahb0n6jAmljGr5XDqQLvpAe HTTP/1.1" 200 2
201.245.192.253 - - [20/Nov/2014:07:51:49 -0500] "GET /plugins/like.php?locale=es_ES&href=https%3A%2F%2Fwww.facebook.com%2FMSNColombia&send=false&layout=button_count&width=450&show_faces=false&font&colorscheme=light&action=like&height=21 HTTP/1.1" 404 1290
201.245.192.253 - - [20/Nov/2014:07:51:49 -0500] "GET /galeria/nivo-slider/demo/demo.html HTTP/1.1" 304 -
186.84.50.43 - - [20/Nov/2014:07:51:50 -0500] "POST /forms/lservlet;jsessionid=ac16012b30d5d6ac356c63bc4b6d91b8cfdf1b1f36a5.e3iSbxaKaheRe34Sa3yKbhiTahb0n6jAmljGr5XDqQLvpAe HTTP/1.1" 200 2
186.84.50.43 - - [20/Nov/2014:07:51:50 -0500] "POST /forms/lservlet;jsessionid=ac16012b30d5d6ac356c63bc4b6d91b8cfdf1b1f36a5.e3iSbxaKaheRe34Sa3yKbhiTahb0n6jAmljGr5XDqQLvpAe HTTP/1.1" 200 2455
186.84.50.43 - - [20/Nov/2014:07:51:50 -0500] "POST /forms/lservlet;jsessionid=ac16012b30d5d6ac356c63bc4b6d91b8cfdf1b1f36a5.e3iSbxaKaheRe34Sa3yKbhiTahb0n6jAmljGr5XDqQLvpAe HTTP/1.1" 200 2
186.82.78.180 - - [20/Nov/2014:07:51:50 -0500] "POST /forms/lservlet;jsessionid=ac16012b30d5031a2424849f424fbd15ded94878613c.e3iSbxaKaheRe34Sa3yKbhiTahb0n6jAmljGr5XDqQLvpAe HTTP/1.1" 200 2
186.84.50.43 - - [20/Nov/2014:07:51:51 -0500] "POST /forms/lservlet;jsessionid=ac16012b30d5d6ac356c63bc4b6d91b8cfdf1b1f36a5.e3iSbxaKaheRe34Sa3yKbhiTahb0n6jAmljGr5XDqQLvpAe HTTP/1.1" 200 2
186.84.50.43 - - [20/Nov/2014:07:51:51 -0500] "POST /forms/lservlet;jsessionid=ac16012b30d5d6ac356c63bc4b6d91b8cfdf1b1f36a5.e3iSbxaKaheRe34Sa3yKbhiTahb0n6jAmljGr5XDqQLvpAe HTTP/1.1" 200 2501
186.84.50.43 - - [20/Nov/2014:07:51:51 -0500] "POST /forms/lservlet;jsessionid=ac16012b30d5d6ac356c63bc4b6d91b8cfdf1b1f36a5.e3iSbxaKaheRe34Sa3yKbhiTahb0n6jAmljGr5XDqQLvpAe HTTP/1.1" 200 2
201.245.192.253 - - [20/Nov/2014:07:51:52 -0500] "GET /galeria/nivo-slider/demo/images/Biotaxis-Man.jpg HTTP/1.1" 304 -
201.245.192.253 - - [20/Nov/2014:07:51:52 -0500] "GET /galeria/nivo-slider/demo/images/ForoNacionalAmbiental.jpg HTTP/1.1" 304 -
201.245.192.253 - - [20/Nov/2014:07:51:52 -0500] "GET /galeria/nivo-slider/demo/images/Banner-Ecourbanismo.jpg HTTP/1.1" 304 -
201.245.192.253 - - [20/Nov/2014:07:51:53 -0500] "GET /galeria/nivo-slider/demo/images/banner-aceite3.jpg HTTP/1.1" 304 -
186.84.50.43 - - [20/Nov/2014:07:51:53 -0500] "POST /forms/lservlet;jsessionid=ac16012b30d5d6ac356c63bc4b6d91b8cfdf1b1f36a5.e3iSbxaKaheRe34Sa3yKbhiTahb0n6jAmljGr5XDqQLvpAe HTTP/1.1" 200 2
186.84.50.43 - - [20/Nov/2014:07:51:53 -0500] "POST /forms/lservlet;jsessionid=ac16012b30d5d6ac356c63bc4b6d91b8cfdf1b1f36a5.e3iSbxaKaheRe34Sa3yKbhiTahb0n6jAmljGr5XDqQLvpAe HTTP/1.1" 200 2455
186.84.50.43 - - [20/Nov/2014:07:51:53 -0500] "POST /forms/lservlet;jsessionid=ac16012b30d5d6ac356c63bc4b6d91b8cfdf1b1f36a5.e3iSbxaKaheRe34Sa3yKbhiTahb0n6jAmljGr5XDqQLvpAe HTTP/1.1" 200 2
190.27.116.90 - - [20/Nov/2014:07:51:54 -0500] "GET /forest/skins/gdocs-jar/popup/popup.jsp?width=900&height=600&title=Informaci%F3n%20de%20proceso&uri=/forest/system/process.jsp%3FnumPro%3D2392213&name=undefined&_a=0.16605556156992973&a=0.9323468731666213 HTTP/1.1" 200 1312
190.27.116.90 - - [20/Nov/2014:07:51:54 -0500] "GET /forest/system/process.jsp?numPro=2392213 HTTP/1.1" 200 59789
