186.82.78.180 - - [20/Nov/2014:06:38:21 -0500] "POST /forms/lservlet;jsessionid=ac16012b30d510a5762270614c3caa319e9948876b57.e3iSbxaKaheRe34Sa3yKbhiTahb0n6jAmljGr5XDqQLvpAe HTTP/1.1" 200 2
186.82.78.180 - - [20/Nov/2014:06:38:21 -0500] "POST /forms/lservlet;jsessionid=ac16012b30d510a5762270614c3caa319e9948876b57.e3iSbxaKaheRe34Sa3yKbhiTahb0n6jAmljGr5XDqQLvpAe HTTP/1.1" 200 3095
186.82.78.180 - - [20/Nov/2014:06:38:22 -0500] "POST /forms/lservlet;jsessionid=ac16012b30d510a5762270614c3caa319e9948876b57.e3iSbxaKaheRe34Sa3yKbhiTahb0n6jAmljGr5XDqQLvpAe HTTP/1.1" 200 2
186.82.78.180 - - [20/Nov/2014:06:38:23 -0500] "POST /forms/lservlet;jsessionid=ac16012b30d510a5762270614c3caa319e9948876b57.e3iSbxaKaheRe34Sa3yKbhiTahb0n6jAmljGr5XDqQLvpAe HTTP/1.1" 200 2
186.82.78.180 - - [20/Nov/2014:06:38:23 -0500] "POST /forms/lservlet;jsessionid=ac16012b30d510a5762270614c3caa319e9948876b57.e3iSbxaKaheRe34Sa3yKbhiTahb0n6jAmljGr5XDqQLvpAe HTTP/1.1" 200 2495
186.82.78.180 - - [20/Nov/2014:06:38:24 -0500] "POST /forms/lservlet;jsessionid=ac16012b30d510a5762270614c3caa319e9948876b57.e3iSbxaKaheRe34Sa3yKbhiTahb0n6jAmljGr5XDqQLvpAe HTTP/1.1" 200 2
186.82.78.180 - - [20/Nov/2014:06:38:24 -0500] "POST /forms/lservlet;jsessionid=ac16012b30d510a5762270614c3caa319e9948876b57.e3iSbxaKaheRe34Sa3yKbhiTahb0n6jAmljGr5XDqQLvpAe HTTP/1.1" 200 2
186.82.78.180 - - [20/Nov/2014:06:38:25 -0500] "POST /forms/lservlet;jsessionid=ac16012b30d510a5762270614c3caa319e9948876b57.e3iSbxaKaheRe34Sa3yKbhiTahb0n6jAmljGr5XDqQLvpAe HTTP/1.1" 200 2601
186.82.78.180 - - [20/Nov/2014:06:38:25 -0500] "POST /forms/lservlet;jsessionid=ac16012b30d510a5762270614c3caa319e9948876b57.e3iSbxaKaheRe34Sa3yKbhiTahb0n6jAmljGr5XDqQLvpAe HTTP/1.1" 200 2
186.82.78.180 - - [20/Nov/2014:06:38:26 -0500] "POST /forms/lservlet;jsessionid=ac16012b30d510a5762270614c3caa319e9948876b57.e3iSbxaKaheRe34Sa3yKbhiTahb0n6jAmljGr5XDqQLvpAe HTTP/1.1" 200 2
186.82.78.180 - - [20/Nov/2014:06:38:26 -0500] "POST /forms/lservlet;jsessionid=ac16012b30d510a5762270614c3caa319e9948876b57.e3iSbxaKaheRe34Sa3yKbhiTahb0n6jAmljGr5XDqQLvpAe HTTP/1.1" 200 2568
186.82.78.180 - - [20/Nov/2014:06:38:27 -0500] "POST /forms/lservlet;jsessionid=ac16012b30d510a5762270614c3caa319e9948876b57.e3iSbxaKaheRe34Sa3yKbhiTahb0n6jAmljGr5XDqQLvpAe HTTP/1.1" 200 2
186.82.78.180 - - [20/Nov/2014:06:38:28 -0500] "POST /forms/lservlet;jsessionid=ac16012b30d510a5762270614c3caa319e9948876b57.e3iSbxaKaheRe34Sa3yKbhiTahb0n6jAmljGr5XDqQLvpAe HTTP/1.1" 200 2
186.82.78.180 - - [20/Nov/2014:06:38:28 -0500] "POST /forms/lservlet;jsessionid=ac16012b30d510a5762270614c3caa319e9948876b57.e3iSbxaKaheRe34Sa3yKbhiTahb0n6jAmljGr5XDqQLvpAe HTTP/1.1" 200 2471
186.82.78.180 - - [20/Nov/2014:06:38:29 -0500] "POST /forms/lservlet;jsessionid=ac16012b30d510a5762270614c3caa319e9948876b57.e3iSbxaKaheRe34Sa3yKbhiTahb0n6jAmljGr5XDqQLvpAe HTTP/1.1" 200 2
186.82.78.180 - - [20/Nov/2014:06:38:32 -0500] "POST /forms/lservlet;jsessionid=ac16012b30d510a5762270614c3caa319e9948876b57.e3iSbxaKaheRe34Sa3yKbhiTahb0n6jAmljGr5XDqQLvpAe HTTP/1.1" 200 2
186.82.78.180 - - [20/Nov/2014:06:38:32 -0500] "POST /forms/lservlet;jsessionid=ac16012b30d510a5762270614c3caa319e9948876b57.e3iSbxaKaheRe34Sa3yKbhiTahb0n6jAmljGr5XDqQLvpAe HTTP/1.1" 200 2809
186.82.78.180 - - [20/Nov/2014:06:38:33 -0500] "POST /forms/lservlet;jsessionid=ac16012b30d510a5762270614c3caa319e9948876b57.e3iSbxaKaheRe34Sa3yKbhiTahb0n6jAmljGr5XDqQLvpAe HTTP/1.1" 200 2
186.82.78.180 - - [20/Nov/2014:06:38:35 -0500] "POST /forms/lservlet;jsessionid=ac16012b30d510a5762270614c3caa319e9948876b57.e3iSbxaKaheRe34Sa3yKbhiTahb0n6jAmljGr5XDqQLvpAe HTTP/1.1" 200 2
186.82.78.180 - - [20/Nov/2014:06:38:35 -0500] "POST /forms/lservlet;jsessionid=ac16012b30d510a5762270614c3caa319e9948876b57.e3iSbxaKaheRe34Sa3yKbhiTahb0n6jAmljGr5XDqQLvpAe HTTP/1.1" 200 2308
186.82.78.180 - - [20/Nov/2014:06:38:36 -0500] "POST /forms/lservlet;jsessionid=ac16012b30d510a5762270614c3caa319e9948876b57.e3iSbxaKaheRe34Sa3yKbhiTahb0n6jAmljGr5XDqQLvpAe HTTP/1.1" 200 2
186.82.78.180 - - [20/Nov/2014:06:38:37 -0500] "POST /forms/lservlet;jsessionid=ac16012b30d510a5762270614c3caa319e9948876b57.e3iSbxaKaheRe34Sa3yKbhiTahb0n6jAmljGr5XDqQLvpAe HTTP/1.1" 200 2
186.82.78.180 - - [20/Nov/2014:06:38:37 -0500] "POST /forms/lservlet;jsessionid=ac16012b30d510a5762270614c3caa319e9948876b57.e3iSbxaKaheRe34Sa3yKbhiTahb0n6jAmljGr5XDqQLvpAe HTTP/1.1" 200 3136
186.82.78.180 - - [20/Nov/2014:06:38:38 -0500] "POST /forms/lservlet;jsessionid=ac16012b30d510a5762270614c3caa319e9948876b57.e3iSbxaKaheRe34Sa3yKbhiTahb0n6jAmljGr5XDqQLvpAe HTTP/1.1" 200 2
186.82.78.180 - - [20/Nov/2014:06:38:39 -0500] "POST /forms/lservlet;jsessionid=ac16012b30d510a5762270614c3caa319e9948876b57.e3iSbxaKaheRe34Sa3yKbhiTahb0n6jAmljGr5XDqQLvpAe HTTP/1.1" 200 2
186.82.78.180 - - [20/Nov/2014:06:38:40 -0500] "POST /forms/lservlet;jsessionid=ac16012b30d510a5762270614c3caa319e9948876b57.e3iSbxaKaheRe34Sa3yKbhiTahb0n6jAmljGr5XDqQLvpAe HTTP/1.1" 200 3897
186.82.78.180 - - [20/Nov/2014:06:38:40 -0500] "POST /forms/lservlet;jsessionid=ac16012b30d510a5762270614c3caa319e9948876b57.e3iSbxaKaheRe34Sa3yKbhiTahb0n6jAmljGr5XDqQLvpAe HTTP/1.1" 200 2
190.84.155.46 - - [20/Nov/2014:06:38:45 -0500] "GET /Report2/parameter?action=parametersReportMDX&id_rpt=18&currentTab=tab_presentacion HTTP/1.1" 200 1148
190.84.155.46 - - [20/Nov/2014:06:38:45 -0500] "POST /Report2/viewReport.jsp?id_rpt=119&idItem=1120 HTTP/1.1" 200 7199
186.82.78.180 - - [20/Nov/2014:06:38:47 -0500] "POST /forms/lservlet;jsessionid=ac16012b30d510a5762270614c3caa319e9948876b57.e3iSbxaKaheRe34Sa3yKbhiTahb0n6jAmljGr5XDqQLvpAe HTTP/1.1" 200 2
186.82.78.180 - - [20/Nov/2014:06:38:48 -0500] "POST /forms/lservlet;jsessionid=ac16012b30d510a5762270614c3caa319e9948876b57.e3iSbxaKaheRe34Sa3yKbhiTahb0n6jAmljGr5XDqQLvpAe HTTP/1.1" 200 2651
186.82.78.180 - - [20/Nov/2014:06:38:48 -0500] "POST /forms/lservlet;jsessionid=ac16012b30d510a5762270614c3caa319e9948876b57.e3iSbxaKaheRe34Sa3yKbhiTahb0n6jAmljGr5XDqQLvpAe HTTP/1.1" 200 2
190.84.155.46 - - [20/Nov/2014:06:38:49 -0500] "GET /Report2/autoComplete.jsp?&nitso=208 HTTP/1.1" 200 154
186.82.78.180 - - [20/Nov/2014:06:38:50 -0500] "POST /forms/lservlet;jsessionid=ac16012b30d510a5762270614c3caa319e9948876b57.e3iSbxaKaheRe34Sa3yKbhiTahb0n6jAmljGr5XDqQLvpAe HTTP/1.1" 200 2
190.84.155.46 - - [20/Nov/2014:06:38:50 -0500] "GET /Report2/serviceListados.jsp?queryId=rpt/infxnitC_doc&nitso=208 HTTP/1.1" 200 468
186.82.78.180 - - [20/Nov/2014:06:38:50 -0500] "POST /forms/lservlet;jsessionid=ac16012b30d510a5762270614c3caa319e9948876b57.e3iSbxaKaheRe34Sa3yKbhiTahb0n6jAmljGr5XDqQLvpAe HTTP/1.1" 200 2335
186.82.78.180 - - [20/Nov/2014:06:38:51 -0500] "POST /forms/lservlet;jsessionid=ac16012b30d510a5762270614c3caa319e9948876b57.e3iSbxaKaheRe34Sa3yKbhiTahb0n6jAmljGr5XDqQLvpAe HTTP/1.1" 200 2
190.84.155.46 - - [20/Nov/2014:06:38:52 -0500] "GET /Report2/serviceListados.jsp?queryId=rpt/feccortxnitxinfC_doc&cotiin=17&nitso=208 HTTP/1.1" 200 217
186.82.78.180 - - [20/Nov/2014:06:38:53 -0500] "POST /forms/lservlet;jsessionid=ac16012b30d510a5762270614c3caa319e9948876b57.e3iSbxaKaheRe34Sa3yKbhiTahb0n6jAmljGr5XDqQLvpAe HTTP/1.1" 200 2
190.84.155.46 - - [20/Nov/2014:06:38:53 -0500] "GET /Report2/serviceListados.jsp?queryId=rpt/docsxfeccortxnitxinfC&cotiin=17&nitso=208&fecbal=2014-06-30 HTTP/1.1" 200 217
186.82.78.180 - - [20/Nov/2014:06:38:53 -0500] "POST /forms/lservlet;jsessionid=ac16012b30d510a5762270614c3caa319e9948876b57.e3iSbxaKaheRe34Sa3yKbhiTahb0n6jAmljGr5XDqQLvpAe HTTP/1.1" 200 2767
186.82.78.180 - - [20/Nov/2014:06:38:54 -0500] "POST /forms/lservlet;jsessionid=ac16012b30d510a5762270614c3caa319e9948876b57.e3iSbxaKaheRe34Sa3yKbhiTahb0n6jAmljGr5XDqQLvpAe HTTP/1.1" 200 2
186.82.78.180 - - [20/Nov/2014:06:38:55 -0500] "POST /forms/lservlet;jsessionid=ac16012b30d510a5762270614c3caa319e9948876b57.e3iSbxaKaheRe34Sa3yKbhiTahb0n6jAmljGr5XDqQLvpAe HTTP/1.1" 200 2
186.82.78.180 - - [20/Nov/2014:06:38:55 -0500] "POST /forms/lservlet;jsessionid=ac16012b30d510a5762270614c3caa319e9948876b57.e3iSbxaKaheRe34Sa3yKbhiTahb0n6jAmljGr5XDqQLvpAe HTTP/1.1" 200 2226
186.82.78.180 - - [20/Nov/2014:06:38:56 -0500] "POST /forms/lservlet;jsessionid=ac16012b30d510a5762270614c3caa319e9948876b57.e3iSbxaKaheRe34Sa3yKbhiTahb0n6jAmljGr5XDqQLvpAe HTTP/1.1" 200 2
186.82.78.180 - - [20/Nov/2014:06:38:57 -0500] "POST /forms/lservlet;jsessionid=ac16012b30d510a5762270614c3caa319e9948876b57.e3iSbxaKaheRe34Sa3yKbhiTahb0n6jAmljGr5XDqQLvpAe HTTP/1.1" 200 2
186.82.78.180 - - [20/Nov/2014:06:38:57 -0500] "POST /forms/lservlet;jsessionid=ac16012b30d510a5762270614c3caa319e9948876b57.e3iSbxaKaheRe34Sa3yKbhiTahb0n6jAmljGr5XDqQLvpAe HTTP/1.1" 200 2747
186.82.78.180 - - [20/Nov/2014:06:38:58 -0500] "POST /forms/lservlet;jsessionid=ac16012b30d510a5762270614c3caa319e9948876b57.e3iSbxaKaheRe34Sa3yKbhiTahb0n6jAmljGr5XDqQLvpAe HTTP/1.1" 200 2
186.82.78.180 - - [20/Nov/2014:06:38:58 -0500] "POST /forms/lservlet;jsessionid=ac16012b30d510a5762270614c3caa319e9948876b57.e3iSbxaKaheRe34Sa3yKbhiTahb0n6jAmljGr5XDqQLvpAe HTTP/1.1" 200 2
186.82.78.180 - - [20/Nov/2014:06:38:59 -0500] "POST /forms/lservlet;jsessionid=ac16012b30d510a5762270614c3caa319e9948876b57.e3iSbxaKaheRe34Sa3yKbhiTahb0n6jAmljGr5XDqQLvpAe HTTP/1.1" 200 2305
186.82.78.180 - - [20/Nov/2014:06:39:00 -0500] "POST /forms/lservlet;jsessionid=ac16012b30d510a5762270614c3caa319e9948876b57.e3iSbxaKaheRe34Sa3yKbhiTahb0n6jAmljGr5XDqQLvpAe HTTP/1.1" 200 2
186.82.78.180 - - [20/Nov/2014:06:39:01 -0500] "POST /forms/lservlet;jsessionid=ac16012b30d510a5762270614c3caa319e9948876b57.e3iSbxaKaheRe34Sa3yKbhiTahb0n6jAmljGr5XDqQLvpAe HTTP/1.1" 200 2
190.84.155.46 - - [20/Nov/2014:06:38:57 -0500] "POST /Report2/descargarDoc.do?id_rpt=119 HTTP/1.1" 200 1995438
186.82.78.180 - - [20/Nov/2014:06:39:01 -0500] "POST /forms/lservlet;jsessionid=ac16012b30d510a5762270614c3caa319e9948876b57.e3iSbxaKaheRe34Sa3yKbhiTahb0n6jAmljGr5XDqQLvpAe HTTP/1.1" 200 2538
186.82.78.180 - - [20/Nov/2014:06:39:02 -0500] "POST /forms/lservlet;jsessionid=ac16012b30d510a5762270614c3caa319e9948876b57.e3iSbxaKaheRe34Sa3yKbhiTahb0n6jAmljGr5XDqQLvpAe HTTP/1.1" 200 2
186.82.78.180 - - [20/Nov/2014:06:39:02 -0500] "POST /forms/lservlet;jsessionid=ac16012b30d510a5762270614c3caa319e9948876b57.e3iSbxaKaheRe34Sa3yKbhiTahb0n6jAmljGr5XDqQLvpAe HTTP/1.1" 200 2
186.82.78.180 - - [20/Nov/2014:06:39:03 -0500] "POST /forms/lservlet;jsessionid=ac16012b30d510a5762270614c3caa319e9948876b57.e3iSbxaKaheRe34Sa3yKbhiTahb0n6jAmljGr5XDqQLvpAe HTTP/1.1" 200 2381
186.82.78.180 - - [20/Nov/2014:06:39:03 -0500] "POST /forms/lservlet;jsessionid=ac16012b30d510a5762270614c3caa319e9948876b57.e3iSbxaKaheRe34Sa3yKbhiTahb0n6jAmljGr5XDqQLvpAe HTTP/1.1" 200 2
186.82.78.180 - - [20/Nov/2014:06:39:04 -0500] "POST /forms/lservlet;jsessionid=ac16012b30d510a5762270614c3caa319e9948876b57.e3iSbxaKaheRe34Sa3yKbhiTahb0n6jAmljGr5XDqQLvpAe HTTP/1.1" 200 2
186.82.78.180 - - [20/Nov/2014:06:39:04 -0500] "POST /forms/lservlet;jsessionid=ac16012b30d510a5762270614c3caa319e9948876b57.e3iSbxaKaheRe34Sa3yKbhiTahb0n6jAmljGr5XDqQLvpAe HTTP/1.1" 200 3391
186.82.78.180 - - [20/Nov/2014:06:39:05 -0500] "POST /forms/lservlet;jsessionid=ac16012b30d510a5762270614c3caa319e9948876b57.e3iSbxaKaheRe34Sa3yKbhiTahb0n6jAmljGr5XDqQLvpAe HTTP/1.1" 200 2
190.25.157.12 - - [20/Nov/2014:06:39:06 -0500] "POST /forms/lservlet;jsessionid=ac16012b30d5ec989a1b0aa149e3b822aec0fd0995e5.e3iSbxaKaheRe34Sa3yKbhiTahb0n6jAmljGr5XDqQLvpAe HTTP/1.1" 200 2
190.84.155.46 - - [20/Nov/2014:06:39:16 -0500] "GET /Report2/serviceListados.jsp?queryId=rpt/feccortxnitxinfC_doc&cotiin=19&nitso=208 HTTP/1.1" 200 217
190.84.155.46 - - [20/Nov/2014:06:39:19 -0500] "GET /Report2/serviceListados.jsp?queryId=rpt/docsxfeccortxnitxinfC&cotiin=19&nitso=208&fecbal=2014-06-30 HTTP/1.1" 200 433
186.82.78.180 - - [20/Nov/2014:06:39:18 -0500] "POST /forms/lservlet;jsessionid=ac16012b30d510a5762270614c3caa319e9948876b57.e3iSbxaKaheRe34Sa3yKbhiTahb0n6jAmljGr5XDqQLvpAe HTTP/1.1" 200 2
186.82.78.180 - - [20/Nov/2014:06:39:19 -0500] "POST /forms/lservlet;jsessionid=ac16012b30d510a5762270614c3caa319e9948876b57.e3iSbxaKaheRe34Sa3yKbhiTahb0n6jAmljGr5XDqQLvpAe HTTP/1.1" 200 2831
186.82.78.180 - - [20/Nov/2014:06:39:19 -0500] "POST /forms/lservlet;jsessionid=ac16012b30d510a5762270614c3caa319e9948876b57.e3iSbxaKaheRe34Sa3yKbhiTahb0n6jAmljGr5XDqQLvpAe HTTP/1.1" 200 2
186.82.78.180 - - [20/Nov/2014:06:39:20 -0500] "POST /forms/lservlet;jsessionid=ac16012b30d510a5762270614c3caa319e9948876b57.e3iSbxaKaheRe34Sa3yKbhiTahb0n6jAmljGr5XDqQLvpAe HTTP/1.1" 200 2
186.82.78.180 - - [20/Nov/2014:06:39:20 -0500] "POST /forms/lservlet;jsessionid=ac16012b30d510a5762270614c3caa319e9948876b57.e3iSbxaKaheRe34Sa3yKbhiTahb0n6jAmljGr5XDqQLvpAe HTTP/1.1" 200 2744
186.82.78.180 - - [20/Nov/2014:06:39:21 -0500] "POST /forms/lservlet;jsessionid=ac16012b30d510a5762270614c3caa319e9948876b57.e3iSbxaKaheRe34Sa3yKbhiTahb0n6jAmljGr5XDqQLvpAe HTTP/1.1" 200 2
186.82.78.180 - - [20/Nov/2014:06:39:23 -0500] "POST /forms/lservlet;jsessionid=ac16012b30d510a5762270614c3caa319e9948876b57.e3iSbxaKaheRe34Sa3yKbhiTahb0n6jAmljGr5XDqQLvpAe HTTP/1.1" 200 2
186.82.78.180 - - [20/Nov/2014:06:39:23 -0500] "POST /forms/lservlet;jsessionid=ac16012b30d510a5762270614c3caa319e9948876b57.e3iSbxaKaheRe34Sa3yKbhiTahb0n6jAmljGr5XDqQLvpAe HTTP/1.1" 200 2894
186.82.78.180 - - [20/Nov/2014:06:39:24 -0500] "POST /forms/lservlet;jsessionid=ac16012b30d510a5762270614c3caa319e9948876b57.e3iSbxaKaheRe34Sa3yKbhiTahb0n6jAmljGr5XDqQLvpAe HTTP/1.1" 200 2
186.82.78.180 - - [20/Nov/2014:06:39:25 -0500] "POST /forms/lservlet;jsessionid=ac16012b30d510a5762270614c3caa319e9948876b57.e3iSbxaKaheRe34Sa3yKbhiTahb0n6jAmljGr5XDqQLvpAe HTTP/1.1" 200 2
186.82.78.180 - - [20/Nov/2014:06:39:25 -0500] "POST /forms/lservlet;jsessionid=ac16012b30d510a5762270614c3caa319e9948876b57.e3iSbxaKaheRe34Sa3yKbhiTahb0n6jAmljGr5XDqQLvpAe HTTP/1.1" 200 2413
186.82.78.180 - - [20/Nov/2014:06:39:25 -0500] "POST /forms/lservlet;jsessionid=ac16012b30d510a5762270614c3caa319e9948876b57.e3iSbxaKaheRe34Sa3yKbhiTahb0n6jAmljGr5XDqQLvpAe HTTP/1.1" 200 2
186.82.78.180 - - [20/Nov/2014:06:39:27 -0500] "POST /forms/lservlet;jsessionid=ac16012b30d510a5762270614c3caa319e9948876b57.e3iSbxaKaheRe34Sa3yKbhiTahb0n6jAmljGr5XDqQLvpAe HTTP/1.1" 200 2
186.82.78.180 - - [20/Nov/2014:06:39:27 -0500] "POST /forms/lservlet;jsessionid=ac16012b30d510a5762270614c3caa319e9948876b57.e3iSbxaKaheRe34Sa3yKbhiTahb0n6jAmljGr5XDqQLvpAe HTTP/1.1" 200 3763
186.82.78.180 - - [20/Nov/2014:06:39:28 -0500] "POST /forms/lservlet;jsessionid=ac16012b30d510a5762270614c3caa319e9948876b57.e3iSbxaKaheRe34Sa3yKbhiTahb0n6jAmljGr5XDqQLvpAe HTTP/1.1" 200 2
186.82.78.180 - - [20/Nov/2014:06:39:29 -0500] "POST /forms/lservlet;jsessionid=ac16012b30d510a5762270614c3caa319e9948876b57.e3iSbxaKaheRe34Sa3yKbhiTahb0n6jAmljGr5XDqQLvpAe HTTP/1.1" 200 2
186.82.78.180 - - [20/Nov/2014:06:39:29 -0500] "POST /forms/lservlet;jsessionid=ac16012b30d510a5762270614c3caa319e9948876b57.e3iSbxaKaheRe34Sa3yKbhiTahb0n6jAmljGr5XDqQLvpAe HTTP/1.1" 200 3301
186.82.78.180 - - [20/Nov/2014:06:39:30 -0500] "POST /forms/lservlet;jsessionid=ac16012b30d510a5762270614c3caa319e9948876b57.e3iSbxaKaheRe34Sa3yKbhiTahb0n6jAmljGr5XDqQLvpAe HTTP/1.1" 200 2
190.84.155.46 - - [20/Nov/2014:06:39:24 -0500] "POST /Report2/descargarDoc.do?id_rpt=119 HTTP/1.1" 200 4062875
186.82.78.180 - - [20/Nov/2014:06:39:32 -0500] "POST /forms/lservlet;jsessionid=ac16012b30d510a5762270614c3caa319e9948876b57.e3iSbxaKaheRe34Sa3yKbhiTahb0n6jAmljGr5XDqQLvpAe HTTP/1.1" 200 2
186.82.78.180 - - [20/Nov/2014:06:39:33 -0500] "POST /forms/lservlet;jsessionid=ac16012b30d510a5762270614c3caa319e9948876b57.e3iSbxaKaheRe34Sa3yKbhiTahb0n6jAmljGr5XDqQLvpAe HTTP/1.1" 200 2620
186.82.78.180 - - [20/Nov/2014:06:39:33 -0500] "POST /forms/lservlet;jsessionid=ac16012b30d510a5762270614c3caa319e9948876b57.e3iSbxaKaheRe34Sa3yKbhiTahb0n6jAmljGr5XDqQLvpAe HTTP/1.1" 200 2
186.82.78.180 - - [20/Nov/2014:06:39:34 -0500] "POST /forms/lservlet;jsessionid=ac16012b30d510a5762270614c3caa319e9948876b57.e3iSbxaKaheRe34Sa3yKbhiTahb0n6jAmljGr5XDqQLvpAe HTTP/1.1" 200 2
186.82.78.180 - - [20/Nov/2014:06:39:34 -0500] "POST /forms/lservlet;jsessionid=ac16012b30d510a5762270614c3caa319e9948876b57.e3iSbxaKaheRe34Sa3yKbhiTahb0n6jAmljGr5XDqQLvpAe HTTP/1.1" 200 3428
186.82.78.180 - - [20/Nov/2014:06:39:35 -0500] "POST /forms/lservlet;jsessionid=ac16012b30d510a5762270614c3caa319e9948876b57.e3iSbxaKaheRe34Sa3yKbhiTahb0n6jAmljGr5XDqQLvpAe HTTP/1.1" 200 2
66.249.69.195 - - [20/Nov/2014:06:39:36 -0500] "GET /BLA/resoluciones/RESOLUCIONES%202012/1230.pdf HTTP/1.1" 304 -
186.82.78.180 - - [20/Nov/2014:06:39:39 -0500] "POST /forms/lservlet;jsessionid=ac16012b30d510a5762270614c3caa319e9948876b57.e3iSbxaKaheRe34Sa3yKbhiTahb0n6jAmljGr5XDqQLvpAe HTTP/1.1" 200 2
186.82.78.180 - - [20/Nov/2014:06:39:39 -0500] "POST /forms/lservlet;jsessionid=ac16012b30d510a5762270614c3caa319e9948876b57.e3iSbxaKaheRe34Sa3yKbhiTahb0n6jAmljGr5XDqQLvpAe HTTP/1.1" 200 2994
186.82.78.180 - - [20/Nov/2014:06:39:40 -0500] "POST /forms/lservlet;jsessionid=ac16012b30d510a5762270614c3caa319e9948876b57.e3iSbxaKaheRe34Sa3yKbhiTahb0n6jAmljGr5XDqQLvpAe HTTP/1.1" 200 2
186.82.78.180 - - [20/Nov/2014:06:39:41 -0500] "POST /forms/lservlet;jsessionid=ac16012b30d510a5762270614c3caa319e9948876b57.e3iSbxaKaheRe34Sa3yKbhiTahb0n6jAmljGr5XDqQLvpAe HTTP/1.1" 200 2
186.155.99.2 - - [20/Nov/2014:06:39:41 -0500] "GET /BLA/boletinlegal/js/jquery.js HTTP/1.1" 200 57254
186.155.99.2 - - [20/Nov/2014:06:39:41 -0500] "GET /BLA/boletinlegal/js/jquery.scrollTo-min.js HTTP/1.1" 200 1150
186.155.99.2 - - [20/Nov/2014:06:39:41 -0500] "GET /BLA/boletinlegal/js/jquery.scrollShow.js HTTP/1.1" 200 4586
186.82.78.180 - - [20/Nov/2014:06:39:41 -0500] "POST /forms/lservlet;jsessionid=ac16012b30d510a5762270614c3caa319e9948876b57.e3iSbxaKaheRe34Sa3yKbhiTahb0n6jAmljGr5XDqQLvpAe HTTP/1.1" 200 2787
186.82.78.180 - - [20/Nov/2014:06:39:42 -0500] "POST /forms/lservlet;jsessionid=ac16012b30d510a5762270614c3caa319e9948876b57.e3iSbxaKaheRe34Sa3yKbhiTahb0n6jAmljGr5XDqQLvpAe HTTP/1.1" 200 2
186.82.78.180 - - [20/Nov/2014:06:39:43 -0500] "POST /forms/lservlet;jsessionid=ac16012b30d510a5762270614c3caa319e9948876b57.e3iSbxaKaheRe34Sa3yKbhiTahb0n6jAmljGr5XDqQLvpAe HTTP/1.1" 200 2
186.82.78.180 - - [20/Nov/2014:06:39:43 -0500] "POST /forms/lservlet;jsessionid=ac16012b30d510a5762270614c3caa319e9948876b57.e3iSbxaKaheRe34Sa3yKbhiTahb0n6jAmljGr5XDqQLvpAe HTTP/1.1" 200 3072
186.82.78.180 - - [20/Nov/2014:06:39:44 -0500] "POST /forms/lservlet;jsessionid=ac16012b30d510a5762270614c3caa319e9948876b57.e3iSbxaKaheRe34Sa3yKbhiTahb0n6jAmljGr5XDqQLvpAe HTTP/1.1" 200 2
186.82.78.180 - - [20/Nov/2014:06:39:45 -0500] "POST /forms/lservlet;jsessionid=ac16012b30d510a5762270614c3caa319e9948876b57.e3iSbxaKaheRe34Sa3yKbhiTahb0n6jAmljGr5XDqQLvpAe HTTP/1.1" 200 2
186.82.78.180 - - [20/Nov/2014:06:39:45 -0500] "POST /forms/lservlet;jsessionid=ac16012b30d510a5762270614c3caa319e9948876b57.e3iSbxaKaheRe34Sa3yKbhiTahb0n6jAmljGr5XDqQLvpAe HTTP/1.1" 200 3088
186.82.78.180 - - [20/Nov/2014:06:39:46 -0500] "POST /forms/lservlet;jsessionid=ac16012b30d510a5762270614c3caa319e9948876b57.e3iSbxaKaheRe34Sa3yKbhiTahb0n6jAmljGr5XDqQLvpAe HTTP/1.1" 200 2
186.82.78.180 - - [20/Nov/2014:06:39:46 -0500] "POST /forms/lservlet;jsessionid=ac16012b30d510a5762270614c3caa319e9948876b57.e3iSbxaKaheRe34Sa3yKbhiTahb0n6jAmljGr5XDqQLvpAe HTTP/1.1" 200 2
186.82.78.180 - - [20/Nov/2014:06:39:46 -0500] "POST /forms/lservlet;jsessionid=ac16012b30d510a5762270614c3caa319e9948876b57.e3iSbxaKaheRe34Sa3yKbhiTahb0n6jAmljGr5XDqQLvpAe HTTP/1.1" 200 2985
186.82.78.180 - - [20/Nov/2014:06:39:47 -0500] "POST /forms/lservlet;jsessionid=ac16012b30d510a5762270614c3caa319e9948876b57.e3iSbxaKaheRe34Sa3yKbhiTahb0n6jAmljGr5XDqQLvpAe HTTP/1.1" 200 2
186.82.78.180 - - [20/Nov/2014:06:39:48 -0500] "POST /forms/lservlet;jsessionid=ac16012b30d510a5762270614c3caa319e9948876b57.e3iSbxaKaheRe34Sa3yKbhiTahb0n6jAmljGr5XDqQLvpAe HTTP/1.1" 200 2
186.82.78.180 - - [20/Nov/2014:06:39:48 -0500] "POST /forms/lservlet;jsessionid=ac16012b30d510a5762270614c3caa319e9948876b57.e3iSbxaKaheRe34Sa3yKbhiTahb0n6jAmljGr5XDqQLvpAe HTTP/1.1" 200 2733
186.82.78.180 - - [20/Nov/2014:06:39:49 -0500] "POST /forms/lservlet;jsessionid=ac16012b30d510a5762270614c3caa319e9948876b57.e3iSbxaKaheRe34Sa3yKbhiTahb0n6jAmljGr5XDqQLvpAe HTTP/1.1" 200 2
190.84.155.46 - - [20/Nov/2014:06:39:50 -0500] "POST /Report2/descargarDoc.do?id_rpt=119 HTTP/1.1" 200 174670
186.82.78.180 - - [20/Nov/2014:06:39:52 -0500] "POST /forms/lservlet;jsessionid=ac16012b30d510a5762270614c3caa319e9948876b57.e3iSbxaKaheRe34Sa3yKbhiTahb0n6jAmljGr5XDqQLvpAe HTTP/1.1" 200 2
186.82.78.180 - - [20/Nov/2014:06:39:52 -0500] "POST /forms/lservlet;jsessionid=ac16012b30d510a5762270614c3caa319e9948876b57.e3iSbxaKaheRe34Sa3yKbhiTahb0n6jAmljGr5XDqQLvpAe HTTP/1.1" 200 3833
186.82.78.180 - - [20/Nov/2014:06:39:53 -0500] "POST /forms/lservlet;jsessionid=ac16012b30d510a5762270614c3caa319e9948876b57.e3iSbxaKaheRe34Sa3yKbhiTahb0n6jAmljGr5XDqQLvpAe HTTP/1.1" 200 2
186.82.78.180 - - [20/Nov/2014:06:39:54 -0500] "POST /forms/lservlet;jsessionid=ac16012b30d510a5762270614c3caa319e9948876b57.e3iSbxaKaheRe34Sa3yKbhiTahb0n6jAmljGr5XDqQLvpAe HTTP/1.1" 200 2
186.82.78.180 - - [20/Nov/2014:06:39:55 -0500] "POST /forms/lservlet;jsessionid=ac16012b30d510a5762270614c3caa319e9948876b57.e3iSbxaKaheRe34Sa3yKbhiTahb0n6jAmljGr5XDqQLvpAe HTTP/1.1" 200 3404
186.82.78.180 - - [20/Nov/2014:06:39:56 -0500] "POST /forms/lservlet;jsessionid=ac16012b30d510a5762270614c3caa319e9948876b57.e3iSbxaKaheRe34Sa3yKbhiTahb0n6jAmljGr5XDqQLvpAe HTTP/1.1" 200 2
186.82.78.180 - - [20/Nov/2014:06:39:56 -0500] "POST /forms/lservlet;jsessionid=ac16012b30d510a5762270614c3caa319e9948876b57.e3iSbxaKaheRe34Sa3yKbhiTahb0n6jAmljGr5XDqQLvpAe HTTP/1.1" 200 2
186.82.78.180 - - [20/Nov/2014:06:39:57 -0500] "POST /forms/lservlet;jsessionid=ac16012b30d510a5762270614c3caa319e9948876b57.e3iSbxaKaheRe34Sa3yKbhiTahb0n6jAmljGr5XDqQLvpAe HTTP/1.1" 200 2503
186.82.78.180 - - [20/Nov/2014:06:39:57 -0500] "POST /forms/lservlet;jsessionid=ac16012b30d510a5762270614c3caa319e9948876b57.e3iSbxaKaheRe34Sa3yKbhiTahb0n6jAmljGr5XDqQLvpAe HTTP/1.1" 200 2
186.82.78.180 - - [20/Nov/2014:06:39:58 -0500] "POST /forms/lservlet;jsessionid=ac16012b30d510a5762270614c3caa319e9948876b57.e3iSbxaKaheRe34Sa3yKbhiTahb0n6jAmljGr5XDqQLvpAe HTTP/1.1" 200 2
186.82.78.180 - - [20/Nov/2014:06:39:58 -0500] "POST /forms/lservlet;jsessionid=ac16012b30d510a5762270614c3caa319e9948876b57.e3iSbxaKaheRe34Sa3yKbhiTahb0n6jAmljGr5XDqQLvpAe HTTP/1.1" 200 2472
186.82.78.180 - - [20/Nov/2014:06:39:59 -0500] "POST /forms/lservlet;jsessionid=ac16012b30d510a5762270614c3caa319e9948876b57.e3iSbxaKaheRe34Sa3yKbhiTahb0n6jAmljGr5XDqQLvpAe HTTP/1.1" 200 2
186.82.78.180 - - [20/Nov/2014:06:39:59 -0500] "POST /forms/lservlet;jsessionid=ac16012b30d510a5762270614c3caa319e9948876b57.e3iSbxaKaheRe34Sa3yKbhiTahb0n6jAmljGr5XDqQLvpAe HTTP/1.1" 200 2
186.82.78.180 - - [20/Nov/2014:06:40:00 -0500] "POST /forms/lservlet;jsessionid=ac16012b30d510a5762270614c3caa319e9948876b57.e3iSbxaKaheRe34Sa3yKbhiTahb0n6jAmljGr5XDqQLvpAe HTTP/1.1" 200 2
186.82.78.180 - - [20/Nov/2014:06:40:00 -0500] "POST /forms/lservlet;jsessionid=ac16012b30d510a5762270614c3caa319e9948876b57.e3iSbxaKaheRe34Sa3yKbhiTahb0n6jAmljGr5XDqQLvpAe HTTP/1.1" 200 2644
186.82.78.180 - - [20/Nov/2014:06:40:01 -0500] "POST /forms/lservlet;jsessionid=ac16012b30d510a5762270614c3caa319e9948876b57.e3iSbxaKaheRe34Sa3yKbhiTahb0n6jAmljGr5XDqQLvpAe HTTP/1.1" 200 2
186.82.78.180 - - [20/Nov/2014:06:40:02 -0500] "POST /forms/lservlet;jsessionid=ac16012b30d510a5762270614c3caa319e9948876b57.e3iSbxaKaheRe34Sa3yKbhiTahb0n6jAmljGr5XDqQLvpAe HTTP/1.1" 200 2
186.82.78.180 - - [20/Nov/2014:06:40:02 -0500] "POST /forms/lservlet;jsessionid=ac16012b30d510a5762270614c3caa319e9948876b57.e3iSbxaKaheRe34Sa3yKbhiTahb0n6jAmljGr5XDqQLvpAe HTTP/1.1" 200 2570
186.82.78.180 - - [20/Nov/2014:06:40:03 -0500] "POST /forms/lservlet;jsessionid=ac16012b30d510a5762270614c3caa319e9948876b57.e3iSbxaKaheRe34Sa3yKbhiTahb0n6jAmljGr5XDqQLvpAe HTTP/1.1" 200 2
186.82.78.180 - - [20/Nov/2014:06:40:04 -0500] "POST /forms/lservlet;jsessionid=ac16012b30d510a5762270614c3caa319e9948876b57.e3iSbxaKaheRe34Sa3yKbhiTahb0n6jAmljGr5XDqQLvpAe HTTP/1.1" 200 2
186.82.78.180 - - [20/Nov/2014:06:40:05 -0500] "POST /forms/lservlet;jsessionid=ac16012b30d510a5762270614c3caa319e9948876b57.e3iSbxaKaheRe34Sa3yKbhiTahb0n6jAmljGr5XDqQLvpAe HTTP/1.1" 200 3015
186.82.78.180 - - [20/Nov/2014:06:40:05 -0500] "POST /forms/lservlet;jsessionid=ac16012b30d510a5762270614c3caa319e9948876b57.e3iSbxaKaheRe34Sa3yKbhiTahb0n6jAmljGr5XDqQLvpAe HTTP/1.1" 200 2
186.82.78.180 - - [20/Nov/2014:06:40:07 -0500] "POST /forms/lservlet;jsessionid=ac16012b30d510a5762270614c3caa319e9948876b57.e3iSbxaKaheRe34Sa3yKbhiTahb0n6jAmljGr5XDqQLvpAe HTTP/1.1" 200 2
186.82.78.180 - - [20/Nov/2014:06:40:07 -0500] "POST /forms/lservlet;jsessionid=ac16012b30d510a5762270614c3caa319e9948876b57.e3iSbxaKaheRe34Sa3yKbhiTahb0n6jAmljGr5XDqQLvpAe HTTP/1.1" 200 2820
186.82.78.180 - - [20/Nov/2014:06:40:08 -0500] "POST /forms/lservlet;jsessionid=ac16012b30d510a5762270614c3caa319e9948876b57.e3iSbxaKaheRe34Sa3yKbhiTahb0n6jAmljGr5XDqQLvpAe HTTP/1.1" 200 2
186.82.78.180 - - [20/Nov/2014:06:40:08 -0500] "POST /forms/lservlet;jsessionid=ac16012b30d510a5762270614c3caa319e9948876b57.e3iSbxaKaheRe34Sa3yKbhiTahb0n6jAmljGr5XDqQLvpAe HTTP/1.1" 200 2
186.82.78.180 - - [20/Nov/2014:06:40:08 -0500] "POST /forms/lservlet;jsessionid=ac16012b30d510a5762270614c3caa319e9948876b57.e3iSbxaKaheRe34Sa3yKbhiTahb0n6jAmljGr5XDqQLvpAe HTTP/1.1" 200 2650
186.82.78.180 - - [20/Nov/2014:06:40:09 -0500] "POST /forms/lservlet;jsessionid=ac16012b30d510a5762270614c3caa319e9948876b57.e3iSbxaKaheRe34Sa3yKbhiTahb0n6jAmljGr5XDqQLvpAe HTTP/1.1" 200 2
190.84.155.46 - - [20/Nov/2014:06:40:07 -0500] "POST /Report2/descargarDoc.do?id_rpt=119 HTTP/1.1" 200 921438
186.82.78.180 - - [20/Nov/2014:06:40:10 -0500] "POST /forms/lservlet;jsessionid=ac16012b30d510a5762270614c3caa319e9948876b57.e3iSbxaKaheRe34Sa3yKbhiTahb0n6jAmljGr5XDqQLvpAe HTTP/1.1" 200 2
186.82.78.180 - - [20/Nov/2014:06:40:10 -0500] "POST /forms/lservlet;jsessionid=ac16012b30d510a5762270614c3caa319e9948876b57.e3iSbxaKaheRe34Sa3yKbhiTahb0n6jAmljGr5XDqQLvpAe HTTP/1.1" 200 2774
186.82.78.180 - - [20/Nov/2014:06:40:11 -0500] "POST /forms/lservlet;jsessionid=ac16012b30d510a5762270614c3caa319e9948876b57.e3iSbxaKaheRe34Sa3yKbhiTahb0n6jAmljGr5XDqQLvpAe HTTP/1.1" 200 2
186.82.78.180 - - [20/Nov/2014:06:40:11 -0500] "POST /forms/lservlet;jsessionid=ac16012b30d510a5762270614c3caa319e9948876b57.e3iSbxaKaheRe34Sa3yKbhiTahb0n6jAmljGr5XDqQLvpAe HTTP/1.1" 200 2
186.82.78.180 - - [20/Nov/2014:06:40:11 -0500] "POST /forms/lservlet;jsessionid=ac16012b30d510a5762270614c3caa319e9948876b57.e3iSbxaKaheRe34Sa3yKbhiTahb0n6jAmljGr5XDqQLvpAe HTTP/1.1" 200 2489
186.82.78.180 - - [20/Nov/2014:06:40:12 -0500] "POST /forms/lservlet;jsessionid=ac16012b30d510a5762270614c3caa319e9948876b57.e3iSbxaKaheRe34Sa3yKbhiTahb0n6jAmljGr5XDqQLvpAe HTTP/1.1" 200 2
186.82.78.180 - - [20/Nov/2014:06:40:14 -0500] "POST /forms/lservlet;jsessionid=ac16012b30d510a5762270614c3caa319e9948876b57.e3iSbxaKaheRe34Sa3yKbhiTahb0n6jAmljGr5XDqQLvpAe HTTP/1.1" 200 2
186.82.78.180 - - [20/Nov/2014:06:40:14 -0500] "POST /forms/lservlet;jsessionid=ac16012b30d510a5762270614c3caa319e9948876b57.e3iSbxaKaheRe34Sa3yKbhiTahb0n6jAmljGr5XDqQLvpAe HTTP/1.1" 200 2450
186.82.78.180 - - [20/Nov/2014:06:40:15 -0500] "POST /forms/lservlet;jsessionid=ac16012b30d510a5762270614c3caa319e9948876b57.e3iSbxaKaheRe34Sa3yKbhiTahb0n6jAmljGr5XDqQLvpAe HTTP/1.1" 200 2
186.82.78.180 - - [20/Nov/2014:06:40:16 -0500] "POST /forms/lservlet;jsessionid=ac16012b30d510a5762270614c3caa319e9948876b57.e3iSbxaKaheRe34Sa3yKbhiTahb0n6jAmljGr5XDqQLvpAe HTTP/1.1" 200 2
186.82.78.180 - - [20/Nov/2014:06:40:16 -0500] "POST /forms/lservlet;jsessionid=ac16012b30d510a5762270614c3caa319e9948876b57.e3iSbxaKaheRe34Sa3yKbhiTahb0n6jAmljGr5XDqQLvpAe HTTP/1.1" 200 2881
186.82.78.180 - - [20/Nov/2014:06:40:17 -0500] "POST /forms/lservlet;jsessionid=ac16012b30d510a5762270614c3caa319e9948876b57.e3iSbxaKaheRe34Sa3yKbhiTahb0n6jAmljGr5XDqQLvpAe HTTP/1.1" 200 2
186.82.78.180 - - [20/Nov/2014:06:40:18 -0500] "POST /forms/lservlet;jsessionid=ac16012b30d510a5762270614c3caa319e9948876b57.e3iSbxaKaheRe34Sa3yKbhiTahb0n6jAmljGr5XDqQLvpAe HTTP/1.1" 200 2
186.82.78.180 - - [20/Nov/2014:06:40:19 -0500] "POST /forms/lservlet;jsessionid=ac16012b30d510a5762270614c3caa319e9948876b57.e3iSbxaKaheRe34Sa3yKbhiTahb0n6jAmljGr5XDqQLvpAe HTTP/1.1" 200 3845
186.82.78.180 - - [20/Nov/2014:06:40:20 -0500] "POST /forms/lservlet;jsessionid=ac16012b30d510a5762270614c3caa319e9948876b57.e3iSbxaKaheRe34Sa3yKbhiTahb0n6jAmljGr5XDqQLvpAe HTTP/1.1" 200 2
187.139.72.75 - - [20/Nov/2014:06:40:33 -0500] "GET /BLA/boletinlegal/js/jquery.js HTTP/1.1" 200 57254
187.139.72.75 - - [20/Nov/2014:06:40:33 -0500] "GET /BLA/boletinlegal/js/jquery.scrollShow.js HTTP/1.1" 200 4586
187.139.72.75 - - [20/Nov/2014:06:40:33 -0500] "GET /BLA/boletinlegal/js/jquery.scrollTo-min.js HTTP/1.1" 200 1150
186.82.78.180 - - [20/Nov/2014:06:40:33 -0500] "POST /forms/lservlet;jsessionid=ac16012b30d510a5762270614c3caa319e9948876b57.e3iSbxaKaheRe34Sa3yKbhiTahb0n6jAmljGr5XDqQLvpAe HTTP/1.1" 200 2
186.82.78.180 - - [20/Nov/2014:06:40:33 -0500] "POST /forms/lservlet;jsessionid=ac16012b30d510a5762270614c3caa319e9948876b57.e3iSbxaKaheRe34Sa3yKbhiTahb0n6jAmljGr5XDqQLvpAe HTTP/1.1" 200 2910
186.82.78.180 - - [20/Nov/2014:06:40:34 -0500] "POST /forms/lservlet;jsessionid=ac16012b30d510a5762270614c3caa319e9948876b57.e3iSbxaKaheRe34Sa3yKbhiTahb0n6jAmljGr5XDqQLvpAe HTTP/1.1" 200 2
190.84.155.46 - - [20/Nov/2014:06:40:34 -0500] "POST /Report2/descargarDoc.do?id_rpt=119 HTTP/1.1" 200 386890
186.82.78.180 - - [20/Nov/2014:06:40:38 -0500] "POST /forms/lservlet;jsessionid=ac16012b30d510a5762270614c3caa319e9948876b57.e3iSbxaKaheRe34Sa3yKbhiTahb0n6jAmljGr5XDqQLvpAe HTTP/1.1" 200 2
186.82.78.180 - - [20/Nov/2014:06:40:38 -0500] "POST /forms/lservlet;jsessionid=ac16012b30d510a5762270614c3caa319e9948876b57.e3iSbxaKaheRe34Sa3yKbhiTahb0n6jAmljGr5XDqQLvpAe HTTP/1.1" 200 2746
186.82.78.180 - - [20/Nov/2014:06:40:39 -0500] "POST /forms/lservlet;jsessionid=ac16012b30d510a5762270614c3caa319e9948876b57.e3iSbxaKaheRe34Sa3yKbhiTahb0n6jAmljGr5XDqQLvpAe HTTP/1.1" 200 2
188.165.15.117 - - [20/Nov/2014:06:40:46 -0500] "GET /BLA/resoluciones/RESOLUCIONES%202005/RES%202005%202151-2200/00002194.tif HTTP/1.1" 200 146312
186.82.78.180 - - [20/Nov/2014:06:40:46 -0500] "POST /forms/lservlet;jsessionid=ac16012b30d510a5762270614c3caa319e9948876b57.e3iSbxaKaheRe34Sa3yKbhiTahb0n6jAmljGr5XDqQLvpAe HTTP/1.1" 200 2
186.82.78.180 - - [20/Nov/2014:06:40:46 -0500] "POST /forms/lservlet;jsessionid=ac16012b30d510a5762270614c3caa319e9948876b57.e3iSbxaKaheRe34Sa3yKbhiTahb0n6jAmljGr5XDqQLvpAe HTTP/1.1" 200 2789
186.82.78.180 - - [20/Nov/2014:06:40:47 -0500] "POST /forms/lservlet;jsessionid=ac16012b30d510a5762270614c3caa319e9948876b57.e3iSbxaKaheRe34Sa3yKbhiTahb0n6jAmljGr5XDqQLvpAe HTTP/1.1" 200 2
186.82.78.180 - - [20/Nov/2014:06:40:49 -0500] "POST /forms/lservlet;jsessionid=ac16012b30d510a5762270614c3caa319e9948876b57.e3iSbxaKaheRe34Sa3yKbhiTahb0n6jAmljGr5XDqQLvpAe HTTP/1.1" 200 2
186.82.78.180 - - [20/Nov/2014:06:40:49 -0500] "POST /forms/lservlet;jsessionid=ac16012b30d510a5762270614c3caa319e9948876b57.e3iSbxaKaheRe34Sa3yKbhiTahb0n6jAmljGr5XDqQLvpAe HTTP/1.1" 200 2563
186.82.78.180 - - [20/Nov/2014:06:40:50 -0500] "POST /forms/lservlet;jsessionid=ac16012b30d510a5762270614c3caa319e9948876b57.e3iSbxaKaheRe34Sa3yKbhiTahb0n6jAmljGr5XDqQLvpAe HTTP/1.1" 200 2
186.82.78.180 - - [20/Nov/2014:06:40:51 -0500] "POST /forms/lservlet;jsessionid=ac16012b30d510a5762270614c3caa319e9948876b57.e3iSbxaKaheRe34Sa3yKbhiTahb0n6jAmljGr5XDqQLvpAe HTTP/1.1" 200 2
186.82.78.180 - - [20/Nov/2014:06:40:51 -0500] "POST /forms/lservlet;jsessionid=ac16012b30d510a5762270614c3caa319e9948876b57.e3iSbxaKaheRe34Sa3yKbhiTahb0n6jAmljGr5XDqQLvpAe HTTP/1.1" 200 2501
186.82.78.180 - - [20/Nov/2014:06:40:52 -0500] "POST /forms/lservlet;jsessionid=ac16012b30d510a5762270614c3caa319e9948876b57.e3iSbxaKaheRe34Sa3yKbhiTahb0n6jAmljGr5XDqQLvpAe HTTP/1.1" 200 2
186.82.78.180 - - [20/Nov/2014:06:40:53 -0500] "POST /forms/lservlet;jsessionid=ac16012b30d510a5762270614c3caa319e9948876b57.e3iSbxaKaheRe34Sa3yKbhiTahb0n6jAmljGr5XDqQLvpAe HTTP/1.1" 200 2
186.82.78.180 - - [20/Nov/2014:06:40:53 -0500] "POST /forms/lservlet;jsessionid=ac16012b30d510a5762270614c3caa319e9948876b57.e3iSbxaKaheRe34Sa3yKbhiTahb0n6jAmljGr5XDqQLvpAe HTTP/1.1" 200 2653
186.82.78.180 - - [20/Nov/2014:06:40:54 -0500] "POST /forms/lservlet;jsessionid=ac16012b30d510a5762270614c3caa319e9948876b57.e3iSbxaKaheRe34Sa3yKbhiTahb0n6jAmljGr5XDqQLvpAe HTTP/1.1" 200 2
186.82.78.180 - - [20/Nov/2014:06:40:54 -0500] "POST /forms/lservlet;jsessionid=ac16012b30d510a5762270614c3caa319e9948876b57.e3iSbxaKaheRe34Sa3yKbhiTahb0n6jAmljGr5XDqQLvpAe HTTP/1.1" 200 2
186.82.78.180 - - [20/Nov/2014:06:40:55 -0500] "POST /forms/lservlet;jsessionid=ac16012b30d510a5762270614c3caa319e9948876b57.e3iSbxaKaheRe34Sa3yKbhiTahb0n6jAmljGr5XDqQLvpAe HTTP/1.1" 200 2665
186.82.78.180 - - [20/Nov/2014:06:40:55 -0500] "POST /forms/lservlet;jsessionid=ac16012b30d510a5762270614c3caa319e9948876b57.e3iSbxaKaheRe34Sa3yKbhiTahb0n6jAmljGr5XDqQLvpAe HTTP/1.1" 200 2
186.82.78.180 - - [20/Nov/2014:06:40:58 -0500] "POST /forms/lservlet;jsessionid=ac16012b30d510a5762270614c3caa319e9948876b57.e3iSbxaKaheRe34Sa3yKbhiTahb0n6jAmljGr5XDqQLvpAe HTTP/1.1" 200 2
186.82.78.180 - - [20/Nov/2014:06:40:58 -0500] "POST /forms/lservlet;jsessionid=ac16012b30d510a5762270614c3caa319e9948876b57.e3iSbxaKaheRe34Sa3yKbhiTahb0n6jAmljGr5XDqQLvpAe HTTP/1.1" 200 2766
186.82.78.180 - - [20/Nov/2014:06:40:59 -0500] "POST /forms/lservlet;jsessionid=ac16012b30d510a5762270614c3caa319e9948876b57.e3iSbxaKaheRe34Sa3yKbhiTahb0n6jAmljGr5XDqQLvpAe HTTP/1.1" 200 2
186.82.78.180 - - [20/Nov/2014:06:40:59 -0500] "POST /forms/lservlet;jsessionid=ac16012b30d510a5762270614c3caa319e9948876b57.e3iSbxaKaheRe34Sa3yKbhiTahb0n6jAmljGr5XDqQLvpAe HTTP/1.1" 200 2
186.82.78.180 - - [20/Nov/2014:06:41:00 -0500] "POST /forms/lservlet;jsessionid=ac16012b30d510a5762270614c3caa319e9948876b57.e3iSbxaKaheRe34Sa3yKbhiTahb0n6jAmljGr5XDqQLvpAe HTTP/1.1" 200 2561
190.84.155.46 - - [20/Nov/2014:06:41:00 -0500] "GET /Report2/parameter?action=parametersReportMDX&id_rpt=17&currentTab=tab_presentacion HTTP/1.1" 200 6578
66.249.83.185 - - [20/Nov/2014:06:41:00 -0500] "GET /BLA/boletinlegal/js/jquery.js HTTP/1.1" 200 57254
66.249.83.185 - - [20/Nov/2014:06:41:00 -0500] "GET /BLA/boletinlegal/js/jquery.scrollTo-min.js HTTP/1.1" 200 1150
66.249.83.191 - - [20/Nov/2014:06:41:00 -0500] "GET /BLA/boletinlegal/js/jquery.scrollShow.js HTTP/1.1" 200 4586
186.82.78.180 - - [20/Nov/2014:06:41:00 -0500] "POST /forms/lservlet;jsessionid=ac16012b30d510a5762270614c3caa319e9948876b57.e3iSbxaKaheRe34Sa3yKbhiTahb0n6jAmljGr5XDqQLvpAe HTTP/1.1" 200 2
186.82.78.180 - - [20/Nov/2014:06:41:01 -0500] "POST /forms/lservlet;jsessionid=ac16012b30d510a5762270614c3caa319e9948876b57.e3iSbxaKaheRe34Sa3yKbhiTahb0n6jAmljGr5XDqQLvpAe HTTP/1.1" 200 2
186.82.78.180 - - [20/Nov/2014:06:41:01 -0500] "POST /forms/lservlet;jsessionid=ac16012b30d510a5762270614c3caa319e9948876b57.e3iSbxaKaheRe34Sa3yKbhiTahb0n6jAmljGr5XDqQLvpAe HTTP/1.1" 200 2735
190.84.155.46 - - [20/Nov/2014:06:41:02 -0500] "POST /Report2/parameter?action=runReportMDX&json=true&listdep=nit&id_rpt=17&param_partNomauto=2 HTTP/1.1" 200 567
186.82.78.180 - - [20/Nov/2014:06:41:02 -0500] "POST /forms/lservlet;jsessionid=ac16012b30d510a5762270614c3caa319e9948876b57.e3iSbxaKaheRe34Sa3yKbhiTahb0n6jAmljGr5XDqQLvpAe HTTP/1.1" 200 2
190.84.155.46 - - [20/Nov/2014:06:41:02 -0500] "POST /Report2/parameter?action=runReportMDX&json=true&listdep=nit&id_rpt=17&param_partNomauto=20 HTTP/1.1" 200 648
186.82.78.180 - - [20/Nov/2014:06:41:02 -0500] "POST /forms/lservlet;jsessionid=ac16012b30d510a5762270614c3caa319e9948876b57.e3iSbxaKaheRe34Sa3yKbhiTahb0n6jAmljGr5XDqQLvpAe HTTP/1.1" 200 2
190.84.155.46 - - [20/Nov/2014:06:41:03 -0500] "POST /Report2/parameter?action=runReportMDX&json=true&listdep=nit&id_rpt=17&param_partNomauto=208 HTTP/1.1" 200 49
186.82.78.180 - - [20/Nov/2014:06:41:03 -0500] "POST /forms/lservlet;jsessionid=ac16012b30d510a5762270614c3caa319e9948876b57.e3iSbxaKaheRe34Sa3yKbhiTahb0n6jAmljGr5XDqQLvpAe HTTP/1.1" 200 2499
186.82.78.180 - - [20/Nov/2014:06:41:03 -0500] "POST /forms/lservlet;jsessionid=ac16012b30d510a5762270614c3caa319e9948876b57.e3iSbxaKaheRe34Sa3yKbhiTahb0n6jAmljGr5XDqQLvpAe HTTP/1.1" 200 2
66.249.69.111 - - [20/Nov/2014:06:41:04 -0500] "GET /htdocs/even/solojefe1/tsld018.htm HTTP/1.1" 404 1019
186.82.78.180 - - [20/Nov/2014:06:41:04 -0500] "POST /forms/lservlet;jsessionid=ac16012b30d510a5762270614c3caa319e9948876b57.e3iSbxaKaheRe34Sa3yKbhiTahb0n6jAmljGr5XDqQLvpAe HTTP/1.1" 200 2
186.82.78.180 - - [20/Nov/2014:06:41:05 -0500] "POST /forms/lservlet;jsessionid=ac16012b30d510a5762270614c3caa319e9948876b57.e3iSbxaKaheRe34Sa3yKbhiTahb0n6jAmljGr5XDqQLvpAe HTTP/1.1" 200 2873
186.82.78.180 - - [20/Nov/2014:06:41:05 -0500] "POST /forms/lservlet;jsessionid=ac16012b30d510a5762270614c3caa319e9948876b57.e3iSbxaKaheRe34Sa3yKbhiTahb0n6jAmljGr5XDqQLvpAe HTTP/1.1" 200 2
190.84.155.46 - - [20/Nov/2014:06:41:05 -0500] "GET /Report2/parameter?action=runReportMDX&json=true&listdep=informe&id_rpt=17&param_nit=208 HTTP/1.1" 200 575
186.82.78.180 - - [20/Nov/2014:06:41:06 -0500] "POST /forms/lservlet;jsessionid=ac16012b30d510a5762270614c3caa319e9948876b57.e3iSbxaKaheRe34Sa3yKbhiTahb0n6jAmljGr5XDqQLvpAe HTTP/1.1" 200 2
190.25.157.12 - - [20/Nov/2014:06:41:06 -0500] "POST /forms/lservlet;jsessionid=ac16012b30d5ec989a1b0aa149e3b822aec0fd0995e5.e3iSbxaKaheRe34Sa3yKbhiTahb0n6jAmljGr5XDqQLvpAe HTTP/1.1" 200 2
186.82.78.180 - - [20/Nov/2014:06:41:06 -0500] "POST /forms/lservlet;jsessionid=ac16012b30d510a5762270614c3caa319e9948876b57.e3iSbxaKaheRe34Sa3yKbhiTahb0n6jAmljGr5XDqQLvpAe HTTP/1.1" 200 3438
186.82.78.180 - - [20/Nov/2014:06:41:07 -0500] "POST /forms/lservlet;jsessionid=ac16012b30d510a5762270614c3caa319e9948876b57.e3iSbxaKaheRe34Sa3yKbhiTahb0n6jAmljGr5XDqQLvpAe HTTP/1.1" 200 2
188.165.15.64 - - [20/Nov/2014:06:41:08 -0500] "GET /BLA/resoluciones/index.php?dir=RESOLUCIONES%202004/RES%202004%201601-1650/&sort=date&order=asc HTTP/1.1" 200 12359
190.84.155.46 - - [20/Nov/2014:06:41:09 -0500] "GET /Report2/parameter?action=runReportMDX&json=true&listdep=FecBal&id_rpt=17&param_informe=17&param_nit=208 HTTP/1.1" 200 44
186.82.78.180 - - [20/Nov/2014:06:41:11 -0500] "POST /forms/lservlet;jsessionid=ac16012b30d510a5762270614c3caa319e9948876b57.e3iSbxaKaheRe34Sa3yKbhiTahb0n6jAmljGr5XDqQLvpAe HTTP/1.1" 200 2
190.84.155.46 - - [20/Nov/2014:06:41:11 -0500] "GET /Report2/parameter?action=runReportMDX&json=true&listdep=formato&id_rpt=17&param_informe=17&param_nit=208&param_FecBal=2014-06-30 HTTP/1.1" 200 394
186.82.78.180 - - [20/Nov/2014:06:41:11 -0500] "POST /forms/lservlet;jsessionid=ac16012b30d510a5762270614c3caa319e9948876b57.e3iSbxaKaheRe34Sa3yKbhiTahb0n6jAmljGr5XDqQLvpAe HTTP/1.1" 200 3150
186.82.78.180 - - [20/Nov/2014:06:41:12 -0500] "POST /forms/lservlet;jsessionid=ac16012b30d510a5762270614c3caa319e9948876b57.e3iSbxaKaheRe34Sa3yKbhiTahb0n6jAmljGr5XDqQLvpAe HTTP/1.1" 200 2
186.82.78.180 - - [20/Nov/2014:06:41:13 -0500] "POST /forms/lservlet;jsessionid=ac16012b30d510a5762270614c3caa319e9948876b57.e3iSbxaKaheRe34Sa3yKbhiTahb0n6jAmljGr5XDqQLvpAe HTTP/1.1" 200 2
186.82.78.180 - - [20/Nov/2014:06:41:13 -0500] "POST /forms/lservlet;jsessionid=ac16012b30d510a5762270614c3caa319e9948876b57.e3iSbxaKaheRe34Sa3yKbhiTahb0n6jAmljGr5XDqQLvpAe HTTP/1.1" 200 2536
186.82.78.180 - - [20/Nov/2014:06:41:14 -0500] "POST /forms/lservlet;jsessionid=ac16012b30d510a5762270614c3caa319e9948876b57.e3iSbxaKaheRe34Sa3yKbhiTahb0n6jAmljGr5XDqQLvpAe HTTP/1.1" 200 2
190.84.155.46 - - [20/Nov/2014:06:41:14 -0500] "POST /Report2/rptManage.jsp?migracion=111 HTTP/1.1" 200 620
190.84.155.46 - - [20/Nov/2014:06:41:14 -0500] "GET /Report2/loading.jsp?migracion=111&id_rpt=17&currentTab=tab_31331&rnd=0.12572078294890343 HTTP/1.1" 200 2682
190.84.155.46 - - [20/Nov/2014:06:41:14 -0500] "GET /Report2/rpt.jsp?migracion=111&id_rpt=17&currentTab=tab_31331&rnd=0.06119439413531513 HTTP/1.1" 200 13523
190.84.155.46 - - [20/Nov/2014:06:41:14 -0500] "POST /Report2/infReportada.jsp?rdmMapa=325002 HTTP/1.1" 200 27159
190.84.155.46 - - [20/Nov/2014:06:41:15 -0500] "GET /Report2/serviceListados.jsp?queryId=rpt/infxidC&informe=17&a=0.6675421169493347 HTTP/1.1" 200 223
190.84.155.46 - - [20/Nov/2014:06:41:15 -0500] "GET /Report2/serviceListados.jsp?queryId=rpt/entidadxidC&nit=208&a=0.03321579657495022 HTTP/1.1" 200 224
186.82.78.180 - - [20/Nov/2014:06:41:14 -0500] "POST /forms/lservlet;jsessionid=ac16012b30d510a5762270614c3caa319e9948876b57.e3iSbxaKaheRe34Sa3yKbhiTahb0n6jAmljGr5XDqQLvpAe HTTP/1.1" 200 2
186.82.78.180 - - [20/Nov/2014:06:41:15 -0500] "POST /forms/lservlet;jsessionid=ac16012b30d510a5762270614c3caa319e9948876b57.e3iSbxaKaheRe34Sa3yKbhiTahb0n6jAmljGr5XDqQLvpAe HTTP/1.1" 200 2949
186.82.78.180 - - [20/Nov/2014:06:41:15 -0500] "POST /forms/lservlet;jsessionid=ac16012b30d510a5762270614c3caa319e9948876b57.e3iSbxaKaheRe34Sa3yKbhiTahb0n6jAmljGr5XDqQLvpAe HTTP/1.1" 200 2
186.82.78.180 - - [20/Nov/2014:06:41:16 -0500] "POST /forms/lservlet;jsessionid=ac16012b30d510a5762270614c3caa319e9948876b57.e3iSbxaKaheRe34Sa3yKbhiTahb0n6jAmljGr5XDqQLvpAe HTTP/1.1" 200 2
186.82.78.180 - - [20/Nov/2014:06:41:17 -0500] "POST /forms/lservlet;jsessionid=ac16012b30d510a5762270614c3caa319e9948876b57.e3iSbxaKaheRe34Sa3yKbhiTahb0n6jAmljGr5XDqQLvpAe HTTP/1.1" 200 2650
186.82.78.180 - - [20/Nov/2014:06:41:18 -0500] "POST /forms/lservlet;jsessionid=ac16012b30d510a5762270614c3caa319e9948876b57.e3iSbxaKaheRe34Sa3yKbhiTahb0n6jAmljGr5XDqQLvpAe HTTP/1.1" 200 2
186.82.78.180 - - [20/Nov/2014:06:41:18 -0500] "POST /forms/lservlet;jsessionid=ac16012b30d510a5762270614c3caa319e9948876b57.e3iSbxaKaheRe34Sa3yKbhiTahb0n6jAmljGr5XDqQLvpAe HTTP/1.1" 200 2
186.82.78.180 - - [20/Nov/2014:06:41:18 -0500] "POST /forms/lservlet;jsessionid=ac16012b30d510a5762270614c3caa319e9948876b57.e3iSbxaKaheRe34Sa3yKbhiTahb0n6jAmljGr5XDqQLvpAe HTTP/1.1" 200 2662
186.82.78.180 - - [20/Nov/2014:06:41:19 -0500] "POST /forms/lservlet;jsessionid=ac16012b30d510a5762270614c3caa319e9948876b57.e3iSbxaKaheRe34Sa3yKbhiTahb0n6jAmljGr5XDqQLvpAe HTTP/1.1" 200 2
186.82.78.180 - - [20/Nov/2014:06:41:20 -0500] "POST /forms/lservlet;jsessionid=ac16012b30d510a5762270614c3caa319e9948876b57.e3iSbxaKaheRe34Sa3yKbhiTahb0n6jAmljGr5XDqQLvpAe HTTP/1.1" 200 2
186.82.78.180 - - [20/Nov/2014:06:41:20 -0500] "POST /forms/lservlet;jsessionid=ac16012b30d510a5762270614c3caa319e9948876b57.e3iSbxaKaheRe34Sa3yKbhiTahb0n6jAmljGr5XDqQLvpAe HTTP/1.1" 200 5671
186.82.78.180 - - [20/Nov/2014:06:41:21 -0500] "POST /forms/lservlet;jsessionid=ac16012b30d510a5762270614c3caa319e9948876b57.e3iSbxaKaheRe34Sa3yKbhiTahb0n6jAmljGr5XDqQLvpAe HTTP/1.1" 200 2
186.82.78.180 - - [20/Nov/2014:06:41:25 -0500] "POST /forms/lservlet;jsessionid=ac16012b30d510a5762270614c3caa319e9948876b57.e3iSbxaKaheRe34Sa3yKbhiTahb0n6jAmljGr5XDqQLvpAe HTTP/1.1" 200 2
186.82.78.180 - - [20/Nov/2014:06:41:25 -0500] "POST /forms/lservlet;jsessionid=ac16012b30d510a5762270614c3caa319e9948876b57.e3iSbxaKaheRe34Sa3yKbhiTahb0n6jAmljGr5XDqQLvpAe HTTP/1.1" 200 3453
186.82.78.180 - - [20/Nov/2014:06:41:26 -0500] "POST /forms/lservlet;jsessionid=ac16012b30d510a5762270614c3caa319e9948876b57.e3iSbxaKaheRe34Sa3yKbhiTahb0n6jAmljGr5XDqQLvpAe HTTP/1.1" 200 2
186.82.78.180 - - [20/Nov/2014:06:41:27 -0500] "POST /forms/lservlet;jsessionid=ac16012b30d510a5762270614c3caa319e9948876b57.e3iSbxaKaheRe34Sa3yKbhiTahb0n6jAmljGr5XDqQLvpAe HTTP/1.1" 200 2
186.82.78.180 - - [20/Nov/2014:06:41:28 -0500] "POST /forms/lservlet;jsessionid=ac16012b30d510a5762270614c3caa319e9948876b57.e3iSbxaKaheRe34Sa3yKbhiTahb0n6jAmljGr5XDqQLvpAe HTTP/1.1" 200 2774
186.82.78.180 - - [20/Nov/2014:06:41:28 -0500] "POST /forms/lservlet;jsessionid=ac16012b30d510a5762270614c3caa319e9948876b57.e3iSbxaKaheRe34Sa3yKbhiTahb0n6jAmljGr5XDqQLvpAe HTTP/1.1" 200 2
186.82.78.180 - - [20/Nov/2014:06:41:30 -0500] "POST /forms/lservlet;jsessionid=ac16012b30d510a5762270614c3caa319e9948876b57.e3iSbxaKaheRe34Sa3yKbhiTahb0n6jAmljGr5XDqQLvpAe HTTP/1.1" 200 2
186.82.78.180 - - [20/Nov/2014:06:41:31 -0500] "POST /forms/lservlet;jsessionid=ac16012b30d510a5762270614c3caa319e9948876b57.e3iSbxaKaheRe34Sa3yKbhiTahb0n6jAmljGr5XDqQLvpAe HTTP/1.1" 200 3239
186.82.78.180 - - [20/Nov/2014:06:41:31 -0500] "POST /forms/lservlet;jsessionid=ac16012b30d510a5762270614c3caa319e9948876b57.e3iSbxaKaheRe34Sa3yKbhiTahb0n6jAmljGr5XDqQLvpAe HTTP/1.1" 200 2
186.82.78.180 - - [20/Nov/2014:06:41:35 -0500] "POST /forms/lservlet;jsessionid=ac16012b30d510a5762270614c3caa319e9948876b57.e3iSbxaKaheRe34Sa3yKbhiTahb0n6jAmljGr5XDqQLvpAe HTTP/1.1" 200 2
186.82.78.180 - - [20/Nov/2014:06:41:35 -0500] "POST /forms/lservlet;jsessionid=ac16012b30d510a5762270614c3caa319e9948876b57.e3iSbxaKaheRe34Sa3yKbhiTahb0n6jAmljGr5XDqQLvpAe HTTP/1.1" 200 2920
186.82.78.180 - - [20/Nov/2014:06:41:36 -0500] "POST /forms/lservlet;jsessionid=ac16012b30d510a5762270614c3caa319e9948876b57.e3iSbxaKaheRe34Sa3yKbhiTahb0n6jAmljGr5XDqQLvpAe HTTP/1.1" 200 2
186.82.78.180 - - [20/Nov/2014:06:41:37 -0500] "POST /forms/lservlet;jsessionid=ac16012b30d510a5762270614c3caa319e9948876b57.e3iSbxaKaheRe34Sa3yKbhiTahb0n6jAmljGr5XDqQLvpAe HTTP/1.1" 200 2
186.82.78.180 - - [20/Nov/2014:06:41:37 -0500] "POST /forms/lservlet;jsessionid=ac16012b30d510a5762270614c3caa319e9948876b57.e3iSbxaKaheRe34Sa3yKbhiTahb0n6jAmljGr5XDqQLvpAe HTTP/1.1" 200 3115
186.82.78.180 - - [20/Nov/2014:06:41:38 -0500] "POST /forms/lservlet;jsessionid=ac16012b30d510a5762270614c3caa319e9948876b57.e3iSbxaKaheRe34Sa3yKbhiTahb0n6jAmljGr5XDqQLvpAe HTTP/1.1" 200 2
186.82.78.180 - - [20/Nov/2014:06:41:40 -0500] "POST /forms/lservlet;jsessionid=ac16012b30d510a5762270614c3caa319e9948876b57.e3iSbxaKaheRe34Sa3yKbhiTahb0n6jAmljGr5XDqQLvpAe HTTP/1.1" 200 2
186.82.78.180 - - [20/Nov/2014:06:41:41 -0500] "POST /forms/lservlet;jsessionid=ac16012b30d510a5762270614c3caa319e9948876b57.e3iSbxaKaheRe34Sa3yKbhiTahb0n6jAmljGr5XDqQLvpAe HTTP/1.1" 200 3213
186.82.78.180 - - [20/Nov/2014:06:41:41 -0500] "POST /forms/lservlet;jsessionid=ac16012b30d510a5762270614c3caa319e9948876b57.e3iSbxaKaheRe34Sa3yKbhiTahb0n6jAmljGr5XDqQLvpAe HTTP/1.1" 200 2
186.82.78.180 - - [20/Nov/2014:06:41:42 -0500] "POST /forms/lservlet;jsessionid=ac16012b30d510a5762270614c3caa319e9948876b57.e3iSbxaKaheRe34Sa3yKbhiTahb0n6jAmljGr5XDqQLvpAe HTTP/1.1" 200 2
186.82.78.180 - - [20/Nov/2014:06:41:42 -0500] "POST /forms/lservlet;jsessionid=ac16012b30d510a5762270614c3caa319e9948876b57.e3iSbxaKaheRe34Sa3yKbhiTahb0n6jAmljGr5XDqQLvpAe HTTP/1.1" 200 3222
186.82.78.180 - - [20/Nov/2014:06:41:43 -0500] "POST /forms/lservlet;jsessionid=ac16012b30d510a5762270614c3caa319e9948876b57.e3iSbxaKaheRe34Sa3yKbhiTahb0n6jAmljGr5XDqQLvpAe HTTP/1.1" 200 2
186.82.78.180 - - [20/Nov/2014:06:41:44 -0500] "POST /forms/lservlet;jsessionid=ac16012b30d510a5762270614c3caa319e9948876b57.e3iSbxaKaheRe34Sa3yKbhiTahb0n6jAmljGr5XDqQLvpAe HTTP/1.1" 200 2
213.251.182.10 - - [20/Nov/2014:06:41:45 -0500] "GET /wp-admin/ HTTP/1.1" 404 1018
186.82.78.180 - - [20/Nov/2014:06:41:45 -0500] "POST /forms/lservlet;jsessionid=ac16012b30d510a5762270614c3caa319e9948876b57.e3iSbxaKaheRe34Sa3yKbhiTahb0n6jAmljGr5XDqQLvpAe HTTP/1.1" 200 2562
186.82.78.180 - - [20/Nov/2014:06:41:45 -0500] "POST /forms/lservlet;jsessionid=ac16012b30d510a5762270614c3caa319e9948876b57.e3iSbxaKaheRe34Sa3yKbhiTahb0n6jAmljGr5XDqQLvpAe HTTP/1.1" 200 10
186.82.78.180 - - [20/Nov/2014:06:41:46 -0500] "POST /forms/lservlet;jsessionid=ac16012b30d510a5762270614c3caa319e9948876b57.e3iSbxaKaheRe34Sa3yKbhiTahb0n6jAmljGr5XDqQLvpAe HTTP/1.1" 200 8
186.82.78.180 - - [20/Nov/2014:06:41:47 -0500] "POST /forms/lservlet;jsessionid=ac16012b30d510a5762270614c3caa319e9948876b57.e3iSbxaKaheRe34Sa3yKbhiTahb0n6jAmljGr5XDqQLvpAe HTTP/1.1" 200 8
186.82.78.180 - - [20/Nov/2014:06:41:47 -0500] "POST /forms/lservlet;jsessionid=ac16012b30d510a5762270614c3caa319e9948876b57.e3iSbxaKaheRe34Sa3yKbhiTahb0n6jAmljGr5XDqQLvpAe HTTP/1.1" 200 2
186.82.78.180 - - [20/Nov/2014:06:41:49 -0500] "POST /forms/lservlet;jsessionid=ac16012b30d510a5762270614c3caa319e9948876b57.e3iSbxaKaheRe34Sa3yKbhiTahb0n6jAmljGr5XDqQLvpAe HTTP/1.1" 200 2
186.82.78.180 - - [20/Nov/2014:06:41:50 -0500] "POST /forms/lservlet;jsessionid=ac16012b30d510a5762270614c3caa319e9948876b57.e3iSbxaKaheRe34Sa3yKbhiTahb0n6jAmljGr5XDqQLvpAe HTTP/1.1" 200 239
186.82.78.180 - - [20/Nov/2014:06:41:50 -0500] "POST /forms/lservlet;jsessionid=ac16012b30d510a5762270614c3caa319e9948876b57.e3iSbxaKaheRe34Sa3yKbhiTahb0n6jAmljGr5XDqQLvpAe HTTP/1.1" 200 44
186.82.78.180 - - [20/Nov/2014:06:41:51 -0500] "POST /forms/lservlet;jsessionid=ac16012b30d510a5762270614c3caa319e9948876b57.e3iSbxaKaheRe34Sa3yKbhiTahb0n6jAmljGr5XDqQLvpAe HTTP/1.1" 200 15
186.82.78.180 - - [20/Nov/2014:06:41:51 -0500] "POST /forms/lservlet;jsessionid=ac16012b30d510a5762270614c3caa319e9948876b57.e3iSbxaKaheRe34Sa3yKbhiTahb0n6jAmljGr5XDqQLvpAe HTTP/1.1" 200 2
186.82.78.180 - - [20/Nov/2014:06:41:56 -0500] "POST /forms/lservlet;jsessionid=ac16012b30d510a5762270614c3caa319e9948876b57.e3iSbxaKaheRe34Sa3yKbhiTahb0n6jAmljGr5XDqQLvpAe HTTP/1.1" 200 66
186.82.78.180 - - [20/Nov/2014:06:41:57 -0500] "POST /forms/lservlet;jsessionid=ac16012b30d510a5762270614c3caa319e9948876b57.e3iSbxaKaheRe34Sa3yKbhiTahb0n6jAmljGr5XDqQLvpAe HTTP/1.1" 200 26
186.82.78.180 - - [20/Nov/2014:06:41:58 -0500] "POST /forms/lservlet;jsessionid=ac16012b30d510a5762270614c3caa319e9948876b57.e3iSbxaKaheRe34Sa3yKbhiTahb0n6jAmljGr5XDqQLvpAe HTTP/1.1" 200 61
186.82.78.180 - - [20/Nov/2014:06:42:01 -0500] "POST /forms/lservlet;jsessionid=ac16012b30d510a5762270614c3caa319e9948876b57.e3iSbxaKaheRe34Sa3yKbhiTahb0n6jAmljGr5XDqQLvpAe HTTP/1.1" 200 2
172.22.2.1 - - [20/Nov/2014:06:42:11 -0500] "GET /galeria/nivo-slider/demo/demo.html HTTP/1.1" 304 -
