172.22.2.1 - - [20/Nov/2014:06:42:12 -0500] "GET /galeria/nivo-slider/demo/images/Biotaxis-Man.jpg HTTP/1.1" 304 -
172.22.2.1 - - [20/Nov/2014:06:42:12 -0500] "GET /galeria/nivo-slider/demo/images/ForoNacionalAmbiental.jpg HTTP/1.1" 304 -
172.22.2.1 - - [20/Nov/2014:06:42:12 -0500] "GET /galeria/nivo-slider/demo/images/Banner-comparendo.jpg HTTP/1.1" 304 -
172.22.2.1 - - [20/Nov/2014:06:42:12 -0500] "GET /galeria/nivo-slider/demo/images/Banner-Ecourbanismo.jpg HTTP/1.1" 304 -
172.22.2.1 - - [20/Nov/2014:06:42:13 -0500] "GET /galeria/nivo-slider/demo/images/9Signos.jpg HTTP/1.1" 200 93040
172.22.2.1 - - [20/Nov/2014:06:42:14 -0500] "GET /videos/Spot_CambioClimatico.flv HTTP/1.1" 304 -
172.22.2.1 - - [20/Nov/2014:06:42:18 -0500] "GET /autoliquidacion/ HTTP/1.1" 200 6375
172.22.2.1 - - [20/Nov/2014:06:42:19 -0500] "GET /autoliquidacion/index.php?dir=TR%C1MITES+VERTIMIENTOS%2F HTTP/1.1" 200 2471
172.22.2.1 - - [20/Nov/2014:06:42:20 -0500] "GET /autoliquidacion/index.php?dir=TR%C1MITES+VERTIMIENTOS%2FPERMISOS+DE+VERTIMIENTOS%2F HTTP/1.1" 200 3490
188.165.15.234 - - [20/Nov/2014:06:42:30 -0500] "GET /BLA/resoluciones/RESOLUCIONES%202003/RES%202003%20051-100/2003RES95.tif HTTP/1.1" 200 156848
74.86.158.107 - - [20/Nov/2014:06:42:34 -0500] "HEAD / HTTP/1.1" 302 -
190.84.155.46 - - [20/Nov/2014:06:42:36 -0500] "POST /Report2/parameter HTTP/1.1" 200 6657
190.84.155.46 - - [20/Nov/2014:06:42:36 -0500] "GET /Report2/parameter?action=runReportMDX&json=true&listdep=informe&id_rpt=17&param_nit=208 HTTP/1.1" 200 575
190.84.155.46 - - [20/Nov/2014:06:42:36 -0500] "GET /Report2/parameter?action=runReportMDX&json=true&listdep=FecBal&id_rpt=17&param_informe=17&param_nit=208 HTTP/1.1" 200 44
190.84.155.46 - - [20/Nov/2014:06:42:36 -0500] "GET /Report2/parameter?action=runReportMDX&json=true&listdep=formato&id_rpt=17&param_informe=17&param_nit=208&param_FecBal=2014-06-30 HTTP/1.1" 200 394
190.84.155.46 - - [20/Nov/2014:06:42:42 -0500] "POST /Report2/rptManage.jsp?migracion=111 HTTP/1.1" 200 618
190.84.155.46 - - [20/Nov/2014:06:42:42 -0500] "GET /Report2/loading.jsp?migracion=111&id_rpt=17&currentTab=tab_31331&rnd=0.7092366425539123 HTTP/1.1" 200 2679
190.84.155.46 - - [20/Nov/2014:06:42:42 -0500] "GET /Report2/rpt.jsp?migracion=111&id_rpt=17&currentTab=tab_31331&rnd=0.5525377018959773 HTTP/1.1" 200 13517
190.84.155.46 - - [20/Nov/2014:06:42:43 -0500] "POST /Report2/infReportada.jsp?rdmMapa=790627 HTTP/1.1" 200 8656
190.84.155.46 - - [20/Nov/2014:06:42:43 -0500] "GET /Report2/serviceListados.jsp?queryId=rpt/infxidC&informe=17&a=0.013144816039130092 HTTP/1.1" 200 132
186.82.78.180 - - [20/Nov/2014:06:42:48 -0500] "POST /forms/lservlet;jsessionid=ac16012b30d510a5762270614c3caa319e9948876b57.e3iSbxaKaheRe34Sa3yKbhiTahb0n6jAmljGr5XDqQLvpAe HTTP/1.1" 200 72
190.84.155.46 - - [20/Nov/2014:06:42:49 -0500] "POST /Report2/parameter HTTP/1.1" 200 6657
190.84.155.46 - - [20/Nov/2014:06:42:49 -0500] "GET /Report2/parameter?action=runReportMDX&json=true&listdep=informe&id_rpt=17&param_nit=208 HTTP/1.1" 200 575
190.84.155.46 - - [20/Nov/2014:06:42:50 -0500] "GET /Report2/parameter?action=runReportMDX&json=true&listdep=FecBal&id_rpt=17&param_informe=17&param_nit=208 HTTP/1.1" 200 44
190.84.155.46 - - [20/Nov/2014:06:42:50 -0500] "GET /Report2/parameter?action=runReportMDX&json=true&listdep=formato&id_rpt=17&param_informe=17&param_nit=208&param_FecBal=2014-06-30 HTTP/1.1" 200 394
190.84.155.46 - - [20/Nov/2014:06:42:54 -0500] "POST /Report2/rptManage.jsp?migracion=111 HTTP/1.1" 200 617
190.84.155.46 - - [20/Nov/2014:06:42:54 -0500] "GET /Report2/loading.jsp?migracion=111&id_rpt=17&currentTab=tab_31331&rnd=0.776130210309867 HTTP/1.1" 200 2703
190.84.155.46 - - [20/Nov/2014:06:42:54 -0500] "GET /Report2/rpt.jsp?migracion=111&id_rpt=17&currentTab=tab_31331&rnd=0.8275111177146166 HTTP/1.1" 200 13586
190.84.155.46 - - [20/Nov/2014:06:42:55 -0500] "POST /Report2/infReportada.jsp?rdmMapa=983867 HTTP/1.1" 200 10411
190.84.155.46 - - [20/Nov/2014:06:42:55 -0500] "GET /Report2/serviceListados.jsp?queryId=rpt/infxidC&informe=17&a=0.8527076635509729 HTTP/1.1" 200 132
186.82.78.180 - - [20/Nov/2014:06:42:56 -0500] "POST /forms/lservlet;jsessionid=ac16012b30d510a5762270614c3caa319e9948876b57.e3iSbxaKaheRe34Sa3yKbhiTahb0n6jAmljGr5XDqQLvpAe HTTP/1.1" 200 24
186.82.78.180 - - [20/Nov/2014:06:42:56 -0500] "POST /forms/lservlet;jsessionid=ac16012b30d510a5762270614c3caa319e9948876b57.e3iSbxaKaheRe34Sa3yKbhiTahb0n6jAmljGr5XDqQLvpAe HTTP/1.1" 200 592
186.82.78.180 - - [20/Nov/2014:06:42:57 -0500] "POST /forms/lservlet;jsessionid=ac16012b30d510a5762270614c3caa319e9948876b57.e3iSbxaKaheRe34Sa3yKbhiTahb0n6jAmljGr5XDqQLvpAe HTTP/1.1" 200 20
186.82.78.180 - - [20/Nov/2014:06:42:59 -0500] "POST /forms/lservlet;jsessionid=ac16012b30d510a5762270614c3caa319e9948876b57.e3iSbxaKaheRe34Sa3yKbhiTahb0n6jAmljGr5XDqQLvpAe HTTP/1.1" 200 55
190.84.155.46 - - [20/Nov/2014:06:43:01 -0500] "POST /Report2/parameter HTTP/1.1" 200 6657
190.84.155.46 - - [20/Nov/2014:06:43:02 -0500] "GET /Report2/parameter?action=runReportMDX&json=true&listdep=informe&id_rpt=17&param_nit=208 HTTP/1.1" 200 575
190.84.155.46 - - [20/Nov/2014:06:43:02 -0500] "GET /Report2/parameter?action=runReportMDX&json=true&listdep=FecBal&id_rpt=17&param_informe=17&param_nit=208 HTTP/1.1" 200 44
190.84.155.46 - - [20/Nov/2014:06:43:02 -0500] "GET /Report2/parameter?action=runReportMDX&json=true&listdep=formato&id_rpt=17&param_informe=17&param_nit=208&param_FecBal=2014-06-30 HTTP/1.1" 200 394
186.82.78.180 - - [20/Nov/2014:06:43:03 -0500] "POST /forms/lservlet;jsessionid=ac16012b30d510a5762270614c3caa319e9948876b57.e3iSbxaKaheRe34Sa3yKbhiTahb0n6jAmljGr5XDqQLvpAe HTTP/1.1" 200 24
186.82.78.180 - - [20/Nov/2014:06:43:03 -0500] "POST /forms/lservlet;jsessionid=ac16012b30d510a5762270614c3caa319e9948876b57.e3iSbxaKaheRe34Sa3yKbhiTahb0n6jAmljGr5XDqQLvpAe HTTP/1.1" 200 499
186.82.78.180 - - [20/Nov/2014:06:43:03 -0500] "POST /forms/lservlet;jsessionid=ac16012b30d510a5762270614c3caa319e9948876b57.e3iSbxaKaheRe34Sa3yKbhiTahb0n6jAmljGr5XDqQLvpAe HTTP/1.1" 200 15
186.82.78.180 - - [20/Nov/2014:06:43:05 -0500] "POST /forms/lservlet;jsessionid=ac16012b30d510a5762270614c3caa319e9948876b57.e3iSbxaKaheRe34Sa3yKbhiTahb0n6jAmljGr5XDqQLvpAe HTTP/1.1" 200 52
201.245.192.253 - - [20/Nov/2014:06:43:06 -0500] "GET /galeria/nivo-slider/demo/demo.html HTTP/1.1" 304 -
201.244.100.25 - - [20/Nov/2014:06:43:06 -0500] "GET /BLA/resoluciones/AUTOS%202010/6579.pdf HTTP/1.1" 200 149497
201.245.192.253 - - [20/Nov/2014:06:43:06 -0500] "GET /galeria/nivo-slider/demo/images/Biotaxis-Man.jpg HTTP/1.1" 304 -
201.245.192.253 - - [20/Nov/2014:06:43:06 -0500] "GET /galeria/nivo-slider/demo/images/ForoNacionalAmbiental.jpg HTTP/1.1" 304 -
201.245.192.253 - - [20/Nov/2014:06:43:06 -0500] "GET /galeria/nivo-slider/demo/images/Banner-comparendo.jpg HTTP/1.1" 304 -
201.245.192.253 - - [20/Nov/2014:06:43:06 -0500] "GET /galeria/nivo-slider/demo/images/Banner-Ecourbanismo.jpg HTTP/1.1" 304 -
190.84.155.46 - - [20/Nov/2014:06:43:06 -0500] "POST /Report2/rptManage.jsp?migracion=111 HTTP/1.1" 200 618
201.244.100.25 - - [20/Nov/2014:06:43:06 -0500] "GET /BLA/resoluciones/AUTOS%202010/6579.pdf HTTP/1.1" 200 149497
190.84.155.46 - - [20/Nov/2014:06:43:06 -0500] "GET /Report2/loading.jsp?migracion=111&id_rpt=17&currentTab=tab_31331&rnd=0.5898436516200378 HTTP/1.1" 200 2693
190.84.155.46 - - [20/Nov/2014:06:43:06 -0500] "GET /Report2/rpt.jsp?migracion=111&id_rpt=17&currentTab=tab_31331&rnd=0.6366676634098999 HTTP/1.1" 200 13571
190.84.155.46 - - [20/Nov/2014:06:43:06 -0500] "POST /Report2/infReportada.jsp?rdmMapa=394116 HTTP/1.1" 200 4811
190.25.157.12 - - [20/Nov/2014:06:43:06 -0500] "POST /forms/lservlet;jsessionid=ac16012b30d5ec989a1b0aa149e3b822aec0fd0995e5.e3iSbxaKaheRe34Sa3yKbhiTahb0n6jAmljGr5XDqQLvpAe HTTP/1.1" 200 2
201.245.192.253 - - [20/Nov/2014:06:43:06 -0500] "GET /galeria/nivo-slider/demo/images/9Signos.jpg HTTP/1.1" 304 -
190.84.155.46 - - [20/Nov/2014:06:43:07 -0500] "GET /Report2/serviceListados.jsp?queryId=rpt/infxidC&informe=17&a=0.3073298200033605 HTTP/1.1" 200 223
190.84.155.46 - - [20/Nov/2014:06:43:07 -0500] "GET /Report2/serviceListados.jsp?queryId=rpt/entidadxidC&nit=208&a=0.81419743061997 HTTP/1.1" 200 224
190.84.155.46 - - [20/Nov/2014:06:43:08 -0500] "POST /Report2/parameter HTTP/1.1" 200 6657
190.84.155.46 - - [20/Nov/2014:06:43:09 -0500] "GET /Report2/parameter?action=runReportMDX&json=true&listdep=informe&id_rpt=17&param_nit=208 HTTP/1.1" 200 575
190.84.155.46 - - [20/Nov/2014:06:43:09 -0500] "GET /Report2/parameter?action=runReportMDX&json=true&listdep=FecBal&id_rpt=17&param_informe=17&param_nit=208 HTTP/1.1" 200 44
190.84.155.46 - - [20/Nov/2014:06:43:09 -0500] "GET /Report2/parameter?action=runReportMDX&json=true&listdep=formato&id_rpt=17&param_informe=17&param_nit=208&param_FecBal=2014-06-30 HTTP/1.1" 200 394
190.84.155.46 - - [20/Nov/2014:06:43:15 -0500] "POST /Report2/rptManage.jsp?migracion=111 HTTP/1.1" 200 618
190.84.155.46 - - [20/Nov/2014:06:43:15 -0500] "GET /Report2/loading.jsp?migracion=111&id_rpt=17&currentTab=tab_31331&rnd=0.8844438422982358 HTTP/1.1" 200 2687
190.84.155.46 - - [20/Nov/2014:06:43:15 -0500] "GET /Report2/rpt.jsp?migracion=111&id_rpt=17&currentTab=tab_31331&rnd=0.7110605859009536 HTTP/1.1" 200 13538
190.84.155.46 - - [20/Nov/2014:06:43:16 -0500] "POST /Report2/infReportada.jsp?rdmMapa=898153 HTTP/1.1" 200 22454
190.84.155.46 - - [20/Nov/2014:06:43:16 -0500] "GET /Report2/serviceListados.jsp?queryId=rpt/infxidC&informe=17&a=0.7292576734907925 HTTP/1.1" 200 223
190.84.155.46 - - [20/Nov/2014:06:43:16 -0500] "GET /Report2/serviceListados.jsp?queryId=rpt/entidadxidC&nit=208&a=0.7400609243195504 HTTP/1.1" 200 224
186.81.160.72 - - [20/Nov/2014:06:43:17 -0500] "OPTIONS /forest/documentos/1442913/ HTTP/1.1" 200 -
186.81.160.72 - - [20/Nov/2014:06:43:17 -0500] "GET /forest/documentos/1442913/2012ER019152.pdf HTTP/1.1" 200 214
186.81.160.72 - - [20/Nov/2014:06:43:18 -0500] "GET /forest/documentos/1442913/2012ER019152.pdf HTTP/1.1" 200 214
201.245.192.253 - - [20/Nov/2014:06:43:21 -0500] "GET /embed/s1cHdK_zT6E HTTP/1.1" 404 1253
100.43.85.25 - - [20/Nov/2014:06:43:23 -0500] "GET /robots.txt HTTP/1.1" 404 1038
100.43.85.25 - - [20/Nov/2014:06:43:25 -0500] "GET / HTTP/1.1" 302 -
100.43.85.25 - - [20/Nov/2014:06:43:26 -0500] "GET / HTTP/1.1" 302 -
190.84.155.46 - - [20/Nov/2014:06:43:29 -0500] "POST /Report2/parameter HTTP/1.1" 200 6657
190.84.155.46 - - [20/Nov/2014:06:43:30 -0500] "GET /Report2/parameter?action=runReportMDX&json=true&listdep=informe&id_rpt=17&param_nit=208 HTTP/1.1" 200 575
190.84.155.46 - - [20/Nov/2014:06:43:30 -0500] "GET /Report2/parameter?action=runReportMDX&json=true&listdep=FecBal&id_rpt=17&param_informe=17&param_nit=208 HTTP/1.1" 200 44
190.84.155.46 - - [20/Nov/2014:06:43:30 -0500] "GET /Report2/parameter?action=runReportMDX&json=true&listdep=formato&id_rpt=17&param_informe=17&param_nit=208&param_FecBal=2014-06-30 HTTP/1.1" 200 394
186.82.78.180 - - [20/Nov/2014:06:43:31 -0500] "POST /forms/lservlet;jsessionid=ac16012b30d510a5762270614c3caa319e9948876b57.e3iSbxaKaheRe34Sa3yKbhiTahb0n6jAmljGr5XDqQLvpAe HTTP/1.1" 200 24
186.82.78.180 - - [20/Nov/2014:06:43:31 -0500] "POST /forms/lservlet;jsessionid=ac16012b30d510a5762270614c3caa319e9948876b57.e3iSbxaKaheRe34Sa3yKbhiTahb0n6jAmljGr5XDqQLvpAe HTTP/1.1" 200 8
186.82.78.180 - - [20/Nov/2014:06:43:31 -0500] "POST /forms/lservlet;jsessionid=ac16012b30d510a5762270614c3caa319e9948876b57.e3iSbxaKaheRe34Sa3yKbhiTahb0n6jAmljGr5XDqQLvpAe HTTP/1.1" 200 2
186.82.78.180 - - [20/Nov/2014:06:43:32 -0500] "POST /forms/lservlet;jsessionid=ac16012b30d510a5762270614c3caa319e9948876b57.e3iSbxaKaheRe34Sa3yKbhiTahb0n6jAmljGr5XDqQLvpAe HTTP/1.1" 200 8
186.82.78.180 - - [20/Nov/2014:06:43:32 -0500] "POST /forms/lservlet;jsessionid=ac16012b30d510a5762270614c3caa319e9948876b57.e3iSbxaKaheRe34Sa3yKbhiTahb0n6jAmljGr5XDqQLvpAe HTTP/1.1" 200 8
186.82.78.180 - - [20/Nov/2014:06:43:32 -0500] "POST /forms/lservlet;jsessionid=ac16012b30d510a5762270614c3caa319e9948876b57.e3iSbxaKaheRe34Sa3yKbhiTahb0n6jAmljGr5XDqQLvpAe HTTP/1.1" 200 2
190.84.155.46 - - [20/Nov/2014:06:43:34 -0500] "POST /Report2/rptManage.jsp?migracion=111 HTTP/1.1" 200 619
190.84.155.46 - - [20/Nov/2014:06:43:34 -0500] "GET /Report2/loading.jsp?migracion=111&id_rpt=17&currentTab=tab_31331&rnd=0.32135925934190435 HTTP/1.1" 200 2693
190.84.155.46 - - [20/Nov/2014:06:43:34 -0500] "GET /Report2/rpt.jsp?migracion=111&id_rpt=17&currentTab=tab_31331&rnd=0.6200155601566447 HTTP/1.1" 200 13562
190.84.155.46 - - [20/Nov/2014:06:43:34 -0500] "POST /Report2/infReportada.jsp?rdmMapa=28143 HTTP/1.1" 200 11571
190.84.155.46 - - [20/Nov/2014:06:43:34 -0500] "GET /Report2/serviceListados.jsp?queryId=rpt/infxidC&informe=17&a=0.6840241167228669 HTTP/1.1" 200 223
190.84.155.46 - - [20/Nov/2014:06:43:34 -0500] "GET /Report2/serviceListados.jsp?queryId=rpt/entidadxidC&nit=208&a=0.2654530240688473 HTTP/1.1" 200 224
186.82.78.180 - - [20/Nov/2014:06:43:37 -0500] "POST /forms/lservlet;jsessionid=ac16012b30d510a5762270614c3caa319e9948876b57.e3iSbxaKaheRe34Sa3yKbhiTahb0n6jAmljGr5XDqQLvpAe HTTP/1.1" 200 24
186.82.78.180 - - [20/Nov/2014:06:43:37 -0500] "POST /forms/lservlet;jsessionid=ac16012b30d510a5762270614c3caa319e9948876b57.e3iSbxaKaheRe34Sa3yKbhiTahb0n6jAmljGr5XDqQLvpAe HTTP/1.1" 200 530
186.82.78.180 - - [20/Nov/2014:06:43:38 -0500] "POST /forms/lservlet;jsessionid=ac16012b30d510a5762270614c3caa319e9948876b57.e3iSbxaKaheRe34Sa3yKbhiTahb0n6jAmljGr5XDqQLvpAe HTTP/1.1" 200 20
186.82.78.180 - - [20/Nov/2014:06:43:40 -0500] "POST /forms/lservlet;jsessionid=ac16012b30d510a5762270614c3caa319e9948876b57.e3iSbxaKaheRe34Sa3yKbhiTahb0n6jAmljGr5XDqQLvpAe HTTP/1.1" 200 2
186.82.78.180 - - [20/Nov/2014:06:43:40 -0500] "POST /forms/lservlet;jsessionid=ac16012b30d510a5762270614c3caa319e9948876b57.e3iSbxaKaheRe34Sa3yKbhiTahb0n6jAmljGr5XDqQLvpAe HTTP/1.1" 200 447
186.82.78.180 - - [20/Nov/2014:06:43:41 -0500] "POST /forms/lservlet;jsessionid=ac16012b30d510a5762270614c3caa319e9948876b57.e3iSbxaKaheRe34Sa3yKbhiTahb0n6jAmljGr5XDqQLvpAe HTTP/1.1" 200 10
190.84.155.46 - - [20/Nov/2014:06:43:41 -0500] "POST /Report2/parameter HTTP/1.1" 200 6657
190.84.155.46 - - [20/Nov/2014:06:43:42 -0500] "GET /Report2/parameter?action=runReportMDX&json=true&listdep=informe&id_rpt=17&param_nit=208 HTTP/1.1" 200 575
190.84.155.46 - - [20/Nov/2014:06:43:42 -0500] "GET /Report2/parameter?action=runReportMDX&json=true&listdep=FecBal&id_rpt=17&param_informe=17&param_nit=208 HTTP/1.1" 200 44
186.82.78.180 - - [20/Nov/2014:06:43:42 -0500] "POST /forms/lservlet;jsessionid=ac16012b30d510a5762270614c3caa319e9948876b57.e3iSbxaKaheRe34Sa3yKbhiTahb0n6jAmljGr5XDqQLvpAe HTTP/1.1" 200 19
190.84.155.46 - - [20/Nov/2014:06:43:42 -0500] "GET /Report2/parameter?action=runReportMDX&json=true&listdep=formato&id_rpt=17&param_informe=17&param_nit=208&param_FecBal=2014-06-30 HTTP/1.1" 200 394
186.82.78.180 - - [20/Nov/2014:06:43:43 -0500] "POST /forms/lservlet;jsessionid=ac16012b30d510a5762270614c3caa319e9948876b57.e3iSbxaKaheRe34Sa3yKbhiTahb0n6jAmljGr5XDqQLvpAe HTTP/1.1" 200 8
186.82.78.180 - - [20/Nov/2014:06:43:43 -0500] "POST /forms/lservlet;jsessionid=ac16012b30d510a5762270614c3caa319e9948876b57.e3iSbxaKaheRe34Sa3yKbhiTahb0n6jAmljGr5XDqQLvpAe HTTP/1.1" 200 2
201.245.192.253 - - [20/Nov/2014:06:43:45 -0500] "GET /embed/s1cHdK_zT6E HTTP/1.1" 404 1253
190.84.155.46 - - [20/Nov/2014:06:43:46 -0500] "POST /Report2/rptManage.jsp?migracion=111 HTTP/1.1" 200 618
190.84.155.46 - - [20/Nov/2014:06:43:46 -0500] "GET /Report2/loading.jsp?migracion=111&id_rpt=17&currentTab=tab_31331&rnd=0.10341745988529083 HTTP/1.1" 200 2713
190.84.155.46 - - [20/Nov/2014:06:43:46 -0500] "GET /Report2/rpt.jsp?migracion=111&id_rpt=17&currentTab=tab_31331&rnd=0.836947108474848 HTTP/1.1" 200 13628
190.84.155.46 - - [20/Nov/2014:06:43:46 -0500] "GET /Report2/serviceListados.jsp?queryId=rpt/infxidC&informe=17&a=0.6941857095807791 HTTP/1.1" 200 223
186.82.78.180 - - [20/Nov/2014:06:43:46 -0500] "POST /forms/lservlet;jsessionid=ac16012b30d510a5762270614c3caa319e9948876b57.e3iSbxaKaheRe34Sa3yKbhiTahb0n6jAmljGr5XDqQLvpAe HTTP/1.1" 200 57
190.84.155.46 - - [20/Nov/2014:06:43:46 -0500] "GET /Report2/serviceListados.jsp?queryId=rpt/entidadxidC&nit=208&a=0.830641470849514 HTTP/1.1" 200 224
190.84.155.46 - - [20/Nov/2014:06:43:46 -0500] "POST /Report2/infReportada.jsp?rdmMapa=20631 HTTP/1.1" 200 6747
190.84.155.46 - - [20/Nov/2014:06:43:49 -0500] "POST /Report2/parameter HTTP/1.1" 200 6657
190.84.155.46 - - [20/Nov/2014:06:43:49 -0500] "GET /Report2/parameter?action=runReportMDX&json=true&listdep=informe&id_rpt=17&param_nit=208 HTTP/1.1" 200 575
190.84.155.46 - - [20/Nov/2014:06:43:49 -0500] "GET /Report2/parameter?action=runReportMDX&json=true&listdep=FecBal&id_rpt=17&param_informe=17&param_nit=208 HTTP/1.1" 200 44
190.84.155.46 - - [20/Nov/2014:06:43:50 -0500] "GET /Report2/parameter?action=runReportMDX&json=true&listdep=formato&id_rpt=17&param_informe=17&param_nit=208&param_FecBal=2014-06-30 HTTP/1.1" 200 394
188.165.15.110 - - [20/Nov/2014:06:43:53 -0500] "GET /BLA/resoluciones/RESOLUCIONES%202004/RES%202004%20351-400/00000400.tif HTTP/1.1" 200 97298
186.82.78.180 - - [20/Nov/2014:06:43:53 -0500] "POST /forms/lservlet;jsessionid=ac16012b30d510a5762270614c3caa319e9948876b57.e3iSbxaKaheRe34Sa3yKbhiTahb0n6jAmljGr5XDqQLvpAe HTTP/1.1" 200 24
186.82.78.180 - - [20/Nov/2014:06:43:54 -0500] "POST /forms/lservlet;jsessionid=ac16012b30d510a5762270614c3caa319e9948876b57.e3iSbxaKaheRe34Sa3yKbhiTahb0n6jAmljGr5XDqQLvpAe HTTP/1.1" 200 530
186.82.78.180 - - [20/Nov/2014:06:43:54 -0500] "POST /forms/lservlet;jsessionid=ac16012b30d510a5762270614c3caa319e9948876b57.e3iSbxaKaheRe34Sa3yKbhiTahb0n6jAmljGr5XDqQLvpAe HTTP/1.1" 200 20
190.84.155.46 - - [20/Nov/2014:06:43:55 -0500] "GET /Report2/parameter?action=runReportMDX&json=true&listdep=FecBal&id_rpt=17&param_informe=19&param_nit=208 HTTP/1.1" 200 44
190.84.155.46 - - [20/Nov/2014:06:43:55 -0500] "GET /Report2/parameter?action=runReportMDX&json=true&listdep=formato&id_rpt=17&param_informe=19&param_nit=208&param_FecBal=2014-06-30 HTTP/1.1" 200 211
186.82.78.180 - - [20/Nov/2014:06:43:58 -0500] "POST /forms/lservlet;jsessionid=ac16012b30d510a5762270614c3caa319e9948876b57.e3iSbxaKaheRe34Sa3yKbhiTahb0n6jAmljGr5XDqQLvpAe HTTP/1.1" 200 55
190.84.155.46 - - [20/Nov/2014:06:43:59 -0500] "POST /Report2/rptManage.jsp?migracion=111 HTTP/1.1" 200 618
190.84.155.46 - - [20/Nov/2014:06:43:59 -0500] "GET /Report2/loading.jsp?migracion=111&id_rpt=17&currentTab=tab_31331&rnd=0.7595610452038403 HTTP/1.1" 200 2716
190.84.155.46 - - [20/Nov/2014:06:43:59 -0500] "POST /Report2/infReportada.jsp?rdmMapa=519223 HTTP/1.1" 200 6337
190.84.155.46 - - [20/Nov/2014:06:43:59 -0500] "GET /Report2/rpt.jsp?migracion=111&id_rpt=17&currentTab=tab_31331&rnd=0.5379902782512388 HTTP/1.1" 200 13623
190.84.155.46 - - [20/Nov/2014:06:43:59 -0500] "GET /Report2/serviceListados.jsp?queryId=rpt/infxidC&informe=19&a=0.4978202688507736 HTTP/1.1" 200 228
190.84.155.46 - - [20/Nov/2014:06:43:59 -0500] "GET /Report2/serviceListados.jsp?queryId=rpt/entidadxidC&nit=208&a=0.7411208050325513 HTTP/1.1" 200 224
201.245.192.253 - - [20/Nov/2014:06:44:00 -0500] "GET /embed/s1cHdK_zT6E HTTP/1.1" 404 1253
186.82.78.180 - - [20/Nov/2014:06:44:01 -0500] "POST /forms/lservlet;jsessionid=ac16012b30d510a5762270614c3caa319e9948876b57.e3iSbxaKaheRe34Sa3yKbhiTahb0n6jAmljGr5XDqQLvpAe HTTP/1.1" 200 24
190.84.155.46 - - [20/Nov/2014:06:44:01 -0500] "POST /Report2/parameter HTTP/1.1" 200 6657
186.82.78.180 - - [20/Nov/2014:06:44:01 -0500] "POST /forms/lservlet;jsessionid=ac16012b30d510a5762270614c3caa319e9948876b57.e3iSbxaKaheRe34Sa3yKbhiTahb0n6jAmljGr5XDqQLvpAe HTTP/1.1" 200 2
190.84.155.46 - - [20/Nov/2014:06:44:01 -0500] "GET /Report2/parameter?action=runReportMDX&json=true&listdep=informe&id_rpt=17&param_nit=208 HTTP/1.1" 200 575
190.84.155.46 - - [20/Nov/2014:06:44:02 -0500] "GET /Report2/parameter?action=runReportMDX&json=true&listdep=FecBal&id_rpt=17&param_informe=19&param_nit=208 HTTP/1.1" 200 44
186.82.78.180 - - [20/Nov/2014:06:44:02 -0500] "POST /forms/lservlet;jsessionid=ac16012b30d510a5762270614c3caa319e9948876b57.e3iSbxaKaheRe34Sa3yKbhiTahb0n6jAmljGr5XDqQLvpAe HTTP/1.1" 200 4181
190.84.155.46 - - [20/Nov/2014:06:44:02 -0500] "GET /Report2/parameter?action=runReportMDX&json=true&listdep=formato&id_rpt=17&param_informe=19&param_nit=208&param_FecBal=2014-06-30 HTTP/1.1" 200 211
186.82.78.180 - - [20/Nov/2014:06:44:03 -0500] "POST /forms/lservlet;jsessionid=ac16012b30d510a5762270614c3caa319e9948876b57.e3iSbxaKaheRe34Sa3yKbhiTahb0n6jAmljGr5XDqQLvpAe HTTP/1.1" 200 18
190.84.155.46 - - [20/Nov/2014:06:44:04 -0500] "POST /Report2/rptManage.jsp?migracion=111 HTTP/1.1" 200 619
190.84.155.46 - - [20/Nov/2014:06:44:04 -0500] "GET /Report2/loading.jsp?migracion=111&id_rpt=17&currentTab=tab_31331&rnd=0.22743892147471456 HTTP/1.1" 200 2694
190.84.155.46 - - [20/Nov/2014:06:44:04 -0500] "GET /Report2/rpt.jsp?migracion=111&id_rpt=17&currentTab=tab_31331&rnd=0.9516937395996198 HTTP/1.1" 200 13555
190.84.155.46 - - [20/Nov/2014:06:44:05 -0500] "POST /Report2/infReportada.jsp?rdmMapa=389670 HTTP/1.1" 200 6766
190.84.155.46 - - [20/Nov/2014:06:44:05 -0500] "GET /Report2/serviceListados.jsp?queryId=rpt/infxidC&informe=19&a=0.19807263556867838 HTTP/1.1" 200 228
186.82.78.180 - - [20/Nov/2014:06:44:04 -0500] "POST /forms/lservlet;jsessionid=ac16012b30d510a5762270614c3caa319e9948876b57.e3iSbxaKaheRe34Sa3yKbhiTahb0n6jAmljGr5XDqQLvpAe HTTP/1.1" 200 2
190.84.155.46 - - [20/Nov/2014:06:44:05 -0500] "GET /Report2/serviceListados.jsp?queryId=rpt/entidadxidC&nit=208&a=0.24868456716649234 HTTP/1.1" 200 224
186.82.78.180 - - [20/Nov/2014:06:44:05 -0500] "POST /forms/lservlet;jsessionid=ac16012b30d510a5762270614c3caa319e9948876b57.e3iSbxaKaheRe34Sa3yKbhiTahb0n6jAmljGr5XDqQLvpAe HTTP/1.1" 200 2622
186.82.78.180 - - [20/Nov/2014:06:44:05 -0500] "POST /forms/lservlet;jsessionid=ac16012b30d510a5762270614c3caa319e9948876b57.e3iSbxaKaheRe34Sa3yKbhiTahb0n6jAmljGr5XDqQLvpAe HTTP/1.1" 200 10
186.82.78.180 - - [20/Nov/2014:06:44:07 -0500] "POST /forms/lservlet;jsessionid=ac16012b30d510a5762270614c3caa319e9948876b57.e3iSbxaKaheRe34Sa3yKbhiTahb0n6jAmljGr5XDqQLvpAe HTTP/1.1" 200 2
186.82.78.180 - - [20/Nov/2014:06:44:07 -0500] "POST /forms/lservlet;jsessionid=ac16012b30d510a5762270614c3caa319e9948876b57.e3iSbxaKaheRe34Sa3yKbhiTahb0n6jAmljGr5XDqQLvpAe HTTP/1.1" 200 91
190.84.155.46 - - [20/Nov/2014:06:44:07 -0500] "POST /Report2/parameter HTTP/1.1" 200 6657
186.82.78.180 - - [20/Nov/2014:06:44:07 -0500] "POST /forms/lservlet;jsessionid=ac16012b30d510a5762270614c3caa319e9948876b57.e3iSbxaKaheRe34Sa3yKbhiTahb0n6jAmljGr5XDqQLvpAe HTTP/1.1" 200 44
190.84.155.46 - - [20/Nov/2014:06:44:07 -0500] "GET /Report2/parameter?action=runReportMDX&json=true&listdep=informe&id_rpt=17&param_nit=208 HTTP/1.1" 200 575
186.82.78.180 - - [20/Nov/2014:06:44:08 -0500] "POST /forms/lservlet;jsessionid=ac16012b30d510a5762270614c3caa319e9948876b57.e3iSbxaKaheRe34Sa3yKbhiTahb0n6jAmljGr5XDqQLvpAe HTTP/1.1" 200 16
190.84.155.46 - - [20/Nov/2014:06:44:08 -0500] "GET /Report2/parameter?action=runReportMDX&json=true&listdep=FecBal&id_rpt=17&param_informe=19&param_nit=208 HTTP/1.1" 200 44
190.84.155.46 - - [20/Nov/2014:06:44:08 -0500] "GET /Report2/parameter?action=runReportMDX&json=true&listdep=formato&id_rpt=17&param_informe=19&param_nit=208&param_FecBal=2014-06-30 HTTP/1.1" 200 211
186.82.78.180 - - [20/Nov/2014:06:44:09 -0500] "POST /forms/lservlet;jsessionid=ac16012b30d510a5762270614c3caa319e9948876b57.e3iSbxaKaheRe34Sa3yKbhiTahb0n6jAmljGr5XDqQLvpAe HTTP/1.1" 200 2
190.84.155.46 - - [20/Nov/2014:06:44:12 -0500] "POST /Report2/rptManage.jsp?migracion=111 HTTP/1.1" 200 618
190.84.155.46 - - [20/Nov/2014:06:44:12 -0500] "GET /Report2/loading.jsp?migracion=111&id_rpt=17&currentTab=tab_31331&rnd=0.5788323264355023 HTTP/1.1" 200 2684
190.84.155.46 - - [20/Nov/2014:06:44:12 -0500] "GET /Report2/rpt.jsp?migracion=111&id_rpt=17&currentTab=tab_31331&rnd=0.4739751764917125 HTTP/1.1" 200 13524
190.84.155.46 - - [20/Nov/2014:06:44:12 -0500] "GET /Report2/serviceListados.jsp?queryId=rpt/infxidC&informe=19&a=0.4761213648598641 HTTP/1.1" 200 228
190.84.155.46 - - [20/Nov/2014:06:44:12 -0500] "GET /Report2/serviceListados.jsp?queryId=rpt/entidadxidC&nit=208&a=0.383241128642112 HTTP/1.1" 200 224
190.84.155.46 - - [20/Nov/2014:06:44:13 -0500] "POST /Report2/infReportada.jsp?rdmMapa=339581 HTTP/1.1" 200 9892
201.245.192.253 - - [20/Nov/2014:06:44:13 -0500] "GET /embed/s1cHdK_zT6E HTTP/1.1" 404 1253
186.82.78.180 - - [20/Nov/2014:06:44:14 -0500] "POST /forms/lservlet;jsessionid=ac16012b30d510a5762270614c3caa319e9948876b57.e3iSbxaKaheRe34Sa3yKbhiTahb0n6jAmljGr5XDqQLvpAe HTTP/1.1" 200 41
186.82.78.180 - - [20/Nov/2014:06:44:15 -0500] "POST /forms/lservlet;jsessionid=ac16012b30d510a5762270614c3caa319e9948876b57.e3iSbxaKaheRe34Sa3yKbhiTahb0n6jAmljGr5XDqQLvpAe HTTP/1.1" 200 26
186.82.78.180 - - [20/Nov/2014:06:44:16 -0500] "POST /forms/lservlet;jsessionid=ac16012b30d510a5762270614c3caa319e9948876b57.e3iSbxaKaheRe34Sa3yKbhiTahb0n6jAmljGr5XDqQLvpAe HTTP/1.1" 200 56
186.82.78.180 - - [20/Nov/2014:06:44:17 -0500] "POST /forms/lservlet;jsessionid=ac16012b30d510a5762270614c3caa319e9948876b57.e3iSbxaKaheRe34Sa3yKbhiTahb0n6jAmljGr5XDqQLvpAe HTTP/1.1" 200 14
186.82.78.180 - - [20/Nov/2014:06:44:17 -0500] "POST /forms/lservlet;jsessionid=ac16012b30d510a5762270614c3caa319e9948876b57.e3iSbxaKaheRe34Sa3yKbhiTahb0n6jAmljGr5XDqQLvpAe HTTP/1.1" 200 10
186.82.78.180 - - [20/Nov/2014:06:44:19 -0500] "POST /forms/lservlet;jsessionid=ac16012b30d510a5762270614c3caa319e9948876b57.e3iSbxaKaheRe34Sa3yKbhiTahb0n6jAmljGr5XDqQLvpAe HTTP/1.1" 200 2
186.82.78.180 - - [20/Nov/2014:06:44:19 -0500] "POST /forms/lservlet;jsessionid=ac16012b30d510a5762270614c3caa319e9948876b57.e3iSbxaKaheRe34Sa3yKbhiTahb0n6jAmljGr5XDqQLvpAe HTTP/1.1" 200 34
186.82.78.180 - - [20/Nov/2014:06:44:19 -0500] "POST /forms/lservlet;jsessionid=ac16012b30d510a5762270614c3caa319e9948876b57.e3iSbxaKaheRe34Sa3yKbhiTahb0n6jAmljGr5XDqQLvpAe HTTP/1.1" 200 7
186.82.78.180 - - [20/Nov/2014:06:44:20 -0500] "POST /forms/lservlet;jsessionid=ac16012b30d510a5762270614c3caa319e9948876b57.e3iSbxaKaheRe34Sa3yKbhiTahb0n6jAmljGr5XDqQLvpAe HTTP/1.1" 200 12
186.82.78.180 - - [20/Nov/2014:06:44:21 -0500] "POST /forms/lservlet;jsessionid=ac16012b30d510a5762270614c3caa319e9948876b57.e3iSbxaKaheRe34Sa3yKbhiTahb0n6jAmljGr5XDqQLvpAe HTTP/1.1" 200 7
186.82.78.180 - - [20/Nov/2014:06:44:26 -0500] "POST /forms/lservlet;jsessionid=ac16012b30d510a5762270614c3caa319e9948876b57.e3iSbxaKaheRe34Sa3yKbhiTahb0n6jAmljGr5XDqQLvpAe HTTP/1.1" 200 24
186.82.78.180 - - [20/Nov/2014:06:44:26 -0500] "POST /forms/lservlet;jsessionid=ac16012b30d510a5762270614c3caa319e9948876b57.e3iSbxaKaheRe34Sa3yKbhiTahb0n6jAmljGr5XDqQLvpAe HTTP/1.1" 200 91
186.82.78.180 - - [20/Nov/2014:06:44:27 -0500] "POST /forms/lservlet;jsessionid=ac16012b30d510a5762270614c3caa319e9948876b57.e3iSbxaKaheRe34Sa3yKbhiTahb0n6jAmljGr5XDqQLvpAe HTTP/1.1" 200 51
190.84.155.46 - - [20/Nov/2014:06:44:27 -0500] "POST /Report2/parameter HTTP/1.1" 200 6657
186.82.78.180 - - [20/Nov/2014:06:44:27 -0500] "POST /forms/lservlet;jsessionid=ac16012b30d510a5762270614c3caa319e9948876b57.e3iSbxaKaheRe34Sa3yKbhiTahb0n6jAmljGr5XDqQLvpAe HTTP/1.1" 200 12
190.84.155.46 - - [20/Nov/2014:06:44:27 -0500] "GET /Report2/parameter?action=runReportMDX&json=true&listdep=informe&id_rpt=17&param_nit=208 HTTP/1.1" 200 575
190.84.155.46 - - [20/Nov/2014:06:44:27 -0500] "GET /Report2/parameter?action=runReportMDX&json=true&listdep=FecBal&id_rpt=17&param_informe=19&param_nit=208 HTTP/1.1" 200 44
190.84.155.46 - - [20/Nov/2014:06:44:28 -0500] "GET /Report2/parameter?action=runReportMDX&json=true&listdep=formato&id_rpt=17&param_informe=19&param_nit=208&param_FecBal=2014-06-30 HTTP/1.1" 200 211
186.82.78.180 - - [20/Nov/2014:06:44:28 -0500] "POST /forms/lservlet;jsessionid=ac16012b30d510a5762270614c3caa319e9948876b57.e3iSbxaKaheRe34Sa3yKbhiTahb0n6jAmljGr5XDqQLvpAe HTTP/1.1" 200 2
190.84.155.46 - - [20/Nov/2014:06:44:31 -0500] "GET /Report2/parameter?action=runReportMDX&json=true&listdep=FecBal&id_rpt=17&param_informe=16&param_nit=208 HTTP/1.1" 200 44
186.82.78.180 - - [20/Nov/2014:06:44:32 -0500] "POST /forms/lservlet;jsessionid=ac16012b30d510a5762270614c3caa319e9948876b57.e3iSbxaKaheRe34Sa3yKbhiTahb0n6jAmljGr5XDqQLvpAe HTTP/1.1" 200 41
186.82.78.180 - - [20/Nov/2014:06:44:32 -0500] "POST /forms/lservlet;jsessionid=ac16012b30d510a5762270614c3caa319e9948876b57.e3iSbxaKaheRe34Sa3yKbhiTahb0n6jAmljGr5XDqQLvpAe HTTP/1.1" 200 26
190.84.155.46 - - [20/Nov/2014:06:44:33 -0500] "GET /Report2/parameter?action=runReportMDX&json=true&listdep=formato&id_rpt=17&param_informe=16&param_nit=208&param_FecBal=2013-12-31 HTTP/1.1" 200 62
186.82.78.180 - - [20/Nov/2014:06:44:34 -0500] "POST /forms/lservlet;jsessionid=ac16012b30d510a5762270614c3caa319e9948876b57.e3iSbxaKaheRe34Sa3yKbhiTahb0n6jAmljGr5XDqQLvpAe HTTP/1.1" 200 56
190.84.155.46 - - [20/Nov/2014:06:44:35 -0500] "POST /Report2/rptManage.jsp?migracion=111 HTTP/1.1" 200 618
190.84.155.46 - - [20/Nov/2014:06:44:35 -0500] "GET /Report2/loading.jsp?migracion=111&id_rpt=17&currentTab=tab_31331&rnd=0.7938368610120201 HTTP/1.1" 200 2710
186.82.78.180 - - [20/Nov/2014:06:44:35 -0500] "POST /forms/lservlet;jsessionid=ac16012b30d510a5762270614c3caa319e9948876b57.e3iSbxaKaheRe34Sa3yKbhiTahb0n6jAmljGr5XDqQLvpAe HTTP/1.1" 200 14
190.84.155.46 - - [20/Nov/2014:06:44:35 -0500] "GET /Report2/rpt.jsp?migracion=111&id_rpt=17&currentTab=tab_31331&rnd=0.9299173383122338 HTTP/1.1" 200 13598
190.84.155.46 - - [20/Nov/2014:06:44:35 -0500] "GET /Report2/serviceListados.jsp?queryId=rpt/infxidC&informe=16&a=0.6444118884392083 HTTP/1.1" 200 132
190.84.155.46 - - [20/Nov/2014:06:44:35 -0500] "POST /Report2/infReportada.jsp?rdmMapa=741071 HTTP/1.1" 200 29171
186.82.78.180 - - [20/Nov/2014:06:44:35 -0500] "POST /forms/lservlet;jsessionid=ac16012b30d510a5762270614c3caa319e9948876b57.e3iSbxaKaheRe34Sa3yKbhiTahb0n6jAmljGr5XDqQLvpAe HTTP/1.1" 200 10
190.84.155.46 - - [20/Nov/2014:06:44:36 -0500] "GET /Report2/parameter?action=parametersReportMDX&id_rpt=17&currentTab=tab_presentacion HTTP/1.1" 200 6578
186.82.78.180 - - [20/Nov/2014:06:44:36 -0500] "POST /forms/lservlet;jsessionid=ac16012b30d510a5762270614c3caa319e9948876b57.e3iSbxaKaheRe34Sa3yKbhiTahb0n6jAmljGr5XDqQLvpAe HTTP/1.1" 200 2
186.82.78.180 - - [20/Nov/2014:06:44:37 -0500] "POST /forms/lservlet;jsessionid=ac16012b30d510a5762270614c3caa319e9948876b57.e3iSbxaKaheRe34Sa3yKbhiTahb0n6jAmljGr5XDqQLvpAe HTTP/1.1" 200 34
186.82.78.180 - - [20/Nov/2014:06:44:37 -0500] "POST /forms/lservlet;jsessionid=ac16012b30d510a5762270614c3caa319e9948876b57.e3iSbxaKaheRe34Sa3yKbhiTahb0n6jAmljGr5XDqQLvpAe HTTP/1.1" 200 7
180.76.5.22 - - [20/Nov/2014:06:44:38 -0500] "GET /BLA/resoluciones/RESOLUCIONES%202007/RES%202007%20801%20AL%20900/RESOLUCION%200861%20DE%202007.pdf HTTP/1.1" 200 1215303
186.82.78.180 - - [20/Nov/2014:06:44:39 -0500] "POST /forms/lservlet;jsessionid=ac16012b30d510a5762270614c3caa319e9948876b57.e3iSbxaKaheRe34Sa3yKbhiTahb0n6jAmljGr5XDqQLvpAe HTTP/1.1" 200 2
186.82.78.180 - - [20/Nov/2014:06:44:39 -0500] "POST /forms/lservlet;jsessionid=ac16012b30d510a5762270614c3caa319e9948876b57.e3iSbxaKaheRe34Sa3yKbhiTahb0n6jAmljGr5XDqQLvpAe HTTP/1.1" 200 34
186.82.78.180 - - [20/Nov/2014:06:44:39 -0500] "POST /forms/lservlet;jsessionid=ac16012b30d510a5762270614c3caa319e9948876b57.e3iSbxaKaheRe34Sa3yKbhiTahb0n6jAmljGr5XDqQLvpAe HTTP/1.1" 200 7
186.82.78.180 - - [20/Nov/2014:06:44:43 -0500] "POST /forms/lservlet;jsessionid=ac16012b30d510a5762270614c3caa319e9948876b57.e3iSbxaKaheRe34Sa3yKbhiTahb0n6jAmljGr5XDqQLvpAe HTTP/1.1" 200 19
186.82.78.180 - - [20/Nov/2014:06:44:43 -0500] "POST /forms/lservlet;jsessionid=ac16012b30d510a5762270614c3caa319e9948876b57.e3iSbxaKaheRe34Sa3yKbhiTahb0n6jAmljGr5XDqQLvpAe HTTP/1.1" 200 8
186.82.78.180 - - [20/Nov/2014:06:44:43 -0500] "POST /forms/lservlet;jsessionid=ac16012b30d510a5762270614c3caa319e9948876b57.e3iSbxaKaheRe34Sa3yKbhiTahb0n6jAmljGr5XDqQLvpAe HTTP/1.1" 200 2
190.84.155.46 - - [20/Nov/2014:06:44:45 -0500] "POST /Report2/parameter?action=runReportMDX&json=true&listdep=nit&id_rpt=17&param_partNomauto=2 HTTP/1.1" 200 567
190.84.155.46 - - [20/Nov/2014:06:44:46 -0500] "POST /Report2/parameter?action=runReportMDX&json=true&listdep=nit&id_rpt=17&param_partNomauto=20 HTTP/1.1" 200 648
190.84.155.46 - - [20/Nov/2014:06:44:46 -0500] "POST /Report2/parameter?action=runReportMDX&json=true&listdep=nit&id_rpt=17&param_partNomauto=208 HTTP/1.1" 200 49
190.84.155.46 - - [20/Nov/2014:06:44:48 -0500] "GET /Report2/parameter?action=runReportMDX&json=true&listdep=informe&id_rpt=17&param_nit=208 HTTP/1.1" 200 575
190.84.155.46 - - [20/Nov/2014:06:44:51 -0500] "GET /Report2/parameter?action=runReportMDX&json=true&listdep=FecBal&id_rpt=17&param_informe=18&param_nit=208 HTTP/1.1" 200 44
190.84.155.46 - - [20/Nov/2014:06:44:52 -0500] "GET /Report2/parameter?action=runReportMDX&json=true&listdep=formato&id_rpt=17&param_informe=18&param_nit=208&param_FecBal=2014-06-30 HTTP/1.1" 200 55
190.84.155.46 - - [20/Nov/2014:06:44:55 -0500] "POST /Report2/rptManage.jsp?migracion=111 HTTP/1.1" 200 620
190.84.155.46 - - [20/Nov/2014:06:44:55 -0500] "GET /Report2/loading.jsp?migracion=111&id_rpt=17&currentTab=tab_35997&rnd=0.11751861710470413 HTTP/1.1" 200 2703
190.84.155.46 - - [20/Nov/2014:06:44:55 -0500] "GET /Report2/rpt.jsp?migracion=111&id_rpt=17&currentTab=tab_35997&rnd=0.08110390411043755 HTTP/1.1" 200 13575
190.84.155.46 - - [20/Nov/2014:06:44:55 -0500] "POST /Report2/infReportada.jsp?rdmMapa=667862 HTTP/1.1" 200 35695
190.84.155.46 - - [20/Nov/2014:06:44:55 -0500] "GET /Report2/serviceListados.jsp?queryId=rpt/infxidC&informe=18&a=0.4847622106317431 HTTP/1.1" 200 234
190.84.155.46 - - [20/Nov/2014:06:44:55 -0500] "GET /Report2/serviceListados.jsp?queryId=rpt/entidadxidC&nit=208&a=0.041920172050595284 HTTP/1.1" 200 224
186.82.78.180 - - [20/Nov/2014:06:45:03 -0500] "POST /forms/lservlet;jsessionid=ac16012b30d510a5762270614c3caa319e9948876b57.e3iSbxaKaheRe34Sa3yKbhiTahb0n6jAmljGr5XDqQLvpAe HTTP/1.1" 200 24
186.82.78.180 - - [20/Nov/2014:06:45:04 -0500] "POST /forms/lservlet;jsessionid=ac16012b30d510a5762270614c3caa319e9948876b57.e3iSbxaKaheRe34Sa3yKbhiTahb0n6jAmljGr5XDqQLvpAe HTTP/1.1" 200 3902
186.82.78.180 - - [20/Nov/2014:06:45:05 -0500] "POST /forms/lservlet;jsessionid=ac16012b30d510a5762270614c3caa319e9948876b57.e3iSbxaKaheRe34Sa3yKbhiTahb0n6jAmljGr5XDqQLvpAe HTTP/1.1" 200 20
190.25.157.12 - - [20/Nov/2014:06:45:06 -0500] "POST /forms/lservlet;jsessionid=ac16012b30d5ec989a1b0aa149e3b822aec0fd0995e5.e3iSbxaKaheRe34Sa3yKbhiTahb0n6jAmljGr5XDqQLvpAe HTTP/1.1" 200 2
186.82.78.180 - - [20/Nov/2014:06:45:09 -0500] "POST /forms/lservlet;jsessionid=ac16012b30d510a5762270614c3caa319e9948876b57.e3iSbxaKaheRe34Sa3yKbhiTahb0n6jAmljGr5XDqQLvpAe HTTP/1.1" 200 2
186.82.78.180 - - [20/Nov/2014:06:45:10 -0500] "POST /forms/lservlet;jsessionid=ac16012b30d510a5762270614c3caa319e9948876b57.e3iSbxaKaheRe34Sa3yKbhiTahb0n6jAmljGr5XDqQLvpAe HTTP/1.1" 200 2154
186.82.78.180 - - [20/Nov/2014:06:45:10 -0500] "POST /forms/lservlet;jsessionid=ac16012b30d510a5762270614c3caa319e9948876b57.e3iSbxaKaheRe34Sa3yKbhiTahb0n6jAmljGr5XDqQLvpAe HTTP/1.1" 200 10
186.82.78.180 - - [20/Nov/2014:06:45:11 -0500] "POST /forms/lservlet;jsessionid=ac16012b30d510a5762270614c3caa319e9948876b57.e3iSbxaKaheRe34Sa3yKbhiTahb0n6jAmljGr5XDqQLvpAe HTTP/1.1" 200 2
186.82.78.180 - - [20/Nov/2014:06:45:12 -0500] "POST /forms/lservlet;jsessionid=ac16012b30d510a5762270614c3caa319e9948876b57.e3iSbxaKaheRe34Sa3yKbhiTahb0n6jAmljGr5XDqQLvpAe HTTP/1.1" 200 2935
186.82.78.180 - - [20/Nov/2014:06:45:12 -0500] "POST /forms/lservlet;jsessionid=ac16012b30d510a5762270614c3caa319e9948876b57.e3iSbxaKaheRe34Sa3yKbhiTahb0n6jAmljGr5XDqQLvpAe HTTP/1.1" 200 2
186.82.78.180 - - [20/Nov/2014:06:45:13 -0500] "POST /forms/lservlet;jsessionid=ac16012b30d510a5762270614c3caa319e9948876b57.e3iSbxaKaheRe34Sa3yKbhiTahb0n6jAmljGr5XDqQLvpAe HTTP/1.1" 200 2
186.82.78.180 - - [20/Nov/2014:06:45:13 -0500] "POST /forms/lservlet;jsessionid=ac16012b30d510a5762270614c3caa319e9948876b57.e3iSbxaKaheRe34Sa3yKbhiTahb0n6jAmljGr5XDqQLvpAe HTTP/1.1" 200 36
186.82.78.180 - - [20/Nov/2014:06:45:13 -0500] "POST /forms/lservlet;jsessionid=ac16012b30d510a5762270614c3caa319e9948876b57.e3iSbxaKaheRe34Sa3yKbhiTahb0n6jAmljGr5XDqQLvpAe HTTP/1.1" 200 2
186.82.78.180 - - [20/Nov/2014:06:45:16 -0500] "POST /forms/lservlet;jsessionid=ac16012b30d510a5762270614c3caa319e9948876b57.e3iSbxaKaheRe34Sa3yKbhiTahb0n6jAmljGr5XDqQLvpAe HTTP/1.1" 200 2
186.82.78.180 - - [20/Nov/2014:06:45:16 -0500] "POST /forms/lservlet;jsessionid=ac16012b30d510a5762270614c3caa319e9948876b57.e3iSbxaKaheRe34Sa3yKbhiTahb0n6jAmljGr5XDqQLvpAe HTTP/1.1" 200 2407
186.82.78.180 - - [20/Nov/2014:06:45:17 -0500] "POST /forms/lservlet;jsessionid=ac16012b30d510a5762270614c3caa319e9948876b57.e3iSbxaKaheRe34Sa3yKbhiTahb0n6jAmljGr5XDqQLvpAe HTTP/1.1" 200 10
186.82.78.180 - - [20/Nov/2014:06:45:18 -0500] "POST /forms/lservlet;jsessionid=ac16012b30d510a5762270614c3caa319e9948876b57.e3iSbxaKaheRe34Sa3yKbhiTahb0n6jAmljGr5XDqQLvpAe HTTP/1.1" 200 2
186.82.78.180 - - [20/Nov/2014:06:45:18 -0500] "POST /forms/lservlet;jsessionid=ac16012b30d510a5762270614c3caa319e9948876b57.e3iSbxaKaheRe34Sa3yKbhiTahb0n6jAmljGr5XDqQLvpAe HTTP/1.1" 200 239
186.82.78.180 - - [20/Nov/2014:06:45:18 -0500] "POST /forms/lservlet;jsessionid=ac16012b30d510a5762270614c3caa319e9948876b57.e3iSbxaKaheRe34Sa3yKbhiTahb0n6jAmljGr5XDqQLvpAe HTTP/1.1" 200 44
186.82.78.180 - - [20/Nov/2014:06:45:19 -0500] "POST /forms/lservlet;jsessionid=ac16012b30d510a5762270614c3caa319e9948876b57.e3iSbxaKaheRe34Sa3yKbhiTahb0n6jAmljGr5XDqQLvpAe HTTP/1.1" 200 15
186.82.78.180 - - [20/Nov/2014:06:45:20 -0500] "POST /forms/lservlet;jsessionid=ac16012b30d510a5762270614c3caa319e9948876b57.e3iSbxaKaheRe34Sa3yKbhiTahb0n6jAmljGr5XDqQLvpAe HTTP/1.1" 200 2
186.82.78.180 - - [20/Nov/2014:06:45:22 -0500] "POST /forms/lservlet;jsessionid=ac16012b30d510a5762270614c3caa319e9948876b57.e3iSbxaKaheRe34Sa3yKbhiTahb0n6jAmljGr5XDqQLvpAe HTTP/1.1" 200 66
186.82.78.180 - - [20/Nov/2014:06:45:23 -0500] "POST /forms/lservlet;jsessionid=ac16012b30d510a5762270614c3caa319e9948876b57.e3iSbxaKaheRe34Sa3yKbhiTahb0n6jAmljGr5XDqQLvpAe HTTP/1.1" 200 26
186.82.78.180 - - [20/Nov/2014:06:45:24 -0500] "POST /forms/lservlet;jsessionid=ac16012b30d510a5762270614c3caa319e9948876b57.e3iSbxaKaheRe34Sa3yKbhiTahb0n6jAmljGr5XDqQLvpAe HTTP/1.1" 200 56
186.82.78.180 - - [20/Nov/2014:06:45:25 -0500] "POST /forms/lservlet;jsessionid=ac16012b30d510a5762270614c3caa319e9948876b57.e3iSbxaKaheRe34Sa3yKbhiTahb0n6jAmljGr5XDqQLvpAe HTTP/1.1" 200 18
186.82.78.180 - - [20/Nov/2014:06:45:25 -0500] "POST /forms/lservlet;jsessionid=ac16012b30d510a5762270614c3caa319e9948876b57.e3iSbxaKaheRe34Sa3yKbhiTahb0n6jAmljGr5XDqQLvpAe HTTP/1.1" 200 8
186.82.78.180 - - [20/Nov/2014:06:45:25 -0500] "POST /forms/lservlet;jsessionid=ac16012b30d510a5762270614c3caa319e9948876b57.e3iSbxaKaheRe34Sa3yKbhiTahb0n6jAmljGr5XDqQLvpAe HTTP/1.1" 200 2
186.82.78.180 - - [20/Nov/2014:06:45:34 -0500] "POST /forms/lservlet;jsessionid=ac16012b30d510a5762270614c3caa319e9948876b57.e3iSbxaKaheRe34Sa3yKbhiTahb0n6jAmljGr5XDqQLvpAe HTTP/1.1" 200 24
186.82.78.180 - - [20/Nov/2014:06:45:34 -0500] "POST /forms/lservlet;jsessionid=ac16012b30d510a5762270614c3caa319e9948876b57.e3iSbxaKaheRe34Sa3yKbhiTahb0n6jAmljGr5XDqQLvpAe HTTP/1.1" 200 592
186.82.78.180 - - [20/Nov/2014:06:45:35 -0500] "POST /forms/lservlet;jsessionid=ac16012b30d510a5762270614c3caa319e9948876b57.e3iSbxaKaheRe34Sa3yKbhiTahb0n6jAmljGr5XDqQLvpAe HTTP/1.1" 200 20
190.25.157.12 - - [20/Nov/2014:06:45:35 -0500] "POST /forms/lservlet;jsessionid=ac16012b30d5ec989a1b0aa149e3b822aec0fd0995e5.e3iSbxaKaheRe34Sa3yKbhiTahb0n6jAmljGr5XDqQLvpAe HTTP/1.1" 200 2
190.25.157.12 - - [20/Nov/2014:06:45:35 -0500] "POST /forms/lservlet;jsessionid=ac16012b30d5ec989a1b0aa149e3b822aec0fd0995e5.e3iSbxaKaheRe34Sa3yKbhiTahb0n6jAmljGr5XDqQLvpAe HTTP/1.1" 200 2494
190.25.157.12 - - [20/Nov/2014:06:45:35 -0500] "POST /forms/lservlet;jsessionid=ac16012b30d5ec989a1b0aa149e3b822aec0fd0995e5.e3iSbxaKaheRe34Sa3yKbhiTahb0n6jAmljGr5XDqQLvpAe HTTP/1.1" 200 15
186.82.78.180 - - [20/Nov/2014:06:45:38 -0500] "POST /forms/lservlet;jsessionid=ac16012b30d510a5762270614c3caa319e9948876b57.e3iSbxaKaheRe34Sa3yKbhiTahb0n6jAmljGr5XDqQLvpAe HTTP/1.1" 200 2
186.82.78.180 - - [20/Nov/2014:06:45:38 -0500] "POST /forms/lservlet;jsessionid=ac16012b30d510a5762270614c3caa319e9948876b57.e3iSbxaKaheRe34Sa3yKbhiTahb0n6jAmljGr5XDqQLvpAe HTTP/1.1" 200 472
186.82.78.180 - - [20/Nov/2014:06:45:38 -0500] "POST /forms/lservlet;jsessionid=ac16012b30d510a5762270614c3caa319e9948876b57.e3iSbxaKaheRe34Sa3yKbhiTahb0n6jAmljGr5XDqQLvpAe HTTP/1.1" 200 10
186.82.78.180 - - [20/Nov/2014:06:45:39 -0500] "POST /forms/lservlet;jsessionid=ac16012b30d510a5762270614c3caa319e9948876b57.e3iSbxaKaheRe34Sa3yKbhiTahb0n6jAmljGr5XDqQLvpAe HTTP/1.1" 200 19
186.82.78.180 - - [20/Nov/2014:06:45:39 -0500] "POST /forms/lservlet;jsessionid=ac16012b30d510a5762270614c3caa319e9948876b57.e3iSbxaKaheRe34Sa3yKbhiTahb0n6jAmljGr5XDqQLvpAe HTTP/1.1" 200 8
186.82.78.180 - - [20/Nov/2014:06:45:40 -0500] "POST /forms/lservlet;jsessionid=ac16012b30d510a5762270614c3caa319e9948876b57.e3iSbxaKaheRe34Sa3yKbhiTahb0n6jAmljGr5XDqQLvpAe HTTP/1.1" 200 2
190.25.157.12 - - [20/Nov/2014:06:45:43 -0500] "POST /forms/lservlet;jsessionid=ac16012b30d5ec989a1b0aa149e3b822aec0fd0995e5.e3iSbxaKaheRe34Sa3yKbhiTahb0n6jAmljGr5XDqQLvpAe HTTP/1.1" 200 24
190.25.157.12 - - [20/Nov/2014:06:45:43 -0500] "POST /forms/lservlet;jsessionid=ac16012b30d5ec989a1b0aa149e3b822aec0fd0995e5.e3iSbxaKaheRe34Sa3yKbhiTahb0n6jAmljGr5XDqQLvpAe HTTP/1.1" 200 4431
190.25.157.12 - - [20/Nov/2014:06:45:44 -0500] "POST /forms/lservlet;jsessionid=ac16012b30d5ec989a1b0aa149e3b822aec0fd0995e5.e3iSbxaKaheRe34Sa3yKbhiTahb0n6jAmljGr5XDqQLvpAe HTTP/1.1" 200 2
190.25.157.12 - - [20/Nov/2014:06:45:45 -0500] "POST /forms/lservlet;jsessionid=ac16012b30d5ec989a1b0aa149e3b822aec0fd0995e5.e3iSbxaKaheRe34Sa3yKbhiTahb0n6jAmljGr5XDqQLvpAe HTTP/1.1" 200 2
190.25.157.12 - - [20/Nov/2014:06:45:46 -0500] "POST /forms/lservlet;jsessionid=ac16012b30d5ec989a1b0aa149e3b822aec0fd0995e5.e3iSbxaKaheRe34Sa3yKbhiTahb0n6jAmljGr5XDqQLvpAe HTTP/1.1" 200 14
190.25.157.12 - - [20/Nov/2014:06:45:47 -0500] "POST /forms/lservlet;jsessionid=ac16012b30d5ec989a1b0aa149e3b822aec0fd0995e5.e3iSbxaKaheRe34Sa3yKbhiTahb0n6jAmljGr5XDqQLvpAe HTTP/1.1" 200 14
190.25.157.12 - - [20/Nov/2014:06:45:48 -0500] "POST /forms/lservlet;jsessionid=ac16012b30d5ec989a1b0aa149e3b822aec0fd0995e5.e3iSbxaKaheRe34Sa3yKbhiTahb0n6jAmljGr5XDqQLvpAe HTTP/1.1" 200 14
190.25.157.12 - - [20/Nov/2014:06:45:49 -0500] "POST /forms/lservlet;jsessionid=ac16012b30d5ec989a1b0aa149e3b822aec0fd0995e5.e3iSbxaKaheRe34Sa3yKbhiTahb0n6jAmljGr5XDqQLvpAe HTTP/1.1" 200 112
190.25.157.12 - - [20/Nov/2014:06:45:50 -0500] "POST /forms/lservlet;jsessionid=ac16012b30d5ec989a1b0aa149e3b822aec0fd0995e5.e3iSbxaKaheRe34Sa3yKbhiTahb0n6jAmljGr5XDqQLvpAe HTTP/1.1" 200 2
186.82.78.180 - - [20/Nov/2014:06:45:52 -0500] "POST /forms/lservlet;jsessionid=ac16012b30d510a5762270614c3caa319e9948876b57.e3iSbxaKaheRe34Sa3yKbhiTahb0n6jAmljGr5XDqQLvpAe HTTP/1.1" 200 24
190.25.157.12 - - [20/Nov/2014:06:45:50 -0500] "GET /reports/rwservlet/getjobid333667?server=rep_srvapsda HTTP/1.1" 200 3316103
186.82.78.180 - - [20/Nov/2014:06:45:53 -0500] "POST /forms/lservlet;jsessionid=ac16012b30d510a5762270614c3caa319e9948876b57.e3iSbxaKaheRe34Sa3yKbhiTahb0n6jAmljGr5XDqQLvpAe HTTP/1.1" 200 4100
186.82.78.180 - - [20/Nov/2014:06:45:54 -0500] "POST /forms/lservlet;jsessionid=ac16012b30d510a5762270614c3caa319e9948876b57.e3iSbxaKaheRe34Sa3yKbhiTahb0n6jAmljGr5XDqQLvpAe HTTP/1.1" 200 20
186.82.78.180 - - [20/Nov/2014:06:46:02 -0500] "POST /forms/lservlet;jsessionid=ac16012b30d510a5762270614c3caa319e9948876b57.e3iSbxaKaheRe34Sa3yKbhiTahb0n6jAmljGr5XDqQLvpAe HTTP/1.1" 200 2
186.82.78.180 - - [20/Nov/2014:06:46:02 -0500] "POST /forms/lservlet;jsessionid=ac16012b30d510a5762270614c3caa319e9948876b57.e3iSbxaKaheRe34Sa3yKbhiTahb0n6jAmljGr5XDqQLvpAe HTTP/1.1" 200 2227
186.82.78.180 - - [20/Nov/2014:06:46:03 -0500] "POST /forms/lservlet;jsessionid=ac16012b30d510a5762270614c3caa319e9948876b57.e3iSbxaKaheRe34Sa3yKbhiTahb0n6jAmljGr5XDqQLvpAe HTTP/1.1" 200 2
186.82.78.180 - - [20/Nov/2014:06:46:06 -0500] "POST /forms/lservlet;jsessionid=ac16012b30d510a5762270614c3caa319e9948876b57.e3iSbxaKaheRe34Sa3yKbhiTahb0n6jAmljGr5XDqQLvpAe HTTP/1.1" 200 2
188.165.15.60 - - [20/Nov/2014:06:46:07 -0500] "GET /BLA/resoluciones/RESOLUCIONES%202003/RES%202003%201601-1650/20031626.tif HTTP/1.1" 200 86502
186.82.78.180 - - [20/Nov/2014:06:46:06 -0500] "POST /forms/lservlet;jsessionid=ac16012b30d510a5762270614c3caa319e9948876b57.e3iSbxaKaheRe34Sa3yKbhiTahb0n6jAmljGr5XDqQLvpAe HTTP/1.1" 200 2488
186.82.78.180 - - [20/Nov/2014:06:46:07 -0500] "POST /forms/lservlet;jsessionid=ac16012b30d510a5762270614c3caa319e9948876b57.e3iSbxaKaheRe34Sa3yKbhiTahb0n6jAmljGr5XDqQLvpAe HTTP/1.1" 200 2
186.82.78.180 - - [20/Nov/2014:06:46:09 -0500] "POST /forms/lservlet;jsessionid=ac16012b30d510a5762270614c3caa319e9948876b57.e3iSbxaKaheRe34Sa3yKbhiTahb0n6jAmljGr5XDqQLvpAe HTTP/1.1" 200 2
186.82.78.180 - - [20/Nov/2014:06:46:09 -0500] "POST /forms/lservlet;jsessionid=ac16012b30d510a5762270614c3caa319e9948876b57.e3iSbxaKaheRe34Sa3yKbhiTahb0n6jAmljGr5XDqQLvpAe HTTP/1.1" 200 2266
186.82.78.180 - - [20/Nov/2014:06:46:09 -0500] "POST /forms/lservlet;jsessionid=ac16012b30d510a5762270614c3caa319e9948876b57.e3iSbxaKaheRe34Sa3yKbhiTahb0n6jAmljGr5XDqQLvpAe HTTP/1.1" 200 10
186.82.78.180 - - [20/Nov/2014:06:46:11 -0500] "POST /forms/lservlet;jsessionid=ac16012b30d510a5762270614c3caa319e9948876b57.e3iSbxaKaheRe34Sa3yKbhiTahb0n6jAmljGr5XDqQLvpAe HTTP/1.1" 200 2
186.82.78.180 - - [20/Nov/2014:06:46:11 -0500] "POST /forms/lservlet;jsessionid=ac16012b30d510a5762270614c3caa319e9948876b57.e3iSbxaKaheRe34Sa3yKbhiTahb0n6jAmljGr5XDqQLvpAe HTTP/1.1" 200 3331
186.82.78.180 - - [20/Nov/2014:06:46:12 -0500] "POST /forms/lservlet;jsessionid=ac16012b30d510a5762270614c3caa319e9948876b57.e3iSbxaKaheRe34Sa3yKbhiTahb0n6jAmljGr5XDqQLvpAe HTTP/1.1" 200 2
186.82.78.180 - - [20/Nov/2014:06:46:12 -0500] "POST /forms/lservlet;jsessionid=ac16012b30d510a5762270614c3caa319e9948876b57.e3iSbxaKaheRe34Sa3yKbhiTahb0n6jAmljGr5XDqQLvpAe HTTP/1.1" 200 2
186.82.78.180 - - [20/Nov/2014:06:46:12 -0500] "POST /forms/lservlet;jsessionid=ac16012b30d510a5762270614c3caa319e9948876b57.e3iSbxaKaheRe34Sa3yKbhiTahb0n6jAmljGr5XDqQLvpAe HTTP/1.1" 200 2466
186.82.78.180 - - [20/Nov/2014:06:46:13 -0500] "POST /forms/lservlet;jsessionid=ac16012b30d510a5762270614c3caa319e9948876b57.e3iSbxaKaheRe34Sa3yKbhiTahb0n6jAmljGr5XDqQLvpAe HTTP/1.1" 200 2
186.82.78.180 - - [20/Nov/2014:06:46:13 -0500] "POST /forms/lservlet;jsessionid=ac16012b30d510a5762270614c3caa319e9948876b57.e3iSbxaKaheRe34Sa3yKbhiTahb0n6jAmljGr5XDqQLvpAe HTTP/1.1" 200 2
186.82.78.180 - - [20/Nov/2014:06:46:14 -0500] "POST /forms/lservlet;jsessionid=ac16012b30d510a5762270614c3caa319e9948876b57.e3iSbxaKaheRe34Sa3yKbhiTahb0n6jAmljGr5XDqQLvpAe HTTP/1.1" 200 2407
186.82.78.180 - - [20/Nov/2014:06:46:14 -0500] "POST /forms/lservlet;jsessionid=ac16012b30d510a5762270614c3caa319e9948876b57.e3iSbxaKaheRe34Sa3yKbhiTahb0n6jAmljGr5XDqQLvpAe HTTP/1.1" 200 2
186.82.78.180 - - [20/Nov/2014:06:46:15 -0500] "POST /forms/lservlet;jsessionid=ac16012b30d510a5762270614c3caa319e9948876b57.e3iSbxaKaheRe34Sa3yKbhiTahb0n6jAmljGr5XDqQLvpAe HTTP/1.1" 200 2
186.82.78.180 - - [20/Nov/2014:06:46:15 -0500] "POST /forms/lservlet;jsessionid=ac16012b30d510a5762270614c3caa319e9948876b57.e3iSbxaKaheRe34Sa3yKbhiTahb0n6jAmljGr5XDqQLvpAe HTTP/1.1" 200 36
186.82.78.180 - - [20/Nov/2014:06:46:15 -0500] "POST /forms/lservlet;jsessionid=ac16012b30d510a5762270614c3caa319e9948876b57.e3iSbxaKaheRe34Sa3yKbhiTahb0n6jAmljGr5XDqQLvpAe HTTP/1.1" 200 2
186.82.78.180 - - [20/Nov/2014:06:46:19 -0500] "POST /forms/lservlet;jsessionid=ac16012b30d510a5762270614c3caa319e9948876b57.e3iSbxaKaheRe34Sa3yKbhiTahb0n6jAmljGr5XDqQLvpAe HTTP/1.1" 200 2
186.82.78.180 - - [20/Nov/2014:06:46:19 -0500] "POST /forms/lservlet;jsessionid=ac16012b30d510a5762270614c3caa319e9948876b57.e3iSbxaKaheRe34Sa3yKbhiTahb0n6jAmljGr5XDqQLvpAe HTTP/1.1" 200 2482
186.82.78.180 - - [20/Nov/2014:06:46:19 -0500] "POST /forms/lservlet;jsessionid=ac16012b30d510a5762270614c3caa319e9948876b57.e3iSbxaKaheRe34Sa3yKbhiTahb0n6jAmljGr5XDqQLvpAe HTTP/1.1" 200 10
186.82.78.180 - - [20/Nov/2014:06:46:20 -0500] "POST /forms/lservlet;jsessionid=ac16012b30d510a5762270614c3caa319e9948876b57.e3iSbxaKaheRe34Sa3yKbhiTahb0n6jAmljGr5XDqQLvpAe HTTP/1.1" 200 2
186.82.78.180 - - [20/Nov/2014:06:46:21 -0500] "POST /forms/lservlet;jsessionid=ac16012b30d510a5762270614c3caa319e9948876b57.e3iSbxaKaheRe34Sa3yKbhiTahb0n6jAmljGr5XDqQLvpAe HTTP/1.1" 200 239
190.25.157.12 - - [20/Nov/2014:06:47:06 -0500] "POST /forms/lservlet;jsessionid=ac16012b30d5ec989a1b0aa149e3b822aec0fd0995e5.e3iSbxaKaheRe34Sa3yKbhiTahb0n6jAmljGr5XDqQLvpAe HTTP/1.1" 200 2
186.82.78.180 - - [20/Nov/2014:06:47:18 -0500] "POST /forms/lservlet;jsessionid=ac16012b30d510a5762270614c3caa319e9948876b57.e3iSbxaKaheRe34Sa3yKbhiTahb0n6jAmljGr5XDqQLvpAe HTTP/1.1" 200 44
186.82.78.180 - - [20/Nov/2014:06:47:18 -0500] "POST /forms/lservlet;jsessionid=ac16012b30d510a5762270614c3caa319e9948876b57.e3iSbxaKaheRe34Sa3yKbhiTahb0n6jAmljGr5XDqQLvpAe HTTP/1.1" 200 -
66.249.69.79 - - [20/Nov/2014:06:47:29 -0500] "GET /dama/libreria/php/decide.php?patron=03.1305020113&numm=37 HTTP/1.1" 404 1019
74.86.158.107 - - [20/Nov/2014:06:47:34 -0500] "HEAD / HTTP/1.1" 302 -
186.82.78.180 - - [20/Nov/2014:06:47:35 -0500] "GET /forms/frmservlet?config=sia HTTP/1.0" 200 4022
186.82.78.180 - - [20/Nov/2014:06:47:40 -0500] "GET /forms/java/frmall_jinit.jar HTTP/1.1" 304 -
186.82.78.180 - - [20/Nov/2014:06:47:40 -0500] "GET /forms/java/icons.jar HTTP/1.1" 304 -
186.82.78.180 - - [20/Nov/2014:06:47:41 -0500] "GET /forms/java/java/awt/KeyboardFocusManager.class HTTP/1.0" 404 352
