186.84.50.43 - - [20/Nov/2014:07:51:55 -0500] "POST /forms/lservlet;jsessionid=ac16012b30d5d6ac356c63bc4b6d91b8cfdf1b1f36a5.e3iSbxaKaheRe34Sa3yKbhiTahb0n6jAmljGr5XDqQLvpAe HTTP/1.1" 200 2
186.84.50.43 - - [20/Nov/2014:07:51:55 -0500] "POST /forms/lservlet;jsessionid=ac16012b30d5d6ac356c63bc4b6d91b8cfdf1b1f36a5.e3iSbxaKaheRe34Sa3yKbhiTahb0n6jAmljGr5XDqQLvpAe HTTP/1.1" 200 2501
201.245.192.253 - - [20/Nov/2014:07:51:55 -0500] "GET /embed/8nzE_BqXVCs?%20rel=0 HTTP/1.1" 404 1275
201.245.192.253 - - [20/Nov/2014:07:51:55 -0500] "GET /embed/5JjKJC4PFUc?rel=0 HTTP/1.1" 404 1275
186.84.50.43 - - [20/Nov/2014:07:51:55 -0500] "POST /forms/lservlet;jsessionid=ac16012b30d5d6ac356c63bc4b6d91b8cfdf1b1f36a5.e3iSbxaKaheRe34Sa3yKbhiTahb0n6jAmljGr5XDqQLvpAe HTTP/1.1" 200 2
190.85.244.98 - - [20/Nov/2014:07:51:58 -0500] "GET /BLA/resoluciones/RESOLUCIONES%202007/RES%202007%202301%20AL%202400/RESOLUCION%202345%20DE%202007.pdf HTTP/1.1" 200 239096
190.85.244.98 - - [20/Nov/2014:07:51:58 -0500] "GET /BLA/resoluciones/RESOLUCIONES%202007/RES%202007%202301%20AL%202400/RESOLUCION%202345%20DE%202007.pdf HTTP/1.1" 200 239096
190.27.116.90 - - [20/Nov/2014:07:51:58 -0500] "GET /forest/skins/gdocs-jar/popup/popup.jsp?width=900&height=600&title=Informaci%F3n%20de%20proceso&uri=/forest/system/process.jsp%3FnumPro%3D2432087&name=undefined&_a=0.8385012283599682&a=0.47316856213814085 HTTP/1.1" 200 1312
190.85.244.98 - - [20/Nov/2014:07:51:59 -0500] "GET /favicon.ico HTTP/1.1" 200 7782
190.27.116.90 - - [20/Nov/2014:07:51:58 -0500] "GET /forest/system/process.jsp?numPro=2432087 HTTP/1.1" 200 19397
190.9.193.92 - - [20/Nov/2014:07:51:59 -0500] "GET /BLA/boletinlegal/js/jquery.js HTTP/1.1" 200 57254
190.9.193.92 - - [20/Nov/2014:07:51:59 -0500] "GET /galeria/carrusel/Carrusel/jquery.thumbnailScroller.css HTTP/1.1" 200 2066
190.9.193.92 - - [20/Nov/2014:07:51:59 -0500] "GET /BLA/boletinlegal/js/jquery.scrollShow.js HTTP/1.1" 200 4586
190.9.193.92 - - [20/Nov/2014:07:51:59 -0500] "GET /BLA/boletinlegal/js/jquery.scrollTo-min.js HTTP/1.1" 200 1150
190.9.193.92 - - [20/Nov/2014:07:51:59 -0500] "GET /galeria/carrusel/Carrusel/jquery-ui-1.8.13.custom.min.js HTTP/1.1" 200 10800
186.84.50.43 - - [20/Nov/2014:07:51:59 -0500] "POST /forms/lservlet;jsessionid=ac16012b30d5d6ac356c63bc4b6d91b8cfdf1b1f36a5.e3iSbxaKaheRe34Sa3yKbhiTahb0n6jAmljGr5XDqQLvpAe HTTP/1.1" 200 2
186.84.50.43 - - [20/Nov/2014:07:51:59 -0500] "POST /forms/lservlet;jsessionid=ac16012b30d5d6ac356c63bc4b6d91b8cfdf1b1f36a5.e3iSbxaKaheRe34Sa3yKbhiTahb0n6jAmljGr5XDqQLvpAe HTTP/1.1" 200 3560
186.84.50.43 - - [20/Nov/2014:07:52:00 -0500] "POST /forms/lservlet;jsessionid=ac16012b30d5d6ac356c63bc4b6d91b8cfdf1b1f36a5.e3iSbxaKaheRe34Sa3yKbhiTahb0n6jAmljGr5XDqQLvpAe HTTP/1.1" 200 2
190.9.193.92 - - [20/Nov/2014:07:52:00 -0500] "GET /galeria/carrusel/Carrusel/jquery.thumbnailScroller.js HTTP/1.1" 200 8157
186.84.50.43 - - [20/Nov/2014:07:52:01 -0500] "POST /forms/lservlet;jsessionid=ac16012b30d5d6ac356c63bc4b6d91b8cfdf1b1f36a5.e3iSbxaKaheRe34Sa3yKbhiTahb0n6jAmljGr5XDqQLvpAe HTTP/1.1" 200 2
186.84.50.43 - - [20/Nov/2014:07:52:01 -0500] "POST /forms/lservlet;jsessionid=ac16012b30d5d6ac356c63bc4b6d91b8cfdf1b1f36a5.e3iSbxaKaheRe34Sa3yKbhiTahb0n6jAmljGr5XDqQLvpAe HTTP/1.1" 200 2965
186.84.50.43 - - [20/Nov/2014:07:52:02 -0500] "POST /forms/lservlet;jsessionid=ac16012b30d5d6ac356c63bc4b6d91b8cfdf1b1f36a5.e3iSbxaKaheRe34Sa3yKbhiTahb0n6jAmljGr5XDqQLvpAe HTTP/1.1" 200 2
186.84.50.43 - - [20/Nov/2014:07:52:03 -0500] "POST /forms/lservlet;jsessionid=ac16012b30d5d6ac356c63bc4b6d91b8cfdf1b1f36a5.e3iSbxaKaheRe34Sa3yKbhiTahb0n6jAmljGr5XDqQLvpAe HTTP/1.1" 200 2
186.84.50.43 - - [20/Nov/2014:07:52:03 -0500] "POST /forms/lservlet;jsessionid=ac16012b30d5d6ac356c63bc4b6d91b8cfdf1b1f36a5.e3iSbxaKaheRe34Sa3yKbhiTahb0n6jAmljGr5XDqQLvpAe HTTP/1.1" 200 14
190.9.193.92 - - [20/Nov/2014:07:52:04 -0500] "GET /galeria/nivo-slider/demo/demo.html HTTP/1.1" 200 3674
186.84.50.43 - - [20/Nov/2014:07:52:04 -0500] "POST /forms/lservlet;jsessionid=ac16012b30d5d6ac356c63bc4b6d91b8cfdf1b1f36a5.e3iSbxaKaheRe34Sa3yKbhiTahb0n6jAmljGr5XDqQLvpAe HTTP/1.1" 200 14
186.84.50.43 - - [20/Nov/2014:07:52:05 -0500] "POST /forms/lservlet;jsessionid=ac16012b30d5d6ac356c63bc4b6d91b8cfdf1b1f36a5.e3iSbxaKaheRe34Sa3yKbhiTahb0n6jAmljGr5XDqQLvpAe HTTP/1.1" 200 14
186.84.50.43 - - [20/Nov/2014:07:52:06 -0500] "POST /forms/lservlet;jsessionid=ac16012b30d5d6ac356c63bc4b6d91b8cfdf1b1f36a5.e3iSbxaKaheRe34Sa3yKbhiTahb0n6jAmljGr5XDqQLvpAe HTTP/1.1" 200 14
186.84.50.43 - - [20/Nov/2014:07:52:08 -0500] "POST /forms/lservlet;jsessionid=ac16012b30d5d6ac356c63bc4b6d91b8cfdf1b1f36a5.e3iSbxaKaheRe34Sa3yKbhiTahb0n6jAmljGr5XDqQLvpAe HTTP/1.1" 200 3044
186.84.50.43 - - [20/Nov/2014:07:52:08 -0500] "POST /forms/lservlet;jsessionid=ac16012b30d5d6ac356c63bc4b6d91b8cfdf1b1f36a5.e3iSbxaKaheRe34Sa3yKbhiTahb0n6jAmljGr5XDqQLvpAe HTTP/1.1" 200 2
190.9.193.92 - - [20/Nov/2014:07:52:09 -0500] "GET /galeria/nivo-slider/themes/default/default.css HTTP/1.1" 200 1569
190.9.193.92 - - [20/Nov/2014:07:52:09 -0500] "GET /galeria/nivo-slider/themes/pascal/pascal.css HTTP/1.1" 200 2258
190.9.193.92 - - [20/Nov/2014:07:52:09 -0500] "GET /galeria/nivo-slider/themes/orman/orman.css HTTP/1.1" 200 2152
190.9.193.92 - - [20/Nov/2014:07:52:09 -0500] "GET /galeria/nivo-slider/nivo-slider.css HTTP/1.1" 200 1507
190.9.193.92 - - [20/Nov/2014:07:52:09 -0500] "GET /galeria/nivo-slider/demo/style.css HTTP/1.1" 200 2222
190.9.193.92 - - [20/Nov/2014:07:52:09 -0500] "GET /galeria/nivo-slider/demo/images/Biotaxis-Man.jpg HTTP/1.1" 200 99362
190.9.193.92 - - [20/Nov/2014:07:52:10 -0500] "GET /galeria/nivo-slider/demo/scripts/jquery-1.7.1.min.js HTTP/1.1" 200 93868
190.9.193.92 - - [20/Nov/2014:07:52:10 -0500] "GET /galeria/nivo-slider/jquery.nivo.slider.pack.js HTTP/1.1" 200 11561
190.9.193.92 - - [20/Nov/2014:07:52:10 -0500] "GET /galeria/nivo-slider/demo/images/ForoNacionalAmbiental.jpg HTTP/1.1" 200 202541
190.9.193.92 - - [20/Nov/2014:07:52:10 -0500] "GET /galeria/nivo-slider/demo/images/Banner-comparendo.jpg HTTP/1.1" 200 388762
190.9.193.92 - - [20/Nov/2014:07:52:11 -0500] "GET /galeria/nivo-slider/demo/images/Banner-Ecourbanismo.jpg HTTP/1.1" 200 189838
190.9.193.92 - - [20/Nov/2014:07:52:11 -0500] "GET /galeria/nivo-slider/demo/images/porloshumedales.jpg HTTP/1.1" 200 351238
201.245.192.253 - - [20/Nov/2014:07:52:11 -0500] "GET /plugins/like.php?action=like&app_id=172525162793917&channel=http%3A%2F%2Fstatic.ak.facebook.com%2Fconnect%2Fxd_arbiter%2F7r8gQb8MIqE.js%3Fversion%3D41%23cb%3Df14875ab7e1cfc9%26domain%3Dspanish.bogota.usembassy.gov%26origin%3Dhttp%253A%252F%252Fspanish.bogota.usembassy.gov%252Ff39965069d1234%26relation%3Dparent.parent&font=arial&href=http%3A%2F%2Fspanish.bogota.usembassy.gov%2Fvisaderes.html&layout=button_count&locale=es_LA&ref=.VG3ke__fevM.like&sdk=joey&send=false&show_faces=false&width=90 HTTP/1.1" 404 1304
190.9.193.92 - - [20/Nov/2014:07:52:11 -0500] "GET /galeria/nivo-slider/demo/images/banner-aceite3.jpg HTTP/1.1" 200 88347
190.9.193.92 - - [20/Nov/2014:07:52:12 -0500] "GET /galeria/nivo-slider/demo/images/Tingua-azul.jpg HTTP/1.1" 200 307638
186.84.50.43 - - [20/Nov/2014:07:52:14 -0500] "POST /forms/lservlet;jsessionid=ac16012b30d5d6ac356c63bc4b6d91b8cfdf1b1f36a5.e3iSbxaKaheRe34Sa3yKbhiTahb0n6jAmljGr5XDqQLvpAe HTTP/1.1" 200 2
190.9.193.92 - - [20/Nov/2014:07:52:16 -0500] "GET /galeria/nivo-slider/demo/images/Banner-Caracol-Africano.jpg HTTP/1.1" 200 331986
190.9.193.92 - - [20/Nov/2014:07:52:17 -0500] "GET /galeria/nivo-slider/demo/images/banner-redes.jpg HTTP/1.1" 200 62209
190.9.193.92 - - [20/Nov/2014:07:52:17 -0500] "GET /galeria/nivo-slider/demo/images/9Signos.jpg HTTP/1.1" 200 93040
190.9.193.92 - - [20/Nov/2014:07:52:19 -0500] "GET /galeria/nivo-slider/themes/default/loading.gif HTTP/1.1" 200 1737
190.9.193.92 - - [20/Nov/2014:07:52:19 -0500] "GET /galeria/nivo-slider/demo/images/4Simple_Slider.png HTTP/1.1" 200 11722
190.9.193.92 - - [20/Nov/2014:07:52:20 -0500] "GET /galeria/nivo-slider/demo/images/banner-caballos.png HTTP/1.1" 200 389106
190.9.193.92 - - [20/Nov/2014:07:52:20 -0500] "GET /galeria/nivo-slider/demo/images/Hacienda_Molinos.jpg HTTP/1.1" 200 319171
190.25.223.26 - - [20/Nov/2014:07:52:22 -0500] "GET /dama/libreria/jpg/sec_amb.jpg HTTP/1.1" 404 1019
190.25.223.26 - - [20/Nov/2014:07:52:22 -0500] "GET /dama/libreria/jpg/sec_amb.jpg HTTP/1.1" 404 1019
190.25.223.26 - - [20/Nov/2014:07:52:22 -0500] "GET /dama/libreria/jpg/sec_amb.jpg HTTP/1.1" 404 1019
190.25.223.26 - - [20/Nov/2014:07:52:22 -0500] "GET /dama/libreria/jpg/sec_amb.jpg HTTP/1.1" 404 1019
190.25.223.26 - - [20/Nov/2014:07:52:23 -0500] "GET /dama/libreria/jpg/sec_amb.jpg HTTP/1.1" 404 1019
190.25.223.26 - - [20/Nov/2014:07:52:23 -0500] "GET /dama/libreria/jpg/sec_amb.jpg HTTP/1.1" 404 1019
190.25.223.26 - - [20/Nov/2014:07:52:23 -0500] "GET /dama/libreria/jpg/sec_amb.jpg HTTP/1.1" 404 1019
190.25.223.26 - - [20/Nov/2014:07:52:23 -0500] "GET /dama/libreria/jpg/sec_amb.jpg HTTP/1.1" 404 1019
190.9.193.92 - - [20/Nov/2014:07:52:28 -0500] "GET /galeria/nivo-slider/demo/images/bannerEcolecta3.jpg HTTP/1.1" 200 280034
74.86.158.107 - - [20/Nov/2014:07:52:34 -0500] "HEAD / HTTP/1.1" 302 -
190.27.116.90 - - [20/Nov/2014:07:52:35 -0500] "GET /forest/css/escritorio.css?version=1411.041919 HTTP/1.1" 304 -
190.27.116.90 - - [20/Nov/2014:07:52:35 -0500] "GET /forest/css/autocomplete.css?version=1411.041919 HTTP/1.1" 304 -
190.27.116.90 - - [20/Nov/2014:07:52:35 -0500] "GET /forest/skins/gdocs-jar/css/tree.css?version=1411.041919 HTTP/1.1" 304 -
190.27.116.90 - - [20/Nov/2014:07:52:35 -0500] "GET /forest/js/load_func.js?version=1411.041919 HTTP/1.1" 304 -
190.27.116.90 - - [20/Nov/2014:07:52:35 -0500] "GET /forest/js/dialog.js?version=1411.041919 HTTP/1.1" 304 -
190.27.116.90 - - [20/Nov/2014:07:52:35 -0500] "GET /forest/js/sarissa.js?version=1411.041919 HTTP/1.1" 304 -
190.27.116.90 - - [20/Nov/2014:07:52:35 -0500] "GET /forest/js/escritorio/escritorio.js?version=1411.041919 HTTP/1.1" 304 -
190.27.116.90 - - [20/Nov/2014:07:52:35 -0500] "GET /forest/js/internJS.js?version=1411.041919 HTTP/1.1" 304 -
190.27.116.90 - - [20/Nov/2014:07:52:35 -0500] "GET /forest/js/autocompletar2.js?version=1411.041919 HTTP/1.1" 304 -
190.27.116.90 - - [20/Nov/2014:07:52:35 -0500] "GET /forest/1ibre/protoaculous.js?version=1411.041919 HTTP/1.1" 304 -
190.27.116.90 - - [20/Nov/2014:07:52:35 -0500] "GET /forest/1ibre/jscalendar/calendar.js?version=1411.041919 HTTP/1.1" 304 -
190.27.116.90 - - [20/Nov/2014:07:52:35 -0500] "GET /forest/1ibre/jscalendar/lang/calendar-es.js?version=1411.041919 HTTP/1.1" 304 -
190.27.116.90 - - [20/Nov/2014:07:52:35 -0500] "GET /forest/1ibre/jscalendar/calendar-setup.js?version=1411.041919 HTTP/1.1" 304 -
190.27.116.90 - - [20/Nov/2014:07:52:35 -0500] "GET /forest/1ibre/1ibre.js?version=1411.041919 HTTP/1.1" 304 -
190.27.116.90 - - [20/Nov/2014:07:52:35 -0500] "GET /forest/js/xml_utilities.js?version=1411.041919 HTTP/1.1" 304 -
190.27.116.90 - - [20/Nov/2014:07:52:35 -0500] "GET /forest/buscar.do HTTP/1.1" 200 97260
190.27.116.90 - - [20/Nov/2014:07:52:36 -0500] "GET /forest/json.do?query=usersByDep&coddep=7019 HTTP/1.1" 200 1531
190.27.116.90 - - [20/Nov/2014:07:52:36 -0500] "GET /forest/json.do?query=usersByDep&coddep=7019 HTTP/1.1" 200 1531
190.27.116.90 - - [20/Nov/2014:07:52:40 -0500] "POST /forest/buscar.do? HTTP/1.1" 200 6940
190.9.193.92 - - [20/Nov/2014:07:52:41 -0500] "GET /videos/Spot_CambioClimatico.flv HTTP/1.1" 200 4371917
181.135.172.80 - - [20/Nov/2014:07:52:41 -0500] "GET /forest/session.jsp?a=0.8690387075766921 HTTP/1.1" 200 4
190.27.116.90 - - [20/Nov/2014:07:52:41 -0500] "GET /forest/skins/gdocs-jar/popup/popup.jsp?width=850&height=380&title=Informaci%F3n%20del%20radicado&uri=/forest/system/document.jsp%3FcodDoc%3D1538845&name=undefined&_a=0.4554127173367727&a=0.08335946205200451 HTTP/1.1" 200 1315
190.27.116.90 - - [20/Nov/2014:07:52:42 -0500] "GET /forest/system/document.jsp?codDoc=1538845 HTTP/1.1" 200 13225
201.245.192.253 - - [20/Nov/2014:07:52:43 -0500] "GET /galeria/nivo-slider/demo/demo.html HTTP/1.1" 304 -
201.245.192.253 - - [20/Nov/2014:07:52:44 -0500] "GET /galeria/nivo-slider/demo/images/Biotaxis-Man.jpg HTTP/1.1" 304 -
201.245.192.253 - - [20/Nov/2014:07:52:44 -0500] "GET /galeria/nivo-slider/demo/images/ForoNacionalAmbiental.jpg HTTP/1.1" 304 -
201.245.192.253 - - [20/Nov/2014:07:52:44 -0500] "GET /galeria/nivo-slider/demo/images/Banner-comparendo.jpg HTTP/1.1" 304 -
201.245.192.253 - - [20/Nov/2014:07:52:44 -0500] "GET /galeria/nivo-slider/demo/images/Banner-Ecourbanismo.jpg HTTP/1.1" 304 -
190.84.155.46 - - [20/Nov/2014:07:52:44 -0500] "GET /Report2/parameter?action=parametersReportMDX&id_rpt=17&currentTab=tab_presentacion HTTP/1.1" 200 6578
201.245.192.253 - - [20/Nov/2014:07:52:45 -0500] "GET /isolucionsda/Session.asp HTTP/1.1" 200 205
190.84.155.46 - - [20/Nov/2014:07:52:47 -0500] "POST /Report2/parameter?action=runReportMDX&json=true&listdep=nit&id_rpt=17&param_partNomauto=2 HTTP/1.1" 200 567
190.84.155.46 - - [20/Nov/2014:07:52:47 -0500] "POST /Report2/parameter?action=runReportMDX&json=true&listdep=nit&id_rpt=17&param_partNomauto=265 HTTP/1.1" 200 73
190.27.116.90 - - [20/Nov/2014:07:52:48 -0500] "GET /forest/usudocumentos.do?p7z=1538845&a=0.7249682906079863&a=0.546612903575757 HTTP/1.1" 200 2582
190.84.155.46 - - [20/Nov/2014:07:52:48 -0500] "GET /Report2/parameter?action=runReportMDX&json=true&listdep=informe&id_rpt=17&param_nit=265 HTTP/1.1" 200 804
190.84.155.46 - - [20/Nov/2014:07:52:52 -0500] "GET /Report2/parameter?action=runReportMDX&json=true&listdep=FecBal&id_rpt=17&param_informe=16&param_nit=265 HTTP/1.1" 200 44
190.27.116.90 - - [20/Nov/2014:07:52:50 -0500] "GET /forest/documentos/1538845/2012EE114962.p7z:claro/Registro%20Vertimientos.doc HTTP/1.1" 200 286720
190.84.155.46 - - [20/Nov/2014:07:52:53 -0500] "GET /Report2/parameter?action=runReportMDX&json=true&listdep=formato&id_rpt=17&param_informe=16&param_nit=265&param_FecBal=2013-12-31 HTTP/1.1" 200 62
190.84.155.46 - - [20/Nov/2014:07:52:56 -0500] "POST /Report2/rptManage.jsp?migracion=111 HTTP/1.1" 200 620
186.84.50.43 - - [20/Nov/2014:07:52:56 -0500] "POST /forms/lservlet;jsessionid=ac16012b30d5d6ac356c63bc4b6d91b8cfdf1b1f36a5.e3iSbxaKaheRe34Sa3yKbhiTahb0n6jAmljGr5XDqQLvpAe HTTP/1.1" 200 2
190.84.155.46 - - [20/Nov/2014:07:52:56 -0500] "GET /Report2/loading.jsp?migracion=111&id_rpt=17&currentTab=tab_11438&rnd=0.47299029329678655 HTTP/1.1" 200 2734
190.84.155.46 - - [20/Nov/2014:07:52:56 -0500] "GET /Report2/rpt.jsp?migracion=111&id_rpt=17&currentTab=tab_11438&rnd=0.26087109851684254 HTTP/1.1" 200 13702
186.84.50.43 - - [20/Nov/2014:07:52:56 -0500] "POST /forms/lservlet;jsessionid=ac16012b30d5d6ac356c63bc4b6d91b8cfdf1b1f36a5.e3iSbxaKaheRe34Sa3yKbhiTahb0n6jAmljGr5XDqQLvpAe HTTP/1.1" 200 2859
186.84.50.43 - - [20/Nov/2014:07:52:56 -0500] "POST /forms/lservlet;jsessionid=ac16012b30d5d6ac356c63bc4b6d91b8cfdf1b1f36a5.e3iSbxaKaheRe34Sa3yKbhiTahb0n6jAmljGr5XDqQLvpAe HTTP/1.1" 200 2
190.84.155.46 - - [20/Nov/2014:07:52:56 -0500] "GET /Report2/serviceListados.jsp?queryId=rpt/infxidC&informe=16&a=0.20452341181226075 HTTP/1.1" 200 235
190.84.155.46 - - [20/Nov/2014:07:52:56 -0500] "GET /Report2/serviceListados.jsp?queryId=rpt/entidadxidC&nit=265&a=0.5375816996674985 HTTP/1.1" 200 247
190.84.155.46 - - [20/Nov/2014:07:52:56 -0500] "POST /Report2/infReportada.jsp?rdmMapa=404804 HTTP/1.1" 200 69764
190.84.155.46 - - [20/Nov/2014:07:52:57 -0500] "GET /Report2/img/blank.gif HTTP/1.1" 304 -
186.84.50.43 - - [20/Nov/2014:07:52:58 -0500] "POST /forms/lservlet;jsessionid=ac16012b30d5d6ac356c63bc4b6d91b8cfdf1b1f36a5.e3iSbxaKaheRe34Sa3yKbhiTahb0n6jAmljGr5XDqQLvpAe HTTP/1.1" 200 2
190.84.155.46 - - [20/Nov/2014:07:52:58 -0500] "GET /Report2/parameter?action=parametersReportMDX&id_rpt=17&currentTab=tab_presentacion HTTP/1.1" 200 6578
186.84.50.43 - - [20/Nov/2014:07:52:58 -0500] "POST /forms/lservlet;jsessionid=ac16012b30d5d6ac356c63bc4b6d91b8cfdf1b1f36a5.e3iSbxaKaheRe34Sa3yKbhiTahb0n6jAmljGr5XDqQLvpAe HTTP/1.1" 200 2722
186.84.50.43 - - [20/Nov/2014:07:52:58 -0500] "POST /forms/lservlet;jsessionid=ac16012b30d5d6ac356c63bc4b6d91b8cfdf1b1f36a5.e3iSbxaKaheRe34Sa3yKbhiTahb0n6jAmljGr5XDqQLvpAe HTTP/1.1" 200 2
181.50.3.148 - - [20/Nov/2014:07:53:00 -0500] "GET /BLA/boletinlegal/js/jquery.scrollTo-min.js HTTP/1.1" 200 1150
181.50.3.148 - - [20/Nov/2014:07:53:00 -0500] "GET /BLA/boletinlegal/js/jquery.js HTTP/1.1" 200 57254
181.50.3.148 - - [20/Nov/2014:07:53:00 -0500] "GET /BLA/boletinlegal/js/jquery.scrollShow.js HTTP/1.1" 200 4586
186.84.50.43 - - [20/Nov/2014:07:53:00 -0500] "POST /forms/lservlet;jsessionid=ac16012b30d5d6ac356c63bc4b6d91b8cfdf1b1f36a5.e3iSbxaKaheRe34Sa3yKbhiTahb0n6jAmljGr5XDqQLvpAe HTTP/1.1" 200 2
186.84.50.43 - - [20/Nov/2014:07:53:00 -0500] "POST /forms/lservlet;jsessionid=ac16012b30d5d6ac356c63bc4b6d91b8cfdf1b1f36a5.e3iSbxaKaheRe34Sa3yKbhiTahb0n6jAmljGr5XDqQLvpAe HTTP/1.1" 200 3022
186.84.50.43 - - [20/Nov/2014:07:53:00 -0500] "POST /forms/lservlet;jsessionid=ac16012b30d5d6ac356c63bc4b6d91b8cfdf1b1f36a5.e3iSbxaKaheRe34Sa3yKbhiTahb0n6jAmljGr5XDqQLvpAe HTTP/1.1" 200 2
190.84.155.46 - - [20/Nov/2014:07:53:00 -0500] "POST /Report2/parameter?action=runReportMDX&json=true&listdep=nit&id_rpt=17&param_partNomauto=2 HTTP/1.1" 200 567
190.84.155.46 - - [20/Nov/2014:07:53:01 -0500] "POST /Report2/parameter?action=runReportMDX&json=true&listdep=nit&id_rpt=17&param_partNomauto=265 HTTP/1.1" 200 73
186.31.116.198 - - [20/Nov/2014:07:53:02 -0500] "GET /galeria/carrusel/Carrusel/jquery.thumbnailScroller.css HTTP/1.1" 200 2066
186.31.116.198 - - [20/Nov/2014:07:53:02 -0500] "GET /galeria/carrusel/Carrusel/jquery-ui-1.8.13.custom.min.js HTTP/1.1" 200 10800
186.31.116.198 - - [20/Nov/2014:07:53:02 -0500] "GET /galeria/carrusel/Carrusel/jquery.thumbnailScroller.js HTTP/1.1" 200 8157
186.31.116.198 - - [20/Nov/2014:07:53:02 -0500] "GET /galeria/nivo-slider/demo/demo.html HTTP/1.1" 200 3674
186.84.50.43 - - [20/Nov/2014:07:53:02 -0500] "POST /forms/lservlet;jsessionid=ac16012b30d5d6ac356c63bc4b6d91b8cfdf1b1f36a5.e3iSbxaKaheRe34Sa3yKbhiTahb0n6jAmljGr5XDqQLvpAe HTTP/1.1" 200 2
186.31.224.94 - - [20/Nov/2014:07:53:02 -0500] "GET /BLA/boletinlegal/js/jquery.js HTTP/1.1" 200 57254
186.31.224.94 - - [20/Nov/2014:07:53:02 -0500] "GET /BLA/boletinlegal/js/jquery.scrollShow.js HTTP/1.1" 200 4586
186.31.224.94 - - [20/Nov/2014:07:53:02 -0500] "GET /BLA/boletinlegal/js/jquery.scrollTo-min.js HTTP/1.1" 200 1150
186.31.116.198 - - [20/Nov/2014:07:53:02 -0500] "GET /galeria/nivo-slider/themes/default/default.css HTTP/1.1" 200 1569
186.31.116.198 - - [20/Nov/2014:07:53:02 -0500] "GET /galeria/nivo-slider/themes/pascal/pascal.css HTTP/1.1" 200 2258
186.31.116.198 - - [20/Nov/2014:07:53:02 -0500] "GET /galeria/nivo-slider/themes/orman/orman.css HTTP/1.1" 200 2152
186.31.116.198 - - [20/Nov/2014:07:53:02 -0500] "GET /galeria/nivo-slider/nivo-slider.css HTTP/1.1" 200 1507
186.31.116.198 - - [20/Nov/2014:07:53:02 -0500] "GET /galeria/nivo-slider/demo/scripts/jquery-1.7.1.min.js HTTP/1.1" 200 93868
186.31.116.198 - - [20/Nov/2014:07:53:02 -0500] "GET /galeria/nivo-slider/demo/style.css HTTP/1.1" 200 2222
186.31.116.198 - - [20/Nov/2014:07:53:02 -0500] "GET /galeria/nivo-slider/jquery.nivo.slider.pack.js HTTP/1.1" 200 11561
186.31.116.198 - - [20/Nov/2014:07:53:02 -0500] "GET /galeria/nivo-slider/demo/images/4Simple_Slider.png HTTP/1.1" 200 11722
186.31.116.198 - - [20/Nov/2014:07:53:02 -0500] "GET /galeria/nivo-slider/themes/default/loading.gif HTTP/1.1" 200 1737
186.84.50.43 - - [20/Nov/2014:07:53:02 -0500] "POST /forms/lservlet;jsessionid=ac16012b30d5d6ac356c63bc4b6d91b8cfdf1b1f36a5.e3iSbxaKaheRe34Sa3yKbhiTahb0n6jAmljGr5XDqQLvpAe HTTP/1.1" 200 2798
186.84.50.43 - - [20/Nov/2014:07:53:02 -0500] "POST /forms/lservlet;jsessionid=ac16012b30d5d6ac356c63bc4b6d91b8cfdf1b1f36a5.e3iSbxaKaheRe34Sa3yKbhiTahb0n6jAmljGr5XDqQLvpAe HTTP/1.1" 200 2
186.31.116.198 - - [20/Nov/2014:07:53:03 -0500] "GET /galeria/nivo-slider/demo/images/Biotaxis-Man.jpg HTTP/1.1" 200 99362
186.31.116.198 - - [20/Nov/2014:07:53:03 -0500] "GET /galeria/nivo-slider/demo/images/ForoNacionalAmbiental.jpg HTTP/1.1" 200 202541
190.84.155.46 - - [20/Nov/2014:07:53:02 -0500] "GET /Report2/parameter?action=runReportMDX&json=true&listdep=informe&id_rpt=17&param_nit=265 HTTP/1.1" 200 804
186.31.116.198 - - [20/Nov/2014:07:53:03 -0500] "GET /galeria/nivo-slider/demo/images/Banner-comparendo.jpg HTTP/1.1" 200 388762
186.31.116.198 - - [20/Nov/2014:07:53:03 -0500] "GET /galeria/nivo-slider/demo/images/Banner-Ecourbanismo.jpg HTTP/1.1" 200 189838
186.31.116.198 - - [20/Nov/2014:07:53:03 -0500] "GET /galeria/nivo-slider/demo/images/porloshumedales.jpg HTTP/1.1" 200 351238
186.31.116.198 - - [20/Nov/2014:07:53:03 -0500] "GET /galeria/nivo-slider/demo/images/banner-aceite3.jpg HTTP/1.1" 200 88347
186.31.116.198 - - [20/Nov/2014:07:53:03 -0500] "GET /galeria/nivo-slider/demo/images/Tingua-azul.jpg HTTP/1.1" 200 307638
186.31.116.198 - - [20/Nov/2014:07:53:04 -0500] "GET /galeria/nivo-slider/demo/images/Banner-Caracol-Africano.jpg HTTP/1.1" 200 331986
186.84.50.43 - - [20/Nov/2014:07:53:05 -0500] "POST /forms/lservlet;jsessionid=ac16012b30d5d6ac356c63bc4b6d91b8cfdf1b1f36a5.e3iSbxaKaheRe34Sa3yKbhiTahb0n6jAmljGr5XDqQLvpAe HTTP/1.1" 200 2
186.31.116.198 - - [20/Nov/2014:07:53:05 -0500] "GET /galeria/nivo-slider/demo/images/banner-redes.jpg HTTP/1.1" 200 62209
186.84.50.43 - - [20/Nov/2014:07:53:05 -0500] "POST /forms/lservlet;jsessionid=ac16012b30d5d6ac356c63bc4b6d91b8cfdf1b1f36a5.e3iSbxaKaheRe34Sa3yKbhiTahb0n6jAmljGr5XDqQLvpAe HTTP/1.1" 200 3234
186.84.50.43 - - [20/Nov/2014:07:53:05 -0500] "POST /forms/lservlet;jsessionid=ac16012b30d5d6ac356c63bc4b6d91b8cfdf1b1f36a5.e3iSbxaKaheRe34Sa3yKbhiTahb0n6jAmljGr5XDqQLvpAe HTTP/1.1" 200 2
186.31.116.198 - - [20/Nov/2014:07:53:05 -0500] "GET /galeria/nivo-slider/demo/images/9Signos.jpg HTTP/1.1" 200 93040
190.84.155.46 - - [20/Nov/2014:07:53:05 -0500] "GET /Report2/parameter?action=runReportMDX&json=true&listdep=FecBal&id_rpt=17&param_informe=18&param_nit=265 HTTP/1.1" 200 44
186.31.116.198 - - [20/Nov/2014:07:53:06 -0500] "GET /galeria/nivo-slider/demo/images/banner-caballos.png HTTP/1.1" 200 389106
186.31.116.198 - - [20/Nov/2014:07:53:06 -0500] "GET /galeria/nivo-slider/demo/images/Hacienda_Molinos.jpg HTTP/1.1" 200 319171
186.31.116.198 - - [20/Nov/2014:07:53:06 -0500] "GET /galeria/nivo-slider/demo/images/bannerEcolecta3.jpg HTTP/1.1" 200 280034
190.84.155.46 - - [20/Nov/2014:07:53:07 -0500] "GET /Report2/parameter?action=runReportMDX&json=true&listdep=formato&id_rpt=17&param_informe=18&param_nit=265&param_FecBal=2014-06-30 HTTP/1.1" 200 55
186.84.50.43 - - [20/Nov/2014:07:53:07 -0500] "POST /forms/lservlet;jsessionid=ac16012b30d5d6ac356c63bc4b6d91b8cfdf1b1f36a5.e3iSbxaKaheRe34Sa3yKbhiTahb0n6jAmljGr5XDqQLvpAe HTTP/1.1" 200 2
186.31.116.198 - - [20/Nov/2014:07:53:08 -0500] "GET /galeria/nivo-slider/themes/default/arrows.png HTTP/1.1" 200 824
186.31.116.198 - - [20/Nov/2014:07:53:08 -0500] "GET /galeria/nivo-slider/themes/default/bullets.png HTTP/1.1" 200 1281
186.84.50.43 - - [20/Nov/2014:07:53:07 -0500] "POST /forms/lservlet;jsessionid=ac16012b30d5d6ac356c63bc4b6d91b8cfdf1b1f36a5.e3iSbxaKaheRe34Sa3yKbhiTahb0n6jAmljGr5XDqQLvpAe HTTP/1.1" 200 3222
186.84.50.43 - - [20/Nov/2014:07:53:08 -0500] "POST /forms/lservlet;jsessionid=ac16012b30d5d6ac356c63bc4b6d91b8cfdf1b1f36a5.e3iSbxaKaheRe34Sa3yKbhiTahb0n6jAmljGr5XDqQLvpAe HTTP/1.1" 200 2
186.31.116.198 - - [20/Nov/2014:07:53:09 -0500] "GET /videos/Spot_CambioClimatico.flv HTTP/1.1" 200 4371917
186.84.50.43 - - [20/Nov/2014:07:53:09 -0500] "POST /forms/lservlet;jsessionid=ac16012b30d5d6ac356c63bc4b6d91b8cfdf1b1f36a5.e3iSbxaKaheRe34Sa3yKbhiTahb0n6jAmljGr5XDqQLvpAe HTTP/1.1" 200 2
190.84.155.46 - - [20/Nov/2014:07:53:09 -0500] "POST /Report2/rptManage.jsp?migracion=111 HTTP/1.1" 200 617
190.84.155.46 - - [20/Nov/2014:07:53:10 -0500] "GET /Report2/rpt.jsp?migracion=111&id_rpt=17&currentTab=tab_5383&rnd=0.44266308212359107 HTTP/1.1" 200 13676
190.84.155.46 - - [20/Nov/2014:07:53:10 -0500] "GET /Report2/loading.jsp?migracion=111&id_rpt=17&currentTab=tab_5383&rnd=0.7448579622891184 HTTP/1.1" 200 2724
186.84.50.43 - - [20/Nov/2014:07:53:09 -0500] "POST /forms/lservlet;jsessionid=ac16012b30d5d6ac356c63bc4b6d91b8cfdf1b1f36a5.e3iSbxaKaheRe34Sa3yKbhiTahb0n6jAmljGr5XDqQLvpAe HTTP/1.1" 200 2755
186.84.50.43 - - [20/Nov/2014:07:53:10 -0500] "POST /forms/lservlet;jsessionid=ac16012b30d5d6ac356c63bc4b6d91b8cfdf1b1f36a5.e3iSbxaKaheRe34Sa3yKbhiTahb0n6jAmljGr5XDqQLvpAe HTTP/1.1" 200 2
186.84.50.43 - - [20/Nov/2014:07:53:11 -0500] "POST /forms/lservlet;jsessionid=ac16012b30d5d6ac356c63bc4b6d91b8cfdf1b1f36a5.e3iSbxaKaheRe34Sa3yKbhiTahb0n6jAmljGr5XDqQLvpAe HTTP/1.1" 200 2
186.84.50.43 - - [20/Nov/2014:07:53:11 -0500] "POST /forms/lservlet;jsessionid=ac16012b30d5d6ac356c63bc4b6d91b8cfdf1b1f36a5.e3iSbxaKaheRe34Sa3yKbhiTahb0n6jAmljGr5XDqQLvpAe HTTP/1.1" 200 3054
186.84.50.43 - - [20/Nov/2014:07:53:11 -0500] "POST /forms/lservlet;jsessionid=ac16012b30d5d6ac356c63bc4b6d91b8cfdf1b1f36a5.e3iSbxaKaheRe34Sa3yKbhiTahb0n6jAmljGr5XDqQLvpAe HTTP/1.1" 200 2
186.84.50.43 - - [20/Nov/2014:07:53:12 -0500] "POST /forms/lservlet;jsessionid=ac16012b30d5d6ac356c63bc4b6d91b8cfdf1b1f36a5.e3iSbxaKaheRe34Sa3yKbhiTahb0n6jAmljGr5XDqQLvpAe HTTP/1.1" 200 2
186.84.50.43 - - [20/Nov/2014:07:53:12 -0500] "POST /forms/lservlet;jsessionid=ac16012b30d5d6ac356c63bc4b6d91b8cfdf1b1f36a5.e3iSbxaKaheRe34Sa3yKbhiTahb0n6jAmljGr5XDqQLvpAe HTTP/1.1" 200 2927
186.84.50.43 - - [20/Nov/2014:07:53:13 -0500] "POST /forms/lservlet;jsessionid=ac16012b30d5d6ac356c63bc4b6d91b8cfdf1b1f36a5.e3iSbxaKaheRe34Sa3yKbhiTahb0n6jAmljGr5XDqQLvpAe HTTP/1.1" 200 2
190.84.155.46 - - [20/Nov/2014:07:53:15 -0500] "GET /Report2/serviceListados.jsp?queryId=rpt/infxidC&informe=18&a=0.9499803497456014 HTTP/1.1" 200 234
190.84.155.46 - - [20/Nov/2014:07:53:15 -0500] "GET /Report2/serviceListados.jsp?queryId=rpt/entidadxidC&nit=265&a=0.38791369483806193 HTTP/1.1" 200 247
190.84.155.46 - - [20/Nov/2014:07:53:16 -0500] "POST /Report2/infReportada.jsp?rdmMapa=165695 HTTP/1.1" 200 112653
186.84.50.43 - - [20/Nov/2014:07:53:18 -0500] "POST /forms/lservlet;jsessionid=ac16012b30d5d6ac356c63bc4b6d91b8cfdf1b1f36a5.e3iSbxaKaheRe34Sa3yKbhiTahb0n6jAmljGr5XDqQLvpAe HTTP/1.1" 200 2
186.84.50.43 - - [20/Nov/2014:07:53:18 -0500] "POST /forms/lservlet;jsessionid=ac16012b30d5d6ac356c63bc4b6d91b8cfdf1b1f36a5.e3iSbxaKaheRe34Sa3yKbhiTahb0n6jAmljGr5XDqQLvpAe HTTP/1.1" 200 2427
186.84.50.43 - - [20/Nov/2014:07:53:18 -0500] "POST /forms/lservlet;jsessionid=ac16012b30d5d6ac356c63bc4b6d91b8cfdf1b1f36a5.e3iSbxaKaheRe34Sa3yKbhiTahb0n6jAmljGr5XDqQLvpAe HTTP/1.1" 200 2
186.84.50.43 - - [20/Nov/2014:07:53:20 -0500] "POST /forms/lservlet;jsessionid=ac16012b30d5d6ac356c63bc4b6d91b8cfdf1b1f36a5.e3iSbxaKaheRe34Sa3yKbhiTahb0n6jAmljGr5XDqQLvpAe HTTP/1.1" 200 2
186.84.50.43 - - [20/Nov/2014:07:53:20 -0500] "POST /forms/lservlet;jsessionid=ac16012b30d5d6ac356c63bc4b6d91b8cfdf1b1f36a5.e3iSbxaKaheRe34Sa3yKbhiTahb0n6jAmljGr5XDqQLvpAe HTTP/1.1" 200 2130
186.84.50.43 - - [20/Nov/2014:07:53:20 -0500] "POST /forms/lservlet;jsessionid=ac16012b30d5d6ac356c63bc4b6d91b8cfdf1b1f36a5.e3iSbxaKaheRe34Sa3yKbhiTahb0n6jAmljGr5XDqQLvpAe HTTP/1.1" 200 2
186.84.50.43 - - [20/Nov/2014:07:53:21 -0500] "POST /forms/lservlet;jsessionid=ac16012b30d5d6ac356c63bc4b6d91b8cfdf1b1f36a5.e3iSbxaKaheRe34Sa3yKbhiTahb0n6jAmljGr5XDqQLvpAe HTTP/1.1" 200 2
186.84.50.43 - - [20/Nov/2014:07:53:21 -0500] "POST /forms/lservlet;jsessionid=ac16012b30d5d6ac356c63bc4b6d91b8cfdf1b1f36a5.e3iSbxaKaheRe34Sa3yKbhiTahb0n6jAmljGr5XDqQLvpAe HTTP/1.1" 200 2133
186.84.50.43 - - [20/Nov/2014:07:53:22 -0500] "POST /forms/lservlet;jsessionid=ac16012b30d5d6ac356c63bc4b6d91b8cfdf1b1f36a5.e3iSbxaKaheRe34Sa3yKbhiTahb0n6jAmljGr5XDqQLvpAe HTTP/1.1" 200 2
186.84.50.43 - - [20/Nov/2014:07:53:23 -0500] "POST /forms/lservlet;jsessionid=ac16012b30d5d6ac356c63bc4b6d91b8cfdf1b1f36a5.e3iSbxaKaheRe34Sa3yKbhiTahb0n6jAmljGr5XDqQLvpAe HTTP/1.1" 200 2
186.84.50.43 - - [20/Nov/2014:07:53:23 -0500] "POST /forms/lservlet;jsessionid=ac16012b30d5d6ac356c63bc4b6d91b8cfdf1b1f36a5.e3iSbxaKaheRe34Sa3yKbhiTahb0n6jAmljGr5XDqQLvpAe HTTP/1.1" 200 2122
186.84.50.43 - - [20/Nov/2014:07:53:24 -0500] "POST /forms/lservlet;jsessionid=ac16012b30d5d6ac356c63bc4b6d91b8cfdf1b1f36a5.e3iSbxaKaheRe34Sa3yKbhiTahb0n6jAmljGr5XDqQLvpAe HTTP/1.1" 200 2
186.84.50.43 - - [20/Nov/2014:07:53:25 -0500] "POST /forms/lservlet;jsessionid=ac16012b30d5d6ac356c63bc4b6d91b8cfdf1b1f36a5.e3iSbxaKaheRe34Sa3yKbhiTahb0n6jAmljGr5XDqQLvpAe HTTP/1.1" 200 2
186.84.50.43 - - [20/Nov/2014:07:53:25 -0500] "POST /forms/lservlet;jsessionid=ac16012b30d5d6ac356c63bc4b6d91b8cfdf1b1f36a5.e3iSbxaKaheRe34Sa3yKbhiTahb0n6jAmljGr5XDqQLvpAe HTTP/1.1" 200 2902
186.84.50.43 - - [20/Nov/2014:07:53:25 -0500] "POST /forms/lservlet;jsessionid=ac16012b30d5d6ac356c63bc4b6d91b8cfdf1b1f36a5.e3iSbxaKaheRe34Sa3yKbhiTahb0n6jAmljGr5XDqQLvpAe HTTP/1.1" 200 2
186.84.50.43 - - [20/Nov/2014:07:53:26 -0500] "POST /forms/lservlet;jsessionid=ac16012b30d5d6ac356c63bc4b6d91b8cfdf1b1f36a5.e3iSbxaKaheRe34Sa3yKbhiTahb0n6jAmljGr5XDqQLvpAe HTTP/1.1" 200 2
186.84.50.43 - - [20/Nov/2014:07:53:26 -0500] "POST /forms/lservlet;jsessionid=ac16012b30d5d6ac356c63bc4b6d91b8cfdf1b1f36a5.e3iSbxaKaheRe34Sa3yKbhiTahb0n6jAmljGr5XDqQLvpAe HTTP/1.1" 200 2548
186.84.50.43 - - [20/Nov/2014:07:53:26 -0500] "POST /forms/lservlet;jsessionid=ac16012b30d5d6ac356c63bc4b6d91b8cfdf1b1f36a5.e3iSbxaKaheRe34Sa3yKbhiTahb0n6jAmljGr5XDqQLvpAe HTTP/1.1" 200 2
186.84.50.43 - - [20/Nov/2014:07:53:27 -0500] "POST /forms/lservlet;jsessionid=ac16012b30d5d6ac356c63bc4b6d91b8cfdf1b1f36a5.e3iSbxaKaheRe34Sa3yKbhiTahb0n6jAmljGr5XDqQLvpAe HTTP/1.1" 200 2
186.84.50.43 - - [20/Nov/2014:07:53:27 -0500] "POST /forms/lservlet;jsessionid=ac16012b30d5d6ac356c63bc4b6d91b8cfdf1b1f36a5.e3iSbxaKaheRe34Sa3yKbhiTahb0n6jAmljGr5XDqQLvpAe HTTP/1.1" 200 2886
186.84.50.43 - - [20/Nov/2014:07:53:28 -0500] "POST /forms/lservlet;jsessionid=ac16012b30d5d6ac356c63bc4b6d91b8cfdf1b1f36a5.e3iSbxaKaheRe34Sa3yKbhiTahb0n6jAmljGr5XDqQLvpAe HTTP/1.1" 200 2
186.84.50.43 - - [20/Nov/2014:07:53:30 -0500] "POST /forms/lservlet;jsessionid=ac16012b30d5d6ac356c63bc4b6d91b8cfdf1b1f36a5.e3iSbxaKaheRe34Sa3yKbhiTahb0n6jAmljGr5XDqQLvpAe HTTP/1.1" 200 2
186.84.50.43 - - [20/Nov/2014:07:53:30 -0500] "POST /forms/lservlet;jsessionid=ac16012b30d5d6ac356c63bc4b6d91b8cfdf1b1f36a5.e3iSbxaKaheRe34Sa3yKbhiTahb0n6jAmljGr5XDqQLvpAe HTTP/1.1" 200 2955
186.84.50.43 - - [20/Nov/2014:07:53:30 -0500] "POST /forms/lservlet;jsessionid=ac16012b30d5d6ac356c63bc4b6d91b8cfdf1b1f36a5.e3iSbxaKaheRe34Sa3yKbhiTahb0n6jAmljGr5XDqQLvpAe HTTP/1.1" 200 2
186.84.50.43 - - [20/Nov/2014:07:53:31 -0500] "POST /forms/lservlet;jsessionid=ac16012b30d5d6ac356c63bc4b6d91b8cfdf1b1f36a5.e3iSbxaKaheRe34Sa3yKbhiTahb0n6jAmljGr5XDqQLvpAe HTTP/1.1" 200 2
186.84.50.43 - - [20/Nov/2014:07:53:31 -0500] "POST /forms/lservlet;jsessionid=ac16012b30d5d6ac356c63bc4b6d91b8cfdf1b1f36a5.e3iSbxaKaheRe34Sa3yKbhiTahb0n6jAmljGr5XDqQLvpAe HTTP/1.1" 200 3147
186.84.50.43 - - [20/Nov/2014:07:53:32 -0500] "POST /forms/lservlet;jsessionid=ac16012b30d5d6ac356c63bc4b6d91b8cfdf1b1f36a5.e3iSbxaKaheRe34Sa3yKbhiTahb0n6jAmljGr5XDqQLvpAe HTTP/1.1" 200 2
201.245.192.253 - - [20/Nov/2014:07:53:32 -0500] "GET /forest/index2.jsp?_a=0.30469960719347 HTTP/1.1" 200 12486
186.84.50.43 - - [20/Nov/2014:07:53:34 -0500] "POST /forms/lservlet;jsessionid=ac16012b30d5d6ac356c63bc4b6d91b8cfdf1b1f36a5.e3iSbxaKaheRe34Sa3yKbhiTahb0n6jAmljGr5XDqQLvpAe HTTP/1.1" 200 2
186.84.50.43 - - [20/Nov/2014:07:53:34 -0500] "POST /forms/lservlet;jsessionid=ac16012b30d5d6ac356c63bc4b6d91b8cfdf1b1f36a5.e3iSbxaKaheRe34Sa3yKbhiTahb0n6jAmljGr5XDqQLvpAe HTTP/1.1" 200 2797
186.84.50.43 - - [20/Nov/2014:07:53:34 -0500] "POST /forms/lservlet;jsessionid=ac16012b30d5d6ac356c63bc4b6d91b8cfdf1b1f36a5.e3iSbxaKaheRe34Sa3yKbhiTahb0n6jAmljGr5XDqQLvpAe HTTP/1.1" 200 2
186.84.50.43 - - [20/Nov/2014:07:53:35 -0500] "POST /forms/lservlet;jsessionid=ac16012b30d5d6ac356c63bc4b6d91b8cfdf1b1f36a5.e3iSbxaKaheRe34Sa3yKbhiTahb0n6jAmljGr5XDqQLvpAe HTTP/1.1" 200 2
186.84.50.43 - - [20/Nov/2014:07:53:35 -0500] "POST /forms/lservlet;jsessionid=ac16012b30d5d6ac356c63bc4b6d91b8cfdf1b1f36a5.e3iSbxaKaheRe34Sa3yKbhiTahb0n6jAmljGr5XDqQLvpAe HTTP/1.1" 200 2217
186.84.50.43 - - [20/Nov/2014:07:53:36 -0500] "POST /forms/lservlet;jsessionid=ac16012b30d5d6ac356c63bc4b6d91b8cfdf1b1f36a5.e3iSbxaKaheRe34Sa3yKbhiTahb0n6jAmljGr5XDqQLvpAe HTTP/1.1" 200 2
186.84.50.43 - - [20/Nov/2014:07:53:37 -0500] "POST /forms/lservlet;jsessionid=ac16012b30d5d6ac356c63bc4b6d91b8cfdf1b1f36a5.e3iSbxaKaheRe34Sa3yKbhiTahb0n6jAmljGr5XDqQLvpAe HTTP/1.1" 200 2
186.84.50.43 - - [20/Nov/2014:07:53:37 -0500] "POST /forms/lservlet;jsessionid=ac16012b30d5d6ac356c63bc4b6d91b8cfdf1b1f36a5.e3iSbxaKaheRe34Sa3yKbhiTahb0n6jAmljGr5XDqQLvpAe HTTP/1.1" 200 2194
186.84.50.43 - - [20/Nov/2014:07:53:37 -0500] "POST /forms/lservlet;jsessionid=ac16012b30d5d6ac356c63bc4b6d91b8cfdf1b1f36a5.e3iSbxaKaheRe34Sa3yKbhiTahb0n6jAmljGr5XDqQLvpAe HTTP/1.1" 200 2
186.84.50.43 - - [20/Nov/2014:07:53:38 -0500] "POST /forms/lservlet;jsessionid=ac16012b30d5d6ac356c63bc4b6d91b8cfdf1b1f36a5.e3iSbxaKaheRe34Sa3yKbhiTahb0n6jAmljGr5XDqQLvpAe HTTP/1.1" 200 2
186.84.50.43 - - [20/Nov/2014:07:53:38 -0500] "POST /forms/lservlet;jsessionid=ac16012b30d5d6ac356c63bc4b6d91b8cfdf1b1f36a5.e3iSbxaKaheRe34Sa3yKbhiTahb0n6jAmljGr5XDqQLvpAe HTTP/1.1" 200 2211
186.84.50.43 - - [20/Nov/2014:07:53:38 -0500] "POST /forms/lservlet;jsessionid=ac16012b30d5d6ac356c63bc4b6d91b8cfdf1b1f36a5.e3iSbxaKaheRe34Sa3yKbhiTahb0n6jAmljGr5XDqQLvpAe HTTP/1.1" 200 2
201.245.192.253 - - [20/Nov/2014:07:53:39 -0500] "POST /forest/login.do HTTP/1.1" 302 -
201.245.192.253 - - [20/Nov/2014:07:53:39 -0500] "GET /forest/img/fondo-barra.gif HTTP/1.1" 200 282
201.245.192.253 - - [20/Nov/2014:07:53:39 -0500] "GET /forest/img/inicio.jpg HTTP/1.1" 200 897
186.84.50.43 - - [20/Nov/2014:07:53:39 -0500] "POST /forms/lservlet;jsessionid=ac16012b30d5d6ac356c63bc4b6d91b8cfdf1b1f36a5.e3iSbxaKaheRe34Sa3yKbhiTahb0n6jAmljGr5XDqQLvpAe HTTP/1.1" 200 2
201.245.192.253 - - [20/Nov/2014:07:53:39 -0500] "GET /forest/img/users/7.gif HTTP/1.1" 200 1631
201.245.192.253 - - [20/Nov/2014:07:53:39 -0500] "GET /forest/img/users/3.gif HTTP/1.1" 200 1513
201.245.192.253 - - [20/Nov/2014:07:53:39 -0500] "GET /forest/img/download_large.gif HTTP/1.1" 200 203
201.245.192.253 - - [20/Nov/2014:07:53:39 -0500] "GET /forest/img/users/5.gif HTTP/1.1" 200 1507
201.245.192.253 - - [20/Nov/2014:07:53:39 -0500] "GET /forest/img/buscar.jpg HTTP/1.1" 200 736
201.245.192.253 - - [20/Nov/2014:07:53:39 -0500] "GET /forest/index2.jsp?a=0.8849728088086476 HTTP/1.1" 200 119847
201.245.192.253 - - [20/Nov/2014:07:53:40 -0500] "GET /forest/skins/gdocs-jar/js/misprocesos.js?version=1411.041919 HTTP/1.1" 200 5890
201.245.192.253 - - [20/Nov/2014:07:53:40 -0500] "GET /forest/skins/gdocs-jar/css/tree.css HTTP/1.1" 200 223
201.245.192.253 - - [20/Nov/2014:07:53:40 -0500] "GET /forest/skins/gdocs-jar/css/autocomplete.css HTTP/1.1" 200 1620
201.245.192.253 - - [20/Nov/2014:07:53:40 -0500] "GET /forest/skins/gdocs-jar/js/xml_utilities.js?version=1411.041919 HTTP/1.1" 200 2433
201.245.192.253 - - [20/Nov/2014:07:53:40 -0500] "GET /forest/js/inicio.js?version=1411.041919 HTTP/1.1" 200 2303
201.245.192.253 - - [20/Nov/2014:07:53:40 -0500] "GET /forest/img/ayuda.gif HTTP/1.1" 200 716
201.245.192.253 - - [20/Nov/2014:07:53:40 -0500] "GET /forest/img/salir3.gif HTTP/1.1" 200 1271
201.245.192.253 - - [20/Nov/2014:07:53:40 -0500] "GET /forest/img/notify.gif HTTP/1.1" 200 746
201.245.192.253 - - [20/Nov/2014:07:53:40 -0500] "GET /forest/img/pantalla.gif HTTP/1.1" 200 1407
201.245.192.253 - - [20/Nov/2014:07:53:40 -0500] "GET /forest/img/buscar_documentos.gif HTTP/1.1" 200 674
201.245.192.253 - - [20/Nov/2014:07:53:40 -0500] "GET /forest/img/buscar_procesos.gif HTTP/1.1" 200 158
201.245.192.253 - - [20/Nov/2014:07:53:40 -0500] "GET /forest/img/panel/menu/add.png HTTP/1.1" 200 4044
201.245.192.253 - - [20/Nov/2014:07:53:40 -0500] "GET /forest/skins/gdocs-jar/js/autocompletar2.js?version=1411.041919 HTTP/1.1" 200 24397
201.245.192.253 - - [20/Nov/2014:07:53:40 -0500] "GET /forest/img/panel/menu/folder.png HTTP/1.1" 200 1382
201.245.192.253 - - [20/Nov/2014:07:53:40 -0500] "GET /forest/img/panel/menu/hoy.png HTTP/1.1" 200 1215
186.84.50.43 - - [20/Nov/2014:07:53:39 -0500] "POST /forms/lservlet;jsessionid=ac16012b30d5d6ac356c63bc4b6d91b8cfdf1b1f36a5.e3iSbxaKaheRe34Sa3yKbhiTahb0n6jAmljGr5XDqQLvpAe HTTP/1.1" 200 2640
201.245.192.253 - - [20/Nov/2014:07:53:40 -0500] "GET /forest/skins/gdocs-jar/img/cancel.gif HTTP/1.1" 200 77
201.245.192.253 - - [20/Nov/2014:07:53:40 -0500] "GET /forest/img/instanciar.gif HTTP/1.1" 200 1589
201.245.192.253 - - [20/Nov/2014:07:53:40 -0500] "GET /forest/img/panel/menu/danger2.png HTTP/1.1" 200 1358
201.245.192.253 - - [20/Nov/2014:07:53:40 -0500] "GET /forest/img/misdocumentos.gif HTTP/1.1" 200 545
201.245.192.253 - - [20/Nov/2014:07:53:40 -0500] "GET /forest/session.jsp?a=0.09685431350953877 HTTP/1.1" 200 4
186.84.50.43 - - [20/Nov/2014:07:53:40 -0500] "POST /forms/lservlet;jsessionid=ac16012b30d5d6ac356c63bc4b6d91b8cfdf1b1f36a5.e3iSbxaKaheRe34Sa3yKbhiTahb0n6jAmljGr5XDqQLvpAe HTTP/1.1" 200 2
186.84.50.43 - - [20/Nov/2014:07:53:40 -0500] "POST /forms/lservlet;jsessionid=ac16012b30d5d6ac356c63bc4b6d91b8cfdf1b1f36a5.e3iSbxaKaheRe34Sa3yKbhiTahb0n6jAmljGr5XDqQLvpAe HTTP/1.1" 200 2
186.84.50.43 - - [20/Nov/2014:07:53:41 -0500] "POST /forms/lservlet;jsessionid=ac16012b30d5d6ac356c63bc4b6d91b8cfdf1b1f36a5.e3iSbxaKaheRe34Sa3yKbhiTahb0n6jAmljGr5XDqQLvpAe HTTP/1.1" 200 2772
186.84.50.43 - - [20/Nov/2014:07:53:41 -0500] "POST /forms/lservlet;jsessionid=ac16012b30d5d6ac356c63bc4b6d91b8cfdf1b1f36a5.e3iSbxaKaheRe34Sa3yKbhiTahb0n6jAmljGr5XDqQLvpAe HTTP/1.1" 200 2
201.245.192.253 - - [20/Nov/2014:07:53:42 -0500] "GET /forest/misactividades.do?group_system_actual=3&codPro=90&_a=0.2530345383113486 HTTP/1.1" 200 36899
201.245.192.253 - - [20/Nov/2014:07:53:42 -0500] "GET /forest/js/jquery/jquery-latest.js HTTP/1.1" 304 -
201.245.192.253 - - [20/Nov/2014:07:53:42 -0500] "GET /forest/js/jquery/css/jquery-ui-1.8.1.custom.css HTTP/1.1" 304 -
201.245.192.253 - - [20/Nov/2014:07:53:42 -0500] "GET /forest/js/jquery/grid/css/ui.jqgrid.css HTTP/1.1" 304 -
201.245.192.253 - - [20/Nov/2014:07:53:42 -0500] "GET /forest/js/jquery/grid/css/ui.multiselect.css HTTP/1.1" 304 -
201.245.192.253 - - [20/Nov/2014:07:53:42 -0500] "GET /forest/js/jquery/jquery-ui-latest.js HTTP/1.1" 304 -
201.245.192.253 - - [20/Nov/2014:07:53:42 -0500] "GET /forest/js/jquery/plugins/jquery.ui.selectmenu.js HTTP/1.1" 304 -
201.245.192.253 - - [20/Nov/2014:07:53:42 -0500] "GET /forest/js/jquery/plugins/ui.multiselect.js HTTP/1.1" 304 -
201.245.192.253 - - [20/Nov/2014:07:53:42 -0500] "GET /forest/js/jquery/plugins/jquery.searchFilter.js HTTP/1.1" 304 -
201.245.192.253 - - [20/Nov/2014:07:53:42 -0500] "GET /forest/js/jquery/jquery.jqGrid.src.js HTTP/1.1" 304 -
201.245.192.253 - - [20/Nov/2014:07:53:42 -0500] "GET /forest/js/jquery/plugins/jquery.tablednd.js HTTP/1.1" 304 -
201.245.192.253 - - [20/Nov/2014:07:53:42 -0500] "GET /forest/js/jquery/plugins/jquery.contextmenu.js HTTP/1.1" 304 -
201.245.192.253 - - [20/Nov/2014:07:53:42 -0500] "GET /forest/js/jquery/plugins/grid.setcolumns.js HTTP/1.1" 304 -
201.245.192.253 - - [20/Nov/2014:07:53:42 -0500] "GET /forest/js/jqGridConf.js HTTP/1.1" 304 -
201.245.192.253 - - [20/Nov/2014:07:53:42 -0500] "GET /forest/session.jsp?a=0.8498459351249039 HTTP/1.1" 200 4
186.84.50.43 - - [20/Nov/2014:07:53:42 -0500] "POST /forms/lservlet;jsessionid=ac16012b30d5d6ac356c63bc4b6d91b8cfdf1b1f36a5.e3iSbxaKaheRe34Sa3yKbhiTahb0n6jAmljGr5XDqQLvpAe HTTP/1.1" 200 2
201.245.192.253 - - [20/Nov/2014:07:53:42 -0500] "GET /forest/skins/gdocs-jar/img/clip.gif HTTP/1.1" 304 -
201.245.192.253 - - [20/Nov/2014:07:53:42 -0500] "GET /forest/img/jquery/ui-bg_flat_0_aaaaaa_40x100.png HTTP/1.1" 304 -
201.245.192.253 - - [20/Nov/2014:07:53:42 -0500] "GET /forest/img/jquery/ui-bg_glass_85_dfeffc_1x400.png HTTP/1.1" 304 -
201.245.192.253 - - [20/Nov/2014:07:53:42 -0500] "GET /forest/img/jquery/ui-bg_inset-hard_100_f5f8f9_1x100.png HTTP/1.1" 304 -
201.245.192.253 - - [20/Nov/2014:07:53:42 -0500] "GET /forest/img/jquery/ui-icons_6da8d5_256x240.png HTTP/1.1" 304 -
201.245.192.253 - - [20/Nov/2014:07:53:42 -0500] "GET /forest/img/jquery/ui-icons_469bdd_256x240.png HTTP/1.1" 304 -
201.245.192.253 - - [20/Nov/2014:07:53:42 -0500] "GET /forest/img/jquery/quitarfiltrar.gif HTTP/1.1" 304 -
201.245.192.253 - - [20/Nov/2014:07:53:42 -0500] "GET /forest/img/jquery/save.gif HTTP/1.1" 304 -
201.245.192.253 - - [20/Nov/2014:07:53:42 -0500] "GET /forest/img/jquery/columnshide.gif HTTP/1.1" 304 -
201.245.192.253 - - [20/Nov/2014:07:53:42 -0500] "GET /forest/img/jquery/ui-bg_gloss-wave_55_5c9ccc_500x100.png HTTP/1.1" 304 -
186.84.50.43 - - [20/Nov/2014:07:53:42 -0500] "POST /forms/lservlet;jsessionid=ac16012b30d5d6ac356c63bc4b6d91b8cfdf1b1f36a5.e3iSbxaKaheRe34Sa3yKbhiTahb0n6jAmljGr5XDqQLvpAe HTTP/1.1" 200 3031
201.245.192.253 - - [20/Nov/2014:07:53:42 -0500] "POST /forest/misactividades.do?ajax=true&a=0.6384985612239689 HTTP/1.1" 200 9890
186.84.50.43 - - [20/Nov/2014:07:53:43 -0500] "POST /forms/lservlet;jsessionid=ac16012b30d5d6ac356c63bc4b6d91b8cfdf1b1f36a5.e3iSbxaKaheRe34Sa3yKbhiTahb0n6jAmljGr5XDqQLvpAe HTTP/1.1" 200 2
201.245.192.253 - - [20/Nov/2014:07:53:43 -0500] "GET /forest/img/jquery/ui-bg_glass_75_d0e5f5_1x400.png HTTP/1.1" 304 -
186.84.50.43 - - [20/Nov/2014:07:53:44 -0500] "POST /forms/lservlet;jsessionid=ac16012b30d5d6ac356c63bc4b6d91b8cfdf1b1f36a5.e3iSbxaKaheRe34Sa3yKbhiTahb0n6jAmljGr5XDqQLvpAe HTTP/1.1" 200 2
186.84.50.43 - - [20/Nov/2014:07:53:44 -0500] "POST /forms/lservlet;jsessionid=ac16012b30d5d6ac356c63bc4b6d91b8cfdf1b1f36a5.e3iSbxaKaheRe34Sa3yKbhiTahb0n6jAmljGr5XDqQLvpAe HTTP/1.1" 200 2997
186.84.50.43 - - [20/Nov/2014:07:53:44 -0500] "POST /forms/lservlet;jsessionid=ac16012b30d5d6ac356c63bc4b6d91b8cfdf1b1f36a5.e3iSbxaKaheRe34Sa3yKbhiTahb0n6jAmljGr5XDqQLvpAe HTTP/1.1" 200 2
186.84.50.43 - - [20/Nov/2014:07:53:45 -0500] "POST /forms/lservlet;jsessionid=ac16012b30d5d6ac356c63bc4b6d91b8cfdf1b1f36a5.e3iSbxaKaheRe34Sa3yKbhiTahb0n6jAmljGr5XDqQLvpAe HTTP/1.1" 200 2
186.84.50.43 - - [20/Nov/2014:07:53:45 -0500] "POST /forms/lservlet;jsessionid=ac16012b30d5d6ac356c63bc4b6d91b8cfdf1b1f36a5.e3iSbxaKaheRe34Sa3yKbhiTahb0n6jAmljGr5XDqQLvpAe HTTP/1.1" 200 2662
186.84.50.43 - - [20/Nov/2014:07:53:46 -0500] "POST /forms/lservlet;jsessionid=ac16012b30d5d6ac356c63bc4b6d91b8cfdf1b1f36a5.e3iSbxaKaheRe34Sa3yKbhiTahb0n6jAmljGr5XDqQLvpAe HTTP/1.1" 200 2
188.165.15.61 - - [20/Nov/2014:07:53:46 -0500] "GET /BLA/resoluciones/RESOLUCIONES%202006/RES%202006%20%203001-3054/00003054.tif HTTP/1.1" 200 329174
186.84.50.43 - - [20/Nov/2014:07:53:47 -0500] "POST /forms/lservlet;jsessionid=ac16012b30d5d6ac356c63bc4b6d91b8cfdf1b1f36a5.e3iSbxaKaheRe34Sa3yKbhiTahb0n6jAmljGr5XDqQLvpAe HTTP/1.1" 200 2
186.84.50.43 - - [20/Nov/2014:07:53:47 -0500] "POST /forms/lservlet;jsessionid=ac16012b30d5d6ac356c63bc4b6d91b8cfdf1b1f36a5.e3iSbxaKaheRe34Sa3yKbhiTahb0n6jAmljGr5XDqQLvpAe HTTP/1.1" 200 2643
186.84.50.43 - - [20/Nov/2014:07:53:47 -0500] "POST /forms/lservlet;jsessionid=ac16012b30d5d6ac356c63bc4b6d91b8cfdf1b1f36a5.e3iSbxaKaheRe34Sa3yKbhiTahb0n6jAmljGr5XDqQLvpAe HTTP/1.1" 200 2
190.27.116.90 - - [20/Nov/2014:07:53:48 -0500] "GET /forest/css/escritorio.css?version=1411.041919 HTTP/1.1" 304 -
190.27.116.90 - - [20/Nov/2014:07:53:48 -0500] "GET /forest/css/autocomplete.css?version=1411.041919 HTTP/1.1" 304 -
190.27.116.90 - - [20/Nov/2014:07:53:48 -0500] "GET /forest/skins/gdocs-jar/css/tree.css?version=1411.041919 HTTP/1.1" 304 -
201.245.192.253 - - [20/Nov/2014:07:53:48 -0500] "GET /forest/img/jquery/ui-icons_217bc0_256x240.png HTTP/1.1" 304 -
190.27.116.90 - - [20/Nov/2014:07:53:48 -0500] "GET /forest/js/load_func.js?version=1411.041919 HTTP/1.1" 304 -
190.27.116.90 - - [20/Nov/2014:07:53:48 -0500] "GET /forest/js/dialog.js?version=1411.041919 HTTP/1.1" 304 -
190.27.116.90 - - [20/Nov/2014:07:53:48 -0500] "GET /forest/js/sarissa.js?version=1411.041919 HTTP/1.1" 304 -
190.27.116.90 - - [20/Nov/2014:07:53:48 -0500] "GET /forest/js/escritorio/escritorio.js?version=1411.041919 HTTP/1.1" 304 -
190.27.116.90 - - [20/Nov/2014:07:53:48 -0500] "GET /forest/js/internJS.js?version=1411.041919 HTTP/1.1" 304 -
190.27.116.90 - - [20/Nov/2014:07:53:48 -0500] "GET /forest/js/autocompletar2.js?version=1411.041919 HTTP/1.1" 304 -
190.27.116.90 - - [20/Nov/2014:07:53:48 -0500] "GET /forest/1ibre/protoaculous.js?version=1411.041919 HTTP/1.1" 304 -
190.27.116.90 - - [20/Nov/2014:07:53:48 -0500] "GET /forest/1ibre/jscalendar/calendar.js?version=1411.041919 HTTP/1.1" 304 -
190.27.116.90 - - [20/Nov/2014:07:53:48 -0500] "GET /forest/1ibre/jscalendar/lang/calendar-es.js?version=1411.041919 HTTP/1.1" 304 -
190.27.116.90 - - [20/Nov/2014:07:53:48 -0500] "GET /forest/1ibre/jscalendar/calendar-setup.js?version=1411.041919 HTTP/1.1" 304 -
190.27.116.90 - - [20/Nov/2014:07:53:48 -0500] "GET /forest/1ibre/1ibre.js?version=1411.041919 HTTP/1.1" 304 -
190.27.116.90 - - [20/Nov/2014:07:53:48 -0500] "GET /forest/js/xml_utilities.js?version=1411.041919 HTTP/1.1" 304 -
190.27.116.90 - - [20/Nov/2014:07:53:47 -0500] "GET /forest/buscar.do HTTP/1.1" 200 97260
190.27.116.90 - - [20/Nov/2014:07:53:49 -0500] "GET /forest/json.do?query=usersByDep&coddep=7019 HTTP/1.1" 200 1531
190.27.116.90 - - [20/Nov/2014:07:53:49 -0500] "GET /forest/json.do?query=usersByDep&coddep=7019 HTTP/1.1" 200 1531
186.84.50.43 - - [20/Nov/2014:07:53:50 -0500] "POST /forms/lservlet;jsessionid=ac16012b30d5d6ac356c63bc4b6d91b8cfdf1b1f36a5.e3iSbxaKaheRe34Sa3yKbhiTahb0n6jAmljGr5XDqQLvpAe HTTP/1.1" 200 2
186.82.78.180 - - [20/Nov/2014:07:53:50 -0500] "POST /forms/lservlet;jsessionid=ac16012b30d5031a2424849f424fbd15ded94878613c.e3iSbxaKaheRe34Sa3yKbhiTahb0n6jAmljGr5XDqQLvpAe HTTP/1.1" 200 2
186.84.50.43 - - [20/Nov/2014:07:53:50 -0500] "POST /forms/lservlet;jsessionid=ac16012b30d5d6ac356c63bc4b6d91b8cfdf1b1f36a5.e3iSbxaKaheRe34Sa3yKbhiTahb0n6jAmljGr5XDqQLvpAe HTTP/1.1" 200 2812
186.84.50.43 - - [20/Nov/2014:07:53:50 -0500] "POST /forms/lservlet;jsessionid=ac16012b30d5d6ac356c63bc4b6d91b8cfdf1b1f36a5.e3iSbxaKaheRe34Sa3yKbhiTahb0n6jAmljGr5XDqQLvpAe HTTP/1.1" 200 2
201.245.192.253 - - [20/Nov/2014:07:53:49 -0500] "POST /forest/misactividades.do?ajax=true&a=0.20294710737653077 HTTP/1.1" 200 81062
190.27.116.90 - - [20/Nov/2014:07:53:52 -0500] "POST /forest/buscar.do? HTTP/1.1" 200 6922
186.84.50.43 - - [20/Nov/2014:07:53:52 -0500] "POST /forms/lservlet;jsessionid=ac16012b30d5d6ac356c63bc4b6d91b8cfdf1b1f36a5.e3iSbxaKaheRe34Sa3yKbhiTahb0n6jAmljGr5XDqQLvpAe HTTP/1.1" 200 2
186.84.50.43 - - [20/Nov/2014:07:53:52 -0500] "POST /forms/lservlet;jsessionid=ac16012b30d5d6ac356c63bc4b6d91b8cfdf1b1f36a5.e3iSbxaKaheRe34Sa3yKbhiTahb0n6jAmljGr5XDqQLvpAe HTTP/1.1" 200 2428
186.84.50.43 - - [20/Nov/2014:07:53:52 -0500] "POST /forms/lservlet;jsessionid=ac16012b30d5d6ac356c63bc4b6d91b8cfdf1b1f36a5.e3iSbxaKaheRe34Sa3yKbhiTahb0n6jAmljGr5XDqQLvpAe HTTP/1.1" 200 2
186.84.50.43 - - [20/Nov/2014:07:53:53 -0500] "POST /forms/lservlet;jsessionid=ac16012b30d5d6ac356c63bc4b6d91b8cfdf1b1f36a5.e3iSbxaKaheRe34Sa3yKbhiTahb0n6jAmljGr5XDqQLvpAe HTTP/1.1" 200 2
186.84.50.43 - - [20/Nov/2014:07:53:53 -0500] "POST /forms/lservlet;jsessionid=ac16012b30d5d6ac356c63bc4b6d91b8cfdf1b1f36a5.e3iSbxaKaheRe34Sa3yKbhiTahb0n6jAmljGr5XDqQLvpAe HTTP/1.1" 200 2189
186.84.50.43 - - [20/Nov/2014:07:53:54 -0500] "POST /forms/lservlet;jsessionid=ac16012b30d5d6ac356c63bc4b6d91b8cfdf1b1f36a5.e3iSbxaKaheRe34Sa3yKbhiTahb0n6jAmljGr5XDqQLvpAe HTTP/1.1" 200 2
190.27.116.90 - - [20/Nov/2014:07:53:54 -0500] "GET /forest/skins/gdocs-jar/popup/popup.jsp?width=850&height=380&title=Informaci%F3n%20del%20radicado&uri=/forest/system/document.jsp%3FcodDoc%3D1538846&name=undefined&_a=0.9030411417398032&a=0.24891029905769535 HTTP/1.1" 200 1315
186.84.50.43 - - [20/Nov/2014:07:53:54 -0500] "POST /forms/lservlet;jsessionid=ac16012b30d5d6ac356c63bc4b6d91b8cfdf1b1f36a5.e3iSbxaKaheRe34Sa3yKbhiTahb0n6jAmljGr5XDqQLvpAe HTTP/1.1" 200 2
190.27.116.90 - - [20/Nov/2014:07:53:54 -0500] "GET /forest/system/document.jsp?codDoc=1538846 HTTP/1.1" 200 12728
186.84.50.43 - - [20/Nov/2014:07:53:54 -0500] "POST /forms/lservlet;jsessionid=ac16012b30d5d6ac356c63bc4b6d91b8cfdf1b1f36a5.e3iSbxaKaheRe34Sa3yKbhiTahb0n6jAmljGr5XDqQLvpAe HTTP/1.1" 200 2791
186.84.50.43 - - [20/Nov/2014:07:53:55 -0500] "POST /forms/lservlet;jsessionid=ac16012b30d5d6ac356c63bc4b6d91b8cfdf1b1f36a5.e3iSbxaKaheRe34Sa3yKbhiTahb0n6jAmljGr5XDqQLvpAe HTTP/1.1" 200 2
190.26.72.223 - - [20/Nov/2014:07:53:55 -0500] "GET /galeria/carrusel/Carrusel/jquery-ui-1.8.13.custom.min.js HTTP/1.1" 200 10800
190.26.72.223 - - [20/Nov/2014:07:53:55 -0500] "GET /galeria/carrusel/Carrusel/jquery.thumbnailScroller.css HTTP/1.1" 200 2066
190.26.72.223 - - [20/Nov/2014:07:53:55 -0500] "GET /galeria/carrusel/Carrusel/jquery.thumbnailScroller.js HTTP/1.1" 200 8157
190.26.72.223 - - [20/Nov/2014:07:53:55 -0500] "GET /galeria/nivo-slider/demo/demo.html HTTP/1.1" 200 3674
190.26.72.223 - - [20/Nov/2014:07:53:55 -0500] "GET /galeria/nivo-slider/themes/default/default.css HTTP/1.1" 200 1569
190.26.72.223 - - [20/Nov/2014:07:53:55 -0500] "GET /galeria/nivo-slider/themes/pascal/pascal.css HTTP/1.1" 200 2258
190.26.72.223 - - [20/Nov/2014:07:53:55 -0500] "GET /galeria/nivo-slider/themes/orman/orman.css HTTP/1.1" 200 2152
190.26.72.223 - - [20/Nov/2014:07:53:55 -0500] "GET /galeria/nivo-slider/nivo-slider.css HTTP/1.1" 200 1507
190.26.72.223 - - [20/Nov/2014:07:53:55 -0500] "GET /galeria/nivo-slider/demo/style.css HTTP/1.1" 200 2222
190.26.72.223 - - [20/Nov/2014:07:53:56 -0500] "GET /galeria/nivo-slider/demo/images/Biotaxis-Man.jpg HTTP/1.1" 200 99362
190.26.72.223 - - [20/Nov/2014:07:53:56 -0500] "GET /galeria/nivo-slider/demo/scripts/jquery-1.7.1.min.js HTTP/1.1" 200 93868
