207.46.13.28 - - [25/Nov/2014:03:23:03 -0500] "GET /BLA/resoluciones/RESOLUCIONES%202008/1636.pdf HTTP/1.1" 200 266976
207.46.13.28 - - [25/Nov/2014:03:23:03 -0500] "GET /BLA/resoluciones/RESOLUCIONES%202008/1853.pdf HTTP/1.1" 200 276796
157.55.39.197 - - [25/Nov/2014:03:23:07 -0500] "GET /BLA/resoluciones/RESOLUCIONES%202007/RES%202007%20201%20AL%20300/RESOLUCION%200247%20DE%202007.pdf HTTP/1.1" 200 440323
157.55.39.197 - - [25/Nov/2014:03:23:08 -0500] "GET /BLA/resoluciones/RESOLUCIONES%202010/1016.pdf HTTP/1.1" 200 99501
157.55.39.197 - - [25/Nov/2014:03:23:22 -0500] "GET /BLA/resoluciones/RESOLUCIONES%202009/2094.pdf HTTP/1.1" 200 862927
157.55.39.102 - - [25/Nov/2014:03:23:31 -0500] "GET /bla/resoluciones/resoluciones%202009/9586.pdf HTTP/1.1" 200 378039
157.55.39.102 - - [25/Nov/2014:03:23:32 -0500] "GET /BLA/resoluciones/RESOLUCIONES%202010/1726.pdf HTTP/1.1" 200 537819
157.55.39.197 - - [25/Nov/2014:03:23:42 -0500] "GET /BLA/resoluciones/AUTOS%202010/5385.pdf HTTP/1.1" 200 1953352
157.55.39.102 - - [25/Nov/2014:03:23:48 -0500] "GET /BLA/resoluciones/AUTOS%202011/5176.pdf HTTP/1.1" 200 283711
157.55.39.102 - - [25/Nov/2014:03:23:51 -0500] "GET /BLA/resoluciones/AUTOS%202011/2896.pdf HTTP/1.1" 200 145620
157.55.39.102 - - [25/Nov/2014:03:23:52 -0500] "GET /BLA/resoluciones/AUTOS%202010/3475.pdf HTTP/1.1" 200 373591
188.165.15.187 - - [25/Nov/2014:03:23:56 -0500] "GET /BLA/resoluciones/RESOLUCIONES%202002/RES%202002%201201-1250/20021216.tif HTTP/1.1" 200 165764
157.55.39.101 - - [25/Nov/2014:03:23:58 -0500] "GET /dama/libreria/pdf/pigas/piga_tt/formulacion.pdf HTTP/1.1" 404 1019
66.249.65.119 - - [25/Nov/2014:03:23:58 -0500] "GET /BLA/resoluciones/RESOLUCIONES%202010/4281.pdf HTTP/1.1" 200 755953
157.55.39.197 - - [25/Nov/2014:03:24:02 -0500] "GET /BLA/resoluciones/RESOLUCIONES%202012/1342.pdf HTTP/1.1" 200 1118451
157.55.39.49 - - [25/Nov/2014:03:24:06 -0500] "GET /bla/resoluciones/resoluciones%202009/4672.pdf HTTP/1.1" 200 306129
188.165.15.78 - - [25/Nov/2014:03:24:09 -0500] "GET /BLA/resoluciones/RESOLUCIONES%202005/RES%202005%20%201701-1750/00001738.tif HTTP/1.1" 200 217144
157.55.39.197 - - [25/Nov/2014:03:24:22 -0500] "GET /bla/resoluciones/resoluciones%202009/1871.pdf HTTP/1.1" 200 352260
188.165.15.26 - - [25/Nov/2014:03:24:23 -0500] "GET /BLA/resoluciones/RESOLUCIONES%202005/RES%202005%20301-351/00000347.tif HTTP/1.1" 200 149332
157.55.39.50 - - [25/Nov/2014:03:24:28 -0500] "GET /BLA/resoluciones/AUTOS%202010/5354.pdf HTTP/1.1" 200 7360322
157.55.39.50 - - [25/Nov/2014:03:24:30 -0500] "GET /BLA/resoluciones/RESOLUCIONES%202009/6140.pdf HTTP/1.1" 200 789905
207.46.13.28 - - [25/Nov/2014:03:24:32 -0500] "GET /bla/resoluciones/resoluciones%202009/7075.pdf HTTP/1.1" 200 97181
207.46.13.28 - - [25/Nov/2014:03:24:33 -0500] "GET /BLA/resoluciones/AUTOS%202009/3396.pdf HTTP/1.1" 200 101825
157.55.39.50 - - [25/Nov/2014:03:24:38 -0500] "-" 408 -
188.165.15.198 - - [25/Nov/2014:03:24:43 -0500] "GET /BLA/resoluciones/RESOLUCIONES%202005/RES%202005%202501-2550/00002528.tif HTTP/1.1" 200 258988
157.55.39.197 - - [25/Nov/2014:03:24:43 -0500] "GET /BLA/resoluciones/RESOLUCIONES%202009/2322.pdf HTTP/1.1" 200 457427
157.55.39.197 - - [25/Nov/2014:03:24:57 -0500] "GET /BLA/resoluciones/RESOLUCIONES%202010/2351.pdf HTTP/1.1" 200 456328
66.249.65.123 - - [25/Nov/2014:03:24:57 -0500] "GET /BLA/resoluciones/RESOLUCIONES%202010/6613.pdf HTTP/1.1" 200 294469
66.249.65.123 - - [25/Nov/2014:03:25:04 -0500] "GET /BLA/resoluciones/RESOLUCIONES%202009/9349.pdf HTTP/1.1" 200 494435
157.55.39.49 - - [25/Nov/2014:03:25:06 -0500] "GET /bla/resoluciones/resoluciones%202009/9033.pdf HTTP/1.1" 200 536019
157.55.39.49 - - [25/Nov/2014:03:25:07 -0500] "GET /bla/resoluciones/resoluciones%202009/7403.pdf HTTP/1.1" 200 774002
157.55.39.102 - - [25/Nov/2014:03:25:08 -0500] "GET /bla/resoluciones/autos%202010/5382.pdf HTTP/1.1" 200 2710764
157.55.39.102 - - [25/Nov/2014:03:25:08 -0500] "GET /bla/resoluciones/resoluciones%202009/3772.pdf HTTP/1.1" 200 62262
157.55.39.102 - - [25/Nov/2014:03:25:09 -0500] "GET /bla/resoluciones/resoluciones%202009/7455.pdf HTTP/1.1" 200 55908
157.55.39.102 - - [25/Nov/2014:03:25:09 -0500] "GET /bla/resoluciones/resoluciones%202010/6635.pdf HTTP/1.1" 200 248554
157.55.39.197 - - [25/Nov/2014:03:25:17 -0500] "GET /BLA/resoluciones/RESOLUCIONES%202009/2994.pdf HTTP/1.1" 200 608918
157.55.39.197 - - [25/Nov/2014:03:25:18 -0500] "GET /BLA/resoluciones/Resoluciones%202011/3444.pdf HTTP/1.1" 200 535122
181.156.55.209 - - [25/Nov/2014:03:25:25 -0500] "GET /BLA/boletinlegal/js/jquery.js HTTP/1.1" 200 57254
181.156.55.209 - - [25/Nov/2014:03:25:25 -0500] "GET /BLA/boletinlegal/js/jquery.scrollTo-min.js HTTP/1.1" 200 1150
181.156.55.209 - - [25/Nov/2014:03:25:25 -0500] "GET /BLA/boletinlegal/js/jquery.scrollShow.js HTTP/1.1" 200 4586
188.165.15.26 - - [25/Nov/2014:03:25:27 -0500] "GET /BLA/resoluciones/index.php?dir=RESOLUCIONES%202004/RES%202004%201401-1450/&sort=name&order=desc HTTP/1.1" 200 12370
74.86.158.107 - - [25/Nov/2014:03:25:34 -0500] "HEAD / HTTP/1.1" 302 -
188.165.15.36 - - [25/Nov/2014:03:25:44 -0500] "GET /BLA/resoluciones/RESOLUCIONES%202003/RES%202003%20201-250/2003RES208.tif HTTP/1.1" 200 95304
207.46.13.28 - - [25/Nov/2014:03:25:48 -0500] "GET /BLA/resoluciones/AUTOS%202010/0054.pdf HTTP/1.1" 200 164352
157.55.39.197 - - [25/Nov/2014:03:26:03 -0500] "GET /BLA/resoluciones/RESOLUCIONES%202009/0879.pdf HTTP/1.1" 200 316880
157.55.39.197 - - [25/Nov/2014:03:26:04 -0500] "GET /bla/resoluciones/resoluciones%202009/7888.pdf HTTP/1.1" 200 467567
157.55.39.49 - - [25/Nov/2014:03:26:09 -0500] "GET /BLA/resoluciones/RESOLUCIONES%202008/2390.pdf HTTP/1.1" 200 476990
66.249.65.119 - - [25/Nov/2014:03:26:10 -0500] "GET /BLA/resoluciones/AUTOS%202009/0701.pdf HTTP/1.1" 200 110447
157.55.39.102 - - [25/Nov/2014:03:26:17 -0500] "GET /BLA/resoluciones/AUTOS%202010/1277.pdf HTTP/1.1" 200 318926
157.55.39.102 - - [25/Nov/2014:03:26:19 -0500] "GET /BLA/resoluciones/RESOLUCIONES%202009/9829.pdf HTTP/1.1" 200 521247
157.55.39.102 - - [25/Nov/2014:03:26:19 -0500] "GET /BLA/resoluciones/AUTOS%202009/2012.pdf HTTP/1.1" 200 99995
207.46.13.28 - - [25/Nov/2014:03:26:23 -0500] "GET /BLA/resoluciones/AUTOS%202011/3854.pdf HTTP/1.1" 200 238815
190.158.96.166 - - [25/Nov/2014:03:26:31 -0500] "GET /galeria/nivo-slider/demo/demo.html HTTP/1.1" 200 3432
190.158.96.166 - - [25/Nov/2014:03:26:31 -0500] "GET /galeria/nivo-slider/themes/default/default.css HTTP/1.1" 304 -
190.158.96.166 - - [25/Nov/2014:03:26:31 -0500] "GET /galeria/nivo-slider/demo/images/Banner-comparendo.jpg HTTP/1.1" 304 -
190.158.96.166 - - [25/Nov/2014:03:26:31 -0500] "GET /galeria/nivo-slider/demo/images/banner-pygaai.jpg HTTP/1.1" 200 82693
190.158.96.166 - - [25/Nov/2014:03:26:31 -0500] "GET /galeria/nivo-slider/demo/images/Banner-Ecourbanismo.jpg HTTP/1.1" 304 -
190.158.96.166 - - [25/Nov/2014:03:26:31 -0500] "GET /galeria/nivo-slider/demo/images/porloshumedales.jpg HTTP/1.1" 304 -
190.158.96.166 - - [25/Nov/2014:03:26:31 -0500] "GET /galeria/nivo-slider/demo/images/Biotaxis-Man.jpg HTTP/1.1" 200 99362
190.158.96.166 - - [25/Nov/2014:03:26:31 -0500] "GET /galeria/nivo-slider/demo/images/Tingua-azul.jpg HTTP/1.1" 304 -
190.158.96.166 - - [25/Nov/2014:03:26:31 -0500] "GET /galeria/nivo-slider/demo/images/Banner-Caracol-Africano.jpg HTTP/1.1" 304 -
190.158.96.166 - - [25/Nov/2014:03:26:31 -0500] "GET /galeria/nivo-slider/demo/images/banner-redes.jpg HTTP/1.1" 304 -
190.158.96.166 - - [25/Nov/2014:03:26:31 -0500] "GET /galeria/nivo-slider/demo/images/9Signos.jpg HTTP/1.1" 304 -
190.158.96.166 - - [25/Nov/2014:03:26:31 -0500] "GET /galeria/nivo-slider/demo/images/Hacienda_Molinos.jpg HTTP/1.1" 304 -
190.158.96.166 - - [25/Nov/2014:03:26:31 -0500] "GET /galeria/nivo-slider/demo/images/bannerEcolecta3.jpg HTTP/1.1" 304 -
190.158.96.166 - - [25/Nov/2014:03:26:31 -0500] "GET /videos/Spot_CambioClimatico.flv HTTP/1.1" 304 -
157.55.39.197 - - [25/Nov/2014:03:26:34 -0500] "GET /bla/resoluciones/resoluciones%202010/7348.pdf HTTP/1.1" 200 347518
190.158.96.166 - - [25/Nov/2014:03:26:41 -0500] "GET /isolucionsda/ HTTP/1.1" 200 739
190.158.96.166 - - [25/Nov/2014:03:26:41 -0500] "GET /isolucionsda/IdentificaUsuario.asp?Pagina1=FrameSetGeneral.asp& HTTP/1.1" 200 4997
207.46.13.28 - - [25/Nov/2014:03:26:44 -0500] "GET /BLA/resoluciones/RESOLUCIONES%202009/3021.pdf HTTP/1.1" 200 605954
207.46.13.28 - - [25/Nov/2014:03:26:44 -0500] "GET /BLA/resoluciones/RESOLUCIONES%202007/RES%202007%20801%20AL%20900/RESOLUCION%200900%20DE%202007.pdf HTTP/1.1" 200 205754
157.55.39.50 - - [25/Nov/2014:03:26:48 -0500] "GET /BLA/resoluciones/RESOLUCIONES%202009/7332.pdf HTTP/1.1" 200 688230
190.158.96.166 - - [25/Nov/2014:03:26:54 -0500] "GET /isolucionsda/ HTTP/1.1" 200 739
190.158.96.166 - - [25/Nov/2014:03:26:55 -0500] "GET /isolucionsda/IdentificaUsuario.asp?Pagina1=FrameSetGeneral.asp& HTTP/1.1" 200 4997
188.165.15.85 - - [25/Nov/2014:03:26:52 -0500] "GET /BLA/resoluciones/index.php?dir=AUTOS+2012%2F HTTP/1.1" 200 195917
157.55.39.197 - - [25/Nov/2014:03:26:58 -0500] "GET /BLA/resoluciones/AUTOS%202009/1018.pdf HTTP/1.1" 200 121338
157.55.39.197 - - [25/Nov/2014:03:26:59 -0500] "GET /BLA/resoluciones/RESOLUCIONES%202009/3242.pdf HTTP/1.1" 200 1365445
180.76.5.153 - - [25/Nov/2014:03:27:01 -0500] "GET /BLA/resoluciones/AUTOS%202007/2026.pdf HTTP/1.1" 200 77369
207.46.13.28 - - [25/Nov/2014:03:27:03 -0500] "GET /bla/resoluciones/resoluciones%202009/2238.pdf HTTP/1.1" 200 454543
190.158.96.166 - - [25/Nov/2014:03:27:05 -0500] "POST /isolucionsda/IdentificaUsuario.asp?Pagina1=FrameSetGeneral.asp& HTTP/1.1" 302 173
190.158.96.166 - - [25/Nov/2014:03:27:05 -0500] "GET /isolucionsda/FrameSetGeneral.asp?Pagina1=FrameSetGeneral.asp& HTTP/1.1" 200 6613
190.158.96.166 - - [25/Nov/2014:03:27:05 -0500] "GET /isolucionsda/Encabezado.asp?Pagina1=FrameSetGeneral.asp&&Pagina=MagazinHome.asp HTTP/1.1" 200 15388
190.158.96.166 - - [25/Nov/2014:03:27:05 -0500] "GET /isolucionsda/BarraTitulos.asp?Pagina1=FrameSetGeneral.asp&&Pagina=MagazinHome.asp HTTP/1.1" 200 6972
190.158.96.166 - - [25/Nov/2014:03:27:05 -0500] "GET /isolucionsda/BarraFavoritos.asp HTTP/1.1" 200 911
190.158.96.166 - - [25/Nov/2014:03:27:06 -0500] "GET /isolucionsda/Session.asp?Continue=1 HTTP/1.1" 200 6324
190.158.96.166 - - [25/Nov/2014:03:27:05 -0500] "GET /isolucionsda/MagazinHome.asp HTTP/1.1" 200 27531
190.158.96.166 - - [25/Nov/2014:03:27:06 -0500] "GET /isolucionsda/g/Bgr_Destacado3399CC.jpg HTTP/1.1" 404 5217
190.158.96.166 - - [25/Nov/2014:03:27:06 -0500] "GET /isolucionsda/TareasSFRedirect.asp HTTP/1.1" 302 195
190.158.96.166 - - [25/Nov/2014:03:27:08 -0500] "GET /isolucionsda/FrameSetGeneral.asp?Pagina=Menu.asp&IdModulo=4 HTTP/1.1" 200 6583
190.158.96.166 - - [25/Nov/2014:03:27:09 -0500] "GET /isolucionsda/BarraFavoritos.asp HTTP/1.1" 502 1362
190.158.96.166 - - [25/Nov/2014:03:27:09 -0500] "GET /isolucionsda/Menu.asp?Pagina=Menu.asp&IdModulo=4 HTTP/1.1" 200 9682
190.158.96.166 - - [25/Nov/2014:03:27:09 -0500] "GET /isolucionsda/Encabezado.asp?Pagina=Menu.asp&IdModulo=4 HTTP/1.1" 200 15389
190.158.96.166 - - [25/Nov/2014:03:27:09 -0500] "GET /isolucionsda/BarraTitulos.asp?Pagina=Menu.asp&IdModulo=4 HTTP/1.1" 200 6985
190.158.96.166 - - [25/Nov/2014:03:27:09 -0500] "GET /isolucionsda/Session.asp?Continue=1 HTTP/1.1" 200 6324
190.158.96.166 - - [25/Nov/2014:03:27:06 -0500] "GET /isolucionsda/Login.aspx?TARGET=SFContainerFiltrado.aspx&number=53575770676866554552 HTTP/1.1" 302 886
190.158.96.166 - - [25/Nov/2014:03:27:10 -0500] "GET /isolucionsda/FrameSetGeneral.asp?Pagina=ListadoMaestroDocumentos3.asp HTTP/1.1" 200 6634
190.158.96.166 - - [25/Nov/2014:03:27:10 -0500] "GET /isolucionsda/BarraTitulos.asp?Pagina=ListadoMaestroDocumentos3.asp HTTP/1.1" 200 6985
190.158.96.166 - - [25/Nov/2014:03:27:10 -0500] "GET /isolucionsda/Encabezado.asp?Pagina=ListadoMaestroDocumentos3.asp HTTP/1.1" 200 15364
190.158.96.166 - - [25/Nov/2014:03:27:10 -0500] "GET /isolucionsda/BarraFavoritos.asp HTTP/1.1" 200 911
190.158.96.166 - - [25/Nov/2014:03:27:10 -0500] "GET /isolucionsda/ListadoMaestroDocumentos3.asp?Pagina=ListadoMaestroDocumentos3.asp HTTP/1.1" 200 11467
190.158.96.166 - - [25/Nov/2014:03:27:10 -0500] "GET /isolucionsda/Session.asp?Continue=1 HTTP/1.1" 200 6324
190.158.96.166 - - [25/Nov/2014:03:27:12 -0500] "GET /isolucionsda/Jerarquia.asp?Tabla=Proceso&Form=Admon&CampoDisplay=ProcesoDisplayObjetoProceso&CampoHidden=Proceso&bSubmit=True&items= HTTP/1.1" 200 10587
157.55.39.50 - - [25/Nov/2014:03:27:13 -0500] "GET /BLA/resoluciones/RESOLUCIONES%202009/2623.pdf HTTP/1.1" 200 879804
66.249.65.115 - - [25/Nov/2014:03:27:16 -0500] "GET /BLA/resoluciones/RESOLUCIONES%202009/5661.pdf HTTP/1.1" 200 664852
190.158.96.166 - - [25/Nov/2014:03:27:16 -0500] "POST /isolucionsda/Jerarquia.asp HTTP/1.1" 200 8100
190.158.96.166 - - [25/Nov/2014:03:27:16 -0500] "POST /isolucionsda/ListadoMaestroDocumentos3.asp HTTP/1.1" 200 16444
157.55.39.102 - - [25/Nov/2014:03:27:20 -0500] "GET /BLA/resoluciones/RESOLUCIONES%202012/0210.pdf HTTP/1.1" 200 172981
157.55.39.102 - - [25/Nov/2014:03:27:21 -0500] "GET /BLA/resoluciones/AUTOS%202011/1349.pdf HTTP/1.1" 200 253339
157.55.39.102 - - [25/Nov/2014:03:27:21 -0500] "GET /BLA/resoluciones/Resoluciones%202011/1171.pdf HTTP/1.1" 200 276406
157.55.39.102 - - [25/Nov/2014:03:27:22 -0500] "GET /BLA/resoluciones/RESOLUCIONES%202008/1053.pdf HTTP/1.1" 200 60597
207.46.13.28 - - [25/Nov/2014:03:27:23 -0500] "GET /bla/resoluciones/resoluciones%202009/8079.pdf HTTP/1.1" 200 221567
190.158.96.166 - - [25/Nov/2014:03:27:24 -0500] "POST /isolucionsda/ListadoMaestroDocumentos3.asp HTTP/1.1" 200 12219
188.165.15.85 - - [25/Nov/2014:03:27:25 -0500] "GET /BLA/resoluciones/RESOLUCIONES%202003/ANEXOS%20RES%202048/00000014.tif HTTP/1.1" 200 178162
66.249.65.119 - - [25/Nov/2014:03:27:25 -0500] "GET /BLA/resoluciones/Autos%202008/0114.pdf HTTP/1.1" 200 163093
190.158.96.166 - - [25/Nov/2014:03:27:26 -0500] "GET /isolucionsda/FramesetArticulo.asp?Pagina=bancoconocimiento%2FC%2FCONTROLYMEJORA%5Fv7%2FCONTROLYMEJORA%5Fv7%2Easp&IdArticulo=7837 HTTP/1.1" 200 7221
190.158.96.166 - - [25/Nov/2014:03:27:26 -0500] "GET /isolucionsda/Arriba.asp?Pagina=bancoconocimiento%2FC%2FCONTROLYMEJORA%5Fv7%2FCONTROLYMEJORA%5Fv7%2Easp&IdArticulo=7837 HTTP/1.1" 200 10509
190.158.96.166 - - [25/Nov/2014:03:27:26 -0500] "GET /isolucionsda/bancoconocimiento/C/CONTROLYMEJORA_v7/CONTROLYMEJORA_v7.asp?IdArticulo=7837 HTTP/1.1" 200 82407
190.158.96.166 - - [25/Nov/2014:03:27:26 -0500] "GET /isolucionsda/g/vacio1x1.gif HTTP/1.1" 404 5195
157.55.39.50 - - [25/Nov/2014:03:27:27 -0500] "GET /bla/resoluciones/resoluciones%202009/5736.pdf HTTP/1.1" 200 127926
157.55.39.50 - - [25/Nov/2014:03:27:28 -0500] "GET /bla/resoluciones/resoluciones%202010/5256.pdf HTTP/1.1" 200 509491
157.55.39.197 - - [25/Nov/2014:03:27:33 -0500] "GET /BLA/resoluciones/RESOLUCIONES%202009/0477.pdf HTTP/1.1" 200 626682
157.55.39.50 - - [25/Nov/2014:03:27:37 -0500] "GET /bla/resoluciones/autos%202010/5641.pdf HTTP/1.1" 200 158773
157.55.39.50 - - [25/Nov/2014:03:27:38 -0500] "GET /bla/resoluciones/autos%202010/3312.pdf HTTP/1.1" 200 1516864
157.55.39.50 - - [25/Nov/2014:03:27:39 -0500] "GET /BLA/resoluciones/AUTOS%202009/2090.pdf HTTP/1.1" 200 98552
190.158.96.166 - - [25/Nov/2014:03:27:43 -0500] "GET /isolucionsda/bancoconocimiento/A/AuditoriasInternas_v7/AuditoriasInternas_v7.asp?IdArticulo=3868 HTTP/1.1" 302 214
190.158.96.166 - - [25/Nov/2014:03:27:43 -0500] "GET /isolucionsda/bancoconocimiento/A/AuditoriasInternas_v9/AuditoriasInternas_v9.asp?Id_Articulo=7800 HTTP/1.1" 200 69060
157.55.39.197 - - [25/Nov/2014:03:27:43 -0500] "GET /BLA/resoluciones/RESOLUCIONES%202009/1860.pdf HTTP/1.1" 200 585724
190.158.96.166 - - [25/Nov/2014:03:27:43 -0500] "GET /isolucionsda/g/vacio1x1.gif HTTP/1.1" 404 5195
190.158.96.166 - - [25/Nov/2014:03:27:53 -0500] "GET /isolucionsda/FrameSetArticulo.asp?Pagina=/isolucionsda/bancoconocimiento/P/PLANDEAUDITORIAINTERNA_v9/PLANDEAUDITORIAINTERNA_v9.asp?IdArticulo=7807 HTTP/1.1" 200 7333
190.158.96.166 - - [25/Nov/2014:03:27:53 -0500] "GET /isolucionsda/Arriba.asp?Pagina=/isolucionsda/bancoconocimiento/P/PLANDEAUDITORIAINTERNA_v9/PLANDEAUDITORIAINTERNA_v9.asp?IdArticulo=7807 HTTP/1.1" 200 10550
190.158.96.166 - - [25/Nov/2014:03:27:53 -0500] "GET /isolucionsda/bancoconocimiento/P/PLANDEAUDITORIAINTERNA_v9/PLANDEAUDITORIAINTERNA_v9.asp?IdArticulo=7807 HTTP/1.1" 302 179
157.55.39.102 - - [25/Nov/2014:03:27:58 -0500] "GET /BLA/resoluciones/Resoluciones%202011/1293.pdf HTTP/1.1" 200 361658
190.158.96.166 - - [25/Nov/2014:03:27:53 -0500] "GET /isolucionsda/bancoconocimiento/P/PLANDEAUDITORIAINTERNA_v9/anexo%202%20plan%20de%20auditoria%20interna%20%281%290.doc HTTP/1.1" 200 813568
190.158.96.166 - - [25/Nov/2014:03:27:59 -0500] "OPTIONS /isolucionsda/bancoconocimiento/P/PLANDEAUDITORIAINTERNA_v9/ HTTP/1.1" 200 -
190.158.96.166 - - [25/Nov/2014:03:27:59 -0500] "OPTIONS /isolucionsda/bancoconocimiento/P/PLANDEAUDITORIAINTERNA_v9/ HTTP/1.1" 200 -
190.158.96.166 - - [25/Nov/2014:03:27:59 -0500] "HEAD /isolucionsda/bancoconocimiento/P/PLANDEAUDITORIAINTERNA_v9/anexo%202%20plan%20de%20auditoria%20interna%20%281%290.doc HTTP/1.1" 200 -
157.55.39.197 - - [25/Nov/2014:03:28:00 -0500] "GET /BLA/resoluciones/AUTOS%202011/2897.pdf HTTP/1.1" 200 310197
207.46.13.28 - - [25/Nov/2014:03:28:03 -0500] "GET /BLA/resoluciones/RESOLUCIONES%202009/5162.pdf HTTP/1.1" 200 621628
157.55.39.49 - - [25/Nov/2014:03:28:07 -0500] "GET /BLA/resoluciones/RESOLUCIONES%202008/2745.pdf HTTP/1.1" 200 190494
157.55.39.49 - - [25/Nov/2014:03:28:08 -0500] "GET /BLA/resoluciones/RESOLUCIONES%202009/4145.pdf HTTP/1.1" 200 668048
190.158.96.166 - - [25/Nov/2014:03:28:08 -0500] "OPTIONS /isolucionsda/bancoconocimiento/P/ HTTP/1.1" 200 -
190.158.96.166 - - [25/Nov/2014:03:28:09 -0500] "HEAD /isolucionsda/bancoconocimiento/P/PLANDEAUDITORIAINTERNA_v9/anexo%202%20plan%20de%20auditoria%20interna%20%281%290.doc HTTP/1.1" 200 -
157.55.39.197 - - [25/Nov/2014:03:28:13 -0500] "GET /BLA/resoluciones/Resoluciones%202011/3011.pdf HTTP/1.1" 200 355703
66.249.65.119 - - [25/Nov/2014:03:28:22 -0500] "GET /BLA/resoluciones/RESOLUCIONES%202010/7776.pdf HTTP/1.1" 200 163891
157.55.39.197 - - [25/Nov/2014:03:28:28 -0500] "GET /BLA/resoluciones/RESOLUCIONES%202010/0391.pdf HTTP/1.1" 200 119342
190.158.96.166 - - [25/Nov/2014:03:28:11 -0500] "GET /isolucionsda/bancoconocimiento/P/PLANDEAUDITORIAINTERNA_v9/anexo%202%20plan%20de%20auditoria%20interna%20%281%290.doc HTTP/1.1" 200 813568
190.158.96.166 - - [25/Nov/2014:03:28:31 -0500] "HEAD /isolucionsda/bancoconocimiento/P/PLANDEAUDITORIAINTERNA_v9/anexo%202%20plan%20de%20auditoria%20interna%20%281%290.doc HTTP/1.1" 200 -
157.55.39.102 - - [25/Nov/2014:03:28:33 -0500] "-" 408 -
157.55.39.50 - - [25/Nov/2014:03:28:40 -0500] "GET /BLA/resoluciones/AUTOS%202010/3782.pdf HTTP/1.1" 200 258671
66.249.65.51 - - [25/Nov/2014:03:28:41 -0500] "GET /POT-2013/Cartografia/28_USOS%20Y%20AREAS%20DE%20ACTIVIDAD.pdf HTTP/1.1" 304 -
190.158.96.166 - - [25/Nov/2014:03:28:42 -0500] "OPTIONS /isolucionsda/bancoconocimiento/P/PLANDEAUDITORIAINTERNA_v9/ HTTP/1.1" 200 -
190.158.96.166 - - [25/Nov/2014:03:28:43 -0500] "HEAD /isolucionsda/bancoconocimiento/P/PLANDEAUDITORIAINTERNA_v9/ HTTP/1.1" 403 -
190.158.96.166 - - [25/Nov/2014:03:28:43 -0500] "OPTIONS /isolucionsda/bancoconocimiento/P/PLANDEAUDITORIAINTERNA_v9/ HTTP/1.1" 200 -
190.158.96.166 - - [25/Nov/2014:03:28:43 -0500] "HEAD /isolucionsda/bancoconocimiento/P/PLANDEAUDITORIAINTERNA_v9 HTTP/1.1" 301 -
190.158.96.166 - - [25/Nov/2014:03:28:44 -0500] "OPTIONS /isolucionsda/bancoconocimiento/P/PLANDEAUDITORIAINTERNA_v9/ HTTP/1.1" 200 -
190.158.96.166 - - [25/Nov/2014:03:28:44 -0500] "HEAD /isolucionsda/bancoconocimiento/P/PLANDEAUDITORIAINTERNA_v9 HTTP/1.1" 301 -
157.55.39.197 - - [25/Nov/2014:03:28:45 -0500] "GET /BLA/resoluciones/AUTOS%202010/5327.pdf HTTP/1.1" 200 183960
157.55.39.50 - - [25/Nov/2014:03:28:51 -0500] "GET /bla/resoluciones/resoluciones%202009/2327.pdf HTTP/1.1" 200 766053
157.55.39.50 - - [25/Nov/2014:03:28:51 -0500] "GET /bla/resoluciones/RESOLUCIONES%202011/1321.pdf HTTP/1.1" 200 75151
157.55.39.50 - - [25/Nov/2014:03:28:52 -0500] "GET /BLA/resoluciones/AUTOS%202011/0771.pdf HTTP/1.1" 200 436429
207.46.13.28 - - [25/Nov/2014:03:28:53 -0500] "-" 408 -
157.55.39.50 - - [25/Nov/2014:03:28:53 -0500] "GET /BLA/resoluciones/RESOLUCIONES%202009/1606.pdf HTTP/1.1" 200 591866
66.249.65.115 - - [25/Nov/2014:03:29:00 -0500] "GET /BLA/resoluciones/RESOLUCIONES%202011/1155.pdf HTTP/1.1" 200 326805
157.55.39.197 - - [25/Nov/2014:03:29:01 -0500] "GET /bla/resoluciones/resoluciones%202009/8676.pdf HTTP/1.1" 200 480541
157.55.39.102 - - [25/Nov/2014:03:29:07 -0500] "GET /BLA/resoluciones/AUTOS%202011/6153.pdf HTTP/1.1" 200 784132
157.55.39.102 - - [25/Nov/2014:03:29:08 -0500] "GET /BLA/resoluciones/RESOLUCIONES%202010/1407.pdf HTTP/1.1" 200 477209
157.55.39.102 - - [25/Nov/2014:03:29:08 -0500] "GET /bla/resoluciones/resoluciones%202009/4038.pdf HTTP/1.1" 200 299863
157.55.39.102 - - [25/Nov/2014:03:29:09 -0500] "GET /bla/resoluciones/resoluciones%202009/3601.pdf HTTP/1.1" 200 99319
157.55.39.50 - - [25/Nov/2014:03:29:09 -0500] "GET /BLA/resoluciones/RESOLUCIONES%202010/0607.pdf HTTP/1.1" 200 496821
66.249.65.115 - - [25/Nov/2014:03:29:16 -0500] "GET /BLA/resoluciones/RESOLUCIONES%202011/1527.pdf HTTP/1.1" 200 344966
66.249.65.119 - - [25/Nov/2014:03:29:28 -0500] "GET /BLA/resoluciones/RESOLUCIONES%202007/RES%202007%204201%20AL%204300/RESOLUCION%204239%20DE%202007.pdf HTTP/1.1" 200 389548
207.46.13.28 - - [25/Nov/2014:03:29:32 -0500] "GET /BLA/resoluciones/AUTOS%202009/0027.pdf HTTP/1.1" 200 224754
207.46.13.28 - - [25/Nov/2014:03:30:07 -0500] "GET /BLA/resoluciones/RESOLUCIONES%202008/2030.pdf HTTP/1.1" 200 203978
188.165.15.136 - - [25/Nov/2014:03:30:07 -0500] "GET /BLA/resoluciones/RESOLUCIONES%202006/RES%202006%201401-1450/00001433.tif HTTP/1.1" 200 228654
180.76.6.53 - - [25/Nov/2014:03:30:09 -0500] "GET /BLA/resoluciones/AUTOS%202009/3112.pdf HTTP/1.1" 200 153801
66.249.65.119 - - [25/Nov/2014:03:30:24 -0500] "GET /BLA/resoluciones/Notificaciones/AUTOS%202014/2133.doc HTTP/1.1" 200 229888
207.46.13.28 - - [25/Nov/2014:03:30:26 -0500] "GET /bla/resoluciones/resoluciones%202009/0208.pdf HTTP/1.1" 200 333013
207.46.13.28 - - [25/Nov/2014:03:30:26 -0500] "GET /bla/resoluciones/resoluciones%202010/7821.pdf HTTP/1.1" 200 422394
157.55.39.197 - - [25/Nov/2014:03:30:28 -0500] "-" 408 -
157.55.39.102 - - [25/Nov/2014:03:30:33 -0500] "GET /BLA/resoluciones/RESOLUCIONES%202010/1432.pdf HTTP/1.1" 200 967658
74.86.158.107 - - [25/Nov/2014:03:30:34 -0500] "HEAD / HTTP/1.1" 302 -
66.249.65.123 - - [25/Nov/2014:03:30:34 -0500] "GET /BLA/resoluciones/RESOLUCIONES%202011/5021.pdf HTTP/1.1" 200 247201
157.55.39.197 - - [25/Nov/2014:03:30:52 -0500] "GET /BLA/resoluciones/Resoluciones%202011/0697.pdf HTTP/1.1" 200 65911
180.76.5.72 - - [25/Nov/2014:03:30:56 -0500] "GET /BLA/resoluciones/AUTOS%202010/0876.pdf HTTP/1.1" 200 356004
207.46.13.28 - - [25/Nov/2014:03:31:06 -0500] "GET /bla/resoluciones/RESOLUCIONES%202009/?C=N;O=D HTTP/1.1" 200 593123
157.55.39.197 - - [25/Nov/2014:03:31:16 -0500] "GET /bla/resoluciones/RESOLUCIONES%202011/1300.pdf HTTP/1.1" 200 265037
188.165.15.78 - - [25/Nov/2014:03:31:18 -0500] "GET /BLA/resoluciones/index.php?dir=RESOLUCIONES+2007%2FRES+2007+601+AL+700%2F HTTP/1.1" 200 26655
207.46.13.28 - - [25/Nov/2014:03:31:26 -0500] "GET /BLA/resoluciones/RESOLUCIONES%202012/0256.pdf HTTP/1.1" 200 170875
207.46.13.28 - - [25/Nov/2014:03:31:28 -0500] "GET /BLA/resoluciones/AUTOS%202011/4866.pdf HTTP/1.1" 200 614461
157.55.39.50 - - [25/Nov/2014:03:31:36 -0500] "GET /BLA/resoluciones/RESOLUCIONES%202010/1612.pdf HTTP/1.1" 200 444532
157.55.39.50 - - [25/Nov/2014:03:31:36 -0500] "GET /BLA/resoluciones/RESOLUCIONES%202008/0443.pdf HTTP/1.1" 200 295382
66.249.65.123 - - [25/Nov/2014:03:31:41 -0500] "GET /BLA/resoluciones/RESOLUCIONES%202011/3897.pdf HTTP/1.1" 200 349594
188.165.15.187 - - [25/Nov/2014:03:31:51 -0500] "GET /BLA/resoluciones/RESOLUCIONES%202006/RES%202006%201951-2000/00001952.tif HTTP/1.1" 200 187898
207.46.13.28 - - [25/Nov/2014:03:32:09 -0500] "GET /bla/resoluciones/resoluciones%202009/0019.pdf HTTP/1.1" 200 255412
207.46.13.28 - - [25/Nov/2014:03:32:10 -0500] "GET /bla/resoluciones/resoluciones%202010/7756.pdf HTTP/1.1" 200 106305
157.55.39.50 - - [25/Nov/2014:03:32:26 -0500] "GET /bla/resoluciones/resoluciones%202009/3662.pdf HTTP/1.1" 200 87517
180.76.6.150 - - [25/Nov/2014:03:32:31 -0500] "GET /BLA/boletinlegal/Circulares/2011/Circular%20No.%204%20del%2012%20de%20Agosto%20de%202011.pdf HTTP/1.1" 200 601047
157.55.39.102 - - [25/Nov/2014:03:32:35 -0500] "GET /bla/resoluciones/resoluciones%202009/8894.pdf HTTP/1.1" 200 383905
157.55.39.102 - - [25/Nov/2014:03:32:36 -0500] "GET /bla/resoluciones/resoluciones%202009/2088.pdf HTTP/1.1" 200 333599
157.55.39.102 - - [25/Nov/2014:03:32:37 -0500] "GET /BLA/resoluciones/AUTOS%202011/2462.pdf HTTP/1.1" 200 164589
157.55.39.197 - - [25/Nov/2014:03:32:39 -0500] "GET /BLA/resoluciones/RESOLUCIONES%202009/5166.pdf HTTP/1.1" 200 626490
66.249.65.115 - - [25/Nov/2014:03:32:47 -0500] "GET /BLA/resoluciones/AUTOS%202007/0725.pdf HTTP/1.1" 200 261012
157.55.39.50 - - [25/Nov/2014:03:33:00 -0500] "GET /bla/resoluciones/RESOLUCIONES%202011/2400.pdf HTTP/1.1" 200 308175
157.55.39.49 - - [25/Nov/2014:03:33:01 -0500] "GET /BLA/resoluciones/RESOLUCIONES%202010/0836.pdf HTTP/1.1" 200 103430
157.55.39.197 - - [25/Nov/2014:03:33:02 -0500] "GET /BLA/resoluciones/RESOLUCIONES%202009/6723.pdf HTTP/1.1" 200 1982101
157.55.39.197 - - [25/Nov/2014:03:33:02 -0500] "GET /BLA/resoluciones/RESOLUCIONES%202009/3266.pdf HTTP/1.1" 200 702216
157.55.39.197 - - [25/Nov/2014:03:33:03 -0500] "GET /BLA/resoluciones/Resoluciones%202011/1009.pdf HTTP/1.1" 200 80195
157.55.39.49 - - [25/Nov/2014:03:33:06 -0500] "GET /BLA/resoluciones/RESOLUCIONES%202009/0352.pdf HTTP/1.1" 200 364844
157.55.39.50 - - [25/Nov/2014:03:33:11 -0500] "GET /bla/resoluciones/RESOLUCIONES%202011/3098.pdf HTTP/1.1" 200 726146
66.249.65.115 - - [25/Nov/2014:03:33:13 -0500] "GET /BLA/resoluciones/AUTOS%202007/0347.pdf HTTP/1.1" 200 189410
157.55.39.197 - - [25/Nov/2014:03:33:17 -0500] "GET /bla/resoluciones/autos%202010/0618.pdf HTTP/1.1" 200 179294
207.46.13.28 - - [25/Nov/2014:03:33:25 -0500] "GET /bla/resoluciones/resoluciones%202010/6082.pdf HTTP/1.1" 200 259741
207.46.13.28 - - [25/Nov/2014:03:33:26 -0500] "GET /BLA/resoluciones/RESOLUCIONES%202012/0733.pdf HTTP/1.1" 200 280118
207.46.13.28 - - [25/Nov/2014:03:33:26 -0500] "GET /BLA/resoluciones/RESOLUCIONES%202008/0407.pdf HTTP/1.1" 200 1382539
207.46.13.28 - - [25/Nov/2014:03:33:27 -0500] "GET /bla/resoluciones/resoluciones%202009/9165.pdf HTTP/1.1" 200 435841
157.55.39.197 - - [25/Nov/2014:03:33:29 -0500] "GET /BLA/resoluciones/RESOLUCIONES%202009/1256.pdf HTTP/1.1" 200 551158
157.55.39.50 - - [25/Nov/2014:03:33:35 -0500] "GET /BLA/resoluciones/AUTOS%202011/3041.pdf HTTP/1.1" 200 191495
157.55.39.197 - - [25/Nov/2014:03:33:39 -0500] "GET /BLA/resoluciones/AUTOS%202011/2510.pdf HTTP/1.1" 200 240439
157.55.39.50 - - [25/Nov/2014:03:33:45 -0500] "GET /BLA/resoluciones/RESOLUCIONES%202010/1241.pdf HTTP/1.1" 200 111734
157.55.39.50 - - [25/Nov/2014:03:33:45 -0500] "GET /BLA/resoluciones/RESOLUCIONES%202008/1262.pdf HTTP/1.1" 200 486984
66.249.65.119 - - [25/Nov/2014:03:33:53 -0500] "GET /BLA/circulares/2011IE09584.pdf HTTP/1.1" 200 224292
157.55.39.102 - - [25/Nov/2014:03:34:04 -0500] "GET /bla/resoluciones/RESOLUCIONES%202011/0939.pdf HTTP/1.1" 200 69825
157.55.39.102 - - [25/Nov/2014:03:34:05 -0500] "GET /BLA/resoluciones/Resoluciones%202011/2437.pdf HTTP/1.1" 200 745134
180.76.6.65 - - [25/Nov/2014:03:34:06 -0500] "GET /BLA/resoluciones/RESOLUCIONES%202008/1901.pdf HTTP/1.1" 200 206095
157.55.39.49 - - [25/Nov/2014:03:34:07 -0500] "GET /bla/resoluciones/resoluciones%202009/0098.pdf HTTP/1.1" 200 231464
157.55.39.49 - - [25/Nov/2014:03:34:08 -0500] "GET /BLA/resoluciones/RESOLUCIONES%202007/RES%202007%20801%20AL%20900/RESOLUCION%200815%20DE%202007.pdf HTTP/1.1" 200 189831
190.158.96.166 - - [25/Nov/2014:03:34:13 -0500] "GET /galeria/nivo-slider/demo/demo.html HTTP/1.1" 304 -
190.158.96.166 - - [25/Nov/2014:03:34:13 -0500] "GET /galeria/nivo-slider/demo/images/banner-pygaai.jpg HTTP/1.1" 304 -
207.46.13.28 - - [25/Nov/2014:03:34:22 -0500] "GET /BLA/resoluciones/RESOLUCIONES%202008/2532.pdf HTTP/1.1" 200 242253
207.46.13.28 - - [25/Nov/2014:03:34:22 -0500] "GET /bla/resoluciones/RESOLUCIONES%202011/0158.pdf HTTP/1.1" 200 433955
66.249.65.123 - - [25/Nov/2014:03:34:27 -0500] "GET /BLA/resoluciones/RESOLUCIONES%202011/1051.pdf HTTP/1.1" 200 296910
157.55.39.102 - - [25/Nov/2014:03:34:27 -0500] "GET /BLA/resoluciones/RESOLUCIONES%202010/1200.pdf HTTP/1.1" 200 111878
157.55.39.197 - - [25/Nov/2014:03:34:47 -0500] "GET /bla/resoluciones/resoluciones%202009/2482.pdf HTTP/1.1" 200 906536
157.55.39.197 - - [25/Nov/2014:03:34:48 -0500] "GET /bla/resoluciones/resoluciones%202010/7095.pdf HTTP/1.1" 200 73037
157.55.39.197 - - [25/Nov/2014:03:34:48 -0500] "GET /BLA/resoluciones/Resoluciones%202011/1828.pdf HTTP/1.1" 200 500784
157.55.39.50 - - [25/Nov/2014:03:34:51 -0500] "GET /bla/resoluciones/resoluciones%202010/5735.pdf HTTP/1.1" 200 92230
188.165.15.85 - - [25/Nov/2014:03:34:54 -0500] "GET /BLA/resoluciones/RESOLUCIONES%202004/RES%202004%201501-1550/00001521.tif HTTP/1.1" 200 150408
66.249.65.119 - - [25/Nov/2014:03:34:59 -0500] "GET /BLA/resoluciones/RESOLUCIONES%202011/0332.pdf HTTP/1.1" 200 69799
157.55.39.50 - - [25/Nov/2014:03:34:56 -0500] "GET /BLA/resoluciones/Autos%202008/?C=M;O=A HTTP/1.1" 200 593318
157.55.39.49 - - [25/Nov/2014:03:35:06 -0500] "GET /BLA/resoluciones/RESOLUCIONES%202008/0649.pdf HTTP/1.1" 200 96939
157.55.39.197 - - [25/Nov/2014:03:35:10 -0500] "GET /BLA/resoluciones/Resoluciones%202011/2904.pdf HTTP/1.1" 200 522480
157.55.39.197 - - [25/Nov/2014:03:35:11 -0500] "GET /BLA/resoluciones/AUTOS%202011/1988.pdf HTTP/1.1" 200 94391
157.55.39.197 - - [25/Nov/2014:03:35:12 -0500] "GET /BLA/resoluciones/AUTOS%202011/6106.pdf HTTP/1.1" 200 185939
207.46.13.28 - - [25/Nov/2014:03:35:23 -0500] "GET /bla/resoluciones/resoluciones%202009/1045.pdf HTTP/1.1" 200 202973
207.46.13.28 - - [25/Nov/2014:03:35:24 -0500] "GET /BLA/resoluciones/AUTOS%202010/1896.pdf HTTP/1.1" 200 146773
157.55.39.102 - - [25/Nov/2014:03:35:30 -0500] "GET /BLA/resoluciones/RESOLUCIONES%202009/2278.pdf HTTP/1.1" 200 396604
157.55.39.102 - - [25/Nov/2014:03:35:31 -0500] "GET /BLA/resoluciones/RESOLUCIONES%202010/0084.pdf HTTP/1.1" 200 538631
157.55.39.102 - - [25/Nov/2014:03:35:31 -0500] "GET /bla/resoluciones/resoluciones%202009/0562.pdf HTTP/1.1" 200 516365
157.55.39.102 - - [25/Nov/2014:03:35:32 -0500] "GET /BLA/resoluciones/AUTOS%202011/4038.pdf HTTP/1.1" 200 314063
74.86.158.107 - - [25/Nov/2014:03:35:34 -0500] "HEAD / HTTP/1.1" 302 -
157.55.39.197 - - [25/Nov/2014:03:35:37 -0500] "GET /BLA/resoluciones/RESOLUCIONES%202008/1599.pdf HTTP/1.1" 200 300737
157.55.39.50 - - [25/Nov/2014:03:35:42 -0500] "GET /BLA/resoluciones/AUTOS%202011/3069.pdf HTTP/1.1" 200 248671
157.55.39.50 - - [25/Nov/2014:03:35:42 -0500] "GET /BLA/resoluciones/Resoluciones%202011/1584.pdf HTTP/1.1" 200 74475
157.55.39.50 - - [25/Nov/2014:03:35:56 -0500] "GET /BLA/resoluciones/RESOLUCIONES%202009/2024.pdf HTTP/1.1" 200 373294
157.55.39.49 - - [25/Nov/2014:03:36:01 -0500] "GET /BLA/resoluciones/RESOLUCIONES%202012/0317.pdf HTTP/1.1" 200 380151
66.249.65.119 - - [25/Nov/2014:03:36:05 -0500] "GET /BLA/resoluciones/RESOLUCIONES%202007/RES%202007%20701%20AL%20800/RESOLUCION%200798%20DE%202007.pdf HTTP/1.1" 200 422460
66.249.65.115 - - [25/Nov/2014:03:36:07 -0500] "GET /BLA/resoluciones/RESOLUCIONES%202011/2301.pdf HTTP/1.1" 200 315062
157.55.39.102 - - [25/Nov/2014:03:36:08 -0500] "GET /bla/resoluciones/resoluciones%202010/5305.pdf HTTP/1.1" 200 750339
157.55.39.102 - - [25/Nov/2014:03:36:09 -0500] "GET /BLA/resoluciones/RESOLUCIONES%202009/2082.pdf HTTP/1.1" 200 575123
157.55.39.102 - - [25/Nov/2014:03:36:10 -0500] "GET /bla/resoluciones/RESOLUCIONES%202011/0200.pdf HTTP/1.1" 200 90259
157.55.39.102 - - [25/Nov/2014:03:36:10 -0500] "GET /BLA/resoluciones/AUTOS%202011/0497.pdf HTTP/1.1" 200 157680
157.55.39.197 - - [25/Nov/2014:03:36:10 -0500] "GET /bla/resoluciones/RESOLUCIONES%202011/0369.pdf HTTP/1.1" 200 63505
157.55.39.102 - - [25/Nov/2014:03:36:11 -0500] "GET /BLA/resoluciones/RESOLUCIONES%202009/4210.pdf HTTP/1.1" 200 1068599
157.55.39.197 - - [25/Nov/2014:03:36:16 -0500] "GET /videos/galeria-fotografica/index14.html? HTTP/1.1" 200 1971
157.55.39.50 - - [25/Nov/2014:03:36:22 -0500] "GET /BLA/resoluciones/Resoluciones%202011/1067.pdf HTTP/1.1" 200 397233
66.249.65.119 - - [25/Nov/2014:03:36:23 -0500] "GET /BLA/resoluciones/RESOLUCIONES%202005/RES%202005%201251-1300/00001265.tif HTTP/1.1" 200 141214
207.46.13.28 - - [25/Nov/2014:03:36:27 -0500] "GET /BLA/resoluciones/RESOLUCIONES%202009/0153.pdf HTTP/1.1" 200 265834
180.76.6.152 - - [25/Nov/2014:03:36:28 -0500] "GET /BLA/resoluciones/AUTOS%202011/7813.pdf HTTP/1.1" 200 141408
157.55.39.197 - - [25/Nov/2014:03:36:31 -0500] "GET /BLA/resoluciones/AUTOS%202010/5809.pdf HTTP/1.1" 200 339097
157.55.39.197 - - [25/Nov/2014:03:36:32 -0500] "GET /BLA/resoluciones/Resoluciones%202011/0847.pdf HTTP/1.1" 200 245080
157.55.39.197 - - [25/Nov/2014:03:36:32 -0500] "GET /bla/resoluciones/resoluciones%202010/6784.pdf HTTP/1.1" 200 628356
157.55.39.50 - - [25/Nov/2014:03:36:36 -0500] "GET /bla/resoluciones/resoluciones%202009/4962.pdf HTTP/1.1" 200 344164
66.249.65.119 - - [25/Nov/2014:03:36:24 -0500] "GET /BLA/resoluciones/index.php?dir=RESOLUCIONES%202009/&sort=size&order=desc HTTP/1.1" 200 1672911
157.55.39.197 - - [25/Nov/2014:03:36:43 -0500] "GET /BLA/resoluciones/RESOLUCIONES%202010/1184.pdf HTTP/1.1" 200 96227
188.165.15.187 - - [25/Nov/2014:03:36:54 -0500] "GET /BLA/resoluciones/RESOLUCIONES%202005/RES%202005%20951-1000/00000994.tif HTTP/1.1" 200 287370
157.55.39.197 - - [25/Nov/2014:03:36:58 -0500] "GET /BLA/resoluciones/Resoluciones%202011/1012.pdf HTTP/1.1" 200 70787
157.55.39.197 - - [25/Nov/2014:03:36:59 -0500] "GET /BLA/resoluciones/RESOLUCIONES%202008/2137.pdf HTTP/1.1" 200 597040
157.55.39.197 - - [25/Nov/2014:03:37:08 -0500] "GET /BLA/resoluciones/RESOLUCIONES%202010/1562.pdf HTTP/1.1" 200 685928
66.249.65.119 - - [25/Nov/2014:03:37:11 -0500] "GET /BLA/resoluciones/RESOLUCIONES%202008/3722.pdf HTTP/1.1" 200 408764
66.249.65.123 - - [25/Nov/2014:03:37:27 -0500] "GET /BLA/resoluciones/RESOLUCIONES%202011/1769.pdf HTTP/1.1" 200 508043
157.55.39.197 - - [25/Nov/2014:03:37:33 -0500] "GET /bla/resoluciones/resoluciones%202010/7129.pdf HTTP/1.1" 200 274175
207.46.13.28 - - [25/Nov/2014:03:37:46 -0500] "-" 408 -
157.55.39.50 - - [25/Nov/2014:03:37:46 -0500] "GET /BLA/resoluciones/AUTOS%202009/0664.pdf HTTP/1.1" 200 81412
157.55.39.50 - - [25/Nov/2014:03:37:46 -0500] "GET /BLA/resoluciones/AUTOS%202009/1737.pdf HTTP/1.1" 200 100373
157.55.39.50 - - [25/Nov/2014:03:37:48 -0500] "GET /BLA/resoluciones/RESOLUCIONES%202010/0194.pdf HTTP/1.1" 200 512317
157.55.39.197 - - [25/Nov/2014:03:37:55 -0500] "GET /BLA/resoluciones/RESOLUCIONES%202008/2783.pdf HTTP/1.1" 200 253563
157.55.39.102 - - [25/Nov/2014:03:37:56 -0500] "GET /BLA/resoluciones/RESOLUCIONES%202010/0099.pdf HTTP/1.1" 200 502741
157.55.39.102 - - [25/Nov/2014:03:37:57 -0500] "GET /bla/resoluciones/resoluciones%202010/6034.pdf HTTP/1.1" 200 644277
157.55.39.102 - - [25/Nov/2014:03:37:58 -0500] "GET /BLA/resoluciones/Resoluciones%202011/0593.pdf HTTP/1.1" 200 287410
157.55.39.102 - - [25/Nov/2014:03:37:59 -0500] "GET /BLA/resoluciones/AUTOS%202011/7795.pdf HTTP/1.1" 200 342551
157.55.39.102 - - [25/Nov/2014:03:37:59 -0500] "GET /BLA/resoluciones/AUTOS%202009/2283.pdf HTTP/1.1" 200 109154
157.55.39.102 - - [25/Nov/2014:03:38:03 -0500] "GET /BLA/resoluciones/RESOLUCIONES%202009/6099.pdf HTTP/1.1" 200 663825
180.76.5.143 - - [25/Nov/2014:03:38:03 -0500] "GET /BLA/resoluciones/RESOLUCIONES%202010/7439.pdf HTTP/1.1" 200 355165
157.55.39.197 - - [25/Nov/2014:03:38:06 -0500] "GET /bla/resoluciones/resoluciones%202010/6235.pdf HTTP/1.1" 200 653369
157.55.39.50 - - [25/Nov/2014:03:38:12 -0500] "GET /BLA/resoluciones/AUTOS%202011/2151.pdf HTTP/1.1" 200 197761
66.249.65.119 - - [25/Nov/2014:03:38:17 -0500] "GET /BLA/resoluciones/RESOLUCIONES%202009/0122.pdf HTTP/1.1" 200 263224
207.46.13.28 - - [25/Nov/2014:03:38:23 -0500] "GET /BLA/resoluciones/AUTOS%202010/0873.pdf HTTP/1.1" 200 291232
157.55.39.102 - - [25/Nov/2014:03:38:32 -0500] "GET /BLA/resoluciones/AUTOS%202011/4108.pdf HTTP/1.1" 200 230613
157.55.39.102 - - [25/Nov/2014:03:38:32 -0500] "GET /BLA/resoluciones/RESOLUCIONES%202008/1573.pdf HTTP/1.1" 200 54661
157.55.39.50 - - [25/Nov/2014:03:38:34 -0500] "GET /BLA/resoluciones/RESOLUCIONES%202008/2554.pdf HTTP/1.1" 200 65615
207.46.13.28 - - [25/Nov/2014:03:38:47 -0500] "GET /BLA/resoluciones/RESOLUCIONES%202009/7380.pdf HTTP/1.1" 200 964661
207.46.13.28 - - [25/Nov/2014:03:38:47 -0500] "GET /bla/resoluciones/resoluciones%202009/8835.pdf HTTP/1.1" 200 566022
157.55.39.197 - - [25/Nov/2014:03:39:09 -0500] "GET /BLA/resoluciones/AUTOS%202011/4906.pdf HTTP/1.1" 200 195821
157.55.39.197 - - [25/Nov/2014:03:39:10 -0500] "GET /BLA/resoluciones/AUTOS%202009/2187.pdf HTTP/1.1" 200 101464
207.46.13.28 - - [25/Nov/2014:03:39:14 -0500] "GET /bla/resoluciones/resoluciones%202009/2141.pdf HTTP/1.1" 200 476287
207.46.13.28 - - [25/Nov/2014:03:39:15 -0500] "GET /bla/resoluciones/resoluciones%202009/3663.pdf HTTP/1.1" 200 45184
207.46.13.28 - - [25/Nov/2014:03:39:16 -0500] "GET /BLA/resoluciones/RESOLUCIONES%202009/0743.pdf HTTP/1.1" 200 43291
157.55.39.50 - - [25/Nov/2014:03:39:18 -0500] "GET /BLA/resoluciones/AUTOS%202009/0988.pdf HTTP/1.1" 200 207152
66.249.65.119 - - [25/Nov/2014:03:39:23 -0500] "GET /BLA/resoluciones/AUTOS%202009/0616.pdf HTTP/1.1" 200 120882
157.55.39.102 - - [25/Nov/2014:03:39:28 -0500] "GET /BLA/resoluciones/RESOLUCIONES%202008/1238.pdf HTTP/1.1" 200 183484
157.55.39.102 - - [25/Nov/2014:03:39:28 -0500] "GET /BLA/resoluciones/Resoluciones%202011/3147.pdf HTTP/1.1" 200 568504
157.55.39.102 - - [25/Nov/2014:03:39:29 -0500] "GET /BLA/resoluciones/RESOLUCIONES%202010/0464.pdf HTTP/1.1" 200 100332
157.55.39.102 - - [25/Nov/2014:03:39:29 -0500] "GET /bla/resoluciones/RESOLUCIONES%202011/1050.pdf HTTP/1.1" 200 273587
66.249.65.119 - - [25/Nov/2014:03:39:31 -0500] "GET /BLA/resoluciones/AUTOS%202006/AUTOS%202006%201801-%201900/00001818.tif HTTP/1.1" 200 214240
157.55.39.50 - - [25/Nov/2014:03:39:32 -0500] "GET /BLA/resoluciones/RESOLUCIONES%202009/1319.pdf HTTP/1.1" 200 372125
157.55.39.50 - - [25/Nov/2014:03:39:42 -0500] "GET /bla/resoluciones/RESOLUCIONES%202011/0823.pdf HTTP/1.1" 200 294988
157.55.39.197 - - [25/Nov/2014:03:39:49 -0500] "GET /BLA/resoluciones/RESOLUCIONES%202008/1351.pdf HTTP/1.1" 200 785970
157.55.39.197 - - [25/Nov/2014:03:39:50 -0500] "GET /BLA/resoluciones/Resoluciones%202011/1426.pdf HTTP/1.1" 200 977342
207.46.13.28 - - [25/Nov/2014:03:39:53 -0500] "GET /BLA/resoluciones/RESOLUCIONES%202009/7693.pdf HTTP/1.1" 200 1416166
207.46.13.28 - - [25/Nov/2014:03:39:55 -0500] "GET /bla/resoluciones/autos%202010/5627.pdf HTTP/1.1" 200 208465
207.46.13.28 - - [25/Nov/2014:03:39:56 -0500] "GET /bla/resoluciones/RESOLUCIONES%202011/2054.pdf HTTP/1.1" 200 308991
157.55.39.102 - - [25/Nov/2014:03:40:00 -0500] "GET /BLA/resoluciones/Resoluciones%202011/1612.pdf HTTP/1.1" 200 72389
157.55.39.102 - - [25/Nov/2014:03:40:07 -0500] "GET /BLA/resoluciones/AUTOS%202010/5331.pdf HTTP/1.1" 200 304909
157.55.39.50 - - [25/Nov/2014:03:40:08 -0500] "GET /BLA/resoluciones/AUTOS%202011/4566.pdf HTTP/1.1" 200 263121
66.249.65.123 - - [25/Nov/2014:03:40:29 -0500] "GET /BLA/resoluciones/RESOLUCIONES%202009/3989.pdf HTTP/1.1" 200 508705
74.86.158.107 - - [25/Nov/2014:03:40:34 -0500] "HEAD / HTTP/1.1" 302 -
190.90.160.77 - - [25/Nov/2014:03:40:35 -0500] "GET /BLA/boletinlegal/js/jquery.scrollTo-min.js HTTP/1.1" 200 1150
190.90.160.77 - - [25/Nov/2014:03:40:35 -0500] "GET /BLA/boletinlegal/js/jquery.js HTTP/1.1" 200 57254
190.90.160.77 - - [25/Nov/2014:03:40:35 -0500] "GET /BLA/boletinlegal/js/jquery.scrollShow.js HTTP/1.1" 200 4586
177.23.72.133 - - [25/Nov/2014:03:40:39 -0500] "GET / HTTP/1.0" 302 -
207.46.13.28 - - [25/Nov/2014:03:40:40 -0500] "GET /BLA/resoluciones/AUTOS%202010/6626.pdf HTTP/1.1" 200 148721
157.55.39.50 - - [25/Nov/2014:03:40:44 -0500] "GET /bla/resoluciones/resoluciones%202010/5517.pdf HTTP/1.1" 200 2606850
180.76.6.156 - - [25/Nov/2014:03:40:45 -0500] "GET /BLA/resoluciones/AUTOS%202010/0054.pdf HTTP/1.1" 200 164352
157.55.39.197 - - [25/Nov/2014:03:40:49 -0500] "GET /BLA/resoluciones/RESOLUCIONES%202008/1061.pdf HTTP/1.1" 200 1076473
157.55.39.197 - - [25/Nov/2014:03:40:50 -0500] "GET /bla/resoluciones/resoluciones%202009/1101.pdf HTTP/1.1" 200 302475
157.55.39.50 - - [25/Nov/2014:03:40:54 -0500] "GET /bla/resoluciones/RESOLUCIONES%202011/2150.pdf HTTP/1.1" 200 518011
188.165.15.210 - - [25/Nov/2014:03:40:59 -0500] "GET /BLA/resoluciones/index.php?dir=RESOLUCIONES+2006%2FRES+2006+301-350%2F HTTP/1.1" 200 12249
157.55.39.102 - - [25/Nov/2014:03:41:03 -0500] "GET /BLA/resoluciones/RESOLUCIONES%202007/RES%202007%204201%20AL%204300/RESOLUCION%204286%20DE%202007.pdf HTTP/1.1" 200 1257578
157.55.39.197 - - [25/Nov/2014:03:41:05 -0500] "GET /BLA/resoluciones/RESOLUCIONES%202008/1105.pdf HTTP/1.1" 200 180131
157.55.39.197 - - [25/Nov/2014:03:41:06 -0500] "GET /BLA/resoluciones/Resoluciones%202011/2668.pdf HTTP/1.1" 200 780562
207.46.13.28 - - [25/Nov/2014:03:41:12 -0500] "GET /bla/resoluciones/resoluciones%202009/1632.pdf HTTP/1.1" 200 502355
207.46.13.28 - - [25/Nov/2014:03:41:12 -0500] "GET /BLA/resoluciones/RESOLUCIONES%202008/2806.pdf HTTP/1.1" 200 254452
207.46.13.28 - - [25/Nov/2014:03:41:13 -0500] "GET /BLA/resoluciones/AUTOS%202010/5464.pdf HTTP/1.1" 200 163770
66.249.65.123 - - [25/Nov/2014:03:41:15 -0500] "GET /BLA/resoluciones/RESOLUCIONES%202011/2409.pdf HTTP/1.1" 200 312318
157.55.39.50 - - [25/Nov/2014:03:41:17 -0500] "GET /bla/resoluciones/resoluciones%202009/2000.pdf HTTP/1.1" 200 623555
157.55.39.197 - - [25/Nov/2014:03:41:22 -0500] "GET /BLA/resoluciones/AUTOS%202009/1262.pdf HTTP/1.1" 200 105974
157.55.39.197 - - [25/Nov/2014:03:41:23 -0500] "GET /bla/resoluciones/RESOLUCIONES%202011/0551.pdf HTTP/1.1" 200 73787
157.55.39.197 - - [25/Nov/2014:03:41:23 -0500] "GET /bla/resoluciones/RESOLUCIONES%202011/2204.pdf HTTP/1.1" 200 509777
157.55.39.197 - - [25/Nov/2014:03:41:38 -0500] "GET /bla/resoluciones/resoluciones%202009/0677.pdf HTTP/1.1" 200 249923
157.55.39.197 - - [25/Nov/2014:03:41:38 -0500] "GET /bla/resoluciones/autos%202010/2424.pdf HTTP/1.1" 200 1460038
157.55.39.50 - - [25/Nov/2014:03:41:39 -0500] "GET /BLA/resoluciones/RESOLUCIONES%202010/2311.pdf HTTP/1.1" 200 513231
157.55.39.50 - - [25/Nov/2014:03:41:46 -0500] "GET /BLA/resoluciones/RESOLUCIONES%202008/1669.pdf HTTP/1.1" 200 90741
157.55.39.50 - - [25/Nov/2014:03:41:46 -0500] "GET /bla/resoluciones/resoluciones%202009/1680.pdf HTTP/1.1" 200 695250
157.55.39.50 - - [25/Nov/2014:03:41:52 -0500] "GET /BLA/resoluciones/AUTOS%202010/0863.pdf HTTP/1.1" 200 255847
157.55.39.50 - - [25/Nov/2014:03:41:53 -0500] "GET /bla/resoluciones/resoluciones%202010/7476.pdf HTTP/1.1" 200 410004
157.55.39.102 - - [25/Nov/2014:03:42:00 -0500] "GET /BLA/resoluciones/RESOLUCIONES%202009/0551.pdf HTTP/1.1" 200 594010
157.55.39.102 - - [25/Nov/2014:03:42:00 -0500] "GET /BLA/resoluciones/AUTOS%202009/3424.pdf HTTP/1.1" 200 98084
157.55.39.197 - - [25/Nov/2014:03:42:03 -0500] "GET /bla/resoluciones/RESOLUCIONES%202011/1493.pdf HTTP/1.1" 200 72259
157.55.39.102 - - [25/Nov/2014:03:42:04 -0500] "GET /bla/resoluciones/resoluciones%202009/2293.pdf HTTP/1.1" 200 314710
157.55.39.102 - - [25/Nov/2014:03:42:04 -0500] "GET /bla/resoluciones/resoluciones%202009/9752.pdf HTTP/1.1" 200 293137
157.55.39.102 - - [25/Nov/2014:03:42:05 -0500] "GET /BLA/resoluciones/Resoluciones%202011/1464.pdf HTTP/1.1" 200 74069
157.55.39.197 - - [25/Nov/2014:03:42:08 -0500] "GET /BLA/resoluciones/Resoluciones%202011/1587.pdf HTTP/1.1" 200 79929
207.46.13.28 - - [25/Nov/2014:03:42:15 -0500] "GET /bla/resoluciones/resoluciones%202010/5962.pdf HTTP/1.1" 200 330791
207.46.13.28 - - [25/Nov/2014:03:42:16 -0500] "GET /BLA/resoluciones/RESOLUCIONES%202010/1030.pdf HTTP/1.1" 200 1088521
207.46.13.28 - - [25/Nov/2014:03:42:17 -0500] "GET /BLA/resoluciones/RESOLUCIONES%202008/2835.pdf HTTP/1.1" 200 258717
66.249.65.123 - - [25/Nov/2014:03:42:21 -0500] "GET /BLA/resoluciones/RESOLUCIONES%202010/6078.pdf HTTP/1.1" 200 284228
157.55.39.102 - - [25/Nov/2014:03:42:30 -0500] "GET /bla/resoluciones/RESOLUCIONES%202011/1293.pdf HTTP/1.1" 200 361658
66.249.65.119 - - [25/Nov/2014:03:42:41 -0500] "GET /BLA/resoluciones/AUTOS%202011/1643.pdf HTTP/1.1" 200 217150
188.165.15.210 - - [25/Nov/2014:03:42:45 -0500] "GET /BLA/resoluciones/RESOLUCIONES%202004/RES%202004%201201-1250/00001222.tif HTTP/1.1" 200 118712
157.55.39.50 - - [25/Nov/2014:03:42:48 -0500] "GET /bla/resoluciones/resoluciones%202010/6386.pdf HTTP/1.1" 200 261064
157.55.39.197 - - [25/Nov/2014:03:42:53 -0500] "GET /BLA/resoluciones/AUTOS%202011/4109.pdf HTTP/1.1" 200 142664
207.46.13.28 - - [25/Nov/2014:03:43:02 -0500] "GET /BLA/resoluciones/RESOLUCIONES%202008/2367.pdf HTTP/1.1" 200 288636
207.46.13.28 - - [25/Nov/2014:03:43:02 -0500] "GET /BLA/resoluciones/RESOLUCIONES%202009/1130.pdf HTTP/1.1" 200 162486
100.43.85.25 - - [25/Nov/2014:03:43:08 -0500] "GET /links/link3.gif HTTP/1.1" 404 1019
180.76.5.155 - - [25/Nov/2014:03:43:13 -0500] "GET /BLA/resoluciones/RESOLUCIONES%202007/RES%202007%20801%20AL%20900/RESOLUCION%200834%20DE%202007.pdf HTTP/1.1" 200 486126
157.55.39.50 - - [25/Nov/2014:03:43:24 -0500] "GET /BLA/resoluciones/RESOLUCIONES%202009/3074.pdf HTTP/1.1" 200 682573
157.55.39.197 - - [25/Nov/2014:03:43:29 -0500] "GET /bla/resoluciones/resoluciones%202010/7084.pdf HTTP/1.1" 200 65015
66.249.65.123 - - [25/Nov/2014:03:43:35 -0500] "GET /BLA/resoluciones/RESOLUCIONES%202007/RES%202007%202501%20AL%202600/RESOLUCION%202582%20DE%202007.pdf HTTP/1.1" 200 674596
157.55.39.197 - - [25/Nov/2014:03:43:39 -0500] "-" 408 -
66.249.65.119 - - [25/Nov/2014:03:43:48 -0500] "GET /BLA/resoluciones/RESOLUCIONES%202009/0508.pdf HTTP/1.1" 200 186343
157.55.39.102 - - [25/Nov/2014:03:43:49 -0500] "GET /bla/resoluciones/resoluciones%202009/6904.pdf HTTP/1.1" 200 269249
157.55.39.102 - - [25/Nov/2014:03:43:49 -0500] "GET /BLA/resoluciones/AUTOS%202010/0154.pdf HTTP/1.1" 200 189839
157.55.39.102 - - [25/Nov/2014:03:43:50 -0500] "GET /BLA/resoluciones/RESOLUCIONES%202007/RES%202007%20201%20AL%20300/RESOLUCION%200289%20DE%202007.pdf HTTP/1.1" 200 501606
157.55.39.102 - - [25/Nov/2014:03:43:50 -0500] "GET /bla/resoluciones/resoluciones%202009/2414.pdf HTTP/1.1" 200 333132
157.55.39.102 - - [25/Nov/2014:03:43:51 -0500] "GET /BLA/resoluciones/AUTOS%202009/1735.pdf HTTP/1.1" 200 100262
157.55.39.197 - - [25/Nov/2014:03:43:56 -0500] "GET /BLA/resoluciones/RESOLUCIONES%202009/1323.pdf HTTP/1.1" 200 668906
157.55.39.49 - - [25/Nov/2014:03:44:02 -0500] "GET /BLA/resoluciones/RESOLUCIONES%202010/1403.pdf HTTP/1.1" 200 470075
157.55.39.49 - - [25/Nov/2014:03:44:03 -0500] "GET /BLA/resoluciones/AUTOS%202009/0662.pdf HTTP/1.1" 200 70555
157.55.39.49 - - [25/Nov/2014:03:44:11 -0500] "GET /BLA/resoluciones/Resoluciones%202011/0310.pdf HTTP/1.1" 200 72131
157.55.39.197 - - [25/Nov/2014:03:44:29 -0500] "GET /BLA/resoluciones/Resoluciones%202011/3629.pdf HTTP/1.1" 200 406464
66.249.65.119 - - [25/Nov/2014:03:44:30 -0500] "GET /BLA/resoluciones/Autos%202008/1562.pdf HTTP/1.1" 200 91233
157.55.39.50 - - [25/Nov/2014:03:44:34 -0500] "GET /BLA/resoluciones/Resoluciones%202011/3128.pdf HTTP/1.1" 200 119614
157.55.39.50 - - [25/Nov/2014:03:44:43 -0500] "GET /bla/resoluciones/resoluciones%202009/9309.pdf HTTP/1.1" 200 452919
180.76.6.152 - - [25/Nov/2014:03:44:47 -0500] "GET /BLA/resoluciones/AUTOS%202011/2040.pdf HTTP/1.1" 200 149249
207.46.13.28 - - [25/Nov/2014:03:44:48 -0500] "GET /BLA/resoluciones/AUTOS%202011/0552.pdf HTTP/1.1" 200 285887
157.55.39.197 - - [25/Nov/2014:03:44:53 -0500] "GET /bla/resoluciones/resoluciones%202009/0821.pdf HTTP/1.1" 200 204364
157.55.39.50 - - [25/Nov/2014:03:45:19 -0500] "GET /bla/resoluciones/resoluciones%202010/6615.pdf HTTP/1.1" 200 636560
207.46.13.28 - - [25/Nov/2014:03:45:24 -0500] "GET /BLA/resoluciones/RESOLUCIONES%202009/1765.pdf HTTP/1.1" 200 353551
157.55.39.197 - - [25/Nov/2014:03:45:29 -0500] "GET /bla/resoluciones/resoluciones%202009/0245.pdf HTTP/1.1" 200 563534
157.55.39.197 - - [25/Nov/2014:03:45:30 -0500] "GET /bla/resoluciones/resoluciones%202009/0997.pdf HTTP/1.1" 200 475872
74.86.158.107 - - [25/Nov/2014:03:45:34 -0500] "HEAD / HTTP/1.1" 302 -
157.55.39.50 - - [25/Nov/2014:03:45:35 -0500] "GET /BLA/resoluciones/Resoluciones%202011/0142.pdf HTTP/1.1" 200 353645
157.55.39.101 - - [25/Nov/2014:03:45:37 -0500] "GET /info%205%20-6/1-12.cdr HTTP/1.1" 404 1019
157.55.39.197 - - [25/Nov/2014:03:45:41 -0500] "GET /BLA/resoluciones/RESOLUCIONES%202007/RES%202007%20801%20AL%20900/RESOLUCION%200812%20DE%202007.pdf HTTP/1.1" 200 132675
207.46.13.28 - - [25/Nov/2014:03:45:48 -0500] "GET /bla/resoluciones/RESOLUCIONES%202011/0036.pdf HTTP/1.1" 200 184909
157.55.39.197 - - [25/Nov/2014:03:45:50 -0500] "GET /BLA/resoluciones/RESOLUCIONES%202012/1144.pdf HTTP/1.1" 200 1053549
207.46.13.28 - - [25/Nov/2014:03:45:50 -0500] "GET /bla/resoluciones/resoluciones%202009/2428.pdf HTTP/1.1" 200 416381
157.55.39.197 - - [25/Nov/2014:03:45:50 -0500] "GET /BLA/resoluciones/RESOLUCIONES%202009/2358.pdf HTTP/1.1" 200 419569
157.55.39.102 - - [25/Nov/2014:03:45:58 -0500] "GET /BLA/resoluciones/RESOLUCIONES%202010/1496.pdf HTTP/1.1" 200 466365
157.55.39.102 - - [25/Nov/2014:03:45:58 -0500] "GET /bla/resoluciones/RESOLUCIONES%202011/1181.pdf HTTP/1.1" 200 344005
