66.249.65.123 - - [25/Nov/2014:01:36:43 -0500] "GET /BLA/resoluciones/RESOLUCIONES%202009/1799.pdf HTTP/1.1" 200 557330
157.55.39.197 - - [25/Nov/2014:01:36:46 -0500] "GET /bla/resoluciones/autos%202010/5563.pdf HTTP/1.1" 200 673117
181.61.152.50 - - [25/Nov/2014:01:36:48 -0500] "GET /forest/usutareas.do?group_system_actual=3&codTraEsc=16763657 HTTP/1.1" 200 1326
157.55.39.197 - - [25/Nov/2014:01:36:48 -0500] "GET /BLA/resoluciones/RESOLUCIONES%202008/0698.pdf HTTP/1.1" 200 89519
181.61.152.50 - - [25/Nov/2014:01:36:49 -0500] "GET /forest/usutareas.do?group_system_actual=3&codTraEsc=16763657 HTTP/1.1" 200 12486
181.61.152.50 - - [25/Nov/2014:01:36:49 -0500] "GET /forest/skins/gdocs-jar/css/forest.css?version=1411.041919 HTTP/1.1" 304 -
181.61.152.50 - - [25/Nov/2014:01:36:49 -0500] "GET /forest/css/escritorio.css?version=1411.041919 HTTP/1.1" 304 -
181.61.152.50 - - [25/Nov/2014:01:36:49 -0500] "GET /forest/skins/gdocs-jar/css/autocomplete.css?version=1411.041919 HTTP/1.1" 304 -
181.61.152.50 - - [25/Nov/2014:01:36:49 -0500] "GET /forest/css/index.css?version=1411.041919 HTTP/1.1" 304 -
181.61.152.50 - - [25/Nov/2014:01:36:49 -0500] "GET /forest/skins/gdocs-jar/css/menu.css?version=1411.041919 HTTP/1.1" 304 -
181.61.152.50 - - [25/Nov/2014:01:36:49 -0500] "GET /forest/skins/gdocs-jar/css/dialog.css?version=1411.041919 HTTP/1.1" 304 -
181.61.152.50 - - [25/Nov/2014:01:36:49 -0500] "GET /forest/skins/gdocs-jar/css/forms.css?version=1411.041919 HTTP/1.1" 304 -
181.61.152.50 - - [25/Nov/2014:01:36:49 -0500] "GET /forest/1ibre/jscalendar/calendar-win2k-1.css?version=1411.041919 HTTP/1.1" 304 -
181.61.152.50 - - [25/Nov/2014:01:36:49 -0500] "GET /forest/jsoptimized/gz/js/gdocsall-1411.041919.js HTTP/1.1" 304 -
181.61.152.50 - - [25/Nov/2014:01:36:49 -0500] "GET /forest/img/loading.gif HTTP/1.1" 304 -
181.61.152.50 - - [25/Nov/2014:01:36:49 -0500] "GET /forest/js/json3.js HTTP/1.1" 304 -
181.61.152.50 - - [25/Nov/2014:01:36:49 -0500] "GET /forest/img/inicio/1.gif HTTP/1.1" 304 -
181.61.152.50 - - [25/Nov/2014:01:36:49 -0500] "GET /forest/img/spacer.gif HTTP/1.1" 304 -
181.61.152.50 - - [25/Nov/2014:01:36:49 -0500] "GET /forest/img/inicio/3.gif HTTP/1.1" 304 -
181.61.152.50 - - [25/Nov/2014:01:36:49 -0500] "GET /forest/img/inicio/4.gif HTTP/1.1" 304 -
181.61.152.50 - - [25/Nov/2014:01:36:49 -0500] "GET /forest/img/panel/view_icon.gif HTTP/1.1" 304 -
181.61.152.50 - - [25/Nov/2014:01:36:49 -0500] "GET /forest/img/inicio/2.gif HTTP/1.1" 304 -
181.61.152.50 - - [25/Nov/2014:01:36:49 -0500] "GET /forest/img/inicio/7.gif HTTP/1.1" 304 -
181.61.152.50 - - [25/Nov/2014:01:36:49 -0500] "GET /forest/img/inicio/5.gif HTTP/1.1" 304 -
181.61.152.50 - - [25/Nov/2014:01:36:49 -0500] "GET /forest/img/inicio/6.gif HTTP/1.1" 304 -
181.61.152.50 - - [25/Nov/2014:01:36:49 -0500] "GET /forest/img/close.gif HTTP/1.1" 304 -
181.61.152.50 - - [25/Nov/2014:01:36:49 -0500] "GET /forest/skins/gdocs-jar/img/okey.gif HTTP/1.1" 304 -
181.61.152.50 - - [25/Nov/2014:01:36:49 -0500] "GET /forest/img/mplogo.gif HTTP/1.1" 304 -
181.61.152.50 - - [25/Nov/2014:01:36:49 -0500] "GET /forest/img/base/bsc2_r1_c1.gif HTTP/1.1" 304 -
181.61.152.50 - - [25/Nov/2014:01:36:49 -0500] "GET /forest/img/base/bsc2_r1_c3.gif HTTP/1.1" 304 -
181.61.152.50 - - [25/Nov/2014:01:36:49 -0500] "GET /forest/img/base/bsc2_r1_c2.gif HTTP/1.1" 304 -
181.61.152.50 - - [25/Nov/2014:01:36:50 -0500] "GET /forest/1ibre/1ibre.css HTTP/1.1" 304 -
207.46.13.28 - - [25/Nov/2014:01:37:03 -0500] "GET /BLA/resoluciones/RESOLUCIONES%202009/4722.pdf HTTP/1.1" 200 1148795
207.46.13.28 - - [25/Nov/2014:01:37:03 -0500] "GET /bla/resoluciones/autos%202010/0778.pdf HTTP/1.1" 200 193135
157.55.39.49 - - [25/Nov/2014:01:37:07 -0500] "GET /BLA/resoluciones/AUTOS%202009/0609.pdf HTTP/1.1" 200 122547
157.55.39.50 - - [25/Nov/2014:01:37:21 -0500] "GET /bla/resoluciones/resoluciones%202009/9312.pdf HTTP/1.1" 200 443227
157.55.39.197 - - [25/Nov/2014:01:37:45 -0500] "GET /bla/resoluciones/resoluciones%202009/9186.pdf HTTP/1.1" 200 104440
66.249.65.115 - - [25/Nov/2014:01:37:48 -0500] "GET /BLA/resoluciones/RESOLUCIONES%202008/5052.pdf HTTP/1.1" 200 226680
207.46.13.28 - - [25/Nov/2014:01:37:50 -0500] "GET /BLA/resoluciones/AUTOS%202010/6474.pdf HTTP/1.1" 200 435130
157.55.39.102 - - [25/Nov/2014:01:37:57 -0500] "GET /bla/resoluciones/resoluciones%202009/9278.pdf HTTP/1.1" 200 606450
157.55.39.102 - - [25/Nov/2014:01:37:58 -0500] "GET /bla/resoluciones/resoluciones%202010/7354.pdf HTTP/1.1" 200 349054
157.55.39.102 - - [25/Nov/2014:01:37:58 -0500] "GET /BLA/resoluciones/RESOLUCIONES%202009/0585.pdf HTTP/1.1" 200 305984
157.55.39.102 - - [25/Nov/2014:01:37:58 -0500] "GET /BLA/resoluciones/RESOLUCIONES%202009/4815.pdf HTTP/1.1" 200 683678
190.25.232.143 - - [25/Nov/2014:01:37:59 -0500] "GET /galeria/nivo-slider/demo/images/Biotaxis-Man.jpg HTTP/1.1" 304 -
157.55.39.102 - - [25/Nov/2014:01:37:59 -0500] "GET /BLA/resoluciones/RESOLUCIONES%202009/6155.pdf HTTP/1.1" 200 626593
157.55.39.102 - - [25/Nov/2014:01:37:59 -0500] "GET /BLA/resoluciones/RESOLUCIONES%202009/2265.pdf HTTP/1.1" 200 584877
157.55.39.102 - - [25/Nov/2014:01:38:00 -0500] "GET /bla/resoluciones/RESOLUCIONES%202011/0970.pdf HTTP/1.1" 200 69877
157.55.39.49 - - [25/Nov/2014:01:38:01 -0500] "GET /BLA/resoluciones/RESOLUCIONES%202008/1380.pdf HTTP/1.1" 200 208398
157.55.39.197 - - [25/Nov/2014:01:38:07 -0500] "GET /BLA/resoluciones/RESOLUCIONES%202009/3831.pdf HTTP/1.1" 200 765717
157.55.39.197 - - [25/Nov/2014:01:38:07 -0500] "GET /BLA/resoluciones/RESOLUCIONES%202009/0784.pdf HTTP/1.1" 200 205112
180.76.6.52 - - [25/Nov/2014:01:38:11 -0500] "GET /BLA/resoluciones/AUTOS%202007/1327.pdf HTTP/1.1" 200 52429
157.55.39.50 - - [25/Nov/2014:01:38:11 -0500] "GET /BLA/resoluciones/AUTOS%202009/0031.pdf HTTP/1.1" 200 106948
157.55.39.50 - - [25/Nov/2014:01:38:21 -0500] "GET /BLA/resoluciones/RESOLUCIONES%202009/0631.pdf HTTP/1.1" 200 16013
157.55.39.197 - - [25/Nov/2014:01:38:26 -0500] "GET /BLA/resoluciones/RESOLUCIONES%202009/1711.pdf HTTP/1.1" 200 633619
157.55.39.197 - - [25/Nov/2014:01:38:36 -0500] "GET /BLA/resoluciones/RESOLUCIONES%202008/1765.pdf HTTP/1.1" 200 47268
207.46.13.28 - - [25/Nov/2014:01:38:43 -0500] "GET /BLA/resoluciones/RESOLUCIONES%202010/2215.pdf HTTP/1.1" 200 471322
157.55.39.50 - - [25/Nov/2014:01:38:46 -0500] "GET /bla/resoluciones/resoluciones%202010/6262.pdf HTTP/1.1" 200 71139
66.249.65.115 - - [25/Nov/2014:01:38:53 -0500] "GET /BLA/resoluciones/AUTOS%202013/0457.pdf HTTP/1.1" 200 1695038
157.55.39.197 - - [25/Nov/2014:01:38:55 -0500] "GET /bla/resoluciones/resoluciones%202009/8147.pdf HTTP/1.1" 200 499927
201.244.211.170 - - [25/Nov/2014:01:38:56 -0500] "GET /BLA/boletinlegal/js/jquery.js HTTP/1.1" 200 57254
201.244.211.170 - - [25/Nov/2014:01:38:56 -0500] "GET /BLA/boletinlegal/js/jquery.scrollTo-min.js HTTP/1.1" 200 1150
201.244.211.170 - - [25/Nov/2014:01:38:56 -0500] "GET /BLA/boletinlegal/js/jquery.scrollShow.js HTTP/1.1" 200 4586
180.76.6.232 - - [25/Nov/2014:01:38:58 -0500] "GET /BLA/resoluciones/AUTOS%202010/4379.pdf HTTP/1.1" 200 274396
207.46.13.28 - - [25/Nov/2014:01:39:06 -0500] "GET /BLA/resoluciones/AUTOS%202011/1340.pdf HTTP/1.1" 200 134476
152.61.193.99 - - [25/Nov/2014:01:39:17 -0500] "HEAD / HTTP/1.1" 302 -
152.61.193.99 - - [25/Nov/2014:01:39:17 -0500] "GET /arcgis/services/Calidad_del_Agua_WQI/MapServer/WMSServer?request=GetCapabilities&service=WMS HTTP/1.1" 200 32135
152.61.193.99 - - [25/Nov/2014:01:39:18 -0500] "GET /arcgis/services/Calidad_del_Agua_WQI/MapServer/WMSServer?request=GetCapabilities&service=WMS HTTP/1.1" 200 32135
152.61.193.99 - - [25/Nov/2014:01:39:19 -0500] "GET /arcgis/services/Calidad_del_Agua_WQI/MapServer/WMSServer?request=GetCapabilities&service=WMS HTTP/1.1" 200 32135
152.61.193.99 - - [25/Nov/2014:01:39:19 -0500] "GET /arcgis/services/Calidad_del_Agua_WQI/MapServer/WMSServer?request=GetCapabilities&service=WMS HTTP/1.1" 200 32135
157.55.39.102 - - [25/Nov/2014:01:39:21 -0500] "GET /bla/resoluciones/resoluciones%202009/2041.pdf HTTP/1.1" 200 939162
157.55.39.102 - - [25/Nov/2014:01:39:22 -0500] "GET /bla/resoluciones/autos%202010/5639.pdf HTTP/1.1" 200 289846
152.61.193.99 - - [25/Nov/2014:01:39:20 -0500] "GET /arcgis/services/Calidad_del_Agua_WQI/MapServer/WMSServer?VERSION=1.1.1&REQUEST=GetMap&LAYERS=0&SRS=EPSG:4326&BBOX=-74.473395,3.674381,-73.963300,4.920569&WIDTH=250&HEIGHT=250&FORMAT=image/bmp&STYLES=& HTTP/1.1" 200 188054
157.55.39.50 - - [25/Nov/2014:01:39:41 -0500] "GET /BLA/resoluciones/RESOLUCIONES%202009/1417.pdf HTTP/1.1" 200 408190
180.76.6.232 - - [25/Nov/2014:01:39:46 -0500] "GET /BLA/resoluciones/AUTOS%202011/4074.pdf HTTP/1.1" 200 263995
157.55.39.197 - - [25/Nov/2014:01:39:49 -0500] "GET /BLA/resoluciones/RESOLUCIONES%202008/0965.pdf HTTP/1.1" 200 363941
157.55.39.197 - - [25/Nov/2014:01:39:50 -0500] "GET /BLA/resoluciones/RESOLUCIONES%202010/1372.pdf HTTP/1.1" 200 367584
66.249.65.123 - - [25/Nov/2014:01:39:58 -0500] "GET /BLA/resoluciones/RESOLUCIONES%202009/1618.pdf HTTP/1.1" 200 691420
207.46.13.28 - - [25/Nov/2014:01:40:24 -0500] "GET /BLA/resoluciones/RESOLUCIONES%202008/2402.pdf HTTP/1.1" 200 197591
66.249.65.115 - - [25/Nov/2014:01:40:29 -0500] "GET /BLA/resoluciones/RESOLUCIONES%202011/2410.pdf HTTP/1.1" 200 275750
190.159.1.128 - - [25/Nov/2014:01:40:33 -0500] "GET /BLA/boletinlegal/js/jquery.js HTTP/1.1" 200 57254
190.159.1.128 - - [25/Nov/2014:01:40:33 -0500] "GET /BLA/boletinlegal/js/jquery.scrollShow.js HTTP/1.1" 200 4586
180.76.5.173 - - [25/Nov/2014:01:40:33 -0500] "GET /BLA/resoluciones/RESOLUCIONES%202010/2841.pdf HTTP/1.1" 200 461349
190.159.1.128 - - [25/Nov/2014:01:40:33 -0500] "GET /BLA/boletinlegal/js/jquery.scrollTo-min.js HTTP/1.1" 200 1150
74.86.158.107 - - [25/Nov/2014:01:40:35 -0500] "HEAD / HTTP/1.1" 302 -
157.55.39.50 - - [25/Nov/2014:01:40:41 -0500] "GET /bla/resoluciones/resoluciones%202009/8657.pdf HTTP/1.1" 200 830309
157.55.39.50 - - [25/Nov/2014:01:40:42 -0500] "GET /BLA/resoluciones/RESOLUCIONES%202008/0527.pdf HTTP/1.1" 200 116544
157.55.39.49 - - [25/Nov/2014:01:41:01 -0500] "GET /bla/resoluciones/resoluciones%202009/8618.pdf HTTP/1.1" 200 114152
66.249.65.123 - - [25/Nov/2014:01:41:03 -0500] "GET /BLA/resoluciones/RESOLUCIONES%202007/RES%202007%202001%20AL%202100/RESOLUCION%202042%20DE%202007.pdf HTTP/1.1" 200 371525
157.55.39.50 - - [25/Nov/2014:01:41:15 -0500] "GET /BLA/resoluciones/RESOLUCIONES%202009/1808.pdf HTTP/1.1" 200 1714525
157.55.39.197 - - [25/Nov/2014:01:41:20 -0500] "GET /BLA/resoluciones/AUTOS%202010/5239.pdf HTTP/1.1" 200 253523
207.46.13.28 - - [25/Nov/2014:01:41:27 -0500] "GET /BLA/resoluciones/RESOLUCIONES%202009/2443.pdf HTTP/1.1" 200 507359
157.55.39.50 - - [25/Nov/2014:01:41:36 -0500] "GET /BLA/resoluciones/RESOLUCIONES%202009/4849.pdf HTTP/1.1" 200 632024
157.55.39.197 - - [25/Nov/2014:01:41:40 -0500] "GET /BLA/resoluciones/RESOLUCIONES%202010/2043.pdf HTTP/1.1" 200 55274
207.46.13.28 - - [25/Nov/2014:01:41:45 -0500] "GET /BLA/resoluciones/RESOLUCIONES%202009/9798.pdf HTTP/1.1" 200 670730
186.155.105.175 - - [25/Nov/2014:01:41:53 -0500] "GET /BLA/boletinlegal/js/jquery.scrollTo-min.js HTTP/1.1" 200 1150
186.155.105.175 - - [25/Nov/2014:01:41:53 -0500] "GET /BLA/boletinlegal/js/jquery.js HTTP/1.1" 200 57254
186.155.105.175 - - [25/Nov/2014:01:41:53 -0500] "GET /BLA/boletinlegal/js/jquery.scrollShow.js HTTP/1.1" 200 4586
142.4.60.226 - - [25/Nov/2014:01:41:55 -0500] "GET /test/wp-admin/ HTTP/1.1" 404 1018
157.55.39.50 - - [25/Nov/2014:01:41:57 -0500] "GET /BLA/resoluciones/RESOLUCIONES%202010/2085.pdf HTTP/1.1" 200 211053
207.46.13.28 - - [25/Nov/2014:01:42:01 -0500] "GET /bla/resoluciones/resoluciones%202009/8354.pdf HTTP/1.1" 200 191711
157.55.39.49 - - [25/Nov/2014:01:42:06 -0500] "GET /bla/resoluciones/resoluciones%202009/1509.pdf HTTP/1.1" 200 480704
66.249.65.123 - - [25/Nov/2014:01:42:11 -0500] "GET /BLA/resoluciones/AUTOS%202007/1994.pdf HTTP/1.1" 200 207951
157.55.39.50 - - [25/Nov/2014:01:42:11 -0500] "GET /BLA/resoluciones/RESOLUCIONES%202009/0152.pdf HTTP/1.1" 200 294750
157.55.39.50 - - [25/Nov/2014:01:42:30 -0500] "GET /BLA/resoluciones/AUTOS%202011/4051.pdf HTTP/1.1" 200 198109
207.46.13.28 - - [25/Nov/2014:01:42:37 -0500] "GET /bla/resoluciones/RESOLUCIONES%202011/0927.pdf HTTP/1.1" 200 70155
207.46.13.28 - - [25/Nov/2014:01:42:38 -0500] "GET /bla/resoluciones/resoluciones%202010/6972.pdf HTTP/1.1" 200 293941
202.46.62.26 - - [25/Nov/2014:01:42:42 -0500] "GET / HTTP/1.1" 302 -
66.249.65.115 - - [25/Nov/2014:01:42:50 -0500] "GET /BLA/resoluciones/AUTOS%202013/2410.pdf HTTP/1.1" 304 -
157.55.39.50 - - [25/Nov/2014:01:42:52 -0500] "GET /BLA/resoluciones/RESOLUCIONES%202008/0564.pdf HTTP/1.1" 200 117477
157.55.39.197 - - [25/Nov/2014:01:43:00 -0500] "GET /BLA/resoluciones/Resoluciones%202011/0573.pdf HTTP/1.1" 200 67393
119.63.193.132 - - [25/Nov/2014:01:43:05 -0500] "GET / HTTP/1.1" 302 -
66.249.65.123 - - [25/Nov/2014:01:43:14 -0500] "GET /BLA/resoluciones/AUTOS%202010/2271.pdf HTTP/1.1" 200 299815
207.46.13.28 - - [25/Nov/2014:01:43:17 -0500] "GET /BLA/resoluciones/RESOLUCIONES%202009/4853.pdf HTTP/1.1" 200 720863
207.46.13.28 - - [25/Nov/2014:01:43:17 -0500] "GET /BLA/resoluciones/RESOLUCIONES%202010/0944.pdf HTTP/1.1" 200 106616
207.46.13.28 - - [25/Nov/2014:01:43:18 -0500] "GET /BLA/resoluciones/Resoluciones%202011/0688.pdf HTTP/1.1" 200 70171
157.55.39.50 - - [25/Nov/2014:01:43:22 -0500] "GET /BLA/resoluciones/RESOLUCIONES%202010/2143.pdf HTTP/1.1" 200 517039
188.165.15.198 - - [25/Nov/2014:01:43:23 -0500] "GET /BLA/resoluciones/RESOLUCIONES%202004/RES%202004%202101-2150/00002142.tif HTTP/1.1" 200 151346
157.55.39.50 - - [25/Nov/2014:01:43:27 -0500] "GET /bla/resoluciones/RESOLUCIONES%202011/2055.pdf HTTP/1.1" 200 760520
157.55.39.197 - - [25/Nov/2014:01:43:32 -0500] "GET /BLA/resoluciones/RESOLUCIONES%202012/0504.pdf HTTP/1.1" 200 740434
207.46.13.28 - - [25/Nov/2014:01:43:37 -0500] "GET /BLA/resoluciones/Resoluciones%202011/0596.pdf HTTP/1.1" 200 66955
157.55.39.197 - - [25/Nov/2014:01:43:47 -0500] "GET /BLA/resoluciones/RESOLUCIONES%202008/0359.pdf HTTP/1.1" 200 212073
157.55.39.197 - - [25/Nov/2014:01:43:48 -0500] "GET /bla/resoluciones/resoluciones%202010/5775.pdf HTTP/1.1" 200 80198
157.55.39.102 - - [25/Nov/2014:01:43:50 -0500] "GET /bla/resoluciones/resoluciones%202009/8952.pdf HTTP/1.1" 200 323467
157.55.39.102 - - [25/Nov/2014:01:43:51 -0500] "GET /BLA/resoluciones/AUTOS%202009/2317.pdf HTTP/1.1" 200 152199
157.55.39.102 - - [25/Nov/2014:01:43:51 -0500] "GET /bla/resoluciones/RESOLUCIONES%202011/0595.pdf HTTP/1.1" 200 279636
157.55.39.102 - - [25/Nov/2014:01:43:52 -0500] "GET /bla/resoluciones/resoluciones%202009/8362.pdf HTTP/1.1" 200 101812
157.55.39.102 - - [25/Nov/2014:01:43:52 -0500] "GET /bla/resoluciones/resoluciones%202010/5508.pdf HTTP/1.1" 200 2767486
157.55.39.197 - - [25/Nov/2014:01:43:56 -0500] "GET /bla/resoluciones/RESOLUCIONES%202011/3593.pdf HTTP/1.1" 200 803502
157.55.39.102 - - [25/Nov/2014:01:44:02 -0500] "GET /bla/resoluciones/autos%202010/5884.pdf HTTP/1.1" 200 281591
157.55.39.49 - - [25/Nov/2014:01:44:04 -0500] "GET /bla/resoluciones/RESOLUCIONES%202011/2372.pdf HTTP/1.1" 200 724068
157.55.39.49 - - [25/Nov/2014:01:44:05 -0500] "GET /BLA/resoluciones/RESOLUCIONES%202009/0478.pdf HTTP/1.1" 200 601449
157.55.39.197 - - [25/Nov/2014:01:44:15 -0500] "GET /BLA/resoluciones/AUTOS%202009/1637.pdf HTTP/1.1" 200 251849
157.55.39.197 - - [25/Nov/2014:01:44:16 -0500] "GET /BLA/resoluciones/RESOLUCIONES%202010/1718.pdf HTTP/1.1" 200 401836
66.249.65.119 - - [25/Nov/2014:01:44:19 -0500] "GET /BLA/resoluciones/AUTOS%202006/AUTOS%202006%20701-800/00000742.tif HTTP/1.1" 200 57682
66.249.65.115 - - [25/Nov/2014:01:44:20 -0500] "GET /BLA/resoluciones/RESOLUCIONES%202009/0085.pdf HTTP/1.1" 200 555708
207.46.13.28 - - [25/Nov/2014:01:44:27 -0500] "GET /bla/resoluciones/RESOLUCIONES%202011/0161.pdf HTTP/1.1" 200 250295
157.55.39.197 - - [25/Nov/2014:01:44:35 -0500] "GET /BLA/resoluciones/RESOLUCIONES%202010/0376.pdf HTTP/1.1" 200 117158
157.55.39.197 - - [25/Nov/2014:01:44:46 -0500] "GET /bla/resoluciones/autos%202010/4829.pdf HTTP/1.1" 200 378808
188.165.15.36 - - [25/Nov/2014:01:44:52 -0500] "GET /BLA/resoluciones/RESOLUCIONES%202005/RES%202005%20151-200/00000152.tif HTTP/1.1" 200 50140
189.234.206.214 - - [25/Nov/2014:01:45:06 -0500] "GET /BLA/boletinlegal/js/jquery.scrollTo-min.js HTTP/1.1" 200 1150
189.234.206.214 - - [25/Nov/2014:01:45:06 -0500] "GET /BLA/boletinlegal/js/jquery.js HTTP/1.1" 200 57254
189.234.206.214 - - [25/Nov/2014:01:45:06 -0500] "GET /BLA/boletinlegal/js/jquery.scrollShow.js HTTP/1.1" 200 4586
157.55.39.50 - - [25/Nov/2014:01:45:15 -0500] "GET /BLA/resoluciones/Resoluciones%202011/3079.pdf HTTP/1.1" 200 356991
157.55.39.50 - - [25/Nov/2014:01:45:16 -0500] "GET /BLA/resoluciones/AUTOS%202011/5320.pdf HTTP/1.1" 200 285925
157.55.39.197 - - [25/Nov/2014:01:45:22 -0500] "GET /bla/resoluciones/resoluciones%202010/6258.pdf HTTP/1.1" 200 634961
66.249.65.115 - - [25/Nov/2014:01:45:25 -0500] "GET /BLA/resoluciones/RESOLUCIONES%202008/4125.pdf HTTP/1.1" 200 428742
157.55.39.50 - - [25/Nov/2014:01:45:26 -0500] "GET /BLA/resoluciones/AUTOS%202009/2579.pdf HTTP/1.1" 200 113707
180.76.5.177 - - [25/Nov/2014:01:45:31 -0500] "GET /BLA/resoluciones/AUTOS%202009/0287.pdf HTTP/1.1" 200 210528
207.46.13.28 - - [25/Nov/2014:01:45:31 -0500] "GET /bla/resoluciones/resoluciones%202009/7753.pdf HTTP/1.1" 200 342536
74.86.158.107 - - [25/Nov/2014:01:45:35 -0500] "HEAD / HTTP/1.1" 302 -
157.55.39.197 - - [25/Nov/2014:01:45:36 -0500] "GET /bla/resoluciones/RESOLUCIONES%202011/3118.pdf HTTP/1.1" 200 728852
207.46.13.28 - - [25/Nov/2014:01:45:41 -0500] "GET /BLA/resoluciones/AUTOS%202009/0005.pdf HTTP/1.1" 200 263329
157.55.39.50 - - [25/Nov/2014:01:45:52 -0500] "GET /BLA/resoluciones/AUTOS%202011/1944.pdf HTTP/1.1" 200 116800
157.55.39.102 - - [25/Nov/2014:01:45:55 -0500] "GET /bla/resoluciones/RESOLUCIONES%202011/1026.pdf HTTP/1.1" 200 80397
157.55.39.102 - - [25/Nov/2014:01:45:57 -0500] "GET /bla/resoluciones/autos%202010/0854.pdf HTTP/1.1" 200 162114
157.55.39.102 - - [25/Nov/2014:01:45:57 -0500] "GET /BLA/resoluciones/AUTOS%202009/1084.pdf HTTP/1.1" 200 106400
157.55.39.102 - - [25/Nov/2014:01:45:57 -0500] "GET /BLA/resoluciones/Resoluciones%202011/2800.pdf HTTP/1.1" 200 918181
157.55.39.102 - - [25/Nov/2014:01:45:58 -0500] "GET /bla/resoluciones/autos%202010/1388.pdf HTTP/1.1" 200 253460
207.46.13.28 - - [25/Nov/2014:01:45:59 -0500] "GET /BLA/resoluciones/RESOLUCIONES%202009/5671.pdf HTTP/1.1" 200 675309
207.46.13.28 - - [25/Nov/2014:01:46:00 -0500] "GET /BLA/resoluciones/RESOLUCIONES%202008/1711.pdf HTTP/1.1" 200 246045
189.234.206.214 - - [25/Nov/2014:01:45:17 -0500] "GET /videos/CRRFFS.mp4 HTTP/1.1" 200 286784363
186.155.105.175 - - [25/Nov/2014:01:46:05 -0500] "GET /POT-2013/Cartografia/09_EEP.pdf HTTP/1.1" 200 3326963
186.155.105.175 - - [25/Nov/2014:01:46:06 -0500] "GET /POT-2013/Cartografia/09_EEP.pdf HTTP/1.1" 206 32768
190.26.169.143 - - [25/Nov/2014:01:46:06 -0500] "GET /BLA/boletinlegal/js/jquery.js HTTP/1.1" 200 57254
190.26.169.143 - - [25/Nov/2014:01:46:06 -0500] "GET /BLA/boletinlegal/js/jquery.scrollTo-min.js HTTP/1.1" 200 1150
190.26.169.143 - - [25/Nov/2014:01:46:06 -0500] "GET /BLA/boletinlegal/js/jquery.scrollShow.js HTTP/1.1" 200 4586
186.155.105.175 - - [25/Nov/2014:01:46:07 -0500] "GET /POT-2013/Cartografia/09_EEP.pdf HTTP/1.1" 206 3294195
157.55.39.50 - - [25/Nov/2014:01:46:12 -0500] "GET /bla/resoluciones/resoluciones%202009/9769.pdf HTTP/1.1" 200 270767
157.55.39.50 - - [25/Nov/2014:01:46:12 -0500] "GET /BLA/resoluciones/AUTOS%202010/1415.pdf HTTP/1.1" 200 156758
66.249.65.115 - - [25/Nov/2014:01:46:16 -0500] "GET /BLA/resoluciones/RESOLUCIONES%202007/RES%202007%202501%20AL%202600/RESOLUCION%202593%20DE%202007.pdf HTTP/1.1" 200 216727
186.155.105.175 - - [25/Nov/2014:01:46:19 -0500] "GET /favicon.ico HTTP/1.1" 200 7782
207.46.13.28 - - [25/Nov/2014:01:46:22 -0500] "GET /BLA/resoluciones/AUTOS%202011/1894.pdf HTTP/1.1" 200 157157
66.249.65.123 - - [25/Nov/2014:01:46:30 -0500] "GET /BLA/resoluciones/AUTOS%202013/1153.pdf HTTP/1.1" 200 1775011
157.55.39.197 - - [25/Nov/2014:01:46:32 -0500] "GET /bla/resoluciones/RESOLUCIONES%202011/0676.pdf HTTP/1.1" 200 150486
186.29.193.41 - - [25/Nov/2014:01:46:34 -0500] "GET /BLA/boletinlegal/js/jquery.js HTTP/1.1" 200 57254
186.29.193.41 - - [25/Nov/2014:01:46:34 -0500] "GET /BLA/boletinlegal/js/jquery.scrollTo-min.js HTTP/1.1" 200 1150
186.29.193.41 - - [25/Nov/2014:01:46:34 -0500] "GET /BLA/boletinlegal/js/jquery.scrollShow.js HTTP/1.1" 200 4586
157.55.39.50 - - [25/Nov/2014:01:46:48 -0500] "GET /BLA/resoluciones/RESOLUCIONES%202009/4040.pdf HTTP/1.1" 200 812251
157.55.39.49 - - [25/Nov/2014:01:46:58 -0500] "GET /BLA/resoluciones/AUTOS%202010/0165.pdf HTTP/1.1" 200 282821
157.55.39.102 - - [25/Nov/2014:01:47:05 -0500] "GET /BLA/resoluciones/RESOLUCIONES%202008/0615.pdf HTTP/1.1" 200 439451
157.55.39.102 - - [25/Nov/2014:01:47:05 -0500] "GET /BLA/resoluciones/AUTOS%202011/4347.pdf HTTP/1.1" 200 397339
180.76.6.156 - - [25/Nov/2014:01:47:06 -0500] "GET /BLA/resoluciones/RESOLUCIONES%202012/0926.pdf HTTP/1.1" 200 317556
161.18.155.7 - - [25/Nov/2014:01:47:06 -0500] "GET /BLA/boletinlegal/js/jquery.scrollShow.js HTTP/1.1" 200 4586
157.55.39.197 - - [25/Nov/2014:01:47:18 -0500] "GET /bla/resoluciones/resoluciones%202009/2294.pdf HTTP/1.1" 200 372629
157.55.39.197 - - [25/Nov/2014:01:47:18 -0500] "GET /bla/resoluciones/RESOLUCIONES%202011/2947.pdf HTTP/1.1" 200 585884
207.46.13.28 - - [25/Nov/2014:01:47:22 -0500] "GET /BLA/resoluciones/RESOLUCIONES%202009/5194.pdf HTTP/1.1" 200 808622
157.55.39.50 - - [25/Nov/2014:01:47:34 -0500] "GET /BLA/resoluciones/Resoluciones%202011/0614.pdf HTTP/1.1" 200 75425
66.249.65.123 - - [25/Nov/2014:01:47:35 -0500] "GET /BLA/resoluciones/AUTOS%202011/4795.pdf HTTP/1.1" 200 293841
157.55.39.197 - - [25/Nov/2014:01:47:38 -0500] "GET /bla/resoluciones/RESOLUCIONES%202011/2988.pdf HTTP/1.1" 200 512626
66.249.65.123 - - [25/Nov/2014:01:47:42 -0500] "GET /BLA/resoluciones/RESOLUCIONES%202005/RES%202005%201551-1600/00001597.tif HTTP/1.1" 200 141712
157.55.39.197 - - [25/Nov/2014:01:47:48 -0500] "GET /BLA/resoluciones/AUTOS%202009/2853.pdf HTTP/1.1" 200 71891
188.165.15.210 - - [25/Nov/2014:01:48:18 -0500] "GET /BLA/resoluciones/RESOLUCIONES%202006/RES%202006%201401-1450/00001432.tif HTTP/1.1" 200 458344
157.55.39.197 - - [25/Nov/2014:01:48:23 -0500] "GET /bla/resoluciones/resoluciones%202009/9221.pdf HTTP/1.1" 200 486447
157.55.39.197 - - [25/Nov/2014:01:48:23 -0500] "GET /BLA/resoluciones/RESOLUCIONES%202012/0623.pdf HTTP/1.1" 200 259153
157.55.39.197 - - [25/Nov/2014:01:48:34 -0500] "GET /bla/resoluciones/resoluciones%202009/2465.pdf HTTP/1.1" 200 284753
157.55.39.197 - - [25/Nov/2014:01:48:34 -0500] "GET /BLA/resoluciones/RESOLUCIONES%202008/0084.pdf HTTP/1.1" 200 303560
157.55.39.50 - - [25/Nov/2014:01:48:38 -0500] "GET /BLA/resoluciones/AUTOS%202010/0804.pdf HTTP/1.1" 200 180565
66.249.65.119 - - [25/Nov/2014:01:48:40 -0500] "GET /BLA/resoluciones/RESOLUCIONES%202010/3050.pdf HTTP/1.1" 200 732166
207.46.13.28 - - [25/Nov/2014:01:48:43 -0500] "GET /bla/resoluciones/resoluciones%202009/0842.pdf HTTP/1.1" 200 325047
157.55.39.197 - - [25/Nov/2014:01:48:48 -0500] "GET /BLA/resoluciones/AUTOS%202009/1349.pdf HTTP/1.1" 200 111917
188.165.15.136 - - [25/Nov/2014:01:48:54 -0500] "GET /BLA/resoluciones/RESOLUCIONES%202002/RES%202002%20801-850/00000825.tif HTTP/1.1" 200 533788
157.55.39.49 - - [25/Nov/2014:01:48:58 -0500] "GET /BLA/resoluciones/AUTOS%202009/0204.pdf HTTP/1.1" 200 123123
207.46.13.28 - - [25/Nov/2014:01:49:07 -0500] "GET /bla/resoluciones/autos%202010/0136.pdf HTTP/1.1" 200 181041
207.46.13.28 - - [25/Nov/2014:01:49:08 -0500] "GET /BLA/resoluciones/RESOLUCIONES%202010/2332.pdf HTTP/1.1" 200 533143
207.46.13.28 - - [25/Nov/2014:01:49:08 -0500] "GET /BLA/resoluciones/AUTOS%202010/6732.pdf HTTP/1.1" 200 436111
171.97.233.188 - - [25/Nov/2014:01:49:11 -0500] "GET / HTTP/1.0" 302 -
157.55.39.102 - - [25/Nov/2014:01:49:12 -0500] "GET /bla/resoluciones/resoluciones%202010/5715.pdf HTTP/1.1" 200 163687
157.55.39.102 - - [25/Nov/2014:01:49:12 -0500] "GET /BLA/resoluciones/AUTOS%202011/3892.pdf HTTP/1.1" 200 202589
157.55.39.102 - - [25/Nov/2014:01:49:13 -0500] "GET /bla/resoluciones/autos%202010/0849.pdf HTTP/1.1" 200 183847
207.46.13.28 - - [25/Nov/2014:01:49:20 -0500] "GET /BLA/resoluciones/RESOLUCIONES%202009/3839.pdf HTTP/1.1" 200 831710
207.46.13.28 - - [25/Nov/2014:01:49:20 -0500] "GET /bla/resoluciones/RESOLUCIONES%202011/2198.pdf HTTP/1.1" 200 509455
181.133.33.237 - - [25/Nov/2014:01:49:23 -0500] "GET /BLA/boletinlegal/js/jquery.js HTTP/1.1" 200 57254
181.133.33.237 - - [25/Nov/2014:01:49:23 -0500] "GET /BLA/boletinlegal/js/jquery.scrollTo-min.js HTTP/1.1" 200 1150
181.133.33.237 - - [25/Nov/2014:01:49:23 -0500] "GET /BLA/boletinlegal/js/jquery.scrollShow.js HTTP/1.1" 200 4586
157.55.39.197 - - [25/Nov/2014:01:49:23 -0500] "GET /bla/resoluciones/resoluciones%202009/2221.pdf HTTP/1.1" 200 610071
157.55.39.197 - - [25/Nov/2014:01:49:25 -0500] "GET /BLA/resoluciones/AUTOS%202010/3426.pdf HTTP/1.1" 200 428429
207.46.13.28 - - [25/Nov/2014:01:49:40 -0500] "GET /bla/resoluciones/resoluciones%202010/7291.pdf HTTP/1.1" 200 482766
207.46.13.28 - - [25/Nov/2014:01:49:42 -0500] "GET /BLA/resoluciones/RESOLUCIONES%202010/0521.pdf HTTP/1.1" 200 393713
66.249.65.123 - - [25/Nov/2014:01:49:46 -0500] "GET /BLA/resoluciones/RESOLUCIONES%202007/RES%202007%20801%20AL%20900/RESOLUCION%200804%20DE%202007.pdf HTTP/1.1" 200 294244
157.55.39.50 - - [25/Nov/2014:01:49:53 -0500] "GET /BLA/resoluciones/RESOLUCIONES%202008/0600.pdf HTTP/1.1" 200 601489
207.46.13.28 - - [25/Nov/2014:01:49:57 -0500] "GET /BLA/resoluciones/AUTOS%202009/0534.pdf HTTP/1.1" 200 181041
190.25.232.143 - - [25/Nov/2014:01:50:00 -0500] "GET /galeria/nivo-slider/themes/orman/orman.css HTTP/1.1" 304 -
207.46.13.28 - - [25/Nov/2014:01:50:09 -0500] "GET /BLA/resoluciones/AUTOS%202010/2289.pdf HTTP/1.1" 200 575280
207.46.13.28 - - [25/Nov/2014:01:50:28 -0500] "GET /BLA/resoluciones/Resoluciones%202011/0678.pdf HTTP/1.1" 200 68163
74.86.158.107 - - [25/Nov/2014:01:50:35 -0500] "HEAD / HTTP/1.1" 302 -
157.55.39.197 - - [25/Nov/2014:01:50:42 -0500] "GET /BLA/resoluciones/AUTOS%202009/3610.pdf HTTP/1.1" 200 228106
142.4.60.226 - - [25/Nov/2014:01:50:44 -0500] "GET /wordpress/wp-admin/ HTTP/1.1" 404 1018
157.55.39.50 - - [25/Nov/2014:01:50:46 -0500] "GET /BLA/resoluciones/AUTOS%202009/2411.pdf HTTP/1.1" 200 100116
157.55.39.50 - - [25/Nov/2014:01:50:48 -0500] "GET /BLA/resoluciones/RESOLUCIONES%202009/2595.pdf HTTP/1.1" 200 974644
66.249.65.123 - - [25/Nov/2014:01:50:51 -0500] "GET /BLA/resoluciones/RESOLUCIONES%202013/2801.pdf HTTP/1.1" 200 395165
157.55.39.197 - - [25/Nov/2014:01:50:52 -0500] "GET /bla/resoluciones/resoluciones%202010/5901.pdf HTTP/1.1" 200 69952
207.46.13.28 - - [25/Nov/2014:01:50:57 -0500] "GET /BLA/resoluciones/Resoluciones%202011/3002.pdf HTTP/1.1" 200 605850
207.46.13.28 - - [25/Nov/2014:01:50:57 -0500] "GET /bla/resoluciones/resoluciones%202009/0685.pdf HTTP/1.1" 200 425734
207.46.13.28 - - [25/Nov/2014:01:50:58 -0500] "GET /BLA/resoluciones/RESOLUCIONES%202012/0807.pdf HTTP/1.1" 200 571558
207.46.13.28 - - [25/Nov/2014:01:51:14 -0500] "GET /bla/resoluciones/RESOLUCIONES%202011/3673.pdf HTTP/1.1" 200 547816
66.249.65.123 - - [25/Nov/2014:01:51:16 -0500] "GET /POT-2013/Cartografia/02_Clasificacion_Urbano_V1_2013.pdf HTTP/1.1" 200 5081898
157.55.39.50 - - [25/Nov/2014:01:51:18 -0500] "GET /BLA/resoluciones/RESOLUCIONES%202007/RES%202007%20801%20AL%20900/RESOLUCION%200855%20DE%202007.pdf HTTP/1.1" 200 1547919
188.165.15.66 - - [25/Nov/2014:01:51:20 -0500] "GET /BLA/resoluciones/RESOLUCIONES%202004/RES%202004%201801-1850/00001823.tif HTTP/1.1" 200 49496
207.46.13.28 - - [25/Nov/2014:01:51:23 -0500] "GET /bla/resoluciones/resoluciones%202009/1379.pdf HTTP/1.1" 200 691086
207.46.13.28 - - [25/Nov/2014:01:51:24 -0500] "GET /BLA/resoluciones/RESOLUCIONES%202010/0038.pdf HTTP/1.1" 200 40010
157.55.39.197 - - [25/Nov/2014:01:51:33 -0500] "GET /BLA/resoluciones/RESOLUCIONES%202008/0187.pdf HTTP/1.1" 200 219620
207.46.13.28 - - [25/Nov/2014:01:51:45 -0500] "GET /BLA/resoluciones/AUTOS%202010/1871.pdf HTTP/1.1" 200 237449
207.46.13.28 - - [25/Nov/2014:01:51:45 -0500] "GET /bla/resoluciones/resoluciones%202009/0786.pdf HTTP/1.1" 200 230482
207.46.13.28 - - [25/Nov/2014:01:51:46 -0500] "GET /BLA/resoluciones/RESOLUCIONES%202010/2492.pdf HTTP/1.1" 200 374812
157.55.39.50 - - [25/Nov/2014:01:51:48 -0500] "GET /BLA/resoluciones/RESOLUCIONES%202009/7020.pdf HTTP/1.1" 200 724313
157.55.39.50 - - [25/Nov/2014:01:51:50 -0500] "GET /bla/resoluciones/resoluciones%202009/2192.pdf HTTP/1.1" 200 733650
66.249.65.119 - - [25/Nov/2014:01:51:57 -0500] "GET /BLA/resoluciones/AUTOS%202011/3233.pdf HTTP/1.1" 200 270041
157.55.39.197 - - [25/Nov/2014:01:51:59 -0500] "GET /BLA/resoluciones/RESOLUCIONES%202007/RES%202007%204201%20AL%204300/RESOLUCION%204221%20DE%202007.pdf HTTP/1.1" 200 1800385
157.55.39.50 - - [25/Nov/2014:01:52:18 -0500] "GET /bla/resoluciones/autos%202010/5946.pdf HTTP/1.1" 200 203495
188.165.15.95 - - [25/Nov/2014:01:52:22 -0500] "GET /BLA/resoluciones/RESOLUCIONES%202003/RES%202003%201701-1750/20031733.tif HTTP/1.1" 200 112712
207.46.13.28 - - [25/Nov/2014:01:52:31 -0500] "GET /bla/resoluciones/resoluciones%202009/2119.pdf HTTP/1.1" 200 558517
157.55.39.197 - - [25/Nov/2014:01:52:35 -0500] "GET /bla/resoluciones/RESOLUCIONES%202011/0467.pdf HTTP/1.1" 200 236622
157.55.39.197 - - [25/Nov/2014:01:52:36 -0500] "GET /bla/resoluciones/resoluciones%202010/5255.pdf HTTP/1.1" 200 541312
207.46.13.28 - - [25/Nov/2014:01:52:41 -0500] "GET /BLA/resoluciones/AUTOS%202011/1719.pdf HTTP/1.1" 200 149667
157.55.39.50 - - [25/Nov/2014:01:52:51 -0500] "GET /BLA/resoluciones/RESOLUCIONES%202008/1992.pdf HTTP/1.1" 200 265967
157.55.39.102 - - [25/Nov/2014:01:52:52 -0500] "GET /bla/resoluciones/resoluciones%202010/5784.pdf HTTP/1.1" 200 108393
157.55.39.102 - - [25/Nov/2014:01:52:52 -0500] "GET /bla/resoluciones/resoluciones%202009/8809.pdf HTTP/1.1" 200 537649
157.55.39.102 - - [25/Nov/2014:01:52:52 -0500] "GET /BLA/resoluciones/AUTOS%202009/3422.pdf HTTP/1.1" 200 96102
157.55.39.102 - - [25/Nov/2014:01:52:53 -0500] "GET /bla/resoluciones/resoluciones%202009/0670.pdf HTTP/1.1" 200 199872
157.55.39.102 - - [25/Nov/2014:01:52:53 -0500] "GET /BLA/resoluciones/RESOLUCIONES%202009/0077.pdf HTTP/1.1" 200 236712
157.55.39.102 - - [25/Nov/2014:01:52:54 -0500] "GET /bla/resoluciones/resoluciones%202009/9008.pdf HTTP/1.1" 200 307737
157.55.39.197 - - [25/Nov/2014:01:52:56 -0500] "GET /bla/resoluciones/resoluciones%202010/6928.pdf HTTP/1.1" 200 274888
200.31.197.50 - - [25/Nov/2014:01:52:56 -0500] "GET /galeria/nivo-slider/themes/default/default.css HTTP/1.1" 304 -
66.249.65.119 - - [25/Nov/2014:01:52:57 -0500] "GET /BLA/resoluciones/Autos%202008/1221.pdf HTTP/1.1" 200 178727
66.249.65.119 - - [25/Nov/2014:01:53:01 -0500] "GET /BLA/resoluciones/AUTOS%202011/5564.pdf HTTP/1.1" 200 272235
157.55.39.49 - - [25/Nov/2014:01:53:03 -0500] "GET /bla/resoluciones/resoluciones%202009/6625.pdf HTTP/1.1" 200 211963
207.46.13.28 - - [25/Nov/2014:01:53:06 -0500] "GET /bla/resoluciones/resoluciones%202009/7876.pdf HTTP/1.1" 200 449638
157.55.39.197 - - [25/Nov/2014:01:53:16 -0500] "GET /BLA/resoluciones/RESOLUCIONES%202009/0565.pdf HTTP/1.1" 200 299400
157.55.39.197 - - [25/Nov/2014:01:53:17 -0500] "GET /BLA/resoluciones/RESOLUCIONES%202010/1060.pdf HTTP/1.1" 200 104744
207.46.13.28 - - [25/Nov/2014:01:53:21 -0500] "GET /bla/resoluciones/resoluciones%202010/5306.pdf HTTP/1.1" 200 749449
207.46.13.28 - - [25/Nov/2014:01:53:22 -0500] "GET /bla/resoluciones/resoluciones%202010/7401.pdf HTTP/1.1" 200 494823
207.46.13.28 - - [25/Nov/2014:01:53:22 -0500] "GET /bla/resoluciones/autos%202010/4875.pdf HTTP/1.1" 200 351829
157.55.39.50 - - [25/Nov/2014:01:53:26 -0500] "GET /bla/resoluciones/resoluciones%202009/2157.pdf HTTP/1.1" 200 565789
180.76.6.147 - - [25/Nov/2014:01:53:34 -0500] "GET /BLA/resoluciones/AUTOS%202012/0964.pdf HTTP/1.1" 200 172709
157.55.39.197 - - [25/Nov/2014:01:53:49 -0500] "GET /BLA/resoluciones/RESOLUCIONES%202010/1032.pdf HTTP/1.1" 200 816447
66.249.65.115 - - [25/Nov/2014:01:53:57 -0500] "GET /BLA/resoluciones/RESOLUCIONES%202011/2070.pdf HTTP/1.1" 200 510719
66.249.65.119 - - [25/Nov/2014:01:54:07 -0500] "GET /BLA/resoluciones/RESOLUCIONES%202011/0148.pdf HTTP/1.1" 200 356009
157.55.39.50 - - [25/Nov/2014:01:54:20 -0500] "GET /BLA/resoluciones/RESOLUCIONES%202009/6967.pdf HTTP/1.1" 200 2757058
180.76.5.23 - - [25/Nov/2014:01:54:21 -0500] "GET /BLA/resoluciones/AUTOS%202007/0289.pdf HTTP/1.1" 200 189390
207.46.13.28 - - [25/Nov/2014:01:54:30 -0500] "GET /bla/resoluciones/resoluciones%202009/8367.pdf HTTP/1.1" 200 92209
207.46.13.28 - - [25/Nov/2014:01:54:32 -0500] "GET /BLA/resoluciones/RESOLUCIONES%202008/1348.pdf HTTP/1.1" 200 243485
207.46.13.28 - - [25/Nov/2014:01:54:32 -0500] "GET /BLA/resoluciones/RESOLUCIONES%202010/0667.pdf HTTP/1.1" 200 384825
157.55.39.197 - - [25/Nov/2014:01:54:48 -0500] "GET /BLA/resoluciones/RESOLUCIONES%202008/2417.pdf HTTP/1.1" 200 173103
66.249.65.123 - - [25/Nov/2014:01:54:49 -0500] "GET /BLA/resoluciones/Autos%202008/3195.pdf HTTP/1.1" 200 264958
66.249.65.115 - - [25/Nov/2014:01:54:51 -0500] "GET /BLA/resoluciones/RESOLUCIONES%202011/2343.pdf HTTP/1.1" 200 286586
157.55.39.197 - - [25/Nov/2014:01:54:53 -0500] "GET /BLA/resoluciones/RESOLUCIONES%202009/7863.pdf HTTP/1.1" 200 764127
66.249.65.115 - - [25/Nov/2014:01:55:04 -0500] "GET /BLA/resoluciones/RESOLUCIONES%202011/0664.pdf HTTP/1.1" 200 431826
188.165.15.85 - - [25/Nov/2014:01:55:04 -0500] "GET /BLA/resoluciones/RESOLUCIONES%202002/RES%202002%20301-350/00000314.tif HTTP/1.1" 200 93170
157.55.39.49 - - [25/Nov/2014:01:55:05 -0500] "GET /BLA/resoluciones/AUTOS%202011/2702.pdf HTTP/1.1" 200 113880
157.55.39.49 - - [25/Nov/2014:01:55:06 -0500] "GET /BLA/resoluciones/AUTOS%202010/4831.pdf HTTP/1.1" 200 371772
180.76.6.130 - - [25/Nov/2014:01:55:08 -0500] "GET /BLA/resoluciones/AUTOS%202012/0286.pdf HTTP/1.1" 200 353713
66.249.65.123 - - [25/Nov/2014:01:55:12 -0500] "GET /BLA/resoluciones/Notificaciones/AUTOS%202014/3126.doc HTTP/1.1" 200 149504
207.46.13.28 - - [25/Nov/2014:01:55:15 -0500] "GET /BLA/resoluciones/AUTOS%202009/0415.pdf HTTP/1.1" 200 275430
207.46.13.28 - - [25/Nov/2014:01:55:19 -0500] "GET /BLA/resoluciones/Resoluciones%202011/0615.pdf HTTP/1.1" 200 72271
190.118.177.220 - - [25/Nov/2014:01:55:20 -0500] "GET /BLA/boletinlegal/js/jquery.scrollShow.js HTTP/1.1" 200 4586
190.118.177.220 - - [25/Nov/2014:01:55:20 -0500] "GET /BLA/boletinlegal/js/jquery.js HTTP/1.1" 200 57254
190.118.177.220 - - [25/Nov/2014:01:55:21 -0500] "GET /BLA/boletinlegal/js/jquery.scrollTo-min.js HTTP/1.1" 200 1150
188.165.15.85 - - [25/Nov/2014:01:55:24 -0500] "GET /BLA/resoluciones/RESOLUCIONES%202005/RES%202005%203051-3100/INDEX.DAT HTTP/1.1" 200 2000
157.55.39.50 - - [25/Nov/2014:01:55:25 -0500] "GET /bla/resoluciones/RESOLUCIONES%202011/2363.pdf HTTP/1.1" 200 782340
157.55.39.197 - - [25/Nov/2014:01:55:29 -0500] "GET /BLA/resoluciones/AUTOS%202011/4660.pdf HTTP/1.1" 200 270867
157.55.39.50 - - [25/Nov/2014:01:55:34 -0500] "GET /bla/resoluciones/resoluciones%202009/8299.pdf HTTP/1.1" 200 421328
74.86.158.107 - - [25/Nov/2014:01:55:35 -0500] "HEAD / HTTP/1.1" 302 -
157.55.39.197 - - [25/Nov/2014:01:55:39 -0500] "GET /BLA/resoluciones/RESOLUCIONES%202008/0166.pdf HTTP/1.1" 200 305274
157.55.39.197 - - [25/Nov/2014:01:55:40 -0500] "GET /BLA/resoluciones/AUTOS%202009/1544.pdf HTTP/1.1" 200 112027
207.46.13.28 - - [25/Nov/2014:01:55:48 -0500] "GET /BLA/resoluciones/index.php?dir=RESOLUCIONES%202012/&sort=name&order=desc HTTP/1.1" 200 130694
157.55.39.50 - - [25/Nov/2014:01:55:55 -0500] "GET /BLA/resoluciones/RESOLUCIONES%202008/0195.pdf HTTP/1.1" 200 284745
157.55.39.197 - - [25/Nov/2014:01:55:59 -0500] "GET /bla/resoluciones/resoluciones%202009/8783.pdf HTTP/1.1" 200 557004
66.249.65.51 - - [25/Nov/2014:01:56:00 -0500] "GET /htdocs/even/Ca0jr6ay/tsld017.htm HTTP/1.1" 404 1019
186.155.229.182 - - [25/Nov/2014:01:56:13 -0500] "GET /BLA/boletinlegal/js/jquery.js HTTP/1.1" 200 57254
186.155.229.182 - - [25/Nov/2014:01:56:13 -0500] "GET /BLA/boletinlegal/js/jquery.scrollTo-min.js HTTP/1.1" 200 1150
186.155.229.182 - - [25/Nov/2014:01:56:13 -0500] "GET /BLA/boletinlegal/js/jquery.scrollShow.js HTTP/1.1" 200 4586
66.249.65.119 - - [25/Nov/2014:01:56:17 -0500] "GET /BLA/resoluciones/AUTOS%202008/0824.pdf HTTP/1.1" 200 209039
186.91.168.39 - - [25/Nov/2014:01:56:21 -0500] "GET /BLA/boletinlegal/js/jquery.scrollTo-min.js HTTP/1.0" 200 1150
186.91.168.39 - - [25/Nov/2014:01:56:21 -0500] "GET /BLA/boletinlegal/js/jquery.js HTTP/1.0" 200 57254
186.91.168.39 - - [25/Nov/2014:01:56:21 -0500] "GET /BLA/boletinlegal/js/jquery.scrollShow.js HTTP/1.0" 200 4586
157.55.39.197 - - [25/Nov/2014:01:56:45 -0500] "GET /BLA/resoluciones/AUTOS%202009/2842.pdf HTTP/1.1" 200 82000
207.46.13.28 - - [25/Nov/2014:01:56:51 -0500] "GET /BLA/resoluciones/Resoluciones%202011/1546.pdf HTTP/1.1" 200 67323
207.46.13.28 - - [25/Nov/2014:01:56:56 -0500] "GET /BLA/resoluciones/AUTOS%202011/0700.pdf HTTP/1.1" 200 99421
190.157.153.160 - - [25/Nov/2014:01:57:03 -0500] "GET /BLA/boletinlegal/js/jquery.js HTTP/1.1" 200 57254
190.157.153.160 - - [25/Nov/2014:01:57:04 -0500] "GET /BLA/boletinlegal/js/jquery.scrollShow.js HTTP/1.1" 200 4586
190.157.153.160 - - [25/Nov/2014:01:57:04 -0500] "GET /BLA/boletinlegal/js/jquery.scrollTo-min.js HTTP/1.1" 200 1150
157.55.39.50 - - [25/Nov/2014:01:57:15 -0500] "GET /BLA/resoluciones/RESOLUCIONES%202008/2468.pdf HTTP/1.1" 200 250658
66.249.65.123 - - [25/Nov/2014:01:57:23 -0500] "GET /BLA/resoluciones/RESOLUCIONES%202007/RES%202007%201%20AL%20100/RESOLUCION%200027%20DE%202007.pdf HTTP/1.1" 200 358648
157.55.39.50 - - [25/Nov/2014:01:57:41 -0500] "GET /bla/resoluciones/RESOLUCIONES%202011/0265.pdf HTTP/1.1" 200 61625
157.55.39.102 - - [25/Nov/2014:01:57:54 -0500] "GET /bla/resoluciones/resoluciones%202009/8035.pdf HTTP/1.1" 200 419672
157.55.39.102 - - [25/Nov/2014:01:57:54 -0500] "GET /bla/resoluciones/autos%202010/6261.pdf HTTP/1.1" 200 150243
157.55.39.102 - - [25/Nov/2014:01:57:57 -0500] "GET /BLA/resoluciones/AUTOS%202010/5454.pdf HTTP/1.1" 200 150347
157.55.39.102 - - [25/Nov/2014:01:57:57 -0500] "GET /BLA/resoluciones/RESOLUCIONES%202008/1594.pdf HTTP/1.1" 200 328803
157.55.39.102 - - [25/Nov/2014:01:57:58 -0500] "GET /bla/resoluciones/resoluciones%202009/9020.pdf HTTP/1.1" 200 497796
157.55.39.102 - - [25/Nov/2014:01:57:58 -0500] "GET /BLA/resoluciones/AUTOS%202011/0798.pdf HTTP/1.1" 200 161917
157.55.39.102 - - [25/Nov/2014:01:57:59 -0500] "GET /BLA/resoluciones/RESOLUCIONES%202008/1643.pdf HTTP/1.1" 200 230973
157.55.39.102 - - [25/Nov/2014:01:57:59 -0500] "GET /BLA/resoluciones/AUTOS%202009/2835.pdf HTTP/1.1" 200 125136
157.55.39.102 - - [25/Nov/2014:01:58:00 -0500] "GET /BLA/resoluciones/RESOLUCIONES%202009/4216.pdf HTTP/1.1" 200 1233524
157.55.39.102 - - [25/Nov/2014:01:58:01 -0500] "GET /BLA/resoluciones/RESOLUCIONES%202009/2013.pdf HTTP/1.1" 200 684062
157.55.39.102 - - [25/Nov/2014:01:58:01 -0500] "GET /BLA/resoluciones/AUTOS%202011/0486.pdf HTTP/1.1" 200 94723
157.55.39.49 - - [25/Nov/2014:01:58:02 -0500] "GET /BLA/resoluciones/RESOLUCIONES%202010/0601.pdf HTTP/1.1" 200 119022
157.55.39.102 - - [25/Nov/2014:01:58:02 -0500] "GET /bla/resoluciones/resoluciones%202010/7777.pdf HTTP/1.1" 200 360278
157.55.39.102 - - [25/Nov/2014:01:58:03 -0500] "GET /BLA/resoluciones/RESOLUCIONES%202008/1497.pdf HTTP/1.1" 200 25180
157.55.39.102 - - [25/Nov/2014:01:58:03 -0500] "GET /BLA/resoluciones/RESOLUCIONES%202009/1620.pdf HTTP/1.1" 200 693274
157.55.39.102 - - [25/Nov/2014:01:58:03 -0500] "GET /bla/resoluciones/autos%202010/5393.pdf HTTP/1.1" 200 1552670
157.55.39.102 - - [25/Nov/2014:01:58:04 -0500] "GET /bla/resoluciones/resoluciones%202009/1596.pdf HTTP/1.1" 200 575942
157.55.39.102 - - [25/Nov/2014:01:58:05 -0500] "GET /bla/resoluciones/resoluciones%202009/0048.pdf HTTP/1.1" 200 368391
157.55.39.49 - - [25/Nov/2014:01:58:10 -0500] "GET /BLA/resoluciones/RESOLUCIONES%202009/1764.pdf HTTP/1.1" 200 356353
66.249.65.123 - - [25/Nov/2014:01:58:28 -0500] "GET /BLA/resoluciones/AUTOS%202010/5419.pdf HTTP/1.1" 200 203074
157.55.39.50 - - [25/Nov/2014:01:58:31 -0500] "GET /bla/resoluciones/RESOLUCIONES%202011/3128.pdf HTTP/1.1" 200 119614
188.165.15.66 - - [25/Nov/2014:01:58:43 -0500] "GET /BLA/resoluciones/RESOLUCIONES%202005/RES%202005%202851-2900/00002897.tif HTTP/1.1" 200 80594
157.55.39.50 - - [25/Nov/2014:01:58:49 -0500] "GET /BLA/resoluciones/AUTOS%202009/2313.pdf HTTP/1.1" 200 153879
157.55.39.50 - - [25/Nov/2014:01:58:55 -0500] "GET /BLA/resoluciones/AUTOS%202010/5732.pdf HTTP/1.1" 200 1522326
207.46.13.28 - - [25/Nov/2014:01:58:59 -0500] "GET /BLA/resoluciones/RESOLUCIONES%202009/4545.pdf HTTP/1.1" 200 640217
157.55.39.197 - - [25/Nov/2014:01:59:04 -0500] "GET /BLA/resoluciones/RESOLUCIONES%202008/1638.pdf HTTP/1.1" 200 230129
157.55.39.197 - - [25/Nov/2014:01:59:05 -0500] "GET /BLA/resoluciones/RESOLUCIONES%202009/0416.pdf HTTP/1.1" 200 198089
157.55.39.49 - - [25/Nov/2014:01:59:09 -0500] "GET /BLA/resoluciones/Resoluciones%202011/0056.pdf HTTP/1.1" 200 363108
207.46.13.28 - - [25/Nov/2014:01:59:22 -0500] "GET /bla/resoluciones/resoluciones%202009/2406.pdf HTTP/1.1" 200 421121
157.55.39.102 - - [25/Nov/2014:01:59:27 -0500] "GET /BLA/resoluciones/RESOLUCIONES%202009/2418.pdf HTTP/1.1" 200 417707
157.55.39.102 - - [25/Nov/2014:01:59:28 -0500] "GET /BLA/resoluciones/AUTOS%202010/1042.pdf HTTP/1.1" 200 252853
157.55.39.102 - - [25/Nov/2014:01:59:28 -0500] "GET /BLA/resoluciones/RESOLUCIONES%202009/6621.pdf HTTP/1.1" 200 1362793
157.55.39.197 - - [25/Nov/2014:01:59:30 -0500] "GET /BLA/resoluciones/RESOLUCIONES%202012/0677.pdf HTTP/1.1" 200 1100092
66.249.65.123 - - [25/Nov/2014:01:59:33 -0500] "GET /BLA/resoluciones/RESOLUCIONES%202009/9739.pdf HTTP/1.1" 200 272303
157.55.39.50 - - [25/Nov/2014:01:59:36 -0500] "GET /BLA/resoluciones/AUTOS%202011/2189.pdf HTTP/1.1" 200 208535
142.4.60.226 - - [25/Nov/2014:01:59:37 -0500] "GET /blog/wp-admin/ HTTP/1.1" 404 1018
201.238.59.112 - - [25/Nov/2014:01:59:43 -0500] "GET /BLA/boletinlegal/js/jquery.js HTTP/1.1" 200 57254
201.238.59.112 - - [25/Nov/2014:01:59:49 -0500] "GET /BLA/boletinlegal/js/jquery.scrollTo-min.js HTTP/1.1" 200 1150
207.46.13.28 - - [25/Nov/2014:01:59:49 -0500] "GET /bla/resoluciones/resoluciones%202010/6355.pdf HTTP/1.1" 200 469076
207.46.13.28 - - [25/Nov/2014:01:59:50 -0500] "GET /BLA/resoluciones/RESOLUCIONES%202009/0664.pdf HTTP/1.1" 200 209613
207.46.13.28 - - [25/Nov/2014:01:59:51 -0500] "GET /bla/resoluciones/resoluciones%202010/5544.pdf HTTP/1.1" 200 203733
157.55.39.50 - - [25/Nov/2014:01:59:54 -0500] "GET /BLA/resoluciones/RESOLUCIONES%202009/7031.pdf HTTP/1.1" 200 726757
157.55.39.50 - - [25/Nov/2014:01:59:54 -0500] "GET /bla/resoluciones/resoluciones%202009/8082.pdf HTTP/1.1" 200 480739
186.80.156.233 - - [25/Nov/2014:01:59:53 -0500] "GET /isolucionsda/ HTTP/1.1" 200 739
201.238.59.112 - - [25/Nov/2014:02:00:02 -0500] "GET /BLA/boletinlegal/js/jquery.scrollShow.js HTTP/1.1" 200 4586
186.80.156.233 - - [25/Nov/2014:02:00:05 -0500] "GET /galeria/nivo-slider/demo/demo.html HTTP/1.1" 200 3432
180.76.6.156 - - [25/Nov/2014:02:00:07 -0500] "GET /BLA/resoluciones/RESOLUCIONES%202010/7289.pdf HTTP/1.1" 200 349410
186.80.156.233 - - [25/Nov/2014:02:00:10 -0500] "GET /galeria/nivo-slider/demo/images/banner-pygaai.jpg HTTP/1.1" 200 82693
186.80.156.233 - - [25/Nov/2014:02:00:10 -0500] "GET /galeria/nivo-slider/demo/images/bannerEcolecta3.jpg HTTP/1.1" 200 280034
186.80.156.233 - - [25/Nov/2014:02:00:10 -0500] "GET /galeria/nivo-slider/demo/images/Banner-comparendo.jpg HTTP/1.1" 304 -
186.80.156.233 - - [25/Nov/2014:02:00:10 -0500] "GET /galeria/nivo-slider/demo/images/Banner-Ecourbanismo.jpg HTTP/1.1" 304 -
186.80.156.233 - - [25/Nov/2014:02:00:10 -0500] "GET /galeria/nivo-slider/demo/images/Biotaxis-Man.jpg HTTP/1.1" 304 -
186.80.156.233 - - [25/Nov/2014:02:00:10 -0500] "GET /galeria/nivo-slider/demo/images/Banner-Caracol-Africano.jpg HTTP/1.1" 304 -
186.80.156.233 - - [25/Nov/2014:02:00:11 -0500] "GET /videos/Spot_CambioClimatico.flv HTTP/1.1" 200 4371917
74.86.158.107 - - [25/Nov/2014:02:00:34 -0500] "HEAD / HTTP/1.1" 302 -
66.249.65.115 - - [25/Nov/2014:02:00:39 -0500] "GET /BLA/resoluciones/AUTOS%202011/6623.pdf HTTP/1.1" 200 610473
207.46.13.28 - - [25/Nov/2014:02:00:40 -0500] "GET /bla/resoluciones/resoluciones%202009/9059.pdf HTTP/1.1" 200 506792
207.46.13.28 - - [25/Nov/2014:02:00:54 -0500] "GET /BLA/resoluciones/RESOLUCIONES%202009/7620.pdf HTTP/1.1" 200 1600951
188.165.15.26 - - [25/Nov/2014:02:01:17 -0500] "GET /BLA/resoluciones/RESOLUCIONES%202003/RES%202003%201801-1850/20031809.tif HTTP/1.1" 200 45356
157.55.39.197 - - [25/Nov/2014:02:01:25 -0500] "GET /BLA/resoluciones/AUTOS%202011/2212.pdf HTTP/1.1" 200 233733
66.249.65.119 - - [25/Nov/2014:02:01:41 -0500] "GET /BLA/resoluciones/RESOLUCIONES%202007/RES%202007%202101%20AL%202200/RESOLUCION%202152%20DE%202007.pdf HTTP/1.1" 200 598437
207.46.13.28 - - [25/Nov/2014:02:01:46 -0500] "GET /BLA/resoluciones/AUTOS%202009/2924.pdf HTTP/1.1" 200 170952
66.249.65.115 - - [25/Nov/2014:02:01:47 -0500] "GET /BLA/resoluciones/RESOLUCIONES%202009/6613.pdf HTTP/1.1" 200 556122
207.46.13.28 - - [25/Nov/2014:02:01:48 -0500] "GET /BLA/resoluciones/RESOLUCIONES%202012/0974.pdf HTTP/1.1" 200 1491889
207.46.13.28 - - [25/Nov/2014:02:01:49 -0500] "GET /BLA/resoluciones/AUTOS%202009/2423.pdf HTTP/1.1" 200 100591
190.25.232.143 - - [25/Nov/2014:02:01:50 -0500] "GET /galeria/nivo-slider/demo/demo.html HTTP/1.1" 200 3432
157.55.39.197 - - [25/Nov/2014:02:01:55 -0500] "GET /BLA/resoluciones/AUTOS%202010/0065.pdf HTTP/1.1" 200 190711
157.55.39.197 - - [25/Nov/2014:02:01:55 -0500] "GET /bla/resoluciones/RESOLUCIONES%202011/1376.pdf HTTP/1.1" 200 64663
157.55.39.49 - - [25/Nov/2014:02:01:59 -0500] "GET /BLA/resoluciones/AUTOS%202011/3636.pdf HTTP/1.1" 200 264737
207.46.13.28 - - [25/Nov/2014:02:02:08 -0500] "GET /BLA/resoluciones/RESOLUCIONES%202008/2158.pdf HTTP/1.1" 200 345671
207.46.13.28 - - [25/Nov/2014:02:02:10 -0500] "GET /BLA/resoluciones/RESOLUCIONES%202010/2475.pdf HTTP/1.1" 200 493114
188.165.15.136 - - [25/Nov/2014:02:02:11 -0500] "GET /BLA/resoluciones/RESOLUCIONES%202004/RES%202004%202001-2050/00002001.tif HTTP/1.1" 200 46308
207.46.13.28 - - [25/Nov/2014:02:02:11 -0500] "GET /BLA/resoluciones/RESOLUCIONES%202010/0718.pdf HTTP/1.1" 200 106164
186.80.188.222 - - [25/Nov/2014:02:02:24 -0500] "GET /BLA/boletinlegal/js/jquery.js HTTP/1.1" 200 57254
186.80.188.222 - - [25/Nov/2014:02:02:24 -0500] "GET /BLA/boletinlegal/js/jquery.scrollTo-min.js HTTP/1.1" 200 1150
186.80.188.222 - - [25/Nov/2014:02:02:24 -0500] "GET /BLA/boletinlegal/js/jquery.scrollShow.js HTTP/1.1" 200 4586
207.46.13.28 - - [25/Nov/2014:02:02:25 -0500] "GET /BLA/resoluciones/RESOLUCIONES%202010/0210.pdf HTTP/1.1" 200 653017
207.46.13.28 - - [25/Nov/2014:02:02:27 -0500] "GET /BLA/resoluciones/Resoluciones%202011/2052.pdf HTTP/1.1" 200 515983
188.165.15.136 - - [25/Nov/2014:02:02:33 -0500] "GET /BLA/resoluciones/RESOLUCIONES%202005/RES%202005%202101-2150/00002112.tif HTTP/1.1" 200 234858
157.55.39.197 - - [25/Nov/2014:02:02:36 -0500] "GET /BLA/resoluciones/AUTOS%202011/2370.pdf HTTP/1.1" 200 433657
66.249.65.115 - - [25/Nov/2014:02:02:49 -0500] "GET /BLA/resoluciones/RESOLUCIONES%202008/4237.pdf HTTP/1.1" 200 299734
157.55.39.197 - - [25/Nov/2014:02:02:51 -0500] "GET /bla/resoluciones/RESOLUCIONES%202011/1905.pdf HTTP/1.1" 200 515848
207.46.13.28 - - [25/Nov/2014:02:02:56 -0500] "GET /bla/resoluciones/resoluciones%202009/4332.pdf HTTP/1.1" 200 50830
207.46.13.28 - - [25/Nov/2014:02:02:57 -0500] "GET /BLA/resoluciones/RESOLUCIONES%202009/5114.pdf HTTP/1.1" 200 1181556
157.55.39.197 - - [25/Nov/2014:02:03:01 -0500] "GET /bla/resoluciones/resoluciones%202010/7272.pdf HTTP/1.1" 200 84877
157.55.39.197 - - [25/Nov/2014:02:03:06 -0500] "GET /BLA/resoluciones/RESOLUCIONES%202008/0657.pdf HTTP/1.1" 200 252436
188.165.15.85 - - [25/Nov/2014:02:03:12 -0500] "GET /BLA/resoluciones/RESOLUCIONES%202005/RES%202005%20951-1000/00000967.tif HTTP/1.1" 200 372112
207.46.13.28 - - [25/Nov/2014:02:03:13 -0500] "GET /BLA/resoluciones/RESOLUCIONES%202009/2654.pdf HTTP/1.1" 200 1069760
207.46.13.28 - - [25/Nov/2014:02:03:14 -0500] "GET /BLA/resoluciones/AUTOS%202011/3264.pdf HTTP/1.1" 200 139384
180.76.6.17 - - [25/Nov/2014:02:03:14 -0500] "GET /Autoliquidacion/index.php?dir=PERMISO+DE+OCUPACION+DE+SUELO%2F HTTP/1.1" 200 2141
188.165.15.85 - - [25/Nov/2014:02:03:16 -0500] "GET /BLA/resoluciones/RESOLUCIONES%202003/RES%202003%201701-1750/20031737.tif HTTP/1.1" 200 89136
157.55.39.50 - - [25/Nov/2014:02:03:18 -0500] "GET /bla/resoluciones/resoluciones%202010/5978.pdf HTTP/1.1" 200 142058
157.55.39.50 - - [25/Nov/2014:02:03:27 -0500] "GET /BLA/resoluciones/RESOLUCIONES%202009/0275.pdf HTTP/1.1" 200 64916
157.55.39.50 - - [25/Nov/2014:02:03:31 -0500] "GET /bla/resoluciones/autos%202010/5542.pdf HTTP/1.1" 200 819308
157.55.39.50 - - [25/Nov/2014:02:03:36 -0500] "GET /BLA/resoluciones/RESOLUCIONES%202009/1433.pdf HTTP/1.1" 200 961112
188.165.15.85 - - [25/Nov/2014:02:03:46 -0500] "GET /BLA/resoluciones/RESOLUCIONES%202003/RES%202003%20701-750/704.tif HTTP/1.1" 200 109496
66.249.65.119 - - [25/Nov/2014:02:03:55 -0500] "GET /BLA/resoluciones/RESOLUCIONES%202009/6322.pdf HTTP/1.1" 200 620673
66.249.65.115 - - [25/Nov/2014:02:04:01 -0500] "GET /robots.txt HTTP/1.1" 404 1015
66.249.65.115 - - [25/Nov/2014:02:04:01 -0500] "GET / HTTP/1.1" 302 -
157.55.39.197 - - [25/Nov/2014:02:04:30 -0500] "GET /BLA/resoluciones/RESOLUCIONES%202008/0272.pdf HTTP/1.1" 200 923588
207.46.13.28 - - [25/Nov/2014:02:04:35 -0500] "GET /BLA/resoluciones/AUTOS%202010/4584.pdf HTTP/1.1" 200 78141
