157.55.39.102 - - [25/Nov/2014:02:58:21 -0500] "GET /BLA/resoluciones/AUTOS%202009/5144.pdf HTTP/1.1" 200 1515563
157.55.39.102 - - [25/Nov/2014:02:58:22 -0500] "GET /BLA/resoluciones/Resoluciones%202011/0601.pdf HTTP/1.1" 200 74671
157.55.39.102 - - [25/Nov/2014:02:58:22 -0500] "GET /BLA/resoluciones/RESOLUCIONES%202008/1023.pdf HTTP/1.1" 200 420156
157.55.39.102 - - [25/Nov/2014:02:58:23 -0500] "GET /BLA/resoluciones/AUTOS%202011/5345.pdf HTTP/1.1" 200 476659
157.55.39.102 - - [25/Nov/2014:02:58:23 -0500] "GET /bla/resoluciones/resoluciones%202009/8702.pdf HTTP/1.1" 200 418035
157.55.39.102 - - [25/Nov/2014:02:58:24 -0500] "GET /BLA/resoluciones/RESOLUCIONES%202009/3556.pdf HTTP/1.1" 200 683836
157.55.39.102 - - [25/Nov/2014:02:58:24 -0500] "GET /bla/resoluciones/autos%202010/0122.pdf HTTP/1.1" 200 272657
157.55.39.197 - - [25/Nov/2014:02:58:30 -0500] "GET /BLA/resoluciones/RESOLUCIONES%202009/4305.pdf HTTP/1.1" 200 652767
66.249.65.123 - - [25/Nov/2014:02:58:38 -0500] "GET /BLA/resoluciones/RESOLUCIONES%202010/1902.pdf HTTP/1.1" 200 582522
207.46.13.28 - - [25/Nov/2014:02:58:41 -0500] "GET /BLA/resoluciones/RESOLUCIONES%202009/3777.pdf HTTP/1.1" 200 847973
207.46.13.28 - - [25/Nov/2014:02:58:42 -0500] "GET /BLA/resoluciones/RESOLUCIONES%202008/1171.pdf HTTP/1.1" 200 251716
157.55.39.50 - - [25/Nov/2014:02:58:47 -0500] "GET /robots.txt HTTP/1.1" 404 1018
157.55.39.197 - - [25/Nov/2014:02:58:45 -0500] "GET /bla/resoluciones/resoluciones%202010/?C=D;O=A HTTP/1.1" 200 593332
157.55.39.50 - - [25/Nov/2014:02:58:50 -0500] "GET /bla/resoluciones/resoluciones%202009/6130.pdf HTTP/1.1" 200 123770
180.76.5.196 - - [25/Nov/2014:02:58:59 -0500] "GET /BLA/resoluciones/AUTOS%202009/0839.pdf HTTP/1.1" 200 70809
207.46.13.28 - - [25/Nov/2014:02:58:59 -0500] "GET /BLA/resoluciones/RESOLUCIONES%202009/2193.pdf HTTP/1.1" 200 637462
207.46.13.28 - - [25/Nov/2014:02:59:01 -0500] "GET /BLA/resoluciones/AUTOS%202010/1282.pdf HTTP/1.1" 200 289359
157.55.39.197 - - [25/Nov/2014:02:59:09 -0500] "GET /bla/resoluciones/resoluciones%202009/9650.pdf HTTP/1.1" 200 534941
207.46.13.28 - - [25/Nov/2014:02:59:21 -0500] "GET /BLA/resoluciones/AUTOS%202010/0179.pdf HTTP/1.1" 200 223571
207.46.13.28 - - [25/Nov/2014:02:59:23 -0500] "GET /bla/resoluciones/resoluciones%202010/7601.pdf HTTP/1.1" 200 68813
157.55.39.50 - - [25/Nov/2014:02:59:36 -0500] "GET /BLA/resoluciones/RESOLUCIONES%202009/4264.pdf HTTP/1.1" 200 827906
157.55.39.50 - - [25/Nov/2014:02:59:37 -0500] "GET /BLA/resoluciones/Resoluciones%202011/1471.pdf HTTP/1.1" 200 67527
207.46.13.28 - - [25/Nov/2014:02:59:41 -0500] "GET /BLA/resoluciones/RESOLUCIONES%202009/4226.pdf HTTP/1.1" 200 950676
66.249.65.123 - - [25/Nov/2014:02:59:42 -0500] "GET /BLA/resoluciones/RESOLUCIONES%202011/1638.pdf HTTP/1.1" 200 300932
207.46.13.28 - - [25/Nov/2014:02:59:43 -0500] "GET /BLA/resoluciones/Resoluciones%202011/0300.pdf HTTP/1.1" 200 73073
66.249.65.115 - - [25/Nov/2014:02:59:44 -0500] "GET /BLA/resoluciones/RESOLUCIONES%202010/4501.pdf HTTP/1.1" 200 4070663
207.46.13.28 - - [25/Nov/2014:03:00:21 -0500] "GET /BLA/resoluciones/RESOLUCIONES%202009/0685.pdf HTTP/1.1" 200 425734
207.46.13.28 - - [25/Nov/2014:03:00:22 -0500] "GET /BLA/resoluciones/RESOLUCIONES%202010/1094.pdf HTTP/1.1" 200 118494
207.46.13.28 - - [25/Nov/2014:03:00:22 -0500] "GET /BLA/resoluciones/RESOLUCIONES%202009/1423.pdf HTTP/1.1" 200 439697
207.46.13.28 - - [25/Nov/2014:03:00:23 -0500] "GET /BLA/resoluciones/RESOLUCIONES%202012/0323.pdf HTTP/1.1" 200 315543
74.86.158.107 - - [25/Nov/2014:03:00:34 -0500] "HEAD / HTTP/1.1" 302 -
207.46.13.28 - - [25/Nov/2014:03:00:41 -0500] "GET /BLA/resoluciones/RESOLUCIONES%202009/1318.pdf HTTP/1.1" 200 481535
207.46.13.28 - - [25/Nov/2014:03:00:43 -0500] "GET /BLA/resoluciones/RESOLUCIONES%202008/2478.pdf HTTP/1.1" 200 205347
157.55.39.50 - - [25/Nov/2014:03:00:47 -0500] "GET /bla/resoluciones/resoluciones%202009/0106.pdf HTTP/1.1" 200 271726
66.249.65.119 - - [25/Nov/2014:03:00:50 -0500] "GET /BLA/resoluciones/RESOLUCIONES%202009/6290.pdf HTTP/1.1" 200 430463
157.55.39.102 - - [25/Nov/2014:03:00:52 -0500] "GET /bla/resoluciones/resoluciones%202009/6299.pdf HTTP/1.1" 200 344251
157.55.39.197 - - [25/Nov/2014:03:01:04 -0500] "GET /bla/resoluciones/resoluciones%202010/5248.pdf HTTP/1.1" 200 816711
157.55.39.197 - - [25/Nov/2014:03:01:08 -0500] "GET /BLA/resoluciones/AUTOS%202011/4267.pdf HTTP/1.1" 200 232465
157.55.39.197 - - [25/Nov/2014:03:01:08 -0500] "GET /BLA/resoluciones/RESOLUCIONES%202008/2551.pdf HTTP/1.1" 200 464733
157.55.39.102 - - [25/Nov/2014:03:01:08 -0500] "GET /bla/resoluciones/autos%202010/4450.pdf HTTP/1.1" 200 278215
157.55.39.102 - - [25/Nov/2014:03:01:09 -0500] "GET /bla/resoluciones/resoluciones%202009/0210.pdf HTTP/1.1" 200 274049
157.55.39.102 - - [25/Nov/2014:03:01:09 -0500] "GET /BLA/resoluciones/AUTOS%202011/5117.pdf HTTP/1.1" 200 255917
157.55.39.102 - - [25/Nov/2014:03:01:10 -0500] "GET /BLA/resoluciones/RESOLUCIONES%202007/RES%202007%20201%20AL%20300/RESOLUCION%200286%20DE%202007.pdf HTTP/1.1" 200 345902
157.55.39.102 - - [25/Nov/2014:03:01:10 -0500] "GET /BLA/resoluciones/RESOLUCIONES%202008/0909.pdf HTTP/1.1" 200 248880
188.165.15.26 - - [25/Nov/2014:03:01:10 -0500] "GET /BLA/resoluciones/RESOLUCIONES%202006/RES%202006%20301-350/00000344.tif HTTP/1.1" 200 64960
157.55.39.102 - - [25/Nov/2014:03:01:11 -0500] "GET /bla/resoluciones/resoluciones%202009/9698.pdf HTTP/1.1" 200 338300
157.55.39.102 - - [25/Nov/2014:03:01:11 -0500] "GET /bla/resoluciones/resoluciones%202010/6229.pdf HTTP/1.1" 200 802945
207.46.13.28 - - [25/Nov/2014:03:01:11 -0500] "GET /BLA/resoluciones/RESOLUCIONES%202009/4605.pdf HTTP/1.1" 200 642483
157.55.39.102 - - [25/Nov/2014:03:01:12 -0500] "GET /bla/resoluciones/resoluciones%202010/6820.pdf HTTP/1.1" 200 670241
207.46.13.28 - - [25/Nov/2014:03:01:12 -0500] "GET /bla/resoluciones/RESOLUCIONES%202011/0989.pdf HTTP/1.1" 200 80119
157.55.39.102 - - [25/Nov/2014:03:01:12 -0500] "GET /bla/resoluciones/resoluciones%202010/6150.pdf HTTP/1.1" 200 586416
207.46.13.28 - - [25/Nov/2014:03:01:12 -0500] "GET /BLA/resoluciones/AUTOS%202009/0732.pdf HTTP/1.1" 200 109775
157.55.39.102 - - [25/Nov/2014:03:01:12 -0500] "GET /BLA/resoluciones/RESOLUCIONES%202009/8022.pdf HTTP/1.1" 200 1716701
157.55.39.102 - - [25/Nov/2014:03:01:13 -0500] "GET /bla/resoluciones/resoluciones%202009/2190.pdf HTTP/1.1" 200 629008
157.55.39.50 - - [25/Nov/2014:03:01:16 -0500] "GET /bla/resoluciones/autos%202010/4643.pdf HTTP/1.1" 200 494293
157.55.39.50 - - [25/Nov/2014:03:01:16 -0500] "GET /BLA/resoluciones/RESOLUCIONES%202009/9385.pdf HTTP/1.1" 200 1435659
157.55.39.50 - - [25/Nov/2014:03:01:18 -0500] "GET /BLA/resoluciones/RESOLUCIONES%202008/2978.pdf HTTP/1.1" 200 258258
157.55.39.102 - - [25/Nov/2014:03:01:20 -0500] "GET /BLA/resoluciones/RESOLUCIONES%202008/0167.pdf HTTP/1.1" 200 283229
157.55.39.102 - - [25/Nov/2014:03:01:21 -0500] "GET /bla/resoluciones/resoluciones%202010/7641.pdf HTTP/1.1" 200 67617
157.55.39.102 - - [25/Nov/2014:03:01:21 -0500] "GET /bla/resoluciones/resoluciones%202009/7496.pdf HTTP/1.1" 200 487539
157.55.39.102 - - [25/Nov/2014:03:01:22 -0500] "GET /BLA/resoluciones/RESOLUCIONES%202009/8490.pdf HTTP/1.1" 200 734127
188.165.15.26 - - [25/Nov/2014:03:01:25 -0500] "GET /BLA/resoluciones/RESOLUCIONES%202006/RES%202006%20251-300/00000280.tif HTTP/1.1" 200 221286
157.55.39.197 - - [25/Nov/2014:03:01:34 -0500] "GET /BLA/resoluciones/RESOLUCIONES%202008/0065.pdf HTTP/1.1" 200 642410
157.55.39.50 - - [25/Nov/2014:03:01:40 -0500] "GET /BLA/resoluciones/AUTOS%202011/1740.pdf HTTP/1.1" 200 58400
157.55.39.50 - - [25/Nov/2014:03:01:41 -0500] "GET /BLA/resoluciones/AUTOS%202011/0845.pdf HTTP/1.1" 200 149593
157.55.39.50 - - [25/Nov/2014:03:01:41 -0500] "GET /BLA/resoluciones/RESOLUCIONES%202009/0835.pdf HTTP/1.1" 200 263807
157.55.39.197 - - [25/Nov/2014:03:01:46 -0500] "GET /robots.txt HTTP/1.1" 404 1018
207.46.13.28 - - [25/Nov/2014:03:01:47 -0500] "GET /BLA/resoluciones/AUTOS%202011/1595.pdf HTTP/1.1" 200 147658
207.46.13.28 - - [25/Nov/2014:03:01:48 -0500] "GET /BLA/resoluciones/RESOLUCIONES%202009/0728.pdf HTTP/1.1" 200 335316
207.46.13.28 - - [25/Nov/2014:03:01:48 -0500] "GET /BLA/resoluciones/RESOLUCIONES%202009/0673.pdf HTTP/1.1" 200 292845
207.46.13.28 - - [25/Nov/2014:03:01:49 -0500] "GET /BLA/resoluciones/RESOLUCIONES%202008/0765.pdf HTTP/1.1" 200 170504
157.55.39.197 - - [25/Nov/2014:03:01:50 -0500] "GET /bla/resoluciones/resoluciones%202010/5486.pdf HTTP/1.1" 200 248747
157.55.39.50 - - [25/Nov/2014:03:01:55 -0500] "GET /BLA/resoluciones/AUTOS%202009/1799.pdf HTTP/1.1" 200 97670
66.249.65.119 - - [25/Nov/2014:03:01:57 -0500] "GET /BLA/resoluciones/RESOLUCIONES%202009/6667.pdf HTTP/1.1" 200 399750
207.46.13.28 - - [25/Nov/2014:03:02:01 -0500] "GET /BLA/resoluciones/RESOLUCIONES%202008/2852.pdf HTTP/1.1" 200 56270
188.165.15.210 - - [25/Nov/2014:03:02:24 -0500] "GET /BLA/resoluciones/index.php?dir=RESOLUCIONES%202004/&sort=name&order=desc HTTP/1.1" 200 12999
207.46.13.28 - - [25/Nov/2014:03:02:26 -0500] "GET /BLA/resoluciones/RESOLUCIONES%202008/0519.pdf HTTP/1.1" 200 261789
66.249.65.119 - - [25/Nov/2014:03:02:40 -0500] "GET /BLA/resoluciones/RESOLUCIONES%202011/3693.pdf HTTP/1.1" 200 1341959
188.165.15.26 - - [25/Nov/2014:03:02:43 -0500] "GET /BLA/resoluciones/RESOLUCIONES%202002/RES%202002%201901-1950/20021904.tif HTTP/1.1" 200 97942
180.76.6.142 - - [25/Nov/2014:03:02:47 -0500] "GET /BLA/resoluciones/RESOLUCIONES%202008/0043.pdf HTTP/1.1" 200 657084
157.55.39.50 - - [25/Nov/2014:03:02:51 -0500] "GET /bla/resoluciones/resoluciones%202010/6317.pdf HTTP/1.1" 200 2557860
207.46.13.28 - - [25/Nov/2014:03:02:54 -0500] "GET /dama/libreria/php/decide.php?patron=03.1402&inicio_1=0 HTTP/1.1" 404 1019
207.46.13.28 - - [25/Nov/2014:03:02:58 -0500] "GET /bla/resoluciones/resoluciones%202010/5998.pdf HTTP/1.1" 200 3694320
66.249.65.123 - - [25/Nov/2014:03:03:02 -0500] "GET /BLA/resoluciones/RESOLUCIONES%202009/0240.pdf HTTP/1.1" 200 639959
66.249.65.115 - - [25/Nov/2014:03:03:03 -0500] "GET /BLA/resoluciones/Notificaciones/AUTOS%202013/3353.doc HTTP/1.1" 200 247808
207.46.13.28 - - [25/Nov/2014:03:03:30 -0500] "GET /bla/resoluciones/RESOLUCIONES%202011/0111.pdf HTTP/1.1" 200 507490
157.55.39.102 - - [25/Nov/2014:03:03:46 -0500] "GET /BLA/resoluciones/RESOLUCIONES%202009/1419.pdf HTTP/1.1" 200 429415
157.55.39.102 - - [25/Nov/2014:03:03:46 -0500] "GET /BLA/resoluciones/AUTOS%202010/0777.pdf HTTP/1.1" 200 190185
207.46.13.28 - - [25/Nov/2014:03:03:46 -0500] "GET /BLA/resoluciones/RESOLUCIONES%202009/2319.pdf HTTP/1.1" 200 468383
157.55.39.102 - - [25/Nov/2014:03:03:47 -0500] "GET /BLA/resoluciones/Resoluciones%202011/0924.pdf HTTP/1.1" 200 38206
66.249.65.123 - - [25/Nov/2014:03:04:08 -0500] "GET /BLA/resoluciones/AUTOS%202011/3970.pdf HTTP/1.1" 200 263702
180.76.5.62 - - [25/Nov/2014:03:04:21 -0500] "GET /BLA/resoluciones/AUTOS%202007/1118.pdf HTTP/1.1" 200 77561
157.55.39.50 - - [25/Nov/2014:03:04:22 -0500] "GET /BLA/resoluciones/RESOLUCIONES%202010/1561.pdf HTTP/1.1" 200 570532
157.55.39.50 - - [25/Nov/2014:03:04:23 -0500] "GET /bla/resoluciones/resoluciones%202010/7119.pdf HTTP/1.1" 200 128862
207.46.13.28 - - [25/Nov/2014:03:04:27 -0500] "GET /BLA/resoluciones/AUTOS%202010/0185.pdf HTTP/1.1" 200 169051
157.55.39.50 - - [25/Nov/2014:03:04:32 -0500] "GET /BLA/resoluciones/AUTOS%202009/2066.pdf HTTP/1.1" 200 98777
207.46.13.28 - - [25/Nov/2014:03:04:28 -0500] "GET /bla/resoluciones/resoluciones%202010/6142.pdf HTTP/1.1" 200 42290970
207.46.13.28 - - [25/Nov/2014:03:04:34 -0500] "GET /BLA/resoluciones/RESOLUCIONES%202009/5164.pdf HTTP/1.1" 200 624578
157.55.39.197 - - [25/Nov/2014:03:04:36 -0500] "GET /BLA/resoluciones/RESOLUCIONES%202010/0158.pdf HTTP/1.1" 200 654478
207.46.13.28 - - [25/Nov/2014:03:04:42 -0500] "GET /BLA/resoluciones/Resoluciones%202011/1751.pdf HTTP/1.1" 200 516290
157.55.39.50 - - [25/Nov/2014:03:04:47 -0500] "GET /BLA/resoluciones/AUTOS%202009/0549.pdf HTTP/1.1" 200 304530
157.55.39.50 - - [25/Nov/2014:03:04:52 -0500] "GET /bla/resoluciones/RESOLUCIONES%202011/1769.pdf HTTP/1.1" 200 508043
66.249.65.123 - - [25/Nov/2014:03:05:14 -0500] "GET /BLA/resoluciones/RESOLUCIONES%202011/4006.pdf HTTP/1.1" 200 564948
157.55.39.197 - - [25/Nov/2014:03:05:20 -0500] "GET /BLA/resoluciones/AUTOS%202011/2870.pdf HTTP/1.1" 200 233461
74.86.158.107 - - [25/Nov/2014:03:05:34 -0500] "HEAD / HTTP/1.1" 302 -
86.123.21.14 - - [25/Nov/2014:03:05:46 -0500] "GET /BLA/boletinlegal/js/jquery.scrollTo-min.js HTTP/1.1" 200 1150
86.123.21.14 - - [25/Nov/2014:03:05:46 -0500] "GET /BLA/boletinlegal/js/jquery.scrollShow.js HTTP/1.1" 200 4586
86.123.21.14 - - [25/Nov/2014:03:05:46 -0500] "GET /BLA/boletinlegal/js/jquery.js HTTP/1.1" 200 57254
207.46.13.28 - - [25/Nov/2014:03:06:00 -0500] "GET /BLA/resoluciones/Resoluciones%202011/2572.pdf HTTP/1.1" 200 292733
157.55.39.197 - - [25/Nov/2014:03:06:04 -0500] "GET /BLA/resoluciones/RESOLUCIONES%202008/1442.pdf HTTP/1.1" 200 303974
188.165.15.85 - - [25/Nov/2014:03:06:09 -0500] "GET /BLA/resoluciones/RESOLUCIONES%202002/RES%202002%201751-1800/20021754.tif HTTP/1.1" 200 219636
157.55.39.197 - - [25/Nov/2014:03:06:16 -0500] "GET /bla/resoluciones/resoluciones%202010/7196.pdf HTTP/1.1" 200 518024
66.249.65.123 - - [25/Nov/2014:03:06:20 -0500] "GET /BLA/resoluciones/AUTOS%202011/1133.pdf HTTP/1.1" 200 255088
157.55.39.50 - - [25/Nov/2014:03:06:32 -0500] "GET /BLA/resoluciones/RESOLUCIONES%202008/1602.pdf HTTP/1.1" 200 239954
157.55.39.50 - - [25/Nov/2014:03:06:33 -0500] "GET /BLA/resoluciones/RESOLUCIONES%202010/1739.pdf HTTP/1.1" 200 555029
157.55.39.102 - - [25/Nov/2014:03:06:38 -0500] "GET /bla/resoluciones/resoluciones%202010/5883.pdf HTTP/1.1" 200 94364
157.55.39.102 - - [25/Nov/2014:03:06:39 -0500] "GET /BLA/resoluciones/RESOLUCIONES%202009/7185.pdf HTTP/1.1" 200 1035032
207.46.13.28 - - [25/Nov/2014:03:06:41 -0500] "GET /BLA/resoluciones/AUTOS%202011/1836.pdf HTTP/1.1" 200 208276
157.55.39.102 - - [25/Nov/2014:03:06:43 -0500] "GET /BLA/resoluciones/RESOLUCIONES%202008/0534.pdf HTTP/1.1" 200 248025
188.165.15.198 - - [25/Nov/2014:03:06:46 -0500] "GET /BLA/resoluciones/RESOLUCIONES%202003/ANEXOS%20RES%202048/00000006.tif HTTP/1.1" 200 664732
157.55.39.50 - - [25/Nov/2014:03:06:47 -0500] "GET /BLA/resoluciones/Resoluciones%202011/2424.pdf HTTP/1.1" 200 510851
157.55.39.50 - - [25/Nov/2014:03:06:48 -0500] "GET /BLA/resoluciones/AUTOS%202010/5465.pdf HTTP/1.1" 200 161599
188.165.15.36 - - [25/Nov/2014:03:07:01 -0500] "GET /BLA/resoluciones/RESOLUCIONES%202006/RES%202006%201051-1100/00001054.tif HTTP/1.1" 200 160444
157.55.39.49 - - [25/Nov/2014:03:07:03 -0500] "GET /bla/resoluciones/RESOLUCIONES%202011/3488.pdf HTTP/1.1" 200 426316
66.249.65.119 - - [25/Nov/2014:03:07:03 -0500] "GET /POT-2013/Cartografia/19_Sistema%20de%20Acueducto_FEB.pdf HTTP/1.1" 200 4239798
157.55.39.49 - - [25/Nov/2014:03:07:04 -0500] "GET /bla/resoluciones/resoluciones%202009/8485.pdf HTTP/1.1" 200 3387527
207.46.13.28 - - [25/Nov/2014:03:07:13 -0500] "GET /BLA/resoluciones/RESOLUCIONES%202008/2710.pdf HTTP/1.1" 200 279496
157.55.39.102 - - [25/Nov/2014:03:07:25 -0500] "GET /BLA/resoluciones/RESOLUCIONES%202007/RES%202007%20201%20AL%20300/RESOLUCION%200288%20DE%202007.pdf HTTP/1.1" 200 340658
66.249.65.119 - - [25/Nov/2014:03:07:26 -0500] "GET /BLA/resoluciones/RESOLUCIONES%202007/RES%202007%20801%20AL%20900/RESOLUCION%200811%20DE%202007.pdf HTTP/1.1" 200 280492
66.249.65.123 - - [25/Nov/2014:03:07:31 -0500] "GET /BLA/resoluciones/AUTOS%202012/1725.pdf HTTP/1.1" 304 -
157.55.39.50 - - [25/Nov/2014:03:07:33 -0500] "GET /BLA/resoluciones/Resoluciones%202011/1862.pdf HTTP/1.1" 200 514281
66.249.65.119 - - [25/Nov/2014:03:07:35 -0500] "GET /BLA/resoluciones/RESOLUCIONES%202006/RES%202006%201701-1751/00001747.tif HTTP/1.1" 200 184762
180.76.5.154 - - [25/Nov/2014:03:07:37 -0500] "GET /BLA/resoluciones/RESOLUCIONES%202008/0580.pdf HTTP/1.1" 200 314181
157.55.39.197 - - [25/Nov/2014:03:08:07 -0500] "GET /BLA/resoluciones/RESOLUCIONES%202009/2408.pdf HTTP/1.1" 200 415110
157.55.39.197 - - [25/Nov/2014:03:08:07 -0500] "GET /BLA/resoluciones/RESOLUCIONES%202012/0194.pdf HTTP/1.1" 200 678313
188.165.15.241 - - [25/Nov/2014:03:08:12 -0500] "GET /BLA/resoluciones/RESOLUCIONES%202005/RES%202005%20601-650/00000624.tif HTTP/1.1" 200 101910
157.55.39.50 - - [25/Nov/2014:03:08:13 -0500] "GET /BLA/resoluciones/RESOLUCIONES%202012/0647.pdf HTTP/1.1" 200 799077
186.29.11.6 - - [25/Nov/2014:03:08:15 -0500] "GET /galeria/carrusel/Carrusel/jquery.thumbnailScroller.css HTTP/1.1" 200 2066
186.29.11.6 - - [25/Nov/2014:03:08:15 -0500] "GET /BLA/boletinlegal/js/jquery.js HTTP/1.1" 200 57254
186.29.11.6 - - [25/Nov/2014:03:08:15 -0500] "GET /BLA/boletinlegal/js/jquery.scrollTo-min.js HTTP/1.1" 200 1150
186.29.11.6 - - [25/Nov/2014:03:08:15 -0500] "GET /BLA/boletinlegal/js/jquery.scrollShow.js HTTP/1.1" 200 4586
186.29.11.6 - - [25/Nov/2014:03:08:15 -0500] "GET /galeria/carrusel/Carrusel/jquery-ui-1.8.13.custom.min.js HTTP/1.1" 200 10800
186.29.11.6 - - [25/Nov/2014:03:08:15 -0500] "GET /galeria/carrusel/Carrusel/jquery.thumbnailScroller.js HTTP/1.1" 200 8157
186.29.11.6 - - [25/Nov/2014:03:08:19 -0500] "GET /galeria/nivo-slider/demo/demo.html HTTP/1.1" 200 3432
186.29.11.6 - - [25/Nov/2014:03:08:20 -0500] "GET /galeria/nivo-slider/themes/default/default.css HTTP/1.1" 200 1569
186.29.11.6 - - [25/Nov/2014:03:08:20 -0500] "GET /galeria/nivo-slider/themes/pascal/pascal.css HTTP/1.1" 200 2258
186.29.11.6 - - [25/Nov/2014:03:08:20 -0500] "GET /galeria/nivo-slider/themes/orman/orman.css HTTP/1.1" 200 2152
186.29.11.6 - - [25/Nov/2014:03:08:20 -0500] "GET /galeria/nivo-slider/nivo-slider.css HTTP/1.1" 200 1507
186.29.11.6 - - [25/Nov/2014:03:08:20 -0500] "GET /galeria/nivo-slider/demo/style.css HTTP/1.1" 200 2222
186.29.11.6 - - [25/Nov/2014:03:08:20 -0500] "GET /galeria/nivo-slider/demo/images/Banner-comparendo.jpg HTTP/1.1" 200 388762
186.29.11.6 - - [25/Nov/2014:03:08:20 -0500] "GET /galeria/nivo-slider/demo/scripts/jquery-1.7.1.min.js HTTP/1.1" 200 93868
186.29.11.6 - - [25/Nov/2014:03:08:20 -0500] "GET /galeria/nivo-slider/jquery.nivo.slider.pack.js HTTP/1.1" 200 11561
186.29.11.6 - - [25/Nov/2014:03:08:21 -0500] "GET /galeria/nivo-slider/demo/images/4Simple_Slider.png HTTP/1.1" 200 11722
186.29.11.6 - - [25/Nov/2014:03:08:21 -0500] "GET /galeria/nivo-slider/themes/default/loading.gif HTTP/1.1" 200 1737
186.29.11.6 - - [25/Nov/2014:03:08:21 -0500] "GET /galeria/nivo-slider/demo/images/Banner-Ecourbanismo.jpg HTTP/1.1" 200 189838
186.29.11.6 - - [25/Nov/2014:03:08:21 -0500] "GET /galeria/nivo-slider/demo/images/banner-pygaai.jpg HTTP/1.1" 200 82693
186.29.11.6 - - [25/Nov/2014:03:08:22 -0500] "GET /galeria/nivo-slider/demo/images/Biotaxis-Man.jpg HTTP/1.1" 200 99362
207.46.13.28 - - [25/Nov/2014:03:08:23 -0500] "GET /BLA/resoluciones/AUTOS%202011/3777.pdf HTTP/1.1" 200 264349
186.29.11.6 - - [25/Nov/2014:03:08:26 -0500] "GET /galeria/nivo-slider/demo/images/porloshumedales.jpg HTTP/1.1" 200 351238
157.55.39.197 - - [25/Nov/2014:03:08:27 -0500] "GET /bla/resoluciones/resoluciones%202009/6839.pdf HTTP/1.1" 200 266437
186.29.11.6 - - [25/Nov/2014:03:08:29 -0500] "GET /galeria/nivo-slider/demo/images/Tingua-azul.jpg HTTP/1.1" 200 307638
186.29.11.6 - - [25/Nov/2014:03:08:29 -0500] "GET /galeria/nivo-slider/demo/images/Banner-Caracol-Africano.jpg HTTP/1.1" 200 331986
157.55.39.50 - - [25/Nov/2014:03:08:32 -0500] "GET /BLA/resoluciones/Resoluciones%202011/1280.pdf HTTP/1.1" 200 388444
186.29.11.6 - - [25/Nov/2014:03:08:32 -0500] "GET /galeria/nivo-slider/demo/images/banner-redes.jpg HTTP/1.1" 200 62209
66.249.65.115 - - [25/Nov/2014:03:08:32 -0500] "GET /BLA/resoluciones/AUTOS%202011/1735.pdf HTTP/1.1" 200 158069
186.29.11.6 - - [25/Nov/2014:03:08:36 -0500] "GET /galeria/nivo-slider/demo/images/9Signos.jpg HTTP/1.1" 200 93040
186.29.11.6 - - [25/Nov/2014:03:08:39 -0500] "GET /galeria/nivo-slider/demo/images/banner-caballos.png HTTP/1.1" 200 389106
186.29.11.6 - - [25/Nov/2014:03:08:41 -0500] "GET /videos/Spot_CambioClimatico.flv HTTP/1.1" 200 4371917
186.29.11.6 - - [25/Nov/2014:03:08:43 -0500] "GET /galeria/nivo-slider/demo/images/Hacienda_Molinos.jpg HTTP/1.1" 200 319171
66.249.65.123 - - [25/Nov/2014:03:08:45 -0500] "GET /BLA/resoluciones/RESOLUCIONES%202011/0140.pdf HTTP/1.1" 200 363766
186.29.11.6 - - [25/Nov/2014:03:08:46 -0500] "GET /galeria/nivo-slider/demo/images/bannerEcolecta3.jpg HTTP/1.1" 200 280034
207.46.13.28 - - [25/Nov/2014:03:08:53 -0500] "GET /bla/resoluciones/resoluciones%202009/9326.pdf HTTP/1.1" 200 834280
66.249.65.115 - - [25/Nov/2014:03:09:01 -0500] "GET /BLA/resoluciones/RESOLUCIONES%202010/5690.pdf HTTP/1.1" 200 69755
66.249.65.119 - - [25/Nov/2014:03:09:02 -0500] "GET /BLA/resoluciones/RESOLUCIONES%202011/2015.pdf HTTP/1.1" 200 507793
157.55.39.197 - - [25/Nov/2014:03:09:02 -0500] "GET /BLA/resoluciones/AUTOS%202009/0320.pdf HTTP/1.1" 200 124548
186.29.11.6 - - [25/Nov/2014:03:09:05 -0500] "GET /galeria/nivo-slider/themes/default/arrows.png HTTP/1.1" 200 824
186.29.11.6 - - [25/Nov/2014:03:09:05 -0500] "GET /galeria/nivo-slider/themes/default/bullets.png HTTP/1.1" 200 1281
157.55.39.49 - - [25/Nov/2014:03:09:07 -0500] "GET /bla/resoluciones/RESOLUCIONES%202011/2714.pdf HTTP/1.1" 200 712640
207.46.13.28 - - [25/Nov/2014:03:09:13 -0500] "GET /BLA/resoluciones/AUTOS%202011/4208.pdf HTTP/1.1" 200 285335
207.46.13.28 - - [25/Nov/2014:03:09:13 -0500] "GET /BLA/resoluciones/RESOLUCIONES%202010/1098.pdf HTTP/1.1" 200 135718
207.46.13.28 - - [25/Nov/2014:03:09:14 -0500] "GET /BLA/resoluciones/RESOLUCIONES%202009/1362.pdf HTTP/1.1" 200 429802
207.46.13.28 - - [25/Nov/2014:03:09:14 -0500] "GET /BLA/resoluciones/RESOLUCIONES%202010/0546.pdf HTTP/1.1" 200 496537
207.46.13.28 - - [25/Nov/2014:03:09:15 -0500] "GET /BLA/resoluciones/AUTOS%202011/3083.pdf HTTP/1.1" 200 238262
66.249.65.115 - - [25/Nov/2014:03:09:15 -0500] "GET /BLA/resoluciones/RESOLUCIONES%202011/2016.pdf HTTP/1.1" 200 511297
157.55.39.102 - - [25/Nov/2014:03:09:21 -0500] "GET /bla/resoluciones/resoluciones%202010/5599.pdf HTTP/1.1" 200 354401
157.55.39.102 - - [25/Nov/2014:03:09:21 -0500] "GET /BLA/resoluciones/RESOLUCIONES%202009/4551.pdf HTTP/1.1" 200 640519
157.55.39.102 - - [25/Nov/2014:03:09:22 -0500] "GET /bla/resoluciones/resoluciones%202009/1897.pdf HTTP/1.1" 200 853792
157.55.39.102 - - [25/Nov/2014:03:09:22 -0500] "GET /bla/resoluciones/resoluciones%202009/0783.pdf HTTP/1.1" 200 326343
157.55.39.50 - - [25/Nov/2014:03:09:22 -0500] "GET /BLA/resoluciones/RESOLUCIONES%202009/4684.pdf HTTP/1.1" 200 744638
157.55.39.102 - - [25/Nov/2014:03:09:23 -0500] "GET /BLA/resoluciones/RESOLUCIONES%202009/4163.pdf HTTP/1.1" 200 675126
207.46.13.28 - - [25/Nov/2014:03:09:27 -0500] "GET /BLA/resoluciones/RESOLUCIONES%202007/RES%202007%204201%20AL%204300/RESOLUCION%204264%20DE%202007.pdf HTTP/1.1" 200 262563
207.46.13.28 - - [25/Nov/2014:03:09:27 -0500] "GET /BLA/resoluciones/RESOLUCIONES%202012/0160.pdf HTTP/1.1" 200 647027
157.55.39.197 - - [25/Nov/2014:03:09:30 -0500] "GET /robots.txt HTTP/1.1" 404 1018
157.55.39.197 - - [25/Nov/2014:03:09:32 -0500] "GET /BLA/resoluciones/Resoluciones%202011/0302.pdf HTTP/1.1" 200 64319
157.55.39.50 - - [25/Nov/2014:03:09:37 -0500] "GET /BLA/resoluciones/AUTOS%202010/4583.pdf HTTP/1.1" 200 172691
66.249.65.115 - - [25/Nov/2014:03:09:38 -0500] "GET /BLA/resoluciones/RESOLUCIONES%202007/RES%202007%203301%20AL%203400/RESOLUCION%203345%20DE%202007.pdf HTTP/1.1" 200 730183
207.46.13.28 - - [25/Nov/2014:03:09:42 -0500] "GET /BLA/resoluciones/Resoluciones%202011/3050.pdf HTTP/1.1" 200 757402
207.46.13.28 - - [25/Nov/2014:03:09:44 -0500] "GET /bla/resoluciones/resoluciones%202010/6844.pdf HTTP/1.1" 200 857969
207.46.13.28 - - [25/Nov/2014:03:09:53 -0500] "GET /bla/resoluciones/resoluciones%202010/5918.pdf HTTP/1.1" 200 74638
157.55.39.197 - - [25/Nov/2014:03:09:57 -0500] "GET /bla/resoluciones/resoluciones%202010/5938.pdf HTTP/1.1" 200 74020
157.55.39.197 - - [25/Nov/2014:03:09:58 -0500] "GET /bla/resoluciones/resoluciones%202009/0922.pdf HTTP/1.1" 200 292126
157.55.39.49 - - [25/Nov/2014:03:10:02 -0500] "GET /BLA/resoluciones/RESOLUCIONES%202009/2146.pdf HTTP/1.1" 200 474743
157.55.39.49 - - [25/Nov/2014:03:10:08 -0500] "GET /BLA/resoluciones/AUTOS%202009/2141.pdf HTTP/1.1" 200 104386
207.46.13.28 - - [25/Nov/2014:03:10:23 -0500] "GET /bla/resoluciones/resoluciones%202009/1814.pdf HTTP/1.1" 200 577885
207.46.13.28 - - [25/Nov/2014:03:10:33 -0500] "GET /BLA/resoluciones/RESOLUCIONES%202007/RES%202007%20201%20AL%20300/RESOLUCION%200203%20DE%202007.pdf HTTP/1.1" 200 26849
157.55.39.102 - - [25/Nov/2014:03:10:33 -0500] "GET /bla/resoluciones/resoluciones%202009/7720.pdf HTTP/1.1" 200 492461
157.55.39.102 - - [25/Nov/2014:03:10:33 -0500] "GET /bla/resoluciones/resoluciones%202010/5254.pdf HTTP/1.1" 200 543388
157.55.39.102 - - [25/Nov/2014:03:10:34 -0500] "GET /BLA/resoluciones/RESOLUCIONES%202010/1719.pdf HTTP/1.1" 200 406692
74.86.158.107 - - [25/Nov/2014:03:10:34 -0500] "HEAD / HTTP/1.1" 302 -
207.46.13.28 - - [25/Nov/2014:03:10:34 -0500] "GET /BLA/resoluciones/RESOLUCIONES%202008/0211.pdf HTTP/1.1" 200 278415
157.55.39.102 - - [25/Nov/2014:03:10:34 -0500] "GET /BLA/resoluciones/RESOLUCIONES%202008/0748.pdf HTTP/1.1" 200 300548
207.46.13.28 - - [25/Nov/2014:03:10:35 -0500] "GET /BLA/resoluciones/AUTOS%202009/0021.pdf HTTP/1.1" 200 186346
157.55.39.102 - - [25/Nov/2014:03:10:35 -0500] "GET /BLA/resoluciones/AUTOS%202011/1367.pdf HTTP/1.1" 200 281719
66.249.65.119 - - [25/Nov/2014:03:10:43 -0500] "GET /BLA/resoluciones/AUTOS%202006/AUTOS%202006%201801-%201900/00001876.tif HTTP/1.1" 200 372962
66.249.65.115 - - [25/Nov/2014:03:10:48 -0500] "GET /BLA/resoluciones/RESOLUCIONES%202008/5352.pdf HTTP/1.1" 200 228140
180.76.5.145 - - [25/Nov/2014:03:10:50 -0500] "GET /BLA/resoluciones/AUTOS%202011/1247.pdf HTTP/1.1" 200 313970
157.55.39.197 - - [25/Nov/2014:03:10:51 -0500] "GET /BLA/resoluciones/AUTOS%202011/1353.pdf HTTP/1.1" 200 195719
207.46.13.28 - - [25/Nov/2014:03:10:56 -0500] "GET /bla/resoluciones/autos%202010/5500.pdf HTTP/1.1" 200 319781
188.165.15.187 - - [25/Nov/2014:03:11:11 -0500] "GET /BLA/resoluciones/index.php?dir=RESOLUCIONES+2006%2FRES+2006+51-100%2F HTTP/1.1" 200 11996
157.55.39.102 - - [25/Nov/2014:03:11:29 -0500] "GET /BLA/resoluciones/RESOLUCIONES%202012/0768.pdf HTTP/1.1" 200 520937
157.55.39.102 - - [25/Nov/2014:03:11:29 -0500] "GET /BLA/resoluciones/AUTOS%202010/5428.pdf HTTP/1.1" 200 380648
157.55.39.102 - - [25/Nov/2014:03:11:30 -0500] "GET /BLA/resoluciones/RESOLUCIONES%202008/1779.pdf HTTP/1.1" 200 325637
157.55.39.102 - - [25/Nov/2014:03:11:30 -0500] "GET /bla/resoluciones/resoluciones%202010/6147.pdf HTTP/1.1" 200 4945927
157.55.39.102 - - [25/Nov/2014:03:11:31 -0500] "GET /BLA/resoluciones/RESOLUCIONES%202008/1714.pdf HTTP/1.1" 200 267027
100.43.85.25 - - [25/Nov/2014:03:11:33 -0500] "GET /re1/Bioevolucion/imagen%20bioevolucion/imagen%20bioevolucion_r10_c06.jpg HTTP/1.1" 404 1019
207.46.13.28 - - [25/Nov/2014:03:11:34 -0500] "GET /BLA/resoluciones/RESOLUCIONES%202009/0776.pdf HTTP/1.1" 200 168023
207.46.13.28 - - [25/Nov/2014:03:11:34 -0500] "GET /BLA/resoluciones/Resoluciones%202011/2623.pdf HTTP/1.1" 200 511695
157.55.39.197 - - [25/Nov/2014:03:11:38 -0500] "GET /bla/resoluciones/resoluciones%202009/9152.pdf HTTP/1.1" 200 435595
66.249.65.123 - - [25/Nov/2014:03:11:53 -0500] "GET /BLA/resoluciones/AUTOS%202007/1641.pdf HTTP/1.1" 200 129380
207.46.13.28 - - [25/Nov/2014:03:11:54 -0500] "GET /bla/resoluciones/resoluciones%202009/9156.pdf HTTP/1.1" 200 435065
186.30.98.93 - - [25/Nov/2014:03:11:55 -0500] "GET /BLA/boletinlegal/js/jquery.js HTTP/1.1" 200 57254
186.30.98.93 - - [25/Nov/2014:03:11:55 -0500] "GET /BLA/boletinlegal/js/jquery.scrollTo-min.js HTTP/1.1" 200 1150
186.30.98.93 - - [25/Nov/2014:03:11:55 -0500] "GET /BLA/boletinlegal/js/jquery.scrollShow.js HTTP/1.1" 200 4586
207.46.13.28 - - [25/Nov/2014:03:11:55 -0500] "GET /bla/resoluciones/RESOLUCIONES%202011/3576.pdf HTTP/1.1" 200 557446
157.55.39.49 - - [25/Nov/2014:03:11:58 -0500] "GET /BLA/resoluciones/RESOLUCIONES%202009/0122.pdf HTTP/1.1" 200 263224
188.165.15.85 - - [25/Nov/2014:03:12:12 -0500] "GET /BLA/resoluciones/RESOLUCIONES%202004/RES%202004%201051-1100/00001060.tif HTTP/1.1" 200 668570
157.55.39.197 - - [25/Nov/2014:03:12:13 -0500] "GET /bla/resoluciones/resoluciones%202009/9415.pdf HTTP/1.1" 200 164675
157.55.39.197 - - [25/Nov/2014:03:12:15 -0500] "GET /bla/resoluciones/RESOLUCIONES%202011/0709.pdf HTTP/1.1" 200 71951
87.197.134.13 - - [25/Nov/2014:03:12:18 -0500] "GET /BLA/resoluciones/RESOLUCIONES%202008/5474.pdf HTTP/1.1" 200 287594
87.197.134.13 - - [25/Nov/2014:03:12:19 -0500] "GET /favicon.ico HTTP/1.1" 200 7782
87.197.134.13 - - [25/Nov/2014:03:12:19 -0500] "GET /BLA/resoluciones/RESOLUCIONES%202008/5474.pdf HTTP/1.1" 206 65536
87.197.134.13 - - [25/Nov/2014:03:12:20 -0500] "GET /BLA/resoluciones/RESOLUCIONES%202008/5474.pdf HTTP/1.1" 206 25450
87.197.134.13 - - [25/Nov/2014:03:12:20 -0500] "GET /BLA/resoluciones/RESOLUCIONES%202008/5474.pdf HTTP/1.1" 206 65536
87.197.134.13 - - [25/Nov/2014:03:12:21 -0500] "GET /BLA/resoluciones/RESOLUCIONES%202008/5474.pdf HTTP/1.1" 206 65536
87.197.134.13 - - [25/Nov/2014:03:12:21 -0500] "GET /BLA/resoluciones/RESOLUCIONES%202008/5474.pdf HTTP/1.1" 206 65536
188.165.15.210 - - [25/Nov/2014:03:12:23 -0500] "GET /BLA/resoluciones/RESOLUCIONES%202005/RES%202005%202201-2250/00002218.tif HTTP/1.1" 200 116596
157.55.39.50 - - [25/Nov/2014:03:12:32 -0500] "GET /bla/resoluciones/autos%202010/5499.pdf HTTP/1.1" 200 391506
157.55.39.197 - - [25/Nov/2014:03:12:38 -0500] "GET /bla/resoluciones/resoluciones%202009/0537.pdf HTTP/1.1" 200 196038
157.55.39.197 - - [25/Nov/2014:03:12:53 -0500] "GET /BLA/resoluciones/Resoluciones%202011/2920.pdf HTTP/1.1" 200 583544
66.249.65.119 - - [25/Nov/2014:03:12:57 -0500] "GET /BLA/resoluciones/RESOLUCIONES%202011/4936.pdf HTTP/1.1" 200 354681
66.249.65.123 - - [25/Nov/2014:03:13:06 -0500] "GET /BLA/resoluciones/RESOLUCIONES%202011/1755.pdf HTTP/1.1" 200 526196
207.46.13.28 - - [25/Nov/2014:03:13:14 -0500] "GET /bla/resoluciones/RESOLUCIONES%202011/0975.pdf HTTP/1.1" 200 72897
188.165.15.187 - - [25/Nov/2014:03:13:29 -0500] "GET /BLA/resoluciones/RESOLUCIONES%202003/RES%202003%20201-250/2003RES220.tif HTTP/1.1" 200 134612
157.55.39.50 - - [25/Nov/2014:03:13:29 -0500] "GET /BLA/resoluciones/Resoluciones%202011/1080.pdf HTTP/1.1" 200 69373
157.55.39.197 - - [25/Nov/2014:03:13:34 -0500] "GET /BLA/resoluciones/Resoluciones%202011/1542.pdf HTTP/1.1" 200 72655
207.46.13.28 - - [25/Nov/2014:03:13:43 -0500] "GET /bla/resoluciones/resoluciones%202009/3800.pdf HTTP/1.1" 200 58960
157.55.39.197 - - [25/Nov/2014:03:13:48 -0500] "GET /BLA/resoluciones/RESOLUCIONES%202010/1439.pdf HTTP/1.1" 200 664924
157.55.39.50 - - [25/Nov/2014:03:13:53 -0500] "GET /BLA/resoluciones/AUTOS%202011/1901.pdf HTTP/1.1" 200 242929
66.249.65.123 - - [25/Nov/2014:03:14:03 -0500] "GET /BLA/resoluciones/RESOLUCIONES%202008/4452.pdf HTTP/1.1" 200 495132
157.55.39.102 - - [25/Nov/2014:03:14:04 -0500] "GET /BLA/resoluciones/AUTOS%202009/1084.pdf HTTP/1.1" 200 106400
157.55.39.102 - - [25/Nov/2014:03:14:05 -0500] "GET /BLA/resoluciones/RESOLUCIONES%202010/0166.pdf HTTP/1.1" 200 489166
157.55.39.102 - - [25/Nov/2014:03:14:05 -0500] "GET /bla/resoluciones/resoluciones%202009/8258.pdf HTTP/1.1" 200 560309
157.55.39.102 - - [25/Nov/2014:03:14:05 -0500] "GET /bla/resoluciones/resoluciones%202009/2612.pdf HTTP/1.1" 200 342914
207.46.13.28 - - [25/Nov/2014:03:14:06 -0500] "GET /BLA/resoluciones/Resoluciones%202011/3226.pdf HTTP/1.1" 200 77279
207.46.13.28 - - [25/Nov/2014:03:14:07 -0500] "GET /bla/resoluciones/resoluciones%202009/9141.pdf HTTP/1.1" 200 534445
157.55.39.50 - - [25/Nov/2014:03:14:20 -0500] "GET /bla/resoluciones/RESOLUCIONES%202011/0202.pdf HTTP/1.1" 200 270360
207.46.13.28 - - [25/Nov/2014:03:14:25 -0500] "GET /BLA/resoluciones/AUTOS%202009/3517.pdf HTTP/1.1" 200 110643
66.249.65.115 - - [25/Nov/2014:03:14:29 -0500] "GET /sia/ HTTP/1.1" 304 -
201.245.187.111 - - [25/Nov/2014:03:14:29 -0500] "GET /galeria/carrusel/Carrusel/jquery.thumbnailScroller.css HTTP/1.1" 200 2066
201.245.187.111 - - [25/Nov/2014:03:14:29 -0500] "GET /BLA/boletinlegal/js/jquery.js HTTP/1.1" 200 57254
201.245.187.111 - - [25/Nov/2014:03:14:29 -0500] "GET /BLA/boletinlegal/js/jquery.scrollTo-min.js HTTP/1.1" 200 1150
201.245.187.111 - - [25/Nov/2014:03:14:29 -0500] "GET /BLA/boletinlegal/js/jquery.scrollShow.js HTTP/1.1" 200 4586
201.245.187.111 - - [25/Nov/2014:03:14:29 -0500] "GET /galeria/carrusel/Carrusel/jquery-ui-1.8.13.custom.min.js HTTP/1.1" 200 10800
201.245.187.111 - - [25/Nov/2014:03:14:29 -0500] "GET /galeria/carrusel/Carrusel/jquery.thumbnailScroller.js HTTP/1.1" 200 8157
157.55.39.50 - - [25/Nov/2014:03:14:31 -0500] "GET /BLA/resoluciones/RESOLUCIONES%202009/5010.pdf HTTP/1.1" 200 652287
66.249.65.123 - - [25/Nov/2014:03:14:32 -0500] "GET /BLA/resoluciones/RESOLUCIONES%202011/0213.pdf HTTP/1.1" 200 302279
157.55.39.197 - - [25/Nov/2014:03:14:35 -0500] "GET /bla/resoluciones/resoluciones%202009/6203.pdf HTTP/1.1" 200 330688
201.245.187.111 - - [25/Nov/2014:03:14:45 -0500] "GET /galeria/nivo-slider/demo/demo.html HTTP/1.1" 200 3432
201.245.187.111 - - [25/Nov/2014:03:14:48 -0500] "GET /galeria/nivo-slider/themes/default/default.css HTTP/1.1" 200 1569
201.245.187.111 - - [25/Nov/2014:03:14:48 -0500] "GET /galeria/nivo-slider/themes/pascal/pascal.css HTTP/1.1" 200 2258
201.245.187.111 - - [25/Nov/2014:03:14:48 -0500] "GET /galeria/nivo-slider/themes/orman/orman.css HTTP/1.1" 200 2152
201.245.187.111 - - [25/Nov/2014:03:14:48 -0500] "GET /galeria/nivo-slider/nivo-slider.css HTTP/1.1" 200 1507
201.245.187.111 - - [25/Nov/2014:03:14:48 -0500] "GET /galeria/nivo-slider/demo/style.css HTTP/1.1" 200 2222
201.245.187.111 - - [25/Nov/2014:03:14:48 -0500] "GET /galeria/nivo-slider/demo/scripts/jquery-1.7.1.min.js HTTP/1.1" 200 93868
201.245.187.111 - - [25/Nov/2014:03:14:48 -0500] "GET /galeria/nivo-slider/demo/images/Banner-comparendo.jpg HTTP/1.1" 200 388762
201.245.187.111 - - [25/Nov/2014:03:14:48 -0500] "GET /galeria/nivo-slider/demo/images/Banner-Ecourbanismo.jpg HTTP/1.1" 200 189838
201.245.187.111 - - [25/Nov/2014:03:14:48 -0500] "GET /galeria/nivo-slider/demo/images/banner-pygaai.jpg HTTP/1.1" 200 82693
201.245.187.111 - - [25/Nov/2014:03:14:48 -0500] "GET /galeria/nivo-slider/demo/images/Biotaxis-Man.jpg HTTP/1.1" 200 99362
201.245.187.111 - - [25/Nov/2014:03:14:48 -0500] "GET /galeria/nivo-slider/demo/images/porloshumedales.jpg HTTP/1.1" 200 351238
207.46.13.28 - - [25/Nov/2014:03:14:49 -0500] "GET /BLA/resoluciones/AUTOS%202011/1917.pdf HTTP/1.1" 200 88699
188.165.15.66 - - [25/Nov/2014:03:14:56 -0500] "GET /BLA/resoluciones/RESOLUCIONES%202004/RES%202004%20501-550/00000549.tif HTTP/1.1" 200 299788
201.245.187.111 - - [25/Nov/2014:03:14:57 -0500] "GET /galeria/nivo-slider/jquery.nivo.slider.pack.js HTTP/1.1" 200 11561
201.245.187.111 - - [25/Nov/2014:03:14:57 -0500] "GET /galeria/nivo-slider/demo/images/4Simple_Slider.png HTTP/1.1" 200 11722
201.245.187.111 - - [25/Nov/2014:03:14:57 -0500] "GET /galeria/nivo-slider/themes/default/loading.gif HTTP/1.1" 200 1737
201.245.187.111 - - [25/Nov/2014:03:14:57 -0500] "GET /galeria/nivo-slider/demo/images/Tingua-azul.jpg HTTP/1.1" 200 307638
201.245.187.111 - - [25/Nov/2014:03:14:57 -0500] "GET /galeria/nivo-slider/demo/images/Banner-Caracol-Africano.jpg HTTP/1.1" 200 331986
201.245.187.111 - - [25/Nov/2014:03:14:57 -0500] "GET /galeria/nivo-slider/demo/images/banner-redes.jpg HTTP/1.1" 200 62209
201.245.187.111 - - [25/Nov/2014:03:14:57 -0500] "GET /galeria/nivo-slider/demo/images/9Signos.jpg HTTP/1.1" 200 93040
201.245.187.111 - - [25/Nov/2014:03:14:57 -0500] "GET /galeria/nivo-slider/demo/images/banner-caballos.png HTTP/1.1" 200 389106
201.245.187.111 - - [25/Nov/2014:03:14:57 -0500] "GET /galeria/nivo-slider/demo/images/Hacienda_Molinos.jpg HTTP/1.1" 200 319171
157.55.39.102 - - [25/Nov/2014:03:14:59 -0500] "GET /bla/resoluciones/resoluciones%202010/7602.pdf HTTP/1.1" 200 65959
157.55.39.102 - - [25/Nov/2014:03:14:59 -0500] "GET /BLA/resoluciones/RESOLUCIONES%202008/1244.pdf HTTP/1.1" 200 247709
157.55.39.197 - - [25/Nov/2014:03:15:02 -0500] "GET /bla/resoluciones/resoluciones%202009/0459.pdf HTTP/1.1" 200 401492
186.80.156.233 - - [25/Nov/2014:03:15:02 -0500] "GET /isolucionsda/ HTTP/1.1" 200 739
66.249.65.123 - - [25/Nov/2014:03:15:09 -0500] "GET /BLA/resoluciones/AUTOS%202008/0717.pdf HTTP/1.1" 200 157218
66.249.65.115 - - [25/Nov/2014:03:15:12 -0500] "GET /autoliquidacion/dlf/styles.css HTTP/1.1" 200 3045
201.245.187.111 - - [25/Nov/2014:03:15:14 -0500] "GET /galeria/nivo-slider/themes/default/arrows.png HTTP/1.1" 200 824
201.245.187.111 - - [25/Nov/2014:03:15:15 -0500] "GET /galeria/nivo-slider/themes/default/bullets.png HTTP/1.1" 200 1281
157.55.39.197 - - [25/Nov/2014:03:15:18 -0500] "-" 408 -
74.86.158.107 - - [25/Nov/2014:03:15:34 -0500] "HEAD / HTTP/1.1" 302 -
157.55.39.50 - - [25/Nov/2014:03:15:42 -0500] "GET /BLA/resoluciones/RESOLUCIONES%202009/4880.pdf HTTP/1.1" 200 882472
157.55.39.50 - - [25/Nov/2014:03:15:47 -0500] "GET /BLA/resoluciones/index.php?dir=RESOLUCIONES+2007%2F HTTP/1.1" 200 12504
157.55.39.49 - - [25/Nov/2014:03:15:57 -0500] "GET /BLA/resoluciones/RESOLUCIONES%202009/9821.pdf HTTP/1.1" 200 431841
157.55.39.197 - - [25/Nov/2014:03:16:01 -0500] "GET /BLA/resoluciones/Resoluciones%202011/0225.pdf HTTP/1.1" 200 78805
188.165.15.187 - - [25/Nov/2014:03:16:01 -0500] "GET /BLA/resoluciones/index.php?dir=RESOLUCIONES%202003/RES%202003%20801-850/&sort=size&order=asc HTTP/1.1" 200 11308
157.55.39.197 - - [25/Nov/2014:03:16:02 -0500] "GET /BLA/resoluciones/RESOLUCIONES%202009/0690.pdf HTTP/1.1" 200 204599
201.245.187.111 - - [25/Nov/2014:03:16:05 -0500] "GET /galeria/nivo-slider/demo/images/Tingua-azul.jpg HTTP/1.1" 206 1
201.245.187.111 - - [25/Nov/2014:03:16:05 -0500] "GET /galeria/nivo-slider/demo/images/Tingua-azul.jpg HTTP/1.1" 206 248229
207.46.13.28 - - [25/Nov/2014:03:16:14 -0500] "GET /bla/resoluciones/autos%202010/4830.pdf HTTP/1.1" 200 383058
66.249.65.119 - - [25/Nov/2014:03:16:15 -0500] "GET /BLA/resoluciones/RESOLUCIONES%202009/0143.pdf HTTP/1.1" 200 177033
201.245.187.111 - - [25/Nov/2014:03:16:17 -0500] "GET /galeria/nivo-slider/demo/images/Banner-Caracol-Africano.jpg HTTP/1.1" 206 1
201.245.187.111 - - [25/Nov/2014:03:16:17 -0500] "GET /galeria/nivo-slider/demo/images/Banner-Caracol-Africano.jpg HTTP/1.1" 206 294785
157.55.39.197 - - [25/Nov/2014:03:16:19 -0500] "GET /BLA/resoluciones/RESOLUCIONES%202009/1138.pdf HTTP/1.1" 200 53497
188.165.15.78 - - [25/Nov/2014:03:16:19 -0500] "GET /BLA/resoluciones/RESOLUCIONES%202002/RES%202002%201901-1950/20021908.tif HTTP/1.1" 200 1254994
201.245.187.111 - - [25/Nov/2014:03:16:24 -0500] "GET /galeria/nivo-slider/demo/images/banner-redes.jpg HTTP/1.1" 206 1
201.245.187.111 - - [25/Nov/2014:03:16:24 -0500] "GET /galeria/nivo-slider/demo/images/banner-redes.jpg HTTP/1.1" 206 20842
201.245.187.111 - - [25/Nov/2014:03:16:35 -0500] "GET /galeria/nivo-slider/demo/images/9Signos.jpg HTTP/1.1" 206 1
201.245.187.111 - - [25/Nov/2014:03:16:36 -0500] "GET /galeria/nivo-slider/demo/images/9Signos.jpg HTTP/1.1" 206 55837
201.245.187.111 - - [25/Nov/2014:03:16:45 -0500] "GET /galeria/nivo-slider/demo/images/banner-caballos.png HTTP/1.1" 206 1
201.245.187.111 - - [25/Nov/2014:03:16:45 -0500] "GET /galeria/nivo-slider/demo/images/banner-caballos.png HTTP/1.1" 206 347739
157.55.39.102 - - [25/Nov/2014:03:16:46 -0500] "GET /bla/resoluciones/autos%202010/0777.pdf HTTP/1.1" 200 190185
157.55.39.50 - - [25/Nov/2014:03:16:47 -0500] "GET /BLA/resoluciones/RESOLUCIONES%202012/1815.pdf HTTP/1.1" 200 393101
188.165.15.36 - - [25/Nov/2014:03:16:48 -0500] "GET /BLA/resoluciones/RESOLUCIONES%202002/RES%202002%20601-650/00000641.tif HTTP/1.1" 200 168572
201.245.187.111 - - [25/Nov/2014:03:16:55 -0500] "GET /galeria/nivo-slider/demo/images/Hacienda_Molinos.jpg HTTP/1.1" 206 1
201.245.187.111 - - [25/Nov/2014:03:16:56 -0500] "GET /galeria/nivo-slider/demo/images/Hacienda_Molinos.jpg HTTP/1.1" 206 300013
157.55.39.49 - - [25/Nov/2014:03:17:01 -0500] "GET /bla/resoluciones/resoluciones%202010/7730.pdf HTTP/1.1" 200 507774
207.46.13.28 - - [25/Nov/2014:03:17:10 -0500] "GET /BLA/resoluciones/AUTOS%202011/3018.pdf HTTP/1.1" 200 97605
157.55.39.197 - - [25/Nov/2014:03:17:14 -0500] "GET /bla/resoluciones/resoluciones%202009/2499.pdf HTTP/1.1" 200 289844
66.249.65.119 - - [25/Nov/2014:03:17:21 -0500] "GET /BLA/resoluciones/RESOLUCIONES%202010/7309.pdf HTTP/1.1" 200 355093
188.165.15.198 - - [25/Nov/2014:03:17:22 -0500] "GET /BLA/resoluciones/RESOLUCIONES%202005/RES%202005%20801-850/INDEX.DAT HTTP/1.1" 200 2000
157.55.39.50 - - [25/Nov/2014:03:17:27 -0500] "GET /bla/resoluciones/resoluciones%202010/7296.pdf HTTP/1.1" 200 336315
157.55.39.50 - - [25/Nov/2014:03:17:27 -0500] "GET /BLA/resoluciones/RESOLUCIONES%202010/2036.pdf HTTP/1.1" 200 480809
207.46.13.28 - - [25/Nov/2014:03:17:31 -0500] "GET /BLA/resoluciones/RESOLUCIONES%202008/1842.pdf HTTP/1.1" 200 251158
157.55.39.50 - - [25/Nov/2014:03:17:37 -0500] "GET /bla/resoluciones/resoluciones%202009/2222.pdf HTTP/1.1" 200 608431
157.55.39.102 - - [25/Nov/2014:03:17:44 -0500] "GET /BLA/resoluciones/RESOLUCIONES%202012/0497.pdf HTTP/1.1" 200 343242
157.55.39.102 - - [25/Nov/2014:03:17:45 -0500] "GET /bla/resoluciones/resoluciones%202010/7122.pdf HTTP/1.1" 200 742848
157.55.39.102 - - [25/Nov/2014:03:17:45 -0500] "GET /bla/resoluciones/resoluciones%202010/7358.pdf HTTP/1.1" 200 340818
157.55.39.102 - - [25/Nov/2014:03:17:46 -0500] "GET /BLA/boletinlegal/actas/acta%20de%20acuerdo%2002%20adop%20regla%20inter%20mesa%20salud%20ambie.pdf HTTP/1.1" 200 479782
207.46.13.28 - - [25/Nov/2014:03:17:47 -0500] "GET /bla/resoluciones/resoluciones%202009/7811.pdf HTTP/1.1" 200 544058
207.46.13.28 - - [25/Nov/2014:03:17:55 -0500] "GET /bla/resoluciones/resoluciones%202010/7572.pdf HTTP/1.1" 200 478604
188.165.15.36 - - [25/Nov/2014:03:17:57 -0500] "GET /BLA/resoluciones/RESOLUCIONES%202002/RES%202002%201501-1550/20021544.tif HTTP/1.1" 200 261400
157.55.39.197 - - [25/Nov/2014:03:18:00 -0500] "GET /BLA/resoluciones/RESOLUCIONES%202009/4769.pdf HTTP/1.1" 200 630373
157.55.39.49 - - [25/Nov/2014:03:18:07 -0500] "GET /BLA/resoluciones/Resoluciones%202011/2365.pdf HTTP/1.1" 200 789160
157.55.39.102 - - [25/Nov/2014:03:18:18 -0500] "GET /BLA/resoluciones/AUTOS%202011/0944.pdf HTTP/1.1" 200 156337
157.55.39.102 - - [25/Nov/2014:03:18:19 -0500] "GET /bla/resoluciones/RESOLUCIONES%202011/1220.pdf HTTP/1.1" 200 511935
66.249.65.123 - - [25/Nov/2014:03:18:27 -0500] "GET /BLA/resoluciones/RESOLUCIONES%202009/7133.pdf HTTP/1.1" 200 139230
207.46.13.28 - - [25/Nov/2014:03:18:31 -0500] "GET /BLA/resoluciones/AUTOS%202009/2821.pdf HTTP/1.1" 200 97699
207.46.13.28 - - [25/Nov/2014:03:18:32 -0500] "GET /bla/resoluciones/RESOLUCIONES%202011/1987.pdf HTTP/1.1" 200 501982
207.46.13.28 - - [25/Nov/2014:03:18:32 -0500] "GET /BLA/resoluciones/Resoluciones%202011/1216.pdf HTTP/1.1" 200 514482
157.55.39.50 - - [25/Nov/2014:03:18:34 -0500] "GET /BLA/resoluciones/AUTOS%202011/2105.pdf HTTP/1.1" 200 254062
180.76.6.47 - - [25/Nov/2014:03:18:35 -0500] "GET /BLA/resoluciones/AUTOS%202012/1579.pdf HTTP/1.1" 200 392741
66.249.65.115 - - [25/Nov/2014:03:19:07 -0500] "GET /BLA/resoluciones/Notificaciones/AUTOS%202014/5835.doc HTTP/1.1" 200 154624
201.245.218.97 - - [25/Nov/2014:03:19:13 -0500] "GET /BLA/circulares/3-2011.pdf HTTP/1.1" 200 1452758
201.245.218.97 - - [25/Nov/2014:03:19:14 -0500] "GET /BLA/circulares/3-2011.pdf HTTP/1.1" 206 32768
201.245.218.97 - - [25/Nov/2014:03:19:14 -0500] "GET /BLA/circulares/3-2011.pdf HTTP/1.1" 206 1419990
201.245.218.97 - - [25/Nov/2014:03:19:16 -0500] "GET /favicon.ico HTTP/1.1" 200 7782
157.55.39.50 - - [25/Nov/2014:03:19:18 -0500] "GET /bla/resoluciones/resoluciones%202009/0854.pdf HTTP/1.1" 200 300635
66.249.65.115 - - [25/Nov/2014:03:19:23 -0500] "GET /BLA/resoluciones/RESOLUCIONES%202007/RES%202007%202701%20AL%202800/RESOLUCION%202723%20DE%202007.pdf HTTP/1.1" 200 657053
207.46.13.28 - - [25/Nov/2014:03:19:26 -0500] "GET /bla/resoluciones/RESOLUCIONES%202011/2607.pdf HTTP/1.1" 200 351769
207.46.13.28 - - [25/Nov/2014:03:19:27 -0500] "GET /BLA/resoluciones/RESOLUCIONES%202009/2942.pdf HTTP/1.1" 200 657938
157.55.39.50 - - [25/Nov/2014:03:19:30 -0500] "GET /bla/resoluciones/resoluciones%202009/0957.pdf HTTP/1.1" 200 671258
66.249.65.119 - - [25/Nov/2014:03:19:33 -0500] "GET /BLA/resoluciones/RESOLUCIONES%202010/1223.pdf HTTP/1.1" 200 108554
157.55.39.102 - - [25/Nov/2014:03:19:43 -0500] "GET /BLA/resoluciones/RESOLUCIONES%202008/2305.pdf HTTP/1.1" 200 353688
157.55.39.102 - - [25/Nov/2014:03:19:44 -0500] "GET /BLA/resoluciones/RESOLUCIONES%202010/1228.pdf HTTP/1.1" 200 105660
157.55.39.102 - - [25/Nov/2014:03:19:44 -0500] "GET /BLA/resoluciones/RESOLUCIONES%202008/0161.pdf HTTP/1.1" 200 599149
157.55.39.102 - - [25/Nov/2014:03:19:45 -0500] "GET /bla/resoluciones/resoluciones%202010/5702.pdf HTTP/1.1" 200 88985
157.55.39.102 - - [25/Nov/2014:03:19:46 -0500] "GET /BLA/resoluciones/Resoluciones%202011/2073.pdf HTTP/1.1" 200 516144
207.46.13.28 - - [25/Nov/2014:03:19:52 -0500] "GET /bla/resoluciones/resoluciones%202009/8469.pdf HTTP/1.1" 200 47922
207.46.13.28 - - [25/Nov/2014:03:19:53 -0500] "GET /bla/resoluciones/resoluciones%202010/5755.pdf HTTP/1.1" 200 49074
157.55.39.197 - - [25/Nov/2014:03:20:01 -0500] "GET /BLA/resoluciones/RESOLUCIONES%202008/0144.pdf HTTP/1.1" 200 306087
180.76.6.50 - - [25/Nov/2014:03:20:10 -0500] "GET /BLA/resoluciones/AUTOS%202012/1863.pdf HTTP/1.1" 200 268677
157.55.39.50 - - [25/Nov/2014:03:20:13 -0500] "GET /BLA/resoluciones/RESOLUCIONES%202009/6194.pdf HTTP/1.1" 200 694186
157.55.39.50 - - [25/Nov/2014:03:20:14 -0500] "GET /bla/resoluciones/resoluciones%202010/7331.pdf HTTP/1.1" 200 378061
157.55.39.50 - - [25/Nov/2014:03:20:14 -0500] "GET /BLA/resoluciones/RESOLUCIONES%202010/1810.pdf HTTP/1.1" 200 345100
66.249.65.115 - - [25/Nov/2014:03:20:15 -0500] "GET /BLA/resoluciones/AUTOS%202007/0260.pdf HTTP/1.1" 200 239509
157.55.39.197 - - [25/Nov/2014:03:20:17 -0500] "GET /BLA/resoluciones/AUTOS%202009/0594.pdf HTTP/1.1" 200 121047
74.86.158.107 - - [25/Nov/2014:03:20:34 -0500] "HEAD / HTTP/1.1" 302 -
66.249.65.123 - - [25/Nov/2014:03:20:39 -0500] "GET /BLA/resoluciones/AUTOS%202008/0709.pdf HTTP/1.1" 200 65583
157.55.39.197 - - [25/Nov/2014:03:20:41 -0500] "GET /bla/resoluciones/resoluciones%202010/7015.pdf HTTP/1.1" 200 1878090
157.55.39.197 - - [25/Nov/2014:03:20:42 -0500] "GET /BLA/resoluciones/Resoluciones%202011/0527.pdf HTTP/1.1" 200 804606
157.55.39.50 - - [25/Nov/2014:03:20:45 -0500] "GET /BLA/resoluciones/Resoluciones%202011/1423.pdf HTTP/1.1" 200 74833
157.55.39.102 - - [25/Nov/2014:03:20:51 -0500] "GET /bla/resoluciones/resoluciones%202010/5750.pdf HTTP/1.1" 200 115063
157.55.39.102 - - [25/Nov/2014:03:20:51 -0500] "GET /bla/resoluciones/resoluciones%202009/7398.pdf HTTP/1.1" 200 678585
157.55.39.102 - - [25/Nov/2014:03:20:52 -0500] "GET /bla/resoluciones/resoluciones%202010/7631.pdf HTTP/1.1" 200 66185
157.55.39.102 - - [25/Nov/2014:03:20:52 -0500] "GET /BLA/resoluciones/AUTOS%202011/0551.pdf HTTP/1.1" 200 183907
157.55.39.50 - - [25/Nov/2014:03:21:10 -0500] "GET / HTTP/1.1" 302 -
157.55.39.197 - - [25/Nov/2014:03:21:18 -0500] "GET /BLA/resoluciones/Resoluciones%202011/2972.pdf HTTP/1.1" 200 503414
188.165.15.241 - - [25/Nov/2014:03:21:19 -0500] "GET /BLA/resoluciones/RESOLUCIONES%202003/RES%202003%20501-550/542.tif HTTP/1.1" 200 168880
157.55.39.197 - - [25/Nov/2014:03:21:29 -0500] "GET /bla/resoluciones/resoluciones%202009/7953.pdf HTTP/1.1" 200 233625
157.55.39.50 - - [25/Nov/2014:03:21:33 -0500] "GET /BLA/resoluciones/AUTOS%202011/4510.pdf HTTP/1.1" 200 249539
157.55.39.50 - - [25/Nov/2014:03:21:47 -0500] "GET /BLA/resoluciones/RESOLUCIONES%202008/1858.pdf HTTP/1.1" 200 333414
66.249.65.119 - - [25/Nov/2014:03:21:48 -0500] "GET /BLA/resoluciones/AUTOS%202008/0514.pdf HTTP/1.1" 200 131593
188.165.15.66 - - [25/Nov/2014:03:22:00 -0500] "GET /BLA/resoluciones/RESOLUCIONES%202006/RES%202006%2051-100/00000059.tif HTTP/1.1" 200 190008
207.46.13.28 - - [25/Nov/2014:03:22:02 -0500] "GET /BLA/resoluciones/RESOLUCIONES%202010/1501.pdf HTTP/1.1" 200 528885
188.165.15.210 - - [25/Nov/2014:03:22:05 -0500] "GET /BLA/resoluciones/RESOLUCIONES%202005/RES%202005%203151-3180/00003176.tif HTTP/1.1" 200 106600
157.55.39.102 - - [25/Nov/2014:03:22:09 -0500] "GET /BLA/resoluciones/RESOLUCIONES%202009/1663.pdf HTTP/1.1" 200 426061
157.55.39.102 - - [25/Nov/2014:03:22:09 -0500] "GET /BLA/resoluciones/AUTOS%202009/1353.pdf HTTP/1.1" 200 110443
157.55.39.102 - - [25/Nov/2014:03:22:10 -0500] "GET /BLA/resoluciones/RESOLUCIONES%202009/0670.pdf HTTP/1.1" 200 199872
157.55.39.102 - - [25/Nov/2014:03:22:10 -0500] "GET /bla/resoluciones/resoluciones%202010/6048.pdf HTTP/1.1" 200 3777480
157.55.39.102 - - [25/Nov/2014:03:22:11 -0500] "GET /bla/resoluciones/resoluciones%202009/3681.pdf HTTP/1.1" 200 51988
157.55.39.102 - - [25/Nov/2014:03:22:21 -0500] "GET /bla/resoluciones/resoluciones%202009/2220.pdf HTTP/1.1" 200 613271
157.55.39.102 - - [25/Nov/2014:03:22:22 -0500] "GET /BLA/resoluciones/Resoluciones%202011/3628.pdf HTTP/1.1" 200 410262
157.55.39.197 - - [25/Nov/2014:03:22:25 -0500] "GET /bla/resoluciones/RESOLUCIONES%202011/1854.pdf HTTP/1.1" 200 1083677
207.46.13.28 - - [25/Nov/2014:03:22:32 -0500] "GET /BLA/resoluciones/AUTOS%202009/2945.pdf HTTP/1.1" 200 102219
157.55.39.50 - - [25/Nov/2014:03:22:38 -0500] "GET /BLA/resoluciones/RESOLUCIONES%202008/0356.pdf HTTP/1.1" 200 283649
157.55.39.197 - - [25/Nov/2014:03:22:43 -0500] "GET /bla/resoluciones/resoluciones%202010/5850.pdf HTTP/1.1" 200 235126
188.165.15.210 - - [25/Nov/2014:03:22:51 -0500] "GET /BLA/resoluciones/RESOLUCIONES%202006/RES%202006%20301-350/00000319.tif HTTP/1.1" 200 131058
66.249.65.123 - - [25/Nov/2014:03:22:52 -0500] "GET /BLA/resoluciones/RESOLUCIONES%202009/5278.pdf HTTP/1.1" 200 534343
