157.55.39.197 - - [25/Nov/2014:04:14:29 -0500] "GET /bla/resoluciones/resoluciones%202009/7736.pdf HTTP/1.1" 200 562010
157.55.39.197 - - [25/Nov/2014:04:14:29 -0500] "GET /BLA/resoluciones/AUTOS%202011/0747.pdf HTTP/1.1" 200 164775
157.55.39.50 - - [25/Nov/2014:04:14:40 -0500] "GET /BLA/resoluciones/AUTOS%202010/3769.pdf HTTP/1.1" 200 287375
66.249.65.119 - - [25/Nov/2014:04:14:41 -0500] "GET /BLA/resoluciones/RESOLUCIONES%202007/RES%202007%202701%20AL%202800/RESOLUCION%202798%20DE%202007.pdf HTTP/1.1" 200 795466
100.43.85.25 - - [25/Nov/2014:04:14:43 -0500] "GET /phylum/Phylum_3/animales.4.jpg HTTP/1.1" 404 1019
157.55.39.197 - - [25/Nov/2014:04:14:44 -0500] "GET /BLA/resoluciones/AUTOS%202010/6645.pdf HTTP/1.1" 200 155619
157.55.39.50 - - [25/Nov/2014:04:14:49 -0500] "GET /BLA/resoluciones/AUTOS%202011/3722.pdf HTTP/1.1" 200 190255
157.55.39.50 - - [25/Nov/2014:04:14:50 -0500] "GET /BLA/resoluciones/RESOLUCIONES%202008/1957.pdf HTTP/1.1" 200 66810
180.76.5.167 - - [25/Nov/2014:04:14:59 -0500] "GET /BLA/resoluciones/AUTOS%202007/2108.pdf HTTP/1.1" 200 80890
207.46.13.28 - - [25/Nov/2014:04:15:01 -0500] "GET /BLA/resoluciones/RESOLUCIONES%202008/2021.pdf HTTP/1.1" 200 443520
207.46.13.28 - - [25/Nov/2014:04:15:01 -0500] "GET /bla/resoluciones/RESOLUCIONES%202011/0973.pdf HTTP/1.1" 200 70907
207.46.13.28 - - [25/Nov/2014:04:15:02 -0500] "GET /BLA/resoluciones/AUTOS%202011/1330.pdf HTTP/1.1" 200 124100
66.249.65.119 - - [25/Nov/2014:04:15:02 -0500] "GET /BLA/resoluciones/RESOLUCIONES%202011/1177.pdf HTTP/1.1" 200 364561
207.46.13.28 - - [25/Nov/2014:04:15:03 -0500] "GET /BLA/resoluciones/AUTOS%202011/4359.pdf HTTP/1.1" 200 171676
207.46.13.28 - - [25/Nov/2014:04:15:03 -0500] "GET /BLA/resoluciones/RESOLUCIONES%202009/2406.pdf HTTP/1.1" 200 421121
157.55.39.49 - - [25/Nov/2014:04:15:06 -0500] "GET /BLA/resoluciones/RESOLUCIONES%202012/0716.pdf HTTP/1.1" 200 179002
190.158.96.166 - - [25/Nov/2014:04:15:10 -0500] "GET /isolucionsda/Session.asp HTTP/1.1" 200 146
207.46.13.28 - - [25/Nov/2014:04:15:21 -0500] "GET /bla/resoluciones/autos%202010/0875.pdf HTTP/1.1" 200 304111
157.55.39.197 - - [25/Nov/2014:04:15:27 -0500] "GET /bla/resoluciones/resoluciones%202009/0487.pdf HTTP/1.1" 200 207392
157.55.39.50 - - [25/Nov/2014:04:15:31 -0500] "GET /BLA/resoluciones/RESOLUCIONES%202009/4665.pdf HTTP/1.1" 200 1187927
74.86.158.107 - - [25/Nov/2014:04:15:34 -0500] "HEAD / HTTP/1.1" 302 -
157.55.39.102 - - [25/Nov/2014:04:15:41 -0500] "GET /BLA/resoluciones/AUTOS%202010/1445.pdf HTTP/1.1" 200 170132
157.55.39.102 - - [25/Nov/2014:04:15:41 -0500] "GET /bla/resoluciones/RESOLUCIONES%202011/2257.pdf HTTP/1.1" 200 749668
157.55.39.102 - - [25/Nov/2014:04:15:42 -0500] "GET /BLA/resoluciones/RESOLUCIONES%202010/2225.pdf HTTP/1.1" 200 517062
207.46.13.28 - - [25/Nov/2014:04:15:42 -0500] "GET /bla/resoluciones/RESOLUCIONES%202011/1856.pdf HTTP/1.1" 200 514837
66.249.65.115 - - [25/Nov/2014:04:15:48 -0500] "GET /BLA/resoluciones/AUTOS%202014/0439.pdf HTTP/1.1" 200 488667
157.55.39.197 - - [25/Nov/2014:04:15:51 -0500] "GET /BLA/resoluciones/AUTOS%202011/3281.pdf HTTP/1.1" 200 220971
157.55.39.102 - - [25/Nov/2014:04:15:51 -0500] "GET /BLA/resoluciones/AUTOS%202011/4856.pdf HTTP/1.1" 200 269153
207.46.13.28 - - [25/Nov/2014:04:16:00 -0500] "GET /BLA/resoluciones/RESOLUCIONES%202009/1249.pdf HTTP/1.1" 200 648077
207.46.13.28 - - [25/Nov/2014:04:16:01 -0500] "GET /BLA/resoluciones/RESOLUCIONES%202009/1526.pdf HTTP/1.1" 200 466142
157.55.39.49 - - [25/Nov/2014:04:16:04 -0500] "GET /BLA/resoluciones/RESOLUCIONES%202007/RES%202007%20801%20AL%20900/RESOLUCION%200826%20DE%202007.pdf HTTP/1.1" 200 206375
157.55.39.49 - - [25/Nov/2014:04:16:05 -0500] "GET /BLA/resoluciones/AUTOS%202009/0558.pdf HTTP/1.1" 200 121606
157.55.39.197 - - [25/Nov/2014:04:16:11 -0500] "GET /bla/resoluciones/resoluciones%202009/7762.pdf HTTP/1.1" 200 528417
157.55.39.102 - - [25/Nov/2014:04:16:19 -0500] "GET /bla/resoluciones/resoluciones%202009/9272.pdf HTTP/1.1" 200 487139
207.46.13.28 - - [25/Nov/2014:04:16:28 -0500] "GET /BLA/resoluciones/RESOLUCIONES%202008/2170.pdf HTTP/1.1" 200 317664
207.46.13.28 - - [25/Nov/2014:04:16:29 -0500] "GET /BLA/resoluciones/Resoluciones%202011/1016.pdf HTTP/1.1" 200 76379
157.55.39.102 - - [25/Nov/2014:04:16:34 -0500] "GET /bla/resoluciones/resoluciones%202009/1672.pdf HTTP/1.1" 200 1101204
157.55.39.197 - - [25/Nov/2014:04:16:34 -0500] "GET /bla/resoluciones/RESOLUCIONES%202011/0841.pdf HTTP/1.1" 200 800078
157.55.39.50 - - [25/Nov/2014:04:16:37 -0500] "GET /robots.txt HTTP/1.1" 404 1018
157.55.39.50 - - [25/Nov/2014:04:16:40 -0500] "GET /bla/resoluciones/resoluciones%202009/1131.pdf HTTP/1.1" 200 547782
157.55.39.197 - - [25/Nov/2014:04:16:44 -0500] "GET /BLA/resoluciones/RESOLUCIONES%202008/1389.pdf HTTP/1.1" 200 406949
157.55.39.197 - - [25/Nov/2014:04:16:44 -0500] "GET /BLA/resoluciones/AUTOS%202011/4504.pdf HTTP/1.1" 200 255811
157.55.39.50 - - [25/Nov/2014:04:16:49 -0500] "GET /BLA/resoluciones/RESOLUCIONES%202009/1670.pdf HTTP/1.1" 200 1087276
66.249.65.115 - - [25/Nov/2014:04:16:54 -0500] "GET /BLA/resoluciones/RESOLUCIONES%202008/3936.pdf HTTP/1.1" 200 465190
207.46.13.28 - - [25/Nov/2014:04:16:57 -0500] "GET /BLA/resoluciones/RESOLUCIONES%202010/2446.pdf HTTP/1.1" 200 496419
207.46.13.28 - - [25/Nov/2014:04:16:57 -0500] "GET /BLA/resoluciones/RESOLUCIONES%202009/1954.pdf HTTP/1.1" 200 599125
207.46.13.28 - - [25/Nov/2014:04:16:57 -0500] "GET /bla/resoluciones/resoluciones%202009/8921.pdf HTTP/1.1" 200 338053
157.55.39.102 - - [25/Nov/2014:04:17:02 -0500] "GET /BLA/resoluciones/RESOLUCIONES%202009/0242.pdf HTTP/1.1" 200 566343
157.55.39.197 - - [25/Nov/2014:04:17:08 -0500] "GET /BLA/resoluciones/AUTOS%202010/0187.pdf HTTP/1.1" 200 285982
207.46.13.28 - - [25/Nov/2014:04:17:20 -0500] "GET /BLA/resoluciones/AUTOS%202011/3014.pdf HTTP/1.1" 200 75049
157.55.39.50 - - [25/Nov/2014:04:17:26 -0500] "GET /bla/resoluciones/RESOLUCIONES%202011/1655.pdf HTTP/1.1" 200 69059
157.55.39.197 - - [25/Nov/2014:04:17:30 -0500] "GET /BLA/resoluciones/RESOLUCIONES%202009/0883.pdf HTTP/1.1" 200 457715
157.55.39.197 - - [25/Nov/2014:04:17:31 -0500] "GET /bla/resoluciones/resoluciones%202009/7388.pdf HTTP/1.1" 200 953561
157.55.39.197 - - [25/Nov/2014:04:17:31 -0500] "GET /BLA/resoluciones/RESOLUCIONES%202008/1799.pdf HTTP/1.1" 200 266387
157.55.39.102 - - [25/Nov/2014:04:17:50 -0500] "GET /bla/resoluciones/resoluciones%202010/6633.pdf HTTP/1.1" 200 225481
157.55.39.102 - - [25/Nov/2014:04:17:50 -0500] "GET /BLA/resoluciones/RESOLUCIONES%202008/0577.pdf HTTP/1.1" 200 1141454
157.55.39.50 - - [25/Nov/2014:04:17:56 -0500] "GET /bla/resoluciones/resoluciones%202009/2416.pdf HTTP/1.1" 200 416366
66.249.65.115 - - [25/Nov/2014:04:18:00 -0500] "GET /BLA/resoluciones/RESOLUCIONES%202008/1884.pdf HTTP/1.1" 200 222141
207.46.13.28 - - [25/Nov/2014:04:18:01 -0500] "GET /bla/resoluciones/resoluciones%202009/9721.pdf HTTP/1.1" 200 297489
157.55.39.197 - - [25/Nov/2014:04:18:06 -0500] "GET /bla/resoluciones/resoluciones%202010/7545.pdf HTTP/1.1" 200 293746
157.55.39.197 - - [25/Nov/2014:04:18:06 -0500] "GET /bla/resoluciones/resoluciones%202010/6118.pdf HTTP/1.1" 200 3199649
177.246.106.9 - - [25/Nov/2014:04:12:34 -0500] "GET /videos/CRRFFS.mp4 HTTP/1.1" 200 286784363
161.10.173.184 - - [25/Nov/2014:04:18:14 -0500] "GET /BLA/boletinlegal/js/jquery.js HTTP/1.1" 200 57254
161.10.173.184 - - [25/Nov/2014:04:18:14 -0500] "GET /BLA/boletinlegal/js/jquery.scrollTo-min.js HTTP/1.1" 200 1150
161.10.173.184 - - [25/Nov/2014:04:18:14 -0500] "GET /BLA/boletinlegal/js/jquery.scrollShow.js HTTP/1.1" 200 4586
157.55.39.50 - - [25/Nov/2014:04:18:16 -0500] "GET /BLA/resoluciones/RESOLUCIONES%202010/0392.pdf HTTP/1.1" 200 110916
157.55.39.50 - - [25/Nov/2014:04:18:16 -0500] "GET /BLA/resoluciones/RESOLUCIONES%202009/1564.pdf HTTP/1.1" 200 446652
157.55.39.197 - - [25/Nov/2014:04:18:22 -0500] "GET /bla/resoluciones/resoluciones%202009/2397.pdf HTTP/1.1" 200 409092
207.46.13.28 - - [25/Nov/2014:04:18:31 -0500] "GET /BLA/resoluciones/RESOLUCIONES%202012/0797.pdf HTTP/1.1" 200 205881
157.55.39.197 - - [25/Nov/2014:04:18:35 -0500] "GET /BLA/resoluciones/AUTOS%202011/2046.pdf HTTP/1.1" 200 70879
157.55.39.197 - - [25/Nov/2014:04:18:35 -0500] "GET /bla/resoluciones/resoluciones%202009/4928.pdf HTTP/1.1" 200 113200
157.55.39.197 - - [25/Nov/2014:04:18:36 -0500] "GET /bla/resoluciones/autos%202010/1416.pdf HTTP/1.1" 200 227415
157.55.39.197 - - [25/Nov/2014:04:18:37 -0500] "GET /BLA/resoluciones/RESOLUCIONES%202009/1603.pdf HTTP/1.1" 200 623137
157.55.39.102 - - [25/Nov/2014:04:18:43 -0500] "GET /BLA/resoluciones/RESOLUCIONES%202009/0536.pdf HTTP/1.1" 200 509383
157.55.39.102 - - [25/Nov/2014:04:18:43 -0500] "GET /BLA/resoluciones/AUTOS%202009/2985.pdf HTTP/1.1" 200 81648
157.55.39.102 - - [25/Nov/2014:04:18:44 -0500] "GET /BLA/resoluciones/AUTOS%202011/2485.pdf HTTP/1.1" 200 86140
207.46.13.28 - - [25/Nov/2014:04:18:45 -0500] "GET /BLA/resoluciones/AUTOS%202011/2785.pdf HTTP/1.1" 200 313291
157.55.39.197 - - [25/Nov/2014:04:18:51 -0500] "GET /BLA/resoluciones/AUTOS%202011/2191.pdf HTTP/1.1" 200 247723
207.46.13.28 - - [25/Nov/2014:04:19:02 -0500] "GET /bla/resoluciones/resoluciones%202009/0978.pdf HTTP/1.1" 200 333623
66.249.65.123 - - [25/Nov/2014:04:19:07 -0500] "GET /BLA/resoluciones/RESOLUCIONES%202010/2402.pdf HTTP/1.1" 200 507880
207.46.13.28 - - [25/Nov/2014:04:19:25 -0500] "GET /BLA/resoluciones/AUTOS%202009/2868.pdf HTTP/1.1" 200 129051
157.55.39.197 - - [25/Nov/2014:04:19:30 -0500] "GET /BLA/resoluciones/RESOLUCIONES%202008/2445.pdf HTTP/1.1" 200 109988
157.55.39.102 - - [25/Nov/2014:04:19:47 -0500] "GET /bla/resoluciones/resoluciones%202009/0452.pdf HTTP/1.1" 200 426140
157.55.39.102 - - [25/Nov/2014:04:19:48 -0500] "GET /bla/resoluciones/autos%202010/0478.pdf HTTP/1.1" 200 187625
157.55.39.102 - - [25/Nov/2014:04:19:49 -0500] "GET /BLA/resoluciones/Resoluciones%202011/0595.pdf HTTP/1.1" 200 279636
157.55.39.197 - - [25/Nov/2014:04:19:51 -0500] "GET /bla/resoluciones/autos%202010/0483.pdf HTTP/1.1" 200 181095
157.55.39.49 - - [25/Nov/2014:04:20:07 -0500] "GET /bla/resoluciones/resoluciones%202009/0317.pdf HTTP/1.1" 200 262866
207.46.13.28 - - [25/Nov/2014:04:20:12 -0500] "GET /BLA/resoluciones/Resoluciones%202011/1794.pdf HTTP/1.1" 200 133365
66.249.65.123 - - [25/Nov/2014:04:20:13 -0500] "GET /BLA/resoluciones/index.php?dir=RESOLUCIONES+2007%2FRES+2007+3701+AL+3800%2F HTTP/1.1" 200 26851
157.55.39.50 - - [25/Nov/2014:04:20:17 -0500] "GET /bla/resoluciones/resoluciones%202009/8144.pdf HTTP/1.1" 200 514414
207.46.13.28 - - [25/Nov/2014:04:20:22 -0500] "GET /BLA/resoluciones/AUTOS%202010/3783.pdf HTTP/1.1" 200 265503
74.86.158.107 - - [25/Nov/2014:04:20:34 -0500] "HEAD / HTTP/1.1" 302 -
157.55.39.197 - - [25/Nov/2014:04:20:35 -0500] "GET /bla/resoluciones/resoluciones%202009/6732.pdf HTTP/1.1" 200 321472
157.55.39.102 - - [25/Nov/2014:04:20:39 -0500] "GET /BLA/resoluciones/RESOLUCIONES%202008/2924.pdf HTTP/1.1" 200 254739
157.55.39.102 - - [25/Nov/2014:04:20:41 -0500] "GET /bla/resoluciones/resoluciones%202009/0869.pdf HTTP/1.1" 200 390558
207.46.13.28 - - [25/Nov/2014:04:20:47 -0500] "GET /BLA/resoluciones/RESOLUCIONES%202009/1444.pdf HTTP/1.1" 200 1822248
207.46.13.28 - - [25/Nov/2014:04:20:47 -0500] "GET /BLA/resoluciones/AUTOS%202009/0839.pdf HTTP/1.1" 200 70809
157.55.39.50 - - [25/Nov/2014:04:20:50 -0500] "GET /BLA/resoluciones/RESOLUCIONES%202009/1789.pdf HTTP/1.1" 200 513819
157.55.39.50 - - [25/Nov/2014:04:21:16 -0500] "GET /bla/resoluciones/RESOLUCIONES%202011/2670.pdf HTTP/1.1" 200 728796
66.249.65.123 - - [25/Nov/2014:04:21:19 -0500] "GET /BLA/resoluciones/RESOLUCIONES%202010/0458.pdf HTTP/1.1" 200 727260
207.46.13.28 - - [25/Nov/2014:04:21:20 -0500] "GET /BLA/resoluciones/AUTOS%202011/4767.pdf HTTP/1.1" 200 234053
207.46.13.28 - - [25/Nov/2014:04:21:21 -0500] "GET /BLA/resoluciones/RESOLUCIONES%202009/0015.pdf HTTP/1.1" 200 119741
157.55.39.197 - - [25/Nov/2014:04:21:26 -0500] "GET /bla/resoluciones/resoluciones%202009/8718.pdf HTTP/1.1" 200 501824
157.55.39.102 - - [25/Nov/2014:04:21:34 -0500] "GET /bla/resoluciones/RESOLUCIONES%202011/2203.pdf HTTP/1.1" 200 511015
157.55.39.102 - - [25/Nov/2014:04:21:35 -0500] "GET /BLA/resoluciones/Resoluciones%202011/0655.pdf HTTP/1.1" 200 72075
157.55.39.102 - - [25/Nov/2014:04:21:36 -0500] "GET /bla/resoluciones/RESOLUCIONES%202011/0086.pdf HTTP/1.1" 200 312133
157.55.39.50 - - [25/Nov/2014:04:21:36 -0500] "GET /bla/resoluciones/resoluciones%202009/9086.pdf HTTP/1.1" 200 61994
157.55.39.50 - - [25/Nov/2014:04:21:38 -0500] "GET /BLA/resoluciones/RESOLUCIONES%202008/0182.pdf HTTP/1.1" 200 452467
207.46.13.28 - - [25/Nov/2014:04:21:41 -0500] "GET /BLA/resoluciones/RESOLUCIONES%202010/1824.pdf HTTP/1.1" 200 493949
207.46.13.28 - - [25/Nov/2014:04:21:41 -0500] "GET /BLA/resoluciones/RESOLUCIONES%202009/3437.pdf HTTP/1.1" 200 1013646
157.55.39.197 - - [25/Nov/2014:04:21:46 -0500] "GET /BLA/resoluciones/Resoluciones%202011/0661.pdf HTTP/1.1" 200 430230
157.55.39.50 - - [25/Nov/2014:04:21:51 -0500] "GET /bla/resoluciones/RESOLUCIONES%202011/0414.pdf HTTP/1.1" 200 71451
207.46.13.28 - - [25/Nov/2014:04:21:56 -0500] "GET /BLA/resoluciones/RESOLUCIONES%202010/0120.pdf HTTP/1.1" 200 383590
207.46.13.28 - - [25/Nov/2014:04:21:56 -0500] "GET /bla/resoluciones/resoluciones%202010/6506.pdf HTTP/1.1" 200 358462
157.55.39.197 - - [25/Nov/2014:04:22:01 -0500] "GET /BLA/boletinlegal/Directivas/2012/Directiva%20No.%201%20del%2030%20de%20octubre%20de%202012.pdf HTTP/1.1" 200 1522771
157.55.39.102 - - [25/Nov/2014:04:22:08 -0500] "GET /BLA/resoluciones/RESOLUCIONES%202012/0652.pdf HTTP/1.1" 200 401742
157.55.39.50 - - [25/Nov/2014:04:22:16 -0500] "GET /BLA/resoluciones/RESOLUCIONES%202008/2749.pdf HTTP/1.1" 200 203580
207.46.13.28 - - [25/Nov/2014:04:22:21 -0500] "GET /bla/resoluciones/resoluciones%202010/7109.pdf HTTP/1.1" 200 158374
207.46.13.28 - - [25/Nov/2014:04:22:21 -0500] "GET /bla/resoluciones/resoluciones%202009/1659.pdf HTTP/1.1" 200 406315
66.249.65.119 - - [25/Nov/2014:04:22:25 -0500] "GET /BLA/resoluciones/RESOLUCIONES%202010/7352.pdf HTTP/1.1" 200 61867
157.55.39.102 - - [25/Nov/2014:04:22:26 -0500] "GET /bla/resoluciones/resoluciones%202010/6313.pdf HTTP/1.1" 200 2490023
157.55.39.50 - - [25/Nov/2014:04:22:32 -0500] "GET /BLA/resoluciones/AUTOS%202011/2868.pdf HTTP/1.1" 200 366573
157.55.39.197 - - [25/Nov/2014:04:22:46 -0500] "GET /bla/resoluciones/autos%202010/5432.pdf HTTP/1.1" 200 203252
157.55.39.197 - - [25/Nov/2014:04:22:47 -0500] "GET /BLA/resoluciones/Resoluciones%202011/3070.pdf HTTP/1.1" 200 434132
157.55.39.197 - - [25/Nov/2014:04:22:47 -0500] "GET /BLA/resoluciones/RESOLUCIONES%202009/1887.pdf HTTP/1.1" 200 444264
207.46.13.28 - - [25/Nov/2014:04:22:51 -0500] "GET /bla/resoluciones/resoluciones%202009/8927.pdf HTTP/1.1" 200 274551
66.249.65.123 - - [25/Nov/2014:04:22:51 -0500] "GET /POT-2013/Cartografia/03_Suelos%20de%20Protecci%C3%B3n.pdf HTTP/1.1" 200 3680887
207.46.13.28 - - [25/Nov/2014:04:22:51 -0500] "GET /BLA/resoluciones/RESOLUCIONES%202009/0065.pdf HTTP/1.1" 200 267286
207.46.13.28 - - [25/Nov/2014:04:22:52 -0500] "GET /bla/resoluciones/autos%202010/4569.pdf HTTP/1.1" 200 132355
157.55.39.197 - - [25/Nov/2014:04:23:02 -0500] "GET /BLA/resoluciones/Resoluciones%202011/2421.pdf HTTP/1.1" 200 511697
157.55.39.197 - - [25/Nov/2014:04:23:03 -0500] "GET /BLA/resoluciones/RESOLUCIONES%202008/1052.pdf HTTP/1.1" 200 62940
207.46.13.28 - - [25/Nov/2014:04:23:08 -0500] "GET /BLA/resoluciones/RESOLUCIONES%202010/0884.pdf HTTP/1.1" 200 106000
157.55.39.197 - - [25/Nov/2014:04:23:12 -0500] "GET /BLA/resoluciones/RESOLUCIONES%202009/0351.pdf HTTP/1.1" 200 234420
157.55.39.197 - - [25/Nov/2014:04:23:13 -0500] "GET /BLA/resoluciones/RESOLUCIONES%202009/1263.pdf HTTP/1.1" 200 596287
157.55.39.50 - - [25/Nov/2014:04:23:21 -0500] "GET /BLA/resoluciones/RESOLUCIONES%202010/0778.pdf HTTP/1.1" 200 107342
157.55.39.102 - - [25/Nov/2014:04:23:26 -0500] "GET /BLA/resoluciones/RESOLUCIONES%202009/4721.pdf HTTP/1.1" 200 1106693
157.55.39.102 - - [25/Nov/2014:04:23:27 -0500] "GET /BLA/resoluciones/Resoluciones%202011/3512.pdf HTTP/1.1" 200 509765
157.55.39.102 - - [25/Nov/2014:04:23:27 -0500] "GET /BLA/resoluciones/RESOLUCIONES%202009/0611.pdf HTTP/1.1" 200 306016
157.55.39.102 - - [25/Nov/2014:04:23:28 -0500] "GET /BLA/resoluciones/RESOLUCIONES%202008/0437.pdf HTTP/1.1" 200 382851
66.249.65.119 - - [25/Nov/2014:04:23:33 -0500] "GET /BLA/resoluciones/RESOLUCIONES%202010/0623.pdf HTTP/1.1" 200 556260
157.55.39.50 - - [25/Nov/2014:04:23:37 -0500] "GET /bla/resoluciones/RESOLUCIONES%202011/1151.pdf HTTP/1.1" 200 257424
188.165.15.66 - - [25/Nov/2014:04:23:41 -0500] "GET /BLA/resoluciones/RESOLUCIONES%202001/2001%20200-249.TIF HTTP/1.1" 200 8819186
207.46.13.28 - - [25/Nov/2014:04:23:42 -0500] "GET /BLA/resoluciones/Resoluciones%202011/0343.pdf HTTP/1.1" 200 1495589
157.55.39.197 - - [25/Nov/2014:04:23:47 -0500] "GET /bla/resoluciones/resoluciones%202010/6814.pdf HTTP/1.1" 200 1075342
157.55.39.197 - - [25/Nov/2014:04:23:48 -0500] "GET /BLA/resoluciones/RESOLUCIONES%202009/7467.pdf HTTP/1.1" 200 713121
207.46.13.28 - - [25/Nov/2014:04:23:51 -0500] "GET /BLA/resoluciones/Resoluciones%202011/1872.pdf HTTP/1.1" 200 513446
157.55.39.102 - - [25/Nov/2014:04:24:02 -0500] "GET /BLA/resoluciones/RESOLUCIONES%202009/0768.pdf HTTP/1.1" 200 30626
157.55.39.102 - - [25/Nov/2014:04:24:03 -0500] "GET /BLA/resoluciones/Resoluciones%202011/2957.pdf HTTP/1.1" 200 513192
157.55.39.49 - - [25/Nov/2014:04:24:07 -0500] "GET /bla/resoluciones/autos%202010/1380.pdf HTTP/1.1" 200 253161
157.55.39.50 - - [25/Nov/2014:04:24:17 -0500] "GET /bla/resoluciones/resoluciones%202009/0669.pdf HTTP/1.1" 200 256950
157.55.39.50 - - [25/Nov/2014:04:24:18 -0500] "GET /BLA/resoluciones/RESOLUCIONES%202008/1822.pdf HTTP/1.1" 200 188183
157.55.39.197 - - [25/Nov/2014:04:24:21 -0500] "GET /bla/resoluciones/autos%202010/0082.pdf HTTP/1.1" 200 263907
207.46.13.28 - - [25/Nov/2014:04:24:27 -0500] "GET /bla/resoluciones/RESOLUCIONES%202011/1649.pdf HTTP/1.1" 200 107538
157.55.39.50 - - [25/Nov/2014:04:24:32 -0500] "GET /bla/resoluciones/resoluciones%202009/2105.pdf HTTP/1.1" 200 569077
66.249.65.123 - - [25/Nov/2014:04:24:38 -0500] "GET /BLA/resoluciones/RESOLUCIONES%202013/0513.pdf HTTP/1.1" 200 980390
157.55.39.197 - - [25/Nov/2014:04:24:52 -0500] "GET /BLA/resoluciones/RESOLUCIONES%202007/RES%202007%20201%20AL%20300/RESOLUCION%200208%20DE%202007.pdf HTTP/1.1" 200 315664
157.55.39.49 - - [25/Nov/2014:04:24:58 -0500] "GET /bla/resoluciones/RESOLUCIONES%202011/3279.pdf HTTP/1.1" 200 250101
180.76.6.14 - - [25/Nov/2014:04:25:00 -0500] "GET /BLA/resoluciones/RESOLUCIONES%202008/1775.pdf HTTP/1.1" 200 255113
157.55.39.197 - - [25/Nov/2014:04:25:03 -0500] "GET /BLA/resoluciones/RESOLUCIONES%202008/2847.pdf HTTP/1.1" 200 265773
157.55.39.197 - - [25/Nov/2014:04:25:32 -0500] "GET /bla/resoluciones/resoluciones%202009/8606.pdf HTTP/1.1" 200 270595
74.86.158.107 - - [25/Nov/2014:04:25:34 -0500] "HEAD / HTTP/1.1" 302 -
157.55.39.102 - - [25/Nov/2014:04:25:42 -0500] "GET /bla/resoluciones/resoluciones%202009/6937.pdf HTTP/1.1" 200 63488
66.249.65.123 - - [25/Nov/2014:04:25:44 -0500] "GET /BLA/resoluciones/RESOLUCIONES%202010/0280.pdf HTTP/1.1" 200 53342
157.55.39.197 - - [25/Nov/2014:04:25:48 -0500] "GET /BLA/resoluciones/RESOLUCIONES%202007/RES%202007%20201%20AL%20300/RESOLUCION%200206%20DE%202007.pdf HTTP/1.1" 200 356767
188.165.15.66 - - [25/Nov/2014:04:25:49 -0500] "GET /BLA/resoluciones/RESOLUCIONES%202003/RES%202003%20951-1000/975.tif HTTP/1.1" 200 145676
157.55.39.102 - - [25/Nov/2014:04:25:56 -0500] "GET /BLA/resoluciones/AUTOS%202011/0169.pdf HTTP/1.1" 200 176659
207.46.13.28 - - [25/Nov/2014:04:26:18 -0500] "GET /bla/resoluciones/resoluciones%202009/0134.pdf HTTP/1.1" 200 452605
207.46.13.28 - - [25/Nov/2014:04:26:38 -0500] "GET /BLA/resoluciones/RESOLUCIONES%202010/1218.pdf HTTP/1.1" 200 124030
157.55.39.197 - - [25/Nov/2014:04:26:42 -0500] "GET /BLA/resoluciones/AUTOS%202010/6654.pdf HTTP/1.1" 200 155473
157.55.39.197 - - [25/Nov/2014:04:26:44 -0500] "GET /bla/resoluciones/RESOLUCIONES%202011/0156.pdf HTTP/1.1" 200 233747
66.249.65.119 - - [25/Nov/2014:04:26:51 -0500] "GET /BLA/resoluciones/RESOLUCIONES%202009/2739.pdf HTTP/1.1" 200 500746
207.46.13.28 - - [25/Nov/2014:04:26:53 -0500] "GET /BLA/resoluciones/RESOLUCIONES%202008/0537.pdf HTTP/1.1" 200 228279
157.55.39.197 - - [25/Nov/2014:04:26:58 -0500] "GET /BLA/resoluciones/Resoluciones%202011/3659.pdf HTTP/1.1" 200 548050
157.55.39.197 - - [25/Nov/2014:04:27:08 -0500] "GET /BLA/resoluciones/AUTOS%202011/5614.pdf HTTP/1.1" 200 165087
157.55.39.50 - - [25/Nov/2014:04:27:18 -0500] "GET /BLA/resoluciones/RESOLUCIONES%202009/0684.pdf HTTP/1.1" 200 271551
157.55.39.50 - - [25/Nov/2014:04:27:23 -0500] "GET /BLA/resoluciones/AUTOS%202009/3333.pdf HTTP/1.1" 200 228685
186.82.60.157 - - [25/Nov/2014:04:27:25 -0500] "GET /BLA/boletinlegal/js/jquery.js HTTP/1.1" 200 57254
186.82.60.157 - - [25/Nov/2014:04:27:25 -0500] "GET /BLA/boletinlegal/js/jquery.scrollTo-min.js HTTP/1.1" 200 1150
186.82.60.157 - - [25/Nov/2014:04:27:25 -0500] "GET /BLA/boletinlegal/js/jquery.scrollShow.js HTTP/1.1" 200 4586
157.55.39.102 - - [25/Nov/2014:04:27:34 -0500] "GET /BLA/resoluciones/RESOLUCIONES%202009/1787.pdf HTTP/1.1" 200 555417
157.55.39.102 - - [25/Nov/2014:04:27:34 -0500] "GET /BLA/resoluciones/AUTOS%202010/0083.pdf HTTP/1.1" 200 267619
157.55.39.102 - - [25/Nov/2014:04:27:35 -0500] "GET /BLA/resoluciones/RESOLUCIONES%202009/3531.pdf HTTP/1.1" 200 649027
207.46.13.28 - - [25/Nov/2014:04:27:38 -0500] "GET /bla/resoluciones/resoluciones%202010/7091.pdf HTTP/1.1" 200 267681
157.55.39.102 - - [25/Nov/2014:04:27:42 -0500] "GET /BLA/resoluciones/RESOLUCIONES%202008/1271.pdf HTTP/1.1" 200 41843
207.46.13.28 - - [25/Nov/2014:04:27:54 -0500] "GET /bla/resoluciones/resoluciones%202009/1416.pdf HTTP/1.1" 200 450922
66.249.65.119 - - [25/Nov/2014:04:27:57 -0500] "GET /BLA/resoluciones/RESOLUCIONES%202010/1676.pdf HTTP/1.1" 200 304463
157.55.39.49 - - [25/Nov/2014:04:28:04 -0500] "GET /BLA/resoluciones/RESOLUCIONES%202008/0837.pdf HTTP/1.1" 200 191168
157.55.39.102 - - [25/Nov/2014:04:28:12 -0500] "GET /BLA/resoluciones/AUTOS%202009/0809.pdf HTTP/1.1" 200 69853
157.55.39.197 - - [25/Nov/2014:04:28:13 -0500] "GET /BLA/resoluciones/RESOLUCIONES%202008/0554.pdf HTTP/1.1" 200 96151
157.55.39.102 - - [25/Nov/2014:04:28:14 -0500] "GET /BLA/resoluciones/RESOLUCIONES%202009/6226.pdf HTTP/1.1" 200 1152059
157.55.39.197 - - [25/Nov/2014:04:28:23 -0500] "GET /BLA/resoluciones/RESOLUCIONES%202009/5902.pdf HTTP/1.1" 200 797930
157.55.39.197 - - [25/Nov/2014:04:28:29 -0500] "GET /BLA/resoluciones/AUTOS%202011/0239.pdf HTTP/1.1" 200 205301
157.55.39.197 - - [25/Nov/2014:04:28:30 -0500] "GET /BLA/resoluciones/RESOLUCIONES%202009/7193.pdf HTTP/1.1" 200 889515
207.46.13.28 - - [25/Nov/2014:04:28:36 -0500] "GET /bla/resoluciones/RESOLUCIONES%202011/0921.pdf HTTP/1.1" 200 73681
207.46.13.28 - - [25/Nov/2014:04:28:36 -0500] "GET /BLA/resoluciones/RESOLUCIONES%202009/0913.pdf HTTP/1.1" 200 470109
207.46.13.28 - - [25/Nov/2014:04:28:36 -0500] "GET /bla/resoluciones/resoluciones%202009/1898.pdf HTTP/1.1" 200 722764
157.55.39.197 - - [25/Nov/2014:04:28:49 -0500] "GET /bla/resoluciones/resoluciones%202009/9009.pdf HTTP/1.1" 200 315611
157.55.39.50 - - [25/Nov/2014:04:28:54 -0500] "GET /BLA/resoluciones/Resoluciones%202011/0685.pdf HTTP/1.1" 200 74127
157.55.39.102 - - [25/Nov/2014:04:28:59 -0500] "GET /bla/resoluciones/RESOLUCIONES%202011/1226.pdf HTTP/1.1" 200 525455
66.249.65.115 - - [25/Nov/2014:04:29:03 -0500] "GET /BLA/resoluciones/RESOLUCIONES%202009/2842.pdf HTTP/1.1" 200 508813
207.46.13.28 - - [25/Nov/2014:04:29:10 -0500] "GET /BLA/resoluciones/RESOLUCIONES%202009/5364.pdf HTTP/1.1" 200 618267
207.46.13.28 - - [25/Nov/2014:04:29:10 -0500] "GET /bla/resoluciones/autos%202010/1464.pdf HTTP/1.1" 200 249053
157.55.39.50 - - [25/Nov/2014:04:29:14 -0500] "GET /BLA/resoluciones/RESOLUCIONES%202009/1686.pdf HTTP/1.1" 200 648565
207.46.13.28 - - [25/Nov/2014:04:29:19 -0500] "GET /BLA/resoluciones/AUTOS%202010/5984.pdf HTTP/1.1" 200 337625
207.46.13.28 - - [25/Nov/2014:04:29:20 -0500] "GET /BLA/resoluciones/Resoluciones%202011/1925.pdf HTTP/1.1" 200 222927
157.55.39.197 - - [25/Nov/2014:04:29:29 -0500] "GET /bla/resoluciones/resoluciones%202009/6983.pdf HTTP/1.1" 200 55202
157.55.39.102 - - [25/Nov/2014:04:29:43 -0500] "GET /bla/resoluciones/RESOLUCIONES%202011/0765.pdf HTTP/1.1" 200 141509
157.55.39.102 - - [25/Nov/2014:04:29:44 -0500] "GET /BLA/resoluciones/RESOLUCIONES%202009/1413.pdf HTTP/1.1" 200 538260
157.55.39.102 - - [25/Nov/2014:04:29:51 -0500] "GET /BLA/resoluciones/Resoluciones%202011/2824.pdf HTTP/1.1" 200 623230
157.55.39.102 - - [25/Nov/2014:04:29:52 -0500] "GET /BLA/resoluciones/AUTOS%202009/2268.pdf HTTP/1.1" 200 123058
157.55.39.50 - - [25/Nov/2014:04:29:52 -0500] "GET /bla/resoluciones/resoluciones%202009/0018.pdf HTTP/1.1" 200 239033
157.55.39.50 - - [25/Nov/2014:04:29:53 -0500] "GET /BLA/resoluciones/AUTOS%202009/1812.pdf HTTP/1.1" 200 167196
66.249.65.119 - - [25/Nov/2014:04:30:10 -0500] "GET /BLA/resoluciones/RESOLUCIONES%202010/3528.pdf HTTP/1.1" 200 372912
207.46.13.28 - - [25/Nov/2014:04:30:10 -0500] "GET /BLA/resoluciones/RESOLUCIONES%202012/0316.pdf HTTP/1.1" 200 729332
207.46.13.28 - - [25/Nov/2014:04:30:11 -0500] "GET /bla/resoluciones/resoluciones%202009/1648.pdf HTTP/1.1" 200 890276
157.55.39.102 - - [25/Nov/2014:04:30:20 -0500] "GET /BLA/resoluciones/RESOLUCIONES%202009/1354.pdf HTTP/1.1" 200 644821
157.55.39.102 - - [25/Nov/2014:04:30:20 -0500] "GET /BLA/resoluciones/RESOLUCIONES%202008/2276.pdf HTTP/1.1" 200 198406
157.55.39.102 - - [25/Nov/2014:04:30:21 -0500] "GET /bla/resoluciones/resoluciones%202009/0319.pdf HTTP/1.1" 200 254159
157.55.39.102 - - [25/Nov/2014:04:30:21 -0500] "GET /BLA/resoluciones/RESOLUCIONES%202009/4199.pdf HTTP/1.1" 200 1312115
157.55.39.102 - - [25/Nov/2014:04:30:22 -0500] "GET /BLA/resoluciones/AUTOS%202009/0681.pdf HTTP/1.1" 200 70685
157.55.39.50 - - [25/Nov/2014:04:30:28 -0500] "GET /bla/resoluciones/resoluciones%202009/2035.pdf HTTP/1.1" 200 309145
157.55.39.50 - - [25/Nov/2014:04:30:32 -0500] "GET /bla/resoluciones/RESOLUCIONES%202011/3003.pdf HTTP/1.1" 200 734762
207.46.13.28 - - [25/Nov/2014:04:30:34 -0500] "GET /bla/resoluciones/resoluciones%202009/2363.pdf HTTP/1.1" 200 405400
74.86.158.107 - - [25/Nov/2014:04:30:34 -0500] "HEAD / HTTP/1.1" 302 -
207.46.13.28 - - [25/Nov/2014:04:30:35 -0500] "GET /BLA/resoluciones/RESOLUCIONES%202009/4427.pdf HTTP/1.1" 200 1015623
157.55.39.102 - - [25/Nov/2014:04:30:42 -0500] "GET /BLA/resoluciones/AUTOS%202010/1382.pdf HTTP/1.1" 200 257857
157.55.39.102 - - [25/Nov/2014:04:30:44 -0500] "GET /BLA/resoluciones/RESOLUCIONES%202009/2144.pdf HTTP/1.1" 200 473237
157.55.39.197 - - [25/Nov/2014:04:30:49 -0500] "GET /BLA/resoluciones/RESOLUCIONES%202009/0175.pdf HTTP/1.1" 200 212192
157.55.39.102 - - [25/Nov/2014:04:30:49 -0500] "GET /BLA/resoluciones/RESOLUCIONES%202008/0587.pdf HTTP/1.1" 200 299356
157.55.39.197 - - [25/Nov/2014:04:30:50 -0500] "GET /bla/resoluciones/resoluciones%202009/0737.pdf HTTP/1.1" 200 254155
157.55.39.49 - - [25/Nov/2014:04:30:59 -0500] "GET /BLA/resoluciones/RESOLUCIONES%202010/2003.pdf HTTP/1.1" 200 339608
157.55.39.49 - - [25/Nov/2014:04:31:00 -0500] "GET /BLA/resoluciones/RESOLUCIONES%202008/1641.pdf HTTP/1.1" 200 230102
157.55.39.197 - - [25/Nov/2014:04:31:02 -0500] "GET /BLA/resoluciones/RESOLUCIONES%202009/0410.pdf HTTP/1.1" 200 242825
157.55.39.197 - - [25/Nov/2014:04:31:12 -0500] "GET /bla/resoluciones/resoluciones%202009/8055.pdf HTTP/1.1" 200 415946
157.55.39.197 - - [25/Nov/2014:04:31:12 -0500] "GET /BLA/resoluciones/AUTOS%202011/3606.pdf HTTP/1.1" 200 498261
66.249.65.123 - - [25/Nov/2014:04:31:16 -0500] "GET /BLA/resoluciones/AUTOS%202011/2916.pdf HTTP/1.1" 200 313435
207.46.13.28 - - [25/Nov/2014:04:31:17 -0500] "GET /bla/resoluciones/resoluciones%202009/9277.pdf HTTP/1.1" 200 512818
207.46.13.28 - - [25/Nov/2014:04:31:17 -0500] "GET /BLA/resoluciones/RESOLUCIONES%202010/2069.pdf HTTP/1.1" 200 196879
207.46.13.28 - - [25/Nov/2014:04:31:18 -0500] "GET /BLA/resoluciones/Resoluciones%202011/1384.pdf HTTP/1.1" 200 73199
157.55.39.50 - - [25/Nov/2014:04:31:21 -0500] "GET /BLA/resoluciones/Resoluciones%202011/1481.pdf HTTP/1.1" 200 71935
157.55.39.50 - - [25/Nov/2014:04:31:29 -0500] "GET /BLA/resoluciones/AUTOS%202011/6183.pdf HTTP/1.1" 200 1115097
157.55.39.197 - - [25/Nov/2014:04:31:34 -0500] "GET /bla/resoluciones/resoluciones%202010/7026.pdf HTTP/1.1" 200 1603614
157.55.39.197 - - [25/Nov/2014:04:31:40 -0500] "GET /BLA/resoluciones/RESOLUCIONES%202012/1913.pdf HTTP/1.1" 200 422045
157.55.39.197 - - [25/Nov/2014:04:31:40 -0500] "GET /BLA/resoluciones/AUTOS%202009/0705.pdf HTTP/1.1" 200 104107
157.55.39.102 - - [25/Nov/2014:04:31:49 -0500] "GET /BLA/resoluciones/Resoluciones%202011/1511.pdf HTTP/1.1" 200 70205
157.55.39.102 - - [25/Nov/2014:04:31:50 -0500] "GET /bla/resoluciones/resoluciones%202009/8314.pdf HTTP/1.1" 200 400034
157.55.39.102 - - [25/Nov/2014:04:31:50 -0500] "GET /BLA/resoluciones/RESOLUCIONES%202008/1120.pdf HTTP/1.1" 200 65230
157.55.39.102 - - [25/Nov/2014:04:31:51 -0500] "GET /BLA/resoluciones/AUTOS%202009/3229.pdf HTTP/1.1" 200 194440
186.82.60.157 - - [25/Nov/2014:04:31:53 -0500] "GET /videos/galeria-fotografica/index19.html? HTTP/1.1" 200 1972
186.82.60.157 - - [25/Nov/2014:04:31:53 -0500] "GET /videos/galeria-fotografica/js/jquery-flickr-gallery/jquery-flickr.css HTTP/1.1" 200 711
186.82.60.157 - - [25/Nov/2014:04:31:53 -0500] "GET /videos/galeria-fotografica/js/jquery-flickr-gallery/jquery-flickr-gallery.js HTTP/1.1" 200 9050
157.55.39.50 - - [25/Nov/2014:04:31:55 -0500] "GET /BLA/resoluciones/RESOLUCIONES%202009/2836.pdf HTTP/1.1" 200 631171
157.55.39.50 - - [25/Nov/2014:04:31:56 -0500] "GET /BLA/resoluciones/RESOLUCIONES%202009/2939.pdf HTTP/1.1" 200 606246
157.55.39.197 - - [25/Nov/2014:04:32:03 -0500] "GET /BLA/resoluciones/AUTOS%202009/2554.pdf HTTP/1.1" 200 100333
157.55.39.50 - - [25/Nov/2014:04:32:10 -0500] "GET /BLA/resoluciones/AUTOS%202009/1058.pdf HTTP/1.1" 200 108828
207.46.13.28 - - [25/Nov/2014:04:32:21 -0500] "GET /BLA/resoluciones/RESOLUCIONES%202010/0932.pdf HTTP/1.1" 200 106808
66.249.65.119 - - [25/Nov/2014:04:32:22 -0500] "GET /BLA/resoluciones/RESOLUCIONES%202013/2550.pdf HTTP/1.1" 200 371606
157.55.39.102 - - [25/Nov/2014:04:32:26 -0500] "GET /BLA/resoluciones/AUTOS%202009/2581.pdf HTTP/1.1" 200 90417
157.55.39.102 - - [25/Nov/2014:04:32:27 -0500] "GET /BLA/resoluciones/AUTOS%202010/0968.pdf HTTP/1.1" 200 295786
157.55.39.102 - - [25/Nov/2014:04:32:28 -0500] "GET /BLA/resoluciones/RESOLUCIONES%202008/0946.pdf HTTP/1.1" 200 327363
157.55.39.197 - - [25/Nov/2014:04:32:31 -0500] "GET /bla/resoluciones/resoluciones%202010/5417.pdf HTTP/1.1" 200 748074
157.55.39.50 - - [25/Nov/2014:04:32:36 -0500] "GET /bla/resoluciones/resoluciones%202009/0073.pdf HTTP/1.1" 200 604845
186.82.60.157 - - [25/Nov/2014:04:32:37 -0500] "GET /galeria/carrusel/Carrusel/jquery.thumbnailScroller.css HTTP/1.1" 200 2066
186.82.60.157 - - [25/Nov/2014:04:32:37 -0500] "GET /galeria/carrusel/Carrusel/jquery-ui-1.8.13.custom.min.js HTTP/1.1" 200 10800
186.82.60.157 - - [25/Nov/2014:04:32:37 -0500] "GET /galeria/carrusel/Carrusel/jquery.thumbnailScroller.js HTTP/1.1" 200 8157
186.82.60.157 - - [25/Nov/2014:04:32:37 -0500] "GET /galeria/nivo-slider/demo/demo.html HTTP/1.1" 200 3432
186.82.60.157 - - [25/Nov/2014:04:32:38 -0500] "GET /galeria/nivo-slider/themes/default/default.css HTTP/1.1" 200 1569
186.82.60.157 - - [25/Nov/2014:04:32:38 -0500] "GET /galeria/nivo-slider/themes/pascal/pascal.css HTTP/1.1" 200 2258
186.82.60.157 - - [25/Nov/2014:04:32:38 -0500] "GET /galeria/nivo-slider/themes/orman/orman.css HTTP/1.1" 200 2152
186.82.60.157 - - [25/Nov/2014:04:32:38 -0500] "GET /galeria/nivo-slider/nivo-slider.css HTTP/1.1" 200 1507
186.82.60.157 - - [25/Nov/2014:04:32:38 -0500] "GET /galeria/nivo-slider/demo/style.css HTTP/1.1" 200 2222
186.82.60.157 - - [25/Nov/2014:04:32:38 -0500] "GET /galeria/nivo-slider/demo/scripts/jquery-1.7.1.min.js HTTP/1.1" 200 93868
186.82.60.157 - - [25/Nov/2014:04:32:38 -0500] "GET /galeria/nivo-slider/jquery.nivo.slider.pack.js HTTP/1.1" 200 11561
186.82.60.157 - - [25/Nov/2014:04:32:38 -0500] "GET /galeria/nivo-slider/demo/images/Banner-comparendo.jpg HTTP/1.1" 200 388762
186.82.60.157 - - [25/Nov/2014:04:32:38 -0500] "GET /galeria/nivo-slider/demo/images/banner-pygaai.jpg HTTP/1.1" 200 82693
186.82.60.157 - - [25/Nov/2014:04:32:38 -0500] "GET /galeria/nivo-slider/demo/images/Biotaxis-Man.jpg HTTP/1.1" 200 99362
186.82.60.157 - - [25/Nov/2014:04:32:38 -0500] "GET /galeria/nivo-slider/demo/images/Banner-Ecourbanismo.jpg HTTP/1.1" 200 189838
186.82.60.157 - - [25/Nov/2014:04:32:38 -0500] "GET /galeria/nivo-slider/demo/images/porloshumedales.jpg HTTP/1.1" 200 351238
186.82.60.157 - - [25/Nov/2014:04:32:38 -0500] "GET /galeria/nivo-slider/demo/images/Tingua-azul.jpg HTTP/1.1" 200 307638
186.82.60.157 - - [25/Nov/2014:04:32:39 -0500] "GET /galeria/nivo-slider/demo/images/Banner-Caracol-Africano.jpg HTTP/1.1" 200 331986
186.82.60.157 - - [25/Nov/2014:04:32:39 -0500] "GET /galeria/nivo-slider/demo/images/banner-redes.jpg HTTP/1.1" 200 62209
186.82.60.157 - - [25/Nov/2014:04:32:39 -0500] "GET /galeria/nivo-slider/demo/images/9Signos.jpg HTTP/1.1" 200 93040
186.82.60.157 - - [25/Nov/2014:04:32:39 -0500] "GET /galeria/nivo-slider/demo/images/banner-caballos.png HTTP/1.1" 200 389106
186.82.60.157 - - [25/Nov/2014:04:32:40 -0500] "GET /galeria/nivo-slider/demo/images/Hacienda_Molinos.jpg HTTP/1.1" 200 319171
186.82.60.157 - - [25/Nov/2014:04:32:40 -0500] "GET /galeria/nivo-slider/demo/images/bannerEcolecta3.jpg HTTP/1.1" 200 280034
186.82.60.157 - - [25/Nov/2014:04:32:40 -0500] "GET /galeria/nivo-slider/demo/images/4Simple_Slider.png HTTP/1.1" 200 11722
186.82.60.157 - - [25/Nov/2014:04:32:40 -0500] "GET /galeria/nivo-slider/themes/default/loading.gif HTTP/1.1" 200 1737
186.82.60.157 - - [25/Nov/2014:04:32:41 -0500] "GET /galeria/nivo-slider/themes/default/bullets.png HTTP/1.1" 200 1281
186.82.60.157 - - [25/Nov/2014:04:32:41 -0500] "GET /galeria/nivo-slider/themes/default/arrows.png HTTP/1.1" 200 824
186.82.60.157 - - [25/Nov/2014:04:32:42 -0500] "GET /videos/Spot_CambioClimatico.flv HTTP/1.1" 200 4371917
157.55.39.102 - - [25/Nov/2014:04:32:53 -0500] "GET /bla/resoluciones/resoluciones%202009/1510.pdf HTTP/1.1" 200 432870
157.55.39.197 - - [25/Nov/2014:04:32:56 -0500] "GET /BLA/resoluciones/AUTOS%202010/6060.pdf HTTP/1.1" 200 493458
157.55.39.49 - - [25/Nov/2014:04:33:02 -0500] "GET /BLA/resoluciones/RESOLUCIONES%202010/1247.pdf HTTP/1.1" 200 106814
157.55.39.49 - - [25/Nov/2014:04:33:02 -0500] "GET /BLA/resoluciones/RESOLUCIONES%202010/1220.pdf HTTP/1.1" 200 110112
157.55.39.197 - - [25/Nov/2014:04:33:06 -0500] "GET /BLA/resoluciones/RESOLUCIONES%202009/1554.pdf HTTP/1.1" 200 720991
207.46.13.28 - - [25/Nov/2014:04:33:11 -0500] "GET /BLA/resoluciones/RESOLUCIONES%202009/3499.pdf HTTP/1.1" 200 681284
207.46.13.28 - - [25/Nov/2014:04:33:11 -0500] "GET /BLA/resoluciones/RESOLUCIONES%202010/1723.pdf HTTP/1.1" 200 409426
66.249.65.123 - - [25/Nov/2014:04:33:29 -0500] "GET /BLA/resoluciones/AUTOS%202011/4340.pdf HTTP/1.1" 200 290721
157.55.39.50 - - [25/Nov/2014:04:33:29 -0500] "GET /BLA/resoluciones/RESOLUCIONES%202009/0046.pdf HTTP/1.1" 200 249984
157.55.39.50 - - [25/Nov/2014:04:33:40 -0500] "GET /bla/resoluciones/resoluciones%202009/7926.pdf HTTP/1.1" 200 432757
157.55.39.50 - - [25/Nov/2014:04:33:41 -0500] "GET /BLA/resoluciones/RESOLUCIONES%202010/1301.pdf HTTP/1.1" 200 96891
157.55.39.50 - - [25/Nov/2014:04:33:46 -0500] "GET /BLA/resoluciones/AUTOS%202009/2077.pdf HTTP/1.1" 200 98985
188.165.15.36 - - [25/Nov/2014:04:33:50 -0500] "GET /BLA/resoluciones/RESOLUCIONES%202002/RES%202002%201551-1600/20021565.tif HTTP/1.1" 200 142834
157.55.39.197 - - [25/Nov/2014:04:33:50 -0500] "-" 408 -
157.55.39.197 - - [25/Nov/2014:04:33:51 -0500] "GET /BLA/resoluciones/Resoluciones%202011/2947.pdf HTTP/1.1" 200 585884
66.249.67.83 - - [25/Nov/2014:04:33:58 -0500] "GET /BLA/resoluciones/RESOLUCIONES%202002/RES%202002%20101-150/2002RES145.tif HTTP/1.1" 200 40306
157.55.39.197 - - [25/Nov/2014:04:34:01 -0500] "GET /BLA/resoluciones/RESOLUCIONES%202009/4091.pdf HTTP/1.1" 200 715297
180.76.6.153 - - [25/Nov/2014:04:34:01 -0500] "GET /BLA/resoluciones/RESOLUCIONES%202010/0924.pdf HTTP/1.1" 200 99875
157.55.39.102 - - [25/Nov/2014:04:34:14 -0500] "GET /BLA/resoluciones/RESOLUCIONES%202012/0676.pdf HTTP/1.1" 200 1397011
157.55.39.50 - - [25/Nov/2014:04:34:31 -0500] "GET /BLA/resoluciones/AUTOS%202011/1521.pdf HTTP/1.1" 200 198753
66.249.65.119 - - [25/Nov/2014:04:34:35 -0500] "GET /BLA/resoluciones/index.php?dir=RESOLUCIONES+2007%2FRES+2007+4001+AL+4100%2F HTTP/1.1" 200 26864
157.55.39.50 - - [25/Nov/2014:04:34:40 -0500] "GET /BLA/resoluciones/Resoluciones%202011/0082.pdf HTTP/1.1" 200 362500
157.55.39.197 - - [25/Nov/2014:04:34:44 -0500] "GET /BLA/resoluciones/AUTOS%202011/1272.pdf HTTP/1.1" 200 195891
157.55.39.197 - - [25/Nov/2014:04:34:44 -0500] "GET /bla/resoluciones/RESOLUCIONES%202011/3677.pdf HTTP/1.1" 200 548592
180.76.6.17 - - [25/Nov/2014:04:34:48 -0500] "GET /BLA/resoluciones/RESOLUCIONES%202007/RES%202007%202801%20AL%202900/RESOLUCION%202837%20DE%202007.pdf HTTP/1.1" 200 247438
207.46.13.28 - - [25/Nov/2014:04:34:49 -0500] "GET /bla/resoluciones/resoluciones%202009/7678.pdf HTTP/1.1" 200 495965
207.46.13.28 - - [25/Nov/2014:04:34:50 -0500] "GET /BLA/resoluciones/AUTOS%202010/5366.pdf HTTP/1.1" 200 1019678
207.46.13.28 - - [25/Nov/2014:04:34:50 -0500] "GET /BLA/resoluciones/AUTOS%202009/0555.pdf HTTP/1.1" 200 126140
157.55.39.102 - - [25/Nov/2014:04:35:05 -0500] "GET /BLA/resoluciones/AUTOS%202009/3445.pdf HTTP/1.1" 200 97078
157.55.39.102 - - [25/Nov/2014:04:35:05 -0500] "GET /BLA/resoluciones/AUTOS%202009/1694.pdf HTTP/1.1" 200 123202
207.46.13.28 - - [25/Nov/2014:04:35:22 -0500] "GET /BLA/resoluciones/RESOLUCIONES%202010/0910.pdf HTTP/1.1" 200 95103
207.46.13.28 - - [25/Nov/2014:04:35:22 -0500] "GET /bla/resoluciones/resoluciones%202010/6700.pdf HTTP/1.1" 200 43319
207.46.13.28 - - [25/Nov/2014:04:35:23 -0500] "GET /bla/resoluciones/autos%202010/5468.pdf HTTP/1.1" 200 152655
207.46.13.28 - - [25/Nov/2014:04:35:23 -0500] "GET /BLA/resoluciones/AUTOS%202009/1670.pdf HTTP/1.1" 200 124774
207.46.13.28 - - [25/Nov/2014:04:35:25 -0500] "GET /BLA/resoluciones/RESOLUCIONES%202008/1107.pdf HTTP/1.1" 200 546552
74.86.158.107 - - [25/Nov/2014:04:35:34 -0500] "HEAD / HTTP/1.1" 302 -
157.55.39.197 - - [25/Nov/2014:04:35:36 -0500] "GET /bla/resoluciones/resoluciones%202009/8331.pdf HTTP/1.1" 200 462654
157.55.39.197 - - [25/Nov/2014:04:35:37 -0500] "GET /bla/resoluciones/RESOLUCIONES%202011/2381.pdf HTTP/1.1" 200 2127167
157.55.39.50 - - [25/Nov/2014:04:35:37 -0500] "GET /bla/resoluciones/resoluciones%202010/7242.pdf HTTP/1.1" 200 473936
157.55.39.50 - - [25/Nov/2014:04:35:38 -0500] "GET /BLA/resoluciones/RESOLUCIONES%202009/3008.pdf HTTP/1.1" 200 612116
157.55.39.50 - - [25/Nov/2014:04:35:38 -0500] "GET /BLA/resoluciones/RESOLUCIONES%202007/RES%202007%20801%20AL%20900/RESOLUCION%200854%20DE%202007.pdf HTTP/1.1" 200 1245085
157.55.39.50 - - [25/Nov/2014:04:35:39 -0500] "GET /bla/resoluciones/resoluciones%202010/6143.pdf HTTP/1.1" 200 690504
157.55.39.50 - - [25/Nov/2014:04:35:39 -0500] "GET /BLA/resoluciones/RESOLUCIONES%202010/0846.pdf HTTP/1.1" 200 108764
157.55.39.197 - - [25/Nov/2014:04:35:41 -0500] "GET /BLA/resoluciones/RESOLUCIONES%202010/0560.pdf HTTP/1.1" 200 94091
66.249.65.115 - - [25/Nov/2014:04:35:41 -0500] "GET /BLA/resoluciones/RESOLUCIONES%202010/6820.pdf HTTP/1.1" 200 670241
207.46.13.28 - - [25/Nov/2014:04:35:45 -0500] "GET /BLA/resoluciones/AUTOS%202009/2943.pdf HTTP/1.1" 200 151438
207.46.13.28 - - [25/Nov/2014:04:36:04 -0500] "GET /bla/resoluciones/resoluciones%202009/4692.pdf HTTP/1.1" 200 117264
207.46.13.28 - - [25/Nov/2014:04:36:04 -0500] "GET /BLA/resoluciones/RESOLUCIONES%202009/2071.pdf HTTP/1.1" 200 509297
157.55.39.197 - - [25/Nov/2014:04:36:05 -0500] "GET /bla/resoluciones/resoluciones%202009/2413.pdf HTTP/1.1" 200 407181
157.55.39.197 - - [25/Nov/2014:04:36:05 -0500] "GET /BLA/resoluciones/RESOLUCIONES%202009/1832.pdf HTTP/1.1" 200 455014
157.55.39.50 - - [25/Nov/2014:04:36:09 -0500] "GET /BLA/resoluciones/RESOLUCIONES%202008/2159.pdf HTTP/1.1" 200 288219
157.55.39.102 - - [25/Nov/2014:04:36:17 -0500] "GET /BLA/resoluciones/AUTOS%202010/5598.pdf HTTP/1.1" 200 176061
157.55.39.102 - - [25/Nov/2014:04:36:17 -0500] "GET /bla/resoluciones/resoluciones%202010/7279.pdf HTTP/1.1" 200 2942013
157.55.39.102 - - [25/Nov/2014:04:36:18 -0500] "GET /bla/resoluciones/resoluciones%202009/3765.pdf HTTP/1.1" 200 54392
157.55.39.102 - - [25/Nov/2014:04:36:18 -0500] "GET /BLA/resoluciones/RESOLUCIONES%202009/3750.pdf HTTP/1.1" 200 762996
157.55.39.102 - - [25/Nov/2014:04:36:32 -0500] "GET /BLA/resoluciones/Resoluciones%202011/3518.pdf HTTP/1.1" 200 480771
157.55.39.197 - - [25/Nov/2014:04:36:43 -0500] "GET /BLA/resoluciones/RESOLUCIONES%202010/0437.pdf HTTP/1.1" 200 552134
157.55.39.197 - - [25/Nov/2014:04:36:44 -0500] "GET /BLA/resoluciones/AUTOS%202010/6439.pdf HTTP/1.1" 200 155883
157.55.39.50 - - [25/Nov/2014:04:36:48 -0500] "GET /BLA/resoluciones/RESOLUCIONES%202008/2013.pdf HTTP/1.1" 200 253616
66.249.65.115 - - [25/Nov/2014:04:36:48 -0500] "GET /BLA/resoluciones/RESOLUCIONES%202013/0270.pdf HTTP/1.1" 200 2282924
66.249.65.119 - - [25/Nov/2014:04:37:07 -0500] "GET /BLA/resoluciones/AUTOS%202006/AUTOS%202006%201801-%201900/00001870.tif HTTP/1.1" 200 228748
207.46.13.28 - - [25/Nov/2014:04:37:07 -0500] "GET /BLA/resoluciones/AUTOS%202011/0019.pdf HTTP/1.1" 200 177002
218.30.103.61 - - [25/Nov/2014:04:37:15 -0500] "GET /robots.txt HTTP/1.1" 404 1018
157.55.39.50 - - [25/Nov/2014:04:37:16 -0500] "GET /BLA/resoluciones/RESOLUCIONES%202008/0435.pdf HTTP/1.1" 200 255092
157.55.39.50 - - [25/Nov/2014:04:37:17 -0500] "GET /BLA/resoluciones/RESOLUCIONES%202009/3860.pdf HTTP/1.1" 200 1287621
157.55.39.197 - - [25/Nov/2014:04:37:20 -0500] "GET /BLA/resoluciones/RESOLUCIONES%202008/1407.pdf HTTP/1.1" 200 208958
157.55.39.197 - - [25/Nov/2014:04:37:21 -0500] "GET /BLA/resoluciones/AUTOS%202011/3341.pdf HTTP/1.1" 200 273021
157.55.39.50 - - [25/Nov/2014:04:37:25 -0500] "GET /BLA/resoluciones/RESOLUCIONES%202008/1170.pdf HTTP/1.1" 200 255465
157.55.39.50 - - [25/Nov/2014:04:37:26 -0500] "GET /bla/resoluciones/RESOLUCIONES%202011/2163.pdf HTTP/1.1" 200 560891
218.30.103.61 - - [25/Nov/2014:04:37:27 -0500] "GET /resoluciones/RESOLUCIONES%202009/0072.pdf HTTP/1.1" 404 1018
157.55.39.197 - - [25/Nov/2014:04:37:34 -0500] "GET /BLA/resoluciones/Resoluciones%202011/0048.pdf HTTP/1.1" 200 280854
157.55.39.50 - - [25/Nov/2014:04:37:38 -0500] "GET /BLA/resoluciones/RESOLUCIONES%202009/6809.pdf HTTP/1.1" 200 610233
157.55.39.102 - - [25/Nov/2014:04:37:42 -0500] "GET /bla/resoluciones/RESOLUCIONES%202011/0432.pdf HTTP/1.1" 200 70969
157.55.39.102 - - [25/Nov/2014:04:37:43 -0500] "GET /bla/resoluciones/resoluciones%202009/0643.pdf HTTP/1.1" 200 123824
157.55.39.102 - - [25/Nov/2014:04:37:43 -0500] "GET /bla/resoluciones/resoluciones%202009/2123.pdf HTTP/1.1" 200 506083
157.55.39.102 - - [25/Nov/2014:04:37:43 -0500] "GET /BLA/resoluciones/RESOLUCIONES%202008/1785.pdf HTTP/1.1" 200 273782
218.30.103.61 - - [25/Nov/2014:04:37:52 -0500] "GET /resoluciones/RESOLUCIONES%202009/0136.pdf HTTP/1.1" 404 1018
157.55.39.197 - - [25/Nov/2014:04:37:53 -0500] "GET /bla/resoluciones/RESOLUCIONES%202011/2155.pdf HTTP/1.1" 200 511225
157.55.39.197 - - [25/Nov/2014:04:37:53 -0500] "GET /bla/resoluciones/RESOLUCIONES%202011/2041.pdf HTTP/1.1" 200 773038
157.55.39.197 - - [25/Nov/2014:04:37:54 -0500] "GET /bla/resoluciones/resoluciones%202009/3443.pdf HTTP/1.1" 200 312677
66.249.65.123 - - [25/Nov/2014:04:37:54 -0500] "GET /BLA/resoluciones/AUTOS%202013/3385.pdf HTTP/1.1" 200 1221399
207.46.13.28 - - [25/Nov/2014:04:37:57 -0500] "GET /BLA/resoluciones/AUTOS%202011/2207.pdf HTTP/1.1" 200 118037
157.55.39.49 - - [25/Nov/2014:04:38:02 -0500] "GET /BLA/resoluciones/RESOLUCIONES%202009/2049.pdf HTTP/1.1" 200 729290
157.55.39.49 - - [25/Nov/2014:04:38:15 -0500] "GET /BLA/resoluciones/AUTOS%202009/1774.pdf HTTP/1.1" 200 97577
218.30.103.61 - - [25/Nov/2014:04:38:17 -0500] "GET /silvicultura/6.pdf HTTP/1.1" 404 1018
157.55.39.197 - - [25/Nov/2014:04:38:18 -0500] "GET /BLA/resoluciones/AUTOS%202011/4827.pdf HTTP/1.1" 200 236191
157.55.39.197 - - [25/Nov/2014:04:38:18 -0500] "GET /BLA/resoluciones/RESOLUCIONES%202008/2977.pdf HTTP/1.1" 200 255721
207.46.13.28 - - [25/Nov/2014:04:38:33 -0500] "GET /bla/resoluciones/resoluciones%202009/9042.pdf HTTP/1.1" 200 522697
207.46.13.28 - - [25/Nov/2014:04:38:35 -0500] "GET /bla/resoluciones/resoluciones%202009/8465.pdf HTTP/1.1" 200 49230
157.55.39.102 - - [25/Nov/2014:04:38:37 -0500] "GET /BLA/resoluciones/AUTOS%202011/0259.pdf HTTP/1.1" 200 250774
157.55.39.102 - - [25/Nov/2014:04:38:37 -0500] "GET /BLA/resoluciones/AUTOS%202009/2246.pdf HTTP/1.1" 200 120947
157.55.39.102 - - [25/Nov/2014:04:38:38 -0500] "GET /BLA/resoluciones/AUTOS%202011/1964.pdf HTTP/1.1" 200 148161
157.55.39.102 - - [25/Nov/2014:04:38:41 -0500] "GET /bla/resoluciones/resoluciones%202009/9597.pdf HTTP/1.1" 200 416914
157.55.39.197 - - [25/Nov/2014:04:38:51 -0500] "GET /bla/resoluciones/autos%202010/1444.pdf HTTP/1.1" 200 190875
157.55.39.197 - - [25/Nov/2014:04:38:52 -0500] "GET /BLA/resoluciones/Resoluciones%202011/3243.pdf HTTP/1.1" 200 439676
157.55.39.197 - - [25/Nov/2014:04:38:52 -0500] "GET /BLA/resoluciones/RESOLUCIONES%202008/2938.pdf HTTP/1.1" 200 197953
157.55.39.197 - - [25/Nov/2014:04:38:53 -0500] "GET /BLA/resoluciones/AUTOS%202010/1118.pdf HTTP/1.1" 200 200419
207.46.13.28 - - [25/Nov/2014:04:38:56 -0500] "GET /bla/resoluciones/autos%202010/6620.pdf HTTP/1.1" 200 154911
66.249.65.123 - - [25/Nov/2014:04:39:00 -0500] "GET /BLA/resoluciones/RESOLUCIONES%202010/2132.pdf HTTP/1.1" 200 681466
157.55.39.49 - - [25/Nov/2014:04:39:01 -0500] "GET /BLA/resoluciones/RESOLUCIONES%202008/0953.pdf HTTP/1.1" 200 293944
157.55.39.197 - - [25/Nov/2014:04:39:05 -0500] "GET /BLA/resoluciones/RESOLUCIONES%202009/7096.pdf HTTP/1.1" 200 624719
157.55.39.50 - - [25/Nov/2014:04:39:12 -0500] "GET /BLA/resoluciones/RESOLUCIONES%202009/0021.pdf HTTP/1.1" 200 218200
157.55.39.50 - - [25/Nov/2014:04:39:12 -0500] "GET /bla/resoluciones/resoluciones%202009/0030.pdf HTTP/1.1" 200 426565
157.55.39.197 - - [25/Nov/2014:04:39:16 -0500] "GET /BLA/resoluciones/AUTOS%202010/4535.pdf HTTP/1.1" 200 159417
157.55.39.50 - - [25/Nov/2014:04:39:23 -0500] "GET /BLA/resoluciones/AUTOS%202011/1281.pdf HTTP/1.1" 200 159609
157.55.39.50 - - [25/Nov/2014:04:39:23 -0500] "GET /BLA/resoluciones/AUTOS%202009/2315.pdf HTTP/1.1" 200 198349
218.30.103.61 - - [25/Nov/2014:04:38:46 -0500] "GET /BLA/boletinlegal/index.php HTTP/1.1" 200 49381
157.55.39.102 - - [25/Nov/2014:04:39:31 -0500] "GET /BLA/resoluciones/Resoluciones%202011/1871.pdf HTTP/1.1" 200 513315
157.55.39.197 - - [25/Nov/2014:04:39:42 -0500] "GET /BLA/resoluciones/AUTOS%202010/6562.pdf HTTP/1.1" 200 135954
66.249.65.123 - - [25/Nov/2014:04:40:07 -0500] "GET /BLA/resoluciones/RESOLUCIONES%202008/3299.pdf HTTP/1.1" 200 248422
157.55.39.102 - - [25/Nov/2014:04:40:23 -0500] "GET /BLA/resoluciones/RESOLUCIONES%202009/7401.pdf HTTP/1.1" 200 701237
157.55.39.102 - - [25/Nov/2014:04:40:25 -0500] "GET /bla/resoluciones/resoluciones%202009/7737.pdf HTTP/1.1" 200 557380
186.29.195.131 - - [25/Nov/2014:04:40:25 -0500] "GET /BLA/boletinlegal/js/jquery.js HTTP/1.1" 200 57254
186.29.195.131 - - [25/Nov/2014:04:40:25 -0500] "GET /galeria/carrusel/Carrusel/jquery.thumbnailScroller.css HTTP/1.1" 200 2066
186.29.195.131 - - [25/Nov/2014:04:40:25 -0500] "GET /BLA/boletinlegal/js/jquery.scrollShow.js HTTP/1.1" 200 4586
186.29.195.131 - - [25/Nov/2014:04:40:25 -0500] "GET /galeria/carrusel/Carrusel/jquery-ui-1.8.13.custom.min.js HTTP/1.1" 200 10800
157.55.39.102 - - [25/Nov/2014:04:40:25 -0500] "GET /bla/resoluciones/resoluciones%202009/2155.pdf HTTP/1.1" 200 561679
186.29.195.131 - - [25/Nov/2014:04:40:25 -0500] "GET /galeria/carrusel/Carrusel/jquery.thumbnailScroller.js HTTP/1.1" 200 8157
157.55.39.102 - - [25/Nov/2014:04:40:26 -0500] "GET /bla/resoluciones/resoluciones%202009/2272.pdf HTTP/1.1" 200 448376
186.29.195.131 - - [25/Nov/2014:04:40:28 -0500] "GET /BLA/boletinlegal/js/jquery.scrollTo-min.js HTTP/1.1" 200 1150
186.29.195.131 - - [25/Nov/2014:04:40:29 -0500] "GET /galeria/nivo-slider/demo/demo.html HTTP/1.1" 200 3432
207.46.13.28 - - [25/Nov/2014:04:40:30 -0500] "GET /bla/resoluciones/resoluciones%202009/8139.pdf HTTP/1.1" 200 490519
186.29.195.131 - - [25/Nov/2014:04:40:30 -0500] "GET /galeria/nivo-slider/themes/default/default.css HTTP/1.1" 200 1569
186.29.195.131 - - [25/Nov/2014:04:40:30 -0500] "GET /galeria/nivo-slider/themes/pascal/pascal.css HTTP/1.1" 200 2258
186.29.195.131 - - [25/Nov/2014:04:40:30 -0500] "GET /galeria/nivo-slider/themes/orman/orman.css HTTP/1.1" 200 2152
186.29.195.131 - - [25/Nov/2014:04:40:30 -0500] "GET /galeria/nivo-slider/nivo-slider.css HTTP/1.1" 200 1507
186.29.195.131 - - [25/Nov/2014:04:40:30 -0500] "GET /galeria/nivo-slider/demo/style.css HTTP/1.1" 200 2222
186.29.195.131 - - [25/Nov/2014:04:40:30 -0500] "GET /galeria/nivo-slider/demo/scripts/jquery-1.7.1.min.js HTTP/1.1" 200 93868
186.29.195.131 - - [25/Nov/2014:04:40:31 -0500] "GET /galeria/nivo-slider/jquery.nivo.slider.pack.js HTTP/1.1" 200 11561
186.29.195.131 - - [25/Nov/2014:04:40:31 -0500] "GET /galeria/nivo-slider/demo/images/Banner-comparendo.jpg HTTP/1.1" 200 388762
186.29.195.131 - - [25/Nov/2014:04:40:31 -0500] "GET /galeria/nivo-slider/demo/images/Banner-Ecourbanismo.jpg HTTP/1.1" 200 189838
186.29.195.131 - - [25/Nov/2014:04:40:31 -0500] "GET /galeria/nivo-slider/demo/images/banner-pygaai.jpg HTTP/1.1" 200 82693
