66.249.65.115 - - [30/Nov/2014:13:24:40 -0500] "GET /BLA/resoluciones/Notificaciones/AUTOS%202014/2000.doc HTTP/1.1" 304 -
190.26.187.219 - - [30/Nov/2014:13:24:44 -0500] "POST /forms/lservlet;jsessionid=ac16012b30d533aa0af39f8e4389b08a89a8e9251ddf.e3iSbxaKaheRe34Sa3yKbhiTahb0n6jAmljGr5XDqQLvpAe HTTP/1.1" 200 197
190.26.187.219 - - [30/Nov/2014:13:24:44 -0500] "POST /forms/lservlet;jsessionid=ac16012b30d533aa0af39f8e4389b08a89a8e9251ddf.e3iSbxaKaheRe34Sa3yKbhiTahb0n6jAmljGr5XDqQLvpAe HTTP/1.1" 200 8
190.26.187.219 - - [30/Nov/2014:13:24:44 -0500] "POST /forms/lservlet;jsessionid=ac16012b30d533aa0af39f8e4389b08a89a8e9251ddf.e3iSbxaKaheRe34Sa3yKbhiTahb0n6jAmljGr5XDqQLvpAe HTTP/1.1" 200 2
190.26.187.219 - - [30/Nov/2014:13:24:45 -0500] "POST /forms/lservlet;jsessionid=ac16012b30d533aa0af39f8e4389b08a89a8e9251ddf.e3iSbxaKaheRe34Sa3yKbhiTahb0n6jAmljGr5XDqQLvpAe HTTP/1.1" 200 63
190.26.187.219 - - [30/Nov/2014:13:25:08 -0500] "POST /forms/lservlet;jsessionid=ac16012b30d533aa0af39f8e4389b08a89a8e9251ddf.e3iSbxaKaheRe34Sa3yKbhiTahb0n6jAmljGr5XDqQLvpAe HTTP/1.1" 200 312
66.249.65.119 - - [30/Nov/2014:13:25:08 -0500] "GET /BLA/resoluciones/AUTOS%202011/0677.pdf HTTP/1.1" 304 -
190.26.187.219 - - [30/Nov/2014:13:25:09 -0500] "POST /forms/lservlet;jsessionid=ac16012b30d533aa0af39f8e4389b08a89a8e9251ddf.e3iSbxaKaheRe34Sa3yKbhiTahb0n6jAmljGr5XDqQLvpAe HTTP/1.1" 200 276
190.26.187.219 - - [30/Nov/2014:13:25:09 -0500] "POST /forms/lservlet;jsessionid=ac16012b30d533aa0af39f8e4389b08a89a8e9251ddf.e3iSbxaKaheRe34Sa3yKbhiTahb0n6jAmljGr5XDqQLvpAe HTTP/1.1" 200 352
190.26.187.219 - - [30/Nov/2014:13:25:12 -0500] "POST /forms/lservlet;jsessionid=ac16012b30d533aa0af39f8e4389b08a89a8e9251ddf.e3iSbxaKaheRe34Sa3yKbhiTahb0n6jAmljGr5XDqQLvpAe HTTP/1.1" 200 222
190.26.187.219 - - [30/Nov/2014:13:25:12 -0500] "POST /forms/lservlet;jsessionid=ac16012b30d533aa0af39f8e4389b08a89a8e9251ddf.e3iSbxaKaheRe34Sa3yKbhiTahb0n6jAmljGr5XDqQLvpAe HTTP/1.1" 200 8
190.26.187.219 - - [30/Nov/2014:13:25:12 -0500] "POST /forms/lservlet;jsessionid=ac16012b30d533aa0af39f8e4389b08a89a8e9251ddf.e3iSbxaKaheRe34Sa3yKbhiTahb0n6jAmljGr5XDqQLvpAe HTTP/1.1" 200 2
190.26.187.219 - - [30/Nov/2014:13:25:13 -0500] "POST /forms/lservlet;jsessionid=ac16012b30d533aa0af39f8e4389b08a89a8e9251ddf.e3iSbxaKaheRe34Sa3yKbhiTahb0n6jAmljGr5XDqQLvpAe HTTP/1.1" 200 64
190.156.73.84 - - [30/Nov/2014:13:25:17 -0500] "GET /BLA/boletinlegal/js/jquery.js HTTP/1.1" 200 57254
190.156.73.84 - - [30/Nov/2014:13:25:17 -0500] "GET /BLA/boletinlegal/js/jquery.scrollTo-min.js HTTP/1.1" 200 1150
190.156.73.84 - - [30/Nov/2014:13:25:17 -0500] "GET /BLA/boletinlegal/js/jquery.scrollShow.js HTTP/1.1" 200 4586
190.26.187.219 - - [30/Nov/2014:13:25:30 -0500] "POST /forms/lservlet;jsessionid=ac16012b30d533aa0af39f8e4389b08a89a8e9251ddf.e3iSbxaKaheRe34Sa3yKbhiTahb0n6jAmljGr5XDqQLvpAe HTTP/1.1" 200 219
190.26.187.219 - - [30/Nov/2014:13:25:31 -0500] "POST /forms/lservlet;jsessionid=ac16012b30d533aa0af39f8e4389b08a89a8e9251ddf.e3iSbxaKaheRe34Sa3yKbhiTahb0n6jAmljGr5XDqQLvpAe HTTP/1.1" 200 8
190.26.187.219 - - [30/Nov/2014:13:25:31 -0500] "POST /forms/lservlet;jsessionid=ac16012b30d533aa0af39f8e4389b08a89a8e9251ddf.e3iSbxaKaheRe34Sa3yKbhiTahb0n6jAmljGr5XDqQLvpAe HTTP/1.1" 200 2
190.26.187.219 - - [30/Nov/2014:13:25:31 -0500] "POST /forms/lservlet;jsessionid=ac16012b30d533aa0af39f8e4389b08a89a8e9251ddf.e3iSbxaKaheRe34Sa3yKbhiTahb0n6jAmljGr5XDqQLvpAe HTTP/1.1" 200 2
190.26.187.219 - - [30/Nov/2014:13:25:32 -0500] "POST /forms/lservlet;jsessionid=ac16012b30d533aa0af39f8e4389b08a89a8e9251ddf.e3iSbxaKaheRe34Sa3yKbhiTahb0n6jAmljGr5XDqQLvpAe HTTP/1.1" 200 64
66.249.65.123 - - [30/Nov/2014:13:25:36 -0500] "GET /BLA/resoluciones/AUTOS%202011/4098.pdf HTTP/1.1" 304 -
190.26.187.219 - - [30/Nov/2014:13:25:45 -0500] "POST /forms/lservlet;jsessionid=ac16012b30d533aa0af39f8e4389b08a89a8e9251ddf.e3iSbxaKaheRe34Sa3yKbhiTahb0n6jAmljGr5XDqQLvpAe HTTP/1.1" 200 148
190.26.187.219 - - [30/Nov/2014:13:25:45 -0500] "POST /forms/lservlet;jsessionid=ac16012b30d533aa0af39f8e4389b08a89a8e9251ddf.e3iSbxaKaheRe34Sa3yKbhiTahb0n6jAmljGr5XDqQLvpAe HTTP/1.1" 200 8
190.26.187.219 - - [30/Nov/2014:13:25:45 -0500] "POST /forms/lservlet;jsessionid=ac16012b30d533aa0af39f8e4389b08a89a8e9251ddf.e3iSbxaKaheRe34Sa3yKbhiTahb0n6jAmljGr5XDqQLvpAe HTTP/1.1" 200 2
190.26.187.219 - - [30/Nov/2014:13:25:46 -0500] "POST /forms/lservlet;jsessionid=ac16012b30d533aa0af39f8e4389b08a89a8e9251ddf.e3iSbxaKaheRe34Sa3yKbhiTahb0n6jAmljGr5XDqQLvpAe HTTP/1.1" 200 64
190.26.187.219 - - [30/Nov/2014:13:26:02 -0500] "POST /forms/lservlet;jsessionid=ac16012b30d533aa0af39f8e4389b08a89a8e9251ddf.e3iSbxaKaheRe34Sa3yKbhiTahb0n6jAmljGr5XDqQLvpAe HTTP/1.1" 200 119
66.249.65.115 - - [30/Nov/2014:13:26:04 -0500] "GET /BLA/resoluciones/RESOLUCIONES%202007/RES%202007%202901%20AL%203000/RESOLUCION%202903%20DE%202007.pdf HTTP/1.1" 304 -
190.26.187.219 - - [30/Nov/2014:13:26:05 -0500] "POST /forms/lservlet;jsessionid=ac16012b30d533aa0af39f8e4389b08a89a8e9251ddf.e3iSbxaKaheRe34Sa3yKbhiTahb0n6jAmljGr5XDqQLvpAe HTTP/1.1" 200 176
190.26.187.219 - - [30/Nov/2014:13:26:06 -0500] "POST /forms/lservlet;jsessionid=ac16012b30d533aa0af39f8e4389b08a89a8e9251ddf.e3iSbxaKaheRe34Sa3yKbhiTahb0n6jAmljGr5XDqQLvpAe HTTP/1.1" 200 98
190.26.187.219 - - [30/Nov/2014:13:26:08 -0500] "POST /forms/lservlet;jsessionid=ac16012b30d533aa0af39f8e4389b08a89a8e9251ddf.e3iSbxaKaheRe34Sa3yKbhiTahb0n6jAmljGr5XDqQLvpAe HTTP/1.1" 200 2
190.26.187.219 - - [30/Nov/2014:13:26:08 -0500] "POST /forms/lservlet;jsessionid=ac16012b30d533aa0af39f8e4389b08a89a8e9251ddf.e3iSbxaKaheRe34Sa3yKbhiTahb0n6jAmljGr5XDqQLvpAe HTTP/1.1" 200 2396
190.26.187.219 - - [30/Nov/2014:13:26:08 -0500] "POST /forms/lservlet;jsessionid=ac16012b30d533aa0af39f8e4389b08a89a8e9251ddf.e3iSbxaKaheRe34Sa3yKbhiTahb0n6jAmljGr5XDqQLvpAe HTTP/1.1" 200 2
190.26.187.219 - - [30/Nov/2014:13:26:10 -0500] "POST /forms/lservlet;jsessionid=ac16012b30d533aa0af39f8e4389b08a89a8e9251ddf.e3iSbxaKaheRe34Sa3yKbhiTahb0n6jAmljGr5XDqQLvpAe HTTP/1.1" 200 95
190.26.187.219 - - [30/Nov/2014:13:26:10 -0500] "POST /forms/lservlet;jsessionid=ac16012b30d533aa0af39f8e4389b08a89a8e9251ddf.e3iSbxaKaheRe34Sa3yKbhiTahb0n6jAmljGr5XDqQLvpAe HTTP/1.1" 200 8
190.26.187.219 - - [30/Nov/2014:13:26:10 -0500] "POST /forms/lservlet;jsessionid=ac16012b30d533aa0af39f8e4389b08a89a8e9251ddf.e3iSbxaKaheRe34Sa3yKbhiTahb0n6jAmljGr5XDqQLvpAe HTTP/1.1" 200 2
190.26.187.219 - - [30/Nov/2014:13:26:12 -0500] "POST /forms/lservlet;jsessionid=ac16012b30d533aa0af39f8e4389b08a89a8e9251ddf.e3iSbxaKaheRe34Sa3yKbhiTahb0n6jAmljGr5XDqQLvpAe HTTP/1.1" 200 63
180.76.6.134 - - [30/Nov/2014:13:26:19 -0500] "GET /BLA/boletinlegal/Circulares/2012/Circular%20No.%2016%20del%2022%20de%20octubre%20de%202012.pdf HTTP/1.1" 200 381186
190.26.187.219 - - [30/Nov/2014:13:26:27 -0500] "POST /forms/lservlet;jsessionid=ac16012b30d533aa0af39f8e4389b08a89a8e9251ddf.e3iSbxaKaheRe34Sa3yKbhiTahb0n6jAmljGr5XDqQLvpAe HTTP/1.1" 200 201
190.26.187.219 - - [30/Nov/2014:13:26:27 -0500] "POST /forms/lservlet;jsessionid=ac16012b30d533aa0af39f8e4389b08a89a8e9251ddf.e3iSbxaKaheRe34Sa3yKbhiTahb0n6jAmljGr5XDqQLvpAe HTTP/1.1" 200 8
190.26.187.219 - - [30/Nov/2014:13:26:27 -0500] "POST /forms/lservlet;jsessionid=ac16012b30d533aa0af39f8e4389b08a89a8e9251ddf.e3iSbxaKaheRe34Sa3yKbhiTahb0n6jAmljGr5XDqQLvpAe HTTP/1.1" 200 2
190.26.187.219 - - [30/Nov/2014:13:26:27 -0500] "POST /forms/lservlet;jsessionid=ac16012b30d533aa0af39f8e4389b08a89a8e9251ddf.e3iSbxaKaheRe34Sa3yKbhiTahb0n6jAmljGr5XDqQLvpAe HTTP/1.1" 200 63
66.249.65.115 - - [30/Nov/2014:13:26:33 -0500] "GET /BLA/resoluciones/RESOLUCIONES%202012/1281.pdf HTTP/1.1" 200 1105786
181.50.241.109 - - [30/Nov/2014:13:26:33 -0500] "POST /forms/lservlet;jsessionid=ac16012b30d5f682009d5f7842a48dd7955190f32559.e3iSbxaKaheRe34Sa3yKbhiTahb0n6jAmljGr5XDqQLvpAe HTTP/1.1" 200 2
186.85.51.194 - - [30/Nov/2014:13:26:40 -0500] "GET /forest/session.jsp?a=0.12813211395405233 HTTP/1.1" 200 5
186.85.51.194 - - [30/Nov/2014:13:26:41 -0500] "POST /forest/actions/workplace.getReparto?a=0.3833824866451323 HTTP/1.1" 200 -
186.85.51.194 - - [30/Nov/2014:13:26:41 -0500] "GET /forest/login.jsp?a=0.48501606564968824 HTTP/1.1" 200 2996
186.85.51.194 - - [30/Nov/2014:13:26:43 -0500] "POST /forest/actions/manager.login?group_system_actual=3 HTTP/1.1" 200 14
186.85.51.194 - - [30/Nov/2014:13:26:43 -0500] "GET /forest/session.jsp?a=0.8018692366313189 HTTP/1.1" 200 4
190.26.187.219 - - [30/Nov/2014:13:26:48 -0500] "POST /forms/lservlet;jsessionid=ac16012b30d533aa0af39f8e4389b08a89a8e9251ddf.e3iSbxaKaheRe34Sa3yKbhiTahb0n6jAmljGr5XDqQLvpAe HTTP/1.1" 200 118
190.26.187.219 - - [30/Nov/2014:13:26:49 -0500] "POST /forms/lservlet;jsessionid=ac16012b30d533aa0af39f8e4389b08a89a8e9251ddf.e3iSbxaKaheRe34Sa3yKbhiTahb0n6jAmljGr5XDqQLvpAe HTTP/1.1" 200 94
74.86.158.107 - - [30/Nov/2014:13:26:50 -0500] "HEAD / HTTP/1.1" 302 -
190.26.187.219 - - [30/Nov/2014:13:26:50 -0500] "POST /forms/lservlet;jsessionid=ac16012b30d533aa0af39f8e4389b08a89a8e9251ddf.e3iSbxaKaheRe34Sa3yKbhiTahb0n6jAmljGr5XDqQLvpAe HTTP/1.1" 200 78
190.26.187.219 - - [30/Nov/2014:13:26:51 -0500] "POST /forms/lservlet;jsessionid=ac16012b30d533aa0af39f8e4389b08a89a8e9251ddf.e3iSbxaKaheRe34Sa3yKbhiTahb0n6jAmljGr5XDqQLvpAe HTTP/1.1" 200 2
190.26.187.219 - - [30/Nov/2014:13:26:51 -0500] "POST /forms/lservlet;jsessionid=ac16012b30d533aa0af39f8e4389b08a89a8e9251ddf.e3iSbxaKaheRe34Sa3yKbhiTahb0n6jAmljGr5XDqQLvpAe HTTP/1.1" 200 4009
190.26.187.219 - - [30/Nov/2014:13:26:52 -0500] "POST /forms/lservlet;jsessionid=ac16012b30d533aa0af39f8e4389b08a89a8e9251ddf.e3iSbxaKaheRe34Sa3yKbhiTahb0n6jAmljGr5XDqQLvpAe HTTP/1.1" 200 2
190.26.187.219 - - [30/Nov/2014:13:26:54 -0500] "POST /forms/lservlet;jsessionid=ac16012b30d533aa0af39f8e4389b08a89a8e9251ddf.e3iSbxaKaheRe34Sa3yKbhiTahb0n6jAmljGr5XDqQLvpAe HTTP/1.1" 200 95
190.26.187.219 - - [30/Nov/2014:13:26:54 -0500] "POST /forms/lservlet;jsessionid=ac16012b30d533aa0af39f8e4389b08a89a8e9251ddf.e3iSbxaKaheRe34Sa3yKbhiTahb0n6jAmljGr5XDqQLvpAe HTTP/1.1" 200 8
190.26.187.219 - - [30/Nov/2014:13:26:54 -0500] "POST /forms/lservlet;jsessionid=ac16012b30d533aa0af39f8e4389b08a89a8e9251ddf.e3iSbxaKaheRe34Sa3yKbhiTahb0n6jAmljGr5XDqQLvpAe HTTP/1.1" 200 2
190.26.187.219 - - [30/Nov/2014:13:26:55 -0500] "POST /forms/lservlet;jsessionid=ac16012b30d533aa0af39f8e4389b08a89a8e9251ddf.e3iSbxaKaheRe34Sa3yKbhiTahb0n6jAmljGr5XDqQLvpAe HTTP/1.1" 200 63
188.165.15.87 - - [30/Nov/2014:13:26:59 -0500] "GET /BLA/resoluciones/RESOLUCIONES%202006/RES%202006%20201-250/00000245.tif HTTP/1.1" 200 120012
66.249.65.123 - - [30/Nov/2014:13:27:01 -0500] "GET /BLA/resoluciones/AUTOS%202007/0253.pdf HTTP/1.1" 304 -
180.76.6.64 - - [30/Nov/2014:13:27:06 -0500] "GET /BLA/resoluciones/RESOLUCIONES%202008/2104.pdf HTTP/1.1" 200 118664
186.85.51.194 - - [30/Nov/2014:13:27:02 -0500] "GET /forest/index2.jsp?_a=0.6075048127677292 HTTP/1.1" 200 87866
186.85.51.194 - - [30/Nov/2014:13:27:07 -0500] "GET /forest/session.jsp?a=0.8397976458072662 HTTP/1.1" 200 4
100.43.85.25 - - [30/Nov/2014:13:27:22 -0500] "GET /StormSDA/user.jpg HTTP/1.1" 200 1726
66.249.65.123 - - [30/Nov/2014:13:27:29 -0500] "GET /BLA/resoluciones/AUTOS%202013/1118.pdf HTTP/1.1" 304 -
190.26.187.219 - - [30/Nov/2014:13:27:31 -0500] "POST /forms/lservlet;jsessionid=ac16012b30d533aa0af39f8e4389b08a89a8e9251ddf.e3iSbxaKaheRe34Sa3yKbhiTahb0n6jAmljGr5XDqQLvpAe HTTP/1.1" 200 2
190.26.187.219 - - [30/Nov/2014:13:27:44 -0500] "POST /forms/lservlet;jsessionid=ac16012b30d533aa0af39f8e4389b08a89a8e9251ddf.e3iSbxaKaheRe34Sa3yKbhiTahb0n6jAmljGr5XDqQLvpAe HTTP/1.1" 200 118
190.26.187.219 - - [30/Nov/2014:13:27:46 -0500] "POST /forms/lservlet;jsessionid=ac16012b30d533aa0af39f8e4389b08a89a8e9251ddf.e3iSbxaKaheRe34Sa3yKbhiTahb0n6jAmljGr5XDqQLvpAe HTTP/1.1" 200 94
190.26.187.219 - - [30/Nov/2014:13:27:47 -0500] "POST /forms/lservlet;jsessionid=ac16012b30d533aa0af39f8e4389b08a89a8e9251ddf.e3iSbxaKaheRe34Sa3yKbhiTahb0n6jAmljGr5XDqQLvpAe HTTP/1.1" 200 78
191.102.72.39 - - [30/Nov/2014:13:27:54 -0500] "GET /BLA/boletinlegal/js/jquery.js HTTP/1.1" 200 57254
191.102.72.39 - - [30/Nov/2014:13:27:54 -0500] "GET /BLA/boletinlegal/js/jquery.scrollTo-min.js HTTP/1.1" 200 1150
191.102.72.39 - - [30/Nov/2014:13:27:54 -0500] "GET /BLA/boletinlegal/js/jquery.scrollShow.js HTTP/1.1" 200 4586
66.249.65.115 - - [30/Nov/2014:13:27:57 -0500] "GET /BLA/resoluciones/RESOLUCIONES%202007/RES%202007%20201%20AL%20300/RESOLUCION%200234%20DE%202007.pdf HTTP/1.1" 200 340022
191.67.170.100 - - [30/Nov/2014:13:28:18 -0500] "GET /BLA/boletinlegal/js/jquery.js HTTP/1.1" 200 57254
191.67.170.100 - - [30/Nov/2014:13:28:18 -0500] "GET /BLA/boletinlegal/js/jquery.scrollTo-min.js HTTP/1.1" 200 1150
191.67.170.100 - - [30/Nov/2014:13:28:18 -0500] "GET /BLA/boletinlegal/js/jquery.scrollShow.js HTTP/1.1" 200 4586
66.249.65.115 - - [30/Nov/2014:13:28:25 -0500] "GET /BLA/resoluciones/AUTOS%202009/0719.pdf HTTP/1.1" 304 -
181.50.241.109 - - [30/Nov/2014:13:28:33 -0500] "POST /forms/lservlet;jsessionid=ac16012b30d5f682009d5f7842a48dd7955190f32559.e3iSbxaKaheRe34Sa3yKbhiTahb0n6jAmljGr5XDqQLvpAe HTTP/1.1" 200 2
66.249.65.115 - - [30/Nov/2014:13:28:53 -0500] "GET /BLA/resoluciones/AUTOS%202011/3084.pdf HTTP/1.1" 304 -
188.165.15.110 - - [30/Nov/2014:13:29:17 -0500] "GET /BLA/resoluciones/RESOLUCIONES%202002/RES%202002%201501-1550/20021521.tif HTTP/1.1" 200 94074
66.249.65.119 - - [30/Nov/2014:13:29:21 -0500] "GET /BLA/resoluciones/RESOLUCIONES%202010/3998.pdf HTTP/1.1" 200 528372
190.26.187.219 - - [30/Nov/2014:13:29:31 -0500] "POST /forms/lservlet;jsessionid=ac16012b30d533aa0af39f8e4389b08a89a8e9251ddf.e3iSbxaKaheRe34Sa3yKbhiTahb0n6jAmljGr5XDqQLvpAe HTTP/1.1" 200 2
66.249.65.119 - - [30/Nov/2014:13:29:49 -0500] "GET /BLA/resoluciones/AUTOS%202013/1069.pdf HTTP/1.1" 200 401560
66.249.65.115 - - [30/Nov/2014:13:30:18 -0500] "GET /BLA/resoluciones/AUTOS%202011/4353.pdf HTTP/1.1" 304 -
181.50.241.109 - - [30/Nov/2014:13:30:33 -0500] "POST /forms/lservlet;jsessionid=ac16012b30d5f682009d5f7842a48dd7955190f32559.e3iSbxaKaheRe34Sa3yKbhiTahb0n6jAmljGr5XDqQLvpAe HTTP/1.1" 200 2
188.165.15.239 - - [30/Nov/2014:13:30:35 -0500] "GET /BLA/resoluciones/RESOLUCIONES%202005/RES%202005%201351-1400/00001365.tif HTTP/1.1" 200 147644
66.249.65.119 - - [30/Nov/2014:13:30:46 -0500] "GET /BLA/resoluciones/RESOLUCIONES%202007/RES%202007%20301%20AL%20400/RESOLUCION%200346%20DE%202007.pdf HTTP/1.1" 304 -
66.249.65.119 - - [30/Nov/2014:13:31:14 -0500] "GET /BLA/resoluciones/RESOLUCIONES%202013/2399.pdf HTTP/1.1" 200 576183
190.26.187.219 - - [30/Nov/2014:13:31:32 -0500] "POST /forms/lservlet;jsessionid=ac16012b30d533aa0af39f8e4389b08a89a8e9251ddf.e3iSbxaKaheRe34Sa3yKbhiTahb0n6jAmljGr5XDqQLvpAe HTTP/1.1" 200 2
181.53.30.117 - - [30/Nov/2014:13:31:34 -0500] "GET /BLA/boletinlegal/js/jquery.js HTTP/1.1" 200 57254
181.53.30.117 - - [30/Nov/2014:13:31:34 -0500] "GET /BLA/boletinlegal/js/jquery.scrollTo-min.js HTTP/1.1" 200 1150
181.53.30.117 - - [30/Nov/2014:13:31:34 -0500] "GET /BLA/boletinlegal/js/jquery.scrollShow.js HTTP/1.1" 200 4586
66.249.65.115 - - [30/Nov/2014:13:31:42 -0500] "GET /BLA/resoluciones/RESOLUCIONES%202007/RES%202007%204101%20AL%204200/RESOLUCION%204102%20DE%202007.pdf HTTP/1.1" 304 -
181.54.200.27 - - [30/Nov/2014:13:31:43 -0500] "GET /galeria/mapa/3MapaBogot%C3%A1.jpg HTTP/1.1" 200 688183
74.86.158.107 - - [30/Nov/2014:13:31:50 -0500] "HEAD / HTTP/1.1" 302 -
66.249.65.119 - - [30/Nov/2014:13:31:56 -0500] "GET /BLA/boletinlegal/styles2.css HTTP/1.1" 200 1838
66.249.65.115 - - [30/Nov/2014:13:31:57 -0500] "GET /BLA/boletinlegal/style.css HTTP/1.1" 200 9406
66.249.65.119 - - [30/Nov/2014:13:32:10 -0500] "GET /BLA/resoluciones/RESOLUCIONES%202007/RES%202007%201501%20AL%201600/RESOLUCION%201592%20DE%202007.pdf HTTP/1.1" 304 -
190.26.187.219 - - [30/Nov/2014:13:32:14 -0500] "POST /forms/lservlet;jsessionid=ac16012b30d533aa0af39f8e4389b08a89a8e9251ddf.e3iSbxaKaheRe34Sa3yKbhiTahb0n6jAmljGr5XDqQLvpAe HTTP/1.1" 200 222
190.26.187.219 - - [30/Nov/2014:13:32:14 -0500] "POST /forms/lservlet;jsessionid=ac16012b30d533aa0af39f8e4389b08a89a8e9251ddf.e3iSbxaKaheRe34Sa3yKbhiTahb0n6jAmljGr5XDqQLvpAe HTTP/1.1" 200 8
190.26.187.219 - - [30/Nov/2014:13:32:15 -0500] "POST /forms/lservlet;jsessionid=ac16012b30d533aa0af39f8e4389b08a89a8e9251ddf.e3iSbxaKaheRe34Sa3yKbhiTahb0n6jAmljGr5XDqQLvpAe HTTP/1.1" 200 2
190.26.187.219 - - [30/Nov/2014:13:32:15 -0500] "POST /forms/lservlet;jsessionid=ac16012b30d533aa0af39f8e4389b08a89a8e9251ddf.e3iSbxaKaheRe34Sa3yKbhiTahb0n6jAmljGr5XDqQLvpAe HTTP/1.1" 200 63
181.50.241.109 - - [30/Nov/2014:13:32:33 -0500] "POST /forms/lservlet;jsessionid=ac16012b30d5f682009d5f7842a48dd7955190f32559.e3iSbxaKaheRe34Sa3yKbhiTahb0n6jAmljGr5XDqQLvpAe HTTP/1.1" 200 2
181.54.46.135 - - [30/Nov/2014:13:32:36 -0500] "GET /BLA/boletinlegal/js/jquery.js HTTP/1.1" 200 57254
181.54.46.135 - - [30/Nov/2014:13:32:36 -0500] "GET /BLA/boletinlegal/js/jquery.scrollTo-min.js HTTP/1.1" 200 1150
181.54.46.135 - - [30/Nov/2014:13:32:36 -0500] "GET /BLA/boletinlegal/js/jquery.scrollShow.js HTTP/1.1" 200 4586
66.249.65.123 - - [30/Nov/2014:13:32:38 -0500] "GET /BLA/resoluciones/RESOLUCIONES%202007/RES%202007%201%20AL%20100/RESOLUCION%200024%20DE%202007.pdf HTTP/1.1" 200 143390
190.26.187.219 - - [30/Nov/2014:13:32:39 -0500] "POST /forms/lservlet;jsessionid=ac16012b30d533aa0af39f8e4389b08a89a8e9251ddf.e3iSbxaKaheRe34Sa3yKbhiTahb0n6jAmljGr5XDqQLvpAe HTTP/1.1" 200 2
190.26.187.219 - - [30/Nov/2014:13:32:39 -0500] "POST /forms/lservlet;jsessionid=ac16012b30d533aa0af39f8e4389b08a89a8e9251ddf.e3iSbxaKaheRe34Sa3yKbhiTahb0n6jAmljGr5XDqQLvpAe HTTP/1.1" 200 14
190.26.187.219 - - [30/Nov/2014:13:32:41 -0500] "POST /forms/lservlet;jsessionid=ac16012b30d533aa0af39f8e4389b08a89a8e9251ddf.e3iSbxaKaheRe34Sa3yKbhiTahb0n6jAmljGr5XDqQLvpAe HTTP/1.1" 200 14
190.26.187.219 - - [30/Nov/2014:13:32:42 -0500] "POST /forms/lservlet;jsessionid=ac16012b30d533aa0af39f8e4389b08a89a8e9251ddf.e3iSbxaKaheRe34Sa3yKbhiTahb0n6jAmljGr5XDqQLvpAe HTTP/1.1" 200 14
190.26.187.219 - - [30/Nov/2014:13:32:44 -0500] "POST /forms/lservlet;jsessionid=ac16012b30d533aa0af39f8e4389b08a89a8e9251ddf.e3iSbxaKaheRe34Sa3yKbhiTahb0n6jAmljGr5XDqQLvpAe HTTP/1.1" 200 14
200.106.204.192 - - [30/Nov/2014:13:32:45 -0500] "GET /galeria/carrusel/Carrusel/jquery.thumbnailScroller.js HTTP/1.1" 200 8157
200.106.204.192 - - [30/Nov/2014:13:32:45 -0500] "GET /galeria/carrusel/Carrusel/jquery-ui-1.8.13.custom.min.js HTTP/1.1" 200 10800
200.106.204.192 - - [30/Nov/2014:13:32:45 -0500] "GET /BLA/boletinlegal/js/jquery.scrollTo-min.js HTTP/1.1" 200 1150
200.106.204.192 - - [30/Nov/2014:13:32:45 -0500] "GET /galeria/carrusel/Carrusel/jquery.thumbnailScroller.css HTTP/1.1" 200 2066
200.106.204.192 - - [30/Nov/2014:13:32:45 -0500] "GET /BLA/boletinlegal/js/jquery.scrollShow.js HTTP/1.1" 200 4586
200.106.204.192 - - [30/Nov/2014:13:32:45 -0500] "GET /BLA/boletinlegal/js/jquery.js HTTP/1.1" 200 57254
190.26.187.219 - - [30/Nov/2014:13:32:46 -0500] "POST /forms/lservlet;jsessionid=ac16012b30d533aa0af39f8e4389b08a89a8e9251ddf.e3iSbxaKaheRe34Sa3yKbhiTahb0n6jAmljGr5XDqQLvpAe HTTP/1.1" 200 15
190.26.187.219 - - [30/Nov/2014:13:32:48 -0500] "POST /forms/lservlet;jsessionid=ac16012b30d533aa0af39f8e4389b08a89a8e9251ddf.e3iSbxaKaheRe34Sa3yKbhiTahb0n6jAmljGr5XDqQLvpAe HTTP/1.1" 200 15
200.106.204.192 - - [30/Nov/2014:13:32:50 -0500] "GET /galeria/nivo-slider/demo/demo.html HTTP/1.1" 200 3458
200.106.204.192 - - [30/Nov/2014:13:32:51 -0500] "GET /galeria/nivo-slider/demo/images/Banner-GAE3.jpg HTTP/1.1" 200 146354
200.106.204.192 - - [30/Nov/2014:13:32:52 -0500] "GET /galeria/nivo-slider/themes/orman/orman.css HTTP/1.1" 200 2152
200.106.204.192 - - [30/Nov/2014:13:32:52 -0500] "GET /galeria/nivo-slider/themes/default/default.css HTTP/1.1" 200 1569
200.106.204.192 - - [30/Nov/2014:13:32:52 -0500] "GET /galeria/nivo-slider/demo/style.css HTTP/1.1" 200 2222
200.106.204.192 - - [30/Nov/2014:13:32:52 -0500] "GET /galeria/nivo-slider/nivo-slider.css HTTP/1.1" 200 1507
200.106.204.192 - - [30/Nov/2014:13:32:52 -0500] "GET /galeria/nivo-slider/themes/pascal/pascal.css HTTP/1.1" 200 2258
200.106.204.192 - - [30/Nov/2014:13:32:52 -0500] "GET /galeria/nivo-slider/demo/scripts/jquery-1.7.1.min.js HTTP/1.1" 200 93868
200.106.204.192 - - [30/Nov/2014:13:32:52 -0500] "GET /galeria/nivo-slider/jquery.nivo.slider.pack.js HTTP/1.1" 200 11561
200.106.204.192 - - [30/Nov/2014:13:32:52 -0500] "GET /galeria/nivo-slider/demo/images/festivalBasura0.jpg HTTP/1.1" 200 96780
100.43.85.25 - - [30/Nov/2014:13:32:53 -0500] "GET /home/homea.gif HTTP/1.1" 404 1019
200.106.204.192 - - [30/Nov/2014:13:32:53 -0500] "GET /galeria/nivo-slider/demo/images/Banner-comparendo.jpg HTTP/1.1" 200 388762
190.26.187.219 - - [30/Nov/2014:13:32:53 -0500] "POST /forms/lservlet;jsessionid=ac16012b30d533aa0af39f8e4389b08a89a8e9251ddf.e3iSbxaKaheRe34Sa3yKbhiTahb0n6jAmljGr5XDqQLvpAe HTTP/1.1" 200 15
200.106.204.192 - - [30/Nov/2014:13:32:55 -0500] "GET /galeria/nivo-slider/demo/images/banner-pygaai.jpg HTTP/1.1" 200 82693
200.106.204.192 - - [30/Nov/2014:13:33:00 -0500] "GET /galeria/nivo-slider/demo/images/Biotaxis-Man.jpg HTTP/1.1" 200 99362
190.26.187.219 - - [30/Nov/2014:13:33:00 -0500] "POST /forms/lservlet;jsessionid=ac16012b30d533aa0af39f8e4389b08a89a8e9251ddf.e3iSbxaKaheRe34Sa3yKbhiTahb0n6jAmljGr5XDqQLvpAe HTTP/1.1" 200 114
190.26.187.219 - - [30/Nov/2014:13:33:00 -0500] "POST /forms/lservlet;jsessionid=ac16012b30d533aa0af39f8e4389b08a89a8e9251ddf.e3iSbxaKaheRe34Sa3yKbhiTahb0n6jAmljGr5XDqQLvpAe HTTP/1.1" 200 12
200.106.204.192 - - [30/Nov/2014:13:33:01 -0500] "GET /galeria/nivo-slider/demo/images/porloshumedales.jpg HTTP/1.1" 200 351238
200.106.204.192 - - [30/Nov/2014:13:33:06 -0500] "GET /galeria/nivo-slider/demo/images/Tingua-azul.jpg HTTP/1.1" 200 307638
66.249.65.119 - - [30/Nov/2014:13:33:06 -0500] "GET /BLA/resoluciones/AUTOS%202011/3663.pdf HTTP/1.1" 304 -
200.106.204.192 - - [30/Nov/2014:13:33:14 -0500] "GET /galeria/nivo-slider/demo/images/banner-redes.jpg HTTP/1.1" 200 62209
200.106.204.192 - - [30/Nov/2014:13:33:14 -0500] "GET /galeria/nivo-slider/demo/images/Banner-Caracol-Africano.jpg HTTP/1.1" 200 331986
200.106.204.192 - - [30/Nov/2014:13:33:14 -0500] "GET /galeria/nivo-slider/demo/images/9Signos.jpg HTTP/1.1" 200 93040
200.106.204.192 - - [30/Nov/2014:13:33:16 -0500] "GET /galeria/nivo-slider/demo/images/banner-caballos.png HTTP/1.1" 200 389106
200.106.204.192 - - [30/Nov/2014:13:33:22 -0500] "GET /galeria/nivo-slider/demo/images/Hacienda_Molinos.jpg HTTP/1.1" 200 319171
190.26.187.219 - - [30/Nov/2014:13:33:25 -0500] "POST /forms/lservlet;jsessionid=ac16012b30d533aa0af39f8e4389b08a89a8e9251ddf.e3iSbxaKaheRe34Sa3yKbhiTahb0n6jAmljGr5XDqQLvpAe HTTP/1.1" 200 2
200.106.204.192 - - [30/Nov/2014:13:33:25 -0500] "GET /galeria/nivo-slider/demo/images/bannerEcolecta3.jpg HTTP/1.1" 200 280034
200.106.204.192 - - [30/Nov/2014:13:33:26 -0500] "GET /galeria/nivo-slider/demo/images/4Simple_Slider.png HTTP/1.1" 200 11722
190.26.187.219 - - [30/Nov/2014:13:33:25 -0500] "POST /forms/lservlet;jsessionid=ac16012b30d533aa0af39f8e4389b08a89a8e9251ddf.e3iSbxaKaheRe34Sa3yKbhiTahb0n6jAmljGr5XDqQLvpAe HTTP/1.1" 200 14
200.106.204.192 - - [30/Nov/2014:13:33:26 -0500] "GET /galeria/nivo-slider/themes/default/loading.gif HTTP/1.1" 200 1737
190.26.187.219 - - [30/Nov/2014:13:33:27 -0500] "POST /forms/lservlet;jsessionid=ac16012b30d533aa0af39f8e4389b08a89a8e9251ddf.e3iSbxaKaheRe34Sa3yKbhiTahb0n6jAmljGr5XDqQLvpAe HTTP/1.1" 200 96
190.26.187.219 - - [30/Nov/2014:13:33:27 -0500] "POST /forms/lservlet;jsessionid=ac16012b30d533aa0af39f8e4389b08a89a8e9251ddf.e3iSbxaKaheRe34Sa3yKbhiTahb0n6jAmljGr5XDqQLvpAe HTTP/1.1" 200 7
190.26.187.219 - - [30/Nov/2014:13:33:27 -0500] "GET /reports/rwservlet/getjobid335611?server=rep_srvapsda HTTP/1.1" 200 79492
190.26.187.219 - - [30/Nov/2014:13:33:32 -0500] "POST /forms/lservlet;jsessionid=ac16012b30d533aa0af39f8e4389b08a89a8e9251ddf.e3iSbxaKaheRe34Sa3yKbhiTahb0n6jAmljGr5XDqQLvpAe HTTP/1.1" 200 2
66.249.65.119 - - [30/Nov/2014:13:33:34 -0500] "GET /BLA/resoluciones/RESOLUCIONES%202007/RES%202007%202201%20AL%202300/RESOLUCION%202213%20DE%202007.pdf HTTP/1.1" 200 1147672
200.106.204.192 - - [30/Nov/2014:13:33:35 -0500] "GET /videos/Spot_CambioClimatico.flv HTTP/1.1" 200 4371917
66.249.65.115 - - [30/Nov/2014:13:34:03 -0500] "GET /BLA/resoluciones/RESOLUCIONES%202009/2026.pdf HTTP/1.1" 304 -
190.27.15.49 - - [30/Nov/2014:13:34:08 -0500] "GET /BLA/boletinlegal/js/jquery.scrollTo-min.js HTTP/1.1" 200 1150
190.27.15.49 - - [30/Nov/2014:13:34:08 -0500] "GET /BLA/boletinlegal/js/jquery.scrollShow.js HTTP/1.1" 200 4586
190.27.15.49 - - [30/Nov/2014:13:34:08 -0500] "GET /galeria/carrusel/Carrusel/jquery-ui-1.8.13.custom.min.js HTTP/1.1" 200 10800
190.27.15.49 - - [30/Nov/2014:13:34:08 -0500] "GET /galeria/carrusel/Carrusel/jquery.thumbnailScroller.js HTTP/1.1" 200 8157
190.27.15.49 - - [30/Nov/2014:13:34:09 -0500] "GET /BLA/boletinlegal/js/jquery.js HTTP/1.1" 200 57254
190.27.15.49 - - [30/Nov/2014:13:34:09 -0500] "GET /galeria/carrusel/Carrusel/jquery.thumbnailScroller.css HTTP/1.1" 200 2066
190.27.15.49 - - [30/Nov/2014:13:34:09 -0500] "GET /galeria/nivo-slider/demo/demo.html HTTP/1.1" 200 3458
190.27.15.49 - - [30/Nov/2014:13:34:10 -0500] "GET /galeria/nivo-slider/themes/default/default.css HTTP/1.1" 200 1569
190.27.15.49 - - [30/Nov/2014:13:34:10 -0500] "GET /galeria/nivo-slider/themes/pascal/pascal.css HTTP/1.1" 200 2258
190.27.15.49 - - [30/Nov/2014:13:34:10 -0500] "GET /galeria/nivo-slider/themes/orman/orman.css HTTP/1.1" 200 2152
190.27.15.49 - - [30/Nov/2014:13:34:10 -0500] "GET /galeria/nivo-slider/nivo-slider.css HTTP/1.1" 200 1507
190.27.15.49 - - [30/Nov/2014:13:34:10 -0500] "GET /galeria/nivo-slider/demo/style.css HTTP/1.1" 200 2222
190.27.15.49 - - [30/Nov/2014:13:34:10 -0500] "GET /galeria/nivo-slider/demo/scripts/jquery-1.7.1.min.js HTTP/1.1" 200 93868
190.27.15.49 - - [30/Nov/2014:13:34:10 -0500] "GET /galeria/nivo-slider/jquery.nivo.slider.pack.js HTTP/1.1" 200 11561
190.27.15.49 - - [30/Nov/2014:13:34:10 -0500] "GET /galeria/nivo-slider/demo/images/4Simple_Slider.png HTTP/1.1" 200 11722
190.27.15.49 - - [30/Nov/2014:13:34:10 -0500] "GET /galeria/nivo-slider/themes/default/loading.gif HTTP/1.1" 200 1737
190.27.15.49 - - [30/Nov/2014:13:34:10 -0500] "GET /galeria/nivo-slider/demo/images/Banner-GAE3.jpg HTTP/1.1" 200 146354
190.27.15.49 - - [30/Nov/2014:13:34:10 -0500] "GET /galeria/nivo-slider/demo/images/festivalBasura0.jpg HTTP/1.1" 200 96780
190.27.15.49 - - [30/Nov/2014:13:34:10 -0500] "GET /galeria/nivo-slider/demo/images/Banner-comparendo.jpg HTTP/1.1" 200 388762
190.27.15.49 - - [30/Nov/2014:13:34:11 -0500] "GET /galeria/nivo-slider/demo/images/banner-pygaai.jpg HTTP/1.1" 200 82693
190.27.15.49 - - [30/Nov/2014:13:34:11 -0500] "GET /galeria/nivo-slider/demo/images/Biotaxis-Man.jpg HTTP/1.1" 200 99362
190.27.15.49 - - [30/Nov/2014:13:34:11 -0500] "GET /galeria/nivo-slider/demo/images/porloshumedales.jpg HTTP/1.1" 200 351238
190.27.15.49 - - [30/Nov/2014:13:34:12 -0500] "GET /galeria/nivo-slider/demo/images/Tingua-azul.jpg HTTP/1.1" 200 307638
190.27.15.49 - - [30/Nov/2014:13:34:12 -0500] "GET /galeria/nivo-slider/demo/images/Banner-Caracol-Africano.jpg HTTP/1.1" 200 331986
190.27.15.49 - - [30/Nov/2014:13:34:13 -0500] "GET /galeria/nivo-slider/demo/images/banner-redes.jpg HTTP/1.1" 200 62209
190.27.15.49 - - [30/Nov/2014:13:34:14 -0500] "GET /galeria/nivo-slider/demo/images/9Signos.jpg HTTP/1.1" 200 93040
190.27.15.49 - - [30/Nov/2014:13:34:15 -0500] "GET /galeria/nivo-slider/demo/images/banner-caballos.png HTTP/1.1" 200 389106
190.27.15.49 - - [30/Nov/2014:13:34:16 -0500] "GET /galeria/nivo-slider/demo/images/Hacienda_Molinos.jpg HTTP/1.1" 200 319171
190.27.15.49 - - [30/Nov/2014:13:34:16 -0500] "GET /galeria/nivo-slider/demo/images/bannerEcolecta3.jpg HTTP/1.1" 200 280034
190.27.15.49 - - [30/Nov/2014:13:34:17 -0500] "GET /videos/Spot_CambioClimatico.flv HTTP/1.1" 200 4371917
188.165.15.181 - - [30/Nov/2014:13:34:18 -0500] "GET /BLA/resoluciones/RESOLUCIONES%202004/RES%202004%201851-1900/00001896.tif HTTP/1.1" 200 233550
190.27.15.49 - - [30/Nov/2014:13:34:20 -0500] "GET /galeria/nivo-slider/themes/default/arrows.png HTTP/1.1" 200 824
190.27.15.49 - - [30/Nov/2014:13:34:20 -0500] "GET /galeria/nivo-slider/themes/default/bullets.png HTTP/1.1" 200 1281
66.249.65.119 - - [30/Nov/2014:13:34:31 -0500] "GET /BLA/resoluciones/RESOLUCIONES%202007/RES%202007%202501%20AL%202600/RESOLUCION%202557%20DE%202007.pdf HTTP/1.1" 304 -
181.50.241.109 - - [30/Nov/2014:13:34:33 -0500] "POST /forms/lservlet;jsessionid=ac16012b30d5f682009d5f7842a48dd7955190f32559.e3iSbxaKaheRe34Sa3yKbhiTahb0n6jAmljGr5XDqQLvpAe HTTP/1.1" 200 2
190.26.187.219 - - [30/Nov/2014:13:33:01 -0500] "GET /reports/rwservlet/getjobid335610?server=rep_srvapsda HTTP/1.1" 200 22956660
66.249.65.119 - - [30/Nov/2014:13:34:50 -0500] "GET /BLA/resoluciones/RESOLUCIONES%202010/2006.pdf HTTP/1.1" 200 334980
66.249.65.115 - - [30/Nov/2014:13:34:59 -0500] "GET /BLA/resoluciones/RESOLUCIONES%202007/RES%202007%201601%20AL%201725/RESOLUCION%201608%20DE%202007.pdf HTTP/1.1" 200 960043
190.156.154.220 - - [30/Nov/2014:13:35:16 -0500] "GET /isolucionsda/ HTTP/1.1" 200 739
190.156.154.220 - - [30/Nov/2014:13:35:18 -0500] "GET /favicon.ico HTTP/1.1" 200 7782
186.154.82.34 - - [30/Nov/2014:13:35:19 -0500] "GET /BLA/boletinlegal/js/jquery.js HTTP/1.1" 200 57254
186.154.82.34 - - [30/Nov/2014:13:35:19 -0500] "GET /BLA/boletinlegal/js/jquery.scrollTo-min.js HTTP/1.1" 200 1150
186.154.82.34 - - [30/Nov/2014:13:35:19 -0500] "GET /BLA/boletinlegal/js/jquery.scrollShow.js HTTP/1.1" 200 4586
190.156.154.220 - - [30/Nov/2014:13:35:25 -0500] "GET /isolucionsda/IdentificaUsuario.asp?Pagina1=FrameSetGeneral.asp& HTTP/1.1" 200 4997
190.156.154.220 - - [30/Nov/2014:13:35:25 -0500] "GET /isolucionsda/StyleSheet/StyleSheet.css HTTP/1.1" 200 22894
190.156.154.220 - - [30/Nov/2014:13:35:25 -0500] "GET /isolucionsda/g/Img_LogoIsoCabezote.jpg HTTP/1.1" 200 7960
190.156.154.220 - - [30/Nov/2014:13:35:25 -0500] "GET /isolucionsda/g/shim.gif HTTP/1.1" 200 43
190.156.154.220 - - [30/Nov/2014:13:35:25 -0500] "GET /isolucionsda/g/Img_DivBarraSup.jpg HTTP/1.1" 200 323
190.156.154.220 - - [30/Nov/2014:13:35:25 -0500] "GET /isolucionsda/g/Bgr_BarraSuperior.jpg HTTP/1.1" 200 419
66.249.65.115 - - [30/Nov/2014:13:35:27 -0500] "GET /BLA/resoluciones/RESOLUCIONES%202007/RES%202007%204101%20AL%204200/RESOLUCION%204135%20DE%202007.pdf HTTP/1.1" 200 325667
186.6.178.63 - - [30/Nov/2014:13:35:28 -0500] "GET /BLA/boletinlegal/js/jquery.js HTTP/1.1" 200 57254
186.6.178.63 - - [30/Nov/2014:13:35:28 -0500] "GET /BLA/boletinlegal/js/jquery.scrollTo-min.js HTTP/1.1" 200 1150
186.6.178.63 - - [30/Nov/2014:13:35:28 -0500] "GET /BLA/boletinlegal/js/jquery.scrollShow.js HTTP/1.1" 200 4586
190.156.154.220 - - [30/Nov/2014:13:35:29 -0500] "POST /isolucionsda/IdentificaUsuario.asp?Pagina1=FrameSetGeneral.asp& HTTP/1.1" 302 173
190.156.154.220 - - [30/Nov/2014:13:35:29 -0500] "GET /isolucionsda/FrameSetGeneral.asp?Pagina1=FrameSetGeneral.asp& HTTP/1.1" 200 6613
190.156.154.220 - - [30/Nov/2014:13:35:29 -0500] "GET /isolucionsda/BarraFavoritos.asp HTTP/1.1" 200 911
190.156.154.220 - - [30/Nov/2014:13:35:29 -0500] "GET /isolucionsda/g/Img_LogoIcono.jpg HTTP/1.1" 200 7870
190.156.154.220 - - [30/Nov/2014:13:35:29 -0500] "GET /isolucionsda/g/Bgr_BarraInferior.jpg HTTP/1.1" 200 398
190.156.154.220 - - [30/Nov/2014:13:35:29 -0500] "GET /isolucionsda/Encabezado.asp?Pagina1=FrameSetGeneral.asp&&Pagina=MagazinHome.asp HTTP/1.1" 200 15388
190.156.154.220 - - [30/Nov/2014:13:35:30 -0500] "GET /isolucionsda/g/Bot_Siguiente.jpg HTTP/1.1" 200 1727
190.156.154.220 - - [30/Nov/2014:13:35:30 -0500] "GET /isolucionsda/g/Bot_Anterior.jpg HTTP/1.1" 200 1797
190.156.154.220 - - [30/Nov/2014:13:35:30 -0500] "GET /isolucionsda/g/Bot_Home.jpg HTTP/1.1" 200 1936
190.156.154.220 - - [30/Nov/2014:13:35:30 -0500] "GET /isolucionsda/g/Bot_Ayuda.jpg HTTP/1.1" 200 1702
190.156.154.220 - - [30/Nov/2014:13:35:30 -0500] "GET /isolucionsda/g/Bot_Glosario.jpg HTTP/1.1" 200 1989
190.156.154.220 - - [30/Nov/2014:13:35:30 -0500] "GET /isolucionsda/g/Bot_Administrador.jpg HTTP/1.1" 200 1694
190.156.154.220 - - [30/Nov/2014:13:35:30 -0500] "GET /isolucionsda/g/Bot_Cerrar.jpg HTTP/1.1" 200 1944
190.156.154.220 - - [30/Nov/2014:13:35:30 -0500] "GET /isolucionsda/g/Img_DivVertBarraSup.jpg HTTP/1.1" 200 810
190.156.154.220 - - [30/Nov/2014:13:35:30 -0500] "GET /isolucionsda/g/Bot_Manual_ESP.jpg HTTP/1.1" 200 4512
190.156.154.220 - - [30/Nov/2014:13:35:30 -0500] "GET /isolucionsda/g/Bot_Procesos_ESP.jpg HTTP/1.1" 200 4441
190.156.154.220 - - [30/Nov/2014:13:35:30 -0500] "GET /isolucionsda/g/Bot_Documentos_ESP.jpg HTTP/1.1" 200 5825
190.156.154.220 - - [30/Nov/2014:13:35:30 -0500] "GET /isolucionsda/g/Bot_Indicadores_ESP.jpg HTTP/1.1" 200 5267
190.156.154.220 - - [30/Nov/2014:13:35:30 -0500] "GET /isolucionsda/g/Bot_Mejoramiento_ESP.jpg HTTP/1.1" 200 5904
190.156.154.220 - - [30/Nov/2014:13:35:30 -0500] "GET /isolucionsda/g/Bot_TareasOff_ESP.jpg HTTP/1.1" 200 3028
190.156.154.220 - - [30/Nov/2014:13:35:30 -0500] "GET /isolucionsda/g/Bot_ProveedoresOff_ESP.jpg HTTP/1.1" 200 3801
190.156.154.220 - - [30/Nov/2014:13:35:30 -0500] "GET /isolucionsda/g/Bot_TalentoOff_ESP.jpg HTTP/1.1" 200 3258
190.156.154.220 - - [30/Nov/2014:13:35:30 -0500] "GET /isolucionsda/g/Bot_CalibracionOff_ESP.jpg HTTP/1.1" 200 3850
190.156.154.220 - - [30/Nov/2014:13:35:30 -0500] "GET /isolucionsda/g/Bot_Riesgos_ESP.jpg HTTP/1.1" 200 4903
190.156.154.220 - - [30/Nov/2014:13:35:30 -0500] "GET /isolucionsda/g/Bot_Meci_ESP.jpg HTTP/1.1" 200 4380
190.156.154.220 - - [30/Nov/2014:13:35:30 -0500] "GET /isolucionsda/g/Bot_ClientesOff_ESP.jpg HTTP/1.1" 200 2917
190.156.154.220 - - [30/Nov/2014:13:35:30 -0500] "GET /isolucionsda/g/Bot_Ambiental_ESP.jpg HTTP/1.1" 200 5259
190.156.154.220 - - [30/Nov/2014:13:35:30 -0500] "GET /isolucionsda/g/Bot_SySOOff_ESP.jpg HTTP/1.1" 200 3270
190.156.154.220 - - [30/Nov/2014:13:35:30 -0500] "GET /isolucionsda/g/Bgr_BarraBotPrins.jpg HTTP/1.1" 200 944
190.156.154.220 - - [30/Nov/2014:13:35:29 -0500] "GET /isolucionsda/BarraTitulos.asp?Pagina1=FrameSetGeneral.asp&&Pagina=MagazinHome.asp HTTP/1.1" 200 6972
190.156.154.220 - - [30/Nov/2014:13:35:30 -0500] "GET /isolucionsda/Session.asp?Continue=1 HTTP/1.1" 200 6324
190.156.154.220 - - [30/Nov/2014:13:35:30 -0500] "GET /isolucionsda/g/Img_BarraCurva.jpg HTTP/1.1" 200 1826
190.156.154.220 - - [30/Nov/2014:13:35:30 -0500] "GET /isolucionsda/g/Bgr_BarraCurva.jpg HTTP/1.1" 200 374
190.156.154.220 - - [30/Nov/2014:13:35:30 -0500] "GET /isolucionsda/g/Bgr_BarraCurva2.jpg HTTP/1.1" 200 409
190.156.154.220 - - [30/Nov/2014:13:35:29 -0500] "GET /isolucionsda/MagazinHome.asp HTTP/1.1" 200 27531
190.156.154.220 - - [30/Nov/2014:13:35:30 -0500] "GET /isolucionsda/g/GifTransparente.gif HTTP/1.1" 200 51
190.156.154.220 - - [30/Nov/2014:13:35:30 -0500] "GET /isolucionsda/g/Bullet_PuntoAzul.gif HTTP/1.1" 200 75
190.156.154.220 - - [30/Nov/2014:13:35:30 -0500] "GET /isolucionsda/g/Bullet_FlechaAzul.gif HTTP/1.1" 200 72
190.156.154.220 - - [30/Nov/2014:13:35:30 -0500] "GET /isolucionsda/g/Bgr_BarraMediaHome.jpg HTTP/1.1" 200 446
190.156.154.220 - - [30/Nov/2014:13:35:30 -0500] "GET /isolucionsda/g/Img_LineaPunteada.gif HTTP/1.1" 200 123
190.156.154.220 - - [30/Nov/2014:13:35:30 -0500] "GET /isolucionsda/g/Bgr_TituloCabezote3.jpg HTTP/1.1" 200 841
190.156.154.220 - - [30/Nov/2014:13:35:30 -0500] "GET /isolucionsda/g/Bgr_Destacado3399CC.jpg HTTP/1.1" 404 5217
190.156.154.220 - - [30/Nov/2014:13:35:30 -0500] "GET /isolucionsda/TareasSFRedirect.asp HTTP/1.1" 302 195
190.156.154.220 - - [30/Nov/2014:13:35:30 -0500] "GET /isolucionsda/grafvinetas/logo%2030.jpg HTTP/1.1" 200 36055
190.26.187.219 - - [30/Nov/2014:13:35:32 -0500] "POST /forms/lservlet;jsessionid=ac16012b30d533aa0af39f8e4389b08a89a8e9251ddf.e3iSbxaKaheRe34Sa3yKbhiTahb0n6jAmljGr5XDqQLvpAe HTTP/1.1" 200 2
190.156.154.220 - - [30/Nov/2014:13:35:30 -0500] "GET /isolucionsda/Login.aspx?TARGET=SFContainerFiltrado.aspx&number=52495165575456534570 HTTP/1.1" 302 886
190.156.154.220 - - [30/Nov/2014:13:35:33 -0500] "GET /isolucionsda/SFContainerFiltrado.aspx?Number=52495165575456534570 HTTP/1.1" 200 14314
190.156.154.220 - - [30/Nov/2014:13:35:33 -0500] "GET /isolucionsda/g/Bgr_TituloCabezote3Avanzado.jpg HTTP/1.1" 200 745
190.156.154.220 - - [30/Nov/2014:13:35:33 -0500] "GET /isolucionsda/g/img_titulo_Tpendientes.jpg HTTP/1.1" 200 2433
190.156.154.220 - - [30/Nov/2014:13:35:33 -0500] "GET /isolucionsda/DetalleTareas.aspx?Number=52495165575456534570 HTTP/1.1" 200 5355
190.156.154.220 - - [30/Nov/2014:13:35:33 -0500] "GET /isolucionsda/auxlib.js HTTP/1.1" 404 5185
190.156.154.220 - - [30/Nov/2014:13:35:33 -0500] "GET /isolucionsda/infowndcore.js HTTP/1.1" 404 5195
190.156.154.220 - - [30/Nov/2014:13:35:33 -0500] "GET /isolucionsda/infowndpublic.js HTTP/1.1" 404 5199
190.156.154.220 - - [30/Nov/2014:13:35:33 -0500] "GET /isolucionsda/StyleSheet/StyleSheetSF.css HTTP/1.1" 200 7210
190.156.154.220 - - [30/Nov/2014:13:35:33 -0500] "GET /isolucionsda/infowndcore.js HTTP/1.1" 404 5195
190.156.154.220 - - [30/Nov/2014:13:35:33 -0500] "GET /isolucionsda/g/bt_rojo.jpg HTTP/1.1" 200 132
190.156.154.220 - - [30/Nov/2014:13:35:39 -0500] "GET /isolucionsda/g/Bot_SiguienteOver.jpg HTTP/1.1" 200 1668
190.156.154.220 - - [30/Nov/2014:13:35:39 -0500] "GET /isolucionsda/g/Bot_ManualOver_ESP.jpg HTTP/1.1" 200 4732
190.156.154.220 - - [30/Nov/2014:13:35:40 -0500] "GET /isolucionsda/g/Bot_ProcesosOver_ESP.jpg HTTP/1.1" 200 4659
190.156.154.220 - - [30/Nov/2014:13:35:40 -0500] "GET /isolucionsda/g/Bot_DocumentosOver_ESP.jpg HTTP/1.1" 200 5899
190.156.154.220 - - [30/Nov/2014:13:35:41 -0500] "GET /isolucionsda/FrameSetGeneral.asp?Pagina=Magazin.asp&Sigla=MAC&IdModulo=2 HTTP/1.1" 200 6625
190.156.154.220 - - [30/Nov/2014:13:35:41 -0500] "GET /isolucionsda/Encabezado.asp?Pagina=Magazin.asp&Sigla=MAC&IdModulo=2 HTTP/1.1" 200 15389
190.156.154.220 - - [30/Nov/2014:13:35:41 -0500] "GET /isolucionsda/BarraFavoritos.asp HTTP/1.1" 200 911
190.156.154.220 - - [30/Nov/2014:13:35:41 -0500] "GET /isolucionsda/BarraTitulos.asp?Pagina=Magazin.asp&Sigla=MAC&IdModulo=2 HTTP/1.1" 200 6989
190.156.154.220 - - [30/Nov/2014:13:35:41 -0500] "GET /isolucionsda/Magazin.asp?Pagina=Magazin.asp&Sigla=MAC&IdModulo=2 HTTP/1.1" 302 211
190.156.154.220 - - [30/Nov/2014:13:35:41 -0500] "GET /isolucionsda/Session.asp?Continue=1 HTTP/1.1" 200 6324
190.156.154.220 - - [30/Nov/2014:13:35:41 -0500] "GET /isolucionsda/SucursalSeleccion.asp?URLRedirect=magazin.asp?sigla=mac HTTP/1.1" 302 211
190.156.154.220 - - [30/Nov/2014:13:35:41 -0500] "GET /isolucionsda/SucursalSeleccion.asp?CodSucursal=1&URLRedirect=magazin.asp?sigla=mac&CargaPagina= HTTP/1.1" 302 177
190.156.154.220 - - [30/Nov/2014:13:35:41 -0500] "GET /isolucionsda/magazin.asp?sigla=mac HTTP/1.1" 200 10642
190.156.154.220 - - [30/Nov/2014:13:35:44 -0500] "GET /isolucionsda/FramesetArticulo.asp?Pagina=bancoconocimiento%2FM%2FMANUALDELSISTEMAINTEGRADODEGESTION%5Fv9%2FMANUALDELSISTEMAINTEGRADODEGESTION%5Fv9%2Easp&IdArticulo=7375&Codigo=&Fecha=&Version=&Procedimiento=&cliente= HTTP/1.1" 200 7477
190.156.154.220 - - [30/Nov/2014:13:35:44 -0500] "GET /isolucionsda/Arriba.asp?Pagina=bancoconocimiento%2FM%2FMANUALDELSISTEMAINTEGRADODEGESTION%5Fv9%2FMANUALDELSISTEMAINTEGRADODEGESTION%5Fv9%2Easp&IdArticulo=7375&Codigo=&Fecha=&Version=&Procedimiento=&cliente= HTTP/1.1" 200 10675
190.156.154.220 - - [30/Nov/2014:13:35:44 -0500] "GET /isolucionsda/StyleSheet.css HTTP/1.1" 200 4664
190.156.154.220 - - [30/Nov/2014:13:35:44 -0500] "GET /isolucionsda/g/icono_noconformidad.jpg HTTP/1.1" 200 1235
190.156.154.220 - - [30/Nov/2014:13:35:44 -0500] "GET /isolucionsda/g/icono_alerta.jpg HTTP/1.1" 200 1448
190.156.154.220 - - [30/Nov/2014:13:35:44 -0500] "GET /isolucionsda/g/vacio1x1.gif HTTP/1.1" 404 5195
190.156.154.220 - - [30/Nov/2014:13:35:44 -0500] "GET /isolucionsda/bancoconocimiento/M/MANUALDELSISTEMAINTEGRADODEGESTION_v9/MANUALDELSISTEMAINTEGRADODEGESTION_v9.asp?IdArticulo=7375 HTTP/1.1" 200 101414
190.156.154.220 - - [30/Nov/2014:13:35:45 -0500] "GET /isolucionsda/g/vacio1x1.gif HTTP/1.1" 404 5195
190.156.154.220 - - [30/Nov/2014:13:35:44 -0500] "GET /isolucionsda/bancoconocimiento/M/MANUALDELSISTEMAINTEGRADODEGESTION_v9/10.jpg HTTP/1.1" 200 43247
190.156.154.220 - - [30/Nov/2014:13:35:44 -0500] "GET /isolucionsda/grafvinetas/logo%20documento0.jpg HTTP/1.1" 200 36055
190.156.154.220 - - [30/Nov/2014:13:35:45 -0500] "GET /isolucionsda/bancoconocimiento/M/MANUALDELSISTEMAINTEGRADODEGESTION_v9/meci01.jpg HTTP/1.1" 200 66319
190.156.154.220 - - [30/Nov/2014:13:35:45 -0500] "GET /isolucionsda/bancoconocimiento/M/MANUALDELSISTEMAINTEGRADODEGESTION_v9/80.jpg HTTP/1.1" 200 17662
190.156.154.220 - - [30/Nov/2014:13:35:45 -0500] "GET /isolucionsda/bancoconocimiento/M/MANUALDELSISTEMAINTEGRADODEGESTION_v9/60.jpg HTTP/1.1" 200 64115
190.156.154.220 - - [30/Nov/2014:13:35:45 -0500] "GET /isolucionsda/bancoconocimiento/M/MANUALDELSISTEMAINTEGRADODEGESTION_v9/obj%20estrategicos%200,50.jpg HTTP/1.1" 200 148222
190.156.154.220 - - [30/Nov/2014:13:35:45 -0500] "GET /isolucionsda/bancoconocimiento/M/MANUALDELSISTEMAINTEGRADODEGESTION_v9/obj%20ambientales%200,50.jpg HTTP/1.1" 200 127908
190.156.154.220 - - [30/Nov/2014:13:35:45 -0500] "GET /isolucionsda/bancoconocimiento/M/MANUALDELSISTEMAINTEGRADODEGESTION_v9/paca01.jpg HTTP/1.1" 200 149339
190.156.154.220 - - [30/Nov/2014:13:35:45 -0500] "GET /isolucionsda/bancoconocimiento/M/MANUALDELSISTEMAINTEGRADODEGESTION_v9/img100.jpg HTTP/1.1" 200 717052
66.249.65.123 - - [30/Nov/2014:13:35:55 -0500] "GET /BLA/resoluciones/AUTOS%202013/2431.pdf HTTP/1.1" 304 -
181.54.191.90 - - [30/Nov/2014:13:36:12 -0500] "GET /BLA/boletinlegal/js/jquery.scrollShow.js HTTP/1.1" 200 4586
181.54.191.90 - - [30/Nov/2014:13:36:12 -0500] "GET /BLA/boletinlegal/js/jquery.js HTTP/1.1" 200 57254
181.54.191.90 - - [30/Nov/2014:13:36:12 -0500] "GET /BLA/boletinlegal/js/jquery.scrollTo-min.js HTTP/1.1" 200 1150
66.249.65.115 - - [30/Nov/2014:13:36:23 -0500] "GET /BLA/resoluciones/AUTOS%202013/0217.pdf HTTP/1.1" 200 2684667
181.50.241.109 - - [30/Nov/2014:13:36:33 -0500] "POST /forms/lservlet;jsessionid=ac16012b30d5f682009d5f7842a48dd7955190f32559.e3iSbxaKaheRe34Sa3yKbhiTahb0n6jAmljGr5XDqQLvpAe HTTP/1.1" 200 2
190.255.112.215 - - [30/Nov/2014:13:36:33 -0500] "GET /BLA/boletinlegal/js/jquery.js HTTP/1.1" 200 57254
190.255.112.215 - - [30/Nov/2014:13:36:33 -0500] "GET /BLA/boletinlegal/js/jquery.scrollTo-min.js HTTP/1.1" 200 1150
190.255.112.215 - - [30/Nov/2014:13:36:33 -0500] "GET /BLA/boletinlegal/js/jquery.scrollShow.js HTTP/1.1" 200 4586
188.165.15.61 - - [30/Nov/2014:13:36:45 -0500] "GET /BLA/resoluciones/RESOLUCIONES%202005/RES%202005%202451-2500/00002462.tif HTTP/1.1" 200 189598
74.86.158.107 - - [30/Nov/2014:13:36:50 -0500] "HEAD / HTTP/1.1" 302 -
66.249.65.115 - - [30/Nov/2014:13:36:51 -0500] "GET /BLA/resoluciones/RESOLUCIONES%202007/RES%202007%203301%20AL%203400/RESOLUCION%203400%20DE%202007.pdf HTTP/1.1" 304 -
66.249.65.123 - - [30/Nov/2014:13:37:01 -0500] "GET /BLA/resoluciones/RESOLUCIONES%202004/RES%202004%20601-650/00000601.tif HTTP/1.1" 200 187080
190.69.120.203 - - [30/Nov/2014:13:37:10 -0500] "GET /BLA/boletinlegal/js/jquery.js HTTP/1.1" 200 57254
190.69.120.203 - - [30/Nov/2014:13:37:10 -0500] "GET /BLA/boletinlegal/js/jquery.scrollShow.js HTTP/1.1" 200 4586
190.69.120.203 - - [30/Nov/2014:13:37:10 -0500] "GET /BLA/boletinlegal/js/jquery.scrollTo-min.js HTTP/1.1" 200 1150
189.228.246.55 - - [30/Nov/2014:13:37:17 -0500] "GET /BLA/boletinlegal/js/jquery.scrollTo-min.js HTTP/1.1" 200 1150
189.228.246.55 - - [30/Nov/2014:13:37:17 -0500] "GET /galeria/carrusel/Carrusel/jquery.thumbnailScroller.css HTTP/1.1" 200 2066
189.228.246.55 - - [30/Nov/2014:13:37:17 -0500] "GET /BLA/boletinlegal/js/jquery.js HTTP/1.1" 200 57254
189.228.246.55 - - [30/Nov/2014:13:37:17 -0500] "GET /galeria/carrusel/Carrusel/jquery-ui-1.8.13.custom.min.js HTTP/1.1" 200 10800
189.228.246.55 - - [30/Nov/2014:13:37:17 -0500] "GET /BLA/boletinlegal/js/jquery.scrollShow.js HTTP/1.1" 200 4586
189.228.246.55 - - [30/Nov/2014:13:37:17 -0500] "GET /galeria/carrusel/Carrusel/jquery.thumbnailScroller.js HTTP/1.1" 200 8157
189.228.246.55 - - [30/Nov/2014:13:37:19 -0500] "GET /galeria/nivo-slider/demo/demo.html HTTP/1.1" 200 3458
66.249.65.123 - - [30/Nov/2014:13:37:19 -0500] "GET /BLA/resoluciones/RESOLUCIONES%202011/6097.pdf HTTP/1.1" 304 -
189.228.246.55 - - [30/Nov/2014:13:37:19 -0500] "GET /galeria/nivo-slider/nivo-slider.css HTTP/1.1" 200 1507
189.228.246.55 - - [30/Nov/2014:13:37:19 -0500] "GET /galeria/nivo-slider/themes/pascal/pascal.css HTTP/1.1" 200 2258
189.228.246.55 - - [30/Nov/2014:13:37:19 -0500] "GET /galeria/nivo-slider/themes/default/default.css HTTP/1.1" 200 1569
189.228.246.55 - - [30/Nov/2014:13:37:19 -0500] "GET /galeria/nivo-slider/themes/orman/orman.css HTTP/1.1" 200 2152
189.228.246.55 - - [30/Nov/2014:13:37:19 -0500] "GET /galeria/nivo-slider/demo/style.css HTTP/1.1" 200 2222
189.228.246.55 - - [30/Nov/2014:13:37:19 -0500] "GET /galeria/nivo-slider/demo/scripts/jquery-1.7.1.min.js HTTP/1.1" 200 93868
189.228.246.55 - - [30/Nov/2014:13:37:20 -0500] "GET /galeria/nivo-slider/jquery.nivo.slider.pack.js HTTP/1.1" 200 11561
189.228.246.55 - - [30/Nov/2014:13:37:20 -0500] "GET /galeria/nivo-slider/demo/images/Banner-GAE3.jpg HTTP/1.1" 200 146354
189.228.246.55 - - [30/Nov/2014:13:37:20 -0500] "GET /galeria/nivo-slider/demo/images/festivalBasura0.jpg HTTP/1.1" 200 96780
189.228.246.55 - - [30/Nov/2014:13:37:20 -0500] "GET /galeria/nivo-slider/demo/images/Banner-comparendo.jpg HTTP/1.1" 200 388762
189.228.246.55 - - [30/Nov/2014:13:37:20 -0500] "GET /galeria/nivo-slider/demo/images/banner-pygaai.jpg HTTP/1.1" 200 82693
189.228.246.55 - - [30/Nov/2014:13:37:20 -0500] "GET /galeria/nivo-slider/demo/images/Biotaxis-Man.jpg HTTP/1.1" 200 99362
189.228.246.55 - - [30/Nov/2014:13:37:21 -0500] "GET /galeria/nivo-slider/demo/images/porloshumedales.jpg HTTP/1.1" 200 351238
189.228.246.55 - - [30/Nov/2014:13:37:21 -0500] "GET /galeria/nivo-slider/demo/images/Tingua-azul.jpg HTTP/1.1" 200 307638
189.228.246.55 - - [30/Nov/2014:13:37:21 -0500] "GET /galeria/nivo-slider/demo/images/Banner-Caracol-Africano.jpg HTTP/1.1" 200 331986
189.228.246.55 - - [30/Nov/2014:13:37:23 -0500] "GET /galeria/nivo-slider/demo/images/banner-redes.jpg HTTP/1.1" 200 62209
189.228.246.55 - - [30/Nov/2014:13:37:23 -0500] "GET /galeria/nivo-slider/demo/images/9Signos.jpg HTTP/1.1" 200 93040
189.228.246.55 - - [30/Nov/2014:13:37:23 -0500] "GET /galeria/nivo-slider/demo/images/banner-caballos.png HTTP/1.1" 200 389106
189.228.246.55 - - [30/Nov/2014:13:37:23 -0500] "GET /galeria/nivo-slider/demo/images/Hacienda_Molinos.jpg HTTP/1.1" 200 319171
189.228.246.55 - - [30/Nov/2014:13:37:24 -0500] "GET /galeria/nivo-slider/demo/images/bannerEcolecta3.jpg HTTP/1.1" 200 280034
189.228.246.55 - - [30/Nov/2014:13:37:25 -0500] "GET /galeria/nivo-slider/demo/images/4Simple_Slider.png HTTP/1.1" 200 11722
189.228.246.55 - - [30/Nov/2014:13:37:26 -0500] "GET /galeria/nivo-slider/themes/default/loading.gif HTTP/1.1" 200 1737
189.228.246.55 - - [30/Nov/2014:13:37:29 -0500] "GET /galeria/nivo-slider/themes/default/arrows.png HTTP/1.1" 200 824
189.228.246.55 - - [30/Nov/2014:13:37:29 -0500] "GET /galeria/nivo-slider/themes/default/bullets.png HTTP/1.1" 200 1281
190.26.187.219 - - [30/Nov/2014:13:37:32 -0500] "POST /forms/lservlet;jsessionid=ac16012b30d533aa0af39f8e4389b08a89a8e9251ddf.e3iSbxaKaheRe34Sa3yKbhiTahb0n6jAmljGr5XDqQLvpAe HTTP/1.1" 200 2
66.249.65.123 - - [30/Nov/2014:13:37:48 -0500] "GET /BLA/resoluciones/AUTOS%202013/0511.pdf HTTP/1.1" 304 -
186.159.113.38 - - [30/Nov/2014:13:38:16 -0500] "GET /BLA/boletinlegal/js/jquery.js HTTP/1.1" 200 57254
186.159.113.38 - - [30/Nov/2014:13:38:16 -0500] "GET /BLA/boletinlegal/js/jquery.scrollTo-min.js HTTP/1.1" 200 1150
186.159.113.38 - - [30/Nov/2014:13:38:16 -0500] "GET /BLA/boletinlegal/js/jquery.scrollShow.js HTTP/1.1" 200 4586
66.249.65.115 - - [30/Nov/2014:13:38:16 -0500] "GET /BLA/resoluciones/RESOLUCIONES%202009/2087.pdf HTTP/1.1" 304 -
186.117.56.149 - - [30/Nov/2014:13:38:18 -0500] "GET /BLA/boletinlegal/js/jquery.js HTTP/1.1" 200 57254
186.117.56.149 - - [30/Nov/2014:13:38:18 -0500] "GET /BLA/boletinlegal/js/jquery.scrollTo-min.js HTTP/1.1" 200 1150
186.117.56.149 - - [30/Nov/2014:13:38:18 -0500] "GET /BLA/boletinlegal/js/jquery.scrollShow.js HTTP/1.1" 200 4586
181.50.241.109 - - [30/Nov/2014:13:38:33 -0500] "POST /forms/lservlet;jsessionid=ac16012b30d5f682009d5f7842a48dd7955190f32559.e3iSbxaKaheRe34Sa3yKbhiTahb0n6jAmljGr5XDqQLvpAe HTTP/1.1" 200 2
66.249.65.115 - - [30/Nov/2014:13:38:44 -0500] "GET /BLA/resoluciones/AUTOS%202012/1995.pdf HTTP/1.1" 304 -
189.228.246.55 - - [30/Nov/2014:13:38:53 -0500] "GET /videos/Spot_CambioClimatico.flv HTTP/1.1" 200 4371917
66.249.65.123 - - [30/Nov/2014:13:39:12 -0500] "GET /BLA/circulares/3-2011.pdf HTTP/1.1" 304 -
190.26.187.219 - - [30/Nov/2014:13:39:32 -0500] "POST /forms/lservlet;jsessionid=ac16012b30d533aa0af39f8e4389b08a89a8e9251ddf.e3iSbxaKaheRe34Sa3yKbhiTahb0n6jAmljGr5XDqQLvpAe HTTP/1.1" 200 2
66.249.65.119 - - [30/Nov/2014:13:39:51 -0500] "GET /BLA/resoluciones/RESOLUCIONES%202007/RES%202007%202001%20AL%202100/RESOLUCION%202049%20DE%202007.pdf HTTP/1.1" 304 -
190.156.154.220 - - [30/Nov/2014:13:40:06 -0500] "GET /isolucionsda/g/Bot_MejoramientoOver_ESP.jpg HTTP/1.1" 200 6165
190.156.154.220 - - [30/Nov/2014:13:40:07 -0500] "GET /isolucionsda/g/Bot_IndicadoresOver_ESP.jpg HTTP/1.1" 200 5413
190.156.154.220 - - [30/Nov/2014:13:40:08 -0500] "GET /isolucionsda/FrameSetGeneral.asp?Pagina=Menu.asp&IdModulo=4 HTTP/1.1" 200 6583
190.156.154.220 - - [30/Nov/2014:13:40:08 -0500] "GET /isolucionsda/Encabezado.asp?Pagina=Menu.asp&IdModulo=4 HTTP/1.1" 200 15377
190.156.154.220 - - [30/Nov/2014:13:40:08 -0500] "GET /isolucionsda/BarraTitulos.asp?Pagina=Menu.asp&IdModulo=4 HTTP/1.1" 200 6985
