66.249.65.115 - - [30/Nov/2014:14:17:10 -0500] "GET /BLA/resoluciones/RESOLUCIONES%202011/4815.pdf HTTP/1.1" 200 651048
190.26.187.219 - - [30/Nov/2014:14:17:24 -0500] "POST /forms/lservlet;jsessionid=ac16012b30d533aa0af39f8e4389b08a89a8e9251ddf.e3iSbxaKaheRe34Sa3yKbhiTahb0n6jAmljGr5XDqQLvpAe HTTP/1.1" 200 118
190.26.187.219 - - [30/Nov/2014:14:17:27 -0500] "POST /forms/lservlet;jsessionid=ac16012b30d533aa0af39f8e4389b08a89a8e9251ddf.e3iSbxaKaheRe34Sa3yKbhiTahb0n6jAmljGr5XDqQLvpAe HTTP/1.1" 200 94
66.249.65.123 - - [30/Nov/2014:14:17:38 -0500] "GET /BLA/resoluciones/AUTOS%202012/2524.pdf HTTP/1.1" 200 2221561
189.169.42.142 - - [30/Nov/2014:14:17:38 -0500] "GET /BLA/boletinlegal/js/jquery.js HTTP/1.1" 200 57254
189.169.42.142 - - [30/Nov/2014:14:17:38 -0500] "GET /BLA/boletinlegal/js/jquery.scrollTo-min.js HTTP/1.1" 200 1150
189.169.42.142 - - [30/Nov/2014:14:17:38 -0500] "GET /BLA/boletinlegal/js/jquery.scrollShow.js HTTP/1.1" 200 4586
190.26.187.219 - - [30/Nov/2014:14:17:48 -0500] "POST /forms/lservlet;jsessionid=ac16012b30d533aa0af39f8e4389b08a89a8e9251ddf.e3iSbxaKaheRe34Sa3yKbhiTahb0n6jAmljGr5XDqQLvpAe HTTP/1.1" 200 2
190.26.187.219 - - [30/Nov/2014:14:17:56 -0500] "POST /forms/lservlet;jsessionid=ac16012b30d533aa0af39f8e4389b08a89a8e9251ddf.e3iSbxaKaheRe34Sa3yKbhiTahb0n6jAmljGr5XDqQLvpAe HTTP/1.1" 200 2
190.26.187.219 - - [30/Nov/2014:14:17:57 -0500] "POST /forms/lservlet;jsessionid=ac16012b30d533aa0af39f8e4389b08a89a8e9251ddf.e3iSbxaKaheRe34Sa3yKbhiTahb0n6jAmljGr5XDqQLvpAe HTTP/1.1" 200 14
190.26.187.219 - - [30/Nov/2014:14:17:58 -0500] "POST /forms/lservlet;jsessionid=ac16012b30d533aa0af39f8e4389b08a89a8e9251ddf.e3iSbxaKaheRe34Sa3yKbhiTahb0n6jAmljGr5XDqQLvpAe HTTP/1.1" 200 14
190.26.187.219 - - [30/Nov/2014:14:17:59 -0500] "POST /forms/lservlet;jsessionid=ac16012b30d533aa0af39f8e4389b08a89a8e9251ddf.e3iSbxaKaheRe34Sa3yKbhiTahb0n6jAmljGr5XDqQLvpAe HTTP/1.1" 200 14
190.26.187.219 - - [30/Nov/2014:14:18:01 -0500] "POST /forms/lservlet;jsessionid=ac16012b30d533aa0af39f8e4389b08a89a8e9251ddf.e3iSbxaKaheRe34Sa3yKbhiTahb0n6jAmljGr5XDqQLvpAe HTTP/1.1" 200 131
190.26.187.219 - - [30/Nov/2014:14:18:01 -0500] "POST /forms/lservlet;jsessionid=ac16012b30d533aa0af39f8e4389b08a89a8e9251ddf.e3iSbxaKaheRe34Sa3yKbhiTahb0n6jAmljGr5XDqQLvpAe HTTP/1.1" 200 11
66.249.65.123 - - [30/Nov/2014:14:18:06 -0500] "GET /BLA/resoluciones/AUTOS%202010/5657.pdf HTTP/1.1" 200 737097
190.65.50.152 - - [30/Nov/2014:14:13:06 -0500] "GET /videos/CRRFFS.mp4 HTTP/1.1" 206 283734043
190.26.187.219 - - [30/Nov/2014:14:18:01 -0500] "GET /reports/rwservlet/getjobid335613?server=rep_srvapsda HTTP/1.1" 200 4855802
188.165.15.239 - - [30/Nov/2014:14:18:25 -0500] "GET /BLA/resoluciones/RESOLUCIONES%202004/RES%202004%20801-850/00000845.tif HTTP/1.1" 200 135470
180.76.6.57 - - [30/Nov/2014:14:18:32 -0500] "GET /BLA/resoluciones/RESOLUCIONES%202010/0927.pdf HTTP/1.1" 200 97681
181.50.241.109 - - [30/Nov/2014:14:18:34 -0500] "POST /forms/lservlet;jsessionid=ac16012b30d5f682009d5f7842a48dd7955190f32559.e3iSbxaKaheRe34Sa3yKbhiTahb0n6jAmljGr5XDqQLvpAe HTTP/1.1" 200 2
66.249.65.115 - - [30/Nov/2014:14:18:34 -0500] "GET /BLA/resoluciones/RESOLUCIONES%202010/0961.pdf HTTP/1.1" 200 432451
186.115.83.142 - - [30/Nov/2014:14:18:40 -0500] "GET /BLA/boletinlegal/js/jquery.js HTTP/1.1" 200 57254
186.115.83.142 - - [30/Nov/2014:14:18:40 -0500] "GET /BLA/boletinlegal/js/jquery.scrollShow.js HTTP/1.1" 200 4586
186.115.83.142 - - [30/Nov/2014:14:18:40 -0500] "GET /BLA/boletinlegal/js/jquery.scrollTo-min.js HTTP/1.1" 200 1150
66.249.65.119 - - [30/Nov/2014:14:18:43 -0500] "GET /php/CarreraAdministrativa/RESOLUCION_208_2010_CNSC.pdf HTTP/1.1" 404 1018
190.26.187.219 - - [30/Nov/2014:14:18:44 -0500] "POST /forms/lservlet;jsessionid=ac16012b30d533aa0af39f8e4389b08a89a8e9251ddf.e3iSbxaKaheRe34Sa3yKbhiTahb0n6jAmljGr5XDqQLvpAe HTTP/1.1" 200 84
190.26.187.219 - - [30/Nov/2014:14:18:45 -0500] "POST /forms/lservlet;jsessionid=ac16012b30d533aa0af39f8e4389b08a89a8e9251ddf.e3iSbxaKaheRe34Sa3yKbhiTahb0n6jAmljGr5XDqQLvpAe HTTP/1.1" 200 2
190.26.187.219 - - [30/Nov/2014:14:18:45 -0500] "POST /forms/lservlet;jsessionid=ac16012b30d533aa0af39f8e4389b08a89a8e9251ddf.e3iSbxaKaheRe34Sa3yKbhiTahb0n6jAmljGr5XDqQLvpAe HTTP/1.1" 200 3126
190.26.187.219 - - [30/Nov/2014:14:18:46 -0500] "POST /forms/lservlet;jsessionid=ac16012b30d533aa0af39f8e4389b08a89a8e9251ddf.e3iSbxaKaheRe34Sa3yKbhiTahb0n6jAmljGr5XDqQLvpAe HTTP/1.1" 200 2
190.26.187.219 - - [30/Nov/2014:14:18:48 -0500] "POST /forms/lservlet;jsessionid=ac16012b30d533aa0af39f8e4389b08a89a8e9251ddf.e3iSbxaKaheRe34Sa3yKbhiTahb0n6jAmljGr5XDqQLvpAe HTTP/1.1" 200 101
66.249.65.115 - - [30/Nov/2014:14:19:02 -0500] "GET /BLA/resoluciones/AUTOS%202012/0521.pdf HTTP/1.1" 304 -
190.26.187.219 - - [30/Nov/2014:14:19:07 -0500] "POST /forms/lservlet;jsessionid=ac16012b30d533aa0af39f8e4389b08a89a8e9251ddf.e3iSbxaKaheRe34Sa3yKbhiTahb0n6jAmljGr5XDqQLvpAe HTTP/1.1" 200 200
190.26.187.219 - - [30/Nov/2014:14:19:07 -0500] "POST /forms/lservlet;jsessionid=ac16012b30d533aa0af39f8e4389b08a89a8e9251ddf.e3iSbxaKaheRe34Sa3yKbhiTahb0n6jAmljGr5XDqQLvpAe HTTP/1.1" 200 8
190.26.187.219 - - [30/Nov/2014:14:19:07 -0500] "POST /forms/lservlet;jsessionid=ac16012b30d533aa0af39f8e4389b08a89a8e9251ddf.e3iSbxaKaheRe34Sa3yKbhiTahb0n6jAmljGr5XDqQLvpAe HTTP/1.1" 200 2
190.26.187.219 - - [30/Nov/2014:14:19:08 -0500] "POST /forms/lservlet;jsessionid=ac16012b30d533aa0af39f8e4389b08a89a8e9251ddf.e3iSbxaKaheRe34Sa3yKbhiTahb0n6jAmljGr5XDqQLvpAe HTTP/1.1" 200 63
190.26.187.219 - - [30/Nov/2014:14:19:19 -0500] "POST /forms/lservlet;jsessionid=ac16012b30d533aa0af39f8e4389b08a89a8e9251ddf.e3iSbxaKaheRe34Sa3yKbhiTahb0n6jAmljGr5XDqQLvpAe HTTP/1.1" 200 200
190.26.187.219 - - [30/Nov/2014:14:19:19 -0500] "POST /forms/lservlet;jsessionid=ac16012b30d533aa0af39f8e4389b08a89a8e9251ddf.e3iSbxaKaheRe34Sa3yKbhiTahb0n6jAmljGr5XDqQLvpAe HTTP/1.1" 200 8
190.26.187.219 - - [30/Nov/2014:14:19:19 -0500] "POST /forms/lservlet;jsessionid=ac16012b30d533aa0af39f8e4389b08a89a8e9251ddf.e3iSbxaKaheRe34Sa3yKbhiTahb0n6jAmljGr5XDqQLvpAe HTTP/1.1" 200 2
190.26.187.219 - - [30/Nov/2014:14:19:20 -0500] "POST /forms/lservlet;jsessionid=ac16012b30d533aa0af39f8e4389b08a89a8e9251ddf.e3iSbxaKaheRe34Sa3yKbhiTahb0n6jAmljGr5XDqQLvpAe HTTP/1.1" 200 63
66.249.65.119 - - [30/Nov/2014:14:19:31 -0500] "GET /BLA/resoluciones/AUTOS%202012/0266.pdf HTTP/1.1" 304 -
190.26.187.219 - - [30/Nov/2014:14:19:31 -0500] "POST /forms/lservlet;jsessionid=ac16012b30d533aa0af39f8e4389b08a89a8e9251ddf.e3iSbxaKaheRe34Sa3yKbhiTahb0n6jAmljGr5XDqQLvpAe HTTP/1.1" 200 118
190.26.187.219 - - [30/Nov/2014:14:19:32 -0500] "POST /forms/lservlet;jsessionid=ac16012b30d533aa0af39f8e4389b08a89a8e9251ddf.e3iSbxaKaheRe34Sa3yKbhiTahb0n6jAmljGr5XDqQLvpAe HTTP/1.1" 200 94
190.26.187.219 - - [30/Nov/2014:14:19:34 -0500] "POST /forms/lservlet;jsessionid=ac16012b30d533aa0af39f8e4389b08a89a8e9251ddf.e3iSbxaKaheRe34Sa3yKbhiTahb0n6jAmljGr5XDqQLvpAe HTTP/1.1" 200 78
190.26.187.219 - - [30/Nov/2014:14:19:35 -0500] "POST /forms/lservlet;jsessionid=ac16012b30d533aa0af39f8e4389b08a89a8e9251ddf.e3iSbxaKaheRe34Sa3yKbhiTahb0n6jAmljGr5XDqQLvpAe HTTP/1.1" 200 2
190.26.187.219 - - [30/Nov/2014:14:19:36 -0500] "POST /forms/lservlet;jsessionid=ac16012b30d533aa0af39f8e4389b08a89a8e9251ddf.e3iSbxaKaheRe34Sa3yKbhiTahb0n6jAmljGr5XDqQLvpAe HTTP/1.1" 200 2611
190.26.187.219 - - [30/Nov/2014:14:19:36 -0500] "POST /forms/lservlet;jsessionid=ac16012b30d533aa0af39f8e4389b08a89a8e9251ddf.e3iSbxaKaheRe34Sa3yKbhiTahb0n6jAmljGr5XDqQLvpAe HTTP/1.1" 200 2
190.26.187.219 - - [30/Nov/2014:14:19:37 -0500] "POST /forms/lservlet;jsessionid=ac16012b30d533aa0af39f8e4389b08a89a8e9251ddf.e3iSbxaKaheRe34Sa3yKbhiTahb0n6jAmljGr5XDqQLvpAe HTTP/1.1" 200 95
190.26.187.219 - - [30/Nov/2014:14:19:38 -0500] "POST /forms/lservlet;jsessionid=ac16012b30d533aa0af39f8e4389b08a89a8e9251ddf.e3iSbxaKaheRe34Sa3yKbhiTahb0n6jAmljGr5XDqQLvpAe HTTP/1.1" 200 8
190.26.187.219 - - [30/Nov/2014:14:19:38 -0500] "POST /forms/lservlet;jsessionid=ac16012b30d533aa0af39f8e4389b08a89a8e9251ddf.e3iSbxaKaheRe34Sa3yKbhiTahb0n6jAmljGr5XDqQLvpAe HTTP/1.1" 200 2
190.26.187.219 - - [30/Nov/2014:14:19:39 -0500] "POST /forms/lservlet;jsessionid=ac16012b30d533aa0af39f8e4389b08a89a8e9251ddf.e3iSbxaKaheRe34Sa3yKbhiTahb0n6jAmljGr5XDqQLvpAe HTTP/1.1" 200 63
190.26.187.219 - - [30/Nov/2014:14:19:41 -0500] "POST /forms/lservlet;jsessionid=ac16012b30d533aa0af39f8e4389b08a89a8e9251ddf.e3iSbxaKaheRe34Sa3yKbhiTahb0n6jAmljGr5XDqQLvpAe HTTP/1.1" 200 139
190.26.187.219 - - [30/Nov/2014:14:19:41 -0500] "POST /forms/lservlet;jsessionid=ac16012b30d533aa0af39f8e4389b08a89a8e9251ddf.e3iSbxaKaheRe34Sa3yKbhiTahb0n6jAmljGr5XDqQLvpAe HTTP/1.1" 200 8
190.26.187.219 - - [30/Nov/2014:14:19:41 -0500] "POST /forms/lservlet;jsessionid=ac16012b30d533aa0af39f8e4389b08a89a8e9251ddf.e3iSbxaKaheRe34Sa3yKbhiTahb0n6jAmljGr5XDqQLvpAe HTTP/1.1" 200 2
190.26.187.219 - - [30/Nov/2014:14:19:42 -0500] "POST /forms/lservlet;jsessionid=ac16012b30d533aa0af39f8e4389b08a89a8e9251ddf.e3iSbxaKaheRe34Sa3yKbhiTahb0n6jAmljGr5XDqQLvpAe HTTP/1.1" 200 63
190.26.187.219 - - [30/Nov/2014:14:19:43 -0500] "POST /forms/lservlet;jsessionid=ac16012b30d533aa0af39f8e4389b08a89a8e9251ddf.e3iSbxaKaheRe34Sa3yKbhiTahb0n6jAmljGr5XDqQLvpAe HTTP/1.1" 200 118
190.26.187.219 - - [30/Nov/2014:14:19:45 -0500] "POST /forms/lservlet;jsessionid=ac16012b30d533aa0af39f8e4389b08a89a8e9251ddf.e3iSbxaKaheRe34Sa3yKbhiTahb0n6jAmljGr5XDqQLvpAe HTTP/1.1" 200 94
190.26.187.219 - - [30/Nov/2014:14:19:47 -0500] "POST /forms/lservlet;jsessionid=ac16012b30d533aa0af39f8e4389b08a89a8e9251ddf.e3iSbxaKaheRe34Sa3yKbhiTahb0n6jAmljGr5XDqQLvpAe HTTP/1.1" 200 78
190.26.187.219 - - [30/Nov/2014:14:19:49 -0500] "POST /forms/lservlet;jsessionid=ac16012b30d533aa0af39f8e4389b08a89a8e9251ddf.e3iSbxaKaheRe34Sa3yKbhiTahb0n6jAmljGr5XDqQLvpAe HTTP/1.1" 200 2
190.26.187.219 - - [30/Nov/2014:14:19:54 -0500] "POST /forms/lservlet;jsessionid=ac16012b30d533aa0af39f8e4389b08a89a8e9251ddf.e3iSbxaKaheRe34Sa3yKbhiTahb0n6jAmljGr5XDqQLvpAe HTTP/1.1" 200 2
186.113.92.50 - - [30/Nov/2014:14:15:54 -0500] "GET /ForestMSG_SDA/channelAsync/template_word_16980384?X-Atmosphere-tracking-id=551a7d04-923e-be59-f77f-353103932e88&X-Atmosphere-Framework=1.0.5&X-Atmosphere-Transport=long-polling&tabid=0.03968597715720534&X-Cache-Date=0&Content-Type=application/xml&_=1417375133312 HTTP/1.1" 200 8193
190.26.187.219 - - [30/Nov/2014:14:19:54 -0500] "POST /forms/lservlet;jsessionid=ac16012b30d533aa0af39f8e4389b08a89a8e9251ddf.e3iSbxaKaheRe34Sa3yKbhiTahb0n6jAmljGr5XDqQLvpAe HTTP/1.1" 200 2568
190.26.187.219 - - [30/Nov/2014:14:19:55 -0500] "POST /forms/lservlet;jsessionid=ac16012b30d533aa0af39f8e4389b08a89a8e9251ddf.e3iSbxaKaheRe34Sa3yKbhiTahb0n6jAmljGr5XDqQLvpAe HTTP/1.1" 200 2
186.113.92.50 - - [30/Nov/2014:14:19:54 -0500] "GET /ForestMSG_SDA/channelAsync/template_word_16980384?X-Atmosphere-tracking-id=5a87cb20-f05d-16df-c684-da64b33d1201&X-Atmosphere-Framework=1.0.5&X-Atmosphere-Transport=long-polling&tabid=0.03968597715720534&X-Cache-Date=0&Content-Type=application/xml&_=1417375373308 HTTP/1.1" 200 8193
186.113.92.50 - - [30/Nov/2014:14:19:55 -0500] "GET /ForestMSG_SDA/channelAsync/template_word_16980384?X-Atmosphere-tracking-id=551a7d04-923e-be59-f77f-353103932e88&X-Atmosphere-Framework=1.0.5&X-Atmosphere-Transport=long-polling&tabid=0.03968597715720534&X-Cache-Date=0&Content-Type=application/xml&_=1417375374285 HTTP/1.1" 200 8193
186.113.92.50 - - [30/Nov/2014:14:19:56 -0500] "GET /ForestMSG_SDA/channelAsync/template_word_16980384?X-Atmosphere-tracking-id=5a87cb20-f05d-16df-c684-da64b33d1201&X-Atmosphere-Framework=1.0.5&X-Atmosphere-Transport=long-polling&tabid=0.03968597715720534&X-Cache-Date=0&Content-Type=application/xml&_=1417375375307 HTTP/1.1" 200 8193
186.113.92.50 - - [30/Nov/2014:14:19:57 -0500] "GET /ForestMSG_SDA/channelAsync/template_word_16980384?X-Atmosphere-tracking-id=551a7d04-923e-be59-f77f-353103932e88&X-Atmosphere-Framework=1.0.5&X-Atmosphere-Transport=long-polling&tabid=0.03968597715720534&X-Cache-Date=0&Content-Type=application/xml&_=1417375376284 HTTP/1.1" 200 8193
66.249.65.119 - - [30/Nov/2014:14:19:59 -0500] "GET /BLA/resoluciones/AUTOS%202012/0766.pdf HTTP/1.1" 304 -
190.26.187.219 - - [30/Nov/2014:14:19:59 -0500] "POST /forms/lservlet;jsessionid=ac16012b30d533aa0af39f8e4389b08a89a8e9251ddf.e3iSbxaKaheRe34Sa3yKbhiTahb0n6jAmljGr5XDqQLvpAe HTTP/1.1" 200 2
186.113.92.50 - - [30/Nov/2014:14:19:58 -0500] "GET /ForestMSG_SDA/channelAsync/template_word_16980384?X-Atmosphere-tracking-id=5a87cb20-f05d-16df-c684-da64b33d1201&X-Atmosphere-Framework=1.0.5&X-Atmosphere-Transport=long-polling&tabid=0.03968597715720534&X-Cache-Date=0&Content-Type=application/xml&_=1417375377283 HTTP/1.1" 200 8193
190.26.187.219 - - [30/Nov/2014:14:19:59 -0500] "POST /forms/lservlet;jsessionid=ac16012b30d533aa0af39f8e4389b08a89a8e9251ddf.e3iSbxaKaheRe34Sa3yKbhiTahb0n6jAmljGr5XDqQLvpAe HTTP/1.1" 200 2593
190.26.187.219 - - [30/Nov/2014:14:20:00 -0500] "POST /forms/lservlet;jsessionid=ac16012b30d533aa0af39f8e4389b08a89a8e9251ddf.e3iSbxaKaheRe34Sa3yKbhiTahb0n6jAmljGr5XDqQLvpAe HTTP/1.1" 200 2
186.113.92.50 - - [30/Nov/2014:14:19:59 -0500] "GET /ForestMSG_SDA/channelAsync/template_word_16980384?X-Atmosphere-tracking-id=551a7d04-923e-be59-f77f-353103932e88&X-Atmosphere-Framework=1.0.5&X-Atmosphere-Transport=long-polling&tabid=0.03968597715720534&X-Cache-Date=0&Content-Type=application/xml&_=1417375378283 HTTP/1.1" 200 8193
186.113.92.50 - - [30/Nov/2014:14:20:00 -0500] "GET /ForestMSG_SDA/channelAsync/template_word_16980384?X-Atmosphere-tracking-id=5a87cb20-f05d-16df-c684-da64b33d1201&X-Atmosphere-Framework=1.0.5&X-Atmosphere-Transport=long-polling&tabid=0.03968597715720534&X-Cache-Date=0&Content-Type=application/xml&_=1417375379284 HTTP/1.1" 200 8193
190.26.187.219 - - [30/Nov/2014:14:20:02 -0500] "POST /forms/lservlet;jsessionid=ac16012b30d533aa0af39f8e4389b08a89a8e9251ddf.e3iSbxaKaheRe34Sa3yKbhiTahb0n6jAmljGr5XDqQLvpAe HTTP/1.1" 200 89
186.113.92.50 - - [30/Nov/2014:14:20:01 -0500] "GET /ForestMSG_SDA/channelAsync/template_word_16980384?X-Atmosphere-tracking-id=551a7d04-923e-be59-f77f-353103932e88&X-Atmosphere-Framework=1.0.5&X-Atmosphere-Transport=long-polling&tabid=0.03968597715720534&X-Cache-Date=0&Content-Type=application/xml&_=1417375380284 HTTP/1.1" 200 8193
186.113.92.50 - - [30/Nov/2014:14:20:02 -0500] "GET /ForestMSG_SDA/channelAsync/template_word_16980384?X-Atmosphere-tracking-id=5a87cb20-f05d-16df-c684-da64b33d1201&X-Atmosphere-Framework=1.0.5&X-Atmosphere-Transport=long-polling&tabid=0.03968597715720534&X-Cache-Date=0&Content-Type=application/xml&_=1417375381284 HTTP/1.1" 200 8193
186.113.92.50 - - [30/Nov/2014:14:20:03 -0500] "GET /ForestMSG_SDA/channelAsync/template_word_16980384?X-Atmosphere-tracking-id=551a7d04-923e-be59-f77f-353103932e88&X-Atmosphere-Framework=1.0.5&X-Atmosphere-Transport=long-polling&tabid=0.03968597715720534&X-Cache-Date=0&Content-Type=application/xml&_=1417375382284 HTTP/1.1" 200 8193
186.113.92.50 - - [30/Nov/2014:14:20:04 -0500] "GET /ForestMSG_SDA/channelAsync/template_word_16980384?X-Atmosphere-tracking-id=5a87cb20-f05d-16df-c684-da64b33d1201&X-Atmosphere-Framework=1.0.5&X-Atmosphere-Transport=long-polling&tabid=0.03968597715720534&X-Cache-Date=0&Content-Type=application/xml&_=1417375383283 HTTP/1.1" 200 8193
186.113.92.50 - - [30/Nov/2014:14:20:05 -0500] "GET /ForestMSG_SDA/channelAsync/template_word_16980384?X-Atmosphere-tracking-id=551a7d04-923e-be59-f77f-353103932e88&X-Atmosphere-Framework=1.0.5&X-Atmosphere-Transport=long-polling&tabid=0.03968597715720534&X-Cache-Date=0&Content-Type=application/xml&_=1417375384284 HTTP/1.1" 200 8193
186.113.92.50 - - [30/Nov/2014:14:20:06 -0500] "GET /ForestMSG_SDA/channelAsync/template_word_16980384?X-Atmosphere-tracking-id=5a87cb20-f05d-16df-c684-da64b33d1201&X-Atmosphere-Framework=1.0.5&X-Atmosphere-Transport=long-polling&tabid=0.03968597715720534&X-Cache-Date=0&Content-Type=application/xml&_=1417375385283 HTTP/1.1" 200 8193
186.113.92.50 - - [30/Nov/2014:14:20:07 -0500] "GET /ForestMSG_SDA/channelAsync/template_word_16980384?X-Atmosphere-tracking-id=551a7d04-923e-be59-f77f-353103932e88&X-Atmosphere-Framework=1.0.5&X-Atmosphere-Transport=long-polling&tabid=0.03968597715720534&X-Cache-Date=0&Content-Type=application/xml&_=1417375386282 HTTP/1.1" 200 8193
186.113.92.50 - - [30/Nov/2014:14:20:08 -0500] "GET /ForestMSG_SDA/channelAsync/template_word_16980384?X-Atmosphere-tracking-id=5a87cb20-f05d-16df-c684-da64b33d1201&X-Atmosphere-Framework=1.0.5&X-Atmosphere-Transport=long-polling&tabid=0.03968597715720534&X-Cache-Date=0&Content-Type=application/xml&_=1417375387283 HTTP/1.1" 200 8193
186.113.92.50 - - [30/Nov/2014:14:20:09 -0500] "GET /ForestMSG_SDA/channelAsync/template_word_16980384?X-Atmosphere-tracking-id=551a7d04-923e-be59-f77f-353103932e88&X-Atmosphere-Framework=1.0.5&X-Atmosphere-Transport=long-polling&tabid=0.03968597715720534&X-Cache-Date=0&Content-Type=application/xml&_=1417375388313 HTTP/1.1" 200 8193
186.113.92.50 - - [30/Nov/2014:14:20:10 -0500] "GET /ForestMSG_SDA/channelAsync/template_word_16980384?X-Atmosphere-tracking-id=5a87cb20-f05d-16df-c684-da64b33d1201&X-Atmosphere-Framework=1.0.5&X-Atmosphere-Transport=long-polling&tabid=0.03968597715720534&X-Cache-Date=0&Content-Type=application/xml&_=1417375389283 HTTP/1.1" 200 8193
186.113.92.50 - - [30/Nov/2014:14:20:11 -0500] "GET /ForestMSG_SDA/channelAsync/template_word_16980384?X-Atmosphere-tracking-id=551a7d04-923e-be59-f77f-353103932e88&X-Atmosphere-Framework=1.0.5&X-Atmosphere-Transport=long-polling&tabid=0.03968597715720534&X-Cache-Date=0&Content-Type=application/xml&_=1417375390284 HTTP/1.1" 200 8193
190.26.187.219 - - [30/Nov/2014:14:20:15 -0500] "POST /forms/lservlet;jsessionid=ac16012b30d533aa0af39f8e4389b08a89a8e9251ddf.e3iSbxaKaheRe34Sa3yKbhiTahb0n6jAmljGr5XDqQLvpAe HTTP/1.1" 200 172
190.26.187.219 - - [30/Nov/2014:14:20:15 -0500] "POST /forms/lservlet;jsessionid=ac16012b30d533aa0af39f8e4389b08a89a8e9251ddf.e3iSbxaKaheRe34Sa3yKbhiTahb0n6jAmljGr5XDqQLvpAe HTTP/1.1" 200 8
190.26.187.219 - - [30/Nov/2014:14:20:15 -0500] "POST /forms/lservlet;jsessionid=ac16012b30d533aa0af39f8e4389b08a89a8e9251ddf.e3iSbxaKaheRe34Sa3yKbhiTahb0n6jAmljGr5XDqQLvpAe HTTP/1.1" 200 2
190.26.187.219 - - [30/Nov/2014:14:20:16 -0500] "POST /forms/lservlet;jsessionid=ac16012b30d533aa0af39f8e4389b08a89a8e9251ddf.e3iSbxaKaheRe34Sa3yKbhiTahb0n6jAmljGr5XDqQLvpAe HTTP/1.1" 200 63
186.80.68.71 - - [30/Nov/2014:14:20:25 -0500] "GET /BLA/boletinlegal/js/jquery.js HTTP/1.1" 200 57254
186.80.68.71 - - [30/Nov/2014:14:20:25 -0500] "GET /BLA/boletinlegal/js/jquery.scrollShow.js HTTP/1.1" 200 4586
186.80.68.71 - - [30/Nov/2014:14:20:25 -0500] "GET /BLA/boletinlegal/js/jquery.scrollTo-min.js HTTP/1.1" 200 1150
186.80.68.71 - - [30/Nov/2014:14:20:25 -0500] "GET /galeria/carrusel/Carrusel/jquery.thumbnailScroller.css HTTP/1.1" 200 2066
186.80.68.71 - - [30/Nov/2014:14:20:25 -0500] "GET /galeria/carrusel/Carrusel/jquery-ui-1.8.13.custom.min.js HTTP/1.1" 200 10800
186.80.68.71 - - [30/Nov/2014:14:20:25 -0500] "GET /galeria/carrusel/Carrusel/jquery.thumbnailScroller.js HTTP/1.1" 200 8157
66.249.65.123 - - [30/Nov/2014:14:20:27 -0500] "GET /BLA/resoluciones/AUTOS%202011/2962.pdf HTTP/1.1" 304 -
190.26.187.219 - - [30/Nov/2014:14:20:28 -0500] "POST /forms/lservlet;jsessionid=ac16012b30d533aa0af39f8e4389b08a89a8e9251ddf.e3iSbxaKaheRe34Sa3yKbhiTahb0n6jAmljGr5XDqQLvpAe HTTP/1.1" 200 118
190.26.187.219 - - [30/Nov/2014:14:20:29 -0500] "POST /forms/lservlet;jsessionid=ac16012b30d533aa0af39f8e4389b08a89a8e9251ddf.e3iSbxaKaheRe34Sa3yKbhiTahb0n6jAmljGr5XDqQLvpAe HTTP/1.1" 200 94
190.26.187.219 - - [30/Nov/2014:14:20:30 -0500] "POST /forms/lservlet;jsessionid=ac16012b30d533aa0af39f8e4389b08a89a8e9251ddf.e3iSbxaKaheRe34Sa3yKbhiTahb0n6jAmljGr5XDqQLvpAe HTTP/1.1" 200 78
190.26.187.219 - - [30/Nov/2014:14:20:32 -0500] "POST /forms/lservlet;jsessionid=ac16012b30d533aa0af39f8e4389b08a89a8e9251ddf.e3iSbxaKaheRe34Sa3yKbhiTahb0n6jAmljGr5XDqQLvpAe HTTP/1.1" 200 2
190.26.187.219 - - [30/Nov/2014:14:20:32 -0500] "POST /forms/lservlet;jsessionid=ac16012b30d533aa0af39f8e4389b08a89a8e9251ddf.e3iSbxaKaheRe34Sa3yKbhiTahb0n6jAmljGr5XDqQLvpAe HTTP/1.1" 200 2559
190.26.187.219 - - [30/Nov/2014:14:20:32 -0500] "POST /forms/lservlet;jsessionid=ac16012b30d533aa0af39f8e4389b08a89a8e9251ddf.e3iSbxaKaheRe34Sa3yKbhiTahb0n6jAmljGr5XDqQLvpAe HTTP/1.1" 200 2
125.209.235.184 - - [30/Nov/2014:14:20:33 -0500] "GET /robots.txt HTTP/1.1" 404 1099
125.209.235.186 - - [30/Nov/2014:14:20:34 -0500] "GET / HTTP/1.1" 302 -
181.50.241.109 - - [30/Nov/2014:14:20:34 -0500] "POST /forms/lservlet;jsessionid=ac16012b30d5f682009d5f7842a48dd7955190f32559.e3iSbxaKaheRe34Sa3yKbhiTahb0n6jAmljGr5XDqQLvpAe HTTP/1.1" 200 2
190.26.187.219 - - [30/Nov/2014:14:20:35 -0500] "POST /forms/lservlet;jsessionid=ac16012b30d533aa0af39f8e4389b08a89a8e9251ddf.e3iSbxaKaheRe34Sa3yKbhiTahb0n6jAmljGr5XDqQLvpAe HTTP/1.1" 200 89
190.26.187.219 - - [30/Nov/2014:14:20:38 -0500] "POST /forms/lservlet;jsessionid=ac16012b30d533aa0af39f8e4389b08a89a8e9251ddf.e3iSbxaKaheRe34Sa3yKbhiTahb0n6jAmljGr5XDqQLvpAe HTTP/1.1" 200 163
190.26.187.219 - - [30/Nov/2014:14:20:38 -0500] "POST /forms/lservlet;jsessionid=ac16012b30d533aa0af39f8e4389b08a89a8e9251ddf.e3iSbxaKaheRe34Sa3yKbhiTahb0n6jAmljGr5XDqQLvpAe HTTP/1.1" 200 8
190.26.187.219 - - [30/Nov/2014:14:20:38 -0500] "POST /forms/lservlet;jsessionid=ac16012b30d533aa0af39f8e4389b08a89a8e9251ddf.e3iSbxaKaheRe34Sa3yKbhiTahb0n6jAmljGr5XDqQLvpAe HTTP/1.1" 200 2
190.26.187.219 - - [30/Nov/2014:14:20:38 -0500] "POST /forms/lservlet;jsessionid=ac16012b30d533aa0af39f8e4389b08a89a8e9251ddf.e3iSbxaKaheRe34Sa3yKbhiTahb0n6jAmljGr5XDqQLvpAe HTTP/1.1" 200 63
186.80.68.71 - - [30/Nov/2014:14:20:40 -0500] "GET /galeria/nivo-slider/demo/demo.html HTTP/1.1" 200 3458
190.26.187.219 - - [30/Nov/2014:14:20:41 -0500] "POST /forms/lservlet;jsessionid=ac16012b30d533aa0af39f8e4389b08a89a8e9251ddf.e3iSbxaKaheRe34Sa3yKbhiTahb0n6jAmljGr5XDqQLvpAe HTTP/1.1" 200 118
190.26.187.219 - - [30/Nov/2014:14:20:42 -0500] "POST /forms/lservlet;jsessionid=ac16012b30d533aa0af39f8e4389b08a89a8e9251ddf.e3iSbxaKaheRe34Sa3yKbhiTahb0n6jAmljGr5XDqQLvpAe HTTP/1.1" 200 94
186.80.68.71 - - [30/Nov/2014:14:20:43 -0500] "GET /galeria/nivo-slider/themes/default/default.css HTTP/1.1" 200 1569
186.80.68.71 - - [30/Nov/2014:14:20:43 -0500] "GET /galeria/nivo-slider/themes/pascal/pascal.css HTTP/1.1" 200 2258
186.80.68.71 - - [30/Nov/2014:14:20:43 -0500] "GET /galeria/nivo-slider/themes/orman/orman.css HTTP/1.1" 200 2152
186.80.68.71 - - [30/Nov/2014:14:20:43 -0500] "GET /galeria/nivo-slider/nivo-slider.css HTTP/1.1" 200 1507
190.26.187.219 - - [30/Nov/2014:14:20:43 -0500] "POST /forms/lservlet;jsessionid=ac16012b30d533aa0af39f8e4389b08a89a8e9251ddf.e3iSbxaKaheRe34Sa3yKbhiTahb0n6jAmljGr5XDqQLvpAe HTTP/1.1" 200 78
186.80.68.71 - - [30/Nov/2014:14:20:43 -0500] "GET /galeria/nivo-slider/demo/style.css HTTP/1.1" 200 2222
186.80.68.71 - - [30/Nov/2014:14:20:43 -0500] "GET /galeria/nivo-slider/demo/images/Banner-comparendo.jpg HTTP/1.1" 200 388762
186.80.68.71 - - [30/Nov/2014:14:20:44 -0500] "GET /galeria/nivo-slider/demo/images/Banner-GAE3.jpg HTTP/1.1" 200 146354
186.80.68.71 - - [30/Nov/2014:14:20:44 -0500] "GET /galeria/nivo-slider/demo/images/festivalBasura0.jpg HTTP/1.1" 200 96780
186.80.68.71 - - [30/Nov/2014:14:20:44 -0500] "GET /galeria/nivo-slider/demo/images/banner-pygaai.jpg HTTP/1.1" 200 82693
190.26.187.219 - - [30/Nov/2014:14:20:45 -0500] "POST /forms/lservlet;jsessionid=ac16012b30d533aa0af39f8e4389b08a89a8e9251ddf.e3iSbxaKaheRe34Sa3yKbhiTahb0n6jAmljGr5XDqQLvpAe HTTP/1.1" 200 2
186.80.68.71 - - [30/Nov/2014:14:20:45 -0500] "GET /galeria/nivo-slider/demo/images/Biotaxis-Man.jpg HTTP/1.1" 200 99362
186.80.68.71 - - [30/Nov/2014:14:20:45 -0500] "GET /galeria/nivo-slider/demo/images/porloshumedales.jpg HTTP/1.1" 200 351238
186.80.68.71 - - [30/Nov/2014:14:20:45 -0500] "GET /galeria/nivo-slider/demo/images/Tingua-azul.jpg HTTP/1.1" 200 307638
186.80.68.71 - - [30/Nov/2014:14:20:45 -0500] "GET /galeria/nivo-slider/demo/images/Banner-Caracol-Africano.jpg HTTP/1.1" 200 331986
190.26.187.219 - - [30/Nov/2014:14:20:46 -0500] "POST /forms/lservlet;jsessionid=ac16012b30d533aa0af39f8e4389b08a89a8e9251ddf.e3iSbxaKaheRe34Sa3yKbhiTahb0n6jAmljGr5XDqQLvpAe HTTP/1.1" 200 3023
190.26.187.219 - - [30/Nov/2014:14:20:46 -0500] "POST /forms/lservlet;jsessionid=ac16012b30d533aa0af39f8e4389b08a89a8e9251ddf.e3iSbxaKaheRe34Sa3yKbhiTahb0n6jAmljGr5XDqQLvpAe HTTP/1.1" 200 2
190.26.187.219 - - [30/Nov/2014:14:20:48 -0500] "POST /forms/lservlet;jsessionid=ac16012b30d533aa0af39f8e4389b08a89a8e9251ddf.e3iSbxaKaheRe34Sa3yKbhiTahb0n6jAmljGr5XDqQLvpAe HTTP/1.1" 200 89
66.249.65.123 - - [30/Nov/2014:14:20:55 -0500] "GET /BLA/resoluciones/RESOLUCIONES%202013/0064.pdf HTTP/1.1" 304 -
186.80.68.71 - - [30/Nov/2014:14:20:57 -0500] "GET /galeria/nivo-slider/demo/images/9Signos.jpg HTTP/1.1" 200 93040
186.80.68.71 - - [30/Nov/2014:14:20:58 -0500] "GET /galeria/nivo-slider/demo/images/banner-caballos.png HTTP/1.1" 200 389106
186.80.68.71 - - [30/Nov/2014:14:20:59 -0500] "GET /galeria/nivo-slider/demo/images/bannerEcolecta3.jpg HTTP/1.1" 200 280034
186.80.68.71 - - [30/Nov/2014:14:20:59 -0500] "GET /galeria/nivo-slider/demo/images/Hacienda_Molinos.jpg HTTP/1.1" 200 319171
186.80.68.71 - - [30/Nov/2014:14:21:04 -0500] "GET /galeria/nivo-slider/demo/scripts/jquery-1.7.1.min.js HTTP/1.1" 200 93868
186.80.68.71 - - [30/Nov/2014:14:21:05 -0500] "GET /galeria/nivo-slider/jquery.nivo.slider.pack.js HTTP/1.1" 200 11561
186.80.68.71 - - [30/Nov/2014:14:21:05 -0500] "GET /galeria/nivo-slider/demo/images/4Simple_Slider.png HTTP/1.1" 200 11722
190.26.187.219 - - [30/Nov/2014:14:21:09 -0500] "POST /forms/lservlet;jsessionid=ac16012b30d533aa0af39f8e4389b08a89a8e9251ddf.e3iSbxaKaheRe34Sa3yKbhiTahb0n6jAmljGr5XDqQLvpAe HTTP/1.1" 200 118
190.26.187.219 - - [30/Nov/2014:14:21:10 -0500] "POST /forms/lservlet;jsessionid=ac16012b30d533aa0af39f8e4389b08a89a8e9251ddf.e3iSbxaKaheRe34Sa3yKbhiTahb0n6jAmljGr5XDqQLvpAe HTTP/1.1" 200 94
190.26.187.219 - - [30/Nov/2014:14:21:11 -0500] "POST /forms/lservlet;jsessionid=ac16012b30d533aa0af39f8e4389b08a89a8e9251ddf.e3iSbxaKaheRe34Sa3yKbhiTahb0n6jAmljGr5XDqQLvpAe HTTP/1.1" 200 78
186.80.68.71 - - [30/Nov/2014:14:21:13 -0500] "GET /galeria/nivo-slider/themes/default/loading.gif HTTP/1.1" 200 1737
186.80.68.71 - - [30/Nov/2014:14:21:13 -0500] "GET /galeria/nivo-slider/demo/images/banner-redes.jpg HTTP/1.1" 200 62209
190.26.187.219 - - [30/Nov/2014:14:21:14 -0500] "POST /forms/lservlet;jsessionid=ac16012b30d533aa0af39f8e4389b08a89a8e9251ddf.e3iSbxaKaheRe34Sa3yKbhiTahb0n6jAmljGr5XDqQLvpAe HTTP/1.1" 200 2
186.80.68.71 - - [30/Nov/2014:14:21:14 -0500] "GET /videos/Spot_CambioClimatico.flv HTTP/1.1" 200 4371917
190.26.187.219 - - [30/Nov/2014:14:21:14 -0500] "POST /forms/lservlet;jsessionid=ac16012b30d533aa0af39f8e4389b08a89a8e9251ddf.e3iSbxaKaheRe34Sa3yKbhiTahb0n6jAmljGr5XDqQLvpAe HTTP/1.1" 200 3289
190.26.187.219 - - [30/Nov/2014:14:21:14 -0500] "POST /forms/lservlet;jsessionid=ac16012b30d533aa0af39f8e4389b08a89a8e9251ddf.e3iSbxaKaheRe34Sa3yKbhiTahb0n6jAmljGr5XDqQLvpAe HTTP/1.1" 200 2
190.26.187.219 - - [30/Nov/2014:14:21:17 -0500] "POST /forms/lservlet;jsessionid=ac16012b30d533aa0af39f8e4389b08a89a8e9251ddf.e3iSbxaKaheRe34Sa3yKbhiTahb0n6jAmljGr5XDqQLvpAe HTTP/1.1" 200 135
190.26.187.219 - - [30/Nov/2014:14:21:17 -0500] "POST /forms/lservlet;jsessionid=ac16012b30d533aa0af39f8e4389b08a89a8e9251ddf.e3iSbxaKaheRe34Sa3yKbhiTahb0n6jAmljGr5XDqQLvpAe HTTP/1.1" 200 8
190.26.187.219 - - [30/Nov/2014:14:21:17 -0500] "POST /forms/lservlet;jsessionid=ac16012b30d533aa0af39f8e4389b08a89a8e9251ddf.e3iSbxaKaheRe34Sa3yKbhiTahb0n6jAmljGr5XDqQLvpAe HTTP/1.1" 200 2
190.26.187.219 - - [30/Nov/2014:14:21:19 -0500] "POST /forms/lservlet;jsessionid=ac16012b30d533aa0af39f8e4389b08a89a8e9251ddf.e3iSbxaKaheRe34Sa3yKbhiTahb0n6jAmljGr5XDqQLvpAe HTTP/1.1" 200 63
66.249.65.119 - - [30/Nov/2014:14:21:23 -0500] "GET /BLA/resoluciones/RESOLUCIONES%202010/4598.pdf HTTP/1.1" 200 1049740
190.26.187.219 - - [30/Nov/2014:14:21:35 -0500] "POST /forms/lservlet;jsessionid=ac16012b30d533aa0af39f8e4389b08a89a8e9251ddf.e3iSbxaKaheRe34Sa3yKbhiTahb0n6jAmljGr5XDqQLvpAe HTTP/1.1" 200 195
190.26.187.219 - - [30/Nov/2014:14:21:38 -0500] "POST /forms/lservlet;jsessionid=ac16012b30d533aa0af39f8e4389b08a89a8e9251ddf.e3iSbxaKaheRe34Sa3yKbhiTahb0n6jAmljGr5XDqQLvpAe HTTP/1.1" 200 8
190.26.187.219 - - [30/Nov/2014:14:21:38 -0500] "POST /forms/lservlet;jsessionid=ac16012b30d533aa0af39f8e4389b08a89a8e9251ddf.e3iSbxaKaheRe34Sa3yKbhiTahb0n6jAmljGr5XDqQLvpAe HTTP/1.1" 200 2
190.26.187.219 - - [30/Nov/2014:14:21:39 -0500] "POST /forms/lservlet;jsessionid=ac16012b30d533aa0af39f8e4389b08a89a8e9251ddf.e3iSbxaKaheRe34Sa3yKbhiTahb0n6jAmljGr5XDqQLvpAe HTTP/1.1" 200 63
186.80.68.71 - - [30/Nov/2014:14:21:42 -0500] "GET /galeria/nivo-slider/themes/default/arrows.png HTTP/1.1" 200 824
186.80.68.71 - - [30/Nov/2014:14:21:43 -0500] "GET /galeria/nivo-slider/themes/default/bullets.png HTTP/1.1" 200 1281
179.32.177.18 - - [30/Nov/2014:14:21:43 -0500] "GET /BLA/boletinlegal/js/jquery.js HTTP/1.1" 200 57254
179.32.177.18 - - [30/Nov/2014:14:21:43 -0500] "GET /BLA/boletinlegal/js/jquery.scrollTo-min.js HTTP/1.1" 200 1150
179.32.177.18 - - [30/Nov/2014:14:21:43 -0500] "GET /BLA/boletinlegal/js/jquery.scrollShow.js HTTP/1.1" 200 4586
74.86.158.107 - - [30/Nov/2014:14:21:50 -0500] "HEAD / HTTP/1.1" 302 -
190.26.187.219 - - [30/Nov/2014:14:21:58 -0500] "POST /forms/lservlet;jsessionid=ac16012b30d533aa0af39f8e4389b08a89a8e9251ddf.e3iSbxaKaheRe34Sa3yKbhiTahb0n6jAmljGr5XDqQLvpAe HTTP/1.1" 200 2
190.26.187.219 - - [30/Nov/2014:14:21:59 -0500] "POST /forms/lservlet;jsessionid=ac16012b30d533aa0af39f8e4389b08a89a8e9251ddf.e3iSbxaKaheRe34Sa3yKbhiTahb0n6jAmljGr5XDqQLvpAe HTTP/1.1" 200 2
190.26.187.219 - - [30/Nov/2014:14:21:59 -0500] "POST /forms/lservlet;jsessionid=ac16012b30d533aa0af39f8e4389b08a89a8e9251ddf.e3iSbxaKaheRe34Sa3yKbhiTahb0n6jAmljGr5XDqQLvpAe HTTP/1.1" 200 114
190.26.187.219 - - [30/Nov/2014:14:21:59 -0500] "POST /forms/lservlet;jsessionid=ac16012b30d533aa0af39f8e4389b08a89a8e9251ddf.e3iSbxaKaheRe34Sa3yKbhiTahb0n6jAmljGr5XDqQLvpAe HTTP/1.1" 200 12
190.26.187.219 - - [30/Nov/2014:14:22:00 -0500] "GET /reports/rwservlet/getjobid335614?server=rep_srvapsda HTTP/1.1" 200 67099
66.249.65.115 - - [30/Nov/2014:14:22:32 -0500] "GET /BLA/directivas/2011/1.pdf HTTP/1.1" 304 -
66.249.65.119 - - [30/Nov/2014:14:22:32 -0500] "GET /BLA/resoluciones/AUTOS%202013/2163.pdf HTTP/1.1" 304 -
181.50.241.109 - - [30/Nov/2014:14:22:34 -0500] "POST /forms/lservlet;jsessionid=ac16012b30d5f682009d5f7842a48dd7955190f32559.e3iSbxaKaheRe34Sa3yKbhiTahb0n6jAmljGr5XDqQLvpAe HTTP/1.1" 200 2
66.249.65.123 - - [30/Nov/2014:14:22:40 -0500] "GET /BLA/resoluciones/RESOLUCIONES%202013/0466.pdf HTTP/1.1" 200 4657784
66.249.65.119 - - [30/Nov/2014:14:22:47 -0500] "GET /BLA/resoluciones/Notificaciones/AUTOS%202014/3954.doc HTTP/1.1" 304 -
181.61.243.131 - - [30/Nov/2014:14:23:09 -0500] "GET /BLA/boletinlegal/js/jquery.js HTTP/1.1" 200 57254
181.61.243.131 - - [30/Nov/2014:14:23:09 -0500] "GET /BLA/boletinlegal/js/jquery.scrollTo-min.js HTTP/1.1" 200 1150
181.61.243.131 - - [30/Nov/2014:14:23:09 -0500] "GET /BLA/boletinlegal/js/jquery.scrollShow.js HTTP/1.1" 200 4586
181.61.243.131 - - [30/Nov/2014:14:23:09 -0500] "GET /galeria/carrusel/Carrusel/jquery.thumbnailScroller.css HTTP/1.1" 200 2066
181.61.243.131 - - [30/Nov/2014:14:23:09 -0500] "GET /galeria/carrusel/Carrusel/jquery-ui-1.8.13.custom.min.js HTTP/1.1" 200 10800
181.61.243.131 - - [30/Nov/2014:14:23:09 -0500] "GET /galeria/carrusel/Carrusel/jquery.thumbnailScroller.js HTTP/1.1" 200 8157
190.26.187.219 - - [30/Nov/2014:14:23:13 -0500] "POST /forms/lservlet;jsessionid=ac16012b30d533aa0af39f8e4389b08a89a8e9251ddf.e3iSbxaKaheRe34Sa3yKbhiTahb0n6jAmljGr5XDqQLvpAe HTTP/1.1" 200 123
181.61.243.131 - - [30/Nov/2014:14:23:15 -0500] "GET /galeria/nivo-slider/demo/demo.html HTTP/1.1" 200 3458
190.26.187.219 - - [30/Nov/2014:14:23:15 -0500] "POST /forms/lservlet;jsessionid=ac16012b30d533aa0af39f8e4389b08a89a8e9251ddf.e3iSbxaKaheRe34Sa3yKbhiTahb0n6jAmljGr5XDqQLvpAe HTTP/1.1" 200 94
181.61.243.131 - - [30/Nov/2014:14:23:15 -0500] "GET /galeria/nivo-slider/themes/default/default.css HTTP/1.1" 200 1569
181.61.243.131 - - [30/Nov/2014:14:23:15 -0500] "GET /galeria/nivo-slider/themes/pascal/pascal.css HTTP/1.1" 200 2258
66.249.65.119 - - [30/Nov/2014:14:23:16 -0500] "GET /BLA/resoluciones/Notificaciones/AUTOS%202014/2760.doc HTTP/1.1" 304 -
181.61.243.131 - - [30/Nov/2014:14:23:16 -0500] "GET /galeria/nivo-slider/themes/orman/orman.css HTTP/1.1" 200 2152
181.61.243.131 - - [30/Nov/2014:14:23:16 -0500] "GET /galeria/nivo-slider/demo/style.css HTTP/1.1" 200 2222
181.61.243.131 - - [30/Nov/2014:14:23:16 -0500] "GET /galeria/nivo-slider/nivo-slider.css HTTP/1.1" 200 1507
181.61.243.131 - - [30/Nov/2014:14:23:16 -0500] "GET /galeria/nivo-slider/demo/scripts/jquery-1.7.1.min.js HTTP/1.1" 200 93868
181.61.243.131 - - [30/Nov/2014:14:23:17 -0500] "GET /galeria/nivo-slider/jquery.nivo.slider.pack.js HTTP/1.1" 200 11561
181.61.243.131 - - [30/Nov/2014:14:23:17 -0500] "GET /galeria/nivo-slider/demo/images/4Simple_Slider.png HTTP/1.1" 200 11722
181.61.243.131 - - [30/Nov/2014:14:23:17 -0500] "GET /galeria/nivo-slider/themes/default/loading.gif HTTP/1.1" 200 1737
181.61.243.131 - - [30/Nov/2014:14:23:18 -0500] "GET /galeria/nivo-slider/demo/images/Banner-GAE3.jpg HTTP/1.1" 200 146354
181.61.243.131 - - [30/Nov/2014:14:23:18 -0500] "GET /galeria/nivo-slider/demo/images/festivalBasura0.jpg HTTP/1.1" 200 96780
181.61.243.131 - - [30/Nov/2014:14:23:18 -0500] "GET /galeria/nivo-slider/demo/images/Banner-comparendo.jpg HTTP/1.1" 200 388762
181.61.243.131 - - [30/Nov/2014:14:23:18 -0500] "GET /galeria/nivo-slider/demo/images/banner-pygaai.jpg HTTP/1.1" 200 82693
181.61.243.131 - - [30/Nov/2014:14:23:21 -0500] "GET /galeria/nivo-slider/demo/images/Biotaxis-Man.jpg HTTP/1.1" 200 99362
181.61.243.131 - - [30/Nov/2014:14:23:23 -0500] "GET /galeria/nivo-slider/demo/images/porloshumedales.jpg HTTP/1.1" 200 351238
181.61.243.131 - - [30/Nov/2014:14:23:28 -0500] "GET /galeria/nivo-slider/demo/images/Tingua-azul.jpg HTTP/1.1" 200 307638
181.61.243.131 - - [30/Nov/2014:14:23:29 -0500] "GET /galeria/nivo-slider/demo/images/Banner-Caracol-Africano.jpg HTTP/1.1" 200 331986
181.61.243.131 - - [30/Nov/2014:14:23:29 -0500] "GET /galeria/nivo-slider/demo/images/banner-redes.jpg HTTP/1.1" 200 62209
181.61.243.131 - - [30/Nov/2014:14:23:34 -0500] "GET /videos/Spot_CambioClimatico.flv HTTP/1.1" 200 4371917
181.61.243.131 - - [30/Nov/2014:14:23:35 -0500] "GET /galeria/nivo-slider/demo/images/9Signos.jpg HTTP/1.1" 200 93040
181.61.243.131 - - [30/Nov/2014:14:23:38 -0500] "GET /galeria/nivo-slider/demo/images/banner-caballos.png HTTP/1.1" 200 389106
181.196.180.13 - - [30/Nov/2014:14:23:40 -0500] "GET /BLA/boletinlegal/js/jquery.scrollTo-min.js HTTP/1.1" 200 1150
181.196.180.13 - - [30/Nov/2014:14:23:40 -0500] "GET /BLA/boletinlegal/js/jquery.js HTTP/1.1" 200 57254
181.196.180.13 - - [30/Nov/2014:14:23:40 -0500] "GET /BLA/boletinlegal/js/jquery.scrollShow.js HTTP/1.1" 200 4586
181.61.243.131 - - [30/Nov/2014:14:23:40 -0500] "GET /galeria/nivo-slider/demo/images/Hacienda_Molinos.jpg HTTP/1.1" 200 319171
181.61.243.131 - - [30/Nov/2014:14:23:40 -0500] "GET /galeria/nivo-slider/demo/images/bannerEcolecta3.jpg HTTP/1.1" 200 280034
180.76.6.66 - - [30/Nov/2014:14:23:41 -0500] "GET /BLA/resoluciones/RESOLUCIONES%202010/2272.pdf HTTP/1.1" 200 519360
66.249.65.119 - - [30/Nov/2014:14:23:44 -0500] "GET /BLA/resoluciones/Notificaciones/AUTOS%202014/2993.doc HTTP/1.1" 304 -
181.61.243.131 - - [30/Nov/2014:14:23:54 -0500] "GET /galeria/nivo-slider/themes/default/arrows.png HTTP/1.1" 200 824
181.61.243.131 - - [30/Nov/2014:14:23:54 -0500] "GET /galeria/nivo-slider/themes/default/bullets.png HTTP/1.1" 200 1281
190.26.187.219 - - [30/Nov/2014:14:23:58 -0500] "POST /forms/lservlet;jsessionid=ac16012b30d533aa0af39f8e4389b08a89a8e9251ddf.e3iSbxaKaheRe34Sa3yKbhiTahb0n6jAmljGr5XDqQLvpAe HTTP/1.1" 200 2
220.181.108.144 - - [30/Nov/2014:14:24:05 -0500] "GET /BLA/boletinlegal/js/jquery.js HTTP/1.1" 200 57254
66.249.65.119 - - [30/Nov/2014:14:24:12 -0500] "GET /BLA/resoluciones/AUTOS%202013/0009.pdf HTTP/1.1" 304 -
220.181.108.177 - - [30/Nov/2014:14:24:16 -0500] "GET /BLA/boletinlegal/js/jquery.scrollTo-min.js HTTP/1.1" 200 1150
189.149.26.147 - - [30/Nov/2014:14:24:23 -0500] "GET /BLA/boletinlegal/js/jquery.scrollTo-min.js HTTP/1.1" 200 1150
189.149.26.147 - - [30/Nov/2014:14:24:23 -0500] "GET /BLA/boletinlegal/js/jquery.scrollShow.js HTTP/1.1" 200 4586
189.149.26.147 - - [30/Nov/2014:14:24:24 -0500] "GET /BLA/boletinlegal/js/jquery.js HTTP/1.1" 200 57254
180.76.5.187 - - [30/Nov/2014:14:24:28 -0500] "GET /BLA/resoluciones/RESOLUCIONES%202008/2007.pdf HTTP/1.1" 200 267228
181.50.241.109 - - [30/Nov/2014:14:24:34 -0500] "POST /forms/lservlet;jsessionid=ac16012b30d5f682009d5f7842a48dd7955190f32559.e3iSbxaKaheRe34Sa3yKbhiTahb0n6jAmljGr5XDqQLvpAe HTTP/1.1" 200 2
66.249.65.119 - - [30/Nov/2014:14:24:40 -0500] "GET /BLA/resoluciones/Notificaciones/AUTOS%202014/1551.doc HTTP/1.1" 304 -
186.30.142.13 - - [30/Nov/2014:14:24:54 -0500] "GET /BLA/boletinlegal/js/jquery.js HTTP/1.1" 200 57254
186.30.142.13 - - [30/Nov/2014:14:24:54 -0500] "GET /BLA/boletinlegal/js/jquery.scrollTo-min.js HTTP/1.1" 200 1150
186.30.142.13 - - [30/Nov/2014:14:24:54 -0500] "GET /BLA/boletinlegal/js/jquery.scrollShow.js HTTP/1.1" 200 4586
66.249.65.119 - - [30/Nov/2014:14:25:08 -0500] "GET /BLA/resoluciones/RESOLUCIONES%202010/5516.pdf HTTP/1.1" 200 2816787
180.76.5.169 - - [30/Nov/2014:14:25:16 -0500] "GET /BLA/resoluciones/RESOLUCIONES%202008/2318.pdf HTTP/1.1" 200 362611
112.111.190.24 - - [30/Nov/2014:14:25:26 -0500] "GET /BLA/resoluciones/RESOLUCIONES%202012/0317.pdf HTTP/1.1" 200 380151
201.245.192.253 - - [30/Nov/2014:14:25:28 -0500] "GET /BLA/boletinlegal/js/jquery.js HTTP/1.1" 304 -
201.245.192.253 - - [30/Nov/2014:14:25:28 -0500] "GET /BLA/boletinlegal/js/jquery.scrollTo-min.js HTTP/1.1" 304 -
201.245.192.253 - - [30/Nov/2014:14:25:28 -0500] "GET /BLA/boletinlegal/js/jquery.scrollShow.js HTTP/1.1" 304 -
201.245.192.253 - - [30/Nov/2014:14:25:28 -0500] "GET /galeria/carrusel/Carrusel/jquery.thumbnailScroller.css HTTP/1.1" 304 -
201.245.192.253 - - [30/Nov/2014:14:25:28 -0500] "GET /galeria/carrusel/Carrusel/jquery-ui-1.8.13.custom.min.js HTTP/1.1" 304 -
201.245.192.253 - - [30/Nov/2014:14:25:28 -0500] "GET /galeria/carrusel/Carrusel/jquery.thumbnailScroller.js HTTP/1.1" 304 -
201.245.192.253 - - [30/Nov/2014:14:25:28 -0500] "GET /galeria/nivo-slider/demo/demo.html HTTP/1.1" 304 -
201.245.192.253 - - [30/Nov/2014:14:25:28 -0500] "GET /galeria/nivo-slider/themes/default/default.css HTTP/1.1" 304 -
201.245.192.253 - - [30/Nov/2014:14:25:28 -0500] "GET /galeria/nivo-slider/demo/images/banner-pygaai.jpg HTTP/1.1" 304 -
201.245.192.253 - - [30/Nov/2014:14:25:28 -0500] "GET /galeria/nivo-slider/demo/images/festivalBasura0.jpg HTTP/1.1" 304 -
201.245.192.253 - - [30/Nov/2014:14:25:28 -0500] "GET /galeria/nivo-slider/demo/images/Banner-GAE3.jpg HTTP/1.1" 304 -
201.245.192.253 - - [30/Nov/2014:14:25:28 -0500] "GET /galeria/nivo-slider/demo/images/Biotaxis-Man.jpg HTTP/1.1" 304 -
201.245.192.253 - - [30/Nov/2014:14:25:28 -0500] "GET /galeria/nivo-slider/themes/pascal/pascal.css HTTP/1.1" 304 -
201.245.192.253 - - [30/Nov/2014:14:25:28 -0500] "GET /galeria/nivo-slider/themes/orman/orman.css HTTP/1.1" 304 -
201.245.192.253 - - [30/Nov/2014:14:25:28 -0500] "GET /galeria/nivo-slider/jquery.nivo.slider.pack.js HTTP/1.1" 304 -
201.245.192.253 - - [30/Nov/2014:14:25:28 -0500] "GET /galeria/nivo-slider/demo/images/porloshumedales.jpg HTTP/1.1" 304 -
201.245.192.253 - - [30/Nov/2014:14:25:28 -0500] "GET /galeria/nivo-slider/demo/images/Banner-comparendo.jpg HTTP/1.1" 304 -
201.245.192.253 - - [30/Nov/2014:14:25:28 -0500] "GET /galeria/nivo-slider/demo/scripts/jquery-1.7.1.min.js HTTP/1.1" 304 -
201.245.192.253 - - [30/Nov/2014:14:25:28 -0500] "GET /galeria/nivo-slider/demo/style.css HTTP/1.1" 304 -
201.245.192.253 - - [30/Nov/2014:14:25:28 -0500] "GET /galeria/nivo-slider/demo/images/Tingua-azul.jpg HTTP/1.1" 304 -
201.245.192.253 - - [30/Nov/2014:14:25:28 -0500] "GET /galeria/nivo-slider/demo/images/Banner-Caracol-Africano.jpg HTTP/1.1" 304 -
201.245.192.253 - - [30/Nov/2014:14:25:28 -0500] "GET /galeria/nivo-slider/demo/images/banner-redes.jpg HTTP/1.1" 304 -
201.245.192.253 - - [30/Nov/2014:14:25:28 -0500] "GET /galeria/nivo-slider/demo/images/banner-caballos.png HTTP/1.1" 304 -
201.245.192.253 - - [30/Nov/2014:14:25:28 -0500] "GET /galeria/nivo-slider/demo/images/9Signos.jpg HTTP/1.1" 304 -
201.245.192.253 - - [30/Nov/2014:14:25:28 -0500] "GET /galeria/nivo-slider/demo/images/Hacienda_Molinos.jpg HTTP/1.1" 304 -
201.245.192.253 - - [30/Nov/2014:14:25:28 -0500] "GET /galeria/nivo-slider/demo/images/bannerEcolecta3.jpg HTTP/1.1" 304 -
201.245.192.253 - - [30/Nov/2014:14:25:28 -0500] "GET /galeria/nivo-slider/demo/images/4Simple_Slider.png HTTP/1.1" 304 -
201.245.192.253 - - [30/Nov/2014:14:25:28 -0500] "GET /galeria/nivo-slider/themes/default/loading.gif HTTP/1.1" 304 -
201.245.192.253 - - [30/Nov/2014:14:25:29 -0500] "GET /galeria/nivo-slider/themes/default/arrows.png HTTP/1.1" 304 -
201.245.192.253 - - [30/Nov/2014:14:25:29 -0500] "GET /galeria/nivo-slider/themes/default/bullets.png HTTP/1.1" 304 -
181.246.55.24 - - [30/Nov/2014:14:25:30 -0500] "GET /BLA/boletinlegal/js/jquery.js HTTP/1.1" 200 57254
181.246.55.24 - - [30/Nov/2014:14:25:30 -0500] "GET /BLA/boletinlegal/js/jquery.scrollTo-min.js HTTP/1.1" 200 1150
181.246.55.24 - - [30/Nov/2014:14:25:30 -0500] "GET /BLA/boletinlegal/js/jquery.scrollShow.js HTTP/1.1" 200 4586
66.249.65.119 - - [30/Nov/2014:14:25:39 -0500] "GET /BLA/resoluciones/Notificaciones/AUTOS%202014/0547.doc HTTP/1.1" 304 -
112.111.190.24 - - [30/Nov/2014:14:25:39 -0500] "POST /BLA/resoluciones/RESOLUCIONES%202012/0317.pdf/trackback/ HTTP/1.1" 404 1292
186.82.178.142 - - [30/Nov/2014:14:25:41 -0500] "GET /BLA/boletinlegal/js/jquery.js HTTP/1.1" 200 57254
186.82.178.142 - - [30/Nov/2014:14:25:41 -0500] "GET /BLA/boletinlegal/js/jquery.scrollTo-min.js HTTP/1.1" 200 1150
186.82.178.142 - - [30/Nov/2014:14:25:41 -0500] "GET /BLA/boletinlegal/js/jquery.scrollShow.js HTTP/1.1" 200 4586
189.230.81.123 - - [30/Nov/2014:14:25:41 -0500] "GET /BLA/boletinlegal/js/jquery.js HTTP/1.1" 200 57254
189.230.81.123 - - [30/Nov/2014:14:25:41 -0500] "GET /BLA/boletinlegal/js/jquery.scrollTo-min.js HTTP/1.1" 200 1150
189.230.81.123 - - [30/Nov/2014:14:25:41 -0500] "GET /BLA/boletinlegal/js/jquery.scrollShow.js HTTP/1.1" 200 4586
188.165.15.87 - - [30/Nov/2014:14:25:47 -0500] "GET /BLA/resoluciones/RESOLUCIONES%202002/RES%202002%20451-500/00000469.tif HTTP/1.1" 200 84328
201.245.192.253 - - [30/Nov/2014:14:25:47 -0500] "GET /BLA/boletinlegal/actos.php HTTP/1.1" 200 7534
201.245.192.253 - - [30/Nov/2014:14:25:48 -0500] "GET /BLA/boletinlegal/js/ajax_actos.js HTTP/1.1" 304 -
201.245.192.253 - - [30/Nov/2014:14:25:48 -0500] "GET /BLA/boletinlegal/niceforms.js HTTP/1.1" 304 -
201.245.192.253 - - [30/Nov/2014:14:25:48 -0500] "GET /BLA/boletinlegal/niceforms-default.css HTTP/1.1" 304 -
201.245.192.253 - - [30/Nov/2014:14:25:48 -0500] "GET /BLA/boletinlegal/js/lib.js HTTP/1.1" 304 -
201.245.192.253 - - [30/Nov/2014:14:25:48 -0500] "GET /BLA/boletinlegal/js/jquery1.js HTTP/1.1" 304 -
201.245.192.253 - - [30/Nov/2014:14:25:48 -0500] "GET /BLA/boletinlegal/js/popup.js HTTP/1.1" 304 -
201.245.192.253 - - [30/Nov/2014:14:25:48 -0500] "GET /BLA/boletinlegal/images/green-yellow-blue-pink-th.png HTTP/1.1" 304 -
201.245.192.253 - - [30/Nov/2014:14:25:48 -0500] "GET /BLA/boletinlegal/images/abajo.png HTTP/1.1" 304 -
201.245.192.253 - - [30/Nov/2014:14:25:48 -0500] "GET /BLA/boletinlegal/img/0.png HTTP/1.1" 304 -
201.245.192.253 - - [30/Nov/2014:14:25:48 -0500] "GET /BLA/boletinlegal/img/select-left.png HTTP/1.1" 304 -
201.245.192.253 - - [30/Nov/2014:14:25:48 -0500] "GET /BLA/boletinlegal/img/button-right.png HTTP/1.1" 304 -
201.245.192.253 - - [30/Nov/2014:14:25:48 -0500] "GET /BLA/boletinlegal/img/button.png HTTP/1.1" 304 -
187.209.66.228 - - [30/Nov/2014:14:25:54 -0500] "GET /BLA/boletinlegal/js/jquery.js HTTP/1.1" 200 57254
187.209.66.228 - - [30/Nov/2014:14:25:54 -0500] "GET /BLA/boletinlegal/js/jquery.scrollTo-min.js HTTP/1.1" 200 1150
187.209.66.228 - - [30/Nov/2014:14:25:54 -0500] "GET /BLA/boletinlegal/js/jquery.scrollShow.js HTTP/1.1" 200 4586
190.26.187.219 - - [30/Nov/2014:14:25:58 -0500] "POST /forms/lservlet;jsessionid=ac16012b30d533aa0af39f8e4389b08a89a8e9251ddf.e3iSbxaKaheRe34Sa3yKbhiTahb0n6jAmljGr5XDqQLvpAe HTTP/1.1" 200 2
66.249.65.119 - - [30/Nov/2014:14:26:04 -0500] "GET /BLA/resoluciones/Notificaciones/AUTOS%202014/2637.doc HTTP/1.1" 304 -
186.113.92.50 - - [30/Nov/2014:14:20:12 -0500] "GET /ForestMSG_SDA/channelAsync/template_word_16980384?X-Atmosphere-tracking-id=5a87cb20-f05d-16df-c684-da64b33d1201&X-Atmosphere-Framework=1.0.5&X-Atmosphere-Transport=long-polling&tabid=0.03968597715720534&X-Cache-Date=0&Content-Type=application/xml&_=1417375391283 HTTP/1.1" 200 8193
201.245.192.253 - - [30/Nov/2014:14:25:45 -0500] "GET /BLA/boletinlegal/ HTTP/1.1" 200 37155
201.245.192.253 - - [30/Nov/2014:14:26:23 -0500] "GET /BLA/boletinlegal/consulta_actos.php?tipo=autos&no=5777&usuario=&sector=&fecha=2010&resuelve= HTTP/1.1" 200 623
188.165.15.61 - - [30/Nov/2014:14:26:25 -0500] "GET /BLA/resoluciones/RESOLUCIONES%202002/RES%202002%20651-700/00000678.tif HTTP/1.1" 200 48786
190.26.187.219 - - [30/Nov/2014:14:26:25 -0500] "POST /forms/lservlet;jsessionid=ac16012b30d533aa0af39f8e4389b08a89a8e9251ddf.e3iSbxaKaheRe34Sa3yKbhiTahb0n6jAmljGr5XDqQLvpAe HTTP/1.1" 200 78
66.249.65.119 - - [30/Nov/2014:14:26:32 -0500] "GET /BLA/resoluciones/RESOLUCIONES%202010/2378.pdf HTTP/1.1" 304 -
181.50.241.109 - - [30/Nov/2014:14:26:34 -0500] "POST /forms/lservlet;jsessionid=ac16012b30d5f682009d5f7842a48dd7955190f32559.e3iSbxaKaheRe34Sa3yKbhiTahb0n6jAmljGr5XDqQLvpAe HTTP/1.1" 200 2
74.86.158.107 - - [30/Nov/2014:14:26:50 -0500] "HEAD / HTTP/1.1" 302 -
66.249.65.123 - - [30/Nov/2014:14:27:00 -0500] "GET /BLA/resoluciones/Notificaciones/AUTOS%202014/0042.doc HTTP/1.1" 304 -
66.249.65.123 - - [30/Nov/2014:14:27:29 -0500] "GET /BLA/resoluciones/RESOLUCIONES%202012/0806.pdf HTTP/1.1" 200 274482
66.249.65.115 - - [30/Nov/2014:14:27:57 -0500] "GET /BLA/resoluciones/RESOLUCIONES%202010/3282.pdf HTTP/1.1" 304 -
190.26.187.219 - - [30/Nov/2014:14:27:59 -0500] "POST /forms/lservlet;jsessionid=ac16012b30d533aa0af39f8e4389b08a89a8e9251ddf.e3iSbxaKaheRe34Sa3yKbhiTahb0n6jAmljGr5XDqQLvpAe HTTP/1.1" 200 2
188.165.15.41 - - [30/Nov/2014:14:28:09 -0500] "GET /BLA/resoluciones/index.php?dir=RESOLUCIONES%202006/RES%202006%20%202801-2850/&sort=date&order=desc HTTP/1.1" 200 12414
66.249.65.115 - - [30/Nov/2014:14:28:25 -0500] "GET /BLA/resoluciones/Notificaciones/AUTOS%202014/1573.doc HTTP/1.1" 304 -
66.249.65.115 - - [30/Nov/2014:14:28:34 -0500] "GET /BLA/resoluciones/RESOLUCIONES%202004/RES%202004%20601-650/00000646.tif HTTP/1.1" 200 179184
181.50.241.109 - - [30/Nov/2014:14:28:34 -0500] "POST /forms/lservlet;jsessionid=ac16012b30d5f682009d5f7842a48dd7955190f32559.e3iSbxaKaheRe34Sa3yKbhiTahb0n6jAmljGr5XDqQLvpAe HTTP/1.1" 200 2
200.93.135.156 - - [30/Nov/2014:14:28:43 -0500] "GET /BLA/boletinlegal/js/jquery.js HTTP/1.1" 200 57254
200.93.135.156 - - [30/Nov/2014:14:28:43 -0500] "GET /BLA/boletinlegal/js/jquery.scrollTo-min.js HTTP/1.1" 200 1150
200.93.135.156 - - [30/Nov/2014:14:28:43 -0500] "GET /BLA/boletinlegal/js/jquery.scrollShow.js HTTP/1.1" 200 4586
200.93.135.156 - - [30/Nov/2014:14:28:43 -0500] "GET /galeria/carrusel/Carrusel/jquery-ui-1.8.13.custom.min.js HTTP/1.1" 200 10800
200.93.135.156 - - [30/Nov/2014:14:28:43 -0500] "GET /galeria/carrusel/Carrusel/jquery.thumbnailScroller.css HTTP/1.1" 200 2066
200.93.135.156 - - [30/Nov/2014:14:28:43 -0500] "GET /galeria/carrusel/Carrusel/jquery.thumbnailScroller.js HTTP/1.1" 200 8157
200.93.135.156 - - [30/Nov/2014:14:28:46 -0500] "GET /galeria/nivo-slider/demo/demo.html HTTP/1.1" 200 3458
200.93.135.156 - - [30/Nov/2014:14:28:46 -0500] "GET /galeria/nivo-slider/themes/default/default.css HTTP/1.1" 200 1569
200.93.135.156 - - [30/Nov/2014:14:28:46 -0500] "GET /galeria/nivo-slider/themes/pascal/pascal.css HTTP/1.1" 200 2258
200.93.135.156 - - [30/Nov/2014:14:28:46 -0500] "GET /galeria/nivo-slider/themes/orman/orman.css HTTP/1.1" 200 2152
200.93.135.156 - - [30/Nov/2014:14:28:46 -0500] "GET /galeria/nivo-slider/demo/style.css HTTP/1.1" 200 2222
200.93.135.156 - - [30/Nov/2014:14:28:46 -0500] "GET /galeria/nivo-slider/nivo-slider.css HTTP/1.1" 200 1507
200.93.135.156 - - [30/Nov/2014:14:28:46 -0500] "GET /galeria/nivo-slider/demo/images/Banner-GAE3.jpg HTTP/1.1" 200 146354
200.93.135.156 - - [30/Nov/2014:14:28:46 -0500] "GET /galeria/nivo-slider/demo/images/festivalBasura0.jpg HTTP/1.1" 200 96780
200.93.135.156 - - [30/Nov/2014:14:28:46 -0500] "GET /galeria/nivo-slider/demo/images/Banner-comparendo.jpg HTTP/1.1" 200 388762
200.93.135.156 - - [30/Nov/2014:14:28:46 -0500] "GET /galeria/nivo-slider/demo/images/banner-pygaai.jpg HTTP/1.1" 200 82693
200.93.135.156 - - [30/Nov/2014:14:28:46 -0500] "GET /galeria/nivo-slider/demo/images/Biotaxis-Man.jpg HTTP/1.1" 200 99362
200.93.135.156 - - [30/Nov/2014:14:28:47 -0500] "GET /galeria/nivo-slider/demo/images/Banner-Caracol-Africano.jpg HTTP/1.1" 200 331986
188.165.15.181 - - [30/Nov/2014:14:28:49 -0500] "GET /BLA/resoluciones/RESOLUCIONES%202004/RES%202004%201551-1600/00001572.tif HTTP/1.1" 200 81308
200.93.135.156 - - [30/Nov/2014:14:28:49 -0500] "GET /galeria/nivo-slider/demo/images/banner-redes.jpg HTTP/1.1" 200 62209
200.93.135.156 - - [30/Nov/2014:14:28:49 -0500] "GET /galeria/nivo-slider/demo/images/9Signos.jpg HTTP/1.1" 200 93040
200.93.135.156 - - [30/Nov/2014:14:28:50 -0500] "GET /galeria/nivo-slider/demo/images/Tingua-azul.jpg HTTP/1.1" 200 307638
