66.249.65.115 - - [30/Nov/2014:06:51:09 -0500] "GET /BLA/resoluciones/RESOLUCIONES%202013/0473.pdf HTTP/1.1" 304 -
66.249.65.115 - - [30/Nov/2014:06:51:33 -0500] "GET /BLA/resoluciones/RESOLUCIONES%202013/0157.pdf HTTP/1.1" 200 605209
188.165.15.235 - - [30/Nov/2014:06:51:41 -0500] "GET /BLA/resoluciones/RESOLUCIONES%202006/RES%202006%201501-1550/00001527.tif HTTP/1.1" 200 199642
74.86.158.107 - - [30/Nov/2014:06:51:51 -0500] "HEAD / HTTP/1.1" 302 -
66.249.65.119 - - [30/Nov/2014:06:51:57 -0500] "GET /BLA/resoluciones/RESOLUCIONES%202007/RES%202007%201401%20AL%201500/RESOLUCION%201445%20DE%202007.pdf HTTP/1.1" 304 -
186.145.58.53 - - [30/Nov/2014:06:52:17 -0500] "POST /forms/lservlet;jsessionid=ac16012b30d520417a54b3ad46c4b639843bfe7237f7.e3iSbxaKaheRe34Sa3yKbhiTahb0n6jAmljGr5XDqQLvpAe HTTP/1.1" 200 2
66.249.65.115 - - [30/Nov/2014:06:52:21 -0500] "GET /BLA/resoluciones/RESOLUCIONES%202007/RES%202007%203601%20AL%203700/RESOLUCION%203627%20DE%202007.pdf HTTP/1.1" 200 656421
66.249.65.119 - - [30/Nov/2014:06:52:45 -0500] "GET /BLA/resoluciones/AUTOS%202014/0871.pdf HTTP/1.1" 200 311364
66.249.65.119 - - [30/Nov/2014:06:53:32 -0500] "GET /BLA/resoluciones/RESOLUCIONES%202010/5880.pdf HTTP/1.1" 200 405386
188.165.15.87 - - [30/Nov/2014:06:53:47 -0500] "GET /BLA/resoluciones/RESOLUCIONES%202002/RES%202002%201601-1650/20021644.tif HTTP/1.1" 200 103732
66.249.65.123 - - [30/Nov/2014:06:53:55 -0500] "GET /BLA/resoluciones/AUTOS%202011/2969.pdf HTTP/1.1" 200 826879
181.61.73.9 - - [30/Nov/2014:06:54:14 -0500] "GET /BLA/boletinlegal/js/jquery.scrollTo-min.js HTTP/1.1" 200 1150
181.61.73.9 - - [30/Nov/2014:06:54:14 -0500] "GET /BLA/boletinlegal/js/jquery.scrollShow.js HTTP/1.1" 200 4586
181.61.73.9 - - [30/Nov/2014:06:54:14 -0500] "GET /BLA/boletinlegal/js/jquery.js HTTP/1.1" 200 57254
181.61.73.9 - - [30/Nov/2014:06:54:14 -0500] "GET /galeria/bibloteca/contentflow.js HTTP/1.1" 200 42804
181.61.73.9 - - [30/Nov/2014:06:54:15 -0500] "GET /galeria/bibloteca/contentflow.css HTTP/1.1" 200 3201
181.61.73.9 - - [30/Nov/2014:06:54:15 -0500] "GET /galeria/bibloteca/ContentFlowAddOn_white.js HTTP/1.1" 200 2497
181.61.73.9 - - [30/Nov/2014:06:54:15 -0500] "GET /galeria/bibloteca/mycontentflow.css HTTP/1.1" 200 3110
181.61.73.9 - - [30/Nov/2014:06:54:15 -0500] "GET /galeria/bibloteca/ContentFlowAddOn_white.css HTTP/1.1" 200 3355
181.61.73.9 - - [30/Nov/2014:06:54:16 -0500] "GET /galeria/bibloteca/img/loader.gif HTTP/1.1" 200 8238
181.61.73.9 - - [30/Nov/2014:06:54:16 -0500] "GET /galeria/bibloteca/img/scrollbar_white.png HTTP/1.1" 200 82
181.61.73.9 - - [30/Nov/2014:06:54:16 -0500] "GET /galeria/bibloteca/img/slider_white.png HTTP/1.1" 200 178
186.145.58.53 - - [30/Nov/2014:06:54:17 -0500] "POST /forms/lservlet;jsessionid=ac16012b30d520417a54b3ad46c4b639843bfe7237f7.e3iSbxaKaheRe34Sa3yKbhiTahb0n6jAmljGr5XDqQLvpAe HTTP/1.1" 200 2
66.249.65.119 - - [30/Nov/2014:06:54:18 -0500] "GET /BLA/resoluciones/RESOLUCIONES%202007/RES%202007%201101%20AL%201200/RESOLUCION%201180%20DE%202007.pdf HTTP/1.1" 200 1057539
181.61.73.9 - - [30/Nov/2014:06:54:18 -0500] "GET /galeria/bibloteca/img/scrollbar_black.png HTTP/1.1" 200 82
181.61.73.9 - - [30/Nov/2014:06:54:18 -0500] "GET /galeria/bibloteca/img/slider_black.png HTTP/1.1" 200 175
181.61.73.9 - - [30/Nov/2014:06:54:18 -0500] "GET /galeria/bibloteca/img/1x1_0.5_white.png HTTP/1.1" 200 82
181.61.73.9 - - [30/Nov/2014:06:54:18 -0500] "GET /galeria/bibloteca/img/ajax-loader.gif HTTP/1.1" 200 9427
207.46.13.71 - - [30/Nov/2014:06:53:54 -0500] "GET /BLA/boletinlegal/?/ HTTP/1.1" 200 49381
66.249.65.115 - - [30/Nov/2014:06:54:40 -0500] "GET /BLA/resoluciones/AUTOS%202008/2904.pdf HTTP/1.1" 200 81768
220.181.108.120 - - [30/Nov/2014:06:54:43 -0500] "GET / HTTP/1.1" 302 -
180.76.5.167 - - [30/Nov/2014:06:54:47 -0500] "GET /BLA/resoluciones/AUTOS%202007/2346.pdf HTTP/1.1" 200 112924
66.249.65.119 - - [30/Nov/2014:06:55:03 -0500] "GET /BLA/resoluciones/AUTOS%202007/1247.pdf HTTP/1.1" 200 70461
181.54.235.34 - - [30/Nov/2014:06:55:05 -0500] "GET /galeria/carrusel/Carrusel/jquery.thumbnailScroller.js HTTP/1.1" 200 8157
181.54.235.34 - - [30/Nov/2014:06:55:05 -0500] "GET /galeria/carrusel/Carrusel/jquery-ui-1.8.13.custom.min.js HTTP/1.1" 200 10800
181.54.235.34 - - [30/Nov/2014:06:55:05 -0500] "GET /galeria/carrusel/Carrusel/jquery.thumbnailScroller.css HTTP/1.1" 200 2066
66.249.65.115 - - [30/Nov/2014:06:55:25 -0500] "GET /BLA/resoluciones/AUTOS%202007/3610.pdf HTTP/1.1" 200 289112
188.165.15.41 - - [30/Nov/2014:06:55:25 -0500] "GET /manual_funciones_Listado/index.php?dir=2.2.1.%20Subdirecci%C3%83%C2%83%C3%82%C2%B3n%20de%20Control%20Ambiental%20al%20Sector%20P%C3%83%C2%83%C3%82%C2%BAblico/&sort=name&order=asc HTTP/1.1" 404 1018
66.249.65.115 - - [30/Nov/2014:06:55:47 -0500] "GET /BLA/resoluciones/RESOLUCIONES%202008/4776.pdf HTTP/1.1" 200 379652
123.125.71.42 - - [30/Nov/2014:06:56:07 -0500] "GET / HTTP/1.1" 302 -
66.249.65.123 - - [30/Nov/2014:06:56:08 -0500] "GET /BLA/resoluciones/AUTOS%202009/2587.pdf HTTP/1.1" 200 86907
186.145.58.53 - - [30/Nov/2014:06:56:17 -0500] "POST /forms/lservlet;jsessionid=ac16012b30d520417a54b3ad46c4b639843bfe7237f7.e3iSbxaKaheRe34Sa3yKbhiTahb0n6jAmljGr5XDqQLvpAe HTTP/1.1" 200 2
201.244.206.221 - - [30/Nov/2014:06:56:25 -0500] "GET /BLA/boletinlegal/js/jquery.js HTTP/1.1" 200 57254
201.244.206.221 - - [30/Nov/2014:06:56:25 -0500] "GET /BLA/boletinlegal/js/jquery.scrollTo-min.js HTTP/1.1" 200 1150
201.244.206.221 - - [30/Nov/2014:06:56:25 -0500] "GET /BLA/boletinlegal/js/jquery.scrollShow.js HTTP/1.1" 200 4586
66.249.65.115 - - [30/Nov/2014:06:56:30 -0500] "GET /BLA/resoluciones/AUTOS%202011/3734.pdf HTTP/1.1" 304 -
74.86.158.107 - - [30/Nov/2014:06:56:51 -0500] "HEAD / HTTP/1.1" 302 -
66.249.65.115 - - [30/Nov/2014:06:56:51 -0500] "GET /BLA/resoluciones/RESOLUCIONES%202012/0435.pdf HTTP/1.1" 200 260796
66.249.65.123 - - [30/Nov/2014:06:57:12 -0500] "GET /BLA/resoluciones/RESOLUCIONES%202010/7556.pdf HTTP/1.1" 304 -
152.61.128.66 - - [30/Nov/2014:06:57:17 -0500] "HEAD / HTTP/1.1" 302 -
152.61.128.66 - - [30/Nov/2014:06:57:17 -0500] "GET /arcgis/services/Calidad_del_Agua_WQI/MapServer/WMSServer?request=GetCapabilities&service=WMS HTTP/1.1" 200 32135
152.61.128.66 - - [30/Nov/2014:06:57:17 -0500] "GET /arcgis/services/Calidad_del_Agua_WQI/MapServer/WMSServer?request=GetCapabilities&service=WMS HTTP/1.0" 200 32135
152.61.128.66 - - [30/Nov/2014:06:57:18 -0500] "GET /arcgis/services/Calidad_del_Agua_WQI/MapServer/WMSServer?request=GetCapabilities&service=WMS HTTP/1.0" 200 32135
152.61.128.66 - - [30/Nov/2014:06:57:19 -0500] "GET /arcgis/services/Calidad_del_Agua_WQI/MapServer/WMSServer?request=GetCapabilities&service=WMS HTTP/1.0" 200 32135
152.61.128.66 - - [30/Nov/2014:06:57:20 -0500] "GET /arcgis/services/Calidad_del_Agua_WQI/MapServer/WMSServer?VERSION=1.1.1&REQUEST=GetMap&LAYERS=0&SRS=EPSG:4326&BBOX=-74.473395,3.674381,-73.963300,4.920569&WIDTH=250&HEIGHT=250&FORMAT=image/bmp&STYLES=& HTTP/1.1" 200 188054
190.143.8.27 - - [30/Nov/2014:06:57:24 -0500] "GET /BLA/resoluciones/RESOLUCIONES%202008/2580.pdf HTTP/1.1" 200 830963
190.143.8.27 - - [30/Nov/2014:06:57:24 -0500] "GET /BLA/resoluciones/RESOLUCIONES%202008/2580.pdf HTTP/1.1" 206 32768
190.143.8.27 - - [30/Nov/2014:06:57:24 -0500] "GET /BLA/resoluciones/RESOLUCIONES%202008/2580.pdf HTTP/1.1" 206 798195
190.143.8.27 - - [30/Nov/2014:06:57:25 -0500] "GET /favicon.ico HTTP/1.1" 200 7782
66.249.65.123 - - [30/Nov/2014:06:57:33 -0500] "GET /BLA/resoluciones/RESOLUCIONES%202007/RES%202007%203201%20AL%203300/RESOLUCION%203274%20DE%202007.pdf HTTP/1.1" 304 -
152.61.128.66 - - [30/Nov/2014:06:57:35 -0500] "HEAD / HTTP/1.1" 302 -
152.61.128.66 - - [30/Nov/2014:06:57:35 -0500] "GET /arcgis/services/Calidad_del_Agua_WQI/MapServer/WMSServer?SERVICE=WMS&REQUEST=GetCapabilities HTTP/1.1" 200 32135
152.61.128.66 - - [30/Nov/2014:06:57:35 -0500] "GET /arcgis/services/Calidad_del_Agua_WQI/MapServer/WMSServer?SERVICE=WMS&REQUEST=GetCapabilities HTTP/1.0" 200 32135
152.61.128.66 - - [30/Nov/2014:06:57:36 -0500] "GET /arcgis/services/Calidad_del_Agua_WQI/MapServer/WMSServer?SERVICE=WMS&REQUEST=GetCapabilities HTTP/1.0" 200 32135
152.61.128.66 - - [30/Nov/2014:06:57:37 -0500] "GET /arcgis/services/Calidad_del_Agua_WQI/MapServer/WMSServer?SERVICE=WMS&REQUEST=GetCapabilities HTTP/1.0" 200 32135
152.61.128.66 - - [30/Nov/2014:06:57:38 -0500] "GET /arcgis/services/Calidad_del_Agua_WQI/MapServer/WMSServer?VERSION=1.1.1&REQUEST=GetMap&LAYERS=0&SRS=EPSG:4326&BBOX=-74.473395,3.674381,-73.963300,4.920569&WIDTH=250&HEIGHT=250&FORMAT=image/bmp&STYLES=& HTTP/1.1" 200 188054
66.249.65.115 - - [30/Nov/2014:06:57:54 -0500] "GET /BLA/resoluciones/RESOLUCIONES%202009/4055.pdf HTTP/1.1" 200 562053
181.54.183.58 - - [30/Nov/2014:06:58:14 -0500] "GET /BLA/boletinlegal/js/jquery.js HTTP/1.1" 200 57254
181.54.183.58 - - [30/Nov/2014:06:58:14 -0500] "GET /BLA/boletinlegal/js/jquery.scrollTo-min.js HTTP/1.1" 200 1150
181.54.183.58 - - [30/Nov/2014:06:58:14 -0500] "GET /BLA/boletinlegal/js/jquery.scrollShow.js HTTP/1.1" 200 4586
66.249.65.123 - - [30/Nov/2014:06:58:15 -0500] "GET /BLA/resoluciones/AUTOS%202013/1616.pdf HTTP/1.1" 200 290460
186.145.58.53 - - [30/Nov/2014:06:58:17 -0500] "POST /forms/lservlet;jsessionid=ac16012b30d520417a54b3ad46c4b639843bfe7237f7.e3iSbxaKaheRe34Sa3yKbhiTahb0n6jAmljGr5XDqQLvpAe HTTP/1.1" 200 2
188.165.15.78 - - [30/Nov/2014:06:58:31 -0500] "GET /BLA/resoluciones/RESOLUCIONES%202005/RES%202005%203051-3100/00003062.tif HTTP/1.1" 200 54102
66.249.65.119 - - [30/Nov/2014:06:58:35 -0500] "GET /BLA/resoluciones/AUTOS%202008/1412.pdf HTTP/1.1" 200 340105
188.165.15.50 - - [30/Nov/2014:06:58:46 -0500] "GET /BLA/resoluciones/RESOLUCIONES%202002/RES%202002%20901-950/00000911.tif HTTP/1.1" 200 95222
66.249.65.119 - - [30/Nov/2014:06:58:55 -0500] "GET /BLA/resoluciones/AUTOS%202007/0102.pdf HTTP/1.1" 200 47693
188.165.15.78 - - [30/Nov/2014:06:58:57 -0500] "GET /BLA/resoluciones/index.php?dir=RESOLUCIONES+2004%2FRES+2004+1151-1200%2F HTTP/1.1" 200 12176
188.165.15.50 - - [30/Nov/2014:06:59:05 -0500] "GET /BLA/resoluciones/RESOLUCIONES%202006/RES%202006%20%203001-3054/00003044.tif HTTP/1.1" 200 55538
186.145.58.53 - - [30/Nov/2014:06:59:13 -0500] "POST /forms/lservlet;jsessionid=ac16012b30d520417a54b3ad46c4b639843bfe7237f7.e3iSbxaKaheRe34Sa3yKbhiTahb0n6jAmljGr5XDqQLvpAe HTTP/1.1" 200 82
66.249.65.119 - - [30/Nov/2014:06:59:15 -0500] "GET /BLA/resoluciones/AUTOS%202008/3336.pdf HTTP/1.1" 200 93290
201.245.192.253 - - [30/Nov/2014:06:59:16 -0500] "GET /plugins/like_box.php?app_id=&channel=http%3A%2F%2Fstatic.ak.facebook.com%2Fconnect%2Fxd_arbiter%2F7r8gQb8MIqE.js%3Fversion%3D41%23cb%3Df3437c33d4%26domain%3Dwww.colombia.com%26origin%3Dhttp%253A%252F%252Fwww.colombia.com%252Ff1b630cd1c%26relation%3Dparent.parent&header=false&href=http%3A%2F%2Fwww.facebook.com%2Fpages%2FColombiacom%2F120864984617693&locale=es_LA&sdk=joey&stream=false&width=320 HTTP/1.1" 404 1332
207.46.13.107 - - [30/Nov/2014:06:59:26 -0500] "GET /stormWeb/ HTTP/1.1" 200 12136
190.153.38.227 - - [30/Nov/2014:06:59:28 -0500] "GET /BLA/boletinlegal/js/jquery.js HTTP/1.1" 200 57254
190.153.38.227 - - [30/Nov/2014:06:59:28 -0500] "GET /BLA/boletinlegal/js/jquery.scrollTo-min.js HTTP/1.1" 200 1150
190.153.38.227 - - [30/Nov/2014:06:59:28 -0500] "GET /BLA/boletinlegal/js/jquery.scrollShow.js HTTP/1.1" 200 4586
201.245.192.253 - - [30/Nov/2014:06:59:29 -0500] "GET /plugins/like_box.php?app_id=&channel=http%3A%2F%2Fstatic.ak.facebook.com%2Fconnect%2Fxd_arbiter%2F7r8gQb8MIqE.js%3Fversion%3D41%23cb%3Df7e42ac5c%26domain%3Dwww.colombia.com%26origin%3Dhttp%253A%252F%252Fwww.colombia.com%252Ff6f0304ac%26relation%3Dparent.parent&header=false&href=http%3A%2F%2Fwww.facebook.com%2Fpages%2FColombiacom%2F120864984617693&locale=es_LA&sdk=joey&stream=false&width=320 HTTP/1.1" 404 1338
66.249.65.115 - - [30/Nov/2014:06:59:35 -0500] "GET /BLA/resoluciones/RESOLUCIONES%202013/0447.pdf HTTP/1.1" 200 3736029
201.245.192.253 - - [30/Nov/2014:06:59:38 -0500] "GET /plugins/like_box.php?app_id=&channel=http%3A%2F%2Fstatic.ak.facebook.com%2Fconnect%2Fxd_arbiter%2F7r8gQb8MIqE.js%3Fversion%3D41%23cb%3Df11da914d%26domain%3Dwww.colombia.com%26origin%3Dhttp%253A%252F%252Fwww.colombia.com%252Ff2cf64a404%26relation%3Dparent.parent&header=false&href=http%3A%2F%2Fwww.facebook.com%2Fpages%2FColombiacom%2F120864984617693&locale=es_LA&sdk=joey&stream=false&width=320 HTTP/1.1" 404 1380
188.165.15.78 - - [30/Nov/2014:06:59:39 -0500] "GET /BLA/resoluciones/RESOLUCIONES%202006/RES%202006%20351-400/00000361.tif HTTP/1.1" 200 471536
66.249.65.115 - - [30/Nov/2014:06:59:54 -0500] "GET /BLA/resoluciones/RESOLUCIONES%202012/0615.pdf HTTP/1.1" 200 386015
66.249.65.123 - - [30/Nov/2014:07:00:14 -0500] "GET /BLA/resoluciones/AUTOS%202011/4293.pdf HTTP/1.1" 304 -
186.145.58.53 - - [30/Nov/2014:07:00:17 -0500] "POST /forms/lservlet;jsessionid=ac16012b30d520417a54b3ad46c4b639843bfe7237f7.e3iSbxaKaheRe34Sa3yKbhiTahb0n6jAmljGr5XDqQLvpAe HTTP/1.1" 200 2
66.249.65.123 - - [30/Nov/2014:07:00:33 -0500] "GET /BLA/resoluciones/RESOLUCIONES%202012/0385.pdf HTTP/1.1" 304 -
66.249.65.123 - - [30/Nov/2014:07:00:52 -0500] "GET /BLA/resoluciones/RESOLUCIONES%202002/RES%202002%201401-1450/20021444.tif HTTP/1.1" 200 120020
66.249.65.119 - - [30/Nov/2014:07:01:11 -0500] "GET /BLA/resoluciones/RESOLUCIONES%202008/5475.pdf HTTP/1.1" 200 161503
188.165.15.78 - - [30/Nov/2014:07:01:15 -0500] "GET /BLA/resoluciones/RESOLUCIONES%202003/RES%202003%201751-1800/20031786.tif HTTP/1.1" 200 59578
66.249.65.119 - - [30/Nov/2014:07:01:29 -0500] "GET /BLA/resoluciones/RESOLUCIONES%202008/0354.pdf HTTP/1.1" 304 -
152.61.193.99 - - [30/Nov/2014:07:01:41 -0500] "HEAD / HTTP/1.1" 302 -
152.61.193.99 - - [30/Nov/2014:07:01:41 -0500] "GET /arcgis/services/Calidad_del_Agua_WQI/MapServer/WMSServer?SERVICE=WMS&REQUEST=GetCapabilities HTTP/1.1" 200 32135
152.61.193.99 - - [30/Nov/2014:07:01:42 -0500] "GET /arcgis/services/Calidad_del_Agua_WQI/MapServer/WMSServer?SERVICE=WMS&REQUEST=GetCapabilities HTTP/1.1" 200 32135
152.61.193.99 - - [30/Nov/2014:07:01:42 -0500] "GET /arcgis/services/Calidad_del_Agua_WQI/MapServer/WMSServer?SERVICE=WMS&REQUEST=GetCapabilities HTTP/1.1" 200 32135
152.61.193.99 - - [30/Nov/2014:07:01:43 -0500] "GET /arcgis/services/Calidad_del_Agua_WQI/MapServer/WMSServer?SERVICE=WMS&REQUEST=GetCapabilities HTTP/1.1" 200 32135
152.61.193.99 - - [30/Nov/2014:07:01:44 -0500] "GET /arcgis/services/Calidad_del_Agua_WQI/MapServer/WMSServer?VERSION=1.1.1&REQUEST=GetMap&LAYERS=0&SRS=EPSG:4326&BBOX=-74.473395,3.674381,-73.963300,4.920569&WIDTH=250&HEIGHT=250&FORMAT=image/bmp&STYLES=& HTTP/1.1" 200 188054
66.249.65.115 - - [30/Nov/2014:07:01:48 -0500] "GET /BLA/resoluciones/RESOLUCIONES%202009/3126.pdf HTTP/1.1" 200 493949
74.86.158.107 - - [30/Nov/2014:07:01:51 -0500] "HEAD / HTTP/1.1" 302 -
190.12.155.176 - - [30/Nov/2014:07:02:04 -0500] "GET /BLA/boletinlegal/js/jquery.scrollTo-min.js HTTP/1.1" 200 1150
190.12.155.176 - - [30/Nov/2014:07:02:04 -0500] "GET /BLA/boletinlegal/js/jquery.js HTTP/1.1" 200 57254
190.12.155.176 - - [30/Nov/2014:07:02:04 -0500] "GET /BLA/boletinlegal/js/jquery.scrollShow.js HTTP/1.1" 200 4586
66.249.65.123 - - [30/Nov/2014:07:02:06 -0500] "GET /BLA/resoluciones/RESOLUCIONES%202009/7520.pdf HTTP/1.1" 200 518960
186.84.50.43 - - [30/Nov/2014:07:02:08 -0500] "GET /forms/frmservlet?config=sia HTTP/1.1" 200 4028
186.84.50.43 - - [30/Nov/2014:07:02:10 -0500] "GET /forms/java/frmall_jinit.jar HTTP/1.1" 304 -
186.84.50.43 - - [30/Nov/2014:07:02:10 -0500] "GET /forms/java/icons.jar HTTP/1.1" 304 -
186.84.50.43 - - [30/Nov/2014:07:02:10 -0500] "GET /forms/java/java/awt/KeyboardFocusManager.class HTTP/1.1" 404 352
186.84.50.43 - - [30/Nov/2014:07:02:10 -0500] "GET /forms/java/java/awt/KeyboardFocusManager.class HTTP/1.1" 404 352
186.84.50.43 - - [30/Nov/2014:07:02:10 -0500] "GET /forms/java/java/awt/event/MouseWheelListener.class HTTP/1.1" 404 356
186.84.50.43 - - [30/Nov/2014:07:02:11 -0500] "GET /forms/java/java/awt/event/MouseWheelListener.class HTTP/1.1" 404 356
186.84.50.43 - - [30/Nov/2014:07:02:11 -0500] "GET /forms/java/oracle/forms/registry/Registry.dat HTTP/1.1" 200 4213
186.84.50.43 - - [30/Nov/2014:07:02:11 -0500] "GET /forms/java/oracle/forms/registry/default.dat HTTP/1.1" 404 350
186.84.50.43 - - [30/Nov/2014:07:02:11 -0500] "GET /forms/frmservlet?config=sia&acceptLanguage=es-CO&ifcmd=startsession HTTP/1.1" 200 119
186.84.50.43 - - [30/Nov/2014:07:02:11 -0500] "GET /forms/lservlet;jsessionid=ac16012b30d51246412a90a2471dbfe2abefbc2acabe.e3iSbxaKaheRe34Sa3yKbhiTahb0n6jAmljGr5XDqQLvpAe?ifcmd=getinfo&ifhost=y78&ifip=192.168.0.6 HTTP/1.1" 200 8
186.84.50.43 - - [30/Nov/2014:07:02:11 -0500] "POST /forms/lservlet;jsessionid=ac16012b30d51246412a90a2471dbfe2abefbc2acabe.e3iSbxaKaheRe34Sa3yKbhiTahb0n6jAmljGr5XDqQLvpAe HTTP/1.1" 200 8
186.84.50.43 - - [30/Nov/2014:07:02:12 -0500] "GET /forms/java/oracle/forms/engine/RunformBundle_es_CO.class HTTP/1.1" 404 362
186.84.50.43 - - [30/Nov/2014:07:02:12 -0500] "GET /forms/java/oracle/forms/engine/RunformBundle_es_CO.class HTTP/1.1" 404 362
186.84.50.43 - - [30/Nov/2014:07:02:12 -0500] "GET /forms/java/oracle/forms/engine/RunformBundle_es_CO.properties HTTP/1.1" 404 367
186.84.50.43 - - [30/Nov/2014:07:02:12 -0500] "POST /forms/lservlet;jsessionid=ac16012b30d51246412a90a2471dbfe2abefbc2acabe.e3iSbxaKaheRe34Sa3yKbhiTahb0n6jAmljGr5XDqQLvpAe HTTP/1.1" 200 64000
186.84.50.43 - - [30/Nov/2014:07:02:13 -0500] "POST /forms/lservlet;jsessionid=ac16012b30d51246412a90a2471dbfe2abefbc2acabe.e3iSbxaKaheRe34Sa3yKbhiTahb0n6jAmljGr5XDqQLvpAe HTTP/1.1" 200 64000
186.84.50.43 - - [30/Nov/2014:07:02:13 -0500] "POST /forms/lservlet;jsessionid=ac16012b30d51246412a90a2471dbfe2abefbc2acabe.e3iSbxaKaheRe34Sa3yKbhiTahb0n6jAmljGr5XDqQLvpAe HTTP/1.1" 200 63623
186.84.50.43 - - [30/Nov/2014:07:02:14 -0500] "HEAD /imagenes/dama_logo.gif HTTP/1.1" 200 -
186.84.50.43 - - [30/Nov/2014:07:02:14 -0500] "GET /imagenes/dama_logo.gif HTTP/1.1" 200 21482
186.84.50.43 - - [30/Nov/2014:07:02:15 -0500] "POST /forms/lservlet;jsessionid=ac16012b30d51246412a90a2471dbfe2abefbc2acabe.e3iSbxaKaheRe34Sa3yKbhiTahb0n6jAmljGr5XDqQLvpAe HTTP/1.1" 200 2
186.84.50.43 - - [30/Nov/2014:07:02:15 -0500] "POST /forms/lservlet;jsessionid=ac16012b30d51246412a90a2471dbfe2abefbc2acabe.e3iSbxaKaheRe34Sa3yKbhiTahb0n6jAmljGr5XDqQLvpAe HTTP/1.1" 200 2
186.145.58.53 - - [30/Nov/2014:07:02:17 -0500] "POST /forms/lservlet;jsessionid=ac16012b30d520417a54b3ad46c4b639843bfe7237f7.e3iSbxaKaheRe34Sa3yKbhiTahb0n6jAmljGr5XDqQLvpAe HTTP/1.1" 200 2
66.249.65.123 - - [30/Nov/2014:07:02:24 -0500] "GET /BLA/resoluciones/RESOLUCIONES%202008/2217.pdf HTTP/1.1" 200 194500
66.249.65.115 - - [30/Nov/2014:07:02:42 -0500] "GET /BLA/resoluciones/RESOLUCIONES%202004/RES%202004%20601-650/00000638.tif HTTP/1.1" 200 122368
188.165.15.61 - - [30/Nov/2014:07:02:56 -0500] "GET /BLA/resoluciones/RESOLUCIONES%202006/RES%202006%202501-2550/00002527.tif HTTP/1.1" 200 129452
66.249.65.115 - - [30/Nov/2014:07:03:00 -0500] "GET /BLA/resoluciones/RESOLUCIONES%202011/3947.pdf HTTP/1.1" 304 -
180.76.5.23 - - [30/Nov/2014:07:03:02 -0500] "GET /BLA/resoluciones/RESOLUCIONES%202008/1088.pdf HTTP/1.1" 200 554764
188.165.15.41 - - [30/Nov/2014:07:03:12 -0500] "GET /BLA/resoluciones/RESOLUCIONES%202006/RES%202006%201551-1600/00001570.tif HTTP/1.1" 200 128832
66.249.65.123 - - [30/Nov/2014:07:03:18 -0500] "GET /BLA/resoluciones/RESOLUCIONES%202009/4777.pdf HTTP/1.1" 200 159594
66.249.65.123 - - [30/Nov/2014:07:03:35 -0500] "GET /BLA/resoluciones/AUTOS%202013/1311.pdf HTTP/1.1" 200 1479118
188.165.15.78 - - [30/Nov/2014:07:03:46 -0500] "GET /BLA/resoluciones/RESOLUCIONES%202006/RES%202006%201451-1500/00001461.tif HTTP/1.1" 200 141890
180.76.5.173 - - [30/Nov/2014:07:03:49 -0500] "GET /BLA/resoluciones/AUTOS%202007/1480.pdf HTTP/1.1" 200 87162
66.249.65.119 - - [30/Nov/2014:07:03:52 -0500] "GET /BLA/resoluciones/AUTOS%202011/6241.pdf HTTP/1.1" 304 -
66.249.65.115 - - [30/Nov/2014:07:04:09 -0500] "GET /BLA/resoluciones/RESOLUCIONES%202008/1652.pdf HTTP/1.1" 304 -
186.84.50.43 - - [30/Nov/2014:07:04:12 -0500] "POST /forms/lservlet;jsessionid=ac16012b30d51246412a90a2471dbfe2abefbc2acabe.e3iSbxaKaheRe34Sa3yKbhiTahb0n6jAmljGr5XDqQLvpAe HTTP/1.1" 200 2
186.145.58.53 - - [30/Nov/2014:07:04:17 -0500] "POST /forms/lservlet;jsessionid=ac16012b30d520417a54b3ad46c4b639843bfe7237f7.e3iSbxaKaheRe34Sa3yKbhiTahb0n6jAmljGr5XDqQLvpAe HTTP/1.1" 200 2
186.82.62.90 - - [30/Nov/2014:07:04:25 -0500] "GET /BLA/boletinlegal/js/jquery.scrollTo-min.js HTTP/1.1" 200 1150
186.82.62.90 - - [30/Nov/2014:07:04:25 -0500] "GET /BLA/boletinlegal/js/jquery.js HTTP/1.1" 200 57254
186.82.62.90 - - [30/Nov/2014:07:04:25 -0500] "GET /BLA/boletinlegal/js/jquery.scrollShow.js HTTP/1.1" 200 4586
66.249.65.119 - - [30/Nov/2014:07:04:26 -0500] "GET /BLA/resoluciones/RESOLUCIONES%202007/RES%202007%20301%20AL%20400/RESOLUCION%200372%20DE%202007.pdf HTTP/1.1" 200 301441
180.76.5.22 - - [30/Nov/2014:07:04:37 -0500] "GET /BLA/resoluciones/AUTOS%202007/2844.pdf HTTP/1.1" 200 117043
66.249.65.119 - - [30/Nov/2014:07:04:43 -0500] "GET /BLA/resoluciones/RESOLUCIONES%202010/2122.pdf HTTP/1.1" 304 -
66.249.65.119 - - [30/Nov/2014:07:05:00 -0500] "GET /BLA/resoluciones/AUTOS%202013/0030.pdf HTTP/1.1" 200 1900292
66.249.65.115 - - [30/Nov/2014:07:05:16 -0500] "GET /BLA/resoluciones/AUTOS%202009/0615.pdf HTTP/1.1" 304 -
146.0.42.58 - - [30/Nov/2014:07:05:22 -0500] "GET /robots.txt HTTP/1.0" 404 1015
146.0.42.58 - - [30/Nov/2014:07:05:25 -0500] "GET /.n/?C=D;O=D HTTP/1.0" 404 1015
66.249.65.119 - - [30/Nov/2014:07:05:32 -0500] "GET /BLA/resoluciones/RESOLUCIONES%202011/5934.pdf HTTP/1.1" 304 -
66.249.65.115 - - [30/Nov/2014:07:05:49 -0500] "GET /BLA/resoluciones/AUTOS%202008/0928.pdf HTTP/1.1" 200 100625
66.249.65.123 - - [30/Nov/2014:07:06:05 -0500] "GET /BLA/resoluciones/AUTOS%202008/2988.pdf HTTP/1.1" 200 168905
188.165.15.41 - - [30/Nov/2014:07:06:09 -0500] "GET /BLA/resoluciones/RESOLUCIONES%202002/RES%202002%20751-800/2002RES762.tif HTTP/1.1" 200 63318
186.84.50.43 - - [30/Nov/2014:07:06:12 -0500] "POST /forms/lservlet;jsessionid=ac16012b30d51246412a90a2471dbfe2abefbc2acabe.e3iSbxaKaheRe34Sa3yKbhiTahb0n6jAmljGr5XDqQLvpAe HTTP/1.1" 200 2
186.145.58.53 - - [30/Nov/2014:07:06:17 -0500] "POST /forms/lservlet;jsessionid=ac16012b30d520417a54b3ad46c4b639843bfe7237f7.e3iSbxaKaheRe34Sa3yKbhiTahb0n6jAmljGr5XDqQLvpAe HTTP/1.1" 200 2
66.249.65.115 - - [30/Nov/2014:07:06:20 -0500] "GET /BLA/resoluciones/RESOLUCIONES%202007/RES%202007%201201%20AL%201300/RESOLUCION%201297%20DE%202007.pdf HTTP/1.1" 304 -
191.68.218.35 - - [30/Nov/2014:07:06:47 -0500] "GET /BLA/boletinlegal/js/jquery.js HTTP/1.1" 200 57254
191.68.218.35 - - [30/Nov/2014:07:06:47 -0500] "GET /BLA/boletinlegal/js/jquery.scrollTo-min.js HTTP/1.1" 200 1150
191.68.218.35 - - [30/Nov/2014:07:06:47 -0500] "GET /BLA/boletinlegal/js/jquery.scrollShow.js HTTP/1.1" 200 4586
190.248.163.184 - - [30/Nov/2014:07:06:50 -0500] "GET /BLA/boletinlegal/js/jquery.scrollTo-min.js HTTP/1.1" 200 1150
190.248.163.184 - - [30/Nov/2014:07:06:50 -0500] "GET /BLA/boletinlegal/js/jquery.js HTTP/1.1" 200 57254
190.248.163.184 - - [30/Nov/2014:07:06:50 -0500] "GET /BLA/boletinlegal/js/jquery.scrollShow.js HTTP/1.1" 200 4586
74.86.158.107 - - [30/Nov/2014:07:06:51 -0500] "HEAD / HTTP/1.1" 302 -
66.249.65.119 - - [30/Nov/2014:07:06:52 -0500] "GET /BLA/resoluciones/AUTOS%202011/0029.pdf HTTP/1.1" 304 -
190.159.147.197 - - [30/Nov/2014:07:07:00 -0500] "GET /galeria/nivo-slider/demo/demo.html HTTP/1.1" 304 -
190.159.147.197 - - [30/Nov/2014:07:07:00 -0500] "GET /galeria/nivo-slider/demo/images/Banner-GAE3.jpg HTTP/1.1" 304 -
190.159.147.197 - - [30/Nov/2014:07:07:00 -0500] "GET /galeria/nivo-slider/demo/images/festivalBasura0.jpg HTTP/1.1" 206 1
190.159.147.197 - - [30/Nov/2014:07:07:00 -0500] "GET /galeria/nivo-slider/demo/images/Banner-comparendo.jpg HTTP/1.1" 206 1
190.159.147.197 - - [30/Nov/2014:07:07:00 -0500] "GET /galeria/nivo-slider/demo/images/banner-pygaai.jpg HTTP/1.1" 206 1
190.159.147.197 - - [30/Nov/2014:07:07:00 -0500] "GET /galeria/nivo-slider/demo/images/Biotaxis-Man.jpg HTTP/1.1" 206 1
190.159.147.197 - - [30/Nov/2014:07:07:00 -0500] "GET /galeria/nivo-slider/demo/images/festivalBasura0.jpg HTTP/1.1" 206 53254
190.159.147.197 - - [30/Nov/2014:07:07:00 -0500] "GET /galeria/nivo-slider/demo/images/porloshumedales.jpg HTTP/1.1" 200 351238
190.159.147.197 - - [30/Nov/2014:07:07:00 -0500] "GET /galeria/nivo-slider/demo/images/Tingua-azul.jpg HTTP/1.1" 200 307638
190.159.147.197 - - [30/Nov/2014:07:07:00 -0500] "GET /galeria/nivo-slider/demo/images/Biotaxis-Man.jpg HTTP/1.1" 206 79196
190.159.147.197 - - [30/Nov/2014:07:07:00 -0500] "GET /galeria/nivo-slider/demo/images/banner-pygaai.jpg HTTP/1.1" 206 5586
190.159.147.197 - - [30/Nov/2014:07:07:00 -0500] "GET /galeria/nivo-slider/demo/images/Banner-comparendo.jpg HTTP/1.1" 206 143756
190.159.147.197 - - [30/Nov/2014:07:07:00 -0500] "GET /galeria/nivo-slider/demo/images/Banner-Caracol-Africano.jpg HTTP/1.1" 200 331986
190.159.147.197 - - [30/Nov/2014:07:07:00 -0500] "GET /galeria/nivo-slider/demo/images/banner-redes.jpg HTTP/1.1" 200 62209
190.159.147.197 - - [30/Nov/2014:07:07:01 -0500] "GET /galeria/nivo-slider/demo/images/9Signos.jpg HTTP/1.1" 200 93040
190.159.147.197 - - [30/Nov/2014:07:07:01 -0500] "GET /galeria/nivo-slider/demo/images/banner-caballos.png HTTP/1.1" 200 389106
66.249.65.123 - - [30/Nov/2014:07:07:07 -0500] "GET /BLA/resoluciones/RESOLUCIONES%202010/7184.pdf HTTP/1.1" 304 -
66.249.65.123 - - [30/Nov/2014:07:07:22 -0500] "GET /BLA/resoluciones/RESOLUCIONES%202010/3093.pdf HTTP/1.1" 200 503077
146.0.42.58 - - [30/Nov/2014:07:07:32 -0500] "GET /.n/?C=M;O=D HTTP/1.0" 404 1015
66.249.65.123 - - [30/Nov/2014:07:07:37 -0500] "GET /BLA/resoluciones/RESOLUCIONES%202010/2373.pdf HTTP/1.1" 200 452130
186.84.50.43 - - [30/Nov/2014:07:07:47 -0500] "POST /forms/lservlet;jsessionid=ac16012b30d51246412a90a2471dbfe2abefbc2acabe.e3iSbxaKaheRe34Sa3yKbhiTahb0n6jAmljGr5XDqQLvpAe HTTP/1.1" 200 2
66.249.65.123 - - [30/Nov/2014:07:08:00 -0500] "GET /BLA/resoluciones/RESOLUCIONES%202007/RES%202007%204001%20AL%204100/RESOLUCION%204032%20DE%202007.pdf HTTP/1.1" 304 -
146.0.42.58 - - [30/Nov/2014:07:08:05 -0500] "GET /robots.txt HTTP/1.0" 404 1019
146.0.42.58 - - [30/Nov/2014:07:08:07 -0500] "GET /prueba/encuestaRMCAB/conn/conexion.php HTTP/1.0" 404 1019
186.84.50.43 - - [30/Nov/2014:07:08:12 -0500] "POST /forms/lservlet;jsessionid=ac16012b30d51246412a90a2471dbfe2abefbc2acabe.e3iSbxaKaheRe34Sa3yKbhiTahb0n6jAmljGr5XDqQLvpAe HTTP/1.1" 200 2
186.145.58.53 - - [30/Nov/2014:07:08:17 -0500] "POST /forms/lservlet;jsessionid=ac16012b30d520417a54b3ad46c4b639843bfe7237f7.e3iSbxaKaheRe34Sa3yKbhiTahb0n6jAmljGr5XDqQLvpAe HTTP/1.1" 200 2
186.82.234.170 - - [30/Nov/2014:07:08:20 -0500] "GET /videos/ArchivoSDA.flv HTTP/1.1" 200 31205279
66.249.65.123 - - [30/Nov/2014:07:08:28 -0500] "GET /BLA/resoluciones/AUTOS%202011/4271.pdf HTTP/1.1" 304 -
152.61.193.99 - - [30/Nov/2014:07:08:38 -0500] "HEAD / HTTP/1.1" 302 -
152.61.193.99 - - [30/Nov/2014:07:08:39 -0500] "GET /arcgis/services/Calidad_del_Agua_WQI/MapServer/WMSServer?request=GetCapabilities&service=WMS HTTP/1.1" 200 32135
152.61.193.99 - - [30/Nov/2014:07:08:39 -0500] "GET /arcgis/services/Calidad_del_Agua_WQI/MapServer/WMSServer?request=GetCapabilities&service=WMS HTTP/1.1" 200 32135
152.61.193.99 - - [30/Nov/2014:07:08:40 -0500] "GET /arcgis/services/Calidad_del_Agua_WQI/MapServer/WMSServer?request=GetCapabilities&service=WMS HTTP/1.1" 200 32135
152.61.193.99 - - [30/Nov/2014:07:08:41 -0500] "GET /arcgis/services/Calidad_del_Agua_WQI/MapServer/WMSServer?request=GetCapabilities&service=WMS HTTP/1.1" 200 32135
152.61.193.99 - - [30/Nov/2014:07:08:41 -0500] "GET /arcgis/services/Calidad_del_Agua_WQI/MapServer/WMSServer?VERSION=1.1.1&REQUEST=GetMap&LAYERS=0&SRS=EPSG:4326&BBOX=-74.473395,3.674381,-73.963300,4.920569&WIDTH=250&HEIGHT=250&FORMAT=image/bmp&STYLES=& HTTP/1.1" 200 188054
186.84.50.43 - - [30/Nov/2014:07:08:45 -0500] "POST /forms/lservlet;jsessionid=ac16012b30d51246412a90a2471dbfe2abefbc2acabe.e3iSbxaKaheRe34Sa3yKbhiTahb0n6jAmljGr5XDqQLvpAe HTTP/1.1" 200 2
186.84.50.43 - - [30/Nov/2014:07:08:48 -0500] "POST /forms/lservlet;jsessionid=ac16012b30d51246412a90a2471dbfe2abefbc2acabe.e3iSbxaKaheRe34Sa3yKbhiTahb0n6jAmljGr5XDqQLvpAe HTTP/1.1" 200 2
186.84.50.43 - - [30/Nov/2014:07:08:49 -0500] "POST /forms/lservlet;jsessionid=ac16012b30d51246412a90a2471dbfe2abefbc2acabe.e3iSbxaKaheRe34Sa3yKbhiTahb0n6jAmljGr5XDqQLvpAe HTTP/1.1" 200 2
186.84.50.43 - - [30/Nov/2014:07:08:49 -0500] "POST /forms/lservlet;jsessionid=ac16012b30d51246412a90a2471dbfe2abefbc2acabe.e3iSbxaKaheRe34Sa3yKbhiTahb0n6jAmljGr5XDqQLvpAe HTTP/1.1" 200 -
66.249.65.123 - - [30/Nov/2014:07:08:55 -0500] "GET /BLA/resoluciones/RESOLUCIONES%202010/6202.pdf HTTP/1.1" 200 3229809
66.249.65.123 - - [30/Nov/2014:07:08:59 -0500] "GET /BLA/resoluciones/AUTOS%202013/1706.pdf HTTP/1.1" 304 -
66.249.65.119 - - [30/Nov/2014:07:09:24 -0500] "GET /BLA/resoluciones/RESOLUCIONES%202008/0401.pdf HTTP/1.1" 304 -
188.165.15.78 - - [30/Nov/2014:07:09:31 -0500] "GET /BLA/resoluciones/RESOLUCIONES%202004/RES%202004%2051-100/00000059.tif HTTP/1.1" 200 203050
66.249.65.115 - - [30/Nov/2014:07:09:52 -0500] "GET /BLA/resoluciones/RESOLUCIONES%202008/4874.pdf HTTP/1.1" 200 257437
186.145.58.53 - - [30/Nov/2014:07:10:17 -0500] "POST /forms/lservlet;jsessionid=ac16012b30d520417a54b3ad46c4b639843bfe7237f7.e3iSbxaKaheRe34Sa3yKbhiTahb0n6jAmljGr5XDqQLvpAe HTTP/1.1" 200 2
66.249.65.123 - - [30/Nov/2014:07:10:20 -0500] "GET /BLA/resoluciones/RESOLUCIONES%202008/2790.pdf HTTP/1.1" 304 -
66.249.65.119 - - [30/Nov/2014:07:10:27 -0500] "GET /BLA/resoluciones/RESOLUCIONES%202008/0536.pdf HTTP/1.1" 200 250037
181.135.102.90 - - [30/Nov/2014:07:10:33 -0500] "GET /galeria/carrusel/Carrusel/jquery.thumbnailScroller.css HTTP/1.1" 200 2066
181.135.102.90 - - [30/Nov/2014:07:10:33 -0500] "GET /BLA/boletinlegal/js/jquery.js HTTP/1.1" 200 57254
181.135.102.90 - - [30/Nov/2014:07:10:33 -0500] "GET /BLA/boletinlegal/js/jquery.scrollTo-min.js HTTP/1.1" 200 1150
181.135.102.90 - - [30/Nov/2014:07:10:33 -0500] "GET /BLA/boletinlegal/js/jquery.scrollShow.js HTTP/1.1" 200 4586
181.135.102.90 - - [30/Nov/2014:07:10:33 -0500] "GET /galeria/carrusel/Carrusel/jquery-ui-1.8.13.custom.min.js HTTP/1.1" 200 10800
181.135.102.90 - - [30/Nov/2014:07:10:33 -0500] "GET /galeria/carrusel/Carrusel/jquery.thumbnailScroller.js HTTP/1.1" 200 8157
181.135.102.90 - - [30/Nov/2014:07:10:36 -0500] "GET /galeria/nivo-slider/demo/demo.html HTTP/1.1" 200 3458
181.135.102.90 - - [30/Nov/2014:07:10:37 -0500] "GET /galeria/nivo-slider/themes/default/default.css HTTP/1.1" 200 1569
181.135.102.90 - - [30/Nov/2014:07:10:37 -0500] "GET /galeria/nivo-slider/themes/pascal/pascal.css HTTP/1.1" 200 2258
181.135.102.90 - - [30/Nov/2014:07:10:37 -0500] "GET /galeria/nivo-slider/themes/orman/orman.css HTTP/1.1" 200 2152
181.135.102.90 - - [30/Nov/2014:07:10:38 -0500] "GET /galeria/nivo-slider/nivo-slider.css HTTP/1.1" 200 1507
181.135.102.90 - - [30/Nov/2014:07:10:38 -0500] "GET /galeria/nivo-slider/demo/style.css HTTP/1.1" 200 2222
181.135.102.90 - - [30/Nov/2014:07:10:38 -0500] "GET /galeria/nivo-slider/demo/scripts/jquery-1.7.1.min.js HTTP/1.1" 200 93868
181.135.102.90 - - [30/Nov/2014:07:10:38 -0500] "GET /galeria/nivo-slider/jquery.nivo.slider.pack.js HTTP/1.1" 200 11561
181.135.102.90 - - [30/Nov/2014:07:10:40 -0500] "GET /galeria/nivo-slider/demo/images/Banner-GAE3.jpg HTTP/1.1" 200 146354
181.135.102.90 - - [30/Nov/2014:07:10:40 -0500] "GET /galeria/nivo-slider/themes/default/loading.gif HTTP/1.1" 200 1737
181.135.102.90 - - [30/Nov/2014:07:10:41 -0500] "GET /galeria/nivo-slider/demo/images/4Simple_Slider.png HTTP/1.1" 200 11722
181.135.102.90 - - [30/Nov/2014:07:10:41 -0500] "GET /galeria/nivo-slider/demo/images/festivalBasura0.jpg HTTP/1.1" 200 96780
181.135.102.90 - - [30/Nov/2014:07:10:46 -0500] "GET /galeria/nivo-slider/demo/images/Banner-comparendo.jpg HTTP/1.1" 200 388762
181.135.102.90 - - [30/Nov/2014:07:10:46 -0500] "GET /galeria/nivo-slider/demo/images/banner-pygaai.jpg HTTP/1.1" 200 82693
181.135.102.90 - - [30/Nov/2014:07:10:46 -0500] "GET /galeria/nivo-slider/demo/images/Biotaxis-Man.jpg HTTP/1.1" 200 99362
181.135.102.90 - - [30/Nov/2014:07:10:46 -0500] "GET /galeria/nivo-slider/demo/images/porloshumedales.jpg HTTP/1.1" 200 351238
66.249.65.119 - - [30/Nov/2014:07:10:48 -0500] "GET /BLA/resoluciones/RESOLUCIONES%202007/RES%202007%202701%20AL%202800/RESOLUCION%202706%20DE%202007.pdf HTTP/1.1" 304 -
181.135.102.90 - - [30/Nov/2014:07:10:49 -0500] "GET /galeria/nivo-slider/demo/images/Tingua-azul.jpg HTTP/1.1" 200 307638
181.135.102.90 - - [30/Nov/2014:07:10:49 -0500] "GET /galeria/nivo-slider/demo/images/Banner-Caracol-Africano.jpg HTTP/1.1" 200 331986
181.135.102.90 - - [30/Nov/2014:07:10:59 -0500] "GET /videos/Spot_CambioClimatico.flv HTTP/1.1" 200 4371917
181.135.102.90 - - [30/Nov/2014:07:10:59 -0500] "GET /galeria/nivo-slider/demo/images/banner-redes.jpg HTTP/1.1" 200 62209
181.135.102.90 - - [30/Nov/2014:07:11:03 -0500] "GET /galeria/nivo-slider/demo/images/9Signos.jpg HTTP/1.1" 200 93040
181.135.102.90 - - [30/Nov/2014:07:11:06 -0500] "GET /galeria/nivo-slider/demo/images/banner-caballos.png HTTP/1.1" 200 389106
181.135.102.90 - - [30/Nov/2014:07:11:08 -0500] "GET /galeria/nivo-slider/demo/images/Hacienda_Molinos.jpg HTTP/1.1" 200 319171
181.135.102.90 - - [30/Nov/2014:07:11:09 -0500] "GET /galeria/nivo-slider/demo/images/bannerEcolecta3.jpg HTTP/1.1" 200 280034
66.249.65.123 - - [30/Nov/2014:07:11:16 -0500] "GET /BLA/resoluciones/RESOLUCIONES%202008/0520.pdf HTTP/1.1" 304 -
181.135.102.90 - - [30/Nov/2014:07:11:20 -0500] "GET /galeria/nivo-slider/themes/default/arrows.png HTTP/1.1" 200 824
181.135.102.90 - - [30/Nov/2014:07:11:20 -0500] "GET /galeria/nivo-slider/themes/default/bullets.png HTTP/1.1" 200 1281
190.158.139.139 - - [30/Nov/2014:07:11:29 -0500] "GET /galeria/nivo-slider/demo/demo.html HTTP/1.1" 304 -
188.165.15.181 - - [30/Nov/2014:07:11:29 -0500] "GET /BLA/resoluciones/RESOLUCIONES%202002/RES%202002%20651-700/00000663.tif HTTP/1.1" 200 47004
190.158.139.139 - - [30/Nov/2014:07:11:31 -0500] "GET /galeria/nivo-slider/demo/images/Banner-GAE3.jpg HTTP/1.1" 304 -
190.158.139.139 - - [30/Nov/2014:07:11:31 -0500] "GET /galeria/nivo-slider/demo/images/festivalBasura0.jpg HTTP/1.1" 304 -
180.76.6.134 - - [30/Nov/2014:07:11:36 -0500] "GET /BLA/resoluciones/AUTOS%202009/0495.pdf HTTP/1.1" 200 97204
66.249.65.119 - - [30/Nov/2014:07:11:45 -0500] "GET /BLA/resoluciones/RESOLUCIONES%202007/RES%202007%201501%20AL%201600/RESOLUCION%201535%20DE%202007.pdf HTTP/1.1" 200 237512
74.86.158.107 - - [30/Nov/2014:07:11:51 -0500] "HEAD / HTTP/1.1" 302 -
66.249.65.115 - - [30/Nov/2014:07:12:00 -0500] "GET /BLA/resoluciones/AUTOS%202013/0977.pdf HTTP/1.1" 200 1153912
66.249.65.119 - - [30/Nov/2014:07:12:13 -0500] "GET /BLA/resoluciones/RESOLUCIONES%202008/5653.pdf HTTP/1.1" 304 -
186.145.58.53 - - [30/Nov/2014:07:12:17 -0500] "POST /forms/lservlet;jsessionid=ac16012b30d520417a54b3ad46c4b639843bfe7237f7.e3iSbxaKaheRe34Sa3yKbhiTahb0n6jAmljGr5XDqQLvpAe HTTP/1.1" 200 2
179.32.10.181 - - [30/Nov/2014:07:12:18 -0500] "GET /BLA/boletinlegal/js/jquery.scrollShow.js HTTP/1.1" 200 4586
179.32.10.181 - - [30/Nov/2014:07:12:18 -0500] "GET /BLA/boletinlegal/js/jquery.js HTTP/1.1" 200 57254
179.32.10.181 - - [30/Nov/2014:07:12:18 -0500] "GET /BLA/boletinlegal/js/jquery.scrollTo-min.js HTTP/1.1" 200 1150
180.76.6.131 - - [30/Nov/2014:07:12:24 -0500] "GET /BLA/resoluciones/AUTOS%202007/0723.pdf HTTP/1.1" 200 637951
190.28.188.219 - - [30/Nov/2014:07:12:26 -0500] "GET /BLA/boletinlegal/js/jquery.js HTTP/1.1" 200 57254
190.28.188.219 - - [30/Nov/2014:07:12:26 -0500] "GET /BLA/boletinlegal/js/jquery.scrollTo-min.js HTTP/1.1" 200 1150
190.28.188.219 - - [30/Nov/2014:07:12:26 -0500] "GET /BLA/boletinlegal/js/jquery.scrollShow.js HTTP/1.1" 200 4586
66.249.65.115 - - [30/Nov/2014:07:12:41 -0500] "GET /BLA/resoluciones/RESOLUCIONES%202008/5319.pdf HTTP/1.1" 304 -
186.29.170.127 - - [30/Nov/2014:07:12:57 -0500] "GET /galeria/nivo-slider/demo/demo.html HTTP/1.1" 304 -
186.29.170.127 - - [30/Nov/2014:07:12:57 -0500] "GET /galeria/nivo-slider/demo/images/Banner-GAE3.jpg HTTP/1.1" 304 -
186.29.170.127 - - [30/Nov/2014:07:12:57 -0500] "GET /galeria/nivo-slider/demo/images/festivalBasura0.jpg HTTP/1.1" 304 -
186.29.170.127 - - [30/Nov/2014:07:12:58 -0500] "GET /galeria/nivo-slider/demo/images/banner-redes.jpg HTTP/1.1" 304 -
186.29.170.127 - - [30/Nov/2014:07:12:58 -0500] "GET /galeria/nivo-slider/demo/images/Hacienda_Molinos.jpg HTTP/1.1" 304 -
186.29.170.127 - - [30/Nov/2014:07:12:58 -0500] "GET /galeria/nivo-slider/demo/scripts/jquery-1.7.1.min.js HTTP/1.1" 200 93868
66.249.65.123 - - [30/Nov/2014:07:13:09 -0500] "GET /BLA/resoluciones/RESOLUCIONES%202007/RES%202007%203201%20AL%203300/RESOLUCION%203223%20DE%202007.pdf HTTP/1.1" 200 283072
66.249.65.115 - - [30/Nov/2014:07:13:31 -0500] "GET /BLA/resoluciones/RESOLUCIONES%202007/RES%202007%20601%20AL%20700/RESOLUCION%200657%20DE%202007.pdf HTTP/1.1" 200 309281
66.249.65.123 - - [30/Nov/2014:07:13:37 -0500] "GET /BLA/resoluciones/AUTOS%202008/1557.pdf HTTP/1.1" 200 93814
186.82.234.170 - - [30/Nov/2014:07:13:47 -0500] "GET /videos/ArchivoSDA.flv HTTP/1.1" 200 31205279
180.76.5.59 - - [30/Nov/2014:07:13:59 -0500] "GET /BLA/resoluciones/AUTOS%202009/3412.pdf HTTP/1.1" 200 96397
66.249.65.115 - - [30/Nov/2014:07:14:05 -0500] "GET /BLA/resoluciones/RESOLUCIONES%202009/3757.pdf HTTP/1.1" 200 53332
186.145.58.53 - - [30/Nov/2014:07:14:17 -0500] "POST /forms/lservlet;jsessionid=ac16012b30d520417a54b3ad46c4b639843bfe7237f7.e3iSbxaKaheRe34Sa3yKbhiTahb0n6jAmljGr5XDqQLvpAe HTTP/1.1" 200 2
66.249.65.119 - - [30/Nov/2014:07:14:33 -0500] "GET /BLA/resoluciones/AUTOS%202012/0502.pdf HTTP/1.1" 304 -
188.165.15.110 - - [30/Nov/2014:07:14:52 -0500] "GET /BLA/resoluciones/RESOLUCIONES%202006/RES%202006%20351-400/00000387.tif HTTP/1.1" 200 39464
66.249.65.123 - - [30/Nov/2014:07:15:01 -0500] "GET /BLA/resoluciones/RESOLUCIONES%202008/4786.pdf HTTP/1.1" 200 157359
66.249.65.119 - - [30/Nov/2014:07:15:03 -0500] "GET /BLA/resoluciones/AUTOS%202011/3330.pdf HTTP/1.1" 200 257397
186.29.170.127 - - [30/Nov/2014:07:15:11 -0500] "GET /BLA/boletinlegal/js/jquery.js HTTP/1.1" 200 57254
186.29.170.127 - - [30/Nov/2014:07:15:11 -0500] "GET /BLA/boletinlegal/js/jquery.scrollShow.js HTTP/1.1" 200 4586
186.29.170.127 - - [30/Nov/2014:07:15:11 -0500] "GET /BLA/boletinlegal/js/jquery.scrollTo-min.js HTTP/1.1" 200 1150
186.29.170.127 - - [30/Nov/2014:07:15:11 -0500] "GET /galeria/carrusel/Carrusel/jquery.thumbnailScroller.css HTTP/1.1" 200 2066
186.29.170.127 - - [30/Nov/2014:07:15:11 -0500] "GET /galeria/carrusel/Carrusel/jquery-ui-1.8.13.custom.min.js HTTP/1.1" 200 10800
186.29.170.127 - - [30/Nov/2014:07:15:11 -0500] "GET /galeria/carrusel/Carrusel/jquery.thumbnailScroller.js HTTP/1.1" 200 8157
186.29.170.127 - - [30/Nov/2014:07:15:12 -0500] "GET /galeria/nivo-slider/demo/demo.html HTTP/1.1" 200 3458
186.29.170.127 - - [30/Nov/2014:07:15:12 -0500] "GET /galeria/nivo-slider/themes/default/default.css HTTP/1.1" 200 1569
186.29.170.127 - - [30/Nov/2014:07:15:12 -0500] "GET /galeria/nivo-slider/themes/orman/orman.css HTTP/1.1" 200 2152
186.29.170.127 - - [30/Nov/2014:07:15:12 -0500] "GET /galeria/nivo-slider/nivo-slider.css HTTP/1.1" 200 1507
186.29.170.127 - - [30/Nov/2014:07:15:12 -0500] "GET /galeria/nivo-slider/demo/images/Banner-GAE3.jpg HTTP/1.1" 200 146354
186.29.170.127 - - [30/Nov/2014:07:15:12 -0500] "GET /galeria/nivo-slider/demo/images/festivalBasura0.jpg HTTP/1.1" 200 96780
186.29.170.127 - - [30/Nov/2014:07:15:12 -0500] "GET /galeria/nivo-slider/themes/pascal/pascal.css HTTP/1.1" 200 2258
186.29.170.127 - - [30/Nov/2014:07:15:12 -0500] "GET /galeria/nivo-slider/demo/scripts/jquery-1.7.1.min.js HTTP/1.1" 200 93868
186.29.170.127 - - [30/Nov/2014:07:15:12 -0500] "GET /galeria/nivo-slider/jquery.nivo.slider.pack.js HTTP/1.1" 200 11561
186.29.170.127 - - [30/Nov/2014:07:15:12 -0500] "GET /galeria/nivo-slider/demo/images/Banner-comparendo.jpg HTTP/1.1" 200 388762
186.29.170.127 - - [30/Nov/2014:07:15:12 -0500] "GET /galeria/nivo-slider/demo/images/banner-pygaai.jpg HTTP/1.1" 200 82693
186.29.170.127 - - [30/Nov/2014:07:15:12 -0500] "GET /galeria/nivo-slider/demo/style.css HTTP/1.1" 200 2222
186.29.170.127 - - [30/Nov/2014:07:15:12 -0500] "GET /galeria/nivo-slider/demo/images/Biotaxis-Man.jpg HTTP/1.1" 200 99362
186.29.170.127 - - [30/Nov/2014:07:15:12 -0500] "GET /galeria/nivo-slider/demo/images/porloshumedales.jpg HTTP/1.1" 200 351238
186.29.170.127 - - [30/Nov/2014:07:15:12 -0500] "GET /galeria/nivo-slider/demo/images/4Simple_Slider.png HTTP/1.1" 200 11722
186.29.170.127 - - [30/Nov/2014:07:15:12 -0500] "GET /galeria/nivo-slider/themes/default/loading.gif HTTP/1.1" 200 1737
186.29.170.127 - - [30/Nov/2014:07:15:13 -0500] "GET /galeria/nivo-slider/demo/images/Tingua-azul.jpg HTTP/1.1" 200 307638
186.29.170.127 - - [30/Nov/2014:07:15:13 -0500] "GET /galeria/nivo-slider/demo/images/Banner-Caracol-Africano.jpg HTTP/1.1" 200 331986
186.29.170.127 - - [30/Nov/2014:07:15:13 -0500] "GET /galeria/nivo-slider/demo/images/banner-redes.jpg HTTP/1.1" 200 62209
186.29.170.127 - - [30/Nov/2014:07:15:13 -0500] "GET /galeria/nivo-slider/demo/images/9Signos.jpg HTTP/1.1" 200 93040
186.29.170.127 - - [30/Nov/2014:07:15:13 -0500] "GET /galeria/nivo-slider/demo/images/banner-caballos.png HTTP/1.1" 200 389106
186.29.170.127 - - [30/Nov/2014:07:15:14 -0500] "GET /galeria/nivo-slider/demo/images/Hacienda_Molinos.jpg HTTP/1.1" 200 319171
186.29.170.127 - - [30/Nov/2014:07:15:14 -0500] "GET /galeria/nivo-slider/demo/images/bannerEcolecta3.jpg HTTP/1.1" 200 280034
186.29.170.127 - - [30/Nov/2014:07:15:15 -0500] "GET /galeria/nivo-slider/themes/default/arrows.png HTTP/1.1" 200 824
186.29.170.127 - - [30/Nov/2014:07:15:15 -0500] "GET /galeria/nivo-slider/themes/default/bullets.png HTTP/1.1" 200 1281
66.249.65.115 - - [30/Nov/2014:07:15:30 -0500] "GET /BLA/resoluciones/RESOLUCIONES%202009/3983.pdf HTTP/1.1" 200 891725
190.158.139.139 - - [30/Nov/2014:07:15:38 -0500] "GET /videos/Spot_CambioClimatico.flv HTTP/1.1" 200 4371917
201.245.192.253 - - [30/Nov/2014:07:15:54 -0500] "GET /plugins/like.php?href=http%3A%2F%2Fwww.facebook.com%2FRojadirecta&layout=standard&show_faces=false&locale=es_ES&width=450&action=like&colorscheme=light&height=18 HTTP/1.1" 404 1256
201.245.192.253 - - [30/Nov/2014:07:15:54 -0500] "GET /plugins/like.php?href=http%3A%2F%2Fwww.facebook.com%2FRojadirecta&layout=standard&show_faces=false&locale=en_US&width=450&action=like&colorscheme=light&height=18 HTTP/1.1" 404 1256
201.245.192.253 - - [30/Nov/2014:07:15:54 -0500] "GET /plugins/likebox.php?href=http%3A%2F%2Fwww.facebook.com%2Frojadirecta&width=325&colorscheme=light&show_faces=true&header=false&height=176 HTTP/1.1" 404 1256
66.249.65.123 - - [30/Nov/2014:07:15:58 -0500] "GET /BLA/resoluciones/AUTOS%202011/4206.pdf HTTP/1.1" 200 304054
186.145.58.53 - - [30/Nov/2014:07:16:17 -0500] "POST /forms/lservlet;jsessionid=ac16012b30d520417a54b3ad46c4b639843bfe7237f7.e3iSbxaKaheRe34Sa3yKbhiTahb0n6jAmljGr5XDqQLvpAe HTTP/1.1" 200 2
66.249.65.115 - - [30/Nov/2014:07:16:26 -0500] "GET /BLA/resoluciones/RESOLUCIONES%202008/1813.pdf HTTP/1.1" 304 -
66.249.65.119 - - [30/Nov/2014:07:16:36 -0500] "GET /BLA/resoluciones/RESOLUCIONES%202007/RES%202007%20801%20AL%20900/RESOLUCION%200844%20DE%202007.pdf HTTP/1.1" 200 165859
74.86.158.107 - - [30/Nov/2014:07:16:51 -0500] "HEAD / HTTP/1.1" 302 -
66.249.65.119 - - [30/Nov/2014:07:16:54 -0500] "GET /BLA/resoluciones/RESOLUCIONES%202010/3314.pdf HTTP/1.1" 304 -
66.249.65.115 - - [30/Nov/2014:07:17:00 -0500] "GET /BLA/resoluciones/index.php?dir=AUTOS%202006/AUTOS%202006%202401%20-%202500/&sort=name&order=asc HTTP/1.1" 200 22199
66.249.65.123 - - [30/Nov/2014:07:17:22 -0500] "GET /BLA/resoluciones/RESOLUCIONES%202007/RES%202007%202901%20AL%203000/RESOLUCION%202942%20DE%202007.pdf HTTP/1.1" 200 1409347
186.146.58.126 - - [30/Nov/2014:07:17:43 -0500] "GET /BLA/boletinlegal/js/jquery.js HTTP/1.1" 200 57254
186.146.58.126 - - [30/Nov/2014:07:17:43 -0500] "GET /BLA/boletinlegal/js/jquery.scrollTo-min.js HTTP/1.1" 200 1150
186.146.58.126 - - [30/Nov/2014:07:17:43 -0500] "GET /BLA/boletinlegal/js/jquery.scrollShow.js HTTP/1.1" 200 4586
66.249.65.115 - - [30/Nov/2014:07:17:50 -0500] "GET /BLA/resoluciones/RESOLUCIONES%202008/4398.pdf HTTP/1.1" 304 -
190.146.169.75 - - [30/Nov/2014:07:17:52 -0500] "GET /BLA/boletinlegal/js/jquery.scrollShow.js HTTP/1.1" 200 4586
190.146.169.75 - - [30/Nov/2014:07:17:52 -0500] "GET /BLA/boletinlegal/js/jquery.js HTTP/1.1" 200 57254
190.146.169.75 - - [30/Nov/2014:07:17:52 -0500] "GET /BLA/boletinlegal/js/jquery.scrollTo-min.js HTTP/1.1" 200 1150
66.249.65.115 - - [30/Nov/2014:07:18:06 -0500] "GET /BLA/resoluciones/RESOLUCIONES%202010/6279.pdf HTTP/1.1" 200 77642
190.84.114.3 - - [30/Nov/2014:07:18:17 -0500] "GET /BLA/boletinlegal/js/jquery.js HTTP/1.1" 200 57254
190.84.114.3 - - [30/Nov/2014:07:18:17 -0500] "GET /BLA/boletinlegal/js/jquery.scrollShow.js HTTP/1.1" 200 4586
190.84.114.3 - - [30/Nov/2014:07:18:17 -0500] "GET /BLA/boletinlegal/js/jquery.scrollTo-min.js HTTP/1.1" 200 1150
186.145.58.53 - - [30/Nov/2014:07:18:17 -0500] "POST /forms/lservlet;jsessionid=ac16012b30d520417a54b3ad46c4b639843bfe7237f7.e3iSbxaKaheRe34Sa3yKbhiTahb0n6jAmljGr5XDqQLvpAe HTTP/1.1" 200 2
66.249.65.115 - - [30/Nov/2014:07:18:18 -0500] "GET /BLA/resoluciones/RESOLUCIONES%202007/RES%202007%204201%20AL%204300/RESOLUCION%204300%20DE%202007.pdf HTTP/1.1" 200 581651
188.165.15.87 - - [30/Nov/2014:07:18:27 -0500] "GET /BLA/resoluciones/RESOLUCIONES%202005/RES%202005%202501-2550/00002501.tif HTTP/1.1" 200 147282
66.249.65.115 - - [30/Nov/2014:07:18:46 -0500] "GET /BLA/resoluciones/RESOLUCIONES%202011/3686.pdf HTTP/1.1" 200 909466
190.127.234.44 - - [30/Nov/2014:07:19:02 -0500] "GET /BLA/boletinlegal/js/jquery.scrollTo-min.js HTTP/1.1" 200 1150
190.127.234.44 - - [30/Nov/2014:07:19:02 -0500] "GET /BLA/boletinlegal/js/jquery.js HTTP/1.1" 200 57254
190.127.234.44 - - [30/Nov/2014:07:19:02 -0500] "GET /BLA/boletinlegal/js/jquery.scrollShow.js HTTP/1.1" 200 4586
66.249.65.119 - - [30/Nov/2014:07:19:15 -0500] "GET /BLA/resoluciones/RESOLUCIONES%202007/RES%202007%20501%20AL%20600/RESOLUCION%200570%20DE%202007.pdf HTTP/1.1" 304 -
180.76.5.59 - - [30/Nov/2014:07:19:26 -0500] "GET /BLA/resoluciones/RESOLUCIONES%202010/2068.pdf HTTP/1.1" 200 192111
66.249.65.123 - - [30/Nov/2014:07:19:36 -0500] "GET /BLA/resoluciones/RESOLUCIONES%202008/4158.pdf HTTP/1.1" 200 509016
181.206.137.254 - - [30/Nov/2014:07:19:36 -0500] "GET /BLA/boletinlegal/js/jquery.js HTTP/1.1" 200 57254
181.206.137.254 - - [30/Nov/2014:07:19:36 -0500] "GET /BLA/boletinlegal/js/jquery.scrollTo-min.js HTTP/1.1" 200 1150
181.206.137.254 - - [30/Nov/2014:07:19:36 -0500] "GET /BLA/boletinlegal/js/jquery.scrollShow.js HTTP/1.1" 200 4586
66.249.65.115 - - [30/Nov/2014:07:19:43 -0500] "GET /BLA/resoluciones/RESOLUCIONES%202011/1649.pdf HTTP/1.1" 304 -
66.249.65.123 - - [30/Nov/2014:07:20:11 -0500] "GET /BLA/resoluciones/AUTOS%202011/2210.pdf HTTP/1.1" 200 169388
180.76.5.74 - - [30/Nov/2014:07:20:14 -0500] "GET /BLA/resoluciones/AUTOS%202009/1010.pdf HTTP/1.1" 200 121658
186.145.58.53 - - [30/Nov/2014:07:20:17 -0500] "POST /forms/lservlet;jsessionid=ac16012b30d520417a54b3ad46c4b639843bfe7237f7.e3iSbxaKaheRe34Sa3yKbhiTahb0n6jAmljGr5XDqQLvpAe HTTP/1.1" 200 2
66.249.65.119 - - [30/Nov/2014:07:20:39 -0500] "GET /BLA/resoluciones/AUTOS%202008/2436.pdf HTTP/1.1" 304 -
180.76.5.172 - - [30/Nov/2014:07:21:01 -0500] "GET /BLA/resoluciones/AUTOS%202007/2683.pdf HTTP/1.1" 200 87607
66.249.65.115 - - [30/Nov/2014:07:21:06 -0500] "GET /BLA/resoluciones/RESOLUCIONES%202008/0906.pdf HTTP/1.1" 200 221131
66.249.65.119 - - [30/Nov/2014:07:21:07 -0500] "GET /BLA/resoluciones/RESOLUCIONES%202007/RES%202007%20301%20AL%20400/RESOLUCION%200379%20DE%202007.pdf HTTP/1.1" 200 312409
66.249.65.115 - - [30/Nov/2014:07:21:35 -0500] "GET /BLA/resoluciones/RESOLUCIONES%202009/6211.pdf HTTP/1.1" 304 -
74.86.158.107 - - [30/Nov/2014:07:21:51 -0500] "HEAD / HTTP/1.1" 302 -
181.54.81.197 - - [30/Nov/2014:07:21:56 -0500] "GET /BLA/boletinlegal/js/jquery.js HTTP/1.1" 200 57254
181.54.81.197 - - [30/Nov/2014:07:21:56 -0500] "GET /BLA/boletinlegal/js/jquery.scrollShow.js HTTP/1.1" 200 4586
181.54.81.197 - - [30/Nov/2014:07:21:56 -0500] "GET /BLA/boletinlegal/js/jquery.scrollTo-min.js HTTP/1.1" 200 1150
186.83.136.59 - - [30/Nov/2014:07:22:00 -0500] "GET /BLA/boletinlegal/js/jquery.js HTTP/1.1" 200 57254
186.83.136.59 - - [30/Nov/2014:07:22:00 -0500] "GET /BLA/boletinlegal/js/jquery.scrollTo-min.js HTTP/1.1" 200 1150
186.83.136.59 - - [30/Nov/2014:07:22:00 -0500] "GET /BLA/boletinlegal/js/jquery.scrollShow.js HTTP/1.1" 200 4586
186.113.10.143 - - [30/Nov/2014:07:22:02 -0500] "GET /galeria/nivo-slider/demo/images/Biotaxis-Man.jpg HTTP/1.1" 304 -
66.249.65.123 - - [30/Nov/2014:07:22:03 -0500] "GET /BLA/resoluciones/AUTOS%202011/1396.pdf HTTP/1.1" 200 657628
186.145.58.53 - - [30/Nov/2014:07:22:17 -0500] "POST /forms/lservlet;jsessionid=ac16012b30d520417a54b3ad46c4b639843bfe7237f7.e3iSbxaKaheRe34Sa3yKbhiTahb0n6jAmljGr5XDqQLvpAe HTTP/1.1" 200 2
66.249.65.115 - - [30/Nov/2014:07:22:31 -0500] "GET /BLA/resoluciones/RESOLUCIONES%202009/7690.pdf HTTP/1.1" 304 -
66.249.65.123 - - [30/Nov/2014:07:22:34 -0500] "GET /BLA/resoluciones/RESOLUCIONES%202008/3104.pdf HTTP/1.1" 200 455048
66.249.65.123 - - [30/Nov/2014:07:23:00 -0500] "GET /BLA/resoluciones/RESOLUCIONES%202007/RES%202007%203601%20AL%203700/RESOLUCION%203645%20DE%202007.pdf HTTP/1.1" 200 307417
46.35.227.251 - - [30/Nov/2014:07:23:10 -0500] "GET /arcgis/services/Calidad_del_Agua_WQI/MapServer/WMSServer?request=GetCapabilities&service=WMS HTTP/1.1" 200 32135
