188.165.15.78 - - [30/Nov/2014:14:01:37 -0500] "GET /BLA/resoluciones/RESOLUCIONES%202004/RES%202004%201001-1050/00001040.tif HTTP/1.1" 200 125502
190.26.187.219 - - [30/Nov/2014:14:01:37 -0500] "POST /forms/lservlet;jsessionid=ac16012b30d533aa0af39f8e4389b08a89a8e9251ddf.e3iSbxaKaheRe34Sa3yKbhiTahb0n6jAmljGr5XDqQLvpAe HTTP/1.1" 200 94
190.26.187.219 - - [30/Nov/2014:14:01:38 -0500] "POST /forms/lservlet;jsessionid=ac16012b30d533aa0af39f8e4389b08a89a8e9251ddf.e3iSbxaKaheRe34Sa3yKbhiTahb0n6jAmljGr5XDqQLvpAe HTTP/1.1" 200 78
190.26.187.219 - - [30/Nov/2014:14:01:39 -0500] "POST /forms/lservlet;jsessionid=ac16012b30d533aa0af39f8e4389b08a89a8e9251ddf.e3iSbxaKaheRe34Sa3yKbhiTahb0n6jAmljGr5XDqQLvpAe HTTP/1.1" 200 2
190.26.187.219 - - [30/Nov/2014:14:01:39 -0500] "POST /forms/lservlet;jsessionid=ac16012b30d533aa0af39f8e4389b08a89a8e9251ddf.e3iSbxaKaheRe34Sa3yKbhiTahb0n6jAmljGr5XDqQLvpAe HTTP/1.1" 200 2905
190.26.187.219 - - [30/Nov/2014:14:01:40 -0500] "POST /forms/lservlet;jsessionid=ac16012b30d533aa0af39f8e4389b08a89a8e9251ddf.e3iSbxaKaheRe34Sa3yKbhiTahb0n6jAmljGr5XDqQLvpAe HTTP/1.1" 200 2
190.26.187.219 - - [30/Nov/2014:14:01:41 -0500] "POST /forms/lservlet;jsessionid=ac16012b30d533aa0af39f8e4389b08a89a8e9251ddf.e3iSbxaKaheRe34Sa3yKbhiTahb0n6jAmljGr5XDqQLvpAe HTTP/1.1" 200 89
66.249.65.119 - - [30/Nov/2014:14:01:42 -0500] "GET /BLA/resoluciones/RESOLUCIONES%202013/0247.pdf HTTP/1.1" 304 -
190.26.187.219 - - [30/Nov/2014:14:01:45 -0500] "POST /forms/lservlet;jsessionid=ac16012b30d533aa0af39f8e4389b08a89a8e9251ddf.e3iSbxaKaheRe34Sa3yKbhiTahb0n6jAmljGr5XDqQLvpAe HTTP/1.1" 200 2
74.86.158.107 - - [30/Nov/2014:14:01:50 -0500] "HEAD / HTTP/1.1" 302 -
190.26.187.219 - - [30/Nov/2014:14:01:53 -0500] "POST /forms/lservlet;jsessionid=ac16012b30d533aa0af39f8e4389b08a89a8e9251ddf.e3iSbxaKaheRe34Sa3yKbhiTahb0n6jAmljGr5XDqQLvpAe HTTP/1.1" 200 118
190.26.187.219 - - [30/Nov/2014:14:01:54 -0500] "POST /forms/lservlet;jsessionid=ac16012b30d533aa0af39f8e4389b08a89a8e9251ddf.e3iSbxaKaheRe34Sa3yKbhiTahb0n6jAmljGr5XDqQLvpAe HTTP/1.1" 200 94
190.26.187.219 - - [30/Nov/2014:14:01:56 -0500] "POST /forms/lservlet;jsessionid=ac16012b30d533aa0af39f8e4389b08a89a8e9251ddf.e3iSbxaKaheRe34Sa3yKbhiTahb0n6jAmljGr5XDqQLvpAe HTTP/1.1" 200 78
186.113.10.143 - - [30/Nov/2014:14:01:56 -0500] "GET /galeria/nivo-slider/demo/images/Biotaxis-Man.jpg HTTP/1.1" 304 -
190.26.187.219 - - [30/Nov/2014:14:01:57 -0500] "POST /forms/lservlet;jsessionid=ac16012b30d533aa0af39f8e4389b08a89a8e9251ddf.e3iSbxaKaheRe34Sa3yKbhiTahb0n6jAmljGr5XDqQLvpAe HTTP/1.1" 200 2
190.26.187.219 - - [30/Nov/2014:14:01:57 -0500] "POST /forms/lservlet;jsessionid=ac16012b30d533aa0af39f8e4389b08a89a8e9251ddf.e3iSbxaKaheRe34Sa3yKbhiTahb0n6jAmljGr5XDqQLvpAe HTTP/1.1" 200 2324
190.26.187.219 - - [30/Nov/2014:14:01:58 -0500] "POST /forms/lservlet;jsessionid=ac16012b30d533aa0af39f8e4389b08a89a8e9251ddf.e3iSbxaKaheRe34Sa3yKbhiTahb0n6jAmljGr5XDqQLvpAe HTTP/1.1" 200 2
190.26.187.219 - - [30/Nov/2014:14:02:00 -0500] "POST /forms/lservlet;jsessionid=ac16012b30d533aa0af39f8e4389b08a89a8e9251ddf.e3iSbxaKaheRe34Sa3yKbhiTahb0n6jAmljGr5XDqQLvpAe HTTP/1.1" 200 89
66.249.65.115 - - [30/Nov/2014:14:02:10 -0500] "GET /BLA/resoluciones/RESOLUCIONES%202007/RES%202007%203001%20AL%203100/RESOLUCION%203016%20DE%202007.pdf HTTP/1.1" 200 775531
202.46.50.128 - - [30/Nov/2014:14:02:16 -0500] "GET /BLA/resoluciones/RESOLUCIONES%202008/2786.pdf HTTP/1.1" 200 342318
181.50.241.109 - - [30/Nov/2014:14:02:34 -0500] "POST /forms/lservlet;jsessionid=ac16012b30d5f682009d5f7842a48dd7955190f32559.e3iSbxaKaheRe34Sa3yKbhiTahb0n6jAmljGr5XDqQLvpAe HTTP/1.1" 200 2
190.26.187.219 - - [30/Nov/2014:14:02:35 -0500] "POST /forms/lservlet;jsessionid=ac16012b30d533aa0af39f8e4389b08a89a8e9251ddf.e3iSbxaKaheRe34Sa3yKbhiTahb0n6jAmljGr5XDqQLvpAe HTTP/1.1" 200 118
190.26.187.219 - - [30/Nov/2014:14:02:37 -0500] "POST /forms/lservlet;jsessionid=ac16012b30d533aa0af39f8e4389b08a89a8e9251ddf.e3iSbxaKaheRe34Sa3yKbhiTahb0n6jAmljGr5XDqQLvpAe HTTP/1.1" 200 94
66.249.65.115 - - [30/Nov/2014:14:02:38 -0500] "GET /BLA/resoluciones/RESOLUCIONES%202011/5786.pdf HTTP/1.1" 304 -
66.249.65.115 - - [30/Nov/2014:14:02:54 -0500] "GET /BLA/resoluciones/RESOLUCIONES%202004/RES%202004%20101-150/00000131.tif HTTP/1.1" 200 99278
180.76.6.144 - - [30/Nov/2014:14:02:58 -0500] "GET / HTTP/1.1" 302 -
180.76.6.58 - - [30/Nov/2014:14:03:04 -0500] "GET /BLA/boletinlegal/Directivas/2011/Directiva%20No.%201%20del%205%20de%20Abril%20de%202011.pdf HTTP/1.1" 200 971292
66.249.65.123 - - [30/Nov/2014:14:03:06 -0500] "GET /BLA/resoluciones/AUTOS%202011/3444.pdf HTTP/1.1" 200 239959
220.181.108.111 - - [30/Nov/2014:14:03:15 -0500] "GET /BLA/resoluciones/RESOLUCIONES%202008/1271.pdf HTTP/1.1" 304 -
190.26.187.219 - - [30/Nov/2014:14:03:20 -0500] "POST /forms/lservlet;jsessionid=ac16012b30d533aa0af39f8e4389b08a89a8e9251ddf.e3iSbxaKaheRe34Sa3yKbhiTahb0n6jAmljGr5XDqQLvpAe HTTP/1.1" 200 78
190.26.187.219 - - [30/Nov/2014:14:03:22 -0500] "POST /forms/lservlet;jsessionid=ac16012b30d533aa0af39f8e4389b08a89a8e9251ddf.e3iSbxaKaheRe34Sa3yKbhiTahb0n6jAmljGr5XDqQLvpAe HTTP/1.1" 200 2
190.26.187.219 - - [30/Nov/2014:14:03:22 -0500] "POST /forms/lservlet;jsessionid=ac16012b30d533aa0af39f8e4389b08a89a8e9251ddf.e3iSbxaKaheRe34Sa3yKbhiTahb0n6jAmljGr5XDqQLvpAe HTTP/1.1" 200 3215
190.26.187.219 - - [30/Nov/2014:14:03:22 -0500] "POST /forms/lservlet;jsessionid=ac16012b30d533aa0af39f8e4389b08a89a8e9251ddf.e3iSbxaKaheRe34Sa3yKbhiTahb0n6jAmljGr5XDqQLvpAe HTTP/1.1" 200 2
190.26.187.219 - - [30/Nov/2014:14:03:24 -0500] "POST /forms/lservlet;jsessionid=ac16012b30d533aa0af39f8e4389b08a89a8e9251ddf.e3iSbxaKaheRe34Sa3yKbhiTahb0n6jAmljGr5XDqQLvpAe HTTP/1.1" 200 276
190.26.187.219 - - [30/Nov/2014:14:03:25 -0500] "POST /forms/lservlet;jsessionid=ac16012b30d533aa0af39f8e4389b08a89a8e9251ddf.e3iSbxaKaheRe34Sa3yKbhiTahb0n6jAmljGr5XDqQLvpAe HTTP/1.1" 200 8
190.26.187.219 - - [30/Nov/2014:14:03:25 -0500] "POST /forms/lservlet;jsessionid=ac16012b30d533aa0af39f8e4389b08a89a8e9251ddf.e3iSbxaKaheRe34Sa3yKbhiTahb0n6jAmljGr5XDqQLvpAe HTTP/1.1" 200 2
190.26.187.219 - - [30/Nov/2014:14:03:25 -0500] "POST /forms/lservlet;jsessionid=ac16012b30d533aa0af39f8e4389b08a89a8e9251ddf.e3iSbxaKaheRe34Sa3yKbhiTahb0n6jAmljGr5XDqQLvpAe HTTP/1.1" 200 63
66.249.65.115 - - [30/Nov/2014:14:03:34 -0500] "GET /BLA/resoluciones/RESOLUCIONES%202011/0904.pdf HTTP/1.1" 200 385148
190.26.187.219 - - [30/Nov/2014:14:03:45 -0500] "POST /forms/lservlet;jsessionid=ac16012b30d533aa0af39f8e4389b08a89a8e9251ddf.e3iSbxaKaheRe34Sa3yKbhiTahb0n6jAmljGr5XDqQLvpAe HTTP/1.1" 200 2
190.26.187.219 - - [30/Nov/2014:14:03:46 -0500] "POST /forms/lservlet;jsessionid=ac16012b30d533aa0af39f8e4389b08a89a8e9251ddf.e3iSbxaKaheRe34Sa3yKbhiTahb0n6jAmljGr5XDqQLvpAe HTTP/1.1" 200 118
190.26.187.219 - - [30/Nov/2014:14:03:46 -0500] "POST /forms/lservlet;jsessionid=ac16012b30d533aa0af39f8e4389b08a89a8e9251ddf.e3iSbxaKaheRe34Sa3yKbhiTahb0n6jAmljGr5XDqQLvpAe HTTP/1.1" 200 94
190.26.187.219 - - [30/Nov/2014:14:03:47 -0500] "POST /forms/lservlet;jsessionid=ac16012b30d533aa0af39f8e4389b08a89a8e9251ddf.e3iSbxaKaheRe34Sa3yKbhiTahb0n6jAmljGr5XDqQLvpAe HTTP/1.1" 200 78
190.26.187.219 - - [30/Nov/2014:14:03:48 -0500] "POST /forms/lservlet;jsessionid=ac16012b30d533aa0af39f8e4389b08a89a8e9251ddf.e3iSbxaKaheRe34Sa3yKbhiTahb0n6jAmljGr5XDqQLvpAe HTTP/1.1" 200 2
190.26.187.219 - - [30/Nov/2014:14:03:49 -0500] "POST /forms/lservlet;jsessionid=ac16012b30d533aa0af39f8e4389b08a89a8e9251ddf.e3iSbxaKaheRe34Sa3yKbhiTahb0n6jAmljGr5XDqQLvpAe HTTP/1.1" 200 2268
190.26.187.219 - - [30/Nov/2014:14:03:49 -0500] "POST /forms/lservlet;jsessionid=ac16012b30d533aa0af39f8e4389b08a89a8e9251ddf.e3iSbxaKaheRe34Sa3yKbhiTahb0n6jAmljGr5XDqQLvpAe HTTP/1.1" 200 2
180.76.6.21 - - [30/Nov/2014:14:03:50 -0500] "GET /BLA/resoluciones/RESOLUCIONES%202010/0681.pdf HTTP/1.1" 200 97373
190.26.187.219 - - [30/Nov/2014:14:03:51 -0500] "POST /forms/lservlet;jsessionid=ac16012b30d533aa0af39f8e4389b08a89a8e9251ddf.e3iSbxaKaheRe34Sa3yKbhiTahb0n6jAmljGr5XDqQLvpAe HTTP/1.1" 200 101
190.43.98.2 - - [30/Nov/2014:14:03:57 -0500] "GET /BLA/boletinlegal/js/jquery.js HTTP/1.1" 200 57254
190.43.98.2 - - [30/Nov/2014:14:03:57 -0500] "GET /BLA/boletinlegal/js/jquery.scrollTo-min.js HTTP/1.1" 200 1150
190.43.98.2 - - [30/Nov/2014:14:03:57 -0500] "GET /BLA/boletinlegal/js/jquery.scrollShow.js HTTP/1.1" 200 4586
66.249.65.119 - - [30/Nov/2014:14:04:02 -0500] "GET /BLA/resoluciones/RESOLUCIONES%202011/0822.pdf HTTP/1.1" 200 304461
104.154.26.122 - - [30/Nov/2014:14:04:25 -0500] "GET /galeria/carrusel/Carrusel/jquery.thumbnailScroller.css HTTP/1.1" 200 2066
104.154.26.122 - - [30/Nov/2014:14:04:25 -0500] "GET /BLA/boletinlegal/js/jquery.js HTTP/1.1" 200 57254
104.154.26.122 - - [30/Nov/2014:14:04:25 -0500] "GET /BLA/boletinlegal/js/jquery.scrollTo-min.js HTTP/1.1" 200 1150
104.154.26.122 - - [30/Nov/2014:14:04:25 -0500] "GET /BLA/boletinlegal/js/jquery.scrollShow.js HTTP/1.1" 200 4586
104.154.26.122 - - [30/Nov/2014:14:04:25 -0500] "GET /galeria/carrusel/Carrusel/jquery-ui-1.8.13.custom.min.js HTTP/1.1" 200 10800
104.154.26.122 - - [30/Nov/2014:14:04:25 -0500] "GET /galeria/carrusel/Carrusel/jquery.thumbnailScroller.js HTTP/1.1" 200 8157
104.154.26.122 - - [30/Nov/2014:14:04:27 -0500] "GET /galeria/nivo-slider/demo/demo.html HTTP/1.1" 200 3458
104.154.26.122 - - [30/Nov/2014:14:04:27 -0500] "GET /galeria/nivo-slider/themes/default/default.css HTTP/1.1" 200 1569
104.154.26.122 - - [30/Nov/2014:14:04:27 -0500] "GET /galeria/nivo-slider/themes/pascal/pascal.css HTTP/1.1" 200 2258
104.154.26.122 - - [30/Nov/2014:14:04:27 -0500] "GET /galeria/nivo-slider/themes/orman/orman.css HTTP/1.1" 200 2152
104.154.26.122 - - [30/Nov/2014:14:04:27 -0500] "GET /galeria/nivo-slider/nivo-slider.css HTTP/1.1" 200 1507
104.154.26.122 - - [30/Nov/2014:14:04:27 -0500] "GET /galeria/nivo-slider/demo/style.css HTTP/1.1" 200 2222
104.154.26.122 - - [30/Nov/2014:14:04:27 -0500] "GET /galeria/nivo-slider/demo/scripts/jquery-1.7.1.min.js HTTP/1.1" 200 93868
104.154.26.122 - - [30/Nov/2014:14:04:27 -0500] "GET /galeria/nivo-slider/jquery.nivo.slider.pack.js HTTP/1.1" 200 11561
104.154.26.122 - - [30/Nov/2014:14:04:27 -0500] "GET /galeria/nivo-slider/demo/images/4Simple_Slider.png HTTP/1.1" 200 11722
104.154.26.122 - - [30/Nov/2014:14:04:27 -0500] "GET /galeria/nivo-slider/themes/default/loading.gif HTTP/1.1" 200 1737
104.154.26.122 - - [30/Nov/2014:14:04:28 -0500] "GET /galeria/nivo-slider/demo/images/Banner-GAE3.jpg HTTP/1.1" 200 146354
104.154.26.122 - - [30/Nov/2014:14:04:28 -0500] "GET /galeria/nivo-slider/demo/images/festivalBasura0.jpg HTTP/1.1" 200 96780
104.154.26.122 - - [30/Nov/2014:14:04:28 -0500] "GET /galeria/nivo-slider/demo/images/Banner-comparendo.jpg HTTP/1.1" 200 388762
104.154.26.122 - - [30/Nov/2014:14:04:28 -0500] "GET /galeria/nivo-slider/demo/images/banner-pygaai.jpg HTTP/1.1" 200 82693
104.154.26.122 - - [30/Nov/2014:14:04:28 -0500] "GET /galeria/nivo-slider/demo/images/Biotaxis-Man.jpg HTTP/1.1" 200 99362
104.154.26.122 - - [30/Nov/2014:14:04:28 -0500] "GET /galeria/nivo-slider/demo/images/porloshumedales.jpg HTTP/1.1" 200 351238
104.154.26.122 - - [30/Nov/2014:14:04:28 -0500] "GET /galeria/nivo-slider/demo/images/Tingua-azul.jpg HTTP/1.1" 200 307638
104.154.26.122 - - [30/Nov/2014:14:04:28 -0500] "GET /galeria/nivo-slider/demo/images/Banner-Caracol-Africano.jpg HTTP/1.1" 200 331986
104.154.26.122 - - [30/Nov/2014:14:04:28 -0500] "GET /galeria/nivo-slider/demo/images/banner-redes.jpg HTTP/1.1" 200 62209
104.154.26.122 - - [30/Nov/2014:14:04:29 -0500] "GET /galeria/nivo-slider/demo/images/9Signos.jpg HTTP/1.1" 200 93040
104.154.26.122 - - [30/Nov/2014:14:04:29 -0500] "GET /galeria/nivo-slider/demo/images/banner-caballos.png HTTP/1.1" 200 389106
104.154.26.122 - - [30/Nov/2014:14:04:30 -0500] "GET /galeria/nivo-slider/demo/images/Hacienda_Molinos.jpg HTTP/1.1" 200 319171
104.154.26.122 - - [30/Nov/2014:14:04:30 -0500] "GET /galeria/nivo-slider/demo/images/bannerEcolecta3.jpg HTTP/1.1" 200 280034
66.249.65.123 - - [30/Nov/2014:14:04:31 -0500] "GET /BLA/resoluciones/RESOLUCIONES%202009/5315.pdf HTTP/1.1" 200 530285
181.50.241.109 - - [30/Nov/2014:14:04:34 -0500] "POST /forms/lservlet;jsessionid=ac16012b30d5f682009d5f7842a48dd7955190f32559.e3iSbxaKaheRe34Sa3yKbhiTahb0n6jAmljGr5XDqQLvpAe HTTP/1.1" 200 2
66.249.65.115 - - [30/Nov/2014:14:04:59 -0500] "GET /BLA/resoluciones/RESOLUCIONES%202013/1828.pdf HTTP/1.1" 304 -
181.55.189.30 - - [30/Nov/2014:14:05:22 -0500] "GET /BLA/boletinlegal/js/jquery.js HTTP/1.1" 200 57254
181.55.189.30 - - [30/Nov/2014:14:05:22 -0500] "GET /BLA/boletinlegal/js/jquery.scrollTo-min.js HTTP/1.1" 200 1150
181.55.189.30 - - [30/Nov/2014:14:05:22 -0500] "GET /BLA/boletinlegal/js/jquery.scrollShow.js HTTP/1.1" 200 4586
66.249.65.115 - - [30/Nov/2014:14:05:27 -0500] "GET /BLA/resoluciones/AUTOS%202013/0334.pdf HTTP/1.1" 304 -
200.106.165.130 - - [30/Nov/2014:14:05:33 -0500] "GET /BLA/boletinlegal/js/jquery.scrollTo-min.js HTTP/1.1" 200 1150
200.106.165.130 - - [30/Nov/2014:14:05:33 -0500] "GET /BLA/boletinlegal/js/jquery.js HTTP/1.1" 200 57254
200.106.165.130 - - [30/Nov/2014:14:05:33 -0500] "GET /BLA/boletinlegal/js/jquery.scrollShow.js HTTP/1.1" 200 4586
190.26.187.219 - - [30/Nov/2014:14:05:45 -0500] "POST /forms/lservlet;jsessionid=ac16012b30d533aa0af39f8e4389b08a89a8e9251ddf.e3iSbxaKaheRe34Sa3yKbhiTahb0n6jAmljGr5XDqQLvpAe HTTP/1.1" 200 2
50.97.161.229 - - [30/Nov/2014:14:05:46 -0500] "GET / HTTP/1.1" 302 -
190.26.187.219 - - [30/Nov/2014:14:05:51 -0500] "POST /forms/lservlet;jsessionid=ac16012b30d533aa0af39f8e4389b08a89a8e9251ddf.e3iSbxaKaheRe34Sa3yKbhiTahb0n6jAmljGr5XDqQLvpAe HTTP/1.1" 200 118
188.165.15.23 - - [30/Nov/2014:14:05:54 -0500] "GET /BLA/resoluciones/RESOLUCIONES%202006/RES%202006%20551-600/00000552.tif HTTP/1.1" 200 127312
190.26.187.219 - - [30/Nov/2014:14:05:54 -0500] "POST /forms/lservlet;jsessionid=ac16012b30d533aa0af39f8e4389b08a89a8e9251ddf.e3iSbxaKaheRe34Sa3yKbhiTahb0n6jAmljGr5XDqQLvpAe HTTP/1.1" 200 94
66.249.65.115 - - [30/Nov/2014:14:05:55 -0500] "GET /BLA/resoluciones/RESOLUCIONES%202013/0804.pdf HTTP/1.1" 304 -
66.249.65.115 - - [30/Nov/2014:14:06:23 -0500] "GET /BLA/resoluciones/AUTOS%202011/1932.pdf HTTP/1.1" 304 -
180.76.6.58 - - [30/Nov/2014:14:06:26 -0500] "GET /BLA/resoluciones/RESOLUCIONES%202013/1892.pdf HTTP/1.1" 200 464567
181.50.241.109 - - [30/Nov/2014:14:06:34 -0500] "POST /forms/lservlet;jsessionid=ac16012b30d5f682009d5f7842a48dd7955190f32559.e3iSbxaKaheRe34Sa3yKbhiTahb0n6jAmljGr5XDqQLvpAe HTTP/1.1" 200 2
74.86.158.107 - - [30/Nov/2014:14:06:50 -0500] "HEAD / HTTP/1.1" 302 -
66.249.65.123 - - [30/Nov/2014:14:06:51 -0500] "GET /BLA/resoluciones/RESOLUCIONES%202010/5676.pdf HTTP/1.1" 304 -
66.249.65.115 - - [30/Nov/2014:14:07:19 -0500] "GET /BLA/resoluciones/RESOLUCIONES%202008/0007.pdf HTTP/1.1" 304 -
190.26.187.219 - - [30/Nov/2014:14:07:45 -0500] "POST /forms/lservlet;jsessionid=ac16012b30d533aa0af39f8e4389b08a89a8e9251ddf.e3iSbxaKaheRe34Sa3yKbhiTahb0n6jAmljGr5XDqQLvpAe HTTP/1.1" 200 232
66.249.65.119 - - [30/Nov/2014:14:07:47 -0500] "GET /BLA/resoluciones/RESOLUCIONES%202007/RES%202007%201726%20AL%201800/RESOLUCION%201788%20DE%202007.pdf HTTP/1.1" 304 -
190.26.187.219 - - [30/Nov/2014:14:08:02 -0500] "POST /forms/lservlet;jsessionid=ac16012b30d533aa0af39f8e4389b08a89a8e9251ddf.e3iSbxaKaheRe34Sa3yKbhiTahb0n6jAmljGr5XDqQLvpAe HTTP/1.1" 200 2
190.26.187.219 - - [30/Nov/2014:14:08:06 -0500] "POST /forms/lservlet;jsessionid=ac16012b30d533aa0af39f8e4389b08a89a8e9251ddf.e3iSbxaKaheRe34Sa3yKbhiTahb0n6jAmljGr5XDqQLvpAe HTTP/1.1" 200 8
190.26.187.219 - - [30/Nov/2014:14:08:06 -0500] "POST /forms/lservlet;jsessionid=ac16012b30d533aa0af39f8e4389b08a89a8e9251ddf.e3iSbxaKaheRe34Sa3yKbhiTahb0n6jAmljGr5XDqQLvpAe HTTP/1.1" 200 2
190.26.187.219 - - [30/Nov/2014:14:08:08 -0500] "POST /forms/lservlet;jsessionid=ac16012b30d533aa0af39f8e4389b08a89a8e9251ddf.e3iSbxaKaheRe34Sa3yKbhiTahb0n6jAmljGr5XDqQLvpAe HTTP/1.1" 200 63
186.29.125.87 - - [30/Nov/2014:14:08:15 -0500] "GET /BLA/boletinlegal/js/jquery.js HTTP/1.1" 200 57254
186.29.125.87 - - [30/Nov/2014:14:08:15 -0500] "GET /BLA/boletinlegal/js/jquery.scrollTo-min.js HTTP/1.1" 200 1150
186.29.125.87 - - [30/Nov/2014:14:08:15 -0500] "GET /BLA/boletinlegal/js/jquery.scrollShow.js HTTP/1.1" 200 4586
186.29.125.87 - - [30/Nov/2014:14:08:15 -0500] "GET /galeria/carrusel/Carrusel/jquery.thumbnailScroller.css HTTP/1.1" 200 2066
66.249.65.123 - - [30/Nov/2014:14:08:16 -0500] "GET /BLA/resoluciones/RESOLUCIONES%202011/0077.pdf HTTP/1.1" 304 -
186.29.125.87 - - [30/Nov/2014:14:08:16 -0500] "GET /galeria/carrusel/Carrusel/jquery-ui-1.8.13.custom.min.js HTTP/1.1" 200 10800
186.29.125.87 - - [30/Nov/2014:14:08:17 -0500] "GET /galeria/carrusel/Carrusel/jquery.thumbnailScroller.js HTTP/1.1" 200 8157
181.61.147.215 - - [30/Nov/2014:14:08:25 -0500] "GET /BLA/boletinlegal/js/jquery.js HTTP/1.1" 200 57254
181.61.147.215 - - [30/Nov/2014:14:08:25 -0500] "GET /BLA/boletinlegal/js/jquery.scrollTo-min.js HTTP/1.1" 200 1150
181.61.147.215 - - [30/Nov/2014:14:08:25 -0500] "GET /BLA/boletinlegal/js/jquery.scrollShow.js HTTP/1.1" 200 4586
186.29.125.87 - - [30/Nov/2014:14:08:26 -0500] "GET /galeria/nivo-slider/demo/demo.html HTTP/1.1" 200 3458
186.29.125.87 - - [30/Nov/2014:14:08:26 -0500] "GET /galeria/nivo-slider/themes/default/default.css HTTP/1.1" 200 1569
186.29.125.87 - - [30/Nov/2014:14:08:26 -0500] "GET /galeria/nivo-slider/themes/pascal/pascal.css HTTP/1.1" 200 2258
186.29.125.87 - - [30/Nov/2014:14:08:26 -0500] "GET /galeria/nivo-slider/themes/orman/orman.css HTTP/1.1" 200 2152
186.29.125.87 - - [30/Nov/2014:14:08:27 -0500] "GET /galeria/nivo-slider/nivo-slider.css HTTP/1.1" 200 1507
186.29.125.87 - - [30/Nov/2014:14:08:27 -0500] "GET /galeria/nivo-slider/demo/style.css HTTP/1.1" 200 2222
186.29.125.87 - - [30/Nov/2014:14:08:27 -0500] "GET /galeria/nivo-slider/demo/images/Banner-GAE3.jpg HTTP/1.1" 200 146354
186.29.125.87 - - [30/Nov/2014:14:08:27 -0500] "GET /galeria/nivo-slider/demo/images/festivalBasura0.jpg HTTP/1.1" 200 96780
186.29.125.87 - - [30/Nov/2014:14:08:27 -0500] "GET /galeria/nivo-slider/demo/images/Banner-comparendo.jpg HTTP/1.1" 200 388762
186.29.125.87 - - [30/Nov/2014:14:08:27 -0500] "GET /galeria/nivo-slider/demo/images/banner-pygaai.jpg HTTP/1.1" 200 82693
186.29.125.87 - - [30/Nov/2014:14:08:27 -0500] "GET /galeria/nivo-slider/demo/images/Biotaxis-Man.jpg HTTP/1.1" 200 99362
186.29.125.87 - - [30/Nov/2014:14:08:27 -0500] "GET /galeria/nivo-slider/demo/images/porloshumedales.jpg HTTP/1.1" 200 351238
190.157.234.62 - - [30/Nov/2014:14:08:28 -0500] "GET /BLA/boletinlegal/js/jquery.scrollTo-min.js HTTP/1.1" 200 1150
190.157.234.62 - - [30/Nov/2014:14:08:28 -0500] "GET /BLA/boletinlegal/js/jquery.js HTTP/1.1" 200 57254
190.157.234.62 - - [30/Nov/2014:14:08:28 -0500] "GET /BLA/boletinlegal/js/jquery.scrollShow.js HTTP/1.1" 200 4586
186.29.125.87 - - [30/Nov/2014:14:08:30 -0500] "GET /galeria/nivo-slider/demo/images/Tingua-azul.jpg HTTP/1.1" 200 307638
190.26.187.219 - - [30/Nov/2014:14:08:31 -0500] "POST /forms/lservlet;jsessionid=ac16012b30d533aa0af39f8e4389b08a89a8e9251ddf.e3iSbxaKaheRe34Sa3yKbhiTahb0n6jAmljGr5XDqQLvpAe HTTP/1.1" 200 118
190.26.187.219 - - [30/Nov/2014:14:08:31 -0500] "POST /forms/lservlet;jsessionid=ac16012b30d533aa0af39f8e4389b08a89a8e9251ddf.e3iSbxaKaheRe34Sa3yKbhiTahb0n6jAmljGr5XDqQLvpAe HTTP/1.1" 200 94
186.29.125.87 - - [30/Nov/2014:14:08:32 -0500] "GET /galeria/nivo-slider/demo/images/Banner-Caracol-Africano.jpg HTTP/1.1" 200 331986
190.26.187.219 - - [30/Nov/2014:14:08:33 -0500] "POST /forms/lservlet;jsessionid=ac16012b30d533aa0af39f8e4389b08a89a8e9251ddf.e3iSbxaKaheRe34Sa3yKbhiTahb0n6jAmljGr5XDqQLvpAe HTTP/1.1" 200 78
181.50.241.109 - - [30/Nov/2014:14:08:34 -0500] "POST /forms/lservlet;jsessionid=ac16012b30d5f682009d5f7842a48dd7955190f32559.e3iSbxaKaheRe34Sa3yKbhiTahb0n6jAmljGr5XDqQLvpAe HTTP/1.1" 200 2
190.26.187.219 - - [30/Nov/2014:14:08:34 -0500] "POST /forms/lservlet;jsessionid=ac16012b30d533aa0af39f8e4389b08a89a8e9251ddf.e3iSbxaKaheRe34Sa3yKbhiTahb0n6jAmljGr5XDqQLvpAe HTTP/1.1" 200 2
190.26.187.219 - - [30/Nov/2014:14:08:34 -0500] "POST /forms/lservlet;jsessionid=ac16012b30d533aa0af39f8e4389b08a89a8e9251ddf.e3iSbxaKaheRe34Sa3yKbhiTahb0n6jAmljGr5XDqQLvpAe HTTP/1.1" 200 3393
190.26.187.219 - - [30/Nov/2014:14:08:35 -0500] "POST /forms/lservlet;jsessionid=ac16012b30d533aa0af39f8e4389b08a89a8e9251ddf.e3iSbxaKaheRe34Sa3yKbhiTahb0n6jAmljGr5XDqQLvpAe HTTP/1.1" 200 2
190.26.187.219 - - [30/Nov/2014:14:08:37 -0500] "POST /forms/lservlet;jsessionid=ac16012b30d533aa0af39f8e4389b08a89a8e9251ddf.e3iSbxaKaheRe34Sa3yKbhiTahb0n6jAmljGr5XDqQLvpAe HTTP/1.1" 200 95
190.26.187.219 - - [30/Nov/2014:14:08:37 -0500] "POST /forms/lservlet;jsessionid=ac16012b30d533aa0af39f8e4389b08a89a8e9251ddf.e3iSbxaKaheRe34Sa3yKbhiTahb0n6jAmljGr5XDqQLvpAe HTTP/1.1" 200 8
190.26.187.219 - - [30/Nov/2014:14:08:38 -0500] "POST /forms/lservlet;jsessionid=ac16012b30d533aa0af39f8e4389b08a89a8e9251ddf.e3iSbxaKaheRe34Sa3yKbhiTahb0n6jAmljGr5XDqQLvpAe HTTP/1.1" 200 2
190.26.187.219 - - [30/Nov/2014:14:08:38 -0500] "POST /forms/lservlet;jsessionid=ac16012b30d533aa0af39f8e4389b08a89a8e9251ddf.e3iSbxaKaheRe34Sa3yKbhiTahb0n6jAmljGr5XDqQLvpAe HTTP/1.1" 200 63
66.249.65.123 - - [30/Nov/2014:14:08:44 -0500] "GET /BLA/resoluciones/RESOLUCIONES%202011/0136.pdf HTTP/1.1" 200 352121
190.26.187.219 - - [30/Nov/2014:14:08:55 -0500] "POST /forms/lservlet;jsessionid=ac16012b30d533aa0af39f8e4389b08a89a8e9251ddf.e3iSbxaKaheRe34Sa3yKbhiTahb0n6jAmljGr5XDqQLvpAe HTTP/1.1" 200 193
190.26.187.219 - - [30/Nov/2014:14:08:56 -0500] "POST /forms/lservlet;jsessionid=ac16012b30d533aa0af39f8e4389b08a89a8e9251ddf.e3iSbxaKaheRe34Sa3yKbhiTahb0n6jAmljGr5XDqQLvpAe HTTP/1.1" 200 8
190.26.187.219 - - [30/Nov/2014:14:08:56 -0500] "POST /forms/lservlet;jsessionid=ac16012b30d533aa0af39f8e4389b08a89a8e9251ddf.e3iSbxaKaheRe34Sa3yKbhiTahb0n6jAmljGr5XDqQLvpAe HTTP/1.1" 200 2
190.26.187.219 - - [30/Nov/2014:14:08:56 -0500] "POST /forms/lservlet;jsessionid=ac16012b30d533aa0af39f8e4389b08a89a8e9251ddf.e3iSbxaKaheRe34Sa3yKbhiTahb0n6jAmljGr5XDqQLvpAe HTTP/1.1" 200 63
190.26.187.219 - - [30/Nov/2014:14:09:07 -0500] "POST /forms/lservlet;jsessionid=ac16012b30d533aa0af39f8e4389b08a89a8e9251ddf.e3iSbxaKaheRe34Sa3yKbhiTahb0n6jAmljGr5XDqQLvpAe HTTP/1.1" 200 193
190.26.187.219 - - [30/Nov/2014:14:09:08 -0500] "POST /forms/lservlet;jsessionid=ac16012b30d533aa0af39f8e4389b08a89a8e9251ddf.e3iSbxaKaheRe34Sa3yKbhiTahb0n6jAmljGr5XDqQLvpAe HTTP/1.1" 200 8
190.26.187.219 - - [30/Nov/2014:14:09:08 -0500] "POST /forms/lservlet;jsessionid=ac16012b30d533aa0af39f8e4389b08a89a8e9251ddf.e3iSbxaKaheRe34Sa3yKbhiTahb0n6jAmljGr5XDqQLvpAe HTTP/1.1" 200 2
190.26.187.219 - - [30/Nov/2014:14:09:08 -0500] "POST /forms/lservlet;jsessionid=ac16012b30d533aa0af39f8e4389b08a89a8e9251ddf.e3iSbxaKaheRe34Sa3yKbhiTahb0n6jAmljGr5XDqQLvpAe HTTP/1.1" 200 63
66.249.65.119 - - [30/Nov/2014:14:09:12 -0500] "GET /BLA/resoluciones/RESOLUCIONES%202011/3723.pdf HTTP/1.1" 304 -
190.26.187.219 - - [30/Nov/2014:14:09:20 -0500] "POST /forms/lservlet;jsessionid=ac16012b30d533aa0af39f8e4389b08a89a8e9251ddf.e3iSbxaKaheRe34Sa3yKbhiTahb0n6jAmljGr5XDqQLvpAe HTTP/1.1" 200 2
190.26.187.219 - - [30/Nov/2014:14:09:20 -0500] "POST /forms/lservlet;jsessionid=ac16012b30d533aa0af39f8e4389b08a89a8e9251ddf.e3iSbxaKaheRe34Sa3yKbhiTahb0n6jAmljGr5XDqQLvpAe HTTP/1.1" 200 14
190.26.187.219 - - [30/Nov/2014:14:09:21 -0500] "POST /forms/lservlet;jsessionid=ac16012b30d533aa0af39f8e4389b08a89a8e9251ddf.e3iSbxaKaheRe34Sa3yKbhiTahb0n6jAmljGr5XDqQLvpAe HTTP/1.1" 200 14
190.26.187.219 - - [30/Nov/2014:14:09:23 -0500] "POST /forms/lservlet;jsessionid=ac16012b30d533aa0af39f8e4389b08a89a8e9251ddf.e3iSbxaKaheRe34Sa3yKbhiTahb0n6jAmljGr5XDqQLvpAe HTTP/1.1" 200 114
190.26.187.219 - - [30/Nov/2014:14:09:24 -0500] "POST /forms/lservlet;jsessionid=ac16012b30d533aa0af39f8e4389b08a89a8e9251ddf.e3iSbxaKaheRe34Sa3yKbhiTahb0n6jAmljGr5XDqQLvpAe HTTP/1.1" 200 12
188.165.15.41 - - [30/Nov/2014:14:09:25 -0500] "GET /BLA/resoluciones/RESOLUCIONES%202003/RES%202003%201101-1150/1135.tif HTTP/1.1" 200 180784
190.26.187.219 - - [30/Nov/2014:14:09:25 -0500] "GET /reports/rwservlet/getjobid335612?server=rep_srvapsda HTTP/1.1" 200 63660
66.249.65.119 - - [30/Nov/2014:14:09:40 -0500] "GET /BLA/resoluciones/RESOLUCIONES%202011/5021.pdf HTTP/1.1" 304 -
191.103.185.86 - - [30/Nov/2014:14:09:40 -0500] "GET /BLA/boletinlegal/js/jquery.js HTTP/1.1" 200 57254
191.103.185.86 - - [30/Nov/2014:14:09:40 -0500] "GET /BLA/boletinlegal/js/jquery.scrollTo-min.js HTTP/1.1" 200 1150
191.103.185.86 - - [30/Nov/2014:14:09:40 -0500] "GET /BLA/boletinlegal/js/jquery.scrollShow.js HTTP/1.1" 200 4586
186.145.142.77 - - [30/Nov/2014:14:09:42 -0500] "GET /BLA/boletinlegal/js/jquery.js HTTP/1.1" 200 57254
186.145.142.77 - - [30/Nov/2014:14:09:42 -0500] "GET /BLA/boletinlegal/js/jquery.scrollTo-min.js HTTP/1.1" 200 1150
186.145.142.77 - - [30/Nov/2014:14:09:42 -0500] "GET /BLA/boletinlegal/js/jquery.scrollShow.js HTTP/1.1" 200 4586
190.26.187.219 - - [30/Nov/2014:14:09:46 -0500] "POST /forms/lservlet;jsessionid=ac16012b30d533aa0af39f8e4389b08a89a8e9251ddf.e3iSbxaKaheRe34Sa3yKbhiTahb0n6jAmljGr5XDqQLvpAe HTTP/1.1" 200 2
66.249.65.119 - - [30/Nov/2014:14:10:08 -0500] "GET /BLA/resoluciones/RESOLUCIONES%202009/3931.pdf HTTP/1.1" 304 -
181.50.241.109 - - [30/Nov/2014:14:10:34 -0500] "POST /forms/lservlet;jsessionid=ac16012b30d5f682009d5f7842a48dd7955190f32559.e3iSbxaKaheRe34Sa3yKbhiTahb0n6jAmljGr5XDqQLvpAe HTTP/1.1" 200 2
66.249.65.123 - - [30/Nov/2014:14:10:36 -0500] "GET /BLA/resoluciones/RESOLUCIONES%202012/0847.pdf HTTP/1.1" 304 -
66.249.65.119 - - [30/Nov/2014:14:10:49 -0500] "GET /BLA/resoluciones/RESOLUCIONES%202009/5369.pdf HTTP/1.1" 200 523791
74.82.64.161 - - [30/Nov/2014:14:10:49 -0500] "GET /BLA/boletinlegal/js/jquery.js HTTP/1.1" 200 57254
74.82.64.161 - - [30/Nov/2014:14:10:49 -0500] "GET /BLA/boletinlegal/js/jquery.scrollTo-min.js HTTP/1.1" 200 1150
74.82.64.161 - - [30/Nov/2014:14:10:51 -0500] "GET /BLA/boletinlegal/js/jquery.scrollShow.js HTTP/1.1" 200 4586
66.249.65.119 - - [30/Nov/2014:14:11:04 -0500] "GET /BLA/resoluciones/AUTOS%202009/0472.pdf HTTP/1.1" 200 102572
190.26.187.219 - - [30/Nov/2014:14:11:15 -0500] "POST /forms/lservlet;jsessionid=ac16012b30d533aa0af39f8e4389b08a89a8e9251ddf.e3iSbxaKaheRe34Sa3yKbhiTahb0n6jAmljGr5XDqQLvpAe HTTP/1.1" 200 123
190.26.187.219 - - [30/Nov/2014:14:11:16 -0500] "POST /forms/lservlet;jsessionid=ac16012b30d533aa0af39f8e4389b08a89a8e9251ddf.e3iSbxaKaheRe34Sa3yKbhiTahb0n6jAmljGr5XDqQLvpAe HTTP/1.1" 200 94
190.26.187.219 - - [30/Nov/2014:14:11:17 -0500] "POST /forms/lservlet;jsessionid=ac16012b30d533aa0af39f8e4389b08a89a8e9251ddf.e3iSbxaKaheRe34Sa3yKbhiTahb0n6jAmljGr5XDqQLvpAe HTTP/1.1" 200 78
190.26.187.219 - - [30/Nov/2014:14:11:18 -0500] "POST /forms/lservlet;jsessionid=ac16012b30d533aa0af39f8e4389b08a89a8e9251ddf.e3iSbxaKaheRe34Sa3yKbhiTahb0n6jAmljGr5XDqQLvpAe HTTP/1.1" 200 2
190.26.187.219 - - [30/Nov/2014:14:11:18 -0500] "POST /forms/lservlet;jsessionid=ac16012b30d533aa0af39f8e4389b08a89a8e9251ddf.e3iSbxaKaheRe34Sa3yKbhiTahb0n6jAmljGr5XDqQLvpAe HTTP/1.1" 200 2895
190.26.187.219 - - [30/Nov/2014:14:11:19 -0500] "POST /forms/lservlet;jsessionid=ac16012b30d533aa0af39f8e4389b08a89a8e9251ddf.e3iSbxaKaheRe34Sa3yKbhiTahb0n6jAmljGr5XDqQLvpAe HTTP/1.1" 200 2
190.26.187.219 - - [30/Nov/2014:14:11:21 -0500] "POST /forms/lservlet;jsessionid=ac16012b30d533aa0af39f8e4389b08a89a8e9251ddf.e3iSbxaKaheRe34Sa3yKbhiTahb0n6jAmljGr5XDqQLvpAe HTTP/1.1" 200 89
66.249.65.119 - - [30/Nov/2014:14:11:32 -0500] "GET /BLA/resoluciones/RESOLUCIONES%202010/7864.pdf HTTP/1.1" 304 -
190.26.187.219 - - [30/Nov/2014:14:11:42 -0500] "POST /forms/lservlet;jsessionid=ac16012b30d533aa0af39f8e4389b08a89a8e9251ddf.e3iSbxaKaheRe34Sa3yKbhiTahb0n6jAmljGr5XDqQLvpAe HTTP/1.1" 200 118
190.26.187.219 - - [30/Nov/2014:14:11:43 -0500] "POST /forms/lservlet;jsessionid=ac16012b30d533aa0af39f8e4389b08a89a8e9251ddf.e3iSbxaKaheRe34Sa3yKbhiTahb0n6jAmljGr5XDqQLvpAe HTTP/1.1" 200 94
190.26.187.219 - - [30/Nov/2014:14:11:45 -0500] "POST /forms/lservlet;jsessionid=ac16012b30d533aa0af39f8e4389b08a89a8e9251ddf.e3iSbxaKaheRe34Sa3yKbhiTahb0n6jAmljGr5XDqQLvpAe HTTP/1.1" 200 78
190.26.187.219 - - [30/Nov/2014:14:11:47 -0500] "POST /forms/lservlet;jsessionid=ac16012b30d533aa0af39f8e4389b08a89a8e9251ddf.e3iSbxaKaheRe34Sa3yKbhiTahb0n6jAmljGr5XDqQLvpAe HTTP/1.1" 200 2
180.76.5.63 - - [30/Nov/2014:14:11:47 -0500] "GET /BLA/resoluciones/index.php?dir=RESOLUCIONES+2007%2FRES+2007+4101+AL+4200%2F HTTP/1.1" 200 26886
190.26.187.219 - - [30/Nov/2014:14:11:48 -0500] "POST /forms/lservlet;jsessionid=ac16012b30d533aa0af39f8e4389b08a89a8e9251ddf.e3iSbxaKaheRe34Sa3yKbhiTahb0n6jAmljGr5XDqQLvpAe HTTP/1.1" 200 2
190.26.187.219 - - [30/Nov/2014:14:11:49 -0500] "POST /forms/lservlet;jsessionid=ac16012b30d533aa0af39f8e4389b08a89a8e9251ddf.e3iSbxaKaheRe34Sa3yKbhiTahb0n6jAmljGr5XDqQLvpAe HTTP/1.1" 200 2436
190.26.187.219 - - [30/Nov/2014:14:11:49 -0500] "POST /forms/lservlet;jsessionid=ac16012b30d533aa0af39f8e4389b08a89a8e9251ddf.e3iSbxaKaheRe34Sa3yKbhiTahb0n6jAmljGr5XDqQLvpAe HTTP/1.1" 200 2
74.86.158.107 - - [30/Nov/2014:14:11:50 -0500] "HEAD / HTTP/1.1" 302 -
190.26.187.219 - - [30/Nov/2014:14:11:51 -0500] "POST /forms/lservlet;jsessionid=ac16012b30d533aa0af39f8e4389b08a89a8e9251ddf.e3iSbxaKaheRe34Sa3yKbhiTahb0n6jAmljGr5XDqQLvpAe HTTP/1.1" 200 89
66.249.65.115 - - [30/Nov/2014:14:12:01 -0500] "GET /BLA/resoluciones/RESOLUCIONES%202011/3774.pdf HTTP/1.1" 304 -
190.26.187.219 - - [30/Nov/2014:14:12:11 -0500] "POST /forms/lservlet;jsessionid=ac16012b30d533aa0af39f8e4389b08a89a8e9251ddf.e3iSbxaKaheRe34Sa3yKbhiTahb0n6jAmljGr5XDqQLvpAe HTTP/1.1" 200 118
190.26.187.219 - - [30/Nov/2014:14:12:12 -0500] "POST /forms/lservlet;jsessionid=ac16012b30d533aa0af39f8e4389b08a89a8e9251ddf.e3iSbxaKaheRe34Sa3yKbhiTahb0n6jAmljGr5XDqQLvpAe HTTP/1.1" 200 94
190.26.187.219 - - [30/Nov/2014:14:12:15 -0500] "POST /forms/lservlet;jsessionid=ac16012b30d533aa0af39f8e4389b08a89a8e9251ddf.e3iSbxaKaheRe34Sa3yKbhiTahb0n6jAmljGr5XDqQLvpAe HTTP/1.1" 200 78
190.26.187.219 - - [30/Nov/2014:14:12:16 -0500] "POST /forms/lservlet;jsessionid=ac16012b30d533aa0af39f8e4389b08a89a8e9251ddf.e3iSbxaKaheRe34Sa3yKbhiTahb0n6jAmljGr5XDqQLvpAe HTTP/1.1" 200 2
190.26.187.219 - - [30/Nov/2014:14:12:16 -0500] "POST /forms/lservlet;jsessionid=ac16012b30d533aa0af39f8e4389b08a89a8e9251ddf.e3iSbxaKaheRe34Sa3yKbhiTahb0n6jAmljGr5XDqQLvpAe HTTP/1.1" 200 2576
190.26.187.219 - - [30/Nov/2014:14:12:19 -0500] "POST /forms/lservlet;jsessionid=ac16012b30d533aa0af39f8e4389b08a89a8e9251ddf.e3iSbxaKaheRe34Sa3yKbhiTahb0n6jAmljGr5XDqQLvpAe HTTP/1.1" 200 2
190.26.187.219 - - [30/Nov/2014:14:12:26 -0500] "POST /forms/lservlet;jsessionid=ac16012b30d533aa0af39f8e4389b08a89a8e9251ddf.e3iSbxaKaheRe34Sa3yKbhiTahb0n6jAmljGr5XDqQLvpAe HTTP/1.1" 200 89
66.249.65.123 - - [30/Nov/2014:14:12:29 -0500] "GET /BLA/resoluciones/RESOLUCIONES%202012/1335.pdf HTTP/1.1" 304 -
181.50.241.109 - - [30/Nov/2014:14:12:34 -0500] "POST /forms/lservlet;jsessionid=ac16012b30d5f682009d5f7842a48dd7955190f32559.e3iSbxaKaheRe34Sa3yKbhiTahb0n6jAmljGr5XDqQLvpAe HTTP/1.1" 200 2
190.65.50.152 - - [30/Nov/2014:14:12:45 -0500] "GET /BLA/boletinlegal/js/jquery.js HTTP/1.1" 200 57254
190.65.50.152 - - [30/Nov/2014:14:12:45 -0500] "GET /BLA/boletinlegal/js/jquery.scrollTo-min.js HTTP/1.1" 200 1150
190.65.50.152 - - [30/Nov/2014:14:12:45 -0500] "GET /BLA/boletinlegal/js/jquery.scrollShow.js HTTP/1.1" 200 4586
66.249.65.119 - - [30/Nov/2014:14:12:48 -0500] "GET /BLA/resoluciones/RESOLUCIONES%202002/RES%202002%201501-1550/20021528.tif HTTP/1.1" 200 67396
190.26.187.219 - - [30/Nov/2014:14:12:50 -0500] "POST /forms/lservlet;jsessionid=ac16012b30d533aa0af39f8e4389b08a89a8e9251ddf.e3iSbxaKaheRe34Sa3yKbhiTahb0n6jAmljGr5XDqQLvpAe HTTP/1.1" 200 118
190.26.187.219 - - [30/Nov/2014:14:12:51 -0500] "POST /forms/lservlet;jsessionid=ac16012b30d533aa0af39f8e4389b08a89a8e9251ddf.e3iSbxaKaheRe34Sa3yKbhiTahb0n6jAmljGr5XDqQLvpAe HTTP/1.1" 200 94
190.26.187.219 - - [30/Nov/2014:14:12:53 -0500] "POST /forms/lservlet;jsessionid=ac16012b30d533aa0af39f8e4389b08a89a8e9251ddf.e3iSbxaKaheRe34Sa3yKbhiTahb0n6jAmljGr5XDqQLvpAe HTTP/1.1" 200 78
190.26.187.219 - - [30/Nov/2014:14:12:54 -0500] "POST /forms/lservlet;jsessionid=ac16012b30d533aa0af39f8e4389b08a89a8e9251ddf.e3iSbxaKaheRe34Sa3yKbhiTahb0n6jAmljGr5XDqQLvpAe HTTP/1.1" 200 2
190.26.187.219 - - [30/Nov/2014:14:12:54 -0500] "POST /forms/lservlet;jsessionid=ac16012b30d533aa0af39f8e4389b08a89a8e9251ddf.e3iSbxaKaheRe34Sa3yKbhiTahb0n6jAmljGr5XDqQLvpAe HTTP/1.1" 200 2909
190.26.187.219 - - [30/Nov/2014:14:12:55 -0500] "POST /forms/lservlet;jsessionid=ac16012b30d533aa0af39f8e4389b08a89a8e9251ddf.e3iSbxaKaheRe34Sa3yKbhiTahb0n6jAmljGr5XDqQLvpAe HTTP/1.1" 200 2
190.65.50.152 - - [30/Nov/2014:14:12:51 -0500] "GET /videos/CRRFFS.mp4 HTTP/1.1" 200 286784363
190.26.187.219 - - [30/Nov/2014:14:12:56 -0500] "POST /forms/lservlet;jsessionid=ac16012b30d533aa0af39f8e4389b08a89a8e9251ddf.e3iSbxaKaheRe34Sa3yKbhiTahb0n6jAmljGr5XDqQLvpAe HTTP/1.1" 200 89
190.65.50.152 - - [30/Nov/2014:14:12:56 -0500] "GET /galeria/carrusel/Carrusel/jquery.thumbnailScroller.css HTTP/1.1" 200 2066
190.65.50.152 - - [30/Nov/2014:14:12:56 -0500] "GET /galeria/carrusel/Carrusel/jquery-ui-1.8.13.custom.min.js HTTP/1.1" 200 10800
190.65.50.152 - - [30/Nov/2014:14:12:56 -0500] "GET /galeria/carrusel/Carrusel/jquery.thumbnailScroller.js HTTP/1.1" 200 8157
66.249.65.115 - - [30/Nov/2014:14:12:57 -0500] "GET /BLA/resoluciones/RESOLUCIONES%202013/0594.pdf HTTP/1.1" 304 -
190.65.50.152 - - [30/Nov/2014:14:12:57 -0500] "GET /galeria/nivo-slider/demo/demo.html HTTP/1.1" 200 3458
190.65.50.152 - - [30/Nov/2014:14:12:59 -0500] "GET /galeria/nivo-slider/themes/orman/orman.css HTTP/1.1" 200 2152
190.65.50.152 - - [30/Nov/2014:14:12:59 -0500] "GET /galeria/nivo-slider/demo/style.css HTTP/1.1" 200 2222
190.65.50.152 - - [30/Nov/2014:14:12:59 -0500] "GET /galeria/nivo-slider/themes/default/default.css HTTP/1.1" 200 1569
190.65.50.152 - - [30/Nov/2014:14:12:59 -0500] "GET /galeria/nivo-slider/demo/scripts/jquery-1.7.1.min.js HTTP/1.1" 200 93868
190.65.50.152 - - [30/Nov/2014:14:12:59 -0500] "GET /galeria/nivo-slider/themes/pascal/pascal.css HTTP/1.1" 200 2258
190.65.50.152 - - [30/Nov/2014:14:12:59 -0500] "GET /galeria/nivo-slider/nivo-slider.css HTTP/1.1" 200 1507
190.65.50.152 - - [30/Nov/2014:14:12:59 -0500] "GET /galeria/nivo-slider/jquery.nivo.slider.pack.js HTTP/1.1" 200 11561
190.65.50.152 - - [30/Nov/2014:14:12:59 -0500] "GET /galeria/nivo-slider/demo/images/festivalBasura0.jpg HTTP/1.1" 200 96780
190.65.50.152 - - [30/Nov/2014:14:12:59 -0500] "GET /galeria/nivo-slider/demo/images/Banner-comparendo.jpg HTTP/1.1" 200 388762
190.65.50.152 - - [30/Nov/2014:14:12:59 -0500] "GET /galeria/nivo-slider/demo/images/Banner-GAE3.jpg HTTP/1.1" 200 146354
190.65.50.152 - - [30/Nov/2014:14:13:00 -0500] "GET /galeria/nivo-slider/demo/images/banner-pygaai.jpg HTTP/1.1" 200 82693
190.65.50.152 - - [30/Nov/2014:14:13:00 -0500] "GET /galeria/nivo-slider/demo/images/Biotaxis-Man.jpg HTTP/1.1" 200 99362
190.65.50.152 - - [30/Nov/2014:14:13:00 -0500] "GET /galeria/nivo-slider/demo/images/porloshumedales.jpg HTTP/1.1" 200 351238
190.65.50.152 - - [30/Nov/2014:14:13:00 -0500] "GET /galeria/nivo-slider/demo/images/Tingua-azul.jpg HTTP/1.1" 200 307638
190.65.50.152 - - [30/Nov/2014:14:13:01 -0500] "GET /galeria/nivo-slider/themes/default/loading.gif HTTP/1.1" 200 1737
190.65.50.152 - - [30/Nov/2014:14:13:01 -0500] "GET /galeria/nivo-slider/demo/images/4Simple_Slider.png HTTP/1.1" 200 11722
190.65.50.152 - - [30/Nov/2014:14:13:01 -0500] "GET /galeria/nivo-slider/demo/images/Banner-Caracol-Africano.jpg HTTP/1.1" 200 331986
190.65.50.152 - - [30/Nov/2014:14:13:01 -0500] "GET /galeria/nivo-slider/demo/images/9Signos.jpg HTTP/1.1" 200 93040
190.65.50.152 - - [30/Nov/2014:14:13:01 -0500] "GET /galeria/nivo-slider/demo/images/banner-redes.jpg HTTP/1.1" 200 62209
190.65.50.152 - - [30/Nov/2014:14:13:02 -0500] "GET /galeria/nivo-slider/demo/images/banner-caballos.png HTTP/1.1" 200 389106
190.65.50.152 - - [30/Nov/2014:14:13:03 -0500] "GET /videos/Spot_CambioClimatico.flv HTTP/1.1" 200 4371917
190.65.50.152 - - [30/Nov/2014:14:13:04 -0500] "GET /galeria/nivo-slider/demo/images/Hacienda_Molinos.jpg HTTP/1.1" 200 319171
190.65.50.152 - - [30/Nov/2014:14:13:06 -0500] "GET /videos/CRRFFS.mp4 HTTP/1.1" 206 1
190.26.187.219 - - [30/Nov/2014:14:13:16 -0500] "POST /forms/lservlet;jsessionid=ac16012b30d533aa0af39f8e4389b08a89a8e9251ddf.e3iSbxaKaheRe34Sa3yKbhiTahb0n6jAmljGr5XDqQLvpAe HTTP/1.1" 200 118
190.26.187.219 - - [30/Nov/2014:14:13:17 -0500] "POST /forms/lservlet;jsessionid=ac16012b30d533aa0af39f8e4389b08a89a8e9251ddf.e3iSbxaKaheRe34Sa3yKbhiTahb0n6jAmljGr5XDqQLvpAe HTTP/1.1" 200 94
190.26.187.219 - - [30/Nov/2014:14:13:18 -0500] "POST /forms/lservlet;jsessionid=ac16012b30d533aa0af39f8e4389b08a89a8e9251ddf.e3iSbxaKaheRe34Sa3yKbhiTahb0n6jAmljGr5XDqQLvpAe HTTP/1.1" 200 78
190.26.187.219 - - [30/Nov/2014:14:13:19 -0500] "POST /forms/lservlet;jsessionid=ac16012b30d533aa0af39f8e4389b08a89a8e9251ddf.e3iSbxaKaheRe34Sa3yKbhiTahb0n6jAmljGr5XDqQLvpAe HTTP/1.1" 200 2
190.26.187.219 - - [30/Nov/2014:14:13:19 -0500] "POST /forms/lservlet;jsessionid=ac16012b30d533aa0af39f8e4389b08a89a8e9251ddf.e3iSbxaKaheRe34Sa3yKbhiTahb0n6jAmljGr5XDqQLvpAe HTTP/1.1" 200 3298
190.26.187.219 - - [30/Nov/2014:14:13:20 -0500] "POST /forms/lservlet;jsessionid=ac16012b30d533aa0af39f8e4389b08a89a8e9251ddf.e3iSbxaKaheRe34Sa3yKbhiTahb0n6jAmljGr5XDqQLvpAe HTTP/1.1" 200 2
180.76.5.62 - - [30/Nov/2014:14:13:21 -0500] "GET /BLA/boletinlegal/Circulares/2011/Circular%20No.%201%20del%2023%20de%20Febrero%20de%202011.pdf HTTP/1.1" 200 540140
190.26.187.219 - - [30/Nov/2014:14:13:22 -0500] "POST /forms/lservlet;jsessionid=ac16012b30d533aa0af39f8e4389b08a89a8e9251ddf.e3iSbxaKaheRe34Sa3yKbhiTahb0n6jAmljGr5XDqQLvpAe HTTP/1.1" 200 135
190.26.187.219 - - [30/Nov/2014:14:13:22 -0500] "POST /forms/lservlet;jsessionid=ac16012b30d533aa0af39f8e4389b08a89a8e9251ddf.e3iSbxaKaheRe34Sa3yKbhiTahb0n6jAmljGr5XDqQLvpAe HTTP/1.1" 200 8
190.26.187.219 - - [30/Nov/2014:14:13:22 -0500] "POST /forms/lservlet;jsessionid=ac16012b30d533aa0af39f8e4389b08a89a8e9251ddf.e3iSbxaKaheRe34Sa3yKbhiTahb0n6jAmljGr5XDqQLvpAe HTTP/1.1" 200 2
190.26.187.219 - - [30/Nov/2014:14:13:23 -0500] "POST /forms/lservlet;jsessionid=ac16012b30d533aa0af39f8e4389b08a89a8e9251ddf.e3iSbxaKaheRe34Sa3yKbhiTahb0n6jAmljGr5XDqQLvpAe HTTP/1.1" 200 63
66.249.65.119 - - [30/Nov/2014:14:13:25 -0500] "GET /BLA/resoluciones/RESOLUCIONES%202012/0372.pdf HTTP/1.1" 304 -
189.191.4.226 - - [30/Nov/2014:14:13:41 -0500] "GET /BLA/boletinlegal/js/jquery.js HTTP/1.1" 200 57254
189.191.4.226 - - [30/Nov/2014:14:13:41 -0500] "GET /BLA/boletinlegal/js/jquery.scrollTo-min.js HTTP/1.1" 200 1150
189.191.4.226 - - [30/Nov/2014:14:13:41 -0500] "GET /BLA/boletinlegal/js/jquery.scrollShow.js HTTP/1.1" 200 4586
190.26.187.219 - - [30/Nov/2014:14:13:44 -0500] "POST /forms/lservlet;jsessionid=ac16012b30d533aa0af39f8e4389b08a89a8e9251ddf.e3iSbxaKaheRe34Sa3yKbhiTahb0n6jAmljGr5XDqQLvpAe HTTP/1.1" 200 209
190.26.187.219 - - [30/Nov/2014:14:13:44 -0500] "POST /forms/lservlet;jsessionid=ac16012b30d533aa0af39f8e4389b08a89a8e9251ddf.e3iSbxaKaheRe34Sa3yKbhiTahb0n6jAmljGr5XDqQLvpAe HTTP/1.1" 200 8
190.26.187.219 - - [30/Nov/2014:14:13:44 -0500] "POST /forms/lservlet;jsessionid=ac16012b30d533aa0af39f8e4389b08a89a8e9251ddf.e3iSbxaKaheRe34Sa3yKbhiTahb0n6jAmljGr5XDqQLvpAe HTTP/1.1" 200 2
190.26.187.219 - - [30/Nov/2014:14:13:45 -0500] "POST /forms/lservlet;jsessionid=ac16012b30d533aa0af39f8e4389b08a89a8e9251ddf.e3iSbxaKaheRe34Sa3yKbhiTahb0n6jAmljGr5XDqQLvpAe HTTP/1.1" 200 63
190.26.187.219 - - [30/Nov/2014:14:13:47 -0500] "POST /forms/lservlet;jsessionid=ac16012b30d533aa0af39f8e4389b08a89a8e9251ddf.e3iSbxaKaheRe34Sa3yKbhiTahb0n6jAmljGr5XDqQLvpAe HTTP/1.1" 200 2
66.249.65.115 - - [30/Nov/2014:14:13:53 -0500] "GET /BLA/resoluciones/AUTOS%202013/2422.pdf HTTP/1.1" 200 1828911
190.26.187.219 - - [30/Nov/2014:14:14:00 -0500] "POST /forms/lservlet;jsessionid=ac16012b30d533aa0af39f8e4389b08a89a8e9251ddf.e3iSbxaKaheRe34Sa3yKbhiTahb0n6jAmljGr5XDqQLvpAe HTTP/1.1" 200 214
190.26.187.219 - - [30/Nov/2014:14:14:00 -0500] "POST /forms/lservlet;jsessionid=ac16012b30d533aa0af39f8e4389b08a89a8e9251ddf.e3iSbxaKaheRe34Sa3yKbhiTahb0n6jAmljGr5XDqQLvpAe HTTP/1.1" 200 8
190.26.187.219 - - [30/Nov/2014:14:14:01 -0500] "POST /forms/lservlet;jsessionid=ac16012b30d533aa0af39f8e4389b08a89a8e9251ddf.e3iSbxaKaheRe34Sa3yKbhiTahb0n6jAmljGr5XDqQLvpAe HTTP/1.1" 200 2
190.26.187.219 - - [30/Nov/2014:14:14:01 -0500] "POST /forms/lservlet;jsessionid=ac16012b30d533aa0af39f8e4389b08a89a8e9251ddf.e3iSbxaKaheRe34Sa3yKbhiTahb0n6jAmljGr5XDqQLvpAe HTTP/1.1" 200 63
190.27.124.155 - - [30/Nov/2014:14:14:16 -0500] "GET /galeria/carrusel/Carrusel/jquery-ui-1.8.13.custom.min.js HTTP/1.1" 200 10800
190.27.124.155 - - [30/Nov/2014:14:14:16 -0500] "GET /BLA/boletinlegal/js/jquery.scrollShow.js HTTP/1.1" 200 4586
190.27.124.155 - - [30/Nov/2014:14:14:16 -0500] "GET /galeria/carrusel/Carrusel/jquery.thumbnailScroller.css HTTP/1.1" 200 2066
190.27.124.155 - - [30/Nov/2014:14:14:16 -0500] "GET /BLA/boletinlegal/js/jquery.js HTTP/1.1" 200 57254
190.27.124.155 - - [30/Nov/2014:14:14:16 -0500] "GET /BLA/boletinlegal/js/jquery.scrollTo-min.js HTTP/1.1" 200 1150
190.27.124.155 - - [30/Nov/2014:14:14:16 -0500] "GET /galeria/carrusel/Carrusel/jquery.thumbnailScroller.js HTTP/1.1" 200 8157
66.249.65.123 - - [30/Nov/2014:14:14:21 -0500] "GET /BLA/resoluciones/AUTOS%202013/1764.pdf HTTP/1.1" 200 519503
181.50.241.109 - - [30/Nov/2014:14:14:34 -0500] "POST /forms/lservlet;jsessionid=ac16012b30d5f682009d5f7842a48dd7955190f32559.e3iSbxaKaheRe34Sa3yKbhiTahb0n6jAmljGr5XDqQLvpAe HTTP/1.1" 200 2
190.27.124.155 - - [30/Nov/2014:14:14:41 -0500] "GET /galeria/nivo-slider/demo/demo.html HTTP/1.1" 200 3458
190.27.124.155 - - [30/Nov/2014:14:14:46 -0500] "GET /galeria/nivo-slider/themes/default/default.css HTTP/1.1" 200 1569
190.27.124.155 - - [30/Nov/2014:14:14:46 -0500] "GET /galeria/nivo-slider/themes/pascal/pascal.css HTTP/1.1" 200 2258
190.27.124.155 - - [30/Nov/2014:14:14:46 -0500] "GET /galeria/nivo-slider/themes/orman/orman.css HTTP/1.1" 200 2152
190.27.124.155 - - [30/Nov/2014:14:14:46 -0500] "GET /galeria/nivo-slider/demo/style.css HTTP/1.1" 200 2222
190.27.124.155 - - [30/Nov/2014:14:14:46 -0500] "GET /galeria/nivo-slider/demo/images/Banner-GAE3.jpg HTTP/1.1" 200 146354
190.27.124.155 - - [30/Nov/2014:14:14:46 -0500] "GET /galeria/nivo-slider/nivo-slider.css HTTP/1.1" 200 1507
190.27.124.155 - - [30/Nov/2014:14:14:46 -0500] "GET /galeria/nivo-slider/demo/images/festivalBasura0.jpg HTTP/1.1" 200 96780
190.27.124.155 - - [30/Nov/2014:14:14:46 -0500] "GET /galeria/nivo-slider/demo/images/Banner-comparendo.jpg HTTP/1.1" 200 388762
190.27.124.155 - - [30/Nov/2014:14:14:46 -0500] "GET /galeria/nivo-slider/demo/images/banner-pygaai.jpg HTTP/1.1" 200 82693
190.27.124.155 - - [30/Nov/2014:14:14:46 -0500] "GET /galeria/nivo-slider/demo/images/Biotaxis-Man.jpg HTTP/1.1" 200 99362
190.27.124.155 - - [30/Nov/2014:14:14:46 -0500] "GET /galeria/nivo-slider/demo/images/porloshumedales.jpg HTTP/1.1" 200 351238
66.249.65.123 - - [30/Nov/2014:14:14:49 -0500] "GET /BLA/resoluciones/AUTOS%202013/0453.pdf HTTP/1.1" 200 1617459
190.27.124.155 - - [30/Nov/2014:14:14:49 -0500] "GET /galeria/nivo-slider/demo/scripts/jquery-1.7.1.min.js HTTP/1.1" 200 93868
190.27.124.155 - - [30/Nov/2014:14:14:51 -0500] "GET /galeria/nivo-slider/jquery.nivo.slider.pack.js HTTP/1.1" 200 11561
190.27.124.155 - - [30/Nov/2014:14:14:51 -0500] "GET /galeria/nivo-slider/demo/images/Tingua-azul.jpg HTTP/1.1" 200 307638
190.27.124.155 - - [30/Nov/2014:14:14:51 -0500] "GET /galeria/nivo-slider/demo/images/Banner-Caracol-Africano.jpg HTTP/1.1" 200 331986
190.27.124.155 - - [30/Nov/2014:14:14:52 -0500] "GET /galeria/nivo-slider/demo/images/9Signos.jpg HTTP/1.1" 200 93040
190.27.124.155 - - [30/Nov/2014:14:14:54 -0500] "GET /galeria/nivo-slider/demo/images/banner-caballos.png HTTP/1.1" 200 389106
190.27.124.155 - - [30/Nov/2014:14:14:54 -0500] "GET /galeria/nivo-slider/demo/images/banner-redes.jpg HTTP/1.1" 200 62209
190.27.124.155 - - [30/Nov/2014:14:14:54 -0500] "GET /galeria/nivo-slider/demo/images/Hacienda_Molinos.jpg HTTP/1.1" 200 319171
190.27.124.155 - - [30/Nov/2014:14:14:55 -0500] "GET /galeria/nivo-slider/demo/images/bannerEcolecta3.jpg HTTP/1.1" 200 280034
190.26.187.219 - - [30/Nov/2014:14:14:57 -0500] "POST /forms/lservlet;jsessionid=ac16012b30d533aa0af39f8e4389b08a89a8e9251ddf.e3iSbxaKaheRe34Sa3yKbhiTahb0n6jAmljGr5XDqQLvpAe HTTP/1.1" 200 118
190.26.187.219 - - [30/Nov/2014:14:15:01 -0500] "POST /forms/lservlet;jsessionid=ac16012b30d533aa0af39f8e4389b08a89a8e9251ddf.e3iSbxaKaheRe34Sa3yKbhiTahb0n6jAmljGr5XDqQLvpAe HTTP/1.1" 200 94
66.249.65.119 - - [30/Nov/2014:14:15:17 -0500] "GET /BLA/resoluciones/RESOLUCIONES%202007/RES%202007%20601%20AL%20700/RESOLUCION%200634%20DE%202007.pdf HTTP/1.1" 304 -
187.240.72.88 - - [30/Nov/2014:14:15:30 -0500] "GET /BLA/boletinlegal/js/jquery.scrollTo-min.js HTTP/1.1" 200 1150
187.240.72.88 - - [30/Nov/2014:14:15:30 -0500] "GET /BLA/boletinlegal/js/jquery.js HTTP/1.1" 200 57254
187.240.72.88 - - [30/Nov/2014:14:15:30 -0500] "GET /BLA/boletinlegal/js/jquery.scrollShow.js HTTP/1.1" 200 4586
188.165.15.110 - - [30/Nov/2014:14:15:39 -0500] "GET /BLA/resoluciones/RESOLUCIONES%202002/RES%202002%201701-1750/20021748.tif HTTP/1.1" 200 42838
66.249.65.123 - - [30/Nov/2014:14:15:46 -0500] "GET /BLA/resoluciones/RESOLUCIONES%202007/RES%202007%20601%20AL%20700/RESOLUCION%200697%20DE%202007.pdf HTTP/1.1" 304 -
190.26.187.219 - - [30/Nov/2014:14:15:48 -0500] "POST /forms/lservlet;jsessionid=ac16012b30d533aa0af39f8e4389b08a89a8e9251ddf.e3iSbxaKaheRe34Sa3yKbhiTahb0n6jAmljGr5XDqQLvpAe HTTP/1.1" 200 2
190.26.187.219 - - [30/Nov/2014:14:16:04 -0500] "POST /forms/lservlet;jsessionid=ac16012b30d533aa0af39f8e4389b08a89a8e9251ddf.e3iSbxaKaheRe34Sa3yKbhiTahb0n6jAmljGr5XDqQLvpAe HTTP/1.1" 200 78
190.26.187.219 - - [30/Nov/2014:14:16:06 -0500] "POST /forms/lservlet;jsessionid=ac16012b30d533aa0af39f8e4389b08a89a8e9251ddf.e3iSbxaKaheRe34Sa3yKbhiTahb0n6jAmljGr5XDqQLvpAe HTTP/1.1" 200 2
190.26.187.219 - - [30/Nov/2014:14:16:06 -0500] "POST /forms/lservlet;jsessionid=ac16012b30d533aa0af39f8e4389b08a89a8e9251ddf.e3iSbxaKaheRe34Sa3yKbhiTahb0n6jAmljGr5XDqQLvpAe HTTP/1.1" 200 2320
190.26.187.219 - - [30/Nov/2014:14:16:06 -0500] "POST /forms/lservlet;jsessionid=ac16012b30d533aa0af39f8e4389b08a89a8e9251ddf.e3iSbxaKaheRe34Sa3yKbhiTahb0n6jAmljGr5XDqQLvpAe HTTP/1.1" 200 2
190.26.187.219 - - [30/Nov/2014:14:16:09 -0500] "POST /forms/lservlet;jsessionid=ac16012b30d533aa0af39f8e4389b08a89a8e9251ddf.e3iSbxaKaheRe34Sa3yKbhiTahb0n6jAmljGr5XDqQLvpAe HTTP/1.1" 200 83
190.26.187.219 - - [30/Nov/2014:14:16:09 -0500] "POST /forms/lservlet;jsessionid=ac16012b30d533aa0af39f8e4389b08a89a8e9251ddf.e3iSbxaKaheRe34Sa3yKbhiTahb0n6jAmljGr5XDqQLvpAe HTTP/1.1" 200 8
190.26.187.219 - - [30/Nov/2014:14:16:10 -0500] "POST /forms/lservlet;jsessionid=ac16012b30d533aa0af39f8e4389b08a89a8e9251ddf.e3iSbxaKaheRe34Sa3yKbhiTahb0n6jAmljGr5XDqQLvpAe HTTP/1.1" 200 2
190.26.187.219 - - [30/Nov/2014:14:16:10 -0500] "POST /forms/lservlet;jsessionid=ac16012b30d533aa0af39f8e4389b08a89a8e9251ddf.e3iSbxaKaheRe34Sa3yKbhiTahb0n6jAmljGr5XDqQLvpAe HTTP/1.1" 200 63
66.249.65.115 - - [30/Nov/2014:14:16:14 -0500] "GET /BLA/resoluciones/AUTOS%202012/1828.pdf HTTP/1.1" 200 303650
181.50.241.109 - - [30/Nov/2014:14:16:34 -0500] "POST /forms/lservlet;jsessionid=ac16012b30d5f682009d5f7842a48dd7955190f32559.e3iSbxaKaheRe34Sa3yKbhiTahb0n6jAmljGr5XDqQLvpAe HTTP/1.1" 200 2
190.26.187.219 - - [30/Nov/2014:14:16:36 -0500] "POST /forms/lservlet;jsessionid=ac16012b30d533aa0af39f8e4389b08a89a8e9251ddf.e3iSbxaKaheRe34Sa3yKbhiTahb0n6jAmljGr5XDqQLvpAe HTTP/1.1" 200 214
190.26.187.219 - - [30/Nov/2014:14:16:36 -0500] "POST /forms/lservlet;jsessionid=ac16012b30d533aa0af39f8e4389b08a89a8e9251ddf.e3iSbxaKaheRe34Sa3yKbhiTahb0n6jAmljGr5XDqQLvpAe HTTP/1.1" 200 8
190.26.187.219 - - [30/Nov/2014:14:16:36 -0500] "POST /forms/lservlet;jsessionid=ac16012b30d533aa0af39f8e4389b08a89a8e9251ddf.e3iSbxaKaheRe34Sa3yKbhiTahb0n6jAmljGr5XDqQLvpAe HTTP/1.1" 200 2
190.26.187.219 - - [30/Nov/2014:14:16:37 -0500] "POST /forms/lservlet;jsessionid=ac16012b30d533aa0af39f8e4389b08a89a8e9251ddf.e3iSbxaKaheRe34Sa3yKbhiTahb0n6jAmljGr5XDqQLvpAe HTTP/1.1" 200 63
66.249.65.119 - - [30/Nov/2014:14:16:42 -0500] "GET /BLA/resoluciones/RESOLUCIONES%202007/RES%202007%204001%20AL%204100/RESOLUCION%204027%20DE%202007.pdf HTTP/1.1" 304 -
190.27.124.155 - - [30/Nov/2014:14:16:46 -0500] "GET /galeria/nivo-slider/demo/images/4Simple_Slider.png HTTP/1.1" 200 11722
190.27.124.155 - - [30/Nov/2014:14:16:46 -0500] "GET /galeria/nivo-slider/themes/default/loading.gif HTTP/1.1" 200 1737
190.27.124.155 - - [30/Nov/2014:14:16:49 -0500] "GET /galeria/nivo-slider/themes/default/arrows.png HTTP/1.1" 200 824
190.27.124.155 - - [30/Nov/2014:14:16:50 -0500] "GET /galeria/nivo-slider/themes/default/bullets.png HTTP/1.1" 200 1281
74.86.158.107 - - [30/Nov/2014:14:16:50 -0500] "HEAD / HTTP/1.1" 302 -
190.26.187.219 - - [30/Nov/2014:14:16:53 -0500] "POST /forms/lservlet;jsessionid=ac16012b30d533aa0af39f8e4389b08a89a8e9251ddf.e3iSbxaKaheRe34Sa3yKbhiTahb0n6jAmljGr5XDqQLvpAe HTTP/1.1" 200 202
190.26.187.219 - - [30/Nov/2014:14:16:54 -0500] "POST /forms/lservlet;jsessionid=ac16012b30d533aa0af39f8e4389b08a89a8e9251ddf.e3iSbxaKaheRe34Sa3yKbhiTahb0n6jAmljGr5XDqQLvpAe HTTP/1.1" 200 8
190.26.187.219 - - [30/Nov/2014:14:16:54 -0500] "POST /forms/lservlet;jsessionid=ac16012b30d533aa0af39f8e4389b08a89a8e9251ddf.e3iSbxaKaheRe34Sa3yKbhiTahb0n6jAmljGr5XDqQLvpAe HTTP/1.1" 200 2
190.26.187.219 - - [30/Nov/2014:14:16:54 -0500] "POST /forms/lservlet;jsessionid=ac16012b30d533aa0af39f8e4389b08a89a8e9251ddf.e3iSbxaKaheRe34Sa3yKbhiTahb0n6jAmljGr5XDqQLvpAe HTTP/1.1" 200 63
190.27.124.155 - - [30/Nov/2014:14:17:03 -0500] "GET /videos/Spot_CambioClimatico.flv HTTP/1.1" 200 4371917
