190.26.187.219 - - [30/Nov/2014:14:47:43 -0500] "POST /forms/lservlet;jsessionid=ac16012b30d533aa0af39f8e4389b08a89a8e9251ddf.e3iSbxaKaheRe34Sa3yKbhiTahb0n6jAmljGr5XDqQLvpAe HTTP/1.1" 200 94
180.76.5.154 - - [30/Nov/2014:14:47:54 -0500] "GET /BLA/resoluciones/RESOLUCIONES%202008/2250.pdf HTTP/1.1" 200 197745
190.99.76.7 - - [30/Nov/2014:14:47:57 -0500] "GET /BLA/boletinlegal/js/jquery.js HTTP/1.1" 200 57254
190.99.76.7 - - [30/Nov/2014:14:47:57 -0500] "GET /BLA/boletinlegal/js/jquery.scrollTo-min.js HTTP/1.1" 200 1150
190.99.76.7 - - [30/Nov/2014:14:47:57 -0500] "GET /BLA/boletinlegal/js/jquery.scrollShow.js HTTP/1.1" 200 4586
188.165.15.239 - - [30/Nov/2014:14:47:59 -0500] "GET /BLA/resoluciones/index.php?dir=RESOLUCIONES%202003/RES%202003%201701-1750/&sort=date&order=desc HTTP/1.1" 200 12146
190.26.187.219 - - [30/Nov/2014:14:48:03 -0500] "POST /forms/lservlet;jsessionid=ac16012b30d533aa0af39f8e4389b08a89a8e9251ddf.e3iSbxaKaheRe34Sa3yKbhiTahb0n6jAmljGr5XDqQLvpAe HTTP/1.1" 200 2
188.165.15.78 - - [30/Nov/2014:14:48:04 -0500] "GET /BLA/resoluciones/RESOLUCIONES%202006/RES%202006%20901-950/00000901.tif HTTP/1.1" 200 69668
66.249.65.123 - - [30/Nov/2014:14:48:06 -0500] "GET /BLA/resoluciones/AUTOS%202007/2749.pdf HTTP/1.1" 304 -
66.249.65.115 - - [30/Nov/2014:14:48:34 -0500] "GET /BLA/resoluciones/RESOLUCIONES%202010/7459.pdf HTTP/1.1" 200 355454
181.50.241.109 - - [30/Nov/2014:14:48:35 -0500] "POST /forms/lservlet;jsessionid=ac16012b30d5f682009d5f7842a48dd7955190f32559.e3iSbxaKaheRe34Sa3yKbhiTahb0n6jAmljGr5XDqQLvpAe HTTP/1.1" 200 2
190.26.187.219 - - [30/Nov/2014:14:48:37 -0500] "POST /forms/lservlet;jsessionid=ac16012b30d533aa0af39f8e4389b08a89a8e9251ddf.e3iSbxaKaheRe34Sa3yKbhiTahb0n6jAmljGr5XDqQLvpAe HTTP/1.1" 200 252
190.26.187.219 - - [30/Nov/2014:14:48:37 -0500] "POST /forms/lservlet;jsessionid=ac16012b30d533aa0af39f8e4389b08a89a8e9251ddf.e3iSbxaKaheRe34Sa3yKbhiTahb0n6jAmljGr5XDqQLvpAe HTTP/1.1" 200 8
190.26.187.219 - - [30/Nov/2014:14:48:38 -0500] "POST /forms/lservlet;jsessionid=ac16012b30d533aa0af39f8e4389b08a89a8e9251ddf.e3iSbxaKaheRe34Sa3yKbhiTahb0n6jAmljGr5XDqQLvpAe HTTP/1.1" 200 2
190.26.187.219 - - [30/Nov/2014:14:48:39 -0500] "POST /forms/lservlet;jsessionid=ac16012b30d533aa0af39f8e4389b08a89a8e9251ddf.e3iSbxaKaheRe34Sa3yKbhiTahb0n6jAmljGr5XDqQLvpAe HTTP/1.1" 200 63
188.165.15.181 - - [30/Nov/2014:14:48:44 -0500] "GET /BLA/resoluciones/RESOLUCIONES%202006/RES%202006%20%202901-2950/00002925.tif HTTP/1.1" 200 129918
66.249.65.123 - - [30/Nov/2014:14:49:02 -0500] "GET /BLA/resoluciones/RESOLUCIONES%202007/RES%202007%201101%20AL%201200/RESOLUCION%201170%20DE%202007.pdf HTTP/1.1" 200 240649
181.150.169.53 - - [30/Nov/2014:14:49:03 -0500] "GET /BLA/resoluciones/Notificaciones/AUTOS%202014/3940.doc HTTP/1.1" 200 140288
181.150.169.53 - - [30/Nov/2014:14:49:03 -0500] "GET /BLA/resoluciones/Notificaciones/AUTOS%202014/3940.doc HTTP/1.1" 200 140288
190.26.187.219 - - [30/Nov/2014:14:49:21 -0500] "POST /forms/lservlet;jsessionid=ac16012b30d533aa0af39f8e4389b08a89a8e9251ddf.e3iSbxaKaheRe34Sa3yKbhiTahb0n6jAmljGr5XDqQLvpAe HTTP/1.1" 200 118
66.249.65.119 - - [30/Nov/2014:14:49:31 -0500] "GET /BLA/resoluciones/AUTOS%202011/0188.pdf HTTP/1.1" 304 -
188.165.15.152 - - [30/Nov/2014:14:49:54 -0500] "GET /BLA/resoluciones/RESOLUCIONES%202002/RES%202002%20651-700/00000686.tif HTTP/1.1" 200 195976
66.249.65.123 - - [30/Nov/2014:14:49:59 -0500] "GET /BLA/resoluciones/RESOLUCIONES%202013/0065.pdf HTTP/1.1" 304 -
190.26.187.219 - - [30/Nov/2014:14:50:00 -0500] "POST /forms/lservlet;jsessionid=ac16012b30d533aa0af39f8e4389b08a89a8e9251ddf.e3iSbxaKaheRe34Sa3yKbhiTahb0n6jAmljGr5XDqQLvpAe HTTP/1.1" 200 94
190.26.187.219 - - [30/Nov/2014:14:50:01 -0500] "POST /forms/lservlet;jsessionid=ac16012b30d533aa0af39f8e4389b08a89a8e9251ddf.e3iSbxaKaheRe34Sa3yKbhiTahb0n6jAmljGr5XDqQLvpAe HTTP/1.1" 200 2
190.26.187.219 - - [30/Nov/2014:14:50:01 -0500] "POST /forms/lservlet;jsessionid=ac16012b30d533aa0af39f8e4389b08a89a8e9251ddf.e3iSbxaKaheRe34Sa3yKbhiTahb0n6jAmljGr5XDqQLvpAe HTTP/1.1" 200 131
190.26.187.219 - - [30/Nov/2014:14:50:02 -0500] "POST /forms/lservlet;jsessionid=ac16012b30d533aa0af39f8e4389b08a89a8e9251ddf.e3iSbxaKaheRe34Sa3yKbhiTahb0n6jAmljGr5XDqQLvpAe HTTP/1.1" 200 11
190.26.187.219 - - [30/Nov/2014:14:50:02 -0500] "GET /reports/rwservlet/getjobid335618?server=rep_srvapsda HTTP/1.1" 200 73377
190.26.187.219 - - [30/Nov/2014:14:50:04 -0500] "POST /forms/lservlet;jsessionid=ac16012b30d533aa0af39f8e4389b08a89a8e9251ddf.e3iSbxaKaheRe34Sa3yKbhiTahb0n6jAmljGr5XDqQLvpAe HTTP/1.1" 200 2
66.249.65.115 - - [30/Nov/2014:14:50:27 -0500] "GET /BLA/resoluciones/AUTOS%202011/1742.pdf HTTP/1.1" 304 -
181.50.241.109 - - [30/Nov/2014:14:50:35 -0500] "POST /forms/lservlet;jsessionid=ac16012b30d5f682009d5f7842a48dd7955190f32559.e3iSbxaKaheRe34Sa3yKbhiTahb0n6jAmljGr5XDqQLvpAe HTTP/1.1" 200 2
66.249.65.115 - - [30/Nov/2014:14:50:55 -0500] "GET /BLA/resoluciones/RESOLUCIONES%202007/RES%202007%203801%20AL%203900/RESOLUCION%203868%20DE%202007.pdf HTTP/1.1" 200 505790
66.249.65.119 - - [30/Nov/2014:14:51:23 -0500] "GET /BLA/resoluciones/RESOLUCIONES%202008/1548.pdf HTTP/1.1" 200 325607
74.86.158.107 - - [30/Nov/2014:14:51:50 -0500] "HEAD / HTTP/1.1" 302 -
66.249.65.123 - - [30/Nov/2014:14:51:50 -0500] "GET /BLA/boletinlegal/js/jquery.js HTTP/1.1" 200 57254
66.249.65.119 - - [30/Nov/2014:14:51:51 -0500] "GET /BLA/boletinlegal/js/jquery.scrollTo-min.js HTTP/1.1" 200 1150
66.249.65.119 - - [30/Nov/2014:14:51:51 -0500] "GET /BLA/boletinlegal/js/jquery.scrollShow.js HTTP/1.1" 200 4586
66.249.65.115 - - [30/Nov/2014:14:51:52 -0500] "GET /BLA/resoluciones/RESOLUCIONES%202007/RES%202007%201801%20AL%201900/RESOLUCION%201875%20DE%202007.pdf HTTP/1.1" 304 -
188.165.15.78 - - [30/Nov/2014:14:52:00 -0500] "GET /BLA/resoluciones/RESOLUCIONES%202003/RES%202003%20251-300/256.tif HTTP/1.1" 200 169528
190.26.187.219 - - [30/Nov/2014:14:52:04 -0500] "POST /forms/lservlet;jsessionid=ac16012b30d533aa0af39f8e4389b08a89a8e9251ddf.e3iSbxaKaheRe34Sa3yKbhiTahb0n6jAmljGr5XDqQLvpAe HTTP/1.1" 200 2
186.85.51.194 - - [30/Nov/2014:14:52:12 -0500] "GET /forest/session.jsp?a=0.5819356015417725 HTTP/1.1" 200 5
186.85.51.194 - - [30/Nov/2014:14:52:12 -0500] "GET /forest/login.jsp?a=0.6691914135590196 HTTP/1.1" 200 2996
190.26.187.219 - - [30/Nov/2014:14:52:18 -0500] "POST /forms/lservlet;jsessionid=ac16012b30d533aa0af39f8e4389b08a89a8e9251ddf.e3iSbxaKaheRe34Sa3yKbhiTahb0n6jAmljGr5XDqQLvpAe HTTP/1.1" 200 84
66.249.65.119 - - [30/Nov/2014:14:52:19 -0500] "GET /BLA/resoluciones/AUTOS%202014/1925.pdf HTTP/1.1" 200 225000
190.26.187.219 - - [30/Nov/2014:14:52:19 -0500] "POST /forms/lservlet;jsessionid=ac16012b30d533aa0af39f8e4389b08a89a8e9251ddf.e3iSbxaKaheRe34Sa3yKbhiTahb0n6jAmljGr5XDqQLvpAe HTTP/1.1" 200 2
190.26.187.219 - - [30/Nov/2014:14:52:20 -0500] "POST /forms/lservlet;jsessionid=ac16012b30d533aa0af39f8e4389b08a89a8e9251ddf.e3iSbxaKaheRe34Sa3yKbhiTahb0n6jAmljGr5XDqQLvpAe HTTP/1.1" 200 2799
190.26.187.219 - - [30/Nov/2014:14:52:20 -0500] "POST /forms/lservlet;jsessionid=ac16012b30d533aa0af39f8e4389b08a89a8e9251ddf.e3iSbxaKaheRe34Sa3yKbhiTahb0n6jAmljGr5XDqQLvpAe HTTP/1.1" 200 2
66.249.65.115 - - [30/Nov/2014:14:52:21 -0500] "GET /icons/compressed.gif HTTP/1.1" 200 1038
66.249.65.123 - - [30/Nov/2014:14:52:21 -0500] "GET /BLA/resoluciones/RESOLUCIONES%202004/RES%202004%20101-150/00000111.tif HTTP/1.1" 200 32044
190.26.187.219 - - [30/Nov/2014:14:52:22 -0500] "POST /forms/lservlet;jsessionid=ac16012b30d533aa0af39f8e4389b08a89a8e9251ddf.e3iSbxaKaheRe34Sa3yKbhiTahb0n6jAmljGr5XDqQLvpAe HTTP/1.1" 200 89
188.165.15.239 - - [30/Nov/2014:14:52:23 -0500] "GET /BLA/resoluciones/RESOLUCIONES%202006/RES%202006%201501-1550/00001546.tif HTTP/1.1" 200 226986
190.26.187.219 - - [30/Nov/2014:14:52:25 -0500] "POST /forms/lservlet;jsessionid=ac16012b30d533aa0af39f8e4389b08a89a8e9251ddf.e3iSbxaKaheRe34Sa3yKbhiTahb0n6jAmljGr5XDqQLvpAe HTTP/1.1" 200 118
190.26.187.219 - - [30/Nov/2014:14:52:26 -0500] "POST /forms/lservlet;jsessionid=ac16012b30d533aa0af39f8e4389b08a89a8e9251ddf.e3iSbxaKaheRe34Sa3yKbhiTahb0n6jAmljGr5XDqQLvpAe HTTP/1.1" 200 94
190.26.187.219 - - [30/Nov/2014:14:52:26 -0500] "POST /forms/lservlet;jsessionid=ac16012b30d533aa0af39f8e4389b08a89a8e9251ddf.e3iSbxaKaheRe34Sa3yKbhiTahb0n6jAmljGr5XDqQLvpAe HTTP/1.1" 200 78
190.26.187.219 - - [30/Nov/2014:14:52:28 -0500] "POST /forms/lservlet;jsessionid=ac16012b30d533aa0af39f8e4389b08a89a8e9251ddf.e3iSbxaKaheRe34Sa3yKbhiTahb0n6jAmljGr5XDqQLvpAe HTTP/1.1" 200 2
190.26.187.219 - - [30/Nov/2014:14:52:28 -0500] "POST /forms/lservlet;jsessionid=ac16012b30d533aa0af39f8e4389b08a89a8e9251ddf.e3iSbxaKaheRe34Sa3yKbhiTahb0n6jAmljGr5XDqQLvpAe HTTP/1.1" 200 3056
190.26.187.219 - - [30/Nov/2014:14:52:28 -0500] "POST /forms/lservlet;jsessionid=ac16012b30d533aa0af39f8e4389b08a89a8e9251ddf.e3iSbxaKaheRe34Sa3yKbhiTahb0n6jAmljGr5XDqQLvpAe HTTP/1.1" 200 2
190.26.187.219 - - [30/Nov/2014:14:52:30 -0500] "POST /forms/lservlet;jsessionid=ac16012b30d533aa0af39f8e4389b08a89a8e9251ddf.e3iSbxaKaheRe34Sa3yKbhiTahb0n6jAmljGr5XDqQLvpAe HTTP/1.1" 200 2
190.26.187.219 - - [30/Nov/2014:14:52:30 -0500] "POST /forms/lservlet;jsessionid=ac16012b30d533aa0af39f8e4389b08a89a8e9251ddf.e3iSbxaKaheRe34Sa3yKbhiTahb0n6jAmljGr5XDqQLvpAe HTTP/1.1" 200 3094
190.26.187.219 - - [30/Nov/2014:14:52:31 -0500] "POST /forms/lservlet;jsessionid=ac16012b30d533aa0af39f8e4389b08a89a8e9251ddf.e3iSbxaKaheRe34Sa3yKbhiTahb0n6jAmljGr5XDqQLvpAe HTTP/1.1" 200 2
190.26.187.219 - - [30/Nov/2014:14:52:34 -0500] "POST /forms/lservlet;jsessionid=ac16012b30d533aa0af39f8e4389b08a89a8e9251ddf.e3iSbxaKaheRe34Sa3yKbhiTahb0n6jAmljGr5XDqQLvpAe HTTP/1.1" 200 101
181.50.241.109 - - [30/Nov/2014:14:52:35 -0500] "POST /forms/lservlet;jsessionid=ac16012b30d5f682009d5f7842a48dd7955190f32559.e3iSbxaKaheRe34Sa3yKbhiTahb0n6jAmljGr5XDqQLvpAe HTTP/1.1" 200 2
190.26.187.219 - - [30/Nov/2014:14:52:37 -0500] "POST /forms/lservlet;jsessionid=ac16012b30d533aa0af39f8e4389b08a89a8e9251ddf.e3iSbxaKaheRe34Sa3yKbhiTahb0n6jAmljGr5XDqQLvpAe HTTP/1.1" 200 204
190.26.187.219 - - [30/Nov/2014:14:52:37 -0500] "POST /forms/lservlet;jsessionid=ac16012b30d533aa0af39f8e4389b08a89a8e9251ddf.e3iSbxaKaheRe34Sa3yKbhiTahb0n6jAmljGr5XDqQLvpAe HTTP/1.1" 200 8
190.26.187.219 - - [30/Nov/2014:14:52:37 -0500] "POST /forms/lservlet;jsessionid=ac16012b30d533aa0af39f8e4389b08a89a8e9251ddf.e3iSbxaKaheRe34Sa3yKbhiTahb0n6jAmljGr5XDqQLvpAe HTTP/1.1" 200 2
190.26.187.219 - - [30/Nov/2014:14:52:38 -0500] "POST /forms/lservlet;jsessionid=ac16012b30d533aa0af39f8e4389b08a89a8e9251ddf.e3iSbxaKaheRe34Sa3yKbhiTahb0n6jAmljGr5XDqQLvpAe HTTP/1.1" 200 137
190.26.187.219 - - [30/Nov/2014:14:52:38 -0500] "POST /forms/lservlet;jsessionid=ac16012b30d533aa0af39f8e4389b08a89a8e9251ddf.e3iSbxaKaheRe34Sa3yKbhiTahb0n6jAmljGr5XDqQLvpAe HTTP/1.1" 200 8
190.26.187.219 - - [30/Nov/2014:14:52:38 -0500] "POST /forms/lservlet;jsessionid=ac16012b30d533aa0af39f8e4389b08a89a8e9251ddf.e3iSbxaKaheRe34Sa3yKbhiTahb0n6jAmljGr5XDqQLvpAe HTTP/1.1" 200 2
190.26.187.219 - - [30/Nov/2014:14:52:41 -0500] "POST /forms/lservlet;jsessionid=ac16012b30d533aa0af39f8e4389b08a89a8e9251ddf.e3iSbxaKaheRe34Sa3yKbhiTahb0n6jAmljGr5XDqQLvpAe HTTP/1.1" 200 178
190.26.187.219 - - [30/Nov/2014:14:52:41 -0500] "POST /forms/lservlet;jsessionid=ac16012b30d533aa0af39f8e4389b08a89a8e9251ddf.e3iSbxaKaheRe34Sa3yKbhiTahb0n6jAmljGr5XDqQLvpAe HTTP/1.1" 200 8
190.26.187.219 - - [30/Nov/2014:14:52:41 -0500] "POST /forms/lservlet;jsessionid=ac16012b30d533aa0af39f8e4389b08a89a8e9251ddf.e3iSbxaKaheRe34Sa3yKbhiTahb0n6jAmljGr5XDqQLvpAe HTTP/1.1" 200 2
190.26.187.219 - - [30/Nov/2014:14:52:42 -0500] "POST /forms/lservlet;jsessionid=ac16012b30d533aa0af39f8e4389b08a89a8e9251ddf.e3iSbxaKaheRe34Sa3yKbhiTahb0n6jAmljGr5XDqQLvpAe HTTP/1.1" 200 63
72.91.106.123 - - [30/Nov/2014:14:52:43 -0500] "GET /BLA/boletinlegal/js/jquery.scrollTo-min.js HTTP/1.1" 200 1150
72.91.106.123 - - [30/Nov/2014:14:52:43 -0500] "GET /BLA/boletinlegal/js/jquery.scrollShow.js HTTP/1.1" 200 4586
72.91.106.123 - - [30/Nov/2014:14:52:43 -0500] "GET /BLA/boletinlegal/js/jquery.js HTTP/1.1" 200 57254
190.26.187.219 - - [30/Nov/2014:14:52:44 -0500] "POST /forms/lservlet;jsessionid=ac16012b30d533aa0af39f8e4389b08a89a8e9251ddf.e3iSbxaKaheRe34Sa3yKbhiTahb0n6jAmljGr5XDqQLvpAe HTTP/1.1" 200 118
190.26.187.219 - - [30/Nov/2014:14:52:47 -0500] "POST /forms/lservlet;jsessionid=ac16012b30d533aa0af39f8e4389b08a89a8e9251ddf.e3iSbxaKaheRe34Sa3yKbhiTahb0n6jAmljGr5XDqQLvpAe HTTP/1.1" 200 176
66.249.65.119 - - [30/Nov/2014:14:52:47 -0500] "GET /BLA/resoluciones/RESOLUCIONES%202011/1049.pdf HTTP/1.1" 304 -
190.26.187.219 - - [30/Nov/2014:14:52:48 -0500] "POST /forms/lservlet;jsessionid=ac16012b30d533aa0af39f8e4389b08a89a8e9251ddf.e3iSbxaKaheRe34Sa3yKbhiTahb0n6jAmljGr5XDqQLvpAe HTTP/1.1" 200 98
190.26.187.219 - - [30/Nov/2014:14:52:51 -0500] "POST /forms/lservlet;jsessionid=ac16012b30d533aa0af39f8e4389b08a89a8e9251ddf.e3iSbxaKaheRe34Sa3yKbhiTahb0n6jAmljGr5XDqQLvpAe HTTP/1.1" 200 2
190.26.187.219 - - [30/Nov/2014:14:52:51 -0500] "POST /forms/lservlet;jsessionid=ac16012b30d533aa0af39f8e4389b08a89a8e9251ddf.e3iSbxaKaheRe34Sa3yKbhiTahb0n6jAmljGr5XDqQLvpAe HTTP/1.1" 200 2708
190.26.187.219 - - [30/Nov/2014:14:52:52 -0500] "POST /forms/lservlet;jsessionid=ac16012b30d533aa0af39f8e4389b08a89a8e9251ddf.e3iSbxaKaheRe34Sa3yKbhiTahb0n6jAmljGr5XDqQLvpAe HTTP/1.1" 200 2
190.26.187.219 - - [30/Nov/2014:14:52:55 -0500] "POST /forms/lservlet;jsessionid=ac16012b30d533aa0af39f8e4389b08a89a8e9251ddf.e3iSbxaKaheRe34Sa3yKbhiTahb0n6jAmljGr5XDqQLvpAe HTTP/1.1" 200 89
190.26.187.219 - - [30/Nov/2014:14:52:57 -0500] "POST /forms/lservlet;jsessionid=ac16012b30d533aa0af39f8e4389b08a89a8e9251ddf.e3iSbxaKaheRe34Sa3yKbhiTahb0n6jAmljGr5XDqQLvpAe HTTP/1.1" 200 162
190.26.187.219 - - [30/Nov/2014:14:52:57 -0500] "POST /forms/lservlet;jsessionid=ac16012b30d533aa0af39f8e4389b08a89a8e9251ddf.e3iSbxaKaheRe34Sa3yKbhiTahb0n6jAmljGr5XDqQLvpAe HTTP/1.1" 200 8
190.26.187.219 - - [30/Nov/2014:14:52:57 -0500] "POST /forms/lservlet;jsessionid=ac16012b30d533aa0af39f8e4389b08a89a8e9251ddf.e3iSbxaKaheRe34Sa3yKbhiTahb0n6jAmljGr5XDqQLvpAe HTTP/1.1" 200 2
190.26.187.219 - - [30/Nov/2014:14:52:58 -0500] "POST /forms/lservlet;jsessionid=ac16012b30d533aa0af39f8e4389b08a89a8e9251ddf.e3iSbxaKaheRe34Sa3yKbhiTahb0n6jAmljGr5XDqQLvpAe HTTP/1.1" 200 63
190.26.187.219 - - [30/Nov/2014:14:53:01 -0500] "POST /forms/lservlet;jsessionid=ac16012b30d533aa0af39f8e4389b08a89a8e9251ddf.e3iSbxaKaheRe34Sa3yKbhiTahb0n6jAmljGr5XDqQLvpAe HTTP/1.1" 200 157
190.26.187.219 - - [30/Nov/2014:14:53:01 -0500] "POST /forms/lservlet;jsessionid=ac16012b30d533aa0af39f8e4389b08a89a8e9251ddf.e3iSbxaKaheRe34Sa3yKbhiTahb0n6jAmljGr5XDqQLvpAe HTTP/1.1" 200 8
190.26.187.219 - - [30/Nov/2014:14:53:01 -0500] "POST /forms/lservlet;jsessionid=ac16012b30d533aa0af39f8e4389b08a89a8e9251ddf.e3iSbxaKaheRe34Sa3yKbhiTahb0n6jAmljGr5XDqQLvpAe HTTP/1.1" 200 2
190.26.187.219 - - [30/Nov/2014:14:53:02 -0500] "POST /forms/lservlet;jsessionid=ac16012b30d533aa0af39f8e4389b08a89a8e9251ddf.e3iSbxaKaheRe34Sa3yKbhiTahb0n6jAmljGr5XDqQLvpAe HTTP/1.1" 200 63
190.26.187.219 - - [30/Nov/2014:14:53:05 -0500] "POST /forms/lservlet;jsessionid=ac16012b30d533aa0af39f8e4389b08a89a8e9251ddf.e3iSbxaKaheRe34Sa3yKbhiTahb0n6jAmljGr5XDqQLvpAe HTTP/1.1" 200 118
190.26.187.219 - - [30/Nov/2014:14:53:06 -0500] "POST /forms/lservlet;jsessionid=ac16012b30d533aa0af39f8e4389b08a89a8e9251ddf.e3iSbxaKaheRe34Sa3yKbhiTahb0n6jAmljGr5XDqQLvpAe HTTP/1.1" 200 94
190.26.187.219 - - [30/Nov/2014:14:53:07 -0500] "POST /forms/lservlet;jsessionid=ac16012b30d533aa0af39f8e4389b08a89a8e9251ddf.e3iSbxaKaheRe34Sa3yKbhiTahb0n6jAmljGr5XDqQLvpAe HTTP/1.1" 200 78
190.26.187.219 - - [30/Nov/2014:14:53:10 -0500] "POST /forms/lservlet;jsessionid=ac16012b30d533aa0af39f8e4389b08a89a8e9251ddf.e3iSbxaKaheRe34Sa3yKbhiTahb0n6jAmljGr5XDqQLvpAe HTTP/1.1" 200 2
190.26.187.219 - - [30/Nov/2014:14:53:10 -0500] "POST /forms/lservlet;jsessionid=ac16012b30d533aa0af39f8e4389b08a89a8e9251ddf.e3iSbxaKaheRe34Sa3yKbhiTahb0n6jAmljGr5XDqQLvpAe HTTP/1.1" 200 2583
190.26.187.219 - - [30/Nov/2014:14:53:10 -0500] "POST /forms/lservlet;jsessionid=ac16012b30d533aa0af39f8e4389b08a89a8e9251ddf.e3iSbxaKaheRe34Sa3yKbhiTahb0n6jAmljGr5XDqQLvpAe HTTP/1.1" 200 2
190.26.187.219 - - [30/Nov/2014:14:53:13 -0500] "POST /forms/lservlet;jsessionid=ac16012b30d533aa0af39f8e4389b08a89a8e9251ddf.e3iSbxaKaheRe34Sa3yKbhiTahb0n6jAmljGr5XDqQLvpAe HTTP/1.1" 200 2
190.26.187.219 - - [30/Nov/2014:14:53:13 -0500] "POST /forms/lservlet;jsessionid=ac16012b30d533aa0af39f8e4389b08a89a8e9251ddf.e3iSbxaKaheRe34Sa3yKbhiTahb0n6jAmljGr5XDqQLvpAe HTTP/1.1" 200 3738
190.26.187.219 - - [30/Nov/2014:14:53:14 -0500] "POST /forms/lservlet;jsessionid=ac16012b30d533aa0af39f8e4389b08a89a8e9251ddf.e3iSbxaKaheRe34Sa3yKbhiTahb0n6jAmljGr5XDqQLvpAe HTTP/1.1" 200 2
66.249.65.119 - - [30/Nov/2014:14:53:15 -0500] "GET /BLA/resoluciones/RESOLUCIONES%202013/1892.pdf HTTP/1.1" 304 -
190.26.187.219 - - [30/Nov/2014:14:53:16 -0500] "POST /forms/lservlet;jsessionid=ac16012b30d533aa0af39f8e4389b08a89a8e9251ddf.e3iSbxaKaheRe34Sa3yKbhiTahb0n6jAmljGr5XDqQLvpAe HTTP/1.1" 200 101
190.250.201.130 - - [30/Nov/2014:14:53:18 -0500] "GET /BLA/boletinlegal/js/jquery.js HTTP/1.1" 200 57254
190.250.201.130 - - [30/Nov/2014:14:53:18 -0500] "GET /BLA/boletinlegal/js/jquery.scrollTo-min.js HTTP/1.1" 200 1150
190.250.201.130 - - [30/Nov/2014:14:53:18 -0500] "GET /BLA/boletinlegal/js/jquery.scrollShow.js HTTP/1.1" 200 4586
66.249.83.191 - - [30/Nov/2014:14:53:28 -0500] "GET /BLA/boletinlegal/js/jquery.scrollShow.js HTTP/1.1" 200 4586
66.249.83.185 - - [30/Nov/2014:14:53:28 -0500] "GET /BLA/boletinlegal/js/jquery.js HTTP/1.1" 200 57254
66.249.83.191 - - [30/Nov/2014:14:53:28 -0500] "GET /galeria/carrusel/Carrusel/jquery.thumbnailScroller.css HTTP/1.1" 200 2066
66.249.83.191 - - [30/Nov/2014:14:53:28 -0500] "GET /galeria/carrusel/Carrusel/jquery.thumbnailScroller.js HTTP/1.1" 200 8157
66.249.83.185 - - [30/Nov/2014:14:53:28 -0500] "GET /BLA/boletinlegal/js/jquery.scrollTo-min.js HTTP/1.1" 200 1150
66.249.83.179 - - [30/Nov/2014:14:53:28 -0500] "GET /galeria/carrusel/Carrusel/jquery-ui-%0A%0A1.8.13.custom.min.js HTTP/1.1" 403 1006
66.249.83.185 - - [30/Nov/2014:14:53:28 -0500] "GET /galeria/carrusel/Carrusel/nextArrow.png HTTP/1.1" 200 1060
66.249.83.191 - - [30/Nov/2014:14:53:28 -0500] "GET /galeria/carrusel/Carrusel/prevArrow.png HTTP/1.1" 200 1066
66.249.83.191 - - [30/Nov/2014:14:53:28 -0500] "GET /BLA/boletinlegal/js/jquery.scrollTo-min.js HTTP/1.1" 200 1150
66.249.83.185 - - [30/Nov/2014:14:53:28 -0500] "GET /BLA/boletinlegal/js/jquery.js HTTP/1.1" 200 57254
66.249.83.191 - - [30/Nov/2014:14:53:29 -0500] "GET /galeria/carrusel/Carrusel/jquery-ui-1.8.13.custom.min.js HTTP/1.1" 200 10800
66.249.83.179 - - [30/Nov/2014:14:53:31 -0500] "GET /galeria/nivo-slider/demo/demo.html HTTP/1.1" 200 3458
66.249.83.179 - - [30/Nov/2014:14:53:32 -0500] "GET /galeria/nivo-slider/themes/pascal/pascal.css HTTP/1.1" 200 2258
66.249.83.185 - - [30/Nov/2014:14:53:32 -0500] "GET /galeria/nivo-slider/themes/default/default.css HTTP/1.1" 200 1569
66.249.83.191 - - [30/Nov/2014:14:53:32 -0500] "GET /galeria/nivo-slider/themes/orman/orman.css HTTP/1.1" 200 2152
66.249.83.191 - - [30/Nov/2014:14:53:32 -0500] "GET /galeria/nivo-slider/nivo-slider.css HTTP/1.1" 200 1507
66.249.83.185 - - [30/Nov/2014:14:53:32 -0500] "GET /galeria/nivo-slider/demo/style.css HTTP/1.1" 200 2222
66.249.83.185 - - [30/Nov/2014:14:53:32 -0500] "GET /galeria/nivo-slider/demo/images/porloshumedales.jpg HTTP/1.1" 200 351238
66.249.83.191 - - [30/Nov/2014:14:53:32 -0500] "GET /galeria/nivo-slider/themes/pascal/controlnav.png HTTP/1.1" 200 5733
66.249.83.179 - - [30/Nov/2014:14:53:32 -0500] "GET /galeria/nivo-slider/themes/pascal/bullets.png HTTP/1.1" 200 3306
66.249.83.185 - - [30/Nov/2014:14:53:32 -0500] "GET /galeria/nivo-slider/demo/images/Banner-GAE3.jpg HTTP/1.1" 200 146354
66.249.83.179 - - [30/Nov/2014:14:53:32 -0500] "GET /galeria/nivo-slider/demo/images/festivalBasura0.jpg HTTP/1.1" 200 96780
66.249.83.191 - - [30/Nov/2014:14:53:32 -0500] "GET /galeria/nivo-slider/themes/orman/bullets.png HTTP/1.1" 200 3364
66.249.83.191 - - [30/Nov/2014:14:53:32 -0500] "GET /galeria/nivo-slider/themes/orman/arrows.png HTTP/1.1" 200 5902
66.249.83.191 - - [30/Nov/2014:14:53:32 -0500] "GET /galeria/nivo-slider/themes/default/loading.gif HTTP/1.1" 200 1737
66.249.83.185 - - [30/Nov/2014:14:53:32 -0500] "GET /galeria/nivo-slider/themes/default/arrows.png HTTP/1.1" 200 824
66.249.83.185 - - [30/Nov/2014:14:53:32 -0500] "GET /galeria/nivo-slider/demo/images/Biotaxis-Man.jpg HTTP/1.1" 200 99362
66.249.83.179 - - [30/Nov/2014:14:53:32 -0500] "GET /galeria/nivo-slider/demo/images/Banner-comparendo.jpg HTTP/1.1" 200 388762
66.249.83.179 - - [30/Nov/2014:14:53:32 -0500] "GET /galeria/nivo-slider/themes/pascal/loading.gif HTTP/1.1" 200 1737
66.249.83.185 - - [30/Nov/2014:14:53:32 -0500] "GET /galeria/nivo-slider/themes/default/bullets.png HTTP/1.1" 200 1281
66.249.83.179 - - [30/Nov/2014:14:53:32 -0500] "GET /galeria/nivo-slider/themes/pascal/ribbon.png HTTP/1.1" 200 10973
66.249.83.191 - - [30/Nov/2014:14:53:32 -0500] "GET /galeria/nivo-slider/themes/pascal/slider.png HTTP/1.1" 200 8989
66.249.83.179 - - [30/Nov/2014:14:53:32 -0500] "GET /galeria/nivo-slider/demo/images/banner-pygaai.jpg HTTP/1.1" 200 82693
66.249.83.185 - - [30/Nov/2014:14:53:32 -0500] "GET /galeria/nivo-slider/demo/scripts/jquery-1.7.1.min.js HTTP/1.1" 200 93868
66.249.83.185 - - [30/Nov/2014:14:53:32 -0500] "GET /galeria/nivo-slider/demo/images/Tingua-azul.jpg HTTP/1.1" 200 307638
66.249.83.185 - - [30/Nov/2014:14:53:32 -0500] "GET /galeria/nivo-slider/themes/orman/ribbon.png HTTP/1.1" 200 12763
66.249.83.191 - - [30/Nov/2014:14:53:32 -0500] "GET /galeria/nivo-slider/themes/orman/loading.gif HTTP/1.1" 200 1737
66.249.83.179 - - [30/Nov/2014:14:53:32 -0500] "GET /galeria/nivo-slider/demo/images/4Simple_Slider.png HTTP/1.1" 200 11722
66.249.83.179 - - [30/Nov/2014:14:53:32 -0500] "GET /galeria/nivo-slider/themes/orman/slider.png HTTP/1.1" 200 36094
66.249.83.179 - - [30/Nov/2014:14:53:32 -0500] "GET /galeria/nivo-slider/jquery.nivo.slider.pack.js HTTP/1.1" 200 11561
66.249.83.179 - - [30/Nov/2014:14:53:32 -0500] "GET /galeria/nivo-slider/demo/images/dev7logo.png HTTP/1.1" 404 1218
66.249.83.179 - - [30/Nov/2014:14:53:32 -0500] "GET /galeria/nivo-slider/demo/images/banner-redes.jpg HTTP/1.1" 200 62209
66.249.83.179 - - [30/Nov/2014:14:53:32 -0500] "GET /galeria/nivo-slider/demo/images/Banner-Caracol-Africano.jpg HTTP/1.1" 200 331986
66.249.83.191 - - [30/Nov/2014:14:53:32 -0500] "GET /galeria/nivo-slider/demo/images/9Signos.jpg HTTP/1.1" 200 93040
66.249.83.191 - - [30/Nov/2014:14:53:32 -0500] "GET /galeria/nivo-slider/demo/images/banner-caballos.png HTTP/1.1" 200 389106
66.249.83.185 - - [30/Nov/2014:14:53:32 -0500] "GET /galeria/nivo-slider/demo/images/Hacienda_Molinos.jpg HTTP/1.1" 200 319171
66.249.83.179 - - [30/Nov/2014:14:53:32 -0500] "GET /galeria/nivo-slider/demo/images/bannerEcolecta3.jpg HTTP/1.1" 200 280034
66.249.83.191 - - [30/Nov/2014:14:53:32 -0500] "GET /galeria/nivo-slider/demo/images/4Simple_Slider.png HTTP/1.1" 200 11722
190.26.187.219 - - [30/Nov/2014:14:53:32 -0500] "POST /forms/lservlet;jsessionid=ac16012b30d533aa0af39f8e4389b08a89a8e9251ddf.e3iSbxaKaheRe34Sa3yKbhiTahb0n6jAmljGr5XDqQLvpAe HTTP/1.1" 200 254
190.26.187.219 - - [30/Nov/2014:14:53:32 -0500] "POST /forms/lservlet;jsessionid=ac16012b30d533aa0af39f8e4389b08a89a8e9251ddf.e3iSbxaKaheRe34Sa3yKbhiTahb0n6jAmljGr5XDqQLvpAe HTTP/1.1" 200 8
190.26.187.219 - - [30/Nov/2014:14:53:32 -0500] "POST /forms/lservlet;jsessionid=ac16012b30d533aa0af39f8e4389b08a89a8e9251ddf.e3iSbxaKaheRe34Sa3yKbhiTahb0n6jAmljGr5XDqQLvpAe HTTP/1.1" 200 2
190.26.187.219 - - [30/Nov/2014:14:53:33 -0500] "POST /forms/lservlet;jsessionid=ac16012b30d533aa0af39f8e4389b08a89a8e9251ddf.e3iSbxaKaheRe34Sa3yKbhiTahb0n6jAmljGr5XDqQLvpAe HTTP/1.1" 200 63
66.249.83.191 - - [30/Nov/2014:14:53:41 -0500] "GET /BLA/boletinlegal/js/jquery.scrollTo-min.js HTTP/1.1" 200 1150
66.249.83.179 - - [30/Nov/2014:14:53:41 -0500] "GET /BLA/boletinlegal/notificaciones.php HTTP/1.1" 200 8289
66.249.83.179 - - [30/Nov/2014:14:53:42 -0500] "GET /BLA/boletinlegal/styles2.css HTTP/1.1" 200 1838
66.249.83.179 - - [30/Nov/2014:14:53:42 -0500] "GET /BLA/boletinlegal/images/word.png HTTP/1.1" 200 50498
66.249.83.179 - - [30/Nov/2014:14:53:42 -0500] "GET /BLA/boletinlegal/images/background.gif HTTP/1.1" 200 -
66.249.83.179 - - [30/Nov/2014:14:53:42 -0500] "GET /BLA/boletinlegal/images/menu_bg.jpg HTTP/1.1" 200 620
66.249.83.179 - - [30/Nov/2014:14:53:42 -0500] "GET /BLA/boletinlegal/images/word.png HTTP/1.1" 200 50498
66.249.83.185 - - [30/Nov/2014:14:53:42 -0500] "GET /BLA/boletinlegal/images/background.gif HTTP/1.1" 200 -
66.249.65.115 - - [30/Nov/2014:14:53:44 -0500] "GET /BLA/resoluciones/AUTOS%202013/2927.pdf HTTP/1.1" 200 2000622
188.165.15.181 - - [30/Nov/2014:14:53:46 -0500] "GET /BLA/resoluciones/RESOLUCIONES%202004/RES%202004%20701-750/00000735.tif HTTP/1.1" 200 183176
190.26.187.219 - - [30/Nov/2014:14:53:47 -0500] "POST /forms/lservlet;jsessionid=ac16012b30d533aa0af39f8e4389b08a89a8e9251ddf.e3iSbxaKaheRe34Sa3yKbhiTahb0n6jAmljGr5XDqQLvpAe HTTP/1.1" 200 2
190.26.187.219 - - [30/Nov/2014:14:53:47 -0500] "POST /forms/lservlet;jsessionid=ac16012b30d533aa0af39f8e4389b08a89a8e9251ddf.e3iSbxaKaheRe34Sa3yKbhiTahb0n6jAmljGr5XDqQLvpAe HTTP/1.1" 200 114
190.26.187.219 - - [30/Nov/2014:14:53:48 -0500] "POST /forms/lservlet;jsessionid=ac16012b30d533aa0af39f8e4389b08a89a8e9251ddf.e3iSbxaKaheRe34Sa3yKbhiTahb0n6jAmljGr5XDqQLvpAe HTTP/1.1" 200 12
190.26.187.219 - - [30/Nov/2014:14:53:48 -0500] "GET /reports/rwservlet/getjobid335619?server=rep_srvapsda HTTP/1.1" 200 79110
188.165.15.152 - - [30/Nov/2014:14:54:00 -0500] "GET /BLA/resoluciones/RESOLUCIONES%202002/RES%202002%201401-1450/20021447.tif HTTP/1.1" 200 107680
190.26.187.219 - - [30/Nov/2014:14:54:04 -0500] "POST /forms/lservlet;jsessionid=ac16012b30d533aa0af39f8e4389b08a89a8e9251ddf.e3iSbxaKaheRe34Sa3yKbhiTahb0n6jAmljGr5XDqQLvpAe HTTP/1.1" 200 2
66.249.65.119 - - [30/Nov/2014:14:54:07 -0500] "GET /BLA/boletinlegal/js/jquery.js HTTP/1.1" 200 57254
66.249.65.115 - - [30/Nov/2014:14:54:07 -0500] "GET /BLA/boletinlegal/js/jquery.scrollShow.js HTTP/1.1" 200 4586
66.249.65.115 - - [30/Nov/2014:14:54:08 -0500] "GET /BLA/boletinlegal/js/jquery.scrollTo-min.js HTTP/1.1" 200 1150
66.249.65.115 - - [30/Nov/2014:14:54:12 -0500] "GET /BLA/resoluciones/RESOLUCIONES%202007/RES%202007%201501%20AL%201600/RESOLUCION%201522%20DE%202007.pdf HTTP/1.1" 200 993797
188.165.15.50 - - [30/Nov/2014:14:54:34 -0500] "GET /BLA/resoluciones/RESOLUCIONES%202003/RES%202003%201251-1300/20031263.tif HTTP/1.1" 200 83776
181.50.241.109 - - [30/Nov/2014:14:54:35 -0500] "POST /forms/lservlet;jsessionid=ac16012b30d5f682009d5f7842a48dd7955190f32559.e3iSbxaKaheRe34Sa3yKbhiTahb0n6jAmljGr5XDqQLvpAe HTTP/1.1" 200 2
66.249.65.119 - - [30/Nov/2014:14:54:40 -0500] "GET /BLA/resoluciones/RESOLUCIONES%202007/RES%202007%201401%20AL%201500/RESOLUCION%201409%20DE%202007.pdf HTTP/1.1" 200 276957
181.205.246.209 - - [30/Nov/2014:14:54:46 -0500] "GET /BLA/boletinlegal/js/jquery.js HTTP/1.1" 200 57254
181.205.246.209 - - [30/Nov/2014:14:54:46 -0500] "GET /BLA/boletinlegal/js/jquery.scrollTo-min.js HTTP/1.1" 200 1150
181.205.246.209 - - [30/Nov/2014:14:54:46 -0500] "GET /BLA/boletinlegal/js/jquery.scrollShow.js HTTP/1.1" 200 4586
188.165.15.50 - - [30/Nov/2014:14:54:47 -0500] "GET /BLA/resoluciones/RESOLUCIONES%202005/RES%202005%201851-1900/00001860.tif HTTP/1.1" 200 924408
188.165.15.235 - - [30/Nov/2014:14:54:54 -0500] "GET /BLA/resoluciones/RESOLUCIONES%202002/RES%202002%201801-1850/20021802.tif HTTP/1.1" 200 57998
190.26.187.219 - - [30/Nov/2014:14:54:57 -0500] "POST /forms/lservlet;jsessionid=ac16012b30d533aa0af39f8e4389b08a89a8e9251ddf.e3iSbxaKaheRe34Sa3yKbhiTahb0n6jAmljGr5XDqQLvpAe HTTP/1.1" 200 123
190.26.187.219 - - [30/Nov/2014:14:55:03 -0500] "POST /forms/lservlet;jsessionid=ac16012b30d533aa0af39f8e4389b08a89a8e9251ddf.e3iSbxaKaheRe34Sa3yKbhiTahb0n6jAmljGr5XDqQLvpAe HTTP/1.1" 200 176
66.249.65.119 - - [30/Nov/2014:14:55:08 -0500] "GET /BLA/resoluciones/RESOLUCIONES%202013/0079.pdf HTTP/1.1" 304 -
188.165.15.78 - - [30/Nov/2014:14:55:20 -0500] "GET /BLA/resoluciones/RESOLUCIONES%202004/RES%202004%2001-%2050/00000012.tif HTTP/1.1" 200 55250
190.158.1.210 - - [30/Nov/2014:14:55:34 -0500] "GET /galeria/nivo-slider/demo/images/Banner-Caracol-Africano.jpg HTTP/1.1" 304 -
66.249.65.123 - - [30/Nov/2014:14:55:36 -0500] "GET /BLA/resoluciones/AUTOS%202012/0492.pdf HTTP/1.1" 304 -
190.26.187.219 - - [30/Nov/2014:14:56:04 -0500] "POST /forms/lservlet;jsessionid=ac16012b30d533aa0af39f8e4389b08a89a8e9251ddf.e3iSbxaKaheRe34Sa3yKbhiTahb0n6jAmljGr5XDqQLvpAe HTTP/1.1" 200 2
66.249.65.115 - - [30/Nov/2014:14:56:04 -0500] "GET /BLA/resoluciones/AUTOS%202013/1029.pdf HTTP/1.1" 304 -
190.26.187.219 - - [30/Nov/2014:14:56:18 -0500] "POST /forms/lservlet;jsessionid=ac16012b30d533aa0af39f8e4389b08a89a8e9251ddf.e3iSbxaKaheRe34Sa3yKbhiTahb0n6jAmljGr5XDqQLvpAe HTTP/1.1" 200 98
190.25.232.143 - - [30/Nov/2014:14:56:23 -0500] "GET /galeria/nivo-slider/demo/images/Biotaxis-Man.jpg HTTP/1.1" 304 -
66.249.65.119 - - [30/Nov/2014:14:56:32 -0500] "GET /BLA/resoluciones/RESOLUCIONES%202010/1557.pdf HTTP/1.1" 200 457475
181.50.241.109 - - [30/Nov/2014:14:56:35 -0500] "POST /forms/lservlet;jsessionid=ac16012b30d5f682009d5f7842a48dd7955190f32559.e3iSbxaKaheRe34Sa3yKbhiTahb0n6jAmljGr5XDqQLvpAe HTTP/1.1" 200 2
180.76.5.148 - - [30/Nov/2014:14:56:36 -0500] "GET /BLA/resoluciones/RESOLUCIONES%202008/2565.pdf HTTP/1.1" 200 315454
74.86.158.107 - - [30/Nov/2014:14:56:50 -0500] "HEAD / HTTP/1.1" 302 -
66.249.65.119 - - [30/Nov/2014:14:57:00 -0500] "GET /BLA/resoluciones/AUTOS%202011/1741.pdf HTTP/1.1" 304 -
180.76.5.69 - - [30/Nov/2014:14:57:23 -0500] "GET /BLA/resoluciones/AUTOS%202012/2110.pdf HTTP/1.1" 200 816000
66.249.65.119 - - [30/Nov/2014:14:57:29 -0500] "GET /BLA/resoluciones/Notificaciones/AUTOS%202014/2366.doc HTTP/1.1" 304 -
188.165.15.110 - - [30/Nov/2014:14:57:43 -0500] "GET /BLA/resoluciones/RESOLUCIONES%202003/RES%202003%20001-050/2003RES39.tif HTTP/1.1" 200 294116
66.249.65.119 - - [30/Nov/2014:14:57:57 -0500] "GET /BLA/resoluciones/Notificaciones/AUTOS%202014/3914.doc HTTP/1.1" 304 -
190.26.187.219 - - [30/Nov/2014:14:58:04 -0500] "POST /forms/lservlet;jsessionid=ac16012b30d533aa0af39f8e4389b08a89a8e9251ddf.e3iSbxaKaheRe34Sa3yKbhiTahb0n6jAmljGr5XDqQLvpAe HTTP/1.1" 200 2
180.76.5.192 - - [30/Nov/2014:14:58:11 -0500] "GET /BLA/resoluciones/RESOLUCIONES%202008/1717.pdf HTTP/1.1" 200 340222
190.24.53.237 - - [30/Nov/2014:14:58:11 -0500] "GET /BLA/boletinlegal/js/jquery.js HTTP/1.1" 200 57254
190.24.53.237 - - [30/Nov/2014:14:58:11 -0500] "GET /BLA/boletinlegal/js/jquery.scrollTo-min.js HTTP/1.1" 200 1150
190.24.53.237 - - [30/Nov/2014:14:58:11 -0500] "GET /BLA/boletinlegal/js/jquery.scrollShow.js HTTP/1.1" 200 4586
66.249.65.119 - - [30/Nov/2014:14:58:25 -0500] "GET /BLA/resoluciones/RESOLUCIONES%202007/RES%202007%20801%20AL%20900/RESOLUCION%200818%20DE%202007.pdf HTTP/1.1" 304 -
66.249.65.123 - - [30/Nov/2014:14:58:34 -0500] "GET /BLA/resoluciones/RESOLUCIONES%202007/RES%202007%203401%20AL%203500/RESOLUCION%203407%20DE%202007.pdf HTTP/1.1" 200 574115
181.50.241.109 - - [30/Nov/2014:14:58:35 -0500] "POST /forms/lservlet;jsessionid=ac16012b30d5f682009d5f7842a48dd7955190f32559.e3iSbxaKaheRe34Sa3yKbhiTahb0n6jAmljGr5XDqQLvpAe HTTP/1.1" 200 2
66.249.65.119 - - [30/Nov/2014:14:58:53 -0500] "GET /BLA/resoluciones/Notificaciones/AUTOS%202014/2980.doc HTTP/1.1" 304 -
188.165.15.78 - - [30/Nov/2014:14:58:59 -0500] "GET /BLA/resoluciones/index.php?dir=RESOLUCIONES%202006/RES%202006%202251-2300/&sort=date&order=asc HTTP/1.1" 200 12361
180.76.6.144 - - [30/Nov/2014:14:58:59 -0500] "GET /BLA/resoluciones/RESOLUCIONES%202010/2785.pdf HTTP/1.1" 200 498073
188.165.15.41 - - [30/Nov/2014:14:58:59 -0500] "GET /manual_funciones_Listado/index.php?dir=1.2.%20Oficina%20Participaci%C3%83%C2%83%C3%82%C2%B3n,%20Educacion%20y%20Localidades/&sort=date&order=desc HTTP/1.1" 404 1018
66.249.65.115 - - [30/Nov/2014:14:59:21 -0500] "GET /BLA/resoluciones/Notificaciones/AUTOS%202014/2054.doc HTTP/1.1" 304 -
188.165.15.41 - - [30/Nov/2014:14:59:27 -0500] "GET /BLA/resoluciones/RESOLUCIONES%202004/RES%202004%201251-1300/00001277.tif HTTP/1.1" 200 184264
186.31.122.115 - - [30/Nov/2014:14:59:31 -0500] "GET /BLA/boletinlegal/js/jquery.js HTTP/1.1" 200 57254
186.31.122.115 - - [30/Nov/2014:14:59:31 -0500] "GET /BLA/boletinlegal/js/jquery.scrollTo-min.js HTTP/1.1" 200 1150
186.31.122.115 - - [30/Nov/2014:14:59:31 -0500] "GET /BLA/boletinlegal/js/jquery.scrollShow.js HTTP/1.1" 200 4586
180.76.6.44 - - [30/Nov/2014:14:59:47 -0500] "GET /BLA/resoluciones/RESOLUCIONES%202008/1835.pdf HTTP/1.1" 200 252598
66.249.65.119 - - [30/Nov/2014:14:59:49 -0500] "GET /BLA/resoluciones/Notificaciones/AUTOS%202014/3488.doc HTTP/1.1" 304 -
190.26.187.219 - - [30/Nov/2014:15:00:04 -0500] "POST /forms/lservlet;jsessionid=ac16012b30d533aa0af39f8e4389b08a89a8e9251ddf.e3iSbxaKaheRe34Sa3yKbhiTahb0n6jAmljGr5XDqQLvpAe HTTP/1.1" 200 2
66.249.65.119 - - [30/Nov/2014:15:00:17 -0500] "GET /BLA/resoluciones/Notificaciones/AUTOS%202014/4810.doc HTTP/1.1" 304 -
180.76.6.137 - - [30/Nov/2014:15:00:35 -0500] "GET /BLA/resoluciones/RESOLUCIONES%202008/0182.pdf HTTP/1.1" 200 452467
181.50.241.109 - - [30/Nov/2014:15:00:35 -0500] "POST /forms/lservlet;jsessionid=ac16012b30d5f682009d5f7842a48dd7955190f32559.e3iSbxaKaheRe34Sa3yKbhiTahb0n6jAmljGr5XDqQLvpAe HTTP/1.1" 200 2
66.249.65.123 - - [30/Nov/2014:15:00:45 -0500] "GET /BLA/resoluciones/Notificaciones/AUTOS%202014/3250.doc HTTP/1.1" 304 -
186.114.56.123 - - [30/Nov/2014:15:01:07 -0500] "GET /BLA/boletinlegal/js/jquery.js HTTP/1.1" 200 57254
186.114.56.123 - - [30/Nov/2014:15:01:07 -0500] "GET /BLA/boletinlegal/js/jquery.scrollTo-min.js HTTP/1.1" 200 1150
186.114.56.123 - - [30/Nov/2014:15:01:07 -0500] "GET /BLA/boletinlegal/js/jquery.scrollShow.js HTTP/1.1" 200 4586
66.249.65.115 - - [30/Nov/2014:15:01:14 -0500] "GET /BLA/resoluciones/Notificaciones/AUTOS%202014/1915.doc HTTP/1.1" 304 -
186.144.79.252 - - [30/Nov/2014:15:01:26 -0500] "GET /BLA/boletinlegal/js/jquery.scrollShow.js HTTP/1.1" 200 4586
186.144.79.252 - - [30/Nov/2014:15:01:26 -0500] "GET /BLA/boletinlegal/js/jquery.js HTTP/1.1" 200 57254
186.144.79.252 - - [30/Nov/2014:15:01:26 -0500] "GET /BLA/boletinlegal/js/jquery.scrollTo-min.js HTTP/1.1" 200 1150
188.165.15.110 - - [30/Nov/2014:15:01:27 -0500] "GET /BLA/resoluciones/RESOLUCIONES%202005/RES%202005%201851-1900/00001890.tif HTTP/1.1" 200 61154
66.249.65.123 - - [30/Nov/2014:15:01:42 -0500] "GET /BLA/resoluciones/RESOLUCIONES%202012/0645.pdf HTTP/1.1" 304 -
201.245.192.253 - - [30/Nov/2014:15:01:48 -0500] "GET /plugins/like.php?href=http%3A%2F%2Fwww.facebook.com%2FRojadirecta&layout=standard&show_faces=false&locale=es_ES&width=450&action=like&colorscheme=light&height=18 HTTP/1.1" 404 1256
201.245.192.253 - - [30/Nov/2014:15:01:48 -0500] "GET /plugins/like.php?href=http%3A%2F%2Fwww.facebook.com%2FRojadirecta&layout=standard&show_faces=false&locale=en_US&width=450&action=like&colorscheme=light&height=18 HTTP/1.1" 404 1256
201.245.192.253 - - [30/Nov/2014:15:01:48 -0500] "GET /plugins/likebox.php?href=http%3A%2F%2Fwww.facebook.com%2Frojadirecta&width=325&colorscheme=light&show_faces=true&header=false&height=176 HTTP/1.1" 404 1256
181.135.240.86 - - [30/Nov/2014:15:01:48 -0500] "GET /BLA/boletinlegal/js/jquery.js HTTP/1.1" 200 57254
181.135.240.86 - - [30/Nov/2014:15:01:48 -0500] "GET /BLA/boletinlegal/js/jquery.scrollTo-min.js HTTP/1.1" 200 1150
181.135.240.86 - - [30/Nov/2014:15:01:48 -0500] "GET /BLA/boletinlegal/js/jquery.scrollShow.js HTTP/1.1" 200 4586
74.86.158.107 - - [30/Nov/2014:15:01:50 -0500] "HEAD / HTTP/1.1" 302 -
190.26.187.219 - - [30/Nov/2014:15:02:04 -0500] "POST /forms/lservlet;jsessionid=ac16012b30d533aa0af39f8e4389b08a89a8e9251ddf.e3iSbxaKaheRe34Sa3yKbhiTahb0n6jAmljGr5XDqQLvpAe HTTP/1.1" 200 2
66.249.65.119 - - [30/Nov/2014:15:02:10 -0500] "GET /BLA/resoluciones/RESOLUCIONES%202011/3692.pdf HTTP/1.1" 304 -
188.165.15.50 - - [30/Nov/2014:15:02:18 -0500] "GET /BLA/resoluciones/RESOLUCIONES%202005/RES%202005%201551-1600/00001556.tif HTTP/1.1" 200 163856
181.50.241.109 - - [30/Nov/2014:15:02:35 -0500] "POST /forms/lservlet;jsessionid=ac16012b30d5f682009d5f7842a48dd7955190f32559.e3iSbxaKaheRe34Sa3yKbhiTahb0n6jAmljGr5XDqQLvpAe HTTP/1.1" 200 2
66.249.65.119 - - [30/Nov/2014:15:02:38 -0500] "GET /BLA/resoluciones/AUTOS%202013/0931.pdf HTTP/1.1" 200 697935
186.28.222.146 - - [30/Nov/2014:15:02:56 -0500] "GET /BLA/boletinlegal/js/jquery.scrollShow.js HTTP/1.1" 200 4586
186.28.222.146 - - [30/Nov/2014:15:02:56 -0500] "GET /BLA/boletinlegal/js/jquery.js HTTP/1.1" 200 57254
186.28.222.146 - - [30/Nov/2014:15:02:56 -0500] "GET /BLA/boletinlegal/js/jquery.scrollTo-min.js HTTP/1.1" 200 1150
66.249.65.119 - - [30/Nov/2014:15:03:06 -0500] "GET /BLA/resoluciones/RESOLUCIONES%202007/RES%202007%202401%20AL%202500/RESOLUCION%202413%20DE%202007.pdf HTTP/1.1" 304 -
66.249.65.115 - - [30/Nov/2014:15:03:34 -0500] "GET /BLA/resoluciones/AUTOS%202013/0134.pdf HTTP/1.1" 200 1495928
66.249.65.115 - - [30/Nov/2014:15:04:02 -0500] "GET /BLA/resoluciones/RESOLUCIONES%202007/RES%202007%203801%20AL%203900/RESOLUCION%203889%20DE%202007.pdf HTTP/1.1" 304 -
190.26.187.219 - - [30/Nov/2014:15:04:05 -0500] "POST /forms/lservlet;jsessionid=ac16012b30d533aa0af39f8e4389b08a89a8e9251ddf.e3iSbxaKaheRe34Sa3yKbhiTahb0n6jAmljGr5XDqQLvpAe HTTP/1.1" 200 2
181.59.39.39 - - [30/Nov/2014:15:04:16 -0500] "GET /BLA/boletinlegal/js/jquery.js HTTP/1.1" 200 57254
181.59.39.39 - - [30/Nov/2014:15:04:16 -0500] "GET /BLA/boletinlegal/js/jquery.scrollShow.js HTTP/1.1" 200 4586
181.59.39.39 - - [30/Nov/2014:15:04:16 -0500] "GET /BLA/boletinlegal/js/jquery.scrollTo-min.js HTTP/1.1" 200 1150
66.249.65.119 - - [30/Nov/2014:15:04:30 -0500] "GET /BLA/resoluciones/RESOLUCIONES%202011/1533.pdf HTTP/1.1" 304 -
181.50.241.109 - - [30/Nov/2014:15:04:35 -0500] "POST /forms/lservlet;jsessionid=ac16012b30d5f682009d5f7842a48dd7955190f32559.e3iSbxaKaheRe34Sa3yKbhiTahb0n6jAmljGr5XDqQLvpAe HTTP/1.1" 200 2
190.26.187.219 - - [30/Nov/2014:15:04:45 -0500] "POST /forms/lservlet;jsessionid=ac16012b30d533aa0af39f8e4389b08a89a8e9251ddf.e3iSbxaKaheRe34Sa3yKbhiTahb0n6jAmljGr5XDqQLvpAe HTTP/1.1" 200 2
190.26.187.219 - - [30/Nov/2014:15:04:46 -0500] "POST /forms/lservlet;jsessionid=ac16012b30d533aa0af39f8e4389b08a89a8e9251ddf.e3iSbxaKaheRe34Sa3yKbhiTahb0n6jAmljGr5XDqQLvpAe HTTP/1.1" 200 2890
190.26.187.219 - - [30/Nov/2014:15:04:46 -0500] "POST /forms/lservlet;jsessionid=ac16012b30d533aa0af39f8e4389b08a89a8e9251ddf.e3iSbxaKaheRe34Sa3yKbhiTahb0n6jAmljGr5XDqQLvpAe HTTP/1.1" 200 2
190.26.187.219 - - [30/Nov/2014:15:04:48 -0500] "POST /forms/lservlet;jsessionid=ac16012b30d533aa0af39f8e4389b08a89a8e9251ddf.e3iSbxaKaheRe34Sa3yKbhiTahb0n6jAmljGr5XDqQLvpAe HTTP/1.1" 200 89
66.249.65.119 - - [30/Nov/2014:15:04:59 -0500] "GET /BLA/resoluciones/AUTOS%202012/1631.pdf HTTP/1.1" 304 -
66.249.65.119 - - [30/Nov/2014:15:05:27 -0500] "GET /BLA/resoluciones/RESOLUCIONES%202011/4123.pdf HTTP/1.1" 304 -
89.188.144.9 - - [30/Nov/2014:15:05:33 -0500] "GET /wp-admin/ HTTP/1.1" 404 1018
190.26.187.219 - - [30/Nov/2014:15:05:33 -0500] "POST /forms/lservlet;jsessionid=ac16012b30d533aa0af39f8e4389b08a89a8e9251ddf.e3iSbxaKaheRe34Sa3yKbhiTahb0n6jAmljGr5XDqQLvpAe HTTP/1.1" 200 118
190.26.187.219 - - [30/Nov/2014:15:05:35 -0500] "POST /forms/lservlet;jsessionid=ac16012b30d533aa0af39f8e4389b08a89a8e9251ddf.e3iSbxaKaheRe34Sa3yKbhiTahb0n6jAmljGr5XDqQLvpAe HTTP/1.1" 200 94
187.139.218.231 - - [30/Nov/2014:15:05:43 -0500] "GET /BLA/boletinlegal/js/jquery.js HTTP/1.1" 200 57254
187.139.218.231 - - [30/Nov/2014:15:05:43 -0500] "GET /BLA/boletinlegal/js/jquery.scrollShow.js HTTP/1.1" 200 4586
187.139.218.231 - - [30/Nov/2014:15:05:43 -0500] "GET /BLA/boletinlegal/js/jquery.scrollTo-min.js HTTP/1.1" 200 1150
189.231.47.203 - - [30/Nov/2014:15:05:48 -0500] "GET /BLA/boletinlegal/js/jquery.js HTTP/1.1" 200 57254
189.231.47.203 - - [30/Nov/2014:15:05:48 -0500] "GET /BLA/boletinlegal/js/jquery.scrollTo-min.js HTTP/1.1" 200 1150
189.231.47.203 - - [30/Nov/2014:15:05:48 -0500] "GET /BLA/boletinlegal/js/jquery.scrollShow.js HTTP/1.1" 200 4586
66.249.65.115 - - [30/Nov/2014:15:05:55 -0500] "GET /BLA/resoluciones/AUTOS%202007/2540.pdf HTTP/1.1" 304 -
190.26.187.219 - - [30/Nov/2014:15:06:05 -0500] "POST /forms/lservlet;jsessionid=ac16012b30d533aa0af39f8e4389b08a89a8e9251ddf.e3iSbxaKaheRe34Sa3yKbhiTahb0n6jAmljGr5XDqQLvpAe HTTP/1.1" 200 2
190.26.187.219 - - [30/Nov/2014:15:06:17 -0500] "POST /forms/lservlet;jsessionid=ac16012b30d533aa0af39f8e4389b08a89a8e9251ddf.e3iSbxaKaheRe34Sa3yKbhiTahb0n6jAmljGr5XDqQLvpAe HTTP/1.1" 200 2
190.26.187.219 - - [30/Nov/2014:15:06:17 -0500] "POST /forms/lservlet;jsessionid=ac16012b30d533aa0af39f8e4389b08a89a8e9251ddf.e3iSbxaKaheRe34Sa3yKbhiTahb0n6jAmljGr5XDqQLvpAe HTTP/1.1" 200 14
190.26.187.219 - - [30/Nov/2014:15:06:18 -0500] "POST /forms/lservlet;jsessionid=ac16012b30d533aa0af39f8e4389b08a89a8e9251ddf.e3iSbxaKaheRe34Sa3yKbhiTahb0n6jAmljGr5XDqQLvpAe HTTP/1.1" 200 112
190.26.187.219 - - [30/Nov/2014:15:06:18 -0500] "POST /forms/lservlet;jsessionid=ac16012b30d533aa0af39f8e4389b08a89a8e9251ddf.e3iSbxaKaheRe34Sa3yKbhiTahb0n6jAmljGr5XDqQLvpAe HTTP/1.1" 200 11
190.26.187.219 - - [30/Nov/2014:15:06:19 -0500] "GET /reports/rwservlet/getjobid335620?server=rep_srvapsda HTTP/1.1" 200 315863
66.249.65.123 - - [30/Nov/2014:15:06:23 -0500] "GET /BLA/resoluciones/AUTOS%202011/3001.pdf HTTP/1.1" 304 -
190.26.187.219 - - [30/Nov/2014:15:06:32 -0500] "POST /forms/lservlet;jsessionid=ac16012b30d533aa0af39f8e4389b08a89a8e9251ddf.e3iSbxaKaheRe34Sa3yKbhiTahb0n6jAmljGr5XDqQLvpAe HTTP/1.1" 200 84
190.26.187.219 - - [30/Nov/2014:15:06:33 -0500] "POST /forms/lservlet;jsessionid=ac16012b30d533aa0af39f8e4389b08a89a8e9251ddf.e3iSbxaKaheRe34Sa3yKbhiTahb0n6jAmljGr5XDqQLvpAe HTTP/1.1" 200 2
190.26.187.219 - - [30/Nov/2014:15:06:33 -0500] "POST /forms/lservlet;jsessionid=ac16012b30d533aa0af39f8e4389b08a89a8e9251ddf.e3iSbxaKaheRe34Sa3yKbhiTahb0n6jAmljGr5XDqQLvpAe HTTP/1.1" 200 3011
190.26.187.219 - - [30/Nov/2014:15:06:34 -0500] "POST /forms/lservlet;jsessionid=ac16012b30d533aa0af39f8e4389b08a89a8e9251ddf.e3iSbxaKaheRe34Sa3yKbhiTahb0n6jAmljGr5XDqQLvpAe HTTP/1.1" 200 2
181.50.241.109 - - [30/Nov/2014:15:06:35 -0500] "POST /forms/lservlet;jsessionid=ac16012b30d5f682009d5f7842a48dd7955190f32559.e3iSbxaKaheRe34Sa3yKbhiTahb0n6jAmljGr5XDqQLvpAe HTTP/1.1" 200 2
181.225.77.160 - - [30/Nov/2014:15:06:35 -0500] "GET /BLA/boletinlegal/js/jquery.js HTTP/1.1" 200 57254
181.225.77.160 - - [30/Nov/2014:15:06:35 -0500] "GET /BLA/boletinlegal/js/jquery.scrollTo-min.js HTTP/1.1" 200 1150
181.225.77.160 - - [30/Nov/2014:15:06:35 -0500] "GET /BLA/boletinlegal/js/jquery.scrollShow.js HTTP/1.1" 200 4586
201.245.192.253 - - [30/Nov/2014:15:06:49 -0500] "GET /plugins/like.php?href=http%3A%2F%2Fwww.facebook.com%2FRojadirecta&layout=standard&show_faces=false&locale=es_ES&width=450&action=like&colorscheme=light&height=18 HTTP/1.1" 404 1256
201.245.192.253 - - [30/Nov/2014:15:06:49 -0500] "GET /plugins/like.php?href=http%3A%2F%2Fwww.facebook.com%2FRojadirecta&layout=standard&show_faces=false&locale=en_US&width=450&action=like&colorscheme=light&height=18 HTTP/1.1" 404 1256
201.245.192.253 - - [30/Nov/2014:15:06:49 -0500] "GET /plugins/likebox.php?href=http%3A%2F%2Fwww.facebook.com%2Frojadirecta&width=325&colorscheme=light&show_faces=true&header=false&height=176 HTTP/1.1" 404 1256
74.86.158.107 - - [30/Nov/2014:15:06:50 -0500] "HEAD / HTTP/1.1" 302 -
66.249.65.115 - - [30/Nov/2014:15:06:51 -0500] "GET /BLA/resoluciones/RESOLUCIONES%202011/1370.pdf HTTP/1.1" 304 -
190.26.187.219 - - [30/Nov/2014:15:06:52 -0500] "POST /forms/lservlet;jsessionid=ac16012b30d533aa0af39f8e4389b08a89a8e9251ddf.e3iSbxaKaheRe34Sa3yKbhiTahb0n6jAmljGr5XDqQLvpAe HTTP/1.1" 200 240
190.26.187.219 - - [30/Nov/2014:15:06:52 -0500] "POST /forms/lservlet;jsessionid=ac16012b30d533aa0af39f8e4389b08a89a8e9251ddf.e3iSbxaKaheRe34Sa3yKbhiTahb0n6jAmljGr5XDqQLvpAe HTTP/1.1" 200 8
190.26.187.219 - - [30/Nov/2014:15:06:52 -0500] "POST /forms/lservlet;jsessionid=ac16012b30d533aa0af39f8e4389b08a89a8e9251ddf.e3iSbxaKaheRe34Sa3yKbhiTahb0n6jAmljGr5XDqQLvpAe HTTP/1.1" 200 2
190.26.187.219 - - [30/Nov/2014:15:06:52 -0500] "POST /forms/lservlet;jsessionid=ac16012b30d533aa0af39f8e4389b08a89a8e9251ddf.e3iSbxaKaheRe34Sa3yKbhiTahb0n6jAmljGr5XDqQLvpAe HTTP/1.1" 200 63
186.84.40.34 - - [30/Nov/2014:15:06:54 -0500] "GET /forms/frmservlet?config=sia HTTP/1.1" 200 4028
190.26.187.219 - - [30/Nov/2014:15:07:14 -0500] "POST /forms/lservlet;jsessionid=ac16012b30d533aa0af39f8e4389b08a89a8e9251ddf.e3iSbxaKaheRe34Sa3yKbhiTahb0n6jAmljGr5XDqQLvpAe HTTP/1.1" 200 118
190.26.187.219 - - [30/Nov/2014:15:07:15 -0500] "POST /forms/lservlet;jsessionid=ac16012b30d533aa0af39f8e4389b08a89a8e9251ddf.e3iSbxaKaheRe34Sa3yKbhiTahb0n6jAmljGr5XDqQLvpAe HTTP/1.1" 200 94
186.84.40.34 - - [30/Nov/2014:15:07:16 -0500] "GET /forms/java/frmall_jinit.jar HTTP/1.1" 304 -
190.26.187.219 - - [30/Nov/2014:15:07:16 -0500] "POST /forms/lservlet;jsessionid=ac16012b30d533aa0af39f8e4389b08a89a8e9251ddf.e3iSbxaKaheRe34Sa3yKbhiTahb0n6jAmljGr5XDqQLvpAe HTTP/1.1" 200 78
190.26.187.219 - - [30/Nov/2014:15:07:17 -0500] "POST /forms/lservlet;jsessionid=ac16012b30d533aa0af39f8e4389b08a89a8e9251ddf.e3iSbxaKaheRe34Sa3yKbhiTahb0n6jAmljGr5XDqQLvpAe HTTP/1.1" 200 2
190.26.187.219 - - [30/Nov/2014:15:07:17 -0500] "POST /forms/lservlet;jsessionid=ac16012b30d533aa0af39f8e4389b08a89a8e9251ddf.e3iSbxaKaheRe34Sa3yKbhiTahb0n6jAmljGr5XDqQLvpAe HTTP/1.1" 200 3124
186.84.40.34 - - [30/Nov/2014:15:07:18 -0500] "GET /forms/java/icons.jar HTTP/1.1" 304 -
190.26.187.219 - - [30/Nov/2014:15:07:18 -0500] "POST /forms/lservlet;jsessionid=ac16012b30d533aa0af39f8e4389b08a89a8e9251ddf.e3iSbxaKaheRe34Sa3yKbhiTahb0n6jAmljGr5XDqQLvpAe HTTP/1.1" 200 2
186.84.40.34 - - [30/Nov/2014:15:07:18 -0500] "GET /forms/java/java/awt/KeyboardFocusManager.class HTTP/1.1" 404 352
186.84.40.34 - - [30/Nov/2014:15:07:18 -0500] "GET /forms/java/java/awt/KeyboardFocusManager.class HTTP/1.1" 404 352
66.249.65.115 - - [30/Nov/2014:15:07:19 -0500] "GET /BLA/resoluciones/AUTOS%202013/2931.pdf HTTP/1.1" 200 408970
190.26.187.219 - - [30/Nov/2014:15:07:20 -0500] "POST /forms/lservlet;jsessionid=ac16012b30d533aa0af39f8e4389b08a89a8e9251ddf.e3iSbxaKaheRe34Sa3yKbhiTahb0n6jAmljGr5XDqQLvpAe HTTP/1.1" 200 89
190.26.187.219 - - [30/Nov/2014:15:07:22 -0500] "POST /forms/lservlet;jsessionid=ac16012b30d533aa0af39f8e4389b08a89a8e9251ddf.e3iSbxaKaheRe34Sa3yKbhiTahb0n6jAmljGr5XDqQLvpAe HTTP/1.1" 200 118
186.84.40.34 - - [30/Nov/2014:15:07:23 -0500] "GET /forms/java/java/awt/event/MouseWheelListener.class HTTP/1.1" 404 356
186.84.40.34 - - [30/Nov/2014:15:07:23 -0500] "GET /forms/java/java/awt/event/MouseWheelListener.class HTTP/1.1" 404 356
190.26.187.219 - - [30/Nov/2014:15:07:23 -0500] "POST /forms/lservlet;jsessionid=ac16012b30d533aa0af39f8e4389b08a89a8e9251ddf.e3iSbxaKaheRe34Sa3yKbhiTahb0n6jAmljGr5XDqQLvpAe HTTP/1.1" 200 94
190.26.187.219 - - [30/Nov/2014:15:07:24 -0500] "POST /forms/lservlet;jsessionid=ac16012b30d533aa0af39f8e4389b08a89a8e9251ddf.e3iSbxaKaheRe34Sa3yKbhiTahb0n6jAmljGr5XDqQLvpAe HTTP/1.1" 200 78
186.84.40.34 - - [30/Nov/2014:15:07:24 -0500] "GET /forms/java/oracle/forms/registry/Registry.dat HTTP/1.1" 200 4213
186.84.40.34 - - [30/Nov/2014:15:07:25 -0500] "GET /forms/java/oracle/forms/registry/default.dat HTTP/1.1" 404 350
186.84.40.34 - - [30/Nov/2014:15:07:25 -0500] "GET /forms/frmservlet?config=sia&acceptLanguage=es-ES&ifcmd=startsession HTTP/1.1" 200 119
186.84.40.34 - - [30/Nov/2014:15:07:25 -0500] "GET /forms/lservlet;jsessionid=ac16012b30d55bdaf640ddbb47b0b2aeb860b10a0d3e.e3iSbxaKaheRe34Sa3yKbhiTahb0n6jAmljGr5XDqQLvpAe?ifcmd=getinfo&ifhost=Edna-PC&ifip=192.168.0.16 HTTP/1.1" 200 8
186.84.40.34 - - [30/Nov/2014:15:07:25 -0500] "POST /forms/lservlet;jsessionid=ac16012b30d55bdaf640ddbb47b0b2aeb860b10a0d3e.e3iSbxaKaheRe34Sa3yKbhiTahb0n6jAmljGr5XDqQLvpAe HTTP/1.1" 200 8
190.26.187.219 - - [30/Nov/2014:15:07:26 -0500] "POST /forms/lservlet;jsessionid=ac16012b30d533aa0af39f8e4389b08a89a8e9251ddf.e3iSbxaKaheRe34Sa3yKbhiTahb0n6jAmljGr5XDqQLvpAe HTTP/1.1" 200 2
190.26.187.219 - - [30/Nov/2014:15:07:26 -0500] "POST /forms/lservlet;jsessionid=ac16012b30d533aa0af39f8e4389b08a89a8e9251ddf.e3iSbxaKaheRe34Sa3yKbhiTahb0n6jAmljGr5XDqQLvpAe HTTP/1.1" 200 3468
190.26.187.219 - - [30/Nov/2014:15:07:26 -0500] "POST /forms/lservlet;jsessionid=ac16012b30d533aa0af39f8e4389b08a89a8e9251ddf.e3iSbxaKaheRe34Sa3yKbhiTahb0n6jAmljGr5XDqQLvpAe HTTP/1.1" 200 2
186.84.40.34 - - [30/Nov/2014:15:07:26 -0500] "POST /forms/lservlet;jsessionid=ac16012b30d55bdaf640ddbb47b0b2aeb860b10a0d3e.e3iSbxaKaheRe34Sa3yKbhiTahb0n6jAmljGr5XDqQLvpAe HTTP/1.1" 200 64000
186.84.40.34 - - [30/Nov/2014:15:07:27 -0500] "POST /forms/lservlet;jsessionid=ac16012b30d55bdaf640ddbb47b0b2aeb860b10a0d3e.e3iSbxaKaheRe34Sa3yKbhiTahb0n6jAmljGr5XDqQLvpAe HTTP/1.1" 200 64000
190.26.187.219 - - [30/Nov/2014:15:07:28 -0500] "POST /forms/lservlet;jsessionid=ac16012b30d533aa0af39f8e4389b08a89a8e9251ddf.e3iSbxaKaheRe34Sa3yKbhiTahb0n6jAmljGr5XDqQLvpAe HTTP/1.1" 200 101
186.84.40.34 - - [30/Nov/2014:15:07:28 -0500] "POST /forms/lservlet;jsessionid=ac16012b30d55bdaf640ddbb47b0b2aeb860b10a0d3e.e3iSbxaKaheRe34Sa3yKbhiTahb0n6jAmljGr5XDqQLvpAe HTTP/1.1" 200 63623
186.84.40.34 - - [30/Nov/2014:15:07:35 -0500] "HEAD /imagenes/dama_logo.gif HTTP/1.1" 200 -
186.84.40.34 - - [30/Nov/2014:15:07:35 -0500] "GET /imagenes/dama_logo.gif HTTP/1.1" 200 21482
186.84.40.34 - - [30/Nov/2014:15:07:36 -0500] "POST /forms/lservlet;jsessionid=ac16012b30d55bdaf640ddbb47b0b2aeb860b10a0d3e.e3iSbxaKaheRe34Sa3yKbhiTahb0n6jAmljGr5XDqQLvpAe HTTP/1.1" 200 2
