190.27.150.135 - - [30/Nov/2014:11:46:24 -0500] "GET /Report2/serviceListados.jsp?queryId=rpt/entidadxidC&nit=125&a=0.26075088209472597 HTTP/1.1" 200 256
190.27.150.135 - - [30/Nov/2014:11:46:24 -0500] "POST /Report2/infReportada.jsp?rdmMapa=697177 HTTP/1.1" 200 9154
190.27.150.135 - - [30/Nov/2014:11:46:26 -0500] "POST /Report2/infReportada.jsp?rdmMapa=562127&__format=xls&__name=PIGA-VE-F01-RELACI%C3%93N%20GENERAL%20DE%20USUARIOS HTTP/1.1" 200 8926
181.50.241.109 - - [30/Nov/2014:11:46:30 -0500] "POST /forms/lservlet;jsessionid=ac16012b30d5f682009d5f7842a48dd7955190f32559.e3iSbxaKaheRe34Sa3yKbhiTahb0n6jAmljGr5XDqQLvpAe HTTP/1.1" 200 2
190.27.150.135 - - [30/Nov/2014:11:46:32 -0500] "POST /Report2/parameter HTTP/1.1" 200 6685
190.27.150.135 - - [30/Nov/2014:11:46:32 -0500] "GET /Report2/parameter?action=runReportMDX&json=true&listdep=informe&id_rpt=17&param_nit=125 HTTP/1.1" 200 574
190.27.150.135 - - [30/Nov/2014:11:46:32 -0500] "GET /Report2/parameter?action=runReportMDX&json=true&listdep=FecBal&id_rpt=17&param_informe=5&param_nit=125 HTTP/1.1" 200 517
190.27.150.135 - - [30/Nov/2014:11:46:33 -0500] "GET /Report2/parameter?action=runReportMDX&json=true&listdep=formato&id_rpt=17&param_informe=5&param_nit=125&param_FecBal=2013-06-30 HTTP/1.1" 200 610
201.245.192.253 - - [30/Nov/2014:11:46:34 -0500] "GET /v/ZuASj_t0kH0?adformat=2_9&version=3&showinfo=0&rel=0&controls=1&iv_load_policy=1 HTTP/1.1" 404 1305
186.84.43.12 - - [30/Nov/2014:11:46:34 -0500] "POST /Report2/parameter?action=runReportMDX&json=true&listdep=nit&id_rpt=17&param_partNomauto=cu HTTP/1.1" 200 584
186.84.43.12 - - [30/Nov/2014:11:46:35 -0500] "POST /Report2/parameter?action=runReportMDX&json=true&listdep=nit&id_rpt=17&param_partNomauto=ciudad HTTP/1.1" 200 60
190.27.150.135 - - [30/Nov/2014:11:46:36 -0500] "POST /Report2/rptManage.jsp?migracion=111 HTTP/1.1" 200 620
190.27.150.135 - - [30/Nov/2014:11:46:36 -0500] "GET /Report2/loading.jsp?migracion=111&id_rpt=17&currentTab=tab_19220&rnd=0.14173036976161102 HTTP/1.1" 200 2740
190.27.150.135 - - [30/Nov/2014:11:46:36 -0500] "GET /Report2/rpt.jsp?migracion=111&id_rpt=17&currentTab=tab_19220&rnd=0.46343022719795524 HTTP/1.1" 200 13738
190.27.150.135 - - [30/Nov/2014:11:46:37 -0500] "GET /Report2/serviceListados.jsp?queryId=rpt/infxidC&informe=5&a=0.7164168101735413 HTTP/1.1" 200 216
190.27.150.135 - - [30/Nov/2014:11:46:37 -0500] "GET /Report2/serviceListados.jsp?queryId=rpt/entidadxidC&nit=125&a=0.17238039057701826 HTTP/1.1" 200 256
186.84.43.12 - - [30/Nov/2014:11:46:37 -0500] "POST /Report2/parameter?action=runReportMDX&json=true&listdep=nit&id_rpt=17&param_partNomauto=ciudad%20bol HTTP/1.1" 200 60
190.27.150.135 - - [30/Nov/2014:11:46:37 -0500] "POST /Report2/infReportada.jsp?rdmMapa=261075 HTTP/1.1" 200 6534
186.84.43.12 - - [30/Nov/2014:11:46:38 -0500] "GET /Report2/parameter?action=runReportMDX&json=true&listdep=informe&id_rpt=17&param_nit=519 HTTP/1.1" 200 319
190.27.150.135 - - [30/Nov/2014:11:46:40 -0500] "POST /Report2/infReportada.jsp?rdmMapa=607384&__format=xls&__name=PIGA-VE-F045-%20GENERACION%20DE%20RESIDUOS%20NO%20APROVECHABLES HTTP/1.1" 200 6921
190.27.150.135 - - [30/Nov/2014:11:46:42 -0500] "POST /Report2/parameter HTTP/1.1" 200 6685
190.27.150.135 - - [30/Nov/2014:11:46:43 -0500] "GET /Report2/parameter?action=runReportMDX&json=true&listdep=informe&id_rpt=17&param_nit=125 HTTP/1.1" 200 574
190.27.150.135 - - [30/Nov/2014:11:46:43 -0500] "GET /Report2/parameter?action=runReportMDX&json=true&listdep=FecBal&id_rpt=17&param_informe=5&param_nit=125 HTTP/1.1" 200 517
190.27.150.135 - - [30/Nov/2014:11:46:43 -0500] "GET /Report2/parameter?action=runReportMDX&json=true&listdep=formato&id_rpt=17&param_informe=5&param_nit=125&param_FecBal=2013-06-30 HTTP/1.1" 200 610
190.27.150.135 - - [30/Nov/2014:11:46:47 -0500] "POST /Report2/rptManage.jsp?migracion=111 HTTP/1.1" 200 620
190.27.150.135 - - [30/Nov/2014:11:46:47 -0500] "GET /Report2/loading.jsp?migracion=111&id_rpt=17&currentTab=tab_19220&rnd=0.042863108068448064 HTTP/1.1" 200 2732
190.27.150.135 - - [30/Nov/2014:11:46:47 -0500] "GET /Report2/rpt.jsp?migracion=111&id_rpt=17&currentTab=tab_19220&rnd=0.7218822027066074 HTTP/1.1" 200 13726
190.27.150.135 - - [30/Nov/2014:11:46:47 -0500] "POST /Report2/infReportada.jsp?rdmMapa=853396 HTTP/1.1" 200 7596
190.27.150.135 - - [30/Nov/2014:11:46:47 -0500] "GET /Report2/serviceListados.jsp?queryId=rpt/infxidC&informe=5&a=0.10044024139642715 HTTP/1.1" 200 132
74.86.158.107 - - [30/Nov/2014:11:46:50 -0500] "HEAD / HTTP/1.1" 302 -
190.27.150.135 - - [30/Nov/2014:11:46:50 -0500] "POST /Report2/infReportada.jsp?rdmMapa=784690&__format=xls&__name=PIGA-VE-F07-%20GENERACI%C3%93N%20DE%20RESIDUOS%20PELIGROSOS HTTP/1.1" 200 7453
181.135.160.27 - - [30/Nov/2014:11:46:51 -0500] "GET /BLA/boletinlegal/js/jquery.js HTTP/1.1" 200 57254
181.135.160.27 - - [30/Nov/2014:11:46:51 -0500] "GET /BLA/boletinlegal/js/jquery.scrollTo-min.js HTTP/1.1" 200 1150
181.135.160.27 - - [30/Nov/2014:11:46:51 -0500] "GET /BLA/boletinlegal/js/jquery.scrollShow.js HTTP/1.1" 200 4586
190.27.150.135 - - [30/Nov/2014:11:46:52 -0500] "POST /Report2/parameter HTTP/1.1" 200 6685
190.27.150.135 - - [30/Nov/2014:11:46:53 -0500] "GET /Report2/parameter?action=runReportMDX&json=true&listdep=informe&id_rpt=17&param_nit=125 HTTP/1.1" 200 574
190.27.150.135 - - [30/Nov/2014:11:46:53 -0500] "GET /Report2/parameter?action=runReportMDX&json=true&listdep=FecBal&id_rpt=17&param_informe=5&param_nit=125 HTTP/1.1" 200 517
190.27.150.135 - - [30/Nov/2014:11:46:53 -0500] "GET /Report2/parameter?action=runReportMDX&json=true&listdep=formato&id_rpt=17&param_informe=5&param_nit=125&param_FecBal=2013-06-30 HTTP/1.1" 200 610
190.27.150.135 - - [30/Nov/2014:11:46:57 -0500] "POST /Report2/rptManage.jsp?migracion=111 HTTP/1.1" 200 619
190.27.150.135 - - [30/Nov/2014:11:46:57 -0500] "GET /Report2/loading.jsp?migracion=111&id_rpt=17&currentTab=tab_19220&rnd=0.5754912397581554 HTTP/1.1" 200 2725
190.27.150.135 - - [30/Nov/2014:11:46:57 -0500] "GET /Report2/rpt.jsp?migracion=111&id_rpt=17&currentTab=tab_19220&rnd=0.20597494231333402 HTTP/1.1" 200 13696
190.27.150.135 - - [30/Nov/2014:11:46:57 -0500] "GET /Report2/serviceListados.jsp?queryId=rpt/infxidC&informe=5&a=0.9782646123785526 HTTP/1.1" 200 216
190.27.150.135 - - [30/Nov/2014:11:46:58 -0500] "GET /Report2/serviceListados.jsp?queryId=rpt/entidadxidC&nit=125&a=0.9078679161611944 HTTP/1.1" 200 256
190.27.150.135 - - [30/Nov/2014:11:46:58 -0500] "POST /Report2/infReportada.jsp?rdmMapa=274558 HTTP/1.1" 200 6547
190.27.150.135 - - [30/Nov/2014:11:47:00 -0500] "POST /Report2/infReportada.jsp?rdmMapa=594532&__format=xls&__name=PIGA-VE-F09-%20GENERACI%C3%93N%20DE%20ESCOMBROS HTTP/1.1" 200 6492
190.27.150.135 - - [30/Nov/2014:11:47:01 -0500] "POST /Report2/parameter HTTP/1.1" 200 6685
66.249.65.115 - - [30/Nov/2014:11:47:02 -0500] "GET /BLA/resoluciones/ HTTP/1.1" 200 6952
190.27.150.135 - - [30/Nov/2014:11:47:02 -0500] "GET /Report2/parameter?action=runReportMDX&json=true&listdep=informe&id_rpt=17&param_nit=125 HTTP/1.1" 200 574
190.27.150.135 - - [30/Nov/2014:11:47:02 -0500] "GET /Report2/parameter?action=runReportMDX&json=true&listdep=FecBal&id_rpt=17&param_informe=5&param_nit=125 HTTP/1.1" 200 517
190.27.150.135 - - [30/Nov/2014:11:47:03 -0500] "GET /Report2/parameter?action=runReportMDX&json=true&listdep=formato&id_rpt=17&param_informe=5&param_nit=125&param_FecBal=2013-06-30 HTTP/1.1" 200 610
190.27.150.135 - - [30/Nov/2014:11:47:06 -0500] "POST /Report2/rptManage.jsp?migracion=111 HTTP/1.1" 200 619
190.27.150.135 - - [30/Nov/2014:11:47:06 -0500] "GET /Report2/loading.jsp?migracion=111&id_rpt=17&currentTab=tab_19220&rnd=0.6568965435087836 HTTP/1.1" 200 2713
190.27.150.135 - - [30/Nov/2014:11:47:06 -0500] "GET /Report2/rpt.jsp?migracion=111&id_rpt=17&currentTab=tab_19220&rnd=0.14969300920434048 HTTP/1.1" 200 13660
190.27.150.135 - - [30/Nov/2014:11:47:06 -0500] "GET /Report2/serviceListados.jsp?queryId=rpt/infxidC&informe=5&a=0.22511600120924413 HTTP/1.1" 200 216
190.27.150.135 - - [30/Nov/2014:11:47:06 -0500] "GET /Report2/serviceListados.jsp?queryId=rpt/entidadxidC&nit=125&a=0.7370859039947391 HTTP/1.1" 200 256
190.27.150.135 - - [30/Nov/2014:11:47:06 -0500] "POST /Report2/infReportada.jsp?rdmMapa=996382 HTTP/1.1" 200 10239
220.181.108.153 - - [30/Nov/2014:11:47:07 -0500] "GET /BLA/boletinlegal/js/jquery.scrollTo-min.js HTTP/1.1" 200 1150
220.181.108.181 - - [30/Nov/2014:11:47:08 -0500] "GET /BLA/boletinlegal/js/jquery.scrollShow.js HTTP/1.1" 200 4586
220.181.108.151 - - [30/Nov/2014:11:47:08 -0500] "GET /BLA/boletinlegal/js/jquery.js HTTP/1.1" 200 57254
190.27.150.135 - - [30/Nov/2014:11:47:09 -0500] "POST /Report2/infReportada.jsp?rdmMapa=939215&__format=xls&__name=PIGA-VE-F10-FUENTES%20MOVILES HTTP/1.1" 200 9129
190.27.150.135 - - [30/Nov/2014:11:47:10 -0500] "POST /Report2/parameter HTTP/1.1" 200 6685
190.27.150.135 - - [30/Nov/2014:11:47:11 -0500] "GET /Report2/parameter?action=runReportMDX&json=true&listdep=informe&id_rpt=17&param_nit=125 HTTP/1.1" 200 574
190.27.150.135 - - [30/Nov/2014:11:47:11 -0500] "GET /Report2/parameter?action=runReportMDX&json=true&listdep=FecBal&id_rpt=17&param_informe=5&param_nit=125 HTTP/1.1" 200 517
190.27.150.135 - - [30/Nov/2014:11:47:12 -0500] "GET /Report2/parameter?action=runReportMDX&json=true&listdep=formato&id_rpt=17&param_informe=5&param_nit=125&param_FecBal=2013-06-30 HTTP/1.1" 200 610
66.249.65.51 - - [30/Nov/2014:11:47:14 -0500] "GET /Anexos%20estudio%20Organizacional%20SDA/ANEXO%20No.%201-%20NORMAS%20LEGALES%20DE%20ESTRUCTURA%20Y%20PLANTA/Norma_temas.jsp?i=35528 HTTP/1.1" 404 1019
190.27.150.135 - - [30/Nov/2014:11:47:15 -0500] "POST /Report2/rptManage.jsp?migracion=111 HTTP/1.1" 200 619
190.27.150.135 - - [30/Nov/2014:11:47:15 -0500] "GET /Report2/loading.jsp?migracion=111&id_rpt=17&currentTab=tab_19220&rnd=0.5885143556213273 HTTP/1.1" 200 2709
190.27.150.135 - - [30/Nov/2014:11:47:15 -0500] "GET /Report2/rpt.jsp?migracion=111&id_rpt=17&currentTab=tab_19220&rnd=0.38603612715348246 HTTP/1.1" 200 13648
220.181.108.160 - - [30/Nov/2014:11:47:15 -0500] "GET /galeria/carrusel/Carrusel/jquery.thumbnailScroller.css HTTP/1.1" 200 2066
190.27.150.135 - - [30/Nov/2014:11:47:15 -0500] "GET /Report2/serviceListados.jsp?queryId=rpt/infxidC&informe=5&a=0.28840330173261464 HTTP/1.1" 200 216
190.27.150.135 - - [30/Nov/2014:11:47:15 -0500] "GET /Report2/serviceListados.jsp?queryId=rpt/entidadxidC&nit=125&a=0.9675377130042762 HTTP/1.1" 200 256
190.27.150.135 - - [30/Nov/2014:11:47:15 -0500] "POST /Report2/infReportada.jsp?rdmMapa=547057 HTTP/1.1" 200 7036
190.27.150.135 - - [30/Nov/2014:11:47:17 -0500] "POST /Report2/infReportada.jsp?rdmMapa=523810&__format=xls&__name=PIGA-VE-F11-PROVEEDORES HTTP/1.1" 200 6982
201.245.192.253 - - [30/Nov/2014:11:47:18 -0500] "GET /v/re4hhehEx78?adformat=2_9&version=3&showinfo=0&rel=0&controls=1&iv_load_policy=1 HTTP/1.1" 404 1305
220.181.108.170 - - [30/Nov/2014:11:47:18 -0500] "GET /galeria/carrusel/Carrusel/jquery-ui-1.8.13.custom.min.js HTTP/1.1" 200 10800
220.181.108.160 - - [30/Nov/2014:11:47:24 -0500] "GET /galeria/carrusel/Carrusel/jquery.thumbnailScroller.js HTTP/1.1" 200 8157
186.84.43.12 - - [30/Nov/2014:11:47:43 -0500] "GET /Report2/parameter?action=runReportMDX&json=true&listdep=FecBal&id_rpt=17&param_informe=5&param_nit=519 HTTP/1.1" 200 44
186.84.43.12 - - [30/Nov/2014:11:47:45 -0500] "GET /Report2/parameter?action=runReportMDX&json=true&listdep=formato&id_rpt=17&param_informe=5&param_nit=519&param_FecBal=2010-12-31 HTTP/1.1" 200 610
186.84.43.12 - - [30/Nov/2014:11:47:52 -0500] "GET /Report2/parameter?action=runReportMDX&json=true&listdep=FecBal&id_rpt=17&param_informe=1&param_nit=519 HTTP/1.1" 200 44
190.27.150.135 - - [30/Nov/2014:11:47:55 -0500] "POST /Report2/parameter HTTP/1.1" 200 6685
190.27.150.135 - - [30/Nov/2014:11:47:55 -0500] "GET /Report2/parameter?action=runReportMDX&json=true&listdep=informe&id_rpt=17&param_nit=125 HTTP/1.1" 200 574
190.27.150.135 - - [30/Nov/2014:11:47:56 -0500] "GET /Report2/parameter?action=runReportMDX&json=true&listdep=FecBal&id_rpt=17&param_informe=5&param_nit=125 HTTP/1.1" 200 517
190.27.150.135 - - [30/Nov/2014:11:47:56 -0500] "GET /Report2/parameter?action=runReportMDX&json=true&listdep=formato&id_rpt=17&param_informe=5&param_nit=125&param_FecBal=2013-06-30 HTTP/1.1" 200 610
190.27.150.135 - - [30/Nov/2014:11:47:58 -0500] "GET /Report2/parameter?action=runReportMDX&json=true&listdep=formato&id_rpt=17&param_informe=5&param_nit=125&param_FecBal=2013-09-30 HTTP/1.1" 200 610
190.27.150.135 - - [30/Nov/2014:11:48:00 -0500] "POST /Report2/rptManage.jsp?migracion=111 HTTP/1.1" 200 619
190.27.150.135 - - [30/Nov/2014:11:48:00 -0500] "GET /Report2/rpt.jsp?migracion=111&id_rpt=17&currentTab=tab_19220&rnd=0.5103416899464809 HTTP/1.1" 200 13679
190.27.150.135 - - [30/Nov/2014:11:48:01 -0500] "GET /Report2/serviceListados.jsp?queryId=rpt/infxidC&informe=5&a=0.8069361655507237 HTTP/1.1" 200 216
190.27.150.135 - - [30/Nov/2014:11:48:01 -0500] "GET /Report2/serviceListados.jsp?queryId=rpt/entidadxidC&nit=125&a=0.055119608994573355 HTTP/1.1" 200 256
186.84.43.12 - - [30/Nov/2014:11:48:02 -0500] "GET /Report2/parameter?action=parametersReportMDX&id_rpt=17&currentTab=tab_presentacion HTTP/1.1" 200 6578
190.27.150.135 - - [30/Nov/2014:11:48:03 -0500] "GET /Report2/loading.jsp?migracion=111&id_rpt=17&currentTab=tab_19220&rnd=0.22637183918873538 HTTP/1.1" 200 2720
190.27.150.135 - - [30/Nov/2014:11:48:03 -0500] "POST /Report2/infReportada.jsp?rdmMapa=257908 HTTP/1.1" 200 14847
190.27.150.135 - - [30/Nov/2014:11:48:05 -0500] "POST /Report2/infReportada.jsp?rdmMapa=75723&__format=xls&__name=PIGA%20VE%20-%20F02%20REGISTRO%20DE%20CONSUMOS HTTP/1.1" 200 13829
186.84.43.12 - - [30/Nov/2014:11:48:06 -0500] "POST /Report2/parameter?action=runReportMDX&json=true&listdep=nit&id_rpt=17&param_partNomauto=ciudad HTTP/1.1" 200 60
190.27.150.135 - - [30/Nov/2014:11:48:07 -0500] "POST /Report2/parameter HTTP/1.1" 200 6685
190.27.150.135 - - [30/Nov/2014:11:48:07 -0500] "GET /Report2/parameter?action=runReportMDX&json=true&listdep=informe&id_rpt=17&param_nit=125 HTTP/1.1" 200 574
186.84.43.12 - - [30/Nov/2014:11:48:07 -0500] "POST /Report2/parameter?action=runReportMDX&json=true&listdep=nit&id_rpt=17&param_partNomauto=ciudad%20boli HTTP/1.1" 200 4
190.27.150.135 - - [30/Nov/2014:11:48:08 -0500] "GET /Report2/parameter?action=runReportMDX&json=true&listdep=FecBal&id_rpt=17&param_informe=5&param_nit=125 HTTP/1.1" 200 517
190.27.150.135 - - [30/Nov/2014:11:48:08 -0500] "GET /Report2/parameter?action=runReportMDX&json=true&listdep=formato&id_rpt=17&param_informe=5&param_nit=125&param_FecBal=2013-09-30 HTTP/1.1" 200 610
186.84.43.12 - - [30/Nov/2014:11:48:09 -0500] "GET /Report2/parameter?action=runReportMDX&json=true&listdep=informe&id_rpt=17&param_nit=519 HTTP/1.1" 200 319
190.27.150.135 - - [30/Nov/2014:11:48:10 -0500] "POST /Report2/rptManage.jsp?migracion=111 HTTP/1.1" 200 619
190.27.150.135 - - [30/Nov/2014:11:48:11 -0500] "GET /Report2/loading.jsp?migracion=111&id_rpt=17&currentTab=tab_19220&rnd=0.20214346629106272 HTTP/1.1" 200 2735
190.27.150.135 - - [30/Nov/2014:11:48:10 -0500] "GET /Report2/rpt.jsp?migracion=111&id_rpt=17&currentTab=tab_19220&rnd=0.7370714191408742 HTTP/1.1" 200 13727
190.27.150.135 - - [30/Nov/2014:11:48:11 -0500] "GET /Report2/serviceListados.jsp?queryId=rpt/infxidC&informe=5&a=0.7582731053698808 HTTP/1.1" 200 216
190.27.150.135 - - [30/Nov/2014:11:48:11 -0500] "GET /Report2/serviceListados.jsp?queryId=rpt/entidadxidC&nit=125&a=0.0031905327923595905 HTTP/1.1" 200 256
190.27.150.135 - - [30/Nov/2014:11:48:11 -0500] "POST /Report2/infReportada.jsp?rdmMapa=385372 HTTP/1.1" 200 7506
190.27.150.135 - - [30/Nov/2014:11:48:13 -0500] "POST /Report2/infReportada.jsp?rdmMapa=55509&__format=xls&__name=PIGA-F046-%20GENERACI%C3%93N%20DE%20RESIDUOS%20APROVECHABLES HTTP/1.1" 200 7541
201.245.192.253 - - [30/Nov/2014:11:48:14 -0500] "GET /forest/session.jsp?a=0.07492162799462676 HTTP/1.1" 200 4
186.84.43.12 - - [30/Nov/2014:11:48:13 -0500] "GET /Report2/parameter?action=runReportMDX&json=true&listdep=FecBal&id_rpt=17&param_informe=16&param_nit=519 HTTP/1.1" 200 44
190.27.150.135 - - [30/Nov/2014:11:48:16 -0500] "POST /Report2/parameter HTTP/1.1" 200 6685
201.245.192.253 - - [30/Nov/2014:11:48:16 -0500] "GET /forest/skins/gdocs-jar/popup/popup.jsp?width=1100&height=500&title=Buscar%20procesos&uri=/forest/buscar.do%3Ftype%3Dprocesos&name=undefined&_a=0.2739657973870635&a=0.024340030504390597 HTTP/1.1" 200 1296
201.245.192.253 - - [30/Nov/2014:11:48:16 -0500] "GET /forest/buscar.do?type=procesos HTTP/1.1" 200 18159
201.245.192.253 - - [30/Nov/2014:11:48:16 -0500] "GET /forest/buscar.do?type=procesos HTTP/1.1" 200 97271
201.245.192.253 - - [30/Nov/2014:11:48:16 -0500] "GET /forest/css/autocomplete.css?version=1411.041919 HTTP/1.1" 304 -
201.245.192.253 - - [30/Nov/2014:11:48:16 -0500] "GET /forest/js/load_func.js?version=1411.041919 HTTP/1.1" 304 -
201.245.192.253 - - [30/Nov/2014:11:48:16 -0500] "GET /forest/js/xml_utilities.js?version=1411.041919 HTTP/1.1" 304 -
201.245.192.253 - - [30/Nov/2014:11:48:16 -0500] "GET /forest/skins/gdocs-jar/img/top-search-icon.gif HTTP/1.1" 304 -
201.245.192.253 - - [30/Nov/2014:11:48:16 -0500] "GET /forest/json.do?query=usersByDep&coddep=7093 HTTP/1.1" 200 725
190.27.150.135 - - [30/Nov/2014:11:48:16 -0500] "GET /Report2/parameter?action=runReportMDX&json=true&listdep=informe&id_rpt=17&param_nit=125 HTTP/1.1" 200 574
201.245.192.253 - - [30/Nov/2014:11:48:16 -0500] "GET /forest/json.do?query=usersByDep&coddep=7093 HTTP/1.1" 200 725
190.27.150.135 - - [30/Nov/2014:11:48:16 -0500] "GET /Report2/parameter?action=runReportMDX&json=true&listdep=FecBal&id_rpt=17&param_informe=5&param_nit=125 HTTP/1.1" 200 517
190.27.150.135 - - [30/Nov/2014:11:48:17 -0500] "GET /Report2/parameter?action=runReportMDX&json=true&listdep=formato&id_rpt=17&param_informe=5&param_nit=125&param_FecBal=2013-09-30 HTTP/1.1" 200 610
190.27.150.135 - - [30/Nov/2014:11:48:20 -0500] "POST /Report2/rptManage.jsp?migracion=111 HTTP/1.1" 200 615
190.27.150.135 - - [30/Nov/2014:11:48:20 -0500] "GET /Report2/rpt.jsp?migracion=111&id_rpt=17&currentTab=tab_19220&rnd=0.711986481339729 HTTP/1.1" 200 13657
190.27.150.135 - - [30/Nov/2014:11:48:20 -0500] "GET /Report2/loading.jsp?migracion=111&id_rpt=17&currentTab=tab_19220&rnd=0.72363011017887 HTTP/1.1" 200 2711
190.27.150.135 - - [30/Nov/2014:11:48:21 -0500] "GET /Report2/serviceListados.jsp?queryId=rpt/infxidC&informe=5&a=0.7051245591137558 HTTP/1.1" 200 216
190.27.150.135 - - [30/Nov/2014:11:48:21 -0500] "GET /Report2/serviceListados.jsp?queryId=rpt/entidadxidC&nit=125&a=0.9734617967624217 HTTP/1.1" 200 256
190.27.150.135 - - [30/Nov/2014:11:48:21 -0500] "POST /Report2/infReportada.jsp?rdmMapa=548623 HTTP/1.1" 200 3874
186.84.43.12 - - [30/Nov/2014:11:48:22 -0500] "GET /Report2/parameter?action=runReportMDX&json=true&listdep=formato&id_rpt=17&param_informe=16&param_nit=519&param_FecBal=2013-12-31 HTTP/1.1" 200 62
190.27.150.135 - - [30/Nov/2014:11:48:24 -0500] "POST /Report2/infReportada.jsp?rdmMapa=233952&__format=xls&__name=PIGA-II-F03-%20COMIT%C3%89%20PIGA HTTP/1.1" 200 4611
190.27.150.135 - - [30/Nov/2014:11:48:25 -0500] "POST /Report2/parameter HTTP/1.1" 200 6683
190.27.150.135 - - [30/Nov/2014:11:48:27 -0500] "GET /Report2/parameter?action=runReportMDX&json=true&listdep=informe&id_rpt=17&param_nit=125 HTTP/1.1" 200 574
190.27.150.135 - - [30/Nov/2014:11:48:27 -0500] "GET /Report2/parameter?action=runReportMDX&json=true&listdep=FecBal&id_rpt=17&param_informe=5&param_nit=125 HTTP/1.1" 200 517
190.27.150.135 - - [30/Nov/2014:11:48:28 -0500] "GET /Report2/parameter?action=runReportMDX&json=true&listdep=formato&id_rpt=17&param_informe=5&param_nit=125&param_FecBal=2013-09-30 HTTP/1.1" 200 610
201.245.192.253 - - [30/Nov/2014:11:48:29 -0500] "POST /forest/buscar.do? HTTP/1.1" 200 5133
66.249.65.119 - - [30/Nov/2014:11:48:30 -0500] "GET /BLA/resoluciones/index.php?dir=RESOLUCIONES%202006/RES%202006%20851-900/&sort=size&order=desc HTTP/1.1" 200 12233
181.50.241.109 - - [30/Nov/2014:11:48:30 -0500] "POST /forms/lservlet;jsessionid=ac16012b30d5f682009d5f7842a48dd7955190f32559.e3iSbxaKaheRe34Sa3yKbhiTahb0n6jAmljGr5XDqQLvpAe HTTP/1.1" 200 2
201.245.192.253 - - [30/Nov/2014:11:48:30 -0500] "GET /forest/skins/gdocs-jar/popup/popup.jsp?width=900&height=600&title=Informaci%F3n%20de%20proceso&uri=/forest/system/process.jsp%3FnumPro%3D2177098&name=undefined&_a=0.8004395104944706&a=0.26961484365165234 HTTP/1.1" 200 1312
201.245.192.253 - - [30/Nov/2014:11:48:31 -0500] "GET /forest/system/process.jsp?numPro=2177098 HTTP/1.1" 200 74559
201.245.192.253 - - [30/Nov/2014:11:48:30 -0500] "GET /forest/system/process.jsp?numPro=2177098 HTTP/1.1" 200 74559
201.245.192.253 - - [30/Nov/2014:11:48:31 -0500] "GET /forest/skins/gdocs-jar/img/ok.gif HTTP/1.1" 304 -
201.245.192.253 - - [30/Nov/2014:11:48:31 -0500] "GET /forest/skins/gdocs-jar/img/icons/doc.gif HTTP/1.1" 304 -
190.27.150.135 - - [30/Nov/2014:11:48:31 -0500] "POST /Report2/rptManage.jsp?migracion=111 HTTP/1.1" 200 619
190.27.150.135 - - [30/Nov/2014:11:48:31 -0500] "GET /Report2/loading.jsp?migracion=111&id_rpt=17&currentTab=tab_19220&rnd=0.8769198100733996 HTTP/1.1" 200 2725
190.27.150.135 - - [30/Nov/2014:11:48:31 -0500] "GET /Report2/rpt.jsp?migracion=111&id_rpt=17&currentTab=tab_19220&rnd=0.19506679525615844 HTTP/1.1" 200 13702
190.27.150.135 - - [30/Nov/2014:11:48:32 -0500] "POST /Report2/infReportada.jsp?rdmMapa=489433 HTTP/1.1" 200 6252
190.27.150.135 - - [30/Nov/2014:11:48:32 -0500] "GET /Report2/serviceListados.jsp?queryId=rpt/infxidC&informe=5&a=0.6545426556840539 HTTP/1.1" 200 216
190.27.150.135 - - [30/Nov/2014:11:48:32 -0500] "GET /Report2/serviceListados.jsp?queryId=rpt/entidadxidC&nit=125&a=0.455703420098871 HTTP/1.1" 200 256
190.27.150.135 - - [30/Nov/2014:11:48:36 -0500] "POST /Report2/infReportada.jsp?rdmMapa=944221&__format=xls&__name=PIGA-IM-F02-RELACI%C3%93N%20DE%20CAPACITACIONES HTTP/1.1" 200 6638
201.245.192.253 - - [30/Nov/2014:11:48:36 -0500] "GET /forest/skins/gdocs-jar/popup/popup.jsp?width=850&height=380&title=Informaci%F3n%20del%20radicado&uri=/forest/system/document.jsp%3FcodDoc%3D1360623&name=undefined&_a=0.7618266586214304&a=0.9136553849093616 HTTP/1.1" 200 1315
201.245.192.253 - - [30/Nov/2014:11:48:36 -0500] "GET /forest/system/document.jsp?codDoc=1360623 HTTP/1.1" 200 20524
201.245.192.253 - - [30/Nov/2014:11:48:36 -0500] "GET /forest/system/document.jsp?codDoc=1360623 HTTP/1.1" 200 20524
201.245.192.253 - - [30/Nov/2014:11:48:38 -0500] "GET /forest/skins/gdocs-jar/popup/FileViewerTree.jsp?coddoc=1360623&ext=doc&numpro=2177098&nombre=Concepto%20Tecnico.doc&codfile=-1&rootPath=/forest/ HTTP/1.1" 200 5355
201.245.192.253 - - [30/Nov/2014:11:48:38 -0500] "GET /forest/img/dtree/visor/word.png HTTP/1.1" 304 -
190.27.150.135 - - [30/Nov/2014:11:48:39 -0500] "POST /Report2/parameter HTTP/1.1" 200 6685
201.245.192.253 - - [30/Nov/2014:11:48:39 -0500] "GET /v/ZuASj_t0kH0?adformat=2_9&version=3&showinfo=0&rel=0&controls=1&iv_load_policy=1 HTTP/1.1" 404 1305
190.27.150.135 - - [30/Nov/2014:11:48:40 -0500] "GET /Report2/parameter?action=runReportMDX&json=true&listdep=informe&id_rpt=17&param_nit=125 HTTP/1.1" 200 574
190.27.150.135 - - [30/Nov/2014:11:48:41 -0500] "GET /Report2/parameter?action=runReportMDX&json=true&listdep=FecBal&id_rpt=17&param_informe=5&param_nit=125 HTTP/1.1" 200 517
190.27.150.135 - - [30/Nov/2014:11:48:41 -0500] "GET /Report2/parameter?action=runReportMDX&json=true&listdep=formato&id_rpt=17&param_informe=5&param_nit=125&param_FecBal=2013-09-30 HTTP/1.1" 200 610
201.245.192.253 - - [30/Nov/2014:11:48:38 -0500] "GET /forest/visualizar.do?codDoc=1360623&ext=doc&codfile=-1&iscodfile=false&nombre=Concepto%20Tecnico.doc HTTP/1.1" 200 4805632
190.27.150.135 - - [30/Nov/2014:11:48:44 -0500] "POST /Report2/rptManage.jsp?migracion=111 HTTP/1.1" 200 619
186.84.43.12 - - [30/Nov/2014:11:48:44 -0500] "POST /Report2/rptManage.jsp?migracion=111 HTTP/1.1" 200 619
186.84.43.12 - - [30/Nov/2014:11:48:45 -0500] "GET /Report2/loading.jsp?migracion=111&id_rpt=17&currentTab=tab_46077&rnd=0.8395743486877122 HTTP/1.1" 200 2721
186.84.43.12 - - [30/Nov/2014:11:48:44 -0500] "GET /Report2/rpt.jsp?migracion=111&id_rpt=17&currentTab=tab_46077&rnd=0.13129306767941462 HTTP/1.1" 200 13656
186.84.43.12 - - [30/Nov/2014:11:48:45 -0500] "GET /Report2/css/birt/index.css HTTP/1.1" 200 4087
186.84.43.12 - - [30/Nov/2014:11:48:45 -0500] "GET /Report2/css/birt/style.css HTTP/1.1" 200 6100
186.84.43.12 - - [30/Nov/2014:11:48:45 -0500] "GET /Report2/style.css HTTP/1.1" 200 2423
186.84.43.12 - - [30/Nov/2014:11:48:45 -0500] "GET /Report2/js/common.js HTTP/1.1" 200 2722
190.27.150.135 - - [30/Nov/2014:11:48:45 -0500] "GET /Report2/loading.jsp?migracion=111&id_rpt=17&currentTab=tab_19220&rnd=0.14724651611993234 HTTP/1.1" 200 2727
186.84.43.12 - - [30/Nov/2014:11:48:45 -0500] "GET /Report2/js/escritorio1.js HTTP/1.1" 200 8509
186.84.43.12 - - [30/Nov/2014:11:48:45 -0500] "GET /Report2/js/xml_utilities.js HTTP/1.1" 200 4074
186.84.43.12 - - [30/Nov/2014:11:48:45 -0500] "GET /Report2/img/loading.gif HTTP/1.1" 200 1197
186.84.43.12 - - [30/Nov/2014:11:48:45 -0500] "GET /Report2/images/birt/ChangeParameter.gif HTTP/1.1" 200 600
186.84.43.12 - - [30/Nov/2014:11:48:45 -0500] "GET /Report2/images/birt/Print.gif HTTP/1.1" 200 614
186.84.43.12 - - [30/Nov/2014:11:48:45 -0500] "GET /Report2/images/birt/ExportReport.gif HTTP/1.1" 200 607
190.27.150.135 - - [30/Nov/2014:11:48:45 -0500] "GET /Report2/rpt.jsp?migracion=111&id_rpt=17&currentTab=tab_19220&rnd=0.4382709838070228 HTTP/1.1" 200 13708
186.84.43.12 - - [30/Nov/2014:11:48:45 -0500] "GET /Report2/js/1ibre/protoaculous.js HTTP/1.1" 200 149894
190.27.150.135 - - [30/Nov/2014:11:48:45 -0500] "GET /Report2/serviceListados.jsp?queryId=rpt/infxidC&informe=5&a=0.8385379447136074 HTTP/1.1" 200 216
186.84.43.12 - - [30/Nov/2014:11:48:45 -0500] "GET /Report2/js/1ibre/1ibre.js HTTP/1.1" 200 174427
190.27.150.135 - - [30/Nov/2014:11:48:45 -0500] "GET /Report2/serviceListados.jsp?queryId=rpt/entidadxidC&nit=125&a=0.5200131598394364 HTTP/1.1" 200 256
190.27.150.135 - - [30/Nov/2014:11:48:45 -0500] "POST /Report2/infReportada.jsp?rdmMapa=316524 HTTP/1.1" 200 9130
186.84.43.12 - - [30/Nov/2014:11:48:45 -0500] "GET /Report2/serviceListados.jsp?queryId=rpt/infxidC&informe=16&a=0.3452116521075368 HTTP/1.1" 200 234
186.84.43.12 - - [30/Nov/2014:11:48:45 -0500] "GET /Report2/serviceListados.jsp?queryId=rpt/entidadxidC&nit=519&a=0.8656707140617073 HTTP/1.1" 200 233
186.84.43.12 - - [30/Nov/2014:11:48:45 -0500] "GET /Report2/js/1ibre/1ibre.css HTTP/1.1" 200 593
186.84.43.12 - - [30/Nov/2014:11:48:45 -0500] "POST /Report2/infReportada.jsp?rdmMapa=251166 HTTP/1.1" 200 19432
186.84.43.12 - - [30/Nov/2014:11:48:46 -0500] "GET /Report2/img/blank.gif HTTP/1.1" 200 43
190.27.150.135 - - [30/Nov/2014:11:48:48 -0500] "POST /Report2/infReportada.jsp?rdmMapa=562301&__format=xls&__name=PIGA-VE-F01-RELACI%C3%93N%20GENERAL%20DE%20USUARIOS HTTP/1.1" 200 8902
66.249.65.123 - - [30/Nov/2014:11:48:48 -0500] "GET /BLA/resoluciones/RESOLUCIONES%202002/RES%202002%201401-1450/20021405.tif HTTP/1.1" 200 94638
190.27.150.135 - - [30/Nov/2014:11:48:50 -0500] "POST /Report2/parameter HTTP/1.1" 200 6685
190.27.150.135 - - [30/Nov/2014:11:48:50 -0500] "GET /Report2/parameter?action=runReportMDX&json=true&listdep=informe&id_rpt=17&param_nit=125 HTTP/1.1" 200 574
190.27.150.135 - - [30/Nov/2014:11:48:51 -0500] "GET /Report2/parameter?action=runReportMDX&json=true&listdep=FecBal&id_rpt=17&param_informe=5&param_nit=125 HTTP/1.1" 200 517
190.27.150.135 - - [30/Nov/2014:11:48:51 -0500] "GET /Report2/parameter?action=runReportMDX&json=true&listdep=formato&id_rpt=17&param_informe=5&param_nit=125&param_FecBal=2013-09-30 HTTP/1.1" 200 610
190.27.150.135 - - [30/Nov/2014:11:48:54 -0500] "POST /Report2/rptManage.jsp?migracion=111 HTTP/1.1" 200 619
190.27.150.135 - - [30/Nov/2014:11:48:54 -0500] "GET /Report2/loading.jsp?migracion=111&id_rpt=17&currentTab=tab_19220&rnd=0.28274459659300355 HTTP/1.1" 200 2739
190.27.150.135 - - [30/Nov/2014:11:48:54 -0500] "GET /Report2/rpt.jsp?migracion=111&id_rpt=17&currentTab=tab_19220&rnd=0.4158471814061544 HTTP/1.1" 200 13738
190.27.150.135 - - [30/Nov/2014:11:48:55 -0500] "POST /Report2/infReportada.jsp?rdmMapa=307062 HTTP/1.1" 200 6164
190.27.150.135 - - [30/Nov/2014:11:48:55 -0500] "GET /Report2/serviceListados.jsp?queryId=rpt/infxidC&informe=5&a=0.5152013602200896 HTTP/1.1" 200 216
190.27.150.135 - - [30/Nov/2014:11:48:55 -0500] "GET /Report2/serviceListados.jsp?queryId=rpt/entidadxidC&nit=125&a=0.304770682239905 HTTP/1.1" 200 256
190.27.150.135 - - [30/Nov/2014:11:48:57 -0500] "POST /Report2/infReportada.jsp?rdmMapa=183771&__format=xls&__name=PIGA-VE-F045-%20GENERACION%20DE%20RESIDUOS%20NO%20APROVECHABLES HTTP/1.1" 200 6551
190.27.150.135 - - [30/Nov/2014:11:48:59 -0500] "POST /Report2/parameter HTTP/1.1" 200 6685
190.27.150.135 - - [30/Nov/2014:11:48:59 -0500] "GET /Report2/parameter?action=runReportMDX&json=true&listdep=informe&id_rpt=17&param_nit=125 HTTP/1.1" 200 574
190.27.150.135 - - [30/Nov/2014:11:49:00 -0500] "GET /Report2/parameter?action=runReportMDX&json=true&listdep=FecBal&id_rpt=17&param_informe=5&param_nit=125 HTTP/1.1" 200 517
190.27.150.135 - - [30/Nov/2014:11:49:00 -0500] "GET /Report2/parameter?action=runReportMDX&json=true&listdep=formato&id_rpt=17&param_informe=5&param_nit=125&param_FecBal=2013-09-30 HTTP/1.1" 200 610
190.27.150.135 - - [30/Nov/2014:11:49:03 -0500] "POST /Report2/rptManage.jsp?migracion=111 HTTP/1.1" 200 620
190.27.150.135 - - [30/Nov/2014:11:49:03 -0500] "GET /Report2/loading.jsp?migracion=111&id_rpt=17&currentTab=tab_19220&rnd=0.6104489298051944 HTTP/1.1" 200 2733
190.27.150.135 - - [30/Nov/2014:11:49:03 -0500] "GET /Report2/rpt.jsp?migracion=111&id_rpt=17&currentTab=tab_19220&rnd=0.004015883873759174 HTTP/1.1" 200 13726
190.27.150.135 - - [30/Nov/2014:11:49:04 -0500] "GET /Report2/serviceListados.jsp?queryId=rpt/infxidC&informe=5&a=0.04831677279435098 HTTP/1.1" 200 216
190.27.150.135 - - [30/Nov/2014:11:49:04 -0500] "GET /Report2/serviceListados.jsp?queryId=rpt/entidadxidC&nit=125&a=0.7567732797469944 HTTP/1.1" 200 256
190.27.150.135 - - [30/Nov/2014:11:49:04 -0500] "POST /Report2/infReportada.jsp?rdmMapa=167580 HTTP/1.1" 200 6873
190.27.150.135 - - [30/Nov/2014:11:49:06 -0500] "POST /Report2/infReportada.jsp?rdmMapa=542944&__format=xls&__name=PIGA-VE-F07-%20GENERACI%C3%93N%20DE%20RESIDUOS%20PELIGROSOS HTTP/1.1" 200 6730
190.27.150.135 - - [30/Nov/2014:11:49:07 -0500] "POST /Report2/parameter HTTP/1.1" 200 6685
190.27.150.135 - - [30/Nov/2014:11:49:07 -0500] "GET /Report2/parameter?action=runReportMDX&json=true&listdep=informe&id_rpt=17&param_nit=125 HTTP/1.1" 200 574
190.27.150.135 - - [30/Nov/2014:11:49:08 -0500] "GET /Report2/parameter?action=runReportMDX&json=true&listdep=FecBal&id_rpt=17&param_informe=5&param_nit=125 HTTP/1.1" 200 517
190.27.150.135 - - [30/Nov/2014:11:49:08 -0500] "GET /Report2/parameter?action=runReportMDX&json=true&listdep=formato&id_rpt=17&param_informe=5&param_nit=125&param_FecBal=2013-09-30 HTTP/1.1" 200 610
190.27.150.135 - - [30/Nov/2014:11:49:11 -0500] "POST /Report2/rptManage.jsp?migracion=111 HTTP/1.1" 200 617
190.27.150.135 - - [30/Nov/2014:11:49:12 -0500] "GET /Report2/loading.jsp?migracion=111&id_rpt=17&currentTab=tab_19220&rnd=0.4888202403528533 HTTP/1.1" 200 2723
66.249.65.119 - - [30/Nov/2014:11:49:12 -0500] "GET /BLA/resoluciones/RESOLUCIONES%202008/0986.pdf HTTP/1.1" 304 -
190.27.150.135 - - [30/Nov/2014:11:49:12 -0500] "POST /Report2/infReportada.jsp?rdmMapa=438733 HTTP/1.1" 200 6547
190.27.150.135 - - [30/Nov/2014:11:49:11 -0500] "GET /Report2/rpt.jsp?migracion=111&id_rpt=17&currentTab=tab_19220&rnd=0.721682454719785 HTTP/1.1" 200 13696
190.27.150.135 - - [30/Nov/2014:11:49:12 -0500] "GET /Report2/serviceListados.jsp?queryId=rpt/infxidC&informe=5&a=0.15745643386617303 HTTP/1.1" 200 216
190.27.150.135 - - [30/Nov/2014:11:49:12 -0500] "GET /Report2/serviceListados.jsp?queryId=rpt/entidadxidC&nit=125&a=0.2111346705351025 HTTP/1.1" 200 256
190.27.150.135 - - [30/Nov/2014:11:49:15 -0500] "POST /Report2/infReportada.jsp?rdmMapa=485644&__format=xls&__name=PIGA-VE-F09-%20GENERACI%C3%93N%20DE%20ESCOMBROS HTTP/1.1" 200 6492
186.154.84.82 - - [30/Nov/2014:11:43:16 -0500] "GET /ForestMSG_SDA/channelAsync/template_word_16980384?X-Atmosphere-tracking-id=09cc4d21-633c-533d-90c8-6afddd3b4e2f&X-Atmosphere-Framework=1.0.5&X-Atmosphere-Transport=long-polling&tabid=0.03968597715720534&X-Cache-Date=0&Content-Type=application/xml&_=1417365975305 HTTP/1.1" 200 8193
190.27.150.135 - - [30/Nov/2014:11:49:16 -0500] "POST /Report2/parameter HTTP/1.1" 200 6685
190.27.150.135 - - [30/Nov/2014:11:49:16 -0500] "GET /Report2/parameter?action=runReportMDX&json=true&listdep=informe&id_rpt=17&param_nit=125 HTTP/1.1" 200 574
190.27.150.135 - - [30/Nov/2014:11:49:17 -0500] "GET /Report2/parameter?action=runReportMDX&json=true&listdep=FecBal&id_rpt=17&param_informe=5&param_nit=125 HTTP/1.1" 200 517
190.27.150.135 - - [30/Nov/2014:11:49:17 -0500] "GET /Report2/parameter?action=runReportMDX&json=true&listdep=formato&id_rpt=17&param_informe=5&param_nit=125&param_FecBal=2013-09-30 HTTP/1.1" 200 610
190.27.150.135 - - [30/Nov/2014:11:49:20 -0500] "POST /Report2/rptManage.jsp?migracion=111 HTTP/1.1" 200 619
190.27.150.135 - - [30/Nov/2014:11:49:20 -0500] "GET /Report2/loading.jsp?migracion=111&id_rpt=17&currentTab=tab_19220&rnd=0.9573482463660388 HTTP/1.1" 200 2714
190.27.150.135 - - [30/Nov/2014:11:49:20 -0500] "GET /Report2/rpt.jsp?migracion=111&id_rpt=17&currentTab=tab_19220&rnd=0.10294480141059759 HTTP/1.1" 200 13660
190.27.150.135 - - [30/Nov/2014:11:49:21 -0500] "GET /Report2/serviceListados.jsp?queryId=rpt/infxidC&informe=5&a=0.6613550123292953 HTTP/1.1" 200 216
190.27.150.135 - - [30/Nov/2014:11:49:21 -0500] "GET /Report2/serviceListados.jsp?queryId=rpt/entidadxidC&nit=125&a=0.025604191469028592 HTTP/1.1" 200 256
190.27.150.135 - - [30/Nov/2014:11:49:21 -0500] "POST /Report2/infReportada.jsp?rdmMapa=123221 HTTP/1.1" 200 10814
186.28.44.96 - - [30/Nov/2014:11:49:21 -0500] "GET /galeria/carrusel/Carrusel/jquery.thumbnailScroller.css HTTP/1.1" 200 2066
186.28.44.96 - - [30/Nov/2014:11:49:21 -0500] "GET /BLA/boletinlegal/js/jquery.js HTTP/1.1" 200 57254
186.28.44.96 - - [30/Nov/2014:11:49:21 -0500] "GET /BLA/boletinlegal/js/jquery.scrollTo-min.js HTTP/1.1" 200 1150
186.28.44.96 - - [30/Nov/2014:11:49:21 -0500] "GET /BLA/boletinlegal/js/jquery.scrollShow.js HTTP/1.1" 200 4586
186.28.44.96 - - [30/Nov/2014:11:49:21 -0500] "GET /galeria/carrusel/Carrusel/jquery-ui-1.8.13.custom.min.js HTTP/1.1" 200 10800
186.28.44.96 - - [30/Nov/2014:11:49:22 -0500] "GET /galeria/carrusel/Carrusel/jquery.thumbnailScroller.js HTTP/1.1" 200 8157
186.28.44.96 - - [30/Nov/2014:11:49:23 -0500] "GET /galeria/nivo-slider/demo/demo.html HTTP/1.1" 200 3458
190.27.150.135 - - [30/Nov/2014:11:49:23 -0500] "POST /Report2/infReportada.jsp?rdmMapa=392420&__format=xls&__name=PIGA-VE-F10-FUENTES%20MOVILES HTTP/1.1" 200 9792
186.28.44.96 - - [30/Nov/2014:11:49:23 -0500] "GET /galeria/nivo-slider/themes/default/default.css HTTP/1.1" 200 1569
186.28.44.96 - - [30/Nov/2014:11:49:23 -0500] "GET /galeria/nivo-slider/themes/pascal/pascal.css HTTP/1.1" 200 2258
186.28.44.96 - - [30/Nov/2014:11:49:23 -0500] "GET /galeria/nivo-slider/themes/orman/orman.css HTTP/1.1" 200 2152
186.28.44.96 - - [30/Nov/2014:11:49:23 -0500] "GET /galeria/nivo-slider/nivo-slider.css HTTP/1.1" 200 1507
186.28.44.96 - - [30/Nov/2014:11:49:23 -0500] "GET /galeria/nivo-slider/demo/style.css HTTP/1.1" 200 2222
186.28.44.96 - - [30/Nov/2014:11:49:23 -0500] "GET /galeria/nivo-slider/demo/images/Banner-GAE3.jpg HTTP/1.1" 200 146354
186.28.44.96 - - [30/Nov/2014:11:49:23 -0500] "GET /galeria/nivo-slider/demo/scripts/jquery-1.7.1.min.js HTTP/1.1" 200 93868
186.28.44.96 - - [30/Nov/2014:11:49:23 -0500] "GET /galeria/nivo-slider/jquery.nivo.slider.pack.js HTTP/1.1" 200 11561
186.28.44.96 - - [30/Nov/2014:11:49:23 -0500] "GET /galeria/nivo-slider/demo/images/festivalBasura0.jpg HTTP/1.1" 200 96780
186.28.44.96 - - [30/Nov/2014:11:49:23 -0500] "GET /galeria/nivo-slider/demo/images/Banner-comparendo.jpg HTTP/1.1" 200 388762
186.28.44.96 - - [30/Nov/2014:11:49:24 -0500] "GET /galeria/nivo-slider/demo/images/banner-pygaai.jpg HTTP/1.1" 200 82693
186.28.44.96 - - [30/Nov/2014:11:49:24 -0500] "GET /galeria/nivo-slider/demo/images/4Simple_Slider.png HTTP/1.1" 200 11722
186.28.44.96 - - [30/Nov/2014:11:49:24 -0500] "GET /galeria/nivo-slider/themes/default/loading.gif HTTP/1.1" 200 1737
186.28.44.96 - - [30/Nov/2014:11:49:24 -0500] "GET /galeria/nivo-slider/demo/images/Biotaxis-Man.jpg HTTP/1.1" 200 99362
190.27.150.135 - - [30/Nov/2014:11:49:24 -0500] "POST /Report2/parameter HTTP/1.1" 200 6685
190.27.150.135 - - [30/Nov/2014:11:49:25 -0500] "GET /Report2/parameter?action=runReportMDX&json=true&listdep=informe&id_rpt=17&param_nit=125 HTTP/1.1" 200 574
186.28.44.96 - - [30/Nov/2014:11:49:25 -0500] "GET /galeria/nivo-slider/demo/images/porloshumedales.jpg HTTP/1.1" 200 351238
190.27.150.135 - - [30/Nov/2014:11:49:25 -0500] "GET /Report2/parameter?action=runReportMDX&json=true&listdep=FecBal&id_rpt=17&param_informe=5&param_nit=125 HTTP/1.1" 200 517
186.28.44.96 - - [30/Nov/2014:11:49:25 -0500] "GET /galeria/nivo-slider/demo/images/Tingua-azul.jpg HTTP/1.1" 200 307638
190.27.150.135 - - [30/Nov/2014:11:49:25 -0500] "GET /Report2/parameter?action=runReportMDX&json=true&listdep=formato&id_rpt=17&param_informe=5&param_nit=125&param_FecBal=2013-09-30 HTTP/1.1" 200 610
186.146.76.148 - - [30/Nov/2014:11:49:26 -0500] "GET /BLA/boletinlegal/js/jquery.js HTTP/1.1" 200 57254
186.146.76.148 - - [30/Nov/2014:11:49:26 -0500] "GET /BLA/boletinlegal/js/jquery.scrollShow.js HTTP/1.1" 200 4586
186.146.76.148 - - [30/Nov/2014:11:49:27 -0500] "GET /BLA/boletinlegal/js/jquery.scrollTo-min.js HTTP/1.1" 200 1150
186.28.44.96 - - [30/Nov/2014:11:49:27 -0500] "GET /galeria/nivo-slider/demo/images/Banner-Caracol-Africano.jpg HTTP/1.1" 200 331986
186.28.44.96 - - [30/Nov/2014:11:49:28 -0500] "GET /galeria/nivo-slider/demo/images/banner-redes.jpg HTTP/1.1" 200 62209
186.28.44.96 - - [30/Nov/2014:11:49:28 -0500] "GET /galeria/nivo-slider/demo/images/9Signos.jpg HTTP/1.1" 200 93040
186.28.44.96 - - [30/Nov/2014:11:49:28 -0500] "GET /galeria/nivo-slider/demo/images/banner-caballos.png HTTP/1.1" 200 389106
190.27.150.135 - - [30/Nov/2014:11:49:29 -0500] "POST /Report2/rptManage.jsp?migracion=111 HTTP/1.1" 200 618
190.27.150.135 - - [30/Nov/2014:11:49:29 -0500] "GET /Report2/loading.jsp?migracion=111&id_rpt=17&currentTab=tab_19220&rnd=0.8029905563067992 HTTP/1.1" 200 2708
186.28.44.96 - - [30/Nov/2014:11:49:29 -0500] "GET /galeria/nivo-slider/demo/images/Hacienda_Molinos.jpg HTTP/1.1" 200 319171
190.27.150.135 - - [30/Nov/2014:11:49:29 -0500] "GET /Report2/rpt.jsp?migracion=111&id_rpt=17&currentTab=tab_19220&rnd=0.8705993492989454 HTTP/1.1" 200 13648
190.27.150.135 - - [30/Nov/2014:11:49:29 -0500] "POST /Report2/infReportada.jsp?rdmMapa=96851 HTTP/1.1" 200 7046
190.27.150.135 - - [30/Nov/2014:11:49:29 -0500] "GET /Report2/serviceListados.jsp?queryId=rpt/infxidC&informe=5&a=0.5493901907466352 HTTP/1.1" 200 216
190.27.150.135 - - [30/Nov/2014:11:49:29 -0500] "GET /Report2/serviceListados.jsp?queryId=rpt/entidadxidC&nit=125&a=0.8927080628927797 HTTP/1.1" 200 256
190.27.150.135 - - [30/Nov/2014:11:49:32 -0500] "POST /Report2/infReportada.jsp?rdmMapa=541829&__format=xls&__name=PIGA-VE-F11-PROVEEDORES HTTP/1.1" 200 6992
186.28.44.96 - - [30/Nov/2014:11:49:32 -0500] "GET /videos/Spot_CambioClimatico.flv HTTP/1.1" 200 4371917
186.28.44.96 - - [30/Nov/2014:11:49:32 -0500] "GET /galeria/nivo-slider/demo/images/bannerEcolecta3.jpg HTTP/1.1" 200 280034
186.28.44.96 - - [30/Nov/2014:11:49:35 -0500] "GET /galeria/nivo-slider/themes/default/bullets.png HTTP/1.1" 200 1281
186.28.44.96 - - [30/Nov/2014:11:49:35 -0500] "GET /galeria/nivo-slider/themes/default/arrows.png HTTP/1.1" 200 824
190.27.150.135 - - [30/Nov/2014:11:49:55 -0500] "POST /Report2/parameter HTTP/1.1" 200 6685
190.27.150.135 - - [30/Nov/2014:11:49:56 -0500] "GET /Report2/parameter?action=runReportMDX&json=true&listdep=informe&id_rpt=17&param_nit=125 HTTP/1.1" 200 574
190.27.150.135 - - [30/Nov/2014:11:49:56 -0500] "GET /Report2/parameter?action=runReportMDX&json=true&listdep=FecBal&id_rpt=17&param_informe=5&param_nit=125 HTTP/1.1" 200 517
190.27.150.135 - - [30/Nov/2014:11:49:56 -0500] "GET /Report2/parameter?action=runReportMDX&json=true&listdep=formato&id_rpt=17&param_informe=5&param_nit=125&param_FecBal=2013-09-30 HTTP/1.1" 200 610
190.27.150.135 - - [30/Nov/2014:11:49:59 -0500] "GET /Report2/parameter?action=runReportMDX&json=true&listdep=formato&id_rpt=17&param_informe=5&param_nit=125&param_FecBal=2013-12-31 HTTP/1.1" 200 610
190.27.150.135 - - [30/Nov/2014:11:50:03 -0500] "POST /Report2/rptManage.jsp?migracion=111 HTTP/1.1" 200 619
190.27.150.135 - - [30/Nov/2014:11:50:03 -0500] "GET /Report2/loading.jsp?migracion=111&id_rpt=17&currentTab=tab_19220&rnd=0.6187980612896803 HTTP/1.1" 200 2719
190.27.150.135 - - [30/Nov/2014:11:50:03 -0500] "GET /Report2/rpt.jsp?migracion=111&id_rpt=17&currentTab=tab_19220&rnd=0.23895012437339114 HTTP/1.1" 200 13681
190.27.150.135 - - [30/Nov/2014:11:50:03 -0500] "GET /Report2/serviceListados.jsp?queryId=rpt/infxidC&informe=5&a=0.021773667074739933 HTTP/1.1" 200 216
190.27.150.135 - - [30/Nov/2014:11:50:03 -0500] "GET /Report2/serviceListados.jsp?queryId=rpt/entidadxidC&nit=125&a=0.7193318167701364 HTTP/1.1" 200 256
190.27.150.135 - - [30/Nov/2014:11:50:03 -0500] "POST /Report2/infReportada.jsp?rdmMapa=79254 HTTP/1.1" 200 14127
190.27.150.135 - - [30/Nov/2014:11:50:05 -0500] "POST /Report2/infReportada.jsp?rdmMapa=660329&__format=xls&__name=PIGA%20VE%20-%20F02%20REGISTRO%20DE%20CONSUMOS HTTP/1.1" 200 13109
181.130.71.6 - - [30/Nov/2014:11:50:07 -0500] "GET /Residuos/textiles/textiles.html HTTP/1.1" 404 1324
190.27.150.135 - - [30/Nov/2014:11:50:07 -0500] "POST /Report2/parameter HTTP/1.1" 200 6685
190.27.150.135 - - [30/Nov/2014:11:50:07 -0500] "GET /Report2/parameter?action=runReportMDX&json=true&listdep=informe&id_rpt=17&param_nit=125 HTTP/1.1" 200 574
190.27.150.135 - - [30/Nov/2014:11:50:08 -0500] "GET /Report2/parameter?action=runReportMDX&json=true&listdep=FecBal&id_rpt=17&param_informe=5&param_nit=125 HTTP/1.1" 200 517
190.27.150.135 - - [30/Nov/2014:11:50:08 -0500] "GET /Report2/parameter?action=runReportMDX&json=true&listdep=formato&id_rpt=17&param_informe=5&param_nit=125&param_FecBal=2013-12-31 HTTP/1.1" 200 610
190.27.150.135 - - [30/Nov/2014:11:50:11 -0500] "POST /Report2/rptManage.jsp?migracion=111 HTTP/1.1" 200 619
190.27.150.135 - - [30/Nov/2014:11:50:11 -0500] "GET /Report2/loading.jsp?migracion=111&id_rpt=17&currentTab=tab_19220&rnd=0.8060897336132395 HTTP/1.1" 200 2734
190.27.150.135 - - [30/Nov/2014:11:50:11 -0500] "GET /Report2/rpt.jsp?migracion=111&id_rpt=17&currentTab=tab_19220&rnd=0.24869092939479076 HTTP/1.1" 200 13729
190.27.150.135 - - [30/Nov/2014:11:50:12 -0500] "GET /Report2/serviceListados.jsp?queryId=rpt/infxidC&informe=5&a=0.36735182069242 HTTP/1.1" 200 216
190.27.150.135 - - [30/Nov/2014:11:50:12 -0500] "GET /Report2/serviceListados.jsp?queryId=rpt/entidadxidC&nit=125&a=0.5529278616886586 HTTP/1.1" 200 256
190.27.150.135 - - [30/Nov/2014:11:50:12 -0500] "POST /Report2/infReportada.jsp?rdmMapa=784449 HTTP/1.1" 200 7516
190.27.150.135 - - [30/Nov/2014:11:50:14 -0500] "POST /Report2/infReportada.jsp?rdmMapa=191303&__format=xls&__name=PIGA-F046-%20GENERACI%C3%93N%20DE%20RESIDUOS%20APROVECHABLES HTTP/1.1" 200 7551
190.27.150.135 - - [30/Nov/2014:11:50:16 -0500] "POST /Report2/parameter HTTP/1.1" 200 6685
190.27.150.135 - - [30/Nov/2014:11:50:16 -0500] "GET /Report2/parameter?action=runReportMDX&json=true&listdep=informe&id_rpt=17&param_nit=125 HTTP/1.1" 200 574
186.84.43.12 - - [30/Nov/2014:11:50:16 -0500] "POST /Report2/parameter HTTP/1.1" 200 6672
190.27.150.135 - - [30/Nov/2014:11:50:17 -0500] "GET /Report2/parameter?action=runReportMDX&json=true&listdep=FecBal&id_rpt=17&param_informe=5&param_nit=125 HTTP/1.1" 200 517
186.84.43.12 - - [30/Nov/2014:11:50:17 -0500] "GET /Report2/parameter?action=runReportMDX&json=true&listdep=informe&id_rpt=17&param_nit=519 HTTP/1.1" 200 319
186.84.43.12 - - [30/Nov/2014:11:50:17 -0500] "GET /Report2/parameter?action=runReportMDX&json=true&listdep=FecBal&id_rpt=17&param_informe=16&param_nit=519 HTTP/1.1" 200 44
190.27.150.135 - - [30/Nov/2014:11:50:17 -0500] "GET /Report2/parameter?action=runReportMDX&json=true&listdep=formato&id_rpt=17&param_informe=5&param_nit=125&param_FecBal=2013-12-31 HTTP/1.1" 200 610
186.84.43.12 - - [30/Nov/2014:11:50:17 -0500] "GET /Report2/parameter?action=runReportMDX&json=true&listdep=formato&id_rpt=17&param_informe=16&param_nit=519&param_FecBal=2013-12-31 HTTP/1.1" 200 62
190.27.150.135 - - [30/Nov/2014:11:50:21 -0500] "POST /Report2/rptManage.jsp?migracion=111 HTTP/1.1" 200 620
186.84.43.12 - - [30/Nov/2014:11:50:21 -0500] "GET /Report2/parameter?action=runReportMDX&json=true&listdep=FecBal&id_rpt=17&param_informe=5&param_nit=519 HTTP/1.1" 200 44
190.27.150.135 - - [30/Nov/2014:11:50:22 -0500] "GET /Report2/rpt.jsp?migracion=111&id_rpt=17&currentTab=tab_19220&rnd=0.27499288701797775 HTTP/1.1" 200 13657
190.27.150.135 - - [30/Nov/2014:11:50:22 -0500] "GET /Report2/loading.jsp?migracion=111&id_rpt=17&currentTab=tab_19220&rnd=0.13726680837553862 HTTP/1.1" 200 2709
190.27.150.135 - - [30/Nov/2014:11:50:23 -0500] "GET /Report2/serviceListados.jsp?queryId=rpt/infxidC&informe=5&a=0.0759000878315419 HTTP/1.1" 200 216
190.27.150.135 - - [30/Nov/2014:11:50:23 -0500] "GET /Report2/serviceListados.jsp?queryId=rpt/entidadxidC&nit=125&a=0.06713829073123634 HTTP/1.1" 200 256
186.84.43.12 - - [30/Nov/2014:11:50:26 -0500] "GET /Report2/parameter?action=runReportMDX&json=true&listdep=FecBal&id_rpt=17&param_informe=8&param_nit=519 HTTP/1.1" 200 44
181.50.241.109 - - [30/Nov/2014:11:50:30 -0500] "POST /forms/lservlet;jsessionid=ac16012b30d5f682009d5f7842a48dd7955190f32559.e3iSbxaKaheRe34Sa3yKbhiTahb0n6jAmljGr5XDqQLvpAe HTTP/1.1" 200 2
186.84.43.12 - - [30/Nov/2014:11:50:31 -0500] "GET /Report2/parameter?action=runReportMDX&json=true&listdep=FecBal&id_rpt=17&param_informe=3&param_nit=519 HTTP/1.1" 200 87
186.84.43.12 - - [30/Nov/2014:11:50:31 -0500] "GET /Report2/parameter?action=runReportMDX&json=true&listdep=formato&id_rpt=17&param_informe=3&param_nit=519&param_FecBal=2013-12-31 HTTP/1.1" 200 145
190.27.150.135 - - [30/Nov/2014:11:50:32 -0500] "POST /Report2/infReportada.jsp?rdmMapa=222171 HTTP/1.1" 200 3874
190.27.150.135 - - [30/Nov/2014:11:50:35 -0500] "POST /Report2/infReportada.jsp?rdmMapa=214709&__format=xls&__name=PIGA-II-F03-%20COMIT%C3%89%20PIGA HTTP/1.1" 200 4611
190.27.150.135 - - [30/Nov/2014:11:50:36 -0500] "POST /Report2/parameter HTTP/1.1" 200 6683
190.27.150.135 - - [30/Nov/2014:11:50:37 -0500] "GET /Report2/parameter?action=runReportMDX&json=true&listdep=informe&id_rpt=17&param_nit=125 HTTP/1.1" 200 574
190.27.150.135 - - [30/Nov/2014:11:50:37 -0500] "GET /Report2/parameter?action=runReportMDX&json=true&listdep=FecBal&id_rpt=17&param_informe=5&param_nit=125 HTTP/1.1" 200 517
190.27.150.135 - - [30/Nov/2014:11:50:38 -0500] "GET /Report2/parameter?action=runReportMDX&json=true&listdep=formato&id_rpt=17&param_informe=5&param_nit=125&param_FecBal=2013-12-31 HTTP/1.1" 200 610
190.27.150.135 - - [30/Nov/2014:11:50:41 -0500] "POST /Report2/rptManage.jsp?migracion=111 HTTP/1.1" 200 619
190.27.150.135 - - [30/Nov/2014:11:50:41 -0500] "GET /Report2/loading.jsp?migracion=111&id_rpt=17&currentTab=tab_19220&rnd=0.04929270278621556 HTTP/1.1" 200 2725
190.27.150.135 - - [30/Nov/2014:11:50:41 -0500] "GET /Report2/rpt.jsp?migracion=111&id_rpt=17&currentTab=tab_19220&rnd=0.7522004633070363 HTTP/1.1" 200 13702
190.27.150.135 - - [30/Nov/2014:11:50:41 -0500] "POST /Report2/infReportada.jsp?rdmMapa=195587 HTTP/1.1" 200 6220
190.27.150.135 - - [30/Nov/2014:11:50:42 -0500] "GET /Report2/serviceListados.jsp?queryId=rpt/infxidC&informe=5&a=0.19036647491157055 HTTP/1.1" 200 216
190.27.150.135 - - [30/Nov/2014:11:50:42 -0500] "GET /Report2/serviceListados.jsp?queryId=rpt/entidadxidC&nit=125&a=0.3683705038856715 HTTP/1.1" 200 256
181.50.66.193 - - [30/Nov/2014:11:50:43 -0500] "GET /BLA/boletinlegal/js/jquery.scrollTo-min.js HTTP/1.1" 200 1150
181.50.66.193 - - [30/Nov/2014:11:50:43 -0500] "GET /BLA/boletinlegal/js/jquery.js HTTP/1.1" 200 57254
181.50.66.193 - - [30/Nov/2014:11:50:44 -0500] "GET /BLA/boletinlegal/js/jquery.scrollShow.js HTTP/1.1" 200 4586
190.27.150.135 - - [30/Nov/2014:11:50:44 -0500] "POST /Report2/infReportada.jsp?rdmMapa=765779&__format=xls&__name=PIGA-IM-F02-RELACI%C3%93N%20DE%20CAPACITACIONES HTTP/1.1" 200 6606
190.27.150.135 - - [30/Nov/2014:11:50:47 -0500] "POST /Report2/parameter HTTP/1.1" 200 6685
190.27.150.135 - - [30/Nov/2014:11:50:48 -0500] "GET /Report2/parameter?action=runReportMDX&json=true&listdep=informe&id_rpt=17&param_nit=125 HTTP/1.1" 200 574
190.27.150.135 - - [30/Nov/2014:11:50:48 -0500] "GET /Report2/parameter?action=runReportMDX&json=true&listdep=FecBal&id_rpt=17&param_informe=5&param_nit=125 HTTP/1.1" 200 517
190.27.150.135 - - [30/Nov/2014:11:50:48 -0500] "GET /Report2/parameter?action=runReportMDX&json=true&listdep=formato&id_rpt=17&param_informe=5&param_nit=125&param_FecBal=2013-12-31 HTTP/1.1" 200 610
190.27.150.135 - - [30/Nov/2014:11:50:54 -0500] "POST /Report2/rptManage.jsp?migracion=111 HTTP/1.1" 200 617
190.27.150.135 - - [30/Nov/2014:11:50:54 -0500] "GET /Report2/loading.jsp?migracion=111&id_rpt=17&currentTab=tab_19220&rnd=0.6973816632921945 HTTP/1.1" 200 2727
190.27.150.135 - - [30/Nov/2014:11:50:54 -0500] "GET /Report2/rpt.jsp?migracion=111&id_rpt=17&currentTab=tab_19220&rnd=0.510456668512967 HTTP/1.1" 200 13708
