188.165.15.110 - - [30/Nov/2014:07:51:45 -0500] "GET /BLA/resoluciones/RESOLUCIONES%202002/RES%202002%201651-1700/20021674.tif HTTP/1.1" 200 330156
66.249.65.123 - - [30/Nov/2014:07:51:46 -0500] "GET /BLA/resoluciones/RESOLUCIONES%202010/3978.pdf HTTP/1.1" 200 512063
74.86.158.107 - - [30/Nov/2014:07:51:51 -0500] "HEAD / HTTP/1.1" 302 -
188.165.15.78 - - [30/Nov/2014:07:52:10 -0500] "GET /BLA/resoluciones/RESOLUCIONES%202005/RES%202005%20751-800/00000785.tif HTTP/1.1" 200 211522
66.249.65.115 - - [30/Nov/2014:07:52:14 -0500] "GET /BLA/resoluciones/RESOLUCIONES%202007/RES%202007%201101%20AL%201200/RESOLUCION%201144%20DE%202007.pdf HTTP/1.1" 200 419547
186.145.58.53 - - [30/Nov/2014:07:52:18 -0500] "POST /forms/lservlet;jsessionid=ac16012b30d520417a54b3ad46c4b639843bfe7237f7.e3iSbxaKaheRe34Sa3yKbhiTahb0n6jAmljGr5XDqQLvpAe HTTP/1.1" 200 2
181.69.237.142 - - [30/Nov/2014:07:52:34 -0500] "GET /forest/login.do HTTP/1.1" 200 12486
66.249.65.119 - - [30/Nov/2014:07:52:41 -0500] "GET /BLA/resoluciones/RESOLUCIONES%202008/4465.pdf HTTP/1.1" 200 330202
66.249.65.115 - - [30/Nov/2014:07:52:42 -0500] "GET /BLA/resoluciones/RESOLUCIONES%202010/6437.pdf HTTP/1.1" 200 2654085
66.249.65.123 - - [30/Nov/2014:07:53:10 -0500] "GET /BLA/resoluciones/RESOLUCIONES%202012/0942.pdf HTTP/1.1" 200 590290
180.76.6.65 - - [30/Nov/2014:07:53:31 -0500] "GET /BLA/boletinlegal/Circulares/2013/Circular%20No.%201%20del%2014%20de%20enero%20de%202013.pdf HTTP/1.1" 200 1298384
66.249.65.123 - - [30/Nov/2014:07:53:38 -0500] "GET /BLA/resoluciones/AUTOS%202010/1084.pdf HTTP/1.1" 200 171035
188.165.15.50 - - [30/Nov/2014:07:53:41 -0500] "GET /BLA/resoluciones/RESOLUCIONES%202003/ANEXOS%20RES%202048/00000015.tif HTTP/1.1" 200 76014
188.165.15.181 - - [30/Nov/2014:07:53:47 -0500] "GET /BLA/resoluciones/RESOLUCIONES%202006/RES%202006%20251-300/00000267.tif HTTP/1.1" 200 400006
66.249.65.119 - - [30/Nov/2014:07:54:07 -0500] "GET /BLA/resoluciones/RESOLUCIONES%202007/RES%202007%201901%20AL%202000/RESOLUCION%201919%20DE%202007.pdf HTTP/1.1" 200 683870
66.249.65.123 - - [30/Nov/2014:07:54:11 -0500] "GET /BLA/resoluciones/RESOLUCIONES%202008/2261.pdf HTTP/1.1" 200 199877
186.145.58.53 - - [30/Nov/2014:07:54:18 -0500] "POST /forms/lservlet;jsessionid=ac16012b30d520417a54b3ad46c4b639843bfe7237f7.e3iSbxaKaheRe34Sa3yKbhiTahb0n6jAmljGr5XDqQLvpAe HTTP/1.1" 200 2
186.29.225.162 - - [30/Nov/2014:07:54:22 -0500] "GET /BLA/boletinlegal/js/jquery.js HTTP/1.1" 200 57254
186.29.225.162 - - [30/Nov/2014:07:54:22 -0500] "GET /BLA/boletinlegal/js/jquery.scrollTo-min.js HTTP/1.1" 200 1150
186.29.225.162 - - [30/Nov/2014:07:54:22 -0500] "GET /BLA/boletinlegal/js/jquery.scrollShow.js HTTP/1.1" 200 4586
190.152.178.24 - - [30/Nov/2014:07:54:23 -0500] "GET /BLA/boletinlegal/js/jquery.js HTTP/1.1" 200 57254
190.152.178.24 - - [30/Nov/2014:07:54:23 -0500] "GET /BLA/boletinlegal/js/jquery.scrollTo-min.js HTTP/1.1" 200 1150
190.152.178.24 - - [30/Nov/2014:07:54:23 -0500] "GET /BLA/boletinlegal/js/jquery.scrollShow.js HTTP/1.1" 200 4586
201.245.192.253 - - [30/Nov/2014:07:54:29 -0500] "GET /plugins/like.php?action=like&app_id=130118353782124&channel=http%3A%2F%2Fstatic.ak.facebook.com%2Fconnect%2Fxd_arbiter%2F7r8gQb8MIqE.js%3Fversion%3D41%23cb%3Df3d7e27634%26domain%3Darticulo.mercadolibre.com.co%26origin%3Dhttp%253A%252F%252Farticulo.mercadolibre.com.co%252Ff1e6570014%26relation%3Dparent.parent&font=arial&href=http%3A%2F%2Farticulo.mercadolibre.com.co%2FMCO-413381155-chaqueta-hombre-en-cuerotex-100-garantizada--_JM&layout=button&locale=es_LA&ref=see_listing__LIKE&sdk=joey&send=false&show_faces=true&width=250 HTTP/1.1" 404 1400
66.249.65.123 - - [30/Nov/2014:07:54:35 -0500] "GET /BLA/resoluciones/RESOLUCIONES%202009/2083.pdf HTTP/1.1" 200 610147
181.151.219.66 - - [30/Nov/2014:07:54:48 -0500] "GET /BLA/boletinlegal/js/jquery.js HTTP/1.1" 200 57254
181.151.219.66 - - [30/Nov/2014:07:54:48 -0500] "GET /BLA/boletinlegal/js/jquery.scrollShow.js HTTP/1.1" 200 4586
181.151.219.66 - - [30/Nov/2014:07:54:48 -0500] "GET /BLA/boletinlegal/js/jquery.scrollTo-min.js HTTP/1.1" 200 1150
66.249.65.123 - - [30/Nov/2014:07:55:03 -0500] "GET /BLA/resoluciones/RESOLUCIONES%202011/4642.pdf HTTP/1.1" 200 605662
66.249.65.119 - - [30/Nov/2014:07:55:05 -0500] "GET /BLA/resoluciones/AUTOS%202014/1034.pdf HTTP/1.1" 200 366322
66.249.65.115 - - [30/Nov/2014:07:55:31 -0500] "GET /BLA/resoluciones/RESOLUCIONES%202011/5532.pdf HTTP/1.1" 200 750034
181.61.221.80 - - [30/Nov/2014:07:55:37 -0500] "GET /BLA/boletinlegal/js/jquery.js HTTP/1.1" 200 57254
181.61.221.80 - - [30/Nov/2014:07:55:37 -0500] "GET /BLA/boletinlegal/js/jquery.scrollShow.js HTTP/1.1" 200 4586
181.61.221.80 - - [30/Nov/2014:07:55:37 -0500] "GET /BLA/boletinlegal/js/jquery.scrollTo-min.js HTTP/1.1" 200 1150
190.25.162.180 - - [30/Nov/2014:07:55:38 -0500] "GET /BLA/boletinlegal/js/jquery.js HTTP/1.1" 200 57254
190.25.162.180 - - [30/Nov/2014:07:55:38 -0500] "GET /BLA/boletinlegal/js/jquery.scrollTo-min.js HTTP/1.1" 200 1150
190.25.162.180 - - [30/Nov/2014:07:55:38 -0500] "GET /BLA/boletinlegal/js/jquery.scrollShow.js HTTP/1.1" 200 4586
66.249.65.119 - - [30/Nov/2014:07:55:41 -0500] "GET /BLA/resoluciones/RESOLUCIONES%202010/7864.pdf HTTP/1.1" 200 38243
186.98.223.169 - - [30/Nov/2014:07:55:45 -0500] "GET /BLA/boletinlegal/js/jquery.js HTTP/1.1" 200 57254
186.98.223.169 - - [30/Nov/2014:07:55:46 -0500] "GET /BLA/boletinlegal/js/jquery.scrollShow.js HTTP/1.1" 200 4586
186.98.223.169 - - [30/Nov/2014:07:55:46 -0500] "GET /BLA/boletinlegal/js/jquery.scrollTo-min.js HTTP/1.1" 200 1150
201.245.192.253 - - [30/Nov/2014:07:55:46 -0500] "GET /v/mh-ROSzQiEE?adformat=2_9&version=3&showinfo=0&rel=0&controls=1&iv_load_policy=1 HTTP/1.1" 404 2815
66.249.65.123 - - [30/Nov/2014:07:55:59 -0500] "GET /BLA/resoluciones/RESOLUCIONES%202009/8284.pdf HTTP/1.1" 200 98167
186.145.58.53 - - [30/Nov/2014:07:56:18 -0500] "POST /forms/lservlet;jsessionid=ac16012b30d520417a54b3ad46c4b639843bfe7237f7.e3iSbxaKaheRe34Sa3yKbhiTahb0n6jAmljGr5XDqQLvpAe HTTP/1.1" 200 2
66.249.65.123 - - [30/Nov/2014:07:56:27 -0500] "GET /BLA/resoluciones/RESOLUCIONES%202009/5419.pdf HTTP/1.1" 304 -
66.249.65.123 - - [30/Nov/2014:07:56:46 -0500] "GET /BLA/resoluciones/RESOLUCIONES%202007/RES%202007%203601%20AL%203700/RESOLUCION%203631%20DE%202007.pdf HTTP/1.1" 200 400480
74.86.158.107 - - [30/Nov/2014:07:56:51 -0500] "HEAD / HTTP/1.1" 302 -
66.249.65.119 - - [30/Nov/2014:07:56:55 -0500] "GET /BLA/resoluciones/index.php?dir=RESOLUCIONES+2007%2FRES+2007+2701+AL+2800%2F HTTP/1.1" 200 26889
201.245.192.253 - - [30/Nov/2014:07:56:59 -0500] "GET /plugins/like.php?action=like&app_id=130118353782124&channel=http%3A%2F%2Fstatic.ak.facebook.com%2Fconnect%2Fxd_arbiter%2F7r8gQb8MIqE.js%3Fversion%3D41%23cb%3Df257349264%26domain%3Darticulo.mercadolibre.com.co%26origin%3Dhttp%253A%252F%252Farticulo.mercadolibre.com.co%252Ff32d00e5f4%26relation%3Dparent.parent&font=arial&href=http%3A%2F%2Farticulo.mercadolibre.com.co%2FMCO-413163776-pantalones-jeans-de-moda-para-caballero-_JM&layout=button&locale=es_LA&ref=see_listing__LIKE&sdk=joey&send=false&show_faces=true&width=250 HTTP/1.1" 404 1390
66.249.65.115 - - [30/Nov/2014:07:57:12 -0500] "GET /BLA/resoluciones/AUTOS%202008/0458.pdf HTTP/1.1" 200 99538
66.249.65.115 - - [30/Nov/2014:07:57:23 -0500] "GET /BLA/resoluciones/RESOLUCIONES%202007/RES%202007%202301%20AL%202400/RESOLUCION%202346%20DE%202007.pdf HTTP/1.1" 304 -
201.245.192.253 - - [30/Nov/2014:07:57:28 -0500] "GET /plugins/like.php?action=like&app_id=130118353782124&channel=http%3A%2F%2Fstatic.ak.facebook.com%2Fconnect%2Fxd_arbiter%2F7r8gQb8MIqE.js%3Fversion%3D41%23cb%3Dfed6f642c%26domain%3Darticulo.mercadolibre.com.co%26origin%3Dhttp%253A%252F%252Farticulo.mercadolibre.com.co%252Ff36a1e5208%26relation%3Dparent.parent&font=arial&href=http%3A%2F%2Farticulo.mercadolibre.com.co%2FMCO-413050473-blazer-chaqueta-doble-boton-dril-formal-buso-_JM&layout=button&locale=es_LA&ref=see_listing__LIKE&sdk=joey&send=false&show_faces=true&width=250 HTTP/1.1" 404 1400
190.157.224.200 - - [30/Nov/2014:07:57:30 -0500] "GET /BLA/boletinlegal/js/jquery.scrollTo-min.js HTTP/1.1" 200 1150
190.157.224.200 - - [30/Nov/2014:07:57:30 -0500] "GET /BLA/boletinlegal/js/jquery.js HTTP/1.1" 200 57254
190.157.224.200 - - [30/Nov/2014:07:57:30 -0500] "GET /BLA/boletinlegal/js/jquery.scrollShow.js HTTP/1.1" 200 4586
161.18.116.193 - - [30/Nov/2014:07:57:33 -0500] "GET /BLA/boletinlegal/js/jquery.js HTTP/1.1" 200 57254
161.18.116.193 - - [30/Nov/2014:07:57:33 -0500] "GET /BLA/boletinlegal/js/jquery.scrollTo-min.js HTTP/1.1" 200 1150
161.18.116.193 - - [30/Nov/2014:07:57:33 -0500] "GET /BLA/boletinlegal/js/jquery.scrollShow.js HTTP/1.1" 200 4586
66.249.65.55 - - [30/Nov/2014:07:57:36 -0500] "GET / HTTP/1.1" 302 -
54.244.57.42 - - [30/Nov/2014:07:57:43 -0500] "-" 408 -
54.244.57.42 - - [30/Nov/2014:07:57:43 -0500] "-" 408 -
54.244.57.42 - - [30/Nov/2014:07:57:43 -0500] "-" 408 -
66.249.65.115 - - [30/Nov/2014:07:57:52 -0500] "GET /BLA/resoluciones/RESOLUCIONES%202010/6148.pdf HTTP/1.1" 304 -
66.249.65.123 - - [30/Nov/2014:07:57:56 -0500] "GET /BLA/resoluciones/RESOLUCIONES%202004/RES%202004%20601-650/00000649.tif HTTP/1.1" 200 63476
201.245.192.253 - - [30/Nov/2014:07:58:00 -0500] "GET /e/mEoE0GUTzfI?modestbranding=1&enablejsapi=1&version=3 HTTP/1.1" 404 1427
201.245.192.253 - - [30/Nov/2014:07:58:00 -0500] "GET /plugins/like.php?action=like&app_id=130118353782124&channel=http%3A%2F%2Fstatic.ak.facebook.com%2Fconnect%2Fxd_arbiter%2F7r8gQb8MIqE.js%3Fversion%3D41%23cb%3Df7b88535c%26domain%3Darticulo.mercadolibre.com.co%26origin%3Dhttp%253A%252F%252Farticulo.mercadolibre.com.co%252Ff186bfd8a8%26relation%3Dparent.parent&font=arial&href=http%3A%2F%2Farticulo.mercadolibre.com.co%2FMCO-413133148-ropa-men-hombre-camisa-entallada-talla-m-colores-importada-_JM&layout=button&locale=es_LA&ref=see_listing__LIKE&sdk=joey&send=false&show_faces=true&width=250 HTTP/1.1" 404 1428
186.145.58.53 - - [30/Nov/2014:07:58:18 -0500] "POST /forms/lservlet;jsessionid=ac16012b30d520417a54b3ad46c4b639843bfe7237f7.e3iSbxaKaheRe34Sa3yKbhiTahb0n6jAmljGr5XDqQLvpAe HTTP/1.1" 200 2
66.249.65.119 - - [30/Nov/2014:07:58:20 -0500] "GET /BLA/resoluciones/AUTOS%202009/1870.pdf HTTP/1.1" 304 -
66.249.65.115 - - [30/Nov/2014:07:58:26 -0500] "GET /BLA/resoluciones/RESOLUCIONES%202002/RES%202002%201301-1350/20021334.tif HTTP/1.1" 200 99434
191.110.63.218 - - [30/Nov/2014:07:58:41 -0500] "GET /BLA/boletinlegal/js/jquery.js HTTP/1.1" 200 57254
191.110.63.218 - - [30/Nov/2014:07:58:41 -0500] "GET /BLA/boletinlegal/js/jquery.scrollTo-min.js HTTP/1.1" 200 1150
191.110.63.218 - - [30/Nov/2014:07:58:41 -0500] "GET /BLA/boletinlegal/js/jquery.scrollShow.js HTTP/1.1" 200 4586
66.249.65.123 - - [30/Nov/2014:07:58:42 -0500] "GET /BLA/resoluciones/RESOLUCIONES%202013/1172.pdf HTTP/1.1" 200 320552
66.249.65.119 - - [30/Nov/2014:07:58:48 -0500] "GET /BLA/resoluciones/AUTOS%202011/4811.pdf HTTP/1.1" 304 -
185.10.104.196 - - [30/Nov/2014:07:59:00 -0500] "GET /BLA/resoluciones/RESOLUCIONES%202008/1732.pdf HTTP/1.1" 200 456189
188.165.15.41 - - [30/Nov/2014:07:59:10 -0500] "GET /BLA/resoluciones/RESOLUCIONES%202003/RES%202003%20851-900/886.tif HTTP/1.1" 200 131680
66.249.65.123 - - [30/Nov/2014:07:59:16 -0500] "GET /BLA/resoluciones/RESOLUCIONES%202009/4480.pdf HTTP/1.1" 304 -
66.249.65.123 - - [30/Nov/2014:07:59:44 -0500] "GET /BLA/resoluciones/RESOLUCIONES%202009/2695.pdf HTTP/1.1" 200 378232
180.76.6.43 - - [30/Nov/2014:07:59:47 -0500] "GET /BLA/resoluciones/RESOLUCIONES%202010/2040.pdf HTTP/1.1" 200 191509
188.165.15.78 - - [30/Nov/2014:07:59:54 -0500] "GET /BLA/resoluciones/RESOLUCIONES%202003/RES%202003%201801-1850/20031802.tif HTTP/1.1" 200 45932
66.249.65.119 - - [30/Nov/2014:08:00:12 -0500] "GET /BLA/resoluciones/RESOLUCIONES%202007/RES%202007%203001%20AL%203100/RESOLUCION%203080%20DE%202007.pdf HTTP/1.1" 304 -
66.249.65.115 - - [30/Nov/2014:08:00:13 -0500] "GET /BLA/resoluciones/RESOLUCIONES%202011/5356.pdf HTTP/1.1" 200 468959
186.145.58.53 - - [30/Nov/2014:08:00:18 -0500] "POST /forms/lservlet;jsessionid=ac16012b30d520417a54b3ad46c4b639843bfe7237f7.e3iSbxaKaheRe34Sa3yKbhiTahb0n6jAmljGr5XDqQLvpAe HTTP/1.1" 200 2
190.84.205.26 - - [30/Nov/2014:08:00:34 -0500] "GET /BLA/boletinlegal/js/jquery.scrollTo-min.js HTTP/1.1" 200 1150
190.84.205.26 - - [30/Nov/2014:08:00:34 -0500] "GET /BLA/boletinlegal/js/jquery.js HTTP/1.1" 200 57254
190.84.205.26 - - [30/Nov/2014:08:00:34 -0500] "GET /BLA/boletinlegal/js/jquery.scrollShow.js HTTP/1.1" 200 4586
180.76.6.232 - - [30/Nov/2014:08:00:35 -0500] "GET /BLA/resoluciones/AUTOS%202007/1800.pdf HTTP/1.1" 200 29589
66.249.65.119 - - [30/Nov/2014:08:00:40 -0500] "GET /BLA/resoluciones/RESOLUCIONES%202010/5858.pdf HTTP/1.1" 200 203467
188.165.15.152 - - [30/Nov/2014:08:00:48 -0500] "GET /BLA/resoluciones/index.php?dir=RESOLUCIONES%202006/RES%202006%201851-1900/&sort=date&order=desc HTTP/1.1" 200 12363
66.249.65.123 - - [30/Nov/2014:08:01:08 -0500] "GET /BLA/resoluciones/RESOLUCIONES%202013/2275.pdf HTTP/1.1" 304 -
220.181.108.87 - - [30/Nov/2014:08:01:12 -0500] "GET / HTTP/1.1" 302 -
66.249.65.123 - - [30/Nov/2014:08:01:37 -0500] "GET /BLA/resoluciones/RESOLUCIONES%202008/1847.pdf HTTP/1.1" 200 251912
66.249.65.119 - - [30/Nov/2014:08:01:42 -0500] "GET /BLA/resoluciones/RESOLUCIONES%202007/RES%202007%201001%20AL%201100/RESOLUCION%201093%20DE%202007.pdf HTTP/1.1" 200 216351
74.86.158.107 - - [30/Nov/2014:08:01:51 -0500] "HEAD / HTTP/1.1" 302 -
66.249.65.123 - - [30/Nov/2014:08:02:05 -0500] "GET /BLA/resoluciones/AUTOS%202013/0891.pdf HTTP/1.1" 200 511713
201.245.192.253 - - [30/Nov/2014:08:02:07 -0500] "GET /plugins/like_box.php?app_id=&channel=http%3A%2F%2Fstatic.ak.facebook.com%2Fconnect%2Fxd_arbiter%2F7r8gQb8MIqE.js%3Fversion%3D41%23cb%3Df1d1adfd4%26domain%3Dwww.colombia.com%26origin%3Dhttp%253A%252F%252Fwww.colombia.com%252Ff7fff4e9%26relation%3Dparent.parent&header=false&href=http%3A%2F%2Fwww.facebook.com%2Fpages%2FColombiacom%2F120864984617693&locale=es_LA&sdk=joey&stream=false&width=320 HTTP/1.1" 404 1302
186.145.58.53 - - [30/Nov/2014:08:02:18 -0500] "POST /forms/lservlet;jsessionid=ac16012b30d520417a54b3ad46c4b639843bfe7237f7.e3iSbxaKaheRe34Sa3yKbhiTahb0n6jAmljGr5XDqQLvpAe HTTP/1.1" 200 2
66.249.65.115 - - [30/Nov/2014:08:02:33 -0500] "GET /BLA/resoluciones/RESOLUCIONES%202007/RES%202007%201501%20AL%201600/RESOLUCION%201561%20DE%202007.pdf HTTP/1.1" 304 -
201.245.192.253 - - [30/Nov/2014:08:02:35 -0500] "GET /plugins/like_box.php?app_id=&channel=http%3A%2F%2Fstatic.ak.facebook.com%2Fconnect%2Fxd_arbiter%2F7r8gQb8MIqE.js%3Fversion%3D41%23cb%3Df24572fed8%26domain%3Dwww.colombia.com%26origin%3Dhttp%253A%252F%252Fwww.colombia.com%252Ff243249164%26relation%3Dparent.parent&header=false&href=http%3A%2F%2Fwww.facebook.com%2Fpages%2FColombiacom%2F120864984617693&locale=es_LA&sdk=joey&stream=false&width=320 HTTP/1.1" 404 1306
201.245.192.253 - - [30/Nov/2014:08:02:42 -0500] "GET /plugins/like_box.php?app_id=&channel=http%3A%2F%2Fstatic.ak.facebook.com%2Fconnect%2Fxd_arbiter%2F7r8gQb8MIqE.js%3Fversion%3D41%23cb%3Df12c31236%26domain%3Dwww.colombia.com%26origin%3Dhttp%253A%252F%252Fwww.colombia.com%252Ff86abcdf%26relation%3Dparent.parent&header=false&href=http%3A%2F%2Fwww.facebook.com%2Fpages%2FColombiacom%2F120864984617693&locale=es_LA&sdk=joey&stream=false&width=320 HTTP/1.1" 404 1336
201.245.192.253 - - [30/Nov/2014:08:02:50 -0500] "GET /plugins/like_box.php?app_id=&channel=http%3A%2F%2Fstatic.ak.facebook.com%2Fconnect%2Fxd_arbiter%2F7r8gQb8MIqE.js%3Fversion%3D41%23cb%3Df371fcc14%26domain%3Dwww.colombia.com%26origin%3Dhttp%253A%252F%252Fwww.colombia.com%252Ff2f0585dbc%26relation%3Dparent.parent&header=false&href=http%3A%2F%2Fwww.facebook.com%2Fpages%2FColombiacom%2F120864984617693&locale=es_LA&sdk=joey&stream=false&width=320 HTTP/1.1" 404 1306
66.249.65.123 - - [30/Nov/2014:08:03:01 -0500] "GET /BLA/resoluciones/RESOLUCIONES%202008/1860.pdf HTTP/1.1" 304 -
186.28.51.75 - - [30/Nov/2014:08:03:04 -0500] "GET /BLA/boletinlegal/js/jquery.scrollShow.js HTTP/1.1" 200 4586
186.28.51.75 - - [30/Nov/2014:08:03:04 -0500] "GET /BLA/boletinlegal/js/jquery.scrollTo-min.js HTTP/1.1" 200 1150
186.28.51.75 - - [30/Nov/2014:08:03:04 -0500] "GET /BLA/boletinlegal/js/jquery.js HTTP/1.1" 200 57254
201.245.192.253 - - [30/Nov/2014:08:03:10 -0500] "GET /plugins/like_box.php?app_id=&channel=http%3A%2F%2Fstatic.ak.facebook.com%2Fconnect%2Fxd_arbiter%2F7r8gQb8MIqE.js%3Fversion%3D41%23cb%3Df13cf5746c%26domain%3Dwww.colombia.com%26origin%3Dhttp%253A%252F%252Fwww.colombia.com%252Ff22f09edbc%26relation%3Dparent.parent&header=false&href=http%3A%2F%2Fwww.facebook.com%2Fpages%2FColombiacom%2F120864984617693&locale=es_LA&sdk=joey&stream=false&width=320 HTTP/1.1" 404 1346
66.249.65.59 - - [30/Nov/2014:08:03:13 -0500] "GET /BLA/boletinlegal/jurisprudencia.php HTTP/1.1" 200 10741
66.249.65.119 - - [30/Nov/2014:08:03:29 -0500] "GET /BLA/resoluciones/RESOLUCIONES%202008/4194.pdf HTTP/1.1" 200 472642
66.249.65.115 - - [30/Nov/2014:08:03:57 -0500] "GET /BLA/resoluciones/AUTOS%202008/1564.pdf HTTP/1.1" 200 88308
186.145.58.53 - - [30/Nov/2014:08:04:19 -0500] "POST /forms/lservlet;jsessionid=ac16012b30d520417a54b3ad46c4b639843bfe7237f7.e3iSbxaKaheRe34Sa3yKbhiTahb0n6jAmljGr5XDqQLvpAe HTTP/1.1" 200 2
186.87.165.84 - - [30/Nov/2014:08:04:22 -0500] "GET /BLA/boletinlegal/js/jquery.js HTTP/1.1" 200 57254
186.87.165.84 - - [30/Nov/2014:08:04:22 -0500] "GET /BLA/boletinlegal/js/jquery.scrollTo-min.js HTTP/1.1" 200 1150
186.87.165.84 - - [30/Nov/2014:08:04:22 -0500] "GET /BLA/boletinlegal/js/jquery.scrollShow.js HTTP/1.1" 200 4586
66.249.65.119 - - [30/Nov/2014:08:04:25 -0500] "GET /BLA/resoluciones/RESOLUCIONES%202010/7820.pdf HTTP/1.1" 200 162761
186.87.165.84 - - [30/Nov/2014:08:04:37 -0500] "GET /BLA/boletinlegal/js/jquery.js HTTP/1.1" 304 -
186.87.165.84 - - [30/Nov/2014:08:04:38 -0500] "GET /BLA/boletinlegal/js/jquery.scrollShow.js HTTP/1.1" 304 -
186.87.165.84 - - [30/Nov/2014:08:04:39 -0500] "GET /BLA/boletinlegal/js/jquery.scrollTo-min.js HTTP/1.1" 304 -
66.249.65.123 - - [30/Nov/2014:08:04:43 -0500] "GET /BLA/resoluciones/RESOLUCIONES%202008/1548.pdf HTTP/1.1" 304 -
66.249.65.119 - - [30/Nov/2014:08:04:53 -0500] "GET /BLA/resoluciones/AUTOS%202009/1255.pdf HTTP/1.1" 304 -
66.249.65.123 - - [30/Nov/2014:08:05:22 -0500] "GET /BLA/resoluciones/AUTOS%202014/1927.pdf HTTP/1.1" 200 286010
66.249.65.123 - - [30/Nov/2014:08:05:50 -0500] "GET /BLA/resoluciones/RESOLUCIONES%202009/3892.pdf HTTP/1.1" 304 -
188.165.15.87 - - [30/Nov/2014:08:05:57 -0500] "GET /BLA/resoluciones/RESOLUCIONES%202005/RES%202005%20%201651-1700/00001683.tif HTTP/1.1" 200 192646
201.245.249.145 - - [30/Nov/2014:08:06:05 -0500] "GET /videos/ArchivoSDA.flv HTTP/1.1" 200 31205279
188.165.15.110 - - [30/Nov/2014:08:06:06 -0500] "GET /BLA/resoluciones/RESOLUCIONES%202004/RES%202004%201901-1950/00001937.tif HTTP/1.1" 200 162902
66.249.65.123 - - [30/Nov/2014:08:06:14 -0500] "GET /BLA/resoluciones/RESOLUCIONES%202007/RES%202007%202801%20AL%202900/RESOLUCION%202823%20DE%202007.pdf HTTP/1.1" 200 1083474
66.249.65.119 - - [30/Nov/2014:08:06:18 -0500] "GET /BLA/resoluciones/AUTOS%202011/2078.pdf HTTP/1.1" 200 164280
186.145.58.53 - - [30/Nov/2014:08:06:19 -0500] "POST /forms/lservlet;jsessionid=ac16012b30d520417a54b3ad46c4b639843bfe7237f7.e3iSbxaKaheRe34Sa3yKbhiTahb0n6jAmljGr5XDqQLvpAe HTTP/1.1" 200 2
180.76.6.64 - - [30/Nov/2014:08:06:28 -0500] "GET /BLA/resoluciones/AUTOS%202007/0355.pdf HTTP/1.1" 200 121822
186.168.250.146 - - [30/Nov/2014:08:06:44 -0500] "GET /BLA/boletinlegal/js/jquery.js HTTP/1.1" 200 57254
186.168.250.146 - - [30/Nov/2014:08:06:44 -0500] "GET /BLA/boletinlegal/js/jquery.scrollTo-min.js HTTP/1.1" 200 1150
186.168.250.146 - - [30/Nov/2014:08:06:44 -0500] "GET /BLA/boletinlegal/js/jquery.scrollShow.js HTTP/1.1" 200 4586
66.249.65.123 - - [30/Nov/2014:08:06:46 -0500] "GET /BLA/resoluciones/RESOLUCIONES%202011/5656.pdf HTTP/1.1" 304 -
74.86.158.107 - - [30/Nov/2014:08:06:51 -0500] "HEAD / HTTP/1.1" 302 -
191.111.125.254 - - [30/Nov/2014:08:07:06 -0500] "GET /BLA/boletinlegal/js/jquery.js HTTP/1.1" 200 57254
191.111.125.254 - - [30/Nov/2014:08:07:06 -0500] "GET /BLA/boletinlegal/js/jquery.scrollTo-min.js HTTP/1.1" 200 1150
191.111.125.254 - - [30/Nov/2014:08:07:06 -0500] "GET /BLA/boletinlegal/js/jquery.scrollShow.js HTTP/1.1" 200 4586
66.249.65.123 - - [30/Nov/2014:08:07:14 -0500] "GET /BLA/resoluciones/RESOLUCIONES%202009/2305.pdf HTTP/1.1" 304 -
66.249.65.119 - - [30/Nov/2014:08:07:42 -0500] "GET /BLA/resoluciones/RESOLUCIONES%202009/7639.pdf HTTP/1.1" 304 -
66.249.65.119 - - [30/Nov/2014:08:07:44 -0500] "GET /BLA/resoluciones/RESOLUCIONES%202009/5257.pdf HTTP/1.1" 200 327204
188.165.15.41 - - [30/Nov/2014:08:08:02 -0500] "GET /BLA/resoluciones/RESOLUCIONES%202006/RES%202006%201451-1500/00001478.tif HTTP/1.1" 200 191672
66.249.65.115 - - [30/Nov/2014:08:08:10 -0500] "GET /BLA/resoluciones/RESOLUCIONES%202009/8861.pdf HTTP/1.1" 200 281919
186.145.58.53 - - [30/Nov/2014:08:08:19 -0500] "POST /forms/lservlet;jsessionid=ac16012b30d520417a54b3ad46c4b639843bfe7237f7.e3iSbxaKaheRe34Sa3yKbhiTahb0n6jAmljGr5XDqQLvpAe HTTP/1.1" 200 2
201.245.192.253 - - [30/Nov/2014:08:08:29 -0500] "GET /plugins/like_box.php?app_id=&channel=http%3A%2F%2Fstatic.ak.facebook.com%2Fconnect%2Fxd_arbiter%2F7r8gQb8MIqE.js%3Fversion%3D41%23cb%3Df3ef2aa84c%26domain%3Dwww.colombia.com%26origin%3Dhttp%253A%252F%252Fwww.colombia.com%252Ff2e399f52c%26relation%3Dparent.parent&header=false&href=http%3A%2F%2Fwww.facebook.com%2Fpages%2FColombiacom%2F120864984617693&locale=es_LA&sdk=joey&stream=false&width=320 HTTP/1.1" 404 1306
201.245.192.253 - - [30/Nov/2014:08:08:34 -0500] "GET /plugins/like_box.php?app_id=&channel=http%3A%2F%2Fstatic.ak.facebook.com%2Fconnect%2Fxd_arbiter%2F7r8gQb8MIqE.js%3Fversion%3D41%23cb%3Df2496882b%26domain%3Dwww.colombia.com%26origin%3Dhttp%253A%252F%252Fwww.colombia.com%252Ff2ca92b338%26relation%3Dparent.parent&header=false&href=http%3A%2F%2Fwww.facebook.com%2Fpages%2FColombiacom%2F120864984617693&locale=es_LA&sdk=joey&stream=false&width=320 HTTP/1.1" 404 1340
190.9.192.52 - - [30/Nov/2014:08:08:35 -0500] "GET /BLA/boletinlegal/js/jquery.js HTTP/1.1" 200 57254
190.9.192.52 - - [30/Nov/2014:08:08:35 -0500] "GET /BLA/boletinlegal/js/jquery.scrollShow.js HTTP/1.1" 200 4586
190.9.192.52 - - [30/Nov/2014:08:08:35 -0500] "GET /BLA/boletinlegal/js/jquery.scrollTo-min.js HTTP/1.1" 200 1150
66.249.65.123 - - [30/Nov/2014:08:08:38 -0500] "GET /BLA/resoluciones/RESOLUCIONES%202009/5754.pdf HTTP/1.1" 304 -
186.116.103.41 - - [30/Nov/2014:08:08:40 -0500] "GET /BLA/boletinlegal/js/jquery.scrollShow.js HTTP/1.1" 200 4586
186.116.103.41 - - [30/Nov/2014:08:08:40 -0500] "GET /BLA/boletinlegal/js/jquery.js HTTP/1.1" 200 57254
186.116.103.41 - - [30/Nov/2014:08:08:43 -0500] "GET /BLA/boletinlegal/js/jquery.scrollTo-min.js HTTP/1.1" 200 1150
66.249.65.119 - - [30/Nov/2014:08:09:07 -0500] "GET /BLA/resoluciones/AUTOS%202009/0980.pdf HTTP/1.1" 200 194866
66.249.65.115 - - [30/Nov/2014:08:09:14 -0500] "GET /POT-2013/Cartografia/08_Respuesta_Sismica_V1_2013.pdf HTTP/1.1" 304 -
66.249.65.119 - - [30/Nov/2014:08:09:35 -0500] "GET /BLA/resoluciones/AUTOS%202007/1636.pdf HTTP/1.1" 200 216889
200.118.26.40 - - [30/Nov/2014:08:09:41 -0500] "GET /BLA/boletinlegal/js/jquery.js HTTP/1.1" 200 57254
200.118.26.40 - - [30/Nov/2014:08:09:41 -0500] "GET /BLA/boletinlegal/js/jquery.scrollTo-min.js HTTP/1.1" 200 1150
200.118.26.40 - - [30/Nov/2014:08:09:41 -0500] "GET /BLA/boletinlegal/js/jquery.scrollShow.js HTTP/1.1" 200 4586
66.249.65.119 - - [30/Nov/2014:08:10:03 -0500] "GET /BLA/resoluciones/RESOLUCIONES%202010/7352.pdf HTTP/1.1" 200 61867
190.184.143.174 - - [30/Nov/2014:08:10:04 -0500] "GET /BLA/boletinlegal/js/jquery.js HTTP/1.1" 200 57254
190.184.143.174 - - [30/Nov/2014:08:10:04 -0500] "GET /BLA/boletinlegal/js/jquery.scrollTo-min.js HTTP/1.1" 200 1150
190.184.143.174 - - [30/Nov/2014:08:10:04 -0500] "GET /BLA/boletinlegal/js/jquery.scrollShow.js HTTP/1.1" 200 4586
186.145.58.53 - - [30/Nov/2014:08:10:19 -0500] "POST /forms/lservlet;jsessionid=ac16012b30d520417a54b3ad46c4b639843bfe7237f7.e3iSbxaKaheRe34Sa3yKbhiTahb0n6jAmljGr5XDqQLvpAe HTTP/1.1" 200 2
190.159.61.59 - - [30/Nov/2014:08:10:28 -0500] "GET /BLA/boletinlegal/js/jquery.scrollTo-min.js HTTP/1.1" 200 1150
190.159.61.59 - - [30/Nov/2014:08:10:28 -0500] "GET /BLA/boletinlegal/js/jquery.js HTTP/1.1" 200 57254
190.159.61.59 - - [30/Nov/2014:08:10:28 -0500] "GET /BLA/boletinlegal/js/jquery.scrollShow.js HTTP/1.1" 200 4586
66.249.65.123 - - [30/Nov/2014:08:10:31 -0500] "GET /BLA/resoluciones/AUTOS%202011/3704.pdf HTTP/1.1" 304 -
66.249.65.119 - - [30/Nov/2014:08:10:45 -0500] "GET /BLA/resoluciones/RESOLUCIONES%202010/6705.pdf HTTP/1.1" 304 -
66.249.65.115 - - [30/Nov/2014:08:10:59 -0500] "GET /BLA/resoluciones/RESOLUCIONES%202007/RES%202007%203001%20AL%203100/RESOLUCION%203074%20DE%202007.pdf HTTP/1.1" 304 -
66.249.65.115 - - [30/Nov/2014:08:11:27 -0500] "GET /BLA/resoluciones/RESOLUCIONES%202009/2654.pdf HTTP/1.1" 304 -
74.86.158.107 - - [30/Nov/2014:08:11:50 -0500] "HEAD / HTTP/1.1" 302 -
186.85.20.37 - - [30/Nov/2014:08:11:51 -0500] "GET /BLA/boletinlegal/js/jquery.js HTTP/1.1" 200 57254
186.85.20.37 - - [30/Nov/2014:08:11:51 -0500] "GET /BLA/boletinlegal/js/jquery.scrollTo-min.js HTTP/1.1" 200 1150
186.85.20.37 - - [30/Nov/2014:08:11:51 -0500] "GET /BLA/boletinlegal/js/jquery.scrollShow.js HTTP/1.1" 200 4586
66.249.65.123 - - [30/Nov/2014:08:11:55 -0500] "GET /BLA/resoluciones/RESOLUCIONES%202008/5469.pdf HTTP/1.1" 200 254969
190.156.106.1 - - [30/Nov/2014:08:12:01 -0500] "GET /BLA/boletinlegal/js/jquery.js HTTP/1.1" 200 57254
190.156.106.1 - - [30/Nov/2014:08:12:01 -0500] "GET /BLA/boletinlegal/js/jquery.scrollShow.js HTTP/1.1" 200 4586
190.156.106.1 - - [30/Nov/2014:08:12:01 -0500] "GET /BLA/boletinlegal/js/jquery.scrollTo-min.js HTTP/1.1" 200 1150
66.249.65.123 - - [30/Nov/2014:08:12:15 -0500] "GET /BLA/resoluciones/AUTOS%202008/0994.pdf HTTP/1.1" 200 107919
161.18.44.242 - - [30/Nov/2014:08:12:19 -0500] "GET /BLA/boletinlegal/js/jquery.js HTTP/1.1" 200 57254
161.18.44.242 - - [30/Nov/2014:08:12:19 -0500] "GET /BLA/boletinlegal/js/jquery.scrollTo-min.js HTTP/1.1" 200 1150
161.18.44.242 - - [30/Nov/2014:08:12:19 -0500] "GET /BLA/boletinlegal/js/jquery.scrollShow.js HTTP/1.1" 200 4586
186.145.58.53 - - [30/Nov/2014:08:12:19 -0500] "POST /forms/lservlet;jsessionid=ac16012b30d520417a54b3ad46c4b639843bfe7237f7.e3iSbxaKaheRe34Sa3yKbhiTahb0n6jAmljGr5XDqQLvpAe HTTP/1.1" 200 2
66.249.65.119 - - [30/Nov/2014:08:12:23 -0500] "GET /BLA/resoluciones/RESOLUCIONES%202008/1488.pdf HTTP/1.1" 304 -
66.249.65.119 - - [30/Nov/2014:08:12:52 -0500] "GET /BLA/resoluciones/RESOLUCIONES%202010/5826.pdf HTTP/1.1" 200 629618
66.249.65.115 - - [30/Nov/2014:08:13:20 -0500] "GET /BLA/resoluciones/AUTOS%202008/0363.pdf HTTP/1.1" 200 338709
66.249.65.119 - - [30/Nov/2014:08:13:46 -0500] "GET /BLA/resoluciones/AUTOS%202010/1307.pdf HTTP/1.1" 304 -
66.249.65.119 - - [30/Nov/2014:08:13:48 -0500] "GET /BLA/resoluciones/AUTOS%202007/3650.pdf HTTP/1.1" 304 -
66.249.65.115 - - [30/Nov/2014:08:14:16 -0500] "GET /BLA/resoluciones/RESOLUCIONES%202008/4478.pdf HTTP/1.1" 304 -
186.145.58.53 - - [30/Nov/2014:08:14:19 -0500] "POST /forms/lservlet;jsessionid=ac16012b30d520417a54b3ad46c4b639843bfe7237f7.e3iSbxaKaheRe34Sa3yKbhiTahb0n6jAmljGr5XDqQLvpAe HTTP/1.1" 200 2
186.116.103.41 - - [30/Nov/2014:08:09:28 -0500] "GET /videos/CRRFFS.mp4 HTTP/1.1" 200 286784363
181.61.10.229 - - [30/Nov/2014:08:14:34 -0500] "GET /BLA/boletinlegal/js/jquery.scrollTo-min.js HTTP/1.1" 200 1150
181.61.10.229 - - [30/Nov/2014:08:14:34 -0500] "GET /BLA/boletinlegal/js/jquery.scrollShow.js HTTP/1.1" 200 4586
181.61.10.229 - - [30/Nov/2014:08:14:34 -0500] "GET /BLA/boletinlegal/js/jquery.js HTTP/1.1" 200 57254
66.249.65.123 - - [30/Nov/2014:08:14:44 -0500] "GET /BLA/resoluciones/RESOLUCIONES%202007/RES%202007%203101%20AL%203200/RESOLUCION%203167%20DE%202007.pdf HTTP/1.1" 200 60023
181.50.12.73 - - [30/Nov/2014:08:15:00 -0500] "GET /BLA/boletinlegal/js/jquery.scrollTo-min.js HTTP/1.1" 200 1150
181.50.12.73 - - [30/Nov/2014:08:15:00 -0500] "GET /galeria/carrusel/Carrusel/jquery.thumbnailScroller.css HTTP/1.1" 200 2066
181.50.12.73 - - [30/Nov/2014:08:15:00 -0500] "GET /BLA/boletinlegal/js/jquery.js HTTP/1.1" 200 57254
181.50.12.73 - - [30/Nov/2014:08:15:00 -0500] "GET /BLA/boletinlegal/js/jquery.scrollShow.js HTTP/1.1" 200 4586
181.50.12.73 - - [30/Nov/2014:08:15:01 -0500] "GET /galeria/carrusel/Carrusel/jquery.thumbnailScroller.js HTTP/1.1" 200 8157
181.50.12.73 - - [30/Nov/2014:08:15:01 -0500] "GET /galeria/carrusel/Carrusel/jquery-ui-1.8.13.custom.min.js HTTP/1.1" 200 10800
181.50.12.73 - - [30/Nov/2014:08:15:04 -0500] "GET /galeria/nivo-slider/demo/demo.html HTTP/1.1" 200 3458
181.50.12.73 - - [30/Nov/2014:08:15:05 -0500] "GET /galeria/nivo-slider/themes/default/default.css HTTP/1.1" 200 1569
181.50.12.73 - - [30/Nov/2014:08:15:05 -0500] "GET /galeria/nivo-slider/themes/pascal/pascal.css HTTP/1.1" 200 2258
181.50.12.73 - - [30/Nov/2014:08:15:06 -0500] "GET /galeria/nivo-slider/themes/orman/orman.css HTTP/1.1" 200 2152
181.50.12.73 - - [30/Nov/2014:08:15:06 -0500] "GET /galeria/nivo-slider/nivo-slider.css HTTP/1.1" 200 1507
181.50.12.73 - - [30/Nov/2014:08:15:06 -0500] "GET /galeria/nivo-slider/demo/style.css HTTP/1.1" 200 2222
181.50.12.73 - - [30/Nov/2014:08:15:07 -0500] "GET /galeria/nivo-slider/demo/images/Banner-Caracol-Africano.jpg HTTP/1.1" 200 331986
181.50.12.73 - - [30/Nov/2014:08:15:07 -0500] "GET /galeria/nivo-slider/demo/images/festivalBasura0.jpg HTTP/1.1" 200 96780
181.50.12.73 - - [30/Nov/2014:08:15:07 -0500] "GET /galeria/nivo-slider/demo/images/porloshumedales.jpg HTTP/1.1" 200 351238
181.50.12.73 - - [30/Nov/2014:08:15:07 -0500] "GET /galeria/nivo-slider/demo/images/Banner-comparendo.jpg HTTP/1.1" 200 388762
181.50.12.73 - - [30/Nov/2014:08:15:07 -0500] "GET /galeria/nivo-slider/demo/images/Tingua-azul.jpg HTTP/1.1" 200 307638
181.50.12.73 - - [30/Nov/2014:08:15:07 -0500] "GET /galeria/nivo-slider/demo/images/banner-pygaai.jpg HTTP/1.1" 200 82693
181.50.12.73 - - [30/Nov/2014:08:15:07 -0500] "GET /galeria/nivo-slider/demo/scripts/jquery-1.7.1.min.js HTTP/1.1" 200 93868
181.50.12.73 - - [30/Nov/2014:08:15:07 -0500] "GET /galeria/nivo-slider/demo/images/Banner-GAE3.jpg HTTP/1.1" 200 146354
181.50.12.73 - - [30/Nov/2014:08:15:07 -0500] "GET /galeria/nivo-slider/jquery.nivo.slider.pack.js HTTP/1.1" 200 11561
181.50.12.73 - - [30/Nov/2014:08:15:07 -0500] "GET /galeria/nivo-slider/demo/images/Biotaxis-Man.jpg HTTP/1.1" 200 99362
181.50.12.73 - - [30/Nov/2014:08:15:10 -0500] "GET /galeria/nivo-slider/demo/images/banner-redes.jpg HTTP/1.1" 200 62209
66.249.65.119 - - [30/Nov/2014:08:15:12 -0500] "GET /BLA/resoluciones/RESOLUCIONES%202008/5546.pdf HTTP/1.1" 200 183012
181.50.12.73 - - [30/Nov/2014:08:15:12 -0500] "GET /galeria/nivo-slider/demo/images/9Signos.jpg HTTP/1.1" 200 93040
66.249.65.123 - - [30/Nov/2014:08:15:17 -0500] "GET /BLA/resoluciones/RESOLUCIONES%202007/RES%202007%201001%20AL%201100/RESOLUCION%201030%20DE%202007.pdf HTTP/1.1" 304 -
181.50.12.73 - - [30/Nov/2014:08:15:19 -0500] "GET /galeria/nivo-slider/themes/default/loading.gif HTTP/1.1" 200 1737
181.50.12.73 - - [30/Nov/2014:08:15:19 -0500] "GET /galeria/nivo-slider/demo/images/4Simple_Slider.png HTTP/1.1" 200 11722
190.184.143.174 - - [30/Nov/2014:08:15:30 -0500] "GET /BLA/boletinlegal/js/jquery.js HTTP/1.1" 200 57254
180.76.5.58 - - [30/Nov/2014:08:15:34 -0500] "GET /videos/NuestraGente_RecuperaTunjuelo.flv HTTP/1.1" 200 48455786
66.249.65.115 - - [30/Nov/2014:08:15:40 -0500] "GET /robots.txt HTTP/1.1" 404 1018
66.249.65.119 - - [30/Nov/2014:08:15:40 -0500] "GET /BLA/resoluciones/RESOLUCIONES%202008/4248.pdf HTTP/1.1" 200 436093
200.1.7.250 - - [30/Nov/2014:08:15:53 -0500] "GET /BLA/boletinlegal/js/jquery.js HTTP/1.1" 200 57254
200.1.7.250 - - [30/Nov/2014:08:15:53 -0500] "GET /BLA/boletinlegal/js/jquery.scrollShow.js HTTP/1.1" 200 4586
200.1.7.250 - - [30/Nov/2014:08:15:53 -0500] "GET /BLA/boletinlegal/js/jquery.scrollTo-min.js HTTP/1.1" 200 1150
190.127.233.22 - - [30/Nov/2014:08:16:04 -0500] "GET /BLA/boletinlegal/js/jquery.scrollTo-min.js HTTP/1.1" 200 1150
190.127.233.22 - - [30/Nov/2014:08:16:04 -0500] "GET /BLA/boletinlegal/js/jquery.js HTTP/1.1" 200 57254
190.127.233.22 - - [30/Nov/2014:08:16:04 -0500] "GET /BLA/boletinlegal/js/jquery.scrollShow.js HTTP/1.1" 200 4586
66.249.65.119 - - [30/Nov/2014:08:16:08 -0500] "GET /BLA/resoluciones/AUTOS%202012/0098.pdf HTTP/1.1" 304 -
190.131.196.77 - - [30/Nov/2014:08:16:09 -0500] "GET /BLA/boletinlegal/js/jquery.js HTTP/1.1" 200 57254
190.131.196.77 - - [30/Nov/2014:08:16:09 -0500] "GET /BLA/boletinlegal/js/jquery.scrollTo-min.js HTTP/1.1" 200 1150
190.131.196.77 - - [30/Nov/2014:08:16:09 -0500] "GET /BLA/boletinlegal/js/jquery.scrollShow.js HTTP/1.1" 200 4586
66.249.65.123 - - [30/Nov/2014:08:16:36 -0500] "GET /BLA/resoluciones/RESOLUCIONES%202008/4595.pdf HTTP/1.1" 200 465959
66.249.65.119 - - [30/Nov/2014:08:16:48 -0500] "GET /BLA/resoluciones/RESOLUCIONES%202007/RES%202007%20101%20AL%20200/RESOLUCION%200148%20DE%202007.pdf HTTP/1.1" 304 -
190.131.196.77 - - [30/Nov/2014:08:16:48 -0500] "GET /huelladecarbono/index.html HTTP/1.1" 404 1316
74.86.158.107 - - [30/Nov/2014:08:16:50 -0500] "HEAD / HTTP/1.1" 302 -
66.249.65.115 - - [30/Nov/2014:08:17:05 -0500] "GET /BLA/resoluciones/RESOLUCIONES%202010/0996.pdf HTTP/1.1" 304 -
188.165.15.110 - - [30/Nov/2014:08:17:05 -0500] "GET /BLA/resoluciones/RESOLUCIONES%202006/RES%202006%201551-1600/00001580.tif HTTP/1.1" 200 137184
66.249.65.115 - - [30/Nov/2014:08:17:19 -0500] "GET /galeria/nivo-slider/demo/images/banner-aceite3.jpg HTTP/1.1" 304 -
66.249.65.123 - - [30/Nov/2014:08:17:33 -0500] "GET /BLA/resoluciones/AUTOS%202007/1847.pdf HTTP/1.1" 200 315326
66.249.65.123 - - [30/Nov/2014:08:18:01 -0500] "GET /BLA/resoluciones/AUTOS%202012/0096.pdf HTTP/1.1" 304 -
188.165.15.235 - - [30/Nov/2014:08:18:14 -0500] "GET /manual_funciones_Listado/index.php?dir=2.2.2.%20Subdirecci%C3%83%C2%83%C3%82%C2%83%C3%83%C2%82%C3%82%C2%83%C3%83%C2%83%C3%82%C2%82%C3%83%C2%82%C3%82%C2%83%C3%83%C2%83%C3%82%C2%83%C3%83%C2%82%C3%82%C2%82%C3%83%C2%83%C3%82%C2%82%C3%83%C2%82%C3%82%C2%83%C3%83%C2%83%C3%82%C2%83%C3%83%C2%82%C3%82%C2%83%C3%83%C2%83%C3%82%C2%82%C3%83%C2%82%C3%82%C2%82%C3%83%C2%83%C3%82%C2%83%C3%83%C2%82%C3%82%C2%82%C3%83%C2%83%C3%82%C2%82%C3%83%C2%82%C3%82%C2%83%C3%83%C2%83%C3%82%C2%83%C3%83%C2%82%C3%82%C2%83%C3%83%C2%83%C3%82%C2%82%C3%83%C2%82%C3%82%C2%83%C3%83%C2%83%C3%82%C2%83%C3%83%C2%82%C3%82%C2%82%C3%83%C2%83%C3%82%C2%82%C3%83%C2%82%C3%82%C2%82%C3%83%C2%83%C3%82%C2%83%C3%83%C2%82%C3%82%C2%83%C3%83%C2%83%C3%82%C2%82%C3%83%C2%82%C3%82%C2%82%C3%83%C2%83%C3%82%C2%83%C3%83%C2%82%C3%82%C2%82%C3%83%C2%83%C3%82%C2%82%C3%83%C2%82%C3%82%C2%B3n%20de%20Silvicultura,%20Flora%20y%20Fauna%20Silvestre/&sort=size&order=asc HTTP/1.1" 404 1018
66.249.65.119 - - [30/Nov/2014:08:18:18 -0500] "GET /BLA/resoluciones/AUTOS%202013/0273.pdf HTTP/1.1" 304 -
188.165.15.110 - - [30/Nov/2014:08:18:25 -0500] "GET /BLA/resoluciones/RESOLUCIONES%202005/RES%202005%202801-2850/00002805.tif HTTP/1.1" 200 318020
66.249.65.115 - - [30/Nov/2014:08:18:29 -0500] "GET /BLA/resoluciones/RESOLUCIONES%202008/2460.pdf HTTP/1.1" 200 256810
66.249.65.115 - - [30/Nov/2014:08:18:57 -0500] "GET /BLA/resoluciones/RESOLUCIONES%202011/6125.pdf HTTP/1.1" 304 -
66.249.65.115 - - [30/Nov/2014:08:19:25 -0500] "GET /BLA/resoluciones/RESOLUCIONES%202007/RES%202007%203801%20AL%203900/RESOLUCION%203840%20DE%202007.pdf HTTP/1.1" 200 1307783
66.249.65.119 - - [30/Nov/2014:08:19:50 -0500] "GET /BLA/resoluciones/RESOLUCIONES%202009/5107.pdf HTTP/1.1" 200 899487
181.141.95.3 - - [30/Nov/2014:08:19:52 -0500] "GET /BLA/boletinlegal/js/jquery.js HTTP/1.1" 200 57254
181.141.95.3 - - [30/Nov/2014:08:19:52 -0500] "GET /BLA/boletinlegal/js/jquery.scrollTo-min.js HTTP/1.1" 200 1150
181.141.95.3 - - [30/Nov/2014:08:19:52 -0500] "GET /BLA/boletinlegal/js/jquery.scrollShow.js HTTP/1.1" 200 4586
66.249.65.123 - - [30/Nov/2014:08:19:53 -0500] "GET /BLA/resoluciones/RESOLUCIONES%202009/8509.pdf HTTP/1.1" 200 366620
66.249.65.115 - - [30/Nov/2014:08:20:21 -0500] "GET /BLA/resoluciones/RESOLUCIONES%202007/RES%202007%202901%20AL%203000/RESOLUCION%202938%20DE%202007.pdf HTTP/1.1" 200 898229
188.165.15.87 - - [30/Nov/2014:08:20:25 -0500] "GET /BLA/resoluciones/RESOLUCIONES%202006/RES%202006%20651-700/00000671.tif HTTP/1.1" 200 410932
188.165.15.23 - - [30/Nov/2014:08:20:29 -0500] "GET /BLA/resoluciones/RESOLUCIONES%202005/RES%202005%20%201701-1750/00001715.tif HTTP/1.1" 200 36198
188.165.15.152 - - [30/Nov/2014:08:20:34 -0500] "GET /BLA/resoluciones/RESOLUCIONES%202002/RES%202002%20801-850/00000810.tif HTTP/1.1" 200 88530
66.249.65.115 - - [30/Nov/2014:08:20:50 -0500] "GET /BLA/resoluciones/RESOLUCIONES%202008/0362.pdf HTTP/1.1" 200 356727
188.165.15.50 - - [30/Nov/2014:08:20:51 -0500] "GET /BLA/resoluciones/RESOLUCIONES%202006/RES%202006%201651-1700/00001699.tif HTTP/1.1" 200 148424
66.249.65.119 - - [30/Nov/2014:08:21:18 -0500] "GET /BLA/resoluciones/RESOLUCIONES%202008/1370.pdf HTTP/1.1" 200 1159652
186.28.70.219 - - [30/Nov/2014:08:21:20 -0500] "GET /BLA/boletinlegal/js/jquery.js HTTP/1.1" 200 57254
186.28.70.219 - - [30/Nov/2014:08:21:20 -0500] "GET /BLA/boletinlegal/js/jquery.scrollTo-min.js HTTP/1.1" 200 1150
186.28.70.219 - - [30/Nov/2014:08:21:20 -0500] "GET /BLA/boletinlegal/js/jquery.scrollShow.js HTTP/1.1" 200 4586
66.249.65.51 - - [30/Nov/2014:08:21:21 -0500] "GET /BLA/boletinlegal/Circulares/2014/Circular%2008%20de%20Mayo%20de%202014.pdf HTTP/1.1" 304 -
190.156.8.123 - - [30/Nov/2014:08:21:33 -0500] "GET /BLA/boletinlegal/js/jquery.js HTTP/1.1" 200 57254
190.156.8.123 - - [30/Nov/2014:08:21:33 -0500] "GET /BLA/boletinlegal/js/jquery.scrollTo-min.js HTTP/1.1" 200 1150
190.156.8.123 - - [30/Nov/2014:08:21:33 -0500] "GET /BLA/boletinlegal/js/jquery.scrollShow.js HTTP/1.1" 200 4586
66.249.65.119 - - [30/Nov/2014:08:21:46 -0500] "GET /BLA/resoluciones/RESOLUCIONES%202009/6599.pdf HTTP/1.1" 304 -
74.86.158.107 - - [30/Nov/2014:08:21:50 -0500] "HEAD / HTTP/1.1" 302 -
181.114.162.93 - - [30/Nov/2014:08:21:55 -0500] "GET /BLA/boletinlegal/js/jquery.js HTTP/1.1" 200 57254
192.109.145.42 - - [30/Nov/2014:08:21:56 -0500] "GET /galeria/nivo-slider/demo/demo.html HTTP/1.1" 304 -
181.114.162.93 - - [30/Nov/2014:08:21:57 -0500] "GET /BLA/boletinlegal/js/jquery.scrollTo-min.js HTTP/1.1" 200 1150
181.114.162.93 - - [30/Nov/2014:08:21:57 -0500] "GET /BLA/boletinlegal/js/jquery.scrollShow.js HTTP/1.1" 200 4586
66.249.65.123 - - [30/Nov/2014:08:22:14 -0500] "GET /BLA/resoluciones/RESOLUCIONES%202008/1535.pdf HTTP/1.1" 200 239660
201.245.249.145 - - [30/Nov/2014:08:22:17 -0500] "GET /videos/Disciplinarios.flv HTTP/1.1" 200 3644983
181.50.124.35 - - [30/Nov/2014:08:22:19 -0500] "GET /galeria/nivo-slider/demo/demo.html HTTP/1.1" 304 -
181.50.124.35 - - [30/Nov/2014:08:22:19 -0500] "GET /galeria/nivo-slider/demo/images/Banner-GAE3.jpg HTTP/1.1" 200 146354
181.50.124.35 - - [30/Nov/2014:08:22:19 -0500] "GET /galeria/nivo-slider/demo/images/festivalBasura0.jpg HTTP/1.1" 200 96780
181.50.124.35 - - [30/Nov/2014:08:22:19 -0500] "GET /galeria/nivo-slider/demo/images/banner-pygaai.jpg HTTP/1.1" 200 82693
201.245.249.145 - - [30/Nov/2014:08:22:21 -0500] "GET /forest/ HTTP/1.1" 200 12486
201.245.249.145 - - [30/Nov/2014:08:22:21 -0500] "GET /forest/skins/gdocs-jar/css/forest.css?version=1411.041919 HTTP/1.1" 200 51
201.245.249.145 - - [30/Nov/2014:08:22:21 -0500] "GET /forest/skins/gdocs-jar/css/autocomplete.css?version=1411.041919 HTTP/1.1" 200 1620
201.245.249.145 - - [30/Nov/2014:08:22:21 -0500] "GET /forest/css/escritorio.css?version=1411.041919 HTTP/1.1" 200 15878
201.245.249.145 - - [30/Nov/2014:08:22:21 -0500] "GET /forest/skins/gdocs-jar/css/menu.css?version=1411.041919 HTTP/1.1" 200 4235
201.245.249.145 - - [30/Nov/2014:08:22:21 -0500] "GET /forest/css/index.css?version=1411.041919 HTTP/1.1" 200 1900
201.245.249.145 - - [30/Nov/2014:08:22:21 -0500] "GET /forest/1ibre/jscalendar/calendar-win2k-1.css?version=1411.041919 HTTP/1.1" 200 5986
201.245.249.145 - - [30/Nov/2014:08:22:21 -0500] "GET /forest/skins/gdocs-jar/css/dialog.css?version=1411.041919 HTTP/1.1" 200 1430
201.245.249.145 - - [30/Nov/2014:08:22:21 -0500] "GET /forest/skins/gdocs-jar/css/forms.css?version=1411.041919 HTTP/1.1" 200 7180
201.245.249.145 - - [30/Nov/2014:08:22:21 -0500] "GET /forest/img/loading.gif HTTP/1.1" 200 1197
201.245.249.145 - - [30/Nov/2014:08:22:21 -0500] "GET /forest/img/spacer.gif HTTP/1.1" 200 43
180.76.6.158 - - [30/Nov/2014:08:22:21 -0500] "GET /BLA/resoluciones/RESOLUCIONES%202008/1721.pdf HTTP/1.1" 200 55681
201.245.249.145 - - [30/Nov/2014:08:22:21 -0500] "GET /forest/img/panel/view_icon.gif HTTP/1.1" 200 681
201.245.249.145 - - [30/Nov/2014:08:22:21 -0500] "GET /forest/js/json3.js HTTP/1.1" 200 39592
201.245.249.145 - - [30/Nov/2014:08:22:21 -0500] "GET /forest/jsoptimized/gz/js/gdocsall-1411.041919.js HTTP/1.1" 200 96626
201.245.249.145 - - [30/Nov/2014:08:22:22 -0500] "GET /forest/img/inicio/6.gif HTTP/1.1" 200 12239
201.245.249.145 - - [30/Nov/2014:08:22:22 -0500] "GET /forest/img/inicio/2.gif HTTP/1.1" 200 42562
201.245.249.145 - - [30/Nov/2014:08:22:21 -0500] "GET /forest/img/inicio/1.gif HTTP/1.1" 200 23925
201.245.249.145 - - [30/Nov/2014:08:22:22 -0500] "GET /forest/img/base/bsc2_r1_c2.gif HTTP/1.1" 200 269
201.245.249.145 - - [30/Nov/2014:08:22:22 -0500] "GET /forest/img/base/bsc2_r1_c1.gif HTTP/1.1" 200 28640
201.245.249.145 - - [30/Nov/2014:08:22:22 -0500] "GET /forest/img/base/bsc2_r1_c3.gif HTTP/1.1" 200 3704
201.245.249.145 - - [30/Nov/2014:08:22:22 -0500] "GET /forest/img/mplogo.gif HTTP/1.1" 200 806
201.245.249.145 - - [30/Nov/2014:08:22:22 -0500] "GET /forest/img/close.gif HTTP/1.1" 200 571
201.245.249.145 - - [30/Nov/2014:08:22:22 -0500] "GET /forest/skins/gdocs-jar/img/okey.gif HTTP/1.1" 200 203
201.245.249.145 - - [30/Nov/2014:08:22:22 -0500] "GET /forest/img/inicio/7.gif HTTP/1.1" 200 18547
201.245.249.145 - - [30/Nov/2014:08:22:22 -0500] "GET /forest/img/inicio/5.gif HTTP/1.1" 200 25611
201.245.249.145 - - [30/Nov/2014:08:22:22 -0500] "GET /forest/img/inicio/3.gif HTTP/1.1" 200 29737
201.245.249.145 - - [30/Nov/2014:08:22:22 -0500] "GET /forest/img/inicio/4.gif HTTP/1.1" 200 27784
201.245.249.145 - - [30/Nov/2014:08:22:22 -0500] "GET /forest/1ibre/1ibre.css HTTP/1.1" 200 614
201.245.249.145 - - [30/Nov/2014:08:22:23 -0500] "GET /forest/img/forestIcon.gif?version=1411.041919 HTTP/1.1" 200 573
201.245.249.145 - - [30/Nov/2014:08:22:24 -0500] "POST /forest/login.do HTTP/1.1" 200 12596
201.245.249.145 - - [30/Nov/2014:08:22:26 -0500] "POST /forest/login.do HTTP/1.1" 200 12596
66.249.65.119 - - [30/Nov/2014:08:22:42 -0500] "GET /BLA/resoluciones/RESOLUCIONES%202007/RES%202007%20401%20AL%20500/RESOLUCION%200471%20DE%202007.pdf HTTP/1.1" 304 -
66.249.65.51 - - [30/Nov/2014:08:22:54 -0500] "GET /BLA/boletinlegal/jurisprudencia/analisis/CUADRO%20SENTENCIA%20T-299%20DE%202008.doc HTTP/1.1" 304 -
190.159.31.124 - - [30/Nov/2014:08:22:55 -0500] "GET /BLA/boletinlegal/js/jquery.scrollShow.js HTTP/1.1" 200 4586
190.159.31.124 - - [30/Nov/2014:08:22:55 -0500] "GET /BLA/boletinlegal/js/jquery.scrollTo-min.js HTTP/1.1" 200 1150
190.159.31.124 - - [30/Nov/2014:08:22:55 -0500] "GET /BLA/boletinlegal/js/jquery.js HTTP/1.1" 200 57254
180.76.5.223 - - [30/Nov/2014:08:23:09 -0500] "GET /BLA/resoluciones/AUTOS%202007/2922.pdf HTTP/1.1" 200 154890
66.249.65.119 - - [30/Nov/2014:08:23:10 -0500] "GET /BLA/resoluciones/RESOLUCIONES%202008/0090.pdf HTTP/1.1" 304 -
46.35.227.251 - - [30/Nov/2014:08:23:15 -0500] "GET /arcgis/services/Calidad_del_Agua_WQI/MapServer/WMSServer?request=GetCapabilities&service=WMS HTTP/1.1" 200 32135
66.249.65.119 - - [30/Nov/2014:08:23:38 -0500] "GET /BLA/resoluciones/RESOLUCIONES%202007/RES%202007%201801%20AL%201900/RESOLUCION%201850%20DE%202007.pdf HTTP/1.1" 200 672973
66.249.65.123 - - [30/Nov/2014:08:23:51 -0500] "GET /BLA/resoluciones/RESOLUCIONES%202004/RES%202004%20601-650/00000633.tif HTTP/1.1" 200 121404
180.76.6.142 - - [30/Nov/2014:08:23:56 -0500] "GET /BLA/resoluciones/RESOLUCIONES%202008/1096.pdf HTTP/1.1" 200 251992
66.249.65.123 - - [30/Nov/2014:08:24:06 -0500] "GET /BLA/resoluciones/RESOLUCIONES%202013/0783.pdf HTTP/1.1" 304 -
66.249.65.119 - - [30/Nov/2014:08:24:35 -0500] "GET /BLA/resoluciones/AUTOS%202009/2712.pdf HTTP/1.1" 200 95063
66.249.65.123 - - [30/Nov/2014:08:25:03 -0500] "GET /BLA/resoluciones/RESOLUCIONES%202007/RES%202007%201101%20AL%201200/RESOLUCION%201177%20DE%202007.pdf HTTP/1.1" 304 -
186.28.45.155 - - [30/Nov/2014:08:25:15 -0500] "GET /galeria/carrusel/Carrusel/jquery-ui-1.8.13.custom.min.js HTTP/1.1" 200 10800
186.28.45.155 - - [30/Nov/2014:08:25:15 -0500] "GET /galeria/carrusel/Carrusel/jquery.thumbnailScroller.css HTTP/1.1" 200 2066
186.28.45.155 - - [30/Nov/2014:08:25:15 -0500] "GET /galeria/carrusel/Carrusel/jquery.thumbnailScroller.js HTTP/1.1" 200 8157
186.28.45.155 - - [30/Nov/2014:08:25:16 -0500] "GET /galeria/nivo-slider/demo/demo.html HTTP/1.1" 200 3458
186.28.45.155 - - [30/Nov/2014:08:25:17 -0500] "GET /galeria/nivo-slider/themes/default/default.css HTTP/1.1" 200 1569
186.28.45.155 - - [30/Nov/2014:08:25:17 -0500] "GET /galeria/nivo-slider/themes/pascal/pascal.css HTTP/1.1" 200 2258
186.28.45.155 - - [30/Nov/2014:08:25:17 -0500] "GET /galeria/nivo-slider/themes/orman/orman.css HTTP/1.1" 200 2152
186.28.45.155 - - [30/Nov/2014:08:25:17 -0500] "GET /galeria/nivo-slider/nivo-slider.css HTTP/1.1" 200 1507
186.28.45.155 - - [30/Nov/2014:08:25:17 -0500] "GET /galeria/nivo-slider/demo/style.css HTTP/1.1" 200 2222
186.28.45.155 - - [30/Nov/2014:08:25:17 -0500] "GET /galeria/nivo-slider/demo/scripts/jquery-1.7.1.min.js HTTP/1.1" 200 93868
186.28.45.155 - - [30/Nov/2014:08:25:17 -0500] "GET /galeria/nivo-slider/demo/images/Banner-GAE3.jpg HTTP/1.1" 200 146354
186.28.45.155 - - [30/Nov/2014:08:25:17 -0500] "GET /galeria/nivo-slider/jquery.nivo.slider.pack.js HTTP/1.1" 200 11561
186.28.45.155 - - [30/Nov/2014:08:25:17 -0500] "GET /galeria/nivo-slider/demo/images/festivalBasura0.jpg HTTP/1.1" 200 96780
186.28.45.155 - - [30/Nov/2014:08:25:17 -0500] "GET /galeria/nivo-slider/demo/images/Banner-comparendo.jpg HTTP/1.1" 200 388762
186.28.45.155 - - [30/Nov/2014:08:25:17 -0500] "GET /galeria/nivo-slider/demo/images/banner-pygaai.jpg HTTP/1.1" 200 82693
186.28.45.155 - - [30/Nov/2014:08:25:18 -0500] "GET /galeria/nivo-slider/demo/images/4Simple_Slider.png HTTP/1.1" 200 11722
186.28.45.155 - - [30/Nov/2014:08:25:18 -0500] "GET /galeria/nivo-slider/themes/default/loading.gif HTTP/1.1" 200 1737
186.28.45.155 - - [30/Nov/2014:08:25:18 -0500] "GET /galeria/nivo-slider/demo/images/Biotaxis-Man.jpg HTTP/1.1" 200 99362
186.28.45.155 - - [30/Nov/2014:08:25:19 -0500] "GET /galeria/nivo-slider/demo/images/porloshumedales.jpg HTTP/1.1" 200 351238
186.28.45.155 - - [30/Nov/2014:08:25:20 -0500] "GET /galeria/nivo-slider/demo/images/Tingua-azul.jpg HTTP/1.1" 200 307638
186.28.45.155 - - [30/Nov/2014:08:25:20 -0500] "GET /galeria/nivo-slider/demo/images/Banner-Caracol-Africano.jpg HTTP/1.1" 200 331986
186.28.45.155 - - [30/Nov/2014:08:25:23 -0500] "GET /galeria/nivo-slider/demo/images/banner-redes.jpg HTTP/1.1" 200 62209
186.28.45.155 - - [30/Nov/2014:08:25:24 -0500] "GET /galeria/nivo-slider/demo/images/9Signos.jpg HTTP/1.1" 200 93040
186.28.45.155 - - [30/Nov/2014:08:25:25 -0500] "GET /galeria/nivo-slider/demo/images/banner-caballos.png HTTP/1.1" 200 389106
186.28.45.155 - - [30/Nov/2014:08:25:26 -0500] "GET /galeria/nivo-slider/demo/images/Hacienda_Molinos.jpg HTTP/1.1" 200 319171
186.28.45.155 - - [30/Nov/2014:08:25:26 -0500] "GET /galeria/nivo-slider/demo/images/bannerEcolecta3.jpg HTTP/1.1" 200 280034
186.28.45.155 - - [30/Nov/2014:08:25:27 -0500] "GET /videos/Spot_CambioClimatico.flv HTTP/1.1" 200 4371917
201.245.192.253 - - [30/Nov/2014:08:25:31 -0500] "GET /BLA/boletinlegal/js/jquery.js HTTP/1.1" 304 -
201.245.192.253 - - [30/Nov/2014:08:25:31 -0500] "GET /BLA/boletinlegal/js/jquery.scrollTo-min.js HTTP/1.1" 304 -
201.245.192.253 - - [30/Nov/2014:08:25:31 -0500] "GET /BLA/boletinlegal/js/jquery.scrollShow.js HTTP/1.1" 304 -
201.245.192.253 - - [30/Nov/2014:08:25:31 -0500] "GET /galeria/carrusel/Carrusel/jquery.thumbnailScroller.css HTTP/1.1" 304 -
201.245.192.253 - - [30/Nov/2014:08:25:31 -0500] "GET /galeria/carrusel/Carrusel/jquery-ui-1.8.13.custom.min.js HTTP/1.1" 304 -
201.245.192.253 - - [30/Nov/2014:08:25:31 -0500] "GET /galeria/carrusel/Carrusel/jquery.thumbnailScroller.js HTTP/1.1" 304 -
66.249.65.115 - - [30/Nov/2014:08:25:31 -0500] "GET /BLA/resoluciones/RESOLUCIONES%202010/3954.pdf HTTP/1.1" 200 500109
201.245.192.253 - - [30/Nov/2014:08:25:31 -0500] "GET /galeria/nivo-slider/demo/demo.html HTTP/1.1" 304 -
201.245.192.253 - - [30/Nov/2014:08:25:31 -0500] "GET /galeria/nivo-slider/themes/pascal/pascal.css HTTP/1.1" 304 -
201.245.192.253 - - [30/Nov/2014:08:25:31 -0500] "GET /galeria/nivo-slider/demo/style.css HTTP/1.1" 304 -
201.245.192.253 - - [30/Nov/2014:08:25:31 -0500] "GET /galeria/nivo-slider/themes/orman/orman.css HTTP/1.1" 304 -
201.245.192.253 - - [30/Nov/2014:08:25:31 -0500] "GET /galeria/nivo-slider/themes/default/default.css HTTP/1.1" 304 -
201.245.192.253 - - [30/Nov/2014:08:25:31 -0500] "GET /galeria/nivo-slider/demo/scripts/jquery-1.7.1.min.js HTTP/1.1" 304 -
201.245.192.253 - - [30/Nov/2014:08:25:31 -0500] "GET /galeria/nivo-slider/jquery.nivo.slider.pack.js HTTP/1.1" 304 -
201.245.192.253 - - [30/Nov/2014:08:25:31 -0500] "GET /galeria/nivo-slider/demo/images/Banner-GAE3.jpg HTTP/1.1" 304 -
201.245.192.253 - - [30/Nov/2014:08:25:31 -0500] "GET /galeria/nivo-slider/demo/images/festivalBasura0.jpg HTTP/1.1" 304 -
201.245.192.253 - - [30/Nov/2014:08:25:31 -0500] "GET /galeria/nivo-slider/demo/images/Banner-comparendo.jpg HTTP/1.1" 304 -
201.245.192.253 - - [30/Nov/2014:08:25:31 -0500] "GET /galeria/nivo-slider/demo/images/banner-pygaai.jpg HTTP/1.1" 304 -
