190.26.187.219 - - [30/Nov/2014:11:10:49 -0500] "POST /forms/lservlet;jsessionid=ac16012b30d5ede70370de06477383c4a705c260a47a.e3iSbxaKaheRe34Sa3yKbhiTahb0n6jAmljGr5XDqQLvpAe HTTP/1.1" 200 2
190.26.187.219 - - [30/Nov/2014:11:10:50 -0500] "POST /forms/lservlet;jsessionid=ac16012b30d5ede70370de06477383c4a705c260a47a.e3iSbxaKaheRe34Sa3yKbhiTahb0n6jAmljGr5XDqQLvpAe HTTP/1.1" 200 2
190.26.187.219 - - [30/Nov/2014:11:10:50 -0500] "POST /forms/lservlet;jsessionid=ac16012b30d5ede70370de06477383c4a705c260a47a.e3iSbxaKaheRe34Sa3yKbhiTahb0n6jAmljGr5XDqQLvpAe HTTP/1.1" 200 2
190.9.192.252 - - [30/Nov/2014:11:10:53 -0500] "GET /BLA/boletinlegal/js/jquery.js HTTP/1.1" 200 57254
190.9.192.252 - - [30/Nov/2014:11:10:53 -0500] "GET /BLA/boletinlegal/js/jquery.scrollShow.js HTTP/1.1" 200 4586
190.9.192.252 - - [30/Nov/2014:11:10:53 -0500] "GET /BLA/boletinlegal/js/jquery.scrollTo-min.js HTTP/1.1" 200 1150
190.26.187.219 - - [30/Nov/2014:11:10:54 -0500] "POST /forms/lservlet;jsessionid=ac16012b30d5ede70370de06477383c4a705c260a47a.e3iSbxaKaheRe34Sa3yKbhiTahb0n6jAmljGr5XDqQLvpAe HTTP/1.1" 200 34711
190.26.187.219 - - [30/Nov/2014:11:10:55 -0500] "GET /imagenes/listval.gif HTTP/1.1" 200 905
190.26.187.219 - - [30/Nov/2014:11:10:55 -0500] "GET /imagenes/tree1.gif HTTP/1.1" 200 1161
190.26.187.219 - - [30/Nov/2014:11:10:55 -0500] "GET /imagenes/listval.gif HTTP/1.1" 200 905
190.26.187.219 - - [30/Nov/2014:11:10:55 -0500] "GET /imagenes/CAMERA3.gif HTTP/1.1" 200 4150
190.26.187.219 - - [30/Nov/2014:11:10:55 -0500] "GET /imagenes/SLIDE1.gif HTTP/1.1" 200 1111
190.26.187.219 - - [30/Nov/2014:11:10:55 -0500] "GET /imagenes/flexcomb.gif HTTP/1.1" 200 1169
190.26.187.219 - - [30/Nov/2014:11:10:55 -0500] "GET /imagenes/GO.gif HTTP/1.1" 200 904
190.26.187.219 - - [30/Nov/2014:11:10:55 -0500] "GET /imagenes/HRTOOLS.gif HTTP/1.1" 200 2238
190.26.187.219 - - [30/Nov/2014:11:10:55 -0500] "GET /imagenes/rt_rec1.gif HTTP/1.1" 200 867
190.26.187.219 - - [30/Nov/2014:11:10:56 -0500] "GET /imagenes/apply.gif HTTP/1.1" 200 903
190.26.187.219 - - [30/Nov/2014:11:10:56 -0500] "GET /imagenes/exit.gif HTTP/1.1" 200 916
190.26.187.219 - - [30/Nov/2014:11:10:56 -0500] "GET /imagenes/LISTVAL.gif HTTP/1.1" 200 905
190.26.187.219 - - [30/Nov/2014:11:10:56 -0500] "GET /imagenes/edit.gif HTTP/1.1" 200 919
190.26.187.219 - - [30/Nov/2014:11:10:56 -0500] "GET /imagenes/rt_rec4.gif HTTP/1.1" 200 865
190.26.187.219 - - [30/Nov/2014:11:10:56 -0500] "GET /imagenes/rt_rec3.gif HTTP/1.1" 200 844
190.26.187.219 - - [30/Nov/2014:11:10:56 -0500] "GET /imagenes/rt_rec2.gif HTTP/1.1" 200 847
190.26.187.219 - - [30/Nov/2014:11:10:56 -0500] "GET /imagenes/rt_rdel.gif HTTP/1.1" 200 899
190.26.187.219 - - [30/Nov/2014:11:10:56 -0500] "GET /imagenes/rt_radd.gif HTTP/1.1" 200 907
190.26.187.219 - - [30/Nov/2014:11:10:56 -0500] "GET /imagenes/rt_quer3.gif HTTP/1.1" 200 939
190.26.187.219 - - [30/Nov/2014:11:10:56 -0500] "GET /imagenes/rt_quer2.gif HTTP/1.1" 200 936
190.26.187.219 - - [30/Nov/2014:11:10:56 -0500] "GET /imagenes/rt_quer1.gif HTTP/1.1" 200 930
190.26.187.219 - - [30/Nov/2014:11:10:57 -0500] "GET /imagenes/rt_save.gif HTTP/1.1" 200 903
190.26.187.219 - - [30/Nov/2014:11:10:57 -0500] "GET /imagenes/rt_pset.gif HTTP/1.1" 200 914
190.26.187.219 - - [30/Nov/2014:11:10:57 -0500] "GET /imagenes/QUEJA.gif HTTP/1.1" 200 1091
190.26.187.219 - - [30/Nov/2014:11:10:57 -0500] "GET /imagenes/ARBOL.gif HTTP/1.1" 200 1026
190.26.187.219 - - [30/Nov/2014:11:10:57 -0500] "GET /imagenes/Clipboard.gif HTTP/1.1" 200 1466
190.26.187.219 - - [30/Nov/2014:11:10:57 -0500] "GET /imagenes/DINERO.gif HTTP/1.1" 200 1766
190.26.187.219 - - [30/Nov/2014:11:10:58 -0500] "GET /imagenes/URGENTE.gif HTTP/1.1" 200 964
190.26.187.219 - - [30/Nov/2014:11:10:58 -0500] "GET /imagenes/TREE4.gif HTTP/1.1" 200 4150
190.26.187.219 - - [30/Nov/2014:11:10:58 -0500] "POST /forms/lservlet;jsessionid=ac16012b30d5ede70370de06477383c4a705c260a47a.e3iSbxaKaheRe34Sa3yKbhiTahb0n6jAmljGr5XDqQLvpAe HTTP/1.1" 200 7
190.26.187.219 - - [30/Nov/2014:11:10:58 -0500] "POST /forms/lservlet;jsessionid=ac16012b30d5ede70370de06477383c4a705c260a47a.e3iSbxaKaheRe34Sa3yKbhiTahb0n6jAmljGr5XDqQLvpAe HTTP/1.1" 200 34
190.26.187.219 - - [30/Nov/2014:11:10:58 -0500] "POST /forms/lservlet;jsessionid=ac16012b30d5ede70370de06477383c4a705c260a47a.e3iSbxaKaheRe34Sa3yKbhiTahb0n6jAmljGr5XDqQLvpAe HTTP/1.1" 200 2
66.249.65.119 - - [30/Nov/2014:11:10:59 -0500] "GET /BLA/resoluciones/RESOLUCIONES%202009/6015.pdf HTTP/1.1" 200 338996
190.26.187.219 - - [30/Nov/2014:11:11:00 -0500] "POST /forms/lservlet;jsessionid=ac16012b30d5ede70370de06477383c4a705c260a47a.e3iSbxaKaheRe34Sa3yKbhiTahb0n6jAmljGr5XDqQLvpAe HTTP/1.1" 200 2
190.26.187.219 - - [30/Nov/2014:11:11:00 -0500] "POST /forms/lservlet;jsessionid=ac16012b30d5ede70370de06477383c4a705c260a47a.e3iSbxaKaheRe34Sa3yKbhiTahb0n6jAmljGr5XDqQLvpAe HTTP/1.1" 200 699
190.26.187.219 - - [30/Nov/2014:11:11:00 -0500] "GET /imagenes/Srch_frw.gif HTTP/1.1" 200 925
190.26.187.219 - - [30/Nov/2014:11:11:00 -0500] "POST /forms/lservlet;jsessionid=ac16012b30d5ede70370de06477383c4a705c260a47a.e3iSbxaKaheRe34Sa3yKbhiTahb0n6jAmljGr5XDqQLvpAe HTTP/1.1" 200 10
190.26.187.219 - - [30/Nov/2014:11:11:06 -0500] "POST /forms/lservlet;jsessionid=ac16012b30d5ede70370de06477383c4a705c260a47a.e3iSbxaKaheRe34Sa3yKbhiTahb0n6jAmljGr5XDqQLvpAe HTTP/1.1" 200 24
190.26.187.219 - - [30/Nov/2014:11:11:07 -0500] "POST /forms/lservlet;jsessionid=ac16012b30d5ede70370de06477383c4a705c260a47a.e3iSbxaKaheRe34Sa3yKbhiTahb0n6jAmljGr5XDqQLvpAe HTTP/1.1" 200 52
190.26.187.219 - - [30/Nov/2014:11:11:09 -0500] "POST /forms/lservlet;jsessionid=ac16012b30d5ede70370de06477383c4a705c260a47a.e3iSbxaKaheRe34Sa3yKbhiTahb0n6jAmljGr5XDqQLvpAe HTTP/1.1" 200 2
190.26.187.219 - - [30/Nov/2014:11:11:09 -0500] "POST /forms/lservlet;jsessionid=ac16012b30d5ede70370de06477383c4a705c260a47a.e3iSbxaKaheRe34Sa3yKbhiTahb0n6jAmljGr5XDqQLvpAe HTTP/1.1" 200 239
190.26.187.219 - - [30/Nov/2014:11:11:09 -0500] "POST /forms/lservlet;jsessionid=ac16012b30d5ede70370de06477383c4a705c260a47a.e3iSbxaKaheRe34Sa3yKbhiTahb0n6jAmljGr5XDqQLvpAe HTTP/1.1" 200 44
190.26.187.219 - - [30/Nov/2014:11:11:09 -0500] "POST /forms/lservlet;jsessionid=ac16012b30d5ede70370de06477383c4a705c260a47a.e3iSbxaKaheRe34Sa3yKbhiTahb0n6jAmljGr5XDqQLvpAe HTTP/1.1" 200 15
190.26.187.219 - - [30/Nov/2014:11:11:10 -0500] "POST /forms/lservlet;jsessionid=ac16012b30d5ede70370de06477383c4a705c260a47a.e3iSbxaKaheRe34Sa3yKbhiTahb0n6jAmljGr5XDqQLvpAe HTTP/1.1" 200 2
190.26.187.219 - - [30/Nov/2014:11:11:11 -0500] "POST /forms/lservlet;jsessionid=ac16012b30d5ede70370de06477383c4a705c260a47a.e3iSbxaKaheRe34Sa3yKbhiTahb0n6jAmljGr5XDqQLvpAe HTTP/1.1" 200 63
190.26.187.219 - - [30/Nov/2014:11:11:11 -0500] "POST /forms/lservlet;jsessionid=ac16012b30d5ede70370de06477383c4a705c260a47a.e3iSbxaKaheRe34Sa3yKbhiTahb0n6jAmljGr5XDqQLvpAe HTTP/1.1" 200 56
190.26.187.219 - - [30/Nov/2014:11:11:12 -0500] "POST /forms/lservlet;jsessionid=ac16012b30d5ede70370de06477383c4a705c260a47a.e3iSbxaKaheRe34Sa3yKbhiTahb0n6jAmljGr5XDqQLvpAe HTTP/1.1" 200 2
190.26.187.219 - - [30/Nov/2014:11:11:13 -0500] "POST /forms/lservlet;jsessionid=ac16012b30d5ede70370de06477383c4a705c260a47a.e3iSbxaKaheRe34Sa3yKbhiTahb0n6jAmljGr5XDqQLvpAe HTTP/1.1" 200 75
188.165.15.181 - - [30/Nov/2014:11:11:14 -0500] "GET /BLA/resoluciones/RESOLUCIONES%202002/RES%202002%2051-100/2002RES97.tif HTTP/1.1" 200 74122
190.26.187.219 - - [30/Nov/2014:11:11:17 -0500] "POST /forms/lservlet;jsessionid=ac16012b30d5ede70370de06477383c4a705c260a47a.e3iSbxaKaheRe34Sa3yKbhiTahb0n6jAmljGr5XDqQLvpAe HTTP/1.1" 200 24
190.26.187.219 - - [30/Nov/2014:11:11:17 -0500] "POST /forms/lservlet;jsessionid=ac16012b30d5ede70370de06477383c4a705c260a47a.e3iSbxaKaheRe34Sa3yKbhiTahb0n6jAmljGr5XDqQLvpAe HTTP/1.1" 200 4748
190.26.187.219 - - [30/Nov/2014:11:11:18 -0500] "POST /forms/lservlet;jsessionid=ac16012b30d5ede70370de06477383c4a705c260a47a.e3iSbxaKaheRe34Sa3yKbhiTahb0n6jAmljGr5XDqQLvpAe HTTP/1.1" 200 20
190.63.142.130 - - [30/Nov/2014:11:11:19 -0500] "GET /BLA/boletinlegal/js/jquery.scrollTo-min.js HTTP/1.1" 200 1150
190.63.142.130 - - [30/Nov/2014:11:11:19 -0500] "GET /BLA/boletinlegal/js/jquery.js HTTP/1.1" 200 57254
190.63.142.130 - - [30/Nov/2014:11:11:19 -0500] "GET /BLA/boletinlegal/js/jquery.scrollShow.js HTTP/1.1" 200 4586
190.63.142.130 - - [30/Nov/2014:11:11:24 -0500] "GET /hidrico/aguas%20subterraneas/ HTTP/1.1" 404 1296
190.26.187.219 - - [30/Nov/2014:11:11:26 -0500] "POST /forms/lservlet;jsessionid=ac16012b30d5ede70370de06477383c4a705c260a47a.e3iSbxaKaheRe34Sa3yKbhiTahb0n6jAmljGr5XDqQLvpAe HTTP/1.1" 200 2
186.145.58.53 - - [30/Nov/2014:11:11:27 -0500] "POST /forms/lservlet;jsessionid=ac16012b30d59f3302a812bb4270ac9bcb1e642f75c7.e3iSbxaKaheRe34Sa3yKbhiTahb0n6jAmljGr5XDqQLvpAe HTTP/1.1" 200 2
66.249.65.119 - - [30/Nov/2014:11:11:27 -0500] "GET /BLA/resoluciones/AUTOS%202007/0051.pdf HTTP/1.1" 304 -
190.26.187.219 - - [30/Nov/2014:11:11:26 -0500] "POST /forms/lservlet;jsessionid=ac16012b30d5ede70370de06477383c4a705c260a47a.e3iSbxaKaheRe34Sa3yKbhiTahb0n6jAmljGr5XDqQLvpAe HTTP/1.1" 200 3115
190.26.187.219 - - [30/Nov/2014:11:11:27 -0500] "POST /forms/lservlet;jsessionid=ac16012b30d5ede70370de06477383c4a705c260a47a.e3iSbxaKaheRe34Sa3yKbhiTahb0n6jAmljGr5XDqQLvpAe HTTP/1.1" 200 2
74.86.158.107 - - [30/Nov/2014:11:11:50 -0500] "HEAD / HTTP/1.1" 302 -
190.26.187.219 - - [30/Nov/2014:11:11:51 -0500] "POST /forms/lservlet;jsessionid=ac16012b30d5ede70370de06477383c4a705c260a47a.e3iSbxaKaheRe34Sa3yKbhiTahb0n6jAmljGr5XDqQLvpAe HTTP/1.1" 200 2
186.84.21.65 - - [30/Nov/2014:11:11:51 -0500] "GET /portalsiaccapacitaciones/Decreto%20243%20de%202009%20-%2020%20de%20Junio.pdf HTTP/1.1" 404 1950
186.84.21.65 - - [30/Nov/2014:11:11:51 -0500] "GET /favicon.ico HTTP/1.1" 200 7782
190.26.187.219 - - [30/Nov/2014:11:11:51 -0500] "POST /forms/lservlet;jsessionid=ac16012b30d5ede70370de06477383c4a705c260a47a.e3iSbxaKaheRe34Sa3yKbhiTahb0n6jAmljGr5XDqQLvpAe HTTP/1.1" 200 3212
190.26.187.219 - - [30/Nov/2014:11:11:51 -0500] "POST /forms/lservlet;jsessionid=ac16012b30d5ede70370de06477383c4a705c260a47a.e3iSbxaKaheRe34Sa3yKbhiTahb0n6jAmljGr5XDqQLvpAe HTTP/1.1" 200 2
66.249.65.119 - - [30/Nov/2014:11:11:55 -0500] "GET /BLA/resoluciones/AUTOS%202012/1564.pdf HTTP/1.1" 304 -
190.26.187.219 - - [30/Nov/2014:11:11:55 -0500] "POST /forms/lservlet;jsessionid=ac16012b30d5ede70370de06477383c4a705c260a47a.e3iSbxaKaheRe34Sa3yKbhiTahb0n6jAmljGr5XDqQLvpAe HTTP/1.1" 200 120
186.84.21.65 - - [30/Nov/2014:11:11:55 -0500] "GET /PORTAL_SIAC/Resoluci%c3%b3n%20242%20de%202014%20(Lineamientos%20PIGA).pdf HTTP/1.1" 200 522095
186.84.21.65 - - [30/Nov/2014:11:11:55 -0500] "GET /PORTAL_SIAC/Resoluci%c3%b3n%20242%20de%202014%20(Lineamientos%20PIGA).pdf HTTP/1.1" 206 32768
186.84.21.65 - - [30/Nov/2014:11:11:56 -0500] "GET /PORTAL_SIAC/Resoluci%c3%b3n%20242%20de%202014%20(Lineamientos%20PIGA).pdf HTTP/1.1" 206 378185
186.84.21.65 - - [30/Nov/2014:11:11:56 -0500] "GET /PORTAL_SIAC/Resoluci%c3%b3n%20242%20de%202014%20(Lineamientos%20PIGA).pdf HTTP/1.1" 206 32768
186.84.21.65 - - [30/Nov/2014:11:11:56 -0500] "GET /PORTAL_SIAC/Resoluci%c3%b3n%20242%20de%202014%20(Lineamientos%20PIGA).pdf HTTP/1.1" 206 32768
186.84.21.65 - - [30/Nov/2014:11:11:56 -0500] "GET /PORTAL_SIAC/Resoluci%c3%b3n%20242%20de%202014%20(Lineamientos%20PIGA).pdf HTTP/1.1" 206 45606
186.84.21.65 - - [30/Nov/2014:11:12:07 -0500] "GET /portalsiaccapacitaciones/MATRIZ%20NORMATIVA%20AMBIENTAL.pdf HTTP/1.1" 404 1950
66.249.65.119 - - [30/Nov/2014:11:12:23 -0500] "GET /BLA/resoluciones/RESOLUCIONES%202007/RES%202007%204001%20AL%204100/RESOLUCION%204031%20DE%202007.pdf HTTP/1.1" 200 186075
190.26.187.219 - - [30/Nov/2014:11:12:25 -0500] "POST /forms/lservlet;jsessionid=ac16012b30d5ede70370de06477383c4a705c260a47a.e3iSbxaKaheRe34Sa3yKbhiTahb0n6jAmljGr5XDqQLvpAe HTTP/1.1" 200 238
190.26.187.219 - - [30/Nov/2014:11:12:26 -0500] "POST /forms/lservlet;jsessionid=ac16012b30d5ede70370de06477383c4a705c260a47a.e3iSbxaKaheRe34Sa3yKbhiTahb0n6jAmljGr5XDqQLvpAe HTTP/1.1" 200 8
190.26.187.219 - - [30/Nov/2014:11:12:26 -0500] "POST /forms/lservlet;jsessionid=ac16012b30d5ede70370de06477383c4a705c260a47a.e3iSbxaKaheRe34Sa3yKbhiTahb0n6jAmljGr5XDqQLvpAe HTTP/1.1" 200 2
190.26.187.219 - - [30/Nov/2014:11:12:27 -0500] "POST /forms/lservlet;jsessionid=ac16012b30d5ede70370de06477383c4a705c260a47a.e3iSbxaKaheRe34Sa3yKbhiTahb0n6jAmljGr5XDqQLvpAe HTTP/1.1" 200 63
181.50.241.109 - - [30/Nov/2014:11:12:29 -0500] "POST /forms/lservlet;jsessionid=ac16012b30d5f682009d5f7842a48dd7955190f32559.e3iSbxaKaheRe34Sa3yKbhiTahb0n6jAmljGr5XDqQLvpAe HTTP/1.1" 200 2
190.26.187.219 - - [30/Nov/2014:11:12:32 -0500] "POST /forms/lservlet;jsessionid=ac16012b30d5ede70370de06477383c4a705c260a47a.e3iSbxaKaheRe34Sa3yKbhiTahb0n6jAmljGr5XDqQLvpAe HTTP/1.1" 200 2
190.26.187.219 - - [30/Nov/2014:11:12:50 -0500] "POST /forms/lservlet;jsessionid=ac16012b30d5ede70370de06477383c4a705c260a47a.e3iSbxaKaheRe34Sa3yKbhiTahb0n6jAmljGr5XDqQLvpAe HTTP/1.1" 200 118
190.26.187.219 - - [30/Nov/2014:11:12:51 -0500] "POST /forms/lservlet;jsessionid=ac16012b30d5ede70370de06477383c4a705c260a47a.e3iSbxaKaheRe34Sa3yKbhiTahb0n6jAmljGr5XDqQLvpAe HTTP/1.1" 200 176
66.249.65.123 - - [30/Nov/2014:11:12:51 -0500] "GET /BLA/resoluciones/AUTOS%202012/1127.pdf HTTP/1.1" 304 -
190.26.187.219 - - [30/Nov/2014:11:12:52 -0500] "POST /forms/lservlet;jsessionid=ac16012b30d5ede70370de06477383c4a705c260a47a.e3iSbxaKaheRe34Sa3yKbhiTahb0n6jAmljGr5XDqQLvpAe HTTP/1.1" 200 98
188.165.15.78 - - [30/Nov/2014:11:12:54 -0500] "GET /BLA/resoluciones/RESOLUCIONES%202002/RES%202002%20801-850/00000824.tif HTTP/1.1" 200 310040
190.26.187.219 - - [30/Nov/2014:11:12:54 -0500] "POST /forms/lservlet;jsessionid=ac16012b30d5ede70370de06477383c4a705c260a47a.e3iSbxaKaheRe34Sa3yKbhiTahb0n6jAmljGr5XDqQLvpAe HTTP/1.1" 200 2
190.26.187.219 - - [30/Nov/2014:11:12:54 -0500] "POST /forms/lservlet;jsessionid=ac16012b30d5ede70370de06477383c4a705c260a47a.e3iSbxaKaheRe34Sa3yKbhiTahb0n6jAmljGr5XDqQLvpAe HTTP/1.1" 200 2845
190.26.187.219 - - [30/Nov/2014:11:12:55 -0500] "POST /forms/lservlet;jsessionid=ac16012b30d5ede70370de06477383c4a705c260a47a.e3iSbxaKaheRe34Sa3yKbhiTahb0n6jAmljGr5XDqQLvpAe HTTP/1.1" 200 2
190.26.187.219 - - [30/Nov/2014:11:12:56 -0500] "POST /forms/lservlet;jsessionid=ac16012b30d5ede70370de06477383c4a705c260a47a.e3iSbxaKaheRe34Sa3yKbhiTahb0n6jAmljGr5XDqQLvpAe HTTP/1.1" 200 89
186.154.84.82 - - [30/Nov/2014:11:07:10 -0500] "GET /ForestMSG_SDA/channelAsync/template_word_16980384?X-Atmosphere-tracking-id=09cc4d21-633c-533d-90c8-6afddd3b4e2f&X-Atmosphere-Framework=1.0.5&X-Atmosphere-Transport=long-polling&tabid=0.03968597715720534&X-Cache-Date=0&Content-Type=application/xml&_=1417363809284 HTTP/1.1" 200 8193
66.249.65.115 - - [30/Nov/2014:11:13:19 -0500] "GET /BLA/resoluciones/RESOLUCIONES%202011/0981.pdf HTTP/1.1" 200 437384
190.26.187.219 - - [30/Nov/2014:11:13:24 -0500] "POST /forms/lservlet;jsessionid=ac16012b30d5ede70370de06477383c4a705c260a47a.e3iSbxaKaheRe34Sa3yKbhiTahb0n6jAmljGr5XDqQLvpAe HTTP/1.1" 200 118
190.26.187.219 - - [30/Nov/2014:11:13:25 -0500] "POST /forms/lservlet;jsessionid=ac16012b30d5ede70370de06477383c4a705c260a47a.e3iSbxaKaheRe34Sa3yKbhiTahb0n6jAmljGr5XDqQLvpAe HTTP/1.1" 200 94
190.26.187.219 - - [30/Nov/2014:11:13:27 -0500] "POST /forms/lservlet;jsessionid=ac16012b30d5ede70370de06477383c4a705c260a47a.e3iSbxaKaheRe34Sa3yKbhiTahb0n6jAmljGr5XDqQLvpAe HTTP/1.1" 200 78
186.145.58.53 - - [30/Nov/2014:11:13:27 -0500] "POST /forms/lservlet;jsessionid=ac16012b30d59f3302a812bb4270ac9bcb1e642f75c7.e3iSbxaKaheRe34Sa3yKbhiTahb0n6jAmljGr5XDqQLvpAe HTTP/1.1" 200 2
190.26.187.219 - - [30/Nov/2014:11:13:28 -0500] "POST /forms/lservlet;jsessionid=ac16012b30d5ede70370de06477383c4a705c260a47a.e3iSbxaKaheRe34Sa3yKbhiTahb0n6jAmljGr5XDqQLvpAe HTTP/1.1" 200 2
190.26.187.219 - - [30/Nov/2014:11:13:28 -0500] "POST /forms/lservlet;jsessionid=ac16012b30d5ede70370de06477383c4a705c260a47a.e3iSbxaKaheRe34Sa3yKbhiTahb0n6jAmljGr5XDqQLvpAe HTTP/1.1" 200 2168
190.26.187.219 - - [30/Nov/2014:11:13:28 -0500] "POST /forms/lservlet;jsessionid=ac16012b30d5ede70370de06477383c4a705c260a47a.e3iSbxaKaheRe34Sa3yKbhiTahb0n6jAmljGr5XDqQLvpAe HTTP/1.1" 200 2
190.26.187.219 - - [30/Nov/2014:11:13:30 -0500] "POST /forms/lservlet;jsessionid=ac16012b30d5ede70370de06477383c4a705c260a47a.e3iSbxaKaheRe34Sa3yKbhiTahb0n6jAmljGr5XDqQLvpAe HTTP/1.1" 200 89
188.165.15.152 - - [30/Nov/2014:11:13:31 -0500] "GET /BLA/resoluciones/RESOLUCIONES%202004/RES%202004%201001-1050/00001001.tif HTTP/1.1" 200 92256
190.26.187.219 - - [30/Nov/2014:11:13:34 -0500] "POST /forms/lservlet;jsessionid=ac16012b30d5ede70370de06477383c4a705c260a47a.e3iSbxaKaheRe34Sa3yKbhiTahb0n6jAmljGr5XDqQLvpAe HTTP/1.1" 200 145
190.26.187.219 - - [30/Nov/2014:11:13:34 -0500] "POST /forms/lservlet;jsessionid=ac16012b30d5ede70370de06477383c4a705c260a47a.e3iSbxaKaheRe34Sa3yKbhiTahb0n6jAmljGr5XDqQLvpAe HTTP/1.1" 200 7
190.26.187.219 - - [30/Nov/2014:11:13:38 -0500] "POST /forms/lservlet;jsessionid=ac16012b30d5ede70370de06477383c4a705c260a47a.e3iSbxaKaheRe34Sa3yKbhiTahb0n6jAmljGr5XDqQLvpAe HTTP/1.1" 200 7
190.26.187.219 - - [30/Nov/2014:11:13:39 -0500] "POST /forms/lservlet;jsessionid=ac16012b30d5ede70370de06477383c4a705c260a47a.e3iSbxaKaheRe34Sa3yKbhiTahb0n6jAmljGr5XDqQLvpAe HTTP/1.1" 200 79
66.249.65.115 - - [30/Nov/2014:11:13:47 -0500] "GET /BLA/resoluciones/RESOLUCIONES%202010/3756.pdf HTTP/1.1" 200 390196
190.26.187.219 - - [30/Nov/2014:11:13:57 -0500] "POST /forms/lservlet;jsessionid=ac16012b30d5ede70370de06477383c4a705c260a47a.e3iSbxaKaheRe34Sa3yKbhiTahb0n6jAmljGr5XDqQLvpAe HTTP/1.1" 200 118
190.26.187.219 - - [30/Nov/2014:11:13:58 -0500] "POST /forms/lservlet;jsessionid=ac16012b30d5ede70370de06477383c4a705c260a47a.e3iSbxaKaheRe34Sa3yKbhiTahb0n6jAmljGr5XDqQLvpAe HTTP/1.1" 200 94
190.26.187.219 - - [30/Nov/2014:11:13:59 -0500] "POST /forms/lservlet;jsessionid=ac16012b30d5ede70370de06477383c4a705c260a47a.e3iSbxaKaheRe34Sa3yKbhiTahb0n6jAmljGr5XDqQLvpAe HTTP/1.1" 200 78
190.26.187.219 - - [30/Nov/2014:11:14:00 -0500] "POST /forms/lservlet;jsessionid=ac16012b30d5ede70370de06477383c4a705c260a47a.e3iSbxaKaheRe34Sa3yKbhiTahb0n6jAmljGr5XDqQLvpAe HTTP/1.1" 200 2
190.26.187.219 - - [30/Nov/2014:11:14:00 -0500] "POST /forms/lservlet;jsessionid=ac16012b30d5ede70370de06477383c4a705c260a47a.e3iSbxaKaheRe34Sa3yKbhiTahb0n6jAmljGr5XDqQLvpAe HTTP/1.1" 200 2934
190.26.187.219 - - [30/Nov/2014:11:14:01 -0500] "POST /forms/lservlet;jsessionid=ac16012b30d5ede70370de06477383c4a705c260a47a.e3iSbxaKaheRe34Sa3yKbhiTahb0n6jAmljGr5XDqQLvpAe HTTP/1.1" 200 2
190.26.187.219 - - [30/Nov/2014:11:14:03 -0500] "POST /forms/lservlet;jsessionid=ac16012b30d5ede70370de06477383c4a705c260a47a.e3iSbxaKaheRe34Sa3yKbhiTahb0n6jAmljGr5XDqQLvpAe HTTP/1.1" 200 89
66.249.65.115 - - [30/Nov/2014:11:14:15 -0500] "GET /BLA/resoluciones/AUTOS%202013/0479.pdf HTTP/1.1" 304 -
201.245.192.253 - - [30/Nov/2014:11:14:24 -0500] "GET /forest/session.jsp?a=0.6601107914466411 HTTP/1.1" 200 5
201.245.192.253 - - [30/Nov/2014:11:14:25 -0500] "GET /forest/login.jsp?a=0.300112146185711 HTTP/1.1" 200 2996
190.26.187.219 - - [30/Nov/2014:11:14:27 -0500] "POST /forms/lservlet;jsessionid=ac16012b30d5ede70370de06477383c4a705c260a47a.e3iSbxaKaheRe34Sa3yKbhiTahb0n6jAmljGr5XDqQLvpAe HTTP/1.1" 200 118
190.26.187.219 - - [30/Nov/2014:11:14:28 -0500] "POST /forms/lservlet;jsessionid=ac16012b30d5ede70370de06477383c4a705c260a47a.e3iSbxaKaheRe34Sa3yKbhiTahb0n6jAmljGr5XDqQLvpAe HTTP/1.1" 200 94
181.50.241.109 - - [30/Nov/2014:11:14:29 -0500] "POST /forms/lservlet;jsessionid=ac16012b30d5f682009d5f7842a48dd7955190f32559.e3iSbxaKaheRe34Sa3yKbhiTahb0n6jAmljGr5XDqQLvpAe HTTP/1.1" 200 2
190.26.187.219 - - [30/Nov/2014:11:14:29 -0500] "POST /forms/lservlet;jsessionid=ac16012b30d5ede70370de06477383c4a705c260a47a.e3iSbxaKaheRe34Sa3yKbhiTahb0n6jAmljGr5XDqQLvpAe HTTP/1.1" 200 78
190.26.187.219 - - [30/Nov/2014:11:14:32 -0500] "POST /forms/lservlet;jsessionid=ac16012b30d5ede70370de06477383c4a705c260a47a.e3iSbxaKaheRe34Sa3yKbhiTahb0n6jAmljGr5XDqQLvpAe HTTP/1.1" 200 2
190.26.187.219 - - [30/Nov/2014:11:14:32 -0500] "POST /forms/lservlet;jsessionid=ac16012b30d5ede70370de06477383c4a705c260a47a.e3iSbxaKaheRe34Sa3yKbhiTahb0n6jAmljGr5XDqQLvpAe HTTP/1.1" 200 2901
190.26.187.219 - - [30/Nov/2014:11:14:32 -0500] "POST /forms/lservlet;jsessionid=ac16012b30d5ede70370de06477383c4a705c260a47a.e3iSbxaKaheRe34Sa3yKbhiTahb0n6jAmljGr5XDqQLvpAe HTTP/1.1" 200 2
190.26.187.219 - - [30/Nov/2014:11:14:37 -0500] "POST /forms/lservlet;jsessionid=ac16012b30d5ede70370de06477383c4a705c260a47a.e3iSbxaKaheRe34Sa3yKbhiTahb0n6jAmljGr5XDqQLvpAe HTTP/1.1" 200 304
190.26.187.219 - - [30/Nov/2014:11:14:38 -0500] "POST /forms/lservlet;jsessionid=ac16012b30d5ede70370de06477383c4a705c260a47a.e3iSbxaKaheRe34Sa3yKbhiTahb0n6jAmljGr5XDqQLvpAe HTTP/1.1" 200 8
190.26.187.219 - - [30/Nov/2014:11:14:38 -0500] "POST /forms/lservlet;jsessionid=ac16012b30d5ede70370de06477383c4a705c260a47a.e3iSbxaKaheRe34Sa3yKbhiTahb0n6jAmljGr5XDqQLvpAe HTTP/1.1" 200 2
190.26.187.219 - - [30/Nov/2014:11:14:39 -0500] "POST /forms/lservlet;jsessionid=ac16012b30d5ede70370de06477383c4a705c260a47a.e3iSbxaKaheRe34Sa3yKbhiTahb0n6jAmljGr5XDqQLvpAe HTTP/1.1" 200 63
66.249.65.123 - - [30/Nov/2014:11:14:44 -0500] "GET /BLA/resoluciones/RESOLUCIONES%202010/6098.pdf HTTP/1.1" 304 -
188.165.15.239 - - [30/Nov/2014:11:14:51 -0500] "GET /BLA/resoluciones/RESOLUCIONES%202004/RES%202004%202201-2250/00002228.tif HTTP/1.1" 200 50580
161.10.191.147 - - [30/Nov/2014:11:14:52 -0500] "GET /BLA/boletinlegal/js/jquery.scrollShow.js HTTP/1.1" 200 4586
161.10.191.147 - - [30/Nov/2014:11:14:52 -0500] "GET /BLA/boletinlegal/js/jquery.js HTTP/1.1" 200 57254
161.10.191.147 - - [30/Nov/2014:11:14:53 -0500] "GET /BLA/boletinlegal/js/jquery.scrollTo-min.js HTTP/1.1" 200 1150
190.26.187.219 - - [30/Nov/2014:11:15:06 -0500] "POST /forms/lservlet;jsessionid=ac16012b30d5ede70370de06477383c4a705c260a47a.e3iSbxaKaheRe34Sa3yKbhiTahb0n6jAmljGr5XDqQLvpAe HTTP/1.1" 200 207
190.26.187.219 - - [30/Nov/2014:11:15:07 -0500] "POST /forms/lservlet;jsessionid=ac16012b30d5ede70370de06477383c4a705c260a47a.e3iSbxaKaheRe34Sa3yKbhiTahb0n6jAmljGr5XDqQLvpAe HTTP/1.1" 200 8
190.26.187.219 - - [30/Nov/2014:11:15:07 -0500] "POST /forms/lservlet;jsessionid=ac16012b30d5ede70370de06477383c4a705c260a47a.e3iSbxaKaheRe34Sa3yKbhiTahb0n6jAmljGr5XDqQLvpAe HTTP/1.1" 200 2
190.26.187.219 - - [30/Nov/2014:11:15:08 -0500] "POST /forms/lservlet;jsessionid=ac16012b30d5ede70370de06477383c4a705c260a47a.e3iSbxaKaheRe34Sa3yKbhiTahb0n6jAmljGr5XDqQLvpAe HTTP/1.1" 200 63
66.249.65.115 - - [30/Nov/2014:11:15:12 -0500] "GET /BLA/resoluciones/Notificaciones/AUTOS%202014/3265.doc HTTP/1.1" 304 -
186.145.58.53 - - [30/Nov/2014:11:15:27 -0500] "POST /forms/lservlet;jsessionid=ac16012b30d59f3302a812bb4270ac9bcb1e642f75c7.e3iSbxaKaheRe34Sa3yKbhiTahb0n6jAmljGr5XDqQLvpAe HTTP/1.1" 200 2
190.26.187.219 - - [30/Nov/2014:11:15:29 -0500] "POST /forms/lservlet;jsessionid=ac16012b30d5ede70370de06477383c4a705c260a47a.e3iSbxaKaheRe34Sa3yKbhiTahb0n6jAmljGr5XDqQLvpAe HTTP/1.1" 200 118
190.26.187.219 - - [30/Nov/2014:11:15:30 -0500] "POST /forms/lservlet;jsessionid=ac16012b30d5ede70370de06477383c4a705c260a47a.e3iSbxaKaheRe34Sa3yKbhiTahb0n6jAmljGr5XDqQLvpAe HTTP/1.1" 200 94
190.26.187.219 - - [30/Nov/2014:11:15:32 -0500] "POST /forms/lservlet;jsessionid=ac16012b30d5ede70370de06477383c4a705c260a47a.e3iSbxaKaheRe34Sa3yKbhiTahb0n6jAmljGr5XDqQLvpAe HTTP/1.1" 200 78
190.26.187.219 - - [30/Nov/2014:11:15:34 -0500] "POST /forms/lservlet;jsessionid=ac16012b30d5ede70370de06477383c4a705c260a47a.e3iSbxaKaheRe34Sa3yKbhiTahb0n6jAmljGr5XDqQLvpAe HTTP/1.1" 200 2
190.26.187.219 - - [30/Nov/2014:11:15:34 -0500] "POST /forms/lservlet;jsessionid=ac16012b30d5ede70370de06477383c4a705c260a47a.e3iSbxaKaheRe34Sa3yKbhiTahb0n6jAmljGr5XDqQLvpAe HTTP/1.1" 200 3179
190.26.187.219 - - [30/Nov/2014:11:15:35 -0500] "POST /forms/lservlet;jsessionid=ac16012b30d5ede70370de06477383c4a705c260a47a.e3iSbxaKaheRe34Sa3yKbhiTahb0n6jAmljGr5XDqQLvpAe HTTP/1.1" 200 2
190.26.187.219 - - [30/Nov/2014:11:15:38 -0500] "POST /forms/lservlet;jsessionid=ac16012b30d5ede70370de06477383c4a705c260a47a.e3iSbxaKaheRe34Sa3yKbhiTahb0n6jAmljGr5XDqQLvpAe HTTP/1.1" 200 83
190.26.187.219 - - [30/Nov/2014:11:15:38 -0500] "POST /forms/lservlet;jsessionid=ac16012b30d5ede70370de06477383c4a705c260a47a.e3iSbxaKaheRe34Sa3yKbhiTahb0n6jAmljGr5XDqQLvpAe HTTP/1.1" 200 8
190.26.187.219 - - [30/Nov/2014:11:15:38 -0500] "POST /forms/lservlet;jsessionid=ac16012b30d5ede70370de06477383c4a705c260a47a.e3iSbxaKaheRe34Sa3yKbhiTahb0n6jAmljGr5XDqQLvpAe HTTP/1.1" 200 2
66.249.65.115 - - [30/Nov/2014:11:15:40 -0500] "GET /BLA/resoluciones/RESOLUCIONES%202011/0341.pdf HTTP/1.1" 304 -
190.26.187.219 - - [30/Nov/2014:11:15:40 -0500] "POST /forms/lservlet;jsessionid=ac16012b30d5ede70370de06477383c4a705c260a47a.e3iSbxaKaheRe34Sa3yKbhiTahb0n6jAmljGr5XDqQLvpAe HTTP/1.1" 200 63
190.26.187.219 - - [30/Nov/2014:11:15:44 -0500] "POST /forms/lservlet;jsessionid=ac16012b30d5ede70370de06477383c4a705c260a47a.e3iSbxaKaheRe34Sa3yKbhiTahb0n6jAmljGr5XDqQLvpAe HTTP/1.1" 200 145
190.26.187.219 - - [30/Nov/2014:11:15:45 -0500] "POST /forms/lservlet;jsessionid=ac16012b30d5ede70370de06477383c4a705c260a47a.e3iSbxaKaheRe34Sa3yKbhiTahb0n6jAmljGr5XDqQLvpAe HTTP/1.1" 200 7
186.81.153.89 - - [30/Nov/2014:11:15:45 -0500] "GET /BLA/boletinlegal/js/jquery.js HTTP/1.1" 304 -
186.81.153.89 - - [30/Nov/2014:11:15:45 -0500] "GET /BLA/boletinlegal/js/jquery.scrollTo-min.js HTTP/1.1" 304 -
186.81.153.89 - - [30/Nov/2014:11:15:45 -0500] "GET /BLA/boletinlegal/js/jquery.scrollShow.js HTTP/1.1" 304 -
190.26.187.219 - - [30/Nov/2014:11:15:47 -0500] "POST /forms/lservlet;jsessionid=ac16012b30d5ede70370de06477383c4a705c260a47a.e3iSbxaKaheRe34Sa3yKbhiTahb0n6jAmljGr5XDqQLvpAe HTTP/1.1" 200 7
66.249.65.123 - - [30/Nov/2014:11:16:08 -0500] "GET /BLA/resoluciones/RESOLUCIONES%202014/0319.pdf HTTP/1.1" 304 -
190.26.187.219 - - [30/Nov/2014:11:16:13 -0500] "POST /forms/lservlet;jsessionid=ac16012b30d5ede70370de06477383c4a705c260a47a.e3iSbxaKaheRe34Sa3yKbhiTahb0n6jAmljGr5XDqQLvpAe HTTP/1.1" 200 118
190.26.187.219 - - [30/Nov/2014:11:16:15 -0500] "POST /forms/lservlet;jsessionid=ac16012b30d5ede70370de06477383c4a705c260a47a.e3iSbxaKaheRe34Sa3yKbhiTahb0n6jAmljGr5XDqQLvpAe HTTP/1.1" 200 94
190.26.187.219 - - [30/Nov/2014:11:16:17 -0500] "POST /forms/lservlet;jsessionid=ac16012b30d5ede70370de06477383c4a705c260a47a.e3iSbxaKaheRe34Sa3yKbhiTahb0n6jAmljGr5XDqQLvpAe HTTP/1.1" 200 78
190.26.187.219 - - [30/Nov/2014:11:16:18 -0500] "POST /forms/lservlet;jsessionid=ac16012b30d5ede70370de06477383c4a705c260a47a.e3iSbxaKaheRe34Sa3yKbhiTahb0n6jAmljGr5XDqQLvpAe HTTP/1.1" 200 2
190.26.187.219 - - [30/Nov/2014:11:16:18 -0500] "POST /forms/lservlet;jsessionid=ac16012b30d5ede70370de06477383c4a705c260a47a.e3iSbxaKaheRe34Sa3yKbhiTahb0n6jAmljGr5XDqQLvpAe HTTP/1.1" 200 3229
190.26.187.219 - - [30/Nov/2014:11:16:19 -0500] "POST /forms/lservlet;jsessionid=ac16012b30d5ede70370de06477383c4a705c260a47a.e3iSbxaKaheRe34Sa3yKbhiTahb0n6jAmljGr5XDqQLvpAe HTTP/1.1" 200 2
190.26.187.219 - - [30/Nov/2014:11:16:21 -0500] "POST /forms/lservlet;jsessionid=ac16012b30d5ede70370de06477383c4a705c260a47a.e3iSbxaKaheRe34Sa3yKbhiTahb0n6jAmljGr5XDqQLvpAe HTTP/1.1" 200 89
181.50.241.109 - - [30/Nov/2014:11:16:29 -0500] "POST /forms/lservlet;jsessionid=ac16012b30d5f682009d5f7842a48dd7955190f32559.e3iSbxaKaheRe34Sa3yKbhiTahb0n6jAmljGr5XDqQLvpAe HTTP/1.1" 200 2
201.245.192.253 - - [30/Nov/2014:11:10:32 -0500] "GET /ForestMSG_SDA/channelAsync/template_word_16520616?X-Atmosphere-tracking-id=2af821ee-e929-c0fe-d340-010fca965d21&X-Atmosphere-Framework=1.0.5&X-Atmosphere-Transport=long-polling&tabid=0.6438876590691507&X-Cache-Date=0&Content-Type=application/xml&_=1417364045992 HTTP/1.1" 200 8193
190.26.187.219 - - [30/Nov/2014:11:16:32 -0500] "POST /forms/lservlet;jsessionid=ac16012b30d5ede70370de06477383c4a705c260a47a.e3iSbxaKaheRe34Sa3yKbhiTahb0n6jAmljGr5XDqQLvpAe HTTP/1.1" 200 2
66.249.65.115 - - [30/Nov/2014:11:16:36 -0500] "GET /BLA/resoluciones/RESOLUCIONES%202007/RES%202007%202801%20AL%202900/RESOLUCION%202881%20DE%202007.pdf HTTP/1.1" 304 -
190.26.187.219 - - [30/Nov/2014:11:16:45 -0500] "POST /forms/lservlet;jsessionid=ac16012b30d5ede70370de06477383c4a705c260a47a.e3iSbxaKaheRe34Sa3yKbhiTahb0n6jAmljGr5XDqQLvpAe HTTP/1.1" 200 118
190.26.187.219 - - [30/Nov/2014:11:16:46 -0500] "POST /forms/lservlet;jsessionid=ac16012b30d5ede70370de06477383c4a705c260a47a.e3iSbxaKaheRe34Sa3yKbhiTahb0n6jAmljGr5XDqQLvpAe HTTP/1.1" 200 94
190.26.187.219 - - [30/Nov/2014:11:16:47 -0500] "POST /forms/lservlet;jsessionid=ac16012b30d5ede70370de06477383c4a705c260a47a.e3iSbxaKaheRe34Sa3yKbhiTahb0n6jAmljGr5XDqQLvpAe HTTP/1.1" 200 78
190.26.187.219 - - [30/Nov/2014:11:16:48 -0500] "POST /forms/lservlet;jsessionid=ac16012b30d5ede70370de06477383c4a705c260a47a.e3iSbxaKaheRe34Sa3yKbhiTahb0n6jAmljGr5XDqQLvpAe HTTP/1.1" 200 2
190.26.187.219 - - [30/Nov/2014:11:16:49 -0500] "POST /forms/lservlet;jsessionid=ac16012b30d5ede70370de06477383c4a705c260a47a.e3iSbxaKaheRe34Sa3yKbhiTahb0n6jAmljGr5XDqQLvpAe HTTP/1.1" 200 2564
190.26.187.219 - - [30/Nov/2014:11:16:50 -0500] "POST /forms/lservlet;jsessionid=ac16012b30d5ede70370de06477383c4a705c260a47a.e3iSbxaKaheRe34Sa3yKbhiTahb0n6jAmljGr5XDqQLvpAe HTTP/1.1" 200 2
74.86.158.107 - - [30/Nov/2014:11:16:50 -0500] "HEAD / HTTP/1.1" 302 -
190.26.187.219 - - [30/Nov/2014:11:16:52 -0500] "POST /forms/lservlet;jsessionid=ac16012b30d5ede70370de06477383c4a705c260a47a.e3iSbxaKaheRe34Sa3yKbhiTahb0n6jAmljGr5XDqQLvpAe HTTP/1.1" 200 2
190.26.187.219 - - [30/Nov/2014:11:16:52 -0500] "POST /forms/lservlet;jsessionid=ac16012b30d5ede70370de06477383c4a705c260a47a.e3iSbxaKaheRe34Sa3yKbhiTahb0n6jAmljGr5XDqQLvpAe HTTP/1.1" 200 2516
190.26.187.219 - - [30/Nov/2014:11:16:53 -0500] "POST /forms/lservlet;jsessionid=ac16012b30d5ede70370de06477383c4a705c260a47a.e3iSbxaKaheRe34Sa3yKbhiTahb0n6jAmljGr5XDqQLvpAe HTTP/1.1" 200 2
190.26.187.219 - - [30/Nov/2014:11:16:56 -0500] "POST /forms/lservlet;jsessionid=ac16012b30d5ede70370de06477383c4a705c260a47a.e3iSbxaKaheRe34Sa3yKbhiTahb0n6jAmljGr5XDqQLvpAe HTTP/1.1" 200 89
66.249.65.119 - - [30/Nov/2014:11:17:04 -0500] "GET /BLA/resoluciones/RESOLUCIONES%202007/RES%202007%204001%20AL%204100/RESOLUCION%204019%20DE%202007.pdf HTTP/1.1" 200 784242
190.157.244.71 - - [30/Nov/2014:11:17:11 -0500] "GET /BLA/boletinlegal/js/jquery.js HTTP/1.1" 200 57254
190.157.244.71 - - [30/Nov/2014:11:17:11 -0500] "GET /BLA/boletinlegal/js/jquery.scrollTo-min.js HTTP/1.1" 200 1150
190.157.244.71 - - [30/Nov/2014:11:17:11 -0500] "GET /BLA/boletinlegal/js/jquery.scrollShow.js HTTP/1.1" 200 4586
186.145.58.53 - - [30/Nov/2014:11:17:27 -0500] "POST /forms/lservlet;jsessionid=ac16012b30d59f3302a812bb4270ac9bcb1e642f75c7.e3iSbxaKaheRe34Sa3yKbhiTahb0n6jAmljGr5XDqQLvpAe HTTP/1.1" 200 2
66.249.65.123 - - [30/Nov/2014:11:17:36 -0500] "GET /BLA/resoluciones/RESOLUCIONES%202013/0940.pdf HTTP/1.1" 304 -
181.133.79.49 - - [30/Nov/2014:11:18:03 -0500] "GET /BLA/resoluciones/AUTOS%202013/2335.pdf HTTP/1.1" 200 1913330
181.133.79.49 - - [30/Nov/2014:11:18:04 -0500] "GET /BLA/resoluciones/AUTOS%202013/2335.pdf HTTP/1.1" 206 32768
181.133.79.49 - - [30/Nov/2014:11:18:04 -0500] "GET /BLA/resoluciones/AUTOS%202013/2335.pdf HTTP/1.1" 206 1880562
181.133.79.49 - - [30/Nov/2014:11:18:07 -0500] "GET /favicon.ico HTTP/1.1" 200 7782
181.50.241.109 - - [30/Nov/2014:11:18:29 -0500] "POST /forms/lservlet;jsessionid=ac16012b30d5f682009d5f7842a48dd7955190f32559.e3iSbxaKaheRe34Sa3yKbhiTahb0n6jAmljGr5XDqQLvpAe HTTP/1.1" 200 2
66.249.65.119 - - [30/Nov/2014:11:18:29 -0500] "GET /BLA/resoluciones/RESOLUCIONES%202010/6176.pdf HTTP/1.1" 200 10138800
190.26.187.219 - - [30/Nov/2014:11:18:33 -0500] "POST /forms/lservlet;jsessionid=ac16012b30d5ede70370de06477383c4a705c260a47a.e3iSbxaKaheRe34Sa3yKbhiTahb0n6jAmljGr5XDqQLvpAe HTTP/1.1" 200 2
201.245.192.253 - - [30/Nov/2014:11:18:35 -0500] "GET /plugins/like.php?app_id=277933592279563&channel=http%3A%2F%2Fstatic.ak.facebook.com%2Fconnect%2Fxd_arbiter%2F7r8gQb8MIqE.js%3Fversion%3D41%23cb%3Df1c8205618%26domain%3Dwww.acanomas.com%26origin%3Dhttp%253A%252F%252Fwww.acanomas.com%252Ff683f1c94%26relation%3Dparent.parent&href=http%3A%2F%2Fwww.acanomas.com%2FGuia-para-resolver-Crucigramas%2F1123%2FNombres.htm&layout=button_count&locale=es_LA&sdk=joey&send=true&show_faces=false&width=200 HTTP/1.1" 404 1346
190.66.255.241 - - [30/Nov/2014:11:18:43 -0500] "GET /BLA/boletinlegal/js/jquery.js HTTP/1.1" 200 57254
190.66.255.241 - - [30/Nov/2014:11:18:43 -0500] "GET /BLA/boletinlegal/js/jquery.scrollTo-min.js HTTP/1.1" 200 1150
190.66.255.241 - - [30/Nov/2014:11:18:43 -0500] "GET /BLA/boletinlegal/js/jquery.scrollShow.js HTTP/1.1" 200 4586
66.249.65.115 - - [30/Nov/2014:11:18:57 -0500] "GET /BLA/resoluciones/RESOLUCIONES%202011/0895.pdf HTTP/1.1" 200 342815
186.30.159.203 - - [30/Nov/2014:11:18:57 -0500] "GET /BLA/boletinlegal/js/jquery.scrollTo-min.js HTTP/1.1" 200 1150
186.30.159.203 - - [30/Nov/2014:11:18:57 -0500] "GET /BLA/boletinlegal/js/jquery.js HTTP/1.1" 200 57254
186.30.159.203 - - [30/Nov/2014:11:18:57 -0500] "GET /BLA/boletinlegal/js/jquery.scrollShow.js HTTP/1.1" 200 4586
186.145.58.53 - - [30/Nov/2014:11:18:59 -0500] "POST /forms/lservlet;jsessionid=ac16012b30d59f3302a812bb4270ac9bcb1e642f75c7.e3iSbxaKaheRe34Sa3yKbhiTahb0n6jAmljGr5XDqQLvpAe HTTP/1.1" 200 2027
186.145.58.53 - - [30/Nov/2014:11:18:59 -0500] "POST /forms/lservlet;jsessionid=ac16012b30d59f3302a812bb4270ac9bcb1e642f75c7.e3iSbxaKaheRe34Sa3yKbhiTahb0n6jAmljGr5XDqQLvpAe HTTP/1.1" 200 78
186.145.58.53 - - [30/Nov/2014:11:19:01 -0500] "POST /forms/lservlet;jsessionid=ac16012b30d59f3302a812bb4270ac9bcb1e642f75c7.e3iSbxaKaheRe34Sa3yKbhiTahb0n6jAmljGr5XDqQLvpAe HTTP/1.1" 200 86
186.145.58.53 - - [30/Nov/2014:11:19:01 -0500] "POST /forms/lservlet;jsessionid=ac16012b30d59f3302a812bb4270ac9bcb1e642f75c7.e3iSbxaKaheRe34Sa3yKbhiTahb0n6jAmljGr5XDqQLvpAe HTTP/1.1" 200 -
186.154.84.82 - - [30/Nov/2014:11:13:11 -0500] "GET /ForestMSG_SDA/channelAsync/template_word_16980384?X-Atmosphere-tracking-id=09cc4d21-633c-533d-90c8-6afddd3b4e2f&X-Atmosphere-Framework=1.0.5&X-Atmosphere-Transport=long-polling&tabid=0.03968597715720534&X-Cache-Date=0&Content-Type=application/xml&_=1417364170284 HTTP/1.1" 200 8193
66.249.65.123 - - [30/Nov/2014:11:19:25 -0500] "GET /BLA/resoluciones/RESOLUCIONES%202013/0995.pdf HTTP/1.1" 304 -
180.76.6.46 - - [30/Nov/2014:11:19:42 -0500] "GET /BLA/boletinlegal/Circulares/2009/Circular%20Instructiva%20-%20Memorando%202009IE24363.pdf HTTP/1.1" 200 1544636
186.82.191.102 - - [30/Nov/2014:11:19:43 -0500] "GET /galeria/nivo-slider/demo/images/Banner-GAE3.jpg HTTP/1.1" 304 -
66.249.65.115 - - [30/Nov/2014:11:19:53 -0500] "GET /BLA/resoluciones/RESOLUCIONES%202011/0795.pdf HTTP/1.1" 200 274978
66.249.65.119 - - [30/Nov/2014:11:20:00 -0500] "GET /BLA/resoluciones/RESOLUCIONES%202002/RES%202002%201651-1700/20021662.tif HTTP/1.1" 200 98214
186.82.191.102 - - [30/Nov/2014:11:20:07 -0500] "GET /galeria/nivo-slider/demo/images/festivalBasura0.jpg HTTP/1.1" 304 -
66.249.65.115 - - [30/Nov/2014:11:20:21 -0500] "GET /BLA/resoluciones/RESOLUCIONES%202011/2054.pdf HTTP/1.1" 304 -
181.50.241.109 - - [30/Nov/2014:11:20:29 -0500] "POST /forms/lservlet;jsessionid=ac16012b30d5f682009d5f7842a48dd7955190f32559.e3iSbxaKaheRe34Sa3yKbhiTahb0n6jAmljGr5XDqQLvpAe HTTP/1.1" 200 2
190.26.187.219 - - [30/Nov/2014:11:20:33 -0500] "POST /forms/lservlet;jsessionid=ac16012b30d5ede70370de06477383c4a705c260a47a.e3iSbxaKaheRe34Sa3yKbhiTahb0n6jAmljGr5XDqQLvpAe HTTP/1.1" 200 2
201.245.192.253 - - [30/Nov/2014:11:20:38 -0500] "GET /plugins/like.php?app_id=&channel=http%3A%2F%2Fstatic.ak.facebook.com%2Fconnect%2Fxd_arbiter%2F7r8gQb8MIqE.js%3Fversion%3D41%23cb%3Df1155443fc%26domain%3Dwww.globalcartagena.com%26origin%3Dhttp%253A%252F%252Fwww.globalcartagena.com%252Ff20c5c1274%26relation%3Dparent.parent&color_scheme=light&href=http%3A%2F%2Fglobalcartagena.com%2Fpropiedades%2Fpropiedades_masinfo.php%3Fid%3D516%26secc%3Dpropiedades%26id_tiposdepropiedad%3D0%7C6%26id_modalidad%3D0%26id_periodo%3D0%26id_provincia%3D0%26id_departamento%3D0%26id_zona%3D0%26id_comodidad%3D0%26amoblado%3D0%26precio_desde%3D%26precio_hasta%3D%26order%3D3%26gclid%3DCInM59DeosICFUkA7AodEVwAmw&layout=button_count&locale=es_LA&sdk=joey&show_faces=true&width=130 HTTP/1.1" 404 1772
66.249.65.123 - - [30/Nov/2014:11:20:44 -0500] "GET /BLA/resoluciones/RESOLUCIONES%202007/RES%202007%204001%20AL%204100/RESOLUCION%204019%20DE%202007.pdf HTTP/1.1" 200 784242
66.249.65.119 - - [30/Nov/2014:11:20:49 -0500] "GET /BLA/resoluciones/AUTOS%202011/3254.pdf HTTP/1.1" 304 -
186.113.10.143 - - [30/Nov/2014:11:20:58 -0500] "GET /galeria/nivo-slider/demo/images/ForoNacionalAmbiental.jpg HTTP/1.1" 304 -
181.254.12.60 - - [30/Nov/2014:11:21:12 -0500] "GET /BLA/resoluciones/RESOLUCIONES%202009/5761.pdf HTTP/1.1" 200 491037
181.254.12.60 - - [30/Nov/2014:11:21:16 -0500] "GET /BLA/resoluciones/RESOLUCIONES%202009/5761.pdf HTTP/1.1" 200 491037
66.249.65.115 - - [30/Nov/2014:11:21:17 -0500] "GET /BLA/resoluciones/RESOLUCIONES%202007/RES%202007%201301%20AL%201400/RESOLUCION%201373%20DE%202007.pdf HTTP/1.1" 304 -
188.165.15.23 - - [30/Nov/2014:11:21:26 -0500] "GET /BLA/resoluciones/RESOLUCIONES%202003/RES%202003%201701-1750/20031746.tif HTTP/1.1" 200 90184
188.165.15.87 - - [30/Nov/2014:11:21:36 -0500] "GET /BLA/resoluciones/RESOLUCIONES%202002/RES%202002%20451-500/00000480.tif HTTP/1.1" 200 147320
66.249.65.123 - - [30/Nov/2014:11:21:45 -0500] "GET /BLA/resoluciones/RESOLUCIONES%202007/RES%202007%20401%20AL%20500/RESOLUCION%200410%20DE%202007.pdf HTTP/1.1" 304 -
74.86.158.107 - - [30/Nov/2014:11:21:50 -0500] "HEAD / HTTP/1.1" 302 -
66.249.65.119 - - [30/Nov/2014:11:22:14 -0500] "GET /BLA/resoluciones/AUTOS%202013/0963.pdf HTTP/1.1" 304 -
181.50.241.109 - - [30/Nov/2014:11:22:29 -0500] "POST /forms/lservlet;jsessionid=ac16012b30d5f682009d5f7842a48dd7955190f32559.e3iSbxaKaheRe34Sa3yKbhiTahb0n6jAmljGr5XDqQLvpAe HTTP/1.1" 200 2
190.26.187.219 - - [30/Nov/2014:11:22:36 -0500] "POST /forms/lservlet;jsessionid=ac16012b30d5ede70370de06477383c4a705c260a47a.e3iSbxaKaheRe34Sa3yKbhiTahb0n6jAmljGr5XDqQLvpAe HTTP/1.1" 200 2
186.113.171.106 - - [30/Nov/2014:11:22:37 -0500] "GET /BLA/boletinlegal/js/jquery.js HTTP/1.1" 200 57254
186.113.171.106 - - [30/Nov/2014:11:22:37 -0500] "GET /BLA/boletinlegal/js/jquery.scrollTo-min.js HTTP/1.1" 200 1150
186.113.171.106 - - [30/Nov/2014:11:22:37 -0500] "GET /BLA/boletinlegal/js/jquery.scrollShow.js HTTP/1.1" 200 4586
66.249.65.119 - - [30/Nov/2014:11:22:42 -0500] "GET /BLA/resoluciones/AUTOS%202010/5476.pdf HTTP/1.1" 304 -
66.249.65.115 - - [30/Nov/2014:11:23:10 -0500] "GET /BLA/resoluciones/RESOLUCIONES%202008/0339.pdf HTTP/1.1" 200 333276
66.249.65.115 - - [30/Nov/2014:11:23:19 -0500] "GET /BLA/resoluciones/RESOLUCIONES%202013/0883.pdf HTTP/1.1" 304 -
186.113.10.143 - - [30/Nov/2014:11:23:24 -0500] "GET /galeria/nivo-slider/demo/images/banner-pygaai.jpg HTTP/1.1" 304 -
201.245.192.253 - - [30/Nov/2014:11:17:33 -0500] "GET /ForestMSG_SDA/channelAsync/template_word_16520616?X-Atmosphere-tracking-id=1772959e-8967-cabe-aa4d-1ab439b0b322&X-Atmosphere-Framework=1.0.5&X-Atmosphere-Transport=long-polling&tabid=0.6438876590691507&X-Cache-Date=0&Content-Type=application/xml&_=1417364466966 HTTP/1.1" 200 8193
66.249.65.123 - - [30/Nov/2014:11:23:38 -0500] "GET /BLA/resoluciones/RESOLUCIONES%202007/RES%202007%202901%20AL%203000/RESOLUCION%202945%20DE%202007.pdf HTTP/1.1" 200 74521
188.165.15.41 - - [30/Nov/2014:11:23:58 -0500] "GET /BLA/resoluciones/RESOLUCIONES%202002/RES%202002%201201-1250/20021242.tif HTTP/1.1" 200 100914
66.249.65.123 - - [30/Nov/2014:11:24:06 -0500] "GET /BLA/resoluciones/RESOLUCIONES%202013/0860.pdf HTTP/1.1" 304 -
181.55.136.116 - - [30/Nov/2014:11:24:28 -0500] "GET /BLA/boletinlegal/js/jquery.js HTTP/1.1" 200 57254
181.55.136.116 - - [30/Nov/2014:11:24:28 -0500] "GET /BLA/boletinlegal/js/jquery.scrollTo-min.js HTTP/1.1" 200 1150
181.55.136.116 - - [30/Nov/2014:11:24:28 -0500] "GET /BLA/boletinlegal/js/jquery.scrollShow.js HTTP/1.1" 200 4586
181.50.241.109 - - [30/Nov/2014:11:24:29 -0500] "POST /forms/lservlet;jsessionid=ac16012b30d5f682009d5f7842a48dd7955190f32559.e3iSbxaKaheRe34Sa3yKbhiTahb0n6jAmljGr5XDqQLvpAe HTTP/1.1" 200 2
66.249.65.123 - - [30/Nov/2014:11:24:34 -0500] "GET /BLA/resoluciones/RESOLUCIONES%202013/2149.pdf HTTP/1.1" 200 839353
190.26.187.219 - - [30/Nov/2014:11:24:36 -0500] "POST /forms/lservlet;jsessionid=ac16012b30d5ede70370de06477383c4a705c260a47a.e3iSbxaKaheRe34Sa3yKbhiTahb0n6jAmljGr5XDqQLvpAe HTTP/1.1" 200 2
188.165.15.87 - - [30/Nov/2014:11:24:39 -0500] "GET /BLA/resoluciones/RESOLUCIONES%202002/RES%202002%20201-250/2002RES208.tif HTTP/1.1" 200 74678
66.249.65.115 - - [30/Nov/2014:11:24:39 -0500] "GET /BLA/resoluciones/RESOLUCIONES%202004/RES%202004%20601-650/00000615.tif HTTP/1.1" 200 184258
66.249.65.119 - - [30/Nov/2014:11:24:57 -0500] "GET /videos/galeria-fotografica/js/jquery-flickr-gallery/jquery-flickr.css HTTP/1.1" 200 711
66.249.65.123 - - [30/Nov/2014:11:24:57 -0500] "GET /videos/galeria-fotografica/js/jquery-flickr-gallery/jquery-flickr-gallery.js HTTP/1.1" 200 9050
66.249.65.123 - - [30/Nov/2014:11:25:02 -0500] "GET /BLA/resoluciones/RESOLUCIONES%202007/RES%202007%201201%20AL%201300/RESOLUCION%201232%20DE%202007.pdf HTTP/1.1" 304 -
181.155.76.214 - - [30/Nov/2014:11:25:07 -0500] "GET /galeria/nivo-slider/demo/demo.html HTTP/1.1" 200 3458
181.155.76.214 - - [30/Nov/2014:11:25:08 -0500] "GET /galeria/nivo-slider/demo/images/Banner-GAE3.jpg HTTP/1.1" 200 146354
181.155.76.214 - - [30/Nov/2014:11:25:09 -0500] "GET /galeria/nivo-slider/demo/images/festivalBasura0.jpg HTTP/1.1" 304 -
181.155.76.214 - - [30/Nov/2014:11:25:09 -0500] "GET /galeria/nivo-slider/demo/images/Banner-comparendo.jpg HTTP/1.1" 304 -
181.155.76.214 - - [30/Nov/2014:11:25:09 -0500] "GET /galeria/nivo-slider/demo/images/Biotaxis-Man.jpg HTTP/1.1" 304 -
181.155.76.214 - - [30/Nov/2014:11:25:10 -0500] "GET /galeria/nivo-slider/demo/images/porloshumedales.jpg HTTP/1.1" 304 -
181.155.76.214 - - [30/Nov/2014:11:25:12 -0500] "GET /galeria/nivo-slider/demo/images/banner-pygaai.jpg HTTP/1.1" 304 -
186.154.84.82 - - [30/Nov/2014:11:19:12 -0500] "GET /ForestMSG_SDA/channelAsync/template_word_16980384?X-Atmosphere-tracking-id=09cc4d21-633c-533d-90c8-6afddd3b4e2f&X-Atmosphere-Framework=1.0.5&X-Atmosphere-Transport=long-polling&tabid=0.03968597715720534&X-Cache-Date=0&Content-Type=application/xml&_=1417364531283 HTTP/1.1" 200 8193
66.249.65.115 - - [30/Nov/2014:11:25:30 -0500] "GET /BLA/resoluciones/RESOLUCIONES%202007/RES%202007%203601%20AL%203700/RESOLUCION%203652%20DE%202007.pdf HTTP/1.1" 304 -
186.29.3.246 - - [30/Nov/2014:11:25:40 -0500] "GET /BLA/boletinlegal/js/jquery.scrollTo-min.js HTTP/1.1" 200 1150
186.29.3.246 - - [30/Nov/2014:11:25:40 -0500] "GET /BLA/boletinlegal/js/jquery.js HTTP/1.1" 200 57254
186.29.3.246 - - [30/Nov/2014:11:25:40 -0500] "GET /galeria/carrusel/Carrusel/jquery.thumbnailScroller.css HTTP/1.1" 200 2066
186.29.3.246 - - [30/Nov/2014:11:25:40 -0500] "GET /BLA/boletinlegal/js/jquery.scrollShow.js HTTP/1.1" 200 4586
186.29.3.246 - - [30/Nov/2014:11:25:40 -0500] "GET /galeria/carrusel/Carrusel/jquery-ui-1.8.13.custom.min.js HTTP/1.1" 200 10800
186.29.3.246 - - [30/Nov/2014:11:25:40 -0500] "GET /galeria/carrusel/Carrusel/jquery.thumbnailScroller.js HTTP/1.1" 200 8157
186.29.3.246 - - [30/Nov/2014:11:25:46 -0500] "GET /galeria/nivo-slider/demo/demo.html HTTP/1.1" 200 3458
186.29.3.246 - - [30/Nov/2014:11:25:49 -0500] "GET /galeria/nivo-slider/themes/default/default.css HTTP/1.1" 200 1569
186.29.3.246 - - [30/Nov/2014:11:25:50 -0500] "GET /galeria/nivo-slider/demo/scripts/jquery-1.7.1.min.js HTTP/1.1" 200 93868
186.29.3.246 - - [30/Nov/2014:11:25:50 -0500] "GET /galeria/nivo-slider/themes/pascal/pascal.css HTTP/1.1" 200 2258
186.29.3.246 - - [30/Nov/2014:11:25:50 -0500] "GET /galeria/nivo-slider/themes/orman/orman.css HTTP/1.1" 200 2152
186.29.3.246 - - [30/Nov/2014:11:25:50 -0500] "GET /galeria/nivo-slider/nivo-slider.css HTTP/1.1" 200 1507
186.29.3.246 - - [30/Nov/2014:11:25:50 -0500] "GET /galeria/nivo-slider/demo/images/Banner-GAE3.jpg HTTP/1.1" 200 146354
186.29.3.246 - - [30/Nov/2014:11:25:50 -0500] "GET /galeria/nivo-slider/demo/style.css HTTP/1.1" 200 2222
186.29.3.246 - - [30/Nov/2014:11:25:50 -0500] "GET /galeria/nivo-slider/jquery.nivo.slider.pack.js HTTP/1.1" 200 11561
186.29.3.246 - - [30/Nov/2014:11:25:50 -0500] "GET /galeria/nivo-slider/demo/images/festivalBasura0.jpg HTTP/1.1" 200 96780
186.29.3.246 - - [30/Nov/2014:11:25:50 -0500] "GET /galeria/nivo-slider/demo/images/Banner-comparendo.jpg HTTP/1.1" 200 388762
186.29.3.246 - - [30/Nov/2014:11:25:50 -0500] "GET /galeria/nivo-slider/demo/images/banner-pygaai.jpg HTTP/1.1" 200 82693
186.80.226.200 - - [30/Nov/2014:11:25:53 -0500] "GET /BLA/boletinlegal/js/jquery.scrollTo-min.js HTTP/1.1" 200 1150
186.80.226.200 - - [30/Nov/2014:11:25:53 -0500] "GET /BLA/boletinlegal/js/jquery.js HTTP/1.1" 200 57254
186.80.226.200 - - [30/Nov/2014:11:25:53 -0500] "GET /BLA/boletinlegal/js/jquery.scrollShow.js HTTP/1.1" 200 4586
186.29.3.246 - - [30/Nov/2014:11:25:54 -0500] "GET /galeria/nivo-slider/demo/images/4Simple_Slider.png HTTP/1.1" 200 11722
186.29.3.246 - - [30/Nov/2014:11:25:54 -0500] "GET /galeria/nivo-slider/themes/default/loading.gif HTTP/1.1" 200 1737
186.29.3.246 - - [30/Nov/2014:11:25:55 -0500] "GET /galeria/nivo-slider/demo/images/Biotaxis-Man.jpg HTTP/1.1" 200 99362
186.29.3.246 - - [30/Nov/2014:11:25:57 -0500] "GET /galeria/nivo-slider/demo/images/porloshumedales.jpg HTTP/1.1" 200 351238
186.29.3.246 - - [30/Nov/2014:11:25:58 -0500] "GET /galeria/nivo-slider/demo/images/Banner-Caracol-Africano.jpg HTTP/1.1" 200 331986
186.29.3.246 - - [30/Nov/2014:11:25:58 -0500] "GET /galeria/nivo-slider/demo/images/Tingua-azul.jpg HTTP/1.1" 200 307638
186.29.3.246 - - [30/Nov/2014:11:25:58 -0500] "GET /galeria/nivo-slider/demo/images/banner-redes.jpg HTTP/1.1" 200 62209
66.249.65.123 - - [30/Nov/2014:11:25:59 -0500] "GET /BLA/resoluciones/RESOLUCIONES%202007/RES%202007%20701%20AL%20800/RESOLUCION%200755%20DE%202007.pdf HTTP/1.1" 304 -
181.50.61.253 - - [30/Nov/2014:11:25:59 -0500] "GET /galeria/nivo-slider/demo/images/Banner-Ecourbanismo.jpg HTTP/1.1" 200 189838
186.29.3.246 - - [30/Nov/2014:11:25:59 -0500] "GET /galeria/nivo-slider/demo/images/9Signos.jpg HTTP/1.1" 200 93040
186.29.3.246 - - [30/Nov/2014:11:26:02 -0500] "GET /galeria/nivo-slider/demo/images/banner-caballos.png HTTP/1.1" 200 389106
186.29.3.246 - - [30/Nov/2014:11:26:07 -0500] "GET /videos/Spot_CambioClimatico.flv HTTP/1.1" 200 4371917
186.29.3.246 - - [30/Nov/2014:11:26:09 -0500] "GET /galeria/nivo-slider/demo/images/Hacienda_Molinos.jpg HTTP/1.1" 200 319171
186.29.3.246 - - [30/Nov/2014:11:26:11 -0500] "GET /galeria/nivo-slider/demo/images/bannerEcolecta3.jpg HTTP/1.1" 200 280034
186.29.3.246 - - [30/Nov/2014:11:26:19 -0500] "GET /galeria/nivo-slider/themes/default/arrows.png HTTP/1.1" 200 824
186.29.3.246 - - [30/Nov/2014:11:26:19 -0500] "GET /galeria/nivo-slider/themes/default/bullets.png HTTP/1.1" 200 1281
66.249.65.115 - - [30/Nov/2014:11:26:27 -0500] "GET /BLA/resoluciones/RESOLUCIONES%202007/RES%202007%204001%20AL%204100/RESOLUCION%204026%20DE%202007.pdf HTTP/1.1" 200 333968
181.50.241.109 - - [30/Nov/2014:11:26:29 -0500] "POST /forms/lservlet;jsessionid=ac16012b30d5f682009d5f7842a48dd7955190f32559.e3iSbxaKaheRe34Sa3yKbhiTahb0n6jAmljGr5XDqQLvpAe HTTP/1.1" 200 2
190.26.187.219 - - [30/Nov/2014:11:26:36 -0500] "POST /forms/lservlet;jsessionid=ac16012b30d5ede70370de06477383c4a705c260a47a.e3iSbxaKaheRe34Sa3yKbhiTahb0n6jAmljGr5XDqQLvpAe HTTP/1.1" 200 2
74.86.158.107 - - [30/Nov/2014:11:26:50 -0500] "HEAD / HTTP/1.1" 302 -
200.119.36.176 - - [30/Nov/2014:11:26:54 -0500] "GET /galeria/nivo-slider/demo/demo.html HTTP/1.1" 200 3458
66.249.65.123 - - [30/Nov/2014:11:26:55 -0500] "GET /BLA/resoluciones/RESOLUCIONES%202007/RES%202007%201201%20AL%201300/RESOLUCION%201213%20DE%202007.pdf HTTP/1.1" 200 743543
200.119.36.176 - - [30/Nov/2014:11:26:55 -0500] "GET /galeria/nivo-slider/demo/images/Banner-GAE3.jpg HTTP/1.1" 200 146354
200.119.36.176 - - [30/Nov/2014:11:26:55 -0500] "GET /galeria/nivo-slider/demo/images/festivalBasura0.jpg HTTP/1.1" 304 -
200.119.36.176 - - [30/Nov/2014:11:26:55 -0500] "GET /galeria/nivo-slider/demo/images/Banner-comparendo.jpg HTTP/1.1" 304 -
200.119.36.176 - - [30/Nov/2014:11:26:55 -0500] "GET /galeria/nivo-slider/demo/images/banner-pygaai.jpg HTTP/1.1" 304 -
200.119.36.176 - - [30/Nov/2014:11:26:55 -0500] "GET /galeria/nivo-slider/demo/images/Biotaxis-Man.jpg HTTP/1.1" 304 -
200.119.36.176 - - [30/Nov/2014:11:26:55 -0500] "GET /galeria/nivo-slider/demo/images/porloshumedales.jpg HTTP/1.1" 304 -
200.119.36.176 - - [30/Nov/2014:11:26:55 -0500] "GET /galeria/nivo-slider/demo/images/Tingua-azul.jpg HTTP/1.1" 304 -
200.119.36.176 - - [30/Nov/2014:11:26:55 -0500] "GET /galeria/nivo-slider/demo/images/banner-redes.jpg HTTP/1.1" 304 -
180.76.6.47 - - [30/Nov/2014:11:27:05 -0500] "GET /BLA/resoluciones/RESOLUCIONES%202010/2623.pdf HTTP/1.1" 200 528435
200.119.36.176 - - [30/Nov/2014:11:27:07 -0500] "GET /isolucionsda/ HTTP/1.1" 200 739
200.119.36.176 - - [30/Nov/2014:11:27:09 -0500] "GET /favicon.ico HTTP/1.1" 200 7782
200.119.36.176 - - [30/Nov/2014:11:27:20 -0500] "GET /isolucionsda/ HTTP/1.1" 200 739
200.119.36.176 - - [30/Nov/2014:11:27:20 -0500] "GET /favicon.ico HTTP/1.1" 200 7782
66.249.65.119 - - [30/Nov/2014:11:27:23 -0500] "GET /BLA/resoluciones/RESOLUCIONES%202007/RES%202007%202901%20AL%203000/RESOLUCION%202968%20DE%202007.pdf HTTP/1.1" 304 -
186.85.34.171 - - [30/Nov/2014:11:27:24 -0500] "GET /BLA/boletinlegal/js/jquery.scrollTo-min.js HTTP/1.1" 200 1150
186.85.34.171 - - [30/Nov/2014:11:27:24 -0500] "GET /BLA/boletinlegal/js/jquery.js HTTP/1.1" 200 57254
186.85.34.171 - - [30/Nov/2014:11:27:25 -0500] "GET /BLA/boletinlegal/js/jquery.scrollShow.js HTTP/1.1" 200 4586
200.119.36.176 - - [30/Nov/2014:11:27:25 -0500] "GET /isolucionsda/ HTTP/1.1" 200 739
