66.249.65.119 - - [30/Nov/2014:07:23:28 -0500] "GET /BLA/resoluciones/RESOLUCIONES%202007/RES%202007%20701%20AL%20800/RESOLUCION%200761%20DE%202007.pdf HTTP/1.1" 200 295632
186.145.58.53 - - [30/Nov/2014:07:23:53 -0500] "POST /forms/lservlet;jsessionid=ac16012b30d520417a54b3ad46c4b639843bfe7237f7.e3iSbxaKaheRe34Sa3yKbhiTahb0n6jAmljGr5XDqQLvpAe HTTP/1.1" 200 2
186.145.58.53 - - [30/Nov/2014:07:23:53 -0500] "POST /forms/lservlet;jsessionid=ac16012b30d520417a54b3ad46c4b639843bfe7237f7.e3iSbxaKaheRe34Sa3yKbhiTahb0n6jAmljGr5XDqQLvpAe HTTP/1.1" 200 14
186.145.58.53 - - [30/Nov/2014:07:23:54 -0500] "POST /forms/lservlet;jsessionid=ac16012b30d520417a54b3ad46c4b639843bfe7237f7.e3iSbxaKaheRe34Sa3yKbhiTahb0n6jAmljGr5XDqQLvpAe HTTP/1.1" 200 14
66.249.65.115 - - [30/Nov/2014:07:23:56 -0500] "GET /BLA/resoluciones/AUTOS%202010/5398.pdf HTTP/1.1" 304 -
186.145.58.53 - - [30/Nov/2014:07:23:55 -0500] "POST /forms/lservlet;jsessionid=ac16012b30d520417a54b3ad46c4b639843bfe7237f7.e3iSbxaKaheRe34Sa3yKbhiTahb0n6jAmljGr5XDqQLvpAe HTTP/1.1" 200 14
186.145.58.53 - - [30/Nov/2014:07:23:57 -0500] "POST /forms/lservlet;jsessionid=ac16012b30d520417a54b3ad46c4b639843bfe7237f7.e3iSbxaKaheRe34Sa3yKbhiTahb0n6jAmljGr5XDqQLvpAe HTTP/1.1" 200 112
186.145.58.53 - - [30/Nov/2014:07:23:57 -0500] "POST /forms/lservlet;jsessionid=ac16012b30d520417a54b3ad46c4b639843bfe7237f7.e3iSbxaKaheRe34Sa3yKbhiTahb0n6jAmljGr5XDqQLvpAe HTTP/1.1" 200 11
186.145.58.53 - - [30/Nov/2014:07:23:57 -0500] "GET /reports/rwservlet/getjobid335605?server=rep_srvapsda HTTP/1.1" 200 47748
66.249.65.119 - - [30/Nov/2014:07:24:06 -0500] "GET /BLA/resoluciones/RESOLUCIONES%202013/2090.pdf HTTP/1.1" 200 841058
186.145.58.53 - - [30/Nov/2014:07:24:17 -0500] "POST /forms/lservlet;jsessionid=ac16012b30d520417a54b3ad46c4b639843bfe7237f7.e3iSbxaKaheRe34Sa3yKbhiTahb0n6jAmljGr5XDqQLvpAe HTTP/1.1" 200 2
188.165.15.235 - - [30/Nov/2014:07:24:21 -0500] "GET /BLA/resoluciones/RESOLUCIONES%202004/RES%202004%202051-2100/00002085.tif HTTP/1.1" 200 146654
66.249.65.119 - - [30/Nov/2014:07:24:24 -0500] "GET /BLA/resoluciones/AUTOS%202012/0409.pdf HTTP/1.1" 304 -
186.80.130.12 - - [30/Nov/2014:07:24:40 -0500] "GET /BLA/boletinlegal/js/jquery.js HTTP/1.1" 200 57254
186.80.130.12 - - [30/Nov/2014:07:24:40 -0500] "GET /BLA/boletinlegal/js/jquery.scrollShow.js HTTP/1.1" 200 4586
186.80.130.12 - - [30/Nov/2014:07:24:40 -0500] "GET /BLA/boletinlegal/js/jquery.scrollTo-min.js HTTP/1.1" 200 1150
66.249.65.115 - - [30/Nov/2014:07:24:52 -0500] "GET /BLA/resoluciones/RESOLUCIONES%202007/RES%202007%201801%20AL%201900/RESOLUCION%201888%20DE%202007.pdf HTTP/1.1" 304 -
188.165.15.41 - - [30/Nov/2014:07:24:56 -0500] "GET /BLA/resoluciones/RESOLUCIONES%202003/RES%202003%20201-250/2003RES241.tif HTTP/1.1" 200 162988
186.145.58.53 - - [30/Nov/2014:07:25:00 -0500] "POST /forms/lservlet;jsessionid=ac16012b30d520417a54b3ad46c4b639843bfe7237f7.e3iSbxaKaheRe34Sa3yKbhiTahb0n6jAmljGr5XDqQLvpAe HTTP/1.1" 200 141
150.70.173.52 - - [30/Nov/2014:07:25:12 -0500] "GET /BLA/boletinlegal/js/jquery.scrollShow.js HTTP/1.1" 200 4586
150.70.173.43 - - [30/Nov/2014:07:25:16 -0500] "GET /BLA/boletinlegal/js/jquery.scrollTo-min.js HTTP/1.1" 200 1150
150.70.173.10 - - [30/Nov/2014:07:25:18 -0500] "GET /BLA/boletinlegal/js/jquery.js HTTP/1.1" 200 57254
66.249.65.115 - - [30/Nov/2014:07:25:20 -0500] "GET /BLA/resoluciones/AUTOS%202008/1273.pdf HTTP/1.1" 304 -
66.249.65.115 - - [30/Nov/2014:07:25:37 -0500] "GET /BLA/resoluciones/RESOLUCIONES%202011/1508.pdf HTTP/1.1" 200 78225
100.43.85.25 - - [30/Nov/2014:07:25:40 -0500] "GET /robots.txt HTTP/1.1" 404 1019
186.145.58.53 - - [30/Nov/2014:07:25:42 -0500] "POST /forms/lservlet;jsessionid=ac16012b30d520417a54b3ad46c4b639843bfe7237f7.e3iSbxaKaheRe34Sa3yKbhiTahb0n6jAmljGr5XDqQLvpAe HTTP/1.1" 200 108
66.249.65.115 - - [30/Nov/2014:07:25:48 -0500] "GET /BLA/resoluciones/RESOLUCIONES%202008/4347.pdf HTTP/1.1" 200 450904
201.184.180.42 - - [30/Nov/2014:07:26:00 -0500] "GET /BLA/boletinlegal/js/jquery.js HTTP/1.1" 200 57254
201.184.180.42 - - [30/Nov/2014:07:26:00 -0500] "GET /BLA/boletinlegal/js/jquery.scrollTo-min.js HTTP/1.1" 200 1150
201.184.180.42 - - [30/Nov/2014:07:26:01 -0500] "GET /BLA/boletinlegal/js/jquery.scrollShow.js HTTP/1.1" 200 4586
180.76.5.188 - - [30/Nov/2014:07:26:11 -0500] "GET /BLA/resoluciones/AUTOS%202011/4348.pdf HTTP/1.1" 200 493753
66.249.65.115 - - [30/Nov/2014:07:26:16 -0500] "GET /BLA/resoluciones/AUTOS%202008/0304.pdf HTTP/1.1" 200 113392
186.145.58.53 - - [30/Nov/2014:07:26:17 -0500] "POST /forms/lservlet;jsessionid=ac16012b30d520417a54b3ad46c4b639843bfe7237f7.e3iSbxaKaheRe34Sa3yKbhiTahb0n6jAmljGr5XDqQLvpAe HTTP/1.1" 200 2
190.158.139.139 - - [30/Nov/2014:07:26:31 -0500] "GET /BLA/boletinlegal/js/jquery.scrollTo-min.js HTTP/1.1" 200 1150
190.158.139.139 - - [30/Nov/2014:07:26:31 -0500] "GET /galeria/carrusel/Carrusel/jquery-ui-1.8.13.custom.min.js HTTP/1.1" 200 10800
190.158.139.139 - - [30/Nov/2014:07:26:31 -0500] "GET /galeria/carrusel/Carrusel/jquery.thumbnailScroller.css HTTP/1.1" 200 2066
190.158.139.139 - - [30/Nov/2014:07:26:31 -0500] "GET /BLA/boletinlegal/js/jquery.js HTTP/1.1" 200 57254
190.158.139.139 - - [30/Nov/2014:07:26:31 -0500] "GET /galeria/carrusel/Carrusel/jquery.thumbnailScroller.js HTTP/1.1" 200 8157
190.158.139.139 - - [30/Nov/2014:07:26:31 -0500] "GET /BLA/boletinlegal/js/jquery.scrollShow.js HTTP/1.1" 200 4586
190.158.139.139 - - [30/Nov/2014:07:26:44 -0500] "GET /galeria/nivo-slider/demo/demo.html HTTP/1.1" 200 3458
66.249.65.119 - - [30/Nov/2014:07:26:45 -0500] "GET /BLA/resoluciones/RESOLUCIONES%202007/RES%202007%20101%20AL%20200/RESOLUCION%200179%20DE%202007.pdf HTTP/1.1" 304 -
190.158.139.139 - - [30/Nov/2014:07:26:46 -0500] "GET /galeria/nivo-slider/themes/default/default.css HTTP/1.1" 200 1569
190.158.139.139 - - [30/Nov/2014:07:26:46 -0500] "GET /galeria/nivo-slider/demo/style.css HTTP/1.1" 200 2222
190.158.139.139 - - [30/Nov/2014:07:26:46 -0500] "GET /galeria/nivo-slider/nivo-slider.css HTTP/1.1" 200 1507
190.158.139.139 - - [30/Nov/2014:07:26:46 -0500] "GET /galeria/nivo-slider/demo/images/Banner-GAE3.jpg HTTP/1.1" 200 146354
190.158.139.139 - - [30/Nov/2014:07:26:46 -0500] "GET /galeria/nivo-slider/themes/orman/orman.css HTTP/1.1" 200 2152
190.158.139.139 - - [30/Nov/2014:07:26:46 -0500] "GET /galeria/nivo-slider/themes/pascal/pascal.css HTTP/1.1" 200 2258
190.158.139.139 - - [30/Nov/2014:07:26:46 -0500] "GET /galeria/nivo-slider/demo/scripts/jquery-1.7.1.min.js HTTP/1.1" 200 93868
190.158.139.139 - - [30/Nov/2014:07:26:46 -0500] "GET /galeria/nivo-slider/jquery.nivo.slider.pack.js HTTP/1.1" 200 11561
190.158.139.139 - - [30/Nov/2014:07:26:46 -0500] "GET /galeria/nivo-slider/demo/images/festivalBasura0.jpg HTTP/1.1" 200 96780
190.158.139.139 - - [30/Nov/2014:07:26:47 -0500] "GET /galeria/nivo-slider/demo/images/Banner-comparendo.jpg HTTP/1.1" 200 388762
190.158.139.139 - - [30/Nov/2014:07:26:47 -0500] "GET /galeria/nivo-slider/demo/images/porloshumedales.jpg HTTP/1.1" 200 351238
190.158.139.139 - - [30/Nov/2014:07:26:47 -0500] "GET /galeria/nivo-slider/demo/images/Biotaxis-Man.jpg HTTP/1.1" 200 99362
190.158.139.139 - - [30/Nov/2014:07:26:47 -0500] "GET /galeria/nivo-slider/demo/images/banner-pygaai.jpg HTTP/1.1" 200 82693
190.158.139.139 - - [30/Nov/2014:07:26:47 -0500] "GET /galeria/nivo-slider/demo/images/Tingua-azul.jpg HTTP/1.1" 200 307638
190.158.139.139 - - [30/Nov/2014:07:26:47 -0500] "GET /galeria/nivo-slider/demo/images/banner-redes.jpg HTTP/1.1" 200 62209
190.158.139.139 - - [30/Nov/2014:07:26:47 -0500] "GET /galeria/nivo-slider/demo/images/Banner-Caracol-Africano.jpg HTTP/1.1" 200 331986
190.158.139.139 - - [30/Nov/2014:07:26:47 -0500] "GET /galeria/nivo-slider/demo/images/9Signos.jpg HTTP/1.1" 200 93040
190.158.139.139 - - [30/Nov/2014:07:26:47 -0500] "GET /galeria/nivo-slider/demo/images/banner-caballos.png HTTP/1.1" 200 389106
190.158.139.139 - - [30/Nov/2014:07:26:48 -0500] "GET /galeria/nivo-slider/demo/images/Hacienda_Molinos.jpg HTTP/1.1" 200 319171
190.158.139.139 - - [30/Nov/2014:07:26:48 -0500] "GET /galeria/nivo-slider/demo/images/bannerEcolecta3.jpg HTTP/1.1" 200 280034
190.158.139.139 - - [30/Nov/2014:07:26:50 -0500] "GET /galeria/nivo-slider/demo/images/4Simple_Slider.png HTTP/1.1" 200 11722
190.158.139.139 - - [30/Nov/2014:07:26:50 -0500] "GET /galeria/nivo-slider/themes/default/loading.gif HTTP/1.1" 200 1737
74.86.158.107 - - [30/Nov/2014:07:26:51 -0500] "HEAD / HTTP/1.1" 302 -
190.158.139.139 - - [30/Nov/2014:07:27:07 -0500] "GET /galeria/nivo-slider/themes/default/arrows.png HTTP/1.1" 200 824
190.158.139.139 - - [30/Nov/2014:07:27:07 -0500] "GET /galeria/nivo-slider/themes/default/bullets.png HTTP/1.1" 200 1281
66.249.65.115 - - [30/Nov/2014:07:27:07 -0500] "GET /BLA/resoluciones/RESOLUCIONES%202009/0120.pdf HTTP/1.1" 200 290181
66.249.65.123 - - [30/Nov/2014:07:27:13 -0500] "GET /BLA/resoluciones/RESOLUCIONES%202007/RES%202007%202401%20AL%202500/RESOLUCION%202414%20DE%202007.pdf HTTP/1.1" 200 378420
186.145.58.53 - - [30/Nov/2014:07:27:15 -0500] "POST /forms/lservlet;jsessionid=ac16012b30d520417a54b3ad46c4b639843bfe7237f7.e3iSbxaKaheRe34Sa3yKbhiTahb0n6jAmljGr5XDqQLvpAe HTTP/1.1" 200 146
186.145.58.53 - - [30/Nov/2014:07:27:15 -0500] "POST /forms/lservlet;jsessionid=ac16012b30d520417a54b3ad46c4b639843bfe7237f7.e3iSbxaKaheRe34Sa3yKbhiTahb0n6jAmljGr5XDqQLvpAe HTTP/1.1" 200 7
186.145.58.53 - - [30/Nov/2014:07:27:17 -0500] "POST /forms/lservlet;jsessionid=ac16012b30d520417a54b3ad46c4b639843bfe7237f7.e3iSbxaKaheRe34Sa3yKbhiTahb0n6jAmljGr5XDqQLvpAe HTTP/1.1" 200 152
186.145.58.53 - - [30/Nov/2014:07:27:18 -0500] "POST /forms/lservlet;jsessionid=ac16012b30d520417a54b3ad46c4b639843bfe7237f7.e3iSbxaKaheRe34Sa3yKbhiTahb0n6jAmljGr5XDqQLvpAe HTTP/1.1" 200 8
186.145.58.53 - - [30/Nov/2014:07:27:18 -0500] "POST /forms/lservlet;jsessionid=ac16012b30d520417a54b3ad46c4b639843bfe7237f7.e3iSbxaKaheRe34Sa3yKbhiTahb0n6jAmljGr5XDqQLvpAe HTTP/1.1" 200 2
201.245.192.253 - - [30/Nov/2014:07:27:38 -0500] "GET /plugins/like.php?app_id=&channel=http%3A%2F%2Fstatic.ak.facebook.com%2Fconnect%2Fxd_arbiter%2F7r8gQb8MIqE.js%3Fversion%3D41%23cb%3Df3ec3f3a04%26domain%3Dwww.radios.com.co%26origin%3Dhttp%253A%252F%252Fwww.radios.com.co%252Ff28083f674%26relation%3Dparent.parent&font=arial&height=23&href=http%3A%2F%2Fwww.radios.com.co%2F&layout=button_count&locale=es_LA&sdk=joey&send=false&show_faces=false&width=150 HTTP/1.1" 404 1254
66.249.65.123 - - [30/Nov/2014:07:27:41 -0500] "GET /BLA/resoluciones/AUTOS%202013/0586.pdf HTTP/1.1" 304 -
191.104.30.105 - - [30/Nov/2014:07:27:42 -0500] "GET /BLA/boletinlegal/js/jquery.scrollTo-min.js HTTP/1.1" 200 1150
191.104.30.105 - - [30/Nov/2014:07:27:42 -0500] "GET /BLA/boletinlegal/js/jquery.scrollShow.js HTTP/1.1" 200 4586
191.104.30.105 - - [30/Nov/2014:07:27:42 -0500] "GET /BLA/boletinlegal/js/jquery.js HTTP/1.1" 200 57254
190.158.139.139 - - [30/Nov/2014:07:27:46 -0500] "GET /videos/ArchivoSDA.flv HTTP/1.1" 200 31205279
201.245.192.253 - - [30/Nov/2014:07:27:47 -0500] "GET /plugins/like.php?app_id=&channel=http%3A%2F%2Fstatic.ak.facebook.com%2Fconnect%2Fxd_arbiter%2F7r8gQb8MIqE.js%3Fversion%3D41%23cb%3Df8a152158%26domain%3Dwww.radios.com.co%26origin%3Dhttp%253A%252F%252Fwww.radios.com.co%252Ff31798a9c4%26relation%3Dparent.parent&font=arial&height=23&href=http%3A%2F%2Fwww.radios.com.co%2F&layout=button_count&locale=es_LA&sdk=joey&send=false&show_faces=false&width=150 HTTP/1.1" 404 1254
201.245.192.253 - - [30/Nov/2014:07:27:56 -0500] "GET /plugins/like.php?app_id=&channel=http%3A%2F%2Fstatic.ak.facebook.com%2Fconnect%2Fxd_arbiter%2F7r8gQb8MIqE.js%3Fversion%3D41%23cb%3Df3803a9e08%26domain%3Dwww.radios.com.co%26origin%3Dhttp%253A%252F%252Fwww.radios.com.co%252Ff2ea46476c%26relation%3Dparent.parent&font=arial&height=23&href=http%3A%2F%2Fwww.radios.com.co%2F&layout=button_count&locale=es_LA&sdk=joey&send=false&show_faces=false&width=150 HTTP/1.1" 404 1254
180.76.6.152 - - [30/Nov/2014:07:28:01 -0500] "GET /BLA/resoluciones/AUTOS%202007/1274.pdf HTTP/1.1" 200 87529
181.140.5.116 - - [30/Nov/2014:07:28:03 -0500] "GET /BLA/boletinlegal/js/jquery.js HTTP/1.1" 200 57254
181.140.5.116 - - [30/Nov/2014:07:28:03 -0500] "GET /BLA/boletinlegal/js/jquery.scrollTo-min.js HTTP/1.1" 200 1150
181.140.5.116 - - [30/Nov/2014:07:28:03 -0500] "GET /BLA/boletinlegal/js/jquery.scrollShow.js HTTP/1.1" 200 4586
66.249.65.123 - - [30/Nov/2014:07:28:09 -0500] "GET /BLA/resoluciones/RESOLUCIONES%202009/2602.pdf HTTP/1.1" 200 373235
186.145.58.53 - - [30/Nov/2014:07:28:17 -0500] "POST /forms/lservlet;jsessionid=ac16012b30d520417a54b3ad46c4b639843bfe7237f7.e3iSbxaKaheRe34Sa3yKbhiTahb0n6jAmljGr5XDqQLvpAe HTTP/1.1" 200 2
66.249.65.115 - - [30/Nov/2014:07:28:37 -0500] "GET /BLA/resoluciones/AUTOS%202008/1167.pdf HTTP/1.1" 200 265470
66.249.65.119 - - [30/Nov/2014:07:28:38 -0500] "GET /BLA/resoluciones/AUTOS%202012/0458.pdf HTTP/1.1" 304 -
201.245.192.253 - - [30/Nov/2014:07:28:46 -0500] "GET /plugins/like.php?href=http://www.ligapostobon.com.co//minutoaminuto/fecha-4-santa-fe-vs-huila-2014-11-29-173000-151638&layout=button_count&show_faces=false&width=450&action=recommend&colorscheme=light&height=21 HTTP/1.1" 404 1266
201.245.192.253 - - [30/Nov/2014:07:28:46 -0500] "GET /plugins/like.php?href=https%3A%2F%2Fwww.facebook.com%2Fligapostobon&send=false&layout=button_count&width=150&show_faces=false&action=like&colorscheme=light&font&height=21&appId=272404346171296 HTTP/1.1" 404 1266
201.245.192.253 - - [30/Nov/2014:07:28:46 -0500] "GET /plugins/likebox.php?href=http%3A%2F%2Fwww.facebook.com%2Fligapostobon&width=300&colorscheme=light&show_faces=true&border_color&stream=false&header=false&height=300 HTTP/1.1" 404 1266
201.245.192.253 - - [30/Nov/2014:07:28:47 -0500] "GET /plugins/activity.php?site=ligapostobon.com.co&width=300&height=300&header=true&colorscheme=light&linktarget=_blank&border_color&font&recommendations=true HTTP/1.1" 404 1266
201.245.192.253 - - [30/Nov/2014:07:28:48 -0500] "GET /plugins/like.php?href=https%3A%2F%2Fwww.facebook.com%2Fligapostobon&send=false&layout=button_count&width=150&show_faces=false&action=like&colorscheme=light&font&height=21&appId=272404346171296 HTTP/1.1" 404 1266
66.249.65.123 - - [30/Nov/2014:07:29:05 -0500] "GET /BLA/resoluciones/AUTOS%202009/0408.pdf HTTP/1.1" 200 107811
66.249.65.123 - - [30/Nov/2014:07:29:08 -0500] "GET /BLA/resoluciones/RESOLUCIONES%202004/RES%202004%20601-650/00000650.tif HTTP/1.1" 200 157534
201.245.192.253 - - [30/Nov/2014:07:29:11 -0500] "GET /plugins/likebox.php?href=http%3A%2F%2Fwww.facebook.com%2Fligapostobon&width=292&colorscheme=light&connections=0&stream=false&header=true&height=40 HTTP/1.1" 404 1286
191.149.102.38 - - [30/Nov/2014:07:29:15 -0500] "GET /BLA/boletinlegal/js/jquery.scrollTo-min.js HTTP/1.1" 200 1150
191.149.102.38 - - [30/Nov/2014:07:29:15 -0500] "GET /BLA/boletinlegal/js/jquery.js HTTP/1.1" 200 57254
191.149.102.38 - - [30/Nov/2014:07:29:15 -0500] "GET /BLA/boletinlegal/js/jquery.scrollShow.js HTTP/1.1" 200 4586
201.245.192.253 - - [30/Nov/2014:07:29:18 -0500] "GET /v2.0/plugins/like.php?action=like&app_id=317354791746344&channel=http%3A%2F%2Fstatic.ak.facebook.com%2Fconnect%2Fxd_arbiter%2F7r8gQb8MIqE.js%3Fversion%3D41%23cb%3Df1f0c77b98%26domain%3Dwww.ligapostobon.com.co%26origin%3Dhttp%253A%252F%252Fwww.ligapostobon.com.co%252Ff2a66dfb0c%26relation%3Dparent.parent&href=http%3A%2F%2Fwww.ligapostobon.com.co%2Fposiciones&layout=button_count&locale=es_LA&sdk=joey&share=true&show_faces=false HTTP/1.1" 404 1286
66.249.65.123 - - [30/Nov/2014:07:29:33 -0500] "GET /BLA/resoluciones/AUTOS%202007/2177.pdf HTTP/1.1" 200 127014
66.249.65.115 - - [30/Nov/2014:07:29:37 -0500] "GET /BLA/resoluciones/RESOLUCIONES%202002/RES%202002%201601-1650/20021612.tif HTTP/1.1" 200 121468
201.184.78.252 - - [30/Nov/2014:07:29:39 -0500] "GET /BLA/boletinlegal/js/jquery.js HTTP/1.1" 200 57254
201.184.78.252 - - [30/Nov/2014:07:29:39 -0500] "GET /galeria/carrusel/Carrusel/jquery.thumbnailScroller.css HTTP/1.1" 200 2066
201.184.78.252 - - [30/Nov/2014:07:29:39 -0500] "GET /BLA/boletinlegal/js/jquery.scrollTo-min.js HTTP/1.1" 200 1150
201.184.78.252 - - [30/Nov/2014:07:29:39 -0500] "GET /BLA/boletinlegal/js/jquery.scrollShow.js HTTP/1.1" 200 4586
201.184.78.252 - - [30/Nov/2014:07:29:39 -0500] "GET /galeria/carrusel/Carrusel/jquery-ui-1.8.13.custom.min.js HTTP/1.1" 200 10800
201.184.78.252 - - [30/Nov/2014:07:29:39 -0500] "GET /galeria/carrusel/Carrusel/jquery.thumbnailScroller.js HTTP/1.1" 200 8157
201.184.78.252 - - [30/Nov/2014:07:29:41 -0500] "GET /galeria/nivo-slider/demo/demo.html HTTP/1.1" 200 3458
201.184.78.252 - - [30/Nov/2014:07:29:42 -0500] "GET /galeria/nivo-slider/themes/default/default.css HTTP/1.1" 200 1569
201.184.78.252 - - [30/Nov/2014:07:29:42 -0500] "GET /galeria/nivo-slider/themes/orman/orman.css HTTP/1.1" 200 2152
201.184.78.252 - - [30/Nov/2014:07:29:42 -0500] "GET /galeria/nivo-slider/themes/pascal/pascal.css HTTP/1.1" 200 2258
201.184.78.252 - - [30/Nov/2014:07:29:42 -0500] "GET /galeria/nivo-slider/nivo-slider.css HTTP/1.1" 200 1507
201.184.78.252 - - [30/Nov/2014:07:29:42 -0500] "GET /galeria/nivo-slider/demo/style.css HTTP/1.1" 200 2222
201.184.78.252 - - [30/Nov/2014:07:29:43 -0500] "GET /galeria/nivo-slider/demo/images/Banner-GAE3.jpg HTTP/1.1" 200 146354
201.184.78.252 - - [30/Nov/2014:07:29:43 -0500] "GET /galeria/nivo-slider/demo/scripts/jquery-1.7.1.min.js HTTP/1.1" 200 93868
201.184.78.252 - - [30/Nov/2014:07:29:43 -0500] "GET /galeria/nivo-slider/demo/images/festivalBasura0.jpg HTTP/1.1" 200 96780
201.184.78.252 - - [30/Nov/2014:07:29:43 -0500] "GET /galeria/nivo-slider/demo/images/Banner-comparendo.jpg HTTP/1.1" 200 388762
201.184.78.252 - - [30/Nov/2014:07:29:43 -0500] "GET /galeria/nivo-slider/jquery.nivo.slider.pack.js HTTP/1.1" 200 11561
201.184.78.252 - - [30/Nov/2014:07:29:43 -0500] "GET /galeria/nivo-slider/demo/images/banner-pygaai.jpg HTTP/1.1" 200 82693
201.184.78.252 - - [30/Nov/2014:07:29:45 -0500] "GET /galeria/nivo-slider/demo/images/4Simple_Slider.png HTTP/1.1" 200 11722
201.184.78.252 - - [30/Nov/2014:07:29:46 -0500] "GET /galeria/nivo-slider/themes/default/loading.gif HTTP/1.1" 200 1737
201.184.78.252 - - [30/Nov/2014:07:29:46 -0500] "GET /galeria/nivo-slider/demo/images/Biotaxis-Man.jpg HTTP/1.1" 200 99362
201.184.78.252 - - [30/Nov/2014:07:29:46 -0500] "GET /galeria/nivo-slider/demo/images/porloshumedales.jpg HTTP/1.1" 200 351238
201.184.78.252 - - [30/Nov/2014:07:29:48 -0500] "GET /galeria/nivo-slider/demo/images/Tingua-azul.jpg HTTP/1.1" 200 307638
201.184.78.252 - - [30/Nov/2014:07:29:48 -0500] "GET /galeria/nivo-slider/demo/images/Banner-Caracol-Africano.jpg HTTP/1.1" 200 331986
201.184.78.252 - - [30/Nov/2014:07:29:48 -0500] "GET /galeria/nivo-slider/demo/images/banner-redes.jpg HTTP/1.1" 200 62209
188.165.15.181 - - [30/Nov/2014:07:29:55 -0500] "GET /BLA/resoluciones/RESOLUCIONES%202002/RES%202002%201251-1301/20021260.tif HTTP/1.1" 200 95726
66.249.65.123 - - [30/Nov/2014:07:30:01 -0500] "GET /BLA/resoluciones/RESOLUCIONES%202013/0812.pdf HTTP/1.1" 304 -
180.76.5.193 - - [30/Nov/2014:07:30:04 -0500] "GET /BLA/resoluciones/AUTOS%202011/1253.pdf HTTP/1.1" 200 215445
66.249.65.115 - - [30/Nov/2014:07:30:07 -0500] "GET /BLA/resoluciones/RESOLUCIONES%202007/RES%202007%201901%20AL%202000/RESOLUCION%201929%20DE%202007.pdf HTTP/1.1" 200 833569
186.145.58.53 - - [30/Nov/2014:07:30:18 -0500] "POST /forms/lservlet;jsessionid=ac16012b30d520417a54b3ad46c4b639843bfe7237f7.e3iSbxaKaheRe34Sa3yKbhiTahb0n6jAmljGr5XDqQLvpAe HTTP/1.1" 200 2
201.184.78.252 - - [30/Nov/2014:07:30:18 -0500] "GET /autoliquidacion HTTP/1.1" 301 310
201.184.78.252 - - [30/Nov/2014:07:30:18 -0500] "GET /autoliquidacion/ HTTP/1.1" 200 6375
201.184.78.252 - - [30/Nov/2014:07:30:18 -0500] "GET /autoliquidacion/dlf/styles.css HTTP/1.1" 200 3045
201.184.78.252 - - [30/Nov/2014:07:30:18 -0500] "GET /autoliquidacion/dlf/folder.png HTTP/1.1" 200 410
201.184.78.252 - - [30/Nov/2014:07:30:18 -0500] "GET /autoliquidacion/dlf/bg.gif HTTP/1.1" 200 54
201.184.78.252 - - [30/Nov/2014:07:30:26 -0500] "GET /autoliquidacion/index.php?dir=Grupo+Forestal+-+Silvicultura%2F HTTP/1.1" 200 5748
201.184.78.252 - - [30/Nov/2014:07:30:27 -0500] "GET /autoliquidacion/dlf/dirup.png HTTP/1.1" 200 644
201.184.78.252 - - [30/Nov/2014:07:30:27 -0500] "GET /autoliquidacion/dlf/xls.gif HTTP/1.1" 200 636
201.184.78.252 - - [30/Nov/2014:07:30:27 -0500] "GET /autoliquidacion/dlf/unknown.png HTTP/1.1" 200 266
201.184.78.252 - - [30/Nov/2014:07:30:27 -0500] "GET /autoliquidacion/dlf/html.gif HTTP/1.1" 200 632
66.249.65.115 - - [30/Nov/2014:07:30:30 -0500] "GET /BLA/resoluciones/index.php?dir=RESOLUCIONES%202004/RES%202004%20101-150/&sort=size&order=asc HTTP/1.1" 200 12033
201.245.192.253 - - [30/Nov/2014:07:30:30 -0500] "GET /plugins/likebox.php?href=http%3A%2F%2Fwww.facebook.com%2Fligapostobon&width=292&colorscheme=light&connections=0&stream=false&header=true&height=40 HTTP/1.1" 404 1286
201.245.192.253 - - [30/Nov/2014:07:30:34 -0500] "GET /v2.0/plugins/like.php?action=like&app_id=317354791746344&channel=http%3A%2F%2Fstatic.ak.facebook.com%2Fconnect%2Fxd_arbiter%2F7r8gQb8MIqE.js%3Fversion%3D41%23cb%3Df1772e4184%26domain%3Dwww.ligapostobon.com.co%26origin%3Dhttp%253A%252F%252Fwww.ligapostobon.com.co%252Ff27a5d9ef4%26relation%3Dparent.parent&href=http%3A%2F%2Fwww.ligapostobon.com.co%2Fcalendario&layout=button_count&locale=es_LA&sdk=joey&share=true&show_faces=false HTTP/1.1" 404 1286
201.184.78.252 - - [30/Nov/2014:07:30:40 -0500] "GET /autoliquidacion/Grupo%20Forestal%20-%20Silvicultura/Formulario%20de%20recoleccion%20de%20informacion%20silvicultural%20-%20%20Ficha1.xls HTTP/1.1" 200 183808
180.76.6.137 - - [30/Nov/2014:07:30:51 -0500] "GET /BLA/resoluciones/AUTOS%202010/0367.pdf HTTP/1.1" 200 210239
189.234.15.51 - - [30/Nov/2014:07:31:05 -0500] "GET /BLA/boletinlegal/js/jquery.scrollShow.js HTTP/1.1" 200 4586
189.234.15.51 - - [30/Nov/2014:07:31:05 -0500] "GET /BLA/boletinlegal/js/jquery.js HTTP/1.1" 200 57254
189.234.15.51 - - [30/Nov/2014:07:31:05 -0500] "GET /BLA/boletinlegal/js/jquery.scrollTo-min.js HTTP/1.1" 200 1150
66.249.65.115 - - [30/Nov/2014:07:31:37 -0500] "GET /BLA/resoluciones/AUTOS%202007/0108.pdf HTTP/1.1" 200 46791
180.76.5.24 - - [30/Nov/2014:07:31:38 -0500] "GET /BLA/resoluciones/RESOLUCIONES%202010/2011.pdf HTTP/1.1" 200 339778
74.86.158.107 - - [30/Nov/2014:07:31:51 -0500] "HEAD / HTTP/1.1" 302 -
186.145.58.53 - - [30/Nov/2014:07:32:18 -0500] "POST /forms/lservlet;jsessionid=ac16012b30d520417a54b3ad46c4b639843bfe7237f7.e3iSbxaKaheRe34Sa3yKbhiTahb0n6jAmljGr5XDqQLvpAe HTTP/1.1" 200 2
66.249.65.115 - - [30/Nov/2014:07:33:08 -0500] "GET /BLA/resoluciones/RESOLUCIONES%202008/4455.pdf HTTP/1.1" 200 325080
186.155.133.233 - - [30/Nov/2014:07:33:21 -0500] "GET /BLA/boletinlegal/js/jquery.scrollTo-min.js HTTP/1.1" 200 1150
186.155.133.233 - - [30/Nov/2014:07:33:21 -0500] "GET /BLA/boletinlegal/js/jquery.scrollShow.js HTTP/1.1" 200 4586
186.155.133.233 - - [30/Nov/2014:07:33:21 -0500] "GET /BLA/boletinlegal/js/jquery.js HTTP/1.1" 200 57254
181.232.45.58 - - [30/Nov/2014:07:34:09 -0500] "GET /BLA/boletinlegal/js/jquery.js HTTP/1.1" 200 57254
181.232.45.58 - - [30/Nov/2014:07:34:09 -0500] "GET /BLA/boletinlegal/js/jquery.scrollTo-min.js HTTP/1.1" 200 1150
181.232.45.58 - - [30/Nov/2014:07:34:09 -0500] "GET /BLA/boletinlegal/js/jquery.scrollShow.js HTTP/1.1" 200 4586
186.145.58.53 - - [30/Nov/2014:07:34:18 -0500] "POST /forms/lservlet;jsessionid=ac16012b30d520417a54b3ad46c4b639843bfe7237f7.e3iSbxaKaheRe34Sa3yKbhiTahb0n6jAmljGr5XDqQLvpAe HTTP/1.1" 200 2
66.249.65.123 - - [30/Nov/2014:07:34:38 -0500] "GET /BLA/resoluciones/RESOLUCIONES%202007/RES%202007%202001%20AL%202100/RESOLUCION%202076%20DE%202007.pdf HTTP/1.1" 200 305785
181.140.5.116 - - [30/Nov/2014:07:34:53 -0500] "GET /silvicultura/1.pdf HTTP/1.1" 404 1284
181.140.5.116 - - [30/Nov/2014:07:34:53 -0500] "GET /favicon.ico HTTP/1.1" 200 7782
190.12.158.109 - - [30/Nov/2014:07:35:11 -0500] "GET /BLA/boletinlegal/js/jquery.js HTTP/1.1" 200 57254
190.12.158.109 - - [30/Nov/2014:07:35:11 -0500] "GET /BLA/boletinlegal/js/jquery.scrollShow.js HTTP/1.1" 200 4586
190.12.158.109 - - [30/Nov/2014:07:35:11 -0500] "GET /BLA/boletinlegal/js/jquery.scrollTo-min.js HTTP/1.1" 200 1150
66.249.65.115 - - [30/Nov/2014:07:36:08 -0500] "GET /BLA/resoluciones/RESOLUCIONES%202011/3805.pdf HTTP/1.1" 200 637900
188.165.15.239 - - [30/Nov/2014:07:36:17 -0500] "GET /BLA/resoluciones/RESOLUCIONES%202003/RES%202003%20351-400/351.tif HTTP/1.1" 200 147276
186.145.58.53 - - [30/Nov/2014:07:36:18 -0500] "POST /forms/lservlet;jsessionid=ac16012b30d520417a54b3ad46c4b639843bfe7237f7.e3iSbxaKaheRe34Sa3yKbhiTahb0n6jAmljGr5XDqQLvpAe HTTP/1.1" 200 2
188.165.15.78 - - [30/Nov/2014:07:36:39 -0500] "GET /BLA/resoluciones/RESOLUCIONES%202004/RES%202004%202101-2150/00002109.tif HTTP/1.1" 200 214776
186.155.161.146 - - [30/Nov/2014:07:36:50 -0500] "GET /BLA/boletinlegal/js/jquery.js HTTP/1.1" 200 57254
186.155.161.146 - - [30/Nov/2014:07:36:50 -0500] "GET /BLA/boletinlegal/js/jquery.scrollTo-min.js HTTP/1.1" 200 1150
186.155.161.146 - - [30/Nov/2014:07:36:50 -0500] "GET /BLA/boletinlegal/js/jquery.scrollShow.js HTTP/1.1" 200 4586
74.86.158.107 - - [30/Nov/2014:07:36:51 -0500] "HEAD / HTTP/1.1" 302 -
188.165.15.41 - - [30/Nov/2014:07:37:12 -0500] "GET /BLA/resoluciones/RESOLUCIONES%202003/RES%202003%201901-1950/00001937.tif HTTP/1.1" 200 116974
201.245.192.253 - - [30/Nov/2014:07:37:38 -0500] "GET /plugins/like.php?href=https%3A%2F%2Fwww.facebook.com%2FCanalRCNNuestraTeleOficial&send=false&layout=button_count&width=150&show_faces=true&font=verdana&colorscheme=light&action=like&height=21 HTTP/1.1" 404 1252
66.249.65.123 - - [30/Nov/2014:07:37:38 -0500] "GET /BLA/resoluciones/RESOLUCIONES%202009/7222.pdf HTTP/1.1" 200 201185
201.245.192.253 - - [30/Nov/2014:07:37:38 -0500] "GET /plugins/likebox.php?href=https%3A%2F%2Fwww.facebook.com%2FCanalRCNNuestraTeleOficial%3Ffref%3Dnf&width=440&height=405&colorscheme=light&show_faces=false&header=true&stream=true&show_border=true&appId=280603362094913 HTTP/1.1" 404 1252
201.184.34.135 - - [30/Nov/2014:07:38:17 -0500] "GET /galeria/nivo-slider/demo/demo.html HTTP/1.1" 304 -
186.145.58.53 - - [30/Nov/2014:07:38:18 -0500] "POST /forms/lservlet;jsessionid=ac16012b30d520417a54b3ad46c4b639843bfe7237f7.e3iSbxaKaheRe34Sa3yKbhiTahb0n6jAmljGr5XDqQLvpAe HTTP/1.1" 200 2
201.184.34.135 - - [30/Nov/2014:07:38:23 -0500] "GET /galeria/nivo-slider/demo/images/Banner-GAE3.jpg HTTP/1.1" 304 -
201.184.34.135 - - [30/Nov/2014:07:38:24 -0500] "GET /galeria/nivo-slider/demo/images/festivalBasura0.jpg HTTP/1.1" 304 -
188.165.15.23 - - [30/Nov/2014:07:38:41 -0500] "GET /BLA/resoluciones/RESOLUCIONES%202004/RES%202004%20801-850/00000823.tif HTTP/1.1" 200 1192670
66.249.65.123 - - [30/Nov/2014:07:39:09 -0500] "GET /BLA/resoluciones/AUTOS%202008/0217.pdf HTTP/1.1" 200 92470
188.165.15.152 - - [30/Nov/2014:07:39:45 -0500] "GET /BLA/resoluciones/RESOLUCIONES%202005/RES%202005%20301-351/00000317.tif HTTP/1.1" 200 167846
186.145.58.53 - - [30/Nov/2014:07:40:18 -0500] "POST /forms/lservlet;jsessionid=ac16012b30d520417a54b3ad46c4b639843bfe7237f7.e3iSbxaKaheRe34Sa3yKbhiTahb0n6jAmljGr5XDqQLvpAe HTTP/1.1" 200 2
66.249.65.115 - - [30/Nov/2014:07:40:39 -0500] "GET /BLA/resoluciones/RESOLUCIONES%202009/7096.pdf HTTP/1.1" 200 624719
180.76.5.192 - - [30/Nov/2014:07:40:50 -0500] "GET /BLA/resoluciones/RESOLUCIONES%202008/2127.pdf HTTP/1.1" 200 192868
190.66.139.35 - - [30/Nov/2014:07:40:55 -0500] "GET /BLA/boletinlegal/js/jquery.js HTTP/1.1" 200 57254
190.66.139.35 - - [30/Nov/2014:07:40:55 -0500] "GET /BLA/boletinlegal/js/jquery.scrollTo-min.js HTTP/1.1" 200 1150
190.66.139.35 - - [30/Nov/2014:07:40:55 -0500] "GET /BLA/boletinlegal/js/jquery.scrollShow.js HTTP/1.1" 200 4586
157.55.39.13 - - [30/Nov/2014:07:40:56 -0500] "GET /dama/libreria/php/quejas_1.php HTTP/1.1" 404 1019
190.71.183.191 - - [30/Nov/2014:07:41:07 -0500] "GET /BLA/boletinlegal/js/jquery.js HTTP/1.1" 200 57254
190.71.183.191 - - [30/Nov/2014:07:41:07 -0500] "GET /BLA/boletinlegal/js/jquery.scrollTo-min.js HTTP/1.1" 200 1150
190.71.183.191 - - [30/Nov/2014:07:41:07 -0500] "GET /BLA/boletinlegal/js/jquery.scrollShow.js HTTP/1.1" 200 4586
186.80.170.186 - - [30/Nov/2014:07:41:17 -0500] "GET /BLA/boletinlegal/js/jquery.scrollShow.js HTTP/1.1" 200 4586
186.80.170.186 - - [30/Nov/2014:07:41:17 -0500] "GET /BLA/boletinlegal/js/jquery.scrollTo-min.js HTTP/1.1" 200 1150
186.80.170.186 - - [30/Nov/2014:07:41:17 -0500] "GET /BLA/boletinlegal/js/jquery.js HTTP/1.1" 200 57254
188.165.15.23 - - [30/Nov/2014:07:41:28 -0500] "GET /BLA/resoluciones/RESOLUCIONES%202006/RES%202006%20451-500/00000482.tif HTTP/1.1" 200 160366
202.46.61.31 - - [30/Nov/2014:07:41:37 -0500] "GET / HTTP/1.1" 302 -
180.76.5.57 - - [30/Nov/2014:07:41:37 -0500] "GET /BLA/resoluciones/RESOLUCIONES%202010/1102.pdf HTTP/1.1" 200 104962
188.165.15.23 - - [30/Nov/2014:07:41:43 -0500] "GET /BLA/resoluciones/RESOLUCIONES%202004/RES%202004%20901-950/00000931.tif HTTP/1.1" 200 184416
74.86.158.107 - - [30/Nov/2014:07:41:51 -0500] "HEAD / HTTP/1.1" 302 -
119.63.193.131 - - [30/Nov/2014:07:42:01 -0500] "GET / HTTP/1.1" 302 -
66.249.65.119 - - [30/Nov/2014:07:42:09 -0500] "GET /BLA/resoluciones/RESOLUCIONES%202008/2133.pdf HTTP/1.1" 200 168215
66.249.65.119 - - [30/Nov/2014:07:42:11 -0500] "GET /BLA/resoluciones/AUTOS%202011/6811.pdf HTTP/1.1" 304 -
186.147.193.251 - - [30/Nov/2014:07:42:16 -0500] "GET /BLA/boletinlegal/js/jquery.js HTTP/1.1" 200 57254
186.147.193.251 - - [30/Nov/2014:07:42:16 -0500] "GET /BLA/boletinlegal/js/jquery.scrollTo-min.js HTTP/1.1" 200 1150
186.147.193.251 - - [30/Nov/2014:07:42:16 -0500] "GET /BLA/boletinlegal/js/jquery.scrollShow.js HTTP/1.1" 200 4586
66.249.65.119 - - [30/Nov/2014:07:42:16 -0500] "GET /BLA/resoluciones/RESOLUCIONES%202011/4590.pdf HTTP/1.1" 200 571600
186.145.58.53 - - [30/Nov/2014:07:42:18 -0500] "POST /forms/lservlet;jsessionid=ac16012b30d520417a54b3ad46c4b639843bfe7237f7.e3iSbxaKaheRe34Sa3yKbhiTahb0n6jAmljGr5XDqQLvpAe HTTP/1.1" 200 2
180.76.5.59 - - [30/Nov/2014:07:42:25 -0500] "GET /BLA/resoluciones/RESOLUCIONES%202008/0452.pdf HTTP/1.1" 200 243343
66.249.65.55 - - [30/Nov/2014:07:43:06 -0500] "GET /dama/libreria/php/decide.php?patron=03.1305020113&numm=41 HTTP/1.1" 404 1019
191.88.226.140 - - [30/Nov/2014:07:43:25 -0500] "GET /forest/skins/gdocs-jar/css/forest.css?version=1411.041919 HTTP/1.1" 304 -
191.88.226.140 - - [30/Nov/2014:07:43:25 -0500] "GET /forest/skins/gdocs-jar/css/menu.css?version=1411.041919 HTTP/1.1" 304 -
191.88.226.140 - - [30/Nov/2014:07:43:25 -0500] "GET /forest/skins/gdocs-jar/css/autocomplete.css?version=1411.041919 HTTP/1.1" 304 -
191.88.226.140 - - [30/Nov/2014:07:43:25 -0500] "GET /forest/css/escritorio.css?version=1411.041919 HTTP/1.1" 304 -
191.88.226.140 - - [30/Nov/2014:07:43:25 -0500] "GET /forest/css/index.css?version=1411.041919 HTTP/1.1" 304 -
191.88.226.140 - - [30/Nov/2014:07:43:24 -0500] "GET /forest/login.do HTTP/1.1" 200 12486
191.88.226.140 - - [30/Nov/2014:07:43:25 -0500] "GET /forest/1ibre/jscalendar/calendar-win2k-1.css?version=1411.041919 HTTP/1.1" 304 -
191.88.226.140 - - [30/Nov/2014:07:43:25 -0500] "GET /forest/skins/gdocs-jar/css/dialog.css?version=1411.041919 HTTP/1.1" 304 -
191.88.226.140 - - [30/Nov/2014:07:43:25 -0500] "GET /forest/skins/gdocs-jar/css/forms.css?version=1411.041919 HTTP/1.1" 304 -
191.88.226.140 - - [30/Nov/2014:07:43:25 -0500] "GET /forest/jsoptimized/gz/js/gdocsall-1411.041919.js HTTP/1.1" 304 -
191.88.226.140 - - [30/Nov/2014:07:43:25 -0500] "GET /forest/js/json3.js HTTP/1.1" 304 -
191.88.226.140 - - [30/Nov/2014:07:43:25 -0500] "GET /forest/img/loading.gif HTTP/1.1" 304 -
191.88.226.140 - - [30/Nov/2014:07:43:25 -0500] "GET /forest/img/spacer.gif HTTP/1.1" 304 -
191.88.226.140 - - [30/Nov/2014:07:43:26 -0500] "GET /forest/img/panel/view_icon.gif HTTP/1.1" 304 -
191.88.226.140 - - [30/Nov/2014:07:43:26 -0500] "GET /forest/img/inicio/1.gif HTTP/1.1" 304 -
191.88.226.140 - - [30/Nov/2014:07:43:26 -0500] "GET /forest/img/inicio/2.gif HTTP/1.1" 304 -
191.88.226.140 - - [30/Nov/2014:07:43:26 -0500] "GET /forest/img/inicio/3.gif HTTP/1.1" 304 -
191.88.226.140 - - [30/Nov/2014:07:43:26 -0500] "GET /forest/img/inicio/4.gif HTTP/1.1" 304 -
191.88.226.140 - - [30/Nov/2014:07:43:26 -0500] "GET /forest/img/inicio/5.gif HTTP/1.1" 304 -
191.88.226.140 - - [30/Nov/2014:07:43:26 -0500] "GET /forest/img/inicio/6.gif HTTP/1.1" 304 -
191.88.226.140 - - [30/Nov/2014:07:43:26 -0500] "GET /forest/img/inicio/7.gif HTTP/1.1" 304 -
191.88.226.140 - - [30/Nov/2014:07:43:26 -0500] "GET /forest/img/mplogo.gif HTTP/1.1" 304 -
191.88.226.140 - - [30/Nov/2014:07:43:26 -0500] "GET /forest/img/close.gif HTTP/1.1" 304 -
191.88.226.140 - - [30/Nov/2014:07:43:26 -0500] "GET /forest/skins/gdocs-jar/img/okey.gif HTTP/1.1" 304 -
191.88.226.140 - - [30/Nov/2014:07:43:26 -0500] "GET /forest/img/base/bsc2_r1_c1.gif HTTP/1.1" 304 -
191.88.226.140 - - [30/Nov/2014:07:43:26 -0500] "GET /forest/img/base/bsc2_r1_c2.gif HTTP/1.1" 304 -
191.88.226.140 - - [30/Nov/2014:07:43:27 -0500] "GET /forest/img/base/bsc2_r1_c3.gif HTTP/1.1" 304 -
191.88.226.140 - - [30/Nov/2014:07:43:27 -0500] "GET /forest/1ibre/1ibre.css HTTP/1.1" 304 -
200.119.121.177 - - [30/Nov/2014:07:43:27 -0500] "GET /BLA/boletinlegal/js/jquery.scrollTo-min.js HTTP/1.1" 200 1150
200.119.121.177 - - [30/Nov/2014:07:43:27 -0500] "GET /BLA/boletinlegal/js/jquery.js HTTP/1.1" 200 57254
200.119.121.177 - - [30/Nov/2014:07:43:27 -0500] "GET /BLA/boletinlegal/js/jquery.scrollShow.js HTTP/1.1" 200 4586
66.249.65.123 - - [30/Nov/2014:07:43:39 -0500] "GET /BLA/resoluciones/RESOLUCIONES%202008/0630.pdf HTTP/1.1" 200 15442175
188.165.15.110 - - [30/Nov/2014:07:44:12 -0500] "GET /BLA/resoluciones/RESOLUCIONES%202004/RES%202004%20351-400/00000355.tif HTTP/1.1" 200 118188
66.249.65.119 - - [30/Nov/2014:07:44:16 -0500] "GET /BLA/resoluciones/RESOLUCIONES%202010/1222.pdf HTTP/1.1" 200 113372
186.145.58.53 - - [30/Nov/2014:07:44:18 -0500] "POST /forms/lservlet;jsessionid=ac16012b30d520417a54b3ad46c4b639843bfe7237f7.e3iSbxaKaheRe34Sa3yKbhiTahb0n6jAmljGr5XDqQLvpAe HTTP/1.1" 200 2
188.165.15.41 - - [30/Nov/2014:07:44:25 -0500] "GET /BLA/resoluciones/RESOLUCIONES%202002/RES%202002%201851-1900/20021881.tif HTTP/1.1" 200 136992
66.249.65.119 - - [30/Nov/2014:07:44:30 -0500] "GET /BLA/resoluciones/AUTOS%202013/3129.pdf HTTP/1.1" 200 425449
186.80.140.125 - - [30/Nov/2014:07:44:44 -0500] "GET /BLA/boletinlegal/js/jquery.scrollShow.js HTTP/1.1" 200 4586
186.80.140.125 - - [30/Nov/2014:07:44:44 -0500] "GET /BLA/boletinlegal/js/jquery.scrollTo-min.js HTTP/1.1" 200 1150
186.80.140.125 - - [30/Nov/2014:07:44:44 -0500] "GET /BLA/boletinlegal/js/jquery.js HTTP/1.1" 200 57254
66.249.65.123 - - [30/Nov/2014:07:44:44 -0500] "GET /BLA/resoluciones/RESOLUCIONES%202010/3779.pdf HTTP/1.1" 304 -
206.132.109.58 - - [30/Nov/2014:07:44:54 -0500] "GET /BLA/boletinlegal/js/jquery.js HTTP/1.1" 200 57254
206.132.109.58 - - [30/Nov/2014:07:44:54 -0500] "GET /BLA/boletinlegal/js/jquery.scrollTo-min.js HTTP/1.1" 200 1150
206.132.109.58 - - [30/Nov/2014:07:44:54 -0500] "GET /BLA/boletinlegal/js/jquery.scrollShow.js HTTP/1.1" 200 4586
66.249.65.119 - - [30/Nov/2014:07:44:58 -0500] "GET /BLA/resoluciones/AUTOS%202013/2556.pdf HTTP/1.1" 200 1852271
201.245.192.253 - - [30/Nov/2014:07:45:06 -0500] "GET /plugins/like_box.php?app_id=&channel=http%3A%2F%2Fstatic.ak.facebook.com%2Fconnect%2Fxd_arbiter%2F7r8gQb8MIqE.js%3Fversion%3D41%23cb%3Df995590dc%26domain%3Dwww.colombia.com%26origin%3Dhttp%253A%252F%252Fwww.colombia.com%252Ffc595e9cc%26relation%3Dparent.parent&header=false&href=http%3A%2F%2Fwww.facebook.com%2Fpages%2FColombiacom%2F120864984617693&locale=es_LA&sdk=joey&stream=false&width=320 HTTP/1.1" 404 1302
180.76.5.143 - - [30/Nov/2014:07:45:07 -0500] "GET /BLA/resoluciones/AUTOS%202009/0100.pdf HTTP/1.1" 200 102991
201.245.192.253 - - [30/Nov/2014:07:45:09 -0500] "GET /plugins/like_box.php?app_id=&channel=http%3A%2F%2Fstatic.ak.facebook.com%2Fconnect%2Fxd_arbiter%2F7r8gQb8MIqE.js%3Fversion%3D41%23cb%3Df20b9b10a8%26domain%3Dwww.colombia.com%26origin%3Dhttp%253A%252F%252Fwww.colombia.com%252Ff33b6fd7f%26relation%3Dparent.parent&header=false&href=http%3A%2F%2Fwww.facebook.com%2Fpages%2FColombiacom%2F120864984617693&locale=es_LA&sdk=joey&stream=false&width=320 HTTP/1.1" 404 1344
66.249.65.123 - - [30/Nov/2014:07:45:09 -0500] "GET /BLA/resoluciones/AUTOS%202012/1493.pdf HTTP/1.1" 200 2041941
66.249.65.115 - - [30/Nov/2014:07:45:12 -0500] "GET /BLA/resoluciones/AUTOS%202013/1933.pdf HTTP/1.1" 200 1971465
186.80.93.95 - - [30/Nov/2014:07:45:23 -0500] "GET /BLA/boletinlegal/js/jquery.js HTTP/1.1" 200 57254
186.80.93.95 - - [30/Nov/2014:07:45:23 -0500] "GET /BLA/boletinlegal/js/jquery.scrollShow.js HTTP/1.1" 200 4586
186.80.93.95 - - [30/Nov/2014:07:45:23 -0500] "GET /BLA/boletinlegal/js/jquery.scrollTo-min.js HTTP/1.1" 200 1150
66.249.65.115 - - [30/Nov/2014:07:45:26 -0500] "GET /BLA/resoluciones/RESOLUCIONES%202007/RES%202007%20201%20AL%20300/RESOLUCION%200287%20DE%202007.pdf HTTP/1.1" 200 405916
190.158.139.139 - - [30/Nov/2014:07:45:39 -0500] "GET /videos/Spot_CambioClimatico.flv HTTP/1.1" 200 4371917
66.249.65.115 - - [30/Nov/2014:07:45:40 -0500] "GET /BLA/resoluciones/AUTOS%202011/4827.pdf HTTP/1.1" 200 236191
180.76.6.131 - - [30/Nov/2014:07:45:55 -0500] "GET /BLA/resoluciones/AUTOS%202012/2977.pdf HTTP/1.1" 200 2283127
190.24.136.214 - - [30/Nov/2014:07:45:56 -0500] "GET /BLA/boletinlegal/js/jquery.js HTTP/1.1" 200 57254
190.24.136.214 - - [30/Nov/2014:07:45:56 -0500] "GET /BLA/boletinlegal/js/jquery.scrollTo-min.js HTTP/1.1" 200 1150
190.216.130.229 - - [30/Nov/2014:07:45:58 -0500] "GET /BLA/boletinlegal/js/jquery.js HTTP/1.1" 200 57254
190.216.130.229 - - [30/Nov/2014:07:45:58 -0500] "GET /BLA/boletinlegal/js/jquery.scrollTo-min.js HTTP/1.1" 200 1150
190.216.130.229 - - [30/Nov/2014:07:45:58 -0500] "GET /BLA/boletinlegal/js/jquery.scrollShow.js HTTP/1.1" 200 4586
190.24.136.214 - - [30/Nov/2014:07:45:59 -0500] "GET /BLA/boletinlegal/js/jquery.scrollShow.js HTTP/1.1" 200 4586
186.113.10.143 - - [30/Nov/2014:07:46:03 -0500] "GET /galeria/nivo-slider/demo/demo.html HTTP/1.1" 304 -
188.165.15.19 - - [30/Nov/2014:07:46:06 -0500] "GET /actualizaciones/legisla/Ly000979.htm HTTP/1.1" 404 1019
66.249.65.123 - - [30/Nov/2014:07:46:08 -0500] "GET /BLA/resoluciones/RESOLUCIONES%202009/1801.pdf HTTP/1.1" 304 -
186.145.58.53 - - [30/Nov/2014:07:46:18 -0500] "POST /forms/lservlet;jsessionid=ac16012b30d520417a54b3ad46c4b639843bfe7237f7.e3iSbxaKaheRe34Sa3yKbhiTahb0n6jAmljGr5XDqQLvpAe HTTP/1.1" 200 2
66.249.83.179 - - [30/Nov/2014:07:46:29 -0500] "GET / HTTP/1.1" 302 -
66.249.65.119 - - [30/Nov/2014:07:46:37 -0500] "GET /BLA/resoluciones/RESOLUCIONES%202007/RES%202007%202201%20AL%202300/RESOLUCION%202208%20DE%202007.pdf HTTP/1.1" 200 444830
186.86.236.122 - - [30/Nov/2014:07:46:39 -0500] "GET /BLA/boletinlegal/js/jquery.js HTTP/1.1" 200 57254
186.86.236.122 - - [30/Nov/2014:07:46:39 -0500] "GET /BLA/boletinlegal/js/jquery.scrollShow.js HTTP/1.1" 200 4586
186.86.236.122 - - [30/Nov/2014:07:46:39 -0500] "GET /BLA/boletinlegal/js/jquery.scrollTo-min.js HTTP/1.1" 200 1150
66.249.65.119 - - [30/Nov/2014:07:46:40 -0500] "GET /BLA/resoluciones/RESOLUCIONES%202010/0441.pdf HTTP/1.1" 200 255481
74.86.158.107 - - [30/Nov/2014:07:46:51 -0500] "HEAD / HTTP/1.1" 302 -
188.165.15.23 - - [30/Nov/2014:07:46:51 -0500] "GET /BLA/resoluciones/RESOLUCIONES%202004/RES%202004%202201-2250/00002230.tif HTTP/1.1" 200 90452
66.249.65.123 - - [30/Nov/2014:07:47:05 -0500] "GET /BLA/resoluciones/ HTTP/1.1" 200 6952
54.244.57.42 - - [30/Nov/2014:07:47:13 -0500] "-" 408 -
66.249.65.119 - - [30/Nov/2014:07:47:33 -0500] "GET /BLA/resoluciones/AUTOS%202011/7383.pdf HTTP/1.1" 304 -
181.236.144.243 - - [30/Nov/2014:07:47:48 -0500] "GET /BLA/boletinlegal/js/jquery.js HTTP/1.1" 200 57254
181.236.144.243 - - [30/Nov/2014:07:47:48 -0500] "GET /BLA/boletinlegal/js/jquery.scrollTo-min.js HTTP/1.1" 200 1150
181.236.144.243 - - [30/Nov/2014:07:47:48 -0500] "GET /BLA/boletinlegal/js/jquery.scrollShow.js HTTP/1.1" 200 4586
66.249.65.119 - - [30/Nov/2014:07:48:01 -0500] "GET /BLA/resoluciones/RESOLUCIONES%202007/RES%202007%201726%20AL%201800/RESOLUCION%201795%20DE%202007.pdf HTTP/1.1" 200 1296778
66.249.65.119 - - [30/Nov/2014:07:48:10 -0500] "GET /BLA/resoluciones/RESOLUCIONES%202009/2119.pdf HTTP/1.1" 304 -
186.145.58.53 - - [30/Nov/2014:07:48:18 -0500] "POST /forms/lservlet;jsessionid=ac16012b30d520417a54b3ad46c4b639843bfe7237f7.e3iSbxaKaheRe34Sa3yKbhiTahb0n6jAmljGr5XDqQLvpAe HTTP/1.1" 200 2
188.165.15.41 - - [30/Nov/2014:07:48:23 -0500] "GET /BLA/resoluciones/RESOLUCIONES%202006/RES%202006%202701-2750/00002712.tif HTTP/1.1" 200 76482
191.88.226.140 - - [30/Nov/2014:07:48:24 -0500] "GET /forest/login.do HTTP/1.1" 200 12486
66.249.65.115 - - [30/Nov/2014:07:48:29 -0500] "GET /BLA/resoluciones/RESOLUCIONES%202010/3391.pdf HTTP/1.1" 200 500375
201.221.179.26 - - [30/Nov/2014:07:48:33 -0500] "GET /galeria/carrusel/Carrusel/jquery-ui-1.8.13.custom.min.js HTTP/1.1" 200 10800
201.221.179.26 - - [30/Nov/2014:07:48:33 -0500] "GET /galeria/carrusel/Carrusel/jquery.thumbnailScroller.css HTTP/1.1" 200 2066
201.221.179.26 - - [30/Nov/2014:07:48:33 -0500] "GET /BLA/boletinlegal/js/jquery.js HTTP/1.1" 200 57254
201.221.179.26 - - [30/Nov/2014:07:48:33 -0500] "GET /galeria/carrusel/Carrusel/jquery.thumbnailScroller.js HTTP/1.1" 200 8157
201.221.179.26 - - [30/Nov/2014:07:48:33 -0500] "GET /BLA/boletinlegal/js/jquery.scrollTo-min.js HTTP/1.1" 200 1150
201.221.179.26 - - [30/Nov/2014:07:48:33 -0500] "GET /BLA/boletinlegal/js/jquery.scrollShow.js HTTP/1.1" 200 4586
201.221.179.26 - - [30/Nov/2014:07:48:35 -0500] "GET /galeria/nivo-slider/demo/demo.html HTTP/1.1" 200 3458
201.221.179.26 - - [30/Nov/2014:07:48:36 -0500] "GET /galeria/nivo-slider/themes/default/default.css HTTP/1.1" 200 1569
201.221.179.26 - - [30/Nov/2014:07:48:36 -0500] "GET /galeria/nivo-slider/themes/pascal/pascal.css HTTP/1.1" 200 2258
201.221.179.26 - - [30/Nov/2014:07:48:36 -0500] "GET /galeria/nivo-slider/themes/orman/orman.css HTTP/1.1" 200 2152
201.221.179.26 - - [30/Nov/2014:07:48:36 -0500] "GET /galeria/nivo-slider/demo/style.css HTTP/1.1" 200 2222
201.221.179.26 - - [30/Nov/2014:07:48:36 -0500] "GET /galeria/nivo-slider/nivo-slider.css HTTP/1.1" 200 1507
201.221.179.26 - - [30/Nov/2014:07:48:36 -0500] "GET /galeria/nivo-slider/demo/images/Banner-GAE3.jpg HTTP/1.1" 200 146354
201.221.179.26 - - [30/Nov/2014:07:48:36 -0500] "GET /galeria/nivo-slider/demo/images/festivalBasura0.jpg HTTP/1.1" 200 96780
201.221.179.26 - - [30/Nov/2014:07:48:36 -0500] "GET /galeria/nivo-slider/demo/images/Banner-comparendo.jpg HTTP/1.1" 200 388762
201.221.179.26 - - [30/Nov/2014:07:48:36 -0500] "GET /galeria/nivo-slider/demo/images/banner-pygaai.jpg HTTP/1.1" 200 82693
201.221.179.26 - - [30/Nov/2014:07:48:36 -0500] "GET /galeria/nivo-slider/demo/images/Tingua-azul.jpg HTTP/1.1" 200 307638
201.221.179.26 - - [30/Nov/2014:07:48:36 -0500] "GET /galeria/nivo-slider/demo/images/porloshumedales.jpg HTTP/1.1" 200 351238
201.221.179.26 - - [30/Nov/2014:07:48:36 -0500] "GET /galeria/nivo-slider/demo/images/Biotaxis-Man.jpg HTTP/1.1" 200 99362
201.221.179.26 - - [30/Nov/2014:07:48:36 -0500] "GET /galeria/nivo-slider/demo/images/bannerEcolecta3.jpg HTTP/1.1" 200 280034
201.221.179.26 - - [30/Nov/2014:07:48:36 -0500] "GET /galeria/nivo-slider/demo/images/9Signos.jpg HTTP/1.1" 200 93040
201.221.179.26 - - [30/Nov/2014:07:48:36 -0500] "GET /galeria/nivo-slider/demo/images/banner-redes.jpg HTTP/1.1" 200 62209
201.221.179.26 - - [30/Nov/2014:07:48:37 -0500] "GET /galeria/nivo-slider/demo/scripts/jquery-1.7.1.min.js HTTP/1.1" 200 93868
201.221.179.26 - - [30/Nov/2014:07:48:37 -0500] "GET /galeria/nivo-slider/jquery.nivo.slider.pack.js HTTP/1.1" 200 11561
201.221.179.26 - - [30/Nov/2014:07:48:37 -0500] "GET /galeria/nivo-slider/demo/images/4Simple_Slider.png HTTP/1.1" 200 11722
201.221.179.26 - - [30/Nov/2014:07:48:37 -0500] "GET /galeria/nivo-slider/themes/default/loading.gif HTTP/1.1" 200 1737
201.221.179.26 - - [30/Nov/2014:07:48:36 -0500] "GET /galeria/nivo-slider/demo/images/Banner-Caracol-Africano.jpg HTTP/1.1" 200 331986
201.221.179.26 - - [30/Nov/2014:07:48:36 -0500] "GET /galeria/nivo-slider/demo/images/banner-caballos.png HTTP/1.1" 200 389106
201.221.179.26 - - [30/Nov/2014:07:48:36 -0500] "GET /galeria/nivo-slider/demo/images/Hacienda_Molinos.jpg HTTP/1.1" 200 319171
201.221.179.26 - - [30/Nov/2014:07:48:42 -0500] "GET /galeria/nivo-slider/themes/default/arrows.png HTTP/1.1" 200 824
201.221.179.26 - - [30/Nov/2014:07:48:42 -0500] "GET /galeria/nivo-slider/themes/default/bullets.png HTTP/1.1" 200 1281
66.249.65.119 - - [30/Nov/2014:07:48:57 -0500] "GET /BLA/resoluciones/AUTOS%202010/0502.pdf HTTP/1.1" 304 -
181.142.159.64 - - [30/Nov/2014:07:49:09 -0500] "GET /BLA/boletinlegal/js/jquery.scrollTo-min.js HTTP/1.1" 200 1150
181.142.159.64 - - [30/Nov/2014:07:49:09 -0500] "GET /BLA/boletinlegal/js/jquery.js HTTP/1.1" 200 57254
181.142.159.64 - - [30/Nov/2014:07:49:09 -0500] "GET /BLA/boletinlegal/js/jquery.scrollShow.js HTTP/1.1" 200 4586
66.249.65.115 - - [30/Nov/2014:07:49:25 -0500] "GET /BLA/resoluciones/AUTOS%202011/7424.pdf HTTP/1.1" 200 177544
66.249.65.119 - - [30/Nov/2014:07:49:40 -0500] "GET /BLA/resoluciones/AUTOS%202010/0144.pdf HTTP/1.1" 200 199643
201.245.192.253 - - [30/Nov/2014:07:49:51 -0500] "GET /plugins/like.php?app_id=113387098692724&channel=http%3A%2F%2Fstatic.ak.facebook.com%2Fconnect%2Fxd_arbiter%2F7r8gQb8MIqE.js%3Fversion%3D41%23cb%3Df2d7df7e1c%26domain%3Dworld.needforspeed.com%26origin%3Dhttp%253A%252F%252Fworld.needforspeed.com%252Ffc02a4698%26relation%3Dparent.parent&href=http%3A%2F%2Fworld.needforspeed.com%2Fnews%2Farticle%2F35323%3Fsourceid%3Dnfsw7009%26newsLang%3Des%26locale%3Des_ES&layout=button_count&locale=es_ES&sdk=joey&send=false&show_faces=false&width=20 HTTP/1.1" 404 1502
201.245.192.253 - - [30/Nov/2014:07:49:51 -0500] "GET /plugins/like.php?app_id=113387098692724&channel=http%3A%2F%2Fstatic.ak.facebook.com%2Fconnect%2Fxd_arbiter%2F7r8gQb8MIqE.js%3Fversion%3D41%23cb%3Df33ed2cf5%26domain%3Dworld.needforspeed.com%26origin%3Dhttp%253A%252F%252Fworld.needforspeed.com%252Ffc02a4698%26relation%3Dparent.parent&href=http%3A%2F%2Fworld.needforspeed.com%2Fnews%2Farticle%2F34929%3Fsourceid%3Dnfsw7009%26newsLang%3Des%26locale%3Des_ES&layout=button_count&locale=es_ES&sdk=joey&send=false&show_faces=false&width=20 HTTP/1.1" 404 1502
201.245.192.253 - - [30/Nov/2014:07:49:51 -0500] "GET /plugins/like.php?app_id=113387098692724&channel=http%3A%2F%2Fstatic.ak.facebook.com%2Fconnect%2Fxd_arbiter%2F7r8gQb8MIqE.js%3Fversion%3D41%23cb%3Df3378857d4%26domain%3Dworld.needforspeed.com%26origin%3Dhttp%253A%252F%252Fworld.needforspeed.com%252Ffc02a4698%26relation%3Dparent.parent&href=http%3A%2F%2Fworld.needforspeed.com%2Fnews%2Farticle%2F34771%3Fsourceid%3Dnfsw7009%26newsLang%3Des%26locale%3Des_ES&layout=button_count&locale=es_ES&sdk=joey&send=false&show_faces=false&width=20 HTTP/1.1" 404 1502
201.245.192.253 - - [30/Nov/2014:07:49:51 -0500] "GET /plugins/like.php?app_id=113387098692724&channel=http%3A%2F%2Fstatic.ak.facebook.com%2Fconnect%2Fxd_arbiter%2F7r8gQb8MIqE.js%3Fversion%3D41%23cb%3Df1a50ca668%26domain%3Dworld.needforspeed.com%26origin%3Dhttp%253A%252F%252Fworld.needforspeed.com%252Ffc02a4698%26relation%3Dparent.parent&href=http%3A%2F%2Fworld.needforspeed.com%2Fnews%2Farticle%2F35211%3Fsourceid%3Dnfsw7009%26newsLang%3Des%26locale%3Des_ES&layout=button_count&locale=es_ES&sdk=joey&send=false&show_faces=false&width=20 HTTP/1.1" 404 1502
201.245.192.253 - - [30/Nov/2014:07:49:51 -0500] "GET /plugins/like.php?app_id=113387098692724&channel=http%3A%2F%2Fstatic.ak.facebook.com%2Fconnect%2Fxd_arbiter%2F7r8gQb8MIqE.js%3Fversion%3D41%23cb%3Df3cc35f30c%26domain%3Dworld.needforspeed.com%26origin%3Dhttp%253A%252F%252Fworld.needforspeed.com%252Ffc02a4698%26relation%3Dparent.parent&href=http%3A%2F%2Fworld.needforspeed.com%2Fnews%2Farticle%2F34632%3Fsourceid%3Dnfsw7009%26newsLang%3Des%26locale%3Des_ES&layout=button_count&locale=es_ES&sdk=joey&send=false&show_faces=false&width=20 HTTP/1.1" 404 1502
201.245.192.253 - - [30/Nov/2014:07:49:51 -0500] "GET /plugins/like_box.php?app_id=113387098692724&channel=http%3A%2F%2Fstatic.ak.facebook.com%2Fconnect%2Fxd_arbiter%2F7r8gQb8MIqE.js%3Fversion%3D41%23cb%3Df2df12310%26domain%3Dworld.needforspeed.com%26origin%3Dhttp%253A%252F%252Fworld.needforspeed.com%252Ffc02a4698%26relation%3Dparent.parent&color_scheme=dark&connections=15&header=false&height=650&href=http%3A%2F%2Fwww.facebook.com%2FNeedforSpeedWorld&locale=es_ES&sdk=joey&stream=true&width=292 HTTP/1.1" 404 1502
66.249.65.123 - - [30/Nov/2014:07:49:53 -0500] "GET /BLA/resoluciones/AUTOS%202009/3121.pdf HTTP/1.1" 304 -
201.245.192.253 - - [30/Nov/2014:07:50:16 -0500] "GET /plugins/like.php?app_id=113387098692724&channel=http%3A%2F%2Fstatic.ak.facebook.com%2Fconnect%2Fxd_arbiter%2F7r8gQb8MIqE.js%3Fversion%3D41%23cb%3Dff5dc9ca4%26domain%3Dworld.needforspeed.com%26origin%3Dhttp%253A%252F%252Fworld.needforspeed.com%252Ff369bc6bc%26relation%3Dparent.parent&href=https%3A%2F%2Fworld.needforspeed.com%2Fnews%2Farticle%2F35211&layout=button_count&locale=es_ES&sdk=joey&send=false&show_faces=false&width=200 HTTP/1.1" 404 1300
186.145.58.53 - - [30/Nov/2014:07:50:18 -0500] "POST /forms/lservlet;jsessionid=ac16012b30d520417a54b3ad46c4b639843bfe7237f7.e3iSbxaKaheRe34Sa3yKbhiTahb0n6jAmljGr5XDqQLvpAe HTTP/1.1" 200 2
66.249.65.123 - - [30/Nov/2014:07:50:22 -0500] "GET /BLA/resoluciones/RESOLUCIONES%202010/7679.pdf HTTP/1.1" 200 67913
66.249.65.115 - - [30/Nov/2014:07:50:50 -0500] "GET /BLA/resoluciones/AUTOS%202013/0606.pdf HTTP/1.1" 304 -
66.249.65.115 - - [30/Nov/2014:07:51:11 -0500] "GET /BLA/resoluciones/RESOLUCIONES%202009/4179.pdf HTTP/1.1" 200 119540
66.249.65.123 - - [30/Nov/2014:07:51:18 -0500] "GET /BLA/resoluciones/RESOLUCIONES%202012/1555.pdf HTTP/1.1" 200 3303513
