186.145.58.53 - - [30/Nov/2014:06:02:15 -0500] "POST /forms/lservlet;jsessionid=ac16012b30d520417a54b3ad46c4b639843bfe7237f7.e3iSbxaKaheRe34Sa3yKbhiTahb0n6jAmljGr5XDqQLvpAe HTTP/1.1" 200 2
201.245.192.253 - - [30/Nov/2014:06:02:17 -0500] "GET /plugins/like.php?locale=es_ES&href=https%3A%2F%2Fwww.facebook.com%2FMSNColombia&send=false&layout=button_count&width=450&show_faces=false&font&colorscheme=light&action=like&height=21 HTTP/1.1" 404 1290
66.249.65.115 - - [30/Nov/2014:06:02:21 -0500] "GET /BLA/resoluciones/AUTOS%202013/2800.pdf HTTP/1.1" 304 -
66.249.65.119 - - [30/Nov/2014:06:02:49 -0500] "GET /BLA/resoluciones/RESOLUCIONES%202010/3745.pdf HTTP/1.1" 304 -
188.165.15.152 - - [30/Nov/2014:06:02:52 -0500] "GET /BLA/resoluciones/RESOLUCIONES%202002/RES%202002%201051-1100/00001053.tif HTTP/1.1" 200 100486
66.249.65.123 - - [30/Nov/2014:06:02:55 -0500] "GET /BLA/resoluciones/AUTOS%202011/3748.pdf HTTP/1.1" 200 236183
66.249.65.115 - - [30/Nov/2014:06:03:13 -0500] "GET /BLA/resoluciones/RESOLUCIONES%202002/RES%202002%201451-1500/20021485.tif HTTP/1.1" 200 65704
66.249.65.115 - - [30/Nov/2014:06:03:17 -0500] "GET /BLA/resoluciones/RESOLUCIONES%202010/7381.pdf HTTP/1.1" 200 293427
201.245.192.253 - - [30/Nov/2014:06:03:25 -0500] "GET /plugins/like.php?locale=es_ES&href=https%3A%2F%2Fwww.facebook.com%2FMSNColombia&send=false&layout=button_count&width=450&show_faces=false&font&colorscheme=light&action=like&height=21 HTTP/1.1" 404 1458
66.249.65.119 - - [30/Nov/2014:06:03:45 -0500] "GET /BLA/resoluciones/RESOLUCIONES%202008/2481.pdf HTTP/1.1" 200 316403
201.245.192.253 - - [30/Nov/2014:06:04:09 -0500] "GET /plugins/like.php?locale=es_ES&href=https%3A%2F%2Fwww.facebook.com%2FMSNColombia&send=false&layout=button_count&width=450&show_faces=false&font&colorscheme=light&action=like&height=21 HTTP/1.1" 404 1308
66.249.65.115 - - [30/Nov/2014:06:04:13 -0500] "GET /BLA/resoluciones/RESOLUCIONES%202007/RES%202007%201401%20AL%201500/RESOLUCION%201440%20DE%202007.pdf HTTP/1.1" 200 303111
186.145.58.53 - - [30/Nov/2014:06:04:16 -0500] "POST /forms/lservlet;jsessionid=ac16012b30d520417a54b3ad46c4b639843bfe7237f7.e3iSbxaKaheRe34Sa3yKbhiTahb0n6jAmljGr5XDqQLvpAe HTTP/1.1" 200 2
201.245.192.253 - - [30/Nov/2014:06:04:16 -0500] "GET /plugins/like.php?locale=es_ES&href=https%3A%2F%2Fwww.facebook.com%2FMSNColombia&send=false&layout=button_count&width=450&show_faces=false&font&colorscheme=light&action=like&height=21 HTTP/1.1" 404 1308
66.249.65.123 - - [30/Nov/2014:06:04:27 -0500] "GET /BLA/resoluciones/RESOLUCIONES%202009/0278.pdf HTTP/1.1" 200 26598
185.10.104.194 - - [30/Nov/2014:06:04:31 -0500] "GET /BLA/resoluciones/AUTOS%202007/1731.pdf HTTP/1.1" 200 37150
66.249.65.115 - - [30/Nov/2014:06:04:42 -0500] "GET /BLA/resoluciones/RESOLUCIONES%202011/6033.pdf HTTP/1.1" 304 -
201.245.192.253 - - [30/Nov/2014:06:04:44 -0500] "GET /plugins/like.php?locale=es_ES&href=https%3A%2F%2Fwww.facebook.com%2FMSNColombia&send=false&layout=button_count&width=450&show_faces=false&font&colorscheme=light&action=like&height=21 HTTP/1.1" 404 1322
181.134.146.128 - - [30/Nov/2014:06:04:56 -0500] "GET /BLA/boletinlegal/js/jquery.js HTTP/1.1" 200 57254
181.134.146.128 - - [30/Nov/2014:06:04:56 -0500] "GET /BLA/boletinlegal/js/jquery.scrollTo-min.js HTTP/1.1" 200 1150
181.134.146.128 - - [30/Nov/2014:06:04:56 -0500] "GET /BLA/boletinlegal/js/jquery.scrollShow.js HTTP/1.1" 200 4586
66.249.65.115 - - [30/Nov/2014:06:05:10 -0500] "GET /BLA/resoluciones/RESOLUCIONES%202010/6771.pdf HTTP/1.1" 304 -
66.249.65.119 - - [30/Nov/2014:06:05:37 -0500] "GET /BLA/resoluciones/RESOLUCIONES%202002/RES%202002%201801-1850/20021803.tif HTTP/1.1" 200 53696
66.249.65.123 - - [30/Nov/2014:06:05:38 -0500] "GET /BLA/resoluciones/RESOLUCIONES%202009/8931.pdf HTTP/1.1" 200 369141
66.249.65.115 - - [30/Nov/2014:06:06:00 -0500] "GET /BLA/resoluciones/RESOLUCIONES%202009/0690.pdf HTTP/1.1" 200 204599
66.249.65.119 - - [30/Nov/2014:06:06:06 -0500] "GET /BLA/resoluciones/RESOLUCIONES%202009/9720.pdf HTTP/1.1" 200 280427
157.55.39.155 - - [30/Nov/2014:06:06:13 -0500] "GET /dama/libreria/php/decide.php?patron=03.1209 HTTP/1.1" 404 1019
186.145.58.53 - - [30/Nov/2014:06:06:16 -0500] "POST /forms/lservlet;jsessionid=ac16012b30d520417a54b3ad46c4b639843bfe7237f7.e3iSbxaKaheRe34Sa3yKbhiTahb0n6jAmljGr5XDqQLvpAe HTTP/1.1" 200 2
181.133.73.164 - - [30/Nov/2014:06:06:22 -0500] "GET /BLA/boletinlegal/js/jquery.js HTTP/1.1" 200 57254
181.133.73.164 - - [30/Nov/2014:06:06:22 -0500] "GET /BLA/boletinlegal/js/jquery.scrollShow.js HTTP/1.1" 200 4586
181.133.73.164 - - [30/Nov/2014:06:06:22 -0500] "GET /BLA/boletinlegal/js/jquery.scrollTo-min.js HTTP/1.1" 200 1150
74.86.158.107 - - [30/Nov/2014:06:06:23 -0500] "HEAD / HTTP/1.1" 302 -
66.249.65.115 - - [30/Nov/2014:06:06:34 -0500] "GET /BLA/resoluciones/RESOLUCIONES%202009/1881.pdf HTTP/1.1" 200 760324
66.249.65.123 - - [30/Nov/2014:06:07:02 -0500] "GET /BLA/resoluciones/RESOLUCIONES%202012/0722.pdf HTTP/1.1" 200 387735
66.249.65.123 - - [30/Nov/2014:06:07:30 -0500] "GET /BLA/resoluciones/RESOLUCIONES%202009/5342.pdf HTTP/1.1" 304 -
66.249.65.123 - - [30/Nov/2014:06:07:32 -0500] "GET /BLA/resoluciones/RESOLUCIONES%202009/2661.pdf HTTP/1.1" 304 -
66.249.65.123 - - [30/Nov/2014:06:07:58 -0500] "GET /BLA/resoluciones/RESOLUCIONES%202009/4703.pdf HTTP/1.1" 304 -
186.28.122.197 - - [30/Nov/2014:06:07:59 -0500] "GET /BLA/boletinlegal/js/jquery.js HTTP/1.1" 200 57254
186.28.122.197 - - [30/Nov/2014:06:07:59 -0500] "GET /BLA/boletinlegal/js/jquery.scrollTo-min.js HTTP/1.1" 200 1150
186.28.122.197 - - [30/Nov/2014:06:07:59 -0500] "GET /BLA/boletinlegal/js/jquery.scrollShow.js HTTP/1.1" 200 4586
186.145.58.53 - - [30/Nov/2014:06:08:16 -0500] "POST /forms/lservlet;jsessionid=ac16012b30d520417a54b3ad46c4b639843bfe7237f7.e3iSbxaKaheRe34Sa3yKbhiTahb0n6jAmljGr5XDqQLvpAe HTTP/1.1" 200 2
201.245.192.253 - - [30/Nov/2014:06:08:19 -0500] "GET /v/0-dDSmXl1nw&fs=1&rel=0&enablejsapi=1&playerapiid=ytEmbed94916241b41f4394b538557a4698f7d9 HTTP/1.1" 404 1523
66.249.65.119 - - [30/Nov/2014:06:08:27 -0500] "GET /BLA/resoluciones/RESOLUCIONES%202010/3994.pdf HTTP/1.1" 200 968611
66.249.65.123 - - [30/Nov/2014:06:08:55 -0500] "GET /BLA/resoluciones/RESOLUCIONES%202013/1592.pdf HTTP/1.1" 304 -
66.249.65.123 - - [30/Nov/2014:06:09:04 -0500] "GET /BLA/resoluciones/RESOLUCIONES%202009/6748.pdf HTTP/1.1" 304 -
188.165.15.50 - - [30/Nov/2014:06:09:13 -0500] "GET /BLA/resoluciones/RESOLUCIONES%202006/RES%202006%20701-750/00000711.tif HTTP/1.1" 200 133126
190.243.181.209 - - [30/Nov/2014:06:09:16 -0500] "GET /BLA/boletinlegal/js/jquery.scrollShow.js HTTP/1.1" 200 4586
190.243.181.209 - - [30/Nov/2014:06:09:16 -0500] "GET /BLA/boletinlegal/js/jquery.scrollTo-min.js HTTP/1.1" 200 1150
190.243.181.209 - - [30/Nov/2014:06:09:16 -0500] "GET /BLA/boletinlegal/js/jquery.js HTTP/1.1" 200 57254
66.249.65.115 - - [30/Nov/2014:06:09:23 -0500] "GET /BLA/resoluciones/RESOLUCIONES%202007/RES%202007%20401%20AL%20500/RESOLUCION%200407%20DE%202007.pdf HTTP/1.1" 304 -
188.165.15.152 - - [30/Nov/2014:06:09:47 -0500] "GET /manual_funciones_Listado/index.php?dir=2.3.2.%20Subdirecci%C3%83%C2%83%C3%82%C2%B3n%20de%20Ecosistemas%20y%20Ruralidad/&sort=date&order=asc HTTP/1.1" 404 1018
66.249.65.119 - - [30/Nov/2014:06:09:51 -0500] "GET /BLA/resoluciones/RESOLUCIONES%202009/1300.pdf HTTP/1.1" 200 531111
188.165.15.152 - - [30/Nov/2014:06:10:05 -0500] "GET /BLA/resoluciones/RESOLUCIONES%202004/RES%202004%202301-2350/00002326.tif HTTP/1.1" 200 156558
186.145.58.53 - - [30/Nov/2014:06:10:16 -0500] "POST /forms/lservlet;jsessionid=ac16012b30d520417a54b3ad46c4b639843bfe7237f7.e3iSbxaKaheRe34Sa3yKbhiTahb0n6jAmljGr5XDqQLvpAe HTTP/1.1" 200 2
66.249.65.123 - - [30/Nov/2014:06:10:19 -0500] "GET /BLA/resoluciones/RESOLUCIONES%202010/5360.pdf HTTP/1.1" 200 518745
66.249.65.123 - - [30/Nov/2014:06:10:36 -0500] "GET /BLA/resoluciones/RESOLUCIONES%202007/RES%202007%201501%20AL%201600/RESOLUCION%201523%20DE%202007.pdf HTTP/1.1" 200 515186
181.133.251.87 - - [30/Nov/2014:06:10:45 -0500] "GET /BLA/boletinlegal/js/jquery.js HTTP/1.1" 200 57254
181.133.251.87 - - [30/Nov/2014:06:10:46 -0500] "GET /BLA/boletinlegal/js/jquery.scrollTo-min.js HTTP/1.1" 200 1150
181.133.251.87 - - [30/Nov/2014:06:10:46 -0500] "GET /BLA/boletinlegal/js/jquery.scrollShow.js HTTP/1.1" 200 4586
66.249.65.123 - - [30/Nov/2014:06:10:47 -0500] "GET /BLA/resoluciones/RESOLUCIONES%202012/1767.pdf HTTP/1.1" 200 1075414
188.165.15.181 - - [30/Nov/2014:06:10:49 -0500] "GET /BLA/resoluciones/RESOLUCIONES%202002/RES%202002%20951-1000/00000959.tif HTTP/1.1" 200 115246
66.249.65.119 - - [30/Nov/2014:06:11:15 -0500] "GET /BLA/resoluciones/RESOLUCIONES%202011/3139.pdf HTTP/1.1" 304 -
190.252.130.159 - - [30/Nov/2014:06:11:17 -0500] "GET /BLA/boletinlegal/js/jquery.js HTTP/1.1" 200 57254
190.252.130.159 - - [30/Nov/2014:06:11:17 -0500] "GET /BLA/boletinlegal/js/jquery.scrollTo-min.js HTTP/1.1" 200 1150
190.252.130.159 - - [30/Nov/2014:06:11:17 -0500] "GET /BLA/boletinlegal/js/jquery.scrollShow.js HTTP/1.1" 200 4586
74.86.158.107 - - [30/Nov/2014:06:11:23 -0500] "HEAD / HTTP/1.1" 302 -
180.76.5.151 - - [30/Nov/2014:06:11:37 -0500] "GET /BLA/resoluciones/AUTOS%202009/0530.pdf HTTP/1.1" 200 365571
66.249.65.119 - - [30/Nov/2014:06:11:43 -0500] "GET /BLA/resoluciones/RESOLUCIONES%202011/3496.pdf HTTP/1.1" 304 -
66.249.65.123 - - [30/Nov/2014:06:12:07 -0500] "GET /BLA/resoluciones/AUTOS%202013/2940.pdf HTTP/1.1" 200 1564531
66.249.65.123 - - [30/Nov/2014:06:12:12 -0500] "GET /BLA/resoluciones/RESOLUCIONES%202009/6756.pdf HTTP/1.1" 200 745099
186.145.58.53 - - [30/Nov/2014:06:12:16 -0500] "POST /forms/lservlet;jsessionid=ac16012b30d520417a54b3ad46c4b639843bfe7237f7.e3iSbxaKaheRe34Sa3yKbhiTahb0n6jAmljGr5XDqQLvpAe HTTP/1.1" 200 2
188.165.15.235 - - [30/Nov/2014:06:12:16 -0500] "GET /BLA/resoluciones/RESOLUCIONES%202004/RES%202004%201751-1800/00001776.tif HTTP/1.1" 200 140408
180.76.5.18 - - [30/Nov/2014:06:12:25 -0500] "GET /BLA/resoluciones/RESOLUCIONES%202008/1267.pdf HTTP/1.1" 200 56439
66.249.65.123 - - [30/Nov/2014:06:12:40 -0500] "GET /BLA/resoluciones/RESOLUCIONES%202011/3142.pdf HTTP/1.1" 304 -
188.165.15.152 - - [30/Nov/2014:06:12:44 -0500] "GET /BLA/resoluciones/RESOLUCIONES%202003/RES%202003%20751-800/771.tif HTTP/1.1" 200 439284
66.249.65.115 - - [30/Nov/2014:06:13:08 -0500] "GET /BLA/resoluciones/AUTOS%202013/0622.pdf HTTP/1.1" 304 -
181.131.199.197 - - [30/Nov/2014:06:13:16 -0500] "GET /BLA/boletinlegal/js/jquery.scrollShow.js HTTP/1.1" 200 4586
181.131.199.197 - - [30/Nov/2014:06:13:16 -0500] "GET /BLA/boletinlegal/js/jquery.js HTTP/1.1" 200 57254
181.131.199.197 - - [30/Nov/2014:06:13:16 -0500] "GET /BLA/boletinlegal/js/jquery.scrollTo-min.js HTTP/1.1" 200 1150
66.249.65.115 - - [30/Nov/2014:06:13:36 -0500] "GET /BLA/resoluciones/RESOLUCIONES%202013/0413.pdf HTTP/1.1" 200 1496199
188.165.15.110 - - [30/Nov/2014:06:13:44 -0500] "GET /BLA/resoluciones/RESOLUCIONES%202002/RES%202002%20901-950/00000950.tif HTTP/1.1" 200 102640
66.249.65.119 - - [30/Nov/2014:06:14:04 -0500] "GET /BLA/resoluciones/AUTOS%202009/2073.pdf HTTP/1.1" 304 -
186.145.58.53 - - [30/Nov/2014:06:14:16 -0500] "POST /forms/lservlet;jsessionid=ac16012b30d520417a54b3ad46c4b639843bfe7237f7.e3iSbxaKaheRe34Sa3yKbhiTahb0n6jAmljGr5XDqQLvpAe HTTP/1.1" 200 2
66.249.65.115 - - [30/Nov/2014:06:14:32 -0500] "GET /BLA/resoluciones/AUTOS%202010/1446.pdf HTTP/1.1" 304 -
188.165.15.61 - - [30/Nov/2014:06:14:58 -0500] "GET /BLA/resoluciones/RESOLUCIONES%202003/RES%202003%201351-1400/20031391.tif HTTP/1.1" 200 7692280
66.249.65.115 - - [30/Nov/2014:06:15:00 -0500] "GET /BLA/resoluciones/AUTOS%202009/0551.pdf HTTP/1.1" 200 127250
66.249.65.115 - - [30/Nov/2014:06:15:12 -0500] "GET /BLA/resoluciones/RESOLUCIONES%202013/1190.pdf HTTP/1.1" 200 497644
66.249.65.123 - - [30/Nov/2014:06:15:28 -0500] "GET /BLA/resoluciones/AUTOS%202007/1497.pdf HTTP/1.1" 304 -
66.249.65.115 - - [30/Nov/2014:06:15:57 -0500] "GET /BLA/resoluciones/RESOLUCIONES%202009/6074.pdf HTTP/1.1" 304 -
188.165.15.239 - - [30/Nov/2014:06:15:58 -0500] "GET /BLA/resoluciones/RESOLUCIONES%202006/RES%202006%201701-1751/00001733.tif HTTP/1.1" 200 201764
186.145.58.53 - - [30/Nov/2014:06:16:16 -0500] "POST /forms/lservlet;jsessionid=ac16012b30d520417a54b3ad46c4b639843bfe7237f7.e3iSbxaKaheRe34Sa3yKbhiTahb0n6jAmljGr5XDqQLvpAe HTTP/1.1" 200 2
74.86.158.107 - - [30/Nov/2014:06:16:23 -0500] "HEAD / HTTP/1.1" 302 -
66.249.65.123 - - [30/Nov/2014:06:16:25 -0500] "GET /BLA/resoluciones/RESOLUCIONES%202008/1261.pdf HTTP/1.1" 200 799835
190.24.129.149 - - [30/Nov/2014:06:16:34 -0500] "GET /galeria/nivo-slider/demo/images/Banner-Ecourbanismo.jpg HTTP/1.1" 304 -
66.249.65.123 - - [30/Nov/2014:06:16:44 -0500] "GET /BLA/resoluciones/RESOLUCIONES%202011/0557.pdf HTTP/1.1" 200 67811
186.84.137.166 - - [30/Nov/2014:06:16:50 -0500] "GET /BLA/boletinlegal/js/jquery.js HTTP/1.1" 200 57254
186.84.137.166 - - [30/Nov/2014:06:16:50 -0500] "GET /BLA/boletinlegal/js/jquery.scrollTo-min.js HTTP/1.1" 200 1150
186.84.137.166 - - [30/Nov/2014:06:16:50 -0500] "GET /BLA/boletinlegal/js/jquery.scrollShow.js HTTP/1.1" 200 4586
66.249.65.115 - - [30/Nov/2014:06:16:53 -0500] "GET /BLA/resoluciones/RESOLUCIONES%202008/2143.pdf HTTP/1.1" 304 -
66.249.65.123 - - [30/Nov/2014:06:17:21 -0500] "GET /BLA/resoluciones/RESOLUCIONES%202013/2004.pdf HTTP/1.1" 304 -
66.249.65.119 - - [30/Nov/2014:06:17:49 -0500] "GET /BLA/resoluciones/RESOLUCIONES%202007/RES%202007%201501%20AL%201600/RESOLUCION%201501%20DE%202007.pdf HTTP/1.1" 304 -
186.145.58.53 - - [30/Nov/2014:06:18:16 -0500] "POST /forms/lservlet;jsessionid=ac16012b30d520417a54b3ad46c4b639843bfe7237f7.e3iSbxaKaheRe34Sa3yKbhiTahb0n6jAmljGr5XDqQLvpAe HTTP/1.1" 200 2
66.249.65.115 - - [30/Nov/2014:06:18:16 -0500] "GET /BLA/resoluciones/RESOLUCIONES%202008/5693.pdf HTTP/1.1" 304 -
66.249.65.123 - - [30/Nov/2014:06:18:17 -0500] "GET /BLA/resoluciones/RESOLUCIONES%202009/1558.pdf HTTP/1.1" 304 -
66.249.65.119 - - [30/Nov/2014:06:18:45 -0500] "GET /BLA/resoluciones/RESOLUCIONES%202007/RES%202007%204001%20AL%204100/RESOLUCION%204045%20DE%202007.pdf HTTP/1.1" 304 -
66.249.65.119 - - [30/Nov/2014:06:19:14 -0500] "GET /BLA/resoluciones/RESOLUCIONES%202010/7176.pdf HTTP/1.1" 304 -
66.249.65.115 - - [30/Nov/2014:06:19:48 -0500] "GET /BLA/resoluciones/RESOLUCIONES%202009/8697.pdf HTTP/1.1" 200 105097
66.249.65.115 - - [30/Nov/2014:06:20:10 -0500] "GET /BLA/resoluciones/RESOLUCIONES%202008/0478.pdf HTTP/1.1" 304 -
186.145.58.53 - - [30/Nov/2014:06:20:16 -0500] "POST /forms/lservlet;jsessionid=ac16012b30d520417a54b3ad46c4b639843bfe7237f7.e3iSbxaKaheRe34Sa3yKbhiTahb0n6jAmljGr5XDqQLvpAe HTTP/1.1" 200 2
201.184.139.254 - - [30/Nov/2014:06:20:20 -0500] "GET /BLA/boletinlegal/js/jquery.js HTTP/1.1" 200 57254
201.184.139.254 - - [30/Nov/2014:06:20:20 -0500] "GET /BLA/boletinlegal/js/jquery.scrollTo-min.js HTTP/1.1" 200 1150
201.184.139.254 - - [30/Nov/2014:06:20:20 -0500] "GET /BLA/boletinlegal/js/jquery.scrollShow.js HTTP/1.1" 200 4586
188.165.15.181 - - [30/Nov/2014:06:20:23 -0500] "GET /BLA/resoluciones/RESOLUCIONES%202002/RES%202002%201501-1550/20021516.tif HTTP/1.1" 200 102764
66.249.65.123 - - [30/Nov/2014:06:20:38 -0500] "GET /BLA/resoluciones/RESOLUCIONES%202010/7135.pdf HTTP/1.1" 304 -
66.249.65.119 - - [30/Nov/2014:06:21:06 -0500] "GET /BLA/resoluciones/AUTOS%202007/3610.pdf HTTP/1.1" 304 -
188.165.15.110 - - [30/Nov/2014:06:21:10 -0500] "GET /BLA/resoluciones/RESOLUCIONES%202005/RES%202005%202451-2500/00002496.tif HTTP/1.1" 200 271616
66.249.65.119 - - [30/Nov/2014:06:21:21 -0500] "GET /BLA/resoluciones/AUTOS%202007/3126.pdf HTTP/1.1" 200 143739
74.86.158.107 - - [30/Nov/2014:06:21:23 -0500] "HEAD / HTTP/1.1" 302 -
66.249.65.123 - - [30/Nov/2014:06:21:34 -0500] "GET /BLA/resoluciones/RESOLUCIONES%202010/7419.pdf HTTP/1.1" 200 283928
66.249.65.119 - - [30/Nov/2014:06:22:02 -0500] "GET /BLA/resoluciones/AUTOS%202007/2692.pdf HTTP/1.1" 200 79835
188.165.15.110 - - [30/Nov/2014:06:22:12 -0500] "GET /BLA/resoluciones/index.php?dir=RESOLUCIONES%202005/RES%202005%201-50/RES%202005%201-50/&sort=date&order=asc HTTP/1.1" 200 2511
186.145.58.53 - - [30/Nov/2014:06:22:16 -0500] "POST /forms/lservlet;jsessionid=ac16012b30d520417a54b3ad46c4b639843bfe7237f7.e3iSbxaKaheRe34Sa3yKbhiTahb0n6jAmljGr5XDqQLvpAe HTTP/1.1" 200 2
66.249.65.123 - - [30/Nov/2014:06:22:30 -0500] "GET /BLA/resoluciones/AUTOS%202007/2234.pdf HTTP/1.1" 200 79705
66.249.65.115 - - [30/Nov/2014:06:22:52 -0500] "GET /BLA/resoluciones/AUTOS%202009/0694.pdf HTTP/1.1" 200 71616
66.249.65.123 - - [30/Nov/2014:06:22:58 -0500] "GET /BLA/resoluciones/RESOLUCIONES%202007/RES%202007%201%20AL%20100/RESOLUCION%200003%20DE%202007.pdf HTTP/1.1" 200 161451
181.133.31.18 - - [30/Nov/2014:06:23:07 -0500] "GET /BLA/boletinlegal/js/jquery.scrollTo-min.js HTTP/1.1" 200 1150
181.133.31.18 - - [30/Nov/2014:06:23:07 -0500] "GET /BLA/boletinlegal/js/jquery.scrollShow.js HTTP/1.1" 200 4586
181.133.31.18 - - [30/Nov/2014:06:23:07 -0500] "GET /BLA/boletinlegal/js/jquery.js HTTP/1.1" 200 57254
186.145.58.53 - - [30/Nov/2014:06:23:11 -0500] "POST /forms/lservlet;jsessionid=ac16012b30d520417a54b3ad46c4b639843bfe7237f7.e3iSbxaKaheRe34Sa3yKbhiTahb0n6jAmljGr5XDqQLvpAe HTTP/1.1" 200 2
186.145.58.53 - - [30/Nov/2014:06:23:11 -0500] "POST /forms/lservlet;jsessionid=ac16012b30d520417a54b3ad46c4b639843bfe7237f7.e3iSbxaKaheRe34Sa3yKbhiTahb0n6jAmljGr5XDqQLvpAe HTTP/1.1" 200 2480
186.145.58.53 - - [30/Nov/2014:06:23:11 -0500] "GET /imagenes/Srch_frw.gif HTTP/1.1" 200 925
186.145.58.53 - - [30/Nov/2014:06:23:11 -0500] "POST /forms/lservlet;jsessionid=ac16012b30d520417a54b3ad46c4b639843bfe7237f7.e3iSbxaKaheRe34Sa3yKbhiTahb0n6jAmljGr5XDqQLvpAe HTTP/1.1" 200 10
186.145.58.53 - - [30/Nov/2014:06:23:13 -0500] "POST /forms/lservlet;jsessionid=ac16012b30d520417a54b3ad46c4b639843bfe7237f7.e3iSbxaKaheRe34Sa3yKbhiTahb0n6jAmljGr5XDqQLvpAe HTTP/1.1" 200 46
181.133.31.18 - - [30/Nov/2014:06:23:14 -0500] "GET /autoliquidacion/index.php?dir=Grupo+Forestal+-+Silvicultura%2F HTTP/1.1" 200 5748
181.133.31.18 - - [30/Nov/2014:06:23:14 -0500] "GET /autoliquidacion/dlf/styles.css HTTP/1.1" 200 3045
181.133.31.18 - - [30/Nov/2014:06:23:16 -0500] "GET /autoliquidacion/dlf/dirup.png HTTP/1.1" 200 644
181.133.31.18 - - [30/Nov/2014:06:23:16 -0500] "GET /autoliquidacion/dlf/xls.gif HTTP/1.1" 200 636
181.133.31.18 - - [30/Nov/2014:06:23:16 -0500] "GET /autoliquidacion/dlf/unknown.png HTTP/1.1" 200 266
181.133.31.18 - - [30/Nov/2014:06:23:16 -0500] "GET /autoliquidacion/dlf/html.gif HTTP/1.1" 200 632
181.133.31.18 - - [30/Nov/2014:06:23:16 -0500] "GET /autoliquidacion/dlf/bg.gif HTTP/1.1" 200 54
186.145.58.53 - - [30/Nov/2014:06:23:22 -0500] "POST /forms/lservlet;jsessionid=ac16012b30d520417a54b3ad46c4b639843bfe7237f7.e3iSbxaKaheRe34Sa3yKbhiTahb0n6jAmljGr5XDqQLvpAe HTTP/1.1" 200 24
186.145.58.53 - - [30/Nov/2014:06:23:23 -0500] "POST /forms/lservlet;jsessionid=ac16012b30d520417a54b3ad46c4b639843bfe7237f7.e3iSbxaKaheRe34Sa3yKbhiTahb0n6jAmljGr5XDqQLvpAe HTTP/1.1" 200 239
186.145.58.53 - - [30/Nov/2014:06:23:23 -0500] "POST /forms/lservlet;jsessionid=ac16012b30d520417a54b3ad46c4b639843bfe7237f7.e3iSbxaKaheRe34Sa3yKbhiTahb0n6jAmljGr5XDqQLvpAe HTTP/1.1" 200 44
186.145.58.53 - - [30/Nov/2014:06:23:23 -0500] "POST /forms/lservlet;jsessionid=ac16012b30d520417a54b3ad46c4b639843bfe7237f7.e3iSbxaKaheRe34Sa3yKbhiTahb0n6jAmljGr5XDqQLvpAe HTTP/1.1" 200 16
186.145.58.53 - - [30/Nov/2014:06:23:24 -0500] "POST /forms/lservlet;jsessionid=ac16012b30d520417a54b3ad46c4b639843bfe7237f7.e3iSbxaKaheRe34Sa3yKbhiTahb0n6jAmljGr5XDqQLvpAe HTTP/1.1" 200 2
186.145.58.53 - - [30/Nov/2014:06:23:24 -0500] "POST /forms/lservlet;jsessionid=ac16012b30d520417a54b3ad46c4b639843bfe7237f7.e3iSbxaKaheRe34Sa3yKbhiTahb0n6jAmljGr5XDqQLvpAe HTTP/1.1" 200 75
186.145.58.53 - - [30/Nov/2014:06:23:24 -0500] "POST /forms/lservlet;jsessionid=ac16012b30d520417a54b3ad46c4b639843bfe7237f7.e3iSbxaKaheRe34Sa3yKbhiTahb0n6jAmljGr5XDqQLvpAe HTTP/1.1" 200 36
186.145.58.53 - - [30/Nov/2014:06:23:26 -0500] "POST /forms/lservlet;jsessionid=ac16012b30d520417a54b3ad46c4b639843bfe7237f7.e3iSbxaKaheRe34Sa3yKbhiTahb0n6jAmljGr5XDqQLvpAe HTTP/1.1" 200 77
188.165.15.152 - - [30/Nov/2014:06:23:26 -0500] "GET /BLA/resoluciones/RESOLUCIONES%202002/RES%202002%20201-250/2002RES245.tif HTTP/1.1" 200 44406
66.249.65.119 - - [30/Nov/2014:06:23:27 -0500] "GET /BLA/resoluciones/RESOLUCIONES%202007/RES%202007%204001%20AL%204100/RESOLUCION%204059%20DE%202007.pdf HTTP/1.1" 304 -
46.35.227.251 - - [30/Nov/2014:06:23:26 -0500] "GET /arcgis/services/Calidad_del_Agua_WQI/MapServer/WMSServer?request=GetCapabilities&service=WMS HTTP/1.1" 200 32135
186.145.58.53 - - [30/Nov/2014:06:23:37 -0500] "POST /forms/lservlet;jsessionid=ac16012b30d520417a54b3ad46c4b639843bfe7237f7.e3iSbxaKaheRe34Sa3yKbhiTahb0n6jAmljGr5XDqQLvpAe HTTP/1.1" 200 2
186.145.58.53 - - [30/Nov/2014:06:23:37 -0500] "POST /forms/lservlet;jsessionid=ac16012b30d520417a54b3ad46c4b639843bfe7237f7.e3iSbxaKaheRe34Sa3yKbhiTahb0n6jAmljGr5XDqQLvpAe HTTP/1.1" 200 14
186.145.58.53 - - [30/Nov/2014:06:23:38 -0500] "POST /forms/lservlet;jsessionid=ac16012b30d520417a54b3ad46c4b639843bfe7237f7.e3iSbxaKaheRe34Sa3yKbhiTahb0n6jAmljGr5XDqQLvpAe HTTP/1.1" 200 4309
186.145.58.53 - - [30/Nov/2014:06:23:38 -0500] "POST /forms/lservlet;jsessionid=ac16012b30d520417a54b3ad46c4b639843bfe7237f7.e3iSbxaKaheRe34Sa3yKbhiTahb0n6jAmljGr5XDqQLvpAe HTTP/1.1" 200 19
186.145.58.53 - - [30/Nov/2014:06:23:44 -0500] "POST /forms/lservlet;jsessionid=ac16012b30d520417a54b3ad46c4b639843bfe7237f7.e3iSbxaKaheRe34Sa3yKbhiTahb0n6jAmljGr5XDqQLvpAe HTTP/1.1" 200 96
186.145.58.53 - - [30/Nov/2014:06:23:51 -0500] "POST /forms/lservlet;jsessionid=ac16012b30d520417a54b3ad46c4b639843bfe7237f7.e3iSbxaKaheRe34Sa3yKbhiTahb0n6jAmljGr5XDqQLvpAe HTTP/1.1" 200 2
186.145.58.53 - - [30/Nov/2014:06:23:51 -0500] "POST /forms/lservlet;jsessionid=ac16012b30d520417a54b3ad46c4b639843bfe7237f7.e3iSbxaKaheRe34Sa3yKbhiTahb0n6jAmljGr5XDqQLvpAe HTTP/1.1" 200 14
188.165.15.181 - - [30/Nov/2014:06:23:54 -0500] "GET /BLA/resoluciones/RESOLUCIONES%202003/RES%202003%201001-1050/1029.tif HTTP/1.1" 200 219356
186.145.58.53 - - [30/Nov/2014:06:23:53 -0500] "POST /forms/lservlet;jsessionid=ac16012b30d520417a54b3ad46c4b639843bfe7237f7.e3iSbxaKaheRe34Sa3yKbhiTahb0n6jAmljGr5XDqQLvpAe HTTP/1.1" 200 14
66.249.65.119 - - [30/Nov/2014:06:23:55 -0500] "GET /BLA/resoluciones/AUTOS%202011/3871.pdf HTTP/1.1" 200 267179
186.145.58.53 - - [30/Nov/2014:06:23:54 -0500] "POST /forms/lservlet;jsessionid=ac16012b30d520417a54b3ad46c4b639843bfe7237f7.e3iSbxaKaheRe34Sa3yKbhiTahb0n6jAmljGr5XDqQLvpAe HTTP/1.1" 200 14
186.145.58.53 - - [30/Nov/2014:06:23:56 -0500] "POST /forms/lservlet;jsessionid=ac16012b30d520417a54b3ad46c4b639843bfe7237f7.e3iSbxaKaheRe34Sa3yKbhiTahb0n6jAmljGr5XDqQLvpAe HTTP/1.1" 200 112
186.145.58.53 - - [30/Nov/2014:06:23:56 -0500] "POST /forms/lservlet;jsessionid=ac16012b30d520417a54b3ad46c4b639843bfe7237f7.e3iSbxaKaheRe34Sa3yKbhiTahb0n6jAmljGr5XDqQLvpAe HTTP/1.1" 200 12
186.145.58.53 - - [30/Nov/2014:06:23:57 -0500] "GET /reports/rwservlet/getjobid335604?server=rep_srvapsda HTTP/1.1" 200 1499426
186.145.58.53 - - [30/Nov/2014:06:24:16 -0500] "POST /forms/lservlet;jsessionid=ac16012b30d520417a54b3ad46c4b639843bfe7237f7.e3iSbxaKaheRe34Sa3yKbhiTahb0n6jAmljGr5XDqQLvpAe HTTP/1.1" 200 2
66.249.65.119 - - [30/Nov/2014:06:24:23 -0500] "GET /BLA/resoluciones/RESOLUCIONES%202007/RES%202007%203101%20AL%203200/RESOLUCION%203180%20%20DE%202007.pdf HTTP/1.1" 200 26572
66.249.65.119 - - [30/Nov/2014:06:24:25 -0500] "GET /BLA/resoluciones/AUTOS%202013/0197.pdf HTTP/1.1" 304 -
66.249.65.119 - - [30/Nov/2014:06:24:51 -0500] "GET /BLA/resoluciones/RESOLUCIONES%202009/8633.pdf HTTP/1.1" 304 -
66.249.65.115 - - [30/Nov/2014:06:25:19 -0500] "GET /BLA/resoluciones/RESOLUCIONES%202010/3612.pdf HTTP/1.1" 304 -
188.165.15.41 - - [30/Nov/2014:06:25:23 -0500] "GET /BLA/resoluciones/RESOLUCIONES%202002/RES%202002%20501-550/00000546.tif HTTP/1.1" 200 45120
66.249.65.123 - - [30/Nov/2014:06:25:47 -0500] "GET /BLA/resoluciones/RESOLUCIONES%202010/5347.pdf HTTP/1.1" 304 -
66.249.65.115 - - [30/Nov/2014:06:25:57 -0500] "GET /BLA/resoluciones/RESOLUCIONES%202013/1237.pdf HTTP/1.1" 200 656873
66.249.65.123 - - [30/Nov/2014:06:26:15 -0500] "GET /BLA/resoluciones/AUTOS%202007/3778.pdf HTTP/1.1" 200 283398
186.145.58.53 - - [30/Nov/2014:06:26:16 -0500] "POST /forms/lservlet;jsessionid=ac16012b30d520417a54b3ad46c4b639843bfe7237f7.e3iSbxaKaheRe34Sa3yKbhiTahb0n6jAmljGr5XDqQLvpAe HTTP/1.1" 200 2
74.86.158.107 - - [30/Nov/2014:06:26:23 -0500] "HEAD / HTTP/1.1" 302 -
180.76.6.144 - - [30/Nov/2014:06:26:33 -0500] "GET /Autoliquidacion/index.php?dir=Grupo+Forestal+-+Silvicultura%2F HTTP/1.1" 200 5748
66.249.65.115 - - [30/Nov/2014:06:26:43 -0500] "GET /BLA/resoluciones/RESOLUCIONES%202013/1319.pdf HTTP/1.1" 304 -
181.140.161.55 - - [30/Nov/2014:06:26:57 -0500] "GET /BLA/boletinlegal/js/jquery.scrollTo-min.js HTTP/1.1" 200 1150
181.140.161.55 - - [30/Nov/2014:06:26:57 -0500] "GET /BLA/boletinlegal/js/jquery.js HTTP/1.1" 200 57254
181.140.161.55 - - [30/Nov/2014:06:26:57 -0500] "GET /BLA/boletinlegal/js/jquery.scrollShow.js HTTP/1.1" 200 4586
66.249.65.123 - - [30/Nov/2014:06:27:12 -0500] "GET /BLA/resoluciones/RESOLUCIONES%202011/2088.pdf HTTP/1.1" 200 591482
180.76.5.146 - - [30/Nov/2014:06:27:21 -0500] "GET /BLA/resoluciones/RESOLUCIONES%202008/2784.pdf HTTP/1.1" 200 264195
66.249.65.119 - - [30/Nov/2014:06:27:29 -0500] "GET /BLA/resoluciones/RESOLUCIONES%202010/5876.pdf HTTP/1.1" 200 142306
66.249.65.123 - - [30/Nov/2014:06:27:40 -0500] "GET /BLA/resoluciones/RESOLUCIONES%202011/1637.pdf HTTP/1.1" 200 296479
161.10.134.177 - - [30/Nov/2014:06:27:44 -0500] "GET /BLA/boletinlegal/js/jquery.js HTTP/1.1" 200 57254
161.10.134.177 - - [30/Nov/2014:06:27:44 -0500] "GET /BLA/boletinlegal/js/jquery.scrollTo-min.js HTTP/1.1" 200 1150
161.10.134.177 - - [30/Nov/2014:06:27:44 -0500] "GET /BLA/boletinlegal/js/jquery.scrollShow.js HTTP/1.1" 200 4586
66.249.65.115 - - [30/Nov/2014:06:28:08 -0500] "GET /BLA/resoluciones/AUTOS%202011/0165.pdf HTTP/1.1" 200 169196
180.76.6.136 - - [30/Nov/2014:06:28:08 -0500] "GET /BLA/resoluciones/AUTOS%202007/1191.pdf HTTP/1.1" 200 27657
186.145.58.53 - - [30/Nov/2014:06:28:16 -0500] "POST /forms/lservlet;jsessionid=ac16012b30d520417a54b3ad46c4b639843bfe7237f7.e3iSbxaKaheRe34Sa3yKbhiTahb0n6jAmljGr5XDqQLvpAe HTTP/1.1" 200 2
66.249.65.123 - - [30/Nov/2014:06:28:36 -0500] "GET /BLA/resoluciones/RESOLUCIONES%202011/1193.pdf HTTP/1.1" 200 245488
180.76.5.192 - - [30/Nov/2014:06:28:56 -0500] "GET /BLA/resoluciones/AUTOS%202007/1317.pdf HTTP/1.1" 200 59865
66.249.65.119 - - [30/Nov/2014:06:29:01 -0500] "GET /BLA/resoluciones/RESOLUCIONES%202008/1847.pdf HTTP/1.1" 200 251912
66.249.65.119 - - [30/Nov/2014:06:29:04 -0500] "GET /BLA/resoluciones/RESOLUCIONES%202012/1122.pdf HTTP/1.1" 304 -
190.236.49.128 - - [30/Nov/2014:06:29:31 -0500] "GET /BLA/boletinlegal/js/jquery.js HTTP/1.1" 200 57254
190.236.49.128 - - [30/Nov/2014:06:29:31 -0500] "GET /BLA/boletinlegal/js/jquery.scrollTo-min.js HTTP/1.1" 200 1150
190.236.49.128 - - [30/Nov/2014:06:29:31 -0500] "GET /BLA/boletinlegal/js/jquery.scrollShow.js HTTP/1.1" 200 4586
66.249.65.123 - - [30/Nov/2014:06:29:32 -0500] "GET /BLA/resoluciones/AUTOS%202009/0418.pdf HTTP/1.1" 304 -
66.249.65.123 - - [30/Nov/2014:06:30:00 -0500] "GET /BLA/resoluciones/RESOLUCIONES%202012/1898.pdf HTTP/1.1" 304 -
181.240.180.86 - - [30/Nov/2014:06:30:15 -0500] "GET /BLA/boletinlegal/js/jquery.js HTTP/1.1" 200 57254
181.240.180.86 - - [30/Nov/2014:06:30:15 -0500] "GET /BLA/boletinlegal/js/jquery.scrollShow.js HTTP/1.1" 200 4586
181.240.180.86 - - [30/Nov/2014:06:30:15 -0500] "GET /BLA/boletinlegal/js/jquery.scrollTo-min.js HTTP/1.1" 200 1150
186.145.58.53 - - [30/Nov/2014:06:30:16 -0500] "POST /forms/lservlet;jsessionid=ac16012b30d520417a54b3ad46c4b639843bfe7237f7.e3iSbxaKaheRe34Sa3yKbhiTahb0n6jAmljGr5XDqQLvpAe HTTP/1.1" 200 2
66.249.65.115 - - [30/Nov/2014:06:30:28 -0500] "GET /BLA/resoluciones/index.php?dir=RESOLUCIONES%202004/RES%202004%20601-650/&sort=name&order=desc HTTP/1.1" 200 12059
180.76.6.147 - - [30/Nov/2014:06:30:30 -0500] "GET /BLA/resoluciones/RESOLUCIONES%202008/1410.pdf HTTP/1.1" 200 222665
66.249.65.123 - - [30/Nov/2014:06:30:33 -0500] "GET /BLA/resoluciones/AUTOS%202012/1668.pdf HTTP/1.1" 200 213044
188.165.15.41 - - [30/Nov/2014:06:31:00 -0500] "GET /BLA/resoluciones/index.php?dir=RESOLUCIONES%202005/RES%202005%20151-200/&sort=size&order=asc HTTP/1.1" 200 12230
191.71.65.41 - - [30/Nov/2014:06:31:09 -0500] "GET /BLA/boletinlegal/js/jquery.js HTTP/1.1" 200 57254
191.71.65.41 - - [30/Nov/2014:06:31:09 -0500] "GET /BLA/boletinlegal/js/jquery.scrollTo-min.js HTTP/1.1" 200 1150
191.71.65.41 - - [30/Nov/2014:06:31:09 -0500] "GET /BLA/boletinlegal/js/jquery.scrollShow.js HTTP/1.1" 200 4586
66.249.65.119 - - [30/Nov/2014:06:32:01 -0500] "GET /BLA/resoluciones/RESOLUCIONES%202002/RES%202002%20201-250/2002RES211.tif HTTP/1.1" 200 76276
66.249.65.115 - - [30/Nov/2014:06:32:05 -0500] "GET /BLA/resoluciones/RESOLUCIONES%202009/0417.pdf HTTP/1.1" 200 197960
186.145.58.53 - - [30/Nov/2014:06:32:16 -0500] "POST /forms/lservlet;jsessionid=ac16012b30d520417a54b3ad46c4b639843bfe7237f7.e3iSbxaKaheRe34Sa3yKbhiTahb0n6jAmljGr5XDqQLvpAe HTTP/1.1" 200 2
181.252.74.151 - - [30/Nov/2014:06:32:52 -0500] "GET /BLA/boletinlegal/js/jquery.scrollShow.js HTTP/1.1" 200 4586
181.252.74.151 - - [30/Nov/2014:06:32:52 -0500] "GET /BLA/boletinlegal/js/jquery.scrollTo-min.js HTTP/1.1" 200 1150
181.252.74.151 - - [30/Nov/2014:06:32:52 -0500] "GET /BLA/boletinlegal/js/jquery.js HTTP/1.1" 200 57254
66.249.65.119 - - [30/Nov/2014:06:33:37 -0500] "GET /BLA/resoluciones/RESOLUCIONES%202009/0418.pdf HTTP/1.1" 200 232529
74.86.158.107 - - [30/Nov/2014:06:34:08 -0500] "HEAD / HTTP/1.1" 302 -
186.145.58.53 - - [30/Nov/2014:06:34:16 -0500] "POST /forms/lservlet;jsessionid=ac16012b30d520417a54b3ad46c4b639843bfe7237f7.e3iSbxaKaheRe34Sa3yKbhiTahb0n6jAmljGr5XDqQLvpAe HTTP/1.1" 200 2
181.32.133.222 - - [30/Nov/2014:06:34:19 -0500] "GET /BLA/boletinlegal/js/jquery.scrollShow.js HTTP/1.1" 200 4586
181.32.133.222 - - [30/Nov/2014:06:34:19 -0500] "GET /BLA/boletinlegal/js/jquery.scrollTo-min.js HTTP/1.1" 200 1150
181.32.133.222 - - [30/Nov/2014:06:34:19 -0500] "GET /BLA/boletinlegal/js/jquery.js HTTP/1.1" 200 57254
66.249.65.123 - - [30/Nov/2014:06:34:25 -0500] "GET /BLA/resoluciones/RESOLUCIONES%202005/RES%202005%201201-1250/00001227.tif HTTP/1.1" 200 138222
186.147.139.74 - - [30/Nov/2014:06:35:04 -0500] "GET /BLA/boletinlegal/js/jquery.js HTTP/1.1" 200 57254
186.147.139.74 - - [30/Nov/2014:06:35:04 -0500] "GET /BLA/boletinlegal/js/jquery.scrollTo-min.js HTTP/1.1" 200 1150
186.147.139.74 - - [30/Nov/2014:06:35:04 -0500] "GET /BLA/boletinlegal/js/jquery.scrollShow.js HTTP/1.1" 200 4586
181.55.227.107 - - [30/Nov/2014:06:36:00 -0500] "GET /BLA/boletinlegal/js/jquery.scrollTo-min.js HTTP/1.1" 200 1150
181.55.227.107 - - [30/Nov/2014:06:36:00 -0500] "GET /BLA/boletinlegal/js/jquery.js HTTP/1.1" 200 57254
181.55.227.107 - - [30/Nov/2014:06:36:00 -0500] "GET /BLA/boletinlegal/js/jquery.scrollShow.js HTTP/1.1" 200 4586
180.76.5.78 - - [30/Nov/2014:06:36:15 -0500] "GET /BLA/resoluciones/AUTOS%202007/1846.pdf HTTP/1.1" 200 35982
186.145.58.53 - - [30/Nov/2014:06:36:16 -0500] "POST /forms/lservlet;jsessionid=ac16012b30d520417a54b3ad46c4b639843bfe7237f7.e3iSbxaKaheRe34Sa3yKbhiTahb0n6jAmljGr5XDqQLvpAe HTTP/1.1" 200 2
66.249.65.123 - - [30/Nov/2014:06:36:41 -0500] "GET /BLA/resoluciones/RESOLUCIONES%202007/RES%202007%202701%20AL%202800/RESOLUCION%202772%20DE%202007.pdf HTTP/1.1" 200 229735
180.76.5.81 - - [30/Nov/2014:06:37:03 -0500] "GET /BLA/resoluciones/AUTOS%202011/2995.pdf HTTP/1.1" 200 242299
190.9.192.65 - - [30/Nov/2014:06:37:17 -0500] "GET /BLA/boletinlegal/js/jquery.scrollShow.js HTTP/1.1" 200 4586
190.9.192.65 - - [30/Nov/2014:06:37:17 -0500] "GET /BLA/boletinlegal/js/jquery.js HTTP/1.1" 200 57254
190.9.192.65 - - [30/Nov/2014:06:37:17 -0500] "GET /BLA/boletinlegal/js/jquery.scrollTo-min.js HTTP/1.1" 200 1150
186.113.57.151 - - [30/Nov/2014:06:37:31 -0500] "GET /BLA/boletinlegal/js/jquery.js HTTP/1.1" 200 57254
186.113.57.151 - - [30/Nov/2014:06:37:31 -0500] "GET /BLA/boletinlegal/js/jquery.scrollTo-min.js HTTP/1.1" 200 1150
186.113.57.151 - - [30/Nov/2014:06:37:31 -0500] "GET /BLA/boletinlegal/js/jquery.scrollShow.js HTTP/1.1" 200 4586
180.76.5.175 - - [30/Nov/2014:06:37:50 -0500] "GET /BLA/resoluciones/AUTOS%202011/4185.pdf HTTP/1.1" 200 129671
66.249.65.119 - - [30/Nov/2014:06:38:14 -0500] "GET /BLA/resoluciones/RESOLUCIONES%202007/RES%202007%203701%20AL%203800/RESOLUCION%203747%20%20DE%202007.pdf HTTP/1.1" 304 -
186.145.58.53 - - [30/Nov/2014:06:38:16 -0500] "POST /forms/lservlet;jsessionid=ac16012b30d520417a54b3ad46c4b639843bfe7237f7.e3iSbxaKaheRe34Sa3yKbhiTahb0n6jAmljGr5XDqQLvpAe HTTP/1.1" 200 2
81.65.131.208 - - [30/Nov/2014:06:38:27 -0500] "GET /POT-2013/index.php?dir=Cartografia%2F HTTP/1.1" 200 11465
81.65.131.208 - - [30/Nov/2014:06:38:27 -0500] "GET /POT-2013/dlf/dirup.png HTTP/1.1" 200 644
81.65.131.208 - - [30/Nov/2014:06:38:27 -0500] "GET /POT-2013/dlf/pdf.gif HTTP/1.1" 200 272
81.65.131.208 - - [30/Nov/2014:06:38:27 -0500] "GET /POT-2013/dlf/styles.css HTTP/1.1" 200 3045
81.65.131.208 - - [30/Nov/2014:06:38:28 -0500] "GET /POT-2013/dlf/bg.gif HTTP/1.1" 200 54
180.76.5.57 - - [30/Nov/2014:06:38:38 -0500] "GET /BLA/resoluciones/AUTOS%202007/1305.pdf HTTP/1.1" 200 155056
186.113.10.143 - - [30/Nov/2014:06:39:32 -0500] "GET /galeria/nivo-slider/demo/images/festivalBasura0.jpg HTTP/1.1" 304 -
188.165.15.78 - - [30/Nov/2014:06:40:09 -0500] "GET /BLA/resoluciones/RESOLUCIONES%202004/RES%202004%201701-1750/00001749.tif HTTP/1.1" 200 144368
186.145.58.53 - - [30/Nov/2014:06:40:16 -0500] "POST /forms/lservlet;jsessionid=ac16012b30d520417a54b3ad46c4b639843bfe7237f7.e3iSbxaKaheRe34Sa3yKbhiTahb0n6jAmljGr5XDqQLvpAe HTTP/1.1" 200 2
188.165.15.23 - - [30/Nov/2014:06:40:49 -0500] "GET /BLA/resoluciones/RESOLUCIONES%202006/RES%202006%20301-350/00000326.tif HTTP/1.1" 200 183100
188.165.15.181 - - [30/Nov/2014:06:41:00 -0500] "GET /BLA/resoluciones/RESOLUCIONES%202002/RES%202002%201901-1950/20021920.tif HTTP/1.1" 200 512168
188.165.15.235 - - [30/Nov/2014:06:41:04 -0500] "GET /BLA/resoluciones/RESOLUCIONES%202006/RES%202006%20251-300/00000287.tif HTTP/1.1" 200 35584
66.249.65.115 - - [30/Nov/2014:06:41:46 -0500] "GET /BLA/resoluciones/RESOLUCIONES%202009/9802.pdf HTTP/1.1" 200 552717
74.86.158.107 - - [30/Nov/2014:06:41:51 -0500] "HEAD / HTTP/1.1" 302 -
186.145.58.53 - - [30/Nov/2014:06:42:16 -0500] "POST /forms/lservlet;jsessionid=ac16012b30d520417a54b3ad46c4b639843bfe7237f7.e3iSbxaKaheRe34Sa3yKbhiTahb0n6jAmljGr5XDqQLvpAe HTTP/1.1" 200 2
152.200.39.218 - - [30/Nov/2014:06:42:20 -0500] "GET /BLA/boletinlegal/js/jquery.scrollShow.js HTTP/1.1" 200 4586
152.200.39.218 - - [30/Nov/2014:06:42:20 -0500] "GET /BLA/boletinlegal/js/jquery.js HTTP/1.1" 200 57254
152.200.39.218 - - [30/Nov/2014:06:42:20 -0500] "GET /BLA/boletinlegal/js/jquery.scrollTo-min.js HTTP/1.1" 200 1150
148.251.183.105 - - [30/Nov/2014:06:42:22 -0500] "GET /robots.txt HTTP/1.0" 404 1015
180.76.5.76 - - [30/Nov/2014:06:42:23 -0500] "GET / HTTP/1.1" 302 -
148.251.183.105 - - [30/Nov/2014:06:42:25 -0500] "GET /.n/?C=N;O=A HTTP/1.0" 404 1015
148.251.183.105 - - [30/Nov/2014:06:42:28 -0500] "GET /.n/?C=S;O=D HTTP/1.0" 404 1015
148.251.183.105 - - [30/Nov/2014:06:42:29 -0500] "GET /hum/FotosHumedales-Fb05/Fotos%20Mauricio/?C=D;O=D HTTP/1.0" 404 1015
148.251.183.105 - - [30/Nov/2014:06:42:31 -0500] "GET /re/Talleres/talleres%20link.htm HTTP/1.0" 404 1015
201.190.111.147 - - [30/Nov/2014:06:42:43 -0500] "GET /BLA/boletinlegal/js/jquery.scrollShow.js HTTP/1.1" 200 4586
201.190.111.147 - - [30/Nov/2014:06:42:43 -0500] "GET /BLA/boletinlegal/js/jquery.scrollTo-min.js HTTP/1.1" 200 1150
201.190.111.147 - - [30/Nov/2014:06:42:43 -0500] "GET /BLA/boletinlegal/js/jquery.js HTTP/1.1" 200 57254
66.249.65.115 - - [30/Nov/2014:06:42:48 -0500] "GET /BLA/resoluciones/RESOLUCIONES%202011/3116.pdf HTTP/1.1" 304 -
148.251.183.105 - - [30/Nov/2014:06:42:59 -0500] "GET /robots.txt HTTP/1.0" 404 1019
148.251.183.105 - - [30/Nov/2014:06:43:04 -0500] "GET /mail/mail2/Mail.php HTTP/1.0" 404 1019
190.69.58.213 - - [30/Nov/2014:06:43:06 -0500] "GET /BLA/boletinlegal/js/jquery.js HTTP/1.1" 200 57254
190.69.58.213 - - [30/Nov/2014:06:43:06 -0500] "GET /BLA/boletinlegal/js/jquery.scrollTo-min.js HTTP/1.1" 200 1150
190.69.58.213 - - [30/Nov/2014:06:43:06 -0500] "GET /BLA/boletinlegal/js/jquery.scrollShow.js HTTP/1.1" 200 4586
66.249.65.119 - - [30/Nov/2014:06:43:34 -0500] "GET /BLA/resoluciones/RESOLUCIONES%202011/4434.pdf HTTP/1.1" 200 237399
190.71.252.1 - - [30/Nov/2014:06:43:34 -0500] "GET /BLA/boletinlegal/js/jquery.js HTTP/1.1" 200 57254
190.71.252.1 - - [30/Nov/2014:06:43:34 -0500] "GET /BLA/boletinlegal/js/jquery.scrollTo-min.js HTTP/1.1" 200 1150
190.71.252.1 - - [30/Nov/2014:06:43:35 -0500] "GET /BLA/boletinlegal/js/jquery.scrollShow.js HTTP/1.1" 200 4586
66.249.65.119 - - [30/Nov/2014:06:44:12 -0500] "GET /BLA/resoluciones/RESOLUCIONES%202007/RES%202007%203701%20AL%203800/RESOLUCION%203731%20DE%202007.pdf HTTP/1.1" 200 166462
186.145.58.53 - - [30/Nov/2014:06:44:16 -0500] "POST /forms/lservlet;jsessionid=ac16012b30d520417a54b3ad46c4b639843bfe7237f7.e3iSbxaKaheRe34Sa3yKbhiTahb0n6jAmljGr5XDqQLvpAe HTTP/1.1" 200 2
66.249.65.115 - - [30/Nov/2014:06:44:32 -0500] "GET /BLA/resoluciones/AUTOS%202011/7320.pdf HTTP/1.1" 200 238903
66.249.65.115 - - [30/Nov/2014:06:44:46 -0500] "-" 408 -
66.249.65.123 - - [30/Nov/2014:06:45:00 -0500] "GET /BLA/resoluciones/RESOLUCIONES%202007/RES%202007%20301%20AL%20400/RESOLUCION%200315%20DE%202007.pdf HTTP/1.1" 304 -
180.76.5.80 - - [30/Nov/2014:06:45:26 -0500] "GET /BLA/resoluciones/AUTOS%202007/0471.pdf HTTP/1.1" 200 79497
66.249.65.123 - - [30/Nov/2014:06:45:28 -0500] "GET /BLA/resoluciones/RESOLUCIONES%202007/RES%202007%20401%20AL%20500/RESOLUCION%200449%20DE%202007.pdf HTTP/1.1" 200 1478525
66.249.65.119 - - [30/Nov/2014:06:45:56 -0500] "GET /BLA/resoluciones/RESOLUCIONES%202009/8916.pdf HTTP/1.1" 200 270957
186.145.58.53 - - [30/Nov/2014:06:46:17 -0500] "POST /forms/lservlet;jsessionid=ac16012b30d520417a54b3ad46c4b639843bfe7237f7.e3iSbxaKaheRe34Sa3yKbhiTahb0n6jAmljGr5XDqQLvpAe HTTP/1.1" 200 2
66.249.65.119 - - [30/Nov/2014:06:46:23 -0500] "GET /BLA/resoluciones/RESOLUCIONES%202007/RES%202007%202001%20AL%202100/RESOLUCION%202008%20DE%202007.pdf HTTP/1.1" 200 804473
186.82.234.170 - - [30/Nov/2014:06:46:38 -0500] "GET /videos/ArchivoSDA.flv HTTP/1.1" 200 31205279
74.86.158.107 - - [30/Nov/2014:06:46:51 -0500] "HEAD / HTTP/1.1" 302 -
66.249.65.119 - - [30/Nov/2014:06:46:51 -0500] "GET /BLA/resoluciones/RESOLUCIONES%202010/7376.pdf HTTP/1.1" 304 -
180.76.5.28 - - [30/Nov/2014:06:47:00 -0500] "GET /BLA/resoluciones/AUTOS%202009/3206.pdf HTTP/1.1" 200 213589
186.29.158.95 - - [30/Nov/2014:06:47:13 -0500] "GET /BLA/boletinlegal/js/jquery.js HTTP/1.1" 200 57254
186.29.158.95 - - [30/Nov/2014:06:47:13 -0500] "GET /BLA/boletinlegal/js/jquery.scrollTo-min.js HTTP/1.1" 200 1150
186.29.158.95 - - [30/Nov/2014:06:47:13 -0500] "GET /BLA/boletinlegal/js/jquery.scrollShow.js HTTP/1.1" 200 4586
66.249.65.115 - - [30/Nov/2014:06:47:18 -0500] "GET /BLA/resoluciones/AUTOS%202007/2196.pdf HTTP/1.1" 304 -
66.249.65.119 - - [30/Nov/2014:06:47:44 -0500] "GET /BLA/resoluciones/RESOLUCIONES%202008/5422.pdf HTTP/1.1" 200 115312
190.159.147.197 - - [30/Nov/2014:06:47:59 -0500] "GET /galeria/carrusel/Carrusel/jquery.thumbnailScroller.js HTTP/1.1" 200 8157
190.159.147.197 - - [30/Nov/2014:06:47:59 -0500] "GET /BLA/boletinlegal/js/jquery.js HTTP/1.1" 200 57254
190.159.147.197 - - [30/Nov/2014:06:47:59 -0500] "GET /galeria/carrusel/Carrusel/jquery.thumbnailScroller.css HTTP/1.1" 200 2066
190.159.147.197 - - [30/Nov/2014:06:47:59 -0500] "GET /BLA/boletinlegal/js/jquery.scrollTo-min.js HTTP/1.1" 200 1150
190.159.147.197 - - [30/Nov/2014:06:47:59 -0500] "GET /galeria/carrusel/Carrusel/jquery-ui-1.8.13.custom.min.js HTTP/1.1" 200 10800
190.159.147.197 - - [30/Nov/2014:06:47:59 -0500] "GET /BLA/boletinlegal/js/jquery.scrollShow.js HTTP/1.1" 200 4586
190.159.147.197 - - [30/Nov/2014:06:48:00 -0500] "GET /galeria/nivo-slider/demo/demo.html HTTP/1.1" 200 3458
190.159.147.197 - - [30/Nov/2014:06:48:00 -0500] "GET /galeria/nivo-slider/demo/style.css HTTP/1.1" 200 2222
190.159.147.197 - - [30/Nov/2014:06:48:00 -0500] "GET /galeria/nivo-slider/themes/pascal/pascal.css HTTP/1.1" 200 2258
190.159.147.197 - - [30/Nov/2014:06:48:00 -0500] "GET /galeria/nivo-slider/nivo-slider.css HTTP/1.1" 200 1507
190.159.147.197 - - [30/Nov/2014:06:48:00 -0500] "GET /galeria/nivo-slider/themes/orman/orman.css HTTP/1.1" 200 2152
190.159.147.197 - - [30/Nov/2014:06:48:00 -0500] "GET /galeria/nivo-slider/demo/images/Banner-GAE3.jpg HTTP/1.1" 200 146354
190.159.147.197 - - [30/Nov/2014:06:48:00 -0500] "GET /galeria/nivo-slider/demo/images/festivalBasura0.jpg HTTP/1.1" 200 96780
190.159.147.197 - - [30/Nov/2014:06:48:00 -0500] "GET /galeria/nivo-slider/demo/images/banner-pygaai.jpg HTTP/1.1" 200 82693
190.159.147.197 - - [30/Nov/2014:06:48:00 -0500] "GET /galeria/nivo-slider/demo/images/Banner-comparendo.jpg HTTP/1.1" 200 388762
190.159.147.197 - - [30/Nov/2014:06:48:00 -0500] "GET /galeria/nivo-slider/demo/images/Biotaxis-Man.jpg HTTP/1.1" 200 99362
190.159.147.197 - - [30/Nov/2014:06:48:00 -0500] "GET /galeria/nivo-slider/demo/images/Tingua-azul.jpg HTTP/1.1" 200 307638
190.159.147.197 - - [30/Nov/2014:06:48:01 -0500] "GET /galeria/nivo-slider/demo/images/Banner-Caracol-Africano.jpg HTTP/1.1" 200 331986
190.159.147.197 - - [30/Nov/2014:06:48:01 -0500] "GET /galeria/nivo-slider/demo/images/banner-redes.jpg HTTP/1.1" 200 62209
190.159.147.197 - - [30/Nov/2014:06:48:02 -0500] "GET /galeria/nivo-slider/demo/images/9Signos.jpg HTTP/1.1" 200 93040
190.159.147.197 - - [30/Nov/2014:06:48:03 -0500] "GET /galeria/nivo-slider/demo/images/banner-caballos.png HTTP/1.1" 200 389106
190.159.147.197 - - [30/Nov/2014:06:48:03 -0500] "GET /galeria/nivo-slider/demo/images/Hacienda_Molinos.jpg HTTP/1.1" 200 319171
190.159.147.197 - - [30/Nov/2014:06:48:03 -0500] "GET /galeria/nivo-slider/demo/images/bannerEcolecta3.jpg HTTP/1.1" 200 280034
190.159.147.197 - - [30/Nov/2014:06:48:03 -0500] "GET /galeria/nivo-slider/demo/scripts/jquery-1.7.1.min.js HTTP/1.1" 200 93868
190.159.147.197 - - [30/Nov/2014:06:48:04 -0500] "GET /galeria/nivo-slider/themes/default/default.css HTTP/1.1" 200 1569
190.159.147.197 - - [30/Nov/2014:06:48:04 -0500] "GET /galeria/nivo-slider/jquery.nivo.slider.pack.js HTTP/1.1" 200 11561
190.159.147.197 - - [30/Nov/2014:06:48:04 -0500] "GET /galeria/nivo-slider/demo/images/porloshumedales.jpg HTTP/1.1" 200 351238
190.159.147.197 - - [30/Nov/2014:06:48:05 -0500] "GET /galeria/nivo-slider/demo/images/4Simple_Slider.png HTTP/1.1" 200 11722
190.159.147.197 - - [30/Nov/2014:06:48:05 -0500] "GET /galeria/nivo-slider/themes/default/loading.gif HTTP/1.1" 200 1737
190.159.147.197 - - [30/Nov/2014:06:48:06 -0500] "GET /galeria/nivo-slider/themes/default/bullets.png HTTP/1.1" 200 1281
190.159.147.197 - - [30/Nov/2014:06:48:07 -0500] "GET /galeria/nivo-slider/themes/default/arrows.png HTTP/1.1" 200 824
66.249.65.119 - - [30/Nov/2014:06:48:11 -0500] "GET /BLA/resoluciones/RESOLUCIONES%202010/4740.pdf HTTP/1.1" 200 546655
186.145.58.53 - - [30/Nov/2014:06:48:17 -0500] "POST /forms/lservlet;jsessionid=ac16012b30d520417a54b3ad46c4b639843bfe7237f7.e3iSbxaKaheRe34Sa3yKbhiTahb0n6jAmljGr5XDqQLvpAe HTTP/1.1" 200 2
188.165.15.87 - - [30/Nov/2014:06:48:25 -0500] "GET /BLA/resoluciones/RESOLUCIONES%202004/RES%202004%201901-1950/00001912.tif HTTP/1.1" 200 44514
66.249.65.119 - - [30/Nov/2014:06:48:37 -0500] "GET /autoliquidacion/index.php?dir=TR%C1MITES+ACEITES-RESIDUOS-ESTACIONES%2FREGISTRO+COMO+ACOPIADOR+PRIMARIO%2F HTTP/1.1" 200 3288
186.82.234.170 - - [30/Nov/2014:06:48:41 -0500] "GET /videos/ArchivoSDA.flv HTTP/1.1" 200 31205279
201.244.43.6 - - [30/Nov/2014:06:48:50 -0500] "GET /BLA/boletinlegal/js/jquery.scrollTo-min.js HTTP/1.1" 200 1150
201.244.43.6 - - [30/Nov/2014:06:48:50 -0500] "GET /BLA/boletinlegal/js/jquery.scrollShow.js HTTP/1.1" 200 4586
201.244.43.6 - - [30/Nov/2014:06:48:50 -0500] "GET /BLA/boletinlegal/js/jquery.js HTTP/1.1" 200 57254
201.244.43.6 - - [30/Nov/2014:06:48:50 -0500] "GET /galeria/carrusel/Carrusel/jquery.thumbnailScroller.css HTTP/1.1" 200 2066
201.244.43.6 - - [30/Nov/2014:06:48:50 -0500] "GET /galeria/carrusel/Carrusel/jquery-ui-1.8.13.custom.min.js HTTP/1.1" 200 10800
201.244.43.6 - - [30/Nov/2014:06:48:50 -0500] "GET /galeria/carrusel/Carrusel/jquery.thumbnailScroller.js HTTP/1.1" 200 8157
188.165.15.152 - - [30/Nov/2014:06:48:51 -0500] "GET /BLA/resoluciones/RESOLUCIONES%202002/RES%202002%201501-1550/20021515.tif HTTP/1.1" 200 110978
201.244.43.6 - - [30/Nov/2014:06:48:52 -0500] "GET /galeria/nivo-slider/demo/demo.html HTTP/1.1" 200 3458
201.244.43.6 - - [30/Nov/2014:06:48:53 -0500] "GET /galeria/nivo-slider/themes/default/default.css HTTP/1.1" 200 1569
201.244.43.6 - - [30/Nov/2014:06:48:53 -0500] "GET /galeria/nivo-slider/themes/orman/orman.css HTTP/1.1" 200 2152
201.244.43.6 - - [30/Nov/2014:06:48:53 -0500] "GET /galeria/nivo-slider/demo/style.css HTTP/1.1" 200 2222
201.244.43.6 - - [30/Nov/2014:06:48:53 -0500] "GET /galeria/nivo-slider/themes/pascal/pascal.css HTTP/1.1" 200 2258
201.244.43.6 - - [30/Nov/2014:06:48:53 -0500] "GET /galeria/nivo-slider/nivo-slider.css HTTP/1.1" 200 1507
201.244.43.6 - - [30/Nov/2014:06:48:53 -0500] "GET /galeria/nivo-slider/demo/scripts/jquery-1.7.1.min.js HTTP/1.1" 200 93868
201.244.43.6 - - [30/Nov/2014:06:48:53 -0500] "GET /galeria/nivo-slider/jquery.nivo.slider.pack.js HTTP/1.1" 200 11561
201.244.43.6 - - [30/Nov/2014:06:48:53 -0500] "GET /galeria/nivo-slider/demo/images/Banner-GAE3.jpg HTTP/1.1" 200 146354
201.244.43.6 - - [30/Nov/2014:06:48:54 -0500] "GET /galeria/nivo-slider/demo/images/festivalBasura0.jpg HTTP/1.1" 200 96780
201.244.43.6 - - [30/Nov/2014:06:48:54 -0500] "GET /galeria/nivo-slider/demo/images/Banner-comparendo.jpg HTTP/1.1" 200 388762
201.244.43.6 - - [30/Nov/2014:06:48:54 -0500] "GET /galeria/nivo-slider/demo/images/banner-pygaai.jpg HTTP/1.1" 200 82693
201.244.43.6 - - [30/Nov/2014:06:48:54 -0500] "GET /galeria/nivo-slider/demo/images/Biotaxis-Man.jpg HTTP/1.1" 200 99362
201.244.43.6 - - [30/Nov/2014:06:48:55 -0500] "GET /galeria/nivo-slider/demo/images/4Simple_Slider.png HTTP/1.1" 200 11722
201.244.43.6 - - [30/Nov/2014:06:48:56 -0500] "GET /galeria/nivo-slider/themes/default/loading.gif HTTP/1.1" 200 1737
201.244.43.6 - - [30/Nov/2014:06:48:57 -0500] "GET /galeria/nivo-slider/demo/images/porloshumedales.jpg HTTP/1.1" 200 351238
201.244.43.6 - - [30/Nov/2014:06:48:57 -0500] "GET /galeria/nivo-slider/demo/images/Tingua-azul.jpg HTTP/1.1" 200 307638
201.244.43.6 - - [30/Nov/2014:06:48:57 -0500] "GET /galeria/nivo-slider/demo/images/Banner-Caracol-Africano.jpg HTTP/1.1" 200 331986
201.244.43.6 - - [30/Nov/2014:06:48:57 -0500] "GET /galeria/nivo-slider/demo/images/banner-redes.jpg HTTP/1.1" 200 62209
201.244.43.6 - - [30/Nov/2014:06:48:57 -0500] "GET /galeria/nivo-slider/demo/images/9Signos.jpg HTTP/1.1" 200 93040
188.165.15.152 - - [30/Nov/2014:06:48:59 -0500] "GET /BLA/resoluciones/RESOLUCIONES%202005/RES%202005%202401-2450/00002438.tif HTTP/1.1" 200 42922
201.244.43.6 - - [30/Nov/2014:06:48:59 -0500] "GET /videos/Spot_CambioClimatico.flv HTTP/1.1" 200 4371917
201.244.43.6 - - [30/Nov/2014:06:49:01 -0500] "GET /galeria/nivo-slider/demo/images/banner-caballos.png HTTP/1.1" 200 389106
201.244.43.6 - - [30/Nov/2014:06:49:01 -0500] "GET /galeria/nivo-slider/demo/images/Hacienda_Molinos.jpg HTTP/1.1" 200 319171
201.244.43.6 - - [30/Nov/2014:06:49:03 -0500] "GET /galeria/nivo-slider/demo/images/bannerEcolecta3.jpg HTTP/1.1" 200 280034
66.249.65.123 - - [30/Nov/2014:06:49:03 -0500] "GET /BLA/resoluciones/RESOLUCIONES%202009/0432.pdf HTTP/1.1" 200 200436
201.244.43.6 - - [30/Nov/2014:06:49:07 -0500] "GET /galeria/nivo-slider/themes/default/arrows.png HTTP/1.1" 200 824
201.244.43.6 - - [30/Nov/2014:06:49:07 -0500] "GET /galeria/nivo-slider/themes/default/bullets.png HTTP/1.1" 200 1281
191.102.221.21 - - [30/Nov/2014:06:49:18 -0500] "GET /BLA/boletinlegal/js/jquery.scrollTo-min.js HTTP/1.1" 200 1150
191.102.221.21 - - [30/Nov/2014:06:49:18 -0500] "GET /BLA/boletinlegal/js/jquery.js HTTP/1.1" 200 57254
191.102.221.21 - - [30/Nov/2014:06:49:21 -0500] "GET /BLA/boletinlegal/js/jquery.scrollShow.js HTTP/1.1" 200 4586
191.102.221.21 - - [30/Nov/2014:06:49:21 -0500] "GET /BLA/boletinlegal/js/jquery.scrollTo-min.js HTTP/1.1" 200 1150
191.102.221.21 - - [30/Nov/2014:06:49:21 -0500] "GET /BLA/boletinlegal/js/jquery.js HTTP/1.1" 200 57254
66.249.65.123 - - [30/Nov/2014:06:49:29 -0500] "GET /BLA/resoluciones/RESOLUCIONES%202009/3080.pdf HTTP/1.1" 200 528177
66.249.65.115 - - [30/Nov/2014:06:49:54 -0500] "GET /BLA/resoluciones/Notificaciones/AUTOS%202014/2189.doc HTTP/1.1" 304 -
186.145.58.53 - - [30/Nov/2014:06:50:17 -0500] "POST /forms/lservlet;jsessionid=ac16012b30d520417a54b3ad46c4b639843bfe7237f7.e3iSbxaKaheRe34Sa3yKbhiTahb0n6jAmljGr5XDqQLvpAe HTTP/1.1" 200 2
66.249.65.119 - - [30/Nov/2014:06:50:19 -0500] "GET /BLA/resoluciones/RESOLUCIONES%202013/0943.pdf HTTP/1.1" 304 -
66.249.65.115 - - [30/Nov/2014:06:50:44 -0500] "GET /BLA/resoluciones/RESOLUCIONES%202013/1178.pdf HTTP/1.1" 200 347324
191.108.77.44 - - [30/Nov/2014:06:50:51 -0500] "GET /BLA/boletinlegal/js/jquery.scrollTo-min.js HTTP/1.1" 200 1150
191.108.77.44 - - [30/Nov/2014:06:50:51 -0500] "GET /BLA/boletinlegal/js/jquery.js HTTP/1.1" 200 57254
191.108.77.44 - - [30/Nov/2014:06:50:51 -0500] "GET /BLA/boletinlegal/js/jquery.scrollShow.js HTTP/1.1" 200 4586
191.108.77.44 - - [30/Nov/2014:06:50:58 -0500] "GET /BLA/boletinlegal/js/jquery.scrollShow.js HTTP/1.1" 200 4586
201.244.43.6 - - [30/Nov/2014:06:51:02 -0500] "GET /huelladecarbono/index.html HTTP/1.1" 404 1316
157.55.39.101 - - [30/Nov/2014:06:51:02 -0500] "GET /documentos/ HTTP/1.1" 404 1015
