181.55.165.80 - - [30/Nov/2014:13:02:46 -0500] "GET /BLA/boletinlegal/js/jquery.scrollTo-min.js HTTP/1.1" 200 1150
181.55.165.80 - - [30/Nov/2014:13:02:46 -0500] "GET /BLA/boletinlegal/js/jquery.js HTTP/1.1" 200 57254
66.249.65.119 - - [30/Nov/2014:13:02:49 -0500] "GET /php/ProyectosInversion/Ficha%20ebi.pdf HTTP/1.1" 404 1018
190.26.187.219 - - [30/Nov/2014:13:03:00 -0500] "POST /forms/lservlet;jsessionid=ac16012b30d533aa0af39f8e4389b08a89a8e9251ddf.e3iSbxaKaheRe34Sa3yKbhiTahb0n6jAmljGr5XDqQLvpAe HTTP/1.1" 200 118
190.26.187.219 - - [30/Nov/2014:13:03:01 -0500] "POST /forms/lservlet;jsessionid=ac16012b30d533aa0af39f8e4389b08a89a8e9251ddf.e3iSbxaKaheRe34Sa3yKbhiTahb0n6jAmljGr5XDqQLvpAe HTTP/1.1" 200 176
190.26.187.219 - - [30/Nov/2014:13:03:03 -0500] "POST /forms/lservlet;jsessionid=ac16012b30d533aa0af39f8e4389b08a89a8e9251ddf.e3iSbxaKaheRe34Sa3yKbhiTahb0n6jAmljGr5XDqQLvpAe HTTP/1.1" 200 98
190.26.187.219 - - [30/Nov/2014:13:03:04 -0500] "POST /forms/lservlet;jsessionid=ac16012b30d533aa0af39f8e4389b08a89a8e9251ddf.e3iSbxaKaheRe34Sa3yKbhiTahb0n6jAmljGr5XDqQLvpAe HTTP/1.1" 200 2
190.26.187.219 - - [30/Nov/2014:13:03:04 -0500] "POST /forms/lservlet;jsessionid=ac16012b30d533aa0af39f8e4389b08a89a8e9251ddf.e3iSbxaKaheRe34Sa3yKbhiTahb0n6jAmljGr5XDqQLvpAe HTTP/1.1" 200 3500
190.26.187.219 - - [30/Nov/2014:13:03:04 -0500] "POST /forms/lservlet;jsessionid=ac16012b30d533aa0af39f8e4389b08a89a8e9251ddf.e3iSbxaKaheRe34Sa3yKbhiTahb0n6jAmljGr5XDqQLvpAe HTTP/1.1" 200 2
188.165.15.87 - - [30/Nov/2014:13:03:05 -0500] "GET /manual_funciones_Listado/index.php?dir=1.1.%20Oficina%20de%20Control%20Interno/&sort=size&order=asc HTTP/1.1" 404 1018
66.249.65.115 - - [30/Nov/2014:13:03:06 -0500] "GET /BLA/resoluciones/AUTOS%202012/3019.pdf HTTP/1.1" 200 442442
190.26.187.219 - - [30/Nov/2014:13:03:07 -0500] "POST /forms/lservlet;jsessionid=ac16012b30d533aa0af39f8e4389b08a89a8e9251ddf.e3iSbxaKaheRe34Sa3yKbhiTahb0n6jAmljGr5XDqQLvpAe HTTP/1.1" 200 203
190.26.187.219 - - [30/Nov/2014:13:03:07 -0500] "POST /forms/lservlet;jsessionid=ac16012b30d533aa0af39f8e4389b08a89a8e9251ddf.e3iSbxaKaheRe34Sa3yKbhiTahb0n6jAmljGr5XDqQLvpAe HTTP/1.1" 200 8
190.26.187.219 - - [30/Nov/2014:13:03:07 -0500] "POST /forms/lservlet;jsessionid=ac16012b30d533aa0af39f8e4389b08a89a8e9251ddf.e3iSbxaKaheRe34Sa3yKbhiTahb0n6jAmljGr5XDqQLvpAe HTTP/1.1" 200 2
190.26.187.219 - - [30/Nov/2014:13:03:08 -0500] "POST /forms/lservlet;jsessionid=ac16012b30d533aa0af39f8e4389b08a89a8e9251ddf.e3iSbxaKaheRe34Sa3yKbhiTahb0n6jAmljGr5XDqQLvpAe HTTP/1.1" 200 63
186.29.198.20 - - [30/Nov/2014:13:03:09 -0500] "GET /BLA/boletinlegal/js/jquery.js HTTP/1.1" 200 57254
186.29.198.20 - - [30/Nov/2014:13:03:09 -0500] "GET /BLA/boletinlegal/js/jquery.scrollTo-min.js HTTP/1.1" 200 1150
186.29.198.20 - - [30/Nov/2014:13:03:09 -0500] "GET /BLA/boletinlegal/js/jquery.scrollShow.js HTTP/1.1" 200 4586
186.29.198.20 - - [30/Nov/2014:13:03:09 -0500] "GET /galeria/carrusel/Carrusel/jquery.thumbnailScroller.css HTTP/1.1" 200 2066
186.29.198.20 - - [30/Nov/2014:13:03:09 -0500] "GET /galeria/carrusel/Carrusel/jquery-ui-1.8.13.custom.min.js HTTP/1.1" 200 10800
186.29.198.20 - - [30/Nov/2014:13:03:09 -0500] "GET /galeria/carrusel/Carrusel/jquery.thumbnailScroller.js HTTP/1.1" 200 8157
186.29.198.20 - - [30/Nov/2014:13:03:11 -0500] "GET /galeria/nivo-slider/demo/demo.html HTTP/1.1" 200 3458
186.29.198.20 - - [30/Nov/2014:13:03:11 -0500] "GET /galeria/nivo-slider/themes/default/default.css HTTP/1.1" 200 1569
186.29.198.20 - - [30/Nov/2014:13:03:11 -0500] "GET /galeria/nivo-slider/themes/pascal/pascal.css HTTP/1.1" 200 2258
186.29.198.20 - - [30/Nov/2014:13:03:11 -0500] "GET /galeria/nivo-slider/themes/orman/orman.css HTTP/1.1" 200 2152
186.29.198.20 - - [30/Nov/2014:13:03:11 -0500] "GET /galeria/nivo-slider/nivo-slider.css HTTP/1.1" 200 1507
186.29.198.20 - - [30/Nov/2014:13:03:11 -0500] "GET /galeria/nivo-slider/demo/style.css HTTP/1.1" 200 2222
186.29.198.20 - - [30/Nov/2014:13:03:11 -0500] "GET /galeria/nivo-slider/demo/images/Banner-GAE3.jpg HTTP/1.1" 200 146354
186.29.198.20 - - [30/Nov/2014:13:03:12 -0500] "GET /galeria/nivo-slider/demo/images/festivalBasura0.jpg HTTP/1.1" 200 96780
186.29.198.20 - - [30/Nov/2014:13:03:12 -0500] "GET /galeria/nivo-slider/demo/images/Banner-comparendo.jpg HTTP/1.1" 200 388762
186.29.198.20 - - [30/Nov/2014:13:03:12 -0500] "GET /galeria/nivo-slider/demo/images/banner-pygaai.jpg HTTP/1.1" 200 82693
186.29.198.20 - - [30/Nov/2014:13:03:12 -0500] "GET /galeria/nivo-slider/demo/images/Biotaxis-Man.jpg HTTP/1.1" 200 99362
186.29.198.20 - - [30/Nov/2014:13:03:12 -0500] "GET /galeria/nivo-slider/demo/images/porloshumedales.jpg HTTP/1.1" 200 351238
186.29.198.20 - - [30/Nov/2014:13:03:12 -0500] "GET /galeria/nivo-slider/demo/images/Tingua-azul.jpg HTTP/1.1" 200 307638
186.29.198.20 - - [30/Nov/2014:13:03:12 -0500] "GET /galeria/nivo-slider/demo/images/Banner-Caracol-Africano.jpg HTTP/1.1" 200 331986
186.29.198.20 - - [30/Nov/2014:13:03:12 -0500] "GET /galeria/nivo-slider/demo/images/banner-redes.jpg HTTP/1.1" 200 62209
186.29.198.20 - - [30/Nov/2014:13:03:13 -0500] "GET /galeria/nivo-slider/demo/images/9Signos.jpg HTTP/1.1" 200 93040
186.29.198.20 - - [30/Nov/2014:13:03:14 -0500] "GET /galeria/nivo-slider/demo/images/banner-caballos.png HTTP/1.1" 200 389106
186.29.198.20 - - [30/Nov/2014:13:03:14 -0500] "GET /galeria/nivo-slider/demo/images/Hacienda_Molinos.jpg HTTP/1.1" 200 319171
186.29.198.20 - - [30/Nov/2014:13:03:14 -0500] "GET /galeria/nivo-slider/demo/images/bannerEcolecta3.jpg HTTP/1.1" 200 280034
186.29.198.20 - - [30/Nov/2014:13:03:14 -0500] "GET /galeria/nivo-slider/demo/scripts/jquery-1.7.1.min.js HTTP/1.1" 200 93868
186.29.198.20 - - [30/Nov/2014:13:03:15 -0500] "GET /galeria/nivo-slider/jquery.nivo.slider.pack.js HTTP/1.1" 200 11561
186.29.198.20 - - [30/Nov/2014:13:03:15 -0500] "GET /galeria/nivo-slider/demo/images/4Simple_Slider.png HTTP/1.1" 200 11722
186.29.198.20 - - [30/Nov/2014:13:03:15 -0500] "GET /galeria/nivo-slider/themes/default/loading.gif HTTP/1.1" 200 1737
186.159.48.161 - - [30/Nov/2014:13:03:16 -0500] "GET /BLA/boletinlegal/js/jquery.js HTTP/1.1" 200 57254
186.159.48.161 - - [30/Nov/2014:13:03:16 -0500] "GET /BLA/boletinlegal/js/jquery.scrollShow.js HTTP/1.1" 200 4586
186.159.48.161 - - [30/Nov/2014:13:03:16 -0500] "GET /BLA/boletinlegal/js/jquery.scrollTo-min.js HTTP/1.1" 200 1150
186.29.198.20 - - [30/Nov/2014:13:03:16 -0500] "GET /galeria/nivo-slider/themes/default/arrows.png HTTP/1.1" 200 824
186.29.198.20 - - [30/Nov/2014:13:03:16 -0500] "GET /galeria/nivo-slider/themes/default/bullets.png HTTP/1.1" 200 1281
188.165.15.78 - - [30/Nov/2014:13:03:17 -0500] "GET /BLA/resoluciones/index.php?dir=RESOLUCIONES%202005/RES%202005%20%201601-1650/&sort=date&order=desc HTTP/1.1" 200 12425
188.165.15.78 - - [30/Nov/2014:13:03:18 -0500] "GET /BLA/resoluciones/RESOLUCIONES%202004/RES%202004%201001-1050/00001041.tif HTTP/1.1" 200 159322
190.26.187.219 - - [30/Nov/2014:13:03:29 -0500] "POST /forms/lservlet;jsessionid=ac16012b30d533aa0af39f8e4389b08a89a8e9251ddf.e3iSbxaKaheRe34Sa3yKbhiTahb0n6jAmljGr5XDqQLvpAe HTTP/1.1" 200 2
190.26.187.219 - - [30/Nov/2014:13:03:33 -0500] "POST /forms/lservlet;jsessionid=ac16012b30d533aa0af39f8e4389b08a89a8e9251ddf.e3iSbxaKaheRe34Sa3yKbhiTahb0n6jAmljGr5XDqQLvpAe HTTP/1.1" 200 2
190.26.187.219 - - [30/Nov/2014:13:03:33 -0500] "POST /forms/lservlet;jsessionid=ac16012b30d533aa0af39f8e4389b08a89a8e9251ddf.e3iSbxaKaheRe34Sa3yKbhiTahb0n6jAmljGr5XDqQLvpAe HTTP/1.1" 200 14
190.26.187.219 - - [30/Nov/2014:13:03:34 -0500] "POST /forms/lservlet;jsessionid=ac16012b30d533aa0af39f8e4389b08a89a8e9251ddf.e3iSbxaKaheRe34Sa3yKbhiTahb0n6jAmljGr5XDqQLvpAe HTTP/1.1" 200 95
190.26.187.219 - - [30/Nov/2014:13:03:34 -0500] "POST /forms/lservlet;jsessionid=ac16012b30d533aa0af39f8e4389b08a89a8e9251ddf.e3iSbxaKaheRe34Sa3yKbhiTahb0n6jAmljGr5XDqQLvpAe HTTP/1.1" 200 12
66.249.65.119 - - [30/Nov/2014:13:03:34 -0500] "GET /BLA/resoluciones/RESOLUCIONES%202010/0922.pdf HTTP/1.1" 304 -
190.26.187.219 - - [30/Nov/2014:13:03:34 -0500] "GET /reports/rwservlet/getjobid335609?server=rep_srvapsda HTTP/1.1" 200 89593
180.76.5.153 - - [30/Nov/2014:13:03:46 -0500] "GET /BLA/resoluciones/RESOLUCIONES%202008/1303.pdf HTTP/1.1" 200 419038
66.249.65.115 - - [30/Nov/2014:13:04:03 -0500] "GET /BLA/resoluciones/AUTOS%202011/1864.pdf HTTP/1.1" 304 -
201.190.79.100 - - [30/Nov/2014:13:04:24 -0500] "GET /BLA/boletinlegal/js/jquery.js HTTP/1.1" 200 57254
201.190.79.100 - - [30/Nov/2014:13:04:24 -0500] "GET /BLA/boletinlegal/js/jquery.scrollTo-min.js HTTP/1.1" 200 1150
201.190.79.100 - - [30/Nov/2014:13:04:24 -0500] "GET /BLA/boletinlegal/js/jquery.scrollShow.js HTTP/1.1" 200 4586
201.190.79.100 - - [30/Nov/2014:13:04:24 -0500] "GET /galeria/carrusel/Carrusel/jquery.thumbnailScroller.css HTTP/1.1" 200 2066
201.190.79.100 - - [30/Nov/2014:13:04:24 -0500] "GET /galeria/carrusel/Carrusel/jquery-ui-1.8.13.custom.min.js HTTP/1.1" 200 10800
201.190.79.100 - - [30/Nov/2014:13:04:25 -0500] "GET /galeria/carrusel/Carrusel/jquery.thumbnailScroller.js HTTP/1.1" 200 8157
201.190.79.100 - - [30/Nov/2014:13:04:27 -0500] "GET /galeria/nivo-slider/demo/demo.html HTTP/1.1" 200 3458
201.190.79.100 - - [30/Nov/2014:13:04:28 -0500] "GET /galeria/nivo-slider/themes/default/default.css HTTP/1.1" 200 1569
201.190.79.100 - - [30/Nov/2014:13:04:28 -0500] "GET /galeria/nivo-slider/themes/pascal/pascal.css HTTP/1.1" 200 2258
201.190.79.100 - - [30/Nov/2014:13:04:28 -0500] "GET /galeria/nivo-slider/themes/orman/orman.css HTTP/1.1" 200 2152
201.190.79.100 - - [30/Nov/2014:13:04:28 -0500] "GET /galeria/nivo-slider/nivo-slider.css HTTP/1.1" 200 1507
201.190.79.100 - - [30/Nov/2014:13:04:28 -0500] "GET /galeria/nivo-slider/demo/style.css HTTP/1.1" 200 2222
201.190.79.100 - - [30/Nov/2014:13:04:28 -0500] "GET /galeria/nivo-slider/demo/images/festivalBasura0.jpg HTTP/1.1" 200 96780
201.190.79.100 - - [30/Nov/2014:13:04:28 -0500] "GET /galeria/nivo-slider/demo/images/Banner-GAE3.jpg HTTP/1.1" 200 146354
201.190.79.100 - - [30/Nov/2014:13:04:28 -0500] "GET /galeria/nivo-slider/demo/images/Banner-comparendo.jpg HTTP/1.1" 200 388762
201.190.79.100 - - [30/Nov/2014:13:04:28 -0500] "GET /galeria/nivo-slider/demo/images/banner-pygaai.jpg HTTP/1.1" 200 82693
201.190.79.100 - - [30/Nov/2014:13:04:28 -0500] "GET /galeria/nivo-slider/demo/images/Biotaxis-Man.jpg HTTP/1.1" 200 99362
201.190.79.100 - - [30/Nov/2014:13:04:28 -0500] "GET /galeria/nivo-slider/demo/images/porloshumedales.jpg HTTP/1.1" 200 351238
201.190.79.100 - - [30/Nov/2014:13:04:29 -0500] "GET /galeria/nivo-slider/demo/images/Tingua-azul.jpg HTTP/1.1" 200 307638
201.190.79.100 - - [30/Nov/2014:13:04:29 -0500] "GET /galeria/nivo-slider/demo/images/Banner-Caracol-Africano.jpg HTTP/1.1" 200 331986
201.190.79.100 - - [30/Nov/2014:13:04:29 -0500] "GET /galeria/nivo-slider/demo/images/banner-redes.jpg HTTP/1.1" 200 62209
201.190.79.100 - - [30/Nov/2014:13:04:30 -0500] "GET /galeria/nivo-slider/demo/images/9Signos.jpg HTTP/1.1" 200 93040
66.249.65.119 - - [30/Nov/2014:13:04:31 -0500] "GET /BLA/resoluciones/RESOLUCIONES%202008/5058.pdf HTTP/1.1" 304 -
201.190.79.100 - - [30/Nov/2014:13:04:31 -0500] "GET /galeria/nivo-slider/demo/images/banner-caballos.png HTTP/1.1" 200 389106
201.190.79.100 - - [30/Nov/2014:13:04:32 -0500] "GET /galeria/nivo-slider/demo/images/Hacienda_Molinos.jpg HTTP/1.1" 200 319171
201.190.79.100 - - [30/Nov/2014:13:04:32 -0500] "GET /galeria/nivo-slider/demo/images/bannerEcolecta3.jpg HTTP/1.1" 200 280034
201.190.79.100 - - [30/Nov/2014:13:04:32 -0500] "GET /galeria/nivo-slider/demo/scripts/jquery-1.7.1.min.js HTTP/1.1" 200 93868
181.50.241.109 - - [30/Nov/2014:13:04:32 -0500] "POST /forms/lservlet;jsessionid=ac16012b30d5f682009d5f7842a48dd7955190f32559.e3iSbxaKaheRe34Sa3yKbhiTahb0n6jAmljGr5XDqQLvpAe HTTP/1.1" 200 2
201.190.79.100 - - [30/Nov/2014:13:04:33 -0500] "GET /galeria/nivo-slider/jquery.nivo.slider.pack.js HTTP/1.1" 200 11561
201.190.79.100 - - [30/Nov/2014:13:04:34 -0500] "GET /galeria/nivo-slider/demo/images/4Simple_Slider.png HTTP/1.1" 200 11722
201.190.79.100 - - [30/Nov/2014:13:04:34 -0500] "GET /galeria/nivo-slider/themes/default/loading.gif HTTP/1.1" 200 1737
201.190.79.100 - - [30/Nov/2014:13:04:35 -0500] "GET /galeria/nivo-slider/themes/default/arrows.png HTTP/1.1" 200 824
201.190.79.100 - - [30/Nov/2014:13:04:35 -0500] "GET /galeria/nivo-slider/themes/default/bullets.png HTTP/1.1" 200 1281
188.165.15.41 - - [30/Nov/2014:13:04:39 -0500] "GET /BLA/resoluciones/RESOLUCIONES%202004/RES%202004%202351-2401/00002351.tif HTTP/1.1" 200 106580
66.249.65.123 - - [30/Nov/2014:13:04:59 -0500] "GET /BLA/resoluciones/RESOLUCIONES%202007/RES%202007%20901%20AL%201000/RESOLUCION%200950%20DE%202007.pdf HTTP/1.1" 200 228087
66.249.65.115 - - [30/Nov/2014:13:05:27 -0500] "GET /BLA/resoluciones/RESOLUCIONES%202013/0648.pdf HTTP/1.1" 200 382085
190.26.187.219 - - [30/Nov/2014:13:05:29 -0500] "POST /forms/lservlet;jsessionid=ac16012b30d533aa0af39f8e4389b08a89a8e9251ddf.e3iSbxaKaheRe34Sa3yKbhiTahb0n6jAmljGr5XDqQLvpAe HTTP/1.1" 200 2
123.125.71.45 - - [30/Nov/2014:13:05:42 -0500] "GET / HTTP/1.1" 302 -
66.249.65.115 - - [30/Nov/2014:13:05:55 -0500] "GET /BLA/resoluciones/RESOLUCIONES%202010/3296.pdf HTTP/1.1" 304 -
186.94.121.182 - - [30/Nov/2014:13:06:15 -0500] "GET /galeria/nivo-slider/demo/images/Banner-GAE2.jpg HTTP/1.1" 200 148621
66.249.65.123 - - [30/Nov/2014:13:06:23 -0500] "GET /BLA/resoluciones/AUTOS%202013/1330.pdf HTTP/1.1" 200 354769
181.50.241.109 - - [30/Nov/2014:13:06:32 -0500] "POST /forms/lservlet;jsessionid=ac16012b30d5f682009d5f7842a48dd7955190f32559.e3iSbxaKaheRe34Sa3yKbhiTahb0n6jAmljGr5XDqQLvpAe HTTP/1.1" 200 2
181.67.255.116 - - [30/Nov/2014:13:06:41 -0500] "GET /galeria/carrusel/Carrusel/jquery.thumbnailScroller.css HTTP/1.1" 200 2066
181.67.255.116 - - [30/Nov/2014:13:06:41 -0500] "GET /BLA/boletinlegal/js/jquery.js HTTP/1.1" 200 57254
181.67.255.116 - - [30/Nov/2014:13:06:41 -0500] "GET /BLA/boletinlegal/js/jquery.scrollTo-min.js HTTP/1.1" 200 1150
181.67.255.116 - - [30/Nov/2014:13:06:41 -0500] "GET /BLA/boletinlegal/js/jquery.scrollShow.js HTTP/1.1" 200 4586
181.67.255.116 - - [30/Nov/2014:13:06:41 -0500] "GET /galeria/carrusel/Carrusel/jquery-ui-1.8.13.custom.min.js HTTP/1.1" 200 10800
181.67.255.116 - - [30/Nov/2014:13:06:41 -0500] "GET /galeria/carrusel/Carrusel/jquery.thumbnailScroller.js HTTP/1.1" 200 8157
181.67.255.116 - - [30/Nov/2014:13:06:49 -0500] "GET /galeria/nivo-slider/demo/demo.html HTTP/1.1" 200 3458
181.67.255.116 - - [30/Nov/2014:13:06:49 -0500] "GET /galeria/nivo-slider/themes/default/default.css HTTP/1.1" 200 1569
181.67.255.116 - - [30/Nov/2014:13:06:49 -0500] "GET /galeria/nivo-slider/themes/pascal/pascal.css HTTP/1.1" 200 2258
181.67.255.116 - - [30/Nov/2014:13:06:49 -0500] "GET /galeria/nivo-slider/themes/orman/orman.css HTTP/1.1" 200 2152
181.67.255.116 - - [30/Nov/2014:13:06:49 -0500] "GET /galeria/nivo-slider/nivo-slider.css HTTP/1.1" 200 1507
181.67.255.116 - - [30/Nov/2014:13:06:49 -0500] "GET /galeria/nivo-slider/demo/style.css HTTP/1.1" 200 2222
181.67.255.116 - - [30/Nov/2014:13:06:49 -0500] "GET /galeria/nivo-slider/demo/scripts/jquery-1.7.1.min.js HTTP/1.1" 200 93868
181.67.255.116 - - [30/Nov/2014:13:06:50 -0500] "GET /galeria/nivo-slider/jquery.nivo.slider.pack.js HTTP/1.1" 200 11561
181.67.255.116 - - [30/Nov/2014:13:06:50 -0500] "GET /galeria/nivo-slider/demo/images/Banner-GAE3.jpg HTTP/1.1" 200 146354
181.67.255.116 - - [30/Nov/2014:13:06:50 -0500] "GET /galeria/nivo-slider/demo/images/festivalBasura0.jpg HTTP/1.1" 200 96780
74.86.158.107 - - [30/Nov/2014:13:06:50 -0500] "HEAD / HTTP/1.1" 302 -
181.67.255.116 - - [30/Nov/2014:13:06:50 -0500] "GET /galeria/nivo-slider/demo/images/Banner-comparendo.jpg HTTP/1.1" 200 388762
181.67.255.116 - - [30/Nov/2014:13:06:50 -0500] "GET /galeria/nivo-slider/demo/images/banner-pygaai.jpg HTTP/1.1" 200 82693
181.67.255.116 - - [30/Nov/2014:13:06:50 -0500] "GET /galeria/nivo-slider/demo/images/Biotaxis-Man.jpg HTTP/1.1" 200 99362
181.67.255.116 - - [30/Nov/2014:13:06:51 -0500] "GET /galeria/nivo-slider/demo/images/4Simple_Slider.png HTTP/1.1" 200 11722
181.67.255.116 - - [30/Nov/2014:13:06:51 -0500] "GET /galeria/nivo-slider/themes/default/loading.gif HTTP/1.1" 200 1737
181.67.255.116 - - [30/Nov/2014:13:06:51 -0500] "GET /galeria/nivo-slider/demo/images/Tingua-azul.jpg HTTP/1.1" 200 307638
181.67.255.116 - - [30/Nov/2014:13:06:51 -0500] "GET /galeria/nivo-slider/demo/images/Banner-Caracol-Africano.jpg HTTP/1.1" 200 331986
181.67.255.116 - - [30/Nov/2014:13:06:51 -0500] "GET /galeria/nivo-slider/demo/images/banner-redes.jpg HTTP/1.1" 200 62209
181.67.255.116 - - [30/Nov/2014:13:06:51 -0500] "GET /galeria/nivo-slider/demo/images/9Signos.jpg HTTP/1.1" 200 93040
181.67.255.116 - - [30/Nov/2014:13:06:51 -0500] "GET /galeria/nivo-slider/demo/images/porloshumedales.jpg HTTP/1.1" 200 351238
66.249.65.123 - - [30/Nov/2014:13:06:51 -0500] "GET /BLA/resoluciones/RESOLUCIONES%202009/3850.pdf HTTP/1.1" 304 -
181.67.255.116 - - [30/Nov/2014:13:06:52 -0500] "GET /galeria/nivo-slider/demo/images/banner-caballos.png HTTP/1.1" 200 389106
181.67.255.116 - - [30/Nov/2014:13:06:52 -0500] "GET /galeria/nivo-slider/demo/images/Hacienda_Molinos.jpg HTTP/1.1" 200 319171
181.67.255.116 - - [30/Nov/2014:13:06:52 -0500] "GET /galeria/nivo-slider/demo/images/bannerEcolecta3.jpg HTTP/1.1" 200 280034
181.67.255.116 - - [30/Nov/2014:13:06:56 -0500] "GET /videos/Spot_CambioClimatico.flv HTTP/1.1" 200 4371917
181.67.255.116 - - [30/Nov/2014:13:06:57 -0500] "GET /galeria/nivo-slider/themes/default/arrows.png HTTP/1.1" 200 824
181.67.255.116 - - [30/Nov/2014:13:06:57 -0500] "GET /galeria/nivo-slider/themes/default/bullets.png HTTP/1.1" 200 1281
220.181.108.75 - - [30/Nov/2014:13:07:00 -0500] "GET / HTTP/1.1" 302 -
66.249.65.123 - - [30/Nov/2014:13:07:19 -0500] "GET /BLA/resoluciones/RESOLUCIONES%202010/6709.pdf HTTP/1.1" 304 -
190.26.187.219 - - [30/Nov/2014:13:07:30 -0500] "POST /forms/lservlet;jsessionid=ac16012b30d533aa0af39f8e4389b08a89a8e9251ddf.e3iSbxaKaheRe34Sa3yKbhiTahb0n6jAmljGr5XDqQLvpAe HTTP/1.1" 200 2
66.249.65.123 - - [30/Nov/2014:13:07:48 -0500] "GET /BLA/resoluciones/RESOLUCIONES%202010/5769.pdf HTTP/1.1" 304 -
188.165.15.87 - - [30/Nov/2014:13:07:55 -0500] "GET /BLA/resoluciones/RESOLUCIONES%202006/RES%202006%20751-800/00000773.tif HTTP/1.1" 200 145322
66.196.82.72 - - [30/Nov/2014:13:07:58 -0500] "GET /wp/wp-admin/ HTTP/1.1" 404 1018
66.249.65.123 - - [30/Nov/2014:13:08:16 -0500] "GET /BLA/resoluciones/AUTOS%202011/4222.pdf HTTP/1.1" 304 -
181.140.76.85 - - [30/Nov/2014:13:08:22 -0500] "GET /BLA/boletinlegal/js/jquery.js HTTP/1.1" 200 57254
181.140.76.85 - - [30/Nov/2014:13:08:22 -0500] "GET /BLA/boletinlegal/js/jquery.scrollTo-min.js HTTP/1.1" 200 1150
181.140.76.85 - - [30/Nov/2014:13:08:22 -0500] "GET /BLA/boletinlegal/js/jquery.scrollShow.js HTTP/1.1" 200 4586
181.50.241.109 - - [30/Nov/2014:13:08:32 -0500] "POST /forms/lservlet;jsessionid=ac16012b30d5f682009d5f7842a48dd7955190f32559.e3iSbxaKaheRe34Sa3yKbhiTahb0n6jAmljGr5XDqQLvpAe HTTP/1.1" 200 2
66.249.65.119 - - [30/Nov/2014:13:08:44 -0500] "GET /BLA/resoluciones/RESOLUCIONES%202008/3524.pdf HTTP/1.1" 304 -
66.249.65.115 - - [30/Nov/2014:13:09:10 -0500] "GET /BLA/resoluciones/RESOLUCIONES%202004/RES%202004%20601-650/00000616.tif HTTP/1.1" 200 186750
66.249.65.115 - - [30/Nov/2014:13:09:12 -0500] "GET /BLA/resoluciones/RESOLUCIONES%202008/5406.pdf HTTP/1.1" 304 -
180.76.6.134 - - [30/Nov/2014:13:09:16 -0500] "GET /BLA/resoluciones/RESOLUCIONES%202008/2003.pdf HTTP/1.1" 200 244927
186.43.218.132 - - [30/Nov/2014:13:09:21 -0500] "GET /BLA/boletinlegal/js/jquery.js HTTP/1.1" 200 57254
186.43.218.132 - - [30/Nov/2014:13:09:21 -0500] "GET /BLA/boletinlegal/js/jquery.scrollTo-min.js HTTP/1.1" 200 1150
186.43.218.132 - - [30/Nov/2014:13:09:21 -0500] "GET /BLA/boletinlegal/js/jquery.scrollShow.js HTTP/1.1" 200 4586
190.26.187.219 - - [30/Nov/2014:13:09:30 -0500] "POST /forms/lservlet;jsessionid=ac16012b30d533aa0af39f8e4389b08a89a8e9251ddf.e3iSbxaKaheRe34Sa3yKbhiTahb0n6jAmljGr5XDqQLvpAe HTTP/1.1" 200 2
66.249.65.123 - - [30/Nov/2014:13:09:40 -0500] "GET /BLA/resoluciones/AUTOS%202011/0247.pdf HTTP/1.1" 304 -
180.76.5.149 - - [30/Nov/2014:13:10:03 -0500] "GET /BLA/resoluciones/RESOLUCIONES%202010/1633.pdf HTTP/1.1" 200 440169
66.249.65.119 - - [30/Nov/2014:13:10:08 -0500] "GET /BLA/resoluciones/RESOLUCIONES%202010/2810.pdf HTTP/1.1" 304 -
181.50.241.109 - - [30/Nov/2014:13:10:32 -0500] "POST /forms/lservlet;jsessionid=ac16012b30d5f682009d5f7842a48dd7955190f32559.e3iSbxaKaheRe34Sa3yKbhiTahb0n6jAmljGr5XDqQLvpAe HTTP/1.1" 200 2
66.249.65.123 - - [30/Nov/2014:13:10:36 -0500] "GET /BLA/resoluciones/RESOLUCIONES%202011/0827.pdf HTTP/1.1" 304 -
180.76.5.74 - - [30/Nov/2014:13:10:50 -0500] "GET /BLA/resoluciones/AUTOS%202011/3352.pdf HTTP/1.1" 200 244639
66.249.65.115 - - [30/Nov/2014:13:11:02 -0500] "GET /BLA/resoluciones/RESOLUCIONES%202010/7751.pdf HTTP/1.1" 304 -
66.249.65.123 - - [30/Nov/2014:13:11:04 -0500] "GET /BLA/resoluciones/Notificaciones/AUTOS%202014/3935.doc HTTP/1.1" 304 -
190.26.187.219 - - [30/Nov/2014:13:11:30 -0500] "POST /forms/lservlet;jsessionid=ac16012b30d533aa0af39f8e4389b08a89a8e9251ddf.e3iSbxaKaheRe34Sa3yKbhiTahb0n6jAmljGr5XDqQLvpAe HTTP/1.1" 200 2
66.249.65.123 - - [30/Nov/2014:13:11:33 -0500] "GET /BLA/resoluciones/RESOLUCIONES%202012/1468.pdf HTTP/1.1" 304 -
180.76.6.230 - - [30/Nov/2014:13:11:38 -0500] "GET /BLA/resoluciones/RESOLUCIONES%202010/0563.pdf HTTP/1.1" 200 96631
74.86.158.107 - - [30/Nov/2014:13:11:50 -0500] "HEAD / HTTP/1.1" 302 -
66.249.65.123 - - [30/Nov/2014:13:12:01 -0500] "GET /BLA/resoluciones/RESOLUCIONES%202008/2164.pdf HTTP/1.1" 304 -
66.249.65.119 - - [30/Nov/2014:13:12:29 -0500] "GET /BLA/resoluciones/RESOLUCIONES%202013/0053.pdf HTTP/1.1" 304 -
100.43.85.25 - - [30/Nov/2014:13:12:31 -0500] "GET /even1/info.gif HTTP/1.1" 404 1019
181.50.241.109 - - [30/Nov/2014:13:12:32 -0500] "POST /forms/lservlet;jsessionid=ac16012b30d5f682009d5f7842a48dd7955190f32559.e3iSbxaKaheRe34Sa3yKbhiTahb0n6jAmljGr5XDqQLvpAe HTTP/1.1" 200 2
188.165.15.50 - - [30/Nov/2014:13:12:56 -0500] "GET /BLA/resoluciones/RESOLUCIONES%202002/RES%202002%20451-500/00000473.tif HTTP/1.1" 200 163760
180.76.5.25 - - [30/Nov/2014:13:13:13 -0500] "GET /BLA/resoluciones/RESOLUCIONES%202010/0327.pdf HTTP/1.1" 200 138108
190.26.187.219 - - [30/Nov/2014:13:13:30 -0500] "POST /forms/lservlet;jsessionid=ac16012b30d533aa0af39f8e4389b08a89a8e9251ddf.e3iSbxaKaheRe34Sa3yKbhiTahb0n6jAmljGr5XDqQLvpAe HTTP/1.1" 200 2
190.84.172.244 - - [30/Nov/2014:13:13:36 -0500] "GET /BLA/boletinlegal/js/jquery.js HTTP/1.1" 200 57254
190.84.172.244 - - [30/Nov/2014:13:13:36 -0500] "GET /BLA/boletinlegal/js/jquery.scrollShow.js HTTP/1.1" 200 4586
190.84.172.244 - - [30/Nov/2014:13:13:36 -0500] "GET /BLA/boletinlegal/js/jquery.scrollTo-min.js HTTP/1.1" 200 1150
180.76.5.27 - - [30/Nov/2014:13:14:00 -0500] "GET /BLA/resoluciones/RESOLUCIONES%202008/1183.pdf HTTP/1.1" 200 112988
181.50.241.109 - - [30/Nov/2014:13:14:32 -0500] "POST /forms/lservlet;jsessionid=ac16012b30d5f682009d5f7842a48dd7955190f32559.e3iSbxaKaheRe34Sa3yKbhiTahb0n6jAmljGr5XDqQLvpAe HTTP/1.1" 200 2
66.249.65.123 - - [30/Nov/2014:13:14:58 -0500] "GET /BLA/resoluciones/RESOLUCIONES%202007/RES%202007%202401%20AL%202500/RESOLUCION%202461%20DE%202007.pdf HTTP/1.1" 304 -
66.249.65.119 - - [30/Nov/2014:13:14:58 -0500] "GET /BLA/resoluciones/RESOLUCIONES%202007/RES%202007%201101%20AL%201200/RESOLUCION%201198%20DE%202007.pdf HTTP/1.1" 200 756669
66.249.65.123 - - [30/Nov/2014:13:15:00 -0500] "GET /BLA/resoluciones/RESOLUCIONES%202010/0305.pdf HTTP/1.1" 304 -
66.249.65.115 - - [30/Nov/2014:13:15:12 -0500] "GET /BLA/resoluciones/RESOLUCIONES%202010/2092.pdf HTTP/1.1" 200 347720
66.249.65.115 - - [30/Nov/2014:13:15:13 -0500] "GET /BLA/resoluciones/RESOLUCIONES%202002/RES%202002%201151-1200/20021200.tif HTTP/1.1" 200 94866
66.249.65.119 - - [30/Nov/2014:13:15:26 -0500] "GET /BLA/resoluciones/AUTOS%202011/0264.pdf HTTP/1.1" 304 -
190.26.187.219 - - [30/Nov/2014:13:15:30 -0500] "POST /forms/lservlet;jsessionid=ac16012b30d533aa0af39f8e4389b08a89a8e9251ddf.e3iSbxaKaheRe34Sa3yKbhiTahb0n6jAmljGr5XDqQLvpAe HTTP/1.1" 200 2
66.249.65.115 - - [30/Nov/2014:13:15:46 -0500] "GET /BLA/resoluciones/AUTOS%202011/7780.pdf HTTP/1.1" 304 -
66.249.65.115 - - [30/Nov/2014:13:16:14 -0500] "GET /BLA/resoluciones/RESOLUCIONES%202007/RES%202007%203201%20AL%203300/RESOLUCION%203284%20DE%202007.pdf HTTP/1.1" 304 -
186.31.90.177 - - [30/Nov/2014:13:16:20 -0500] "GET /BLA/boletinlegal/js/jquery.js HTTP/1.1" 200 57254
186.31.90.177 - - [30/Nov/2014:13:16:20 -0500] "GET /BLA/boletinlegal/js/jquery.scrollTo-min.js HTTP/1.1" 200 1150
186.31.90.177 - - [30/Nov/2014:13:16:20 -0500] "GET /BLA/boletinlegal/js/jquery.scrollShow.js HTTP/1.1" 200 4586
186.30.80.188 - - [30/Nov/2014:13:16:28 -0500] "GET /BLA/resoluciones/RESOLUCIONES%202007/RES%202007%202901%20AL%203000/RESOLUCION%202986%20DE%202007.pdf HTTP/1.1" 200 345462
186.30.80.188 - - [30/Nov/2014:13:16:30 -0500] "GET /favicon.ico HTTP/1.1" 200 7782
181.50.241.109 - - [30/Nov/2014:13:16:33 -0500] "POST /forms/lservlet;jsessionid=ac16012b30d5f682009d5f7842a48dd7955190f32559.e3iSbxaKaheRe34Sa3yKbhiTahb0n6jAmljGr5XDqQLvpAe HTTP/1.1" 200 2
188.165.15.235 - - [30/Nov/2014:13:16:41 -0500] "GET /BLA/resoluciones/RESOLUCIONES%202002/RES%202002%20401-450/00000433.tif HTTP/1.1" 200 59198
66.249.65.119 - - [30/Nov/2014:13:16:42 -0500] "GET /BLA/resoluciones/RESOLUCIONES%202007/RES%202007%203901%20AL%204000/RESOLUCION%203981%20DE%202007.pdf HTTP/1.1" 304 -
66.196.82.72 - - [30/Nov/2014:13:16:49 -0500] "GET /old/wp-admin/ HTTP/1.1" 404 1018
74.86.158.107 - - [30/Nov/2014:13:16:50 -0500] "HEAD / HTTP/1.1" 302 -
188.165.15.23 - - [30/Nov/2014:13:17:04 -0500] "GET /BLA/resoluciones/RESOLUCIONES%202006/RES%202006%20%202851-2900/00002880.tif HTTP/1.1" 200 39528
66.249.65.119 - - [30/Nov/2014:13:17:10 -0500] "GET /BLA/resoluciones/RESOLUCIONES%202010/5784.pdf HTTP/1.1" 304 -
190.26.187.219 - - [30/Nov/2014:13:17:30 -0500] "POST /forms/lservlet;jsessionid=ac16012b30d533aa0af39f8e4389b08a89a8e9251ddf.e3iSbxaKaheRe34Sa3yKbhiTahb0n6jAmljGr5XDqQLvpAe HTTP/1.1" 200 2
66.249.65.119 - - [30/Nov/2014:13:17:38 -0500] "GET /BLA/resoluciones/RESOLUCIONES%202010/0309.pdf HTTP/1.1" 304 -
66.249.65.123 - - [30/Nov/2014:13:17:57 -0500] "-" 408 -
66.249.65.119 - - [30/Nov/2014:13:18:06 -0500] "GET /BLA/resoluciones/RESOLUCIONES%202008/2628.pdf HTTP/1.1" 304 -
181.50.241.109 - - [30/Nov/2014:13:18:33 -0500] "POST /forms/lservlet;jsessionid=ac16012b30d5f682009d5f7842a48dd7955190f32559.e3iSbxaKaheRe34Sa3yKbhiTahb0n6jAmljGr5XDqQLvpAe HTTP/1.1" 200 2
186.113.10.143 - - [30/Nov/2014:13:18:34 -0500] "GET /webfile/img/recibido.gif HTTP/1.1" 304 -
66.249.65.115 - - [30/Nov/2014:13:18:34 -0500] "GET /BLA/resoluciones/RESOLUCIONES%202009/0632.pdf HTTP/1.1" 304 -
190.84.131.45 - - [30/Nov/2014:13:18:35 -0500] "GET /BLA/boletinlegal/js/jquery.js HTTP/1.1" 200 57254
190.84.131.45 - - [30/Nov/2014:13:18:35 -0500] "GET /BLA/boletinlegal/js/jquery.scrollShow.js HTTP/1.1" 200 4586
190.84.131.45 - - [30/Nov/2014:13:18:35 -0500] "GET /BLA/boletinlegal/js/jquery.scrollTo-min.js HTTP/1.1" 200 1150
190.26.187.219 - - [30/Nov/2014:13:18:55 -0500] "POST /forms/lservlet;jsessionid=ac16012b30d533aa0af39f8e4389b08a89a8e9251ddf.e3iSbxaKaheRe34Sa3yKbhiTahb0n6jAmljGr5XDqQLvpAe HTTP/1.1" 200 123
190.26.187.219 - - [30/Nov/2014:13:18:58 -0500] "POST /forms/lservlet;jsessionid=ac16012b30d533aa0af39f8e4389b08a89a8e9251ddf.e3iSbxaKaheRe34Sa3yKbhiTahb0n6jAmljGr5XDqQLvpAe HTTP/1.1" 200 94
66.249.65.123 - - [30/Nov/2014:13:19:03 -0500] "GET /BLA/resoluciones/RESOLUCIONES%202008/3148.pdf HTTP/1.1" 304 -
66.249.65.119 - - [30/Nov/2014:13:19:31 -0500] "GET /BLA/resoluciones/RESOLUCIONES%202009/5286.pdf HTTP/1.1" 304 -
190.26.187.219 - - [30/Nov/2014:13:19:31 -0500] "POST /forms/lservlet;jsessionid=ac16012b30d533aa0af39f8e4389b08a89a8e9251ddf.e3iSbxaKaheRe34Sa3yKbhiTahb0n6jAmljGr5XDqQLvpAe HTTP/1.1" 200 2
180.76.5.95 - - [30/Nov/2014:13:19:37 -0500] "GET /BLA/resoluciones/RESOLUCIONES%202008/2119.pdf HTTP/1.1" 200 555099
190.253.21.20 - - [30/Nov/2014:13:20:01 -0500] "GET /BLA/boletinlegal/js/jquery.js HTTP/1.1" 200 57254
190.253.21.20 - - [30/Nov/2014:13:20:01 -0500] "GET /BLA/boletinlegal/js/jquery.scrollTo-min.js HTTP/1.1" 200 1150
190.253.21.20 - - [30/Nov/2014:13:20:01 -0500] "GET /BLA/boletinlegal/js/jquery.scrollShow.js HTTP/1.1" 200 4586
190.26.187.219 - - [30/Nov/2014:13:20:08 -0500] "POST /forms/lservlet;jsessionid=ac16012b30d533aa0af39f8e4389b08a89a8e9251ddf.e3iSbxaKaheRe34Sa3yKbhiTahb0n6jAmljGr5XDqQLvpAe HTTP/1.1" 200 78
190.26.187.219 - - [30/Nov/2014:13:20:10 -0500] "POST /forms/lservlet;jsessionid=ac16012b30d533aa0af39f8e4389b08a89a8e9251ddf.e3iSbxaKaheRe34Sa3yKbhiTahb0n6jAmljGr5XDqQLvpAe HTTP/1.1" 200 2
190.26.187.219 - - [30/Nov/2014:13:20:10 -0500] "POST /forms/lservlet;jsessionid=ac16012b30d533aa0af39f8e4389b08a89a8e9251ddf.e3iSbxaKaheRe34Sa3yKbhiTahb0n6jAmljGr5XDqQLvpAe HTTP/1.1" 200 2359
190.26.187.219 - - [30/Nov/2014:13:20:11 -0500] "POST /forms/lservlet;jsessionid=ac16012b30d533aa0af39f8e4389b08a89a8e9251ddf.e3iSbxaKaheRe34Sa3yKbhiTahb0n6jAmljGr5XDqQLvpAe HTTP/1.1" 200 2
190.26.187.219 - - [30/Nov/2014:13:20:14 -0500] "POST /forms/lservlet;jsessionid=ac16012b30d533aa0af39f8e4389b08a89a8e9251ddf.e3iSbxaKaheRe34Sa3yKbhiTahb0n6jAmljGr5XDqQLvpAe HTTP/1.1" 200 408
190.26.187.219 - - [30/Nov/2014:13:20:14 -0500] "POST /forms/lservlet;jsessionid=ac16012b30d533aa0af39f8e4389b08a89a8e9251ddf.e3iSbxaKaheRe34Sa3yKbhiTahb0n6jAmljGr5XDqQLvpAe HTTP/1.1" 200 7
190.26.187.219 - - [30/Nov/2014:13:20:14 -0500] "POST /forms/lservlet;jsessionid=ac16012b30d533aa0af39f8e4389b08a89a8e9251ddf.e3iSbxaKaheRe34Sa3yKbhiTahb0n6jAmljGr5XDqQLvpAe HTTP/1.1" 200 346
190.26.187.219 - - [30/Nov/2014:13:20:15 -0500] "POST /forms/lservlet;jsessionid=ac16012b30d533aa0af39f8e4389b08a89a8e9251ddf.e3iSbxaKaheRe34Sa3yKbhiTahb0n6jAmljGr5XDqQLvpAe HTTP/1.1" 200 349
190.26.187.219 - - [30/Nov/2014:13:20:17 -0500] "POST /forms/lservlet;jsessionid=ac16012b30d533aa0af39f8e4389b08a89a8e9251ddf.e3iSbxaKaheRe34Sa3yKbhiTahb0n6jAmljGr5XDqQLvpAe HTTP/1.1" 200 118
190.26.187.219 - - [30/Nov/2014:13:20:19 -0500] "POST /forms/lservlet;jsessionid=ac16012b30d533aa0af39f8e4389b08a89a8e9251ddf.e3iSbxaKaheRe34Sa3yKbhiTahb0n6jAmljGr5XDqQLvpAe HTTP/1.1" 200 94
190.26.187.219 - - [30/Nov/2014:13:20:20 -0500] "POST /forms/lservlet;jsessionid=ac16012b30d533aa0af39f8e4389b08a89a8e9251ddf.e3iSbxaKaheRe34Sa3yKbhiTahb0n6jAmljGr5XDqQLvpAe HTTP/1.1" 200 78
190.26.187.219 - - [30/Nov/2014:13:20:21 -0500] "POST /forms/lservlet;jsessionid=ac16012b30d533aa0af39f8e4389b08a89a8e9251ddf.e3iSbxaKaheRe34Sa3yKbhiTahb0n6jAmljGr5XDqQLvpAe HTTP/1.1" 200 2
190.26.187.219 - - [30/Nov/2014:13:20:21 -0500] "POST /forms/lservlet;jsessionid=ac16012b30d533aa0af39f8e4389b08a89a8e9251ddf.e3iSbxaKaheRe34Sa3yKbhiTahb0n6jAmljGr5XDqQLvpAe HTTP/1.1" 200 2446
190.26.187.219 - - [30/Nov/2014:13:20:22 -0500] "POST /forms/lservlet;jsessionid=ac16012b30d533aa0af39f8e4389b08a89a8e9251ddf.e3iSbxaKaheRe34Sa3yKbhiTahb0n6jAmljGr5XDqQLvpAe HTTP/1.1" 200 2
190.26.187.219 - - [30/Nov/2014:13:20:23 -0500] "POST /forms/lservlet;jsessionid=ac16012b30d533aa0af39f8e4389b08a89a8e9251ddf.e3iSbxaKaheRe34Sa3yKbhiTahb0n6jAmljGr5XDqQLvpAe HTTP/1.1" 200 135
190.26.187.219 - - [30/Nov/2014:13:20:24 -0500] "POST /forms/lservlet;jsessionid=ac16012b30d533aa0af39f8e4389b08a89a8e9251ddf.e3iSbxaKaheRe34Sa3yKbhiTahb0n6jAmljGr5XDqQLvpAe HTTP/1.1" 200 8
190.26.187.219 - - [30/Nov/2014:13:20:24 -0500] "POST /forms/lservlet;jsessionid=ac16012b30d533aa0af39f8e4389b08a89a8e9251ddf.e3iSbxaKaheRe34Sa3yKbhiTahb0n6jAmljGr5XDqQLvpAe HTTP/1.1" 200 2
190.26.187.219 - - [30/Nov/2014:13:20:24 -0500] "POST /forms/lservlet;jsessionid=ac16012b30d533aa0af39f8e4389b08a89a8e9251ddf.e3iSbxaKaheRe34Sa3yKbhiTahb0n6jAmljGr5XDqQLvpAe HTTP/1.1" 200 63
180.76.6.213 - - [30/Nov/2014:13:20:24 -0500] "GET /BLA/resoluciones/AUTOS%202011/3236.pdf HTTP/1.1" 200 320589
66.249.65.119 - - [30/Nov/2014:13:20:27 -0500] "GET /BLA/resoluciones/RESOLUCIONES%202010/7084.pdf HTTP/1.1" 304 -
181.50.241.109 - - [30/Nov/2014:13:20:33 -0500] "POST /forms/lservlet;jsessionid=ac16012b30d5f682009d5f7842a48dd7955190f32559.e3iSbxaKaheRe34Sa3yKbhiTahb0n6jAmljGr5XDqQLvpAe HTTP/1.1" 200 2
181.60.192.59 - - [30/Nov/2014:13:20:41 -0500] "GET /BLA/resoluciones/RESOLUCIONES%202008/0911.pdf HTTP/1.1" 200 278448
181.60.192.59 - - [30/Nov/2014:13:20:44 -0500] "GET /favicon.ico HTTP/1.1" 200 7782
181.60.192.59 - - [30/Nov/2014:13:20:44 -0500] "GET /BLA/resoluciones/RESOLUCIONES%202008/0911.pdf HTTP/1.1" 206 16304
181.60.192.59 - - [30/Nov/2014:13:20:45 -0500] "GET /BLA/resoluciones/RESOLUCIONES%202008/0911.pdf HTTP/1.1" 206 65536
190.26.187.219 - - [30/Nov/2014:13:20:45 -0500] "POST /forms/lservlet;jsessionid=ac16012b30d533aa0af39f8e4389b08a89a8e9251ddf.e3iSbxaKaheRe34Sa3yKbhiTahb0n6jAmljGr5XDqQLvpAe HTTP/1.1" 200 199
190.26.187.219 - - [30/Nov/2014:13:20:45 -0500] "POST /forms/lservlet;jsessionid=ac16012b30d533aa0af39f8e4389b08a89a8e9251ddf.e3iSbxaKaheRe34Sa3yKbhiTahb0n6jAmljGr5XDqQLvpAe HTTP/1.1" 200 8
181.60.192.59 - - [30/Nov/2014:13:20:45 -0500] "GET /BLA/resoluciones/RESOLUCIONES%202008/0911.pdf HTTP/1.1" 206 65536
190.26.187.219 - - [30/Nov/2014:13:20:46 -0500] "POST /forms/lservlet;jsessionid=ac16012b30d533aa0af39f8e4389b08a89a8e9251ddf.e3iSbxaKaheRe34Sa3yKbhiTahb0n6jAmljGr5XDqQLvpAe HTTP/1.1" 200 2
190.26.187.219 - - [30/Nov/2014:13:20:46 -0500] "POST /forms/lservlet;jsessionid=ac16012b30d533aa0af39f8e4389b08a89a8e9251ddf.e3iSbxaKaheRe34Sa3yKbhiTahb0n6jAmljGr5XDqQLvpAe HTTP/1.1" 200 63
66.249.65.115 - - [30/Nov/2014:13:20:55 -0500] "GET /BLA/resoluciones/AUTOS%202011/6047.pdf HTTP/1.1" 304 -
190.26.187.219 - - [30/Nov/2014:13:21:07 -0500] "POST /forms/lservlet;jsessionid=ac16012b30d533aa0af39f8e4389b08a89a8e9251ddf.e3iSbxaKaheRe34Sa3yKbhiTahb0n6jAmljGr5XDqQLvpAe HTTP/1.1" 200 118
190.26.187.219 - - [30/Nov/2014:13:21:08 -0500] "POST /forms/lservlet;jsessionid=ac16012b30d533aa0af39f8e4389b08a89a8e9251ddf.e3iSbxaKaheRe34Sa3yKbhiTahb0n6jAmljGr5XDqQLvpAe HTTP/1.1" 200 94
190.26.187.219 - - [30/Nov/2014:13:21:10 -0500] "POST /forms/lservlet;jsessionid=ac16012b30d533aa0af39f8e4389b08a89a8e9251ddf.e3iSbxaKaheRe34Sa3yKbhiTahb0n6jAmljGr5XDqQLvpAe HTTP/1.1" 200 78
180.76.5.59 - - [30/Nov/2014:13:21:12 -0500] "GET /BLA/resoluciones/RESOLUCIONES%202008/0012.pdf HTTP/1.1" 200 419630
190.26.187.219 - - [30/Nov/2014:13:21:13 -0500] "POST /forms/lservlet;jsessionid=ac16012b30d533aa0af39f8e4389b08a89a8e9251ddf.e3iSbxaKaheRe34Sa3yKbhiTahb0n6jAmljGr5XDqQLvpAe HTTP/1.1" 200 2
190.26.187.219 - - [30/Nov/2014:13:21:13 -0500] "POST /forms/lservlet;jsessionid=ac16012b30d533aa0af39f8e4389b08a89a8e9251ddf.e3iSbxaKaheRe34Sa3yKbhiTahb0n6jAmljGr5XDqQLvpAe HTTP/1.1" 200 2284
190.26.187.219 - - [30/Nov/2014:13:21:14 -0500] "POST /forms/lservlet;jsessionid=ac16012b30d533aa0af39f8e4389b08a89a8e9251ddf.e3iSbxaKaheRe34Sa3yKbhiTahb0n6jAmljGr5XDqQLvpAe HTTP/1.1" 200 2
190.26.187.219 - - [30/Nov/2014:13:21:15 -0500] "POST /forms/lservlet;jsessionid=ac16012b30d533aa0af39f8e4389b08a89a8e9251ddf.e3iSbxaKaheRe34Sa3yKbhiTahb0n6jAmljGr5XDqQLvpAe HTTP/1.1" 200 89
66.249.65.115 - - [30/Nov/2014:13:21:23 -0500] "GET /BLA/resoluciones/RESOLUCIONES%202009/1333.pdf HTTP/1.1" 304 -
190.26.187.219 - - [30/Nov/2014:13:21:31 -0500] "POST /forms/lservlet;jsessionid=ac16012b30d533aa0af39f8e4389b08a89a8e9251ddf.e3iSbxaKaheRe34Sa3yKbhiTahb0n6jAmljGr5XDqQLvpAe HTTP/1.1" 200 2
190.26.187.219 - - [30/Nov/2014:13:21:36 -0500] "POST /forms/lservlet;jsessionid=ac16012b30d533aa0af39f8e4389b08a89a8e9251ddf.e3iSbxaKaheRe34Sa3yKbhiTahb0n6jAmljGr5XDqQLvpAe HTTP/1.1" 200 118
190.26.187.219 - - [30/Nov/2014:13:21:36 -0500] "POST /forms/lservlet;jsessionid=ac16012b30d533aa0af39f8e4389b08a89a8e9251ddf.e3iSbxaKaheRe34Sa3yKbhiTahb0n6jAmljGr5XDqQLvpAe HTTP/1.1" 200 94
190.26.187.219 - - [30/Nov/2014:13:21:38 -0500] "POST /forms/lservlet;jsessionid=ac16012b30d533aa0af39f8e4389b08a89a8e9251ddf.e3iSbxaKaheRe34Sa3yKbhiTahb0n6jAmljGr5XDqQLvpAe HTTP/1.1" 200 78
190.26.187.219 - - [30/Nov/2014:13:21:39 -0500] "POST /forms/lservlet;jsessionid=ac16012b30d533aa0af39f8e4389b08a89a8e9251ddf.e3iSbxaKaheRe34Sa3yKbhiTahb0n6jAmljGr5XDqQLvpAe HTTP/1.1" 200 2
190.26.187.219 - - [30/Nov/2014:13:21:39 -0500] "POST /forms/lservlet;jsessionid=ac16012b30d533aa0af39f8e4389b08a89a8e9251ddf.e3iSbxaKaheRe34Sa3yKbhiTahb0n6jAmljGr5XDqQLvpAe HTTP/1.1" 200 2695
190.26.187.219 - - [30/Nov/2014:13:21:40 -0500] "POST /forms/lservlet;jsessionid=ac16012b30d533aa0af39f8e4389b08a89a8e9251ddf.e3iSbxaKaheRe34Sa3yKbhiTahb0n6jAmljGr5XDqQLvpAe HTTP/1.1" 200 2
190.26.187.219 - - [30/Nov/2014:13:21:42 -0500] "POST /forms/lservlet;jsessionid=ac16012b30d533aa0af39f8e4389b08a89a8e9251ddf.e3iSbxaKaheRe34Sa3yKbhiTahb0n6jAmljGr5XDqQLvpAe HTTP/1.1" 200 216
190.26.187.219 - - [30/Nov/2014:13:21:42 -0500] "POST /forms/lservlet;jsessionid=ac16012b30d533aa0af39f8e4389b08a89a8e9251ddf.e3iSbxaKaheRe34Sa3yKbhiTahb0n6jAmljGr5XDqQLvpAe HTTP/1.1" 200 8
190.26.187.219 - - [30/Nov/2014:13:21:43 -0500] "POST /forms/lservlet;jsessionid=ac16012b30d533aa0af39f8e4389b08a89a8e9251ddf.e3iSbxaKaheRe34Sa3yKbhiTahb0n6jAmljGr5XDqQLvpAe HTTP/1.1" 200 2
190.26.187.219 - - [30/Nov/2014:13:21:43 -0500] "POST /forms/lservlet;jsessionid=ac16012b30d533aa0af39f8e4389b08a89a8e9251ddf.e3iSbxaKaheRe34Sa3yKbhiTahb0n6jAmljGr5XDqQLvpAe HTTP/1.1" 200 63
74.86.158.107 - - [30/Nov/2014:13:21:50 -0500] "HEAD / HTTP/1.1" 302 -
66.249.65.119 - - [30/Nov/2014:13:21:51 -0500] "GET /BLA/resoluciones/RESOLUCIONES%202008/4185.pdf HTTP/1.1" 304 -
188.165.15.41 - - [30/Nov/2014:13:21:54 -0500] "GET /BLA/resoluciones/RESOLUCIONES%202005/RES%202005%202601-2650/00002650.tif HTTP/1.1" 200 275438
180.76.5.171 - - [30/Nov/2014:13:21:59 -0500] "GET /BLA/resoluciones/RESOLUCIONES%202010/2293.pdf HTTP/1.1" 200 375970
190.26.187.219 - - [30/Nov/2014:13:22:04 -0500] "POST /forms/lservlet;jsessionid=ac16012b30d533aa0af39f8e4389b08a89a8e9251ddf.e3iSbxaKaheRe34Sa3yKbhiTahb0n6jAmljGr5XDqQLvpAe HTTP/1.1" 200 197
190.26.187.219 - - [30/Nov/2014:13:22:04 -0500] "POST /forms/lservlet;jsessionid=ac16012b30d533aa0af39f8e4389b08a89a8e9251ddf.e3iSbxaKaheRe34Sa3yKbhiTahb0n6jAmljGr5XDqQLvpAe HTTP/1.1" 200 8
190.26.187.219 - - [30/Nov/2014:13:22:04 -0500] "POST /forms/lservlet;jsessionid=ac16012b30d533aa0af39f8e4389b08a89a8e9251ddf.e3iSbxaKaheRe34Sa3yKbhiTahb0n6jAmljGr5XDqQLvpAe HTTP/1.1" 200 2
190.26.187.219 - - [30/Nov/2014:13:22:05 -0500] "POST /forms/lservlet;jsessionid=ac16012b30d533aa0af39f8e4389b08a89a8e9251ddf.e3iSbxaKaheRe34Sa3yKbhiTahb0n6jAmljGr5XDqQLvpAe HTTP/1.1" 200 63
190.26.187.219 - - [30/Nov/2014:13:22:19 -0500] "POST /forms/lservlet;jsessionid=ac16012b30d533aa0af39f8e4389b08a89a8e9251ddf.e3iSbxaKaheRe34Sa3yKbhiTahb0n6jAmljGr5XDqQLvpAe HTTP/1.1" 200 351
66.249.65.119 - - [30/Nov/2014:13:22:19 -0500] "GET /BLA/resoluciones/RESOLUCIONES%202011/4765.pdf HTTP/1.1" 200 521799
190.26.187.219 - - [30/Nov/2014:13:22:21 -0500] "POST /forms/lservlet;jsessionid=ac16012b30d533aa0af39f8e4389b08a89a8e9251ddf.e3iSbxaKaheRe34Sa3yKbhiTahb0n6jAmljGr5XDqQLvpAe HTTP/1.1" 200 198
190.26.187.219 - - [30/Nov/2014:13:22:22 -0500] "POST /forms/lservlet;jsessionid=ac16012b30d533aa0af39f8e4389b08a89a8e9251ddf.e3iSbxaKaheRe34Sa3yKbhiTahb0n6jAmljGr5XDqQLvpAe HTTP/1.1" 200 8
190.26.187.219 - - [30/Nov/2014:13:22:22 -0500] "POST /forms/lservlet;jsessionid=ac16012b30d533aa0af39f8e4389b08a89a8e9251ddf.e3iSbxaKaheRe34Sa3yKbhiTahb0n6jAmljGr5XDqQLvpAe HTTP/1.1" 200 2
190.26.187.219 - - [30/Nov/2014:13:22:22 -0500] "POST /forms/lservlet;jsessionid=ac16012b30d533aa0af39f8e4389b08a89a8e9251ddf.e3iSbxaKaheRe34Sa3yKbhiTahb0n6jAmljGr5XDqQLvpAe HTTP/1.1" 200 64
181.50.241.109 - - [30/Nov/2014:13:22:33 -0500] "POST /forms/lservlet;jsessionid=ac16012b30d5f682009d5f7842a48dd7955190f32559.e3iSbxaKaheRe34Sa3yKbhiTahb0n6jAmljGr5XDqQLvpAe HTTP/1.1" 200 2
188.165.15.110 - - [30/Nov/2014:13:22:38 -0500] "GET /BLA/resoluciones/RESOLUCIONES%202005/RES%202005%20%201701-1750/00001717.tif HTTP/1.1" 200 36366
188.165.15.23 - - [30/Nov/2014:13:22:38 -0500] "GET /BLA/resoluciones/RESOLUCIONES%202004/RES%202004%2051-100/00000083.tif HTTP/1.1" 200 34106
190.26.187.219 - - [30/Nov/2014:13:22:40 -0500] "POST /forms/lservlet;jsessionid=ac16012b30d533aa0af39f8e4389b08a89a8e9251ddf.e3iSbxaKaheRe34Sa3yKbhiTahb0n6jAmljGr5XDqQLvpAe HTTP/1.1" 200 119
190.26.187.219 - - [30/Nov/2014:13:22:42 -0500] "POST /forms/lservlet;jsessionid=ac16012b30d533aa0af39f8e4389b08a89a8e9251ddf.e3iSbxaKaheRe34Sa3yKbhiTahb0n6jAmljGr5XDqQLvpAe HTTP/1.1" 200 94
190.26.187.219 - - [30/Nov/2014:13:22:42 -0500] "POST /forms/lservlet;jsessionid=ac16012b30d533aa0af39f8e4389b08a89a8e9251ddf.e3iSbxaKaheRe34Sa3yKbhiTahb0n6jAmljGr5XDqQLvpAe HTTP/1.1" 200 78
190.26.187.219 - - [30/Nov/2014:13:22:44 -0500] "POST /forms/lservlet;jsessionid=ac16012b30d533aa0af39f8e4389b08a89a8e9251ddf.e3iSbxaKaheRe34Sa3yKbhiTahb0n6jAmljGr5XDqQLvpAe HTTP/1.1" 200 2
190.26.187.219 - - [30/Nov/2014:13:22:44 -0500] "POST /forms/lservlet;jsessionid=ac16012b30d533aa0af39f8e4389b08a89a8e9251ddf.e3iSbxaKaheRe34Sa3yKbhiTahb0n6jAmljGr5XDqQLvpAe HTTP/1.1" 200 2938
190.26.187.219 - - [30/Nov/2014:13:22:45 -0500] "POST /forms/lservlet;jsessionid=ac16012b30d533aa0af39f8e4389b08a89a8e9251ddf.e3iSbxaKaheRe34Sa3yKbhiTahb0n6jAmljGr5XDqQLvpAe HTTP/1.1" 200 2
66.249.65.119 - - [30/Nov/2014:13:22:48 -0500] "GET /BLA/resoluciones/RESOLUCIONES%202009/1705.pdf HTTP/1.1" 304 -
190.26.187.219 - - [30/Nov/2014:13:22:49 -0500] "POST /forms/lservlet;jsessionid=ac16012b30d533aa0af39f8e4389b08a89a8e9251ddf.e3iSbxaKaheRe34Sa3yKbhiTahb0n6jAmljGr5XDqQLvpAe HTTP/1.1" 200 2
190.26.187.219 - - [30/Nov/2014:13:22:49 -0500] "POST /forms/lservlet;jsessionid=ac16012b30d533aa0af39f8e4389b08a89a8e9251ddf.e3iSbxaKaheRe34Sa3yKbhiTahb0n6jAmljGr5XDqQLvpAe HTTP/1.1" 200 2917
190.26.187.219 - - [30/Nov/2014:13:22:50 -0500] "POST /forms/lservlet;jsessionid=ac16012b30d533aa0af39f8e4389b08a89a8e9251ddf.e3iSbxaKaheRe34Sa3yKbhiTahb0n6jAmljGr5XDqQLvpAe HTTP/1.1" 200 2
190.26.187.219 - - [30/Nov/2014:13:22:52 -0500] "POST /forms/lservlet;jsessionid=ac16012b30d533aa0af39f8e4389b08a89a8e9251ddf.e3iSbxaKaheRe34Sa3yKbhiTahb0n6jAmljGr5XDqQLvpAe HTTP/1.1" 200 101
66.249.65.119 - - [30/Nov/2014:13:22:54 -0500] "GET /BLA/resoluciones/Notificaciones/AUTOS%202014/1626.doc HTTP/1.1" 200 380928
190.26.187.219 - - [30/Nov/2014:13:23:10 -0500] "POST /forms/lservlet;jsessionid=ac16012b30d533aa0af39f8e4389b08a89a8e9251ddf.e3iSbxaKaheRe34Sa3yKbhiTahb0n6jAmljGr5XDqQLvpAe HTTP/1.1" 200 223
190.26.187.219 - - [30/Nov/2014:13:23:10 -0500] "POST /forms/lservlet;jsessionid=ac16012b30d533aa0af39f8e4389b08a89a8e9251ddf.e3iSbxaKaheRe34Sa3yKbhiTahb0n6jAmljGr5XDqQLvpAe HTTP/1.1" 200 8
190.26.187.219 - - [30/Nov/2014:13:23:10 -0500] "POST /forms/lservlet;jsessionid=ac16012b30d533aa0af39f8e4389b08a89a8e9251ddf.e3iSbxaKaheRe34Sa3yKbhiTahb0n6jAmljGr5XDqQLvpAe HTTP/1.1" 200 2
190.26.187.219 - - [30/Nov/2014:13:23:12 -0500] "POST /forms/lservlet;jsessionid=ac16012b30d533aa0af39f8e4389b08a89a8e9251ddf.e3iSbxaKaheRe34Sa3yKbhiTahb0n6jAmljGr5XDqQLvpAe HTTP/1.1" 200 63
190.158.1.210 - - [30/Nov/2014:13:23:13 -0500] "GET /galeria/nivo-slider/demo/demo.html HTTP/1.1" 304 -
190.158.1.210 - - [30/Nov/2014:13:23:13 -0500] "GET /galeria/nivo-slider/demo/images/festivalBasura0.jpg HTTP/1.1" 304 -
190.158.1.210 - - [30/Nov/2014:13:23:13 -0500] "GET /galeria/nivo-slider/demo/images/Banner-GAE3.jpg HTTP/1.1" 304 -
66.249.65.115 - - [30/Nov/2014:13:23:16 -0500] "GET /BLA/resoluciones/RESOLUCIONES%202010/1788.pdf HTTP/1.1" 304 -
190.26.187.219 - - [30/Nov/2014:13:23:23 -0500] "POST /forms/lservlet;jsessionid=ac16012b30d533aa0af39f8e4389b08a89a8e9251ddf.e3iSbxaKaheRe34Sa3yKbhiTahb0n6jAmljGr5XDqQLvpAe HTTP/1.1" 200 118
190.26.187.219 - - [30/Nov/2014:13:23:24 -0500] "POST /forms/lservlet;jsessionid=ac16012b30d533aa0af39f8e4389b08a89a8e9251ddf.e3iSbxaKaheRe34Sa3yKbhiTahb0n6jAmljGr5XDqQLvpAe HTTP/1.1" 200 94
190.26.187.219 - - [30/Nov/2014:13:23:26 -0500] "POST /forms/lservlet;jsessionid=ac16012b30d533aa0af39f8e4389b08a89a8e9251ddf.e3iSbxaKaheRe34Sa3yKbhiTahb0n6jAmljGr5XDqQLvpAe HTTP/1.1" 200 78
190.26.187.219 - - [30/Nov/2014:13:23:27 -0500] "POST /forms/lservlet;jsessionid=ac16012b30d533aa0af39f8e4389b08a89a8e9251ddf.e3iSbxaKaheRe34Sa3yKbhiTahb0n6jAmljGr5XDqQLvpAe HTTP/1.1" 200 2
190.26.187.219 - - [30/Nov/2014:13:23:27 -0500] "POST /forms/lservlet;jsessionid=ac16012b30d533aa0af39f8e4389b08a89a8e9251ddf.e3iSbxaKaheRe34Sa3yKbhiTahb0n6jAmljGr5XDqQLvpAe HTTP/1.1" 200 2847
190.26.187.219 - - [30/Nov/2014:13:23:27 -0500] "POST /forms/lservlet;jsessionid=ac16012b30d533aa0af39f8e4389b08a89a8e9251ddf.e3iSbxaKaheRe34Sa3yKbhiTahb0n6jAmljGr5XDqQLvpAe HTTP/1.1" 200 2
190.26.187.219 - - [30/Nov/2014:13:23:29 -0500] "POST /forms/lservlet;jsessionid=ac16012b30d533aa0af39f8e4389b08a89a8e9251ddf.e3iSbxaKaheRe34Sa3yKbhiTahb0n6jAmljGr5XDqQLvpAe HTTP/1.1" 200 89
190.26.187.219 - - [30/Nov/2014:13:23:31 -0500] "POST /forms/lservlet;jsessionid=ac16012b30d533aa0af39f8e4389b08a89a8e9251ddf.e3iSbxaKaheRe34Sa3yKbhiTahb0n6jAmljGr5XDqQLvpAe HTTP/1.1" 200 2
66.249.65.123 - - [30/Nov/2014:13:23:44 -0500] "GET /BLA/resoluciones/RESOLUCIONES%202007/RES%202007%20301%20AL%20400/RESOLUCION%200343%20DE%202007.pdf HTTP/1.1" 304 -
190.26.187.219 - - [30/Nov/2014:13:23:50 -0500] "POST /forms/lservlet;jsessionid=ac16012b30d533aa0af39f8e4389b08a89a8e9251ddf.e3iSbxaKaheRe34Sa3yKbhiTahb0n6jAmljGr5XDqQLvpAe HTTP/1.1" 200 118
190.26.187.219 - - [30/Nov/2014:13:23:51 -0500] "POST /forms/lservlet;jsessionid=ac16012b30d533aa0af39f8e4389b08a89a8e9251ddf.e3iSbxaKaheRe34Sa3yKbhiTahb0n6jAmljGr5XDqQLvpAe HTTP/1.1" 200 94
190.26.187.219 - - [30/Nov/2014:13:23:52 -0500] "POST /forms/lservlet;jsessionid=ac16012b30d533aa0af39f8e4389b08a89a8e9251ddf.e3iSbxaKaheRe34Sa3yKbhiTahb0n6jAmljGr5XDqQLvpAe HTTP/1.1" 200 78
190.26.187.219 - - [30/Nov/2014:13:23:53 -0500] "POST /forms/lservlet;jsessionid=ac16012b30d533aa0af39f8e4389b08a89a8e9251ddf.e3iSbxaKaheRe34Sa3yKbhiTahb0n6jAmljGr5XDqQLvpAe HTTP/1.1" 200 2
190.26.187.219 - - [30/Nov/2014:13:23:53 -0500] "POST /forms/lservlet;jsessionid=ac16012b30d533aa0af39f8e4389b08a89a8e9251ddf.e3iSbxaKaheRe34Sa3yKbhiTahb0n6jAmljGr5XDqQLvpAe HTTP/1.1" 200 3392
190.26.187.219 - - [30/Nov/2014:13:23:54 -0500] "POST /forms/lservlet;jsessionid=ac16012b30d533aa0af39f8e4389b08a89a8e9251ddf.e3iSbxaKaheRe34Sa3yKbhiTahb0n6jAmljGr5XDqQLvpAe HTTP/1.1" 200 2
190.26.187.219 - - [30/Nov/2014:13:23:56 -0500] "POST /forms/lservlet;jsessionid=ac16012b30d533aa0af39f8e4389b08a89a8e9251ddf.e3iSbxaKaheRe34Sa3yKbhiTahb0n6jAmljGr5XDqQLvpAe HTTP/1.1" 200 2
190.26.187.219 - - [30/Nov/2014:13:23:56 -0500] "POST /forms/lservlet;jsessionid=ac16012b30d533aa0af39f8e4389b08a89a8e9251ddf.e3iSbxaKaheRe34Sa3yKbhiTahb0n6jAmljGr5XDqQLvpAe HTTP/1.1" 200 3115
190.26.187.219 - - [30/Nov/2014:13:23:57 -0500] "POST /forms/lservlet;jsessionid=ac16012b30d533aa0af39f8e4389b08a89a8e9251ddf.e3iSbxaKaheRe34Sa3yKbhiTahb0n6jAmljGr5XDqQLvpAe HTTP/1.1" 200 2
190.26.187.219 - - [30/Nov/2014:13:24:00 -0500] "POST /forms/lservlet;jsessionid=ac16012b30d533aa0af39f8e4389b08a89a8e9251ddf.e3iSbxaKaheRe34Sa3yKbhiTahb0n6jAmljGr5XDqQLvpAe HTTP/1.1" 200 135
190.26.187.219 - - [30/Nov/2014:13:24:00 -0500] "POST /forms/lservlet;jsessionid=ac16012b30d533aa0af39f8e4389b08a89a8e9251ddf.e3iSbxaKaheRe34Sa3yKbhiTahb0n6jAmljGr5XDqQLvpAe HTTP/1.1" 200 8
190.26.187.219 - - [30/Nov/2014:13:24:00 -0500] "POST /forms/lservlet;jsessionid=ac16012b30d533aa0af39f8e4389b08a89a8e9251ddf.e3iSbxaKaheRe34Sa3yKbhiTahb0n6jAmljGr5XDqQLvpAe HTTP/1.1" 200 2
190.26.187.219 - - [30/Nov/2014:13:24:02 -0500] "POST /forms/lservlet;jsessionid=ac16012b30d533aa0af39f8e4389b08a89a8e9251ddf.e3iSbxaKaheRe34Sa3yKbhiTahb0n6jAmljGr5XDqQLvpAe HTTP/1.1" 200 63
46.24.192.62 - - [30/Nov/2014:13:24:02 -0500] "GET /BLA/resoluciones/RESOLUCIONES%202012/0974.pdf HTTP/1.1" 200 1491889
46.24.192.62 - - [30/Nov/2014:13:24:03 -0500] "GET /BLA/resoluciones/RESOLUCIONES%202012/0974.pdf HTTP/1.1" 206 32768
46.24.192.62 - - [30/Nov/2014:13:24:04 -0500] "GET /BLA/resoluciones/RESOLUCIONES%202012/0974.pdf HTTP/1.1" 206 1459121
66.249.65.119 - - [30/Nov/2014:13:24:12 -0500] "GET /BLA/resoluciones/AUTOS%202013/0948.pdf HTTP/1.1" 304 -
190.26.187.219 - - [30/Nov/2014:13:24:20 -0500] "POST /forms/lservlet;jsessionid=ac16012b30d533aa0af39f8e4389b08a89a8e9251ddf.e3iSbxaKaheRe34Sa3yKbhiTahb0n6jAmljGr5XDqQLvpAe HTTP/1.1" 200 217
190.26.187.219 - - [30/Nov/2014:13:24:20 -0500] "POST /forms/lservlet;jsessionid=ac16012b30d533aa0af39f8e4389b08a89a8e9251ddf.e3iSbxaKaheRe34Sa3yKbhiTahb0n6jAmljGr5XDqQLvpAe HTTP/1.1" 200 8
190.26.187.219 - - [30/Nov/2014:13:24:20 -0500] "POST /forms/lservlet;jsessionid=ac16012b30d533aa0af39f8e4389b08a89a8e9251ddf.e3iSbxaKaheRe34Sa3yKbhiTahb0n6jAmljGr5XDqQLvpAe HTTP/1.1" 200 2
190.26.187.219 - - [30/Nov/2014:13:24:21 -0500] "POST /forms/lservlet;jsessionid=ac16012b30d533aa0af39f8e4389b08a89a8e9251ddf.e3iSbxaKaheRe34Sa3yKbhiTahb0n6jAmljGr5XDqQLvpAe HTTP/1.1" 200 63
46.24.192.62 - - [30/Nov/2014:13:24:21 -0500] "GET /favicon.ico HTTP/1.1" 200 7782
190.26.187.219 - - [30/Nov/2014:13:24:32 -0500] "POST /forms/lservlet;jsessionid=ac16012b30d533aa0af39f8e4389b08a89a8e9251ddf.e3iSbxaKaheRe34Sa3yKbhiTahb0n6jAmljGr5XDqQLvpAe HTTP/1.1" 200 216
190.26.187.219 - - [30/Nov/2014:13:24:32 -0500] "POST /forms/lservlet;jsessionid=ac16012b30d533aa0af39f8e4389b08a89a8e9251ddf.e3iSbxaKaheRe34Sa3yKbhiTahb0n6jAmljGr5XDqQLvpAe HTTP/1.1" 200 8
190.26.187.219 - - [30/Nov/2014:13:24:32 -0500] "POST /forms/lservlet;jsessionid=ac16012b30d533aa0af39f8e4389b08a89a8e9251ddf.e3iSbxaKaheRe34Sa3yKbhiTahb0n6jAmljGr5XDqQLvpAe HTTP/1.1" 200 2
181.50.241.109 - - [30/Nov/2014:13:24:33 -0500] "POST /forms/lservlet;jsessionid=ac16012b30d5f682009d5f7842a48dd7955190f32559.e3iSbxaKaheRe34Sa3yKbhiTahb0n6jAmljGr5XDqQLvpAe HTTP/1.1" 200 2
190.26.187.219 - - [30/Nov/2014:13:24:33 -0500] "POST /forms/lservlet;jsessionid=ac16012b30d533aa0af39f8e4389b08a89a8e9251ddf.e3iSbxaKaheRe34Sa3yKbhiTahb0n6jAmljGr5XDqQLvpAe HTTP/1.1" 200 63
