181.130.122.140 - - [30/Nov/2014:15:55:44 -0500] "GET /galeria/nivo-slider/demo/images/bannerEcolecta3.jpg HTTP/1.1" 200 280034
181.130.122.140 - - [30/Nov/2014:15:55:44 -0500] "GET /galeria/nivo-slider/demo/scripts/jquery-1.7.1.min.js HTTP/1.1" 200 93868
181.130.122.140 - - [30/Nov/2014:15:55:45 -0500] "GET /galeria/nivo-slider/jquery.nivo.slider.pack.js HTTP/1.1" 200 11561
181.130.122.140 - - [30/Nov/2014:15:55:46 -0500] "GET /galeria/nivo-slider/demo/images/4Simple_Slider.png HTTP/1.1" 200 11722
181.130.122.140 - - [30/Nov/2014:15:55:46 -0500] "GET /galeria/nivo-slider/themes/default/loading.gif HTTP/1.1" 200 1737
181.130.122.140 - - [30/Nov/2014:15:55:46 -0500] "GET /galeria/nivo-slider/themes/default/arrows.png HTTP/1.1" 200 824
181.130.122.140 - - [30/Nov/2014:15:55:46 -0500] "GET /galeria/nivo-slider/themes/default/bullets.png HTTP/1.1" 200 1281
220.181.108.177 - - [30/Nov/2014:15:56:05 -0500] "GET /BLA/boletinlegal/js/jquery.js HTTP/1.1" 200 57254
190.26.187.219 - - [30/Nov/2014:15:56:09 -0500] "POST /forms/lservlet;jsessionid=ac16012b30d533aa0af39f8e4389b08a89a8e9251ddf.e3iSbxaKaheRe34Sa3yKbhiTahb0n6jAmljGr5XDqQLvpAe HTTP/1.1" 200 2
220.181.108.181 - - [30/Nov/2014:15:56:11 -0500] "GET /BLA/boletinlegal/js/jquery.scrollTo-min.js HTTP/1.1" 200 1150
220.181.108.161 - - [30/Nov/2014:15:56:12 -0500] "GET /BLA/boletinlegal/js/jquery.scrollShow.js HTTP/1.1" 200 4586
190.157.101.44 - - [30/Nov/2014:15:56:15 -0500] "GET /BLA/boletinlegal/js/jquery.js HTTP/1.1" 200 57254
190.157.101.44 - - [30/Nov/2014:15:56:15 -0500] "GET /BLA/boletinlegal/js/jquery.scrollTo-min.js HTTP/1.1" 200 1150
190.157.101.44 - - [30/Nov/2014:15:56:15 -0500] "GET /BLA/boletinlegal/js/jquery.scrollShow.js HTTP/1.1" 200 4586
66.249.65.115 - - [30/Nov/2014:15:56:19 -0500] "GET /BLA/resoluciones/AUTOS%202011/0235.pdf HTTP/1.1" 200 152483
181.130.200.211 - - [30/Nov/2014:15:56:21 -0500] "GET /galeria/carrusel/Carrusel/jquery.thumbnailScroller.css HTTP/1.1" 200 2066
181.130.200.211 - - [30/Nov/2014:15:56:21 -0500] "GET /BLA/boletinlegal/js/jquery.scrollTo-min.js HTTP/1.1" 200 1150
181.130.200.211 - - [30/Nov/2014:15:56:21 -0500] "GET /BLA/boletinlegal/js/jquery.scrollShow.js HTTP/1.1" 200 4586
181.130.200.211 - - [30/Nov/2014:15:56:21 -0500] "GET /BLA/boletinlegal/js/jquery.js HTTP/1.1" 200 57254
181.130.200.211 - - [30/Nov/2014:15:56:21 -0500] "GET /galeria/carrusel/Carrusel/jquery.thumbnailScroller.js HTTP/1.1" 200 8157
181.130.200.211 - - [30/Nov/2014:15:56:21 -0500] "GET /galeria/carrusel/Carrusel/jquery-ui-1.8.13.custom.min.js HTTP/1.1" 200 10800
181.130.200.211 - - [30/Nov/2014:15:56:23 -0500] "GET /galeria/nivo-slider/demo/demo.html HTTP/1.1" 200 3458
181.130.200.211 - - [30/Nov/2014:15:56:26 -0500] "GET /galeria/nivo-slider/themes/default/default.css HTTP/1.1" 200 1569
181.130.200.211 - - [30/Nov/2014:15:56:26 -0500] "GET /galeria/nivo-slider/nivo-slider.css HTTP/1.1" 200 1507
181.130.200.211 - - [30/Nov/2014:15:56:26 -0500] "GET /galeria/nivo-slider/themes/orman/orman.css HTTP/1.1" 200 2152
181.130.200.211 - - [30/Nov/2014:15:56:26 -0500] "GET /galeria/nivo-slider/themes/pascal/pascal.css HTTP/1.1" 200 2258
181.130.200.211 - - [30/Nov/2014:15:56:26 -0500] "GET /galeria/nivo-slider/demo/images/Banner-GAE3.jpg HTTP/1.1" 200 146354
181.130.200.211 - - [30/Nov/2014:15:56:26 -0500] "GET /galeria/nivo-slider/demo/style.css HTTP/1.1" 200 2222
181.130.200.211 - - [30/Nov/2014:15:56:26 -0500] "GET /galeria/nivo-slider/demo/images/festivalBasura0.jpg HTTP/1.1" 200 96780
181.130.200.211 - - [30/Nov/2014:15:56:26 -0500] "GET /galeria/nivo-slider/demo/images/Banner-comparendo.jpg HTTP/1.1" 200 388762
181.130.200.211 - - [30/Nov/2014:15:56:26 -0500] "GET /galeria/nivo-slider/demo/images/banner-pygaai.jpg HTTP/1.1" 200 82693
181.130.200.211 - - [30/Nov/2014:15:56:26 -0500] "GET /galeria/nivo-slider/demo/images/Biotaxis-Man.jpg HTTP/1.1" 200 99362
181.130.200.211 - - [30/Nov/2014:15:56:26 -0500] "GET /galeria/nivo-slider/demo/images/porloshumedales.jpg HTTP/1.1" 200 351238
181.130.200.211 - - [30/Nov/2014:15:56:26 -0500] "GET /galeria/nivo-slider/demo/scripts/jquery-1.7.1.min.js HTTP/1.1" 200 93868
181.130.200.211 - - [30/Nov/2014:15:56:26 -0500] "GET /galeria/nivo-slider/jquery.nivo.slider.pack.js HTTP/1.1" 200 11561
181.130.200.211 - - [30/Nov/2014:15:56:27 -0500] "GET /galeria/nivo-slider/demo/images/4Simple_Slider.png HTTP/1.1" 200 11722
181.130.200.211 - - [30/Nov/2014:15:56:27 -0500] "GET /galeria/nivo-slider/themes/default/loading.gif HTTP/1.1" 200 1737
181.130.200.211 - - [30/Nov/2014:15:56:27 -0500] "GET /galeria/nivo-slider/demo/images/Tingua-azul.jpg HTTP/1.1" 200 307638
181.130.200.211 - - [30/Nov/2014:15:56:27 -0500] "GET /galeria/nivo-slider/demo/images/Banner-Caracol-Africano.jpg HTTP/1.1" 200 331986
181.130.200.211 - - [30/Nov/2014:15:56:27 -0500] "GET /galeria/nivo-slider/demo/images/banner-redes.jpg HTTP/1.1" 200 62209
181.130.200.211 - - [30/Nov/2014:15:56:27 -0500] "GET /galeria/nivo-slider/demo/images/9Signos.jpg HTTP/1.1" 200 93040
181.130.200.211 - - [30/Nov/2014:15:56:28 -0500] "GET /galeria/nivo-slider/demo/images/banner-caballos.png HTTP/1.1" 200 389106
181.130.200.211 - - [30/Nov/2014:15:56:29 -0500] "GET /galeria/nivo-slider/demo/images/Hacienda_Molinos.jpg HTTP/1.1" 200 319171
181.130.200.211 - - [30/Nov/2014:15:56:29 -0500] "GET /galeria/nivo-slider/demo/images/bannerEcolecta3.jpg HTTP/1.1" 200 280034
181.130.200.211 - - [30/Nov/2014:15:56:33 -0500] "GET /galeria/nivo-slider/themes/default/arrows.png HTTP/1.1" 200 824
181.130.200.211 - - [30/Nov/2014:15:56:33 -0500] "GET /galeria/nivo-slider/themes/default/bullets.png HTTP/1.1" 200 1281
181.130.200.211 - - [30/Nov/2014:15:56:33 -0500] "GET /videos/Spot_CambioClimatico.flv HTTP/1.1" 200 4371917
181.50.241.109 - - [30/Nov/2014:15:56:36 -0500] "POST /forms/lservlet;jsessionid=ac16012b30d5f682009d5f7842a48dd7955190f32559.e3iSbxaKaheRe34Sa3yKbhiTahb0n6jAmljGr5XDqQLvpAe HTTP/1.1" 200 2
74.86.158.107 - - [30/Nov/2014:15:56:50 -0500] "HEAD / HTTP/1.1" 302 -
201.245.192.253 - - [30/Nov/2014:15:56:56 -0500] "GET /plugins/like.php?href=http%3A%2F%2Fwww.facebook.com%2FRojadirecta&layout=standard&show_faces=false&locale=es_ES&width=450&action=like&colorscheme=light&height=18 HTTP/1.1" 404 1256
201.245.192.253 - - [30/Nov/2014:15:56:56 -0500] "GET /plugins/like.php?href=http%3A%2F%2Fwww.facebook.com%2FRojadirecta&layout=standard&show_faces=false&locale=en_US&width=450&action=like&colorscheme=light&height=18 HTTP/1.1" 404 1256
201.245.192.253 - - [30/Nov/2014:15:56:57 -0500] "GET /plugins/likebox.php?href=http%3A%2F%2Fwww.facebook.com%2Frojadirecta&width=325&colorscheme=light&show_faces=true&header=false&height=176 HTTP/1.1" 404 1256
66.249.65.123 - - [30/Nov/2014:15:56:57 -0500] "GET /BLA/resoluciones/RESOLUCIONES%202011/5392.pdf HTTP/1.1" 200 404408
190.26.187.219 - - [30/Nov/2014:15:57:03 -0500] "POST /forms/lservlet;jsessionid=ac16012b30d533aa0af39f8e4389b08a89a8e9251ddf.e3iSbxaKaheRe34Sa3yKbhiTahb0n6jAmljGr5XDqQLvpAe HTTP/1.1" 200 2
190.26.187.219 - - [30/Nov/2014:15:57:03 -0500] "POST /forms/lservlet;jsessionid=ac16012b30d533aa0af39f8e4389b08a89a8e9251ddf.e3iSbxaKaheRe34Sa3yKbhiTahb0n6jAmljGr5XDqQLvpAe HTTP/1.1" 200 2287
190.26.187.219 - - [30/Nov/2014:15:57:04 -0500] "POST /forms/lservlet;jsessionid=ac16012b30d533aa0af39f8e4389b08a89a8e9251ddf.e3iSbxaKaheRe34Sa3yKbhiTahb0n6jAmljGr5XDqQLvpAe HTTP/1.1" 200 2
190.26.187.219 - - [30/Nov/2014:15:57:06 -0500] "POST /forms/lservlet;jsessionid=ac16012b30d533aa0af39f8e4389b08a89a8e9251ddf.e3iSbxaKaheRe34Sa3yKbhiTahb0n6jAmljGr5XDqQLvpAe HTTP/1.1" 200 2
190.26.187.219 - - [30/Nov/2014:15:57:06 -0500] "POST /forms/lservlet;jsessionid=ac16012b30d533aa0af39f8e4389b08a89a8e9251ddf.e3iSbxaKaheRe34Sa3yKbhiTahb0n6jAmljGr5XDqQLvpAe HTTP/1.1" 200 112
190.26.187.219 - - [30/Nov/2014:15:57:07 -0500] "POST /forms/lservlet;jsessionid=ac16012b30d533aa0af39f8e4389b08a89a8e9251ddf.e3iSbxaKaheRe34Sa3yKbhiTahb0n6jAmljGr5XDqQLvpAe HTTP/1.1" 200 2
190.26.187.219 - - [30/Nov/2014:15:57:07 -0500] "GET /reports/rwservlet/getjobid335633?server=rep_srvapsda HTTP/1.1" 200 58809
186.154.95.55 - - [30/Nov/2014:15:57:15 -0500] "GET /BLA/boletinlegal/js/jquery.js HTTP/1.1" 200 57254
186.154.95.55 - - [30/Nov/2014:15:57:15 -0500] "GET /BLA/boletinlegal/js/jquery.scrollTo-min.js HTTP/1.1" 200 1150
186.154.95.55 - - [30/Nov/2014:15:57:15 -0500] "GET /BLA/boletinlegal/js/jquery.scrollShow.js HTTP/1.1" 200 4586
186.154.95.55 - - [30/Nov/2014:15:57:15 -0500] "GET /galeria/carrusel/Carrusel/jquery.thumbnailScroller.css HTTP/1.1" 200 2066
186.154.95.55 - - [30/Nov/2014:15:57:15 -0500] "GET /galeria/carrusel/Carrusel/jquery-ui-1.8.13.custom.min.js HTTP/1.1" 200 10800
186.154.95.55 - - [30/Nov/2014:15:57:15 -0500] "GET /galeria/carrusel/Carrusel/jquery.thumbnailScroller.js HTTP/1.1" 200 8157
66.249.65.123 - - [30/Nov/2014:15:57:19 -0500] "GET /BLA/resoluciones/RESOLUCIONES%202007/RES%202007%202501%20AL%202600/RESOLUCION%202581%20DE%202007.pdf HTTP/1.1" 304 -
186.154.95.55 - - [30/Nov/2014:15:57:22 -0500] "GET /galeria/nivo-slider/demo/demo.html HTTP/1.1" 200 3458
186.154.95.55 - - [30/Nov/2014:15:57:22 -0500] "GET /galeria/nivo-slider/themes/default/default.css HTTP/1.1" 200 1569
186.154.95.55 - - [30/Nov/2014:15:57:22 -0500] "GET /galeria/nivo-slider/themes/pascal/pascal.css HTTP/1.1" 200 2258
186.154.95.55 - - [30/Nov/2014:15:57:22 -0500] "GET /galeria/nivo-slider/themes/orman/orman.css HTTP/1.1" 200 2152
186.154.95.55 - - [30/Nov/2014:15:57:22 -0500] "GET /galeria/nivo-slider/nivo-slider.css HTTP/1.1" 200 1507
186.154.95.55 - - [30/Nov/2014:15:57:22 -0500] "GET /galeria/nivo-slider/demo/style.css HTTP/1.1" 200 2222
186.154.95.55 - - [30/Nov/2014:15:57:22 -0500] "GET /galeria/nivo-slider/demo/images/Banner-GAE3.jpg HTTP/1.1" 200 146354
186.154.95.55 - - [30/Nov/2014:15:57:22 -0500] "GET /galeria/nivo-slider/demo/images/festivalBasura0.jpg HTTP/1.1" 200 96780
186.154.95.55 - - [30/Nov/2014:15:57:22 -0500] "GET /galeria/nivo-slider/demo/images/Banner-comparendo.jpg HTTP/1.1" 200 388762
186.154.95.55 - - [30/Nov/2014:15:57:22 -0500] "GET /galeria/nivo-slider/demo/images/banner-pygaai.jpg HTTP/1.1" 200 82693
186.154.95.55 - - [30/Nov/2014:15:57:22 -0500] "GET /galeria/nivo-slider/demo/images/Biotaxis-Man.jpg HTTP/1.1" 200 99362
186.154.95.55 - - [30/Nov/2014:15:57:22 -0500] "GET /galeria/nivo-slider/demo/images/porloshumedales.jpg HTTP/1.1" 200 351238
186.154.95.55 - - [30/Nov/2014:15:57:25 -0500] "GET /galeria/nivo-slider/demo/images/4Simple_Slider.png HTTP/1.1" 200 11722
186.154.95.55 - - [30/Nov/2014:15:57:26 -0500] "GET /galeria/nivo-slider/themes/default/loading.gif HTTP/1.1" 200 1737
186.154.95.55 - - [30/Nov/2014:15:57:26 -0500] "GET /galeria/nivo-slider/demo/images/Tingua-azul.jpg HTTP/1.1" 200 307638
186.154.95.55 - - [30/Nov/2014:15:57:26 -0500] "GET /galeria/nivo-slider/demo/images/Banner-Caracol-Africano.jpg HTTP/1.1" 200 331986
186.154.95.55 - - [30/Nov/2014:15:57:26 -0500] "GET /galeria/nivo-slider/demo/images/banner-redes.jpg HTTP/1.1" 200 62209
186.154.95.55 - - [30/Nov/2014:15:57:27 -0500] "GET /galeria/nivo-slider/demo/images/9Signos.jpg HTTP/1.1" 200 93040
186.154.95.55 - - [30/Nov/2014:15:57:28 -0500] "GET /galeria/nivo-slider/demo/images/banner-caballos.png HTTP/1.1" 200 389106
186.154.95.55 - - [30/Nov/2014:15:57:31 -0500] "GET /galeria/nivo-slider/demo/images/Hacienda_Molinos.jpg HTTP/1.1" 200 319171
186.154.95.55 - - [30/Nov/2014:15:57:34 -0500] "GET /galeria/nivo-slider/demo/scripts/jquery-1.7.1.min.js HTTP/1.1" 200 93868
186.154.95.55 - - [30/Nov/2014:15:57:35 -0500] "GET /galeria/nivo-slider/demo/images/bannerEcolecta3.jpg HTTP/1.1" 200 280034
186.154.95.55 - - [30/Nov/2014:15:57:37 -0500] "GET /galeria/nivo-slider/demo/scripts/jquery-1.7.1.min.js HTTP/1.1" 206 1
186.154.95.55 - - [30/Nov/2014:15:57:37 -0500] "GET /galeria/nivo-slider/jquery.nivo.slider.pack.js HTTP/1.1" 200 11561
186.154.95.55 - - [30/Nov/2014:15:57:37 -0500] "GET /galeria/nivo-slider/demo/images/Banner-comparendo.jpg HTTP/1.1" 206 1
186.154.95.55 - - [30/Nov/2014:15:57:37 -0500] "GET /galeria/nivo-slider/demo/images/porloshumedales.jpg HTTP/1.1" 206 1
186.154.95.55 - - [30/Nov/2014:15:57:37 -0500] "GET /galeria/nivo-slider/demo/images/Tingua-azul.jpg HTTP/1.1" 206 1
186.154.95.55 - - [30/Nov/2014:15:57:37 -0500] "GET /galeria/nivo-slider/demo/scripts/jquery-1.7.1.min.js HTTP/1.1" 206 85754
186.154.95.55 - - [30/Nov/2014:15:57:37 -0500] "GET /galeria/nivo-slider/demo/images/Hacienda_Molinos.jpg HTTP/1.1" 206 1
186.154.95.55 - - [30/Nov/2014:15:57:37 -0500] "GET /galeria/nivo-slider/demo/images/Tingua-azul.jpg HTTP/1.1" 206 152512
186.154.95.55 - - [30/Nov/2014:15:57:37 -0500] "GET /galeria/nivo-slider/demo/images/Banner-comparendo.jpg HTTP/1.1" 206 197236
186.154.95.55 - - [30/Nov/2014:15:57:37 -0500] "GET /galeria/nivo-slider/demo/images/porloshumedales.jpg HTTP/1.1" 206 89712
186.154.95.55 - - [30/Nov/2014:15:57:37 -0500] "GET /galeria/nivo-slider/demo/images/bannerEcolecta3.jpg HTTP/1.1" 200 280034
186.154.95.55 - - [30/Nov/2014:15:57:37 -0500] "GET /galeria/nivo-slider/demo/images/Hacienda_Molinos.jpg HTTP/1.1" 206 53445
190.26.187.219 - - [30/Nov/2014:15:57:37 -0500] "POST /forms/lservlet;jsessionid=ac16012b30d533aa0af39f8e4389b08a89a8e9251ddf.e3iSbxaKaheRe34Sa3yKbhiTahb0n6jAmljGr5XDqQLvpAe HTTP/1.1" 200 2
190.26.187.219 - - [30/Nov/2014:15:57:37 -0500] "POST /forms/lservlet;jsessionid=ac16012b30d533aa0af39f8e4389b08a89a8e9251ddf.e3iSbxaKaheRe34Sa3yKbhiTahb0n6jAmljGr5XDqQLvpAe HTTP/1.1" 200 2800
190.26.187.219 - - [30/Nov/2014:15:57:38 -0500] "POST /forms/lservlet;jsessionid=ac16012b30d533aa0af39f8e4389b08a89a8e9251ddf.e3iSbxaKaheRe34Sa3yKbhiTahb0n6jAmljGr5XDqQLvpAe HTTP/1.1" 200 2
190.26.187.219 - - [30/Nov/2014:15:57:41 -0500] "POST /forms/lservlet;jsessionid=ac16012b30d533aa0af39f8e4389b08a89a8e9251ddf.e3iSbxaKaheRe34Sa3yKbhiTahb0n6jAmljGr5XDqQLvpAe HTTP/1.1" 200 2
190.26.187.219 - - [30/Nov/2014:15:57:41 -0500] "POST /forms/lservlet;jsessionid=ac16012b30d533aa0af39f8e4389b08a89a8e9251ddf.e3iSbxaKaheRe34Sa3yKbhiTahb0n6jAmljGr5XDqQLvpAe HTTP/1.1" 200 3096
190.26.187.219 - - [30/Nov/2014:15:57:42 -0500] "POST /forms/lservlet;jsessionid=ac16012b30d533aa0af39f8e4389b08a89a8e9251ddf.e3iSbxaKaheRe34Sa3yKbhiTahb0n6jAmljGr5XDqQLvpAe HTTP/1.1" 200 2
186.154.95.55 - - [30/Nov/2014:15:57:44 -0500] "GET /galeria/nivo-slider/themes/default/bullets.png HTTP/1.1" 200 1281
186.154.95.55 - - [30/Nov/2014:15:57:44 -0500] "GET /galeria/nivo-slider/themes/default/arrows.png HTTP/1.1" 200 824
190.26.187.219 - - [30/Nov/2014:15:57:44 -0500] "POST /forms/lservlet;jsessionid=ac16012b30d533aa0af39f8e4389b08a89a8e9251ddf.e3iSbxaKaheRe34Sa3yKbhiTahb0n6jAmljGr5XDqQLvpAe HTTP/1.1" 200 120
190.26.187.219 - - [30/Nov/2014:15:57:46 -0500] "POST /forms/lservlet;jsessionid=ac16012b30d533aa0af39f8e4389b08a89a8e9251ddf.e3iSbxaKaheRe34Sa3yKbhiTahb0n6jAmljGr5XDqQLvpAe HTTP/1.1" 200 220
190.26.187.219 - - [30/Nov/2014:15:57:47 -0500] "POST /forms/lservlet;jsessionid=ac16012b30d533aa0af39f8e4389b08a89a8e9251ddf.e3iSbxaKaheRe34Sa3yKbhiTahb0n6jAmljGr5XDqQLvpAe HTTP/1.1" 200 8
190.26.187.219 - - [30/Nov/2014:15:57:47 -0500] "POST /forms/lservlet;jsessionid=ac16012b30d533aa0af39f8e4389b08a89a8e9251ddf.e3iSbxaKaheRe34Sa3yKbhiTahb0n6jAmljGr5XDqQLvpAe HTTP/1.1" 200 2
186.154.95.55 - - [30/Nov/2014:15:57:47 -0500] "GET /videos/Spot_CambioClimatico.flv HTTP/1.1" 200 4371917
190.26.187.219 - - [30/Nov/2014:15:57:47 -0500] "POST /forms/lservlet;jsessionid=ac16012b30d533aa0af39f8e4389b08a89a8e9251ddf.e3iSbxaKaheRe34Sa3yKbhiTahb0n6jAmljGr5XDqQLvpAe HTTP/1.1" 200 63
190.26.187.219 - - [30/Nov/2014:15:57:50 -0500] "POST /forms/lservlet;jsessionid=ac16012b30d533aa0af39f8e4389b08a89a8e9251ddf.e3iSbxaKaheRe34Sa3yKbhiTahb0n6jAmljGr5XDqQLvpAe HTTP/1.1" 200 118
190.26.187.219 - - [30/Nov/2014:15:57:51 -0500] "POST /forms/lservlet;jsessionid=ac16012b30d533aa0af39f8e4389b08a89a8e9251ddf.e3iSbxaKaheRe34Sa3yKbhiTahb0n6jAmljGr5XDqQLvpAe HTTP/1.1" 200 176
190.26.187.219 - - [30/Nov/2014:15:57:52 -0500] "POST /forms/lservlet;jsessionid=ac16012b30d533aa0af39f8e4389b08a89a8e9251ddf.e3iSbxaKaheRe34Sa3yKbhiTahb0n6jAmljGr5XDqQLvpAe HTTP/1.1" 200 98
190.26.187.219 - - [30/Nov/2014:15:57:53 -0500] "POST /forms/lservlet;jsessionid=ac16012b30d533aa0af39f8e4389b08a89a8e9251ddf.e3iSbxaKaheRe34Sa3yKbhiTahb0n6jAmljGr5XDqQLvpAe HTTP/1.1" 200 2
190.26.187.219 - - [30/Nov/2014:15:57:53 -0500] "POST /forms/lservlet;jsessionid=ac16012b30d533aa0af39f8e4389b08a89a8e9251ddf.e3iSbxaKaheRe34Sa3yKbhiTahb0n6jAmljGr5XDqQLvpAe HTTP/1.1" 200 3405
190.26.187.219 - - [30/Nov/2014:15:57:54 -0500] "POST /forms/lservlet;jsessionid=ac16012b30d533aa0af39f8e4389b08a89a8e9251ddf.e3iSbxaKaheRe34Sa3yKbhiTahb0n6jAmljGr5XDqQLvpAe HTTP/1.1" 200 2
190.26.187.219 - - [30/Nov/2014:15:57:56 -0500] "POST /forms/lservlet;jsessionid=ac16012b30d533aa0af39f8e4389b08a89a8e9251ddf.e3iSbxaKaheRe34Sa3yKbhiTahb0n6jAmljGr5XDqQLvpAe HTTP/1.1" 200 101
190.26.187.219 - - [30/Nov/2014:15:58:09 -0500] "POST /forms/lservlet;jsessionid=ac16012b30d533aa0af39f8e4389b08a89a8e9251ddf.e3iSbxaKaheRe34Sa3yKbhiTahb0n6jAmljGr5XDqQLvpAe HTTP/1.1" 200 2
190.26.187.219 - - [30/Nov/2014:15:58:13 -0500] "POST /forms/lservlet;jsessionid=ac16012b30d533aa0af39f8e4389b08a89a8e9251ddf.e3iSbxaKaheRe34Sa3yKbhiTahb0n6jAmljGr5XDqQLvpAe HTTP/1.1" 200 224
190.26.187.219 - - [30/Nov/2014:15:58:13 -0500] "POST /forms/lservlet;jsessionid=ac16012b30d533aa0af39f8e4389b08a89a8e9251ddf.e3iSbxaKaheRe34Sa3yKbhiTahb0n6jAmljGr5XDqQLvpAe HTTP/1.1" 200 8
190.26.187.219 - - [30/Nov/2014:15:58:13 -0500] "POST /forms/lservlet;jsessionid=ac16012b30d533aa0af39f8e4389b08a89a8e9251ddf.e3iSbxaKaheRe34Sa3yKbhiTahb0n6jAmljGr5XDqQLvpAe HTTP/1.1" 200 2
190.26.187.219 - - [30/Nov/2014:15:58:14 -0500] "POST /forms/lservlet;jsessionid=ac16012b30d533aa0af39f8e4389b08a89a8e9251ddf.e3iSbxaKaheRe34Sa3yKbhiTahb0n6jAmljGr5XDqQLvpAe HTTP/1.1" 200 63
188.165.15.61 - - [30/Nov/2014:15:58:15 -0500] "GET /BLA/resoluciones/RESOLUCIONES%202004/RES%202004%201851-1900/00001858.tif HTTP/1.1" 200 150214
66.249.65.115 - - [30/Nov/2014:15:58:20 -0500] "GET /BLA/resoluciones/RESOLUCIONES%202007/RES%202007%204001%20AL%204100/RESOLUCION%204070%20DE%202007.pdf HTTP/1.1" 304 -
66.249.65.123 - - [30/Nov/2014:15:58:21 -0500] "GET /BLA/resoluciones/RESOLUCIONES%202013/0166.pdf HTTP/1.1" 304 -
180.76.6.131 - - [30/Nov/2014:15:58:22 -0500] "GET /BLA/resoluciones/AUTOS%202007/1503.pdf HTTP/1.1" 200 98555
190.26.187.219 - - [30/Nov/2014:15:58:27 -0500] "POST /forms/lservlet;jsessionid=ac16012b30d533aa0af39f8e4389b08a89a8e9251ddf.e3iSbxaKaheRe34Sa3yKbhiTahb0n6jAmljGr5XDqQLvpAe HTTP/1.1" 200 2
190.26.187.219 - - [30/Nov/2014:15:58:27 -0500] "POST /forms/lservlet;jsessionid=ac16012b30d533aa0af39f8e4389b08a89a8e9251ddf.e3iSbxaKaheRe34Sa3yKbhiTahb0n6jAmljGr5XDqQLvpAe HTTP/1.1" 200 114
190.26.187.219 - - [30/Nov/2014:15:58:27 -0500] "POST /forms/lservlet;jsessionid=ac16012b30d533aa0af39f8e4389b08a89a8e9251ddf.e3iSbxaKaheRe34Sa3yKbhiTahb0n6jAmljGr5XDqQLvpAe HTTP/1.1" 200 12
190.26.187.219 - - [30/Nov/2014:15:58:27 -0500] "GET /reports/rwservlet/getjobid335634?server=rep_srvapsda HTTP/1.1" 200 65451
181.50.241.109 - - [30/Nov/2014:15:58:36 -0500] "POST /forms/lservlet;jsessionid=ac16012b30d5f682009d5f7842a48dd7955190f32559.e3iSbxaKaheRe34Sa3yKbhiTahb0n6jAmljGr5XDqQLvpAe HTTP/1.1" 200 2
66.249.65.123 - - [30/Nov/2014:15:58:41 -0500] "GET /php/ProyectosInversion/Componente%20de%20gestion%20Jun-2011.pdf HTTP/1.1" 404 1018
180.76.6.131 - - [30/Nov/2014:15:59:09 -0500] "GET /BLA/resoluciones/AUTOS%202011/5944.pdf HTTP/1.1" 200 194223
66.249.65.119 - - [30/Nov/2014:15:59:20 -0500] "GET /BLA/resoluciones/RESOLUCIONES%202013/0122.pdf HTTP/1.1" 304 -
181.60.174.159 - - [30/Nov/2014:15:59:39 -0500] "GET /BLA/boletinlegal/js/jquery.js HTTP/1.1" 200 57254
181.60.174.159 - - [30/Nov/2014:15:59:39 -0500] "GET /BLA/boletinlegal/js/jquery.scrollTo-min.js HTTP/1.1" 200 1150
181.60.174.159 - - [30/Nov/2014:15:59:39 -0500] "GET /BLA/boletinlegal/js/jquery.scrollShow.js HTTP/1.1" 200 4586
190.248.155.187 - - [30/Nov/2014:15:59:42 -0500] "GET /BLA/boletinlegal/js/jquery.js HTTP/1.1" 200 57254
190.248.155.187 - - [30/Nov/2014:15:59:42 -0500] "GET /BLA/boletinlegal/js/jquery.scrollTo-min.js HTTP/1.1" 200 1150
190.248.155.187 - - [30/Nov/2014:15:59:42 -0500] "GET /BLA/boletinlegal/js/jquery.scrollShow.js HTTP/1.1" 200 4586
190.248.155.187 - - [30/Nov/2014:15:59:42 -0500] "GET /galeria/carrusel/Carrusel/jquery.thumbnailScroller.css HTTP/1.1" 200 2066
190.248.155.187 - - [30/Nov/2014:15:59:43 -0500] "GET /galeria/carrusel/Carrusel/jquery.thumbnailScroller.js HTTP/1.1" 200 8157
190.248.155.187 - - [30/Nov/2014:15:59:43 -0500] "GET /galeria/carrusel/Carrusel/jquery-ui-1.8.13.custom.min.js HTTP/1.1" 200 10800
190.248.155.187 - - [30/Nov/2014:15:59:44 -0500] "GET /galeria/nivo-slider/demo/demo.html HTTP/1.1" 200 3458
190.248.155.187 - - [30/Nov/2014:15:59:45 -0500] "GET /galeria/nivo-slider/themes/default/default.css HTTP/1.1" 200 1569
190.248.155.187 - - [30/Nov/2014:15:59:45 -0500] "GET /galeria/nivo-slider/themes/pascal/pascal.css HTTP/1.1" 200 2258
190.248.155.187 - - [30/Nov/2014:15:59:45 -0500] "GET /galeria/nivo-slider/themes/orman/orman.css HTTP/1.1" 200 2152
190.248.155.187 - - [30/Nov/2014:15:59:45 -0500] "GET /galeria/nivo-slider/demo/style.css HTTP/1.1" 200 2222
190.248.155.187 - - [30/Nov/2014:15:59:45 -0500] "GET /galeria/nivo-slider/nivo-slider.css HTTP/1.1" 200 1507
188.165.15.78 - - [30/Nov/2014:15:59:45 -0500] "GET /BLA/resoluciones/RESOLUCIONES%202002/RES%202002%20651-700/00000679.tif HTTP/1.1" 200 49162
190.248.155.187 - - [30/Nov/2014:15:59:46 -0500] "GET /galeria/nivo-slider/demo/images/Banner-GAE3.jpg HTTP/1.1" 200 146354
190.248.155.187 - - [30/Nov/2014:15:59:46 -0500] "GET /galeria/nivo-slider/demo/images/festivalBasura0.jpg HTTP/1.1" 200 96780
190.248.155.187 - - [30/Nov/2014:15:59:46 -0500] "GET /galeria/nivo-slider/demo/images/Banner-comparendo.jpg HTTP/1.1" 200 388762
190.248.155.187 - - [30/Nov/2014:15:59:46 -0500] "GET /galeria/nivo-slider/demo/images/Biotaxis-Man.jpg HTTP/1.1" 200 99362
190.248.155.187 - - [30/Nov/2014:15:59:46 -0500] "GET /galeria/nivo-slider/demo/images/banner-pygaai.jpg HTTP/1.1" 200 82693
190.248.155.187 - - [30/Nov/2014:15:59:46 -0500] "GET /galeria/nivo-slider/demo/images/porloshumedales.jpg HTTP/1.1" 200 351238
190.248.155.187 - - [30/Nov/2014:15:59:46 -0500] "GET /galeria/nivo-slider/demo/images/Tingua-azul.jpg HTTP/1.1" 200 307638
190.248.155.187 - - [30/Nov/2014:15:59:46 -0500] "GET /galeria/nivo-slider/demo/images/Banner-Caracol-Africano.jpg HTTP/1.1" 200 331986
190.248.155.187 - - [30/Nov/2014:15:59:46 -0500] "GET /galeria/nivo-slider/demo/scripts/jquery-1.7.1.min.js HTTP/1.1" 200 93868
190.248.155.187 - - [30/Nov/2014:15:59:47 -0500] "GET /galeria/nivo-slider/jquery.nivo.slider.pack.js HTTP/1.1" 200 11561
190.248.155.187 - - [30/Nov/2014:15:59:47 -0500] "GET /galeria/nivo-slider/demo/images/banner-redes.jpg HTTP/1.1" 200 62209
190.248.155.187 - - [30/Nov/2014:15:59:47 -0500] "GET /galeria/nivo-slider/demo/images/9Signos.jpg HTTP/1.1" 200 93040
190.248.155.187 - - [30/Nov/2014:15:59:47 -0500] "GET /galeria/nivo-slider/demo/images/banner-caballos.png HTTP/1.1" 200 389106
190.248.155.187 - - [30/Nov/2014:15:59:47 -0500] "GET /galeria/nivo-slider/demo/images/Hacienda_Molinos.jpg HTTP/1.1" 200 319171
190.248.155.187 - - [30/Nov/2014:15:59:47 -0500] "GET /galeria/nivo-slider/demo/images/bannerEcolecta3.jpg HTTP/1.1" 200 280034
190.248.155.187 - - [30/Nov/2014:15:59:47 -0500] "GET /galeria/nivo-slider/demo/images/4Simple_Slider.png HTTP/1.1" 200 11722
190.248.155.187 - - [30/Nov/2014:15:59:47 -0500] "GET /galeria/nivo-slider/themes/default/loading.gif HTTP/1.1" 200 1737
190.248.155.187 - - [30/Nov/2014:15:59:50 -0500] "GET /galeria/nivo-slider/themes/default/arrows.png HTTP/1.1" 200 824
190.248.155.187 - - [30/Nov/2014:15:59:50 -0500] "GET /galeria/nivo-slider/themes/default/bullets.png HTTP/1.1" 200 1281
190.248.155.187 - - [30/Nov/2014:15:59:50 -0500] "GET /videos/Spot_CambioClimatico.flv HTTP/1.1" 200 4371917
190.26.187.219 - - [30/Nov/2014:16:00:09 -0500] "POST /forms/lservlet;jsessionid=ac16012b30d533aa0af39f8e4389b08a89a8e9251ddf.e3iSbxaKaheRe34Sa3yKbhiTahb0n6jAmljGr5XDqQLvpAe HTTP/1.1" 200 2
200.118.162.228 - - [30/Nov/2014:16:00:14 -0500] "GET /crossdomain.xml HTTP/1.1" 404 1280
200.118.162.228 - - [30/Nov/2014:16:00:14 -0500] "GET /arcgis/services/Calidad_del_Agua_WQI/MapServer/WMSServer?WIDTH=1366&LAYERS=3%2C4%2C5%2C6%2C7&BBOX=%2D74%2E48104758730096%2C4%2E374845330358818%2C%2D73%2E66846165380991%2C4%2E771620453081017&HEIGHT=667&VERSION=1%2E1%2E1&SERVICE=WMS&FORMAT=image%2Fpng&SRS=EPSG%3A4686&REQUEST=GetMap&TRANSPARENT=TRUE&STYLES= HTTP/1.1" 200 8877
66.249.65.123 - - [30/Nov/2014:16:00:19 -0500] "GET /BLA/resoluciones/AUTOS%202014/1929.pdf HTTP/1.1" 200 2465512
66.249.65.123 - - [30/Nov/2014:16:00:23 -0500] "GET /BLA/resoluciones/RESOLUCIONES%202007/RES%202007%202701%20AL%202800/RESOLUCION%202715%20DE%202007.pdf HTTP/1.1" 304 -
181.50.241.109 - - [30/Nov/2014:16:00:36 -0500] "POST /forms/lservlet;jsessionid=ac16012b30d5f682009d5f7842a48dd7955190f32559.e3iSbxaKaheRe34Sa3yKbhiTahb0n6jAmljGr5XDqQLvpAe HTTP/1.1" 200 2
181.54.229.125 - - [30/Nov/2014:16:00:47 -0500] "GET /isolucionsda/IdentificaUsuario.asp?Pagina1=FrameSetGeneral.asp& HTTP/1.1" 200 1250
181.54.229.125 - - [30/Nov/2014:16:00:47 -0500] "GET /favicon.ico HTTP/1.1" 200 7782
181.54.229.125 - - [30/Nov/2014:16:00:51 -0500] "GET /isolucionsda/IdentificaUsuario.asp?Pagina1=FrameSetGeneral.asp& HTTP/1.1" 200 1250
190.84.217.172 - - [30/Nov/2014:16:01:10 -0500] "GET /BLA/boletinlegal/js/jquery.scrollShow.js HTTP/1.1" 200 4586
190.84.217.172 - - [30/Nov/2014:16:01:10 -0500] "GET /BLA/boletinlegal/js/jquery.scrollTo-min.js HTTP/1.1" 200 1150
190.84.217.172 - - [30/Nov/2014:16:01:10 -0500] "GET /BLA/boletinlegal/js/jquery.js HTTP/1.1" 200 57254
190.26.187.219 - - [30/Nov/2014:16:01:19 -0500] "POST /forms/lservlet;jsessionid=ac16012b30d533aa0af39f8e4389b08a89a8e9251ddf.e3iSbxaKaheRe34Sa3yKbhiTahb0n6jAmljGr5XDqQLvpAe HTTP/1.1" 200 123
190.26.187.219 - - [30/Nov/2014:16:01:21 -0500] "POST /forms/lservlet;jsessionid=ac16012b30d533aa0af39f8e4389b08a89a8e9251ddf.e3iSbxaKaheRe34Sa3yKbhiTahb0n6jAmljGr5XDqQLvpAe HTTP/1.1" 200 94
66.249.65.115 - - [30/Nov/2014:16:01:21 -0500] "GET /BLA/resoluciones/AUTOS%202013/1346.pdf HTTP/1.1" 200 719884
190.26.187.219 - - [30/Nov/2014:16:01:22 -0500] "POST /forms/lservlet;jsessionid=ac16012b30d533aa0af39f8e4389b08a89a8e9251ddf.e3iSbxaKaheRe34Sa3yKbhiTahb0n6jAmljGr5XDqQLvpAe HTTP/1.1" 200 78
190.156.194.161 - - [30/Nov/2014:16:01:23 -0500] "GET /BLA/boletinlegal/js/jquery.js HTTP/1.1" 200 57254
190.156.194.161 - - [30/Nov/2014:16:01:23 -0500] "GET /BLA/boletinlegal/js/jquery.scrollShow.js HTTP/1.1" 200 4586
190.156.194.161 - - [30/Nov/2014:16:01:23 -0500] "GET /BLA/boletinlegal/js/jquery.scrollTo-min.js HTTP/1.1" 200 1150
190.27.255.176 - - [30/Nov/2014:16:01:30 -0500] "GET /BLA/boletinlegal/js/jquery.js HTTP/1.1" 200 57254
190.27.255.176 - - [30/Nov/2014:16:01:30 -0500] "GET /BLA/boletinlegal/js/jquery.scrollTo-min.js HTTP/1.1" 200 1150
190.27.255.176 - - [30/Nov/2014:16:01:30 -0500] "GET /BLA/boletinlegal/js/jquery.scrollShow.js HTTP/1.1" 200 4586
186.120.102.253 - - [30/Nov/2014:16:01:31 -0500] "GET /BLA/boletinlegal/js/jquery.scrollTo-min.js HTTP/1.1" 200 1150
186.120.102.253 - - [30/Nov/2014:16:01:31 -0500] "GET /BLA/boletinlegal/js/jquery.js HTTP/1.1" 200 57254
186.120.102.253 - - [30/Nov/2014:16:01:31 -0500] "GET /BLA/boletinlegal/js/jquery.scrollShow.js HTTP/1.1" 200 4586
65.128.97.56 - - [30/Nov/2014:16:01:48 -0500] "GET /BLA/resoluciones/RESOLUCIONES%202009/0770.pdf HTTP/1.1" 200 478378
74.86.158.107 - - [30/Nov/2014:16:01:50 -0500] "HEAD / HTTP/1.1" 302 -
190.9.192.184 - - [30/Nov/2014:16:01:50 -0500] "GET /BLA/boletinlegal/js/jquery.js HTTP/1.1" 200 57254
190.9.192.184 - - [30/Nov/2014:16:01:50 -0500] "GET /BLA/boletinlegal/js/jquery.scrollTo-min.js HTTP/1.1" 200 1150
190.9.192.184 - - [30/Nov/2014:16:01:50 -0500] "GET /BLA/boletinlegal/js/jquery.scrollShow.js HTTP/1.1" 200 4586
190.26.187.219 - - [30/Nov/2014:16:01:54 -0500] "POST /forms/lservlet;jsessionid=ac16012b30d533aa0af39f8e4389b08a89a8e9251ddf.e3iSbxaKaheRe34Sa3yKbhiTahb0n6jAmljGr5XDqQLvpAe HTTP/1.1" 200 2
190.26.187.219 - - [30/Nov/2014:16:01:54 -0500] "POST /forms/lservlet;jsessionid=ac16012b30d533aa0af39f8e4389b08a89a8e9251ddf.e3iSbxaKaheRe34Sa3yKbhiTahb0n6jAmljGr5XDqQLvpAe HTTP/1.1" 200 14
190.26.187.219 - - [30/Nov/2014:16:01:55 -0500] "POST /forms/lservlet;jsessionid=ac16012b30d533aa0af39f8e4389b08a89a8e9251ddf.e3iSbxaKaheRe34Sa3yKbhiTahb0n6jAmljGr5XDqQLvpAe HTTP/1.1" 200 112
190.26.187.219 - - [30/Nov/2014:16:01:56 -0500] "POST /forms/lservlet;jsessionid=ac16012b30d533aa0af39f8e4389b08a89a8e9251ddf.e3iSbxaKaheRe34Sa3yKbhiTahb0n6jAmljGr5XDqQLvpAe HTTP/1.1" 200 2
190.26.187.219 - - [30/Nov/2014:16:01:56 -0500] "GET /reports/rwservlet/getjobid335635?server=rep_srvapsda HTTP/1.1" 200 47741
201.245.192.253 - - [30/Nov/2014:16:01:58 -0500] "GET /plugins/like.php?href=http%3A%2F%2Fwww.facebook.com%2FRojadirecta&layout=standard&show_faces=false&locale=es_ES&width=450&action=like&colorscheme=light&height=18 HTTP/1.1" 404 1256
201.245.192.253 - - [30/Nov/2014:16:01:58 -0500] "GET /plugins/like.php?href=http%3A%2F%2Fwww.facebook.com%2FRojadirecta&layout=standard&show_faces=false&locale=en_US&width=450&action=like&colorscheme=light&height=18 HTTP/1.1" 404 1256
201.245.192.253 - - [30/Nov/2014:16:01:58 -0500] "GET /plugins/likebox.php?href=http%3A%2F%2Fwww.facebook.com%2Frojadirecta&width=325&colorscheme=light&show_faces=true&header=false&height=176 HTTP/1.1" 404 1256
190.26.187.219 - - [30/Nov/2014:16:02:07 -0500] "POST /forms/lservlet;jsessionid=ac16012b30d533aa0af39f8e4389b08a89a8e9251ddf.e3iSbxaKaheRe34Sa3yKbhiTahb0n6jAmljGr5XDqQLvpAe HTTP/1.1" 200 2
190.26.187.219 - - [30/Nov/2014:16:02:08 -0500] "POST /forms/lservlet;jsessionid=ac16012b30d533aa0af39f8e4389b08a89a8e9251ddf.e3iSbxaKaheRe34Sa3yKbhiTahb0n6jAmljGr5XDqQLvpAe HTTP/1.1" 200 14
190.26.187.219 - - [30/Nov/2014:16:02:09 -0500] "POST /forms/lservlet;jsessionid=ac16012b30d533aa0af39f8e4389b08a89a8e9251ddf.e3iSbxaKaheRe34Sa3yKbhiTahb0n6jAmljGr5XDqQLvpAe HTTP/1.1" 200 14
190.26.187.219 - - [30/Nov/2014:16:02:10 -0500] "POST /forms/lservlet;jsessionid=ac16012b30d533aa0af39f8e4389b08a89a8e9251ddf.e3iSbxaKaheRe34Sa3yKbhiTahb0n6jAmljGr5XDqQLvpAe HTTP/1.1" 200 14
190.26.187.219 - - [30/Nov/2014:16:02:11 -0500] "POST /forms/lservlet;jsessionid=ac16012b30d533aa0af39f8e4389b08a89a8e9251ddf.e3iSbxaKaheRe34Sa3yKbhiTahb0n6jAmljGr5XDqQLvpAe HTTP/1.1" 200 14
190.26.187.219 - - [30/Nov/2014:16:02:13 -0500] "POST /forms/lservlet;jsessionid=ac16012b30d533aa0af39f8e4389b08a89a8e9251ddf.e3iSbxaKaheRe34Sa3yKbhiTahb0n6jAmljGr5XDqQLvpAe HTTP/1.1" 200 116
190.26.187.219 - - [30/Nov/2014:16:02:14 -0500] "POST /forms/lservlet;jsessionid=ac16012b30d533aa0af39f8e4389b08a89a8e9251ddf.e3iSbxaKaheRe34Sa3yKbhiTahb0n6jAmljGr5XDqQLvpAe HTTP/1.1" 200 2
66.249.65.119 - - [30/Nov/2014:16:02:22 -0500] "GET /BLA/resoluciones/RESOLUCIONES%202013/0136.pdf HTTP/1.1" 304 -
190.26.187.219 - - [30/Nov/2014:16:02:14 -0500] "GET /reports/rwservlet/getjobid335636?server=rep_srvapsda HTTP/1.1" 200 6000584
188.165.15.41 - - [30/Nov/2014:16:02:35 -0500] "GET /BLA/resoluciones/RESOLUCIONES%202001/2001%201100-1149.TIF HTTP/1.1" 200 9665192
181.50.241.109 - - [30/Nov/2014:16:02:36 -0500] "POST /forms/lservlet;jsessionid=ac16012b30d5f682009d5f7842a48dd7955190f32559.e3iSbxaKaheRe34Sa3yKbhiTahb0n6jAmljGr5XDqQLvpAe HTTP/1.1" 200 2
181.54.229.125 - - [30/Nov/2014:16:02:49 -0500] "GET /isolucionsda/bancoconocimiento/M/MANUALDELSISTEMAINTEGRADODEGESTION_v8/MANUALDELSISTEMAINTEGRADODEGESTION_v8.asp?IdArticulo=6012 HTTP/1.1" 200 146
188.165.15.61 - - [30/Nov/2014:16:02:50 -0500] "GET /BLA/resoluciones/RESOLUCIONES%202006/RES%202006%202651-2700/00002662.tif HTTP/1.1" 200 351296
181.54.229.125 - - [30/Nov/2014:16:02:54 -0500] "GET /isolucionsda/bancoconocimiento/M/MANUALDELSISTEMAINTEGRADODEGESTION_v8/MANUALDELSISTEMAINTEGRADODEGESTION_v8.asp?IdArticulo=6012 HTTP/1.1" 200 146
66.249.65.119 - - [30/Nov/2014:16:03:22 -0500] "GET /BLA/resoluciones/AUTOS%202011/6342.pdf HTTP/1.1" 200 228421
201.209.104.99 - - [30/Nov/2014:16:03:36 -0500] "GET /BLA/boletinlegal/js/jquery.js HTTP/1.1" 200 57254
201.209.104.99 - - [30/Nov/2014:16:03:36 -0500] "GET /BLA/boletinlegal/js/jquery.scrollTo-min.js HTTP/1.1" 200 1150
201.209.104.99 - - [30/Nov/2014:16:03:36 -0500] "GET /BLA/boletinlegal/js/jquery.scrollShow.js HTTP/1.1" 200 4586
180.76.5.64 - - [30/Nov/2014:16:03:39 -0500] "GET /BLA/resoluciones/RESOLUCIONES%202008/1051.pdf HTTP/1.1" 200 405256
66.249.65.123 - - [30/Nov/2014:16:03:41 -0500] "GET /BLA/resoluciones/RESOLUCIONES%202009/2870.pdf HTTP/1.1" 200 401481
190.26.187.219 - - [30/Nov/2014:16:04:09 -0500] "POST /forms/lservlet;jsessionid=ac16012b30d533aa0af39f8e4389b08a89a8e9251ddf.e3iSbxaKaheRe34Sa3yKbhiTahb0n6jAmljGr5XDqQLvpAe HTTP/1.1" 200 2
187.147.208.39 - - [30/Nov/2014:16:04:15 -0500] "GET /BLA/boletinlegal/js/jquery.js HTTP/1.1" 200 57254
187.147.208.39 - - [30/Nov/2014:16:04:15 -0500] "GET /BLA/boletinlegal/js/jquery.scrollTo-min.js HTTP/1.1" 200 1150
187.147.208.39 - - [30/Nov/2014:16:04:15 -0500] "GET /BLA/boletinlegal/js/jquery.scrollShow.js HTTP/1.1" 200 4586
66.249.65.123 - - [30/Nov/2014:16:04:23 -0500] "GET /BLA/resoluciones/RESOLUCIONES%202011/0448.pdf HTTP/1.1" 200 370919
190.26.187.219 - - [30/Nov/2014:16:04:36 -0500] "POST /forms/lservlet;jsessionid=ac16012b30d533aa0af39f8e4389b08a89a8e9251ddf.e3iSbxaKaheRe34Sa3yKbhiTahb0n6jAmljGr5XDqQLvpAe HTTP/1.1" 200 2
181.50.241.109 - - [30/Nov/2014:16:04:36 -0500] "POST /forms/lservlet;jsessionid=ac16012b30d5f682009d5f7842a48dd7955190f32559.e3iSbxaKaheRe34Sa3yKbhiTahb0n6jAmljGr5XDqQLvpAe HTTP/1.1" 200 2
190.26.187.219 - - [30/Nov/2014:16:04:36 -0500] "POST /forms/lservlet;jsessionid=ac16012b30d533aa0af39f8e4389b08a89a8e9251ddf.e3iSbxaKaheRe34Sa3yKbhiTahb0n6jAmljGr5XDqQLvpAe HTTP/1.1" 200 2909
190.26.187.219 - - [30/Nov/2014:16:04:37 -0500] "POST /forms/lservlet;jsessionid=ac16012b30d533aa0af39f8e4389b08a89a8e9251ddf.e3iSbxaKaheRe34Sa3yKbhiTahb0n6jAmljGr5XDqQLvpAe HTTP/1.1" 200 2
190.26.187.219 - - [30/Nov/2014:16:04:38 -0500] "POST /forms/lservlet;jsessionid=ac16012b30d533aa0af39f8e4389b08a89a8e9251ddf.e3iSbxaKaheRe34Sa3yKbhiTahb0n6jAmljGr5XDqQLvpAe HTTP/1.1" 200 89
188.165.15.23 - - [30/Nov/2014:16:04:39 -0500] "GET /BLA/resoluciones/RESOLUCIONES%202003/RES%202003%201301-1350/20031330.tif HTTP/1.1" 200 121522
188.165.15.152 - - [30/Nov/2014:16:04:58 -0500] "GET /BLA/resoluciones/RESOLUCIONES%202005/RES%202005%20151-200/00000163.tif HTTP/1.1" 200 43870
187.147.208.39 - - [30/Nov/2014:16:04:21 -0500] "GET /videos/CRRFFS.mp4 HTTP/1.1" 200 286784363
190.26.187.219 - - [30/Nov/2014:16:05:14 -0500] "POST /forms/lservlet;jsessionid=ac16012b30d533aa0af39f8e4389b08a89a8e9251ddf.e3iSbxaKaheRe34Sa3yKbhiTahb0n6jAmljGr5XDqQLvpAe HTTP/1.1" 200 118
190.26.187.219 - - [30/Nov/2014:16:05:16 -0500] "POST /forms/lservlet;jsessionid=ac16012b30d533aa0af39f8e4389b08a89a8e9251ddf.e3iSbxaKaheRe34Sa3yKbhiTahb0n6jAmljGr5XDqQLvpAe HTTP/1.1" 200 94
66.249.65.123 - - [30/Nov/2014:16:05:23 -0500] "GET /BLA/resoluciones/AUTOS%202014/1678.pdf HTTP/1.1" 200 1110321
181.58.25.231 - - [30/Nov/2014:16:05:34 -0500] "GET /BLA/boletinlegal/js/jquery.js HTTP/1.1" 200 57254
181.58.25.231 - - [30/Nov/2014:16:05:34 -0500] "GET /BLA/boletinlegal/js/jquery.scrollTo-min.js HTTP/1.1" 200 1150
181.58.25.231 - - [30/Nov/2014:16:05:34 -0500] "GET /BLA/boletinlegal/js/jquery.scrollShow.js HTTP/1.1" 200 4586
187.188.72.17 - - [30/Nov/2014:16:05:43 -0500] "GET /BLA/boletinlegal/js/jquery.js HTTP/1.1" 200 57254
187.188.72.17 - - [30/Nov/2014:16:05:43 -0500] "GET /BLA/boletinlegal/js/jquery.scrollTo-min.js HTTP/1.1" 200 1150
187.188.72.17 - - [30/Nov/2014:16:05:43 -0500] "GET /BLA/boletinlegal/js/jquery.scrollShow.js HTTP/1.1" 200 4586
50.97.161.229 - - [30/Nov/2014:16:05:49 -0500] "GET / HTTP/1.1" 302 -
190.26.187.219 - - [30/Nov/2014:16:05:55 -0500] "POST /forms/lservlet;jsessionid=ac16012b30d533aa0af39f8e4389b08a89a8e9251ddf.e3iSbxaKaheRe34Sa3yKbhiTahb0n6jAmljGr5XDqQLvpAe HTTP/1.1" 200 78
190.26.187.219 - - [30/Nov/2014:16:05:56 -0500] "POST /forms/lservlet;jsessionid=ac16012b30d533aa0af39f8e4389b08a89a8e9251ddf.e3iSbxaKaheRe34Sa3yKbhiTahb0n6jAmljGr5XDqQLvpAe HTTP/1.1" 200 2
190.26.187.219 - - [30/Nov/2014:16:05:56 -0500] "POST /forms/lservlet;jsessionid=ac16012b30d533aa0af39f8e4389b08a89a8e9251ddf.e3iSbxaKaheRe34Sa3yKbhiTahb0n6jAmljGr5XDqQLvpAe HTTP/1.1" 200 2815
190.26.187.219 - - [30/Nov/2014:16:05:57 -0500] "POST /forms/lservlet;jsessionid=ac16012b30d533aa0af39f8e4389b08a89a8e9251ddf.e3iSbxaKaheRe34Sa3yKbhiTahb0n6jAmljGr5XDqQLvpAe HTTP/1.1" 200 2
190.26.187.219 - - [30/Nov/2014:16:06:00 -0500] "POST /forms/lservlet;jsessionid=ac16012b30d533aa0af39f8e4389b08a89a8e9251ddf.e3iSbxaKaheRe34Sa3yKbhiTahb0n6jAmljGr5XDqQLvpAe HTTP/1.1" 200 2
190.26.187.219 - - [30/Nov/2014:16:06:00 -0500] "POST /forms/lservlet;jsessionid=ac16012b30d533aa0af39f8e4389b08a89a8e9251ddf.e3iSbxaKaheRe34Sa3yKbhiTahb0n6jAmljGr5XDqQLvpAe HTTP/1.1" 200 3090
190.26.187.219 - - [30/Nov/2014:16:06:01 -0500] "POST /forms/lservlet;jsessionid=ac16012b30d533aa0af39f8e4389b08a89a8e9251ddf.e3iSbxaKaheRe34Sa3yKbhiTahb0n6jAmljGr5XDqQLvpAe HTTP/1.1" 200 2
190.26.187.219 - - [30/Nov/2014:16:06:05 -0500] "POST /forms/lservlet;jsessionid=ac16012b30d533aa0af39f8e4389b08a89a8e9251ddf.e3iSbxaKaheRe34Sa3yKbhiTahb0n6jAmljGr5XDqQLvpAe HTTP/1.1" 200 2
190.26.187.219 - - [30/Nov/2014:16:06:05 -0500] "POST /forms/lservlet;jsessionid=ac16012b30d533aa0af39f8e4389b08a89a8e9251ddf.e3iSbxaKaheRe34Sa3yKbhiTahb0n6jAmljGr5XDqQLvpAe HTTP/1.1" 200 131
190.26.187.219 - - [30/Nov/2014:16:06:06 -0500] "POST /forms/lservlet;jsessionid=ac16012b30d533aa0af39f8e4389b08a89a8e9251ddf.e3iSbxaKaheRe34Sa3yKbhiTahb0n6jAmljGr5XDqQLvpAe HTTP/1.1" 200 2
190.26.187.219 - - [30/Nov/2014:16:06:06 -0500] "GET /reports/rwservlet/getjobid335637?server=rep_srvapsda HTTP/1.1" 200 63317
190.26.187.219 - - [30/Nov/2014:16:06:09 -0500] "POST /forms/lservlet;jsessionid=ac16012b30d533aa0af39f8e4389b08a89a8e9251ddf.e3iSbxaKaheRe34Sa3yKbhiTahb0n6jAmljGr5XDqQLvpAe HTTP/1.1" 200 2
190.26.187.219 - - [30/Nov/2014:16:06:20 -0500] "POST /forms/lservlet;jsessionid=ac16012b30d533aa0af39f8e4389b08a89a8e9251ddf.e3iSbxaKaheRe34Sa3yKbhiTahb0n6jAmljGr5XDqQLvpAe HTTP/1.1" 200 2
190.26.187.219 - - [30/Nov/2014:16:06:20 -0500] "POST /forms/lservlet;jsessionid=ac16012b30d533aa0af39f8e4389b08a89a8e9251ddf.e3iSbxaKaheRe34Sa3yKbhiTahb0n6jAmljGr5XDqQLvpAe HTTP/1.1" 200 2721
190.26.187.219 - - [30/Nov/2014:16:06:21 -0500] "POST /forms/lservlet;jsessionid=ac16012b30d533aa0af39f8e4389b08a89a8e9251ddf.e3iSbxaKaheRe34Sa3yKbhiTahb0n6jAmljGr5XDqQLvpAe HTTP/1.1" 200 2
66.249.65.123 - - [30/Nov/2014:16:06:24 -0500] "GET /BLA/resoluciones/RESOLUCIONES%202010/0498.pdf HTTP/1.1" 200 120030
189.132.1.109 - - [30/Nov/2014:16:06:26 -0500] "GET /BLA/boletinlegal/js/jquery.js HTTP/1.1" 200 57254
189.132.1.109 - - [30/Nov/2014:16:06:26 -0500] "GET /BLA/boletinlegal/js/jquery.scrollTo-min.js HTTP/1.1" 200 1150
189.132.1.109 - - [30/Nov/2014:16:06:27 -0500] "GET /BLA/boletinlegal/js/jquery.scrollShow.js HTTP/1.1" 200 4586
190.26.187.219 - - [30/Nov/2014:16:06:28 -0500] "POST /forms/lservlet;jsessionid=ac16012b30d533aa0af39f8e4389b08a89a8e9251ddf.e3iSbxaKaheRe34Sa3yKbhiTahb0n6jAmljGr5XDqQLvpAe HTTP/1.1" 200 2
190.26.187.219 - - [30/Nov/2014:16:06:28 -0500] "POST /forms/lservlet;jsessionid=ac16012b30d533aa0af39f8e4389b08a89a8e9251ddf.e3iSbxaKaheRe34Sa3yKbhiTahb0n6jAmljGr5XDqQLvpAe HTTP/1.1" 200 14
190.26.187.219 - - [30/Nov/2014:16:06:29 -0500] "POST /forms/lservlet;jsessionid=ac16012b30d533aa0af39f8e4389b08a89a8e9251ddf.e3iSbxaKaheRe34Sa3yKbhiTahb0n6jAmljGr5XDqQLvpAe HTTP/1.1" 200 14
190.26.187.219 - - [30/Nov/2014:16:06:30 -0500] "POST /forms/lservlet;jsessionid=ac16012b30d533aa0af39f8e4389b08a89a8e9251ddf.e3iSbxaKaheRe34Sa3yKbhiTahb0n6jAmljGr5XDqQLvpAe HTTP/1.1" 200 14
190.26.187.219 - - [30/Nov/2014:16:06:32 -0500] "POST /forms/lservlet;jsessionid=ac16012b30d533aa0af39f8e4389b08a89a8e9251ddf.e3iSbxaKaheRe34Sa3yKbhiTahb0n6jAmljGr5XDqQLvpAe HTTP/1.1" 200 14
190.26.187.219 - - [30/Nov/2014:16:06:34 -0500] "POST /forms/lservlet;jsessionid=ac16012b30d533aa0af39f8e4389b08a89a8e9251ddf.e3iSbxaKaheRe34Sa3yKbhiTahb0n6jAmljGr5XDqQLvpAe HTTP/1.1" 200 15
190.26.187.219 - - [30/Nov/2014:16:06:36 -0500] "POST /forms/lservlet;jsessionid=ac16012b30d533aa0af39f8e4389b08a89a8e9251ddf.e3iSbxaKaheRe34Sa3yKbhiTahb0n6jAmljGr5XDqQLvpAe HTTP/1.1" 200 112
190.26.187.219 - - [30/Nov/2014:16:06:36 -0500] "POST /forms/lservlet;jsessionid=ac16012b30d533aa0af39f8e4389b08a89a8e9251ddf.e3iSbxaKaheRe34Sa3yKbhiTahb0n6jAmljGr5XDqQLvpAe HTTP/1.1" 200 2
181.50.241.109 - - [30/Nov/2014:16:06:37 -0500] "POST /forms/lservlet;jsessionid=ac16012b30d5f682009d5f7842a48dd7955190f32559.e3iSbxaKaheRe34Sa3yKbhiTahb0n6jAmljGr5XDqQLvpAe HTTP/1.1" 200 2
188.165.15.239 - - [30/Nov/2014:16:06:47 -0500] "GET /BLA/resoluciones/RESOLUCIONES%202004/RES%202004%201651-1700/00001666.tif HTTP/1.1" 200 148864
200.118.162.228 - - [30/Nov/2014:16:06:48 -0500] "GET /crossdomain.xml HTTP/1.1" 404 1280
200.118.162.228 - - [30/Nov/2014:16:06:49 -0500] "GET /arcgis/services/Calidad_del_Agua_WQI/MapServer/WMSServer?WIDTH=1366&LAYERS=3%2C4%2C5%2C6%2C7&BBOX=%2D74%2E88734055404647%2C4%2E176457768997718%2C%2D73%2E2621686870644%2C4%2E970008014442117&HEIGHT=667&VERSION=1%2E1%2E1&SERVICE=WMS&FORMAT=image%2Fpng&SRS=EPSG%3A4686&REQUEST=GetMap&TRANSPARENT=TRUE&STYLES= HTTP/1.1" 200 7407
74.86.158.107 - - [30/Nov/2014:16:06:50 -0500] "HEAD / HTTP/1.1" 302 -
190.26.187.219 - - [30/Nov/2014:16:06:37 -0500] "GET /reports/rwservlet/getjobid335638?server=rep_srvapsda HTTP/1.1" 200 4565306
200.118.162.228 - - [30/Nov/2014:16:06:57 -0500] "GET /arcgis/services/Calidad_del_Agua_WQI/MapServer/WMSServer?WIDTH=1366&LAYERS=3%2C4%2C5%2C6%2C7&BBOX=%2D74%2E48104758730096%2C4%2E374845330358818%2C%2D73%2E66846165380991%2C4%2E771620453081017&HEIGHT=667&VERSION=1%2E1%2E1&SERVICE=WMS&FORMAT=image%2Fpng&SRS=EPSG%3A4686&REQUEST=GetMap&TRANSPARENT=TRUE&STYLES= HTTP/1.1" 200 8877
201.245.192.253 - - [30/Nov/2014:16:06:58 -0500] "GET /plugins/like.php?href=http%3A%2F%2Fwww.facebook.com%2FRojadirecta&layout=standard&show_faces=false&locale=es_ES&width=450&action=like&colorscheme=light&height=18 HTTP/1.1" 404 1256
201.245.192.253 - - [30/Nov/2014:16:06:58 -0500] "GET /plugins/like.php?href=http%3A%2F%2Fwww.facebook.com%2FRojadirecta&layout=standard&show_faces=false&locale=en_US&width=450&action=like&colorscheme=light&height=18 HTTP/1.1" 404 1256
201.245.192.253 - - [30/Nov/2014:16:06:58 -0500] "GET /plugins/likebox.php?href=http%3A%2F%2Fwww.facebook.com%2Frojadirecta&width=325&colorscheme=light&show_faces=true&header=false&height=176 HTTP/1.1" 404 1256
66.249.65.123 - - [30/Nov/2014:16:07:04 -0500] "GET /BLA/resoluciones/AUTOS%202009/1807.pdf HTTP/1.1" 200 217727
190.26.187.219 - - [30/Nov/2014:16:07:11 -0500] "POST /forms/lservlet;jsessionid=ac16012b30d533aa0af39f8e4389b08a89a8e9251ddf.e3iSbxaKaheRe34Sa3yKbhiTahb0n6jAmljGr5XDqQLvpAe HTTP/1.1" 200 2
190.26.187.219 - - [30/Nov/2014:16:07:11 -0500] "POST /forms/lservlet;jsessionid=ac16012b30d533aa0af39f8e4389b08a89a8e9251ddf.e3iSbxaKaheRe34Sa3yKbhiTahb0n6jAmljGr5XDqQLvpAe HTTP/1.1" 200 116
190.26.187.219 - - [30/Nov/2014:16:07:11 -0500] "POST /forms/lservlet;jsessionid=ac16012b30d533aa0af39f8e4389b08a89a8e9251ddf.e3iSbxaKaheRe34Sa3yKbhiTahb0n6jAmljGr5XDqQLvpAe HTTP/1.1" 200 2
190.26.187.219 - - [30/Nov/2014:16:07:12 -0500] "GET /reports/rwservlet/getjobid335639?server=rep_srvapsda HTTP/1.1" 200 65190
66.249.65.119 - - [30/Nov/2014:16:07:24 -0500] "GET /BLA/resoluciones/AUTOS%202011/3045.pdf HTTP/1.1" 304 -
200.118.162.228 - - [30/Nov/2014:16:07:51 -0500] "GET /crossdomain.xml HTTP/1.1" 404 1280
200.118.162.228 - - [30/Nov/2014:16:07:51 -0500] "GET /arcgis/services/Calidad_del_Agua_WQI/MapServer/WMSServer?WIDTH=1366&LAYERS=3%2C4%2C5%2C6%2C7&BBOX=%2D74%2E88734055404647%2C4%2E176457768997718%2C%2D73%2E2621686870644%2C4%2E970008014442117&HEIGHT=667&VERSION=1%2E1%2E1&SERVICE=WMS&FORMAT=image%2Fpng&SRS=EPSG%3A4686&REQUEST=GetMap&TRANSPARENT=TRUE&STYLES= HTTP/1.1" 200 7407
201.184.54.91 - - [30/Nov/2014:16:07:57 -0500] "GET /BLA/boletinlegal/js/jquery.js HTTP/1.1" 200 57254
201.184.54.91 - - [30/Nov/2014:16:07:57 -0500] "GET /BLA/boletinlegal/js/jquery.scrollTo-min.js HTTP/1.1" 200 1150
201.184.54.91 - - [30/Nov/2014:16:07:57 -0500] "GET /BLA/boletinlegal/js/jquery.scrollShow.js HTTP/1.1" 200 4586
200.118.162.228 - - [30/Nov/2014:16:08:04 -0500] "GET /crossdomain.xml HTTP/1.1" 404 1280
200.118.162.228 - - [30/Nov/2014:16:08:05 -0500] "GET /arcgis/services/Calidad_del_Agua_WQI/MapServer/WMSServer?WIDTH=1366&LAYERS=3%2C4%2C5%2C6%2C7&BBOX=%2D74%2E48104758730096%2C4%2E374845330358818%2C%2D73%2E66846165380991%2C4%2E771620453081017&HEIGHT=667&VERSION=1%2E1%2E1&SERVICE=WMS&FORMAT=image%2Fpng&SRS=EPSG%3A4686&REQUEST=GetMap&TRANSPARENT=TRUE&STYLES= HTTP/1.1" 200 8877
190.26.187.219 - - [30/Nov/2014:16:08:09 -0500] "POST /forms/lservlet;jsessionid=ac16012b30d533aa0af39f8e4389b08a89a8e9251ddf.e3iSbxaKaheRe34Sa3yKbhiTahb0n6jAmljGr5XDqQLvpAe HTTP/1.1" 200 2
188.165.15.61 - - [30/Nov/2014:16:08:15 -0500] "GET /BLA/resoluciones/index.php?dir=RESOLUCIONES%202006/RES%202006%201901-1950/&sort=name&order=desc HTTP/1.1" 200 12359
66.249.65.123 - - [30/Nov/2014:16:08:25 -0500] "GET /BLA/resoluciones/RESOLUCIONES%202007/RES%202007%203101%20AL%203200/RESOLUCION%203114%20DE%202007.pdf HTTP/1.1" 304 -
190.26.187.219 - - [30/Nov/2014:16:08:28 -0500] "POST /forms/lservlet;jsessionid=ac16012b30d533aa0af39f8e4389b08a89a8e9251ddf.e3iSbxaKaheRe34Sa3yKbhiTahb0n6jAmljGr5XDqQLvpAe HTTP/1.1" 200 2
190.26.187.219 - - [30/Nov/2014:16:08:28 -0500] "POST /forms/lservlet;jsessionid=ac16012b30d533aa0af39f8e4389b08a89a8e9251ddf.e3iSbxaKaheRe34Sa3yKbhiTahb0n6jAmljGr5XDqQLvpAe HTTP/1.1" 200 3020
190.26.187.219 - - [30/Nov/2014:16:08:28 -0500] "POST /forms/lservlet;jsessionid=ac16012b30d533aa0af39f8e4389b08a89a8e9251ddf.e3iSbxaKaheRe34Sa3yKbhiTahb0n6jAmljGr5XDqQLvpAe HTTP/1.1" 200 2
209.191.164.52 - - [30/Nov/2014:16:08:30 -0500] "GET /BLA/resoluciones/RESOLUCIONES%202009/3574.pdf HTTP/1.1" 200 435912
66.249.65.119 - - [30/Nov/2014:16:08:33 -0500] "GET /BLA/resoluciones/RESOLUCIONES%202002/RES%202002%201501-1550/20021536.tif HTTP/1.1" 200 100406
190.26.187.219 - - [30/Nov/2014:16:08:36 -0500] "POST /forms/lservlet;jsessionid=ac16012b30d533aa0af39f8e4389b08a89a8e9251ddf.e3iSbxaKaheRe34Sa3yKbhiTahb0n6jAmljGr5XDqQLvpAe HTTP/1.1" 200 120
181.50.241.109 - - [30/Nov/2014:16:08:37 -0500] "POST /forms/lservlet;jsessionid=ac16012b30d5f682009d5f7842a48dd7955190f32559.e3iSbxaKaheRe34Sa3yKbhiTahb0n6jAmljGr5XDqQLvpAe HTTP/1.1" 200 2
68.180.229.40 - - [30/Nov/2014:16:08:40 -0500] "GET /php/CarreraAdministrativa/HERRAMIENTA_EVALUACION_SDA1_NIVEL-PROFESIONAL2010.pdf HTTP/1.1" 404 1018
66.249.65.123 - - [30/Nov/2014:16:08:43 -0500] "GET /php/CarreraAdministrativa/FICHA_PLAN_MEJORAMIENTO_INDIVIDUAL.xls HTTP/1.1" 404 1018
200.118.162.228 - - [30/Nov/2014:16:08:45 -0500] "GET /crossdomain.xml HTTP/1.1" 404 1280
200.118.162.228 - - [30/Nov/2014:16:08:45 -0500] "GET /arcgis/services/Calidad_del_Agua_WQI/MapServer/WMSServer?WIDTH=1366&LAYERS=3%2C4%2C5%2C6%2C7&BBOX=%2D74%2E48104758730096%2C4%2E374845330358818%2C%2D73%2E66846165380991%2C4%2E771620453081017&HEIGHT=667&VERSION=1%2E1%2E1&SERVICE=WMS&FORMAT=image%2Fpng&SRS=EPSG%3A4686&REQUEST=GetMap&TRANSPARENT=TRUE&STYLES= HTTP/1.1" 200 8877
188.165.15.181 - - [30/Nov/2014:16:08:48 -0500] "GET /BLA/resoluciones/index.php?dir=RESOLUCIONES+2007%2FRES+2007+1501+AL+1600%2F HTTP/1.1" 200 26868
186.29.170.127 - - [30/Nov/2014:16:08:50 -0500] "GET /galeria/nivo-slider/demo/demo.html HTTP/1.1" 304 -
179.32.141.32 - - [30/Nov/2014:16:08:53 -0500] "GET /BLA/resoluciones/RESOLUCIONES%202012/0497.pdf HTTP/1.1" 200 343242
179.32.141.32 - - [30/Nov/2014:16:08:54 -0500] "GET /BLA/resoluciones/RESOLUCIONES%202012/0497.pdf HTTP/1.1" 206 32768
179.32.141.32 - - [30/Nov/2014:16:08:54 -0500] "GET /BLA/resoluciones/RESOLUCIONES%202012/0497.pdf HTTP/1.1" 206 310474
179.32.141.32 - - [30/Nov/2014:16:08:56 -0500] "GET /favicon.ico HTTP/1.1" 200 7782
188.165.15.41 - - [30/Nov/2014:16:09:01 -0500] "GET /BLA/resoluciones/RESOLUCIONES%202003/RES%202003%201201-1250/2003RES1242.tif HTTP/1.1" 200 234184
66.249.65.115 - - [30/Nov/2014:16:09:25 -0500] "GET /BLA/resoluciones/RESOLUCIONES%202009/3350.pdf HTTP/1.1" 304 -
179.32.141.32 - - [30/Nov/2014:16:09:37 -0500] "GET /BLA/resoluciones/RESOLUCIONES%202014/0993.pdf HTTP/1.1" 200 683598
179.32.141.32 - - [30/Nov/2014:16:09:38 -0500] "GET /BLA/resoluciones/RESOLUCIONES%202014/0993.pdf HTTP/1.1" 206 32768
179.32.141.32 - - [30/Nov/2014:16:09:39 -0500] "GET /BLA/resoluciones/RESOLUCIONES%202014/0993.pdf HTTP/1.1" 206 650830
50.97.161.229 - - [30/Nov/2014:16:09:49 -0500] "GET / HTTP/1.1" 302 -
188.165.15.87 - - [30/Nov/2014:16:09:49 -0500] "GET /BLA/resoluciones/RESOLUCIONES%202006/RES%202006%202251-2300/00002272.tif HTTP/1.1" 200 300610
201.220.243.22 - - [30/Nov/2014:16:09:51 -0500] "GET /BLA/resoluciones/AUTOS%202007/1698.pdf HTTP/1.1" 200 163430
201.220.243.22 - - [30/Nov/2014:16:09:53 -0500] "GET /BLA/resoluciones/AUTOS%202007/1698.pdf HTTP/1.1" 200 163430
190.26.187.219 - - [30/Nov/2014:16:10:00 -0500] "POST /forms/lservlet;jsessionid=ac16012b30d533aa0af39f8e4389b08a89a8e9251ddf.e3iSbxaKaheRe34Sa3yKbhiTahb0n6jAmljGr5XDqQLvpAe HTTP/1.1" 200 118
190.26.187.219 - - [30/Nov/2014:16:10:09 -0500] "POST /forms/lservlet;jsessionid=ac16012b30d533aa0af39f8e4389b08a89a8e9251ddf.e3iSbxaKaheRe34Sa3yKbhiTahb0n6jAmljGr5XDqQLvpAe HTTP/1.1" 200 2
66.249.65.119 - - [30/Nov/2014:16:10:23 -0500] "GET /BLA/resoluciones/RESOLUCIONES%202012/1735.pdf HTTP/1.1" 200 659925
66.249.65.115 - - [30/Nov/2014:16:10:24 -0500] "GET /BLA/resoluciones/AUTOS%202011/7790.pdf HTTP/1.1" 304 -
