186.147.152.255 - - [01/Dec/2014:00:29:26 -0500] "GET /BLA/boletinlegal/js/jquery.scrollShow.js HTTP/1.1" 200 4586
66.249.65.119 - - [01/Dec/2014:00:29:34 -0500] "GET /BLA/resoluciones/AUTOS%202013/1079.pdf HTTP/1.1" 200 2105946
187.175.121.182 - - [01/Dec/2014:00:30:07 -0500] "GET /BLA/boletinlegal/js/jquery.js HTTP/1.1" 200 57254
187.175.121.182 - - [01/Dec/2014:00:30:07 -0500] "GET /BLA/boletinlegal/js/jquery.scrollTo-min.js HTTP/1.1" 200 1150
187.175.121.182 - - [01/Dec/2014:00:30:07 -0500] "GET /BLA/boletinlegal/js/jquery.scrollShow.js HTTP/1.1" 200 4586
66.249.65.115 - - [01/Dec/2014:00:30:34 -0500] "GET /BLA/resoluciones/AUTOS%202008/2079.pdf HTTP/1.1" 304 -
66.249.65.123 - - [01/Dec/2014:00:31:35 -0500] "GET /BLA/resoluciones/RESOLUCIONES%202007/RES%202007%20401%20AL%20500/RESOLUCION%200431%20DE%202007.pdf HTTP/1.1" 200 787793
74.86.158.107 - - [01/Dec/2014:00:31:49 -0500] "HEAD / HTTP/1.1" 302 -
66.249.65.115 - - [01/Dec/2014:00:32:35 -0500] "GET /BLA/resoluciones/index.php?dir=RESOLUCIONES%202002/RES%202002%201501-1550/&sort=size&order=desc HTTP/1.1" 200 12146
66.249.65.119 - - [01/Dec/2014:00:32:42 -0500] "GET /BLA/resoluciones/AUTOS%202013/0286.pdf HTTP/1.1" 304 -
181.135.71.54 - - [01/Dec/2014:00:32:56 -0500] "GET /BLA/boletinlegal/js/jquery.js HTTP/1.1" 200 57254
181.135.71.54 - - [01/Dec/2014:00:32:57 -0500] "GET /BLA/boletinlegal/js/jquery.scrollTo-min.js HTTP/1.1" 200 1150
181.135.71.54 - - [01/Dec/2014:00:32:57 -0500] "GET /BLA/boletinlegal/js/jquery.scrollShow.js HTTP/1.1" 200 4586
180.76.6.28 - - [01/Dec/2014:00:33:15 -0500] "GET /BLA/resoluciones/AUTOS%202007/1707.pdf HTTP/1.1" 200 36389
190.9.83.210 - - [01/Dec/2014:00:33:26 -0500] "GET /BLA/boletinlegal/js/jquery.js HTTP/1.1" 200 57254
190.9.83.210 - - [01/Dec/2014:00:33:26 -0500] "GET /BLA/boletinlegal/js/jquery.scrollTo-min.js HTTP/1.1" 200 1150
190.9.83.210 - - [01/Dec/2014:00:33:26 -0500] "GET /BLA/boletinlegal/js/jquery.scrollShow.js HTTP/1.1" 200 4586
66.249.65.123 - - [01/Dec/2014:00:33:36 -0500] "GET /BLA/resoluciones/AUTOS%202011/1362.pdf HTTP/1.1" 304 -
186.84.185.145 - - [01/Dec/2014:00:34:35 -0500] "GET /BLA/boletinlegal/js/jquery.scrollShow.js HTTP/1.1" 200 4586
186.84.185.145 - - [01/Dec/2014:00:34:35 -0500] "GET /BLA/boletinlegal/js/jquery.js HTTP/1.1" 200 57254
186.84.185.145 - - [01/Dec/2014:00:34:35 -0500] "GET /BLA/boletinlegal/js/jquery.scrollTo-min.js HTTP/1.1" 200 1150
186.84.185.145 - - [01/Dec/2014:00:34:35 -0500] "GET /galeria/carrusel/Carrusel/jquery-ui-1.8.13.custom.min.js HTTP/1.1" 200 10800
186.84.185.145 - - [01/Dec/2014:00:34:35 -0500] "GET /galeria/carrusel/Carrusel/jquery.thumbnailScroller.css HTTP/1.1" 200 2066
186.84.185.145 - - [01/Dec/2014:00:34:36 -0500] "GET /galeria/carrusel/Carrusel/jquery.thumbnailScroller.js HTTP/1.1" 200 8157
186.84.185.145 - - [01/Dec/2014:00:34:38 -0500] "GET /galeria/nivo-slider/demo/demo.html HTTP/1.1" 200 3458
186.84.185.145 - - [01/Dec/2014:00:34:38 -0500] "GET /galeria/nivo-slider/themes/default/default.css HTTP/1.1" 200 1569
186.84.185.145 - - [01/Dec/2014:00:34:38 -0500] "GET /galeria/nivo-slider/themes/orman/orman.css HTTP/1.1" 200 2152
186.84.185.145 - - [01/Dec/2014:00:34:38 -0500] "GET /galeria/nivo-slider/themes/pascal/pascal.css HTTP/1.1" 200 2258
186.84.185.145 - - [01/Dec/2014:00:34:38 -0500] "GET /galeria/nivo-slider/nivo-slider.css HTTP/1.1" 200 1507
186.84.185.145 - - [01/Dec/2014:00:34:38 -0500] "GET /galeria/nivo-slider/demo/style.css HTTP/1.1" 200 2222
186.84.185.145 - - [01/Dec/2014:00:34:38 -0500] "GET /galeria/nivo-slider/demo/images/Banner-GAE3.jpg HTTP/1.1" 200 146354
186.84.185.145 - - [01/Dec/2014:00:34:38 -0500] "GET /galeria/nivo-slider/demo/images/festivalBasura0.jpg HTTP/1.1" 200 96780
186.84.185.145 - - [01/Dec/2014:00:34:38 -0500] "GET /galeria/nivo-slider/demo/images/banner-pygaai.jpg HTTP/1.1" 200 82693
186.84.185.145 - - [01/Dec/2014:00:34:38 -0500] "GET /galeria/nivo-slider/demo/images/Banner-comparendo.jpg HTTP/1.1" 200 388762
186.84.185.145 - - [01/Dec/2014:00:34:38 -0500] "GET /galeria/nivo-slider/demo/images/Biotaxis-Man.jpg HTTP/1.1" 200 99362
186.84.185.145 - - [01/Dec/2014:00:34:38 -0500] "GET /galeria/nivo-slider/demo/images/porloshumedales.jpg HTTP/1.1" 200 351238
186.84.185.145 - - [01/Dec/2014:00:34:40 -0500] "GET /galeria/nivo-slider/demo/images/Tingua-azul.jpg HTTP/1.1" 200 307638
186.84.185.145 - - [01/Dec/2014:00:34:40 -0500] "GET /galeria/nivo-slider/demo/images/Banner-Caracol-Africano.jpg HTTP/1.1" 200 331986
186.84.185.145 - - [01/Dec/2014:00:34:40 -0500] "GET /galeria/nivo-slider/demo/images/banner-redes.jpg HTTP/1.1" 200 62209
186.84.185.145 - - [01/Dec/2014:00:34:40 -0500] "GET /galeria/nivo-slider/demo/images/9Signos.jpg HTTP/1.1" 200 93040
186.84.185.145 - - [01/Dec/2014:00:34:40 -0500] "GET /galeria/nivo-slider/demo/images/banner-caballos.png HTTP/1.1" 200 389106
186.84.185.145 - - [01/Dec/2014:00:34:40 -0500] "GET /galeria/nivo-slider/demo/images/Hacienda_Molinos.jpg HTTP/1.1" 200 319171
186.84.185.145 - - [01/Dec/2014:00:34:42 -0500] "GET /galeria/nivo-slider/demo/images/bannerEcolecta3.jpg HTTP/1.1" 200 280034
186.84.185.145 - - [01/Dec/2014:00:34:42 -0500] "GET /galeria/nivo-slider/demo/scripts/jquery-1.7.1.min.js HTTP/1.1" 200 93868
186.84.185.145 - - [01/Dec/2014:00:34:43 -0500] "GET /galeria/nivo-slider/jquery.nivo.slider.pack.js HTTP/1.1" 200 11561
186.84.185.145 - - [01/Dec/2014:00:34:43 -0500] "GET /galeria/nivo-slider/demo/images/4Simple_Slider.png HTTP/1.1" 200 11722
186.84.185.145 - - [01/Dec/2014:00:34:43 -0500] "GET /galeria/nivo-slider/themes/default/loading.gif HTTP/1.1" 200 1737
186.84.185.145 - - [01/Dec/2014:00:34:44 -0500] "GET /galeria/nivo-slider/themes/default/arrows.png HTTP/1.1" 200 824
186.84.185.145 - - [01/Dec/2014:00:34:44 -0500] "GET /galeria/nivo-slider/themes/default/bullets.png HTTP/1.1" 200 1281
180.76.5.147 - - [01/Dec/2014:00:35:16 -0500] "GET /BLA/resoluciones/RESOLUCIONES%202010/1077.pdf HTTP/1.1" 200 113348
66.249.65.51 - - [01/Dec/2014:00:35:37 -0500] "GET /BLA/boletinlegal/jurisprudencia/analisis/analisis%20sentencia%20C-596-10.doc HTTP/1.1" 304 -
66.249.65.115 - - [01/Dec/2014:00:36:38 -0500] "GET /autoliquidacion/Grupo%20Forestal%20-%20Silvicultura/SSFFS-%20Aplicativo%20liquidador%20servicios%20silviculturales.xlsx HTTP/1.1" 404 1018
74.86.158.107 - - [01/Dec/2014:00:36:49 -0500] "HEAD / HTTP/1.1" 302 -
186.154.84.82 - - [01/Dec/2014:00:37:04 -0500] "GET /forest/session.jsp?a=0.3704151164274663 HTTP/1.1" 200 4
180.76.5.149 - - [01/Dec/2014:00:37:18 -0500] "GET /BLA/resoluciones/AUTOS%202011/0859.pdf HTTP/1.1" 200 150097
186.154.84.82 - - [01/Dec/2014:00:37:13 -0500] "POST /forest/frameset?__toolbar=true&__report=forest%2Frpts%2F160.rptdesign&__app=forest&__format=pdf&__sessionId=20141201_002328_488&__dpi=96&__pageoverflow=0&__asattachment=true&__overwrite=false HTTP/1.1" 200 215446
66.249.65.115 - - [01/Dec/2014:00:37:38 -0500] "GET /BLA/resoluciones/AUTOS%202012/1584.pdf HTTP/1.1" 304 -
66.249.65.119 - - [01/Dec/2014:00:37:50 -0500] "GET /BLA/resoluciones/RESOLUCIONES%202003/RES%202003%20551-600/599.tif HTTP/1.1" 200 239012
66.249.65.115 - - [01/Dec/2014:00:38:38 -0500] "GET / HTTP/1.1" 302 -
189.186.217.106 - - [01/Dec/2014:00:38:41 -0500] "GET /BLA/boletinlegal/js/jquery.scrollTo-min.js HTTP/1.1" 200 1150
189.186.217.106 - - [01/Dec/2014:00:38:41 -0500] "GET /BLA/boletinlegal/js/jquery.js HTTP/1.1" 200 57254
189.186.217.106 - - [01/Dec/2014:00:38:41 -0500] "GET /BLA/boletinlegal/js/jquery.scrollShow.js HTTP/1.1" 200 4586
189.186.217.106 - - [01/Dec/2014:00:38:43 -0500] "GET /hidrico/aguas%20subterraneas/ HTTP/1.1" 404 1296
66.249.65.115 - - [01/Dec/2014:00:39:39 -0500] "GET /BLA/resoluciones/AUTOS%202013/0659.pdf HTTP/1.1" 200 1394339
66.249.65.119 - - [01/Dec/2014:00:40:39 -0500] "GET /BLA/resoluciones/RESOLUCIONES%202009/5069.pdf HTTP/1.1" 200 519849
186.113.10.143 - - [01/Dec/2014:00:40:49 -0500] "GET /galeria/nivo-slider/demo/images/ForoNacionalAmbiental.jpg HTTP/1.1" 304 -
66.249.65.123 - - [01/Dec/2014:00:41:40 -0500] "GET /BLA/resoluciones/RESOLUCIONES%202009/7630.pdf HTTP/1.1" 304 -
74.86.158.107 - - [01/Dec/2014:00:41:49 -0500] "HEAD / HTTP/1.1" 302 -
66.249.65.123 - - [01/Dec/2014:00:42:05 -0500] "GET /BLA/resoluciones/RESOLUCIONES%202013/1954.pdf HTTP/1.1" 304 -
186.154.84.82 - - [01/Dec/2014:00:42:06 -0500] "GET /forest/session.jsp?a=0.5858099777251482 HTTP/1.1" 200 4
190.27.113.222 - - [01/Dec/2014:00:42:13 -0500] "GET /BLA/boletinlegal/js/jquery.scrollTo-min.js HTTP/1.1" 200 1150
190.27.113.222 - - [01/Dec/2014:00:42:13 -0500] "GET /BLA/boletinlegal/js/jquery.scrollShow.js HTTP/1.1" 200 4586
190.27.113.222 - - [01/Dec/2014:00:42:13 -0500] "GET /BLA/boletinlegal/js/jquery.js HTTP/1.1" 200 57254
181.136.126.247 - - [01/Dec/2014:00:42:26 -0500] "GET /BLA/boletinlegal/js/jquery.js HTTP/1.1" 200 57254
181.136.126.247 - - [01/Dec/2014:00:42:26 -0500] "GET /BLA/boletinlegal/js/jquery.scrollShow.js HTTP/1.1" 200 4586
181.136.126.247 - - [01/Dec/2014:00:42:26 -0500] "GET /BLA/boletinlegal/js/jquery.scrollTo-min.js HTTP/1.1" 200 1150
180.76.5.171 - - [01/Dec/2014:00:42:40 -0500] "GET /BLA/resoluciones/AUTOS%202011/3639.pdf HTTP/1.1" 200 240113
66.249.65.123 - - [01/Dec/2014:00:42:41 -0500] "GET /BLA/resoluciones/AUTOS%202014/1033.pdf HTTP/1.1" 200 1396382
186.28.118.248 - - [01/Dec/2014:00:43:05 -0500] "GET /isolucionsda/FrameSetGeneral.asp?Pagina=ListadoMaestroDocumentos3.asp HTTP/1.1" 200 146
186.113.10.143 - - [01/Dec/2014:00:43:14 -0500] "GET /galeria/nivo-slider/demo/images/banner-pygaai.jpg HTTP/1.1" 304 -
180.76.5.169 - - [01/Dec/2014:00:43:27 -0500] "GET /BLA/resoluciones/AUTOS%202007/0606.pdf HTTP/1.1" 200 66736
190.157.87.149 - - [01/Dec/2014:00:43:37 -0500] "GET /BLA/boletinlegal/js/jquery.js HTTP/1.1" 200 57254
190.157.87.149 - - [01/Dec/2014:00:43:37 -0500] "GET /BLA/boletinlegal/js/jquery.scrollTo-min.js HTTP/1.1" 200 1150
190.157.87.149 - - [01/Dec/2014:00:43:37 -0500] "GET /BLA/boletinlegal/js/jquery.scrollShow.js HTTP/1.1" 200 4586
66.249.65.123 - - [01/Dec/2014:00:43:41 -0500] "GET /BLA/resoluciones/RESOLUCIONES%202011/1007.pdf HTTP/1.1" 200 69161
66.249.65.115 - - [01/Dec/2014:00:44:42 -0500] "GET /BLA/resoluciones/AUTOS%202012/0721.pdf HTTP/1.1" 200 151712
200.118.146.37 - - [01/Dec/2014:00:44:57 -0500] "GET /BLA/resoluciones/RESOLUCIONES%202010/7621.pdf HTTP/1.1" 200 71793
180.76.5.28 - - [01/Dec/2014:00:45:02 -0500] "GET /BLA/resoluciones/index.php?dir=RESOLUCIONES%202003/RES%202003%20201-250/&sort=size&order=asc HTTP/1.1" 200 12348
66.249.65.123 - - [01/Dec/2014:00:45:42 -0500] "GET /BLA/resoluciones/AUTOS%202013/0319.pdf HTTP/1.1" 200 1520892
180.76.6.130 - - [01/Dec/2014:00:45:50 -0500] "GET /BLA/resoluciones/AUTOS%202007/0154.pdf HTTP/1.1" 200 180576
186.28.118.248 - - [01/Dec/2014:00:46:19 -0500] "GET /isolucionsda/IdentificaUsuario.asp?Pagina1=FrameSetGeneral.asp& HTTP/1.1" 200 1250
186.28.118.248 - - [01/Dec/2014:00:46:22 -0500] "GET /isolucionsda/IdentificaUsuario.asp?Pagina1=FrameSetGeneral.asp& HTTP/1.1" 200 1250
66.249.65.123 - - [01/Dec/2014:00:46:22 -0500] "GET /BLA/resoluciones/RESOLUCIONES%202002/RES%202002%201351-1400/20021394.tif HTTP/1.1" 200 96412
186.28.118.248 - - [01/Dec/2014:00:46:30 -0500] "GET /isolucionsda/ HTTP/1.1" 200 739
186.28.118.248 - - [01/Dec/2014:00:46:37 -0500] "GET /isolucionsda/ HTTP/1.1" 200 739
180.76.5.72 - - [01/Dec/2014:00:46:37 -0500] "GET /BLA/resoluciones/AUTOS%202011/0104.pdf HTTP/1.1" 200 203723
186.28.118.248 - - [01/Dec/2014:00:46:38 -0500] "GET /isolucionsda/IdentificaUsuario.asp?Pagina1=FrameSetGeneral.asp& HTTP/1.1" 200 4997
66.249.65.119 - - [01/Dec/2014:00:46:43 -0500] "GET /BLA/resoluciones/RESOLUCIONES%202010/3830.pdf HTTP/1.1" 200 3001226
186.28.118.248 - - [01/Dec/2014:00:46:47 -0500] "POST /isolucionsda/IdentificaUsuario.asp?Pagina1=FrameSetGeneral.asp& HTTP/1.1" 200 5028
74.86.158.107 - - [01/Dec/2014:00:46:49 -0500] "HEAD / HTTP/1.1" 302 -
186.28.118.248 - - [01/Dec/2014:00:46:51 -0500] "POST /isolucionsda/IdentificaUsuario.asp?Pagina1=FrameSetGeneral.asp& HTTP/1.1" 302 173
186.28.118.248 - - [01/Dec/2014:00:46:51 -0500] "GET /isolucionsda/FrameSetGeneral.asp?Pagina1=FrameSetGeneral.asp& HTTP/1.1" 200 6485
186.28.118.248 - - [01/Dec/2014:00:46:51 -0500] "GET /isolucionsda/Encabezado.asp?Pagina1=FrameSetGeneral.asp&&Pagina=MagazinHome.asp HTTP/1.1" 200 15186
186.28.118.248 - - [01/Dec/2014:00:46:51 -0500] "GET /isolucionsda/MagazinHome.asp HTTP/1.1" 502 1356
186.28.118.248 - - [01/Dec/2014:00:46:51 -0500] "GET /isolucionsda/BarraTitulos.asp?Pagina1=FrameSetGeneral.asp&&Pagina=MagazinHome.asp HTTP/1.1" 200 6844
186.28.118.248 - - [01/Dec/2014:00:46:51 -0500] "GET /isolucionsda/BarraFavoritos.asp HTTP/1.1" 200 911
186.28.118.248 - - [01/Dec/2014:00:46:51 -0500] "GET /isolucionsda/Session.asp?Continue=1 HTTP/1.1" 200 6196
186.28.118.248 - - [01/Dec/2014:00:46:52 -0500] "GET /isolucionsda/g/Bot_ProveedoresOver_ESP.jpg HTTP/1.1" 200 5395
186.28.118.248 - - [01/Dec/2014:00:46:53 -0500] "GET /isolucionsda/FrameSetGeneral.asp?Pagina=Menu.asp&IdModulo=4 HTTP/1.1" 200 6455
186.28.118.248 - - [01/Dec/2014:00:46:53 -0500] "GET /isolucionsda/Encabezado.asp?Pagina=Menu.asp&IdModulo=4 HTTP/1.1" 200 15187
186.28.118.248 - - [01/Dec/2014:00:46:53 -0500] "GET /isolucionsda/BarraTitulos.asp?Pagina=Menu.asp&IdModulo=4 HTTP/1.1" 200 6857
186.28.118.248 - - [01/Dec/2014:00:46:53 -0500] "GET /isolucionsda/BarraFavoritos.asp HTTP/1.1" 200 911
186.28.118.248 - - [01/Dec/2014:00:46:54 -0500] "GET /isolucionsda/Session.asp?Continue=1 HTTP/1.1" 200 6196
186.28.118.248 - - [01/Dec/2014:00:46:53 -0500] "GET /isolucionsda/Menu.asp?Pagina=Menu.asp&IdModulo=4 HTTP/1.1" 200 16727
191.146.119.132 - - [01/Dec/2014:00:46:55 -0500] "GET /BLA/boletinlegal/js/jquery.js HTTP/1.1" 200 57254
191.146.119.132 - - [01/Dec/2014:00:46:55 -0500] "GET /BLA/boletinlegal/js/jquery.scrollTo-min.js HTTP/1.1" 200 1150
191.146.119.132 - - [01/Dec/2014:00:46:55 -0500] "GET /BLA/boletinlegal/js/jquery.scrollShow.js HTTP/1.1" 200 4586
186.28.118.248 - - [01/Dec/2014:00:46:56 -0500] "GET /isolucionsda/FrameSetGeneral.asp?Pagina=ListadoMaestroDocumentos3.asp HTTP/1.1" 200 6506
186.28.118.248 - - [01/Dec/2014:00:46:56 -0500] "GET /isolucionsda/Encabezado.asp?Pagina=ListadoMaestroDocumentos3.asp HTTP/1.1" 200 15162
186.28.118.248 - - [01/Dec/2014:00:46:56 -0500] "GET /isolucionsda/BarraTitulos.asp?Pagina=ListadoMaestroDocumentos3.asp HTTP/1.1" 200 6857
186.28.118.248 - - [01/Dec/2014:00:46:56 -0500] "GET /isolucionsda/ListadoMaestroDocumentos3.asp?Pagina=ListadoMaestroDocumentos3.asp HTTP/1.1" 200 11339
186.28.118.248 - - [01/Dec/2014:00:46:56 -0500] "GET /isolucionsda/BarraFavoritos.asp HTTP/1.1" 200 911
186.28.118.248 - - [01/Dec/2014:00:46:56 -0500] "GET /isolucionsda/Session.asp?Continue=1 HTTP/1.1" 200 6196
186.28.118.248 - - [01/Dec/2014:00:46:59 -0500] "GET /isolucionsda/Jerarquia.asp?Tabla=Proceso&Form=Admon&CampoDisplay=ProcesoDisplayObjetoProceso&CampoHidden=Proceso&bSubmit=True&items= HTTP/1.1" 200 10459
186.28.118.248 - - [01/Dec/2014:00:47:01 -0500] "POST /isolucionsda/Jerarquia.asp HTTP/1.1" 200 7980
186.28.118.248 - - [01/Dec/2014:00:47:01 -0500] "POST /isolucionsda/ListadoMaestroDocumentos3.asp HTTP/1.1" 200 17047
186.28.118.248 - - [01/Dec/2014:00:47:05 -0500] "POST /isolucionsda/ListadoMaestroDocumentos3.asp HTTP/1.1" 200 12165
186.28.118.248 - - [01/Dec/2014:00:47:06 -0500] "GET /isolucionsda/FramesetArticulo.asp?Pagina=bancoconocimiento%2FG%2FGESTIONDERECURSOSFISICOS%5Fv6%2FGESTIONDERECURSOSFISICOS%5Fv6%2Easp&IdArticulo=6628 HTTP/1.1" 200 7173
186.28.118.248 - - [01/Dec/2014:00:47:07 -0500] "GET /isolucionsda/Arriba.asp?Pagina=bancoconocimiento%2FG%2FGESTIONDERECURSOSFISICOS%5Fv6%2FGESTIONDERECURSOSFISICOS%5Fv6%2Easp&IdArticulo=6628 HTTP/1.1" 200 10423
186.28.118.248 - - [01/Dec/2014:00:47:07 -0500] "GET /isolucionsda/bancoconocimiento/G/GESTIONDERECURSOSFISICOS_v6/GESTIONDERECURSOSFISICOS_v6.asp?IdArticulo=6628 HTTP/1.1" 200 61346
186.28.118.248 - - [01/Dec/2014:00:47:08 -0500] "GET /isolucionsda/g/vacio1x1.gif HTTP/1.1" 404 5195
186.28.118.248 - - [01/Dec/2014:00:47:19 -0500] "GET /isolucionsda/bancoconocimiento/E/ElaboraciondelPlandeComprasyContratacion__v3/ElaboraciondelPlandeComprasyContratacion__v3.asp?IdArticulo=3760 HTTP/1.1" 302 260
186.28.118.248 - - [01/Dec/2014:00:47:19 -0500] "GET /isolucionsda/bancoconocimiento/E/ElaboraciondelPlandeComprasyContratacion__v4/ElaboraciondelPlandeComprasyContratacion__v4.asp?Id_Articulo=5335 HTTP/1.1" 200 50761
186.28.118.248 - - [01/Dec/2014:00:47:19 -0500] "GET /isolucionsda/g/vacio1x1.gif HTTP/1.1" 404 5195
202.46.61.121 - - [01/Dec/2014:00:47:25 -0500] "GET /BLA/resoluciones/AUTOS%202007/1113.pdf HTTP/1.1" 200 25692
152.200.73.55 - - [01/Dec/2014:00:47:33 -0500] "GET /BLA/boletinlegal/js/jquery.scrollShow.js HTTP/1.1" 200 4586
152.200.73.55 - - [01/Dec/2014:00:47:33 -0500] "GET /BLA/boletinlegal/js/jquery.scrollTo-min.js HTTP/1.1" 200 1150
152.200.73.55 - - [01/Dec/2014:00:47:33 -0500] "GET /BLA/boletinlegal/js/jquery.js HTTP/1.1" 200 57254
186.83.126.81 - - [01/Dec/2014:00:47:35 -0500] "GET /BLA/boletinlegal/js/jquery.js HTTP/1.1" 200 57254
186.83.126.81 - - [01/Dec/2014:00:47:35 -0500] "GET /BLA/boletinlegal/js/jquery.scrollShow.js HTTP/1.1" 200 4586
186.83.126.81 - - [01/Dec/2014:00:47:36 -0500] "GET /BLA/boletinlegal/js/jquery.scrollTo-min.js HTTP/1.1" 200 1150
66.249.65.119 - - [01/Dec/2014:00:47:43 -0500] "GET /BLA/resoluciones/RESOLUCIONES%202007/RES%202007%202701%20AL%202800/RESOLUCION%202733%20DE%202007.pdf HTTP/1.1" 304 -
66.249.65.123 - - [01/Dec/2014:00:48:44 -0500] "GET /BLA/resoluciones/RESOLUCIONES%202009/6577.pdf HTTP/1.1" 304 -
180.76.6.61 - - [01/Dec/2014:00:49:00 -0500] "GET /BLA/resoluciones/RESOLUCIONES%202008/2560.pdf HTTP/1.1" 200 336454
181.61.160.231 - - [01/Dec/2014:00:49:03 -0500] "GET /BLA/boletinlegal/js/jquery.scrollTo-min.js HTTP/1.1" 200 1150
181.61.160.231 - - [01/Dec/2014:00:49:03 -0500] "GET /BLA/boletinlegal/js/jquery.js HTTP/1.1" 200 57254
181.61.160.231 - - [01/Dec/2014:00:49:03 -0500] "GET /BLA/boletinlegal/js/jquery.scrollShow.js HTTP/1.1" 200 4586
201.110.104.44 - - [01/Dec/2014:00:49:28 -0500] "GET /BLA/boletinlegal/js/jquery.js HTTP/1.1" 200 57254
201.110.104.44 - - [01/Dec/2014:00:49:28 -0500] "GET /BLA/boletinlegal/js/jquery.scrollTo-min.js HTTP/1.1" 200 1150
201.110.104.44 - - [01/Dec/2014:00:49:28 -0500] "GET /BLA/boletinlegal/js/jquery.scrollShow.js HTTP/1.1" 200 4586
218.30.103.61 - - [01/Dec/2014:00:49:37 -0500] "GET /resoluciones/RESOLUCIONES%202009/0099.pdf HTTP/1.1" 404 1018
66.249.65.115 - - [01/Dec/2014:00:49:44 -0500] "GET /BLA/resoluciones/RESOLUCIONES%202008/1160.pdf HTTP/1.1" 304 -
181.137.10.63 - - [01/Dec/2014:00:50:05 -0500] "GET /BLA/boletinlegal/js/jquery.scrollTo-min.js HTTP/1.1" 200 1150
181.137.10.63 - - [01/Dec/2014:00:50:05 -0500] "GET /BLA/boletinlegal/js/jquery.js HTTP/1.1" 200 57254
181.137.10.63 - - [01/Dec/2014:00:50:05 -0500] "GET /BLA/boletinlegal/js/jquery.scrollShow.js HTTP/1.1" 200 4586
201.110.104.44 - - [01/Dec/2014:00:49:33 -0500] "GET /videos/CRRFFS.mp4 HTTP/1.1" 200 286784363
218.30.103.61 - - [01/Dec/2014:00:50:12 -0500] "GET /resoluciones/RESOLUCIONES%202009/0081.pdf HTTP/1.1" 404 1018
180.76.5.144 - - [01/Dec/2014:00:50:34 -0500] "GET /BLA/resoluciones/AUTOS%202007/2511.pdf HTTP/1.1" 200 266233
66.249.65.115 - - [01/Dec/2014:00:50:45 -0500] "GET /BLA/resoluciones/RESOLUCIONES%202009/4730.pdf HTTP/1.1" 304 -
200.119.102.85 - - [01/Dec/2014:00:50:55 -0500] "GET /BLA/boletinlegal/js/jquery.scrollShow.js HTTP/1.1" 200 4586
200.119.102.85 - - [01/Dec/2014:00:50:55 -0500] "GET /BLA/boletinlegal/js/jquery.scrollTo-min.js HTTP/1.1" 200 1150
200.119.102.85 - - [01/Dec/2014:00:50:55 -0500] "GET /BLA/boletinlegal/js/jquery.js HTTP/1.1" 200 57254
66.249.65.119 - - [01/Dec/2014:00:51:34 -0500] "GET /BLA/resoluciones/AUTOS%202013/0854.pdf HTTP/1.1" 304 -
66.249.65.119 - - [01/Dec/2014:00:51:45 -0500] "GET /BLA/resoluciones/AUTOS%202010/1154.pdf HTTP/1.1" 200 147222
74.86.158.107 - - [01/Dec/2014:00:51:49 -0500] "HEAD / HTTP/1.1" 302 -
186.30.15.210 - - [01/Dec/2014:00:52:07 -0500] "GET /BLA/boletinlegal/js/jquery.js HTTP/1.1" 200 57254
186.30.15.210 - - [01/Dec/2014:00:52:07 -0500] "GET /BLA/boletinlegal/js/jquery.scrollTo-min.js HTTP/1.1" 200 1150
186.30.15.210 - - [01/Dec/2014:00:52:07 -0500] "GET /BLA/boletinlegal/js/jquery.scrollShow.js HTTP/1.1" 200 4586
180.76.5.169 - - [01/Dec/2014:00:52:09 -0500] "GET /BLA/resoluciones/AUTOS%202011/0931.pdf HTTP/1.1" 200 345764
66.249.65.119 - - [01/Dec/2014:00:52:46 -0500] "GET /BLA/resoluciones/RESOLUCIONES%202009/8739.pdf HTTP/1.1" 304 -
201.245.192.253 - - [01/Dec/2014:00:52:51 -0500] "GET /v/0-dDSmXl1nw&fs=1&rel=0&enablejsapi=1&playerapiid=ytEmbed94916241b41f4394b538557a4698f7d9 HTTP/1.1" 404 1523
200.118.76.103 - - [01/Dec/2014:00:52:52 -0500] "GET /BLA/boletinlegal/js/jquery.scrollTo-min.js HTTP/1.1" 200 1150
200.118.76.103 - - [01/Dec/2014:00:52:52 -0500] "GET /BLA/boletinlegal/js/jquery.js HTTP/1.1" 200 57254
200.118.76.103 - - [01/Dec/2014:00:52:52 -0500] "GET /BLA/boletinlegal/js/jquery.scrollShow.js HTTP/1.1" 200 4586
201.245.192.253 - - [01/Dec/2014:00:53:03 -0500] "GET /v/0-dDSmXl1nw&fs=1&rel=0&enablejsapi=1&playerapiid=ytEmbed94916241b41f4394b538557a4698f7d9 HTTP/1.1" 404 1523
157.55.39.13 - - [01/Dec/2014:00:53:06 -0500] "GET /FechasTraslado/ HTTP/1.1" 404 1015
186.146.155.66 - - [01/Dec/2014:00:53:38 -0500] "GET /BLA/boletinlegal/js/jquery.js HTTP/1.1" 200 57254
186.146.155.66 - - [01/Dec/2014:00:53:38 -0500] "GET /BLA/boletinlegal/js/jquery.scrollTo-min.js HTTP/1.1" 200 1150
186.146.155.66 - - [01/Dec/2014:00:53:38 -0500] "GET /BLA/boletinlegal/js/jquery.scrollShow.js HTTP/1.1" 200 4586
66.249.65.115 - - [01/Dec/2014:00:53:46 -0500] "GET /BLA/resoluciones/AUTOS%202008/3413.pdf HTTP/1.1" 304 -
66.249.65.119 - - [01/Dec/2014:00:54:47 -0500] "GET /BLA/resoluciones/RESOLUCIONES%202009/3778.pdf HTTP/1.1" 304 -
66.249.65.123 - - [01/Dec/2014:00:55:47 -0500] "GET /BLA/resoluciones/AUTOS%202011/4001.pdf HTTP/1.1" 304 -
188.165.15.152 - - [01/Dec/2014:00:55:56 -0500] "GET /BLA/resoluciones/index.php?dir=RESOLUCIONES%202004/RES%202004%201251-1300/&sort=name&order=desc HTTP/1.1" 200 12351
201.244.40.89 - - [01/Dec/2014:00:56:18 -0500] "GET /BLA/boletinlegal/js/jquery.js HTTP/1.1" 200 57254
201.244.40.89 - - [01/Dec/2014:00:56:18 -0500] "GET /BLA/boletinlegal/js/jquery.scrollTo-min.js HTTP/1.1" 200 1150
201.244.40.89 - - [01/Dec/2014:00:56:18 -0500] "GET /BLA/boletinlegal/js/jquery.scrollShow.js HTTP/1.1" 200 4586
66.249.65.115 - - [01/Dec/2014:00:56:48 -0500] "GET /BLA/resoluciones/AUTOS%202008/0906.pdf HTTP/1.1" 304 -
74.86.158.107 - - [01/Dec/2014:00:56:49 -0500] "HEAD / HTTP/1.1" 302 -
190.159.61.21 - - [01/Dec/2014:00:57:15 -0500] "GET /BLA/boletinlegal/js/jquery.scrollShow.js HTTP/1.1" 200 4586
190.159.61.21 - - [01/Dec/2014:00:57:15 -0500] "GET /BLA/boletinlegal/js/jquery.scrollTo-min.js HTTP/1.1" 200 1150
190.159.61.21 - - [01/Dec/2014:00:57:15 -0500] "GET /BLA/boletinlegal/js/jquery.js HTTP/1.1" 200 57254
188.165.15.239 - - [01/Dec/2014:00:57:20 -0500] "GET /BLA/resoluciones/RESOLUCIONES%202002/RES%202002%201901-1950/20021935.tif HTTP/1.1" 200 67512
66.249.65.119 - - [01/Dec/2014:00:57:48 -0500] "GET /BLA/resoluciones/RESOLUCIONES%202011/4658.pdf HTTP/1.1" 200 435011
188.165.15.87 - - [01/Dec/2014:00:58:00 -0500] "GET /BLA/resoluciones/RESOLUCIONES%202005/RES%202005%202851-2900/00002890.tif HTTP/1.1" 200 245200
188.165.15.23 - - [01/Dec/2014:00:58:00 -0500] "GET /BLA/resoluciones/RESOLUCIONES%202002/RES%202002%201051-1100/00001089.tif HTTP/1.1" 200 153772
188.165.15.235 - - [01/Dec/2014:00:58:34 -0500] "GET /BLA/resoluciones/RESOLUCIONES%202006/RES%202006%201901-1950/00001912.tif HTTP/1.1" 200 65094
66.249.65.115 - - [01/Dec/2014:00:58:49 -0500] "GET /BLA/resoluciones/RESOLUCIONES%202010/6673.pdf HTTP/1.1" 304 -
201.245.192.253 - - [01/Dec/2014:00:59:42 -0500] "GET /v/ZuASj_t0kH0?adformat=2_9&version=3&showinfo=0&rel=0&controls=1&iv_load_policy=1 HTTP/1.1" 404 1121
66.249.65.119 - - [01/Dec/2014:00:59:49 -0500] "GET /BLA/resoluciones/RESOLUCIONES%202007/RES%202007%20301%20AL%20400/RESOLUCION%200370%20DE%202007.pdf HTTP/1.1" 304 -
157.55.39.13 - - [01/Dec/2014:01:00:25 -0500] "GET /sinmi1/ HTTP/1.1" 404 1019
186.82.111.128 - - [01/Dec/2014:01:00:41 -0500] "GET /BLA/boletinlegal/js/jquery.scrollTo-min.js HTTP/1.1" 200 1150
186.82.111.128 - - [01/Dec/2014:01:00:42 -0500] "GET /BLA/boletinlegal/js/jquery.js HTTP/1.1" 200 57254
186.82.111.128 - - [01/Dec/2014:01:00:42 -0500] "GET /BLA/boletinlegal/js/jquery.scrollShow.js HTTP/1.1" 200 4586
66.249.65.115 - - [01/Dec/2014:01:00:50 -0500] "GET /BLA/resoluciones/AUTOS%202010/0708.pdf HTTP/1.1" 304 -
66.249.65.123 - - [01/Dec/2014:01:00:55 -0500] "GET /BLA/resoluciones/RESOLUCIONES%202008/0436.pdf HTTP/1.1" 200 256006
123.125.71.39 - - [01/Dec/2014:01:01:08 -0500] "GET / HTTP/1.1" 302 -
201.245.192.253 - - [01/Dec/2014:01:01:38 -0500] "GET /fr/u.php?p=441981302501808&m=c0136033-e922-4c7d-acf3-74838199f2b0 HTTP/1.1" 404 1288
74.86.158.107 - - [01/Dec/2014:01:01:49 -0500] "HEAD / HTTP/1.1" 302 -
66.249.65.119 - - [01/Dec/2014:01:01:50 -0500] "GET /BLA/resoluciones/AUTOS%202012/1330.pdf HTTP/1.1" 304 -
186.85.37.218 - - [01/Dec/2014:01:01:54 -0500] "GET /BLA/boletinlegal/js/jquery.scrollTo-min.js HTTP/1.1" 200 1150
186.85.37.218 - - [01/Dec/2014:01:01:54 -0500] "GET /BLA/boletinlegal/js/jquery.scrollShow.js HTTP/1.1" 200 4586
186.85.37.218 - - [01/Dec/2014:01:01:54 -0500] "GET /BLA/boletinlegal/js/jquery.js HTTP/1.1" 200 57254
108.246.78.61 - - [01/Dec/2014:01:02:03 -0500] "GET /BLA/boletinlegal/js/jquery.js HTTP/1.0" 200 57254
108.246.78.61 - - [01/Dec/2014:01:02:06 -0500] "GET /BLA/boletinlegal/js/jquery.scrollTo-min.js HTTP/1.0" 200 1150
220.181.108.106 - - [01/Dec/2014:01:02:18 -0500] "GET / HTTP/1.1" 302 -
187.143.229.118 - - [01/Dec/2014:01:02:23 -0500] "GET /BLA/boletinlegal/js/jquery.js HTTP/1.1" 200 57254
187.143.229.118 - - [01/Dec/2014:01:02:23 -0500] "GET /BLA/boletinlegal/js/jquery.scrollTo-min.js HTTP/1.1" 200 1150
187.143.229.118 - - [01/Dec/2014:01:02:23 -0500] "GET /BLA/boletinlegal/js/jquery.scrollShow.js HTTP/1.1" 200 4586
66.249.65.123 - - [01/Dec/2014:01:02:51 -0500] "GET /BLA/resoluciones/RESOLUCIONES%202012/0885.pdf HTTP/1.1" 304 -
181.50.40.24 - - [01/Dec/2014:01:03:06 -0500] "GET /BLA/boletinlegal/js/jquery.js HTTP/1.1" 200 57254
181.50.40.24 - - [01/Dec/2014:01:03:06 -0500] "GET /BLA/boletinlegal/js/jquery.scrollTo-min.js HTTP/1.1" 200 1150
181.50.40.24 - - [01/Dec/2014:01:03:06 -0500] "GET /BLA/boletinlegal/js/jquery.scrollShow.js HTTP/1.1" 200 4586
188.165.15.61 - - [01/Dec/2014:01:03:22 -0500] "GET /BLA/resoluciones/RESOLUCIONES%202002/RES%202002%201451-1500/20021459.tif HTTP/1.1" 200 39822
66.249.65.123 - - [01/Dec/2014:01:03:51 -0500] "GET /BLA/resoluciones/RESOLUCIONES%202013/0029.pdf HTTP/1.1" 304 -
66.249.65.119 - - [01/Dec/2014:01:04:52 -0500] "GET /BLA/resoluciones/AUTOS%202012/0727.pdf HTTP/1.1" 304 -
180.76.5.145 - - [01/Dec/2014:01:05:19 -0500] "GET /BLA/resoluciones/AUTOS%202007/2678.pdf HTTP/1.1" 200 369926
188.165.15.41 - - [01/Dec/2014:01:05:27 -0500] "GET /BLA/resoluciones/RESOLUCIONES%202004/RES%202004%20601-650/00000602.tif HTTP/1.1" 200 179824
66.249.65.123 - - [01/Dec/2014:01:05:52 -0500] "GET /BLA/resoluciones/RESOLUCIONES%202010/6711.pdf HTTP/1.1" 304 -
180.76.5.73 - - [01/Dec/2014:01:06:06 -0500] "GET /BLA/resoluciones/AUTOS%202007/1231.pdf HTTP/1.1" 200 279181
186.80.58.213 - - [01/Dec/2014:01:06:36 -0500] "GET /BLA/boletinlegal/js/jquery.js HTTP/1.1" 200 57254
186.80.58.213 - - [01/Dec/2014:01:06:36 -0500] "GET /BLA/boletinlegal/js/jquery.scrollTo-min.js HTTP/1.1" 200 1150
186.80.58.213 - - [01/Dec/2014:01:06:36 -0500] "GET /BLA/boletinlegal/js/jquery.scrollShow.js HTTP/1.1" 200 4586
66.249.65.115 - - [01/Dec/2014:01:06:38 -0500] "GET /BLA/resoluciones/RESOLUCIONES%202003/RES%202003%20551-600/570.tif HTTP/1.1" 200 109852
74.86.158.107 - - [01/Dec/2014:01:06:49 -0500] "HEAD / HTTP/1.1" 302 -
66.249.65.123 - - [01/Dec/2014:01:06:53 -0500] "GET /BLA/resoluciones/RESOLUCIONES%202007/RES%202007%20501%20AL%20600/RESOLUCION%200536%20DE%202007.pdf HTTP/1.1" 304 -
180.76.5.154 - - [01/Dec/2014:01:06:54 -0500] "GET /BLA/resoluciones/AUTOS%202007/2465.pdf HTTP/1.1" 200 92092
186.85.179.213 - - [01/Dec/2014:01:07:00 -0500] "GET /videos/EMPRESASPREAD2013.flv HTTP/1.1" 200 40598582
188.165.15.110 - - [01/Dec/2014:01:07:20 -0500] "GET /BLA/resoluciones/index.php?dir=RESOLUCIONES%202005/RES%202005%201-50/&sort=name&order=asc HTTP/1.1" 200 12563
180.76.5.145 - - [01/Dec/2014:01:07:41 -0500] "GET /BLA/resoluciones/AUTOS%202011/4306.pdf HTTP/1.1" 200 165885
66.249.65.123 - - [01/Dec/2014:01:07:53 -0500] "GET /BLA/resoluciones/RESOLUCIONES%202009/0465.pdf HTTP/1.1" 304 -
152.61.128.66 - - [01/Dec/2014:01:08:10 -0500] "HEAD / HTTP/1.1" 302 -
152.61.128.66 - - [01/Dec/2014:01:08:10 -0500] "GET /arcgis/services/Calidad_del_Agua_WQI/MapServer/WMSServer?request=GetCapabilities&service=WMS HTTP/1.1" 200 32135
152.61.128.66 - - [01/Dec/2014:01:08:14 -0500] "GET /arcgis/services/Calidad_del_Agua_WQI/MapServer/WMSServer?request=GetCapabilities&service=WMS HTTP/1.0" 200 32135
152.61.128.66 - - [01/Dec/2014:01:08:15 -0500] "GET /arcgis/services/Calidad_del_Agua_WQI/MapServer/WMSServer?request=GetCapabilities&service=WMS HTTP/1.0" 200 32135
188.165.15.152 - - [01/Dec/2014:01:08:16 -0500] "GET /BLA/resoluciones/RESOLUCIONES%202004/RES%202004%201251-1300/00001299.tif HTTP/1.1" 200 98730
152.61.128.66 - - [01/Dec/2014:01:08:16 -0500] "GET /arcgis/services/Calidad_del_Agua_WQI/MapServer/WMSServer?request=GetCapabilities&service=WMS HTTP/1.0" 200 32135
152.61.128.66 - - [01/Dec/2014:01:08:17 -0500] "GET /arcgis/services/Calidad_del_Agua_WQI/MapServer/WMSServer?VERSION=1.1.1&REQUEST=GetMap&LAYERS=0&SRS=EPSG:4326&BBOX=-74.473395,3.674381,-73.963300,4.920569&WIDTH=250&HEIGHT=250&FORMAT=image/bmp&STYLES=& HTTP/1.1" 200 188054
152.61.128.66 - - [01/Dec/2014:01:08:25 -0500] "HEAD / HTTP/1.1" 302 -
152.61.128.66 - - [01/Dec/2014:01:08:26 -0500] "GET /arcgis/services/Calidad_del_Agua_WQI/MapServer/WMSServer?SERVICE=WMS&REQUEST=GetCapabilities HTTP/1.1" 200 32135
152.61.128.66 - - [01/Dec/2014:01:08:26 -0500] "GET /arcgis/services/Calidad_del_Agua_WQI/MapServer/WMSServer?SERVICE=WMS&REQUEST=GetCapabilities HTTP/1.0" 200 32135
152.61.128.66 - - [01/Dec/2014:01:08:27 -0500] "GET /arcgis/services/Calidad_del_Agua_WQI/MapServer/WMSServer?SERVICE=WMS&REQUEST=GetCapabilities HTTP/1.0" 200 32135
180.76.6.149 - - [01/Dec/2014:01:08:29 -0500] "GET /BLA/resoluciones/AUTOS%202011/3058.pdf HTTP/1.1" 200 225757
152.61.128.66 - - [01/Dec/2014:01:08:28 -0500] "GET /arcgis/services/Calidad_del_Agua_WQI/MapServer/WMSServer?SERVICE=WMS&REQUEST=GetCapabilities HTTP/1.0" 200 32135
152.61.128.66 - - [01/Dec/2014:01:08:29 -0500] "GET /arcgis/services/Calidad_del_Agua_WQI/MapServer/WMSServer?VERSION=1.1.1&REQUEST=GetMap&LAYERS=0&SRS=EPSG:4326&BBOX=-74.473395,3.674381,-73.963300,4.920569&WIDTH=250&HEIGHT=250&FORMAT=image/bmp&STYLES=& HTTP/1.1" 200 188054
188.165.15.87 - - [01/Dec/2014:01:08:47 -0500] "GET /BLA/resoluciones/RESOLUCIONES%202004/RES%202004%201801-1850/00001831.tif HTTP/1.1" 200 172310
66.249.65.119 - - [01/Dec/2014:01:08:54 -0500] "GET /BLA/resoluciones/RESOLUCIONES%202007/RES%202007%20301%20AL%20400/RESOLUCION%200382%20DE%202007.pdf HTTP/1.1" 200 312761
188.165.15.152 - - [01/Dec/2014:01:08:57 -0500] "GET /BLA/resoluciones/RESOLUCIONES%202006/RES%202006%202751-2800/00002767.tif HTTP/1.1" 200 288372
188.165.15.87 - - [01/Dec/2014:01:09:01 -0500] "GET /BLA/resoluciones/RESOLUCIONES%202005/RES%202005%201301-1350/00001315.tif HTTP/1.1" 200 243824
180.76.6.29 - - [01/Dec/2014:01:09:16 -0500] "GET /BLA/resoluciones/AUTOS%202011/3046.pdf HTTP/1.1" 200 653682
66.249.65.115 - - [01/Dec/2014:01:09:54 -0500] "GET /BLA/resoluciones/RESOLUCIONES%202007/RES%202007%20401%20AL%20500/RESOLUCION%200430%20DE%202007.pdf HTTP/1.1" 200 654936
180.76.6.52 - - [01/Dec/2014:01:10:03 -0500] "GET /BLA/resoluciones/RESOLUCIONES%202008/1609.pdf HTTP/1.1" 200 265940
181.133.7.133 - - [01/Dec/2014:01:10:08 -0500] "GET /BLA/boletinlegal/js/jquery.scrollShow.js HTTP/1.1" 200 4586
181.133.7.133 - - [01/Dec/2014:01:10:08 -0500] "GET /BLA/boletinlegal/js/jquery.js HTTP/1.1" 200 57254
181.133.7.133 - - [01/Dec/2014:01:10:08 -0500] "GET /BLA/boletinlegal/js/jquery.scrollTo-min.js HTTP/1.1" 200 1150
66.249.65.115 - - [01/Dec/2014:01:10:17 -0500] "GET /BLA/resoluciones/RESOLUCIONES%202009/0265.pdf HTTP/1.1" 200 169597
66.249.65.119 - - [01/Dec/2014:01:10:55 -0500] "GET /BLA/resoluciones/RESOLUCIONES%202007/RES%202007%202501%20AL%202600/RESOLUCION%202568%20DE%202007.pdf HTTP/1.1" 200 881404
188.165.15.87 - - [01/Dec/2014:01:10:58 -0500] "GET /BLA/resoluciones/RESOLUCIONES%202004/RES%202004%201451-1500/00001465.tif HTTP/1.1" 200 161204
179.14.88.205 - - [01/Dec/2014:01:11:08 -0500] "GET /BLA/boletinlegal/js/jquery.js HTTP/1.1" 200 57254
179.14.88.205 - - [01/Dec/2014:01:11:09 -0500] "GET /BLA/boletinlegal/js/jquery.scrollTo-min.js HTTP/1.1" 200 1150
179.14.88.205 - - [01/Dec/2014:01:11:09 -0500] "GET /BLA/boletinlegal/js/jquery.scrollShow.js HTTP/1.1" 200 4586
74.86.158.107 - - [01/Dec/2014:01:11:48 -0500] "HEAD / HTTP/1.1" 302 -
188.165.15.61 - - [01/Dec/2014:01:11:53 -0500] "GET /BLA/resoluciones/RESOLUCIONES%202002/RES%202002%20851-900/00000851.tif HTTP/1.1" 200 97676
66.249.65.115 - - [01/Dec/2014:01:11:55 -0500] "GET /BLA/resoluciones/RESOLUCIONES%202010/7609.pdf HTTP/1.1" 200 65925
188.165.15.61 - - [01/Dec/2014:01:12:52 -0500] "GET /BLA/resoluciones/RESOLUCIONES%202002/RES%202002%20801-850/00000846.tif HTTP/1.1" 200 69764
190.240.226.70 - - [01/Dec/2014:01:12:55 -0500] "GET /BLA/boletinlegal/js/jquery.js HTTP/1.1" 200 57254
190.240.226.70 - - [01/Dec/2014:01:12:55 -0500] "GET /BLA/boletinlegal/js/jquery.scrollTo-min.js HTTP/1.1" 200 1150
190.240.226.70 - - [01/Dec/2014:01:12:55 -0500] "GET /BLA/boletinlegal/js/jquery.scrollShow.js HTTP/1.1" 200 4586
66.249.65.119 - - [01/Dec/2014:01:12:56 -0500] "GET /BLA/resoluciones/RESOLUCIONES%202011/1401.pdf HTTP/1.1" 200 63863
190.240.226.70 - - [01/Dec/2014:01:12:56 -0500] "GET /hidrico/aguas%20subterraneas/ HTTP/1.1" 404 1296
188.165.15.78 - - [01/Dec/2014:01:13:07 -0500] "GET /BLA/resoluciones/RESOLUCIONES%202004/RES%202004%201851-1900/00001860.tif HTTP/1.1" 200 155916
188.165.15.239 - - [01/Dec/2014:01:13:12 -0500] "GET /manual_funciones_Listado/index.php?dir=2.3.2.%20Subdirecci%C3%83%C2%83%C3%82%C2%B3n%20de%20Ecosistemas%20y%20Ruralidad/&sort=date&order=desc HTTP/1.1" 404 1018
50.97.161.229 - - [01/Dec/2014:01:13:24 -0500] "GET / HTTP/1.1" 302 -
186.154.84.82 - - [01/Dec/2014:01:13:28 -0500] "GET /forest/session.jsp?a=0.4297985795419663 HTTP/1.1" 200 4
190.240.226.70 - - [01/Dec/2014:01:13:37 -0500] "GET /hidrico/aguas%20subterraneas/ HTTP/1.1" 404 1296
190.240.226.70 - - [01/Dec/2014:01:13:41 -0500] "GET /hidrico/aguas%20subterraneas/ HTTP/1.1" 404 1296
201.245.192.253 - - [01/Dec/2014:01:13:42 -0500] "GET /plugins/like.php?action=like&app_id=117783761627229&channel=http%3A%2F%2Fstatic.ak.facebook.com%2Fconnect%2Fxd_arbiter%2F7r8gQb8MIqE.js%3Fversion%3D41%23cb%3Df265fee628%26domain%3Dwww.buenastareas.com%26origin%3Dhttp%253A%252F%252Fwww.buenastareas.com%252Ff1f8bdb714%26relation%3Dparent.parent&href=http%3A%2F%2Fwww.facebook.com%2FBuenasTareas&layout=box_count&locale=es_ES&sdk=joey&share=false&show_faces=false&width=100 HTTP/1.1" 404 1378
190.240.226.70 - - [01/Dec/2014:01:13:45 -0500] "GET /BLA/boletinlegal/js/jquery.js HTTP/1.1" 304 -
190.240.226.70 - - [01/Dec/2014:01:13:45 -0500] "GET /BLA/boletinlegal/js/jquery.scrollShow.js HTTP/1.1" 304 -
190.240.226.70 - - [01/Dec/2014:01:13:45 -0500] "GET /BLA/boletinlegal/js/jquery.scrollTo-min.js HTTP/1.1" 304 -
190.240.226.70 - - [01/Dec/2014:01:13:45 -0500] "GET /hidrico/aguas%20subterraneas/ HTTP/1.1" 404 1296
66.249.65.115 - - [01/Dec/2014:01:13:56 -0500] "GET /BLA/resoluciones/RESOLUCIONES%202007/RES%202007%201501%20AL%201600/RESOLUCION%201557%20DE%202007.pdf HTTP/1.1" 200 765453
180.76.5.147 - - [01/Dec/2014:01:14:33 -0500] "GET /BLA/resoluciones/AUTOS%202012/0139.pdf HTTP/1.1" 200 168710
66.249.65.115 - - [01/Dec/2014:01:14:57 -0500] "GET /BLA/resoluciones/RESOLUCIONES%202009/5870.pdf HTTP/1.1" 304 -
66.249.65.115 - - [01/Dec/2014:01:15:10 -0500] "GET /BLA/resoluciones/RESOLUCIONES%202002/RES%202002%201151-1200/20021170.tif HTTP/1.1" 200 73538
180.76.5.75 - - [01/Dec/2014:01:15:20 -0500] "GET /BLA/resoluciones/AUTOS%202007/1536.pdf HTTP/1.1" 200 182603
66.249.65.123 - - [01/Dec/2014:01:15:57 -0500] "GET /BLA/resoluciones/RESOLUCIONES%202008/0707.pdf HTTP/1.1" 304 -
180.76.5.73 - - [01/Dec/2014:01:16:08 -0500] "GET /BLA/resoluciones/RESOLUCIONES%202010/1837.pdf HTTP/1.1" 200 492199
74.86.158.107 - - [01/Dec/2014:01:16:48 -0500] "HEAD / HTTP/1.1" 302 -
180.76.6.40 - - [01/Dec/2014:01:16:55 -0500] "GET /BLA/resoluciones/AUTOS%202007/2078.pdf HTTP/1.1" 200 491821
66.249.65.123 - - [01/Dec/2014:01:16:58 -0500] "GET /BLA/resoluciones/RESOLUCIONES%202009/8851.pdf HTTP/1.1" 304 -
180.76.5.175 - - [01/Dec/2014:01:17:43 -0500] "GET /Autoliquidacion/Fauna%20Silvestre/APLICATIVO%20DE%20LIQUIDACI%D3N%20COSTOS%20(FAUNA%20SILVESTRE%202014%20DEFINITIVO).xls HTTP/1.1" 403 1006
188.165.15.239 - - [01/Dec/2014:01:17:49 -0500] "GET /BLA/resoluciones/index.php?dir=RESOLUCIONES%202003/RES%202003%20251-300/&sort=name&order=desc HTTP/1.1" 200 11114
66.249.65.115 - - [01/Dec/2014:01:17:58 -0500] "GET /BLA/resoluciones/RESOLUCIONES%202009/6815.pdf HTTP/1.1" 200 410996
186.154.84.82 - - [01/Dec/2014:01:18:29 -0500] "GET /forest/session.jsp?a=0.7947985760401934 HTTP/1.1" 200 4
66.249.65.115 - - [01/Dec/2014:01:18:59 -0500] "GET /BLA/resoluciones/RESOLUCIONES%202007/RES%202007%20401%20AL%20500/RESOLUCION%200448%20DE%202007.pdf HTTP/1.1" 304 -
188.165.15.23 - - [01/Dec/2014:01:19:23 -0500] "GET /BLA/resoluciones/RESOLUCIONES%202004/RES%202004%201101-1150/00001125.tif HTTP/1.1" 200 132422
66.249.75.67 - - [01/Dec/2014:01:19:38 -0500] "GET /BLA/resoluciones/RESOLUCIONES%202009/6434.pdf HTTP/1.1" 200 436137
66.249.65.59 - - [01/Dec/2014:01:19:59 -0500] "GET /Anexos%20estudio%20Organizacional%20SDA/ANEXO%20No.%201-%20NORMAS%20LEGALES%20DE%20ESTRUCTURA%20Y%20PLANTA/Decreto%20673%20de%201995%20Reestructura%20el%20DAMA.htm HTTP/1.1" 304 -
66.249.65.119 - - [01/Dec/2014:01:20:13 -0500] "GET /galeria/nivo-slider/demo/demo.html HTTP/1.1" 200 3458
66.249.65.119 - - [01/Dec/2014:01:20:16 -0500] "GET /galeria/nivo-slider/themes/default/default.css HTTP/1.1" 200 1569
66.249.65.119 - - [01/Dec/2014:01:20:16 -0500] "GET /galeria/nivo-slider/nivo-slider.css HTTP/1.1" 200 1507
66.249.65.119 - - [01/Dec/2014:01:20:17 -0500] "GET /galeria/nivo-slider/demo/style.css HTTP/1.1" 200 2222
66.249.65.123 - - [01/Dec/2014:01:20:17 -0500] "GET /galeria/nivo-slider/themes/orman/orman.css HTTP/1.1" 200 2152
66.249.65.119 - - [01/Dec/2014:01:20:18 -0500] "GET /galeria/nivo-slider/jquery.nivo.slider.pack.js HTTP/1.1" 200 11561
66.249.65.115 - - [01/Dec/2014:01:20:19 -0500] "GET /galeria/nivo-slider/demo/scripts/jquery-1.7.1.min.js HTTP/1.1" 200 93868
66.249.65.115 - - [01/Dec/2014:01:20:20 -0500] "GET /galeria/nivo-slider/themes/pascal/pascal.css HTTP/1.1" 200 2258
188.165.15.110 - - [01/Dec/2014:01:20:41 -0500] "GET /BLA/resoluciones/RESOLUCIONES%202006/RES%202006%20851-900/00000851.tif HTTP/1.1" 200 307206
66.249.65.123 - - [01/Dec/2014:01:21:00 -0500] "GET /BLA/resoluciones/AUTOS%202012/2540.pdf HTTP/1.1" 304 -
201.245.192.253 - - [01/Dec/2014:01:21:04 -0500] "GET /plugins/likebox.php?href=http%3A%2F%2Fwww.facebook.com%2Femagister&width=250&colorscheme=light&show_faces=true&stream=false&header=false&height=259 HTTP/1.1" 404 1334
201.245.192.253 - - [01/Dec/2014:01:21:11 -0500] "GET /dialog/oauth?api_key=119752428121553&app_id=119752428121553&channel_url=https%3A%2F%2Fs-static.ak.fbcdn.net%2Fconnect%2Fxd_proxy.php%3Fversion%3D3%23cb%3Df22a53458d429f2%26origin%3Dhttp%253A%252F%252Fwww.mailxmail.com%252Ff2f9c2024d3ea56%26relation%3Dparent.parent%26transport%3Dpostmessage&client_id=119752428121553&display=none&locale=es_ES&origin=1&redirect_uri=https%3A%2F%2Fs-static.ak.fbcdn.net%2Fconnect%2Fxd_proxy.php%3Fversion%3D3%23cb%3Df902d3e5fcd148%26origin%3Dhttp%253A%252F%252Fwww.mailxmail.com%252Ff2f9c2024d3ea56%26relation%3Dparent%26transport%3Dpostmessage%26frame%3Df18def13d3b6764&response_type=token%2Csigned_request%2Ccode&sdk=joey HTTP/1.1" 404 1334
201.245.192.253 - - [01/Dec/2014:01:21:11 -0500] "GET /plugins/like.php?api_key=119752428121553&channel_url=https%3A%2F%2Fs-static.ak.fbcdn.net%2Fconnect%2Fxd_proxy.php%3Fversion%3D3%23cb%3Df164782eefb295%26origin%3Dhttp%253A%252F%252Fwww.mailxmail.com%252Ff2f9c2024d3ea56%26relation%3Dparent.parent%26transport%3Dpostmessage&extended_social_context=false&href=http://www.mailxmail.com/curso-hojas-calculo-excel/graficos-excel&layout=button_count&locale=es_ES&node_type=link&sdk=joey&send=false&show_faces=false&width=120 HTTP/1.1" 404 1334
181.140.37.163 - - [01/Dec/2014:01:21:33 -0500] "GET /BLA/boletinlegal/js/jquery.js HTTP/1.1" 200 57254
181.140.37.163 - - [01/Dec/2014:01:21:33 -0500] "GET /BLA/boletinlegal/js/jquery.scrollTo-min.js HTTP/1.1" 200 1150
181.140.37.163 - - [01/Dec/2014:01:21:33 -0500] "GET /BLA/boletinlegal/js/jquery.scrollShow.js HTTP/1.1" 200 4586
74.86.158.107 - - [01/Dec/2014:01:21:48 -0500] "HEAD / HTTP/1.1" 302 -
66.249.65.123 - - [01/Dec/2014:01:22:00 -0500] "GET /BLA/resoluciones/AUTOS%202013/2560.pdf HTTP/1.1" 200 1787539
190.165.96.228 - - [01/Dec/2014:01:22:18 -0500] "GET /BLA/boletinlegal/js/jquery.scrollTo-min.js HTTP/1.1" 200 1150
190.165.96.228 - - [01/Dec/2014:01:22:19 -0500] "GET /BLA/boletinlegal/js/jquery.scrollShow.js HTTP/1.1" 200 4586
190.165.96.228 - - [01/Dec/2014:01:22:19 -0500] "GET /BLA/boletinlegal/js/jquery.js HTTP/1.1" 200 57254
180.76.5.144 - - [01/Dec/2014:01:22:33 -0500] "GET /BLA/resoluciones/AUTOS%202007/0700.pdf HTTP/1.1" 200 94955
188.165.15.110 - - [01/Dec/2014:01:22:53 -0500] "GET /BLA/resoluciones/RESOLUCIONES%202005/RES%202005%20551-600/00000577.tif HTTP/1.1" 200 119182
66.249.65.119 - - [01/Dec/2014:01:23:01 -0500] "GET /BLA/resoluciones/RESOLUCIONES%202007/RES%202007%203301%20AL%203400/RESOLUCION%203334%20DE%202007.pdf HTTP/1.1" 200 1247157
186.87.254.1 - - [01/Dec/2014:01:23:13 -0500] "GET /BLA/resoluciones/RESOLUCIONES%202011/5794.pdf HTTP/1.1" 200 495227
186.87.254.1 - - [01/Dec/2014:01:23:17 -0500] "GET /BLA/resoluciones/RESOLUCIONES%202011/5794.pdf HTTP/1.1" 206 32768
186.87.254.1 - - [01/Dec/2014:01:23:17 -0500] "GET /BLA/resoluciones/RESOLUCIONES%202011/5794.pdf HTTP/1.1" 206 462459
201.190.18.61 - - [01/Dec/2014:01:23:18 -0500] "GET /BLA/boletinlegal/js/jquery.scrollTo-min.js HTTP/1.1" 200 1150
201.190.18.61 - - [01/Dec/2014:01:23:18 -0500] "GET /BLA/boletinlegal/js/jquery.js HTTP/1.1" 200 57254
201.190.18.61 - - [01/Dec/2014:01:23:18 -0500] "GET /BLA/boletinlegal/js/jquery.scrollShow.js HTTP/1.1" 200 4586
186.87.254.1 - - [01/Dec/2014:01:23:21 -0500] "GET /favicon.ico HTTP/1.1" 200 7782
186.154.84.82 - - [01/Dec/2014:01:23:30 -0500] "GET /forest/session.jsp?a=0.2178404328878969 HTTP/1.1" 200 4
66.249.65.119 - - [01/Dec/2014:01:24:01 -0500] "GET /BLA/resoluciones/RESOLUCIONES%202013/2054.pdf HTTP/1.1" 200 726789
66.249.65.119 - - [01/Dec/2014:01:25:02 -0500] "GET /BLA/resoluciones/RESOLUCIONES%202007/RES%202007%204001%20AL%204100/RESOLUCION%204093%20DE%202007.pdf HTTP/1.1" 304 -
104.154.18.254 - - [01/Dec/2014:01:25:27 -0500] "GET /galeria/carrusel/Carrusel/jquery.thumbnailScroller.css HTTP/1.1" 200 2066
104.154.18.254 - - [01/Dec/2014:01:25:27 -0500] "GET /BLA/boletinlegal/js/jquery.js HTTP/1.1" 200 57254
104.154.18.254 - - [01/Dec/2014:01:25:27 -0500] "GET /BLA/boletinlegal/js/jquery.scrollShow.js HTTP/1.1" 200 4586
104.154.18.254 - - [01/Dec/2014:01:25:27 -0500] "GET /BLA/boletinlegal/js/jquery.scrollTo-min.js HTTP/1.1" 200 1150
104.154.18.254 - - [01/Dec/2014:01:25:27 -0500] "GET /galeria/carrusel/Carrusel/jquery-ui-1.8.13.custom.min.js HTTP/1.1" 200 10800
104.154.18.254 - - [01/Dec/2014:01:25:27 -0500] "GET /galeria/carrusel/Carrusel/jquery.thumbnailScroller.js HTTP/1.1" 200 8157
190.24.49.174 - - [01/Dec/2014:01:25:39 -0500] "GET /BLA/boletinlegal/js/jquery.js HTTP/1.1" 200 57254
190.24.49.174 - - [01/Dec/2014:01:25:39 -0500] "GET /BLA/boletinlegal/js/jquery.scrollTo-min.js HTTP/1.1" 200 1150
190.24.49.174 - - [01/Dec/2014:01:25:39 -0500] "GET /BLA/boletinlegal/js/jquery.scrollShow.js HTTP/1.1" 200 4586
190.24.49.174 - - [01/Dec/2014:01:25:39 -0500] "GET /galeria/carrusel/Carrusel/jquery.thumbnailScroller.css HTTP/1.1" 200 2066
190.24.49.174 - - [01/Dec/2014:01:25:39 -0500] "GET /galeria/carrusel/Carrusel/jquery-ui-1.8.13.custom.min.js HTTP/1.1" 200 10800
190.24.49.174 - - [01/Dec/2014:01:25:40 -0500] "GET /galeria/carrusel/Carrusel/jquery.thumbnailScroller.js HTTP/1.1" 200 8157
190.24.49.174 - - [01/Dec/2014:01:25:47 -0500] "GET /galeria/carrusel/Carrusel/jquery.thumbnailScroller.js HTTP/1.1" 200 8157
66.249.65.115 - - [01/Dec/2014:01:26:02 -0500] "GET /autoliquidacion/TR%C3%81MITES%20VERTIMIENTOS/PERMISOS%20DE%20VERTIMIENTOS/ANEXO%20%205.%20%20MATRIZ%20PAR%C3%81METRSO%20ACTIVDADES%20PRODUCTIVAS.xls HTTP/1.1" 304 -
152.61.193.99 - - [01/Dec/2014:01:26:15 -0500] "HEAD / HTTP/1.1" 302 -
152.61.193.99 - - [01/Dec/2014:01:26:15 -0500] "GET /arcgis/services/Calidad_del_Agua_WQI/MapServer/WMSServer?request=GetCapabilities&service=WMS HTTP/1.1" 200 32135
152.61.193.99 - - [01/Dec/2014:01:26:16 -0500] "GET /arcgis/services/Calidad_del_Agua_WQI/MapServer/WMSServer?request=GetCapabilities&service=WMS HTTP/1.1" 200 32135
152.61.193.99 - - [01/Dec/2014:01:26:16 -0500] "GET /arcgis/services/Calidad_del_Agua_WQI/MapServer/WMSServer?request=GetCapabilities&service=WMS HTTP/1.1" 200 32135
152.61.193.99 - - [01/Dec/2014:01:26:17 -0500] "GET /arcgis/services/Calidad_del_Agua_WQI/MapServer/WMSServer?request=GetCapabilities&service=WMS HTTP/1.1" 200 32135
152.61.193.99 - - [01/Dec/2014:01:26:18 -0500] "GET /arcgis/services/Calidad_del_Agua_WQI/MapServer/WMSServer?VERSION=1.1.1&REQUEST=GetMap&LAYERS=0&SRS=EPSG:4326&BBOX=-74.473395,3.674381,-73.963300,4.920569&WIDTH=250&HEIGHT=250&FORMAT=image/bmp&STYLES=& HTTP/1.1" 200 188054
186.145.176.23 - - [01/Dec/2014:01:26:20 -0500] "GET /BLA/resoluciones/RESOLUCIONES%202007/RES%202007%202401%20AL%202500/RESOLUCION%202412%20DE%202007.pdf HTTP/1.1" 200 699195
186.145.176.23 - - [01/Dec/2014:01:26:22 -0500] "GET /BLA/resoluciones/RESOLUCIONES%202007/RES%202007%202401%20AL%202500/RESOLUCION%202412%20DE%202007.pdf HTTP/1.1" 206 32768
186.145.176.23 - - [01/Dec/2014:01:26:22 -0500] "GET /BLA/resoluciones/RESOLUCIONES%202007/RES%202007%202401%20AL%202500/RESOLUCION%202412%20DE%202007.pdf HTTP/1.1" 206 666427
186.145.176.23 - - [01/Dec/2014:01:26:24 -0500] "GET /favicon.ico HTTP/1.1" 200 7782
74.86.158.107 - - [01/Dec/2014:01:26:48 -0500] "HEAD / HTTP/1.1" 302 -
66.249.65.123 - - [01/Dec/2014:01:27:03 -0500] "GET /BLA/resoluciones/index.php?dir=RESOLUCIONES%202004/RES%202004%201801-1850/&sort=size&order=asc HTTP/1.1" 200 12358
188.165.15.239 - - [01/Dec/2014:01:27:19 -0500] "GET /BLA/resoluciones/RESOLUCIONES%202005/RES%202005%202851-2900/00002871.tif HTTP/1.1" 200 381196
66.249.65.119 - - [01/Dec/2014:01:28:03 -0500] "GET /BLA/resoluciones/AUTOS%202008/2614.pdf HTTP/1.1" 200 94007
188.165.15.181 - - [01/Dec/2014:01:28:13 -0500] "GET /BLA/resoluciones/RESOLUCIONES%202003/RES%202003%202051-2100/00002070.tif HTTP/1.1" 200 45782
188.165.15.152 - - [01/Dec/2014:01:28:42 -0500] "GET /BLA/resoluciones/RESOLUCIONES%202006/RES%202006%201851-1900/00001888.tif HTTP/1.1" 200 46128
66.249.65.115 - - [01/Dec/2014:01:29:00 -0500] "GET /BLA/resoluciones/RESOLUCIONES%202009/0166.pdf HTTP/1.1" 200 23519
188.165.15.23 - - [01/Dec/2014:01:29:00 -0500] "GET /BLA/resoluciones/index.php?dir=RESOLUCIONES%202002/&sort=name&order=asc HTTP/1.1" 200 11295
66.249.65.119 - - [01/Dec/2014:01:29:04 -0500] "GET /BLA/resoluciones/RESOLUCIONES%202009/4554.pdf HTTP/1.1" 200 642623
190.249.38.144 - - [01/Dec/2014:01:29:12 -0500] "GET /BLA/boletinlegal/js/jquery.js HTTP/1.1" 200 57254
190.249.38.144 - - [01/Dec/2014:01:29:12 -0500] "GET /BLA/boletinlegal/js/jquery.scrollTo-min.js HTTP/1.1" 200 1150
190.249.38.144 - - [01/Dec/2014:01:29:12 -0500] "GET /BLA/boletinlegal/js/jquery.scrollShow.js HTTP/1.1" 200 4586
66.249.65.123 - - [01/Dec/2014:01:30:04 -0500] "GET /BLA/resoluciones/index.php?dir=RESOLUCIONES%202006/RES%202006%20901-950/&sort=date&order=asc HTTP/1.1" 200 12239
182.19.244.209 - - [01/Dec/2014:01:30:18 -0500] "GET /BLA/boletinlegal/js/jquery.scrollTo-min.js HTTP/1.1" 200 1150
182.19.244.209 - - [01/Dec/2014:01:30:18 -0500] "GET /BLA/boletinlegal/js/jquery.scrollShow.js HTTP/1.1" 200 4586
182.19.244.209 - - [01/Dec/2014:01:30:18 -0500] "GET /BLA/boletinlegal/js/jquery.js HTTP/1.1" 200 57254
152.61.193.99 - - [01/Dec/2014:01:30:46 -0500] "HEAD / HTTP/1.1" 302 -
152.61.193.99 - - [01/Dec/2014:01:30:46 -0500] "GET /arcgis/services/Calidad_del_Agua_WQI/MapServer/WMSServer?SERVICE=WMS&REQUEST=GetCapabilities HTTP/1.1" 200 32135
152.61.193.99 - - [01/Dec/2014:01:30:47 -0500] "GET /arcgis/services/Calidad_del_Agua_WQI/MapServer/WMSServer?SERVICE=WMS&REQUEST=GetCapabilities HTTP/1.1" 200 32135
152.61.193.99 - - [01/Dec/2014:01:30:47 -0500] "GET /arcgis/services/Calidad_del_Agua_WQI/MapServer/WMSServer?SERVICE=WMS&REQUEST=GetCapabilities HTTP/1.1" 200 32135
152.61.193.99 - - [01/Dec/2014:01:30:48 -0500] "GET /arcgis/services/Calidad_del_Agua_WQI/MapServer/WMSServer?SERVICE=WMS&REQUEST=GetCapabilities HTTP/1.1" 200 32135
152.61.193.99 - - [01/Dec/2014:01:30:49 -0500] "GET /arcgis/services/Calidad_del_Agua_WQI/MapServer/WMSServer?VERSION=1.1.1&REQUEST=GetMap&LAYERS=0&SRS=EPSG:4326&BBOX=-74.473395,3.674381,-73.963300,4.920569&WIDTH=250&HEIGHT=250&FORMAT=image/bmp&STYLES=& HTTP/1.1" 200 188054
66.249.65.123 - - [01/Dec/2014:01:31:05 -0500] "GET /BLA/resoluciones/AUTOS%202009/1471.pdf HTTP/1.1" 200 170634
