190.8.248.2 - - [02/Dec/2014:07:26:27 -0500] "GET /galeria/nivo-slider/demo/images/Biotaxis-Man.jpg HTTP/1.1" 200 99362
190.8.248.2 - - [02/Dec/2014:07:26:27 -0500] "GET /galeria/nivo-slider/demo/images/porloshumedales.jpg HTTP/1.1" 200 351238
190.8.248.2 - - [02/Dec/2014:07:26:27 -0500] "GET /galeria/nivo-slider/demo/images/Tingua-azul.jpg HTTP/1.1" 200 307638
186.82.78.180 - - [02/Dec/2014:07:26:27 -0500] "POST /forms/lservlet;jsessionid=ac16012b30d5c8fa29ecee334d2bae74f2c1bc1cee64.e3iSbxaKaheRe34Sa3yKbhiTahb0n6jAmljGr5XDqQLvpAe HTTP/1.1" 200 18
190.8.248.2 - - [02/Dec/2014:07:26:27 -0500] "GET /galeria/nivo-slider/demo/images/4Simple_Slider.png HTTP/1.1" 200 11722
190.8.248.2 - - [02/Dec/2014:07:26:27 -0500] "GET /galeria/nivo-slider/demo/images/Banner-Caracol-Africano.jpg HTTP/1.1" 200 331986
186.82.78.180 - - [02/Dec/2014:07:26:27 -0500] "POST /forms/lservlet;jsessionid=ac16012b30d5c8fa29ecee334d2bae74f2c1bc1cee64.e3iSbxaKaheRe34Sa3yKbhiTahb0n6jAmljGr5XDqQLvpAe HTTP/1.1" 200 8
186.82.78.180 - - [02/Dec/2014:07:26:27 -0500] "POST /forms/lservlet;jsessionid=ac16012b30d5c8fa29ecee334d2bae74f2c1bc1cee64.e3iSbxaKaheRe34Sa3yKbhiTahb0n6jAmljGr5XDqQLvpAe HTTP/1.1" 200 2
190.8.248.2 - - [02/Dec/2014:07:26:27 -0500] "GET /galeria/nivo-slider/themes/default/loading.gif HTTP/1.1" 200 1737
190.8.248.2 - - [02/Dec/2014:07:26:28 -0500] "GET /galeria/nivo-slider/demo/images/banner-redes.jpg HTTP/1.1" 200 62209
190.8.248.2 - - [02/Dec/2014:07:26:28 -0500] "GET /galeria/nivo-slider/demo/images/9Signos.jpg HTTP/1.1" 200 93040
190.8.248.2 - - [02/Dec/2014:07:26:28 -0500] "GET /galeria/nivo-slider/demo/images/bannerEcolecta3.jpg HTTP/1.1" 200 280034
201.245.192.253 - - [02/Dec/2014:07:26:28 -0500] "GET /plugins/like.php?action=like&app_id=&channel=http%3A%2F%2Fstatic.ak.facebook.com%2Fconnect%2Fxd_arbiter%2F7r8gQb8MIqE.js%3Fversion%3D41%23cb%3Dfc6a3815c4dafc%26domain%3Dwww.elespectador.com%26origin%3Dhttp%253A%252F%252Fwww.elespectador.com%252Ff21c359d7fe88aa%26relation%3Dparent.parent&href=https%3A%2F%2Fwww.facebook.com%2Felespectadorcom&layout=button&locale=es_LA&sdk=joey&share=false&show_faces=false HTTP/1.1" 404 1276
201.245.192.253 - - [02/Dec/2014:07:26:28 -0500] "GET /plugins/like.php?action=like&app_id=&channel=http%3A%2F%2Fstatic.ak.facebook.com%2Fconnect%2Fxd_arbiter%2F7r8gQb8MIqE.js%3Fversion%3D41%23cb%3Df3d636b2fd70b2c%26domain%3Dwww.elespectador.com%26origin%3Dhttp%253A%252F%252Fwww.elespectador.com%252Ff21c359d7fe88aa%26relation%3Dparent.parent&href=https%3A%2F%2Fwww.facebook.com%2Felespectadorcom&layout=button&locale=es_LA&sdk=joey&share=false&show_faces=false HTTP/1.1" 404 1276
201.245.192.253 - - [02/Dec/2014:07:26:28 -0500] "GET /plugins/like.php?action=like&app_id=&channel=http%3A%2F%2Fstatic.ak.facebook.com%2Fconnect%2Fxd_arbiter%2F7r8gQb8MIqE.js%3Fversion%3D41%23cb%3Df131c82358e06d4%26domain%3Dwww.elespectador.com%26origin%3Dhttp%253A%252F%252Fwww.elespectador.com%252Ff21c359d7fe88aa%26relation%3Dparent.parent&href=http%3A%2F%2Fwww.elespectador.com%2F&layout=standard&locale=es_LA&sdk=joey&share=true&show_faces=false&width=450 HTTP/1.1" 404 1276
201.245.192.253 - - [02/Dec/2014:07:26:28 -0500] "GET /plugins/like.php?action=like&app_id=&channel=http%3A%2F%2Fstatic.ak.facebook.com%2Fconnect%2Fxd_arbiter%2F7r8gQb8MIqE.js%3Fversion%3D41%23cb%3Df6c1dea57787ec%26domain%3Dwww.elespectador.com%26origin%3Dhttp%253A%252F%252Fwww.elespectador.com%252Ff21c359d7fe88aa%26relation%3Dparent.parent&href=http%3A%2F%2Fwww.elespectador.com%2F&layout=standard&locale=es_LA&sdk=joey&share=true&show_faces=false&width=450 HTTP/1.1" 404 1276
190.8.248.2 - - [02/Dec/2014:07:26:29 -0500] "GET /galeria/nivo-slider/demo/images/banner-caballos.png HTTP/1.1" 200 389106
190.8.248.2 - - [02/Dec/2014:07:26:30 -0500] "GET /galeria/nivo-slider/demo/images/Hacienda_Molinos.jpg HTTP/1.1" 200 319171
190.8.248.2 - - [02/Dec/2014:07:26:31 -0500] "GET /videos/Spot_CambioClimatico.flv HTTP/1.1" 200 4371917
186.82.78.180 - - [02/Dec/2014:07:26:32 -0500] "POST /forms/lservlet;jsessionid=ac16012b30d5c8fa29ecee334d2bae74f2c1bc1cee64.e3iSbxaKaheRe34Sa3yKbhiTahb0n6jAmljGr5XDqQLvpAe HTTP/1.1" 200 24
186.82.78.180 - - [02/Dec/2014:07:26:33 -0500] "POST /forms/lservlet;jsessionid=ac16012b30d5c8fa29ecee334d2bae74f2c1bc1cee64.e3iSbxaKaheRe34Sa3yKbhiTahb0n6jAmljGr5XDqQLvpAe HTTP/1.1" 200 4523
186.82.78.180 - - [02/Dec/2014:07:26:34 -0500] "POST /forms/lservlet;jsessionid=ac16012b30d5c8fa29ecee334d2bae74f2c1bc1cee64.e3iSbxaKaheRe34Sa3yKbhiTahb0n6jAmljGr5XDqQLvpAe HTTP/1.1" 200 20
201.245.192.253 - - [02/Dec/2014:07:26:35 -0500] "GET /plugins/like.php?action=like&app_id=&channel=http%3A%2F%2Fstatic.ak.facebook.com%2Fconnect%2Fxd_arbiter%2F7r8gQb8MIqE.js%3Fversion%3D41%23cb%3Df26c4cd906c60bc%26domain%3Dwww.elespectador.com%26origin%3Dhttp%253A%252F%252Fwww.elespectador.com%252Ff357c36dabb5f5c%26relation%3Dparent.parent&href=https%3A%2F%2Fwww.facebook.com%2Felespectadorcom&layout=button&locale=es_LA&sdk=joey&share=false&show_faces=false HTTP/1.1" 404 1434
201.245.192.253 - - [02/Dec/2014:07:26:35 -0500] "GET /plugins/like.php?action=like&app_id=&channel=http%3A%2F%2Fstatic.ak.facebook.com%2Fconnect%2Fxd_arbiter%2F7r8gQb8MIqE.js%3Fversion%3D41%23cb%3Df309c56bb37447e%26domain%3Dwww.elespectador.com%26origin%3Dhttp%253A%252F%252Fwww.elespectador.com%252Ff357c36dabb5f5c%26relation%3Dparent.parent&href=https%3A%2F%2Fwww.facebook.com%2Felespectadorcom&layout=button&locale=es_LA&sdk=joey&share=false&show_faces=false HTTP/1.1" 404 1434
201.245.192.253 - - [02/Dec/2014:07:26:35 -0500] "GET /plugins/like.php?action=like&app_id=&channel=http%3A%2F%2Fstatic.ak.facebook.com%2Fconnect%2Fxd_arbiter%2F7r8gQb8MIqE.js%3Fversion%3D41%23cb%3Df805ed9109eca%26domain%3Dwww.elespectador.com%26origin%3Dhttp%253A%252F%252Fwww.elespectador.com%252Ff357c36dabb5f5c%26relation%3Dparent.parent&href=http%3A%2F%2Fwww.elespectador.com%2F&layout=standard&locale=es_LA&sdk=joey&share=true&show_faces=false&width=450 HTTP/1.1" 404 1434
186.82.78.180 - - [02/Dec/2014:07:26:36 -0500] "POST /forms/lservlet;jsessionid=ac16012b30d5c8fa29ecee334d2bae74f2c1bc1cee64.e3iSbxaKaheRe34Sa3yKbhiTahb0n6jAmljGr5XDqQLvpAe HTTP/1.1" 200 2
186.82.78.180 - - [02/Dec/2014:07:26:36 -0500] "POST /forms/lservlet;jsessionid=ac16012b30d5c8fa29ecee334d2bae74f2c1bc1cee64.e3iSbxaKaheRe34Sa3yKbhiTahb0n6jAmljGr5XDqQLvpAe HTTP/1.1" 200 14
186.82.78.180 - - [02/Dec/2014:07:26:37 -0500] "POST /forms/lservlet;jsessionid=ac16012b30d5c8fa29ecee334d2bae74f2c1bc1cee64.e3iSbxaKaheRe34Sa3yKbhiTahb0n6jAmljGr5XDqQLvpAe HTTP/1.1" 200 3184
186.82.78.180 - - [02/Dec/2014:07:26:38 -0500] "POST /forms/lservlet;jsessionid=ac16012b30d5c8fa29ecee334d2bae74f2c1bc1cee64.e3iSbxaKaheRe34Sa3yKbhiTahb0n6jAmljGr5XDqQLvpAe HTTP/1.1" 200 2
180.76.6.231 - - [02/Dec/2014:07:26:40 -0500] "GET /BLA/resoluciones/AUTOS%202009/2401.pdf HTTP/1.1" 200 100094
180.76.5.196 - - [02/Dec/2014:07:26:42 -0500] "GET /BLA/resoluciones/RESOLUCIONES%202008/4997.pdf HTTP/1.1" 200 238572
186.82.78.180 - - [02/Dec/2014:07:26:42 -0500] "POST /forms/lservlet;jsessionid=ac16012b30d5c8fa29ecee334d2bae74f2c1bc1cee64.e3iSbxaKaheRe34Sa3yKbhiTahb0n6jAmljGr5XDqQLvpAe HTTP/1.1" 200 2
186.82.78.180 - - [02/Dec/2014:07:26:42 -0500] "POST /forms/lservlet;jsessionid=ac16012b30d5c8fa29ecee334d2bae74f2c1bc1cee64.e3iSbxaKaheRe34Sa3yKbhiTahb0n6jAmljGr5XDqQLvpAe HTTP/1.1" 200 2844
186.82.78.180 - - [02/Dec/2014:07:26:43 -0500] "POST /forms/lservlet;jsessionid=ac16012b30d5c8fa29ecee334d2bae74f2c1bc1cee64.e3iSbxaKaheRe34Sa3yKbhiTahb0n6jAmljGr5XDqQLvpAe HTTP/1.1" 200 2
186.82.78.180 - - [02/Dec/2014:07:26:44 -0500] "POST /forms/lservlet;jsessionid=ac16012b30d5c8fa29ecee334d2bae74f2c1bc1cee64.e3iSbxaKaheRe34Sa3yKbhiTahb0n6jAmljGr5XDqQLvpAe HTTP/1.1" 200 2
186.82.78.180 - - [02/Dec/2014:07:26:44 -0500] "POST /forms/lservlet;jsessionid=ac16012b30d5c8fa29ecee334d2bae74f2c1bc1cee64.e3iSbxaKaheRe34Sa3yKbhiTahb0n6jAmljGr5XDqQLvpAe HTTP/1.1" 200 3133
186.82.78.180 - - [02/Dec/2014:07:26:44 -0500] "POST /forms/lservlet;jsessionid=ac16012b30d5c8fa29ecee334d2bae74f2c1bc1cee64.e3iSbxaKaheRe34Sa3yKbhiTahb0n6jAmljGr5XDqQLvpAe HTTP/1.1" 200 2
186.82.78.180 - - [02/Dec/2014:07:26:46 -0500] "POST /forms/lservlet;jsessionid=ac16012b30d5c8fa29ecee334d2bae74f2c1bc1cee64.e3iSbxaKaheRe34Sa3yKbhiTahb0n6jAmljGr5XDqQLvpAe HTTP/1.1" 200 2
186.82.78.180 - - [02/Dec/2014:07:26:46 -0500] "POST /forms/lservlet;jsessionid=ac16012b30d5c8fa29ecee334d2bae74f2c1bc1cee64.e3iSbxaKaheRe34Sa3yKbhiTahb0n6jAmljGr5XDqQLvpAe HTTP/1.1" 200 3315
186.82.78.180 - - [02/Dec/2014:07:26:47 -0500] "POST /forms/lservlet;jsessionid=ac16012b30d5c8fa29ecee334d2bae74f2c1bc1cee64.e3iSbxaKaheRe34Sa3yKbhiTahb0n6jAmljGr5XDqQLvpAe HTTP/1.1" 200 2
201.245.192.253 - - [02/Dec/2014:07:26:49 -0500] "GET /plugins/like.php?action=like&app_id=&channel=http%3A%2F%2Fstatic.ak.facebook.com%2Fconnect%2Fxd_arbiter%2F7r8gQb8MIqE.js%3Fversion%3D41%23cb%3Df2919bc45fbf762%26domain%3Dwww.elespectador.com%26origin%3Dhttp%253A%252F%252Fwww.elespectador.com%252Ff357c36dabb5f5c%26relation%3Dparent.parent&href=http%3A%2F%2Fwww.elespectador.com%2F&layout=standard&locale=es_LA&sdk=joey&share=true&show_faces=false&width=450 HTTP/1.1" 404 1434
180.76.5.151 - - [02/Dec/2014:07:26:52 -0500] "GET /BLA/resoluciones/RESOLUCIONES%202009/0091.pdf HTTP/1.1" 200 444976
190.8.248.2 - - [02/Dec/2014:07:26:52 -0500] "GET /galeria/nivo-slider/themes/default/bullets.png HTTP/1.1" 200 1281
92.48.105.158 - - [02/Dec/2014:07:26:52 -0500] "GET /old/wp-admin/ HTTP/1.1" 404 1018
190.25.29.58 - - [02/Dec/2014:07:26:54 -0500] "GET /BLA/boletinlegal/js/jquery.js HTTP/1.1" 200 57254
180.76.6.64 - - [02/Dec/2014:07:26:54 -0500] "GET /BLA/boletinlegal/jurisprudencia/analisis/analisis%20sentencia%20C-1007-2011-1.doc HTTP/1.1" 200 35328
186.84.50.43 - - [02/Dec/2014:07:26:54 -0500] "POST /forms/lservlet;jsessionid=ac16012b30d5aa229177214c48b68cf6ce7de9547e72.e3iSbxaKaheRe34Sa3yKbhiTahb0n6jAmljGr5XDqQLvpAe HTTP/1.1" 200 2275
190.25.29.58 - - [02/Dec/2014:07:26:54 -0500] "GET /BLA/boletinlegal/js/jquery.scrollTo-min.js HTTP/1.1" 200 1150
190.25.29.58 - - [02/Dec/2014:07:26:54 -0500] "GET /BLA/boletinlegal/js/jquery.scrollShow.js HTTP/1.1" 200 4586
66.249.65.123 - - [02/Dec/2014:07:26:55 -0500] "GET /BLA/resoluciones/RESOLUCIONES%202008/4745.pdf HTTP/1.1" 200 559594
186.84.50.43 - - [02/Dec/2014:07:26:57 -0500] "POST /forms/lservlet;jsessionid=ac16012b30d5aa229177214c48b68cf6ce7de9547e72.e3iSbxaKaheRe34Sa3yKbhiTahb0n6jAmljGr5XDqQLvpAe HTTP/1.1" 200 24
186.84.50.43 - - [02/Dec/2014:07:26:57 -0500] "POST /forms/lservlet;jsessionid=ac16012b30d5aa229177214c48b68cf6ce7de9547e72.e3iSbxaKaheRe34Sa3yKbhiTahb0n6jAmljGr5XDqQLvpAe HTTP/1.1" 200 4147
186.84.50.43 - - [02/Dec/2014:07:26:58 -0500] "POST /forms/lservlet;jsessionid=ac16012b30d5aa229177214c48b68cf6ce7de9547e72.e3iSbxaKaheRe34Sa3yKbhiTahb0n6jAmljGr5XDqQLvpAe HTTP/1.1" 200 2
186.82.78.180 - - [02/Dec/2014:07:26:58 -0500] "POST /forms/lservlet;jsessionid=ac16012b30d5c8fa29ecee334d2bae74f2c1bc1cee64.e3iSbxaKaheRe34Sa3yKbhiTahb0n6jAmljGr5XDqQLvpAe HTTP/1.1" 200 120
180.76.6.58 - - [02/Dec/2014:07:27:00 -0500] "GET /BLA/resoluciones/RESOLUCIONES%202008/0607.pdf HTTP/1.1" 200 275382
186.82.78.180 - - [02/Dec/2014:07:27:00 -0500] "POST /forms/lservlet;jsessionid=ac16012b30d5c8fa29ecee334d2bae74f2c1bc1cee64.e3iSbxaKaheRe34Sa3yKbhiTahb0n6jAmljGr5XDqQLvpAe HTTP/1.1" 200 179
186.82.78.180 - - [02/Dec/2014:07:27:00 -0500] "POST /forms/lservlet;jsessionid=ac16012b30d5c8fa29ecee334d2bae74f2c1bc1cee64.e3iSbxaKaheRe34Sa3yKbhiTahb0n6jAmljGr5XDqQLvpAe HTTP/1.1" 200 181
186.82.78.180 - - [02/Dec/2014:07:27:00 -0500] "POST /forms/lservlet;jsessionid=ac16012b30d5c8fa29ecee334d2bae74f2c1bc1cee64.e3iSbxaKaheRe34Sa3yKbhiTahb0n6jAmljGr5XDqQLvpAe HTTP/1.1" 200 181
186.82.78.180 - - [02/Dec/2014:07:27:01 -0500] "POST /forms/lservlet;jsessionid=ac16012b30d5c8fa29ecee334d2bae74f2c1bc1cee64.e3iSbxaKaheRe34Sa3yKbhiTahb0n6jAmljGr5XDqQLvpAe HTTP/1.1" 200 328
186.82.78.180 - - [02/Dec/2014:07:27:01 -0500] "POST /forms/lservlet;jsessionid=ac16012b30d5c8fa29ecee334d2bae74f2c1bc1cee64.e3iSbxaKaheRe34Sa3yKbhiTahb0n6jAmljGr5XDqQLvpAe HTTP/1.1" 200 385
187.213.211.48 - - [02/Dec/2014:07:23:06 -0500] "GET /videos/CRRFFS.mp4 HTTP/1.1" 200 286784363
186.84.50.43 - - [02/Dec/2014:07:27:02 -0500] "POST /forms/lservlet;jsessionid=ac16012b30d5aa229177214c48b68cf6ce7de9547e72.e3iSbxaKaheRe34Sa3yKbhiTahb0n6jAmljGr5XDqQLvpAe HTTP/1.1" 200 2
186.82.78.180 - - [02/Dec/2014:07:27:03 -0500] "POST /forms/lservlet;jsessionid=ac16012b30d5c8fa29ecee334d2bae74f2c1bc1cee64.e3iSbxaKaheRe34Sa3yKbhiTahb0n6jAmljGr5XDqQLvpAe HTTP/1.1" 200 397
186.84.50.43 - - [02/Dec/2014:07:27:02 -0500] "POST /forms/lservlet;jsessionid=ac16012b30d5aa229177214c48b68cf6ce7de9547e72.e3iSbxaKaheRe34Sa3yKbhiTahb0n6jAmljGr5XDqQLvpAe HTTP/1.1" 200 14
186.82.78.180 - - [02/Dec/2014:07:27:03 -0500] "POST /forms/lservlet;jsessionid=ac16012b30d5c8fa29ecee334d2bae74f2c1bc1cee64.e3iSbxaKaheRe34Sa3yKbhiTahb0n6jAmljGr5XDqQLvpAe HTTP/1.1" 200 177
186.82.78.180 - - [02/Dec/2014:07:27:04 -0500] "POST /forms/lservlet;jsessionid=ac16012b30d5c8fa29ecee334d2bae74f2c1bc1cee64.e3iSbxaKaheRe34Sa3yKbhiTahb0n6jAmljGr5XDqQLvpAe HTTP/1.1" 200 178
186.82.78.180 - - [02/Dec/2014:07:27:04 -0500] "POST /forms/lservlet;jsessionid=ac16012b30d5c8fa29ecee334d2bae74f2c1bc1cee64.e3iSbxaKaheRe34Sa3yKbhiTahb0n6jAmljGr5XDqQLvpAe HTTP/1.1" 200 178
186.84.50.43 - - [02/Dec/2014:07:27:04 -0500] "POST /forms/lservlet;jsessionid=ac16012b30d5aa229177214c48b68cf6ce7de9547e72.e3iSbxaKaheRe34Sa3yKbhiTahb0n6jAmljGr5XDqQLvpAe HTTP/1.1" 200 14
186.82.78.180 - - [02/Dec/2014:07:27:05 -0500] "POST /forms/lservlet;jsessionid=ac16012b30d5c8fa29ecee334d2bae74f2c1bc1cee64.e3iSbxaKaheRe34Sa3yKbhiTahb0n6jAmljGr5XDqQLvpAe HTTP/1.1" 200 304
186.82.78.180 - - [02/Dec/2014:07:27:05 -0500] "POST /forms/lservlet;jsessionid=ac16012b30d5c8fa29ecee334d2bae74f2c1bc1cee64.e3iSbxaKaheRe34Sa3yKbhiTahb0n6jAmljGr5XDqQLvpAe HTTP/1.1" 200 7
186.82.78.180 - - [02/Dec/2014:07:27:05 -0500] "POST /forms/lservlet;jsessionid=ac16012b30d5c8fa29ecee334d2bae74f2c1bc1cee64.e3iSbxaKaheRe34Sa3yKbhiTahb0n6jAmljGr5XDqQLvpAe HTTP/1.1" 200 7
186.82.78.180 - - [02/Dec/2014:07:27:06 -0500] "POST /forms/lservlet;jsessionid=ac16012b30d5c8fa29ecee334d2bae74f2c1bc1cee64.e3iSbxaKaheRe34Sa3yKbhiTahb0n6jAmljGr5XDqQLvpAe HTTP/1.1" 200 7
186.82.78.180 - - [02/Dec/2014:07:27:06 -0500] "POST /forms/lservlet;jsessionid=ac16012b30d5c8fa29ecee334d2bae74f2c1bc1cee64.e3iSbxaKaheRe34Sa3yKbhiTahb0n6jAmljGr5XDqQLvpAe HTTP/1.1" 200 7
186.84.50.43 - - [02/Dec/2014:07:27:05 -0500] "POST /forms/lservlet;jsessionid=ac16012b30d5aa229177214c48b68cf6ce7de9547e72.e3iSbxaKaheRe34Sa3yKbhiTahb0n6jAmljGr5XDqQLvpAe HTTP/1.1" 200 14
186.82.78.180 - - [02/Dec/2014:07:27:06 -0500] "POST /forms/lservlet;jsessionid=ac16012b30d5c8fa29ecee334d2bae74f2c1bc1cee64.e3iSbxaKaheRe34Sa3yKbhiTahb0n6jAmljGr5XDqQLvpAe HTTP/1.1" 200 7
186.82.78.180 - - [02/Dec/2014:07:27:06 -0500] "POST /forms/lservlet;jsessionid=ac16012b30d5c8fa29ecee334d2bae74f2c1bc1cee64.e3iSbxaKaheRe34Sa3yKbhiTahb0n6jAmljGr5XDqQLvpAe HTTP/1.1" 200 7
186.84.50.43 - - [02/Dec/2014:07:27:06 -0500] "POST /forms/lservlet;jsessionid=ac16012b30d5aa229177214c48b68cf6ce7de9547e72.e3iSbxaKaheRe34Sa3yKbhiTahb0n6jAmljGr5XDqQLvpAe HTTP/1.1" 200 112
186.84.50.43 - - [02/Dec/2014:07:27:07 -0500] "POST /forms/lservlet;jsessionid=ac16012b30d5aa229177214c48b68cf6ce7de9547e72.e3iSbxaKaheRe34Sa3yKbhiTahb0n6jAmljGr5XDqQLvpAe HTTP/1.1" 200 2
186.82.78.180 - - [02/Dec/2014:07:27:06 -0500] "POST /forms/lservlet;jsessionid=ac16012b30d5c8fa29ecee334d2bae74f2c1bc1cee64.e3iSbxaKaheRe34Sa3yKbhiTahb0n6jAmljGr5XDqQLvpAe HTTP/1.1" 200 7
186.82.78.180 - - [02/Dec/2014:07:27:07 -0500] "POST /forms/lservlet;jsessionid=ac16012b30d5c8fa29ecee334d2bae74f2c1bc1cee64.e3iSbxaKaheRe34Sa3yKbhiTahb0n6jAmljGr5XDqQLvpAe HTTP/1.1" 200 7
186.82.78.180 - - [02/Dec/2014:07:27:07 -0500] "POST /forms/lservlet;jsessionid=ac16012b30d5c8fa29ecee334d2bae74f2c1bc1cee64.e3iSbxaKaheRe34Sa3yKbhiTahb0n6jAmljGr5XDqQLvpAe HTTP/1.1" 200 7
186.82.78.180 - - [02/Dec/2014:07:27:07 -0500] "POST /forms/lservlet;jsessionid=ac16012b30d5c8fa29ecee334d2bae74f2c1bc1cee64.e3iSbxaKaheRe34Sa3yKbhiTahb0n6jAmljGr5XDqQLvpAe HTTP/1.1" 200 7
186.82.78.180 - - [02/Dec/2014:07:27:08 -0500] "POST /forms/lservlet;jsessionid=ac16012b30d5c8fa29ecee334d2bae74f2c1bc1cee64.e3iSbxaKaheRe34Sa3yKbhiTahb0n6jAmljGr5XDqQLvpAe HTTP/1.1" 200 7
186.82.78.180 - - [02/Dec/2014:07:27:08 -0500] "POST /forms/lservlet;jsessionid=ac16012b30d5c8fa29ecee334d2bae74f2c1bc1cee64.e3iSbxaKaheRe34Sa3yKbhiTahb0n6jAmljGr5XDqQLvpAe HTTP/1.1" 200 7
186.82.78.180 - - [02/Dec/2014:07:27:08 -0500] "POST /forms/lservlet;jsessionid=ac16012b30d5c8fa29ecee334d2bae74f2c1bc1cee64.e3iSbxaKaheRe34Sa3yKbhiTahb0n6jAmljGr5XDqQLvpAe HTTP/1.1" 200 7
186.82.78.180 - - [02/Dec/2014:07:27:08 -0500] "POST /forms/lservlet;jsessionid=ac16012b30d5c8fa29ecee334d2bae74f2c1bc1cee64.e3iSbxaKaheRe34Sa3yKbhiTahb0n6jAmljGr5XDqQLvpAe HTTP/1.1" 200 7
186.82.78.180 - - [02/Dec/2014:07:27:09 -0500] "POST /forms/lservlet;jsessionid=ac16012b30d5c8fa29ecee334d2bae74f2c1bc1cee64.e3iSbxaKaheRe34Sa3yKbhiTahb0n6jAmljGr5XDqQLvpAe HTTP/1.1" 200 7
186.82.78.180 - - [02/Dec/2014:07:27:09 -0500] "POST /forms/lservlet;jsessionid=ac16012b30d5c8fa29ecee334d2bae74f2c1bc1cee64.e3iSbxaKaheRe34Sa3yKbhiTahb0n6jAmljGr5XDqQLvpAe HTTP/1.1" 200 7
186.82.78.180 - - [02/Dec/2014:07:27:09 -0500] "POST /forms/lservlet;jsessionid=ac16012b30d5c8fa29ecee334d2bae74f2c1bc1cee64.e3iSbxaKaheRe34Sa3yKbhiTahb0n6jAmljGr5XDqQLvpAe HTTP/1.1" 200 7
186.82.78.180 - - [02/Dec/2014:07:27:09 -0500] "POST /forms/lservlet;jsessionid=ac16012b30d5c8fa29ecee334d2bae74f2c1bc1cee64.e3iSbxaKaheRe34Sa3yKbhiTahb0n6jAmljGr5XDqQLvpAe HTTP/1.1" 200 7
180.76.5.145 - - [02/Dec/2014:07:27:10 -0500] "GET /BLA/resoluciones/RESOLUCIONES%202007/RES%202007%202001%20AL%202100/RESOLUCION%202080%20DE%202007.pdf HTTP/1.1" 200 885110
186.82.78.180 - - [02/Dec/2014:07:27:10 -0500] "POST /forms/lservlet;jsessionid=ac16012b30d5c8fa29ecee334d2bae74f2c1bc1cee64.e3iSbxaKaheRe34Sa3yKbhiTahb0n6jAmljGr5XDqQLvpAe HTTP/1.1" 200 7
186.82.78.180 - - [02/Dec/2014:07:27:10 -0500] "POST /forms/lservlet;jsessionid=ac16012b30d5c8fa29ecee334d2bae74f2c1bc1cee64.e3iSbxaKaheRe34Sa3yKbhiTahb0n6jAmljGr5XDqQLvpAe HTTP/1.1" 200 7
186.82.78.180 - - [02/Dec/2014:07:27:10 -0500] "POST /forms/lservlet;jsessionid=ac16012b30d5c8fa29ecee334d2bae74f2c1bc1cee64.e3iSbxaKaheRe34Sa3yKbhiTahb0n6jAmljGr5XDqQLvpAe HTTP/1.1" 200 7
186.82.78.180 - - [02/Dec/2014:07:27:10 -0500] "POST /forms/lservlet;jsessionid=ac16012b30d5c8fa29ecee334d2bae74f2c1bc1cee64.e3iSbxaKaheRe34Sa3yKbhiTahb0n6jAmljGr5XDqQLvpAe HTTP/1.1" 200 7
186.82.78.180 - - [02/Dec/2014:07:27:11 -0500] "POST /forms/lservlet;jsessionid=ac16012b30d5c8fa29ecee334d2bae74f2c1bc1cee64.e3iSbxaKaheRe34Sa3yKbhiTahb0n6jAmljGr5XDqQLvpAe HTTP/1.1" 200 7
186.82.78.180 - - [02/Dec/2014:07:27:11 -0500] "POST /forms/lservlet;jsessionid=ac16012b30d5c8fa29ecee334d2bae74f2c1bc1cee64.e3iSbxaKaheRe34Sa3yKbhiTahb0n6jAmljGr5XDqQLvpAe HTTP/1.1" 200 7
186.82.78.180 - - [02/Dec/2014:07:27:11 -0500] "POST /forms/lservlet;jsessionid=ac16012b30d5c8fa29ecee334d2bae74f2c1bc1cee64.e3iSbxaKaheRe34Sa3yKbhiTahb0n6jAmljGr5XDqQLvpAe HTTP/1.1" 200 7
186.82.78.180 - - [02/Dec/2014:07:27:12 -0500] "POST /forms/lservlet;jsessionid=ac16012b30d5c8fa29ecee334d2bae74f2c1bc1cee64.e3iSbxaKaheRe34Sa3yKbhiTahb0n6jAmljGr5XDqQLvpAe HTTP/1.1" 200 7
186.82.78.180 - - [02/Dec/2014:07:27:12 -0500] "POST /forms/lservlet;jsessionid=ac16012b30d5c8fa29ecee334d2bae74f2c1bc1cee64.e3iSbxaKaheRe34Sa3yKbhiTahb0n6jAmljGr5XDqQLvpAe HTTP/1.1" 200 7
186.82.78.180 - - [02/Dec/2014:07:27:12 -0500] "POST /forms/lservlet;jsessionid=ac16012b30d5c8fa29ecee334d2bae74f2c1bc1cee64.e3iSbxaKaheRe34Sa3yKbhiTahb0n6jAmljGr5XDqQLvpAe HTTP/1.1" 200 7
181.48.206.10 - - [02/Dec/2014:07:27:12 -0500] "GET /galeria/carrusel/Carrusel/jquery-ui-1.8.13.custom.min.js HTTP/1.1" 304 -
186.115.219.202 - - [02/Dec/2014:07:27:12 -0500] "GET /galeria/carrusel/Carrusel/jquery.thumbnailScroller.css HTTP/1.1" 304 -
186.115.219.202 - - [02/Dec/2014:07:27:12 -0500] "GET /galeria/carrusel/Carrusel/jquery.thumbnailScroller.js HTTP/1.1" 304 -
181.48.206.10 - - [02/Dec/2014:07:27:12 -0500] "GET /BLA/boletinlegal/js/jquery.js HTTP/1.1" 304 -
181.48.206.10 - - [02/Dec/2014:07:27:12 -0500] "GET /BLA/boletinlegal/js/jquery.scrollTo-min.js HTTP/1.1" 304 -
186.115.219.202 - - [02/Dec/2014:07:27:12 -0500] "GET /BLA/boletinlegal/js/jquery.scrollShow.js HTTP/1.1" 304 -
186.82.78.180 - - [02/Dec/2014:07:27:13 -0500] "POST /forms/lservlet;jsessionid=ac16012b30d5c8fa29ecee334d2bae74f2c1bc1cee64.e3iSbxaKaheRe34Sa3yKbhiTahb0n6jAmljGr5XDqQLvpAe HTTP/1.1" 200 7
181.48.206.10 - - [02/Dec/2014:07:27:13 -0500] "GET /galeria/nivo-slider/demo/demo.html HTTP/1.1" 200 3300
181.48.206.10 - - [02/Dec/2014:07:27:13 -0500] "GET /galeria/nivo-slider/demo/images/BogotaSostenible.jpg HTTP/1.1" 200 206863
181.48.206.10 - - [02/Dec/2014:07:27:13 -0500] "GET /galeria/nivo-slider/themes/orman/orman.css HTTP/1.1" 304 -
181.48.206.10 - - [02/Dec/2014:07:27:13 -0500] "GET /galeria/nivo-slider/demo/style.css HTTP/1.1" 304 -
181.48.206.10 - - [02/Dec/2014:07:27:13 -0500] "GET /galeria/nivo-slider/nivo-slider.css HTTP/1.1" 304 -
186.115.219.202 - - [02/Dec/2014:07:27:13 -0500] "GET /galeria/nivo-slider/themes/pascal/pascal.css HTTP/1.1" 304 -
181.48.206.10 - - [02/Dec/2014:07:27:13 -0500] "GET /galeria/nivo-slider/themes/default/default.css HTTP/1.1" 304 -
186.82.78.180 - - [02/Dec/2014:07:27:13 -0500] "POST /forms/lservlet;jsessionid=ac16012b30d5c8fa29ecee334d2bae74f2c1bc1cee64.e3iSbxaKaheRe34Sa3yKbhiTahb0n6jAmljGr5XDqQLvpAe HTTP/1.1" 200 7
181.48.206.10 - - [02/Dec/2014:07:27:13 -0500] "GET /galeria/nivo-slider/demo/scripts/jquery-1.7.1.min.js HTTP/1.1" 304 -
186.115.219.202 - - [02/Dec/2014:07:27:13 -0500] "GET /galeria/nivo-slider/demo/images/Banner-GAE3.jpg HTTP/1.1" 200 146354
181.48.206.10 - - [02/Dec/2014:07:27:13 -0500] "GET /galeria/nivo-slider/jquery.nivo.slider.pack.js HTTP/1.1" 304 -
186.115.219.202 - - [02/Dec/2014:07:27:13 -0500] "GET /galeria/nivo-slider/demo/images/Banner-comparendo.jpg HTTP/1.1" 304 -
181.48.206.10 - - [02/Dec/2014:07:27:13 -0500] "GET /galeria/nivo-slider/demo/images/porloshumedales.jpg HTTP/1.1" 304 -
181.48.206.10 - - [02/Dec/2014:07:27:13 -0500] "GET /galeria/nivo-slider/demo/images/Tingua-azul.jpg HTTP/1.1" 304 -
186.115.219.202 - - [02/Dec/2014:07:27:13 -0500] "GET /galeria/nivo-slider/demo/images/Biotaxis-Man.jpg HTTP/1.1" 304 -
186.115.219.202 - - [02/Dec/2014:07:27:13 -0500] "GET /galeria/nivo-slider/demo/images/Banner-Caracol-Africano.jpg HTTP/1.1" 304 -
186.115.219.202 - - [02/Dec/2014:07:27:13 -0500] "GET /galeria/nivo-slider/demo/images/banner-redes.jpg HTTP/1.1" 304 -
186.82.78.180 - - [02/Dec/2014:07:27:13 -0500] "POST /forms/lservlet;jsessionid=ac16012b30d5c8fa29ecee334d2bae74f2c1bc1cee64.e3iSbxaKaheRe34Sa3yKbhiTahb0n6jAmljGr5XDqQLvpAe HTTP/1.1" 200 7
186.115.219.202 - - [02/Dec/2014:07:27:14 -0500] "GET /galeria/nivo-slider/demo/images/9Signos.jpg HTTP/1.1" 304 -
186.115.219.202 - - [02/Dec/2014:07:27:14 -0500] "GET /galeria/nivo-slider/demo/images/banner-caballos.png HTTP/1.1" 304 -
186.115.219.202 - - [02/Dec/2014:07:27:14 -0500] "GET /galeria/nivo-slider/demo/images/Hacienda_Molinos.jpg HTTP/1.1" 304 -
186.82.78.180 - - [02/Dec/2014:07:27:14 -0500] "POST /forms/lservlet;jsessionid=ac16012b30d5c8fa29ecee334d2bae74f2c1bc1cee64.e3iSbxaKaheRe34Sa3yKbhiTahb0n6jAmljGr5XDqQLvpAe HTTP/1.1" 200 7
186.115.219.202 - - [02/Dec/2014:07:27:14 -0500] "GET /galeria/nivo-slider/themes/default/loading.gif HTTP/1.1" 304 -
186.115.219.202 - - [02/Dec/2014:07:27:14 -0500] "GET /galeria/nivo-slider/demo/images/4Simple_Slider.png HTTP/1.1" 304 -
186.115.219.202 - - [02/Dec/2014:07:27:14 -0500] "GET /galeria/nivo-slider/demo/images/bannerEcolecta3.jpg HTTP/1.1" 304 -
186.82.78.180 - - [02/Dec/2014:07:27:14 -0500] "POST /forms/lservlet;jsessionid=ac16012b30d5c8fa29ecee334d2bae74f2c1bc1cee64.e3iSbxaKaheRe34Sa3yKbhiTahb0n6jAmljGr5XDqQLvpAe HTTP/1.1" 200 7
186.115.219.202 - - [02/Dec/2014:07:27:14 -0500] "GET /galeria/nivo-slider/themes/default/arrows.png HTTP/1.1" 304 -
186.115.219.202 - - [02/Dec/2014:07:27:14 -0500] "GET /galeria/nivo-slider/themes/default/bullets.png HTTP/1.1" 304 -
186.82.78.180 - - [02/Dec/2014:07:27:14 -0500] "POST /forms/lservlet;jsessionid=ac16012b30d5c8fa29ecee334d2bae74f2c1bc1cee64.e3iSbxaKaheRe34Sa3yKbhiTahb0n6jAmljGr5XDqQLvpAe HTTP/1.1" 200 7
186.82.78.180 - - [02/Dec/2014:07:27:14 -0500] "POST /forms/lservlet;jsessionid=ac16012b30d5c8fa29ecee334d2bae74f2c1bc1cee64.e3iSbxaKaheRe34Sa3yKbhiTahb0n6jAmljGr5XDqQLvpAe HTTP/1.1" 200 7
180.76.5.170 - - [02/Dec/2014:07:27:15 -0500] "GET /BLA/resoluciones/RESOLUCIONES%202012/1105.pdf HTTP/1.1" 200 1641891
186.82.78.180 - - [02/Dec/2014:07:27:15 -0500] "POST /forms/lservlet;jsessionid=ac16012b30d5c8fa29ecee334d2bae74f2c1bc1cee64.e3iSbxaKaheRe34Sa3yKbhiTahb0n6jAmljGr5XDqQLvpAe HTTP/1.1" 200 7
186.82.78.180 - - [02/Dec/2014:07:27:15 -0500] "POST /forms/lservlet;jsessionid=ac16012b30d5c8fa29ecee334d2bae74f2c1bc1cee64.e3iSbxaKaheRe34Sa3yKbhiTahb0n6jAmljGr5XDqQLvpAe HTTP/1.1" 200 7
186.84.50.43 - - [02/Dec/2014:07:27:07 -0500] "GET /reports/rwservlet/getjobid335838?server=rep_srvapsda HTTP/1.1" 200 4556803
186.82.78.180 - - [02/Dec/2014:07:27:15 -0500] "POST /forms/lservlet;jsessionid=ac16012b30d5c8fa29ecee334d2bae74f2c1bc1cee64.e3iSbxaKaheRe34Sa3yKbhiTahb0n6jAmljGr5XDqQLvpAe HTTP/1.1" 200 7
186.82.78.180 - - [02/Dec/2014:07:27:16 -0500] "POST /forms/lservlet;jsessionid=ac16012b30d5c8fa29ecee334d2bae74f2c1bc1cee64.e3iSbxaKaheRe34Sa3yKbhiTahb0n6jAmljGr5XDqQLvpAe HTTP/1.1" 200 7
186.82.78.180 - - [02/Dec/2014:07:27:16 -0500] "POST /forms/lservlet;jsessionid=ac16012b30d5c8fa29ecee334d2bae74f2c1bc1cee64.e3iSbxaKaheRe34Sa3yKbhiTahb0n6jAmljGr5XDqQLvpAe HTTP/1.1" 200 7
186.82.78.180 - - [02/Dec/2014:07:27:17 -0500] "POST /forms/lservlet;jsessionid=ac16012b30d5c8fa29ecee334d2bae74f2c1bc1cee64.e3iSbxaKaheRe34Sa3yKbhiTahb0n6jAmljGr5XDqQLvpAe HTTP/1.1" 200 7
186.82.78.180 - - [02/Dec/2014:07:27:17 -0500] "POST /forms/lservlet;jsessionid=ac16012b30d5c8fa29ecee334d2bae74f2c1bc1cee64.e3iSbxaKaheRe34Sa3yKbhiTahb0n6jAmljGr5XDqQLvpAe HTTP/1.1" 200 7
186.82.78.180 - - [02/Dec/2014:07:27:17 -0500] "POST /forms/lservlet;jsessionid=ac16012b30d5c8fa29ecee334d2bae74f2c1bc1cee64.e3iSbxaKaheRe34Sa3yKbhiTahb0n6jAmljGr5XDqQLvpAe HTTP/1.1" 200 7
186.82.78.180 - - [02/Dec/2014:07:27:17 -0500] "POST /forms/lservlet;jsessionid=ac16012b30d5c8fa29ecee334d2bae74f2c1bc1cee64.e3iSbxaKaheRe34Sa3yKbhiTahb0n6jAmljGr5XDqQLvpAe HTTP/1.1" 200 7
186.82.78.180 - - [02/Dec/2014:07:27:18 -0500] "POST /forms/lservlet;jsessionid=ac16012b30d5c8fa29ecee334d2bae74f2c1bc1cee64.e3iSbxaKaheRe34Sa3yKbhiTahb0n6jAmljGr5XDqQLvpAe HTTP/1.1" 200 7
186.82.78.180 - - [02/Dec/2014:07:27:18 -0500] "POST /forms/lservlet;jsessionid=ac16012b30d5c8fa29ecee334d2bae74f2c1bc1cee64.e3iSbxaKaheRe34Sa3yKbhiTahb0n6jAmljGr5XDqQLvpAe HTTP/1.1" 200 7
186.82.78.180 - - [02/Dec/2014:07:27:18 -0500] "POST /forms/lservlet;jsessionid=ac16012b30d5c8fa29ecee334d2bae74f2c1bc1cee64.e3iSbxaKaheRe34Sa3yKbhiTahb0n6jAmljGr5XDqQLvpAe HTTP/1.1" 200 7
186.82.78.180 - - [02/Dec/2014:07:27:19 -0500] "POST /forms/lservlet;jsessionid=ac16012b30d5c8fa29ecee334d2bae74f2c1bc1cee64.e3iSbxaKaheRe34Sa3yKbhiTahb0n6jAmljGr5XDqQLvpAe HTTP/1.1" 200 7
186.82.78.180 - - [02/Dec/2014:07:27:19 -0500] "POST /forms/lservlet;jsessionid=ac16012b30d5c8fa29ecee334d2bae74f2c1bc1cee64.e3iSbxaKaheRe34Sa3yKbhiTahb0n6jAmljGr5XDqQLvpAe HTTP/1.1" 200 7
186.82.78.180 - - [02/Dec/2014:07:27:19 -0500] "POST /forms/lservlet;jsessionid=ac16012b30d5c8fa29ecee334d2bae74f2c1bc1cee64.e3iSbxaKaheRe34Sa3yKbhiTahb0n6jAmljGr5XDqQLvpAe HTTP/1.1" 200 7
186.82.78.180 - - [02/Dec/2014:07:27:20 -0500] "POST /forms/lservlet;jsessionid=ac16012b30d5c8fa29ecee334d2bae74f2c1bc1cee64.e3iSbxaKaheRe34Sa3yKbhiTahb0n6jAmljGr5XDqQLvpAe HTTP/1.1" 200 7
186.82.78.180 - - [02/Dec/2014:07:27:20 -0500] "POST /forms/lservlet;jsessionid=ac16012b30d5c8fa29ecee334d2bae74f2c1bc1cee64.e3iSbxaKaheRe34Sa3yKbhiTahb0n6jAmljGr5XDqQLvpAe HTTP/1.1" 200 121
186.82.78.180 - - [02/Dec/2014:07:27:23 -0500] "POST /forms/lservlet;jsessionid=ac16012b30d5c8fa29ecee334d2bae74f2c1bc1cee64.e3iSbxaKaheRe34Sa3yKbhiTahb0n6jAmljGr5XDqQLvpAe HTTP/1.1" 200 7
186.82.78.180 - - [02/Dec/2014:07:27:23 -0500] "POST /forms/lservlet;jsessionid=ac16012b30d5c8fa29ecee334d2bae74f2c1bc1cee64.e3iSbxaKaheRe34Sa3yKbhiTahb0n6jAmljGr5XDqQLvpAe HTTP/1.1" 200 194
186.82.78.180 - - [02/Dec/2014:07:27:24 -0500] "POST /forms/lservlet;jsessionid=ac16012b30d5c8fa29ecee334d2bae74f2c1bc1cee64.e3iSbxaKaheRe34Sa3yKbhiTahb0n6jAmljGr5XDqQLvpAe HTTP/1.1" 200 82
186.82.78.180 - - [02/Dec/2014:07:27:24 -0500] "POST /forms/lservlet;jsessionid=ac16012b30d5c8fa29ecee334d2bae74f2c1bc1cee64.e3iSbxaKaheRe34Sa3yKbhiTahb0n6jAmljGr5XDqQLvpAe HTTP/1.1" 200 18
186.82.78.180 - - [02/Dec/2014:07:27:24 -0500] "POST /forms/lservlet;jsessionid=ac16012b30d5c8fa29ecee334d2bae74f2c1bc1cee64.e3iSbxaKaheRe34Sa3yKbhiTahb0n6jAmljGr5XDqQLvpAe HTTP/1.1" 200 106
186.82.78.180 - - [02/Dec/2014:07:27:25 -0500] "POST /forms/lservlet;jsessionid=ac16012b30d5c8fa29ecee334d2bae74f2c1bc1cee64.e3iSbxaKaheRe34Sa3yKbhiTahb0n6jAmljGr5XDqQLvpAe HTTP/1.1" 200 2
186.82.78.180 - - [02/Dec/2014:07:27:26 -0500] "POST /forms/lservlet;jsessionid=ac16012b30d5c8fa29ecee334d2bae74f2c1bc1cee64.e3iSbxaKaheRe34Sa3yKbhiTahb0n6jAmljGr5XDqQLvpAe HTTP/1.1" 200 198
186.82.78.180 - - [02/Dec/2014:07:27:29 -0500] "POST /forms/lservlet;jsessionid=ac16012b30d5c8fa29ecee334d2bae74f2c1bc1cee64.e3iSbxaKaheRe34Sa3yKbhiTahb0n6jAmljGr5XDqQLvpAe HTTP/1.1" 200 98
186.82.78.180 - - [02/Dec/2014:07:27:30 -0500] "POST /forms/lservlet;jsessionid=ac16012b30d5c8fa29ecee334d2bae74f2c1bc1cee64.e3iSbxaKaheRe34Sa3yKbhiTahb0n6jAmljGr5XDqQLvpAe HTTP/1.1" 200 2
186.82.78.180 - - [02/Dec/2014:07:27:31 -0500] "POST /forms/lservlet;jsessionid=ac16012b30d5c8fa29ecee334d2bae74f2c1bc1cee64.e3iSbxaKaheRe34Sa3yKbhiTahb0n6jAmljGr5XDqQLvpAe HTTP/1.1" 200 121
186.82.78.180 - - [02/Dec/2014:07:27:32 -0500] "POST /forms/lservlet;jsessionid=ac16012b30d5c8fa29ecee334d2bae74f2c1bc1cee64.e3iSbxaKaheRe34Sa3yKbhiTahb0n6jAmljGr5XDqQLvpAe HTTP/1.1" 200 2
186.82.78.180 - - [02/Dec/2014:07:27:33 -0500] "POST /forms/lservlet;jsessionid=ac16012b30d5c8fa29ecee334d2bae74f2c1bc1cee64.e3iSbxaKaheRe34Sa3yKbhiTahb0n6jAmljGr5XDqQLvpAe HTTP/1.1" 200 2
186.82.78.180 - - [02/Dec/2014:07:27:34 -0500] "POST /forms/lservlet;jsessionid=ac16012b30d5c8fa29ecee334d2bae74f2c1bc1cee64.e3iSbxaKaheRe34Sa3yKbhiTahb0n6jAmljGr5XDqQLvpAe HTTP/1.1" 200 2441
180.76.5.20 - - [02/Dec/2014:07:27:36 -0500] "GET /BLA/resoluciones/AUTOS%202012/0459.pdf HTTP/1.1" 200 261179
201.245.192.253 - - [02/Dec/2014:07:27:36 -0500] "GET /galeria/nivo-slider/demo/images/BogotaSostenible.jpg HTTP/1.1" 304 -
180.76.5.195 - - [02/Dec/2014:07:27:38 -0500] "GET /BLA/resoluciones/AUTOS%202008/1567.pdf HTTP/1.1" 200 252866
180.76.6.45 - - [02/Dec/2014:07:27:41 -0500] "GET /BLA/resoluciones/RESOLUCIONES%202009/8245.pdf HTTP/1.1" 200 270253
201.245.192.253 - - [02/Dec/2014:07:27:41 -0500] "GET /plugins/like.php?action=like&app_id=&channel=http%3A%2F%2Fstatic.ak.facebook.com%2Fconnect%2Fxd_arbiter%2F7r8gQb8MIqE.js%3Fversion%3D41%23cb%3Df39136f2798dd0c%26domain%3Dwww.elespectador.com%26origin%3Dhttp%253A%252F%252Fwww.elespectador.com%252Ff488bb6e3c92a7%26relation%3Dparent.parent&href=https%3A%2F%2Fwww.facebook.com%2Felespectadorcom&layout=button&locale=es_LA&sdk=joey&share=false&show_faces=false HTTP/1.1" 404 1290
201.245.192.253 - - [02/Dec/2014:07:27:41 -0500] "GET /plugins/like.php?action=like&app_id=&channel=http%3A%2F%2Fstatic.ak.facebook.com%2Fconnect%2Fxd_arbiter%2F7r8gQb8MIqE.js%3Fversion%3D41%23cb%3Df3b3b2427c837a8%26domain%3Dwww.elespectador.com%26origin%3Dhttp%253A%252F%252Fwww.elespectador.com%252Ff488bb6e3c92a7%26relation%3Dparent.parent&href=http%3A%2F%2Fwww.elespectador.com%2F&layout=standard&locale=es_LA&sdk=joey&share=true&show_faces=false&width=450 HTTP/1.1" 404 1290
201.245.192.253 - - [02/Dec/2014:07:27:41 -0500] "GET /plugins/like.php?action=like&app_id=&channel=http%3A%2F%2Fstatic.ak.facebook.com%2Fconnect%2Fxd_arbiter%2F7r8gQb8MIqE.js%3Fversion%3D41%23cb%3Df17831f201846b7%26domain%3Dwww.elespectador.com%26origin%3Dhttp%253A%252F%252Fwww.elespectador.com%252Ff488bb6e3c92a7%26relation%3Dparent.parent&href=https%3A%2F%2Fwww.facebook.com%2Felespectadorcom&layout=button&locale=es_LA&sdk=joey&share=false&show_faces=false HTTP/1.1" 404 1290
201.245.192.253 - - [02/Dec/2014:07:27:41 -0500] "GET /plugins/like.php?action=like&app_id=&channel=http%3A%2F%2Fstatic.ak.facebook.com%2Fconnect%2Fxd_arbiter%2F7r8gQb8MIqE.js%3Fversion%3D41%23cb%3Df866edd6d3199d%26domain%3Dwww.elespectador.com%26origin%3Dhttp%253A%252F%252Fwww.elespectador.com%252Ff488bb6e3c92a7%26relation%3Dparent.parent&href=http%3A%2F%2Fwww.elespectador.com%2F&layout=standard&locale=es_LA&sdk=joey&share=true&show_faces=false&width=450 HTTP/1.1" 404 1290
180.76.5.22 - - [02/Dec/2014:07:27:48 -0500] "GET /BLA/resoluciones/RESOLUCIONES%202012/1238.pdf HTTP/1.1" 200 515737
180.76.6.225 - - [02/Dec/2014:07:27:52 -0500] "GET /BLA/resoluciones/AUTOS%202007/2598.pdf HTTP/1.1" 200 83260
180.76.5.24 - - [02/Dec/2014:07:27:55 -0500] "GET /BLA/resoluciones/AUTOS%202011/0226.pdf HTTP/1.1" 200 1560895
186.82.78.180 - - [02/Dec/2014:07:27:55 -0500] "POST /forms/lservlet;jsessionid=ac16012b30d5c8fa29ecee334d2bae74f2c1bc1cee64.e3iSbxaKaheRe34Sa3yKbhiTahb0n6jAmljGr5XDqQLvpAe HTTP/1.1" 200 2
201.245.192.253 - - [02/Dec/2014:07:28:06 -0500] "GET /plugins/like.php?action=like&app_id=&channel=http%3A%2F%2Fstatic.ak.facebook.com%2Fconnect%2Fxd_arbiter%2F7r8gQb8MIqE.js%3Fversion%3D41%23cb%3Dfa6fa2cc91dfc%26domain%3Dwww.elespectador.com%26origin%3Dhttp%253A%252F%252Fwww.elespectador.com%252Ff2d450735c2685c%26relation%3Dparent.parent&href=http%3A%2F%2Fwww.elespectador.com%2F&layout=standard&locale=es_LA&sdk=joey&share=true&show_faces=false&width=450 HTTP/1.1" 404 1434
201.245.192.253 - - [02/Dec/2014:07:28:06 -0500] "GET /plugins/like.php?action=like&app_id=&channel=http%3A%2F%2Fstatic.ak.facebook.com%2Fconnect%2Fxd_arbiter%2F7r8gQb8MIqE.js%3Fversion%3D41%23cb%3Df29de1747dd5d4%26domain%3Dwww.elespectador.com%26origin%3Dhttp%253A%252F%252Fwww.elespectador.com%252Ff2d450735c2685c%26relation%3Dparent.parent&href=http%3A%2F%2Fwww.elespectador.com%2F&layout=standard&locale=es_LA&sdk=joey&share=true&show_faces=false&width=450 HTTP/1.1" 404 1434
201.245.192.253 - - [02/Dec/2014:07:28:06 -0500] "GET /plugins/like.php?action=like&app_id=&channel=http%3A%2F%2Fstatic.ak.facebook.com%2Fconnect%2Fxd_arbiter%2F7r8gQb8MIqE.js%3Fversion%3D41%23cb%3Df15675abc1f6358%26domain%3Dwww.elespectador.com%26origin%3Dhttp%253A%252F%252Fwww.elespectador.com%252Ff2d450735c2685c%26relation%3Dparent.parent&href=https%3A%2F%2Fwww.facebook.com%2Felespectadorcom&layout=button&locale=es_LA&sdk=joey&share=false&show_faces=false HTTP/1.1" 404 1434
180.76.5.66 - - [02/Dec/2014:07:28:07 -0500] "GET /BLA/resoluciones/RESOLUCIONES%202013/0298.pdf HTTP/1.1" 200 3140015
201.245.192.253 - - [02/Dec/2014:07:28:07 -0500] "GET /plugins/like.php?action=like&app_id=&channel=http%3A%2F%2Fstatic.ak.facebook.com%2Fconnect%2Fxd_arbiter%2F7r8gQb8MIqE.js%3Fversion%3D41%23cb%3Df3456fce7547554%26domain%3Dwww.elespectador.com%26origin%3Dhttp%253A%252F%252Fwww.elespectador.com%252Ff2d450735c2685c%26relation%3Dparent.parent&href=https%3A%2F%2Fwww.facebook.com%2Felespectadorcom&layout=button&locale=es_LA&sdk=joey&share=false&show_faces=false HTTP/1.1" 404 1434
180.76.6.62 - - [02/Dec/2014:07:28:08 -0500] "GET /BLA/resoluciones/RESOLUCIONES%202008/5165.pdf HTTP/1.1" 200 317496
180.76.6.155 - - [02/Dec/2014:07:28:09 -0500] "GET /BLA/resoluciones/RESOLUCIONES%202011/3001.pdf HTTP/1.1" 200 974990
180.76.5.175 - - [02/Dec/2014:07:28:18 -0500] "GET /BLA/resoluciones/RESOLUCIONES%202007/RES%202007%203101%20AL%203200/RESOLUCION%203191%20DE%202007.pdf HTTP/1.1" 200 702698
180.76.6.55 - - [02/Dec/2014:07:28:23 -0500] "GET /BLA/resoluciones/RESOLUCIONES%202009/0010.pdf HTTP/1.1" 200 253479
180.76.6.157 - - [02/Dec/2014:07:28:24 -0500] "GET /BLA/resoluciones/AUTOS%202011/3421.pdf HTTP/1.1" 200 243715
180.76.6.143 - - [02/Dec/2014:07:28:26 -0500] "GET /BLA/resoluciones/RESOLUCIONES%202009/2246.pdf HTTP/1.1" 200 326401
180.76.5.149 - - [02/Dec/2014:07:28:28 -0500] "GET /BLA/resoluciones/RESOLUCIONES%202007/RES%202007%203201%20AL%203300/RESOLUCION%203220%20DE%202007.pdf HTTP/1.1" 200 594184
180.76.6.158 - - [02/Dec/2014:07:28:29 -0500] "GET /BLA/resoluciones/RESOLUCIONES%202013/0761.pdf HTTP/1.1" 200 1680685
66.249.65.123 - - [02/Dec/2014:07:28:32 -0500] "GET /BLA/resoluciones/RESOLUCIONES%202009/2568.pdf HTTP/1.1" 200 442846
180.76.6.154 - - [02/Dec/2014:07:28:37 -0500] "GET /BLA/resoluciones/RESOLUCIONES%202007/RES%202007%201201%20AL%201300/RESOLUCION%201262%20DE%202007.pdf HTTP/1.1" 200 270394
180.76.6.56 - - [02/Dec/2014:07:28:43 -0500] "GET /BLA/resoluciones/AUTOS%202011/6119.pdf HTTP/1.1" 200 166309
74.86.158.107 - - [02/Dec/2014:07:28:44 -0500] "HEAD / HTTP/1.1" 302 -
180.76.5.167 - - [02/Dec/2014:07:28:44 -0500] "GET /BLA/resoluciones/AUTOS%202013/2046.pdf HTTP/1.1" 200 1939083
180.76.5.150 - - [02/Dec/2014:07:28:45 -0500] "GET /BLA/resoluciones/RESOLUCIONES%202011/4849.pdf HTTP/1.1" 200 326631
181.60.185.109 - - [02/Dec/2014:07:28:48 -0500] "GET /BLA/boletinlegal/js/jquery.scrollTo-min.js HTTP/1.1" 200 1150
181.60.185.109 - - [02/Dec/2014:07:28:48 -0500] "GET /BLA/boletinlegal/js/jquery.js HTTP/1.1" 200 57254
181.60.185.109 - - [02/Dec/2014:07:28:48 -0500] "GET /BLA/boletinlegal/js/jquery.scrollShow.js HTTP/1.1" 200 4586
180.76.5.144 - - [02/Dec/2014:07:28:55 -0500] "GET /BLA/resoluciones/AUTOS%202009/2604.pdf HTTP/1.1" 200 110794
180.76.6.59 - - [02/Dec/2014:07:28:59 -0500] "GET /BLA/resoluciones/AUTOS%202008/3204.pdf HTTP/1.1" 200 267829
201.245.192.253 - - [02/Dec/2014:07:29:01 -0500] "GET /plugins/like.php?action=like&app_id=&channel=http%3A%2F%2Fstatic.ak.facebook.com%2Fconnect%2Fxd_arbiter%2F7r8gQb8MIqE.js%3Fversion%3D41%23cb%3Df96fb93964226b%26domain%3Dwww.elespectador.com%26origin%3Dhttp%253A%252F%252Fwww.elespectador.com%252Ff2bbf8c45d5dc7%26relation%3Dparent.parent&href=https%3A%2F%2Fwww.facebook.com%2Felespectadorcom&layout=button&locale=es_LA&sdk=joey&share=false&show_faces=false HTTP/1.1" 404 1290
201.245.192.253 - - [02/Dec/2014:07:29:01 -0500] "GET /plugins/like.php?action=like&app_id=&channel=http%3A%2F%2Fstatic.ak.facebook.com%2Fconnect%2Fxd_arbiter%2F7r8gQb8MIqE.js%3Fversion%3D41%23cb%3Df25408639cc03f%26domain%3Dwww.elespectador.com%26origin%3Dhttp%253A%252F%252Fwww.elespectador.com%252Ff2bbf8c45d5dc7%26relation%3Dparent.parent&href=http%3A%2F%2Fwww.elespectador.com%2F&layout=standard&locale=es_LA&sdk=joey&share=true&show_faces=false&width=450 HTTP/1.1" 404 1290
201.245.192.253 - - [02/Dec/2014:07:29:01 -0500] "GET /plugins/like.php?action=like&app_id=&channel=http%3A%2F%2Fstatic.ak.facebook.com%2Fconnect%2Fxd_arbiter%2F7r8gQb8MIqE.js%3Fversion%3D41%23cb%3Df20658b016bc0e8%26domain%3Dwww.elespectador.com%26origin%3Dhttp%253A%252F%252Fwww.elespectador.com%252Ff2bbf8c45d5dc7%26relation%3Dparent.parent&href=https%3A%2F%2Fwww.facebook.com%2Felespectadorcom&layout=button&locale=es_LA&sdk=joey&share=false&show_faces=false HTTP/1.1" 404 1290
201.245.192.253 - - [02/Dec/2014:07:29:01 -0500] "GET /plugins/like.php?action=like&app_id=&channel=http%3A%2F%2Fstatic.ak.facebook.com%2Fconnect%2Fxd_arbiter%2F7r8gQb8MIqE.js%3Fversion%3D41%23cb%3Df3ddfaadc631a1%26domain%3Dwww.elespectador.com%26origin%3Dhttp%253A%252F%252Fwww.elespectador.com%252Ff2bbf8c45d5dc7%26relation%3Dparent.parent&href=http%3A%2F%2Fwww.elespectador.com%2F&layout=standard&locale=es_LA&sdk=joey&share=true&show_faces=false&width=450 HTTP/1.1" 404 1290
186.84.50.43 - - [02/Dec/2014:07:29:03 -0500] "POST /forms/lservlet;jsessionid=ac16012b30d5aa229177214c48b68cf6ce7de9547e72.e3iSbxaKaheRe34Sa3yKbhiTahb0n6jAmljGr5XDqQLvpAe HTTP/1.1" 200 2
180.76.6.37 - - [02/Dec/2014:07:29:04 -0500] "GET /BLA/resoluciones/RESOLUCIONES%202009/0965.pdf HTTP/1.1" 200 637707
180.76.5.27 - - [02/Dec/2014:07:29:09 -0500] "GET /BLA/boletinlegal/jurisprudencia/analisis/analisis%20sentencia%20C%20401%20de%202010.doc HTTP/1.1" 200 34816
180.76.6.139 - - [02/Dec/2014:07:29:10 -0500] "GET /BLA/resoluciones/RESOLUCIONES%202012/0387.pdf HTTP/1.1" 200 745805
180.76.6.43 - - [02/Dec/2014:07:29:33 -0500] "GET /BLA/resoluciones/RESOLUCIONES%202007/RES%202007%202001%20AL%202100/RESOLUCION%202096%20DE%202007.pdf HTTP/1.1" 200 1174394
180.76.6.145 - - [02/Dec/2014:07:29:35 -0500] "GET /BLA/resoluciones/AUTOS%202011/0861.pdf HTTP/1.1" 200 233591
180.76.5.17 - - [02/Dec/2014:07:29:35 -0500] "GET /BLA/resoluciones/RESOLUCIONES%202008/1248.pdf HTTP/1.1" 200 293203
201.245.192.253 - - [02/Dec/2014:07:29:38 -0500] "GET /galeria/nivo-slider/demo/demo.html HTTP/1.1" 304 -
201.245.192.253 - - [02/Dec/2014:07:29:39 -0500] "GET /galeria/nivo-slider/demo/images/BogotaSostenible.jpg HTTP/1.1" 304 -
201.245.192.253 - - [02/Dec/2014:07:29:39 -0500] "GET /galeria/nivo-slider/demo/images/Banner-GAE3.jpg HTTP/1.1" 304 -
201.245.192.253 - - [02/Dec/2014:07:29:39 -0500] "GET /galeria/nivo-slider/demo/images/porloshumedales.jpg HTTP/1.1" 304 -
201.245.192.253 - - [02/Dec/2014:07:29:41 -0500] "GET /galeria/nivo-slider/demo/images/Biotaxis-Man.jpg HTTP/1.1" 304 -
201.245.192.253 - - [02/Dec/2014:07:29:41 -0500] "GET /galeria/nivo-slider/demo/images/Banner-comparendo.jpg HTTP/1.1" 304 -
201.245.192.253 - - [02/Dec/2014:07:29:41 -0500] "GET /galeria/nivo-slider/demo/images/Tingua-azul.jpg HTTP/1.1" 304 -
201.245.192.253 - - [02/Dec/2014:07:29:41 -0500] "GET /galeria/nivo-slider/demo/images/banner-caballos.png HTTP/1.1" 304 -
201.245.192.253 - - [02/Dec/2014:07:29:41 -0500] "GET /galeria/nivo-slider/demo/images/9Signos.jpg HTTP/1.1" 304 -
201.245.192.253 - - [02/Dec/2014:07:29:41 -0500] "GET /galeria/nivo-slider/demo/images/banner-redes.jpg HTTP/1.1" 304 -
201.245.192.253 - - [02/Dec/2014:07:29:41 -0500] "GET /galeria/nivo-slider/demo/images/Hacienda_Molinos.jpg HTTP/1.1" 304 -
180.76.5.73 - - [02/Dec/2014:07:29:47 -0500] "GET /BLA/boletinlegal/jurisprudencia/analisis/CUADRO%20SENTENCIA%20C-245%20DE%202004.doc HTTP/1.1" 200 65536
186.82.78.180 - - [02/Dec/2014:07:29:55 -0500] "POST /forms/lservlet;jsessionid=ac16012b30d5c8fa29ecee334d2bae74f2c1bc1cee64.e3iSbxaKaheRe34Sa3yKbhiTahb0n6jAmljGr5XDqQLvpAe HTTP/1.1" 200 2
180.76.6.131 - - [02/Dec/2014:07:30:01 -0500] "GET /BLA/resoluciones/AUTOS%202011/3208.pdf HTTP/1.1" 200 303324
191.67.80.141 - - [02/Dec/2014:07:30:03 -0500] "GET /BLA/boletinlegal/js/jquery.js HTTP/1.1" 200 57254
191.67.80.141 - - [02/Dec/2014:07:30:03 -0500] "GET /BLA/boletinlegal/js/jquery.scrollTo-min.js HTTP/1.1" 200 1150
191.67.80.141 - - [02/Dec/2014:07:30:03 -0500] "GET /BLA/boletinlegal/js/jquery.scrollShow.js HTTP/1.1" 200 4586
201.245.192.253 - - [02/Dec/2014:07:30:03 -0500] "GET /galeria/nivo-slider/demo/demo.html HTTP/1.1" 304 -
201.245.192.253 - - [02/Dec/2014:07:30:04 -0500] "GET /galeria/nivo-slider/demo/images/BogotaSostenible.jpg HTTP/1.1" 304 -
201.245.192.253 - - [02/Dec/2014:07:30:04 -0500] "GET /galeria/nivo-slider/demo/images/Banner-GAE3.jpg HTTP/1.1" 304 -
201.245.192.253 - - [02/Dec/2014:07:30:04 -0500] "GET /galeria/nivo-slider/demo/images/Banner-comparendo.jpg HTTP/1.1" 304 -
201.245.192.253 - - [02/Dec/2014:07:30:04 -0500] "GET /galeria/nivo-slider/demo/images/Biotaxis-Man.jpg HTTP/1.1" 304 -
201.245.192.253 - - [02/Dec/2014:07:30:04 -0500] "GET /galeria/nivo-slider/demo/images/porloshumedales.jpg HTTP/1.1" 304 -
201.245.192.253 - - [02/Dec/2014:07:30:04 -0500] "GET /galeria/nivo-slider/demo/images/Tingua-azul.jpg HTTP/1.1" 304 -
201.245.192.253 - - [02/Dec/2014:07:30:04 -0500] "GET /galeria/nivo-slider/demo/images/Banner-Caracol-Africano.jpg HTTP/1.1" 304 -
201.245.192.253 - - [02/Dec/2014:07:30:04 -0500] "GET /galeria/nivo-slider/demo/images/banner-redes.jpg HTTP/1.1" 304 -
201.245.192.253 - - [02/Dec/2014:07:30:04 -0500] "GET /galeria/nivo-slider/demo/images/bannerEcolecta3.jpg HTTP/1.1" 304 -
186.84.50.43 - - [02/Dec/2014:07:30:07 -0500] "-" 408 -
66.249.65.115 - - [02/Dec/2014:07:30:09 -0500] "GET /BLA/resoluciones/RESOLUCIONES%202007/RES%202007%203901%20AL%204000/RESOLUCION%203969%20DE%202007.pdf HTTP/1.1" 200 716930
180.76.6.143 - - [02/Dec/2014:07:30:10 -0500] "GET /BLA/resoluciones/AUTOS%202011/1721.pdf HTTP/1.1" 200 183757
201.245.192.253 - - [02/Dec/2014:07:30:22 -0500] "GET /plugins/like.php?action=like&app_id=&channel=http%3A%2F%2Fstatic.ak.facebook.com%2Fconnect%2Fxd_arbiter%2F7r8gQb8MIqE.js%3Fversion%3D41%23cb%3Df272e56053e1d1%26domain%3Dwww.elespectador.com%26origin%3Dhttp%253A%252F%252Fwww.elespectador.com%252Fff70251ec4f52d%26relation%3Dparent.parent&href=https%3A%2F%2Fwww.facebook.com%2Felespectadorcom&layout=button&locale=es_LA&sdk=joey&share=false&show_faces=false HTTP/1.1" 404 1400
201.245.192.253 - - [02/Dec/2014:07:30:22 -0500] "GET /plugins/like.php?action=like&app_id=&channel=http%3A%2F%2Fstatic.ak.facebook.com%2Fconnect%2Fxd_arbiter%2F7r8gQb8MIqE.js%3Fversion%3D41%23cb%3Df972b4d5c4e538%26domain%3Dwww.elespectador.com%26origin%3Dhttp%253A%252F%252Fwww.elespectador.com%252Fff70251ec4f52d%26relation%3Dparent.parent&href=http%3A%2F%2Fwww.elespectador.com%2F&layout=standard&locale=es_LA&sdk=joey&share=true&show_faces=false&width=450 HTTP/1.1" 404 1400
201.245.192.253 - - [02/Dec/2014:07:30:22 -0500] "GET /plugins/like.php?action=like&app_id=&channel=http%3A%2F%2Fstatic.ak.facebook.com%2Fconnect%2Fxd_arbiter%2F7r8gQb8MIqE.js%3Fversion%3D41%23cb%3Df1d3d70a4ed12ea%26domain%3Dwww.elespectador.com%26origin%3Dhttp%253A%252F%252Fwww.elespectador.com%252Fff70251ec4f52d%26relation%3Dparent.parent&href=https%3A%2F%2Fwww.facebook.com%2Felespectadorcom&layout=button&locale=es_LA&sdk=joey&share=false&show_faces=false HTTP/1.1" 404 1400
201.245.192.253 - - [02/Dec/2014:07:30:22 -0500] "GET /plugins/like.php?action=like&app_id=&channel=http%3A%2F%2Fstatic.ak.facebook.com%2Fconnect%2Fxd_arbiter%2F7r8gQb8MIqE.js%3Fversion%3D41%23cb%3Df366f87b9530ec8%26domain%3Dwww.elespectador.com%26origin%3Dhttp%253A%252F%252Fwww.elespectador.com%252Fff70251ec4f52d%26relation%3Dparent.parent&href=http%3A%2F%2Fwww.elespectador.com%2F&layout=standard&locale=es_LA&sdk=joey&share=true&show_faces=false&width=450 HTTP/1.1" 404 1400
180.76.5.57 - - [02/Dec/2014:07:30:27 -0500] "GET /BLA/resoluciones/RESOLUCIONES%202011/4908.pdf HTTP/1.1" 200 676490
201.245.192.253 - - [02/Dec/2014:07:30:37 -0500] "GET /galeria/nivo-slider/demo/demo.html HTTP/1.1" 304 -
201.245.192.253 - - [02/Dec/2014:07:30:39 -0500] "GET /galeria/nivo-slider/themes/default/default.css HTTP/1.1" 304 -
201.245.192.253 - - [02/Dec/2014:07:30:39 -0500] "GET /galeria/nivo-slider/demo/images/BogotaSostenible.jpg HTTP/1.1" 304 -
201.245.192.253 - - [02/Dec/2014:07:30:39 -0500] "GET /galeria/nivo-slider/demo/images/Banner-comparendo.jpg HTTP/1.1" 304 -
201.245.192.253 - - [02/Dec/2014:07:30:39 -0500] "GET /galeria/nivo-slider/demo/images/Banner-GAE3.jpg HTTP/1.1" 304 -
201.245.192.253 - - [02/Dec/2014:07:30:39 -0500] "GET /galeria/nivo-slider/demo/images/Biotaxis-Man.jpg HTTP/1.1" 304 -
201.245.192.253 - - [02/Dec/2014:07:30:39 -0500] "GET /galeria/nivo-slider/demo/images/porloshumedales.jpg HTTP/1.1" 304 -
201.245.192.253 - - [02/Dec/2014:07:30:39 -0500] "GET /galeria/nivo-slider/demo/images/Tingua-azul.jpg HTTP/1.1" 304 -
201.245.192.253 - - [02/Dec/2014:07:30:39 -0500] "GET /galeria/nivo-slider/demo/images/Banner-Caracol-Africano.jpg HTTP/1.1" 304 -
201.245.192.253 - - [02/Dec/2014:07:30:39 -0500] "GET /galeria/nivo-slider/demo/images/banner-redes.jpg HTTP/1.1" 304 -
201.245.192.253 - - [02/Dec/2014:07:30:39 -0500] "GET /galeria/nivo-slider/demo/images/9Signos.jpg HTTP/1.1" 304 -
201.245.192.253 - - [02/Dec/2014:07:30:40 -0500] "GET /galeria/nivo-slider/demo/images/banner-caballos.png HTTP/1.1" 304 -
201.245.192.253 - - [02/Dec/2014:07:30:40 -0500] "GET /galeria/nivo-slider/demo/images/Hacienda_Molinos.jpg HTTP/1.1" 304 -
201.245.192.253 - - [02/Dec/2014:07:30:40 -0500] "GET /galeria/nivo-slider/demo/images/bannerEcolecta3.jpg HTTP/1.1" 304 -
180.76.6.59 - - [02/Dec/2014:07:30:41 -0500] "GET /BLA/resoluciones/RESOLUCIONES%202013/2148.pdf HTTP/1.1" 200 632862
180.76.6.64 - - [02/Dec/2014:07:30:42 -0500] "GET /BLA/resoluciones/RESOLUCIONES%202008/2344.pdf HTTP/1.1" 200 355042
180.76.5.62 - - [02/Dec/2014:07:30:46 -0500] "GET /manual_funciones_Listado/2.1.2.%20Subdireccion%20de%20Proyectos%20y%20Cooperacion%20Internacional/Profesional%20Universitario%20219-14.pdf HTTP/1.1" 404 1018
180.76.5.192 - - [02/Dec/2014:07:30:47 -0500] "GET /BLA/resoluciones/AUTOS%202010/5542.pdf HTTP/1.1" 200 819308
180.76.6.40 - - [02/Dec/2014:07:30:56 -0500] "GET /BLA/resoluciones/AUTOS%202007/0047.pdf HTTP/1.1" 200 479217
180.76.6.144 - - [02/Dec/2014:07:30:56 -0500] "GET /BLA/resoluciones/AUTOS%202013/0108.pdf HTTP/1.1" 200 1468044
180.76.6.28 - - [02/Dec/2014:07:30:57 -0500] "GET /BLA/resoluciones/RESOLUCIONES%202010/0113.pdf HTTP/1.1" 200 492542
66.249.65.115 - - [02/Dec/2014:07:30:59 -0500] "GET /BLA/resoluciones/RESOLUCIONES%202007/RES%202007%20501%20AL%20600/RESOLUCION%200503%20DE%202007.pdf HTTP/1.1" 200 255611
186.84.50.43 - - [02/Dec/2014:07:31:03 -0500] "POST /forms/lservlet;jsessionid=ac16012b30d5aa229177214c48b68cf6ce7de9547e72.e3iSbxaKaheRe34Sa3yKbhiTahb0n6jAmljGr5XDqQLvpAe HTTP/1.1" 200 2
180.76.5.24 - - [02/Dec/2014:07:31:04 -0500] "GET /BLA/resoluciones/AUTOS%202011/4075.pdf HTTP/1.1" 200 514403
180.76.6.153 - - [02/Dec/2014:07:31:08 -0500] "GET /BLA/resoluciones/RESOLUCIONES%202009/0925.pdf HTTP/1.1" 200 602631
180.76.5.170 - - [02/Dec/2014:07:31:11 -0500] "GET /BLA/resoluciones/RESOLUCIONES%202011/1730.pdf HTTP/1.1" 200 784416
