201.245.225.30 - - [06/Dec/2014:11:57:09 -0500] "GET /isolucionsda/CalendarioDisplayHidden.asp?Form=AdicionNoConformidad&Campo=FechaNoConformidad&Campo1=FechaNoConformidad_Display HTTP/1.1" 200 15785
201.245.225.30 - - [06/Dec/2014:11:57:10 -0500] "GET /isolucionsda/Graficas/line.gif HTTP/1.1" 404 5201
201.245.225.30 - - [06/Dec/2014:11:57:10 -0500] "GET /isolucionsda/g/vacio1x1.gif HTTP/1.1" 404 5195
201.245.225.30 - - [06/Dec/2014:11:57:11 -0500] "GET /isolucionsda/CalendarioDisplayHidden.asp?Form=AdicionNoConformidad&Campo=FechaNoConformidad&Campo1=FechaNoConformidad_Display&month=11&year=2014 HTTP/1.1" 200 16253
201.245.225.30 - - [06/Dec/2014:11:57:11 -0500] "GET /isolucionsda/Graficas/line.gif HTTP/1.1" 404 5201
201.245.225.30 - - [06/Dec/2014:11:57:11 -0500] "GET /isolucionsda/g/vacio1x1.gif HTTP/1.1" 404 5195
201.245.225.30 - - [06/Dec/2014:11:57:16 -0500] "GET /isolucionsda/Jerarquia.asp?Tabla=Proceso&Form=AdicionNoConformidad&CampoDisplay=CodProcesoDisplayObjetoProceso&CampoHidden=CodProceso&bSubmit=False&items= HTTP/1.1" 200 10481
201.245.225.30 - - [06/Dec/2014:11:57:18 -0500] "POST /isolucionsda/Jerarquia.asp HTTP/1.1" 200 7970
186.84.50.43 - - [06/Dec/2014:11:57:31 -0500] "POST /forms/lservlet;jsessionid=ac16012b30d5088ac96555e141dd81a9df0733c60894.e3iSbxaKaheRe34Sa3yKbhiTahb0n6jAmljGr5XDqQLvpAe HTTP/1.1" 200 2
190.25.157.12 - - [06/Dec/2014:11:57:59 -0500] "POST /forms/lservlet;jsessionid=ac16012b30d5e7009ae609c046649991d8330a80b606.e3iSbxaKaheRe34Sa3yKbhiTahb0n6jAmljGr5XDqQLvpAe HTTP/1.1" 200 2
220.181.108.101 - - [06/Dec/2014:11:58:04 -0500] "GET /BLA/resoluciones/RESOLUCIONES%202013/0446.pdf HTTP/1.1" 200 3916085
180.76.5.80 - - [06/Dec/2014:11:58:21 -0500] "GET /BLA/resoluciones/RESOLUCIONES%202010/2830.pdf HTTP/1.1" 200 380254
207.46.13.71 - - [06/Dec/2014:11:58:38 -0500] "GET /galeria/nivo-slider/demo/demo.html HTTP/1.1" 200 3572
190.24.124.105 - - [06/Dec/2014:11:58:55 -0500] "POST /forms/lservlet;jsessionid=ac16012b30d5c0f1beef6764426085a6f128a2cbf368.e3iSbxaKaheRe34Sa3yKbhiTahb0n6jAmljGr5XDqQLvpAe HTTP/1.1" 200 2
186.116.27.159 - - [06/Dec/2014:11:59:02 -0500] "GET /BLA/resoluciones/RESOLUCIONES%202010/0417.pdf HTTP/1.1" 200 458177
186.116.27.159 - - [06/Dec/2014:11:59:02 -0500] "GET /BLA/resoluciones/RESOLUCIONES%202010/0417.pdf HTTP/1.1" 206 32768
186.116.27.159 - - [06/Dec/2014:11:59:03 -0500] "GET /BLA/resoluciones/RESOLUCIONES%202010/0417.pdf HTTP/1.1" 206 425409
180.76.5.147 - - [06/Dec/2014:11:59:08 -0500] "GET /BLA/resoluciones/RESOLUCIONES%202013/1088.pdf HTTP/1.1" 200 736114
186.116.27.159 - - [06/Dec/2014:11:59:09 -0500] "GET /favicon.ico HTTP/1.1" 200 7782
201.245.225.30 - - [06/Dec/2014:11:59:11 -0500] "GET /isolucionsda/BuscarUsuarios.asp?Tabla=Usuario&Form=AdicionNoConformidad&CampoHidden=EnviarA&CampoDisplay=NomEnviarA&codSucursal=0 HTTP/1.1" 200 17169
201.245.225.30 - - [06/Dec/2014:11:59:18 -0500] "GET /isolucionsda/BuscarNormaNumeral.asp?Form=AdicionNoConformidad&CampoVisible=NormaNumeral&CampoOculto=txtNormaNumeral HTTP/1.1" 200 37007
186.84.50.43 - - [06/Dec/2014:11:59:31 -0500] "POST /forms/lservlet;jsessionid=ac16012b30d5088ac96555e141dd81a9df0733c60894.e3iSbxaKaheRe34Sa3yKbhiTahb0n6jAmljGr5XDqQLvpAe HTTP/1.1" 200 2
201.184.191.6 - - [06/Dec/2014:11:59:33 -0500] "GET /BLA/boletinlegal/js/jquery.js HTTP/1.1" 200 57254
201.184.191.6 - - [06/Dec/2014:11:59:33 -0500] "GET /BLA/boletinlegal/js/jquery.scrollTo-min.js HTTP/1.1" 200 1150
201.184.191.6 - - [06/Dec/2014:11:59:33 -0500] "GET /BLA/boletinlegal/js/jquery.scrollShow.js HTTP/1.1" 200 4586
190.25.157.12 - - [06/Dec/2014:11:59:59 -0500] "POST /forms/lservlet;jsessionid=ac16012b30d5e7009ae609c046649991d8330a80b606.e3iSbxaKaheRe34Sa3yKbhiTahb0n6jAmljGr5XDqQLvpAe HTTP/1.1" 200 2
200.118.214.132 - - [06/Dec/2014:12:00:14 -0500] "GET /BLA/boletinlegal/js/jquery.js HTTP/1.1" 200 57254
200.118.214.132 - - [06/Dec/2014:12:00:14 -0500] "GET /BLA/boletinlegal/js/jquery.scrollTo-min.js HTTP/1.1" 200 1150
200.118.214.132 - - [06/Dec/2014:12:00:14 -0500] "GET /BLA/boletinlegal/js/jquery.scrollShow.js HTTP/1.1" 200 4586
188.165.15.224 - - [06/Dec/2014:12:00:17 -0500] "GET /BLA/resoluciones/RESOLUCIONES%202002/RES%202002%2051-100/2002RES92.tif HTTP/1.1" 200 41424
201.245.225.30 - - [06/Dec/2014:12:00:23 -0500] "GET /isolucionsda/CalendarioDisplayHidden.asp?Form=AdicionNoConformidad&Campo=FechaCierreProyectada&Campo1=FechaCierreProyectada_Display HTTP/1.1" 200 15815
201.245.225.30 - - [06/Dec/2014:12:00:23 -0500] "GET /isolucionsda/Graficas/line.gif HTTP/1.1" 404 5201
201.245.225.30 - - [06/Dec/2014:12:00:23 -0500] "GET /isolucionsda/g/vacio1x1.gif HTTP/1.1" 404 5195
201.245.225.30 - - [06/Dec/2014:12:00:24 -0500] "GET /isolucionsda/CalendarioDisplayHidden.asp?Form=AdicionNoConformidad&Campo=FechaCierreProyectada&Campo1=FechaCierreProyectada_Display&month=1&year=2015 HTTP/1.1" 200 15817
201.245.225.30 - - [06/Dec/2014:12:00:24 -0500] "GET /isolucionsda/Graficas/line.gif HTTP/1.1" 404 5201
201.245.225.30 - - [06/Dec/2014:12:00:24 -0500] "GET /isolucionsda/g/vacio1x1.gif HTTP/1.1" 404 5195
201.245.225.30 - - [06/Dec/2014:12:00:25 -0500] "GET /isolucionsda/CalendarioDisplayHidden.asp?Form=AdicionNoConformidad&Campo=FechaCierreProyectada&Campo1=FechaCierreProyectada_Display&month=2&year=2015 HTTP/1.1" 200 15011
201.245.225.30 - - [06/Dec/2014:12:00:25 -0500] "GET /isolucionsda/Graficas/line.gif HTTP/1.1" 404 5201
201.245.225.30 - - [06/Dec/2014:12:00:25 -0500] "GET /isolucionsda/g/vacio1x1.gif HTTP/1.1" 404 5195
201.245.225.30 - - [06/Dec/2014:12:00:25 -0500] "GET /isolucionsda/CalendarioDisplayHidden.asp?Form=AdicionNoConformidad&Campo=FechaCierreProyectada&Campo1=FechaCierreProyectada_Display&month=3&year=2015 HTTP/1.1" 200 15810
201.245.225.30 - - [06/Dec/2014:12:00:25 -0500] "GET /isolucionsda/Graficas/line.gif HTTP/1.1" 404 5201
201.245.225.30 - - [06/Dec/2014:12:00:25 -0500] "GET /isolucionsda/g/vacio1x1.gif HTTP/1.1" 404 5195
201.245.225.30 - - [06/Dec/2014:12:00:26 -0500] "GET /isolucionsda/CalendarioDisplayHidden.asp?Form=AdicionNoConformidad&Campo=FechaCierreProyectada&Campo1=FechaCierreProyectada_Display&month=4&year=2015 HTTP/1.1" 200 15728
201.245.225.30 - - [06/Dec/2014:12:00:26 -0500] "GET /isolucionsda/Graficas/line.gif HTTP/1.1" 404 5201
201.245.225.30 - - [06/Dec/2014:12:00:26 -0500] "GET /isolucionsda/g/vacio1x1.gif HTTP/1.1" 404 5195
201.245.225.30 - - [06/Dec/2014:12:00:26 -0500] "GET /isolucionsda/CalendarioDisplayHidden.asp?Form=AdicionNoConformidad&Campo=FechaCierreProyectada&Campo1=FechaCierreProyectada_Display&month=5&year=2015 HTTP/1.1" 200 16360
201.245.225.30 - - [06/Dec/2014:12:00:26 -0500] "GET /isolucionsda/Graficas/line.gif HTTP/1.1" 404 5201
201.245.225.30 - - [06/Dec/2014:12:00:26 -0500] "GET /isolucionsda/g/vacio1x1.gif HTTP/1.1" 404 5195
201.245.225.30 - - [06/Dec/2014:12:00:29 -0500] "GET /isolucionsda/CalendarioDisplayHidden.asp?Form=AdicionNoConformidad&Campo=FechaCierreProyectada&Campo1=FechaCierreProyectada_Display&month=6&year=2015 HTTP/1.1" 200 15725
201.245.225.30 - - [06/Dec/2014:12:00:29 -0500] "GET /isolucionsda/Graficas/line.gif HTTP/1.1" 404 5201
201.245.225.30 - - [06/Dec/2014:12:00:29 -0500] "GET /isolucionsda/g/vacio1x1.gif HTTP/1.1" 404 5195
201.245.225.30 - - [06/Dec/2014:12:00:32 -0500] "GET /isolucionsda/CalendarioDisplayHidden.asp?Form=AdicionNoConformidad&Campo=FechaCierreProyectada&Campo1=FechaCierreProyectada_Display&month=7&year=2015 HTTP/1.1" 200 15812
201.245.225.30 - - [06/Dec/2014:12:00:32 -0500] "GET /isolucionsda/Graficas/line.gif HTTP/1.1" 404 5201
201.245.225.30 - - [06/Dec/2014:12:00:33 -0500] "GET /isolucionsda/g/vacio1x1.gif HTTP/1.1" 404 5195
201.245.225.30 - - [06/Dec/2014:12:00:33 -0500] "GET /isolucionsda/CalendarioDisplayHidden.asp?Form=AdicionNoConformidad&Campo=FechaCierreProyectada&Campo1=FechaCierreProyectada_Display&month=8&year=2015 HTTP/1.1" 200 16364
201.245.225.30 - - [06/Dec/2014:12:00:33 -0500] "GET /isolucionsda/Graficas/line.gif HTTP/1.1" 404 5201
201.245.225.30 - - [06/Dec/2014:12:00:33 -0500] "GET /isolucionsda/g/vacio1x1.gif HTTP/1.1" 404 5195
201.245.225.30 - - [06/Dec/2014:12:00:34 -0500] "GET /isolucionsda/CalendarioDisplayHidden.asp?Form=AdicionNoConformidad&Campo=FechaCierreProyectada&Campo1=FechaCierreProyectada_Display&month=9&year=2015 HTTP/1.1" 200 15732
201.245.225.30 - - [06/Dec/2014:12:00:35 -0500] "GET /isolucionsda/Graficas/line.gif HTTP/1.1" 404 5201
201.245.225.30 - - [06/Dec/2014:12:00:35 -0500] "GET /isolucionsda/g/vacio1x1.gif HTTP/1.1" 404 5195
201.245.225.30 - - [06/Dec/2014:12:00:35 -0500] "GET /isolucionsda/CalendarioDisplayHidden.asp?Form=AdicionNoConformidad&Campo=FechaCierreProyectada&Campo1=FechaCierreProyectada_Display&month=10&year=2015 HTTP/1.1" 200 15817
201.245.225.30 - - [06/Dec/2014:12:00:35 -0500] "GET /isolucionsda/Graficas/line.gif HTTP/1.1" 404 5201
201.245.225.30 - - [06/Dec/2014:12:00:35 -0500] "GET /isolucionsda/g/vacio1x1.gif HTTP/1.1" 404 5195
201.245.225.30 - - [06/Dec/2014:12:00:37 -0500] "GET /isolucionsda/CalendarioDisplayHidden.asp?Form=AdicionNoConformidad&Campo=FechaCierreProyectada&Campo1=FechaCierreProyectada_Display&month=11&year=2015 HTTP/1.1" 200 15730
201.245.225.30 - - [06/Dec/2014:12:00:37 -0500] "GET /isolucionsda/Graficas/line.gif HTTP/1.1" 404 5201
201.245.225.30 - - [06/Dec/2014:12:00:37 -0500] "GET /isolucionsda/g/vacio1x1.gif HTTP/1.1" 404 5195
201.245.225.30 - - [06/Dec/2014:12:00:37 -0500] "GET /isolucionsda/CalendarioDisplayHidden.asp?Form=AdicionNoConformidad&Campo=FechaCierreProyectada&Campo1=FechaCierreProyectada_Display&month=12&year=2015 HTTP/1.1" 200 15816
201.245.225.30 - - [06/Dec/2014:12:00:38 -0500] "GET /isolucionsda/g/vacio1x1.gif HTTP/1.1" 404 5195
201.245.225.30 - - [06/Dec/2014:12:00:38 -0500] "GET /isolucionsda/Graficas/line.gif HTTP/1.1" 404 5201
201.245.225.30 - - [06/Dec/2014:12:00:50 -0500] "POST /isolucionsda/AdicionNoConformidad.asp HTTP/1.1" 302 225
201.245.225.30 - - [06/Dec/2014:12:00:52 -0500] "GET /isolucionsda/NoConformidadISOlucion.asp?Id_NoConformidad=705&CodTipoNoConf=5&CodAuditoria=&CodEntrevista= HTTP/1.1" 200 45676
190.24.124.105 - - [06/Dec/2014:12:00:55 -0500] "POST /forms/lservlet;jsessionid=ac16012b30d5c0f1beef6764426085a6f128a2cbf368.e3iSbxaKaheRe34Sa3yKbhiTahb0n6jAmljGr5XDqQLvpAe HTTP/1.1" 200 2
66.249.67.83 - - [06/Dec/2014:12:01:00 -0500] "GET /sia/ HTTP/1.1" 304 -
181.60.161.83 - - [06/Dec/2014:12:01:03 -0500] "GET /silvicultura/1.pdf HTTP/1.1" 404 1308
181.60.161.83 - - [06/Dec/2014:12:01:03 -0500] "GET /favicon.ico HTTP/1.1" 200 7782
66.249.67.75 - - [06/Dec/2014:12:01:04 -0500] "GET /BLA/resoluciones/AUTOS%202012/3038.pdf HTTP/1.1" 304 -
181.54.37.45 - - [06/Dec/2014:12:01:09 -0500] "GET /BLA/boletinlegal/js/jquery.scrollTo-min.js HTTP/1.1" 200 1150
181.54.37.45 - - [06/Dec/2014:12:01:09 -0500] "GET /BLA/boletinlegal/js/jquery.js HTTP/1.1" 200 57254
181.54.37.45 - - [06/Dec/2014:12:01:09 -0500] "GET /galeria/carrusel/Carrusel/jquery.thumbnailScroller.css HTTP/1.1" 200 2066
181.54.37.45 - - [06/Dec/2014:12:01:09 -0500] "GET /BLA/boletinlegal/js/jquery.scrollShow.js HTTP/1.1" 200 4586
181.54.37.45 - - [06/Dec/2014:12:01:09 -0500] "GET /galeria/carrusel/Carrusel/jquery-ui-1.8.13.custom.min.js HTTP/1.1" 200 10800
181.54.37.45 - - [06/Dec/2014:12:01:09 -0500] "GET /galeria/carrusel/Carrusel/jquery.thumbnailScroller.js HTTP/1.1" 200 8157
181.54.37.45 - - [06/Dec/2014:12:01:13 -0500] "GET /galeria/nivo-slider/demo/demo.html HTTP/1.1" 200 3572
181.54.37.45 - - [06/Dec/2014:12:01:15 -0500] "GET /galeria/nivo-slider/themes/default/default.css HTTP/1.1" 200 1569
181.54.37.45 - - [06/Dec/2014:12:01:15 -0500] "GET /galeria/nivo-slider/demo/style.css HTTP/1.1" 200 2222
181.54.37.45 - - [06/Dec/2014:12:01:15 -0500] "GET /galeria/nivo-slider/themes/pascal/pascal.css HTTP/1.1" 200 2258
181.54.37.45 - - [06/Dec/2014:12:01:15 -0500] "GET /galeria/nivo-slider/themes/orman/orman.css HTTP/1.1" 200 2152
181.54.37.45 - - [06/Dec/2014:12:01:15 -0500] "GET /galeria/nivo-slider/nivo-slider.css HTTP/1.1" 200 1507
181.54.37.45 - - [06/Dec/2014:12:01:15 -0500] "GET /galeria/nivo-slider/demo/scripts/jquery-1.7.1.min.js HTTP/1.1" 200 93868
181.54.37.45 - - [06/Dec/2014:12:01:15 -0500] "GET /galeria/nivo-slider/jquery.nivo.slider.pack.js HTTP/1.1" 200 11561
181.54.37.45 - - [06/Dec/2014:12:01:15 -0500] "GET /galeria/nivo-slider/demo/images/banner-musgo.jpg HTTP/1.1" 200 49513
181.54.37.45 - - [06/Dec/2014:12:01:15 -0500] "GET /galeria/nivo-slider/demo/images/RdaNegociosFiltros.jpg HTTP/1.1" 200 77155
181.54.37.45 - - [06/Dec/2014:12:01:15 -0500] "GET /galeria/nivo-slider/demo/images/Jornada-adopcion.jpg HTTP/1.1" 200 79705
181.54.37.45 - - [06/Dec/2014:12:01:15 -0500] "GET /galeria/nivo-slider/demo/images/BogotaSostenible.jpg HTTP/1.1" 200 206863
181.54.37.45 - - [06/Dec/2014:12:01:15 -0500] "GET /galeria/nivo-slider/demo/images/Banner-GAE3.jpg HTTP/1.1" 200 146354
181.54.37.45 - - [06/Dec/2014:12:01:15 -0500] "GET /galeria/nivo-slider/demo/images/Banner-comparendo.jpg HTTP/1.1" 200 388762
181.54.37.45 - - [06/Dec/2014:12:01:15 -0500] "GET /galeria/nivo-slider/demo/images/Biotaxis-Man.jpg HTTP/1.1" 200 99362
181.54.37.45 - - [06/Dec/2014:12:01:16 -0500] "GET /galeria/nivo-slider/demo/images/porloshumedales.jpg HTTP/1.1" 200 351238
181.54.37.45 - - [06/Dec/2014:12:01:16 -0500] "GET /galeria/nivo-slider/demo/images/Tingua-azul.jpg HTTP/1.1" 200 307638
181.54.37.45 - - [06/Dec/2014:12:01:16 -0500] "GET /galeria/nivo-slider/demo/images/Banner-Caracol-Africano.jpg HTTP/1.1" 200 331986
181.54.37.45 - - [06/Dec/2014:12:01:16 -0500] "GET /galeria/nivo-slider/demo/images/banner-redes.jpg HTTP/1.1" 200 62209
181.54.37.45 - - [06/Dec/2014:12:01:16 -0500] "GET /galeria/nivo-slider/demo/images/9Signos.jpg HTTP/1.1" 200 93040
181.54.37.45 - - [06/Dec/2014:12:01:17 -0500] "GET /galeria/nivo-slider/demo/images/banner-caballos.png HTTP/1.1" 200 389106
181.54.37.45 - - [06/Dec/2014:12:01:17 -0500] "GET /galeria/nivo-slider/demo/images/4Simple_Slider.png HTTP/1.1" 200 11722
181.54.37.45 - - [06/Dec/2014:12:01:18 -0500] "GET /galeria/nivo-slider/themes/default/loading.gif HTTP/1.1" 200 1737
181.54.37.45 - - [06/Dec/2014:12:01:18 -0500] "GET /galeria/nivo-slider/demo/images/Hacienda_Molinos.jpg HTTP/1.1" 200 319171
181.54.37.45 - - [06/Dec/2014:12:01:19 -0500] "GET /galeria/nivo-slider/demo/images/bannerEcolecta3.jpg HTTP/1.1" 200 280034
181.54.37.45 - - [06/Dec/2014:12:01:22 -0500] "GET /galeria/nivo-slider/themes/default/bullets.png HTTP/1.1" 200 1281
181.54.37.45 - - [06/Dec/2014:12:01:22 -0500] "GET /galeria/nivo-slider/themes/default/arrows.png HTTP/1.1" 200 824
201.245.225.30 - - [06/Dec/2014:12:01:26 -0500] "GET /isolucionsda/BuscarUsuarios.asp?Tabla=Usuario&Form=NoConformidadISOlucion&CampoHidden=AccionResponsable1&CampoDisplay=AccionResponsable_Display1&items=undefinedundefined&primeravez=true&ListaSucursales=1 HTTP/1.1" 200 17229
181.54.37.45 - - [06/Dec/2014:12:01:29 -0500] "GET /videos/Spot_CambioClimatico.flv HTTP/1.1" 200 4371917
186.84.50.43 - - [06/Dec/2014:12:01:31 -0500] "POST /forms/lservlet;jsessionid=ac16012b30d5088ac96555e141dd81a9df0733c60894.e3iSbxaKaheRe34Sa3yKbhiTahb0n6jAmljGr5XDqQLvpAe HTTP/1.1" 200 2
181.50.164.202 - - [06/Dec/2014:12:01:34 -0500] "GET /galeria/nivo-slider/demo/demo.html HTTP/1.1" 200 3572
181.50.164.202 - - [06/Dec/2014:12:01:35 -0500] "GET /galeria/nivo-slider/demo/images/banner-musgo.jpg HTTP/1.1" 200 49513
181.50.164.202 - - [06/Dec/2014:12:01:35 -0500] "GET /galeria/nivo-slider/demo/images/RdaNegociosFiltros.jpg HTTP/1.1" 304 -
181.50.164.202 - - [06/Dec/2014:12:01:35 -0500] "GET /galeria/nivo-slider/demo/images/Jornada-adopcion.jpg HTTP/1.1" 304 -
181.50.164.202 - - [06/Dec/2014:12:01:35 -0500] "GET /galeria/nivo-slider/demo/images/BogotaSostenible.jpg HTTP/1.1" 304 -
181.50.164.202 - - [06/Dec/2014:12:01:35 -0500] "GET /galeria/nivo-slider/demo/images/Banner-GAE3.jpg HTTP/1.1" 304 -
74.86.158.107 - - [06/Dec/2014:12:01:41 -0500] "HEAD / HTTP/1.1" 302 -
201.245.225.30 - - [06/Dec/2014:12:01:56 -0500] "GET /isolucionsda/CalendarioDisplayHidden.asp?Form=NoConformidadISOlucion&Campo=FechaAccion1&Campo1=FechaAccion1_Display HTTP/1.1" 200 15737
201.245.225.30 - - [06/Dec/2014:12:01:56 -0500] "GET /isolucionsda/Graficas/line.gif HTTP/1.1" 404 5201
201.245.225.30 - - [06/Dec/2014:12:01:56 -0500] "GET /isolucionsda/g/vacio1x1.gif HTTP/1.1" 404 5195
190.25.157.12 - - [06/Dec/2014:12:01:59 -0500] "POST /forms/lservlet;jsessionid=ac16012b30d5e7009ae609c046649991d8330a80b606.e3iSbxaKaheRe34Sa3yKbhiTahb0n6jAmljGr5XDqQLvpAe HTTP/1.1" 200 2
201.245.225.30 - - [06/Dec/2014:12:01:59 -0500] "GET /isolucionsda/CalendarioDisplayHidden.asp?Form=NoConformidadISOlucion&Campo=FechaAccion1&Campo1=FechaAccion1_Display&month=1&year=2015 HTTP/1.1" 200 15739
201.245.225.30 - - [06/Dec/2014:12:01:59 -0500] "GET /isolucionsda/g/vacio1x1.gif HTTP/1.1" 404 5195
201.245.225.30 - - [06/Dec/2014:12:01:59 -0500] "GET /isolucionsda/Graficas/line.gif HTTP/1.1" 404 5201
201.245.225.30 - - [06/Dec/2014:12:01:59 -0500] "GET /isolucionsda/CalendarioDisplayHidden.asp?Form=NoConformidadISOlucion&Campo=FechaAccion1&Campo1=FechaAccion1_Display&month=2&year=2015 HTTP/1.1" 200 14933
201.245.225.30 - - [06/Dec/2014:12:01:59 -0500] "GET /isolucionsda/Graficas/line.gif HTTP/1.1" 404 5201
201.245.225.30 - - [06/Dec/2014:12:02:00 -0500] "GET /isolucionsda/g/vacio1x1.gif HTTP/1.1" 404 5195
201.245.225.30 - - [06/Dec/2014:12:02:00 -0500] "GET /isolucionsda/CalendarioDisplayHidden.asp?Form=NoConformidadISOlucion&Campo=FechaAccion1&Campo1=FechaAccion1_Display&month=3&year=2015 HTTP/1.1" 200 15732
186.118.236.70 - - [06/Dec/2014:12:02:00 -0500] "GET /BLA/resoluciones/RESOLUCIONES%202010/7176.pdf HTTP/1.1" 200 707180
201.245.225.30 - - [06/Dec/2014:12:02:00 -0500] "GET /isolucionsda/Graficas/line.gif HTTP/1.1" 404 5201
201.245.225.30 - - [06/Dec/2014:12:02:00 -0500] "GET /isolucionsda/g/vacio1x1.gif HTTP/1.1" 404 5195
186.118.236.70 - - [06/Dec/2014:12:02:00 -0500] "GET /BLA/resoluciones/RESOLUCIONES%202010/7176.pdf HTTP/1.1" 206 32768
201.245.225.30 - - [06/Dec/2014:12:02:00 -0500] "GET /isolucionsda/CalendarioDisplayHidden.asp?Form=NoConformidadISOlucion&Campo=FechaAccion1&Campo1=FechaAccion1_Display&month=4&year=2015 HTTP/1.1" 200 15650
186.118.236.70 - - [06/Dec/2014:12:02:00 -0500] "GET /BLA/resoluciones/RESOLUCIONES%202010/7176.pdf HTTP/1.1" 206 674412
201.245.225.30 - - [06/Dec/2014:12:02:00 -0500] "GET /isolucionsda/Graficas/line.gif HTTP/1.1" 404 5201
201.245.225.30 - - [06/Dec/2014:12:02:00 -0500] "GET /isolucionsda/g/vacio1x1.gif HTTP/1.1" 404 5195
201.245.225.30 - - [06/Dec/2014:12:02:00 -0500] "GET /isolucionsda/CalendarioDisplayHidden.asp?Form=NoConformidadISOlucion&Campo=FechaAccion1&Campo1=FechaAccion1_Display&month=5&year=2015 HTTP/1.1" 200 16282
201.245.225.30 - - [06/Dec/2014:12:02:01 -0500] "GET /isolucionsda/Graficas/line.gif HTTP/1.1" 404 5201
201.245.225.30 - - [06/Dec/2014:12:02:01 -0500] "GET /isolucionsda/g/vacio1x1.gif HTTP/1.1" 404 5195
201.245.225.30 - - [06/Dec/2014:12:02:01 -0500] "GET /isolucionsda/CalendarioDisplayHidden.asp?Form=NoConformidadISOlucion&Campo=FechaAccion1&Campo1=FechaAccion1_Display&month=6&year=2015 HTTP/1.1" 200 15647
201.245.225.30 - - [06/Dec/2014:12:02:01 -0500] "GET /isolucionsda/Graficas/line.gif HTTP/1.1" 404 5201
201.245.225.30 - - [06/Dec/2014:12:02:01 -0500] "GET /isolucionsda/g/vacio1x1.gif HTTP/1.1" 404 5195
201.245.225.30 - - [06/Dec/2014:12:02:01 -0500] "GET /isolucionsda/CalendarioDisplayHidden.asp?Form=NoConformidadISOlucion&Campo=FechaAccion1&Campo1=FechaAccion1_Display&month=7&year=2015 HTTP/1.1" 200 15734
201.245.225.30 - - [06/Dec/2014:12:02:01 -0500] "GET /isolucionsda/Graficas/line.gif HTTP/1.1" 404 5201
201.245.225.30 - - [06/Dec/2014:12:02:01 -0500] "GET /isolucionsda/g/vacio1x1.gif HTTP/1.1" 404 5195
201.245.225.30 - - [06/Dec/2014:12:02:01 -0500] "GET /isolucionsda/CalendarioDisplayHidden.asp?Form=NoConformidadISOlucion&Campo=FechaAccion1&Campo1=FechaAccion1_Display&month=8&year=2015 HTTP/1.1" 200 16286
201.245.225.30 - - [06/Dec/2014:12:02:01 -0500] "GET /isolucionsda/Graficas/line.gif HTTP/1.1" 404 5201
201.245.225.30 - - [06/Dec/2014:12:02:02 -0500] "GET /isolucionsda/g/vacio1x1.gif HTTP/1.1" 404 5195
186.118.236.70 - - [06/Dec/2014:12:02:02 -0500] "GET /favicon.ico HTTP/1.1" 200 7782
201.245.225.30 - - [06/Dec/2014:12:02:04 -0500] "GET /isolucionsda/CalendarioDisplayHidden.asp?Form=NoConformidadISOlucion&Campo=FechaAccion1&Campo1=FechaAccion1_Display&month=9&year=2015 HTTP/1.1" 200 15654
201.245.225.30 - - [06/Dec/2014:12:02:04 -0500] "GET /isolucionsda/Graficas/line.gif HTTP/1.1" 404 5201
201.245.225.30 - - [06/Dec/2014:12:02:04 -0500] "GET /isolucionsda/g/vacio1x1.gif HTTP/1.1" 404 5195
201.245.225.30 - - [06/Dec/2014:12:02:04 -0500] "GET /isolucionsda/CalendarioDisplayHidden.asp?Form=NoConformidadISOlucion&Campo=FechaAccion1&Campo1=FechaAccion1_Display&month=10&year=2015 HTTP/1.1" 200 15739
201.245.225.30 - - [06/Dec/2014:12:02:04 -0500] "GET /isolucionsda/g/vacio1x1.gif HTTP/1.1" 404 5195
201.245.225.30 - - [06/Dec/2014:12:02:04 -0500] "GET /isolucionsda/Graficas/line.gif HTTP/1.1" 404 5201
201.245.225.30 - - [06/Dec/2014:12:02:04 -0500] "GET /isolucionsda/CalendarioDisplayHidden.asp?Form=NoConformidadISOlucion&Campo=FechaAccion1&Campo1=FechaAccion1_Display&month=11&year=2015 HTTP/1.1" 200 15652
201.245.225.30 - - [06/Dec/2014:12:02:04 -0500] "GET /isolucionsda/Graficas/line.gif HTTP/1.1" 404 5201
201.245.225.30 - - [06/Dec/2014:12:02:04 -0500] "GET /isolucionsda/g/vacio1x1.gif HTTP/1.1" 404 5195
201.245.225.30 - - [06/Dec/2014:12:02:05 -0500] "GET /isolucionsda/CalendarioDisplayHidden.asp?Form=NoConformidadISOlucion&Campo=FechaAccion1&Campo1=FechaAccion1_Display&month=12&year=2015 HTTP/1.1" 200 15738
201.245.225.30 - - [06/Dec/2014:12:02:05 -0500] "GET /isolucionsda/Graficas/line.gif HTTP/1.1" 404 5201
201.245.225.30 - - [06/Dec/2014:12:02:05 -0500] "GET /isolucionsda/g/vacio1x1.gif HTTP/1.1" 404 5195
190.24.124.105 - - [06/Dec/2014:12:02:55 -0500] "POST /forms/lservlet;jsessionid=ac16012b30d5c0f1beef6764426085a6f128a2cbf368.e3iSbxaKaheRe34Sa3yKbhiTahb0n6jAmljGr5XDqQLvpAe HTTP/1.1" 200 2
201.245.225.30 - - [06/Dec/2014:12:03:03 -0500] "POST /isolucionsda/NoConformidadISOlucion.asp HTTP/1.1" 200 49699
186.84.50.43 - - [06/Dec/2014:12:03:31 -0500] "POST /forms/lservlet;jsessionid=ac16012b30d5088ac96555e141dd81a9df0733c60894.e3iSbxaKaheRe34Sa3yKbhiTahb0n6jAmljGr5XDqQLvpAe HTTP/1.1" 200 2
186.84.143.83 - - [06/Dec/2014:12:03:34 -0500] "GET /BLA/boletinlegal/js/jquery.js HTTP/1.1" 200 57254
186.84.143.83 - - [06/Dec/2014:12:03:35 -0500] "GET /BLA/boletinlegal/js/jquery.scrollShow.js HTTP/1.1" 200 4586
186.84.143.83 - - [06/Dec/2014:12:03:35 -0500] "GET /BLA/boletinlegal/js/jquery.scrollTo-min.js HTTP/1.1" 200 1150
186.84.143.83 - - [06/Dec/2014:12:03:35 -0500] "GET /galeria/carrusel/Carrusel/jquery.thumbnailScroller.css HTTP/1.1" 200 2066
186.84.143.83 - - [06/Dec/2014:12:03:38 -0500] "GET /galeria/carrusel/Carrusel/jquery-ui-1.8.13.custom.min.js HTTP/1.1" 200 10800
186.84.143.83 - - [06/Dec/2014:12:03:38 -0500] "GET /galeria/carrusel/Carrusel/jquery.thumbnailScroller.js HTTP/1.1" 200 8157
190.26.133.37 - - [06/Dec/2014:12:03:39 -0500] "GET /BLA/boletinlegal/js/jquery.js HTTP/1.1" 200 57254
190.26.133.37 - - [06/Dec/2014:12:03:39 -0500] "GET /BLA/boletinlegal/js/jquery.scrollTo-min.js HTTP/1.1" 200 1150
190.26.133.37 - - [06/Dec/2014:12:03:39 -0500] "GET /BLA/boletinlegal/js/jquery.scrollShow.js HTTP/1.1" 200 4586
186.84.143.83 - - [06/Dec/2014:12:03:39 -0500] "GET /galeria/nivo-slider/demo/demo.html HTTP/1.1" 200 3572
186.84.143.83 - - [06/Dec/2014:12:03:39 -0500] "GET /galeria/nivo-slider/themes/orman/orman.css HTTP/1.1" 200 2152
186.84.143.83 - - [06/Dec/2014:12:03:39 -0500] "GET /galeria/nivo-slider/themes/pascal/pascal.css HTTP/1.1" 200 2258
186.84.143.83 - - [06/Dec/2014:12:03:39 -0500] "GET /galeria/nivo-slider/nivo-slider.css HTTP/1.1" 200 1507
186.84.143.83 - - [06/Dec/2014:12:03:39 -0500] "GET /galeria/nivo-slider/themes/default/default.css HTTP/1.1" 200 1569
186.84.143.83 - - [06/Dec/2014:12:03:39 -0500] "GET /galeria/nivo-slider/demo/style.css HTTP/1.1" 200 2222
186.84.143.83 - - [06/Dec/2014:12:03:39 -0500] "GET /galeria/nivo-slider/demo/scripts/jquery-1.7.1.min.js HTTP/1.1" 200 93868
186.84.143.83 - - [06/Dec/2014:12:03:39 -0500] "GET /galeria/nivo-slider/jquery.nivo.slider.pack.js HTTP/1.1" 200 11561
186.84.143.83 - - [06/Dec/2014:12:03:39 -0500] "GET /galeria/nivo-slider/demo/images/banner-musgo.jpg HTTP/1.1" 200 49513
186.84.143.83 - - [06/Dec/2014:12:03:39 -0500] "GET /galeria/nivo-slider/demo/images/Jornada-adopcion.jpg HTTP/1.1" 200 79705
186.84.143.83 - - [06/Dec/2014:12:03:39 -0500] "GET /galeria/nivo-slider/demo/images/RdaNegociosFiltros.jpg HTTP/1.1" 200 77155
186.84.143.83 - - [06/Dec/2014:12:03:39 -0500] "GET /galeria/nivo-slider/demo/images/BogotaSostenible.jpg HTTP/1.1" 200 206863
186.84.143.83 - - [06/Dec/2014:12:03:39 -0500] "GET /galeria/nivo-slider/demo/images/Banner-GAE3.jpg HTTP/1.1" 200 146354
186.84.143.83 - - [06/Dec/2014:12:03:39 -0500] "GET /galeria/nivo-slider/demo/images/Banner-comparendo.jpg HTTP/1.1" 200 388762
186.84.143.83 - - [06/Dec/2014:12:03:39 -0500] "GET /galeria/nivo-slider/demo/images/Biotaxis-Man.jpg HTTP/1.1" 200 99362
186.84.143.83 - - [06/Dec/2014:12:03:39 -0500] "GET /galeria/nivo-slider/demo/images/porloshumedales.jpg HTTP/1.1" 200 351238
186.84.143.83 - - [06/Dec/2014:12:03:40 -0500] "GET /galeria/nivo-slider/demo/images/Tingua-azul.jpg HTTP/1.1" 200 307638
186.84.143.83 - - [06/Dec/2014:12:03:40 -0500] "GET /galeria/nivo-slider/demo/images/Banner-Caracol-Africano.jpg HTTP/1.1" 200 331986
186.84.143.83 - - [06/Dec/2014:12:03:40 -0500] "GET /galeria/nivo-slider/demo/images/banner-redes.jpg HTTP/1.1" 200 62209
186.84.143.83 - - [06/Dec/2014:12:03:40 -0500] "GET /galeria/nivo-slider/demo/images/9Signos.jpg HTTP/1.1" 200 93040
186.84.143.83 - - [06/Dec/2014:12:03:40 -0500] "GET /galeria/nivo-slider/demo/images/banner-caballos.png HTTP/1.1" 200 389106
186.84.143.83 - - [06/Dec/2014:12:03:40 -0500] "GET /galeria/nivo-slider/demo/images/Hacienda_Molinos.jpg HTTP/1.1" 200 319171
186.84.143.83 - - [06/Dec/2014:12:03:41 -0500] "GET /galeria/nivo-slider/demo/images/bannerEcolecta3.jpg HTTP/1.1" 200 280034
186.84.143.83 - - [06/Dec/2014:12:03:41 -0500] "GET /galeria/nivo-slider/demo/images/4Simple_Slider.png HTTP/1.1" 200 11722
186.84.143.83 - - [06/Dec/2014:12:03:41 -0500] "GET /galeria/nivo-slider/themes/default/loading.gif HTTP/1.1" 200 1737
186.84.143.83 - - [06/Dec/2014:12:03:42 -0500] "GET /galeria/nivo-slider/themes/default/arrows.png HTTP/1.1" 200 824
186.84.143.83 - - [06/Dec/2014:12:03:42 -0500] "GET /galeria/nivo-slider/themes/default/bullets.png HTTP/1.1" 200 1281
186.84.143.83 - - [06/Dec/2014:12:03:43 -0500] "GET /videos/Spot_CambioClimatico.flv HTTP/1.1" 200 4371917
100.43.85.25 - - [06/Dec/2014:12:03:52 -0500] "GET /re/Cuento/cuadro2/_notes/?C=S;O=A HTTP/1.1" 404 1019
190.25.157.12 - - [06/Dec/2014:12:03:59 -0500] "POST /forms/lservlet;jsessionid=ac16012b30d5e7009ae609c046649991d8330a80b606.e3iSbxaKaheRe34Sa3yKbhiTahb0n6jAmljGr5XDqQLvpAe HTTP/1.1" 200 2
201.245.225.30 - - [06/Dec/2014:12:04:22 -0500] "POST /isolucionsda/NoConformidadISOlucion.asp HTTP/1.1" 200 49443
188.165.15.224 - - [06/Dec/2014:12:04:50 -0500] "GET /BLA/resoluciones/RESOLUCIONES%202005/RES%202005%20351-400/INDEX.DAT HTTP/1.1" 200 2000
220.181.108.149 - - [06/Dec/2014:12:04:51 -0500] "GET /BLA/resoluciones/RESOLUCIONES%202010/3356.pdf HTTP/1.1" 200 517791
190.24.124.105 - - [06/Dec/2014:12:04:55 -0500] "POST /forms/lservlet;jsessionid=ac16012b30d5c0f1beef6764426085a6f128a2cbf368.e3iSbxaKaheRe34Sa3yKbhiTahb0n6jAmljGr5XDqQLvpAe HTTP/1.1" 200 2
180.76.5.63 - - [06/Dec/2014:12:04:59 -0500] "GET /BLA/resoluciones/RESOLUCIONES%202010/1391.pdf HTTP/1.1" 200 381448
201.245.225.30 - - [06/Dec/2014:12:05:03 -0500] "GET /isolucionsda/FrameSetGeneral.asp?Pagina=Menu.asp&IdModulo=7 HTTP/1.1" 200 6455
201.245.225.30 - - [06/Dec/2014:12:05:04 -0500] "GET /isolucionsda/BarraTitulos.asp?Pagina=Menu.asp&IdModulo=7 HTTP/1.1" 200 6865
201.245.225.30 - - [06/Dec/2014:12:05:04 -0500] "GET /isolucionsda/BarraFavoritos.asp HTTP/1.1" 200 911
201.245.225.30 - - [06/Dec/2014:12:05:04 -0500] "GET /isolucionsda/Encabezado.asp?Pagina=Menu.asp&IdModulo=7 HTTP/1.1" 200 15230
201.245.225.30 - - [06/Dec/2014:12:05:04 -0500] "GET /isolucionsda/Menu.asp?Pagina=Menu.asp&IdModulo=7 HTTP/1.1" 200 29569
201.245.225.30 - - [06/Dec/2014:12:05:04 -0500] "GET /isolucionsda/Session.asp?Continue=1 HTTP/1.1" 200 6196
201.245.225.30 - - [06/Dec/2014:12:05:07 -0500] "GET /isolucionsda/FrameSetGeneral.asp?Pagina=AdicionNoConformidad.asp&Accion=Nuevo&CodTipoNoConf=5&ConMenu=NO HTTP/1.1" 200 6606
201.245.225.30 - - [06/Dec/2014:12:05:08 -0500] "GET /isolucionsda/Encabezado.asp?Pagina=AdicionNoConformidad.asp&Accion=Nuevo&CodTipoNoConf=5&ConMenu=NO HTTP/1.1" 200 15205
201.245.225.30 - - [06/Dec/2014:12:05:08 -0500] "GET /isolucionsda/BarraTitulos.asp?Pagina=AdicionNoConformidad.asp&Accion=Nuevo&CodTipoNoConf=5&ConMenu=NO HTTP/1.1" 200 6865
201.245.225.30 - - [06/Dec/2014:12:05:08 -0500] "GET /isolucionsda/BarraFavoritos.asp HTTP/1.1" 200 911
201.245.225.30 - - [06/Dec/2014:12:05:08 -0500] "GET /isolucionsda/AdicionNoConformidad.asp?Pagina=AdicionNoConformidad.asp&Accion=Nuevo&CodTipoNoConf=5&ConMenu=NO HTTP/1.1" 200 40159
201.245.225.30 - - [06/Dec/2014:12:05:08 -0500] "GET /isolucionsda/Session.asp?Continue=1 HTTP/1.1" 200 6196
201.245.225.30 - - [06/Dec/2014:12:05:12 -0500] "GET /isolucionsda/CalendarioDisplayHidden.asp?Form=AdicionNoConformidad&Campo=FechaNoConformidad&Campo1=FechaNoConformidad_Display HTTP/1.1" 200 15785
201.245.225.30 - - [06/Dec/2014:12:05:13 -0500] "GET /isolucionsda/Graficas/line.gif HTTP/1.1" 404 5201
201.245.225.30 - - [06/Dec/2014:12:05:13 -0500] "GET /isolucionsda/g/vacio1x1.gif HTTP/1.1" 404 5195
201.245.225.30 - - [06/Dec/2014:12:05:14 -0500] "GET /isolucionsda/CalendarioDisplayHidden.asp?Form=AdicionNoConformidad&Campo=FechaNoConformidad&Campo1=FechaNoConformidad_Display&month=11&year=2014 HTTP/1.1" 200 16253
201.245.225.30 - - [06/Dec/2014:12:05:14 -0500] "GET /isolucionsda/Graficas/line.gif HTTP/1.1" 404 5201
201.245.225.30 - - [06/Dec/2014:12:05:14 -0500] "GET /isolucionsda/g/vacio1x1.gif HTTP/1.1" 404 5195
201.245.225.30 - - [06/Dec/2014:12:05:19 -0500] "GET /isolucionsda/Jerarquia.asp?Tabla=Proceso&Form=AdicionNoConformidad&CampoDisplay=CodProcesoDisplayObjetoProceso&CampoHidden=CodProceso&bSubmit=False&items= HTTP/1.1" 200 10481
201.245.225.30 - - [06/Dec/2014:12:05:20 -0500] "POST /isolucionsda/Jerarquia.asp HTTP/1.1" 200 7970
186.84.50.43 - - [06/Dec/2014:12:05:31 -0500] "POST /forms/lservlet;jsessionid=ac16012b30d5088ac96555e141dd81a9df0733c60894.e3iSbxaKaheRe34Sa3yKbhiTahb0n6jAmljGr5XDqQLvpAe HTTP/1.1" 200 2
180.76.5.62 - - [06/Dec/2014:12:05:46 -0500] "GET /BLA/resoluciones/RESOLUCIONES%202010/2936.pdf HTTP/1.1" 200 487607
181.50.190.253 - - [06/Dec/2014:12:05:52 -0500] "GET /BLA/boletinlegal/js/jquery.scrollTo-min.js HTTP/1.1" 200 1150
181.50.190.253 - - [06/Dec/2014:12:05:52 -0500] "GET /BLA/boletinlegal/js/jquery.scrollShow.js HTTP/1.1" 200 4586
181.50.190.253 - - [06/Dec/2014:12:05:52 -0500] "GET /BLA/boletinlegal/js/jquery.js HTTP/1.1" 200 57254
190.25.157.12 - - [06/Dec/2014:12:05:59 -0500] "POST /forms/lservlet;jsessionid=ac16012b30d5e7009ae609c046649991d8330a80b606.e3iSbxaKaheRe34Sa3yKbhiTahb0n6jAmljGr5XDqQLvpAe HTTP/1.1" 200 2
201.245.225.30 - - [06/Dec/2014:12:06:01 -0500] "GET /isolucionsda/BuscarNormaNumeral.asp?Form=AdicionNoConformidad&CampoVisible=NormaNumeral&CampoOculto=txtNormaNumeral HTTP/1.1" 200 37007
220.181.108.97 - - [06/Dec/2014:12:06:28 -0500] "GET /manual_funciones_Listado/1.%20Despacho/Asesor%20105-06.pdf HTTP/1.1" 404 1019
180.76.5.69 - - [06/Dec/2014:12:06:34 -0500] "GET /BLA/resoluciones/RESOLUCIONES%202013/1162.pdf HTTP/1.1" 200 446787
74.86.158.107 - - [06/Dec/2014:12:06:41 -0500] "HEAD / HTTP/1.1" 302 -
66.249.67.75 - - [06/Dec/2014:12:06:52 -0500] "GET /BLA/boletinlegal/js/jquery.scrollTo-min.js HTTP/1.1" 200 1150
190.24.124.105 - - [06/Dec/2014:12:06:55 -0500] "POST /forms/lservlet;jsessionid=ac16012b30d5c0f1beef6764426085a6f128a2cbf368.e3iSbxaKaheRe34Sa3yKbhiTahb0n6jAmljGr5XDqQLvpAe HTTP/1.1" 200 2
201.245.225.30 - - [06/Dec/2014:12:07:13 -0500] "GET /isolucionsda/BuscarUsuarios.asp?Tabla=Usuario&Form=AdicionNoConformidad&CampoHidden=EnviarA&CampoDisplay=NomEnviarA&codSucursal=0 HTTP/1.1" 200 17169
186.115.26.171 - - [06/Dec/2014:12:07:19 -0500] "GET /galeria/nivo-slider/demo/demo.html HTTP/1.1" 304 -
186.115.26.171 - - [06/Dec/2014:12:07:20 -0500] "GET /galeria/nivo-slider/demo/images/banner-musgo.jpg HTTP/1.1" 304 -
180.76.5.149 - - [06/Dec/2014:12:07:21 -0500] "GET /BLA/resoluciones/RESOLUCIONES%202010/2077.pdf HTTP/1.1" 200 210397
201.245.225.30 - - [06/Dec/2014:12:07:30 -0500] "GET /isolucionsda/CalendarioDisplayHidden.asp?Form=AdicionNoConformidad&Campo=FechaCierreProyectada&Campo1=FechaCierreProyectada_Display HTTP/1.1" 200 15815
201.245.225.30 - - [06/Dec/2014:12:07:30 -0500] "GET /isolucionsda/Graficas/line.gif HTTP/1.1" 404 5201
201.245.225.30 - - [06/Dec/2014:12:07:30 -0500] "GET /isolucionsda/g/vacio1x1.gif HTTP/1.1" 404 5195
186.84.50.43 - - [06/Dec/2014:12:07:31 -0500] "POST /forms/lservlet;jsessionid=ac16012b30d5088ac96555e141dd81a9df0733c60894.e3iSbxaKaheRe34Sa3yKbhiTahb0n6jAmljGr5XDqQLvpAe HTTP/1.1" 200 2
201.245.225.30 - - [06/Dec/2014:12:07:32 -0500] "GET /isolucionsda/CalendarioDisplayHidden.asp?Form=AdicionNoConformidad&Campo=FechaCierreProyectada&Campo1=FechaCierreProyectada_Display&month=1&year=2015 HTTP/1.1" 200 15817
201.245.225.30 - - [06/Dec/2014:12:07:32 -0500] "GET /isolucionsda/Graficas/line.gif HTTP/1.1" 404 5201
201.245.225.30 - - [06/Dec/2014:12:07:32 -0500] "GET /isolucionsda/g/vacio1x1.gif HTTP/1.1" 404 5195
201.245.225.30 - - [06/Dec/2014:12:07:32 -0500] "GET /isolucionsda/CalendarioDisplayHidden.asp?Form=AdicionNoConformidad&Campo=FechaCierreProyectada&Campo1=FechaCierreProyectada_Display&month=2&year=2015 HTTP/1.1" 200 15011
201.245.225.30 - - [06/Dec/2014:12:07:33 -0500] "GET /isolucionsda/Graficas/line.gif HTTP/1.1" 404 5201
201.245.225.30 - - [06/Dec/2014:12:07:33 -0500] "GET /isolucionsda/g/vacio1x1.gif HTTP/1.1" 404 5195
201.245.225.30 - - [06/Dec/2014:12:07:33 -0500] "GET /isolucionsda/CalendarioDisplayHidden.asp?Form=AdicionNoConformidad&Campo=FechaCierreProyectada&Campo1=FechaCierreProyectada_Display&month=3&year=2015 HTTP/1.1" 200 15810
201.245.225.30 - - [06/Dec/2014:12:07:33 -0500] "GET /isolucionsda/Graficas/line.gif HTTP/1.1" 404 5201
201.245.225.30 - - [06/Dec/2014:12:07:33 -0500] "GET /isolucionsda/g/vacio1x1.gif HTTP/1.1" 404 5195
66.249.67.119 - - [06/Dec/2014:12:07:45 -0500] "GET /PruebasSTORM/StormSDA_pruebas/userFiles/update.txt HTTP/1.1" 200 33
190.25.157.12 - - [06/Dec/2014:12:07:59 -0500] "POST /forms/lservlet;jsessionid=ac16012b30d5e7009ae609c046649991d8330a80b606.e3iSbxaKaheRe34Sa3yKbhiTahb0n6jAmljGr5XDqQLvpAe HTTP/1.1" 200 2
201.245.225.30 - - [06/Dec/2014:12:08:00 -0500] "POST /isolucionsda/AdicionNoConformidad.asp HTTP/1.1" 302 225
201.245.225.30 - - [06/Dec/2014:12:08:03 -0500] "GET /isolucionsda/NoConformidadISOlucion.asp?Id_NoConformidad=706&CodTipoNoConf=5&CodAuditoria=&CodEntrevista= HTTP/1.1" 200 43127
180.76.5.19 - - [06/Dec/2014:12:08:09 -0500] "GET /BLA/resoluciones/RESOLUCIONES%202010/2569.pdf HTTP/1.1" 200 502757
201.245.225.30 - - [06/Dec/2014:12:08:11 -0500] "GET /isolucionsda/CalendarioDisplayHidden.asp?Form=NoConformidadISOlucion&Campo=FechaAccion1&Campo1=FechaAccion1_Display HTTP/1.1" 200 15737
201.245.225.30 - - [06/Dec/2014:12:08:11 -0500] "GET /isolucionsda/g/vacio1x1.gif HTTP/1.1" 404 5195
201.245.225.30 - - [06/Dec/2014:12:08:11 -0500] "GET /isolucionsda/Graficas/line.gif HTTP/1.1" 404 5201
201.245.225.30 - - [06/Dec/2014:12:08:12 -0500] "GET /isolucionsda/CalendarioDisplayHidden.asp?Form=NoConformidadISOlucion&Campo=FechaAccion1&Campo1=FechaAccion1_Display&month=1&year=2015 HTTP/1.1" 200 15739
201.245.225.30 - - [06/Dec/2014:12:08:12 -0500] "GET /isolucionsda/Graficas/line.gif HTTP/1.1" 404 5201
201.245.225.30 - - [06/Dec/2014:12:08:12 -0500] "GET /isolucionsda/g/vacio1x1.gif HTTP/1.1" 404 5195
201.245.225.30 - - [06/Dec/2014:12:08:13 -0500] "GET /isolucionsda/CalendarioDisplayHidden.asp?Form=NoConformidadISOlucion&Campo=FechaAccion1&Campo1=FechaAccion1_Display&month=2&year=2015 HTTP/1.1" 200 14933
201.245.225.30 - - [06/Dec/2014:12:08:13 -0500] "GET /isolucionsda/Graficas/line.gif HTTP/1.1" 404 5201
201.245.225.30 - - [06/Dec/2014:12:08:13 -0500] "GET /isolucionsda/g/vacio1x1.gif HTTP/1.1" 404 5195
201.245.225.30 - - [06/Dec/2014:12:08:13 -0500] "GET /isolucionsda/CalendarioDisplayHidden.asp?Form=NoConformidadISOlucion&Campo=FechaAccion1&Campo1=FechaAccion1_Display&month=3&year=2015 HTTP/1.1" 200 15732
201.245.225.30 - - [06/Dec/2014:12:08:14 -0500] "GET /isolucionsda/Graficas/line.gif HTTP/1.1" 404 5201
201.245.225.30 - - [06/Dec/2014:12:08:14 -0500] "GET /isolucionsda/g/vacio1x1.gif HTTP/1.1" 404 5195
201.245.225.30 - - [06/Dec/2014:12:08:16 -0500] "GET /isolucionsda/BuscarUsuarios.asp?Tabla=Usuario&Form=NoConformidadISOlucion&CampoHidden=AccionResponsable1&CampoDisplay=AccionResponsable_Display1&items=undefinedundefined&primeravez=true&ListaSucursales=1 HTTP/1.1" 200 17229
201.245.192.253 - - [06/Dec/2014:12:08:51 -0500] "GET /galeria/nivo-slider/demo/demo.html HTTP/1.1" 304 -
201.245.192.253 - - [06/Dec/2014:12:08:51 -0500] "GET /galeria/nivo-slider/demo/images/banner-musgo.jpg HTTP/1.1" 304 -
201.245.192.253 - - [06/Dec/2014:12:08:51 -0500] "GET /galeria/nivo-slider/demo/images/RdaNegociosFiltros.jpg HTTP/1.1" 304 -
201.245.192.253 - - [06/Dec/2014:12:08:51 -0500] "GET /galeria/nivo-slider/demo/images/Jornada-adopcion.jpg HTTP/1.1" 304 -
201.245.192.253 - - [06/Dec/2014:12:08:51 -0500] "GET /galeria/nivo-slider/demo/images/BogotaSostenible.jpg HTTP/1.1" 304 -
201.245.192.253 - - [06/Dec/2014:12:08:51 -0500] "GET /galeria/nivo-slider/demo/images/Banner-GAE3.jpg HTTP/1.1" 304 -
201.245.192.253 - - [06/Dec/2014:12:08:51 -0500] "GET /galeria/nivo-slider/demo/images/Biotaxis-Man.jpg HTTP/1.1" 304 -
190.24.124.105 - - [06/Dec/2014:12:08:55 -0500] "POST /forms/lservlet;jsessionid=ac16012b30d5c0f1beef6764426085a6f128a2cbf368.e3iSbxaKaheRe34Sa3yKbhiTahb0n6jAmljGr5XDqQLvpAe HTTP/1.1" 200 2
201.245.225.30 - - [06/Dec/2014:12:09:06 -0500] "POST /isolucionsda/NoConformidadISOlucion.asp HTTP/1.1" 200 47147
123.125.71.57 - - [06/Dec/2014:12:09:17 -0500] "GET / HTTP/1.1" 302 -
220.181.108.101 - - [06/Dec/2014:12:09:18 -0500] "GET / HTTP/1.1" 302 -
191.73.211.181 - - [06/Dec/2014:12:09:31 -0500] "GET /BLA/boletinlegal/js/jquery.js HTTP/1.1" 200 57254
191.73.211.181 - - [06/Dec/2014:12:09:31 -0500] "GET /BLA/boletinlegal/js/jquery.scrollTo-min.js HTTP/1.1" 200 1150
191.73.211.181 - - [06/Dec/2014:12:09:31 -0500] "GET /BLA/boletinlegal/js/jquery.scrollShow.js HTTP/1.1" 200 4586
186.84.50.43 - - [06/Dec/2014:12:09:31 -0500] "POST /forms/lservlet;jsessionid=ac16012b30d5088ac96555e141dd81a9df0733c60894.e3iSbxaKaheRe34Sa3yKbhiTahb0n6jAmljGr5XDqQLvpAe HTTP/1.1" 200 2
66.249.67.67 - - [06/Dec/2014:12:09:39 -0500] "GET /BLA/resoluciones/RESOLUCIONES%202002/RES%202002%20401-450/00000405.tif HTTP/1.1" 200 60440
190.25.157.12 - - [06/Dec/2014:12:09:59 -0500] "POST /forms/lservlet;jsessionid=ac16012b30d5e7009ae609c046649991d8330a80b606.e3iSbxaKaheRe34Sa3yKbhiTahb0n6jAmljGr5XDqQLvpAe HTTP/1.1" 200 2
188.165.15.64 - - [06/Dec/2014:12:10:20 -0500] "GET /BLA/resoluciones/RESOLUCIONES%202002/RES%202002%201051-1100/00001099.tif HTTP/1.1" 200 78764
201.245.225.30 - - [06/Dec/2014:12:10:39 -0500] "POST /isolucionsda/NoConformidadISOlucion.asp HTTP/1.1" 200 46926
201.245.225.30 - - [06/Dec/2014:12:10:53 -0500] "GET /isolucionsda/FrameSetGeneral.asp?Pagina=Menu.asp&IdModulo=4 HTTP/1.1" 200 6455
201.245.225.30 - - [06/Dec/2014:12:10:53 -0500] "GET /isolucionsda/Encabezado.asp?Pagina=Menu.asp&IdModulo=4 HTTP/1.1" 200 15250
201.245.225.30 - - [06/Dec/2014:12:10:53 -0500] "GET /isolucionsda/BarraTitulos.asp?Pagina=Menu.asp&IdModulo=4 HTTP/1.1" 200 6857
201.245.225.30 - - [06/Dec/2014:12:10:53 -0500] "GET /isolucionsda/Menu.asp?Pagina=Menu.asp&IdModulo=4 HTTP/1.1" 200 14516
201.245.225.30 - - [06/Dec/2014:12:10:53 -0500] "GET /isolucionsda/BarraFavoritos.asp HTTP/1.1" 200 911
201.245.225.30 - - [06/Dec/2014:12:10:53 -0500] "GET /isolucionsda/Session.asp?Continue=1 HTTP/1.1" 200 6196
201.245.225.30 - - [06/Dec/2014:12:10:53 -0500] "GET /isolucionsda/g/MenuIcono/ico_doc.jpg HTTP/1.1" 200 3103
201.245.225.30 - - [06/Dec/2014:12:10:53 -0500] "GET /isolucionsda/g/MenuIcono/ico_obj_2.jpg HTTP/1.1" 200 1327
201.245.225.30 - - [06/Dec/2014:12:10:53 -0500] "GET /isolucionsda/g/MenuIcono/ico_obj_287.jpg HTTP/1.1" 200 1871
201.245.225.30 - - [06/Dec/2014:12:10:53 -0500] "GET /isolucionsda/g/MenuIcono/ico_obj_3.jpg HTTP/1.1" 200 1853
190.24.124.105 - - [06/Dec/2014:12:10:55 -0500] "POST /forms/lservlet;jsessionid=ac16012b30d5c0f1beef6764426085a6f128a2cbf368.e3iSbxaKaheRe34Sa3yKbhiTahb0n6jAmljGr5XDqQLvpAe HTTP/1.1" 200 2
191.157.77.42 - - [06/Dec/2014:12:10:58 -0500] "GET /BLA/resoluciones/RESOLUCIONES%202008/3729.pdf HTTP/1.1" 200 208398
188.165.15.87 - - [06/Dec/2014:12:11:14 -0500] "GET /BLA/resoluciones/RESOLUCIONES%202005/RES%202005%203051-3100/00003075.tif HTTP/1.1" 200 89842
186.84.50.43 - - [06/Dec/2014:12:11:32 -0500] "POST /forms/lservlet;jsessionid=ac16012b30d5088ac96555e141dd81a9df0733c60894.e3iSbxaKaheRe34Sa3yKbhiTahb0n6jAmljGr5XDqQLvpAe HTTP/1.1" 200 2
74.86.158.107 - - [06/Dec/2014:12:11:41 -0500] "HEAD / HTTP/1.1" 302 -
190.25.157.12 - - [06/Dec/2014:12:11:59 -0500] "POST /forms/lservlet;jsessionid=ac16012b30d5e7009ae609c046649991d8330a80b606.e3iSbxaKaheRe34Sa3yKbhiTahb0n6jAmljGr5XDqQLvpAe HTTP/1.1" 200 2
180.76.6.158 - - [06/Dec/2014:12:12:01 -0500] "GET /BLA/resoluciones/index.php?dir=RESOLUCIONES%202007/RES%202007%203701%20AL%203800/&sort=date&order=desc HTTP/1.1" 200 26850
180.76.6.158 - - [06/Dec/2014:12:12:48 -0500] "GET /BLA/resoluciones/RESOLUCIONES%202010/1660.pdf HTTP/1.1" 200 435871
66.249.67.75 - - [06/Dec/2014:12:12:54 -0500] "GET /BLA/resoluciones/RESOLUCIONES%202005/RES%202005%201101-1150/00001130.tif HTTP/1.1" 200 124388
190.24.124.105 - - [06/Dec/2014:12:12:56 -0500] "POST /forms/lservlet;jsessionid=ac16012b30d5c0f1beef6764426085a6f128a2cbf368.e3iSbxaKaheRe34Sa3yKbhiTahb0n6jAmljGr5XDqQLvpAe HTTP/1.1" 200 2
66.249.67.111 - - [06/Dec/2014:12:13:12 -0500] "GET /BLA/boletinlegal/jurisprudencia/analisis/Analisis%20Sentencia%20T-1077,%202%20corregida.doc HTTP/1.1" 304 -
201.228.78.208 - - [06/Dec/2014:12:13:28 -0500] "GET /BLA/boletinlegal/js/jquery.scrollTo-min.js HTTP/1.1" 200 1150
201.228.78.208 - - [06/Dec/2014:12:13:28 -0500] "GET /BLA/boletinlegal/js/jquery.js HTTP/1.1" 200 57254
201.228.78.208 - - [06/Dec/2014:12:13:28 -0500] "GET /BLA/boletinlegal/js/jquery.scrollShow.js HTTP/1.1" 200 4586
186.84.50.43 - - [06/Dec/2014:12:13:32 -0500] "POST /forms/lservlet;jsessionid=ac16012b30d5088ac96555e141dd81a9df0733c60894.e3iSbxaKaheRe34Sa3yKbhiTahb0n6jAmljGr5XDqQLvpAe HTTP/1.1" 200 2
190.25.157.12 - - [06/Dec/2014:12:13:59 -0500] "POST /forms/lservlet;jsessionid=ac16012b30d5e7009ae609c046649991d8330a80b606.e3iSbxaKaheRe34Sa3yKbhiTahb0n6jAmljGr5XDqQLvpAe HTTP/1.1" 200 2
190.24.124.105 - - [06/Dec/2014:12:14:56 -0500] "POST /forms/lservlet;jsessionid=ac16012b30d5c0f1beef6764426085a6f128a2cbf368.e3iSbxaKaheRe34Sa3yKbhiTahb0n6jAmljGr5XDqQLvpAe HTTP/1.1" 200 2
186.84.50.43 - - [06/Dec/2014:12:15:32 -0500] "POST /forms/lservlet;jsessionid=ac16012b30d5088ac96555e141dd81a9df0733c60894.e3iSbxaKaheRe34Sa3yKbhiTahb0n6jAmljGr5XDqQLvpAe HTTP/1.1" 200 2
190.25.157.12 - - [06/Dec/2014:12:15:59 -0500] "POST /forms/lservlet;jsessionid=ac16012b30d5e7009ae609c046649991d8330a80b606.e3iSbxaKaheRe34Sa3yKbhiTahb0n6jAmljGr5XDqQLvpAe HTTP/1.1" 200 2
74.86.158.107 - - [06/Dec/2014:12:16:41 -0500] "HEAD / HTTP/1.1" 302 -
190.24.124.105 - - [06/Dec/2014:12:16:56 -0500] "POST /forms/lservlet;jsessionid=ac16012b30d5c0f1beef6764426085a6f128a2cbf368.e3iSbxaKaheRe34Sa3yKbhiTahb0n6jAmljGr5XDqQLvpAe HTTP/1.1" 200 2
186.84.50.43 - - [06/Dec/2014:12:17:32 -0500] "POST /forms/lservlet;jsessionid=ac16012b30d5088ac96555e141dd81a9df0733c60894.e3iSbxaKaheRe34Sa3yKbhiTahb0n6jAmljGr5XDqQLvpAe HTTP/1.1" 200 2
66.249.67.83 - - [06/Dec/2014:12:17:48 -0500] "GET /BLA/resoluciones/index.php?dir=RESOLUCIONES+2003%2FRES+2003+651-700%2F HTTP/1.1" 200 11300
190.25.157.12 - - [06/Dec/2014:12:17:59 -0500] "POST /forms/lservlet;jsessionid=ac16012b30d5e7009ae609c046649991d8330a80b606.e3iSbxaKaheRe34Sa3yKbhiTahb0n6jAmljGr5XDqQLvpAe HTTP/1.1" 200 2
181.245.5.132 - - [06/Dec/2014:12:18:03 -0500] "GET /BLA/resoluciones/AUTOS%202009/1922.pdf HTTP/1.1" 200 197536
181.245.5.132 - - [06/Dec/2014:12:18:05 -0500] "GET /BLA/resoluciones/AUTOS%202009/1922.pdf HTTP/1.1" 200 197536
181.154.125.229 - - [06/Dec/2014:12:18:16 -0500] "GET /BLA/boletinlegal/js/jquery.js HTTP/1.1" 200 57254
181.154.125.229 - - [06/Dec/2014:12:18:16 -0500] "GET /BLA/boletinlegal/js/jquery.scrollShow.js HTTP/1.1" 200 4586
181.154.125.229 - - [06/Dec/2014:12:18:16 -0500] "GET /BLA/boletinlegal/js/jquery.scrollTo-min.js HTTP/1.1" 200 1150
66.249.67.67 - - [06/Dec/2014:12:18:40 -0500] "GET /BLA/resoluciones/AUTOS%202012/3006.pdf HTTP/1.1" 304 -
180.76.6.232 - - [06/Dec/2014:12:18:49 -0500] "GET /BLA/resoluciones/RESOLUCIONES%202010/1002.pdf HTTP/1.1" 200 115900
190.24.124.105 - - [06/Dec/2014:12:18:56 -0500] "POST /forms/lservlet;jsessionid=ac16012b30d5c0f1beef6764426085a6f128a2cbf368.e3iSbxaKaheRe34Sa3yKbhiTahb0n6jAmljGr5XDqQLvpAe HTTP/1.1" 200 2
186.84.50.43 - - [06/Dec/2014:12:19:32 -0500] "POST /forms/lservlet;jsessionid=ac16012b30d5088ac96555e141dd81a9df0733c60894.e3iSbxaKaheRe34Sa3yKbhiTahb0n6jAmljGr5XDqQLvpAe HTTP/1.1" 200 2
201.245.192.253 - - [06/Dec/2014:12:19:34 -0500] "GET /galeria/nivo-slider/demo/demo.html HTTP/1.1" 304 -
201.245.192.253 - - [06/Dec/2014:12:19:34 -0500] "GET /galeria/nivo-slider/demo/images/banner-musgo.jpg HTTP/1.1" 304 -
201.245.192.253 - - [06/Dec/2014:12:19:34 -0500] "GET /galeria/nivo-slider/demo/images/Jornada-adopcion.jpg HTTP/1.1" 304 -
201.245.192.253 - - [06/Dec/2014:12:19:34 -0500] "GET /galeria/nivo-slider/demo/images/RdaNegociosFiltros.jpg HTTP/1.1" 304 -
201.245.192.253 - - [06/Dec/2014:12:19:34 -0500] "GET /galeria/nivo-slider/demo/images/BogotaSostenible.jpg HTTP/1.1" 304 -
201.245.192.253 - - [06/Dec/2014:12:19:34 -0500] "GET /galeria/nivo-slider/demo/images/Banner-GAE3.jpg HTTP/1.1" 304 -
201.245.192.253 - - [06/Dec/2014:12:19:34 -0500] "GET /galeria/nivo-slider/demo/images/Banner-comparendo.jpg HTTP/1.1" 304 -
201.245.192.253 - - [06/Dec/2014:12:19:34 -0500] "GET /galeria/nivo-slider/demo/images/9Signos.jpg HTTP/1.1" 304 -
180.76.6.153 - - [06/Dec/2014:12:19:36 -0500] "GET /BLA/resoluciones/RESOLUCIONES%202010/2894.pdf HTTP/1.1" 200 518247
190.25.157.12 - - [06/Dec/2014:12:19:59 -0500] "POST /forms/lservlet;jsessionid=ac16012b30d5e7009ae609c046649991d8330a80b606.e3iSbxaKaheRe34Sa3yKbhiTahb0n6jAmljGr5XDqQLvpAe HTTP/1.1" 200 2
180.76.5.146 - - [06/Dec/2014:12:20:23 -0500] "GET /BLA/resoluciones/RESOLUCIONES%202010/1949.pdf HTTP/1.1" 200 40052
190.24.124.105 - - [06/Dec/2014:12:20:56 -0500] "POST /forms/lservlet;jsessionid=ac16012b30d5c0f1beef6764426085a6f128a2cbf368.e3iSbxaKaheRe34Sa3yKbhiTahb0n6jAmljGr5XDqQLvpAe HTTP/1.1" 200 2
2.109.204.135 - - [06/Dec/2014:12:21:12 -0500] "PUT /webdav/shell.php HTTP/1.1" 405 938
186.84.50.43 - - [06/Dec/2014:12:21:32 -0500] "POST /forms/lservlet;jsessionid=ac16012b30d5088ac96555e141dd81a9df0733c60894.e3iSbxaKaheRe34Sa3yKbhiTahb0n6jAmljGr5XDqQLvpAe HTTP/1.1" 200 2
157.55.39.62 - - [06/Dec/2014:12:21:33 -0500] "GET /dama/libreria/pdf/anexospot/Volumen%20Prospectiva%20.pdf HTTP/1.1" 404 1019
181.69.27.124 - - [06/Dec/2014:12:21:40 -0500] "GET /BLA/boletinlegal/js/jquery.js HTTP/1.1" 200 57254
181.69.27.124 - - [06/Dec/2014:12:21:40 -0500] "GET /BLA/boletinlegal/js/jquery.scrollTo-min.js HTTP/1.1" 200 1150
181.69.27.124 - - [06/Dec/2014:12:21:40 -0500] "GET /BLA/boletinlegal/js/jquery.scrollShow.js HTTP/1.1" 200 4586
74.86.158.107 - - [06/Dec/2014:12:21:41 -0500] "HEAD / HTTP/1.1" 302 -
188.165.15.204 - - [06/Dec/2014:12:21:51 -0500] "GET /BLA/resoluciones/RESOLUCIONES%202005/RES%202005%202801-2850/00002842.tif HTTP/1.1" 200 74598
190.25.157.12 - - [06/Dec/2014:12:21:59 -0500] "POST /forms/lservlet;jsessionid=ac16012b30d5e7009ae609c046649991d8330a80b606.e3iSbxaKaheRe34Sa3yKbhiTahb0n6jAmljGr5XDqQLvpAe HTTP/1.1" 200 2
209.200.244.133 - - [06/Dec/2014:12:22:24 -0500] "GET /wp-admin/ HTTP/1.1" 404 1018
181.137.168.161 - - [06/Dec/2014:12:22:24 -0500] "GET /BLA/resoluciones/RESOLUCIONES%202010/6720.pdf HTTP/1.1" 200 243365
181.137.168.161 - - [06/Dec/2014:12:22:25 -0500] "GET /BLA/resoluciones/RESOLUCIONES%202010/6720.pdf HTTP/1.1" 206 32768
181.137.168.161 - - [06/Dec/2014:12:22:25 -0500] "GET /BLA/resoluciones/RESOLUCIONES%202010/6720.pdf HTTP/1.1" 206 210597
181.137.168.161 - - [06/Dec/2014:12:22:26 -0500] "GET /favicon.ico HTTP/1.1" 200 7782
190.24.124.105 - - [06/Dec/2014:12:22:56 -0500] "POST /forms/lservlet;jsessionid=ac16012b30d5c0f1beef6764426085a6f128a2cbf368.e3iSbxaKaheRe34Sa3yKbhiTahb0n6jAmljGr5XDqQLvpAe HTTP/1.1" 200 2
66.249.67.83 - - [06/Dec/2014:12:23:07 -0500] "GET /StormSDA/stormWeb/img/descargarPdf.png HTTP/1.1" 304 -
66.249.67.83 - - [06/Dec/2014:12:23:14 -0500] "GET /StormSDA/stormWeb/img/version.gif HTTP/1.1" 304 -
100.43.85.25 - - [06/Dec/2014:12:23:23 -0500] "GET /counter/digits/chevy/?C=D;O=A HTTP/1.1" 404 1019
186.84.50.43 - - [06/Dec/2014:12:23:32 -0500] "POST /forms/lservlet;jsessionid=ac16012b30d5088ac96555e141dd81a9df0733c60894.e3iSbxaKaheRe34Sa3yKbhiTahb0n6jAmljGr5XDqQLvpAe HTTP/1.1" 200 2
66.249.88.213 - - [06/Dec/2014:12:23:56 -0500] "GET /BLA/boletinlegal/js/jquery.js HTTP/1.1" 200 57254
66.249.88.211 - - [06/Dec/2014:12:23:56 -0500] "GET /BLA/boletinlegal/js/jquery.scrollShow.js HTTP/1.1" 200 4586
