186.115.26.171 - - [06/Dec/2014:10:15:11 -0500] "GET /galeria/nivo-slider/demo/images/banner-musgo.jpg HTTP/1.1" 200 49513
186.115.26.171 - - [06/Dec/2014:10:15:12 -0500] "GET /galeria/nivo-slider/demo/images/RdaNegociosFiltros.jpg HTTP/1.1" 200 77155
186.115.26.171 - - [06/Dec/2014:10:15:12 -0500] "GET /galeria/nivo-slider/demo/images/Jornada-adopcion.jpg HTTP/1.1" 200 79705
186.115.26.171 - - [06/Dec/2014:10:15:12 -0500] "GET /galeria/nivo-slider/demo/images/BogotaSostenible.jpg HTTP/1.1" 200 206863
186.115.26.171 - - [06/Dec/2014:10:15:14 -0500] "GET /galeria/nivo-slider/demo/images/Banner-GAE3.jpg HTTP/1.1" 200 146354
188.165.15.61 - - [06/Dec/2014:10:15:16 -0500] "GET /BLA/resoluciones/index.php?dir=RESOLUCIONES%202002/RES%202002%20951-1000/&sort=name&order=asc HTTP/1.1" 200 12280
186.115.26.171 - - [06/Dec/2014:10:15:18 -0500] "GET /galeria/nivo-slider/demo/images/Banner-comparendo.jpg HTTP/1.1" 200 388762
186.115.26.171 - - [06/Dec/2014:10:15:18 -0500] "GET /galeria/nivo-slider/demo/images/Biotaxis-Man.jpg HTTP/1.1" 200 99362
181.50.204.11 - - [06/Dec/2014:10:15:18 -0500] "GET /BLA/boletinlegal/js/jquery.js HTTP/1.1" 200 57254
181.50.204.11 - - [06/Dec/2014:10:15:18 -0500] "GET /BLA/boletinlegal/js/jquery.scrollTo-min.js HTTP/1.1" 200 1150
181.50.204.11 - - [06/Dec/2014:10:15:18 -0500] "GET /BLA/boletinlegal/js/jquery.scrollShow.js HTTP/1.1" 200 4586
186.115.26.171 - - [06/Dec/2014:10:15:19 -0500] "GET /galeria/nivo-slider/demo/images/porloshumedales.jpg HTTP/1.1" 200 351238
181.50.204.11 - - [06/Dec/2014:10:15:19 -0500] "GET /galeria/carrusel/Carrusel/jquery.thumbnailScroller.css HTTP/1.1" 200 2066
181.50.204.11 - - [06/Dec/2014:10:15:19 -0500] "GET /galeria/carrusel/Carrusel/jquery-ui-1.8.13.custom.min.js HTTP/1.1" 200 10800
181.50.204.11 - - [06/Dec/2014:10:15:19 -0500] "GET /galeria/carrusel/Carrusel/jquery.thumbnailScroller.js HTTP/1.1" 200 8157
181.50.204.11 - - [06/Dec/2014:10:15:20 -0500] "GET /galeria/nivo-slider/demo/demo.html HTTP/1.1" 200 3572
186.115.26.171 - - [06/Dec/2014:10:15:20 -0500] "GET /galeria/nivo-slider/demo/images/Tingua-azul.jpg HTTP/1.1" 200 307638
181.50.204.11 - - [06/Dec/2014:10:15:21 -0500] "GET /galeria/nivo-slider/themes/default/default.css HTTP/1.1" 200 1569
181.50.204.11 - - [06/Dec/2014:10:15:21 -0500] "GET /galeria/nivo-slider/nivo-slider.css HTTP/1.1" 200 1507
181.50.204.11 - - [06/Dec/2014:10:15:21 -0500] "GET /galeria/nivo-slider/themes/pascal/pascal.css HTTP/1.1" 200 2258
181.50.204.11 - - [06/Dec/2014:10:15:21 -0500] "GET /galeria/nivo-slider/demo/style.css HTTP/1.1" 200 2222
181.50.204.11 - - [06/Dec/2014:10:15:21 -0500] "GET /galeria/nivo-slider/demo/scripts/jquery-1.7.1.min.js HTTP/1.1" 200 93868
181.50.204.11 - - [06/Dec/2014:10:15:21 -0500] "GET /galeria/nivo-slider/themes/orman/orman.css HTTP/1.1" 200 2152
181.50.204.11 - - [06/Dec/2014:10:15:21 -0500] "GET /galeria/nivo-slider/jquery.nivo.slider.pack.js HTTP/1.1" 200 11561
181.50.204.11 - - [06/Dec/2014:10:15:21 -0500] "GET /galeria/nivo-slider/demo/images/banner-musgo.jpg HTTP/1.1" 200 49513
181.50.204.11 - - [06/Dec/2014:10:15:21 -0500] "GET /galeria/nivo-slider/demo/images/Jornada-adopcion.jpg HTTP/1.1" 200 79705
181.50.204.11 - - [06/Dec/2014:10:15:21 -0500] "GET /galeria/nivo-slider/demo/images/RdaNegociosFiltros.jpg HTTP/1.1" 200 77155
181.50.204.11 - - [06/Dec/2014:10:15:21 -0500] "GET /galeria/nivo-slider/demo/images/BogotaSostenible.jpg HTTP/1.1" 200 206863
181.50.204.11 - - [06/Dec/2014:10:15:21 -0500] "GET /galeria/nivo-slider/demo/images/Banner-GAE3.jpg HTTP/1.1" 200 146354
181.50.204.11 - - [06/Dec/2014:10:15:22 -0500] "GET /galeria/nivo-slider/demo/images/Banner-comparendo.jpg HTTP/1.1" 200 388762
181.50.204.11 - - [06/Dec/2014:10:15:22 -0500] "GET /galeria/nivo-slider/demo/images/4Simple_Slider.png HTTP/1.1" 200 11722
181.50.204.11 - - [06/Dec/2014:10:15:22 -0500] "GET /galeria/nivo-slider/themes/default/loading.gif HTTP/1.1" 200 1737
181.50.204.11 - - [06/Dec/2014:10:15:22 -0500] "GET /galeria/nivo-slider/demo/images/Biotaxis-Man.jpg HTTP/1.1" 200 99362
181.50.204.11 - - [06/Dec/2014:10:15:22 -0500] "GET /galeria/nivo-slider/demo/images/porloshumedales.jpg HTTP/1.1" 200 351238
186.115.26.171 - - [06/Dec/2014:10:15:23 -0500] "GET /videos/Spot_CambioClimatico.flv HTTP/1.1" 200 4371917
181.50.204.11 - - [06/Dec/2014:10:15:23 -0500] "GET /galeria/nivo-slider/demo/images/Tingua-azul.jpg HTTP/1.1" 200 307638
188.165.15.162 - - [06/Dec/2014:10:15:23 -0500] "GET /BLA/resoluciones/RESOLUCIONES%202005/RES%202005%20%201651-1700/00001676.tif HTTP/1.1" 200 136404
186.115.26.171 - - [06/Dec/2014:10:15:25 -0500] "GET /galeria/nivo-slider/demo/images/Banner-Caracol-Africano.jpg HTTP/1.1" 200 331986
181.50.204.11 - - [06/Dec/2014:10:15:25 -0500] "GET /galeria/nivo-slider/demo/images/Banner-Caracol-Africano.jpg HTTP/1.1" 200 331986
181.50.204.11 - - [06/Dec/2014:10:15:25 -0500] "GET /galeria/nivo-slider/demo/images/banner-redes.jpg HTTP/1.1" 200 62209
181.50.204.11 - - [06/Dec/2014:10:15:25 -0500] "GET /galeria/nivo-slider/demo/images/9Signos.jpg HTTP/1.1" 200 93040
181.50.204.11 - - [06/Dec/2014:10:15:26 -0500] "GET /videos/Spot_CambioClimatico.flv HTTP/1.1" 200 4371917
181.50.204.11 - - [06/Dec/2014:10:15:26 -0500] "GET /galeria/nivo-slider/demo/images/banner-caballos.png HTTP/1.1" 200 389106
181.50.204.11 - - [06/Dec/2014:10:15:27 -0500] "GET /galeria/nivo-slider/demo/images/Hacienda_Molinos.jpg HTTP/1.1" 200 319171
181.50.204.11 - - [06/Dec/2014:10:15:27 -0500] "GET /galeria/nivo-slider/demo/images/bannerEcolecta3.jpg HTTP/1.1" 200 280034
186.84.50.43 - - [06/Dec/2014:10:15:27 -0500] "POST /forms/lservlet;jsessionid=ac16012b30d5088ac96555e141dd81a9df0733c60894.e3iSbxaKaheRe34Sa3yKbhiTahb0n6jAmljGr5XDqQLvpAe HTTP/1.1" 200 2
181.50.204.11 - - [06/Dec/2014:10:15:29 -0500] "GET /galeria/nivo-slider/themes/default/arrows.png HTTP/1.1" 200 824
181.50.204.11 - - [06/Dec/2014:10:15:29 -0500] "GET /galeria/nivo-slider/themes/default/bullets.png HTTP/1.1" 200 1281
186.115.26.171 - - [06/Dec/2014:10:15:37 -0500] "GET /galeria/nivo-slider/demo/images/banner-redes.jpg HTTP/1.1" 200 62209
186.115.26.171 - - [06/Dec/2014:10:15:37 -0500] "GET /galeria/nivo-slider/demo/images/9Signos.jpg HTTP/1.1" 200 93040
190.24.124.105 - - [06/Dec/2014:10:15:38 -0500] "POST /forms/lservlet;jsessionid=ac16012b30d5c0f1beef6764426085a6f128a2cbf368.e3iSbxaKaheRe34Sa3yKbhiTahb0n6jAmljGr5XDqQLvpAe HTTP/1.1" 200 2
186.115.26.171 - - [06/Dec/2014:10:15:40 -0500] "GET /galeria/nivo-slider/demo/images/banner-caballos.png HTTP/1.1" 200 389106
186.115.26.171 - - [06/Dec/2014:10:15:41 -0500] "GET /galeria/nivo-slider/demo/images/Hacienda_Molinos.jpg HTTP/1.1" 200 319171
180.76.6.61 - - [06/Dec/2014:10:15:41 -0500] "GET /BLA/resoluciones/RESOLUCIONES%202010/0801.pdf HTTP/1.1" 200 107038
186.115.26.171 - - [06/Dec/2014:10:15:41 -0500] "GET /galeria/nivo-slider/demo/images/bannerEcolecta3.jpg HTTP/1.1" 200 280034
190.184.201.146 - - [06/Dec/2014:10:15:46 -0500] "GET /BLA/boletinlegal/js/jquery.scrollTo-min.js HTTP/1.1" 200 1150
190.184.201.146 - - [06/Dec/2014:10:15:46 -0500] "GET /BLA/boletinlegal/js/jquery.js HTTP/1.1" 200 57254
190.184.201.146 - - [06/Dec/2014:10:15:46 -0500] "GET /BLA/boletinlegal/js/jquery.scrollShow.js HTTP/1.1" 200 4586
186.115.26.171 - - [06/Dec/2014:10:15:57 -0500] "GET /galeria/nivo-slider/themes/default/arrows.png HTTP/1.1" 200 824
186.115.26.171 - - [06/Dec/2014:10:15:57 -0500] "GET /galeria/nivo-slider/themes/default/bullets.png HTTP/1.1" 200 1281
190.60.216.162 - - [06/Dec/2014:10:16:00 -0500] "GET /videos/Spot_CambioClimatico.flv HTTP/1.1" 304 -
190.157.106.118 - - [06/Dec/2014:10:16:01 -0500] "POST /forms/lservlet;jsessionid=ac16012b30d5a9840e8b4999490b8e6488eaa3364d32.e3iSbxaKaheRe34Sa3yKbhiTahb0n6jAmljGr5XDqQLvpAe HTTP/1.1" 200 2
181.50.76.121 - - [06/Dec/2014:10:16:03 -0500] "GET /Report2/login.do HTTP/1.1" 200 4338
181.50.76.121 - - [06/Dec/2014:10:16:20 -0500] "POST /Report2/login.do;jsessionid=041835A6D644FC26A63D8F2A7CB87972 HTTP/1.1" 200 4298
181.50.76.121 - - [06/Dec/2014:10:16:27 -0500] "POST /Report2/login.do HTTP/1.1" 200 4298
180.76.6.60 - - [06/Dec/2014:10:16:28 -0500] "GET /BLA/resoluciones/RESOLUCIONES%202013/2151.pdf HTTP/1.1" 200 766365
190.184.201.174 - - [06/Dec/2014:10:16:30 -0500] "GET /webfile/session.jsp?a=0.8113791325251257&a=0.04218830496419468&a=0.30779001550866614 HTTP/1.1" 200 4
181.50.76.121 - - [06/Dec/2014:10:16:33 -0500] "POST /Report2/login.do HTTP/1.1" 200 4298
181.50.76.121 - - [06/Dec/2014:10:16:36 -0500] "POST /Report2/login.do HTTP/1.1" 200 4298
181.50.76.121 - - [06/Dec/2014:10:16:37 -0500] "POST /Report2/login.do HTTP/1.1" 200 4298
181.50.76.121 - - [06/Dec/2014:10:16:37 -0500] "POST /Report2/login.do HTTP/1.1" 200 4298
220.181.108.76 - - [06/Dec/2014:10:16:38 -0500] "GET /BLA/resoluciones/AUTOS%202009/2046.pdf HTTP/1.1" 200 233008
74.86.158.107 - - [06/Dec/2014:10:16:41 -0500] "HEAD / HTTP/1.1" 302 -
190.26.49.243 - - [06/Dec/2014:10:17:11 -0500] "POST /Report2/login.do HTTP/1.1" 200 4299
190.60.216.162 - - [06/Dec/2014:10:17:13 -0500] "GET /videos/galeria-fotografica/index19.html? HTTP/1.1" 200 1972
190.60.216.162 - - [06/Dec/2014:10:17:14 -0500] "GET /videos/galeria-fotografica/js/jquery-flickr-gallery/jquery-flickr.css HTTP/1.1" 200 711
190.60.216.162 - - [06/Dec/2014:10:17:14 -0500] "GET /videos/galeria-fotografica/js/jquery-flickr-gallery/jquery-flickr-gallery.js HTTP/1.1" 200 9050
190.60.216.162 - - [06/Dec/2014:10:17:15 -0500] "GET /videos/galeria-fotografica/js/jquery-flickr-gallery/loader.gif HTTP/1.1" 200 2129
180.76.6.55 - - [06/Dec/2014:10:17:16 -0500] "GET /BLA/resoluciones/RESOLUCIONES%202010/2663.pdf HTTP/1.1" 200 339300
188.165.15.64 - - [06/Dec/2014:10:17:16 -0500] "GET /BLA/resoluciones/index.php?dir=RESOLUCIONES+2006%2FRES+2006+2451-2500%2F HTTP/1.1" 200 12154
190.60.216.162 - - [06/Dec/2014:10:17:20 -0500] "GET /huelladecarbono/index.html HTTP/1.1" 404 1316
190.85.116.113 - - [06/Dec/2014:10:17:24 -0500] "OPTIONS / HTTP/1.1" 302 -
190.85.116.113 - - [06/Dec/2014:10:17:24 -0500] "PROPFIND / HTTP/1.1" 302 -
190.85.116.113 - - [06/Dec/2014:10:17:25 -0500] "PROPFIND / HTTP/1.1" 302 -
186.84.50.43 - - [06/Dec/2014:10:17:27 -0500] "POST /forms/lservlet;jsessionid=ac16012b30d5088ac96555e141dd81a9df0733c60894.e3iSbxaKaheRe34Sa3yKbhiTahb0n6jAmljGr5XDqQLvpAe HTTP/1.1" 200 2
190.24.124.105 - - [06/Dec/2014:10:17:38 -0500] "POST /forms/lservlet;jsessionid=ac16012b30d5c0f1beef6764426085a6f128a2cbf368.e3iSbxaKaheRe34Sa3yKbhiTahb0n6jAmljGr5XDqQLvpAe HTTP/1.1" 200 2
190.157.106.118 - - [06/Dec/2014:10:18:04 -0500] "POST /forms/lservlet;jsessionid=ac16012b30d5a9840e8b4999490b8e6488eaa3364d32.e3iSbxaKaheRe34Sa3yKbhiTahb0n6jAmljGr5XDqQLvpAe HTTP/1.1" 200 2
66.249.67.83 - - [06/Dec/2014:10:18:40 -0500] "GET /BLA/resoluciones/index.php?dir=RESOLUCIONES%202002/RES%202002%201101-1150/&sort=date&order=desc HTTP/1.1" 200 12346
190.24.124.105 - - [06/Dec/2014:10:19:11 -0500] "POST /forms/lservlet;jsessionid=ac16012b30d5c0f1beef6764426085a6f128a2cbf368.e3iSbxaKaheRe34Sa3yKbhiTahb0n6jAmljGr5XDqQLvpAe HTTP/1.1" 200 61532
190.24.124.105 - - [06/Dec/2014:10:19:17 -0500] "POST /forms/lservlet;jsessionid=ac16012b30d5c0f1beef6764426085a6f128a2cbf368.e3iSbxaKaheRe34Sa3yKbhiTahb0n6jAmljGr5XDqQLvpAe HTTP/1.1" 200 1312
190.24.124.105 - - [06/Dec/2014:10:19:17 -0500] "POST /forms/lservlet;jsessionid=ac16012b30d5c0f1beef6764426085a6f128a2cbf368.e3iSbxaKaheRe34Sa3yKbhiTahb0n6jAmljGr5XDqQLvpAe HTTP/1.1" 200 31
190.24.124.105 - - [06/Dec/2014:10:19:20 -0500] "POST /forms/lservlet;jsessionid=ac16012b30d5c0f1beef6764426085a6f128a2cbf368.e3iSbxaKaheRe34Sa3yKbhiTahb0n6jAmljGr5XDqQLvpAe HTTP/1.1" 200 34735
190.24.124.105 - - [06/Dec/2014:10:19:20 -0500] "GET /imagenes/listval.gif HTTP/1.1" 200 905
190.24.124.105 - - [06/Dec/2014:10:19:20 -0500] "POST /forms/lservlet;jsessionid=ac16012b30d5c0f1beef6764426085a6f128a2cbf368.e3iSbxaKaheRe34Sa3yKbhiTahb0n6jAmljGr5XDqQLvpAe HTTP/1.1" 200 7
190.24.124.105 - - [06/Dec/2014:10:19:20 -0500] "POST /forms/lservlet;jsessionid=ac16012b30d5c0f1beef6764426085a6f128a2cbf368.e3iSbxaKaheRe34Sa3yKbhiTahb0n6jAmljGr5XDqQLvpAe HTTP/1.1" 200 34
190.24.124.105 - - [06/Dec/2014:10:19:20 -0500] "POST /forms/lservlet;jsessionid=ac16012b30d5c0f1beef6764426085a6f128a2cbf368.e3iSbxaKaheRe34Sa3yKbhiTahb0n6jAmljGr5XDqQLvpAe HTTP/1.1" 200 2
190.24.124.105 - - [06/Dec/2014:10:19:21 -0500] "POST /forms/lservlet;jsessionid=ac16012b30d5c0f1beef6764426085a6f128a2cbf368.e3iSbxaKaheRe34Sa3yKbhiTahb0n6jAmljGr5XDqQLvpAe HTTP/1.1" 200 2
190.24.124.105 - - [06/Dec/2014:10:19:21 -0500] "POST /forms/lservlet;jsessionid=ac16012b30d5c0f1beef6764426085a6f128a2cbf368.e3iSbxaKaheRe34Sa3yKbhiTahb0n6jAmljGr5XDqQLvpAe HTTP/1.1" 200 662
190.24.124.105 - - [06/Dec/2014:10:19:21 -0500] "POST /forms/lservlet;jsessionid=ac16012b30d5c0f1beef6764426085a6f128a2cbf368.e3iSbxaKaheRe34Sa3yKbhiTahb0n6jAmljGr5XDqQLvpAe HTTP/1.1" 200 10
190.24.124.105 - - [06/Dec/2014:10:19:23 -0500] "POST /forms/lservlet;jsessionid=ac16012b30d5c0f1beef6764426085a6f128a2cbf368.e3iSbxaKaheRe34Sa3yKbhiTahb0n6jAmljGr5XDqQLvpAe HTTP/1.1" 200 26
190.24.124.105 - - [06/Dec/2014:10:19:23 -0500] "POST /forms/lservlet;jsessionid=ac16012b30d5c0f1beef6764426085a6f128a2cbf368.e3iSbxaKaheRe34Sa3yKbhiTahb0n6jAmljGr5XDqQLvpAe HTTP/1.1" 200 5093
190.24.124.105 - - [06/Dec/2014:10:19:24 -0500] "POST /forms/lservlet;jsessionid=ac16012b30d5c0f1beef6764426085a6f128a2cbf368.e3iSbxaKaheRe34Sa3yKbhiTahb0n6jAmljGr5XDqQLvpAe HTTP/1.1" 200 2
186.84.50.43 - - [06/Dec/2014:10:19:27 -0500] "POST /forms/lservlet;jsessionid=ac16012b30d5088ac96555e141dd81a9df0733c60894.e3iSbxaKaheRe34Sa3yKbhiTahb0n6jAmljGr5XDqQLvpAe HTTP/1.1" 200 2
190.24.124.105 - - [06/Dec/2014:10:19:38 -0500] "POST /forms/lservlet;jsessionid=ac16012b30d5c0f1beef6764426085a6f128a2cbf368.e3iSbxaKaheRe34Sa3yKbhiTahb0n6jAmljGr5XDqQLvpAe HTTP/1.1" 200 2
190.157.106.118 - - [06/Dec/2014:10:20:04 -0500] "POST /forms/lservlet;jsessionid=ac16012b30d5a9840e8b4999490b8e6488eaa3364d32.e3iSbxaKaheRe34Sa3yKbhiTahb0n6jAmljGr5XDqQLvpAe HTTP/1.1" 200 2
200.118.13.217 - - [06/Dec/2014:10:20:15 -0500] "GET /dama/libreria/jpg/ecosistemas/aulas/aa2_1.jpg HTTP/1.1" 404 1315
180.76.5.197 - - [06/Dec/2014:10:20:50 -0500] "GET /BLA/resoluciones/RESOLUCIONES%202010/2709.pdf HTTP/1.1" 200 392977
188.165.15.98 - - [06/Dec/2014:10:21:20 -0500] "GET /BLA/resoluciones/RESOLUCIONES%202004/RES%202004%201201-1250/00001230.tif HTTP/1.1" 200 233346
186.84.50.43 - - [06/Dec/2014:10:21:27 -0500] "POST /forms/lservlet;jsessionid=ac16012b30d5088ac96555e141dd81a9df0733c60894.e3iSbxaKaheRe34Sa3yKbhiTahb0n6jAmljGr5XDqQLvpAe HTTP/1.1" 200 2
190.184.201.174 - - [06/Dec/2014:10:21:30 -0500] "GET /webfile/session.jsp?a=0.32944559238361437&a=0.11957696708402843&a=0.3641913790650453 HTTP/1.1" 200 4
190.24.124.105 - - [06/Dec/2014:10:21:38 -0500] "POST /forms/lservlet;jsessionid=ac16012b30d5c0f1beef6764426085a6f128a2cbf368.e3iSbxaKaheRe34Sa3yKbhiTahb0n6jAmljGr5XDqQLvpAe HTTP/1.1" 200 2
74.86.158.107 - - [06/Dec/2014:10:21:41 -0500] "HEAD / HTTP/1.1" 302 -
190.157.106.118 - - [06/Dec/2014:10:22:04 -0500] "POST /forms/lservlet;jsessionid=ac16012b30d5a9840e8b4999490b8e6488eaa3364d32.e3iSbxaKaheRe34Sa3yKbhiTahb0n6jAmljGr5XDqQLvpAe HTTP/1.1" 200 2
100.43.85.25 - - [06/Dec/2014:10:22:30 -0500] "GET /videos/ambiente-ciudad/skin/?C=M;O=A HTTP/1.1" 200 1443
181.58.24.221 - - [06/Dec/2014:10:22:31 -0500] "GET /BLA/boletinlegal/js/jquery.js HTTP/1.1" 200 57254
181.58.24.221 - - [06/Dec/2014:10:22:32 -0500] "GET /BLA/boletinlegal/js/jquery.scrollTo-min.js HTTP/1.1" 200 1150
181.58.24.221 - - [06/Dec/2014:10:22:32 -0500] "GET /BLA/boletinlegal/js/jquery.scrollShow.js HTTP/1.1" 200 4586
191.146.52.47 - - [06/Dec/2014:10:23:12 -0500] "GET /galeria/nivo-slider/demo/demo.html HTTP/1.1" 200 3572
191.146.52.47 - - [06/Dec/2014:10:23:13 -0500] "GET /galeria/nivo-slider/demo/images/banner-musgo.jpg HTTP/1.1" 200 49513
191.146.52.47 - - [06/Dec/2014:10:23:14 -0500] "GET /galeria/nivo-slider/demo/images/RdaNegociosFiltros.jpg HTTP/1.1" 200 77155
191.146.52.47 - - [06/Dec/2014:10:23:14 -0500] "GET /galeria/nivo-slider/demo/images/Jornada-adopcion.jpg HTTP/1.1" 200 79705
191.146.52.47 - - [06/Dec/2014:10:23:14 -0500] "GET /galeria/nivo-slider/demo/images/BogotaSostenible.jpg HTTP/1.1" 304 -
191.146.52.47 - - [06/Dec/2014:10:23:14 -0500] "GET /galeria/nivo-slider/demo/images/Banner-comparendo.jpg HTTP/1.1" 304 -
191.146.52.47 - - [06/Dec/2014:10:23:14 -0500] "GET /galeria/nivo-slider/demo/images/Biotaxis-Man.jpg HTTP/1.1" 304 -
191.146.52.47 - - [06/Dec/2014:10:23:14 -0500] "GET /galeria/nivo-slider/demo/images/porloshumedales.jpg HTTP/1.1" 304 -
191.146.52.47 - - [06/Dec/2014:10:23:14 -0500] "GET /galeria/nivo-slider/demo/images/Banner-GAE3.jpg HTTP/1.1" 304 -
191.146.52.47 - - [06/Dec/2014:10:23:14 -0500] "GET /galeria/nivo-slider/demo/images/banner-redes.jpg HTTP/1.1" 304 -
191.146.52.47 - - [06/Dec/2014:10:23:16 -0500] "GET /galeria/nivo-slider/demo/images/Hacienda_Molinos.jpg HTTP/1.1" 304 -
190.26.49.243 - - [06/Dec/2014:10:23:17 -0500] "POST /forest/login.do HTTP/1.1" 302 -
190.26.49.243 - - [06/Dec/2014:10:23:17 -0500] "GET /forest/index2.jsp?a=0.19572312074259524 HTTP/1.1" 200 46258
191.146.52.47 - - [06/Dec/2014:10:23:20 -0500] "GET /videos/Spot_CambioClimatico.flv HTTP/1.1" 304 -
186.84.4.81 - - [06/Dec/2014:10:23:26 -0500] "GET /videos/ArchivoSDA.flv HTTP/1.1" 200 31205279
186.84.50.43 - - [06/Dec/2014:10:23:27 -0500] "POST /forms/lservlet;jsessionid=ac16012b30d5088ac96555e141dd81a9df0733c60894.e3iSbxaKaheRe34Sa3yKbhiTahb0n6jAmljGr5XDqQLvpAe HTTP/1.1" 200 2
190.24.124.105 - - [06/Dec/2014:10:23:38 -0500] "POST /forms/lservlet;jsessionid=ac16012b30d5c0f1beef6764426085a6f128a2cbf368.e3iSbxaKaheRe34Sa3yKbhiTahb0n6jAmljGr5XDqQLvpAe HTTP/1.1" 200 2
186.116.7.171 - - [06/Dec/2014:10:23:39 -0500] "GET /BLA/boletinlegal/js/jquery.scrollTo-min.js HTTP/1.1" 200 1150
186.116.7.171 - - [06/Dec/2014:10:23:39 -0500] "GET /BLA/boletinlegal/js/jquery.js HTTP/1.1" 304 -
186.116.7.171 - - [06/Dec/2014:10:23:39 -0500] "GET /BLA/boletinlegal/js/jquery.scrollShow.js HTTP/1.1" 200 4586
186.116.7.171 - - [06/Dec/2014:10:23:39 -0500] "GET /galeria/carrusel/Carrusel/jquery.thumbnailScroller.css HTTP/1.1" 200 2066
186.116.7.171 - - [06/Dec/2014:10:23:39 -0500] "GET /galeria/carrusel/Carrusel/jquery.thumbnailScroller.js HTTP/1.1" 200 8157
186.116.7.171 - - [06/Dec/2014:10:23:39 -0500] "GET /galeria/carrusel/Carrusel/jquery-ui-1.8.13.custom.min.js HTTP/1.1" 200 10800
186.116.7.171 - - [06/Dec/2014:10:23:41 -0500] "GET /galeria/nivo-slider/demo/demo.html HTTP/1.1" 200 3572
186.116.7.171 - - [06/Dec/2014:10:23:42 -0500] "GET /galeria/nivo-slider/themes/orman/orman.css HTTP/1.1" 200 2152
186.116.7.171 - - [06/Dec/2014:10:23:42 -0500] "GET /galeria/nivo-slider/themes/default/default.css HTTP/1.1" 200 1569
186.116.7.171 - - [06/Dec/2014:10:23:42 -0500] "GET /galeria/nivo-slider/themes/pascal/pascal.css HTTP/1.1" 200 2258
186.116.7.171 - - [06/Dec/2014:10:23:42 -0500] "GET /galeria/nivo-slider/nivo-slider.css HTTP/1.1" 200 1507
186.116.7.171 - - [06/Dec/2014:10:23:42 -0500] "GET /galeria/nivo-slider/demo/style.css HTTP/1.1" 200 2222
186.116.7.171 - - [06/Dec/2014:10:23:42 -0500] "GET /galeria/nivo-slider/demo/scripts/jquery-1.7.1.min.js HTTP/1.1" 200 93868
186.116.7.171 - - [06/Dec/2014:10:23:42 -0500] "GET /galeria/nivo-slider/jquery.nivo.slider.pack.js HTTP/1.1" 200 11561
186.116.7.171 - - [06/Dec/2014:10:23:43 -0500] "GET /galeria/nivo-slider/demo/images/banner-musgo.jpg HTTP/1.1" 200 49513
186.116.7.171 - - [06/Dec/2014:10:23:43 -0500] "GET /galeria/nivo-slider/demo/images/Jornada-adopcion.jpg HTTP/1.1" 200 79705
186.116.7.171 - - [06/Dec/2014:10:23:43 -0500] "GET /galeria/nivo-slider/demo/images/RdaNegociosFiltros.jpg HTTP/1.1" 200 77155
186.116.7.171 - - [06/Dec/2014:10:23:43 -0500] "GET /galeria/nivo-slider/demo/images/BogotaSostenible.jpg HTTP/1.1" 200 206863
186.116.7.171 - - [06/Dec/2014:10:23:43 -0500] "GET /galeria/nivo-slider/demo/images/Banner-GAE3.jpg HTTP/1.1" 200 146354
186.116.7.171 - - [06/Dec/2014:10:23:45 -0500] "GET /galeria/nivo-slider/demo/images/Banner-comparendo.jpg HTTP/1.1" 200 388762
186.116.7.171 - - [06/Dec/2014:10:23:47 -0500] "GET /galeria/nivo-slider/demo/images/Biotaxis-Man.jpg HTTP/1.1" 200 99362
186.116.7.171 - - [06/Dec/2014:10:23:47 -0500] "GET /galeria/nivo-slider/demo/images/porloshumedales.jpg HTTP/1.1" 200 351238
186.116.7.171 - - [06/Dec/2014:10:23:47 -0500] "GET /galeria/nivo-slider/demo/images/4Simple_Slider.png HTTP/1.1" 200 11722
186.116.7.171 - - [06/Dec/2014:10:23:48 -0500] "GET /galeria/nivo-slider/themes/default/loading.gif HTTP/1.1" 200 1737
186.116.7.171 - - [06/Dec/2014:10:23:48 -0500] "GET /galeria/nivo-slider/demo/images/Tingua-azul.jpg HTTP/1.1" 200 307638
186.116.7.171 - - [06/Dec/2014:10:23:50 -0500] "GET /galeria/nivo-slider/demo/images/Banner-Caracol-Africano.jpg HTTP/1.1" 200 331986
186.116.7.171 - - [06/Dec/2014:10:23:51 -0500] "GET /galeria/nivo-slider/demo/images/banner-redes.jpg HTTP/1.1" 200 62209
186.116.7.171 - - [06/Dec/2014:10:23:52 -0500] "GET /galeria/nivo-slider/demo/images/9Signos.jpg HTTP/1.1" 200 93040
190.26.49.243 - - [06/Dec/2014:10:23:52 -0500] "GET /forest/session.jsp?a=0.026400616858154535 HTTP/1.1" 200 4
186.116.7.171 - - [06/Dec/2014:10:23:54 -0500] "GET /videos/Spot_CambioClimatico.flv HTTP/1.1" 200 4371917
186.116.7.171 - - [06/Dec/2014:10:23:54 -0500] "GET /galeria/nivo-slider/demo/images/banner-caballos.png HTTP/1.1" 200 389106
186.116.7.171 - - [06/Dec/2014:10:23:54 -0500] "GET /videos/Spot_CambioClimatico.flv HTTP/1.1" 206 4225917
186.116.7.171 - - [06/Dec/2014:10:23:54 -0500] "GET /galeria/nivo-slider/demo/images/Hacienda_Molinos.jpg HTTP/1.1" 200 319171
186.116.7.171 - - [06/Dec/2014:10:23:54 -0500] "GET /videos/Spot_CambioClimatico.flv HTTP/1.1" 206 2110955
186.116.7.171 - - [06/Dec/2014:10:23:54 -0500] "GET /videos/Spot_CambioClimatico.flv HTTP/1.1" 206 1055478
186.116.7.171 - - [06/Dec/2014:10:23:59 -0500] "GET /galeria/nivo-slider/demo/images/bannerEcolecta3.jpg HTTP/1.1" 200 280034
186.116.7.171 - - [06/Dec/2014:10:24:03 -0500] "GET /galeria/nivo-slider/themes/default/arrows.png HTTP/1.1" 200 824
186.116.7.171 - - [06/Dec/2014:10:24:03 -0500] "GET /galeria/nivo-slider/themes/default/bullets.png HTTP/1.1" 200 1281
190.157.106.118 - - [06/Dec/2014:10:24:04 -0500] "POST /forms/lservlet;jsessionid=ac16012b30d5a9840e8b4999490b8e6488eaa3364d32.e3iSbxaKaheRe34Sa3yKbhiTahb0n6jAmljGr5XDqQLvpAe HTTP/1.1" 200 2
66.249.67.67 - - [06/Dec/2014:10:24:07 -0500] "GET /BLA/resoluciones/index.php?dir=RESOLUCIONES%202005/RES%202005%202301-2350/&sort=size&order=asc HTTP/1.1" 200 12369
191.110.249.206 - - [06/Dec/2014:10:24:52 -0500] "GET /BLA/boletinlegal/js/jquery.scrollTo-min.js HTTP/1.1" 200 1150
191.110.249.206 - - [06/Dec/2014:10:24:52 -0500] "GET /BLA/boletinlegal/js/jquery.scrollShow.js HTTP/1.1" 200 4586
191.110.249.206 - - [06/Dec/2014:10:24:52 -0500] "GET /BLA/boletinlegal/js/jquery.js HTTP/1.1" 200 57254
66.249.67.75 - - [06/Dec/2014:10:25:08 -0500] "GET /BLA/resoluciones/RESOLUCIONES%202005/RES%202005%202301-2350/INDEX.DAT HTTP/1.1" 200 2000
186.84.50.43 - - [06/Dec/2014:10:25:27 -0500] "POST /forms/lservlet;jsessionid=ac16012b30d5088ac96555e141dd81a9df0733c60894.e3iSbxaKaheRe34Sa3yKbhiTahb0n6jAmljGr5XDqQLvpAe HTTP/1.1" 200 2
190.24.124.105 - - [06/Dec/2014:10:25:38 -0500] "POST /forms/lservlet;jsessionid=ac16012b30d5c0f1beef6764426085a6f128a2cbf368.e3iSbxaKaheRe34Sa3yKbhiTahb0n6jAmljGr5XDqQLvpAe HTTP/1.1" 200 2
190.157.106.118 - - [06/Dec/2014:10:26:04 -0500] "POST /forms/lservlet;jsessionid=ac16012b30d5a9840e8b4999490b8e6488eaa3364d32.e3iSbxaKaheRe34Sa3yKbhiTahb0n6jAmljGr5XDqQLvpAe HTTP/1.1" 200 2
66.249.67.75 - - [06/Dec/2014:10:26:28 -0500] "GET /BLA/resoluciones/RESOLUCIONES%202010/6139.pdf HTTP/1.1" 200 7951848
190.184.201.174 - - [06/Dec/2014:10:26:30 -0500] "GET /webfile/session.jsp?a=0.26502880928124906&a=0.36832860129429745&a=0.18020581628871535 HTTP/1.1" 200 4
190.184.201.174 - - [06/Dec/2014:10:26:35 -0500] "GET /webfile/xmlresponse.do?xmlresult=1&lista=getListFest&year=2014&a=0.8926933629908101 HTTP/1.1" 404 1035
74.86.158.107 - - [06/Dec/2014:10:26:41 -0500] "HEAD / HTTP/1.1" 302 -
190.157.106.118 - - [06/Dec/2014:10:27:26 -0500] "POST /forms/lservlet;jsessionid=ac16012b30d5a9840e8b4999490b8e6488eaa3364d32.e3iSbxaKaheRe34Sa3yKbhiTahb0n6jAmljGr5XDqQLvpAe HTTP/1.1" 200 2027
186.84.50.43 - - [06/Dec/2014:10:27:28 -0500] "POST /forms/lservlet;jsessionid=ac16012b30d5088ac96555e141dd81a9df0733c60894.e3iSbxaKaheRe34Sa3yKbhiTahb0n6jAmljGr5XDqQLvpAe HTTP/1.1" 200 2
190.157.106.118 - - [06/Dec/2014:10:27:28 -0500] "POST /forms/lservlet;jsessionid=ac16012b30d5a9840e8b4999490b8e6488eaa3364d32.e3iSbxaKaheRe34Sa3yKbhiTahb0n6jAmljGr5XDqQLvpAe HTTP/1.1" 200 78
190.172.10.99 - - [06/Dec/2014:10:27:33 -0500] "GET /BLA/boletinlegal/js/jquery.js HTTP/1.1" 200 57254
190.172.10.99 - - [06/Dec/2014:10:27:33 -0500] "GET /BLA/boletinlegal/js/jquery.scrollTo-min.js HTTP/1.1" 200 1150
190.172.10.99 - - [06/Dec/2014:10:27:33 -0500] "GET /BLA/boletinlegal/js/jquery.scrollShow.js HTTP/1.1" 200 4586
190.157.106.118 - - [06/Dec/2014:10:27:33 -0500] "POST /forms/lservlet;jsessionid=ac16012b30d5a9840e8b4999490b8e6488eaa3364d32.e3iSbxaKaheRe34Sa3yKbhiTahb0n6jAmljGr5XDqQLvpAe HTTP/1.1" 200 86
190.157.106.118 - - [06/Dec/2014:10:27:34 -0500] "POST /forms/lservlet;jsessionid=ac16012b30d5a9840e8b4999490b8e6488eaa3364d32.e3iSbxaKaheRe34Sa3yKbhiTahb0n6jAmljGr5XDqQLvpAe HTTP/1.1" 200 -
190.24.124.105 - - [06/Dec/2014:10:27:38 -0500] "POST /forms/lservlet;jsessionid=ac16012b30d5c0f1beef6764426085a6f128a2cbf368.e3iSbxaKaheRe34Sa3yKbhiTahb0n6jAmljGr5XDqQLvpAe HTTP/1.1" 200 2
190.68.183.43 - - [06/Dec/2014:10:27:42 -0500] "GET /BLA/boletinlegal/js/jquery.js HTTP/1.1" 200 57254
190.68.183.43 - - [06/Dec/2014:10:27:42 -0500] "GET /BLA/boletinlegal/js/jquery.scrollTo-min.js HTTP/1.1" 200 1150
190.68.183.43 - - [06/Dec/2014:10:27:42 -0500] "GET /BLA/boletinlegal/js/jquery.scrollShow.js HTTP/1.1" 200 4586
190.68.183.43 - - [06/Dec/2014:10:27:42 -0500] "GET /galeria/carrusel/Carrusel/jquery.thumbnailScroller.css HTTP/1.1" 200 2066
190.68.183.43 - - [06/Dec/2014:10:27:42 -0500] "GET /galeria/carrusel/Carrusel/jquery-ui-1.8.13.custom.min.js HTTP/1.1" 200 10800
190.68.183.43 - - [06/Dec/2014:10:27:43 -0500] "GET /galeria/carrusel/Carrusel/jquery.thumbnailScroller.js HTTP/1.1" 200 8157
190.26.49.243 - - [06/Dec/2014:10:28:54 -0500] "GET /forest/session.jsp?a=0.6535423540044576 HTTP/1.1" 200 4
190.26.49.243 - - [06/Dec/2014:10:29:21 -0500] "GET /forest/misactividades.do?group_system_actual=3&codPro=0&_a=0.21670872535183816 HTTP/1.1" 200 36866
190.131.198.2 - - [06/Dec/2014:10:29:25 -0500] "GET /BLA/boletinlegal/js/jquery.js HTTP/1.1" 200 57254
190.131.198.2 - - [06/Dec/2014:10:29:25 -0500] "GET /BLA/boletinlegal/js/jquery.scrollTo-min.js HTTP/1.1" 200 1150
190.131.198.2 - - [06/Dec/2014:10:29:25 -0500] "GET /BLA/boletinlegal/js/jquery.scrollShow.js HTTP/1.1" 200 4586
186.84.50.43 - - [06/Dec/2014:10:29:28 -0500] "POST /forms/lservlet;jsessionid=ac16012b30d5088ac96555e141dd81a9df0733c60894.e3iSbxaKaheRe34Sa3yKbhiTahb0n6jAmljGr5XDqQLvpAe HTTP/1.1" 200 2
66.249.67.83 - - [06/Dec/2014:10:29:35 -0500] "GET /BLA/resoluciones/RESOLUCIONES%202007/RES%202007%202301%20AL%202400/RESOLUCION%202386%20DE%202007.pdf HTTP/1.1" 304 -
190.24.124.105 - - [06/Dec/2014:10:29:38 -0500] "POST /forms/lservlet;jsessionid=ac16012b30d5c0f1beef6764426085a6f128a2cbf368.e3iSbxaKaheRe34Sa3yKbhiTahb0n6jAmljGr5XDqQLvpAe HTTP/1.1" 200 2
190.24.216.160 - - [06/Dec/2014:10:29:38 -0500] "GET /BLA/boletinlegal/js/jquery.js HTTP/1.1" 200 57254
190.24.216.160 - - [06/Dec/2014:10:29:38 -0500] "GET /BLA/boletinlegal/js/jquery.scrollTo-min.js HTTP/1.1" 200 1150
190.24.216.160 - - [06/Dec/2014:10:29:39 -0500] "GET /galeria/carrusel/Carrusel/jquery.thumbnailScroller.js HTTP/1.1" 200 8157
190.24.216.160 - - [06/Dec/2014:10:29:39 -0500] "GET /galeria/carrusel/Carrusel/jquery-ui-1.8.13.custom.min.js HTTP/1.1" 200 10800
190.24.216.160 - - [06/Dec/2014:10:29:39 -0500] "GET /galeria/carrusel/Carrusel/jquery.thumbnailScroller.css HTTP/1.1" 200 2066
190.24.216.160 - - [06/Dec/2014:10:29:39 -0500] "GET /BLA/boletinlegal/js/jquery.scrollShow.js HTTP/1.1" 200 4586
190.24.216.160 - - [06/Dec/2014:10:29:40 -0500] "GET /galeria/nivo-slider/demo/demo.html HTTP/1.1" 200 3572
190.24.216.160 - - [06/Dec/2014:10:29:41 -0500] "GET /galeria/nivo-slider/themes/default/default.css HTTP/1.1" 200 1569
190.24.216.160 - - [06/Dec/2014:10:29:41 -0500] "GET /galeria/nivo-slider/themes/pascal/pascal.css HTTP/1.1" 200 2258
190.24.216.160 - - [06/Dec/2014:10:29:41 -0500] "GET /galeria/nivo-slider/themes/orman/orman.css HTTP/1.1" 200 2152
190.24.216.160 - - [06/Dec/2014:10:29:41 -0500] "GET /galeria/nivo-slider/nivo-slider.css HTTP/1.1" 200 1507
190.24.216.160 - - [06/Dec/2014:10:29:41 -0500] "GET /galeria/nivo-slider/demo/style.css HTTP/1.1" 200 2222
190.24.216.160 - - [06/Dec/2014:10:29:41 -0500] "GET /galeria/nivo-slider/demo/images/RdaNegociosFiltros.jpg HTTP/1.1" 200 77155
190.24.216.160 - - [06/Dec/2014:10:29:41 -0500] "GET /galeria/nivo-slider/demo/images/Jornada-adopcion.jpg HTTP/1.1" 200 79705
190.24.216.160 - - [06/Dec/2014:10:29:41 -0500] "GET /galeria/nivo-slider/demo/images/BogotaSostenible.jpg HTTP/1.1" 200 206863
190.24.216.160 - - [06/Dec/2014:10:29:41 -0500] "GET /galeria/nivo-slider/demo/images/banner-musgo.jpg HTTP/1.1" 200 49513
190.24.216.160 - - [06/Dec/2014:10:29:41 -0500] "GET /galeria/nivo-slider/demo/images/Banner-GAE3.jpg HTTP/1.1" 200 146354
190.24.216.160 - - [06/Dec/2014:10:29:41 -0500] "GET /galeria/nivo-slider/demo/images/Banner-comparendo.jpg HTTP/1.1" 200 388762
190.24.216.160 - - [06/Dec/2014:10:29:41 -0500] "GET /galeria/nivo-slider/demo/images/banner-redes.jpg HTTP/1.1" 200 62209
190.26.49.243 - - [06/Dec/2014:10:29:41 -0500] "GET /forest/session.jsp?a=0.6155354820657521 HTTP/1.1" 200 4
190.24.216.160 - - [06/Dec/2014:10:29:41 -0500] "GET /galeria/nivo-slider/demo/images/9Signos.jpg HTTP/1.1" 200 93040
190.24.216.160 - - [06/Dec/2014:10:29:41 -0500] "GET /galeria/nivo-slider/demo/images/banner-caballos.png HTTP/1.1" 200 389106
190.24.216.160 - - [06/Dec/2014:10:29:42 -0500] "GET /galeria/nivo-slider/demo/images/Hacienda_Molinos.jpg HTTP/1.1" 200 319171
190.24.216.160 - - [06/Dec/2014:10:29:42 -0500] "GET /galeria/nivo-slider/demo/images/bannerEcolecta3.jpg HTTP/1.1" 200 280034
190.26.49.243 - - [06/Dec/2014:10:29:42 -0500] "POST /forest/misactividades.do?ajax=true&a=0.05158668523654342 HTTP/1.1" 200 3006
190.24.216.160 - - [06/Dec/2014:10:29:42 -0500] "GET /galeria/nivo-slider/demo/scripts/jquery-1.7.1.min.js HTTP/1.1" 200 93868
190.24.216.160 - - [06/Dec/2014:10:29:43 -0500] "GET /galeria/nivo-slider/jquery.nivo.slider.pack.js HTTP/1.1" 200 11561
190.24.216.160 - - [06/Dec/2014:10:29:44 -0500] "GET /galeria/nivo-slider/demo/images/Biotaxis-Man.jpg HTTP/1.1" 200 99362
190.24.216.160 - - [06/Dec/2014:10:29:44 -0500] "GET /galeria/nivo-slider/demo/images/porloshumedales.jpg HTTP/1.1" 200 351238
190.24.216.160 - - [06/Dec/2014:10:29:44 -0500] "GET /galeria/nivo-slider/demo/images/Tingua-azul.jpg HTTP/1.1" 200 307638
190.24.216.160 - - [06/Dec/2014:10:29:44 -0500] "GET /galeria/nivo-slider/demo/images/Banner-Caracol-Africano.jpg HTTP/1.1" 200 331986
190.24.216.160 - - [06/Dec/2014:10:29:44 -0500] "GET /galeria/nivo-slider/demo/images/4Simple_Slider.png HTTP/1.1" 200 11722
190.24.216.160 - - [06/Dec/2014:10:29:44 -0500] "GET /galeria/nivo-slider/themes/default/loading.gif HTTP/1.1" 200 1737
190.24.216.160 - - [06/Dec/2014:10:29:45 -0500] "GET /galeria/nivo-slider/themes/default/bullets.png HTTP/1.1" 200 1281
190.24.216.160 - - [06/Dec/2014:10:29:48 -0500] "GET /galeria/nivo-slider/themes/default/arrows.png HTTP/1.1" 200 824
188.165.15.61 - - [06/Dec/2014:10:29:48 -0500] "GET /BLA/resoluciones/RESOLUCIONES%202005/RES%202005%20851-900/00000876.tif HTTP/1.1" 200 149036
190.24.216.160 - - [06/Dec/2014:10:29:49 -0500] "GET /videos/Spot_CambioClimatico.flv HTTP/1.1" 200 4371917
190.26.49.243 - - [06/Dec/2014:10:29:49 -0500] "GET /forest/usutareas.do?_a=0.5055865559261292&group_system_actual=3 HTTP/1.1" 200 19262
190.26.49.243 - - [06/Dec/2014:10:29:52 -0500] "GET /forest/session.jsp?a=0.19696539407595992 HTTP/1.1" 200 4
190.26.49.243 - - [06/Dec/2014:10:29:56 -0500] "GET /forest/misactividades.do?_a=0.2851625345647335&group_system_actual=3 HTTP/1.1" 200 36546
190.157.170.56 - - [06/Dec/2014:10:30:23 -0500] "GET /BLA/boletinlegal/js/jquery.scrollShow.js HTTP/1.1" 200 4586
190.157.170.56 - - [06/Dec/2014:10:30:23 -0500] "GET /BLA/boletinlegal/js/jquery.scrollTo-min.js HTTP/1.1" 200 1150
190.157.170.56 - - [06/Dec/2014:10:30:23 -0500] "GET /BLA/boletinlegal/js/jquery.js HTTP/1.1" 200 57254
190.26.49.243 - - [06/Dec/2014:10:30:36 -0500] "GET /forest/session.jsp?a=0.5512743357103318 HTTP/1.1" 200 4
190.26.49.243 - - [06/Dec/2014:10:30:37 -0500] "POST /forest/misactividades.do?ajax=true&a=0.026610409608110785 HTTP/1.1" 200 3006
188.165.15.162 - - [06/Dec/2014:10:30:49 -0500] "GET /BLA/resoluciones/RESOLUCIONES%202005/RES%202005%202051-2100/00002083.tif HTTP/1.1" 200 181528
186.84.50.43 - - [06/Dec/2014:10:31:28 -0500] "POST /forms/lservlet;jsessionid=ac16012b30d5088ac96555e141dd81a9df0733c60894.e3iSbxaKaheRe34Sa3yKbhiTahb0n6jAmljGr5XDqQLvpAe HTTP/1.1" 200 2
190.27.197.139 - - [06/Dec/2014:10:31:28 -0500] "GET /BLA/boletinlegal/js/jquery.js HTTP/1.0" 200 57254
190.27.197.139 - - [06/Dec/2014:10:31:28 -0500] "GET /BLA/boletinlegal/js/jquery.scrollTo-min.js HTTP/1.0" 200 1150
190.27.197.139 - - [06/Dec/2014:10:31:28 -0500] "GET /BLA/boletinlegal/js/jquery.scrollShow.js HTTP/1.0" 200 4586
190.27.197.139 - - [06/Dec/2014:10:31:30 -0500] "GET /hidrico/aguas%20subterraneas/ HTTP/1.0" 404 1296
190.184.201.174 - - [06/Dec/2014:10:31:30 -0500] "GET /webfile/session.jsp?a=0.7590358274430876&a=0.2548709621041033&a=0.16143530513443027 HTTP/1.1" 200 4
190.24.124.105 - - [06/Dec/2014:10:31:38 -0500] "POST /forms/lservlet;jsessionid=ac16012b30d5c0f1beef6764426085a6f128a2cbf368.e3iSbxaKaheRe34Sa3yKbhiTahb0n6jAmljGr5XDqQLvpAe HTTP/1.1" 200 2
74.86.158.107 - - [06/Dec/2014:10:31:41 -0500] "HEAD / HTTP/1.1" 302 -
180.76.5.21 - - [06/Dec/2014:10:32:03 -0500] "GET /BLA/resoluciones/RESOLUCIONES%202010/1280.pdf HTTP/1.1" 200 100422
190.26.49.243 - - [06/Dec/2014:10:32:34 -0500] "GET /forest/skins/gdocs-jar/popup/popup.jsp?width=850&height=380&title=Informaci%F3n%20del%20radicado&uri=/forest/system/document.jsp%3FcodDoc%3D1909902&name=undefined&_a=0.5476568429730833&a=0.5087562592234462 HTTP/1.1" 200 1315
190.26.49.243 - - [06/Dec/2014:10:32:34 -0500] "GET /forest/system/document.jsp?codDoc=1909902 HTTP/1.1" 200 10565
190.26.49.243 - - [06/Dec/2014:10:32:34 -0500] "GET /forest/system/document.jsp?codDoc=1909902 HTTP/1.1" 200 10565
190.26.49.243 - - [06/Dec/2014:10:32:34 -0500] "GET /forest/skins/gdocs-jar/img/icons/20_000000118_20140630.gif HTTP/1.1" 404 185
123.125.71.111 - - [06/Dec/2014:10:33:04 -0500] "GET /BLA/resoluciones/RESOLUCIONES%202009/4136.pdf HTTP/1.1" 200 765290
190.26.49.243 - - [06/Dec/2014:10:33:12 -0500] "GET /forest/usutareas.do?_a=0.9020147081464529&group_system_actual=3 HTTP/1.1" 200 19263
190.26.49.243 - - [06/Dec/2014:10:33:16 -0500] "GET /forest/session.jsp?a=0.25905897421762347 HTTP/1.1" 200 4
186.84.50.43 - - [06/Dec/2014:10:33:28 -0500] "POST /forms/lservlet;jsessionid=ac16012b30d5088ac96555e141dd81a9df0733c60894.e3iSbxaKaheRe34Sa3yKbhiTahb0n6jAmljGr5XDqQLvpAe HTTP/1.1" 200 2
186.159.31.39 - - [06/Dec/2014:10:33:31 -0500] "GET /BLA/resoluciones/RESOLUCIONES%202007/RES%202007%201401%20AL%201500/RESOLUCION%201409%20DE%202007.pdf HTTP/1.1" 200 276957
186.159.31.39 - - [06/Dec/2014:10:33:32 -0500] "GET /BLA/resoluciones/RESOLUCIONES%202007/RES%202007%201401%20AL%201500/RESOLUCION%201409%20DE%202007.pdf HTTP/1.1" 206 32768
186.159.31.39 - - [06/Dec/2014:10:33:32 -0500] "GET /BLA/resoluciones/RESOLUCIONES%202007/RES%202007%201401%20AL%201500/RESOLUCION%201409%20DE%202007.pdf HTTP/1.1" 206 244189
186.159.31.39 - - [06/Dec/2014:10:33:37 -0500] "GET /favicon.ico HTTP/1.1" 200 7782
190.24.124.105 - - [06/Dec/2014:10:33:38 -0500] "POST /forms/lservlet;jsessionid=ac16012b30d5c0f1beef6764426085a6f128a2cbf368.e3iSbxaKaheRe34Sa3yKbhiTahb0n6jAmljGr5XDqQLvpAe HTTP/1.1" 200 2
66.249.67.83 - - [06/Dec/2014:10:33:48 -0500] "GET /BLA/resoluciones/RESOLUCIONES%202005/RES%202005%201101-1150/00001146.tif HTTP/1.1" 200 140984
66.249.67.83 - - [06/Dec/2014:10:33:53 -0500] "GET /portalsiaccapacitaciones/MATRIZ%20NORMATIVA%20AMBIENTAL.pdf HTTP/1.1" 404 1018
188.165.15.204 - - [06/Dec/2014:10:34:02 -0500] "GET /BLA/resoluciones/RESOLUCIONES%202006/RES%202006%20751-800/00000751.tif HTTP/1.1" 200 36730
186.183.140.139 - - [06/Dec/2014:10:34:09 -0500] "GET /BLA/boletinlegal/js/jquery.js HTTP/1.1" 200 57254
186.183.140.139 - - [06/Dec/2014:10:34:09 -0500] "GET /BLA/boletinlegal/js/jquery.scrollTo-min.js HTTP/1.1" 200 1150
186.183.140.139 - - [06/Dec/2014:10:34:09 -0500] "GET /BLA/boletinlegal/js/jquery.scrollShow.js HTTP/1.1" 200 4586
186.183.140.139 - - [06/Dec/2014:10:34:09 -0500] "GET /galeria/carrusel/Carrusel/jquery.thumbnailScroller.css HTTP/1.1" 200 2066
186.183.140.139 - - [06/Dec/2014:10:34:09 -0500] "GET /galeria/carrusel/Carrusel/jquery-ui-1.8.13.custom.min.js HTTP/1.1" 200 10800
186.183.140.139 - - [06/Dec/2014:10:34:10 -0500] "GET /galeria/carrusel/Carrusel/jquery.thumbnailScroller.js HTTP/1.1" 200 8157
186.183.140.139 - - [06/Dec/2014:10:34:16 -0500] "GET /galeria/nivo-slider/demo/demo.html HTTP/1.1" 200 3572
186.183.140.139 - - [06/Dec/2014:10:34:16 -0500] "GET /galeria/nivo-slider/themes/default/default.css HTTP/1.1" 200 1569
186.183.140.139 - - [06/Dec/2014:10:34:16 -0500] "GET /galeria/nivo-slider/themes/pascal/pascal.css HTTP/1.1" 200 2258
186.183.140.139 - - [06/Dec/2014:10:34:17 -0500] "GET /galeria/nivo-slider/themes/orman/orman.css HTTP/1.1" 200 2152
186.183.140.139 - - [06/Dec/2014:10:34:17 -0500] "GET /galeria/nivo-slider/nivo-slider.css HTTP/1.1" 200 1507
186.183.140.139 - - [06/Dec/2014:10:34:17 -0500] "GET /galeria/nivo-slider/demo/style.css HTTP/1.1" 200 2222
186.183.140.139 - - [06/Dec/2014:10:34:17 -0500] "GET /galeria/nivo-slider/demo/images/banner-musgo.jpg HTTP/1.1" 200 49513
186.183.140.139 - - [06/Dec/2014:10:34:17 -0500] "GET /galeria/nivo-slider/demo/images/RdaNegociosFiltros.jpg HTTP/1.1" 200 77155
186.183.140.139 - - [06/Dec/2014:10:34:17 -0500] "GET /galeria/nivo-slider/demo/images/Jornada-adopcion.jpg HTTP/1.1" 200 79705
186.183.140.139 - - [06/Dec/2014:10:34:17 -0500] "GET /galeria/nivo-slider/demo/images/BogotaSostenible.jpg HTTP/1.1" 200 206863
186.183.140.139 - - [06/Dec/2014:10:34:17 -0500] "GET /galeria/nivo-slider/demo/images/Banner-GAE3.jpg HTTP/1.1" 200 146354
186.183.140.139 - - [06/Dec/2014:10:34:17 -0500] "GET /galeria/nivo-slider/demo/images/Banner-comparendo.jpg HTTP/1.1" 200 388762
186.183.140.139 - - [06/Dec/2014:10:34:19 -0500] "GET /galeria/nivo-slider/demo/images/Biotaxis-Man.jpg HTTP/1.1" 200 99362
186.183.140.139 - - [06/Dec/2014:10:34:20 -0500] "GET /galeria/nivo-slider/demo/images/porloshumedales.jpg HTTP/1.1" 200 351238
186.183.140.139 - - [06/Dec/2014:10:34:20 -0500] "GET /galeria/nivo-slider/demo/images/Tingua-azul.jpg HTTP/1.1" 200 307638
186.183.140.139 - - [06/Dec/2014:10:34:22 -0500] "GET /galeria/nivo-slider/demo/images/Banner-Caracol-Africano.jpg HTTP/1.1" 200 331986
186.183.140.139 - - [06/Dec/2014:10:34:25 -0500] "GET /galeria/nivo-slider/demo/images/banner-redes.jpg HTTP/1.1" 200 62209
186.183.140.139 - - [06/Dec/2014:10:34:28 -0500] "GET /galeria/nivo-slider/demo/images/9Signos.jpg HTTP/1.1" 200 93040
186.183.140.139 - - [06/Dec/2014:10:34:31 -0500] "GET /galeria/nivo-slider/demo/images/banner-caballos.png HTTP/1.1" 200 389106
186.183.140.139 - - [06/Dec/2014:10:34:33 -0500] "GET /galeria/nivo-slider/demo/images/Hacienda_Molinos.jpg HTTP/1.1" 200 319171
186.183.140.139 - - [06/Dec/2014:10:34:33 -0500] "GET /galeria/nivo-slider/demo/images/bannerEcolecta3.jpg HTTP/1.1" 200 280034
186.183.140.139 - - [06/Dec/2014:10:34:34 -0500] "GET /galeria/nivo-slider/demo/scripts/jquery-1.7.1.min.js HTTP/1.1" 200 93868
186.183.140.139 - - [06/Dec/2014:10:34:35 -0500] "GET /galeria/nivo-slider/jquery.nivo.slider.pack.js HTTP/1.1" 200 11561
186.183.140.139 - - [06/Dec/2014:10:34:36 -0500] "GET /galeria/nivo-slider/demo/images/4Simple_Slider.png HTTP/1.1" 200 11722
186.183.140.139 - - [06/Dec/2014:10:34:36 -0500] "GET /galeria/nivo-slider/themes/default/loading.gif HTTP/1.1" 200 1737
186.183.140.139 - - [06/Dec/2014:10:34:45 -0500] "GET /galeria/nivo-slider/themes/default/bullets.png HTTP/1.1" 200 1281
186.183.140.139 - - [06/Dec/2014:10:34:45 -0500] "GET /galeria/nivo-slider/themes/default/arrows.png HTTP/1.1" 200 824
66.249.67.75 - - [06/Dec/2014:10:35:02 -0500] "GET /BLA/resoluciones/RESOLUCIONES%202008/5421.pdf HTTP/1.1" 304 -
186.84.50.43 - - [06/Dec/2014:10:35:28 -0500] "POST /forms/lservlet;jsessionid=ac16012b30d5088ac96555e141dd81a9df0733c60894.e3iSbxaKaheRe34Sa3yKbhiTahb0n6jAmljGr5XDqQLvpAe HTTP/1.1" 200 2
190.24.124.105 - - [06/Dec/2014:10:35:38 -0500] "POST /forms/lservlet;jsessionid=ac16012b30d5c0f1beef6764426085a6f128a2cbf368.e3iSbxaKaheRe34Sa3yKbhiTahb0n6jAmljGr5XDqQLvpAe HTTP/1.1" 200 2
188.165.15.162 - - [06/Dec/2014:10:35:39 -0500] "GET /BLA/resoluciones/RESOLUCIONES%202006/RES%202006%20901-950/00000930.tif HTTP/1.1" 200 120528
180.76.5.167 - - [06/Dec/2014:10:36:15 -0500] "GET /BLA/resoluciones/RESOLUCIONES%202010/2170.pdf HTTP/1.1" 200 494379
190.172.10.99 - - [06/Dec/2014:10:27:44 -0500] "GET /videos/CRRFFS.mp4 HTTP/1.1" 200 286784363
201.244.45.103 - - [06/Dec/2014:10:36:22 -0500] "GET /BLA/boletinlegal/js/jquery.js HTTP/1.1" 200 57254
201.244.45.103 - - [06/Dec/2014:10:36:22 -0500] "GET /BLA/boletinlegal/js/jquery.scrollShow.js HTTP/1.1" 200 4586
201.244.45.103 - - [06/Dec/2014:10:36:22 -0500] "GET /BLA/boletinlegal/js/jquery.scrollTo-min.js HTTP/1.1" 200 1150
191.69.57.139 - - [06/Dec/2014:10:36:24 -0500] "GET /BLA/boletinlegal/js/jquery.js HTTP/1.1" 200 57254
191.69.57.139 - - [06/Dec/2014:10:36:24 -0500] "GET /BLA/boletinlegal/js/jquery.scrollTo-min.js HTTP/1.1" 200 1150
191.69.57.139 - - [06/Dec/2014:10:36:24 -0500] "GET /BLA/boletinlegal/js/jquery.scrollShow.js HTTP/1.1" 200 4586
190.184.201.174 - - [06/Dec/2014:10:36:30 -0500] "GET /webfile/session.jsp?a=0.9583205217006079&a=0.09668937247470455&a=0.3253473734984502 HTTP/1.1" 200 4
74.86.158.107 - - [06/Dec/2014:10:36:41 -0500] "HEAD / HTTP/1.1" 302 -
201.244.45.103 - - [06/Dec/2014:10:36:46 -0500] "GET /BLA/boletinlegal/js/jquery.js HTTP/1.1" 304 -
201.244.45.103 - - [06/Dec/2014:10:36:46 -0500] "GET /BLA/boletinlegal/js/jquery.scrollTo-min.js HTTP/1.1" 304 -
201.244.45.103 - - [06/Dec/2014:10:36:46 -0500] "GET /BLA/boletinlegal/js/jquery.scrollShow.js HTTP/1.1" 304 -
181.50.169.240 - - [06/Dec/2014:10:37:25 -0500] "GET /BLA/resoluciones/AUTOS%202011/6538.pdf HTTP/1.1" 200 212025
181.50.169.240 - - [06/Dec/2014:10:37:25 -0500] "GET /BLA/resoluciones/AUTOS%202011/6538.pdf HTTP/1.1" 206 32768
181.50.169.240 - - [06/Dec/2014:10:37:26 -0500] "GET /BLA/resoluciones/AUTOS%202011/6538.pdf HTTP/1.1" 206 179257
181.50.169.240 - - [06/Dec/2014:10:37:26 -0500] "GET /favicon.ico HTTP/1.1" 200 7782
186.84.50.43 - - [06/Dec/2014:10:37:28 -0500] "POST /forms/lservlet;jsessionid=ac16012b30d5088ac96555e141dd81a9df0733c60894.e3iSbxaKaheRe34Sa3yKbhiTahb0n6jAmljGr5XDqQLvpAe HTTP/1.1" 200 2
190.24.124.105 - - [06/Dec/2014:10:37:39 -0500] "POST /forms/lservlet;jsessionid=ac16012b30d5c0f1beef6764426085a6f128a2cbf368.e3iSbxaKaheRe34Sa3yKbhiTahb0n6jAmljGr5XDqQLvpAe HTTP/1.1" 200 2
190.26.49.243 - - [06/Dec/2014:10:38:17 -0500] "GET /forest/session.jsp?a=0.4502706213388592 HTTP/1.1" 200 4
200.3.154.207 - - [06/Dec/2014:10:38:59 -0500] "GET /BLA/boletinlegal/js/jquery.js HTTP/1.1" 200 57254
200.3.154.207 - - [06/Dec/2014:10:38:59 -0500] "GET /BLA/boletinlegal/js/jquery.scrollTo-min.js HTTP/1.1" 200 1150
200.3.154.207 - - [06/Dec/2014:10:38:59 -0500] "GET /BLA/boletinlegal/js/jquery.scrollShow.js HTTP/1.1" 200 4586
186.87.4.129 - - [06/Dec/2014:10:39:06 -0500] "GET /BLA/boletinlegal/js/jquery.scrollTo-min.js HTTP/1.1" 200 1150
186.87.4.129 - - [06/Dec/2014:10:39:06 -0500] "GET /BLA/boletinlegal/js/jquery.js HTTP/1.1" 200 57254
186.87.4.129 - - [06/Dec/2014:10:39:06 -0500] "GET /BLA/boletinlegal/js/jquery.scrollShow.js HTTP/1.1" 200 4586
66.249.67.67 - - [06/Dec/2014:10:39:11 -0500] "GET /galeria/bibloteca/mycontentflow.css HTTP/1.1" 200 3110
66.249.67.75 - - [06/Dec/2014:10:39:12 -0500] "GET /galeria/bibloteca/contentflow.css HTTP/1.1" 200 3201
190.184.201.174 - - [06/Dec/2014:10:39:03 -0500] "POST /webfile/actions/forms.sendFile HTTP/1.1" 200 133
66.249.67.83 - - [06/Dec/2014:10:39:12 -0500] "GET /galeria/bibloteca/ContentFlowAddOn_white.css HTTP/1.1" 200 3355
186.28.155.143 - - [06/Dec/2014:10:39:15 -0500] "GET /galeria/carrusel/Carrusel/jquery.thumbnailScroller.css HTTP/1.1" 200 2066
186.28.155.143 - - [06/Dec/2014:10:39:16 -0500] "GET /BLA/boletinlegal/js/jquery.js HTTP/1.1" 200 57254
186.28.155.143 - - [06/Dec/2014:10:39:16 -0500] "GET /galeria/carrusel/Carrusel/jquery.thumbnailScroller.js HTTP/1.1" 200 8157
186.28.155.143 - - [06/Dec/2014:10:39:16 -0500] "GET /galeria/carrusel/Carrusel/jquery-ui-1.8.13.custom.min.js HTTP/1.1" 200 10800
186.28.155.143 - - [06/Dec/2014:10:39:16 -0500] "GET /BLA/boletinlegal/js/jquery.scrollTo-min.js HTTP/1.1" 200 1150
186.28.155.143 - - [06/Dec/2014:10:39:17 -0500] "GET /BLA/boletinlegal/js/jquery.scrollShow.js HTTP/1.1" 200 4586
186.28.155.143 - - [06/Dec/2014:10:39:25 -0500] "GET /galeria/nivo-slider/demo/demo.html HTTP/1.1" 200 3572
186.28.155.143 - - [06/Dec/2014:10:39:28 -0500] "GET /galeria/nivo-slider/themes/default/default.css HTTP/1.1" 200 1569
186.28.155.143 - - [06/Dec/2014:10:39:28 -0500] "GET /galeria/nivo-slider/themes/pascal/pascal.css HTTP/1.1" 200 2258
186.84.50.43 - - [06/Dec/2014:10:39:28 -0500] "POST /forms/lservlet;jsessionid=ac16012b30d5088ac96555e141dd81a9df0733c60894.e3iSbxaKaheRe34Sa3yKbhiTahb0n6jAmljGr5XDqQLvpAe HTTP/1.1" 200 2
186.28.155.143 - - [06/Dec/2014:10:39:28 -0500] "GET /galeria/nivo-slider/themes/orman/orman.css HTTP/1.1" 200 2152
186.28.155.143 - - [06/Dec/2014:10:39:28 -0500] "GET /galeria/nivo-slider/nivo-slider.css HTTP/1.1" 200 1507
186.28.155.143 - - [06/Dec/2014:10:39:29 -0500] "GET /galeria/nivo-slider/demo/style.css HTTP/1.1" 200 2222
186.28.155.143 - - [06/Dec/2014:10:39:29 -0500] "GET /galeria/nivo-slider/themes/orman/orman.css HTTP/1.1" 200 2152
186.28.155.143 - - [06/Dec/2014:10:39:29 -0500] "GET /galeria/nivo-slider/nivo-slider.css HTTP/1.1" 200 1507
186.28.155.143 - - [06/Dec/2014:10:39:29 -0500] "GET /galeria/nivo-slider/demo/scripts/jquery-1.7.1.min.js HTTP/1.1" 200 93868
186.28.155.143 - - [06/Dec/2014:10:39:29 -0500] "GET /galeria/nivo-slider/jquery.nivo.slider.pack.js HTTP/1.1" 200 11561
186.28.155.143 - - [06/Dec/2014:10:39:30 -0500] "GET /galeria/nivo-slider/demo/images/banner-musgo.jpg HTTP/1.1" 200 49513
186.28.155.143 - - [06/Dec/2014:10:39:30 -0500] "GET /galeria/nivo-slider/demo/images/RdaNegociosFiltros.jpg HTTP/1.1" 200 77155
186.28.155.143 - - [06/Dec/2014:10:39:31 -0500] "GET /galeria/nivo-slider/demo/images/BogotaSostenible.jpg HTTP/1.1" 200 206863
186.28.155.143 - - [06/Dec/2014:10:39:31 -0500] "GET /galeria/nivo-slider/demo/images/Jornada-adopcion.jpg HTTP/1.1" 200 79705
186.28.155.143 - - [06/Dec/2014:10:39:31 -0500] "GET /galeria/nivo-slider/demo/images/Banner-GAE3.jpg HTTP/1.1" 200 146354
186.28.155.143 - - [06/Dec/2014:10:39:31 -0500] "GET /galeria/nivo-slider/demo/images/Banner-comparendo.jpg HTTP/1.1" 200 388762
186.28.155.143 - - [06/Dec/2014:10:39:32 -0500] "GET /galeria/nivo-slider/demo/images/Biotaxis-Man.jpg HTTP/1.1" 200 99362
186.28.155.143 - - [06/Dec/2014:10:39:32 -0500] "GET /galeria/nivo-slider/demo/images/porloshumedales.jpg HTTP/1.1" 200 351238
186.28.155.143 - - [06/Dec/2014:10:39:32 -0500] "GET /galeria/nivo-slider/demo/images/Tingua-azul.jpg HTTP/1.1" 200 307638
186.28.155.143 - - [06/Dec/2014:10:39:33 -0500] "GET /galeria/nivo-slider/demo/images/Banner-Caracol-Africano.jpg HTTP/1.1" 200 331986
186.28.155.143 - - [06/Dec/2014:10:39:33 -0500] "GET /galeria/nivo-slider/demo/images/banner-redes.jpg HTTP/1.1" 200 62209
186.28.155.143 - - [06/Dec/2014:10:39:33 -0500] "GET /galeria/nivo-slider/demo/images/9Signos.jpg HTTP/1.1" 200 93040
186.28.155.143 - - [06/Dec/2014:10:39:34 -0500] "GET /galeria/nivo-slider/demo/images/banner-caballos.png HTTP/1.1" 200 389106
186.28.155.143 - - [06/Dec/2014:10:39:35 -0500] "GET /galeria/nivo-slider/demo/images/Hacienda_Molinos.jpg HTTP/1.1" 200 319171
186.28.155.143 - - [06/Dec/2014:10:39:36 -0500] "GET /galeria/nivo-slider/demo/images/bannerEcolecta3.jpg HTTP/1.1" 200 280034
190.24.124.105 - - [06/Dec/2014:10:39:39 -0500] "POST /forms/lservlet;jsessionid=ac16012b30d5c0f1beef6764426085a6f128a2cbf368.e3iSbxaKaheRe34Sa3yKbhiTahb0n6jAmljGr5XDqQLvpAe HTTP/1.1" 200 2
186.28.155.143 - - [06/Dec/2014:10:39:40 -0500] "GET /galeria/nivo-slider/demo/images/4Simple_Slider.png HTTP/1.1" 200 11722
186.28.155.143 - - [06/Dec/2014:10:39:40 -0500] "GET /galeria/nivo-slider/themes/default/loading.gif HTTP/1.1" 200 1737
186.28.155.143 - - [06/Dec/2014:10:39:40 -0500] "GET /galeria/nivo-slider/themes/default/arrows.png HTTP/1.1" 200 824
186.28.155.143 - - [06/Dec/2014:10:39:40 -0500] "GET /galeria/nivo-slider/themes/default/bullets.png HTTP/1.1" 200 1281
186.28.155.143 - - [06/Dec/2014:10:39:52 -0500] "GET /videos/Spot_CambioClimatico.flv HTTP/1.1" 200 4371917
191.145.42.138 - - [06/Dec/2014:10:39:54 -0500] "GET /BLA/boletinlegal/js/jquery.js HTTP/1.1" 200 57254
191.145.42.138 - - [06/Dec/2014:10:39:54 -0500] "GET /BLA/boletinlegal/js/jquery.scrollShow.js HTTP/1.1" 200 4586
191.145.42.138 - - [06/Dec/2014:10:39:54 -0500] "GET /BLA/boletinlegal/js/jquery.scrollTo-min.js HTTP/1.1" 200 1150
190.184.201.174 - - [06/Dec/2014:10:39:54 -0500] "POST /webfile/actions/forms.processCSVFile HTTP/1.1" 200 4196
