186.154.84.82 - - [07/Dec/2014:01:01:46 -0500] "GET /forest/actions/forms.getMappedValues?id=idreshospit194&value=1409075487907&codForm=firma_concepto_tecnico_RH&a=0.979967923136428 HTTP/1.1" 200 59
186.154.84.82 - - [07/Dec/2014:01:01:47 -0500] "GET /forest/actions/forms.getMappedValues?id=idtramite110&value=1409076062961&codForm=firma_concepto_tecnico_RH&a=0.07159043056890368 HTTP/1.1" 200 78
186.154.84.82 - - [07/Dec/2014:01:01:47 -0500] "GET /forest/actions/forms.getMappedValues?id=idreshospit194&value=1409075487907&codForm=firma_concepto_tecnico_RH&a=0.2359431970398873 HTTP/1.1" 200 59
186.154.84.82 - - [07/Dec/2014:01:01:47 -0500] "GET /forest/actions/forms.getMappedValues?id=idtramite110&value=1409076062961&codForm=firma_concepto_tecnico_RH&a=0.19437887193635106 HTTP/1.1" 200 78
186.154.84.82 - - [07/Dec/2014:01:01:58 -0500] "GET /forest/borrador/1415429/CONCEPTO.docx HTTP/1.1" 200 642784
186.154.84.82 - - [07/Dec/2014:01:02:38 -0500] "GET /forest/skins/gdocs-jar/img/activity2.gif HTTP/1.1" 200 374
186.154.84.82 - - [07/Dec/2014:01:02:38 -0500] "GET /forest/skins/gdocs-jar/img/itemlist.gif HTTP/1.1" 200 134
186.154.84.82 - - [07/Dec/2014:01:02:38 -0500] "GET /forest/skins/gdocs-jar/img/mueveactividad.gif HTTP/1.1" 200 90
186.154.84.82 - - [07/Dec/2014:01:02:37 -0500] "GET /forest/usugrafico.do?_a=0.7240143604576588&group_system_actual=3 HTTP/1.1" 200 108049
186.154.84.82 - - [07/Dec/2014:01:02:39 -0500] "GET /forest/session.jsp?a=0.9585580637212843 HTTP/1.1" 200 4
186.154.84.82 - - [07/Dec/2014:01:02:40 -0500] "GET /forest/skins/gdocs-jar/img/contraido.gif HTTP/1.1" 200 195
186.145.58.53 - - [07/Dec/2014:01:02:59 -0500] "POST /forms/lservlet;jsessionid=ac16012b30d5109776a2da85467499a7bcf98a4453c6.e3iSbxaKaheRe34Sa3yKbhiTahb0n6jAmljGr5XDqQLvpAe HTTP/1.1" 200 2
74.86.158.107 - - [07/Dec/2014:01:03:13 -0500] "HEAD / HTTP/1.1" 302 -
66.249.67.75 - - [07/Dec/2014:01:03:36 -0500] "GET /BLA/resoluciones/Autos%202008/2976.pdf HTTP/1.1" 200 159432
66.249.67.75 - - [07/Dec/2014:01:03:55 -0500] "GET /BLA/resoluciones/AUTOS%202007/0503.pdf HTTP/1.1" 200 16631
66.249.67.67 - - [07/Dec/2014:01:04:06 -0500] "GET /BLA/resoluciones/RESOLUCIONES%202007/RES%202007%204201%20AL%204300/RESOLUCION%204209%20DE%202007.pdf HTTP/1.1" 200 113871
123.125.71.33 - - [07/Dec/2014:01:04:21 -0500] "GET / HTTP/1.1" 302 -
186.154.84.82 - - [07/Dec/2014:00:58:24 -0500] "GET /ForestMSG_SDA/channelAsync/template_word_17010319?X-Atmosphere-tracking-id=e823e0f9-8e12-118c-a1a9-24ede5e0442b&X-Atmosphere-Framework=1.0.5&X-Atmosphere-Transport=long-polling&tabid=0.7665319973602891&X-Cache-Date=0&Content-Type=application/xml&_=1417932047384 HTTP/1.1" 200 8193
186.145.58.53 - - [07/Dec/2014:01:04:33 -0500] "POST /forms/lservlet;jsessionid=ac16012b30d5109776a2da85467499a7bcf98a4453c6.e3iSbxaKaheRe34Sa3yKbhiTahb0n6jAmljGr5XDqQLvpAe HTTP/1.1" 200 190
186.145.58.53 - - [07/Dec/2014:01:04:34 -0500] "GET /imagenes/listval.gif HTTP/1.1" 200 905
186.145.58.53 - - [07/Dec/2014:01:04:37 -0500] "POST /forms/lservlet;jsessionid=ac16012b30d5109776a2da85467499a7bcf98a4453c6.e3iSbxaKaheRe34Sa3yKbhiTahb0n6jAmljGr5XDqQLvpAe HTTP/1.1" 200 7
188.165.15.110 - - [07/Dec/2014:01:04:47 -0500] "GET /Residuos/maderas/maderas.html HTTP/1.1" 404 1018
186.145.58.53 - - [07/Dec/2014:01:04:59 -0500] "POST /forms/lservlet;jsessionid=ac16012b30d5109776a2da85467499a7bcf98a4453c6.e3iSbxaKaheRe34Sa3yKbhiTahb0n6jAmljGr5XDqQLvpAe HTTP/1.1" 200 2
100.43.85.25 - - [07/Dec/2014:01:06:32 -0500] "GET /galeria/nivo-slider/themes/pascal/?C=D;O=D HTTP/1.1" 200 2313
186.145.58.53 - - [07/Dec/2014:01:06:59 -0500] "POST /forms/lservlet;jsessionid=ac16012b30d5109776a2da85467499a7bcf98a4453c6.e3iSbxaKaheRe34Sa3yKbhiTahb0n6jAmljGr5XDqQLvpAe HTTP/1.1" 200 2
188.165.15.233 - - [07/Dec/2014:01:07:12 -0500] "GET /BLA/resoluciones/RESOLUCIONES%202004/RES%202004%201151-1200/00001185.tif HTTP/1.1" 200 196784
66.249.67.75 - - [07/Dec/2014:01:07:13 -0500] "GET /PORTAL_SIAC/swf/videos/aire_CAMPA%C3%91A.jpg HTTP/1.1" 200 55615
180.76.6.54 - - [07/Dec/2014:01:07:39 -0500] "GET /BLA/resoluciones/RESOLUCIONES%202010/2877.pdf HTTP/1.1" 200 542297
186.154.84.82 - - [07/Dec/2014:01:07:40 -0500] "GET /forest/session.jsp?a=0.8287334109190851 HTTP/1.1" 200 4
188.165.15.204 - - [07/Dec/2014:01:07:45 -0500] "GET /BLA/resoluciones/index.php?dir=RESOLUCIONES%202004/RES%202004%201851-1900/&sort=name&order=desc HTTP/1.1" 200 12368
74.86.158.107 - - [07/Dec/2014:01:08:13 -0500] "HEAD / HTTP/1.1" 302 -
66.249.67.67 - - [07/Dec/2014:01:08:58 -0500] "GET /BLA/resoluciones/AUTOS%202007/0339.pdf HTTP/1.1" 200 50864
186.145.58.53 - - [07/Dec/2014:01:09:00 -0500] "POST /forms/lservlet;jsessionid=ac16012b30d5109776a2da85467499a7bcf98a4453c6.e3iSbxaKaheRe34Sa3yKbhiTahb0n6jAmljGr5XDqQLvpAe HTTP/1.1" 200 2
66.249.67.83 - - [07/Dec/2014:01:09:30 -0500] "GET /BLA/resoluciones/AUTOS%202007/3506.pdf HTTP/1.1" 200 77829
152.61.193.99 - - [07/Dec/2014:01:10:24 -0500] "HEAD / HTTP/1.1" 302 -
152.61.193.99 - - [07/Dec/2014:01:10:24 -0500] "GET /arcgis/services/Calidad_del_Agua_WQI/MapServer/WMSServer?SERVICE=WMS&REQUEST=GetCapabilities HTTP/1.1" 200 32135
152.61.193.99 - - [07/Dec/2014:01:10:25 -0500] "GET /arcgis/services/Calidad_del_Agua_WQI/MapServer/WMSServer?SERVICE=WMS&REQUEST=GetCapabilities HTTP/1.1" 200 32135
152.61.193.99 - - [07/Dec/2014:01:10:25 -0500] "GET /arcgis/services/Calidad_del_Agua_WQI/MapServer/WMSServer?SERVICE=WMS&REQUEST=GetCapabilities HTTP/1.1" 200 32135
152.61.193.99 - - [07/Dec/2014:01:10:26 -0500] "GET /arcgis/services/Calidad_del_Agua_WQI/MapServer/WMSServer?SERVICE=WMS&REQUEST=GetCapabilities HTTP/1.1" 200 32135
152.61.193.99 - - [07/Dec/2014:01:10:29 -0500] "GET /arcgis/services/Calidad_del_Agua_WQI/MapServer/WMSServer?VERSION=1.1.1&REQUEST=GetMap&LAYERS=0&SRS=EPSG:4326&BBOX=-74.473395,3.674381,-73.963300,4.920569&WIDTH=250&HEIGHT=250&FORMAT=image/bmp&STYLES=& HTTP/1.1" 200 188054
186.145.58.53 - - [07/Dec/2014:01:11:00 -0500] "POST /forms/lservlet;jsessionid=ac16012b30d5109776a2da85467499a7bcf98a4453c6.e3iSbxaKaheRe34Sa3yKbhiTahb0n6jAmljGr5XDqQLvpAe HTTP/1.1" 200 2
186.145.58.53 - - [07/Dec/2014:01:11:07 -0500] "POST /forms/lservlet;jsessionid=ac16012b30d5109776a2da85467499a7bcf98a4453c6.e3iSbxaKaheRe34Sa3yKbhiTahb0n6jAmljGr5XDqQLvpAe HTTP/1.1" 200 137
66.249.67.67 - - [07/Dec/2014:01:11:48 -0500] "GET /BLA/resoluciones/Autos%202008/3265.pdf HTTP/1.1" 200 54139
66.249.67.67 - - [07/Dec/2014:01:11:49 -0500] "GET /BLA/resoluciones/RESOLUCIONES%202009/7575.pdf HTTP/1.1" 200 491017
186.145.58.53 - - [07/Dec/2014:01:12:01 -0500] "POST /forms/lservlet;jsessionid=ac16012b30d5109776a2da85467499a7bcf98a4453c6.e3iSbxaKaheRe34Sa3yKbhiTahb0n6jAmljGr5XDqQLvpAe HTTP/1.1" 200 139
186.145.58.53 - - [07/Dec/2014:01:12:05 -0500] "POST /forms/lservlet;jsessionid=ac16012b30d5109776a2da85467499a7bcf98a4453c6.e3iSbxaKaheRe34Sa3yKbhiTahb0n6jAmljGr5XDqQLvpAe HTTP/1.1" 200 147
186.145.58.53 - - [07/Dec/2014:01:12:06 -0500] "POST /forms/lservlet;jsessionid=ac16012b30d5109776a2da85467499a7bcf98a4453c6.e3iSbxaKaheRe34Sa3yKbhiTahb0n6jAmljGr5XDqQLvpAe HTTP/1.1" 200 7
188.165.15.162 - - [07/Dec/2014:01:12:06 -0500] "GET /BLA/resoluciones/RESOLUCIONES%202005/RES%202005%201851-1900/00001854.tif HTTP/1.1" 200 110496
186.145.58.53 - - [07/Dec/2014:01:12:07 -0500] "POST /forms/lservlet;jsessionid=ac16012b30d5109776a2da85467499a7bcf98a4453c6.e3iSbxaKaheRe34Sa3yKbhiTahb0n6jAmljGr5XDqQLvpAe HTTP/1.1" 200 152
186.145.58.53 - - [07/Dec/2014:01:12:07 -0500] "POST /forms/lservlet;jsessionid=ac16012b30d5109776a2da85467499a7bcf98a4453c6.e3iSbxaKaheRe34Sa3yKbhiTahb0n6jAmljGr5XDqQLvpAe HTTP/1.1" 200 8
186.145.58.53 - - [07/Dec/2014:01:12:08 -0500] "POST /forms/lservlet;jsessionid=ac16012b30d5109776a2da85467499a7bcf98a4453c6.e3iSbxaKaheRe34Sa3yKbhiTahb0n6jAmljGr5XDqQLvpAe HTTP/1.1" 200 2
66.249.67.83 - - [07/Dec/2014:01:12:36 -0500] "GET /PORTAL_SIAC/swf/videos/SDA.flv HTTP/1.1" 200 4500850
186.154.84.82 - - [07/Dec/2014:01:12:41 -0500] "GET /forest/session.jsp?a=0.4695166463498026 HTTP/1.1" 200 4
66.249.67.83 - - [07/Dec/2014:01:12:45 -0500] "GET /BLA/resoluciones/RESOLUCIONES%202005/RES%202005%201851-1900/00001896.tif HTTP/1.1" 200 162486
186.145.58.53 - - [07/Dec/2014:01:13:00 -0500] "POST /forms/lservlet;jsessionid=ac16012b30d5109776a2da85467499a7bcf98a4453c6.e3iSbxaKaheRe34Sa3yKbhiTahb0n6jAmljGr5XDqQLvpAe HTTP/1.1" 200 2
74.86.158.107 - - [07/Dec/2014:01:13:13 -0500] "HEAD / HTTP/1.1" 302 -
186.145.58.53 - - [07/Dec/2014:01:14:13 -0500] "POST /forms/lservlet;jsessionid=ac16012b30d5109776a2da85467499a7bcf98a4453c6.e3iSbxaKaheRe34Sa3yKbhiTahb0n6jAmljGr5XDqQLvpAe HTTP/1.1" 200 8
186.145.58.53 - - [07/Dec/2014:01:14:14 -0500] "POST /forms/lservlet;jsessionid=ac16012b30d5109776a2da85467499a7bcf98a4453c6.e3iSbxaKaheRe34Sa3yKbhiTahb0n6jAmljGr5XDqQLvpAe HTTP/1.1" 200 193
188.165.15.204 - - [07/Dec/2014:01:14:19 -0500] "GET /BLA/resoluciones/index.php?dir=RESOLUCIONES%202006/RES%202006%20%202801-2850/&sort=name&order=asc HTTP/1.1" 200 12415
186.145.58.53 - - [07/Dec/2014:01:15:01 -0500] "POST /forms/lservlet;jsessionid=ac16012b30d5109776a2da85467499a7bcf98a4453c6.e3iSbxaKaheRe34Sa3yKbhiTahb0n6jAmljGr5XDqQLvpAe HTTP/1.1" 200 2
188.165.15.192 - - [07/Dec/2014:01:15:04 -0500] "GET /BLA/resoluciones/RESOLUCIONES%202004/RES%202004%201351-1400/00001380.tif HTTP/1.1" 200 252928
66.249.67.67 - - [07/Dec/2014:01:15:08 -0500] "GET /robots.txt HTTP/1.1" 404 1015
66.249.67.67 - - [07/Dec/2014:01:15:08 -0500] "GET /dama/libreria/pdf/SAS/DX%20lavanderias.pdf HTTP/1.1" 404 1015
188.165.15.61 - - [07/Dec/2014:01:15:15 -0500] "GET /BLA/resoluciones/RESOLUCIONES%202004/RES%202004%202301-2350/00002344.tif HTTP/1.1" 200 105422
188.165.15.87 - - [07/Dec/2014:01:15:15 -0500] "GET /BLA/resoluciones/index.php?dir=RESOLUCIONES%202005/RES%202005%20501-550/&sort=date&order=asc HTTP/1.1" 200 12244
66.249.67.67 - - [07/Dec/2014:01:15:24 -0500] "GET /BLA/resoluciones/RESOLUCIONES%202007/RES%202007%204001%20AL%204100/RESOLUCION%204039%20DE%202007.pdf HTTP/1.1" 200 292845
152.61.128.66 - - [07/Dec/2014:01:16:05 -0500] "HEAD / HTTP/1.1" 302 -
186.145.58.53 - - [07/Dec/2014:01:16:07 -0500] "POST /forms/lservlet;jsessionid=ac16012b30d5109776a2da85467499a7bcf98a4453c6.e3iSbxaKaheRe34Sa3yKbhiTahb0n6jAmljGr5XDqQLvpAe HTTP/1.1" 200 73
152.61.128.66 - - [07/Dec/2014:01:16:06 -0500] "GET /arcgis/services/Calidad_del_Agua_WQI/MapServer/WMSServer?SERVICE=WMS&REQUEST=GetCapabilities HTTP/1.1" 200 32135
152.61.128.66 - - [07/Dec/2014:01:16:07 -0500] "GET /arcgis/services/Calidad_del_Agua_WQI/MapServer/WMSServer?SERVICE=WMS&REQUEST=GetCapabilities HTTP/1.0" 200 32135
152.61.128.66 - - [07/Dec/2014:01:16:08 -0500] "GET /arcgis/services/Calidad_del_Agua_WQI/MapServer/WMSServer?SERVICE=WMS&REQUEST=GetCapabilities HTTP/1.0" 200 32135
186.145.58.53 - - [07/Dec/2014:01:16:10 -0500] "POST /forms/lservlet;jsessionid=ac16012b30d5109776a2da85467499a7bcf98a4453c6.e3iSbxaKaheRe34Sa3yKbhiTahb0n6jAmljGr5XDqQLvpAe HTTP/1.1" 200 70
152.61.128.66 - - [07/Dec/2014:01:16:12 -0500] "GET /arcgis/services/Calidad_del_Agua_WQI/MapServer/WMSServer?SERVICE=WMS&REQUEST=GetCapabilities HTTP/1.0" 200 32135
152.61.128.66 - - [07/Dec/2014:01:16:13 -0500] "GET /arcgis/services/Calidad_del_Agua_WQI/MapServer/WMSServer?VERSION=1.1.1&REQUEST=GetMap&LAYERS=0&SRS=EPSG:4326&BBOX=-74.473395,3.674381,-73.963300,4.920569&WIDTH=250&HEIGHT=250&FORMAT=image/bmp&STYLES=& HTTP/1.1" 200 188054
180.76.5.81 - - [07/Dec/2014:01:16:24 -0500] "GET /BLA/resoluciones/RESOLUCIONES%202010/1877.pdf HTTP/1.1" 200 566247
186.145.58.53 - - [07/Dec/2014:01:17:01 -0500] "POST /forms/lservlet;jsessionid=ac16012b30d5109776a2da85467499a7bcf98a4453c6.e3iSbxaKaheRe34Sa3yKbhiTahb0n6jAmljGr5XDqQLvpAe HTTP/1.1" 200 2
74.86.158.107 - - [07/Dec/2014:01:18:13 -0500] "HEAD / HTTP/1.1" 302 -
186.145.58.53 - - [07/Dec/2014:01:19:01 -0500] "POST /forms/lservlet;jsessionid=ac16012b30d5109776a2da85467499a7bcf98a4453c6.e3iSbxaKaheRe34Sa3yKbhiTahb0n6jAmljGr5XDqQLvpAe HTTP/1.1" 200 2
186.154.84.82 - - [07/Dec/2014:01:19:06 -0500] "GET /forest/session.jsp?a=0.6410150611773133 HTTP/1.1" 200 4
180.76.6.136 - - [07/Dec/2014:01:19:18 -0500] "GET /BLA/resoluciones/RESOLUCIONES%202010/2900.pdf HTTP/1.1" 200 496753
180.76.6.150 - - [07/Dec/2014:01:20:05 -0500] "GET /BLA/resoluciones/RESOLUCIONES%202010/1793.pdf HTTP/1.1" 200 489559
188.165.15.241 - - [07/Dec/2014:01:20:39 -0500] "GET /BLA/resoluciones/RESOLUCIONES%202002/RES%202002%20951-1000/00000998.tif HTTP/1.1" 200 187276
186.145.58.53 - - [07/Dec/2014:01:21:02 -0500] "POST /forms/lservlet;jsessionid=ac16012b30d5109776a2da85467499a7bcf98a4453c6.e3iSbxaKaheRe34Sa3yKbhiTahb0n6jAmljGr5XDqQLvpAe HTTP/1.1" 200 2
66.249.67.83 - - [07/Dec/2014:01:21:50 -0500] "GET /BLA/resoluciones/Autos%202008/0401.pdf HTTP/1.1" 200 113228
186.154.84.82 - - [07/Dec/2014:01:21:54 -0500] "GET /forest/usutareas.do?_a=0.2421342043671757&group_system_actual=3 HTTP/1.1" 200 143006
186.154.84.82 - - [07/Dec/2014:01:21:56 -0500] "GET /forest/session.jsp?a=0.6829375894740224 HTTP/1.1" 200 4
186.154.84.82 - - [07/Dec/2014:01:21:57 -0500] "GET /forest/actions/forms.getMappedValues?id=idreshospit194&value=1409075487907&codForm=firma_concepto_tecnico_RH&a=0.24214911507442594 HTTP/1.1" 200 59
186.154.84.82 - - [07/Dec/2014:01:21:57 -0500] "GET /forest/actions/forms.getMappedValues?id=idtramite110&value=1409076062961&codForm=firma_concepto_tecnico_RH&a=0.8461387706920505 HTTP/1.1" 200 78
186.154.84.82 - - [07/Dec/2014:01:21:57 -0500] "GET /forest/actions/forms.getMappedValues?id=idreshospit194&value=1409075487907&codForm=firma_concepto_tecnico_RH&a=0.4077884405851364 HTTP/1.1" 200 59
186.154.84.82 - - [07/Dec/2014:01:21:57 -0500] "GET /forest/actions/forms.getMappedValues?id=idtramite110&value=1409076062961&codForm=firma_concepto_tecnico_RH&a=0.5245628501288593 HTTP/1.1" 200 78
186.154.84.82 - - [07/Dec/2014:01:22:29 -0500] "POST /forest/usutareas.do? HTTP/1.1" 200 147
186.154.84.82 - - [07/Dec/2014:01:22:29 -0500] "GET /forest/skins/gdocs-jar/img/error.gif HTTP/1.1" 200 822
186.154.84.82 - - [07/Dec/2014:01:22:38 -0500] "GET /forest/index2.jsp?_a=0.2412748523056507 HTTP/1.1" 200 260024
186.154.84.82 - - [07/Dec/2014:01:22:41 -0500] "GET /forest/session.jsp?a=0.11212160857394338 HTTP/1.1" 200 4
66.249.67.103 - - [07/Dec/2014:01:23:01 -0500] "GET /robots.txt HTTP/1.1" 404 1019
66.249.67.111 - - [07/Dec/2014:01:23:02 -0500] "GET /BLA/boletinlegal/jurisprudencia/analisis/analisis%20C-595-2010.doc HTTP/1.1" 304 -
186.145.58.53 - - [07/Dec/2014:01:23:03 -0500] "POST /forms/lservlet;jsessionid=ac16012b30d5109776a2da85467499a7bcf98a4453c6.e3iSbxaKaheRe34Sa3yKbhiTahb0n6jAmljGr5XDqQLvpAe HTTP/1.1" 200 2
74.86.158.107 - - [07/Dec/2014:01:23:13 -0500] "HEAD / HTTP/1.1" 302 -
186.154.84.82 - - [07/Dec/2014:01:23:16 -0500] "GET /forest/suactividades.do?group_system_actual=3&_a=0.8430772999653435 HTTP/1.1" 200 48527
186.154.84.82 - - [07/Dec/2014:01:23:16 -0500] "GET /forest/css/autocomplete.css HTTP/1.1" 304 -
186.154.84.82 - - [07/Dec/2014:01:23:16 -0500] "GET /forest/img/asignarme.gif HTTP/1.1" 304 -
186.154.84.82 - - [07/Dec/2014:01:23:16 -0500] "GET /forest/skins/gdocs-jar/img/documents.gif HTTP/1.1" 304 -
186.154.84.82 - - [07/Dec/2014:01:23:17 -0500] "GET /forest/skins/gdocs-jar/js/pendientes.js?version=1411.041919 HTTP/1.1" 304 -
186.154.84.82 - - [07/Dec/2014:01:23:17 -0500] "GET /forest/session.jsp?a=0.5187261702958494 HTTP/1.1" 200 4
186.154.84.82 - - [07/Dec/2014:01:23:17 -0500] "GET /forest/skins/gdocs-jar/img/users.gif HTTP/1.1" 304 -
186.154.84.82 - - [07/Dec/2014:01:23:17 -0500] "GET /forest/skins/gdocs-jar/img/process.gif HTTP/1.1" 304 -
186.154.84.82 - - [07/Dec/2014:01:23:17 -0500] "GET /forest/skins/gdocs-jar/img/priority.gif HTTP/1.1" 304 -
186.154.84.82 - - [07/Dec/2014:01:23:17 -0500] "GET /forest/skins/gdocs-jar/img/reject.gif HTTP/1.1" 304 -
186.154.84.82 - - [07/Dec/2014:01:23:17 -0500] "POST /forest/actions/workplace.getReparto?a=0.7589131603017449 HTTP/1.1" 200 12373
186.154.84.82 - - [07/Dec/2014:01:23:18 -0500] "GET /forest/skins/gdocs-jar/img/process-alert.gif HTTP/1.1" 304 -
188.165.15.192 - - [07/Dec/2014:01:23:23 -0500] "GET /BLA/resoluciones/RESOLUCIONES%202005/RES%202005%202551-2600/00002577.tif HTTP/1.1" 200 151084
186.154.84.82 - - [07/Dec/2014:01:23:28 -0500] "GET /forest/session.jsp?a=0.5478162041399628 HTTP/1.1" 200 4
152.61.128.66 - - [07/Dec/2014:01:23:46 -0500] "HEAD / HTTP/1.1" 302 -
152.61.128.66 - - [07/Dec/2014:01:23:47 -0500] "GET /arcgis/services/Calidad_del_Agua_WQI/MapServer/WMSServer?request=GetCapabilities&service=WMS HTTP/1.1" 200 32135
152.61.128.66 - - [07/Dec/2014:01:23:47 -0500] "GET /arcgis/services/Calidad_del_Agua_WQI/MapServer/WMSServer?request=GetCapabilities&service=WMS HTTP/1.0" 200 32135
152.61.128.66 - - [07/Dec/2014:01:23:48 -0500] "GET /arcgis/services/Calidad_del_Agua_WQI/MapServer/WMSServer?request=GetCapabilities&service=WMS HTTP/1.0" 200 32135
152.61.128.66 - - [07/Dec/2014:01:23:49 -0500] "GET /arcgis/services/Calidad_del_Agua_WQI/MapServer/WMSServer?request=GetCapabilities&service=WMS HTTP/1.0" 200 32135
152.61.128.66 - - [07/Dec/2014:01:23:50 -0500] "GET /arcgis/services/Calidad_del_Agua_WQI/MapServer/WMSServer?VERSION=1.1.1&REQUEST=GetMap&LAYERS=0&SRS=EPSG:4326&BBOX=-74.473395,3.674381,-73.963300,4.920569&WIDTH=250&HEIGHT=250&FORMAT=image/bmp&STYLES=& HTTP/1.1" 200 188054
186.154.84.82 - - [07/Dec/2014:01:23:55 -0500] "GET /forest/skins/gdocs-jar/popup/popup.jsp?width=1100&height=500&title=Buscar%20procesos&uri=/forest/buscar.do%3Ftype%3Dprocesos&name=undefined&_a=0.19620002154260874&a=0.2698504545260221 HTTP/1.1" 200 1296
186.154.84.82 - - [07/Dec/2014:01:23:56 -0500] "GET /forest/buscar.do?type=procesos HTTP/1.1" 200 14695
186.154.84.82 - - [07/Dec/2014:01:23:56 -0500] "GET /forest/buscar.do?type=procesos HTTP/1.1" 200 97360
186.154.84.82 - - [07/Dec/2014:01:23:57 -0500] "GET /forest/json.do?query=usersByDep&coddep=7019 HTTP/1.1" 200 1486
186.154.84.82 - - [07/Dec/2014:01:23:57 -0500] "GET /forest/json.do?query=usersByDep&coddep=7019 HTTP/1.1" 200 1486
186.154.84.82 - - [07/Dec/2014:01:24:11 -0500] "GET /forest/forms/showform.jsp?codPro=198&codForm=iniciovertimientos&a=0.7757254191674292 HTTP/1.1" 200 10279
188.165.15.204 - - [07/Dec/2014:01:24:17 -0500] "GET /BLA/resoluciones/index.php?dir=RESOLUCIONES%202005/RES%202005%202851-2900/&sort=size&order=desc HTTP/1.1" 200 12155
186.154.84.82 - - [07/Dec/2014:01:24:21 -0500] "GET /forest/forms/showform.jsp?codPro=226&codForm=inicio_seguimiento_RH&a=0.643431946169585 HTTP/1.1" 200 49420
186.154.84.82 - - [07/Dec/2014:01:24:28 -0500] "GET /forest/actions/forms.getList?codForm=inicio_seguimiento_RH&id=numter40&text=H HTTP/1.1" 200 1246
186.154.84.82 - - [07/Dec/2014:01:24:29 -0500] "GET /forest/actions/forms.getList?codForm=inicio_seguimiento_RH&id=numter40&text=HO HTTP/1.1" 200 1180
186.154.84.82 - - [07/Dec/2014:01:24:29 -0500] "GET /forest/actions/forms.getList?codForm=inicio_seguimiento_RH&id=numter40&text=HOS HTTP/1.1" 200 1309
186.154.84.82 - - [07/Dec/2014:01:24:29 -0500] "GET /forest/actions/forms.getList?codForm=inicio_seguimiento_RH&id=numter40&text=HOSP HTTP/1.1" 200 1461
186.154.84.82 - - [07/Dec/2014:01:24:29 -0500] "GET /forest/actions/forms.getList?codForm=inicio_seguimiento_RH&id=numter40&text=HOSPI HTTP/1.1" 200 1444
186.154.84.82 - - [07/Dec/2014:01:24:30 -0500] "GET /forest/actions/forms.getList?codForm=inicio_seguimiento_RH&id=numter40&text=HOSPIT HTTP/1.1" 200 1452
186.154.84.82 - - [07/Dec/2014:01:24:30 -0500] "GET /forest/actions/forms.getList?codForm=inicio_seguimiento_RH&id=numter40&text=HOSPITA HTTP/1.1" 200 1465
186.154.84.82 - - [07/Dec/2014:01:24:30 -0500] "GET /forest/actions/forms.getList?codForm=inicio_seguimiento_RH&id=numter40&text=HOSPITAL HTTP/1.1" 200 1465
186.154.84.82 - - [07/Dec/2014:01:24:31 -0500] "GET /forest/actions/forms.getList?codForm=inicio_seguimiento_RH&id=numter40&text=HOSPITAL%20 HTTP/1.1" 200 1369
186.154.84.82 - - [07/Dec/2014:01:24:31 -0500] "GET /forest/actions/forms.getList?codForm=inicio_seguimiento_RH&id=numter40&text=HOSPITAL%20L HTTP/1.1" 200 768
186.154.84.82 - - [07/Dec/2014:01:24:31 -0500] "GET /forest/actions/forms.getList?codForm=inicio_seguimiento_RH&id=numter40&text=HOSPITAL%20LA HTTP/1.1" 200 487
186.154.84.82 - - [07/Dec/2014:01:24:31 -0500] "GET /forest/actions/forms.getList?codForm=inicio_seguimiento_RH&id=numter40&text=HOSPITAL%20LA%20 HTTP/1.1" 200 487
66.249.67.83 - - [07/Dec/2014:01:24:34 -0500] "GET /BLA/resoluciones/Autos%202008/1818.pdf HTTP/1.1" 200 144095
186.154.84.82 - - [07/Dec/2014:01:24:33 -0500] "GET /forest/actions/forms.getList?codForm=inicio_seguimiento_RH&id=numter40&text=HOSPITAL%20LA%20S HTTP/1.1" 200 2
186.154.84.82 - - [07/Dec/2014:01:24:34 -0500] "GET /forest/actions/forms.getList?codForm=inicio_seguimiento_RH&id=numter40&text=HOSPITAL%20LA%20SAM HTTP/1.1" 200 2
186.154.84.82 - - [07/Dec/2014:01:24:34 -0500] "GET /forest/actions/forms.getList?codForm=inicio_seguimiento_RH&id=numter40&text=HOSPITAL%20LA%20SAMA HTTP/1.1" 200 2
186.154.84.82 - - [07/Dec/2014:01:24:36 -0500] "GET /forest/actions/forms.getList?codForm=inicio_seguimiento_RH&id=numter40&text=HOSPITAL%20LA%20SA HTTP/1.1" 200 2
186.154.84.82 - - [07/Dec/2014:01:24:37 -0500] "GET /forest/actions/forms.getList?codForm=inicio_seguimiento_RH&id=numter40&text=HOSPITAL%20LA%20SAMAR HTTP/1.1" 200 2
186.154.84.82 - - [07/Dec/2014:01:24:38 -0500] "GET /forest/actions/forms.getList?codForm=inicio_seguimiento_RH&id=numter40&text=HOSPITAL%20LA%20SAMARIT HTTP/1.1" 200 2
186.154.84.82 - - [07/Dec/2014:01:24:38 -0500] "GET /forest/actions/forms.getList?codForm=inicio_seguimiento_RH&id=numter40&text=HOSPITAL%20LA%20SAMARITA HTTP/1.1" 200 2
186.154.84.82 - - [07/Dec/2014:01:24:38 -0500] "GET /forest/actions/forms.getList?codForm=inicio_seguimiento_RH&id=numter40&text=HOSPITAL%20LA%20SAMARI HTTP/1.1" 200 2
186.154.84.82 - - [07/Dec/2014:01:24:39 -0500] "GET /forest/actions/forms.getList?codForm=inicio_seguimiento_RH&id=numter40&text=HOSPITAL%20LA%20SAMARITAN HTTP/1.1" 200 2
186.154.84.82 - - [07/Dec/2014:01:24:39 -0500] "GET /forest/actions/forms.getList?codForm=inicio_seguimiento_RH&id=numter40&text=HOSPITAL%20LA%20SAMARITANA HTTP/1.1" 200 2
180.76.5.153 - - [07/Dec/2014:01:24:42 -0500] "GET /BLA/resoluciones/RESOLUCIONES%202010/0404.pdf HTTP/1.1" 200 103254
186.154.84.82 - - [07/Dec/2014:01:24:42 -0500] "GET /forest/actions/forms.getList?codForm=inicio_seguimiento_RH&id=numter40&text=HOSPITAL%20LA%20SAMARITAN HTTP/1.1" 200 2
186.154.84.82 - - [07/Dec/2014:01:24:42 -0500] "GET /forest/actions/forms.getList?codForm=inicio_seguimiento_RH&id=numter40&text=HOSPITAL%20LA%20SAMARITA HTTP/1.1" 200 2
186.154.84.82 - - [07/Dec/2014:01:24:43 -0500] "GET /forest/actions/forms.getList?codForm=inicio_seguimiento_RH&id=numter40&text=HOSPITAL%20LA%20SAMA HTTP/1.1" 200 2
186.154.84.82 - - [07/Dec/2014:01:24:43 -0500] "GET /forest/actions/forms.getList?codForm=inicio_seguimiento_RH&id=numter40&text=HOSPITAL%20LA%20SAMAR HTTP/1.1" 200 2
186.154.84.82 - - [07/Dec/2014:01:24:43 -0500] "GET /forest/actions/forms.getList?codForm=inicio_seguimiento_RH&id=numter40&text=HOSPITAL%20LA%20SAMARIT HTTP/1.1" 200 2
186.154.84.82 - - [07/Dec/2014:01:24:44 -0500] "GET /forest/actions/forms.getList?codForm=inicio_seguimiento_RH&id=numter40&text=HOSPITAL%20LA%20SAMARI HTTP/1.1" 200 2
186.154.84.82 - - [07/Dec/2014:01:24:44 -0500] "GET /forest/actions/forms.getList?codForm=inicio_seguimiento_RH&id=numter40&text=HOSPITAL%20LA%20SAM HTTP/1.1" 200 2
186.154.84.82 - - [07/Dec/2014:01:24:45 -0500] "GET /forest/actions/forms.getList?codForm=inicio_seguimiento_RH&id=numter40&text=HOSPITAL%20LA%20SA HTTP/1.1" 200 2
186.154.84.82 - - [07/Dec/2014:01:24:47 -0500] "GET /forest/actions/forms.getList?codForm=inicio_seguimiento_RH&id=numter40&text=HOSPITAL%20 HTTP/1.1" 200 1369
186.154.84.82 - - [07/Dec/2014:01:24:47 -0500] "GET /forest/actions/forms.getList?codForm=inicio_seguimiento_RH&id=numter40&text=HOSPITAL HTTP/1.1" 200 1465
186.154.84.82 - - [07/Dec/2014:01:24:46 -0500] "GET /forest/actions/forms.getList?codForm=inicio_seguimiento_RH&id=numter40&text=HOSPITAL%20LA%20S HTTP/1.1" 200 2
186.154.84.82 - - [07/Dec/2014:01:24:46 -0500] "GET /forest/actions/forms.getList?codForm=inicio_seguimiento_RH&id=numter40&text=HOSPITAL%20LA%20 HTTP/1.1" 200 487
186.154.84.82 - - [07/Dec/2014:01:24:48 -0500] "GET /forest/actions/forms.getList?codForm=inicio_seguimiento_RH&id=numter40&text=HOSPITA HTTP/1.1" 200 1465
186.154.84.82 - - [07/Dec/2014:01:24:48 -0500] "GET /forest/actions/forms.getList?codForm=inicio_seguimiento_RH&id=numter40&text=HOSPIT HTTP/1.1" 200 1452
186.154.84.82 - - [07/Dec/2014:01:24:46 -0500] "GET /forest/actions/forms.getList?codForm=inicio_seguimiento_RH&id=numter40&text=HOSPITAL%20LA HTTP/1.1" 200 487
186.154.84.82 - - [07/Dec/2014:01:24:48 -0500] "GET /forest/actions/forms.getList?codForm=inicio_seguimiento_RH&id=numter40&text=HOSPI HTTP/1.1" 200 1444
186.154.84.82 - - [07/Dec/2014:01:24:48 -0500] "GET /forest/actions/forms.getList?codForm=inicio_seguimiento_RH&id=numter40&text=HOSP HTTP/1.1" 200 1461
186.154.84.82 - - [07/Dec/2014:01:24:49 -0500] "GET /forest/actions/forms.getList?codForm=inicio_seguimiento_RH&id=numter40&text=H HTTP/1.1" 200 1246
186.154.84.82 - - [07/Dec/2014:01:24:46 -0500] "GET /forest/actions/forms.getList?codForm=inicio_seguimiento_RH&id=numter40&text=HOSPITAL%20L HTTP/1.1" 200 768
186.154.84.82 - - [07/Dec/2014:01:24:49 -0500] "GET /forest/actions/forms.getList?codForm=inicio_seguimiento_RH&id=numter40&text= HTTP/1.1" 200 1339
186.154.84.82 - - [07/Dec/2014:01:24:49 -0500] "GET /forest/actions/forms.getList?codForm=inicio_seguimiento_RH&id=numter40&text=HO HTTP/1.1" 200 1180
186.154.84.82 - - [07/Dec/2014:01:24:49 -0500] "GET /forest/actions/forms.getList?codForm=inicio_seguimiento_RH&id=numter40&text=HOS HTTP/1.1" 200 1309
186.154.84.82 - - [07/Dec/2014:01:24:51 -0500] "GET /forest/inicio/instanciar.jsp?codPro=144&a=0.3816801207140088 HTTP/1.1" 200 21592
186.154.84.82 - - [07/Dec/2014:01:24:52 -0500] "GET /forest/json.do?query=usersByDep&coddep=7019&a=0.40042984555475414 HTTP/1.1" 200 1486
186.154.84.82 - - [07/Dec/2014:01:25:00 -0500] "GET /forest/docfile/addtercero.jsp?a=0.0019534279126673937 HTTP/1.1" 200 9114
186.154.84.82 - - [07/Dec/2014:01:25:01 -0500] "GET /forest/json.do?query=paises&a=0.8011050212662667 HTTP/1.1" 200 1180
186.154.84.82 - - [07/Dec/2014:01:25:01 -0500] "GET /forest/json.do?query=departamentosByPais&codPais=24&a=0.5316186437848955 HTTP/1.1" 200 1119
186.154.84.82 - - [07/Dec/2014:01:25:01 -0500] "GET /forest/json.do?query=ciudadesByDepartamento&codDep=12&a=0.4463871300686151 HTTP/1.1" 200 7405
186.154.84.82 - - [07/Dec/2014:01:25:01 -0500] "GET /forest/json.do?query=localidadesByCiudad&codMun=433&a=0.8612096074502915 HTTP/1.1" 200 1127
66.249.67.67 - - [07/Dec/2014:01:25:03 -0500] "GET /BLA/resoluciones/Autos%202008/2596.pdf HTTP/1.1" 200 58395
186.145.58.53 - - [07/Dec/2014:01:25:03 -0500] "POST /forms/lservlet;jsessionid=ac16012b30d5109776a2da85467499a7bcf98a4453c6.e3iSbxaKaheRe34Sa3yKbhiTahb0n6jAmljGr5XDqQLvpAe HTTP/1.1" 200 2
66.249.67.83 - - [07/Dec/2014:01:25:15 -0500] "GET /BLA/resoluciones/Autos%202008/0493.pdf HTTP/1.1" 200 333286
186.154.84.82 - - [07/Dec/2014:01:25:18 -0500] "GET /forest/forms/showform.jsp?codPro=226&codForm=inicio_seguimiento_RH&a=0.9427013534586877 HTTP/1.1" 200 49420
186.154.84.82 - - [07/Dec/2014:01:25:28 -0500] "GET /forest/actions/forms.getList?codForm=inicio_seguimiento_RH&id=numter40&text=8 HTTP/1.1" 200 1336
186.154.84.82 - - [07/Dec/2014:01:25:28 -0500] "GET /forest/actions/forms.getList?codForm=inicio_seguimiento_RH&id=numter40&text=89 HTTP/1.1" 200 1251
186.154.84.82 - - [07/Dec/2014:01:25:29 -0500] "GET /forest/actions/forms.getList?codForm=inicio_seguimiento_RH&id=numter40&text=899 HTTP/1.1" 200 1135
186.154.84.82 - - [07/Dec/2014:01:25:39 -0500] "GET /forest/actions/forms.getList?codForm=inicio_seguimiento_RH&id=numter40&text=8999 HTTP/1.1" 200 1198
186.154.84.82 - - [07/Dec/2014:01:25:39 -0500] "GET /forest/actions/forms.getList?codForm=inicio_seguimiento_RH&id=numter40&text=89999 HTTP/1.1" 200 1183
186.154.84.82 - - [07/Dec/2014:01:25:39 -0500] "GET /forest/actions/forms.getList?codForm=inicio_seguimiento_RH&id=numter40&text=899999 HTTP/1.1" 200 1194
186.154.84.82 - - [07/Dec/2014:01:25:37 -0500] "GET /forest/actions/forms.getList?codForm=inicio_seguimiento_RH&id=numter40&text=899 HTTP/1.1" 200 1135
186.154.84.82 - - [07/Dec/2014:01:25:44 -0500] "GET /forest/actions/forms.getList?codForm=inicio_seguimiento_RH&id=numter40&text=899999 HTTP/1.1" 200 1194
186.154.84.82 - - [07/Dec/2014:01:25:46 -0500] "GET /forest/actions/forms.getList?codForm=inicio_seguimiento_RH&id=numter40&text=8999990 HTTP/1.1" 200 1233
186.154.84.82 - - [07/Dec/2014:01:25:46 -0500] "GET /forest/actions/forms.getList?codForm=inicio_seguimiento_RH&id=numter40&text=89999903 HTTP/1.1" 200 327
186.154.84.82 - - [07/Dec/2014:01:25:46 -0500] "GET /forest/actions/forms.getList?codForm=inicio_seguimiento_RH&id=numter40&text=899999032 HTTP/1.1" 200 72
186.154.84.82 - - [07/Dec/2014:01:25:59 -0500] "GET /forest/actions/forms.getList?codForm=inicio_seguimiento_RH&id=funtecresp170&text=S HTTP/1.1" 200 1174
186.154.84.82 - - [07/Dec/2014:01:26:00 -0500] "GET /forest/actions/forms.getList?codForm=inicio_seguimiento_RH&id=funtecresp170&text=SA HTTP/1.1" 200 1151
186.154.84.82 - - [07/Dec/2014:01:26:01 -0500] "GET /forest/actions/forms.getList?codForm=inicio_seguimiento_RH&id=funtecresp170&text=SAN HTTP/1.1" 200 1111
186.154.84.82 - - [07/Dec/2014:01:26:01 -0500] "GET /forest/actions/forms.getList?codForm=inicio_seguimiento_RH&id=funtecresp170&text=SAND HTTP/1.1" 200 1118
186.154.84.82 - - [07/Dec/2014:01:26:01 -0500] "GET /forest/actions/forms.getList?codForm=inicio_seguimiento_RH&id=funtecresp170&text=SANDR HTTP/1.1" 200 809
186.154.84.82 - - [07/Dec/2014:01:26:01 -0500] "GET /forest/actions/forms.getList?codForm=inicio_seguimiento_RH&id=funtecresp170&text=SANDRA HTTP/1.1" 200 809
186.154.84.82 - - [07/Dec/2014:01:26:06 -0500] "GET /forest/actions/forms.getList?codForm=inicio_seguimiento_RH&id=funtecresp170&text=SANDRA. HTTP/1.1" 200 1318
186.154.84.82 - - [07/Dec/2014:01:26:07 -0500] "GET /forest/actions/forms.getList?codForm=inicio_seguimiento_RH&id=funtecresp170&text=SANDRA.M HTTP/1.1" 200 546
186.154.84.82 - - [07/Dec/2014:01:26:07 -0500] "GET /forest/actions/forms.getList?codForm=inicio_seguimiento_RH&id=funtecresp170&text=SANDRA.MO HTTP/1.1" 200 351
186.154.84.82 - - [07/Dec/2014:01:26:14 -0500] "POST /forest/actions/forms.saveForm?codPro=226 HTTP/1.1" 200 165
66.249.67.67 - - [07/Dec/2014:01:26:27 -0500] "GET /BLA/resoluciones/Autos%202008/1964.pdf HTTP/1.1" 200 91704
66.249.67.83 - - [07/Dec/2014:01:26:54 -0500] "GET /BLA/resoluciones/Autos%202008/0372.pdf HTTP/1.1" 200 143474
186.145.58.53 - - [07/Dec/2014:01:27:04 -0500] "POST /forms/lservlet;jsessionid=ac16012b30d5109776a2da85467499a7bcf98a4453c6.e3iSbxaKaheRe34Sa3yKbhiTahb0n6jAmljGr5XDqQLvpAe HTTP/1.1" 200 2
186.154.84.82 - - [07/Dec/2014:01:27:37 -0500] "GET /forest/index2.jsp?group_system_actual=3&a=0.9777265680022538 HTTP/1.1" 200 260506
186.154.84.82 - - [07/Dec/2014:01:27:39 -0500] "GET /forest/session.jsp?a=0.6124123423360288 HTTP/1.1" 200 4
186.154.84.82 - - [07/Dec/2014:01:27:42 -0500] "GET /forest/skins/gdocs-jar/popup/popup.jsp?width=1100&height=500&title=Buscar%20procesos&uri=/forest/buscar.do%3Ftype%3Dprocesos&name=undefined&_a=0.7453707766253501&a=0.15830782242119312 HTTP/1.1" 200 1296
186.154.84.82 - - [07/Dec/2014:01:27:43 -0500] "GET /forest/buscar.do?type=procesos HTTP/1.1" 200 18159
186.154.84.82 - - [07/Dec/2014:01:27:43 -0500] "GET /forest/buscar.do?type=procesos HTTP/1.1" 200 97360
186.154.84.82 - - [07/Dec/2014:01:27:44 -0500] "GET /forest/json.do?query=usersByDep&coddep=7019 HTTP/1.1" 200 1486
186.154.84.82 - - [07/Dec/2014:01:27:44 -0500] "GET /forest/json.do?query=usersByDep&coddep=7019 HTTP/1.1" 200 1486
186.154.84.82 - - [07/Dec/2014:01:27:53 -0500] "POST /forest/buscar.do? HTTP/1.1" 200 5162
186.154.84.82 - - [07/Dec/2014:01:28:11 -0500] "GET /forest/buscar.do?type=procesos HTTP/1.1" 200 97360
186.154.84.82 - - [07/Dec/2014:01:28:12 -0500] "GET /forest/json.do?query=usersByDep&coddep=7019 HTTP/1.1" 200 1486
186.154.84.82 - - [07/Dec/2014:01:28:12 -0500] "GET /forest/json.do?query=usersByDep&coddep=7019 HTTP/1.1" 200 1486
74.86.158.107 - - [07/Dec/2014:01:28:13 -0500] "HEAD / HTTP/1.1" 302 -
186.154.84.82 - - [07/Dec/2014:01:28:26 -0500] "POST /forest/buscar.do? HTTP/1.1" 200 5131
186.154.84.82 - - [07/Dec/2014:01:28:31 -0500] "GET /forest/skins/gdocs-jar/popup/popup.jsp?width=900&height=600&title=Informaci%F3n%20de%20proceso&uri=/forest/system/process.jsp%3FnumPro%3D2470570&name=undefined&_a=0.7264755486976355&a=0.8477605772204697 HTTP/1.1" 200 1312
186.154.84.82 - - [07/Dec/2014:01:28:31 -0500] "GET /forest/system/process.jsp?numPro=2470570 HTTP/1.1" 200 16368
186.154.84.82 - - [07/Dec/2014:01:28:31 -0500] "GET /forest/css/dialog.css HTTP/1.1" 304 -
186.154.84.82 - - [07/Dec/2014:01:28:31 -0500] "GET /forest/css/index.css HTTP/1.1" 304 -
186.154.84.82 - - [07/Dec/2014:01:28:31 -0500] "GET /forest/1ibre/protoaculous.js HTTP/1.1" 304 -
186.154.84.82 - - [07/Dec/2014:01:28:31 -0500] "GET /forest/1ibre/1ibre.js HTTP/1.1" 304 -
186.154.84.82 - - [07/Dec/2014:01:28:31 -0500] "GET /forest/system/process.jsp?numPro=2470570 HTTP/1.1" 200 29313
186.154.84.82 - - [07/Dec/2014:01:28:31 -0500] "GET /forest/skins/gdocs-jar/img/icons/doc.gif HTTP/1.1" 200 140
66.249.67.103 - - [07/Dec/2014:01:28:37 -0500] "GET /dama/libreria/pdf/pdf_entrenubes/a3.pdf HTTP/1.1" 404 1019
66.249.67.83 - - [07/Dec/2014:01:28:53 -0500] "GET /BLA/resoluciones/RESOLUCIONES%202007/RES%202007%202501%20AL%202600/RESOLUCION%202520%20DE%202007.pdf HTTP/1.1" 200 541519
186.145.58.53 - - [07/Dec/2014:01:29:04 -0500] "POST /forms/lservlet;jsessionid=ac16012b30d5109776a2da85467499a7bcf98a4453c6.e3iSbxaKaheRe34Sa3yKbhiTahb0n6jAmljGr5XDqQLvpAe HTTP/1.1" 200 2
66.249.67.75 - - [07/Dec/2014:01:29:20 -0500] "GET /resoluciones/RESOLUCIONES%202008/4905.pdf HTTP/1.1" 404 1018
188.165.15.98 - - [07/Dec/2014:01:29:23 -0500] "GET /BLA/resoluciones/RESOLUCIONES%202006/RES%202006%202351-2400/00002376.tif HTTP/1.1" 200 179674
186.154.84.82 - - [07/Dec/2014:01:29:23 -0500] "GET /forest/buscar.do?type=procesos HTTP/1.1" 200 97360
186.154.84.82 - - [07/Dec/2014:01:29:27 -0500] "GET /forest/json.do?query=usersByDep&coddep=7019 HTTP/1.1" 200 1486
186.154.84.82 - - [07/Dec/2014:01:29:28 -0500] "GET /forest/json.do?query=usersByDep&coddep=7019 HTTP/1.1" 200 1486
66.249.67.75 - - [07/Dec/2014:01:29:37 -0500] "GET /BLA/resoluciones/Autos%202008/2548.pdf HTTP/1.1" 200 98023
186.154.84.82 - - [07/Dec/2014:01:29:39 -0500] "POST /forest/buscar.do? HTTP/1.1" 200 5170
186.154.84.82 - - [07/Dec/2014:01:29:42 -0500] "GET /forest/skins/gdocs-jar/popup/popup.jsp?width=900&height=600&title=Informaci%F3n%20de%20proceso&uri=/forest/system/process.jsp%3FnumPro%3D2961515&name=undefined&_a=0.09814758179709315&a=0.6313986042514443 HTTP/1.1" 200 1312
186.154.84.82 - - [07/Dec/2014:01:29:42 -0500] "GET /forest/system/process.jsp?numPro=2961515 HTTP/1.1" 200 18159
186.154.84.82 - - [07/Dec/2014:01:30:00 -0500] "GET /forest/skins/gdocs-jar/popup/popup.jsp?width=900&height=600&title=Informaci%F3n%20de%20proceso&uri=/forest/system/process.jsp%3FnumPro%3D2961515&name=undefined&_a=0.47956772218458354&a=0.052088226191699505 HTTP/1.1" 200 1312
186.154.84.82 - - [07/Dec/2014:01:29:43 -0500] "GET /forest/system/process.jsp?numPro=2961515 HTTP/1.1" 200 18158
186.154.84.82 - - [07/Dec/2014:01:30:01 -0500] "GET /forest/system/process.jsp?numPro=2961515 HTTP/1.1" 200 62613
186.154.84.82 - - [07/Dec/2014:01:30:21 -0500] "GET /forest/documentos/1968342/2014IE197941.docx HTTP/1.1" 200 189757
66.249.67.83 - - [07/Dec/2014:01:31:02 -0500] "GET /BLA/resoluciones/RESOLUCIONES%202007/RES%202007%203201%20AL%203300/RESOLUCION%203277%20DE%202007.pdf HTTP/1.1" 200 251872
186.145.58.53 - - [07/Dec/2014:01:31:07 -0500] "POST /forms/lservlet;jsessionid=ac16012b30d5109776a2da85467499a7bcf98a4453c6.e3iSbxaKaheRe34Sa3yKbhiTahb0n6jAmljGr5XDqQLvpAe HTTP/1.1" 200 2
186.154.84.82 - - [07/Dec/2014:01:31:31 -0500] "GET /forest/buscar.do?type=procesos HTTP/1.1" 200 97360
186.154.84.82 - - [07/Dec/2014:01:31:32 -0500] "GET /forest/json.do?query=usersByDep&coddep=7019 HTTP/1.1" 200 1486
186.154.84.82 - - [07/Dec/2014:01:31:32 -0500] "GET /forest/json.do?query=usersByDep&coddep=7019 HTTP/1.1" 200 1486
186.154.84.82 - - [07/Dec/2014:01:31:46 -0500] "POST /forest/buscar.do? HTTP/1.1" 200 5360
123.125.71.50 - - [07/Dec/2014:01:31:56 -0500] "GET / HTTP/1.1" 302 -
220.181.108.155 - - [07/Dec/2014:01:31:56 -0500] "GET /pot/pot3.htm HTTP/1.1" 404 1015
180.76.6.142 - - [07/Dec/2014:01:31:56 -0500] "GET /robots.txt HTTP/1.1" 404 1015
66.249.67.67 - - [07/Dec/2014:01:32:02 -0500] "GET /BLA/resoluciones/RESOLUCIONES%202010/4936.pdf HTTP/1.1" 200 754099
186.154.84.82 - - [07/Dec/2014:01:32:02 -0500] "GET /forest/buscar.do?type=procesos HTTP/1.1" 200 97360
186.154.84.82 - - [07/Dec/2014:01:32:04 -0500] "GET /forest/json.do?query=usersByDep&coddep=7019 HTTP/1.1" 200 1486
186.154.84.82 - - [07/Dec/2014:01:32:04 -0500] "GET /forest/json.do?query=usersByDep&coddep=7019 HTTP/1.1" 200 1486
186.154.84.82 - - [07/Dec/2014:01:32:14 -0500] "POST /forest/buscar.do? HTTP/1.1" 200 5170
152.61.193.99 - - [07/Dec/2014:01:32:14 -0500] "HEAD / HTTP/1.1" 302 -
152.61.193.99 - - [07/Dec/2014:01:32:15 -0500] "GET /arcgis/services/Calidad_del_Agua_WQI/MapServer/WMSServer?request=GetCapabilities&service=WMS HTTP/1.1" 200 32135
152.61.193.99 - - [07/Dec/2014:01:32:15 -0500] "GET /arcgis/services/Calidad_del_Agua_WQI/MapServer/WMSServer?request=GetCapabilities&service=WMS HTTP/1.1" 200 32135
66.249.67.83 - - [07/Dec/2014:01:32:16 -0500] "GET /BLA/resoluciones/Autos%202008/2470.pdf HTTP/1.1" 200 102607
152.61.193.99 - - [07/Dec/2014:01:32:16 -0500] "GET /arcgis/services/Calidad_del_Agua_WQI/MapServer/WMSServer?request=GetCapabilities&service=WMS HTTP/1.1" 200 32135
152.61.193.99 - - [07/Dec/2014:01:32:17 -0500] "GET /arcgis/services/Calidad_del_Agua_WQI/MapServer/WMSServer?request=GetCapabilities&service=WMS HTTP/1.1" 200 32135
186.154.84.82 - - [07/Dec/2014:01:32:17 -0500] "GET /forest/skins/gdocs-jar/popup/popup.jsp?width=900&height=600&title=Informaci%F3n%20de%20proceso&uri=/forest/system/process.jsp%3FnumPro%3D2961433&name=undefined&_a=0.7595360588748008&a=0.750602304469794 HTTP/1.1" 200 1312
186.154.84.82 - - [07/Dec/2014:01:32:18 -0500] "GET /forest/system/process.jsp?numPro=2961433 HTTP/1.1" 200 14695
152.61.193.99 - - [07/Dec/2014:01:32:17 -0500] "GET /arcgis/services/Calidad_del_Agua_WQI/MapServer/WMSServer?VERSION=1.1.1&REQUEST=GetMap&LAYERS=0&SRS=EPSG:4326&BBOX=-74.473395,3.674381,-73.963300,4.920569&WIDTH=250&HEIGHT=250&FORMAT=image/bmp&STYLES=& HTTP/1.1" 200 188054
186.154.84.82 - - [07/Dec/2014:01:32:18 -0500] "GET /forest/system/process.jsp?numPro=2961433 HTTP/1.1" 200 63145
186.154.84.82 - - [07/Dec/2014:01:32:39 -0500] "GET /forest/session.jsp?a=0.8358923264313489 HTTP/1.1" 200 4
186.154.84.82 - - [07/Dec/2014:01:32:53 -0500] "GET /forest/buscar.do?type=procesos HTTP/1.1" 200 97360
186.154.84.82 - - [07/Dec/2014:01:32:54 -0500] "GET /forest/json.do?query=usersByDep&coddep=7019 HTTP/1.1" 200 1486
186.154.84.82 - - [07/Dec/2014:01:32:54 -0500] "GET /forest/json.do?query=usersByDep&coddep=7019 HTTP/1.1" 200 1486
186.145.58.53 - - [07/Dec/2014:01:33:07 -0500] "POST /forms/lservlet;jsessionid=ac16012b30d5109776a2da85467499a7bcf98a4453c6.e3iSbxaKaheRe34Sa3yKbhiTahb0n6jAmljGr5XDqQLvpAe HTTP/1.1" 200 2
186.154.84.82 - - [07/Dec/2014:01:33:09 -0500] "POST /forest/buscar.do? HTTP/1.1" 200 5210
188.165.15.110 - - [07/Dec/2014:01:33:11 -0500] "GET /BLA/resoluciones/RESOLUCIONES%202004/RES%202004%201451-1500/00001463.tif HTTP/1.1" 200 308290
74.86.158.107 - - [07/Dec/2014:01:33:13 -0500] "HEAD / HTTP/1.1" 302 -
188.165.15.87 - - [07/Dec/2014:01:33:24 -0500] "GET /BLA/resoluciones/RESOLUCIONES%202005/RES%202005%201851-1900/00001861.tif HTTP/1.1" 200 293766
186.154.84.82 - - [07/Dec/2014:01:33:33 -0500] "GET /forest/buscar.do?type=procesos HTTP/1.1" 200 97360
186.154.84.82 - - [07/Dec/2014:01:33:34 -0500] "GET /forest/json.do?query=usersByDep&coddep=7019 HTTP/1.1" 200 1486
186.154.84.82 - - [07/Dec/2014:01:33:35 -0500] "GET /forest/json.do?query=usersByDep&coddep=7019 HTTP/1.1" 200 1486
186.154.84.82 - - [07/Dec/2014:01:33:49 -0500] "POST /forest/buscar.do? HTTP/1.1" 200 5145
186.154.84.82 - - [07/Dec/2014:01:33:52 -0500] "GET /forest/skins/gdocs-jar/popup/popup.jsp?width=900&height=600&title=Informaci%F3n%20de%20proceso&uri=/forest/system/process.jsp%3FnumPro%3D2784185&name=undefined&_a=0.4587513296864927&a=0.7933768802322447 HTTP/1.1" 200 1312
186.154.84.82 - - [07/Dec/2014:01:33:52 -0500] "GET /forest/system/process.jsp?numPro=2784185 HTTP/1.1" 200 18159
186.154.84.82 - - [07/Dec/2014:01:33:52 -0500] "GET /forest/system/process.jsp?numPro=2784185 HTTP/1.1" 200 46234
100.43.85.25 - - [07/Dec/2014:01:34:19 -0500] "GET /counter/digits/bembo/?C=D;O=A HTTP/1.1" 404 1019
186.154.84.82 - - [07/Dec/2014:01:34:24 -0500] "GET /forest/buscar.do?type=procesos HTTP/1.1" 200 97360
186.154.84.82 - - [07/Dec/2014:01:34:26 -0500] "GET /forest/json.do?query=usersByDep&coddep=7019 HTTP/1.1" 200 1486
186.154.84.82 - - [07/Dec/2014:01:34:26 -0500] "GET /forest/json.do?query=usersByDep&coddep=7019 HTTP/1.1" 200 1486
180.76.6.231 - - [07/Dec/2014:01:34:27 -0500] "GET /BLA/resoluciones/RESOLUCIONES%202009/6382.pdf HTTP/1.1" 200 489001
180.76.6.159 - - [07/Dec/2014:01:34:27 -0500] "GET /BLA/resoluciones/AUTOS%202012/1647.pdf HTTP/1.1" 200 394658
180.76.6.141 - - [07/Dec/2014:01:34:30 -0500] "GET /BLA/resoluciones/RESOLUCIONES%202009/2211.pdf HTTP/1.1" 200 707860
180.76.5.145 - - [07/Dec/2014:01:34:31 -0500] "GET /BLA/resoluciones/RESOLUCIONES%202010/4356.pdf HTTP/1.1" 200 498267
186.154.84.82 - - [07/Dec/2014:01:34:41 -0500] "POST /forest/buscar.do? HTTP/1.1" 200 5358
180.76.5.177 - - [07/Dec/2014:01:34:44 -0500] "GET /BLA/resoluciones/RESOLUCIONES%202007/RES%202007%203601%20AL%203700/RESOLUCION%203613%20DE%202007.pdf HTTP/1.1" 200 401493
202.46.62.82 - - [07/Dec/2014:01:34:56 -0500] "GET /BLA/resoluciones/RESOLUCIONES%202007/RES%202007%203101%20AL%203200/RESOLUCION%203156%20DE%202007.pdf HTTP/1.1" 200 674374
186.154.84.82 - - [07/Dec/2014:01:34:55 -0500] "GET /forest/usutareas.do?group_system_actual=3&codAct=915&numPro=2754459&codPro=95&fecTra=2014-10-09%2017:19:19.0&codInst=2775816&codTraEsc=16662951 HTTP/1.1" 200 115440
186.154.84.82 - - [07/Dec/2014:01:34:57 -0500] "GET /forest/img/warning.gif HTTP/1.1" 304 -
186.154.84.82 - - [07/Dec/2014:01:34:57 -0500] "GET /forest/session.jsp?a=0.7278364561498165 HTTP/1.1" 200 4
186.145.58.53 - - [07/Dec/2014:01:35:08 -0500] "POST /forms/lservlet;jsessionid=ac16012b30d5109776a2da85467499a7bcf98a4453c6.e3iSbxaKaheRe34Sa3yKbhiTahb0n6jAmljGr5XDqQLvpAe HTTP/1.1" 200 2
186.154.84.82 - - [07/Dec/2014:01:35:14 -0500] "GET /forest/borrador/1310672/UPA%20ORQUIDEAS%20.docx HTTP/1.1" 200 272651
180.76.5.62 - - [07/Dec/2014:01:35:43 -0500] "GET /BLA/resoluciones/RESOLUCIONES%202008/4026.pdf HTTP/1.1" 200 245319
186.154.84.82 - - [07/Dec/2014:01:35:59 -0500] "GET /forest/skins/gdocs-jar/popup/escritorio/subirborrador.jsp?form=Correspondencia_Elaborar_Documento_Electronico&codTpl=&codBorr=446242&a=0.6245203213766217 HTTP/1.1" 200 23292
186.154.84.82 - - [07/Dec/2014:01:35:59 -0500] "GET /forest/json.do?query=borradoresByTpls&codInst=2775816&codTare=694&firma=0&a=0.9055743939243257 HTTP/1.1" 200 173
186.154.84.82 - - [07/Dec/2014:01:35:59 -0500] "GET /forest/json.do?query=plantillasByTarea&codTare=694&codInst=2775816&firma=0&a=0.53330472484231 HTTP/1.1" 200 904
186.154.84.82 - - [07/Dec/2014:01:35:59 -0500] "GET /forest/json.do?query=terceroById&numTer=899999061-9%20SDA&a=0.1461417400278151 HTTP/1.1" 200 692
186.154.84.82 - - [07/Dec/2014:01:35:59 -0500] "GET /forest/json.do?query=datosBorradorByCodTraBorr&codTraBorr=1310672&a=0.44473616406321526 HTTP/1.1" 200 180
186.154.84.82 - - [07/Dec/2014:01:36:00 -0500] "GET /forest/json.do?query=ultimoBorradorByTpl&codTpl=621&codInst=2775816&a=0.4952211291529238 HTTP/1.1" 200 2
186.154.84.82 - - [07/Dec/2014:01:36:00 -0500] "GET /forest/json.do?query=adjuntosByBorrador&codTraBorr=1310672&a=0.6407528461422771 HTTP/1.1" 200 46
186.154.84.82 - - [07/Dec/2014:01:36:00 -0500] "GET /forest/json.do?query=ultimoBorradorByTpl&codTpl=1201&codInst=2775816&a=0.12796158040873706 HTTP/1.1" 200 2
186.154.84.82 - - [07/Dec/2014:01:36:00 -0500] "GET /forest/json.do?query=ultimoBorradorByTpl&codTpl=641&codInst=2775816&a=0.35491347569040954 HTTP/1.1" 200 20
186.154.84.82 - - [07/Dec/2014:01:36:00 -0500] "GET /forest/json.do?query=ultimoBorradorByTpl&codTpl=901&codInst=2775816&a=0.1996649221982807 HTTP/1.1" 200 2
186.154.84.82 - - [07/Dec/2014:01:36:00 -0500] "GET /forest/json.do?query=ultimoBorradorByTpl&codTpl=501&codInst=2775816&a=0.5090716120321304 HTTP/1.1" 200 2
186.154.84.82 - - [07/Dec/2014:01:36:00 -0500] "GET /forest/json.do?query=ultimoBorradorByTpl&codTpl=1301&codInst=2775816&a=0.1770362933166325 HTTP/1.1" 200 2
66.249.67.67 - - [07/Dec/2014:01:36:01 -0500] "GET /PORTAL_SIAC/swf/videos/DiadelaMujer2011_WEB.jpg HTTP/1.1" 200 223308
186.154.84.82 - - [07/Dec/2014:01:36:18 -0500] "POST /forest/usutareas.do?group_system_actual=3 HTTP/1.1" 200 190
188.165.15.98 - - [07/Dec/2014:01:36:31 -0500] "GET /BLA/resoluciones/index.php?dir=RESOLUCIONES%202004/RES%202004%201901-1950/&sort=date&order=desc HTTP/1.1" 200 12349
186.154.84.82 - - [07/Dec/2014:01:34:57 -0500] "GET /ForestMSG_SDA/channelAsync/template_word_16662951?X-Atmosphere-tracking-id=af619021-f467-5436-269b-b536ae39051f&X-Atmosphere-Framework=1.0.5&X-Atmosphere-Transport=long-polling&tabid=0.7478052352089435&X-Cache-Date=0&Content-Type=application/xml&_=1417934240719 HTTP/1.1" 200 8193
186.154.84.82 - - [07/Dec/2014:01:36:50 -0500] "GET /forest/usutareas.do?group_system_actual=3&a=0.0562854188028723 HTTP/1.1" 200 115446
186.154.84.82 - - [07/Dec/2014:01:36:52 -0500] "GET /forest/session.jsp?a=0.14876741380430758 HTTP/1.1" 200 4
186.154.84.82 - - [07/Dec/2014:01:36:59 -0500] "POST /forest/usutareas.do? HTTP/1.1" 200 76
186.154.84.82 - - [07/Dec/2014:01:37:02 -0500] "GET /forest/usutareas.do?group_system_actual=3&a=0.39116705069318414 HTTP/1.1" 200 19609
186.154.84.82 - - [07/Dec/2014:01:37:03 -0500] "GET /forest/session.jsp?a=0.7191400611773133 HTTP/1.1" 200 4
186.154.84.82 - - [07/Dec/2014:01:37:05 -0500] "GET /forest/index2.jsp?_a=0.8433490509632975 HTTP/1.1" 200 260080
186.154.84.82 - - [07/Dec/2014:01:37:07 -0500] "GET /forest/session.jsp?a=0.1637063764501363 HTTP/1.1" 200 4
186.145.58.53 - - [07/Dec/2014:01:37:08 -0500] "POST /forms/lservlet;jsessionid=ac16012b30d5109776a2da85467499a7bcf98a4453c6.e3iSbxaKaheRe34Sa3yKbhiTahb0n6jAmljGr5XDqQLvpAe HTTP/1.1" 200 2
186.145.58.53 - - [07/Dec/2014:01:37:30 -0500] "POST /forms/lservlet;jsessionid=ac16012b30d5109776a2da85467499a7bcf98a4453c6.e3iSbxaKaheRe34Sa3yKbhiTahb0n6jAmljGr5XDqQLvpAe HTTP/1.1" 200 53
186.145.58.53 - - [07/Dec/2014:01:37:31 -0500] "POST /forms/lservlet;jsessionid=ac16012b30d5109776a2da85467499a7bcf98a4453c6.e3iSbxaKaheRe34Sa3yKbhiTahb0n6jAmljGr5XDqQLvpAe HTTP/1.1" 200 2
186.145.58.53 - - [07/Dec/2014:01:37:31 -0500] "POST /forms/lservlet;jsessionid=ac16012b30d5109776a2da85467499a7bcf98a4453c6.e3iSbxaKaheRe34Sa3yKbhiTahb0n6jAmljGr5XDqQLvpAe HTTP/1.1" 200 2382
186.145.58.53 - - [07/Dec/2014:01:37:31 -0500] "GET /imagenes/Srch_frw.gif HTTP/1.1" 200 925
186.145.58.53 - - [07/Dec/2014:01:37:31 -0500] "POST /forms/lservlet;jsessionid=ac16012b30d5109776a2da85467499a7bcf98a4453c6.e3iSbxaKaheRe34Sa3yKbhiTahb0n6jAmljGr5XDqQLvpAe HTTP/1.1" 200 10
186.145.58.53 - - [07/Dec/2014:01:37:33 -0500] "POST /forms/lservlet;jsessionid=ac16012b30d5109776a2da85467499a7bcf98a4453c6.e3iSbxaKaheRe34Sa3yKbhiTahb0n6jAmljGr5XDqQLvpAe HTTP/1.1" 200 24
186.154.84.82 - - [07/Dec/2014:01:37:33 -0500] "GET /forest/skins/gdocs-jar/popup/popup.jsp?width=1100&height=500&title=Buscar%20procesos&uri=/forest/buscar.do%3Ftype%3Dprocesos&name=undefined&_a=0.3173546106554568&a=0.02413838403299451 HTTP/1.1" 200 1296
186.145.58.53 - - [07/Dec/2014:01:37:33 -0500] "POST /forms/lservlet;jsessionid=ac16012b30d5109776a2da85467499a7bcf98a4453c6.e3iSbxaKaheRe34Sa3yKbhiTahb0n6jAmljGr5XDqQLvpAe HTTP/1.1" 200 14
186.154.84.82 - - [07/Dec/2014:01:37:34 -0500] "GET /forest/buscar.do?type=procesos HTTP/1.1" 200 97360
186.145.58.53 - - [07/Dec/2014:01:37:34 -0500] "POST /forms/lservlet;jsessionid=ac16012b30d5109776a2da85467499a7bcf98a4453c6.e3iSbxaKaheRe34Sa3yKbhiTahb0n6jAmljGr5XDqQLvpAe HTTP/1.1" 200 7124
186.145.58.53 - - [07/Dec/2014:01:37:34 -0500] "POST /forms/lservlet;jsessionid=ac16012b30d5109776a2da85467499a7bcf98a4453c6.e3iSbxaKaheRe34Sa3yKbhiTahb0n6jAmljGr5XDqQLvpAe HTTP/1.1" 200 2
186.154.84.82 - - [07/Dec/2014:01:37:35 -0500] "GET /forest/json.do?query=usersByDep&coddep=7019 HTTP/1.1" 200 1486
186.154.84.82 - - [07/Dec/2014:01:37:35 -0500] "GET /forest/json.do?query=usersByDep&coddep=7019 HTTP/1.1" 200 1486
186.145.58.53 - - [07/Dec/2014:01:37:38 -0500] "POST /forms/lservlet;jsessionid=ac16012b30d5109776a2da85467499a7bcf98a4453c6.e3iSbxaKaheRe34Sa3yKbhiTahb0n6jAmljGr5XDqQLvpAe HTTP/1.1" 200 2
186.145.58.53 - - [07/Dec/2014:01:37:38 -0500] "POST /forms/lservlet;jsessionid=ac16012b30d5109776a2da85467499a7bcf98a4453c6.e3iSbxaKaheRe34Sa3yKbhiTahb0n6jAmljGr5XDqQLvpAe HTTP/1.1" 200 14
186.145.58.53 - - [07/Dec/2014:01:37:40 -0500] "POST /forms/lservlet;jsessionid=ac16012b30d5109776a2da85467499a7bcf98a4453c6.e3iSbxaKaheRe34Sa3yKbhiTahb0n6jAmljGr5XDqQLvpAe HTTP/1.1" 200 14
186.145.58.53 - - [07/Dec/2014:01:37:41 -0500] "POST /forms/lservlet;jsessionid=ac16012b30d5109776a2da85467499a7bcf98a4453c6.e3iSbxaKaheRe34Sa3yKbhiTahb0n6jAmljGr5XDqQLvpAe HTTP/1.1" 200 14
