191.79.84.138 - - [07/Dec/2014:10:19:21 -0500] "GET /galeria/nivo-slider/demo/images/Banner-GAE3.jpg HTTP/1.1" 200 146354
191.79.84.138 - - [07/Dec/2014:10:19:21 -0500] "GET /galeria/nivo-slider/demo/images/Banner-comparendo.jpg HTTP/1.1" 200 388762
191.79.84.138 - - [07/Dec/2014:10:19:21 -0500] "GET /galeria/nivo-slider/demo/images/Biotaxis-Man.jpg HTTP/1.1" 200 99362
191.79.84.138 - - [07/Dec/2014:10:19:22 -0500] "GET /galeria/nivo-slider/demo/images/porloshumedales.jpg HTTP/1.1" 200 351238
191.79.84.138 - - [07/Dec/2014:10:19:22 -0500] "GET /galeria/nivo-slider/demo/images/Tingua-azul.jpg HTTP/1.1" 200 307638
191.79.84.138 - - [07/Dec/2014:10:19:22 -0500] "GET /galeria/nivo-slider/demo/images/Banner-Caracol-Africano.jpg HTTP/1.1" 200 331986
191.79.84.138 - - [07/Dec/2014:10:19:22 -0500] "GET /galeria/nivo-slider/demo/images/banner-redes.jpg HTTP/1.1" 200 62209
191.79.84.138 - - [07/Dec/2014:10:19:22 -0500] "GET /galeria/nivo-slider/demo/images/9Signos.jpg HTTP/1.1" 200 93040
191.79.84.138 - - [07/Dec/2014:10:19:22 -0500] "GET /galeria/nivo-slider/demo/images/banner-caballos.png HTTP/1.1" 200 389106
191.79.84.138 - - [07/Dec/2014:10:19:22 -0500] "GET /galeria/nivo-slider/demo/images/Hacienda_Molinos.jpg HTTP/1.1" 200 319171
191.79.84.138 - - [07/Dec/2014:10:19:23 -0500] "GET /galeria/nivo-slider/demo/images/bannerEcolecta3.jpg HTTP/1.1" 200 280034
191.79.84.138 - - [07/Dec/2014:10:19:26 -0500] "GET /galeria/nivo-slider/themes/default/bullets.png HTTP/1.1" 200 1281
191.79.84.138 - - [07/Dec/2014:10:19:26 -0500] "GET /galeria/nivo-slider/themes/default/arrows.png HTTP/1.1" 200 824
181.54.57.138 - - [07/Dec/2014:10:19:29 -0500] "POST /forms/lservlet;jsessionid=ac16012b30d53b3759ae0cc748f689c0f278839fad92.e3iSbxaKaheRe34Sa3yKbhiTahb0n6jAmljGr5XDqQLvpAe HTTP/1.1" 200 2
191.79.84.138 - - [07/Dec/2014:10:19:35 -0500] "GET /videos/Spot_CambioClimatico.flv HTTP/1.1" 200 4371917
191.79.35.157 - - [07/Dec/2014:10:19:47 -0500] "GET /BLA/boletinlegal/js/jquery.scrollTo-min.js HTTP/1.1" 200 1150
191.79.35.157 - - [07/Dec/2014:10:19:47 -0500] "GET /BLA/boletinlegal/js/jquery.scrollShow.js HTTP/1.1" 200 4586
191.79.35.157 - - [07/Dec/2014:10:19:47 -0500] "GET /BLA/boletinlegal/js/jquery.js HTTP/1.1" 200 57254
186.147.40.197 - - [07/Dec/2014:10:19:49 -0500] "GET /BLA/boletinlegal/js/jquery.js HTTP/1.1" 200 57254
186.147.40.197 - - [07/Dec/2014:10:19:49 -0500] "GET /BLA/boletinlegal/js/jquery.scrollTo-min.js HTTP/1.1" 200 1150
186.147.40.197 - - [07/Dec/2014:10:19:49 -0500] "GET /BLA/boletinlegal/js/jquery.scrollShow.js HTTP/1.1" 200 4586
104.179.12.219 - - [07/Dec/2014:10:20:20 -0500] "GET /BLA/resoluciones/RESOLUCIONES%202010/5588.pdf HTTP/1.1" 200 227500
190.249.127.65 - - [07/Dec/2014:10:20:32 -0500] "GET /BLA/boletinlegal/js/jquery.js HTTP/1.1" 200 57254
190.249.127.65 - - [07/Dec/2014:10:20:32 -0500] "GET /BLA/boletinlegal/js/jquery.scrollTo-min.js HTTP/1.1" 200 1150
190.249.127.65 - - [07/Dec/2014:10:20:32 -0500] "GET /BLA/boletinlegal/js/jquery.scrollShow.js HTTP/1.1" 200 4586
186.84.50.43 - - [07/Dec/2014:10:20:34 -0500] "POST /forms/lservlet;jsessionid=ac16012b30d57908af430775410a9a859d7a4e2aeca6.e3iSbxaKaheRe34Sa3yKbhiTahb0n6jAmljGr5XDqQLvpAe HTTP/1.1" 200 2
190.249.127.65 - - [07/Dec/2014:10:20:34 -0500] "GET /videos/CRRFFS.mp4 HTTP/1.1" 200 286784363
188.165.15.204 - - [07/Dec/2014:10:20:43 -0500] "GET /BLA/resoluciones/RESOLUCIONES%202006/RES%202006%20951-1000/00000959.tif HTTP/1.1" 200 245494
190.253.129.92 - - [07/Dec/2014:10:21:19 -0500] "GET /BLA/boletinlegal/js/jquery.js HTTP/1.1" 200 57254
190.253.129.92 - - [07/Dec/2014:10:21:19 -0500] "GET /BLA/boletinlegal/js/jquery.scrollTo-min.js HTTP/1.1" 200 1150
190.253.129.92 - - [07/Dec/2014:10:21:19 -0500] "GET /BLA/boletinlegal/js/jquery.scrollShow.js HTTP/1.1" 200 4586
181.54.57.138 - - [07/Dec/2014:10:21:29 -0500] "POST /forms/lservlet;jsessionid=ac16012b30d53b3759ae0cc748f689c0f278839fad92.e3iSbxaKaheRe34Sa3yKbhiTahb0n6jAmljGr5XDqQLvpAe HTTP/1.1" 200 2
188.165.15.224 - - [07/Dec/2014:10:21:35 -0500] "GET /BLA/resoluciones/RESOLUCIONES%202003/RES%202003%201551-1601/20031573.tif HTTP/1.1" 200 81952
180.76.5.23 - - [07/Dec/2014:10:22:09 -0500] "GET /BLA/boletinlegal/Circulares/2012/Circular%20No.%2011%20del%2027%20de%20Agosto%20de%202012.pdf HTTP/1.1" 200 526945
66.249.67.75 - - [07/Dec/2014:10:22:28 -0500] "GET /BLA/resoluciones/RESOLUCIONES%202010/3682.pdf HTTP/1.1" 200 893366
186.84.50.43 - - [07/Dec/2014:10:22:34 -0500] "POST /forms/lservlet;jsessionid=ac16012b30d57908af430775410a9a859d7a4e2aeca6.e3iSbxaKaheRe34Sa3yKbhiTahb0n6jAmljGr5XDqQLvpAe HTTP/1.1" 200 2
188.165.15.64 - - [07/Dec/2014:10:22:53 -0500] "GET /BLA/resoluciones/index.php?dir=RESOLUCIONES%202005/RES%202005%201151-1200/&sort=date&order=asc HTTP/1.1" 200 12362
188.165.15.192 - - [07/Dec/2014:10:23:07 -0500] "GET /manual_funciones_Listado/index.php?dir=2.2.1.%20Subdirecci%C3%83%C2%B3n%20de%20Control%20Ambiental%20al%20Sector%20P%C3%83%C2%BAblico/&sort=size&order=desc HTTP/1.1" 404 1018
74.86.158.107 - - [07/Dec/2014:10:23:12 -0500] "HEAD / HTTP/1.1" 302 -
181.54.57.138 - - [07/Dec/2014:10:23:29 -0500] "POST /forms/lservlet;jsessionid=ac16012b30d53b3759ae0cc748f689c0f278839fad92.e3iSbxaKaheRe34Sa3yKbhiTahb0n6jAmljGr5XDqQLvpAe HTTP/1.1" 200 2
100.43.85.25 - - [07/Dec/2014:10:23:36 -0500] "GET /htdocs/fur/?C=M;O=A HTTP/1.1" 404 1019
181.54.92.47 - - [07/Dec/2014:10:24:09 -0500] "GET /galeria/nivo-slider/demo/demo.html HTTP/1.1" 200 3572
181.54.92.47 - - [07/Dec/2014:10:24:09 -0500] "GET /galeria/nivo-slider/demo/images/banner-musgo.jpg HTTP/1.1" 200 49513
181.54.92.47 - - [07/Dec/2014:10:24:09 -0500] "GET /galeria/nivo-slider/demo/images/RdaNegociosFiltros.jpg HTTP/1.1" 304 -
181.54.92.47 - - [07/Dec/2014:10:24:09 -0500] "GET /galeria/nivo-slider/demo/images/Jornada-adopcion.jpg HTTP/1.1" 304 -
181.54.92.47 - - [07/Dec/2014:10:24:09 -0500] "GET /galeria/nivo-slider/demo/images/BogotaSostenible.jpg HTTP/1.1" 304 -
181.54.92.47 - - [07/Dec/2014:10:24:09 -0500] "GET /galeria/nivo-slider/demo/images/Banner-comparendo.jpg HTTP/1.1" 304 -
181.54.92.47 - - [07/Dec/2014:10:24:09 -0500] "GET /galeria/nivo-slider/demo/images/Banner-GAE3.jpg HTTP/1.1" 304 -
181.54.92.47 - - [07/Dec/2014:10:24:09 -0500] "GET /galeria/nivo-slider/demo/images/Biotaxis-Man.jpg HTTP/1.1" 304 -
181.54.92.47 - - [07/Dec/2014:10:24:09 -0500] "GET /galeria/nivo-slider/demo/images/porloshumedales.jpg HTTP/1.1" 304 -
181.54.92.47 - - [07/Dec/2014:10:24:10 -0500] "GET /galeria/nivo-slider/demo/images/banner-caballos.png HTTP/1.1" 206 33140
181.54.92.47 - - [07/Dec/2014:10:24:10 -0500] "GET /galeria/nivo-slider/demo/images/bannerEcolecta3.jpg HTTP/1.1" 206 198549
181.54.92.47 - - [07/Dec/2014:10:24:10 -0500] "GET /galeria/nivo-slider/demo/scripts/jquery-1.7.1.min.js HTTP/1.1" 206 38674
181.54.92.47 - - [07/Dec/2014:10:24:15 -0500] "GET /galeria/nivo-slider/themes/default/arrows.png HTTP/1.1" 200 824
181.54.92.47 - - [07/Dec/2014:10:24:15 -0500] "GET /galeria/nivo-slider/themes/default/bullets.png HTTP/1.1" 200 1281
198.170.241.46 - - [07/Dec/2014:10:24:26 -0500] "GET /wordpress/wp-admin/ HTTP/1.1" 404 1018
186.84.50.43 - - [07/Dec/2014:10:24:34 -0500] "POST /forms/lservlet;jsessionid=ac16012b30d57908af430775410a9a859d7a4e2aeca6.e3iSbxaKaheRe34Sa3yKbhiTahb0n6jAmljGr5XDqQLvpAe HTTP/1.1" 200 2
181.54.206.51 - - [07/Dec/2014:10:25:10 -0500] "GET /Report2/login.do HTTP/1.1" 200 4338
181.54.206.51 - - [07/Dec/2014:10:25:10 -0500] "GET /Report2/styles/estilos.css HTTP/1.1" 200 2523
181.54.206.51 - - [07/Dec/2014:10:25:10 -0500] "GET /Report2/img/bgHeader.gif HTTP/1.1" 200 230
181.54.206.51 - - [07/Dec/2014:10:25:10 -0500] "GET /Report2/img/cliente/backgroundLoginFooter.png HTTP/1.1" 200 25785
181.54.206.51 - - [07/Dec/2014:10:25:10 -0500] "GET /Report2/img/cliente/logo.png HTTP/1.1" 200 59691
181.54.206.51 - - [07/Dec/2014:10:25:10 -0500] "GET /Report2/img/cliente/backgroundLogin.png HTTP/1.1" 200 210428
181.54.206.51 - - [07/Dec/2014:10:25:10 -0500] "GET /favicon.ico HTTP/1.1" 200 7782
181.54.206.51 - - [07/Dec/2014:10:25:22 -0500] "POST /Report2/login.do;jsessionid=0B74B52BCBCBE134DD87E1137AC4EE81 HTTP/1.1" 200 4298
181.54.206.51 - - [07/Dec/2014:10:25:24 -0500] "POST /Report2/login.do HTTP/1.1" 200 4298
181.54.57.138 - - [07/Dec/2014:10:25:29 -0500] "POST /forms/lservlet;jsessionid=ac16012b30d53b3759ae0cc748f689c0f278839fad92.e3iSbxaKaheRe34Sa3yKbhiTahb0n6jAmljGr5XDqQLvpAe HTTP/1.1" 200 2
181.54.206.51 - - [07/Dec/2014:10:25:33 -0500] "POST /Report2/login.do HTTP/1.1" 200 4298
186.84.50.43 - - [07/Dec/2014:10:25:36 -0500] "POST /forms/lservlet;jsessionid=ac16012b30d57908af430775410a9a859d7a4e2aeca6.e3iSbxaKaheRe34Sa3yKbhiTahb0n6jAmljGr5XDqQLvpAe HTTP/1.1" 200 90
186.84.50.43 - - [07/Dec/2014:10:25:37 -0500] "POST /forms/lservlet;jsessionid=ac16012b30d57908af430775410a9a859d7a4e2aeca6.e3iSbxaKaheRe34Sa3yKbhiTahb0n6jAmljGr5XDqQLvpAe HTTP/1.1" 200 2
186.84.50.43 - - [07/Dec/2014:10:25:40 -0500] "POST /forms/lservlet;jsessionid=ac16012b30d57908af430775410a9a859d7a4e2aeca6.e3iSbxaKaheRe34Sa3yKbhiTahb0n6jAmljGr5XDqQLvpAe HTTP/1.1" 200 11
186.84.50.43 - - [07/Dec/2014:10:25:42 -0500] "POST /forms/lservlet;jsessionid=ac16012b30d57908af430775410a9a859d7a4e2aeca6.e3iSbxaKaheRe34Sa3yKbhiTahb0n6jAmljGr5XDqQLvpAe HTTP/1.1" 200 7
188.165.15.162 - - [07/Dec/2014:10:25:59 -0500] "GET /BLA/resoluciones/RESOLUCIONES%202005/RES%202005%202551-2600/00002599.tif HTTP/1.1" 200 207294
186.84.50.43 - - [07/Dec/2014:10:26:34 -0500] "POST /forms/lservlet;jsessionid=ac16012b30d57908af430775410a9a859d7a4e2aeca6.e3iSbxaKaheRe34Sa3yKbhiTahb0n6jAmljGr5XDqQLvpAe HTTP/1.1" 200 2
188.165.15.162 - - [07/Dec/2014:10:26:56 -0500] "GET /BLA/resoluciones/RESOLUCIONES%202005/RES%202005%20901-950/00000932.tif HTTP/1.1" 200 123854
181.54.57.138 - - [07/Dec/2014:10:27:30 -0500] "POST /forms/lservlet;jsessionid=ac16012b30d53b3759ae0cc748f689c0f278839fad92.e3iSbxaKaheRe34Sa3yKbhiTahb0n6jAmljGr5XDqQLvpAe HTTP/1.1" 200 2
66.249.67.67 - - [07/Dec/2014:10:27:32 -0500] "GET /BLA/resoluciones/RESOLUCIONES%202010/5974.pdf HTTP/1.1" 200 278759
180.76.6.157 - - [07/Dec/2014:10:27:34 -0500] "GET /BLA/resoluciones/RESOLUCIONES%202010/0883.pdf HTTP/1.1" 200 105422
66.249.67.83 - - [07/Dec/2014:10:27:42 -0500] "GET /BLA/resoluciones/RESOLUCIONES%202007/RES%202007%202501%20AL%202600/RESOLUCION%202566%20%20DE%202007.pdf HTTP/1.1" 200 144937
74.86.158.107 - - [07/Dec/2014:10:28:12 -0500] "HEAD / HTTP/1.1" 302 -
186.84.50.43 - - [07/Dec/2014:10:28:34 -0500] "POST /forms/lservlet;jsessionid=ac16012b30d57908af430775410a9a859d7a4e2aeca6.e3iSbxaKaheRe34Sa3yKbhiTahb0n6jAmljGr5XDqQLvpAe HTTP/1.1" 200 2
181.54.57.138 - - [07/Dec/2014:10:29:31 -0500] "POST /forms/lservlet;jsessionid=ac16012b30d53b3759ae0cc748f689c0f278839fad92.e3iSbxaKaheRe34Sa3yKbhiTahb0n6jAmljGr5XDqQLvpAe HTTP/1.1" 200 2
186.84.50.43 - - [07/Dec/2014:10:30:34 -0500] "POST /forms/lservlet;jsessionid=ac16012b30d57908af430775410a9a859d7a4e2aeca6.e3iSbxaKaheRe34Sa3yKbhiTahb0n6jAmljGr5XDqQLvpAe HTTP/1.1" 200 2
186.154.84.82 - - [07/Dec/2014:10:30:52 -0500] "GET /forest/session.jsp?a=0.7114378199912608 HTTP/1.1" 200 5
186.154.84.82 - - [07/Dec/2014:10:30:52 -0500] "GET /forest/login.jsp?a=0.019973330199718475 HTTP/1.1" 200 2996
186.118.40.236 - - [07/Dec/2014:10:30:53 -0500] "GET /BLA/resoluciones/RESOLUCIONES%202007/RES%202007%203001%20AL%203100/RESOLUCION%203042%20DE%202007.pdf HTTP/1.1" 200 194805
186.118.40.236 - - [07/Dec/2014:10:30:53 -0500] "GET /BLA/resoluciones/RESOLUCIONES%202007/RES%202007%203001%20AL%203100/RESOLUCION%203042%20DE%202007.pdf HTTP/1.1" 206 32768
186.118.40.236 - - [07/Dec/2014:10:30:54 -0500] "GET /BLA/resoluciones/RESOLUCIONES%202007/RES%202007%203001%20AL%203100/RESOLUCION%203042%20DE%202007.pdf HTTP/1.1" 206 162037
186.118.40.236 - - [07/Dec/2014:10:30:54 -0500] "GET /favicon.ico HTTP/1.1" 200 7782
188.165.15.241 - - [07/Dec/2014:10:31:26 -0500] "GET /BLA/resoluciones/RESOLUCIONES%202004/RES%202004%201051-1100/00001061.tif HTTP/1.1" 200 8936
181.54.57.138 - - [07/Dec/2014:10:31:31 -0500] "POST /forms/lservlet;jsessionid=ac16012b30d53b3759ae0cc748f689c0f278839fad92.e3iSbxaKaheRe34Sa3yKbhiTahb0n6jAmljGr5XDqQLvpAe HTTP/1.1" 200 2
186.84.50.43 - - [07/Dec/2014:10:32:34 -0500] "POST /forms/lservlet;jsessionid=ac16012b30d57908af430775410a9a859d7a4e2aeca6.e3iSbxaKaheRe34Sa3yKbhiTahb0n6jAmljGr5XDqQLvpAe HTTP/1.1" 200 2
66.249.67.67 - - [07/Dec/2014:10:32:50 -0500] "GET /BLA/boletinlegal/js/jquery.js HTTP/1.1" 200 57254
190.68.222.69 - - [07/Dec/2014:10:33:01 -0500] "GET /BLA/resoluciones/AUTOS%202008/2304.pdf HTTP/1.1" 200 245357
190.68.222.69 - - [07/Dec/2014:10:33:05 -0500] "GET /favicon.ico HTTP/1.1" 200 7782
66.249.67.83 - - [07/Dec/2014:10:33:10 -0500] "GET /BLA/resoluciones/AUTOS%202007/2109.pdf HTTP/1.1" 304 -
74.86.158.107 - - [07/Dec/2014:10:33:12 -0500] "HEAD / HTTP/1.1" 302 -
181.54.57.138 - - [07/Dec/2014:10:33:31 -0500] "POST /forms/lservlet;jsessionid=ac16012b30d53b3759ae0cc748f689c0f278839fad92.e3iSbxaKaheRe34Sa3yKbhiTahb0n6jAmljGr5XDqQLvpAe HTTP/1.1" 200 2
180.76.5.72 - - [07/Dec/2014:10:34:28 -0500] "GET /BLA/resoluciones/AUTOS%202012/1127.pdf HTTP/1.1" 200 170499
190.158.235.134 - - [07/Dec/2014:10:34:28 -0500] "GET /BLA/boletinlegal/js/jquery.scrollShow.js HTTP/1.1" 200 4586
190.158.235.134 - - [07/Dec/2014:10:34:28 -0500] "GET /BLA/boletinlegal/js/jquery.scrollTo-min.js HTTP/1.1" 200 1150
190.158.235.134 - - [07/Dec/2014:10:34:28 -0500] "GET /BLA/boletinlegal/js/jquery.js HTTP/1.1" 200 57254
188.165.15.224 - - [07/Dec/2014:10:34:30 -0500] "GET /BLA/resoluciones/index.php?dir=RESOLUCIONES%202006/RES%202006%2051-100/&sort=name&order=asc HTTP/1.1" 200 11996
186.84.50.43 - - [07/Dec/2014:10:34:34 -0500] "POST /forms/lservlet;jsessionid=ac16012b30d57908af430775410a9a859d7a4e2aeca6.e3iSbxaKaheRe34Sa3yKbhiTahb0n6jAmljGr5XDqQLvpAe HTTP/1.1" 200 2
180.76.5.60 - - [07/Dec/2014:10:34:36 -0500] "GET /BLA/resoluciones/AUTOS%202012/0264.pdf HTTP/1.1" 200 158123
180.76.5.66 - - [07/Dec/2014:10:34:55 -0500] "GET /BLA/resoluciones/RESOLUCIONES%202011/1013.pdf HTTP/1.1" 200 631400
181.54.57.138 - - [07/Dec/2014:10:35:31 -0500] "POST /forms/lservlet;jsessionid=ac16012b30d53b3759ae0cc748f689c0f278839fad92.e3iSbxaKaheRe34Sa3yKbhiTahb0n6jAmljGr5XDqQLvpAe HTTP/1.1" 200 2
180.76.5.62 - - [07/Dec/2014:10:35:36 -0500] "GET /BLA/resoluciones/RESOLUCIONES%202010/1733.pdf HTTP/1.1" 200 484315
180.76.6.50 - - [07/Dec/2014:10:36:23 -0500] "GET /BLA/resoluciones/RESOLUCIONES%202010/2852.pdf HTTP/1.1" 200 346882
186.84.50.43 - - [07/Dec/2014:10:36:34 -0500] "POST /forms/lservlet;jsessionid=ac16012b30d57908af430775410a9a859d7a4e2aeca6.e3iSbxaKaheRe34Sa3yKbhiTahb0n6jAmljGr5XDqQLvpAe HTTP/1.1" 200 2
180.76.5.154 - - [07/Dec/2014:10:36:48 -0500] "GET /BLA/resoluciones/RESOLUCIONES%202010/6306.pdf HTTP/1.1" 200 8721922
180.76.5.189 - - [07/Dec/2014:10:37:04 -0500] "GET /BLA/resoluciones/RESOLUCIONES%202010/5265.pdf HTTP/1.1" 200 839154
180.76.6.43 - - [07/Dec/2014:10:37:15 -0500] "GET /BLA/resoluciones/RESOLUCIONES%202009/2617.pdf HTTP/1.1" 200 371079
180.76.5.171 - - [07/Dec/2014:10:37:18 -0500] "GET /BLA/resoluciones/RESOLUCIONES%202009/2311.pdf HTTP/1.1" 200 424932
180.76.5.155 - - [07/Dec/2014:10:37:20 -0500] "GET /BLA/resoluciones/AUTOS%202013/2448.pdf HTTP/1.1" 200 673810
176.9.155.84 - - [07/Dec/2014:10:37:21 -0500] "GET /robots.txt HTTP/1.1" 404 1019
176.9.155.84 - - [07/Dec/2014:10:37:21 -0500] "GET /dama/libreria/pdf/pigas/piga_tt/presiduossolidos.pdf HTTP/1.1" 404 1169
176.9.155.84 - - [07/Dec/2014:10:37:22 -0500] "GET /dama/libreria/pdf/pigas/piga_tt/presiduossolidos.pdf HTTP/1.1" 404 1169
180.76.6.146 - - [07/Dec/2014:10:37:25 -0500] "GET /portalsiaccapacitaciones/0007.%20Presentaci%C3%B3n%20RESPEL-PGIR.pdf HTTP/1.1" 404 1018
181.54.57.138 - - [07/Dec/2014:10:37:31 -0500] "POST /forms/lservlet;jsessionid=ac16012b30d53b3759ae0cc748f689c0f278839fad92.e3iSbxaKaheRe34Sa3yKbhiTahb0n6jAmljGr5XDqQLvpAe HTTP/1.1" 200 2
66.249.67.83 - - [07/Dec/2014:10:37:37 -0500] "GET /BLA/resoluciones/AUTOS%202011/2178.pdf HTTP/1.1" 304 -
180.76.6.61 - - [07/Dec/2014:10:37:55 -0500] "GET /BLA/resoluciones/AUTOS%202010/6258.pdf HTTP/1.1" 200 195654
180.76.6.152 - - [07/Dec/2014:10:37:56 -0500] "GET /BLA/resoluciones/RESOLUCIONES%202009/0703.pdf HTTP/1.1" 200 432733
180.76.6.37 - - [07/Dec/2014:10:38:00 -0500] "GET /BLA/resoluciones/RESOLUCIONES%202008/0752.pdf HTTP/1.1" 200 447804
180.76.6.21 - - [07/Dec/2014:10:38:05 -0500] "GET /BLA/resoluciones/RESOLUCIONES%202007/RES%202007%20101%20AL%20200/RESOLUCION%200114%20%20DE%202007.pdf HTTP/1.1" 200 348863
180.76.5.147 - - [07/Dec/2014:10:38:10 -0500] "GET /BLA/resoluciones/RESOLUCIONES%202009/6125.pdf HTTP/1.1" 200 587207
74.86.158.107 - - [07/Dec/2014:10:38:12 -0500] "HEAD / HTTP/1.1" 302 -
186.84.50.43 - - [07/Dec/2014:10:38:34 -0500] "POST /forms/lservlet;jsessionid=ac16012b30d57908af430775410a9a859d7a4e2aeca6.e3iSbxaKaheRe34Sa3yKbhiTahb0n6jAmljGr5XDqQLvpAe HTTP/1.1" 200 2
180.76.5.191 - - [07/Dec/2014:10:38:34 -0500] "GET /BLA/resoluciones/RESOLUCIONES%202009/8484.pdf HTTP/1.1" 200 1851591
180.76.6.148 - - [07/Dec/2014:10:38:46 -0500] "GET /BLA/resoluciones/AUTOS%202012/1774.pdf HTTP/1.1" 200 442132
180.76.6.134 - - [07/Dec/2014:10:38:52 -0500] "GET /BLA/resoluciones/RESOLUCIONES%202009/3078.pdf HTTP/1.1" 200 436861
180.76.6.43 - - [07/Dec/2014:10:39:06 -0500] "GET /BLA/resoluciones/RESOLUCIONES%202009/9513.pdf HTTP/1.1" 200 678780
180.76.6.43 - - [07/Dec/2014:10:39:09 -0500] "GET /BLA/resoluciones/RESOLUCIONES%202007/RES%202007%202801%20AL%202900/RESOLUCION%202894%20DE%202007.pdf HTTP/1.1" 200 425808
157.55.39.12 - - [07/Dec/2014:10:39:25 -0500] "GET /dama/libreria/php/decide.php?patron=03.1405 HTTP/1.1" 404 1019
181.54.57.138 - - [07/Dec/2014:10:39:31 -0500] "POST /forms/lservlet;jsessionid=ac16012b30d53b3759ae0cc748f689c0f278839fad92.e3iSbxaKaheRe34Sa3yKbhiTahb0n6jAmljGr5XDqQLvpAe HTTP/1.1" 200 2
180.76.6.152 - - [07/Dec/2014:10:39:39 -0500] "GET /BLA/resoluciones/RESOLUCIONES%202007/RES%202007%20301%20AL%20400/RESOLUCION%200317%20DE%202007.pdf HTTP/1.1" 200 435531
180.76.6.137 - - [07/Dec/2014:10:39:40 -0500] "GET /BLA/resoluciones/RESOLUCIONES%202009/5873.pdf HTTP/1.1" 200 319893
180.76.5.17 - - [07/Dec/2014:10:39:44 -0500] "GET /BLA/resoluciones/RESOLUCIONES%202008/0815.pdf HTTP/1.1" 200 471087
180.76.6.56 - - [07/Dec/2014:10:40:25 -0500] "GET /BLA/resoluciones/RESOLUCIONES%202010/1833.pdf HTTP/1.1" 200 526207
180.76.5.169 - - [07/Dec/2014:10:40:29 -0500] "GET /BLA/resoluciones/RESOLUCIONES%202008/3665.pdf HTTP/1.1" 200 381465
186.84.50.43 - - [07/Dec/2014:10:40:34 -0500] "POST /forms/lservlet;jsessionid=ac16012b30d57908af430775410a9a859d7a4e2aeca6.e3iSbxaKaheRe34Sa3yKbhiTahb0n6jAmljGr5XDqQLvpAe HTTP/1.1" 200 2
180.76.5.74 - - [07/Dec/2014:10:41:05 -0500] "GET /BLA/resoluciones/RESOLUCIONES%202013/2091.pdf HTTP/1.1" 200 529441
180.76.6.37 - - [07/Dec/2014:10:41:14 -0500] "GET /BLA/resoluciones/RESOLUCIONES%202009/7252.pdf HTTP/1.1" 200 4042473
66.249.67.67 - - [07/Dec/2014:10:41:24 -0500] "GET /BLA/resoluciones/RESOLUCIONES%202002/RES%202002%20451-500/00000476.tif HTTP/1.1" 200 128250
181.54.57.138 - - [07/Dec/2014:10:41:31 -0500] "POST /forms/lservlet;jsessionid=ac16012b30d53b3759ae0cc748f689c0f278839fad92.e3iSbxaKaheRe34Sa3yKbhiTahb0n6jAmljGr5XDqQLvpAe HTTP/1.1" 200 2
66.249.67.83 - - [07/Dec/2014:10:41:42 -0500] "GET /BLA/boletinlegal/js/jquery.js HTTP/1.1" 200 57254
66.249.67.75 - - [07/Dec/2014:10:41:43 -0500] "GET /BLA/boletinlegal/js/jquery.scrollShow.js HTTP/1.1" 200 4586
66.249.67.67 - - [07/Dec/2014:10:41:43 -0500] "GET /BLA/boletinlegal/js/jquery.scrollTo-min.js HTTP/1.1" 200 1150
180.76.5.146 - - [07/Dec/2014:10:41:56 -0500] "GET /BLA/resoluciones/AUTOS%202009/0135.pdf HTTP/1.1" 200 227875
180.76.6.36 - - [07/Dec/2014:10:42:04 -0500] "GET /BLA/resoluciones/RESOLUCIONES%202008/3569.pdf HTTP/1.1" 200 203707
180.76.6.47 - - [07/Dec/2014:10:42:07 -0500] "GET /BLA/resoluciones/RESOLUCIONES%202009/9187.pdf HTTP/1.1" 200 107794
180.76.6.130 - - [07/Dec/2014:10:42:08 -0500] "GET /BLA/resoluciones/AUTOS%202009/0600.pdf HTTP/1.1" 200 127013
180.76.5.192 - - [07/Dec/2014:10:42:14 -0500] "GET /BLA/resoluciones/Autos%202008/3484.pdf HTTP/1.1" 200 97359
181.54.206.51 - - [07/Dec/2014:10:42:15 -0500] "GET /Report2/login.do HTTP/1.1" 200 4294
180.76.5.69 - - [07/Dec/2014:10:42:17 -0500] "GET /BLA/resoluciones/AUTOS%202010/5350.pdf HTTP/1.1" 200 947311
180.76.5.190 - - [07/Dec/2014:10:42:26 -0500] "GET /BLA/resoluciones/RESOLUCIONES%202009/2346.pdf HTTP/1.1" 200 564877
181.54.206.51 - - [07/Dec/2014:10:42:29 -0500] "POST /Report2/login.do HTTP/1.1" 200 4298
202.46.48.138 - - [07/Dec/2014:10:42:30 -0500] "GET /BLA/resoluciones/RESOLUCIONES%202009/4833.pdf HTTP/1.1" 200 420294
186.84.50.43 - - [07/Dec/2014:10:42:34 -0500] "POST /forms/lservlet;jsessionid=ac16012b30d57908af430775410a9a859d7a4e2aeca6.e3iSbxaKaheRe34Sa3yKbhiTahb0n6jAmljGr5XDqQLvpAe HTTP/1.1" 200 2
66.249.67.83 - - [07/Dec/2014:10:42:37 -0500] "GET /BLA/resoluciones/RESOLUCIONES%202011/2330.pdf HTTP/1.1" 304 -
186.155.111.163 - - [07/Dec/2014:10:43:00 -0500] "GET /galeria/carrusel/Carrusel/jquery.thumbnailScroller.css HTTP/1.1" 200 2066
186.155.111.163 - - [07/Dec/2014:10:43:00 -0500] "GET /galeria/carrusel/Carrusel/jquery-ui-1.8.13.custom.min.js HTTP/1.1" 200 10800
186.155.111.163 - - [07/Dec/2014:10:43:00 -0500] "GET /galeria/carrusel/Carrusel/jquery.thumbnailScroller.js HTTP/1.1" 200 8157
186.155.111.163 - - [07/Dec/2014:10:43:02 -0500] "GET /galeria/nivo-slider/demo/demo.html HTTP/1.1" 200 3572
186.155.111.163 - - [07/Dec/2014:10:43:03 -0500] "GET /galeria/nivo-slider/themes/default/default.css HTTP/1.1" 200 1569
186.155.111.163 - - [07/Dec/2014:10:43:03 -0500] "GET /galeria/nivo-slider/themes/pascal/pascal.css HTTP/1.1" 200 2258
186.155.111.163 - - [07/Dec/2014:10:43:03 -0500] "GET /galeria/nivo-slider/themes/orman/orman.css HTTP/1.1" 200 2152
186.155.111.163 - - [07/Dec/2014:10:43:03 -0500] "GET /galeria/nivo-slider/nivo-slider.css HTTP/1.1" 200 1507
186.155.111.163 - - [07/Dec/2014:10:43:03 -0500] "GET /galeria/nivo-slider/demo/style.css HTTP/1.1" 200 2222
186.155.111.163 - - [07/Dec/2014:10:43:03 -0500] "GET /galeria/nivo-slider/demo/scripts/jquery-1.7.1.min.js HTTP/1.1" 200 93868
186.155.111.163 - - [07/Dec/2014:10:43:03 -0500] "GET /galeria/nivo-slider/jquery.nivo.slider.pack.js HTTP/1.1" 200 11561
186.155.111.163 - - [07/Dec/2014:10:43:03 -0500] "GET /galeria/nivo-slider/demo/images/banner-musgo.jpg HTTP/1.1" 200 49513
186.155.111.163 - - [07/Dec/2014:10:43:03 -0500] "GET /galeria/nivo-slider/demo/images/RdaNegociosFiltros.jpg HTTP/1.1" 200 77155
186.155.111.163 - - [07/Dec/2014:10:43:03 -0500] "GET /galeria/nivo-slider/demo/images/Jornada-adopcion.jpg HTTP/1.1" 200 79705
186.155.111.163 - - [07/Dec/2014:10:43:03 -0500] "GET /galeria/nivo-slider/demo/images/BogotaSostenible.jpg HTTP/1.1" 200 206863
186.155.111.163 - - [07/Dec/2014:10:43:03 -0500] "GET /galeria/nivo-slider/demo/images/Banner-GAE3.jpg HTTP/1.1" 200 146354
186.155.111.163 - - [07/Dec/2014:10:43:03 -0500] "GET /galeria/nivo-slider/demo/images/Banner-comparendo.jpg HTTP/1.1" 200 388762
186.155.111.163 - - [07/Dec/2014:10:43:03 -0500] "GET /galeria/nivo-slider/demo/images/Biotaxis-Man.jpg HTTP/1.1" 200 99362
186.155.111.163 - - [07/Dec/2014:10:43:04 -0500] "GET /galeria/nivo-slider/demo/images/porloshumedales.jpg HTTP/1.1" 200 351238
186.155.111.163 - - [07/Dec/2014:10:43:04 -0500] "GET /galeria/nivo-slider/demo/images/4Simple_Slider.png HTTP/1.1" 200 11722
186.155.111.163 - - [07/Dec/2014:10:43:04 -0500] "GET /galeria/nivo-slider/themes/default/loading.gif HTTP/1.1" 200 1737
186.155.111.163 - - [07/Dec/2014:10:43:04 -0500] "GET /galeria/nivo-slider/demo/images/Tingua-azul.jpg HTTP/1.1" 200 307638
186.155.111.163 - - [07/Dec/2014:10:43:05 -0500] "GET /galeria/nivo-slider/demo/images/Banner-Caracol-Africano.jpg HTTP/1.1" 200 331986
186.155.111.163 - - [07/Dec/2014:10:43:05 -0500] "GET /galeria/nivo-slider/demo/images/banner-redes.jpg HTTP/1.1" 200 62209
186.155.111.163 - - [07/Dec/2014:10:43:05 -0500] "GET /galeria/nivo-slider/demo/images/9Signos.jpg HTTP/1.1" 200 93040
186.155.111.163 - - [07/Dec/2014:10:43:05 -0500] "GET /galeria/nivo-slider/demo/images/banner-caballos.png HTTP/1.1" 200 389106
186.155.111.163 - - [07/Dec/2014:10:43:05 -0500] "GET /galeria/nivo-slider/demo/images/Hacienda_Molinos.jpg HTTP/1.1" 200 319171
186.155.111.163 - - [07/Dec/2014:10:43:05 -0500] "GET /galeria/nivo-slider/demo/images/bannerEcolecta3.jpg HTTP/1.1" 200 280034
186.155.111.163 - - [07/Dec/2014:10:43:09 -0500] "GET /galeria/nivo-slider/themes/default/arrows.png HTTP/1.1" 200 824
186.155.111.163 - - [07/Dec/2014:10:43:09 -0500] "GET /galeria/nivo-slider/themes/default/bullets.png HTTP/1.1" 200 1281
180.76.6.151 - - [07/Dec/2014:10:43:10 -0500] "GET /BLA/resoluciones/AUTOS%202010/1784.pdf HTTP/1.1" 200 2782097
66.249.67.67 - - [07/Dec/2014:10:43:12 -0500] "GET /BLA/resoluciones/AUTOS%202006/AUTOS%202006%201101-1200/00001129.tif HTTP/1.1" 200 89928
74.86.158.107 - - [07/Dec/2014:10:43:12 -0500] "HEAD / HTTP/1.1" 302 -
180.76.6.40 - - [07/Dec/2014:10:43:18 -0500] "GET /BLA/resoluciones/RESOLUCIONES%202007/RES%202007%202901%20AL%203000/RESOLUCION%202908%20DE%202007.pdf HTTP/1.1" 200 566408
180.76.5.149 - - [07/Dec/2014:10:43:21 -0500] "GET /BLA/resoluciones/RESOLUCIONES%202009/6218.pdf HTTP/1.1" 200 840153
181.54.57.138 - - [07/Dec/2014:10:43:32 -0500] "POST /forms/lservlet;jsessionid=ac16012b30d53b3759ae0cc748f689c0f278839fad92.e3iSbxaKaheRe34Sa3yKbhiTahb0n6jAmljGr5XDqQLvpAe HTTP/1.1" 200 2
180.76.5.59 - - [07/Dec/2014:10:43:32 -0500] "GET /BLA/resoluciones/AUTOS%202013/2508.pdf HTTP/1.1" 200 1256884
187.253.173.182 - - [07/Dec/2014:10:43:33 -0500] "GET /BLA/boletinlegal/js/jquery.js HTTP/1.1" 200 57254
187.253.173.182 - - [07/Dec/2014:10:43:33 -0500] "GET /BLA/boletinlegal/js/jquery.scrollTo-min.js HTTP/1.1" 200 1150
187.253.173.182 - - [07/Dec/2014:10:43:33 -0500] "GET /BLA/boletinlegal/js/jquery.scrollShow.js HTTP/1.1" 200 4586
180.76.6.42 - - [07/Dec/2014:10:43:36 -0500] "GET /BLA/resoluciones/RESOLUCIONES%202012/0614.pdf HTTP/1.1" 200 379431
180.76.5.189 - - [07/Dec/2014:10:43:38 -0500] "GET /BLA/resoluciones/AUTOS%202007/2668.pdf HTTP/1.1" 200 273310
180.76.5.60 - - [07/Dec/2014:10:43:49 -0500] "GET /BLA/resoluciones/RESOLUCIONES%202007/RES%202007%20401%20AL%20500/RESOLUCION%200412%20DE%202007.pdf HTTP/1.1" 200 566595
180.76.5.223 - - [07/Dec/2014:10:43:54 -0500] "GET /BLA/resoluciones/RESOLUCIONES%202009/0983.pdf HTTP/1.1" 200 716897
180.76.6.59 - - [07/Dec/2014:10:43:56 -0500] "GET /BLA/resoluciones/RESOLUCIONES%202009/3034.pdf HTTP/1.1" 200 425678
180.76.5.151 - - [07/Dec/2014:10:43:56 -0500] "GET /BLA/resoluciones/RESOLUCIONES%202008/5356.pdf HTTP/1.1" 200 223705
180.76.5.21 - - [07/Dec/2014:10:43:56 -0500] "GET /BLA/resoluciones/RESOLUCIONES%202013/1297.pdf HTTP/1.1" 200 5822299
180.76.6.57 - - [07/Dec/2014:10:43:58 -0500] "GET /BLA/resoluciones/AUTOS%202011/7776.pdf HTTP/1.1" 200 143614
180.76.6.65 - - [07/Dec/2014:10:43:59 -0500] "GET /BLA/resoluciones/RESOLUCIONES%202008/0338.pdf HTTP/1.1" 200 246761
180.76.6.42 - - [07/Dec/2014:10:44:08 -0500] "GET /BLA/resoluciones/RESOLUCIONES%202008/4235.pdf HTTP/1.1" 200 311534
190.65.75.15 - - [07/Dec/2014:10:44:21 -0500] "GET /BLA/boletinlegal/js/jquery.js HTTP/1.1" 200 57254
190.65.75.15 - - [07/Dec/2014:10:44:21 -0500] "GET /BLA/boletinlegal/js/jquery.scrollTo-min.js HTTP/1.1" 200 1150
190.65.75.15 - - [07/Dec/2014:10:44:21 -0500] "GET /BLA/boletinlegal/js/jquery.scrollShow.js HTTP/1.1" 200 4586
180.76.6.29 - - [07/Dec/2014:10:44:29 -0500] "GET /manual_funciones_Listado/2.1.2.%20Subdireccion%20de%20Proyectos%20y%20Cooperacion%20Internacional/Profesional%20Universitario%20219-05.pdf HTTP/1.1" 404 1018
186.84.50.43 - - [07/Dec/2014:10:44:34 -0500] "POST /forms/lservlet;jsessionid=ac16012b30d57908af430775410a9a859d7a4e2aeca6.e3iSbxaKaheRe34Sa3yKbhiTahb0n6jAmljGr5XDqQLvpAe HTTP/1.1" 200 2
180.76.6.55 - - [07/Dec/2014:10:44:37 -0500] "GET /BLA/resoluciones/RESOLUCIONES%202009/0332.pdf HTTP/1.1" 200 323162
188.165.15.192 - - [07/Dec/2014:10:45:02 -0500] "GET /BLA/resoluciones/RESOLUCIONES%202006/RES%202006%20951-1000/00000979.tif HTTP/1.1" 200 854622
100.43.85.25 - - [07/Dec/2014:10:45:18 -0500] "GET /Autoliquidacion/dlf/html.gif HTTP/1.1" 200 632
181.54.57.138 - - [07/Dec/2014:10:45:32 -0500] "POST /forms/lservlet;jsessionid=ac16012b30d53b3759ae0cc748f689c0f278839fad92.e3iSbxaKaheRe34Sa3yKbhiTahb0n6jAmljGr5XDqQLvpAe HTTP/1.1" 200 2
180.76.5.153 - - [07/Dec/2014:10:45:57 -0500] "GET /BLA/resoluciones/RESOLUCIONES%202011/1855.pdf HTTP/1.1" 200 740070
188.165.15.61 - - [07/Dec/2014:10:46:24 -0500] "GET /BLA/resoluciones/RESOLUCIONES%202006/RES%202006%201051-1100/00001062.tif HTTP/1.1" 200 235398
190.25.195.35 - - [07/Dec/2014:10:46:30 -0500] "GET /BLA/boletinlegal/js/jquery.scrollTo-min.js HTTP/1.1" 200 1150
190.25.195.35 - - [07/Dec/2014:10:46:30 -0500] "GET /BLA/boletinlegal/js/jquery.js HTTP/1.1" 200 57254
190.25.195.35 - - [07/Dec/2014:10:46:30 -0500] "GET /BLA/boletinlegal/js/jquery.scrollShow.js HTTP/1.1" 200 4586
186.84.50.43 - - [07/Dec/2014:10:46:34 -0500] "POST /forms/lservlet;jsessionid=ac16012b30d57908af430775410a9a859d7a4e2aeca6.e3iSbxaKaheRe34Sa3yKbhiTahb0n6jAmljGr5XDqQLvpAe HTTP/1.1" 200 2
66.249.67.67 - - [07/Dec/2014:10:46:35 -0500] "GET /BLA/resoluciones/RESOLUCIONES%202011/2318.pdf HTTP/1.1" 200 899270
180.76.5.95 - - [07/Dec/2014:10:46:39 -0500] "GET /BLA/resoluciones/AUTOS%202011/3040.pdf HTTP/1.1" 200 70080
191.89.252.12 - - [07/Dec/2014:10:46:50 -0500] "GET /BLA/resoluciones/RESOLUCIONES%202007/RES%202007%201301%20AL%201400/RESOLUCION%201400%20DE%202007.pdf HTTP/1.1" 200 222492
191.89.252.12 - - [07/Dec/2014:10:46:51 -0500] "GET /BLA/resoluciones/RESOLUCIONES%202007/RES%202007%201301%20AL%201400/RESOLUCION%201400%20DE%202007.pdf HTTP/1.1" 200 222492
190.25.195.35 - - [07/Dec/2014:10:47:12 -0500] "GET /galeria/carrusel/Carrusel/jquery.thumbnailScroller.css HTTP/1.1" 200 2066
190.25.195.35 - - [07/Dec/2014:10:47:12 -0500] "GET /galeria/nivo-slider/demo/demo.html HTTP/1.1" 200 3572
190.25.195.35 - - [07/Dec/2014:10:47:12 -0500] "GET /galeria/carrusel/Carrusel/jquery-ui-1.8.13.custom.min.js HTTP/1.1" 200 10800
190.25.195.35 - - [07/Dec/2014:10:47:12 -0500] "GET /galeria/carrusel/Carrusel/jquery.thumbnailScroller.js HTTP/1.1" 200 8157
190.25.195.35 - - [07/Dec/2014:10:47:12 -0500] "GET /galeria/nivo-slider/themes/default/default.css HTTP/1.1" 200 1569
190.25.195.35 - - [07/Dec/2014:10:47:12 -0500] "GET /galeria/nivo-slider/themes/orman/orman.css HTTP/1.1" 200 2152
190.25.195.35 - - [07/Dec/2014:10:47:12 -0500] "GET /galeria/nivo-slider/nivo-slider.css HTTP/1.1" 200 1507
190.25.195.35 - - [07/Dec/2014:10:47:13 -0500] "GET /galeria/nivo-slider/themes/pascal/pascal.css HTTP/1.1" 200 2258
190.25.195.35 - - [07/Dec/2014:10:47:13 -0500] "GET /galeria/nivo-slider/demo/style.css HTTP/1.1" 200 2222
190.25.195.35 - - [07/Dec/2014:10:47:13 -0500] "GET /galeria/carrusel/Carrusel/jquery-ui-1.8.13.custom.min.js HTTP/1.1" 206 1
190.25.195.35 - - [07/Dec/2014:10:47:13 -0500] "GET /galeria/nivo-slider/themes/default/loading.gif HTTP/1.1" 200 1737
190.25.195.35 - - [07/Dec/2014:10:47:13 -0500] "GET /galeria/carrusel/Carrusel/jquery-ui-1.8.13.custom.min.js HTTP/1.1" 206 2685
190.25.195.35 - - [07/Dec/2014:10:47:15 -0500] "GET /galeria/carrusel/Carrusel/jquery.thumbnailScroller.js HTTP/1.1" 206 1
190.25.195.35 - - [07/Dec/2014:10:47:15 -0500] "GET /galeria/nivo-slider/nivo-slider.css HTTP/1.1" 200 1507
190.25.195.35 - - [07/Dec/2014:10:47:15 -0500] "GET /galeria/nivo-slider/themes/orman/orman.css HTTP/1.1" 200 2152
190.25.195.35 - - [07/Dec/2014:10:47:15 -0500] "GET /galeria/nivo-slider/themes/pascal/pascal.css HTTP/1.1" 200 2258
190.25.195.35 - - [07/Dec/2014:10:47:15 -0500] "GET /galeria/nivo-slider/demo/style.css HTTP/1.1" 200 2222
190.25.195.35 - - [07/Dec/2014:10:47:15 -0500] "GET /galeria/nivo-slider/demo/scripts/jquery-1.7.1.min.js HTTP/1.1" 200 93868
190.25.195.35 - - [07/Dec/2014:10:47:15 -0500] "GET /galeria/nivo-slider/jquery.nivo.slider.pack.js HTTP/1.1" 200 11561
190.25.195.35 - - [07/Dec/2014:10:47:15 -0500] "GET /galeria/carrusel/Carrusel/jquery.thumbnailScroller.js HTTP/1.1" 206 5641
190.25.195.35 - - [07/Dec/2014:10:47:15 -0500] "GET /galeria/nivo-slider/demo/images/banner-musgo.jpg HTTP/1.1" 200 49513
190.25.195.35 - - [07/Dec/2014:10:47:15 -0500] "GET /galeria/nivo-slider/demo/images/RdaNegociosFiltros.jpg HTTP/1.1" 200 77155
190.25.195.35 - - [07/Dec/2014:10:47:15 -0500] "GET /galeria/nivo-slider/demo/images/Jornada-adopcion.jpg HTTP/1.1" 200 79705
190.25.195.35 - - [07/Dec/2014:10:47:15 -0500] "GET /galeria/nivo-slider/demo/images/BogotaSostenible.jpg HTTP/1.1" 200 206863
190.25.195.35 - - [07/Dec/2014:10:47:16 -0500] "GET /galeria/nivo-slider/demo/images/Banner-GAE3.jpg HTTP/1.1" 200 146354
190.25.195.35 - - [07/Dec/2014:10:47:16 -0500] "GET /galeria/nivo-slider/demo/images/Banner-comparendo.jpg HTTP/1.1" 200 388762
190.25.195.35 - - [07/Dec/2014:10:47:16 -0500] "GET /galeria/nivo-slider/demo/images/Biotaxis-Man.jpg HTTP/1.1" 200 99362
190.25.195.35 - - [07/Dec/2014:10:47:17 -0500] "GET /galeria/nivo-slider/demo/images/porloshumedales.jpg HTTP/1.1" 200 351238
190.25.195.35 - - [07/Dec/2014:10:47:17 -0500] "GET /galeria/nivo-slider/demo/images/Tingua-azul.jpg HTTP/1.1" 200 307638
190.25.195.35 - - [07/Dec/2014:10:47:18 -0500] "GET /galeria/nivo-slider/demo/images/Banner-Caracol-Africano.jpg HTTP/1.1" 200 331986
190.25.195.35 - - [07/Dec/2014:10:47:19 -0500] "GET /galeria/nivo-slider/demo/images/banner-redes.jpg HTTP/1.1" 200 62209
190.25.195.35 - - [07/Dec/2014:10:47:19 -0500] "GET /galeria/nivo-slider/demo/images/9Signos.jpg HTTP/1.1" 200 93040
190.25.195.35 - - [07/Dec/2014:10:47:19 -0500] "GET /galeria/nivo-slider/demo/images/banner-caballos.png HTTP/1.1" 200 389106
190.25.195.35 - - [07/Dec/2014:10:47:20 -0500] "GET /galeria/nivo-slider/demo/images/Hacienda_Molinos.jpg HTTP/1.1" 200 319171
190.25.195.35 - - [07/Dec/2014:10:47:21 -0500] "GET /galeria/nivo-slider/demo/images/bannerEcolecta3.jpg HTTP/1.1" 200 280034
190.25.195.35 - - [07/Dec/2014:10:47:24 -0500] "GET /videos/Spot_CambioClimatico.flv HTTP/1.1" 200 4371917
190.25.195.35 - - [07/Dec/2014:10:47:24 -0500] "GET /galeria/nivo-slider/demo/images/4Simple_Slider.png HTTP/1.1" 200 11722
186.84.50.43 - - [07/Dec/2014:10:47:28 -0500] "POST /forms/lservlet;jsessionid=ac16012b30d57908af430775410a9a859d7a4e2aeca6.e3iSbxaKaheRe34Sa3yKbhiTahb0n6jAmljGr5XDqQLvpAe HTTP/1.1" 200 108
186.84.50.43 - - [07/Dec/2014:10:47:29 -0500] "POST /forms/lservlet;jsessionid=ac16012b30d57908af430775410a9a859d7a4e2aeca6.e3iSbxaKaheRe34Sa3yKbhiTahb0n6jAmljGr5XDqQLvpAe HTTP/1.1" 200 2322
190.25.195.35 - - [07/Dec/2014:10:47:29 -0500] "GET /galeria/nivo-slider/themes/default/arrows.png HTTP/1.1" 200 824
180.76.6.151 - - [07/Dec/2014:10:47:29 -0500] "GET /BLA/resoluciones/RESOLUCIONES%202012/0387.pdf HTTP/1.1" 200 745805
190.25.195.35 - - [07/Dec/2014:10:47:29 -0500] "GET /galeria/nivo-slider/themes/default/bullets.png HTTP/1.1" 200 1281
186.84.50.43 - - [07/Dec/2014:10:47:31 -0500] "POST /forms/lservlet;jsessionid=ac16012b30d57908af430775410a9a859d7a4e2aeca6.e3iSbxaKaheRe34Sa3yKbhiTahb0n6jAmljGr5XDqQLvpAe HTTP/1.1" 200 46
181.54.57.138 - - [07/Dec/2014:10:47:32 -0500] "POST /forms/lservlet;jsessionid=ac16012b30d53b3759ae0cc748f689c0f278839fad92.e3iSbxaKaheRe34Sa3yKbhiTahb0n6jAmljGr5XDqQLvpAe HTTP/1.1" 200 2
180.76.6.14 - - [07/Dec/2014:10:47:34 -0500] "GET /BLA/resoluciones/RESOLUCIONES%202010/0113.pdf HTTP/1.1" 200 492542
186.84.50.43 - - [07/Dec/2014:10:47:37 -0500] "POST /forms/lservlet;jsessionid=ac16012b30d57908af430775410a9a859d7a4e2aeca6.e3iSbxaKaheRe34Sa3yKbhiTahb0n6jAmljGr5XDqQLvpAe HTTP/1.1" 200 21
186.84.50.43 - - [07/Dec/2014:10:47:37 -0500] "POST /forms/lservlet;jsessionid=ac16012b30d57908af430775410a9a859d7a4e2aeca6.e3iSbxaKaheRe34Sa3yKbhiTahb0n6jAmljGr5XDqQLvpAe HTTP/1.1" 200 239
186.84.50.43 - - [07/Dec/2014:10:47:38 -0500] "POST /forms/lservlet;jsessionid=ac16012b30d57908af430775410a9a859d7a4e2aeca6.e3iSbxaKaheRe34Sa3yKbhiTahb0n6jAmljGr5XDqQLvpAe HTTP/1.1" 200 41
186.84.50.43 - - [07/Dec/2014:10:47:38 -0500] "POST /forms/lservlet;jsessionid=ac16012b30d57908af430775410a9a859d7a4e2aeca6.e3iSbxaKaheRe34Sa3yKbhiTahb0n6jAmljGr5XDqQLvpAe HTTP/1.1" 200 15
186.84.50.43 - - [07/Dec/2014:10:47:39 -0500] "POST /forms/lservlet;jsessionid=ac16012b30d57908af430775410a9a859d7a4e2aeca6.e3iSbxaKaheRe34Sa3yKbhiTahb0n6jAmljGr5XDqQLvpAe HTTP/1.1" 200 2
66.249.67.67 - - [07/Dec/2014:10:47:39 -0500] "GET /BLA/resoluciones/RESOLUCIONES%202011/4434.pdf HTTP/1.1" 200 237399
186.84.50.43 - - [07/Dec/2014:10:47:40 -0500] "POST /forms/lservlet;jsessionid=ac16012b30d57908af430775410a9a859d7a4e2aeca6.e3iSbxaKaheRe34Sa3yKbhiTahb0n6jAmljGr5XDqQLvpAe HTTP/1.1" 200 69
186.84.50.43 - - [07/Dec/2014:10:47:40 -0500] "POST /forms/lservlet;jsessionid=ac16012b30d57908af430775410a9a859d7a4e2aeca6.e3iSbxaKaheRe34Sa3yKbhiTahb0n6jAmljGr5XDqQLvpAe HTTP/1.1" 200 29
186.84.50.43 - - [07/Dec/2014:10:47:42 -0500] "POST /forms/lservlet;jsessionid=ac16012b30d57908af430775410a9a859d7a4e2aeca6.e3iSbxaKaheRe34Sa3yKbhiTahb0n6jAmljGr5XDqQLvpAe HTTP/1.1" 200 60
186.84.50.43 - - [07/Dec/2014:10:47:43 -0500] "POST /forms/lservlet;jsessionid=ac16012b30d57908af430775410a9a859d7a4e2aeca6.e3iSbxaKaheRe34Sa3yKbhiTahb0n6jAmljGr5XDqQLvpAe HTTP/1.1" 200 2
186.84.50.43 - - [07/Dec/2014:10:47:43 -0500] "POST /forms/lservlet;jsessionid=ac16012b30d57908af430775410a9a859d7a4e2aeca6.e3iSbxaKaheRe34Sa3yKbhiTahb0n6jAmljGr5XDqQLvpAe HTTP/1.1" 200 4127
186.84.50.43 - - [07/Dec/2014:10:47:44 -0500] "POST /forms/lservlet;jsessionid=ac16012b30d57908af430775410a9a859d7a4e2aeca6.e3iSbxaKaheRe34Sa3yKbhiTahb0n6jAmljGr5XDqQLvpAe HTTP/1.1" 200 19
180.76.5.144 - - [07/Dec/2014:10:47:49 -0500] "GET /manual_funciones_Listado/2.2.2.%20Subdirecci%C3%B3n%20de%20Silvicultura,%20Flora%20y%20Fauna%20Silvestre/Profesional%20Especializado%20222-19.pdf HTTP/1.1" 404 1018
180.76.6.159 - - [07/Dec/2014:10:47:53 -0500] "GET /BLA/resoluciones/AUTOS%202013/1346.pdf HTTP/1.1" 200 719884
191.89.252.12 - - [07/Dec/2014:10:47:54 -0500] "GET /BLA/resoluciones/RESOLUCIONES%202007/RES%202007%201301%20AL%201400/RESOLUCION%201400%20DE%202007.pdf HTTP/1.1" 200 222492
180.76.5.175 - - [07/Dec/2014:10:47:55 -0500] "GET /BLA/boletinlegal/circulares/0003.pdf HTTP/1.1" 200 224758
180.76.5.74 - - [07/Dec/2014:10:48:00 -0500] "GET /BLA/resoluciones/RESOLUCIONES%202008/5120.pdf HTTP/1.1" 200 556585
180.76.5.154 - - [07/Dec/2014:10:48:11 -0500] "GET /BLA/resoluciones/RESOLUCIONES%202009/8990.pdf HTTP/1.1" 200 565686
74.86.158.107 - - [07/Dec/2014:10:48:12 -0500] "HEAD / HTTP/1.1" 302 -
71.206.85.201 - - [07/Dec/2014:10:48:18 -0500] "GET /BLA/boletinlegal/js/jquery.js HTTP/1.1" 200 57254
71.206.85.201 - - [07/Dec/2014:10:48:18 -0500] "GET /BLA/boletinlegal/js/jquery.scrollShow.js HTTP/1.1" 200 4586
71.206.85.201 - - [07/Dec/2014:10:48:18 -0500] "GET /BLA/boletinlegal/js/jquery.scrollTo-min.js HTTP/1.1" 200 1150
180.76.6.137 - - [07/Dec/2014:10:48:21 -0500] "GET /BLA/resoluciones/RESOLUCIONES%202011/5465.pdf HTTP/1.1" 200 1619135
180.76.6.43 - - [07/Dec/2014:10:48:24 -0500] "GET /BLA/resoluciones/RESOLUCIONES%202009/9421.pdf HTTP/1.1" 200 474148
180.76.5.69 - - [07/Dec/2014:10:48:32 -0500] "GET /BLA/resoluciones/RESOLUCIONES%202007/RES%202007%20601%20AL%20700/RESOLUCION%200698%20DE%202007.pdf HTTP/1.1" 200 829040
180.76.6.36 - - [07/Dec/2014:10:48:32 -0500] "GET /BLA/resoluciones/AUTOS%202013/2331.pdf HTTP/1.1" 200 1450781
186.84.50.43 - - [07/Dec/2014:10:48:34 -0500] "POST /forms/lservlet;jsessionid=ac16012b30d57908af430775410a9a859d7a4e2aeca6.e3iSbxaKaheRe34Sa3yKbhiTahb0n6jAmljGr5XDqQLvpAe HTTP/1.1" 200 2
66.249.67.75 - - [07/Dec/2014:10:48:51 -0500] "GET /BLA/resoluciones/AUTOS%202013/1126.pdf HTTP/1.1" 304 -
157.55.39.191 - - [07/Dec/2014:10:48:59 -0500] "GET /php/reqpot.php HTTP/1.1" 404 1018
186.28.191.161 - - [07/Dec/2014:10:49:23 -0500] "GET /BLA/boletinlegal/js/jquery.js HTTP/1.1" 200 57254
186.28.191.161 - - [07/Dec/2014:10:49:23 -0500] "GET /BLA/boletinlegal/js/jquery.scrollTo-min.js HTTP/1.1" 200 1150
186.28.191.161 - - [07/Dec/2014:10:49:23 -0500] "GET /BLA/boletinlegal/js/jquery.scrollShow.js HTTP/1.1" 200 4586
181.54.57.138 - - [07/Dec/2014:10:49:33 -0500] "POST /forms/lservlet;jsessionid=ac16012b30d53b3759ae0cc748f689c0f278839fad92.e3iSbxaKaheRe34Sa3yKbhiTahb0n6jAmljGr5XDqQLvpAe HTTP/1.1" 200 2
157.55.39.15 - - [07/Dec/2014:10:49:42 -0500] "GET /stormWeb/js/1ibre/1ibre.js HTTP/1.1" 200 185628
157.55.39.15 - - [07/Dec/2014:10:49:43 -0500] "GET /stormWeb/js/1ibre/protoaculous.js HTTP/1.1" 200 151386
157.55.39.15 - - [07/Dec/2014:10:49:44 -0500] "GET /stormWeb/js/Logic_CryptoAPI.js HTTP/1.1" 200 13725
157.55.39.13 - - [07/Dec/2014:10:50:11 -0500] "GET /calendar.php HTTP/1.1" 404 1019
186.84.50.43 - - [07/Dec/2014:10:50:34 -0500] "POST /forms/lservlet;jsessionid=ac16012b30d57908af430775410a9a859d7a4e2aeca6.e3iSbxaKaheRe34Sa3yKbhiTahb0n6jAmljGr5XDqQLvpAe HTTP/1.1" 200 2
180.76.6.157 - - [07/Dec/2014:10:50:40 -0500] "GET /BLA/resoluciones/RESOLUCIONES%202010/1882.pdf HTTP/1.1" 200 354232
66.249.67.119 - - [07/Dec/2014:10:51:25 -0500] "GET /re/Cuento/cuadro10/cuadro%2010%20cantera.jpg HTTP/1.1" 404 1019
181.54.57.138 - - [07/Dec/2014:10:51:33 -0500] "POST /forms/lservlet;jsessionid=ac16012b30d53b3759ae0cc748f689c0f278839fad92.e3iSbxaKaheRe34Sa3yKbhiTahb0n6jAmljGr5XDqQLvpAe HTTP/1.1" 200 2
66.249.67.75 - - [07/Dec/2014:10:52:12 -0500] "GET /BLA/resoluciones/AUTOS%202013/0015.pdf HTTP/1.1" 200 1750270
186.84.50.43 - - [07/Dec/2014:10:52:34 -0500] "POST /forms/lservlet;jsessionid=ac16012b30d57908af430775410a9a859d7a4e2aeca6.e3iSbxaKaheRe34Sa3yKbhiTahb0n6jAmljGr5XDqQLvpAe HTTP/1.1" 200 2
66.249.67.75 - - [07/Dec/2014:10:52:41 -0500] "GET /BLA/resoluciones/RESOLUCIONES%202008/1851.pdf HTTP/1.1" 304 -
186.84.50.43 - - [07/Dec/2014:10:53:00 -0500] "POST /forms/lservlet;jsessionid=ac16012b30d57908af430775410a9a859d7a4e2aeca6.e3iSbxaKaheRe34Sa3yKbhiTahb0n6jAmljGr5XDqQLvpAe HTTP/1.1" 200 156
186.84.50.43 - - [07/Dec/2014:10:53:03 -0500] "POST /forms/lservlet;jsessionid=ac16012b30d57908af430775410a9a859d7a4e2aeca6.e3iSbxaKaheRe34Sa3yKbhiTahb0n6jAmljGr5XDqQLvpAe HTTP/1.1" 200 113
186.84.50.43 - - [07/Dec/2014:10:53:04 -0500] "POST /forms/lservlet;jsessionid=ac16012b30d57908af430775410a9a859d7a4e2aeca6.e3iSbxaKaheRe34Sa3yKbhiTahb0n6jAmljGr5XDqQLvpAe HTTP/1.1" 200 2
186.84.50.43 - - [07/Dec/2014:10:53:04 -0500] "POST /forms/lservlet;jsessionid=ac16012b30d57908af430775410a9a859d7a4e2aeca6.e3iSbxaKaheRe34Sa3yKbhiTahb0n6jAmljGr5XDqQLvpAe HTTP/1.1" 200 3168
186.84.50.43 - - [07/Dec/2014:10:53:05 -0500] "POST /forms/lservlet;jsessionid=ac16012b30d57908af430775410a9a859d7a4e2aeca6.e3iSbxaKaheRe34Sa3yKbhiTahb0n6jAmljGr5XDqQLvpAe HTTP/1.1" 200 20
74.86.158.107 - - [07/Dec/2014:10:53:12 -0500] "HEAD / HTTP/1.1" 302 -
201.208.36.8 - - [07/Dec/2014:10:53:16 -0500] "GET /BLA/resoluciones/AUTOS%202008/0626.pdf HTTP/1.1" 200 98233
201.208.36.8 - - [07/Dec/2014:10:53:20 -0500] "GET /favicon.ico HTTP/1.1" 200 7782
190.131.196.77 - - [07/Dec/2014:10:53:23 -0500] "GET /BLA/boletinlegal/js/jquery.js HTTP/1.1" 200 57254
190.131.196.77 - - [07/Dec/2014:10:53:23 -0500] "GET /BLA/boletinlegal/js/jquery.scrollTo-min.js HTTP/1.1" 200 1150
190.131.196.77 - - [07/Dec/2014:10:53:23 -0500] "GET /BLA/boletinlegal/js/jquery.scrollShow.js HTTP/1.1" 200 4586
181.54.57.138 - - [07/Dec/2014:10:53:33 -0500] "POST /forms/lservlet;jsessionid=ac16012b30d53b3759ae0cc748f689c0f278839fad92.e3iSbxaKaheRe34Sa3yKbhiTahb0n6jAmljGr5XDqQLvpAe HTTP/1.1" 200 2
190.25.232.143 - - [07/Dec/2014:10:54:14 -0500] "GET /galeria/nivo-slider/demo/images/ForoNacionalAmbiental.jpg HTTP/1.1" 304 -
186.84.50.43 - - [07/Dec/2014:10:54:35 -0500] "POST /forms/lservlet;jsessionid=ac16012b30d57908af430775410a9a859d7a4e2aeca6.e3iSbxaKaheRe34Sa3yKbhiTahb0n6jAmljGr5XDqQLvpAe HTTP/1.1" 200 2
188.165.15.162 - - [07/Dec/2014:10:54:44 -0500] "GET /BLA/resoluciones/RESOLUCIONES%202003/RES%202003%201701-1750/20031750.tif HTTP/1.1" 200 114914
186.84.50.43 - - [07/Dec/2014:10:54:45 -0500] "POST /forms/lservlet;jsessionid=ac16012b30d57908af430775410a9a859d7a4e2aeca6.e3iSbxaKaheRe34Sa3yKbhiTahb0n6jAmljGr5XDqQLvpAe HTTP/1.1" 200 2
186.84.50.43 - - [07/Dec/2014:10:54:46 -0500] "POST /forms/lservlet;jsessionid=ac16012b30d57908af430775410a9a859d7a4e2aeca6.e3iSbxaKaheRe34Sa3yKbhiTahb0n6jAmljGr5XDqQLvpAe HTTP/1.1" 200 3803
186.84.50.43 - - [07/Dec/2014:10:54:46 -0500] "POST /forms/lservlet;jsessionid=ac16012b30d57908af430775410a9a859d7a4e2aeca6.e3iSbxaKaheRe34Sa3yKbhiTahb0n6jAmljGr5XDqQLvpAe HTTP/1.1" 200 2
186.84.50.43 - - [07/Dec/2014:10:54:48 -0500] "POST /forms/lservlet;jsessionid=ac16012b30d57908af430775410a9a859d7a4e2aeca6.e3iSbxaKaheRe34Sa3yKbhiTahb0n6jAmljGr5XDqQLvpAe HTTP/1.1" 200 2
186.84.50.43 - - [07/Dec/2014:10:54:48 -0500] "POST /forms/lservlet;jsessionid=ac16012b30d57908af430775410a9a859d7a4e2aeca6.e3iSbxaKaheRe34Sa3yKbhiTahb0n6jAmljGr5XDqQLvpAe HTTP/1.1" 200 3658
186.84.50.43 - - [07/Dec/2014:10:54:49 -0500] "POST /forms/lservlet;jsessionid=ac16012b30d57908af430775410a9a859d7a4e2aeca6.e3iSbxaKaheRe34Sa3yKbhiTahb0n6jAmljGr5XDqQLvpAe HTTP/1.1" 200 2
186.84.50.43 - - [07/Dec/2014:10:54:55 -0500] "POST /forms/lservlet;jsessionid=ac16012b30d57908af430775410a9a859d7a4e2aeca6.e3iSbxaKaheRe34Sa3yKbhiTahb0n6jAmljGr5XDqQLvpAe HTTP/1.1" 200 2
186.84.50.43 - - [07/Dec/2014:10:54:55 -0500] "POST /forms/lservlet;jsessionid=ac16012b30d57908af430775410a9a859d7a4e2aeca6.e3iSbxaKaheRe34Sa3yKbhiTahb0n6jAmljGr5XDqQLvpAe HTTP/1.1" 200 2935
186.84.50.43 - - [07/Dec/2014:10:54:55 -0500] "POST /forms/lservlet;jsessionid=ac16012b30d57908af430775410a9a859d7a4e2aeca6.e3iSbxaKaheRe34Sa3yKbhiTahb0n6jAmljGr5XDqQLvpAe HTTP/1.1" 200 2
186.84.50.43 - - [07/Dec/2014:10:54:57 -0500] "POST /forms/lservlet;jsessionid=ac16012b30d57908af430775410a9a859d7a4e2aeca6.e3iSbxaKaheRe34Sa3yKbhiTahb0n6jAmljGr5XDqQLvpAe HTTP/1.1" 200 2
186.84.50.43 - - [07/Dec/2014:10:54:57 -0500] "POST /forms/lservlet;jsessionid=ac16012b30d57908af430775410a9a859d7a4e2aeca6.e3iSbxaKaheRe34Sa3yKbhiTahb0n6jAmljGr5XDqQLvpAe HTTP/1.1" 200 3820
186.84.50.43 - - [07/Dec/2014:10:54:58 -0500] "POST /forms/lservlet;jsessionid=ac16012b30d57908af430775410a9a859d7a4e2aeca6.e3iSbxaKaheRe34Sa3yKbhiTahb0n6jAmljGr5XDqQLvpAe HTTP/1.1" 200 2
186.84.50.43 - - [07/Dec/2014:10:55:00 -0500] "POST /forms/lservlet;jsessionid=ac16012b30d57908af430775410a9a859d7a4e2aeca6.e3iSbxaKaheRe34Sa3yKbhiTahb0n6jAmljGr5XDqQLvpAe HTTP/1.1" 200 2
186.84.50.43 - - [07/Dec/2014:10:55:00 -0500] "POST /forms/lservlet;jsessionid=ac16012b30d57908af430775410a9a859d7a4e2aeca6.e3iSbxaKaheRe34Sa3yKbhiTahb0n6jAmljGr5XDqQLvpAe HTTP/1.1" 200 3756
186.84.50.43 - - [07/Dec/2014:10:55:00 -0500] "POST /forms/lservlet;jsessionid=ac16012b30d57908af430775410a9a859d7a4e2aeca6.e3iSbxaKaheRe34Sa3yKbhiTahb0n6jAmljGr5XDqQLvpAe HTTP/1.1" 200 2
186.84.50.43 - - [07/Dec/2014:10:55:02 -0500] "POST /forms/lservlet;jsessionid=ac16012b30d57908af430775410a9a859d7a4e2aeca6.e3iSbxaKaheRe34Sa3yKbhiTahb0n6jAmljGr5XDqQLvpAe HTTP/1.1" 200 2
186.84.50.43 - - [07/Dec/2014:10:55:02 -0500] "POST /forms/lservlet;jsessionid=ac16012b30d57908af430775410a9a859d7a4e2aeca6.e3iSbxaKaheRe34Sa3yKbhiTahb0n6jAmljGr5XDqQLvpAe HTTP/1.1" 200 3583
186.84.50.43 - - [07/Dec/2014:10:55:03 -0500] "POST /forms/lservlet;jsessionid=ac16012b30d57908af430775410a9a859d7a4e2aeca6.e3iSbxaKaheRe34Sa3yKbhiTahb0n6jAmljGr5XDqQLvpAe HTTP/1.1" 200 2
186.84.50.43 - - [07/Dec/2014:10:55:05 -0500] "POST /forms/lservlet;jsessionid=ac16012b30d57908af430775410a9a859d7a4e2aeca6.e3iSbxaKaheRe34Sa3yKbhiTahb0n6jAmljGr5XDqQLvpAe HTTP/1.1" 200 2
186.84.50.43 - - [07/Dec/2014:10:55:05 -0500] "POST /forms/lservlet;jsessionid=ac16012b30d57908af430775410a9a859d7a4e2aeca6.e3iSbxaKaheRe34Sa3yKbhiTahb0n6jAmljGr5XDqQLvpAe HTTP/1.1" 200 3656
186.84.50.43 - - [07/Dec/2014:10:55:05 -0500] "POST /forms/lservlet;jsessionid=ac16012b30d57908af430775410a9a859d7a4e2aeca6.e3iSbxaKaheRe34Sa3yKbhiTahb0n6jAmljGr5XDqQLvpAe HTTP/1.1" 200 2
186.84.50.43 - - [07/Dec/2014:10:55:06 -0500] "POST /forms/lservlet;jsessionid=ac16012b30d57908af430775410a9a859d7a4e2aeca6.e3iSbxaKaheRe34Sa3yKbhiTahb0n6jAmljGr5XDqQLvpAe HTTP/1.1" 200 2
186.84.50.43 - - [07/Dec/2014:10:55:06 -0500] "POST /forms/lservlet;jsessionid=ac16012b30d57908af430775410a9a859d7a4e2aeca6.e3iSbxaKaheRe34Sa3yKbhiTahb0n6jAmljGr5XDqQLvpAe HTTP/1.1" 200 2636
186.84.50.43 - - [07/Dec/2014:10:55:07 -0500] "POST /forms/lservlet;jsessionid=ac16012b30d57908af430775410a9a859d7a4e2aeca6.e3iSbxaKaheRe34Sa3yKbhiTahb0n6jAmljGr5XDqQLvpAe HTTP/1.1" 200 2
186.84.50.43 - - [07/Dec/2014:10:55:08 -0500] "POST /forms/lservlet;jsessionid=ac16012b30d57908af430775410a9a859d7a4e2aeca6.e3iSbxaKaheRe34Sa3yKbhiTahb0n6jAmljGr5XDqQLvpAe HTTP/1.1" 200 2
186.84.50.43 - - [07/Dec/2014:10:55:09 -0500] "POST /forms/lservlet;jsessionid=ac16012b30d57908af430775410a9a859d7a4e2aeca6.e3iSbxaKaheRe34Sa3yKbhiTahb0n6jAmljGr5XDqQLvpAe HTTP/1.1" 200 2591
186.84.50.43 - - [07/Dec/2014:10:55:09 -0500] "POST /forms/lservlet;jsessionid=ac16012b30d57908af430775410a9a859d7a4e2aeca6.e3iSbxaKaheRe34Sa3yKbhiTahb0n6jAmljGr5XDqQLvpAe HTTP/1.1" 200 2
186.84.50.43 - - [07/Dec/2014:10:55:10 -0500] "POST /forms/lservlet;jsessionid=ac16012b30d57908af430775410a9a859d7a4e2aeca6.e3iSbxaKaheRe34Sa3yKbhiTahb0n6jAmljGr5XDqQLvpAe HTTP/1.1" 200 2
186.84.50.43 - - [07/Dec/2014:10:55:10 -0500] "POST /forms/lservlet;jsessionid=ac16012b30d57908af430775410a9a859d7a4e2aeca6.e3iSbxaKaheRe34Sa3yKbhiTahb0n6jAmljGr5XDqQLvpAe HTTP/1.1" 200 3030
186.84.50.43 - - [07/Dec/2014:10:55:10 -0500] "POST /forms/lservlet;jsessionid=ac16012b30d57908af430775410a9a859d7a4e2aeca6.e3iSbxaKaheRe34Sa3yKbhiTahb0n6jAmljGr5XDqQLvpAe HTTP/1.1" 200 2
186.84.50.43 - - [07/Dec/2014:10:55:12 -0500] "POST /forms/lservlet;jsessionid=ac16012b30d57908af430775410a9a859d7a4e2aeca6.e3iSbxaKaheRe34Sa3yKbhiTahb0n6jAmljGr5XDqQLvpAe HTTP/1.1" 200 2
