74.86.158.107 - - [07/Dec/2014:11:18:12 -0500] "HEAD / HTTP/1.1" 302 -
186.84.50.43 - - [07/Dec/2014:11:18:35 -0500] "POST /forms/lservlet;jsessionid=ac16012b30d57908af430775410a9a859d7a4e2aeca6.e3iSbxaKaheRe34Sa3yKbhiTahb0n6jAmljGr5XDqQLvpAe HTTP/1.1" 200 2
200.118.226.76 - - [07/Dec/2014:11:19:07 -0500] "GET /dama/libreria/jpg/ecosistemas/aulas/aa2_1.jpg HTTP/1.1" 404 1345
186.145.58.53 - - [07/Dec/2014:11:19:08 -0500] "POST /forms/lservlet;jsessionid=ac16012b30d559a403090f4944068314ec3fcd05c2d6.e3iSbxaKaheRe34Sa3yKbhiTahb0n6jAmljGr5XDqQLvpAe HTTP/1.1" 200 2
66.249.83.191 - - [07/Dec/2014:11:19:40 -0500] "GET /BLA/boletinlegal/js/jquery.js HTTP/1.1" 200 57254
66.249.83.185 - - [07/Dec/2014:11:19:40 -0500] "GET /BLA/boletinlegal/js/jquery.scrollShow.js HTTP/1.1" 200 4586
66.249.83.191 - - [07/Dec/2014:11:19:40 -0500] "GET /galeria/carrusel/Carrusel/jquery.thumbnailScroller.css HTTP/1.1" 200 2066
66.249.83.179 - - [07/Dec/2014:11:19:40 -0500] "GET /BLA/boletinlegal/js/jquery.scrollTo-min.js HTTP/1.1" 200 1150
66.249.83.185 - - [07/Dec/2014:11:19:40 -0500] "GET /galeria/carrusel/Carrusel/jquery-ui-1.8.13.custom.min.js HTTP/1.1" 200 10800
66.249.83.185 - - [07/Dec/2014:11:19:40 -0500] "GET /galeria/carrusel/Carrusel/jquery.thumbnailScroller.js HTTP/1.1" 200 8157
66.249.83.191 - - [07/Dec/2014:11:19:42 -0500] "GET /galeria/nivo-slider/demo/demo.html HTTP/1.1" 200 3572
66.249.83.191 - - [07/Dec/2014:11:19:44 -0500] "GET /galeria/nivo-slider/demo/style.css HTTP/1.1" 200 2222
66.249.83.191 - - [07/Dec/2014:11:19:44 -0500] "GET /galeria/nivo-slider/themes/pascal/pascal.css HTTP/1.1" 200 2258
66.249.83.185 - - [07/Dec/2014:11:19:44 -0500] "GET /galeria/nivo-slider/themes/default/default.css HTTP/1.1" 200 1569
66.249.83.185 - - [07/Dec/2014:11:19:44 -0500] "GET /galeria/nivo-slider/demo/images/banner-musgo.jpg HTTP/1.1" 200 49513
66.249.83.179 - - [07/Dec/2014:11:19:44 -0500] "GET /galeria/nivo-slider/nivo-slider.css HTTP/1.1" 200 1507
66.249.83.185 - - [07/Dec/2014:11:19:44 -0500] "GET /galeria/nivo-slider/themes/orman/orman.css HTTP/1.1" 200 2152
66.249.83.179 - - [07/Dec/2014:11:19:44 -0500] "GET /galeria/nivo-slider/demo/images/Jornada-adopcion.jpg HTTP/1.1" 200 79705
66.249.83.179 - - [07/Dec/2014:11:19:44 -0500] "GET /galeria/nivo-slider/demo/images/RdaNegociosFiltros.jpg HTTP/1.1" 200 77155
66.249.83.179 - - [07/Dec/2014:11:19:44 -0500] "GET /galeria/nivo-slider/demo/images/Banner-comparendo.jpg HTTP/1.1" 200 388762
66.249.83.191 - - [07/Dec/2014:11:19:44 -0500] "GET /galeria/nivo-slider/demo/images/banner-redes.jpg HTTP/1.1" 200 62209
66.249.83.191 - - [07/Dec/2014:11:19:44 -0500] "GET /galeria/nivo-slider/demo/images/BogotaSostenible.jpg HTTP/1.1" 200 206863
66.249.83.185 - - [07/Dec/2014:11:19:44 -0500] "GET /galeria/nivo-slider/demo/images/Banner-Caracol-Africano.jpg HTTP/1.1" 200 331986
66.249.83.191 - - [07/Dec/2014:11:19:44 -0500] "GET /galeria/nivo-slider/demo/images/Tingua-azul.jpg HTTP/1.1" 200 307638
66.249.83.185 - - [07/Dec/2014:11:19:44 -0500] "GET /galeria/nivo-slider/demo/images/porloshumedales.jpg HTTP/1.1" 200 351238
66.249.83.179 - - [07/Dec/2014:11:19:44 -0500] "GET /galeria/nivo-slider/demo/images/Biotaxis-Man.jpg HTTP/1.1" 200 99362
66.249.83.179 - - [07/Dec/2014:11:19:44 -0500] "GET /galeria/nivo-slider/demo/images/Hacienda_Molinos.jpg HTTP/1.1" 200 319171
66.249.83.185 - - [07/Dec/2014:11:19:44 -0500] "GET /galeria/nivo-slider/demo/images/banner-caballos.png HTTP/1.1" 200 389106
66.249.83.191 - - [07/Dec/2014:11:19:44 -0500] "GET /galeria/nivo-slider/jquery.nivo.slider.pack.js HTTP/1.1" 200 11561
66.249.83.191 - - [07/Dec/2014:11:19:44 -0500] "GET /galeria/nivo-slider/demo/scripts/jquery-1.7.1.min.js HTTP/1.1" 200 93868
66.249.83.185 - - [07/Dec/2014:11:19:44 -0500] "GET /galeria/nivo-slider/demo/images/bannerEcolecta3.jpg HTTP/1.1" 200 280034
66.249.83.179 - - [07/Dec/2014:11:19:44 -0500] "GET /galeria/nivo-slider/demo/images/9Signos.jpg HTTP/1.1" 200 93040
66.249.83.179 - - [07/Dec/2014:11:19:44 -0500] "GET /galeria/nivo-slider/demo/images/Banner-GAE3.jpg HTTP/1.1" 200 146354
66.249.83.179 - - [07/Dec/2014:11:19:44 -0500] "GET /galeria/nivo-slider/demo/images/4Simple_Slider.png HTTP/1.1" 200 11722
66.249.83.179 - - [07/Dec/2014:11:19:44 -0500] "GET /galeria/nivo-slider/themes/default/loading.gif HTTP/1.1" 200 1737
181.54.57.138 - - [07/Dec/2014:11:19:48 -0500] "POST /forms/lservlet;jsessionid=ac16012b30d53b3759ae0cc748f689c0f278839fad92.e3iSbxaKaheRe34Sa3yKbhiTahb0n6jAmljGr5XDqQLvpAe HTTP/1.1" 200 2
66.249.83.191 - - [07/Dec/2014:11:19:48 -0500] "GET /galeria/nivo-slider/themes/default/arrows.png HTTP/1.1" 200 824
66.249.83.179 - - [07/Dec/2014:11:19:48 -0500] "GET /galeria/nivo-slider/themes/default/bullets.png HTTP/1.1" 200 1281
188.165.15.233 - - [07/Dec/2014:11:19:49 -0500] "GET /BLA/resoluciones/RESOLUCIONES%202006/RES%202006%202701-2750/00002737.tif HTTP/1.1" 200 142310
100.43.85.25 - - [07/Dec/2014:11:19:57 -0500] "GET /StormSDA/stormWeb/?C=M;O=A HTTP/1.1" 200 1191
188.165.15.61 - - [07/Dec/2014:11:20:14 -0500] "GET /BLA/resoluciones/RESOLUCIONES%202006/RES%202006%202501-2550/00002507.tif HTTP/1.1" 200 211448
186.84.50.43 - - [07/Dec/2014:11:20:35 -0500] "POST /forms/lservlet;jsessionid=ac16012b30d57908af430775410a9a859d7a4e2aeca6.e3iSbxaKaheRe34Sa3yKbhiTahb0n6jAmljGr5XDqQLvpAe HTTP/1.1" 200 2
186.112.252.51 - - [07/Dec/2014:11:20:39 -0500] "GET /BLA/boletinlegal/js/jquery.scrollShow.js HTTP/1.1" 200 4586
186.112.252.51 - - [07/Dec/2014:11:20:39 -0500] "GET /BLA/boletinlegal/js/jquery.js HTTP/1.1" 200 57254
186.112.252.51 - - [07/Dec/2014:11:20:39 -0500] "GET /BLA/boletinlegal/js/jquery.scrollTo-min.js HTTP/1.1" 200 1150
186.29.157.58 - - [07/Dec/2014:11:20:40 -0500] "GET /BLA/boletinlegal/jurisprudencia/analisis/Analisis%20jurisprudencial%20Sentencia%20C-366-11.doc HTTP/1.1" 200 59392
186.145.58.53 - - [07/Dec/2014:11:21:08 -0500] "POST /forms/lservlet;jsessionid=ac16012b30d559a403090f4944068314ec3fcd05c2d6.e3iSbxaKaheRe34Sa3yKbhiTahb0n6jAmljGr5XDqQLvpAe HTTP/1.1" 200 2
190.158.197.64 - - [07/Dec/2014:11:21:24 -0500] "GET /forest/session.jsp?a=0.09176583960652351 HTTP/1.1" 200 4
181.54.57.138 - - [07/Dec/2014:11:21:48 -0500] "POST /forms/lservlet;jsessionid=ac16012b30d53b3759ae0cc748f689c0f278839fad92.e3iSbxaKaheRe34Sa3yKbhiTahb0n6jAmljGr5XDqQLvpAe HTTP/1.1" 200 2
181.49.10.206 - - [07/Dec/2014:11:22:00 -0500] "GET /BLA/boletinlegal/js/jquery.js HTTP/1.1" 200 57254
181.49.10.206 - - [07/Dec/2014:11:22:00 -0500] "GET /BLA/boletinlegal/js/jquery.scrollShow.js HTTP/1.1" 200 4586
181.49.10.206 - - [07/Dec/2014:11:22:00 -0500] "GET /BLA/boletinlegal/js/jquery.scrollTo-min.js HTTP/1.1" 200 1150
181.49.10.206 - - [07/Dec/2014:11:22:00 -0500] "GET /galeria/carrusel/Carrusel/jquery.thumbnailScroller.css HTTP/1.1" 200 2066
181.49.10.206 - - [07/Dec/2014:11:22:00 -0500] "GET /galeria/carrusel/Carrusel/jquery-ui-1.8.13.custom.min.js HTTP/1.1" 200 10800
181.49.10.206 - - [07/Dec/2014:11:22:00 -0500] "GET /galeria/carrusel/Carrusel/jquery.thumbnailScroller.js HTTP/1.1" 200 8157
181.49.10.206 - - [07/Dec/2014:11:22:02 -0500] "GET /galeria/nivo-slider/demo/demo.html HTTP/1.1" 200 3572
181.49.10.206 - - [07/Dec/2014:11:22:02 -0500] "GET /galeria/nivo-slider/themes/default/default.css HTTP/1.1" 200 1569
181.49.10.206 - - [07/Dec/2014:11:22:02 -0500] "GET /galeria/nivo-slider/themes/pascal/pascal.css HTTP/1.1" 200 2258
190.216.141.202 - - [07/Dec/2014:11:22:02 -0500] "GET /galeria/nivo-slider/nivo-slider.css HTTP/1.1" 200 1507
181.49.10.206 - - [07/Dec/2014:11:22:02 -0500] "GET /galeria/nivo-slider/themes/orman/orman.css HTTP/1.1" 200 2152
190.216.141.202 - - [07/Dec/2014:11:22:02 -0500] "GET /galeria/nivo-slider/demo/images/banner-musgo.jpg HTTP/1.1" 200 49513
181.49.10.206 - - [07/Dec/2014:11:22:02 -0500] "GET /galeria/nivo-slider/demo/scripts/jquery-1.7.1.min.js HTTP/1.1" 200 93868
181.49.10.206 - - [07/Dec/2014:11:22:02 -0500] "GET /galeria/nivo-slider/jquery.nivo.slider.pack.js HTTP/1.1" 200 11561
181.49.10.206 - - [07/Dec/2014:11:22:02 -0500] "GET /galeria/nivo-slider/demo/images/RdaNegociosFiltros.jpg HTTP/1.1" 200 77155
181.49.10.206 - - [07/Dec/2014:11:22:02 -0500] "GET /galeria/nivo-slider/demo/images/Jornada-adopcion.jpg HTTP/1.1" 200 79705
190.216.141.202 - - [07/Dec/2014:11:22:02 -0500] "GET /galeria/nivo-slider/demo/style.css HTTP/1.1" 200 2222
190.216.141.202 - - [07/Dec/2014:11:22:03 -0500] "GET /galeria/nivo-slider/demo/images/BogotaSostenible.jpg HTTP/1.1" 200 206863
190.216.141.202 - - [07/Dec/2014:11:22:03 -0500] "GET /galeria/nivo-slider/demo/images/Banner-comparendo.jpg HTTP/1.1" 200 388762
181.49.10.206 - - [07/Dec/2014:11:22:03 -0500] "GET /galeria/nivo-slider/demo/images/Banner-GAE3.jpg HTTP/1.1" 200 146354
181.49.10.206 - - [07/Dec/2014:11:22:03 -0500] "GET /galeria/nivo-slider/demo/images/Biotaxis-Man.jpg HTTP/1.1" 200 99362
181.49.10.206 - - [07/Dec/2014:11:22:03 -0500] "GET /galeria/nivo-slider/demo/images/porloshumedales.jpg HTTP/1.1" 200 351238
190.216.141.202 - - [07/Dec/2014:11:22:03 -0500] "GET /videos/Spot_CambioClimatico.flv HTTP/1.1" 200 4371917
181.49.10.206 - - [07/Dec/2014:11:22:03 -0500] "GET /galeria/nivo-slider/demo/images/4Simple_Slider.png HTTP/1.1" 200 11722
181.49.10.206 - - [07/Dec/2014:11:22:04 -0500] "GET /galeria/nivo-slider/themes/default/loading.gif HTTP/1.1" 200 1737
181.49.10.206 - - [07/Dec/2014:11:22:04 -0500] "GET /galeria/nivo-slider/demo/images/Tingua-azul.jpg HTTP/1.1" 200 307638
181.49.10.206 - - [07/Dec/2014:11:22:04 -0500] "GET /galeria/nivo-slider/demo/images/Banner-Caracol-Africano.jpg HTTP/1.1" 200 331986
181.49.10.206 - - [07/Dec/2014:11:22:04 -0500] "GET /galeria/nivo-slider/demo/images/banner-redes.jpg HTTP/1.1" 200 62209
181.49.10.206 - - [07/Dec/2014:11:22:04 -0500] "GET /galeria/nivo-slider/demo/images/9Signos.jpg HTTP/1.1" 200 93040
181.49.10.206 - - [07/Dec/2014:11:22:04 -0500] "GET /galeria/nivo-slider/demo/images/banner-caballos.png HTTP/1.1" 200 389106
181.49.10.206 - - [07/Dec/2014:11:22:04 -0500] "GET /galeria/nivo-slider/demo/images/Hacienda_Molinos.jpg HTTP/1.1" 200 319171
190.216.141.202 - - [07/Dec/2014:11:22:04 -0500] "GET /galeria/nivo-slider/demo/images/bannerEcolecta3.jpg HTTP/1.1" 200 280034
181.49.10.206 - - [07/Dec/2014:11:22:07 -0500] "GET /galeria/nivo-slider/themes/default/arrows.png HTTP/1.1" 200 824
190.216.141.202 - - [07/Dec/2014:11:22:07 -0500] "GET /galeria/nivo-slider/themes/default/bullets.png HTTP/1.1" 200 1281
190.158.197.64 - - [07/Dec/2014:11:22:09 -0500] "GET /forest/skins/gdocs-jar/popup/escritorio/subirborrador.jsp?form=Correspondencia_Elaborar_Borrador&codTpl=901&codBorr=&a=0.616237583803013 HTTP/1.1" 200 23286
190.158.197.64 - - [07/Dec/2014:11:22:09 -0500] "GET /forest/img/lapiz.gif HTTP/1.1" 304 -
190.158.197.64 - - [07/Dec/2014:11:22:09 -0500] "GET /forest/img/historial.gif HTTP/1.1" 304 -
190.158.197.64 - - [07/Dec/2014:11:22:09 -0500] "GET /forest/img/adduser.gif HTTP/1.1" 304 -
190.158.197.64 - - [07/Dec/2014:11:22:09 -0500] "GET /forest/json.do?query=borradoresByTpls&codInst=3008241&codTare=692&firma=0&a=0.32686184882186353 HTTP/1.1" 200 2
190.158.197.64 - - [07/Dec/2014:11:22:09 -0500] "GET /forest/json.do?query=plantillasByTarea&codTare=692&codInst=3008241&firma=0&a=0.8575631950516254 HTTP/1.1" 200 904
190.158.197.64 - - [07/Dec/2014:11:22:09 -0500] "GET /forest/json.do?query=terceroById&numTer=0899999061-9&a=0.27046811510808766 HTTP/1.1" 200 667
190.158.197.64 - - [07/Dec/2014:11:22:09 -0500] "GET /forest/json.do?query=ultimoBorradorByTpl&codTpl=621&codInst=3008241&a=0.3918959223665297 HTTP/1.1" 200 2
190.158.197.64 - - [07/Dec/2014:11:22:10 -0500] "GET /forest/json.do?query=ultimoBorradorByTpl&codTpl=1201&codInst=3008241&a=0.10842014150694013 HTTP/1.1" 200 2
190.158.197.64 - - [07/Dec/2014:11:22:10 -0500] "GET /forest/json.do?query=ultimoBorradorByTpl&codTpl=641&codInst=3008241&a=0.15275025321170688 HTTP/1.1" 200 2
190.158.197.64 - - [07/Dec/2014:11:22:10 -0500] "GET /forest/json.do?query=ultimoBorradorByTpl&codTpl=901&codInst=3008241&a=0.0569973096717149 HTTP/1.1" 200 2
190.158.197.64 - - [07/Dec/2014:11:22:10 -0500] "GET /forest/json.do?query=ultimoBorradorByTpl&codTpl=501&codInst=3008241&a=0.44967835932038724 HTTP/1.1" 200 2
190.158.197.64 - - [07/Dec/2014:11:22:10 -0500] "GET /forest/json.do?query=ultimoBorradorByTpl&codTpl=1301&codInst=3008241&a=0.9548316933214664 HTTP/1.1" 200 2
190.158.197.64 - - [07/Dec/2014:11:22:23 -0500] "GET /forest/skins/gdocs-jar/popup/escritorio/subirborrador.jsp?form=Correspondencia_Elaborar_Borrador&codTpl=901&codBorr=&a=0.5279434637632221 HTTP/1.1" 200 23286
190.158.197.64 - - [07/Dec/2014:11:22:24 -0500] "GET /forest/json.do?query=borradoresByTpls&codInst=3008241&codTare=692&firma=0&a=0.29269737587310374 HTTP/1.1" 200 2
190.158.197.64 - - [07/Dec/2014:11:22:24 -0500] "GET /forest/json.do?query=plantillasByTarea&codTare=692&codInst=3008241&firma=0&a=0.5463536374736577 HTTP/1.1" 200 904
190.158.197.64 - - [07/Dec/2014:11:22:24 -0500] "GET /forest/json.do?query=terceroById&numTer=0899999061-9&a=0.3696562557015568 HTTP/1.1" 200 667
190.158.197.64 - - [07/Dec/2014:11:22:24 -0500] "GET /forest/json.do?query=ultimoBorradorByTpl&codTpl=621&codInst=3008241&a=0.6601674049161375 HTTP/1.1" 200 2
190.158.197.64 - - [07/Dec/2014:11:22:24 -0500] "GET /forest/json.do?query=ultimoBorradorByTpl&codTpl=1201&codInst=3008241&a=0.13822299311868846 HTTP/1.1" 200 2
190.158.197.64 - - [07/Dec/2014:11:22:24 -0500] "GET /forest/json.do?query=ultimoBorradorByTpl&codTpl=641&codInst=3008241&a=0.7705263972748071 HTTP/1.1" 200 2
190.158.197.64 - - [07/Dec/2014:11:22:24 -0500] "GET /forest/json.do?query=ultimoBorradorByTpl&codTpl=901&codInst=3008241&a=0.8066181624308228 HTTP/1.1" 200 2
190.158.197.64 - - [07/Dec/2014:11:22:24 -0500] "GET /forest/json.do?query=ultimoBorradorByTpl&codTpl=501&codInst=3008241&a=0.40133364452049136 HTTP/1.1" 200 2
190.158.197.64 - - [07/Dec/2014:11:22:24 -0500] "GET /forest/json.do?query=ultimoBorradorByTpl&codTpl=1301&codInst=3008241&a=0.5710503256414086 HTTP/1.1" 200 2
186.112.191.166 - - [07/Dec/2014:11:22:26 -0500] "GET /BLA/boletinlegal/js/jquery.js HTTP/1.1" 200 57254
186.112.191.166 - - [07/Dec/2014:11:22:26 -0500] "GET /BLA/boletinlegal/js/jquery.scrollTo-min.js HTTP/1.1" 200 1150
186.112.191.166 - - [07/Dec/2014:11:22:26 -0500] "GET /BLA/boletinlegal/js/jquery.scrollShow.js HTTP/1.1" 200 4586
191.107.60.133 - - [07/Dec/2014:11:22:31 -0500] "GET /BLA/boletinlegal/js/jquery.js HTTP/1.1" 200 57254
191.107.60.133 - - [07/Dec/2014:11:22:31 -0500] "GET /BLA/boletinlegal/js/jquery.scrollTo-min.js HTTP/1.1" 200 1150
191.107.60.133 - - [07/Dec/2014:11:22:31 -0500] "GET /BLA/boletinlegal/js/jquery.scrollShow.js HTTP/1.1" 200 4586
186.84.50.43 - - [07/Dec/2014:11:22:35 -0500] "POST /forms/lservlet;jsessionid=ac16012b30d57908af430775410a9a859d7a4e2aeca6.e3iSbxaKaheRe34Sa3yKbhiTahb0n6jAmljGr5XDqQLvpAe HTTP/1.1" 200 2
190.158.197.64 - - [07/Dec/2014:11:22:39 -0500] "GET /forest/skins/gdocs-jar/popup/escritorio/subirborrador.jsp?form=Correspondencia_Elaborar_Borrador&codTpl=641&codBorr=&a=0.3863173390273005 HTTP/1.1" 200 23286
190.158.197.64 - - [07/Dec/2014:11:22:39 -0500] "GET /forest/json.do?query=borradoresByTpls&codInst=3008241&codTare=692&firma=0&a=0.10925101931206882 HTTP/1.1" 200 2
190.158.197.64 - - [07/Dec/2014:11:22:39 -0500] "GET /forest/json.do?query=plantillasByTarea&codTare=692&codInst=3008241&firma=0&a=0.20768635044805706 HTTP/1.1" 200 904
190.158.197.64 - - [07/Dec/2014:11:22:39 -0500] "GET /forest/json.do?query=terceroById&numTer=0899999061-9&a=0.8230912869330496 HTTP/1.1" 200 667
190.158.197.64 - - [07/Dec/2014:11:22:39 -0500] "GET /forest/json.do?query=ultimoBorradorByTpl&codTpl=621&codInst=3008241&a=0.3741542750503868 HTTP/1.1" 200 2
190.158.197.64 - - [07/Dec/2014:11:22:39 -0500] "GET /forest/json.do?query=ultimoBorradorByTpl&codTpl=1201&codInst=3008241&a=0.9903614760842174 HTTP/1.1" 200 2
190.158.197.64 - - [07/Dec/2014:11:22:40 -0500] "GET /forest/json.do?query=ultimoBorradorByTpl&codTpl=641&codInst=3008241&a=0.8876477014273405 HTTP/1.1" 200 2
190.158.197.64 - - [07/Dec/2014:11:22:40 -0500] "GET /forest/json.do?query=ultimoBorradorByTpl&codTpl=901&codInst=3008241&a=0.01727387774735689 HTTP/1.1" 200 2
190.158.197.64 - - [07/Dec/2014:11:22:40 -0500] "GET /forest/json.do?query=ultimoBorradorByTpl&codTpl=501&codInst=3008241&a=0.876100704073906 HTTP/1.1" 200 2
190.158.197.64 - - [07/Dec/2014:11:22:40 -0500] "GET /forest/json.do?query=ultimoBorradorByTpl&codTpl=1301&codInst=3008241&a=0.9551282846368849 HTTP/1.1" 200 2
190.96.237.171 - - [07/Dec/2014:11:22:43 -0500] "GET /BLA/boletinlegal/js/jquery.js HTTP/1.1" 200 57254
190.96.237.171 - - [07/Dec/2014:11:22:43 -0500] "GET /BLA/boletinlegal/js/jquery.scrollTo-min.js HTTP/1.1" 200 1150
190.96.237.171 - - [07/Dec/2014:11:22:43 -0500] "GET /BLA/boletinlegal/js/jquery.scrollShow.js HTTP/1.1" 200 4586
66.249.67.83 - - [07/Dec/2014:11:22:56 -0500] "GET /BLA/resoluciones/RESOLUCIONES%202012/0334.pdf HTTP/1.1" 304 -
186.145.58.53 - - [07/Dec/2014:11:23:08 -0500] "POST /forms/lservlet;jsessionid=ac16012b30d559a403090f4944068314ec3fcd05c2d6.e3iSbxaKaheRe34Sa3yKbhiTahb0n6jAmljGr5XDqQLvpAe HTTP/1.1" 200 2
74.86.158.107 - - [07/Dec/2014:11:23:12 -0500] "HEAD / HTTP/1.1" 302 -
190.158.197.64 - - [07/Dec/2014:11:17:19 -0500] "GET /ForestMSG_SDA/channelAsync/template_word_17052209?X-Atmosphere-tracking-id=996563c0-3685-a735-1d48-3ee7eeb1999a&X-Atmosphere-Framework=1.0.5&X-Atmosphere-Transport=long-polling&tabid=0.9173981912899762&X-Cache-Date=0&Content-Type=application/xml&_=1417969183564 HTTP/1.1" 200 8193
181.55.217.119 - - [07/Dec/2014:11:23:21 -0500] "GET /dama/libreria/jpg/ecosistemas/aulas/aa2_1.jpg HTTP/1.1" 404 1315
186.84.135.80 - - [07/Dec/2014:11:23:22 -0500] "GET /galeria/carrusel/Carrusel/jquery.thumbnailScroller.css HTTP/1.1" 200 2066
186.84.135.80 - - [07/Dec/2014:11:23:22 -0500] "GET /BLA/boletinlegal/js/jquery.js HTTP/1.1" 200 57254
186.84.135.80 - - [07/Dec/2014:11:23:22 -0500] "GET /BLA/boletinlegal/js/jquery.scrollTo-min.js HTTP/1.1" 200 1150
186.84.135.80 - - [07/Dec/2014:11:23:22 -0500] "GET /BLA/boletinlegal/js/jquery.scrollShow.js HTTP/1.1" 200 4586
186.84.135.80 - - [07/Dec/2014:11:23:22 -0500] "GET /galeria/carrusel/Carrusel/jquery-ui-1.8.13.custom.min.js HTTP/1.1" 200 10800
186.84.135.80 - - [07/Dec/2014:11:23:22 -0500] "GET /galeria/carrusel/Carrusel/jquery.thumbnailScroller.js HTTP/1.1" 200 8157
186.84.135.80 - - [07/Dec/2014:11:23:24 -0500] "GET /galeria/nivo-slider/demo/demo.html HTTP/1.1" 200 3572
186.84.135.80 - - [07/Dec/2014:11:23:25 -0500] "GET /galeria/nivo-slider/themes/default/default.css HTTP/1.1" 200 1569
186.84.135.80 - - [07/Dec/2014:11:23:25 -0500] "GET /galeria/nivo-slider/themes/pascal/pascal.css HTTP/1.1" 200 2258
186.84.135.80 - - [07/Dec/2014:11:23:25 -0500] "GET /galeria/nivo-slider/nivo-slider.css HTTP/1.1" 200 1507
186.84.135.80 - - [07/Dec/2014:11:23:25 -0500] "GET /galeria/nivo-slider/themes/orman/orman.css HTTP/1.1" 200 2152
186.84.135.80 - - [07/Dec/2014:11:23:25 -0500] "GET /galeria/nivo-slider/demo/style.css HTTP/1.1" 200 2222
186.84.135.80 - - [07/Dec/2014:11:23:26 -0500] "GET /galeria/nivo-slider/demo/scripts/jquery-1.7.1.min.js HTTP/1.1" 200 93868
186.84.135.80 - - [07/Dec/2014:11:23:26 -0500] "GET /galeria/nivo-slider/jquery.nivo.slider.pack.js HTTP/1.1" 200 11561
186.84.135.80 - - [07/Dec/2014:11:23:27 -0500] "GET /galeria/nivo-slider/demo/images/banner-musgo.jpg HTTP/1.1" 200 49513
186.84.135.80 - - [07/Dec/2014:11:23:28 -0500] "GET /galeria/nivo-slider/demo/images/RdaNegociosFiltros.jpg HTTP/1.1" 304 -
186.84.135.80 - - [07/Dec/2014:11:23:28 -0500] "GET /galeria/nivo-slider/demo/images/Jornada-adopcion.jpg HTTP/1.1" 304 -
186.84.135.80 - - [07/Dec/2014:11:23:28 -0500] "GET /galeria/nivo-slider/demo/images/BogotaSostenible.jpg HTTP/1.1" 200 206863
186.84.135.80 - - [07/Dec/2014:11:23:28 -0500] "GET /galeria/nivo-slider/demo/images/Banner-GAE3.jpg HTTP/1.1" 200 146354
186.84.135.80 - - [07/Dec/2014:11:23:28 -0500] "GET /galeria/nivo-slider/demo/images/Banner-comparendo.jpg HTTP/1.1" 200 388762
186.84.135.80 - - [07/Dec/2014:11:23:28 -0500] "GET /galeria/nivo-slider/demo/images/Biotaxis-Man.jpg HTTP/1.1" 200 99362
186.84.135.80 - - [07/Dec/2014:11:23:28 -0500] "GET /galeria/nivo-slider/demo/images/porloshumedales.jpg HTTP/1.1" 200 351238
186.84.135.80 - - [07/Dec/2014:11:23:28 -0500] "GET /galeria/nivo-slider/demo/images/Tingua-azul.jpg HTTP/1.1" 200 307638
186.84.135.80 - - [07/Dec/2014:11:23:28 -0500] "GET /galeria/nivo-slider/demo/images/Banner-Caracol-Africano.jpg HTTP/1.1" 200 331986
186.84.135.80 - - [07/Dec/2014:11:23:28 -0500] "GET /galeria/nivo-slider/demo/images/banner-redes.jpg HTTP/1.1" 200 62209
186.84.135.80 - - [07/Dec/2014:11:23:29 -0500] "GET /galeria/nivo-slider/demo/images/9Signos.jpg HTTP/1.1" 200 93040
186.84.135.80 - - [07/Dec/2014:11:23:30 -0500] "GET /galeria/nivo-slider/demo/images/banner-caballos.png HTTP/1.1" 200 389106
186.84.135.80 - - [07/Dec/2014:11:23:32 -0500] "GET /galeria/nivo-slider/demo/images/Hacienda_Molinos.jpg HTTP/1.1" 200 319171
186.84.135.80 - - [07/Dec/2014:11:23:32 -0500] "GET /galeria/nivo-slider/demo/images/bannerEcolecta3.jpg HTTP/1.1" 200 280034
201.138.111.8 - - [07/Dec/2014:11:23:34 -0500] "GET /BLA/boletinlegal/js/jquery.js HTTP/1.1" 200 57254
201.138.111.8 - - [07/Dec/2014:11:23:34 -0500] "GET /BLA/boletinlegal/js/jquery.scrollTo-min.js HTTP/1.1" 200 1150
201.138.111.8 - - [07/Dec/2014:11:23:34 -0500] "GET /BLA/boletinlegal/js/jquery.scrollShow.js HTTP/1.1" 200 4586
186.84.135.80 - - [07/Dec/2014:11:23:34 -0500] "GET /galeria/nivo-slider/demo/images/4Simple_Slider.png HTTP/1.1" 200 11722
186.84.135.80 - - [07/Dec/2014:11:23:35 -0500] "GET /galeria/nivo-slider/themes/default/loading.gif HTTP/1.1" 200 1737
181.54.57.138 - - [07/Dec/2014:11:23:48 -0500] "POST /forms/lservlet;jsessionid=ac16012b30d53b3759ae0cc748f689c0f278839fad92.e3iSbxaKaheRe34Sa3yKbhiTahb0n6jAmljGr5XDqQLvpAe HTTP/1.1" 200 2
190.7.140.233 - - [07/Dec/2014:11:23:51 -0500] "GET /BLA/boletinlegal/js/jquery.js HTTP/1.1" 200 57254
190.7.140.233 - - [07/Dec/2014:11:23:51 -0500] "GET /BLA/boletinlegal/js/jquery.scrollTo-min.js HTTP/1.1" 200 1150
190.7.140.233 - - [07/Dec/2014:11:23:51 -0500] "GET /BLA/boletinlegal/js/jquery.scrollShow.js HTTP/1.1" 200 4586
188.165.15.233 - - [07/Dec/2014:11:23:57 -0500] "GET /BLA/resoluciones/RESOLUCIONES%202005/RES%202005%202751-2800/00002771.tif HTTP/1.1" 200 155752
85.137.168.7 - - [07/Dec/2014:11:24:06 -0500] "GET /BLA/boletinlegal/js/jquery.js HTTP/1.1" 200 57254
85.137.168.7 - - [07/Dec/2014:11:24:06 -0500] "GET /BLA/boletinlegal/js/jquery.scrollTo-min.js HTTP/1.1" 200 1150
85.137.168.7 - - [07/Dec/2014:11:24:06 -0500] "GET /BLA/boletinlegal/js/jquery.scrollShow.js HTTP/1.1" 200 4586
85.137.168.7 - - [07/Dec/2014:11:24:10 -0500] "GET /hidrico/aguas%20subterraneas/ HTTP/1.1" 404 1296
188.165.15.233 - - [07/Dec/2014:11:24:16 -0500] "GET /BLA/resoluciones/RESOLUCIONES%202003/RES%202003%20451-500/474.tif HTTP/1.1" 200 221540
186.84.50.43 - - [07/Dec/2014:11:24:35 -0500] "POST /forms/lservlet;jsessionid=ac16012b30d57908af430775410a9a859d7a4e2aeca6.e3iSbxaKaheRe34Sa3yKbhiTahb0n6jAmljGr5XDqQLvpAe HTTP/1.1" 200 2
66.249.67.67 - - [07/Dec/2014:11:24:45 -0500] "GET /BLA/resoluciones/RESOLUCIONES%202002/RES%202002%20451-500/00000454.tif HTTP/1.1" 200 199332
83.46.197.182 - - [07/Dec/2014:11:24:51 -0500] "GET /BLA/boletinlegal/js/jquery.scrollShow.js HTTP/1.1" 200 4586
83.46.197.182 - - [07/Dec/2014:11:24:52 -0500] "GET /BLA/boletinlegal/js/jquery.scrollTo-min.js HTTP/1.1" 200 1150
83.46.197.182 - - [07/Dec/2014:11:24:52 -0500] "GET /BLA/boletinlegal/js/jquery.js HTTP/1.1" 200 57254
191.146.16.224 - - [07/Dec/2014:11:25:07 -0500] "GET /galeria/nivo-slider/demo/images/BogotaSostenible.jpg HTTP/1.1" 304 -
191.146.16.224 - - [07/Dec/2014:11:25:07 -0500] "GET /galeria/nivo-slider/demo/images/banner-musgo.jpg HTTP/1.1" 304 -
191.146.16.224 - - [07/Dec/2014:11:25:07 -0500] "GET /galeria/nivo-slider/demo/images/RdaNegociosFiltros.jpg HTTP/1.1" 304 -
191.146.16.224 - - [07/Dec/2014:11:25:07 -0500] "GET /galeria/nivo-slider/demo/images/Jornada-adopcion.jpg HTTP/1.1" 304 -
191.146.16.224 - - [07/Dec/2014:11:25:07 -0500] "GET /galeria/nivo-slider/demo/images/Banner-GAE3.jpg HTTP/1.1" 304 -
186.145.58.53 - - [07/Dec/2014:11:25:08 -0500] "POST /forms/lservlet;jsessionid=ac16012b30d559a403090f4944068314ec3fcd05c2d6.e3iSbxaKaheRe34Sa3yKbhiTahb0n6jAmljGr5XDqQLvpAe HTTP/1.1" 200 2
190.158.197.64 - - [07/Dec/2014:11:25:16 -0500] "POST /forest/usutareas.do?group_system_actual=3 HTTP/1.1" 200 188
190.158.197.64 - - [07/Dec/2014:11:25:33 -0500] "GET /forest/usutareas.do?group_system_actual=3&a=0.9817318902350962 HTTP/1.1" 200 122919
190.158.197.64 - - [07/Dec/2014:11:23:19 -0500] "GET /ForestMSG_SDA/channelAsync/template_word_17052209?X-Atmosphere-tracking-id=996563c0-3685-a735-1d48-3ee7eeb1999a&X-Atmosphere-Framework=1.0.5&X-Atmosphere-Transport=long-polling&tabid=0.9173981912899762&X-Cache-Date=0&Content-Type=application/xml&_=1417969543605 HTTP/1.1" 200 8193
190.158.197.64 - - [07/Dec/2014:11:25:36 -0500] "GET /forest/session.jsp?a=0.06440720590762794 HTTP/1.1" 200 4
181.54.57.138 - - [07/Dec/2014:11:25:48 -0500] "POST /forms/lservlet;jsessionid=ac16012b30d53b3759ae0cc748f689c0f278839fad92.e3iSbxaKaheRe34Sa3yKbhiTahb0n6jAmljGr5XDqQLvpAe HTTP/1.1" 200 2
186.84.50.43 - - [07/Dec/2014:11:26:35 -0500] "POST /forms/lservlet;jsessionid=ac16012b30d57908af430775410a9a859d7a4e2aeca6.e3iSbxaKaheRe34Sa3yKbhiTahb0n6jAmljGr5XDqQLvpAe HTTP/1.1" 200 2
201.138.111.8 - - [07/Dec/2014:11:23:50 -0500] "GET /videos/CRRFFS.mp4 HTTP/1.1" 200 286784363
186.155.151.160 - - [07/Dec/2014:11:26:41 -0500] "GET /BLA/boletinlegal/js/jquery.js HTTP/1.1" 200 57254
186.155.151.160 - - [07/Dec/2014:11:26:41 -0500] "GET /BLA/boletinlegal/js/jquery.scrollTo-min.js HTTP/1.1" 200 1150
186.155.151.160 - - [07/Dec/2014:11:26:41 -0500] "GET /BLA/boletinlegal/js/jquery.scrollShow.js HTTP/1.1" 200 4586
186.155.151.160 - - [07/Dec/2014:11:26:41 -0500] "GET /galeria/carrusel/Carrusel/jquery.thumbnailScroller.css HTTP/1.1" 200 2066
186.154.97.71 - - [07/Dec/2014:11:26:54 -0500] "GET /BLA/boletinlegal/js/jquery.scrollTo-min.js HTTP/1.1" 200 1150
186.154.97.71 - - [07/Dec/2014:11:26:54 -0500] "GET /BLA/boletinlegal/js/jquery.js HTTP/1.1" 200 57254
186.154.97.71 - - [07/Dec/2014:11:26:54 -0500] "GET /BLA/boletinlegal/js/jquery.scrollShow.js HTTP/1.1" 200 4586
190.157.160.95 - - [07/Dec/2014:11:27:05 -0500] "GET /BLA/boletinlegal/js/jquery.scrollTo-min.js HTTP/1.1" 200 1150
190.157.160.95 - - [07/Dec/2014:11:27:05 -0500] "GET /BLA/boletinlegal/js/jquery.js HTTP/1.1" 200 57254
190.157.160.95 - - [07/Dec/2014:11:27:05 -0500] "GET /BLA/boletinlegal/js/jquery.scrollShow.js HTTP/1.1" 200 4586
186.145.58.53 - - [07/Dec/2014:11:27:08 -0500] "POST /forms/lservlet;jsessionid=ac16012b30d559a403090f4944068314ec3fcd05c2d6.e3iSbxaKaheRe34Sa3yKbhiTahb0n6jAmljGr5XDqQLvpAe HTTP/1.1" 200 2
181.54.57.138 - - [07/Dec/2014:11:27:48 -0500] "POST /forms/lservlet;jsessionid=ac16012b30d53b3759ae0cc748f689c0f278839fad92.e3iSbxaKaheRe34Sa3yKbhiTahb0n6jAmljGr5XDqQLvpAe HTTP/1.1" 200 2
66.249.67.67 - - [07/Dec/2014:11:27:59 -0500] "GET /BLA/resoluciones/RESOLUCIONES%202008/1329.pdf HTTP/1.1" 200 206018
186.28.29.10 - - [07/Dec/2014:11:28:09 -0500] "GET /galeria/nivo-slider/demo/demo.html HTTP/1.1" 200 3572
186.28.29.10 - - [07/Dec/2014:11:28:09 -0500] "GET /galeria/nivo-slider/demo/images/banner-musgo.jpg HTTP/1.1" 200 49513
186.28.29.10 - - [07/Dec/2014:11:28:09 -0500] "GET /galeria/nivo-slider/demo/images/Jornada-adopcion.jpg HTTP/1.1" 200 79705
186.28.29.10 - - [07/Dec/2014:11:28:09 -0500] "GET /galeria/nivo-slider/demo/images/RdaNegociosFiltros.jpg HTTP/1.1" 200 77155
186.28.29.10 - - [07/Dec/2014:11:28:09 -0500] "GET /galeria/nivo-slider/demo/images/BogotaSostenible.jpg HTTP/1.1" 200 206863
186.28.29.10 - - [07/Dec/2014:11:28:09 -0500] "GET /galeria/nivo-slider/demo/images/Banner-GAE3.jpg HTTP/1.1" 200 146354
186.28.29.10 - - [07/Dec/2014:11:28:09 -0500] "GET /galeria/nivo-slider/demo/images/Banner-comparendo.jpg HTTP/1.1" 200 388762
186.28.29.10 - - [07/Dec/2014:11:28:11 -0500] "GET /galeria/nivo-slider/demo/images/Biotaxis-Man.jpg HTTP/1.1" 200 99362
186.28.29.10 - - [07/Dec/2014:11:28:11 -0500] "GET /galeria/nivo-slider/demo/images/porloshumedales.jpg HTTP/1.1" 200 351238
186.28.29.10 - - [07/Dec/2014:11:28:12 -0500] "GET /galeria/nivo-slider/demo/images/Hacienda_Molinos.jpg HTTP/1.1" 200 319171
74.86.158.107 - - [07/Dec/2014:11:28:12 -0500] "HEAD / HTTP/1.1" 302 -
186.28.29.10 - - [07/Dec/2014:11:28:12 -0500] "GET /galeria/nivo-slider/demo/images/banner-redes.jpg HTTP/1.1" 304 -
186.28.29.10 - - [07/Dec/2014:11:28:13 -0500] "GET /videos/Spot_CambioClimatico.flv HTTP/1.1" 200 4371917
186.84.50.43 - - [07/Dec/2014:11:28:35 -0500] "POST /forms/lservlet;jsessionid=ac16012b30d57908af430775410a9a859d7a4e2aeca6.e3iSbxaKaheRe34Sa3yKbhiTahb0n6jAmljGr5XDqQLvpAe HTTP/1.1" 200 2
190.158.197.64 - - [07/Dec/2014:11:28:42 -0500] "POST /forest/usutareas.do? HTTP/1.1" 200 76
190.158.197.64 - - [07/Dec/2014:11:28:45 -0500] "GET /forest/usutareas.do?group_system_actual=3&a=0.9755883309990168 HTTP/1.1" 200 19758
201.244.201.107 - - [07/Dec/2014:11:28:47 -0500] "GET /BLA/boletinlegal/js/jquery.js HTTP/1.1" 200 57254
201.244.201.107 - - [07/Dec/2014:11:28:47 -0500] "GET /BLA/boletinlegal/js/jquery.scrollTo-min.js HTTP/1.1" 200 1150
201.244.201.107 - - [07/Dec/2014:11:28:47 -0500] "GET /BLA/boletinlegal/js/jquery.scrollShow.js HTTP/1.1" 200 4586
190.158.197.64 - - [07/Dec/2014:11:28:51 -0500] "GET /forest/session.jsp?a=0.36403557448647916 HTTP/1.1" 200 4
186.145.58.53 - - [07/Dec/2014:11:29:08 -0500] "POST /forms/lservlet;jsessionid=ac16012b30d559a403090f4944068314ec3fcd05c2d6.e3iSbxaKaheRe34Sa3yKbhiTahb0n6jAmljGr5XDqQLvpAe HTTP/1.1" 200 2
190.26.167.144 - - [07/Dec/2014:11:29:37 -0500] "GET /BLA/boletinlegal/js/jquery.scrollTo-min.js HTTP/1.1" 200 1150
190.26.167.144 - - [07/Dec/2014:11:29:37 -0500] "GET /BLA/boletinlegal/js/jquery.scrollShow.js HTTP/1.1" 200 4586
190.26.167.144 - - [07/Dec/2014:11:29:37 -0500] "GET /BLA/boletinlegal/js/jquery.js HTTP/1.1" 200 57254
181.54.57.138 - - [07/Dec/2014:11:29:49 -0500] "POST /forms/lservlet;jsessionid=ac16012b30d53b3759ae0cc748f689c0f278839fad92.e3iSbxaKaheRe34Sa3yKbhiTahb0n6jAmljGr5XDqQLvpAe HTTP/1.1" 200 2
186.84.50.43 - - [07/Dec/2014:11:30:35 -0500] "POST /forms/lservlet;jsessionid=ac16012b30d57908af430775410a9a859d7a4e2aeca6.e3iSbxaKaheRe34Sa3yKbhiTahb0n6jAmljGr5XDqQLvpAe HTTP/1.1" 200 2
186.145.58.53 - - [07/Dec/2014:11:31:08 -0500] "POST /forms/lservlet;jsessionid=ac16012b30d559a403090f4944068314ec3fcd05c2d6.e3iSbxaKaheRe34Sa3yKbhiTahb0n6jAmljGr5XDqQLvpAe HTTP/1.1" 200 2
157.55.39.62 - - [07/Dec/2014:11:31:20 -0500] "GET / HTTP/1.1" 302 -
190.158.197.64 - - [07/Dec/2014:11:25:34 -0500] "GET /ForestMSG_SDA/channelAsync/template_word_17052209?X-Atmosphere-tracking-id=6152d293-a9d5-a76b-4be5-7373b8bc436c&X-Atmosphere-Framework=1.0.5&X-Atmosphere-Transport=long-polling&tabid=0.7355884267017245&X-Cache-Date=0&Content-Type=application/xml&_=1417969678091 HTTP/1.1" 200 8193
181.54.57.138 - - [07/Dec/2014:11:31:49 -0500] "POST /forms/lservlet;jsessionid=ac16012b30d53b3759ae0cc748f689c0f278839fad92.e3iSbxaKaheRe34Sa3yKbhiTahb0n6jAmljGr5XDqQLvpAe HTTP/1.1" 200 2
190.26.167.144 - - [07/Dec/2014:11:31:51 -0500] "GET /BLA/boletinlegal/js/jquery.js HTTP/1.1" 200 57254
190.26.167.144 - - [07/Dec/2014:11:31:51 -0500] "GET /BLA/boletinlegal/js/jquery.scrollTo-min.js HTTP/1.1" 200 1150
190.26.167.144 - - [07/Dec/2014:11:31:51 -0500] "GET /BLA/boletinlegal/js/jquery.scrollShow.js HTTP/1.1" 200 4586
181.50.241.109 - - [07/Dec/2014:11:32:34 -0500] "GET /forms/frmservlet?config=sia HTTP/1.1" 200 4028
186.84.50.43 - - [07/Dec/2014:11:32:36 -0500] "POST /forms/lservlet;jsessionid=ac16012b30d57908af430775410a9a859d7a4e2aeca6.e3iSbxaKaheRe34Sa3yKbhiTahb0n6jAmljGr5XDqQLvpAe HTTP/1.1" 200 2
181.50.241.109 - - [07/Dec/2014:11:32:42 -0500] "GET /forms/java/frmall_jinit.jar HTTP/1.1" 304 -
181.50.241.109 - - [07/Dec/2014:11:32:42 -0500] "GET /forms/java/icons.jar HTTP/1.1" 304 -
181.50.241.109 - - [07/Dec/2014:11:32:43 -0500] "GET /forms/java/java/awt/KeyboardFocusManager.class HTTP/1.1" 404 352
181.50.241.109 - - [07/Dec/2014:11:32:43 -0500] "GET /forms/java/java/awt/KeyboardFocusManager.class HTTP/1.1" 404 352
181.50.241.109 - - [07/Dec/2014:11:32:43 -0500] "GET /forms/java/java/awt/event/MouseWheelListener.class HTTP/1.1" 404 356
181.50.241.109 - - [07/Dec/2014:11:32:43 -0500] "GET /forms/java/java/awt/event/MouseWheelListener.class HTTP/1.1" 404 356
181.50.241.109 - - [07/Dec/2014:11:32:44 -0500] "GET /forms/java/oracle/forms/registry/Registry.dat HTTP/1.1" 200 4213
181.50.241.109 - - [07/Dec/2014:11:32:44 -0500] "GET /forms/java/oracle/forms/registry/default.dat HTTP/1.1" 404 350
181.50.241.109 - - [07/Dec/2014:11:32:44 -0500] "GET /forms/frmservlet?config=sia&acceptLanguage=es-co&ifcmd=startsession HTTP/1.1" 200 119
181.50.241.109 - - [07/Dec/2014:11:32:44 -0500] "GET /forms/lservlet;jsessionid=ac16012b30d564bebcb3999c4f529600eb7d36f9f38a.e3iSbxaKaheRe34Sa3yKbhiTahb0n6jAmljGr5XDqQLvpAe?ifcmd=getinfo&ifhost=Andrea-PC&ifip=192.168.0.12 HTTP/1.1" 200 8
181.50.241.109 - - [07/Dec/2014:11:32:44 -0500] "POST /forms/lservlet;jsessionid=ac16012b30d564bebcb3999c4f529600eb7d36f9f38a.e3iSbxaKaheRe34Sa3yKbhiTahb0n6jAmljGr5XDqQLvpAe HTTP/1.1" 200 8
181.50.241.109 - - [07/Dec/2014:11:32:46 -0500] "GET /forms/java/oracle/forms/engine/RunformBundle_es_CO.class HTTP/1.1" 404 362
181.50.241.109 - - [07/Dec/2014:11:32:46 -0500] "GET /forms/java/oracle/forms/engine/RunformBundle_es_CO.class HTTP/1.1" 404 362
181.50.241.109 - - [07/Dec/2014:11:32:46 -0500] "GET /forms/java/oracle/forms/engine/RunformBundle_es_CO.properties HTTP/1.1" 404 367
66.249.67.83 - - [07/Dec/2014:11:32:47 -0500] "GET /BLA/resoluciones/RESOLUCIONES%202007/RES%202007%20501%20AL%20600/RESOLUCION%200524%20DE%202007.pdf HTTP/1.1" 304 -
181.50.241.109 - - [07/Dec/2014:11:32:47 -0500] "POST /forms/lservlet;jsessionid=ac16012b30d564bebcb3999c4f529600eb7d36f9f38a.e3iSbxaKaheRe34Sa3yKbhiTahb0n6jAmljGr5XDqQLvpAe HTTP/1.1" 200 64000
181.50.241.109 - - [07/Dec/2014:11:32:48 -0500] "POST /forms/lservlet;jsessionid=ac16012b30d564bebcb3999c4f529600eb7d36f9f38a.e3iSbxaKaheRe34Sa3yKbhiTahb0n6jAmljGr5XDqQLvpAe HTTP/1.1" 200 64000
181.50.241.109 - - [07/Dec/2014:11:32:49 -0500] "POST /forms/lservlet;jsessionid=ac16012b30d564bebcb3999c4f529600eb7d36f9f38a.e3iSbxaKaheRe34Sa3yKbhiTahb0n6jAmljGr5XDqQLvpAe HTTP/1.1" 200 63623
201.185.182.164 - - [07/Dec/2014:11:32:49 -0500] "GET /BLA/boletinlegal/js/jquery.scrollShow.js HTTP/1.1" 200 4586
201.185.182.164 - - [07/Dec/2014:11:32:49 -0500] "GET /BLA/boletinlegal/js/jquery.js HTTP/1.1" 200 57254
201.185.182.164 - - [07/Dec/2014:11:32:49 -0500] "GET /BLA/boletinlegal/js/jquery.scrollTo-min.js HTTP/1.1" 200 1150
190.131.196.79 - - [07/Dec/2014:11:32:50 -0500] "GET /BLA/resoluciones/RESOLUCIONES%202012/0042.pdf HTTP/1.1" 200 797096
181.50.241.109 - - [07/Dec/2014:11:32:51 -0500] "HEAD /imagenes/dama_logo.gif HTTP/1.1" 200 -
190.131.196.79 - - [07/Dec/2014:11:32:51 -0500] "GET /favicon.ico HTTP/1.1" 200 7782
181.50.241.109 - - [07/Dec/2014:11:32:51 -0500] "GET /imagenes/dama_logo.gif HTTP/1.1" 200 21482
181.50.241.109 - - [07/Dec/2014:11:32:52 -0500] "POST /forms/lservlet;jsessionid=ac16012b30d564bebcb3999c4f529600eb7d36f9f38a.e3iSbxaKaheRe34Sa3yKbhiTahb0n6jAmljGr5XDqQLvpAe HTTP/1.1" 200 2
66.249.67.67 - - [07/Dec/2014:11:33:01 -0500] "GET /BLA/resoluciones/AUTOS%202008/3487.pdf HTTP/1.1" 200 216780
181.50.241.109 - - [07/Dec/2014:11:33:07 -0500] "POST /forms/lservlet;jsessionid=ac16012b30d564bebcb3999c4f529600eb7d36f9f38a.e3iSbxaKaheRe34Sa3yKbhiTahb0n6jAmljGr5XDqQLvpAe HTTP/1.1" 200 7993
186.145.58.53 - - [07/Dec/2014:11:33:08 -0500] "POST /forms/lservlet;jsessionid=ac16012b30d559a403090f4944068314ec3fcd05c2d6.e3iSbxaKaheRe34Sa3yKbhiTahb0n6jAmljGr5XDqQLvpAe HTTP/1.1" 200 2
181.50.241.109 - - [07/Dec/2014:11:33:09 -0500] "POST /forms/lservlet;jsessionid=ac16012b30d564bebcb3999c4f529600eb7d36f9f38a.e3iSbxaKaheRe34Sa3yKbhiTahb0n6jAmljGr5XDqQLvpAe HTTP/1.1" 200 64
181.50.241.109 - - [07/Dec/2014:11:33:09 -0500] "POST /forms/lservlet;jsessionid=ac16012b30d564bebcb3999c4f529600eb7d36f9f38a.e3iSbxaKaheRe34Sa3yKbhiTahb0n6jAmljGr5XDqQLvpAe HTTP/1.1" 200 2
181.50.241.109 - - [07/Dec/2014:11:33:09 -0500] "POST /forms/lservlet;jsessionid=ac16012b30d564bebcb3999c4f529600eb7d36f9f38a.e3iSbxaKaheRe34Sa3yKbhiTahb0n6jAmljGr5XDqQLvpAe HTTP/1.1" 200 2
181.50.241.109 - - [07/Dec/2014:11:33:09 -0500] "POST /forms/lservlet;jsessionid=ac16012b30d564bebcb3999c4f529600eb7d36f9f38a.e3iSbxaKaheRe34Sa3yKbhiTahb0n6jAmljGr5XDqQLvpAe HTTP/1.1" 200 2
74.86.158.107 - - [07/Dec/2014:11:33:12 -0500] "HEAD / HTTP/1.1" 302 -
181.50.241.109 - - [07/Dec/2014:11:33:12 -0500] "POST /forms/lservlet;jsessionid=ac16012b30d564bebcb3999c4f529600eb7d36f9f38a.e3iSbxaKaheRe34Sa3yKbhiTahb0n6jAmljGr5XDqQLvpAe HTTP/1.1" 200 34711
181.50.241.109 - - [07/Dec/2014:11:33:14 -0500] "GET /imagenes/listval.gif HTTP/1.1" 200 905
181.50.241.109 - - [07/Dec/2014:11:33:14 -0500] "GET /imagenes/tree1.gif HTTP/1.1" 200 1161
181.50.241.109 - - [07/Dec/2014:11:33:14 -0500] "GET /imagenes/listval.gif HTTP/1.1" 200 905
181.50.241.109 - - [07/Dec/2014:11:33:14 -0500] "GET /imagenes/CAMERA3.gif HTTP/1.1" 200 4150
181.50.241.109 - - [07/Dec/2014:11:33:14 -0500] "GET /imagenes/SLIDE1.gif HTTP/1.1" 200 1111
181.50.241.109 - - [07/Dec/2014:11:33:14 -0500] "GET /imagenes/flexcomb.gif HTTP/1.1" 200 1169
181.50.241.109 - - [07/Dec/2014:11:33:14 -0500] "GET /imagenes/GO.gif HTTP/1.1" 200 904
181.50.241.109 - - [07/Dec/2014:11:33:14 -0500] "GET /imagenes/HRTOOLS.gif HTTP/1.1" 200 2238
181.50.241.109 - - [07/Dec/2014:11:33:14 -0500] "GET /imagenes/rt_rec1.gif HTTP/1.1" 200 867
181.50.241.109 - - [07/Dec/2014:11:33:14 -0500] "GET /imagenes/apply.gif HTTP/1.1" 200 903
181.50.241.109 - - [07/Dec/2014:11:33:14 -0500] "GET /imagenes/exit.gif HTTP/1.1" 200 916
181.50.241.109 - - [07/Dec/2014:11:33:14 -0500] "GET /imagenes/LISTVAL.gif HTTP/1.1" 200 905
181.50.241.109 - - [07/Dec/2014:11:33:14 -0500] "GET /imagenes/edit.gif HTTP/1.1" 200 919
181.50.241.109 - - [07/Dec/2014:11:33:14 -0500] "GET /imagenes/rt_rec4.gif HTTP/1.1" 200 865
181.50.241.109 - - [07/Dec/2014:11:33:14 -0500] "GET /imagenes/rt_rec3.gif HTTP/1.1" 200 844
181.50.241.109 - - [07/Dec/2014:11:33:14 -0500] "GET /imagenes/rt_rec2.gif HTTP/1.1" 200 847
181.50.241.109 - - [07/Dec/2014:11:33:14 -0500] "GET /imagenes/rt_rdel.gif HTTP/1.1" 200 899
181.50.241.109 - - [07/Dec/2014:11:33:14 -0500] "GET /imagenes/rt_radd.gif HTTP/1.1" 200 907
181.50.241.109 - - [07/Dec/2014:11:33:14 -0500] "GET /imagenes/rt_quer3.gif HTTP/1.1" 200 939
181.50.241.109 - - [07/Dec/2014:11:33:14 -0500] "GET /imagenes/rt_quer2.gif HTTP/1.1" 200 936
181.50.241.109 - - [07/Dec/2014:11:33:15 -0500] "GET /imagenes/rt_quer1.gif HTTP/1.1" 200 930
181.50.241.109 - - [07/Dec/2014:11:33:15 -0500] "GET /imagenes/rt_save.gif HTTP/1.1" 200 903
181.50.241.109 - - [07/Dec/2014:11:33:15 -0500] "GET /imagenes/rt_pset.gif HTTP/1.1" 200 914
181.50.241.109 - - [07/Dec/2014:11:33:15 -0500] "GET /imagenes/QUEJA.gif HTTP/1.1" 200 1091
181.50.241.109 - - [07/Dec/2014:11:33:15 -0500] "GET /imagenes/ARBOL.gif HTTP/1.1" 200 1026
181.50.241.109 - - [07/Dec/2014:11:33:15 -0500] "GET /imagenes/Clipboard.gif HTTP/1.1" 200 1466
181.50.241.109 - - [07/Dec/2014:11:33:15 -0500] "GET /imagenes/DINERO.gif HTTP/1.1" 200 1766
181.50.241.109 - - [07/Dec/2014:11:33:15 -0500] "GET /imagenes/URGENTE.gif HTTP/1.1" 200 964
181.50.241.109 - - [07/Dec/2014:11:33:15 -0500] "GET /imagenes/TREE4.gif HTTP/1.1" 200 4150
181.50.241.109 - - [07/Dec/2014:11:33:15 -0500] "POST /forms/lservlet;jsessionid=ac16012b30d564bebcb3999c4f529600eb7d36f9f38a.e3iSbxaKaheRe34Sa3yKbhiTahb0n6jAmljGr5XDqQLvpAe HTTP/1.1" 200 7
181.50.241.109 - - [07/Dec/2014:11:33:15 -0500] "POST /forms/lservlet;jsessionid=ac16012b30d564bebcb3999c4f529600eb7d36f9f38a.e3iSbxaKaheRe34Sa3yKbhiTahb0n6jAmljGr5XDqQLvpAe HTTP/1.1" 200 34
181.50.241.109 - - [07/Dec/2014:11:33:15 -0500] "POST /forms/lservlet;jsessionid=ac16012b30d564bebcb3999c4f529600eb7d36f9f38a.e3iSbxaKaheRe34Sa3yKbhiTahb0n6jAmljGr5XDqQLvpAe HTTP/1.1" 200 2
181.50.241.109 - - [07/Dec/2014:11:33:16 -0500] "POST /forms/lservlet;jsessionid=ac16012b30d564bebcb3999c4f529600eb7d36f9f38a.e3iSbxaKaheRe34Sa3yKbhiTahb0n6jAmljGr5XDqQLvpAe HTTP/1.1" 200 2
181.50.241.109 - - [07/Dec/2014:11:33:16 -0500] "POST /forms/lservlet;jsessionid=ac16012b30d564bebcb3999c4f529600eb7d36f9f38a.e3iSbxaKaheRe34Sa3yKbhiTahb0n6jAmljGr5XDqQLvpAe HTTP/1.1" 200 699
181.50.241.109 - - [07/Dec/2014:11:33:17 -0500] "GET /imagenes/Srch_frw.gif HTTP/1.1" 200 925
181.50.241.109 - - [07/Dec/2014:11:33:17 -0500] "POST /forms/lservlet;jsessionid=ac16012b30d564bebcb3999c4f529600eb7d36f9f38a.e3iSbxaKaheRe34Sa3yKbhiTahb0n6jAmljGr5XDqQLvpAe HTTP/1.1" 200 10
181.50.241.109 - - [07/Dec/2014:11:33:39 -0500] "POST /forms/lservlet;jsessionid=ac16012b30d564bebcb3999c4f529600eb7d36f9f38a.e3iSbxaKaheRe34Sa3yKbhiTahb0n6jAmljGr5XDqQLvpAe HTTP/1.1" 200 24
181.50.241.109 - - [07/Dec/2014:11:33:39 -0500] "POST /forms/lservlet;jsessionid=ac16012b30d564bebcb3999c4f529600eb7d36f9f38a.e3iSbxaKaheRe34Sa3yKbhiTahb0n6jAmljGr5XDqQLvpAe HTTP/1.1" 200 4041
181.50.241.109 - - [07/Dec/2014:11:33:41 -0500] "POST /forms/lservlet;jsessionid=ac16012b30d564bebcb3999c4f529600eb7d36f9f38a.e3iSbxaKaheRe34Sa3yKbhiTahb0n6jAmljGr5XDqQLvpAe HTTP/1.1" 200 2
188.165.15.192 - - [07/Dec/2014:11:33:41 -0500] "GET /BLA/resoluciones/RESOLUCIONES%202006/RES%202006%202101-2150/00002109.tif HTTP/1.1" 200 193542
181.50.241.109 - - [07/Dec/2014:11:33:42 -0500] "POST /forms/lservlet;jsessionid=ac16012b30d564bebcb3999c4f529600eb7d36f9f38a.e3iSbxaKaheRe34Sa3yKbhiTahb0n6jAmljGr5XDqQLvpAe HTTP/1.1" 200 154
181.54.57.138 - - [07/Dec/2014:11:33:50 -0500] "POST /forms/lservlet;jsessionid=ac16012b30d53b3759ae0cc748f689c0f278839fad92.e3iSbxaKaheRe34Sa3yKbhiTahb0n6jAmljGr5XDqQLvpAe HTTP/1.1" 200 2
190.24.129.149 - - [07/Dec/2014:11:34:07 -0500] "GET /galeria/nivo-slider/demo/images/Banner-Ecourbanismo.jpg HTTP/1.1" 304 -
188.165.15.110 - - [07/Dec/2014:11:34:26 -0500] "GET /BLA/resoluciones/RESOLUCIONES%202005/RES%202005%203101-3150/00003115.tif HTTP/1.1" 200 201064
180.76.6.46 - - [07/Dec/2014:11:34:34 -0500] "GET /BLA/resoluciones/RESOLUCIONES%202010/4518.pdf HTTP/1.1" 200 351739
186.84.50.43 - - [07/Dec/2014:11:34:36 -0500] "POST /forms/lservlet;jsessionid=ac16012b30d57908af430775410a9a859d7a4e2aeca6.e3iSbxaKaheRe34Sa3yKbhiTahb0n6jAmljGr5XDqQLvpAe HTTP/1.1" 200 2
181.50.241.109 - - [07/Dec/2014:11:34:46 -0500] "POST /forms/lservlet;jsessionid=ac16012b30d564bebcb3999c4f529600eb7d36f9f38a.e3iSbxaKaheRe34Sa3yKbhiTahb0n6jAmljGr5XDqQLvpAe HTTP/1.1" 200 2
180.76.5.61 - - [07/Dec/2014:11:34:53 -0500] "GET /BLA/resoluciones/AUTOS%202013/0245.pdf HTTP/1.1" 200 988097
180.76.5.223 - - [07/Dec/2014:11:34:54 -0500] "GET /BLA/resoluciones/RESOLUCIONES%202007/RES%202007%201301%20AL%201400/RESOLUCION%201373%20DE%202007.pdf HTTP/1.1" 200 330053
186.145.58.53 - - [07/Dec/2014:11:35:08 -0500] "POST /forms/lservlet;jsessionid=ac16012b30d559a403090f4944068314ec3fcd05c2d6.e3iSbxaKaheRe34Sa3yKbhiTahb0n6jAmljGr5XDqQLvpAe HTTP/1.1" 200 2
190.158.197.64 - - [07/Dec/2014:11:35:30 -0500] "GET /forest/usutareas.do?group_system_actual=3&a=0.9755883309990168 HTTP/1.1" 200 19758
190.158.197.64 - - [07/Dec/2014:11:35:31 -0500] "GET /forest/session.jsp?a=0.3883814546279609 HTTP/1.1" 200 4
190.158.197.64 - - [07/Dec/2014:11:35:35 -0500] "GET /forest/skins/gdocs-jar/popup/popup.jsp?width=1100&height=500&title=Buscar%20documentos&uri=/forest/buscar.do%3Ftype%3Ddocumentos&name=undefined&_a=0.8487306761089712&a=0.8486104565672576 HTTP/1.1" 200 1300
190.158.197.64 - - [07/Dec/2014:11:35:35 -0500] "GET /forest/buscar.do?type=documentos HTTP/1.1" 200 18159
190.158.197.64 - - [07/Dec/2014:11:35:35 -0500] "GET /forest/buscar.do?type=documentos HTTP/1.1" 200 97362
190.158.197.64 - - [07/Dec/2014:11:35:36 -0500] "GET /forest/json.do?query=usersByDep&coddep=2013 HTTP/1.1" 200 7404
190.158.197.64 - - [07/Dec/2014:11:35:36 -0500] "GET /forest/json.do?query=usersByDep&coddep=2013 HTTP/1.1" 200 7404
190.158.197.64 - - [07/Dec/2014:11:35:50 -0500] "POST /forest/buscar.do? HTTP/1.1" 200 5994
181.54.57.138 - - [07/Dec/2014:11:35:51 -0500] "POST /forms/lservlet;jsessionid=ac16012b30d53b3759ae0cc748f689c0f278839fad92.e3iSbxaKaheRe34Sa3yKbhiTahb0n6jAmljGr5XDqQLvpAe HTTP/1.1" 200 2
190.158.197.64 - - [07/Dec/2014:11:35:52 -0500] "GET /forest/skins/gdocs-jar/popup/popup.jsp?width=900&height=600&title=Informaci%F3n%20de%20proceso&uri=/forest/system/process.jsp%3FnumPro%3D2959665&name=undefined&_a=0.7463725414127111&a=0.6265295944176614 HTTP/1.1" 200 1312
190.158.197.64 - - [07/Dec/2014:11:35:52 -0500] "GET /forest/system/process.jsp?numPro=2959665 HTTP/1.1" 200 23307
190.158.197.64 - - [07/Dec/2014:11:35:54 -0500] "GET /forest/usutareas.do?codTraEsc=16931997&_a=0.4406950486701293 HTTP/1.1" 200 108825
190.158.197.64 - - [07/Dec/2014:11:35:57 -0500] "GET /forest/session.jsp?a=0.040529450634494424 HTTP/1.1" 200 4
181.243.209.234 - - [07/Dec/2014:11:36:00 -0500] "GET /BLA/resoluciones/AUTOS%202012/0314.pdf HTTP/1.1" 200 164941
181.243.209.234 - - [07/Dec/2014:11:36:01 -0500] "GET /BLA/resoluciones/AUTOS%202012/0314.pdf HTTP/1.1" 200 164941
190.158.197.64 - - [07/Dec/2014:11:36:07 -0500] "GET /forest/skins/gdocs-jar/popup/popup.jsp?width=850&height=380&title=Informaci%F3n%20del%20radicado&uri=/forest/system/document.jsp%3FcodDoc%3D1962186&name=undefined&_a=0.5541072760242969&a=0.9758798722177744 HTTP/1.1" 200 1315
190.158.197.64 - - [07/Dec/2014:11:36:07 -0500] "GET /forest/system/document.jsp?codDoc=1962186 HTTP/1.1" 200 13827
190.158.197.64 - - [07/Dec/2014:11:36:07 -0500] "GET /forest/system/document.jsp?codDoc=1962186 HTTP/1.1" 200 13827
190.158.197.64 - - [07/Dec/2014:11:36:09 -0500] "GET /forest/skins/gdocs-jar/popup/popup.jsp?width=360&height=250&title=Informaci%F3n%20del%20tercero&uri=/forest/system/tercero.jsp%3FnumTer%3DATM006689&name=undefined&_a=0.3339797481894493&a=0.8897599815391004 HTTP/1.1" 200 1315
190.158.197.64 - - [07/Dec/2014:11:36:09 -0500] "GET /forest/system/tercero.jsp?numTer=ATM006689 HTTP/1.1" 200 1466
190.158.197.64 - - [07/Dec/2014:11:36:09 -0500] "GET /forest/system/tercero.jsp?numTer=ATM006689 HTTP/1.1" 200 1466
180.76.5.166 - - [07/Dec/2014:11:36:20 -0500] "GET /BLA/resoluciones/RESOLUCIONES%202011/2793.pdf HTTP/1.1" 200 403003
180.76.6.50 - - [07/Dec/2014:11:36:22 -0500] "GET /BLA/resoluciones/RESOLUCIONES%202010/0242.pdf HTTP/1.1" 200 280819
186.84.50.43 - - [07/Dec/2014:11:36:36 -0500] "POST /forms/lservlet;jsessionid=ac16012b30d57908af430775410a9a859d7a4e2aeca6.e3iSbxaKaheRe34Sa3yKbhiTahb0n6jAmljGr5XDqQLvpAe HTTP/1.1" 200 2
100.43.85.25 - - [07/Dec/2014:11:36:39 -0500] "GET /phpold/js/images/interface/?C=M;O=A HTTP/1.1" 404 1019
181.50.241.109 - - [07/Dec/2014:11:36:46 -0500] "POST /forms/lservlet;jsessionid=ac16012b30d564bebcb3999c4f529600eb7d36f9f38a.e3iSbxaKaheRe34Sa3yKbhiTahb0n6jAmljGr5XDqQLvpAe HTTP/1.1" 200 2
180.76.6.131 - - [07/Dec/2014:11:37:02 -0500] "GET /BLA/resoluciones/RESOLUCIONES%202011/0292.pdf HTTP/1.1" 200 532142
186.145.58.53 - - [07/Dec/2014:11:37:08 -0500] "POST /forms/lservlet;jsessionid=ac16012b30d559a403090f4944068314ec3fcd05c2d6.e3iSbxaKaheRe34Sa3yKbhiTahb0n6jAmljGr5XDqQLvpAe HTTP/1.1" 200 2
180.76.6.159 - - [07/Dec/2014:11:37:10 -0500] "GET /BLA/resoluciones/AUTOS%202011/3118.pdf HTTP/1.1" 200 283745
180.76.5.19 - - [07/Dec/2014:11:37:14 -0500] "GET /BLA/resoluciones/RESOLUCIONES%202010/6060.pdf HTTP/1.1" 200 4662341
180.76.6.41 - - [07/Dec/2014:11:37:22 -0500] "GET /BLA/resoluciones/RESOLUCIONES%202010/4222.pdf HTTP/1.1" 200 346380
180.76.5.57 - - [07/Dec/2014:11:37:39 -0500] "GET /BLA/resoluciones/AUTOS%202007/0260.pdf HTTP/1.1" 200 239509
180.76.6.144 - - [07/Dec/2014:11:37:45 -0500] "GET /BLA/resoluciones/AUTOS%202012/0396.pdf HTTP/1.1" 200 163924
181.54.57.138 - - [07/Dec/2014:11:37:52 -0500] "POST /forms/lservlet;jsessionid=ac16012b30d53b3759ae0cc748f689c0f278839fad92.e3iSbxaKaheRe34Sa3yKbhiTahb0n6jAmljGr5XDqQLvpAe HTTP/1.1" 200 2
180.76.5.18 - - [07/Dec/2014:11:38:00 -0500] "GET /BLA/resoluciones/AUTOS%202007/0885.pdf HTTP/1.1" 200 109435
180.76.6.158 - - [07/Dec/2014:11:38:01 -0500] "GET /BLA/resoluciones/RESOLUCIONES%202007/RES%202007%20401%20AL%20500/RESOLUCION%200413%20DE%202007.pdf HTTP/1.1" 200 1527510
66.249.67.75 - - [07/Dec/2014:11:38:03 -0500] "GET /BLA/resoluciones/RESOLUCIONES%202011/0584.pdf HTTP/1.1" 200 75065
74.86.158.107 - - [07/Dec/2014:11:38:12 -0500] "HEAD / HTTP/1.1" 302 -
180.76.5.22 - - [07/Dec/2014:11:38:16 -0500] "GET /BLA/resoluciones/RESOLUCIONES%202008/5247.pdf HTTP/1.1" 200 331275
180.76.6.44 - - [07/Dec/2014:11:38:27 -0500] "GET /BLA/resoluciones/AUTOS%202009/0860.pdf HTTP/1.1" 200 68943
180.76.5.61 - - [07/Dec/2014:11:38:35 -0500] "GET /BLA/resoluciones/RESOLUCIONES%202007/RES%202007%203401%20AL%203500/RESOLUCION%203427%20DE%202007.pdf HTTP/1.1" 200 819700
190.9.193.24 - - [07/Dec/2014:11:38:36 -0500] "GET /BLA/resoluciones/RESOLUCIONES%202007/RES%202007%20201%20AL%20300/RESOLUCION%200255%20DE%202007.pdf HTTP/1.1" 200 267393
186.84.50.43 - - [07/Dec/2014:11:38:36 -0500] "POST /forms/lservlet;jsessionid=ac16012b30d57908af430775410a9a859d7a4e2aeca6.e3iSbxaKaheRe34Sa3yKbhiTahb0n6jAmljGr5XDqQLvpAe HTTP/1.1" 200 2
190.9.193.24 - - [07/Dec/2014:11:38:36 -0500] "GET /BLA/resoluciones/RESOLUCIONES%202007/RES%202007%20201%20AL%20300/RESOLUCION%200255%20DE%202007.pdf HTTP/1.1" 206 32768
190.9.193.24 - - [07/Dec/2014:11:38:36 -0500] "GET /BLA/resoluciones/RESOLUCIONES%202007/RES%202007%20201%20AL%20300/RESOLUCION%200255%20DE%202007.pdf HTTP/1.1" 206 234625
190.9.193.24 - - [07/Dec/2014:11:38:37 -0500] "GET /favicon.ico HTTP/1.1" 200 7782
