190.158.197.64 - - [07/Dec/2014:12:42:32 -0500] "GET /forest/skins/gdocs-jar/js/common.js?version=1411.041919 HTTP/1.1" 304 -
190.158.197.64 - - [07/Dec/2014:12:42:32 -0500] "GET /forest/skins/gdocs-jar/js/escritorio.js?version=1411.041919 HTTP/1.1" 304 -
190.158.197.64 - - [07/Dec/2014:12:42:32 -0500] "GET /forest/skins/gdocs-jar/js/SelectManager.js?version=1411.041919 HTTP/1.1" 304 -
190.158.197.64 - - [07/Dec/2014:12:42:32 -0500] "GET /forest/skins/gdocs-jar/js/internJS.js?version=1411.041919 HTTP/1.1" 304 -
190.158.197.64 - - [07/Dec/2014:12:42:32 -0500] "GET /forest/skins/gdocs-jar/js/load-process-info.js?version=1411.041919 HTTP/1.1" 304 -
190.158.197.64 - - [07/Dec/2014:12:42:32 -0500] "GET /forest/skins/gdocs-jar/js/autocomplete/suggest.js?version=1411.041919 HTTP/1.1" 304 -
190.158.197.64 - - [07/Dec/2014:12:42:32 -0500] "GET /forest/skins/gdocs-jar/js/autocomplete/core.js?version=1411.041919 HTTP/1.1" 304 -
190.158.197.64 - - [07/Dec/2014:12:42:32 -0500] "GET /forest/skins/gdocs-jar/js/autocomplete/autocomplete.js?version=1411.041919 HTTP/1.1" 304 -
190.158.197.64 - - [07/Dec/2014:12:42:32 -0500] "GET /forest/skins/gdocs-jar/js/xml_utilities.js HTTP/1.1" 304 -
190.158.197.64 - - [07/Dec/2014:12:42:32 -0500] "GET /forest/img/dtree/minus.gif HTTP/1.1" 304 -
190.158.197.64 - - [07/Dec/2014:12:42:32 -0500] "GET /forest/html/loading.html HTTP/1.1" 304 -
66.249.67.67 - - [07/Dec/2014:12:42:32 -0500] "GET /BLA/resoluciones/AUTOS%202011/5250.pdf HTTP/1.1" 200 249971
190.158.197.64 - - [07/Dec/2014:12:42:32 -0500] "GET /forest/json.do?query=procesosByDepDocfile&coddep=2013 HTTP/1.1" 200 5761
186.84.50.43 - - [07/Dec/2014:12:42:37 -0500] "POST /forms/lservlet;jsessionid=ac16012b30d57908af430775410a9a859d7a4e2aeca6.e3iSbxaKaheRe34Sa3yKbhiTahb0n6jAmljGr5XDqQLvpAe HTTP/1.1" 200 2
190.158.197.64 - - [07/Dec/2014:12:42:46 -0500] "GET /forest/skins/gdocs-jar/popup/escritorio/copiarAFuncionarios.jsp?a=0.9047382620628923 HTTP/1.1" 200 37638
190.158.197.64 - - [07/Dec/2014:12:42:46 -0500] "GET /forest/skins/gdocs-jar/css/notificar.css HTTP/1.1" 304 -
190.158.197.64 - - [07/Dec/2014:12:42:46 -0500] "GET /forest/json.do?query=usersByDep&coddep=2013&a=0.05597389885224402 HTTP/1.1" 200 7404
181.50.241.109 - - [07/Dec/2014:12:42:47 -0500] "POST /forms/lservlet;jsessionid=ac16012b30d564bebcb3999c4f529600eb7d36f9f38a.e3iSbxaKaheRe34Sa3yKbhiTahb0n6jAmljGr5XDqQLvpAe HTTP/1.1" 200 2
66.249.67.67 - - [07/Dec/2014:12:42:56 -0500] "GET /BLA/resoluciones/RESOLUCIONES%202008/2631.pdf HTTP/1.1" 200 202285
180.76.5.95 - - [07/Dec/2014:12:43:03 -0500] "GET /BLA/resoluciones/RESOLUCIONES%202012/0290.pdf HTTP/1.1" 200 192943
181.54.49.50 - - [07/Dec/2014:12:43:04 -0500] "POST /forest/misactividades.do?ajax=true&a=0.7055101601872593 HTTP/1.1" 200 56
181.54.49.50 - - [07/Dec/2014:12:43:08 -0500] "GET /forest/img/jquery/ui-icons_217bc0_256x240.png HTTP/1.1" 200 70221
74.86.158.107 - - [07/Dec/2014:12:43:12 -0500] "HEAD / HTTP/1.1" 302 -
180.76.5.72 - - [07/Dec/2014:12:43:14 -0500] "GET /BLA/resoluciones/RESOLUCIONES%202008/1922.pdf HTTP/1.1" 200 329812
190.144.162.81 - - [07/Dec/2014:12:43:29 -0500] "GET /BLA/resoluciones/AUTOS%202012/1642.pdf HTTP/1.1" 200 500105
180.76.6.59 - - [07/Dec/2014:12:43:29 -0500] "GET /BLA/resoluciones/RESOLUCIONES%202009/7316.pdf HTTP/1.1" 200 259875
190.144.162.81 - - [07/Dec/2014:12:43:37 -0500] "GET /favicon.ico HTTP/1.1" 200 7782
180.76.5.167 - - [07/Dec/2014:12:43:38 -0500] "GET /BLA/resoluciones/RESOLUCIONES%202012/1641.pdf HTTP/1.1" 200 316780
190.158.197.64 - - [07/Dec/2014:12:43:43 -0500] "POST /forest/usudocumentos.do HTTP/1.1" 200 1244
181.54.57.138 - - [07/Dec/2014:12:43:45 -0500] "POST /forms/lservlet;jsessionid=ac16012b30d566401237efdb41e38546f52ac40f31cb.e3iSbxaKaheRe34Sa3yKbhiTahb0n6jAmljGr5XDqQLvpAe HTTP/1.1" 200 2
190.29.178.47 - - [07/Dec/2014:12:43:48 -0500] "GET /BLA/boletinlegal/js/jquery.scrollTo-min.js HTTP/1.1" 200 1150
190.29.178.47 - - [07/Dec/2014:12:43:48 -0500] "GET /BLA/boletinlegal/js/jquery.js HTTP/1.1" 200 57254
190.29.178.47 - - [07/Dec/2014:12:43:48 -0500] "GET /BLA/boletinlegal/js/jquery.scrollShow.js HTTP/1.1" 200 4586
180.76.6.43 - - [07/Dec/2014:12:43:48 -0500] "GET /BLA/resoluciones/RESOLUCIONES%202007/RES%202007%20401%20AL%20500/RESOLUCION%200414%20DE%202007.pdf HTTP/1.1" 200 1655434
180.76.5.173 - - [07/Dec/2014:12:44:11 -0500] "GET /BLA/resoluciones/RESOLUCIONES%202009/9487.pdf HTTP/1.1" 200 669194
181.199.130.222 - - [07/Dec/2014:12:44:23 -0500] "GET /BLA/resoluciones/RESOLUCIONES%202007/RES%202007%201401%20AL%201500/RESOLUCION%201405%20DE%202007.pdf HTTP/1.1" 200 216229
181.199.130.222 - - [07/Dec/2014:12:44:23 -0500] "GET /BLA/resoluciones/RESOLUCIONES%202007/RES%202007%201401%20AL%201500/RESOLUCION%201405%20DE%202007.pdf HTTP/1.1" 200 216229
181.199.130.222 - - [07/Dec/2014:12:44:24 -0500] "GET /BLA/resoluciones/RESOLUCIONES%202007/RES%202007%201401%20AL%201500/RESOLUCION%201405%20DE%202007.pdf HTTP/1.1" 206 32768
181.199.130.222 - - [07/Dec/2014:12:44:26 -0500] "GET /BLA/resoluciones/RESOLUCIONES%202007/RES%202007%201401%20AL%201500/RESOLUCION%201405%20DE%202007.pdf HTTP/1.1" 206 183461
181.199.130.222 - - [07/Dec/2014:12:44:28 -0500] "GET /favicon.ico HTTP/1.1" 200 7782
157.55.39.103 - - [07/Dec/2014:12:44:29 -0500] "GET /BLA/boletinlegal/js/jquery.scrollShow.js HTTP/1.1" 200 4586
186.84.50.43 - - [07/Dec/2014:12:44:37 -0500] "POST /forms/lservlet;jsessionid=ac16012b30d57908af430775410a9a859d7a4e2aeca6.e3iSbxaKaheRe34Sa3yKbhiTahb0n6jAmljGr5XDqQLvpAe HTTP/1.1" 200 2
181.50.241.109 - - [07/Dec/2014:12:44:48 -0500] "POST /forms/lservlet;jsessionid=ac16012b30d564bebcb3999c4f529600eb7d36f9f38a.e3iSbxaKaheRe34Sa3yKbhiTahb0n6jAmljGr5XDqQLvpAe HTTP/1.1" 200 2
181.54.57.138 - - [07/Dec/2014:12:45:00 -0500] "POST /forms/lservlet;jsessionid=ac16012b30d566401237efdb41e38546f52ac40f31cb.e3iSbxaKaheRe34Sa3yKbhiTahb0n6jAmljGr5XDqQLvpAe HTTP/1.1" 200 2
181.54.57.138 - - [07/Dec/2014:12:45:00 -0500] "POST /forms/lservlet;jsessionid=ac16012b30d566401237efdb41e38546f52ac40f31cb.e3iSbxaKaheRe34Sa3yKbhiTahb0n6jAmljGr5XDqQLvpAe HTTP/1.1" 200 2380
181.54.57.138 - - [07/Dec/2014:12:45:00 -0500] "GET /imagenes/Srch_frw.gif HTTP/1.1" 200 925
181.54.57.138 - - [07/Dec/2014:12:45:01 -0500] "POST /forms/lservlet;jsessionid=ac16012b30d566401237efdb41e38546f52ac40f31cb.e3iSbxaKaheRe34Sa3yKbhiTahb0n6jAmljGr5XDqQLvpAe HTTP/1.1" 200 10
181.54.57.138 - - [07/Dec/2014:12:45:06 -0500] "POST /forms/lservlet;jsessionid=ac16012b30d566401237efdb41e38546f52ac40f31cb.e3iSbxaKaheRe34Sa3yKbhiTahb0n6jAmljGr5XDqQLvpAe HTTP/1.1" 200 24
181.54.57.138 - - [07/Dec/2014:12:45:06 -0500] "POST /forms/lservlet;jsessionid=ac16012b30d566401237efdb41e38546f52ac40f31cb.e3iSbxaKaheRe34Sa3yKbhiTahb0n6jAmljGr5XDqQLvpAe HTTP/1.1" 200 4301
181.54.57.138 - - [07/Dec/2014:12:45:07 -0500] "POST /forms/lservlet;jsessionid=ac16012b30d566401237efdb41e38546f52ac40f31cb.e3iSbxaKaheRe34Sa3yKbhiTahb0n6jAmljGr5XDqQLvpAe HTTP/1.1" 200 2
181.54.57.138 - - [07/Dec/2014:12:45:07 -0500] "POST /forms/lservlet;jsessionid=ac16012b30d566401237efdb41e38546f52ac40f31cb.e3iSbxaKaheRe34Sa3yKbhiTahb0n6jAmljGr5XDqQLvpAe HTTP/1.1" 200 154
181.178.206.111 - - [07/Dec/2014:12:45:21 -0500] "GET /BLA/boletinlegal/js/jquery.js HTTP/1.1" 200 57254
181.178.206.111 - - [07/Dec/2014:12:45:21 -0500] "GET /BLA/boletinlegal/js/jquery.scrollTo-min.js HTTP/1.1" 200 1150
181.178.206.111 - - [07/Dec/2014:12:45:21 -0500] "GET /BLA/boletinlegal/js/jquery.scrollShow.js HTTP/1.1" 200 4586
181.54.57.138 - - [07/Dec/2014:12:45:45 -0500] "POST /forms/lservlet;jsessionid=ac16012b30d566401237efdb41e38546f52ac40f31cb.e3iSbxaKaheRe34Sa3yKbhiTahb0n6jAmljGr5XDqQLvpAe HTTP/1.1" 200 2
66.249.67.75 - - [07/Dec/2014:12:45:46 -0500] "GET /BLA/resoluciones/RESOLUCIONES%202002/RES%202002%20451-500/00000500.tif HTTP/1.1" 200 68036
180.76.5.171 - - [07/Dec/2014:12:46:07 -0500] "GET /BLA/resoluciones/RESOLUCIONES%202007/RES%202007%20301%20AL%20400/RESOLUCION%200377%20DE%202007.pdf HTTP/1.1" 200 267814
180.76.5.148 - - [07/Dec/2014:12:46:20 -0500] "GET /BLA/resoluciones/AUTOS%202011/7698.pdf HTTP/1.1" 200 509595
190.158.197.64 - - [07/Dec/2014:12:46:31 -0500] "GET /forest/usutareas.do?_a=0.17803462501615286&group_system_actual=3 HTTP/1.1" 200 119646
190.158.197.64 - - [07/Dec/2014:12:46:32 -0500] "GET /forest/session.jsp?a=0.36384950135834515 HTTP/1.1" 200 4
188.165.15.162 - - [07/Dec/2014:12:46:36 -0500] "GET /BLA/resoluciones/RESOLUCIONES%202005/RES%202005%202401-2450/00002415.tif HTTP/1.1" 200 134068
186.84.50.43 - - [07/Dec/2014:12:46:38 -0500] "POST /forms/lservlet;jsessionid=ac16012b30d57908af430775410a9a859d7a4e2aeca6.e3iSbxaKaheRe34Sa3yKbhiTahb0n6jAmljGr5XDqQLvpAe HTTP/1.1" 200 2
190.158.197.64 - - [07/Dec/2014:12:46:39 -0500] "GET /forest/skins/gdocs-jar/popup/popup.jsp?width=1100&height=500&title=Buscar%20procesos&uri=/forest/buscar.do%3Ftype%3Dprocesos&name=undefined&_a=0.6743278740905225&a=0.8851383104920387 HTTP/1.1" 200 1296
190.158.197.64 - - [07/Dec/2014:12:46:40 -0500] "GET /forest/buscar.do?type=procesos HTTP/1.1" 200 97360
190.158.197.64 - - [07/Dec/2014:12:46:40 -0500] "GET /forest/json.do?query=usersByDep&coddep=2013 HTTP/1.1" 200 7404
190.158.197.64 - - [07/Dec/2014:12:46:41 -0500] "GET /forest/json.do?query=usersByDep&coddep=2013 HTTP/1.1" 200 7404
181.50.241.109 - - [07/Dec/2014:12:46:48 -0500] "POST /forms/lservlet;jsessionid=ac16012b30d564bebcb3999c4f529600eb7d36f9f38a.e3iSbxaKaheRe34Sa3yKbhiTahb0n6jAmljGr5XDqQLvpAe HTTP/1.1" 200 2
190.158.197.64 - - [07/Dec/2014:12:46:49 -0500] "POST /forest/buscar.do? HTTP/1.1" 200 5386
190.158.197.64 - - [07/Dec/2014:12:46:51 -0500] "GET /forest/usutareas.do?group_system_actual=3&codAct=3143&numPro=2973621&codPro=233&fecTra=2014-12-07%2012:39:39.0&codInst=3008725&codTraEsc=17052290 HTTP/1.1" 200 178074
190.158.197.64 - - [07/Dec/2014:12:46:54 -0500] "GET /forest/session.jsp?a=0.2967587052844465 HTTP/1.1" 200 4
190.158.197.64 - - [07/Dec/2014:12:46:54 -0500] "GET /forest/actions/forms.getItemList?codForm=veriflista&id=field33&value=177&a=0.7310837744735181 HTTP/1.1" 200 4
180.76.6.142 - - [07/Dec/2014:12:47:01 -0500] "GET /BLA/resoluciones/RESOLUCIONES%202007/RES%202007%204201%20AL%204300/RESOLUCION%204215%20DE%202007.pdf HTTP/1.1" 200 258755
181.54.49.50 - - [07/Dec/2014:12:47:03 -0500] "POST /forest/misactividades.do?loadList=1&name=nompro&a=0.8096034312620759 HTTP/1.1" 200 245
181.54.49.50 - - [07/Dec/2014:12:47:03 -0500] "GET /forest/img/jquery/ui-icons_f9bd01_256x240.png HTTP/1.1" 404 185
181.54.49.50 - - [07/Dec/2014:12:47:04 -0500] "GET /forest/skins/gdocs-jar/jsp/cookie.jsp?name=grid_nompro&del HTTP/1.1" 200 -
181.54.49.50 - - [07/Dec/2014:12:47:04 -0500] "POST /forest/misactividades.do?ajax=true&a=0.14839088823646307 HTTP/1.1" 200 56
190.158.197.64 - - [07/Dec/2014:12:47:05 -0500] "-" 408 -
180.76.6.40 - - [07/Dec/2014:12:47:07 -0500] "GET /BLA/resoluciones/AUTOS%202011/1727.pdf HTTP/1.1" 200 193034
181.54.49.50 - - [07/Dec/2014:12:47:09 -0500] "GET /forest/skins/gdocs-jar/jsp/cookie.jsp?name=grid_numpro&del HTTP/1.1" 200 -
181.54.49.50 - - [07/Dec/2014:12:47:09 -0500] "POST /forest/misactividades.do?ajax=true&a=0.476695011369884 HTTP/1.1" 200 12873
181.54.49.50 - - [07/Dec/2014:12:47:11 -0500] "POST /forest/misactividades.do?ajax=true&a=0.6537134677637368 HTTP/1.1" 200 56
188.165.15.98 - - [07/Dec/2014:12:47:15 -0500] "GET /BLA/resoluciones/RESOLUCIONES%202002/RES%202002%201701-1750/20021705.tif HTTP/1.1" 200 50646
66.249.67.83 - - [07/Dec/2014:12:47:16 -0500] "GET /videos/galeria-cronicas/1videos/2.mp4video.mp4 HTTP/1.1" 200 66602614
181.54.49.50 - - [07/Dec/2014:12:47:21 -0500] "GET /forest/session.jsp?a=0.22557235625572503 HTTP/1.1" 200 4
190.158.197.64 - - [07/Dec/2014:12:47:23 -0500] "POST /forest/usutareas.do? HTTP/1.1" 200 76
181.54.49.50 - - [07/Dec/2014:12:47:24 -0500] "GET /forest/skins/gdocs-jar/popup/popup.jsp?width=1100&height=500&title=Buscar%20procesos&uri=/forest/buscar.do%3Ftype%3Dprocesos&name=undefined&_a=0.03529034671373665&a=0.7036534354556352 HTTP/1.1" 200 1296
181.54.49.50 - - [07/Dec/2014:12:47:24 -0500] "GET /forest/buscar.do?type=procesos HTTP/1.1" 200 18159
181.54.49.50 - - [07/Dec/2014:12:47:24 -0500] "GET /forest/buscar.do?type=procesos HTTP/1.1" 200 97356
181.54.49.50 - - [07/Dec/2014:12:47:25 -0500] "GET /forest/json.do?query=usersByDep&coddep=20 HTTP/1.1" 200 3228
181.54.49.50 - - [07/Dec/2014:12:47:25 -0500] "GET /forest/json.do?query=usersByDep&coddep=20 HTTP/1.1" 200 3228
190.158.197.64 - - [07/Dec/2014:12:47:25 -0500] "GET /forest/usutareas.do?group_system_actual=3&a=0.2609320606570691 HTTP/1.1" 200 99831
181.54.49.50 - - [07/Dec/2014:12:47:28 -0500] "POST /forest/buscar.do? HTTP/1.1" 200 5138
181.54.49.50 - - [07/Dec/2014:12:47:28 -0500] "GET /forest/css/escritorio.css HTTP/1.1" 304 -
181.54.49.50 - - [07/Dec/2014:12:47:28 -0500] "GET /forest/img/nav_first.gif HTTP/1.1" 304 -
181.54.49.50 - - [07/Dec/2014:12:47:28 -0500] "GET /forest/img/nav_prev.gif HTTP/1.1" 304 -
181.54.49.50 - - [07/Dec/2014:12:47:28 -0500] "GET /forest/img/nav_last.gif HTTP/1.1" 304 -
181.54.49.50 - - [07/Dec/2014:12:47:28 -0500] "GET /forest/skins/gdocs-jar/img/more_details.gif HTTP/1.1" 304 -
181.54.49.50 - - [07/Dec/2014:12:47:28 -0500] "GET /forest/img/nav_next.gif HTTP/1.1" 304 -
190.158.197.64 - - [07/Dec/2014:12:47:33 -0500] "GET /forest/session.jsp?a=0.7349435535725206 HTTP/1.1" 200 4
190.158.197.64 - - [07/Dec/2014:12:47:33 -0500] "GET /forest/actions/forms.getList?codForm=primerasactividades&id=tipo_solicitud591 HTTP/1.1" 200 79
181.54.49.50 - - [07/Dec/2014:12:47:36 -0500] "GET /forest/skins/gdocs-jar/popup/popup.jsp?width=900&height=600&title=Informaci%F3n%20de%20proceso&uri=/forest/system/process.jsp%3FnumPro%3D2399652&name=undefined&_a=0.6929637058638036&a=0.7026217826642096 HTTP/1.1" 200 1312
181.54.49.50 - - [07/Dec/2014:12:47:36 -0500] "GET /forest/system/process.jsp?numPro=2399652 HTTP/1.1" 200 18159
181.54.49.50 - - [07/Dec/2014:12:47:37 -0500] "GET /forest/1ibre/protoaculous.js HTTP/1.1" 304 -
181.54.49.50 - - [07/Dec/2014:12:47:37 -0500] "GET /forest/css/dialog.css HTTP/1.1" 304 -
181.54.49.50 - - [07/Dec/2014:12:47:37 -0500] "GET /forest/css/index.css HTTP/1.1" 304 -
181.54.49.50 - - [07/Dec/2014:12:47:37 -0500] "GET /forest/1ibre/1ibre.js HTTP/1.1" 304 -
181.54.49.50 - - [07/Dec/2014:12:47:37 -0500] "GET /forest/skins/gdocs-jar/img/eye.gif HTTP/1.1" 304 -
181.54.49.50 - - [07/Dec/2014:12:47:37 -0500] "GET /forest/skins/gdocs-jar/img/icons/pdf.gif HTTP/1.1" 304 -
181.54.49.50 - - [07/Dec/2014:12:47:37 -0500] "GET /forest/skins/gdocs-jar/img/expandido.gif HTTP/1.1" 304 -
181.54.49.50 - - [07/Dec/2014:12:47:37 -0500] "GET /forest/skins/gdocs-jar/img/activity2.gif HTTP/1.1" 304 -
181.54.49.50 - - [07/Dec/2014:12:47:37 -0500] "GET /forest/skins/gdocs-jar/img/itemlist.gif HTTP/1.1" 304 -
181.54.49.50 - - [07/Dec/2014:12:47:37 -0500] "GET /forest/skins/gdocs-jar/img/mueveactividad.gif HTTP/1.1" 304 -
181.54.49.50 - - [07/Dec/2014:12:47:37 -0500] "GET /forest/system/process.jsp?numPro=2399652 HTTP/1.1" 200 108603
181.54.49.50 - - [07/Dec/2014:12:47:37 -0500] "GET /forest/skins/gdocs-jar/img/alert.gif HTTP/1.1" 304 -
181.54.49.50 - - [07/Dec/2014:12:47:37 -0500] "GET /forest/skins/gdocs-jar/img/ok.gif HTTP/1.1" 304 -
181.54.49.50 - - [07/Dec/2014:12:47:37 -0500] "GET /forest/skins/gdocs-jar/img/icons/docx.gif HTTP/1.1" 304 -
100.43.85.25 - - [07/Dec/2014:12:47:38 -0500] "GET /dama/libreria/php/decide.php?patron=03.1305020113&numm=31 HTTP/1.1" 404 1019
181.54.49.50 - - [07/Dec/2014:12:47:45 -0500] "GET /forest/skins/gdocs-jar/popup/popup.jsp?width=500&height=350&title=Informaci%F3n%20del%20borrador&uri=/forest/system/borrador.jsp%3FcodBorr%3D524355&name=undefined&_a=0.19515815400518477&a=0.07416498428210616 HTTP/1.1" 200 1315
181.54.49.50 - - [07/Dec/2014:12:47:45 -0500] "GET /forest/system/borrador.jsp?codBorr=524355 HTTP/1.1" 200 4767
181.54.49.50 - - [07/Dec/2014:12:47:45 -0500] "GET /forest/system/borrador.jsp?codBorr=524355 HTTP/1.1" 200 4767
181.54.57.138 - - [07/Dec/2014:12:47:45 -0500] "POST /forms/lservlet;jsessionid=ac16012b30d566401237efdb41e38546f52ac40f31cb.e3iSbxaKaheRe34Sa3yKbhiTahb0n6jAmljGr5XDqQLvpAe HTTP/1.1" 200 2
180.76.6.40 - - [07/Dec/2014:12:47:47 -0500] "GET /BLA/resoluciones/RESOLUCIONES%202009/2170.pdf HTTP/1.1" 200 509559
190.158.197.64 - - [07/Dec/2014:12:47:49 -0500] "GET /forest/actions/forms.getList?codForm=primerasactividades&id=funcionariodest27&text=J HTTP/1.1" 200 1170
180.76.5.73 - - [07/Dec/2014:12:47:49 -0500] "GET /BLA/resoluciones/RESOLUCIONES%202008/4347.pdf HTTP/1.1" 200 450904
190.158.197.64 - - [07/Dec/2014:12:47:49 -0500] "GET /forest/actions/forms.getList?codForm=primerasactividades&id=funcionariodest27&text=JA HTTP/1.1" 200 1125
190.158.197.64 - - [07/Dec/2014:12:47:49 -0500] "GET /forest/actions/forms.getList?codForm=primerasactividades&id=funcionariodest27&text=JAI HTTP/1.1" 200 1059
190.158.197.64 - - [07/Dec/2014:12:47:49 -0500] "GET /forest/actions/forms.getList?codForm=primerasactividades&id=funcionariodest27&text=JAIM HTTP/1.1" 200 1039
190.158.197.64 - - [07/Dec/2014:12:47:49 -0500] "GET /forest/actions/forms.getList?codForm=primerasactividades&id=funcionariodest27&text=JAIME HTTP/1.1" 200 1039
190.158.197.64 - - [07/Dec/2014:12:47:50 -0500] "GET /forest/actions/forms.getList?codForm=primerasactividades&id=funcionariodest27&text=JAIME%20 HTTP/1.1" 200 1114
190.158.197.64 - - [07/Dec/2014:12:47:50 -0500] "GET /forest/actions/forms.getList?codForm=primerasactividades&id=funcionariodest27&text=JAIME%20L HTTP/1.1" 200 229
190.158.197.64 - - [07/Dec/2014:12:47:50 -0500] "GET /forest/actions/forms.getList?codForm=primerasactividades&id=funcionariodest27&text=JAIME%20LE HTTP/1.1" 200 68
181.54.49.50 - - [07/Dec/2014:12:47:51 -0500] "GET /forest/borrador/1550309/Requerimiento%20Tecnico.docx HTTP/1.1" 200 497482
190.158.197.64 - - [07/Dec/2014:12:47:54 -0500] "POST /forest/usutareas.do? HTTP/1.1" 200 76
190.158.197.64 - - [07/Dec/2014:12:47:56 -0500] "GET /forest/usutareas.do?group_system_actual=3&a=0.9169614848215133 HTTP/1.1" 200 105577
180.76.6.157 - - [07/Dec/2014:12:47:58 -0500] "GET /BLA/resoluciones/RESOLUCIONES%202009/6730.pdf HTTP/1.1" 200 1820769
190.158.197.64 - - [07/Dec/2014:12:48:08 -0500] "GET /forest/session.jsp?a=0.22848882526159286 HTTP/1.1" 200 4
190.158.197.64 - - [07/Dec/2014:12:48:08 -0500] "GET /forest/actions/forms.getMappedValues?id=NUMTER1&value=93374630&codForm=visita&a=0.18186825863085687 HTTP/1.1" 200 53
66.249.67.75 - - [07/Dec/2014:12:48:11 -0500] "GET /BLA/resoluciones/RESOLUCIONES%202010/4563.pdf HTTP/1.1" 200 534707
74.86.158.107 - - [07/Dec/2014:12:48:12 -0500] "HEAD / HTTP/1.1" 302 -
190.158.197.64 - - [07/Dec/2014:12:48:15 -0500] "POST /forest/usutareas.do? HTTP/1.1" 200 76
202.46.62.60 - - [07/Dec/2014:12:48:17 -0500] "GET /re/Entrada/?C=M;O=A HTTP/1.1" 404 1019
190.158.197.64 - - [07/Dec/2014:12:48:18 -0500] "GET /forest/usutareas.do?group_system_actual=3&a=0.30938477255403996 HTTP/1.1" 200 245673
190.158.197.64 - - [07/Dec/2014:12:48:19 -0500] "GET /forest/skins/gdocs-jar/img/upload_file_icon.gif HTTP/1.1" 200 291
190.158.197.64 - - [07/Dec/2014:12:48:21 -0500] "GET /forest/skins/gdocs-jar/img/edit2.gif HTTP/1.1" 200 1012
190.158.197.64 - - [07/Dec/2014:12:48:26 -0500] "GET /forest/session.jsp?a=0.9454927297774702 HTTP/1.1" 200 4
190.158.197.64 - - [07/Dec/2014:12:48:26 -0500] "GET /forest/actions/forms.getList?codForm=Anexo4&id=p300 HTTP/1.1" 200 136
190.158.197.64 - - [07/Dec/2014:12:48:26 -0500] "GET /forest/actions/forms.getList?codForm=Anexo4&id=p312 HTTP/1.1" 200 88
190.158.197.64 - - [07/Dec/2014:12:48:26 -0500] "GET /forest/actions/forms.getList?codForm=Anexo4&id=p368 HTTP/1.1" 200 209
186.84.50.43 - - [07/Dec/2014:12:48:38 -0500] "POST /forms/lservlet;jsessionid=ac16012b30d57908af430775410a9a859d7a4e2aeca6.e3iSbxaKaheRe34Sa3yKbhiTahb0n6jAmljGr5XDqQLvpAe HTTP/1.1" 200 2
180.76.5.143 - - [07/Dec/2014:12:48:44 -0500] "GET /BLA/resoluciones/RESOLUCIONES%202011/2392.pdf HTTP/1.1" 200 889579
181.50.241.109 - - [07/Dec/2014:12:48:48 -0500] "POST /forms/lservlet;jsessionid=ac16012b30d564bebcb3999c4f529600eb7d36f9f38a.e3iSbxaKaheRe34Sa3yKbhiTahb0n6jAmljGr5XDqQLvpAe HTTP/1.1" 200 2
180.76.6.145 - - [07/Dec/2014:12:49:06 -0500] "GET /BLA/resoluciones/RESOLUCIONES%202007/RES%202007%20501%20AL%20600/RESOLUCION%200518%20DE%202007.pdf HTTP/1.1" 200 285599
181.54.57.138 - - [07/Dec/2014:12:49:46 -0500] "POST /forms/lservlet;jsessionid=ac16012b30d566401237efdb41e38546f52ac40f31cb.e3iSbxaKaheRe34Sa3yKbhiTahb0n6jAmljGr5XDqQLvpAe HTTP/1.1" 200 2
180.76.5.144 - - [07/Dec/2014:12:49:46 -0500] "GET /BLA/resoluciones/RESOLUCIONES%202009/8523.pdf HTTP/1.1" 200 369159
66.249.67.75 - - [07/Dec/2014:12:49:47 -0500] "GET /BLA/resoluciones/RESOLUCIONES%202007/RES%202007%20501%20AL%20600/RESOLUCION%200507%20DE%202007.pdf HTTP/1.1" 304 -
66.249.67.75 - - [07/Dec/2014:12:49:50 -0500] "GET /BLA/resoluciones/RESOLUCIONES%202007/RES%202007%204201%20AL%204300/RESOLUCION%204267%20DE%202007.pdf HTTP/1.1" 200 392557
180.76.6.133 - - [07/Dec/2014:12:49:56 -0500] "GET /BLA/resoluciones/AUTOS%202007/0177.pdf HTTP/1.1" 200 114127
66.249.67.67 - - [07/Dec/2014:12:49:58 -0500] "GET /BLA/resoluciones/RESOLUCIONES%202010/0024.pdf HTTP/1.1" 200 380446
180.76.5.73 - - [07/Dec/2014:12:50:02 -0500] "GET /BLA/resoluciones/RESOLUCIONES%202010/7079.pdf HTTP/1.1" 200 197779
180.76.5.66 - - [07/Dec/2014:12:50:18 -0500] "GET /BLA/resoluciones/RESOLUCIONES%202009/6476.pdf HTTP/1.1" 200 109446
181.54.49.50 - - [07/Dec/2014:12:50:20 -0500] "POST /forest/misactividades.do?ajax=true&a=0.13834987091831863 HTTP/1.1" 200 56
180.76.6.137 - - [07/Dec/2014:12:50:21 -0500] "GET /BLA/resoluciones/RESOLUCIONES%202010/7459.pdf HTTP/1.1" 200 355454
186.84.50.43 - - [07/Dec/2014:12:50:38 -0500] "POST /forms/lservlet;jsessionid=ac16012b30d57908af430775410a9a859d7a4e2aeca6.e3iSbxaKaheRe34Sa3yKbhiTahb0n6jAmljGr5XDqQLvpAe HTTP/1.1" 200 2
180.76.6.51 - - [07/Dec/2014:12:50:44 -0500] "GET /BLA/resoluciones/AUTOS%202011/1337.pdf HTTP/1.1" 200 182932
181.50.241.109 - - [07/Dec/2014:12:50:48 -0500] "POST /forms/lservlet;jsessionid=ac16012b30d564bebcb3999c4f529600eb7d36f9f38a.e3iSbxaKaheRe34Sa3yKbhiTahb0n6jAmljGr5XDqQLvpAe HTTP/1.1" 200 2
180.76.6.46 - - [07/Dec/2014:12:50:54 -0500] "GET /BLA/resoluciones/RESOLUCIONES%202010/0326.pdf HTTP/1.1" 200 176305
188.165.15.61 - - [07/Dec/2014:12:50:54 -0500] "GET /BLA/resoluciones/RESOLUCIONES%202005/RES%202005%20851-900/00000869.tif HTTP/1.1" 200 140388
180.76.5.18 - - [07/Dec/2014:12:50:59 -0500] "GET /manual_funciones_Listado/1.1.%20Oficina%20de%20Control%20Interno/Profesional%20Especializado%20222-19.pdf HTTP/1.1" 404 1018
181.54.49.50 - - [07/Dec/2014:12:51:05 -0500] "GET /forest/skins/gdocs-jar/popup/popup.jsp?width=1100&height=500&title=Buscar%20procesos&uri=/forest/buscar.do%3Ftype%3Dprocesos&name=undefined&_a=0.8377327879425138&a=0.7468997586984187 HTTP/1.1" 200 1296
181.54.49.50 - - [07/Dec/2014:12:51:05 -0500] "GET /forest/buscar.do?type=procesos HTTP/1.1" 200 43519
181.54.49.50 - - [07/Dec/2014:12:51:05 -0500] "GET /forest/buscar.do?type=procesos HTTP/1.1" 200 97356
181.54.49.50 - - [07/Dec/2014:12:51:06 -0500] "GET /forest/json.do?query=usersByDep&coddep=20 HTTP/1.1" 200 3228
181.54.49.50 - - [07/Dec/2014:12:51:06 -0500] "GET /forest/json.do?query=usersByDep&coddep=20 HTTP/1.1" 200 3228
181.54.49.50 - - [07/Dec/2014:12:51:08 -0500] "POST /forest/buscar.do? HTTP/1.1" 200 5140
180.76.6.134 - - [07/Dec/2014:12:51:10 -0500] "GET /BLA/resoluciones/AUTOS%202011/4703.pdf HTTP/1.1" 200 214897
181.54.49.50 - - [07/Dec/2014:12:51:11 -0500] "GET /forest/skins/gdocs-jar/popup/popup.jsp?width=900&height=600&title=Informaci%F3n%20de%20proceso&uri=/forest/system/process.jsp%3FnumPro%3D2398096&name=undefined&_a=0.10350882075726986&a=0.4704458941705525 HTTP/1.1" 200 1312
181.54.49.50 - - [07/Dec/2014:12:51:11 -0500] "GET /forest/system/process.jsp?numPro=2398096 HTTP/1.1" 200 18159
181.54.49.50 - - [07/Dec/2014:12:51:11 -0500] "GET /forest/system/process.jsp?numPro=2398096 HTTP/1.1" 200 108661
181.54.49.50 - - [07/Dec/2014:12:51:16 -0500] "GET /forest/skins/gdocs-jar/popup/popup.jsp?width=500&height=350&title=Informaci%F3n%20del%20borrador&uri=/forest/system/borrador.jsp%3FcodBorr%3D524333&name=undefined&_a=0.4470574981532991&a=0.11240045260637999 HTTP/1.1" 200 1315
181.54.49.50 - - [07/Dec/2014:12:51:16 -0500] "GET /forest/system/borrador.jsp?codBorr=524333 HTTP/1.1" 200 4767
181.54.49.50 - - [07/Dec/2014:12:51:16 -0500] "GET /forest/system/borrador.jsp?codBorr=524333 HTTP/1.1" 200 4767
181.54.49.50 - - [07/Dec/2014:12:51:20 -0500] "GET /forest/borrador/1550257/Requerimiento%20Tecnico.docx HTTP/1.1" 200 497919
181.54.57.138 - - [07/Dec/2014:12:51:46 -0500] "POST /forms/lservlet;jsessionid=ac16012b30d566401237efdb41e38546f52ac40f31cb.e3iSbxaKaheRe34Sa3yKbhiTahb0n6jAmljGr5XDqQLvpAe HTTP/1.1" 200 2
181.54.49.50 - - [07/Dec/2014:12:51:51 -0500] "GET /forest/skins/gdocs-jar/popup/popup.jsp?width=1100&height=500&title=Buscar%20procesos&uri=/forest/buscar.do%3Ftype%3Dprocesos&name=undefined&_a=0.9411611892282963&a=0.6077396229375154 HTTP/1.1" 200 1296
181.54.49.50 - - [07/Dec/2014:12:51:51 -0500] "GET /forest/buscar.do?type=procesos HTTP/1.1" 200 18159
181.54.49.50 - - [07/Dec/2014:12:51:51 -0500] "GET /forest/buscar.do?type=procesos HTTP/1.1" 200 97356
181.54.49.50 - - [07/Dec/2014:12:51:52 -0500] "GET /forest/json.do?query=usersByDep&coddep=20 HTTP/1.1" 200 3228
181.54.49.50 - - [07/Dec/2014:12:51:52 -0500] "GET /forest/json.do?query=usersByDep&coddep=20 HTTP/1.1" 200 3228
180.76.5.155 - - [07/Dec/2014:12:52:02 -0500] "GET /BLA/resoluciones/RESOLUCIONES%202007/RES%202007%201201%20AL%201300/RESOLUCION%201262%20DE%202007.pdf HTTP/1.1" 200 270394
180.76.5.149 - - [07/Dec/2014:12:52:07 -0500] "GET /BLA/resoluciones/RESOLUCIONES%202008/1248.pdf HTTP/1.1" 200 293203
181.54.49.50 - - [07/Dec/2014:12:52:11 -0500] "POST /forest/buscar.do? HTTP/1.1" 200 5336
180.76.5.76 - - [07/Dec/2014:12:52:20 -0500] "GET /BLA/resoluciones/RESOLUCIONES%202010/1522.pdf HTTP/1.1" 200 569647
181.54.49.50 - - [07/Dec/2014:12:52:21 -0500] "GET /forest/session.jsp?a=0.2588097397238016 HTTP/1.1" 200 4
181.54.49.50 - - [07/Dec/2014:12:52:24 -0500] "GET /forest/skins/gdocs-jar/js/tareas.js?version=1411.041919 HTTP/1.1" 304 -
181.54.49.50 - - [07/Dec/2014:12:52:24 -0500] "GET /forest/skins/gdocs-jar/js/grid.js?version=1411.041919 HTTP/1.1" 304 -
181.54.49.50 - - [07/Dec/2014:12:52:24 -0500] "GET /forest/js/usutareas-docs.js HTTP/1.1" 304 -
181.54.49.50 - - [07/Dec/2014:12:52:24 -0500] "GET /forest/js/jquery/jquery-1.5.2.min.js HTTP/1.1" 304 -
181.54.49.50 - - [07/Dec/2014:12:52:24 -0500] "GET /forest/js/jquery/jquery.atmosphere.js HTTP/1.1" 304 -
181.54.49.50 - - [07/Dec/2014:12:52:24 -0500] "GET /forest/js/socketConnection.js HTTP/1.1" 304 -
181.54.49.50 - - [07/Dec/2014:12:52:24 -0500] "GET /forest/skins/gdocs-jar/img/desasociarUser.gif HTTP/1.1" 304 -
181.54.49.50 - - [07/Dec/2014:12:52:24 -0500] "GET /forest/skins/gdocs-jar/img/asociarUserOtraDependencia.gif HTTP/1.1" 304 -
181.54.49.50 - - [07/Dec/2014:12:52:24 -0500] "GET /forest/img/asociarUser.gif HTTP/1.1" 304 -
181.54.49.50 - - [07/Dec/2014:12:52:24 -0500] "GET /forest/skins/gdocs-jar/img/comments.gif HTTP/1.1" 304 -
181.54.49.50 - - [07/Dec/2014:12:52:24 -0500] "GET /forest/skins/gdocs-jar/js/formsBase.js?version=1411.041919 HTTP/1.1" 304 -
181.54.49.50 - - [07/Dec/2014:12:52:24 -0500] "GET /forest/skins/gdocs-jar/css/forms.css HTTP/1.1" 304 -
181.54.49.50 - - [07/Dec/2014:12:52:24 -0500] "GET /forest/skins/gdocs-jar/js/number-functions.js?version=1411.041919 HTTP/1.1" 304 -
181.54.49.50 - - [07/Dec/2014:12:52:24 -0500] "GET /forest/skins/gdocs-jar/js/swfobject.js?version=1411.041919 HTTP/1.1" 304 -
181.54.49.50 - - [07/Dec/2014:12:52:24 -0500] "GET /forest/skins/gdocs-jar/js/graphicForm.js?version=1411.041919 HTTP/1.1" 304 -
181.54.49.50 - - [07/Dec/2014:12:52:19 -0500] "GET /forest/usutareas.do?group_system_actual=3&codAct=1347&numPro=2399641&codPro=127&fecTra=2012-12-28%2012:01:05.283&codInst=2404093&codTraEsc=12917835 HTTP/1.1" 200 165190
181.54.49.50 - - [07/Dec/2014:12:52:24 -0500] "GET /forest/skins/gdocs-jar/img/actividad2.gif HTTP/1.1" 304 -
181.54.49.50 - - [07/Dec/2014:12:52:24 -0500] "GET /forest/skins/gdocs-jar/img/vertodossubprocesos.gif HTTP/1.1" 304 -
181.54.49.50 - - [07/Dec/2014:12:52:24 -0500] "GET /forest/skins/gdocs-jar/img/iconCallReport.png HTTP/1.1" 304 -
181.54.49.50 - - [07/Dec/2014:12:52:24 -0500] "GET /forest/skins/gdocs-jar/img/iconAddress.png HTTP/1.1" 304 -
181.54.49.50 - - [07/Dec/2014:12:52:24 -0500] "GET /forest/skins/gdocs-jar/img/prev.gif HTTP/1.1" 304 -
181.54.49.50 - - [07/Dec/2014:12:52:24 -0500] "GET /forest/skins/gdocs-jar/img/spacer.gif HTTP/1.1" 304 -
181.54.49.50 - - [07/Dec/2014:12:52:24 -0500] "GET /forest/skins/gdocs-jar/img/disk.png HTTP/1.1" 304 -
181.54.49.50 - - [07/Dec/2014:12:52:24 -0500] "GET /forest/skins/gdocs-jar/img/control-double.png HTTP/1.1" 304 -
181.54.49.50 - - [07/Dec/2014:12:52:24 -0500] "GET /forest/session.jsp?a=0.03420701832510531 HTTP/1.1" 200 4
181.54.49.50 - - [07/Dec/2014:12:52:24 -0500] "GET /forest/skins/gdocs-jar/img/bgPanel.jpg HTTP/1.1" 304 -
181.54.49.50 - - [07/Dec/2014:12:52:24 -0500] "GET /forest/skins/gdocs-jar/img/green.gif HTTP/1.1" 304 -
181.54.49.50 - - [07/Dec/2014:12:52:24 -0500] "GET /forest/skins/gdocs-jar/img/fondo-barra.gif HTTP/1.1" 304 -
181.54.49.50 - - [07/Dec/2014:12:52:24 -0500] "GET /forest/actions/forms.getMappedValues?id=IGS_NoCarasExpo53&value=1&codForm=Soli_Elem_Ext_Vis&a=0.9317967409733683 HTTP/1.1" 200 38
181.54.49.50 - - [07/Dec/2014:12:52:24 -0500] "GET /forest/actions/forms.getMappedValues?id=IGS_UbicacionPubliciad23&value=5&codForm=Soli_Elem_Ext_Vis&a=0.6669050066266209 HTTP/1.1" 200 27
181.54.49.50 - - [07/Dec/2014:12:52:25 -0500] "GET /forest/actions/forms.getMappedValues?id=IGS_UbicacionPubliciad23&value=5&codForm=Soli_Elem_Ext_Vis&a=0.5350994404871017 HTTP/1.1" 200 27
181.54.49.50 - - [07/Dec/2014:12:52:25 -0500] "GET /forest/actions/forms.getMappedValues?id=IGS_NoCarasExpo53&value=1&codForm=Soli_Elem_Ext_Vis&a=0.9808052361477166 HTTP/1.1" 200 38
186.84.50.43 - - [07/Dec/2014:12:52:38 -0500] "POST /forms/lservlet;jsessionid=ac16012b30d57908af430775410a9a859d7a4e2aeca6.e3iSbxaKaheRe34Sa3yKbhiTahb0n6jAmljGr5XDqQLvpAe HTTP/1.1" 200 2
180.76.6.140 - - [07/Dec/2014:12:52:39 -0500] "GET /BLA/resoluciones/RESOLUCIONES%202013/0027.pdf HTTP/1.1" 200 2124888
180.76.6.64 - - [07/Dec/2014:12:52:43 -0500] "GET /BLA/resoluciones/AUTOS%202012/1642.pdf HTTP/1.1" 200 500105
181.50.241.109 - - [07/Dec/2014:12:52:48 -0500] "POST /forms/lservlet;jsessionid=ac16012b30d564bebcb3999c4f529600eb7d36f9f38a.e3iSbxaKaheRe34Sa3yKbhiTahb0n6jAmljGr5XDqQLvpAe HTTP/1.1" 200 2
181.54.49.50 - - [07/Dec/2014:12:52:49 -0500] "GET /forest/skins/gdocs-jar/css/switch.css HTTP/1.1" 304 -
181.54.49.50 - - [07/Dec/2014:12:52:49 -0500] "GET /forest/skins/gdocs-jar/js/documentos.js?version=1411.041919 HTTP/1.1" 304 -
181.54.49.50 - - [07/Dec/2014:12:52:49 -0500] "GET /forest/skins/gdocs-jar/img/hojaruta.gif HTTP/1.1" 304 -
181.54.49.50 - - [07/Dec/2014:12:52:49 -0500] "GET /forest/skins/gdocs-jar/js/popup.js?version=1411.041919 HTTP/1.1" 304 -
181.54.49.50 - - [07/Dec/2014:12:52:49 -0500] "GET /forest/skins/gdocs-jar/img/edit.gif HTTP/1.1" 304 -
181.54.49.50 - - [07/Dec/2014:12:52:49 -0500] "GET /forest/skins/gdocs-jar/img/verComentario.gif HTTP/1.1" 304 -
181.54.49.50 - - [07/Dec/2014:12:52:49 -0500] "GET /forest/skins/gdocs-jar/img/editarComentario.gif HTTP/1.1" 304 -
181.54.49.50 - - [07/Dec/2014:12:52:46 -0500] "GET /forest/usudocumentos.do?_a=0.3887927874457091&group_system_actual=3 HTTP/1.1" 200 95173
181.54.49.50 - - [07/Dec/2014:12:52:49 -0500] "GET /forest/skins/gdocs-jar/img/cut.gif HTTP/1.1" 304 -
181.54.49.50 - - [07/Dec/2014:12:52:49 -0500] "GET /forest/skins/gdocs-jar/img/copy.gif HTTP/1.1" 304 -
181.54.49.50 - - [07/Dec/2014:12:52:49 -0500] "GET /forest/skins/gdocs-jar/img/gdocs_rechazar.gif HTTP/1.1" 304 -
181.54.49.50 - - [07/Dec/2014:12:52:49 -0500] "GET /forest/skins/gdocs-jar/img/sendmail.gif HTTP/1.1" 304 -
181.54.49.50 - - [07/Dec/2014:12:52:49 -0500] "GET /forest/skins/gdocs-jar/img/files_numpro.png HTTP/1.1" 304 -
181.54.49.50 - - [07/Dec/2014:12:52:49 -0500] "GET /forest/skins/gdocs-jar/img/files_exp.png HTTP/1.1" 304 -
181.54.49.50 - - [07/Dec/2014:12:52:49 -0500] "GET /forest/skins/gdocs-jar/img/icon_document_completed.gif HTTP/1.1" 304 -
181.54.49.50 - - [07/Dec/2014:12:52:49 -0500] "GET /forest/skins/gdocs-jar/img/historial.gif HTTP/1.1" 304 -
181.54.49.50 - - [07/Dec/2014:12:52:49 -0500] "GET /forest/skins/gdocs-jar/img/assign-document.gif HTTP/1.1" 304 -
181.54.49.50 - - [07/Dec/2014:12:52:49 -0500] "GET /forest/skins/gdocs-jar/img/veranexos.gif HTTP/1.1" 304 -
181.54.49.50 - - [07/Dec/2014:12:52:49 -0500] "GET /forest/skins/gdocs-jar/img/asignar-user.gif HTTP/1.1" 304 -
181.54.49.50 - - [07/Dec/2014:12:52:49 -0500] "GET /forest/skins/gdocs-jar/img/document_add.gif HTTP/1.1" 304 -
181.54.49.50 - - [07/Dec/2014:12:52:49 -0500] "GET /forest/skins/gdocs-jar/img/print.gif HTTP/1.1" 304 -
181.54.49.50 - - [07/Dec/2014:12:52:49 -0500] "GET /forest/img/back.gif HTTP/1.1" 304 -
181.54.49.50 - - [07/Dec/2014:12:52:49 -0500] "GET /forest/skins/gdocs-jar/img/grid-first.gif HTTP/1.1" 304 -
181.54.49.50 - - [07/Dec/2014:12:52:49 -0500] "GET /forest/skins/gdocs-jar/img/grid-next.gif HTTP/1.1" 304 -
181.54.49.50 - - [07/Dec/2014:12:52:49 -0500] "GET /forest/skins/gdocs-jar/img/grid-prev.gif HTTP/1.1" 304 -
181.54.49.50 - - [07/Dec/2014:12:52:49 -0500] "GET /forest/skins/gdocs-jar/img/grid-last.gif HTTP/1.1" 304 -
181.54.49.50 - - [07/Dec/2014:12:52:49 -0500] "GET /forest/skins/gdocs-jar/img/icons/doc.gif HTTP/1.1" 304 -
181.54.49.50 - - [07/Dec/2014:12:52:49 -0500] "GET /forest/skins/gdocs-jar/img/filtrar.png HTTP/1.1" 304 -
181.54.49.50 - - [07/Dec/2014:12:52:49 -0500] "GET /forest/session.jsp?a=0.21937053324654698 HTTP/1.1" 200 4
181.54.49.50 - - [07/Dec/2014:12:52:49 -0500] "GET /forest/skins/gdocs-jar/img/splitter.gif HTTP/1.1" 304 -
181.54.49.50 - - [07/Dec/2014:12:52:49 -0500] "GET /forest/skins/gdocs-jar/img/borrador-tree.gif HTTP/1.1" 304 -
181.54.49.50 - - [07/Dec/2014:12:52:49 -0500] "GET /forest/skins/gdocs-jar/img/folder.gif HTTP/1.1" 304 -
188.165.15.162 - - [07/Dec/2014:12:52:50 -0500] "GET /BLA/resoluciones/RESOLUCIONES%202006/RES%202006%20301-350/00000323.tif HTTP/1.1" 200 244744
66.249.67.75 - - [07/Dec/2014:12:52:53 -0500] "GET /BLA/resoluciones/AUTOS%202011/0139.pdf HTTP/1.1" 200 207207
181.54.57.138 - - [07/Dec/2014:12:52:55 -0500] "POST /forms/lservlet;jsessionid=ac16012b30d566401237efdb41e38546f52ac40f31cb.e3iSbxaKaheRe34Sa3yKbhiTahb0n6jAmljGr5XDqQLvpAe HTTP/1.1" 200 107
181.54.49.50 - - [07/Dec/2014:12:52:34 -0500] "GET /forest/documentos/1513055/2012ER089185.pdf HTTP/1.1" 200 11316997
181.54.49.50 - - [07/Dec/2014:12:53:08 -0500] "GET /forest/borrador/671895/Concepto%20Tecnico%20PEV.doc HTTP/1.1" 200 394752
74.86.158.107 - - [07/Dec/2014:12:53:12 -0500] "HEAD / HTTP/1.1" 302 -
180.76.6.28 - - [07/Dec/2014:12:53:13 -0500] "GET /BLA/resoluciones/AUTOS%202013/0137.pdf HTTP/1.1" 200 1626887
188.165.15.233 - - [07/Dec/2014:12:53:15 -0500] "GET /BLA/resoluciones/RESOLUCIONES%202004/RES%202004%20701-750/00000728.tif HTTP/1.1" 200 156444
180.76.6.146 - - [07/Dec/2014:12:53:23 -0500] "GET /portalsiaccapacitaciones/Presentacion%20Experencia%20IDT.pdf HTTP/1.1" 404 1018
180.76.5.76 - - [07/Dec/2014:12:53:25 -0500] "GET /BLA/resoluciones/RESOLUCIONES%202007/RES%202007%202001%20AL%202100/RESOLUCION%202013%20DE%202007.pdf HTTP/1.1" 200 819253
190.158.197.64 - - [07/Dec/2014:12:53:27 -0500] "GET /forest/session.jsp?a=0.22495975834317505 HTTP/1.1" 200 4
180.76.6.14 - - [07/Dec/2014:12:53:27 -0500] "GET /BLA/resoluciones/RESOLUCIONES%202013/0316.pdf HTTP/1.1" 200 2344888
66.249.67.75 - - [07/Dec/2014:12:53:38 -0500] "GET /PORTAL_SIAC/swf/videos/Ruralidad.flv HTTP/1.1" 200 16955166
181.54.57.138 - - [07/Dec/2014:12:53:46 -0500] "POST /forms/lservlet;jsessionid=ac16012b30d566401237efdb41e38546f52ac40f31cb.e3iSbxaKaheRe34Sa3yKbhiTahb0n6jAmljGr5XDqQLvpAe HTTP/1.1" 200 2
190.158.197.64 - - [07/Dec/2014:12:47:59 -0500] "GET /ForestMSG_SDA/channelAsync/template_word_17052304?X-Atmosphere-tracking-id=b9299ef3-d2b3-a724-8b63-741d30da18fa&X-Atmosphere-Framework=1.0.5&X-Atmosphere-Transport=long-polling&tabid=0.3280754059087485&X-Cache-Date=0&Content-Type=application/xml&_=1417974623788 HTTP/1.1" 200 8193
180.76.5.62 - - [07/Dec/2014:12:54:14 -0500] "GET /BLA/resoluciones/RESOLUCIONES%202007/RES%202007%203601%20AL%203700/RESOLUCION%203643%20DE%202007.pdf HTTP/1.1" 200 165884
190.158.197.64 - - [07/Dec/2014:12:48:19 -0500] "GET /ForestMSG_SDA/channelAsync/template_word_17052305?X-Atmosphere-tracking-id=edefab41-2cf8-01b8-bb42-427cc9322c7b&X-Atmosphere-Framework=1.0.5&X-Atmosphere-Transport=long-polling&tabid=0.8223534603603184&X-Cache-Date=0&Content-Type=application/xml&_=1417974643280 HTTP/1.1" 200 8193
188.165.15.64 - - [07/Dec/2014:12:54:19 -0500] "GET /BLA/resoluciones/RESOLUCIONES%202005/ANEXO%20RES%202643-2005/INDEX.DAT HTTP/1.1" 200 40
186.84.50.43 - - [07/Dec/2014:12:54:38 -0500] "POST /forms/lservlet;jsessionid=ac16012b30d57908af430775410a9a859d7a4e2aeca6.e3iSbxaKaheRe34Sa3yKbhiTahb0n6jAmljGr5XDqQLvpAe HTTP/1.1" 200 2
180.76.5.145 - - [07/Dec/2014:12:54:44 -0500] "GET /BLA/resoluciones/RESOLUCIONES%202011/2093.pdf HTTP/1.1" 200 273761
181.50.241.109 - - [07/Dec/2014:12:54:48 -0500] "POST /forms/lservlet;jsessionid=ac16012b30d564bebcb3999c4f529600eb7d36f9f38a.e3iSbxaKaheRe34Sa3yKbhiTahb0n6jAmljGr5XDqQLvpAe HTTP/1.1" 200 2
180.76.5.60 - - [07/Dec/2014:12:55:26 -0500] "GET /BLA/resoluciones/RESOLUCIONES%202008/1704.pdf HTTP/1.1" 200 242329
181.54.57.138 - - [07/Dec/2014:12:55:46 -0500] "POST /forms/lservlet;jsessionid=ac16012b30d566401237efdb41e38546f52ac40f31cb.e3iSbxaKaheRe34Sa3yKbhiTahb0n6jAmljGr5XDqQLvpAe HTTP/1.1" 200 2
186.84.50.43 - - [07/Dec/2014:12:56:38 -0500] "POST /forms/lservlet;jsessionid=ac16012b30d57908af430775410a9a859d7a4e2aeca6.e3iSbxaKaheRe34Sa3yKbhiTahb0n6jAmljGr5XDqQLvpAe HTTP/1.1" 200 2
181.50.241.109 - - [07/Dec/2014:12:56:48 -0500] "POST /forms/lservlet;jsessionid=ac16012b30d564bebcb3999c4f529600eb7d36f9f38a.e3iSbxaKaheRe34Sa3yKbhiTahb0n6jAmljGr5XDqQLvpAe HTTP/1.1" 200 2
188.165.15.233 - - [07/Dec/2014:12:57:13 -0500] "GET /BLA/resoluciones/AUTOS%202006/AUTOS%202006%201401%20-%201500/00001402.tif HTTP/1.1" 200 75416
188.165.15.241 - - [07/Dec/2014:12:57:25 -0500] "GET /BLA/resoluciones/index.php?dir=RESOLUCIONES%202005/RES%202005%20851-900/&sort=size&order=desc HTTP/1.1" 200 12241
181.54.57.138 - - [07/Dec/2014:12:57:46 -0500] "POST /forms/lservlet;jsessionid=ac16012b30d566401237efdb41e38546f52ac40f31cb.e3iSbxaKaheRe34Sa3yKbhiTahb0n6jAmljGr5XDqQLvpAe HTTP/1.1" 200 2
181.54.49.50 - - [07/Dec/2014:12:57:49 -0500] "GET /forest/session.jsp?a=0.4262016552966088 HTTP/1.1" 200 4
66.249.67.67 - - [07/Dec/2014:12:57:54 -0500] "GET /BLA/resoluciones/RESOLUCIONES%202012/1142.pdf HTTP/1.1" 200 682270
74.86.158.107 - - [07/Dec/2014:12:58:12 -0500] "HEAD / HTTP/1.1" 302 -
181.54.49.50 - - [07/Dec/2014:12:52:24 -0500] "GET /ForestMSG_SDA/channelAsync/template_word_12917835?X-Atmosphere-tracking-id=f27b396a-6ac6-6f08-67cd-4ea2d653505f&X-Atmosphere-Framework=1.0.5&X-Atmosphere-Transport=long-polling&tabid=0.83795694867149&X-Cache-Date=0&Content-Type=application/xml&_=1417974884641 HTTP/1.1" 200 8193
186.84.50.43 - - [07/Dec/2014:12:58:38 -0500] "POST /forms/lservlet;jsessionid=ac16012b30d57908af430775410a9a859d7a4e2aeca6.e3iSbxaKaheRe34Sa3yKbhiTahb0n6jAmljGr5XDqQLvpAe HTTP/1.1" 200 2
181.50.241.109 - - [07/Dec/2014:12:58:48 -0500] "POST /forms/lservlet;jsessionid=ac16012b30d564bebcb3999c4f529600eb7d36f9f38a.e3iSbxaKaheRe34Sa3yKbhiTahb0n6jAmljGr5XDqQLvpAe HTTP/1.1" 200 2
152.61.128.66 - - [07/Dec/2014:12:58:51 -0500] "HEAD / HTTP/1.1" 302 -
152.61.128.66 - - [07/Dec/2014:12:58:52 -0500] "GET /arcgis/services/Calidad_del_Agua_WQI/MapServer/WMSServer?SERVICE=WMS&REQUEST=GetCapabilities HTTP/1.1" 200 32135
152.61.128.66 - - [07/Dec/2014:12:58:52 -0500] "GET /arcgis/services/Calidad_del_Agua_WQI/MapServer/WMSServer?SERVICE=WMS&REQUEST=GetCapabilities HTTP/1.0" 200 32135
152.61.128.66 - - [07/Dec/2014:12:58:53 -0500] "GET /arcgis/services/Calidad_del_Agua_WQI/MapServer/WMSServer?SERVICE=WMS&REQUEST=GetCapabilities HTTP/1.0" 200 32135
152.61.128.66 - - [07/Dec/2014:12:58:54 -0500] "GET /arcgis/services/Calidad_del_Agua_WQI/MapServer/WMSServer?SERVICE=WMS&REQUEST=GetCapabilities HTTP/1.0" 200 32135
152.61.128.66 - - [07/Dec/2014:12:58:55 -0500] "GET /arcgis/services/Calidad_del_Agua_WQI/MapServer/WMSServer?VERSION=1.1.1&REQUEST=GetMap&LAYERS=0&SRS=EPSG:4326&BBOX=-74.473395,3.674381,-73.963300,4.920569&WIDTH=250&HEIGHT=250&FORMAT=image/bmp&STYLES=& HTTP/1.1" 200 188054
190.158.197.64 - - [07/Dec/2014:12:59:24 -0500] "GET /forest/session.jsp?a=0.4231120606418699 HTTP/1.1" 200 4
190.158.197.64 - - [07/Dec/2014:12:59:25 -0500] "GET /forest/misactividades.do?_a=0.5693289372138679&group_system_actual=3 HTTP/1.1" 200 37042
190.158.197.64 - - [07/Dec/2014:12:59:29 -0500] "GET /forest/session.jsp?a=0.8280883128754795 HTTP/1.1" 200 4
190.158.197.64 - - [07/Dec/2014:12:59:29 -0500] "POST /forest/misactividades.do?ajax=true&a=0.8282049961853772 HTTP/1.1" 200 13328
190.158.197.64 - - [07/Dec/2014:12:59:46 -0500] "GET /forest/img/jquery/ui-icons_217bc0_256x240.png HTTP/1.1" 200 70221
181.54.57.138 - - [07/Dec/2014:12:59:47 -0500] "POST /forms/lservlet;jsessionid=ac16012b30d566401237efdb41e38546f52ac40f31cb.e3iSbxaKaheRe34Sa3yKbhiTahb0n6jAmljGr5XDqQLvpAe HTTP/1.1" 200 2
190.158.197.64 - - [07/Dec/2014:12:59:48 -0500] "GET /forest/index2.jsp?_a=0.7699955687858164 HTTP/1.1" 200 120920
142.4.214.124 - - [07/Dec/2014:12:59:58 -0500] "GET /robots.txt HTTP/1.0" 404 1015
190.158.197.64 - - [07/Dec/2014:13:00:01 -0500] "GET /forest/session.jsp?a=0.6249724079389125 HTTP/1.1" 200 4
191.151.128.174 - - [07/Dec/2014:13:00:06 -0500] "GET /BLA/boletinlegal/js/jquery.js HTTP/1.1" 200 57254
191.151.128.174 - - [07/Dec/2014:13:00:06 -0500] "GET /BLA/boletinlegal/js/jquery.scrollTo-min.js HTTP/1.1" 200 1150
191.151.128.174 - - [07/Dec/2014:13:00:06 -0500] "GET /BLA/boletinlegal/js/jquery.scrollShow.js HTTP/1.1" 200 4586
142.4.214.124 - - [07/Dec/2014:13:00:12 -0500] "GET / HTTP/1.0" 302 -
190.158.197.64 - - [07/Dec/2014:13:00:17 -0500] "GET /forest/misactividades.do?group_system_actual=3&codPro=95&_a=0.19137259002189022 HTTP/1.1" 200 37413
190.158.197.64 - - [07/Dec/2014:12:54:20 -0500] "GET /ForestMSG_SDA/channelAsync/template_word_17052305?X-Atmosphere-tracking-id=edefab41-2cf8-01b8-bb42-427cc9322c7b&X-Atmosphere-Framework=1.0.5&X-Atmosphere-Transport=long-polling&tabid=0.8223534603603184&X-Cache-Date=0&Content-Type=application/xml&_=1417975004264 HTTP/1.1" 200 8193
190.158.197.64 - - [07/Dec/2014:13:00:21 -0500] "GET /forest/session.jsp?a=0.7443538368679583 HTTP/1.1" 200 4
190.158.197.64 - - [07/Dec/2014:13:00:22 -0500] "POST /forest/misactividades.do?ajax=true&a=0.10267693479545414 HTTP/1.1" 200 13347
188.165.15.162 - - [07/Dec/2014:13:00:29 -0500] "GET /BLA/resoluciones/RESOLUCIONES%202003/RES%202003%20251-300/289.tif HTTP/1.1" 200 160080
186.84.50.43 - - [07/Dec/2014:13:00:38 -0500] "POST /forms/lservlet;jsessionid=ac16012b30d57908af430775410a9a859d7a4e2aeca6.e3iSbxaKaheRe34Sa3yKbhiTahb0n6jAmljGr5XDqQLvpAe HTTP/1.1" 200 2
46.4.32.75 - - [07/Dec/2014:13:00:38 -0500] "GET /robots.txt HTTP/1.0" 404 1019
46.4.32.75 - - [07/Dec/2014:13:00:42 -0500] "GET /galeria/nivo-slider/demo/?C=D;O=A HTTP/1.0" 200 2279
190.158.197.64 - - [07/Dec/2014:13:00:44 -0500] "GET /forest/img/jquery/ui-bg_flat_55_fbec88_40x100.png HTTP/1.1" 304 -
190.158.197.64 - - [07/Dec/2014:13:00:45 -0500] "GET /forest/usutareas.do?_a=0.8902029406744987&group_system_actual=3 HTTP/1.1" 200 120127
190.158.197.64 - - [07/Dec/2014:13:00:47 -0500] "GET /forest/session.jsp?a=0.03827167069539428 HTTP/1.1" 200 4
181.50.241.109 - - [07/Dec/2014:13:00:48 -0500] "POST /forms/lservlet;jsessionid=ac16012b30d564bebcb3999c4f529600eb7d36f9f38a.e3iSbxaKaheRe34Sa3yKbhiTahb0n6jAmljGr5XDqQLvpAe HTTP/1.1" 200 2
190.158.197.64 - - [07/Dec/2014:13:00:52 -0500] "GET /forest/documentos/1964735/2014IE194334.docx HTTP/1.1" 200 284425
173.0.63.77 - - [07/Dec/2014:13:01:16 -0500] "GET /robots.txt HTTP/1.0" 404 1015
173.0.63.77 - - [07/Dec/2014:13:01:17 -0500] "GET /Autoliquidacion/Grupo%20Forestal%20-%20Silvicultura/126PM04%C2%96PR30-M-A6-V%205.0%20%20ESPECIES%20DE%20FLORA%20EN%20LA%20CIUDAD%20DE%20BOGOTA.xlsx HTTP/1.0" 404 1015
173.0.63.77 - - [07/Dec/2014:13:01:18 -0500] "GET /robots.txt HTTP/1.0" 404 1019
173.0.63.77 - - [07/Dec/2014:13:01:20 -0500] "GET /Autoliquidacion/Grupo%20Forestal%20-%20Silvicultura/126PM04%C2%96PR30-M-A6-V%205.0%20%20ESPECIES%20DE%20FLORA%20EN%20LA%20CIUDAD%20DE%20BOGOTA.xlsx HTTP/1.0" 404 1019
190.158.197.64 - - [07/Dec/2014:13:01:21 -0500] "GET /forest/misactividades.do?_a=0.5777641094755381&group_system_actual=3 HTTP/1.1" 200 37042
173.0.63.77 - - [07/Dec/2014:13:01:21 -0500] "GET /even1/Secci%C3%B3n%201/ HTTP/1.0" 404 1019
173.0.63.77 - - [07/Dec/2014:13:01:23 -0500] "GET /even1/Secci%C3%B3n%202/ HTTP/1.0" 404 1019
190.158.197.64 - - [07/Dec/2014:13:01:24 -0500] "GET /forest/session.jsp?a=0.013702329015359282 HTTP/1.1" 200 4
173.0.63.77 - - [07/Dec/2014:13:01:24 -0500] "GET /even1/Secci%C3%B3n%203/ HTTP/1.0" 404 1019
173.0.63.77 - - [07/Dec/2014:13:01:26 -0500] "GET /even1/Secci%C3%B3n%204/ HTTP/1.0" 404 1019
173.0.63.77 - - [07/Dec/2014:13:01:29 -0500] "GET /re1/Que%20es/Marco%20pedagocico/modelo%20pedagogico/imagen%20modelo%20pedagogico/barra%20modelo%20pedag%C3%B3gico.htm HTTP/1.0" 404 1019
190.158.197.64 - - [07/Dec/2014:13:01:25 -0500] "POST /forest/misactividades.do?ajax=true&a=0.07201468315906823 HTTP/1.1" 200 13347
186.115.71.136 - - [07/Dec/2014:13:01:37 -0500] "GET /BLA/boletinlegal/js/jquery.js HTTP/1.1" 200 57254
186.115.71.136 - - [07/Dec/2014:13:01:37 -0500] "GET /BLA/boletinlegal/js/jquery.scrollTo-min.js HTTP/1.1" 200 1150
186.115.71.136 - - [07/Dec/2014:13:01:37 -0500] "GET /BLA/boletinlegal/js/jquery.scrollShow.js HTTP/1.1" 200 4586
181.54.57.138 - - [07/Dec/2014:13:01:49 -0500] "POST /forms/lservlet;jsessionid=ac16012b30d566401237efdb41e38546f52ac40f31cb.e3iSbxaKaheRe34Sa3yKbhiTahb0n6jAmljGr5XDqQLvpAe HTTP/1.1" 200 2
180.76.5.177 - - [07/Dec/2014:13:01:50 -0500] "GET /BLA/resoluciones/RESOLUCIONES%202010/1575.pdf HTTP/1.1" 200 434143
190.84.180.70 - - [07/Dec/2014:13:01:51 -0500] "GET /BLA/boletinlegal/js/jquery.js HTTP/1.1" 200 57254
190.84.180.70 - - [07/Dec/2014:13:01:51 -0500] "GET /BLA/boletinlegal/js/jquery.scrollShow.js HTTP/1.1" 200 4586
190.84.180.70 - - [07/Dec/2014:13:01:51 -0500] "GET /BLA/boletinlegal/js/jquery.scrollTo-min.js HTTP/1.1" 200 1150
190.158.197.64 - - [07/Dec/2014:13:02:04 -0500] "GET /forest/usutareas.do?_a=0.2329016977455467&group_system_actual=3 HTTP/1.1" 200 120171
190.158.197.64 - - [07/Dec/2014:13:02:07 -0500] "GET /forest/session.jsp?a=0.6768790509086102 HTTP/1.1" 200 4
66.249.67.75 - - [07/Dec/2014:13:02:10 -0500] "GET /BLA/resoluciones/AUTOS%202008/2087.pdf HTTP/1.1" 200 117114
190.158.197.64 - - [07/Dec/2014:13:02:11 -0500] "GET /forest/documentos/1956375/2014IE185974.docx HTTP/1.1" 200 184082
46.4.32.75 - - [07/Dec/2014:13:02:32 -0500] "GET /galeria/nivo-slider/demo/?C=D;O=D HTTP/1.0" 200 2279
181.50.146.70 - - [07/Dec/2014:13:02:33 -0500] "GET /BLA/boletinlegal/js/jquery.js HTTP/1.1" 200 57254
181.50.146.70 - - [07/Dec/2014:13:02:33 -0500] "GET /BLA/boletinlegal/js/jquery.scrollTo-min.js HTTP/1.1" 200 1150
181.50.146.70 - - [07/Dec/2014:13:02:33 -0500] "GET /BLA/boletinlegal/js/jquery.scrollShow.js HTTP/1.1" 200 4586
186.84.50.43 - - [07/Dec/2014:13:02:38 -0500] "POST /forms/lservlet;jsessionid=ac16012b30d57908af430775410a9a859d7a4e2aeca6.e3iSbxaKaheRe34Sa3yKbhiTahb0n6jAmljGr5XDqQLvpAe HTTP/1.1" 200 2
187.168.146.43 - - [07/Dec/2014:13:02:38 -0500] "GET /BLA/boletinlegal/js/jquery.scrollTo-min.js HTTP/1.1" 200 1150
152.61.128.66 - - [07/Dec/2014:13:02:41 -0500] "HEAD / HTTP/1.1" 302 -
152.61.128.66 - - [07/Dec/2014:13:02:42 -0500] "GET /arcgis/services/Calidad_del_Agua_WQI/MapServer/WMSServer?request=GetCapabilities&service=WMS HTTP/1.1" 200 32135
187.168.146.43 - - [07/Dec/2014:13:02:42 -0500] "GET /BLA/boletinlegal/js/jquery.js HTTP/1.1" 200 57254
187.168.146.43 - - [07/Dec/2014:13:02:42 -0500] "GET /BLA/boletinlegal/js/jquery.scrollShow.js HTTP/1.1" 200 4586
152.61.128.66 - - [07/Dec/2014:13:02:42 -0500] "GET /arcgis/services/Calidad_del_Agua_WQI/MapServer/WMSServer?request=GetCapabilities&service=WMS HTTP/1.0" 200 32135
152.61.128.66 - - [07/Dec/2014:13:02:43 -0500] "GET /arcgis/services/Calidad_del_Agua_WQI/MapServer/WMSServer?request=GetCapabilities&service=WMS HTTP/1.0" 200 32135
152.61.128.66 - - [07/Dec/2014:13:02:44 -0500] "GET /arcgis/services/Calidad_del_Agua_WQI/MapServer/WMSServer?request=GetCapabilities&service=WMS HTTP/1.0" 200 32135
152.61.128.66 - - [07/Dec/2014:13:02:45 -0500] "GET /arcgis/services/Calidad_del_Agua_WQI/MapServer/WMSServer?VERSION=1.1.1&REQUEST=GetMap&LAYERS=0&SRS=EPSG:4326&BBOX=-74.473395,3.674381,-73.963300,4.920569&WIDTH=250&HEIGHT=250&FORMAT=image/bmp&STYLES=& HTTP/1.1" 200 188054
181.50.241.109 - - [07/Dec/2014:13:02:48 -0500] "POST /forms/lservlet;jsessionid=ac16012b30d564bebcb3999c4f529600eb7d36f9f38a.e3iSbxaKaheRe34Sa3yKbhiTahb0n6jAmljGr5XDqQLvpAe HTTP/1.1" 200 2
181.55.108.193 - - [07/Dec/2014:13:02:49 -0500] "GET /BLA/resoluciones/RESOLUCIONES%202007/RES%202007%202901%20AL%203000/RESOLUCION%202984%20%20DE%202007.pdf HTTP/1.1" 200 574646
181.55.108.193 - - [07/Dec/2014:13:02:49 -0500] "GET /BLA/resoluciones/RESOLUCIONES%202007/RES%202007%202901%20AL%203000/RESOLUCION%202984%20%20DE%202007.pdf HTTP/1.1" 206 32768
181.55.108.193 - - [07/Dec/2014:13:02:50 -0500] "GET /BLA/resoluciones/RESOLUCIONES%202007/RES%202007%202901%20AL%203000/RESOLUCION%202984%20%20DE%202007.pdf HTTP/1.1" 206 541878
