190.27.118.9 - - [07/Dec/2014:16:59:55 -0500] "GET /galeria/nivo-slider/themes/default/loading.gif HTTP/1.1" 200 1737
190.27.118.9 - - [07/Dec/2014:16:59:57 -0500] "GET /galeria/nivo-slider/themes/default/bullets.png HTTP/1.1" 200 1281
190.27.118.9 - - [07/Dec/2014:16:59:58 -0500] "GET /galeria/nivo-slider/themes/default/arrows.png HTTP/1.1" 200 824
186.84.50.43 - - [07/Dec/2014:17:00:00 -0500] "POST /forms/lservlet;jsessionid=ac16012b30d57fb4fe12ab004ccdac8e936eeb5a604a.e3iSbxaKaheRe34Sa3yKbhiTahb0n6jAmljGr5XDqQLvpAe HTTP/1.1" 200 2
190.27.118.9 - - [07/Dec/2014:17:00:02 -0500] "GET /videos/Spot_CambioClimatico.flv HTTP/1.1" 200 4371917
188.165.15.110 - - [07/Dec/2014:17:00:11 -0500] "GET /BLA/resoluciones/RESOLUCIONES%202005/RES%202005%20851-900/00000884.tif HTTP/1.1" 200 148836
180.76.6.146 - - [07/Dec/2014:17:00:17 -0500] "GET /BLA/resoluciones/RESOLUCIONES%202010/1210.pdf HTTP/1.1" 200 97865
186.118.197.35 - - [07/Dec/2014:17:00:25 -0500] "GET /forest/session.jsp?a=0.6615135224458302 HTTP/1.1" 200 4
186.118.197.35 - - [07/Dec/2014:16:59:01 -0500] "GET /forest/documentos/1555700/2012ER131812.pdf HTTP/1.1" 200 8525345
186.118.211.0 - - [07/Dec/2014:17:00:30 -0500] "GET /BLA/boletinlegal/js/jquery.scrollShow.js HTTP/1.1" 200 4586
186.118.211.0 - - [07/Dec/2014:17:00:30 -0500] "GET /BLA/boletinlegal/js/jquery.scrollTo-min.js HTTP/1.1" 200 1150
186.118.211.0 - - [07/Dec/2014:17:00:30 -0500] "GET /BLA/boletinlegal/js/jquery.js HTTP/1.1" 200 57254
190.250.114.196 - - [07/Dec/2014:17:00:36 -0500] "GET /BLA/boletinlegal/js/jquery.js HTTP/1.1" 200 57254
190.250.114.196 - - [07/Dec/2014:17:00:36 -0500] "GET /BLA/boletinlegal/js/jquery.scrollShow.js HTTP/1.1" 200 4586
190.250.114.196 - - [07/Dec/2014:17:00:36 -0500] "GET /BLA/boletinlegal/js/jquery.scrollTo-min.js HTTP/1.1" 200 1150
181.50.241.109 - - [07/Dec/2014:17:00:54 -0500] "POST /forms/lservlet;jsessionid=ac16012b30d564bebcb3999c4f529600eb7d36f9f38a.e3iSbxaKaheRe34Sa3yKbhiTahb0n6jAmljGr5XDqQLvpAe HTTP/1.1" 200 2
188.165.15.204 - - [07/Dec/2014:17:00:54 -0500] "GET /BLA/resoluciones/RESOLUCIONES%202005/RES%202005%202701%20-2750/00002745.tif HTTP/1.1" 200 175580
100.43.85.25 - - [07/Dec/2014:17:01:16 -0500] "GET /POT-2013/index.php?dir=&sort=date&order=desc HTTP/1.1" 200 2678
181.54.57.138 - - [07/Dec/2014:17:01:21 -0500] "POST /forms/lservlet;jsessionid=ac16012b30d55dfceb6634fc4b35b638c9c5dc1f0b28.e3iSbxaKaheRe34Sa3yKbhiTahb0n6jAmljGr5XDqQLvpAe HTTP/1.1" 200 2
92.48.105.158 - - [07/Dec/2014:17:01:31 -0500] "GET /old/wp-admin/ HTTP/1.1" 404 1018
190.84.123.138 - - [07/Dec/2014:17:01:49 -0500] "GET /forest/session.jsp?a=0.8932692497037351 HTTP/1.1" 200 4
66.249.67.67 - - [07/Dec/2014:17:01:50 -0500] "GET /BLA/resoluciones/RESOLUCIONES%202010/7449.pdf HTTP/1.1" 304 -
186.84.50.43 - - [07/Dec/2014:17:01:54 -0500] "POST /forms/lservlet;jsessionid=ac16012b30d57fb4fe12ab004ccdac8e936eeb5a604a.e3iSbxaKaheRe34Sa3yKbhiTahb0n6jAmljGr5XDqQLvpAe HTTP/1.1" 200 90
186.84.50.43 - - [07/Dec/2014:17:01:56 -0500] "POST /forms/lservlet;jsessionid=ac16012b30d57fb4fe12ab004ccdac8e936eeb5a604a.e3iSbxaKaheRe34Sa3yKbhiTahb0n6jAmljGr5XDqQLvpAe HTTP/1.1" 200 2
186.84.50.43 - - [07/Dec/2014:17:01:56 -0500] "POST /forms/lservlet;jsessionid=ac16012b30d57fb4fe12ab004ccdac8e936eeb5a604a.e3iSbxaKaheRe34Sa3yKbhiTahb0n6jAmljGr5XDqQLvpAe HTTP/1.1" 200 2
186.84.50.43 - - [07/Dec/2014:17:01:57 -0500] "POST /forms/lservlet;jsessionid=ac16012b30d57fb4fe12ab004ccdac8e936eeb5a604a.e3iSbxaKaheRe34Sa3yKbhiTahb0n6jAmljGr5XDqQLvpAe HTTP/1.1" 200 2
186.84.50.43 - - [07/Dec/2014:17:01:58 -0500] "POST /forms/lservlet;jsessionid=ac16012b30d57fb4fe12ab004ccdac8e936eeb5a604a.e3iSbxaKaheRe34Sa3yKbhiTahb0n6jAmljGr5XDqQLvpAe HTTP/1.1" 200 2030
186.84.50.43 - - [07/Dec/2014:17:01:58 -0500] "POST /forms/lservlet;jsessionid=ac16012b30d57fb4fe12ab004ccdac8e936eeb5a604a.e3iSbxaKaheRe34Sa3yKbhiTahb0n6jAmljGr5XDqQLvpAe HTTP/1.1" 200 78
186.84.50.43 - - [07/Dec/2014:17:01:59 -0500] "POST /forms/lservlet;jsessionid=ac16012b30d57fb4fe12ab004ccdac8e936eeb5a604a.e3iSbxaKaheRe34Sa3yKbhiTahb0n6jAmljGr5XDqQLvpAe HTTP/1.1" 200 86
186.84.50.43 - - [07/Dec/2014:17:01:59 -0500] "POST /forms/lservlet;jsessionid=ac16012b30d57fb4fe12ab004ccdac8e936eeb5a604a.e3iSbxaKaheRe34Sa3yKbhiTahb0n6jAmljGr5XDqQLvpAe HTTP/1.1" 200 -
181.50.241.109 - - [07/Dec/2014:17:02:54 -0500] "POST /forms/lservlet;jsessionid=ac16012b30d564bebcb3999c4f529600eb7d36f9f38a.e3iSbxaKaheRe34Sa3yKbhiTahb0n6jAmljGr5XDqQLvpAe HTTP/1.1" 200 2
186.113.244.158 - - [07/Dec/2014:17:02:58 -0500] "GET /BLA/boletinlegal/js/jquery.js HTTP/1.1" 200 57254
186.113.244.158 - - [07/Dec/2014:17:02:58 -0500] "GET /BLA/boletinlegal/js/jquery.scrollTo-min.js HTTP/1.1" 200 1150
186.113.244.158 - - [07/Dec/2014:17:02:58 -0500] "GET /BLA/boletinlegal/js/jquery.scrollShow.js HTTP/1.1" 200 4586
74.86.158.107 - - [07/Dec/2014:17:03:11 -0500] "HEAD / HTTP/1.1" 302 -
188.165.15.162 - - [07/Dec/2014:17:03:18 -0500] "GET /BLA/resoluciones/RESOLUCIONES%202004/RES%202004%20551-600/00000591.tif HTTP/1.1" 200 183466
181.54.57.138 - - [07/Dec/2014:17:03:23 -0500] "POST /forms/lservlet;jsessionid=ac16012b30d55dfceb6634fc4b35b638c9c5dc1f0b28.e3iSbxaKaheRe34Sa3yKbhiTahb0n6jAmljGr5XDqQLvpAe HTTP/1.1" 200 2
188.165.15.192 - - [07/Dec/2014:17:03:40 -0500] "GET /BLA/resoluciones/index.php?dir=RESOLUCIONES+2011%2F HTTP/1.1" 200 541704
189.188.131.71 - - [07/Dec/2014:17:04:11 -0500] "GET /BLA/boletinlegal/js/jquery.js HTTP/1.1" 200 57254
189.188.131.71 - - [07/Dec/2014:17:04:11 -0500] "GET /BLA/boletinlegal/js/jquery.scrollShow.js HTTP/1.1" 200 4586
189.188.131.71 - - [07/Dec/2014:17:04:11 -0500] "GET /BLA/boletinlegal/js/jquery.scrollTo-min.js HTTP/1.1" 200 1150
107.178.46.43 - - [07/Dec/2014:17:04:16 -0500] "GET /BLA/boletinlegal/js/jquery.js HTTP/1.1" 200 57254
107.178.46.43 - - [07/Dec/2014:17:04:16 -0500] "GET /BLA/boletinlegal/js/jquery.scrollTo-min.js HTTP/1.1" 200 1150
107.178.46.43 - - [07/Dec/2014:17:04:16 -0500] "GET /BLA/boletinlegal/js/jquery.scrollShow.js HTTP/1.1" 200 4586
181.50.241.109 - - [07/Dec/2014:17:04:54 -0500] "POST /forms/lservlet;jsessionid=ac16012b30d564bebcb3999c4f529600eb7d36f9f38a.e3iSbxaKaheRe34Sa3yKbhiTahb0n6jAmljGr5XDqQLvpAe HTTP/1.1" 200 2
186.81.173.248 - - [07/Dec/2014:17:05:04 -0500] "GET /BLA/boletinlegal/js/jquery.js HTTP/1.1" 200 57254
186.81.173.248 - - [07/Dec/2014:17:05:05 -0500] "GET /BLA/boletinlegal/js/jquery.scrollTo-min.js HTTP/1.1" 200 1150
186.81.173.248 - - [07/Dec/2014:17:05:05 -0500] "GET /BLA/boletinlegal/js/jquery.scrollShow.js HTTP/1.1" 200 4586
186.118.197.35 - - [07/Dec/2014:17:05:25 -0500] "GET /forest/session.jsp?a=0.6956376795013877 HTTP/1.1" 200 4
181.54.57.138 - - [07/Dec/2014:17:05:27 -0500] "POST /forms/lservlet;jsessionid=ac16012b30d55dfceb6634fc4b35b638c9c5dc1f0b28.e3iSbxaKaheRe34Sa3yKbhiTahb0n6jAmljGr5XDqQLvpAe HTTP/1.1" 200 2
190.234.105.245 - - [07/Dec/2014:17:05:46 -0500] "GET /BLA/boletinlegal/js/jquery.js HTTP/1.1" 200 57254
190.234.105.245 - - [07/Dec/2014:17:05:46 -0500] "GET /BLA/boletinlegal/js/jquery.scrollTo-min.js HTTP/1.1" 200 1150
190.234.105.245 - - [07/Dec/2014:17:05:47 -0500] "GET /BLA/boletinlegal/js/jquery.scrollShow.js HTTP/1.1" 200 4586
161.18.142.146 - - [07/Dec/2014:17:06:39 -0500] "GET /BLA/resoluciones/RESOLUCIONES%202011/5794.pdf HTTP/1.1" 200 495227
161.18.142.146 - - [07/Dec/2014:17:06:39 -0500] "GET /BLA/resoluciones/RESOLUCIONES%202011/5794.pdf HTTP/1.1" 206 32768
161.18.142.146 - - [07/Dec/2014:17:06:39 -0500] "GET /BLA/resoluciones/RESOLUCIONES%202011/5794.pdf HTTP/1.1" 206 462459
161.18.142.146 - - [07/Dec/2014:17:06:41 -0500] "GET /favicon.ico HTTP/1.1" 200 7782
181.244.72.221 - - [07/Dec/2014:17:06:49 -0500] "GET /BLA/boletinlegal/js/jquery.js HTTP/1.1" 200 57254
190.84.123.138 - - [07/Dec/2014:17:06:49 -0500] "GET /forest/session.jsp?a=0.633685639128089 HTTP/1.1" 200 4
66.249.67.83 - - [07/Dec/2014:17:06:49 -0500] "GET /BLA/resoluciones/RESOLUCIONES%202009/8650.pdf HTTP/1.1" 304 -
181.244.72.221 - - [07/Dec/2014:17:06:49 -0500] "GET /BLA/boletinlegal/js/jquery.scrollTo-min.js HTTP/1.1" 200 1150
181.244.72.221 - - [07/Dec/2014:17:06:49 -0500] "GET /BLA/boletinlegal/js/jquery.scrollShow.js HTTP/1.1" 200 4586
181.50.241.109 - - [07/Dec/2014:17:06:54 -0500] "POST /forms/lservlet;jsessionid=ac16012b30d564bebcb3999c4f529600eb7d36f9f38a.e3iSbxaKaheRe34Sa3yKbhiTahb0n6jAmljGr5XDqQLvpAe HTTP/1.1" 200 2
200.106.214.191 - - [07/Dec/2014:17:07:10 -0500] "GET /BLA/boletinlegal/js/jquery.js HTTP/1.1" 200 57254
200.106.214.191 - - [07/Dec/2014:17:07:10 -0500] "GET /BLA/boletinlegal/js/jquery.scrollShow.js HTTP/1.1" 200 4586
200.106.214.191 - - [07/Dec/2014:17:07:10 -0500] "GET /BLA/boletinlegal/js/jquery.scrollTo-min.js HTTP/1.1" 200 1150
190.143.18.21 - - [07/Dec/2014:17:07:12 -0500] "GET /BLA/boletinlegal/js/jquery.js HTTP/1.1" 200 57254
190.143.18.21 - - [07/Dec/2014:17:07:13 -0500] "GET /BLA/boletinlegal/js/jquery.scrollTo-min.js HTTP/1.1" 200 1150
190.143.18.21 - - [07/Dec/2014:17:07:13 -0500] "GET /BLA/boletinlegal/js/jquery.scrollShow.js HTTP/1.1" 200 4586
190.143.18.21 - - [07/Dec/2014:17:07:13 -0500] "GET /galeria/carrusel/Carrusel/jquery.thumbnailScroller.css HTTP/1.1" 200 2066
190.143.18.21 - - [07/Dec/2014:17:07:13 -0500] "GET /galeria/carrusel/Carrusel/jquery-ui-1.8.13.custom.min.js HTTP/1.1" 200 10800
190.143.18.21 - - [07/Dec/2014:17:07:13 -0500] "GET /galeria/carrusel/Carrusel/jquery.thumbnailScroller.js HTTP/1.1" 200 8157
190.143.18.21 - - [07/Dec/2014:17:07:20 -0500] "GET /galeria/nivo-slider/demo/demo.html HTTP/1.1" 200 3572
190.143.18.21 - - [07/Dec/2014:17:07:22 -0500] "GET /galeria/nivo-slider/themes/default/default.css HTTP/1.1" 200 1569
190.143.18.21 - - [07/Dec/2014:17:07:22 -0500] "GET /galeria/nivo-slider/nivo-slider.css HTTP/1.1" 200 1507
190.143.18.21 - - [07/Dec/2014:17:07:22 -0500] "GET /galeria/nivo-slider/themes/pascal/pascal.css HTTP/1.1" 200 2258
190.143.18.21 - - [07/Dec/2014:17:07:22 -0500] "GET /galeria/nivo-slider/demo/style.css HTTP/1.1" 200 2222
190.143.18.21 - - [07/Dec/2014:17:07:22 -0500] "GET /galeria/nivo-slider/themes/orman/orman.css HTTP/1.1" 200 2152
190.143.18.21 - - [07/Dec/2014:17:07:22 -0500] "GET /galeria/nivo-slider/demo/images/banner-musgo.jpg HTTP/1.1" 200 49513
190.143.18.21 - - [07/Dec/2014:17:07:22 -0500] "GET /galeria/nivo-slider/demo/images/BogotaSostenible.jpg HTTP/1.1" 200 206863
190.143.18.21 - - [07/Dec/2014:17:07:22 -0500] "GET /galeria/nivo-slider/demo/images/Jornada-adopcion.jpg HTTP/1.1" 200 79705
190.143.18.21 - - [07/Dec/2014:17:07:22 -0500] "GET /galeria/nivo-slider/demo/images/Banner-GAE3.jpg HTTP/1.1" 200 146354
190.143.18.21 - - [07/Dec/2014:17:07:22 -0500] "GET /galeria/nivo-slider/demo/images/RdaNegociosFiltros.jpg HTTP/1.1" 200 77155
190.143.18.21 - - [07/Dec/2014:17:07:22 -0500] "GET /galeria/nivo-slider/demo/images/Banner-comparendo.jpg HTTP/1.1" 200 388762
190.143.18.21 - - [07/Dec/2014:17:07:22 -0500] "GET /galeria/nivo-slider/demo/scripts/jquery-1.7.1.min.js HTTP/1.1" 200 93868
190.143.18.21 - - [07/Dec/2014:17:07:22 -0500] "GET /galeria/nivo-slider/demo/images/9Signos.jpg HTTP/1.1" 200 93040
190.143.18.21 - - [07/Dec/2014:17:07:22 -0500] "GET /galeria/nivo-slider/demo/images/Banner-Caracol-Africano.jpg HTTP/1.1" 200 331986
190.143.18.21 - - [07/Dec/2014:17:07:23 -0500] "GET /galeria/nivo-slider/demo/images/bannerEcolecta3.jpg HTTP/1.1" 200 280034
190.143.18.21 - - [07/Dec/2014:17:07:23 -0500] "GET /galeria/nivo-slider/demo/images/porloshumedales.jpg HTTP/1.1" 200 351238
190.143.18.21 - - [07/Dec/2014:17:07:24 -0500] "GET /galeria/nivo-slider/demo/images/Biotaxis-Man.jpg HTTP/1.1" 200 99362
190.143.18.21 - - [07/Dec/2014:17:07:24 -0500] "GET /galeria/nivo-slider/demo/images/banner-redes.jpg HTTP/1.1" 200 62209
190.143.18.21 - - [07/Dec/2014:17:07:25 -0500] "GET /galeria/nivo-slider/jquery.nivo.slider.pack.js HTTP/1.1" 200 11561
190.143.18.21 - - [07/Dec/2014:17:07:25 -0500] "GET /galeria/nivo-slider/demo/images/banner-caballos.png HTTP/1.1" 200 389106
190.143.18.21 - - [07/Dec/2014:17:07:26 -0500] "GET /galeria/nivo-slider/demo/images/Tingua-azul.jpg HTTP/1.1" 200 307638
190.143.18.21 - - [07/Dec/2014:17:07:27 -0500] "GET /galeria/nivo-slider/demo/images/Hacienda_Molinos.jpg HTTP/1.1" 200 319171
181.54.57.138 - - [07/Dec/2014:17:07:30 -0500] "POST /forms/lservlet;jsessionid=ac16012b30d55dfceb6634fc4b35b638c9c5dc1f0b28.e3iSbxaKaheRe34Sa3yKbhiTahb0n6jAmljGr5XDqQLvpAe HTTP/1.1" 200 2
190.99.154.208 - - [07/Dec/2014:17:07:39 -0500] "GET /BLA/boletinlegal/js/jquery.js HTTP/1.1" 200 57254
190.99.154.208 - - [07/Dec/2014:17:07:39 -0500] "GET /BLA/boletinlegal/js/jquery.scrollTo-min.js HTTP/1.1" 200 1150
190.99.154.208 - - [07/Dec/2014:17:07:39 -0500] "GET /BLA/boletinlegal/js/jquery.scrollShow.js HTTP/1.1" 200 4586
188.165.15.87 - - [07/Dec/2014:17:08:03 -0500] "GET /BLA/resoluciones/RESOLUCIONES%202004/RES%202004%20351-400/00000361.tif HTTP/1.1" 200 118098
74.86.158.107 - - [07/Dec/2014:17:08:11 -0500] "HEAD / HTTP/1.1" 302 -
66.249.67.103 - - [07/Dec/2014:17:08:12 -0500] "GET /POT-2013/index.php?dir=Cartografia%2F HTTP/1.1" 200 11465
66.249.67.103 - - [07/Dec/2014:17:08:13 -0500] "GET /POT-2013/dlf/styles.css HTTP/1.1" 200 3045
66.249.67.119 - - [07/Dec/2014:17:08:13 -0500] "GET /POT-2013/dlf/dirup.png HTTP/1.1" 200 644
66.249.67.119 - - [07/Dec/2014:17:08:14 -0500] "GET /POT-2013/dlf/bg.gif HTTP/1.1" 200 54
66.249.67.111 - - [07/Dec/2014:17:08:14 -0500] "GET /POT-2013/dlf/pdf.gif HTTP/1.1" 200 272
181.50.241.109 - - [07/Dec/2014:17:08:54 -0500] "POST /forms/lservlet;jsessionid=ac16012b30d564bebcb3999c4f529600eb7d36f9f38a.e3iSbxaKaheRe34Sa3yKbhiTahb0n6jAmljGr5XDqQLvpAe HTTP/1.1" 200 2
181.54.57.138 - - [07/Dec/2014:17:09:32 -0500] "POST /forms/lservlet;jsessionid=ac16012b30d55dfceb6634fc4b35b638c9c5dc1f0b28.e3iSbxaKaheRe34Sa3yKbhiTahb0n6jAmljGr5XDqQLvpAe HTTP/1.1" 200 2
181.50.241.109 - - [07/Dec/2014:17:10:54 -0500] "POST /forms/lservlet;jsessionid=ac16012b30d564bebcb3999c4f529600eb7d36f9f38a.e3iSbxaKaheRe34Sa3yKbhiTahb0n6jAmljGr5XDqQLvpAe HTTP/1.1" 200 2
181.54.57.138 - - [07/Dec/2014:17:11:33 -0500] "POST /forms/lservlet;jsessionid=ac16012b30d55dfceb6634fc4b35b638c9c5dc1f0b28.e3iSbxaKaheRe34Sa3yKbhiTahb0n6jAmljGr5XDqQLvpAe HTTP/1.1" 200 2
66.249.67.75 - - [07/Dec/2014:17:11:35 -0500] "GET /BLA/resoluciones/AUTOS%202006/AUTOS%202006%201101-1200/00001133.tif HTTP/1.1" 200 83490
190.84.123.138 - - [07/Dec/2014:17:11:44 -0500] "GET /forest/usutareas.do?_a=0.5248410096392035&group_system_actual=3 HTTP/1.1" 200 112362
190.84.123.138 - - [07/Dec/2014:17:11:45 -0500] "GET /forest/session.jsp?a=0.24854616192169487 HTTP/1.1" 200 4
190.84.123.138 - - [07/Dec/2014:17:11:45 -0500] "GET /forest/actions/forms.getMappedValues?id=id_Numeracion4&value=1416966416025&codForm=RevisarDocumento&a=0.49247115454636514 HTTP/1.1" 200 156
66.249.67.83 - - [07/Dec/2014:17:11:49 -0500] "GET /BLA/resoluciones/RESOLUCIONES%202008/0612.pdf HTTP/1.1" 304 -
190.84.123.138 - - [07/Dec/2014:17:11:53 -0500] "GET /forest/borrador/1549719/Borrador%20tecnico%202014-11-25.docx HTTP/1.1" 200 209553
161.18.253.115 - - [07/Dec/2014:17:12:10 -0500] "GET /BLA/boletinlegal/js/jquery.js HTTP/1.1" 200 57254
161.18.253.115 - - [07/Dec/2014:17:12:10 -0500] "GET /BLA/boletinlegal/js/jquery.scrollTo-min.js HTTP/1.1" 200 1150
161.18.253.115 - - [07/Dec/2014:17:12:10 -0500] "GET /BLA/boletinlegal/js/jquery.scrollShow.js HTTP/1.1" 200 4586
188.165.15.192 - - [07/Dec/2014:17:12:17 -0500] "GET /BLA/resoluciones/RESOLUCIONES%202006/RES%202006%20701-750/00000730.tif HTTP/1.1" 200 125078
181.50.241.109 - - [07/Dec/2014:17:12:54 -0500] "POST /forms/lservlet;jsessionid=ac16012b30d564bebcb3999c4f529600eb7d36f9f38a.e3iSbxaKaheRe34Sa3yKbhiTahb0n6jAmljGr5XDqQLvpAe HTTP/1.1" 200 2
74.86.158.107 - - [07/Dec/2014:17:13:11 -0500] "HEAD / HTTP/1.1" 302 -
181.54.57.138 - - [07/Dec/2014:17:13:34 -0500] "POST /forms/lservlet;jsessionid=ac16012b30d55dfceb6634fc4b35b638c9c5dc1f0b28.e3iSbxaKaheRe34Sa3yKbhiTahb0n6jAmljGr5XDqQLvpAe HTTP/1.1" 200 2
190.114.248.111 - - [07/Dec/2014:17:13:34 -0500] "GET /BLA/boletinlegal/js/jquery.js HTTP/1.1" 200 57254
190.114.248.111 - - [07/Dec/2014:17:13:34 -0500] "GET /BLA/boletinlegal/js/jquery.scrollTo-min.js HTTP/1.1" 200 1150
190.114.248.111 - - [07/Dec/2014:17:13:34 -0500] "GET /BLA/boletinlegal/js/jquery.scrollShow.js HTTP/1.1" 200 4586
66.249.67.67 - - [07/Dec/2014:17:14:01 -0500] "GET /BLA/resoluciones/AUTOS%202006/AUTOS%202006%201101-1200/00001120.tif HTTP/1.1" 200 54948
181.54.57.138 - - [07/Dec/2014:17:14:33 -0500] "POST /forms/lservlet;jsessionid=ac16012b30d55dfceb6634fc4b35b638c9c5dc1f0b28.e3iSbxaKaheRe34Sa3yKbhiTahb0n6jAmljGr5XDqQLvpAe HTTP/1.1" 200 37
181.54.57.138 - - [07/Dec/2014:17:14:39 -0500] "POST /forms/lservlet;jsessionid=ac16012b30d55dfceb6634fc4b35b638c9c5dc1f0b28.e3iSbxaKaheRe34Sa3yKbhiTahb0n6jAmljGr5XDqQLvpAe HTTP/1.1" 200 260
181.54.57.138 - - [07/Dec/2014:17:14:40 -0500] "POST /forms/lservlet;jsessionid=ac16012b30d55dfceb6634fc4b35b638c9c5dc1f0b28.e3iSbxaKaheRe34Sa3yKbhiTahb0n6jAmljGr5XDqQLvpAe HTTP/1.1" 200 248
181.54.57.138 - - [07/Dec/2014:17:14:41 -0500] "POST /forms/lservlet;jsessionid=ac16012b30d55dfceb6634fc4b35b638c9c5dc1f0b28.e3iSbxaKaheRe34Sa3yKbhiTahb0n6jAmljGr5XDqQLvpAe HTTP/1.1" 200 240
181.54.57.138 - - [07/Dec/2014:17:14:42 -0500] "POST /forms/lservlet;jsessionid=ac16012b30d55dfceb6634fc4b35b638c9c5dc1f0b28.e3iSbxaKaheRe34Sa3yKbhiTahb0n6jAmljGr5XDqQLvpAe HTTP/1.1" 200 446
181.54.57.138 - - [07/Dec/2014:17:14:48 -0500] "POST /forms/lservlet;jsessionid=ac16012b30d55dfceb6634fc4b35b638c9c5dc1f0b28.e3iSbxaKaheRe34Sa3yKbhiTahb0n6jAmljGr5XDqQLvpAe HTTP/1.1" 200 381
181.54.57.138 - - [07/Dec/2014:17:14:49 -0500] "POST /forms/lservlet;jsessionid=ac16012b30d55dfceb6634fc4b35b638c9c5dc1f0b28.e3iSbxaKaheRe34Sa3yKbhiTahb0n6jAmljGr5XDqQLvpAe HTTP/1.1" 200 419
181.50.241.109 - - [07/Dec/2014:17:14:54 -0500] "POST /forms/lservlet;jsessionid=ac16012b30d564bebcb3999c4f529600eb7d36f9f38a.e3iSbxaKaheRe34Sa3yKbhiTahb0n6jAmljGr5XDqQLvpAe HTTP/1.1" 200 2
66.249.67.75 - - [07/Dec/2014:17:14:59 -0500] "GET /BLA/resoluciones/RESOLUCIONES%202002/RES%202002%20451-500/00000466.tif HTTP/1.1" 200 175142
181.54.57.138 - - [07/Dec/2014:17:15:05 -0500] "POST /forms/lservlet;jsessionid=ac16012b30d55dfceb6634fc4b35b638c9c5dc1f0b28.e3iSbxaKaheRe34Sa3yKbhiTahb0n6jAmljGr5XDqQLvpAe HTTP/1.1" 200 153
181.54.57.138 - - [07/Dec/2014:17:15:06 -0500] "POST /forms/lservlet;jsessionid=ac16012b30d55dfceb6634fc4b35b638c9c5dc1f0b28.e3iSbxaKaheRe34Sa3yKbhiTahb0n6jAmljGr5XDqQLvpAe HTTP/1.1" 200 2
181.54.57.138 - - [07/Dec/2014:17:15:06 -0500] "POST /forms/lservlet;jsessionid=ac16012b30d55dfceb6634fc4b35b638c9c5dc1f0b28.e3iSbxaKaheRe34Sa3yKbhiTahb0n6jAmljGr5XDqQLvpAe HTTP/1.1" 200 2454
181.54.57.138 - - [07/Dec/2014:17:15:07 -0500] "POST /forms/lservlet;jsessionid=ac16012b30d55dfceb6634fc4b35b638c9c5dc1f0b28.e3iSbxaKaheRe34Sa3yKbhiTahb0n6jAmljGr5XDqQLvpAe HTTP/1.1" 200 10
181.54.57.138 - - [07/Dec/2014:17:15:12 -0500] "POST /forms/lservlet;jsessionid=ac16012b30d55dfceb6634fc4b35b638c9c5dc1f0b28.e3iSbxaKaheRe34Sa3yKbhiTahb0n6jAmljGr5XDqQLvpAe HTTP/1.1" 200 38
181.54.57.138 - - [07/Dec/2014:17:15:18 -0500] "POST /forms/lservlet;jsessionid=ac16012b30d55dfceb6634fc4b35b638c9c5dc1f0b28.e3iSbxaKaheRe34Sa3yKbhiTahb0n6jAmljGr5XDqQLvpAe HTTP/1.1" 200 45
181.54.57.138 - - [07/Dec/2014:17:15:23 -0500] "POST /forms/lservlet;jsessionid=ac16012b30d55dfceb6634fc4b35b638c9c5dc1f0b28.e3iSbxaKaheRe34Sa3yKbhiTahb0n6jAmljGr5XDqQLvpAe HTTP/1.1" 200 54
181.54.57.138 - - [07/Dec/2014:17:15:27 -0500] "POST /forms/lservlet;jsessionid=ac16012b30d55dfceb6634fc4b35b638c9c5dc1f0b28.e3iSbxaKaheRe34Sa3yKbhiTahb0n6jAmljGr5XDqQLvpAe HTTP/1.1" 200 21
181.54.57.138 - - [07/Dec/2014:17:15:28 -0500] "POST /forms/lservlet;jsessionid=ac16012b30d55dfceb6634fc4b35b638c9c5dc1f0b28.e3iSbxaKaheRe34Sa3yKbhiTahb0n6jAmljGr5XDqQLvpAe HTTP/1.1" 200 38
181.54.57.138 - - [07/Dec/2014:17:15:30 -0500] "POST /forms/lservlet;jsessionid=ac16012b30d55dfceb6634fc4b35b638c9c5dc1f0b28.e3iSbxaKaheRe34Sa3yKbhiTahb0n6jAmljGr5XDqQLvpAe HTTP/1.1" 200 2
181.54.57.138 - - [07/Dec/2014:17:15:30 -0500] "POST /forms/lservlet;jsessionid=ac16012b30d55dfceb6634fc4b35b638c9c5dc1f0b28.e3iSbxaKaheRe34Sa3yKbhiTahb0n6jAmljGr5XDqQLvpAe HTTP/1.1" 200 4281
181.54.57.138 - - [07/Dec/2014:17:15:31 -0500] "POST /forms/lservlet;jsessionid=ac16012b30d55dfceb6634fc4b35b638c9c5dc1f0b28.e3iSbxaKaheRe34Sa3yKbhiTahb0n6jAmljGr5XDqQLvpAe HTTP/1.1" 200 10
181.54.57.138 - - [07/Dec/2014:17:15:32 -0500] "POST /forms/lservlet;jsessionid=ac16012b30d55dfceb6634fc4b35b638c9c5dc1f0b28.e3iSbxaKaheRe34Sa3yKbhiTahb0n6jAmljGr5XDqQLvpAe HTTP/1.1" 200 144
181.54.57.138 - - [07/Dec/2014:17:15:32 -0500] "POST /forms/lservlet;jsessionid=ac16012b30d55dfceb6634fc4b35b638c9c5dc1f0b28.e3iSbxaKaheRe34Sa3yKbhiTahb0n6jAmljGr5XDqQLvpAe HTTP/1.1" 200 113
181.54.57.138 - - [07/Dec/2014:17:15:34 -0500] "POST /forms/lservlet;jsessionid=ac16012b30d55dfceb6634fc4b35b638c9c5dc1f0b28.e3iSbxaKaheRe34Sa3yKbhiTahb0n6jAmljGr5XDqQLvpAe HTTP/1.1" 200 2
181.54.57.138 - - [07/Dec/2014:17:15:34 -0500] "POST /forms/lservlet;jsessionid=ac16012b30d55dfceb6634fc4b35b638c9c5dc1f0b28.e3iSbxaKaheRe34Sa3yKbhiTahb0n6jAmljGr5XDqQLvpAe HTTP/1.1" 200 2
181.54.57.138 - - [07/Dec/2014:17:15:35 -0500] "POST /forms/lservlet;jsessionid=ac16012b30d55dfceb6634fc4b35b638c9c5dc1f0b28.e3iSbxaKaheRe34Sa3yKbhiTahb0n6jAmljGr5XDqQLvpAe HTTP/1.1" 200 2937
181.54.57.138 - - [07/Dec/2014:17:15:36 -0500] "POST /forms/lservlet;jsessionid=ac16012b30d55dfceb6634fc4b35b638c9c5dc1f0b28.e3iSbxaKaheRe34Sa3yKbhiTahb0n6jAmljGr5XDqQLvpAe HTTP/1.1" 200 20
181.54.57.138 - - [07/Dec/2014:17:15:37 -0500] "POST /forms/lservlet;jsessionid=ac16012b30d55dfceb6634fc4b35b638c9c5dc1f0b28.e3iSbxaKaheRe34Sa3yKbhiTahb0n6jAmljGr5XDqQLvpAe HTTP/1.1" 200 2
181.54.57.138 - - [07/Dec/2014:17:15:37 -0500] "POST /forms/lservlet;jsessionid=ac16012b30d55dfceb6634fc4b35b638c9c5dc1f0b28.e3iSbxaKaheRe34Sa3yKbhiTahb0n6jAmljGr5XDqQLvpAe HTTP/1.1" 200 2777
181.54.57.138 - - [07/Dec/2014:17:15:38 -0500] "POST /forms/lservlet;jsessionid=ac16012b30d55dfceb6634fc4b35b638c9c5dc1f0b28.e3iSbxaKaheRe34Sa3yKbhiTahb0n6jAmljGr5XDqQLvpAe HTTP/1.1" 200 2
181.54.57.138 - - [07/Dec/2014:17:15:40 -0500] "POST /forms/lservlet;jsessionid=ac16012b30d55dfceb6634fc4b35b638c9c5dc1f0b28.e3iSbxaKaheRe34Sa3yKbhiTahb0n6jAmljGr5XDqQLvpAe HTTP/1.1" 200 2
181.54.57.138 - - [07/Dec/2014:17:15:40 -0500] "POST /forms/lservlet;jsessionid=ac16012b30d55dfceb6634fc4b35b638c9c5dc1f0b28.e3iSbxaKaheRe34Sa3yKbhiTahb0n6jAmljGr5XDqQLvpAe HTTP/1.1" 200 131
181.54.57.138 - - [07/Dec/2014:17:15:41 -0500] "POST /forms/lservlet;jsessionid=ac16012b30d55dfceb6634fc4b35b638c9c5dc1f0b28.e3iSbxaKaheRe34Sa3yKbhiTahb0n6jAmljGr5XDqQLvpAe HTTP/1.1" 200 2
181.54.57.138 - - [07/Dec/2014:17:15:42 -0500] "GET /reports/rwservlet/getjobid336400?server=rep_srvapsda HTTP/1.1" 200 205125
100.43.85.25 - - [07/Dec/2014:17:15:58 -0500] "GET /videos/nivo-slider/demo/?C=N;O=A HTTP/1.1" 200 998
66.249.67.67 - - [07/Dec/2014:17:16:12 -0500] "GET /BLA/resoluciones/AUTOS%202006/AUTOS%202006%201101-1200/00001168.tif HTTP/1.1" 200 61986
190.84.123.138 - - [07/Dec/2014:17:16:45 -0500] "GET /forest/session.jsp?a=0.8303184618707746 HTTP/1.1" 200 4
66.249.67.75 - - [07/Dec/2014:17:16:47 -0500] "GET /BLA/resoluciones/AUTOS%202011/1864.pdf HTTP/1.1" 200 299755
181.50.241.109 - - [07/Dec/2014:17:16:54 -0500] "POST /forms/lservlet;jsessionid=ac16012b30d564bebcb3999c4f529600eb7d36f9f38a.e3iSbxaKaheRe34Sa3yKbhiTahb0n6jAmljGr5XDqQLvpAe HTTP/1.1" 200 2
181.54.57.138 - - [07/Dec/2014:17:17:00 -0500] "POST /forms/lservlet;jsessionid=ac16012b30d55dfceb6634fc4b35b638c9c5dc1f0b28.e3iSbxaKaheRe34Sa3yKbhiTahb0n6jAmljGr5XDqQLvpAe HTTP/1.1" 200 190
181.54.57.138 - - [07/Dec/2014:17:17:00 -0500] "GET /imagenes/listval.gif HTTP/1.1" 200 905
181.54.57.138 - - [07/Dec/2014:17:17:00 -0500] "POST /forms/lservlet;jsessionid=ac16012b30d55dfceb6634fc4b35b638c9c5dc1f0b28.e3iSbxaKaheRe34Sa3yKbhiTahb0n6jAmljGr5XDqQLvpAe HTTP/1.1" 200 7
181.54.57.138 - - [07/Dec/2014:17:17:05 -0500] "POST /forms/lservlet;jsessionid=ac16012b30d55dfceb6634fc4b35b638c9c5dc1f0b28.e3iSbxaKaheRe34Sa3yKbhiTahb0n6jAmljGr5XDqQLvpAe HTTP/1.1" 200 7
181.54.57.138 - - [07/Dec/2014:17:17:21 -0500] "POST /forms/lservlet;jsessionid=ac16012b30d55dfceb6634fc4b35b638c9c5dc1f0b28.e3iSbxaKaheRe34Sa3yKbhiTahb0n6jAmljGr5XDqQLvpAe HTTP/1.1" 200 125
181.54.57.138 - - [07/Dec/2014:17:17:22 -0500] "POST /forms/lservlet;jsessionid=ac16012b30d55dfceb6634fc4b35b638c9c5dc1f0b28.e3iSbxaKaheRe34Sa3yKbhiTahb0n6jAmljGr5XDqQLvpAe HTTP/1.1" 200 2
181.54.57.138 - - [07/Dec/2014:17:17:22 -0500] "POST /forms/lservlet;jsessionid=ac16012b30d55dfceb6634fc4b35b638c9c5dc1f0b28.e3iSbxaKaheRe34Sa3yKbhiTahb0n6jAmljGr5XDqQLvpAe HTTP/1.1" 200 2374
181.54.57.138 - - [07/Dec/2014:17:17:22 -0500] "POST /forms/lservlet;jsessionid=ac16012b30d55dfceb6634fc4b35b638c9c5dc1f0b28.e3iSbxaKaheRe34Sa3yKbhiTahb0n6jAmljGr5XDqQLvpAe HTTP/1.1" 200 10
181.54.57.138 - - [07/Dec/2014:17:17:28 -0500] "POST /forms/lservlet;jsessionid=ac16012b30d55dfceb6634fc4b35b638c9c5dc1f0b28.e3iSbxaKaheRe34Sa3yKbhiTahb0n6jAmljGr5XDqQLvpAe HTTP/1.1" 200 21
181.54.57.138 - - [07/Dec/2014:17:17:28 -0500] "POST /forms/lservlet;jsessionid=ac16012b30d55dfceb6634fc4b35b638c9c5dc1f0b28.e3iSbxaKaheRe34Sa3yKbhiTahb0n6jAmljGr5XDqQLvpAe HTTP/1.1" 200 4494
181.54.57.138 - - [07/Dec/2014:17:17:28 -0500] "POST /forms/lservlet;jsessionid=ac16012b30d55dfceb6634fc4b35b638c9c5dc1f0b28.e3iSbxaKaheRe34Sa3yKbhiTahb0n6jAmljGr5XDqQLvpAe HTTP/1.1" 200 2
188.165.15.233 - - [07/Dec/2014:17:17:30 -0500] "GET /BLA/resoluciones/RESOLUCIONES%202005/RES%202005%20701-750/00000725.tif HTTP/1.1" 200 63718
181.54.57.138 - - [07/Dec/2014:17:17:30 -0500] "POST /forms/lservlet;jsessionid=ac16012b30d55dfceb6634fc4b35b638c9c5dc1f0b28.e3iSbxaKaheRe34Sa3yKbhiTahb0n6jAmljGr5XDqQLvpAe HTTP/1.1" 200 137
181.54.57.138 - - [07/Dec/2014:17:17:31 -0500] "POST /forms/lservlet;jsessionid=ac16012b30d55dfceb6634fc4b35b638c9c5dc1f0b28.e3iSbxaKaheRe34Sa3yKbhiTahb0n6jAmljGr5XDqQLvpAe HTTP/1.1" 200 157
181.54.57.138 - - [07/Dec/2014:17:17:32 -0500] "POST /forms/lservlet;jsessionid=ac16012b30d55dfceb6634fc4b35b638c9c5dc1f0b28.e3iSbxaKaheRe34Sa3yKbhiTahb0n6jAmljGr5XDqQLvpAe HTTP/1.1" 200 260
181.54.57.138 - - [07/Dec/2014:17:17:32 -0500] "POST /forms/lservlet;jsessionid=ac16012b30d55dfceb6634fc4b35b638c9c5dc1f0b28.e3iSbxaKaheRe34Sa3yKbhiTahb0n6jAmljGr5XDqQLvpAe HTTP/1.1" 200 248
181.54.57.138 - - [07/Dec/2014:17:17:33 -0500] "POST /forms/lservlet;jsessionid=ac16012b30d55dfceb6634fc4b35b638c9c5dc1f0b28.e3iSbxaKaheRe34Sa3yKbhiTahb0n6jAmljGr5XDqQLvpAe HTTP/1.1" 200 240
181.54.57.138 - - [07/Dec/2014:17:17:33 -0500] "POST /forms/lservlet;jsessionid=ac16012b30d55dfceb6634fc4b35b638c9c5dc1f0b28.e3iSbxaKaheRe34Sa3yKbhiTahb0n6jAmljGr5XDqQLvpAe HTTP/1.1" 200 365
181.54.57.138 - - [07/Dec/2014:17:17:34 -0500] "POST /forms/lservlet;jsessionid=ac16012b30d55dfceb6634fc4b35b638c9c5dc1f0b28.e3iSbxaKaheRe34Sa3yKbhiTahb0n6jAmljGr5XDqQLvpAe HTTP/1.1" 200 381
181.54.57.138 - - [07/Dec/2014:17:17:34 -0500] "POST /forms/lservlet;jsessionid=ac16012b30d55dfceb6634fc4b35b638c9c5dc1f0b28.e3iSbxaKaheRe34Sa3yKbhiTahb0n6jAmljGr5XDqQLvpAe HTTP/1.1" 200 419
181.54.57.138 - - [07/Dec/2014:17:17:34 -0500] "POST /forms/lservlet;jsessionid=ac16012b30d55dfceb6634fc4b35b638c9c5dc1f0b28.e3iSbxaKaheRe34Sa3yKbhiTahb0n6jAmljGr5XDqQLvpAe HTTP/1.1" 200 2
190.84.123.138 - - [07/Dec/2014:17:11:45 -0500] "GET /ForestMSG_SDA/channelAsync/template_word_17049948?X-Atmosphere-tracking-id=bc287734-cb2a-c226-530b-ba4d095408c6&X-Atmosphere-Framework=1.0.5&X-Atmosphere-Transport=long-polling&tabid=0.28089433163404465&X-Cache-Date=0&Content-Type=application/xml&_=1417990447093 HTTP/1.1" 200 8193
190.131.196.77 - - [07/Dec/2014:17:18:05 -0500] "GET /BLA/boletinlegal/js/jquery.scrollShow.js HTTP/1.1" 200 4586
190.131.196.77 - - [07/Dec/2014:17:18:05 -0500] "GET /BLA/boletinlegal/js/jquery.js HTTP/1.1" 200 57254
190.131.196.77 - - [07/Dec/2014:17:18:05 -0500] "GET /BLA/boletinlegal/js/jquery.scrollTo-min.js HTTP/1.1" 200 1150
74.86.158.107 - - [07/Dec/2014:17:18:11 -0500] "HEAD / HTTP/1.1" 302 -
180.76.6.14 - - [07/Dec/2014:17:18:24 -0500] "GET /BLA/resoluciones/RESOLUCIONES%202013/1148.pdf HTTP/1.1" 200 657608
186.89.221.44 - - [07/Dec/2014:17:18:24 -0500] "GET /BLA/boletinlegal/js/jquery.js HTTP/1.1" 200 57254
186.89.221.44 - - [07/Dec/2014:17:18:24 -0500] "GET /BLA/boletinlegal/js/jquery.scrollTo-min.js HTTP/1.1" 200 1150
186.89.221.44 - - [07/Dec/2014:17:18:24 -0500] "GET /BLA/boletinlegal/js/jquery.scrollShow.js HTTP/1.1" 200 4586
181.50.241.109 - - [07/Dec/2014:17:18:54 -0500] "POST /forms/lservlet;jsessionid=ac16012b30d564bebcb3999c4f529600eb7d36f9f38a.e3iSbxaKaheRe34Sa3yKbhiTahb0n6jAmljGr5XDqQLvpAe HTTP/1.1" 200 2
66.249.67.67 - - [07/Dec/2014:17:18:55 -0500] "GET /BLA/resoluciones/AUTOS%202006/AUTOS%202006%201101-1200/00001145.tif HTTP/1.1" 200 41982
190.84.123.138 - - [07/Dec/2014:17:18:59 -0500] "GET /forest/skins/gdocs-jar/popup/escritorio/subirborrador.jsp?form=RevisarDocumento&codTpl=&codBorr=518491&a=0.33724358188919723 HTTP/1.1" 200 23292
190.84.123.138 - - [07/Dec/2014:17:19:00 -0500] "GET /forest/json.do?query=borradoresByTpls&codInst=2999816&codTare=1468&firma=0&a=0.5174732385203242 HTTP/1.1" 200 186
190.84.123.138 - - [07/Dec/2014:17:19:00 -0500] "GET /forest/json.do?query=plantillasByTarea&codTare=1468&codInst=2999816&firma=0&a=0.8473408909048885 HTTP/1.1" 200 381
190.84.123.138 - - [07/Dec/2014:17:19:00 -0500] "GET /forest/json.do?query=terceroById&numTer=91105047&a=0.5116414555814117 HTTP/1.1" 200 687
190.84.123.138 - - [07/Dec/2014:17:19:00 -0500] "GET /forest/json.do?query=datosBorradorByCodTraBorr&codTraBorr=1549719&a=0.200031136861071 HTTP/1.1" 200 180
190.84.123.138 - - [07/Dec/2014:17:19:00 -0500] "GET /forest/json.do?query=adjuntosByBorrador&codTraBorr=1549719&a=0.24454843252897263 HTTP/1.1" 200 88
190.84.123.138 - - [07/Dec/2014:17:19:00 -0500] "GET /forest/json.do?query=ultimoBorradorByTpl&codTpl=781&codInst=2999816&a=0.48683736426755786 HTTP/1.1" 200 20
190.84.123.138 - - [07/Dec/2014:17:19:00 -0500] "GET /forest/json.do?query=ultimoBorradorByTpl&codTpl=1241&codInst=2999816&a=0.9431991968303919 HTTP/1.1" 200 2
190.84.123.138 - - [07/Dec/2014:17:19:00 -0500] "GET /forest/json.do?query=ultimoBorradorByTpl&codTpl=921&codInst=2999816&a=0.07453124783933163 HTTP/1.1" 200 2
66.249.67.83 - - [07/Dec/2014:17:19:05 -0500] "GET /BLA/resoluciones/AUTOS%202006/AUTOS%202006%201101-1200/00001126.tif HTTP/1.1" 200 57790
190.84.123.138 - - [07/Dec/2014:17:19:27 -0500] "POST /forest/usutareas.do?group_system_actual=3 HTTP/1.1" 200 203
190.84.123.138 - - [07/Dec/2014:17:19:33 -0500] "GET /forest/usutareas.do?group_system_actual=3&a=0.03868360328488052 HTTP/1.1" 200 112368
190.84.123.138 - - [07/Dec/2014:17:17:45 -0500] "GET /ForestMSG_SDA/channelAsync/template_word_17049948?X-Atmosphere-tracking-id=bc287734-cb2a-c226-530b-ba4d095408c6&X-Atmosphere-Framework=1.0.5&X-Atmosphere-Transport=long-polling&tabid=0.28089433163404465&X-Cache-Date=0&Content-Type=application/xml&_=1417990807141 HTTP/1.1" 200 8193
190.84.123.138 - - [07/Dec/2014:17:19:34 -0500] "GET /forest/session.jsp?a=0.9864152588415891 HTTP/1.1" 200 4
181.54.57.138 - - [07/Dec/2014:17:19:34 -0500] "POST /forms/lservlet;jsessionid=ac16012b30d55dfceb6634fc4b35b638c9c5dc1f0b28.e3iSbxaKaheRe34Sa3yKbhiTahb0n6jAmljGr5XDqQLvpAe HTTP/1.1" 200 2
190.84.123.138 - - [07/Dec/2014:17:19:34 -0500] "GET /forest/actions/forms.getMappedValues?id=id_Numeracion4&value=1416966416025&codForm=RevisarDocumento&a=0.8434030809439719 HTTP/1.1" 200 156
188.165.15.61 - - [07/Dec/2014:17:20:36 -0500] "GET /BLA/resoluciones/RESOLUCIONES%202004/RES%202004%20101-150/00000128.tif HTTP/1.1" 200 99994
181.54.57.138 - - [07/Dec/2014:17:20:42 -0500] "POST /forms/lservlet;jsessionid=ac16012b30d55dfceb6634fc4b35b638c9c5dc1f0b28.e3iSbxaKaheRe34Sa3yKbhiTahb0n6jAmljGr5XDqQLvpAe HTTP/1.1" 200 392
181.54.57.138 - - [07/Dec/2014:17:20:42 -0500] "POST /forms/lservlet;jsessionid=ac16012b30d55dfceb6634fc4b35b638c9c5dc1f0b28.e3iSbxaKaheRe34Sa3yKbhiTahb0n6jAmljGr5XDqQLvpAe HTTP/1.1" 200 388
181.54.57.138 - - [07/Dec/2014:17:20:43 -0500] "POST /forms/lservlet;jsessionid=ac16012b30d55dfceb6634fc4b35b638c9c5dc1f0b28.e3iSbxaKaheRe34Sa3yKbhiTahb0n6jAmljGr5XDqQLvpAe HTTP/1.1" 200 375
181.54.57.138 - - [07/Dec/2014:17:20:43 -0500] "POST /forms/lservlet;jsessionid=ac16012b30d55dfceb6634fc4b35b638c9c5dc1f0b28.e3iSbxaKaheRe34Sa3yKbhiTahb0n6jAmljGr5XDqQLvpAe HTTP/1.1" 200 358
181.50.241.109 - - [07/Dec/2014:17:20:54 -0500] "POST /forms/lservlet;jsessionid=ac16012b30d564bebcb3999c4f529600eb7d36f9f38a.e3iSbxaKaheRe34Sa3yKbhiTahb0n6jAmljGr5XDqQLvpAe HTTP/1.1" 200 2
181.54.57.138 - - [07/Dec/2014:17:21:34 -0500] "POST /forms/lservlet;jsessionid=ac16012b30d55dfceb6634fc4b35b638c9c5dc1f0b28.e3iSbxaKaheRe34Sa3yKbhiTahb0n6jAmljGr5XDqQLvpAe HTTP/1.1" 200 2
188.165.15.192 - - [07/Dec/2014:17:21:38 -0500] "GET /BLA/resoluciones/RESOLUCIONES%202004/RES%202004%201801-1850/00001827.tif HTTP/1.1" 200 170276
190.84.123.138 - - [07/Dec/2014:17:21:47 -0500] "GET /forest/skins/gdocs-jar/popup/escritorio/subirborrador.jsp?form=RevisarDocumento&codTpl=&codBorr=518491&a=0.7058376858476549 HTTP/1.1" 200 23292
190.84.123.138 - - [07/Dec/2014:17:21:47 -0500] "GET /forest/json.do?query=borradoresByTpls&codInst=2999816&codTare=1468&firma=0&a=0.7901071542873979 HTTP/1.1" 200 186
190.84.123.138 - - [07/Dec/2014:17:21:47 -0500] "GET /forest/json.do?query=plantillasByTarea&codTare=1468&codInst=2999816&firma=0&a=0.6958808570634574 HTTP/1.1" 200 381
190.84.123.138 - - [07/Dec/2014:17:21:47 -0500] "GET /forest/json.do?query=terceroById&numTer=91105047&a=0.9821010204032063 HTTP/1.1" 200 687
190.84.123.138 - - [07/Dec/2014:17:21:47 -0500] "GET /forest/json.do?query=datosBorradorByCodTraBorr&codTraBorr=1550670&a=0.8548202435486019 HTTP/1.1" 200 180
190.84.123.138 - - [07/Dec/2014:17:21:47 -0500] "GET /forest/json.do?query=adjuntosByBorrador&codTraBorr=1550670&a=0.2648753218818456 HTTP/1.1" 200 88
190.84.123.138 - - [07/Dec/2014:17:21:47 -0500] "GET /forest/json.do?query=ultimoBorradorByTpl&codTpl=781&codInst=2999816&a=0.06278761615976691 HTTP/1.1" 200 20
190.84.123.138 - - [07/Dec/2014:17:21:48 -0500] "GET /forest/json.do?query=ultimoBorradorByTpl&codTpl=1241&codInst=2999816&a=0.1551823818590492 HTTP/1.1" 200 2
190.84.123.138 - - [07/Dec/2014:17:21:48 -0500] "GET /forest/json.do?query=ultimoBorradorByTpl&codTpl=921&codInst=2999816&a=0.6560949278064072 HTTP/1.1" 200 2
66.249.67.75 - - [07/Dec/2014:17:21:48 -0500] "GET /BLA/resoluciones/AUTOS%202007/3432.pdf HTTP/1.1" 304 -
190.84.123.138 - - [07/Dec/2014:17:21:57 -0500] "POST /forest/usutareas.do?group_system_actual=3 HTTP/1.1" 200 203
190.84.123.138 - - [07/Dec/2014:17:22:02 -0500] "GET /forest/usutareas.do?group_system_actual=3&a=0.6324470243416727 HTTP/1.1" 200 112368
190.84.123.138 - - [07/Dec/2014:17:19:34 -0500] "GET /ForestMSG_SDA/channelAsync/template_word_17049948?X-Atmosphere-tracking-id=eb6eb824-0348-69a0-668a-3dbdec34fcea&X-Atmosphere-Framework=1.0.5&X-Atmosphere-Transport=long-polling&tabid=0.020517168333753943&X-Cache-Date=0&Content-Type=application/xml&_=1417990916287 HTTP/1.1" 200 8193
190.84.123.138 - - [07/Dec/2014:17:22:03 -0500] "GET /forest/session.jsp?a=0.7369138482026756 HTTP/1.1" 200 4
190.84.123.138 - - [07/Dec/2014:17:22:03 -0500] "GET /forest/actions/forms.getMappedValues?id=id_Numeracion4&value=1416966416025&codForm=RevisarDocumento&a=0.7964551793411374 HTTP/1.1" 200 156
66.249.67.67 - - [07/Dec/2014:17:22:43 -0500] "GET /BLA/resoluciones/RESOLUCIONES%202012/0611.pdf HTTP/1.1" 304 -
181.50.241.109 - - [07/Dec/2014:17:22:54 -0500] "POST /forms/lservlet;jsessionid=ac16012b30d564bebcb3999c4f529600eb7d36f9f38a.e3iSbxaKaheRe34Sa3yKbhiTahb0n6jAmljGr5XDqQLvpAe HTTP/1.1" 200 2
190.84.123.138 - - [07/Dec/2014:17:22:54 -0500] "POST /forest/usutareas.do? HTTP/1.1" 200 76
190.84.123.138 - - [07/Dec/2014:17:22:56 -0500] "GET /forest/usutareas.do?group_system_actual=3&a=0.6952753327786922 HTTP/1.1" 200 19234
190.84.123.138 - - [07/Dec/2014:17:22:56 -0500] "GET /forest/session.jsp?a=0.6843286161310971 HTTP/1.1" 200 4
186.145.192.145 - - [07/Dec/2014:17:23:00 -0500] "GET /BLA/resoluciones/AUTOS%202013/1593.pdf HTTP/1.1" 200 1725992
180.76.6.40 - - [07/Dec/2014:17:23:01 -0500] "GET /BLA/resoluciones/RESOLUCIONES%202010/1458.pdf HTTP/1.1" 200 436717
186.145.192.145 - - [07/Dec/2014:17:23:01 -0500] "GET /BLA/resoluciones/AUTOS%202013/1593.pdf HTTP/1.1" 206 32768
186.145.192.145 - - [07/Dec/2014:17:23:01 -0500] "GET /BLA/resoluciones/AUTOS%202013/1593.pdf HTTP/1.1" 206 1693224
190.84.123.138 - - [07/Dec/2014:17:23:04 -0500] "GET /forest/misactividades.do?_a=0.7257900715339929&group_system_actual=3 HTTP/1.1" 200 36518
190.84.123.138 - - [07/Dec/2014:17:23:04 -0500] "GET /forest/session.jsp?a=0.007407784229144454 HTTP/1.1" 200 4
186.145.192.145 - - [07/Dec/2014:17:23:05 -0500] "GET /favicon.ico HTTP/1.1" 200 7782
190.84.123.138 - - [07/Dec/2014:17:23:05 -0500] "POST /forest/misactividades.do?ajax=true&a=0.7466141076292843 HTTP/1.1" 200 8737
74.86.158.107 - - [07/Dec/2014:17:23:11 -0500] "HEAD / HTTP/1.1" 302 -
190.114.248.111 - - [07/Dec/2014:17:18:14 -0500] "GET /videos/CRRFFS.mp4 HTTP/1.1" 200 286784363
190.114.248.111 - - [07/Dec/2014:17:23:15 -0500] "-" 408 -
188.165.15.241 - - [07/Dec/2014:17:23:16 -0500] "GET /BLA/resoluciones/index.php?dir=RESOLUCIONES%202003/RES%202003%202051-2100/&sort=name&order=asc HTTP/1.1" 200 12152
190.84.123.138 - - [07/Dec/2014:17:23:15 -0500] "GET /forest/usutareas.do?_a=0.9420310345012695&group_system_actual=3 HTTP/1.1" 200 112388
190.84.123.138 - - [07/Dec/2014:17:23:17 -0500] "GET /forest/session.jsp?a=0.6112072742544115 HTTP/1.1" 200 4
190.84.123.138 - - [07/Dec/2014:17:23:17 -0500] "GET /forest/actions/forms.getMappedValues?id=id_Numeracion4&value=1403744794317&codForm=RevisarDocumento&a=0.5892379358410835 HTTP/1.1" 200 140
222.239.162.7 - - [07/Dec/2014:17:23:18 -0500] "GET /robots.txt HTTP/1.1" 404 1243
222.239.162.7 - - [07/Dec/2014:17:23:19 -0500] "GET /galeria/nivo-slider/demo/demo.html HTTP/1.1" 200 3572
181.54.57.138 - - [07/Dec/2014:17:23:35 -0500] "POST /forms/lservlet;jsessionid=ac16012b30d55dfceb6634fc4b35b638c9c5dc1f0b28.e3iSbxaKaheRe34Sa3yKbhiTahb0n6jAmljGr5XDqQLvpAe HTTP/1.1" 200 2
186.84.61.104 - - [07/Dec/2014:17:23:38 -0500] "GET /BLA/resoluciones/AUTOS%202007/3094.pdf HTTP/1.1" 200 490461
186.84.61.104 - - [07/Dec/2014:17:23:39 -0500] "GET /favicon.ico HTTP/1.1" 200 7782
186.84.61.104 - - [07/Dec/2014:17:23:39 -0500] "GET /BLA/resoluciones/AUTOS%202007/3094.pdf HTTP/1.1" 206 31709
186.84.61.104 - - [07/Dec/2014:17:23:39 -0500] "GET /BLA/resoluciones/AUTOS%202007/3094.pdf HTTP/1.1" 206 65536
186.84.61.104 - - [07/Dec/2014:17:23:40 -0500] "GET /BLA/resoluciones/AUTOS%202007/3094.pdf HTTP/1.1" 206 65536
186.84.61.104 - - [07/Dec/2014:17:23:40 -0500] "GET /BLA/resoluciones/AUTOS%202007/3094.pdf HTTP/1.1" 206 65536
186.84.61.104 - - [07/Dec/2014:17:23:41 -0500] "GET /BLA/resoluciones/AUTOS%202007/3094.pdf HTTP/1.1" 206 65536
190.84.123.138 - - [07/Dec/2014:17:23:26 -0500] "GET /forest/borrador/1549705/Borrador%20tecnico%202014-06-25.docx HTTP/1.1" 200 8312371
190.28.237.217 - - [07/Dec/2014:17:23:51 -0500] "GET /BLA/boletinlegal/js/jquery.scrollTo-min.js HTTP/1.1" 200 1150
190.28.237.217 - - [07/Dec/2014:17:23:51 -0500] "GET /BLA/boletinlegal/js/jquery.js HTTP/1.1" 200 57254
190.28.237.217 - - [07/Dec/2014:17:23:51 -0500] "GET /BLA/boletinlegal/js/jquery.scrollShow.js HTTP/1.1" 200 4586
188.165.15.110 - - [07/Dec/2014:17:24:40 -0500] "GET /BLA/resoluciones/RESOLUCIONES%202006/RES%202006%20%202901-2950/00002942.tif HTTP/1.1" 200 241320
181.139.192.34 - - [07/Dec/2014:17:24:47 -0500] "GET /galeria/carrusel/Carrusel/jquery.thumbnailScroller.css HTTP/1.1" 200 2066
181.139.192.34 - - [07/Dec/2014:17:24:47 -0500] "GET /BLA/boletinlegal/js/jquery.js HTTP/1.1" 200 57254
181.139.192.34 - - [07/Dec/2014:17:24:47 -0500] "GET /BLA/boletinlegal/js/jquery.scrollTo-min.js HTTP/1.1" 200 1150
181.139.192.34 - - [07/Dec/2014:17:24:47 -0500] "GET /BLA/boletinlegal/js/jquery.scrollShow.js HTTP/1.1" 200 4586
181.139.192.34 - - [07/Dec/2014:17:24:47 -0500] "GET /galeria/carrusel/Carrusel/jquery-ui-1.8.13.custom.min.js HTTP/1.1" 200 10800
181.139.192.34 - - [07/Dec/2014:17:24:47 -0500] "GET /galeria/carrusel/Carrusel/jquery.thumbnailScroller.js HTTP/1.1" 200 8157
181.139.192.34 - - [07/Dec/2014:17:24:49 -0500] "GET /galeria/nivo-slider/demo/demo.html HTTP/1.1" 200 3572
181.139.192.34 - - [07/Dec/2014:17:24:50 -0500] "GET /galeria/nivo-slider/themes/default/default.css HTTP/1.1" 200 1569
181.139.192.34 - - [07/Dec/2014:17:24:50 -0500] "GET /galeria/nivo-slider/themes/pascal/pascal.css HTTP/1.1" 200 2258
181.139.192.34 - - [07/Dec/2014:17:24:50 -0500] "GET /galeria/nivo-slider/themes/orman/orman.css HTTP/1.1" 200 2152
181.139.192.34 - - [07/Dec/2014:17:24:50 -0500] "GET /galeria/nivo-slider/nivo-slider.css HTTP/1.1" 200 1507
181.139.192.34 - - [07/Dec/2014:17:24:50 -0500] "GET /galeria/nivo-slider/demo/style.css HTTP/1.1" 200 2222
181.139.192.34 - - [07/Dec/2014:17:24:50 -0500] "GET /galeria/nivo-slider/demo/scripts/jquery-1.7.1.min.js HTTP/1.1" 200 93868
181.139.192.34 - - [07/Dec/2014:17:24:50 -0500] "GET /galeria/nivo-slider/jquery.nivo.slider.pack.js HTTP/1.1" 200 11561
181.139.192.34 - - [07/Dec/2014:17:24:50 -0500] "GET /galeria/nivo-slider/demo/images/4Simple_Slider.png HTTP/1.1" 200 11722
181.139.192.34 - - [07/Dec/2014:17:24:50 -0500] "GET /galeria/nivo-slider/themes/default/loading.gif HTTP/1.1" 200 1737
181.139.192.34 - - [07/Dec/2014:17:24:51 -0500] "GET /galeria/nivo-slider/demo/images/banner-musgo.jpg HTTP/1.1" 200 49513
181.139.192.34 - - [07/Dec/2014:17:24:51 -0500] "GET /galeria/nivo-slider/demo/images/RdaNegociosFiltros.jpg HTTP/1.1" 200 77155
181.139.192.34 - - [07/Dec/2014:17:24:51 -0500] "GET /galeria/nivo-slider/demo/images/Jornada-adopcion.jpg HTTP/1.1" 200 79705
181.139.192.34 - - [07/Dec/2014:17:24:51 -0500] "GET /galeria/nivo-slider/demo/images/BogotaSostenible.jpg HTTP/1.1" 200 206863
181.139.192.34 - - [07/Dec/2014:17:24:53 -0500] "GET /galeria/nivo-slider/demo/images/Banner-GAE3.jpg HTTP/1.1" 200 146354
181.139.192.34 - - [07/Dec/2014:17:24:53 -0500] "GET /galeria/nivo-slider/demo/images/Banner-comparendo.jpg HTTP/1.1" 200 388762
181.139.192.34 - - [07/Dec/2014:17:24:54 -0500] "GET /galeria/nivo-slider/demo/images/Biotaxis-Man.jpg HTTP/1.1" 200 99362
181.50.241.109 - - [07/Dec/2014:17:24:54 -0500] "POST /forms/lservlet;jsessionid=ac16012b30d564bebcb3999c4f529600eb7d36f9f38a.e3iSbxaKaheRe34Sa3yKbhiTahb0n6jAmljGr5XDqQLvpAe HTTP/1.1" 200 2
181.139.192.34 - - [07/Dec/2014:17:24:55 -0500] "GET /galeria/nivo-slider/demo/images/porloshumedales.jpg HTTP/1.1" 200 351238
181.139.192.34 - - [07/Dec/2014:17:24:55 -0500] "GET /videos/Spot_CambioClimatico.flv HTTP/1.1" 200 4371917
181.51.133.2 - - [07/Dec/2014:17:24:56 -0500] "GET /BLA/boletinlegal/js/jquery.js HTTP/1.1" 200 57254
181.51.133.2 - - [07/Dec/2014:17:24:56 -0500] "GET /BLA/boletinlegal/js/jquery.scrollTo-min.js HTTP/1.1" 200 1150
181.51.133.2 - - [07/Dec/2014:17:24:56 -0500] "GET /BLA/boletinlegal/js/jquery.scrollShow.js HTTP/1.1" 200 4586
181.139.192.34 - - [07/Dec/2014:17:24:59 -0500] "GET /galeria/nivo-slider/demo/images/Banner-Caracol-Africano.jpg HTTP/1.1" 200 331986
181.139.192.34 - - [07/Dec/2014:17:24:59 -0500] "GET /galeria/nivo-slider/demo/images/Tingua-azul.jpg HTTP/1.1" 200 307638
181.139.192.34 - - [07/Dec/2014:17:25:00 -0500] "GET /galeria/nivo-slider/demo/images/banner-redes.jpg HTTP/1.1" 200 62209
191.111.119.18 - - [07/Dec/2014:17:25:02 -0500] "GET /BLA/resoluciones/RESOLUCIONES%202014/1551.pdf HTTP/1.1" 200 551743
181.139.192.34 - - [07/Dec/2014:17:25:03 -0500] "GET /galeria/nivo-slider/demo/images/9Signos.jpg HTTP/1.1" 200 93040
188.165.15.241 - - [07/Dec/2014:17:25:04 -0500] "GET /BLA/resoluciones/RESOLUCIONES%202003/RES%202003%201001-1050/1021.tif HTTP/1.1" 200 74920
181.139.192.34 - - [07/Dec/2014:17:25:05 -0500] "GET /galeria/nivo-slider/demo/images/banner-caballos.png HTTP/1.1" 200 389106
181.139.192.34 - - [07/Dec/2014:17:25:05 -0500] "GET /galeria/nivo-slider/demo/images/Hacienda_Molinos.jpg HTTP/1.1" 200 319171
181.139.192.34 - - [07/Dec/2014:17:25:08 -0500] "GET /galeria/nivo-slider/demo/images/bannerEcolecta3.jpg HTTP/1.1" 200 280034
181.139.192.34 - - [07/Dec/2014:17:25:13 -0500] "GET /galeria/nivo-slider/themes/default/arrows.png HTTP/1.1" 200 824
181.139.192.34 - - [07/Dec/2014:17:25:13 -0500] "GET /galeria/nivo-slider/themes/default/bullets.png HTTP/1.1" 200 1281
181.51.133.2 - - [07/Dec/2014:17:24:59 -0500] "GET /videos/CRRFFS.mp4 HTTP/1.1" 200 286784363
181.54.57.138 - - [07/Dec/2014:17:25:35 -0500] "POST /forms/lservlet;jsessionid=ac16012b30d55dfceb6634fc4b35b638c9c5dc1f0b28.e3iSbxaKaheRe34Sa3yKbhiTahb0n6jAmljGr5XDqQLvpAe HTTP/1.1" 200 2
190.84.123.138 - - [07/Dec/2014:17:25:35 -0500] "GET /forest/actions/forms.getList?codForm=RevisarDocumento&id=Fun_firmar&text=m HTTP/1.1" 200 1269
190.84.123.138 - - [07/Dec/2014:17:25:36 -0500] "GET /forest/actions/forms.getList?codForm=RevisarDocumento&id=Fun_firmar&text=ma HTTP/1.1" 200 1249
190.84.123.138 - - [07/Dec/2014:17:25:36 -0500] "GET /forest/actions/forms.getList?codForm=RevisarDocumento&id=Fun_firmar&text=man HTTP/1.1" 200 1292
190.84.123.138 - - [07/Dec/2014:17:25:36 -0500] "GET /forest/actions/forms.getList?codForm=RevisarDocumento&id=Fun_firmar&text=manr HTTP/1.1" 200 71
190.84.123.138 - - [07/Dec/2014:17:25:36 -0500] "GET /forest/actions/forms.getList?codForm=RevisarDocumento&id=Fun_firmar&text=manri HTTP/1.1" 200 71
190.84.123.138 - - [07/Dec/2014:17:25:36 -0500] "GET /forest/actions/forms.getList?codForm=RevisarDocumento&id=Fun_firmar&text=manriq HTTP/1.1" 200 71
190.84.123.138 - - [07/Dec/2014:17:25:36 -0500] "GET /forest/actions/forms.getList?codForm=RevisarDocumento&id=Fun_firmar&text=manriqu HTTP/1.1" 200 71
190.84.123.138 - - [07/Dec/2014:17:25:36 -0500] "GET /forest/actions/forms.getList?codForm=RevisarDocumento&id=Fun_firmar&text=manriquj HTTP/1.1" 200 2
190.84.123.138 - - [07/Dec/2014:17:25:37 -0500] "GET /forest/actions/forms.getList?codForm=RevisarDocumento&id=Fun_firmar&text=manriqu HTTP/1.1" 200 71
190.84.123.138 - - [07/Dec/2014:17:25:38 -0500] "GET /forest/actions/forms.getList?codForm=RevisarDocumento&id=Fun_firmar&text=manrique HTTP/1.1" 200 71
188.165.15.192 - - [07/Dec/2014:17:25:42 -0500] "GET /BLA/resoluciones/RESOLUCIONES%202003/RES%202003%20001-050/2003RES19.tif HTTP/1.1" 200 70136
200.119.92.179 - - [07/Dec/2014:17:25:44 -0500] "GET /BLA/resoluciones/RESOLUCIONES%202011/5794.pdf HTTP/1.1" 200 495227
200.119.92.179 - - [07/Dec/2014:17:25:44 -0500] "GET /BLA/resoluciones/RESOLUCIONES%202011/5794.pdf HTTP/1.1" 206 32768
181.133.70.199 - - [07/Dec/2014:17:25:45 -0500] "GET /BLA/boletinlegal/js/jquery.scrollTo-min.js HTTP/1.1" 200 1150
181.133.70.199 - - [07/Dec/2014:17:25:45 -0500] "GET /BLA/boletinlegal/js/jquery.scrollShow.js HTTP/1.1" 200 4586
181.133.70.199 - - [07/Dec/2014:17:25:45 -0500] "GET /BLA/boletinlegal/js/jquery.js HTTP/1.1" 200 57254
200.119.92.179 - - [07/Dec/2014:17:25:45 -0500] "GET /BLA/resoluciones/RESOLUCIONES%202011/5794.pdf HTTP/1.1" 206 462459
181.133.70.199 - - [07/Dec/2014:17:25:45 -0500] "GET /galeria/carrusel/Carrusel/jquery.thumbnailScroller.css HTTP/1.1" 200 2066
181.133.70.199 - - [07/Dec/2014:17:25:45 -0500] "GET /galeria/carrusel/Carrusel/jquery-ui-1.8.13.custom.min.js HTTP/1.1" 200 10800
181.133.70.199 - - [07/Dec/2014:17:25:45 -0500] "GET /galeria/carrusel/Carrusel/jquery.thumbnailScroller.js HTTP/1.1" 200 8157
200.119.92.179 - - [07/Dec/2014:17:25:47 -0500] "GET /favicon.ico HTTP/1.1" 200 7782
190.84.123.138 - - [07/Dec/2014:17:25:46 -0500] "POST /forest/usutareas.do? HTTP/1.1" 200 76
181.133.70.199 - - [07/Dec/2014:17:25:53 -0500] "GET /galeria/nivo-slider/demo/demo.html HTTP/1.1" 200 3572
181.133.70.199 - - [07/Dec/2014:17:25:55 -0500] "GET /galeria/nivo-slider/themes/default/default.css HTTP/1.1" 200 1569
181.133.70.199 - - [07/Dec/2014:17:25:55 -0500] "GET /galeria/nivo-slider/themes/pascal/pascal.css HTTP/1.1" 200 2258
181.133.70.199 - - [07/Dec/2014:17:25:55 -0500] "GET /galeria/nivo-slider/themes/orman/orman.css HTTP/1.1" 200 2152
181.133.70.199 - - [07/Dec/2014:17:25:55 -0500] "GET /galeria/nivo-slider/demo/style.css HTTP/1.1" 200 2222
181.133.70.199 - - [07/Dec/2014:17:25:55 -0500] "GET /galeria/nivo-slider/demo/images/banner-musgo.jpg HTTP/1.1" 200 49513
181.133.70.199 - - [07/Dec/2014:17:25:55 -0500] "GET /galeria/nivo-slider/demo/images/RdaNegociosFiltros.jpg HTTP/1.1" 200 77155
181.133.70.199 - - [07/Dec/2014:17:25:56 -0500] "GET /galeria/nivo-slider/nivo-slider.css HTTP/1.1" 200 1507
181.133.70.199 - - [07/Dec/2014:17:25:56 -0500] "GET /galeria/nivo-slider/demo/images/Jornada-adopcion.jpg HTTP/1.1" 200 79705
181.133.70.199 - - [07/Dec/2014:17:25:56 -0500] "GET /galeria/nivo-slider/demo/images/BogotaSostenible.jpg HTTP/1.1" 200 206863
181.133.70.199 - - [07/Dec/2014:17:25:56 -0500] "GET /galeria/nivo-slider/demo/images/Banner-GAE3.jpg HTTP/1.1" 200 146354
181.133.70.199 - - [07/Dec/2014:17:25:56 -0500] "GET /galeria/nivo-slider/demo/images/Banner-comparendo.jpg HTTP/1.1" 200 388762
181.133.70.199 - - [07/Dec/2014:17:25:56 -0500] "GET /galeria/nivo-slider/demo/images/Biotaxis-Man.jpg HTTP/1.1" 200 99362
181.133.70.199 - - [07/Dec/2014:17:25:56 -0500] "GET /galeria/nivo-slider/demo/images/porloshumedales.jpg HTTP/1.1" 200 351238
181.133.70.199 - - [07/Dec/2014:17:25:56 -0500] "GET /galeria/nivo-slider/demo/images/Tingua-azul.jpg HTTP/1.1" 200 307638
190.84.123.138 - - [07/Dec/2014:17:25:57 -0500] "GET /forest/usutareas.do?group_system_actual=3&a=0.2323038976173848 HTTP/1.1" 200 19234
181.133.70.199 - - [07/Dec/2014:17:25:57 -0500] "GET /galeria/nivo-slider/demo/images/Banner-Caracol-Africano.jpg HTTP/1.1" 200 331986
190.84.123.138 - - [07/Dec/2014:17:25:58 -0500] "GET /forest/session.jsp?a=0.8061565684620291 HTTP/1.1" 200 4
181.133.70.199 - - [07/Dec/2014:17:25:59 -0500] "GET /galeria/nivo-slider/demo/images/banner-redes.jpg HTTP/1.1" 200 62209
