181.137.141.2 - - [07/Dec/2014:13:54:16 -0500] "GET /StormSDA/userFiles/87.jar HTTP/1.1" 304 -
181.137.141.2 - - [07/Dec/2014:13:54:16 -0500] "GET /StormSDA/userFiles/89.jar HTTP/1.1" 304 -
181.137.141.2 - - [07/Dec/2014:13:54:16 -0500] "GET /StormSDA/userFiles/90.jar HTTP/1.1" 304 -
181.137.141.2 - - [07/Dec/2014:13:54:16 -0500] "GET /StormSDA/userFiles/91.jar HTTP/1.1" 304 -
181.137.141.2 - - [07/Dec/2014:13:54:16 -0500] "GET /StormSDA/userFiles/93.jar HTTP/1.1" 304 -
181.137.141.2 - - [07/Dec/2014:13:54:16 -0500] "GET /StormSDA/userFiles/92.jar HTTP/1.1" 304 -
181.137.141.2 - - [07/Dec/2014:13:54:16 -0500] "GET /StormSDA/user.jpg HTTP/1.1" 304 -
181.137.141.2 - - [07/Dec/2014:13:54:16 -0500] "GET /StormSDA/userFiles/94.jar HTTP/1.1" 304 -
181.137.141.2 - - [07/Dec/2014:13:54:16 -0500] "GET /StormSDA/userFiles/95.jar HTTP/1.1" 304 -
181.137.141.2 - - [07/Dec/2014:13:54:16 -0500] "GET /StormSDA/userFiles/96.jar HTTP/1.1" 304 -
181.137.141.2 - - [07/Dec/2014:13:54:16 -0500] "GET /StormSDA/userFiles/97.jar HTTP/1.1" 304 -
181.137.141.2 - - [07/Dec/2014:13:54:16 -0500] "GET /StormSDA/userFiles/98.jar HTTP/1.1" 304 -
181.137.141.2 - - [07/Dec/2014:13:54:16 -0500] "GET /StormSDA/userFiles/basicos.jar HTTP/1.1" 304 -
181.137.141.2 - - [07/Dec/2014:13:54:16 -0500] "GET /StormSDA/lib/AbsoluteLayout.jar HTTP/1.1" 304 -
181.137.141.2 - - [07/Dec/2014:13:54:16 -0500] "GET /StormSDA/lib/jaxen-core.jar HTTP/1.1" 304 -
181.137.141.2 - - [07/Dec/2014:13:54:16 -0500] "GET /StormSDA/lib/helper.jar HTTP/1.1" 304 -
181.137.141.2 - - [07/Dec/2014:13:54:16 -0500] "GET /StormSDA/lib/jaxen-jdom.jar HTTP/1.1" 304 -
181.137.141.2 - - [07/Dec/2014:13:54:16 -0500] "GET /StormSDA/lib/jdom.jar HTTP/1.1" 304 -
181.137.141.2 - - [07/Dec/2014:13:54:16 -0500] "GET /StormSDA/lib/jh.jar HTTP/1.1" 304 -
181.137.141.2 - - [07/Dec/2014:13:54:16 -0500] "GET /StormSDA/lib/jep-2.4.0.jar HTTP/1.1" 304 -
181.137.141.2 - - [07/Dec/2014:13:54:16 -0500] "GET /StormSDA/lib/swing-layout-1.0.2.jar HTTP/1.1" 304 -
181.137.141.2 - - [07/Dec/2014:13:54:16 -0500] "GET /StormSDA/lib/saxpath.jar HTTP/1.1" 304 -
181.137.141.2 - - [07/Dec/2014:13:54:16 -0500] "GET /StormSDA/lib/swing-worker.jar HTTP/1.1" 304 -
181.137.141.2 - - [07/Dec/2014:13:54:16 -0500] "GET /StormSDA/lib/jnlp.jar HTTP/1.1" 304 -
181.137.141.2 - - [07/Dec/2014:13:54:16 -0500] "GET /StormSDA/lib/json.jar HTTP/1.1" 304 -
181.137.141.2 - - [07/Dec/2014:13:54:16 -0500] "GET /StormSDA/nsjars/appframework-1.0.jar HTTP/1.1" 304 -
181.137.141.2 - - [07/Dec/2014:13:54:16 -0500] "GET /StormSDA/nsjars/log4j-1.2.11.jar HTTP/1.1" 304 -
181.137.141.2 - - [07/Dec/2014:13:54:16 -0500] "GET /StormSDA/nsjars/derby.jar HTTP/1.1" 304 -
181.137.141.2 - - [07/Dec/2014:13:54:16 -0500] "GET /StormSDA/nsjars/poi-2.0.jar HTTP/1.1" 304 -
181.137.141.2 - - [07/Dec/2014:13:54:16 -0500] "GET /StormSDA/nsjars/commons-httpclient-3.1.jar HTTP/1.1" 304 -
181.137.141.2 - - [07/Dec/2014:13:54:16 -0500] "GET /StormSDA/nsjars/commons-codec-1.4.jar HTTP/1.1" 304 -
181.137.141.2 - - [07/Dec/2014:13:54:16 -0500] "GET /StormSDA/nsjars/commons-logging.jar HTTP/1.1" 304 -
181.137.141.2 - - [07/Dec/2014:13:54:16 -0500] "GET /StormSDA/nsjars/ShaUtil.jar HTTP/1.1" 304 -
181.137.141.2 - - [07/Dec/2014:13:54:16 -0500] "GET /StormSDA/nsjars/LoadInf.jar HTTP/1.1" 304 -
188.165.15.233 - - [07/Dec/2014:13:54:18 -0500] "GET /BLA/resoluciones/RESOLUCIONES%202006/RES%202006%202751-2800/00002772.tif HTTP/1.1" 200 93072
180.76.5.62 - - [07/Dec/2014:13:54:29 -0500] "GET /BLA/resoluciones/RESOLUCIONES%202009/8886.pdf HTTP/1.1" 200 327881
186.84.50.43 - - [07/Dec/2014:13:54:39 -0500] "POST /forms/lservlet;jsessionid=ac16012b30d57908af430775410a9a859d7a4e2aeca6.e3iSbxaKaheRe34Sa3yKbhiTahb0n6jAmljGr5XDqQLvpAe HTTP/1.1" 200 2
181.50.241.109 - - [07/Dec/2014:13:54:49 -0500] "POST /forms/lservlet;jsessionid=ac16012b30d564bebcb3999c4f529600eb7d36f9f38a.e3iSbxaKaheRe34Sa3yKbhiTahb0n6jAmljGr5XDqQLvpAe HTTP/1.1" 200 2
179.32.189.154 - - [07/Dec/2014:13:55:18 -0500] "GET /galeria/carrusel/Carrusel/jquery.thumbnailScroller.css HTTP/1.1" 200 2066
179.32.189.154 - - [07/Dec/2014:13:55:18 -0500] "GET /BLA/boletinlegal/js/jquery.js HTTP/1.1" 200 57254
179.32.189.154 - - [07/Dec/2014:13:55:18 -0500] "GET /BLA/boletinlegal/js/jquery.scrollTo-min.js HTTP/1.1" 200 1150
179.32.189.154 - - [07/Dec/2014:13:55:18 -0500] "GET /BLA/boletinlegal/js/jquery.scrollShow.js HTTP/1.1" 200 4586
179.32.189.154 - - [07/Dec/2014:13:55:18 -0500] "GET /galeria/carrusel/Carrusel/jquery-ui-1.8.13.custom.min.js HTTP/1.1" 200 10800
179.32.189.154 - - [07/Dec/2014:13:55:18 -0500] "GET /galeria/carrusel/Carrusel/jquery.thumbnailScroller.js HTTP/1.1" 200 8157
188.165.15.204 - - [07/Dec/2014:13:55:55 -0500] "GET /BLA/resoluciones/RESOLUCIONES%202005/RES%202005%20951-1000/00000970.tif HTTP/1.1" 200 103316
180.76.5.196 - - [07/Dec/2014:13:56:15 -0500] "GET /BLA/resoluciones/RESOLUCIONES%202009/4770.pdf HTTP/1.1" 200 691300
181.137.141.2 - - [07/Dec/2014:13:56:31 -0500] "POST /stormWeb/login.do HTTP/1.1" 200 12120
186.84.50.43 - - [07/Dec/2014:13:56:40 -0500] "POST /forms/lservlet;jsessionid=ac16012b30d57908af430775410a9a859d7a4e2aeca6.e3iSbxaKaheRe34Sa3yKbhiTahb0n6jAmljGr5XDqQLvpAe HTTP/1.1" 200 2
181.137.141.2 - - [07/Dec/2014:13:56:40 -0500] "GET /stormWeb/ HTTP/1.1" 200 12048
181.54.49.50 - - [07/Dec/2014:13:56:45 -0500] "GET /forest/session.jsp?a=0.44582433463074267 HTTP/1.1" 200 4
181.50.241.109 - - [07/Dec/2014:13:56:49 -0500] "POST /forms/lservlet;jsessionid=ac16012b30d564bebcb3999c4f529600eb7d36f9f38a.e3iSbxaKaheRe34Sa3yKbhiTahb0n6jAmljGr5XDqQLvpAe HTTP/1.1" 200 2
181.137.141.2 - - [07/Dec/2014:13:56:50 -0500] "POST /stormWeb/login.do HTTP/1.1" 200 12119
180.76.6.131 - - [07/Dec/2014:13:57:00 -0500] "GET /BLA/resoluciones/RESOLUCIONES%202012/1105.pdf HTTP/1.1" 200 1641891
188.165.15.162 - - [07/Dec/2014:13:57:02 -0500] "GET /BLA/resoluciones/RESOLUCIONES%202005/RES%202005%203101-3150/00003105.tif HTTP/1.1" 200 132636
181.137.141.2 - - [07/Dec/2014:13:57:06 -0500] "POST /stormWeb/login.do HTTP/1.1" 200 12119
180.76.5.59 - - [07/Dec/2014:13:57:23 -0500] "GET /BLA/resoluciones/AUTOS%202013/0108.pdf HTTP/1.1" 200 1468044
66.249.67.67 - - [07/Dec/2014:13:57:36 -0500] "GET /BLA/resoluciones/RESOLUCIONES%202007/RES%202007%201301%20AL%201400/RESOLUCION%201357%20DE%202007.pdf HTTP/1.1" 200 188970
89.188.144.9 - - [07/Dec/2014:13:58:02 -0500] "GET /wp-admin/ HTTP/1.1" 404 1018
181.137.141.2 - - [07/Dec/2014:13:58:06 -0500] "POST /stormWeb/login.do HTTP/1.1" 200 12119
74.86.158.107 - - [07/Dec/2014:13:58:12 -0500] "HEAD / HTTP/1.1" 302 -
181.137.141.2 - - [07/Dec/2014:13:58:30 -0500] "POST /stormWeb/login.do HTTP/1.1" 200 12119
180.76.6.155 - - [07/Dec/2014:13:58:34 -0500] "GET /BLA/resoluciones/RESOLUCIONES%202008/1512.pdf HTTP/1.1" 200 518690
186.84.50.43 - - [07/Dec/2014:13:58:40 -0500] "POST /forms/lservlet;jsessionid=ac16012b30d57908af430775410a9a859d7a4e2aeca6.e3iSbxaKaheRe34Sa3yKbhiTahb0n6jAmljGr5XDqQLvpAe HTTP/1.1" 200 2
180.76.5.194 - - [07/Dec/2014:13:58:41 -0500] "GET /BLA/resoluciones/RESOLUCIONES%202013/2728.pdf HTTP/1.1" 200 721549
180.76.6.44 - - [07/Dec/2014:13:58:42 -0500] "GET /resoluciones/RESOLUCIONES%202007/RES%202007%203001%20AL%203100/RESOLUCION%203015%20DE%202007.pdf HTTP/1.1" 404 1018
181.137.141.2 - - [07/Dec/2014:13:58:45 -0500] "POST /stormWeb/login.do HTTP/1.1" 200 12120
181.137.141.2 - - [07/Dec/2014:13:58:46 -0500] "POST /stormWeb/login.do HTTP/1.1" 200 12120
181.137.141.2 - - [07/Dec/2014:13:58:48 -0500] "POST /stormWeb/login.do HTTP/1.1" 200 12120
181.137.141.2 - - [07/Dec/2014:13:58:48 -0500] "POST /stormWeb/login.do HTTP/1.1" 200 12120
181.50.241.109 - - [07/Dec/2014:13:58:49 -0500] "POST /forms/lservlet;jsessionid=ac16012b30d564bebcb3999c4f529600eb7d36f9f38a.e3iSbxaKaheRe34Sa3yKbhiTahb0n6jAmljGr5XDqQLvpAe HTTP/1.1" 200 2
66.249.67.75 - - [07/Dec/2014:13:59:25 -0500] "GET /BLA/resoluciones/RESOLUCIONES%202009/1718.pdf HTTP/1.1" 304 -
180.76.5.77 - - [07/Dec/2014:13:59:37 -0500] "GET /BLA/resoluciones/RESOLUCIONES%202010/2558.pdf HTTP/1.1" 200 532827
181.137.141.2 - - [07/Dec/2014:13:59:54 -0500] "GET /StormSDA/user.jnlp HTTP/1.1" 200 1420
181.137.141.2 - - [07/Dec/2014:13:59:59 -0500] "GET /StormSDA/userFiles/user_files.jnlp HTTP/1.1" 304 -
181.137.141.2 - - [07/Dec/2014:13:59:59 -0500] "GET /StormSDA/lib/lib.jnlp HTTP/1.1" 304 -
181.137.141.2 - - [07/Dec/2014:13:59:59 -0500] "GET /StormSDA/nsjars/nsjars.jnlp HTTP/1.1" 304 -
181.137.141.2 - - [07/Dec/2014:13:59:59 -0500] "GET /StormSDA/StormUser21.jar HTTP/1.1" 304 -
181.137.141.2 - - [07/Dec/2014:13:59:59 -0500] "GET /StormSDA/storm/Utils.jar HTTP/1.1" 304 -
181.137.141.2 - - [07/Dec/2014:13:59:59 -0500] "GET /StormSDA/storm/userHelp.jar HTTP/1.1" 304 -
181.137.141.2 - - [07/Dec/2014:13:59:59 -0500] "GET /StormSDA/storm/XMLFormula.jar HTTP/1.1" 304 -
181.137.141.2 - - [07/Dec/2014:13:59:59 -0500] "GET /StormSDA/storm/StormUser.jar HTTP/1.1" 304 -
181.137.141.2 - - [07/Dec/2014:13:59:59 -0500] "GET /StormSDA/storm/STORMFormula.jar HTTP/1.1" 304 -
181.137.141.2 - - [07/Dec/2014:13:59:59 -0500] "GET /StormSDA/storm/STORMParser.jar HTTP/1.1" 304 -
181.137.141.2 - - [07/Dec/2014:13:59:59 -0500] "GET /StormSDA/storm/stormNewServer.jar HTTP/1.1" 304 -
181.137.141.2 - - [07/Dec/2014:13:59:59 -0500] "GET /StormSDA/storm/EnviosPlugin.jar HTTP/1.1" 304 -
181.137.141.2 - - [07/Dec/2014:13:59:59 -0500] "GET /StormSDA/storm/Matriz.jar HTTP/1.1" 304 -
181.137.141.2 - - [07/Dec/2014:13:59:59 -0500] "GET /StormSDA/storm/version.jar HTTP/1.1" 304 -
181.137.141.2 - - [07/Dec/2014:13:59:59 -0500] "GET /StormSDA/storm/HTTPClient.jar HTTP/1.1" 304 -
181.137.141.2 - - [07/Dec/2014:13:59:59 -0500] "GET /StormSDA/userFiles/1.jar HTTP/1.1" 304 -
181.137.141.2 - - [07/Dec/2014:13:59:59 -0500] "GET /StormSDA/userFiles/86.jar HTTP/1.1" 304 -
181.137.141.2 - - [07/Dec/2014:13:59:59 -0500] "GET /StormSDA/userFiles/85.jar HTTP/1.1" 304 -
181.137.141.2 - - [07/Dec/2014:13:59:59 -0500] "GET /StormSDA/userFiles/87.jar HTTP/1.1" 304 -
181.137.141.2 - - [07/Dec/2014:13:59:59 -0500] "GET /StormSDA/userFiles/88.jar HTTP/1.1" 304 -
181.137.141.2 - - [07/Dec/2014:13:59:59 -0500] "GET /StormSDA/userFiles/89.jar HTTP/1.1" 304 -
181.137.141.2 - - [07/Dec/2014:13:59:59 -0500] "GET /StormSDA/userFiles/90.jar HTTP/1.1" 304 -
181.137.141.2 - - [07/Dec/2014:13:59:59 -0500] "GET /StormSDA/userFiles/91.jar HTTP/1.1" 304 -
181.137.141.2 - - [07/Dec/2014:13:59:59 -0500] "GET /StormSDA/userFiles/92.jar HTTP/1.1" 304 -
181.137.141.2 - - [07/Dec/2014:13:59:59 -0500] "GET /StormSDA/userFiles/95.jar HTTP/1.1" 304 -
181.137.141.2 - - [07/Dec/2014:13:59:59 -0500] "GET /StormSDA/user.jpg HTTP/1.1" 304 -
181.137.141.2 - - [07/Dec/2014:13:59:59 -0500] "GET /StormSDA/userFiles/93.jar HTTP/1.1" 304 -
181.137.141.2 - - [07/Dec/2014:13:59:59 -0500] "GET /StormSDA/userFiles/94.jar HTTP/1.1" 304 -
181.137.141.2 - - [07/Dec/2014:13:59:59 -0500] "GET /StormSDA/userFiles/96.jar HTTP/1.1" 304 -
181.137.141.2 - - [07/Dec/2014:13:59:59 -0500] "GET /StormSDA/userFiles/97.jar HTTP/1.1" 304 -
181.137.141.2 - - [07/Dec/2014:13:59:59 -0500] "GET /StormSDA/userFiles/98.jar HTTP/1.1" 304 -
181.137.141.2 - - [07/Dec/2014:13:59:59 -0500] "GET /StormSDA/userFiles/basicos.jar HTTP/1.1" 304 -
181.137.141.2 - - [07/Dec/2014:13:59:59 -0500] "GET /StormSDA/lib/AbsoluteLayout.jar HTTP/1.1" 304 -
181.137.141.2 - - [07/Dec/2014:13:59:59 -0500] "GET /StormSDA/lib/helper.jar HTTP/1.1" 304 -
181.137.141.2 - - [07/Dec/2014:13:59:59 -0500] "GET /StormSDA/lib/jaxen-core.jar HTTP/1.1" 304 -
181.137.141.2 - - [07/Dec/2014:13:59:59 -0500] "GET /StormSDA/lib/jaxen-jdom.jar HTTP/1.1" 304 -
181.137.141.2 - - [07/Dec/2014:13:59:59 -0500] "GET /StormSDA/lib/jdom.jar HTTP/1.1" 304 -
181.137.141.2 - - [07/Dec/2014:13:59:59 -0500] "GET /StormSDA/lib/saxpath.jar HTTP/1.1" 304 -
181.137.141.2 - - [07/Dec/2014:13:59:59 -0500] "GET /StormSDA/lib/jep-2.4.0.jar HTTP/1.1" 304 -
181.137.141.2 - - [07/Dec/2014:13:59:59 -0500] "GET /StormSDA/lib/jh.jar HTTP/1.1" 304 -
181.137.141.2 - - [07/Dec/2014:13:59:59 -0500] "GET /StormSDA/lib/swing-layout-1.0.2.jar HTTP/1.1" 304 -
181.137.141.2 - - [07/Dec/2014:13:59:59 -0500] "GET /StormSDA/lib/swing-worker.jar HTTP/1.1" 304 -
181.137.141.2 - - [07/Dec/2014:13:59:59 -0500] "GET /StormSDA/lib/jnlp.jar HTTP/1.1" 304 -
181.137.141.2 - - [07/Dec/2014:13:59:59 -0500] "GET /StormSDA/lib/json.jar HTTP/1.1" 304 -
181.137.141.2 - - [07/Dec/2014:13:59:59 -0500] "GET /StormSDA/nsjars/appframework-1.0.jar HTTP/1.1" 304 -
181.137.141.2 - - [07/Dec/2014:13:59:59 -0500] "GET /StormSDA/nsjars/derby.jar HTTP/1.1" 304 -
181.137.141.2 - - [07/Dec/2014:13:59:59 -0500] "GET /StormSDA/nsjars/poi-2.0.jar HTTP/1.1" 304 -
181.137.141.2 - - [07/Dec/2014:13:59:59 -0500] "GET /StormSDA/nsjars/log4j-1.2.11.jar HTTP/1.1" 304 -
181.137.141.2 - - [07/Dec/2014:13:59:59 -0500] "GET /StormSDA/nsjars/commons-httpclient-3.1.jar HTTP/1.1" 304 -
181.137.141.2 - - [07/Dec/2014:13:59:59 -0500] "GET /StormSDA/nsjars/commons-codec-1.4.jar HTTP/1.1" 304 -
181.137.141.2 - - [07/Dec/2014:13:59:59 -0500] "GET /StormSDA/nsjars/ShaUtil.jar HTTP/1.1" 304 -
181.137.141.2 - - [07/Dec/2014:13:59:59 -0500] "GET /StormSDA/nsjars/commons-logging.jar HTTP/1.1" 304 -
181.137.141.2 - - [07/Dec/2014:13:59:59 -0500] "GET /StormSDA/nsjars/LoadInf.jar HTTP/1.1" 304 -
181.137.141.2 - - [07/Dec/2014:14:00:07 -0500] "GET /StormSDA/user.jnlp HTTP/1.1" 200 1420
181.137.141.2 - - [07/Dec/2014:14:00:11 -0500] "GET /StormSDA/userFiles/user_files.jnlp HTTP/1.1" 304 -
181.137.141.2 - - [07/Dec/2014:14:00:11 -0500] "GET /StormSDA/lib/lib.jnlp HTTP/1.1" 304 -
181.137.141.2 - - [07/Dec/2014:14:00:11 -0500] "GET /StormSDA/nsjars/nsjars.jnlp HTTP/1.1" 304 -
181.137.141.2 - - [07/Dec/2014:14:00:11 -0500] "GET /StormSDA/storm/userHelp.jar HTTP/1.1" 304 -
181.137.141.2 - - [07/Dec/2014:14:00:12 -0500] "GET /StormSDA/storm/XMLFormula.jar HTTP/1.1" 304 -
181.137.141.2 - - [07/Dec/2014:14:00:12 -0500] "GET /StormSDA/storm/Utils.jar HTTP/1.1" 304 -
181.137.141.2 - - [07/Dec/2014:14:00:12 -0500] "GET /StormSDA/StormUser21.jar HTTP/1.1" 304 -
181.137.141.2 - - [07/Dec/2014:14:00:12 -0500] "GET /StormSDA/storm/StormUser.jar HTTP/1.1" 304 -
181.137.141.2 - - [07/Dec/2014:14:00:12 -0500] "GET /StormSDA/storm/STORMFormula.jar HTTP/1.1" 304 -
181.137.141.2 - - [07/Dec/2014:14:00:12 -0500] "GET /StormSDA/storm/stormNewServer.jar HTTP/1.1" 304 -
181.137.141.2 - - [07/Dec/2014:14:00:12 -0500] "GET /StormSDA/storm/STORMParser.jar HTTP/1.1" 304 -
181.137.141.2 - - [07/Dec/2014:14:00:12 -0500] "GET /StormSDA/storm/EnviosPlugin.jar HTTP/1.1" 304 -
181.137.141.2 - - [07/Dec/2014:14:00:12 -0500] "GET /StormSDA/storm/HTTPClient.jar HTTP/1.1" 304 -
181.137.141.2 - - [07/Dec/2014:14:00:12 -0500] "GET /StormSDA/storm/Matriz.jar HTTP/1.1" 304 -
181.137.141.2 - - [07/Dec/2014:14:00:12 -0500] "GET /StormSDA/storm/version.jar HTTP/1.1" 304 -
181.137.141.2 - - [07/Dec/2014:14:00:12 -0500] "GET /StormSDA/userFiles/1.jar HTTP/1.1" 304 -
181.137.141.2 - - [07/Dec/2014:14:00:12 -0500] "GET /StormSDA/userFiles/86.jar HTTP/1.1" 304 -
181.137.141.2 - - [07/Dec/2014:14:00:12 -0500] "GET /StormSDA/userFiles/85.jar HTTP/1.1" 304 -
181.137.141.2 - - [07/Dec/2014:14:00:12 -0500] "GET /StormSDA/userFiles/87.jar HTTP/1.1" 304 -
181.137.141.2 - - [07/Dec/2014:14:00:12 -0500] "GET /StormSDA/userFiles/88.jar HTTP/1.1" 304 -
181.137.141.2 - - [07/Dec/2014:14:00:12 -0500] "GET /StormSDA/userFiles/90.jar HTTP/1.1" 304 -
181.137.141.2 - - [07/Dec/2014:14:00:12 -0500] "GET /StormSDA/userFiles/89.jar HTTP/1.1" 304 -
181.137.141.2 - - [07/Dec/2014:14:00:12 -0500] "GET /StormSDA/userFiles/91.jar HTTP/1.1" 304 -
181.137.141.2 - - [07/Dec/2014:14:00:12 -0500] "GET /StormSDA/userFiles/92.jar HTTP/1.1" 304 -
181.137.141.2 - - [07/Dec/2014:14:00:12 -0500] "GET /StormSDA/userFiles/93.jar HTTP/1.1" 304 -
181.137.141.2 - - [07/Dec/2014:14:00:12 -0500] "GET /StormSDA/userFiles/94.jar HTTP/1.1" 304 -
181.137.141.2 - - [07/Dec/2014:14:00:12 -0500] "GET /StormSDA/userFiles/95.jar HTTP/1.1" 304 -
181.137.141.2 - - [07/Dec/2014:14:00:12 -0500] "GET /StormSDA/user.jpg HTTP/1.1" 304 -
181.137.141.2 - - [07/Dec/2014:14:00:12 -0500] "GET /StormSDA/userFiles/96.jar HTTP/1.1" 304 -
181.137.141.2 - - [07/Dec/2014:14:00:12 -0500] "GET /StormSDA/userFiles/98.jar HTTP/1.1" 304 -
181.137.141.2 - - [07/Dec/2014:14:00:12 -0500] "GET /StormSDA/userFiles/97.jar HTTP/1.1" 304 -
181.137.141.2 - - [07/Dec/2014:14:00:12 -0500] "GET /StormSDA/lib/AbsoluteLayout.jar HTTP/1.1" 304 -
181.137.141.2 - - [07/Dec/2014:14:00:12 -0500] "GET /StormSDA/userFiles/basicos.jar HTTP/1.1" 304 -
181.137.141.2 - - [07/Dec/2014:14:00:12 -0500] "GET /StormSDA/lib/helper.jar HTTP/1.1" 304 -
181.137.141.2 - - [07/Dec/2014:14:00:12 -0500] "GET /StormSDA/lib/jaxen-core.jar HTTP/1.1" 304 -
181.137.141.2 - - [07/Dec/2014:14:00:12 -0500] "GET /StormSDA/lib/jaxen-jdom.jar HTTP/1.1" 304 -
181.137.141.2 - - [07/Dec/2014:14:00:12 -0500] "GET /StormSDA/lib/jdom.jar HTTP/1.1" 304 -
181.137.141.2 - - [07/Dec/2014:14:00:12 -0500] "GET /StormSDA/lib/jep-2.4.0.jar HTTP/1.1" 304 -
181.137.141.2 - - [07/Dec/2014:14:00:12 -0500] "GET /StormSDA/lib/swing-layout-1.0.2.jar HTTP/1.1" 304 -
181.137.141.2 - - [07/Dec/2014:14:00:12 -0500] "GET /StormSDA/lib/saxpath.jar HTTP/1.1" 304 -
181.137.141.2 - - [07/Dec/2014:14:00:12 -0500] "GET /StormSDA/lib/jh.jar HTTP/1.1" 304 -
181.137.141.2 - - [07/Dec/2014:14:00:12 -0500] "GET /StormSDA/lib/swing-worker.jar HTTP/1.1" 304 -
181.137.141.2 - - [07/Dec/2014:14:00:12 -0500] "GET /StormSDA/nsjars/appframework-1.0.jar HTTP/1.1" 304 -
181.137.141.2 - - [07/Dec/2014:14:00:12 -0500] "GET /StormSDA/lib/json.jar HTTP/1.1" 304 -
181.137.141.2 - - [07/Dec/2014:14:00:12 -0500] "GET /StormSDA/lib/jnlp.jar HTTP/1.1" 304 -
181.137.141.2 - - [07/Dec/2014:14:00:12 -0500] "GET /StormSDA/nsjars/log4j-1.2.11.jar HTTP/1.1" 304 -
181.137.141.2 - - [07/Dec/2014:14:00:12 -0500] "GET /StormSDA/nsjars/poi-2.0.jar HTTP/1.1" 304 -
181.137.141.2 - - [07/Dec/2014:14:00:12 -0500] "GET /StormSDA/nsjars/derby.jar HTTP/1.1" 304 -
181.137.141.2 - - [07/Dec/2014:14:00:12 -0500] "GET /StormSDA/nsjars/commons-httpclient-3.1.jar HTTP/1.1" 304 -
181.137.141.2 - - [07/Dec/2014:14:00:12 -0500] "GET /StormSDA/nsjars/commons-codec-1.4.jar HTTP/1.1" 304 -
181.137.141.2 - - [07/Dec/2014:14:00:12 -0500] "GET /StormSDA/nsjars/commons-logging.jar HTTP/1.1" 304 -
181.137.141.2 - - [07/Dec/2014:14:00:12 -0500] "GET /StormSDA/nsjars/ShaUtil.jar HTTP/1.1" 304 -
181.137.141.2 - - [07/Dec/2014:14:00:12 -0500] "GET /StormSDA/nsjars/LoadInf.jar HTTP/1.1" 304 -
66.249.67.83 - - [07/Dec/2014:14:00:20 -0500] "GET /BLA/resoluciones/RESOLUCIONES%202002/RES%202002%20451-500/00000470.tif HTTP/1.1" 200 212376
188.165.15.233 - - [07/Dec/2014:14:00:23 -0500] "GET /BLA/resoluciones/index.php?dir=RESOLUCIONES%202003/RES%202003%201751-1800/&sort=size&order=desc HTTP/1.1" 200 12150
186.84.50.43 - - [07/Dec/2014:14:00:40 -0500] "POST /forms/lservlet;jsessionid=ac16012b30d57908af430775410a9a859d7a4e2aeca6.e3iSbxaKaheRe34Sa3yKbhiTahb0n6jAmljGr5XDqQLvpAe HTTP/1.1" 200 2
181.50.241.109 - - [07/Dec/2014:14:00:49 -0500] "POST /forms/lservlet;jsessionid=ac16012b30d564bebcb3999c4f529600eb7d36f9f38a.e3iSbxaKaheRe34Sa3yKbhiTahb0n6jAmljGr5XDqQLvpAe HTTP/1.1" 200 2
188.165.15.204 - - [07/Dec/2014:14:01:12 -0500] "GET /BLA/resoluciones/RESOLUCIONES%202003/RES%202003%202151-2189/20032169.tif HTTP/1.1" 200 189702
66.249.67.83 - - [07/Dec/2014:14:02:33 -0500] "GET /BLA/resoluciones/AUTOS%202014/1034.pdf HTTP/1.1" 304 -
186.84.50.43 - - [07/Dec/2014:14:02:40 -0500] "POST /forms/lservlet;jsessionid=ac16012b30d57908af430775410a9a859d7a4e2aeca6.e3iSbxaKaheRe34Sa3yKbhiTahb0n6jAmljGr5XDqQLvpAe HTTP/1.1" 200 2
181.50.241.109 - - [07/Dec/2014:14:02:50 -0500] "POST /forms/lservlet;jsessionid=ac16012b30d564bebcb3999c4f529600eb7d36f9f38a.e3iSbxaKaheRe34Sa3yKbhiTahb0n6jAmljGr5XDqQLvpAe HTTP/1.1" 200 2
74.86.158.107 - - [07/Dec/2014:14:03:12 -0500] "HEAD / HTTP/1.1" 302 -
181.54.49.50 - - [07/Dec/2014:14:03:37 -0500] "GET /forest/session.jsp?a=0.6051403689198196 HTTP/1.1" 200 4
187.234.242.77 - - [07/Dec/2014:14:03:47 -0500] "GET /BLA/boletinlegal/js/jquery.scrollShow.js HTTP/1.1" 200 4586
187.234.242.77 - - [07/Dec/2014:14:03:47 -0500] "GET /BLA/boletinlegal/js/jquery.js HTTP/1.1" 200 57254
187.234.242.77 - - [07/Dec/2014:14:03:47 -0500] "GET /BLA/boletinlegal/js/jquery.scrollTo-min.js HTTP/1.1" 200 1150
186.84.50.43 - - [07/Dec/2014:14:04:40 -0500] "POST /forms/lservlet;jsessionid=ac16012b30d57908af430775410a9a859d7a4e2aeca6.e3iSbxaKaheRe34Sa3yKbhiTahb0n6jAmljGr5XDqQLvpAe HTTP/1.1" 200 2
66.249.67.67 - - [07/Dec/2014:14:04:47 -0500] "GET /BLA/resoluciones/AUTOS%202006/AUTOS%202006%201101-1200/00001136.tif HTTP/1.1" 200 83838
181.50.241.109 - - [07/Dec/2014:14:04:50 -0500] "POST /forms/lservlet;jsessionid=ac16012b30d564bebcb3999c4f529600eb7d36f9f38a.e3iSbxaKaheRe34Sa3yKbhiTahb0n6jAmljGr5XDqQLvpAe HTTP/1.1" 200 2
181.130.12.212 - - [07/Dec/2014:14:05:10 -0500] "GET /galeria/carrusel/Carrusel/jquery.thumbnailScroller.css HTTP/1.1" 200 2066
181.130.12.212 - - [07/Dec/2014:14:05:10 -0500] "GET /BLA/boletinlegal/js/jquery.js HTTP/1.1" 200 57254
181.130.12.212 - - [07/Dec/2014:14:05:10 -0500] "GET /BLA/boletinlegal/js/jquery.scrollTo-min.js HTTP/1.1" 200 1150
181.130.12.212 - - [07/Dec/2014:14:05:10 -0500] "GET /BLA/boletinlegal/js/jquery.scrollShow.js HTTP/1.1" 200 4586
181.130.12.212 - - [07/Dec/2014:14:05:10 -0500] "GET /galeria/carrusel/Carrusel/jquery-ui-1.8.13.custom.min.js HTTP/1.1" 200 10800
181.130.12.212 - - [07/Dec/2014:14:05:10 -0500] "GET /galeria/carrusel/Carrusel/jquery.thumbnailScroller.js HTTP/1.1" 200 8157
181.130.12.212 - - [07/Dec/2014:14:05:12 -0500] "GET /galeria/nivo-slider/demo/demo.html HTTP/1.1" 200 3572
181.130.12.212 - - [07/Dec/2014:14:05:12 -0500] "GET /galeria/nivo-slider/themes/orman/orman.css HTTP/1.1" 200 2152
181.130.12.212 - - [07/Dec/2014:14:05:12 -0500] "GET /galeria/nivo-slider/demo/scripts/jquery-1.7.1.min.js HTTP/1.1" 200 93868
181.130.12.212 - - [07/Dec/2014:14:05:12 -0500] "GET /galeria/nivo-slider/themes/pascal/pascal.css HTTP/1.1" 200 2258
181.130.12.212 - - [07/Dec/2014:14:05:12 -0500] "GET /galeria/nivo-slider/demo/style.css HTTP/1.1" 200 2222
181.130.12.212 - - [07/Dec/2014:14:05:12 -0500] "GET /galeria/nivo-slider/nivo-slider.css HTTP/1.1" 200 1507
181.130.12.212 - - [07/Dec/2014:14:05:12 -0500] "GET /galeria/nivo-slider/themes/default/default.css HTTP/1.1" 200 1569
181.130.12.212 - - [07/Dec/2014:14:05:13 -0500] "GET /galeria/nivo-slider/jquery.nivo.slider.pack.js HTTP/1.1" 200 11561
181.130.12.212 - - [07/Dec/2014:14:05:13 -0500] "GET /galeria/nivo-slider/themes/default/loading.gif HTTP/1.1" 200 1737
181.130.12.212 - - [07/Dec/2014:14:05:13 -0500] "GET /galeria/nivo-slider/demo/images/4Simple_Slider.png HTTP/1.1" 200 11722
181.130.12.212 - - [07/Dec/2014:14:05:14 -0500] "GET /galeria/nivo-slider/demo/images/banner-musgo.jpg HTTP/1.1" 200 49513
181.130.12.212 - - [07/Dec/2014:14:05:14 -0500] "GET /galeria/nivo-slider/demo/images/RdaNegociosFiltros.jpg HTTP/1.1" 200 77155
181.130.12.212 - - [07/Dec/2014:14:05:14 -0500] "GET /galeria/nivo-slider/demo/images/Jornada-adopcion.jpg HTTP/1.1" 200 79705
181.130.12.212 - - [07/Dec/2014:14:05:14 -0500] "GET /galeria/nivo-slider/demo/images/Banner-GAE3.jpg HTTP/1.1" 200 146354
181.130.12.212 - - [07/Dec/2014:14:05:14 -0500] "GET /galeria/nivo-slider/demo/images/BogotaSostenible.jpg HTTP/1.1" 200 206863
181.130.12.212 - - [07/Dec/2014:14:05:15 -0500] "GET /galeria/nivo-slider/demo/images/Banner-comparendo.jpg HTTP/1.1" 200 388762
181.130.12.212 - - [07/Dec/2014:14:05:15 -0500] "GET /galeria/nivo-slider/demo/images/Biotaxis-Man.jpg HTTP/1.1" 200 99362
181.130.12.212 - - [07/Dec/2014:14:05:15 -0500] "GET /galeria/nivo-slider/demo/images/porloshumedales.jpg HTTP/1.1" 200 351238
181.130.12.212 - - [07/Dec/2014:14:05:16 -0500] "GET /galeria/nivo-slider/demo/images/Tingua-azul.jpg HTTP/1.1" 200 307638
181.130.12.212 - - [07/Dec/2014:14:05:16 -0500] "GET /galeria/nivo-slider/demo/images/Banner-Caracol-Africano.jpg HTTP/1.1" 200 331986
181.130.12.212 - - [07/Dec/2014:14:05:17 -0500] "GET /galeria/nivo-slider/demo/images/banner-redes.jpg HTTP/1.1" 200 62209
181.130.12.212 - - [07/Dec/2014:14:05:17 -0500] "GET /galeria/nivo-slider/demo/images/9Signos.jpg HTTP/1.1" 200 93040
181.130.12.212 - - [07/Dec/2014:14:05:17 -0500] "GET /galeria/nivo-slider/demo/images/banner-caballos.png HTTP/1.1" 200 389106
181.130.12.212 - - [07/Dec/2014:14:05:17 -0500] "GET /galeria/nivo-slider/demo/images/Hacienda_Molinos.jpg HTTP/1.1" 200 319171
181.130.12.212 - - [07/Dec/2014:14:05:17 -0500] "GET /galeria/nivo-slider/demo/images/bannerEcolecta3.jpg HTTP/1.1" 200 280034
181.130.12.212 - - [07/Dec/2014:14:05:20 -0500] "GET /galeria/nivo-slider/themes/default/arrows.png HTTP/1.1" 200 824
181.130.12.212 - - [07/Dec/2014:14:05:20 -0500] "GET /galeria/nivo-slider/themes/default/bullets.png HTTP/1.1" 200 1281
181.130.12.212 - - [07/Dec/2014:14:05:20 -0500] "GET /videos/Spot_CambioClimatico.flv HTTP/1.1" 200 4371917
188.165.15.87 - - [07/Dec/2014:14:05:29 -0500] "GET /BLA/resoluciones/index.php?dir=RESOLUCIONES%202006/RES%202006%201851-1900/&sort=name&order=desc HTTP/1.1" 200 12363
181.113.167.249 - - [07/Dec/2014:14:05:33 -0500] "GET /BLA/boletinlegal/js/jquery.scrollShow.js HTTP/1.1" 200 4586
181.113.167.249 - - [07/Dec/2014:14:05:33 -0500] "GET /BLA/boletinlegal/js/jquery.scrollTo-min.js HTTP/1.1" 200 1150
181.113.167.249 - - [07/Dec/2014:14:05:33 -0500] "GET /BLA/boletinlegal/js/jquery.js HTTP/1.1" 200 57254
180.76.6.156 - - [07/Dec/2014:14:05:35 -0500] "GET /BLA/resoluciones/RESOLUCIONES%202010/0701.pdf HTTP/1.1" 200 105146
190.158.197.64 - - [07/Dec/2014:14:05:58 -0500] "GET /forest/session.jsp?a=0.5753598953597248 HTTP/1.1" 200 4
190.26.136.137 - - [07/Dec/2014:14:06:25 -0500] "GET /BLA/resoluciones/RESOLUCIONES%202007/RES%202007%201401%20AL%201500/RESOLUCION%201406%20DE%202007.pdf HTTP/1.1" 200 215936
188.165.15.98 - - [07/Dec/2014:14:06:31 -0500] "GET /BLA/resoluciones/RESOLUCIONES%202005/RES%202005%20251-300/00000292.tif HTTP/1.1" 200 124318
190.158.197.64 - - [07/Dec/2014:14:06:32 -0500] "GET /forest/usutareas.do?group_system_actual=3&codAct=908&numPro=2973623&codPro=95&fecTra=2014-12-07%2013:22:59.0&codInst=3008727&codTraEsc=17052325 HTTP/1.1" 200 12486
186.84.50.43 - - [07/Dec/2014:14:06:40 -0500] "POST /forms/lservlet;jsessionid=ac16012b30d57908af430775410a9a859d7a4e2aeca6.e3iSbxaKaheRe34Sa3yKbhiTahb0n6jAmljGr5XDqQLvpAe HTTP/1.1" 200 2
190.158.197.64 - - [07/Dec/2014:14:06:45 -0500] "POST /forest/login.do HTTP/1.1" 302 -
190.158.197.64 - - [07/Dec/2014:14:06:45 -0500] "GET /forest/index2.jsp?a=0.7977957677225147 HTTP/1.1" 200 121537
190.158.197.64 - - [07/Dec/2014:14:06:49 -0500] "GET /forest/session.jsp?a=0.044029191602021456 HTTP/1.1" 200 4
181.50.241.109 - - [07/Dec/2014:14:06:50 -0500] "POST /forms/lservlet;jsessionid=ac16012b30d564bebcb3999c4f529600eb7d36f9f38a.e3iSbxaKaheRe34Sa3yKbhiTahb0n6jAmljGr5XDqQLvpAe HTTP/1.1" 200 2
190.158.197.64 - - [07/Dec/2014:14:06:54 -0500] "GET /forest/skins/gdocs-jar/popup/popup.jsp?width=1100&height=500&title=Buscar%20documentos&uri=/forest/buscar.do%3Ftype%3Ddocumentos&name=undefined&_a=0.8940486174542457&a=0.857116790022701 HTTP/1.1" 200 1300
190.158.197.64 - - [07/Dec/2014:14:06:55 -0500] "GET /forest/buscar.do?type=documentos HTTP/1.1" 200 18159
190.158.197.64 - - [07/Dec/2014:14:06:55 -0500] "GET /forest/buscar.do?type=documentos HTTP/1.1" 200 97362
190.158.197.64 - - [07/Dec/2014:14:06:58 -0500] "GET /forest/json.do?query=usersByDep&coddep=2013 HTTP/1.1" 200 7404
190.158.197.64 - - [07/Dec/2014:14:06:58 -0500] "GET /forest/json.do?query=usersByDep&coddep=2013 HTTP/1.1" 200 7404
190.158.197.64 - - [07/Dec/2014:14:07:13 -0500] "POST /forest/buscar.do? HTTP/1.1" 200 7253
152.205.96.134 - - [07/Dec/2014:14:07:18 -0500] "GET /BLA/boletinlegal/js/jquery.js HTTP/1.1" 200 57254
152.205.96.134 - - [07/Dec/2014:14:07:18 -0500] "GET /BLA/boletinlegal/js/jquery.scrollShow.js HTTP/1.1" 200 4586
152.205.96.134 - - [07/Dec/2014:14:07:18 -0500] "GET /BLA/boletinlegal/js/jquery.scrollTo-min.js HTTP/1.1" 200 1150
190.158.197.64 - - [07/Dec/2014:14:07:27 -0500] "GET /forest/skins/gdocs-jar/popup/popup.jsp?width=900&height=600&title=Informaci%F3n%20de%20proceso&uri=/forest/system/process.jsp%3FnumPro%3D2867608&name=undefined&_a=0.3427155865356326&a=0.6227213237434626 HTTP/1.1" 200 1312
190.158.197.64 - - [07/Dec/2014:14:07:27 -0500] "GET /forest/system/process.jsp?numPro=2867608 HTTP/1.1" 200 18419
190.158.197.64 - - [07/Dec/2014:14:07:27 -0500] "GET /forest/system/process.jsp?numPro=2867608 HTTP/1.1" 200 18418
66.249.67.83 - - [07/Dec/2014:14:07:34 -0500] "GET /BLA/resoluciones/RESOLUCIONES%202009/0073.pdf HTTP/1.1" 200 604845
188.165.15.192 - - [07/Dec/2014:14:07:35 -0500] "GET /BLA/resoluciones/index.php?dir=RESOLUCIONES%202002/RES%202002%20951-1000/&sort=date&order=desc HTTP/1.1" 200 12279
152.205.96.134 - - [07/Dec/2014:14:07:41 -0500] "GET /BLA/boletinlegal/js/jquery.js HTTP/1.1" 200 57254
89.188.144.9 - - [07/Dec/2014:14:08:02 -0500] "GET /test/wp-admin/ HTTP/1.1" 404 1018
74.86.158.107 - - [07/Dec/2014:14:08:12 -0500] "HEAD / HTTP/1.1" 302 -
201.245.245.135 - - [07/Dec/2014:14:08:20 -0500] "GET /BLA/boletinlegal/js/jquery.js HTTP/1.1" 200 57254
201.245.245.135 - - [07/Dec/2014:14:08:20 -0500] "GET /BLA/boletinlegal/js/jquery.scrollShow.js HTTP/1.1" 200 4586
201.245.245.135 - - [07/Dec/2014:14:08:20 -0500] "GET /BLA/boletinlegal/js/jquery.scrollTo-min.js HTTP/1.1" 200 1150
201.245.245.135 - - [07/Dec/2014:14:08:20 -0500] "GET /galeria/carrusel/Carrusel/jquery.thumbnailScroller.css HTTP/1.1" 200 2066
201.245.245.135 - - [07/Dec/2014:14:08:21 -0500] "GET /galeria/carrusel/Carrusel/jquery-ui-1.8.13.custom.min.js HTTP/1.1" 200 10800
201.245.245.135 - - [07/Dec/2014:14:08:21 -0500] "GET /galeria/carrusel/Carrusel/jquery.thumbnailScroller.js HTTP/1.1" 200 8157
201.245.245.135 - - [07/Dec/2014:14:08:22 -0500] "GET /galeria/nivo-slider/demo/demo.html HTTP/1.1" 200 3572
201.245.245.135 - - [07/Dec/2014:14:08:22 -0500] "GET /galeria/nivo-slider/themes/default/default.css HTTP/1.1" 200 1569
201.245.245.135 - - [07/Dec/2014:14:08:22 -0500] "GET /galeria/nivo-slider/themes/pascal/pascal.css HTTP/1.1" 200 2258
201.245.245.135 - - [07/Dec/2014:14:08:22 -0500] "GET /galeria/nivo-slider/themes/orman/orman.css HTTP/1.1" 200 2152
201.245.245.135 - - [07/Dec/2014:14:08:22 -0500] "GET /galeria/nivo-slider/nivo-slider.css HTTP/1.1" 200 1507
201.245.245.135 - - [07/Dec/2014:14:08:22 -0500] "GET /galeria/nivo-slider/demo/style.css HTTP/1.1" 200 2222
201.245.245.135 - - [07/Dec/2014:14:08:22 -0500] "GET /galeria/nivo-slider/demo/images/banner-musgo.jpg HTTP/1.1" 200 49513
201.245.245.135 - - [07/Dec/2014:14:08:22 -0500] "GET /galeria/nivo-slider/demo/images/RdaNegociosFiltros.jpg HTTP/1.1" 200 77155
201.245.245.135 - - [07/Dec/2014:14:08:22 -0500] "GET /galeria/nivo-slider/demo/images/Jornada-adopcion.jpg HTTP/1.1" 200 79705
201.245.245.135 - - [07/Dec/2014:14:08:22 -0500] "GET /galeria/nivo-slider/demo/scripts/jquery-1.7.1.min.js HTTP/1.1" 200 93868
201.245.245.135 - - [07/Dec/2014:14:08:22 -0500] "GET /galeria/nivo-slider/jquery.nivo.slider.pack.js HTTP/1.1" 200 11561
201.245.245.135 - - [07/Dec/2014:14:08:22 -0500] "GET /galeria/nivo-slider/demo/images/BogotaSostenible.jpg HTTP/1.1" 200 206863
201.245.245.135 - - [07/Dec/2014:14:08:23 -0500] "GET /galeria/nivo-slider/demo/images/Banner-GAE3.jpg HTTP/1.1" 200 146354
201.245.245.135 - - [07/Dec/2014:14:08:23 -0500] "GET /galeria/nivo-slider/demo/images/Banner-comparendo.jpg HTTP/1.1" 200 388762
201.245.245.135 - - [07/Dec/2014:14:08:23 -0500] "GET /galeria/nivo-slider/demo/images/Biotaxis-Man.jpg HTTP/1.1" 200 99362
201.245.245.135 - - [07/Dec/2014:14:08:24 -0500] "GET /galeria/nivo-slider/demo/images/porloshumedales.jpg HTTP/1.1" 200 351238
201.245.245.135 - - [07/Dec/2014:14:08:25 -0500] "GET /galeria/nivo-slider/demo/images/Tingua-azul.jpg HTTP/1.1" 200 307638
201.245.245.135 - - [07/Dec/2014:14:08:25 -0500] "GET /galeria/nivo-slider/demo/images/Banner-Caracol-Africano.jpg HTTP/1.1" 200 331986
201.245.245.135 - - [07/Dec/2014:14:08:27 -0500] "GET /galeria/nivo-slider/demo/images/banner-redes.jpg HTTP/1.1" 200 62209
201.245.245.135 - - [07/Dec/2014:14:08:27 -0500] "GET /galeria/nivo-slider/demo/images/9Signos.jpg HTTP/1.1" 200 93040
201.245.245.135 - - [07/Dec/2014:14:08:28 -0500] "GET /galeria/nivo-slider/demo/images/banner-caballos.png HTTP/1.1" 200 389106
201.245.245.135 - - [07/Dec/2014:14:08:29 -0500] "GET /galeria/nivo-slider/demo/images/Hacienda_Molinos.jpg HTTP/1.1" 200 319171
201.245.245.135 - - [07/Dec/2014:14:08:29 -0500] "GET /galeria/nivo-slider/demo/images/bannerEcolecta3.jpg HTTP/1.1" 200 280034
201.245.245.135 - - [07/Dec/2014:14:08:30 -0500] "GET /galeria/nivo-slider/demo/images/4Simple_Slider.png HTTP/1.1" 200 11722
201.245.245.135 - - [07/Dec/2014:14:08:30 -0500] "GET /galeria/nivo-slider/themes/default/loading.gif HTTP/1.1" 200 1737
201.245.245.135 - - [07/Dec/2014:14:08:32 -0500] "GET /galeria/nivo-slider/themes/default/arrows.png HTTP/1.1" 200 824
201.245.245.135 - - [07/Dec/2014:14:08:32 -0500] "GET /galeria/nivo-slider/themes/default/bullets.png HTTP/1.1" 200 1281
181.54.49.50 - - [07/Dec/2014:14:08:38 -0500] "GET /forest/session.jsp?a=0.7206497113220394 HTTP/1.1" 200 4
186.84.50.43 - - [07/Dec/2014:14:08:40 -0500] "POST /forms/lservlet;jsessionid=ac16012b30d57908af430775410a9a859d7a4e2aeca6.e3iSbxaKaheRe34Sa3yKbhiTahb0n6jAmljGr5XDqQLvpAe HTTP/1.1" 200 2
181.50.241.109 - - [07/Dec/2014:14:08:50 -0500] "POST /forms/lservlet;jsessionid=ac16012b30d564bebcb3999c4f529600eb7d36f9f38a.e3iSbxaKaheRe34Sa3yKbhiTahb0n6jAmljGr5XDqQLvpAe HTTP/1.1" 200 2
66.249.67.67 - - [07/Dec/2014:14:09:27 -0500] "GET /PORTAL_SIAC/swf/videos/metroBogota.flv HTTP/1.1" 200 15109519
188.165.15.204 - - [07/Dec/2014:14:10:13 -0500] "GET /BLA/resoluciones/RESOLUCIONES%202006/RES%202006%201451-1500/00001498.tif HTTP/1.1" 200 139570
100.43.85.25 - - [07/Dec/2014:14:10:20 -0500] "GET /videos/nivo-slider/?C=D;O=A HTTP/1.1" 200 974
186.84.50.43 - - [07/Dec/2014:14:10:40 -0500] "POST /forms/lservlet;jsessionid=ac16012b30d57908af430775410a9a859d7a4e2aeca6.e3iSbxaKaheRe34Sa3yKbhiTahb0n6jAmljGr5XDqQLvpAe HTTP/1.1" 200 2
181.50.241.109 - - [07/Dec/2014:14:10:50 -0500] "POST /forms/lservlet;jsessionid=ac16012b30d564bebcb3999c4f529600eb7d36f9f38a.e3iSbxaKaheRe34Sa3yKbhiTahb0n6jAmljGr5XDqQLvpAe HTTP/1.1" 200 2
180.76.6.144 - - [07/Dec/2014:14:11:14 -0500] "GET /BLA/resoluciones/RESOLUCIONES%202010/2351.pdf HTTP/1.1" 200 456328
190.158.197.64 - - [07/Dec/2014:14:11:50 -0500] "GET /forest/session.jsp?a=0.8969788872636855 HTTP/1.1" 200 4
66.249.67.75 - - [07/Dec/2014:14:12:30 -0500] "GET /BLA/resoluciones/RESOLUCIONES%202009/1616.pdf HTTP/1.1" 200 728018
186.84.50.43 - - [07/Dec/2014:14:12:40 -0500] "POST /forms/lservlet;jsessionid=ac16012b30d57908af430775410a9a859d7a4e2aeca6.e3iSbxaKaheRe34Sa3yKbhiTahb0n6jAmljGr5XDqQLvpAe HTTP/1.1" 200 2
181.50.241.109 - - [07/Dec/2014:14:12:50 -0500] "POST /forms/lservlet;jsessionid=ac16012b30d564bebcb3999c4f529600eb7d36f9f38a.e3iSbxaKaheRe34Sa3yKbhiTahb0n6jAmljGr5XDqQLvpAe HTTP/1.1" 200 2
74.86.158.107 - - [07/Dec/2014:14:13:12 -0500] "HEAD / HTTP/1.1" 302 -
157.55.39.192 - - [07/Dec/2014:14:13:26 -0500] "GET /videos/galeria-fotografica/index8.html? HTTP/1.1" 200 1971
190.25.19.25 - - [07/Dec/2014:14:13:50 -0500] "GET /BLA/boletinlegal/js/jquery.js HTTP/1.1" 200 57254
190.25.19.25 - - [07/Dec/2014:14:13:50 -0500] "GET /BLA/boletinlegal/js/jquery.scrollTo-min.js HTTP/1.1" 200 1150
190.25.19.25 - - [07/Dec/2014:14:13:50 -0500] "GET /BLA/boletinlegal/js/jquery.scrollShow.js HTTP/1.1" 200 4586
188.165.15.233 - - [07/Dec/2014:14:13:54 -0500] "GET /BLA/resoluciones/RESOLUCIONES%202003/RES%202003%20001-050/2003RES27.tif HTTP/1.1" 200 157944
186.84.50.43 - - [07/Dec/2014:14:14:40 -0500] "POST /forms/lservlet;jsessionid=ac16012b30d57908af430775410a9a859d7a4e2aeca6.e3iSbxaKaheRe34Sa3yKbhiTahb0n6jAmljGr5XDqQLvpAe HTTP/1.1" 200 2
190.206.132.40 - - [07/Dec/2014:14:14:44 -0500] "GET /BLA/boletinlegal/js/jquery.js HTTP/1.1" 200 57254
190.206.132.40 - - [07/Dec/2014:14:14:44 -0500] "GET /BLA/boletinlegal/js/jquery.scrollTo-min.js HTTP/1.1" 200 1150
190.206.132.40 - - [07/Dec/2014:14:14:44 -0500] "GET /BLA/boletinlegal/js/jquery.scrollShow.js HTTP/1.1" 200 4586
66.249.67.119 - - [07/Dec/2014:14:14:44 -0500] "GET /BLA/ HTTP/1.1" 200 538
181.50.241.109 - - [07/Dec/2014:14:14:50 -0500] "POST /forms/lservlet;jsessionid=ac16012b30d564bebcb3999c4f529600eb7d36f9f38a.e3iSbxaKaheRe34Sa3yKbhiTahb0n6jAmljGr5XDqQLvpAe HTTP/1.1" 200 2
66.249.67.111 - - [07/Dec/2014:14:15:04 -0500] "GET /galeria/carrusel/Carrusel/jquery.thumbnailScroller.css HTTP/1.1" 200 2066
66.249.67.103 - - [07/Dec/2014:14:15:05 -0500] "GET /Anexos%20estudio%20Organizacional%20SDA/dlf/styles.css HTTP/1.1" 200 3045
66.249.67.111 - - [07/Dec/2014:14:15:05 -0500] "GET /Anexos%20estudio%20Organizacional%20SDA/ANEXO%20No.%201-%20NORMAS%20LEGALES%20DE%20ESTRUCTURA%20Y%20PLANTA/Decreto%20distrital%20110%20de%202009%20-%20modifica%20planta%20de%20empleos%20SDA.jsp_files/jquery.css HTTP/1.1" 200 4557
66.249.67.111 - - [07/Dec/2014:14:15:05 -0500] "GET /Anexos%20estudio%20Organizacional%20SDA/ANEXO%20No.%201-%20NORMAS%20LEGALES%20DE%20ESTRUCTURA%20Y%20PLANTA/Decreto%20distrital%20110%20de%202009%20-%20modifica%20planta%20de%20empleos%20SDA.jsp_files/screen.css HTTP/1.1" 200 2444
66.249.67.103 - - [07/Dec/2014:14:15:06 -0500] "GET /Anexos%20estudio%20Organizacional%20SDA/ANEXO%20No.%201-%20NORMAS%20LEGALES%20DE%20ESTRUCTURA%20Y%20PLANTA/Decreto%20distrital%20110%20de%202009%20-%20modifica%20planta%20de%20empleos%20SDA.jsp_files/ladc.css HTTP/1.1" 200 5119
66.249.67.119 - - [07/Dec/2014:14:15:08 -0500] "GET /Autoliquidacion/dlf/styles.css HTTP/1.1" 200 3045
191.110.118.139 - - [07/Dec/2014:14:15:14 -0500] "GET /BLA/resoluciones/RESOLUCIONES%202008/2813.pdf HTTP/1.1" 200 251371
181.54.49.50 - - [07/Dec/2014:14:15:19 -0500] "GET /forest/session.jsp?a=0.46163316117599607 HTTP/1.1" 200 4
186.84.50.43 - - [07/Dec/2014:14:15:17 -0500] "POST /forms/lservlet;jsessionid=ac16012b30d57908af430775410a9a859d7a4e2aeca6.e3iSbxaKaheRe34Sa3yKbhiTahb0n6jAmljGr5XDqQLvpAe HTTP/1.1" 200 2333
181.54.49.50 - - [07/Dec/2014:14:15:27 -0500] "GET /forest/usugrafico.do?_a=0.4589454054366797&group_system_actual=3 HTTP/1.1" 200 120991
181.54.49.50 - - [07/Dec/2014:14:15:27 -0500] "GET /forest/session.jsp?a=0.7606711676344275 HTTP/1.1" 200 4
186.84.50.43 - - [07/Dec/2014:14:15:32 -0500] "POST /forms/lservlet;jsessionid=ac16012b30d57908af430775410a9a859d7a4e2aeca6.e3iSbxaKaheRe34Sa3yKbhiTahb0n6jAmljGr5XDqQLvpAe HTTP/1.1" 200 24
191.158.62.190 - - [07/Dec/2014:14:15:33 -0500] "GET /BLA/boletinlegal/js/jquery.js HTTP/1.1" 200 57254
186.84.50.43 - - [07/Dec/2014:14:15:32 -0500] "POST /forms/lservlet;jsessionid=ac16012b30d57908af430775410a9a859d7a4e2aeca6.e3iSbxaKaheRe34Sa3yKbhiTahb0n6jAmljGr5XDqQLvpAe HTTP/1.1" 200 3945
191.158.62.190 - - [07/Dec/2014:14:15:33 -0500] "GET /BLA/boletinlegal/js/jquery.scrollTo-min.js HTTP/1.1" 200 1150
186.84.50.43 - - [07/Dec/2014:14:15:33 -0500] "POST /forms/lservlet;jsessionid=ac16012b30d57908af430775410a9a859d7a4e2aeca6.e3iSbxaKaheRe34Sa3yKbhiTahb0n6jAmljGr5XDqQLvpAe HTTP/1.1" 200 2
191.158.62.190 - - [07/Dec/2014:14:15:33 -0500] "GET /BLA/boletinlegal/js/jquery.scrollShow.js HTTP/1.1" 200 4586
186.84.50.43 - - [07/Dec/2014:14:15:34 -0500] "POST /forms/lservlet;jsessionid=ac16012b30d57908af430775410a9a859d7a4e2aeca6.e3iSbxaKaheRe34Sa3yKbhiTahb0n6jAmljGr5XDqQLvpAe HTTP/1.1" 200 2
186.84.50.43 - - [07/Dec/2014:14:15:34 -0500] "POST /forms/lservlet;jsessionid=ac16012b30d57908af430775410a9a859d7a4e2aeca6.e3iSbxaKaheRe34Sa3yKbhiTahb0n6jAmljGr5XDqQLvpAe HTTP/1.1" 200 14
186.84.50.43 - - [07/Dec/2014:14:15:36 -0500] "POST /forms/lservlet;jsessionid=ac16012b30d57908af430775410a9a859d7a4e2aeca6.e3iSbxaKaheRe34Sa3yKbhiTahb0n6jAmljGr5XDqQLvpAe HTTP/1.1" 200 14
186.84.50.43 - - [07/Dec/2014:14:15:37 -0500] "POST /forms/lservlet;jsessionid=ac16012b30d57908af430775410a9a859d7a4e2aeca6.e3iSbxaKaheRe34Sa3yKbhiTahb0n6jAmljGr5XDqQLvpAe HTTP/1.1" 200 14
186.84.50.43 - - [07/Dec/2014:14:15:38 -0500] "POST /forms/lservlet;jsessionid=ac16012b30d57908af430775410a9a859d7a4e2aeca6.e3iSbxaKaheRe34Sa3yKbhiTahb0n6jAmljGr5XDqQLvpAe HTTP/1.1" 200 14
186.84.50.43 - - [07/Dec/2014:14:15:40 -0500] "POST /forms/lservlet;jsessionid=ac16012b30d57908af430775410a9a859d7a4e2aeca6.e3iSbxaKaheRe34Sa3yKbhiTahb0n6jAmljGr5XDqQLvpAe HTTP/1.1" 200 112
186.84.50.43 - - [07/Dec/2014:14:15:40 -0500] "POST /forms/lservlet;jsessionid=ac16012b30d57908af430775410a9a859d7a4e2aeca6.e3iSbxaKaheRe34Sa3yKbhiTahb0n6jAmljGr5XDqQLvpAe HTTP/1.1" 200 2
186.84.50.43 - - [07/Dec/2014:14:15:42 -0500] "POST /forms/lservlet;jsessionid=ac16012b30d57908af430775410a9a859d7a4e2aeca6.e3iSbxaKaheRe34Sa3yKbhiTahb0n6jAmljGr5XDqQLvpAe HTTP/1.1" 200 2
186.84.50.43 - - [07/Dec/2014:14:15:42 -0500] "GET /reports/rwservlet/getjobid336375?server=rep_srvapsda HTTP/1.1" 200 47857
181.54.49.50 - - [07/Dec/2014:14:15:39 -0500] "GET /forest/usudocumentos.do?_a=0.7592538641765714&group_system_actual=3 HTTP/1.1" 200 95173
181.54.49.50 - - [07/Dec/2014:14:15:42 -0500] "GET /forest/session.jsp?a=0.9183128168806434 HTTP/1.1" 200 4
186.84.50.43 - - [07/Dec/2014:14:15:42 -0500] "POST /forms/lservlet;jsessionid=ac16012b30d57908af430775410a9a859d7a4e2aeca6.e3iSbxaKaheRe34Sa3yKbhiTahb0n6jAmljGr5XDqQLvpAe HTTP/1.1" 200 14
186.84.50.43 - - [07/Dec/2014:14:15:43 -0500] "POST /forms/lservlet;jsessionid=ac16012b30d57908af430775410a9a859d7a4e2aeca6.e3iSbxaKaheRe34Sa3yKbhiTahb0n6jAmljGr5XDqQLvpAe HTTP/1.1" 200 14
186.84.50.43 - - [07/Dec/2014:14:15:44 -0500] "POST /forms/lservlet;jsessionid=ac16012b30d57908af430775410a9a859d7a4e2aeca6.e3iSbxaKaheRe34Sa3yKbhiTahb0n6jAmljGr5XDqQLvpAe HTTP/1.1" 200 116
186.84.50.43 - - [07/Dec/2014:14:15:44 -0500] "POST /forms/lservlet;jsessionid=ac16012b30d57908af430775410a9a859d7a4e2aeca6.e3iSbxaKaheRe34Sa3yKbhiTahb0n6jAmljGr5XDqQLvpAe HTTP/1.1" 200 2
186.84.50.43 - - [07/Dec/2014:14:15:45 -0500] "GET /reports/rwservlet/getjobid336376?server=rep_srvapsda HTTP/1.1" 200 47763
186.84.50.43 - - [07/Dec/2014:14:15:46 -0500] "POST /forms/lservlet;jsessionid=ac16012b30d57908af430775410a9a859d7a4e2aeca6.e3iSbxaKaheRe34Sa3yKbhiTahb0n6jAmljGr5XDqQLvpAe HTTP/1.1" 200 2
186.84.50.43 - - [07/Dec/2014:14:15:46 -0500] "POST /forms/lservlet;jsessionid=ac16012b30d57908af430775410a9a859d7a4e2aeca6.e3iSbxaKaheRe34Sa3yKbhiTahb0n6jAmljGr5XDqQLvpAe HTTP/1.1" 200 14
186.84.50.43 - - [07/Dec/2014:14:15:47 -0500] "POST /forms/lservlet;jsessionid=ac16012b30d57908af430775410a9a859d7a4e2aeca6.e3iSbxaKaheRe34Sa3yKbhiTahb0n6jAmljGr5XDqQLvpAe HTTP/1.1" 200 113
186.84.50.43 - - [07/Dec/2014:14:15:48 -0500] "POST /forms/lservlet;jsessionid=ac16012b30d57908af430775410a9a859d7a4e2aeca6.e3iSbxaKaheRe34Sa3yKbhiTahb0n6jAmljGr5XDqQLvpAe HTTP/1.1" 200 2
186.84.50.43 - - [07/Dec/2014:14:15:48 -0500] "GET /reports/rwservlet/getjobid336377?server=rep_srvapsda HTTP/1.1" 200 918054
66.249.64.39 - - [07/Dec/2014:14:15:55 -0500] "GET /BLA/boletinlegal/jurisprudencia/analisis/Analisis%20Jurisprudencia%20Sent%202000-00005-01.doc HTTP/1.1" 304 -
190.158.197.64 - - [07/Dec/2014:14:16:12 -0500] "GET /forest/skins/gdocs-jar/popup/popup.jsp?width=900&height=600&title=Informaci%F3n%20de%20proceso&uri=/forest/system/process.jsp%3FnumPro%3D2973623&name=undefined&_a=0.5549755445681512&a=0.07361939502879977 HTTP/1.1" 200 1312
190.158.197.64 - - [07/Dec/2014:14:16:12 -0500] "GET /forest/system/process.jsp?numPro=2973623 HTTP/1.1" 200 13869
190.158.197.64 - - [07/Dec/2014:14:16:13 -0500] "GET /forest/system/process.jsp?numPro=2973623 HTTP/1.1" 200 13868
190.158.197.64 - - [07/Dec/2014:14:16:15 -0500] "GET /forest/usutareas.do?codTraEsc=17052325&_a=0.777222302324881 HTTP/1.1" 200 119825
181.54.49.50 - - [07/Dec/2014:14:16:26 -0500] "GET /forest/usudocumentos.do?delVersionBorrador=&codTraBorr=671895&a=0.317587150959298 HTTP/1.1" 200 126
181.54.49.50 - - [07/Dec/2014:14:16:28 -0500] "GET /forest/usudocumentos.do?group_system_actual=3&a=0.41689464123919606 HTTP/1.1" 200 90072
181.54.49.50 - - [07/Dec/2014:14:16:28 -0500] "GET /forest/session.jsp?a=0.6664777896367013 HTTP/1.1" 200 4
181.54.49.50 - - [07/Dec/2014:14:16:30 -0500] "GET /forest/usutareas.do?_a=0.7058988304343075&group_system_actual=3 HTTP/1.1" 200 165190
181.54.49.50 - - [07/Dec/2014:14:16:33 -0500] "GET /forest/session.jsp?a=0.7087226284202188 HTTP/1.1" 200 4
181.54.49.50 - - [07/Dec/2014:14:16:33 -0500] "GET /forest/actions/forms.getMappedValues?id=IGS_NoCarasExpo53&value=1&codForm=Soli_Elem_Ext_Vis&a=0.25770143629051745 HTTP/1.1" 200 38
181.54.49.50 - - [07/Dec/2014:14:16:33 -0500] "GET /forest/actions/forms.getMappedValues?id=IGS_UbicacionPubliciad23&value=5&codForm=Soli_Elem_Ext_Vis&a=0.9748272604774684 HTTP/1.1" 200 27
181.54.49.50 - - [07/Dec/2014:14:16:33 -0500] "GET /forest/actions/forms.getMappedValues?id=IGS_UbicacionPubliciad23&value=5&codForm=Soli_Elem_Ext_Vis&a=0.012488180305808783 HTTP/1.1" 200 27
181.54.49.50 - - [07/Dec/2014:14:16:33 -0500] "GET /forest/actions/forms.getMappedValues?id=IGS_NoCarasExpo53&value=1&codForm=Soli_Elem_Ext_Vis&a=0.3497192070353776 HTTP/1.1" 200 38
207.46.13.21 - - [07/Dec/2014:14:16:36 -0500] "GET /robots.txt HTTP/1.1" 404 1015
186.84.50.43 - - [07/Dec/2014:14:16:40 -0500] "POST /forms/lservlet;jsessionid=ac16012b30d57908af430775410a9a859d7a4e2aeca6.e3iSbxaKaheRe34Sa3yKbhiTahb0n6jAmljGr5XDqQLvpAe HTTP/1.1" 200 2
207.46.13.21 - - [07/Dec/2014:14:16:44 -0500] "GET /dama/libreria/html/humedales/pres1.html HTTP/1.1" 404 1015
181.50.241.109 - - [07/Dec/2014:14:16:50 -0500] "POST /forms/lservlet;jsessionid=ac16012b30d564bebcb3999c4f529600eb7d36f9f38a.e3iSbxaKaheRe34Sa3yKbhiTahb0n6jAmljGr5XDqQLvpAe HTTP/1.1" 200 2
181.54.49.50 - - [07/Dec/2014:14:17:12 -0500] "GET /forest/skins/gdocs-jar/popup/direccion.jsp?callfromform=form_field123&a=0.3673604957293719 HTTP/1.1" 200 12550
89.188.144.9 - - [07/Dec/2014:14:17:33 -0500] "GET /wordpress/wp-admin/ HTTP/1.1" 404 1018
66.249.67.83 - - [07/Dec/2014:14:17:33 -0500] "GET /BLA/resoluciones/RESOLUCIONES%202008/3889.pdf HTTP/1.1" 200 153599
188.165.15.162 - - [07/Dec/2014:14:17:54 -0500] "GET /BLA/resoluciones/index.php?dir=RESOLUCIONES%202002/RES%202002%20351-400/&sort=date&order=desc HTTP/1.1" 200 12208
181.54.49.50 - - [07/Dec/2014:14:17:59 -0500] "GET /forest/skins/gdocs-jar/popup/direccion.jsp?callfromform=form_dir_notif_pro_inmueb1767&a=0.7817570681218058 HTTP/1.1" 200 12566
74.86.158.107 - - [07/Dec/2014:14:18:12 -0500] "HEAD / HTTP/1.1" 302 -
186.84.50.43 - - [07/Dec/2014:14:18:33 -0500] "POST /forms/lservlet;jsessionid=ac16012b30d57908af430775410a9a859d7a4e2aeca6.e3iSbxaKaheRe34Sa3yKbhiTahb0n6jAmljGr5XDqQLvpAe HTTP/1.1" 200 2366
188.165.15.64 - - [07/Dec/2014:14:18:34 -0500] "GET /BLA/resoluciones/RESOLUCIONES%202005/RES%202005%203151-3180/00003158.tif HTTP/1.1" 200 154584
186.84.50.43 - - [07/Dec/2014:14:18:36 -0500] "POST /forms/lservlet;jsessionid=ac16012b30d57908af430775410a9a859d7a4e2aeca6.e3iSbxaKaheRe34Sa3yKbhiTahb0n6jAmljGr5XDqQLvpAe HTTP/1.1" 200 24
186.84.50.43 - - [07/Dec/2014:14:18:36 -0500] "POST /forms/lservlet;jsessionid=ac16012b30d57908af430775410a9a859d7a4e2aeca6.e3iSbxaKaheRe34Sa3yKbhiTahb0n6jAmljGr5XDqQLvpAe HTTP/1.1" 200 3893
186.84.50.43 - - [07/Dec/2014:14:18:37 -0500] "POST /forms/lservlet;jsessionid=ac16012b30d57908af430775410a9a859d7a4e2aeca6.e3iSbxaKaheRe34Sa3yKbhiTahb0n6jAmljGr5XDqQLvpAe HTTP/1.1" 200 2
186.84.50.43 - - [07/Dec/2014:14:18:38 -0500] "POST /forms/lservlet;jsessionid=ac16012b30d57908af430775410a9a859d7a4e2aeca6.e3iSbxaKaheRe34Sa3yKbhiTahb0n6jAmljGr5XDqQLvpAe HTTP/1.1" 200 2
186.84.50.43 - - [07/Dec/2014:14:18:39 -0500] "POST /forms/lservlet;jsessionid=ac16012b30d57908af430775410a9a859d7a4e2aeca6.e3iSbxaKaheRe34Sa3yKbhiTahb0n6jAmljGr5XDqQLvpAe HTTP/1.1" 200 14
186.84.50.43 - - [07/Dec/2014:14:18:40 -0500] "POST /forms/lservlet;jsessionid=ac16012b30d57908af430775410a9a859d7a4e2aeca6.e3iSbxaKaheRe34Sa3yKbhiTahb0n6jAmljGr5XDqQLvpAe HTTP/1.1" 200 14
186.84.50.43 - - [07/Dec/2014:14:18:41 -0500] "POST /forms/lservlet;jsessionid=ac16012b30d57908af430775410a9a859d7a4e2aeca6.e3iSbxaKaheRe34Sa3yKbhiTahb0n6jAmljGr5XDqQLvpAe HTTP/1.1" 200 112
186.84.50.43 - - [07/Dec/2014:14:18:41 -0500] "POST /forms/lservlet;jsessionid=ac16012b30d57908af430775410a9a859d7a4e2aeca6.e3iSbxaKaheRe34Sa3yKbhiTahb0n6jAmljGr5XDqQLvpAe HTTP/1.1" 200 2
186.84.50.43 - - [07/Dec/2014:14:18:41 -0500] "GET /reports/rwservlet/getjobid336378?server=rep_srvapsda HTTP/1.1" 200 47723
181.211.195.27 - - [07/Dec/2014:14:18:49 -0500] "GET /BLA/boletinlegal/js/jquery.scrollTo-min.js HTTP/1.1" 200 1150
181.211.195.27 - - [07/Dec/2014:14:18:49 -0500] "GET /BLA/boletinlegal/js/jquery.js HTTP/1.1" 200 57254
181.211.195.27 - - [07/Dec/2014:14:18:49 -0500] "GET /BLA/boletinlegal/js/jquery.scrollShow.js HTTP/1.1" 200 4586
181.50.241.109 - - [07/Dec/2014:14:18:50 -0500] "POST /forms/lservlet;jsessionid=ac16012b30d564bebcb3999c4f529600eb7d36f9f38a.e3iSbxaKaheRe34Sa3yKbhiTahb0n6jAmljGr5XDqQLvpAe HTTP/1.1" 200 2
186.84.50.43 - - [07/Dec/2014:14:19:13 -0500] "POST /forms/lservlet;jsessionid=ac16012b30d57908af430775410a9a859d7a4e2aeca6.e3iSbxaKaheRe34Sa3yKbhiTahb0n6jAmljGr5XDqQLvpAe HTTP/1.1" 200 2
186.84.50.43 - - [07/Dec/2014:14:19:13 -0500] "POST /forms/lservlet;jsessionid=ac16012b30d57908af430775410a9a859d7a4e2aeca6.e3iSbxaKaheRe34Sa3yKbhiTahb0n6jAmljGr5XDqQLvpAe HTTP/1.1" 200 14
186.84.50.43 - - [07/Dec/2014:14:19:15 -0500] "POST /forms/lservlet;jsessionid=ac16012b30d57908af430775410a9a859d7a4e2aeca6.e3iSbxaKaheRe34Sa3yKbhiTahb0n6jAmljGr5XDqQLvpAe HTTP/1.1" 200 116
186.84.50.43 - - [07/Dec/2014:14:19:15 -0500] "POST /forms/lservlet;jsessionid=ac16012b30d57908af430775410a9a859d7a4e2aeca6.e3iSbxaKaheRe34Sa3yKbhiTahb0n6jAmljGr5XDqQLvpAe HTTP/1.1" 200 2
186.84.50.43 - - [07/Dec/2014:14:19:15 -0500] "GET /reports/rwservlet/getjobid336379?server=rep_srvapsda HTTP/1.1" 200 47726
