180.76.5.151 - - [07/Dec/2014:14:38:17 -0500] "GET /BLA/resoluciones/RESOLUCIONES%202007/RES%202007%201901%20AL%202000/RESOLUCION%201916%20DE%202007.pdf HTTP/1.1" 200 140519
180.76.5.94 - - [07/Dec/2014:14:38:28 -0500] "GET /BLA/resoluciones/RESOLUCIONES%202010/4504.pdf HTTP/1.1" 200 584855
188.165.15.98 - - [07/Dec/2014:14:38:29 -0500] "GET /BLA/resoluciones/index.php?dir=RESOLUCIONES%202006/RES%202006%202351-2400/&sort=date&order=desc HTTP/1.1" 200 12356
180.76.6.141 - - [07/Dec/2014:14:38:34 -0500] "GET /manual_funciones_Listado/1.3.%20Oficina%20Asesora%20de%20Comunicaciones/Jefe%20de%20Oficina%20Asesora%20115-05.pdf HTTP/1.1" 404 1018
186.84.50.43 - - [07/Dec/2014:14:38:41 -0500] "POST /forms/lservlet;jsessionid=ac16012b30d57908af430775410a9a859d7a4e2aeca6.e3iSbxaKaheRe34Sa3yKbhiTahb0n6jAmljGr5XDqQLvpAe HTTP/1.1" 200 2
181.50.241.109 - - [07/Dec/2014:14:38:50 -0500] "POST /forms/lservlet;jsessionid=ac16012b30d564bebcb3999c4f529600eb7d36f9f38a.e3iSbxaKaheRe34Sa3yKbhiTahb0n6jAmljGr5XDqQLvpAe HTTP/1.1" 200 2
180.76.5.62 - - [07/Dec/2014:14:38:58 -0500] "GET /portalsiaccapacitaciones/Presentaci%C3%B3n%20RESPEL%20(Clasificaci%C3%B3n,%20Cuantificaci%C3%B3n)%2023-05-13.pdf HTTP/1.1" 404 1018
188.165.15.110 - - [07/Dec/2014:14:39:03 -0500] "GET /BLA/resoluciones/RESOLUCIONES%202005/RES%202005%201101-1150/00001107.tif HTTP/1.1" 200 95306
188.165.15.110 - - [07/Dec/2014:14:39:19 -0500] "GET /BLA/resoluciones/RESOLUCIONES%202006/RES%202006%201801-1850/00001840.tif HTTP/1.1" 200 135614
180.76.6.63 - - [07/Dec/2014:14:39:30 -0500] "GET /BLA/resoluciones/RESOLUCIONES%202012/1524.pdf HTTP/1.1" 200 642474
180.76.5.146 - - [07/Dec/2014:14:39:30 -0500] "GET /BLA/resoluciones/RESOLUCIONES%202011/1808.pdf HTTP/1.1" 200 516806
180.76.6.51 - - [07/Dec/2014:14:39:32 -0500] "GET /BLA/resoluciones/RESOLUCIONES%202010/6575.pdf HTTP/1.1" 200 933694
180.76.5.65 - - [07/Dec/2014:14:40:10 -0500] "GET /BLA/boletinlegal/Circulares/2010/Circular%2005%20de%208%20de%20septiembre%20de%202010.pdf HTTP/1.1" 200 2146608
181.54.49.50 - - [07/Dec/2014:14:40:37 -0500] "GET /forest/session.jsp?a=0.4705154977273196 HTTP/1.1" 200 4
186.84.50.43 - - [07/Dec/2014:14:40:41 -0500] "POST /forms/lservlet;jsessionid=ac16012b30d57908af430775410a9a859d7a4e2aeca6.e3iSbxaKaheRe34Sa3yKbhiTahb0n6jAmljGr5XDqQLvpAe HTTP/1.1" 200 2
181.50.241.109 - - [07/Dec/2014:14:40:50 -0500] "POST /forms/lservlet;jsessionid=ac16012b30d564bebcb3999c4f529600eb7d36f9f38a.e3iSbxaKaheRe34Sa3yKbhiTahb0n6jAmljGr5XDqQLvpAe HTTP/1.1" 200 2
180.76.5.145 - - [07/Dec/2014:14:40:53 -0500] "GET /BLA/resoluciones/RESOLUCIONES%202009/2030.pdf HTTP/1.1" 200 1022589
180.76.5.81 - - [07/Dec/2014:14:41:18 -0500] "GET /BLA/resoluciones/AUTOS%202007/3440.pdf HTTP/1.1" 200 82201
180.76.6.59 - - [07/Dec/2014:14:41:19 -0500] "GET /BLA/resoluciones/AUTOS%202012/0313.pdf HTTP/1.1" 200 175498
180.76.6.53 - - [07/Dec/2014:14:41:36 -0500] "GET /BLA/resoluciones/AUTOS%202008/0102.pdf HTTP/1.1" 200 156419
180.76.5.190 - - [07/Dec/2014:14:42:17 -0500] "GET /BLA/resoluciones/RESOLUCIONES%202009/1309.pdf HTTP/1.1" 200 528455
180.76.6.56 - - [07/Dec/2014:14:42:19 -0500] "GET /BLA/resoluciones/RESOLUCIONES%202013/0219.pdf HTTP/1.1" 200 661188
66.249.67.67 - - [07/Dec/2014:14:42:22 -0500] "GET /BLA/resoluciones/AUTOS%202007/1222.pdf HTTP/1.1" 200 169689
181.54.49.50 - - [07/Dec/2014:14:36:36 -0500] "GET /ForestMSG_SDA/channelAsync/template_word_12917835?X-Atmosphere-tracking-id=fd572502-da65-cd96-bcba-51ccc6eba2d9&X-Atmosphere-Framework=1.0.5&X-Atmosphere-Transport=long-polling&tabid=0.08471568394452333&X-Cache-Date=0&Content-Type=application/xml&_=1417981136595 HTTP/1.1" 200 8193
186.84.50.43 - - [07/Dec/2014:14:42:41 -0500] "POST /forms/lservlet;jsessionid=ac16012b30d57908af430775410a9a859d7a4e2aeca6.e3iSbxaKaheRe34Sa3yKbhiTahb0n6jAmljGr5XDqQLvpAe HTTP/1.1" 200 2
181.50.241.109 - - [07/Dec/2014:14:42:50 -0500] "POST /forms/lservlet;jsessionid=ac16012b30d564bebcb3999c4f529600eb7d36f9f38a.e3iSbxaKaheRe34Sa3yKbhiTahb0n6jAmljGr5XDqQLvpAe HTTP/1.1" 200 2
180.76.5.148 - - [07/Dec/2014:14:42:52 -0500] "GET /BLA/resoluciones/RESOLUCIONES%202009/8995.pdf HTTP/1.1" 200 542253
180.76.6.231 - - [07/Dec/2014:14:43:07 -0500] "GET /BLA/resoluciones/RESOLUCIONES%202008/5670.pdf HTTP/1.1" 200 196171
74.86.158.107 - - [07/Dec/2014:14:43:12 -0500] "HEAD / HTTP/1.1" 302 -
100.43.85.25 - - [07/Dec/2014:14:43:26 -0500] "GET /phpold/images/ximg/?C=N;O=D HTTP/1.1" 404 1019
202.46.49.29 - - [07/Dec/2014:14:43:46 -0500] "GET /BLA/resoluciones/RESOLUCIONES%202009/4803.pdf HTTP/1.1" 200 265273
157.55.39.60 - - [07/Dec/2014:14:43:52 -0500] "GET /dama/libreria/php/download/4741empresarios.pdf HTTP/1.1" 404 1019
157.55.39.60 - - [07/Dec/2014:14:43:52 -0500] "GET /dama/libreria/pdf/SAS/DX%20funerario.pdf HTTP/1.1" 404 1019
157.55.39.60 - - [07/Dec/2014:14:43:52 -0500] "GET /dama/libreria/pdf/pigas/PIGA%20servcivil/PIGA%20servicio%20civil.pdf HTTP/1.1" 404 1019
190.145.26.73 - - [07/Dec/2014:14:44:13 -0500] "GET /videos/galeria-cronicas/2playlist.htm? HTTP/1.1" 200 5449
190.145.26.73 - - [07/Dec/2014:14:44:14 -0500] "GET /videos/galeria-cronicas/skin/blue.monday/jplayer.blue.monday.css HTTP/1.1" 200 12518
190.145.26.73 - - [07/Dec/2014:14:44:14 -0500] "GET /videos/galeria-cronicas/js/jquery.jplayer.min.js HTTP/1.1" 200 43668
190.145.26.73 - - [07/Dec/2014:14:44:14 -0500] "GET /videos/galeria-cronicas/js/jplayer.playlist.min.js HTTP/1.1" 200 8608
190.145.26.73 - - [07/Dec/2014:14:44:15 -0500] "GET /videos/galeria-cronicas/skin/blue.monday/jplayer.blue.monday.video.play.png HTTP/1.1" 200 14424
190.145.26.73 - - [07/Dec/2014:14:44:15 -0500] "GET /videos/galeria-cronicas/skin/blue.monday/jplayer.blue.monday.jpg HTTP/1.1" 200 23189
190.145.26.73 - - [07/Dec/2014:14:44:16 -0500] "GET /videos/galeria-cronicas/1videos/1.mp4video.mp4 HTTP/1.1" 206 34016755
180.76.5.187 - - [07/Dec/2014:14:44:19 -0500] "GET /BLA/resoluciones/RESOLUCIONES%202009/9624.pdf HTTP/1.1" 200 165959
190.145.26.73 - - [07/Dec/2014:14:44:19 -0500] "GET /videos/galeria-cronicas/1videos/1.mp4video.mp4 HTTP/1.1" 206 198263
190.145.26.73 - - [07/Dec/2014:14:44:19 -0500] "GET /videos/galeria-cronicas/1videos/1.mp4video.mp4 HTTP/1.1" 206 33518196
181.135.239.77 - - [07/Dec/2014:14:44:32 -0500] "GET /BLA/boletinlegal/js/jquery.js HTTP/1.1" 200 57254
181.135.239.77 - - [07/Dec/2014:14:44:32 -0500] "GET /BLA/boletinlegal/js/jquery.scrollTo-min.js HTTP/1.1" 200 1150
181.135.239.77 - - [07/Dec/2014:14:44:32 -0500] "GET /BLA/boletinlegal/js/jquery.scrollShow.js HTTP/1.1" 200 4586
180.76.6.213 - - [07/Dec/2014:14:44:39 -0500] "GET /BLA/resoluciones/RESOLUCIONES%202009/4926.pdf HTTP/1.1" 200 550379
190.145.26.73 - - [07/Dec/2014:14:44:40 -0500] "GET /galeria/bibloteca/contentflow.js HTTP/1.1" 200 42804
186.84.50.43 - - [07/Dec/2014:14:44:41 -0500] "POST /forms/lservlet;jsessionid=ac16012b30d57908af430775410a9a859d7a4e2aeca6.e3iSbxaKaheRe34Sa3yKbhiTahb0n6jAmljGr5XDqQLvpAe HTTP/1.1" 200 2
190.145.26.73 - - [07/Dec/2014:14:44:41 -0500] "GET /galeria/bibloteca/mycontentflow.css HTTP/1.1" 200 3110
190.145.26.73 - - [07/Dec/2014:14:44:41 -0500] "GET /galeria/bibloteca/contentflow.css HTTP/1.1" 200 3201
180.76.6.132 - - [07/Dec/2014:14:44:41 -0500] "GET /BLA/resoluciones/RESOLUCIONES%202011/4434.pdf HTTP/1.1" 200 237399
190.145.26.73 - - [07/Dec/2014:14:44:41 -0500] "GET /galeria/bibloteca/ContentFlowAddOn_white.js HTTP/1.1" 200 2497
190.145.26.73 - - [07/Dec/2014:14:44:42 -0500] "GET /galeria/bibloteca/ContentFlowAddOn_white.css HTTP/1.1" 200 3355
190.145.26.73 - - [07/Dec/2014:14:44:42 -0500] "GET /galeria/bibloteca/img/loader.gif HTTP/1.1" 200 8238
190.145.26.73 - - [07/Dec/2014:14:44:42 -0500] "GET /galeria/bibloteca/img/scrollbar_white.png HTTP/1.1" 200 82
190.145.26.73 - - [07/Dec/2014:14:44:42 -0500] "GET /galeria/bibloteca/img/slider_white.png HTTP/1.1" 200 178
190.145.26.73 - - [07/Dec/2014:14:44:43 -0500] "GET /galeria/bibloteca/img/slider_black.png HTTP/1.1" 200 175
190.145.26.73 - - [07/Dec/2014:14:44:43 -0500] "GET /galeria/bibloteca/img/scrollbar_black.png HTTP/1.1" 200 82
190.145.26.73 - - [07/Dec/2014:14:44:43 -0500] "GET /galeria/bibloteca/img/ajax-loader.gif HTTP/1.1" 200 9427
190.145.26.73 - - [07/Dec/2014:14:44:43 -0500] "GET /galeria/bibloteca/img/1x1_0.5_white.png HTTP/1.1" 200 82
180.76.5.187 - - [07/Dec/2014:14:44:45 -0500] "GET /BLA/resoluciones/AUTOS%202009/0302.pdf HTTP/1.1" 200 195014
181.50.241.109 - - [07/Dec/2014:14:44:50 -0500] "POST /forms/lservlet;jsessionid=ac16012b30d564bebcb3999c4f529600eb7d36f9f38a.e3iSbxaKaheRe34Sa3yKbhiTahb0n6jAmljGr5XDqQLvpAe HTTP/1.1" 200 2
180.76.6.232 - - [07/Dec/2014:14:45:09 -0500] "GET /portalsiaccapacitaciones/0040.%20Presentaci%C3%B3n%20SDM%20-%20TNM%20-%20MOVILIDAD%20SOSTENIBLE%2019-09-13.pdf HTTP/1.1" 404 1018
202.46.48.157 - - [07/Dec/2014:14:45:23 -0500] "GET /BLA/resoluciones/RESOLUCIONES%202011/6362.pdf HTTP/1.1" 200 323959
180.76.6.42 - - [07/Dec/2014:14:45:34 -0500] "GET /BLA/resoluciones/RESOLUCIONES%202007/RES%202007%204201%20AL%204300/RESOLUCION%204269%20DE%202007.pdf HTTP/1.1" 200 315712
181.54.49.50 - - [07/Dec/2014:14:45:38 -0500] "GET /forest/session.jsp?a=0.6501254185568541 HTTP/1.1" 200 4
180.76.5.169 - - [07/Dec/2014:14:45:45 -0500] "GET /BLA/resoluciones/RESOLUCIONES%202009/2433.pdf HTTP/1.1" 200 570941
66.249.67.67 - - [07/Dec/2014:14:45:54 -0500] "GET /SIG/SGA/planificacion/Programas/1.%20Programa%20de%20Ahorro%20y%20Uso%20Eficiente%20del%20Agua.pdf HTTP/1.1" 404 1018
180.76.6.44 - - [07/Dec/2014:14:46:07 -0500] "GET /BLA/resoluciones/RESOLUCIONES%202008/3048.pdf HTTP/1.1" 200 224223
180.76.6.16 - - [07/Dec/2014:14:46:29 -0500] "GET /BLA/resoluciones/RESOLUCIONES%202013/0877.pdf HTTP/1.1" 200 566340
89.188.144.9 - - [07/Dec/2014:14:46:29 -0500] "GET /old/wp-admin/ HTTP/1.1" 404 1018
180.76.6.45 - - [07/Dec/2014:14:46:34 -0500] "GET /BLA/resoluciones/RESOLUCIONES%202010/2702.pdf HTTP/1.1" 200 380204
180.76.6.41 - - [07/Dec/2014:14:46:37 -0500] "GET /BLA/resoluciones/RESOLUCIONES%202012/0537.pdf HTTP/1.1" 200 399476
186.84.50.43 - - [07/Dec/2014:14:46:41 -0500] "POST /forms/lservlet;jsessionid=ac16012b30d57908af430775410a9a859d7a4e2aeca6.e3iSbxaKaheRe34Sa3yKbhiTahb0n6jAmljGr5XDqQLvpAe HTTP/1.1" 200 2
181.50.241.109 - - [07/Dec/2014:14:46:51 -0500] "POST /forms/lservlet;jsessionid=ac16012b30d564bebcb3999c4f529600eb7d36f9f38a.e3iSbxaKaheRe34Sa3yKbhiTahb0n6jAmljGr5XDqQLvpAe HTTP/1.1" 200 2
186.28.36.165 - - [07/Dec/2014:14:46:51 -0500] "GET /BLA/boletinlegal/js/jquery.js HTTP/1.1" 200 57254
186.28.36.165 - - [07/Dec/2014:14:46:51 -0500] "GET /BLA/boletinlegal/js/jquery.scrollTo-min.js HTTP/1.1" 200 1150
186.28.36.165 - - [07/Dec/2014:14:46:51 -0500] "GET /BLA/boletinlegal/js/jquery.scrollShow.js HTTP/1.1" 200 4586
202.46.61.182 - - [07/Dec/2014:14:47:17 -0500] "GET /BLA/resoluciones/AUTOS%202010/5125.pdf HTTP/1.1" 200 216244
180.76.5.143 - - [07/Dec/2014:14:47:20 -0500] "GET /BLA/resoluciones/AUTOS%202011/1541.pdf HTTP/1.1" 200 89060
66.249.67.83 - - [07/Dec/2014:14:47:22 -0500] "GET /BLA/resoluciones/AUTOS%202014/1949.pdf HTTP/1.1" 304 -
186.95.2.29 - - [07/Dec/2014:14:47:33 -0500] "GET /BLA/boletinlegal/js/jquery.js HTTP/1.1" 200 57254
186.95.2.29 - - [07/Dec/2014:14:47:33 -0500] "GET /BLA/boletinlegal/js/jquery.scrollTo-min.js HTTP/1.1" 200 1150
186.95.2.29 - - [07/Dec/2014:14:47:33 -0500] "GET /BLA/boletinlegal/js/jquery.scrollShow.js HTTP/1.1" 200 4586
180.76.5.22 - - [07/Dec/2014:14:47:54 -0500] "GET /BLA/resoluciones/AUTOS%202007/1022.pdf HTTP/1.1" 200 77837
180.76.5.19 - - [07/Dec/2014:14:48:09 -0500] "GET /resoluciones/RESOLUCIONES%202008/0097.pdf HTTP/1.1" 404 1018
74.86.158.107 - - [07/Dec/2014:14:48:12 -0500] "HEAD / HTTP/1.1" 302 -
180.76.6.28 - - [07/Dec/2014:14:48:35 -0500] "GET /BLA/resoluciones/RESOLUCIONES%202011/4823.pdf HTTP/1.1" 200 706854
181.54.49.50 - - [07/Dec/2014:14:42:37 -0500] "GET /ForestMSG_SDA/channelAsync/template_word_12917835?X-Atmosphere-tracking-id=fd572502-da65-cd96-bcba-51ccc6eba2d9&X-Atmosphere-Framework=1.0.5&X-Atmosphere-Transport=long-polling&tabid=0.08471568394452333&X-Cache-Date=0&Content-Type=application/xml&_=1417981497599 HTTP/1.1" 200 8193
186.84.50.43 - - [07/Dec/2014:14:48:41 -0500] "POST /forms/lservlet;jsessionid=ac16012b30d57908af430775410a9a859d7a4e2aeca6.e3iSbxaKaheRe34Sa3yKbhiTahb0n6jAmljGr5XDqQLvpAe HTTP/1.1" 200 2
181.50.241.109 - - [07/Dec/2014:14:48:51 -0500] "POST /forms/lservlet;jsessionid=ac16012b30d564bebcb3999c4f529600eb7d36f9f38a.e3iSbxaKaheRe34Sa3yKbhiTahb0n6jAmljGr5XDqQLvpAe HTTP/1.1" 200 2
200.93.135.250 - - [07/Dec/2014:14:49:03 -0500] "GET /galeria/carrusel/Carrusel/jquery-ui-1.8.13.custom.min.js HTTP/1.1" 200 10800
200.93.135.250 - - [07/Dec/2014:14:49:03 -0500] "GET /galeria/carrusel/Carrusel/jquery.thumbnailScroller.css HTTP/1.1" 200 2066
200.93.135.250 - - [07/Dec/2014:14:49:03 -0500] "GET /BLA/boletinlegal/js/jquery.scrollTo-min.js HTTP/1.1" 200 1150
200.93.135.250 - - [07/Dec/2014:14:49:03 -0500] "GET /BLA/boletinlegal/js/jquery.scrollShow.js HTTP/1.1" 200 4586
200.93.135.250 - - [07/Dec/2014:14:49:03 -0500] "GET /BLA/boletinlegal/js/jquery.js HTTP/1.1" 200 57254
200.93.135.250 - - [07/Dec/2014:14:49:03 -0500] "GET /galeria/carrusel/Carrusel/jquery.thumbnailScroller.js HTTP/1.1" 200 8157
180.76.5.77 - - [07/Dec/2014:14:49:04 -0500] "GET /BLA/boletinlegal/jurisprudencia/analisis/CUADRO%20SENTENCIA%20T-299%20DE%202008.doc HTTP/1.1" 200 40960
180.76.5.81 - - [07/Dec/2014:14:49:04 -0500] "GET /BLA/resoluciones/RESOLUCIONES%202011/3976.pdf HTTP/1.1" 200 792238
200.93.135.250 - - [07/Dec/2014:14:49:05 -0500] "GET /galeria/nivo-slider/demo/demo.html HTTP/1.1" 200 3572
200.93.135.250 - - [07/Dec/2014:14:49:05 -0500] "GET /galeria/nivo-slider/themes/default/default.css HTTP/1.1" 200 1569
200.93.135.250 - - [07/Dec/2014:14:49:05 -0500] "GET /galeria/nivo-slider/themes/pascal/pascal.css HTTP/1.1" 200 2258
200.93.135.250 - - [07/Dec/2014:14:49:05 -0500] "GET /galeria/nivo-slider/themes/orman/orman.css HTTP/1.1" 200 2152
200.93.135.250 - - [07/Dec/2014:14:49:05 -0500] "GET /galeria/nivo-slider/nivo-slider.css HTTP/1.1" 200 1507
200.93.135.250 - - [07/Dec/2014:14:49:05 -0500] "GET /galeria/nivo-slider/demo/style.css HTTP/1.1" 200 2222
200.93.135.250 - - [07/Dec/2014:14:49:05 -0500] "GET /galeria/nivo-slider/demo/scripts/jquery-1.7.1.min.js HTTP/1.1" 200 93868
200.93.135.250 - - [07/Dec/2014:14:49:05 -0500] "GET /galeria/nivo-slider/jquery.nivo.slider.pack.js HTTP/1.1" 200 11561
200.93.135.250 - - [07/Dec/2014:14:49:05 -0500] "GET /galeria/nivo-slider/demo/images/banner-musgo.jpg HTTP/1.1" 200 49513
200.93.135.250 - - [07/Dec/2014:14:49:05 -0500] "GET /galeria/nivo-slider/demo/images/RdaNegociosFiltros.jpg HTTP/1.1" 200 77155
200.93.135.250 - - [07/Dec/2014:14:49:05 -0500] "GET /galeria/nivo-slider/demo/images/Jornada-adopcion.jpg HTTP/1.1" 200 79705
200.93.135.250 - - [07/Dec/2014:14:49:05 -0500] "GET /galeria/nivo-slider/demo/images/BogotaSostenible.jpg HTTP/1.1" 200 206863
200.93.135.250 - - [07/Dec/2014:14:49:05 -0500] "GET /galeria/nivo-slider/demo/images/Banner-GAE3.jpg HTTP/1.1" 200 146354
200.93.135.250 - - [07/Dec/2014:14:49:05 -0500] "GET /galeria/nivo-slider/demo/images/Banner-comparendo.jpg HTTP/1.1" 200 388762
200.93.135.250 - - [07/Dec/2014:14:49:05 -0500] "GET /galeria/nivo-slider/demo/images/Biotaxis-Man.jpg HTTP/1.1" 200 99362
200.93.135.250 - - [07/Dec/2014:14:49:05 -0500] "GET /galeria/nivo-slider/demo/images/Tingua-azul.jpg HTTP/1.1" 200 307638
200.93.135.250 - - [07/Dec/2014:14:49:05 -0500] "GET /galeria/nivo-slider/demo/images/Banner-Caracol-Africano.jpg HTTP/1.1" 200 331986
200.93.135.250 - - [07/Dec/2014:14:49:05 -0500] "GET /galeria/nivo-slider/demo/images/banner-redes.jpg HTTP/1.1" 200 62209
200.93.135.250 - - [07/Dec/2014:14:49:06 -0500] "GET /galeria/nivo-slider/demo/images/9Signos.jpg HTTP/1.1" 200 93040
200.93.135.250 - - [07/Dec/2014:14:49:06 -0500] "GET /galeria/nivo-slider/demo/images/banner-caballos.png HTTP/1.1" 200 389106
200.93.135.250 - - [07/Dec/2014:14:49:06 -0500] "GET /galeria/nivo-slider/demo/images/Hacienda_Molinos.jpg HTTP/1.1" 200 319171
200.93.135.250 - - [07/Dec/2014:14:49:06 -0500] "GET /galeria/nivo-slider/demo/images/bannerEcolecta3.jpg HTTP/1.1" 200 280034
200.93.135.250 - - [07/Dec/2014:14:49:06 -0500] "GET /galeria/nivo-slider/demo/images/4Simple_Slider.png HTTP/1.1" 200 11722
200.93.135.250 - - [07/Dec/2014:14:49:06 -0500] "GET /galeria/nivo-slider/themes/default/loading.gif HTTP/1.1" 200 1737
200.93.135.250 - - [07/Dec/2014:14:49:08 -0500] "GET /galeria/nivo-slider/demo/images/porloshumedales.jpg HTTP/1.1" 200 351238
200.93.135.250 - - [07/Dec/2014:14:49:09 -0500] "GET /galeria/nivo-slider/themes/default/arrows.png HTTP/1.1" 200 824
200.93.135.250 - - [07/Dec/2014:14:49:09 -0500] "GET /galeria/nivo-slider/themes/default/bullets.png HTTP/1.1" 200 1281
188.165.15.241 - - [07/Dec/2014:14:49:16 -0500] "GET /BLA/resoluciones/RESOLUCIONES%202005/RES%202005%202301-2350/00002326.tif HTTP/1.1" 200 503110
180.76.5.17 - - [07/Dec/2014:14:49:33 -0500] "GET /BLA/resoluciones/RESOLUCIONES%202013/1229.pdf HTTP/1.1" 200 405529
180.76.5.192 - - [07/Dec/2014:14:49:37 -0500] "GET /BLA/resoluciones/RESOLUCIONES%202007/RES%202007%201501%20AL%201600/RESOLUCION%201518%20DE%202007.pdf HTTP/1.1" 200 563955
180.76.6.225 - - [07/Dec/2014:14:49:54 -0500] "GET /BLA/resoluciones/RESOLUCIONES%202013/0590.pdf HTTP/1.1" 200 2693075
180.76.6.50 - - [07/Dec/2014:14:49:58 -0500] "GET /BLA/resoluciones/RESOLUCIONES%202010/6666.pdf HTTP/1.1" 200 663958
180.76.6.153 - - [07/Dec/2014:14:50:10 -0500] "GET /BLA/resoluciones/AUTOS%202012/1659.pdf HTTP/1.1" 200 400490
180.76.5.17 - - [07/Dec/2014:14:50:25 -0500] "GET /BLA/resoluciones/RESOLUCIONES%202009/5691.pdf HTTP/1.1" 200 1001593
186.84.50.43 - - [07/Dec/2014:14:50:41 -0500] "POST /forms/lservlet;jsessionid=ac16012b30d57908af430775410a9a859d7a4e2aeca6.e3iSbxaKaheRe34Sa3yKbhiTahb0n6jAmljGr5XDqQLvpAe HTTP/1.1" 200 2
180.76.6.138 - - [07/Dec/2014:14:50:45 -0500] "GET /BLA/resoluciones/RESOLUCIONES%202010/2008.pdf HTTP/1.1" 200 337930
181.50.241.109 - - [07/Dec/2014:14:50:51 -0500] "POST /forms/lservlet;jsessionid=ac16012b30d564bebcb3999c4f529600eb7d36f9f38a.e3iSbxaKaheRe34Sa3yKbhiTahb0n6jAmljGr5XDqQLvpAe HTTP/1.1" 200 2
180.76.6.143 - - [07/Dec/2014:14:50:57 -0500] "GET /BLA/resoluciones/AUTOS%202008/0806.pdf HTTP/1.1" 200 114443
180.76.5.192 - - [07/Dec/2014:14:50:59 -0500] "GET /BLA/resoluciones/RESOLUCIONES%202008/3928.pdf HTTP/1.1" 200 519829
180.76.6.153 - - [07/Dec/2014:14:51:07 -0500] "GET /BLA/resoluciones/RESOLUCIONES%202009/6778.pdf HTTP/1.1" 200 768455
180.76.6.37 - - [07/Dec/2014:14:51:42 -0500] "GET /BLA/resoluciones/RESOLUCIONES%202011/1881.pdf HTTP/1.1" 200 608550
66.249.67.83 - - [07/Dec/2014:14:52:06 -0500] "GET /autoliquidacion/Grupo%20Forestal%20-%20Industria%20de%20la%20Madera/Solicitud%20de%20Salvoconducto%20de%20movilizaci%C3%B3n%20flora.pdf HTTP/1.1" 304 -
66.249.67.75 - - [07/Dec/2014:14:52:19 -0500] "GET /BLA/resoluciones/RESOLUCIONES%202007/RES%202007%201001%20AL%201100/RESOLUCION%201051%20DE%202007.pdf HTTP/1.1" 200 396495
180.76.5.151 - - [07/Dec/2014:14:52:33 -0500] "GET /BLA/resoluciones/RESOLUCIONES%202008/5156.pdf HTTP/1.1" 200 244164
186.84.50.43 - - [07/Dec/2014:14:52:41 -0500] "POST /forms/lservlet;jsessionid=ac16012b30d57908af430775410a9a859d7a4e2aeca6.e3iSbxaKaheRe34Sa3yKbhiTahb0n6jAmljGr5XDqQLvpAe HTTP/1.1" 200 2
157.55.39.103 - - [07/Dec/2014:14:52:40 -0500] "GET /BLA/resoluciones/index.php?dir=RESOLUCIONES%202011/&sort=size&order=asc HTTP/1.1" 200 607271
157.55.39.104 - - [07/Dec/2014:14:52:44 -0500] "GET /BLA/resoluciones/RESOLUCIONES%202009/?C=D;O=D HTTP/1.1" 200 593123
186.86.251.209 - - [07/Dec/2014:14:52:49 -0500] "GET /BLA/boletinlegal/js/jquery.js HTTP/1.1" 200 57254
186.86.251.209 - - [07/Dec/2014:14:52:49 -0500] "GET /BLA/boletinlegal/js/jquery.scrollShow.js HTTP/1.1" 200 4586
186.86.251.209 - - [07/Dec/2014:14:52:49 -0500] "GET /BLA/boletinlegal/js/jquery.scrollTo-min.js HTTP/1.1" 200 1150
157.55.39.104 - - [07/Dec/2014:14:52:47 -0500] "GET /BLA/resoluciones/index.php?dir=RESOLUCIONES%202011/&sort=date&order=asc HTTP/1.1" 200 607392
181.50.241.109 - - [07/Dec/2014:14:52:51 -0500] "POST /forms/lservlet;jsessionid=ac16012b30d564bebcb3999c4f529600eb7d36f9f38a.e3iSbxaKaheRe34Sa3yKbhiTahb0n6jAmljGr5XDqQLvpAe HTTP/1.1" 200 2
157.55.39.104 - - [07/Dec/2014:14:52:51 -0500] "GET /BLA/resoluciones/index.php?dir=RESOLUCIONES%202012/&sort=date&order=asc HTTP/1.1" 200 130695
157.55.39.104 - - [07/Dec/2014:14:52:52 -0500] "GET /BLA/resoluciones/Autos%202008/?C=M;O=D HTTP/1.1" 200 601336
180.76.5.187 - - [07/Dec/2014:14:53:08 -0500] "GET /BLA/resoluciones/RESOLUCIONES%202008/2998.pdf HTTP/1.1" 200 52293
74.86.158.107 - - [07/Dec/2014:14:53:12 -0500] "HEAD / HTTP/1.1" 302 -
157.55.39.13 - - [07/Dec/2014:14:53:10 -0500] "GET /BLA/resoluciones/Autos%202008/?C=D;O=A HTTP/1.1" 200 593318
157.55.39.13 - - [07/Dec/2014:14:53:14 -0500] "GET /BLA/resoluciones/index.php?dir=RESOLUCIONES%202011/&sort=name&order=desc HTTP/1.1" 200 607332
157.55.39.13 - - [07/Dec/2014:14:53:17 -0500] "GET /BLA/resoluciones/AUTOS%202007/0087.pdf HTTP/1.1" 200 112684
157.55.39.13 - - [07/Dec/2014:14:53:17 -0500] "GET /BLA/resoluciones/Autos%202008/?C=N;O=A HTTP/1.1" 200 593318
157.55.39.13 - - [07/Dec/2014:14:53:21 -0500] "GET /BLA/resoluciones/index.php?dir=RESOLUCIONES%202011/&sort=name&order=desc HTTP/1.1" 200 607332
157.55.39.103 - - [07/Dec/2014:14:53:23 -0500] "GET /BLA/resoluciones/Autos%202008/?C=S;O=A HTTP/1.1" 200 593318
157.55.39.13 - - [07/Dec/2014:14:53:25 -0500] "GET /BLA/resoluciones/index.php?dir=RESOLUCIONES%202011/&sort=name&order=asc HTTP/1.1" 200 607384
157.55.39.103 - - [07/Dec/2014:14:53:27 -0500] "GET /BLA/resoluciones/index.php?dir=RESOLUCIONES%202011/&sort=date&order=asc HTTP/1.1" 200 607392
157.55.39.13 - - [07/Dec/2014:14:53:28 -0500] "GET /BLA/resoluciones/index.php?dir=RESOLUCIONES%202010/&sort=size&order=asc HTTP/1.1" 200 607236
188.165.15.64 - - [07/Dec/2014:14:53:34 -0500] "GET /BLA/resoluciones/RESOLUCIONES%202004/RES%202004%20501-550/00000536.tif HTTP/1.1" 200 118596
157.55.39.103 - - [07/Dec/2014:14:53:30 -0500] "GET /BLA/resoluciones/index.php?dir=RESOLUCIONES%202010/&sort=size&order=desc HTTP/1.1" 200 607440
157.55.39.103 - - [07/Dec/2014:14:53:35 -0500] "GET /BLA/resoluciones/RESOLUCIONES%202007/RES%202007%20201%20AL%20300/?C=M;O=D HTTP/1.1" 200 25246
157.55.39.13 - - [07/Dec/2014:14:53:32 -0500] "GET /BLA/resoluciones/index.php?dir=RESOLUCIONES%202010/&sort=date&order=desc HTTP/1.1" 200 607259
157.55.39.103 - - [07/Dec/2014:14:53:35 -0500] "GET /BLA/resoluciones/index.php?dir=RESOLUCIONES%202010/&sort=name&order=asc HTTP/1.1" 200 607298
157.55.39.12 - - [07/Dec/2014:14:53:40 -0500] "GET /BLA/resoluciones/AUTOS%202007/0096.pdf HTTP/1.1" 200 47551
157.55.39.103 - - [07/Dec/2014:14:53:39 -0500] "GET /BLA/resoluciones/index.php?dir=AUTOS+2009%2F HTTP/1.1" 200 393165
157.55.39.12 - - [07/Dec/2014:14:53:37 -0500] "GET /BLA/resoluciones/index.php?dir=RESOLUCIONES%202010/&sort=date&order=asc HTTP/1.1" 200 607274
180.76.5.76 - - [07/Dec/2014:14:53:43 -0500] "GET /BLA/resoluciones/RESOLUCIONES%202009/4391.pdf HTTP/1.1" 200 593410
157.55.39.12 - - [07/Dec/2014:14:53:41 -0500] "GET /BLA/resoluciones/index.php?dir=RESOLUCIONES%202008/&sort=size&order=asc HTTP/1.1" 200 607301
157.55.39.12 - - [07/Dec/2014:14:53:41 -0500] "GET /BLA/resoluciones/index.php?dir=RESOLUCIONES%202008/&sort=date&order=asc HTTP/1.1" 200 607241
157.55.39.12 - - [07/Dec/2014:14:53:45 -0500] "GET /BLA/resoluciones/AUTOS%202007/0071.pdf HTTP/1.1" 200 47261
157.55.39.12 - - [07/Dec/2014:14:53:44 -0500] "GET /BLA/resoluciones/RESOLUCIONES%202009/?C=M;O=A HTTP/1.1" 200 665494
157.55.39.12 - - [07/Dec/2014:14:53:48 -0500] "GET /BLA/resoluciones/AUTOS%202007/0113.pdf HTTP/1.1" 200 167882
157.55.39.12 - - [07/Dec/2014:14:53:48 -0500] "GET /videos/galeria-fotografica/index12.html HTTP/1.1" 200 1971
157.55.39.12 - - [07/Dec/2014:14:53:48 -0500] "GET /BLA/resoluciones/AUTOS%202007/0115.pdf HTTP/1.1" 200 49338
180.76.6.148 - - [07/Dec/2014:14:53:48 -0500] "GET /BLA/resoluciones/RESOLUCIONES%202012/1112.pdf HTTP/1.1" 200 220939
157.55.39.12 - - [07/Dec/2014:14:53:46 -0500] "GET /BLA/resoluciones/Resoluciones%202011/?C=S;O=A HTTP/1.1" 200 593331
157.55.39.12 - - [07/Dec/2014:14:53:49 -0500] "GET /videos/ambiente-ciudad/playlist.htm HTTP/1.1" 200 4429
157.55.39.12 - - [07/Dec/2014:14:53:48 -0500] "GET /BLA/resoluciones/Resoluciones%202011/?C=M;O=D HTTP/1.1" 200 593121
157.55.39.12 - - [07/Dec/2014:14:53:49 -0500] "GET /BLA/resoluciones/AUTOS%202007/?C=M;O=D HTTP/1.1" 200 593318
157.55.39.12 - - [07/Dec/2014:14:53:53 -0500] "GET /resoluciones/RESOLUCIONES%25202007/RES%25202007%25202201%2520AL%25202300/RESOLUCION%25202202%2520DE%25202007.pdf HTTP/1.1" 404 1018
157.55.39.12 - - [07/Dec/2014:14:53:53 -0500] "GET /portalsiaccapacitaciones/list.php HTTP/1.1" 200 4342
157.55.39.12 - - [07/Dec/2014:14:53:52 -0500] "GET /BLA/resoluciones/RESOLUCIONES%202008/?C=N;O=D HTTP/1.1" 200 593209
157.55.39.12 - - [07/Dec/2014:14:53:56 -0500] "GET /manual_funciones/ HTTP/1.1" 404 1018
157.55.39.12 - - [07/Dec/2014:14:53:53 -0500] "GET /BLA/resoluciones/AUTOS%202007/?C=S;O=A HTTP/1.1" 200 593318
157.55.39.12 - - [07/Dec/2014:14:53:56 -0500] "GET /BLA/resoluciones/AUTOS%202009/?C=S;O=A HTTP/1.1" 200 508670
157.55.39.12 - - [07/Dec/2014:14:53:56 -0500] "GET /bla/resoluciones/resoluciones%202011/?C=S;O=A HTTP/1.1" 200 593331
157.55.39.15 - - [07/Dec/2014:14:53:57 -0500] "GET /BLA/resoluciones/index.php?dir=RESOLUCIONES+2008%2F HTTP/1.1" 200 672851
157.55.39.12 - - [07/Dec/2014:14:53:59 -0500] "GET /bla/resoluciones/resoluciones%202011/ HTTP/1.1" 200 601139
157.55.39.13 - - [07/Dec/2014:14:54:02 -0500] "GET /BLA/resoluciones/AUTOS%202007/0090.pdf HTTP/1.1" 200 115960
157.55.39.13 - - [07/Dec/2014:14:54:00 -0500] "GET /bla/resoluciones/resoluciones%202010/?C=N;O=A HTTP/1.1" 200 593332
157.55.39.15 - - [07/Dec/2014:14:54:01 -0500] "GET /BLA/resoluciones/index.php?dir=RESOLUCIONES%202011/&sort=size&order=desc HTTP/1.1" 200 607322
157.55.39.13 - - [07/Dec/2014:14:54:02 -0500] "GET /bla/resoluciones/resoluciones%202009/?C=S;O=D HTTP/1.1" 200 593332
157.55.39.13 - - [07/Dec/2014:14:54:04 -0500] "GET /bla/resoluciones/resoluciones%202009/?C=M;O=A HTTP/1.1" 200 593332
157.55.39.13 - - [07/Dec/2014:14:54:07 -0500] "GET /BLA/resoluciones/AUTOS%202007/0066.pdf HTTP/1.1" 200 46583
157.55.39.15 - - [07/Dec/2014:14:54:04 -0500] "GET /BLA/resoluciones/RESOLUCIONES%202009/?C=S;O=A HTTP/1.1" 200 593122
180.76.5.76 - - [07/Dec/2014:14:54:08 -0500] "GET /BLA/resoluciones/AUTOS%202013/0474.pdf HTTP/1.1" 200 1756128
180.76.6.132 - - [07/Dec/2014:14:54:08 -0500] "GET /BLA/resoluciones/RESOLUCIONES%202010/5911.pdf HTTP/1.1" 200 995134
157.55.39.13 - - [07/Dec/2014:14:54:06 -0500] "GET /bla/resoluciones/RESOLUCIONES%202011/?C=S;O=A HTTP/1.1" 200 593331
157.55.39.13 - - [07/Dec/2014:14:54:10 -0500] "GET /BLA/resoluciones/AUTOS%202007/0102.pdf HTTP/1.1" 200 47693
157.55.39.13 - - [07/Dec/2014:14:54:10 -0500] "GET /BLA/resoluciones/AUTOS%202007/0081.pdf HTTP/1.1" 200 49854
157.55.39.13 - - [07/Dec/2014:14:54:08 -0500] "GET /bla/resoluciones/RESOLUCIONES%202011/?C=M;O=D HTTP/1.1" 200 593121
157.55.39.15 - - [07/Dec/2014:14:54:08 -0500] "GET /BLA/resoluciones/RESOLUCIONES%202008/?C=D;O=A HTTP/1.1" 200 593120
157.55.39.15 - - [07/Dec/2014:14:54:11 -0500] "GET /BLA/resoluciones/AUTOS%202007/0112.pdf HTTP/1.1" 200 115958
157.55.39.15 - - [07/Dec/2014:14:54:12 -0500] "GET /BLA/resoluciones/AUTOS%202007/0070.pdf HTTP/1.1" 200 177441
157.55.39.15 - - [07/Dec/2014:14:54:12 -0500] "GET /BLA/resoluciones/AUTOS%202007/0114.pdf HTTP/1.1" 200 225872
157.55.39.13 - - [07/Dec/2014:14:54:11 -0500] "GET /bla/resoluciones/RESOLUCIONES%202009/?C=S;O=D HTTP/1.1" 200 593332
157.55.39.15 - - [07/Dec/2014:14:54:12 -0500] "GET /BLA/resoluciones/RESOLUCIONES%202008/?C=N;O=A HTTP/1.1" 200 593120
66.249.67.67 - - [07/Dec/2014:14:54:16 -0500] "GET /BLA/resoluciones/RESOLUCIONES%202002/RES%202002%20451-500/00000494.tif HTTP/1.1" 200 354148
157.55.39.13 - - [07/Dec/2014:14:54:14 -0500] "GET /bla/resoluciones/RESOLUCIONES%202009/?C=M;O=A HTTP/1.1" 200 593332
157.55.39.15 - - [07/Dec/2014:14:54:16 -0500] "GET /BLA/resoluciones/Resoluciones%202011/?C=M;O=A HTTP/1.1" 200 593144
157.55.39.15 - - [07/Dec/2014:14:54:20 -0500] "GET /BLA/resoluciones/AUTOS%202007/?C=M;O=A HTTP/1.1" 200 593318
157.55.39.15 - - [07/Dec/2014:14:54:23 -0500] "GET /silvicultura/13.pdf HTTP/1.1" 404 1018
157.55.39.15 - - [07/Dec/2014:14:54:23 -0500] "GET /BLA/resoluciones/RESOLUCIONES%202011/3785.pdf HTTP/1.1" 200 633776
157.55.39.15 - - [07/Dec/2014:14:54:24 -0500] "GET /portalsiaccapacitaciones/Decreto%20243%20de%202009%20-%2020%20de%20Junio.pdf HTTP/1.1" 404 1018
157.55.39.15 - - [07/Dec/2014:14:54:24 -0500] "GET /BLA/resoluciones/AUTOS%202009/?C=M;O=A HTTP/1.1" 200 508670
157.55.39.15 - - [07/Dec/2014:14:54:27 -0500] "GET /BLA/resoluciones/AUTOS%202011/?C=M;O=D HTTP/1.1" 200 593318
157.55.39.16 - - [07/Dec/2014:14:54:27 -0500] "GET /BLA/resoluciones/AUTOS%202011/?C=S;O=A HTTP/1.1" 200 593318
157.55.39.16 - - [07/Dec/2014:14:54:31 -0500] "GET /BLA/boletinlegal/norma_menu.php HTTP/1.1" 200 5286
157.55.39.16 - - [07/Dec/2014:14:54:31 -0500] "GET /BLA/boletinlegal/notificaciones.php HTTP/1.1" 200 8941
157.55.39.16 - - [07/Dec/2014:14:54:32 -0500] "GET /BLA/normatividad.php?ordenar=mas HTTP/1.1" 404 1018
157.55.39.16 - - [07/Dec/2014:14:54:32 -0500] "GET /BLA/resoluciones/AUTOS%202007/0067.pdf HTTP/1.1" 200 108402
157.55.39.13 - - [07/Dec/2014:14:54:33 -0500] "GET /BLA/resoluciones/AUTOS%202007/0104.pdf HTTP/1.1" 200 47781
157.55.39.16 - - [07/Dec/2014:14:54:30 -0500] "GET /BLA/resoluciones/RESOLUCIONES%202010/?C=N;O=D HTTP/1.1" 200 593332
157.55.39.13 - - [07/Dec/2014:14:54:34 -0500] "GET /arcgis/services/Calidad_del_Agua_WQI/MapServer?wsdl HTTP/1.1" 200 97541
157.55.39.13 - - [07/Dec/2014:14:54:35 -0500] "GET /BLA/resoluciones/AUTOS%202007/0077.pdf HTTP/1.1" 200 47848
157.55.39.12 - - [07/Dec/2014:14:54:35 -0500] "GET /Residuos/quimicos/quimicos.html HTTP/1.1" 404 1018
157.55.39.16 - - [07/Dec/2014:14:54:34 -0500] "GET /bla/resoluciones/RESOLUCIONES%202011/?C=M;O=A HTTP/1.1" 200 593144
157.55.39.15 - - [07/Dec/2014:14:54:37 -0500] "GET /videos/galeria-fotografica/index13.html HTTP/1.1" 200 1971
157.55.39.15 - - [07/Dec/2014:14:54:37 -0500] "GET /BLA/resoluciones/AUTOS%202007/0103.pdf HTTP/1.1" 200 46790
181.54.49.50 - - [07/Dec/2014:14:48:38 -0500] "GET /ForestMSG_SDA/channelAsync/template_word_12917835?X-Atmosphere-tracking-id=fd572502-da65-cd96-bcba-51ccc6eba2d9&X-Atmosphere-Framework=1.0.5&X-Atmosphere-Transport=long-polling&tabid=0.08471568394452333&X-Cache-Date=0&Content-Type=application/xml&_=1417981858609 HTTP/1.1" 200 8193
157.55.39.15 - - [07/Dec/2014:14:54:38 -0500] "GET /BLA/resoluciones/AUTOS%202007/0080.pdf HTTP/1.1" 200 48073
157.55.39.15 - - [07/Dec/2014:14:54:38 -0500] "GET /BLA/resoluciones/AUTOS%202007/0105.pdf HTTP/1.1" 200 46742
157.55.39.12 - - [07/Dec/2014:14:54:35 -0500] "GET /BLA/resoluciones/RESOLUCIONES%202010/?C=D;O=A HTTP/1.1" 200 593332
157.55.39.15 - - [07/Dec/2014:14:54:39 -0500] "GET /BLA/resoluciones/AUTOS%202007/0097.pdf HTTP/1.1" 200 47313
157.55.39.12 - - [07/Dec/2014:14:54:39 -0500] "GET /BLA/resoluciones/AUTOS%202007/0108.pdf HTTP/1.1" 200 46791
157.55.39.15 - - [07/Dec/2014:14:54:39 -0500] "GET /BLA/resoluciones/AUTOS%202007/0076.pdf HTTP/1.1" 200 48052
157.55.39.12 - - [07/Dec/2014:14:54:39 -0500] "GET /PORTAL_SIAC/Resoluci%c3%b3n%20242%20de%202014%20(Lineamientos%20PIGA).pdf HTTP/1.1" 200 522095
157.55.39.15 - - [07/Dec/2014:14:54:39 -0500] "GET /BLA/resoluciones/AUTOS%202007/0086.pdf HTTP/1.1" 200 49221
157.55.39.15 - - [07/Dec/2014:14:54:40 -0500] "GET /webfile/?tramite=2712 HTTP/1.1" 200 361
157.55.39.15 - - [07/Dec/2014:14:54:40 -0500] "GET /BLA/resoluciones/AUTOS%202007/0109.pdf HTTP/1.1" 200 47477
157.55.39.15 - - [07/Dec/2014:14:54:40 -0500] "GET /BLA/resoluciones/index.php?dir=RESOLUCIONES+2014%2F HTTP/1.1" 200 37597
186.84.50.43 - - [07/Dec/2014:14:54:41 -0500] "POST /forms/lservlet;jsessionid=ac16012b30d57908af430775410a9a859d7a4e2aeca6.e3iSbxaKaheRe34Sa3yKbhiTahb0n6jAmljGr5XDqQLvpAe HTTP/1.1" 200 2
157.55.39.15 - - [07/Dec/2014:14:54:41 -0500] "GET /BLA/resoluciones/index.php?dir=RESOLUCIONES+2013%2F HTTP/1.1" 200 121905
157.55.39.15 - - [07/Dec/2014:14:54:42 -0500] "GET /BLA/resoluciones/AUTOS%202007/0091.pdf HTTP/1.1" 200 115208
157.55.39.103 - - [07/Dec/2014:14:54:40 -0500] "GET /BLA/resoluciones/RESOLUCIONES%202008/?C=M;O=A HTTP/1.1" 200 593120
157.55.39.103 - - [07/Dec/2014:14:54:43 -0500] "GET /BLA/resoluciones/AUTOS%202007/0111.pdf HTTP/1.1" 200 47819
157.55.39.103 - - [07/Dec/2014:14:54:44 -0500] "GET /videos/galeria-fotografica/index10.html HTTP/1.1" 200 1971
157.55.39.103 - - [07/Dec/2014:14:54:44 -0500] "GET /BLA/resoluciones/Resoluciones%202011/?C=N;O=A HTTP/1.1" 200 593121
180.76.6.40 - - [07/Dec/2014:14:54:48 -0500] "GET /BLA/resoluciones/RESOLUCIONES%202011/0904.pdf HTTP/1.1" 200 385148
180.76.6.65 - - [07/Dec/2014:14:54:50 -0500] "GET /BLA/resoluciones/RESOLUCIONES%202011/3798.pdf HTTP/1.1" 200 529507
181.50.241.109 - - [07/Dec/2014:14:54:51 -0500] "POST /forms/lservlet;jsessionid=ac16012b30d564bebcb3999c4f529600eb7d36f9f38a.e3iSbxaKaheRe34Sa3yKbhiTahb0n6jAmljGr5XDqQLvpAe HTTP/1.1" 200 2
157.55.39.103 - - [07/Dec/2014:14:54:47 -0500] "GET /BLA/resoluciones/AUTOS%202007/?C=D;O=A HTTP/1.1" 200 593318
157.55.39.104 - - [07/Dec/2014:14:54:51 -0500] "GET /silvicultura/6.pdf HTTP/1.1" 404 1018
157.55.39.104 - - [07/Dec/2014:14:54:51 -0500] "GET /BLA/resoluciones/RESOLUCIONES%202009/?C=N;O=D HTTP/1.1" 200 593123
157.55.39.104 - - [07/Dec/2014:14:54:55 -0500] "GET /BLA/resoluciones/Resoluciones%202011/?C=D;O=A HTTP/1.1" 200 593121
180.76.6.137 - - [07/Dec/2014:14:54:58 -0500] "GET /BLA/resoluciones/RESOLUCIONES%202008/4997.pdf HTTP/1.1" 200 238572
157.55.39.104 - - [07/Dec/2014:14:54:58 -0500] "GET /BLA/resoluciones/AUTOS%202007/0085.pdf HTTP/1.1" 200 48000
157.55.39.104 - - [07/Dec/2014:14:54:59 -0500] "GET /BLA/resoluciones/AUTOS%202007/?C=N;O=A HTTP/1.1" 200 593318
157.55.39.104 - - [07/Dec/2014:14:55:03 -0500] "GET /BLA/resoluciones/RESOLUCIONES%202012/ HTTP/1.1" 200 160746
157.55.39.104 - - [07/Dec/2014:14:55:04 -0500] "GET /resoluciones/RESOLUCIONES%202009/9704.pdf HTTP/1.1" 404 1018
157.55.39.104 - - [07/Dec/2014:14:55:04 -0500] "GET /BLA/resoluciones/RESOLUCIONES%202010/?C=S;O=A HTTP/1.1" 200 593332
157.55.39.104 - - [07/Dec/2014:14:55:08 -0500] "GET /BLA/resoluciones/RESOLUCIONES%202008/?C=S;O=D HTTP/1.1" 200 592914
157.55.39.192 - - [07/Dec/2014:14:55:10 -0500] "GET /BLA/resoluciones/Autos%202008/?C=M;O=A HTTP/1.1" 200 593318
157.55.39.192 - - [07/Dec/2014:14:55:13 -0500] "GET /BLA/resoluciones/RESOLUCIONES%202010/0906.pdf HTTP/1.1" 200 141118
157.55.39.104 - - [07/Dec/2014:14:55:11 -0500] "GET /BLA/resoluciones/AUTOS%202009/?C=D;O=A HTTP/1.1" 200 508670
157.55.39.104 - - [07/Dec/2014:14:55:14 -0500] "GET /galeria/juegos/rompecabezas/ HTTP/1.1" 200 1108
157.55.39.192 - - [07/Dec/2014:14:55:13 -0500] "GET /BLA/resoluciones/Autos%202008/?C=S;O=D HTTP/1.1" 200 593318
157.55.39.104 - - [07/Dec/2014:14:55:15 -0500] "GET /bla/resoluciones/resoluciones%202011/?C=N;O=A HTTP/1.1" 200 593121
186.80.192.144 - - [07/Dec/2014:14:55:18 -0500] "GET /BLA/boletinlegal/js/jquery.scrollTo-min.js HTTP/1.1" 200 1150
186.80.192.144 - - [07/Dec/2014:14:55:18 -0500] "GET /BLA/boletinlegal/js/jquery.js HTTP/1.1" 200 57254
186.80.192.144 - - [07/Dec/2014:14:55:18 -0500] "GET /BLA/boletinlegal/js/jquery.scrollShow.js HTTP/1.1" 200 4586
157.55.39.192 - - [07/Dec/2014:14:55:17 -0500] "GET /BLA/resoluciones/RESOLUCIONES%202009/?C=N;O=A HTTP/1.1" 200 593331
157.55.39.192 - - [07/Dec/2014:14:55:21 -0500] "GET /BLA/resoluciones/AUTOS%202007/0088.pdf HTTP/1.1" 200 114221
157.55.39.104 - - [07/Dec/2014:14:55:18 -0500] "GET /BLA/resoluciones/AUTOS%202011/?C=D;O=D HTTP/1.1" 200 593318
157.55.39.103 - - [07/Dec/2014:14:55:21 -0500] "GET /bla/resoluciones/resoluciones%202010/?C=S;O=A HTTP/1.1" 200 593332
157.55.39.103 - - [07/Dec/2014:14:55:25 -0500] "GET /BLA/resoluciones/AUTOS%202011/?C=N;O=D HTTP/1.1" 200 593318
157.55.39.192 - - [07/Dec/2014:14:55:24 -0500] "GET /BLA/resoluciones/index.php?dir=RESOLUCIONES%202010/&sort=name&order=desc HTTP/1.1" 200 656486
157.55.39.191 - - [07/Dec/2014:14:55:30 -0500] "GET /BLA/resoluciones/RESOLUCIONES%202007/RES%202007%20701%20AL%20800/RESOLUCION%200762%20DE%202007.pdf HTTP/1.1" 200 295850
157.55.39.103 - - [07/Dec/2014:14:55:28 -0500] "GET /bla/resoluciones/resoluciones%202010/?C=M;O=D HTTP/1.1" 200 593332
157.55.39.103 - - [07/Dec/2014:14:55:32 -0500] "GET /BLA/resoluciones/AUTOS%202012/0946.pdf HTTP/1.1" 200 170639
157.55.39.103 - - [07/Dec/2014:14:55:32 -0500] "GET /BLA/resoluciones/AUTOS%202007/0094.pdf HTTP/1.1" 200 46980
157.55.39.103 - - [07/Dec/2014:14:55:33 -0500] "GET /BLA/resoluciones/AUTOS%202007/0064.pdf HTTP/1.1" 200 106997
157.55.39.191 - - [07/Dec/2014:14:55:30 -0500] "GET /BLA/resoluciones/index.php?dir=RESOLUCIONES%202008/&sort=name&order=desc HTTP/1.1" 200 607266
157.55.39.103 - - [07/Dec/2014:14:55:33 -0500] "GET /bla/resoluciones/RESOLUCIONES%202011/?C=N;O=A HTTP/1.1" 200 593121
157.55.39.191 - - [07/Dec/2014:14:55:33 -0500] "GET /BLA/resoluciones/RESOLUCIONES%202010/?C=S;O=D HTTP/1.1" 200 593332
157.55.39.103 - - [07/Dec/2014:14:55:37 -0500] "GET /BLA/resoluciones/AUTOS%202007/0068.pdf HTTP/1.1" 200 174173
157.55.39.103 - - [07/Dec/2014:14:55:37 -0500] "GET /BLA/resoluciones/AUTOS%202007/0100.pdf HTTP/1.1" 200 47556
157.55.39.191 - - [07/Dec/2014:14:55:37 -0500] "GET /BLA/resoluciones/Resoluciones%202011/?C=N;O=D HTTP/1.1" 200 593122
157.55.39.191 - - [07/Dec/2014:14:55:40 -0500] "GET /BLA/resoluciones/AUTOS%202007/0093.pdf HTTP/1.1" 200 116054
157.55.39.103 - - [07/Dec/2014:14:55:37 -0500] "GET /BLA/resoluciones/RESOLUCIONES%202010/?C=M;O=D HTTP/1.1" 200 593332
157.55.39.191 - - [07/Dec/2014:14:55:42 -0500] "GET /videos/galeria-cronicas/3wnplaylist.htm HTTP/1.1" 200 4170
157.55.39.191 - - [07/Dec/2014:14:55:42 -0500] "GET /silvicultura/7.pdf HTTP/1.1" 404 1018
180.76.6.145 - - [07/Dec/2014:14:55:42 -0500] "GET /BLA/resoluciones/RESOLUCIONES%202010/7335.pdf HTTP/1.1" 200 520814
157.55.39.191 - - [07/Dec/2014:14:55:41 -0500] "GET /BLA/resoluciones/RESOLUCIONES%202008/?C=M;O=D HTTP/1.1" 200 593209
157.55.39.191 - - [07/Dec/2014:14:55:42 -0500] "GET /BLA/resoluciones/AUTOS%202007/?C=D;O=D HTTP/1.1" 200 593318
157.55.39.191 - - [07/Dec/2014:14:55:45 -0500] "GET /silvicultura/1.pdf HTTP/1.1" 404 1018
157.55.39.191 - - [07/Dec/2014:14:55:44 -0500] "GET /BLA/resoluciones/Resoluciones%202011/?C=D;O=D HTTP/1.1" 200 593122
157.55.39.191 - - [07/Dec/2014:14:55:46 -0500] "GET /BLA/resoluciones/AUTOS%202007/?C=N;O=D HTTP/1.1" 200 593318
157.55.39.191 - - [07/Dec/2014:14:55:49 -0500] "GET /portalsiaccapacitaciones/MATRIZ%20NORMATIVA%20AMBIENTAL.pdf HTTP/1.1" 404 1018
157.55.39.191 - - [07/Dec/2014:14:55:49 -0500] "GET /BLA/resoluciones/AUTOS%202007/0099.pdf HTTP/1.1" 200 48353
157.55.39.191 - - [07/Dec/2014:14:55:50 -0500] "GET /BLA/resoluciones/AUTOS%202010/5376.pdf HTTP/1.1" 200 2660292
157.55.39.191 - - [07/Dec/2014:14:55:50 -0500] "GET /BLA/resoluciones/AUTOS%202011/1721.pdf HTTP/1.1" 200 183757
157.55.39.191 - - [07/Dec/2014:14:55:48 -0500] "GET /BLA/resoluciones/RESOLUCIONES%202008/?C=S;O=A HTTP/1.1" 200 737317
180.76.5.196 - - [07/Dec/2014:14:55:52 -0500] "GET /BLA/resoluciones/RESOLUCIONES%202009/0953.pdf HTTP/1.1" 200 719287
157.55.39.191 - - [07/Dec/2014:14:55:51 -0500] "GET /bla/resoluciones/resoluciones%202011/?C=N;O=D HTTP/1.1" 200 593122
157.55.39.191 - - [07/Dec/2014:14:55:54 -0500] "GET /BLA/resoluciones/AUTOS%202012/0412.pdf HTTP/1.1" 200 192702
157.55.39.191 - - [07/Dec/2014:14:55:52 -0500] "GET /BLA/resoluciones/AUTOS%202011/?C=D;O=A HTTP/1.1" 200 593318
157.55.39.191 - - [07/Dec/2014:14:55:55 -0500] "GET /bla/resoluciones/resoluciones%202010/?C=M;O=A HTTP/1.1" 200 593332
157.55.39.191 - - [07/Dec/2014:14:55:56 -0500] "GET /bla/resoluciones/resoluciones%202010/ HTTP/1.1" 200 593332
157.55.39.191 - - [07/Dec/2014:14:55:59 -0500] "GET /bla/resoluciones/resoluciones%202009/?C=N;O=A HTTP/1.1" 200 593331
157.55.39.191 - - [07/Dec/2014:14:56:02 -0500] "GET /BLA/resoluciones/AUTOS%202007/0063.pdf HTTP/1.1" 200 47747
157.55.39.191 - - [07/Dec/2014:14:56:00 -0500] "GET /bla/resoluciones/resoluciones%202009/?C=D;O=A HTTP/1.1" 200 665493
157.55.39.191 - - [07/Dec/2014:14:56:04 -0500] "GET /BLA/resoluciones/AUTOS%202007/0084.pdf HTTP/1.1" 200 47740
157.55.39.191 - - [07/Dec/2014:14:56:03 -0500] "GET /bla/resoluciones/autos%202010/?C=S;O=A HTTP/1.1" 200 275939
157.55.39.191 - - [07/Dec/2014:14:56:05 -0500] "GET /BLA/resoluciones/AUTOS%202007/0065.pdf HTTP/1.1" 200 118216
180.76.5.23 - - [07/Dec/2014:14:56:05 -0500] "GET /portalsiaccapacitaciones/Presentaci%C3%B3n%20Hospitalarios%20(Clasificaci%C3%B3n,%20Cuantificaci%C3%B3n)%20-%20Lista%20de%20asistencia%2023-05-13.pdf HTTP/1.1" 404 1018
157.55.39.192 - - [07/Dec/2014:14:56:04 -0500] "GET /BLA/resoluciones/RESOLUCIONES%202009/?C=D;O=A HTTP/1.1" 200 593331
157.55.39.192 - - [07/Dec/2014:14:56:08 -0500] "GET /BLA/resoluciones/AUTOS%202007/0069.pdf HTTP/1.1" 200 46663
157.55.39.192 - - [07/Dec/2014:14:56:05 -0500] "GET /bla/resoluciones/RESOLUCIONES%202011/?C=N;O=D HTTP/1.1" 200 593122
157.55.39.192 - - [07/Dec/2014:14:56:09 -0500] "GET /BLA/resoluciones/AUTOS%202007/0101.pdf HTTP/1.1" 200 47341
157.55.39.192 - - [07/Dec/2014:14:56:09 -0500] "GET /BLA/resoluciones/AUTOS%202007/0082.pdf HTTP/1.1" 200 47696
157.55.39.192 - - [07/Dec/2014:14:56:10 -0500] "GET /bla/resoluciones/RESOLUCIONES%202011/6562.pdf HTTP/1.1" 200 2684501
186.83.69.11 - - [07/Dec/2014:14:56:11 -0500] "GET /BLA/boletinlegal/js/jquery.scrollTo-min.js HTTP/1.1" 200 1150
186.83.69.11 - - [07/Dec/2014:14:56:11 -0500] "GET /BLA/boletinlegal/js/jquery.js HTTP/1.1" 200 57254
186.83.69.11 - - [07/Dec/2014:14:56:11 -0500] "GET /BLA/boletinlegal/js/jquery.scrollShow.js HTTP/1.1" 200 4586
157.55.39.192 - - [07/Dec/2014:14:56:08 -0500] "GET /bla/resoluciones/RESOLUCIONES%202011/?C=D;O=D HTTP/1.1" 200 593122
157.55.39.192 - - [07/Dec/2014:14:56:10 -0500] "GET /bla/resoluciones/RESOLUCIONES%202009/?C=N;O=A HTTP/1.1" 200 593331
157.55.39.192 - - [07/Dec/2014:14:56:14 -0500] "GET /BLA/resoluciones/RESOLUCIONES%202010/?C=M;O=A HTTP/1.1" 200 593332
157.55.39.192 - - [07/Dec/2014:14:56:18 -0500] "GET /BLA/resoluciones/AUTOS%202007/0078.pdf HTTP/1.1" 200 108666
157.55.39.192 - - [07/Dec/2014:14:56:18 -0500] "GET /bla/resoluciones/RESOLUCIONES%202009/?C=D;O=A HTTP/1.1" 200 593331
157.55.39.192 - - [07/Dec/2014:14:56:24 -0500] "GET /BLA/resoluciones/AUTOS%202007/0107.pdf HTTP/1.1" 200 47486
157.55.39.192 - - [07/Dec/2014:14:56:25 -0500] "GET /videos/galeria-fotografica/index3.html HTTP/1.1" 200 1972
157.55.39.192 - - [07/Dec/2014:14:56:25 -0500] "GET /BLA/resoluciones/AUTOS%202007/0095.pdf HTTP/1.1" 200 116197
157.55.39.192 - - [07/Dec/2014:14:56:25 -0500] "GET /BLA/resoluciones/AUTOS%202007/0074.pdf HTTP/1.1" 200 46484
157.55.39.103 - - [07/Dec/2014:14:56:31 -0500] "GET /bla/resoluciones/RESOLUCIONES%202011/?C=D;O=A HTTP/1.1" 200 593121
157.55.39.103 - - [07/Dec/2014:14:56:34 -0500] "GET /bla/resoluciones/RESOLUCIONES%202011/3274.pdf HTTP/1.1" 200 226890
157.55.39.103 - - [07/Dec/2014:14:56:34 -0500] "GET /BLA/resoluciones/AUTOS%202007/0098.pdf HTTP/1.1" 200 115678
161.10.193.46 - - [07/Dec/2014:14:56:37 -0500] "GET /autoliquidacion/TR%C3%81MITES%20MINER%C3%8DA/126PM04-PR39-M-A6-V5.0%20Terminos%20de%20referencia%20PMRRA%5B1%5D.doc HTTP/1.1" 200 384000
157.55.39.103 - - [07/Dec/2014:14:56:35 -0500] "GET /bla/resoluciones/RESOLUCIONES%202009/?C=N;O=D HTTP/1.1" 200 593123
180.76.5.74 - - [07/Dec/2014:14:56:38 -0500] "GET /BLA/resoluciones/RESOLUCIONES%202009/2074.pdf HTTP/1.1" 200 444472
157.55.39.103 - - [07/Dec/2014:14:56:38 -0500] "GET /BLA/resoluciones/AUTOS%202007/0079.pdf HTTP/1.1" 200 47517
186.84.50.43 - - [07/Dec/2014:14:56:41 -0500] "POST /forms/lservlet;jsessionid=ac16012b30d57908af430775410a9a859d7a4e2aeca6.e3iSbxaKaheRe34Sa3yKbhiTahb0n6jAmljGr5XDqQLvpAe HTTP/1.1" 200 2
157.55.39.103 - - [07/Dec/2014:14:56:39 -0500] "GET /bla/resoluciones/RESOLUCIONES%202009/?C=D;O=D HTTP/1.1" 200 593123
157.55.39.103 - - [07/Dec/2014:14:56:43 -0500] "GET /BLA/resoluciones/AUTOS%202007/0089.pdf HTTP/1.1" 200 47474
157.55.39.103 - - [07/Dec/2014:14:56:43 -0500] "GET /videos/galeria-fotografica/index17.html HTTP/1.1" 200 1971
157.55.39.103 - - [07/Dec/2014:14:56:43 -0500] "GET /BLA/resoluciones/AUTOS%202007/0106.pdf HTTP/1.1" 200 47319
186.31.26.2 - - [07/Dec/2014:14:56:47 -0500] "GET /BLA/resoluciones/RESOLUCIONES%202008/3675.pdf HTTP/1.1" 200 383468
186.31.26.2 - - [07/Dec/2014:14:56:47 -0500] "GET /BLA/resoluciones/RESOLUCIONES%202008/3675.pdf HTTP/1.1" 206 32768
157.55.39.104 - - [07/Dec/2014:14:56:47 -0500] "GET /Residuos/textiles/textiles.html HTTP/1.1" 404 1018
157.55.39.104 - - [07/Dec/2014:14:56:47 -0500] "GET /videos/galeria-fotografica/index2.html HTTP/1.1" 200 1971
186.31.26.2 - - [07/Dec/2014:14:56:47 -0500] "GET /BLA/resoluciones/RESOLUCIONES%202008/3675.pdf HTTP/1.1" 206 350700
157.55.39.104 - - [07/Dec/2014:14:56:47 -0500] "GET /BLA/resoluciones/AUTOS%202007/0092.pdf HTTP/1.1" 200 47469
157.55.39.104 - - [07/Dec/2014:14:56:48 -0500] "GET /Residuos/pinturas/pinturas.html HTTP/1.1" 404 1018
157.55.39.104 - - [07/Dec/2014:14:56:48 -0500] "GET /Residuos/metalmecanica/metalmecanica.html HTTP/1.1" 404 1018
157.55.39.104 - - [07/Dec/2014:14:56:48 -0500] "GET /BLA/resoluciones/AUTOS%202007/0075.pdf HTTP/1.1" 200 113553
157.55.39.104 - - [07/Dec/2014:14:56:48 -0500] "GET /Residuos/farmaceutica/farmaceutica.html HTTP/1.1" 404 1018
157.55.39.104 - - [07/Dec/2014:14:56:48 -0500] "GET /BLA/resoluciones/AUTOS%202007/0073.pdf HTTP/1.1" 200 45966
157.55.39.104 - - [07/Dec/2014:14:56:49 -0500] "GET /BLA/resoluciones/AUTOS%202013/0337.pdf HTTP/1.1" 200 1643530
186.31.26.2 - - [07/Dec/2014:14:56:49 -0500] "GET /favicon.ico HTTP/1.1" 200 7782
181.50.241.109 - - [07/Dec/2014:14:56:51 -0500] "POST /forms/lservlet;jsessionid=ac16012b30d564bebcb3999c4f529600eb7d36f9f38a.e3iSbxaKaheRe34Sa3yKbhiTahb0n6jAmljGr5XDqQLvpAe HTTP/1.1" 200 2
157.55.39.191 - - [07/Dec/2014:14:57:00 -0500] "GET /robots.txt HTTP/1.1" 404 1018
157.55.39.191 - - [07/Dec/2014:14:57:00 -0500] "GET /BLA/resoluciones/AUTOS%202007/0110.pdf HTTP/1.1" 200 48289
157.55.39.191 - - [07/Dec/2014:14:57:01 -0500] "GET /BLA/resoluciones/AUTOS%202007/0072.pdf HTTP/1.1" 200 48179
66.249.67.83 - - [07/Dec/2014:14:57:22 -0500] "GET /BLA/resoluciones/RESOLUCIONES%202009/5835.pdf HTTP/1.1" 200 519817
181.137.141.2 - - [07/Dec/2014:14:57:34 -0500] "POST /stormWeb/login.do HTTP/1.1" 200 12120
181.137.141.2 - - [07/Dec/2014:14:57:38 -0500] "POST /stormWeb/login.do HTTP/1.1" 200 12119
188.165.15.162 - - [07/Dec/2014:14:57:52 -0500] "GET /BLA/resoluciones/index.php?dir=RESOLUCIONES%202006/RES%202006%201801-1850/&sort=date&order=asc HTTP/1.1" 200 12357
157.55.39.104 - - [07/Dec/2014:14:57:55 -0500] "-" 408 -
181.137.141.2 - - [07/Dec/2014:14:58:02 -0500] "POST /stormWeb/login.do HTTP/1.1" 200 12119
181.137.141.2 - - [07/Dec/2014:14:58:03 -0500] "POST /stormWeb/login.do HTTP/1.1" 200 12119
74.86.158.107 - - [07/Dec/2014:14:58:12 -0500] "HEAD / HTTP/1.1" 302 -
181.137.141.2 - - [07/Dec/2014:14:58:16 -0500] "POST /stormWeb/login.do HTTP/1.1" 200 12118
181.137.141.2 - - [07/Dec/2014:14:58:23 -0500] "POST /stormWeb/login.do HTTP/1.1" 200 12118
181.137.141.2 - - [07/Dec/2014:14:58:33 -0500] "POST /stormWeb/login.do HTTP/1.1" 200 12119
220.181.108.116 - - [07/Dec/2014:14:58:40 -0500] "GET /BLA/resoluciones/RESOLUCIONES%202008/0567.pdf HTTP/1.1" 200 264060
186.84.50.43 - - [07/Dec/2014:14:58:41 -0500] "POST /forms/lservlet;jsessionid=ac16012b30d57908af430775410a9a859d7a4e2aeca6.e3iSbxaKaheRe34Sa3yKbhiTahb0n6jAmljGr5XDqQLvpAe HTTP/1.1" 200 2
191.79.254.66 - - [07/Dec/2014:14:58:46 -0500] "GET /BLA/boletinlegal/js/jquery.js HTTP/1.1" 200 57254
191.79.254.66 - - [07/Dec/2014:14:58:46 -0500] "GET /BLA/boletinlegal/js/jquery.scrollShow.js HTTP/1.1" 200 4586
191.79.254.66 - - [07/Dec/2014:14:58:46 -0500] "GET /BLA/boletinlegal/js/jquery.scrollTo-min.js HTTP/1.1" 200 1150
181.50.241.109 - - [07/Dec/2014:14:58:51 -0500] "POST /forms/lservlet;jsessionid=ac16012b30d564bebcb3999c4f529600eb7d36f9f38a.e3iSbxaKaheRe34Sa3yKbhiTahb0n6jAmljGr5XDqQLvpAe HTTP/1.1" 200 2
181.137.141.2 - - [07/Dec/2014:14:59:05 -0500] "GET /StormSDA/user.jnlp HTTP/1.1" 200 1420
181.137.141.2 - - [07/Dec/2014:14:59:09 -0500] "GET /StormSDA/userFiles/user_files.jnlp HTTP/1.1" 304 -
181.137.141.2 - - [07/Dec/2014:14:59:09 -0500] "GET /StormSDA/lib/lib.jnlp HTTP/1.1" 304 -
181.137.141.2 - - [07/Dec/2014:14:59:09 -0500] "GET /StormSDA/nsjars/nsjars.jnlp HTTP/1.1" 304 -
181.137.141.2 - - [07/Dec/2014:14:59:09 -0500] "GET /StormSDA/storm/XMLFormula.jar HTTP/1.1" 304 -
181.137.141.2 - - [07/Dec/2014:14:59:09 -0500] "GET /StormSDA/storm/userHelp.jar HTTP/1.1" 304 -
181.137.141.2 - - [07/Dec/2014:14:59:09 -0500] "GET /StormSDA/storm/Utils.jar HTTP/1.1" 304 -
181.137.141.2 - - [07/Dec/2014:14:59:09 -0500] "GET /StormSDA/StormUser21.jar HTTP/1.1" 304 -
181.137.141.2 - - [07/Dec/2014:14:59:09 -0500] "GET /StormSDA/storm/StormUser.jar HTTP/1.1" 304 -
181.137.141.2 - - [07/Dec/2014:14:59:09 -0500] "GET /StormSDA/storm/STORMParser.jar HTTP/1.1" 304 -
181.137.141.2 - - [07/Dec/2014:14:59:09 -0500] "GET /StormSDA/storm/STORMFormula.jar HTTP/1.1" 304 -
181.137.141.2 - - [07/Dec/2014:14:59:09 -0500] "GET /StormSDA/storm/stormNewServer.jar HTTP/1.1" 304 -
181.137.141.2 - - [07/Dec/2014:14:59:09 -0500] "GET /StormSDA/storm/EnviosPlugin.jar HTTP/1.1" 304 -
181.137.141.2 - - [07/Dec/2014:14:59:09 -0500] "GET /StormSDA/storm/version.jar HTTP/1.1" 304 -
181.137.141.2 - - [07/Dec/2014:14:59:09 -0500] "GET /StormSDA/userFiles/1.jar HTTP/1.1" 304 -
181.137.141.2 - - [07/Dec/2014:14:59:09 -0500] "GET /StormSDA/storm/HTTPClient.jar HTTP/1.1" 304 -
