190.24.124.105 - - [08/Dec/2014:12:16:54 -0500] "POST /forms/lservlet;jsessionid=ac16012b30d548ce52bab34d4943900ef0d3535dab8d.e3iSbxaKaheRe34Sa3yKbhiTahb0n6jAmljGr5XDqQLvpAe HTTP/1.1" 200 78
191.95.242.64 - - [08/Dec/2014:12:16:57 -0500] "GET /isolucionsda/ HTTP/1.1" 200 739
191.95.242.64 - - [08/Dec/2014:12:16:59 -0500] "GET /isolucionsda/IdentificaUsuario.asp?Pagina1=FrameSetGeneral.asp& HTTP/1.1" 200 4997
190.24.124.105 - - [08/Dec/2014:12:16:58 -0500] "POST /forms/lservlet;jsessionid=ac16012b30d548ce52bab34d4943900ef0d3535dab8d.e3iSbxaKaheRe34Sa3yKbhiTahb0n6jAmljGr5XDqQLvpAe HTTP/1.1" 200 29337
190.24.124.105 - - [08/Dec/2014:12:17:00 -0500] "POST /forms/lservlet;jsessionid=ac16012b30d548ce52bab34d4943900ef0d3535dab8d.e3iSbxaKaheRe34Sa3yKbhiTahb0n6jAmljGr5XDqQLvpAe HTTP/1.1" 200 2
190.24.124.105 - - [08/Dec/2014:12:17:00 -0500] "POST /forms/lservlet;jsessionid=ac16012b30d548ce52bab34d4943900ef0d3535dab8d.e3iSbxaKaheRe34Sa3yKbhiTahb0n6jAmljGr5XDqQLvpAe HTTP/1.1" 200 27
190.24.124.105 - - [08/Dec/2014:12:17:01 -0500] "POST /forms/lservlet;jsessionid=ac16012b30d548ce52bab34d4943900ef0d3535dab8d.e3iSbxaKaheRe34Sa3yKbhiTahb0n6jAmljGr5XDqQLvpAe HTTP/1.1" 200 2
191.95.242.64 - - [08/Dec/2014:12:17:01 -0500] "POST /isolucionsda/IdentificaUsuario.asp?Pagina1=FrameSetGeneral.asp& HTTP/1.1" 302 173
191.95.242.64 - - [08/Dec/2014:12:17:01 -0500] "GET /isolucionsda/FrameSetGeneral.asp?Pagina1=FrameSetGeneral.asp& HTTP/1.1" 200 6613
191.95.242.64 - - [08/Dec/2014:12:17:02 -0500] "GET /isolucionsda/Encabezado.asp?Pagina1=FrameSetGeneral.asp&&Pagina=MagazinHome.asp HTTP/1.1" 200 15388
190.24.124.105 - - [08/Dec/2014:12:17:02 -0500] "POST /forms/lservlet;jsessionid=ac16012b30d548ce52bab34d4943900ef0d3535dab8d.e3iSbxaKaheRe34Sa3yKbhiTahb0n6jAmljGr5XDqQLvpAe HTTP/1.1" 200 125
191.95.242.64 - - [08/Dec/2014:12:17:02 -0500] "GET /isolucionsda/MagazinHome.asp HTTP/1.1" 200 27531
191.95.242.64 - - [08/Dec/2014:12:17:03 -0500] "GET /isolucionsda/BarraTitulos.asp?Pagina1=FrameSetGeneral.asp&&Pagina=MagazinHome.asp HTTP/1.1" 200 6972
191.95.242.64 - - [08/Dec/2014:12:17:03 -0500] "GET /isolucionsda/TareasSFRedirect.asp HTTP/1.1" 302 195
191.95.242.64 - - [08/Dec/2014:12:17:04 -0500] "GET /isolucionsda/g/Bgr_Destacado3399CC.jpg HTTP/1.1" 404 5217
191.95.242.64 - - [08/Dec/2014:12:17:04 -0500] "GET /isolucionsda/BarraFavoritos.asp HTTP/1.1" 200 911
191.95.242.64 - - [08/Dec/2014:12:17:05 -0500] "GET /isolucionsda/Session.asp?Continue=1 HTTP/1.1" 200 6324
191.95.242.64 - - [08/Dec/2014:12:17:04 -0500] "GET /isolucionsda/Login.aspx?TARGET=SFContainerFiltrado.aspx&number=67667057486969674557 HTTP/1.1" 302 886
191.95.242.64 - - [08/Dec/2014:12:17:06 -0500] "GET /isolucionsda/g/Bot_AmbientalOver_ESP.jpg HTTP/1.1" 200 5391
191.95.242.64 - - [08/Dec/2014:12:17:06 -0500] "GET /isolucionsda/SFContainerFiltrado.aspx?Number=67667057486969674557 HTTP/1.1" 200 14314
191.95.242.64 - - [08/Dec/2014:12:17:07 -0500] "GET /isolucionsda/DetalleTareas.aspx?Number=67667057486969674557 HTTP/1.1" 200 5355
191.95.242.64 - - [08/Dec/2014:12:17:07 -0500] "GET /isolucionsda/auxlib.js HTTP/1.1" 404 5185
191.95.242.64 - - [08/Dec/2014:12:17:07 -0500] "GET /isolucionsda/infowndcore.js HTTP/1.1" 404 5195
191.95.242.64 - - [08/Dec/2014:12:17:07 -0500] "GET /isolucionsda/infowndpublic.js HTTP/1.1" 404 5199
190.24.124.105 - - [08/Dec/2014:12:17:09 -0500] "POST /forms/lservlet;jsessionid=ac16012b30d548ce52bab34d4943900ef0d3535dab8d.e3iSbxaKaheRe34Sa3yKbhiTahb0n6jAmljGr5XDqQLvpAe HTTP/1.1" 200 170
191.95.242.64 - - [08/Dec/2014:12:17:10 -0500] "GET /isolucionsda/FrameSetGeneral.asp?Pagina=Menu.asp&IdModulo=4 HTTP/1.1" 200 6583
191.95.242.64 - - [08/Dec/2014:12:17:10 -0500] "GET /isolucionsda/Encabezado.asp?Pagina=Menu.asp&IdModulo=4 HTTP/1.1" 200 15389
191.95.242.64 - - [08/Dec/2014:12:17:10 -0500] "GET /isolucionsda/Menu.asp?Pagina=Menu.asp&IdModulo=4 HTTP/1.1" 200 9682
191.95.242.64 - - [08/Dec/2014:12:17:10 -0500] "GET /isolucionsda/BarraTitulos.asp?Pagina=Menu.asp&IdModulo=4 HTTP/1.1" 200 6985
191.95.242.64 - - [08/Dec/2014:12:17:11 -0500] "GET /isolucionsda/BarraFavoritos.asp HTTP/1.1" 200 911
191.95.242.64 - - [08/Dec/2014:12:17:12 -0500] "GET /isolucionsda/Session.asp?Continue=1 HTTP/1.1" 200 6324
191.95.242.64 - - [08/Dec/2014:12:17:13 -0500] "GET /isolucionsda/FrameSetGeneral.asp?Pagina=ListadoMaestroDocumentos3.asp HTTP/1.1" 200 6634
191.95.242.64 - - [08/Dec/2014:12:17:14 -0500] "GET /isolucionsda/Encabezado.asp?Pagina=ListadoMaestroDocumentos3.asp HTTP/1.1" 200 15364
191.95.242.64 - - [08/Dec/2014:12:17:14 -0500] "GET /isolucionsda/BarraTitulos.asp?Pagina=ListadoMaestroDocumentos3.asp HTTP/1.1" 200 6985
191.95.242.64 - - [08/Dec/2014:12:17:14 -0500] "GET /isolucionsda/Session.asp?Continue=1 HTTP/1.1" 200 -
191.95.242.64 - - [08/Dec/2014:12:17:14 -0500] "GET /isolucionsda/ListadoMaestroDocumentos3.asp?Pagina=ListadoMaestroDocumentos3.asp HTTP/1.1" 200 11467
191.95.242.64 - - [08/Dec/2014:12:17:14 -0500] "GET /isolucionsda/BarraFavoritos.asp HTTP/1.1" 200 911
191.95.242.64 - - [08/Dec/2014:12:17:14 -0500] "GET /isolucionsda/Session.asp?Continue=1 HTTP/1.1" 200 6324
66.249.75.51 - - [08/Dec/2014:12:17:15 -0500] "GET /BLA/resoluciones/AUTOS%202008/0317.pdf HTTP/1.1" 200 94457
191.95.242.64 - - [08/Dec/2014:12:17:19 -0500] "POST /isolucionsda/ListadoMaestroDocumentos3.asp HTTP/1.1" 200 20669
190.84.123.138 - - [08/Dec/2014:12:11:20 -0500] "GET /ForestMSG_SDA/channelAsync/template_word_16864146?X-Atmosphere-tracking-id=c200a9ad-7ba4-8473-370c-547ae7939b40&X-Atmosphere-Framework=1.0.5&X-Atmosphere-Transport=long-polling&tabid=0.5558790264185518&X-Cache-Date=0&Content-Type=application/xml&_=1418058824774 HTTP/1.1" 200 8193
190.24.124.105 - - [08/Dec/2014:12:17:26 -0500] "POST /forms/lservlet;jsessionid=ac16012b30d548ce52bab34d4943900ef0d3535dab8d.e3iSbxaKaheRe34Sa3yKbhiTahb0n6jAmljGr5XDqQLvpAe HTTP/1.1" 200 22
190.24.124.105 - - [08/Dec/2014:12:17:26 -0500] "POST /forms/lservlet;jsessionid=ac16012b30d548ce52bab34d4943900ef0d3535dab8d.e3iSbxaKaheRe34Sa3yKbhiTahb0n6jAmljGr5XDqQLvpAe HTTP/1.1" 200 191
190.24.124.105 - - [08/Dec/2014:12:17:27 -0500] "POST /forms/lservlet;jsessionid=ac16012b30d548ce52bab34d4943900ef0d3535dab8d.e3iSbxaKaheRe34Sa3yKbhiTahb0n6jAmljGr5XDqQLvpAe HTTP/1.1" 200 146
190.24.124.105 - - [08/Dec/2014:12:17:27 -0500] "POST /forms/lservlet;jsessionid=ac16012b30d548ce52bab34d4943900ef0d3535dab8d.e3iSbxaKaheRe34Sa3yKbhiTahb0n6jAmljGr5XDqQLvpAe HTTP/1.1" 200 20
190.24.124.105 - - [08/Dec/2014:12:17:27 -0500] "POST /forms/lservlet;jsessionid=ac16012b30d548ce52bab34d4943900ef0d3535dab8d.e3iSbxaKaheRe34Sa3yKbhiTahb0n6jAmljGr5XDqQLvpAe HTTP/1.1" 200 70
190.24.124.105 - - [08/Dec/2014:12:17:28 -0500] "POST /forms/lservlet;jsessionid=ac16012b30d548ce52bab34d4943900ef0d3535dab8d.e3iSbxaKaheRe34Sa3yKbhiTahb0n6jAmljGr5XDqQLvpAe HTTP/1.1" 200 2
190.26.74.199 - - [08/Dec/2014:12:17:31 -0500] "POST /Report2/login.do HTTP/1.1" 200 4298
190.24.124.105 - - [08/Dec/2014:12:17:42 -0500] "POST /forms/lservlet;jsessionid=ac16012b30d548ce52bab34d4943900ef0d3535dab8d.e3iSbxaKaheRe34Sa3yKbhiTahb0n6jAmljGr5XDqQLvpAe HTTP/1.1" 200 197
190.24.124.105 - - [08/Dec/2014:12:17:43 -0500] "POST /forms/lservlet;jsessionid=ac16012b30d548ce52bab34d4943900ef0d3535dab8d.e3iSbxaKaheRe34Sa3yKbhiTahb0n6jAmljGr5XDqQLvpAe HTTP/1.1" 200 2
190.24.124.105 - - [08/Dec/2014:12:17:44 -0500] "POST /forms/lservlet;jsessionid=ac16012b30d548ce52bab34d4943900ef0d3535dab8d.e3iSbxaKaheRe34Sa3yKbhiTahb0n6jAmljGr5XDqQLvpAe HTTP/1.1" 200 80
190.24.124.105 - - [08/Dec/2014:12:17:56 -0500] "POST /forms/lservlet;jsessionid=ac16012b30d548ce52bab34d4943900ef0d3535dab8d.e3iSbxaKaheRe34Sa3yKbhiTahb0n6jAmljGr5XDqQLvpAe HTTP/1.1" 200 22
190.24.124.105 - - [08/Dec/2014:12:17:57 -0500] "POST /forms/lservlet;jsessionid=ac16012b30d548ce52bab34d4943900ef0d3535dab8d.e3iSbxaKaheRe34Sa3yKbhiTahb0n6jAmljGr5XDqQLvpAe HTTP/1.1" 200 103
190.24.124.105 - - [08/Dec/2014:12:17:57 -0500] "POST /forms/lservlet;jsessionid=ac16012b30d548ce52bab34d4943900ef0d3535dab8d.e3iSbxaKaheRe34Sa3yKbhiTahb0n6jAmljGr5XDqQLvpAe HTTP/1.1" 200 146
190.24.124.105 - - [08/Dec/2014:12:17:58 -0500] "POST /forms/lservlet;jsessionid=ac16012b30d548ce52bab34d4943900ef0d3535dab8d.e3iSbxaKaheRe34Sa3yKbhiTahb0n6jAmljGr5XDqQLvpAe HTTP/1.1" 200 20
190.24.124.105 - - [08/Dec/2014:12:17:58 -0500] "POST /forms/lservlet;jsessionid=ac16012b30d548ce52bab34d4943900ef0d3535dab8d.e3iSbxaKaheRe34Sa3yKbhiTahb0n6jAmljGr5XDqQLvpAe HTTP/1.1" 200 70
191.95.242.64 - - [08/Dec/2014:12:17:58 -0500] "GET /isolucionsda/FrameSetGeneral.asp?Pagina=Magazin.asp&Sigla=MAC&IdModulo=2 HTTP/1.1" 200 6625
191.95.242.64 - - [08/Dec/2014:12:17:58 -0500] "GET /isolucionsda/Encabezado.asp?Pagina=Magazin.asp&Sigla=MAC&IdModulo=2 HTTP/1.1" 200 15374
190.24.124.105 - - [08/Dec/2014:12:17:58 -0500] "POST /forms/lservlet;jsessionid=ac16012b30d548ce52bab34d4943900ef0d3535dab8d.e3iSbxaKaheRe34Sa3yKbhiTahb0n6jAmljGr5XDqQLvpAe HTTP/1.1" 200 2
191.95.242.64 - - [08/Dec/2014:12:17:59 -0500] "GET /isolucionsda/BarraTitulos.asp?Pagina=Magazin.asp&Sigla=MAC&IdModulo=2 HTTP/1.1" 200 6989
191.95.242.64 - - [08/Dec/2014:12:18:01 -0500] "GET /isolucionsda/Magazin.asp?Pagina=Magazin.asp&Sigla=MAC&IdModulo=2 HTTP/1.1" 302 211
191.95.242.64 - - [08/Dec/2014:12:18:01 -0500] "GET /isolucionsda/SucursalSeleccion.asp?URLRedirect=magazin.asp?sigla=mac HTTP/1.1" 302 211
191.95.242.64 - - [08/Dec/2014:12:18:01 -0500] "GET /isolucionsda/BarraFavoritos.asp HTTP/1.1" 200 911
191.95.242.64 - - [08/Dec/2014:12:18:01 -0500] "GET /isolucionsda/Session.asp?Continue=1 HTTP/1.1" 200 6324
191.95.242.64 - - [08/Dec/2014:12:18:01 -0500] "GET /isolucionsda/SucursalSeleccion.asp?CodSucursal=1&URLRedirect=magazin.asp?sigla=mac&CargaPagina= HTTP/1.1" 302 177
191.95.242.64 - - [08/Dec/2014:12:18:02 -0500] "GET /isolucionsda/magazin.asp?sigla=mac HTTP/1.1" 200 10642
201.244.39.130 - - [08/Dec/2014:12:18:02 -0500] "GET /BLA/boletinlegal/js/jquery.js HTTP/1.1" 200 57254
201.244.39.130 - - [08/Dec/2014:12:18:02 -0500] "GET /BLA/boletinlegal/js/jquery.scrollTo-min.js HTTP/1.1" 200 1150
201.244.39.130 - - [08/Dec/2014:12:18:02 -0500] "GET /BLA/boletinlegal/js/jquery.scrollShow.js HTTP/1.1" 200 4586
191.95.242.64 - - [08/Dec/2014:12:18:04 -0500] "GET /isolucionsda/FramesetArticulo.asp?Pagina=bancoconocimiento%2FM%2FMANUALDELSISTEMAINTEGRADODEGESTION%5Fv9%2FMANUALDELSISTEMAINTEGRADODEGESTION%5Fv9%2Easp&IdArticulo=7375&Codigo=&Fecha=&Version=&Procedimiento=&cliente= HTTP/1.1" 200 7477
190.24.124.105 - - [08/Dec/2014:12:18:05 -0500] "POST /forms/lservlet;jsessionid=ac16012b30d548ce52bab34d4943900ef0d3535dab8d.e3iSbxaKaheRe34Sa3yKbhiTahb0n6jAmljGr5XDqQLvpAe HTTP/1.1" 200 125
191.95.242.64 - - [08/Dec/2014:12:18:05 -0500] "GET /isolucionsda/Arriba.asp?Pagina=bancoconocimiento%2FM%2FMANUALDELSISTEMAINTEGRADODEGESTION%5Fv9%2FMANUALDELSISTEMAINTEGRADODEGESTION%5Fv9%2Easp&IdArticulo=7375&Codigo=&Fecha=&Version=&Procedimiento=&cliente= HTTP/1.1" 200 10675
191.95.242.64 - - [08/Dec/2014:12:18:05 -0500] "GET /isolucionsda/bancoconocimiento/M/MANUALDELSISTEMAINTEGRADODEGESTION_v9/MANUALDELSISTEMAINTEGRADODEGESTION_v9.asp?IdArticulo=7375 HTTP/1.1" 200 101414
191.95.242.64 - - [08/Dec/2014:12:18:07 -0500] "GET /isolucionsda/g/vacio1x1.gif HTTP/1.1" 404 5195
191.95.242.64 - - [08/Dec/2014:12:18:07 -0500] "GET /isolucionsda/g/vacio1x1.gif HTTP/1.1" 404 5195
191.95.242.64 - - [08/Dec/2014:12:18:07 -0500] "GET /isolucionsda/g/vacio1x1.gif HTTP/1.1" 404 5195
190.26.74.199 - - [08/Dec/2014:12:18:11 -0500] "GET /Report2/login.do HTTP/1.1" 200 4294
190.24.124.105 - - [08/Dec/2014:12:18:14 -0500] "POST /forms/lservlet;jsessionid=ac16012b30d548ce52bab34d4943900ef0d3535dab8d.e3iSbxaKaheRe34Sa3yKbhiTahb0n6jAmljGr5XDqQLvpAe HTTP/1.1" 200 92
190.24.124.105 - - [08/Dec/2014:12:18:16 -0500] "POST /forms/lservlet;jsessionid=ac16012b30d548ce52bab34d4943900ef0d3535dab8d.e3iSbxaKaheRe34Sa3yKbhiTahb0n6jAmljGr5XDqQLvpAe HTTP/1.1" 200 22
190.24.124.105 - - [08/Dec/2014:12:18:16 -0500] "POST /forms/lservlet;jsessionid=ac16012b30d548ce52bab34d4943900ef0d3535dab8d.e3iSbxaKaheRe34Sa3yKbhiTahb0n6jAmljGr5XDqQLvpAe HTTP/1.1" 200 141
190.24.124.105 - - [08/Dec/2014:12:18:16 -0500] "POST /forms/lservlet;jsessionid=ac16012b30d548ce52bab34d4943900ef0d3535dab8d.e3iSbxaKaheRe34Sa3yKbhiTahb0n6jAmljGr5XDqQLvpAe HTTP/1.1" 200 2
190.24.124.105 - - [08/Dec/2014:12:18:17 -0500] "POST /forms/lservlet;jsessionid=ac16012b30d548ce52bab34d4943900ef0d3535dab8d.e3iSbxaKaheRe34Sa3yKbhiTahb0n6jAmljGr5XDqQLvpAe HTTP/1.1" 200 2
190.24.124.105 - - [08/Dec/2014:12:18:19 -0500] "POST /forms/lservlet;jsessionid=ac16012b30d548ce52bab34d4943900ef0d3535dab8d.e3iSbxaKaheRe34Sa3yKbhiTahb0n6jAmljGr5XDqQLvpAe HTTP/1.1" 200 14
190.24.124.105 - - [08/Dec/2014:12:18:20 -0500] "POST /forms/lservlet;jsessionid=ac16012b30d548ce52bab34d4943900ef0d3535dab8d.e3iSbxaKaheRe34Sa3yKbhiTahb0n6jAmljGr5XDqQLvpAe HTTP/1.1" 200 14
190.24.124.105 - - [08/Dec/2014:12:18:21 -0500] "POST /forms/lservlet;jsessionid=ac16012b30d548ce52bab34d4943900ef0d3535dab8d.e3iSbxaKaheRe34Sa3yKbhiTahb0n6jAmljGr5XDqQLvpAe HTTP/1.1" 200 14
190.24.124.105 - - [08/Dec/2014:12:18:23 -0500] "POST /forms/lservlet;jsessionid=ac16012b30d548ce52bab34d4943900ef0d3535dab8d.e3iSbxaKaheRe34Sa3yKbhiTahb0n6jAmljGr5XDqQLvpAe HTTP/1.1" 200 14
190.24.124.105 - - [08/Dec/2014:12:18:25 -0500] "POST /forms/lservlet;jsessionid=ac16012b30d548ce52bab34d4943900ef0d3535dab8d.e3iSbxaKaheRe34Sa3yKbhiTahb0n6jAmljGr5XDqQLvpAe HTTP/1.1" 200 15
190.24.124.105 - - [08/Dec/2014:12:18:27 -0500] "POST /forms/lservlet;jsessionid=ac16012b30d548ce52bab34d4943900ef0d3535dab8d.e3iSbxaKaheRe34Sa3yKbhiTahb0n6jAmljGr5XDqQLvpAe HTTP/1.1" 200 15
190.24.124.105 - - [08/Dec/2014:12:18:32 -0500] "POST /forms/lservlet;jsessionid=ac16012b30d548ce52bab34d4943900ef0d3535dab8d.e3iSbxaKaheRe34Sa3yKbhiTahb0n6jAmljGr5XDqQLvpAe HTTP/1.1" 200 2160
190.24.124.105 - - [08/Dec/2014:12:18:34 -0500] "POST /forms/lservlet;jsessionid=ac16012b30d548ce52bab34d4943900ef0d3535dab8d.e3iSbxaKaheRe34Sa3yKbhiTahb0n6jAmljGr5XDqQLvpAe HTTP/1.1" 200 1492
190.69.183.249 - - [08/Dec/2014:12:18:36 -0500] "GET /BLA/boletinlegal/js/jquery.js HTTP/1.1" 200 57254
190.69.183.249 - - [08/Dec/2014:12:18:36 -0500] "GET /BLA/boletinlegal/js/jquery.scrollShow.js HTTP/1.1" 200 4586
190.69.183.249 - - [08/Dec/2014:12:18:36 -0500] "GET /BLA/boletinlegal/js/jquery.scrollTo-min.js HTTP/1.1" 200 1150
190.24.124.105 - - [08/Dec/2014:12:18:38 -0500] "POST /forms/lservlet;jsessionid=ac16012b30d548ce52bab34d4943900ef0d3535dab8d.e3iSbxaKaheRe34Sa3yKbhiTahb0n6jAmljGr5XDqQLvpAe HTTP/1.1" 200 2
190.24.124.105 - - [08/Dec/2014:12:18:38 -0500] "POST /forms/lservlet;jsessionid=ac16012b30d548ce52bab34d4943900ef0d3535dab8d.e3iSbxaKaheRe34Sa3yKbhiTahb0n6jAmljGr5XDqQLvpAe HTTP/1.1" 200 1256
190.24.124.105 - - [08/Dec/2014:12:18:38 -0500] "POST /forms/lservlet;jsessionid=ac16012b30d548ce52bab34d4943900ef0d3535dab8d.e3iSbxaKaheRe34Sa3yKbhiTahb0n6jAmljGr5XDqQLvpAe HTTP/1.1" 200 10
191.95.242.64 - - [08/Dec/2014:12:18:48 -0500] "GET /isolucionsda/g/Bot_IndicadoresOver_ESP.jpg HTTP/1.1" 200 5413
191.95.242.64 - - [08/Dec/2014:12:18:50 -0500] "GET /isolucionsda/FrameSetGeneral.asp?Pagina=Menu.asp&IdModulo=4 HTTP/1.1" 200 6583
191.95.242.64 - - [08/Dec/2014:12:18:51 -0500] "GET /isolucionsda/Encabezado.asp?Pagina=Menu.asp&IdModulo=4 HTTP/1.1" 200 15377
191.95.242.64 - - [08/Dec/2014:12:18:51 -0500] "GET /isolucionsda/BarraTitulos.asp?Pagina=Menu.asp&IdModulo=4 HTTP/1.1" 200 6985
191.95.242.64 - - [08/Dec/2014:12:18:51 -0500] "GET /isolucionsda/Menu.asp?Pagina=Menu.asp&IdModulo=4 HTTP/1.1" 200 9682
191.95.242.64 - - [08/Dec/2014:12:18:51 -0500] "GET /isolucionsda/BarraFavoritos.asp HTTP/1.1" 200 911
191.95.242.64 - - [08/Dec/2014:12:18:51 -0500] "GET /isolucionsda/Session.asp?Continue=1 HTTP/1.1" 200 6324
190.24.124.105 - - [08/Dec/2014:12:18:54 -0500] "POST /forms/lservlet;jsessionid=ac16012b30d548ce52bab34d4943900ef0d3535dab8d.e3iSbxaKaheRe34Sa3yKbhiTahb0n6jAmljGr5XDqQLvpAe HTTP/1.1" 200 22
190.24.124.105 - - [08/Dec/2014:12:18:54 -0500] "POST /forms/lservlet;jsessionid=ac16012b30d548ce52bab34d4943900ef0d3535dab8d.e3iSbxaKaheRe34Sa3yKbhiTahb0n6jAmljGr5XDqQLvpAe HTTP/1.1" 200 1802
190.24.124.105 - - [08/Dec/2014:12:18:55 -0500] "POST /forms/lservlet;jsessionid=ac16012b30d548ce52bab34d4943900ef0d3535dab8d.e3iSbxaKaheRe34Sa3yKbhiTahb0n6jAmljGr5XDqQLvpAe HTTP/1.1" 200 2
190.24.124.105 - - [08/Dec/2014:12:18:55 -0500] "POST /forms/lservlet;jsessionid=ac16012b30d548ce52bab34d4943900ef0d3535dab8d.e3iSbxaKaheRe34Sa3yKbhiTahb0n6jAmljGr5XDqQLvpAe HTTP/1.1" 200 2
190.24.124.105 - - [08/Dec/2014:12:18:57 -0500] "POST /forms/lservlet;jsessionid=ac16012b30d548ce52bab34d4943900ef0d3535dab8d.e3iSbxaKaheRe34Sa3yKbhiTahb0n6jAmljGr5XDqQLvpAe HTTP/1.1" 200 971
190.26.74.199 - - [08/Dec/2014:12:18:57 -0500] "POST /Report2/login.do HTTP/1.1" 200 4298
190.66.232.37 - - [08/Dec/2014:12:18:58 -0500] "GET /galeria/carrusel/Carrusel/jquery.thumbnailScroller.css HTTP/1.1" 200 2066
190.66.232.37 - - [08/Dec/2014:12:18:58 -0500] "GET /BLA/boletinlegal/js/jquery.scrollTo-min.js HTTP/1.1" 200 1150
190.66.232.37 - - [08/Dec/2014:12:18:58 -0500] "GET /BLA/boletinlegal/js/jquery.js HTTP/1.1" 200 57254
190.66.232.37 - - [08/Dec/2014:12:18:58 -0500] "GET /galeria/carrusel/Carrusel/jquery-ui-1.8.13.custom.min.js HTTP/1.1" 200 10800
190.66.232.37 - - [08/Dec/2014:12:18:58 -0500] "GET /BLA/boletinlegal/js/jquery.scrollShow.js HTTP/1.1" 200 4586
190.66.232.37 - - [08/Dec/2014:12:18:59 -0500] "GET /galeria/carrusel/Carrusel/jquery.thumbnailScroller.js HTTP/1.1" 200 8157
190.66.232.37 - - [08/Dec/2014:12:19:01 -0500] "GET /galeria/nivo-slider/demo/demo.html HTTP/1.1" 200 3572
190.66.232.37 - - [08/Dec/2014:12:19:02 -0500] "GET /galeria/nivo-slider/nivo-slider.css HTTP/1.1" 200 1507
190.66.232.37 - - [08/Dec/2014:12:19:02 -0500] "GET /galeria/nivo-slider/demo/style.css HTTP/1.1" 200 2222
190.66.232.37 - - [08/Dec/2014:12:19:02 -0500] "GET /galeria/nivo-slider/themes/orman/orman.css HTTP/1.1" 200 2152
190.66.232.37 - - [08/Dec/2014:12:19:02 -0500] "GET /galeria/nivo-slider/themes/default/default.css HTTP/1.1" 200 1569
190.66.232.37 - - [08/Dec/2014:12:19:02 -0500] "GET /galeria/nivo-slider/themes/pascal/pascal.css HTTP/1.1" 200 2258
190.66.232.37 - - [08/Dec/2014:12:19:02 -0500] "GET /galeria/nivo-slider/demo/scripts/jquery-1.7.1.min.js HTTP/1.1" 200 93868
190.66.232.37 - - [08/Dec/2014:12:19:02 -0500] "GET /galeria/nivo-slider/jquery.nivo.slider.pack.js HTTP/1.1" 200 11561
190.66.232.37 - - [08/Dec/2014:12:19:02 -0500] "GET /galeria/nivo-slider/demo/images/4Simple_Slider.png HTTP/1.1" 200 11722
190.66.232.37 - - [08/Dec/2014:12:19:02 -0500] "GET /galeria/nivo-slider/themes/default/loading.gif HTTP/1.1" 200 1737
190.66.232.37 - - [08/Dec/2014:12:19:05 -0500] "GET /galeria/nivo-slider/demo/images/banner-musgo.jpg HTTP/1.1" 200 49513
190.66.232.37 - - [08/Dec/2014:12:19:05 -0500] "GET /galeria/nivo-slider/demo/images/RdaNegociosFiltros.jpg HTTP/1.1" 200 77155
190.66.232.37 - - [08/Dec/2014:12:19:06 -0500] "GET /galeria/nivo-slider/demo/images/Jornada-adopcion.jpg HTTP/1.1" 200 79705
190.66.232.37 - - [08/Dec/2014:12:19:06 -0500] "GET /galeria/nivo-slider/demo/images/BogotaSostenible.jpg HTTP/1.1" 200 206863
190.66.232.37 - - [08/Dec/2014:12:19:06 -0500] "GET /galeria/nivo-slider/demo/images/Banner-GAE3.jpg HTTP/1.1" 200 146354
190.24.124.105 - - [08/Dec/2014:12:19:07 -0500] "POST /forms/lservlet;jsessionid=ac16012b30d548ce52bab34d4943900ef0d3535dab8d.e3iSbxaKaheRe34Sa3yKbhiTahb0n6jAmljGr5XDqQLvpAe HTTP/1.1" 200 1113
190.24.124.105 - - [08/Dec/2014:12:19:08 -0500] "POST /forms/lservlet;jsessionid=ac16012b30d548ce52bab34d4943900ef0d3535dab8d.e3iSbxaKaheRe34Sa3yKbhiTahb0n6jAmljGr5XDqQLvpAe HTTP/1.1" 200 2
191.95.242.64 - - [08/Dec/2014:12:19:08 -0500] "GET /isolucionsda/FrameSetGeneral.asp?Pagina=ListadoMaestroDocumentos3.asp HTTP/1.1" 200 6634
190.24.124.105 - - [08/Dec/2014:12:19:09 -0500] "POST /forms/lservlet;jsessionid=ac16012b30d548ce52bab34d4943900ef0d3535dab8d.e3iSbxaKaheRe34Sa3yKbhiTahb0n6jAmljGr5XDqQLvpAe HTTP/1.1" 200 875
191.95.242.64 - - [08/Dec/2014:12:19:09 -0500] "GET /isolucionsda/Encabezado.asp?Pagina=ListadoMaestroDocumentos3.asp HTTP/1.1" 200 15364
191.95.242.64 - - [08/Dec/2014:12:19:09 -0500] "GET /isolucionsda/BarraTitulos.asp?Pagina=ListadoMaestroDocumentos3.asp HTTP/1.1" 200 6985
191.95.242.64 - - [08/Dec/2014:12:19:09 -0500] "GET /isolucionsda/ListadoMaestroDocumentos3.asp?Pagina=ListadoMaestroDocumentos3.asp HTTP/1.1" 200 11467
191.95.242.64 - - [08/Dec/2014:12:19:10 -0500] "GET /isolucionsda/BarraFavoritos.asp HTTP/1.1" 200 911
191.95.242.64 - - [08/Dec/2014:12:19:10 -0500] "GET /isolucionsda/Session.asp?Continue=1 HTTP/1.1" 200 6324
190.24.124.105 - - [08/Dec/2014:12:19:10 -0500] "POST /forms/lservlet;jsessionid=ac16012b30d548ce52bab34d4943900ef0d3535dab8d.e3iSbxaKaheRe34Sa3yKbhiTahb0n6jAmljGr5XDqQLvpAe HTTP/1.1" 200 1136
190.24.124.105 - - [08/Dec/2014:12:19:11 -0500] "POST /forms/lservlet;jsessionid=ac16012b30d548ce52bab34d4943900ef0d3535dab8d.e3iSbxaKaheRe34Sa3yKbhiTahb0n6jAmljGr5XDqQLvpAe HTTP/1.1" 200 2
190.24.124.105 - - [08/Dec/2014:12:19:12 -0500] "POST /forms/lservlet;jsessionid=ac16012b30d548ce52bab34d4943900ef0d3535dab8d.e3iSbxaKaheRe34Sa3yKbhiTahb0n6jAmljGr5XDqQLvpAe HTTP/1.1" 200 763
190.24.124.105 - - [08/Dec/2014:12:19:12 -0500] "POST /forms/lservlet;jsessionid=ac16012b30d548ce52bab34d4943900ef0d3535dab8d.e3iSbxaKaheRe34Sa3yKbhiTahb0n6jAmljGr5XDqQLvpAe HTTP/1.1" 200 1071
190.66.232.37 - - [08/Dec/2014:12:19:13 -0500] "GET /galeria/nivo-slider/demo/images/Banner-comparendo.jpg HTTP/1.1" 200 388762
190.66.232.37 - - [08/Dec/2014:12:19:13 -0500] "GET /galeria/nivo-slider/demo/images/Biotaxis-Man.jpg HTTP/1.1" 200 99362
190.66.232.37 - - [08/Dec/2014:12:19:13 -0500] "GET /videos/Spot_CambioClimatico.flv HTTP/1.1" 200 4371917
190.24.124.105 - - [08/Dec/2014:12:19:13 -0500] "POST /forms/lservlet;jsessionid=ac16012b30d548ce52bab34d4943900ef0d3535dab8d.e3iSbxaKaheRe34Sa3yKbhiTahb0n6jAmljGr5XDqQLvpAe HTTP/1.1" 200 626
190.66.232.37 - - [08/Dec/2014:12:19:14 -0500] "GET /galeria/nivo-slider/demo/images/porloshumedales.jpg HTTP/1.1" 200 351238
190.24.124.105 - - [08/Dec/2014:12:19:14 -0500] "POST /forms/lservlet;jsessionid=ac16012b30d548ce52bab34d4943900ef0d3535dab8d.e3iSbxaKaheRe34Sa3yKbhiTahb0n6jAmljGr5XDqQLvpAe HTTP/1.1" 200 1157
190.24.124.105 - - [08/Dec/2014:12:19:15 -0500] "POST /forms/lservlet;jsessionid=ac16012b30d548ce52bab34d4943900ef0d3535dab8d.e3iSbxaKaheRe34Sa3yKbhiTahb0n6jAmljGr5XDqQLvpAe HTTP/1.1" 200 887
190.24.124.105 - - [08/Dec/2014:12:19:15 -0500] "POST /forms/lservlet;jsessionid=ac16012b30d548ce52bab34d4943900ef0d3535dab8d.e3iSbxaKaheRe34Sa3yKbhiTahb0n6jAmljGr5XDqQLvpAe HTTP/1.1" 200 1150
191.95.242.64 - - [08/Dec/2014:12:19:16 -0500] "POST /isolucionsda/ListadoMaestroDocumentos3.asp HTTP/1.1" 200 14498
190.24.124.105 - - [08/Dec/2014:12:19:16 -0500] "POST /forms/lservlet;jsessionid=ac16012b30d548ce52bab34d4943900ef0d3535dab8d.e3iSbxaKaheRe34Sa3yKbhiTahb0n6jAmljGr5XDqQLvpAe HTTP/1.1" 200 904
190.24.124.105 - - [08/Dec/2014:12:19:17 -0500] "POST /forms/lservlet;jsessionid=ac16012b30d548ce52bab34d4943900ef0d3535dab8d.e3iSbxaKaheRe34Sa3yKbhiTahb0n6jAmljGr5XDqQLvpAe HTTP/1.1" 200 1137
190.66.232.37 - - [08/Dec/2014:12:19:17 -0500] "GET /galeria/nivo-slider/demo/images/Tingua-azul.jpg HTTP/1.1" 200 307638
190.24.124.105 - - [08/Dec/2014:12:19:19 -0500] "POST /forms/lservlet;jsessionid=ac16012b30d548ce52bab34d4943900ef0d3535dab8d.e3iSbxaKaheRe34Sa3yKbhiTahb0n6jAmljGr5XDqQLvpAe HTTP/1.1" 200 905
190.24.124.105 - - [08/Dec/2014:12:19:19 -0500] "POST /forms/lservlet;jsessionid=ac16012b30d548ce52bab34d4943900ef0d3535dab8d.e3iSbxaKaheRe34Sa3yKbhiTahb0n6jAmljGr5XDqQLvpAe HTTP/1.1" 200 1100
190.24.124.105 - - [08/Dec/2014:12:19:20 -0500] "POST /forms/lservlet;jsessionid=ac16012b30d548ce52bab34d4943900ef0d3535dab8d.e3iSbxaKaheRe34Sa3yKbhiTahb0n6jAmljGr5XDqQLvpAe HTTP/1.1" 200 626
190.24.124.105 - - [08/Dec/2014:12:19:21 -0500] "POST /forms/lservlet;jsessionid=ac16012b30d548ce52bab34d4943900ef0d3535dab8d.e3iSbxaKaheRe34Sa3yKbhiTahb0n6jAmljGr5XDqQLvpAe HTTP/1.1" 200 1142
190.66.232.37 - - [08/Dec/2014:12:19:21 -0500] "GET /galeria/nivo-slider/demo/images/Banner-Caracol-Africano.jpg HTTP/1.1" 200 331986
190.66.232.37 - - [08/Dec/2014:12:19:21 -0500] "GET /galeria/nivo-slider/demo/images/banner-redes.jpg HTTP/1.1" 200 62209
190.24.124.105 - - [08/Dec/2014:12:19:22 -0500] "POST /forms/lservlet;jsessionid=ac16012b30d548ce52bab34d4943900ef0d3535dab8d.e3iSbxaKaheRe34Sa3yKbhiTahb0n6jAmljGr5XDqQLvpAe HTTP/1.1" 200 626
191.95.242.64 - - [08/Dec/2014:12:19:22 -0500] "GET /isolucionsda/FramesetArticulo.asp?Pagina=BancoConocimiento%2FF%2FFormatoListadeVerificacionAuditoriadelSIG%5Fv10%2FFormatoListadeVerificacionAuditoriadelSIG%5Fv10%2Easp&IdArticulo=5627 HTTP/1.1" 200 7445
190.24.124.105 - - [08/Dec/2014:12:19:23 -0500] "POST /forms/lservlet;jsessionid=ac16012b30d548ce52bab34d4943900ef0d3535dab8d.e3iSbxaKaheRe34Sa3yKbhiTahb0n6jAmljGr5XDqQLvpAe HTTP/1.1" 200 1479
190.24.124.105 - - [08/Dec/2014:12:19:23 -0500] "POST /forms/lservlet;jsessionid=ac16012b30d548ce52bab34d4943900ef0d3535dab8d.e3iSbxaKaheRe34Sa3yKbhiTahb0n6jAmljGr5XDqQLvpAe HTTP/1.1" 200 74
191.95.242.64 - - [08/Dec/2014:12:19:23 -0500] "GET /isolucionsda/Arriba.asp?Pagina=BancoConocimiento%2FF%2FFormatoListadeVerificacionAuditoriadelSIG%5Fv10%2FFormatoListadeVerificacionAuditoriadelSIG%5Fv10%2Easp&IdArticulo=5627 HTTP/1.1" 200 10636
191.95.242.64 - - [08/Dec/2014:12:19:24 -0500] "GET /isolucionsda/BancoConocimiento/F/FormatoListadeVerificacionAuditoriadelSIG_v10/FormatoListadeVerificacionAuditoriadelSIG_v10.asp?IdArticulo=5627 HTTP/1.1" 302 215
190.24.124.105 - - [08/Dec/2014:12:19:25 -0500] "POST /forms/lservlet;jsessionid=ac16012b30d548ce52bab34d4943900ef0d3535dab8d.e3iSbxaKaheRe34Sa3yKbhiTahb0n6jAmljGr5XDqQLvpAe HTTP/1.1" 200 1153
190.24.124.105 - - [08/Dec/2014:12:19:26 -0500] "POST /forms/lservlet;jsessionid=ac16012b30d548ce52bab34d4943900ef0d3535dab8d.e3iSbxaKaheRe34Sa3yKbhiTahb0n6jAmljGr5XDqQLvpAe HTTP/1.1" 200 2
190.24.124.105 - - [08/Dec/2014:12:19:26 -0500] "POST /forms/lservlet;jsessionid=ac16012b30d548ce52bab34d4943900ef0d3535dab8d.e3iSbxaKaheRe34Sa3yKbhiTahb0n6jAmljGr5XDqQLvpAe HTTP/1.1" 200 51
190.24.124.105 - - [08/Dec/2014:12:19:27 -0500] "POST /forms/lservlet;jsessionid=ac16012b30d548ce52bab34d4943900ef0d3535dab8d.e3iSbxaKaheRe34Sa3yKbhiTahb0n6jAmljGr5XDqQLvpAe HTTP/1.1" 200 1230
190.24.124.105 - - [08/Dec/2014:12:19:28 -0500] "POST /forms/lservlet;jsessionid=ac16012b30d548ce52bab34d4943900ef0d3535dab8d.e3iSbxaKaheRe34Sa3yKbhiTahb0n6jAmljGr5XDqQLvpAe HTTP/1.1" 200 2
190.24.124.105 - - [08/Dec/2014:12:19:28 -0500] "POST /forms/lservlet;jsessionid=ac16012b30d548ce52bab34d4943900ef0d3535dab8d.e3iSbxaKaheRe34Sa3yKbhiTahb0n6jAmljGr5XDqQLvpAe HTTP/1.1" 200 972
191.95.242.64 - - [08/Dec/2014:12:19:24 -0500] "GET /isolucionsda/BancoConocimiento/F/FormatoListadeVerificacionAuditoriadelSIG_v10/lista%20de%20verificacion%20auditoria%20interna%20del%20sig%20126pe01-pr04-%20f-a10-v10001.doc HTTP/1.1" 200 819200
190.24.124.105 - - [08/Dec/2014:12:19:29 -0500] "POST /forms/lservlet;jsessionid=ac16012b30d548ce52bab34d4943900ef0d3535dab8d.e3iSbxaKaheRe34Sa3yKbhiTahb0n6jAmljGr5XDqQLvpAe HTTP/1.1" 200 1112
190.24.124.105 - - [08/Dec/2014:12:19:30 -0500] "POST /forms/lservlet;jsessionid=ac16012b30d548ce52bab34d4943900ef0d3535dab8d.e3iSbxaKaheRe34Sa3yKbhiTahb0n6jAmljGr5XDqQLvpAe HTTP/1.1" 200 2
190.24.124.105 - - [08/Dec/2014:12:19:30 -0500] "POST /forms/lservlet;jsessionid=ac16012b30d548ce52bab34d4943900ef0d3535dab8d.e3iSbxaKaheRe34Sa3yKbhiTahb0n6jAmljGr5XDqQLvpAe HTTP/1.1" 200 623
190.24.124.105 - - [08/Dec/2014:12:19:38 -0500] "POST /forms/lservlet;jsessionid=ac16012b30d548ce52bab34d4943900ef0d3535dab8d.e3iSbxaKaheRe34Sa3yKbhiTahb0n6jAmljGr5XDqQLvpAe HTTP/1.1" 200 999
74.86.158.107 - - [08/Dec/2014:12:19:41 -0500] "HEAD / HTTP/1.1" 302 -
100.43.85.25 - - [08/Dec/2014:12:19:57 -0500] "GET /dama/libreria/php/decide.php?patron=03.1305020113&numm=3 HTTP/1.1" 404 1019
190.24.124.105 - - [08/Dec/2014:12:20:02 -0500] "POST /forms/lservlet;jsessionid=ac16012b30d548ce52bab34d4943900ef0d3535dab8d.e3iSbxaKaheRe34Sa3yKbhiTahb0n6jAmljGr5XDqQLvpAe HTTP/1.1" 200 1164
190.24.124.105 - - [08/Dec/2014:12:20:04 -0500] "POST /forms/lservlet;jsessionid=ac16012b30d548ce52bab34d4943900ef0d3535dab8d.e3iSbxaKaheRe34Sa3yKbhiTahb0n6jAmljGr5XDqQLvpAe HTTP/1.1" 200 944
190.24.124.105 - - [08/Dec/2014:12:20:04 -0500] "POST /forms/lservlet;jsessionid=ac16012b30d548ce52bab34d4943900ef0d3535dab8d.e3iSbxaKaheRe34Sa3yKbhiTahb0n6jAmljGr5XDqQLvpAe HTTP/1.1" 200 1238
190.24.124.105 - - [08/Dec/2014:12:20:05 -0500] "POST /forms/lservlet;jsessionid=ac16012b30d548ce52bab34d4943900ef0d3535dab8d.e3iSbxaKaheRe34Sa3yKbhiTahb0n6jAmljGr5XDqQLvpAe HTTP/1.1" 200 2
190.24.124.105 - - [08/Dec/2014:12:20:06 -0500] "POST /forms/lservlet;jsessionid=ac16012b30d548ce52bab34d4943900ef0d3535dab8d.e3iSbxaKaheRe34Sa3yKbhiTahb0n6jAmljGr5XDqQLvpAe HTTP/1.1" 200 841
190.24.124.105 - - [08/Dec/2014:12:20:07 -0500] "POST /forms/lservlet;jsessionid=ac16012b30d548ce52bab34d4943900ef0d3535dab8d.e3iSbxaKaheRe34Sa3yKbhiTahb0n6jAmljGr5XDqQLvpAe HTTP/1.1" 200 1214
190.24.124.105 - - [08/Dec/2014:12:20:08 -0500] "POST /forms/lservlet;jsessionid=ac16012b30d548ce52bab34d4943900ef0d3535dab8d.e3iSbxaKaheRe34Sa3yKbhiTahb0n6jAmljGr5XDqQLvpAe HTTP/1.1" 200 2
190.24.124.105 - - [08/Dec/2014:12:20:08 -0500] "POST /forms/lservlet;jsessionid=ac16012b30d548ce52bab34d4943900ef0d3535dab8d.e3iSbxaKaheRe34Sa3yKbhiTahb0n6jAmljGr5XDqQLvpAe HTTP/1.1" 200 884
186.118.197.35 - - [08/Dec/2014:12:14:09 -0500] "GET /ForestMSG_SDA/channelAsync/template_word_16986342?X-Atmosphere-tracking-id=b6db1800-1607-e270-5818-ca0c682b0537&X-Atmosphere-Framework=1.0.5&X-Atmosphere-Transport=long-polling&tabid=0.08435980588425274&X-Cache-Date=0&Content-Type=application/xml&_=1418058990821 HTTP/1.1" 200 8193
184.168.200.228 - - [08/Dec/2014:12:20:12 -0500] "GET /old/wp-admin/ HTTP/1.1" 404 1018
190.24.124.105 - - [08/Dec/2014:12:20:16 -0500] "POST /forms/lservlet;jsessionid=ac16012b30d548ce52bab34d4943900ef0d3535dab8d.e3iSbxaKaheRe34Sa3yKbhiTahb0n6jAmljGr5XDqQLvpAe HTTP/1.1" 200 13
190.25.232.143 - - [08/Dec/2014:12:20:18 -0500] "GET /galeria/nivo-slider/demo/images/Banner-GAE3.jpg HTTP/1.1" 304 -
66.249.75.67 - - [08/Dec/2014:12:20:27 -0500] "GET /hidrico/aguas%20subterraneas/Cartograf%C3%ACa_Final_2013/Balance%20H%C3%ADdrico/Temperatura%20Promedio%20Anual.pdf HTTP/1.1" 404 1018
186.145.111.46 - - [08/Dec/2014:12:20:44 -0500] "GET /BLA/resoluciones/RESOLUCIONES%202007/RES%202007%20501%20AL%20600/RESOLUCION%200524%20DE%202007.pdf HTTP/1.1" 200 453443
186.145.111.46 - - [08/Dec/2014:12:20:44 -0500] "GET /BLA/resoluciones/RESOLUCIONES%202007/RES%202007%20501%20AL%20600/RESOLUCION%200524%20DE%202007.pdf HTTP/1.1" 206 32768
186.145.111.46 - - [08/Dec/2014:12:20:44 -0500] "GET /BLA/resoluciones/RESOLUCIONES%202007/RES%202007%20501%20AL%20600/RESOLUCION%200524%20DE%202007.pdf HTTP/1.1" 206 420675
186.145.111.46 - - [08/Dec/2014:12:20:46 -0500] "GET /favicon.ico HTTP/1.1" 200 7782
190.24.124.105 - - [08/Dec/2014:12:21:19 -0500] "POST /forms/lservlet;jsessionid=ac16012b30d548ce52bab34d4943900ef0d3535dab8d.e3iSbxaKaheRe34Sa3yKbhiTahb0n6jAmljGr5XDqQLvpAe HTTP/1.1" 200 7
190.24.124.105 - - [08/Dec/2014:12:21:20 -0500] "POST /forms/lservlet;jsessionid=ac16012b30d548ce52bab34d4943900ef0d3535dab8d.e3iSbxaKaheRe34Sa3yKbhiTahb0n6jAmljGr5XDqQLvpAe HTTP/1.1" 200 7
190.24.124.105 - - [08/Dec/2014:12:21:24 -0500] "POST /forms/lservlet;jsessionid=ac16012b30d548ce52bab34d4943900ef0d3535dab8d.e3iSbxaKaheRe34Sa3yKbhiTahb0n6jAmljGr5XDqQLvpAe HTTP/1.1" 200 7
190.24.124.105 - - [08/Dec/2014:12:21:25 -0500] "POST /forms/lservlet;jsessionid=ac16012b30d548ce52bab34d4943900ef0d3535dab8d.e3iSbxaKaheRe34Sa3yKbhiTahb0n6jAmljGr5XDqQLvpAe HTTP/1.1" 200 162
190.24.124.105 - - [08/Dec/2014:12:21:26 -0500] "POST /forms/lservlet;jsessionid=ac16012b30d548ce52bab34d4943900ef0d3535dab8d.e3iSbxaKaheRe34Sa3yKbhiTahb0n6jAmljGr5XDqQLvpAe HTTP/1.1" 200 1397
190.24.124.105 - - [08/Dec/2014:12:21:26 -0500] "POST /forms/lservlet;jsessionid=ac16012b30d548ce52bab34d4943900ef0d3535dab8d.e3iSbxaKaheRe34Sa3yKbhiTahb0n6jAmljGr5XDqQLvpAe HTTP/1.1" 200 2
186.154.39.76 - - [08/Dec/2014:12:21:29 -0500] "GET /BLA/boletinlegal/js/jquery.js HTTP/1.1" 200 57254
186.154.39.76 - - [08/Dec/2014:12:21:29 -0500] "GET /BLA/boletinlegal/js/jquery.scrollTo-min.js HTTP/1.1" 200 1150
186.154.39.76 - - [08/Dec/2014:12:21:29 -0500] "GET /BLA/boletinlegal/js/jquery.scrollShow.js HTTP/1.1" 200 4586
190.24.124.105 - - [08/Dec/2014:12:21:29 -0500] "POST /forms/lservlet;jsessionid=ac16012b30d548ce52bab34d4943900ef0d3535dab8d.e3iSbxaKaheRe34Sa3yKbhiTahb0n6jAmljGr5XDqQLvpAe HTTP/1.1" 200 7
190.84.123.138 - - [08/Dec/2014:12:21:31 -0500] "GET /forest/session.jsp?a=0.8018808646593243 HTTP/1.1" 200 4
190.24.124.105 - - [08/Dec/2014:12:21:48 -0500] "POST /forms/lservlet;jsessionid=ac16012b30d548ce52bab34d4943900ef0d3535dab8d.e3iSbxaKaheRe34Sa3yKbhiTahb0n6jAmljGr5XDqQLvpAe HTTP/1.1" 200 2
190.24.124.105 - - [08/Dec/2014:12:21:49 -0500] "POST /forms/lservlet;jsessionid=ac16012b30d548ce52bab34d4943900ef0d3535dab8d.e3iSbxaKaheRe34Sa3yKbhiTahb0n6jAmljGr5XDqQLvpAe HTTP/1.1" 200 1224
190.24.124.105 - - [08/Dec/2014:12:21:49 -0500] "GET /imagenes/open.gif HTTP/1.1" 200 919
190.24.124.105 - - [08/Dec/2014:12:21:49 -0500] "GET /imagenes/listval.gif HTTP/1.1" 200 905
190.24.124.105 - - [08/Dec/2014:12:21:50 -0500] "POST /forms/lservlet;jsessionid=ac16012b30d548ce52bab34d4943900ef0d3535dab8d.e3iSbxaKaheRe34Sa3yKbhiTahb0n6jAmljGr5XDqQLvpAe HTTP/1.1" 200 2
190.24.124.105 - - [08/Dec/2014:12:21:50 -0500] "GET /imagenes/listval.gif HTTP/1.1" 200 905
190.24.124.105 - - [08/Dec/2014:12:21:50 -0500] "POST /forms/lservlet;jsessionid=ac16012b30d548ce52bab34d4943900ef0d3535dab8d.e3iSbxaKaheRe34Sa3yKbhiTahb0n6jAmljGr5XDqQLvpAe HTTP/1.1" 200 845
181.133.192.197 - - [08/Dec/2014:12:22:05 -0500] "GET /BLA/boletinlegal/js/jquery.scrollTo-min.js HTTP/1.1" 200 1150
181.133.192.197 - - [08/Dec/2014:12:22:05 -0500] "GET /BLA/boletinlegal/js/jquery.scrollShow.js HTTP/1.1" 200 4586
181.133.192.197 - - [08/Dec/2014:12:22:05 -0500] "GET /BLA/boletinlegal/js/jquery.js HTTP/1.1" 200 57254
190.24.124.105 - - [08/Dec/2014:12:22:11 -0500] "POST /forms/lservlet;jsessionid=ac16012b30d548ce52bab34d4943900ef0d3535dab8d.e3iSbxaKaheRe34Sa3yKbhiTahb0n6jAmljGr5XDqQLvpAe HTTP/1.1" 200 1105
190.24.124.105 - - [08/Dec/2014:12:22:13 -0500] "POST /forms/lservlet;jsessionid=ac16012b30d548ce52bab34d4943900ef0d3535dab8d.e3iSbxaKaheRe34Sa3yKbhiTahb0n6jAmljGr5XDqQLvpAe HTTP/1.1" 200 2
190.24.124.105 - - [08/Dec/2014:12:22:15 -0500] "POST /forms/lservlet;jsessionid=ac16012b30d548ce52bab34d4943900ef0d3535dab8d.e3iSbxaKaheRe34Sa3yKbhiTahb0n6jAmljGr5XDqQLvpAe HTTP/1.1" 200 628
190.24.124.105 - - [08/Dec/2014:12:22:15 -0500] "POST /forms/lservlet;jsessionid=ac16012b30d548ce52bab34d4943900ef0d3535dab8d.e3iSbxaKaheRe34Sa3yKbhiTahb0n6jAmljGr5XDqQLvpAe HTTP/1.1" 200 1071
190.24.124.105 - - [08/Dec/2014:12:22:16 -0500] "POST /forms/lservlet;jsessionid=ac16012b30d548ce52bab34d4943900ef0d3535dab8d.e3iSbxaKaheRe34Sa3yKbhiTahb0n6jAmljGr5XDqQLvpAe HTTP/1.1" 200 500
190.24.124.105 - - [08/Dec/2014:12:22:50 -0500] "POST /forms/lservlet;jsessionid=ac16012b30d548ce52bab34d4943900ef0d3535dab8d.e3iSbxaKaheRe34Sa3yKbhiTahb0n6jAmljGr5XDqQLvpAe HTTP/1.1" 200 1071
190.24.124.105 - - [08/Dec/2014:12:22:51 -0500] "POST /forms/lservlet;jsessionid=ac16012b30d548ce52bab34d4943900ef0d3535dab8d.e3iSbxaKaheRe34Sa3yKbhiTahb0n6jAmljGr5XDqQLvpAe HTTP/1.1" 200 2
190.24.124.105 - - [08/Dec/2014:12:22:51 -0500] "POST /forms/lservlet;jsessionid=ac16012b30d548ce52bab34d4943900ef0d3535dab8d.e3iSbxaKaheRe34Sa3yKbhiTahb0n6jAmljGr5XDqQLvpAe HTTP/1.1" 200 486
190.24.124.105 - - [08/Dec/2014:12:23:05 -0500] "POST /forms/lservlet;jsessionid=ac16012b30d548ce52bab34d4943900ef0d3535dab8d.e3iSbxaKaheRe34Sa3yKbhiTahb0n6jAmljGr5XDqQLvpAe HTTP/1.1" 200 920
190.24.124.105 - - [08/Dec/2014:12:23:06 -0500] "POST /forms/lservlet;jsessionid=ac16012b30d548ce52bab34d4943900ef0d3535dab8d.e3iSbxaKaheRe34Sa3yKbhiTahb0n6jAmljGr5XDqQLvpAe HTTP/1.1" 200 1166
190.24.124.105 - - [08/Dec/2014:12:23:07 -0500] "POST /forms/lservlet;jsessionid=ac16012b30d548ce52bab34d4943900ef0d3535dab8d.e3iSbxaKaheRe34Sa3yKbhiTahb0n6jAmljGr5XDqQLvpAe HTTP/1.1" 200 2
190.24.124.105 - - [08/Dec/2014:12:23:09 -0500] "POST /forms/lservlet;jsessionid=ac16012b30d548ce52bab34d4943900ef0d3535dab8d.e3iSbxaKaheRe34Sa3yKbhiTahb0n6jAmljGr5XDqQLvpAe HTTP/1.1" 200 573
190.24.124.105 - - [08/Dec/2014:12:23:14 -0500] "POST /forms/lservlet;jsessionid=ac16012b30d548ce52bab34d4943900ef0d3535dab8d.e3iSbxaKaheRe34Sa3yKbhiTahb0n6jAmljGr5XDqQLvpAe HTTP/1.1" 200 1071
190.24.124.105 - - [08/Dec/2014:12:23:15 -0500] "POST /forms/lservlet;jsessionid=ac16012b30d548ce52bab34d4943900ef0d3535dab8d.e3iSbxaKaheRe34Sa3yKbhiTahb0n6jAmljGr5XDqQLvpAe HTTP/1.1" 200 2
190.24.124.105 - - [08/Dec/2014:12:23:15 -0500] "POST /forms/lservlet;jsessionid=ac16012b30d548ce52bab34d4943900ef0d3535dab8d.e3iSbxaKaheRe34Sa3yKbhiTahb0n6jAmljGr5XDqQLvpAe HTTP/1.1" 200 486
190.24.124.105 - - [08/Dec/2014:12:23:16 -0500] "POST /forms/lservlet;jsessionid=ac16012b30d548ce52bab34d4943900ef0d3535dab8d.e3iSbxaKaheRe34Sa3yKbhiTahb0n6jAmljGr5XDqQLvpAe HTTP/1.1" 200 1540
190.24.124.105 - - [08/Dec/2014:12:23:17 -0500] "POST /forms/lservlet;jsessionid=ac16012b30d548ce52bab34d4943900ef0d3535dab8d.e3iSbxaKaheRe34Sa3yKbhiTahb0n6jAmljGr5XDqQLvpAe HTTP/1.1" 200 74
190.24.124.105 - - [08/Dec/2014:12:23:18 -0500] "POST /forms/lservlet;jsessionid=ac16012b30d548ce52bab34d4943900ef0d3535dab8d.e3iSbxaKaheRe34Sa3yKbhiTahb0n6jAmljGr5XDqQLvpAe HTTP/1.1" 200 1223
190.24.124.105 - - [08/Dec/2014:12:23:19 -0500] "POST /forms/lservlet;jsessionid=ac16012b30d548ce52bab34d4943900ef0d3535dab8d.e3iSbxaKaheRe34Sa3yKbhiTahb0n6jAmljGr5XDqQLvpAe HTTP/1.1" 200 2
190.24.124.105 - - [08/Dec/2014:12:23:19 -0500] "POST /forms/lservlet;jsessionid=ac16012b30d548ce52bab34d4943900ef0d3535dab8d.e3iSbxaKaheRe34Sa3yKbhiTahb0n6jAmljGr5XDqQLvpAe HTTP/1.1" 200 872
190.24.124.105 - - [08/Dec/2014:12:23:20 -0500] "POST /forms/lservlet;jsessionid=ac16012b30d548ce52bab34d4943900ef0d3535dab8d.e3iSbxaKaheRe34Sa3yKbhiTahb0n6jAmljGr5XDqQLvpAe HTTP/1.1" 200 1237
190.84.123.138 - - [08/Dec/2014:12:17:20 -0500] "GET /ForestMSG_SDA/channelAsync/template_word_16864146?X-Atmosphere-tracking-id=c200a9ad-7ba4-8473-370c-547ae7939b40&X-Atmosphere-Framework=1.0.5&X-Atmosphere-Transport=long-polling&tabid=0.5558790264185518&X-Cache-Date=0&Content-Type=application/xml&_=1418059184829 HTTP/1.1" 200 8193
190.24.124.105 - - [08/Dec/2014:12:23:21 -0500] "POST /forms/lservlet;jsessionid=ac16012b30d548ce52bab34d4943900ef0d3535dab8d.e3iSbxaKaheRe34Sa3yKbhiTahb0n6jAmljGr5XDqQLvpAe HTTP/1.1" 200 2
190.24.124.105 - - [08/Dec/2014:12:23:23 -0500] "POST /forms/lservlet;jsessionid=ac16012b30d548ce52bab34d4943900ef0d3535dab8d.e3iSbxaKaheRe34Sa3yKbhiTahb0n6jAmljGr5XDqQLvpAe HTTP/1.1" 200 829
190.24.124.105 - - [08/Dec/2014:12:23:26 -0500] "POST /forms/lservlet;jsessionid=ac16012b30d548ce52bab34d4943900ef0d3535dab8d.e3iSbxaKaheRe34Sa3yKbhiTahb0n6jAmljGr5XDqQLvpAe HTTP/1.1" 200 2
66.249.75.51 - - [08/Dec/2014:12:23:38 -0500] "GET /BLA/resoluciones/RESOLUCIONES%202011/3903.pdf HTTP/1.1" 304 -
190.84.84.136 - - [08/Dec/2014:12:23:55 -0500] "GET /galeria/nivo-slider/demo/demo.html HTTP/1.1" 200 3572
190.84.84.136 - - [08/Dec/2014:12:23:55 -0500] "GET /galeria/nivo-slider/demo/images/banner-musgo.jpg HTTP/1.1" 200 49513
190.84.84.136 - - [08/Dec/2014:12:23:55 -0500] "GET /galeria/nivo-slider/demo/images/RdaNegociosFiltros.jpg HTTP/1.1" 304 -
190.84.84.136 - - [08/Dec/2014:12:23:55 -0500] "GET /galeria/nivo-slider/demo/images/Jornada-adopcion.jpg HTTP/1.1" 304 -
190.84.84.136 - - [08/Dec/2014:12:23:55 -0500] "GET /galeria/nivo-slider/demo/images/BogotaSostenible.jpg HTTP/1.1" 304 -
190.84.84.136 - - [08/Dec/2014:12:23:55 -0500] "GET /galeria/nivo-slider/demo/images/Banner-GAE3.jpg HTTP/1.1" 304 -
190.84.84.136 - - [08/Dec/2014:12:23:55 -0500] "GET /galeria/nivo-slider/demo/images/Banner-comparendo.jpg HTTP/1.1" 304 -
190.84.84.136 - - [08/Dec/2014:12:23:55 -0500] "GET /galeria/nivo-slider/demo/images/banner-redes.jpg HTTP/1.1" 304 -
190.84.84.136 - - [08/Dec/2014:12:23:55 -0500] "GET /galeria/nivo-slider/demo/images/Tingua-azul.jpg HTTP/1.1" 304 -
190.84.84.136 - - [08/Dec/2014:12:23:55 -0500] "GET /galeria/nivo-slider/demo/images/Biotaxis-Man.jpg HTTP/1.1" 304 -
190.84.84.136 - - [08/Dec/2014:12:23:55 -0500] "GET /galeria/nivo-slider/demo/images/porloshumedales.jpg HTTP/1.1" 304 -
190.84.84.136 - - [08/Dec/2014:12:23:55 -0500] "GET /galeria/nivo-slider/demo/images/9Signos.jpg HTTP/1.1" 304 -
190.84.84.136 - - [08/Dec/2014:12:23:55 -0500] "GET /galeria/nivo-slider/demo/images/Hacienda_Molinos.jpg HTTP/1.1" 304 -
190.84.84.136 - - [08/Dec/2014:12:23:55 -0500] "GET /galeria/nivo-slider/demo/images/bannerEcolecta3.jpg HTTP/1.1" 304 -
190.84.84.136 - - [08/Dec/2014:12:23:56 -0500] "GET /videos/Spot_CambioClimatico.flv HTTP/1.1" 304 -
186.81.233.177 - - [08/Dec/2014:12:23:57 -0500] "GET /BLA/boletinlegal/js/jquery.js HTTP/1.1" 200 57254
186.81.233.177 - - [08/Dec/2014:12:23:57 -0500] "GET /BLA/boletinlegal/js/jquery.scrollTo-min.js HTTP/1.1" 200 1150
186.81.233.177 - - [08/Dec/2014:12:23:57 -0500] "GET /BLA/boletinlegal/js/jquery.scrollShow.js HTTP/1.1" 200 4586
190.84.123.138 - - [08/Dec/2014:12:24:18 -0500] "GET /forest/documentos/1901760/2014ER131384.pdf HTTP/1.1" 200 57023
74.86.158.107 - - [08/Dec/2014:12:24:41 -0500] "HEAD / HTTP/1.1" 302 -
190.84.123.138 - - [08/Dec/2014:12:24:43 -0500] "GET /forest/usudocumentos.do?_a=0.8549816149752587&group_system_actual=3 HTTP/1.1" 200 98144
190.84.123.138 - - [08/Dec/2014:12:24:47 -0500] "GET /forest/session.jsp?a=0.5343245016410947 HTTP/1.1" 200 4
190.84.123.138 - - [08/Dec/2014:12:24:54 -0500] "GET /forest/borradorAdjunto/380442/ANEXOS%20BAR%20LOS%20MONTA%C3%91EROS.doc HTTP/1.1" 200 3356672
186.80.70.144 - - [08/Dec/2014:12:25:08 -0500] "GET /BLA/boletinlegal/js/jquery.js HTTP/1.1" 200 57254
186.80.70.144 - - [08/Dec/2014:12:25:08 -0500] "GET /BLA/boletinlegal/js/jquery.scrollTo-min.js HTTP/1.1" 200 1150
186.80.70.144 - - [08/Dec/2014:12:25:08 -0500] "GET /BLA/boletinlegal/js/jquery.scrollShow.js HTTP/1.1" 200 4586
191.95.242.64 - - [08/Dec/2014:12:25:17 -0500] "GET /isolucionsda/FramesetArticulo.asp?Pagina=BancoConocimiento%2FI%2FInformeDesarrolloAuditoriasInternasSIG%5Fv10%2FInformeDesarrolloAuditoriasInternasSIG%5Fv10%2Easp&IdArticulo=5677 HTTP/1.1" 200 7421
191.95.242.64 - - [08/Dec/2014:12:25:18 -0500] "GET /isolucionsda/Arriba.asp?Pagina=BancoConocimiento%2FI%2FInformeDesarrolloAuditoriasInternasSIG%5Fv10%2FInformeDesarrolloAuditoriasInternasSIG%5Fv10%2Easp&IdArticulo=5677 HTTP/1.1" 200 10619
191.95.242.64 - - [08/Dec/2014:12:25:18 -0500] "GET /isolucionsda/BancoConocimiento/I/InformeDesarrolloAuditoriasInternasSIG_v10/InformeDesarrolloAuditoriasInternasSIG_v10.asp?IdArticulo=5677 HTTP/1.1" 302 200
191.95.242.64 - - [08/Dec/2014:12:25:18 -0500] "GET /isolucionsda/BancoConocimiento/I/InformeDesarrolloAuditoriasInternasSIG_v10/anexo%208%20informe%20desarrollo%20auditorias%20internas%20del%20sig%20v100.doc HTTP/1.1" 200 690177
181.61.225.69 - - [08/Dec/2014:12:25:26 -0500] "GET /BLA/boletinlegal/js/jquery.js HTTP/1.1" 200 57254
181.61.225.69 - - [08/Dec/2014:12:25:26 -0500] "GET /BLA/boletinlegal/js/jquery.scrollTo-min.js HTTP/1.1" 200 1150
181.61.225.69 - - [08/Dec/2014:12:25:26 -0500] "GET /BLA/boletinlegal/js/jquery.scrollShow.js HTTP/1.1" 200 4586
190.24.124.105 - - [08/Dec/2014:12:25:26 -0500] "POST /forms/lservlet;jsessionid=ac16012b30d548ce52bab34d4943900ef0d3535dab8d.e3iSbxaKaheRe34Sa3yKbhiTahb0n6jAmljGr5XDqQLvpAe HTTP/1.1" 200 2
191.95.242.64 - - [08/Dec/2014:12:25:54 -0500] "POST /isolucionsda/ListadoMaestroDocumentos3.asp HTTP/1.1" 200 16834
186.118.197.35 - - [08/Dec/2014:12:20:09 -0500] "GET /ForestMSG_SDA/channelAsync/template_word_16986342?X-Atmosphere-tracking-id=b6db1800-1607-e270-5818-ca0c682b0537&X-Atmosphere-Framework=1.0.5&X-Atmosphere-Transport=long-polling&tabid=0.08435980588425274&X-Cache-Date=0&Content-Type=application/xml&_=1418059350863 HTTP/1.1" 200 8193
191.95.242.64 - - [08/Dec/2014:12:26:12 -0500] "GET /isolucionsda/FramesetArticulo.asp?Pagina=bancoconocimiento%2FI%2FInformepreliminary%5Fodefinitivodeauditoriainterna%5Fv9%2FInformepreliminary%5Fodefinitivodeauditoriainterna%5Fv9%2Easp&IdArticulo=7806 HTTP/1.1" 200 7501
191.95.242.64 - - [08/Dec/2014:12:26:13 -0500] "GET /isolucionsda/Arriba.asp?Pagina=bancoconocimiento%2FI%2FInformepreliminary%5Fodefinitivodeauditoriainterna%5Fv9%2FInformepreliminary%5Fodefinitivodeauditoriainterna%5Fv9%2Easp&IdArticulo=7806 HTTP/1.1" 200 10662
191.95.242.64 - - [08/Dec/2014:12:26:13 -0500] "GET /isolucionsda/bancoconocimiento/I/Informepreliminary_odefinitivodeauditoriainterna_v9/Informepreliminary_odefinitivodeauditoriainterna_v9.asp?IdArticulo=7806 HTTP/1.1" 302 158
191.95.242.64 - - [08/Dec/2014:12:26:14 -0500] "GET /isolucionsda/bancoconocimiento/I/Informepreliminary_odefinitivodeauditoriainterna_v9/anexo%203%20informe%20preliminar0.doc HTTP/1.1" 200 800256
201.151.230.58 - - [08/Dec/2014:12:26:45 -0500] "GET /BLA/resoluciones/AUTOS%202011/6952.pdf HTTP/1.1" 200 557612
201.151.230.58 - - [08/Dec/2014:12:26:45 -0500] "GET /BLA/resoluciones/AUTOS%202011/6952.pdf HTTP/1.1" 206 32768
201.151.230.58 - - [08/Dec/2014:12:26:46 -0500] "GET /BLA/resoluciones/AUTOS%202011/6952.pdf HTTP/1.1" 206 524844
201.151.230.58 - - [08/Dec/2014:12:26:47 -0500] "GET /favicon.ico HTTP/1.1" 200 7782
66.249.75.83 - - [08/Dec/2014:12:26:52 -0500] "GET /BLA/resoluciones/AUTOS%202013/3510.pdf HTTP/1.1" 200 476487
188.165.15.10 - - [08/Dec/2014:12:27:06 -0500] "GET /BLA/resoluciones/RESOLUCIONES%202005/RES%202005%202201-2250/00002226.tif HTTP/1.1" 200 91726
186.115.74.91 - - [08/Dec/2014:12:27:13 -0500] "GET /BLA/boletinlegal/js/jquery.js HTTP/1.1" 200 57254
186.115.74.91 - - [08/Dec/2014:12:27:13 -0500] "GET /BLA/boletinlegal/js/jquery.scrollTo-min.js HTTP/1.1" 200 1150
186.115.74.91 - - [08/Dec/2014:12:27:13 -0500] "GET /BLA/boletinlegal/js/jquery.scrollShow.js HTTP/1.1" 200 4586
187.146.205.177 - - [08/Dec/2014:12:27:23 -0500] "GET /BLA/boletinlegal/js/jquery.js HTTP/1.1" 200 57254
187.146.205.177 - - [08/Dec/2014:12:27:23 -0500] "GET /BLA/boletinlegal/js/jquery.scrollTo-min.js HTTP/1.1" 200 1150
187.146.205.177 - - [08/Dec/2014:12:27:23 -0500] "GET /BLA/boletinlegal/js/jquery.scrollShow.js HTTP/1.1" 200 4586
190.24.124.105 - - [08/Dec/2014:12:27:26 -0500] "POST /forms/lservlet;jsessionid=ac16012b30d548ce52bab34d4943900ef0d3535dab8d.e3iSbxaKaheRe34Sa3yKbhiTahb0n6jAmljGr5XDqQLvpAe HTTP/1.1" 200 2
188.165.15.55 - - [08/Dec/2014:12:27:34 -0500] "GET /BLA/resoluciones/RESOLUCIONES%202006/RES%202006%202151-2200/00002196.tif HTTP/1.1" 200 260534
180.76.5.21 - - [08/Dec/2014:12:27:45 -0500] "GET /BLA/resoluciones/RESOLUCIONES%202010/2304.pdf HTTP/1.1" 200 510865
181.50.132.138 - - [08/Dec/2014:12:28:11 -0500] "GET /BLA/boletinlegal/js/jquery.js HTTP/1.1" 200 57254
181.50.132.138 - - [08/Dec/2014:12:28:11 -0500] "GET /BLA/boletinlegal/js/jquery.scrollShow.js HTTP/1.1" 200 4586
181.50.132.138 - - [08/Dec/2014:12:28:12 -0500] "GET /BLA/boletinlegal/js/jquery.scrollTo-min.js HTTP/1.1" 200 1150
66.249.75.83 - - [08/Dec/2014:12:28:44 -0500] "GET /resoluciones/AUTOS%202007/2341.pdf HTTP/1.1" 404 1018
186.31.78.35 - - [08/Dec/2014:12:28:48 -0500] "GET /BLA/boletinlegal/js/jquery.js HTTP/1.1" 200 57254
186.31.78.35 - - [08/Dec/2014:12:28:48 -0500] "GET /BLA/boletinlegal/js/jquery.scrollShow.js HTTP/1.1" 200 4586
186.31.78.35 - - [08/Dec/2014:12:28:48 -0500] "GET /BLA/boletinlegal/js/jquery.scrollTo-min.js HTTP/1.1" 200 1150
186.29.34.80 - - [08/Dec/2014:12:28:54 -0500] "GET /BLA/boletinlegal/js/jquery.js HTTP/1.1" 200 57254
186.29.34.80 - - [08/Dec/2014:12:28:54 -0500] "GET /BLA/boletinlegal/js/jquery.scrollTo-min.js HTTP/1.1" 200 1150
186.29.34.80 - - [08/Dec/2014:12:28:54 -0500] "GET /BLA/boletinlegal/js/jquery.scrollShow.js HTTP/1.1" 200 4586
190.84.123.138 - - [08/Dec/2014:12:29:01 -0500] "GET /forest/usutareas.do?_a=0.7899453938007355&group_system_actual=3 HTTP/1.1" 200 112268
190.84.123.138 - - [08/Dec/2014:12:23:20 -0500] "GET /ForestMSG_SDA/channelAsync/template_word_16864146?X-Atmosphere-tracking-id=c200a9ad-7ba4-8473-370c-547ae7939b40&X-Atmosphere-Framework=1.0.5&X-Atmosphere-Transport=long-polling&tabid=0.5558790264185518&X-Cache-Date=0&Content-Type=application/xml&_=1418059544875 HTTP/1.1" 200 8193
190.84.123.138 - - [08/Dec/2014:12:29:02 -0500] "GET /forest/session.jsp?a=0.06937952106818557 HTTP/1.1" 200 4
190.84.123.138 - - [08/Dec/2014:12:29:02 -0500] "GET /forest/actions/forms.getMappedValues?id=id_Numeracion4&value=1415651709071&codForm=RevisarDocumento&a=0.7223156564868987 HTTP/1.1" 200 115
190.84.123.138 - - [08/Dec/2014:12:29:04 -0500] "GET /forest/skins/gdocs-jar/popup/escritorio/subirborrador.jsp?form=RevisarDocumento&codTpl=&codBorr=509893&a=0.7040464584715664 HTTP/1.1" 200 23292
190.84.123.138 - - [08/Dec/2014:12:29:04 -0500] "GET /forest/json.do?query=borradoresByTpls&codInst=2986552&codTare=1468&firma=0&a=0.13394655915908515 HTTP/1.1" 200 186
190.84.123.138 - - [08/Dec/2014:12:29:04 -0500] "GET /forest/json.do?query=plantillasByTarea&codTare=1468&codInst=2986552&firma=0&a=0.7120847378391773 HTTP/1.1" 200 381
190.84.123.138 - - [08/Dec/2014:12:29:04 -0500] "GET /forest/json.do?query=terceroById&numTer=16114849&a=0.9100716975517571 HTTP/1.1" 200 680
190.84.123.138 - - [08/Dec/2014:12:29:04 -0500] "GET /forest/json.do?query=datosBorradorByCodTraBorr&codTraBorr=1508117&a=0.8107513503637165 HTTP/1.1" 200 180
190.84.123.138 - - [08/Dec/2014:12:29:04 -0500] "GET /forest/json.do?query=adjuntosByBorrador&codTraBorr=1508117&a=0.0014991534408181906 HTTP/1.1" 200 60
190.84.123.138 - - [08/Dec/2014:12:29:04 -0500] "GET /forest/json.do?query=ultimoBorradorByTpl&codTpl=781&codInst=2986552&a=0.5508080751169473 HTTP/1.1" 200 20
