181.50.192.137 - - [08/Dec/2014:15:04:54 -0500] "POST /forms/lservlet;jsessionid=ac16012b30d5fc65fd8c65314e1995c9f7593f9df56e.e3iSbxaKaheRe34Sa3yKbhiTahb0n6jAmljGr5XDqQLvpAe HTTP/1.1" 200 64000
181.50.192.137 - - [08/Dec/2014:15:04:54 -0500] "POST /forms/lservlet;jsessionid=ac16012b30d5fc65fd8c65314e1995c9f7593f9df56e.e3iSbxaKaheRe34Sa3yKbhiTahb0n6jAmljGr5XDqQLvpAe HTTP/1.1" 200 63623
181.50.192.137 - - [08/Dec/2014:15:04:55 -0500] "HEAD /imagenes/dama_logo.gif HTTP/1.1" 200 -
181.50.192.137 - - [08/Dec/2014:15:04:55 -0500] "GET /imagenes/dama_logo.gif HTTP/1.1" 200 21482
181.50.192.137 - - [08/Dec/2014:15:04:56 -0500] "POST /forms/lservlet;jsessionid=ac16012b30d5fc65fd8c65314e1995c9f7593f9df56e.e3iSbxaKaheRe34Sa3yKbhiTahb0n6jAmljGr5XDqQLvpAe HTTP/1.1" 200 2
181.50.192.137 - - [08/Dec/2014:15:04:56 -0500] "POST /forms/lservlet;jsessionid=ac16012b30d5fc65fd8c65314e1995c9f7593f9df56e.e3iSbxaKaheRe34Sa3yKbhiTahb0n6jAmljGr5XDqQLvpAe HTTP/1.1" 200 2
181.50.192.137 - - [08/Dec/2014:15:05:05 -0500] "POST /forms/lservlet;jsessionid=ac16012b30d5fc65fd8c65314e1995c9f7593f9df56e.e3iSbxaKaheRe34Sa3yKbhiTahb0n6jAmljGr5XDqQLvpAe HTTP/1.1" 200 7997
157.55.39.13 - - [08/Dec/2014:15:05:06 -0500] "GET /bla/resoluciones/resoluciones%202009/1842.pdf HTTP/1.1" 200 243649
181.50.192.137 - - [08/Dec/2014:15:05:06 -0500] "POST /forms/lservlet;jsessionid=ac16012b30d5fc65fd8c65314e1995c9f7593f9df56e.e3iSbxaKaheRe34Sa3yKbhiTahb0n6jAmljGr5XDqQLvpAe HTTP/1.1" 200 64
181.50.192.137 - - [08/Dec/2014:15:05:06 -0500] "POST /forms/lservlet;jsessionid=ac16012b30d5fc65fd8c65314e1995c9f7593f9df56e.e3iSbxaKaheRe34Sa3yKbhiTahb0n6jAmljGr5XDqQLvpAe HTTP/1.1" 200 2
181.50.192.137 - - [08/Dec/2014:15:05:06 -0500] "POST /forms/lservlet;jsessionid=ac16012b30d5fc65fd8c65314e1995c9f7593f9df56e.e3iSbxaKaheRe34Sa3yKbhiTahb0n6jAmljGr5XDqQLvpAe HTTP/1.1" 200 2
181.50.192.137 - - [08/Dec/2014:15:05:06 -0500] "POST /forms/lservlet;jsessionid=ac16012b30d5fc65fd8c65314e1995c9f7593f9df56e.e3iSbxaKaheRe34Sa3yKbhiTahb0n6jAmljGr5XDqQLvpAe HTTP/1.1" 200 2
157.55.39.13 - - [08/Dec/2014:15:05:06 -0500] "GET /bla/resoluciones/RESOLUCIONES%202011/1845.pdf HTTP/1.1" 200 518070
180.76.6.213 - - [08/Dec/2014:15:05:08 -0500] "GET /BLA/resoluciones/RESOLUCIONES%202010/0533.pdf HTTP/1.1" 200 400772
189.135.69.100 - - [08/Dec/2014:15:05:01 -0500] "GET /videos/CRRFFS.mp4 HTTP/1.1" 200 286784363
181.61.10.95 - - [08/Dec/2014:15:05:11 -0500] "GET /BLA/boletinlegal/js/jquery.js HTTP/1.1" 200 57254
181.61.10.95 - - [08/Dec/2014:15:05:11 -0500] "GET /BLA/boletinlegal/js/jquery.scrollShow.js HTTP/1.1" 200 4586
181.61.10.95 - - [08/Dec/2014:15:05:11 -0500] "GET /BLA/boletinlegal/js/jquery.scrollTo-min.js HTTP/1.1" 200 1150
181.50.192.137 - - [08/Dec/2014:15:05:13 -0500] "POST /forms/lservlet;jsessionid=ac16012b30d5fc65fd8c65314e1995c9f7593f9df56e.e3iSbxaKaheRe34Sa3yKbhiTahb0n6jAmljGr5XDqQLvpAe HTTP/1.1" 200 34711
181.50.192.137 - - [08/Dec/2014:15:05:14 -0500] "GET /imagenes/listval.gif HTTP/1.1" 200 905
181.50.192.137 - - [08/Dec/2014:15:05:14 -0500] "GET /imagenes/tree1.gif HTTP/1.1" 200 1161
181.50.192.137 - - [08/Dec/2014:15:05:14 -0500] "GET /imagenes/listval.gif HTTP/1.1" 200 905
181.50.192.137 - - [08/Dec/2014:15:05:14 -0500] "GET /imagenes/CAMERA3.gif HTTP/1.1" 200 4150
181.50.192.137 - - [08/Dec/2014:15:05:14 -0500] "GET /imagenes/SLIDE1.gif HTTP/1.1" 200 1111
181.50.192.137 - - [08/Dec/2014:15:05:14 -0500] "GET /imagenes/flexcomb.gif HTTP/1.1" 200 1169
181.50.192.137 - - [08/Dec/2014:15:05:14 -0500] "GET /imagenes/GO.gif HTTP/1.1" 200 904
181.50.192.137 - - [08/Dec/2014:15:05:14 -0500] "GET /imagenes/HRTOOLS.gif HTTP/1.1" 200 2238
181.50.192.137 - - [08/Dec/2014:15:05:14 -0500] "GET /imagenes/rt_rec1.gif HTTP/1.1" 200 867
181.50.192.137 - - [08/Dec/2014:15:05:14 -0500] "GET /imagenes/apply.gif HTTP/1.1" 200 903
181.50.192.137 - - [08/Dec/2014:15:05:14 -0500] "GET /imagenes/exit.gif HTTP/1.1" 200 916
181.50.192.137 - - [08/Dec/2014:15:05:14 -0500] "GET /imagenes/LISTVAL.gif HTTP/1.1" 200 905
181.50.192.137 - - [08/Dec/2014:15:05:14 -0500] "GET /imagenes/edit.gif HTTP/1.1" 200 919
181.50.192.137 - - [08/Dec/2014:15:05:14 -0500] "GET /imagenes/rt_rec4.gif HTTP/1.1" 200 865
181.50.192.137 - - [08/Dec/2014:15:05:14 -0500] "GET /imagenes/rt_rec3.gif HTTP/1.1" 200 844
181.50.192.137 - - [08/Dec/2014:15:05:14 -0500] "GET /imagenes/rt_rec2.gif HTTP/1.1" 200 847
181.50.192.137 - - [08/Dec/2014:15:05:14 -0500] "GET /imagenes/rt_rdel.gif HTTP/1.1" 200 899
181.50.192.137 - - [08/Dec/2014:15:05:14 -0500] "GET /imagenes/rt_radd.gif HTTP/1.1" 200 907
181.50.192.137 - - [08/Dec/2014:15:05:14 -0500] "GET /imagenes/rt_quer3.gif HTTP/1.1" 200 939
181.50.192.137 - - [08/Dec/2014:15:05:14 -0500] "GET /imagenes/rt_quer2.gif HTTP/1.1" 200 936
181.50.192.137 - - [08/Dec/2014:15:05:14 -0500] "GET /imagenes/rt_quer1.gif HTTP/1.1" 200 930
181.50.192.137 - - [08/Dec/2014:15:05:14 -0500] "GET /imagenes/rt_save.gif HTTP/1.1" 200 903
181.50.192.137 - - [08/Dec/2014:15:05:14 -0500] "GET /imagenes/rt_pset.gif HTTP/1.1" 200 914
181.50.192.137 - - [08/Dec/2014:15:05:14 -0500] "GET /imagenes/QUEJA.gif HTTP/1.1" 200 1091
181.50.192.137 - - [08/Dec/2014:15:05:14 -0500] "GET /imagenes/ARBOL.gif HTTP/1.1" 200 1026
181.50.192.137 - - [08/Dec/2014:15:05:15 -0500] "GET /imagenes/Clipboard.gif HTTP/1.1" 200 1466
181.50.192.137 - - [08/Dec/2014:15:05:15 -0500] "GET /imagenes/DINERO.gif HTTP/1.1" 200 1766
181.50.192.137 - - [08/Dec/2014:15:05:15 -0500] "GET /imagenes/URGENTE.gif HTTP/1.1" 200 964
181.50.192.137 - - [08/Dec/2014:15:05:15 -0500] "GET /imagenes/TREE4.gif HTTP/1.1" 200 4150
181.50.192.137 - - [08/Dec/2014:15:05:15 -0500] "POST /forms/lservlet;jsessionid=ac16012b30d5fc65fd8c65314e1995c9f7593f9df56e.e3iSbxaKaheRe34Sa3yKbhiTahb0n6jAmljGr5XDqQLvpAe HTTP/1.1" 200 7
181.50.192.137 - - [08/Dec/2014:15:05:15 -0500] "POST /forms/lservlet;jsessionid=ac16012b30d5fc65fd8c65314e1995c9f7593f9df56e.e3iSbxaKaheRe34Sa3yKbhiTahb0n6jAmljGr5XDqQLvpAe HTTP/1.1" 200 34
181.50.192.137 - - [08/Dec/2014:15:05:15 -0500] "POST /forms/lservlet;jsessionid=ac16012b30d5fc65fd8c65314e1995c9f7593f9df56e.e3iSbxaKaheRe34Sa3yKbhiTahb0n6jAmljGr5XDqQLvpAe HTTP/1.1" 200 2
181.50.192.137 - - [08/Dec/2014:15:05:17 -0500] "POST /forms/lservlet;jsessionid=ac16012b30d5fc65fd8c65314e1995c9f7593f9df56e.e3iSbxaKaheRe34Sa3yKbhiTahb0n6jAmljGr5XDqQLvpAe HTTP/1.1" 200 2
181.50.192.137 - - [08/Dec/2014:15:05:17 -0500] "POST /forms/lservlet;jsessionid=ac16012b30d5fc65fd8c65314e1995c9f7593f9df56e.e3iSbxaKaheRe34Sa3yKbhiTahb0n6jAmljGr5XDqQLvpAe HTTP/1.1" 200 699
181.50.192.137 - - [08/Dec/2014:15:05:17 -0500] "GET /imagenes/Srch_frw.gif HTTP/1.1" 200 925
181.50.192.137 - - [08/Dec/2014:15:05:17 -0500] "POST /forms/lservlet;jsessionid=ac16012b30d5fc65fd8c65314e1995c9f7593f9df56e.e3iSbxaKaheRe34Sa3yKbhiTahb0n6jAmljGr5XDqQLvpAe HTTP/1.1" 200 10
188.165.15.132 - - [08/Dec/2014:15:05:24 -0500] "GET /BLA/resoluciones/RESOLUCIONES%202005/RES%202005%20851-900/00000861.tif HTTP/1.1" 200 128612
181.50.192.137 - - [08/Dec/2014:15:05:33 -0500] "POST /forms/lservlet;jsessionid=ac16012b30d5fc65fd8c65314e1995c9f7593f9df56e.e3iSbxaKaheRe34Sa3yKbhiTahb0n6jAmljGr5XDqQLvpAe HTTP/1.1" 200 24
181.50.192.137 - - [08/Dec/2014:15:05:33 -0500] "POST /forms/lservlet;jsessionid=ac16012b30d5fc65fd8c65314e1995c9f7593f9df56e.e3iSbxaKaheRe34Sa3yKbhiTahb0n6jAmljGr5XDqQLvpAe HTTP/1.1" 200 234
181.50.192.137 - - [08/Dec/2014:15:05:33 -0500] "POST /forms/lservlet;jsessionid=ac16012b30d5fc65fd8c65314e1995c9f7593f9df56e.e3iSbxaKaheRe34Sa3yKbhiTahb0n6jAmljGr5XDqQLvpAe HTTP/1.1" 200 10
181.50.192.137 - - [08/Dec/2014:15:05:39 -0500] "POST /forms/lservlet;jsessionid=ac16012b30d5fc65fd8c65314e1995c9f7593f9df56e.e3iSbxaKaheRe34Sa3yKbhiTahb0n6jAmljGr5XDqQLvpAe HTTP/1.1" 200 24
181.50.192.137 - - [08/Dec/2014:15:05:39 -0500] "POST /forms/lservlet;jsessionid=ac16012b30d5fc65fd8c65314e1995c9f7593f9df56e.e3iSbxaKaheRe34Sa3yKbhiTahb0n6jAmljGr5XDqQLvpAe HTTP/1.1" 200 4674
181.50.192.137 - - [08/Dec/2014:15:05:40 -0500] "POST /forms/lservlet;jsessionid=ac16012b30d5fc65fd8c65314e1995c9f7593f9df56e.e3iSbxaKaheRe34Sa3yKbhiTahb0n6jAmljGr5XDqQLvpAe HTTP/1.1" 200 2
157.55.39.104 - - [08/Dec/2014:15:05:40 -0500] "GET /BLA/resoluciones/AUTOS%202009/3031.pdf HTTP/1.1" 200 185151
157.55.39.104 - - [08/Dec/2014:15:05:41 -0500] "GET /BLA/resoluciones/Resoluciones%202011/3614.pdf HTTP/1.1" 200 386422
157.55.39.104 - - [08/Dec/2014:15:05:42 -0500] "GET /BLA/resoluciones/RESOLUCIONES%202011/3848.pdf HTTP/1.1" 200 551540
181.50.192.137 - - [08/Dec/2014:15:05:46 -0500] "POST /forms/lservlet;jsessionid=ac16012b30d5fc65fd8c65314e1995c9f7593f9df56e.e3iSbxaKaheRe34Sa3yKbhiTahb0n6jAmljGr5XDqQLvpAe HTTP/1.1" 200 2
181.50.192.137 - - [08/Dec/2014:15:05:47 -0500] "POST /forms/lservlet;jsessionid=ac16012b30d5fc65fd8c65314e1995c9f7593f9df56e.e3iSbxaKaheRe34Sa3yKbhiTahb0n6jAmljGr5XDqQLvpAe HTTP/1.1" 200 2398
181.50.192.137 - - [08/Dec/2014:15:05:47 -0500] "POST /forms/lservlet;jsessionid=ac16012b30d5fc65fd8c65314e1995c9f7593f9df56e.e3iSbxaKaheRe34Sa3yKbhiTahb0n6jAmljGr5XDqQLvpAe HTTP/1.1" 200 10
181.50.192.137 - - [08/Dec/2014:15:06:01 -0500] "POST /forms/lservlet;jsessionid=ac16012b30d5fc65fd8c65314e1995c9f7593f9df56e.e3iSbxaKaheRe34Sa3yKbhiTahb0n6jAmljGr5XDqQLvpAe HTTP/1.1" 200 24
181.50.192.137 - - [08/Dec/2014:15:06:01 -0500] "POST /forms/lservlet;jsessionid=ac16012b30d5fc65fd8c65314e1995c9f7593f9df56e.e3iSbxaKaheRe34Sa3yKbhiTahb0n6jAmljGr5XDqQLvpAe HTTP/1.1" 200 3924
181.50.192.137 - - [08/Dec/2014:15:06:02 -0500] "POST /forms/lservlet;jsessionid=ac16012b30d5fc65fd8c65314e1995c9f7593f9df56e.e3iSbxaKaheRe34Sa3yKbhiTahb0n6jAmljGr5XDqQLvpAe HTTP/1.1" 200 2
186.113.92.50 - - [08/Dec/2014:15:06:04 -0500] "POST /forest/actions/workplace.getReparto?a=0.6640059328638017 HTTP/1.1" 200 56
157.55.39.13 - - [08/Dec/2014:15:06:05 -0500] "GET /bla/resoluciones/resoluciones%202009/6861.pdf HTTP/1.1" 200 324228
186.113.92.50 - - [08/Dec/2014:15:06:05 -0500] "POST /forest/actions/workplace.getReparto?a=0.43875818070955575 HTTP/1.1" 200 56
186.113.92.50 - - [08/Dec/2014:15:06:06 -0500] "POST /forest/actions/workplace.getReparto?a=0.4862040928564966 HTTP/1.1" 200 56
186.113.92.50 - - [08/Dec/2014:15:06:10 -0500] "GET /forest/skins/gdocs-jar/popup/popup.jsp?width=1100&height=500&title=Buscar%20procesos&uri=/forest/buscar.do%3Ftype%3Dprocesos&name=undefined&_a=0.28674518410116434&a=0.7934057926759124 HTTP/1.1" 200 1296
186.113.92.50 - - [08/Dec/2014:15:06:10 -0500] "GET /forest/buscar.do?type=procesos HTTP/1.1" 200 14695
186.113.92.50 - - [08/Dec/2014:15:06:10 -0500] "GET /forest/buscar.do?type=procesos HTTP/1.1" 200 97360
186.113.92.50 - - [08/Dec/2014:15:06:11 -0500] "GET /forest/json.do?query=usersByDep&coddep=7019 HTTP/1.1" 200 1486
186.113.92.50 - - [08/Dec/2014:15:06:11 -0500] "GET /forest/json.do?query=usersByDep&coddep=7019 HTTP/1.1" 200 1486
66.249.75.67 - - [08/Dec/2014:15:06:12 -0500] "GET /PORTAL_SIAC/swf/slide6.swf HTTP/1.1" 200 247931
186.113.92.50 - - [08/Dec/2014:15:06:14 -0500] "POST /forest/buscar.do? HTTP/1.1" 200 5235
190.27.74.31 - - [08/Dec/2014:15:06:19 -0500] "GET /BLA/resoluciones/RESOLUCIONES%202011/1403.pdf HTTP/1.1" 200 64905
186.144.158.133 - - [08/Dec/2014:15:06:20 -0500] "GET /BLA/boletinlegal/js/jquery.js HTTP/1.1" 200 57254
186.144.158.133 - - [08/Dec/2014:15:06:20 -0500] "GET /BLA/boletinlegal/js/jquery.scrollTo-min.js HTTP/1.1" 200 1150
186.144.158.133 - - [08/Dec/2014:15:06:20 -0500] "GET /BLA/boletinlegal/js/jquery.scrollShow.js HTTP/1.1" 200 4586
190.27.74.31 - - [08/Dec/2014:15:06:20 -0500] "GET /favicon.ico HTTP/1.1" 200 7782
2.109.204.135 - - [08/Dec/2014:15:06:22 -0500] "PUT /webdav/shell4.php HTTP/1.1" 405 938
157.55.39.103 - - [08/Dec/2014:15:06:25 -0500] "GET /BLA/resoluciones/RESOLUCIONES%202009/6169.pdf HTTP/1.1" 200 639636
66.249.75.67 - - [08/Dec/2014:15:06:30 -0500] "GET /BLA/resoluciones/RESOLUCIONES%202013/0143.pdf HTTP/1.1" 304 -
181.50.192.137 - - [08/Dec/2014:15:06:35 -0500] "POST /forms/lservlet;jsessionid=ac16012b30d5fc65fd8c65314e1995c9f7593f9df56e.e3iSbxaKaheRe34Sa3yKbhiTahb0n6jAmljGr5XDqQLvpAe HTTP/1.1" 200 99
66.249.75.51 - - [08/Dec/2014:15:06:47 -0500] "GET /autoliquidacion/Solicitud%20de%20expedici%C3%B3n%20de%20certificados%20de%20estado%20de%20conservaci%C3%B3n%20ambiental%20(CECA)/Formulario%20de%20solicitud%20de%20CECAS.pdf HTTP/1.1" 200 193229
190.26.64.58 - - [08/Dec/2014:15:06:48 -0500] "GET /BLA/boletinlegal/js/jquery.js HTTP/1.1" 200 57254
190.26.64.58 - - [08/Dec/2014:15:06:48 -0500] "GET /BLA/boletinlegal/js/jquery.scrollTo-min.js HTTP/1.1" 200 1150
190.26.64.58 - - [08/Dec/2014:15:06:48 -0500] "GET /BLA/boletinlegal/js/jquery.scrollShow.js HTTP/1.1" 200 4586
191.109.29.148 - - [08/Dec/2014:15:06:51 -0500] "GET /BLA/boletinlegal/js/jquery.js HTTP/1.1" 200 57254
191.109.29.148 - - [08/Dec/2014:15:06:52 -0500] "GET /BLA/boletinlegal/js/jquery.scrollShow.js HTTP/1.1" 200 4586
191.109.29.148 - - [08/Dec/2014:15:06:52 -0500] "GET /BLA/boletinlegal/js/jquery.scrollTo-min.js HTTP/1.1" 200 1150
213.251.182.10 - - [08/Dec/2014:15:06:52 -0500] "GET /test/wp-admin/ HTTP/1.1" 404 1018
181.50.192.137 - - [08/Dec/2014:15:06:53 -0500] "POST /forms/lservlet;jsessionid=ac16012b30d5fc65fd8c65314e1995c9f7593f9df56e.e3iSbxaKaheRe34Sa3yKbhiTahb0n6jAmljGr5XDqQLvpAe HTTP/1.1" 200 2
188.165.15.191 - - [08/Dec/2014:15:06:53 -0500] "GET /BLA/resoluciones/RESOLUCIONES%202005/RES%202005%20601-650/00000645.tif HTTP/1.1" 200 40118
157.55.39.12 - - [08/Dec/2014:15:06:55 -0500] "GET /bla/resoluciones/resoluciones%202009/7399.pdf HTTP/1.1" 200 684687
157.55.39.12 - - [08/Dec/2014:15:06:56 -0500] "GET /bla/resoluciones/resoluciones%202009/7304.pdf HTTP/1.1" 200 339916
181.50.192.137 - - [08/Dec/2014:15:06:58 -0500] "POST /forms/lservlet;jsessionid=ac16012b30d5fc65fd8c65314e1995c9f7593f9df56e.e3iSbxaKaheRe34Sa3yKbhiTahb0n6jAmljGr5XDqQLvpAe HTTP/1.1" 200 2
181.50.192.137 - - [08/Dec/2014:15:06:59 -0500] "POST /forms/lservlet;jsessionid=ac16012b30d5fc65fd8c65314e1995c9f7593f9df56e.e3iSbxaKaheRe34Sa3yKbhiTahb0n6jAmljGr5XDqQLvpAe HTTP/1.1" 200 90
181.50.192.137 - - [08/Dec/2014:15:06:59 -0500] "POST /forms/lservlet;jsessionid=ac16012b30d5fc65fd8c65314e1995c9f7593f9df56e.e3iSbxaKaheRe34Sa3yKbhiTahb0n6jAmljGr5XDqQLvpAe HTTP/1.1" 200 2
181.50.192.137 - - [08/Dec/2014:15:07:00 -0500] "POST /forms/lservlet;jsessionid=ac16012b30d5fc65fd8c65314e1995c9f7593f9df56e.e3iSbxaKaheRe34Sa3yKbhiTahb0n6jAmljGr5XDqQLvpAe HTTP/1.1" 200 2
181.50.192.137 - - [08/Dec/2014:15:07:00 -0500] "POST /forms/lservlet;jsessionid=ac16012b30d5fc65fd8c65314e1995c9f7593f9df56e.e3iSbxaKaheRe34Sa3yKbhiTahb0n6jAmljGr5XDqQLvpAe HTTP/1.1" 200 38
181.50.192.137 - - [08/Dec/2014:15:07:07 -0500] "POST /forms/lservlet;jsessionid=ac16012b30d5fc65fd8c65314e1995c9f7593f9df56e.e3iSbxaKaheRe34Sa3yKbhiTahb0n6jAmljGr5XDqQLvpAe HTTP/1.1" 200 2
181.50.192.137 - - [08/Dec/2014:15:07:07 -0500] "POST /forms/lservlet;jsessionid=ac16012b30d5fc65fd8c65314e1995c9f7593f9df56e.e3iSbxaKaheRe34Sa3yKbhiTahb0n6jAmljGr5XDqQLvpAe HTTP/1.1" 200 14
157.55.39.104 - - [08/Dec/2014:15:07:08 -0500] "GET /bla/resoluciones/resoluciones%202009/1911.pdf HTTP/1.1" 200 355557
181.50.192.137 - - [08/Dec/2014:15:07:08 -0500] "POST /forms/lservlet;jsessionid=ac16012b30d5fc65fd8c65314e1995c9f7593f9df56e.e3iSbxaKaheRe34Sa3yKbhiTahb0n6jAmljGr5XDqQLvpAe HTTP/1.1" 200 14
181.50.192.137 - - [08/Dec/2014:15:07:10 -0500] "POST /forms/lservlet;jsessionid=ac16012b30d5fc65fd8c65314e1995c9f7593f9df56e.e3iSbxaKaheRe34Sa3yKbhiTahb0n6jAmljGr5XDqQLvpAe HTTP/1.1" 200 14
181.50.192.137 - - [08/Dec/2014:15:07:11 -0500] "POST /forms/lservlet;jsessionid=ac16012b30d5fc65fd8c65314e1995c9f7593f9df56e.e3iSbxaKaheRe34Sa3yKbhiTahb0n6jAmljGr5XDqQLvpAe HTTP/1.1" 200 14
181.50.192.137 - - [08/Dec/2014:15:07:13 -0500] "POST /forms/lservlet;jsessionid=ac16012b30d5fc65fd8c65314e1995c9f7593f9df56e.e3iSbxaKaheRe34Sa3yKbhiTahb0n6jAmljGr5XDqQLvpAe HTTP/1.1" 200 130
181.50.192.137 - - [08/Dec/2014:15:07:13 -0500] "POST /forms/lservlet;jsessionid=ac16012b30d5fc65fd8c65314e1995c9f7593f9df56e.e3iSbxaKaheRe34Sa3yKbhiTahb0n6jAmljGr5XDqQLvpAe HTTP/1.1" 200 7
181.50.192.137 - - [08/Dec/2014:15:07:13 -0500] "GET /reports/rwservlet/getjobid336433?server=rep_srvapsda HTTP/1.0" 200 47837
157.55.39.15 - - [08/Dec/2014:15:07:25 -0500] "GET /BLA/resoluciones/AUTOS%202009/3141.pdf HTTP/1.1" 200 134205
181.50.192.137 - - [08/Dec/2014:15:07:53 -0500] "POST /forms/lservlet;jsessionid=ac16012b30d5fc65fd8c65314e1995c9f7593f9df56e.e3iSbxaKaheRe34Sa3yKbhiTahb0n6jAmljGr5XDqQLvpAe HTTP/1.1" 200 2
181.50.192.137 - - [08/Dec/2014:15:07:53 -0500] "POST /forms/lservlet;jsessionid=ac16012b30d5fc65fd8c65314e1995c9f7593f9df56e.e3iSbxaKaheRe34Sa3yKbhiTahb0n6jAmljGr5XDqQLvpAe HTTP/1.1" 200 14
181.50.192.137 - - [08/Dec/2014:15:07:54 -0500] "POST /forms/lservlet;jsessionid=ac16012b30d5fc65fd8c65314e1995c9f7593f9df56e.e3iSbxaKaheRe34Sa3yKbhiTahb0n6jAmljGr5XDqQLvpAe HTTP/1.1" 200 116
181.50.192.137 - - [08/Dec/2014:15:07:55 -0500] "POST /forms/lservlet;jsessionid=ac16012b30d5fc65fd8c65314e1995c9f7593f9df56e.e3iSbxaKaheRe34Sa3yKbhiTahb0n6jAmljGr5XDqQLvpAe HTTP/1.1" 200 7
181.50.192.137 - - [08/Dec/2014:15:07:55 -0500] "GET /reports/rwservlet/getjobid336434?server=rep_srvapsda HTTP/1.0" 200 48129
157.55.39.15 - - [08/Dec/2014:15:07:57 -0500] "GET /bla/resoluciones/resoluciones%202009/8330.pdf HTTP/1.1" 200 529246
157.55.39.13 - - [08/Dec/2014:15:08:02 -0500] "GET /BLA/resoluciones/RESOLUCIONES%202009/7081.pdf HTTP/1.1" 200 911641
157.55.39.13 - - [08/Dec/2014:15:08:02 -0500] "GET /BLA/resoluciones/AUTOS%202010/1784.pdf HTTP/1.1" 200 2782097
157.55.39.13 - - [08/Dec/2014:15:08:04 -0500] "GET /BLA/resoluciones/RESOLUCIONES%202008/1258.pdf HTTP/1.1" 200 110105
157.55.39.104 - - [08/Dec/2014:15:08:13 -0500] "GET /BLA/resoluciones/AUTOS%202012/1757.pdf HTTP/1.1" 200 289660
157.55.39.104 - - [08/Dec/2014:15:08:14 -0500] "GET /BLA/resoluciones/AUTOS%202012/0073.pdf HTTP/1.1" 200 168938
157.55.39.104 - - [08/Dec/2014:15:08:15 -0500] "GET /BLA/resoluciones/RESOLUCIONES%202009/0088.pdf HTTP/1.1" 200 360488
181.50.192.137 - - [08/Dec/2014:15:08:30 -0500] "POST /forms/lservlet;jsessionid=ac16012b30d5fc65fd8c65314e1995c9f7593f9df56e.e3iSbxaKaheRe34Sa3yKbhiTahb0n6jAmljGr5XDqQLvpAe HTTP/1.1" 200 2
181.50.192.137 - - [08/Dec/2014:15:08:30 -0500] "POST /forms/lservlet;jsessionid=ac16012b30d5fc65fd8c65314e1995c9f7593f9df56e.e3iSbxaKaheRe34Sa3yKbhiTahb0n6jAmljGr5XDqQLvpAe HTTP/1.1" 200 14
181.50.192.137 - - [08/Dec/2014:15:08:32 -0500] "POST /forms/lservlet;jsessionid=ac16012b30d5fc65fd8c65314e1995c9f7593f9df56e.e3iSbxaKaheRe34Sa3yKbhiTahb0n6jAmljGr5XDqQLvpAe HTTP/1.1" 200 14
181.50.192.137 - - [08/Dec/2014:15:08:33 -0500] "POST /forms/lservlet;jsessionid=ac16012b30d5fc65fd8c65314e1995c9f7593f9df56e.e3iSbxaKaheRe34Sa3yKbhiTahb0n6jAmljGr5XDqQLvpAe HTTP/1.1" 200 14
181.50.192.137 - - [08/Dec/2014:15:08:34 -0500] "POST /forms/lservlet;jsessionid=ac16012b30d5fc65fd8c65314e1995c9f7593f9df56e.e3iSbxaKaheRe34Sa3yKbhiTahb0n6jAmljGr5XDqQLvpAe HTTP/1.1" 200 14
181.50.192.137 - - [08/Dec/2014:15:08:36 -0500] "POST /forms/lservlet;jsessionid=ac16012b30d5fc65fd8c65314e1995c9f7593f9df56e.e3iSbxaKaheRe34Sa3yKbhiTahb0n6jAmljGr5XDqQLvpAe HTTP/1.1" 200 15
181.50.192.137 - - [08/Dec/2014:15:08:39 -0500] "POST /forms/lservlet;jsessionid=ac16012b30d5fc65fd8c65314e1995c9f7593f9df56e.e3iSbxaKaheRe34Sa3yKbhiTahb0n6jAmljGr5XDqQLvpAe HTTP/1.1" 200 15
181.50.192.137 - - [08/Dec/2014:15:08:43 -0500] "POST /forms/lservlet;jsessionid=ac16012b30d5fc65fd8c65314e1995c9f7593f9df56e.e3iSbxaKaheRe34Sa3yKbhiTahb0n6jAmljGr5XDqQLvpAe HTTP/1.1" 200 113
181.50.192.137 - - [08/Dec/2014:15:08:43 -0500] "POST /forms/lservlet;jsessionid=ac16012b30d5fc65fd8c65314e1995c9f7593f9df56e.e3iSbxaKaheRe34Sa3yKbhiTahb0n6jAmljGr5XDqQLvpAe HTTP/1.1" 200 7
201.137.102.94 - - [08/Dec/2014:15:08:45 -0500] "GET /BLA/boletinlegal/js/jquery.js HTTP/1.1" 200 57254
201.137.102.94 - - [08/Dec/2014:15:08:45 -0500] "GET /BLA/boletinlegal/js/jquery.scrollShow.js HTTP/1.1" 200 4586
201.137.102.94 - - [08/Dec/2014:15:08:45 -0500] "GET /BLA/boletinlegal/js/jquery.scrollTo-min.js HTTP/1.1" 200 1150
157.55.39.15 - - [08/Dec/2014:15:08:46 -0500] "GET /BLA/resoluciones/AUTOS%202011/2190.pdf HTTP/1.1" 200 207987
157.55.39.104 - - [08/Dec/2014:15:08:48 -0500] "GET /BLA/resoluciones/RESOLUCIONES%202010/2190.pdf HTTP/1.1" 200 496125
181.50.192.137 - - [08/Dec/2014:15:08:53 -0500] "POST /forms/lservlet;jsessionid=ac16012b30d5fc65fd8c65314e1995c9f7593f9df56e.e3iSbxaKaheRe34Sa3yKbhiTahb0n6jAmljGr5XDqQLvpAe HTTP/1.1" 200 2
180.76.6.138 - - [08/Dec/2014:15:09:01 -0500] "GET /BLA/resoluciones/RESOLUCIONES%202010/2665.pdf HTTP/1.1" 200 389612
186.115.75.101 - - [08/Dec/2014:15:09:26 -0500] "GET /BLA/boletinlegal/js/jquery.js HTTP/1.1" 200 57254
186.115.75.101 - - [08/Dec/2014:15:09:26 -0500] "GET /BLA/boletinlegal/js/jquery.scrollTo-min.js HTTP/1.1" 200 1150
186.115.75.101 - - [08/Dec/2014:15:09:26 -0500] "GET /BLA/boletinlegal/js/jquery.scrollShow.js HTTP/1.1" 200 4586
157.55.39.15 - - [08/Dec/2014:15:09:34 -0500] "GET /bla/resoluciones/resoluciones%202009/0874.pdf HTTP/1.1" 200 329846
65.49.14.155 - - [08/Dec/2014:15:09:34 -0500] "GET /BLA/boletinlegal/js/jquery.scrollShow.js HTTP/1.1" 200 4586
65.49.14.98 - - [08/Dec/2014:15:09:34 -0500] "GET /BLA/boletinlegal/js/jquery.js HTTP/1.1" 200 57254
65.49.14.155 - - [08/Dec/2014:15:09:34 -0500] "GET /BLA/boletinlegal/js/jquery.scrollTo-min.js HTTP/1.1" 200 1150
157.55.39.15 - - [08/Dec/2014:15:09:35 -0500] "GET /bla/resoluciones/resoluciones%202010/6071.pdf HTTP/1.1" 200 2281483
186.85.235.4 - - [08/Dec/2014:15:09:40 -0500] "GET /BLA/boletinlegal/js/jquery.js HTTP/1.1" 200 57254
186.85.235.4 - - [08/Dec/2014:15:09:40 -0500] "GET /BLA/boletinlegal/js/jquery.scrollTo-min.js HTTP/1.1" 200 1150
186.85.235.4 - - [08/Dec/2014:15:09:40 -0500] "GET /BLA/boletinlegal/js/jquery.scrollShow.js HTTP/1.1" 200 4586
74.86.158.107 - - [08/Dec/2014:15:09:41 -0500] "HEAD / HTTP/1.1" 302 -
157.55.39.12 - - [08/Dec/2014:15:09:41 -0500] "GET /BLA/resoluciones/RESOLUCIONES%202009/0949.pdf HTTP/1.1" 200 576031
188.165.15.191 - - [08/Dec/2014:15:09:48 -0500] "GET /BLA/resoluciones/RESOLUCIONES%202006/RES%202006%201451-1500/00001494.tif HTTP/1.1" 200 164302
157.55.39.104 - - [08/Dec/2014:15:09:53 -0500] "-" 408 -
186.113.92.50 - - [08/Dec/2014:15:09:54 -0500] "GET /forest/session.jsp?a=0.8049810440279543 HTTP/1.1" 200 4
181.50.192.137 - - [08/Dec/2014:15:08:43 -0500] "GET /reports/rwservlet/getjobid336435?server=rep_srvapsda HTTP/1.0" 200 18454195
66.249.75.51 - - [08/Dec/2014:15:09:58 -0500] "GET /BLA/resoluciones/RESOLUCIONES%202007/RES%202007%20601%20AL%20700/RESOLUCION%200634%20DE%202007.pdf HTTP/1.1" 304 -
157.55.39.15 - - [08/Dec/2014:15:09:58 -0500] "GET /bla/resoluciones/resoluciones%202010/1943.pdf HTTP/1.1" 200 721536
157.55.39.103 - - [08/Dec/2014:15:10:15 -0500] "GET /bla/resoluciones/resoluciones%202010/7243.pdf HTTP/1.1" 200 393450
157.55.39.103 - - [08/Dec/2014:15:10:16 -0500] "GET /BLA/resoluciones/Resoluciones%202011/3627.pdf HTTP/1.1" 200 398620
157.55.39.13 - - [08/Dec/2014:15:10:21 -0500] "GET /bla/resoluciones/resoluciones%202009/7841.pdf HTTP/1.1" 200 319186
157.55.39.103 - - [08/Dec/2014:15:10:33 -0500] "GET /BLA/resoluciones/RESOLUCIONES%202009/4153.pdf HTTP/1.1" 200 780888
157.55.39.12 - - [08/Dec/2014:15:10:46 -0500] "GET /BLA/resoluciones/AUTOS%202009/0363.pdf HTTP/1.1" 200 176384
46.185.250.10 - - [08/Dec/2014:15:10:48 -0500] "POST /xmlrpc.php HTTP/1.1" 404 1018
186.113.92.50 - - [08/Dec/2014:15:10:51 -0500] "GET /forest/index2.jsp?_a=0.5735617952886969 HTTP/1.1" 200 264503
186.113.92.50 - - [08/Dec/2014:15:10:52 -0500] "GET /forest/session.jsp?a=0.6316455078776926 HTTP/1.1" 200 4
202.46.50.140 - - [08/Dec/2014:15:10:53 -0500] "GET /BLA/resoluciones/RESOLUCIONES%202010/0533.pdf HTTP/1.1" 200 400772
181.50.192.137 - - [08/Dec/2014:15:10:53 -0500] "POST /forms/lservlet;jsessionid=ac16012b30d5fc65fd8c65314e1995c9f7593f9df56e.e3iSbxaKaheRe34Sa3yKbhiTahb0n6jAmljGr5XDqQLvpAe HTTP/1.1" 200 2
186.113.92.50 - - [08/Dec/2014:15:10:55 -0500] "GET /forest/suactividades.do?group_system_actual=3&_a=0.13372557704370336 HTTP/1.1" 200 48543
186.113.92.50 - - [08/Dec/2014:15:10:56 -0500] "GET /forest/session.jsp?a=0.1079311219509691 HTTP/1.1" 200 4
186.113.92.50 - - [08/Dec/2014:15:10:56 -0500] "POST /forest/actions/workplace.getReparto?a=0.27052674419246614 HTTP/1.1" 200 56
186.113.92.50 - - [08/Dec/2014:15:11:00 -0500] "GET /forest/skins/gdocs-jar/jsp/cookie.jsp?name=grid_numero&del HTTP/1.1" 200 -
186.113.92.50 - - [08/Dec/2014:15:11:00 -0500] "POST /forest/actions/workplace.getReparto?a=0.2981860772706568 HTTP/1.1" 200 12373
188.165.15.14 - - [08/Dec/2014:15:11:03 -0500] "GET /BLA/resoluciones/RESOLUCIONES%202002/RES%202002%201401-1450/20021407.tif HTTP/1.1" 200 100430
186.113.92.50 - - [08/Dec/2014:15:11:12 -0500] "POST /forest/actions/workplace.getReparto?a=0.5723365871235728 HTTP/1.1" 200 11380
186.113.92.50 - - [08/Dec/2014:15:11:12 -0500] "GET /forest/skins/gdocs-jar/img/icons/html.gif HTTP/1.1" 200 621
186.80.130.135 - - [08/Dec/2014:15:11:13 -0500] "GET /BLA/resoluciones/RESOLUCIONES%202012/0335.pdf HTTP/1.1" 200 345043
186.80.130.135 - - [08/Dec/2014:15:11:14 -0500] "GET /BLA/resoluciones/RESOLUCIONES%202012/0335.pdf HTTP/1.1" 206 32768
186.80.130.135 - - [08/Dec/2014:15:11:14 -0500] "GET /BLA/resoluciones/RESOLUCIONES%202012/0335.pdf HTTP/1.1" 206 312275
186.80.130.135 - - [08/Dec/2014:15:11:15 -0500] "GET /favicon.ico HTTP/1.1" 200 7782
66.249.75.67 - - [08/Dec/2014:15:11:35 -0500] "GET /BLA/resoluciones/RESOLUCIONES%202005/RES%202005%201101-1150/00001116.tif HTTP/1.1" 200 137006
181.50.192.137 - - [08/Dec/2014:15:11:40 -0500] "POST /forms/lservlet;jsessionid=ac16012b30d5fc65fd8c65314e1995c9f7593f9df56e.e3iSbxaKaheRe34Sa3yKbhiTahb0n6jAmljGr5XDqQLvpAe HTTP/1.1" 200 71
181.50.192.137 - - [08/Dec/2014:15:11:41 -0500] "POST /forms/lservlet;jsessionid=ac16012b30d5fc65fd8c65314e1995c9f7593f9df56e.e3iSbxaKaheRe34Sa3yKbhiTahb0n6jAmljGr5XDqQLvpAe HTTP/1.1" 200 2
181.50.192.137 - - [08/Dec/2014:15:11:41 -0500] "POST /forms/lservlet;jsessionid=ac16012b30d5fc65fd8c65314e1995c9f7593f9df56e.e3iSbxaKaheRe34Sa3yKbhiTahb0n6jAmljGr5XDqQLvpAe HTTP/1.1" 200 2373
181.50.192.137 - - [08/Dec/2014:15:11:41 -0500] "POST /forms/lservlet;jsessionid=ac16012b30d5fc65fd8c65314e1995c9f7593f9df56e.e3iSbxaKaheRe34Sa3yKbhiTahb0n6jAmljGr5XDqQLvpAe HTTP/1.1" 200 10
157.55.39.12 - - [08/Dec/2014:15:11:51 -0500] "GET /BLA/resoluciones/AUTOS%202009/0395.pdf HTTP/1.1" 200 109830
157.55.39.12 - - [08/Dec/2014:15:11:51 -0500] "GET /bla/resoluciones/resoluciones%202009/3611.pdf HTTP/1.1" 200 110172
181.50.192.137 - - [08/Dec/2014:15:11:55 -0500] "POST /forms/lservlet;jsessionid=ac16012b30d5fc65fd8c65314e1995c9f7593f9df56e.e3iSbxaKaheRe34Sa3yKbhiTahb0n6jAmljGr5XDqQLvpAe HTTP/1.1" 200 24
181.50.192.137 - - [08/Dec/2014:15:11:55 -0500] "POST /forms/lservlet;jsessionid=ac16012b30d5fc65fd8c65314e1995c9f7593f9df56e.e3iSbxaKaheRe34Sa3yKbhiTahb0n6jAmljGr5XDqQLvpAe HTTP/1.1" 200 4246
181.50.192.137 - - [08/Dec/2014:15:11:55 -0500] "POST /forms/lservlet;jsessionid=ac16012b30d5fc65fd8c65314e1995c9f7593f9df56e.e3iSbxaKaheRe34Sa3yKbhiTahb0n6jAmljGr5XDqQLvpAe HTTP/1.1" 200 2
181.50.192.137 - - [08/Dec/2014:15:12:03 -0500] "POST /forms/lservlet;jsessionid=ac16012b30d5fc65fd8c65314e1995c9f7593f9df56e.e3iSbxaKaheRe34Sa3yKbhiTahb0n6jAmljGr5XDqQLvpAe HTTP/1.1" 200 2
181.50.192.137 - - [08/Dec/2014:15:12:03 -0500] "POST /forms/lservlet;jsessionid=ac16012b30d5fc65fd8c65314e1995c9f7593f9df56e.e3iSbxaKaheRe34Sa3yKbhiTahb0n6jAmljGr5XDqQLvpAe HTTP/1.1" 200 14
181.50.192.137 - - [08/Dec/2014:15:12:05 -0500] "POST /forms/lservlet;jsessionid=ac16012b30d5fc65fd8c65314e1995c9f7593f9df56e.e3iSbxaKaheRe34Sa3yKbhiTahb0n6jAmljGr5XDqQLvpAe HTTP/1.1" 200 14
181.50.192.137 - - [08/Dec/2014:15:12:06 -0500] "POST /forms/lservlet;jsessionid=ac16012b30d5fc65fd8c65314e1995c9f7593f9df56e.e3iSbxaKaheRe34Sa3yKbhiTahb0n6jAmljGr5XDqQLvpAe HTTP/1.1" 200 14
181.50.192.137 - - [08/Dec/2014:15:12:07 -0500] "POST /forms/lservlet;jsessionid=ac16012b30d5fc65fd8c65314e1995c9f7593f9df56e.e3iSbxaKaheRe34Sa3yKbhiTahb0n6jAmljGr5XDqQLvpAe HTTP/1.1" 200 14
181.50.192.137 - - [08/Dec/2014:15:12:09 -0500] "POST /forms/lservlet;jsessionid=ac16012b30d5fc65fd8c65314e1995c9f7593f9df56e.e3iSbxaKaheRe34Sa3yKbhiTahb0n6jAmljGr5XDqQLvpAe HTTP/1.1" 200 15
181.50.192.137 - - [08/Dec/2014:15:12:12 -0500] "POST /forms/lservlet;jsessionid=ac16012b30d5fc65fd8c65314e1995c9f7593f9df56e.e3iSbxaKaheRe34Sa3yKbhiTahb0n6jAmljGr5XDqQLvpAe HTTP/1.1" 200 15
181.50.192.137 - - [08/Dec/2014:15:12:16 -0500] "POST /forms/lservlet;jsessionid=ac16012b30d5fc65fd8c65314e1995c9f7593f9df56e.e3iSbxaKaheRe34Sa3yKbhiTahb0n6jAmljGr5XDqQLvpAe HTTP/1.1" 200 15
181.50.192.137 - - [08/Dec/2014:15:12:24 -0500] "POST /forms/lservlet;jsessionid=ac16012b30d5fc65fd8c65314e1995c9f7593f9df56e.e3iSbxaKaheRe34Sa3yKbhiTahb0n6jAmljGr5XDqQLvpAe HTTP/1.1" 200 112
181.50.192.137 - - [08/Dec/2014:15:12:24 -0500] "POST /forms/lservlet;jsessionid=ac16012b30d5fc65fd8c65314e1995c9f7593f9df56e.e3iSbxaKaheRe34Sa3yKbhiTahb0n6jAmljGr5XDqQLvpAe HTTP/1.1" 200 2
152.200.80.190 - - [08/Dec/2014:15:12:50 -0500] "GET /BLA/boletinlegal/js/jquery.js HTTP/1.1" 200 57254
152.200.80.190 - - [08/Dec/2014:15:12:50 -0500] "GET /BLA/boletinlegal/js/jquery.scrollTo-min.js HTTP/1.1" 200 1150
152.200.80.190 - - [08/Dec/2014:15:12:50 -0500] "GET /BLA/boletinlegal/js/jquery.scrollShow.js HTTP/1.1" 200 4586
157.55.39.12 - - [08/Dec/2014:15:12:51 -0500] "GET /bla/resoluciones/resoluciones%202010/6035.pdf HTTP/1.1" 200 744056
181.50.192.137 - - [08/Dec/2014:15:12:54 -0500] "POST /forms/lservlet;jsessionid=ac16012b30d5fc65fd8c65314e1995c9f7593f9df56e.e3iSbxaKaheRe34Sa3yKbhiTahb0n6jAmljGr5XDqQLvpAe HTTP/1.1" 200 2
157.55.39.104 - - [08/Dec/2014:15:13:02 -0500] "GET /BLA/resoluciones/RESOLUCIONES%202008/2027.pdf HTTP/1.1" 200 188238
66.249.75.83 - - [08/Dec/2014:15:13:04 -0500] "GET /BLA/resoluciones/RESOLUCIONES%202008/5491.pdf HTTP/1.1" 200 218286
157.55.39.16 - - [08/Dec/2014:15:13:20 -0500] "GET /robots.txt HTTP/1.1" 404 1018
157.55.39.16 - - [08/Dec/2014:15:13:33 -0500] "GET /bla/resoluciones/resoluciones%202010/5416.pdf HTTP/1.1" 200 748067
181.50.192.137 - - [08/Dec/2014:15:12:24 -0500] "GET /reports/rwservlet/getjobid336436?server=rep_srvapsda HTTP/1.0" 200 17697987
157.55.39.15 - - [08/Dec/2014:15:13:40 -0500] "GET /BLA/resoluciones/AUTOS%202010/6655.pdf HTTP/1.1" 200 94629
157.55.39.15 - - [08/Dec/2014:15:13:51 -0500] "GET /BLA/resoluciones/RESOLUCIONES%202010/2422.pdf HTTP/1.1" 200 484638
157.55.39.104 - - [08/Dec/2014:15:14:04 -0500] "GET /BLA/resoluciones/AUTOS%202009/2601.pdf HTTP/1.1" 200 91426
157.55.39.16 - - [08/Dec/2014:15:14:11 -0500] "GET /bla/resoluciones/resoluciones%202009/3192.pdf HTTP/1.1" 200 334252
157.55.39.103 - - [08/Dec/2014:15:14:24 -0500] "GET /bla/resoluciones/resoluciones%202009/1455.pdf HTTP/1.1" 200 606383
157.55.39.103 - - [08/Dec/2014:15:14:25 -0500] "GET /bla/resoluciones/resoluciones%202010/5994.pdf HTTP/1.1" 200 433215
186.118.235.221 - - [08/Dec/2014:15:14:37 -0500] "GET /BLA/boletinlegal/js/jquery.js HTTP/1.1" 200 57254
186.118.235.221 - - [08/Dec/2014:15:14:37 -0500] "GET /BLA/boletinlegal/js/jquery.scrollTo-min.js HTTP/1.1" 200 1150
186.118.235.221 - - [08/Dec/2014:15:14:37 -0500] "GET /BLA/boletinlegal/js/jquery.scrollShow.js HTTP/1.1" 200 4586
74.86.158.107 - - [08/Dec/2014:15:14:41 -0500] "HEAD / HTTP/1.1" 302 -
188.165.15.44 - - [08/Dec/2014:15:14:46 -0500] "GET /BLA/resoluciones/RESOLUCIONES%202004/RES%202004%20351-400/00000390.tif HTTP/1.1" 200 102322
181.50.192.137 - - [08/Dec/2014:15:14:54 -0500] "POST /forms/lservlet;jsessionid=ac16012b30d5fc65fd8c65314e1995c9f7593f9df56e.e3iSbxaKaheRe34Sa3yKbhiTahb0n6jAmljGr5XDqQLvpAe HTTP/1.1" 200 2
123.125.71.29 - - [08/Dec/2014:15:14:57 -0500] "GET / HTTP/1.1" 302 -
220.181.108.95 - - [08/Dec/2014:15:15:13 -0500] "GET / HTTP/1.1" 302 -
188.165.15.187 - - [08/Dec/2014:15:15:22 -0500] "GET /BLA/resoluciones/RESOLUCIONES%202005/RES%202005%201101-1150/00001119.tif HTTP/1.1" 200 144958
186.28.202.22 - - [08/Dec/2014:15:15:24 -0500] "GET /BLA/boletinlegal/js/jquery.js HTTP/1.1" 200 57254
186.28.202.22 - - [08/Dec/2014:15:15:24 -0500] "GET /BLA/boletinlegal/js/jquery.scrollTo-min.js HTTP/1.1" 200 1150
186.28.202.22 - - [08/Dec/2014:15:15:24 -0500] "GET /BLA/boletinlegal/js/jquery.scrollShow.js HTTP/1.1" 200 4586
157.55.39.16 - - [08/Dec/2014:15:15:26 -0500] "GET /BLA/resoluciones/Resoluciones%202011/2012.pdf HTTP/1.1" 200 508409
157.55.39.12 - - [08/Dec/2014:15:15:33 -0500] "GET /bla/resoluciones/resoluciones%202010/1600.pdf HTTP/1.1" 200 1420490
157.55.39.12 - - [08/Dec/2014:15:15:34 -0500] "GET /BLA/resoluciones/Resoluciones%202011/1472.pdf HTTP/1.1" 200 80349
190.24.124.105 - - [08/Dec/2014:15:15:40 -0500] "POST /forms/lservlet;jsessionid=ac16012b30d548ce52bab34d4943900ef0d3535dab8d.e3iSbxaKaheRe34Sa3yKbhiTahb0n6jAmljGr5XDqQLvpAe HTTP/1.1" 200 13
190.24.124.105 - - [08/Dec/2014:15:15:41 -0500] "POST /forms/lservlet;jsessionid=ac16012b30d548ce52bab34d4943900ef0d3535dab8d.e3iSbxaKaheRe34Sa3yKbhiTahb0n6jAmljGr5XDqQLvpAe HTTP/1.1" 200 13
190.24.124.105 - - [08/Dec/2014:15:15:42 -0500] "POST /forms/lservlet;jsessionid=ac16012b30d548ce52bab34d4943900ef0d3535dab8d.e3iSbxaKaheRe34Sa3yKbhiTahb0n6jAmljGr5XDqQLvpAe HTTP/1.1" 200 13
190.24.124.105 - - [08/Dec/2014:15:15:43 -0500] "POST /forms/lservlet;jsessionid=ac16012b30d548ce52bab34d4943900ef0d3535dab8d.e3iSbxaKaheRe34Sa3yKbhiTahb0n6jAmljGr5XDqQLvpAe HTTP/1.1" 200 13
190.24.124.105 - - [08/Dec/2014:15:15:44 -0500] "POST /forms/lservlet;jsessionid=ac16012b30d548ce52bab34d4943900ef0d3535dab8d.e3iSbxaKaheRe34Sa3yKbhiTahb0n6jAmljGr5XDqQLvpAe HTTP/1.1" 200 13
190.24.124.105 - - [08/Dec/2014:15:15:45 -0500] "POST /forms/lservlet;jsessionid=ac16012b30d548ce52bab34d4943900ef0d3535dab8d.e3iSbxaKaheRe34Sa3yKbhiTahb0n6jAmljGr5XDqQLvpAe HTTP/1.1" 200 13
157.55.39.15 - - [08/Dec/2014:15:15:45 -0500] "GET /bla/resoluciones/resoluciones%202009/4661.pdf HTTP/1.1" 200 56092
157.55.39.15 - - [08/Dec/2014:15:15:47 -0500] "GET /BLA/resoluciones/AUTOS%202009/0121.pdf HTTP/1.1" 200 65306
157.55.39.12 - - [08/Dec/2014:15:15:49 -0500] "GET /BLA/resoluciones/RESOLUCIONES%202009/3433.pdf HTTP/1.1" 200 1039845
186.113.92.50 - - [08/Dec/2014:15:15:56 -0500] "GET /forest/session.jsp?a=0.2081997797358781 HTTP/1.1" 200 4
157.55.39.13 - - [08/Dec/2014:15:15:57 -0500] "GET /BLA/resoluciones/RESOLUCIONES%202010/1746.pdf HTTP/1.1" 200 83729
190.157.95.72 - - [08/Dec/2014:15:16:06 -0500] "GET /BLA/boletinlegal/js/jquery.js HTTP/1.1" 200 57254
190.157.95.72 - - [08/Dec/2014:15:16:06 -0500] "GET /BLA/boletinlegal/js/jquery.scrollTo-min.js HTTP/1.1" 200 1150
190.157.95.72 - - [08/Dec/2014:15:16:06 -0500] "GET /BLA/boletinlegal/js/jquery.scrollShow.js HTTP/1.1" 200 4586
157.55.39.13 - - [08/Dec/2014:15:16:13 -0500] "GET /bla/resoluciones/resoluciones%202009/8150.pdf HTTP/1.1" 200 497551
66.249.75.51 - - [08/Dec/2014:15:16:16 -0500] "GET /BLA/resoluciones/RESOLUCIONES%202009/2223.pdf HTTP/1.1" 200 568153
157.55.39.16 - - [08/Dec/2014:15:16:18 -0500] "GET /bla/resoluciones/resoluciones%202010/2253.pdf HTTP/1.1" 200 477389
180.76.5.25 - - [08/Dec/2014:15:16:21 -0500] "GET /BLA/boletinlegal/Circulares/2010/Circular%2002%20de%2025%20de%20febrero%20de%202010.pdf HTTP/1.1" 200 233254
157.55.39.104 - - [08/Dec/2014:15:16:43 -0500] "GET /BLA/resoluciones/AUTOS%202012/0781.pdf HTTP/1.1" 200 244572
157.55.39.15 - - [08/Dec/2014:15:16:51 -0500] "GET /bla/resoluciones/resoluciones%202009/3954.pdf HTTP/1.1" 200 114696
181.50.192.137 - - [08/Dec/2014:15:16:54 -0500] "POST /forms/lservlet;jsessionid=ac16012b30d5fc65fd8c65314e1995c9f7593f9df56e.e3iSbxaKaheRe34Sa3yKbhiTahb0n6jAmljGr5XDqQLvpAe HTTP/1.1" 200 2
157.55.39.13 - - [08/Dec/2014:15:16:54 -0500] "GET /BLA/resoluciones/RESOLUCIONES%202009/1204.pdf HTTP/1.1" 200 349193
157.55.39.15 - - [08/Dec/2014:15:17:06 -0500] "GET /BLA/resoluciones/RESOLUCIONES%202010/1249.pdf HTTP/1.1" 200 105300
157.55.39.15 - - [08/Dec/2014:15:17:07 -0500] "GET /bla/resoluciones/resoluciones%202009/0032.pdf HTTP/1.1" 200 501057
213.251.182.10 - - [08/Dec/2014:15:17:09 -0500] "GET /wordpress/wp-admin/ HTTP/1.1" 404 1018
157.55.39.103 - - [08/Dec/2014:15:17:20 -0500] "GET /BLA/resoluciones/AUTOS%202011/0926.pdf HTTP/1.1" 200 317556
157.55.39.16 - - [08/Dec/2014:15:17:24 -0500] "GET /BLA/resoluciones/RESOLUCIONES%202008/0886.pdf HTTP/1.1" 200 38805
157.55.39.103 - - [08/Dec/2014:15:17:36 -0500] "GET /BLA/resoluciones/AUTOS%202012/1363.pdf HTTP/1.1" 200 159231
157.55.39.104 - - [08/Dec/2014:15:17:47 -0500] "GET /bla/resoluciones/RESOLUCIONES%202011/3489.pdf HTTP/1.1" 200 336946
157.55.39.104 - - [08/Dec/2014:15:17:48 -0500] "GET /bla/resoluciones/resoluciones%202009/8891.pdf HTTP/1.1" 200 352941
157.55.39.13 - - [08/Dec/2014:15:18:08 -0500] "GET /BLA/resoluciones/AUTOS%202009/1073.pdf HTTP/1.1" 200 143655
180.76.6.147 - - [08/Dec/2014:15:18:15 -0500] "GET /BLA/boletinlegal/circulares/2012IE017270.pdf HTTP/1.1" 200 233051
157.55.39.103 - - [08/Dec/2014:15:18:22 -0500] "GET /BLA/resoluciones/AUTOS%202011/2229.pdf HTTP/1.1" 200 107804
157.55.39.103 - - [08/Dec/2014:15:18:24 -0500] "GET /BLA/resoluciones/Resoluciones%202011/2017.pdf HTTP/1.1" 200 511785
157.55.39.103 - - [08/Dec/2014:15:18:33 -0500] "GET /bla/resoluciones/resoluciones%202010/0201.pdf HTTP/1.1" 200 117572
157.55.39.12 - - [08/Dec/2014:15:18:37 -0500] "GET /BLA/resoluciones/RESOLUCIONES%202011/0055.pdf HTTP/1.1" 200 356113
157.55.39.12 - - [08/Dec/2014:15:18:38 -0500] "GET /bla/resoluciones/resoluciones%202010/0626.pdf HTTP/1.1" 200 526606
37.14.148.31 - - [08/Dec/2014:15:18:43 -0500] "GET /BLA/boletinlegal/js/jquery.scrollTo-min.js HTTP/1.1" 200 1150
37.14.148.31 - - [08/Dec/2014:15:18:43 -0500] "GET /BLA/boletinlegal/js/jquery.js HTTP/1.1" 200 57254
37.14.148.31 - - [08/Dec/2014:15:18:43 -0500] "GET /BLA/boletinlegal/js/jquery.scrollShow.js HTTP/1.1" 200 4586
66.249.75.83 - - [08/Dec/2014:15:18:43 -0500] "GET /BLA/resoluciones/RESOLUCIONES%202007/RES%202007%204101%20AL%204200/RESOLUCION%204106%20DE%202007.pdf HTTP/1.1" 304 -
157.55.39.15 - - [08/Dec/2014:15:18:43 -0500] "GET /BLA/resoluciones/RESOLUCIONES%202009/1684.pdf HTTP/1.1" 200 565906
186.113.92.50 - - [08/Dec/2014:15:18:53 -0500] "POST /forest/actions/workplace.getReparto?a=0.4322305265814066 HTTP/1.1" 200 1267
181.50.192.137 - - [08/Dec/2014:15:18:54 -0500] "POST /forms/lservlet;jsessionid=ac16012b30d5fc65fd8c65314e1995c9f7593f9df56e.e3iSbxaKaheRe34Sa3yKbhiTahb0n6jAmljGr5XDqQLvpAe HTTP/1.1" 200 2
186.146.116.22 - - [08/Dec/2014:15:18:54 -0500] "GET /BLA/boletinlegal/js/jquery.js HTTP/1.1" 200 57254
186.146.116.22 - - [08/Dec/2014:15:18:54 -0500] "GET /BLA/boletinlegal/js/jquery.scrollTo-min.js HTTP/1.1" 200 1150
186.146.116.22 - - [08/Dec/2014:15:18:54 -0500] "GET /BLA/boletinlegal/js/jquery.scrollShow.js HTTP/1.1" 200 4586
186.113.92.50 - - [08/Dec/2014:15:19:02 -0500] "POST /forest/actions/workplace.observaciones?a=0.022493065800517797 HTTP/1.1" 200 727
186.113.92.50 - - [08/Dec/2014:15:19:02 -0500] "GET /forest/img/jquery/ui-icons_f9bd01_256x240.png HTTP/1.1" 404 185
186.113.92.50 - - [08/Dec/2014:15:19:09 -0500] "POST /forest/actions/workplace.getReparto?a=0.22154826251789927 HTTP/1.1" 200 1267
180.76.5.81 - - [08/Dec/2014:15:19:11 -0500] "GET /BLA/resoluciones/RESOLUCIONES%202010/1779.pdf HTTP/1.1" 200 554954
157.55.39.13 - - [08/Dec/2014:15:19:15 -0500] "GET /BLA/resoluciones/AUTOS%202012/1354.pdf HTTP/1.1" 200 155777
186.113.92.50 - - [08/Dec/2014:15:19:16 -0500] "GET /forest/skins/gdocs-jar/popup/escritorio/asignarme.jsp?a=0.49126604082994163 HTTP/1.1" 200 1957
157.55.39.103 - - [08/Dec/2014:15:19:19 -0500] "GET /BLA/resoluciones/Resoluciones%202011/3187.pdf HTTP/1.1" 200 971860
186.113.92.50 - - [08/Dec/2014:15:19:19 -0500] "POST /forest/suactividades.do?group_system_actual=3 HTTP/1.1" 302 -
186.113.92.50 - - [08/Dec/2014:15:19:20 -0500] "GET /forest/usutareas.do HTTP/1.1" 200 102960
186.113.92.50 - - [08/Dec/2014:15:19:20 -0500] "GET /forest/session.jsp?a=0.6000798994209617 HTTP/1.1" 200 4
181.39.13.250 - - [08/Dec/2014:15:19:22 -0500] "GET /BLA/boletinlegal/js/jquery.js HTTP/1.0" 200 57254
181.39.13.250 - - [08/Dec/2014:15:19:22 -0500] "GET /BLA/boletinlegal/js/jquery.scrollTo-min.js HTTP/1.0" 200 1150
181.39.13.250 - - [08/Dec/2014:15:19:22 -0500] "GET /BLA/boletinlegal/js/jquery.scrollShow.js HTTP/1.0" 200 4586
181.50.192.137 - - [08/Dec/2014:15:19:24 -0500] "POST /forms/lservlet;jsessionid=ac16012b30d5fc65fd8c65314e1995c9f7593f9df56e.e3iSbxaKaheRe34Sa3yKbhiTahb0n6jAmljGr5XDqQLvpAe HTTP/1.1" 200 2
66.249.75.67 - - [08/Dec/2014:15:19:24 -0500] "GET /BLA/resoluciones/RESOLUCIONES%202013/0184.pdf HTTP/1.1" 200 5727923
181.50.192.137 - - [08/Dec/2014:15:19:24 -0500] "POST /forms/lservlet;jsessionid=ac16012b30d5fc65fd8c65314e1995c9f7593f9df56e.e3iSbxaKaheRe34Sa3yKbhiTahb0n6jAmljGr5XDqQLvpAe HTTP/1.1" 200 14
181.50.192.137 - - [08/Dec/2014:15:19:25 -0500] "POST /forms/lservlet;jsessionid=ac16012b30d5fc65fd8c65314e1995c9f7593f9df56e.e3iSbxaKaheRe34Sa3yKbhiTahb0n6jAmljGr5XDqQLvpAe HTTP/1.1" 200 14
181.50.192.137 - - [08/Dec/2014:15:19:26 -0500] "POST /forms/lservlet;jsessionid=ac16012b30d5fc65fd8c65314e1995c9f7593f9df56e.e3iSbxaKaheRe34Sa3yKbhiTahb0n6jAmljGr5XDqQLvpAe HTTP/1.1" 200 116
181.50.192.137 - - [08/Dec/2014:15:19:27 -0500] "POST /forms/lservlet;jsessionid=ac16012b30d5fc65fd8c65314e1995c9f7593f9df56e.e3iSbxaKaheRe34Sa3yKbhiTahb0n6jAmljGr5XDqQLvpAe HTTP/1.1" 200 2
181.50.192.137 - - [08/Dec/2014:15:19:27 -0500] "GET /reports/rwservlet/getjobid336437?server=rep_srvapsda HTTP/1.0" 200 48026
157.55.39.16 - - [08/Dec/2014:15:19:28 -0500] "GET /BLA/resoluciones/RESOLUCIONES%202008/1872.pdf HTTP/1.1" 200 208732
157.55.39.103 - - [08/Dec/2014:15:19:34 -0500] "GET /BLA/resoluciones/RESOLUCIONES%202009/1330.pdf HTTP/1.1" 200 534691
186.113.92.50 - - [08/Dec/2014:15:19:35 -0500] "GET /forest/usudocumentos.do?p7z=1937677&a=0.08491244190372527&a=0.5432330698240548 HTTP/1.1" 200 2585
157.55.39.12 - - [08/Dec/2014:15:19:38 -0500] "GET /BLA/resoluciones/AUTOS%202011/4280.pdf HTTP/1.1" 200 178494
74.86.158.107 - - [08/Dec/2014:15:19:41 -0500] "HEAD / HTTP/1.1" 302 -
186.113.92.50 - - [08/Dec/2014:15:19:40 -0500] "GET /forest/documentos/1937677/2014EE167296.p7z:claro/Registro%20Vertimientos.docx HTTP/1.1" 200 153669
157.55.39.15 - - [08/Dec/2014:15:19:55 -0500] "GET /bla/resoluciones/RESOLUCIONES%202011/3048.pdf HTTP/1.1" 200 693136
157.55.39.13 - - [08/Dec/2014:15:20:00 -0500] "GET /BLA/resoluciones/AUTOS%202012/1695.pdf HTTP/1.1" 200 440233
181.50.192.137 - - [08/Dec/2014:15:20:00 -0500] "POST /forms/lservlet;jsessionid=ac16012b30d5fc65fd8c65314e1995c9f7593f9df56e.e3iSbxaKaheRe34Sa3yKbhiTahb0n6jAmljGr5XDqQLvpAe HTTP/1.1" 200 2
181.50.192.137 - - [08/Dec/2014:15:20:00 -0500] "POST /forms/lservlet;jsessionid=ac16012b30d5fc65fd8c65314e1995c9f7593f9df56e.e3iSbxaKaheRe34Sa3yKbhiTahb0n6jAmljGr5XDqQLvpAe HTTP/1.1" 200 113
186.113.92.50 - - [08/Dec/2014:15:20:01 -0500] "POST /forest/usutareas.do? HTTP/1.1" 200 124
181.50.192.137 - - [08/Dec/2014:15:20:01 -0500] "POST /forms/lservlet;jsessionid=ac16012b30d5fc65fd8c65314e1995c9f7593f9df56e.e3iSbxaKaheRe34Sa3yKbhiTahb0n6jAmljGr5XDqQLvpAe HTTP/1.1" 200 2
181.50.192.137 - - [08/Dec/2014:15:20:01 -0500] "GET /reports/rwservlet/getjobid336438?server=rep_srvapsda HTTP/1.0" 200 47788
186.113.92.50 - - [08/Dec/2014:15:20:04 -0500] "GET /forest/usutareas.do?group_system_actual=3&a=0.4316503112204373 HTTP/1.1" 200 19608
186.113.92.50 - - [08/Dec/2014:15:20:04 -0500] "GET /forest/session.jsp?a=0.417214215034619 HTTP/1.1" 200 4
157.55.39.15 - - [08/Dec/2014:15:20:04 -0500] "GET /BLA/resoluciones/AUTOS%202009/2596.pdf HTTP/1.1" 200 119130
201.244.254.232 - - [08/Dec/2014:15:20:06 -0500] "GET /BLA/boletinlegal/js/jquery.scrollShow.js HTTP/1.1" 200 4586
201.244.254.232 - - [08/Dec/2014:15:20:06 -0500] "GET /BLA/boletinlegal/js/jquery.js HTTP/1.1" 200 57254
201.244.254.232 - - [08/Dec/2014:15:20:06 -0500] "GET /BLA/boletinlegal/js/jquery.scrollTo-min.js HTTP/1.1" 200 1150
157.55.39.16 - - [08/Dec/2014:15:20:20 -0500] "GET /BLA/resoluciones/AUTOS%202010/2321.PDF HTTP/1.1" 200 800733
157.55.39.16 - - [08/Dec/2014:15:20:21 -0500] "GET /BLA/resoluciones/RESOLUCIONES%202009/2662.pdf HTTP/1.1" 200 849990
181.61.104.41 - - [08/Dec/2014:15:20:22 -0500] "GET /BLA/boletinlegal/js/jquery.js HTTP/1.1" 200 57254
181.61.104.41 - - [08/Dec/2014:15:20:22 -0500] "GET /BLA/boletinlegal/js/jquery.scrollTo-min.js HTTP/1.1" 200 1150
181.61.104.41 - - [08/Dec/2014:15:20:24 -0500] "GET /BLA/boletinlegal/js/jquery.scrollShow.js HTTP/1.1" 200 4586
181.50.192.137 - - [08/Dec/2014:15:20:29 -0500] "POST /forms/lservlet;jsessionid=ac16012b30d5fc65fd8c65314e1995c9f7593f9df56e.e3iSbxaKaheRe34Sa3yKbhiTahb0n6jAmljGr5XDqQLvpAe HTTP/1.1" 200 2
181.50.192.137 - - [08/Dec/2014:15:20:29 -0500] "POST /forms/lservlet;jsessionid=ac16012b30d5fc65fd8c65314e1995c9f7593f9df56e.e3iSbxaKaheRe34Sa3yKbhiTahb0n6jAmljGr5XDqQLvpAe HTTP/1.1" 200 14
181.50.192.137 - - [08/Dec/2014:15:20:30 -0500] "POST /forms/lservlet;jsessionid=ac16012b30d5fc65fd8c65314e1995c9f7593f9df56e.e3iSbxaKaheRe34Sa3yKbhiTahb0n6jAmljGr5XDqQLvpAe HTTP/1.1" 200 113
181.50.192.137 - - [08/Dec/2014:15:20:31 -0500] "POST /forms/lservlet;jsessionid=ac16012b30d5fc65fd8c65314e1995c9f7593f9df56e.e3iSbxaKaheRe34Sa3yKbhiTahb0n6jAmljGr5XDqQLvpAe HTTP/1.1" 200 2
181.50.192.137 - - [08/Dec/2014:15:20:31 -0500] "GET /reports/rwservlet/getjobid336439?server=rep_srvapsda HTTP/1.0" 200 77936
157.55.39.12 - - [08/Dec/2014:15:20:38 -0500] "GET /BLA/resoluciones/AUTOS%202011/4254.pdf HTTP/1.1" 200 220583
157.55.39.12 - - [08/Dec/2014:15:20:39 -0500] "GET /BLA/resoluciones/Resoluciones%202011/3593.pdf HTTP/1.1" 200 803502
181.50.192.137 - - [08/Dec/2014:15:20:54 -0500] "POST /forms/lservlet;jsessionid=ac16012b30d5fc65fd8c65314e1995c9f7593f9df56e.e3iSbxaKaheRe34Sa3yKbhiTahb0n6jAmljGr5XDqQLvpAe HTTP/1.1" 200 2
157.55.39.15 - - [08/Dec/2014:15:21:00 -0500] "GET /bla/resoluciones/resoluciones%202009/9190.pdf HTTP/1.1" 200 472591
157.55.39.104 - - [08/Dec/2014:15:21:04 -0500] "GET /bla/resoluciones/resoluciones%202009/0743.pdf HTTP/1.1" 200 43291
66.249.69.79 - - [08/Dec/2014:15:21:08 -0500] "GET / HTTP/1.1" 302 -
157.55.39.15 - - [08/Dec/2014:15:21:09 -0500] "GET /bla/resoluciones/RESOLUCIONES%202011/2143.pdf HTTP/1.1" 200 2920
190.27.16.84 - - [08/Dec/2014:15:21:09 -0500] "GET /BLA/boletinlegal/js/jquery.js HTTP/1.1" 200 57254
190.27.16.84 - - [08/Dec/2014:15:21:09 -0500] "GET /BLA/boletinlegal/js/jquery.scrollTo-min.js HTTP/1.1" 200 1150
190.27.16.84 - - [08/Dec/2014:15:21:09 -0500] "GET /BLA/boletinlegal/js/jquery.scrollShow.js HTTP/1.1" 200 4586
157.55.39.13 - - [08/Dec/2014:15:21:14 -0500] "GET /bla/resoluciones/resoluciones%202009/0782.pdf HTTP/1.1" 200 320268
94.201.202.147 - - [08/Dec/2014:15:21:23 -0500] "POST /xmlrpc.php HTTP/1.1" 404 1018
50.57.190.90 - - [08/Dec/2014:15:21:23 -0500] "GET / HTTP/1.0" 302 -
157.55.39.103 - - [08/Dec/2014:15:21:24 -0500] "GET /BLA/resoluciones/RESOLUCIONES%202011/2892.pdf HTTP/1.1" 200 416776
157.55.39.103 - - [08/Dec/2014:15:21:25 -0500] "GET /BLA/resoluciones/AUTOS%202011/5091.pdf HTTP/1.1" 200 257709
50.57.64.198 - - [08/Dec/2014:15:21:25 -0500] "GET /xmlrpc.php HTTP/1.0" 404 1018
157.55.39.16 - - [08/Dec/2014:15:21:27 -0500] "GET /BLA/resoluciones/RESOLUCIONES%202009/1738.pdf HTTP/1.1" 200 415045
181.135.50.81 - - [08/Dec/2014:15:21:28 -0500] "GET /galeria/nivo-slider/demo/demo.html HTTP/1.1" 200 3572
181.135.50.81 - - [08/Dec/2014:15:21:28 -0500] "GET /galeria/nivo-slider/demo/images/banner-musgo.jpg HTTP/1.1" 200 49513
181.135.50.81 - - [08/Dec/2014:15:21:28 -0500] "GET /galeria/nivo-slider/demo/images/RdaNegociosFiltros.jpg HTTP/1.1" 304 -
181.135.50.81 - - [08/Dec/2014:15:21:28 -0500] "GET /galeria/nivo-slider/demo/images/Jornada-adopcion.jpg HTTP/1.1" 304 -
181.135.50.81 - - [08/Dec/2014:15:21:28 -0500] "GET /galeria/nivo-slider/demo/images/BogotaSostenible.jpg HTTP/1.1" 304 -
181.135.50.81 - - [08/Dec/2014:15:21:29 -0500] "GET /galeria/nivo-slider/demo/images/Banner-GAE3.jpg HTTP/1.1" 304 -
181.135.50.81 - - [08/Dec/2014:15:21:29 -0500] "GET /galeria/nivo-slider/demo/images/Banner-comparendo.jpg HTTP/1.1" 304 -
181.135.50.81 - - [08/Dec/2014:15:21:29 -0500] "GET /galeria/nivo-slider/demo/images/Tingua-azul.jpg HTTP/1.1" 304 -
181.135.50.81 - - [08/Dec/2014:15:21:29 -0500] "GET /galeria/nivo-slider/demo/images/porloshumedales.jpg HTTP/1.1" 304 -
181.135.50.81 - - [08/Dec/2014:15:21:29 -0500] "GET /galeria/nivo-slider/demo/images/Biotaxis-Man.jpg HTTP/1.1" 304 -
181.135.50.81 - - [08/Dec/2014:15:21:29 -0500] "GET /galeria/nivo-slider/demo/images/banner-redes.jpg HTTP/1.1" 304 -
181.135.50.81 - - [08/Dec/2014:15:21:29 -0500] "GET /videos/Spot_CambioClimatico.flv HTTP/1.1" 304 -
157.55.39.12 - - [08/Dec/2014:15:21:32 -0500] "GET /BLA/resoluciones/RESOLUCIONES%202009/7201.pdf HTTP/1.1" 200 1352101
181.50.192.137 - - [08/Dec/2014:15:21:39 -0500] "POST /forms/lservlet;jsessionid=ac16012b30d5fc65fd8c65314e1995c9f7593f9df56e.e3iSbxaKaheRe34Sa3yKbhiTahb0n6jAmljGr5XDqQLvpAe HTTP/1.1" 200 2
181.50.192.137 - - [08/Dec/2014:15:21:39 -0500] "POST /forms/lservlet;jsessionid=ac16012b30d5fc65fd8c65314e1995c9f7593f9df56e.e3iSbxaKaheRe34Sa3yKbhiTahb0n6jAmljGr5XDqQLvpAe HTTP/1.1" 200 2390
181.50.192.137 - - [08/Dec/2014:15:21:39 -0500] "POST /forms/lservlet;jsessionid=ac16012b30d5fc65fd8c65314e1995c9f7593f9df56e.e3iSbxaKaheRe34Sa3yKbhiTahb0n6jAmljGr5XDqQLvpAe HTTP/1.1" 200 10
157.55.39.15 - - [08/Dec/2014:15:21:48 -0500] "GET /bla/resoluciones/RESOLUCIONES%202011/3476.pdf HTTP/1.1" 200 539810
181.50.192.137 - - [08/Dec/2014:15:21:48 -0500] "POST /forms/lservlet;jsessionid=ac16012b30d5fc65fd8c65314e1995c9f7593f9df56e.e3iSbxaKaheRe34Sa3yKbhiTahb0n6jAmljGr5XDqQLvpAe HTTP/1.1" 200 24
181.50.192.137 - - [08/Dec/2014:15:21:49 -0500] "POST /forms/lservlet;jsessionid=ac16012b30d5fc65fd8c65314e1995c9f7593f9df56e.e3iSbxaKaheRe34Sa3yKbhiTahb0n6jAmljGr5XDqQLvpAe HTTP/1.1" 200 3860
