157.55.39.113 - - [10/Dec/2014:01:28:19 -0500] "GET /BLA/resoluciones/AUTOS%202011/3306.pdf HTTP/1.1" 200 233337
157.55.39.113 - - [10/Dec/2014:01:28:20 -0500] "GET /BLA/resoluciones/RESOLUCIONES%202008/0200.pdf HTTP/1.1" 200 278679
66.249.67.99 - - [10/Dec/2014:01:28:24 -0500] "GET /BLA/resoluciones/RESOLUCIONES%202008/0502.pdf HTTP/1.1" 304 -
157.55.39.113 - - [10/Dec/2014:01:28:28 -0500] "GET /BLA/resoluciones/AUTOS%202011/0881.pdf HTTP/1.1" 200 150889
157.55.39.241 - - [10/Dec/2014:01:28:33 -0500] "GET /BLA/resoluciones/RESOLUCIONES%202010/1720.pdf HTTP/1.1" 200 409818
157.55.39.241 - - [10/Dec/2014:01:28:34 -0500] "GET /BLA/resoluciones/RESOLUCIONES%202008/1066.pdf HTTP/1.1" 200 571389
157.55.39.12 - - [10/Dec/2014:01:28:39 -0500] "GET /bla/resoluciones/RESOLUCIONES%202011/0313.pdf HTTP/1.1" 200 70105
157.55.39.12 - - [10/Dec/2014:01:28:41 -0500] "GET /BLA/resoluciones/RESOLUCIONES%202010/2233.pdf HTTP/1.1" 200 490633
157.55.39.113 - - [10/Dec/2014:01:28:53 -0500] "GET /BLA/resoluciones/RESOLUCIONES%202008/2209.pdf HTTP/1.1" 200 464980
66.249.67.99 - - [10/Dec/2014:01:28:56 -0500] "GET /BLA/resoluciones/RESOLUCIONES%202007/RES%202007%201201%20AL%201300/RESOLUCION%201207%20DE%202007.pdf HTTP/1.1" 304 -
157.55.39.113 - - [10/Dec/2014:01:29:04 -0500] "GET /BLA/resoluciones/AUTOS%202012/2291.pdf HTTP/1.1" 200 206407
157.55.39.113 - - [10/Dec/2014:01:29:05 -0500] "GET /BLA/resoluciones/RESOLUCIONES%202011/1798.pdf HTTP/1.1" 200 517494
157.55.39.240 - - [10/Dec/2014:01:29:08 -0500] "GET /BLA/resoluciones/RESOLUCIONES%202009/2026.pdf HTTP/1.1" 200 926613
157.55.39.113 - - [10/Dec/2014:01:29:14 -0500] "GET /BLA/resoluciones/RESOLUCIONES%202008/0200.pdf HTTP/1.1" 200 278679
157.55.39.240 - - [10/Dec/2014:01:29:19 -0500] "GET /BLA/resoluciones/RESOLUCIONES%202010/0517.pdf HTTP/1.1" 200 380523
66.249.67.107 - - [10/Dec/2014:01:29:28 -0500] "GET /BLA/resoluciones/RESOLUCIONES%202011/5737.pdf HTTP/1.1" 200 543701
100.43.85.25 - - [10/Dec/2014:01:29:30 -0500] "GET /chat/src/?C=D;O=A HTTP/1.1" 404 1019
180.76.6.133 - - [10/Dec/2014:01:29:31 -0500] "GET /BLA/resoluciones/RESOLUCIONES%202010/1376.pdf HTTP/1.1" 200 352846
157.55.39.12 - - [10/Dec/2014:01:29:37 -0500] "GET /BLA/resoluciones/AUTOS%202010/5252.pdf HTTP/1.1" 200 164813
157.55.39.217 - - [10/Dec/2014:01:29:41 -0500] "GET /BLA/resoluciones/AUTOS%202011/4298.pdf HTTP/1.1" 200 250809
186.28.160.21 - - [10/Dec/2014:01:29:41 -0500] "GET /galeria/carrusel/Carrusel/jquery.thumbnailScroller.css HTTP/1.1" 200 2066
186.28.160.21 - - [10/Dec/2014:01:29:41 -0500] "GET /BLA/boletinlegal/js/jquery.scrollTo-min.js HTTP/1.1" 200 1150
186.28.160.21 - - [10/Dec/2014:01:29:41 -0500] "GET /BLA/boletinlegal/js/jquery.scrollShow.js HTTP/1.1" 200 4586
186.28.160.21 - - [10/Dec/2014:01:29:41 -0500] "GET /BLA/boletinlegal/js/jquery.js HTTP/1.1" 200 57254
186.28.160.21 - - [10/Dec/2014:01:29:41 -0500] "GET /galeria/carrusel/Carrusel/jquery-ui-1.8.13.custom.min.js HTTP/1.1" 200 10800
186.28.160.21 - - [10/Dec/2014:01:29:41 -0500] "GET /galeria/carrusel/Carrusel/jquery.thumbnailScroller.js HTTP/1.1" 200 8157
186.28.160.21 - - [10/Dec/2014:01:29:44 -0500] "GET /galeria/nivo-slider/demo/demo.html HTTP/1.1" 200 3708
186.28.160.21 - - [10/Dec/2014:01:29:46 -0500] "GET /galeria/nivo-slider/themes/pascal/pascal.css HTTP/1.1" 200 2258
186.28.160.21 - - [10/Dec/2014:01:29:46 -0500] "GET /galeria/nivo-slider/themes/default/default.css HTTP/1.1" 200 1569
186.28.160.21 - - [10/Dec/2014:01:29:46 -0500] "GET /galeria/nivo-slider/themes/orman/orman.css HTTP/1.1" 200 2152
186.28.160.21 - - [10/Dec/2014:01:29:46 -0500] "GET /galeria/nivo-slider/demo/images/coplima.jpg HTTP/1.1" 200 85663
186.28.160.21 - - [10/Dec/2014:01:29:46 -0500] "GET /galeria/nivo-slider/demo/style.css HTTP/1.1" 200 2222
186.28.160.21 - - [10/Dec/2014:01:29:46 -0500] "GET /galeria/nivo-slider/nivo-slider.css HTTP/1.1" 200 1507
186.28.160.21 - - [10/Dec/2014:01:29:46 -0500] "GET /galeria/nivo-slider/demo/scripts/jquery-1.7.1.min.js HTTP/1.1" 200 93868
186.28.160.21 - - [10/Dec/2014:01:29:46 -0500] "GET /galeria/nivo-slider/jquery.nivo.slider.pack.js HTTP/1.1" 200 11561
157.55.39.217 - - [10/Dec/2014:01:29:46 -0500] "GET /bla/resoluciones/resoluciones%202010/6701.pdf HTTP/1.1" 200 203215
186.28.160.21 - - [10/Dec/2014:01:29:46 -0500] "GET /galeria/nivo-slider/demo/images/banner-musgo.jpg HTTP/1.1" 200 49513
186.28.160.21 - - [10/Dec/2014:01:29:46 -0500] "GET /galeria/nivo-slider/demo/images/RdaNegociosFiltros.jpg HTTP/1.1" 200 77155
186.28.160.21 - - [10/Dec/2014:01:29:46 -0500] "GET /galeria/nivo-slider/demo/images/Jornada-adopcion.jpg HTTP/1.1" 200 79705
186.28.160.21 - - [10/Dec/2014:01:29:46 -0500] "GET /galeria/nivo-slider/demo/images/BogotaSostenible.jpg HTTP/1.1" 200 206863
186.28.160.21 - - [10/Dec/2014:01:29:47 -0500] "GET /galeria/nivo-slider/demo/images/Banner-GAE3.jpg HTTP/1.1" 200 146354
186.28.160.21 - - [10/Dec/2014:01:29:47 -0500] "GET /galeria/nivo-slider/demo/images/Banner-comparendo.jpg HTTP/1.1" 200 388762
186.28.160.21 - - [10/Dec/2014:01:29:47 -0500] "GET /galeria/nivo-slider/demo/images/Biotaxis-Man.jpg HTTP/1.1" 200 99362
186.28.160.21 - - [10/Dec/2014:01:29:47 -0500] "GET /galeria/nivo-slider/demo/images/porloshumedales.jpg HTTP/1.1" 200 351238
186.28.160.21 - - [10/Dec/2014:01:29:49 -0500] "GET /galeria/nivo-slider/demo/images/4Simple_Slider.png HTTP/1.1" 200 11722
186.28.160.21 - - [10/Dec/2014:01:29:49 -0500] "GET /galeria/nivo-slider/themes/default/loading.gif HTTP/1.1" 200 1737
186.28.160.21 - - [10/Dec/2014:01:29:49 -0500] "GET /galeria/nivo-slider/demo/images/Tingua-azul.jpg HTTP/1.1" 200 307638
186.28.160.21 - - [10/Dec/2014:01:29:49 -0500] "GET /galeria/nivo-slider/demo/images/Banner-Caracol-Africano.jpg HTTP/1.1" 200 331986
186.28.160.21 - - [10/Dec/2014:01:29:50 -0500] "GET /galeria/nivo-slider/demo/images/banner-redes.jpg HTTP/1.1" 200 62209
186.28.160.21 - - [10/Dec/2014:01:29:50 -0500] "GET /galeria/nivo-slider/demo/images/9Signos.jpg HTTP/1.1" 200 93040
186.28.160.21 - - [10/Dec/2014:01:29:50 -0500] "GET /galeria/nivo-slider/demo/images/banner-caballos.png HTTP/1.1" 200 389106
186.28.160.21 - - [10/Dec/2014:01:29:50 -0500] "GET /galeria/nivo-slider/demo/images/Hacienda_Molinos.jpg HTTP/1.1" 200 319171
157.55.39.13 - - [10/Dec/2014:01:29:50 -0500] "GET /BLA/resoluciones/AUTOS%202009/0802.pdf HTTP/1.1" 200 144251
186.28.160.21 - - [10/Dec/2014:01:29:51 -0500] "GET /galeria/nivo-slider/demo/images/bannerEcolecta3.jpg HTTP/1.1" 200 280034
186.28.160.21 - - [10/Dec/2014:01:29:53 -0500] "GET /galeria/nivo-slider/themes/default/arrows.png HTTP/1.1" 200 824
186.28.160.21 - - [10/Dec/2014:01:29:53 -0500] "GET /galeria/nivo-slider/themes/default/bullets.png HTTP/1.1" 200 1281
186.28.160.21 - - [10/Dec/2014:01:29:55 -0500] "GET /videos/Spot_CambioClimatico.flv HTTP/1.1" 200 4371917
157.55.39.217 - - [10/Dec/2014:01:29:56 -0500] "GET /BLA/resoluciones/RESOLUCIONES%202011/1531.pdf HTTP/1.1" 200 68061
157.55.39.217 - - [10/Dec/2014:01:29:57 -0500] "GET /bla/resoluciones/resoluciones%202010/5528.pdf HTTP/1.1" 200 2819085
186.28.160.21 - - [10/Dec/2014:01:29:59 -0500] "GET /BLA/boletinlegal/style.css HTTP/1.1" 200 9406
186.28.160.21 - - [10/Dec/2014:01:29:59 -0500] "GET /BLA/boletinlegal/styles2.css HTTP/1.1" 200 1838
186.28.160.21 - - [10/Dec/2014:01:29:59 -0500] "GET /BLA/boletinlegal/images/cabezote%20BLEGAL.jpg HTTP/1.1" 200 118164
186.28.160.21 - - [10/Dec/2014:01:30:00 -0500] "GET /BLA/boletinlegal/images/nuevo.gif HTTP/1.1" 200 26475
186.28.160.21 - - [10/Dec/2014:01:30:00 -0500] "GET /BLA/boletinlegal/images/historia.png HTTP/1.1" 200 52775
186.28.160.21 - - [10/Dec/2014:01:30:00 -0500] "GET /BLA/boletinlegal/images/subscribe-icon-big.png HTTP/1.1" 200 47702
186.28.160.21 - - [10/Dec/2014:01:30:00 -0500] "GET /BLA/boletinlegal/images/arr_l.jpg HTTP/1.1" 200 1979
186.28.160.21 - - [10/Dec/2014:01:30:00 -0500] "GET /BLA/boletinlegal/images/body_bg.jpg HTTP/1.1" 200 1601
186.28.160.21 - - [10/Dec/2014:01:30:00 -0500] "GET /BLA/boletinlegal/images/menu_rght.gif HTTP/1.1" 200 1627
66.249.67.115 - - [10/Dec/2014:01:30:00 -0500] "GET /BLA/resoluciones/RESOLUCIONES%202010/2876.pdf HTTP/1.1" 200 599669
186.28.160.21 - - [10/Dec/2014:01:30:00 -0500] "GET /BLA/boletinlegal/images/menu_lft.gif HTTP/1.1" 200 1713
186.28.160.21 - - [10/Dec/2014:01:30:00 -0500] "GET /BLA/boletinlegal/images/bg_top.jpg HTTP/1.1" 200 522
186.28.160.21 - - [10/Dec/2014:01:30:00 -0500] "GET /BLA/boletinlegal/images/menu_bg.jpg HTTP/1.1" 200 620
186.28.160.21 - - [10/Dec/2014:01:30:01 -0500] "GET /BLA/boletinlegal/images/screen_3.png HTTP/1.1" 200 211853
186.28.160.21 - - [10/Dec/2014:01:30:01 -0500] "GET /BLA/boletinlegal/images/screen_2.png HTTP/1.1" 200 362502
186.28.160.21 - - [10/Dec/2014:01:30:01 -0500] "GET /BLA/boletinlegal/images/text.jpg HTTP/1.1" 200 568
157.55.39.240 - - [10/Dec/2014:01:30:01 -0500] "GET /bla/resoluciones/resoluciones%202009/2026.pdf HTTP/1.1" 200 926613
186.28.160.21 - - [10/Dec/2014:01:30:01 -0500] "GET /BLA/boletinlegal/images/screen_5.png HTTP/1.1" 200 368876
186.28.160.21 - - [10/Dec/2014:01:30:01 -0500] "GET /BLA/boletinlegal/images/arr_r.jpg HTTP/1.1" 200 1998
186.28.160.21 - - [10/Dec/2014:01:30:01 -0500] "GET /BLA/boletinlegal/images/hover.jpg HTTP/1.1" 200 640
186.28.160.21 - - [10/Dec/2014:01:30:01 -0500] "GET /BLA/boletinlegal/images/launch.jpg HTTP/1.1" 200 14577
157.55.39.240 - - [10/Dec/2014:01:30:02 -0500] "GET /bla/resoluciones/resoluciones%202009/2609.pdf HTTP/1.1" 200 309369
186.28.160.21 - - [10/Dec/2014:01:30:02 -0500] "GET /BLA/boletinlegal/images/screen_1.png HTTP/1.1" 200 202547
186.28.160.21 - - [10/Dec/2014:01:30:03 -0500] "GET /BLA/boletinlegal/images/footer_bg.jpg HTTP/1.1" 200 586
186.28.160.21 - - [10/Dec/2014:01:30:04 -0500] "GET /BLA/boletinlegal/actos.php HTTP/1.1" 200 7534
186.28.160.21 - - [10/Dec/2014:01:30:04 -0500] "GET /BLA/boletinlegal/js/ajax_actos.js HTTP/1.1" 200 1322
186.28.160.21 - - [10/Dec/2014:01:30:05 -0500] "GET /BLA/boletinlegal/niceforms.js HTTP/1.1" 200 22876
186.28.160.21 - - [10/Dec/2014:01:30:05 -0500] "GET /BLA/boletinlegal/niceforms-default.css HTTP/1.1" 200 6694
186.28.160.21 - - [10/Dec/2014:01:30:05 -0500] "GET /BLA/boletinlegal/js/lib.js HTTP/1.1" 200 6474
186.28.160.21 - - [10/Dec/2014:01:30:05 -0500] "GET /BLA/boletinlegal/js/popup.js HTTP/1.1" 200 1270
186.28.160.21 - - [10/Dec/2014:01:30:05 -0500] "GET /BLA/boletinlegal/js/jquery1.js HTTP/1.1" 200 29846
186.28.160.21 - - [10/Dec/2014:01:30:05 -0500] "GET /BLA/boletinlegal/images/green-yellow-blue-pink-th.png HTTP/1.1" 200 7394
186.28.160.21 - - [10/Dec/2014:01:30:05 -0500] "GET /BLA/boletinlegal/images/abajo.png HTTP/1.1" 200 96676
186.28.160.21 - - [10/Dec/2014:01:30:05 -0500] "GET /BLA/boletinlegal/images/footer_bg_l.jpg HTTP/1.1" 200 776
186.28.160.21 - - [10/Dec/2014:01:30:05 -0500] "GET /BLA/boletinlegal/img/0.png HTTP/1.1" 200 110
186.28.160.21 - - [10/Dec/2014:01:30:05 -0500] "GET /BLA/boletinlegal/img/button-right.png HTTP/1.1" 200 57878
186.28.160.21 - - [10/Dec/2014:01:30:05 -0500] "GET /BLA/boletinlegal/img/select-left.png HTTP/1.1" 200 263
186.28.160.21 - - [10/Dec/2014:01:30:05 -0500] "GET /BLA/boletinlegal/img/button.png HTTP/1.1" 200 43241
186.28.160.21 - - [10/Dec/2014:01:30:05 -0500] "GET /BLA/boletinlegal/img/button-left.png HTTP/1.1" 200 57071
186.28.160.21 - - [10/Dec/2014:01:30:05 -0500] "GET /BLA/boletinlegal/img/select-right.png HTTP/1.1" 200 44019
157.55.39.113 - - [10/Dec/2014:01:30:06 -0500] "GET /BLA/resoluciones/RESOLUCIONES%202011/0777.pdf HTTP/1.1" 200 270887
186.28.160.21 - - [10/Dec/2014:01:30:07 -0500] "GET /favicon.ico HTTP/1.1" 200 7782
157.55.39.13 - - [10/Dec/2014:01:30:10 -0500] "GET /bla/resoluciones/resoluciones%202009/1498.pdf HTTP/1.1" 200 625156
186.28.160.21 - - [10/Dec/2014:01:29:59 -0500] "GET /BLA/boletinlegal/index.php? HTTP/1.1" 200 28058
157.55.39.240 - - [10/Dec/2014:01:30:19 -0500] "GET /BLA/resoluciones/AUTOS%202011/5040.pdf HTTP/1.1" 200 667565
157.55.39.113 - - [10/Dec/2014:01:30:24 -0500] "GET /BLA/resoluciones/AUTOS%202012/1865.pdf HTTP/1.1" 200 273583
157.55.39.218 - - [10/Dec/2014:01:30:29 -0500] "GET /bla/resoluciones/resoluciones%202009/8323.pdf HTTP/1.1" 200 380518
66.249.67.107 - - [10/Dec/2014:01:30:38 -0500] "GET /BLA/resoluciones/RESOLUCIONES%202009/8688.pdf HTTP/1.1" 304 -
74.86.158.107 - - [10/Dec/2014:01:30:38 -0500] "HEAD / HTTP/1.1" 302 -
157.55.39.240 - - [10/Dec/2014:01:30:46 -0500] "GET /BLA/resoluciones/RESOLUCIONES%202010/1520.pdf HTTP/1.1" 200 1091297
186.28.160.21 - - [10/Dec/2014:01:30:48 -0500] "GET /BLA/boletinlegal/consulta_actos.php?tipo=autos&no=1638&usuario=&sector=VERTIMIENTOS&fecha=2009&resuelve= HTTP/1.1" 200 623
186.28.160.21 - - [10/Dec/2014:01:30:49 -0500] "GET /BLA/boletinlegal/consulta_actos.php?tipo=autos&no=1638&usuario=&sector=&fecha=2012&resuelve= HTTP/1.1" 200 623
186.28.160.21 - - [10/Dec/2014:01:30:50 -0500] "GET /BLA/boletinlegal/consulta_actos.php?tipo=autos&no=1638&usuario=&sector=&fecha=2012&resuelve= HTTP/1.1" 200 623
186.28.160.21 - - [10/Dec/2014:01:30:50 -0500] "GET /BLA/boletinlegal/consulta_actos.php?tipo=autos&no=1638&usuario=&sector=&fecha=2012&resuelve= HTTP/1.1" 200 623
186.28.160.21 - - [10/Dec/2014:01:30:50 -0500] "GET /BLA/boletinlegal/consulta_actos.php?tipo=autos&no=1638&usuario=&sector=&fecha=2012&resuelve= HTTP/1.1" 200 623
186.28.160.21 - - [10/Dec/2014:01:30:50 -0500] "GET /BLA/boletinlegal/consulta_actos.php?tipo=autos&no=1638&usuario=&sector=&fecha=2012&resuelve= HTTP/1.1" 200 623
186.28.160.21 - - [10/Dec/2014:01:30:51 -0500] "GET /BLA/boletinlegal/consulta_actos.php?tipo=autos&no=1638&usuario=&sector=&fecha=2012&resuelve= HTTP/1.1" 200 623
186.28.160.21 - - [10/Dec/2014:01:30:51 -0500] "GET /BLA/boletinlegal/consulta_actos.php?tipo=autos&no=1638&usuario=&sector=&fecha=2012&resuelve= HTTP/1.1" 200 623
186.28.160.21 - - [10/Dec/2014:01:30:51 -0500] "GET /BLA/boletinlegal/consulta_actos.php?tipo=autos&no=1638&usuario=&sector=&fecha=2012&resuelve= HTTP/1.1" 200 623
157.55.39.13 - - [10/Dec/2014:01:30:51 -0500] "GET /BLA/resoluciones/RESOLUCIONES%202008/0272.pdf HTTP/1.1" 200 923588
157.55.39.13 - - [10/Dec/2014:01:30:53 -0500] "GET /BLA/resoluciones/Resoluciones%202011/2278.pdf HTTP/1.1" 200 502122
157.55.39.113 - - [10/Dec/2014:01:30:56 -0500] "GET /BLA/resoluciones/Resoluciones%202011/0744.pdf HTTP/1.1" 200 407237
186.28.160.21 - - [10/Dec/2014:01:30:58 -0500] "GET /BLA/boletinlegal/consulta_actos.php?tipo=autos&no=1638&usuario=&sector=VERTIMIENTOS&fecha=2010&resuelve= HTTP/1.1" 200 623
186.28.160.21 - - [10/Dec/2014:01:30:58 -0500] "GET /BLA/boletinlegal/consulta_actos.php?tipo=autos&no=1638&usuario=&sector=VERTIMIENTOS&fecha=2012&resuelve= HTTP/1.1" 200 623
186.28.160.21 - - [10/Dec/2014:01:30:58 -0500] "GET /BLA/boletinlegal/consulta_actos.php?tipo=autos&no=1638&usuario=&sector=VERTIMIENTOS&fecha=2011&resuelve= HTTP/1.1" 200 623
66.249.67.99 - - [10/Dec/2014:01:30:58 -0500] "GET /BLA/resoluciones/RESOLUCIONES%202009/7627.pdf HTTP/1.1" 200 369482
186.28.160.21 - - [10/Dec/2014:01:30:58 -0500] "GET /BLA/boletinlegal/consulta_actos.php?tipo=autos&no=1638&usuario=&sector=VERTIMIENTOS&fecha=2012&resuelve= HTTP/1.1" 200 623
186.28.160.21 - - [10/Dec/2014:01:30:58 -0500] "GET /BLA/boletinlegal/consulta_actos.php?tipo=autos&no=1638&usuario=&sector=VERTIMIENTOS&fecha=2012&resuelve= HTTP/1.1" 200 623
186.28.160.21 - - [10/Dec/2014:01:30:58 -0500] "GET /BLA/boletinlegal/consulta_actos.php?tipo=autos&no=1638&usuario=&sector=VERTIMIENTOS&fecha=2012&resuelve= HTTP/1.1" 200 623
186.28.160.21 - - [10/Dec/2014:01:30:59 -0500] "GET /BLA/boletinlegal/consulta_actos.php?tipo=autos&no=1638&usuario=&sector=VERTIMIENTOS&fecha=2012&resuelve= HTTP/1.1" 200 623
186.28.160.21 - - [10/Dec/2014:01:30:59 -0500] "GET /BLA/boletinlegal/consulta_actos.php?tipo=autos&no=1638&usuario=&sector=VERTIMIENTOS&fecha=2012&resuelve= HTTP/1.1" 200 623
157.55.39.240 - - [10/Dec/2014:01:31:01 -0500] "GET /BLA/resoluciones/RESOLUCIONES%202010/0148.pdf HTTP/1.1" 200 111976
157.55.39.240 - - [10/Dec/2014:01:31:01 -0500] "GET /bla/resoluciones/resoluciones%202009/0365.pdf HTTP/1.1" 200 394094
186.28.160.21 - - [10/Dec/2014:01:31:02 -0500] "GET /BLA/boletinlegal/consulta_actos.php?tipo=autos&no=1638&usuario=&sector=VERTIMIENTOS&fecha=2013&resuelve= HTTP/1.1" 200 623
186.28.160.21 - - [10/Dec/2014:01:31:04 -0500] "GET /BLA/boletinlegal/consulta_actos.php?tipo=autos&no=1638&usuario=&sector=VERTIMIENTOS&fecha=2014&resuelve= HTTP/1.1" 200 623
186.28.160.21 - - [10/Dec/2014:01:31:05 -0500] "GET /BLA/boletinlegal/consulta_actos.php?tipo=autos&no=1638&usuario=&sector=VERTIMIENTOS&fecha=2008&resuelve= HTTP/1.1" 200 623
157.55.39.217 - - [10/Dec/2014:01:31:06 -0500] "GET /bla/resoluciones/resoluciones%202009/1923.pdf HTTP/1.1" 200 429983
186.28.160.21 - - [10/Dec/2014:01:31:06 -0500] "GET /BLA/boletinlegal/consulta_actos.php?tipo=autos&no=1638&usuario=&sector=&fecha=2012&resuelve= HTTP/1.1" 200 623
157.55.39.217 - - [10/Dec/2014:01:31:06 -0500] "GET /BLA/resoluciones/AUTOS%202009/3538.pdf HTTP/1.1" 200 199874
186.28.160.21 - - [10/Dec/2014:01:31:06 -0500] "GET /BLA/boletinlegal/consulta_actos.php?tipo=autos&no=1638&usuario=&sector=&fecha=2012&resuelve= HTTP/1.1" 200 623
186.28.160.21 - - [10/Dec/2014:01:31:10 -0500] "GET /BLA/boletinlegal/consulta_actos.php?tipo=autos&no=1638&usuario=&sector=&fecha=2012&resuelve= HTTP/1.1" 200 623
66.249.67.99 - - [10/Dec/2014:01:31:15 -0500] "GET /BLA/resoluciones/RESOLUCIONES%202011/6102.pdf HTTP/1.1" 304 -
157.55.39.217 - - [10/Dec/2014:01:31:16 -0500] "GET /bla/resoluciones/resoluciones%202010/2413.pdf HTTP/1.1" 200 106588
157.55.39.217 - - [10/Dec/2014:01:31:17 -0500] "GET /BLA/resoluciones/RESOLUCIONES%202011/0405.pdf HTTP/1.1" 200 73376
188.165.15.55 - - [10/Dec/2014:01:31:21 -0500] "GET /manual_funciones_Listado/index.php?dir=2.5.1%20Subdirecci%C3%83%C2%83%C3%82%C2%83%C3%83%C2%82%C3%82%C2%83%C3%83%C2%83%C3%82%C2%82%C3%83%C2%82%C3%82%C2%83%C3%83%C2%83%C3%82%C2%83%C3%83%C2%82%C3%82%C2%82%C3%83%C2%83%C3%82%C2%82%C3%83%C2%82%C3%82%C2%83%C3%83%C2%83%C3%82%C2%83%C3%83%C2%82%C3%82%C2%83%C3%83%C2%83%C3%82%C2%82%C3%83%C2%82%C3%82%C2%82%C3%83%C2%83%C3%82%C2%83%C3%83%C2%82%C3%82%C2%82%C3%83%C2%83%C3%82%C2%82%C3%83%C2%82%C3%82%C2%B3n%20%20Financiera/&sort=size&order=asc HTTP/1.1" 404 1018
157.55.39.13 - - [10/Dec/2014:01:31:24 -0500] "GET /BLA/resoluciones/RESOLUCIONES%202009/1464.pdf HTTP/1.1" 200 928871
157.55.39.13 - - [10/Dec/2014:01:31:24 -0500] "GET /bla/resoluciones/resoluciones%202010/1059.pdf HTTP/1.1" 200 108426
181.60.134.211 - - [10/Dec/2014:01:31:26 -0500] "GET /BLA/boletinlegal/js/jquery.js HTTP/1.1" 200 57254
181.60.134.211 - - [10/Dec/2014:01:31:27 -0500] "GET /galeria/nivo-slider/demo/demo.html HTTP/1.1" 304 -
181.60.134.211 - - [10/Dec/2014:01:31:28 -0500] "GET /galeria/nivo-slider/demo/images/coplima.jpg HTTP/1.1" 304 -
181.60.134.211 - - [10/Dec/2014:01:31:28 -0500] "GET /galeria/nivo-slider/demo/images/BogotaSostenible.jpg HTTP/1.1" 200 206863
181.60.134.211 - - [10/Dec/2014:01:31:28 -0500] "GET /galeria/nivo-slider/demo/images/porloshumedales.jpg HTTP/1.1" 200 351238
181.60.134.211 - - [10/Dec/2014:01:31:28 -0500] "GET /galeria/nivo-slider/demo/images/Banner-Caracol-Africano.jpg HTTP/1.1" 200 331986
181.60.134.211 - - [10/Dec/2014:01:31:28 -0500] "GET /galeria/nivo-slider/demo/images/Hacienda_Molinos.jpg HTTP/1.1" 200 319171
181.60.134.211 - - [10/Dec/2014:01:31:28 -0500] "GET /galeria/nivo-slider/demo/images/bannerEcolecta3.jpg HTTP/1.1" 200 280034
181.60.134.211 - - [10/Dec/2014:01:31:28 -0500] "GET /galeria/nivo-slider/demo/images/banner-caballos.png HTTP/1.1" 200 389106
186.28.160.21 - - [10/Dec/2014:01:31:28 -0500] "GET /BLA/boletinlegal/consulta_actos.php?tipo=resoluciones&no=1638&usuario=&sector=VERTIMIENTOS&fecha=2012&resuelve= HTTP/1.1" 200 623
186.28.160.21 - - [10/Dec/2014:01:31:29 -0500] "GET /BLA/boletinlegal/consulta_actos.php?tipo=resoluciones&no=1638&usuario=&sector=VERTIMIENTOS&fecha=2012&resuelve= HTTP/1.1" 200 623
181.60.134.211 - - [10/Dec/2014:01:31:29 -0500] "GET /galeria/nivo-slider/demo/images/4Simple_Slider.png HTTP/1.1" 200 11722
181.60.134.211 - - [10/Dec/2014:01:31:29 -0500] "GET /galeria/nivo-slider/themes/default/loading.gif HTTP/1.1" 200 1737
157.55.39.241 - - [10/Dec/2014:01:31:29 -0500] "GET /BLA/resoluciones/RESOLUCIONES%202009/1240.pdf HTTP/1.1" 200 632854
157.55.39.241 - - [10/Dec/2014:01:31:30 -0500] "GET /bla/resoluciones/resoluciones%202010/0603.pdf HTTP/1.1" 200 506603
186.28.160.21 - - [10/Dec/2014:01:31:31 -0500] "GET /BLA/boletinlegal/consulta_actos.php?tipo=resoluciones&no=1638&usuario=&sector=VERTIMIENTOS&fecha=2010&resuelve= HTTP/1.1" 200 623
186.28.160.21 - - [10/Dec/2014:01:31:34 -0500] "GET /BLA/boletinlegal/consulta_actos.php?tipo=resoluciones&no=1638&usuario=&sector=VERTIMIENTOS&fecha=2013&resuelve= HTTP/1.1" 200 623
186.28.160.21 - - [10/Dec/2014:01:31:36 -0500] "GET /BLA/boletinlegal/consulta_actos.php?tipo=resoluciones&no=1638&usuario=&sector=VERTIMIENTOS&fecha=2014&resuelve= HTTP/1.1" 200 623
181.60.134.211 - - [10/Dec/2014:01:31:37 -0500] "GET /videos/Spot_CambioClimatico.flv HTTP/1.1" 200 4371917
157.55.39.241 - - [10/Dec/2014:01:31:41 -0500] "GET /BLA/resoluciones/RESOLUCIONES%202009/1463.pdf HTTP/1.1" 200 609349
66.249.67.107 - - [10/Dec/2014:01:31:52 -0500] "GET /BLA/resoluciones/RESOLUCIONES%202010/3496.pdf HTTP/1.1" 304 -
157.55.39.217 - - [10/Dec/2014:01:31:55 -0500] "GET /BLA/resoluciones/AUTOS%202010/5478.pdf HTTP/1.1" 200 237973
66.249.67.115 - - [10/Dec/2014:01:31:55 -0500] "GET /BLA/resoluciones/AUTOS%202012/1518.pdf HTTP/1.1" 304 -
157.55.39.240 - - [10/Dec/2014:01:32:00 -0500] "GET /BLA/resoluciones/RESOLUCIONES%202008/0298.pdf HTTP/1.1" 200 102939
157.55.39.13 - - [10/Dec/2014:01:32:04 -0500] "GET /bla/resoluciones/resoluciones%202010/5907.pdf HTTP/1.1" 200 937372
157.55.39.13 - - [10/Dec/2014:01:32:05 -0500] "GET /BLA/resoluciones/AUTOS%202009/0304.pdf HTTP/1.1" 200 189437
152.61.193.99 - - [10/Dec/2014:01:32:11 -0500] "HEAD / HTTP/1.1" 302 -
152.61.193.99 - - [10/Dec/2014:01:32:11 -0500] "GET /arcgis/services/Calidad_del_Agua_WQI/MapServer/WMSServer?SERVICE=WMS&REQUEST=GetCapabilities HTTP/1.1" 200 32135
152.61.193.99 - - [10/Dec/2014:01:32:12 -0500] "GET /arcgis/services/Calidad_del_Agua_WQI/MapServer/WMSServer?SERVICE=WMS&REQUEST=GetCapabilities HTTP/1.1" 200 32135
152.61.193.99 - - [10/Dec/2014:01:32:12 -0500] "GET /arcgis/services/Calidad_del_Agua_WQI/MapServer/WMSServer?SERVICE=WMS&REQUEST=GetCapabilities HTTP/1.1" 200 32135
152.61.193.99 - - [10/Dec/2014:01:32:13 -0500] "GET /arcgis/services/Calidad_del_Agua_WQI/MapServer/WMSServer?SERVICE=WMS&REQUEST=GetCapabilities HTTP/1.1" 200 32135
152.61.193.99 - - [10/Dec/2014:01:32:14 -0500] "GET /arcgis/services/Calidad_del_Agua_WQI/MapServer/WMSServer?VERSION=1.1.1&REQUEST=GetMap&LAYERS=0&SRS=EPSG:4326&BBOX=-74.473395,3.674381,-73.963300,4.920569&WIDTH=250&HEIGHT=250&FORMAT=image/bmp&STYLES=& HTTP/1.1" 200 188054
157.55.39.113 - - [10/Dec/2014:01:32:15 -0500] "GET /BLA/resoluciones/Resoluciones%202011/0744.pdf HTTP/1.1" 200 407237
157.55.39.217 - - [10/Dec/2014:01:32:26 -0500] "GET /BLA/resoluciones/RESOLUCIONES%202011/2253.pdf HTTP/1.1" 200 749666
157.55.39.217 - - [10/Dec/2014:01:32:26 -0500] "GET /BLA/resoluciones/RESOLUCIONES%202008/1876.pdf HTTP/1.1" 200 212198
157.55.39.241 - - [10/Dec/2014:01:32:31 -0500] "GET /BLA/resoluciones/AUTOS%202011/3258.pdf HTTP/1.1" 200 316165
157.55.39.113 - - [10/Dec/2014:01:32:35 -0500] "GET /bla/resoluciones/resoluciones%202009/1885.pdf HTTP/1.1" 200 221733
157.55.39.113 - - [10/Dec/2014:01:32:36 -0500] "GET /BLA/resoluciones/AUTOS%202012/2245.pdf HTTP/1.1" 200 282349
157.55.39.12 - - [10/Dec/2014:01:32:41 -0500] "GET /BLA/resoluciones/RESOLUCIONES%202009/2753.pdf HTTP/1.1" 200 717929
157.55.39.12 - - [10/Dec/2014:01:32:42 -0500] "GET /bla/resoluciones/resoluciones%202009/1498.pdf HTTP/1.1" 200 625156
157.55.39.12 - - [10/Dec/2014:01:32:43 -0500] "GET /BLA/resoluciones/RESOLUCIONES%202010/2340.pdf HTTP/1.1" 200 525331
157.55.39.12 - - [10/Dec/2014:01:32:43 -0500] "GET /BLA/resoluciones/AUTOS%202011/4235.pdf HTTP/1.1" 200 200055
157.55.39.12 - - [10/Dec/2014:01:32:44 -0500] "GET /BLA/resoluciones/index.php?dir=RESOLUCIONES+2004%2FRES+2004+01-+50%2F HTTP/1.1" 200 11966
66.249.67.107 - - [10/Dec/2014:01:32:44 -0500] "GET /BLA/resoluciones/RESOLUCIONES%202011/1452.pdf HTTP/1.1" 304 -
157.55.39.240 - - [10/Dec/2014:01:32:46 -0500] "GET /BLA/resoluciones/Resoluciones%202011/0574.pdf HTTP/1.1" 200 40070
157.55.39.240 - - [10/Dec/2014:01:32:47 -0500] "GET /BLA/resoluciones/RESOLUCIONES%202009/1397.pdf HTTP/1.1" 200 4816691
157.55.39.240 - - [10/Dec/2014:01:32:48 -0500] "GET /BLA/resoluciones/AUTOS%202009/3174.pdf HTTP/1.1" 200 131677
157.55.39.217 - - [10/Dec/2014:01:32:51 -0500] "GET /BLA/resoluciones/RESOLUCIONES%202010/0889.pdf HTTP/1.1" 200 108412
157.55.39.217 - - [10/Dec/2014:01:32:51 -0500] "GET /bla/resoluciones/resoluciones%202010/0070.pdf HTTP/1.1" 200 497565
157.55.39.113 - - [10/Dec/2014:01:32:56 -0500] "GET /bla/resoluciones/resoluciones%202009/9768.pdf HTTP/1.1" 200 270631
157.55.39.113 - - [10/Dec/2014:01:33:05 -0500] "GET /BLA/resoluciones/RESOLUCIONES%202010/1962.pdf HTTP/1.1" 200 498775
66.249.67.107 - - [10/Dec/2014:01:33:07 -0500] "GET /BLA/resoluciones/RESOLUCIONES%202013/0817.pdf HTTP/1.1" 304 -
157.55.39.217 - - [10/Dec/2014:01:33:12 -0500] "GET /BLA/resoluciones/RESOLUCIONES%202009/1820.pdf HTTP/1.1" 200 411169
157.55.39.217 - - [10/Dec/2014:01:33:31 -0500] "GET /bla/resoluciones/resoluciones%202009/2309.pdf HTTP/1.1" 200 523700
157.55.39.241 - - [10/Dec/2014:01:33:35 -0500] "GET /BLA/resoluciones/RESOLUCIONES%202011/4574.pdf HTTP/1.1" 200 471755
66.249.79.83 - - [10/Dec/2014:01:33:40 -0500] "GET /BLA/resoluciones/RESOLUCIONES%202009/3057.pdf HTTP/1.1" 200 517149
157.55.39.113 - - [10/Dec/2014:01:33:40 -0500] "GET /BLA/resoluciones/RESOLUCIONES%202011/3834.pdf HTTP/1.1" 200 1061937
66.249.67.115 - - [10/Dec/2014:01:33:44 -0500] "GET /BLA/resoluciones/RESOLUCIONES%202010/0926.pdf HTTP/1.1" 200 104608
157.55.39.12 - - [10/Dec/2014:01:33:50 -0500] "GET /bla/resoluciones/RESOLUCIONES%202011/1143.pdf HTTP/1.1" 200 290680
157.55.39.240 - - [10/Dec/2014:01:34:02 -0500] "GET /BLA/resoluciones/AUTOS%202011/1294.pdf HTTP/1.1" 200 161717
157.55.39.113 - - [10/Dec/2014:01:34:08 -0500] "GET /bla/resoluciones/resoluciones%202009/0213.pdf HTTP/1.1" 200 140892
157.55.39.217 - - [10/Dec/2014:01:34:13 -0500] "GET /BLA/resoluciones/AUTOS%202012/2029.pdf HTTP/1.1" 200 586819
157.55.39.113 - - [10/Dec/2014:01:34:17 -0500] "GET /BLA/resoluciones/RESOLUCIONES%202010/0443.pdf HTTP/1.1" 200 97389
157.55.39.113 - - [10/Dec/2014:01:34:18 -0500] "GET /BLA/resoluciones/RESOLUCIONES%202010/2492.pdf HTTP/1.1" 200 374812
188.165.15.191 - - [10/Dec/2014:01:34:19 -0500] "GET /BLA/resoluciones/RESOLUCIONES%202002/RES%202002%20401-450/00000414.tif HTTP/1.1" 200 60532
66.249.67.107 - - [10/Dec/2014:01:34:21 -0500] "GET /BLA/resoluciones/AUTOS%202008/0558.pdf HTTP/1.1" 304 -
186.28.160.21 - - [10/Dec/2014:01:34:22 -0500] "GET /BLA/resoluciones/AUTOS%202012/1763.pdf HTTP/1.1" 200 409990
157.55.39.241 - - [10/Dec/2014:01:34:22 -0500] "GET /BLA/resoluciones/Resoluciones%202011/2532.pdf HTTP/1.1" 200 498174
186.28.160.21 - - [10/Dec/2014:01:34:22 -0500] "GET /BLA/resoluciones/AUTOS%202012/1763.pdf HTTP/1.1" 206 32768
186.28.160.21 - - [10/Dec/2014:01:34:22 -0500] "GET /BLA/resoluciones/AUTOS%202012/1763.pdf HTTP/1.1" 206 377222
157.55.39.217 - - [10/Dec/2014:01:34:41 -0500] "GET /bla/resoluciones/RESOLUCIONES%202011/0359.pdf HTTP/1.1" 200 86207
157.55.39.113 - - [10/Dec/2014:01:34:45 -0500] "GET /BLA/resoluciones/RESOLUCIONES%202010/0856.pdf HTTP/1.1" 200 103414
157.55.39.13 - - [10/Dec/2014:01:34:50 -0500] "GET /BLA/resoluciones/AUTOS%202011/4778.pdf HTTP/1.1" 200 243655
157.55.39.13 - - [10/Dec/2014:01:34:51 -0500] "GET /bla/resoluciones/resoluciones%202010/6715.pdf HTTP/1.1" 200 281681
157.55.39.217 - - [10/Dec/2014:01:34:56 -0500] "GET /BLA/resoluciones/RESOLUCIONES%202011/3283.pdf HTTP/1.1" 200 276428
66.249.67.99 - - [10/Dec/2014:01:34:58 -0500] "GET /BLA/resoluciones/AUTOS%202009/1253.pdf HTTP/1.1" 200 171446
157.55.39.13 - - [10/Dec/2014:01:35:00 -0500] "GET /bla/resoluciones/resoluciones%202010/6741.pdf HTTP/1.1" 200 271102
157.55.39.13 - - [10/Dec/2014:01:35:00 -0500] "GET /bla/resoluciones/RESOLUCIONES%202011/1051.pdf HTTP/1.1" 200 296910
157.55.39.13 - - [10/Dec/2014:01:35:02 -0500] "GET /bla/resoluciones/resoluciones%202010/6070.pdf HTTP/1.1" 200 7732733
157.55.39.113 - - [10/Dec/2014:01:35:05 -0500] "GET /bla/resoluciones/resoluciones%202009/9491.pdf HTTP/1.1" 200 628792
157.55.39.113 - - [10/Dec/2014:01:35:06 -0500] "GET /BLA/resoluciones/AUTOS%202012/2291.pdf HTTP/1.1" 200 206407
157.55.39.113 - - [10/Dec/2014:01:35:06 -0500] "GET /BLA/resoluciones/AUTOS%202009/0510.pdf HTTP/1.1" 200 210473
157.55.39.113 - - [10/Dec/2014:01:35:07 -0500] "GET /bla/resoluciones/RESOLUCIONES%202011/0858.pdf HTTP/1.1" 200 370566
157.55.39.217 - - [10/Dec/2014:01:35:11 -0500] "GET /bla/resoluciones/resoluciones%202010/0625.pdf HTTP/1.1" 200 528892
157.55.39.240 - - [10/Dec/2014:01:35:15 -0500] "GET /bla/resoluciones/resoluciones%202009/8704.pdf HTTP/1.1" 200 642186
157.55.39.113 - - [10/Dec/2014:01:35:20 -0500] "GET /BLA/resoluciones/RESOLUCIONES%202009/1157.pdf HTTP/1.1" 200 37679
66.249.67.115 - - [10/Dec/2014:01:35:36 -0500] "GET /BLA/resoluciones/AUTOS%202011/1877.pdf HTTP/1.1" 200 153667
181.52.159.216 - - [10/Dec/2014:01:35:39 -0500] "GET /BLA/resoluciones/RESOLUCIONES%202007/RES%202007%201901%20AL%202000/RESOLUCION%201918%20DE%202007.pdf HTTP/1.1" 200 336940
181.52.159.216 - - [10/Dec/2014:01:35:40 -0500] "GET /favicon.ico HTTP/1.1" 200 7782
157.55.39.217 - - [10/Dec/2014:01:35:45 -0500] "GET /BLA/resoluciones/AUTOS%202012/0226.pdf HTTP/1.1" 200 866807
157.55.39.12 - - [10/Dec/2014:01:35:49 -0500] "GET /BLA/resoluciones/RESOLUCIONES%202011/0059.pdf HTTP/1.1" 200 325464
157.55.39.217 - - [10/Dec/2014:01:35:55 -0500] "GET /bla/resoluciones/resoluciones%202010/1969.pdf HTTP/1.1" 200 511655
157.55.39.113 - - [10/Dec/2014:01:36:00 -0500] "GET /bla/resoluciones/resoluciones%202010/6618.pdf HTTP/1.1" 200 156817
157.55.39.217 - - [10/Dec/2014:01:36:10 -0500] "GET /bla/resoluciones/resoluciones%202009/9788.pdf HTTP/1.1" 200 584519
66.249.67.99 - - [10/Dec/2014:01:36:13 -0500] "GET /BLA/resoluciones/RESOLUCIONES%202007/RES%202007%203501%20AL%203600/RESOLUCION%203578%20DE%202007.pdf HTTP/1.1" 304 -
157.55.39.241 - - [10/Dec/2014:01:36:24 -0500] "GET /BLA/resoluciones/AUTOS%202009/2973.pdf HTTP/1.1" 200 107103
66.249.67.107 - - [10/Dec/2014:01:36:26 -0500] "GET /BLA/resoluciones/RESOLUCIONES%202012/1385.pdf HTTP/1.1" 304 -
157.55.39.241 - - [10/Dec/2014:01:36:38 -0500] "GET /BLA/resoluciones/Resoluciones%202011/2918.pdf HTTP/1.1" 200 611768
66.249.67.115 - - [10/Dec/2014:01:36:50 -0500] "GET /BLA/resoluciones/AUTOS%202012/0259.pdf HTTP/1.1" 304 -
157.55.39.113 - - [10/Dec/2014:01:36:57 -0500] "GET /bla/resoluciones/resoluciones%202010/7857.pdf HTTP/1.1" 200 316892
180.76.6.141 - - [10/Dec/2014:01:37:00 -0500] "GET /BLA/resoluciones/RESOLUCIONES%202010/2628.pdf HTTP/1.1" 200 515011
157.55.39.240 - - [10/Dec/2014:01:37:01 -0500] "GET /BLA/resoluciones/AUTOS%202011/0670.pdf HTTP/1.1" 200 99981
157.55.39.13 - - [10/Dec/2014:01:37:19 -0500] "GET /BLA/resoluciones/AUTOS%202010/4498.pdf HTTP/1.1" 200 485261
157.55.39.217 - - [10/Dec/2014:01:37:24 -0500] "GET /BLA/resoluciones/RESOLUCIONES%202009/3464.pdf HTTP/1.1" 200 937563
66.249.67.107 - - [10/Dec/2014:01:37:24 -0500] "GET /BLA/resoluciones/Autos%202008/2081.pdf HTTP/1.1" 200 117875
66.249.67.99 - - [10/Dec/2014:01:37:27 -0500] "GET /BLA/resoluciones/RESOLUCIONES%202010/0892.pdf HTTP/1.1" 200 114402
157.55.39.113 - - [10/Dec/2014:01:37:28 -0500] "GET /bla/resoluciones/resoluciones%202009/9319.pdf HTTP/1.1" 200 834766
157.55.39.113 - - [10/Dec/2014:01:37:29 -0500] "GET /bla/resoluciones/resoluciones%202009/0359.pdf HTTP/1.1" 200 348210
157.55.39.12 - - [10/Dec/2014:01:37:36 -0500] "GET /bla/resoluciones/resoluciones%202009/8458.pdf HTTP/1.1" 200 47530
157.55.39.241 - - [10/Dec/2014:01:37:41 -0500] "GET /bla/resoluciones/resoluciones%202009/0934.pdf HTTP/1.1" 200 268715
157.55.39.241 - - [10/Dec/2014:01:37:42 -0500] "GET /BLA/resoluciones/Resoluciones%202011/0531.pdf HTTP/1.1" 200 799018
157.55.39.113 - - [10/Dec/2014:01:37:46 -0500] "GET /BLA/resoluciones/Resoluciones%202011/3390.pdf HTTP/1.1" 200 1132739
157.55.39.12 - - [10/Dec/2014:01:37:51 -0500] "GET /BLA/resoluciones/Resoluciones%202011/1450.pdf HTTP/1.1" 200 72765
157.55.39.12 - - [10/Dec/2014:01:37:52 -0500] "GET /bla/resoluciones/RESOLUCIONES%202011/1710.pdf HTTP/1.1" 200 594928
157.55.39.240 - - [10/Dec/2014:01:38:00 -0500] "GET /BLA/resoluciones/RESOLUCIONES%202008/2432.pdf HTTP/1.1" 200 198959
157.55.39.240 - - [10/Dec/2014:01:38:00 -0500] "GET /BLA/resoluciones/RESOLUCIONES%202008/1150.pdf HTTP/1.1" 200 250398
157.55.39.240 - - [10/Dec/2014:01:38:01 -0500] "GET /BLA/resoluciones/RESOLUCIONES%202009/1139.pdf HTTP/1.1" 200 260673
157.55.39.240 - - [10/Dec/2014:01:38:02 -0500] "GET /BLA/resoluciones/RESOLUCIONES%202011/1984.pdf HTTP/1.1" 200 496771
157.55.39.113 - - [10/Dec/2014:01:38:04 -0500] "GET /BLA/resoluciones/AUTOS%202011/5851.pdf HTTP/1.1" 200 259149
157.55.39.113 - - [10/Dec/2014:01:38:05 -0500] "GET /BLA/resoluciones/RESOLUCIONES%202010/5839.pdf HTTP/1.1" 200 654977
157.55.39.113 - - [10/Dec/2014:01:38:05 -0500] "GET /bla/resoluciones/resoluciones%202010/7228.pdf HTTP/1.1" 200 803860
66.249.67.99 - - [10/Dec/2014:01:38:09 -0500] "GET /BLA/resoluciones/RESOLUCIONES%202012/1114.pdf HTTP/1.1" 304 -
157.55.39.13 - - [10/Dec/2014:01:38:10 -0500] "GET /bla/resoluciones/resoluciones%202009/1919.pdf HTTP/1.1" 200 426949
186.28.160.21 - - [10/Dec/2014:01:38:14 -0500] "GET /BLA/resoluciones/AUTOS%202012/1323.pdf HTTP/1.1" 200 159073
186.28.160.21 - - [10/Dec/2014:01:38:15 -0500] "GET /BLA/resoluciones/AUTOS%202012/1323.pdf HTTP/1.1" 206 32768
186.28.160.21 - - [10/Dec/2014:01:38:15 -0500] "GET /BLA/resoluciones/AUTOS%202012/1323.pdf HTTP/1.1" 206 126305
157.55.39.240 - - [10/Dec/2014:01:38:16 -0500] "GET /bla/resoluciones/resoluciones%202009/1230.pdf HTTP/1.1" 200 395410
157.55.39.113 - - [10/Dec/2014:01:38:20 -0500] "GET /bla/resoluciones/resoluciones%202009/8744.pdf HTTP/1.1" 200 516106
157.55.39.113 - - [10/Dec/2014:01:38:21 -0500] "GET /bla/resoluciones/resoluciones%202010/7309.pdf HTTP/1.1" 200 355093
157.55.39.12 - - [10/Dec/2014:01:38:32 -0500] "GET /BLA/resoluciones/AUTOS%202009/0518.pdf HTTP/1.1" 200 192727
66.249.67.99 - - [10/Dec/2014:01:38:37 -0500] "GET /BLA/resoluciones/RESOLUCIONES%202012/0821.pdf HTTP/1.1" 304 -
66.249.67.107 - - [10/Dec/2014:01:38:42 -0500] "GET /BLA/resoluciones/RESOLUCIONES%202013/0985.pdf HTTP/1.1" 304 -
186.29.122.105 - - [10/Dec/2014:01:38:43 -0500] "GET /BLA/boletinlegal/js/jquery.scrollShow.js HTTP/1.1" 200 4586
186.29.122.105 - - [10/Dec/2014:01:38:43 -0500] "GET /BLA/boletinlegal/js/jquery.js HTTP/1.1" 200 57254
186.29.122.105 - - [10/Dec/2014:01:38:43 -0500] "GET /BLA/boletinlegal/js/jquery.scrollTo-min.js HTTP/1.1" 200 1150
181.69.116.157 - - [10/Dec/2014:01:38:44 -0500] "GET /BLA/boletinlegal/js/jquery.scrollShow.js HTTP/1.1" 200 4586
181.69.116.157 - - [10/Dec/2014:01:38:44 -0500] "GET /BLA/boletinlegal/js/jquery.scrollTo-min.js HTTP/1.1" 200 1150
181.69.116.157 - - [10/Dec/2014:01:38:44 -0500] "GET /BLA/boletinlegal/js/jquery.js HTTP/1.1" 200 57254
157.55.39.217 - - [10/Dec/2014:01:38:50 -0500] "GET /BLA/resoluciones/RESOLUCIONES%202010/2534.pdf HTTP/1.1" 200 494019
157.55.39.240 - - [10/Dec/2014:01:38:56 -0500] "GET /bla/resoluciones/resoluciones%202010/2467.pdf HTTP/1.1" 200 493825
157.55.39.13 - - [10/Dec/2014:01:39:01 -0500] "GET /BLA/resoluciones/RESOLUCIONES%202010/3074.pdf HTTP/1.1" 200 446509
74.86.158.107 - - [10/Dec/2014:01:39:04 -0500] "HEAD / HTTP/1.1" 302 -
157.55.39.13 - - [10/Dec/2014:01:39:07 -0500] "GET /BLA/resoluciones/RESOLUCIONES%202010/0587.pdf HTTP/1.1" 200 94899
66.249.67.115 - - [10/Dec/2014:01:39:09 -0500] "GET /BLA/resoluciones/RESOLUCIONES%202013/0199.pdf HTTP/1.1" 200 2137694
157.55.39.217 - - [10/Dec/2014:01:39:12 -0500] "GET /bla/resoluciones/resoluciones%202009/8093.pdf HTTP/1.1" 200 522311
157.55.39.217 - - [10/Dec/2014:01:39:12 -0500] "GET /BLA/resoluciones/RESOLUCIONES%202009/1654.pdf HTTP/1.1" 200 412859
157.55.39.240 - - [10/Dec/2014:01:39:18 -0500] "GET /bla/resoluciones/resoluciones%202010/6411.pdf HTTP/1.1" 200 520534
66.249.67.99 - - [10/Dec/2014:01:39:19 -0500] "GET /BLA/resoluciones/AUTOS%202012/1824.pdf HTTP/1.1" 304 -
66.249.67.107 - - [10/Dec/2014:01:39:21 -0500] "GET /BLA/resoluciones/RESOLUCIONES%202004/RES%202004%201601-1650/INDEX.DAT HTTP/1.1" 200 2000
157.55.39.217 - - [10/Dec/2014:01:39:23 -0500] "GET /bla/resoluciones/RESOLUCIONES%202011/2882.pdf HTTP/1.1" 200 769666
157.55.39.217 - - [10/Dec/2014:01:39:23 -0500] "GET /BLA/resoluciones/Resoluciones%202011/1127.pdf HTTP/1.1" 200 299473
157.55.39.217 - - [10/Dec/2014:01:39:25 -0500] "GET /BLA/resoluciones/RESOLUCIONES%202009/1032.pdf HTTP/1.1" 200 204676
157.55.39.217 - - [10/Dec/2014:01:39:26 -0500] "GET /BLA/resoluciones/AUTOS%202009/2575.pdf HTTP/1.1" 200 227772
157.55.39.113 - - [10/Dec/2014:01:39:28 -0500] "GET /BLA/resoluciones/RESOLUCIONES%202010/2614.pdf HTTP/1.1" 200 48270
157.55.39.113 - - [10/Dec/2014:01:39:28 -0500] "GET /bla/resoluciones/RESOLUCIONES%202011/3342.pdf HTTP/1.1" 200 761930
157.55.39.113 - - [10/Dec/2014:01:39:29 -0500] "GET /BLA/resoluciones/AUTOS%202011/4919.pdf HTTP/1.1" 200 214309
157.55.39.113 - - [10/Dec/2014:01:39:29 -0500] "GET /bla/resoluciones/resoluciones%202009/3684.pdf HTTP/1.1" 200 185078
157.55.39.241 - - [10/Dec/2014:01:39:32 -0500] "GET /BLA/resoluciones/AUTOS%202012/2529.pdf HTTP/1.1" 200 2409570
157.55.39.241 - - [10/Dec/2014:01:39:33 -0500] "GET /bla/resoluciones/RESOLUCIONES%202011/0297.pdf HTTP/1.1" 200 268591
157.55.39.240 - - [10/Dec/2014:01:39:53 -0500] "GET /BLA/resoluciones/AUTOS%202012/1754.pdf HTTP/1.1" 200 295246
157.55.39.240 - - [10/Dec/2014:01:39:54 -0500] "GET /bla/resoluciones/resoluciones%202010/6087.pdf HTTP/1.1" 200 600410
186.80.143.160 - - [10/Dec/2014:01:39:54 -0500] "GET /galeria/carrusel/Carrusel/jquery-ui-1.8.13.custom.min.js HTTP/1.1" 200 10800
186.80.143.160 - - [10/Dec/2014:01:39:54 -0500] "GET /BLA/boletinlegal/js/jquery.scrollTo-min.js HTTP/1.1" 200 1150
186.80.143.160 - - [10/Dec/2014:01:39:54 -0500] "GET /BLA/boletinlegal/js/jquery.js HTTP/1.1" 200 57254
186.80.143.160 - - [10/Dec/2014:01:39:54 -0500] "GET /galeria/carrusel/Carrusel/jquery.thumbnailScroller.js HTTP/1.1" 200 8157
186.80.143.160 - - [10/Dec/2014:01:39:54 -0500] "GET /BLA/boletinlegal/js/jquery.scrollShow.js HTTP/1.1" 200 4586
186.80.143.160 - - [10/Dec/2014:01:39:54 -0500] "GET /galeria/carrusel/Carrusel/jquery.thumbnailScroller.css HTTP/1.1" 200 2066
186.80.143.160 - - [10/Dec/2014:01:39:56 -0500] "GET /galeria/nivo-slider/demo/demo.html HTTP/1.1" 200 3708
66.249.67.107 - - [10/Dec/2014:01:39:56 -0500] "GET /BLA/resoluciones/AUTOS%202011/0217.pdf HTTP/1.1" 304 -
186.80.143.160 - - [10/Dec/2014:01:39:56 -0500] "GET /galeria/nivo-slider/themes/orman/orman.css HTTP/1.1" 200 2152
186.80.143.160 - - [10/Dec/2014:01:39:56 -0500] "GET /galeria/nivo-slider/themes/pascal/pascal.css HTTP/1.1" 200 2258
186.80.143.160 - - [10/Dec/2014:01:39:56 -0500] "GET /galeria/nivo-slider/themes/default/default.css HTTP/1.1" 200 1569
186.80.143.160 - - [10/Dec/2014:01:39:56 -0500] "GET /galeria/nivo-slider/nivo-slider.css HTTP/1.1" 200 1507
186.80.143.160 - - [10/Dec/2014:01:39:56 -0500] "GET /galeria/nivo-slider/demo/style.css HTTP/1.1" 200 2222
186.80.143.160 - - [10/Dec/2014:01:39:56 -0500] "GET /galeria/nivo-slider/demo/images/coplima.jpg HTTP/1.1" 200 85663
186.80.143.160 - - [10/Dec/2014:01:39:56 -0500] "GET /galeria/nivo-slider/jquery.nivo.slider.pack.js HTTP/1.1" 200 11561
186.80.143.160 - - [10/Dec/2014:01:39:56 -0500] "GET /galeria/nivo-slider/demo/scripts/jquery-1.7.1.min.js HTTP/1.1" 200 93868
186.80.143.160 - - [10/Dec/2014:01:39:56 -0500] "GET /galeria/nivo-slider/demo/images/banner-musgo.jpg HTTP/1.1" 200 49513
186.80.143.160 - - [10/Dec/2014:01:39:56 -0500] "GET /galeria/nivo-slider/demo/images/RdaNegociosFiltros.jpg HTTP/1.1" 200 77155
186.80.143.160 - - [10/Dec/2014:01:39:56 -0500] "GET /galeria/nivo-slider/demo/images/Jornada-adopcion.jpg HTTP/1.1" 200 79705
186.80.143.160 - - [10/Dec/2014:01:39:56 -0500] "GET /galeria/nivo-slider/demo/images/BogotaSostenible.jpg HTTP/1.1" 200 206863
186.80.143.160 - - [10/Dec/2014:01:39:57 -0500] "GET /galeria/nivo-slider/demo/images/Banner-GAE3.jpg HTTP/1.1" 200 146354
186.80.143.160 - - [10/Dec/2014:01:39:57 -0500] "GET /galeria/nivo-slider/demo/images/Banner-comparendo.jpg HTTP/1.1" 200 388762
186.80.143.160 - - [10/Dec/2014:01:39:57 -0500] "GET /galeria/nivo-slider/demo/images/Biotaxis-Man.jpg HTTP/1.1" 200 99362
186.80.143.160 - - [10/Dec/2014:01:39:58 -0500] "GET /galeria/nivo-slider/demo/images/porloshumedales.jpg HTTP/1.1" 200 351238
186.80.143.160 - - [10/Dec/2014:01:39:58 -0500] "GET /galeria/nivo-slider/demo/images/Tingua-azul.jpg HTTP/1.1" 200 307638
186.80.143.160 - - [10/Dec/2014:01:39:58 -0500] "GET /galeria/nivo-slider/demo/images/Banner-Caracol-Africano.jpg HTTP/1.1" 200 331986
157.55.39.217 - - [10/Dec/2014:01:39:58 -0500] "GET /bla/resoluciones/resoluciones%202009/9312.pdf HTTP/1.1" 200 443227
186.80.143.160 - - [10/Dec/2014:01:39:58 -0500] "GET /galeria/nivo-slider/demo/images/banner-redes.jpg HTTP/1.1" 200 62209
186.80.143.160 - - [10/Dec/2014:01:39:58 -0500] "GET /galeria/nivo-slider/demo/images/9Signos.jpg HTTP/1.1" 200 93040
186.80.143.160 - - [10/Dec/2014:01:39:58 -0500] "GET /galeria/nivo-slider/demo/images/banner-caballos.png HTTP/1.1" 200 389106
186.80.143.160 - - [10/Dec/2014:01:39:59 -0500] "GET /galeria/nivo-slider/demo/images/Hacienda_Molinos.jpg HTTP/1.1" 200 319171
186.80.143.160 - - [10/Dec/2014:01:40:00 -0500] "GET /galeria/nivo-slider/demo/images/bannerEcolecta3.jpg HTTP/1.1" 200 280034
186.80.143.160 - - [10/Dec/2014:01:40:01 -0500] "GET /galeria/nivo-slider/demo/images/4Simple_Slider.png HTTP/1.1" 200 11722
186.80.143.160 - - [10/Dec/2014:01:40:01 -0500] "GET /galeria/nivo-slider/themes/default/loading.gif HTTP/1.1" 200 1737
186.80.143.160 - - [10/Dec/2014:01:40:03 -0500] "GET /galeria/nivo-slider/themes/default/arrows.png HTTP/1.1" 200 824
186.80.143.160 - - [10/Dec/2014:01:40:03 -0500] "GET /galeria/nivo-slider/themes/default/bullets.png HTTP/1.1" 200 1281
66.249.67.115 - - [10/Dec/2014:01:40:04 -0500] "GET /BLA/resoluciones/RESOLUCIONES%202006/RES%202006%202001-2050/00002042.tif HTTP/1.1" 200 164120
157.55.39.217 - - [10/Dec/2014:01:40:20 -0500] "GET /bla/resoluciones/resoluciones%202010/5767.pdf HTTP/1.1" 200 81265
73.37.47.48 - - [10/Dec/2014:01:40:21 -0500] "GET /webdav/x32.php?act=phptools&host=177.222.61.213&port=80&time=500 HTTP/1.1" 404 1018
157.55.39.13 - - [10/Dec/2014:01:40:25 -0500] "GET /bla/resoluciones/RESOLUCIONES%202011/2307.pdf HTTP/1.1" 200 503041
157.55.39.13 - - [10/Dec/2014:01:40:25 -0500] "GET /BLA/resoluciones/RESOLUCIONES%202009/6800.pdf HTTP/1.1" 200 832809
157.55.39.113 - - [10/Dec/2014:01:40:32 -0500] "GET /bla/resoluciones/resoluciones%202009/1252.pdf HTTP/1.1" 200 622674
66.249.67.107 - - [10/Dec/2014:01:40:33 -0500] "GET /BLA/resoluciones/RESOLUCIONES%202010/6718.pdf HTTP/1.1" 304 -
157.55.39.217 - - [10/Dec/2014:01:40:45 -0500] "GET /BLA/resoluciones/RESOLUCIONES%202010/1567.pdf HTTP/1.1" 200 383004
157.55.39.217 - - [10/Dec/2014:01:40:46 -0500] "GET /bla/resoluciones/RESOLUCIONES%202011/2178.pdf HTTP/1.1" 200 494840
157.55.39.113 - - [10/Dec/2014:01:40:49 -0500] "GET /bla/resoluciones/resoluciones%202010/5283.pdf HTTP/1.1" 200 756161
157.55.39.113 - - [10/Dec/2014:01:40:50 -0500] "GET /BLA/resoluciones/RESOLUCIONES%202011/0413.pdf HTTP/1.1" 200 73677
157.55.39.113 - - [10/Dec/2014:01:40:51 -0500] "GET /BLA/resoluciones/RESOLUCIONES%202010/1525.pdf HTTP/1.1" 200 125522
157.55.39.13 - - [10/Dec/2014:01:40:55 -0500] "GET /BLA/resoluciones/Resoluciones%202011/2132.pdf HTTP/1.1" 200 515989
157.55.39.13 - - [10/Dec/2014:01:40:55 -0500] "GET /bla/resoluciones/resoluciones%202010/1223.pdf HTTP/1.1" 200 108554
157.55.39.13 - - [10/Dec/2014:01:40:56 -0500] "GET /BLA/resoluciones/Resoluciones%202011/1161.pdf HTTP/1.1" 200 257562
157.55.39.13 - - [10/Dec/2014:01:40:57 -0500] "GET /bla/resoluciones/resoluciones%202010/0571.pdf HTTP/1.1" 200 107226
157.55.39.113 - - [10/Dec/2014:01:40:59 -0500] "GET /BLA/resoluciones/AUTOS%202011/4780.pdf HTTP/1.1" 200 372764
157.55.39.240 - - [10/Dec/2014:01:41:05 -0500] "GET /BLA/resoluciones/AUTOS%202011/0847.pdf HTTP/1.1" 200 95497
157.55.39.240 - - [10/Dec/2014:01:41:06 -0500] "GET /bla/resoluciones/resoluciones%202009/8185.pdf HTTP/1.1" 200 501483
157.55.39.240 - - [10/Dec/2014:01:41:06 -0500] "GET /bla/resoluciones/resoluciones%202010/0031.pdf HTTP/1.1" 200 473636
157.55.39.113 - - [10/Dec/2014:01:41:09 -0500] "GET /BLA/resoluciones/RESOLUCIONES%202011/3418.pdf HTTP/1.1" 200 675708
66.249.67.99 - - [10/Dec/2014:01:41:11 -0500] "GET /BLA/resoluciones/RESOLUCIONES%202014/0964.pdf HTTP/1.1" 304 -
190.24.131.26 - - [10/Dec/2014:01:41:12 -0500] "GET /BLA/resoluciones/RESOLUCIONES%202009/0077.pdf HTTP/1.1" 200 236712
190.24.131.26 - - [10/Dec/2014:01:41:12 -0500] "GET /favicon.ico HTTP/1.1" 200 7782
157.55.39.13 - - [10/Dec/2014:01:41:20 -0500] "GET /bla/resoluciones/resoluciones%202010/0456.pdf HTTP/1.1" 200 102764
157.55.39.13 - - [10/Dec/2014:01:41:21 -0500] "GET /BLA/resoluciones/RESOLUCIONES%202009/2367.pdf HTTP/1.1" 200 444487
66.249.67.99 - - [10/Dec/2014:01:41:48 -0500] "GET /BLA/resoluciones/RESOLUCIONES%202013/0120.pdf HTTP/1.1" 304 -
66.249.67.99 - - [10/Dec/2014:01:41:50 -0500] "GET /BLA/resoluciones/RESOLUCIONES%202004/RES%202004%20251-300/00000270.tif HTTP/1.1" 200 31418
157.55.39.13 - - [10/Dec/2014:01:41:52 -0500] "GET /BLA/resoluciones/AUTOS%202012/1083.pdf HTTP/1.1" 200 248030
157.55.39.13 - - [10/Dec/2014:01:41:53 -0500] "GET /BLA/resoluciones/RESOLUCIONES%202007/RES%202007%203401%20AL%203500/RESOLUCION%203469%20DE%202007.pdf HTTP/1.1" 200 369340
66.249.67.107 - - [10/Dec/2014:01:41:53 -0500] "GET /BLA/resoluciones/AUTOS%202011/0755.pdf HTTP/1.1" 200 178065
157.55.39.113 - - [10/Dec/2014:01:41:56 -0500] "GET /BLA/resoluciones/Resoluciones%202011/1131.pdf HTTP/1.1" 200 367734
190.26.210.162 - - [10/Dec/2014:01:42:00 -0500] "GET / HTTP/1.1" 302 -
157.55.39.217 - - [10/Dec/2014:01:42:01 -0500] "GET /bla/resoluciones/resoluciones%202010/5603.pdf HTTP/1.1" 200 228692
157.55.39.217 - - [10/Dec/2014:01:42:02 -0500] "GET /BLA/resoluciones/AUTOS%202010/5456.pdf HTTP/1.1" 200 402465
157.55.39.240 - - [10/Dec/2014:01:42:06 -0500] "GET /bla/resoluciones/RESOLUCIONES%202011/1409.pdf HTTP/1.1" 200 66651
157.55.39.240 - - [10/Dec/2014:01:42:07 -0500] "GET /bla/resoluciones/resoluciones%202009/2002.pdf HTTP/1.1" 200 626082
157.55.39.240 - - [10/Dec/2014:01:42:11 -0500] "GET /BLA/resoluciones/RESOLUCIONES%202009/0658.pdf HTTP/1.1" 200 125296
157.55.39.13 - - [10/Dec/2014:01:42:15 -0500] "GET /BLA/resoluciones/Resoluciones%202011/0888.pdf HTTP/1.1" 200 71119
157.55.39.13 - - [10/Dec/2014:01:42:16 -0500] "GET /BLA/resoluciones/RESOLUCIONES%202009/2328.pdf HTTP/1.1" 200 350104
157.55.39.13 - - [10/Dec/2014:01:42:17 -0500] "GET /bla/resoluciones/RESOLUCIONES%202011/2078.pdf HTTP/1.1" 200 507629
157.55.39.217 - - [10/Dec/2014:01:42:21 -0500] "GET /BLA/resoluciones/RESOLUCIONES%202009/1546.pdf HTTP/1.1" 200 429027
157.55.39.217 - - [10/Dec/2014:01:42:21 -0500] "GET /BLA/resoluciones/Resoluciones%202011/3122.pdf HTTP/1.1" 200 670370
66.249.67.107 - - [10/Dec/2014:01:42:25 -0500] "GET /BLA/resoluciones/RESOLUCIONES%202007/RES%202007%202301%20AL%202400/RESOLUCION%202400%20DE%202007.pdf HTTP/1.1" 304 -
157.55.39.241 - - [10/Dec/2014:01:42:36 -0500] "GET /bla/resoluciones/resoluciones%202010/2060.pdf HTTP/1.1" 200 270663
157.55.39.241 - - [10/Dec/2014:01:42:36 -0500] "GET /BLA/resoluciones/RESOLUCIONES%202009/1003.pdf HTTP/1.1" 200 258978
157.55.39.217 - - [10/Dec/2014:01:42:40 -0500] "GET /BLA/resoluciones/RESOLUCIONES%202009/1281.pdf HTTP/1.1" 200 115808
157.55.39.217 - - [10/Dec/2014:01:42:41 -0500] "GET /BLA/resoluciones/RESOLUCIONES%202011/4498.pdf HTTP/1.1" 200 197288
157.55.39.240 - - [10/Dec/2014:01:42:46 -0500] "GET /BLA/resoluciones/Resoluciones%202011/1823.pdf HTTP/1.1" 200 503682
157.55.39.113 - - [10/Dec/2014:01:42:50 -0500] "GET /bla/resoluciones/resoluciones%202009/1105.pdf HTTP/1.1" 200 327304
157.55.39.113 - - [10/Dec/2014:01:42:52 -0500] "GET /BLA/resoluciones/AUTOS%202011/2081.pdf HTTP/1.1" 200 236535
157.55.39.113 - - [10/Dec/2014:01:42:59 -0500] "GET /BLA/resoluciones/RESOLUCIONES%202009/4412.pdf HTTP/1.1" 200 613281
66.249.67.115 - - [10/Dec/2014:01:43:02 -0500] "GET /BLA/resoluciones/RESOLUCIONES%202009/5692.pdf HTTP/1.1" 304 -
157.55.39.13 - - [10/Dec/2014:01:43:09 -0500] "GET /BLA/resoluciones/RESOLUCIONES%202008/1883.pdf HTTP/1.1" 200 205520
157.55.39.240 - - [10/Dec/2014:01:43:13 -0500] "GET /BLA/resoluciones/RESOLUCIONES%202009/1180.pdf HTTP/1.1" 200 275118
157.55.39.113 - - [10/Dec/2014:01:43:23 -0500] "GET /bla/resoluciones/resoluciones%202010/6754.pdf HTTP/1.1" 200 263134
157.55.39.113 - - [10/Dec/2014:01:43:28 -0500] "GET /BLA/resoluciones/AUTOS%202009/0849.pdf HTTP/1.1" 200 67560
157.55.39.113 - - [10/Dec/2014:01:43:33 -0500] "GET /BLA/resoluciones/AUTOS%202011/4786.pdf HTTP/1.1" 200 241923
157.55.39.113 - - [10/Dec/2014:01:43:34 -0500] "GET /BLA/resoluciones/AUTOS%202012/2898.pdf HTTP/1.1" 200 1607219
157.55.39.113 - - [10/Dec/2014:01:43:39 -0500] "GET /BLA/resoluciones/RESOLUCIONES%202009/1179.pdf HTTP/1.1" 200 326867
66.249.67.115 - - [10/Dec/2014:01:43:40 -0500] "GET /BLA/resoluciones/RESOLUCIONES%202008/0411.pdf HTTP/1.1" 304 -
157.55.39.241 - - [10/Dec/2014:01:43:43 -0500] "GET /bla/resoluciones/resoluciones%202010/1713.pdf HTTP/1.1" 200 380330
