157.55.39.217 - - [10/Dec/2014:05:35:57 -0500] "GET /BLA/resoluciones/AUTOS%202011/0811.pdf HTTP/1.1" 200 100283
157.55.39.113 - - [10/Dec/2014:05:36:01 -0500] "GET /bla/resoluciones/RESOLUCIONES%202011/2827.pdf HTTP/1.1" 200 754464
157.55.39.113 - - [10/Dec/2014:05:36:02 -0500] "GET /BLA/resoluciones/AUTOS%202009/1583.pdf HTTP/1.1" 200 124940
157.55.39.240 - - [10/Dec/2014:05:36:06 -0500] "GET /BLA/resoluciones/RESOLUCIONES%202010/1515.pdf HTTP/1.1" 200 476109
157.55.39.13 - - [10/Dec/2014:05:36:14 -0500] "GET /BLA/resoluciones/RESOLUCIONES%202008/1444.pdf HTTP/1.1" 200 299463
157.55.39.13 - - [10/Dec/2014:05:36:15 -0500] "GET /BLA/resoluciones/RESOLUCIONES%202009/1148.pdf HTTP/1.1" 200 438707
186.154.85.200 - - [10/Dec/2014:05:36:21 -0500] "POST /forms/lservlet;jsessionid=ac16012b30d59104b26b663e46108e6f9a232dfd1dc3.e3iSbxaKaheRe34Sa3yKbhiTahb0n6jAmljGr5XDqQLvpAe HTTP/1.1" 200 2
157.55.39.113 - - [10/Dec/2014:05:36:21 -0500] "GET /bla/resoluciones/resoluciones%202010/5566.pdf HTTP/1.1" 200 505359
157.55.39.113 - - [10/Dec/2014:05:36:22 -0500] "GET /BLA/resoluciones/RESOLUCIONES%202012/0937.pdf HTTP/1.1" 200 496303
157.55.39.113 - - [10/Dec/2014:05:36:22 -0500] "GET /bla/resoluciones/resoluciones%202010/0959.pdf HTTP/1.1" 200 440969
157.55.39.13 - - [10/Dec/2014:05:36:26 -0500] "GET /BLA/resoluciones/RESOLUCIONES%202009/0879.pdf HTTP/1.1" 200 316880
157.55.39.240 - - [10/Dec/2014:05:36:26 -0500] "GET /BLA/resoluciones/AUTOS%202009/1107.pdf HTTP/1.1" 200 63013
157.55.39.217 - - [10/Dec/2014:05:36:31 -0500] "GET /resoluciones/RESOLUCIONES%202009/9808.pdf HTTP/1.1" 404 1018
157.55.39.217 - - [10/Dec/2014:05:36:31 -0500] "GET /BLA/resoluciones/RESOLUCIONES%202011/0752.pdf HTTP/1.1" 200 397252
66.249.67.119 - - [10/Dec/2014:05:36:48 -0500] "GET /manual_funciones_Listado/2.2.2.%20Subdirecci%C3%B3n%20de%20Silvicultura,%20Flora%20y%20Fauna%20Silvestre/Profesional%20Especializado%20222-19.pdf HTTP/1.1" 404 1019
157.55.39.217 - - [10/Dec/2014:05:36:50 -0500] "GET /bla/resoluciones/resoluciones%202009/7473.pdf HTTP/1.1" 200 3271741
157.55.39.240 - - [10/Dec/2014:05:36:54 -0500] "GET /bla/resoluciones/resoluciones%202010/1894.pdf HTTP/1.1" 200 523289
157.55.39.240 - - [10/Dec/2014:05:36:54 -0500] "GET /bla/resoluciones/resoluciones%202010/1481.pdf HTTP/1.1" 200 258709
157.55.39.240 - - [10/Dec/2014:05:36:59 -0500] "GET /BLA/resoluciones/AUTOS%202010/1378.pdf HTTP/1.1" 200 248952
157.55.39.240 - - [10/Dec/2014:05:36:59 -0500] "GET /bla/resoluciones/resoluciones%202010/7596.pdf HTTP/1.1" 200 93543
157.55.39.13 - - [10/Dec/2014:05:37:04 -0500] "GET /BLA/resoluciones/RESOLUCIONES%202012/1031.pdf HTTP/1.1" 200 585390
157.55.39.217 - - [10/Dec/2014:05:37:09 -0500] "GET /BLA/resoluciones/RESOLUCIONES%202010/2051.pdf HTTP/1.1" 200 207999
157.55.39.217 - - [10/Dec/2014:05:37:09 -0500] "GET /BLA/resoluciones/AUTOS%202010/5723.pdf HTTP/1.1" 200 230531
157.55.39.217 - - [10/Dec/2014:05:37:10 -0500] "GET /BLA/resoluciones/AUTOS%202010/5716.pdf HTTP/1.1" 200 151517
157.55.39.113 - - [10/Dec/2014:05:37:14 -0500] "GET /BLA/resoluciones/AUTOS%202011/6899.pdf HTTP/1.1" 200 167169
157.55.39.113 - - [10/Dec/2014:05:37:15 -0500] "GET /bla/resoluciones/resoluciones%202010/6920.pdf HTTP/1.1" 200 630948
157.55.39.113 - - [10/Dec/2014:05:37:15 -0500] "GET /BLA/resoluciones/RESOLUCIONES%202011/0501.pdf HTTP/1.1" 200 414332
157.55.39.217 - - [10/Dec/2014:05:37:22 -0500] "GET /BLA/resoluciones/AUTOS%202011/4370.pdf HTTP/1.1" 200 241413
157.55.39.241 - - [10/Dec/2014:05:37:28 -0500] "GET /BLA/resoluciones/RESOLUCIONES%202010/1091.pdf HTTP/1.1" 200 91551
157.55.39.217 - - [10/Dec/2014:05:37:32 -0500] "GET /BLA/resoluciones/Resoluciones%202011/2016.pdf HTTP/1.1" 200 511297
157.55.39.12 - - [10/Dec/2014:05:37:37 -0500] "GET /bla/resoluciones/resoluciones%202009/8266.pdf HTTP/1.1" 200 320236
157.55.39.241 - - [10/Dec/2014:05:37:42 -0500] "GET /BLA/resoluciones/AUTOS%202011/3892.pdf HTTP/1.1" 200 202589
157.55.39.241 - - [10/Dec/2014:05:37:43 -0500] "GET /bla/resoluciones/resoluciones%202010/1448.pdf HTTP/1.1" 200 456155
66.249.67.107 - - [10/Dec/2014:05:37:47 -0500] "GET /galeria/juegos/rompecabezas/ HTTP/1.1" 304 -
157.55.39.12 - - [10/Dec/2014:05:37:47 -0500] "GET /BLA/resoluciones/RESOLUCIONES%202009/7210.pdf HTTP/1.1" 200 2022049
157.55.39.113 - - [10/Dec/2014:05:37:52 -0500] "GET /BLA/resoluciones/AUTOS%202010/5430.pdf HTTP/1.1" 200 212226
157.55.39.113 - - [10/Dec/2014:05:37:53 -0500] "GET /bla/resoluciones/resoluciones%202010/0977.pdf HTTP/1.1" 200 121558
157.55.39.217 - - [10/Dec/2014:05:37:57 -0500] "GET /BLA/resoluciones/AUTOS%202011/4701.pdf HTTP/1.1" 200 647171
157.55.39.217 - - [10/Dec/2014:05:38:06 -0500] "GET /bla/resoluciones/RESOLUCIONES%202011/2271.pdf HTTP/1.1" 200 506666
157.55.39.217 - - [10/Dec/2014:05:38:07 -0500] "GET /BLA/resoluciones/RESOLUCIONES%202008/1472.pdf HTTP/1.1" 200 297184
157.55.39.240 - - [10/Dec/2014:05:38:11 -0500] "GET /BLA/resoluciones/RESOLUCIONES%202011/1554.pdf HTTP/1.1" 200 265293
190.25.232.143 - - [10/Dec/2014:05:38:11 -0500] "GET /StormSDA/stormWeb/presentacion.html HTTP/1.1" 304 -
157.55.39.240 - - [10/Dec/2014:05:38:12 -0500] "GET /bla/resoluciones/resoluciones%202010/7009.pdf HTTP/1.1" 200 476556
157.55.39.13 - - [10/Dec/2014:05:38:16 -0500] "GET /BLA/resoluciones/AUTOS%202012/1806.pdf HTTP/1.1" 200 273852
186.154.85.200 - - [10/Dec/2014:05:38:21 -0500] "POST /forms/lservlet;jsessionid=ac16012b30d59104b26b663e46108e6f9a232dfd1dc3.e3iSbxaKaheRe34Sa3yKbhiTahb0n6jAmljGr5XDqQLvpAe HTTP/1.1" 200 2
157.55.39.217 - - [10/Dec/2014:05:38:21 -0500] "GET /BLA/resoluciones/RESOLUCIONES%202011/3979.pdf HTTP/1.1" 200 428691
157.55.39.217 - - [10/Dec/2014:05:38:21 -0500] "GET /bla/resoluciones/resoluciones%202009/1872.pdf HTTP/1.1" 200 320135
157.55.39.240 - - [10/Dec/2014:05:38:26 -0500] "GET /bla/resoluciones/RESOLUCIONES%202011/0280.pdf HTTP/1.1" 200 85667
157.55.39.113 - - [10/Dec/2014:05:38:31 -0500] "GET /BLA/resoluciones/RESOLUCIONES%202009/0142.pdf HTTP/1.1" 200 417584
157.55.39.217 - - [10/Dec/2014:05:38:36 -0500] "GET /bla/resoluciones/RESOLUCIONES%202011/0535.pdf HTTP/1.1" 200 803242
66.249.67.127 - - [10/Dec/2014:05:38:39 -0500] "GET /manual_funciones_Listado/2.1.%20Direcci%C3%B3n%20de%20Planeacion%20y%20Sistemas%20de%20Informacion/Profesional%20Especializado%20222-24.pdf HTTP/1.1" 404 1019
157.55.39.113 - - [10/Dec/2014:05:38:41 -0500] "GET /BLA/resoluciones/AUTOS%202009/1195.pdf HTTP/1.1" 200 124130
157.55.39.12 - - [10/Dec/2014:05:38:51 -0500] "GET /BLA/resoluciones/RESOLUCIONES%202009/1545.pdf HTTP/1.1" 200 277831
157.55.39.113 - - [10/Dec/2014:05:38:55 -0500] "GET /BLA/resoluciones/AUTOS%202010/5485.pdf HTTP/1.1" 200 138625
157.55.39.113 - - [10/Dec/2014:05:38:56 -0500] "GET /BLA/resoluciones/AUTOS%202009/0075.pdf HTTP/1.1" 200 65884
157.55.39.240 - - [10/Dec/2014:05:39:01 -0500] "GET /bla/resoluciones/resoluciones%202010/7777.pdf HTTP/1.1" 200 360278
74.86.158.107 - - [10/Dec/2014:05:39:03 -0500] "HEAD / HTTP/1.1" 302 -
157.55.39.13 - - [10/Dec/2014:05:39:05 -0500] "GET /BLA/resoluciones/Resoluciones%202011/0977.pdf HTTP/1.1" 200 81927
157.55.39.13 - - [10/Dec/2014:05:39:06 -0500] "GET /BLA/resoluciones/AUTOS%202009/3595.pdf HTTP/1.1" 200 207242
157.55.39.13 - - [10/Dec/2014:05:39:07 -0500] "GET /BLA/resoluciones/RESOLUCIONES%202010/1643.pdf HTTP/1.1" 200 781383
157.55.39.113 - - [10/Dec/2014:05:39:15 -0500] "GET /BLA/resoluciones/RESOLUCIONES%202011/3969.pdf HTTP/1.1" 200 783204
66.249.67.127 - - [10/Dec/2014:05:39:17 -0500] "GET /Residuos/textiles/files/search/searchtext.xml HTTP/1.1" 404 1019
157.55.39.113 - - [10/Dec/2014:05:39:33 -0500] "GET /BLA/resoluciones/RESOLUCIONES%202010/0131.pdf HTTP/1.1" 200 384949
199.47.81.11 - - [10/Dec/2014:05:39:35 -0500] "GET /isolucionsda/FrameSetGeneral.asp?Pagina=ListadoMaestroDocumentos3.asp HTTP/1.0" 200 146
157.55.39.217 - - [10/Dec/2014:05:39:41 -0500] "GET /bla/resoluciones/resoluciones%202009/6864.pdf HTTP/1.1" 200 333570
199.47.81.11 - - [10/Dec/2014:05:39:41 -0500] "GET /isolucionsda/FrameSetGeneral.asp?Pagina=ListadoMaestroDocu HTTP/1.0" 200 146
157.55.39.217 - - [10/Dec/2014:05:39:41 -0500] "GET /BLA/resoluciones/RESOLUCIONES%202008/2403.pdf HTTP/1.1" 200 199144
157.55.39.12 - - [10/Dec/2014:05:39:45 -0500] "GET /BLA/resoluciones/AUTOS%202009/0023.pdf HTTP/1.1" 200 126245
191.77.137.236 - - [10/Dec/2014:05:39:47 -0500] "GET /BLA/boletinlegal/js/jquery.js HTTP/1.1" 200 57254
191.77.137.236 - - [10/Dec/2014:05:39:47 -0500] "GET /BLA/boletinlegal/js/jquery.scrollTo-min.js HTTP/1.1" 200 1150
191.77.137.236 - - [10/Dec/2014:05:39:47 -0500] "GET /BLA/boletinlegal/js/jquery.scrollShow.js HTTP/1.1" 200 4586
199.47.81.11 - - [10/Dec/2014:05:39:47 -0500] "GET /isolucionsda/FrameSetGeneral.asp?Pagina=ListadoMaestroDocumentos3 HTTP/1.0" 200 146
157.55.39.113 - - [10/Dec/2014:05:39:50 -0500] "GET /BLA/resoluciones/Resoluciones%202011/1643.pdf HTTP/1.1" 200 291558
157.55.39.113 - - [10/Dec/2014:05:39:51 -0500] "GET /BLA/resoluciones/RESOLUCIONES%202011/0289.pdf HTTP/1.1" 200 76937
157.55.39.217 - - [10/Dec/2014:05:39:55 -0500] "GET /bla/resoluciones/RESOLUCIONES%202011/1444.pdf HTTP/1.1" 200 81359
157.55.39.240 - - [10/Dec/2014:05:40:01 -0500] "GET /BLA/resoluciones/Resoluciones%202011/1295.pdf HTTP/1.1" 200 272282
157.55.39.240 - - [10/Dec/2014:05:40:02 -0500] "GET /bla/resoluciones/resoluciones%202010/1504.pdf HTTP/1.1" 200 491617
157.55.39.240 - - [10/Dec/2014:05:40:02 -0500] "GET /BLA/resoluciones/AUTOS%202009/0642.pdf HTTP/1.1" 200 80544
157.55.39.240 - - [10/Dec/2014:05:40:08 -0500] "GET /bla/resoluciones/RESOLUCIONES%202011/3077.pdf HTTP/1.1" 200 804350
188.165.15.10 - - [10/Dec/2014:05:40:10 -0500] "GET /BLA/resoluciones/index.php?dir=RESOLUCIONES%202006/RES%202006%201401-1450/&sort=size&order=asc HTTP/1.1" 200 12367
157.55.39.13 - - [10/Dec/2014:05:40:14 -0500] "GET /bla/resoluciones/resoluciones%202010/6632.pdf HTTP/1.1" 200 908288
157.55.39.13 - - [10/Dec/2014:05:40:15 -0500] "GET /BLA/resoluciones/RESOLUCIONES%202008/0123.pdf HTTP/1.1" 200 252050
157.55.39.217 - - [10/Dec/2014:05:40:19 -0500] "GET /BLA/resoluciones/AUTOS%202012/1715.pdf HTTP/1.1" 200 869956
157.55.39.217 - - [10/Dec/2014:05:40:20 -0500] "GET /BLA/resoluciones/RESOLUCIONES%202010/2100.pdf HTTP/1.1" 200 476612
157.55.39.217 - - [10/Dec/2014:05:40:20 -0500] "GET /BLA/resoluciones/Resoluciones%202011/1830.pdf HTTP/1.1" 200 503190
186.154.85.200 - - [10/Dec/2014:05:40:21 -0500] "POST /forms/lservlet;jsessionid=ac16012b30d59104b26b663e46108e6f9a232dfd1dc3.e3iSbxaKaheRe34Sa3yKbhiTahb0n6jAmljGr5XDqQLvpAe HTTP/1.1" 200 2
157.55.39.113 - - [10/Dec/2014:05:40:23 -0500] "GET /bla/resoluciones/resoluciones%202009/9514.pdf HTTP/1.1" 200 679874
157.55.39.113 - - [10/Dec/2014:05:40:24 -0500] "GET /bla/resoluciones/resoluciones%202010/1701.pdf HTTP/1.1" 200 290087
157.55.39.12 - - [10/Dec/2014:05:40:30 -0500] "GET /BLA/resoluciones/RESOLUCIONES%202011/4705.pdf HTTP/1.1" 200 715650
157.55.39.12 - - [10/Dec/2014:05:40:31 -0500] "GET /BLA/resoluciones/RESOLUCIONES%202011/0583.pdf HTTP/1.1" 200 74161
157.55.39.12 - - [10/Dec/2014:05:40:31 -0500] "GET /BLA/resoluciones/Resoluciones%202011/1075.pdf HTTP/1.1" 200 73859
157.55.39.12 - - [10/Dec/2014:05:40:31 -0500] "GET /BLA/resoluciones/RESOLUCIONES%202010/1290.pdf HTTP/1.1" 200 112846
186.154.85.200 - - [10/Dec/2014:05:40:44 -0500] "POST /forms/lservlet;jsessionid=ac16012b30d59104b26b663e46108e6f9a232dfd1dc3.e3iSbxaKaheRe34Sa3yKbhiTahb0n6jAmljGr5XDqQLvpAe HTTP/1.1" 200 86
186.154.85.200 - - [10/Dec/2014:05:40:44 -0500] "POST /forms/lservlet;jsessionid=ac16012b30d59104b26b663e46108e6f9a232dfd1dc3.e3iSbxaKaheRe34Sa3yKbhiTahb0n6jAmljGr5XDqQLvpAe HTTP/1.1" 200 -
157.55.39.12 - - [10/Dec/2014:05:40:54 -0500] "GET /bla/resoluciones/RESOLUCIONES%202011/0029.pdf HTTP/1.1" 200 401240
157.55.39.113 - - [10/Dec/2014:05:41:03 -0500] "GET /BLA/resoluciones/RESOLUCIONES%202010/2360.pdf HTTP/1.1" 200 466068
157.55.39.217 - - [10/Dec/2014:05:41:17 -0500] "GET /BLA/resoluciones/Resoluciones%202011/0160.pdf HTTP/1.1" 200 341600
157.55.39.113 - - [10/Dec/2014:05:41:23 -0500] "GET /BLA/resoluciones/RESOLUCIONES%202009/5194.pdf HTTP/1.1" 200 808622
157.55.39.113 - - [10/Dec/2014:05:41:24 -0500] "GET /bla/resoluciones/resoluciones%202009/1401.pdf HTTP/1.1" 200 184905
157.55.39.113 - - [10/Dec/2014:05:41:25 -0500] "GET /BLA/resoluciones/RESOLUCIONES%202009/9326.pdf HTTP/1.1" 200 834280
157.55.39.13 - - [10/Dec/2014:05:41:27 -0500] "GET /bla/resoluciones/resoluciones%202009/3948.pdf HTTP/1.1" 200 59166
157.55.39.62 - - [10/Dec/2014:05:41:35 -0500] "GET /ecodirectorio/files/js/swfobject.js HTTP/1.1" 200 10220
157.55.39.217 - - [10/Dec/2014:05:41:36 -0500] "GET /BLA/resoluciones/Resoluciones%202011/0745.pdf HTTP/1.1" 200 417002
157.55.39.217 - - [10/Dec/2014:05:41:37 -0500] "GET /BLA/resoluciones/AUTOS%202011/3859.pdf HTTP/1.1" 200 224831
157.55.39.60 - - [10/Dec/2014:05:41:40 -0500] "GET /ecodirectorio/files/js/swfaddress.js HTTP/1.1" 200 15916
157.55.39.12 - - [10/Dec/2014:05:41:40 -0500] "GET /bla/resoluciones/resoluciones%202009/1405.pdf HTTP/1.1" 200 340454
157.55.39.113 - - [10/Dec/2014:05:41:53 -0500] "GET /bla/resoluciones/resoluciones%202009/7251.pdf HTTP/1.1" 200 117132
157.55.39.217 - - [10/Dec/2014:05:41:58 -0500] "GET /bla/resoluciones/resoluciones%202010/5387.pdf HTTP/1.1" 200 148585
157.55.39.113 - - [10/Dec/2014:05:42:04 -0500] "GET /bla/resoluciones/resoluciones%202009/9611.pdf HTTP/1.1" 200 337283
157.55.39.13 - - [10/Dec/2014:05:42:12 -0500] "GET /BLA/resoluciones/RESOLUCIONES%202008/1644.pdf HTTP/1.1" 200 232979
157.55.39.217 - - [10/Dec/2014:05:42:21 -0500] "GET /BLA/resoluciones/RESOLUCIONES%202008/1268.pdf HTTP/1.1" 200 45409
157.55.39.13 - - [10/Dec/2014:05:42:26 -0500] "GET /bla/resoluciones/resoluciones%202009/9085.pdf HTTP/1.1" 200 107462
157.55.39.113 - - [10/Dec/2014:05:42:30 -0500] "GET /bla/resoluciones/RESOLUCIONES%202011/3371.pdf HTTP/1.1" 200 628640
157.55.39.241 - - [10/Dec/2014:05:42:38 -0500] "GET /bla/resoluciones/resoluciones%202009/9816.pdf HTTP/1.1" 200 475221
157.55.39.241 - - [10/Dec/2014:05:42:39 -0500] "GET /bla/resoluciones/RESOLUCIONES%202011/1866.pdf HTTP/1.1" 200 517576
157.55.39.241 - - [10/Dec/2014:05:42:40 -0500] "GET /BLA/resoluciones/RESOLUCIONES%202012/1817.pdf HTTP/1.1" 200 419174
157.55.39.113 - - [10/Dec/2014:05:42:43 -0500] "GET /BLA/resoluciones/RESOLUCIONES%202011/0854.pdf HTTP/1.1" 200 363020
188.165.15.14 - - [10/Dec/2014:05:42:58 -0500] "GET /BLA/resoluciones/index.php?dir=Notificaciones/RESOLUCIONES%202014/&sort=name&order=desc HTTP/1.1" 200 5960
186.85.242.140 - - [10/Dec/2014:05:42:58 -0500] "GET /galeria/nivo-slider/demo/demo.html HTTP/1.1" 200 3708
186.85.242.140 - - [10/Dec/2014:05:42:59 -0500] "GET /galeria/nivo-slider/demo/images/coplima.jpg HTTP/1.1" 200 85663
186.85.242.140 - - [10/Dec/2014:05:42:59 -0500] "GET /galeria/nivo-slider/demo/images/banner-musgo.jpg HTTP/1.1" 200 49513
186.85.242.140 - - [10/Dec/2014:05:42:59 -0500] "GET /galeria/nivo-slider/demo/images/Jornada-adopcion.jpg HTTP/1.1" 304 -
186.85.242.140 - - [10/Dec/2014:05:42:59 -0500] "GET /galeria/nivo-slider/demo/images/BogotaSostenible.jpg HTTP/1.1" 304 -
186.85.242.140 - - [10/Dec/2014:05:42:59 -0500] "GET /galeria/nivo-slider/demo/images/Banner-GAE3.jpg HTTP/1.1" 304 -
186.85.242.140 - - [10/Dec/2014:05:42:59 -0500] "GET /galeria/nivo-slider/demo/images/Banner-comparendo.jpg HTTP/1.1" 304 -
186.85.242.140 - - [10/Dec/2014:05:42:59 -0500] "GET /galeria/nivo-slider/demo/images/Biotaxis-Man.jpg HTTP/1.1" 304 -
186.85.242.140 - - [10/Dec/2014:05:42:59 -0500] "GET /galeria/nivo-slider/demo/images/porloshumedales.jpg HTTP/1.1" 304 -
186.85.242.140 - - [10/Dec/2014:05:42:59 -0500] "GET /galeria/nivo-slider/demo/images/RdaNegociosFiltros.jpg HTTP/1.1" 304 -
66.249.67.127 - - [10/Dec/2014:05:43:00 -0500] "GET /phpold/autoliquidacion/17990.txt HTTP/1.1" 404 1019
186.85.242.140 - - [10/Dec/2014:05:43:01 -0500] "GET /videos/Spot_CambioClimatico.flv HTTP/1.1" 304 -
157.55.39.240 - - [10/Dec/2014:05:43:03 -0500] "GET /BLA/resoluciones/RESOLUCIONES%202011/3147.pdf HTTP/1.1" 200 568504
157.55.39.217 - - [10/Dec/2014:05:43:08 -0500] "GET /BLA/resoluciones/RESOLUCIONES%202012/0542.pdf HTTP/1.1" 200 413444
157.55.39.217 - - [10/Dec/2014:05:43:16 -0500] "GET /bla/resoluciones/RESOLUCIONES%202011/2841.pdf HTTP/1.1" 200 406282
157.55.39.13 - - [10/Dec/2014:05:43:22 -0500] "GET /bla/resoluciones/resoluciones%202009/7923.pdf HTTP/1.1" 200 47974
157.55.39.13 - - [10/Dec/2014:05:43:23 -0500] "GET /BLA/resoluciones/RESOLUCIONES%202011/0676.pdf HTTP/1.1" 200 150486
157.55.39.240 - - [10/Dec/2014:05:43:27 -0500] "GET /BLA/resoluciones/RESOLUCIONES%202010/1314.pdf HTTP/1.1" 200 104854
157.55.39.240 - - [10/Dec/2014:05:43:28 -0500] "GET /bla/resoluciones/resoluciones%202010/0144.pdf HTTP/1.1" 200 117994
157.55.39.12 - - [10/Dec/2014:05:43:33 -0500] "GET /BLA/resoluciones/RESOLUCIONES%202009/7831.pdf HTTP/1.1" 200 602955
157.55.39.12 - - [10/Dec/2014:05:43:34 -0500] "GET /BLA/resoluciones/RESOLUCIONES%202010/5764.pdf HTTP/1.1" 200 300278
157.55.39.241 - - [10/Dec/2014:05:43:42 -0500] "GET /BLA/resoluciones/RESOLUCIONES%202009/5559.pdf HTTP/1.1" 200 673447
157.55.39.113 - - [10/Dec/2014:05:43:46 -0500] "GET /BLA/resoluciones/RESOLUCIONES%202009/0937.pdf HTTP/1.1" 200 272549
157.55.39.240 - - [10/Dec/2014:05:43:52 -0500] "GET /bla/resoluciones/resoluciones%202009/6844.pdf HTTP/1.1" 200 324168
157.55.39.240 - - [10/Dec/2014:05:43:53 -0500] "GET /BLA/resoluciones/AUTOS%202012/1689.pdf HTTP/1.1" 200 531829
188.165.15.44 - - [10/Dec/2014:05:43:59 -0500] "GET /BLA/resoluciones/RESOLUCIONES%202004/RES%202004%201251-1300/00001254.tif HTTP/1.1" 200 129412
157.55.39.113 - - [10/Dec/2014:05:44:00 -0500] "GET /bla/resoluciones/RESOLUCIONES%202011/1512.pdf HTTP/1.1" 200 77625
74.86.158.107 - - [10/Dec/2014:05:44:03 -0500] "HEAD / HTTP/1.1" 302 -
157.55.39.240 - - [10/Dec/2014:05:44:09 -0500] "GET /BLA/resoluciones/AUTOS%202011/2711.pdf HTTP/1.1" 200 245003
157.55.39.217 - - [10/Dec/2014:05:44:11 -0500] "-" 408 -
157.55.39.113 - - [10/Dec/2014:05:44:14 -0500] "GET /BLA/resoluciones/Resoluciones%202011/0349.pdf HTTP/1.1" 200 66189
66.249.67.135 - - [10/Dec/2014:05:44:15 -0500] "GET /guia/Ggp.ppt HTTP/1.1" 404 1019
157.55.39.217 - - [10/Dec/2014:05:44:27 -0500] "GET /bla/resoluciones/RESOLUCIONES%202011/2055.pdf HTTP/1.1" 200 760520
157.55.39.12 - - [10/Dec/2014:05:44:31 -0500] "GET /bla/resoluciones/resoluciones%202009/8395.pdf HTTP/1.1" 200 452729
157.55.39.12 - - [10/Dec/2014:05:44:44 -0500] "GET /BLA/resoluciones/AUTOS%202011/0769.pdf HTTP/1.1" 200 158493
66.249.67.127 - - [10/Dec/2014:05:44:52 -0500] "GET /sinmi/ HTTP/1.1" 404 1019
157.55.39.113 - - [10/Dec/2014:05:45:20 -0500] "GET /BLA/resoluciones/RESOLUCIONES%202011/0897.pdf HTTP/1.1" 200 522955
66.249.67.127 - - [10/Dec/2014:05:45:29 -0500] "GET /fotos/ HTTP/1.1" 404 1019
157.55.39.240 - - [10/Dec/2014:05:45:30 -0500] "GET /BLA/resoluciones/RESOLUCIONES%202011/3718.pdf HTTP/1.1" 200 556541
157.55.39.240 - - [10/Dec/2014:05:45:49 -0500] "GET /bla/resoluciones/resoluciones%202010/6428.pdf HTTP/1.1" 200 901140
157.55.39.113 - - [10/Dec/2014:05:45:54 -0500] "GET /BLA/resoluciones/AUTOS%202010/2205.pdf HTTP/1.1" 200 1460829
157.55.39.113 - - [10/Dec/2014:05:45:55 -0500] "GET /BLA/resoluciones/RESOLUCIONES%202009/0706.pdf HTTP/1.1" 200 212260
157.55.39.13 - - [10/Dec/2014:05:45:59 -0500] "GET /BLA/resoluciones/RESOLUCIONES%202008/0739.pdf HTTP/1.1" 200 112219
157.55.39.13 - - [10/Dec/2014:05:45:59 -0500] "GET /BLA/resoluciones/RESOLUCIONES%202010/2565.pdf HTTP/1.1" 200 503787
157.55.39.13 - - [10/Dec/2014:05:46:00 -0500] "GET /bla/resoluciones/resoluciones%202009/2306.pdf HTTP/1.1" 200 502080
157.55.39.240 - - [10/Dec/2014:05:46:06 -0500] "GET /BLA/resoluciones/Resoluciones%202011/0954.pdf HTTP/1.1" 200 73837
66.249.67.135 - - [10/Dec/2014:05:46:06 -0500] "GET /sinmi1/sinmi1.htm HTTP/1.1" 404 1019
66.249.67.115 - - [10/Dec/2014:05:46:12 -0500] "GET /BLA/resoluciones/RESOLUCIONES%202010/4751.pdf HTTP/1.1" 200 751391
157.55.39.13 - - [10/Dec/2014:05:46:20 -0500] "GET /BLA/resoluciones/RESOLUCIONES%202009/2262.pdf HTTP/1.1" 200 479963
157.55.39.240 - - [10/Dec/2014:05:46:24 -0500] "GET /bla/resoluciones/resoluciones%202010/1035.pdf HTTP/1.1" 200 97071
157.55.39.217 - - [10/Dec/2014:05:46:32 -0500] "GET /bla/resoluciones/resoluciones%202009/0419.pdf HTTP/1.1" 200 198294
157.55.39.217 - - [10/Dec/2014:05:46:37 -0500] "GET /BLA/resoluciones/RESOLUCIONES%202008/2187.pdf HTTP/1.1" 200 368752
188.165.15.15 - - [10/Dec/2014:05:46:38 -0500] "GET /BLA/resoluciones/RESOLUCIONES%202005/RES%202005%20251-300/00000275.tif HTTP/1.1" 200 120318
157.55.39.113 - - [10/Dec/2014:05:46:41 -0500] "GET /bla/resoluciones/RESOLUCIONES%202011/2114.pdf HTTP/1.1" 200 508075
66.249.67.119 - - [10/Dec/2014:05:46:44 -0500] "GET /dama/libreria/php/decide.php?patron=03.132001 HTTP/1.1" 404 1019
157.55.39.113 - - [10/Dec/2014:05:46:44 -0500] "GET /BLA/resoluciones/RESOLUCIONES%202009/0848.pdf HTTP/1.1" 200 292792
157.55.39.113 - - [10/Dec/2014:05:46:44 -0500] "GET /bla/resoluciones/resoluciones%202009/9108.pdf HTTP/1.1" 200 420170
157.55.39.113 - - [10/Dec/2014:05:46:54 -0500] "GET /BLA/resoluciones/Resoluciones%202011/2168.pdf HTTP/1.1" 200 499002
157.55.39.13 - - [10/Dec/2014:05:47:07 -0500] "GET /bla/resoluciones/resoluciones%202009/6876.pdf HTTP/1.1" 200 281395
157.55.39.240 - - [10/Dec/2014:05:47:14 -0500] "GET /bla/resoluciones/resoluciones%202009/9724.pdf HTTP/1.1" 200 358878
157.55.39.13 - - [10/Dec/2014:05:47:18 -0500] "GET /BLA/resoluciones/RESOLUCIONES%202010/1023.pdf HTTP/1.1" 200 94025
157.55.39.13 - - [10/Dec/2014:05:47:19 -0500] "GET /BLA/resoluciones/RESOLUCIONES%202011/2825.pdf HTTP/1.1" 200 744518
157.55.39.217 - - [10/Dec/2014:05:47:23 -0500] "GET /BLA/resoluciones/RESOLUCIONES%202009/6967.pdf HTTP/1.1" 200 2757058
157.55.39.241 - - [10/Dec/2014:05:47:29 -0500] "GET /BLA/resoluciones/RESOLUCIONES%202010/1175.pdf HTTP/1.1" 200 98619
202.46.56.40 - - [10/Dec/2014:05:47:30 -0500] "GET / HTTP/1.1" 302 -
157.55.39.113 - - [10/Dec/2014:05:47:41 -0500] "GET /bla/resoluciones/resoluciones%202010/1482.pdf HTTP/1.1" 200 336084
157.55.39.113 - - [10/Dec/2014:05:47:44 -0500] "-" 408 -
157.55.39.217 - - [10/Dec/2014:05:47:45 -0500] "GET /BLA/resoluciones/Resoluciones%202011/0754.pdf HTTP/1.1" 200 383995
119.63.193.132 - - [10/Dec/2014:05:47:49 -0500] "GET / HTTP/1.1" 302 -
157.55.39.12 - - [10/Dec/2014:05:47:50 -0500] "GET /BLA/resoluciones/AUTOS%202010/5634.pdf HTTP/1.1" 200 980617
186.30.75.78 - - [10/Dec/2014:05:48:07 -0500] "GET /BLA/resoluciones/RESOLUCIONES%202011/4971.pdf HTTP/1.1" 200 573775
157.55.39.113 - - [10/Dec/2014:05:48:08 -0500] "GET /bla/resoluciones/RESOLUCIONES%202011/1452.pdf HTTP/1.1" 200 70707
157.55.39.240 - - [10/Dec/2014:05:48:17 -0500] "GET /bla/resoluciones/resoluciones%202009/0115.pdf HTTP/1.1" 200 297308
157.55.39.113 - - [10/Dec/2014:05:48:27 -0500] "GET /BLA/resoluciones/RESOLUCIONES%202008/0830.pdf HTTP/1.1" 200 290120
157.55.39.113 - - [10/Dec/2014:05:48:27 -0500] "GET /BLA/resoluciones/RESOLUCIONES%202008/0321.pdf HTTP/1.1" 200 205756
66.249.67.119 - - [10/Dec/2014:05:48:35 -0500] "GET /MANUALFUNC/Administrativa%20y%20Financiera/407-17%20Auxiliar%20Administrativo%20-%20SAF%20_Correspondencia_.pdf HTTP/1.1" 404 1019
74.86.158.107 - - [10/Dec/2014:05:49:03 -0500] "HEAD / HTTP/1.1" 302 -
187.11.156.5 - - [10/Dec/2014:05:49:04 -0500] "POST /xmlrpc.php HTTP/1.1" 404 1018
186.29.5.129 - - [10/Dec/2014:05:49:04 -0500] "POST /stormWeb/login.do HTTP/1.1" 200 12115
157.55.39.113 - - [10/Dec/2014:05:49:07 -0500] "GET /BLA/resoluciones/AUTOS%202009/3603.pdf HTTP/1.1" 200 206316
100.43.85.25 - - [10/Dec/2014:05:49:11 -0500] "GET /Autoliquidacion/index.php?dir= HTTP/1.1" 200 6375
157.55.39.217 - - [10/Dec/2014:05:49:11 -0500] "GET /BLA/resoluciones/RESOLUCIONES%202010/1621.pdf HTTP/1.1" 200 518769
157.55.39.240 - - [10/Dec/2014:05:49:16 -0500] "GET /BLA/resoluciones/RESOLUCIONES%202011/1993.pdf HTTP/1.1" 200 564532
157.55.39.12 - - [10/Dec/2014:05:49:39 -0500] "GET /BLA/resoluciones/RESOLUCIONES%202012/1570.pdf HTTP/1.1" 200 767512
157.55.39.12 - - [10/Dec/2014:05:49:40 -0500] "GET /BLA/resoluciones/RESOLUCIONES%202011/0374.pdf HTTP/1.1" 200 68141
157.55.39.241 - - [10/Dec/2014:05:49:44 -0500] "GET /BLA/resoluciones/RESOLUCIONES%202009/5669.pdf HTTP/1.1" 200 679771
157.55.39.217 - - [10/Dec/2014:05:49:49 -0500] "GET /BLA/resoluciones/RESOLUCIONES%202009/7181.pdf HTTP/1.1" 200 626676
157.55.39.217 - - [10/Dec/2014:05:49:50 -0500] "GET /BLA/resoluciones/AUTOS%202011/2875.pdf HTTP/1.1" 200 148414
180.76.6.154 - - [10/Dec/2014:05:50:00 -0500] "GET /BLA/resoluciones/RESOLUCIONES%202010/1093.pdf HTTP/1.1" 200 90981
89.142.148.53 - - [10/Dec/2014:05:50:02 -0500] "POST /xmlrpc.php HTTP/1.1" 404 1018
157.55.39.217 - - [10/Dec/2014:05:50:05 -0500] "GET /bla/resoluciones/resoluciones%202010/6571.pdf HTTP/1.1" 200 611736
157.55.39.217 - - [10/Dec/2014:05:50:06 -0500] "GET /BLA/resoluciones/RESOLUCIONES%202008/1631.pdf HTTP/1.1" 200 271036
157.55.39.241 - - [10/Dec/2014:05:50:26 -0500] "GET /bla/resoluciones/resoluciones%202009/1040.pdf HTTP/1.1" 200 202793
157.55.39.13 - - [10/Dec/2014:05:50:26 -0500] "-" 408 -
157.55.39.241 - - [10/Dec/2014:05:50:34 -0500] "GET /bla/resoluciones/resoluciones%202010/2363.pdf HTTP/1.1" 200 463758
180.76.5.155 - - [10/Dec/2014:05:50:38 -0500] "GET /BLA/resoluciones/RESOLUCIONES%202010/0240.pdf HTTP/1.1" 200 285353
157.55.39.240 - - [10/Dec/2014:05:50:55 -0500] "GET /BLA/resoluciones/RESOLUCIONES%202009/0374.pdf HTTP/1.1" 200 207064
157.55.39.217 - - [10/Dec/2014:05:51:01 -0500] "GET /bla/resoluciones/resoluciones%202010/5919.pdf HTTP/1.1" 200 79090
157.55.39.113 - - [10/Dec/2014:05:51:05 -0500] "GET /BLA/resoluciones/RESOLUCIONES%202009/9514.pdf HTTP/1.1" 200 679874
180.76.6.52 - - [10/Dec/2014:05:51:17 -0500] "GET /BLA/resoluciones/RESOLUCIONES%202010/2001.pdf HTTP/1.1" 200 473709
157.55.39.13 - - [10/Dec/2014:05:51:19 -0500] "GET /BLA/resoluciones/Resoluciones%202011/0384.pdf HTTP/1.1" 200 83425
157.55.39.240 - - [10/Dec/2014:05:51:24 -0500] "GET /BLA/resoluciones/RESOLUCIONES%202012/1725.pdf HTTP/1.1" 200 1164703
157.55.39.241 - - [10/Dec/2014:05:51:35 -0500] "GET /BLA/resoluciones/RESOLUCIONES%202011/2209.pdf HTTP/1.1" 200 512159
157.55.39.241 - - [10/Dec/2014:05:51:35 -0500] "GET /BLA/resoluciones/RESOLUCIONES%202009/1870.pdf HTTP/1.1" 200 304353
157.55.39.113 - - [10/Dec/2014:05:51:51 -0500] "GET /BLA/resoluciones/RESOLUCIONES%202009/0220.pdf HTTP/1.1" 200 203931
180.76.5.28 - - [10/Dec/2014:05:51:55 -0500] "GET /BLA/resoluciones/RESOLUCIONES%202010/2241.pdf HTTP/1.1" 200 342974
157.55.39.240 - - [10/Dec/2014:05:51:56 -0500] "GET /BLA/resoluciones/RESOLUCIONES%202012/0628.pdf HTTP/1.1" 200 947296
157.55.39.217 - - [10/Dec/2014:05:52:11 -0500] "GET /BLA/resoluciones/Resoluciones%202011/1286.pdf HTTP/1.1" 200 348163
157.55.39.217 - - [10/Dec/2014:05:52:11 -0500] "GET /bla/resoluciones/resoluciones%202010/1549.pdf HTTP/1.1" 200 433491
157.55.39.240 - - [10/Dec/2014:05:52:20 -0500] "GET /bla/resoluciones/resoluciones%202010/5799.pdf HTTP/1.1" 200 44710
157.55.39.113 - - [10/Dec/2014:05:52:26 -0500] "GET /bla/resoluciones/resoluciones%202009/9703.pdf HTTP/1.1" 200 331008
157.55.39.113 - - [10/Dec/2014:05:52:27 -0500] "GET /BLA/resoluciones/AUTOS%202011/0265.pdf HTTP/1.1" 200 156833
180.76.5.147 - - [10/Dec/2014:05:52:34 -0500] "GET /BLA/resoluciones/RESOLUCIONES%202010/0947.pdf HTTP/1.1" 200 96539
157.55.39.217 - - [10/Dec/2014:05:52:34 -0500] "GET /bla/resoluciones/RESOLUCIONES%202011/1280.pdf HTTP/1.1" 200 388444
157.55.39.217 - - [10/Dec/2014:05:52:38 -0500] "GET /bla/resoluciones/resoluciones%202010/1177.pdf HTTP/1.1" 200 105246
80.38.220.169 - - [10/Dec/2014:05:52:43 -0500] "GET /BLA/resoluciones/RESOLUCIONES%202013/2728.pdf HTTP/1.1" 200 721549
157.55.39.113 - - [10/Dec/2014:05:52:43 -0500] "GET /bla/resoluciones/resoluciones%202010/5964.pdf HTTP/1.1" 200 305148
157.55.39.113 - - [10/Dec/2014:05:52:44 -0500] "GET /BLA/resoluciones/AUTOS%202011/2990.pdf HTTP/1.1" 200 90285
80.38.220.169 - - [10/Dec/2014:05:52:47 -0500] "GET /BLA/resoluciones/RESOLUCIONES%202013/2728.pdf HTTP/1.1" 206 32768
80.38.220.169 - - [10/Dec/2014:05:52:48 -0500] "GET /BLA/resoluciones/RESOLUCIONES%202013/2728.pdf HTTP/1.1" 206 688781
80.38.220.169 - - [10/Dec/2014:05:52:51 -0500] "GET /favicon.ico HTTP/1.1" 200 7782
157.55.39.12 - - [10/Dec/2014:05:52:56 -0500] "GET /BLA/resoluciones/AUTOS%202011/4183.pdf HTTP/1.1" 200 211361
157.55.39.217 - - [10/Dec/2014:05:53:05 -0500] "GET /bla/resoluciones/resoluciones%202010/6149.pdf HTTP/1.1" 200 655621
157.55.39.217 - - [10/Dec/2014:05:53:15 -0500] "GET /BLA/resoluciones/RESOLUCIONES%202009/1783.pdf HTTP/1.1" 200 512515
157.55.39.217 - - [10/Dec/2014:05:53:15 -0500] "GET /bla/resoluciones/resoluciones%202010/1485.pdf HTTP/1.1" 200 520999
157.55.39.240 - - [10/Dec/2014:05:53:22 -0500] "GET /BLA/resoluciones/RESOLUCIONES%202009/3280.pdf HTTP/1.1" 200 719614
157.55.39.240 - - [10/Dec/2014:05:53:22 -0500] "GET /BLA/resoluciones/RESOLUCIONES%202009/4131.pdf HTTP/1.1" 200 767269
157.55.39.240 - - [10/Dec/2014:05:53:24 -0500] "GET /bla/resoluciones/resoluciones%202010/0902.pdf HTTP/1.1" 200 100776
157.55.39.113 - - [10/Dec/2014:05:53:37 -0500] "GET /bla/resoluciones/resoluciones%202009/1666.pdf HTTP/1.1" 200 493351
157.55.39.113 - - [10/Dec/2014:05:53:37 -0500] "GET /BLA/resoluciones/RESOLUCIONES%202011/0732.pdf HTTP/1.1" 200 247574
157.55.39.12 - - [10/Dec/2014:05:53:41 -0500] "GET /BLA/resoluciones/AUTOS%202011/3244.pdf HTTP/1.1" 200 225935
157.55.39.12 - - [10/Dec/2014:05:53:42 -0500] "GET /BLA/resoluciones/RESOLUCIONES%202009/3182.pdf HTTP/1.1" 200 598381
157.55.39.240 - - [10/Dec/2014:05:53:49 -0500] "GET /BLA/resoluciones/Resoluciones%202011/0252.pdf HTTP/1.1" 200 271119
157.55.39.240 - - [10/Dec/2014:05:53:49 -0500] "GET /bla/resoluciones/resoluciones%202010/1383.pdf HTTP/1.1" 200 352088
157.55.39.113 - - [10/Dec/2014:05:53:53 -0500] "GET /BLA/resoluciones/RESOLUCIONES%202011/0167.pdf HTTP/1.1" 200 604972
66.249.67.107 - - [10/Dec/2014:05:53:54 -0500] "GET /BLA/resoluciones/RESOLUCIONES%202005/RES%202005%203001-3050/00003011.tif HTTP/1.1" 200 126516
157.55.39.217 - - [10/Dec/2014:05:53:58 -0500] "GET /BLA/resoluciones/RESOLUCIONES%202011/1151.pdf HTTP/1.1" 200 257424
157.55.39.217 - - [10/Dec/2014:05:53:59 -0500] "GET /bla/resoluciones/resoluciones%202010/7439.pdf HTTP/1.1" 200 355165
188.165.15.44 - - [10/Dec/2014:05:54:01 -0500] "GET /BLA/resoluciones/RESOLUCIONES%202006/RES%202006%20151-200/00000198.tif HTTP/1.1" 200 83784
74.86.158.107 - - [10/Dec/2014:05:54:03 -0500] "HEAD / HTTP/1.1" 302 -
157.55.39.240 - - [10/Dec/2014:05:54:03 -0500] "GET /BLA/resoluciones/AUTOS%202010/4397.pdf HTTP/1.1" 200 141403
157.55.39.13 - - [10/Dec/2014:05:54:09 -0500] "GET /BLA/resoluciones/AUTOS%202009/1669.pdf HTTP/1.1" 200 125245
157.55.39.13 - - [10/Dec/2014:05:54:09 -0500] "GET /BLA/resoluciones/RESOLUCIONES%202009/1679.pdf HTTP/1.1" 200 546539
157.55.39.240 - - [10/Dec/2014:05:54:15 -0500] "GET /BLA/resoluciones/AUTOS%202011/4210.pdf HTTP/1.1" 200 251681
157.55.39.113 - - [10/Dec/2014:05:54:19 -0500] "GET /bla/resoluciones/resoluciones%202010/6241.pdf HTTP/1.1" 200 691524
157.55.39.113 - - [10/Dec/2014:05:54:20 -0500] "GET /bla/resoluciones/RESOLUCIONES%202011/1480.pdf HTTP/1.1" 200 66323
157.55.39.13 - - [10/Dec/2014:05:54:24 -0500] "GET /BLA/resoluciones/RESOLUCIONES%202008/0334.pdf HTTP/1.1" 200 258997
180.76.5.148 - - [10/Dec/2014:05:54:24 -0500] "GET /BLA/resoluciones/RESOLUCIONES%202010/1546.pdf HTTP/1.1" 200 394418
157.55.39.241 - - [10/Dec/2014:05:54:29 -0500] "GET /BLA/resoluciones/RESOLUCIONES%202008/1388.pdf HTTP/1.1" 200 44236
157.55.39.241 - - [10/Dec/2014:05:54:30 -0500] "GET /bla/resoluciones/resoluciones%202010/2302.pdf HTTP/1.1" 200 489303
181.143.47.78 - - [10/Dec/2014:05:54:38 -0500] "GET /BLA/boletinlegal/js/jquery.scrollTo-min.js HTTP/1.0" 304 -
181.143.47.78 - - [10/Dec/2014:05:54:38 -0500] "GET /BLA/boletinlegal/js/jquery.js HTTP/1.0" 200 57254
181.143.47.78 - - [10/Dec/2014:05:54:38 -0500] "GET /BLA/boletinlegal/js/jquery.scrollShow.js HTTP/1.0" 200 4586
188.165.15.191 - - [10/Dec/2014:05:54:39 -0500] "GET /BLA/resoluciones/index.php?dir=RESOLUCIONES%202002/RES%202002%201101-1150/&sort=size&order=asc HTTP/1.1" 200 12347
157.55.39.113 - - [10/Dec/2014:05:54:47 -0500] "GET /BLA/resoluciones/Resoluciones%202011/0641.pdf HTTP/1.1" 200 348679
157.55.39.240 - - [10/Dec/2014:05:55:01 -0500] "GET /bla/resoluciones/resoluciones%202010/0926.pdf HTTP/1.1" 200 104608
157.55.39.13 - - [10/Dec/2014:05:55:06 -0500] "GET /BLA/resoluciones/AUTOS%202011/4574.pdf HTTP/1.1" 200 120286
66.249.67.115 - - [10/Dec/2014:05:55:13 -0500] "GET /BLA/resoluciones/RESOLUCIONES%202011/4639.pdf HTTP/1.1" 304 -
157.55.39.217 - - [10/Dec/2014:05:55:15 -0500] "GET /BLA/resoluciones/RESOLUCIONES%202011/3748.pdf HTTP/1.1" 200 346446
157.55.39.240 - - [10/Dec/2014:05:55:19 -0500] "GET /BLA/resoluciones/Resoluciones%202011/1926.pdf HTTP/1.1" 200 305741
66.249.67.115 - - [10/Dec/2014:05:55:32 -0500] "GET /BLA/resoluciones/index.php?dir=RESOLUCIONES%202007/RES%202007%201101%20AL%201200/&sort=size&order=asc HTTP/1.1" 200 26852
157.55.39.241 - - [10/Dec/2014:05:55:32 -0500] "GET /BLA/resoluciones/RESOLUCIONES%202010/0278.pdf HTTP/1.1" 200 121040
157.55.39.241 - - [10/Dec/2014:05:55:33 -0500] "GET /BLA/resoluciones/Resoluciones%202011/0303.pdf HTTP/1.1" 200 70023
157.55.39.241 - - [10/Dec/2014:05:55:34 -0500] "GET /BLA/resoluciones/RESOLUCIONES%202011/2693.pdf HTTP/1.1" 200 777754
157.55.39.217 - - [10/Dec/2014:05:55:36 -0500] "GET /BLA/resoluciones/AUTOS%202010/4826.pdf HTTP/1.1" 200 365005
66.249.88.209 - - [10/Dec/2014:05:55:39 -0500] "GET /forest/index2.jsp?a=0.370778170944143 HTTP/1.1" 200 12510
180.76.6.57 - - [10/Dec/2014:05:55:41 -0500] "GET /BLA/resoluciones/RESOLUCIONES%202010/0799.pdf HTTP/1.1" 200 111076
157.55.39.240 - - [10/Dec/2014:05:55:48 -0500] "GET /BLA/resoluciones/Resoluciones%202011/0991.pdf HTTP/1.1" 200 87483
66.249.67.115 - - [10/Dec/2014:05:55:50 -0500] "GET /BLA/resoluciones/AUTOS%202007/3032.pdf HTTP/1.1" 200 513776
157.55.39.113 - - [10/Dec/2014:05:55:58 -0500] "GET /BLA/resoluciones/Resoluciones%202011/2364.pdf HTTP/1.1" 200 656822
66.249.67.107 - - [10/Dec/2014:05:56:09 -0500] "GET /BLA/resoluciones/AUTOS%202012/1735.pdf HTTP/1.1" 200 600755
157.55.39.217 - - [10/Dec/2014:05:56:21 -0500] "GET /bla/resoluciones/RESOLUCIONES%202011/3495.pdf HTTP/1.1" 200 310077
157.55.39.241 - - [10/Dec/2014:05:56:25 -0500] "GET /BLA/resoluciones/AUTOS%202011/3681.pdf HTTP/1.1" 200 374642
157.55.39.241 - - [10/Dec/2014:05:56:27 -0500] "GET /BLA/resoluciones/RESOLUCIONES%202011/0127.pdf HTTP/1.1" 200 520694
157.55.39.12 - - [10/Dec/2014:05:56:32 -0500] "GET /bla/resoluciones/resoluciones%202010/6593.pdf HTTP/1.1" 200 529844
157.55.39.113 - - [10/Dec/2014:05:56:36 -0500] "GET /bla/resoluciones/resoluciones%202009/3742.pdf HTTP/1.1" 200 147706
157.55.39.217 - - [10/Dec/2014:05:56:41 -0500] "GET /bla/resoluciones/RESOLUCIONES%202011/1569.pdf HTTP/1.1" 200 72789
157.55.39.113 - - [10/Dec/2014:05:56:49 -0500] "GET /bla/resoluciones/resoluciones%202010/0096.pdf HTTP/1.1" 200 506267
157.55.39.217 - - [10/Dec/2014:05:56:53 -0500] "GET /BLA/resoluciones/AUTOS%202009/0614.pdf HTTP/1.1" 200 119996
112.64.235.246 - - [10/Dec/2014:05:57:09 -0500] "GET /galeria/nivo-slider/demo/demo.html HTTP/1.1" 200 3708
112.64.235.246 - - [10/Dec/2014:05:57:09 -0500] "GET /BLA/boletinlegal/js/jquery.scrollTo-min.js HTTP/1.1" 200 1150
112.64.235.246 - - [10/Dec/2014:05:57:09 -0500] "GET /BLA/boletinlegal/js/jquery.js HTTP/1.1" 200 57254
112.64.235.246 - - [10/Dec/2014:05:57:09 -0500] "GET /BLA/boletinlegal/js/jquery.scrollShow.js HTTP/1.1" 200 4586
112.64.235.246 - - [10/Dec/2014:05:57:09 -0500] "GET /galeria/carrusel/Carrusel/jquery.thumbnailScroller.js HTTP/1.1" 200 8157
157.55.39.217 - - [10/Dec/2014:05:57:16 -0500] "GET /bla/resoluciones/resoluciones%202009/3739.pdf HTTP/1.1" 200 94847
157.55.39.217 - - [10/Dec/2014:05:57:16 -0500] "GET /bla/resoluciones/resoluciones%202009/9502.pdf HTTP/1.1" 200 526269
157.55.39.217 - - [10/Dec/2014:05:57:18 -0500] "GET /BLA/resoluciones/AUTOS%202011/3603.pdf HTTP/1.1" 200 427933
157.55.39.240 - - [10/Dec/2014:05:57:20 -0500] "GET /BLA/resoluciones/RESOLUCIONES%202009/4411.pdf HTTP/1.1" 200 720750
157.55.39.240 - - [10/Dec/2014:05:57:21 -0500] "GET /bla/resoluciones/resoluciones%202009/2412.pdf HTTP/1.1" 200 422383
157.55.39.240 - - [10/Dec/2014:05:57:22 -0500] "GET /BLA/resoluciones/Resoluciones%202011/2046.pdf HTTP/1.1" 200 833248
157.55.39.241 - - [10/Dec/2014:05:57:34 -0500] "GET /bla/resoluciones/resoluciones%202009/1279.pdf HTTP/1.1" 200 444730
157.55.39.241 - - [10/Dec/2014:05:57:44 -0500] "GET /bla/resoluciones/resoluciones%202009/8719.pdf HTTP/1.1" 200 494522
180.76.6.135 - - [10/Dec/2014:05:57:52 -0500] "GET /BLA/resoluciones/RESOLUCIONES%202010/1247.pdf HTTP/1.1" 200 106814
157.55.39.217 - - [10/Dec/2014:05:58:01 -0500] "GET /bla/resoluciones/resoluciones%202010/1078.pdf HTTP/1.1" 200 113350
66.249.67.119 - - [10/Dec/2014:05:57:23 -0500] "GET /BLA/boletinlegal/index.php HTTP/1.1" 200 49381
157.55.39.240 - - [10/Dec/2014:05:58:05 -0500] "GET /BLA/resoluciones/RESOLUCIONES%202008/1773.pdf HTTP/1.1" 200 50537
157.55.39.240 - - [10/Dec/2014:05:58:06 -0500] "GET /bla/resoluciones/resoluciones%202009/1227.pdf HTTP/1.1" 200 452559
157.55.39.113 - - [10/Dec/2014:05:58:10 -0500] "GET /bla/resoluciones/resoluciones%202009/0692.pdf HTTP/1.1" 200 204110
157.55.39.113 - - [10/Dec/2014:05:58:11 -0500] "GET /BLA/resoluciones/RESOLUCIONES%202010/2887.pdf HTTP/1.1" 200 502671
157.55.39.240 - - [10/Dec/2014:05:58:16 -0500] "GET /BLA/resoluciones/RESOLUCIONES%202009/3067.pdf HTTP/1.1" 200 698627
157.55.39.217 - - [10/Dec/2014:05:58:20 -0500] "GET /BLA/resoluciones/AUTOS%202009/1103.pdf HTTP/1.1" 200 68489
157.55.39.113 - - [10/Dec/2014:05:58:25 -0500] "GET /BLA/resoluciones/AUTOS%202009/3138.pdf HTTP/1.1" 200 132314
157.55.39.240 - - [10/Dec/2014:05:58:31 -0500] "GET /BLA/resoluciones/RESOLUCIONES%202009/1073.pdf HTTP/1.1" 200 108098
157.55.39.241 - - [10/Dec/2014:05:58:31 -0500] "GET /BLA/resoluciones/RESOLUCIONES%202012/0882.pdf HTTP/1.1" 200 464755
157.55.39.241 - - [10/Dec/2014:05:58:32 -0500] "GET /BLA/resoluciones/RESOLUCIONES%202008/1449.pdf HTTP/1.1" 200 303966
157.55.39.241 - - [10/Dec/2014:05:58:32 -0500] "GET /BLA/resoluciones/RESOLUCIONES%202010/2445.pdf HTTP/1.1" 200 497363
157.55.39.113 - - [10/Dec/2014:05:58:35 -0500] "GET /BLA/resoluciones/RESOLUCIONES%202011/0143.pdf HTTP/1.1" 200 361250
157.55.39.113 - - [10/Dec/2014:05:58:36 -0500] "GET /bla/resoluciones/resoluciones%202009/8180.pdf HTTP/1.1" 200 497497
157.55.39.12 - - [10/Dec/2014:05:58:41 -0500] "GET /BLA/resoluciones/index.php?dir=RESOLUCIONES+2004%2FRES+2004+301-350%2F HTTP/1.1" 200 12062
157.55.39.113 - - [10/Dec/2014:05:58:49 -0500] "GET /BLA/resoluciones/RESOLUCIONES%202011/1932.pdf HTTP/1.1" 200 159173
157.55.39.240 - - [10/Dec/2014:05:58:54 -0500] "GET /BLA/resoluciones/AUTOS%202012/0130.pdf HTTP/1.1" 200 254126
157.55.39.240 - - [10/Dec/2014:05:58:54 -0500] "GET /BLA/resoluciones/RESOLUCIONES%202008/0968.pdf HTTP/1.1" 200 515746
181.250.45.254 - - [10/Dec/2014:05:58:54 -0500] "GET /galeria/carrusel/Carrusel/jquery.thumbnailScroller.css HTTP/1.1" 200 2066
181.250.45.254 - - [10/Dec/2014:05:58:54 -0500] "GET /BLA/boletinlegal/js/jquery.js HTTP/1.1" 200 57254
181.250.45.254 - - [10/Dec/2014:05:58:54 -0500] "GET /BLA/boletinlegal/js/jquery.scrollTo-min.js HTTP/1.1" 200 1150
181.250.45.254 - - [10/Dec/2014:05:58:54 -0500] "GET /BLA/boletinlegal/js/jquery.scrollShow.js HTTP/1.1" 200 4586
181.250.45.254 - - [10/Dec/2014:05:58:54 -0500] "GET /galeria/carrusel/Carrusel/jquery-ui-1.8.13.custom.min.js HTTP/1.1" 200 10800
181.250.45.254 - - [10/Dec/2014:05:58:54 -0500] "GET /galeria/carrusel/Carrusel/jquery.thumbnailScroller.js HTTP/1.1" 200 8157
157.55.39.113 - - [10/Dec/2014:05:59:00 -0500] "GET /bla/resoluciones/resoluciones%202010/7336.pdf HTTP/1.1" 200 517113
157.55.39.113 - - [10/Dec/2014:05:59:01 -0500] "GET /bla/resoluciones/resoluciones%202009/2137.pdf HTTP/1.1" 200 476767
181.250.45.254 - - [10/Dec/2014:05:59:02 -0500] "GET /galeria/nivo-slider/demo/demo.html HTTP/1.1" 200 3708
181.250.45.254 - - [10/Dec/2014:05:59:03 -0500] "GET /galeria/nivo-slider/themes/default/default.css HTTP/1.1" 200 1569
74.86.158.107 - - [10/Dec/2014:05:59:03 -0500] "HEAD / HTTP/1.1" 302 -
181.250.45.254 - - [10/Dec/2014:05:59:03 -0500] "GET /galeria/nivo-slider/themes/pascal/pascal.css HTTP/1.1" 200 2258
181.250.45.254 - - [10/Dec/2014:05:59:08 -0500] "GET /galeria/nivo-slider/themes/orman/orman.css HTTP/1.1" 200 2152
181.250.45.254 - - [10/Dec/2014:05:59:08 -0500] "GET /galeria/nivo-slider/nivo-slider.css HTTP/1.1" 200 1507
181.250.45.254 - - [10/Dec/2014:05:59:08 -0500] "GET /galeria/nivo-slider/demo/style.css HTTP/1.1" 200 2222
181.250.45.254 - - [10/Dec/2014:05:59:08 -0500] "GET /galeria/nivo-slider/demo/scripts/jquery-1.7.1.min.js HTTP/1.1" 200 93868
181.250.45.254 - - [10/Dec/2014:05:59:09 -0500] "GET /galeria/nivo-slider/themes/default/loading.gif HTTP/1.1" 200 1737
157.55.39.113 - - [10/Dec/2014:05:59:15 -0500] "GET /BLA/resoluciones/RESOLUCIONES%202008/0179.pdf HTTP/1.1" 200 281603
157.55.39.217 - - [10/Dec/2014:05:59:15 -0500] "GET /bla/resoluciones/resoluciones%202010/6167.pdf HTTP/1.1" 200 964309
157.55.39.240 - - [10/Dec/2014:05:59:21 -0500] "GET /BLA/resoluciones/RESOLUCIONES%202011/3255.pdf HTTP/1.1" 200 250963
157.55.39.240 - - [10/Dec/2014:05:59:59 -0500] "GET /bla/resoluciones/resoluciones%202009/1128.pdf HTTP/1.1" 200 274887
157.55.39.240 - - [10/Dec/2014:06:00:00 -0500] "GET /bla/resoluciones/resoluciones%202009/2366.pdf HTTP/1.1" 200 462012
157.55.39.240 - - [10/Dec/2014:06:00:00 -0500] "GET /bla/resoluciones/resoluciones%202009/1985.pdf HTTP/1.1" 200 730138
157.55.39.113 - - [10/Dec/2014:06:00:03 -0500] "GET /bla/resoluciones/resoluciones%202009/6934.pdf HTTP/1.1" 200 116796
157.55.39.113 - - [10/Dec/2014:06:00:05 -0500] "GET /bla/resoluciones/resoluciones%202010/0901.pdf HTTP/1.1" 200 104898
157.55.39.217 - - [10/Dec/2014:06:00:08 -0500] "GET /bla/resoluciones/resoluciones%202009/8801.pdf HTTP/1.1" 200 356547
66.249.67.115 - - [10/Dec/2014:06:00:09 -0500] "GET /BLA/resoluciones/AUTOS%202007/0926.pdf HTTP/1.1" 200 215731
157.55.39.217 - - [10/Dec/2014:06:00:10 -0500] "GET /BLA/resoluciones/RESOLUCIONES%202009/3274.pdf HTTP/1.1" 200 593063
157.55.39.113 - - [10/Dec/2014:06:00:13 -0500] "GET /bla/resoluciones/resoluciones%202009/9393.pdf HTTP/1.1" 200 579257
157.55.39.113 - - [10/Dec/2014:06:00:14 -0500] "GET /bla/resoluciones/resoluciones%202009/0950.pdf HTTP/1.1" 200 653344
157.55.39.240 - - [10/Dec/2014:06:00:19 -0500] "GET /BLA/resoluciones/AUTOS%202011/4147.pdf HTTP/1.1" 200 230507
157.55.39.113 - - [10/Dec/2014:06:00:25 -0500] "GET /BLA/resoluciones/RESOLUCIONES%202009/2639.pdf HTTP/1.1" 200 864992
66.249.67.115 - - [10/Dec/2014:06:00:26 -0500] "GET /BLA/resoluciones/index.php?dir=RESOLUCIONES%202007/RES%202007%201101%20AL%201200/&sort=size&order=desc HTTP/1.1" 200 26851
180.76.6.20 - - [10/Dec/2014:06:00:36 -0500] "GET /BLA/resoluciones/RESOLUCIONES%202010/0649.pdf HTTP/1.1" 200 526701
66.249.67.115 - - [10/Dec/2014:06:00:47 -0500] "GET /BLA/resoluciones/AUTOS%202013/0333.pdf HTTP/1.1" 304 -
157.55.39.217 - - [10/Dec/2014:06:00:52 -0500] "GET /bla/resoluciones/resoluciones%202010/1614.pdf HTTP/1.1" 200 818308
157.55.39.13 - - [10/Dec/2014:06:00:57 -0500] "GET /bla/resoluciones/resoluciones%202009/3768.pdf HTTP/1.1" 200 122162
157.55.39.13 - - [10/Dec/2014:06:00:57 -0500] "GET /BLA/resoluciones/RESOLUCIONES%202008/1601.pdf HTTP/1.1" 200 521131
157.55.39.240 - - [10/Dec/2014:06:01:01 -0500] "GET /BLA/resoluciones/RESOLUCIONES%202010/1547.pdf HTTP/1.1" 200 435339
66.249.67.107 - - [10/Dec/2014:06:01:02 -0500] "GET /BLA/resoluciones/RESOLUCIONES%202002/RES%202002%20401-450/00000425.tif HTTP/1.1" 200 58782
157.55.39.113 - - [10/Dec/2014:06:01:06 -0500] "GET /bla/resoluciones/resoluciones%202009/7555.pdf HTTP/1.1" 200 536800
157.55.39.113 - - [10/Dec/2014:06:01:08 -0500] "GET /bla/resoluciones/RESOLUCIONES%202011/1751.pdf HTTP/1.1" 200 516290
157.55.39.217 - - [10/Dec/2014:06:01:11 -0500] "GET /BLA/resoluciones/AUTOS%202012/0263.pdf HTTP/1.1" 200 216000
157.55.39.240 - - [10/Dec/2014:06:01:17 -0500] "GET /BLA/resoluciones/RESOLUCIONES%202008/0590.pdf HTTP/1.1" 200 305172
157.55.39.240 - - [10/Dec/2014:06:01:23 -0500] "GET /BLA/resoluciones/RESOLUCIONES%202011/0097.pdf HTTP/1.1" 200 350230
66.249.67.99 - - [10/Dec/2014:06:01:24 -0500] "GET /BLA/resoluciones/RESOLUCIONES%202007/RES%202007%20301%20AL%20400/RESOLUCION%200362%20DE%202007.pdf HTTP/1.1" 304 -
157.55.39.217 - - [10/Dec/2014:06:01:28 -0500] "GET /bla/resoluciones/resoluciones%202009/8926.pdf HTTP/1.1" 200 387580
157.55.39.113 - - [10/Dec/2014:06:01:33 -0500] "GET /BLA/resoluciones/AUTOS%202011/4231.pdf HTTP/1.1" 200 248419
157.55.39.113 - - [10/Dec/2014:06:01:33 -0500] "GET /bla/resoluciones/resoluciones%202010/2475.pdf HTTP/1.1" 200 493114
157.55.39.12 - - [10/Dec/2014:06:01:40 -0500] "GET /bla/resoluciones/resoluciones%202010/6416.pdf HTTP/1.1" 200 440864
180.76.5.167 - - [10/Dec/2014:06:01:53 -0500] "GET /BLA/resoluciones/RESOLUCIONES%202010/0928.pdf HTTP/1.1" 200 122266
157.55.39.12 - - [10/Dec/2014:06:01:55 -0500] "GET /bla/resoluciones/resoluciones%202009/1479.pdf HTTP/1.1" 200 429214
157.55.39.217 - - [10/Dec/2014:06:01:59 -0500] "GET /BLA/resoluciones/AUTOS%202009/1340.pdf HTTP/1.1" 200 96559
66.249.67.99 - - [10/Dec/2014:06:02:01 -0500] "GET /BLA/resoluciones/RESOLUCIONES%202009/7129.pdf HTTP/1.1" 200 105371
157.55.39.113 - - [10/Dec/2014:06:02:05 -0500] "GET /BLA/resoluciones/RESOLUCIONES%202011/0800.pdf HTTP/1.1" 200 801322
157.55.39.240 - - [10/Dec/2014:06:02:10 -0500] "GET /BLA/resoluciones/AUTOS%202011/3731.pdf HTTP/1.1" 200 213661
157.55.39.13 - - [10/Dec/2014:06:02:21 -0500] "GET /BLA/resoluciones/AUTOS%202009/1566.pdf HTTP/1.1" 200 123745
157.55.39.12 - - [10/Dec/2014:06:02:31 -0500] "GET /BLA/resoluciones/RESOLUCIONES%202008/1681.pdf HTTP/1.1" 200 128824
157.55.39.12 - - [10/Dec/2014:06:02:32 -0500] "GET /bla/resoluciones/resoluciones%202009/2335.pdf HTTP/1.1" 200 767399
66.249.67.99 - - [10/Dec/2014:06:02:38 -0500] "GET /BLA/resoluciones/AUTOS%202013/0233.pdf HTTP/1.1" 304 -
157.55.39.12 - - [10/Dec/2014:06:02:41 -0500] "GET /BLA/resoluciones/RESOLUCIONES%202008/0464.pdf HTTP/1.1" 200 213834
157.55.39.240 - - [10/Dec/2014:06:02:46 -0500] "GET /bla/resoluciones/resoluciones%202009/9728.pdf HTTP/1.1" 200 341060
157.55.39.240 - - [10/Dec/2014:06:02:46 -0500] "GET /BLA/resoluciones/RESOLUCIONES%202009/0530.pdf HTTP/1.1" 200 1161320
84.126.21.107 - - [10/Dec/2014:06:02:51 -0500] "GET /galeria/carrusel/Carrusel/jquery.thumbnailScroller.js HTTP/1.1" 200 8157
84.126.21.107 - - [10/Dec/2014:06:02:51 -0500] "GET /BLA/boletinlegal/js/jquery.scrollTo-min.js HTTP/1.1" 200 1150
84.126.21.107 - - [10/Dec/2014:06:02:51 -0500] "GET /galeria/carrusel/Carrusel/jquery-ui-1.8.13.custom.min.js HTTP/1.1" 200 10800
157.55.39.217 - - [10/Dec/2014:06:02:51 -0500] "GET /bla/resoluciones/resoluciones%202009/9416.pdf HTTP/1.1" 200 160960
84.126.21.107 - - [10/Dec/2014:06:02:51 -0500] "GET /BLA/boletinlegal/js/jquery.js HTTP/1.1" 200 57254
157.55.39.217 - - [10/Dec/2014:06:02:52 -0500] "GET /BLA/resoluciones/AUTOS%202012/1574.pdf HTTP/1.1" 200 533072
84.126.21.107 - - [10/Dec/2014:06:02:52 -0500] "GET /BLA/boletinlegal/js/jquery.scrollShow.js HTTP/1.1" 200 4586
84.126.21.107 - - [10/Dec/2014:06:02:52 -0500] "GET /galeria/carrusel/Carrusel/jquery.thumbnailScroller.css HTTP/1.1" 200 2066
84.126.21.107 - - [10/Dec/2014:06:02:58 -0500] "GET /galeria/nivo-slider/demo/demo.html HTTP/1.1" 200 3708
84.126.21.107 - - [10/Dec/2014:06:02:58 -0500] "GET /galeria/nivo-slider/themes/default/default.css HTTP/1.1" 200 1569
84.126.21.107 - - [10/Dec/2014:06:02:58 -0500] "GET /galeria/nivo-slider/nivo-slider.css HTTP/1.1" 200 1507
84.126.21.107 - - [10/Dec/2014:06:02:58 -0500] "GET /galeria/nivo-slider/themes/pascal/pascal.css HTTP/1.1" 200 2258
84.126.21.107 - - [10/Dec/2014:06:02:58 -0500] "GET /galeria/nivo-slider/demo/style.css HTTP/1.1" 200 2222
84.126.21.107 - - [10/Dec/2014:06:02:58 -0500] "GET /galeria/nivo-slider/themes/orman/orman.css HTTP/1.1" 200 2152
84.126.21.107 - - [10/Dec/2014:06:02:58 -0500] "GET /galeria/nivo-slider/demo/scripts/jquery-1.7.1.min.js HTTP/1.1" 200 93868
84.126.21.107 - - [10/Dec/2014:06:02:58 -0500] "GET /galeria/nivo-slider/jquery.nivo.slider.pack.js HTTP/1.1" 200 11561
84.126.21.107 - - [10/Dec/2014:06:02:58 -0500] "GET /galeria/nivo-slider/demo/images/coplima.jpg HTTP/1.1" 200 85663
84.126.21.107 - - [10/Dec/2014:06:02:58 -0500] "GET /galeria/nivo-slider/demo/images/banner-musgo.jpg HTTP/1.1" 200 49513
84.126.21.107 - - [10/Dec/2014:06:02:58 -0500] "GET /galeria/nivo-slider/demo/images/Banner-GAE3.jpg HTTP/1.1" 200 146354
84.126.21.107 - - [10/Dec/2014:06:02:58 -0500] "GET /galeria/nivo-slider/demo/images/BogotaSostenible.jpg HTTP/1.1" 200 206863
84.126.21.107 - - [10/Dec/2014:06:02:58 -0500] "GET /galeria/nivo-slider/demo/images/Jornada-adopcion.jpg HTTP/1.1" 200 79705
84.126.21.107 - - [10/Dec/2014:06:02:58 -0500] "GET /galeria/nivo-slider/demo/images/Banner-comparendo.jpg HTTP/1.1" 200 388762
84.126.21.107 - - [10/Dec/2014:06:02:58 -0500] "GET /galeria/nivo-slider/demo/images/RdaNegociosFiltros.jpg HTTP/1.1" 200 77155
84.126.21.107 - - [10/Dec/2014:06:02:59 -0500] "GET /galeria/nivo-slider/demo/images/Biotaxis-Man.jpg HTTP/1.1" 200 99362
84.126.21.107 - - [10/Dec/2014:06:02:59 -0500] "GET /galeria/nivo-slider/demo/images/porloshumedales.jpg HTTP/1.1" 200 351238
84.126.21.107 - - [10/Dec/2014:06:02:59 -0500] "GET /galeria/nivo-slider/demo/images/Tingua-azul.jpg HTTP/1.1" 200 307638
84.126.21.107 - - [10/Dec/2014:06:02:59 -0500] "GET /galeria/nivo-slider/demo/images/Banner-Caracol-Africano.jpg HTTP/1.1" 200 331986
