157.55.39.113 - - [10/Dec/2014:04:12:03 -0500] "GET /bla/resoluciones/resoluciones%202009/1444.pdf HTTP/1.1" 200 1822248
157.55.39.113 - - [10/Dec/2014:04:12:03 -0500] "GET /BLA/resoluciones/RESOLUCIONES%202009/4749.pdf HTTP/1.1" 200 812457
157.55.39.113 - - [10/Dec/2014:04:12:04 -0500] "GET /BLA/resoluciones/Resoluciones%202011/0534.pdf HTTP/1.1" 200 806498
157.55.39.240 - - [10/Dec/2014:04:12:08 -0500] "GET /bla/resoluciones/resoluciones%202009/0518.pdf HTTP/1.1" 200 209380
157.55.39.13 - - [10/Dec/2014:04:12:14 -0500] "GET /bla/resoluciones/resoluciones%202010/6164.pdf HTTP/1.1" 200 1000122
66.249.67.99 - - [10/Dec/2014:04:12:16 -0500] "GET /BLA/resoluciones/index.php?dir=RESOLUCIONES%202007/RES%202007%204001%20AL%204100/&sort=name&order=desc HTTP/1.1" 200 26863
186.154.85.200 - - [10/Dec/2014:04:12:17 -0500] "POST /forms/lservlet;jsessionid=ac16012b30d59104b26b663e46108e6f9a232dfd1dc3.e3iSbxaKaheRe34Sa3yKbhiTahb0n6jAmljGr5XDqQLvpAe HTTP/1.1" 200 2
66.249.67.115 - - [10/Dec/2014:04:12:23 -0500] "GET /BLA/resoluciones/AUTOS%202013/0856.pdf HTTP/1.1" 304 -
157.55.39.12 - - [10/Dec/2014:04:12:35 -0500] "GET /BLA/resoluciones/RESOLUCIONES%202010/1382.pdf HTTP/1.1" 200 368476
66.249.67.107 - - [10/Dec/2014:04:12:42 -0500] "GET /BLA/resoluciones/RESOLUCIONES%202004/RES%202004%201051-1100/00001092.tif HTTP/1.1" 200 106782
157.55.39.113 - - [10/Dec/2014:04:12:58 -0500] "GET /BLA/resoluciones/Resoluciones%202011/1562.pdf HTTP/1.1" 200 724888
157.55.39.113 - - [10/Dec/2014:04:12:58 -0500] "GET /bla/resoluciones/resoluciones%202009/0657.pdf HTTP/1.1" 200 408671
66.249.67.99 - - [10/Dec/2014:04:13:00 -0500] "GET /BLA/resoluciones/RESOLUCIONES%202007/RES%202007%201901%20AL%202000/RESOLUCION%201930%20DE%202007.pdf HTTP/1.1" 200 369708
157.55.39.240 - - [10/Dec/2014:04:13:02 -0500] "GET /bla/resoluciones/resoluciones%202010/5607.pdf HTTP/1.1" 200 1296326
157.55.39.240 - - [10/Dec/2014:04:13:04 -0500] "GET /BLA/resoluciones/AUTOS%202009/0547.pdf HTTP/1.1" 200 182263
157.55.39.240 - - [10/Dec/2014:04:13:05 -0500] "GET /bla/resoluciones/RESOLUCIONES%202011/1485.pdf HTTP/1.1" 200 78553
157.55.39.13 - - [10/Dec/2014:04:13:08 -0500] "GET /bla/resoluciones/RESOLUCIONES%202011/1345.pdf HTTP/1.1" 200 71205
157.55.39.13 - - [10/Dec/2014:04:13:08 -0500] "GET /BLA/resoluciones/RESOLUCIONES%202011/0156.pdf HTTP/1.1" 200 233747
157.55.39.13 - - [10/Dec/2014:04:13:09 -0500] "GET /BLA/resoluciones/Resoluciones%202011/2418.pdf HTTP/1.1" 200 710242
157.55.39.113 - - [10/Dec/2014:04:13:13 -0500] "GET /bla/resoluciones/resoluciones%202009/0202.pdf HTTP/1.1" 200 206818
157.55.39.241 - - [10/Dec/2014:04:13:27 -0500] "GET /BLA/resoluciones/AUTOS%202011/5106.pdf HTTP/1.1" 200 623391
157.55.39.241 - - [10/Dec/2014:04:13:27 -0500] "GET /bla/resoluciones/resoluciones%202010/1235.pdf HTTP/1.1" 200 133920
157.55.39.241 - - [10/Dec/2014:04:13:29 -0500] "GET /BLA/resoluciones/RESOLUCIONES%202010/2540.pdf HTTP/1.1" 200 488842
157.55.39.12 - - [10/Dec/2014:04:13:31 -0500] "GET /bla/resoluciones/resoluciones%202009/8207.pdf HTTP/1.1" 200 1051361
157.55.39.12 - - [10/Dec/2014:04:13:32 -0500] "GET /BLA/resoluciones/RESOLUCIONES%202009/4638.pdf HTTP/1.1" 200 644143
157.55.39.217 - - [10/Dec/2014:04:13:36 -0500] "GET /bla/resoluciones/resoluciones%202009/1234.pdf HTTP/1.1" 200 90029
157.55.39.113 - - [10/Dec/2014:04:13:36 -0500] "GET /robots.txt HTTP/1.1" 404 1018
66.249.67.115 - - [10/Dec/2014:04:13:38 -0500] "GET /BLA/resoluciones/AUTOS%202007/0925.pdf HTTP/1.1" 200 157717
157.55.39.113 - - [10/Dec/2014:04:13:42 -0500] "GET /BLA/resoluciones/AUTOS%202011/1340.pdf HTTP/1.1" 200 134476
157.55.39.113 - - [10/Dec/2014:04:13:42 -0500] "GET /bla/resoluciones/resoluciones%202009/3699.pdf HTTP/1.1" 200 51684
157.55.39.12 - - [10/Dec/2014:04:13:46 -0500] "GET /BLA/resoluciones/RESOLUCIONES%202010/0397.pdf HTTP/1.1" 200 113230
180.76.5.24 - - [10/Dec/2014:04:13:52 -0500] "GET /BLA/resoluciones/RESOLUCIONES%202010/2567.pdf HTTP/1.1" 200 545745
157.55.39.217 - - [10/Dec/2014:04:14:02 -0500] "GET /BLA/resoluciones/RESOLUCIONES%202009/1635.pdf HTTP/1.1" 200 428751
157.55.39.217 - - [10/Dec/2014:04:14:02 -0500] "GET /bla/resoluciones/RESOLUCIONES%202011/3620.pdf HTTP/1.1" 200 623994
74.86.158.107 - - [10/Dec/2014:04:14:03 -0500] "HEAD / HTTP/1.1" 302 -
157.55.39.217 - - [10/Dec/2014:04:14:03 -0500] "GET /BLA/resoluciones/AUTOS%202012/0776.pdf HTTP/1.1" 200 574865
157.55.39.240 - - [10/Dec/2014:04:14:07 -0500] "GET /BLA/resoluciones/Resoluciones%202011/2149.pdf HTTP/1.1" 200 514597
157.55.39.240 - - [10/Dec/2014:04:14:07 -0500] "GET /BLA/resoluciones/RESOLUCIONES%202009/0308.pdf HTTP/1.1" 200 439710
157.55.39.113 - - [10/Dec/2014:04:14:13 -0500] "GET /BLA/resoluciones/RESOLUCIONES%202008/0067.pdf HTTP/1.1" 200 316053
66.249.67.107 - - [10/Dec/2014:04:14:15 -0500] "GET /BLA/resoluciones/RESOLUCIONES%202009/9499.pdf HTTP/1.1" 200 457538
186.154.85.200 - - [10/Dec/2014:04:14:17 -0500] "POST /forms/lservlet;jsessionid=ac16012b30d59104b26b663e46108e6f9a232dfd1dc3.e3iSbxaKaheRe34Sa3yKbhiTahb0n6jAmljGr5XDqQLvpAe HTTP/1.1" 200 2
157.55.39.217 - - [10/Dec/2014:04:14:21 -0500] "GET /bla/resoluciones/resoluciones%202010/5265.pdf HTTP/1.1" 200 839154
157.55.39.113 - - [10/Dec/2014:04:14:25 -0500] "GET /BLA/resoluciones/AUTOS%202010/1153.pdf HTTP/1.1" 200 148284
157.55.39.113 - - [10/Dec/2014:04:14:25 -0500] "GET /BLA/resoluciones/AUTOS%202011/2077.pdf HTTP/1.1" 200 145442
157.55.39.113 - - [10/Dec/2014:04:14:43 -0500] "GET /BLA/resoluciones/AUTOS%202009/2432.pdf HTTP/1.1" 200 99347
66.249.67.99 - - [10/Dec/2014:04:14:52 -0500] "GET /BLA/resoluciones/RESOLUCIONES%202007/RES%202007%204101%20AL%204200/RESOLUCION%204190%20%20DE%202007.pdf HTTP/1.1" 200 307178
84.104.16.37 - - [10/Dec/2014:04:14:53 -0500] "GET /robots.txt HTTP/1.0" 404 1019
84.104.16.37 - - [10/Dec/2014:04:14:56 -0500] "GET /MANUALFUNC/Administrativa%20y%20Financiera/?C=D;O=D HTTP/1.1" 404 1019
84.104.16.37 - - [10/Dec/2014:04:14:59 -0500] "GET /MANUALFUNC/Administrativa%20y%20Financiera/?C=M;O=D HTTP/1.1" 404 1019
157.55.39.13 - - [10/Dec/2014:04:15:00 -0500] "GET /BLA/resoluciones/RESOLUCIONES%202012/1284.pdf HTTP/1.1" 200 309165
84.104.16.37 - - [10/Dec/2014:04:15:01 -0500] "GET /MANUALFUNC/Administrativa%20y%20Financiera/?C=S;O=D HTTP/1.1" 404 1019
66.249.67.99 - - [10/Dec/2014:04:15:05 -0500] "GET /BLA/resoluciones/RESOLUCIONES%202007/RES%202007%201401%20AL%201500/RESOLUCION%201471%20DE%202007.pdf HTTP/1.1" 200 353588
157.55.39.240 - - [10/Dec/2014:04:15:06 -0500] "GET /BLA/resoluciones/AUTOS%202009/1866.pdf HTTP/1.1" 200 102219
180.76.6.158 - - [10/Dec/2014:04:15:09 -0500] "GET /BLA/resoluciones/RESOLUCIONES%202010/1352.pdf HTTP/1.1" 200 473633
157.55.39.113 - - [10/Dec/2014:04:15:13 -0500] "GET /bla/resoluciones/RESOLUCIONES%202011/0447.pdf HTTP/1.1" 200 73661
157.55.39.217 - - [10/Dec/2014:04:15:21 -0500] "GET /bla/resoluciones/resoluciones%202010/2221.pdf HTTP/1.1" 200 493912
157.55.39.113 - - [10/Dec/2014:04:15:25 -0500] "GET /BLA/resoluciones/AUTOS%202012/1131.pdf HTTP/1.1" 200 152775
66.249.67.99 - - [10/Dec/2014:04:15:29 -0500] "GET /BLA/resoluciones/AUTOS%202012/1770.pdf HTTP/1.1" 200 336414
157.55.39.113 - - [10/Dec/2014:04:15:33 -0500] "GET /BLA/resoluciones/AUTOS%202010/5506.pdf HTTP/1.1" 200 237729
157.55.39.12 - - [10/Dec/2014:04:15:40 -0500] "GET /BLA/resoluciones/AUTOS%202012/2360.pdf HTTP/1.1" 200 965898
157.55.39.12 - - [10/Dec/2014:04:15:40 -0500] "GET /BLA/resoluciones/RESOLUCIONES%202010/1417.pdf HTTP/1.1" 200 563613
157.55.39.113 - - [10/Dec/2014:04:15:44 -0500] "GET /BLA/resoluciones/RESOLUCIONES%202011/1308.pdf HTTP/1.1" 200 71993
157.55.39.217 - - [10/Dec/2014:04:15:49 -0500] "GET /BLA/resoluciones/RESOLUCIONES%202011/2841.pdf HTTP/1.1" 200 406282
157.55.39.217 - - [10/Dec/2014:04:15:51 -0500] "GET /bla/resoluciones/resoluciones%202010/2404.pdf HTTP/1.1" 200 511736
186.87.16.111 - - [10/Dec/2014:04:15:56 -0500] "GET /BLA/boletinlegal/js/jquery.scrollTo-min.js HTTP/1.1" 200 1150
186.87.16.111 - - [10/Dec/2014:04:15:56 -0500] "GET /BLA/boletinlegal/js/jquery.js HTTP/1.1" 200 57254
186.87.16.111 - - [10/Dec/2014:04:15:56 -0500] "GET /BLA/boletinlegal/js/jquery.scrollShow.js HTTP/1.1" 200 4586
157.55.39.217 - - [10/Dec/2014:04:16:00 -0500] "GET /BLA/resoluciones/AUTOS%202011/4275.pdf HTTP/1.1" 200 233673
157.55.39.13 - - [10/Dec/2014:04:16:05 -0500] "GET /BLA/resoluciones/Resoluciones%202011/0081.pdf HTTP/1.1" 200 370682
66.249.67.99 - - [10/Dec/2014:04:16:07 -0500] "GET /BLA/resoluciones/AUTOS%202012/0466.pdf HTTP/1.1" 304 -
157.55.39.240 - - [10/Dec/2014:04:16:11 -0500] "GET /bla/resoluciones/resoluciones%202009/9263.pdf HTTP/1.1" 200 531052
157.55.39.240 - - [10/Dec/2014:04:16:12 -0500] "GET /bla/resoluciones/resoluciones%202010/7143.pdf HTTP/1.1" 200 407839
157.55.39.113 - - [10/Dec/2014:04:16:14 -0500] "GET /BLA/resoluciones/RESOLUCIONES%202010/1688.pdf HTTP/1.1" 200 301119
157.55.39.113 - - [10/Dec/2014:04:16:15 -0500] "GET /BLA/resoluciones/RESOLUCIONES%202010/0948.pdf HTTP/1.1" 200 119976
186.154.85.200 - - [10/Dec/2014:04:16:17 -0500] "POST /forms/lservlet;jsessionid=ac16012b30d59104b26b663e46108e6f9a232dfd1dc3.e3iSbxaKaheRe34Sa3yKbhiTahb0n6jAmljGr5XDqQLvpAe HTTP/1.1" 200 2
157.55.39.217 - - [10/Dec/2014:04:16:20 -0500] "GET /BLA/resoluciones/Resoluciones%202011/0842.pdf HTTP/1.1" 200 797866
157.55.39.217 - - [10/Dec/2014:04:16:20 -0500] "GET /bla/resoluciones/resoluciones%202010/7199.pdf HTTP/1.1" 200 976211
157.55.39.62 - - [10/Dec/2014:04:16:29 -0500] "GET /dama/libreria/php/decide.php?patron=03.1305020113&numm=33 HTTP/1.1" 404 1019
157.55.39.241 - - [10/Dec/2014:04:16:33 -0500] "GET /bla/resoluciones/RESOLUCIONES%202011/0504.pdf HTTP/1.1" 200 158325
188.165.15.191 - - [10/Dec/2014:04:16:33 -0500] "GET /BLA/resoluciones/RESOLUCIONES%202004/RES%202004%20101-150/00000109.tif HTTP/1.1" 200 51252
157.55.39.113 - - [10/Dec/2014:04:16:34 -0500] "GET /BLA/resoluciones/AUTOS%202011/3615.pdf HTTP/1.1" 200 290451
66.249.67.99 - - [10/Dec/2014:04:16:44 -0500] "GET /BLA/resoluciones/RESOLUCIONES%202007/RES%202007%202901%20AL%203000/RESOLUCION%202984%20%20DE%202007.pdf HTTP/1.1" 200 574646
157.55.39.240 - - [10/Dec/2014:04:16:46 -0500] "GET /BLA/resoluciones/RESOLUCIONES%202009/1046.pdf HTTP/1.1" 200 204561
157.55.39.240 - - [10/Dec/2014:04:16:47 -0500] "GET /BLA/resoluciones/RESOLUCIONES%202011/2376.pdf HTTP/1.1" 200 891874
157.55.39.113 - - [10/Dec/2014:04:16:53 -0500] "GET /bla/resoluciones/RESOLUCIONES%202011/0936.pdf HTTP/1.1" 200 65745
157.55.39.113 - - [10/Dec/2014:04:16:54 -0500] "GET /bla/resoluciones/resoluciones%202009/8098.pdf HTTP/1.1" 200 512668
157.55.39.13 - - [10/Dec/2014:04:16:58 -0500] "GET /bla/resoluciones/resoluciones%202009/2408.pdf HTTP/1.1" 200 415110
157.55.39.13 - - [10/Dec/2014:04:16:58 -0500] "GET /bla/resoluciones/RESOLUCIONES%202011/1699.pdf HTTP/1.1" 200 554838
157.55.39.217 - - [10/Dec/2014:04:17:02 -0500] "GET /BLA/resoluciones/RESOLUCIONES%202008/0847.pdf HTTP/1.1" 200 342086
157.55.39.217 - - [10/Dec/2014:04:17:03 -0500] "GET /bla/resoluciones/resoluciones%202009/0145.pdf HTTP/1.1" 200 52253
157.55.39.240 - - [10/Dec/2014:04:17:08 -0500] "GET /BLA/resoluciones/RESOLUCIONES%202009/0137.pdf HTTP/1.1" 200 560755
157.55.39.62 - - [10/Dec/2014:04:17:10 -0500] "GET /dama/libreria/php/decide.php?patron=03.1305020113&numm=45 HTTP/1.1" 404 1015
157.55.39.113 - - [10/Dec/2014:04:17:14 -0500] "GET /bla/resoluciones/resoluciones%202009/0099.pdf HTTP/1.1" 200 224075
100.43.85.25 - - [10/Dec/2014:04:17:15 -0500] "GET /PruebasSTORM/Pruebas/?C=D;O=D HTTP/1.1" 200 776
66.249.67.115 - - [10/Dec/2014:04:17:21 -0500] "GET /BLA/resoluciones/RESOLUCIONES%202009/8495.pdf HTTP/1.1" 200 637155
157.55.39.241 - - [10/Dec/2014:04:17:24 -0500] "GET /BLA/resoluciones/AUTOS%202009/2870.pdf HTTP/1.1" 200 101714
220.181.108.181 - - [10/Dec/2014:04:17:27 -0500] "GET /BLA/resoluciones/RESOLUCIONES%202009/1171.pdf HTTP/1.1" 200 1131184
157.55.39.113 - - [10/Dec/2014:04:17:29 -0500] "GET /BLA/resoluciones/AUTOS%202011/1563.pdf HTTP/1.1" 200 87600
157.55.39.12 - - [10/Dec/2014:04:17:40 -0500] "GET /BLA/resoluciones/AUTOS%202009/2002.pdf HTTP/1.1" 200 100530
157.55.39.12 - - [10/Dec/2014:04:17:41 -0500] "GET /BLA/resoluciones/RESOLUCIONES%202010/1514.pdf HTTP/1.1" 200 483293
157.55.39.240 - - [10/Dec/2014:04:17:45 -0500] "GET /BLA/resoluciones/RESOLUCIONES%202010/2768.pdf HTTP/1.1" 200 495372
157.55.39.113 - - [10/Dec/2014:04:17:49 -0500] "GET /bla/resoluciones/RESOLUCIONES%202011/3473.pdf HTTP/1.1" 200 536678
66.249.67.115 - - [10/Dec/2014:04:17:53 -0500] "GET /BLA/resoluciones/RESOLUCIONES%202009/2508.pdf HTTP/1.1" 304 -
66.249.67.99 - - [10/Dec/2014:04:17:58 -0500] "GET /BLA/resoluciones/RESOLUCIONES%202013/2420.pdf HTTP/1.1" 200 986742
157.55.39.113 - - [10/Dec/2014:04:18:05 -0500] "GET /BLA/resoluciones/AUTOS%202009/2625.pdf HTTP/1.1" 200 124752
157.55.39.113 - - [10/Dec/2014:04:18:06 -0500] "GET /BLA/resoluciones/AUTOS%202012/1393.pdf HTTP/1.1" 200 230665
157.55.39.113 - - [10/Dec/2014:04:18:07 -0500] "GET /BLA/resoluciones/Resoluciones%202011/2704.pdf HTTP/1.1" 200 624890
157.55.39.217 - - [10/Dec/2014:04:18:13 -0500] "GET /BLA/resoluciones/AUTOS%202010/1957.pdf HTTP/1.1" 200 1050592
157.55.39.217 - - [10/Dec/2014:04:18:14 -0500] "GET /BLA/resoluciones/AUTOS%202009/1351.pdf HTTP/1.1" 200 78093
186.154.85.200 - - [10/Dec/2014:04:18:17 -0500] "POST /forms/lservlet;jsessionid=ac16012b30d59104b26b663e46108e6f9a232dfd1dc3.e3iSbxaKaheRe34Sa3yKbhiTahb0n6jAmljGr5XDqQLvpAe HTTP/1.1" 200 2
157.55.39.113 - - [10/Dec/2014:04:18:20 -0500] "GET /BLA/resoluciones/RESOLUCIONES%202011/1813.pdf HTTP/1.1" 200 517472
157.55.39.217 - - [10/Dec/2014:04:18:24 -0500] "GET /BLA/resoluciones/RESOLUCIONES%202011/1481.pdf HTTP/1.1" 200 71935
157.55.39.241 - - [10/Dec/2014:04:18:31 -0500] "GET /bla/resoluciones/resoluciones%202010/5917.pdf HTTP/1.1" 200 75540
157.55.39.241 - - [10/Dec/2014:04:18:32 -0500] "GET /bla/resoluciones/resoluciones%202009/4182.pdf HTTP/1.1" 200 48718
66.249.67.107 - - [10/Dec/2014:04:18:36 -0500] "GET /BLA/resoluciones/RESOLUCIONES%202007/RES%202007%20401%20AL%20500/RESOLUCION%200490%20DE%202007.pdf HTTP/1.1" 304 -
157.55.39.113 - - [10/Dec/2014:04:18:36 -0500] "GET /BLA/resoluciones/RESOLUCIONES%202009/0418.pdf HTTP/1.1" 200 232529
157.55.39.217 - - [10/Dec/2014:04:18:40 -0500] "GET /BLA/resoluciones/RESOLUCIONES%202009/0212.pdf HTTP/1.1" 200 142996
157.55.39.217 - - [10/Dec/2014:04:18:41 -0500] "GET /bla/resoluciones/resoluciones%202009/8002.pdf HTTP/1.1" 200 139770
157.55.39.12 - - [10/Dec/2014:04:18:46 -0500] "GET /BLA/resoluciones/RESOLUCIONES%202009/6180.pdf HTTP/1.1" 200 700696
157.55.39.240 - - [10/Dec/2014:04:18:52 -0500] "GET /BLA/resoluciones/RESOLUCIONES%202008/1686.pdf HTTP/1.1" 200 528667
74.86.158.107 - - [10/Dec/2014:04:19:03 -0500] "HEAD / HTTP/1.1" 302 -
157.55.39.13 - - [10/Dec/2014:04:19:06 -0500] "GET /BLA/resoluciones/RESOLUCIONES%202010/2254.pdf HTTP/1.1" 200 485617
157.55.39.240 - - [10/Dec/2014:04:19:12 -0500] "GET /bla/resoluciones/resoluciones%202010/6259.pdf HTTP/1.1" 200 606357
66.249.67.107 - - [10/Dec/2014:04:19:13 -0500] "GET /BLA/resoluciones/AUTOS%202012/0529.pdf HTTP/1.1" 304 -
157.55.39.113 - - [10/Dec/2014:04:19:24 -0500] "GET /BLA/resoluciones/Resoluciones%202011/0478.pdf HTTP/1.1" 200 115060
157.55.39.14 - - [10/Dec/2014:04:19:29 -0500] "GET /bla/resoluciones/resoluciones%202010/6130.pdf HTTP/1.1" 200 8995682
157.55.39.217 - - [10/Dec/2014:04:19:33 -0500] "GET /bla/resoluciones/RESOLUCIONES%202011/0554.pdf HTTP/1.1" 200 68201
157.55.39.113 - - [10/Dec/2014:04:19:39 -0500] "GET /BLA/resoluciones/RESOLUCIONES%202009/6764.pdf HTTP/1.1" 200 658586
157.55.39.113 - - [10/Dec/2014:04:19:40 -0500] "GET /BLA/resoluciones/RESOLUCIONES%202011/4333.pdf HTTP/1.1" 200 601546
157.55.39.241 - - [10/Dec/2014:04:19:44 -0500] "GET /BLA/resoluciones/RESOLUCIONES%202012/0199.pdf HTTP/1.1" 200 690728
157.55.39.241 - - [10/Dec/2014:04:19:45 -0500] "GET /bla/resoluciones/resoluciones%202010/5769.pdf HTTP/1.1" 200 106229
157.55.39.113 - - [10/Dec/2014:04:19:49 -0500] "GET /bla/resoluciones/resoluciones%202009/0554.pdf HTTP/1.1" 200 711947
66.249.67.107 - - [10/Dec/2014:04:19:50 -0500] "GET /BLA/resoluciones/RESOLUCIONES%202013/0600.pdf HTTP/1.1" 304 -
157.55.39.12 - - [10/Dec/2014:04:19:54 -0500] "GET /BLA/resoluciones/AUTOS%202012/2026.pdf HTTP/1.1" 200 1994477
157.55.39.217 - - [10/Dec/2014:04:19:59 -0500] "GET /BLA/resoluciones/AUTOS%202009/1655.pdf HTTP/1.1" 200 100505
157.55.39.217 - - [10/Dec/2014:04:20:01 -0500] "GET /BLA/resoluciones/RESOLUCIONES%202010/1084.pdf HTTP/1.1" 200 134138
157.55.39.217 - - [10/Dec/2014:04:20:02 -0500] "GET /BLA/resoluciones/RESOLUCIONES%202008/1300.pdf HTTP/1.1" 200 291570
157.55.39.217 - - [10/Dec/2014:04:20:02 -0500] "GET /BLA/resoluciones/AUTOS%202011/3177.pdf HTTP/1.1" 200 218275
157.55.39.217 - - [10/Dec/2014:04:20:03 -0500] "GET /BLA/resoluciones/RESOLUCIONES%202009/8202.pdf HTTP/1.1" 200 1045895
157.55.39.217 - - [10/Dec/2014:04:20:03 -0500] "GET /BLA/resoluciones/RESOLUCIONES%202009/4669.pdf HTTP/1.1" 200 679172
157.55.39.113 - - [10/Dec/2014:04:20:05 -0500] "GET /bla/resoluciones/RESOLUCIONES%202011/2526.pdf HTTP/1.1" 200 493994
157.55.39.113 - - [10/Dec/2014:04:20:06 -0500] "GET /BLA/resoluciones/RESOLUCIONES%202009/2347.pdf HTTP/1.1" 200 517237
157.55.39.113 - - [10/Dec/2014:04:20:07 -0500] "GET /BLA/resoluciones/RESOLUCIONES%202012/1774.pdf HTTP/1.1" 200 536026
157.55.39.240 - - [10/Dec/2014:04:20:10 -0500] "GET /bla/resoluciones/resoluciones%202009/0378.pdf HTTP/1.1" 200 222901
157.55.39.13 - - [10/Dec/2014:04:20:15 -0500] "GET /BLA/resoluciones/AUTOS%202010/1455.pdf HTTP/1.1" 200 304476
186.154.85.200 - - [10/Dec/2014:04:20:17 -0500] "POST /forms/lservlet;jsessionid=ac16012b30d59104b26b663e46108e6f9a232dfd1dc3.e3iSbxaKaheRe34Sa3yKbhiTahb0n6jAmljGr5XDqQLvpAe HTTP/1.1" 200 2
157.55.39.13 - - [10/Dec/2014:04:20:24 -0500] "GET /bla/resoluciones/resoluciones%202010/2460.pdf HTTP/1.1" 200 493808
66.249.67.99 - - [10/Dec/2014:04:20:27 -0500] "GET /BLA/resoluciones/RESOLUCIONES%202007/RES%202007%201101%20AL%201200/RESOLUCION%201175%20DE%202007.pdf HTTP/1.1" 304 -
66.249.67.99 - - [10/Dec/2014:04:20:42 -0500] "GET /BLA/resoluciones/AUTOS%202011/2897.pdf HTTP/1.1" 200 310197
157.55.39.113 - - [10/Dec/2014:04:20:44 -0500] "GET /BLA/resoluciones/RESOLUCIONES%202011/4062.pdf HTTP/1.1" 200 68049
157.55.39.113 - - [10/Dec/2014:04:20:45 -0500] "GET /bla/resoluciones/resoluciones%202010/6855.pdf HTTP/1.1" 200 678503
157.55.39.240 - - [10/Dec/2014:04:20:59 -0500] "GET /bla/resoluciones/resoluciones%202009/0467.pdf HTTP/1.1" 200 466098
157.55.39.240 - - [10/Dec/2014:04:21:00 -0500] "GET /BLA/resoluciones/RESOLUCIONES%202009/4372.pdf HTTP/1.1" 200 1130945
157.55.39.13 - - [10/Dec/2014:04:21:04 -0500] "GET /BLA/resoluciones/RESOLUCIONES%202012/1567.pdf HTTP/1.1" 200 3167999
66.249.67.107 - - [10/Dec/2014:04:21:04 -0500] "GET /BLA/resoluciones/AUTOS%202011/7343.pdf HTTP/1.1" 304 -
157.55.39.13 - - [10/Dec/2014:04:21:05 -0500] "GET /BLA/resoluciones/RESOLUCIONES%202011/1094.pdf HTTP/1.1" 200 449904
157.55.39.240 - - [10/Dec/2014:04:21:14 -0500] "GET /BLA/resoluciones/RESOLUCIONES%202012/0815.pdf HTTP/1.1" 200 369128
157.55.39.113 - - [10/Dec/2014:04:21:18 -0500] "GET /bla/resoluciones/RESOLUCIONES%202011/1476.pdf HTTP/1.1" 200 71353
157.55.39.13 - - [10/Dec/2014:04:21:25 -0500] "-" 408 -
180.76.5.146 - - [10/Dec/2014:04:21:27 -0500] "GET /BLA/resoluciones/RESOLUCIONES%202010/2304.pdf HTTP/1.1" 200 510865
66.249.67.99 - - [10/Dec/2014:04:21:42 -0500] "GET /BLA/resoluciones/RESOLUCIONES%202008/2873.pdf HTTP/1.1" 200 193110
157.55.39.217 - - [10/Dec/2014:04:21:57 -0500] "GET /bla/resoluciones/resoluciones%202010/2380.pdf HTTP/1.1" 200 441698
157.55.39.217 - - [10/Dec/2014:04:21:58 -0500] "GET /BLA/resoluciones/AUTOS%202009/0359.pdf HTTP/1.1" 200 182525
157.55.39.217 - - [10/Dec/2014:04:21:59 -0500] "GET /BLA/resoluciones/RESOLUCIONES%202009/1882.pdf HTTP/1.1" 200 295815
157.55.39.113 - - [10/Dec/2014:04:22:05 -0500] "GET /bla/resoluciones/resoluciones%202010/6295.pdf HTTP/1.1" 200 514364
180.76.5.192 - - [10/Dec/2014:04:22:06 -0500] "GET /BLA/resoluciones/RESOLUCIONES%202010/2632.pdf HTTP/1.1" 200 517461
157.55.39.13 - - [10/Dec/2014:04:22:10 -0500] "GET /BLA/resoluciones/RESOLUCIONES%202009/0054.pdf HTTP/1.1" 200 67909
157.55.39.113 - - [10/Dec/2014:04:22:15 -0500] "GET /BLA/resoluciones/RESOLUCIONES%202011/4294.pdf HTTP/1.1" 200 577756
186.154.85.200 - - [10/Dec/2014:04:22:18 -0500] "POST /forms/lservlet;jsessionid=ac16012b30d59104b26b663e46108e6f9a232dfd1dc3.e3iSbxaKaheRe34Sa3yKbhiTahb0n6jAmljGr5XDqQLvpAe HTTP/1.1" 200 2
66.249.67.115 - - [10/Dec/2014:04:22:19 -0500] "GET /BLA/normas/1208.pdf HTTP/1.1" 304 -
157.55.39.240 - - [10/Dec/2014:04:22:21 -0500] "GET /BLA/resoluciones/RESOLUCIONES%202009/0509.pdf HTTP/1.1" 200 544524
157.55.39.12 - - [10/Dec/2014:04:22:36 -0500] "GET /BLA/resoluciones/Resoluciones%202011/1962.pdf HTTP/1.1" 200 317734
66.249.67.115 - - [10/Dec/2014:04:22:56 -0500] "GET /BLA/resoluciones/RESOLUCIONES%202009/5735.pdf HTTP/1.1" 304 -
157.55.39.217 - - [10/Dec/2014:04:23:01 -0500] "GET /BLA/resoluciones/RESOLUCIONES%202009/0203.pdf HTTP/1.1" 200 253603
157.55.39.240 - - [10/Dec/2014:04:23:05 -0500] "GET /BLA/resoluciones/RESOLUCIONES%202009/1811.pdf HTTP/1.1" 200 420998
157.55.39.240 - - [10/Dec/2014:04:23:06 -0500] "GET /bla/resoluciones/resoluciones%202010/1200.pdf HTTP/1.1" 200 111878
157.55.39.13 - - [10/Dec/2014:04:23:12 -0500] "GET /BLA/resoluciones/AUTOS%202012/2004.pdf HTTP/1.1" 200 486463
157.55.39.217 - - [10/Dec/2014:04:23:18 -0500] "GET /bla/resoluciones/RESOLUCIONES%202011/0597.pdf HTTP/1.1" 200 70433
157.55.39.240 - - [10/Dec/2014:04:23:21 -0500] "GET /bla/resoluciones/resoluciones%202009/7803.pdf HTTP/1.1" 200 512137
188.165.15.44 - - [10/Dec/2014:04:23:24 -0500] "GET /BLA/resoluciones/RESOLUCIONES%202006/RES%202006%202151-2200/00002185.tif HTTP/1.1" 200 183990
66.249.67.107 - - [10/Dec/2014:04:23:31 -0500] "GET /BLA/resoluciones/RESOLUCIONES%202014/0826.pdf HTTP/1.1" 200 443524
66.249.67.107 - - [10/Dec/2014:04:23:33 -0500] "GET /BLA/resoluciones/AUTOS%202007/3353.pdf HTTP/1.1" 304 -
74.86.158.107 - - [10/Dec/2014:04:24:03 -0500] "HEAD / HTTP/1.1" 302 -
157.55.39.217 - - [10/Dec/2014:04:24:10 -0500] "GET /BLA/resoluciones/RESOLUCIONES%202008/1833.pdf HTTP/1.1" 200 250561
157.55.39.217 - - [10/Dec/2014:04:24:10 -0500] "GET /bla/resoluciones/resoluciones%202009/8489.pdf HTTP/1.1" 200 650496
66.249.67.99 - - [10/Dec/2014:04:24:11 -0500] "GET /BLA/resoluciones/RESOLUCIONES%202011/3256.pdf HTTP/1.1" 200 148378
157.55.39.217 - - [10/Dec/2014:04:24:11 -0500] "GET /bla/resoluciones/resoluciones%202009/1730.pdf HTTP/1.1" 200 520061
157.55.39.13 - - [10/Dec/2014:04:24:16 -0500] "GET /bla/resoluciones/RESOLUCIONES%202011/2646.pdf HTTP/1.1" 200 415043
186.154.85.200 - - [10/Dec/2014:04:24:18 -0500] "POST /forms/lservlet;jsessionid=ac16012b30d59104b26b663e46108e6f9a232dfd1dc3.e3iSbxaKaheRe34Sa3yKbhiTahb0n6jAmljGr5XDqQLvpAe HTTP/1.1" 200 2
157.55.39.113 - - [10/Dec/2014:04:24:20 -0500] "GET /BLA/resoluciones/RESOLUCIONES%202008/0303.pdf HTTP/1.1" 200 51294
157.55.39.113 - - [10/Dec/2014:04:24:21 -0500] "GET /bla/resoluciones/resoluciones%202009/1233.pdf HTTP/1.1" 200 439155
157.55.39.113 - - [10/Dec/2014:04:24:21 -0500] "GET /bla/resoluciones/resoluciones%202009/9347.pdf HTTP/1.1" 200 497447
180.76.5.67 - - [10/Dec/2014:04:24:24 -0500] "GET /BLA/resoluciones/RESOLUCIONES%202010/1424.pdf HTTP/1.1" 200 519293
157.55.39.241 - - [10/Dec/2014:04:24:25 -0500] "GET /BLA/resoluciones/RESOLUCIONES%202009/1946.pdf HTTP/1.1" 200 639924
157.55.39.241 - - [10/Dec/2014:04:24:26 -0500] "GET /BLA/resoluciones/RESOLUCIONES%202009/3028.pdf HTTP/1.1" 200 606092
157.55.39.218 - - [10/Dec/2014:04:24:30 -0500] "GET /BLA/resoluciones/RESOLUCIONES%202011/2365.pdf HTTP/1.1" 200 789160
157.55.39.218 - - [10/Dec/2014:04:24:31 -0500] "GET /bla/resoluciones/resoluciones%202009/1971.pdf HTTP/1.1" 200 669621
157.55.39.12 - - [10/Dec/2014:04:24:35 -0500] "GET /BLA/resoluciones/RESOLUCIONES%202008/0700.pdf HTTP/1.1" 200 1427319
157.55.39.113 - - [10/Dec/2014:04:24:40 -0500] "GET /bla/resoluciones/resoluciones%202010/1688.pdf HTTP/1.1" 200 301119
66.249.67.99 - - [10/Dec/2014:04:24:48 -0500] "GET /BLA/resoluciones/RESOLUCIONES%202007/RES%202007%204101%20AL%204200/RESOLUCION%204187%20DE%202007.pdf HTTP/1.1" 304 -
157.55.39.13 - - [10/Dec/2014:04:24:56 -0500] "GET /bla/resoluciones/resoluciones%202009/9018.pdf HTTP/1.1" 200 539924
157.55.39.113 - - [10/Dec/2014:04:25:00 -0500] "GET /bla/resoluciones/resoluciones%202010/1824.pdf HTTP/1.1" 200 493949
157.55.39.217 - - [10/Dec/2014:04:25:20 -0500] "GET /BLA/resoluciones/RESOLUCIONES%202011/1814.pdf HTTP/1.1" 200 517290
66.249.67.107 - - [10/Dec/2014:04:25:25 -0500] "GET /BLA/resoluciones/AUTOS%202010/0705.pdf HTTP/1.1" 200 190507
157.55.39.241 - - [10/Dec/2014:04:25:36 -0500] "GET /BLA/resoluciones/AUTOS%202011/3719.pdf HTTP/1.1" 200 289093
157.55.39.113 - - [10/Dec/2014:04:25:48 -0500] "GET /BLA/resoluciones/RESOLUCIONES%202009/2234.pdf HTTP/1.1" 200 483986
157.55.39.217 - - [10/Dec/2014:04:25:55 -0500] "GET /robots.txt HTTP/1.1" 404 1018
157.55.39.240 - - [10/Dec/2014:04:25:58 -0500] "GET /BLA/resoluciones/Resoluciones%202011/0173.pdf HTTP/1.1" 200 166669
157.55.39.217 - - [10/Dec/2014:04:26:02 -0500] "GET /BLA/resoluciones/AUTOS%202011/0161.pdf HTTP/1.1" 200 164451
66.249.67.115 - - [10/Dec/2014:04:26:02 -0500] "GET /BLA/resoluciones/AUTOS%202013/0089.pdf HTTP/1.1" 304 -
157.55.39.240 - - [10/Dec/2014:04:26:07 -0500] "GET /bla/resoluciones/resoluciones%202009/0199.pdf HTTP/1.1" 200 241898
157.55.39.240 - - [10/Dec/2014:04:26:08 -0500] "GET /bla/resoluciones/resoluciones%202009/6978.pdf HTTP/1.1" 200 94925
186.154.85.200 - - [10/Dec/2014:04:26:18 -0500] "POST /forms/lservlet;jsessionid=ac16012b30d59104b26b663e46108e6f9a232dfd1dc3.e3iSbxaKaheRe34Sa3yKbhiTahb0n6jAmljGr5XDqQLvpAe HTTP/1.1" 200 2
66.249.67.115 - - [10/Dec/2014:04:26:19 -0500] "GET /BLA/resoluciones/RESOLUCIONES%202007/RES%202007%202001%20AL%202100/RESOLUCION%202008%20DE%202007.pdf HTTP/1.1" 200 804473
157.55.39.241 - - [10/Dec/2014:04:26:22 -0500] "GET /BLA/resoluciones/AUTOS%202011/4925.pdf HTTP/1.1" 200 138281
157.55.39.241 - - [10/Dec/2014:04:26:22 -0500] "GET /BLA/resoluciones/AUTOS%202011/4633.pdf HTTP/1.1" 200 240177
157.55.39.13 - - [10/Dec/2014:04:26:26 -0500] "GET /BLA/resoluciones/RESOLUCIONES%202011/2008.pdf HTTP/1.1" 200 497934
157.55.39.13 - - [10/Dec/2014:04:26:26 -0500] "GET /bla/resoluciones/resoluciones%202010/0005.pdf HTTP/1.1" 200 350176
157.55.39.13 - - [10/Dec/2014:04:26:27 -0500] "GET /BLA/resoluciones/RESOLUCIONES%202009/2268.pdf HTTP/1.1" 200 350424
157.55.39.240 - - [10/Dec/2014:04:26:28 -0500] "-" 408 -
157.55.39.241 - - [10/Dec/2014:04:26:37 -0500] "GET /bla/resoluciones/RESOLUCIONES%202011/1166.pdf HTTP/1.1" 200 388559
157.55.39.241 - - [10/Dec/2014:04:26:37 -0500] "GET /BLA/resoluciones/RESOLUCIONES%202011/1902.pdf HTTP/1.1" 200 515976
66.249.67.115 - - [10/Dec/2014:04:26:40 -0500] "GET /BLA/resoluciones/RESOLUCIONES%202010/3208.pdf HTTP/1.1" 200 441881
157.55.39.217 - - [10/Dec/2014:04:26:58 -0500] "GET /BLA/resoluciones/RESOLUCIONES%202010/2571.pdf HTTP/1.1" 200 53066
157.55.39.217 - - [10/Dec/2014:04:26:59 -0500] "GET /BLA/resoluciones/RESOLUCIONES%202011/1582.pdf HTTP/1.1" 200 67951
157.55.39.113 - - [10/Dec/2014:04:27:13 -0500] "GET /bla/resoluciones/resoluciones%202010/7862.pdf HTTP/1.1" 200 190807
66.249.67.107 - - [10/Dec/2014:04:27:17 -0500] "GET /BLA/resoluciones/AUTOS%202010/5435.pdf HTTP/1.1" 200 1572310
157.55.39.113 - - [10/Dec/2014:04:27:22 -0500] "GET /BLA/resoluciones/RESOLUCIONES%202008/0713.pdf HTTP/1.1" 200 27251
157.55.39.217 - - [10/Dec/2014:04:27:26 -0500] "GET /BLA/resoluciones/RESOLUCIONES%202011/1183.pdf HTTP/1.1" 200 786224
157.55.39.12 - - [10/Dec/2014:04:27:32 -0500] "GET /BLA/resoluciones/RESOLUCIONES%202011/4652.pdf HTTP/1.1" 200 593922
157.55.39.241 - - [10/Dec/2014:04:27:36 -0500] "GET /bla/resoluciones/resoluciones%202010/5795.pdf HTTP/1.1" 200 91746
157.55.39.113 - - [10/Dec/2014:04:27:41 -0500] "GET /BLA/resoluciones/RESOLUCIONES%202007/RES%202007%203401%20AL%203500/RESOLUCION%203445%20DE%202007.pdf HTTP/1.1" 200 1371428
157.55.39.113 - - [10/Dec/2014:04:27:42 -0500] "GET /BLA/resoluciones/RESOLUCIONES%202008/0109.pdf HTTP/1.1" 200 14974
157.55.39.113 - - [10/Dec/2014:04:27:42 -0500] "GET /BLA/resoluciones/AUTOS%202011/2942.pdf HTTP/1.1" 200 488661
157.55.39.113 - - [10/Dec/2014:04:27:44 -0500] "GET /BLA/resoluciones/RESOLUCIONES%202008/1099.pdf HTTP/1.1" 200 301253
157.55.39.113 - - [10/Dec/2014:04:27:44 -0500] "GET /BLA/resoluciones/AUTOS%202010/5263.pdf HTTP/1.1" 200 324617
157.55.39.217 - - [10/Dec/2014:04:27:46 -0500] "GET /bla/resoluciones/resoluciones%202009/4983.pdf HTTP/1.1" 200 200999
157.55.39.217 - - [10/Dec/2014:04:27:47 -0500] "GET /BLA/resoluciones/RESOLUCIONES%202011/1000.pdf HTTP/1.1" 200 69459
157.55.39.113 - - [10/Dec/2014:04:27:53 -0500] "GET /BLA/resoluciones/AUTOS%202012/1606.pdf HTTP/1.1" 200 189084
66.249.67.99 - - [10/Dec/2014:04:27:54 -0500] "GET /BLA/resoluciones/RESOLUCIONES%202011/6237.pdf HTTP/1.1" 304 -
157.55.39.217 - - [10/Dec/2014:04:28:03 -0500] "GET /BLA/resoluciones/RESOLUCIONES%202008/2047.pdf HTTP/1.1" 200 523738
157.55.39.113 - - [10/Dec/2014:04:28:08 -0500] "GET /BLA/resoluciones/RESOLUCIONES%202008/1963.pdf HTTP/1.1" 200 63336
157.55.39.217 - - [10/Dec/2014:04:28:18 -0500] "GET /BLA/resoluciones/AUTOS%202011/2394.pdf HTTP/1.1" 200 123535
186.154.85.200 - - [10/Dec/2014:04:28:18 -0500] "POST /forms/lservlet;jsessionid=ac16012b30d59104b26b663e46108e6f9a232dfd1dc3.e3iSbxaKaheRe34Sa3yKbhiTahb0n6jAmljGr5XDqQLvpAe HTTP/1.1" 200 2
157.55.39.113 - - [10/Dec/2014:04:28:22 -0500] "GET /BLA/resoluciones/AUTOS%202009/0122.pdf HTTP/1.1" 200 69479
157.55.39.113 - - [10/Dec/2014:04:28:24 -0500] "GET /BLA/resoluciones/AUTOS%202010/0803.pdf HTTP/1.1" 200 177277
157.55.39.113 - - [10/Dec/2014:04:28:27 -0500] "GET /BLA/resoluciones/RESOLUCIONES%202009/2592.pdf HTTP/1.1" 200 1047999
157.55.39.113 - - [10/Dec/2014:04:28:27 -0500] "GET /BLA/resoluciones/AUTOS%202012/0306.pdf HTTP/1.1" 200 181049
66.249.67.99 - - [10/Dec/2014:04:28:31 -0500] "GET /BLA/resoluciones/RESOLUCIONES%202011/1556.pdf HTTP/1.1" 200 155911
157.55.39.217 - - [10/Dec/2014:04:28:38 -0500] "GET /BLA/resoluciones/RESOLUCIONES%202010/2431.pdf HTTP/1.1" 200 504353
188.165.15.10 - - [10/Dec/2014:04:28:41 -0500] "GET /BLA/resoluciones/RESOLUCIONES%202006/RES%202006%201001-1050/00001018.tif HTTP/1.1" 200 71270
157.55.39.12 - - [10/Dec/2014:04:28:42 -0500] "GET /bla/resoluciones/RESOLUCIONES%202011/1495.pdf HTTP/1.1" 200 71215
157.55.39.12 - - [10/Dec/2014:04:28:44 -0500] "GET /BLA/resoluciones/AUTOS%202009/3270.pdf HTTP/1.1" 200 117490
157.55.39.12 - - [10/Dec/2014:04:28:51 -0500] "GET /bla/resoluciones/resoluciones%202010/6434.pdf HTTP/1.1" 200 664797
157.55.39.12 - - [10/Dec/2014:04:28:51 -0500] "GET /bla/resoluciones/resoluciones%202009/5993.pdf HTTP/1.1" 200 253487
74.86.158.107 - - [10/Dec/2014:04:29:03 -0500] "HEAD / HTTP/1.1" 302 -
66.249.67.99 - - [10/Dec/2014:04:29:08 -0500] "GET /BLA/resoluciones/RESOLUCIONES%202007/RES%202007%204101%20AL%204200/RESOLUCION%204124%20DE%202007.pdf HTTP/1.1" 200 611677
66.249.67.99 - - [10/Dec/2014:04:29:09 -0500] "GET /BLA/resoluciones/RESOLUCIONES%202013/0274.pdf HTTP/1.1" 304 -
157.55.39.217 - - [10/Dec/2014:04:29:15 -0500] "GET /BLA/resoluciones/Resoluciones%202011/0099.pdf HTTP/1.1" 200 343303
157.55.39.217 - - [10/Dec/2014:04:29:16 -0500] "GET /bla/resoluciones/resoluciones%202010/0054.pdf HTTP/1.1" 200 490624
180.76.5.80 - - [10/Dec/2014:04:29:17 -0500] "GET /BLA/resoluciones/RESOLUCIONES%202010/1164.pdf HTTP/1.1" 200 97255
157.55.39.13 - - [10/Dec/2014:04:29:21 -0500] "GET /bla/resoluciones/RESOLUCIONES%202011/3336.pdf HTTP/1.1" 200 652864
157.55.39.13 - - [10/Dec/2014:04:29:21 -0500] "GET /BLA/resoluciones/RESOLUCIONES%202007/RES%202007%203401%20AL%203500/RESOLUCION%203483%20DE%202007.pdf HTTP/1.1" 200 1785157
66.249.67.99 - - [10/Dec/2014:04:29:24 -0500] "GET /BLA/resoluciones/index.php?dir=RESOLUCIONES%202004/RES%202004%201751-1800/&sort=date&order=asc HTTP/1.1" 200 12363
157.55.39.240 - - [10/Dec/2014:04:29:25 -0500] "GET /BLA/resoluciones/RESOLUCIONES%202008/0499.pdf HTTP/1.1" 200 120746
157.55.39.240 - - [10/Dec/2014:04:29:26 -0500] "GET /bla/resoluciones/resoluciones%202009/1647.pdf HTTP/1.1" 200 499327
157.55.39.113 - - [10/Dec/2014:04:29:30 -0500] "GET /BLA/resoluciones/AUTOS%202012/2305.pdf HTTP/1.1" 200 346305
157.55.39.217 - - [10/Dec/2014:04:29:35 -0500] "GET /bla/resoluciones/resoluciones%202010/1116.pdf HTTP/1.1" 200 97869
157.55.39.217 - - [10/Dec/2014:04:29:36 -0500] "GET /BLA/resoluciones/AUTOS%202009/2259.pdf HTTP/1.1" 200 120736
157.55.39.12 - - [10/Dec/2014:04:29:41 -0500] "GET /bla/resoluciones/resoluciones%202009/2240.pdf HTTP/1.1" 200 422966
188.165.15.235 - - [10/Dec/2014:04:29:46 -0500] "GET /BLA/resoluciones/RESOLUCIONES%202005/RES%202005%201951-2000/00001976.tif HTTP/1.1" 200 155436
66.249.67.115 - - [10/Dec/2014:04:29:46 -0500] "GET /BLA/resoluciones/AUTOS%202013/0360.pdf HTTP/1.1" 304 -
157.55.39.217 - - [10/Dec/2014:04:29:49 -0500] "GET /BLA/resoluciones/AUTOS%202009/2635.pdf HTTP/1.1" 200 98599
157.55.39.240 - - [10/Dec/2014:04:30:01 -0500] "GET /bla/resoluciones/resoluciones%202009/8857.pdf HTTP/1.1" 200 366556
157.55.39.240 - - [10/Dec/2014:04:30:03 -0500] "GET /bla/resoluciones/RESOLUCIONES%202011/0584.pdf HTTP/1.1" 200 75065
157.55.39.240 - - [10/Dec/2014:04:30:12 -0500] "GET /BLA/resoluciones/RESOLUCIONES%202011/0741.pdf HTTP/1.1" 200 66907
157.55.39.113 - - [10/Dec/2014:04:30:16 -0500] "GET /bla/resoluciones/resoluciones%202009/9137.pdf HTTP/1.1" 200 170645
186.154.85.200 - - [10/Dec/2014:04:30:18 -0500] "POST /forms/lservlet;jsessionid=ac16012b30d59104b26b663e46108e6f9a232dfd1dc3.e3iSbxaKaheRe34Sa3yKbhiTahb0n6jAmljGr5XDqQLvpAe HTTP/1.1" 200 2
157.55.39.217 - - [10/Dec/2014:04:30:21 -0500] "GET /bla/resoluciones/resoluciones%202009/2379.pdf HTTP/1.1" 200 426094
157.55.39.217 - - [10/Dec/2014:04:30:22 -0500] "GET /BLA/resoluciones/RESOLUCIONES%202009/1850.pdf HTTP/1.1" 200 522386
186.145.107.135 - - [10/Dec/2014:04:30:23 -0500] "GET /BLA/boletinlegal/js/jquery.scrollShow.js HTTP/1.1" 200 4586
186.145.107.135 - - [10/Dec/2014:04:30:23 -0500] "GET /BLA/boletinlegal/js/jquery.scrollTo-min.js HTTP/1.1" 200 1150
186.145.107.135 - - [10/Dec/2014:04:30:23 -0500] "GET /BLA/boletinlegal/js/jquery.js HTTP/1.1" 200 57254
66.249.67.99 - - [10/Dec/2014:04:30:23 -0500] "GET /BLA/resoluciones/RESOLUCIONES%202007/RES%202007%203101%20AL%203200/RESOLUCION%203183%20%20DE%202007.pdf HTTP/1.1" 304 -
157.55.39.13 - - [10/Dec/2014:04:30:26 -0500] "GET /bla/resoluciones/resoluciones%202010/6254.pdf HTTP/1.1" 200 594643
157.55.39.113 - - [10/Dec/2014:04:30:31 -0500] "GET /BLA/resoluciones/AUTOS%202012/1248.pdf HTTP/1.1" 200 209214
157.55.39.241 - - [10/Dec/2014:04:30:36 -0500] "GET /BLA/resoluciones/AUTOS%202012/1110.pdf HTTP/1.1" 200 627415
157.55.39.217 - - [10/Dec/2014:04:30:42 -0500] "GET /BLA/resoluciones/RESOLUCIONES%202010/0756.pdf HTTP/1.1" 200 101526
157.55.39.113 - - [10/Dec/2014:04:30:49 -0500] "GET /bla/resoluciones/RESOLUCIONES%202011/2666.pdf HTTP/1.1" 200 471038
157.55.39.240 - - [10/Dec/2014:04:30:54 -0500] "GET /BLA/resoluciones/RESOLUCIONES%202011/0840.pdf HTTP/1.1" 200 812330
157.55.39.240 - - [10/Dec/2014:04:30:55 -0500] "GET /BLA/resoluciones/RESOLUCIONES%202008/2217.pdf HTTP/1.1" 200 194500
157.55.39.13 - - [10/Dec/2014:04:30:59 -0500] "GET /BLA/resoluciones/AUTOS%202009/0721.pdf HTTP/1.1" 200 342927
66.249.67.115 - - [10/Dec/2014:04:31:00 -0500] "GET /BLA/resoluciones/RESOLUCIONES%202009/6928.pdf HTTP/1.1" 304 -
157.55.39.113 - - [10/Dec/2014:04:31:18 -0500] "GET /BLA/resoluciones/RESOLUCIONES%202010/2668.pdf HTTP/1.1" 200 384200
157.55.39.240 - - [10/Dec/2014:04:31:24 -0500] "GET /bla/resoluciones/resoluciones%202009/0740.pdf HTTP/1.1" 200 42422
157.55.39.18 - - [10/Dec/2014:04:31:28 -0500] "GET /BLA/resoluciones/Resoluciones%202011/2274.pdf HTTP/1.1" 200 542530
66.249.67.115 - - [10/Dec/2014:04:31:38 -0500] "GET /BLA/resoluciones/AUTOS%202013/0079.pdf HTTP/1.1" 304 -
157.55.39.113 - - [10/Dec/2014:04:31:38 -0500] "GET /BLA/resoluciones/AUTOS%202012/0283.pdf HTTP/1.1" 200 605828
157.55.39.12 - - [10/Dec/2014:04:31:42 -0500] "GET /BLA/resoluciones/RESOLUCIONES%202009/7899.pdf HTTP/1.1" 200 815850
66.249.67.107 - - [10/Dec/2014:04:31:57 -0500] "GET /BLA/resoluciones/RESOLUCIONES%202010/2466.pdf HTTP/1.1" 200 493301
157.55.39.217 - - [10/Dec/2014:04:32:00 -0500] "GET /BLA/resoluciones/Resoluciones%202011/2201.pdf HTTP/1.1" 200 512465
157.55.39.113 - - [10/Dec/2014:04:32:04 -0500] "GET /bla/resoluciones/resoluciones%202009/9331.pdf HTTP/1.1" 200 1166631
157.55.39.217 - - [10/Dec/2014:04:32:10 -0500] "GET /BLA/resoluciones/AUTOS%202012/2141.pdf HTTP/1.1" 200 746056
66.249.67.99 - - [10/Dec/2014:04:32:15 -0500] "GET /BLA/resoluciones/RESOLUCIONES%202008/4187.pdf HTTP/1.1" 304 -
186.154.85.200 - - [10/Dec/2014:04:32:18 -0500] "POST /forms/lservlet;jsessionid=ac16012b30d59104b26b663e46108e6f9a232dfd1dc3.e3iSbxaKaheRe34Sa3yKbhiTahb0n6jAmljGr5XDqQLvpAe HTTP/1.1" 200 2
188.165.15.187 - - [10/Dec/2014:04:32:19 -0500] "GET /BLA/resoluciones/RESOLUCIONES%202006/RES%202006%20%202901-2950/00002925.tif HTTP/1.1" 200 129918
157.55.39.113 - - [10/Dec/2014:04:32:23 -0500] "GET /bla/resoluciones/resoluciones%202009/0082.pdf HTTP/1.1" 200 415408
157.55.39.13 - - [10/Dec/2014:04:32:27 -0500] "GET /bla/resoluciones/resoluciones%202009/0249.pdf HTTP/1.1" 200 673178
157.55.39.12 - - [10/Dec/2014:04:32:36 -0500] "GET /bla/resoluciones/resoluciones%202010/0128.pdf HTTP/1.1" 200 386612
157.55.39.113 - - [10/Dec/2014:04:32:43 -0500] "GET /bla/resoluciones/resoluciones%202009/1179.pdf HTTP/1.1" 200 326867
157.55.39.12 - - [10/Dec/2014:04:32:47 -0500] "GET /bla/resoluciones/resoluciones%202009/4039.pdf HTTP/1.1" 200 297844
66.249.67.107 - - [10/Dec/2014:04:32:52 -0500] "GET /BLA/resoluciones/RESOLUCIONES%202011/1122.pdf HTTP/1.1" 200 482688
157.55.39.13 - - [10/Dec/2014:04:33:07 -0500] "GET /BLA/resoluciones/RESOLUCIONES%202009/7172.pdf HTTP/1.1" 200 674004
157.55.39.13 - - [10/Dec/2014:04:33:08 -0500] "GET /BLA/resoluciones/RESOLUCIONES%202008/1309.pdf HTTP/1.1" 200 50034
157.55.39.13 - - [10/Dec/2014:04:33:25 -0500] "GET /BLA/resoluciones/Resoluciones%202011/0119.pdf HTTP/1.1" 200 309936
66.249.67.107 - - [10/Dec/2014:04:33:29 -0500] "GET /BLA/resoluciones/AUTOS%202013/0492.pdf HTTP/1.1" 304 -
157.55.39.241 - - [10/Dec/2014:04:33:37 -0500] "GET /BLA/resoluciones/RESOLUCIONES%202009/4102.pdf HTTP/1.1" 200 1629421
66.249.67.107 - - [10/Dec/2014:04:33:40 -0500] "GET /BLA/resoluciones/RESOLUCIONES%202003/RES%202003%201751-1800/20031765.tif HTTP/1.1" 200 82440
157.55.39.113 - - [10/Dec/2014:04:33:43 -0500] "GET /bla/resoluciones/resoluciones%202010/5236.pdf HTTP/1.1" 200 777769
157.55.39.113 - - [10/Dec/2014:04:33:44 -0500] "GET /BLA/resoluciones/RESOLUCIONES%202009/8742.pdf HTTP/1.1" 200 874964
157.55.39.217 - - [10/Dec/2014:04:33:50 -0500] "GET /bla/resoluciones/resoluciones%202009/9394.pdf HTTP/1.1" 200 598847
157.55.39.217 - - [10/Dec/2014:04:33:51 -0500] "GET /bla/resoluciones/resoluciones%202009/7293.pdf HTTP/1.1" 200 300475
157.55.39.13 - - [10/Dec/2014:04:33:56 -0500] "GET /BLA/resoluciones/Resoluciones%202011/1472.pdf HTTP/1.1" 200 80349
157.55.39.113 - - [10/Dec/2014:04:34:00 -0500] "GET /bla/resoluciones/resoluciones%202010/6026.pdf HTTP/1.1" 200 736523
74.86.158.107 - - [10/Dec/2014:04:34:03 -0500] "HEAD / HTTP/1.1" 302 -
157.55.39.113 - - [10/Dec/2014:04:34:05 -0500] "GET /BLA/resoluciones/AUTOS%202011/5118.pdf HTTP/1.1" 200 284239
66.249.67.115 - - [10/Dec/2014:04:34:07 -0500] "GET /BLA/resoluciones/RESOLUCIONES%202010/2592.pdf HTTP/1.1" 304 -
186.154.85.200 - - [10/Dec/2014:04:34:18 -0500] "POST /forms/lservlet;jsessionid=ac16012b30d59104b26b663e46108e6f9a232dfd1dc3.e3iSbxaKaheRe34Sa3yKbhiTahb0n6jAmljGr5XDqQLvpAe HTTP/1.1" 200 2
180.76.5.151 - - [10/Dec/2014:04:34:27 -0500] "GET /BLA/resoluciones/RESOLUCIONES%202010/0941.pdf HTTP/1.1" 200 103306
66.249.67.115 - - [10/Dec/2014:04:34:38 -0500] "GET /BLA/resoluciones/RESOLUCIONES%202002/RES%202002%20701-750/00000728.tif HTTP/1.1" 200 76992
157.55.39.113 - - [10/Dec/2014:04:34:39 -0500] "GET /bla/resoluciones/resoluciones%202010/5701.pdf HTTP/1.1" 200 76832
157.55.39.113 - - [10/Dec/2014:04:34:40 -0500] "GET /BLA/resoluciones/Resoluciones%202011/3475.pdf HTTP/1.1" 200 530410
157.55.39.217 - - [10/Dec/2014:04:34:45 -0500] "GET /BLA/resoluciones/RESOLUCIONES%202011/3994.pdf HTTP/1.1" 200 486039
157.55.39.113 - - [10/Dec/2014:04:34:49 -0500] "GET /BLA/resoluciones/RESOLUCIONES%202009/0177.pdf HTTP/1.1" 200 470150
157.55.39.217 - - [10/Dec/2014:04:34:59 -0500] "GET /bla/resoluciones/resoluciones%202010/5823.pdf HTTP/1.1" 200 97610
157.55.39.13 - - [10/Dec/2014:04:35:15 -0500] "GET /BLA/resoluciones/RESOLUCIONES%202011/3805.pdf HTTP/1.1" 200 637900
157.55.39.13 - - [10/Dec/2014:04:35:16 -0500] "GET /BLA/resoluciones/RESOLUCIONES%202008/1455.pdf HTTP/1.1" 200 305849
157.55.39.13 - - [10/Dec/2014:04:35:17 -0500] "GET /bla/resoluciones/RESOLUCIONES%202011/0223.pdf HTTP/1.1" 200 74312
157.55.39.240 - - [10/Dec/2014:04:35:20 -0500] "GET /BLA/resoluciones/RESOLUCIONES%202009/1695.pdf HTTP/1.1" 200 792954
157.55.39.113 - - [10/Dec/2014:04:35:29 -0500] "GET /bla/resoluciones/resoluciones%202009/8005.pdf HTTP/1.1" 200 339514
157.55.39.113 - - [10/Dec/2014:04:35:30 -0500] "GET /bla/resoluciones/resoluciones%202010/1581.pdf HTTP/1.1" 200 494139
157.55.39.217 - - [10/Dec/2014:04:35:31 -0500] "GET /BLA/resoluciones/Resoluciones%202011/1000.pdf HTTP/1.1" 200 69459
157.55.39.12 - - [10/Dec/2014:04:35:34 -0500] "GET /BLA/resoluciones/Resoluciones%202011/0564.pdf HTTP/1.1" 200 342209
157.55.39.217 - - [10/Dec/2014:04:35:40 -0500] "GET /BLA/resoluciones/RESOLUCIONES%202009/0613.pdf HTTP/1.1" 200 310943
157.55.39.217 - - [10/Dec/2014:04:35:40 -0500] "GET /BLA/resoluciones/RESOLUCIONES%202011/1883.pdf HTTP/1.1" 200 517078
157.55.39.240 - - [10/Dec/2014:04:35:49 -0500] "GET /bla/resoluciones/resoluciones%202010/7870.pdf HTTP/1.1" 200 394585
157.55.39.12 - - [10/Dec/2014:04:35:53 -0500] "GET /bla/resoluciones/resoluciones%202009/8042.pdf HTTP/1.1" 200 414432
157.55.39.12 - - [10/Dec/2014:04:35:54 -0500] "GET /BLA/resoluciones/RESOLUCIONES%202009/4118.pdf HTTP/1.1" 200 788047
66.249.67.107 - - [10/Dec/2014:04:35:54 -0500] "GET /BLA/resoluciones/RESOLUCIONES%202007/RES%202007%202501%20AL%202600/RESOLUCION%202565%20DE%202007.pdf HTTP/1.1" 304 -
66.249.67.115 - - [10/Dec/2014:04:35:54 -0500] "GET /BLA/resoluciones/RESOLUCIONES%202009/4422.pdf HTTP/1.1" 200 755944
66.249.67.107 - - [10/Dec/2014:04:35:58 -0500] "GET /BLA/resoluciones/AUTOS%202012/2510.pdf HTTP/1.1" 304 -
157.55.39.13 - - [10/Dec/2014:04:36:06 -0500] "GET /BLA/resoluciones/RESOLUCIONES%202011/4467.pdf HTTP/1.1" 200 554830
186.154.85.200 - - [10/Dec/2014:04:36:18 -0500] "POST /forms/lservlet;jsessionid=ac16012b30d59104b26b663e46108e6f9a232dfd1dc3.e3iSbxaKaheRe34Sa3yKbhiTahb0n6jAmljGr5XDqQLvpAe HTTP/1.1" 200 2
157.55.39.240 - - [10/Dec/2014:04:36:25 -0500] "GET /BLA/resoluciones/RESOLUCIONES%202009/3448.pdf HTTP/1.1" 200 605113
157.55.39.241 - - [10/Dec/2014:04:36:26 -0500] "GET /BLA/resoluciones/Resoluciones%202011/1041.pdf HTTP/1.1" 200 70069
157.55.39.217 - - [10/Dec/2014:04:36:30 -0500] "GET /bla/resoluciones/RESOLUCIONES%202011/1103.pdf HTTP/1.1" 200 250186
66.249.67.99 - - [10/Dec/2014:04:36:35 -0500] "GET /BLA/resoluciones/AUTOS%202008/0508.pdf HTTP/1.1" 304 -
157.55.39.217 - - [10/Dec/2014:04:36:40 -0500] "GET /bla/resoluciones/resoluciones%202010/0504.pdf HTTP/1.1" 200 113072
157.55.39.12 - - [10/Dec/2014:04:36:44 -0500] "GET /BLA/resoluciones/RESOLUCIONES%202008/0673.pdf HTTP/1.1" 200 58763
157.55.39.113 - - [10/Dec/2014:04:36:50 -0500] "GET /BLA/resoluciones/RESOLUCIONES%202010/1092.pdf HTTP/1.1" 200 107030
157.55.39.113 - - [10/Dec/2014:04:36:50 -0500] "GET /bla/resoluciones/resoluciones%202010/1469.pdf HTTP/1.1" 200 517489
207.46.13.21 - - [10/Dec/2014:04:36:52 -0500] "GET /dama/libreria/php/frame_detalle.php?patron=&h_id=576&inicio_2=1 HTTP/1.1" 404 1015
66.249.67.115 - - [10/Dec/2014:04:37:13 -0500] "GET /BLA/resoluciones/RESOLUCIONES%202008/0809.pdf HTTP/1.1" 304 -
157.55.39.113 - - [10/Dec/2014:04:37:14 -0500] "GET /bla/resoluciones/resoluciones%202010/5553.pdf HTTP/1.1" 200 398170
157.55.39.217 - - [10/Dec/2014:04:37:19 -0500] "GET /bla/resoluciones/resoluciones%202009/1184.pdf HTTP/1.1" 200 282502
157.55.39.12 - - [10/Dec/2014:04:37:29 -0500] "GET /BLA/resoluciones/RESOLUCIONES%202010/2217.pdf HTTP/1.1" 200 476682
66.249.67.107 - - [10/Dec/2014:04:37:34 -0500] "GET /BLA/resoluciones/RESOLUCIONES%202007/RES%202007%203601%20AL%203700/RESOLUCION%203677%20DE%202007.pdf HTTP/1.1" 200 80357
157.55.39.12 - - [10/Dec/2014:04:37:40 -0500] "GET /bla/resoluciones/resoluciones%202010/1277.pdf HTTP/1.1" 200 98893
180.76.5.73 - - [10/Dec/2014:04:37:44 -0500] "GET /BLA/resoluciones/RESOLUCIONES%202008/0426.pdf HTTP/1.1" 200 290725
157.55.39.12 - - [10/Dec/2014:04:37:44 -0500] "GET /BLA/resoluciones/RESOLUCIONES%202011/0503.pdf HTTP/1.1" 200 795552
66.249.67.115 - - [10/Dec/2014:04:37:50 -0500] "GET /BLA/resoluciones/AUTOS%202013/1332.pdf HTTP/1.1" 200 983795
157.55.39.217 - - [10/Dec/2014:04:37:50 -0500] "GET /bla/resoluciones/resoluciones%202009/2043.pdf HTTP/1.1" 200 758346
157.55.39.113 - - [10/Dec/2014:04:38:00 -0500] "GET /BLA/resoluciones/AUTOS%202009/2595.pdf HTTP/1.1" 200 113422
157.55.39.113 - - [10/Dec/2014:04:38:00 -0500] "GET /BLA/resoluciones/RESOLUCIONES%202008/0970.pdf HTTP/1.1" 200 215290
157.55.39.240 - - [10/Dec/2014:04:38:04 -0500] "GET /bla/resoluciones/resoluciones%202010/1442.pdf HTTP/1.1" 200 359030
157.55.39.240 - - [10/Dec/2014:04:38:05 -0500] "GET /BLA/resoluciones/RESOLUCIONES%202011/4550.pdf HTTP/1.1" 200 987196
157.55.39.13 - - [10/Dec/2014:04:38:10 -0500] "GET /BLA/resoluciones/AUTOS%202010/2454.pdf HTTP/1.1" 200 166039
157.55.39.113 - - [10/Dec/2014:04:38:15 -0500] "GET /bla/resoluciones/resoluciones%202010/1484.pdf HTTP/1.1" 200 519395
186.154.85.200 - - [10/Dec/2014:04:38:18 -0500] "POST /forms/lservlet;jsessionid=ac16012b30d59104b26b663e46108e6f9a232dfd1dc3.e3iSbxaKaheRe34Sa3yKbhiTahb0n6jAmljGr5XDqQLvpAe HTTP/1.1" 200 2
157.55.39.240 - - [10/Dec/2014:04:38:22 -0500] "GET /BLA/resoluciones/RESOLUCIONES%202011/3320.pdf HTTP/1.1" 200 790108
66.249.67.115 - - [10/Dec/2014:04:38:27 -0500] "GET /BLA/resoluciones/RESOLUCIONES%202010/7437.pdf HTTP/1.1" 200 385377
157.55.39.113 - - [10/Dec/2014:04:38:30 -0500] "GET /bla/resoluciones/resoluciones%202009/0570.pdf HTTP/1.1" 200 307296
157.55.39.217 - - [10/Dec/2014:04:38:34 -0500] "GET /BLA/resoluciones/RESOLUCIONES%202010/1855.pdf HTTP/1.1" 200 485357
157.55.39.240 - - [10/Dec/2014:04:38:54 -0500] "GET /BLA/resoluciones/RESOLUCIONES%202010/0405.pdf HTTP/1.1" 200 500097
157.55.39.113 - - [10/Dec/2014:04:38:58 -0500] "GET /BLA/resoluciones/AUTOS%202011/1830.pdf HTTP/1.1" 200 186483
74.86.158.107 - - [10/Dec/2014:04:39:03 -0500] "HEAD / HTTP/1.1" 302 -
157.55.39.13 - - [10/Dec/2014:04:39:03 -0500] "GET /BLA/resoluciones/RESOLUCIONES%202008/0965.pdf HTTP/1.1" 200 363941
66.249.67.107 - - [10/Dec/2014:04:39:04 -0500] "GET /BLA/resoluciones/AUTOS%202012/1988.pdf HTTP/1.1" 304 -
157.55.39.240 - - [10/Dec/2014:04:39:09 -0500] "GET /bla/resoluciones/RESOLUCIONES%202011/0726.pdf HTTP/1.1" 200 73145
157.55.39.240 - - [10/Dec/2014:04:39:09 -0500] "GET /BLA/resoluciones/AUTOS%202012/1683.pdf HTTP/1.1" 200 334241
157.55.39.113 - - [10/Dec/2014:04:39:13 -0500] "GET /BLA/resoluciones/RESOLUCIONES%202010/1391.pdf HTTP/1.1" 200 381448
157.55.39.217 - - [10/Dec/2014:04:39:19 -0500] "GET /BLA/resoluciones/RESOLUCIONES%202008/0400.pdf HTTP/1.1" 200 238360
157.55.39.13 - - [10/Dec/2014:04:39:24 -0500] "GET /bla/resoluciones/resoluciones%202009/1013.pdf HTTP/1.1" 200 210994
157.55.39.13 - - [10/Dec/2014:04:39:24 -0500] "GET /bla/resoluciones/resoluciones%202009/0336.pdf HTTP/1.1" 200 256263
157.55.39.13 - - [10/Dec/2014:04:39:25 -0500] "GET /BLA/resoluciones/RESOLUCIONES%202011/0234.pdf HTTP/1.1" 200 1399963
66.249.67.115 - - [10/Dec/2014:04:39:32 -0500] "GET /BLA/boletinlegal/js/jquery.js HTTP/1.1" 200 57254
66.249.67.115 - - [10/Dec/2014:04:39:32 -0500] "GET /galeria/carrusel/Carrusel/jquery.thumbnailScroller.css HTTP/1.1" 200 2066
66.249.67.107 - - [10/Dec/2014:04:39:34 -0500] "GET /BLA/boletinlegal/js/jquery.scrollTo-min.js HTTP/1.1" 200 1150
157.55.39.113 - - [10/Dec/2014:04:39:36 -0500] "GET /BLA/resoluciones/AUTOS%202012/2432.pdf HTTP/1.1" 200 907765
157.55.39.113 - - [10/Dec/2014:04:39:36 -0500] "GET /bla/resoluciones/resoluciones%202010/7616.pdf HTTP/1.1" 200 80553
66.249.67.115 - - [10/Dec/2014:04:39:37 -0500] "GET /BLA/boletinlegal/js/jquery.scrollShow.js HTTP/1.1" 200 4586
66.249.67.107 - - [10/Dec/2014:04:39:39 -0500] "GET /galeria/carrusel/Carrusel/jquery.thumbnailScroller.js HTTP/1.1" 200 8157
157.55.39.217 - - [10/Dec/2014:04:39:40 -0500] "GET /BLA/resoluciones/AUTOS%202009/2617.pdf HTTP/1.1" 200 105543
66.249.67.115 - - [10/Dec/2014:04:39:42 -0500] "GET /BLA/resoluciones/RESOLUCIONES%202009/4361.pdf HTTP/1.1" 304 -
66.249.67.107 - - [10/Dec/2014:04:39:44 -0500] "GET /galeria/carrusel/Carrusel/jquery-ui-1.8.13.custom.min.js HTTP/1.1" 200 10800
157.55.39.12 - - [10/Dec/2014:04:39:46 -0500] "GET /BLA/resoluciones/Resoluciones%202011/0113.pdf HTTP/1.1" 200 461270
157.55.39.113 - - [10/Dec/2014:04:39:52 -0500] "GET /BLA/resoluciones/Resoluciones%202011/1302.pdf HTTP/1.1" 200 74663
157.55.39.240 - - [10/Dec/2014:04:39:59 -0500] "GET /bla/resoluciones/resoluciones%202009/1352.pdf HTTP/1.1" 200 627199
157.55.39.217 - - [10/Dec/2014:04:40:04 -0500] "GET /bla/resoluciones/resoluciones%202009/0264.pdf HTTP/1.1" 200 172212
157.55.39.217 - - [10/Dec/2014:04:40:05 -0500] "GET /bla/resoluciones/RESOLUCIONES%202011/2831.pdf HTTP/1.1" 200 767252
