157.55.39.12 - - [10/Dec/2014:02:06:49 -0500] "GET /BLA/resoluciones/AUTOS%202009/2612.pdf HTTP/1.1" 200 71001
66.249.67.99 - - [10/Dec/2014:02:07:01 -0500] "GET /BLA/resoluciones/RESOLUCIONES%202011/4966.pdf HTTP/1.1" 200 579673
73.37.47.48 - - [10/Dec/2014:02:07:08 -0500] "GET /webdav/x32.php?act=phptools&host=189.18.25.135&port=80&time=500 HTTP/1.1" 404 1018
157.55.39.13 - - [10/Dec/2014:02:07:13 -0500] "GET /bla/resoluciones/resoluciones%202009/8977.pdf HTTP/1.1" 200 523005
157.55.39.113 - - [10/Dec/2014:02:07:17 -0500] "GET /BLA/resoluciones/AUTOS%202012/1661.pdf HTTP/1.1" 200 330349
157.55.39.241 - - [10/Dec/2014:02:07:23 -0500] "GET /BLA/resoluciones/RESOLUCIONES%202008/1378.pdf HTTP/1.1" 200 145150
157.55.39.12 - - [10/Dec/2014:02:07:37 -0500] "GET /BLA/resoluciones/AUTOS%202011/2413.pdf HTTP/1.1" 200 74460
66.249.67.99 - - [10/Dec/2014:02:07:38 -0500] "GET /BLA/resoluciones/RESOLUCIONES%202007/RES%202007%20201%20AL%20300/RESOLUCION%200262%20DE%202007.pdf HTTP/1.1" 200 101017
73.37.47.48 - - [10/Dec/2014:02:07:57 -0500] "GET /webdav/x32.php?act=phptools&host=189.18.25.135&port=80&time=500 HTTP/1.1" 404 1018
157.55.39.13 - - [10/Dec/2014:02:07:59 -0500] "GET /BLA/resoluciones/Resoluciones%202011/3340.pdf HTTP/1.1" 200 613208
157.55.39.240 - - [10/Dec/2014:02:08:03 -0500] "GET /bla/resoluciones/resoluciones%202009/3708.pdf HTTP/1.1" 200 54970
66.249.67.99 - - [10/Dec/2014:02:08:15 -0500] "GET /BLA/resoluciones/AUTOS%202011/3902.pdf HTTP/1.1" 200 217118
188.165.15.14 - - [10/Dec/2014:02:08:44 -0500] "GET /BLA/resoluciones/index.php?dir=RESOLUCIONES%202005/RES%202005%202001-2050/&sort=size&order=desc HTTP/1.1" 200 12357
157.55.39.217 - - [10/Dec/2014:02:08:44 -0500] "GET /BLA/resoluciones/RESOLUCIONES%202008/0611.pdf HTTP/1.1" 200 63890
157.55.39.240 - - [10/Dec/2014:02:08:48 -0500] "GET /bla/resoluciones/resoluciones%202009/8961.pdf HTTP/1.1" 200 401400
66.249.67.99 - - [10/Dec/2014:02:08:52 -0500] "GET /BLA/resoluciones/RESOLUCIONES%202004/RES%202004%201401-1450/00001422.tif HTTP/1.1" 200 1048438
157.55.39.13 - - [10/Dec/2014:02:08:53 -0500] "GET /BLA/resoluciones/AUTOS%202011/4379.pdf HTTP/1.1" 200 512365
66.249.67.115 - - [10/Dec/2014:02:08:54 -0500] "GET /BLA/resoluciones/AUTOS%202014/1313.pdf HTTP/1.1" 200 612295
157.55.39.217 - - [10/Dec/2014:02:09:01 -0500] "GET /bla/resoluciones/resoluciones%202010/0997.pdf HTTP/1.1" 200 119318
74.86.158.107 - - [10/Dec/2014:02:09:04 -0500] "HEAD / HTTP/1.1" 302 -
157.55.39.240 - - [10/Dec/2014:02:09:05 -0500] "GET /BLA/resoluciones/Resoluciones%202011/0459.pdf HTTP/1.1" 200 524865
157.55.39.113 - - [10/Dec/2014:02:09:11 -0500] "GET /bla/resoluciones/resoluciones%202009/0786.pdf HTTP/1.1" 200 230482
157.55.39.13 - - [10/Dec/2014:02:09:16 -0500] "GET /BLA/resoluciones/AUTOS%202009/0815.pdf HTTP/1.1" 200 72249
157.55.39.13 - - [10/Dec/2014:02:09:17 -0500] "GET /BLA/resoluciones/AUTOS%202009/1870.pdf HTTP/1.1" 200 103943
157.55.39.113 - - [10/Dec/2014:02:09:28 -0500] "GET /BLA/resoluciones/Resoluciones%202011/3041.pdf HTTP/1.1" 200 811964
66.249.67.115 - - [10/Dec/2014:02:09:30 -0500] "GET /BLA/resoluciones/RESOLUCIONES%202009/4683.pdf HTTP/1.1" 304 -
66.249.67.107 - - [10/Dec/2014:02:09:30 -0500] "GET /BLA/resoluciones/RESOLUCIONES%202013/1431.pdf HTTP/1.1" 200 298041
157.55.39.217 - - [10/Dec/2014:02:09:39 -0500] "GET /BLA/resoluciones/AUTOS%202009/0475.pdf HTTP/1.1" 200 448583
95.94.27.145 - - [10/Dec/2014:02:09:43 -0500] "POST /xmlrpc.php HTTP/1.1" 404 1018
157.55.39.12 - - [10/Dec/2014:02:09:43 -0500] "GET /BLA/resoluciones/RESOLUCIONES%202011/1672.pdf HTTP/1.1" 200 66987
157.55.39.12 - - [10/Dec/2014:02:09:44 -0500] "GET /bla/resoluciones/resoluciones%202009/9051.pdf HTTP/1.1" 200 496921
66.249.67.115 - - [10/Dec/2014:02:09:46 -0500] "GET /BLA/resoluciones/index.php?dir=RESOLUCIONES%202004/RES%202004%201601-1650/&sort=name&order=desc HTTP/1.1" 200 12358
157.55.39.240 - - [10/Dec/2014:02:09:48 -0500] "GET /bla/resoluciones/resoluciones%202009/0439.pdf HTTP/1.1" 200 181456
157.55.39.240 - - [10/Dec/2014:02:09:49 -0500] "GET /BLA/resoluciones/Resoluciones%202011/1220.pdf HTTP/1.1" 200 511935
157.55.39.240 - - [10/Dec/2014:02:09:49 -0500] "GET /BLA/resoluciones/RESOLUCIONES%202011/1926.pdf HTTP/1.1" 200 305741
157.55.39.240 - - [10/Dec/2014:02:09:51 -0500] "GET /BLA/resoluciones/AUTOS%202011/1674.pdf HTTP/1.1" 200 173689
157.55.39.217 - - [10/Dec/2014:02:09:55 -0500] "GET /BLA/resoluciones/RESOLUCIONES%202011/1634.pdf HTTP/1.1" 200 266280
157.55.39.240 - - [10/Dec/2014:02:10:01 -0500] "GET /bla/resoluciones/resoluciones%202009/4977.pdf HTTP/1.1" 200 339824
157.55.39.240 - - [10/Dec/2014:02:10:02 -0500] "GET /bla/resoluciones/resoluciones%202010/1000.pdf HTTP/1.1" 200 100966
157.55.39.113 - - [10/Dec/2014:02:10:05 -0500] "GET /BLA/resoluciones/RESOLUCIONES%202009/1569.pdf HTTP/1.1" 200 108949
66.249.67.115 - - [10/Dec/2014:02:10:07 -0500] "GET /BLA/resoluciones/RESOLUCIONES%202007/RES%202007%204201%20AL%204300/RESOLUCION%204282%20DE%202007.pdf HTTP/1.1" 304 -
157.55.39.13 - - [10/Dec/2014:02:10:20 -0500] "GET /BLA/resoluciones/AUTOS%202010/5432.pdf HTTP/1.1" 200 203252
157.55.39.240 - - [10/Dec/2014:02:10:24 -0500] "GET /BLA/resoluciones/AUTOS%202011/3000.pdf HTTP/1.1" 200 186965
157.55.39.241 - - [10/Dec/2014:02:10:26 -0500] "GET /BLA/resoluciones/RESOLUCIONES%202008/2189.pdf HTTP/1.1" 200 318926
157.55.39.113 - - [10/Dec/2014:02:10:30 -0500] "GET /bla/resoluciones/resoluciones%202010/1663.pdf HTTP/1.1" 200 466823
157.55.39.113 - - [10/Dec/2014:02:10:30 -0500] "GET /BLA/resoluciones/AUTOS%202010/6620.pdf HTTP/1.1" 200 154911
188.165.15.55 - - [10/Dec/2014:02:10:34 -0500] "GET /BLA/resoluciones/RESOLUCIONES%202006/RES%202006%20551-600/00000552.tif HTTP/1.1" 200 127312
66.249.67.99 - - [10/Dec/2014:02:10:38 -0500] "GET /BLA/resoluciones/RESOLUCIONES%202002/RES%202002%20501-550/00000501.tif HTTP/1.1" 200 134664
157.55.39.60 - - [10/Dec/2014:02:10:42 -0500] "GET /dama/libreria/php/decide.php?patron=03.1305020113&numm=15 HTTP/1.1" 404 1019
220.181.108.95 - - [10/Dec/2014:02:10:44 -0500] "GET / HTTP/1.1" 302 -
66.249.67.115 - - [10/Dec/2014:02:10:44 -0500] "GET /BLA/resoluciones/RESOLUCIONES%202013/0025.pdf HTTP/1.1" 200 5879706
157.55.39.240 - - [10/Dec/2014:02:11:02 -0500] "GET /bla/resoluciones/resoluciones%202010/7839.pdf HTTP/1.1" 200 282881
123.125.71.14 - - [10/Dec/2014:02:11:09 -0500] "GET / HTTP/1.1" 302 -
157.55.39.13 - - [10/Dec/2014:02:11:12 -0500] "GET /bla/resoluciones/resoluciones%202009/9419.pdf HTTP/1.1" 200 453805
157.55.39.13 - - [10/Dec/2014:02:11:13 -0500] "GET /bla/resoluciones/resoluciones%202010/1628.pdf HTTP/1.1" 200 440313
66.249.67.115 - - [10/Dec/2014:02:11:21 -0500] "GET /BLA/resoluciones/RESOLUCIONES%202009/7846.pdf HTTP/1.1" 304 -
157.55.39.13 - - [10/Dec/2014:02:11:23 -0500] "GET /BLA/resoluciones/AUTOS%202011/1134.pdf HTTP/1.1" 200 274807
157.55.39.13 - - [10/Dec/2014:02:11:24 -0500] "GET /bla/resoluciones/resoluciones%202009/0076.pdf HTTP/1.1" 200 273903
157.55.39.113 - - [10/Dec/2014:02:11:27 -0500] "GET /BLA/resoluciones/RESOLUCIONES%202009/4190.pdf HTTP/1.1" 200 1050511
157.55.39.217 - - [10/Dec/2014:02:11:33 -0500] "GET /bla/resoluciones/resoluciones%202009/9425.pdf HTTP/1.1" 200 472413
157.55.39.113 - - [10/Dec/2014:02:11:38 -0500] "GET /BLA/resoluciones/RESOLUCIONES%202010/2511.pdf HTTP/1.1" 200 178515
157.55.39.241 - - [10/Dec/2014:02:11:43 -0500] "GET /BLA/resoluciones/RESOLUCIONES%202011/0222.pdf HTTP/1.1" 200 65015
157.55.39.241 - - [10/Dec/2014:02:11:43 -0500] "GET /BLA/resoluciones/RESOLUCIONES%202009/1167.pdf HTTP/1.1" 200 233164
157.55.39.113 - - [10/Dec/2014:02:11:48 -0500] "GET /bla/resoluciones/resoluciones%202010/1755.pdf HTTP/1.1" 200 592068
157.55.39.217 - - [10/Dec/2014:02:11:53 -0500] "GET /BLA/resoluciones/RESOLUCIONES%202010/2748.pdf HTTP/1.1" 200 519039
157.55.39.217 - - [10/Dec/2014:02:11:53 -0500] "GET /bla/resoluciones/resoluciones%202010/5522.pdf HTTP/1.1" 200 196423
157.55.39.217 - - [10/Dec/2014:02:11:53 -0500] "GET /bla/resoluciones/resoluciones%202010/0851.pdf HTTP/1.1" 200 107054
66.249.67.115 - - [10/Dec/2014:02:11:59 -0500] "GET /BLA/resoluciones/RESOLUCIONES%202010/2637.pdf HTTP/1.1" 304 -
66.249.67.115 - - [10/Dec/2014:02:12:13 -0500] "GET /BLA/resoluciones/RESOLUCIONES%202009/1964.pdf HTTP/1.1" 200 488860
157.55.39.217 - - [10/Dec/2014:02:12:14 -0500] "GET /BLA/resoluciones/RESOLUCIONES%202009/8603.pdf HTTP/1.1" 200 948030
157.55.39.217 - - [10/Dec/2014:02:12:15 -0500] "GET /BLA/resoluciones/RESOLUCIONES%202011/4462.pdf HTTP/1.1" 200 554832
157.55.39.240 - - [10/Dec/2014:02:12:19 -0500] "GET /BLA/resoluciones/Resoluciones%202011/3120.pdf HTTP/1.1" 200 683382
157.55.39.240 - - [10/Dec/2014:02:12:20 -0500] "GET /bla/resoluciones/resoluciones%202009/1748.pdf HTTP/1.1" 200 539252
157.55.39.240 - - [10/Dec/2014:02:12:20 -0500] "GET /bla/resoluciones/resoluciones%202010/6253.pdf HTTP/1.1" 200 603737
157.55.39.217 - - [10/Dec/2014:02:12:24 -0500] "GET /BLA/resoluciones/RESOLUCIONES%202011/3693.pdf HTTP/1.1" 200 1341959
157.55.39.13 - - [10/Dec/2014:02:12:28 -0500] "GET /BLA/resoluciones/RESOLUCIONES%202011/3146.pdf HTTP/1.1" 200 381961
157.55.39.12 - - [10/Dec/2014:02:12:29 -0500] "GET /BLA/resoluciones/RESOLUCIONES%202011/0296.pdf HTTP/1.1" 200 550790
157.55.39.217 - - [10/Dec/2014:02:12:34 -0500] "GET /BLA/resoluciones/RESOLUCIONES%202009/4413.pdf HTTP/1.1" 200 683266
66.249.67.115 - - [10/Dec/2014:02:12:36 -0500] "GET /BLA/resoluciones/AUTOS%202010/5263.pdf HTTP/1.1" 304 -
73.37.47.48 - - [10/Dec/2014:02:12:40 -0500] "-" 408 -
157.55.39.113 - - [10/Dec/2014:02:12:49 -0500] "GET /bla/resoluciones/resoluciones%202010/0916.pdf HTTP/1.1" 200 106676
157.55.39.217 - - [10/Dec/2014:02:12:53 -0500] "GET /BLA/resoluciones/RESOLUCIONES%202011/2882.pdf HTTP/1.1" 200 769666
157.55.39.240 - - [10/Dec/2014:02:12:58 -0500] "GET /bla/resoluciones/resoluciones%202009/6473.pdf HTTP/1.1" 200 121464
66.249.67.115 - - [10/Dec/2014:02:13:13 -0500] "GET /BLA/resoluciones/RESOLUCIONES%202007/RES%202007%201401%20AL%201500/RESOLUCION%201406%20DE%202007.pdf HTTP/1.1" 304 -
157.55.39.113 - - [10/Dec/2014:02:13:19 -0500] "GET /bla/resoluciones/resoluciones%202010/1781.pdf HTTP/1.1" 200 538849
157.55.39.113 - - [10/Dec/2014:02:13:19 -0500] "GET /bla/resoluciones/resoluciones%202010/7726.pdf HTTP/1.1" 200 525072
157.55.39.113 - - [10/Dec/2014:02:13:44 -0500] "GET /BLA/resoluciones/RESOLUCIONES%202010/1968.pdf HTTP/1.1" 200 515025
157.55.39.113 - - [10/Dec/2014:02:13:44 -0500] "GET /BLA/resoluciones/RESOLUCIONES%202008/2012.pdf HTTP/1.1" 200 112795
157.55.39.113 - - [10/Dec/2014:02:13:45 -0500] "GET /BLA/resoluciones/RESOLUCIONES%202011/1611.pdf HTTP/1.1" 200 81861
66.249.67.115 - - [10/Dec/2014:02:13:50 -0500] "GET /BLA/resoluciones/AUTOS%202011/4075.pdf HTTP/1.1" 304 -
157.55.39.113 - - [10/Dec/2014:02:14:00 -0500] "GET /BLA/resoluciones/RESOLUCIONES%202011/3483.pdf HTTP/1.1" 200 522558
74.86.158.107 - - [10/Dec/2014:02:14:04 -0500] "HEAD / HTTP/1.1" 302 -
157.55.39.13 - - [10/Dec/2014:02:14:04 -0500] "GET /BLA/resoluciones/AUTOS%202011/3654.pdf HTTP/1.1" 200 209515
157.55.39.217 - - [10/Dec/2014:02:14:09 -0500] "GET /BLA/resoluciones/RESOLUCIONES%202010/2380.pdf HTTP/1.1" 200 441698
157.55.39.113 - - [10/Dec/2014:02:14:14 -0500] "GET /BLA/resoluciones/RESOLUCIONES%202011/4311.pdf HTTP/1.1" 200 468985
157.55.39.240 - - [10/Dec/2014:02:14:19 -0500] "GET /bla/resoluciones/resoluciones%202010/0405.pdf HTTP/1.1" 200 500097
188.165.15.15 - - [10/Dec/2014:02:14:20 -0500] "GET /BLA/resoluciones/RESOLUCIONES%202004/RES%202004%201301-1350/00001305.tif HTTP/1.1" 200 100390
157.55.39.217 - - [10/Dec/2014:02:14:25 -0500] "GET /bla/resoluciones/resoluciones%202010/6298.pdf HTTP/1.1" 200 278209
66.249.67.115 - - [10/Dec/2014:02:14:28 -0500] "GET /BLA/resoluciones/AUTOS%202010/5467.pdf HTTP/1.1" 200 919345
157.55.39.12 - - [10/Dec/2014:02:14:29 -0500] "GET /bla/resoluciones/resoluciones%202010/0186.pdf HTTP/1.1" 200 536789
157.55.39.12 - - [10/Dec/2014:02:14:30 -0500] "GET /BLA/resoluciones/RESOLUCIONES%202010/2715.pdf HTTP/1.1" 200 381606
157.55.39.217 - - [10/Dec/2014:02:14:35 -0500] "GET /bla/resoluciones/resoluciones%202010/5947.pdf HTTP/1.1" 200 275838
157.55.39.113 - - [10/Dec/2014:02:14:40 -0500] "GET /BLA/resoluciones/AUTOS%202009/0604.pdf HTTP/1.1" 200 127418
157.55.39.113 - - [10/Dec/2014:02:14:45 -0500] "GET /BLA/resoluciones/AUTOS%202009/2659.pdf HTTP/1.1" 200 76893
157.55.39.240 - - [10/Dec/2014:02:14:50 -0500] "GET /BLA/resoluciones/AUTOS%202009/1848.pdf HTTP/1.1" 200 99676
157.55.39.240 - - [10/Dec/2014:02:14:50 -0500] "GET /BLA/resoluciones/Resoluciones%202011/2098.pdf HTTP/1.1" 200 241795
157.55.39.240 - - [10/Dec/2014:02:14:56 -0500] "GET /bla/resoluciones/RESOLUCIONES%202011/0466.pdf HTTP/1.1" 200 154427
157.55.39.113 - - [10/Dec/2014:02:15:01 -0500] "GET /BLA/resoluciones/RESOLUCIONES%202009/6147.pdf HTTP/1.1" 200 666344
157.55.39.113 - - [10/Dec/2014:02:15:01 -0500] "GET /BLA/resoluciones/RESOLUCIONES%202009/5894.pdf HTTP/1.1" 200 823499
66.249.67.99 - - [10/Dec/2014:02:15:01 -0500] "GET /BLA/resoluciones/RESOLUCIONES%202007/RES%202007%201201%20AL%201300/RESOLUCION%201264%20DE%202007.pdf HTTP/1.1" 304 -
66.249.67.115 - - [10/Dec/2014:02:15:05 -0500] "GET /BLA/resoluciones/RESOLUCIONES%202009/0077.pdf HTTP/1.1" 304 -
157.55.39.13 - - [10/Dec/2014:02:15:05 -0500] "GET /BLA/resoluciones/RESOLUCIONES%202009/0017.pdf HTTP/1.1" 200 260985
157.55.39.18 - - [10/Dec/2014:02:15:29 -0500] "GET /BLA/resoluciones/RESOLUCIONES%202012/1148.pdf HTTP/1.1" 200 300451
157.55.39.12 - - [10/Dec/2014:02:15:29 -0500] "GET /BLA/resoluciones/RESOLUCIONES%202009/4846.pdf HTTP/1.1" 200 667752
157.55.39.241 - - [10/Dec/2014:02:15:33 -0500] "GET /BLA/resoluciones/Resoluciones%202011/2620.pdf HTTP/1.1" 200 510747
157.55.39.241 - - [10/Dec/2014:02:15:34 -0500] "GET /BLA/resoluciones/RESOLUCIONES%202011/4569.pdf HTTP/1.1" 200 955362
157.55.39.113 - - [10/Dec/2014:02:15:38 -0500] "GET /bla/resoluciones/resoluciones%202009/0549.pdf HTTP/1.1" 200 582268
66.249.67.115 - - [10/Dec/2014:02:15:42 -0500] "GET /BLA/resoluciones/RESOLUCIONES%202007/RES%202007%202301%20AL%202400/RESOLUCION%202343%20DE%202007.pdf HTTP/1.1" 304 -
157.55.39.217 - - [10/Dec/2014:02:15:43 -0500] "GET /bla/resoluciones/resoluciones%202009/0205.pdf HTTP/1.1" 200 246652
157.55.39.217 - - [10/Dec/2014:02:15:43 -0500] "GET /BLA/resoluciones/AUTOS%202010/0172.pdf HTTP/1.1" 200 359964
157.55.39.217 - - [10/Dec/2014:02:15:44 -0500] "GET /BLA/resoluciones/RESOLUCIONES%202010/1237.pdf HTTP/1.1" 200 206460
157.55.39.217 - - [10/Dec/2014:02:15:44 -0500] "GET /BLA/resoluciones/AUTOS%202010/0382.pdf HTTP/1.1" 200 184193
157.55.39.217 - - [10/Dec/2014:02:15:45 -0500] "GET /bla/resoluciones/resoluciones%202010/6507.pdf HTTP/1.1" 200 95316
157.55.39.113 - - [10/Dec/2014:02:15:59 -0500] "GET /BLA/resoluciones/Resoluciones%202011/0009.pdf HTTP/1.1" 200 147223
157.55.39.217 - - [10/Dec/2014:02:16:03 -0500] "GET /BLA/resoluciones/RESOLUCIONES%202011/3732.pdf HTTP/1.1" 200 300900
157.55.39.217 - - [10/Dec/2014:02:16:10 -0500] "GET /BLA/resoluciones/AUTOS%202011/4289.pdf HTTP/1.1" 200 246487
157.55.39.113 - - [10/Dec/2014:02:16:19 -0500] "GET /bla/resoluciones/RESOLUCIONES%202011/0560.pdf HTTP/1.1" 200 66619
157.55.39.241 - - [10/Dec/2014:02:16:24 -0500] "GET /BLA/resoluciones/AUTOS%202010/4484.pdf HTTP/1.1" 200 168835
180.76.5.150 - - [10/Dec/2014:02:16:32 -0500] "GET /BLA/resoluciones/RESOLUCIONES%202010/0004.pdf HTTP/1.1" 200 348884
188.165.15.14 - - [10/Dec/2014:02:16:38 -0500] "GET /BLA/resoluciones/RESOLUCIONES%202005/RES%202005%20251-300/00000285.tif HTTP/1.1" 200 125976
157.55.39.12 - - [10/Dec/2014:02:16:49 -0500] "GET /BLA/resoluciones/RESOLUCIONES%202009/2128.pdf HTTP/1.1" 200 539412
157.55.39.217 - - [10/Dec/2014:02:16:53 -0500] "GET /BLA/resoluciones/RESOLUCIONES%202009/2194.pdf HTTP/1.1" 200 637510
157.55.39.13 - - [10/Dec/2014:02:17:04 -0500] "GET /BLA/resoluciones/RESOLUCIONES%202009/0340.pdf HTTP/1.1" 200 461471
157.55.39.113 - - [10/Dec/2014:02:17:08 -0500] "GET /BLA/resoluciones/RESOLUCIONES%202010/2153.pdf HTTP/1.1" 200 509697
157.55.39.113 - - [10/Dec/2014:02:17:09 -0500] "GET /BLA/resoluciones/AUTOS%202009/0590.pdf HTTP/1.1" 200 122351
157.55.39.113 - - [10/Dec/2014:02:17:09 -0500] "GET /BLA/resoluciones/RESOLUCIONES%202009/1991.pdf HTTP/1.1" 200 614653
123.125.71.41 - - [10/Dec/2014:02:17:13 -0500] "GET /POT-2013/dlf/folder.png HTTP/1.1" 200 410
157.55.39.240 - - [10/Dec/2014:02:17:13 -0500] "GET /BLA/resoluciones/RESOLUCIONES%202009/1361.pdf HTTP/1.1" 200 510253
157.55.39.240 - - [10/Dec/2014:02:17:25 -0500] "GET /BLA/resoluciones/Resoluciones%202011/1451.pdf HTTP/1.1" 200 967866
157.55.39.240 - - [10/Dec/2014:02:17:26 -0500] "GET /bla/resoluciones/RESOLUCIONES%202011/1026.pdf HTTP/1.1" 200 80397
157.55.39.113 - - [10/Dec/2014:02:17:30 -0500] "GET /BLA/resoluciones/AUTOS%202012/1792.pdf HTTP/1.1" 200 398556
157.55.39.113 - - [10/Dec/2014:02:17:30 -0500] "GET /BLA/resoluciones/AUTOS%202011/6195.pdf HTTP/1.1" 200 470658
157.55.39.217 - - [10/Dec/2014:02:17:35 -0500] "GET /BLA/resoluciones/RESOLUCIONES%202011/4848.pdf HTTP/1.1" 200 499995
157.55.39.12 - - [10/Dec/2014:02:17:40 -0500] "GET /BLA/resoluciones/RESOLUCIONES%202008/0489.pdf HTTP/1.1" 200 311350
157.55.39.113 - - [10/Dec/2014:02:17:45 -0500] "GET /BLA/resoluciones/AUTOS%202012/1119.pdf HTTP/1.1" 200 180142
66.249.67.99 - - [10/Dec/2014:02:17:47 -0500] "GET /BLA/resoluciones/RESOLUCIONES%202007/RES%202007%201201%20AL%201300/RESOLUCION%201259%20DE%202007.pdf HTTP/1.1" 304 -
157.55.39.240 - - [10/Dec/2014:02:17:51 -0500] "GET /BLA/resoluciones/AUTOS%202009/2781.pdf HTTP/1.1" 200 88313
157.55.39.113 - - [10/Dec/2014:02:17:56 -0500] "GET /BLA/resoluciones/RESOLUCIONES%202010/0399.pdf HTTP/1.1" 200 98273
157.55.39.113 - - [10/Dec/2014:02:17:56 -0500] "GET /BLA/resoluciones/AUTOS%202011/3419.pdf HTTP/1.1" 200 201953
157.55.39.113 - - [10/Dec/2014:02:17:57 -0500] "GET /bla/resoluciones/resoluciones%202009/1655.pdf HTTP/1.1" 200 409405
157.55.39.13 - - [10/Dec/2014:02:18:01 -0500] "GET /BLA/resoluciones/RESOLUCIONES%202009/5920.pdf HTTP/1.1" 200 701146
66.249.67.107 - - [10/Dec/2014:02:18:01 -0500] "GET /BLA/resoluciones/AUTOS%202008/0728.pdf HTTP/1.1" 304 -
157.55.39.240 - - [10/Dec/2014:02:18:17 -0500] "GET /BLA/resoluciones/RESOLUCIONES%202009/0055.pdf HTTP/1.1" 200 144672
199.67.131.149 - - [10/Dec/2014:02:18:18 -0500] "GET /galeria/nivo-slider/demo/images/bannerEcolecta3.jpg HTTP/1.1" 304 -
157.55.39.113 - - [10/Dec/2014:02:18:22 -0500] "GET /BLA/resoluciones/RESOLUCIONES%202008/0379.pdf HTTP/1.1" 200 244103
157.55.39.217 - - [10/Dec/2014:02:18:30 -0500] "GET /BLA/resoluciones/RESOLUCIONES%202012/1562.pdf HTTP/1.1" 200 1158287
157.55.39.241 - - [10/Dec/2014:02:18:35 -0500] "GET /BLA/resoluciones/AUTOS%202010/5536.pdf HTTP/1.1" 200 1090337
157.55.39.241 - - [10/Dec/2014:02:18:36 -0500] "GET /BLA/resoluciones/RESOLUCIONES%202012/1317.pdf HTTP/1.1" 200 780825
157.55.39.241 - - [10/Dec/2014:02:18:37 -0500] "GET /BLA/resoluciones/RESOLUCIONES%202011/0862.pdf HTTP/1.1" 200 213082
157.55.39.12 - - [10/Dec/2014:02:18:40 -0500] "GET /bla/resoluciones/resoluciones%202009/4261.pdf HTTP/1.1" 200 205062
157.55.39.12 - - [10/Dec/2014:02:18:41 -0500] "GET /BLA/resoluciones/RESOLUCIONES%202009/3514.pdf HTTP/1.1" 200 638611
157.55.39.113 - - [10/Dec/2014:02:18:45 -0500] "GET /BLA/resoluciones/RESOLUCIONES%202011/3982.pdf HTTP/1.1" 200 822548
157.55.39.113 - - [10/Dec/2014:02:18:46 -0500] "GET /BLA/resoluciones/RESOLUCIONES%202010/2247.pdf HTTP/1.1" 200 356336
157.55.39.113 - - [10/Dec/2014:02:18:46 -0500] "GET /BLA/resoluciones/RESOLUCIONES%202012/0567.pdf HTTP/1.1" 200 342282
157.55.39.217 - - [10/Dec/2014:02:18:50 -0500] "GET /BLA/resoluciones/RESOLUCIONES%202010/0821.pdf HTTP/1.1" 200 117628
157.55.39.217 - - [10/Dec/2014:02:18:50 -0500] "GET /bla/resoluciones/resoluciones%202010/1219.pdf HTTP/1.1" 200 109058
157.55.39.240 - - [10/Dec/2014:02:18:55 -0500] "GET /bla/resoluciones/resoluciones%202010/0609.pdf HTTP/1.1" 200 512753
157.55.39.240 - - [10/Dec/2014:02:18:55 -0500] "GET /BLA/resoluciones/AUTOS%202009/0572.pdf HTTP/1.1" 200 126254
157.55.39.240 - - [10/Dec/2014:02:18:56 -0500] "GET /bla/resoluciones/resoluciones%202010/1883.pdf HTTP/1.1" 200 778895
157.55.39.113 - - [10/Dec/2014:02:19:00 -0500] "GET /BLA/resoluciones/RESOLUCIONES%202012/1028.pdf HTTP/1.1" 200 645031
188.165.15.10 - - [10/Dec/2014:02:19:03 -0500] "GET /BLA/resoluciones/index.php?dir=RESOLUCIONES%202004/RES%202004%20251-300/&sort=date&order=desc HTTP/1.1" 200 12043
74.86.158.107 - - [10/Dec/2014:02:19:04 -0500] "HEAD / HTTP/1.1" 302 -
157.55.39.13 - - [10/Dec/2014:02:19:10 -0500] "GET /BLA/resoluciones/RESOLUCIONES%202009/3815.pdf HTTP/1.1" 200 681197
157.55.39.13 - - [10/Dec/2014:02:19:12 -0500] "GET /BLA/resoluciones/RESOLUCIONES%202011/4639.pdf HTTP/1.1" 200 611088
157.55.39.113 - - [10/Dec/2014:02:19:14 -0500] "GET /BLA/resoluciones/AUTOS%202010/4616.pdf HTTP/1.1" 200 384731
157.55.39.113 - - [10/Dec/2014:02:19:15 -0500] "GET /bla/resoluciones/resoluciones%202010/7217.pdf HTTP/1.1" 200 49943
157.55.39.217 - - [10/Dec/2014:02:19:19 -0500] "GET /BLA/resoluciones/AUTOS%202009/2856.pdf HTTP/1.1" 200 102891
157.55.39.241 - - [10/Dec/2014:02:19:24 -0500] "GET /bla/resoluciones/RESOLUCIONES%202011/1926.pdf HTTP/1.1" 200 305741
157.55.39.241 - - [10/Dec/2014:02:19:24 -0500] "GET /BLA/resoluciones/RESOLUCIONES%202012/1415.pdf HTTP/1.1" 200 449629
157.55.39.241 - - [10/Dec/2014:02:19:25 -0500] "GET /BLA/resoluciones/AUTOS%202011/5100.pdf HTTP/1.1" 200 464048
188.165.15.10 - - [10/Dec/2014:02:19:25 -0500] "GET /BLA/resoluciones/RESOLUCIONES%202004/RES%202004%201601-1650/00001632.tif HTTP/1.1" 200 42998
157.55.39.113 - - [10/Dec/2014:02:19:29 -0500] "GET /bla/resoluciones/resoluciones%202010/7632.pdf HTTP/1.1" 200 71283
157.55.39.113 - - [10/Dec/2014:02:19:30 -0500] "GET /BLA/resoluciones/RESOLUCIONES%202011/0914.pdf HTTP/1.1" 200 77841
157.55.39.12 - - [10/Dec/2014:02:19:34 -0500] "GET /bla/resoluciones/RESOLUCIONES%202011/0804.pdf HTTP/1.1" 200 788138
157.55.39.12 - - [10/Dec/2014:02:19:34 -0500] "GET /BLA/resoluciones/RESOLUCIONES%202011/1311.pdf HTTP/1.1" 200 70237
157.55.39.217 - - [10/Dec/2014:02:19:39 -0500] "GET /BLA/resoluciones/Resoluciones%202011/0129.pdf HTTP/1.1" 200 353001
157.55.39.241 - - [10/Dec/2014:02:19:44 -0500] "GET /BLA/resoluciones/AUTOS%202011/2931.pdf HTTP/1.1" 200 458982
157.55.39.241 - - [10/Dec/2014:02:19:45 -0500] "GET /BLA/resoluciones/AUTOS%202009/2275.pdf HTTP/1.1" 200 122027
157.55.39.241 - - [10/Dec/2014:02:19:45 -0500] "GET /BLA/resoluciones/AUTOS%202011/1626.pdf HTTP/1.1" 200 146672
157.55.39.240 - - [10/Dec/2014:02:19:46 -0500] "GET /BLA/resoluciones/Resoluciones%202011/2699.pdf HTTP/1.1" 200 654536
157.55.39.240 - - [10/Dec/2014:02:19:46 -0500] "GET /BLA/resoluciones/RESOLUCIONES%202008/1165.pdf HTTP/1.1" 200 417716
157.55.39.113 - - [10/Dec/2014:02:19:49 -0500] "GET /bla/resoluciones/resoluciones%202009/9568.pdf HTTP/1.1" 200 491770
157.55.39.217 - - [10/Dec/2014:02:19:54 -0500] "GET /BLA/resoluciones/RESOLUCIONES%202009/4886.pdf HTTP/1.1" 200 766914
157.55.39.217 - - [10/Dec/2014:02:19:54 -0500] "GET /BLA/resoluciones/RESOLUCIONES%202008/2265.pdf HTTP/1.1" 200 254381
157.55.39.240 - - [10/Dec/2014:02:19:59 -0500] "GET /bla/resoluciones/RESOLUCIONES%202011/1377.pdf HTTP/1.1" 200 68441
157.55.39.13 - - [10/Dec/2014:02:20:08 -0500] "GET /bla/resoluciones/RESOLUCIONES%202011/0882.pdf HTTP/1.1" 200 74663
157.55.39.13 - - [10/Dec/2014:02:20:09 -0500] "GET /BLA/resoluciones/RESOLUCIONES%202010/1730.pdf HTTP/1.1" 200 83477
180.76.5.192 - - [10/Dec/2014:02:20:10 -0500] "GET /BLA/resoluciones/RESOLUCIONES%202008/0709.pdf HTTP/1.1" 200 1084586
157.55.39.113 - - [10/Dec/2014:02:20:14 -0500] "GET /BLA/resoluciones/AUTOS%202011/3968.pdf HTTP/1.1" 200 455047
157.55.39.240 - - [10/Dec/2014:02:20:19 -0500] "GET /bla/resoluciones/resoluciones%202009/9662.pdf HTTP/1.1" 200 540731
157.55.39.240 - - [10/Dec/2014:02:20:19 -0500] "GET /BLA/resoluciones/AUTOS%202009/2240.pdf HTTP/1.1" 200 124287
157.55.39.113 - - [10/Dec/2014:02:20:24 -0500] "GET /BLA/resoluciones/RESOLUCIONES%202009/7361.pdf HTTP/1.1" 200 943647
66.249.67.107 - - [10/Dec/2014:02:20:33 -0500] "GET /BLA/resoluciones/RESOLUCIONES%202007/RES%202007%202501%20AL%202600/RESOLUCION%202515%20DE%202007.pdf HTTP/1.1" 304 -
157.55.39.241 - - [10/Dec/2014:02:20:37 -0500] "GET /bla/resoluciones/resoluciones%202009/0736.pdf HTTP/1.1" 200 444465
157.55.39.12 - - [10/Dec/2014:02:20:42 -0500] "GET /BLA/resoluciones/AUTOS%202009/1339.pdf HTTP/1.1" 200 95293
157.55.39.217 - - [10/Dec/2014:02:20:47 -0500] "GET /BLA/resoluciones/RESOLUCIONES%202009/4707.pdf HTTP/1.1" 200 693159
157.55.39.217 - - [10/Dec/2014:02:20:47 -0500] "GET /BLA/resoluciones/RESOLUCIONES%202008/1083.pdf HTTP/1.1" 200 293748
157.55.39.217 - - [10/Dec/2014:02:20:48 -0500] "GET /bla/resoluciones/RESOLUCIONES%202011/2606.pdf HTTP/1.1" 200 385448
157.55.39.12 - - [10/Dec/2014:02:20:52 -0500] "GET /BLA/resoluciones/RESOLUCIONES%202009/4321.pdf HTTP/1.1" 200 887594
157.55.39.12 - - [10/Dec/2014:02:20:53 -0500] "GET /BLA/resoluciones/AUTOS%202010/3469.pdf HTTP/1.1" 200 358749
157.55.39.12 - - [10/Dec/2014:02:20:53 -0500] "GET /bla/resoluciones/resoluciones%202010/1831.pdf HTTP/1.1" 200 494239
157.55.39.12 - - [10/Dec/2014:02:20:54 -0500] "GET /BLA/resoluciones/AUTOS%202009/3183.pdf HTTP/1.1" 200 133134
157.55.39.113 - - [10/Dec/2014:02:21:02 -0500] "GET /BLA/resoluciones/RESOLUCIONES%202008/1390.pdf HTTP/1.1" 200 178964
157.55.39.240 - - [10/Dec/2014:02:21:07 -0500] "GET /BLA/resoluciones/RESOLUCIONES%202010/3014.pdf HTTP/1.1" 200 636910
157.55.39.240 - - [10/Dec/2014:02:21:07 -0500] "GET /BLA/resoluciones/RESOLUCIONES%202011/2333.pdf HTTP/1.1" 200 222055
157.55.39.240 - - [10/Dec/2014:02:21:08 -0500] "GET /bla/resoluciones/resoluciones%202010/1508.pdf HTTP/1.1" 200 496219
157.55.39.240 - - [10/Dec/2014:02:21:09 -0500] "GET /BLA/resoluciones/RESOLUCIONES%202008/2460.pdf HTTP/1.1" 200 256810
157.55.39.113 - - [10/Dec/2014:02:21:21 -0500] "GET /bla/resoluciones/resoluciones%202010/7407.pdf HTTP/1.1" 200 493747
157.55.39.113 - - [10/Dec/2014:02:21:22 -0500] "GET /BLA/resoluciones/RESOLUCIONES%202009/5593.pdf HTTP/1.1" 200 674563
157.55.39.13 - - [10/Dec/2014:02:21:26 -0500] "GET /BLA/resoluciones/Resoluciones%202011/0573.pdf HTTP/1.1" 200 67393
157.55.39.13 - - [10/Dec/2014:02:21:26 -0500] "GET /bla/resoluciones/resoluciones%202010/6769.pdf HTTP/1.1" 200 60132
157.55.39.13 - - [10/Dec/2014:02:21:27 -0500] "GET /BLA/resoluciones/RESOLUCIONES%202012/0935.pdf HTTP/1.1" 200 456756
180.76.5.73 - - [10/Dec/2014:02:21:28 -0500] "GET /Autoliquidacion/Grupo%20Forestal%20-%20Industria%20de%20la%20Madera/ HTTP/1.1" 200 5255
157.55.39.241 - - [10/Dec/2014:02:21:39 -0500] "GET /BLA/resoluciones/RESOLUCIONES%202008/0122.pdf HTTP/1.1" 200 219810
157.55.39.217 - - [10/Dec/2014:02:21:44 -0500] "GET /BLA/resoluciones/RESOLUCIONES%202009/3543.pdf HTTP/1.1" 200 617683
157.55.39.217 - - [10/Dec/2014:02:21:45 -0500] "GET /bla/resoluciones/resoluciones%202009/0790.pdf HTTP/1.1" 200 201830
157.55.39.217 - - [10/Dec/2014:02:21:45 -0500] "GET /BLA/resoluciones/RESOLUCIONES%202010/5823.pdf HTTP/1.1" 200 97610
157.55.39.217 - - [10/Dec/2014:02:21:45 -0500] "GET /bla/resoluciones/resoluciones%202010/7518.pdf HTTP/1.1" 200 701503
157.55.39.12 - - [10/Dec/2014:02:21:49 -0500] "GET /BLA/resoluciones/Resoluciones%202011/3671.pdf HTTP/1.1" 200 544720
157.55.39.240 - - [10/Dec/2014:02:21:55 -0500] "GET /BLA/resoluciones/RESOLUCIONES%202009/0461.pdf HTTP/1.1" 200 383543
157.55.39.240 - - [10/Dec/2014:02:21:56 -0500] "GET /BLA/resoluciones/RESOLUCIONES%202009/7375.pdf HTTP/1.1" 200 974567
157.55.39.13 - - [10/Dec/2014:02:22:00 -0500] "GET /BLA/resoluciones/RESOLUCIONES%202011/0025.pdf HTTP/1.1" 200 848971
157.55.39.217 - - [10/Dec/2014:02:22:05 -0500] "GET /BLA/resoluciones/RESOLUCIONES%202010/3044.pdf HTTP/1.1" 200 1221834
157.55.39.217 - - [10/Dec/2014:02:22:16 -0500] "GET /BLA/resoluciones/RESOLUCIONES%202009/4738.pdf HTTP/1.1" 200 613389
157.55.39.113 - - [10/Dec/2014:02:22:21 -0500] "GET /bla/resoluciones/resoluciones%202009/2350.pdf HTTP/1.1" 200 506091
157.55.39.113 - - [10/Dec/2014:02:22:22 -0500] "GET /BLA/resoluciones/RESOLUCIONES%202009/7376.pdf HTTP/1.1" 200 951647
157.55.39.13 - - [10/Dec/2014:02:22:26 -0500] "GET /BLA/resoluciones/RESOLUCIONES%202011/0509.pdf HTTP/1.1" 200 368708
157.55.39.113 - - [10/Dec/2014:02:22:31 -0500] "GET /bla/resoluciones/resoluciones%202009/0567.pdf HTTP/1.1" 200 304419
157.55.39.241 - - [10/Dec/2014:02:22:37 -0500] "GET /BLA/resoluciones/AUTOS%202012/1776.pdf HTTP/1.1" 200 479340
157.55.39.241 - - [10/Dec/2014:02:22:38 -0500] "GET /bla/resoluciones/resoluciones%202009/8939.pdf HTTP/1.1" 200 279745
157.55.39.240 - - [10/Dec/2014:02:22:47 -0500] "GET /BLA/resoluciones/RESOLUCIONES%202009/1753.pdf HTTP/1.1" 200 483921
157.55.39.113 - - [10/Dec/2014:02:22:51 -0500] "GET /BLA/resoluciones/RESOLUCIONES%202010/0081.pdf HTTP/1.1" 200 544333
157.55.39.13 - - [10/Dec/2014:02:22:57 -0500] "GET /BLA/resoluciones/AUTOS%202011/1409.pdf HTTP/1.1" 200 103676
201.141.121.47 - - [10/Dec/2014:02:23:01 -0500] "GET /BLA/boletinlegal/js/jquery.scrollTo-min.js HTTP/1.1" 200 1150
201.141.121.47 - - [10/Dec/2014:02:23:01 -0500] "GET /BLA/boletinlegal/js/jquery.js HTTP/1.1" 200 57254
201.141.121.47 - - [10/Dec/2014:02:23:01 -0500] "GET /BLA/boletinlegal/js/jquery.scrollShow.js HTTP/1.1" 200 4586
157.55.39.217 - - [10/Dec/2014:02:23:02 -0500] "GET /BLA/resoluciones/RESOLUCIONES%202009/0139.pdf HTTP/1.1" 200 326775
157.55.39.113 - - [10/Dec/2014:02:23:06 -0500] "GET /bla/resoluciones/resoluciones%202009/8124.pdf HTTP/1.1" 200 556594
66.249.67.115 - - [10/Dec/2014:02:23:16 -0500] "GET /BLA/resoluciones/RESOLUCIONES%202010/2515.pdf HTTP/1.1" 200 349050
157.55.39.217 - - [10/Dec/2014:02:23:21 -0500] "GET /BLA/resoluciones/AUTOS%202011/5077.pdf HTTP/1.1" 200 688618
157.55.39.113 - - [10/Dec/2014:02:23:31 -0500] "GET /BLA/resoluciones/RESOLUCIONES%202011/1337.pdf HTTP/1.1" 200 64545
157.55.39.241 - - [10/Dec/2014:02:23:35 -0500] "GET /BLA/resoluciones/AUTOS%202011/2082.pdf HTTP/1.1" 200 242865
180.76.5.190 - - [10/Dec/2014:02:23:45 -0500] "GET /BLA/resoluciones/RESOLUCIONES%202010/2558.pdf HTTP/1.1" 200 532827
157.55.39.217 - - [10/Dec/2014:02:23:46 -0500] "GET /BLA/resoluciones/RESOLUCIONES%202008/2004.pdf HTTP/1.1" 200 276600
157.55.39.240 - - [10/Dec/2014:02:23:50 -0500] "GET /BLA/resoluciones/RESOLUCIONES%202009/6138.pdf HTTP/1.1" 200 674604
157.55.39.240 - - [10/Dec/2014:02:23:51 -0500] "GET /BLA/resoluciones/RESOLUCIONES%202009/0032.pdf HTTP/1.1" 200 501057
157.55.39.240 - - [10/Dec/2014:02:23:52 -0500] "GET /BLA/resoluciones/AUTOS%202011/4126.pdf HTTP/1.1" 200 232049
157.55.39.113 - - [10/Dec/2014:02:23:55 -0500] "GET /bla/resoluciones/resoluciones%202010/0454.pdf HTTP/1.1" 200 109202
157.55.39.13 - - [10/Dec/2014:02:24:01 -0500] "GET /BLA/resoluciones/AUTOS%202011/4453.pdf HTTP/1.1" 200 240257
74.86.158.107 - - [10/Dec/2014:02:24:04 -0500] "HEAD / HTTP/1.1" 302 -
157.55.39.217 - - [10/Dec/2014:02:24:06 -0500] "GET /bla/resoluciones/resoluciones%202009/0742.pdf HTTP/1.1" 200 295173
157.55.39.113 - - [10/Dec/2014:02:24:11 -0500] "GET /BLA/resoluciones/RESOLUCIONES%202009/0947.pdf HTTP/1.1" 200 610774
66.249.67.99 - - [10/Dec/2014:02:24:14 -0500] "GET /BLA/resoluciones/Autos%202008/3263.pdf HTTP/1.1" 200 148591
100.43.85.25 - - [10/Dec/2014:02:24:22 -0500] "GET /icons/folder.gif HTTP/1.1" 200 225
157.55.39.217 - - [10/Dec/2014:02:24:26 -0500] "GET /bla/resoluciones/resoluciones%202009/4431.pdf HTTP/1.1" 200 104856
157.55.39.113 - - [10/Dec/2014:02:24:30 -0500] "GET /BLA/resoluciones/RESOLUCIONES%202010/1771.pdf HTTP/1.1" 200 248691
73.37.47.48 - - [10/Dec/2014:02:24:35 -0500] "GET /webdav/x32.php?act=phptools&host=177.9.98.32&port=80&time=500 HTTP/1.1" 404 1018
157.55.39.12 - - [10/Dec/2014:02:24:42 -0500] "GET /bla/resoluciones/resoluciones%202009/6212.pdf HTTP/1.1" 200 109940
157.55.39.240 - - [10/Dec/2014:02:24:46 -0500] "GET /bla/resoluciones/resoluciones%202009/0304.pdf HTTP/1.1" 200 267164
157.55.39.240 - - [10/Dec/2014:02:24:47 -0500] "GET /bla/resoluciones/resoluciones%202009/0424.pdf HTTP/1.1" 200 198426
157.55.39.240 - - [10/Dec/2014:02:24:48 -0500] "GET /bla/resoluciones/resoluciones%202009/8885.pdf HTTP/1.1" 200 374907
157.55.39.240 - - [10/Dec/2014:02:24:48 -0500] "GET /bla/resoluciones/resoluciones%202010/1720.pdf HTTP/1.1" 200 409818
157.55.39.217 - - [10/Dec/2014:02:24:52 -0500] "GET /BLA/resoluciones/RESOLUCIONES%202011/1556.pdf HTTP/1.1" 200 155911
157.55.39.13 - - [10/Dec/2014:02:24:57 -0500] "GET /bla/resoluciones/resoluciones%202010/5960.pdf HTTP/1.1" 200 74235
180.76.6.60 - - [10/Dec/2014:02:24:59 -0500] "GET /BLA/resoluciones/RESOLUCIONES%202007/RES%202007%202801%20AL%202900/RESOLUCION%202813%20DE%202007.pdf HTTP/1.1" 200 256779
157.55.39.13 - - [10/Dec/2014:02:25:02 -0500] "GET /BLA/resoluciones/RESOLUCIONES%202011/2065.pdf HTTP/1.1" 200 507981
157.55.39.217 - - [10/Dec/2014:02:25:07 -0500] "GET /BLA/resoluciones/RESOLUCIONES%202009/2070.pdf HTTP/1.1" 200 649019
157.55.39.240 - - [10/Dec/2014:02:25:11 -0500] "GET /BLA/resoluciones/RESOLUCIONES%202009/7362.pdf HTTP/1.1" 200 952347
157.55.39.113 - - [10/Dec/2014:02:25:22 -0500] "GET /BLA/resoluciones/AUTOS%202012/0725.pdf HTTP/1.1" 200 283503
73.37.47.48 - - [10/Dec/2014:02:25:26 -0500] "GET /webdav/x32.php?act=phptools&host=177.9.98.32&port=80&time=1500 HTTP/1.1" 404 1018
157.55.39.241 - - [10/Dec/2014:02:25:27 -0500] "GET /BLA/resoluciones/RESOLUCIONES%202009/5701.pdf HTTP/1.1" 200 618766
157.55.39.241 - - [10/Dec/2014:02:25:28 -0500] "GET /BLA/resoluciones/AUTOS%202011/1525.pdf HTTP/1.1" 200 154525
157.55.39.241 - - [10/Dec/2014:02:25:28 -0500] "GET /BLA/resoluciones/AUTOS%202012/1995.pdf HTTP/1.1" 200 1636459
157.55.39.241 - - [10/Dec/2014:02:25:29 -0500] "GET /bla/resoluciones/resoluciones%202010/6044.pdf HTTP/1.1" 200 658973
157.55.39.12 - - [10/Dec/2014:02:25:37 -0500] "GET /bla/resoluciones/resoluciones%202010/5730.pdf HTTP/1.1" 200 75795
157.55.39.12 - - [10/Dec/2014:02:25:37 -0500] "GET /BLA/resoluciones/RESOLUCIONES%202009/0080.pdf HTTP/1.1" 200 163848
157.55.39.217 - - [10/Dec/2014:02:25:46 -0500] "GET /BLA/resoluciones/AUTOS%202009/2393.pdf HTTP/1.1" 200 109510
66.249.67.99 - - [10/Dec/2014:02:25:50 -0500] "GET /BLA/resoluciones/Autos%202008/2405.pdf HTTP/1.1" 200 81143
66.249.67.107 - - [10/Dec/2014:02:26:00 -0500] "GET /autoliquidacion/TR%C3%81MITES%20VERTIMIENTOS/PERMISOS%20DE%20VERTIMIENTOS/ANEXO%20%205.%20%20MATRIZ%20PAR%C3%81METRSO%20ACTIVDADES%20PRODUCTIVAS.xls HTTP/1.1" 304 -
66.249.67.99 - - [10/Dec/2014:02:26:01 -0500] "GET /BLA/resoluciones/index.php?dir=RESOLUCIONES%202004/RES%202004%201851-1900/&sort=name&order=desc HTTP/1.1" 200 12368
157.55.39.240 - - [10/Dec/2014:02:26:02 -0500] "GET /BLA/resoluciones/Resoluciones%202011/1494.pdf HTTP/1.1" 200 70945
157.55.39.240 - - [10/Dec/2014:02:26:02 -0500] "GET /BLA/resoluciones/AUTOS%202009/2180.pdf HTTP/1.1" 200 100630
157.55.39.240 - - [10/Dec/2014:02:26:03 -0500] "GET /BLA/resoluciones/RESOLUCIONES%202009/8726.pdf HTTP/1.1" 200 1276483
66.249.67.99 - - [10/Dec/2014:02:26:04 -0500] "GET /BLA/resoluciones/RESOLUCIONES%202009/1943.pdf HTTP/1.1" 200 457769
157.55.39.113 - - [10/Dec/2014:02:26:06 -0500] "GET /BLA/resoluciones/Resoluciones%202011/0264.pdf HTTP/1.1" 200 63491
157.55.39.217 - - [10/Dec/2014:02:26:11 -0500] "GET /BLA/resoluciones/AUTOS%202010/5212.pdf HTTP/1.1" 200 162479
157.55.39.217 - - [10/Dec/2014:02:26:12 -0500] "GET /BLA/resoluciones/RESOLUCIONES%202008/1111.pdf HTTP/1.1" 200 218680
157.55.39.240 - - [10/Dec/2014:02:26:17 -0500] "GET /BLA/resoluciones/RESOLUCIONES%202009/7043.pdf HTTP/1.1" 200 723135
66.249.67.115 - - [10/Dec/2014:02:26:25 -0500] "GET /BLA/resoluciones/Autos%202008/0206.pdf HTTP/1.1" 200 178631
157.55.39.113 - - [10/Dec/2014:02:26:27 -0500] "GET /BLA/resoluciones/Resoluciones%202011/2799.pdf HTTP/1.1" 200 688833
157.55.39.241 - - [10/Dec/2014:02:26:32 -0500] "GET /BLA/resoluciones/RESOLUCIONES%202011/1972.pdf HTTP/1.1" 200 500385
157.55.39.241 - - [10/Dec/2014:02:26:33 -0500] "GET /BLA/resoluciones/RESOLUCIONES%202010/1731.pdf HTTP/1.1" 200 498479
157.55.39.217 - - [10/Dec/2014:02:26:37 -0500] "GET /BLA/resoluciones/AUTOS%202009/2583.pdf HTTP/1.1" 200 111147
157.55.39.12 - - [10/Dec/2014:02:26:42 -0500] "GET /bla/resoluciones/resoluciones%202009/7925.pdf HTTP/1.1" 200 167116
157.55.39.113 - - [10/Dec/2014:02:26:48 -0500] "GET /BLA/resoluciones/RESOLUCIONES%202010/1817.pdf HTTP/1.1" 200 494649
180.76.5.153 - - [10/Dec/2014:02:26:53 -0500] "GET /BLA/resoluciones/RESOLUCIONES%202010/0969.pdf HTTP/1.1" 200 433271
157.55.39.240 - - [10/Dec/2014:02:26:54 -0500] "GET /BLA/resoluciones/Resoluciones%202011/0599.pdf HTTP/1.1" 200 74079
157.55.39.217 - - [10/Dec/2014:02:26:59 -0500] "GET /bla/resoluciones/resoluciones%202010/1982.pdf HTTP/1.1" 200 335747
157.55.39.217 - - [10/Dec/2014:02:27:00 -0500] "GET /BLA/resoluciones/AUTOS%202009/2990.pdf HTTP/1.1" 200 184690
157.55.39.113 - - [10/Dec/2014:02:27:13 -0500] "GET /BLA/resoluciones/RESOLUCIONES%202012/0301.pdf HTTP/1.1" 200 409529
157.55.39.60 - - [10/Dec/2014:02:27:20 -0500] "GET /dama/libreria/php/decide.php?patron=03.1802 HTTP/1.1" 404 1019
157.55.39.217 - - [10/Dec/2014:02:27:21 -0500] "GET /bla/resoluciones/resoluciones%202009/4335.pdf HTTP/1.1" 200 55628
157.55.39.217 - - [10/Dec/2014:02:27:26 -0500] "GET /BLA/resoluciones/AUTOS%202009/2901.pdf HTTP/1.1" 200 87344
157.55.39.217 - - [10/Dec/2014:02:27:31 -0500] "GET /BLA/resoluciones/Resoluciones%202011/1351.pdf HTTP/1.1" 200 74087
180.76.6.140 - - [10/Dec/2014:02:27:31 -0500] "GET /BLA/boletinlegal/actos.php HTTP/1.1" 200 7534
157.55.39.241 - - [10/Dec/2014:02:27:35 -0500] "GET /bla/resoluciones/resoluciones%202009/1463.pdf HTTP/1.1" 200 609349
157.55.39.113 - - [10/Dec/2014:02:27:40 -0500] "GET /bla/resoluciones/resoluciones%202009/5610.pdf HTTP/1.1" 200 130682
157.55.39.12 - - [10/Dec/2014:02:27:46 -0500] "GET /BLA/resoluciones/AUTOS%202009/3185.pdf HTTP/1.1" 200 132834
66.249.67.115 - - [10/Dec/2014:02:27:46 -0500] "GET /BLA/resoluciones/AUTOS%202007/0120.pdf HTTP/1.1" 200 44130
157.55.39.217 - - [10/Dec/2014:02:27:52 -0500] "GET /bla/resoluciones/RESOLUCIONES%202011/2712.pdf HTTP/1.1" 200 831192
157.55.39.240 - - [10/Dec/2014:02:28:00 -0500] "GET /bla/resoluciones/RESOLUCIONES%202011/1381.pdf HTTP/1.1" 200 73583
157.55.39.217 - - [10/Dec/2014:02:28:04 -0500] "GET /BLA/resoluciones/AUTOS%202011/3293.pdf HTTP/1.1" 200 283449
157.55.39.13 - - [10/Dec/2014:02:28:09 -0500] "GET /BLA/resoluciones/RESOLUCIONES%202008/0881.pdf HTTP/1.1" 200 387961
157.55.39.217 - - [10/Dec/2014:02:28:14 -0500] "GET /BLA/resoluciones/RESOLUCIONES%202010/1558.pdf HTTP/1.1" 200 522898
82.8.142.118 - - [10/Dec/2014:02:28:14 -0500] "POST /xmlrpc.php HTTP/1.1" 404 1018
157.55.39.113 - - [10/Dec/2014:02:28:19 -0500] "GET /bla/resoluciones/resoluciones%202009/2232.pdf HTTP/1.1" 200 617632
157.55.39.113 - - [10/Dec/2014:02:28:20 -0500] "GET /bla/resoluciones/resoluciones%202010/1577.pdf HTTP/1.1" 200 498085
157.55.39.241 - - [10/Dec/2014:02:28:31 -0500] "GET /bla/resoluciones/resoluciones%202009/7547.pdf HTTP/1.1" 200 512432
66.249.67.99 - - [10/Dec/2014:02:28:50 -0500] "GET /BLA/resoluciones/AUTOS%202010/0162.pdf HTTP/1.1" 200 848890
157.55.39.217 - - [10/Dec/2014:02:28:51 -0500] "GET /BLA/resoluciones/RESOLUCIONES%202010/0224.pdf HTTP/1.1" 200 464747
190.159.94.6 - - [10/Dec/2014:02:28:59 -0500] "GET /BLA/boletinlegal/js/jquery.js HTTP/1.1" 200 57254
190.159.94.6 - - [10/Dec/2014:02:28:59 -0500] "GET /BLA/boletinlegal/js/jquery.scrollShow.js HTTP/1.1" 200 4586
190.159.94.6 - - [10/Dec/2014:02:28:59 -0500] "GET /BLA/boletinlegal/js/jquery.scrollTo-min.js HTTP/1.1" 200 1150
74.86.158.107 - - [10/Dec/2014:02:29:04 -0500] "HEAD / HTTP/1.1" 302 -
157.55.39.240 - - [10/Dec/2014:02:29:14 -0500] "GET /BLA/resoluciones/RESOLUCIONES%202011/0836.pdf HTTP/1.1" 200 794752
157.55.39.13 - - [10/Dec/2014:02:29:18 -0500] "GET /BLA/resoluciones/RESOLUCIONES%202010/0532.pdf HTTP/1.1" 200 393210
157.55.39.13 - - [10/Dec/2014:02:29:19 -0500] "GET /BLA/resoluciones/Resoluciones%202011/0229.pdf HTTP/1.1" 200 65005
157.55.39.113 - - [10/Dec/2014:02:29:30 -0500] "GET /BLA/resoluciones/AUTOS%202009/1850.pdf HTTP/1.1" 200 98487
73.37.47.48 - - [10/Dec/2014:02:29:33 -0500] "GET /webdav/x32.php?act=phptools&host=186.232.217.146&port=80&time=1500 HTTP/1.1" 404 1018
157.55.39.12 - - [10/Dec/2014:02:29:43 -0500] "GET /bla/resoluciones/RESOLUCIONES%202011/1083.pdf HTTP/1.1" 200 77985
157.55.39.113 - - [10/Dec/2014:02:29:48 -0500] "GET /BLA/resoluciones/RESOLUCIONES%202008/1618.pdf HTTP/1.1" 200 235584
180.76.6.63 - - [10/Dec/2014:02:29:51 -0500] "GET /BLA/resoluciones/RESOLUCIONES%202010/0079.pdf HTTP/1.1" 200 539275
157.55.39.217 - - [10/Dec/2014:02:29:53 -0500] "GET /BLA/resoluciones/RESOLUCIONES%202010/0750.pdf HTTP/1.1" 200 435565
157.55.39.217 - - [10/Dec/2014:02:29:53 -0500] "GET /BLA/resoluciones/AUTOS%202011/4663.pdf HTTP/1.1" 200 201937
157.55.39.217 - - [10/Dec/2014:02:30:01 -0500] "GET /BLA/resoluciones/RESOLUCIONES%202009/3871.pdf HTTP/1.1" 200 1289873
157.55.39.240 - - [10/Dec/2014:02:30:07 -0500] "GET /bla/resoluciones/resoluciones%202009/8715.pdf HTTP/1.1" 200 497024
157.55.39.240 - - [10/Dec/2014:02:30:07 -0500] "GET /BLA/resoluciones/AUTOS%202009/0584.pdf HTTP/1.1" 200 127089
157.55.39.217 - - [10/Dec/2014:02:30:16 -0500] "GET /bla/resoluciones/resoluciones%202010/0466.pdf HTTP/1.1" 200 123400
157.55.39.113 - - [10/Dec/2014:02:30:21 -0500] "GET /BLA/resoluciones/RESOLUCIONES%202009/1519.pdf HTTP/1.1" 200 456404
187.194.116.122 - - [10/Dec/2014:02:30:37 -0500] "GET /BLA/boletinlegal/js/jquery.js HTTP/1.1" 200 57254
187.194.116.122 - - [10/Dec/2014:02:30:37 -0500] "GET /BLA/boletinlegal/js/jquery.scrollTo-min.js HTTP/1.1" 200 1150
187.194.116.122 - - [10/Dec/2014:02:30:37 -0500] "GET /BLA/boletinlegal/js/jquery.scrollShow.js HTTP/1.1" 200 4586
73.37.47.48 - - [10/Dec/2014:02:30:48 -0500] "GET /webdav/x32.php?act=phptools&host=186.232.217.146&port=80&time=5000 HTTP/1.1" 404 1018
157.55.39.12 - - [10/Dec/2014:02:30:50 -0500] "GET /bla/resoluciones/RESOLUCIONES%202011/0907.pdf HTTP/1.1" 200 65689
157.55.39.13 - - [10/Dec/2014:02:31:05 -0500] "GET /BLA/resoluciones/RESOLUCIONES%202011/0337.pdf HTTP/1.1" 200 70683
157.55.39.240 - - [10/Dec/2014:02:31:10 -0500] "GET /BLA/resoluciones/Resoluciones%202011/1838.pdf HTTP/1.1" 200 512762
157.55.39.113 - - [10/Dec/2014:02:31:15 -0500] "GET /bla/resoluciones/resoluciones%202009/8759.pdf HTTP/1.1" 200 614338
157.55.39.240 - - [10/Dec/2014:02:31:20 -0500] "GET /bla/resoluciones/RESOLUCIONES%202011/2437.pdf HTTP/1.1" 200 745134
157.55.39.13 - - [10/Dec/2014:02:31:26 -0500] "GET /BLA/resoluciones/RESOLUCIONES%202008/0605.pdf HTTP/1.1" 200 168813
157.55.39.13 - - [10/Dec/2014:02:31:26 -0500] "GET /bla/resoluciones/resoluciones%202009/7458.pdf HTTP/1.1" 200 115590
66.249.67.99 - - [10/Dec/2014:02:31:35 -0500] "GET /BLA/resoluciones/RESOLUCIONES%202009/8793.pdf HTTP/1.1" 200 215123
66.249.67.107 - - [10/Dec/2014:02:31:36 -0500] "GET /BLA/resoluciones/Autos%202008/0539.pdf HTTP/1.1" 200 178827
157.55.39.113 - - [10/Dec/2014:02:31:55 -0500] "GET /BLA/resoluciones/AUTOS%202010/2279.pdf HTTP/1.1" 200 119069
157.55.39.113 - - [10/Dec/2014:02:31:56 -0500] "GET /BLA/resoluciones/AUTOS%202009/0094.pdf HTTP/1.1" 200 80763
157.55.39.240 - - [10/Dec/2014:02:32:01 -0500] "GET /bla/resoluciones/resoluciones%202010/0215.pdf HTTP/1.1" 200 541675
157.55.39.240 - - [10/Dec/2014:02:32:02 -0500] "GET /BLA/resoluciones/RESOLUCIONES%202008/0553.pdf HTTP/1.1" 200 118055
157.55.39.240 - - [10/Dec/2014:02:32:02 -0500] "GET /bla/resoluciones/resoluciones%202010/0063.pdf HTTP/1.1" 200 517416
157.55.39.13 - - [10/Dec/2014:02:32:22 -0500] "GET /BLA/resoluciones/RESOLUCIONES%202011/0302.pdf HTTP/1.1" 200 64319
157.55.39.113 - - [10/Dec/2014:02:32:26 -0500] "GET /BLA/resoluciones/RESOLUCIONES%202010/2735.pdf HTTP/1.1" 200 375750
157.55.39.113 - - [10/Dec/2014:02:32:28 -0500] "GET /BLA/resoluciones/AUTOS%202009/2584.pdf HTTP/1.1" 200 106044
180.76.6.57 - - [10/Dec/2014:02:32:31 -0500] "GET /BLA/resoluciones/RESOLUCIONES%202010/0429.pdf HTTP/1.1" 200 503927
157.55.39.217 - - [10/Dec/2014:02:32:32 -0500] "GET /bla/resoluciones/resoluciones%202010/5758.pdf HTTP/1.1" 200 97591
157.55.39.217 - - [10/Dec/2014:02:32:33 -0500] "GET /BLA/resoluciones/RESOLUCIONES%202008/0551.pdf HTTP/1.1" 200 96161
157.55.39.113 - - [10/Dec/2014:02:32:37 -0500] "GET /BLA/resoluciones/AUTOS%202011/1276.pdf HTTP/1.1" 200 161051
157.55.39.113 - - [10/Dec/2014:02:32:39 -0500] "GET /BLA/resoluciones/AUTOS%202010/0846.pdf HTTP/1.1" 200 131454
157.55.39.241 - - [10/Dec/2014:02:32:44 -0500] "GET /BLA/resoluciones/AUTOS%202012/1739.pdf HTTP/1.1" 200 383322
157.55.39.12 - - [10/Dec/2014:02:32:53 -0500] "GET /BLA/resoluciones/RESOLUCIONES%202010/2091.pdf HTTP/1.1" 200 210169
181.58.209.138 - - [10/Dec/2014:02:32:55 -0500] "GET /BLA/resoluciones/RESOLUCIONES%202007/RES%202007%201301%20AL%201400/RESOLUCION%201364%20DE%202007.pdf HTTP/1.1" 200 257171
157.55.39.217 - - [10/Dec/2014:02:32:58 -0500] "GET /BLA/resoluciones/RESOLUCIONES%202008/1415.pdf HTTP/1.1" 200 283931
157.55.39.217 - - [10/Dec/2014:02:32:58 -0500] "GET /BLA/resoluciones/AUTOS%202010/4639.pdf HTTP/1.1" 200 531020
157.55.39.217 - - [10/Dec/2014:02:32:59 -0500] "GET /bla/resoluciones/resoluciones%202009/8580.pdf HTTP/1.1" 200 500872
157.55.39.240 - - [10/Dec/2014:02:33:05 -0500] "GET /BLA/resoluciones/RESOLUCIONES%202010/3012.pdf HTTP/1.1" 200 584309
157.55.39.240 - - [10/Dec/2014:02:33:05 -0500] "GET /BLA/resoluciones/AUTOS%202011/1835.pdf HTTP/1.1" 200 155941
181.58.209.138 - - [10/Dec/2014:02:33:08 -0500] "GET /BLA/resoluciones/RESOLUCIONES%202007/RES%202007%201301%20AL%201400/RESOLUCION%201364%20DE%202007.pdf HTTP/1.1" 206 32768
180.76.5.69 - - [10/Dec/2014:02:33:09 -0500] "GET /BLA/resoluciones/RESOLUCIONES%202010/0921.pdf HTTP/1.1" 200 101250
73.37.47.48 - - [10/Dec/2014:02:33:10 -0500] "GET /webdav/x32.php?act=phptools&host=186.232.217.146&port=80&time=5000 HTTP/1.1" 404 1018
181.58.209.138 - - [10/Dec/2014:02:33:13 -0500] "GET /BLA/resoluciones/RESOLUCIONES%202007/RES%202007%201301%20AL%201400/RESOLUCION%201364%20DE%202007.pdf HTTP/1.1" 206 224403
181.58.209.138 - - [10/Dec/2014:02:33:14 -0500] "GET /favicon.ico HTTP/1.1" 200 7782
157.55.39.240 - - [10/Dec/2014:02:33:15 -0500] "GET /BLA/resoluciones/AUTOS%202011/4406.pdf HTTP/1.1" 200 196433
157.55.39.240 - - [10/Dec/2014:02:33:15 -0500] "GET /BLA/resoluciones/RESOLUCIONES%202009/7623.pdf HTTP/1.1" 200 730404
157.55.39.240 - - [10/Dec/2014:02:33:17 -0500] "GET /bla/resoluciones/resoluciones%202010/0338.pdf HTTP/1.1" 200 296175
157.55.39.113 - - [10/Dec/2014:02:33:20 -0500] "GET /BLA/resoluciones/RESOLUCIONES%202010/0315.pdf HTTP/1.1" 200 124156
157.55.39.113 - - [10/Dec/2014:02:33:20 -0500] "GET /BLA/resoluciones/RESOLUCIONES%202008/1247.pdf HTTP/1.1" 200 1287802
157.55.39.113 - - [10/Dec/2014:02:33:21 -0500] "GET /BLA/resoluciones/RESOLUCIONES%202011/0450.pdf HTTP/1.1" 200 67071
157.55.39.113 - - [10/Dec/2014:02:33:22 -0500] "GET /bla/resoluciones/resoluciones%202009/1112.pdf HTTP/1.1" 200 392708
157.55.39.217 - - [10/Dec/2014:02:33:29 -0500] "GET /bla/resoluciones/resoluciones%202010/5832.pdf HTTP/1.1" 200 491881
181.50.101.129 - - [10/Dec/2014:02:33:33 -0500] "GET /BLA/boletinlegal/js/jquery.scrollTo-min.js HTTP/1.1" 200 1150
181.50.101.129 - - [10/Dec/2014:02:33:33 -0500] "GET /BLA/boletinlegal/js/jquery.scrollShow.js HTTP/1.1" 200 4586
181.50.101.129 - - [10/Dec/2014:02:33:33 -0500] "GET /BLA/boletinlegal/js/jquery.js HTTP/1.1" 200 57254
181.50.101.129 - - [10/Dec/2014:02:33:35 -0500] "GET /galeria/carrusel/Carrusel/jquery-ui-1.8.13.custom.min.js HTTP/1.1" 200 10800
181.50.101.129 - - [10/Dec/2014:02:33:35 -0500] "GET /galeria/carrusel/Carrusel/jquery.thumbnailScroller.css HTTP/1.1" 200 2066
181.50.101.129 - - [10/Dec/2014:02:33:35 -0500] "GET /galeria/carrusel/Carrusel/jquery.thumbnailScroller.js HTTP/1.1" 200 8157
157.55.39.12 - - [10/Dec/2014:02:33:36 -0500] "GET /BLA/resoluciones/RESOLUCIONES%202011/0617.pdf HTTP/1.1" 200 327225
181.50.101.129 - - [10/Dec/2014:02:33:38 -0500] "GET /galeria/nivo-slider/demo/demo.html HTTP/1.1" 200 3708
181.50.101.129 - - [10/Dec/2014:02:33:39 -0500] "GET /galeria/nivo-slider/themes/pascal/pascal.css HTTP/1.1" 200 2258
181.50.101.129 - - [10/Dec/2014:02:33:39 -0500] "GET /galeria/nivo-slider/themes/default/default.css HTTP/1.1" 200 1569
181.50.101.129 - - [10/Dec/2014:02:33:39 -0500] "GET /galeria/nivo-slider/themes/orman/orman.css HTTP/1.1" 200 2152
181.50.101.129 - - [10/Dec/2014:02:33:39 -0500] "GET /galeria/nivo-slider/nivo-slider.css HTTP/1.1" 200 1507
181.50.101.129 - - [10/Dec/2014:02:33:39 -0500] "GET /galeria/nivo-slider/demo/style.css HTTP/1.1" 200 2222
181.50.101.129 - - [10/Dec/2014:02:33:39 -0500] "GET /galeria/nivo-slider/demo/scripts/jquery-1.7.1.min.js HTTP/1.1" 200 93868
181.50.101.129 - - [10/Dec/2014:02:33:39 -0500] "GET /galeria/nivo-slider/jquery.nivo.slider.pack.js HTTP/1.1" 200 11561
181.50.101.129 - - [10/Dec/2014:02:33:39 -0500] "GET /galeria/nivo-slider/demo/images/coplima.jpg HTTP/1.1" 200 85663
181.50.101.129 - - [10/Dec/2014:02:33:39 -0500] "GET /galeria/nivo-slider/demo/images/banner-musgo.jpg HTTP/1.1" 200 49513
181.50.101.129 - - [10/Dec/2014:02:33:41 -0500] "GET /galeria/nivo-slider/demo/images/RdaNegociosFiltros.jpg HTTP/1.1" 200 77155
181.50.101.129 - - [10/Dec/2014:02:33:41 -0500] "GET /galeria/nivo-slider/demo/images/Jornada-adopcion.jpg HTTP/1.1" 200 79705
181.50.101.129 - - [10/Dec/2014:02:33:42 -0500] "GET /galeria/nivo-slider/demo/images/BogotaSostenible.jpg HTTP/1.1" 200 206863
181.50.101.129 - - [10/Dec/2014:02:33:43 -0500] "GET /galeria/nivo-slider/demo/images/4Simple_Slider.png HTTP/1.1" 200 11722
181.50.101.129 - - [10/Dec/2014:02:33:44 -0500] "GET /galeria/nivo-slider/themes/default/loading.gif HTTP/1.1" 200 1737
