188.165.15.55 - - [10/Dec/2014:03:43:41 -0500] "GET /BLA/resoluciones/RESOLUCIONES%202006/RES%202006%20701-750/00000729.tif HTTP/1.1" 200 209974
157.55.39.241 - - [10/Dec/2014:03:43:44 -0500] "GET /BLA/resoluciones/RESOLUCIONES%202009/3314.pdf HTTP/1.1" 200 619071
157.55.39.241 - - [10/Dec/2014:03:43:45 -0500] "GET /BLA/resoluciones/AUTOS%202009/0625.pdf HTTP/1.1" 200 72489
74.86.158.107 - - [10/Dec/2014:03:44:03 -0500] "HEAD / HTTP/1.1" 302 -
157.55.39.240 - - [10/Dec/2014:03:44:05 -0500] "GET /bla/resoluciones/resoluciones%202010/2195.pdf HTTP/1.1" 200 511573
186.154.85.200 - - [10/Dec/2014:03:44:16 -0500] "POST /forms/lservlet;jsessionid=ac16012b30d59104b26b663e46108e6f9a232dfd1dc3.e3iSbxaKaheRe34Sa3yKbhiTahb0n6jAmljGr5XDqQLvpAe HTTP/1.1" 200 2
157.55.39.12 - - [10/Dec/2014:03:44:31 -0500] "GET /BLA/resoluciones/RESOLUCIONES%202011/0195.pdf HTTP/1.1" 200 68407
157.55.39.12 - - [10/Dec/2014:03:44:33 -0500] "GET /bla/resoluciones/RESOLUCIONES%202011/2409.pdf HTTP/1.1" 200 312318
157.55.39.241 - - [10/Dec/2014:03:44:38 -0500] "GET /bla/resoluciones/resoluciones%202009/8821.pdf HTTP/1.1" 200 1074274
157.55.39.241 - - [10/Dec/2014:03:44:38 -0500] "GET /bla/resoluciones/resoluciones%202009/1404.pdf HTTP/1.1" 200 187603
157.55.39.241 - - [10/Dec/2014:03:44:38 -0500] "GET /BLA/resoluciones/AUTOS%202011/4888.pdf HTTP/1.1" 200 780748
157.55.39.241 - - [10/Dec/2014:03:44:40 -0500] "GET /BLA/resoluciones/RESOLUCIONES%202008/0057.pdf HTTP/1.1" 200 630890
157.55.39.113 - - [10/Dec/2014:03:44:43 -0500] "GET /BLA/resoluciones/AUTOS%202009/2702.pdf HTTP/1.1" 200 70101
157.55.39.240 - - [10/Dec/2014:03:45:05 -0500] "GET /BLA/resoluciones/AUTOS%202011/3211.pdf HTTP/1.1" 200 277569
157.55.39.240 - - [10/Dec/2014:03:45:06 -0500] "GET /BLA/resoluciones/RESOLUCIONES%202009/0882.pdf HTTP/1.1" 200 353103
180.76.5.223 - - [10/Dec/2014:03:45:14 -0500] "GET /BLA/resoluciones/RESOLUCIONES%202010/2696.pdf HTTP/1.1" 200 397706
157.55.39.217 - - [10/Dec/2014:03:45:15 -0500] "GET /bla/resoluciones/resoluciones%202010/0578.pdf HTTP/1.1" 200 107224
157.55.39.113 - - [10/Dec/2014:03:45:19 -0500] "GET /BLA/resoluciones/AUTOS%202010/5440.pdf HTTP/1.1" 200 1346360
157.55.39.12 - - [10/Dec/2014:03:45:30 -0500] "GET /BLA/resoluciones/RESOLUCIONES%202009/7007.pdf HTTP/1.1" 200 727797
157.55.39.12 - - [10/Dec/2014:03:45:31 -0500] "GET /BLA/resoluciones/RESOLUCIONES%202011/2015.pdf HTTP/1.1" 200 507793
157.55.39.113 - - [10/Dec/2014:03:45:34 -0500] "GET /BLA/resoluciones/RESOLUCIONES%202010/0253.pdf HTTP/1.1" 200 480365
157.55.39.113 - - [10/Dec/2014:03:45:34 -0500] "GET /bla/resoluciones/resoluciones%202009/2826.pdf HTTP/1.1" 200 339746
157.55.39.113 - - [10/Dec/2014:03:45:35 -0500] "GET /bla/resoluciones/resoluciones%202009/8766.pdf HTTP/1.1" 200 281289
201.184.94.212 - - [10/Dec/2014:03:45:42 -0500] "GET /BLA/resoluciones/AUTOS%202008/3221.pdf HTTP/1.1" 200 82990
201.184.94.212 - - [10/Dec/2014:03:45:42 -0500] "GET /BLA/resoluciones/AUTOS%202008/3221.pdf HTTP/1.1" 206 32768
201.184.94.212 - - [10/Dec/2014:03:45:42 -0500] "GET /BLA/resoluciones/AUTOS%202008/3221.pdf HTTP/1.1" 206 50222
201.184.94.212 - - [10/Dec/2014:03:45:42 -0500] "GET /favicon.ico HTTP/1.1" 200 7782
157.55.39.217 - - [10/Dec/2014:03:45:44 -0500] "GET /bla/resoluciones/RESOLUCIONES%202011/2169.pdf HTTP/1.1" 200 498388
157.55.39.12 - - [10/Dec/2014:03:45:49 -0500] "GET /BLA/resoluciones/RESOLUCIONES%202011/0551.pdf HTTP/1.1" 200 73787
66.249.67.107 - - [10/Dec/2014:03:45:51 -0500] "GET /BLA/resoluciones/RESOLUCIONES%202010/0261.pdf HTTP/1.1" 200 368122
66.249.67.115 - - [10/Dec/2014:03:45:51 -0500] "GET /BLA/resoluciones/AUTOS%202012/0343.pdf HTTP/1.1" 304 -
66.249.67.99 - - [10/Dec/2014:03:45:57 -0500] "GET /BLA/resoluciones/RESOLUCIONES%202013/0350.pdf HTTP/1.1" 304 -
66.249.67.107 - - [10/Dec/2014:03:46:03 -0500] "GET /BLA/resoluciones/AUTOS%202013/0369.pdf HTTP/1.1" 304 -
157.55.39.217 - - [10/Dec/2014:03:46:09 -0500] "GET /bla/resoluciones/resoluciones%202009/0367.pdf HTTP/1.1" 200 270540
66.249.67.115 - - [10/Dec/2014:03:46:09 -0500] "GET /BLA/resoluciones/RESOLUCIONES%202007/RES%202007%20301%20AL%20400/RESOLUCION%200395%20DE%202007.pdf HTTP/1.1" 200 988106
157.55.39.13 - - [10/Dec/2014:03:46:14 -0500] "GET /BLA/resoluciones/AUTOS%202010/0535.pdf HTTP/1.1" 200 179077
186.154.85.200 - - [10/Dec/2014:03:46:16 -0500] "POST /forms/lservlet;jsessionid=ac16012b30d59104b26b663e46108e6f9a232dfd1dc3.e3iSbxaKaheRe34Sa3yKbhiTahb0n6jAmljGr5XDqQLvpAe HTTP/1.1" 200 2
157.55.39.113 - - [10/Dec/2014:03:46:23 -0500] "GET /BLA/resoluciones/RESOLUCIONES%202011/2252.pdf HTTP/1.1" 200 748180
157.55.39.217 - - [10/Dec/2014:03:46:28 -0500] "GET /bla/resoluciones/resoluciones%202009/1439.pdf HTTP/1.1" 200 739116
66.249.67.107 - - [10/Dec/2014:03:46:28 -0500] "GET /BLA/resoluciones/AUTOS%202008/2767.pdf HTTP/1.1" 304 -
157.55.39.12 - - [10/Dec/2014:03:46:32 -0500] "GET /BLA/resoluciones/AUTOS%202009/3151.pdf HTTP/1.1" 200 130917
157.55.39.241 - - [10/Dec/2014:03:46:39 -0500] "GET /BLA/resoluciones/RESOLUCIONES%202010/2406.pdf HTTP/1.1" 200 502224
157.55.39.13 - - [10/Dec/2014:03:46:53 -0500] "GET /bla/resoluciones/RESOLUCIONES%202011/0691.pdf HTTP/1.1" 200 62215
201.184.94.212 - - [10/Dec/2014:03:46:55 -0500] "GET /BLA/resoluciones/AUTOS%202014/0988.pdf HTTP/1.1" 200 551216
201.184.94.212 - - [10/Dec/2014:03:46:55 -0500] "GET /BLA/resoluciones/AUTOS%202014/0988.pdf HTTP/1.1" 206 32768
201.184.94.212 - - [10/Dec/2014:03:46:55 -0500] "GET /BLA/resoluciones/AUTOS%202014/0988.pdf HTTP/1.1" 206 518448
66.249.67.115 - - [10/Dec/2014:03:46:56 -0500] "GET /BLA/resoluciones/AUTOS%202013/3451.pdf HTTP/1.1" 304 -
66.249.67.99 - - [10/Dec/2014:03:46:57 -0500] "GET /BLA/resoluciones/AUTOS%202012/0704.pdf HTTP/1.1" 200 171549
157.55.39.240 - - [10/Dec/2014:03:46:58 -0500] "GET /bla/resoluciones/resoluciones%202010/2169.pdf HTTP/1.1" 200 192159
180.76.6.52 - - [10/Dec/2014:03:47:04 -0500] "GET /prueba/encuestaRMCAB/ HTTP/1.1" 404 1019
188.165.15.10 - - [10/Dec/2014:03:47:17 -0500] "GET /BLA/resoluciones/index.php?dir=RESOLUCIONES%202006/RES%202006%202251-2300/&sort=date&order=asc HTTP/1.1" 200 12361
157.55.39.113 - - [10/Dec/2014:03:47:18 -0500] "GET /bla/resoluciones/RESOLUCIONES%202011/2906.pdf HTTP/1.1" 200 518964
157.55.39.113 - - [10/Dec/2014:03:47:18 -0500] "GET /bla/resoluciones/resoluciones%202009/7674.pdf HTTP/1.1" 200 497437
157.55.39.13 - - [10/Dec/2014:03:47:22 -0500] "GET /bla/resoluciones/resoluciones%202009/3617.pdf HTTP/1.1" 200 75789
157.55.39.13 - - [10/Dec/2014:03:47:22 -0500] "GET /BLA/resoluciones/RESOLUCIONES%202009/5603.pdf HTTP/1.1" 200 676987
157.55.39.217 - - [10/Dec/2014:03:47:28 -0500] "GET /bla/resoluciones/resoluciones%202009/9233.pdf HTTP/1.1" 200 491117
180.76.6.130 - - [10/Dec/2014:03:47:29 -0500] "GET /BLA/resoluciones/RESOLUCIONES%202010/0775.pdf HTTP/1.1" 200 100304
66.249.67.99 - - [10/Dec/2014:03:47:34 -0500] "GET /BLA/resoluciones/RESOLUCIONES%202009/1737.pdf HTTP/1.1" 304 -
157.55.39.12 - - [10/Dec/2014:03:47:45 -0500] "GET /BLA/resoluciones/AUTOS%202009/2651.pdf HTTP/1.1" 200 135246
157.55.39.13 - - [10/Dec/2014:03:47:59 -0500] "-" 408 -
157.55.39.13 - - [10/Dec/2014:03:48:04 -0500] "GET /BLA/resoluciones/RESOLUCIONES%202011/2517.pdf HTTP/1.1" 200 252463
157.55.39.217 - - [10/Dec/2014:03:48:09 -0500] "GET /BLA/resoluciones/RESOLUCIONES%202011/1840.pdf HTTP/1.1" 200 515688
157.55.39.217 - - [10/Dec/2014:03:48:10 -0500] "GET /bla/resoluciones/RESOLUCIONES%202011/0612.pdf HTTP/1.1" 200 72553
66.249.67.115 - - [10/Dec/2014:03:48:11 -0500] "GET /BLA/resoluciones/RESOLUCIONES%202009/3587.pdf HTTP/1.1" 200 181839
157.55.39.113 - - [10/Dec/2014:03:48:14 -0500] "GET /BLA/resoluciones/RESOLUCIONES%202008/1801.pdf HTTP/1.1" 200 230293
157.55.39.113 - - [10/Dec/2014:03:48:14 -0500] "GET /bla/resoluciones/resoluciones%202010/5602.pdf HTTP/1.1" 200 229210
186.154.85.200 - - [10/Dec/2014:03:48:16 -0500] "POST /forms/lservlet;jsessionid=ac16012b30d59104b26b663e46108e6f9a232dfd1dc3.e3iSbxaKaheRe34Sa3yKbhiTahb0n6jAmljGr5XDqQLvpAe HTTP/1.1" 200 2
157.55.39.240 - - [10/Dec/2014:03:48:18 -0500] "-" 408 -
157.55.39.113 - - [10/Dec/2014:03:48:29 -0500] "GET /BLA/resoluciones/Resoluciones%202011/1808.pdf HTTP/1.1" 200 516806
157.55.39.113 - - [10/Dec/2014:03:48:34 -0500] "GET /BLA/resoluciones/AUTOS%202011/1249.pdf HTTP/1.1" 200 329338
157.55.39.217 - - [10/Dec/2014:03:48:39 -0500] "GET /BLA/resoluciones/RESOLUCIONES%202011/3345.pdf HTTP/1.1" 200 446637
157.55.39.12 - - [10/Dec/2014:03:48:44 -0500] "GET /bla/resoluciones/resoluciones%202010/0391.pdf HTTP/1.1" 200 119342
157.55.39.12 - - [10/Dec/2014:03:48:44 -0500] "GET /bla/resoluciones/resoluciones%202010/5564.pdf HTTP/1.1" 200 506010
157.55.39.12 - - [10/Dec/2014:03:48:45 -0500] "GET /BLA/resoluciones/RESOLUCIONES%202010/1081.pdf HTTP/1.1" 200 554601
66.249.67.115 - - [10/Dec/2014:03:48:48 -0500] "GET /BLA/resoluciones/RESOLUCIONES%202007/RES%202007%203701%20AL%203800/RESOLUCION%203709%20DE%202007.pdf HTTP/1.1" 304 -
157.55.39.240 - - [10/Dec/2014:03:48:49 -0500] "GET /BLA/resoluciones/RESOLUCIONES%202012/1566.pdf HTTP/1.1" 200 462097
157.55.39.240 - - [10/Dec/2014:03:48:50 -0500] "GET /BLA/resoluciones/RESOLUCIONES%202008/0040.pdf HTTP/1.1" 200 521950
66.249.67.107 - - [10/Dec/2014:03:48:51 -0500] "-" 408 -
157.55.39.240 - - [10/Dec/2014:03:48:51 -0500] "GET /BLA/resoluciones/RESOLUCIONES%202011/0364.pdf HTTP/1.1" 200 292810
157.55.39.217 - - [10/Dec/2014:03:48:54 -0500] "GET /BLA/resoluciones/index.php?dir=RESOLUCIONES+2004%2FRES+2004+1001-1050%2F HTTP/1.1" 200 12169
157.55.39.217 - - [10/Dec/2014:03:48:55 -0500] "GET /BLA/resoluciones/RESOLUCIONES%202012/1319.pdf HTTP/1.1" 200 1063740
157.55.39.217 - - [10/Dec/2014:03:48:55 -0500] "GET /bla/resoluciones/resoluciones%202009/1932.pdf HTTP/1.1" 200 612742
157.55.39.217 - - [10/Dec/2014:03:48:55 -0500] "GET /bla/resoluciones/resoluciones%202009/9270.pdf HTTP/1.1" 200 479891
157.55.39.217 - - [10/Dec/2014:03:48:56 -0500] "GET /BLA/resoluciones/AUTOS%202011/2967.pdf HTTP/1.1" 200 501231
157.55.39.13 - - [10/Dec/2014:03:48:59 -0500] "GET /BLA/resoluciones/RESOLUCIONES%202008/2242.pdf HTTP/1.1" 200 195984
157.55.39.13 - - [10/Dec/2014:03:49:00 -0500] "GET /bla/resoluciones/resoluciones%202010/5244.pdf HTTP/1.1" 200 787083
74.86.158.107 - - [10/Dec/2014:03:49:03 -0500] "HEAD / HTTP/1.1" 302 -
157.55.39.217 - - [10/Dec/2014:03:49:04 -0500] "GET /BLA/resoluciones/RESOLUCIONES%202011/4743.pdf HTTP/1.1" 200 182761
190.24.132.102 - - [10/Dec/2014:03:49:10 -0500] "GET /BLA/boletinlegal/js/jquery.js HTTP/1.1" 200 57254
190.24.132.102 - - [10/Dec/2014:03:49:10 -0500] "GET /BLA/boletinlegal/js/jquery.scrollTo-min.js HTTP/1.1" 200 1150
190.24.132.102 - - [10/Dec/2014:03:49:10 -0500] "GET /BLA/boletinlegal/js/jquery.scrollShow.js HTTP/1.1" 200 4586
66.249.67.99 - - [10/Dec/2014:03:49:25 -0500] "GET /BLA/resoluciones/index.php?dir=RESOLUCIONES%202002/RES%202002%2051-100/&sort=size&order=asc HTTP/1.1" 200 12120
66.249.67.115 - - [10/Dec/2014:03:49:25 -0500] "GET /BLA/resoluciones/AUTOS%202013/1003.pdf HTTP/1.1" 304 -
157.55.39.241 - - [10/Dec/2014:03:49:35 -0500] "GET /BLA/resoluciones/RESOLUCIONES%202008/1661.pdf HTTP/1.1" 200 267559
157.55.39.113 - - [10/Dec/2014:03:49:36 -0500] "GET /BLA/resoluciones/AUTOS%202009/0897.pdf HTTP/1.1" 200 125083
157.55.39.241 - - [10/Dec/2014:03:49:40 -0500] "GET /bla/resoluciones/resoluciones%202010/0749.pdf HTTP/1.1" 200 488333
66.249.67.107 - - [10/Dec/2014:03:49:48 -0500] "GET /BLA/resoluciones/RESOLUCIONES%202012/0788.pdf HTTP/1.1" 304 -
66.249.67.99 - - [10/Dec/2014:03:49:52 -0500] "GET /BLA/resoluciones/RESOLUCIONES%202002/RES%202002%201451-1500/20021491.tif HTTP/1.1" 200 75044
66.249.67.99 - - [10/Dec/2014:03:50:02 -0500] "GET /BLA/resoluciones/RESOLUCIONES%202008/0811.pdf HTTP/1.1" 200 389631
157.55.39.217 - - [10/Dec/2014:03:50:06 -0500] "GET /bla/resoluciones/resoluciones%202009/9297.pdf HTTP/1.1" 200 836647
157.55.39.113 - - [10/Dec/2014:03:50:11 -0500] "GET /bla/resoluciones/resoluciones%202009/0838.pdf HTTP/1.1" 200 234057
157.55.39.13 - - [10/Dec/2014:03:50:16 -0500] "GET /bla/resoluciones/resoluciones%202010/0620.pdf HTTP/1.1" 200 525794
186.154.85.200 - - [10/Dec/2014:03:50:16 -0500] "POST /forms/lservlet;jsessionid=ac16012b30d59104b26b663e46108e6f9a232dfd1dc3.e3iSbxaKaheRe34Sa3yKbhiTahb0n6jAmljGr5XDqQLvpAe HTTP/1.1" 200 2
180.76.5.61 - - [10/Dec/2014:03:50:17 -0500] "GET /BLA/boletinlegal/jurisprudencia/analisis/Analisis%20jurisprudencial%20Sentencia%20C-366-11.doc HTTP/1.1" 200 59392
157.55.39.240 - - [10/Dec/2014:03:50:20 -0500] "GET /bla/resoluciones/resoluciones%202010/6059.pdf HTTP/1.1" 200 675939
157.55.39.240 - - [10/Dec/2014:03:50:25 -0500] "GET /BLA/resoluciones/RESOLUCIONES%202010/1401.pdf HTTP/1.1" 200 487679
157.55.39.240 - - [10/Dec/2014:03:50:26 -0500] "GET /bla/resoluciones/RESOLUCIONES%202011/0809.pdf HTTP/1.1" 200 530466
212.40.242.17 - - [10/Dec/2014:03:50:37 -0500] "GET /BLA/boletinlegal/js/jquery.js HTTP/1.1" 200 57254
212.40.242.17 - - [10/Dec/2014:03:50:38 -0500] "GET /BLA/boletinlegal/js/jquery.scrollTo-min.js HTTP/1.1" 200 1150
212.40.242.18 - - [10/Dec/2014:03:50:38 -0500] "GET /BLA/boletinlegal/js/jquery.scrollShow.js HTTP/1.1" 200 4586
212.40.242.17 - - [10/Dec/2014:03:50:38 -0500] "GET /galeria/carrusel/Carrusel/jquery.thumbnailScroller.css HTTP/1.1" 200 2066
212.40.242.17 - - [10/Dec/2014:03:50:38 -0500] "GET /galeria/carrusel/Carrusel/jquery-ui-1.8.13.custom.min.js HTTP/1.1" 200 10800
212.40.242.17 - - [10/Dec/2014:03:50:38 -0500] "GET /galeria/carrusel/Carrusel/jquery.thumbnailScroller.js HTTP/1.1" 200 8157
157.55.39.12 - - [10/Dec/2014:03:50:39 -0500] "GET /BLA/resoluciones/RESOLUCIONES%202010/5768.pdf HTTP/1.1" 200 79794
66.249.67.99 - - [10/Dec/2014:03:50:40 -0500] "GET /BLA/resoluciones/RESOLUCIONES%202009/6485.pdf HTTP/1.1" 200 1085602
157.55.39.217 - - [10/Dec/2014:03:50:46 -0500] "GET /bla/resoluciones/resoluciones%202009/0701.pdf HTTP/1.1" 200 369830
157.55.39.217 - - [10/Dec/2014:03:50:47 -0500] "GET /BLA/resoluciones/RESOLUCIONES%202009/3002.pdf HTTP/1.1" 200 612940
157.55.39.113 - - [10/Dec/2014:03:50:55 -0500] "GET /BLA/resoluciones/RESOLUCIONES%202009/0733.pdf HTTP/1.1" 200 358208
157.55.39.217 - - [10/Dec/2014:03:50:59 -0500] "GET /bla/resoluciones/resoluciones%202009/7662.pdf HTTP/1.1" 200 495151
157.55.39.217 - - [10/Dec/2014:03:51:00 -0500] "GET /BLA/resoluciones/RESOLUCIONES%202011/4483.pdf HTTP/1.1" 200 350201
157.55.39.240 - - [10/Dec/2014:03:51:04 -0500] "GET /bla/resoluciones/RESOLUCIONES%202011/3658.pdf HTTP/1.1" 200 550648
66.249.67.99 - - [10/Dec/2014:03:51:17 -0500] "GET /BLA/resoluciones/RESOLUCIONES%202010/0905.pdf HTTP/1.1" 304 -
157.55.39.240 - - [10/Dec/2014:03:51:24 -0500] "GET /BLA/resoluciones/AUTOS%202009/3244.pdf HTTP/1.1" 200 192332
157.55.39.217 - - [10/Dec/2014:03:51:30 -0500] "GET /BLA/resoluciones/AUTOS%202011/3065.pdf HTTP/1.1" 200 195403
157.55.39.241 - - [10/Dec/2014:03:51:35 -0500] "GET /bla/resoluciones/resoluciones%202009/8151.pdf HTTP/1.1" 200 502037
66.249.64.171 - - [10/Dec/2014:03:51:54 -0500] "GET /BLA/resoluciones/RESOLUCIONES%202010/0883.pdf HTTP/1.1" 200 105422
157.55.39.240 - - [10/Dec/2014:03:52:06 -0500] "GET /BLA/resoluciones/AUTOS%202009/2167.pdf HTTP/1.1" 200 182297
186.154.85.200 - - [10/Dec/2014:03:52:16 -0500] "POST /forms/lservlet;jsessionid=ac16012b30d59104b26b663e46108e6f9a232dfd1dc3.e3iSbxaKaheRe34Sa3yKbhiTahb0n6jAmljGr5XDqQLvpAe HTTP/1.1" 200 2
157.55.39.240 - - [10/Dec/2014:03:52:22 -0500] "GET /bla/resoluciones/resoluciones%202010/7426.pdf HTTP/1.1" 200 66365
157.55.39.13 - - [10/Dec/2014:03:52:26 -0500] "GET /BLA/resoluciones/RESOLUCIONES%202008/1976.pdf HTTP/1.1" 200 763004
157.55.39.18 - - [10/Dec/2014:03:52:27 -0500] "GET /bla/resoluciones/resoluciones%202010/0656.pdf HTTP/1.1" 200 500072
157.55.39.241 - - [10/Dec/2014:03:52:30 -0500] "GET /BLA/resoluciones/Resoluciones%202011/3527.pdf HTTP/1.1" 200 486705
66.249.67.115 - - [10/Dec/2014:03:52:31 -0500] "GET /BLA/resoluciones/RESOLUCIONES%202007/RES%202007%20401%20AL%20500/RESOLUCION%200421%20DE%202007.pdf HTTP/1.1" 200 441796
157.55.39.113 - - [10/Dec/2014:03:52:36 -0500] "GET /BLA/resoluciones/RESOLUCIONES%202008/0035.pdf HTTP/1.1" 200 475094
66.249.67.107 - - [10/Dec/2014:03:52:36 -0500] "GET /BLA/resoluciones/RESOLUCIONES%202007/RES%202007%204101%20AL%204200/RESOLUCION%204123%20DE%202007.pdf HTTP/1.1" 200 721622
157.55.39.113 - - [10/Dec/2014:03:52:36 -0500] "GET /BLA/resoluciones/RESOLUCIONES%202008/0569.pdf HTTP/1.1" 200 115575
157.55.39.113 - - [10/Dec/2014:03:52:37 -0500] "GET /bla/resoluciones/resoluciones%202009/1508.pdf HTTP/1.1" 200 408818
157.55.39.113 - - [10/Dec/2014:03:52:37 -0500] "GET /bla/resoluciones/resoluciones%202010/0948.pdf HTTP/1.1" 200 119976
157.55.39.241 - - [10/Dec/2014:03:52:42 -0500] "GET /BLA/resoluciones/index.php?dir=AUTOS%202010/&sort=date&order=desc HTTP/1.1" 200 214234
157.55.39.12 - - [10/Dec/2014:03:52:49 -0500] "GET /BLA/resoluciones/RESOLUCIONES%202009/7856.pdf HTTP/1.1" 200 760508
157.55.39.113 - - [10/Dec/2014:03:53:00 -0500] "GET /BLA/resoluciones/RESOLUCIONES%202008/2158.pdf HTTP/1.1" 200 345671
157.55.39.240 - - [10/Dec/2014:03:53:05 -0500] "GET /BLA/resoluciones/RESOLUCIONES%202009/7006.pdf HTTP/1.1" 200 723665
157.55.39.240 - - [10/Dec/2014:03:53:05 -0500] "GET /BLA/resoluciones/RESOLUCIONES%202007/RES%202007%203401%20AL%203500/RESOLUCION%203419%20DE%202007.pdf HTTP/1.1" 200 22682
66.249.67.115 - - [10/Dec/2014:03:53:09 -0500] "GET /BLA/resoluciones/RESOLUCIONES%202010/6193.pdf HTTP/1.1" 304 -
157.55.39.13 - - [10/Dec/2014:03:53:11 -0500] "GET /BLA/resoluciones/RESOLUCIONES%202009/2092.pdf HTTP/1.1" 200 431093
157.55.39.13 - - [10/Dec/2014:03:53:11 -0500] "GET /bla/resoluciones/resoluciones%202009/0638.pdf HTTP/1.1" 200 72659
157.55.39.113 - - [10/Dec/2014:03:53:15 -0500] "GET /BLA/resoluciones/Resoluciones%202011/0946.pdf HTTP/1.1" 200 323408
157.55.39.113 - - [10/Dec/2014:03:53:15 -0500] "GET /BLA/resoluciones/RESOLUCIONES%202010/0503.pdf HTTP/1.1" 200 123142
157.55.39.113 - - [10/Dec/2014:03:53:42 -0500] "GET /bla/resoluciones/resoluciones%202009/3641.pdf HTTP/1.1" 200 46444
66.249.67.107 - - [10/Dec/2014:03:53:46 -0500] "GET /BLA/resoluciones/AUTOS%202012/0169.pdf HTTP/1.1" 200 185338
157.55.39.240 - - [10/Dec/2014:03:53:51 -0500] "GET /BLA/resoluciones/RESOLUCIONES%202010/0403.pdf HTTP/1.1" 200 51974
74.86.158.107 - - [10/Dec/2014:03:54:03 -0500] "HEAD / HTTP/1.1" 302 -
157.55.39.13 - - [10/Dec/2014:03:54:04 -0500] "GET /bla/resoluciones/resoluciones%202009/8521.pdf HTTP/1.1" 200 101722
186.154.85.200 - - [10/Dec/2014:03:54:17 -0500] "POST /forms/lservlet;jsessionid=ac16012b30d59104b26b663e46108e6f9a232dfd1dc3.e3iSbxaKaheRe34Sa3yKbhiTahb0n6jAmljGr5XDqQLvpAe HTTP/1.1" 200 2
157.55.39.13 - - [10/Dec/2014:03:54:20 -0500] "GET /BLA/resoluciones/RESOLUCIONES%202011/3513.pdf HTTP/1.1" 200 503783
157.55.39.13 - - [10/Dec/2014:03:54:20 -0500] "GET /bla/resoluciones/resoluciones%202009/8374.pdf HTTP/1.1" 200 554770
66.249.67.115 - - [10/Dec/2014:03:54:23 -0500] "GET /BLA/resoluciones/RESOLUCIONES%202010/2662.pdf HTTP/1.1" 304 -
157.55.39.217 - - [10/Dec/2014:03:54:25 -0500] "GET /BLA/resoluciones/AUTOS%202009/2081.pdf HTTP/1.1" 200 96714
157.55.39.241 - - [10/Dec/2014:03:54:35 -0500] "GET /BLA/resoluciones/RESOLUCIONES%202008/1044.pdf HTTP/1.1" 200 211352
157.55.39.241 - - [10/Dec/2014:03:54:35 -0500] "GET /bla/resoluciones/resoluciones%202009/0996.pdf HTTP/1.1" 200 404856
157.55.39.113 - - [10/Dec/2014:03:54:39 -0500] "GET /bla/resoluciones/resoluciones%202010/5507.pdf HTTP/1.1" 200 2796793
157.55.39.113 - - [10/Dec/2014:03:54:39 -0500] "GET /BLA/resoluciones/RESOLUCIONES%202011/0828.pdf HTTP/1.1" 200 75323
157.55.39.113 - - [10/Dec/2014:03:54:41 -0500] "GET /BLA/resoluciones/Resoluciones%202011/1819.pdf HTTP/1.1" 200 517604
157.55.39.12 - - [10/Dec/2014:03:54:46 -0500] "GET /BLA/resoluciones/Resoluciones%202011/2237.pdf HTTP/1.1" 200 319037
157.55.39.217 - - [10/Dec/2014:03:54:50 -0500] "GET /BLA/resoluciones/RESOLUCIONES%202010/2419.pdf HTTP/1.1" 200 562883
157.55.39.217 - - [10/Dec/2014:03:54:57 -0500] "GET /BLA/resoluciones/AUTOS%202011/2793.pdf HTTP/1.1" 200 162303
157.55.39.217 - - [10/Dec/2014:03:54:57 -0500] "GET /bla/resoluciones/resoluciones%202009/1643.pdf HTTP/1.1" 200 478998
66.249.67.107 - - [10/Dec/2014:03:55:00 -0500] "GET /BLA/resoluciones/AUTOS%202009/1919.pdf HTTP/1.1" 304 -
157.55.39.240 - - [10/Dec/2014:03:55:01 -0500] "GET /bla/resoluciones/resoluciones%202010/0110.pdf HTTP/1.1" 200 493629
157.55.39.13 - - [10/Dec/2014:03:55:07 -0500] "GET /BLA/resoluciones/AUTOS%202009/2908.pdf HTTP/1.1" 200 103388
157.55.39.13 - - [10/Dec/2014:03:55:07 -0500] "GET /bla/resoluciones/resoluciones%202010/5959.pdf HTTP/1.1" 200 80098
157.55.39.13 - - [10/Dec/2014:03:55:08 -0500] "GET /bla/resoluciones/resoluciones%202010/7074.pdf HTTP/1.1" 200 811051
157.55.39.113 - - [10/Dec/2014:03:55:12 -0500] "GET /BLA/resoluciones/RESOLUCIONES%202011/0262.pdf HTTP/1.1" 200 63443
157.55.39.217 - - [10/Dec/2014:03:55:17 -0500] "GET /BLA/resoluciones/RESOLUCIONES%202009/4128.pdf HTTP/1.1" 200 662488
66.249.67.115 - - [10/Dec/2014:03:55:25 -0500] "GET /BLA/resoluciones/AUTOS%202009/1814.pdf HTTP/1.1" 304 -
157.55.39.113 - - [10/Dec/2014:03:55:26 -0500] "GET /bla/resoluciones/resoluciones%202010/1693.pdf HTTP/1.1" 200 379304
157.55.39.113 - - [10/Dec/2014:03:55:27 -0500] "GET /BLA/resoluciones/AUTOS%202009/1007.pdf HTTP/1.1" 200 291938
157.55.39.113 - - [10/Dec/2014:03:55:27 -0500] "GET /BLA/resoluciones/Resoluciones%202011/2140.pdf HTTP/1.1" 200 510113
157.55.39.217 - - [10/Dec/2014:03:55:36 -0500] "GET /bla/resoluciones/resoluciones%202010/1041.pdf HTTP/1.1" 200 111372
66.249.67.99 - - [10/Dec/2014:03:55:38 -0500] "GET /BLA/resoluciones/RESOLUCIONES%202007/RES%202007%202701%20AL%202800/RESOLUCION%202729%20%20DE%202007.pdf HTTP/1.1" 200 627047
157.55.39.217 - - [10/Dec/2014:03:55:41 -0500] "GET /BLA/resoluciones/RESOLUCIONES%202009/2368.pdf HTTP/1.1" 200 423282
157.55.39.113 - - [10/Dec/2014:03:55:45 -0500] "GET /BLA/resoluciones/RESOLUCIONES%202009/0144.pdf HTTP/1.1" 200 230536
157.55.39.12 - - [10/Dec/2014:03:55:50 -0500] "GET /BLA/resoluciones/AUTOS%202011/1405.pdf HTTP/1.1" 200 211493
157.55.39.12 - - [10/Dec/2014:03:55:50 -0500] "GET /BLA/resoluciones/AUTOS%202012/1560.pdf HTTP/1.1" 200 302291
157.55.39.12 - - [10/Dec/2014:03:55:51 -0500] "GET /BLA/resoluciones/RESOLUCIONES%202011/2427.pdf HTTP/1.1" 200 515089
157.55.39.113 - - [10/Dec/2014:03:55:55 -0500] "GET /bla/resoluciones/resoluciones%202009/0475.pdf HTTP/1.1" 200 224856
157.55.39.113 - - [10/Dec/2014:03:55:55 -0500] "GET /BLA/resoluciones/RESOLUCIONES%202011/0510.pdf HTTP/1.1" 200 422888
157.55.39.240 - - [10/Dec/2014:03:56:03 -0500] "GET /BLA/resoluciones/Resoluciones%202011/3007.pdf HTTP/1.1" 200 255323
157.55.39.240 - - [10/Dec/2014:03:56:03 -0500] "GET /BLA/resoluciones/index.php?dir=RESOLUCIONES+2004%2FRES+2004+101-150%2F HTTP/1.1" 200 12033
157.55.39.240 - - [10/Dec/2014:03:56:06 -0500] "GET /bla/resoluciones/resoluciones%202009/7809.pdf HTTP/1.1" 200 529631
157.55.39.240 - - [10/Dec/2014:03:56:07 -0500] "GET /bla/resoluciones/RESOLUCIONES%202011/0336.pdf HTTP/1.1" 200 80407
157.55.39.13 - - [10/Dec/2014:03:56:12 -0500] "GET /bla/resoluciones/resoluciones%202010/1369.pdf HTTP/1.1" 200 386522
66.249.67.99 - - [10/Dec/2014:03:56:15 -0500] "GET /BLA/resoluciones/RESOLUCIONES%202007/RES%202007%20901%20AL%201000/RESOLUCION%200913%20DE%202007.pdf HTTP/1.1" 304 -
186.154.85.200 - - [10/Dec/2014:03:56:17 -0500] "POST /forms/lservlet;jsessionid=ac16012b30d59104b26b663e46108e6f9a232dfd1dc3.e3iSbxaKaheRe34Sa3yKbhiTahb0n6jAmljGr5XDqQLvpAe HTTP/1.1" 200 2
157.55.39.217 - - [10/Dec/2014:03:56:17 -0500] "GET /BLA/resoluciones/RESOLUCIONES%202009/0075.pdf HTTP/1.1" 200 220967
188.165.15.191 - - [10/Dec/2014:03:56:19 -0500] "GET /BLA/resoluciones/RESOLUCIONES%202002/RES%202002%20701-750/00000731.tif HTTP/1.1" 200 397336
157.55.39.113 - - [10/Dec/2014:03:56:22 -0500] "GET /BLA/resoluciones/RESOLUCIONES%202010/1005.pdf HTTP/1.1" 200 106660
157.55.39.113 - - [10/Dec/2014:03:56:31 -0500] "GET /BLA/resoluciones/RESOLUCIONES%202011/2114.pdf HTTP/1.1" 200 508075
157.55.39.241 - - [10/Dec/2014:03:56:36 -0500] "GET /BLA/resoluciones/AUTOS%202009/2111.pdf HTTP/1.1" 200 125999
157.55.39.217 - - [10/Dec/2014:03:56:40 -0500] "GET /bla/resoluciones/resoluciones%202010/1107.pdf HTTP/1.1" 200 104624
157.55.39.12 - - [10/Dec/2014:03:56:46 -0500] "GET /bla/resoluciones/resoluciones%202009/2075.pdf HTTP/1.1" 200 664005
157.55.39.113 - - [10/Dec/2014:03:56:51 -0500] "GET /bla/resoluciones/resoluciones%202010/0611.pdf HTTP/1.1" 200 521449
66.249.67.115 - - [10/Dec/2014:03:56:52 -0500] "GET /BLA/resoluciones/RESOLUCIONES%202009/8893.pdf HTTP/1.1" 304 -
157.55.39.240 - - [10/Dec/2014:03:56:56 -0500] "GET /BLA/resoluciones/RESOLUCIONES%202008/0759.pdf HTTP/1.1" 200 28552
157.55.39.113 - - [10/Dec/2014:03:57:01 -0500] "GET /BLA/resoluciones/AUTOS%202010/4805.pdf HTTP/1.1" 200 240166
157.55.39.113 - - [10/Dec/2014:03:57:11 -0500] "GET /bla/resoluciones/resoluciones%202009/7716.pdf HTTP/1.1" 200 637404
157.55.39.113 - - [10/Dec/2014:03:57:12 -0500] "GET /BLA/resoluciones/AUTOS%202012/0478.pdf HTTP/1.1" 200 513192
157.55.39.113 - - [10/Dec/2014:03:57:13 -0500] "GET /bla/resoluciones/resoluciones%202010/5397.pdf HTTP/1.1" 200 220476
66.249.67.115 - - [10/Dec/2014:03:57:29 -0500] "GET /BLA/resoluciones/RESOLUCIONES%202007/RES%202007%203701%20AL%203800/RESOLUCION%203703%20DE%202007.pdf HTTP/1.1" 200 642534
157.55.39.217 - - [10/Dec/2014:03:57:32 -0500] "GET /bla/resoluciones/resoluciones%202010/2094.pdf HTTP/1.1" 200 449434
157.55.39.12 - - [10/Dec/2014:03:57:36 -0500] "GET /BLA/resoluciones/RESOLUCIONES%202009/1142.pdf HTTP/1.1" 200 232970
157.55.39.113 - - [10/Dec/2014:03:57:41 -0500] "GET /bla/resoluciones/resoluciones%202009/1935.pdf HTTP/1.1" 200 537721
157.55.39.217 - - [10/Dec/2014:03:57:47 -0500] "GET /bla/resoluciones/resoluciones%202010/6062.pdf HTTP/1.1" 200 641594
188.165.15.187 - - [10/Dec/2014:03:57:53 -0500] "GET /BLA/resoluciones/RESOLUCIONES%202006/RES%202006%202251-2300/00002271.tif HTTP/1.1" 200 297758
157.55.39.13 - - [10/Dec/2014:03:57:53 -0500] "GET /BLA/resoluciones/RESOLUCIONES%202008/1582.pdf HTTP/1.1" 200 282290
157.55.39.217 - - [10/Dec/2014:03:58:03 -0500] "GET /BLA/resoluciones/AUTOS%202011/4322.pdf HTTP/1.1" 200 260297
66.249.67.99 - - [10/Dec/2014:03:58:07 -0500] "GET /BLA/resoluciones/RESOLUCIONES%202010/7475.pdf HTTP/1.1" 304 -
66.249.67.99 - - [10/Dec/2014:03:58:13 -0500] "GET /BLA/resoluciones/RESOLUCIONES%202012/0619.pdf HTTP/1.1" 200 443982
157.55.39.240 - - [10/Dec/2014:03:58:16 -0500] "GET /bla/resoluciones/resoluciones%202009/7383.pdf HTTP/1.1" 200 953961
186.154.85.200 - - [10/Dec/2014:03:58:17 -0500] "POST /forms/lservlet;jsessionid=ac16012b30d59104b26b663e46108e6f9a232dfd1dc3.e3iSbxaKaheRe34Sa3yKbhiTahb0n6jAmljGr5XDqQLvpAe HTTP/1.1" 200 2
157.55.39.240 - - [10/Dec/2014:03:58:17 -0500] "GET /bla/resoluciones/resoluciones%202009/0399.pdf HTTP/1.1" 200 251372
157.55.39.13 - - [10/Dec/2014:03:58:20 -0500] "GET /bla/resoluciones/resoluciones%202009/8277.pdf HTTP/1.1" 200 616734
157.55.39.217 - - [10/Dec/2014:03:58:26 -0500] "GET /BLA/resoluciones/AUTOS%202012/2169.pdf HTTP/1.1" 200 213223
157.55.39.12 - - [10/Dec/2014:03:58:31 -0500] "GET /BLA/resoluciones/RESOLUCIONES%202011/0820.pdf HTTP/1.1" 200 292276
157.55.39.12 - - [10/Dec/2014:03:58:32 -0500] "-" 408 -
157.55.39.241 - - [10/Dec/2014:03:58:35 -0500] "GET /BLA/resoluciones/RESOLUCIONES%202009/1566.pdf HTTP/1.1" 200 139209
157.55.39.113 - - [10/Dec/2014:03:58:40 -0500] "GET /BLA/resoluciones/RESOLUCIONES%202009/0353.pdf HTTP/1.1" 200 215765
157.55.39.113 - - [10/Dec/2014:03:58:41 -0500] "GET /BLA/resoluciones/RESOLUCIONES%202008/1284.pdf HTTP/1.1" 200 141267
66.249.67.115 - - [10/Dec/2014:03:58:44 -0500] "GET /BLA/resoluciones/RESOLUCIONES%202008/4487.pdf HTTP/1.1" 200 339988
157.55.39.217 - - [10/Dec/2014:03:58:47 -0500] "GET /BLA/resoluciones/RESOLUCIONES%202009/0734.pdf HTTP/1.1" 200 14990
157.55.39.217 - - [10/Dec/2014:03:58:57 -0500] "GET /BLA/resoluciones/RESOLUCIONES%202010/0531.pdf HTTP/1.1" 200 377698
157.55.39.13 - - [10/Dec/2014:03:59:01 -0500] "GET /BLA/resoluciones/RESOLUCIONES%202010/2466.pdf HTTP/1.1" 200 493301
157.55.39.13 - - [10/Dec/2014:03:59:03 -0500] "GET /bla/resoluciones/resoluciones%202010/2401.pdf HTTP/1.1" 200 512534
74.86.158.107 - - [10/Dec/2014:03:59:03 -0500] "HEAD / HTTP/1.1" 302 -
157.55.39.217 - - [10/Dec/2014:03:59:07 -0500] "GET /BLA/resoluciones/Resoluciones%202011/1375.pdf HTTP/1.1" 200 72865
157.55.39.113 - - [10/Dec/2014:03:59:11 -0500] "GET /BLA/resoluciones/RESOLUCIONES%202009/7246.pdf HTTP/1.1" 200 1007253
157.55.39.113 - - [10/Dec/2014:03:59:12 -0500] "GET /bla/resoluciones/resoluciones%202009/0621.pdf HTTP/1.1" 200 314977
202.46.54.178 - - [10/Dec/2014:03:59:16 -0500] "GET / HTTP/1.1" 302 -
157.55.39.240 - - [10/Dec/2014:03:59:16 -0500] "GET /BLA/resoluciones/AUTOS%202009/2964.pdf HTTP/1.1" 200 143712
157.55.39.240 - - [10/Dec/2014:03:59:16 -0500] "GET /BLA/resoluciones/RESOLUCIONES%202012/0611.pdf HTTP/1.1" 200 689671
157.55.39.240 - - [10/Dec/2014:03:59:18 -0500] "GET /BLA/resoluciones/AUTOS%202009/0416.pdf HTTP/1.1" 200 216568
66.249.67.107 - - [10/Dec/2014:03:59:21 -0500] "GET /BLA/resoluciones/RESOLUCIONES%202008/4296.pdf HTTP/1.1" 304 -
157.55.39.13 - - [10/Dec/2014:03:59:21 -0500] "GET /BLA/resoluciones/RESOLUCIONES%202009/1993.pdf HTTP/1.1" 200 595255
157.55.39.13 - - [10/Dec/2014:03:59:22 -0500] "GET /BLA/resoluciones/RESOLUCIONES%202008/0101.pdf HTTP/1.1" 200 63333
157.55.39.13 - - [10/Dec/2014:03:59:23 -0500] "GET /bla/resoluciones/resoluciones%202009/3802.pdf HTTP/1.1" 200 58946
157.55.39.113 - - [10/Dec/2014:03:59:26 -0500] "GET /BLA/resoluciones/RESOLUCIONES%202009/2594.pdf HTTP/1.1" 200 1270780
157.55.39.113 - - [10/Dec/2014:03:59:27 -0500] "GET /BLA/resoluciones/RESOLUCIONES%202011/1053.pdf HTTP/1.1" 200 78397
157.55.39.113 - - [10/Dec/2014:03:59:28 -0500] "GET /BLA/resoluciones/RESOLUCIONES%202010/5790.pdf HTTP/1.1" 200 82123
157.55.39.241 - - [10/Dec/2014:03:59:31 -0500] "GET /BLA/resoluciones/RESOLUCIONES%202009/4433.pdf HTTP/1.1" 200 1163378
157.55.39.217 - - [10/Dec/2014:03:59:42 -0500] "GET /bla/resoluciones/resoluciones%202009/8414.pdf HTTP/1.1" 200 120900
157.55.39.240 - - [10/Dec/2014:03:59:46 -0500] "GET /BLA/resoluciones/RESOLUCIONES%202012/0718.pdf HTTP/1.1" 200 171332
157.55.39.217 - - [10/Dec/2014:03:59:53 -0500] "GET /bla/resoluciones/resoluciones%202010/1871.pdf HTTP/1.1" 200 317458
157.55.39.217 - - [10/Dec/2014:03:59:53 -0500] "GET /BLA/resoluciones/RESOLUCIONES%202010/5797.pdf HTTP/1.1" 200 37820
66.249.67.99 - - [10/Dec/2014:03:59:58 -0500] "GET /BLA/resoluciones/RESOLUCIONES%202007/RES%202007%202701%20AL%202800/RESOLUCION%202709%20DE%202007.pdf HTTP/1.1" 304 -
119.63.193.131 - - [10/Dec/2014:04:00:05 -0500] "GET / HTTP/1.1" 302 -
157.55.39.13 - - [10/Dec/2014:04:00:08 -0500] "GET /bla/resoluciones/resoluciones%202010/6297.pdf HTTP/1.1" 200 78944
186.154.85.200 - - [10/Dec/2014:04:00:17 -0500] "POST /forms/lservlet;jsessionid=ac16012b30d59104b26b663e46108e6f9a232dfd1dc3.e3iSbxaKaheRe34Sa3yKbhiTahb0n6jAmljGr5XDqQLvpAe HTTP/1.1" 200 2
188.165.15.55 - - [10/Dec/2014:04:00:23 -0500] "GET /BLA/resoluciones/RESOLUCIONES%202006/RES%202006%202551-2600/00002573.tif HTTP/1.1" 200 213710
157.55.39.13 - - [10/Dec/2014:04:00:24 -0500] "GET /BLA/resoluciones/RESOLUCIONES%202009/3944.pdf HTTP/1.1" 200 601897
157.55.39.113 - - [10/Dec/2014:04:00:28 -0500] "GET /BLA/resoluciones/RESOLUCIONES%202011/4465.pdf HTTP/1.1" 200 551382
157.55.39.113 - - [10/Dec/2014:04:00:29 -0500] "GET /bla/resoluciones/resoluciones%202009/7744.pdf HTTP/1.1" 200 303508
66.249.67.115 - - [10/Dec/2014:04:00:36 -0500] "GET /BLA/resoluciones/RESOLUCIONES%202010/6497.pdf HTTP/1.1" 200 295714
188.165.15.15 - - [10/Dec/2014:04:00:55 -0500] "GET /BLA/resoluciones/index.php?dir=RESOLUCIONES%202002/RES%202002%201401-1450/&sort=date&order=desc HTTP/1.1" 200 12161
157.55.39.217 - - [10/Dec/2014:04:00:57 -0500] "GET /BLA/resoluciones/AUTOS%202012/0171.pdf HTTP/1.1" 200 176960
157.55.39.217 - - [10/Dec/2014:04:00:57 -0500] "GET /bla/resoluciones/resoluciones%202010/7622.pdf HTTP/1.1" 200 440005
157.55.39.113 - - [10/Dec/2014:04:01:01 -0500] "GET /BLA/resoluciones/RESOLUCIONES%202008/0704.pdf HTTP/1.1" 200 53690
66.249.67.115 - - [10/Dec/2014:04:01:02 -0500] "GET /BLA/resoluciones/AUTOS%202012/1752.pdf HTTP/1.1" 304 -
66.249.67.99 - - [10/Dec/2014:04:01:05 -0500] "GET /hidrico/aguas%20subterraneas/Cartograf%C3%ACa_Final_2013/Balance%20H%C3%ADdrico/Temperatura%20Promedio%20Anual.pdf HTTP/1.1" 404 1018
157.55.39.240 - - [10/Dec/2014:04:01:06 -0500] "GET /BLA/resoluciones/RESOLUCIONES%202011/0756.pdf HTTP/1.1" 200 376432
157.55.39.240 - - [10/Dec/2014:04:01:06 -0500] "GET /bla/resoluciones/RESOLUCIONES%202011/1887.pdf HTTP/1.1" 200 514340
157.55.39.113 - - [10/Dec/2014:04:01:11 -0500] "GET /BLA/resoluciones/RESOLUCIONES%202010/2931.pdf HTTP/1.1" 200 368376
157.55.39.113 - - [10/Dec/2014:04:01:12 -0500] "GET /BLA/resoluciones/AUTOS%202009/1435.pdf HTTP/1.1" 200 191182
66.249.67.99 - - [10/Dec/2014:04:01:13 -0500] "GET /BLA/resoluciones/AUTOS%202013/1424.pdf HTTP/1.1" 200 649427
157.55.39.217 - - [10/Dec/2014:04:01:17 -0500] "GET /bla/resoluciones/resoluciones%202009/7728.pdf HTTP/1.1" 200 89199
157.55.39.13 - - [10/Dec/2014:04:01:22 -0500] "GET /BLA/resoluciones/RESOLUCIONES%202008/2229.pdf HTTP/1.1" 200 197799
157.55.39.113 - - [10/Dec/2014:04:01:28 -0500] "GET /BLA/resoluciones/RESOLUCIONES%202009/7626.pdf HTTP/1.1" 200 665234
157.55.39.217 - - [10/Dec/2014:04:01:42 -0500] "GET /bla/resoluciones/resoluciones%202009/0613.pdf HTTP/1.1" 200 310943
157.55.39.12 - - [10/Dec/2014:04:01:46 -0500] "GET /bla/resoluciones/resoluciones%202009/0644.pdf HTTP/1.1" 200 162716
157.55.39.12 - - [10/Dec/2014:04:01:47 -0500] "GET /bla/resoluciones/resoluciones%202010/0615.pdf HTTP/1.1" 200 490025
66.249.67.99 - - [10/Dec/2014:04:01:50 -0500] "GET /BLA/resoluciones/RESOLUCIONES%202011/0898.pdf HTTP/1.1" 304 -
157.55.39.217 - - [10/Dec/2014:04:02:08 -0500] "GET /BLA/resoluciones/AUTOS%202009/0993.pdf HTTP/1.1" 200 187664
186.154.85.200 - - [10/Dec/2014:04:02:17 -0500] "POST /forms/lservlet;jsessionid=ac16012b30d59104b26b663e46108e6f9a232dfd1dc3.e3iSbxaKaheRe34Sa3yKbhiTahb0n6jAmljGr5XDqQLvpAe HTTP/1.1" 200 2
66.249.67.115 - - [10/Dec/2014:04:02:27 -0500] "GET /BLA/resoluciones/RESOLUCIONES%202011/2308.pdf HTTP/1.1" 200 243443
157.55.39.113 - - [10/Dec/2014:04:02:32 -0500] "GET /bla/resoluciones/resoluciones%202009/8257.pdf HTTP/1.1" 200 135384
157.55.39.113 - - [10/Dec/2014:04:02:43 -0500] "GET /BLA/resoluciones/RESOLUCIONES%202008/2279.pdf HTTP/1.1" 200 194332
157.55.39.12 - - [10/Dec/2014:04:02:47 -0500] "GET /bla/resoluciones/resoluciones%202010/7668.pdf HTTP/1.1" 200 422047
157.55.39.12 - - [10/Dec/2014:04:02:47 -0500] "GET /BLA/resoluciones/RESOLUCIONES%202011/1218.pdf HTTP/1.1" 200 515166
157.55.39.217 - - [10/Dec/2014:04:02:53 -0500] "GET /BLA/resoluciones/RESOLUCIONES%202009/6795.pdf HTTP/1.1" 200 664380
66.249.67.99 - - [10/Dec/2014:04:03:05 -0500] "GET /BLA/resoluciones/RESOLUCIONES%202013/0203.pdf HTTP/1.1" 200 2110941
157.55.39.217 - - [10/Dec/2014:04:03:07 -0500] "GET /BLA/resoluciones/RESOLUCIONES%202010/2940.pdf HTTP/1.1" 200 299965
157.55.39.13 - - [10/Dec/2014:04:03:14 -0500] "GET /BLA/resoluciones/AUTOS%202011/5166.pdf HTTP/1.1" 200 578861
157.55.39.217 - - [10/Dec/2014:04:03:18 -0500] "GET /bla/resoluciones/RESOLUCIONES%202011/0015.pdf HTTP/1.1" 200 293115
157.55.39.113 - - [10/Dec/2014:04:03:23 -0500] "GET /BLA/resoluciones/RESOLUCIONES%202009/0780.pdf HTTP/1.1" 200 282144
66.249.67.107 - - [10/Dec/2014:04:03:42 -0500] "GET /BLA/resoluciones/RESOLUCIONES%202007/RES%202007%201301%20AL%201400/RESOLUCION%201363%20DE%202007.pdf HTTP/1.1" 304 -
157.55.39.113 - - [10/Dec/2014:04:03:49 -0500] "GET /BLA/resoluciones/RESOLUCIONES%202011/0787.pdf HTTP/1.1" 200 66597
66.249.67.99 - - [10/Dec/2014:04:03:50 -0500] "GET /BLA/resoluciones/RESOLUCIONES%202011/5737.pdf HTTP/1.1" 200 543701
157.55.39.13 - - [10/Dec/2014:04:03:53 -0500] "GET /BLA/resoluciones/AUTOS%202009/2972.pdf HTTP/1.1" 200 106744
157.55.39.113 - - [10/Dec/2014:04:03:58 -0500] "GET /BLA/resoluciones/RESOLUCIONES%202008/0961.pdf HTTP/1.1" 200 293706
157.55.39.240 - - [10/Dec/2014:04:04:03 -0500] "GET /bla/resoluciones/RESOLUCIONES%202011/1552.pdf HTTP/1.1" 200 77991
74.86.158.107 - - [10/Dec/2014:04:04:03 -0500] "HEAD / HTTP/1.1" 302 -
157.55.39.240 - - [10/Dec/2014:04:04:04 -0500] "GET /bla/resoluciones/resoluciones%202009/0718.pdf HTTP/1.1" 200 270855
157.55.39.217 - - [10/Dec/2014:04:04:08 -0500] "GET /BLA/resoluciones/AUTOS%202011/2671.pdf HTTP/1.1" 200 173399
157.55.39.217 - - [10/Dec/2014:04:04:08 -0500] "GET /BLA/resoluciones/RESOLUCIONES%202009/0748.pdf HTTP/1.1" 200 233606
157.55.39.217 - - [10/Dec/2014:04:04:09 -0500] "GET /BLA/resoluciones/RESOLUCIONES%202010/2167.pdf HTTP/1.1" 200 660254
180.76.6.62 - - [10/Dec/2014:04:04:13 -0500] "GET /BLA/resoluciones/RESOLUCIONES%202010/1723.pdf HTTP/1.1" 200 409426
157.55.39.113 - - [10/Dec/2014:04:04:14 -0500] "GET /bla/resoluciones/RESOLUCIONES%202011/2039.pdf HTTP/1.1" 200 710362
186.154.85.200 - - [10/Dec/2014:04:04:17 -0500] "POST /forms/lservlet;jsessionid=ac16012b30d59104b26b663e46108e6f9a232dfd1dc3.e3iSbxaKaheRe34Sa3yKbhiTahb0n6jAmljGr5XDqQLvpAe HTTP/1.1" 200 2
157.55.39.13 - - [10/Dec/2014:04:04:18 -0500] "GET /BLA/resoluciones/RESOLUCIONES%202009/2075.pdf HTTP/1.1" 200 664005
66.249.67.107 - - [10/Dec/2014:04:04:19 -0500] "GET /BLA/resoluciones/RESOLUCIONES%202007/RES%202007%204301%20AL%204352/RESOLUCION%204341%20%20DE%202007.pdf HTTP/1.1" 200 649965
123.125.71.41 - - [10/Dec/2014:04:04:21 -0500] "GET / HTTP/1.1" 302 -
157.55.39.217 - - [10/Dec/2014:04:04:23 -0500] "GET /BLA/resoluciones/RESOLUCIONES%202010/1171.pdf HTTP/1.1" 200 107844
220.181.108.120 - - [10/Dec/2014:04:04:24 -0500] "GET / HTTP/1.1" 302 -
157.55.39.217 - - [10/Dec/2014:04:04:28 -0500] "GET /BLA/resoluciones/RESOLUCIONES%202011/2048.pdf HTTP/1.1" 200 396815
157.55.39.113 - - [10/Dec/2014:04:04:33 -0500] "GET /BLA/resoluciones/RESOLUCIONES%202012/1556.pdf HTTP/1.1" 200 3312756
157.55.39.217 - - [10/Dec/2014:04:04:38 -0500] "GET /BLA/resoluciones/RESOLUCIONES%202010/0477.pdf HTTP/1.1" 200 102614
157.55.39.12 - - [10/Dec/2014:04:04:44 -0500] "GET /bla/resoluciones/resoluciones%202010/2054.pdf HTTP/1.1" 200 197365
157.55.39.12 - - [10/Dec/2014:04:04:44 -0500] "GET /BLA/resoluciones/RESOLUCIONES%202010/2239.pdf HTTP/1.1" 200 341984
157.55.39.217 - - [10/Dec/2014:04:04:53 -0500] "GET /BLA/resoluciones/AUTOS%202011/3237.pdf HTTP/1.1" 200 288698
66.249.67.107 - - [10/Dec/2014:04:04:56 -0500] "GET /BLA/resoluciones/AUTOS%202007/1706.pdf HTTP/1.1" 304 -
157.55.39.217 - - [10/Dec/2014:04:04:58 -0500] "GET /BLA/resoluciones/AUTOS%202009/0334.pdf HTTP/1.1" 200 353016
157.55.39.217 - - [10/Dec/2014:04:04:59 -0500] "GET /BLA/resoluciones/RESOLUCIONES%202009/1514.pdf HTTP/1.1" 200 492142
157.55.39.13 - - [10/Dec/2014:04:05:03 -0500] "GET /BLA/resoluciones/RESOLUCIONES%202008/1291.pdf HTTP/1.1" 200 833797
157.55.39.113 - - [10/Dec/2014:04:05:07 -0500] "GET /BLA/resoluciones/RESOLUCIONES%202010/1135.pdf HTTP/1.1" 200 107166
157.55.39.113 - - [10/Dec/2014:04:05:08 -0500] "GET /BLA/resoluciones/AUTOS%202011/1364.pdf HTTP/1.1" 200 154725
161.10.180.174 - - [10/Dec/2014:04:05:12 -0500] "GET /BLA/boletinlegal/js/jquery.scrollTo-min.js HTTP/1.1" 200 1150
161.10.180.174 - - [10/Dec/2014:04:05:13 -0500] "GET /BLA/boletinlegal/js/jquery.js HTTP/1.1" 200 57254
161.10.180.174 - - [10/Dec/2014:04:05:13 -0500] "GET /BLA/boletinlegal/js/jquery.scrollShow.js HTTP/1.1" 200 4586
157.55.39.13 - - [10/Dec/2014:04:05:13 -0500] "GET /BLA/resoluciones/AUTOS%202009/0467.pdf HTTP/1.1" 200 192963
157.55.39.13 - - [10/Dec/2014:04:05:14 -0500] "GET /bla/resoluciones/resoluciones%202009/1614.pdf HTTP/1.1" 200 817524
157.55.39.113 - - [10/Dec/2014:04:05:18 -0500] "GET /BLA/resoluciones/AUTOS%202011/0485.pdf HTTP/1.1" 200 94879
157.55.39.113 - - [10/Dec/2014:04:05:18 -0500] "GET /bla/resoluciones/RESOLUCIONES%202011/1491.pdf HTTP/1.1" 200 66971
157.55.39.240 - - [10/Dec/2014:04:05:22 -0500] "GET /bla/resoluciones/resoluciones%202009/8267.pdf HTTP/1.1" 200 289287
157.55.39.240 - - [10/Dec/2014:04:05:23 -0500] "GET /bla/resoluciones/resoluciones%202010/6893.pdf HTTP/1.1" 200 283343
66.249.67.115 - - [10/Dec/2014:04:05:33 -0500] "GET /BLA/resoluciones/RESOLUCIONES%202013/2072.pdf HTTP/1.1" 304 -
157.55.39.217 - - [10/Dec/2014:04:05:43 -0500] "GET /BLA/resoluciones/AUTOS%202011/3284.pdf HTTP/1.1" 200 211343
157.55.39.217 - - [10/Dec/2014:04:05:44 -0500] "GET /BLA/resoluciones/AUTOS%202012/0265.pdf HTTP/1.1" 200 154086
157.55.39.240 - - [10/Dec/2014:04:05:47 -0500] "GET /bla/resoluciones/resoluciones%202009/0775.pdf HTTP/1.1" 200 24603
157.55.39.240 - - [10/Dec/2014:04:05:48 -0500] "GET /BLA/resoluciones/AUTOS%202009/0519.pdf HTTP/1.1" 200 280475
66.249.67.99 - - [10/Dec/2014:04:05:50 -0500] "GET /BLA/resoluciones/RESOLUCIONES%202002/RES%202002%20501-550/00000524.tif HTTP/1.1" 200 168588
157.55.39.240 - - [10/Dec/2014:04:05:55 -0500] "GET /BLA/resoluciones/Resoluciones%202011/1614.pdf HTTP/1.1" 200 71169
157.55.39.217 - - [10/Dec/2014:04:06:08 -0500] "GET /bla/resoluciones/RESOLUCIONES%202011/0498.pdf HTTP/1.1" 200 83059
66.249.67.107 - - [10/Dec/2014:04:06:11 -0500] "GET /BLA/resoluciones/AUTOS%202014/2219.pdf HTTP/1.1" 200 2919094
186.154.85.200 - - [10/Dec/2014:04:06:17 -0500] "POST /forms/lservlet;jsessionid=ac16012b30d59104b26b663e46108e6f9a232dfd1dc3.e3iSbxaKaheRe34Sa3yKbhiTahb0n6jAmljGr5XDqQLvpAe HTTP/1.1" 200 2
157.55.39.13 - - [10/Dec/2014:04:06:21 -0500] "GET /bla/resoluciones/RESOLUCIONES%202011/3593.pdf HTTP/1.1" 200 803502
157.55.39.217 - - [10/Dec/2014:04:06:26 -0500] "GET /bla/resoluciones/resoluciones%202010/2324.pdf HTTP/1.1" 200 532385
157.55.39.12 - - [10/Dec/2014:04:06:31 -0500] "GET /bla/resoluciones/resoluciones%202010/0555.pdf HTTP/1.1" 200 97575
157.55.39.12 - - [10/Dec/2014:04:06:32 -0500] "GET /bla/resoluciones/resoluciones%202009/4809.pdf HTTP/1.1" 200 308071
157.55.39.12 - - [10/Dec/2014:04:06:32 -0500] "GET /BLA/resoluciones/Resoluciones%202011/0813.pdf HTTP/1.1" 200 1027507
157.55.39.217 - - [10/Dec/2014:04:06:36 -0500] "GET /BLA/resoluciones/RESOLUCIONES%202011/3867.pdf HTTP/1.1" 200 651632
66.249.67.115 - - [10/Dec/2014:04:06:39 -0500] "GET /BLA/resoluciones/RESOLUCIONES%202010/1226.pdf HTTP/1.1" 200 99899
157.55.39.12 - - [10/Dec/2014:04:06:42 -0500] "GET /bla/resoluciones/resoluciones%202010/6687.pdf HTTP/1.1" 200 378785
66.249.67.107 - - [10/Dec/2014:04:06:48 -0500] "GET /BLA/resoluciones/RESOLUCIONES%202010/6250.pdf HTTP/1.1" 200 596234
157.55.39.13 - - [10/Dec/2014:04:07:19 -0500] "GET /BLA/resoluciones/RESOLUCIONES%202009/0821.pdf HTTP/1.1" 200 204364
157.55.39.13 - - [10/Dec/2014:04:07:20 -0500] "GET /bla/resoluciones/resoluciones%202009/1776.pdf HTTP/1.1" 200 518524
157.55.39.217 - - [10/Dec/2014:04:07:24 -0500] "GET /BLA/resoluciones/AUTOS%202009/2059.pdf HTTP/1.1" 200 99365
66.249.67.99 - - [10/Dec/2014:04:07:25 -0500] "GET /BLA/resoluciones/RESOLUCIONES%202013/0649.pdf HTTP/1.1" 304 -
157.55.39.113 - - [10/Dec/2014:04:07:36 -0500] "GET /BLA/resoluciones/RESOLUCIONES%202010/2749.pdf HTTP/1.1" 200 519919
157.55.39.12 - - [10/Dec/2014:04:07:44 -0500] "GET /BLA/resoluciones/Resoluciones%202011/2166.pdf HTTP/1.1" 200 500490
66.249.67.99 - - [10/Dec/2014:04:08:02 -0500] "GET /BLA/resoluciones/Notificaciones/AUTOS%202014/1569.doc HTTP/1.1" 304 -
186.154.85.200 - - [10/Dec/2014:04:08:17 -0500] "POST /forms/lservlet;jsessionid=ac16012b30d59104b26b663e46108e6f9a232dfd1dc3.e3iSbxaKaheRe34Sa3yKbhiTahb0n6jAmljGr5XDqQLvpAe HTTP/1.1" 200 2
157.55.39.218 - - [10/Dec/2014:04:08:27 -0500] "GET /BLA/resoluciones/RESOLUCIONES%202011/0489.pdf HTTP/1.1" 200 70279
157.55.39.241 - - [10/Dec/2014:04:08:30 -0500] "GET /bla/resoluciones/resoluciones%202010/7335.pdf HTTP/1.1" 200 520814
157.55.39.12 - - [10/Dec/2014:04:08:35 -0500] "GET /BLA/resoluciones/RESOLUCIONES%202011/3373.pdf HTTP/1.1" 200 755896
157.55.39.12 - - [10/Dec/2014:04:08:37 -0500] "GET /BLA/resoluciones/RESOLUCIONES%202009/3435.pdf HTTP/1.1" 200 607373
66.249.67.99 - - [10/Dec/2014:04:08:40 -0500] "GET /BLA/resoluciones/RESOLUCIONES%202011/2392.pdf HTTP/1.1" 200 889579
157.55.39.113 - - [10/Dec/2014:04:08:42 -0500] "GET /BLA/resoluciones/AUTOS%202011/0288.pdf HTTP/1.1" 200 226596
157.55.39.12 - - [10/Dec/2014:04:08:49 -0500] "GET /BLA/resoluciones/RESOLUCIONES%202010/0985.pdf HTTP/1.1" 200 99357
157.55.39.113 - - [10/Dec/2014:04:09:01 -0500] "GET /bla/resoluciones/resoluciones%202009/9234.pdf HTTP/1.1" 200 522472
74.86.158.107 - - [10/Dec/2014:04:09:03 -0500] "HEAD / HTTP/1.1" 302 -
157.55.39.13 - - [10/Dec/2014:04:09:06 -0500] "GET /BLA/resoluciones/AUTOS%202011/5101.pdf HTTP/1.1" 200 621755
157.55.39.217 - - [10/Dec/2014:04:09:11 -0500] "GET /BLA/resoluciones/AUTOS%202010/4606.pdf HTTP/1.1" 200 401261
66.249.67.107 - - [10/Dec/2014:04:09:17 -0500] "GET /BLA/resoluciones/RESOLUCIONES%202009/7723.pdf HTTP/1.1" 200 551497
66.249.67.115 - - [10/Dec/2014:04:09:20 -0500] "GET /BLA/resoluciones/index.php?dir=RESOLUCIONES%202004/RES%202004%201901-1950/&sort=date&order=asc HTTP/1.1" 200 12350
157.55.39.240 - - [10/Dec/2014:04:09:25 -0500] "GET /BLA/resoluciones/RESOLUCIONES%202011/0827.pdf HTTP/1.1" 200 71439
157.55.39.241 - - [10/Dec/2014:04:09:27 -0500] "GET /BLA/resoluciones/RESOLUCIONES%202012/1027.pdf HTTP/1.1" 200 384413
66.249.67.99 - - [10/Dec/2014:04:09:28 -0500] "GET /BLA/resoluciones/AUTOS%202010/5700.pdf HTTP/1.1" 304 -
157.55.39.217 - - [10/Dec/2014:04:09:30 -0500] "GET /bla/resoluciones/resoluciones%202010/0976.pdf HTTP/1.1" 200 100828
157.55.39.218 - - [10/Dec/2014:04:09:30 -0500] "GET /bla/resoluciones/resoluciones%202010/0183.pdf HTTP/1.1" 200 542198
189.125.102.187 - - [10/Dec/2014:04:09:36 -0500] "HEAD / HTTP/1.0" 302 -
157.55.39.113 - - [10/Dec/2014:04:09:37 -0500] "GET /BLA/resoluciones/RESOLUCIONES%202010/2552.pdf HTTP/1.1" 200 535401
157.55.39.12 - - [10/Dec/2014:04:09:42 -0500] "GET /bla/resoluciones/resoluciones%202009/7703.pdf HTTP/1.1" 200 630548
157.55.39.12 - - [10/Dec/2014:04:09:43 -0500] "GET /bla/resoluciones/resoluciones%202009/7454.pdf HTTP/1.1" 200 65550
157.55.39.240 - - [10/Dec/2014:04:09:47 -0500] "GET /bla/resoluciones/resoluciones%202009/7708.pdf HTTP/1.1" 200 638386
180.76.6.154 - - [10/Dec/2014:04:09:50 -0500] "GET /BLA/resoluciones/RESOLUCIONES%202010/1396.pdf HTTP/1.1" 200 1065627
157.55.39.113 - - [10/Dec/2014:04:09:51 -0500] "GET /bla/resoluciones/resoluciones%202010/1122.pdf HTTP/1.1" 200 101530
157.55.39.113 - - [10/Dec/2014:04:09:53 -0500] "GET /BLA/resoluciones/AUTOS%202011/4657.pdf HTTP/1.1" 200 243269
66.249.67.99 - - [10/Dec/2014:04:09:54 -0500] "GET /BLA/resoluciones/RESOLUCIONES%202009/4087.pdf HTTP/1.1" 200 843238
157.55.39.217 - - [10/Dec/2014:04:09:56 -0500] "GET /BLA/resoluciones/RESOLUCIONES%202009/3031.pdf HTTP/1.1" 200 606922
157.55.39.217 - - [10/Dec/2014:04:09:57 -0500] "GET /BLA/resoluciones/AUTOS%202011/0742.pdf HTTP/1.1" 200 228679
157.55.39.217 - - [10/Dec/2014:04:09:57 -0500] "GET /bla/resoluciones/resoluciones%202009/1981.pdf HTTP/1.1" 200 568079
157.55.39.13 - - [10/Dec/2014:04:10:06 -0500] "GET /BLA/resoluciones/RESOLUCIONES%202009/0194.pdf HTTP/1.1" 200 249714
157.55.39.13 - - [10/Dec/2014:04:10:08 -0500] "GET /bla/resoluciones/resoluciones%202009/8874.pdf HTTP/1.1" 200 369065
157.55.39.240 - - [10/Dec/2014:04:10:10 -0500] "GET /bla/resoluciones/resoluciones%202010/1731.pdf HTTP/1.1" 200 498479
186.154.85.200 - - [10/Dec/2014:04:10:17 -0500] "POST /forms/lservlet;jsessionid=ac16012b30d59104b26b663e46108e6f9a232dfd1dc3.e3iSbxaKaheRe34Sa3yKbhiTahb0n6jAmljGr5XDqQLvpAe HTTP/1.1" 200 2
157.55.39.217 - - [10/Dec/2014:04:10:29 -0500] "GET /BLA/resoluciones/RESOLUCIONES%202009/4992.pdf HTTP/1.1" 200 703013
66.249.67.99 - - [10/Dec/2014:04:10:31 -0500] "GET /BLA/resoluciones/RESOLUCIONES%202008/0848.pdf HTTP/1.1" 304 -
188.165.15.36 - - [10/Dec/2014:04:10:34 -0500] "GET /BLA/resoluciones/RESOLUCIONES%202005/RES%202005%201501-1550/00001513.tif HTTP/1.1" 200 146180
157.55.39.218 - - [10/Dec/2014:04:10:35 -0500] "GET /bla/resoluciones/resoluciones%202010/0189.pdf HTTP/1.1" 200 515050
157.55.39.218 - - [10/Dec/2014:04:10:35 -0500] "GET /bla/resoluciones/resoluciones%202009/9520.pdf HTTP/1.1" 200 392063
157.55.39.241 - - [10/Dec/2014:04:10:43 -0500] "GET /BLA/resoluciones/RESOLUCIONES%202010/0208.pdf HTTP/1.1" 200 512089
157.55.39.12 - - [10/Dec/2014:04:10:51 -0500] "GET /BLA/resoluciones/RESOLUCIONES%202011/3490.pdf HTTP/1.1" 200 568836
157.55.39.113 - - [10/Dec/2014:04:10:55 -0500] "GET /BLA/resoluciones/RESOLUCIONES%202007/RES%202007%203401%20AL%203500/RESOLUCION%203493%20DE%202007.pdf HTTP/1.1" 200 819763
157.55.39.240 - - [10/Dec/2014:04:11:05 -0500] "GET /BLA/resoluciones/RESOLUCIONES%202009/0363.pdf HTTP/1.1" 200 352490
66.249.67.115 - - [10/Dec/2014:04:11:09 -0500] "GET /BLA/resoluciones/RESOLUCIONES%202011/4846.pdf HTTP/1.1" 304 -
157.55.39.113 - - [10/Dec/2014:04:11:18 -0500] "GET /BLA/resoluciones/RESOLUCIONES%202010/0458.pdf HTTP/1.1" 200 727260
157.55.39.113 - - [10/Dec/2014:04:11:19 -0500] "GET /BLA/resoluciones/AUTOS%202011/4101.pdf HTTP/1.1" 200 244307
157.55.39.241 - - [10/Dec/2014:04:11:33 -0500] "GET /bla/resoluciones/RESOLUCIONES%202011/1735.pdf HTTP/1.1" 200 525586
157.55.39.217 - - [10/Dec/2014:04:11:40 -0500] "GET /BLA/resoluciones/Resoluciones%202011/1206.pdf HTTP/1.1" 200 343111
157.55.39.217 - - [10/Dec/2014:04:11:41 -0500] "GET /BLA/resoluciones/RESOLUCIONES%202008/0350.pdf HTTP/1.1" 200 299343
157.55.39.113 - - [10/Dec/2014:04:11:44 -0500] "GET /bla/resoluciones/resoluciones%202010/2020.pdf HTTP/1.1" 200 339508
157.55.39.113 - - [10/Dec/2014:04:11:45 -0500] "GET /BLA/resoluciones/Resoluciones%202011/1585.pdf HTTP/1.1" 200 69211
66.249.67.115 - - [10/Dec/2014:04:11:46 -0500] "GET /BLA/resoluciones/AUTOS%202012/2436.pdf HTTP/1.1" 304 -
