186.154.84.82 - - [11/Dec/2014:01:06:17 -0500] "POST /forest/usutareas.do? HTTP/1.1" 200 76
186.154.84.82 - - [11/Dec/2014:01:06:27 -0500] "GET /forest/usutareas.do?group_system_actual=3&a=0.86982960277237 HTTP/1.1" 200 19609
186.154.84.82 - - [11/Dec/2014:01:06:27 -0500] "GET /forest/session.jsp?a=0.4662489555776119 HTTP/1.1" 200 4
66.249.67.115 - - [11/Dec/2014:01:06:29 -0500] "GET /BLA/resoluciones/RESOLUCIONES%202011/5579.pdf HTTP/1.1" 200 449420
186.154.84.82 - - [11/Dec/2014:01:06:33 -0500] "GET /forest/index2.jsp?_a=0.742839420447126 HTTP/1.1" 200 282767
186.154.84.82 - - [11/Dec/2014:01:06:36 -0500] "GET /forest/session.jsp?a=0.37296203849837184 HTTP/1.1" 200 4
157.55.39.113 - - [11/Dec/2014:01:06:50 -0500] "GET /bla/resoluciones/RESOLUCIONES%202011/0800.pdf HTTP/1.1" 200 801322
190.69.222.216 - - [11/Dec/2014:01:06:53 -0500] "GET /BLA/boletinlegal/js/jquery.js HTTP/1.1" 200 57254
190.69.222.216 - - [11/Dec/2014:01:06:53 -0500] "GET /BLA/boletinlegal/js/jquery.scrollTo-min.js HTTP/1.1" 200 1150
190.69.222.216 - - [11/Dec/2014:01:06:53 -0500] "GET /BLA/boletinlegal/js/jquery.scrollShow.js HTTP/1.1" 200 4586
157.55.39.240 - - [11/Dec/2014:01:06:59 -0500] "GET /bla/resoluciones/resoluciones%202010/5280.pdf HTTP/1.1" 200 758459
157.55.39.217 - - [11/Dec/2014:01:07:38 -0500] "GET /bla/resoluciones/RESOLUCIONES%202011/3328.pdf HTTP/1.1" 200 766720
186.154.84.82 - - [11/Dec/2014:01:07:37 -0500] "GET /forest/usutareas.do?group_system_actual=3&codTraEsc=17068584&_a=0.6223053790226356 HTTP/1.1" 200 102607
186.154.84.82 - - [11/Dec/2014:01:07:38 -0500] "GET /forest/session.jsp?a=0.22278167703188956 HTTP/1.1" 200 4
186.154.84.82 - - [11/Dec/2014:01:07:41 -0500] "GET /forest/documentos/1972305/2014ER201904.docx HTTP/1.1" 200 18479
66.249.67.107 - - [11/Dec/2014:01:07:44 -0500] "GET /BLA/resoluciones/RESOLUCIONES%202010/3463.pdf HTTP/1.1" 200 526875
188.165.15.44 - - [11/Dec/2014:01:07:54 -0500] "GET /BLA/resoluciones/RESOLUCIONES%202005/RES%202005%20%201601-1650/00001606.tif HTTP/1.1" 200 540136
186.154.85.200 - - [11/Dec/2014:01:07:56 -0500] "POST /forms/lservlet;jsessionid=ac16012b30d53c4f0fb1f2d541d09871a861ba497d51.e3iSbxaKaheRe34Sa3yKbhiTahb0n6jAmljGr5XDqQLvpAe HTTP/1.1" 200 2
186.154.85.200 - - [11/Dec/2014:01:08:02 -0500] "POST /forms/lservlet;jsessionid=ac16012b30d53c4f0fb1f2d541d09871a861ba497d51.e3iSbxaKaheRe34Sa3yKbhiTahb0n6jAmljGr5XDqQLvpAe HTTP/1.1" 200 1524
186.154.85.200 - - [11/Dec/2014:01:08:02 -0500] "POST /forms/lservlet;jsessionid=ac16012b30d53c4f0fb1f2d541d09871a861ba497d51.e3iSbxaKaheRe34Sa3yKbhiTahb0n6jAmljGr5XDqQLvpAe HTTP/1.1" 200 2
186.154.85.200 - - [11/Dec/2014:01:08:02 -0500] "POST /forms/lservlet;jsessionid=ac16012b30d53c4f0fb1f2d541d09871a861ba497d51.e3iSbxaKaheRe34Sa3yKbhiTahb0n6jAmljGr5XDqQLvpAe HTTP/1.1" 200 2
186.154.85.200 - - [11/Dec/2014:01:08:05 -0500] "POST /forms/lservlet;jsessionid=ac16012b30d53c4f0fb1f2d541d09871a861ba497d51.e3iSbxaKaheRe34Sa3yKbhiTahb0n6jAmljGr5XDqQLvpAe HTTP/1.1" 200 88
186.154.85.200 - - [11/Dec/2014:01:08:05 -0500] "POST /forms/lservlet;jsessionid=ac16012b30d53c4f0fb1f2d541d09871a861ba497d51.e3iSbxaKaheRe34Sa3yKbhiTahb0n6jAmljGr5XDqQLvpAe HTTP/1.1" 200 2
186.154.85.200 - - [11/Dec/2014:01:08:07 -0500] "POST /forms/lservlet;jsessionid=ac16012b30d53c4f0fb1f2d541d09871a861ba497d51.e3iSbxaKaheRe34Sa3yKbhiTahb0n6jAmljGr5XDqQLvpAe HTTP/1.1" 200 128
186.154.85.200 - - [11/Dec/2014:01:08:07 -0500] "POST /forms/lservlet;jsessionid=ac16012b30d53c4f0fb1f2d541d09871a861ba497d51.e3iSbxaKaheRe34Sa3yKbhiTahb0n6jAmljGr5XDqQLvpAe HTTP/1.1" 200 7
186.154.85.200 - - [11/Dec/2014:01:08:09 -0500] "POST /forms/lservlet;jsessionid=ac16012b30d53c4f0fb1f2d541d09871a861ba497d51.e3iSbxaKaheRe34Sa3yKbhiTahb0n6jAmljGr5XDqQLvpAe HTTP/1.1" 200 152
186.154.85.200 - - [11/Dec/2014:01:08:18 -0500] "POST /forms/lservlet;jsessionid=ac16012b30d53c4f0fb1f2d541d09871a861ba497d51.e3iSbxaKaheRe34Sa3yKbhiTahb0n6jAmljGr5XDqQLvpAe HTTP/1.1" 200 147
186.154.85.200 - - [11/Dec/2014:01:08:23 -0500] "POST /forms/lservlet;jsessionid=ac16012b30d53c4f0fb1f2d541d09871a861ba497d51.e3iSbxaKaheRe34Sa3yKbhiTahb0n6jAmljGr5XDqQLvpAe HTTP/1.1" 200 121
186.154.85.200 - - [11/Dec/2014:01:08:24 -0500] "POST /forms/lservlet;jsessionid=ac16012b30d53c4f0fb1f2d541d09871a861ba497d51.e3iSbxaKaheRe34Sa3yKbhiTahb0n6jAmljGr5XDqQLvpAe HTTP/1.1" 200 115
157.55.39.13 - - [11/Dec/2014:01:08:25 -0500] "GET /BLA/resoluciones/RESOLUCIONES%202009/4550.pdf HTTP/1.1" 200 638931
186.154.85.200 - - [11/Dec/2014:01:08:25 -0500] "POST /forms/lservlet;jsessionid=ac16012b30d53c4f0fb1f2d541d09871a861ba497d51.e3iSbxaKaheRe34Sa3yKbhiTahb0n6jAmljGr5XDqQLvpAe HTTP/1.1" 200 160
186.154.85.200 - - [11/Dec/2014:01:08:25 -0500] "GET /imagenes/listval.gif HTTP/1.1" 200 905
186.154.85.200 - - [11/Dec/2014:01:08:25 -0500] "POST /forms/lservlet;jsessionid=ac16012b30d53c4f0fb1f2d541d09871a861ba497d51.e3iSbxaKaheRe34Sa3yKbhiTahb0n6jAmljGr5XDqQLvpAe HTTP/1.1" 200 7
186.154.85.200 - - [11/Dec/2014:01:08:26 -0500] "POST /forms/lservlet;jsessionid=ac16012b30d53c4f0fb1f2d541d09871a861ba497d51.e3iSbxaKaheRe34Sa3yKbhiTahb0n6jAmljGr5XDqQLvpAe HTTP/1.1" 200 43
186.154.85.200 - - [11/Dec/2014:01:08:26 -0500] "POST /forms/lservlet;jsessionid=ac16012b30d53c4f0fb1f2d541d09871a861ba497d51.e3iSbxaKaheRe34Sa3yKbhiTahb0n6jAmljGr5XDqQLvpAe HTTP/1.1" 200 2
186.154.85.200 - - [11/Dec/2014:01:08:30 -0500] "POST /forms/lservlet;jsessionid=ac16012b30d53c4f0fb1f2d541d09871a861ba497d51.e3iSbxaKaheRe34Sa3yKbhiTahb0n6jAmljGr5XDqQLvpAe HTTP/1.1" 200 49
157.55.39.18 - - [11/Dec/2014:01:08:34 -0500] "GET /BLA/resoluciones/RESOLUCIONES%202011/0557.pdf HTTP/1.1" 200 67811
157.55.39.241 - - [11/Dec/2014:01:08:38 -0500] "GET /bla/resoluciones/resoluciones%202009/8118.pdf HTTP/1.1" 200 556392
186.154.85.200 - - [11/Dec/2014:01:08:41 -0500] "POST /forms/lservlet;jsessionid=ac16012b30d53c4f0fb1f2d541d09871a861ba497d51.e3iSbxaKaheRe34Sa3yKbhiTahb0n6jAmljGr5XDqQLvpAe HTTP/1.1" 200 78
186.154.85.200 - - [11/Dec/2014:01:08:49 -0500] "POST /forms/lservlet;jsessionid=ac16012b30d53c4f0fb1f2d541d09871a861ba497d51.e3iSbxaKaheRe34Sa3yKbhiTahb0n6jAmljGr5XDqQLvpAe HTTP/1.1" 200 51
157.55.39.217 - - [11/Dec/2014:01:08:53 -0500] "GET /bla/resoluciones/resoluciones%202009/8153.pdf HTTP/1.1" 200 486415
157.55.39.217 - - [11/Dec/2014:01:08:54 -0500] "GET /bla/resoluciones/resoluciones%202009/8377.pdf HTTP/1.1" 200 438971
157.55.39.217 - - [11/Dec/2014:01:08:55 -0500] "GET /bla/resoluciones/resoluciones%202010/6781.pdf HTTP/1.1" 200 391191
66.249.67.99 - - [11/Dec/2014:01:08:59 -0500] "GET /BLA/resoluciones/RESOLUCIONES%202010/3370.pdf HTTP/1.1" 200 362290
74.86.158.107 - - [11/Dec/2014:01:09:01 -0500] "HEAD / HTTP/1.1" 302 -
188.165.15.187 - - [11/Dec/2014:01:09:02 -0500] "GET /BLA/resoluciones/index.php?dir=RESOLUCIONES%202006/RES%202006%20951-1000/&sort=date&order=desc HTTP/1.1" 200 12307
186.80.139.164 - - [11/Dec/2014:01:09:23 -0500] "GET /BLA/boletinlegal/js/jquery.js HTTP/1.1" 200 57254
186.80.139.164 - - [11/Dec/2014:01:09:23 -0500] "GET /BLA/boletinlegal/js/jquery.scrollTo-min.js HTTP/1.1" 200 1150
186.80.139.164 - - [11/Dec/2014:01:09:23 -0500] "GET /BLA/boletinlegal/js/jquery.scrollShow.js HTTP/1.1" 200 4586
152.61.193.99 - - [11/Dec/2014:01:09:45 -0500] "HEAD / HTTP/1.1" 302 -
152.61.193.99 - - [11/Dec/2014:01:09:45 -0500] "GET /arcgis/services/Calidad_del_Agua_WQI/MapServer/WMSServer?SERVICE=WMS&REQUEST=GetCapabilities HTTP/1.1" 200 32135
152.61.193.99 - - [11/Dec/2014:01:09:46 -0500] "GET /arcgis/services/Calidad_del_Agua_WQI/MapServer/WMSServer?SERVICE=WMS&REQUEST=GetCapabilities HTTP/1.1" 200 32135
152.61.193.99 - - [11/Dec/2014:01:09:47 -0500] "GET /arcgis/services/Calidad_del_Agua_WQI/MapServer/WMSServer?SERVICE=WMS&REQUEST=GetCapabilities HTTP/1.1" 200 32135
152.61.193.99 - - [11/Dec/2014:01:09:47 -0500] "GET /arcgis/services/Calidad_del_Agua_WQI/MapServer/WMSServer?SERVICE=WMS&REQUEST=GetCapabilities HTTP/1.1" 200 32135
152.61.193.99 - - [11/Dec/2014:01:09:48 -0500] "GET /arcgis/services/Calidad_del_Agua_WQI/MapServer/WMSServer?VERSION=1.1.1&REQUEST=GetMap&LAYERS=0&SRS=EPSG:4326&BBOX=-74.473395,3.674381,-73.963300,4.920569&WIDTH=250&HEIGHT=250&FORMAT=image/bmp&STYLES=& HTTP/1.1" 200 188054
152.61.128.66 - - [11/Dec/2014:01:09:51 -0500] "HEAD / HTTP/1.1" 302 -
152.61.128.66 - - [11/Dec/2014:01:09:51 -0500] "GET /arcgis/services/Calidad_del_Agua_WQI/MapServer/WMSServer?request=GetCapabilities&service=WMS HTTP/1.1" 200 32135
152.61.128.66 - - [11/Dec/2014:01:09:52 -0500] "GET /arcgis/services/Calidad_del_Agua_WQI/MapServer/WMSServer?request=GetCapabilities&service=WMS HTTP/1.0" 200 32135
152.61.128.66 - - [11/Dec/2014:01:09:53 -0500] "GET /arcgis/services/Calidad_del_Agua_WQI/MapServer/WMSServer?request=GetCapabilities&service=WMS HTTP/1.0" 200 32135
152.61.128.66 - - [11/Dec/2014:01:09:54 -0500] "GET /arcgis/services/Calidad_del_Agua_WQI/MapServer/WMSServer?request=GetCapabilities&service=WMS HTTP/1.0" 200 32135
152.61.128.66 - - [11/Dec/2014:01:09:55 -0500] "GET /arcgis/services/Calidad_del_Agua_WQI/MapServer/WMSServer?VERSION=1.1.1&REQUEST=GetMap&LAYERS=0&SRS=EPSG:4326&BBOX=-74.473395,3.674381,-73.963300,4.920569&WIDTH=250&HEIGHT=250&FORMAT=image/bmp&STYLES=& HTTP/1.1" 200 188054
186.154.85.200 - - [11/Dec/2014:01:09:56 -0500] "POST /forms/lservlet;jsessionid=ac16012b30d53c4f0fb1f2d541d09871a861ba497d51.e3iSbxaKaheRe34Sa3yKbhiTahb0n6jAmljGr5XDqQLvpAe HTTP/1.1" 200 2
157.55.39.240 - - [11/Dec/2014:01:09:56 -0500] "GET /BLA/resoluciones/RESOLUCIONES%202010/0215.pdf HTTP/1.1" 200 541675
157.55.39.217 - - [11/Dec/2014:01:10:01 -0500] "GET /bla/resoluciones/resoluciones%202010/6989.pdf HTTP/1.1" 200 332009
157.55.39.113 - - [11/Dec/2014:01:10:05 -0500] "GET /BLA/resoluciones/RESOLUCIONES%202012/0231.pdf HTTP/1.1" 200 461411
66.249.67.99 - - [11/Dec/2014:01:10:13 -0500] "GET /BLA/resoluciones/RESOLUCIONES%202010/0647.pdf HTTP/1.1" 200 504249
162.243.250.211 - - [11/Dec/2014:01:10:18 -0500] "GET /galeria/nivo-slider/demo/demo.html#? HTTP/1.0" 200 3708
66.249.67.135 - - [11/Dec/2014:01:10:25 -0500] "GET /PORTAL_SIAC/swf/Residuos/cosmeticos/cosmeticos.html HTTP/1.1" 304 -
157.55.39.12 - - [11/Dec/2014:01:10:50 -0500] "GET /bla/resoluciones/resoluciones%202010/6173.pdf HTTP/1.1" 200 869013
157.55.39.113 - - [11/Dec/2014:01:10:54 -0500] "GET /BLA/resoluciones/AUTOS%202011/0995.pdf HTTP/1.1" 200 148293
157.55.39.217 - - [11/Dec/2014:01:10:59 -0500] "GET /BLA/resoluciones/RESOLUCIONES%202011/4295.pdf HTTP/1.1" 200 649958
66.249.67.115 - - [11/Dec/2014:01:11:28 -0500] "GET /BLA/resoluciones/RESOLUCIONES%202010/5020.pdf HTTP/1.1" 200 751062
190.8.213.196 - - [11/Dec/2014:01:11:34 -0500] "GET /BLA/boletinlegal/js/jquery.js HTTP/1.1" 200 57254
190.8.213.196 - - [11/Dec/2014:01:11:34 -0500] "GET /BLA/boletinlegal/js/jquery.scrollTo-min.js HTTP/1.1" 200 1150
190.8.213.196 - - [11/Dec/2014:01:11:34 -0500] "GET /BLA/boletinlegal/js/jquery.scrollShow.js HTTP/1.1" 200 4586
189.251.108.218 - - [11/Dec/2014:01:11:38 -0500] "GET /BLA/boletinlegal/js/jquery.js HTTP/1.1" 200 57254
189.251.108.218 - - [11/Dec/2014:01:11:38 -0500] "GET /BLA/boletinlegal/js/jquery.scrollTo-min.js HTTP/1.1" 200 1150
189.251.108.218 - - [11/Dec/2014:01:11:38 -0500] "GET /BLA/boletinlegal/js/jquery.scrollShow.js HTTP/1.1" 200 4586
186.154.84.82 - - [11/Dec/2014:01:05:38 -0500] "GET /ForestMSG_SDA/channelAsync/template_word_16968763?X-Atmosphere-tracking-id=15b04b7c-0408-d414-e8b3-0bf47456f1eb&X-Atmosphere-Framework=1.0.5&X-Atmosphere-Transport=long-polling&tabid=0.949824562529102&X-Cache-Date=0&Content-Type=application/xml&_=1418278095146 HTTP/1.1" 200 8193
157.55.39.12 - - [11/Dec/2014:01:11:42 -0500] "GET /BLA/resoluciones/AUTOS%202009/3097.pdf HTTP/1.1" 200 165095
157.55.39.217 - - [11/Dec/2014:01:11:49 -0500] "GET /BLA/resoluciones/AUTOS%202011/4880.pdf HTTP/1.1" 200 633643
186.154.85.200 - - [11/Dec/2014:01:11:56 -0500] "POST /forms/lservlet;jsessionid=ac16012b30d53c4f0fb1f2d541d09871a861ba497d51.e3iSbxaKaheRe34Sa3yKbhiTahb0n6jAmljGr5XDqQLvpAe HTTP/1.1" 200 2
181.133.77.166 - - [11/Dec/2014:01:12:36 -0500] "GET /BLA/resoluciones/RESOLUCIONES%202007/RES%202007%203801%20AL%203900/RESOLUCION%203802%20DE%202007.pdf HTTP/1.1" 200 417932
123.125.71.58 - - [11/Dec/2014:01:12:37 -0500] "GET / HTTP/1.1" 302 -
181.133.77.166 - - [11/Dec/2014:01:12:37 -0500] "GET /BLA/resoluciones/RESOLUCIONES%202007/RES%202007%203801%20AL%203900/RESOLUCION%203802%20DE%202007.pdf HTTP/1.1" 200 417932
181.133.77.166 - - [11/Dec/2014:01:12:37 -0500] "GET /BLA/resoluciones/RESOLUCIONES%202007/RES%202007%203801%20AL%203900/RESOLUCION%203802%20DE%202007.pdf HTTP/1.1" 206 32768
181.133.77.166 - - [11/Dec/2014:01:12:37 -0500] "GET /BLA/resoluciones/RESOLUCIONES%202007/RES%202007%203801%20AL%203900/RESOLUCION%203802%20DE%202007.pdf HTTP/1.1" 206 385164
181.133.77.166 - - [11/Dec/2014:01:12:38 -0500] "GET /favicon.ico HTTP/1.1" 200 7782
186.154.84.82 - - [11/Dec/2014:01:12:39 -0500] "GET /forest/session.jsp?a=0.8323504843283445 HTTP/1.1" 200 4
66.249.67.115 - - [11/Dec/2014:01:12:43 -0500] "GET /BLA/resoluciones/RESOLUCIONES%202010/7295.pdf HTTP/1.1" 200 402638
66.249.67.99 - - [11/Dec/2014:01:12:59 -0500] "GET /BLA/resoluciones/RESOLUCIONES%202002/RES%202002%2051-100/2002RES84.tif HTTP/1.1" 200 40196
157.55.39.241 - - [11/Dec/2014:01:13:26 -0500] "GET /BLA/resoluciones/RESOLUCIONES%202007/RES%202007%203401%20AL%203500/RESOLUCION%203465%20DE%202007.pdf HTTP/1.1" 200 585244
157.55.39.240 - - [11/Dec/2014:01:13:50 -0500] "GET /bla/resoluciones/resoluciones%202010/6319.pdf HTTP/1.1" 200 2283150
157.55.39.240 - - [11/Dec/2014:01:13:52 -0500] "GET /BLA/resoluciones/RESOLUCIONES%202009/4573.pdf HTTP/1.1" 200 3033915
186.154.85.200 - - [11/Dec/2014:01:13:56 -0500] "POST /forms/lservlet;jsessionid=ac16012b30d53c4f0fb1f2d541d09871a861ba497d51.e3iSbxaKaheRe34Sa3yKbhiTahb0n6jAmljGr5XDqQLvpAe HTTP/1.1" 200 2
66.249.67.107 - - [11/Dec/2014:01:13:58 -0500] "GET /BLA/resoluciones/RESOLUCIONES%202007/RES%202007%20101%20AL%20200/RESOLUCION%200164%20DE%202007.pdf HTTP/1.1" 304 -
74.86.158.107 - - [11/Dec/2014:01:14:01 -0500] "HEAD / HTTP/1.1" 302 -
157.55.39.240 - - [11/Dec/2014:01:14:12 -0500] "GET /bla/resoluciones/resoluciones%202009/0356.pdf HTTP/1.1" 200 350516
157.55.39.13 - - [11/Dec/2014:01:14:17 -0500] "GET /BLA/resoluciones/AUTOS%202012/2004.pdf HTTP/1.1" 200 486463
157.55.39.217 - - [11/Dec/2014:01:14:22 -0500] "GET /BLA/resoluciones/AUTOS%202009/1642.pdf HTTP/1.1" 200 94554
157.55.39.217 - - [11/Dec/2014:01:14:22 -0500] "GET /BLA/resoluciones/AUTOS%202011/5016.pdf HTTP/1.1" 200 628321
157.55.39.217 - - [11/Dec/2014:01:14:23 -0500] "GET /BLA/resoluciones/RESOLUCIONES%202010/1692.pdf HTTP/1.1" 200 488795
157.55.39.113 - - [11/Dec/2014:01:14:28 -0500] "GET /BLA/resoluciones/Resoluciones%202011/3673.pdf HTTP/1.1" 200 547816
220.181.108.115 - - [11/Dec/2014:01:15:12 -0500] "GET / HTTP/1.1" 302 -
66.249.67.99 - - [11/Dec/2014:01:15:12 -0500] "GET /BLA/resoluciones/AUTOS%202012/0833.pdf HTTP/1.1" 304 -
157.55.39.218 - - [11/Dec/2014:01:15:29 -0500] "GET /bla/resoluciones/resoluciones%202009/8767.pdf HTTP/1.1" 200 717620
157.55.39.241 - - [11/Dec/2014:01:15:35 -0500] "GET /bla/resoluciones/resoluciones%202010/2195.pdf HTTP/1.1" 200 511573
181.61.62.33 - - [11/Dec/2014:01:15:51 -0500] "GET /BLA/boletinlegal/js/jquery.js HTTP/1.1" 200 57254
181.61.62.33 - - [11/Dec/2014:01:15:51 -0500] "GET /BLA/boletinlegal/js/jquery.scrollTo-min.js HTTP/1.1" 200 1150
181.61.62.33 - - [11/Dec/2014:01:15:51 -0500] "GET /BLA/boletinlegal/js/jquery.scrollShow.js HTTP/1.1" 200 4586
181.61.62.33 - - [11/Dec/2014:01:15:52 -0500] "GET /galeria/carrusel/Carrusel/jquery.thumbnailScroller.css HTTP/1.1" 200 2066
181.61.62.33 - - [11/Dec/2014:01:15:53 -0500] "GET /galeria/carrusel/Carrusel/jquery-ui-1.8.13.custom.min.js HTTP/1.1" 200 10800
181.61.62.33 - - [11/Dec/2014:01:15:53 -0500] "GET /galeria/carrusel/Carrusel/jquery.thumbnailScroller.js HTTP/1.1" 200 8157
186.154.85.200 - - [11/Dec/2014:01:15:57 -0500] "POST /forms/lservlet;jsessionid=ac16012b30d53c4f0fb1f2d541d09871a861ba497d51.e3iSbxaKaheRe34Sa3yKbhiTahb0n6jAmljGr5XDqQLvpAe HTTP/1.1" 200 2
157.55.39.240 - - [11/Dec/2014:01:16:05 -0500] "GET /BLA/resoluciones/index.php?dir=RESOLUCIONES+2004%2FRES+2004+651-700%2F HTTP/1.1" 200 12049
157.55.39.113 - - [11/Dec/2014:01:16:18 -0500] "GET /bla/resoluciones/resoluciones%202009/1432.pdf HTTP/1.1" 200 755003
157.55.39.217 - - [11/Dec/2014:01:16:22 -0500] "GET /bla/resoluciones/resoluciones%202009/7662.pdf HTTP/1.1" 200 495151
157.55.39.13 - - [11/Dec/2014:01:16:27 -0500] "GET /bla/resoluciones/RESOLUCIONES%202011/0527.pdf HTTP/1.1" 200 804606
66.249.67.99 - - [11/Dec/2014:01:16:27 -0500] "GET /BLA/resoluciones/index.php?dir=RESOLUCIONES+2007%2FRES+2007+4101+AL+4200%2F HTTP/1.1" 200 26886
157.55.39.241 - - [11/Dec/2014:01:16:32 -0500] "GET /BLA/resoluciones/RESOLUCIONES%202009/3314.pdf HTTP/1.1" 200 619071
157.55.39.241 - - [11/Dec/2014:01:16:32 -0500] "GET /BLA/resoluciones/AUTOS%202011/2187.pdf HTTP/1.1" 200 209213
157.55.39.241 - - [11/Dec/2014:01:16:33 -0500] "GET /BLA/resoluciones/AUTOS%202012/1767.pdf HTTP/1.1" 200 296570
157.55.39.241 - - [11/Dec/2014:01:16:33 -0500] "GET /BLA/resoluciones/Resoluciones%202011/0935.pdf HTTP/1.1" 200 73337
157.55.39.241 - - [11/Dec/2014:01:16:34 -0500] "GET /BLA/resoluciones/AUTOS%202011/3211.pdf HTTP/1.1" 200 277569
157.55.39.217 - - [11/Dec/2014:01:16:54 -0500] "GET /bla/resoluciones/resoluciones%202009/1439.pdf HTTP/1.1" 200 739116
66.249.67.115 - - [11/Dec/2014:01:17:42 -0500] "GET /BLA/resoluciones/RESOLUCIONES%202012/0219.pdf HTTP/1.1" 200 617120
180.76.6.56 - - [11/Dec/2014:01:17:49 -0500] "GET /BLA/resoluciones/RESOLUCIONES%202010/2722.pdf HTTP/1.1" 200 377988
157.55.39.62 - - [11/Dec/2014:01:17:49 -0500] "GET /dama/libreria/php/decide.php?patron=03.140603 HTTP/1.1" 404 1019
186.154.85.200 - - [11/Dec/2014:01:17:57 -0500] "POST /forms/lservlet;jsessionid=ac16012b30d53c4f0fb1f2d541d09871a861ba497d51.e3iSbxaKaheRe34Sa3yKbhiTahb0n6jAmljGr5XDqQLvpAe HTTP/1.1" 200 2
157.55.39.217 - - [11/Dec/2014:01:17:59 -0500] "GET /bla/resoluciones/resoluciones%202009/6922.pdf HTTP/1.1" 200 53970
188.165.15.10 - - [11/Dec/2014:01:18:07 -0500] "GET /BLA/resoluciones/RESOLUCIONES%202005/RES%202005%201501-1550/00001526.tif HTTP/1.1" 200 145168
186.147.11.131 - - [11/Dec/2014:01:18:27 -0500] "GET /BLA/boletinlegal/js/jquery.js HTTP/1.1" 200 57254
186.147.11.131 - - [11/Dec/2014:01:18:27 -0500] "GET /BLA/boletinlegal/js/jquery.scrollTo-min.js HTTP/1.1" 200 1150
186.147.11.131 - - [11/Dec/2014:01:18:27 -0500] "GET /BLA/boletinlegal/js/jquery.scrollShow.js HTTP/1.1" 200 4586
157.55.39.13 - - [11/Dec/2014:01:18:35 -0500] "GET /dama/libreria/xls/intreg/plan_accion_franja_de_borde_ago16.xls HTTP/1.1" 404 1015
66.249.67.115 - - [11/Dec/2014:01:18:56 -0500] "GET /BLA/resoluciones/RESOLUCIONES%202011/4653.pdf HTTP/1.1" 304 -
74.86.158.107 - - [11/Dec/2014:01:19:01 -0500] "HEAD / HTTP/1.1" 302 -
157.55.39.217 - - [11/Dec/2014:01:19:48 -0500] "GET /BLA/resoluciones/RESOLUCIONES%202008/0178.pdf HTTP/1.1" 200 286433
186.154.85.200 - - [11/Dec/2014:01:19:57 -0500] "POST /forms/lservlet;jsessionid=ac16012b30d53c4f0fb1f2d541d09871a861ba497d51.e3iSbxaKaheRe34Sa3yKbhiTahb0n6jAmljGr5XDqQLvpAe HTTP/1.1" 200 2
152.61.128.66 - - [11/Dec/2014:01:19:57 -0500] "HEAD / HTTP/1.1" 302 -
152.61.128.66 - - [11/Dec/2014:01:19:57 -0500] "GET /arcgis/services/Calidad_del_Agua_WQI/MapServer/WMSServer?SERVICE=WMS&REQUEST=GetCapabilities HTTP/1.1" 200 32135
152.61.128.66 - - [11/Dec/2014:01:19:58 -0500] "GET /arcgis/services/Calidad_del_Agua_WQI/MapServer/WMSServer?SERVICE=WMS&REQUEST=GetCapabilities HTTP/1.0" 200 32135
152.61.128.66 - - [11/Dec/2014:01:19:59 -0500] "GET /arcgis/services/Calidad_del_Agua_WQI/MapServer/WMSServer?SERVICE=WMS&REQUEST=GetCapabilities HTTP/1.0" 200 32135
66.249.67.119 - - [11/Dec/2014:01:20:00 -0500] "GET /PORTAL_SIAC/swf/Residuos/textiles/files/search/searchtext.xml HTTP/1.1" 200 210604
152.61.128.66 - - [11/Dec/2014:01:20:00 -0500] "GET /arcgis/services/Calidad_del_Agua_WQI/MapServer/WMSServer?SERVICE=WMS&REQUEST=GetCapabilities HTTP/1.0" 200 32135
152.61.128.66 - - [11/Dec/2014:01:20:01 -0500] "GET /arcgis/services/Calidad_del_Agua_WQI/MapServer/WMSServer?VERSION=1.1.1&REQUEST=GetMap&LAYERS=0&SRS=EPSG:4326&BBOX=-74.473395,3.674381,-73.963300,4.920569&WIDTH=250&HEIGHT=250&FORMAT=image/bmp&STYLES=& HTTP/1.1" 200 188054
66.249.67.107 - - [11/Dec/2014:01:20:11 -0500] "GET /BLA/resoluciones/RESOLUCIONES%202010/7741.pdf HTTP/1.1" 200 505798
157.55.39.217 - - [11/Dec/2014:01:20:13 -0500] "GET /bla/resoluciones/resoluciones%202009/0133.pdf HTTP/1.1" 200 295690
157.55.39.113 - - [11/Dec/2014:01:21:14 -0500] "GET /BLA/resoluciones/RESOLUCIONES%202008/0569.pdf HTTP/1.1" 200 115575
157.55.39.113 - - [11/Dec/2014:01:21:15 -0500] "GET /bla/resoluciones/resoluciones%202009/1508.pdf HTTP/1.1" 200 408818
66.249.67.99 - - [11/Dec/2014:01:21:26 -0500] "GET /BLA/resoluciones/RESOLUCIONES%202010/5253.pdf HTTP/1.1" 200 544680
180.76.5.173 - - [11/Dec/2014:01:21:34 -0500] "GET /BLA/resoluciones/RESOLUCIONES%202010/0063.pdf HTTP/1.1" 200 517416
157.55.39.217 - - [11/Dec/2014:01:21:39 -0500] "GET /BLA/resoluciones/RESOLUCIONES%202008/1246.pdf HTTP/1.1" 200 997530
157.55.39.113 - - [11/Dec/2014:01:21:44 -0500] "GET /BLA/resoluciones/RESOLUCIONES%202010/1852.pdf HTTP/1.1" 200 1152213
186.154.85.200 - - [11/Dec/2014:01:21:57 -0500] "POST /forms/lservlet;jsessionid=ac16012b30d53c4f0fb1f2d541d09871a861ba497d51.e3iSbxaKaheRe34Sa3yKbhiTahb0n6jAmljGr5XDqQLvpAe HTTP/1.1" 200 2
66.249.67.99 - - [11/Dec/2014:01:22:41 -0500] "GET /BLA/resoluciones/RESOLUCIONES%202010/0463.pdf HTTP/1.1" 200 99421
157.55.39.113 - - [11/Dec/2014:01:22:43 -0500] "GET /bla/resoluciones/resoluciones%202010/1693.pdf HTTP/1.1" 200 379304
186.83.187.136 - - [11/Dec/2014:01:23:04 -0500] "GET /BLA/resoluciones/RESOLUCIONES%202013/0247.pdf HTTP/1.1" 200 4812238
186.83.187.136 - - [11/Dec/2014:01:23:05 -0500] "GET /BLA/resoluciones/RESOLUCIONES%202013/0247.pdf HTTP/1.1" 200 4812238
157.55.39.13 - - [11/Dec/2014:01:23:22 -0500] "GET /bla/resoluciones/resoluciones%202009/3606.pdf HTTP/1.1" 200 43536
180.76.5.170 - - [11/Dec/2014:01:23:34 -0500] "GET /BLA/resoluciones/RESOLUCIONES%202010/2296.pdf HTTP/1.1" 200 608209
66.249.67.107 - - [11/Dec/2014:01:23:55 -0500] "GET /BLA/resoluciones/RESOLUCIONES%202009/6898.pdf HTTP/1.1" 304 -
186.154.85.200 - - [11/Dec/2014:01:23:57 -0500] "POST /forms/lservlet;jsessionid=ac16012b30d53c4f0fb1f2d541d09871a861ba497d51.e3iSbxaKaheRe34Sa3yKbhiTahb0n6jAmljGr5XDqQLvpAe HTTP/1.1" 200 2
74.86.158.107 - - [11/Dec/2014:01:24:01 -0500] "HEAD / HTTP/1.1" 302 -
157.55.39.13 - - [11/Dec/2014:01:24:11 -0500] "GET /BLA/resoluciones/RESOLUCIONES%202009/1993.pdf HTTP/1.1" 200 595255
157.55.39.113 - - [11/Dec/2014:01:24:16 -0500] "GET /BLA/resoluciones/RESOLUCIONES%202009/2594.pdf HTTP/1.1" 200 1270780
157.55.39.13 - - [11/Dec/2014:01:24:26 -0500] "GET /BLA/resoluciones/AUTOS%202012/1324.pdf HTTP/1.1" 200 162816
180.76.6.159 - - [11/Dec/2014:01:24:35 -0500] "GET /BLA/resoluciones/RESOLUCIONES%202010/2704.pdf HTTP/1.1" 200 395895
66.249.67.115 - - [11/Dec/2014:01:25:10 -0500] "GET /BLA/resoluciones/RESOLUCIONES%202008/3962.pdf HTTP/1.1" 304 -
186.154.85.200 - - [11/Dec/2014:01:25:57 -0500] "POST /forms/lservlet;jsessionid=ac16012b30d53c4f0fb1f2d541d09871a861ba497d51.e3iSbxaKaheRe34Sa3yKbhiTahb0n6jAmljGr5XDqQLvpAe HTTP/1.1" 200 2
157.55.39.113 - - [11/Dec/2014:01:26:02 -0500] "GET /BLA/resoluciones/RESOLUCIONES%202010/2931.pdf HTTP/1.1" 200 368376
157.55.39.113 - - [11/Dec/2014:01:26:02 -0500] "GET /BLA/resoluciones/AUTOS%202009/1435.pdf HTTP/1.1" 200 191182
157.55.39.240 - - [11/Dec/2014:01:26:06 -0500] "GET /bla/resoluciones/resoluciones%202009/1386.pdf HTTP/1.1" 200 1110587
157.55.39.217 - - [11/Dec/2014:01:26:11 -0500] "GET /bla/resoluciones/resoluciones%202009/7728.pdf HTTP/1.1" 200 89199
157.55.39.217 - - [11/Dec/2014:01:26:12 -0500] "GET /bla/resoluciones/resoluciones%202010/2094.pdf HTTP/1.1" 200 449434
66.249.67.115 - - [11/Dec/2014:01:26:25 -0500] "GET /BLA/resoluciones/RESOLUCIONES%202007/RES%202007%203701%20AL%203800/RESOLUCION%203704%20DE%202007.pdf HTTP/1.1" 200 810090
186.154.85.200 - - [11/Dec/2014:01:26:52 -0500] "POST /forms/lservlet;jsessionid=ac16012b30d53c4f0fb1f2d541d09871a861ba497d51.e3iSbxaKaheRe34Sa3yKbhiTahb0n6jAmljGr5XDqQLvpAe HTTP/1.1" 200 132
186.154.85.200 - - [11/Dec/2014:01:26:53 -0500] "POST /forms/lservlet;jsessionid=ac16012b30d53c4f0fb1f2d541d09871a861ba497d51.e3iSbxaKaheRe34Sa3yKbhiTahb0n6jAmljGr5XDqQLvpAe HTTP/1.1" 200 2
186.154.85.200 - - [11/Dec/2014:01:26:53 -0500] "POST /forms/lservlet;jsessionid=ac16012b30d53c4f0fb1f2d541d09871a861ba497d51.e3iSbxaKaheRe34Sa3yKbhiTahb0n6jAmljGr5XDqQLvpAe HTTP/1.1" 200 2534
186.154.85.200 - - [11/Dec/2014:01:26:53 -0500] "GET /imagenes/listval.gif HTTP/1.1" 200 905
186.154.85.200 - - [11/Dec/2014:01:26:54 -0500] "GET /imagenes/Srch_frw.gif HTTP/1.1" 200 925
186.154.85.200 - - [11/Dec/2014:01:26:54 -0500] "POST /forms/lservlet;jsessionid=ac16012b30d53c4f0fb1f2d541d09871a861ba497d51.e3iSbxaKaheRe34Sa3yKbhiTahb0n6jAmljGr5XDqQLvpAe HTTP/1.1" 200 10
186.154.85.200 - - [11/Dec/2014:01:27:00 -0500] "POST /forms/lservlet;jsessionid=ac16012b30d53c4f0fb1f2d541d09871a861ba497d51.e3iSbxaKaheRe34Sa3yKbhiTahb0n6jAmljGr5XDqQLvpAe HTTP/1.1" 200 21
186.154.85.200 - - [11/Dec/2014:01:27:00 -0500] "POST /forms/lservlet;jsessionid=ac16012b30d53c4f0fb1f2d541d09871a861ba497d51.e3iSbxaKaheRe34Sa3yKbhiTahb0n6jAmljGr5XDqQLvpAe HTTP/1.1" 200 4505
186.154.85.200 - - [11/Dec/2014:01:27:01 -0500] "POST /forms/lservlet;jsessionid=ac16012b30d53c4f0fb1f2d541d09871a861ba497d51.e3iSbxaKaheRe34Sa3yKbhiTahb0n6jAmljGr5XDqQLvpAe HTTP/1.1" 200 2
186.154.85.200 - - [11/Dec/2014:01:27:02 -0500] "POST /forms/lservlet;jsessionid=ac16012b30d53c4f0fb1f2d541d09871a861ba497d51.e3iSbxaKaheRe34Sa3yKbhiTahb0n6jAmljGr5XDqQLvpAe HTTP/1.1" 200 88
186.154.85.200 - - [11/Dec/2014:01:27:06 -0500] "POST /forms/lservlet;jsessionid=ac16012b30d53c4f0fb1f2d541d09871a861ba497d51.e3iSbxaKaheRe34Sa3yKbhiTahb0n6jAmljGr5XDqQLvpAe HTTP/1.1" 200 71
152.61.193.99 - - [11/Dec/2014:01:27:19 -0500] "HEAD / HTTP/1.1" 302 -
152.61.193.99 - - [11/Dec/2014:01:27:20 -0500] "GET /arcgis/services/Calidad_del_Agua_WQI/MapServer/WMSServer?request=GetCapabilities&service=WMS HTTP/1.1" 200 32135
152.61.193.99 - - [11/Dec/2014:01:27:20 -0500] "GET /arcgis/services/Calidad_del_Agua_WQI/MapServer/WMSServer?request=GetCapabilities&service=WMS HTTP/1.1" 200 32135
152.61.193.99 - - [11/Dec/2014:01:27:21 -0500] "GET /arcgis/services/Calidad_del_Agua_WQI/MapServer/WMSServer?request=GetCapabilities&service=WMS HTTP/1.1" 200 32135
152.61.193.99 - - [11/Dec/2014:01:27:22 -0500] "GET /arcgis/services/Calidad_del_Agua_WQI/MapServer/WMSServer?request=GetCapabilities&service=WMS HTTP/1.1" 200 32135
152.61.193.99 - - [11/Dec/2014:01:27:23 -0500] "GET /arcgis/services/Calidad_del_Agua_WQI/MapServer/WMSServer?VERSION=1.1.1&REQUEST=GetMap&LAYERS=0&SRS=EPSG:4326&BBOX=-74.473395,3.674381,-73.963300,4.920569&WIDTH=250&HEIGHT=250&FORMAT=image/bmp&STYLES=& HTTP/1.1" 200 188054
66.249.67.115 - - [11/Dec/2014:01:27:40 -0500] "GET /BLA/resoluciones/AUTOS%202010/1272.pdf HTTP/1.1" 304 -
180.76.6.156 - - [11/Dec/2014:01:27:42 -0500] "GET /BLA/resoluciones/RESOLUCIONES%202010/0411.pdf HTTP/1.1" 200 500957
186.154.85.200 - - [11/Dec/2014:01:27:57 -0500] "POST /forms/lservlet;jsessionid=ac16012b30d53c4f0fb1f2d541d09871a861ba497d51.e3iSbxaKaheRe34Sa3yKbhiTahb0n6jAmljGr5XDqQLvpAe HTTP/1.1" 200 2
74.86.158.107 - - [11/Dec/2014:01:29:01 -0500] "HEAD / HTTP/1.1" 302 -
66.249.67.107 - - [11/Dec/2014:01:29:15 -0500] "GET /BLA/resoluciones/RESOLUCIONES%202006/RES%202006%20101-150/00000120.tif HTTP/1.1" 200 8502
157.55.39.240 - - [11/Dec/2014:01:29:41 -0500] "GET /bla/resoluciones/RESOLUCIONES%202011/0741.pdf HTTP/1.1" 200 66907
157.55.39.113 - - [11/Dec/2014:01:29:46 -0500] "GET /BLA/resoluciones/RESOLUCIONES%202010/0458.pdf HTTP/1.1" 200 727260
157.55.39.217 - - [11/Dec/2014:01:29:50 -0500] "GET /BLA/resoluciones/AUTOS%202010/1419.pdf HTTP/1.1" 200 181673
157.55.39.217 - - [11/Dec/2014:01:29:51 -0500] "GET /BLA/resoluciones/RESOLUCIONES%202010/2940.pdf HTTP/1.1" 200 299965
186.154.85.200 - - [11/Dec/2014:01:29:57 -0500] "POST /forms/lservlet;jsessionid=ac16012b30d53c4f0fb1f2d541d09871a861ba497d51.e3iSbxaKaheRe34Sa3yKbhiTahb0n6jAmljGr5XDqQLvpAe HTTP/1.1" 200 2
66.249.67.127 - - [11/Dec/2014:01:30:23 -0500] "GET /PruebasSTORM/StormSDA_pruebas/userFiles/user_files/str_periodicidad.xml HTTP/1.1" 200 518
178.255.215.77 - - [11/Dec/2014:01:30:32 -0500] "GET /calendar.php HTTP/1.1" 404 1019
188.165.15.36 - - [11/Dec/2014:01:30:37 -0500] "GET /BLA/resoluciones/RESOLUCIONES%202004/RES%202004%20801-850/00000847.tif HTTP/1.1" 200 237166
180.76.6.231 - - [11/Dec/2014:01:30:39 -0500] "GET /BLA/resoluciones/RESOLUCIONES%202010/1782.pdf HTTP/1.1" 200 555706
157.55.39.241 - - [11/Dec/2014:01:30:42 -0500] "GET /BLA/resoluciones/RESOLUCIONES%202012/0199.pdf HTTP/1.1" 200 690728
157.55.39.12 - - [11/Dec/2014:01:30:56 -0500] "GET /BLA/resoluciones/RESOLUCIONES%202010/2254.pdf HTTP/1.1" 200 485617
188.165.15.36 - - [11/Dec/2014:01:31:22 -0500] "GET /BLA/resoluciones/RESOLUCIONES%202005/RES%202005%2051-100/00000051.tif HTTP/1.1" 200 147410
180.76.5.69 - - [11/Dec/2014:01:31:39 -0500] "GET /BLA/resoluciones/RESOLUCIONES%202010/0310.pdf HTTP/1.1" 200 506213
157.55.39.113 - - [11/Dec/2014:01:31:42 -0500] "GET /BLA/resoluciones/RESOLUCIONES%202009/5105.pdf HTTP/1.1" 200 911975
186.154.85.200 - - [11/Dec/2014:01:31:57 -0500] "POST /forms/lservlet;jsessionid=ac16012b30d53c4f0fb1f2d541d09871a861ba497d51.e3iSbxaKaheRe34Sa3yKbhiTahb0n6jAmljGr5XDqQLvpAe HTTP/1.1" 200 2
157.55.39.217 - - [11/Dec/2014:01:32:06 -0500] "GET /bla/resoluciones/resoluciones%202010/1107.pdf HTTP/1.1" 200 104624
157.55.39.240 - - [11/Dec/2014:01:33:06 -0500] "GET /BLA/resoluciones/RESOLUCIONES%202009/2920.pdf HTTP/1.1" 200 788742
157.55.39.13 - - [11/Dec/2014:01:33:10 -0500] "GET /bla/resoluciones/resoluciones%202009/2075.pdf HTTP/1.1" 200 664005
157.55.39.113 - - [11/Dec/2014:01:33:42 -0500] "GET /BLA/resoluciones/RESOLUCIONES%202009/1991.pdf HTTP/1.1" 200 614653
157.55.39.12 - - [11/Dec/2014:01:33:47 -0500] "GET /bla/resoluciones/resoluciones%202009/8207.pdf HTTP/1.1" 200 1051361
157.55.39.240 - - [11/Dec/2014:01:33:52 -0500] "GET /BLA/resoluciones/AUTOS%202011/5106.pdf HTTP/1.1" 200 623391
186.154.85.200 - - [11/Dec/2014:01:33:57 -0500] "POST /forms/lservlet;jsessionid=ac16012b30d53c4f0fb1f2d541d09871a861ba497d51.e3iSbxaKaheRe34Sa3yKbhiTahb0n6jAmljGr5XDqQLvpAe HTTP/1.1" 200 2
74.86.158.107 - - [11/Dec/2014:01:34:01 -0500] "HEAD / HTTP/1.1" 302 -
180.76.6.36 - - [11/Dec/2014:01:34:25 -0500] "GET /BLA/resoluciones/RESOLUCIONES%202010/2251.pdf HTTP/1.1" 200 473533
188.165.15.187 - - [11/Dec/2014:01:35:46 -0500] "GET /BLA/resoluciones/index.php?dir=RESOLUCIONES%202005/RES%202005%201851-1900/&sort=date&order=desc HTTP/1.1" 200 12355
186.154.85.200 - - [11/Dec/2014:01:35:57 -0500] "POST /forms/lservlet;jsessionid=ac16012b30d53c4f0fb1f2d541d09871a861ba497d51.e3iSbxaKaheRe34Sa3yKbhiTahb0n6jAmljGr5XDqQLvpAe HTTP/1.1" 200 2
66.249.67.99 - - [11/Dec/2014:01:35:57 -0500] "GET /BLA/resoluciones/RESOLUCIONES%202007/RES%202007%203101%20AL%203200/RESOLUCION%203108%20DE%202007.pdf HTTP/1.1" 200 981944
186.154.85.200 - - [11/Dec/2014:01:36:01 -0500] "POST /forms/lservlet;jsessionid=ac16012b30d53c4f0fb1f2d541d09871a861ba497d51.e3iSbxaKaheRe34Sa3yKbhiTahb0n6jAmljGr5XDqQLvpAe HTTP/1.1" 200 106
157.55.39.13 - - [11/Dec/2014:01:36:10 -0500] "GET /bla/resoluciones/resoluciones%202010/6130.pdf HTTP/1.1" 200 8995682
157.55.39.217 - - [11/Dec/2014:01:36:26 -0500] "GET /BLA/resoluciones/Resoluciones%202011/0099.pdf HTTP/1.1" 200 343303
66.249.67.107 - - [11/Dec/2014:01:36:35 -0500] "GET /BLA/resoluciones/RESOLUCIONES%202010/4787.pdf HTTP/1.1" 200 335568
66.249.67.107 - - [11/Dec/2014:01:37:12 -0500] "GET /BLA/resoluciones/RESOLUCIONES%202008/3534.pdf HTTP/1.1" 304 -
191.95.245.140 - - [11/Dec/2014:01:37:21 -0500] "GET /BLA/boletinlegal/js/jquery.js HTTP/1.1" 200 57254
191.95.245.140 - - [11/Dec/2014:01:37:21 -0500] "GET /BLA/boletinlegal/js/jquery.scrollTo-min.js HTTP/1.1" 200 1150
191.95.245.140 - - [11/Dec/2014:01:37:21 -0500] "GET /BLA/boletinlegal/js/jquery.scrollShow.js HTTP/1.1" 200 4586
66.249.67.99 - - [11/Dec/2014:01:37:49 -0500] "GET /BLA/resoluciones/RESOLUCIONES%202009/4781.pdf HTTP/1.1" 304 -
190.25.232.143 - - [11/Dec/2014:01:37:56 -0500] "GET /StormSDA/stormWeb/presentacion.html HTTP/1.1" 304 -
157.55.39.217 - - [11/Dec/2014:01:37:57 -0500] "GET /BLA/resoluciones/Resoluciones%202011/0842.pdf HTTP/1.1" 200 797866
186.154.85.200 - - [11/Dec/2014:01:37:57 -0500] "POST /forms/lservlet;jsessionid=ac16012b30d53c4f0fb1f2d541d09871a861ba497d51.e3iSbxaKaheRe34Sa3yKbhiTahb0n6jAmljGr5XDqQLvpAe HTTP/1.1" 200 2
157.55.39.240 - - [11/Dec/2014:01:38:06 -0500] "GET /BLA/resoluciones/Resoluciones%202011/1887.pdf HTTP/1.1" 200 514340
157.55.39.240 - - [11/Dec/2014:01:38:08 -0500] "GET /bla/resoluciones/resoluciones%202010/1235.pdf HTTP/1.1" 200 133920
66.249.67.107 - - [11/Dec/2014:01:38:27 -0500] "GET /BLA/resoluciones/RESOLUCIONES%202010/2959.pdf HTTP/1.1" 200 839013
190.26.210.162 - - [11/Dec/2014:01:38:29 -0500] "GET / HTTP/1.1" 302 -
180.76.5.73 - - [11/Dec/2014:01:38:41 -0500] "GET /BLA/resoluciones/RESOLUCIONES%202010/2167.pdf HTTP/1.1" 200 660254
74.86.158.107 - - [11/Dec/2014:01:39:01 -0500] "HEAD / HTTP/1.1" 302 -
66.249.67.99 - - [11/Dec/2014:01:39:04 -0500] "GET /BLA/resoluciones/RESOLUCIONES%202013/0692.pdf HTTP/1.1" 200 2598066
190.26.210.162 - - [11/Dec/2014:01:39:05 -0500] "GET /BLA/boletinlegal/js/jquery.js HTTP/1.1" 200 57254
190.26.210.162 - - [11/Dec/2014:01:39:05 -0500] "GET /BLA/boletinlegal/js/jquery.scrollTo-min.js HTTP/1.1" 200 1150
190.26.210.162 - - [11/Dec/2014:01:39:05 -0500] "GET /BLA/boletinlegal/js/jquery.scrollShow.js HTTP/1.1" 200 4586
190.26.210.162 - - [11/Dec/2014:01:39:17 -0500] "GET /galeria/nivo-slider/demo/demo.html HTTP/1.1" 200 3708
190.26.210.162 - - [11/Dec/2014:01:39:17 -0500] "GET /galeria/carrusel/Carrusel/jquery.thumbnailScroller.css HTTP/1.1" 200 2066
190.26.210.162 - - [11/Dec/2014:01:39:17 -0500] "GET /galeria/carrusel/Carrusel/jquery-ui- HTTP/1.1" 404 1018
190.26.210.162 - - [11/Dec/2014:01:39:20 -0500] "GET /galeria/carrusel/Carrusel/jquery.thumbnailScroller.js HTTP/1.1" 200 8157
190.26.210.162 - - [11/Dec/2014:01:39:24 -0500] "GET /videos/Spot_CambioClimatico.flv HTTP/1.1" 200 4371917
190.26.210.162 - - [11/Dec/2014:01:39:27 -0500] "GET /galeria/nivo-slider/demo/ HTTP/1.1" 200 2278
190.26.210.162 - - [11/Dec/2014:01:39:17 -0500] "GET /BLA/boletinlegal/index.php? HTTP/1.1" 200 47318
186.154.85.200 - - [11/Dec/2014:01:39:57 -0500] "POST /forms/lservlet;jsessionid=ac16012b30d53c4f0fb1f2d541d09871a861ba497d51.e3iSbxaKaheRe34Sa3yKbhiTahb0n6jAmljGr5XDqQLvpAe HTTP/1.1" 200 2
186.154.85.200 - - [11/Dec/2014:01:40:21 -0500] "POST /forms/lservlet;jsessionid=ac16012b30d53c4f0fb1f2d541d09871a861ba497d51.e3iSbxaKaheRe34Sa3yKbhiTahb0n6jAmljGr5XDqQLvpAe HTTP/1.1" 200 78
188.165.15.14 - - [11/Dec/2014:01:40:31 -0500] "GET /BLA/resoluciones/index.php?dir=RESOLUCIONES+2007%2FRES+2007+1901+AL+2000%2F HTTP/1.1" 200 26856
190.24.129.149 - - [11/Dec/2014:01:40:34 -0500] "GET /galeria/nivo-slider/demo/images/BANNER-GOBERNANZA.jpg HTTP/1.1" 304 -
157.55.39.13 - - [11/Dec/2014:01:41:00 -0500] "GET /bla/resoluciones/RESOLUCIONES%202011/1699.pdf HTTP/1.1" 200 554838
186.154.85.200 - - [11/Dec/2014:01:41:58 -0500] "POST /forms/lservlet;jsessionid=ac16012b30d53c4f0fb1f2d541d09871a861ba497d51.e3iSbxaKaheRe34Sa3yKbhiTahb0n6jAmljGr5XDqQLvpAe HTTP/1.1" 200 2
66.249.67.99 - - [11/Dec/2014:01:42:50 -0500] "GET /BLA/resoluciones/RESOLUCIONES%202011/5048.pdf HTTP/1.1" 200 453493
157.55.39.13 - - [11/Dec/2014:01:43:10 -0500] "GET /BLA/resoluciones/RESOLUCIONES%202009/2268.pdf HTTP/1.1" 200 350424
186.154.85.200 - - [11/Dec/2014:01:43:58 -0500] "POST /forms/lservlet;jsessionid=ac16012b30d53c4f0fb1f2d541d09871a861ba497d51.e3iSbxaKaheRe34Sa3yKbhiTahb0n6jAmljGr5XDqQLvpAe HTTP/1.1" 200 2
74.86.158.107 - - [11/Dec/2014:01:44:01 -0500] "HEAD / HTTP/1.1" 302 -
188.165.15.10 - - [11/Dec/2014:01:44:03 -0500] "GET /BLA/resoluciones/RESOLUCIONES%202005/RES%202005%201001-1050/00001013.tif HTTP/1.1" 200 150568
66.249.67.99 - - [11/Dec/2014:01:44:11 -0500] "GET /BLA/resoluciones/RESOLUCIONES%202002/RES%202002%2051-100/2002RES75.tif HTTP/1.1" 200 41918
157.55.39.13 - - [11/Dec/2014:01:44:16 -0500] "GET /BLA/resoluciones/RESOLUCIONES%202011/4652.pdf HTTP/1.1" 200 593922
66.249.67.115 - - [11/Dec/2014:01:44:16 -0500] "GET /galeria/nivo-slider/demo/scripts/ HTTP/1.1" 200 1034
157.55.39.217 - - [11/Dec/2014:01:44:21 -0500] "GET /BLA/resoluciones/RESOLUCIONES%202011/1814.pdf HTTP/1.1" 200 517290
181.152.104.223 - - [11/Dec/2014:01:44:53 -0500] "GET /BLA/boletinlegal/js/jquery.scrollShow.js HTTP/1.1" 200 4586
181.152.104.223 - - [11/Dec/2014:01:44:53 -0500] "GET /BLA/boletinlegal/js/jquery.js HTTP/1.1" 200 57254
181.152.104.223 - - [11/Dec/2014:01:44:53 -0500] "GET /BLA/boletinlegal/js/jquery.scrollTo-min.js HTTP/1.1" 200 1150
157.55.39.113 - - [11/Dec/2014:01:45:33 -0500] "GET /bla/resoluciones/resoluciones%202009/1179.pdf HTTP/1.1" 200 326867
66.249.67.107 - - [11/Dec/2014:01:45:53 -0500] "GET /BLA/resoluciones/RESOLUCIONES%202006/RES%202006%202101-2150/INDEX.DAT HTTP/1.1" 200 2000
157.55.39.217 - - [11/Dec/2014:01:45:57 -0500] "GET /BLA/resoluciones/Resoluciones%202011/1000.pdf HTTP/1.1" 200 69459
186.154.85.200 - - [11/Dec/2014:01:45:58 -0500] "POST /forms/lservlet;jsessionid=ac16012b30d53c4f0fb1f2d541d09871a861ba497d51.e3iSbxaKaheRe34Sa3yKbhiTahb0n6jAmljGr5XDqQLvpAe HTTP/1.1" 200 2
157.55.39.13 - - [11/Dec/2014:01:47:10 -0500] "GET /bla/resoluciones/resoluciones%202009/4039.pdf HTTP/1.1" 200 297844
66.249.67.107 - - [11/Dec/2014:01:47:30 -0500] "GET /BLA/resoluciones/RESOLUCIONES%202006/RES%202006%202701-2750/INDEX.DAT HTTP/1.1" 200 2000
186.154.85.200 - - [11/Dec/2014:01:47:58 -0500] "POST /forms/lservlet;jsessionid=ac16012b30d53c4f0fb1f2d541d09871a861ba497d51.e3iSbxaKaheRe34Sa3yKbhiTahb0n6jAmljGr5XDqQLvpAe HTTP/1.1" 200 2
157.55.39.217 - - [11/Dec/2014:01:48:08 -0500] "GET /BLA/resoluciones/AUTOS%202011/4275.pdf HTTP/1.1" 200 233673
190.27.180.173 - - [11/Dec/2014:01:48:29 -0500] "GET /BLA/resoluciones/RESOLUCIONES%202007/RES%202007%204301%20AL%204352/RESOLUCION%204337%20DE%202007.pdf HTTP/1.1" 200 535581
74.86.158.107 - - [11/Dec/2014:01:49:01 -0500] "HEAD / HTTP/1.1" 302 -
66.249.67.99 - - [11/Dec/2014:01:49:07 -0500] "GET /StormSDA/userFiles%20-%20Copy%2019-07-2012/user_files/95/ HTTP/1.1" 200 876
180.76.6.41 - - [11/Dec/2014:01:49:32 -0500] "GET /BLA/resoluciones/RESOLUCIONES%202010/2228.pdf HTTP/1.1" 200 516480
186.154.85.200 - - [11/Dec/2014:01:49:58 -0500] "POST /forms/lservlet;jsessionid=ac16012b30d53c4f0fb1f2d541d09871a861ba497d51.e3iSbxaKaheRe34Sa3yKbhiTahb0n6jAmljGr5XDqQLvpAe HTTP/1.1" 200 2
66.249.67.115 - - [11/Dec/2014:01:50:16 -0500] "GET /BLA/resoluciones/RESOLUCIONES%202010/6869.pdf HTTP/1.1" 200 188608
188.165.15.44 - - [11/Dec/2014:01:50:22 -0500] "GET /BLA/resoluciones/RESOLUCIONES%202005/RES%202005%201201-1250/00001249.tif HTTP/1.1" 200 121512
66.249.67.107 - - [11/Dec/2014:01:50:43 -0500] "GET /StormSDA/userFiles%20-%20Copy%2019-07-2012/user_files/listas/ HTTP/1.1" 200 1302
202.46.61.32 - - [11/Dec/2014:01:50:50 -0500] "GET / HTTP/1.1" 302 -
119.63.193.194 - - [11/Dec/2014:01:51:15 -0500] "GET / HTTP/1.1" 302 -
180.76.5.150 - - [11/Dec/2014:01:51:33 -0500] "GET /BLA/resoluciones/RESOLUCIONES%202010/1667.pdf HTTP/1.1" 200 723473
66.249.67.107 - - [11/Dec/2014:01:51:56 -0500] "GET /BLA/resoluciones/RESOLUCIONES%202006/RES%202006%20101-150/00000131.tif HTTP/1.1" 200 75496
186.154.85.200 - - [11/Dec/2014:01:51:58 -0500] "POST /forms/lservlet;jsessionid=ac16012b30d53c4f0fb1f2d541d09871a861ba497d51.e3iSbxaKaheRe34Sa3yKbhiTahb0n6jAmljGr5XDqQLvpAe HTTP/1.1" 200 2
66.249.67.107 - - [11/Dec/2014:01:52:20 -0500] "GET /BLA/resoluciones/RESOLUCIONES%202011/1999.pdf HTTP/1.1" 200 720012
157.55.39.218 - - [11/Dec/2014:01:52:28 -0500] "GET /bla/resoluciones/resoluciones%202010/0836.pdf HTTP/1.1" 200 103430
157.55.39.13 - - [11/Dec/2014:01:52:32 -0500] "GET /BLA/resoluciones/AUTOS%202011/4198.pdf HTTP/1.1" 200 232609
188.165.15.191 - - [11/Dec/2014:01:52:34 -0500] "GET /BLA/resoluciones/RESOLUCIONES%202004/RES%202004%201801-1850/00001802.tif HTTP/1.1" 200 432124
66.249.67.115 - - [11/Dec/2014:01:52:54 -0500] "GET /POT-2013/dlf/styles.css HTTP/1.1" 200 3045
188.165.15.132 - - [11/Dec/2014:01:53:11 -0500] "GET /BLA/resoluciones/RESOLUCIONES%202006/RES%202006%201051-1100/00001092.tif HTTP/1.1" 200 218082
157.55.39.12 - - [11/Dec/2014:01:53:48 -0500] "GET /bla/resoluciones/resoluciones%202009/2264.pdf HTTP/1.1" 200 723389
66.249.67.127 - - [11/Dec/2014:01:53:57 -0500] "GET /portalsiaccapacitaciones/Soportes%20Capacitaciones%20A%C3%B1o%202013/0044.%20Presentaci%C3%B3n%20Socializaci%C3%B3n%20Gesti%C3%B3n%20del%20Riesgo%20-%20PIRE%2003-10-2013.pdf HTTP/1.1" 200 1774243
188.165.15.15 - - [11/Dec/2014:01:53:58 -0500] "GET /BLA/resoluciones/RESOLUCIONES%202004/RES%202004%201401-1450/00001450.tif HTTP/1.1" 200 218566
186.154.85.200 - - [11/Dec/2014:01:53:58 -0500] "POST /forms/lservlet;jsessionid=ac16012b30d53c4f0fb1f2d541d09871a861ba497d51.e3iSbxaKaheRe34Sa3yKbhiTahb0n6jAmljGr5XDqQLvpAe HTTP/1.1" 200 2
157.55.39.113 - - [11/Dec/2014:01:54:00 -0500] "GET /BLA/resoluciones/RESOLUCIONES%202009/1194.pdf HTTP/1.1" 200 295406
74.86.158.107 - - [11/Dec/2014:01:54:01 -0500] "HEAD / HTTP/1.1" 302 -
157.55.39.13 - - [11/Dec/2014:01:54:04 -0500] "GET /bla/resoluciones/resoluciones%202010/6444.pdf HTTP/1.1" 200 588987
100.43.85.25 - - [11/Dec/2014:01:55:31 -0500] "GET /icons/blank.gif HTTP/1.1" 200 148
186.154.140.220 - - [11/Dec/2014:01:55:33 -0500] "GET /BLA/boletinlegal/js/jquery.js HTTP/1.1" 200 57254
186.154.140.220 - - [11/Dec/2014:01:55:33 -0500] "GET /BLA/boletinlegal/js/jquery.scrollTo-min.js HTTP/1.1" 200 1150
186.154.140.220 - - [11/Dec/2014:01:55:33 -0500] "GET /BLA/boletinlegal/js/jquery.scrollShow.js HTTP/1.1" 200 4586
66.249.67.115 - - [11/Dec/2014:01:55:39 -0500] "GET /BLA/resoluciones/RESOLUCIONES%202008/4715.pdf HTTP/1.1" 200 253707
186.154.85.200 - - [11/Dec/2014:01:55:58 -0500] "POST /forms/lservlet;jsessionid=ac16012b30d53c4f0fb1f2d541d09871a861ba497d51.e3iSbxaKaheRe34Sa3yKbhiTahb0n6jAmljGr5XDqQLvpAe HTTP/1.1" 200 2
66.249.67.115 - - [11/Dec/2014:01:57:11 -0500] "GET /BLA/resoluciones/RESOLUCIONES%202008/2301.pdf HTTP/1.1" 200 366465
188.165.15.231 - - [11/Dec/2014:01:57:52 -0500] "GET /BLA/resoluciones/index.php?dir=RESOLUCIONES%202005/RES%202005%203001-3050/&sort=date&order=desc HTTP/1.1" 200 12363
186.154.85.200 - - [11/Dec/2014:01:57:58 -0500] "POST /forms/lservlet;jsessionid=ac16012b30d53c4f0fb1f2d541d09871a861ba497d51.e3iSbxaKaheRe34Sa3yKbhiTahb0n6jAmljGr5XDqQLvpAe HTTP/1.1" 200 2
123.125.71.20 - - [11/Dec/2014:01:58:15 -0500] "GET / HTTP/1.1" 302 -
157.55.39.240 - - [11/Dec/2014:01:58:16 -0500] "-" 408 -
66.249.67.107 - - [11/Dec/2014:01:58:48 -0500] "GET /BLA/resoluciones/RESOLUCIONES%202008/2724.pdf HTTP/1.1" 200 231467
66.249.67.127 - - [11/Dec/2014:01:58:57 -0500] "GET /ecodirectorio/files/book.swf HTTP/1.1" 200 4502
74.86.158.107 - - [11/Dec/2014:01:59:01 -0500] "HEAD / HTTP/1.1" 302 -
66.249.67.115 - - [11/Dec/2014:01:59:33 -0500] "GET /BLA/resoluciones/RESOLUCIONES%202008/4715.pdf HTTP/1.1" 200 253707
220.181.108.114 - - [11/Dec/2014:01:59:35 -0500] "GET /phpold/reqnoticias2.php?user= HTTP/1.1" 404 1019
157.55.39.217 - - [11/Dec/2014:01:59:38 -0500] "GET /BLA/resoluciones/RESOLUCIONES%202009/0992.pdf HTTP/1.1" 200 248025
123.125.71.56 - - [11/Dec/2014:01:59:44 -0500] "GET /legis/?C=S;O=D HTTP/1.1" 404 1019
123.125.71.75 - - [11/Dec/2014:01:59:51 -0500] "GET /re/Entrada/?C=N;O=A HTTP/1.1" 404 1019
186.154.85.200 - - [11/Dec/2014:01:59:58 -0500] "POST /forms/lservlet;jsessionid=ac16012b30d53c4f0fb1f2d541d09871a861ba497d51.e3iSbxaKaheRe34Sa3yKbhiTahb0n6jAmljGr5XDqQLvpAe HTTP/1.1" 200 2
220.181.108.114 - - [11/Dec/2014:01:59:59 -0500] "GET / HTTP/1.1" 302 -
66.249.67.115 - - [11/Dec/2014:02:00:25 -0500] "GET /BLA/resoluciones/RESOLUCIONES%202011/5337.pdf HTTP/1.1" 200 555152
190.25.232.143 - - [11/Dec/2014:02:00:41 -0500] "GET /galeria/nivo-slider/demo/images/banner-conejera1.jpg HTTP/1.1" 304 -
181.204.219.122 - - [11/Dec/2014:02:00:46 -0500] "GET /BLA/boletinlegal/js/jquery.scrollTo-min.js HTTP/1.1" 200 1150
181.204.219.122 - - [11/Dec/2014:02:00:46 -0500] "GET /BLA/boletinlegal/js/jquery.scrollShow.js HTTP/1.1" 200 4586
181.204.219.122 - - [11/Dec/2014:02:00:46 -0500] "GET /BLA/boletinlegal/js/jquery.js HTTP/1.1" 200 57254
186.146.160.117 - - [11/Dec/2014:02:01:20 -0500] "GET /BLA/boletinlegal/js/jquery.js HTTP/1.1" 200 57254
186.146.160.117 - - [11/Dec/2014:02:01:20 -0500] "GET /BLA/boletinlegal/js/jquery.scrollTo-min.js HTTP/1.1" 200 1150
186.146.160.117 - - [11/Dec/2014:02:01:20 -0500] "GET /BLA/boletinlegal/js/jquery.scrollShow.js HTTP/1.1" 200 4586
186.154.85.200 - - [11/Dec/2014:02:01:58 -0500] "POST /forms/lservlet;jsessionid=ac16012b30d53c4f0fb1f2d541d09871a861ba497d51.e3iSbxaKaheRe34Sa3yKbhiTahb0n6jAmljGr5XDqQLvpAe HTTP/1.1" 200 2
66.249.67.107 - - [11/Dec/2014:02:02:01 -0500] "GET /BLA/resoluciones/RESOLUCIONES%202010/2326.pdf HTTP/1.1" 200 542037
157.55.39.113 - - [11/Dec/2014:02:02:07 -0500] "GET /BLA/resoluciones/AUTOS%202010/1473.pdf HTTP/1.1" 200 259701
180.76.6.16 - - [11/Dec/2014:02:02:18 -0500] "GET /re/Entrada/imagen%20botones/_notes/?C=N;O=A HTTP/1.1" 404 1019
157.55.39.13 - - [11/Dec/2014:02:03:18 -0500] "GET /BLA/resoluciones/RESOLUCIONES%202010/0128.pdf HTTP/1.1" 200 386612
157.55.39.217 - - [11/Dec/2014:02:03:23 -0500] "GET /bla/resoluciones/RESOLUCIONES%202011/1520.pdf HTTP/1.1" 200 285508
66.249.67.115 - - [11/Dec/2014:02:03:38 -0500] "GET /BLA/resoluciones/AUTOS%202013/0076.pdf HTTP/1.1" 200 350443
180.76.5.18 - - [11/Dec/2014:02:03:46 -0500] "GET /BLA/resoluciones/RESOLUCIONES%202010/1983.pdf HTTP/1.1" 200 339832
186.154.85.200 - - [11/Dec/2014:02:03:58 -0500] "POST /forms/lservlet;jsessionid=ac16012b30d53c4f0fb1f2d541d09871a861ba497d51.e3iSbxaKaheRe34Sa3yKbhiTahb0n6jAmljGr5XDqQLvpAe HTTP/1.1" 200 2
74.86.158.107 - - [11/Dec/2014:02:04:01 -0500] "HEAD / HTTP/1.1" 302 -
180.76.5.196 - - [11/Dec/2014:02:04:47 -0500] "GET /BLA/resoluciones/RESOLUCIONES%202010/0970.pdf HTTP/1.1" 200 116948
66.249.67.115 - - [11/Dec/2014:02:05:15 -0500] "GET /BLA/resoluciones/RESOLUCIONES%202009/9019.pdf HTTP/1.1" 200 346502
186.144.250.210 - - [11/Dec/2014:02:05:22 -0500] "GET /BLA/boletinlegal/js/jquery.js HTTP/1.1" 200 57254
186.144.250.210 - - [11/Dec/2014:02:05:22 -0500] "GET /BLA/boletinlegal/js/jquery.scrollTo-min.js HTTP/1.1" 200 1150
186.144.250.210 - - [11/Dec/2014:02:05:22 -0500] "GET /BLA/boletinlegal/js/jquery.scrollShow.js HTTP/1.1" 200 4586
123.125.71.54 - - [11/Dec/2014:02:05:49 -0500] "GET /prueba/encuestaRMCAB/?C=D;O=A HTTP/1.1" 404 1019
186.154.85.200 - - [11/Dec/2014:02:05:58 -0500] "POST /forms/lservlet;jsessionid=ac16012b30d53c4f0fb1f2d541d09871a861ba497d51.e3iSbxaKaheRe34Sa3yKbhiTahb0n6jAmljGr5XDqQLvpAe HTTP/1.1" 200 2
66.249.67.107 - - [11/Dec/2014:02:06:52 -0500] "GET /BLA/resoluciones/AUTOS%202008/2377.pdf HTTP/1.1" 200 98609
188.165.15.132 - - [11/Dec/2014:02:07:26 -0500] "GET /BLA/resoluciones/RESOLUCIONES%202006/RES%202006%20951-1000/00000953.tif HTTP/1.1" 200 188044
66.249.67.115 - - [11/Dec/2014:02:07:40 -0500] "GET /BLA/resoluciones/RESOLUCIONES%202009/5354.pdf HTTP/1.1" 200 428652
179.7.101.57 - - [11/Dec/2014:02:07:57 -0500] "GET /BLA/boletinlegal/js/jquery.js HTTP/1.1" 200 57254
179.7.101.57 - - [11/Dec/2014:02:07:57 -0500] "GET /BLA/boletinlegal/js/jquery.scrollTo-min.js HTTP/1.1" 200 1150
179.7.101.57 - - [11/Dec/2014:02:07:57 -0500] "GET /BLA/boletinlegal/js/jquery.scrollShow.js HTTP/1.1" 200 4586
186.154.85.200 - - [11/Dec/2014:02:07:59 -0500] "POST /forms/lservlet;jsessionid=ac16012b30d53c4f0fb1f2d541d09871a861ba497d51.e3iSbxaKaheRe34Sa3yKbhiTahb0n6jAmljGr5XDqQLvpAe HTTP/1.1" 200 2
157.55.39.217 - - [11/Dec/2014:02:08:00 -0500] "GET /BLA/resoluciones/AUTOS%202011/1808.pdf HTTP/1.1" 200 178417
179.7.101.57 - - [11/Dec/2014:02:08:03 -0500] "GET /videos/CRRFFS.mp4 HTTP/1.1" 200 286784363
66.249.67.107 - - [11/Dec/2014:02:08:29 -0500] "GET /BLA/resoluciones/AUTOS%202008/1614.pdf HTTP/1.1" 200 66108
157.55.39.217 - - [11/Dec/2014:02:08:43 -0500] "GET /BLA/resoluciones/RESOLUCIONES%202009/2017.pdf HTTP/1.1" 200 702468
74.86.158.107 - - [11/Dec/2014:02:09:01 -0500] "HEAD / HTTP/1.1" 302 -
180.76.6.46 - - [11/Dec/2014:02:09:53 -0500] "GET /BLA/resoluciones/RESOLUCIONES%202010/0414.pdf HTTP/1.1" 200 509277
186.154.85.200 - - [11/Dec/2014:02:09:59 -0500] "POST /forms/lservlet;jsessionid=ac16012b30d53c4f0fb1f2d541d09871a861ba497d51.e3iSbxaKaheRe34Sa3yKbhiTahb0n6jAmljGr5XDqQLvpAe HTTP/1.1" 200 2
66.249.67.127 - - [11/Dec/2014:02:10:06 -0500] "GET /PORTAL_SIAC/swf/Residuos/impresion/files/guia_impresion-lit.pdf HTTP/1.1" 200 12573981
157.55.39.113 - - [11/Dec/2014:02:10:08 -0500] "GET /BLA/resoluciones/AUTOS%202011/0181.pdf HTTP/1.1" 200 156969
188.165.15.36 - - [11/Dec/2014:02:10:24 -0500] "GET /BLA/resoluciones/RESOLUCIONES%202004/RES%202004%20351-400/00000352.tif HTTP/1.1" 200 158834
66.249.67.115 - - [11/Dec/2014:02:10:35 -0500] "GET /BLA/resoluciones/RESOLUCIONES%202002/RES%202002%20251-300/00000276.tif HTTP/1.1" 200 127760
180.76.6.148 - - [11/Dec/2014:02:10:54 -0500] "GET /BLA/resoluciones/RESOLUCIONES%202010/0413.pdf HTTP/1.1" 200 523881
188.165.15.15 - - [11/Dec/2014:02:11:08 -0500] "GET /BLA/resoluciones/RESOLUCIONES%202005/RES%202005%202701%20-2750/00002722.tif HTTP/1.1" 200 115708
66.249.67.107 - - [11/Dec/2014:02:11:43 -0500] "GET /BLA/resoluciones/RESOLUCIONES%202009/4222.pdf HTTP/1.1" 200 542449
157.55.39.217 - - [11/Dec/2014:02:11:44 -0500] "GET /BLA/resoluciones/RESOLUCIONES%202011/0700.pdf HTTP/1.1" 200 76001
