66.249.67.127 - - [11/Dec/2014:04:57:59 -0500] "GET /PORTAL_SIAC/swf/Residuos/pinturas/files/search/searchtext.xml HTTP/1.1" 200 193773
157.55.39.240 - - [11/Dec/2014:04:58:22 -0500] "GET /BLA/resoluciones/Resoluciones%202011/1965.pdf HTTP/1.1" 200 501457
157.55.39.13 - - [11/Dec/2014:04:58:25 -0500] "GET /bla/resoluciones/resoluciones%202009/0194.pdf HTTP/1.1" 200 249714
181.50.106.237 - - [11/Dec/2014:04:58:42 -0500] "POST /forms/lservlet;jsessionid=ac16012b30d514a36e23ac7240ca892cfcab1bbc7ef6.e3iSbxaKaheRe34Sa3yKbhiTahb0n6jAmljGr5XDqQLvpAe HTTP/1.1" 200 2
157.55.39.240 - - [11/Dec/2014:04:58:58 -0500] "GET /BLA/resoluciones/AUTOS%202010/6578.pdf HTTP/1.1" 200 147903
157.55.39.240 - - [11/Dec/2014:04:58:59 -0500] "GET /BLA/resoluciones/RESOLUCIONES%202010/1898.pdf HTTP/1.1" 200 102502
66.249.67.107 - - [11/Dec/2014:04:59:36 -0500] "GET /BLA/resoluciones/RESOLUCIONES%202010/4099.pdf HTTP/1.1" 200 342192
190.159.49.52 - - [11/Dec/2014:04:59:56 -0500] "GET /autoliquidacion HTTP/1.1" 301 310
190.159.49.52 - - [11/Dec/2014:04:59:56 -0500] "GET /autoliquidacion/ HTTP/1.1" 200 6375
190.159.49.52 - - [11/Dec/2014:04:59:56 -0500] "GET /autoliquidacion/dlf/styles.css HTTP/1.1" 200 3045
190.159.49.52 - - [11/Dec/2014:04:59:56 -0500] "GET /autoliquidacion/dlf/folder.png HTTP/1.1" 200 410
190.159.49.52 - - [11/Dec/2014:04:59:56 -0500] "GET /autoliquidacion/dlf/bg.gif HTTP/1.1" 200 54
148.251.127.113 - - [11/Dec/2014:05:00:13 -0500] "GET /galeria/carrusel/Carrusel/jquery.thumbnailScroller.css HTTP/1.1" 200 2066
148.251.127.113 - - [11/Dec/2014:05:00:13 -0500] "GET /BLA/boletinlegal/js/jquery.js HTTP/1.1" 200 57254
148.251.127.113 - - [11/Dec/2014:05:00:13 -0500] "GET /BLA/boletinlegal/js/jquery.scrollTo-min.js HTTP/1.1" 200 1150
148.251.127.113 - - [11/Dec/2014:05:00:13 -0500] "GET /BLA/boletinlegal/js/jquery.scrollShow.js HTTP/1.1" 200 4586
148.251.127.113 - - [11/Dec/2014:05:00:14 -0500] "GET /galeria/carrusel/Carrusel/jquery.thumbnailScroller.js HTTP/1.1" 200 8157
148.251.127.113 - - [11/Dec/2014:05:00:14 -0500] "GET /galeria/carrusel/Carrusel/jquery-ui-1.8.13.custom.min.js HTTP/1.1" 200 10800
148.251.127.113 - - [11/Dec/2014:05:00:15 -0500] "GET /galeria/nivo-slider/demo/demo.html HTTP/1.1" 200 3708
148.251.127.113 - - [11/Dec/2014:05:00:16 -0500] "GET /galeria/nivo-slider/themes/orman/orman.css HTTP/1.1" 200 2152
148.251.127.113 - - [11/Dec/2014:05:00:16 -0500] "GET /galeria/nivo-slider/themes/pascal/pascal.css HTTP/1.1" 200 2258
148.251.127.113 - - [11/Dec/2014:05:00:16 -0500] "GET /galeria/nivo-slider/themes/default/default.css HTTP/1.1" 200 1569
148.251.127.113 - - [11/Dec/2014:05:00:16 -0500] "GET /galeria/nivo-slider/nivo-slider.css HTTP/1.1" 200 1507
148.251.127.113 - - [11/Dec/2014:05:00:16 -0500] "GET /galeria/nivo-slider/demo/style.css HTTP/1.1" 200 2222
148.251.127.113 - - [11/Dec/2014:05:00:16 -0500] "GET /galeria/nivo-slider/jquery.nivo.slider.pack.js HTTP/1.1" 200 11561
148.251.127.113 - - [11/Dec/2014:05:00:16 -0500] "GET /galeria/nivo-slider/demo/images/RdaNegociosFiltros.jpg HTTP/1.1" 200 77155
148.251.127.113 - - [11/Dec/2014:05:00:16 -0500] "GET /galeria/nivo-slider/demo/scripts/jquery-1.7.1.min.js HTTP/1.1" 200 93868
148.251.127.113 - - [11/Dec/2014:05:00:16 -0500] "GET /galeria/nivo-slider/demo/images/Jornada-adopcion.jpg HTTP/1.1" 200 79705
148.251.127.113 - - [11/Dec/2014:05:00:16 -0500] "GET /galeria/nivo-slider/demo/images/coplima.jpg HTTP/1.1" 200 85663
148.251.127.113 - - [11/Dec/2014:05:00:16 -0500] "GET /galeria/nivo-slider/demo/images/banner-musgo.jpg HTTP/1.1" 200 49513
148.251.127.113 - - [11/Dec/2014:05:00:16 -0500] "GET /galeria/nivo-slider/demo/images/porloshumedales.jpg HTTP/1.1" 200 351238
148.251.127.113 - - [11/Dec/2014:05:00:16 -0500] "GET /galeria/nivo-slider/demo/images/banner-caballos.png HTTP/1.1" 200 389106
148.251.127.113 - - [11/Dec/2014:05:00:16 -0500] "GET /galeria/nivo-slider/demo/images/Hacienda_Molinos.jpg HTTP/1.1" 200 319171
148.251.127.113 - - [11/Dec/2014:05:00:16 -0500] "GET /galeria/nivo-slider/demo/images/banner-caballos.png HTTP/1.1" 200 389106
148.251.127.113 - - [11/Dec/2014:05:00:16 -0500] "GET /galeria/nivo-slider/demo/images/bannerEcolecta3.jpg HTTP/1.1" 200 280034
148.251.127.113 - - [11/Dec/2014:05:00:16 -0500] "GET /galeria/nivo-slider/demo/images/BogotaSostenible.jpg HTTP/1.1" 200 206863
148.251.127.113 - - [11/Dec/2014:05:00:17 -0500] "GET /galeria/nivo-slider/demo/images/Banner-GAE3.jpg HTTP/1.1" 200 146354
148.251.127.113 - - [11/Dec/2014:05:00:17 -0500] "GET /galeria/nivo-slider/themes/default/loading.gif HTTP/1.1" 200 1737
148.251.127.113 - - [11/Dec/2014:05:00:17 -0500] "GET /galeria/nivo-slider/demo/images/4Simple_Slider.png HTTP/1.1" 200 11722
148.251.127.113 - - [11/Dec/2014:05:00:16 -0500] "GET /galeria/nivo-slider/demo/images/Tingua-azul.jpg HTTP/1.1" 200 307638
148.251.127.113 - - [11/Dec/2014:05:00:17 -0500] "GET /galeria/nivo-slider/demo/images/Banner-Caracol-Africano.jpg HTTP/1.1" 200 331986
148.251.127.113 - - [11/Dec/2014:05:00:17 -0500] "GET /galeria/nivo-slider/demo/images/9Signos.jpg HTTP/1.1" 200 93040
148.251.127.113 - - [11/Dec/2014:05:00:17 -0500] "GET /galeria/nivo-slider/demo/images/banner-redes.jpg HTTP/1.1" 200 62209
148.251.127.113 - - [11/Dec/2014:05:00:17 -0500] "GET /galeria/nivo-slider/demo/images/Banner-Caracol-Africano.jpg HTTP/1.1" 200 331986
148.251.127.113 - - [11/Dec/2014:05:00:16 -0500] "GET /galeria/nivo-slider/demo/images/Hacienda_Molinos.jpg HTTP/1.1" 200 319171
148.251.127.113 - - [11/Dec/2014:05:00:17 -0500] "GET /galeria/nivo-slider/demo/images/Banner-comparendo.jpg HTTP/1.1" 200 388762
148.251.127.113 - - [11/Dec/2014:05:00:20 -0500] "GET /galeria/nivo-slider/demo/images/Biotaxis-Man.jpg HTTP/1.1" 200 99362
148.251.127.113 - - [11/Dec/2014:05:00:20 -0500] "GET /videos/Spot_CambioClimatico.flv HTTP/1.1" 200 4371917
148.251.127.113 - - [11/Dec/2014:05:00:20 -0500] "GET /galeria/nivo-slider/demo/images/Biotaxis-Man.jpg HTTP/1.1" 200 99362
148.251.127.113 - - [11/Dec/2014:05:00:17 -0500] "GET /galeria/nivo-slider/demo/images/9Signos.jpg HTTP/1.1" 200 93040
148.251.127.113 - - [11/Dec/2014:05:00:17 -0500] "GET /galeria/nivo-slider/demo/images/banner-redes.jpg HTTP/1.1" 200 62209
148.251.127.113 - - [11/Dec/2014:05:00:23 -0500] "GET /galeria/nivo-slider/themes/default/arrows.png HTTP/1.1" 200 824
148.251.127.113 - - [11/Dec/2014:05:00:23 -0500] "GET /galeria/nivo-slider/themes/default/bullets.png HTTP/1.1" 200 1281
181.50.106.237 - - [11/Dec/2014:05:00:42 -0500] "POST /forms/lservlet;jsessionid=ac16012b30d514a36e23ac7240ca892cfcab1bbc7ef6.e3iSbxaKaheRe34Sa3yKbhiTahb0n6jAmljGr5XDqQLvpAe HTTP/1.1" 200 2
180.76.6.145 - - [11/Dec/2014:05:00:59 -0500] "GET /BLA/resoluciones/RESOLUCIONES%202010/0923.pdf HTTP/1.1" 200 103404
157.55.39.113 - - [11/Dec/2014:05:01:09 -0500] "GET /bla/resoluciones/resoluciones%202009/1351.pdf HTTP/1.1" 200 519796
66.249.67.107 - - [11/Dec/2014:05:01:13 -0500] "GET /BLA/resoluciones/RESOLUCIONES%202010/7167.pdf HTTP/1.1" 200 170832
157.55.39.217 - - [11/Dec/2014:05:01:13 -0500] "GET /BLA/resoluciones/RESOLUCIONES%202009/0615.pdf HTTP/1.1" 200 320637
157.55.39.217 - - [11/Dec/2014:05:01:37 -0500] "GET /BLA/resoluciones/RESOLUCIONES%202012/0415.pdf HTTP/1.1" 200 422093
157.55.39.241 - - [11/Dec/2014:05:01:42 -0500] "GET /BLA/resoluciones/AUTOS%202009/2723.pdf HTTP/1.1" 200 99384
157.55.39.113 - - [11/Dec/2014:05:01:49 -0500] "GET /bla/resoluciones/resoluciones%202009/8062.pdf HTTP/1.1" 200 162208
69.171.231.160 - - [11/Dec/2014:05:02:14 -0500] "GET /BLA/boletinlegal/js/jquery.scrollShow.js HTTP/1.1" 200 4586
69.171.231.163 - - [11/Dec/2014:05:02:14 -0500] "GET /BLA/boletinlegal/js/jquery.js HTTP/1.1" 200 57254
69.171.231.163 - - [11/Dec/2014:05:02:14 -0500] "GET /BLA/boletinlegal/js/jquery.scrollTo-min.js HTTP/1.1" 200 1150
89.188.144.9 - - [11/Dec/2014:05:02:32 -0500] "GET /blog/wp-admin/ HTTP/1.1" 404 1018
74.86.158.107 - - [11/Dec/2014:05:02:35 -0500] "HEAD / HTTP/1.1" 302 -
181.50.106.237 - - [11/Dec/2014:05:02:42 -0500] "POST /forms/lservlet;jsessionid=ac16012b30d514a36e23ac7240ca892cfcab1bbc7ef6.e3iSbxaKaheRe34Sa3yKbhiTahb0n6jAmljGr5XDqQLvpAe HTTP/1.1" 200 2
66.249.67.115 - - [11/Dec/2014:05:02:49 -0500] "GET /BLA/resoluciones/RESOLUCIONES%202012/1526.pdf HTTP/1.1" 200 643007
188.165.15.235 - - [11/Dec/2014:05:03:15 -0500] "GET /BLA/resoluciones/index.php?dir=RESOLUCIONES%202006/RES%202006%202401-2450/&sort=name&order=desc HTTP/1.1" 200 12369
66.249.67.115 - - [11/Dec/2014:05:03:23 -0500] "GET /BLA/resoluciones/RESOLUCIONES%202002/RES%202002%20601-650/00000629.tif HTTP/1.1" 200 38758
157.55.39.241 - - [11/Dec/2014:05:03:30 -0500] "GET /bla/resoluciones/resoluciones%202009/9265.pdf HTTP/1.1" 200 526984
188.165.15.191 - - [11/Dec/2014:05:03:39 -0500] "GET /BLA/resoluciones/RESOLUCIONES%202004/RES%202004%20401-450/00000437.tif HTTP/1.1" 200 59596
190.159.49.52 - - [11/Dec/2014:05:04:02 -0500] "GET /autoliquidacion/index.php?dir=Solicitud+de+expedici%F3n+de+certificados+de+estado+de+conservaci%F3n+ambiental+%28CECA%29%2F HTTP/1.1" 200 3611
190.159.49.52 - - [11/Dec/2014:05:04:02 -0500] "GET /autoliquidacion/dlf/dirup.png HTTP/1.1" 200 644
190.159.49.52 - - [11/Dec/2014:05:04:02 -0500] "GET /autoliquidacion/dlf/unknown.png HTTP/1.1" 200 266
190.159.49.52 - - [11/Dec/2014:05:04:02 -0500] "GET /autoliquidacion/dlf/pdf.gif HTTP/1.1" 200 272
190.159.49.52 - - [11/Dec/2014:05:04:02 -0500] "GET /favicon.ico HTTP/1.1" 200 7782
190.159.49.52 - - [11/Dec/2014:05:04:14 -0500] "GET /autoliquidacion/index.php?dir=Solicitud+de+Licencia+Ambiental%2F HTTP/1.1" 200 2642
190.159.49.52 - - [11/Dec/2014:05:04:14 -0500] "GET /autoliquidacion/dlf/html.gif HTTP/1.1" 200 632
190.159.49.52 - - [11/Dec/2014:05:04:22 -0500] "GET /autoliquidacion/Solicitud%20de%20Licencia%20Ambiental/Solicitud%20de%20licencia%20ambiental.....pdf HTTP/1.1" 200 99744
190.159.49.52 - - [11/Dec/2014:05:04:22 -0500] "GET /autoliquidacion/Solicitud%20de%20Licencia%20Ambiental/Solicitud%20de%20licencia%20ambiental.....pdf HTTP/1.1" 206 32768
190.159.49.52 - - [11/Dec/2014:05:04:22 -0500] "GET /autoliquidacion/Solicitud%20de%20Licencia%20Ambiental/Solicitud%20de%20licencia%20ambiental.....pdf HTTP/1.1" 206 65670
190.159.49.52 - - [11/Dec/2014:05:04:23 -0500] "GET /autoliquidacion/Solicitud%20de%20Licencia%20Ambiental/Solicitud%20de%20licencia%20ambiental.....pdf HTTP/1.1" 206 1306
66.249.67.107 - - [11/Dec/2014:05:04:26 -0500] "GET /BLA/resoluciones/RESOLUCIONES%202011/4623.pdf HTTP/1.1" 200 95833
190.159.49.52 - - [11/Dec/2014:05:04:33 -0500] "GET /autoliquidacion/ HTTP/1.1" 200 6375
181.50.106.237 - - [11/Dec/2014:05:04:42 -0500] "POST /forms/lservlet;jsessionid=ac16012b30d514a36e23ac7240ca892cfcab1bbc7ef6.e3iSbxaKaheRe34Sa3yKbhiTahb0n6jAmljGr5XDqQLvpAe HTTP/1.1" 200 2
123.125.71.29 - - [11/Dec/2014:05:04:42 -0500] "GET / HTTP/1.1" 302 -
190.159.49.52 - - [11/Dec/2014:05:04:43 -0500] "GET /autoliquidacion/index.php?dir=Solicitud+de+Licencia+Ambiental%2F HTTP/1.1" 200 2642
188.165.15.14 - - [11/Dec/2014:05:04:44 -0500] "GET /BLA/resoluciones/RESOLUCIONES%202006/RES%202006%202551-2600/00002571.tif HTTP/1.1" 200 210626
190.159.49.52 - - [11/Dec/2014:05:04:46 -0500] "GET /autoliquidacion/Solicitud%20de%20Licencia%20Ambiental/Lista%20de%20chequeo%20-%20Solicitud%20de%20licencia%20ambiental......pdf HTTP/1.1" 200 54352
157.55.39.13 - - [11/Dec/2014:05:05:08 -0500] "GET /BLA/resoluciones/RESOLUCIONES%202010/2407.pdf HTTP/1.1" 200 512568
190.159.49.52 - - [11/Dec/2014:05:05:14 -0500] "GET /autoliquidacion/Solicitud%20de%20expedici%C3%B3n%20de%20certificados%20de%20estado%20de%20conservaci%C3%B3n%20ambiental%20(CECA)/Ver%20toda%20la%20informaci%C3%B3n%20sobre%20expedici%C3%B3n%20de%20certificados........pdf HTTP/1.1" 200 107952
190.159.49.52 - - [11/Dec/2014:05:05:14 -0500] "GET /autoliquidacion/Solicitud%20de%20expedici%C3%B3n%20de%20certificados%20de%20estado%20de%20conservaci%C3%B3n%20ambiental%20(CECA)/Ver%20toda%20la%20informaci%C3%B3n%20sobre%20expedici%C3%B3n%20de%20certificados........pdf HTTP/1.1" 206 32768
190.159.49.52 - - [11/Dec/2014:05:05:14 -0500] "GET /autoliquidacion/Solicitud%20de%20expedici%C3%B3n%20de%20certificados%20de%20estado%20de%20conservaci%C3%B3n%20ambiental%20(CECA)/Ver%20toda%20la%20informaci%C3%B3n%20sobre%20expedici%C3%B3n%20de%20certificados........pdf HTTP/1.1" 206 75184
157.55.39.12 - - [11/Dec/2014:05:05:58 -0500] "GET /BLA/resoluciones/AUTOS%202012/1854.pdf HTTP/1.1" 200 263051
66.249.67.127 - - [11/Dec/2014:05:06:03 -0500] "GET /PORTAL_SIAC/swf/Residuos/maderas/maderas.html HTTP/1.1" 200 1957
66.249.67.115 - - [11/Dec/2014:05:06:12 -0500] "GET /BLA/resoluciones/RESOLUCIONES%202010/5936.pdf HTTP/1.1" 200 258668
220.181.108.87 - - [11/Dec/2014:05:06:15 -0500] "GET / HTTP/1.1" 302 -
180.76.5.197 - - [11/Dec/2014:05:06:20 -0500] "GET /BLA/resoluciones/RESOLUCIONES%202010/0286.pdf HTTP/1.1" 200 535024
181.50.106.237 - - [11/Dec/2014:05:06:42 -0500] "POST /forms/lservlet;jsessionid=ac16012b30d514a36e23ac7240ca892cfcab1bbc7ef6.e3iSbxaKaheRe34Sa3yKbhiTahb0n6jAmljGr5XDqQLvpAe HTTP/1.1" 200 2
157.55.39.113 - - [11/Dec/2014:05:06:46 -0500] "GET /bla/resoluciones/resoluciones%202009/7824.pdf HTTP/1.1" 200 564479
74.86.158.107 - - [11/Dec/2014:05:07:35 -0500] "HEAD / HTTP/1.1" 302 -
157.55.39.113 - - [11/Dec/2014:05:07:40 -0500] "GET /BLA/resoluciones/RESOLUCIONES%202009/1550.pdf HTTP/1.1" 200 483898
66.249.67.115 - - [11/Dec/2014:05:07:51 -0500] "GET /BLA/resoluciones/AUTOS%202011/0167.pdf HTTP/1.1" 200 199705
181.50.106.237 - - [11/Dec/2014:05:08:45 -0500] "POST /forms/lservlet;jsessionid=ac16012b30d514a36e23ac7240ca892cfcab1bbc7ef6.e3iSbxaKaheRe34Sa3yKbhiTahb0n6jAmljGr5XDqQLvpAe HTTP/1.1" 200 2
157.55.39.240 - - [11/Dec/2014:05:08:48 -0500] "GET /BLA/resoluciones/RESOLUCIONES%202011/0105.pdf HTTP/1.1" 200 356854
66.249.67.99 - - [11/Dec/2014:05:09:06 -0500] "GET /BLA/resoluciones/index.php?dir=RESOLUCIONES%202004/RES%202004%201951-2000/&sort=size&order=asc HTTP/1.1" 200 12355
66.249.67.107 - - [11/Dec/2014:05:09:17 -0500] "GET /BLA/resoluciones/RESOLUCIONES%202007/RES%202007%203201%20AL%203300/RESOLUCION%203206%20%20DE%202007.pdf HTTP/1.1" 200 537538
157.55.39.241 - - [11/Dec/2014:05:09:26 -0500] "GET /BLA/resoluciones/AUTOS%202011/4395.pdf HTTP/1.1" 200 193364
87.237.27.122 - - [11/Dec/2014:05:09:32 -0500] "GET /BLA/boletinlegal/js/jquery.js HTTP/1.1" 200 57254
87.237.27.122 - - [11/Dec/2014:05:09:32 -0500] "GET /BLA/boletinlegal/js/jquery.scrollTo-min.js HTTP/1.1" 200 1150
87.237.27.122 - - [11/Dec/2014:05:09:32 -0500] "GET /BLA/boletinlegal/js/jquery.scrollShow.js HTTP/1.1" 200 4586
66.249.67.99 - - [11/Dec/2014:05:09:52 -0500] "GET /BLA/resoluciones/RESOLUCIONES%202011/4594.pdf HTTP/1.1" 304 -
190.66.157.191 - - [11/Dec/2014:05:09:55 -0500] "GET /BLA/resoluciones/RESOLUCIONES%202007/RES%202007%204301%20AL%204352/RESOLUCION%204336%20DE%202007.pdf HTTP/1.1" 206 223268
190.66.157.191 - - [11/Dec/2014:05:10:01 -0500] "GET /favicon.ico HTTP/1.1" 200 7782
157.55.39.13 - - [11/Dec/2014:05:10:06 -0500] "GET /bla/resoluciones/resoluciones%202010/6175.pdf HTTP/1.1" 200 3203877
180.76.6.157 - - [11/Dec/2014:05:10:23 -0500] "GET /BLA/resoluciones/RESOLUCIONES%202010/2289.pdf HTTP/1.1" 200 544095
181.50.106.237 - - [11/Dec/2014:05:10:45 -0500] "POST /forms/lservlet;jsessionid=ac16012b30d514a36e23ac7240ca892cfcab1bbc7ef6.e3iSbxaKaheRe34Sa3yKbhiTahb0n6jAmljGr5XDqQLvpAe HTTP/1.1" 200 2
66.249.67.115 - - [11/Dec/2014:05:10:54 -0500] "GET /BLA/resoluciones/RESOLUCIONES%202010/0582.pdf HTTP/1.1" 200 100848
74.86.158.107 - - [11/Dec/2014:05:11:10 -0500] "HEAD / HTTP/1.1" 302 -
180.76.6.138 - - [11/Dec/2014:05:11:24 -0500] "GET /BLA/resoluciones/RESOLUCIONES%202010/0217.pdf HTTP/1.1" 200 559845
186.154.95.31 - - [11/Dec/2014:05:11:28 -0500] "GET /BLA/boletinlegal/js/jquery.js HTTP/1.1" 200 57254
186.154.95.31 - - [11/Dec/2014:05:11:28 -0500] "GET /BLA/boletinlegal/js/jquery.scrollTo-min.js HTTP/1.1" 200 1150
186.154.95.31 - - [11/Dec/2014:05:11:28 -0500] "GET /BLA/boletinlegal/js/jquery.scrollShow.js HTTP/1.1" 200 4586
181.50.106.237 - - [11/Dec/2014:05:11:54 -0500] "POST /forms/lservlet;jsessionid=ac16012b30d514a36e23ac7240ca892cfcab1bbc7ef6.e3iSbxaKaheRe34Sa3yKbhiTahb0n6jAmljGr5XDqQLvpAe HTTP/1.1" 200 171
89.188.144.9 - - [11/Dec/2014:05:12:25 -0500] "GET /wp/wp-admin/ HTTP/1.1" 404 1018
66.249.67.115 - - [11/Dec/2014:05:12:31 -0500] "GET /BLA/resoluciones/RESOLUCIONES%202009/9123.pdf HTTP/1.1" 200 419146
181.50.106.237 - - [11/Dec/2014:05:12:45 -0500] "POST /forms/lservlet;jsessionid=ac16012b30d514a36e23ac7240ca892cfcab1bbc7ef6.e3iSbxaKaheRe34Sa3yKbhiTahb0n6jAmljGr5XDqQLvpAe HTTP/1.1" 200 2
66.249.67.99 - - [11/Dec/2014:05:13:32 -0500] "GET /BLA/resoluciones/RESOLUCIONES%202006/RES%202006%20101-150/00000150.tif HTTP/1.1" 200 143598
66.249.67.99 - - [11/Dec/2014:05:13:36 -0500] "GET /BLA/resoluciones/RESOLUCIONES%202007/RES%202007%203901%20AL%204000/RESOLUCION%203951%20DE%202007.pdf HTTP/1.1" 304 -
157.55.39.217 - - [11/Dec/2014:05:13:56 -0500] "GET /BLA/resoluciones/RESOLUCIONES%202008/2213.pdf HTTP/1.1" 200 412539
157.55.39.217 - - [11/Dec/2014:05:13:58 -0500] "GET /BLA/resoluciones/RESOLUCIONES%202008/0115.pdf HTTP/1.1" 200 215227
157.55.39.240 - - [11/Dec/2014:05:14:04 -0500] "GET /bla/resoluciones/RESOLUCIONES%202011/1524.pdf HTTP/1.1" 200 232726
66.249.67.115 - - [11/Dec/2014:05:14:07 -0500] "GET /BLA/resoluciones/RESOLUCIONES%202009/9488.pdf HTTP/1.1" 200 575961
197.220.255.210 - - [11/Dec/2014:05:14:14 -0500] "GET /wp-admin/ HTTP/1.1" 404 1018
157.55.39.217 - - [11/Dec/2014:05:14:26 -0500] "GET /BLA/resoluciones/RESOLUCIONES%202010/2637.pdf HTTP/1.1" 200 559144
66.249.67.107 - - [11/Dec/2014:05:14:38 -0500] "GET /BLA/resoluciones/RESOLUCIONES%202007/RES%202007%203401%20AL%203500/RESOLUCION%203424%20DE%202007.pdf HTTP/1.1" 200 58049
181.50.106.237 - - [11/Dec/2014:05:14:45 -0500] "POST /forms/lservlet;jsessionid=ac16012b30d514a36e23ac7240ca892cfcab1bbc7ef6.e3iSbxaKaheRe34Sa3yKbhiTahb0n6jAmljGr5XDqQLvpAe HTTP/1.1" 200 2
66.249.67.99 - - [11/Dec/2014:05:15:44 -0500] "GET /BLA/resoluciones/RESOLUCIONES%202010/4224.pdf HTTP/1.1" 200 360826
157.55.39.217 - - [11/Dec/2014:05:16:02 -0500] "GET /BLA/resoluciones/RESOLUCIONES%202008/0315.pdf HTTP/1.1" 200 266942
74.86.158.107 - - [11/Dec/2014:05:16:10 -0500] "HEAD / HTTP/1.1" 302 -
181.50.106.237 - - [11/Dec/2014:05:16:45 -0500] "POST /forms/lservlet;jsessionid=ac16012b30d514a36e23ac7240ca892cfcab1bbc7ef6.e3iSbxaKaheRe34Sa3yKbhiTahb0n6jAmljGr5XDqQLvpAe HTTP/1.1" 200 2
66.249.67.115 - - [11/Dec/2014:05:17:06 -0500] "GET /BLA/resoluciones/RESOLUCIONES%202009/9761.pdf HTTP/1.1" 200 311691
180.76.6.43 - - [11/Dec/2014:05:17:09 -0500] "GET /BLA/resoluciones/RESOLUCIONES%202010/0321.pdf HTTP/1.1" 200 98059
66.249.67.99 - - [11/Dec/2014:05:17:21 -0500] "GET /BLA/resoluciones/RESOLUCIONES%202007/RES%202007%203901%20AL%204000/RESOLUCION%203909%20DE%202007.pdf HTTP/1.1" 200 64295
180.76.5.95 - - [11/Dec/2014:05:18:09 -0500] "GET /BLA/resoluciones/RESOLUCIONES%202010/0166.pdf HTTP/1.1" 200 489166
157.55.39.13 - - [11/Dec/2014:05:18:27 -0500] "GET /BLA/resoluciones/AUTOS%202011/0303.pdf HTTP/1.1" 200 230764
157.55.39.217 - - [11/Dec/2014:05:18:36 -0500] "GET /BLA/resoluciones/RESOLUCIONES%202009/2644.pdf HTTP/1.1" 200 851056
181.50.106.237 - - [11/Dec/2014:05:18:45 -0500] "POST /forms/lservlet;jsessionid=ac16012b30d514a36e23ac7240ca892cfcab1bbc7ef6.e3iSbxaKaheRe34Sa3yKbhiTahb0n6jAmljGr5XDqQLvpAe HTTP/1.1" 200 2
66.249.67.107 - - [11/Dec/2014:05:18:58 -0500] "GET /BLA/resoluciones/RESOLUCIONES%202007/RES%202007%201501%20AL%201600/RESOLUCION%201572%20DE%202007.pdf HTTP/1.1" 200 662182
66.249.67.115 - - [11/Dec/2014:05:19:06 -0500] "GET /BLA/resoluciones/index.php?dir=RESOLUCIONES%202004/RES%202004%20501-550/&sort=date&order=asc HTTP/1.1" 200 12048
157.55.39.240 - - [11/Dec/2014:05:19:48 -0500] "GET /BLA/resoluciones/RESOLUCIONES%202011/0049.pdf HTTP/1.1" 200 370268
157.55.39.113 - - [11/Dec/2014:05:20:17 -0500] "GET /bla/resoluciones/resoluciones%202010/6776.pdf HTTP/1.1" 200 161977
157.55.39.13 - - [11/Dec/2014:05:20:20 -0500] "GET /bla/resoluciones/RESOLUCIONES%202011/1620.pdf HTTP/1.1" 200 66239
66.249.67.115 - - [11/Dec/2014:05:20:35 -0500] "GET /BLA/resoluciones/AUTOS%202008/1049.pdf HTTP/1.1" 200 178124
181.50.106.237 - - [11/Dec/2014:05:20:45 -0500] "POST /forms/lservlet;jsessionid=ac16012b30d514a36e23ac7240ca892cfcab1bbc7ef6.e3iSbxaKaheRe34Sa3yKbhiTahb0n6jAmljGr5XDqQLvpAe HTTP/1.1" 200 2
66.249.67.115 - - [11/Dec/2014:05:20:47 -0500] "GET /BLA/resoluciones/RESOLUCIONES%202010/1703.pdf HTTP/1.1" 304 -
74.86.158.107 - - [11/Dec/2014:05:21:10 -0500] "HEAD / HTTP/1.1" 302 -
100.43.85.25 - - [11/Dec/2014:05:21:22 -0500] "GET /videos/?C=D;O=D HTTP/1.1" 200 47950
188.165.15.44 - - [11/Dec/2014:05:21:58 -0500] "GET /BLA/resoluciones/RESOLUCIONES%202005/RES%202005%201551-1600/00001563.tif HTTP/1.1" 200 216066
157.55.39.217 - - [11/Dec/2014:05:22:01 -0500] "GET /BLA/resoluciones/RESOLUCIONES%202012/1557.pdf HTTP/1.1" 200 2370180
89.188.144.9 - - [11/Dec/2014:05:22:02 -0500] "GET /old/wp-admin/ HTTP/1.1" 404 1018
180.76.5.171 - - [11/Dec/2014:05:22:10 -0500] "GET /BLA/resoluciones/RESOLUCIONES%202010/2214.pdf HTTP/1.1" 200 510935
66.249.67.119 - - [11/Dec/2014:05:22:12 -0500] "GET /Autoliquidacion/index.php?dir=Cobro+Clasificacion+Uso+De+Vivenda+En+Suelo+Restringido%2F HTTP/1.1" 200 3220
157.55.39.217 - - [11/Dec/2014:05:22:19 -0500] "GET /BLA/resoluciones/Resoluciones%202011/1028.pdf HTTP/1.1" 200 68417
181.50.106.237 - - [11/Dec/2014:05:22:49 -0500] "POST /forms/lservlet;jsessionid=ac16012b30d514a36e23ac7240ca892cfcab1bbc7ef6.e3iSbxaKaheRe34Sa3yKbhiTahb0n6jAmljGr5XDqQLvpAe HTTP/1.1" 200 2
157.55.39.240 - - [11/Dec/2014:05:22:55 -0500] "GET /BLA/resoluciones/RESOLUCIONES%202009/1590.pdf HTTP/1.1" 200 627088
157.55.39.13 - - [11/Dec/2014:05:23:17 -0500] "GET /bla/resoluciones/resoluciones%202010/2033.pdf HTTP/1.1" 200 677574
157.55.39.13 - - [11/Dec/2014:05:23:18 -0500] "GET /bla/resoluciones/resoluciones%202010/7717.pdf HTTP/1.1" 200 523746
66.249.67.115 - - [11/Dec/2014:05:23:49 -0500] "GET /BLA/resoluciones/RESOLUCIONES%202007/RES%202007%202001%20AL%202100/RESOLUCION%202014%20DE%202007.pdf HTTP/1.1" 304 -
157.55.39.12 - - [11/Dec/2014:05:23:58 -0500] "GET /bla/resoluciones/resoluciones%202010/6383.pdf HTTP/1.1" 200 740307
157.55.39.217 - - [11/Dec/2014:05:24:03 -0500] "GET /BLA/resoluciones/Resoluciones%202011/2882.pdf HTTP/1.1" 200 769666
180.76.6.138 - - [11/Dec/2014:05:24:11 -0500] "GET /BLA/resoluciones/RESOLUCIONES%202010/2205.pdf HTTP/1.1" 200 516281
188.165.15.15 - - [11/Dec/2014:05:24:12 -0500] "GET /BLA/resoluciones/RESOLUCIONES%202002/RES%202002%20401-450/00000425.tif HTTP/1.1" 200 58782
197.220.255.210 - - [11/Dec/2014:05:24:13 -0500] "GET /test/wp-admin/ HTTP/1.1" 404 1018
66.249.67.107 - - [11/Dec/2014:05:24:22 -0500] "GET /BLA/resoluciones/RESOLUCIONES%202009/8606.pdf HTTP/1.1" 304 -
184.164.170.136 - - [11/Dec/2014:05:24:48 -0500] "GET /BLA/boletinlegal/js/jquery.scrollTo-min.js HTTP/1.1" 200 1150
184.164.170.136 - - [11/Dec/2014:05:24:48 -0500] "GET /BLA/boletinlegal/js/jquery.scrollShow.js HTTP/1.1" 200 4586
184.164.170.136 - - [11/Dec/2014:05:24:48 -0500] "GET /BLA/boletinlegal/js/jquery.js HTTP/1.1" 200 57254
181.50.106.237 - - [11/Dec/2014:05:24:49 -0500] "POST /forms/lservlet;jsessionid=ac16012b30d514a36e23ac7240ca892cfcab1bbc7ef6.e3iSbxaKaheRe34Sa3yKbhiTahb0n6jAmljGr5XDqQLvpAe HTTP/1.1" 200 2
181.141.211.171 - - [11/Dec/2014:05:24:54 -0500] "GET /BLA/boletinlegal/js/jquery.js HTTP/1.1" 200 57254
181.141.211.171 - - [11/Dec/2014:05:24:54 -0500] "GET /BLA/boletinlegal/js/jquery.scrollTo-min.js HTTP/1.1" 200 1150
181.141.211.171 - - [11/Dec/2014:05:24:54 -0500] "GET /BLA/boletinlegal/js/jquery.scrollShow.js HTTP/1.1" 200 4586
180.76.6.143 - - [11/Dec/2014:05:25:11 -0500] "GET /BLA/resoluciones/RESOLUCIONES%202010/0380.pdf HTTP/1.1" 200 109484
66.249.67.99 - - [11/Dec/2014:05:25:25 -0500] "GET /BLA/resoluciones/RESOLUCIONES%202009/7725.pdf HTTP/1.1" 304 -
74.86.158.107 - - [11/Dec/2014:05:26:10 -0500] "HEAD / HTTP/1.1" 302 -
181.246.210.38 - - [11/Dec/2014:05:26:33 -0500] "GET /BLA/boletinlegal/js/jquery.js HTTP/1.1" 200 57254
181.246.210.38 - - [11/Dec/2014:05:26:33 -0500] "GET /BLA/boletinlegal/js/jquery.scrollShow.js HTTP/1.1" 200 4586
181.246.210.38 - - [11/Dec/2014:05:26:33 -0500] "GET /BLA/boletinlegal/js/jquery.scrollTo-min.js HTTP/1.1" 200 1150
188.165.15.55 - - [11/Dec/2014:05:26:35 -0500] "GET /BLA/resoluciones/index.php?dir=RESOLUCIONES%202005/RES%202005%203001-3050/&sort=size&order=desc HTTP/1.1" 200 12363
157.55.39.217 - - [11/Dec/2014:05:26:38 -0500] "GET /BLA/resoluciones/RESOLUCIONES%202011/1394.pdf HTTP/1.1" 200 73079
181.50.106.237 - - [11/Dec/2014:05:26:58 -0500] "POST /forms/lservlet;jsessionid=ac16012b30d514a36e23ac7240ca892cfcab1bbc7ef6.e3iSbxaKaheRe34Sa3yKbhiTahb0n6jAmljGr5XDqQLvpAe HTTP/1.1" 200 2
66.249.67.107 - - [11/Dec/2014:05:27:02 -0500] "GET /BLA/resoluciones/RESOLUCIONES%202010/6576.pdf HTTP/1.1" 200 361900
157.55.39.217 - - [11/Dec/2014:05:27:33 -0500] "GET /BLA/resoluciones/AUTOS%202012/1582.pdf HTTP/1.1" 200 461385
157.55.39.12 - - [11/Dec/2014:05:27:37 -0500] "GET /BLA/resoluciones/AUTOS%202009/3336.pdf HTTP/1.1" 200 198154
157.55.39.113 - - [11/Dec/2014:05:27:42 -0500] "GET /bla/resoluciones/resoluciones%202009/3701.pdf HTTP/1.1" 200 52244
157.55.39.12 - - [11/Dec/2014:05:27:47 -0500] "GET /bla/resoluciones/RESOLUCIONES%202011/1897.pdf HTTP/1.1" 200 522202
157.55.39.13 - - [11/Dec/2014:05:28:08 -0500] "GET /BLA/resoluciones/RESOLUCIONES%202008/1162.pdf HTTP/1.1" 200 360837
66.249.67.99 - - [11/Dec/2014:05:28:09 -0500] "GET /autoliquidacion/TR%C3%81MITES%20ACEITES-RESIDUOS-ESTACIONES/REG.%20GENERADOR/126PM04-PR75-F-A2-V%201-LISTA%20CHEQUEO%20REG.GENERADOR.xls HTTP/1.1" 200 194560
66.249.67.115 - - [11/Dec/2014:05:28:39 -0500] "GET /BLA/resoluciones/RESOLUCIONES%202007/RES%202007%203101%20AL%203200/RESOLUCION%203152%20DE%202007.pdf HTTP/1.1" 304 -
157.55.39.113 - - [11/Dec/2014:05:28:39 -0500] "GET /BLA/resoluciones/AUTOS%202011/3068.pdf HTTP/1.1" 200 236603
157.55.39.217 - - [11/Dec/2014:05:28:48 -0500] "GET /bla/resoluciones/resoluciones%202010/1662.pdf HTTP/1.1" 200 440341
157.55.39.240 - - [11/Dec/2014:05:28:54 -0500] "GET /BLA/resoluciones/RESOLUCIONES%202008/0170.pdf HTTP/1.1" 200 282199
181.50.106.237 - - [11/Dec/2014:05:29:07 -0500] "POST /forms/lservlet;jsessionid=ac16012b30d514a36e23ac7240ca892cfcab1bbc7ef6.e3iSbxaKaheRe34Sa3yKbhiTahb0n6jAmljGr5XDqQLvpAe HTTP/1.1" 200 2
157.55.39.113 - - [11/Dec/2014:05:29:39 -0500] "GET /bla/resoluciones/RESOLUCIONES%202011/3323.pdf HTTP/1.1" 200 773710
157.55.39.217 - - [11/Dec/2014:05:29:44 -0500] "GET /BLA/resoluciones/RESOLUCIONES%202011/4403.pdf HTTP/1.1" 200 378613
157.55.39.217 - - [11/Dec/2014:05:30:08 -0500] "GET /BLA/resoluciones/RESOLUCIONES%202011/4752.pdf HTTP/1.1" 200 641732
66.249.67.99 - - [11/Dec/2014:05:30:16 -0500] "GET /BLA/resoluciones/RESOLUCIONES%202007/RES%202007%20801%20AL%20900/RESOLUCION%200869%20DE%202007.pdf HTTP/1.1" 200 356229
157.55.39.240 - - [11/Dec/2014:05:30:55 -0500] "GET /BLA/resoluciones/RESOLUCIONES%202010/1986.pdf HTTP/1.1" 200 335976
181.50.106.237 - - [11/Dec/2014:05:31:07 -0500] "POST /forms/lservlet;jsessionid=ac16012b30d514a36e23ac7240ca892cfcab1bbc7ef6.e3iSbxaKaheRe34Sa3yKbhiTahb0n6jAmljGr5XDqQLvpAe HTTP/1.1" 200 2
74.86.158.107 - - [11/Dec/2014:05:31:10 -0500] "HEAD / HTTP/1.1" 302 -
66.249.67.99 - - [11/Dec/2014:05:31:38 -0500] "GET /BLA/resoluciones/AUTOS%202013/2007.pdf HTTP/1.1" 304 -
180.76.6.131 - - [11/Dec/2014:05:31:42 -0500] "GET /BLA/resoluciones/RESOLUCIONES%202010/1188.pdf HTTP/1.1" 200 98179
66.249.67.115 - - [11/Dec/2014:05:31:53 -0500] "GET /BLA/resoluciones/RESOLUCIONES%202010/6498.pdf HTTP/1.1" 200 44364
66.249.67.99 - - [11/Dec/2014:05:32:11 -0500] "GET /BLA/resoluciones/RESOLUCIONES%202002/RES%202002%20251-300/00000275.tif HTTP/1.1" 200 85582
202.46.50.160 - - [11/Dec/2014:05:32:25 -0500] "GET /re/Entrada/?C=N;O=A HTTP/1.1" 404 1019
202.46.62.127 - - [11/Dec/2014:05:32:27 -0500] "GET /re/Entrada/?C=N;O=A HTTP/1.1" 404 1019
202.46.53.87 - - [11/Dec/2014:05:32:29 -0500] "GET /re/Entrada/?C=N;O=A HTTP/1.1" 404 1019
202.46.62.142 - - [11/Dec/2014:05:32:30 -0500] "GET /re/Entrada/?C=N;O=A HTTP/1.1" 404 1019
181.50.106.237 - - [11/Dec/2014:05:33:07 -0500] "POST /forms/lservlet;jsessionid=ac16012b30d514a36e23ac7240ca892cfcab1bbc7ef6.e3iSbxaKaheRe34Sa3yKbhiTahb0n6jAmljGr5XDqQLvpAe HTTP/1.1" 200 2
157.55.39.241 - - [11/Dec/2014:05:33:22 -0500] "GET /bla/resoluciones/resoluciones%202009/8028.pdf HTTP/1.1" 200 501841
66.249.67.107 - - [11/Dec/2014:05:33:30 -0500] "GET /BLA/resoluciones/RESOLUCIONES%202007/RES%202007%203201%20AL%203300/RESOLUCION%203272%20DE%202007.pdf HTTP/1.1" 200 716202
161.10.204.115 - - [11/Dec/2014:05:33:37 -0500] "GET /dama/libreria/php/decide.php?patron=03.1305020113&numm=40 HTTP/1.1" 404 1359
157.55.39.12 - - [11/Dec/2014:05:33:45 -0500] "GET /BLA/resoluciones/RESOLUCIONES%202008/0278.pdf HTTP/1.1" 200 298998
188.165.15.44 - - [11/Dec/2014:05:34:04 -0500] "GET /BLA/resoluciones/RESOLUCIONES%202006/RES%202006%201001-1050/00001046.tif HTTP/1.1" 200 162330
66.249.67.99 - - [11/Dec/2014:05:34:06 -0500] "GET /BLA/resoluciones/index.php?dir=RESOLUCIONES%202002/RES%202002%20251-300/&sort=name&order=desc HTTP/1.1" 200 12033
197.220.255.210 - - [11/Dec/2014:05:34:17 -0500] "GET /wordpress/wp-admin/ HTTP/1.1" 404 1018
188.165.15.187 - - [11/Dec/2014:05:34:28 -0500] "GET /BLA/resoluciones/RESOLUCIONES%202003/RES%202003%20801-850/810.tif HTTP/1.1" 200 245756
66.249.67.99 - - [11/Dec/2014:05:35:07 -0500] "GET /BLA/resoluciones/RESOLUCIONES%202007/RES%202007%20401%20AL%20500/RESOLUCION%200494%20DE%202007.pdf HTTP/1.1" 200 726022
181.50.106.237 - - [11/Dec/2014:05:35:07 -0500] "POST /forms/lservlet;jsessionid=ac16012b30d514a36e23ac7240ca892cfcab1bbc7ef6.e3iSbxaKaheRe34Sa3yKbhiTahb0n6jAmljGr5XDqQLvpAe HTTP/1.1" 200 2
66.249.67.115 - - [11/Dec/2014:05:35:18 -0500] "GET /BLA/resoluciones/RESOLUCIONES%202010/2937.pdf HTTP/1.1" 304 -
202.46.55.209 - - [11/Dec/2014:05:35:31 -0500] "GET /porla/porla1.htm HTTP/1.1" 404 1019
202.46.56.115 - - [11/Dec/2014:05:35:33 -0500] "GET /porla/porla1.htm HTTP/1.1" 404 1019
202.46.50.79 - - [11/Dec/2014:05:35:36 -0500] "GET /porla/porla1.htm HTTP/1.1" 404 1019
202.46.56.79 - - [11/Dec/2014:05:35:40 -0500] "GET /porla/porla1.htm HTTP/1.1" 404 1019
74.86.158.107 - - [11/Dec/2014:05:36:10 -0500] "HEAD / HTTP/1.1" 302 -
157.55.39.241 - - [11/Dec/2014:05:36:33 -0500] "GET /BLA/resoluciones/RESOLUCIONES%202010/3051.pdf HTTP/1.1" 200 947092
66.249.67.115 - - [11/Dec/2014:05:36:43 -0500] "GET /BLA/resoluciones/RESOLUCIONES%202007/RES%202007%203201%20AL%203300/RESOLUCION%203240%20DE%202007.pdf HTTP/1.1" 200 462623
202.46.62.110 - - [11/Dec/2014:05:36:57 -0500] "GET /phpold/reqnoticias2.php?user= HTTP/1.1" 404 1019
202.46.60.165 - - [11/Dec/2014:05:37:00 -0500] "GET /phpold/reqnoticias2.php?user= HTTP/1.1" 404 1019
202.46.49.100 - - [11/Dec/2014:05:37:02 -0500] "GET /phpold/reqnoticias2.php?user= HTTP/1.1" 404 1019
202.46.51.54 - - [11/Dec/2014:05:37:05 -0500] "GET /phpold/reqnoticias2.php?user= HTTP/1.1" 404 1019
181.50.106.237 - - [11/Dec/2014:05:37:07 -0500] "POST /forms/lservlet;jsessionid=ac16012b30d514a36e23ac7240ca892cfcab1bbc7ef6.e3iSbxaKaheRe34Sa3yKbhiTahb0n6jAmljGr5XDqQLvpAe HTTP/1.1" 200 2
66.249.67.115 - - [11/Dec/2014:05:38:20 -0500] "GET /BLA/resoluciones/RESOLUCIONES%202010/0579.pdf HTTP/1.1" 200 103014
186.31.103.119 - - [11/Dec/2014:05:38:28 -0500] "GET /BLA/boletinlegal/js/jquery.js HTTP/1.1" 200 57254
186.31.103.119 - - [11/Dec/2014:05:38:28 -0500] "GET /BLA/boletinlegal/js/jquery.scrollShow.js HTTP/1.1" 200 4586
186.31.103.119 - - [11/Dec/2014:05:38:28 -0500] "GET /BLA/boletinlegal/js/jquery.scrollTo-min.js HTTP/1.1" 200 1150
186.31.103.119 - - [11/Dec/2014:05:38:28 -0500] "GET /galeria/carrusel/Carrusel/jquery.thumbnailScroller.css HTTP/1.1" 200 2066
186.31.103.119 - - [11/Dec/2014:05:38:28 -0500] "GET /galeria/carrusel/Carrusel/jquery-ui-1.8.13.custom.min.js HTTP/1.1" 200 10800
186.31.103.119 - - [11/Dec/2014:05:38:28 -0500] "GET /galeria/carrusel/Carrusel/jquery.thumbnailScroller.js HTTP/1.1" 200 8157
186.31.103.119 - - [11/Dec/2014:05:38:35 -0500] "GET /galeria/nivo-slider/demo/demo.html HTTP/1.1" 200 3708
186.31.103.119 - - [11/Dec/2014:05:38:36 -0500] "GET /galeria/nivo-slider/themes/default/default.css HTTP/1.1" 200 1569
186.31.103.119 - - [11/Dec/2014:05:38:36 -0500] "GET /galeria/nivo-slider/themes/pascal/pascal.css HTTP/1.1" 200 2258
186.31.103.119 - - [11/Dec/2014:05:38:36 -0500] "GET /galeria/nivo-slider/themes/orman/orman.css HTTP/1.1" 200 2152
186.31.103.119 - - [11/Dec/2014:05:38:36 -0500] "GET /galeria/nivo-slider/nivo-slider.css HTTP/1.1" 200 1507
186.31.103.119 - - [11/Dec/2014:05:38:36 -0500] "GET /galeria/nivo-slider/demo/style.css HTTP/1.1" 200 2222
186.31.103.119 - - [11/Dec/2014:05:38:36 -0500] "GET /galeria/nivo-slider/demo/images/coplima.jpg HTTP/1.1" 200 85663
186.31.103.119 - - [11/Dec/2014:05:38:36 -0500] "GET /galeria/nivo-slider/demo/images/banner-musgo.jpg HTTP/1.1" 200 49513
186.31.103.119 - - [11/Dec/2014:05:38:36 -0500] "GET /galeria/nivo-slider/demo/images/RdaNegociosFiltros.jpg HTTP/1.1" 200 77155
186.31.103.119 - - [11/Dec/2014:05:38:36 -0500] "GET /galeria/nivo-slider/demo/images/Jornada-adopcion.jpg HTTP/1.1" 200 79705
186.31.103.119 - - [11/Dec/2014:05:38:36 -0500] "GET /galeria/nivo-slider/demo/images/BogotaSostenible.jpg HTTP/1.1" 200 206863
186.31.103.119 - - [11/Dec/2014:05:38:36 -0500] "GET /galeria/nivo-slider/demo/images/Banner-GAE3.jpg HTTP/1.1" 200 146354
186.31.103.119 - - [11/Dec/2014:05:38:37 -0500] "GET /galeria/nivo-slider/demo/images/Banner-comparendo.jpg HTTP/1.1" 200 388762
186.31.103.119 - - [11/Dec/2014:05:38:38 -0500] "GET /galeria/nivo-slider/demo/images/Biotaxis-Man.jpg HTTP/1.1" 200 99362
186.31.103.119 - - [11/Dec/2014:05:38:38 -0500] "GET /galeria/nivo-slider/demo/images/porloshumedales.jpg HTTP/1.1" 200 351238
186.31.103.119 - - [11/Dec/2014:05:38:38 -0500] "GET /galeria/nivo-slider/demo/images/Tingua-azul.jpg HTTP/1.1" 200 307638
186.31.103.119 - - [11/Dec/2014:05:38:40 -0500] "GET /galeria/nivo-slider/demo/images/Banner-Caracol-Africano.jpg HTTP/1.1" 200 331986
186.31.103.119 - - [11/Dec/2014:05:38:42 -0500] "GET /galeria/nivo-slider/demo/images/banner-redes.jpg HTTP/1.1" 200 62209
186.31.103.119 - - [11/Dec/2014:05:38:43 -0500] "GET /galeria/nivo-slider/demo/images/9Signos.jpg HTTP/1.1" 200 93040
186.31.103.119 - - [11/Dec/2014:05:38:44 -0500] "GET /galeria/nivo-slider/demo/images/banner-caballos.png HTTP/1.1" 200 389106
186.31.103.119 - - [11/Dec/2014:05:38:44 -0500] "GET /galeria/nivo-slider/demo/images/Hacienda_Molinos.jpg HTTP/1.1" 200 319171
186.31.103.119 - - [11/Dec/2014:05:38:44 -0500] "GET /galeria/nivo-slider/demo/images/bannerEcolecta3.jpg HTTP/1.1" 200 280034
186.31.103.119 - - [11/Dec/2014:05:38:45 -0500] "GET /galeria/nivo-slider/demo/images/4Simple_Slider.png HTTP/1.1" 200 11722
186.31.103.119 - - [11/Dec/2014:05:38:46 -0500] "GET /videos/Spot_CambioClimatico.flv HTTP/1.1" 200 4371917
186.31.103.119 - - [11/Dec/2014:05:38:47 -0500] "GET /galeria/nivo-slider/themes/default/loading.gif HTTP/1.1" 200 1737
186.31.103.119 - - [11/Dec/2014:05:38:48 -0500] "GET /galeria/nivo-slider/demo/scripts/jquery-1.7.1.min.js HTTP/1.1" 200 93868
186.31.103.119 - - [11/Dec/2014:05:38:50 -0500] "GET /galeria/nivo-slider/jquery.nivo.slider.pack.js HTTP/1.1" 200 11561
186.31.103.119 - - [11/Dec/2014:05:38:52 -0500] "GET /galeria/nivo-slider/themes/default/arrows.png HTTP/1.1" 200 824
186.31.103.119 - - [11/Dec/2014:05:38:52 -0500] "GET /galeria/nivo-slider/themes/default/bullets.png HTTP/1.1" 200 1281
66.249.67.115 - - [11/Dec/2014:05:39:03 -0500] "GET /BLA/resoluciones/RESOLUCIONES%202007/RES%202007%20401%20AL%20500/RESOLUCION%200444%20DE%202007.pdf HTTP/1.1" 304 -
181.50.106.237 - - [11/Dec/2014:05:39:07 -0500] "POST /forms/lservlet;jsessionid=ac16012b30d514a36e23ac7240ca892cfcab1bbc7ef6.e3iSbxaKaheRe34Sa3yKbhiTahb0n6jAmljGr5XDqQLvpAe HTTP/1.1" 200 2
188.165.15.235 - - [11/Dec/2014:05:39:14 -0500] "GET /BLA/resoluciones/RESOLUCIONES%202005/RES%202005%20751-800/00000771.tif HTTP/1.1" 200 165170
186.31.103.119 - - [11/Dec/2014:05:39:25 -0500] "GET /videos/ArchivoSDA.flv HTTP/1.1" 200 31205279
101.166.21.202 - - [11/Dec/2014:05:39:31 -0500] "POST /xmlrpc.php HTTP/1.1" 404 1018
66.249.67.99 - - [11/Dec/2014:05:39:57 -0500] "GET /BLA/resoluciones/AUTOS%202009/0510.pdf HTTP/1.1" 200 210473
157.55.39.240 - - [11/Dec/2014:05:40:15 -0500] "GET /BLA/resoluciones/Resoluciones%202011/0045.pdf HTTP/1.1" 200 370868
180.76.6.16 - - [11/Dec/2014:05:40:39 -0500] "GET /BLA/resoluciones/RESOLUCIONES%202010/0013.pdf HTTP/1.1" 200 407879
181.50.106.237 - - [11/Dec/2014:05:41:07 -0500] "POST /forms/lservlet;jsessionid=ac16012b30d514a36e23ac7240ca892cfcab1bbc7ef6.e3iSbxaKaheRe34Sa3yKbhiTahb0n6jAmljGr5XDqQLvpAe HTTP/1.1" 200 2
74.86.158.107 - - [11/Dec/2014:05:41:10 -0500] "HEAD / HTTP/1.1" 302 -
157.55.39.218 - - [11/Dec/2014:05:41:31 -0500] "GET /BLA/resoluciones/RESOLUCIONES%202011/4288.pdf HTTP/1.1" 200 1175537
66.249.67.107 - - [11/Dec/2014:05:41:34 -0500] "GET /BLA/resoluciones/RESOLUCIONES%202010/7428.pdf HTTP/1.1" 200 3146083
157.55.39.241 - - [11/Dec/2014:05:41:41 -0500] "GET /bla/resoluciones/resoluciones%202010/0722.pdf HTTP/1.1" 200 103926
157.55.39.240 - - [11/Dec/2014:05:41:42 -0500] "GET /bla/resoluciones/resoluciones%202010/1659.pdf HTTP/1.1" 200 435593
157.55.39.240 - - [11/Dec/2014:05:41:56 -0500] "GET /bla/resoluciones/resoluciones%202009/0384.pdf HTTP/1.1" 200 360052
188.165.15.231 - - [11/Dec/2014:05:41:58 -0500] "GET /BLA/resoluciones/index.php?dir=RESOLUCIONES+2006%2FRES+2006+801-850%2F HTTP/1.1" 200 12230
66.249.67.107 - - [11/Dec/2014:05:42:20 -0500] "GET /BLA/resoluciones/RESOLUCIONES%202006/RES%202006%20101-150/00000130.tif HTTP/1.1" 200 37316
188.165.15.55 - - [11/Dec/2014:05:42:22 -0500] "GET /BLA/resoluciones/RESOLUCIONES%202006/RES%202006%20451-500/00000491.tif HTTP/1.1" 200 286976
66.249.67.115 - - [11/Dec/2014:05:42:31 -0500] "GET /BLA/resoluciones/RESOLUCIONES%202010/4454.pdf HTTP/1.1" 304 -
202.46.58.146 - - [11/Dec/2014:05:42:31 -0500] "GET /prueba/encuestaRMCAB/?C=D;O=A HTTP/1.1" 404 1019
202.46.49.123 - - [11/Dec/2014:05:42:32 -0500] "GET /prueba/encuestaRMCAB/?C=D;O=A HTTP/1.1" 404 1019
181.50.106.237 - - [11/Dec/2014:05:42:33 -0500] "POST /forms/lservlet;jsessionid=ac16012b30d514a36e23ac7240ca892cfcab1bbc7ef6.e3iSbxaKaheRe34Sa3yKbhiTahb0n6jAmljGr5XDqQLvpAe HTTP/1.1" 200 73
181.50.106.237 - - [11/Dec/2014:05:42:34 -0500] "POST /forms/lservlet;jsessionid=ac16012b30d514a36e23ac7240ca892cfcab1bbc7ef6.e3iSbxaKaheRe34Sa3yKbhiTahb0n6jAmljGr5XDqQLvpAe HTTP/1.1" 200 2
181.50.106.237 - - [11/Dec/2014:05:42:34 -0500] "POST /forms/lservlet;jsessionid=ac16012b30d514a36e23ac7240ca892cfcab1bbc7ef6.e3iSbxaKaheRe34Sa3yKbhiTahb0n6jAmljGr5XDqQLvpAe HTTP/1.1" 200 2479
181.50.106.237 - - [11/Dec/2014:05:42:35 -0500] "POST /forms/lservlet;jsessionid=ac16012b30d514a36e23ac7240ca892cfcab1bbc7ef6.e3iSbxaKaheRe34Sa3yKbhiTahb0n6jAmljGr5XDqQLvpAe HTTP/1.1" 200 10
202.46.55.205 - - [11/Dec/2014:05:42:35 -0500] "GET /prueba/encuestaRMCAB/?C=D;O=A HTTP/1.1" 404 1019
181.50.106.237 - - [11/Dec/2014:05:42:36 -0500] "POST /forms/lservlet;jsessionid=ac16012b30d514a36e23ac7240ca892cfcab1bbc7ef6.e3iSbxaKaheRe34Sa3yKbhiTahb0n6jAmljGr5XDqQLvpAe HTTP/1.1" 200 24
202.46.60.142 - - [11/Dec/2014:05:42:37 -0500] "GET /prueba/encuestaRMCAB/?C=D;O=A HTTP/1.1" 404 1019
181.50.106.237 - - [11/Dec/2014:05:42:36 -0500] "POST /forms/lservlet;jsessionid=ac16012b30d514a36e23ac7240ca892cfcab1bbc7ef6.e3iSbxaKaheRe34Sa3yKbhiTahb0n6jAmljGr5XDqQLvpAe HTTP/1.1" 200 3992
181.50.106.237 - - [11/Dec/2014:05:42:37 -0500] "POST /forms/lservlet;jsessionid=ac16012b30d514a36e23ac7240ca892cfcab1bbc7ef6.e3iSbxaKaheRe34Sa3yKbhiTahb0n6jAmljGr5XDqQLvpAe HTTP/1.1" 200 2
181.50.106.237 - - [11/Dec/2014:05:42:43 -0500] "POST /forms/lservlet;jsessionid=ac16012b30d514a36e23ac7240ca892cfcab1bbc7ef6.e3iSbxaKaheRe34Sa3yKbhiTahb0n6jAmljGr5XDqQLvpAe HTTP/1.1" 200 80
186.154.85.200 - - [11/Dec/2014:05:43:01 -0500] "POST /forms/lservlet;jsessionid=ac16012b30d53c4f0fb1f2d541d09871a861ba497d51.e3iSbxaKaheRe34Sa3yKbhiTahb0n6jAmljGr5XDqQLvpAe HTTP/1.1" 200 13
186.154.85.200 - - [11/Dec/2014:05:43:02 -0500] "POST /forms/lservlet;jsessionid=ac16012b30d53c4f0fb1f2d541d09871a861ba497d51.e3iSbxaKaheRe34Sa3yKbhiTahb0n6jAmljGr5XDqQLvpAe HTTP/1.1" 200 13
157.55.39.13 - - [11/Dec/2014:05:43:03 -0500] "GET /bla/resoluciones/resoluciones%202010/6659.pdf HTTP/1.1" 200 375301
186.154.85.200 - - [11/Dec/2014:05:43:03 -0500] "POST /forms/lservlet;jsessionid=ac16012b30d53c4f0fb1f2d541d09871a861ba497d51.e3iSbxaKaheRe34Sa3yKbhiTahb0n6jAmljGr5XDqQLvpAe HTTP/1.1" 200 13
186.154.85.200 - - [11/Dec/2014:05:43:05 -0500] "POST /forms/lservlet;jsessionid=ac16012b30d53c4f0fb1f2d541d09871a861ba497d51.e3iSbxaKaheRe34Sa3yKbhiTahb0n6jAmljGr5XDqQLvpAe HTTP/1.1" 200 13
186.154.85.200 - - [11/Dec/2014:05:43:06 -0500] "POST /forms/lservlet;jsessionid=ac16012b30d53c4f0fb1f2d541d09871a861ba497d51.e3iSbxaKaheRe34Sa3yKbhiTahb0n6jAmljGr5XDqQLvpAe HTTP/1.1" 200 13
186.154.85.200 - - [11/Dec/2014:05:43:07 -0500] "POST /forms/lservlet;jsessionid=ac16012b30d53c4f0fb1f2d541d09871a861ba497d51.e3iSbxaKaheRe34Sa3yKbhiTahb0n6jAmljGr5XDqQLvpAe HTTP/1.1" 200 13
181.50.106.237 - - [11/Dec/2014:05:43:07 -0500] "POST /forms/lservlet;jsessionid=ac16012b30d514a36e23ac7240ca892cfcab1bbc7ef6.e3iSbxaKaheRe34Sa3yKbhiTahb0n6jAmljGr5XDqQLvpAe HTTP/1.1" 200 2
157.55.39.217 - - [11/Dec/2014:05:43:08 -0500] "GET /BLA/resoluciones/RESOLUCIONES%202011/4786.pdf HTTP/1.1" 200 795952
181.50.106.237 - - [11/Dec/2014:05:43:37 -0500] "POST /forms/lservlet;jsessionid=ac16012b30d514a36e23ac7240ca892cfcab1bbc7ef6.e3iSbxaKaheRe34Sa3yKbhiTahb0n6jAmljGr5XDqQLvpAe HTTP/1.1" 200 73
202.46.56.171 - - [11/Dec/2014:05:43:45 -0500] "GET /pot/pot1.htm HTTP/1.1" 404 1019
186.154.85.200 - - [11/Dec/2014:05:43:46 -0500] "GET /forms/frmservlet?config=sia HTTP/1.1" 200 4028
202.46.57.147 - - [11/Dec/2014:05:43:47 -0500] "GET /pot/pot1.htm HTTP/1.1" 404 1019
202.46.56.128 - - [11/Dec/2014:05:43:48 -0500] "GET /pot/pot1.htm HTTP/1.1" 404 1019
202.46.49.42 - - [11/Dec/2014:05:43:50 -0500] "GET /pot/pot1.htm HTTP/1.1" 404 1019
186.154.85.200 - - [11/Dec/2014:05:43:51 -0500] "GET /forms/java/frmall_jinit.jar HTTP/1.1" 304 -
186.154.85.200 - - [11/Dec/2014:05:43:51 -0500] "GET /forms/java/icons.jar HTTP/1.1" 304 -
186.154.85.200 - - [11/Dec/2014:05:43:51 -0500] "GET /forms/java/java/awt/KeyboardFocusManager.class HTTP/1.1" 404 352
186.154.85.200 - - [11/Dec/2014:05:43:51 -0500] "GET /forms/java/java/awt/KeyboardFocusManager.class HTTP/1.1" 404 352
186.154.85.200 - - [11/Dec/2014:05:43:52 -0500] "GET /forms/java/java/awt/event/MouseWheelListener.class HTTP/1.1" 404 356
186.154.85.200 - - [11/Dec/2014:05:43:52 -0500] "GET /forms/java/java/awt/event/MouseWheelListener.class HTTP/1.1" 404 356
186.154.85.200 - - [11/Dec/2014:05:43:52 -0500] "GET /forms/java/oracle/forms/registry/Registry.dat HTTP/1.1" 200 4213
186.154.85.200 - - [11/Dec/2014:05:43:52 -0500] "GET /forms/java/oracle/forms/registry/default.dat HTTP/1.1" 404 350
186.154.85.200 - - [11/Dec/2014:05:43:52 -0500] "GET /forms/frmservlet?config=sia&acceptLanguage=es-CO&ifcmd=startsession HTTP/1.1" 200 119
186.154.85.200 - - [11/Dec/2014:05:43:52 -0500] "GET /forms/lservlet;jsessionid=ac16012b30d5fcbc4d903aa548c0aaa6bba2a943d418.e3iSbxaKaheRe34Sa3yKbhiTahb0n6jAmljGr5XDqQLvpAe?ifcmd=getinfo&ifhost=VIOLETTA&ifip=192.168.0.10 HTTP/1.1" 200 8
186.154.85.200 - - [11/Dec/2014:05:43:52 -0500] "POST /forms/lservlet;jsessionid=ac16012b30d5fcbc4d903aa548c0aaa6bba2a943d418.e3iSbxaKaheRe34Sa3yKbhiTahb0n6jAmljGr5XDqQLvpAe HTTP/1.1" 200 8
186.154.85.200 - - [11/Dec/2014:05:43:52 -0500] "GET /forms/java/oracle/forms/engine/RunformBundle_es_CO.class HTTP/1.1" 404 362
186.154.85.200 - - [11/Dec/2014:05:43:52 -0500] "GET /forms/java/oracle/forms/engine/RunformBundle_es_CO.class HTTP/1.1" 404 362
186.154.85.200 - - [11/Dec/2014:05:43:53 -0500] "GET /forms/java/oracle/forms/engine/RunformBundle_es_CO.properties HTTP/1.1" 404 367
186.154.85.200 - - [11/Dec/2014:05:43:53 -0500] "POST /forms/lservlet;jsessionid=ac16012b30d5fcbc4d903aa548c0aaa6bba2a943d418.e3iSbxaKaheRe34Sa3yKbhiTahb0n6jAmljGr5XDqQLvpAe HTTP/1.1" 200 64000
186.154.85.200 - - [11/Dec/2014:05:43:54 -0500] "POST /forms/lservlet;jsessionid=ac16012b30d5fcbc4d903aa548c0aaa6bba2a943d418.e3iSbxaKaheRe34Sa3yKbhiTahb0n6jAmljGr5XDqQLvpAe HTTP/1.1" 200 64000
186.154.85.200 - - [11/Dec/2014:05:43:54 -0500] "HEAD /imagenes/dama_logo.gif HTTP/1.1" 200 -
186.154.85.200 - - [11/Dec/2014:05:43:55 -0500] "GET /imagenes/dama_logo.gif HTTP/1.1" 200 21482
186.154.85.200 - - [11/Dec/2014:05:43:55 -0500] "POST /forms/lservlet;jsessionid=ac16012b30d5fcbc4d903aa548c0aaa6bba2a943d418.e3iSbxaKaheRe34Sa3yKbhiTahb0n6jAmljGr5XDqQLvpAe HTTP/1.1" 200 63623
186.154.85.200 - - [11/Dec/2014:05:43:56 -0500] "POST /forms/lservlet;jsessionid=ac16012b30d5fcbc4d903aa548c0aaa6bba2a943d418.e3iSbxaKaheRe34Sa3yKbhiTahb0n6jAmljGr5XDqQLvpAe HTTP/1.1" 200 2
186.154.85.200 - - [11/Dec/2014:05:43:56 -0500] "POST /forms/lservlet;jsessionid=ac16012b30d5fcbc4d903aa548c0aaa6bba2a943d418.e3iSbxaKaheRe34Sa3yKbhiTahb0n6jAmljGr5XDqQLvpAe HTTP/1.1" 200 2
157.55.39.217 - - [11/Dec/2014:05:44:05 -0500] "GET /BLA/resoluciones/RESOLUCIONES%202010/0671.pdf HTTP/1.1" 200 481743
186.154.85.200 - - [11/Dec/2014:05:44:07 -0500] "POST /forms/lservlet;jsessionid=ac16012b30d5fcbc4d903aa548c0aaa6bba2a943d418.e3iSbxaKaheRe34Sa3yKbhiTahb0n6jAmljGr5XDqQLvpAe HTTP/1.1" 200 14
186.154.85.200 - - [11/Dec/2014:05:44:09 -0500] "POST /forms/lservlet;jsessionid=ac16012b30d5fcbc4d903aa548c0aaa6bba2a943d418.e3iSbxaKaheRe34Sa3yKbhiTahb0n6jAmljGr5XDqQLvpAe HTTP/1.1" 200 14
186.154.85.200 - - [11/Dec/2014:05:44:10 -0500] "POST /forms/lservlet;jsessionid=ac16012b30d5fcbc4d903aa548c0aaa6bba2a943d418.e3iSbxaKaheRe34Sa3yKbhiTahb0n6jAmljGr5XDqQLvpAe HTTP/1.1" 200 14
66.249.67.107 - - [11/Dec/2014:05:44:11 -0500] "GET /BLA/resoluciones/RESOLUCIONES%202007/RES%202007%201101%20AL%201200/RESOLUCION%201154%20DE%202007.pdf HTTP/1.1" 304 -
66.249.67.115 - - [11/Dec/2014:05:44:12 -0500] "GET /BLA/resoluciones/index.php?dir=RESOLUCIONES%202004/RES%202004%202201-2250/&sort=size&order=asc HTTP/1.1" 200 12358
186.154.85.200 - - [11/Dec/2014:05:44:11 -0500] "POST /forms/lservlet;jsessionid=ac16012b30d5fcbc4d903aa548c0aaa6bba2a943d418.e3iSbxaKaheRe34Sa3yKbhiTahb0n6jAmljGr5XDqQLvpAe HTTP/1.1" 200 14
186.154.85.200 - - [11/Dec/2014:05:44:13 -0500] "POST /forms/lservlet;jsessionid=ac16012b30d5fcbc4d903aa548c0aaa6bba2a943d418.e3iSbxaKaheRe34Sa3yKbhiTahb0n6jAmljGr5XDqQLvpAe HTTP/1.1" 200 15
186.154.85.200 - - [11/Dec/2014:05:44:16 -0500] "POST /forms/lservlet;jsessionid=ac16012b30d5fcbc4d903aa548c0aaa6bba2a943d418.e3iSbxaKaheRe34Sa3yKbhiTahb0n6jAmljGr5XDqQLvpAe HTTP/1.1" 200 15
186.154.85.200 - - [11/Dec/2014:05:44:20 -0500] "POST /forms/lservlet;jsessionid=ac16012b30d5fcbc4d903aa548c0aaa6bba2a943d418.e3iSbxaKaheRe34Sa3yKbhiTahb0n6jAmljGr5XDqQLvpAe HTTP/1.1" 200 215
181.50.106.237 - - [11/Dec/2014:05:44:21 -0500] "POST /forms/lservlet;jsessionid=ac16012b30d514a36e23ac7240ca892cfcab1bbc7ef6.e3iSbxaKaheRe34Sa3yKbhiTahb0n6jAmljGr5XDqQLvpAe HTTP/1.1" 200 2
190.24.131.231 - - [11/Dec/2014:05:44:21 -0500] "GET /BLA/boletinlegal/js/jquery.js HTTP/1.1" 200 57254
190.24.131.231 - - [11/Dec/2014:05:44:21 -0500] "GET /BLA/boletinlegal/js/jquery.scrollShow.js HTTP/1.1" 200 4586
190.24.131.231 - - [11/Dec/2014:05:44:21 -0500] "GET /BLA/boletinlegal/js/jquery.scrollTo-min.js HTTP/1.1" 200 1150
197.220.255.210 - - [11/Dec/2014:05:44:23 -0500] "GET /blog/wp-admin/ HTTP/1.1" 404 1018
66.249.67.115 - - [11/Dec/2014:05:44:48 -0500] "GET /BLA/resoluciones/AUTOS%202012/2035.pdf HTTP/1.1" 304 -
157.55.39.217 - - [11/Dec/2014:05:45:00 -0500] "GET /BLA/resoluciones/RESOLUCIONES%202012/1899.pdf HTTP/1.1" 200 2367437
181.50.106.237 - - [11/Dec/2014:05:45:16 -0500] "POST /forms/lservlet;jsessionid=ac16012b30d514a36e23ac7240ca892cfcab1bbc7ef6.e3iSbxaKaheRe34Sa3yKbhiTahb0n6jAmljGr5XDqQLvpAe HTTP/1.1" 200 2
186.154.85.200 - - [11/Dec/2014:05:45:31 -0500] "POST /forms/lservlet;jsessionid=ac16012b30d5fcbc4d903aa548c0aaa6bba2a943d418.e3iSbxaKaheRe34Sa3yKbhiTahb0n6jAmljGr5XDqQLvpAe HTTP/1.1" 200 41
181.50.106.237 - - [11/Dec/2014:05:45:33 -0500] "POST /forms/lservlet;jsessionid=ac16012b30d514a36e23ac7240ca892cfcab1bbc7ef6.e3iSbxaKaheRe34Sa3yKbhiTahb0n6jAmljGr5XDqQLvpAe HTTP/1.1" 200 2
188.165.15.55 - - [11/Dec/2014:05:45:40 -0500] "GET /BLA/resoluciones/index.php?dir=RESOLUCIONES%202006/RES%202006%201751-1800/&sort=date&order=desc HTTP/1.1" 200 12367
186.154.85.200 - - [11/Dec/2014:05:45:43 -0500] "POST /forms/lservlet;jsessionid=ac16012b30d5fcbc4d903aa548c0aaa6bba2a943d418.e3iSbxaKaheRe34Sa3yKbhiTahb0n6jAmljGr5XDqQLvpAe HTTP/1.1" 200 7904
186.154.85.200 - - [11/Dec/2014:05:45:44 -0500] "POST /forms/lservlet;jsessionid=ac16012b30d5fcbc4d903aa548c0aaa6bba2a943d418.e3iSbxaKaheRe34Sa3yKbhiTahb0n6jAmljGr5XDqQLvpAe HTTP/1.1" 200 64
186.154.85.200 - - [11/Dec/2014:05:45:44 -0500] "POST /forms/lservlet;jsessionid=ac16012b30d5fcbc4d903aa548c0aaa6bba2a943d418.e3iSbxaKaheRe34Sa3yKbhiTahb0n6jAmljGr5XDqQLvpAe HTTP/1.1" 200 2
186.154.85.200 - - [11/Dec/2014:05:45:44 -0500] "POST /forms/lservlet;jsessionid=ac16012b30d5fcbc4d903aa548c0aaa6bba2a943d418.e3iSbxaKaheRe34Sa3yKbhiTahb0n6jAmljGr5XDqQLvpAe HTTP/1.1" 200 2
186.154.85.200 - - [11/Dec/2014:05:45:44 -0500] "POST /forms/lservlet;jsessionid=ac16012b30d5fcbc4d903aa548c0aaa6bba2a943d418.e3iSbxaKaheRe34Sa3yKbhiTahb0n6jAmljGr5XDqQLvpAe HTTP/1.1" 200 2
157.55.39.217 - - [11/Dec/2014:05:45:47 -0500] "GET /bla/resoluciones/resoluciones%202009/8468.pdf HTTP/1.1" 200 115956
186.154.85.200 - - [11/Dec/2014:05:45:52 -0500] "POST /forms/lservlet;jsessionid=ac16012b30d5fcbc4d903aa548c0aaa6bba2a943d418.e3iSbxaKaheRe34Sa3yKbhiTahb0n6jAmljGr5XDqQLvpAe HTTP/1.1" 200 34713
