180.76.6.157 - - [11/Dec/2014:02:11:54 -0500] "GET /BLA/resoluciones/RESOLUCIONES%202010/0107.pdf HTTP/1.1" 200 509462
186.154.85.200 - - [11/Dec/2014:02:11:59 -0500] "POST /forms/lservlet;jsessionid=ac16012b30d53c4f0fb1f2d541d09871a861ba497d51.e3iSbxaKaheRe34Sa3yKbhiTahb0n6jAmljGr5XDqQLvpAe HTTP/1.1" 200 2
188.165.15.44 - - [11/Dec/2014:02:12:00 -0500] "GET /BLA/resoluciones/RESOLUCIONES%202006/RES%202006%201801-1850/00001824.tif HTTP/1.1" 200 336364
188.165.15.44 - - [11/Dec/2014:02:12:10 -0500] "GET /BLA/resoluciones/RESOLUCIONES%202005/RES%202005%20401-450/00000402.tif HTTP/1.1" 200 333896
190.24.129.149 - - [11/Dec/2014:02:12:24 -0500] "GET /galeria/nivo-slider/demo/images/Banner-Ecourbanismo.jpg HTTP/1.1" 304 -
157.55.39.113 - - [11/Dec/2014:02:12:38 -0500] "GET /BLA/resoluciones/RESOLUCIONES%202010/2072.pdf HTTP/1.1" 200 196369
190.24.72.223 - - [11/Dec/2014:02:13:00 -0500] "GET /BLA/resoluciones/RESOLUCIONES%202007/RES%202007%20701%20AL%20800/RESOLUCION%200753%20DE%202007.pdf HTTP/1.1" 200 199884
190.24.72.223 - - [11/Dec/2014:02:13:00 -0500] "GET /favicon.ico HTTP/1.1" 200 7782
190.24.72.223 - - [11/Dec/2014:02:13:01 -0500] "GET /BLA/resoluciones/RESOLUCIONES%202007/RES%202007%20701%20AL%20800/RESOLUCION%200753%20DE%202007.pdf HTTP/1.1" 206 65536
190.24.72.223 - - [11/Dec/2014:02:13:04 -0500] "GET /BLA/resoluciones/RESOLUCIONES%202007/RES%202007%20701%20AL%20800/RESOLUCION%200753%20DE%202007.pdf HTTP/1.1" 206 3276
190.24.72.223 - - [11/Dec/2014:02:13:05 -0500] "GET /BLA/resoluciones/RESOLUCIONES%202007/RES%202007%20701%20AL%20800/RESOLUCION%200753%20DE%202007.pdf HTTP/1.1" 206 65536
190.24.72.223 - - [11/Dec/2014:02:13:07 -0500] "GET /BLA/resoluciones/RESOLUCIONES%202007/RES%202007%20701%20AL%20800/RESOLUCION%200753%20DE%202007.pdf HTTP/1.1" 206 65536
157.55.39.13 - - [11/Dec/2014:02:13:19 -0500] "GET /BLA/resoluciones/RESOLUCIONES%202010/0979.pdf HTTP/1.1" 200 122250
66.249.67.99 - - [11/Dec/2014:02:13:19 -0500] "GET /BLA/resoluciones/AUTOS%202008/0003.pdf HTTP/1.1" 200 84397
186.154.85.200 - - [11/Dec/2014:02:13:59 -0500] "POST /forms/lservlet;jsessionid=ac16012b30d53c4f0fb1f2d541d09871a861ba497d51.e3iSbxaKaheRe34Sa3yKbhiTahb0n6jAmljGr5XDqQLvpAe HTTP/1.1" 200 2
74.86.158.107 - - [11/Dec/2014:02:14:01 -0500] "HEAD / HTTP/1.1" 302 -
157.55.39.217 - - [11/Dec/2014:02:14:20 -0500] "GET /BLA/resoluciones/RESOLUCIONES%202009/1509.pdf HTTP/1.1" 200 480704
157.55.39.240 - - [11/Dec/2014:02:14:44 -0500] "GET /BLA/resoluciones/AUTOS%202011/3681.pdf HTTP/1.1" 200 374642
66.249.67.115 - - [11/Dec/2014:02:14:56 -0500] "GET /BLA/resoluciones/AUTOS%202008/0272.pdf HTTP/1.1" 200 195760
157.55.39.240 - - [11/Dec/2014:02:14:59 -0500] "GET /BLA/resoluciones/AUTOS%202011/6190.pdf HTTP/1.1" 200 896549
157.55.39.217 - - [11/Dec/2014:02:15:56 -0500] "GET /bla/resoluciones/RESOLUCIONES%202011/0329.pdf HTTP/1.1" 200 66927
186.154.85.200 - - [11/Dec/2014:02:15:59 -0500] "POST /forms/lservlet;jsessionid=ac16012b30d53c4f0fb1f2d541d09871a861ba497d51.e3iSbxaKaheRe34Sa3yKbhiTahb0n6jAmljGr5XDqQLvpAe HTTP/1.1" 200 2
157.55.39.240 - - [11/Dec/2014:02:16:06 -0500] "GET /bla/resoluciones/resoluciones%202009/0182.pdf HTTP/1.1" 200 269022
157.55.39.217 - - [11/Dec/2014:02:16:09 -0500] "GET /BLA/resoluciones/RESOLUCIONES%202010/1754.pdf HTTP/1.1" 200 734126
220.181.108.81 - - [11/Dec/2014:02:16:16 -0500] "GET /porla/porla1.htm HTTP/1.1" 404 1019
66.249.67.99 - - [11/Dec/2014:02:16:33 -0500] "GET /BLA/resoluciones/RESOLUCIONES%202010/1984.pdf HTTP/1.1" 200 339452
157.55.39.113 - - [11/Dec/2014:02:17:22 -0500] "GET /BLA/resoluciones/AUTOS%202009/2601.pdf HTTP/1.1" 200 91426
188.165.15.187 - - [11/Dec/2014:02:17:24 -0500] "GET /BLA/resoluciones/RESOLUCIONES%202003/RES%202003%201101-1150/1116.tif HTTP/1.1" 200 164944
157.55.39.217 - - [11/Dec/2014:02:17:58 -0500] "GET /BLA/resoluciones/RESOLUCIONES%202010/0976.pdf HTTP/1.1" 200 100828
186.154.85.200 - - [11/Dec/2014:02:17:59 -0500] "POST /forms/lservlet;jsessionid=ac16012b30d53c4f0fb1f2d541d09871a861ba497d51.e3iSbxaKaheRe34Sa3yKbhiTahb0n6jAmljGr5XDqQLvpAe HTTP/1.1" 200 2
66.249.67.99 - - [11/Dec/2014:02:18:10 -0500] "GET /BLA/resoluciones/AUTOS%202007/3013.pdf HTTP/1.1" 200 232614
66.249.67.99 - - [11/Dec/2014:02:18:11 -0500] "GET /BLA/resoluciones/RESOLUCIONES%202009/0080.pdf HTTP/1.1" 200 163848
188.165.15.55 - - [11/Dec/2014:02:18:31 -0500] "GET /BLA/resoluciones/RESOLUCIONES%202002/RES%202002%20101-150/2002RES142.tif HTTP/1.1" 200 41528
157.55.39.217 - - [11/Dec/2014:02:18:50 -0500] "GET /bla/resoluciones/RESOLUCIONES%202011/2424.pdf HTTP/1.1" 200 510851
157.55.39.12 - - [11/Dec/2014:02:18:55 -0500] "GET /BLA/resoluciones/AUTOS%202010/5423.pdf HTTP/1.1" 200 437894
74.86.158.107 - - [11/Dec/2014:02:19:01 -0500] "HEAD / HTTP/1.1" 302 -
66.249.67.115 - - [11/Dec/2014:02:19:47 -0500] "GET /BLA/resoluciones/RESOLUCIONES%202010/4618.pdf HTTP/1.1" 200 422405
186.154.85.200 - - [11/Dec/2014:02:19:59 -0500] "POST /forms/lservlet;jsessionid=ac16012b30d53c4f0fb1f2d541d09871a861ba497d51.e3iSbxaKaheRe34Sa3yKbhiTahb0n6jAmljGr5XDqQLvpAe HTTP/1.1" 200 2
66.249.67.115 - - [11/Dec/2014:02:20:44 -0500] "GET /BLA/resoluciones/RESOLUCIONES%202006/RES%202006%20101-150/00000102.tif HTTP/1.1" 200 167872
157.55.39.217 - - [11/Dec/2014:02:21:09 -0500] "GET /BLA/resoluciones/AUTOS%202011/4701.pdf HTTP/1.1" 200 647171
66.249.67.115 - - [11/Dec/2014:02:21:24 -0500] "GET /autoliquidacion/index.php?dir=Solicitudes%20relacionadas%20con%20calidad%20del%20aire%20auditiva%20y%20visual/Evaluaci%F3n%20certificado%20de%20Intensidad%20Auditiva/&sort=size&order=asc HTTP/1.1" 200 3407
157.55.39.13 - - [11/Dec/2014:02:21:35 -0500] "GET /BLA/resoluciones/AUTOS%202012/0721.pdf HTTP/1.1" 200 151712
186.154.85.200 - - [11/Dec/2014:02:21:59 -0500] "POST /forms/lservlet;jsessionid=ac16012b30d53c4f0fb1f2d541d09871a861ba497d51.e3iSbxaKaheRe34Sa3yKbhiTahb0n6jAmljGr5XDqQLvpAe HTTP/1.1" 200 2
66.249.67.107 - - [11/Dec/2014:02:23:01 -0500] "GET /BLA/resoluciones/AUTOS%202008/0931.pdf HTTP/1.1" 200 78470
180.76.6.40 - - [11/Dec/2014:02:23:49 -0500] "GET /BLA/resoluciones/RESOLUCIONES%202010/2243.pdf HTTP/1.1" 200 492391
157.55.39.113 - - [11/Dec/2014:02:23:56 -0500] "GET /bla/resoluciones/resoluciones%202010/5566.pdf HTTP/1.1" 200 505359
157.55.39.113 - - [11/Dec/2014:02:23:56 -0500] "GET /BLA/resoluciones/RESOLUCIONES%202012/0937.pdf HTTP/1.1" 200 496303
186.154.85.200 - - [11/Dec/2014:02:23:59 -0500] "POST /forms/lservlet;jsessionid=ac16012b30d53c4f0fb1f2d541d09871a861ba497d51.e3iSbxaKaheRe34Sa3yKbhiTahb0n6jAmljGr5XDqQLvpAe HTTP/1.1" 200 2
157.55.39.217 - - [11/Dec/2014:02:24:01 -0500] "GET /BLA/resoluciones/RESOLUCIONES%202011/0752.pdf HTTP/1.1" 200 397252
74.86.158.107 - - [11/Dec/2014:02:24:01 -0500] "HEAD / HTTP/1.1" 302 -
157.55.39.13 - - [11/Dec/2014:02:24:05 -0500] "GET /BLA/resoluciones/RESOLUCIONES%202012/1896.pdf HTTP/1.1" 200 406874
157.55.39.240 - - [11/Dec/2014:02:24:10 -0500] "GET /BLA/resoluciones/AUTOS%202010/1378.pdf HTTP/1.1" 200 248952
157.55.39.113 - - [11/Dec/2014:02:24:21 -0500] "GET /BLA/resoluciones/RESOLUCIONES%202010/0131.pdf HTTP/1.1" 200 384949
66.249.67.99 - - [11/Dec/2014:02:24:37 -0500] "GET /BLA/resoluciones/RESOLUCIONES%202010/6580.pdf HTTP/1.1" 200 605609
66.249.67.99 - - [11/Dec/2014:02:24:42 -0500] "GET /BLA/resoluciones/RESOLUCIONES%202009/0584.pdf HTTP/1.1" 200 334633
180.76.6.157 - - [11/Dec/2014:02:24:49 -0500] "GET /BLA/resoluciones/RESOLUCIONES%202010/1074.pdf HTTP/1.1" 200 104466
157.55.39.113 - - [11/Dec/2014:02:24:51 -0500] "GET /BLA/resoluciones/RESOLUCIONES%202010/2360.pdf HTTP/1.1" 200 466068
66.249.67.107 - - [11/Dec/2014:02:25:16 -0500] "GET /BLA/resoluciones/RESOLUCIONES%202012/1148.pdf HTTP/1.1" 200 300451
186.154.85.200 - - [11/Dec/2014:02:25:59 -0500] "POST /forms/lservlet;jsessionid=ac16012b30d53c4f0fb1f2d541d09871a861ba497d51.e3iSbxaKaheRe34Sa3yKbhiTahb0n6jAmljGr5XDqQLvpAe HTTP/1.1" 200 2
66.249.67.99 - - [11/Dec/2014:02:26:14 -0500] "GET /BLA/resoluciones/RESOLUCIONES%202010/0271.pdf HTTP/1.1" 200 119194
66.249.67.99 - - [11/Dec/2014:02:26:19 -0500] "GET /BLA/resoluciones/RESOLUCIONES%202009/5071.pdf HTTP/1.1" 200 485099
66.249.67.135 - - [11/Dec/2014:02:26:31 -0500] "GET /galeria/carrusel/Carrusel/jquery.thumbnailScroller.css HTTP/1.1" 200 2066
157.55.39.113 - - [11/Dec/2014:02:26:36 -0500] "GET /BLA/resoluciones/RESOLUCIONES%202011/0854.pdf HTTP/1.1" 200 363020
186.115.84.117 - - [11/Dec/2014:02:26:45 -0500] "GET /BLA/boletinlegal/js/jquery.js HTTP/1.1" 200 57254
186.115.84.117 - - [11/Dec/2014:02:26:45 -0500] "GET /BLA/boletinlegal/js/jquery.scrollTo-min.js HTTP/1.1" 200 1150
186.115.84.117 - - [11/Dec/2014:02:26:45 -0500] "GET /BLA/boletinlegal/js/jquery.scrollShow.js HTTP/1.1" 200 4586
157.55.39.240 - - [11/Dec/2014:02:27:09 -0500] "GET /BLA/resoluciones/RESOLUCIONES%202012/1817.pdf HTTP/1.1" 200 419174
188.165.15.15 - - [11/Dec/2014:02:27:14 -0500] "GET /BLA/resoluciones/RESOLUCIONES%202006/RES%202006%201001-1050/00001036.tif HTTP/1.1" 200 112724
157.55.39.113 - - [11/Dec/2014:02:27:22 -0500] "GET /BLA/resoluciones/RESOLUCIONES%202011/1223.pdf HTTP/1.1" 200 511147
66.249.67.135 - - [11/Dec/2014:02:27:24 -0500] "GET /Anexos%20estudio%20Organizacional%20SDA/ANEXO%20No.%201-%20NORMAS%20LEGALES%20DE%20ESTRUCTURA%20Y%20PLANTA/Decreto%20distrital%20110%20de%202009%20-%20modifica%20planta%20de%20empleos%20SDA.jsp_files/ladc.css HTTP/1.1" 200 5119
66.249.67.119 - - [11/Dec/2014:02:27:24 -0500] "GET /Anexos%20estudio%20Organizacional%20SDA/ANEXO%20No.%201-%20NORMAS%20LEGALES%20DE%20ESTRUCTURA%20Y%20PLANTA/Decreto%20distrital%20110%20de%202009%20-%20modifica%20planta%20de%20empleos%20SDA.jsp_files/screen.css HTTP/1.1" 200 2444
66.249.67.115 - - [11/Dec/2014:02:27:51 -0500] "GET /BLA/resoluciones/RESOLUCIONES%202010/1865.pdf HTTP/1.1" 200 277845
157.55.39.217 - - [11/Dec/2014:02:27:52 -0500] "GET /bla/resoluciones/resoluciones%202009/6864.pdf HTTP/1.1" 200 333570
66.249.67.127 - - [11/Dec/2014:02:27:52 -0500] "GET /Autoliquidacion/dlf/styles.css HTTP/1.1" 200 3045
186.154.85.200 - - [11/Dec/2014:02:28:00 -0500] "POST /forms/lservlet;jsessionid=ac16012b30d53c4f0fb1f2d541d09871a861ba497d51.e3iSbxaKaheRe34Sa3yKbhiTahb0n6jAmljGr5XDqQLvpAe HTTP/1.1" 200 2
66.249.67.135 - - [11/Dec/2014:02:28:04 -0500] "GET /portalsiaccapacitaciones/Soportes%20Capacitaciones%20A%C3%B1o%202013/0042.%20Presentaci%C3%B3n%20Superficies%20vegetadas%20%2019-09-2013.pdf HTTP/1.1" 200 27421667
157.55.39.217 - - [11/Dec/2014:02:28:22 -0500] "GET /bla/resoluciones/resoluciones%202010/1728.pdf HTTP/1.1" 200 440278
157.55.39.241 - - [11/Dec/2014:02:28:32 -0500] "-" 408 -
74.86.158.107 - - [11/Dec/2014:02:29:01 -0500] "HEAD / HTTP/1.1" 302 -
157.55.39.240 - - [11/Dec/2014:02:29:02 -0500] "GET /BLA/resoluciones/Resoluciones%202011/0954.pdf HTTP/1.1" 200 73837
157.55.39.13 - - [11/Dec/2014:02:29:06 -0500] "GET /BLA/resoluciones/RESOLUCIONES%202010/2565.pdf HTTP/1.1" 200 503787
186.154.85.200 - - [11/Dec/2014:02:30:00 -0500] "POST /forms/lservlet;jsessionid=ac16012b30d53c4f0fb1f2d541d09871a861ba497d51.e3iSbxaKaheRe34Sa3yKbhiTahb0n6jAmljGr5XDqQLvpAe HTTP/1.1" 200 2
157.55.39.241 - - [11/Dec/2014:02:30:38 -0500] "GET /BLA/resoluciones/Resoluciones%202011/0991.pdf HTTP/1.1" 200 87483
66.249.67.107 - - [11/Dec/2014:02:31:14 -0500] "GET /BLA/resoluciones/AUTOS%202007/2926.pdf HTTP/1.1" 200 438311
157.55.39.113 - - [11/Dec/2014:02:31:17 -0500] "GET /bla/resoluciones/resoluciones%202010/0960.pdf HTTP/1.1" 200 433387
66.249.67.107 - - [11/Dec/2014:02:31:18 -0500] "GET /BLA/resoluciones/RESOLUCIONES%202009/5748.pdf HTTP/1.1" 200 509847
157.55.39.13 - - [11/Dec/2014:02:31:22 -0500] "GET /BLA/resoluciones/AUTOS%202009/1292.pdf HTTP/1.1" 200 347907
66.249.67.99 - - [11/Dec/2014:02:31:22 -0500] "GET /BLA/resoluciones/RESOLUCIONES%202011/5903.pdf HTTP/1.1" 200 488479
66.249.67.107 - - [11/Dec/2014:02:31:26 -0500] "GET /BLA/resoluciones/RESOLUCIONES%202009/0149.pdf HTTP/1.1" 200 35186
157.55.39.113 - - [11/Dec/2014:02:31:32 -0500] "GET /bla/resoluciones/RESOLUCIONES%202011/1512.pdf HTTP/1.1" 200 77625
66.249.67.119 - - [11/Dec/2014:02:31:34 -0500] "-" 408 -
66.249.67.99 - - [11/Dec/2014:02:31:40 -0500] "GET /BLA/resoluciones/Notificaciones/AUTOS%202014/2133.doc HTTP/1.1" 200 229888
181.50.82.153 - - [11/Dec/2014:02:31:58 -0500] "GET /BLA/boletinlegal/js/jquery.scrollTo-min.js HTTP/1.1" 200 1150
181.50.82.153 - - [11/Dec/2014:02:31:58 -0500] "GET /BLA/boletinlegal/js/jquery.scrollShow.js HTTP/1.1" 200 4586
181.50.82.153 - - [11/Dec/2014:02:31:58 -0500] "GET /BLA/boletinlegal/js/jquery.js HTTP/1.1" 200 57254
186.154.85.200 - - [11/Dec/2014:02:32:00 -0500] "POST /forms/lservlet;jsessionid=ac16012b30d53c4f0fb1f2d541d09871a861ba497d51.e3iSbxaKaheRe34Sa3yKbhiTahb0n6jAmljGr5XDqQLvpAe HTTP/1.1" 200 2
157.55.39.13 - - [11/Dec/2014:02:32:28 -0500] "GET /BLA/resoluciones/Resoluciones%202011/0384.pdf HTTP/1.1" 200 83425
66.249.67.107 - - [11/Dec/2014:02:32:42 -0500] "GET /BLA/resoluciones/RESOLUCIONES%202010/0772.pdf HTTP/1.1" 200 101534
66.249.67.99 - - [11/Dec/2014:02:32:44 -0500] "GET /BLA/resoluciones/RESOLUCIONES%202009/4086.pdf HTTP/1.1" 200 895524
157.55.39.113 - - [11/Dec/2014:02:33:07 -0500] "GET /BLA/resoluciones/RESOLUCIONES%202009/9514.pdf HTTP/1.1" 200 679874
180.76.6.62 - - [11/Dec/2014:02:33:36 -0500] "GET /Autoliquidacion/index.php?dir=Fauna+Silvestre%2F HTTP/1.1" 200 3499
66.249.67.127 - - [11/Dec/2014:02:33:43 -0500] "GET /BLA/boletinlegal/Circulares/2014/Circular%2008%20de%20Mayo%20de%202014.pdf HTTP/1.1" 304 -
188.165.15.132 - - [11/Dec/2014:02:33:49 -0500] "GET /BLA/resoluciones/RESOLUCIONES%202002/RES%202002%20701-750/00000742.tif HTTP/1.1" 200 101418
157.55.39.217 - - [11/Dec/2014:02:33:55 -0500] "GET /BLA/resoluciones/AUTOS%202011/1232.pdf HTTP/1.1" 200 143761
157.55.39.113 - - [11/Dec/2014:02:33:59 -0500] "GET /BLA/resoluciones/RESOLUCIONES%202011/1932.pdf HTTP/1.1" 200 159173
186.154.85.200 - - [11/Dec/2014:02:34:00 -0500] "POST /forms/lservlet;jsessionid=ac16012b30d53c4f0fb1f2d541d09871a861ba497d51.e3iSbxaKaheRe34Sa3yKbhiTahb0n6jAmljGr5XDqQLvpAe HTTP/1.1" 200 2
74.86.158.107 - - [11/Dec/2014:02:34:01 -0500] "HEAD / HTTP/1.1" 302 -
157.55.39.240 - - [11/Dec/2014:02:34:06 -0500] "GET /BLA/resoluciones/AUTOS%202012/0130.pdf HTTP/1.1" 200 254126
66.249.67.119 - - [11/Dec/2014:02:34:13 -0500] "-" 408 -
66.249.67.115 - - [11/Dec/2014:02:34:19 -0500] "GET /BLA/resoluciones/RESOLUCIONES%202013/0210.pdf HTTP/1.1" 200 595666
100.43.85.25 - - [11/Dec/2014:02:34:27 -0500] "GET /StormSDA/userFiles/?C=D;O=A HTTP/1.1" 200 6087
180.76.6.233 - - [11/Dec/2014:02:34:37 -0500] "GET /BLA/resoluciones/RESOLUCIONES%202010/0018.pdf HTTP/1.1" 200 408177
188.165.15.55 - - [11/Dec/2014:02:35:06 -0500] "GET /BLA/resoluciones/index.php?dir=RESOLUCIONES%202005/RES%202005%20401-450/&sort=size&order=desc HTTP/1.1" 200 12253
66.249.67.115 - - [11/Dec/2014:02:35:55 -0500] "GET /BLA/resoluciones/RESOLUCIONES%202008/3326.pdf HTTP/1.1" 200 215530
186.154.85.200 - - [11/Dec/2014:02:36:00 -0500] "POST /forms/lservlet;jsessionid=ac16012b30d53c4f0fb1f2d541d09871a861ba497d51.e3iSbxaKaheRe34Sa3yKbhiTahb0n6jAmljGr5XDqQLvpAe HTTP/1.1" 200 2
157.55.39.240 - - [11/Dec/2014:02:36:05 -0500] "GET /BLA/resoluciones/RESOLUCIONES%202008/0968.pdf HTTP/1.1" 200 515746
66.249.67.99 - - [11/Dec/2014:02:36:25 -0500] "GET /BLA/resoluciones/RESOLUCIONES%202009/1584.pdf HTTP/1.1" 200 522515
66.249.67.107 - - [11/Dec/2014:02:36:46 -0500] "GET /BLA/resoluciones/RESOLUCIONES%202010/5689.pdf HTTP/1.1" 200 248802
157.55.39.113 - - [11/Dec/2014:02:36:53 -0500] "GET /BLA/resoluciones/AUTOS%202011/4231.pdf HTTP/1.1" 200 248419
157.55.39.113 - - [11/Dec/2014:02:37:13 -0500] "GET /bla/resoluciones/resoluciones%202010/2475.pdf HTTP/1.1" 200 493114
66.249.67.115 - - [11/Dec/2014:02:37:19 -0500] "GET /BLA/resoluciones/RESOLUCIONES%202009/3822.pdf HTTP/1.1" 200 385280
66.249.67.99 - - [11/Dec/2014:02:37:32 -0500] "GET /BLA/resoluciones/RESOLUCIONES%202010/6309.pdf HTTP/1.1" 200 2446306
157.55.39.218 - - [11/Dec/2014:02:37:33 -0500] "GET /BLA/resoluciones/RESOLUCIONES%202009/1585.pdf HTTP/1.1" 200 595609
186.154.85.200 - - [11/Dec/2014:02:38:00 -0500] "POST /forms/lservlet;jsessionid=ac16012b30d53c4f0fb1f2d541d09871a861ba497d51.e3iSbxaKaheRe34Sa3yKbhiTahb0n6jAmljGr5XDqQLvpAe HTTP/1.1" 200 2
66.249.67.99 - - [11/Dec/2014:02:38:32 -0500] "GET /BLA/resoluciones/RESOLUCIONES%202007/RES%202007%201901%20AL%202000/ HTTP/1.1" 200 24790
157.55.39.12 - - [11/Dec/2014:02:38:45 -0500] "GET /bla/resoluciones/resoluciones%202010/1199.pdf HTTP/1.1" 200 103936
74.86.158.107 - - [11/Dec/2014:02:39:01 -0500] "HEAD / HTTP/1.1" 302 -
161.10.156.247 - - [11/Dec/2014:02:39:03 -0500] "GET /BLA/boletinlegal/js/jquery.scrollShow.js HTTP/1.1" 200 4586
161.10.156.247 - - [11/Dec/2014:02:39:03 -0500] "GET /BLA/boletinlegal/js/jquery.scrollTo-min.js HTTP/1.1" 200 1150
161.10.156.247 - - [11/Dec/2014:02:39:04 -0500] "GET /BLA/boletinlegal/js/jquery.js HTTP/1.1" 200 57254
66.249.67.99 - - [11/Dec/2014:02:39:09 -0500] "GET /BLA/resoluciones/RESOLUCIONES%202010/0208.pdf HTTP/1.1" 200 512089
66.249.67.115 - - [11/Dec/2014:02:39:10 -0500] "GET /BLA/resoluciones/RESOLUCIONES%202009/7859.pdf HTTP/1.1" 200 409544
66.249.67.127 - - [11/Dec/2014:02:39:15 -0500] "GET /ecodirectorio/files/framework.swf HTTP/1.1" 200 567295
66.249.67.99 - - [11/Dec/2014:02:39:23 -0500] "GET /BLA/resoluciones/RESOLUCIONES%202002/RES%202002%20651-700/00000686.tif HTTP/1.1" 200 195976
186.113.61.155 - - [11/Dec/2014:02:39:49 -0500] "GET /BLA/resoluciones/AUTOS%202012/1842.pdf HTTP/1.1" 200 643788
186.113.61.155 - - [11/Dec/2014:02:39:49 -0500] "GET /BLA/resoluciones/AUTOS%202012/1842.pdf HTTP/1.1" 206 32768
186.113.61.155 - - [11/Dec/2014:02:39:50 -0500] "GET /BLA/resoluciones/AUTOS%202012/1842.pdf HTTP/1.1" 206 611020
186.113.61.155 - - [11/Dec/2014:02:39:51 -0500] "GET /favicon.ico HTTP/1.1" 200 7782
186.154.85.200 - - [11/Dec/2014:02:40:00 -0500] "POST /forms/lservlet;jsessionid=ac16012b30d53c4f0fb1f2d541d09871a861ba497d51.e3iSbxaKaheRe34Sa3yKbhiTahb0n6jAmljGr5XDqQLvpAe HTTP/1.1" 200 2
157.55.39.113 - - [11/Dec/2014:02:40:39 -0500] "GET /BLA/resoluciones/RESOLUCIONES%202011/0143.pdf HTTP/1.1" 200 361250
157.55.39.113 - - [11/Dec/2014:02:40:39 -0500] "GET /bla/resoluciones/resoluciones%202009/8180.pdf HTTP/1.1" 200 497497
66.249.67.99 - - [11/Dec/2014:02:40:46 -0500] "GET /BLA/resoluciones/RESOLUCIONES%202007/RES%202007%20801%20AL%20900/RESOLUCION%200847%20DE%202007.pdf HTTP/1.1" 304 -
66.249.67.107 - - [11/Dec/2014:02:40:58 -0500] "GET /BLA/resoluciones/RESOLUCIONES%202009/9398.pdf HTTP/1.1" 304 -
188.165.15.15 - - [11/Dec/2014:02:41:00 -0500] "GET /BLA/resoluciones/RESOLUCIONES%202006/RES%202006%201851-1900/00001859.tif HTTP/1.1" 200 181974
66.249.67.115 - - [11/Dec/2014:02:41:24 -0500] "GET /BLA/resoluciones/RESOLUCIONES%202009/1260.pdf HTTP/1.1" 200 684752
66.249.67.99 - - [11/Dec/2014:02:41:39 -0500] "GET /BLA/resoluciones/RESOLUCIONES%202009/7465.pdf HTTP/1.1" 200 712194
188.165.15.235 - - [11/Dec/2014:02:41:53 -0500] "GET /BLA/resoluciones/index.php?dir=RESOLUCIONES%202004/RES%202004%201051-1100/&sort=date&order=asc HTTP/1.1" 200 12164
186.154.85.200 - - [11/Dec/2014:02:42:00 -0500] "POST /forms/lservlet;jsessionid=ac16012b30d53c4f0fb1f2d541d09871a861ba497d51.e3iSbxaKaheRe34Sa3yKbhiTahb0n6jAmljGr5XDqQLvpAe HTTP/1.1" 200 2
66.249.67.99 - - [11/Dec/2014:02:42:23 -0500] "GET /BLA/resoluciones/RESOLUCIONES%202010/6381.pdf HTTP/1.1" 304 -
157.55.39.241 - - [11/Dec/2014:02:42:24 -0500] "GET /bla/resoluciones/RESOLUCIONES%202011/2631.pdf HTTP/1.1" 200 406852
180.76.5.147 - - [11/Dec/2014:02:43:17 -0500] "GET /BLA/resoluciones/RESOLUCIONES%202010/1068.pdf HTTP/1.1" 200 94979
66.249.67.115 - - [11/Dec/2014:02:44:00 -0500] "GET /BLA/resoluciones/AUTOS%202011/4773.pdf HTTP/1.1" 200 331780
186.154.85.200 - - [11/Dec/2014:02:44:00 -0500] "POST /forms/lservlet;jsessionid=ac16012b30d53c4f0fb1f2d541d09871a861ba497d51.e3iSbxaKaheRe34Sa3yKbhiTahb0n6jAmljGr5XDqQLvpAe HTTP/1.1" 200 2
74.86.158.107 - - [11/Dec/2014:02:44:01 -0500] "HEAD / HTTP/1.1" 302 -
157.55.39.217 - - [11/Dec/2014:02:44:08 -0500] "GET /BLA/resoluciones/RESOLUCIONES%202008/0341.pdf HTTP/1.1" 200 416081
66.249.67.115 - - [11/Dec/2014:02:44:35 -0500] "GET /BLA/directivas/2009/0.pdf HTTP/1.1" 200 1636862
66.249.67.99 - - [11/Dec/2014:02:44:41 -0500] "GET /BLA/resoluciones/RESOLUCIONES%202007/RES%202007%203601%20AL%203700/ HTTP/1.1" 200 24774
157.55.39.217 - - [11/Dec/2014:02:44:57 -0500] "GET /bla/resoluciones/RESOLUCIONES%202011/3040.pdf HTTP/1.1" 200 803754
181.166.150.172 - - [11/Dec/2014:02:44:57 -0500] "POST /xmlrpc.php HTTP/1.1" 404 1018
188.165.15.15 - - [11/Dec/2014:02:45:29 -0500] "GET /BLA/resoluciones/RESOLUCIONES%202006/RES%202006%20851-900/00000855.tif HTTP/1.1" 200 98120
157.55.39.113 - - [11/Dec/2014:02:45:35 -0500] "GET /BLA/resoluciones/Resoluciones%202011/1573.pdf HTTP/1.1" 200 67551
66.249.67.107 - - [11/Dec/2014:02:45:37 -0500] "GET /BLA/resoluciones/AUTOS%202012/2498.pdf HTTP/1.1" 304 -
186.154.85.200 - - [11/Dec/2014:02:46:00 -0500] "POST /forms/lservlet;jsessionid=ac16012b30d53c4f0fb1f2d541d09871a861ba497d51.e3iSbxaKaheRe34Sa3yKbhiTahb0n6jAmljGr5XDqQLvpAe HTTP/1.1" 200 2
66.249.67.107 - - [11/Dec/2014:02:46:01 -0500] "GET /BLA/resoluciones/index.php?dir=RESOLUCIONES%202001/&sort=date&order=asc HTTP/1.1" 200 8131
66.249.67.107 - - [11/Dec/2014:02:47:13 -0500] "GET /BLA/resoluciones/index.php?dir=AUTOS+2006%2FAUTOS+2006+1401+-+1500%2F HTTP/1.1" 200 13545
157.55.39.13 - - [11/Dec/2014:02:47:21 -0500] "GET /bla/resoluciones/resoluciones%202009/9117.pdf HTTP/1.1" 200 494861
157.55.39.217 - - [11/Dec/2014:02:47:26 -0500] "GET /BLA/resoluciones/AUTOS%202009/2032.pdf HTTP/1.1" 200 103022
66.249.67.115 - - [11/Dec/2014:02:47:46 -0500] "GET /BLA/resoluciones/RESOLUCIONES%202009/1148.pdf HTTP/1.1" 200 438707
186.154.85.200 - - [11/Dec/2014:02:48:00 -0500] "POST /forms/lservlet;jsessionid=ac16012b30d53c4f0fb1f2d541d09871a861ba497d51.e3iSbxaKaheRe34Sa3yKbhiTahb0n6jAmljGr5XDqQLvpAe HTTP/1.1" 200 2
66.249.67.99 - - [11/Dec/2014:02:48:16 -0500] "GET /BLA/resoluciones/RESOLUCIONES%202010/3770.pdf HTTP/1.1" 200 558467
157.55.39.217 - - [11/Dec/2014:02:48:27 -0500] "GET /BLA/resoluciones/RESOLUCIONES%202011/3051.pdf HTTP/1.1" 200 704008
157.55.39.12 - - [11/Dec/2014:02:48:40 -0500] "GET /bla/resoluciones/resoluciones%202010/0420.pdf HTTP/1.1" 200 500701
66.249.67.99 - - [11/Dec/2014:02:48:50 -0500] "GET /manual_funciones_Listado/1.%20Resolucion%201568%20-%202009%20Manual%20de%20Funciones.pdf HTTP/1.1" 404 1018
74.86.158.107 - - [11/Dec/2014:02:49:01 -0500] "HEAD / HTTP/1.1" 302 -
66.249.67.135 - - [11/Dec/2014:02:49:11 -0500] "GET /ecodirectorio/files/js/ HTTP/1.1" 200 1442
188.165.15.36 - - [11/Dec/2014:02:49:54 -0500] "GET /BLA/resoluciones/RESOLUCIONES%202004/RES%202004%201001-1050/00001024.tif HTTP/1.1" 200 103504
186.154.85.200 - - [11/Dec/2014:02:50:00 -0500] "POST /forms/lservlet;jsessionid=ac16012b30d53c4f0fb1f2d541d09871a861ba497d51.e3iSbxaKaheRe34Sa3yKbhiTahb0n6jAmljGr5XDqQLvpAe HTTP/1.1" 200 2
157.55.39.217 - - [11/Dec/2014:02:50:23 -0500] "GET /BLA/resoluciones/RESOLUCIONES%202008/1161.pdf HTTP/1.1" 200 233262
66.249.67.115 - - [11/Dec/2014:02:50:27 -0500] "GET /BLA/resoluciones/AUTOS%202012/1904.pdf HTTP/1.1" 304 -
180.76.5.65 - - [11/Dec/2014:02:50:39 -0500] "GET /BLA/resoluciones/index.php?dir=RESOLUCIONES+2007%2FRES+2007+201+AL+300%2F HTTP/1.1" 200 27110
66.249.67.115 - - [11/Dec/2014:02:50:45 -0500] "GET /resoluciones/AUTOS%202007/4002.pdf HTTP/1.1" 404 1018
188.165.15.191 - - [11/Dec/2014:02:51:03 -0500] "GET /BLA/resoluciones/RESOLUCIONES%202002/RES%202002%201401-1450/20021436.tif HTTP/1.1" 200 202258
66.249.67.99 - - [11/Dec/2014:02:51:53 -0500] "GET /BLA/resoluciones/RESOLUCIONES%202010/3056.pdf HTTP/1.1" 200 495399
186.154.85.200 - - [11/Dec/2014:02:52:00 -0500] "POST /forms/lservlet;jsessionid=ac16012b30d53c4f0fb1f2d541d09871a861ba497d51.e3iSbxaKaheRe34Sa3yKbhiTahb0n6jAmljGr5XDqQLvpAe HTTP/1.1" 200 2
66.249.67.107 - - [11/Dec/2014:02:52:04 -0500] "GET /BLA/resoluciones/RESOLUCIONES%202009/0149.pdf HTTP/1.1" 200 35186
66.249.67.115 - - [11/Dec/2014:02:52:14 -0500] "GET /BLA/resoluciones/RESOLUCIONES%202009/0228.pdf HTTP/1.1" 200 240848
191.95.251.38 - - [11/Dec/2014:02:52:33 -0500] "GET /BLA/boletinlegal/js/jquery.js HTTP/1.1" 200 57254
191.95.251.38 - - [11/Dec/2014:02:52:33 -0500] "GET /BLA/boletinlegal/js/jquery.scrollTo-min.js HTTP/1.1" 200 1150
191.95.251.38 - - [11/Dec/2014:02:52:33 -0500] "GET /BLA/boletinlegal/js/jquery.scrollShow.js HTTP/1.1" 200 4586
157.55.39.217 - - [11/Dec/2014:02:52:39 -0500] "GET /bla/resoluciones/resoluciones%202010/1307.pdf HTTP/1.1" 200 112106
157.55.39.113 - - [11/Dec/2014:02:53:28 -0500] "GET /bla/resoluciones/resoluciones%202010/5876.pdf HTTP/1.1" 200 142306
66.249.67.107 - - [11/Dec/2014:02:53:41 -0500] "GET /BLA/resoluciones/Notificaciones/AUTOS%202014/2133.doc HTTP/1.1" 200 229888
157.55.39.240 - - [11/Dec/2014:02:53:51 -0500] "GET /BLA/resoluciones/AUTOS%202011/1251.pdf HTTP/1.1" 200 306536
186.154.85.200 - - [11/Dec/2014:02:54:01 -0500] "POST /forms/lservlet;jsessionid=ac16012b30d53c4f0fb1f2d541d09871a861ba497d51.e3iSbxaKaheRe34Sa3yKbhiTahb0n6jAmljGr5XDqQLvpAe HTTP/1.1" 200 2
74.86.158.107 - - [11/Dec/2014:02:54:01 -0500] "HEAD / HTTP/1.1" 302 -
180.76.5.25 - - [11/Dec/2014:02:54:04 -0500] "GET /BLA/resoluciones/RESOLUCIONES%202010/0770.pdf HTTP/1.1" 200 98159
157.55.39.13 - - [11/Dec/2014:02:55:16 -0500] "GET /BLA/resoluciones/RESOLUCIONES%202010/2726.pdf HTTP/1.1" 200 379214
66.249.67.115 - - [11/Dec/2014:02:55:18 -0500] "GET /BLA/resoluciones/RESOLUCIONES%202011/0456.pdf HTTP/1.1" 304 -
66.249.67.99 - - [11/Dec/2014:02:55:18 -0500] "GET /BLA/resoluciones/RESOLUCIONES%202009/3822.pdf HTTP/1.1" 200 385280
66.249.67.99 - - [11/Dec/2014:02:55:28 -0500] "GET /BLA/resoluciones/AUTOS%202008/0775.pdf HTTP/1.1" 200 78440
186.154.85.200 - - [11/Dec/2014:02:56:01 -0500] "POST /forms/lservlet;jsessionid=ac16012b30d53c4f0fb1f2d541d09871a861ba497d51.e3iSbxaKaheRe34Sa3yKbhiTahb0n6jAmljGr5XDqQLvpAe HTTP/1.1" 200 2
66.249.67.115 - - [11/Dec/2014:02:56:55 -0500] "GET /BLA/resoluciones/RESOLUCIONES%202009/9398.pdf HTTP/1.1" 304 -
180.76.5.193 - - [11/Dec/2014:02:57:19 -0500] "GET /BLA/resoluciones/RESOLUCIONES%202010/0448.pdf HTTP/1.1" 200 115870
186.154.85.200 - - [11/Dec/2014:02:58:01 -0500] "POST /forms/lservlet;jsessionid=ac16012b30d53c4f0fb1f2d541d09871a861ba497d51.e3iSbxaKaheRe34Sa3yKbhiTahb0n6jAmljGr5XDqQLvpAe HTTP/1.1" 200 2
180.76.6.140 - - [11/Dec/2014:02:58:20 -0500] "GET /BLA/resoluciones/RESOLUCIONES%202010/2414.pdf HTTP/1.1" 200 368054
66.249.67.107 - - [11/Dec/2014:02:58:28 -0500] "GET /BLA/resoluciones/RESOLUCIONES%202009/7425.pdf HTTP/1.1" 200 495513
66.249.67.99 - - [11/Dec/2014:02:58:31 -0500] "GET /BLA/directivas/2009/0.pdf HTTP/1.1" 200 1636862
157.55.39.240 - - [11/Dec/2014:02:58:45 -0500] "GET /BLA/resoluciones/AUTOS%202011/4635.pdf HTTP/1.1" 200 614183
191.108.210.170 - - [11/Dec/2014:02:59:03 -0500] "GET /BLA/boletinlegal/js/jquery.scrollShow.js HTTP/1.1" 200 4586
191.108.210.170 - - [11/Dec/2014:02:59:03 -0500] "GET /BLA/boletinlegal/js/jquery.scrollTo-min.js HTTP/1.1" 200 1150
191.108.210.170 - - [11/Dec/2014:02:59:03 -0500] "GET /BLA/boletinlegal/js/jquery.js HTTP/1.1" 200 57254
74.86.158.107 - - [11/Dec/2014:02:59:04 -0500] "HEAD / HTTP/1.1" 302 -
66.249.67.107 - - [11/Dec/2014:02:59:09 -0500] "GET /BLA/resoluciones/AUTOS%202009/0904.pdf HTTP/1.1" 200 122277
186.154.85.200 - - [11/Dec/2014:03:00:01 -0500] "POST /forms/lservlet;jsessionid=ac16012b30d53c4f0fb1f2d541d09871a861ba497d51.e3iSbxaKaheRe34Sa3yKbhiTahb0n6jAmljGr5XDqQLvpAe HTTP/1.1" 200 2
66.249.67.107 - - [11/Dec/2014:03:00:08 -0500] "GET /BLA/resoluciones/RESOLUCIONES%202010/3770.pdf HTTP/1.1" 200 558467
66.249.67.107 - - [11/Dec/2014:03:01:09 -0500] "GET /BLA/resoluciones/RESOLUCIONES%202006/RES%202006%20101-150/00000105.tif HTTP/1.1" 200 170068
188.165.15.162 - - [11/Dec/2014:03:01:34 -0500] "GET /dama/libreria/php/decide.php?patron=03.1305020113&numm=28 HTTP/1.1" 404 1019
66.249.67.107 - - [11/Dec/2014:03:01:36 -0500] "GET /BLA/resoluciones/Autos%202008/1246.pdf HTTP/1.1" 200 71641
157.55.39.113 - - [11/Dec/2014:03:01:36 -0500] "GET /BLA/resoluciones/RESOLUCIONES%202011/0419.pdf HTTP/1.1" 200 64959
186.154.85.200 - - [11/Dec/2014:03:02:01 -0500] "POST /forms/lservlet;jsessionid=ac16012b30d53c4f0fb1f2d541d09871a861ba497d51.e3iSbxaKaheRe34Sa3yKbhiTahb0n6jAmljGr5XDqQLvpAe HTTP/1.1" 200 2
157.55.39.113 - - [11/Dec/2014:03:02:08 -0500] "GET /BLA/resoluciones/RESOLUCIONES%202011/0437.pdf HTTP/1.1" 200 65577
157.55.39.217 - - [11/Dec/2014:03:02:40 -0500] "GET /BLA/resoluciones/RESOLUCIONES%202011/0078.pdf HTTP/1.1" 200 383705
188.165.15.15 - - [11/Dec/2014:03:02:41 -0500] "GET /BLA/resoluciones/RESOLUCIONES%202002/RES%202002%201901-1950/20021922.tif HTTP/1.1" 200 138744
66.249.67.115 - - [11/Dec/2014:03:02:44 -0500] "GET /BLA/resoluciones/AUTOS%202008/2417.pdf HTTP/1.1" 200 104200
74.86.158.107 - - [11/Dec/2014:03:04:01 -0500] "HEAD / HTTP/1.1" 302 -
186.154.85.200 - - [11/Dec/2014:03:04:01 -0500] "POST /forms/lservlet;jsessionid=ac16012b30d53c4f0fb1f2d541d09871a861ba497d51.e3iSbxaKaheRe34Sa3yKbhiTahb0n6jAmljGr5XDqQLvpAe HTTP/1.1" 200 2
157.55.39.217 - - [11/Dec/2014:03:04:14 -0500] "GET /BLA/resoluciones/AUTOS%202009/0576.pdf HTTP/1.1" 200 125490
66.249.67.127 - - [11/Dec/2014:03:04:14 -0500] "GET /ecodirectorio/files/res/ HTTP/1.1" 200 2896
66.249.67.99 - - [11/Dec/2014:03:04:59 -0500] "GET /BLA/resoluciones/AUTOS%202009/0904.pdf HTTP/1.1" 200 122277
66.249.67.99 - - [11/Dec/2014:03:05:42 -0500] "GET /BLA/resoluciones/index.php?dir=RESOLUCIONES+2002%2FRES+2002+451-500%2F HTTP/1.1" 200 12051
186.154.85.200 - - [11/Dec/2014:03:06:01 -0500] "POST /forms/lservlet;jsessionid=ac16012b30d53c4f0fb1f2d541d09871a861ba497d51.e3iSbxaKaheRe34Sa3yKbhiTahb0n6jAmljGr5XDqQLvpAe HTTP/1.1" 200 2
66.249.67.115 - - [11/Dec/2014:03:06:24 -0500] "GET /BLA/resoluciones/AUTOS%202013/1765.pdf HTTP/1.1" 200 362800
188.165.15.235 - - [11/Dec/2014:03:06:24 -0500] "GET /BLA/resoluciones/RESOLUCIONES%202005/RES%202005%20451-500/00000464.tif HTTP/1.1" 200 354286
203.248.11.206 - - [11/Dec/2014:03:06:32 -0500] "POST /xmlrpc.php HTTP/1.1" 404 1018
186.154.85.200 - - [11/Dec/2014:03:06:33 -0500] "POST /forms/lservlet;jsessionid=ac16012b30d53c4f0fb1f2d541d09871a861ba497d51.e3iSbxaKaheRe34Sa3yKbhiTahb0n6jAmljGr5XDqQLvpAe HTTP/1.1" 200 71
186.154.85.200 - - [11/Dec/2014:03:06:35 -0500] "POST /forms/lservlet;jsessionid=ac16012b30d53c4f0fb1f2d541d09871a861ba497d51.e3iSbxaKaheRe34Sa3yKbhiTahb0n6jAmljGr5XDqQLvpAe HTTP/1.1" 200 7
66.249.67.107 - - [11/Dec/2014:03:06:36 -0500] "GET /BLA/resoluciones/AUTOS%202008/2417.pdf HTTP/1.1" 200 104200
186.154.85.200 - - [11/Dec/2014:03:06:37 -0500] "POST /forms/lservlet;jsessionid=ac16012b30d53c4f0fb1f2d541d09871a861ba497d51.e3iSbxaKaheRe34Sa3yKbhiTahb0n6jAmljGr5XDqQLvpAe HTTP/1.1" 200 2
186.154.85.200 - - [11/Dec/2014:03:06:38 -0500] "POST /forms/lservlet;jsessionid=ac16012b30d53c4f0fb1f2d541d09871a861ba497d51.e3iSbxaKaheRe34Sa3yKbhiTahb0n6jAmljGr5XDqQLvpAe HTTP/1.1" 200 7
157.55.39.217 - - [11/Dec/2014:03:06:38 -0500] "GET /bla/resoluciones/resoluciones%202010/1823.pdf HTTP/1.1" 200 493977
186.154.85.200 - - [11/Dec/2014:03:06:40 -0500] "POST /forms/lservlet;jsessionid=ac16012b30d53c4f0fb1f2d541d09871a861ba497d51.e3iSbxaKaheRe34Sa3yKbhiTahb0n6jAmljGr5XDqQLvpAe HTTP/1.1" 200 109
186.154.95.31 - - [11/Dec/2014:03:06:41 -0500] "GET /BLA/boletinlegal/js/jquery.js HTTP/1.1" 200 57254
186.154.95.31 - - [11/Dec/2014:03:06:41 -0500] "GET /BLA/boletinlegal/js/jquery.scrollTo-min.js HTTP/1.1" 200 1150
186.154.95.31 - - [11/Dec/2014:03:06:41 -0500] "GET /BLA/boletinlegal/js/jquery.scrollShow.js HTTP/1.1" 200 4586
186.154.95.31 - - [11/Dec/2014:03:06:41 -0500] "GET /galeria/carrusel/Carrusel/jquery.thumbnailScroller.css HTTP/1.1" 200 2066
186.154.95.31 - - [11/Dec/2014:03:06:42 -0500] "GET /galeria/carrusel/Carrusel/jquery-ui-1.8.13.custom.min.js HTTP/1.1" 200 10800
186.154.95.31 - - [11/Dec/2014:03:06:42 -0500] "GET /galeria/carrusel/Carrusel/jquery.thumbnailScroller.js HTTP/1.1" 200 8157
186.154.95.31 - - [11/Dec/2014:03:06:43 -0500] "GET /galeria/nivo-slider/demo/demo.html HTTP/1.1" 200 3708
186.154.95.31 - - [11/Dec/2014:03:06:43 -0500] "GET /galeria/nivo-slider/themes/default/default.css HTTP/1.1" 200 1569
186.154.95.31 - - [11/Dec/2014:03:06:43 -0500] "GET /galeria/nivo-slider/themes/pascal/pascal.css HTTP/1.1" 200 2258
186.154.95.31 - - [11/Dec/2014:03:06:43 -0500] "GET /galeria/nivo-slider/themes/orman/orman.css HTTP/1.1" 200 2152
186.154.95.31 - - [11/Dec/2014:03:06:43 -0500] "GET /galeria/nivo-slider/nivo-slider.css HTTP/1.1" 200 1507
186.154.95.31 - - [11/Dec/2014:03:06:43 -0500] "GET /galeria/nivo-slider/demo/style.css HTTP/1.1" 200 2222
186.154.95.31 - - [11/Dec/2014:03:06:43 -0500] "GET /galeria/nivo-slider/demo/scripts/jquery-1.7.1.min.js HTTP/1.1" 200 93868
186.154.95.31 - - [11/Dec/2014:03:06:43 -0500] "GET /galeria/nivo-slider/jquery.nivo.slider.pack.js HTTP/1.1" 200 11561
186.154.95.31 - - [11/Dec/2014:03:06:43 -0500] "GET /galeria/nivo-slider/demo/images/coplima.jpg HTTP/1.1" 200 85663
186.154.95.31 - - [11/Dec/2014:03:06:43 -0500] "GET /galeria/nivo-slider/demo/images/banner-musgo.jpg HTTP/1.1" 200 49513
186.154.95.31 - - [11/Dec/2014:03:06:43 -0500] "GET /galeria/nivo-slider/demo/images/RdaNegociosFiltros.jpg HTTP/1.1" 200 77155
186.154.95.31 - - [11/Dec/2014:03:06:43 -0500] "GET /galeria/nivo-slider/demo/images/Jornada-adopcion.jpg HTTP/1.1" 200 79705
186.154.95.31 - - [11/Dec/2014:03:06:44 -0500] "GET /galeria/nivo-slider/demo/images/BogotaSostenible.jpg HTTP/1.1" 200 206863
186.154.85.200 - - [11/Dec/2014:03:06:44 -0500] "POST /forms/lservlet;jsessionid=ac16012b30d53c4f0fb1f2d541d09871a861ba497d51.e3iSbxaKaheRe34Sa3yKbhiTahb0n6jAmljGr5XDqQLvpAe HTTP/1.1" 200 101
186.154.95.31 - - [11/Dec/2014:03:06:45 -0500] "GET /galeria/nivo-slider/demo/images/Banner-GAE3.jpg HTTP/1.1" 200 146354
186.154.95.31 - - [11/Dec/2014:03:06:45 -0500] "GET /galeria/nivo-slider/demo/images/Banner-comparendo.jpg HTTP/1.1" 200 388762
186.154.95.31 - - [11/Dec/2014:03:06:45 -0500] "GET /galeria/nivo-slider/demo/images/Biotaxis-Man.jpg HTTP/1.1" 200 99362
186.154.95.31 - - [11/Dec/2014:03:06:46 -0500] "GET /galeria/nivo-slider/demo/images/porloshumedales.jpg HTTP/1.1" 200 351238
186.154.95.31 - - [11/Dec/2014:03:06:46 -0500] "GET /galeria/nivo-slider/demo/images/Tingua-azul.jpg HTTP/1.1" 200 307638
186.154.85.200 - - [11/Dec/2014:03:06:46 -0500] "POST /forms/lservlet;jsessionid=ac16012b30d53c4f0fb1f2d541d09871a861ba497d51.e3iSbxaKaheRe34Sa3yKbhiTahb0n6jAmljGr5XDqQLvpAe HTTP/1.1" 200 83
186.154.95.31 - - [11/Dec/2014:03:06:46 -0500] "GET /galeria/nivo-slider/demo/images/Banner-Caracol-Africano.jpg HTTP/1.1" 200 331986
186.154.85.200 - - [11/Dec/2014:03:06:47 -0500] "POST /forms/lservlet;jsessionid=ac16012b30d53c4f0fb1f2d541d09871a861ba497d51.e3iSbxaKaheRe34Sa3yKbhiTahb0n6jAmljGr5XDqQLvpAe HTTP/1.1" 200 64
186.154.95.31 - - [11/Dec/2014:03:06:47 -0500] "GET /galeria/nivo-slider/demo/images/banner-redes.jpg HTTP/1.1" 200 62209
186.154.95.31 - - [11/Dec/2014:03:06:47 -0500] "GET /galeria/nivo-slider/demo/images/9Signos.jpg HTTP/1.1" 200 93040
186.154.95.31 - - [11/Dec/2014:03:06:49 -0500] "GET /galeria/nivo-slider/demo/images/banner-caballos.png HTTP/1.1" 200 389106
186.154.95.31 - - [11/Dec/2014:03:06:50 -0500] "GET /galeria/nivo-slider/demo/images/Hacienda_Molinos.jpg HTTP/1.1" 200 319171
186.154.85.200 - - [11/Dec/2014:03:06:51 -0500] "POST /forms/lservlet;jsessionid=ac16012b30d53c4f0fb1f2d541d09871a861ba497d51.e3iSbxaKaheRe34Sa3yKbhiTahb0n6jAmljGr5XDqQLvpAe HTTP/1.1" 200 64
186.154.95.31 - - [11/Dec/2014:03:06:51 -0500] "GET /videos/Spot_CambioClimatico.flv HTTP/1.1" 200 4371917
186.84.193.18 - - [11/Dec/2014:03:06:51 -0500] "GET /BLA/boletinlegal/js/jquery.js HTTP/1.1" 200 57254
186.84.193.18 - - [11/Dec/2014:03:06:51 -0500] "GET /BLA/boletinlegal/js/jquery.scrollTo-min.js HTTP/1.1" 200 1150
186.84.193.18 - - [11/Dec/2014:03:06:51 -0500] "GET /BLA/boletinlegal/js/jquery.scrollShow.js HTTP/1.1" 200 4586
186.154.95.31 - - [11/Dec/2014:03:06:51 -0500] "GET /galeria/nivo-slider/demo/images/4Simple_Slider.png HTTP/1.1" 200 11722
186.154.95.31 - - [11/Dec/2014:03:06:52 -0500] "GET /galeria/nivo-slider/themes/default/loading.gif HTTP/1.1" 200 1737
186.154.95.31 - - [11/Dec/2014:03:06:52 -0500] "GET /galeria/nivo-slider/demo/images/bannerEcolecta3.jpg HTTP/1.1" 200 280034
186.154.95.31 - - [11/Dec/2014:03:06:54 -0500] "GET /galeria/nivo-slider/themes/default/arrows.png HTTP/1.1" 200 824
186.154.95.31 - - [11/Dec/2014:03:06:54 -0500] "GET /galeria/nivo-slider/themes/default/bullets.png HTTP/1.1" 200 1281
190.26.42.171 - - [11/Dec/2014:03:06:55 -0500] "GET /BLA/boletinlegal/js/jquery.js HTTP/1.1" 200 57254
190.26.42.171 - - [11/Dec/2014:03:06:55 -0500] "GET /BLA/boletinlegal/js/jquery.scrollTo-min.js HTTP/1.1" 200 1150
190.26.42.171 - - [11/Dec/2014:03:06:55 -0500] "GET /BLA/boletinlegal/js/jquery.scrollShow.js HTTP/1.1" 200 4586
157.55.39.217 - - [11/Dec/2014:03:07:03 -0500] "GET /BLA/resoluciones/Resoluciones%202011/0522.pdf HTTP/1.1" 200 341446
157.55.39.240 - - [11/Dec/2014:03:07:08 -0500] "GET /BLA/resoluciones/RESOLUCIONES%202009/0216.pdf HTTP/1.1" 200 243324
186.154.85.200 - - [11/Dec/2014:03:07:07 -0500] "POST /forms/lservlet;jsessionid=ac16012b30d53c4f0fb1f2d541d09871a861ba497d51.e3iSbxaKaheRe34Sa3yKbhiTahb0n6jAmljGr5XDqQLvpAe HTTP/1.1" 200 229
186.154.85.200 - - [11/Dec/2014:03:07:09 -0500] "POST /forms/lservlet;jsessionid=ac16012b30d53c4f0fb1f2d541d09871a861ba497d51.e3iSbxaKaheRe34Sa3yKbhiTahb0n6jAmljGr5XDqQLvpAe HTTP/1.1" 200 7
186.154.85.200 - - [11/Dec/2014:03:07:09 -0500] "POST /forms/lservlet;jsessionid=ac16012b30d53c4f0fb1f2d541d09871a861ba497d51.e3iSbxaKaheRe34Sa3yKbhiTahb0n6jAmljGr5XDqQLvpAe HTTP/1.1" 200 30208
186.154.85.200 - - [11/Dec/2014:03:07:10 -0500] "POST /forms/lservlet;jsessionid=ac16012b30d53c4f0fb1f2d541d09871a861ba497d51.e3iSbxaKaheRe34Sa3yKbhiTahb0n6jAmljGr5XDqQLvpAe HTTP/1.1" 200 7
186.154.85.200 - - [11/Dec/2014:03:07:10 -0500] "POST /forms/lservlet;jsessionid=ac16012b30d53c4f0fb1f2d541d09871a861ba497d51.e3iSbxaKaheRe34Sa3yKbhiTahb0n6jAmljGr5XDqQLvpAe HTTP/1.1" 200 2
186.154.85.200 - - [11/Dec/2014:03:07:10 -0500] "POST /forms/lservlet;jsessionid=ac16012b30d53c4f0fb1f2d541d09871a861ba497d51.e3iSbxaKaheRe34Sa3yKbhiTahb0n6jAmljGr5XDqQLvpAe HTTP/1.1" 200 27
186.154.85.200 - - [11/Dec/2014:03:07:11 -0500] "POST /forms/lservlet;jsessionid=ac16012b30d53c4f0fb1f2d541d09871a861ba497d51.e3iSbxaKaheRe34Sa3yKbhiTahb0n6jAmljGr5XDqQLvpAe HTTP/1.1" 200 2
186.154.85.200 - - [11/Dec/2014:03:07:11 -0500] "POST /forms/lservlet;jsessionid=ac16012b30d53c4f0fb1f2d541d09871a861ba497d51.e3iSbxaKaheRe34Sa3yKbhiTahb0n6jAmljGr5XDqQLvpAe HTTP/1.1" 200 7
186.154.85.200 - - [11/Dec/2014:03:07:12 -0500] "POST /forms/lservlet;jsessionid=ac16012b30d53c4f0fb1f2d541d09871a861ba497d51.e3iSbxaKaheRe34Sa3yKbhiTahb0n6jAmljGr5XDqQLvpAe HTTP/1.1" 200 7
186.154.85.200 - - [11/Dec/2014:03:07:13 -0500] "POST /forms/lservlet;jsessionid=ac16012b30d53c4f0fb1f2d541d09871a861ba497d51.e3iSbxaKaheRe34Sa3yKbhiTahb0n6jAmljGr5XDqQLvpAe HTTP/1.1" 200 49513
186.154.85.200 - - [11/Dec/2014:03:07:30 -0500] "POST /forms/lservlet;jsessionid=ac16012b30d53c4f0fb1f2d541d09871a861ba497d51.e3iSbxaKaheRe34Sa3yKbhiTahb0n6jAmljGr5XDqQLvpAe HTTP/1.1" 200 1504
186.154.85.200 - - [11/Dec/2014:03:07:31 -0500] "POST /forms/lservlet;jsessionid=ac16012b30d53c4f0fb1f2d541d09871a861ba497d51.e3iSbxaKaheRe34Sa3yKbhiTahb0n6jAmljGr5XDqQLvpAe HTTP/1.1" 200 2
186.154.85.200 - - [11/Dec/2014:03:07:31 -0500] "POST /forms/lservlet;jsessionid=ac16012b30d53c4f0fb1f2d541d09871a861ba497d51.e3iSbxaKaheRe34Sa3yKbhiTahb0n6jAmljGr5XDqQLvpAe HTTP/1.1" 200 2
186.154.85.200 - - [11/Dec/2014:03:07:32 -0500] "POST /forms/lservlet;jsessionid=ac16012b30d53c4f0fb1f2d541d09871a861ba497d51.e3iSbxaKaheRe34Sa3yKbhiTahb0n6jAmljGr5XDqQLvpAe HTTP/1.1" 200 236
186.154.85.200 - - [11/Dec/2014:03:07:33 -0500] "POST /forms/lservlet;jsessionid=ac16012b30d53c4f0fb1f2d541d09871a861ba497d51.e3iSbxaKaheRe34Sa3yKbhiTahb0n6jAmljGr5XDqQLvpAe HTTP/1.1" 200 82
186.154.85.200 - - [11/Dec/2014:03:07:51 -0500] "POST /forms/lservlet;jsessionid=ac16012b30d53c4f0fb1f2d541d09871a861ba497d51.e3iSbxaKaheRe34Sa3yKbhiTahb0n6jAmljGr5XDqQLvpAe HTTP/1.1" 200 200
186.154.85.200 - - [11/Dec/2014:03:07:52 -0500] "POST /forms/lservlet;jsessionid=ac16012b30d53c4f0fb1f2d541d09871a861ba497d51.e3iSbxaKaheRe34Sa3yKbhiTahb0n6jAmljGr5XDqQLvpAe HTTP/1.1" 200 7
186.154.85.200 - - [11/Dec/2014:03:07:52 -0500] "POST /forms/lservlet;jsessionid=ac16012b30d53c4f0fb1f2d541d09871a861ba497d51.e3iSbxaKaheRe34Sa3yKbhiTahb0n6jAmljGr5XDqQLvpAe HTTP/1.1" 200 30361
186.154.85.200 - - [11/Dec/2014:03:07:53 -0500] "POST /forms/lservlet;jsessionid=ac16012b30d53c4f0fb1f2d541d09871a861ba497d51.e3iSbxaKaheRe34Sa3yKbhiTahb0n6jAmljGr5XDqQLvpAe HTTP/1.1" 200 7
186.154.85.200 - - [11/Dec/2014:03:07:53 -0500] "POST /forms/lservlet;jsessionid=ac16012b30d53c4f0fb1f2d541d09871a861ba497d51.e3iSbxaKaheRe34Sa3yKbhiTahb0n6jAmljGr5XDqQLvpAe HTTP/1.1" 200 2
186.154.85.200 - - [11/Dec/2014:03:07:53 -0500] "POST /forms/lservlet;jsessionid=ac16012b30d53c4f0fb1f2d541d09871a861ba497d51.e3iSbxaKaheRe34Sa3yKbhiTahb0n6jAmljGr5XDqQLvpAe HTTP/1.1" 200 27
186.154.85.200 - - [11/Dec/2014:03:07:54 -0500] "POST /forms/lservlet;jsessionid=ac16012b30d53c4f0fb1f2d541d09871a861ba497d51.e3iSbxaKaheRe34Sa3yKbhiTahb0n6jAmljGr5XDqQLvpAe HTTP/1.1" 200 2
186.154.85.200 - - [11/Dec/2014:03:08:01 -0500] "POST /forms/lservlet;jsessionid=ac16012b30d53c4f0fb1f2d541d09871a861ba497d51.e3iSbxaKaheRe34Sa3yKbhiTahb0n6jAmljGr5XDqQLvpAe HTTP/1.1" 200 2
157.55.39.113 - - [11/Dec/2014:03:08:08 -0500] "GET /BLA/resoluciones/AUTOS%202009/0650.pdf HTTP/1.1" 200 99227
157.55.39.113 - - [11/Dec/2014:03:08:55 -0500] "GET /BLA/resoluciones/RESOLUCIONES%202008/0547.pdf HTTP/1.1" 200 96662
157.55.39.217 - - [11/Dec/2014:03:08:59 -0500] "GET /BLA/resoluciones/RESOLUCIONES%202011/1584.pdf HTTP/1.1" 200 74475
74.86.158.107 - - [11/Dec/2014:03:09:01 -0500] "HEAD / HTTP/1.1" 302 -
186.154.95.31 - - [11/Dec/2014:03:09:03 -0500] "GET /galeria/bibloteca/contentflow.js HTTP/1.1" 200 42804
186.154.95.31 - - [11/Dec/2014:03:09:04 -0500] "GET /galeria/bibloteca/contentflow.css HTTP/1.1" 200 3201
186.154.95.31 - - [11/Dec/2014:03:09:04 -0500] "GET /galeria/bibloteca/mycontentflow.css HTTP/1.1" 200 3110
186.154.95.31 - - [11/Dec/2014:03:09:04 -0500] "GET /galeria/bibloteca/ContentFlowAddOn_white.js HTTP/1.1" 200 2497
161.10.159.111 - - [11/Dec/2014:03:09:04 -0500] "GET /BLA/boletinlegal/js/jquery.js HTTP/1.1" 200 57254
161.10.159.111 - - [11/Dec/2014:03:09:04 -0500] "GET /BLA/boletinlegal/js/jquery.scrollTo-min.js HTTP/1.1" 200 1150
161.10.159.111 - - [11/Dec/2014:03:09:04 -0500] "GET /BLA/boletinlegal/js/jquery.scrollShow.js HTTP/1.1" 200 4586
186.154.95.31 - - [11/Dec/2014:03:09:05 -0500] "GET /galeria/bibloteca/ContentFlowAddOn_white.css HTTP/1.1" 200 3355
186.154.95.31 - - [11/Dec/2014:03:09:05 -0500] "GET /galeria/bibloteca/img/loader.gif HTTP/1.1" 200 8238
186.154.95.31 - - [11/Dec/2014:03:09:05 -0500] "GET /galeria/bibloteca/img/scrollbar_white.png HTTP/1.1" 200 82
186.154.95.31 - - [11/Dec/2014:03:09:05 -0500] "GET /galeria/bibloteca/img/slider_white.png HTTP/1.1" 200 178
186.154.95.31 - - [11/Dec/2014:03:09:05 -0500] "GET /galeria/bibloteca/img/1x1_0.5_white.png HTTP/1.1" 200 82
186.154.95.31 - - [11/Dec/2014:03:09:05 -0500] "GET /galeria/bibloteca/img/ajax-loader.gif HTTP/1.1" 200 9427
186.154.95.31 - - [11/Dec/2014:03:09:05 -0500] "GET /galeria/bibloteca/img/scrollbar_black.png HTTP/1.1" 200 82
186.154.95.31 - - [11/Dec/2014:03:09:05 -0500] "GET /galeria/bibloteca/img/slider_black.png HTTP/1.1" 200 175
66.249.67.99 - - [11/Dec/2014:03:09:12 -0500] "GET /BLA/resoluciones/RESOLUCIONES%202002/RES%202002%20401-450/00000408.tif HTTP/1.1" 200 58350
66.249.67.107 - - [11/Dec/2014:03:09:24 -0500] "GET /BLA/resoluciones/index.php?dir=RESOLUCIONES+2010%2F HTTP/1.1" 200 1284744
66.249.67.107 - - [11/Dec/2014:03:09:28 -0500] "GET /BLA/resoluciones/RESOLUCIONES%202009/8707.pdf HTTP/1.1" 200 582806
186.154.85.200 - - [11/Dec/2014:03:09:32 -0500] "POST /forms/lservlet;jsessionid=ac16012b30d53c4f0fb1f2d541d09871a861ba497d51.e3iSbxaKaheRe34Sa3yKbhiTahb0n6jAmljGr5XDqQLvpAe HTTP/1.1" 200 7
157.55.39.241 - - [11/Dec/2014:03:09:37 -0500] "GET /BLA/resoluciones/RESOLUCIONES%202010/2400.pdf HTTP/1.1" 200 518804
66.249.67.135 - - [11/Dec/2014:03:09:49 -0500] "GET /portalsiaccapacitaciones/Soportes%20Capacitaciones%20A%C3%B1o%202013/0042.%20Presentaci%C3%B3n%20Superficies%20vegetadas%20%2019-09-2013.pdf HTTP/1.1" 200 27421667
186.154.85.200 - - [11/Dec/2014:03:10:01 -0500] "POST /forms/lservlet;jsessionid=ac16012b30d53c4f0fb1f2d541d09871a861ba497d51.e3iSbxaKaheRe34Sa3yKbhiTahb0n6jAmljGr5XDqQLvpAe HTTP/1.1" 200 2
66.249.67.107 - - [11/Dec/2014:03:10:18 -0500] "GET /BLA/resoluciones/AUTOS%202008/1914.pdf HTTP/1.1" 200 83926
123.125.71.57 - - [11/Dec/2014:03:10:23 -0500] "GET / HTTP/1.1" 302 -
157.55.39.13 - - [11/Dec/2014:03:11:20 -0500] "GET /bla/resoluciones/resoluciones%202010/7412.pdf HTTP/1.1" 200 98156
66.249.67.107 - - [11/Dec/2014:03:11:27 -0500] "GET /BLA/resoluciones/AUTOS%202008/1914.pdf HTTP/1.1" 200 83926
157.55.39.62 - - [11/Dec/2014:03:11:48 -0500] "GET /dama/libreria/php/decide.php?patron=03.1407 HTTP/1.1" 404 1019
186.154.85.200 - - [11/Dec/2014:03:12:01 -0500] "POST /forms/lservlet;jsessionid=ac16012b30d53c4f0fb1f2d541d09871a861ba497d51.e3iSbxaKaheRe34Sa3yKbhiTahb0n6jAmljGr5XDqQLvpAe HTTP/1.1" 200 2
157.55.39.13 - - [11/Dec/2014:03:12:11 -0500] "GET /BLA/resoluciones/RESOLUCIONES%202008/0457.pdf HTTP/1.1" 200 273719
157.55.39.217 - - [11/Dec/2014:03:12:20 -0500] "GET /BLA/resoluciones/RESOLUCIONES%202007/RES%202007%203401%20AL%203500/RESOLUCION%203420%20DE%202007.pdf HTTP/1.1" 200 643765
66.249.67.107 - - [11/Dec/2014:03:13:03 -0500] "GET /BLA/resoluciones/AUTOS%202008/0848.pdf HTTP/1.1" 200 75875
180.76.6.148 - - [11/Dec/2014:03:13:08 -0500] "GET /BLA/resoluciones/RESOLUCIONES%202010/1293.pdf HTTP/1.1" 200 105522
66.249.67.107 - - [11/Dec/2014:03:13:23 -0500] "GET /BLA/resoluciones/RESOLUCIONES%202009/0192.pdf HTTP/1.1" 200 257319
66.249.67.115 - - [11/Dec/2014:03:13:41 -0500] "GET /BLA/resoluciones/AUTOS%202008/0848.pdf HTTP/1.1" 200 75875
74.86.158.107 - - [11/Dec/2014:03:14:01 -0500] "HEAD / HTTP/1.1" 302 -
157.55.39.240 - - [11/Dec/2014:03:14:12 -0500] "GET /BLA/resoluciones/AUTOS%202012/1498.pdf HTTP/1.1" 200 679631
66.249.67.119 - - [11/Dec/2014:03:14:13 -0500] "GET /ecodirectorio/files/mobile/ HTTP/1.1" 200 1036
66.249.67.115 - - [11/Dec/2014:03:14:40 -0500] "GET /BLA/resoluciones/RESOLUCIONES%202010/2622.pdf HTTP/1.1" 200 516239
220.181.108.82 - - [11/Dec/2014:03:15:22 -0500] "GET / HTTP/1.1" 302 -
157.55.39.13 - - [11/Dec/2014:03:16:07 -0500] "GET /BLA/resoluciones/AUTOS%202010/0144.pdf HTTP/1.1" 200 199643
66.249.67.107 - - [11/Dec/2014:03:16:17 -0500] "GET /BLA/resoluciones/RESOLUCIONES%202010/4831.pdf HTTP/1.1" 200 748885
186.154.95.31 - - [11/Dec/2014:03:16:23 -0500] "GET /catalogoisis/ HTTP/1.1" 200 8575
186.154.95.31 - - [11/Dec/2014:03:16:24 -0500] "GET /catalogoisis/Css/Busqueda.css HTTP/1.1" 200 1995
186.154.95.31 - - [11/Dec/2014:03:16:24 -0500] "GET /catalogoisis/Js/AceptarLimpiar.js HTTP/1.1" 200 331
186.154.95.31 - - [11/Dec/2014:03:16:24 -0500] "GET /catalogoisis/Js/CriterioCombinada.js HTTP/1.1" 200 1843
186.154.95.31 - - [11/Dec/2014:03:16:24 -0500] "GET /catalogoisis/Js/Cookies.js HTTP/1.1" 200 1369
186.154.95.31 - - [11/Dec/2014:03:16:24 -0500] "GET /catalogoisis/Js/LimpiarCombinada.js HTTP/1.1" 200 207
186.154.95.31 - - [11/Dec/2014:03:16:24 -0500] "GET /catalogoisis/Js/Remote.js HTTP/1.1" 200 436
186.154.95.31 - - [11/Dec/2014:03:16:24 -0500] "GET /catalogoisis/Js/Go.js HTTP/1.1" 200 364
186.154.95.31 - - [11/Dec/2014:03:16:24 -0500] "GET /catalogoisis/Js/Numero.js HTTP/1.1" 200 398
186.154.95.31 - - [11/Dec/2014:03:16:24 -0500] "GET /catalogoisis/Js/Enter.js HTTP/1.1" 200 1208
186.154.95.31 - - [11/Dec/2014:03:16:24 -0500] "GET /catalogoisis/imagenes/br1c1.gif HTTP/1.1" 200 172
186.154.95.31 - - [11/Dec/2014:03:16:24 -0500] "GET /catalogoisis/imagenes/Turnbo1.gif HTTP/1.1" 200 227
186.154.95.31 - - [11/Dec/2014:03:16:24 -0500] "GET /catalogoisis/imagenes/br1c3.gif HTTP/1.1" 200 302
186.154.95.31 - - [11/Dec/2014:03:16:24 -0500] "GET /catalogoisis/imagenes/limpiar1.gif HTTP/1.1" 200 606
186.154.95.31 - - [11/Dec/2014:03:16:24 -0500] "GET /catalogoisis/imagenes/aceptar1.gif HTTP/1.1" 200 604
186.154.95.31 - - [11/Dec/2014:03:16:24 -0500] "GET /catalogoisis/imagenes/br3c1.gif HTTP/1.1" 200 177
186.154.95.31 - - [11/Dec/2014:03:16:24 -0500] "GET /catalogoisis/imagenes/br3c2.gif HTTP/1.1" 200 285
186.154.95.31 - - [11/Dec/2014:03:16:24 -0500] "GET /catalogoisis/imagenes/br3c3.gif HTTP/1.1" 200 186
186.154.95.31 - - [11/Dec/2014:03:16:24 -0500] "GET /catalogoisis/imagenes/br1c2.gif HTTP/1.1" 200 297
186.154.95.31 - - [11/Dec/2014:03:16:24 -0500] "GET /catalogoisis/imagenes/Header.gif HTTP/1.1" 200 14509
186.154.95.31 - - [11/Dec/2014:03:16:24 -0500] "GET /catalogoisis/imagenes/br2c1.gif HTTP/1.1" 200 297
186.154.95.31 - - [11/Dec/2014:03:16:24 -0500] "GET /catalogoisis/imagenes/br2c2.gif HTTP/1.1" 200 302
186.154.95.31 - - [11/Dec/2014:03:16:24 -0500] "GET /catalogoisis/imagenes/br2c3.gif HTTP/1.1" 200 416
186.154.95.31 - - [11/Dec/2014:03:16:25 -0500] "GET /favicon.ico HTTP/1.1" 200 7782
186.154.95.31 - - [11/Dec/2014:03:16:42 -0500] "GET /catalogoisis/imagenes/aceptar2.gif HTTP/1.1" 200 586
66.249.67.99 - - [11/Dec/2014:03:16:57 -0500] "GET /BLA/resoluciones/RESOLUCIONES%202009/0582.pdf HTTP/1.1" 200 290453
186.154.95.31 - - [11/Dec/2014:03:17:07 -0500] "GET /catalogoisis/imagenes/aceptar2.gif HTTP/1.1" 200 586
157.55.39.13 - - [11/Dec/2014:03:17:18 -0500] "GET /BLA/resoluciones/RESOLUCIONES%202010/1102.pdf HTTP/1.1" 200 104962
186.154.95.31 - - [11/Dec/2014:03:17:29 -0500] "GET /catalogoisis/Diccionario.php?i=2&form=0&element=4&prefix=te-&first=yes HTTP/1.1" 200 4195
