186.154.95.31 - - [11/Dec/2014:03:17:29 -0500] "GET /catalogoisis/Css/Diccionario.css HTTP/1.1" 200 1478
186.154.95.31 - - [11/Dec/2014:03:17:29 -0500] "GET /catalogoisis/Js/CriterioDiccionario.js HTTP/1.1" 200 608
186.154.95.31 - - [11/Dec/2014:03:17:29 -0500] "GET /catalogoisis/Js/LimpiarDiccionario.js HTTP/1.1" 200 98
186.154.95.31 - - [11/Dec/2014:03:17:29 -0500] "GET /catalogoisis/Js/Diccionario.js HTTP/1.1" 200 999
66.249.67.115 - - [11/Dec/2014:03:17:40 -0500] "GET /BLA/resoluciones/RESOLUCIONES%202009/9560.pdf HTTP/1.1" 200 501405
157.55.39.240 - - [11/Dec/2014:03:17:47 -0500] "GET /BLA/resoluciones/AUTOS%202009/0058.pdf HTTP/1.1" 200 82083
66.249.67.107 - - [11/Dec/2014:03:17:54 -0500] "GET /BLA/resoluciones/AUTOS%202008/3161.pdf HTTP/1.1" 200 107553
66.249.67.107 - - [11/Dec/2014:03:18:20 -0500] "GET /BLA/resoluciones/RESOLUCIONES%202006/RES%202006%20101-150/00000147.tif HTTP/1.1" 200 221794
74.86.158.107 - - [11/Dec/2014:03:19:01 -0500] "HEAD / HTTP/1.1" 302 -
66.249.67.115 - - [11/Dec/2014:03:19:31 -0500] "GET /BLA/resoluciones/AUTOS%202008/0944.pdf HTTP/1.1" 200 110181
188.165.15.36 - - [11/Dec/2014:03:20:00 -0500] "GET /BLA/resoluciones/RESOLUCIONES%202006/RES%202006%201601-1650/00001609.tif HTTP/1.1" 200 171978
180.76.5.149 - - [11/Dec/2014:03:20:43 -0500] "GET /BLA/resoluciones/RESOLUCIONES%202010/1137.pdf HTTP/1.1" 200 105244
157.55.39.113 - - [11/Dec/2014:03:20:46 -0500] "GET /BLA/resoluciones/AUTOS%202009/1594.pdf HTTP/1.1" 200 125623
188.165.15.132 - - [11/Dec/2014:03:20:53 -0500] "GET /BLA/resoluciones/AUTOS%202006/AUTOS%202006%201401%20-%201500/00001416.tif HTTP/1.1" 200 85380
157.55.39.217 - - [11/Dec/2014:03:21:06 -0500] "GET /bla/resoluciones/RESOLUCIONES%202011/0215.pdf HTTP/1.1" 200 231095
66.249.67.115 - - [11/Dec/2014:03:21:07 -0500] "GET /BLA/resoluciones/RESOLUCIONES%202011/0358.pdf HTTP/1.1" 200 91127
201.160.191.130 - - [11/Dec/2014:03:21:20 -0500] "GET /BLA/boletinlegal/js/jquery.js HTTP/1.1" 200 57254
201.160.191.130 - - [11/Dec/2014:03:21:20 -0500] "GET /BLA/boletinlegal/js/jquery.scrollShow.js HTTP/1.1" 200 4586
201.160.191.130 - - [11/Dec/2014:03:21:20 -0500] "GET /BLA/boletinlegal/js/jquery.scrollTo-min.js HTTP/1.1" 200 1150
66.249.67.99 - - [11/Dec/2014:03:21:40 -0500] "GET /BLA/resoluciones/RESOLUCIONES%202010/1989.pdf HTTP/1.1" 200 339200
66.249.67.115 - - [11/Dec/2014:03:21:48 -0500] "GET /BLA/resoluciones/index.php?dir=RESOLUCIONES%202009/&sort=size&order=desc HTTP/1.1" 200 1672911
66.249.67.135 - - [11/Dec/2014:03:22:09 -0500] "GET /cyber/ecour/eco9aa.htm HTTP/1.1" 404 1019
66.249.67.119 - - [11/Dec/2014:03:22:12 -0500] "GET /cyber/ecour/ecoeco.htm HTTP/1.1" 404 1019
66.249.67.119 - - [11/Dec/2014:03:22:15 -0500] "GET /cyber/ecour/eco12a.htm HTTP/1.1" 404 1019
66.249.67.127 - - [11/Dec/2014:03:22:18 -0500] "GET /cyber/ecour/ecoeval.htm HTTP/1.1" 404 1019
66.249.67.127 - - [11/Dec/2014:03:22:22 -0500] "GET /portalsiaccapacitaciones/Soportes%20Capacitaciones%20A%C3%B1o%202013/0017.%20Decreto%20243%20de%202009%20-%2020%20de%20Junio.pdf HTTP/1.1" 200 1784093
66.249.67.135 - - [11/Dec/2014:03:22:25 -0500] "GET /portalsiaccapacitaciones/Soportes%20Capacitaciones%20A%C3%B1o%202013/0025.%20Diagnostico%20Energetico%20SDA%204%20de%20Julio.pdf HTTP/1.1" 200 2018799
66.249.67.119 - - [11/Dec/2014:03:22:28 -0500] "GET /portalsiaccapacitaciones/Soportes%20Capacitaciones%20A%C3%B1o%202013/0028.%20R%C3%ADos%20quebradas%20canales%2018%20de%20Julio.pdf HTTP/1.1" 200 13153807
66.249.67.135 - - [11/Dec/2014:03:22:41 -0500] "GET /portalsiaccapacitaciones/Soportes%20Capacitaciones%20A%C3%B1o%202013/0038.%20Presentaci%C3%B3n%20Construcci%C3%B3n%20Sostenible.pdf HTTP/1.1" 200 3996827
66.249.67.99 - - [11/Dec/2014:03:22:48 -0500] "GET /BLA/resoluciones/RESOLUCIONES%202009/0925.pdf HTTP/1.1" 200 602631
66.249.67.127 - - [11/Dec/2014:03:22:51 -0500] "GET /portalsiaccapacitaciones/Soportes%20Capacitaciones%20A%C3%B1o%202013/0052.%20Presentaci%C3%B3n%20Bienes%20Inservibles%2031-10-2013.pdf HTTP/1.1" 200 747599
66.249.67.99 - - [11/Dec/2014:03:22:54 -0500] "GET /BLA/resoluciones/RESOLUCIONES%202011/1998.pdf HTTP/1.1" 200 689716
157.55.39.113 - - [11/Dec/2014:03:22:57 -0500] "GET /BLA/resoluciones/AUTOS%202012/0046.pdf HTTP/1.1" 200 184887
66.249.67.135 - - [11/Dec/2014:03:22:57 -0500] "GET /portalsiaccapacitaciones/Soportes%20Capacitaciones%20A%C3%B1o%202013/0058.%20Taller%20pr%C3%A1ctico_pliegos%20Aseo%20y%20Cafeteria.pdf HTTP/1.1" 200 318143
66.249.67.119 - - [11/Dec/2014:03:22:59 -0500] "GET /portalsiaccapacitaciones/Soportes%20Capacitaciones%20A%C3%B1o%202013/0029.%20Equipos%20Ahorradores%20de%20Agua%20%2018%20de%20Julio.pdf HTTP/1.1" 200 5603911
200.31.197.50 - - [11/Dec/2014:03:23:03 -0500] "GET /galeria/nivo-slider/demo/images/12milLlantas.png HTTP/1.1" 304 -
157.55.39.13 - - [11/Dec/2014:03:23:08 -0500] "GET /bla/resoluciones/resoluciones%202010/7848.pdf HTTP/1.1" 200 90333
157.55.39.217 - - [11/Dec/2014:03:23:41 -0500] "GET /BLA/resoluciones/AUTOS%202009/0640.pdf HTTP/1.1" 200 73439
157.55.39.217 - - [11/Dec/2014:03:23:41 -0500] "GET /BLA/resoluciones/RESOLUCIONES%202012/1029.pdf HTTP/1.1" 200 657371
181.236.69.240 - - [11/Dec/2014:03:23:50 -0500] "GET /BLA/boletinlegal/js/jquery.scrollShow.js HTTP/1.1" 200 4586
181.236.69.240 - - [11/Dec/2014:03:23:50 -0500] "GET /BLA/boletinlegal/js/jquery.scrollTo-min.js HTTP/1.1" 200 1150
181.236.69.240 - - [11/Dec/2014:03:23:50 -0500] "GET /BLA/boletinlegal/js/jquery.js HTTP/1.1" 200 57254
74.86.158.107 - - [11/Dec/2014:03:24:01 -0500] "HEAD / HTTP/1.1" 302 -
188.165.15.44 - - [11/Dec/2014:03:24:52 -0500] "GET /BLA/resoluciones/RESOLUCIONES%202006/RES%202006%201451-1500/00001476.tif HTTP/1.1" 200 231280
198.27.66.185 - - [11/Dec/2014:03:25:06 -0500] "GET /robots.txt HTTP/1.0" 404 1015
66.249.67.135 - - [11/Dec/2014:03:25:06 -0500] "GET /portalsiaccapacitaciones/Soportes%20Capacitaciones%20A%C3%B1o%202013/0030.%20Basura%20Cero%20-%20Decreto%20400%20-%201%20de%20Agosto.pdf HTTP/1.1" 200 4100595
198.27.66.185 - - [11/Dec/2014:03:25:11 -0500] "GET /newsecs1/plaenli/spf.htm HTTP/1.0" 404 1015
66.249.67.127 - - [11/Dec/2014:03:25:11 -0500] "GET /portalsiaccapacitaciones/Soportes%20Capacitaciones%20A%C3%B1o%202013/0006.%20Capaciaci%C3%B3n%20Metodolog%C3%ADa%20Protocolo%20GHG%20.pdf HTTP/1.1" 200 10317199
198.27.66.185 - - [11/Dec/2014:03:25:16 -0500] "GET /normnew/?C=D;O=A HTTP/1.0" 404 1015
180.76.5.171 - - [11/Dec/2014:03:25:18 -0500] "GET /BLA/resoluciones/RESOLUCIONES%202010/0836.pdf HTTP/1.1" 200 103430
66.249.67.99 - - [11/Dec/2014:03:25:22 -0500] "GET /BLA/resoluciones/AUTOS%202012/1458.pdf HTTP/1.1" 200 940823
66.249.67.127 - - [11/Dec/2014:03:25:26 -0500] "GET /portalsiaccapacitaciones/Soportes%20Capacitaciones%20A%C3%B1o%202013/0027.%20Registro%20-%20Permiso%20Vertimientos%20%2018%20de%20Julio.pdf HTTP/1.1" 200 3141246
66.249.67.119 - - [11/Dec/2014:03:25:30 -0500] "GET /portalsiaccapacitaciones/Soportes%20Capacitaciones%20A%C3%B1o%202013/0032.%20PRESENTACI%C3%93N%20FUENTES%20FIJAS%20-%2015%20de%20Agosto.pdf HTTP/1.1" 200 2919593
66.249.67.119 - - [11/Dec/2014:03:25:35 -0500] "GET /portalsiaccapacitaciones/Soportes%20Capacitaciones%20A%C3%B1o%202013/0061.%20Presentaci%C3%B3n%20Implementaci%C3%B3n%20PIGA%2019-12-2013.pdf HTTP/1.1" 200 1464395
66.249.67.115 - - [11/Dec/2014:03:25:38 -0500] "GET /BLA/resoluciones/AUTOS%202008/0039.pdf HTTP/1.1" 200 92891
66.249.67.119 - - [11/Dec/2014:03:25:42 -0500] "GET /portalsiaccapacitaciones/Soportes%20Capacitaciones%20A%C3%B1o%202013/0034.%20PRESENTACI%C3%93N%20FUENTES%20MOVILES%20-%2015%20de%20Agosto.pdf HTTP/1.1" 200 6377864
66.249.67.127 - - [11/Dec/2014:03:25:48 -0500] "GET /portalsiaccapacitaciones/Soportes%20Capacitaciones%20A%C3%B1o%202013/0022.%20Presentacion%20Eficiencia%20energetica%20SDA%204%20de%20Julio.pdf HTTP/1.1" 200 2868947
186.31.9.173 - - [11/Dec/2014:03:25:58 -0500] "GET /galeria/nivo-slider/demo/demo.html HTTP/1.1" 304 -
186.31.9.173 - - [11/Dec/2014:03:26:01 -0500] "GET /galeria/nivo-slider/demo/images/coplima.jpg HTTP/1.1" 304 -
186.31.9.173 - - [11/Dec/2014:03:26:01 -0500] "GET /galeria/nivo-slider/demo/images/RdaNegociosFiltros.jpg HTTP/1.1" 304 -
186.31.9.173 - - [11/Dec/2014:03:26:01 -0500] "GET /galeria/nivo-slider/demo/images/BogotaSostenible.jpg HTTP/1.1" 304 -
186.31.9.173 - - [11/Dec/2014:03:26:01 -0500] "GET /galeria/nivo-slider/demo/images/Jornada-adopcion.jpg HTTP/1.1" 304 -
186.31.9.173 - - [11/Dec/2014:03:26:02 -0500] "GET /galeria/nivo-slider/demo/images/Banner-GAE3.jpg HTTP/1.1" 304 -
186.31.9.173 - - [11/Dec/2014:03:26:02 -0500] "GET /galeria/nivo-slider/demo/images/Banner-comparendo.jpg HTTP/1.1" 304 -
186.31.9.173 - - [11/Dec/2014:03:26:02 -0500] "GET /galeria/nivo-slider/demo/images/Banner-Caracol-Africano.jpg HTTP/1.1" 304 -
186.31.9.173 - - [11/Dec/2014:03:26:02 -0500] "GET /galeria/nivo-slider/demo/images/banner-musgo.jpg HTTP/1.1" 304 -
157.55.39.217 - - [11/Dec/2014:03:26:16 -0500] "GET /BLA/resoluciones/RESOLUCIONES%202009/2379.pdf HTTP/1.1" 200 426094
157.55.39.241 - - [11/Dec/2014:03:26:21 -0500] "GET /bla/resoluciones/resoluciones%202010/6238.pdf HTTP/1.1" 200 697359
66.249.67.119 - - [11/Dec/2014:03:27:22 -0500] "GET /portalsiaccapacitaciones/Soportes%20Capacitaciones%20A%C3%B1o%202013/0059.%20Taller%20pr%C3%A1ctico_pliegos%20papeler%C3%ADa%20y%20oficina.pdf HTTP/1.1" 200 322028
66.249.67.119 - - [11/Dec/2014:03:27:23 -0500] "GET /portalsiaccapacitaciones/Soportes%20Capacitaciones%20A%C3%B1o%202013/0033.%20PRESENTACION%20ESTACIONES%20DE%20SERVICIO%20-%2015%20de%20Agosto.pdf HTTP/1.1" 200 1912908
66.249.67.135 - - [11/Dec/2014:03:27:38 -0500] "GET /portalsiaccapacitaciones/Soportes%20Capacitaciones%20A%C3%B1o%202013/0023.%20PRESENTACI%C3%93N%20GESTORES%20AMBIENTALES%20SDA%204%20de%20Julio.pdf HTTP/1.1" 200 824824
157.55.39.217 - - [11/Dec/2014:03:27:47 -0500] "GET /BLA/resoluciones/RESOLUCIONES%202011/1217.pdf HTTP/1.1" 200 510153
66.249.67.135 - - [11/Dec/2014:03:27:51 -0500] "GET /portalsiaccapacitaciones/Soportes%20Capacitaciones%20A%C3%B1o%202013/0060.%20Presentaci%C3%B3n%20Balance%20Grupo%20de%20Instrumentos%2019-12-2013.pdf HTTP/1.1" 200 1694872
66.249.67.135 - - [11/Dec/2014:03:28:02 -0500] "GET /portalsiaccapacitaciones/Soportes%20Capacitaciones%20A%C3%B1o%202013/0026.%20Uso%20eficiente%20%20y%20Calidad%20del%20Agua%20EAAB%20%2018%20de%20Julio.pdf HTTP/1.1" 200 7879524
66.249.67.119 - - [11/Dec/2014:03:28:06 -0500] "-" 408 -
66.249.67.99 - - [11/Dec/2014:03:28:13 -0500] "GET /BLA/resoluciones/RESOLUCIONES%202009/7941.pdf HTTP/1.1" 200 499807
66.249.67.119 - - [11/Dec/2014:03:28:23 -0500] "GET /portalsiaccapacitaciones/Soportes%20Capacitaciones%20A%C3%B1o%202013/0046.%20Presentaci%C3%B3n%20Campa%C3%B1a%20Recolecci%C3%B3n%20RESPEL%2003-10-2013.pdf HTTP/1.1" 200 2388769
66.249.67.119 - - [11/Dec/2014:03:28:31 -0500] "GET /portalsiaccapacitaciones/Soportes%20Capacitaciones%20A%C3%B1o%202013/0040.%20Presentaci%C3%B3n%20SDM%20-%20TNM%20-%20MOVILIDAD%20SOSTENIBLE%2019-09-13.pdf HTTP/1.1" 200 4692540
66.249.67.119 - - [11/Dec/2014:03:28:40 -0500] "GET /portalsiaccapacitaciones/Soportes%20Capacitaciones%20A%C3%B1o%202013/0016.%20Acuerdo%20510%20Uso%20Racional%20Energia%20Navide%C3%B1a%2020%20de%20Junio.pdf HTTP/1.1" 200 1001977
66.249.67.107 - - [11/Dec/2014:03:28:47 -0500] "GET /BLA/resoluciones/RESOLUCIONES%202009/7231.pdf HTTP/1.1" 200 476452
66.249.67.135 - - [11/Dec/2014:03:28:53 -0500] "GET /portalsiaccapacitaciones/Soportes%20Capacitaciones%20A%C3%B1o%202013/0053.%20Presentaci%C3%B3n%20Contexto%20PYCS,%20CPS,%20Gu%C3%ADa%20MADS%2013-11-2013.pdf HTTP/1.1" 200 3890506
157.55.39.217 - - [11/Dec/2014:03:28:56 -0500] "GET /BLA/resoluciones/AUTOS%202009/2163.pdf HTTP/1.1" 200 88404
66.249.67.119 - - [11/Dec/2014:03:28:59 -0500] "GET /portalsiaccapacitaciones/Soportes%20Capacitaciones%20A%C3%B1o%202013/0010.%20Presentaci%C3%B3n%20Guia%20Ambiental%20Sector%20Construcci%C3%B3n%2023-05-13.pdf HTTP/1.1" 200 6755558
74.86.158.107 - - [11/Dec/2014:03:29:01 -0500] "HEAD / HTTP/1.1" 302 -
66.249.67.135 - - [11/Dec/2014:03:29:08 -0500] "GET /portalsiaccapacitaciones/Soportes%20Capacitaciones%20A%C3%B1o%202013/0049.%20ADOPCI%C3%93N%20DEL%20PROGRAMA%20DE%20ECOCOCONDUCCION%20EN%20PICA%2017-10-2013.pdf HTTP/1.1" 200 753216
66.249.67.127 - - [11/Dec/2014:03:29:14 -0500] "GET /ecodirectorio/files/mobile/res HTTP/1.1" 404 1019
66.249.67.135 - - [11/Dec/2014:03:29:19 -0500] "GET /portalsiaccapacitaciones/Soportes%20Capacitaciones%20A%C3%B1o%202013/0047.%20Presentaci%C3%B3n%20Campa%C3%B1a%20RAEE's%20y%20Seguimiento%20RCD%2017-10-2013.pdf HTTP/1.1" 200 1943836
66.249.67.127 - - [11/Dec/2014:03:29:24 -0500] "GET /portalsiaccapacitaciones/Soportes%20Capacitaciones%20A%C3%B1o%202013/0024.%20Articulacion%20Eficiencia%20Energetica%20-%20Cambio%20Climatico%204%20de%20Julio.pdf HTTP/1.1" 200 2783857
104.171.2.30 - - [11/Dec/2014:03:29:25 -0500] "GET /wp-admin/ HTTP/1.1" 404 1018
66.249.67.119 - - [11/Dec/2014:03:29:28 -0500] "GET /portalsiaccapacitaciones/Soportes%20Capacitaciones%20A%C3%B1o%202013/0041.%20Presentaci%C3%B3n%20Red%20de%20Monitoreo%20de%20Calidad%20del%20Aire%2019-09-2013.pdf HTTP/1.1" 200 4056474
66.249.67.119 - - [11/Dec/2014:03:29:33 -0500] "GET /portalsiaccapacitaciones/Soportes%20Capacitaciones%20A%C3%B1o%202013/0013.%20Presentaci%C3%B3n%20RESPEL%20(Clasificaci%C3%B3n,%20Cuantificaci%C3%B3n)%2023-05-13.pdf HTTP/1.1" 200 5851255
90.175.68.32 - - [11/Dec/2014:03:29:39 -0500] "POST /xmlrpc.php HTTP/1.1" 404 1018
66.249.67.107 - - [11/Dec/2014:03:29:41 -0500] "GET /BLA/resoluciones/RESOLUCIONES%202010/3076.pdf HTTP/1.1" 200 414554
157.55.39.240 - - [11/Dec/2014:03:29:43 -0500] "GET /BLA/resoluciones/RESOLUCIONES%202011/2139.pdf HTTP/1.1" 200 512439
66.249.67.127 - - [11/Dec/2014:03:29:45 -0500] "GET /portalsiaccapacitaciones/Soportes%20Capacitaciones%20A%C3%B1o%202013/0043.%20Presentaci%C3%B3n%20Gestores%20Almacenamiento%20de%20Respel%20-%20PRECO%2003-10-2013.pdf HTTP/1.1" 200 2880162
157.55.39.12 - - [11/Dec/2014:03:29:47 -0500] "GET /BLA/resoluciones/AUTOS%202012/0287.pdf HTTP/1.1" 200 295886
66.249.67.127 - - [11/Dec/2014:03:29:56 -0500] "GET /portalsiaccapacitaciones/Soportes%20Capacitaciones%20A%C3%B1o%202013/0054.%20Experiencia%20SDA%20Criterios%20Ambientales%20y%20Gesti%C3%B3n%20Contractual%2013-11-2013.pdf HTTP/1.1" 200 1339324
66.249.67.119 - - [11/Dec/2014:03:30:01 -0500] "GET /portalsiaccapacitaciones/Soportes%20Capacitaciones%20A%C3%B1o%202013/0045.%20Presentaci%C3%B3n%20Socializaci%C3%B3n%20Instructivo%20Huella%20de%20Carbono%2003-10-2013.pdf HTTP/1.1" 200 1235826
66.249.67.127 - - [11/Dec/2014:03:30:05 -0500] "GET /portalsiaccapacitaciones/Soportes%20Capacitaciones%20A%C3%B1o%202013/0051.%20Presentaci%C3%B3n%20Acuerdo%20510%20Uso%20Racional%20Energia%20Navide%C3%B1a%2031-10-2013.pdf HTTP/1.1" 200 2060945
188.165.15.132 - - [11/Dec/2014:03:30:07 -0500] "GET /BLA/resoluciones/RESOLUCIONES%202005/RES%202005%20301-351/00000315.tif HTTP/1.1" 200 152358
66.249.67.119 - - [11/Dec/2014:03:30:09 -0500] "GET /portalsiaccapacitaciones/Soportes%20Capacitaciones%20A%C3%B1o%202013/0020.%20Presentaci%C3%B3n%20Aprovechamiento%20de%20Residuos%20Org%C3%A1nicos%20Hospital%20Nazareth.pdf HTTP/1.1" 200 4242555
66.249.67.127 - - [11/Dec/2014:03:30:13 -0500] "GET /portalsiaccapacitaciones/Soportes%20Capacitaciones%20A%C3%B1o%202013/0031.%20Presentaci%C3%B3n%20residuos%20peligrosos%20-%20Bienes%20Inservibles%20-%201%20de%20Agosto.pdf HTTP/1.1" 200 2909201
180.76.5.144 - - [11/Dec/2014:03:30:16 -0500] "GET /BLA/resoluciones/index.php?dir=AUTOS+2006%2FAUTOS+2006+3101+-+3200%2F HTTP/1.1" 200 22189
66.249.67.135 - - [11/Dec/2014:03:30:20 -0500] "GET /portalsiaccapacitaciones/Soportes%20Capacitaciones%20A%C3%B1o%202013/0062.%20Presentaci%C3%B3n%20Resultados%20Acompa%C3%B1amiento%20Entidades%20Distritales%2019-12-2013.pdf HTTP/1.1" 200 1088583
66.249.67.135 - - [11/Dec/2014:03:30:24 -0500] "GET /portalsiaccapacitaciones/Soportes%20Capacitaciones%20A%C3%B1o%202013/0014.%20GESTI%C3%93N%20DE%20LOS%20ENVASES%20CLASIFICADOS%20COMO%20RESIDUOS%20YO%20DESECHOS%20PELIGROSOS.pdf HTTP/1.1" 200 3841439
66.249.67.119 - - [11/Dec/2014:03:30:28 -0500] "GET /portalsiaccapacitaciones/Soportes%20Capacitaciones%20A%C3%B1o%202013/0018.%20Presentacion%20Instrumentos%20de%20Planeaci%C3%B3n%20Ambiental%20del%20D.C.%20%2020%20Junio%202013.pdf HTTP/1.1" 200 3081257
121.205.245.179 - - [11/Dec/2014:03:30:32 -0500] "GET /BLA/resoluciones/RESOLUCIONES HTTP/1.1" 404 1018
66.249.67.99 - - [11/Dec/2014:03:30:49 -0500] "GET /BLA/resoluciones/AUTOS%202008/2271.pdf HTTP/1.1" 200 180818
176.9.40.107 - - [11/Dec/2014:03:31:07 -0500] "GET /robots.txt HTTP/1.1" 404 1015
66.249.67.99 - - [11/Dec/2014:03:32:13 -0500] "GET /BLA/resoluciones/RESOLUCIONES%202009/1267.pdf HTTP/1.1" 200 569573
66.249.67.135 - - [11/Dec/2014:03:32:19 -0500] "GET /portalsiaccapacitaciones/Soportes%20Capacitaciones%20A%C3%B1o%202013/0009.%20Presentaci%C3%B3n%20Hospitalarios%20(Clasificaci%C3%B3n,%20Cuantificaci%C3%B3n)%20-%20Lista%20de%20asistencia%2023-05-13.pdf HTTP/1.1" 200 3434302
66.249.67.115 - - [11/Dec/2014:03:32:25 -0500] "GET /BLA/resoluciones/AUTOS%202007/0214.pdf HTTP/1.1" 200 16712
157.55.39.12 - - [11/Dec/2014:03:32:55 -0500] "GET /bla/resoluciones/resoluciones%202009/9098.pdf HTTP/1.1" 200 476075
157.55.39.241 - - [11/Dec/2014:03:33:39 -0500] "GET /bla/resoluciones/resoluciones%202009/0308.pdf HTTP/1.1" 200 439710
157.55.39.113 - - [11/Dec/2014:03:33:48 -0500] "GET /bla/resoluciones/RESOLUCIONES%202011/1277.pdf HTTP/1.1" 200 357082
74.86.158.107 - - [11/Dec/2014:03:34:01 -0500] "HEAD / HTTP/1.1" 302 -
66.249.67.115 - - [11/Dec/2014:03:34:02 -0500] "GET /BLA/resoluciones/RESOLUCIONES%202009/7454.pdf HTTP/1.1" 200 65550
157.55.39.13 - - [11/Dec/2014:03:34:05 -0500] "GET /BLA/resoluciones/Resoluciones%202011/0633.pdf HTTP/1.1" 200 290286
66.249.67.135 - - [11/Dec/2014:03:34:05 -0500] "GET /portalsiaccapacitaciones/Soportes%20Capacitaciones%20A%C3%B1o%202013/0050.%20Presentaci%C3%B3n%20Caso%20Pr%C3%A1ctico%20para%20el%20C%C3%A1lculo%20de%20Huella%20de%20Carbono%20Inventario%20GEI%20-%20EAAB%2017-10-2013.pdf HTTP/1.1" 200 2952319
66.249.67.107 - - [11/Dec/2014:03:35:39 -0500] "GET /BLA/resoluciones/RESOLUCIONES%202008/2021.pdf HTTP/1.1" 200 443520
100.43.85.25 - - [11/Dec/2014:03:36:06 -0500] "GET /icons/compressed.gif HTTP/1.1" 200 1038
157.55.39.113 - - [11/Dec/2014:03:36:31 -0500] "GET /bla/resoluciones/resoluciones%202009/1270.pdf HTTP/1.1" 200 531828
126.130.86.232 - - [11/Dec/2014:03:36:36 -0500] "POST /xmlrpc.php HTTP/1.1" 404 1019
66.249.67.115 - - [11/Dec/2014:03:36:59 -0500] "GET /BLA/resoluciones/RESOLUCIONES%202004/RES%202004%20251-300/00000265.tif HTTP/1.1" 200 252700
157.55.39.113 - - [11/Dec/2014:03:37:10 -0500] "-" 408 -
66.249.67.99 - - [11/Dec/2014:03:37:16 -0500] "GET /BLA/resoluciones/AUTOS%202008/1204.pdf HTTP/1.1" 200 298581
157.55.39.240 - - [11/Dec/2014:03:37:49 -0500] "GET /bla/resoluciones/resoluciones%202009/0044.pdf HTTP/1.1" 200 68609
157.55.39.240 - - [11/Dec/2014:03:38:03 -0500] "GET /bla/resoluciones/resoluciones%202009/7830.pdf HTTP/1.1" 200 563963
157.55.39.113 - - [11/Dec/2014:03:38:12 -0500] "GET /bla/resoluciones/resoluciones%202009/7560.pdf HTTP/1.1" 200 516834
66.249.67.115 - - [11/Dec/2014:03:38:53 -0500] "GET /BLA/resoluciones/AUTOS%202009/3194.pdf HTTP/1.1" 200 142468
74.86.158.107 - - [11/Dec/2014:03:39:01 -0500] "HEAD / HTTP/1.1" 302 -
104.171.2.30 - - [11/Dec/2014:03:39:09 -0500] "GET /test/wp-admin/ HTTP/1.1" 404 1018
157.55.39.13 - - [11/Dec/2014:03:39:11 -0500] "GET /bla/resoluciones/resoluciones%202010/5363.pdf HTTP/1.1" 200 441995
157.55.39.217 - - [11/Dec/2014:03:39:13 -0500] "-" 408 -
66.249.67.127 - - [11/Dec/2014:03:39:15 -0500] "GET /ecodirectorio/files/mobile/files HTTP/1.1" 404 1019
66.249.67.99 - - [11/Dec/2014:03:40:30 -0500] "GET /BLA/resoluciones/RESOLUCIONES%202010/6986.pdf HTTP/1.1" 200 375793
157.55.39.240 - - [11/Dec/2014:03:41:19 -0500] "GET /bla/resoluciones/resoluciones%202010/1889.pdf HTTP/1.1" 200 603023
180.76.6.139 - - [11/Dec/2014:03:41:22 -0500] "GET /BLA/resoluciones/RESOLUCIONES%202010/0115.pdf HTTP/1.1" 200 515212
157.55.39.113 - - [11/Dec/2014:03:41:56 -0500] "-" 408 -
66.249.67.107 - - [11/Dec/2014:03:42:07 -0500] "GET /BLA/resoluciones/RESOLUCIONES%202010/1413.pdf HTTP/1.1" 200 2025111
66.249.67.99 - - [11/Dec/2014:03:42:45 -0500] "GET /BLA/resoluciones/RESOLUCIONES%202009/7941.pdf HTTP/1.1" 200 499807
66.249.67.107 - - [11/Dec/2014:03:42:47 -0500] "GET /BLA/resoluciones/AUTOS%202009/3194.pdf HTTP/1.1" 200 142468
186.113.10.143 - - [11/Dec/2014:03:43:40 -0500] "GET /galeria/nivo-slider/demo/demo.html HTTP/1.1" 304 -
157.55.39.113 - - [11/Dec/2014:03:43:42 -0500] "GET /BLA/resoluciones/RESOLUCIONES%202011/1847.pdf HTTP/1.1" 200 507719
66.249.67.115 - - [11/Dec/2014:03:43:43 -0500] "GET /BLA/resoluciones/RESOLUCIONES%202010/7148.pdf HTTP/1.1" 200 161849
74.86.158.107 - - [11/Dec/2014:03:44:01 -0500] "HEAD / HTTP/1.1" 302 -
180.76.6.156 - - [11/Dec/2014:03:44:09 -0500] "GET /BLA/resoluciones/RESOLUCIONES%202010/0592.pdf HTTP/1.1" 200 497991
66.249.67.107 - - [11/Dec/2014:03:44:52 -0500] "GET /BLA/resoluciones/RESOLUCIONES%202011/3475.pdf HTTP/1.1" 200 530410
157.55.39.113 - - [11/Dec/2014:03:45:08 -0500] "GET /BLA/resoluciones/RESOLUCIONES%202011/0094.pdf HTTP/1.1" 200 357810
157.55.39.113 - - [11/Dec/2014:03:45:08 -0500] "GET /BLA/resoluciones/RESOLUCIONES%202011/2175.pdf HTTP/1.1" 200 496828
180.76.6.135 - - [11/Dec/2014:03:45:10 -0500] "GET /BLA/resoluciones/RESOLUCIONES%202010/0096.pdf HTTP/1.1" 200 506267
157.55.39.13 - - [11/Dec/2014:03:45:12 -0500] "GET /BLA/resoluciones/RESOLUCIONES%202010/5808.pdf HTTP/1.1" 200 38850
157.55.39.13 - - [11/Dec/2014:03:45:14 -0500] "GET /BLA/resoluciones/RESOLUCIONES%202008/1747.pdf HTTP/1.1" 200 350782
157.55.39.217 - - [11/Dec/2014:03:45:17 -0500] "GET /BLA/resoluciones/RESOLUCIONES%202011/4603.pdf HTTP/1.1" 200 1035804
188.165.15.36 - - [11/Dec/2014:03:45:19 -0500] "GET /BLA/resoluciones/RESOLUCIONES%202005/RES%202005%20401-450/00000415.tif HTTP/1.1" 200 138794
66.249.67.99 - - [11/Dec/2014:03:45:20 -0500] "GET /BLA/resoluciones/RESOLUCIONES%202007/RES%202007%203301%20AL%203400/RESOLUCION%203388%20DE%202007.pdf HTTP/1.1" 200 493204
157.55.39.217 - - [11/Dec/2014:03:45:54 -0500] "GET /BLA/resoluciones/RESOLUCIONES%202010/2759.pdf HTTP/1.1" 200 500227
66.249.67.99 - - [11/Dec/2014:03:46:19 -0500] "GET /BLA/resoluciones/RESOLUCIONES%202009/7231.pdf HTTP/1.1" 200 476452
157.55.39.13 - - [11/Dec/2014:03:46:20 -0500] "GET /BLA/resoluciones/RESOLUCIONES%202009/1662.pdf HTTP/1.1" 200 422810
157.55.39.13 - - [11/Dec/2014:03:46:20 -0500] "GET /BLA/resoluciones/AUTOS%202012/3112.pdf HTTP/1.1" 200 1978577
157.55.39.13 - - [11/Dec/2014:03:46:21 -0500] "GET /BLA/resoluciones/RESOLUCIONES%202010/1044.pdf HTTP/1.1" 200 109822
157.55.39.13 - - [11/Dec/2014:03:46:21 -0500] "GET /BLA/resoluciones/RESOLUCIONES%202009/1056.pdf HTTP/1.1" 200 213497
157.55.39.13 - - [11/Dec/2014:03:46:22 -0500] "GET /bla/resoluciones/resoluciones%202010/7241.pdf HTTP/1.1" 200 629252
66.249.67.99 - - [11/Dec/2014:03:46:57 -0500] "GET /BLA/resoluciones/RESOLUCIONES%202009/9764.pdf HTTP/1.1" 200 320607
66.249.67.99 - - [11/Dec/2014:03:47:08 -0500] "GET /BLA/resoluciones/RESOLUCIONES%202006/RES%202006%20101-150/00000133.tif HTTP/1.1" 200 195076
157.55.39.113 - - [11/Dec/2014:03:47:36 -0500] "GET /BLA/resoluciones/AUTOS%202011/1713.pdf HTTP/1.1" 200 166965
157.55.39.240 - - [11/Dec/2014:03:48:04 -0500] "GET /BLA/resoluciones/AUTOS%202011/3233.pdf HTTP/1.1" 200 270041
180.76.5.173 - - [11/Dec/2014:03:48:20 -0500] "GET /BLA/resoluciones/RESOLUCIONES%202010/1681.pdf HTTP/1.1" 200 306935
157.55.39.13 - - [11/Dec/2014:03:48:31 -0500] "GET /galeria/bibloteca/ContentFlowAddOn_white.css HTTP/1.1" 200 3355
66.249.67.99 - - [11/Dec/2014:03:48:34 -0500] "GET /BLA/resoluciones/RESOLUCIONES%202009/8755.pdf HTTP/1.1" 200 531267
104.171.2.30 - - [11/Dec/2014:03:48:40 -0500] "GET /wordpress/wp-admin/ HTTP/1.1" 404 1018
157.55.39.12 - - [11/Dec/2014:03:48:44 -0500] "GET /BLA/resoluciones/RESOLUCIONES%202011/0564.pdf HTTP/1.1" 200 342209
74.86.158.107 - - [11/Dec/2014:03:49:01 -0500] "HEAD / HTTP/1.1" 302 -
157.55.39.113 - - [11/Dec/2014:03:49:14 -0500] "GET /bla/resoluciones/resoluciones%202010/1079.pdf HTTP/1.1" 200 106134
157.55.39.12 - - [11/Dec/2014:03:49:38 -0500] "GET /bla/resoluciones/resoluciones%202009/0892.pdf HTTP/1.1" 200 435976
66.249.67.115 - - [11/Dec/2014:03:50:11 -0500] "GET /BLA/resoluciones/AUTOS%202007/1994.pdf HTTP/1.1" 200 207951
181.55.214.207 - - [11/Dec/2014:03:50:28 -0500] "GET /BLA/boletinlegal/js/jquery.scrollTo-min.js HTTP/1.1" 200 1150
181.55.214.207 - - [11/Dec/2014:03:50:28 -0500] "GET /BLA/boletinlegal/js/jquery.js HTTP/1.1" 200 57254
181.55.214.207 - - [11/Dec/2014:03:50:28 -0500] "GET /BLA/boletinlegal/js/jquery.scrollShow.js HTTP/1.1" 200 4586
66.249.67.115 - - [11/Dec/2014:03:51:07 -0500] "GET /BLA/resoluciones/RESOLUCIONES%202012/0619.pdf HTTP/1.1" 304 -
202.46.49.144 - - [11/Dec/2014:03:51:35 -0500] "GET /legis/?C=S;O=D HTTP/1.1" 404 1019
202.46.61.40 - - [11/Dec/2014:03:51:38 -0500] "GET /legis/?C=S;O=D HTTP/1.1" 404 1019
202.46.50.21 - - [11/Dec/2014:03:51:41 -0500] "GET /legis/?C=S;O=D HTTP/1.1" 404 1019
202.46.56.57 - - [11/Dec/2014:03:51:43 -0500] "GET /legis/?C=S;O=D HTTP/1.1" 404 1019
157.55.39.240 - - [11/Dec/2014:03:51:47 -0500] "GET /BLA/resoluciones/AUTOS%202011/4792.pdf HTTP/1.1" 200 196655
66.249.67.115 - - [11/Dec/2014:03:51:48 -0500] "GET /BLA/resoluciones/RESOLUCIONES%202010/0559.pdf HTTP/1.1" 200 100786
157.55.39.12 - - [11/Dec/2014:03:52:41 -0500] "GET /bla/resoluciones/resoluciones%202010/6481.pdf HTTP/1.1" 200 64585
157.55.39.217 - - [11/Dec/2014:03:52:46 -0500] "GET /BLA/resoluciones/AUTOS%202010/4874.pdf HTTP/1.1" 200 161947
157.55.39.240 - - [11/Dec/2014:03:53:18 -0500] "GET /BLA/resoluciones/RESOLUCIONES%202011/2620.pdf HTTP/1.1" 200 510747
66.249.67.99 - - [11/Dec/2014:03:53:25 -0500] "GET /BLA/resoluciones/RESOLUCIONES%202010/0879.pdf HTTP/1.1" 200 105654
192.109.145.42 - - [11/Dec/2014:03:53:27 -0500] "GET /galeria/nivo-slider/demo/images/Biotaxis-Man.jpg HTTP/1.1" 304 -
65.55.212.69 - - [11/Dec/2014:03:53:27 -0500] "GET /BLA/boletinlegal/js/jquery.scrollTo-min.js HTTP/1.1" 200 1150
65.55.212.84 - - [11/Dec/2014:03:53:27 -0500] "GET /BLA/boletinlegal/js/jquery.js HTTP/1.1" 200 57254
65.55.212.69 - - [11/Dec/2014:03:53:27 -0500] "GET /BLA/boletinlegal/js/jquery.scrollShow.js HTTP/1.1" 200 4586
66.249.67.107 - - [11/Dec/2014:03:53:34 -0500] "GET /BLA/boletinlegal/js/jquery.js HTTP/1.1" 200 57254
66.249.67.115 - - [11/Dec/2014:03:53:35 -0500] "GET /BLA/boletinlegal/js/jquery.scrollShow.js HTTP/1.1" 200 4586
66.249.67.99 - - [11/Dec/2014:03:53:35 -0500] "GET /BLA/boletinlegal/js/jquery.scrollTo-min.js HTTP/1.1" 200 1150
66.249.67.99 - - [11/Dec/2014:03:53:39 -0500] "GET /BLA/resoluciones/AUTOS%202008/2271.pdf HTTP/1.1" 200 180818
188.165.15.191 - - [11/Dec/2014:03:53:52 -0500] "GET /BLA/resoluciones/RESOLUCIONES%202005/RES%202005%202301-2350/00002324.tif HTTP/1.1" 200 152730
74.86.158.107 - - [11/Dec/2014:03:54:01 -0500] "HEAD / HTTP/1.1" 302 -
66.249.67.135 - - [11/Dec/2014:03:54:12 -0500] "GET /PruebasSTORM/StormSDA_pruebas/userFiles/user_files/92/ HTTP/1.1" 200 1756
157.55.39.113 - - [11/Dec/2014:03:54:34 -0500] "GET /BLA/resoluciones/RESOLUCIONES%202011/3908.pdf HTTP/1.1" 200 568622
157.55.39.60 - - [11/Dec/2014:03:54:36 -0500] "GET /dama/libreria/php/decide.php?patron=03.170102 HTTP/1.1" 404 1019
157.55.39.217 - - [11/Dec/2014:03:54:45 -0500] "GET /BLA/resoluciones/AUTOS%202012/1788.pdf HTTP/1.1" 200 1087610
66.249.67.115 - - [11/Dec/2014:03:55:01 -0500] "GET /BLA/resoluciones/RESOLUCIONES%202010/6966.pdf HTTP/1.1" 304 -
188.165.15.132 - - [11/Dec/2014:03:55:49 -0500] "GET /BLA/resoluciones/RESOLUCIONES%202004/RES%202004%20151-200/00000153.tif HTTP/1.1" 200 27978
157.55.39.12 - - [11/Dec/2014:03:55:50 -0500] "GET /BLA/resoluciones/AUTOS%202010/6108.pdf HTTP/1.1" 200 254040
66.249.67.107 - - [11/Dec/2014:03:56:38 -0500] "GET /BLA/resoluciones/RESOLUCIONES%202010/2417.pdf HTTP/1.1" 200 584643
181.225.88.135 - - [11/Dec/2014:03:56:46 -0500] "GET /BLA/boletinlegal/js/jquery.js HTTP/1.1" 200 57254
181.225.88.135 - - [11/Dec/2014:03:56:46 -0500] "GET /BLA/boletinlegal/js/jquery.scrollTo-min.js HTTP/1.1" 200 1150
181.225.88.135 - - [11/Dec/2014:03:56:46 -0500] "GET /BLA/boletinlegal/js/jquery.scrollShow.js HTTP/1.1" 200 4586
180.76.5.150 - - [11/Dec/2014:03:56:55 -0500] "GET /BLA/resoluciones/RESOLUCIONES%202010/0813.pdf HTTP/1.1" 200 98087
157.55.39.12 - - [11/Dec/2014:03:56:59 -0500] "GET /bla/resoluciones/resoluciones%202010/5819.pdf HTTP/1.1" 200 84398
157.55.39.240 - - [11/Dec/2014:03:57:07 -0500] "GET /BLA/resoluciones/RESOLUCIONES%202008/2291.pdf HTTP/1.1" 200 362797
188.165.15.231 - - [11/Dec/2014:03:57:39 -0500] "GET /BLA/resoluciones/RESOLUCIONES%202006/RES%202006%20651-700/00000699.tif HTTP/1.1" 200 312520
180.76.6.55 - - [11/Dec/2014:03:57:55 -0500] "GET /BLA/resoluciones/RESOLUCIONES%202010/2233.pdf HTTP/1.1" 200 490633
66.249.67.99 - - [11/Dec/2014:03:58:15 -0500] "GET /BLA/resoluciones/RESOLUCIONES%202013/0363.pdf HTTP/1.1" 200 1527088
104.171.2.30 - - [11/Dec/2014:03:58:18 -0500] "GET /blog/wp-admin/ HTTP/1.1" 404 1018
188.165.15.36 - - [11/Dec/2014:03:58:25 -0500] "GET /BLA/resoluciones/RESOLUCIONES%202003/RES%202003%201001-1050/1043.tif HTTP/1.1" 200 128496
157.55.39.217 - - [11/Dec/2014:03:58:40 -0500] "GET /bla/resoluciones/resoluciones%202010/7530.pdf HTTP/1.1" 200 316989
157.55.39.217 - - [11/Dec/2014:03:58:42 -0500] "GET /bla/resoluciones/RESOLUCIONES%202011/0078.pdf HTTP/1.1" 200 383705
157.55.39.217 - - [11/Dec/2014:03:58:42 -0500] "GET /BLA/resoluciones/RESOLUCIONES%202009/3263.pdf HTTP/1.1" 200 692048
157.55.39.240 - - [11/Dec/2014:03:58:54 -0500] "GET /BLA/resoluciones/Resoluciones%202011/0346.pdf HTTP/1.1" 200 88875
74.86.158.107 - - [11/Dec/2014:03:59:01 -0500] "HEAD / HTTP/1.1" 302 -
157.55.39.113 - - [11/Dec/2014:03:59:03 -0500] "GET /BLA/resoluciones/RESOLUCIONES%202009/6169.pdf HTTP/1.1" 200 639636
157.55.39.217 - - [11/Dec/2014:03:59:08 -0500] "GET /BLA/resoluciones/RESOLUCIONES%202011/1175.pdf HTTP/1.1" 200 707376
157.55.39.217 - - [11/Dec/2014:03:59:09 -0500] "GET /BLA/resoluciones/AUTOS%202011/4787.pdf HTTP/1.1" 200 238229
157.55.39.241 - - [11/Dec/2014:03:59:30 -0500] "GET /bla/resoluciones/resoluciones%202010/2253.pdf HTTP/1.1" 200 477389
157.55.39.113 - - [11/Dec/2014:03:59:39 -0500] "GET /bla/resoluciones/resoluciones%202009/5986.pdf HTTP/1.1" 200 279397
66.249.67.115 - - [11/Dec/2014:03:59:52 -0500] "GET /BLA/resoluciones/AUTOS%202011/4763.pdf HTTP/1.1" 200 240103
180.76.6.150 - - [11/Dec/2014:03:59:56 -0500] "GET /BLA/resoluciones/RESOLUCIONES%202010/1413.pdf HTTP/1.1" 200 2025111
186.84.145.136 - - [11/Dec/2014:04:00:24 -0500] "GET /BLA/resoluciones/RESOLUCIONES%202007/RES%202007%201201%20AL%201300/RESOLUCION%201208%20DE%202007.pdf HTTP/1.1" 200 489317
202.46.50.11 - - [11/Dec/2014:04:00:25 -0500] "GET / HTTP/1.1" 302 -
186.84.145.136 - - [11/Dec/2014:04:00:25 -0500] "GET /favicon.ico HTTP/1.1" 200 7782
186.84.145.136 - - [11/Dec/2014:04:00:25 -0500] "GET /BLA/resoluciones/RESOLUCIONES%202007/RES%202007%201201%20AL%201300/RESOLUCION%201208%20DE%202007.pdf HTTP/1.1" 206 30565
186.84.145.136 - - [11/Dec/2014:04:00:25 -0500] "GET /BLA/resoluciones/RESOLUCIONES%202007/RES%202007%201201%20AL%201300/RESOLUCION%201208%20DE%202007.pdf HTTP/1.1" 206 65536
186.84.145.136 - - [11/Dec/2014:04:00:26 -0500] "GET /BLA/resoluciones/RESOLUCIONES%202007/RES%202007%201201%20AL%201300/RESOLUCION%201208%20DE%202007.pdf HTTP/1.1" 206 65536
186.84.145.136 - - [11/Dec/2014:04:00:26 -0500] "GET /BLA/resoluciones/RESOLUCIONES%202007/RES%202007%201201%20AL%201300/RESOLUCION%201208%20DE%202007.pdf HTTP/1.1" 206 65536
186.84.145.136 - - [11/Dec/2014:04:00:26 -0500] "GET /BLA/resoluciones/RESOLUCIONES%202007/RES%202007%201201%20AL%201300/RESOLUCION%201208%20DE%202007.pdf HTTP/1.1" 206 65536
186.84.145.136 - - [11/Dec/2014:04:00:26 -0500] "GET /BLA/resoluciones/RESOLUCIONES%202007/RES%202007%201201%20AL%201300/RESOLUCION%201208%20DE%202007.pdf HTTP/1.1" 206 65536
66.249.67.127 - - [11/Dec/2014:04:00:50 -0500] "GET /PruebasSTORM/StormSDA_pruebas/userFiles/user_files/88/ HTTP/1.1" 200 1756
157.55.39.240 - - [11/Dec/2014:04:00:54 -0500] "GET /bla/resoluciones/RESOLUCIONES%202011/3319.pdf HTTP/1.1" 200 789336
188.165.15.10 - - [11/Dec/2014:04:00:55 -0500] "GET /BLA/resoluciones/index.php?dir=RESOLUCIONES%202005/RES%202005%202051-2100/&sort=size&order=desc HTTP/1.1" 200 12351
188.165.15.15 - - [11/Dec/2014:04:01:14 -0500] "GET /BLA/resoluciones/RESOLUCIONES%202005/RES%202005%201201-1250/INDEX.DAT HTTP/1.1" 200 2000
119.63.193.132 - - [11/Dec/2014:04:01:16 -0500] "GET / HTTP/1.1" 302 -
123.125.71.51 - - [11/Dec/2014:04:01:18 -0500] "GET / HTTP/1.1" 302 -
66.249.67.107 - - [11/Dec/2014:04:01:29 -0500] "GET /BLA/resoluciones/RESOLUCIONES%202007/RES%202007%203801%20AL%203900/RESOLUCION%203842%20DE%202007.pdf HTTP/1.1" 200 699833
220.181.108.83 - - [11/Dec/2014:04:02:37 -0500] "GET / HTTP/1.1" 302 -
66.249.67.99 - - [11/Dec/2014:04:03:06 -0500] "GET /BLA/resoluciones/RESOLUCIONES%202010/5936.pdf HTTP/1.1" 200 258668
188.165.15.191 - - [11/Dec/2014:04:03:42 -0500] "GET /BLA/resoluciones/RESOLUCIONES%202005/RES%202005%202551-2600/00002563.tif HTTP/1.1" 200 393416
74.86.158.107 - - [11/Dec/2014:04:04:01 -0500] "HEAD / HTTP/1.1" 302 -
157.55.39.240 - - [11/Dec/2014:04:04:09 -0500] "GET /bla/resoluciones/resoluciones%202010/5574.pdf HTTP/1.1" 200 1956880
157.55.39.241 - - [11/Dec/2014:04:04:34 -0500] "GET /BLA/resoluciones/RESOLUCIONES%202011/0671.pdf HTTP/1.1" 200 68301
66.249.67.107 - - [11/Dec/2014:04:04:43 -0500] "GET /BLA/resoluciones/RESOLUCIONES%202011/4594.pdf HTTP/1.1" 304 -
180.76.6.20 - - [11/Dec/2014:04:05:19 -0500] "GET /BLA/resoluciones/RESOLUCIONES%202010/2564.pdf HTTP/1.1" 200 500121
188.165.15.36 - - [11/Dec/2014:04:05:22 -0500] "GET /BLA/resoluciones/RESOLUCIONES%202000/2000%20200-249.tif HTTP/1.1" 200 6293319
157.55.39.217 - - [11/Dec/2014:04:05:39 -0500] "GET /bla/resoluciones/resoluciones%202009/2487.pdf HTTP/1.1" 200 294970
157.55.39.113 - - [11/Dec/2014:04:05:45 -0500] "GET /bla/resoluciones/resoluciones%202010/0606.pdf HTTP/1.1" 200 496981
66.249.67.115 - - [11/Dec/2014:04:05:47 -0500] "GET /BLA/resoluciones/RESOLUCIONES%202002/RES%202002%20501-550/00000520.tif HTTP/1.1" 200 95626
66.249.67.115 - - [11/Dec/2014:04:06:19 -0500] "GET /BLA/resoluciones/RESOLUCIONES%202007/RES%202007%203901%20AL%204000/RESOLUCION%203951%20DE%202007.pdf HTTP/1.1" 304 -
157.55.39.240 - - [11/Dec/2014:04:07:48 -0500] "GET /BLA/resoluciones/AUTOS%202011/3846.pdf HTTP/1.1" 200 322475
66.249.67.115 - - [11/Dec/2014:04:07:56 -0500] "GET /BLA/resoluciones/RESOLUCIONES%202009/9761.pdf HTTP/1.1" 200 311691
104.171.2.30 - - [11/Dec/2014:04:08:08 -0500] "GET /wp/wp-admin/ HTTP/1.1" 404 1018
157.55.39.217 - - [11/Dec/2014:04:08:24 -0500] "GET /videos/galeria-fotografica/index21.html? HTTP/1.1" 200 1967
157.55.39.217 - - [11/Dec/2014:04:08:31 -0500] "GET /BLA/resoluciones/AUTOS%202009/3214.pdf HTTP/1.1" 200 190306
157.55.39.13 - - [11/Dec/2014:04:08:35 -0500] "GET /bla/resoluciones/resoluciones%202010/0073.pdf HTTP/1.1" 200 520016
157.55.39.240 - - [11/Dec/2014:04:08:57 -0500] "GET /BLA/resoluciones/RESOLUCIONES%202010/0937.pdf HTTP/1.1" 200 105620
74.86.158.107 - - [11/Dec/2014:04:09:01 -0500] "HEAD / HTTP/1.1" 302 -
212.14.140.2 - - [11/Dec/2014:04:09:24 -0500] "GET /BLA/resoluciones/RESOLUCIONES%202013/2079.pdf HTTP/1.1" 200 490937
157.55.39.240 - - [11/Dec/2014:04:09:24 -0500] "GET /BLA/resoluciones/AUTOS%202011/3067.pdf HTTP/1.1" 200 318034
180.76.6.149 - - [11/Dec/2014:04:09:30 -0500] "GET /BLA/resoluciones/RESOLUCIONES%202010/0879.pdf HTTP/1.1" 200 105654
66.249.67.99 - - [11/Dec/2014:04:09:33 -0500] "GET /BLA/resoluciones/RESOLUCIONES%202010/1703.pdf HTTP/1.1" 304 -
66.249.67.107 - - [11/Dec/2014:04:11:10 -0500] "GET /BLA/resoluciones/RESOLUCIONES%202009/8606.pdf HTTP/1.1" 304 -
100.43.85.25 - - [11/Dec/2014:04:11:12 -0500] "GET /videos/?C=M;O=A HTTP/1.1" 200 47950
180.76.5.155 - - [11/Dec/2014:04:11:31 -0500] "GET /BLA/resoluciones/RESOLUCIONES%202010/0300.pdf HTTP/1.1" 200 389549
157.55.39.217 - - [11/Dec/2014:04:11:40 -0500] "GET /BLA/resoluciones/RESOLUCIONES%202010/1554.pdf HTTP/1.1" 200 420315
66.249.67.115 - - [11/Dec/2014:04:11:44 -0500] "GET /BLA/resoluciones/AUTOS%202009/3194.pdf HTTP/1.1" 200 142468
189.148.113.241 - - [11/Dec/2014:04:12:07 -0500] "GET /BLA/boletinlegal/js/jquery.js HTTP/1.1" 200 57254
189.148.113.241 - - [11/Dec/2014:04:12:07 -0500] "GET /BLA/boletinlegal/js/jquery.scrollTo-min.js HTTP/1.1" 200 1150
189.148.113.241 - - [11/Dec/2014:04:12:07 -0500] "GET /BLA/boletinlegal/js/jquery.scrollShow.js HTTP/1.1" 200 4586
189.148.113.241 - - [11/Dec/2014:04:12:18 -0500] "GET /videos/CRRFFS.mp4 HTTP/1.1" 200 286784363
180.76.6.54 - - [11/Dec/2014:04:12:31 -0500] "GET /BLA/resoluciones/RESOLUCIONES%202007/RES%202007%20901%20AL%201000/RESOLUCION%200990%20DE%202007.pdf HTTP/1.1" 200 902760
66.249.67.107 - - [11/Dec/2014:04:12:47 -0500] "GET /autoliquidacion/TR%C3%81MITES%20ACEITES-RESIDUOS-ESTACIONES/REG.%20GENERADOR/126PM04-PR75-F-A2-V%201-LISTA%20CHEQUEO%20REG.GENERADOR.xls HTTP/1.1" 200 194560
188.165.15.187 - - [11/Dec/2014:04:13:01 -0500] "GET /BLA/resoluciones/index.php?dir=RESOLUCIONES+2003%2FRES+2003+2151-2189%2F HTTP/1.1" 200 9915
157.55.39.240 - - [11/Dec/2014:04:13:57 -0500] "GET /BLA/resoluciones/AUTOS%202009/1095.pdf HTTP/1.1" 200 98942
74.86.158.107 - - [11/Dec/2014:04:14:01 -0500] "HEAD / HTTP/1.1" 302 -
157.55.39.113 - - [11/Dec/2014:04:14:01 -0500] "GET /BLA/resoluciones/RESOLUCIONES%202008/2268.pdf HTTP/1.1" 200 206076
66.249.67.135 - - [11/Dec/2014:04:14:09 -0500] "GET /PruebasSTORM/StormSDA_pruebas/userFiles/user_files/89/ HTTP/1.1" 200 1756
66.249.67.99 - - [11/Dec/2014:04:14:24 -0500] "GET /BLA/resoluciones/AUTOS%202013/2007.pdf HTTP/1.1" 304 -
157.55.39.13 - - [11/Dec/2014:04:14:58 -0500] "GET /bla/resoluciones/resoluciones%202009/0868.pdf HTTP/1.1" 200 378581
200.89.247.202 - - [11/Dec/2014:04:15:17 -0500] "GET /BLA/boletinlegal/js/jquery.js HTTP/1.1" 200 57254
200.89.247.202 - - [11/Dec/2014:04:15:18 -0500] "GET /BLA/boletinlegal/js/jquery.scrollTo-min.js HTTP/1.1" 200 1150
200.89.247.202 - - [11/Dec/2014:04:15:18 -0500] "GET /BLA/boletinlegal/js/jquery.scrollShow.js HTTP/1.1" 200 4586
180.76.6.144 - - [11/Dec/2014:04:15:19 -0500] "GET /BLA/resoluciones/RESOLUCIONES%202010/0979.pdf HTTP/1.1" 200 122250
157.55.39.241 - - [11/Dec/2014:04:15:34 -0500] "GET /BLA/resoluciones/AUTOS%202012/2914.pdf HTTP/1.1" 200 2002188
157.55.39.240 - - [11/Dec/2014:04:15:44 -0500] "GET /BLA/resoluciones/RESOLUCIONES%202009/1051.pdf HTTP/1.1" 200 206756
157.55.39.217 - - [11/Dec/2014:04:15:56 -0500] "GET /bla/resoluciones/resoluciones%202010/7320.pdf HTTP/1.1" 200 424503
66.249.67.99 - - [11/Dec/2014:04:16:01 -0500] "GET /BLA/resoluciones/RESOLUCIONES%202010/2937.pdf HTTP/1.1" 304 -
157.55.39.240 - - [11/Dec/2014:04:16:01 -0500] "GET /bla/resoluciones/RESOLUCIONES%202011/3512.pdf HTTP/1.1" 200 509765
66.249.67.115 - - [11/Dec/2014:04:16:06 -0500] "GET /BLA/resoluciones/RESOLUCIONES%202006/RES%202006%20101-150/00000115.tif HTTP/1.1" 200 183170
180.76.6.146 - - [11/Dec/2014:04:16:23 -0500] "GET /Autoliquidacion/Grupo%20Forestal%20-%20Silvicultura/Estructura%20del%20SIADAMA.xls HTTP/1.1" 200 1761792
157.55.39.12 - - [11/Dec/2014:04:16:43 -0500] "GET /bla/resoluciones/resoluciones%202010/2261.pdf HTTP/1.1" 200 536435
157.55.39.217 - - [11/Dec/2014:04:16:47 -0500] "GET /BLA/resoluciones/RESOLUCIONES%202009/3825.pdf HTTP/1.1" 200 826016
180.76.6.231 - - [11/Dec/2014:04:17:20 -0500] "GET /BLA/resoluciones/RESOLUCIONES%202010/0743.pdf HTTP/1.1" 200 438061
192.109.145.42 - - [11/Dec/2014:04:17:27 -0500] "GET /galeria/nivo-slider/demo/demo.html HTTP/1.1" 304 -
66.249.67.107 - - [11/Dec/2014:04:17:37 -0500] "GET /BLA/resoluciones/RESOLUCIONES%202007/RES%202007%20401%20AL%20500/RESOLUCION%200444%20DE%202007.pdf HTTP/1.1" 304 -
104.171.2.30 - - [11/Dec/2014:04:17:43 -0500] "GET /old/wp-admin/ HTTP/1.1" 404 1018
180.76.5.69 - - [11/Dec/2014:04:18:20 -0500] "GET /BLA/resoluciones/RESOLUCIONES%202010/0785.pdf HTTP/1.1" 200 118636
157.55.39.217 - - [11/Dec/2014:04:18:21 -0500] "GET /BLA/resoluciones/RESOLUCIONES%202009/0631.pdf HTTP/1.1" 200 16013
186.118.208.172 - - [11/Dec/2014:04:18:35 -0500] "GET /BLA/boletinlegal/js/jquery.js HTTP/1.1" 200 57254
186.118.208.172 - - [11/Dec/2014:04:18:35 -0500] "GET /BLA/boletinlegal/js/jquery.scrollTo-min.js HTTP/1.1" 200 1150
186.118.208.172 - - [11/Dec/2014:04:18:35 -0500] "GET /BLA/boletinlegal/js/jquery.scrollShow.js HTTP/1.1" 200 4586
74.86.158.107 - - [11/Dec/2014:04:19:01 -0500] "HEAD / HTTP/1.1" 302 -
66.249.67.115 - - [11/Dec/2014:04:19:05 -0500] "GET /BLA/resoluciones/RESOLUCIONES%202010/1413.pdf HTTP/1.1" 200 2025111
157.55.39.13 - - [11/Dec/2014:04:19:09 -0500] "GET /BLA/resoluciones/AUTOS%202012/2545.pdf HTTP/1.1" 200 1912194
66.249.67.99 - - [11/Dec/2014:04:19:14 -0500] "GET /BLA/resoluciones/RESOLUCIONES%202010/4454.pdf HTTP/1.1" 304 -
180.76.6.137 - - [11/Dec/2014:04:19:21 -0500] "GET /BLA/resoluciones/RESOLUCIONES%202010/1729.pdf HTTP/1.1" 200 557549
157.55.39.13 - - [11/Dec/2014:04:20:07 -0500] "GET /dama/libreria/pdf/pigas/PIGA_alcaldia_santafe/Res_CP_Santa_fe.pdf HTTP/1.1" 404 1019
66.249.67.115 - - [11/Dec/2014:04:20:51 -0500] "GET /BLA/resoluciones/RESOLUCIONES%202010/6377.pdf HTTP/1.1" 304 -
157.55.39.13 - - [11/Dec/2014:04:21:10 -0500] "GET /BLA/resoluciones/AUTOS%202011/2408.pdf HTTP/1.1" 200 147973
157.55.39.62 - - [11/Dec/2014:04:22:06 -0500] "GET / HTTP/1.1" 302 -
66.249.67.99 - - [11/Dec/2014:04:22:28 -0500] "GET /BLA/resoluciones/RESOLUCIONES%202007/RES%202007%202801%20AL%202900/RESOLUCION%202891%20DE%202007.pdf HTTP/1.1" 200 45468
157.55.39.12 - - [11/Dec/2014:04:22:40 -0500] "GET /bla/resoluciones/resoluciones%202009/1591.pdf HTTP/1.1" 200 669717
180.249.82.81 - - [11/Dec/2014:04:23:13 -0500] "POST /xmlrpc.php HTTP/1.1" 404 1018
157.55.39.12 - - [11/Dec/2014:04:23:41 -0500] "GET /bla/resoluciones/RESOLUCIONES%202011/2171.pdf HTTP/1.1" 200 497264
74.86.158.107 - - [11/Dec/2014:04:24:01 -0500] "HEAD / HTTP/1.1" 302 -
66.249.67.115 - - [11/Dec/2014:04:24:06 -0500] "GET /BLA/resoluciones/RESOLUCIONES%202010/0852.pdf HTTP/1.1" 304 -
66.249.67.115 - - [11/Dec/2014:04:24:07 -0500] "GET /BLA/resoluciones/index.php?dir=RESOLUCIONES%202002/RES%202002%2001-50/&sort=name&order=desc HTTP/1.1" 200 12044
66.249.67.107 - - [11/Dec/2014:04:25:42 -0500] "GET /BLA/resoluciones/AUTOS%202007/0727.pdf HTTP/1.1" 200 261329
188.165.15.10 - - [11/Dec/2014:04:25:48 -0500] "GET /BLA/resoluciones/RESOLUCIONES%202004/RES%202004%201751-1800/00001754.tif HTTP/1.1" 200 155026
157.55.39.240 - - [11/Dec/2014:04:26:07 -0500] "GET /bla/resoluciones/resoluciones%202010/6691.pdf HTTP/1.1" 200 859819
190.25.232.143 - - [11/Dec/2014:04:26:22 -0500] "GET /galeria/nivo-slider/themes/orman/orman.css HTTP/1.1" 304 -
157.55.39.217 - - [11/Dec/2014:04:26:43 -0500] "GET /bla/resoluciones/resoluciones%202010/1931.pdf HTTP/1.1" 200 735226
188.165.15.235 - - [11/Dec/2014:04:27:12 -0500] "GET /BLA/resoluciones/RESOLUCIONES%202005/RES%202005%202201-2250/00002233.tif HTTP/1.1" 200 166054
66.249.67.115 - - [11/Dec/2014:04:27:19 -0500] "GET /BLA/resoluciones/RESOLUCIONES%202007/RES%202007%201101%20AL%201200/RESOLUCION%201167%20DE%202007.pdf HTTP/1.1" 304 -
157.55.39.13 - - [11/Dec/2014:04:28:21 -0500] "GET /bla/resoluciones/resoluciones%202010/6211.pdf HTTP/1.1" 200 577841
66.249.67.115 - - [11/Dec/2014:04:28:55 -0500] "GET /BLA/resoluciones/RESOLUCIONES%202010/5435.pdf HTTP/1.1" 200 518681
74.86.158.107 - - [11/Dec/2014:04:29:01 -0500] "HEAD / HTTP/1.1" 302 -
157.55.39.13 - - [11/Dec/2014:04:29:10 -0500] "GET /BLA/resoluciones/RESOLUCIONES%202009/2203.pdf HTTP/1.1" 200 620003
66.249.67.107 - - [11/Dec/2014:04:29:53 -0500] "GET /BLA/resoluciones/RESOLUCIONES%202009/9764.pdf HTTP/1.1" 200 320607
157.55.39.13 - - [11/Dec/2014:04:30:11 -0500] "GET /bla/resoluciones/resoluciones%202009/8287.pdf HTTP/1.1" 200 418020
188.165.15.187 - - [11/Dec/2014:04:30:14 -0500] "GET /BLA/resoluciones/RESOLUCIONES%202006/RES%202006%201801-1850/00001825.tif HTTP/1.1" 200 510330
180.76.6.230 - - [11/Dec/2014:04:30:19 -0500] "GET /BLA/resoluciones/RESOLUCIONES%202010/1066.pdf HTTP/1.1" 200 121300
66.249.67.99 - - [11/Dec/2014:04:30:32 -0500] "GET /BLA/resoluciones/RESOLUCIONES%202012/1899.pdf HTTP/1.1" 304 -
157.55.39.113 - - [11/Dec/2014:04:30:56 -0500] "GET /bla/resoluciones/RESOLUCIONES%202011/1714.pdf HTTP/1.1" 200 466309
180.76.6.47 - - [11/Dec/2014:04:31:20 -0500] "GET /BLA/resoluciones/RESOLUCIONES%202010/0359.pdf HTTP/1.1" 200 517755
66.249.67.115 - - [11/Dec/2014:04:32:09 -0500] "GET /BLA/resoluciones/AUTOS%202008/3406.pdf HTTP/1.1" 304 -
180.76.6.51 - - [11/Dec/2014:04:32:20 -0500] "GET /BLA/resoluciones/RESOLUCIONES%202010/0798.pdf HTTP/1.1" 200 103004
157.55.39.113 - - [11/Dec/2014:04:32:21 -0500] "GET /BLA/resoluciones/RESOLUCIONES%202009/1793.pdf HTTP/1.1" 200 280471
181.50.106.237 - - [11/Dec/2014:04:32:24 -0500] "GET /forms/frmservlet?config=sia HTTP/1.1" 200 4028
181.50.106.237 - - [11/Dec/2014:04:32:28 -0500] "GET /forms/java/frmall_jinit.jar HTTP/1.1" 304 -
181.50.106.237 - - [11/Dec/2014:04:32:29 -0500] "GET /forms/java/icons.jar HTTP/1.1" 304 -
181.50.106.237 - - [11/Dec/2014:04:32:31 -0500] "GET /forms/java/java/awt/KeyboardFocusManager.class HTTP/1.1" 404 352
157.55.39.13 - - [11/Dec/2014:04:32:31 -0500] "GET /BLA/resoluciones/AUTOS%202009/0617.pdf HTTP/1.1" 200 121663
181.50.106.237 - - [11/Dec/2014:04:32:32 -0500] "GET /forms/java/java/awt/KeyboardFocusManager.class HTTP/1.1" 404 352
181.50.106.237 - - [11/Dec/2014:04:32:32 -0500] "GET /forms/java/java/awt/event/MouseWheelListener.class HTTP/1.1" 404 356
181.50.106.237 - - [11/Dec/2014:04:32:32 -0500] "GET /forms/java/java/awt/event/MouseWheelListener.class HTTP/1.1" 404 356
181.50.106.237 - - [11/Dec/2014:04:32:33 -0500] "GET /forms/java/oracle/forms/registry/Registry.dat HTTP/1.1" 200 4213
181.50.106.237 - - [11/Dec/2014:04:32:33 -0500] "GET /forms/java/oracle/forms/registry/default.dat HTTP/1.1" 404 350
181.50.106.237 - - [11/Dec/2014:04:32:33 -0500] "GET /forms/frmservlet?config=sia&acceptLanguage=es-co&ifcmd=startsession HTTP/1.1" 200 119
181.50.106.237 - - [11/Dec/2014:04:32:33 -0500] "GET /forms/lservlet;jsessionid=ac16012b30d514a36e23ac7240ca892cfcab1bbc7ef6.e3iSbxaKaheRe34Sa3yKbhiTahb0n6jAmljGr5XDqQLvpAe?ifcmd=getinfo&ifhost=Edgar-PC&ifip=192.168.0.12 HTTP/1.1" 200 8
181.50.106.237 - - [11/Dec/2014:04:32:33 -0500] "POST /forms/lservlet;jsessionid=ac16012b30d514a36e23ac7240ca892cfcab1bbc7ef6.e3iSbxaKaheRe34Sa3yKbhiTahb0n6jAmljGr5XDqQLvpAe HTTP/1.1" 200 8
181.50.106.237 - - [11/Dec/2014:04:32:33 -0500] "GET /forms/java/oracle/forms/engine/RunformBundle_es_CO.class HTTP/1.1" 404 362
181.50.106.237 - - [11/Dec/2014:04:32:33 -0500] "GET /forms/java/oracle/forms/engine/RunformBundle_es_CO.class HTTP/1.1" 404 362
181.50.106.237 - - [11/Dec/2014:04:32:33 -0500] "GET /forms/java/oracle/forms/engine/RunformBundle_es_CO.properties HTTP/1.1" 404 367
181.50.106.237 - - [11/Dec/2014:04:32:34 -0500] "POST /forms/lservlet;jsessionid=ac16012b30d514a36e23ac7240ca892cfcab1bbc7ef6.e3iSbxaKaheRe34Sa3yKbhiTahb0n6jAmljGr5XDqQLvpAe HTTP/1.1" 200 64000
181.50.106.237 - - [11/Dec/2014:04:32:36 -0500] "POST /forms/lservlet;jsessionid=ac16012b30d514a36e23ac7240ca892cfcab1bbc7ef6.e3iSbxaKaheRe34Sa3yKbhiTahb0n6jAmljGr5XDqQLvpAe HTTP/1.1" 200 64000
181.50.106.237 - - [11/Dec/2014:04:32:37 -0500] "HEAD /imagenes/dama_logo.gif HTTP/1.1" 200 -
181.50.106.237 - - [11/Dec/2014:04:32:38 -0500] "POST /forms/lservlet;jsessionid=ac16012b30d514a36e23ac7240ca892cfcab1bbc7ef6.e3iSbxaKaheRe34Sa3yKbhiTahb0n6jAmljGr5XDqQLvpAe HTTP/1.1" 200 63623
181.50.106.237 - - [11/Dec/2014:04:32:38 -0500] "GET /imagenes/dama_logo.gif HTTP/1.1" 200 21482
181.50.106.237 - - [11/Dec/2014:04:32:44 -0500] "POST /forms/lservlet;jsessionid=ac16012b30d514a36e23ac7240ca892cfcab1bbc7ef6.e3iSbxaKaheRe34Sa3yKbhiTahb0n6jAmljGr5XDqQLvpAe HTTP/1.1" 200 2
181.50.106.237 - - [11/Dec/2014:04:32:45 -0500] "POST /forms/lservlet;jsessionid=ac16012b30d514a36e23ac7240ca892cfcab1bbc7ef6.e3iSbxaKaheRe34Sa3yKbhiTahb0n6jAmljGr5XDqQLvpAe HTTP/1.1" 200 2
188.165.15.10 - - [11/Dec/2014:04:32:54 -0500] "GET /BLA/resoluciones/RESOLUCIONES%202005/RES%202005%202651-2700/00002678.tif HTTP/1.1" 200 272390
66.249.67.99 - - [11/Dec/2014:04:33:46 -0500] "GET /BLA/resoluciones/RESOLUCIONES%202007/RES%202007%20901%20AL%201000/RESOLUCION%200939%20DE%202007.pdf HTTP/1.1" 200 268253
89.188.144.9 - - [11/Dec/2014:04:33:50 -0500] "GET /wp-admin/ HTTP/1.1" 404 1018
74.86.158.107 - - [11/Dec/2014:04:34:01 -0500] "HEAD / HTTP/1.1" 302 -
66.249.67.99 - - [11/Dec/2014:04:34:09 -0500] "GET /BLA/resoluciones/index.php?dir=RESOLUCIONES%202004/RES%202004%201251-1300/&sort=name&order=desc HTTP/1.1" 200 12351
181.50.106.237 - - [11/Dec/2014:04:34:34 -0500] "POST /forms/lservlet;jsessionid=ac16012b30d514a36e23ac7240ca892cfcab1bbc7ef6.e3iSbxaKaheRe34Sa3yKbhiTahb0n6jAmljGr5XDqQLvpAe HTTP/1.1" 200 2
66.249.67.99 - - [11/Dec/2014:04:34:35 -0500] "GET /BLA/resoluciones/RESOLUCIONES%202002/RES%202002%20551-600/00000564.tif HTTP/1.1" 200 98242
157.55.39.113 - - [11/Dec/2014:04:34:44 -0500] "GET /BLA/resoluciones/RESOLUCIONES%202008/0502.pdf HTTP/1.1" 200 466077
186.29.121.39 - - [11/Dec/2014:04:34:45 -0500] "GET /BLA/boletinlegal/js/jquery.js HTTP/1.1" 200 57254
186.29.121.39 - - [11/Dec/2014:04:34:45 -0500] "GET /galeria/carrusel/Carrusel/jquery.thumbnailScroller.css HTTP/1.1" 200 2066
186.29.121.39 - - [11/Dec/2014:04:34:45 -0500] "GET /BLA/boletinlegal/js/jquery.scrollShow.js HTTP/1.1" 200 4586
186.29.121.39 - - [11/Dec/2014:04:34:45 -0500] "GET /BLA/boletinlegal/js/jquery.scrollTo-min.js HTTP/1.1" 200 1150
186.29.121.39 - - [11/Dec/2014:04:34:46 -0500] "GET /galeria/carrusel/Carrusel/jquery-ui-1.8.13.custom.min.js HTTP/1.1" 200 10800
