186.154.85.200 - - [11/Dec/2014:00:32:43 -0500] "GET /BLA/resoluciones/RESOLUCIONES%202012/0293.pdf HTTP/1.1" 200 1362825
186.154.85.200 - - [11/Dec/2014:00:32:43 -0500] "GET /BLA/resoluciones/RESOLUCIONES%202012/0293.pdf HTTP/1.1" 206 32768
186.154.85.200 - - [11/Dec/2014:00:32:43 -0500] "GET /BLA/resoluciones/RESOLUCIONES%202012/0293.pdf HTTP/1.1" 206 1330057
157.55.39.240 - - [11/Dec/2014:00:32:47 -0500] "GET /BLA/resoluciones/Resoluciones%202011/1838.pdf HTTP/1.1" 200 512762
157.55.39.113 - - [11/Dec/2014:00:32:58 -0500] "GET /BLA/resoluciones/RESOLUCIONES%202009/0219.pdf HTTP/1.1" 200 397230
157.55.39.241 - - [11/Dec/2014:00:33:23 -0500] "GET /bla/resoluciones/resoluciones%202009/0266.pdf HTTP/1.1" 200 26597
157.55.39.217 - - [11/Dec/2014:00:33:36 -0500] "GET /BLA/resoluciones/AUTOS%202009/1681.pdf HTTP/1.1" 200 121642
157.55.39.217 - - [11/Dec/2014:00:33:36 -0500] "GET /BLA/resoluciones/Resoluciones%202011/1818.pdf HTTP/1.1" 200 516820
157.55.39.217 - - [11/Dec/2014:00:33:37 -0500] "GET /BLA/resoluciones/RESOLUCIONES%202009/2392.pdf HTTP/1.1" 200 381795
157.55.39.217 - - [11/Dec/2014:00:33:37 -0500] "GET /BLA/resoluciones/AUTOS%202011/0484.pdf HTTP/1.1" 200 102257
157.55.39.217 - - [11/Dec/2014:00:33:38 -0500] "GET /BLA/resoluciones/AUTOS%202011/5592.pdf HTTP/1.1" 200 200199
157.55.39.240 - - [11/Dec/2014:00:33:49 -0500] "GET /BLA/resoluciones/RESOLUCIONES%202009/1167.pdf HTTP/1.1" 200 233164
157.55.39.113 - - [11/Dec/2014:00:33:53 -0500] "GET /BLA/resoluciones/AUTOS%202009/0684.pdf HTTP/1.1" 200 75704
66.249.67.115 - - [11/Dec/2014:00:33:54 -0500] "GET /BLA/resoluciones/RESOLUCIONES%202007/RES%202007%201001%20AL%201100/RESOLUCION%201093%20DE%202007.pdf HTTP/1.1" 304 -
157.55.39.113 - - [11/Dec/2014:00:33:55 -0500] "GET /BLA/resoluciones/RESOLUCIONES%202010/2717.pdf HTTP/1.1" 200 407942
186.154.85.200 - - [11/Dec/2014:00:33:55 -0500] "POST /forms/lservlet;jsessionid=ac16012b30d53c4f0fb1f2d541d09871a861ba497d51.e3iSbxaKaheRe34Sa3yKbhiTahb0n6jAmljGr5XDqQLvpAe HTTP/1.1" 200 2
74.86.158.107 - - [11/Dec/2014:00:34:01 -0500] "HEAD / HTTP/1.1" 302 -
157.55.39.13 - - [11/Dec/2014:00:34:05 -0500] "GET /BLA/resoluciones/RESOLUCIONES%202011/4762.pdf HTTP/1.1" 200 599722
157.55.39.13 - - [11/Dec/2014:00:34:06 -0500] "GET /BLA/resoluciones/AUTOS%202011/1728.pdf HTTP/1.1" 200 137993
157.55.39.13 - - [11/Dec/2014:00:34:06 -0500] "GET /bla/resoluciones/resoluciones%202009/8007.pdf HTTP/1.1" 200 268788
157.55.39.113 - - [11/Dec/2014:00:34:15 -0500] "GET /bla/resoluciones/resoluciones%202010/2019.pdf HTTP/1.1" 200 336010
157.55.39.113 - - [11/Dec/2014:00:34:16 -0500] "GET /bla/resoluciones/resoluciones%202010/6609.pdf HTTP/1.1" 200 294811
157.55.39.113 - - [11/Dec/2014:00:34:16 -0500] "GET /BLA/resoluciones/RESOLUCIONES%202009/6785.pdf HTTP/1.1" 200 659270
157.55.39.113 - - [11/Dec/2014:00:34:18 -0500] "GET /bla/resoluciones/resoluciones%202009/8608.pdf HTTP/1.1" 200 108169
157.55.39.113 - - [11/Dec/2014:00:34:18 -0500] "GET /bla/resoluciones/resoluciones%202009/8294.pdf HTTP/1.1" 200 433271
157.55.39.217 - - [11/Dec/2014:00:34:21 -0500] "GET /BLA/resoluciones/Resoluciones%202011/0159.pdf HTTP/1.1" 200 322669
157.55.39.217 - - [11/Dec/2014:00:34:21 -0500] "GET /bla/resoluciones/resoluciones%202009/3735.pdf HTTP/1.1" 200 60898
157.55.39.217 - - [11/Dec/2014:00:34:25 -0500] "GET /BLA/resoluciones/RESOLUCIONES%202010/0750.pdf HTTP/1.1" 200 435565
157.55.39.13 - - [11/Dec/2014:00:34:25 -0500] "GET /BLA/resoluciones/AUTOS%202011/2989.pdf HTTP/1.1" 200 208223
157.55.39.113 - - [11/Dec/2014:00:34:31 -0500] "GET /BLA/resoluciones/AUTOS%202011/1945.pdf HTTP/1.1" 200 169865
157.55.39.113 - - [11/Dec/2014:00:34:32 -0500] "GET /bla/resoluciones/resoluciones%202009/2320.pdf HTTP/1.1" 200 515379
180.76.5.192 - - [11/Dec/2014:00:34:39 -0500] "GET /BLA/resoluciones/RESOLUCIONES%202010/1743.pdf HTTP/1.1" 200 486999
157.55.39.240 - - [11/Dec/2014:00:34:43 -0500] "GET /bla/resoluciones/RESOLUCIONES%202011/0385.pdf HTTP/1.1" 200 82235
157.55.39.240 - - [11/Dec/2014:00:35:01 -0500] "GET /BLA/resoluciones/RESOLUCIONES%202009/0244.pdf HTTP/1.1" 200 520957
188.165.15.187 - - [11/Dec/2014:00:35:05 -0500] "GET /BLA/resoluciones/RESOLUCIONES%202006/RES%202006%20551-600/00000584.tif HTTP/1.1" 200 249572
66.249.67.99 - - [11/Dec/2014:00:35:07 -0500] "GET /BLA/resoluciones/RESOLUCIONES%202009/2667.pdf HTTP/1.1" 304 -
157.55.39.113 - - [11/Dec/2014:00:35:10 -0500] "GET /bla/resoluciones/resoluciones%202010/6366.pdf HTTP/1.1" 200 85591
186.154.85.200 - - [11/Dec/2014:00:35:14 -0500] "POST /forms/lservlet;jsessionid=ac16012b30d53c4f0fb1f2d541d09871a861ba497d51.e3iSbxaKaheRe34Sa3yKbhiTahb0n6jAmljGr5XDqQLvpAe HTTP/1.1" 200 195
186.154.85.200 - - [11/Dec/2014:00:35:15 -0500] "POST /forms/lservlet;jsessionid=ac16012b30d53c4f0fb1f2d541d09871a861ba497d51.e3iSbxaKaheRe34Sa3yKbhiTahb0n6jAmljGr5XDqQLvpAe HTTP/1.1" 200 190
186.154.85.200 - - [11/Dec/2014:00:35:15 -0500] "POST /forms/lservlet;jsessionid=ac16012b30d53c4f0fb1f2d541d09871a861ba497d51.e3iSbxaKaheRe34Sa3yKbhiTahb0n6jAmljGr5XDqQLvpAe HTTP/1.1" 200 190
186.154.85.200 - - [11/Dec/2014:00:35:16 -0500] "POST /forms/lservlet;jsessionid=ac16012b30d53c4f0fb1f2d541d09871a861ba497d51.e3iSbxaKaheRe34Sa3yKbhiTahb0n6jAmljGr5XDqQLvpAe HTTP/1.1" 200 323
186.154.85.200 - - [11/Dec/2014:00:35:16 -0500] "POST /forms/lservlet;jsessionid=ac16012b30d53c4f0fb1f2d541d09871a861ba497d51.e3iSbxaKaheRe34Sa3yKbhiTahb0n6jAmljGr5XDqQLvpAe HTTP/1.1" 200 322
186.154.85.200 - - [11/Dec/2014:00:35:17 -0500] "POST /forms/lservlet;jsessionid=ac16012b30d53c4f0fb1f2d541d09871a861ba497d51.e3iSbxaKaheRe34Sa3yKbhiTahb0n6jAmljGr5XDqQLvpAe HTTP/1.1" 200 359
181.50.154.32 - - [11/Dec/2014:00:35:18 -0500] "GET /BLA/boletinlegal/js/jquery.js HTTP/1.1" 200 57254
181.50.154.32 - - [11/Dec/2014:00:35:18 -0500] "GET /BLA/boletinlegal/js/jquery.scrollTo-min.js HTTP/1.1" 200 1150
181.50.154.32 - - [11/Dec/2014:00:35:18 -0500] "GET /BLA/boletinlegal/js/jquery.scrollShow.js HTTP/1.1" 200 4586
186.154.85.200 - - [11/Dec/2014:00:35:18 -0500] "POST /forms/lservlet;jsessionid=ac16012b30d53c4f0fb1f2d541d09871a861ba497d51.e3iSbxaKaheRe34Sa3yKbhiTahb0n6jAmljGr5XDqQLvpAe HTTP/1.1" 200 351
157.55.39.13 - - [11/Dec/2014:00:35:20 -0500] "GET /BLA/resoluciones/AUTOS%202012/0959.pdf HTTP/1.1" 200 175173
157.55.39.113 - - [11/Dec/2014:00:35:37 -0500] "GET /BLA/resoluciones/AUTOS%202009/0891.pdf HTTP/1.1" 200 121499
157.55.39.113 - - [11/Dec/2014:00:35:37 -0500] "GET /BLA/resoluciones/Resoluciones%202011/3138.pdf HTTP/1.1" 200 759575
157.55.39.113 - - [11/Dec/2014:00:35:38 -0500] "GET /BLA/resoluciones/RESOLUCIONES%202010/2913.pdf HTTP/1.1" 200 494120
180.76.6.52 - - [11/Dec/2014:00:35:39 -0500] "GET /BLA/resoluciones/RESOLUCIONES%202010/0189.pdf HTTP/1.1" 200 515050
157.55.39.217 - - [11/Dec/2014:00:35:49 -0500] "GET /bla/resoluciones/resoluciones%202009/7956.pdf HTTP/1.1" 200 110698
157.55.39.217 - - [11/Dec/2014:00:35:50 -0500] "GET /bla/resoluciones/resoluciones%202009/9254.pdf HTTP/1.1" 200 498779
157.55.39.217 - - [11/Dec/2014:00:35:51 -0500] "GET /BLA/resoluciones/AUTOS%202010/6107.pdf HTTP/1.1" 200 176690
157.55.39.240 - - [11/Dec/2014:00:35:54 -0500] "GET /bla/resoluciones/resoluciones%202010/1508.pdf HTTP/1.1" 200 496219
186.154.85.200 - - [11/Dec/2014:00:35:55 -0500] "POST /forms/lservlet;jsessionid=ac16012b30d53c4f0fb1f2d541d09871a861ba497d51.e3iSbxaKaheRe34Sa3yKbhiTahb0n6jAmljGr5XDqQLvpAe HTTP/1.1" 200 2
157.55.39.113 - - [11/Dec/2014:00:36:02 -0500] "GET /BLA/resoluciones/RESOLUCIONES%202009/0483.pdf HTTP/1.1" 200 206475
157.55.39.113 - - [11/Dec/2014:00:36:02 -0500] "GET /bla/resoluciones/resoluciones%202009/4978.pdf HTTP/1.1" 200 345352
157.55.39.113 - - [11/Dec/2014:00:36:03 -0500] "GET /BLA/resoluciones/RESOLUCIONES%202011/0674.pdf HTTP/1.1" 200 339327
186.154.84.82 - - [11/Dec/2014:00:30:19 -0500] "GET /ForestMSG_SDA/channelAsync/template_word_16968763?X-Atmosphere-tracking-id=296f98a1-878e-e95c-15a7-c6589561b80e&X-Atmosphere-Framework=1.0.5&X-Atmosphere-Transport=long-polling&tabid=0.40028355293907225&X-Cache-Date=0&Content-Type=application/xml&_=1418275976290 HTTP/1.1" 200 8193
66.249.67.115 - - [11/Dec/2014:00:36:21 -0500] "GET /BLA/resoluciones/RESOLUCIONES%202010/6149.pdf HTTP/1.1" 200 655621
157.55.39.240 - - [11/Dec/2014:00:36:22 -0500] "GET /BLA/resoluciones/RESOLUCIONES%202012/0290.pdf HTTP/1.1" 200 192943
157.55.39.217 - - [11/Dec/2014:00:36:45 -0500] "GET /BLA/resoluciones/RESOLUCIONES%202009/0246.pdf HTTP/1.1" 200 751037
157.55.39.13 - - [11/Dec/2014:00:37:10 -0500] "GET /BLA/resoluciones/Resoluciones%202011/2440.pdf HTTP/1.1" 200 750676
186.154.85.200 - - [11/Dec/2014:00:37:12 -0500] "POST /forms/lservlet;jsessionid=ac16012b30d53c4f0fb1f2d541d09871a861ba497d51.e3iSbxaKaheRe34Sa3yKbhiTahb0n6jAmljGr5XDqQLvpAe HTTP/1.1" 200 215
157.55.39.240 - - [11/Dec/2014:00:37:25 -0500] "GET /BLA/resoluciones/RESOLUCIONES%202008/2146.pdf HTTP/1.1" 200 276318
66.249.67.107 - - [11/Dec/2014:00:37:35 -0500] "GET /BLA/resoluciones/RESOLUCIONES%202010/1437.pdf HTTP/1.1" 200 676337
157.55.39.113 - - [11/Dec/2014:00:37:38 -0500] "GET /BLA/resoluciones/AUTOS%202012/1938.pdf HTTP/1.1" 200 243901
157.55.39.12 - - [11/Dec/2014:00:37:45 -0500] "GET /BLA/resoluciones/AUTOS%202011/4379.pdf HTTP/1.1" 200 512365
157.55.39.217 - - [11/Dec/2014:00:37:53 -0500] "GET /BLA/resoluciones/RESOLUCIONES%202010/0873.pdf HTTP/1.1" 200 103968
186.154.85.200 - - [11/Dec/2014:00:37:55 -0500] "POST /forms/lservlet;jsessionid=ac16012b30d53c4f0fb1f2d541d09871a861ba497d51.e3iSbxaKaheRe34Sa3yKbhiTahb0n6jAmljGr5XDqQLvpAe HTTP/1.1" 200 2
157.55.39.217 - - [11/Dec/2014:00:37:55 -0500] "GET /BLA/resoluciones/RESOLUCIONES%202009/3220.pdf HTTP/1.1" 200 996271
157.55.39.113 - - [11/Dec/2014:00:37:58 -0500] "GET /BLA/resoluciones/AUTOS%202009/2076.pdf HTTP/1.1" 200 97670
157.55.39.113 - - [11/Dec/2014:00:37:58 -0500] "GET /BLA/resoluciones/RESOLUCIONES%202008/0961.pdf HTTP/1.1" 200 293706
157.55.39.240 - - [11/Dec/2014:00:38:03 -0500] "GET /BLA/resoluciones/RESOLUCIONES%202012/1781.pdf HTTP/1.1" 200 441587
157.55.39.13 - - [11/Dec/2014:00:38:11 -0500] "GET /BLA/resoluciones/RESOLUCIONES%202012/1902.pdf HTTP/1.1" 200 435417
157.55.39.240 - - [11/Dec/2014:00:38:17 -0500] "GET /bla/resoluciones/resoluciones%202009/1725.pdf HTTP/1.1" 200 607464
157.55.39.113 - - [11/Dec/2014:00:38:28 -0500] "GET /bla/resoluciones/resoluciones%202010/1755.pdf HTTP/1.1" 200 592068
188.165.15.15 - - [11/Dec/2014:00:38:32 -0500] "GET /BLA/resoluciones/RESOLUCIONES%202005/RES%202005%202251-2300/00002284.tif HTTP/1.1" 200 109132
157.55.39.240 - - [11/Dec/2014:00:38:45 -0500] "GET /BLA/resoluciones/RESOLUCIONES%202008/1633.pdf HTTP/1.1" 200 268393
66.249.67.99 - - [11/Dec/2014:00:38:49 -0500] "GET /BLA/resoluciones/RESOLUCIONES%202013/2388.pdf HTTP/1.1" 200 1282845
157.55.39.12 - - [11/Dec/2014:00:38:51 -0500] "GET /bla/resoluciones/resoluciones%202009/9285.pdf HTTP/1.1" 200 532763
74.86.158.107 - - [11/Dec/2014:00:39:01 -0500] "HEAD / HTTP/1.1" 302 -
157.55.39.217 - - [11/Dec/2014:00:39:06 -0500] "GET /bla/resoluciones/resoluciones%202010/5694.pdf HTTP/1.1" 200 107187
157.55.39.217 - - [11/Dec/2014:00:39:07 -0500] "GET /BLA/resoluciones/RESOLUCIONES%202009/1730.pdf HTTP/1.1" 200 520061
157.55.39.217 - - [11/Dec/2014:00:39:08 -0500] "GET /bla/resoluciones/resoluciones%202009/7859.pdf HTTP/1.1" 200 409544
157.55.39.217 - - [11/Dec/2014:00:39:08 -0500] "GET /BLA/resoluciones/AUTOS%202011/2671.pdf HTTP/1.1" 200 173399
157.55.39.240 - - [11/Dec/2014:00:39:17 -0500] "GET /BLA/resoluciones/RESOLUCIONES%202009/1352.pdf HTTP/1.1" 200 627199
157.55.39.113 - - [11/Dec/2014:00:39:19 -0500] "GET /BLA/resoluciones/RESOLUCIONES%202008/1988.pdf HTTP/1.1" 200 216192
157.55.39.113 - - [11/Dec/2014:00:39:21 -0500] "GET /bla/resoluciones/resoluciones%202009/1588.pdf HTTP/1.1" 200 703641
157.55.39.240 - - [11/Dec/2014:00:39:43 -0500] "GET /BLA/resoluciones/RESOLUCIONES%202009/2069.pdf HTTP/1.1" 200 459995
157.55.39.240 - - [11/Dec/2014:00:39:43 -0500] "GET /BLA/resoluciones/RESOLUCIONES%202009/7375.pdf HTTP/1.1" 200 974567
157.55.39.217 - - [11/Dec/2014:00:39:48 -0500] "GET /BLA/resoluciones/RESOLUCIONES%202010/0460.pdf HTTP/1.1" 200 101120
157.55.39.217 - - [11/Dec/2014:00:39:49 -0500] "GET /bla/resoluciones/resoluciones%202010/5969.pdf HTTP/1.1" 200 386598
157.55.39.217 - - [11/Dec/2014:00:39:49 -0500] "GET /BLA/resoluciones/RESOLUCIONES%202009/3093.pdf HTTP/1.1" 200 1500492
186.154.85.200 - - [11/Dec/2014:00:39:55 -0500] "POST /forms/lservlet;jsessionid=ac16012b30d53c4f0fb1f2d541d09871a861ba497d51.e3iSbxaKaheRe34Sa3yKbhiTahb0n6jAmljGr5XDqQLvpAe HTTP/1.1" 200 2
157.55.39.13 - - [11/Dec/2014:00:40:01 -0500] "GET /BLA/resoluciones/AUTOS%202011/4708.pdf HTTP/1.1" 200 374257
157.55.39.240 - - [11/Dec/2014:00:40:08 -0500] "GET /bla/resoluciones/resoluciones%202010/1595.pdf HTTP/1.1" 200 382898
157.55.39.240 - - [11/Dec/2014:00:40:09 -0500] "GET /BLA/resoluciones/AUTOS%202009/2240.pdf HTTP/1.1" 200 124287
157.55.39.113 - - [11/Dec/2014:00:40:11 -0500] "GET /BLA/resoluciones/RESOLUCIONES%202009/3009.pdf HTTP/1.1" 200 613164
157.55.39.13 - - [11/Dec/2014:00:40:21 -0500] "GET /BLA/resoluciones/AUTOS%202009/1870.pdf HTTP/1.1" 200 103943
157.55.39.113 - - [11/Dec/2014:00:40:28 -0500] "GET /bla/resoluciones/resoluciones%202010/7217.pdf HTTP/1.1" 200 49943
157.55.39.13 - - [11/Dec/2014:00:40:36 -0500] "GET /bla/resoluciones/resoluciones%202009/8225.pdf HTTP/1.1" 200 255545
66.249.67.119 - - [11/Dec/2014:00:40:44 -0500] "GET /BLA/ HTTP/1.1" 200 538
157.55.39.113 - - [11/Dec/2014:00:40:48 -0500] "GET /bla/resoluciones/resoluciones%202009/8408.pdf HTTP/1.1" 200 389308
157.55.39.113 - - [11/Dec/2014:00:40:49 -0500] "GET /bla/resoluciones/resoluciones%202009/1655.pdf HTTP/1.1" 200 409405
157.55.39.12 - - [11/Dec/2014:00:41:01 -0500] "GET /bla/resoluciones/resoluciones%202010/6997.pdf HTTP/1.1" 200 77579
157.55.39.113 - - [11/Dec/2014:00:41:05 -0500] "GET /bla/resoluciones/RESOLUCIONES%202011/0560.pdf HTTP/1.1" 200 66619
157.55.39.241 - - [11/Dec/2014:00:41:39 -0500] "GET /BLA/resoluciones/RESOLUCIONES%202008/1007.pdf HTTP/1.1" 200 183015
157.55.39.240 - - [11/Dec/2014:00:41:43 -0500] "GET /BLA/resoluciones/RESOLUCIONES%202012/1903.pdf HTTP/1.1" 200 408468
157.55.39.113 - - [11/Dec/2014:00:41:49 -0500] "GET /bla/resoluciones/resoluciones%202010/2132.pdf HTTP/1.1" 200 681466
66.249.67.99 - - [11/Dec/2014:00:41:52 -0500] "GET /BLA/resoluciones/index.php?dir=RESOLUCIONES%202005/RES%202005%202851-2900/&sort=size&order=desc HTTP/1.1" 200 12155
157.55.39.217 - - [11/Dec/2014:00:41:53 -0500] "GET /bla/resoluciones/resoluciones%202009/8524.pdf HTTP/1.1" 200 145556
186.154.85.200 - - [11/Dec/2014:00:41:55 -0500] "POST /forms/lservlet;jsessionid=ac16012b30d53c4f0fb1f2d541d09871a861ba497d51.e3iSbxaKaheRe34Sa3yKbhiTahb0n6jAmljGr5XDqQLvpAe HTTP/1.1" 200 2
157.55.39.113 - - [11/Dec/2014:00:42:02 -0500] "GET /BLA/resoluciones/AUTOS%202010/1462.pdf HTTP/1.1" 200 266766
157.55.39.217 - - [11/Dec/2014:00:42:10 -0500] "GET /bla/resoluciones/resoluciones%202009/9799.pdf HTTP/1.1" 200 716156
186.154.85.200 - - [11/Dec/2014:00:42:17 -0500] "POST /forms/lservlet;jsessionid=ac16012b30d53c4f0fb1f2d541d09871a861ba497d51.e3iSbxaKaheRe34Sa3yKbhiTahb0n6jAmljGr5XDqQLvpAe HTTP/1.1" 200 103
157.55.39.113 - - [11/Dec/2014:00:42:19 -0500] "GET /BLA/resoluciones/RESOLUCIONES%202010/0792.pdf HTTP/1.1" 200 127632
186.154.84.82 - - [11/Dec/2014:00:36:20 -0500] "GET /ForestMSG_SDA/channelAsync/template_word_16968763?X-Atmosphere-tracking-id=296f98a1-878e-e95c-15a7-c6589561b80e&X-Atmosphere-Framework=1.0.5&X-Atmosphere-Transport=long-polling&tabid=0.40028355293907225&X-Cache-Date=0&Content-Type=application/xml&_=1418276337290 HTTP/1.1" 200 8193
66.249.67.115 - - [11/Dec/2014:00:43:06 -0500] "GET /BLA/resoluciones/RESOLUCIONES%202008/2267.pdf HTTP/1.1" 200 205141
157.55.39.217 - - [11/Dec/2014:00:43:10 -0500] "GET /BLA/resoluciones/RESOLUCIONES%202008/1367.pdf HTTP/1.1" 200 411628
157.55.39.240 - - [11/Dec/2014:00:43:18 -0500] "GET /BLA/resoluciones/RESOLUCIONES%202009/1361.pdf HTTP/1.1" 200 510253
157.55.39.240 - - [11/Dec/2014:00:43:20 -0500] "GET /bla/resoluciones/resoluciones%202009/8939.pdf HTTP/1.1" 200 279745
190.159.143.34 - - [11/Dec/2014:00:43:24 -0500] "GET /BLA/boletinlegal/js/jquery.js HTTP/1.1" 200 57254
190.159.143.34 - - [11/Dec/2014:00:43:24 -0500] "GET /BLA/boletinlegal/js/jquery.scrollTo-min.js HTTP/1.1" 200 1150
190.159.143.34 - - [11/Dec/2014:00:43:24 -0500] "GET /BLA/boletinlegal/js/jquery.scrollShow.js HTTP/1.1" 200 4586
157.55.39.217 - - [11/Dec/2014:00:43:35 -0500] "GET /BLA/resoluciones/AUTOS%202009/2841.pdf HTTP/1.1" 200 77363
157.55.39.12 - - [11/Dec/2014:00:43:39 -0500] "GET /BLA/resoluciones/AUTOS%202011/4892.pdf HTTP/1.1" 200 293219
186.146.195.249 - - [11/Dec/2014:00:43:47 -0500] "GET /BLA/boletinlegal/js/jquery.js HTTP/1.1" 200 57254
186.146.195.249 - - [11/Dec/2014:00:43:47 -0500] "GET /BLA/boletinlegal/js/jquery.scrollShow.js HTTP/1.1" 200 4586
186.146.195.249 - - [11/Dec/2014:00:43:47 -0500] "GET /BLA/boletinlegal/js/jquery.scrollTo-min.js HTTP/1.1" 200 1150
186.154.85.200 - - [11/Dec/2014:00:43:55 -0500] "POST /forms/lservlet;jsessionid=ac16012b30d53c4f0fb1f2d541d09871a861ba497d51.e3iSbxaKaheRe34Sa3yKbhiTahb0n6jAmljGr5XDqQLvpAe HTTP/1.1" 200 2
186.154.85.200 - - [11/Dec/2014:00:43:55 -0500] "POST /forms/lservlet;jsessionid=ac16012b30d53c4f0fb1f2d541d09871a861ba497d51.e3iSbxaKaheRe34Sa3yKbhiTahb0n6jAmljGr5XDqQLvpAe HTTP/1.1" 200 14
186.154.85.200 - - [11/Dec/2014:00:43:56 -0500] "POST /forms/lservlet;jsessionid=ac16012b30d53c4f0fb1f2d541d09871a861ba497d51.e3iSbxaKaheRe34Sa3yKbhiTahb0n6jAmljGr5XDqQLvpAe HTTP/1.1" 200 128
186.154.85.200 - - [11/Dec/2014:00:43:56 -0500] "POST /forms/lservlet;jsessionid=ac16012b30d53c4f0fb1f2d541d09871a861ba497d51.e3iSbxaKaheRe34Sa3yKbhiTahb0n6jAmljGr5XDqQLvpAe HTTP/1.1" 200 12
186.154.85.200 - - [11/Dec/2014:00:43:56 -0500] "GET /reports/rwservlet/getjobid336676?server=rep_srvapsda HTTP/1.1" 200 52599
74.86.158.107 - - [11/Dec/2014:00:44:01 -0500] "HEAD / HTTP/1.1" 302 -
157.55.39.240 - - [11/Dec/2014:00:44:05 -0500] "GET /BLA/resoluciones/RESOLUCIONES%202009/3303.pdf HTTP/1.1" 200 635823
66.249.67.107 - - [11/Dec/2014:00:44:11 -0500] "GET /BLA/resoluciones/RESOLUCIONES%202002/RES%202002%20501-550/00000533.tif HTTP/1.1" 200 92070
186.154.85.200 - - [11/Dec/2014:00:44:12 -0500] "POST /forms/lservlet;jsessionid=ac16012b30d53c4f0fb1f2d541d09871a861ba497d51.e3iSbxaKaheRe34Sa3yKbhiTahb0n6jAmljGr5XDqQLvpAe HTTP/1.1" 200 68
66.249.67.115 - - [11/Dec/2014:00:44:20 -0500] "GET /BLA/resoluciones/RESOLUCIONES%202013/0219.pdf HTTP/1.1" 200 661188
180.76.5.26 - - [11/Dec/2014:00:44:20 -0500] "GET /BLA/resoluciones/RESOLUCIONES%202010/0203.pdf HTTP/1.1" 200 125120
218.30.103.61 - - [11/Dec/2014:00:44:26 -0500] "GET /robots.txt HTTP/1.1" 404 1018
218.30.103.61 - - [11/Dec/2014:00:44:28 -0500] "GET /resoluciones/RESOLUCIONES%202009/0037.pdf HTTP/1.1" 404 1018
157.55.39.13 - - [11/Dec/2014:00:44:32 -0500] "GET /bla/resoluciones/resoluciones%202009/9176.pdf HTTP/1.1" 200 385940
157.55.39.240 - - [11/Dec/2014:00:44:50 -0500] "GET /BLA/resoluciones/Resoluciones%202011/0280.pdf HTTP/1.1" 200 85667
218.30.103.61 - - [11/Dec/2014:00:44:52 -0500] "GET /resoluciones/RESOLUCIONES%202009/0144.pdf HTTP/1.1" 404 1018
157.55.39.113 - - [11/Dec/2014:00:44:54 -0500] "GET /BLA/resoluciones/AUTOS%202012/2922.pdf HTTP/1.1" 200 2391448
157.55.39.240 - - [11/Dec/2014:00:45:16 -0500] "GET /BLA/resoluciones/Resoluciones%202011/2098.pdf HTTP/1.1" 200 241795
188.165.15.14 - - [11/Dec/2014:00:45:16 -0500] "GET /BLA/resoluciones/RESOLUCIONES%202002/RES%202002%20251-300/00000267.tif HTTP/1.1" 200 54532
157.55.39.240 - - [11/Dec/2014:00:45:16 -0500] "GET /bla/resoluciones/resoluciones%202009/7644.pdf HTTP/1.1" 200 489959
157.55.39.240 - - [11/Dec/2014:00:45:17 -0500] "GET /bla/resoluciones/RESOLUCIONES%202011/1500.pdf HTTP/1.1" 200 83923
157.55.39.217 - - [11/Dec/2014:00:45:21 -0500] "GET /bla/resoluciones/resoluciones%202010/6298.pdf HTTP/1.1" 200 278209
157.55.39.13 - - [11/Dec/2014:00:45:22 -0500] "GET /robots.txt HTTP/1.1" 404 1018
186.154.85.200 - - [11/Dec/2014:00:45:25 -0500] "POST /forms/lservlet;jsessionid=ac16012b30d53c4f0fb1f2d541d09871a861ba497d51.e3iSbxaKaheRe34Sa3yKbhiTahb0n6jAmljGr5XDqQLvpAe HTTP/1.1" 200 132
186.154.85.200 - - [11/Dec/2014:00:45:27 -0500] "POST /forms/lservlet;jsessionid=ac16012b30d53c4f0fb1f2d541d09871a861ba497d51.e3iSbxaKaheRe34Sa3yKbhiTahb0n6jAmljGr5XDqQLvpAe HTTP/1.1" 200 160
157.55.39.13 - - [11/Dec/2014:00:45:27 -0500] "GET /BLA/resoluciones/RESOLUCIONES%202011/1236.pdf HTTP/1.1" 200 294763
157.55.39.13 - - [11/Dec/2014:00:45:28 -0500] "GET /bla/resoluciones/RESOLUCIONES%202011/3504.pdf HTTP/1.1" 200 484863
186.154.85.200 - - [11/Dec/2014:00:45:29 -0500] "POST /forms/lservlet;jsessionid=ac16012b30d53c4f0fb1f2d541d09871a861ba497d51.e3iSbxaKaheRe34Sa3yKbhiTahb0n6jAmljGr5XDqQLvpAe HTTP/1.1" 200 132
186.154.85.200 - - [11/Dec/2014:00:45:30 -0500] "POST /forms/lservlet;jsessionid=ac16012b30d53c4f0fb1f2d541d09871a861ba497d51.e3iSbxaKaheRe34Sa3yKbhiTahb0n6jAmljGr5XDqQLvpAe HTTP/1.1" 200 7
186.154.85.200 - - [11/Dec/2014:00:45:30 -0500] "POST /forms/lservlet;jsessionid=ac16012b30d53c4f0fb1f2d541d09871a861ba497d51.e3iSbxaKaheRe34Sa3yKbhiTahb0n6jAmljGr5XDqQLvpAe HTTP/1.1" 200 30122
186.154.85.200 - - [11/Dec/2014:00:45:31 -0500] "GET /imagenes/rt_print.gif HTTP/1.1" 200 916
186.154.85.200 - - [11/Dec/2014:00:45:31 -0500] "POST /forms/lservlet;jsessionid=ac16012b30d53c4f0fb1f2d541d09871a861ba497d51.e3iSbxaKaheRe34Sa3yKbhiTahb0n6jAmljGr5XDqQLvpAe HTTP/1.1" 200 7
186.154.85.200 - - [11/Dec/2014:00:45:31 -0500] "POST /forms/lservlet;jsessionid=ac16012b30d53c4f0fb1f2d541d09871a861ba497d51.e3iSbxaKaheRe34Sa3yKbhiTahb0n6jAmljGr5XDqQLvpAe HTTP/1.1" 200 27
66.249.67.99 - - [11/Dec/2014:00:45:33 -0500] "GET /BLA/resoluciones/RESOLUCIONES%202010/6686.pdf HTTP/1.1" 200 262620
186.154.85.200 - - [11/Dec/2014:00:45:31 -0500] "POST /forms/lservlet;jsessionid=ac16012b30d53c4f0fb1f2d541d09871a861ba497d51.e3iSbxaKaheRe34Sa3yKbhiTahb0n6jAmljGr5XDqQLvpAe HTTP/1.1" 200 2
186.154.85.200 - - [11/Dec/2014:00:45:35 -0500] "GET /imagenes/open.gif HTTP/1.1" 200 919
186.154.85.200 - - [11/Dec/2014:00:45:35 -0500] "POST /forms/lservlet;jsessionid=ac16012b30d53c4f0fb1f2d541d09871a861ba497d51.e3iSbxaKaheRe34Sa3yKbhiTahb0n6jAmljGr5XDqQLvpAe HTTP/1.1" 200 7
157.55.39.12 - - [11/Dec/2014:00:45:37 -0500] "GET /BLA/resoluciones/RESOLUCIONES%202009/1978.pdf HTTP/1.1" 200 622674
157.55.39.12 - - [11/Dec/2014:00:45:48 -0500] "GET /BLA/resoluciones/RESOLUCIONES%202011/3846.pdf HTTP/1.1" 200 341280
186.154.85.200 - - [11/Dec/2014:00:45:55 -0500] "POST /forms/lservlet;jsessionid=ac16012b30d53c4f0fb1f2d541d09871a861ba497d51.e3iSbxaKaheRe34Sa3yKbhiTahb0n6jAmljGr5XDqQLvpAe HTTP/1.1" 200 2
157.55.39.113 - - [11/Dec/2014:00:45:56 -0500] "GET /bla/resoluciones/resoluciones%202009/8637.pdf HTTP/1.1" 200 283313
157.55.39.113 - - [11/Dec/2014:00:45:57 -0500] "GET /BLA/resoluciones/AUTOS%202011/2090.pdf HTTP/1.1" 200 148143
157.55.39.217 - - [11/Dec/2014:00:45:58 -0500] "GET /BLA/resoluciones/RESOLUCIONES%202010/2544.pdf HTTP/1.1" 200 490147
201.184.144.163 - - [11/Dec/2014:00:46:00 -0500] "GET /sia/ HTTP/1.1" 200 2661
201.184.144.163 - - [11/Dec/2014:00:46:00 -0500] "GET /css/fondos.css HTTP/1.1" 404 1254
201.184.144.163 - - [11/Dec/2014:00:46:00 -0500] "GET /css/bordes.css HTTP/1.1" 404 1254
201.184.144.163 - - [11/Dec/2014:00:46:00 -0500] "GET /css/date_blue.css HTTP/1.1" 404 1254
201.184.144.163 - - [11/Dec/2014:00:46:00 -0500] "GET /css/textos.css HTTP/1.1" 404 1254
201.184.144.163 - - [11/Dec/2014:00:46:03 -0500] "GET /favicon.ico HTTP/1.1" 200 7782
201.184.144.163 - - [11/Dec/2014:00:46:03 -0500] "GET /sia/swf/intro.swf HTTP/1.1" 200 86240
157.55.39.13 - - [11/Dec/2014:00:46:03 -0500] "GET /BLA/resoluciones/AUTOS%202011/4407.pdf HTTP/1.1" 200 253091
157.55.39.113 - - [11/Dec/2014:00:46:07 -0500] "GET /BLA/resoluciones/AUTOS%202012/0725.pdf HTTP/1.1" 200 283503
157.55.39.240 - - [11/Dec/2014:00:46:13 -0500] "GET /bla/resoluciones/resoluciones%202010/6044.pdf HTTP/1.1" 200 658973
157.55.39.13 - - [11/Dec/2014:00:46:18 -0500] "GET /BLA/resoluciones/RESOLUCIONES%202009/2214.pdf HTTP/1.1" 200 681506
157.55.39.218 - - [11/Dec/2014:00:46:30 -0500] "GET /BLA/resoluciones/AUTOS%202009/0241.pdf HTTP/1.1" 200 74826
157.55.39.241 - - [11/Dec/2014:00:46:35 -0500] "GET /BLA/resoluciones/AUTOS%202011/2427.pdf HTTP/1.1" 200 705226
66.249.67.99 - - [11/Dec/2014:00:46:47 -0500] "GET /BLA/resoluciones/AUTOS%202010/4861.pdf HTTP/1.1" 200 185671
157.55.39.12 - - [11/Dec/2014:00:46:52 -0500] "GET /bla/resoluciones/resoluciones%202010/0205.pdf HTTP/1.1" 200 122876
188.165.15.231 - - [11/Dec/2014:00:46:56 -0500] "GET /BLA/resoluciones/RESOLUCIONES%202003/RES%202003%201401-1450/20031411.tif HTTP/1.1" 200 131000
157.55.39.13 - - [11/Dec/2014:00:47:02 -0500] "GET /BLA/resoluciones/RESOLUCIONES%202010/2105.pdf HTTP/1.1" 200 451192
157.55.39.218 - - [11/Dec/2014:00:47:26 -0500] "GET /BLA/resoluciones/RESOLUCIONES%202010/1984.pdf HTTP/1.1" 200 339452
157.55.39.12 - - [11/Dec/2014:00:47:49 -0500] "GET /bla/resoluciones/RESOLUCIONES%202011/1349.pdf HTTP/1.1" 200 70473
157.55.39.113 - - [11/Dec/2014:00:47:52 -0500] "GET /BLA/resoluciones/AUTOS%202012/1579.pdf HTTP/1.1" 200 392741
186.154.85.200 - - [11/Dec/2014:00:47:55 -0500] "POST /forms/lservlet;jsessionid=ac16012b30d53c4f0fb1f2d541d09871a861ba497d51.e3iSbxaKaheRe34Sa3yKbhiTahb0n6jAmljGr5XDqQLvpAe HTTP/1.1" 200 2
190.25.175.121 - - [11/Dec/2014:00:48:00 -0500] "GET /BLA/boletinlegal/js/jquery.js HTTP/1.1" 200 57254
190.25.175.121 - - [11/Dec/2014:00:48:00 -0500] "GET /BLA/boletinlegal/js/jquery.scrollTo-min.js HTTP/1.1" 200 1150
190.25.175.121 - - [11/Dec/2014:00:48:00 -0500] "GET /BLA/boletinlegal/js/jquery.scrollShow.js HTTP/1.1" 200 4586
66.249.67.99 - - [11/Dec/2014:00:48:01 -0500] "GET /BLA/resoluciones/RESOLUCIONES%202010/0270.pdf HTTP/1.1" 200 130762
157.55.39.240 - - [11/Dec/2014:00:48:09 -0500] "GET /BLA/resoluciones/AUTOS%202011/1273.pdf HTTP/1.1" 200 201375
157.55.39.113 - - [11/Dec/2014:00:48:11 -0500] "GET /BLA/resoluciones/AUTOS%202009/0577.pdf HTTP/1.1" 200 127424
157.55.39.217 - - [11/Dec/2014:00:48:16 -0500] "GET /BLA/resoluciones/RESOLUCIONES%202011/4462.pdf HTTP/1.1" 200 554832
157.55.39.113 - - [11/Dec/2014:00:48:20 -0500] "GET /BLA/resoluciones/AUTOS%202011/0926.pdf HTTP/1.1" 200 317556
157.55.39.113 - - [11/Dec/2014:00:48:21 -0500] "GET /BLA/resoluciones/RESOLUCIONES%202009/4190.pdf HTTP/1.1" 200 1050511
157.55.39.113 - - [11/Dec/2014:00:48:21 -0500] "GET /BLA/resoluciones/Resoluciones%202011/1865.pdf HTTP/1.1" 200 515381
186.154.84.82 - - [11/Dec/2014:00:42:21 -0500] "GET /ForestMSG_SDA/channelAsync/template_word_16968763?X-Atmosphere-tracking-id=296f98a1-878e-e95c-15a7-c6589561b80e&X-Atmosphere-Framework=1.0.5&X-Atmosphere-Transport=long-polling&tabid=0.40028355293907225&X-Cache-Date=0&Content-Type=application/xml&_=1418276698291 HTTP/1.1" 200 8193
157.55.39.113 - - [11/Dec/2014:00:48:21 -0500] "GET /BLA/resoluciones/RESOLUCIONES%202010/2489.pdf HTTP/1.1" 200 408054
188.165.15.55 - - [11/Dec/2014:00:48:29 -0500] "GET /BLA/resoluciones/RESOLUCIONES%202002/RES%202002%20851-900/00000893.tif HTTP/1.1" 200 509350
157.55.39.113 - - [11/Dec/2014:00:48:49 -0500] "GET /BLA/resoluciones/Resoluciones%202011/1611.pdf HTTP/1.1" 200 81861
186.80.113.111 - - [11/Dec/2014:00:48:53 -0500] "GET /BLA/boletinlegal/js/jquery.js HTTP/1.1" 200 57254
186.80.113.111 - - [11/Dec/2014:00:48:54 -0500] "GET /BLA/boletinlegal/js/jquery.scrollTo-min.js HTTP/1.1" 200 1150
186.80.113.111 - - [11/Dec/2014:00:48:54 -0500] "GET /BLA/boletinlegal/js/jquery.scrollShow.js HTTP/1.1" 200 4586
74.86.158.107 - - [11/Dec/2014:00:49:01 -0500] "HEAD / HTTP/1.1" 302 -
157.55.39.240 - - [11/Dec/2014:00:49:05 -0500] "GET /bla/resoluciones/resoluciones%202009/0449.pdf HTTP/1.1" 200 956422
157.55.39.113 - - [11/Dec/2014:00:49:07 -0500] "GET /BLA/resoluciones/RESOLUCIONES%202011/3074.pdf HTTP/1.1" 200 2418827
157.55.39.217 - - [11/Dec/2014:00:49:12 -0500] "GET /BLA/resoluciones/AUTOS%202009/3062.pdf HTTP/1.1" 200 164988
157.55.39.217 - - [11/Dec/2014:00:49:12 -0500] "GET /bla/resoluciones/resoluciones%202009/1296.pdf HTTP/1.1" 200 853950
157.55.39.217 - - [11/Dec/2014:00:49:14 -0500] "GET /bla/resoluciones/resoluciones%202010/5947.pdf HTTP/1.1" 200 275838
66.249.67.99 - - [11/Dec/2014:00:49:15 -0500] "GET /BLA/resoluciones/RESOLUCIONES%202009/8907.pdf HTTP/1.1" 200 285993
157.55.39.13 - - [11/Dec/2014:00:49:22 -0500] "GET /bla/resoluciones/resoluciones%202010/7019.pdf HTTP/1.1" 200 998830
180.76.6.142 - - [11/Dec/2014:00:49:25 -0500] "GET /BLA/resoluciones/RESOLUCIONES%202010/0391.pdf HTTP/1.1" 200 119342
157.55.39.13 - - [11/Dec/2014:00:49:32 -0500] "GET /bla/resoluciones/RESOLUCIONES%202011/1822.pdf HTTP/1.1" 200 517814
157.55.39.113 - - [11/Dec/2014:00:49:50 -0500] "GET /BLA/resoluciones/RESOLUCIONES%202008/0379.pdf HTTP/1.1" 200 244103
157.55.39.217 - - [11/Dec/2014:00:49:54 -0500] "GET /BLA/resoluciones/RESOLUCIONES%202009/2644.pdf HTTP/1.1" 200 851056
186.154.85.200 - - [11/Dec/2014:00:49:55 -0500] "POST /forms/lservlet;jsessionid=ac16012b30d53c4f0fb1f2d541d09871a861ba497d51.e3iSbxaKaheRe34Sa3yKbhiTahb0n6jAmljGr5XDqQLvpAe HTTP/1.1" 200 2
157.55.39.13 - - [11/Dec/2014:00:50:16 -0500] "GET /BLA/resoluciones/AUTOS%202012/0942.pdf HTTP/1.1" 200 172277
157.55.39.241 - - [11/Dec/2014:00:50:24 -0500] "GET /BLA/resoluciones/AUTOS%202012/0731.pdf HTTP/1.1" 200 430802
157.55.39.241 - - [11/Dec/2014:00:50:25 -0500] "GET /bla/resoluciones/RESOLUCIONES%202011/0795.pdf HTTP/1.1" 200 274978
180.76.5.23 - - [11/Dec/2014:00:50:25 -0500] "GET /BLA/resoluciones/RESOLUCIONES%202010/1642.pdf HTTP/1.1" 200 435343
66.249.67.107 - - [11/Dec/2014:00:50:28 -0500] "GET /BLA/resoluciones/RESOLUCIONES%202008/0175.pdf HTTP/1.1" 200 283859
157.55.39.13 - - [11/Dec/2014:00:50:29 -0500] "GET /bla/resoluciones/resoluciones%202010/1990.pdf HTTP/1.1" 200 336070
157.55.39.113 - - [11/Dec/2014:00:50:34 -0500] "GET /bla/resoluciones/resoluciones%202009/8036.pdf HTTP/1.1" 200 415812
157.55.39.113 - - [11/Dec/2014:00:50:34 -0500] "GET /bla/resoluciones/resoluciones%202009/1952.pdf HTTP/1.1" 200 602627
157.55.39.240 - - [11/Dec/2014:00:50:43 -0500] "GET /BLA/resoluciones/RESOLUCIONES%202008/0117.pdf HTTP/1.1" 200 252231
157.55.39.240 - - [11/Dec/2014:00:50:44 -0500] "GET /BLA/resoluciones/RESOLUCIONES%202009/7198.pdf HTTP/1.1" 200 1208948
157.55.39.240 - - [11/Dec/2014:00:50:45 -0500] "GET /BLA/resoluciones/RESOLUCIONES%202011/0194.pdf HTTP/1.1" 200 84111
157.55.39.12 - - [11/Dec/2014:00:50:47 -0500] "GET /BLA/resoluciones/RESOLUCIONES%202010/1589.pdf HTTP/1.1" 200 407058
157.55.39.12 - - [11/Dec/2014:00:50:57 -0500] "GET /BLA/resoluciones/AUTOS%202009/0981.pdf HTTP/1.1" 200 178015
66.249.67.115 - - [11/Dec/2014:00:50:59 -0500] "GET /BLA/resoluciones/RESOLUCIONES%202013/0848.pdf HTTP/1.1" 200 3438957
157.55.39.113 - - [11/Dec/2014:00:51:02 -0500] "GET /BLA/resoluciones/RESOLUCIONES%202010/2332.pdf HTTP/1.1" 200 533143
157.55.39.113 - - [11/Dec/2014:00:51:04 -0500] "GET /BLA/resoluciones/AUTOS%202010/6577.pdf HTTP/1.1" 200 152913
157.55.39.240 - - [11/Dec/2014:00:51:10 -0500] "GET /BLA/resoluciones/RESOLUCIONES%202010/0462.pdf HTTP/1.1" 200 103782
191.149.218.104 - - [11/Dec/2014:00:51:10 -0500] "GET /BLA/boletinlegal/js/jquery.scrollTo-min.js HTTP/1.1" 200 1150
191.149.218.104 - - [11/Dec/2014:00:51:11 -0500] "GET /BLA/boletinlegal/js/jquery.scrollShow.js HTTP/1.1" 200 4586
191.149.218.104 - - [11/Dec/2014:00:51:11 -0500] "GET /BLA/boletinlegal/js/jquery.js HTTP/1.1" 200 57254
180.76.6.29 - - [11/Dec/2014:00:51:25 -0500] "GET /BLA/resoluciones/RESOLUCIONES%202010/0535.pdf HTTP/1.1" 200 371872
66.249.67.107 - - [11/Dec/2014:00:51:42 -0500] "GET /BLA/resoluciones/AUTOS%202011/0935.pdf HTTP/1.1" 200 185842
157.55.39.217 - - [11/Dec/2014:00:51:53 -0500] "GET /BLA/resoluciones/AUTOS%202010/3459.pdf HTTP/1.1" 200 451567
186.154.85.200 - - [11/Dec/2014:00:51:56 -0500] "POST /forms/lservlet;jsessionid=ac16012b30d53c4f0fb1f2d541d09871a861ba497d51.e3iSbxaKaheRe34Sa3yKbhiTahb0n6jAmljGr5XDqQLvpAe HTTP/1.1" 200 2
157.55.39.13 - - [11/Dec/2014:00:51:58 -0500] "GET /BLA/resoluciones/RESOLUCIONES%202010/1730.pdf HTTP/1.1" 200 83477
157.55.39.240 - - [11/Dec/2014:00:52:04 -0500] "GET /bla/resoluciones/resoluciones%202009/5615.pdf HTTP/1.1" 200 60202
157.55.39.113 - - [11/Dec/2014:00:52:13 -0500] "GET /BLA/resoluciones/RESOLUCIONES%202009/7699.pdf HTTP/1.1" 200 628966
157.55.39.240 - - [11/Dec/2014:00:52:18 -0500] "GET /bla/resoluciones/resoluciones%202010/0464.pdf HTTP/1.1" 200 100332
157.55.39.241 - - [11/Dec/2014:00:52:19 -0500] "GET /BLA/resoluciones/RESOLUCIONES%202008/2460.pdf HTTP/1.1" 200 256810
157.55.39.241 - - [11/Dec/2014:00:52:19 -0500] "GET /BLA/resoluciones/AUTOS%202009/3443.pdf HTTP/1.1" 200 98412
157.55.39.241 - - [11/Dec/2014:00:52:20 -0500] "GET /BLA/resoluciones/RESOLUCIONES%202009/9334.pdf HTTP/1.1" 200 1226710
157.55.39.13 - - [11/Dec/2014:00:52:22 -0500] "GET /BLA/resoluciones/AUTOS%202010/6497.pdf HTTP/1.1" 200 571792
180.76.6.141 - - [11/Dec/2014:00:52:26 -0500] "GET /BLA/resoluciones/RESOLUCIONES%202010/0889.pdf HTTP/1.1" 200 108412
186.113.10.143 - - [11/Dec/2014:00:52:39 -0500] "GET /galeria/nivo-slider/demo/images/coplima.jpg HTTP/1.1" 304 -
190.158.45.232 - - [11/Dec/2014:00:52:43 -0500] "GET /BLA/boletinlegal/js/jquery.scrollShow.js HTTP/1.1" 200 4586
190.158.45.232 - - [11/Dec/2014:00:52:43 -0500] "GET /BLA/boletinlegal/js/jquery.scrollTo-min.js HTTP/1.1" 200 1150
190.158.45.232 - - [11/Dec/2014:00:52:43 -0500] "GET /BLA/boletinlegal/js/jquery.js HTTP/1.1" 200 57254
157.55.39.217 - - [11/Dec/2014:00:52:48 -0500] "GET /BLA/resoluciones/AUTOS%202009/2990.pdf HTTP/1.1" 200 184690
188.165.15.235 - - [11/Dec/2014:00:52:55 -0500] "GET /BLA/resoluciones/RESOLUCIONES%202002/RES%202002%201051-1100/00001086.tif HTTP/1.1" 200 70372
157.55.39.240 - - [11/Dec/2014:00:52:55 -0500] "GET /BLA/resoluciones/RESOLUCIONES%202008/2140.pdf HTTP/1.1" 200 211763
157.55.39.240 - - [11/Dec/2014:00:52:56 -0500] "GET /BLA/resoluciones/AUTOS%202009/2227.pdf HTTP/1.1" 200 122089
66.249.67.115 - - [11/Dec/2014:00:52:56 -0500] "GET /BLA/resoluciones/RESOLUCIONES%202010/0965.pdf HTTP/1.1" 200 440395
157.55.39.12 - - [11/Dec/2014:00:52:57 -0500] "GET /BLA/resoluciones/RESOLUCIONES%202010/2444.pdf HTTP/1.1" 200 495867
157.55.39.217 - - [11/Dec/2014:00:53:12 -0500] "GET /bla/resoluciones/resoluciones%202009/8685.pdf HTTP/1.1" 200 513476
157.55.39.113 - - [11/Dec/2014:00:53:29 -0500] "GET /BLA/resoluciones/RESOLUCIONES%202010/0987.pdf HTTP/1.1" 200 102892
157.55.39.13 - - [11/Dec/2014:00:53:34 -0500] "GET /BLA/resoluciones/RESOLUCIONES%202010/1443.pdf HTTP/1.1" 200 565089
157.55.39.217 - - [11/Dec/2014:00:53:40 -0500] "GET /bla/resoluciones/resoluciones%202010/7658.pdf HTTP/1.1" 200 396268
186.154.85.200 - - [11/Dec/2014:00:53:56 -0500] "POST /forms/lservlet;jsessionid=ac16012b30d53c4f0fb1f2d541d09871a861ba497d51.e3iSbxaKaheRe34Sa3yKbhiTahb0n6jAmljGr5XDqQLvpAe HTTP/1.1" 200 2
157.55.39.13 - - [11/Dec/2014:00:53:57 -0500] "GET /BLA/resoluciones/RESOLUCIONES%202010/2584.pdf HTTP/1.1" 200 759964
74.86.158.107 - - [11/Dec/2014:00:54:01 -0500] "HEAD / HTTP/1.1" 302 -
157.55.39.240 - - [11/Dec/2014:00:54:03 -0500] "GET /BLA/resoluciones/AUTOS%202010/1053.pdf HTTP/1.1" 200 179732
157.55.39.240 - - [11/Dec/2014:00:54:03 -0500] "GET /BLA/resoluciones/AUTOS%202009/1673.pdf HTTP/1.1" 200 124650
66.249.67.115 - - [11/Dec/2014:00:54:10 -0500] "GET /BLA/resoluciones/RESOLUCIONES%202010/3113.pdf HTTP/1.1" 304 -
157.55.39.217 - - [11/Dec/2014:00:54:15 -0500] "GET /bla/resoluciones/resoluciones%202010/7388.pdf HTTP/1.1" 200 501012
66.249.67.99 - - [11/Dec/2014:00:54:20 -0500] "GET /BLA/resoluciones/RESOLUCIONES%202006/RES%202006%20101-150/00000126.tif HTTP/1.1" 200 900972
186.154.84.82 - - [11/Dec/2014:00:48:22 -0500] "GET /ForestMSG_SDA/channelAsync/template_word_16968763?X-Atmosphere-tracking-id=296f98a1-878e-e95c-15a7-c6589561b80e&X-Atmosphere-Framework=1.0.5&X-Atmosphere-Transport=long-polling&tabid=0.40028355293907225&X-Cache-Date=0&Content-Type=application/xml&_=1418277059291 HTTP/1.1" 200 8193
180.76.5.196 - - [11/Dec/2014:00:54:26 -0500] "GET /BLA/resoluciones/RESOLUCIONES%202010/1737.pdf HTTP/1.1" 200 496703
157.55.39.13 - - [11/Dec/2014:00:54:26 -0500] "GET /BLA/resoluciones/RESOLUCIONES%202008/1175.pdf HTTP/1.1" 200 252987
157.55.39.12 - - [11/Dec/2014:00:54:52 -0500] "GET /BLA/resoluciones/RESOLUCIONES%202011/1542.pdf HTTP/1.1" 200 72655
157.55.39.217 - - [11/Dec/2014:00:54:58 -0500] "GET /BLA/resoluciones/Resoluciones%202011/3488.pdf HTTP/1.1" 200 426316
157.55.39.217 - - [11/Dec/2014:00:55:08 -0500] "GET /BLA/resoluciones/RESOLUCIONES%202008/0925.pdf HTTP/1.1" 200 373994
157.55.39.13 - - [11/Dec/2014:00:55:12 -0500] "GET /BLA/resoluciones/RESOLUCIONES%202008/0570.pdf HTTP/1.1" 200 116940
157.55.39.13 - - [11/Dec/2014:00:55:12 -0500] "GET /BLA/resoluciones/RESOLUCIONES%202009/8207.pdf HTTP/1.1" 200 1051361
66.249.67.115 - - [11/Dec/2014:00:55:23 -0500] "GET /BLA/resoluciones/RESOLUCIONES%202009/0759.pdf HTTP/1.1" 200 696221
180.76.6.63 - - [11/Dec/2014:00:55:26 -0500] "GET /BLA/resoluciones/RESOLUCIONES%202010/1718.pdf HTTP/1.1" 200 401836
157.55.39.60 - - [11/Dec/2014:00:55:30 -0500] "GET /dama/libreria/pdf/piga_anexo3.pdf HTTP/1.1" 404 1019
157.55.39.241 - - [11/Dec/2014:00:55:37 -0500] "GET /bla/resoluciones/resoluciones%202009/0819.pdf HTTP/1.1" 200 202089
157.55.39.12 - - [11/Dec/2014:00:55:40 -0500] "GET /bla/resoluciones/RESOLUCIONES%202011/1891.pdf HTTP/1.1" 200 517812
157.55.39.12 - - [11/Dec/2014:00:55:41 -0500] "GET /BLA/resoluciones/AUTOS%202012/2919.pdf HTTP/1.1" 200 3990092
157.55.39.113 - - [11/Dec/2014:00:55:46 -0500] "GET /bla/resoluciones/resoluciones%202010/6810.pdf HTTP/1.1" 200 1502426
157.55.39.113 - - [11/Dec/2014:00:55:47 -0500] "GET /BLA/resoluciones/RESOLUCIONES%202008/2306.pdf HTTP/1.1" 200 358882
157.55.39.217 - - [11/Dec/2014:00:55:51 -0500] "GET /BLA/resoluciones/RESOLUCIONES%202011/0278.pdf HTTP/1.1" 200 72147
157.55.39.217 - - [11/Dec/2014:00:55:51 -0500] "GET /BLA/resoluciones/RESOLUCIONES%202010/2979.pdf HTTP/1.1" 200 883245
157.55.39.12 - - [11/Dec/2014:00:55:55 -0500] "GET /BLA/resoluciones/RESOLUCIONES%202011/1656.pdf HTTP/1.1" 200 715834
186.154.85.200 - - [11/Dec/2014:00:55:56 -0500] "POST /forms/lservlet;jsessionid=ac16012b30d53c4f0fb1f2d541d09871a861ba497d51.e3iSbxaKaheRe34Sa3yKbhiTahb0n6jAmljGr5XDqQLvpAe HTTP/1.1" 200 2
157.55.39.217 - - [11/Dec/2014:00:56:12 -0500] "GET /bla/resoluciones/resoluciones%202009/2610.pdf HTTP/1.1" 200 302010
188.165.15.55 - - [11/Dec/2014:00:56:14 -0500] "GET /BLA/resoluciones/RESOLUCIONES%202002/RES%202002%20901-950/00000918.tif HTTP/1.1" 200 102194
180.76.5.64 - - [11/Dec/2014:00:56:27 -0500] "GET /BLA/resoluciones/RESOLUCIONES%202010/1479.pdf HTTP/1.1" 200 466909
66.249.67.115 - - [11/Dec/2014:00:56:37 -0500] "GET /BLA/resoluciones/AUTOS%202010/2205.pdf HTTP/1.1" 200 1460829
157.55.39.12 - - [11/Dec/2014:00:56:43 -0500] "GET /bla/resoluciones/resoluciones%202009/6870.pdf HTTP/1.1" 200 280623
157.55.39.217 - - [11/Dec/2014:00:56:48 -0500] "GET /BLA/resoluciones/RESOLUCIONES%202011/4662.pdf HTTP/1.1" 200 392163
157.55.39.113 - - [11/Dec/2014:00:56:55 -0500] "GET /BLA/resoluciones/AUTOS%202009/0781.pdf HTTP/1.1" 200 184450
157.55.39.13 - - [11/Dec/2014:00:57:02 -0500] "GET /BLA/resoluciones/AUTOS%202009/0384.pdf HTTP/1.1" 200 102601
157.55.39.217 - - [11/Dec/2014:00:57:06 -0500] "GET /BLA/resoluciones/AUTOS%202011/3293.pdf HTTP/1.1" 200 283449
181.52.167.198 - - [11/Dec/2014:00:57:47 -0500] "GET /BLA/boletinlegal/js/jquery.js HTTP/1.1" 200 57254
181.52.167.198 - - [11/Dec/2014:00:57:47 -0500] "GET /BLA/boletinlegal/js/jquery.scrollTo-min.js HTTP/1.1" 200 1150
181.52.167.198 - - [11/Dec/2014:00:57:47 -0500] "GET /BLA/boletinlegal/js/jquery.scrollShow.js HTTP/1.1" 200 4586
66.249.67.107 - - [11/Dec/2014:00:57:51 -0500] "GET /BLA/resoluciones/AUTOS%202012/0841.pdf HTTP/1.1" 200 374434
157.55.39.217 - - [11/Dec/2014:00:57:54 -0500] "GET /BLA/resoluciones/AUTOS%202011/3728.pdf HTTP/1.1" 200 218631
186.154.85.200 - - [11/Dec/2014:00:57:56 -0500] "POST /forms/lservlet;jsessionid=ac16012b30d53c4f0fb1f2d541d09871a861ba497d51.e3iSbxaKaheRe34Sa3yKbhiTahb0n6jAmljGr5XDqQLvpAe HTTP/1.1" 200 2
157.55.39.240 - - [11/Dec/2014:00:57:58 -0500] "GET /bla/resoluciones/resoluciones%202010/1720.pdf HTTP/1.1" 200 409818
157.55.39.113 - - [11/Dec/2014:00:58:22 -0500] "GET /bla/resoluciones/resoluciones%202010/6430.pdf HTTP/1.1" 200 534894
157.55.39.241 - - [11/Dec/2014:00:58:30 -0500] "GET /BLA/resoluciones/RESOLUCIONES%202010/2530.pdf HTTP/1.1" 200 490846
74.86.158.107 - - [11/Dec/2014:00:59:01 -0500] "HEAD / HTTP/1.1" 302 -
66.249.67.99 - - [11/Dec/2014:00:59:05 -0500] "GET /BLA/resoluciones/AUTOS%202011/6092.pdf HTTP/1.1" 200 206337
157.55.39.240 - - [11/Dec/2014:00:59:06 -0500] "GET /BLA/resoluciones/RESOLUCIONES%202010/1648.pdf HTTP/1.1" 200 433775
157.55.39.240 - - [11/Dec/2014:00:59:07 -0500] "GET /BLA/resoluciones/Resoluciones%202011/2262.pdf HTTP/1.1" 200 681834
157.55.39.240 - - [11/Dec/2014:00:59:08 -0500] "GET /BLA/resoluciones/RESOLUCIONES%202010/0284.pdf HTTP/1.1" 200 537729
180.76.5.81 - - [11/Dec/2014:00:59:12 -0500] "GET /BLA/resoluciones/RESOLUCIONES%202010/2347.pdf HTTP/1.1" 200 351220
157.55.39.113 - - [11/Dec/2014:00:59:13 -0500] "GET /BLA/resoluciones/RESOLUCIONES%202011/1120.pdf HTTP/1.1" 200 249416
157.55.39.241 - - [11/Dec/2014:00:59:23 -0500] "GET /bla/resoluciones/resoluciones%202010/0204.pdf HTTP/1.1" 200 122848
157.55.39.13 - - [11/Dec/2014:00:59:34 -0500] "GET /bla/resoluciones/resoluciones%202010/6892.pdf HTTP/1.1" 200 233577
188.165.15.235 - - [11/Dec/2014:00:59:38 -0500] "GET /BLA/resoluciones/RESOLUCIONES%202005/RES%202005%201451-1500/00001473.tif HTTP/1.1" 200 227972
186.154.85.200 - - [11/Dec/2014:00:59:56 -0500] "POST /forms/lservlet;jsessionid=ac16012b30d53c4f0fb1f2d541d09871a861ba497d51.e3iSbxaKaheRe34Sa3yKbhiTahb0n6jAmljGr5XDqQLvpAe HTTP/1.1" 200 2
157.55.39.240 - - [11/Dec/2014:01:00:11 -0500] "GET /BLA/resoluciones/AUTOS%202010/5775.pdf HTTP/1.1" 200 1423920
157.55.39.240 - - [11/Dec/2014:01:00:12 -0500] "GET /BLA/resoluciones/AUTOS%202009/0471.pdf HTTP/1.1" 200 200659
180.76.6.156 - - [11/Dec/2014:01:00:13 -0500] "GET /BLA/resoluciones/RESOLUCIONES%202010/0467.pdf HTTP/1.1" 200 118374
186.154.84.82 - - [11/Dec/2014:01:00:15 -0500] "GET /forest/session.jsp?a=0.28389206365682185 HTTP/1.1" 200 5
157.55.39.13 - - [11/Dec/2014:01:00:15 -0500] "GET /BLA/resoluciones/RESOLUCIONES%202011/3175.pdf HTTP/1.1" 200 507572
186.154.84.82 - - [11/Dec/2014:01:00:15 -0500] "GET /forest/login.jsp?a=0.5218833156395704 HTTP/1.1" 200 2996
157.55.39.13 - - [11/Dec/2014:01:00:16 -0500] "GET /BLA/resoluciones/RESOLUCIONES%202011/1057.pdf HTTP/1.1" 200 281393
66.249.67.115 - - [11/Dec/2014:01:00:18 -0500] "GET /BLA/resoluciones/RESOLUCIONES%202011/2178.pdf HTTP/1.1" 200 494840
186.154.84.82 - - [11/Dec/2014:00:54:23 -0500] "GET /ForestMSG_SDA/channelAsync/template_word_16968763?X-Atmosphere-tracking-id=296f98a1-878e-e95c-15a7-c6589561b80e&X-Atmosphere-Framework=1.0.5&X-Atmosphere-Transport=long-polling&tabid=0.40028355293907225&X-Cache-Date=0&Content-Type=application/xml&_=1418277420291 HTTP/1.1" 200 8193
157.55.39.241 - - [11/Dec/2014:01:00:27 -0500] "GET /BLA/resoluciones/RESOLUCIONES%202008/0404.pdf HTTP/1.1" 200 263242
157.55.39.12 - - [11/Dec/2014:01:00:57 -0500] "-" 408 -
157.55.39.13 - - [11/Dec/2014:01:01:14 -0500] "GET /bla/resoluciones/resoluciones%202010/0075.pdf HTTP/1.1" 200 501047
157.55.39.13 - - [11/Dec/2014:01:01:14 -0500] "GET /BLA/resoluciones/RESOLUCIONES%202009/1231.pdf HTTP/1.1" 200 408998
157.55.39.217 - - [11/Dec/2014:01:01:19 -0500] "GET /BLA/resoluciones/RESOLUCIONES%202008/2353.pdf HTTP/1.1" 200 367187
157.55.39.13 - - [11/Dec/2014:01:01:24 -0500] "GET /BLA/resoluciones/AUTOS%202010/4142.pdf HTTP/1.1" 200 411719
157.55.39.241 - - [11/Dec/2014:01:01:29 -0500] "GET /bla/resoluciones/resoluciones%202010/0063.pdf HTTP/1.1" 200 517416
157.55.39.241 - - [11/Dec/2014:01:01:29 -0500] "GET /BLA/resoluciones/Resoluciones%202011/1586.pdf HTTP/1.1" 200 70605
66.249.67.107 - - [11/Dec/2014:01:01:32 -0500] "GET /BLA/resoluciones/AUTOS%202011/4553.pdf HTTP/1.1" 200 121600
157.55.39.217 - - [11/Dec/2014:01:01:34 -0500] "GET /bla/resoluciones/resoluciones%202009/0852.pdf HTTP/1.1" 200 350107
157.55.39.217 - - [11/Dec/2014:01:01:34 -0500] "GET /bla/resoluciones/resoluciones%202010/5842.pdf HTTP/1.1" 200 485008
188.165.15.15 - - [11/Dec/2014:01:01:47 -0500] "GET /BLA/resoluciones/RESOLUCIONES%202006/RES%202006%201-50/00000035.tif HTTP/1.1" 200 515862
186.154.85.200 - - [11/Dec/2014:01:01:56 -0500] "POST /forms/lservlet;jsessionid=ac16012b30d53c4f0fb1f2d541d09871a861ba497d51.e3iSbxaKaheRe34Sa3yKbhiTahb0n6jAmljGr5XDqQLvpAe HTTP/1.1" 200 2
157.55.39.113 - - [11/Dec/2014:01:02:05 -0500] "GET /robots.txt HTTP/1.1" 404 1018
157.55.39.240 - - [11/Dec/2014:01:02:08 -0500] "GET /BLA/resoluciones/Resoluciones%202011/1810.pdf HTTP/1.1" 200 479012
157.55.39.113 - - [11/Dec/2014:01:02:12 -0500] "GET /bla/resoluciones/resoluciones%202010/6776.pdf HTTP/1.1" 200 161977
157.55.39.13 - - [11/Dec/2014:01:02:17 -0500] "GET /bla/resoluciones/RESOLUCIONES%202011/1620.pdf HTTP/1.1" 200 66239
157.55.39.113 - - [11/Dec/2014:01:02:28 -0500] "GET /BLA/resoluciones/RESOLUCIONES%202008/1618.pdf HTTP/1.1" 200 235584
157.55.39.13 - - [11/Dec/2014:01:02:34 -0500] "GET /BLA/resoluciones/AUTOS%202012/1710.pdf HTTP/1.1" 200 211910
66.249.67.127 - - [11/Dec/2014:01:02:46 -0500] "GET /portalsiaccapacitaciones/Soportes%20Capacitaciones%20A%C3%B1o%202013/0028.%20R%C3%ADos%20quebradas%20canales%2018%20de%20Julio.pdf HTTP/1.1" 200 13153807
157.55.39.240 - - [11/Dec/2014:01:02:58 -0500] "GET /BLA/resoluciones/AUTOS%202011/2752.pdf HTTP/1.1" 200 240293
157.55.39.240 - - [11/Dec/2014:01:02:58 -0500] "GET /BLA/resoluciones/AUTOS%202009/1999.pdf HTTP/1.1" 200 101325
157.55.39.217 - - [11/Dec/2014:01:03:02 -0500] "GET /BLA/resoluciones/RESOLUCIONES%202011/0226.pdf HTTP/1.1" 200 77759
157.55.39.113 - - [11/Dec/2014:01:03:46 -0500] "GET /BLA/resoluciones/RESOLUCIONES%202012/1827.pdf HTTP/1.1" 200 421234
186.154.85.200 - - [11/Dec/2014:01:03:56 -0500] "POST /forms/lservlet;jsessionid=ac16012b30d53c4f0fb1f2d541d09871a861ba497d51.e3iSbxaKaheRe34Sa3yKbhiTahb0n6jAmljGr5XDqQLvpAe HTTP/1.1" 200 2
66.249.67.115 - - [11/Dec/2014:01:04:00 -0500] "GET /BLA/resoluciones/RESOLUCIONES%202011/0009.pdf HTTP/1.1" 200 147223
74.86.158.107 - - [11/Dec/2014:01:04:01 -0500] "HEAD / HTTP/1.1" 302 -
180.76.6.20 - - [11/Dec/2014:01:04:11 -0500] "GET /BLA/resoluciones/RESOLUCIONES%202010/0992.pdf HTTP/1.1" 200 124166
157.55.39.113 - - [11/Dec/2014:01:04:21 -0500] "GET /BLA/resoluciones/RESOLUCIONES%202008/2212.pdf HTTP/1.1" 200 223090
186.154.84.82 - - [11/Dec/2014:01:04:30 -0500] "POST /forest/actions/manager.login?group_system_actual=3 HTTP/1.1" 200 55
157.55.39.217 - - [11/Dec/2014:01:04:38 -0500] "GET /BLA/resoluciones/RESOLUCIONES%202008/0831.pdf HTTP/1.1" 200 197776
186.154.84.82 - - [11/Dec/2014:01:05:01 -0500] "POST /forest/actions/manager.login?group_system_actual=3 HTTP/1.1" 200 14
186.154.84.82 - - [11/Dec/2014:01:05:01 -0500] "GET /forest/session.jsp?a=0.4125613330397755 HTTP/1.1" 200 4
186.154.84.82 - - [11/Dec/2014:01:05:04 -0500] "GET /forest/skins/gdocs-jar/popup/escritorio/subirborrador.jsp?form=Correspondencia_Elaborar_Borrador&codTpl=641&codBorr=&a=0.7060118727385998 HTTP/1.1" 200 23286
186.154.84.82 - - [11/Dec/2014:01:05:05 -0500] "GET /forest/json.do?query=borradoresByTpls&codInst=2999369&codTare=692&firma=0&a=0.015865007182583213 HTTP/1.1" 200 184
186.154.84.82 - - [11/Dec/2014:01:05:05 -0500] "GET /forest/json.do?query=plantillasByTarea&codTare=692&codInst=2999369&firma=0&a=0.8948456360958517 HTTP/1.1" 200 904
186.154.84.82 - - [11/Dec/2014:01:05:05 -0500] "GET /forest/json.do?query=terceroById&numTer=899999061-9%20SDA&a=0.35042060911655426 HTTP/1.1" 200 692
186.154.84.82 - - [11/Dec/2014:01:05:05 -0500] "GET /forest/json.do?query=ultimoBorradorByTpl&codTpl=621&codInst=2999369&a=0.43928023683838546 HTTP/1.1" 200 2
186.154.84.82 - - [11/Dec/2014:01:05:05 -0500] "GET /forest/json.do?query=ultimoBorradorByTpl&codTpl=1201&codInst=2999369&a=0.8787779044359922 HTTP/1.1" 200 2
186.154.84.82 - - [11/Dec/2014:01:05:05 -0500] "GET /forest/json.do?query=ultimoBorradorByTpl&codTpl=641&codInst=2999369&a=0.8669692375697196 HTTP/1.1" 200 20
186.154.84.82 - - [11/Dec/2014:01:05:05 -0500] "GET /forest/json.do?query=ultimoBorradorByTpl&codTpl=901&codInst=2999369&a=0.17984057939611375 HTTP/1.1" 200 2
186.154.84.82 - - [11/Dec/2014:01:05:05 -0500] "GET /forest/json.do?query=ultimoBorradorByTpl&codTpl=501&codInst=2999369&a=0.4596590008586645 HTTP/1.1" 200 2
186.154.84.82 - - [11/Dec/2014:01:05:05 -0500] "GET /forest/json.do?query=ultimoBorradorByTpl&codTpl=1301&codInst=2999369&a=0.33988659060560167 HTTP/1.1" 200 2
66.249.67.115 - - [11/Dec/2014:01:05:14 -0500] "GET /BLA/resoluciones/AUTOS%202009/2763.pdf HTTP/1.1" 200 80793
186.154.84.82 - - [11/Dec/2014:01:05:25 -0500] "POST /forest/usutareas.do?group_system_actual=3 HTTP/1.1" 200 224
186.154.84.82 - - [11/Dec/2014:01:00:24 -0500] "GET /ForestMSG_SDA/channelAsync/template_word_16968763?X-Atmosphere-tracking-id=296f98a1-878e-e95c-15a7-c6589561b80e&X-Atmosphere-Framework=1.0.5&X-Atmosphere-Transport=long-polling&tabid=0.40028355293907225&X-Cache-Date=0&Content-Type=application/xml&_=1418277781290 HTTP/1.1" 200 8193
186.154.84.82 - - [11/Dec/2014:01:05:37 -0500] "GET /forest/usutareas.do?group_system_actual=3&a=0.6506554479710758 HTTP/1.1" 200 113194
186.154.84.82 - - [11/Dec/2014:01:05:39 -0500] "GET /forest/session.jsp?a=0.9667193519417197 HTTP/1.1" 200 4
186.154.85.200 - - [11/Dec/2014:01:05:56 -0500] "POST /forms/lservlet;jsessionid=ac16012b30d53c4f0fb1f2d541d09871a861ba497d51.e3iSbxaKaheRe34Sa3yKbhiTahb0n6jAmljGr5XDqQLvpAe HTTP/1.1" 200 2
