157.55.39.113 - - [12/Dec/2014:02:31:29 -0500] "GET /BLA/resoluciones/index.php?dir=RESOLUCIONES%202011/&sort=date&order=asc HTTP/1.1" 200 607392
157.55.39.113 - - [12/Dec/2014:02:31:33 -0500] "GET /BLA/resoluciones/index.php?dir=RESOLUCIONES%202012/&sort=date&order=asc HTTP/1.1" 200 130695
157.55.39.12 - - [12/Dec/2014:02:31:30 -0500] "GET /BLA/resoluciones/index.php?dir=RESOLUCIONES%202008/&sort=size&order=asc HTTP/1.1" 200 672956
157.55.39.113 - - [12/Dec/2014:02:31:34 -0500] "GET /BLA/resoluciones/index.php?dir=RESOLUCIONES%202011/&sort=date&order=asc HTTP/1.1" 200 660203
157.55.39.12 - - [12/Dec/2014:02:31:35 -0500] "GET /BLA/resoluciones/index.php?dir=RESOLUCIONES%202008/&sort=date&order=asc HTTP/1.1" 200 607241
157.55.39.113 - - [12/Dec/2014:02:31:37 -0500] "GET /BLA/resoluciones/index.php?dir=RESOLUCIONES%202010/&sort=size&order=desc HTTP/1.1" 200 673114
157.55.39.12 - - [12/Dec/2014:02:31:39 -0500] "GET /BLA/resoluciones/Resoluciones%202011/?C=S;O=A HTTP/1.1" 200 593331
157.55.39.12 - - [12/Dec/2014:02:31:41 -0500] "GET /BLA/resoluciones/Resoluciones%202011/?C=M;O=D HTTP/1.1" 200 593121
157.55.39.113 - - [12/Dec/2014:02:31:42 -0500] "GET /BLA/resoluciones/index.php?dir=RESOLUCIONES%202010/&sort=name&order=asc HTTP/1.1" 200 672953
157.55.39.13 - - [12/Dec/2014:02:31:44 -0500] "GET /BLA/resoluciones/RESOLUCIONES%202010/?C=D;O=A HTTP/1.1" 200 593332
157.55.39.113 - - [12/Dec/2014:02:31:47 -0500] "GET /BLA/resoluciones/index.php?dir=AUTOS+2012%2F HTTP/1.1" 200 196081
66.249.67.67 - - [12/Dec/2014:02:31:48 -0500] "GET /BLA/resoluciones/RESOLUCIONES%202007/RES%202007%201501%20AL%201600/RESOLUCION%201581%20DE%202007.pdf HTTP/1.1" 200 454088
157.55.39.13 - - [12/Dec/2014:02:31:46 -0500] "GET /BLA/resoluciones/RESOLUCIONES%202009/?C=M;O=A HTTP/1.1" 200 593332
157.55.39.113 - - [12/Dec/2014:02:31:48 -0500] "GET /BLA/resoluciones/index.php?dir=AUTOS+2009%2F HTTP/1.1" 200 393165
157.55.39.13 - - [12/Dec/2014:02:31:50 -0500] "GET /BLA/resoluciones/RESOLUCIONES%202007/RES%202007%20901%20AL%201000/?C=D;O=A HTTP/1.1" 200 24769
157.55.39.13 - - [12/Dec/2014:02:31:51 -0500] "GET /BLA/resoluciones/RESOLUCIONES%202007/RES%202007%203401%20AL%203500/?C=S;O=A HTTP/1.1" 200 24547
157.55.39.13 - - [12/Dec/2014:02:31:51 -0500] "GET /BLA/resoluciones/RESOLUCIONES%202007/RES%202007%203401%20AL%203500/?C=M;O=D HTTP/1.1" 200 24547
157.55.39.13 - - [12/Dec/2014:02:31:48 -0500] "GET /BLA/resoluciones/RESOLUCIONES%202008/?C=N;O=D HTTP/1.1" 200 593209
157.55.39.13 - - [12/Dec/2014:02:31:51 -0500] "GET /BLA/resoluciones/RESOLUCIONES%202007/RES%202007%201101%20AL%201200/?C=D;O=A HTTP/1.1" 200 24771
157.55.39.113 - - [12/Dec/2014:02:31:50 -0500] "GET /BLA/resoluciones/Resoluciones%202011/?C=N;O=A HTTP/1.1" 200 601139
157.55.39.13 - - [12/Dec/2014:02:31:52 -0500] "GET /BLA/resoluciones/Autos%202008/?C=D;O=A HTTP/1.1" 200 649444
157.55.39.13 - - [12/Dec/2014:02:31:52 -0500] "GET /BLA/resoluciones/Autos%202008/?C=N;O=A HTTP/1.1" 200 593318
157.55.39.113 - - [12/Dec/2014:02:31:53 -0500] "GET /BLA/resoluciones/Resoluciones%202011/?C=D;O=A HTTP/1.1" 200 593121
157.55.39.13 - - [12/Dec/2014:02:31:54 -0500] "GET /BLA/resoluciones/AUTOS%202009/?C=S;O=A HTTP/1.1" 200 508670
157.55.39.113 - - [12/Dec/2014:02:31:57 -0500] "GET /BLA/resoluciones/RESOLUCIONES%202010/?C=S;O=A HTTP/1.1" 200 593332
157.55.39.13 - - [12/Dec/2014:02:31:58 -0500] "GET /BLA/resoluciones/AUTOS%202007/?C=S;O=A HTTP/1.1" 200 609354
157.55.39.13 - - [12/Dec/2014:02:32:01 -0500] "GET /videos/galeria-fotografica/index7.html HTTP/1.1" 200 1971
157.55.39.13 - - [12/Dec/2014:02:32:02 -0500] "GET /stormWeb/ HTTP/1.1" 200 12136
157.55.39.13 - - [12/Dec/2014:02:32:02 -0500] "GET /index_xampp.php HTTP/1.1" 404 1018
157.55.39.13 - - [12/Dec/2014:02:32:02 -0500] "GET /contentflow.js HTTP/1.1" 404 1018
157.55.39.13 - - [12/Dec/2014:02:32:01 -0500] "GET /BLA/resoluciones/AUTOS%202007/?C=M;O=D HTTP/1.1" 200 593318
157.55.39.113 - - [12/Dec/2014:02:32:01 -0500] "GET /BLA/resoluciones/RESOLUCIONES%202010/?C=M;O=D HTTP/1.1" 200 593332
157.55.39.13 - - [12/Dec/2014:02:32:02 -0500] "GET /bla/resoluciones/resoluciones%202011/?C=S;O=A HTTP/1.1" 200 601349
157.55.39.13 - - [12/Dec/2014:02:32:04 -0500] "GET /bla/resoluciones/resoluciones%202011/ HTTP/1.1" 200 593121
157.55.39.113 - - [12/Dec/2014:02:32:05 -0500] "GET /BLA/resoluciones/RESOLUCIONES%202009/?C=N;O=D HTTP/1.1" 200 593123
157.55.39.113 - - [12/Dec/2014:02:32:07 -0500] "GET /BLA/resoluciones/RESOLUCIONES%202009/?C=D;O=D HTTP/1.1" 200 593123
180.76.5.223 - - [12/Dec/2014:02:31:55 -0500] "GET /BLA/resoluciones/index.php?dir=RESOLUCIONES+2007%2FRES+2007+2001+AL+2100%2F HTTP/1.1" 200 26870
157.55.39.13 - - [12/Dec/2014:02:32:08 -0500] "GET /bla/resoluciones/resoluciones%202010/?C=N;O=A HTTP/1.1" 200 593332
157.55.39.113 - - [12/Dec/2014:02:32:08 -0500] "GET /BLA/resoluciones/RESOLUCIONES%202008/?C=S;O=D HTTP/1.1" 200 665076
157.55.39.113 - - [12/Dec/2014:02:32:10 -0500] "GET /BLA/resoluciones/RESOLUCIONES%202008/?C=M;O=A HTTP/1.1" 200 593120
157.55.39.113 - - [12/Dec/2014:02:32:14 -0500] "GET /BLA/resoluciones/RESOLUCIONES%202007/RES%202007%204201%20AL%204300/?C=M;O=A HTTP/1.1" 200 24544
157.55.39.113 - - [12/Dec/2014:02:32:15 -0500] "GET /BLA/resoluciones/RESOLUCIONES%202007/RES%202007%20201%20AL%20300/?C=M;O=D HTTP/1.1" 200 25246
157.55.39.113 - - [12/Dec/2014:02:32:15 -0500] "GET /BLA/resoluciones/RESOLUCIONES%202007/RES%202007%201401%20AL%201500/?C=S;O=A HTTP/1.1" 200 24777
157.55.39.217 - - [12/Dec/2014:02:32:12 -0500] "GET /bla/resoluciones/resoluciones%202010/ HTTP/1.1" 200 593332
157.55.39.217 - - [12/Dec/2014:02:32:16 -0500] "GET /bla/resoluciones/resoluciones%202009/?C=N;O=A HTTP/1.1" 200 593331
157.55.39.217 - - [12/Dec/2014:02:32:20 -0500] "GET /bla/resoluciones/autos%202010/?C=S;O=A HTTP/1.1" 200 275939
157.55.39.217 - - [12/Dec/2014:02:32:22 -0500] "GET /bla/resoluciones/RESOLUCIONES%202011/?C=N;O=D HTTP/1.1" 200 609158
157.55.39.217 - - [12/Dec/2014:02:32:24 -0500] "GET /bla/resoluciones/RESOLUCIONES%202011/?C=D;O=D HTTP/1.1" 200 593122
157.55.39.217 - - [12/Dec/2014:02:32:28 -0500] "GET /bla/resoluciones/RESOLUCIONES%202009/?C=N;O=A HTTP/1.1" 200 593331
157.55.39.217 - - [12/Dec/2014:02:32:32 -0500] "GET /bla/resoluciones/RESOLUCIONES%202009/?C=D;O=A HTTP/1.1" 200 665493
157.55.39.217 - - [12/Dec/2014:02:32:36 -0500] "GET /BLA/resoluciones/index.php?dir=RESOLUCIONES+2010%2F HTTP/1.1" 200 607298
157.55.39.218 - - [12/Dec/2014:02:32:40 -0500] "GET /BLA/resoluciones/index.php?dir=RESOLUCIONES+2007%2F HTTP/1.1" 200 12504
157.55.39.218 - - [12/Dec/2014:02:32:40 -0500] "GET /BLA/resoluciones/index.php?dir=RESOLUCIONES%202010/&sort=name&order=desc HTTP/1.1" 200 672885
157.55.39.240 - - [12/Dec/2014:02:32:42 -0500] "GET /bla/resoluciones/RESOLUCIONES%202011/?C=M;O=A HTTP/1.1" 200 593144
157.55.39.240 - - [12/Dec/2014:02:32:45 -0500] "GET /auntentica.txt HTTP/1.1" 404 1018
157.55.39.240 - - [12/Dec/2014:02:32:45 -0500] "GET /BLA/resoluciones/index.php?dir=RESOLUCIONES+2013%2F HTTP/1.1" 200 121905
157.55.39.224 - - [12/Dec/2014:02:32:44 -0500] "GET /BLA/resoluciones/index.php?dir=RESOLUCIONES%202008/&sort=name&order=desc HTTP/1.1" 200 607266
157.55.39.240 - - [12/Dec/2014:02:32:47 -0500] "GET /BLA/resoluciones/index.php?dir=RESOLUCIONES+2008%2F HTTP/1.1" 200 607200
157.55.39.224 - - [12/Dec/2014:02:32:48 -0500] "GET /BLA/resoluciones/Resoluciones%202011/?C=N;O=D HTTP/1.1" 200 593122
157.55.39.241 - - [12/Dec/2014:02:32:50 -0500] "GET /BLA/resoluciones/index.php?dir=RESOLUCIONES%202011/&sort=size&order=desc HTTP/1.1" 200 607322
157.55.39.241 - - [12/Dec/2014:02:32:54 -0500] "GET /BLA/resoluciones/index.php?dir=RESOLUCIONES%202007/RES%202007%203801%20AL%203900/&sort=date&order=asc HTTP/1.1" 200 26637
180.76.5.152 - - [12/Dec/2014:02:32:55 -0500] "GET /BLA/resoluciones/RESOLUCIONES%202010/1482.pdf HTTP/1.1" 200 336084
157.55.39.217 - - [12/Dec/2014:02:32:51 -0500] "GET /BLA/resoluciones/RESOLUCIONES%202010/?C=S;O=D HTTP/1.1" 200 593332
157.55.39.241 - - [12/Dec/2014:02:32:54 -0500] "GET /BLA/resoluciones/Resoluciones%202011/?C=M;O=A HTTP/1.1" 200 601147
157.55.39.217 - - [12/Dec/2014:02:32:55 -0500] "GET /BLA/resoluciones/RESOLUCIONES%202010/?C=M;O=A HTTP/1.1" 200 593332
157.55.39.241 - - [12/Dec/2014:02:32:57 -0500] "GET /BLA/resoluciones/RESOLUCIONES%202010/?C=N;O=D HTTP/1.1" 200 593332
157.55.39.217 - - [12/Dec/2014:02:32:59 -0500] "GET /BLA/resoluciones/RESOLUCIONES%202009/?C=N;O=A HTTP/1.1" 200 593331
157.55.39.241 - - [12/Dec/2014:02:33:01 -0500] "GET /BLA/resoluciones/RESOLUCIONES%202009/?C=S;O=A HTTP/1.1" 200 593122
157.55.39.217 - - [12/Dec/2014:02:33:02 -0500] "GET /BLA/resoluciones/RESOLUCIONES%202009/?C=D;O=A HTTP/1.1" 200 593331
157.55.39.241 - - [12/Dec/2014:02:33:03 -0500] "GET /BLA/resoluciones/RESOLUCIONES%202008/?C=N;O=A HTTP/1.1" 200 593120
157.55.39.241 - - [12/Dec/2014:02:33:06 -0500] "GET /BLA/resoluciones/RESOLUCIONES%202007/RES%202007%20801%20AL%20900/?C=N;O=A HTTP/1.1" 200 24767
157.55.39.241 - - [12/Dec/2014:02:33:07 -0500] "GET /BLA/resoluciones/RESOLUCIONES%202007/RES%202007%204201%20AL%204300/?C=D;O=A HTTP/1.1" 200 24544
157.55.39.241 - - [12/Dec/2014:02:33:07 -0500] "GET /BLA/resoluciones/RESOLUCIONES%202007/RES%202007%201401%20AL%201500/?C=N;O=D HTTP/1.1" 200 24777
157.55.39.241 - - [12/Dec/2014:02:33:05 -0500] "GET /BLA/resoluciones/RESOLUCIONES%202008/?C=D;O=A HTTP/1.1" 200 593120
157.55.39.217 - - [12/Dec/2014:02:33:06 -0500] "GET /BLA/resoluciones/RESOLUCIONES%202008/?C=S;O=A HTTP/1.1" 200 593001
157.55.39.241 - - [12/Dec/2014:02:33:08 -0500] "GET /BLA/resoluciones/AUTOS%202011/?C=S;O=A HTTP/1.1" 200 593318
157.55.39.113 - - [12/Dec/2014:02:33:08 -0500] "GET /BLA/resoluciones/Autos%202008/?C=S;O=A HTTP/1.1" 200 593318
157.55.39.241 - - [12/Dec/2014:02:33:08 -0500] "GET /BLA/resoluciones/AUTOS%202011/?C=M;O=D HTTP/1.1" 200 593318
157.55.39.217 - - [12/Dec/2014:02:33:10 -0500] "GET /BLA/resoluciones/RESOLUCIONES%202008/?C=M;O=D HTTP/1.1" 200 593209
157.55.39.113 - - [12/Dec/2014:02:33:11 -0500] "GET /BLA/resoluciones/Autos%202008/?C=M;O=D HTTP/1.1" 200 593318
157.55.39.240 - - [12/Dec/2014:02:33:12 -0500] "GET /BLA/resoluciones/AUTOS%202009/?C=M;O=A HTTP/1.1" 200 508670
157.55.39.240 - - [12/Dec/2014:02:33:15 -0500] "GET /BLA/resoluciones/AUTOS%202007/?C=M;O=A HTTP/1.1" 200 609354
157.55.39.240 - - [12/Dec/2014:02:33:18 -0500] "GET /BLA/boletinlegal/norma_menu.php HTTP/1.1" 200 5286
157.55.39.240 - - [12/Dec/2014:02:33:19 -0500] "GET /videos/galeria-fotografica/index14.html HTTP/1.1" 200 1971
157.55.39.240 - - [12/Dec/2014:02:33:19 -0500] "GET /up_options.php HTTP/1.1" 404 1018
157.55.39.113 - - [12/Dec/2014:02:33:15 -0500] "GET /BLA/resoluciones/AUTOS%202011/?C=N;O=D HTTP/1.1" 200 601336
157.55.39.113 - - [12/Dec/2014:02:33:18 -0500] "GET /BLA/resoluciones/AUTOS%202011/?C=D;O=D HTTP/1.1" 200 593318
157.55.39.113 - - [12/Dec/2014:02:33:20 -0500] "GET /BLA/resoluciones/AUTOS%202009/?C=D;O=A HTTP/1.1" 200 508670
157.55.39.217 - - [12/Dec/2014:02:33:23 -0500] "GET /BLA/resoluciones/RESOLUCIONES%202007/RES%202007%204201%20AL%204300/?C=S;O=A HTTP/1.1" 200 24544
157.55.39.217 - - [12/Dec/2014:02:33:24 -0500] "GET /BLA/resoluciones/RESOLUCIONES%202007/RES%202007%20301%20AL%20400/?C=S;O=A HTTP/1.1" 200 24527
157.55.39.217 - - [12/Dec/2014:02:33:24 -0500] "GET /BLA/resoluciones/RESOLUCIONES%202007/RES%202007%20201%20AL%20300/?C=M;O=A HTTP/1.1" 200 25246
157.55.39.217 - - [12/Dec/2014:02:33:24 -0500] "GET /BLA/resoluciones/RESOLUCIONES%202007/RES%202007%201401%20AL%201500/?C=M;O=A HTTP/1.1" 200 24777
157.55.39.217 - - [12/Dec/2014:02:33:25 -0500] "GET /BLA/resoluciones/RESOLUCIONES%202007/RES%202007%201101%20AL%201200/?C=S;O=D HTTP/1.1" 200 24771
157.55.39.217 - - [12/Dec/2014:02:33:25 -0500] "GET /BLA/resoluciones/RESOLUCIONES%202007/RES%202007%201001%20AL%201100/?C=S;O=A HTTP/1.1" 200 24771
157.55.39.113 - - [12/Dec/2014:02:33:23 -0500] "GET /BLA/resoluciones/AUTOS%202007/?C=D;O=A HTTP/1.1" 200 665480
157.55.39.113 - - [12/Dec/2014:02:33:21 -0500] "GET /BLA/resoluciones/AUTOS%202007/?C=N;O=A HTTP/1.1" 200 737642
157.55.39.217 - - [12/Dec/2014:02:33:25 -0500] "GET /BLA/resoluciones/Autos%202008/?C=S;O=D HTTP/1.1" 200 609354
188.165.15.191 - - [12/Dec/2014:02:33:28 -0500] "GET /BLA/resoluciones/RESOLUCIONES%202006/RES%202006%201051-1100/00001068.tif HTTP/1.1" 200 182224
157.55.39.113 - - [12/Dec/2014:02:33:26 -0500] "GET /bla/resoluciones/resoluciones%202011/?C=N;O=A HTTP/1.1" 200 593121
157.55.39.113 - - [12/Dec/2014:02:33:26 -0500] "GET /bla/resoluciones/resoluciones%202010/?C=S;O=A HTTP/1.1" 200 593332
157.55.39.217 - - [12/Dec/2014:02:33:28 -0500] "GET /BLA/resoluciones/Autos%202008/?C=M;O=A HTTP/1.1" 200 601336
157.55.39.217 - - [12/Dec/2014:02:33:33 -0500] "GET /BLA/resoluciones/AUTOS%202011/?C=D;O=A HTTP/1.1" 200 593318
157.55.39.217 - - [12/Dec/2014:02:33:36 -0500] "GET /BLA/resoluciones/AUTOS%202007/?C=N;O=D HTTP/1.1" 200 665480
157.55.39.113 - - [12/Dec/2014:02:33:38 -0500] "GET /bla/resoluciones/resoluciones%202010/?C=M;O=D HTTP/1.1" 200 593332
157.55.39.218 - - [12/Dec/2014:02:33:40 -0500] "GET /BLA/resoluciones/AUTOS%202007/?C=D;O=D HTTP/1.1" 200 593318
157.55.39.224 - - [12/Dec/2014:02:33:44 -0500] "GET /BLA/resoluciones/Resoluciones%202011/?C=D;O=D HTTP/1.1" 200 593122
157.55.39.224 - - [12/Dec/2014:02:33:47 -0500] "GET /bla/resoluciones/resoluciones%202009/?C=D;O=A HTTP/1.1" 200 593331
201.245.192.253 - - [12/Dec/2014:02:30:53 -0500] "GET /ForestMSG_SDA/channelAsync/template_word_17081124?X-Atmosphere-tracking-id=53991fc3-e9ba-7f0f-66f2-6620c79c00ca&X-Atmosphere-Framework=1.0.5&X-Atmosphere-Transport=long-polling&tabid=0.3393159160459772&X-Cache-Date=0&Content-Type=application/xml&_=1418369510883 HTTP/1.1" 200 8193
180.76.5.144 - - [12/Dec/2014:02:33:54 -0500] "GET /BLA/resoluciones/RESOLUCIONES%202010/0426.pdf HTTP/1.1" 200 570965
157.55.39.217 - - [12/Dec/2014:02:33:52 -0500] "GET /bla/resoluciones/resoluciones%202010/?C=M;O=A HTTP/1.1" 200 593332
157.55.39.217 - - [12/Dec/2014:02:33:51 -0500] "GET /bla/resoluciones/resoluciones%202011/?C=N;O=D HTTP/1.1" 200 593122
66.249.67.67 - - [12/Dec/2014:02:34:14 -0500] "GET /BLA/resoluciones/AUTOS%202010/1468.pdf HTTP/1.1" 200 257227
66.249.67.83 - - [12/Dec/2014:02:34:37 -0500] "GET /BLA/resoluciones/AUTOS%202007/2203.pdf HTTP/1.1" 304 -
66.249.67.75 - - [12/Dec/2014:02:35:33 -0500] "GET /BLA/resoluciones/RESOLUCIONES%202011/0526.pdf HTTP/1.1" 200 161047
180.76.5.23 - - [12/Dec/2014:02:35:53 -0500] "GET /BLA/resoluciones/RESOLUCIONES%202010/2160.pdf HTTP/1.1" 200 504468
201.245.192.253 - - [12/Dec/2014:02:33:53 -0500] "GET /ForestMSG_SDA/channelAsync/template_word_17081124?X-Atmosphere-tracking-id=53991fc3-e9ba-7f0f-66f2-6620c79c00ca&X-Atmosphere-Framework=1.0.5&X-Atmosphere-Transport=long-polling&tabid=0.3393159160459772&X-Cache-Date=0&Content-Type=application/xml&_=1418369690901 HTTP/1.1" 200 8193
66.249.67.75 - - [12/Dec/2014:02:37:08 -0500] "GET /BLA/resoluciones/Autos%202008/0944.pdf HTTP/1.1" 200 110181
66.249.67.67 - - [12/Dec/2014:02:37:26 -0500] "GET /BLA/resoluciones/RESOLUCIONES%202008/3432.pdf HTTP/1.1" 200 249264
180.76.6.36 - - [12/Dec/2014:02:37:52 -0500] "GET /BLA/resoluciones/RESOLUCIONES%202010/0400.pdf HTTP/1.1" 200 92487
66.249.67.83 - - [12/Dec/2014:02:37:58 -0500] "GET /BLA/resoluciones/Autos%202008/2138.pdf HTTP/1.1" 200 88170
181.61.152.52 - - [12/Dec/2014:02:38:03 -0500] "GET /isolucionsda/Session.asp HTTP/1.1" 200 146
188.165.15.235 - - [12/Dec/2014:02:38:03 -0500] "GET /BLA/resoluciones/RESOLUCIONES%202004/RES%202004%202301-2350/00002307.tif HTTP/1.1" 200 111988
66.249.67.75 - - [12/Dec/2014:02:39:20 -0500] "GET /BLA/resoluciones/RESOLUCIONES%202005/RES%202005%20401-450/00000412.tif HTTP/1.1" 200 137714
188.165.15.55 - - [12/Dec/2014:02:39:39 -0500] "GET /BLA/resoluciones/RESOLUCIONES%202005/RES%202005%201301-1350/00001309.tif HTTP/1.1" 200 65626
201.245.192.253 - - [12/Dec/2014:02:36:53 -0500] "GET /ForestMSG_SDA/channelAsync/template_word_17081124?X-Atmosphere-tracking-id=53991fc3-e9ba-7f0f-66f2-6620c79c00ca&X-Atmosphere-Framework=1.0.5&X-Atmosphere-Transport=long-polling&tabid=0.3393159160459772&X-Cache-Date=0&Content-Type=application/xml&_=1418369870896 HTTP/1.1" 200 8193
66.249.67.83 - - [12/Dec/2014:02:40:14 -0500] "GET /BLA/resoluciones/RESOLUCIONES%202007/RES%202007%20901%20AL%201000/RESOLUCION%200935%20DE%202007.pdf HTTP/1.1" 200 245188
181.61.152.52 - - [12/Dec/2014:02:40:29 -0500] "GET /isolucionsda/g/Bot_AyudaOver.jpg HTTP/1.1" 200 1659
188.165.15.191 - - [12/Dec/2014:02:40:34 -0500] "GET /BLA/resoluciones/RESOLUCIONES%202006/RES%202006%201251-1300/00001278.tif HTTP/1.1" 200 271346
66.249.67.83 - - [12/Dec/2014:02:40:59 -0500] "GET /BLA/resoluciones/RESOLUCIONES%202009/9085.pdf HTTP/1.1" 200 107462
181.61.152.52 - - [12/Dec/2014:02:40:50 -0500] "POST /isolucionsda/BSC/BSC/Jerarquico.aspx?number=&TipoGrupo=Proceso&Visualizacion=1&Grafico=2&FechaInicial=01%2f01%2f2013&FechaFinal=12%2f12%2f2014&IdObjeto=-1&NomObjeto=Todos&Buscar=1 HTTP/1.1" 200 167858
181.61.152.52 - - [12/Dec/2014:02:41:07 -0500] "GET /isolucionsda/BSC/imagenes/img_semaforoazul.jpg HTTP/1.1" 404 5250
188.165.15.15 - - [12/Dec/2014:02:41:13 -0500] "GET /BLA/resoluciones/RESOLUCIONES%202003/RES%202003%201901-1950/00001939.tif HTTP/1.1" 200 104808
188.165.15.191 - - [12/Dec/2014:02:41:49 -0500] "GET /BLA/resoluciones/index.php?dir=RESOLUCIONES%202004/RES%202004%201151-1200/&sort=name&order=asc HTTP/1.1" 200 12176
190.165.101.189 - - [12/Dec/2014:02:42:34 -0500] "GET /BLA/resoluciones/RESOLUCIONES%202012/1228.pdf HTTP/1.1" 200 496496
190.165.101.189 - - [12/Dec/2014:02:42:35 -0500] "GET /BLA/resoluciones/RESOLUCIONES%202012/1228.pdf HTTP/1.1" 206 32768
190.165.101.189 - - [12/Dec/2014:02:42:35 -0500] "GET /BLA/resoluciones/RESOLUCIONES%202012/1228.pdf HTTP/1.1" 206 463728
190.165.101.189 - - [12/Dec/2014:02:42:35 -0500] "GET /favicon.ico HTTP/1.1" 200 7782
201.245.192.253 - - [12/Dec/2014:02:39:53 -0500] "GET /ForestMSG_SDA/channelAsync/template_word_17081124?X-Atmosphere-tracking-id=53991fc3-e9ba-7f0f-66f2-6620c79c00ca&X-Atmosphere-Framework=1.0.5&X-Atmosphere-Transport=long-polling&tabid=0.3393159160459772&X-Cache-Date=0&Content-Type=application/xml&_=1418370050882 HTTP/1.1" 200 8193
66.249.67.75 - - [12/Dec/2014:02:43:03 -0500] "GET /BLA/resoluciones/RESOLUCIONES%202009/8853.pdf HTTP/1.1" 200 227995
181.61.152.52 - - [12/Dec/2014:02:43:10 -0500] "GET /isolucionsda/IndicadoresBase.asp?ind=347&FechaIni=20130101&FechaFin=20141212 HTTP/1.1" 200 146
181.61.152.52 - - [12/Dec/2014:02:43:16 -0500] "GET /isolucionsda/g/Bot_AmbientalOver_ESP.jpg HTTP/1.1" 200 5391
181.61.152.52 - - [12/Dec/2014:02:43:17 -0500] "GET /isolucionsda/g/Bot_AmbientalOver_ESP.jpg HTTP/1.1" 200 5391
181.61.152.52 - - [12/Dec/2014:02:43:24 -0500] "GET /isolucionsda/g/Bot_MejoramientoOver_ESP.jpg HTTP/1.1" 200 6165
181.61.152.52 - - [12/Dec/2014:02:43:36 -0500] "GET /isolucionsda/IndicadoresBase.asp?ind=347&FechaIni=20130101&FechaFin=20141212 HTTP/1.1" 200 146
181.61.152.52 - - [12/Dec/2014:02:43:39 -0500] "GET /isolucionsda/g/Bot_CerrarOver.jpg HTTP/1.1" 200 1873
181.61.152.52 - - [12/Dec/2014:02:43:45 -0500] "GET /isolucionsda/SucursalSeleccion.asp?Pagina=SucursalSeleccion.asp&CargaPagina=ModuloProcesos&IdModulo=3 HTTP/1.1" 200 146
181.61.152.52 - - [12/Dec/2014:02:43:46 -0500] "GET /isolucionsda/g/Bot_AyudaOver.jpg HTTP/1.1" 200 1659
181.61.152.52 - - [12/Dec/2014:02:43:46 -0500] "GET /isolucionsda/g/Bot_GlosarioOver.jpg HTTP/1.1" 200 1948
181.61.152.52 - - [12/Dec/2014:02:43:47 -0500] "GET /isolucionsda/FrameSetGeneral.asp?Pagina=MagazinHome.asp HTTP/1.1" 200 146
181.61.152.52 - - [12/Dec/2014:02:43:57 -0500] "GET /isolucionsda/ HTTP/1.1" 200 739
181.61.152.52 - - [12/Dec/2014:02:43:59 -0500] "GET /isolucionsda/IdentificaUsuario.asp?Pagina1=FrameSetGeneral.asp& HTTP/1.1" 200 4997
66.249.67.67 - - [12/Dec/2014:02:43:59 -0500] "GET /BLA/resoluciones/RESOLUCIONES%202005/RES%202005%202451-2500/00002490.tif HTTP/1.1" 200 140734
181.61.152.52 - - [12/Dec/2014:02:44:00 -0500] "POST /isolucionsda/IdentificaUsuario.asp?Pagina1=FrameSetGeneral.asp& HTTP/1.1" 302 173
181.61.152.52 - - [12/Dec/2014:02:44:00 -0500] "GET /isolucionsda/FrameSetGeneral.asp?Pagina1=FrameSetGeneral.asp& HTTP/1.1" 200 6613
181.61.152.52 - - [12/Dec/2014:02:44:01 -0500] "GET /isolucionsda/MagazinHome.asp HTTP/1.1" 502 1178
181.61.152.52 - - [12/Dec/2014:02:44:01 -0500] "GET /isolucionsda/Encabezado.asp?Pagina1=FrameSetGeneral.asp&&Pagina=MagazinHome.asp HTTP/1.1" 200 15388
181.61.152.52 - - [12/Dec/2014:02:44:01 -0500] "GET /isolucionsda/BarraFavoritos.asp HTTP/1.1" 200 911
181.61.152.52 - - [12/Dec/2014:02:44:01 -0500] "GET /isolucionsda/BarraTitulos.asp?Pagina1=FrameSetGeneral.asp&&Pagina=MagazinHome.asp HTTP/1.1" 200 6972
181.61.152.52 - - [12/Dec/2014:02:44:01 -0500] "GET /isolucionsda/Session.asp?Continue=1 HTTP/1.1" 200 6324
181.61.152.52 - - [12/Dec/2014:02:44:03 -0500] "GET /isolucionsda/g/Bot_MejoramientoOver_ESP.jpg HTTP/1.1" 200 6165
181.61.152.52 - - [12/Dec/2014:02:44:03 -0500] "GET /isolucionsda/g/Bot_MejoramientoOver_ESP.jpg HTTP/1.1" 200 6165
181.61.152.52 - - [12/Dec/2014:02:44:04 -0500] "GET /isolucionsda/FrameSetGeneral.asp?Pagina=Menu.asp&IdModulo=5 HTTP/1.1" 200 6583
181.61.152.52 - - [12/Dec/2014:02:44:04 -0500] "GET /isolucionsda/Encabezado.asp?Pagina=Menu.asp&IdModulo=5 HTTP/1.1" 200 15389
181.61.152.52 - - [12/Dec/2014:02:44:04 -0500] "GET /isolucionsda/BarraTitulos.asp?Pagina=Menu.asp&IdModulo=5 HTTP/1.1" 200 6983
181.61.152.52 - - [12/Dec/2014:02:44:04 -0500] "GET /isolucionsda/Menu.asp?Pagina=Menu.asp&IdModulo=5 HTTP/1.1" 200 9343
181.61.152.52 - - [12/Dec/2014:02:44:04 -0500] "GET /isolucionsda/BarraFavoritos.asp HTTP/1.1" 200 911
181.61.152.52 - - [12/Dec/2014:02:44:05 -0500] "GET /isolucionsda/Session.asp?Continue=1 HTTP/1.1" 200 6324
181.61.152.52 - - [12/Dec/2014:02:44:05 -0500] "GET /isolucionsda/g/Bot_MejoramientoOver_ESP.jpg HTTP/1.1" 200 6165
181.61.152.52 - - [12/Dec/2014:02:44:06 -0500] "GET /isolucionsda/FrameSetGeneral.asp?Pagina=BSC/BSC/Jerarquico.aspx&TipoGrupo=Tablero&Visualizacion=1&Grafico=2&FechaInicial=&FechaFinal=&IdElemento=&number= HTTP/1.1" 200 6880
181.61.152.52 - - [12/Dec/2014:02:44:06 -0500] "GET /isolucionsda/BarraTitulos.asp?Pagina=BSC/BSC/Jerarquico.aspx&TipoGrupo=Tablero&Visualizacion=1&Grafico=2&FechaInicial=&FechaFinal=&IdElemento=&number= HTTP/1.1" 200 6983
181.61.152.52 - - [12/Dec/2014:02:44:06 -0500] "GET /isolucionsda/BarraFavoritos.asp HTTP/1.1" 200 911
181.61.152.52 - - [12/Dec/2014:02:44:06 -0500] "GET /isolucionsda/Encabezado.asp?Pagina=BSC/BSC/Jerarquico.aspx&TipoGrupo=Tablero&Visualizacion=1&Grafico=2&FechaInicial=&FechaFinal=&IdElemento=&number= HTTP/1.1" 200 15364
181.61.152.52 - - [12/Dec/2014:02:44:06 -0500] "GET /isolucionsda/BSC/BSC/Jerarquico.aspx?Pagina=BSC/BSC/Jerarquico.aspx&TipoGrupo=Tablero&Visualizacion=1&Grafico=2&FechaInicial=&FechaFinal=&IdElemento=&number= HTTP/1.1" 200 25815
181.61.152.52 - - [12/Dec/2014:02:44:06 -0500] "GET /isolucionsda/Session.asp?Continue=1 HTTP/1.1" 200 6324
181.61.152.52 - - [12/Dec/2014:02:44:09 -0500] "GET /isolucionsda/BSC/Busquedas/BuscarNoJerarquico.aspx?NomTabla=Tablero&ControlIDTexto=TopMenuJerarquico1_txtObjetivoProceso&ControlIDNumero=TopMenuJerarquico1_hdIdObjeto&ParentURL=../Jerarquico.aspx HTTP/1.1" 200 32760
181.61.152.52 - - [12/Dec/2014:02:44:09 -0500] "POST /isolucionsda/BSC/BSC/Jerarquico.aspx?Pagina=BSC%2fBSC%2fJerarquico.aspx&TipoGrupo=Tablero&Visualizacion=1&Grafico=2&FechaInicial=&FechaFinal=&IdElemento=&number= HTTP/1.1" 200 25815
181.61.152.52 - - [12/Dec/2014:02:44:12 -0500] "POST /isolucionsda/BSC/Busquedas/BuscarNoJerarquico.aspx?NomTabla=Tablero&ControlIDTexto=TopMenuJerarquico1_txtObjetivoProceso&ControlIDNumero=TopMenuJerarquico1_hdIdObjeto&ParentURL=..%2fJerarquico.aspx HTTP/1.1" 200 32856
181.61.152.52 - - [12/Dec/2014:02:44:15 -0500] "POST /isolucionsda/BSC/Busquedas/BuscarNoJerarquico.aspx?NomTabla=Tablero&ControlIDTexto=TopMenuJerarquico1_txtObjetivoProceso&ControlIDNumero=TopMenuJerarquico1_hdIdObjeto&ParentURL=..%2fJerarquico.aspx HTTP/1.1" 200 32856
181.61.152.52 - - [12/Dec/2014:02:44:17 -0500] "GET /isolucionsda/g/Bot_MeciOver_ESP.jpg HTTP/1.1" 200 4440
181.61.152.52 - - [12/Dec/2014:02:44:18 -0500] "POST /isolucionsda/BSC/BSC/Jerarquico.aspx?Pagina=BSC%2fBSC%2fJerarquico.aspx&TipoGrupo=Tablero&Visualizacion=1&Grafico=2&FechaInicial=&FechaFinal=&IdElemento=&number= HTTP/1.1" 302 292
181.61.152.52 - - [12/Dec/2014:02:44:19 -0500] "GET /isolucionsda/BSC/BSC/Jerarquico.aspx?number=&TipoGrupo=Proceso&Visualizacion=1&Grafico=2&FechaInicial=12/06/2014&FechaFinal=12/12/2014 HTTP/1.1" 200 25793
181.61.152.52 - - [12/Dec/2014:02:44:20 -0500] "GET /isolucionsda/Jerarquia.asp?Tabla=Proceso&Form=Admon&CampoDisplay=TopMenuJerarquico1_txtObjetivoProceso&CampoHidden=TopMenuJerarquico1_hdIdObjeto&items=&IndicadoresAvanzados=si&Varios=si HTTP/1.1" 200 11518
181.61.152.52 - - [12/Dec/2014:02:44:21 -0500] "POST /isolucionsda/BSC/BSC/Jerarquico.aspx?number=&TipoGrupo=Proceso&Visualizacion=1&Grafico=2&FechaInicial=12%2f06%2f2014&FechaFinal=12%2f12%2f2014 HTTP/1.1" 200 25793
181.61.152.52 - - [12/Dec/2014:02:44:22 -0500] "POST /isolucionsda/Jerarquia.asp HTTP/1.1" 200 11531
181.61.152.52 - - [12/Dec/2014:02:44:40 -0500] "POST /isolucionsda/BSC/BSC/Jerarquico.aspx?number=&TipoGrupo=Proceso&Visualizacion=1&Grafico=2&FechaInicial=12%2f06%2f2014&FechaFinal=12%2f12%2f2014 HTTP/1.1" 302 341
181.61.152.52 - - [12/Dec/2014:02:44:40 -0500] "GET /isolucionsda/BSC/BSC/Jerarquico.aspx?number=&TipoGrupo=Proceso&Visualizacion=1&Grafico=2&FechaInicial=01/01/2013&FechaFinal=12/12/2014&IdObjeto=-1&NomObjeto=Todos&Buscar=1 HTTP/1.1" 200 274406
181.61.152.52 - - [12/Dec/2014:02:44:41 -0500] "GET /isolucionsda/BSC/imagenes/img_semaforoazul.jpg HTTP/1.1" 404 5250
181.61.152.52 - - [12/Dec/2014:02:44:47 -0500] "GET /isolucionsda/BSC/imagenes/img_semaforoazul.jpg HTTP/1.1" 404 5250
181.61.152.52 - - [12/Dec/2014:02:44:45 -0500] "POST /isolucionsda/BSC/BSC/Jerarquico.aspx?number=&TipoGrupo=Proceso&Visualizacion=1&Grafico=2&FechaInicial=01%2f01%2f2013&FechaFinal=12%2f12%2f2014&IdObjeto=-1&NomObjeto=Todos&Buscar=1 HTTP/1.1" 200 167858
181.61.152.52 - - [12/Dec/2014:02:44:53 -0500] "GET /isolucionsda/Pics/Pics34997617124535AM.jpg HTTP/1.1" 200 31077
181.61.152.52 - - [12/Dec/2014:02:44:53 -0500] "GET /isolucionsda/IndicadoresBase.asp?ind=347&FechaIni=20130101&FechaFin=20141212 HTTP/1.1" 200 31695
181.61.152.52 - - [12/Dec/2014:02:44:55 -0500] "GET /isolucionsda/FichaIndicador.aspx?Id=347 HTTP/1.1" 200 22517
66.249.67.67 - - [12/Dec/2014:02:45:52 -0500] "GET /BLA/resoluciones/RESOLUCIONES%202008/0405.pdf HTTP/1.1" 200 329881
201.245.192.253 - - [12/Dec/2014:02:42:53 -0500] "GET /ForestMSG_SDA/channelAsync/template_word_17081124?X-Atmosphere-tracking-id=53991fc3-e9ba-7f0f-66f2-6620c79c00ca&X-Atmosphere-Framework=1.0.5&X-Atmosphere-Transport=long-polling&tabid=0.3393159160459772&X-Cache-Date=0&Content-Type=application/xml&_=1418370230877 HTTP/1.1" 200 8193
66.249.67.47 - - [12/Dec/2014:02:46:26 -0500] "GET /BLA/boletinlegal/actas/acta%20de%20acuerdo%2001%20adop%20regla%20inter%20CISPAER.pdf HTTP/1.1" 304 -
66.249.67.75 - - [12/Dec/2014:02:46:49 -0500] "GET /BLA/resoluciones/AUTOS%202007/0031.pdf HTTP/1.1" 200 115274
66.249.67.83 - - [12/Dec/2014:02:47:15 -0500] "GET /BLA/resoluciones/RESOLUCIONES%202011/2286.pdf HTTP/1.1" 200 551622
66.249.67.75 - - [12/Dec/2014:02:47:31 -0500] "GET /BLA/resoluciones/Autos%202008/3167.pdf HTTP/1.1" 200 54276
66.249.67.83 - - [12/Dec/2014:02:48:31 -0500] "GET /BLA/resoluciones/Autos%202008/2020.pdf HTTP/1.1" 200 87267
66.249.67.75 - - [12/Dec/2014:02:48:33 -0500] "GET /BLA/resoluciones/Autos%202008/2410.pdf HTTP/1.1" 200 83388
181.61.152.52 - - [12/Dec/2014:02:48:35 -0500] "GET /isolucionsda/g/Bot_RiesgosOver_ESP.jpg HTTP/1.1" 200 4907
181.61.152.52 - - [12/Dec/2014:02:48:35 -0500] "GET /isolucionsda/g/Bot_MeciOver_ESP.jpg HTTP/1.1" 200 4440
181.61.152.52 - - [12/Dec/2014:02:48:38 -0500] "GET /isolucionsda/FichaIndicador.aspx?Id=347 HTTP/1.1" 200 22517
66.249.67.83 - - [12/Dec/2014:02:48:41 -0500] "GET /BLA/resoluciones/AUTOS%202008/0645.pdf HTTP/1.1" 200 103819
201.245.192.253 - - [12/Dec/2014:02:45:53 -0500] "GET /ForestMSG_SDA/channelAsync/template_word_17081124?X-Atmosphere-tracking-id=53991fc3-e9ba-7f0f-66f2-6620c79c00ca&X-Atmosphere-Framework=1.0.5&X-Atmosphere-Transport=long-polling&tabid=0.3393159160459772&X-Cache-Date=0&Content-Type=application/xml&_=1418370410910 HTTP/1.1" 200 8193
188.165.15.231 - - [12/Dec/2014:02:50:11 -0500] "GET /BLA/resoluciones/RESOLUCIONES%202006/RES%202006%20651-700/00000679.tif HTTP/1.1" 200 415722
66.249.67.75 - - [12/Dec/2014:02:50:12 -0500] "GET /BLA/resoluciones/Autos%202008/2655.pdf HTTP/1.1" 200 68009
188.165.15.10 - - [12/Dec/2014:02:50:51 -0500] "GET /BLA/resoluciones/RESOLUCIONES%202004/RES%202004%201951-2000/00001953.tif HTTP/1.1" 200 304022
66.249.67.75 - - [12/Dec/2014:02:51:15 -0500] "GET /ial/presentaciones/pte1/1.pdf HTTP/1.1" 404 1018
66.249.67.67 - - [12/Dec/2014:02:51:29 -0500] "GET /BLA/resoluciones/AUTOS%202007/2671.pdf HTTP/1.1" 304 -
66.249.67.83 - - [12/Dec/2014:02:51:46 -0500] "GET /BLA/resoluciones/AUTOS%202008/1579.pdf HTTP/1.1" 200 140653
66.249.67.75 - - [12/Dec/2014:02:51:47 -0500] "GET /BLA/resoluciones/RESOLUCIONES%202007/RES%202007%20801%20AL%20900/RESOLUCION%200896%20DE%202007.pdf HTTP/1.1" 200 222045
201.245.192.253 - - [12/Dec/2014:02:48:53 -0500] "GET /ForestMSG_SDA/channelAsync/template_word_17081124?X-Atmosphere-tracking-id=53991fc3-e9ba-7f0f-66f2-6620c79c00ca&X-Atmosphere-Framework=1.0.5&X-Atmosphere-Transport=long-polling&tabid=0.3393159160459772&X-Cache-Date=0&Content-Type=application/xml&_=1418370590933 HTTP/1.1" 200 8193
66.249.67.67 - - [12/Dec/2014:02:52:00 -0500] "GET /BLA/resoluciones/RESOLUCIONES%202007/RES%202007%201301%20AL%201400/RESOLUCION%201351%20DE%202007.pdf HTTP/1.1" 200 25735
66.249.67.79 - - [12/Dec/2014:02:52:53 -0500] "GET /dama/libreria/pdf/intreg/OBJETIVOS%20TALLER%20Y%20ESTRATEGIA%20%20MARZO%2016%20DAMA.pdf HTTP/1.1" 404 1019
66.249.67.75 - - [12/Dec/2014:02:54:18 -0500] "GET /BLA/resoluciones/AUTOS%202011/2158.pdf HTTP/1.1" 304 -
201.245.192.253 - - [12/Dec/2014:02:51:53 -0500] "GET /ForestMSG_SDA/channelAsync/template_word_17081124?X-Atmosphere-tracking-id=53991fc3-e9ba-7f0f-66f2-6620c79c00ca&X-Atmosphere-Framework=1.0.5&X-Atmosphere-Transport=long-polling&tabid=0.3393159160459772&X-Cache-Date=0&Content-Type=application/xml&_=1418370770926 HTTP/1.1" 200 8193
188.165.15.231 - - [12/Dec/2014:02:56:21 -0500] "GET /BLA/resoluciones/RESOLUCIONES%202005/RES%202005%20401-450/00000418.tif HTTP/1.1" 200 141532
66.249.67.67 - - [12/Dec/2014:02:57:07 -0500] "GET /BLA/resoluciones/Autos%202008/0330.pdf HTTP/1.1" 200 97747
66.249.67.71 - - [12/Dec/2014:02:57:08 -0500] "GET /PORTAL_SIAC/swf/Residuos/impresion/files/guia_impresion-lit.pdf HTTP/1.1" 200 12573981
66.249.67.83 - - [12/Dec/2014:02:57:25 -0500] "GET /BLA/resoluciones/RESOLUCIONES%202009/2655.pdf HTTP/1.1" 200 485294
66.249.67.75 - - [12/Dec/2014:02:57:26 -0500] "GET /BLA/resoluciones/Autos%202008/1937.pdf HTTP/1.1" 200 147607
188.165.15.191 - - [12/Dec/2014:02:57:46 -0500] "GET /BLA/resoluciones/RESOLUCIONES%202006/RES%202006%201451-1500/00001474.tif HTTP/1.1" 200 337820
201.245.192.253 - - [12/Dec/2014:02:54:53 -0500] "GET /ForestMSG_SDA/channelAsync/template_word_17081124?X-Atmosphere-tracking-id=53991fc3-e9ba-7f0f-66f2-6620c79c00ca&X-Atmosphere-Framework=1.0.5&X-Atmosphere-Transport=long-polling&tabid=0.3393159160459772&X-Cache-Date=0&Content-Type=application/xml&_=1418370950912 HTTP/1.1" 200 8193
66.249.67.75 - - [12/Dec/2014:02:59:56 -0500] "GET /BLA/resoluciones/RESOLUCIONES%202009/7625.pdf HTTP/1.1" 200 393936
201.245.192.253 - - [12/Dec/2014:02:57:53 -0500] "GET /ForestMSG_SDA/channelAsync/template_word_17081124?X-Atmosphere-tracking-id=53991fc3-e9ba-7f0f-66f2-6620c79c00ca&X-Atmosphere-Framework=1.0.5&X-Atmosphere-Transport=long-polling&tabid=0.3393159160459772&X-Cache-Date=0&Content-Type=application/xml&_=1418371130907 HTTP/1.1" 200 8193
66.249.67.67 - - [12/Dec/2014:03:02:31 -0500] "GET /BLA/resoluciones/RESOLUCIONES%202007/RES%202007%204101%20AL%204200/RESOLUCION%204162%20DE%202007.pdf HTTP/1.1" 200 95994
66.249.67.67 - - [12/Dec/2014:03:02:44 -0500] "GET /BLA/resoluciones/RESOLUCIONES%202010/6162.pdf HTTP/1.1" 200 555363
66.249.67.75 - - [12/Dec/2014:03:03:03 -0500] "GET /BLA/resoluciones/AUTOS%202011/3794.pdf HTTP/1.1" 200 300161
74.86.158.107 - - [12/Dec/2014:03:03:04 -0500] "HEAD / HTTP/1.1" 302 -
66.249.67.67 - - [12/Dec/2014:03:03:20 -0500] "GET /Autoliquidacion/Solicitudes%20relacionadas%20con%20calidad%20del%20aire%20auditiva%20y%20visual/Evaluaci%C3%B3n%20certificado%20de%20Intensidad%20Auditiva/Aplicativo%20Evaluacion%20certificado%20intensidad%20auditiva%202014.xlsx HTTP/1.1" 200 85097
201.245.192.253 - - [12/Dec/2014:03:00:53 -0500] "GET /ForestMSG_SDA/channelAsync/template_word_17081124?X-Atmosphere-tracking-id=53991fc3-e9ba-7f0f-66f2-6620c79c00ca&X-Atmosphere-Framework=1.0.5&X-Atmosphere-Transport=long-polling&tabid=0.3393159160459772&X-Cache-Date=0&Content-Type=application/xml&_=1418371310928 HTTP/1.1" 200 8193
188.165.15.15 - - [12/Dec/2014:03:03:54 -0500] "GET /BLA/resoluciones/RESOLUCIONES%202006/RES%202006%20501-550/00000522.tif HTTP/1.1" 200 122922
123.125.71.25 - - [12/Dec/2014:03:04:47 -0500] "GET /BLA/resoluciones/AUTOS%202009/1196.pdf HTTP/1.1" 200 124772
186.83.52.42 - - [12/Dec/2014:03:04:49 -0500] "GET /galeria/carrusel/Carrusel/jquery.thumbnailScroller.css HTTP/1.1" 200 2066
186.83.52.42 - - [12/Dec/2014:03:04:49 -0500] "GET /BLA/boletinlegal/js/jquery.js HTTP/1.1" 200 57254
186.83.52.42 - - [12/Dec/2014:03:04:49 -0500] "GET /galeria/carrusel/Carrusel/jquery-ui-1.8.13.custom.min.js HTTP/1.1" 200 10800
186.83.52.42 - - [12/Dec/2014:03:04:49 -0500] "GET /BLA/boletinlegal/js/jquery.scrollTo-min.js HTTP/1.1" 200 1150
186.83.52.42 - - [12/Dec/2014:03:04:49 -0500] "GET /BLA/boletinlegal/js/jquery.scrollShow.js HTTP/1.1" 200 4586
186.83.52.42 - - [12/Dec/2014:03:04:49 -0500] "GET /galeria/carrusel/Carrusel/jquery.thumbnailScroller.js HTTP/1.1" 200 8157
186.83.52.42 - - [12/Dec/2014:03:04:52 -0500] "GET /galeria/nivo-slider/demo/demo.html HTTP/1.1" 200 3708
186.83.52.42 - - [12/Dec/2014:03:04:52 -0500] "GET /galeria/nivo-slider/themes/pascal/pascal.css HTTP/1.1" 200 2258
186.83.52.42 - - [12/Dec/2014:03:04:52 -0500] "GET /galeria/nivo-slider/themes/default/default.css HTTP/1.1" 200 1569
186.83.52.42 - - [12/Dec/2014:03:04:52 -0500] "GET /galeria/nivo-slider/themes/orman/orman.css HTTP/1.1" 200 2152
186.83.52.42 - - [12/Dec/2014:03:04:52 -0500] "GET /galeria/nivo-slider/nivo-slider.css HTTP/1.1" 200 1507
186.83.52.42 - - [12/Dec/2014:03:04:52 -0500] "GET /galeria/nivo-slider/demo/style.css HTTP/1.1" 200 2222
186.83.52.42 - - [12/Dec/2014:03:04:52 -0500] "GET /galeria/nivo-slider/demo/scripts/jquery-1.7.1.min.js HTTP/1.1" 200 93868
186.83.52.42 - - [12/Dec/2014:03:04:52 -0500] "GET /galeria/nivo-slider/demo/images/coplima.jpg HTTP/1.1" 200 85663
186.83.52.42 - - [12/Dec/2014:03:04:52 -0500] "GET /galeria/nivo-slider/jquery.nivo.slider.pack.js HTTP/1.1" 200 11561
186.83.52.42 - - [12/Dec/2014:03:04:52 -0500] "GET /galeria/nivo-slider/demo/images/banner-musgo.jpg HTTP/1.1" 200 49513
186.83.52.42 - - [12/Dec/2014:03:04:52 -0500] "GET /galeria/nivo-slider/demo/images/RdaNegociosFiltros.jpg HTTP/1.1" 200 77155
186.83.52.42 - - [12/Dec/2014:03:04:52 -0500] "GET /galeria/nivo-slider/themes/default/loading.gif HTTP/1.1" 200 1737
186.83.52.42 - - [12/Dec/2014:03:04:52 -0500] "GET /galeria/nivo-slider/demo/images/4Simple_Slider.png HTTP/1.1" 200 11722
186.83.52.42 - - [12/Dec/2014:03:04:52 -0500] "GET /galeria/nivo-slider/demo/images/Jornada-adopcion.jpg HTTP/1.1" 200 79705
186.83.52.42 - - [12/Dec/2014:03:04:53 -0500] "GET /galeria/nivo-slider/demo/images/BogotaSostenible.jpg HTTP/1.1" 200 206863
186.83.52.42 - - [12/Dec/2014:03:04:53 -0500] "GET /galeria/nivo-slider/demo/images/Banner-GAE3.jpg HTTP/1.1" 200 146354
186.83.52.42 - - [12/Dec/2014:03:04:53 -0500] "GET /galeria/nivo-slider/demo/images/Banner-comparendo.jpg HTTP/1.1" 200 388762
186.83.52.42 - - [12/Dec/2014:03:04:53 -0500] "GET /galeria/nivo-slider/demo/images/Biotaxis-Man.jpg HTTP/1.1" 200 99362
186.83.52.42 - - [12/Dec/2014:03:04:54 -0500] "GET /galeria/nivo-slider/demo/images/porloshumedales.jpg HTTP/1.1" 200 351238
186.83.52.42 - - [12/Dec/2014:03:04:54 -0500] "GET /galeria/nivo-slider/demo/images/Tingua-azul.jpg HTTP/1.1" 200 307638
186.83.52.42 - - [12/Dec/2014:03:04:54 -0500] "GET /galeria/nivo-slider/demo/images/Banner-Caracol-Africano.jpg HTTP/1.1" 200 331986
186.83.52.42 - - [12/Dec/2014:03:04:54 -0500] "GET /galeria/nivo-slider/demo/images/banner-redes.jpg HTTP/1.1" 200 62209
186.83.52.42 - - [12/Dec/2014:03:04:55 -0500] "GET /galeria/nivo-slider/demo/images/9Signos.jpg HTTP/1.1" 200 93040
186.83.52.42 - - [12/Dec/2014:03:04:55 -0500] "GET /galeria/nivo-slider/demo/images/banner-caballos.png HTTP/1.1" 200 389106
186.83.52.42 - - [12/Dec/2014:03:04:55 -0500] "GET /galeria/nivo-slider/demo/images/Hacienda_Molinos.jpg HTTP/1.1" 200 319171
186.83.52.42 - - [12/Dec/2014:03:04:58 -0500] "GET /galeria/nivo-slider/demo/images/bannerEcolecta3.jpg HTTP/1.1" 200 280034
188.165.15.36 - - [12/Dec/2014:03:04:59 -0500] "GET /BLA/resoluciones/index.php?dir=Notificaciones/RESOLUCIONES%202014/&sort=name&order=asc HTTP/1.1" 200 5961
186.83.52.42 - - [12/Dec/2014:03:04:59 -0500] "GET /galeria/nivo-slider/themes/default/arrows.png HTTP/1.1" 200 824
186.83.52.42 - - [12/Dec/2014:03:04:59 -0500] "GET /galeria/nivo-slider/themes/default/bullets.png HTTP/1.1" 200 1281
186.83.52.42 - - [12/Dec/2014:03:05:00 -0500] "GET /videos/Spot_CambioClimatico.flv HTTP/1.1" 200 4371917
66.249.67.79 - - [12/Dec/2014:03:05:33 -0500] "GET /POT-2013/index.php?dir=Cartografia%2F HTTP/1.1" 200 11465
66.249.67.83 - - [12/Dec/2014:03:06:29 -0500] "GET /BLA/resoluciones/Autos%202008/1910.pdf HTTP/1.1" 200 86211
201.245.192.253 - - [12/Dec/2014:03:03:53 -0500] "GET /ForestMSG_SDA/channelAsync/template_word_17081124?X-Atmosphere-tracking-id=53991fc3-e9ba-7f0f-66f2-6620c79c00ca&X-Atmosphere-Framework=1.0.5&X-Atmosphere-Transport=long-polling&tabid=0.3393159160459772&X-Cache-Date=0&Content-Type=application/xml&_=1418371490971 HTTP/1.1" 200 8193
157.55.39.218 - - [12/Dec/2014:03:07:42 -0500] "GET /videos/galeria-fotografica/index17.html? HTTP/1.1" 200 1971
66.249.67.79 - - [12/Dec/2014:03:07:53 -0500] "GET /videos/23demayo/7.flv HTTP/1.1" 200 2264237
74.86.158.107 - - [12/Dec/2014:03:08:04 -0500] "HEAD / HTTP/1.1" 302 -
66.249.67.83 - - [12/Dec/2014:03:08:07 -0500] "GET /BLA/resoluciones/RESOLUCIONES%202005/RES%202005%20401-450/00000406.tif HTTP/1.1" 200 258556
188.165.15.44 - - [12/Dec/2014:03:08:36 -0500] "GET /BLA/resoluciones/RESOLUCIONES%202004/RES%202004%2051-100/00000099.tif HTTP/1.1" 200 166736
66.249.67.67 - - [12/Dec/2014:03:08:51 -0500] "GET /BLA/boletinlegal/js/jquery.js HTTP/1.1" 200 57254
209.222.8.59 - - [12/Dec/2014:03:08:15 -0500] "GET /BLA/boletinlegal/index.php HTTP/1.1" 200 49381
66.249.67.83 - - [12/Dec/2014:03:08:55 -0500] "GET /BLA/resoluciones/AUTOS%202007/0560.pdf HTTP/1.1" 200 247844
201.245.192.253 - - [12/Dec/2014:03:06:53 -0500] "GET /ForestMSG_SDA/channelAsync/template_word_17081124?X-Atmosphere-tracking-id=53991fc3-e9ba-7f0f-66f2-6620c79c00ca&X-Atmosphere-Framework=1.0.5&X-Atmosphere-Transport=long-polling&tabid=0.3393159160459772&X-Cache-Date=0&Content-Type=application/xml&_=1418371670956 HTTP/1.1" 200 8193
123.125.71.32 - - [12/Dec/2014:03:10:46 -0500] "GET / HTTP/1.1" 302 -
220.181.108.108 - - [12/Dec/2014:03:12:22 -0500] "GET / HTTP/1.1" 302 -
66.249.67.75 - - [12/Dec/2014:03:12:47 -0500] "GET /BLA/resoluciones/RESOLUCIONES%202005/RES%202005%202451-2500/00002487.tif HTTP/1.1" 200 193276
186.29.207.78 - - [12/Dec/2014:03:12:51 -0500] "GET /galeria/carrusel/Carrusel/jquery.thumbnailScroller.css HTTP/1.1" 200 2066
186.29.207.78 - - [12/Dec/2014:03:12:51 -0500] "GET /BLA/boletinlegal/js/jquery.js HTTP/1.1" 200 57254
186.29.207.78 - - [12/Dec/2014:03:12:51 -0500] "GET /BLA/boletinlegal/js/jquery.scrollTo-min.js HTTP/1.1" 200 1150
186.29.207.78 - - [12/Dec/2014:03:12:51 -0500] "GET /BLA/boletinlegal/js/jquery.scrollShow.js HTTP/1.1" 200 4586
186.29.207.78 - - [12/Dec/2014:03:12:51 -0500] "GET /galeria/carrusel/Carrusel/jquery-ui-1.8.13.custom.min.js HTTP/1.1" 200 10800
186.29.207.78 - - [12/Dec/2014:03:12:51 -0500] "GET /galeria/carrusel/Carrusel/jquery.thumbnailScroller.js HTTP/1.1" 200 8157
201.245.192.253 - - [12/Dec/2014:03:09:54 -0500] "GET /ForestMSG_SDA/channelAsync/template_word_17081124?X-Atmosphere-tracking-id=53991fc3-e9ba-7f0f-66f2-6620c79c00ca&X-Atmosphere-Framework=1.0.5&X-Atmosphere-Transport=long-polling&tabid=0.3393159160459772&X-Cache-Date=0&Content-Type=application/xml&_=1418371851005 HTTP/1.1" 200 8193
186.29.207.78 - - [12/Dec/2014:03:12:56 -0500] "GET /galeria/nivo-slider/demo/demo.html HTTP/1.1" 200 3708
186.29.207.78 - - [12/Dec/2014:03:12:58 -0500] "GET /galeria/nivo-slider/themes/default/default.css HTTP/1.1" 200 1569
186.29.207.78 - - [12/Dec/2014:03:12:58 -0500] "GET /galeria/nivo-slider/themes/pascal/pascal.css HTTP/1.1" 200 2258
186.29.207.78 - - [12/Dec/2014:03:12:58 -0500] "GET /galeria/nivo-slider/themes/orman/orman.css HTTP/1.1" 200 2152
186.29.207.78 - - [12/Dec/2014:03:12:58 -0500] "GET /galeria/nivo-slider/nivo-slider.css HTTP/1.1" 200 1507
186.29.207.78 - - [12/Dec/2014:03:12:58 -0500] "GET /galeria/nivo-slider/demo/style.css HTTP/1.1" 200 2222
186.29.207.78 - - [12/Dec/2014:03:12:58 -0500] "GET /galeria/nivo-slider/demo/scripts/jquery-1.7.1.min.js HTTP/1.1" 200 93868
186.29.207.78 - - [12/Dec/2014:03:12:59 -0500] "GET /galeria/nivo-slider/jquery.nivo.slider.pack.js HTTP/1.1" 200 11561
186.29.207.78 - - [12/Dec/2014:03:12:59 -0500] "GET /galeria/nivo-slider/demo/images/coplima.jpg HTTP/1.1" 200 85663
186.29.207.78 - - [12/Dec/2014:03:12:59 -0500] "GET /galeria/nivo-slider/demo/images/banner-musgo.jpg HTTP/1.1" 200 49513
186.29.207.78 - - [12/Dec/2014:03:12:59 -0500] "GET /galeria/nivo-slider/demo/images/RdaNegociosFiltros.jpg HTTP/1.1" 200 77155
186.29.207.78 - - [12/Dec/2014:03:13:00 -0500] "GET /galeria/nivo-slider/demo/images/Jornada-adopcion.jpg HTTP/1.1" 200 79705
186.29.207.78 - - [12/Dec/2014:03:13:00 -0500] "GET /galeria/nivo-slider/demo/images/BogotaSostenible.jpg HTTP/1.1" 200 206863
186.29.207.78 - - [12/Dec/2014:03:13:00 -0500] "GET /galeria/nivo-slider/demo/images/Banner-GAE3.jpg HTTP/1.1" 200 146354
186.29.207.78 - - [12/Dec/2014:03:13:01 -0500] "GET /galeria/nivo-slider/demo/images/Banner-comparendo.jpg HTTP/1.1" 200 388762
186.29.207.78 - - [12/Dec/2014:03:13:01 -0500] "GET /galeria/nivo-slider/demo/images/Biotaxis-Man.jpg HTTP/1.1" 200 99362
186.29.207.78 - - [12/Dec/2014:03:13:03 -0500] "GET /galeria/nivo-slider/themes/default/loading.gif HTTP/1.1" 200 1737
186.29.207.78 - - [12/Dec/2014:03:13:03 -0500] "GET /galeria/nivo-slider/demo/images/4Simple_Slider.png HTTP/1.1" 200 11722
186.29.207.78 - - [12/Dec/2014:03:13:03 -0500] "GET /galeria/nivo-slider/demo/images/porloshumedales.jpg HTTP/1.1" 200 351238
186.29.207.78 - - [12/Dec/2014:03:13:04 -0500] "GET /galeria/nivo-slider/demo/images/Tingua-azul.jpg HTTP/1.1" 200 307638
186.29.207.78 - - [12/Dec/2014:03:13:04 -0500] "GET /galeria/nivo-slider/demo/images/Banner-Caracol-Africano.jpg HTTP/1.1" 200 331986
186.29.207.78 - - [12/Dec/2014:03:13:04 -0500] "GET /galeria/nivo-slider/demo/images/banner-redes.jpg HTTP/1.1" 200 62209
186.29.207.78 - - [12/Dec/2014:03:13:04 -0500] "GET /galeria/nivo-slider/demo/images/9Signos.jpg HTTP/1.1" 200 93040
74.86.158.107 - - [12/Dec/2014:03:13:04 -0500] "HEAD / HTTP/1.1" 302 -
186.29.207.78 - - [12/Dec/2014:03:13:05 -0500] "GET /galeria/nivo-slider/demo/images/banner-caballos.png HTTP/1.1" 200 389106
186.29.207.78 - - [12/Dec/2014:03:13:07 -0500] "GET /galeria/nivo-slider/demo/images/Hacienda_Molinos.jpg HTTP/1.1" 200 319171
186.29.207.78 - - [12/Dec/2014:03:13:07 -0500] "GET /galeria/nivo-slider/demo/images/bannerEcolecta3.jpg HTTP/1.1" 200 280034
186.29.207.78 - - [12/Dec/2014:03:13:11 -0500] "GET /videos/Spot_CambioClimatico.flv HTTP/1.1" 200 4371917
186.29.207.78 - - [12/Dec/2014:03:13:17 -0500] "GET /galeria/nivo-slider/themes/default/bullets.png HTTP/1.1" 200 1281
186.29.207.78 - - [12/Dec/2014:03:13:17 -0500] "GET /galeria/nivo-slider/themes/default/arrows.png HTTP/1.1" 200 824
66.249.67.71 - - [12/Dec/2014:03:13:59 -0500] "GET /portalsiaccapacitaciones/Soportes%20Capacitaciones%20A%C3%B1o%202013/Presentaci%C3%B3n%20Instrumentos%20Final/Info%20entrada.ppt HTTP/1.1" 404 1019
66.249.67.83 - - [12/Dec/2014:03:14:48 -0500] "GET /BLA/resoluciones/AUTOS%202011/7403.pdf HTTP/1.1" 200 171766
201.245.192.253 - - [12/Dec/2014:03:12:54 -0500] "GET /ForestMSG_SDA/channelAsync/template_word_17081124?X-Atmosphere-tracking-id=53991fc3-e9ba-7f0f-66f2-6620c79c00ca&X-Atmosphere-Framework=1.0.5&X-Atmosphere-Transport=long-polling&tabid=0.3393159160459772&X-Cache-Date=0&Content-Type=application/xml&_=1418372031020 HTTP/1.1" 200 8193
66.249.67.83 - - [12/Dec/2014:03:16:06 -0500] "GET /BLA/resoluciones/RESOLUCIONES%202010/7029.pdf HTTP/1.1" 200 131854
66.249.67.75 - - [12/Dec/2014:03:16:48 -0500] "GET /BLA/resoluciones/RESOLUCIONES%202008/3263.pdf HTTP/1.1" 304 -
66.249.67.83 - - [12/Dec/2014:03:16:49 -0500] "GET /bla/resoluciones/RESOLUCIONES%202009/4955.pdf HTTP/1.1" 304 -
74.86.158.107 - - [12/Dec/2014:03:18:04 -0500] "HEAD / HTTP/1.1" 302 -
201.245.192.253 - - [12/Dec/2014:03:15:54 -0500] "GET /ForestMSG_SDA/channelAsync/template_word_17081124?X-Atmosphere-tracking-id=53991fc3-e9ba-7f0f-66f2-6620c79c00ca&X-Atmosphere-Framework=1.0.5&X-Atmosphere-Transport=long-polling&tabid=0.3393159160459772&X-Cache-Date=0&Content-Type=application/xml&_=1418372211018 HTTP/1.1" 200 8193
66.249.67.75 - - [12/Dec/2014:03:19:00 -0500] "GET /BLA/resoluciones/Autos%202008/0735.pdf HTTP/1.1" 200 148461
66.249.67.67 - - [12/Dec/2014:03:19:37 -0500] "GET /BLA/boletinlegal/jurisprudencia.php HTTP/1.1" 200 10741
188.165.15.132 - - [12/Dec/2014:03:20:37 -0500] "GET /BLA/resoluciones/RESOLUCIONES%202006/RES%202006%201001-1050/00001040.tif HTTP/1.1" 200 247212
66.249.67.75 - - [12/Dec/2014:03:20:40 -0500] "GET /BLA/resoluciones/RESOLUCIONES%202011/2140.pdf HTTP/1.1" 200 510113
180.76.5.146 - - [12/Dec/2014:03:21:08 -0500] "GET /BLA/resoluciones/RESOLUCIONES%202010/0394.pdf HTTP/1.1" 200 93435
201.245.192.253 - - [12/Dec/2014:03:18:54 -0500] "GET /ForestMSG_SDA/channelAsync/template_word_17081124?X-Atmosphere-tracking-id=53991fc3-e9ba-7f0f-66f2-6620c79c00ca&X-Atmosphere-Framework=1.0.5&X-Atmosphere-Transport=long-polling&tabid=0.3393159160459772&X-Cache-Date=0&Content-Type=application/xml&_=1418372391052 HTTP/1.1" 200 8193
180.76.5.169 - - [12/Dec/2014:03:22:08 -0500] "GET /BLA/resoluciones/RESOLUCIONES%202010/0108.pdf HTTP/1.1" 200 496981
187.233.160.80 - - [12/Dec/2014:03:22:54 -0500] "GET /BLA/resoluciones/RESOLUCIONES%202010/0810.pdf HTTP/1.1" 200 107430
74.86.158.107 - - [12/Dec/2014:03:23:04 -0500] "HEAD / HTTP/1.1" 302 -
157.55.39.240 - - [12/Dec/2014:03:23:27 -0500] "GET /galeria/mapa/humedal.html? HTTP/1.1" 200 10966
66.249.67.67 - - [12/Dec/2014:03:24:37 -0500] "GET /BLA/resoluciones/RESOLUCIONES%202013/1197.pdf HTTP/1.1" 200 1787007
188.165.15.132 - - [12/Dec/2014:03:24:41 -0500] "GET /BLA/resoluciones/RESOLUCIONES%202005/RES%202005%201301-1350/00001301.tif HTTP/1.1" 200 72858
201.245.192.253 - - [12/Dec/2014:03:21:54 -0500] "GET /ForestMSG_SDA/channelAsync/template_word_17081124?X-Atmosphere-tracking-id=53991fc3-e9ba-7f0f-66f2-6620c79c00ca&X-Atmosphere-Framework=1.0.5&X-Atmosphere-Transport=long-polling&tabid=0.3393159160459772&X-Cache-Date=0&Content-Type=application/xml&_=1418372571037 HTTP/1.1" 200 8193
66.249.67.83 - - [12/Dec/2014:03:25:14 -0500] "GET /BLA/boletinlegal/jurisprudencia/analisis/SENTENCIA%20C-703%20DE%202010.xls HTTP/1.1" 304 -
66.249.67.83 - - [12/Dec/2014:03:26:33 -0500] "GET /BLA/resoluciones/RESOLUCIONES%202007/RES%202007%20101%20AL%20200/RESOLUCION%200172%20DE%202007.pdf HTTP/1.1" 200 498706
186.119.11.162 - - [12/Dec/2014:03:27:12 -0500] "GET /BLA/boletinlegal/js/jquery.js HTTP/1.1" 200 57254
186.119.11.162 - - [12/Dec/2014:03:27:12 -0500] "GET /BLA/boletinlegal/js/jquery.scrollShow.js HTTP/1.1" 200 4586
186.119.11.162 - - [12/Dec/2014:03:27:12 -0500] "GET /BLA/boletinlegal/js/jquery.scrollTo-min.js HTTP/1.1" 200 1150
201.245.192.253 - - [12/Dec/2014:03:24:54 -0500] "GET /ForestMSG_SDA/channelAsync/template_word_17081124?X-Atmosphere-tracking-id=53991fc3-e9ba-7f0f-66f2-6620c79c00ca&X-Atmosphere-Framework=1.0.5&X-Atmosphere-Transport=long-polling&tabid=0.3393159160459772&X-Cache-Date=0&Content-Type=application/xml&_=1418372751035 HTTP/1.1" 200 8193
74.86.158.107 - - [12/Dec/2014:03:28:04 -0500] "HEAD / HTTP/1.1" 302 -
66.249.67.71 - - [12/Dec/2014:03:29:35 -0500] "GET /portalsiaccapacitaciones/Soportes%20Capacitaciones%20A%C3%B1o%202013/Presentaci%C3%B3n%20Instrumentos%20Final/An%C3%A1lisis.ppt HTTP/1.1" 404 1019
188.165.15.187 - - [12/Dec/2014:03:29:49 -0500] "GET /BLA/resoluciones/RESOLUCIONES%202005/RES%202005%202601-2650/00002650.tif HTTP/1.1" 200 275438
66.249.67.67 - - [12/Dec/2014:03:30:52 -0500] "GET /POT-2013/Cartografia/15_Sistema%20de%20Movilidad%20_Secciones%20Viales_Circuitos_movilida.pdf HTTP/1.1" 200 4830571
201.245.192.253 - - [12/Dec/2014:03:27:54 -0500] "GET /ForestMSG_SDA/channelAsync/template_word_17081124?X-Atmosphere-tracking-id=53991fc3-e9ba-7f0f-66f2-6620c79c00ca&X-Atmosphere-Framework=1.0.5&X-Atmosphere-Transport=long-polling&tabid=0.3393159160459772&X-Cache-Date=0&Content-Type=application/xml&_=1418372931052 HTTP/1.1" 200 8193
66.249.67.75 - - [12/Dec/2014:03:31:47 -0500] "GET /BLA/resoluciones/Autos%202008/2604.pdf HTTP/1.1" 200 79135
66.249.67.75 - - [12/Dec/2014:03:32:05 -0500] "GET /BLA/resoluciones/Autos%202008/0211.pdf HTTP/1.1" 200 95255
