201.245.192.253 - - [12/Dec/2014:01:36:50 -0500] "GET /ForestMSG_SDA/channelAsync/template_word_17081124?X-Atmosphere-tracking-id=53991fc3-e9ba-7f0f-66f2-6620c79c00ca&X-Atmosphere-Framework=1.0.5&X-Atmosphere-Transport=long-polling&tabid=0.3393159160459772&X-Cache-Date=0&Content-Type=application/xml&_=1418366267279 HTTP/1.1" 200 8193
192.241.208.172 - - [12/Dec/2014:01:39:56 -0500] "GET /galeria/carrusel/Carrusel/jquery.thumbnailScroller.css HTTP/1.0" 200 2066
66.249.67.79 - - [12/Dec/2014:01:41:04 -0500] "GET /porta/ HTTP/1.1" 404 1019
66.249.67.83 - - [12/Dec/2014:01:41:17 -0500] "GET /BLA/resoluciones/RESOLUCIONES%202009/4696.pdf HTTP/1.1" 200 64626
66.249.67.67 - - [12/Dec/2014:01:41:28 -0500] "GET /BLA/boletinlegal/jurisprudencia/analisis/Analisis%20jurisprudencial%20Sentencia%20C-366-11.doc HTTP/1.1" 200 59392
66.249.67.67 - - [12/Dec/2014:01:41:44 -0500] "GET /BLA/resoluciones/RESOLUCIONES%202005/RES%202005%20401-450/00000405.tif HTTP/1.1" 200 176102
201.245.192.253 - - [12/Dec/2014:01:39:50 -0500] "GET /ForestMSG_SDA/channelAsync/template_word_17081124?X-Atmosphere-tracking-id=53991fc3-e9ba-7f0f-66f2-6620c79c00ca&X-Atmosphere-Framework=1.0.5&X-Atmosphere-Transport=long-polling&tabid=0.3393159160459772&X-Cache-Date=0&Content-Type=application/xml&_=1418366447265 HTTP/1.1" 200 8193
180.76.5.59 - - [12/Dec/2014:01:43:04 -0500] "GET /BLA/resoluciones/RESOLUCIONES%202010/2322.pdf HTTP/1.1" 200 406947
188.165.15.235 - - [12/Dec/2014:01:43:40 -0500] "GET /BLA/resoluciones/RESOLUCIONES%202006/RES%202006%201151-1200/00001200.tif HTTP/1.1" 200 161990
157.55.39.62 - - [12/Dec/2014:01:44:51 -0500] "GET /dama/libreria/php/decide.php?patron=00.07&varn=790 HTTP/1.1" 404 1015
188.165.15.10 - - [12/Dec/2014:01:44:53 -0500] "GET /BLA/resoluciones/index.php?dir=RESOLUCIONES%202002/RES%202002%201901-1950/&sort=name&order=desc HTTP/1.1" 200 12148
201.245.192.253 - - [12/Dec/2014:01:42:50 -0500] "GET /ForestMSG_SDA/channelAsync/template_word_17081124?X-Atmosphere-tracking-id=53991fc3-e9ba-7f0f-66f2-6620c79c00ca&X-Atmosphere-Framework=1.0.5&X-Atmosphere-Transport=long-polling&tabid=0.3393159160459772&X-Cache-Date=0&Content-Type=application/xml&_=1418366627393 HTTP/1.1" 200 8193
181.61.152.52 - - [12/Dec/2014:01:46:18 -0500] "GET /isolucionsda/ HTTP/1.1" 200 739
66.249.67.75 - - [12/Dec/2014:01:46:23 -0500] "GET /BLA/resoluciones/RESOLUCIONES%202005/RES%202005%202851-2900/00002891.tif HTTP/1.1" 200 133034
66.249.67.47 - - [12/Dec/2014:01:46:26 -0500] "GET /POT-2013/Cartografia/13_Est_Ordenam_D.pdf HTTP/1.1" 304 -
180.76.6.56 - - [12/Dec/2014:01:46:28 -0500] "GET /BLA/resoluciones/RESOLUCIONES%202010/1712.pdf HTTP/1.1" 200 371648
66.249.67.75 - - [12/Dec/2014:01:46:30 -0500] "GET /BLA/resoluciones/AUTOS%202011/0182.pdf HTTP/1.1" 200 156533
66.249.67.67 - - [12/Dec/2014:01:46:35 -0500] "GET /BLA/resoluciones/RESOLUCIONES%202010/2103.pdf HTTP/1.1" 200 628097
66.249.67.75 - - [12/Dec/2014:01:46:46 -0500] "GET /BLA/resoluciones/AUTOS%202007/2019.pdf HTTP/1.1" 200 121328
66.249.67.83 - - [12/Dec/2014:01:47:32 -0500] "GET /autoliquidacion/dlf/styles.css HTTP/1.1" 200 3045
66.249.67.75 - - [12/Dec/2014:01:47:33 -0500] "GET /BLA/resoluciones/index.php?dir=RESOLUCIONES%202005/RES%202005%20401-450/&sort=size&order=asc HTTP/1.1" 200 12254
181.61.152.52 - - [12/Dec/2014:01:47:56 -0500] "GET /isolucionsda/ HTTP/1.1" 200 739
181.61.152.52 - - [12/Dec/2014:01:47:56 -0500] "GET /favicon.ico HTTP/1.1" 200 7782
181.61.152.52 - - [12/Dec/2014:01:48:00 -0500] "GET /isolucionsda/ HTTP/1.1" 200 739
181.61.152.52 - - [12/Dec/2014:01:48:00 -0500] "GET /favicon.ico HTTP/1.1" 200 7782
181.61.152.52 - - [12/Dec/2014:01:48:01 -0500] "GET /isolucionsda/ HTTP/1.1" 200 739
181.61.152.52 - - [12/Dec/2014:01:48:01 -0500] "GET /isolucionsda/ HTTP/1.1" 200 739
181.61.152.52 - - [12/Dec/2014:01:48:01 -0500] "GET /favicon.ico HTTP/1.1" 200 7782
181.61.152.52 - - [12/Dec/2014:01:48:02 -0500] "GET /isolucionsda/ HTTP/1.1" 200 739
181.61.152.52 - - [12/Dec/2014:01:48:02 -0500] "GET /favicon.ico HTTP/1.1" 206 1
181.61.152.52 - - [12/Dec/2014:01:48:02 -0500] "GET /favicon.ico HTTP/1.1" 206 3675
181.61.152.52 - - [12/Dec/2014:01:48:04 -0500] "GET /isolucionsda/ HTTP/1.1" 200 739
181.61.152.52 - - [12/Dec/2014:01:48:11 -0500] "GET /isolucionsda/ HTTP/1.1" 200 739
181.61.152.52 - - [12/Dec/2014:01:48:12 -0500] "GET /isolucionsda/ HTTP/1.1" 200 739
181.61.152.52 - - [12/Dec/2014:01:48:13 -0500] "GET /favicon.ico HTTP/1.1" 206 1
181.61.152.52 - - [12/Dec/2014:01:48:30 -0500] "GET /isolucionsda/ HTTP/1.1" 200 739
181.61.152.52 - - [12/Dec/2014:01:48:31 -0500] "GET /favicon.ico HTTP/1.1" 200 7782
181.61.152.52 - - [12/Dec/2014:01:48:36 -0500] "GET /isolucionsda/ HTTP/1.1" 200 739
181.61.152.52 - - [12/Dec/2014:01:48:45 -0500] "GET /isolucionsda/ HTTP/1.1" 200 739
201.245.192.253 - - [12/Dec/2014:01:45:50 -0500] "GET /ForestMSG_SDA/channelAsync/template_word_17081124?X-Atmosphere-tracking-id=53991fc3-e9ba-7f0f-66f2-6620c79c00ca&X-Atmosphere-Framework=1.0.5&X-Atmosphere-Transport=long-polling&tabid=0.3393159160459772&X-Cache-Date=0&Content-Type=application/xml&_=1418366807379 HTTP/1.1" 200 8193
66.249.67.71 - - [12/Dec/2014:01:48:55 -0500] "GET /portalsiaccapacitaciones/Soportes%20Capacitaciones%20A%C3%B1o%202014/0066.%20Presentaci%C3%B3n%20Resoluci%C3%B3n%20242%20de%202014%2004-03-2014.pdf HTTP/1.1" 304 -
188.165.15.235 - - [12/Dec/2014:01:49:06 -0500] "GET /BLA/resoluciones/RESOLUCIONES%202005/RES%202005%20451-500/00000451.tif HTTP/1.1" 200 136176
181.61.152.52 - - [12/Dec/2014:01:49:16 -0500] "GET /isolucionsda/ HTTP/1.1" 200 739
181.61.152.52 - - [12/Dec/2014:01:49:16 -0500] "GET /isolucionsda/IdentificaUsuario.asp?Pagina1=FrameSetGeneral.asp& HTTP/1.1" 200 4997
181.61.152.52 - - [12/Dec/2014:01:49:16 -0500] "GET /isolucionsda/StyleSheet/StyleSheet.css HTTP/1.1" 200 22894
181.61.152.52 - - [12/Dec/2014:01:49:16 -0500] "GET /isolucionsda/g/Img_LogoIsoCabezote.jpg HTTP/1.1" 200 7960
181.61.152.52 - - [12/Dec/2014:01:49:16 -0500] "GET /isolucionsda/g/Img_DivBarraSup.jpg HTTP/1.1" 200 323
181.61.152.52 - - [12/Dec/2014:01:49:16 -0500] "GET /isolucionsda/g/shim.gif HTTP/1.1" 200 43
181.61.152.52 - - [12/Dec/2014:01:49:16 -0500] "GET /isolucionsda/g/Bgr_BarraSuperior.jpg HTTP/1.1" 200 419
181.61.152.52 - - [12/Dec/2014:01:49:16 -0500] "GET /favicon.ico HTTP/1.1" 200 7782
181.61.152.52 - - [12/Dec/2014:01:49:25 -0500] "POST /isolucionsda/IdentificaUsuario.asp?Pagina1=FrameSetGeneral.asp& HTTP/1.1" 302 173
181.61.152.52 - - [12/Dec/2014:01:49:25 -0500] "GET /isolucionsda/FrameSetGeneral.asp?Pagina1=FrameSetGeneral.asp& HTTP/1.1" 200 6613
181.61.152.52 - - [12/Dec/2014:01:49:25 -0500] "GET /isolucionsda/MagazinHome.asp HTTP/1.1" 502 1178
181.61.152.52 - - [12/Dec/2014:01:49:25 -0500] "GET /isolucionsda/Encabezado.asp?Pagina1=FrameSetGeneral.asp&&Pagina=MagazinHome.asp HTTP/1.1" 200 15388
181.61.152.52 - - [12/Dec/2014:01:49:25 -0500] "GET /isolucionsda/BarraTitulos.asp?Pagina1=FrameSetGeneral.asp&&Pagina=MagazinHome.asp HTTP/1.1" 200 6972
181.61.152.52 - - [12/Dec/2014:01:49:25 -0500] "GET /isolucionsda/BarraFavoritos.asp HTTP/1.1" 200 911
181.61.152.52 - - [12/Dec/2014:01:49:26 -0500] "GET /isolucionsda/g/Bot_Siguiente.jpg HTTP/1.1" 200 1727
181.61.152.52 - - [12/Dec/2014:01:49:26 -0500] "GET /isolucionsda/g/Bot_Anterior.jpg HTTP/1.1" 200 1797
181.61.152.52 - - [12/Dec/2014:01:49:26 -0500] "GET /isolucionsda/g/Bot_Home.jpg HTTP/1.1" 200 1936
181.61.152.52 - - [12/Dec/2014:01:49:26 -0500] "GET /isolucionsda/g/Bot_Administrador.jpg HTTP/1.1" 200 1694
181.61.152.52 - - [12/Dec/2014:01:49:26 -0500] "GET /isolucionsda/Session.asp?Continue=1 HTTP/1.1" 200 6324
181.61.152.52 - - [12/Dec/2014:01:49:26 -0500] "GET /isolucionsda/g/Bot_Glosario.jpg HTTP/1.1" 200 1989
181.61.152.52 - - [12/Dec/2014:01:49:26 -0500] "GET /isolucionsda/g/Bgr_BarraBotPrins.jpg HTTP/1.1" 200 944
181.61.152.52 - - [12/Dec/2014:01:49:26 -0500] "GET /isolucionsda/g/Bot_Ayuda.jpg HTTP/1.1" 200 1702
181.61.152.52 - - [12/Dec/2014:01:49:26 -0500] "GET /isolucionsda/g/Img_DivVertBarraSup.jpg HTTP/1.1" 200 810
181.61.152.52 - - [12/Dec/2014:01:49:26 -0500] "GET /isolucionsda/g/Bot_ProveedoresOff_ESP.jpg HTTP/1.1" 200 3801
181.61.152.52 - - [12/Dec/2014:01:49:26 -0500] "GET /isolucionsda/g/Bot_Manual_ESP.jpg HTTP/1.1" 200 4512
181.61.152.52 - - [12/Dec/2014:01:49:26 -0500] "GET /isolucionsda/g/Bot_TalentoOff_ESP.jpg HTTP/1.1" 200 3258
181.61.152.52 - - [12/Dec/2014:01:49:26 -0500] "GET /isolucionsda/g/Bot_CalibracionOff_ESP.jpg HTTP/1.1" 200 3850
181.61.152.52 - - [12/Dec/2014:01:49:26 -0500] "GET /isolucionsda/g/Bot_Riesgos_ESP.jpg HTTP/1.1" 200 4903
181.61.152.52 - - [12/Dec/2014:01:49:26 -0500] "GET /isolucionsda/g/Bot_Mejoramiento_ESP.jpg HTTP/1.1" 200 5904
181.61.152.52 - - [12/Dec/2014:01:49:26 -0500] "GET /isolucionsda/g/Bot_Procesos_ESP.jpg HTTP/1.1" 200 4441
181.61.152.52 - - [12/Dec/2014:01:49:26 -0500] "GET /isolucionsda/g/Bgr_BarraCurva.jpg HTTP/1.1" 200 374
181.61.152.52 - - [12/Dec/2014:01:49:26 -0500] "GET /isolucionsda/g/Bgr_BarraCurva2.jpg HTTP/1.1" 200 409
181.61.152.52 - - [12/Dec/2014:01:49:26 -0500] "GET /isolucionsda/g/Bot_SySOOff_ESP.jpg HTTP/1.1" 200 3270
181.61.152.52 - - [12/Dec/2014:01:49:26 -0500] "GET /isolucionsda/g/Img_BarraCurva.jpg HTTP/1.1" 200 1826
181.61.152.52 - - [12/Dec/2014:01:49:26 -0500] "GET /isolucionsda/g/Bot_ClientesOff_ESP.jpg HTTP/1.1" 200 2917
181.61.152.52 - - [12/Dec/2014:01:49:26 -0500] "GET /isolucionsda/g/Bot_TareasOff_ESP.jpg HTTP/1.1" 200 3028
181.61.152.52 - - [12/Dec/2014:01:49:26 -0500] "GET /isolucionsda/g/Bot_Cerrar.jpg HTTP/1.1" 200 1944
181.61.152.52 - - [12/Dec/2014:01:49:26 -0500] "GET /isolucionsda/g/Bot_Ambiental_ESP.jpg HTTP/1.1" 200 5259
181.61.152.52 - - [12/Dec/2014:01:49:26 -0500] "GET /isolucionsda/g/Bot_Documentos_ESP.jpg HTTP/1.1" 200 5825
181.61.152.52 - - [12/Dec/2014:01:49:26 -0500] "GET /isolucionsda/g/Bot_Meci_ESP.jpg HTTP/1.1" 200 4380
181.61.152.52 - - [12/Dec/2014:01:49:26 -0500] "GET /isolucionsda/g/Bot_Indicadores_ESP.jpg HTTP/1.1" 200 5267
181.61.152.52 - - [12/Dec/2014:01:49:26 -0500] "GET /isolucionsda/g/Bgr_BarraInferior.jpg HTTP/1.1" 200 398
181.61.152.52 - - [12/Dec/2014:01:49:26 -0500] "GET /isolucionsda/g/Img_LogoIcono.jpg HTTP/1.1" 200 7870
181.61.152.52 - - [12/Dec/2014:01:49:30 -0500] "GET /isolucionsda/g/Bot_IndicadoresOver_ESP.jpg HTTP/1.1" 200 5413
181.61.152.52 - - [12/Dec/2014:01:49:30 -0500] "GET /isolucionsda/g/Bot_DocumentosOver_ESP.jpg HTTP/1.1" 200 5899
181.61.152.52 - - [12/Dec/2014:01:49:30 -0500] "GET /isolucionsda/g/Bot_ProcesosOver_ESP.jpg HTTP/1.1" 200 4659
181.61.152.52 - - [12/Dec/2014:01:49:30 -0500] "GET /isolucionsda/g/Bot_ManualOver_ESP.jpg HTTP/1.1" 200 4732
181.61.152.52 - - [12/Dec/2014:01:49:31 -0500] "GET /isolucionsda/FrameSetGeneral.asp?Pagina=Magazin.asp&Sigla=MAC&IdModulo=2 HTTP/1.1" 200 6625
181.61.152.52 - - [12/Dec/2014:01:49:31 -0500] "GET /isolucionsda/Encabezado.asp?Pagina=Magazin.asp&Sigla=MAC&IdModulo=2 HTTP/1.1" 200 15389
181.61.152.52 - - [12/Dec/2014:01:49:31 -0500] "GET /isolucionsda/BarraTitulos.asp?Pagina=Magazin.asp&Sigla=MAC&IdModulo=2 HTTP/1.1" 200 6989
181.61.152.52 - - [12/Dec/2014:01:49:31 -0500] "GET /isolucionsda/Magazin.asp?Pagina=Magazin.asp&Sigla=MAC&IdModulo=2 HTTP/1.1" 302 211
181.61.152.52 - - [12/Dec/2014:01:49:31 -0500] "GET /isolucionsda/BarraFavoritos.asp HTTP/1.1" 200 911
181.61.152.52 - - [12/Dec/2014:01:49:31 -0500] "GET /isolucionsda/Session.asp?Continue=1 HTTP/1.1" 200 6324
181.61.152.52 - - [12/Dec/2014:01:49:31 -0500] "GET /isolucionsda/SucursalSeleccion.asp?URLRedirect=magazin.asp?sigla=mac HTTP/1.1" 302 211
181.61.152.52 - - [12/Dec/2014:01:49:31 -0500] "GET /isolucionsda/SucursalSeleccion.asp?CodSucursal=1&URLRedirect=magazin.asp?sigla=mac&CargaPagina= HTTP/1.1" 302 177
181.61.152.52 - - [12/Dec/2014:01:49:31 -0500] "GET /isolucionsda/magazin.asp?sigla=mac HTTP/1.1" 200 10642
181.61.152.52 - - [12/Dec/2014:01:49:31 -0500] "GET /isolucionsda/g/GifTransparente.gif HTTP/1.1" 200 51
181.61.152.52 - - [12/Dec/2014:01:49:31 -0500] "GET /isolucionsda/g/Bullet_FlechaAzul.gif HTTP/1.1" 200 72
181.61.152.52 - - [12/Dec/2014:01:49:31 -0500] "GET /isolucionsda/g/Img_LineaPunteada.gif HTTP/1.1" 200 123
181.61.152.52 - - [12/Dec/2014:01:49:32 -0500] "GET /isolucionsda/g/Bot_ProcesosOver_ESP.jpg HTTP/1.1" 200 4659
181.61.152.52 - - [12/Dec/2014:01:49:32 -0500] "GET /isolucionsda/FrameSetGeneral.asp?Pagina=SucursalSeleccion.asp&CargaPagina=ModuloProcesos&IdModulo=3 HTTP/1.1" 200 6716
181.61.152.52 - - [12/Dec/2014:01:49:33 -0500] "GET /isolucionsda/SucursalSeleccion.asp?Pagina=SucursalSeleccion.asp&CargaPagina=ModuloProcesos&IdModulo=3 HTTP/1.1" 302 221
181.61.152.52 - - [12/Dec/2014:01:49:33 -0500] "GET /isolucionsda/Encabezado.asp?Pagina=SucursalSeleccion.asp&CargaPagina=ModuloProcesos&IdModulo=3 HTTP/1.1" 200 15377
181.61.152.52 - - [12/Dec/2014:01:49:33 -0500] "GET /isolucionsda/BarraFavoritos.asp HTTP/1.1" 200 911
181.61.152.52 - - [12/Dec/2014:01:49:33 -0500] "GET /isolucionsda/BarraTitulos.asp?Pagina=SucursalSeleccion.asp&CargaPagina=ModuloProcesos&IdModulo=3 HTTP/1.1" 200 6988
181.61.152.52 - - [12/Dec/2014:01:49:33 -0500] "GET /isolucionsda/BancoConocimiento/M/MAPADEPROCESOSSDA_v3/MAPADEPROCESOSSDA_v3.asp HTTP/1.1" 302 159
181.61.152.52 - - [12/Dec/2014:01:49:33 -0500] "GET /isolucionsda/Session.asp?Continue=1 HTTP/1.1" 200 6324
181.61.152.52 - - [12/Dec/2014:01:49:33 -0500] "GET /isolucionsda/g/Bot_DocumentosOver_ESP.jpg HTTP/1.1" 200 5899
181.61.152.52 - - [12/Dec/2014:01:49:34 -0500] "GET /isolucionsda/g/Bot_IndicadoresOver_ESP.jpg HTTP/1.1" 200 5413
181.61.152.52 - - [12/Dec/2014:01:49:34 -0500] "GET /isolucionsda/FrameSetGeneral.asp?Pagina=Menu.asp&IdModulo=5 HTTP/1.1" 200 6583
181.61.152.52 - - [12/Dec/2014:01:49:35 -0500] "GET /isolucionsda/BarraTitulos.asp?Pagina=Menu.asp&IdModulo=5 HTTP/1.1" 200 6983
181.61.152.52 - - [12/Dec/2014:01:49:35 -0500] "GET /isolucionsda/Encabezado.asp?Pagina=Menu.asp&IdModulo=5 HTTP/1.1" 200 15404
181.61.152.52 - - [12/Dec/2014:01:49:35 -0500] "GET /isolucionsda/Menu.asp?Pagina=Menu.asp&IdModulo=5 HTTP/1.1" 200 9343
181.61.152.52 - - [12/Dec/2014:01:49:35 -0500] "GET /isolucionsda/BarraFavoritos.asp HTTP/1.1" 200 911
181.61.152.52 - - [12/Dec/2014:01:49:35 -0500] "GET /isolucionsda/Session.asp?Continue=1 HTTP/1.1" 200 6324
181.61.152.52 - - [12/Dec/2014:01:49:35 -0500] "GET /isolucionsda/g/Img_BordeTitulo01.jpg HTTP/1.1" 200 444
181.61.152.52 - - [12/Dec/2014:01:49:35 -0500] "GET /isolucionsda/g/MenuIcono/ico_ind.jpg HTTP/1.1" 200 1543
181.61.152.52 - - [12/Dec/2014:01:49:35 -0500] "GET /isolucionsda/g/Img_BordeTitulo02.jpg HTTP/1.1" 200 451
181.61.152.52 - - [12/Dec/2014:01:49:35 -0500] "GET /isolucionsda/g/Bullet_PuntoAzul.gif HTTP/1.1" 200 75
181.61.152.52 - - [12/Dec/2014:01:49:33 -0500] "GET /isolucionsda/BancoConocimiento/M/MAPADEPROCESOSSDA_v3/mapa%20de%20procesos%20sda%2020110.mht HTTP/1.1" 200 472990
186.28.104.229 - - [12/Dec/2014:01:49:42 -0500] "GET /BLA/resoluciones/ HTTP/1.1" 200 6952
186.28.104.229 - - [12/Dec/2014:01:49:43 -0500] "GET /BLA/resoluciones/dlf/styles.css HTTP/1.1" 200 3049
186.28.104.229 - - [12/Dec/2014:01:49:43 -0500] "GET /BLA/resoluciones/dlf/folder.png HTTP/1.1" 200 410
186.28.104.229 - - [12/Dec/2014:01:49:43 -0500] "GET /BLA/resoluciones/dlf/bg.gif HTTP/1.1" 200 54
181.61.152.52 - - [12/Dec/2014:01:49:46 -0500] "GET /isolucionsda/FrameSetGeneral.asp?Pagina=BSC/BSC/Jerarquico.aspx&TipoGrupo=Tablero&Visualizacion=1&Grafico=2&FechaInicial=&FechaFinal=&IdElemento=&number= HTTP/1.1" 200 6880
181.61.152.52 - - [12/Dec/2014:01:49:46 -0500] "GET /isolucionsda/Encabezado.asp?Pagina=BSC/BSC/Jerarquico.aspx&TipoGrupo=Tablero&Visualizacion=1&Grafico=2&FechaInicial=&FechaFinal=&IdElemento=&number= HTTP/1.1" 200 15364
181.61.152.52 - - [12/Dec/2014:01:49:46 -0500] "GET /isolucionsda/BarraTitulos.asp?Pagina=BSC/BSC/Jerarquico.aspx&TipoGrupo=Tablero&Visualizacion=1&Grafico=2&FechaInicial=&FechaFinal=&IdElemento=&number= HTTP/1.1" 200 6983
181.61.152.52 - - [12/Dec/2014:01:49:46 -0500] "GET /isolucionsda/BarraFavoritos.asp HTTP/1.1" 200 911
181.61.152.52 - - [12/Dec/2014:01:49:47 -0500] "GET /isolucionsda/Session.asp?Continue=1 HTTP/1.1" 200 6324
186.28.104.229 - - [12/Dec/2014:01:49:49 -0500] "GET /BLA/resoluciones/dlf/dirup.png HTTP/1.1" 200 644
186.28.104.229 - - [12/Dec/2014:01:49:49 -0500] "GET /BLA/resoluciones/dlf/pdf.gif HTTP/1.1" 200 272
186.28.104.229 - - [12/Dec/2014:01:49:49 -0500] "GET /BLA/resoluciones/index.php?dir=RESOLUCIONES+2011%2F HTTP/1.1" 200 660203
181.61.152.52 - - [12/Dec/2014:01:49:46 -0500] "GET /isolucionsda/BSC/BSC/Jerarquico.aspx?Pagina=BSC/BSC/Jerarquico.aspx&TipoGrupo=Tablero&Visualizacion=1&Grafico=2&FechaInicial=&FechaFinal=&IdElemento=&number= HTTP/1.1" 200 25815
181.61.152.52 - - [12/Dec/2014:01:50:02 -0500] "GET /ISOlucionSDA/BSC/WebResource.axd?d=HzDy2E8l1RO1qMeYG2rLAQ2&t=633739669393582448 HTTP/1.1" 502 1186
181.61.152.52 - - [12/Dec/2014:01:50:02 -0500] "GET /ISOlucionSDA/BSC/WebResource.axd?d=O4lGvr50U377dl1YXinC1xLcaoAUFOrHt7cBs5-GJ5O2MkQi_S1eGHBEb2Kbv4ui0&t=633051446740000000 HTTP/1.1" 200 3978
181.61.152.52 - - [12/Dec/2014:01:50:02 -0500] "GET /isolucionsda/BSC/css/StyleSheet.css HTTP/1.1" 200 23686
181.61.152.52 - - [12/Dec/2014:01:50:02 -0500] "GET /ISOlucionSDA/BSC/WebResource.axd?d=UyrWNfSbeClvpKTx_sRfVQ2&t=633739669393582448 HTTP/1.1" 200 9348
181.61.152.52 - - [12/Dec/2014:01:50:02 -0500] "GET /isolucionsda/BSC/imagenes/ProcesoOff.JPG HTTP/1.1" 200 1647
181.61.152.52 - - [12/Dec/2014:01:50:02 -0500] "GET /isolucionsda/BSC/imagenes/TableroOn.JPG HTTP/1.1" 200 1554
181.61.152.52 - - [12/Dec/2014:01:50:02 -0500] "GET /isolucionsda/BSC/imagenes/FamiliaOff.JPG HTTP/1.1" 200 1593
181.61.152.52 - - [12/Dec/2014:01:50:02 -0500] "GET /isolucionsda/BSC/imagenes/ObjetivoOff.JPG HTTP/1.1" 200 1660
181.61.152.52 - - [12/Dec/2014:01:50:02 -0500] "GET /isolucionsda/BSC/imagenes/AreaOff.JPG HTTP/1.1" 200 1496
181.61.152.52 - - [12/Dec/2014:01:50:02 -0500] "GET /isolucionsda/BSC/imagenes/img_esquinaAzul03.jpg HTTP/1.1" 200 397
181.61.152.52 - - [12/Dec/2014:01:50:02 -0500] "GET /isolucionsda/BSC/imagenes/img_esquinaAzul01.jpg HTTP/1.1" 200 390
181.61.152.52 - - [12/Dec/2014:01:50:02 -0500] "GET /isolucionsda/BSC/imagenes/img_barraDivisora.jpg HTTP/1.1" 200 726
181.61.152.52 - - [12/Dec/2014:01:50:02 -0500] "GET /isolucionsda/BSC/imagenes/ico_calendario.jpg HTTP/1.1" 200 994
181.61.152.52 - - [12/Dec/2014:01:50:02 -0500] "GET /isolucionsda/BSC/imagenes/img_bt01.jpg HTTP/1.1" 200 1033
181.61.152.52 - - [12/Dec/2014:01:50:02 -0500] "GET /isolucionsda/BSC/imagenes/img_bt02.jpg HTTP/1.1" 200 887
181.61.152.52 - - [12/Dec/2014:01:50:02 -0500] "GET /ISOlucionSDA/BSC/WebResource.axd?d=lk3tjck3-QpmNyUDZzhT6g2&t=633739669393582448 HTTP/1.1" 200 43
181.61.152.52 - - [12/Dec/2014:01:50:02 -0500] "GET /ISOlucionSDA/BSC/WebResource.axd?d=O4lGvr50U377dl1YXinC1xLcaoAUFOrHt7cBs5-GJ5O1hrENbQqOI40UTD59U9nsX1pRnEFUIwWXh_hjp-9Hiw2&t=633051446740000000 HTTP/1.1" 200 35614
181.61.152.52 - - [12/Dec/2014:01:50:03 -0500] "GET /isolucionsda/BSC/imagenes/bgr_bt.jpg HTTP/1.1" 200 429
181.61.152.52 - - [12/Dec/2014:01:50:15 -0500] "GET /ISOlucionSDA/BSC/WebResource.axd?d=HzDy2E8l1RO1qMeYG2rLAQ2&t=633739669393582448 HTTP/1.1" 200 20794
181.61.152.52 - - [12/Dec/2014:01:50:15 -0500] "POST /isolucionsda/BSC/BSC/Jerarquico.aspx?Pagina=BSC%2fBSC%2fJerarquico.aspx&TipoGrupo=Tablero&Visualizacion=1&Grafico=2&FechaInicial=&FechaFinal=&IdElemento=&number= HTTP/1.1" 200 25815
181.61.152.52 - - [12/Dec/2014:01:50:15 -0500] "GET /isolucionsda/BSC/css/BSC.css HTTP/1.1" 200 22615
181.61.152.52 - - [12/Dec/2014:01:50:15 -0500] "GET /isolucionsda/BSC/Busquedas/BuscarNoJerarquico.aspx?NomTabla=Tablero&ControlIDTexto=TopMenuJerarquico1_txtObjetivoProceso&ControlIDNumero=TopMenuJerarquico1_hdIdObjeto&ParentURL=../Jerarquico.aspx HTTP/1.1" 200 32760
181.61.152.52 - - [12/Dec/2014:01:50:16 -0500] "GET /ISOlucionSDA/BSC/WebResource.axd?d=mY39lcpCFjTv3mFedcLTk8hOsCn795VpWqkx0LSc_Wc1&t=633739669393582448 HTTP/1.1" 200 58
181.61.152.52 - - [12/Dec/2014:01:50:16 -0500] "GET /ISOlucionSDA/BSC/WebResource.axd?d=mY39lcpCFjTv3mFedcLTk3AY4tmk4AjF7hR3SfO1EBY1&t=633739669393582448 HTTP/1.1" 200 108
181.61.152.52 - - [12/Dec/2014:01:50:16 -0500] "GET /ISOlucionSDA/BSC/WebResource.axd?d=mY39lcpCFjTv3mFedcLTkyKInliSlC-M2AzwN4VTW6U1&t=633739669393582448 HTTP/1.1" 200 113
66.249.67.83 - - [12/Dec/2014:01:50:30 -0500] "GET /BLA/resoluciones/RESOLUCIONES%202011/4462.pdf HTTP/1.1" 200 554832
181.61.152.52 - - [12/Dec/2014:01:51:00 -0500] "POST /isolucionsda/BSC/Busquedas/BuscarNoJerarquico.aspx?NomTabla=Tablero&ControlIDTexto=TopMenuJerarquico1_txtObjetivoProceso&ControlIDNumero=TopMenuJerarquico1_hdIdObjeto&ParentURL=..%2fJerarquico.aspx HTTP/1.1" 200 32932
66.249.67.47 - - [12/Dec/2014:01:51:00 -0500] "GET /POT-2013/Cartografia/10_EEP_Urbana.pdf HTTP/1.1" 304 -
181.61.152.52 - - [12/Dec/2014:01:51:01 -0500] "POST /isolucionsda/BSC/BSC/Jerarquico.aspx?Pagina=BSC%2fBSC%2fJerarquico.aspx&TipoGrupo=Tablero&Visualizacion=1&Grafico=2&FechaInicial=&FechaFinal=&IdElemento=&number= HTTP/1.1" 302 341
181.61.152.52 - - [12/Dec/2014:01:51:01 -0500] "GET /isolucionsda/BSC/BSC/Jerarquico.aspx?number=&TipoGrupo=Tablero&Visualizacion=1&Grafico=2&FechaInicial=01/01/2013&FechaFinal=12/12/2014&IdObjeto=-1&NomObjeto=Todos&Buscar=1 HTTP/1.1" 200 25862
202.46.61.33 - - [12/Dec/2014:01:51:06 -0500] "GET / HTTP/1.1" 302 -
181.61.152.52 - - [12/Dec/2014:01:51:06 -0500] "POST /isolucionsda/BSC/BSC/Jerarquico.aspx?number=&TipoGrupo=Tablero&Visualizacion=1&Grafico=2&FechaInicial=01%2f01%2f2013&FechaFinal=12%2f12%2f2014&IdObjeto=-1&NomObjeto=Todos&Buscar=1 HTTP/1.1" 302 341
181.61.152.52 - - [12/Dec/2014:01:51:06 -0500] "GET /isolucionsda/BSC/BSC/Jerarquico.aspx?number=&TipoGrupo=Tablero&Visualizacion=1&Grafico=2&FechaInicial=01/01/2013&FechaFinal=12/12/2014&IdObjeto=-1&NomObjeto=Todos&Buscar=1 HTTP/1.1" 200 25862
181.61.152.52 - - [12/Dec/2014:01:51:21 -0500] "POST /isolucionsda/BSC/BSC/Jerarquico.aspx?number=&TipoGrupo=Tablero&Visualizacion=1&Grafico=2&FechaInicial=01%2f01%2f2013&FechaFinal=12%2f12%2f2014&IdObjeto=-1&NomObjeto=Todos&Buscar=1 HTTP/1.1" 302 292
181.61.152.52 - - [12/Dec/2014:01:51:21 -0500] "POST /isolucionsda/BSC/BSC/Jerarquico.aspx?number=&TipoGrupo=Tablero&Visualizacion=1&Grafico=2&FechaInicial=01%2f01%2f2013&FechaFinal=12%2f12%2f2014&IdObjeto=-1&NomObjeto=Todos&Buscar=1 HTTP/1.1" 302 292
119.63.193.132 - - [12/Dec/2014:01:51:28 -0500] "GET / HTTP/1.1" 302 -
181.61.152.52 - - [12/Dec/2014:01:51:25 -0500] "GET /isolucionsda/BSC/BSC/Jerarquico.aspx?number=&TipoGrupo=Proceso&Visualizacion=1&Grafico=2&FechaInicial=01/01/2013&FechaFinal=12/12/2014 HTTP/1.1" 200 25793
181.61.152.52 - - [12/Dec/2014:01:51:28 -0500] "GET /isolucionsda/BSC/imagenes/TableroOff.JPG HTTP/1.1" 200 1593
181.61.152.52 - - [12/Dec/2014:01:51:28 -0500] "GET /isolucionsda/BSC/imagenes/ProcesoOn.JPG HTTP/1.1" 200 1549
181.61.152.52 - - [12/Dec/2014:01:51:31 -0500] "GET /isolucionsda/Jerarquia.asp?Tabla=Proceso&Form=Admon&CampoDisplay=TopMenuJerarquico1_txtObjetivoProceso&CampoHidden=TopMenuJerarquico1_hdIdObjeto&items=&IndicadoresAvanzados=si&Varios=si HTTP/1.1" 200 11518
181.61.152.52 - - [12/Dec/2014:01:51:31 -0500] "POST /isolucionsda/BSC/BSC/Jerarquico.aspx?number=&TipoGrupo=Proceso&Visualizacion=1&Grafico=2&FechaInicial=01%2f01%2f2013&FechaFinal=12%2f12%2f2014 HTTP/1.1" 200 25793
181.61.152.52 - - [12/Dec/2014:01:51:35 -0500] "GET /isolucionsda/StyleSheet/Stylesheet.css HTTP/1.1" 200 22894
201.245.192.253 - - [12/Dec/2014:01:48:50 -0500] "GET /ForestMSG_SDA/channelAsync/template_word_17081124?X-Atmosphere-tracking-id=53991fc3-e9ba-7f0f-66f2-6620c79c00ca&X-Atmosphere-Framework=1.0.5&X-Atmosphere-Transport=long-polling&tabid=0.3393159160459772&X-Cache-Date=0&Content-Type=application/xml&_=1418366987376 HTTP/1.1" 200 8193
181.61.152.52 - - [12/Dec/2014:01:51:51 -0500] "POST /isolucionsda/Jerarquia.asp HTTP/1.1" 200 11531
181.61.152.52 - - [12/Dec/2014:01:51:51 -0500] "POST /isolucionsda/Jerarquia.asp HTTP/1.1" 200 11594
181.61.152.52 - - [12/Dec/2014:01:51:57 -0500] "GET /isolucionsda/Jerarquia.asp?Tabla=Proceso&Form=Admon&CampoDisplay=TopMenuJerarquico1_txtObjetivoProceso&CampoHidden=TopMenuJerarquico1_hdIdObjeto&items=&IndicadoresAvanzados=si&Varios=si HTTP/1.1" 200 11518
181.61.152.52 - - [12/Dec/2014:01:51:57 -0500] "POST /isolucionsda/BSC/BSC/Jerarquico.aspx?number=&TipoGrupo=Proceso&Visualizacion=1&Grafico=2&FechaInicial=01%2f01%2f2013&FechaFinal=12%2f12%2f2014 HTTP/1.1" 200 25793
181.61.152.52 - - [12/Dec/2014:01:51:59 -0500] "POST /isolucionsda/Jerarquia.asp HTTP/1.1" 200 11531
66.249.67.83 - - [12/Dec/2014:01:52:02 -0500] "GET /BLA/resoluciones/AUTOS%202008/3336.pdf HTTP/1.1" 200 93290
181.61.152.52 - - [12/Dec/2014:01:52:02 -0500] "POST /isolucionsda/BSC/BSC/Jerarquico.aspx?number=&TipoGrupo=Proceso&Visualizacion=1&Grafico=2&FechaInicial=01%2f01%2f2013&FechaFinal=12%2f12%2f2014 HTTP/1.1" 302 341
181.61.152.52 - - [12/Dec/2014:01:52:04 -0500] "GET /isolucionsda/BSC/imagenes/img_semaforoazul.jpg HTTP/1.1" 502 1214
181.61.152.52 - - [12/Dec/2014:01:52:04 -0500] "GET /isolucionsda/BSC/imagenes/img_semaforoverde.jpg HTTP/1.1" 200 3350
181.61.152.52 - - [12/Dec/2014:01:52:04 -0500] "GET /isolucionsda/BSC/imagenes/img_semaforoamarillo.jpg HTTP/1.1" 200 3378
181.61.152.52 - - [12/Dec/2014:01:52:04 -0500] "GET /isolucionsda/BSC/imagenes/Ico_positivo.jpg HTTP/1.1" 200 852
181.61.152.52 - - [12/Dec/2014:01:52:04 -0500] "GET /isolucionsda/BSC/imagenes/ico_neutral.jpg HTTP/1.1" 200 670
181.61.152.52 - - [12/Dec/2014:01:52:04 -0500] "GET /isolucionsda/BSC/imagenes/img_semafororojo.jpg HTTP/1.1" 200 3302
181.61.152.52 - - [12/Dec/2014:01:52:02 -0500] "GET /isolucionsda/BSC/BSC/Jerarquico.aspx?number=&TipoGrupo=Proceso&Visualizacion=1&Grafico=2&FechaInicial=01/01/2013&FechaFinal=12/12/2014&IdObjeto=-1&NomObjeto=Todos&Buscar=1 HTTP/1.1" 200 274406
181.61.152.52 - - [12/Dec/2014:01:52:04 -0500] "GET /isolucionsda/BSC/imagenes/img_semaforoazul.jpg HTTP/1.1" 404 5250
181.61.152.52 - - [12/Dec/2014:01:52:04 -0500] "GET /isolucionsda/BSC/imagenes/Ico_negativo.jpg HTTP/1.1" 200 825
188.165.15.235 - - [12/Dec/2014:01:52:21 -0500] "GET /BLA/resoluciones/RESOLUCIONES%202004/RES%202004%202051-2100/00002089.tif HTTP/1.1" 200 147168
181.61.152.52 - - [12/Dec/2014:01:52:23 -0500] "GET /isolucionsda/IndicadoresBase.asp?ind=291&FechaIni=20130101&FechaFin=20141212 HTTP/1.1" 200 26008
181.61.152.52 - - [12/Dec/2014:01:52:28 -0500] "GET /isolucionsda/g/buscar.gif HTTP/1.1" 200 753
181.61.152.52 - - [12/Dec/2014:01:52:28 -0500] "GET /isolucionsda/g/Ico_DebajoMeta.gif HTTP/1.1" 200 155
181.61.152.52 - - [12/Dec/2014:01:52:28 -0500] "GET /isolucionsda/g/Ico_EncimaRango.gif HTTP/1.1" 200 117
181.61.152.52 - - [12/Dec/2014:01:52:28 -0500] "GET /isolucionsda/g/Ico_VariacionPositiva.gif HTTP/1.1" 200 123
181.61.152.52 - - [12/Dec/2014:01:52:28 -0500] "GET /isolucionsda/g/ImgNo.gif HTTP/1.1" 200 128
181.61.152.52 - - [12/Dec/2014:01:52:28 -0500] "GET /isolucionsda/Pics/Pics34362132215305AM.jpg HTTP/1.1" 200 32412
181.61.152.52 - - [12/Dec/2014:01:52:30 -0500] "GET /isolucionsda/g/Bot_MejoramientoOver_ESP.jpg HTTP/1.1" 200 6165
181.61.152.52 - - [12/Dec/2014:01:52:30 -0500] "GET /isolucionsda/FichaIndicador.aspx?Id=291 HTTP/1.1" 200 22414
181.61.152.52 - - [12/Dec/2014:01:52:53 -0500] "GET /isolucionsda/g/Bot_CerrarOver.jpg HTTP/1.1" 200 1873
66.249.67.47 - - [12/Dec/2014:01:53:24 -0500] "GET /POT-2013/Cartografia/36_Est_Funcional_servicios_Est_Socioeconomica_Espacial%20Area%20.pdf HTTP/1.1" 304 -
181.61.152.52 - - [12/Dec/2014:01:53:27 -0500] "GET /isolucionsda/g/Bot_SiguienteOver.jpg HTTP/1.1" 200 1668
181.61.152.52 - - [12/Dec/2014:01:53:27 -0500] "GET /isolucionsda/g/Bot_AnteriorOver.jpg HTTP/1.1" 200 1752
181.61.152.52 - - [12/Dec/2014:01:53:28 -0500] "GET /isolucionsda/g/Bot_MejoramientoOver_ESP.jpg HTTP/1.1" 200 6165
180.76.6.158 - - [12/Dec/2014:01:53:36 -0500] "GET /BLA/resoluciones/RESOLUCIONES%202010/1029.pdf HTTP/1.1" 200 1279050
201.245.192.253 - - [12/Dec/2014:01:51:50 -0500] "GET /ForestMSG_SDA/channelAsync/template_word_17081124?X-Atmosphere-tracking-id=53991fc3-e9ba-7f0f-66f2-6620c79c00ca&X-Atmosphere-Framework=1.0.5&X-Atmosphere-Transport=long-polling&tabid=0.3393159160459772&X-Cache-Date=0&Content-Type=application/xml&_=1418367167359 HTTP/1.1" 200 8193
188.165.15.10 - - [12/Dec/2014:01:54:55 -0500] "GET /BLA/resoluciones/index.php?dir=RESOLUCIONES%202003/RES%202003%202051-2100/&sort=date&order=desc HTTP/1.1" 200 12151
66.249.67.71 - - [12/Dec/2014:01:55:48 -0500] "GET /POT-2013/index.php?dir=memoria%20justificativa/&sort=size&order=desc HTTP/1.1" 200 2483
188.165.15.132 - - [12/Dec/2014:01:56:41 -0500] "GET /BLA/resoluciones/RESOLUCIONES%202003/RES%202003%20201-250/2003RES233.tif HTTP/1.1" 200 96916
66.249.67.83 - - [12/Dec/2014:01:57:29 -0500] "GET /BLA/resoluciones/RESOLUCIONES%202009/2050.pdf HTTP/1.1" 200 671696
201.245.192.253 - - [12/Dec/2014:01:54:50 -0500] "GET /ForestMSG_SDA/channelAsync/template_word_17081124?X-Atmosphere-tracking-id=53991fc3-e9ba-7f0f-66f2-6620c79c00ca&X-Atmosphere-Framework=1.0.5&X-Atmosphere-Transport=long-polling&tabid=0.3393159160459772&X-Cache-Date=0&Content-Type=application/xml&_=1418367347388 HTTP/1.1" 200 8193
66.249.67.71 - - [12/Dec/2014:01:58:21 -0500] "GET /Autoliquidacion/index.php?dir=Solicitud+de+Licencia+Ambiental%2F HTTP/1.1" 200 2642
188.165.15.55 - - [12/Dec/2014:01:58:23 -0500] "GET /BLA/resoluciones/RESOLUCIONES%202005/RES%202005%20651-700/00000661.tif HTTP/1.1" 200 273242
190.26.177.189 - - [12/Dec/2014:01:58:35 -0500] "GET /BLA/boletinlegal/js/jquery.scrollTo-min.js HTTP/1.1" 200 1150
190.26.177.189 - - [12/Dec/2014:01:58:35 -0500] "GET /BLA/boletinlegal/js/jquery.scrollShow.js HTTP/1.1" 200 4586
190.26.177.189 - - [12/Dec/2014:01:58:35 -0500] "GET /BLA/boletinlegal/js/jquery.js HTTP/1.1" 200 57254
202.46.61.124 - - [12/Dec/2014:01:59:17 -0500] "GET /BLA/resoluciones/RESOLUCIONES%202010/1029.pdf HTTP/1.1" 200 1279050
66.249.67.83 - - [12/Dec/2014:01:59:23 -0500] "GET /BLA/resoluciones/RESOLUCIONES%202007/RES%202007%202001%20AL%202100/RESOLUCION%202097%20DE%202007.pdf HTTP/1.1" 200 512700
181.50.52.199 - - [12/Dec/2014:01:59:49 -0500] "GET /BLA/boletinlegal/js/jquery.scrollTo-min.js HTTP/1.1" 200 1150
181.50.52.199 - - [12/Dec/2014:01:59:49 -0500] "GET /BLA/boletinlegal/js/jquery.js HTTP/1.1" 200 57254
181.50.52.199 - - [12/Dec/2014:01:59:49 -0500] "GET /BLA/boletinlegal/js/jquery.scrollShow.js HTTP/1.1" 200 4586
180.76.6.53 - - [12/Dec/2014:02:00:17 -0500] "GET /BLA/resoluciones/RESOLUCIONES%202010/0775.pdf HTTP/1.1" 200 100304
201.245.192.253 - - [12/Dec/2014:01:57:50 -0500] "GET /ForestMSG_SDA/channelAsync/template_word_17081124?X-Atmosphere-tracking-id=53991fc3-e9ba-7f0f-66f2-6620c79c00ca&X-Atmosphere-Framework=1.0.5&X-Atmosphere-Transport=long-polling&tabid=0.3393159160459772&X-Cache-Date=0&Content-Type=application/xml&_=1418367527427 HTTP/1.1" 200 8193
181.50.52.199 - - [12/Dec/2014:02:00:51 -0500] "GET /BLA/boletinlegal/js/jquery.js HTTP/1.1" 200 57254
181.50.52.199 - - [12/Dec/2014:02:00:51 -0500] "GET /BLA/boletinlegal/js/jquery.scrollTo-min.js HTTP/1.1" 200 1150
181.50.52.199 - - [12/Dec/2014:02:00:51 -0500] "GET /BLA/boletinlegal/js/jquery.scrollShow.js HTTP/1.1" 200 4586
66.249.67.71 - - [12/Dec/2014:02:00:54 -0500] "GET /BLA/boletinlegal/jurisprudencia/analisis/analisis%20sentencia%20C%20401%20de%202010.doc HTTP/1.1" 304 -
66.249.67.83 - - [12/Dec/2014:02:02:55 -0500] "GET /BLA/resoluciones/RESOLUCIONES%202010/6261.pdf HTTP/1.1" 200 2235197
181.66.157.190 - - [12/Dec/2014:02:03:28 -0500] "GET /BLA/boletinlegal/js/jquery.js HTTP/1.1" 200 57254
181.66.157.190 - - [12/Dec/2014:02:03:28 -0500] "GET /BLA/boletinlegal/js/jquery.scrollTo-min.js HTTP/1.1" 200 1150
181.66.157.190 - - [12/Dec/2014:02:03:28 -0500] "GET /BLA/boletinlegal/js/jquery.scrollShow.js HTTP/1.1" 200 4586
66.249.67.47 - - [12/Dec/2014:02:03:42 -0500] "GET /BLA/boletinlegal/jurisprudencia/analisis/CUADRO%20ANALISIS%20SENTENCIA%20T-411%20DE%201992.doc HTTP/1.1" 304 -
201.245.192.253 - - [12/Dec/2014:02:00:50 -0500] "GET /ForestMSG_SDA/channelAsync/template_word_17081124?X-Atmosphere-tracking-id=53991fc3-e9ba-7f0f-66f2-6620c79c00ca&X-Atmosphere-Framework=1.0.5&X-Atmosphere-Transport=long-polling&tabid=0.3393159160459772&X-Cache-Date=0&Content-Type=application/xml&_=1418367707421 HTTP/1.1" 200 8193
66.249.67.47 - - [12/Dec/2014:02:06:30 -0500] "GET /POT-2013/expediente/EXPEDIENTE%20DISTRITAL%20VIGENCIA%202011octubre%20final.pdf HTTP/1.1" 304 -
191.75.76.205 - - [12/Dec/2014:02:06:42 -0500] "GET /BLA/boletinlegal/js/jquery.scrollTo-min.js HTTP/1.1" 200 1150
191.75.76.205 - - [12/Dec/2014:02:06:43 -0500] "GET /BLA/boletinlegal/js/jquery.js HTTP/1.1" 200 57254
191.75.76.205 - - [12/Dec/2014:02:06:43 -0500] "GET /BLA/boletinlegal/js/jquery.scrollShow.js HTTP/1.1" 200 4586
201.245.192.253 - - [12/Dec/2014:02:03:50 -0500] "GET /ForestMSG_SDA/channelAsync/template_word_17081124?X-Atmosphere-tracking-id=53991fc3-e9ba-7f0f-66f2-6620c79c00ca&X-Atmosphere-Framework=1.0.5&X-Atmosphere-Transport=long-polling&tabid=0.3393159160459772&X-Cache-Date=0&Content-Type=application/xml&_=1418367887406 HTTP/1.1" 200 8193
181.60.173.63 - - [12/Dec/2014:02:07:11 -0500] "GET /BLA/boletinlegal/js/jquery.js HTTP/1.1" 200 57254
181.60.173.63 - - [12/Dec/2014:02:07:11 -0500] "GET /BLA/boletinlegal/js/jquery.scrollTo-min.js HTTP/1.1" 200 1150
181.60.173.63 - - [12/Dec/2014:02:07:11 -0500] "GET /BLA/boletinlegal/js/jquery.scrollShow.js HTTP/1.1" 200 4586
181.61.152.52 - - [12/Dec/2014:02:07:59 -0500] "GET /isolucionsda/g/Bot_AdministradorOver.jpg HTTP/1.1" 200 1630
181.61.152.52 - - [12/Dec/2014:02:07:59 -0500] "GET /isolucionsda/g/Bot_HomeOver.jpg HTTP/1.1" 200 1879
181.61.152.52 - - [12/Dec/2014:02:07:59 -0500] "GET /isolucionsda/g/Bot_AdministradorOver.jpg HTTP/1.1" 200 1630
181.61.152.52 - - [12/Dec/2014:02:07:59 -0500] "GET /isolucionsda/g/Bot_HomeOver.jpg HTTP/1.1" 200 1879
181.61.152.52 - - [12/Dec/2014:02:08:16 -0500] "GET /isolucionsda/IndicadoresBase.asp?ind=531&FechaIni=20130101&FechaFin=20141212 HTTP/1.1" 200 22949
181.61.152.52 - - [12/Dec/2014:02:08:17 -0500] "GET /isolucionsda/g/Ico_EntreRango.gif HTTP/1.1" 200 117
181.61.152.52 - - [12/Dec/2014:02:08:17 -0500] "GET /isolucionsda/g/Ico_IgualMeta.gif HTTP/1.1" 200 157
181.61.152.52 - - [12/Dec/2014:02:08:17 -0500] "GET /isolucionsda/g/ImgSI.gif HTTP/1.1" 200 128
181.61.152.52 - - [12/Dec/2014:02:08:17 -0500] "GET /isolucionsda/Pics/Pics34362132220858AM.jpg HTTP/1.1" 200 27534
181.61.152.52 - - [12/Dec/2014:02:08:19 -0500] "GET /isolucionsda/FichaIndicador.aspx?Id=531 HTTP/1.1" 200 23632
66.249.67.83 - - [12/Dec/2014:02:08:21 -0500] "GET /BLA/resoluciones/AUTOS%202008/0238.pdf HTTP/1.1" 200 108844
181.50.86.234 - - [12/Dec/2014:02:08:33 -0500] "GET /BLA/resoluciones/RESOLUCIONES%202007/RES%202007%202001%20AL%202100/RESOLUCION%202060%20DE%202007.pdf HTTP/1.1" 200 529999
181.50.86.234 - - [12/Dec/2014:02:08:43 -0500] "GET /BLA/resoluciones/RESOLUCIONES%202007/RES%202007%202001%20AL%202100/RESOLUCION%202060%20DE%202007.pdf HTTP/1.1" 200 529999
181.61.152.52 - - [12/Dec/2014:02:09:05 -0500] "POST /isolucionsda/FichaIndicador.aspx?Id=531 HTTP/1.1" 200 23711
181.61.152.52 - - [12/Dec/2014:02:09:05 -0500] "GET /isolucionsda/IndicadorFrm.asp HTTP/1.1" 200 6468
181.61.152.52 - - [12/Dec/2014:02:09:06 -0500] "GET /isolucionsda/MenuIndicador.asp HTTP/1.1" 200 15328
181.61.152.52 - - [12/Dec/2014:02:09:06 -0500] "GET /isolucionsda/IndicadoresBase.asp HTTP/1.1" 200 8785
181.61.152.52 - - [12/Dec/2014:02:09:08 -0500] "GET /isolucionsda/g/Bot_AyudaOver.jpg HTTP/1.1" 200 1659
66.249.67.67 - - [12/Dec/2014:02:09:08 -0500] "GET /BLA/resoluciones/Autos%202008/2089.pdf HTTP/1.1" 200 110525
181.61.152.52 - - [12/Dec/2014:02:09:14 -0500] "GET /isolucionsda/FichaIndicador.aspx?Id=531 HTTP/1.1" 200 23632
181.61.152.52 - - [12/Dec/2014:02:09:17 -0500] "GET /isolucionsda/g/Bot_MejoramientoOver_ESP.jpg HTTP/1.1" 200 6165
66.249.67.71 - - [12/Dec/2014:02:09:18 -0500] "GET /BLA/boletinlegal/Circulares/2014/Circular%2008%20de%20Mayo%20de%202014.pdf HTTP/1.1" 304 -
180.76.6.47 - - [12/Dec/2014:02:09:48 -0500] "GET /BLA/resoluciones/RESOLUCIONES%202010/0476.pdf HTTP/1.1" 200 104090
201.245.192.253 - - [12/Dec/2014:02:06:50 -0500] "GET /ForestMSG_SDA/channelAsync/template_word_17081124?X-Atmosphere-tracking-id=53991fc3-e9ba-7f0f-66f2-6620c79c00ca&X-Atmosphere-Framework=1.0.5&X-Atmosphere-Transport=long-polling&tabid=0.3393159160459772&X-Cache-Date=0&Content-Type=application/xml&_=1418368067487 HTTP/1.1" 200 8193
180.76.6.16 - - [12/Dec/2014:02:10:48 -0500] "GET /BLA/resoluciones/RESOLUCIONES%202010/0695.pdf HTTP/1.1" 200 103588
180.76.6.55 - - [12/Dec/2014:02:11:48 -0500] "GET /BLA/resoluciones/RESOLUCIONES%202010/1244.pdf HTTP/1.1" 200 443145
66.249.67.79 - - [12/Dec/2014:02:12:07 -0500] "GET /BLA/boletinlegal/jurisprudencia/analisis/CUADRO%20ANALISIS%20SENTENCIA%20C-554%20DE%202007.doc HTTP/1.1" 304 -
66.249.67.83 - - [12/Dec/2014:02:12:10 -0500] "GET /BLA/resoluciones/RESOLUCIONES%202010/6795.pdf HTTP/1.1" 200 429460
181.61.152.52 - - [12/Dec/2014:02:12:40 -0500] "GET /isolucionsda/g/Bot_CerrarOver.jpg HTTP/1.1" 200 1873
201.245.192.253 - - [12/Dec/2014:02:09:53 -0500] "GET /ForestMSG_SDA/channelAsync/template_word_17081124?X-Atmosphere-tracking-id=53991fc3-e9ba-7f0f-66f2-6620c79c00ca&X-Atmosphere-Framework=1.0.5&X-Atmosphere-Transport=long-polling&tabid=0.3393159160459772&X-Cache-Date=0&Content-Type=application/xml&_=1418368250521 HTTP/1.1" 200 8193
66.249.67.75 - - [12/Dec/2014:02:13:08 -0500] "GET /BLA/resoluciones/RESOLUCIONES%202005/RES%202005%20401-450/00000431.tif HTTP/1.1" 200 133968
66.249.67.83 - - [12/Dec/2014:02:14:56 -0500] "GET /BLA/resoluciones/RESOLUCIONES%202009/2897.pdf HTTP/1.1" 304 -
66.249.67.67 - - [12/Dec/2014:02:15:11 -0500] "GET /BLA/resoluciones/RESOLUCIONES%202005/RES%202005%202451-2500/00002457.tif HTTP/1.1" 200 164762
188.165.15.14 - - [12/Dec/2014:02:15:26 -0500] "GET /BLA/resoluciones/RESOLUCIONES%202003/RES%202003%201751-1800/20031759.tif HTTP/1.1" 200 112746
201.245.192.253 - - [12/Dec/2014:02:12:53 -0500] "GET /ForestMSG_SDA/channelAsync/template_word_17081124?X-Atmosphere-tracking-id=53991fc3-e9ba-7f0f-66f2-6620c79c00ca&X-Atmosphere-Framework=1.0.5&X-Atmosphere-Transport=long-polling&tabid=0.3393159160459772&X-Cache-Date=0&Content-Type=application/xml&_=1418368430556 HTTP/1.1" 200 8193
123.125.71.45 - - [12/Dec/2014:02:16:24 -0500] "GET / HTTP/1.1" 302 -
220.181.108.99 - - [12/Dec/2014:02:17:43 -0500] "GET / HTTP/1.1" 302 -
66.249.67.79 - - [12/Dec/2014:02:17:45 -0500] "GET /BLA/boletinlegal/jurisprudencia/analisis/analisis%20C-595-2010.doc HTTP/1.1" 304 -
188.165.15.14 - - [12/Dec/2014:02:18:02 -0500] "GET /BLA/resoluciones/RESOLUCIONES%202006/RES%202006%20951-1000/00000962.tif HTTP/1.1" 200 188306
201.245.192.253 - - [12/Dec/2014:02:15:53 -0500] "GET /ForestMSG_SDA/channelAsync/template_word_17081124?X-Atmosphere-tracking-id=53991fc3-e9ba-7f0f-66f2-6620c79c00ca&X-Atmosphere-Framework=1.0.5&X-Atmosphere-Transport=long-polling&tabid=0.3393159160459772&X-Cache-Date=0&Content-Type=application/xml&_=1418368610604 HTTP/1.1" 200 8193
66.249.67.75 - - [12/Dec/2014:02:19:14 -0500] "GET /BLA/resoluciones/RESOLUCIONES%202012/0806.pdf HTTP/1.1" 200 274482
66.249.67.67 - - [12/Dec/2014:02:19:30 -0500] "GET /BLA/resoluciones/Autos%202008/0127.pdf HTTP/1.1" 200 182766
188.165.15.10 - - [12/Dec/2014:02:19:31 -0500] "GET /BLA/resoluciones/index.php?dir=RESOLUCIONES+2012%2F HTTP/1.1" 200 130695
188.165.15.15 - - [12/Dec/2014:02:19:47 -0500] "GET /BLA/resoluciones/RESOLUCIONES%202006/RES%202006%201001-1050/00001032.tif HTTP/1.1" 200 86654
66.249.67.11 - - [12/Dec/2014:02:20:19 -0500] "GET /robots.txt HTTP/1.1" 404 1015
66.249.67.155 - - [12/Dec/2014:02:20:19 -0500] "GET /dama/libreria/pdf/SAS/DX%20salud.pdf HTTP/1.1" 404 1015
66.249.67.79 - - [12/Dec/2014:02:20:27 -0500] "GET /dama/libreria/pdf/SAS/DX%20lavanderias.pdf HTTP/1.1" 404 1019
66.249.67.67 - - [12/Dec/2014:02:20:33 -0500] "GET /BLA/resoluciones/RESOLUCIONES%202010/1033.pdf HTTP/1.1" 304 -
188.165.15.231 - - [12/Dec/2014:02:20:38 -0500] "GET /BLA/resoluciones/index.php?dir=Notificaciones/RESOLUCIONES%202013/&sort=size&order=desc HTTP/1.1" 200 2076
66.249.67.75 - - [12/Dec/2014:02:20:43 -0500] "GET /BLA/resoluciones/Autos%202008/3350.pdf HTTP/1.1" 200 83856
188.165.15.44 - - [12/Dec/2014:02:21:18 -0500] "GET /BLA/resoluciones/index.php?dir=RESOLUCIONES%202002/RES%202002%201751-1800/&sort=date&order=desc HTTP/1.1" 200 12155
66.249.67.83 - - [12/Dec/2014:02:21:29 -0500] "GET /BLA/resoluciones/RESOLUCIONES%202007/RES%202007%202601%20AL%202700/RESOLUCION%202629%20DE%202007.pdf HTTP/1.1" 200 307916
66.249.67.83 - - [12/Dec/2014:02:21:42 -0500] "GET /BLA/resoluciones/Autos%202008/3031.pdf HTTP/1.1" 200 126431
201.245.192.253 - - [12/Dec/2014:02:18:53 -0500] "GET /ForestMSG_SDA/channelAsync/template_word_17081124?X-Atmosphere-tracking-id=53991fc3-e9ba-7f0f-66f2-6620c79c00ca&X-Atmosphere-Framework=1.0.5&X-Atmosphere-Transport=long-polling&tabid=0.3393159160459772&X-Cache-Date=0&Content-Type=application/xml&_=1418368790638 HTTP/1.1" 200 8193
181.188.12.195 - - [12/Dec/2014:02:22:04 -0500] "POST /xmlrpc.php HTTP/1.1" 404 1018
180.76.6.213 - - [12/Dec/2014:02:23:18 -0500] "GET /BLA/resoluciones/RESOLUCIONES%202010/2735.pdf HTTP/1.1" 200 375750
209.222.8.59 - - [12/Dec/2014:02:23:19 -0500] "GET /kmz/ HTTP/1.1" 200 4006
66.249.67.75 - - [12/Dec/2014:02:23:22 -0500] "GET /BLA/resoluciones/RESOLUCIONES%202009/5253.pdf HTTP/1.1" 200 499351
66.249.67.67 - - [12/Dec/2014:02:23:42 -0500] "GET /BLA/resoluciones/RESOLUCIONES%202011/3042.pdf HTTP/1.1" 200 708278
66.249.67.67 - - [12/Dec/2014:02:24:36 -0500] "GET /BLA/resoluciones/RESOLUCIONES%202010/5062.pdf HTTP/1.1" 200 762607
201.245.192.253 - - [12/Dec/2014:02:21:53 -0500] "GET /ForestMSG_SDA/channelAsync/template_word_17081124?X-Atmosphere-tracking-id=53991fc3-e9ba-7f0f-66f2-6620c79c00ca&X-Atmosphere-Framework=1.0.5&X-Atmosphere-Transport=long-polling&tabid=0.3393159160459772&X-Cache-Date=0&Content-Type=application/xml&_=1418368970705 HTTP/1.1" 200 8193
186.113.10.143 - - [12/Dec/2014:02:25:45 -0500] "GET /galeria/nivo-slider/demo/images/Banner-Ecourbanismo.jpg HTTP/1.1" 304 -
66.249.67.83 - - [12/Dec/2014:02:26:11 -0500] "GET /BLA/resoluciones/RESOLUCIONES%202009/9393.pdf HTTP/1.1" 200 579257
188.165.15.55 - - [12/Dec/2014:02:26:35 -0500] "GET /BLA/resoluciones/index.php?dir=RESOLUCIONES%202002/RES%202002%20501-550/&sort=name&order=asc HTTP/1.1" 200 12029
66.249.67.67 - - [12/Dec/2014:02:27:07 -0500] "GET /BLA/resoluciones/RESOLUCIONES%202011/3470.pdf HTTP/1.1" 200 540274
66.249.67.75 - - [12/Dec/2014:02:27:20 -0500] "GET /BLA/resoluciones/Autos%202008/0347.pdf HTTP/1.1" 200 283347
66.249.67.83 - - [12/Dec/2014:02:27:31 -0500] "GET /BLA/resoluciones/Autos%202008/0878.pdf HTTP/1.1" 200 120134
66.249.67.75 - - [12/Dec/2014:02:27:44 -0500] "GET /BLA/resoluciones/Autos%202008/3047.pdf HTTP/1.1" 200 65423
201.245.192.253 - - [12/Dec/2014:02:24:53 -0500] "GET /ForestMSG_SDA/channelAsync/template_word_17081124?X-Atmosphere-tracking-id=53991fc3-e9ba-7f0f-66f2-6620c79c00ca&X-Atmosphere-Framework=1.0.5&X-Atmosphere-Transport=long-polling&tabid=0.3393159160459772&X-Cache-Date=0&Content-Type=application/xml&_=1418369150753 HTTP/1.1" 200 8193
66.249.67.75 - - [12/Dec/2014:02:28:53 -0500] "GET /BLA/resoluciones/RESOLUCIONES%202007/RES%202007%204101%20AL%204200/RESOLUCION%204187%20DE%202007.pdf HTTP/1.1" 200 210465
66.249.67.83 - - [12/Dec/2014:02:29:00 -0500] "GET /BLA/resoluciones/RESOLUCIONES%202007/RES%202007%203901%20AL%204000/RESOLUCION%203995%20DE%202007.pdf HTTP/1.1" 200 730204
66.249.67.75 - - [12/Dec/2014:02:29:06 -0500] "GET /BLA/resoluciones/AUTOS%202007/1098.pdf HTTP/1.1" 200 25583
66.249.67.75 - - [12/Dec/2014:02:30:07 -0500] "GET /BLA/resoluciones/RESOLUCIONES%202010/6391.pdf HTTP/1.1" 200 492617
73.49.134.74 - - [12/Dec/2014:02:30:30 -0500] "GET /BLA/resoluciones/RESOLUCIONES%202010/2821.pdf HTTP/1.1" 200 848816
73.49.134.74 - - [12/Dec/2014:02:30:30 -0500] "GET /favicon.ico HTTP/1.1" 200 7782
73.49.134.74 - - [12/Dec/2014:02:30:30 -0500] "GET /BLA/resoluciones/RESOLUCIONES%202010/2821.pdf HTTP/1.1" 206 65536
73.49.134.74 - - [12/Dec/2014:02:30:30 -0500] "GET /BLA/resoluciones/RESOLUCIONES%202010/2821.pdf HTTP/1.1" 206 62384
73.49.134.74 - - [12/Dec/2014:02:30:31 -0500] "GET /BLA/resoluciones/RESOLUCIONES%202010/2821.pdf HTTP/1.1" 206 65536
73.49.134.74 - - [12/Dec/2014:02:30:31 -0500] "GET /BLA/resoluciones/RESOLUCIONES%202010/2821.pdf HTTP/1.1" 206 65536
73.49.134.74 - - [12/Dec/2014:02:30:31 -0500] "GET /BLA/resoluciones/RESOLUCIONES%202010/2821.pdf HTTP/1.1" 206 65536
73.49.134.74 - - [12/Dec/2014:02:30:31 -0500] "GET /BLA/resoluciones/RESOLUCIONES%202010/2821.pdf HTTP/1.1" 206 65536
73.49.134.74 - - [12/Dec/2014:02:30:31 -0500] "GET /BLA/resoluciones/RESOLUCIONES%202010/2821.pdf HTTP/1.1" 206 65536
73.49.134.74 - - [12/Dec/2014:02:30:31 -0500] "GET /BLA/resoluciones/RESOLUCIONES%202010/2821.pdf HTTP/1.1" 206 65536
73.49.134.74 - - [12/Dec/2014:02:30:32 -0500] "GET /BLA/resoluciones/RESOLUCIONES%202010/2821.pdf HTTP/1.1" 206 65536
73.49.134.74 - - [12/Dec/2014:02:30:32 -0500] "GET /BLA/resoluciones/RESOLUCIONES%202010/2821.pdf HTTP/1.1" 206 65536
73.49.134.74 - - [12/Dec/2014:02:30:32 -0500] "GET /BLA/resoluciones/RESOLUCIONES%202010/2821.pdf HTTP/1.1" 206 65536
73.49.134.74 - - [12/Dec/2014:02:30:32 -0500] "GET /BLA/resoluciones/RESOLUCIONES%202010/2821.pdf HTTP/1.1" 206 65536
73.49.134.74 - - [12/Dec/2014:02:30:32 -0500] "GET /BLA/resoluciones/RESOLUCIONES%202010/2821.pdf HTTP/1.1" 206 65536
181.61.152.52 - - [12/Dec/2014:02:30:41 -0500] "GET /galeria/nivo-slider/demo/images/BogotaSostenible.jpg HTTP/1.1" 206 1
181.61.152.52 - - [12/Dec/2014:02:30:41 -0500] "GET /galeria/nivo-slider/demo/images/Banner-GAE3.jpg HTTP/1.1" 206 1
181.61.152.52 - - [12/Dec/2014:02:30:41 -0500] "GET /galeria/nivo-slider/demo/images/Biotaxis-Man.jpg HTTP/1.1" 200 99362
181.61.152.52 - - [12/Dec/2014:02:30:41 -0500] "GET /galeria/nivo-slider/demo/images/Banner-comparendo.jpg HTTP/1.1" 206 1
181.61.152.52 - - [12/Dec/2014:02:30:41 -0500] "GET /galeria/nivo-slider/demo/images/Tingua-azul.jpg HTTP/1.1" 200 307638
181.61.152.52 - - [12/Dec/2014:02:30:41 -0500] "GET /galeria/nivo-slider/demo/images/porloshumedales.jpg HTTP/1.1" 200 351238
181.61.152.52 - - [12/Dec/2014:02:30:41 -0500] "GET /galeria/nivo-slider/demo/images/Banner-GAE3.jpg HTTP/1.1" 206 137869
181.61.152.52 - - [12/Dec/2014:02:30:41 -0500] "GET /galeria/nivo-slider/demo/images/BogotaSostenible.jpg HTTP/1.1" 206 40697
181.61.152.52 - - [12/Dec/2014:02:30:41 -0500] "GET /galeria/nivo-slider/demo/images/Banner-comparendo.jpg HTTP/1.1" 206 130616
181.61.152.52 - - [12/Dec/2014:02:30:45 -0500] "GET /galeria/nivo-slider/demo/images/Banner-Caracol-Africano.jpg HTTP/1.1" 200 331986
181.61.152.52 - - [12/Dec/2014:02:30:45 -0500] "GET /galeria/nivo-slider/demo/images/banner-redes.jpg HTTP/1.1" 200 62209
157.55.39.12 - - [12/Dec/2014:02:30:41 -0500] "GET /bla/resoluciones/resoluciones%202009/?C=S;O=D HTTP/1.1" 200 593332
157.55.39.13 - - [12/Dec/2014:02:30:45 -0500] "GET /bla/resoluciones/resoluciones%202009/?C=M;O=A HTTP/1.1" 200 593332
157.55.39.13 - - [12/Dec/2014:02:30:49 -0500] "GET /bla/resoluciones/RESOLUCIONES%202011/?C=S;O=A HTTP/1.1" 200 593331
201.245.192.253 - - [12/Dec/2014:02:27:53 -0500] "GET /ForestMSG_SDA/channelAsync/template_word_17081124?X-Atmosphere-tracking-id=53991fc3-e9ba-7f0f-66f2-6620c79c00ca&X-Atmosphere-Framework=1.0.5&X-Atmosphere-Transport=long-polling&tabid=0.3393159160459772&X-Cache-Date=0&Content-Type=application/xml&_=1418369330837 HTTP/1.1" 200 8193
180.76.5.72 - - [12/Dec/2014:02:30:56 -0500] "GET /BLA/boletinlegal/Circulares/2009/Circular%20No.%2035%20del%2024%20de%20Diciembre%20de%202009.pdf HTTP/1.1" 200 578234
157.55.39.13 - - [12/Dec/2014:02:30:53 -0500] "GET /bla/resoluciones/RESOLUCIONES%202011/?C=M;O=D HTTP/1.1" 200 593121
157.55.39.13 - - [12/Dec/2014:02:30:56 -0500] "GET /bla/resoluciones/RESOLUCIONES%202009/?C=S;O=D HTTP/1.1" 200 593332
157.55.39.13 - - [12/Dec/2014:02:31:00 -0500] "GET /bla/resoluciones/RESOLUCIONES%202009/?C=M;O=A HTTP/1.1" 200 593332
157.55.39.13 - - [12/Dec/2014:02:31:04 -0500] "GET /SQLyogTunnel.php HTTP/1.1" 404 1018
157.55.39.13 - - [12/Dec/2014:02:31:04 -0500] "GET /BLA/resoluciones/index.php?dir=RESOLUCIONES%202011/&sort=name&order=desc HTTP/1.1" 200 607332
157.55.39.13 - - [12/Dec/2014:02:31:08 -0500] "GET /BLA/resoluciones/index.php?dir=RESOLUCIONES%202011/&sort=name&order=desc HTTP/1.1" 200 607332
157.55.39.113 - - [12/Dec/2014:02:31:11 -0500] "GET /bla/resoluciones/RESOLUCIONES%202011/?C=N;O=A HTTP/1.1" 200 593121
157.55.39.13 - - [12/Dec/2014:02:31:12 -0500] "GET /BLA/resoluciones/index.php?dir=RESOLUCIONES%202011/&sort=name&order=asc HTTP/1.1" 200 607384
157.55.39.113 - - [12/Dec/2014:02:31:14 -0500] "GET /bla/resoluciones/RESOLUCIONES%202011/?C=D;O=A HTTP/1.1" 200 593121
157.55.39.18 - - [12/Dec/2014:02:31:15 -0500] "GET /BLA/resoluciones/index.php?dir=RESOLUCIONES%202010/&sort=size&order=asc HTTP/1.1" 200 672918
157.55.39.113 - - [12/Dec/2014:02:31:18 -0500] "GET /bla/resoluciones/RESOLUCIONES%202009/?C=N;O=D HTTP/1.1" 200 665285
157.55.39.18 - - [12/Dec/2014:02:31:20 -0500] "GET /BLA/resoluciones/index.php?dir=RESOLUCIONES%202010/&sort=date&order=desc HTTP/1.1" 200 607259
157.55.39.113 - - [12/Dec/2014:02:31:22 -0500] "GET /bla/resoluciones/RESOLUCIONES%202009/?C=D;O=D HTTP/1.1" 200 665285
123.125.71.108 - - [12/Dec/2014:02:31:27 -0500] "GET /BLA/resoluciones/AUTOS%202011/4017.pdf HTTP/1.1" 200 330794
157.55.39.113 - - [12/Dec/2014:02:31:26 -0500] "GET /BLA/resoluciones/index.php?dir=RESOLUCIONES%202011/&sort=size&order=asc HTTP/1.1" 200 607271
157.55.39.12 - - [12/Dec/2014:02:31:25 -0500] "GET /BLA/resoluciones/index.php?dir=RESOLUCIONES%202010/&sort=date&order=asc HTTP/1.1" 200 607274
