188.165.15.207 - - [14/Dec/2014:11:30:47 -0500] "GET /BLA/resoluciones/RESOLUCIONES%202004/RES%202004%20351-400/00000398.tif HTTP/1.1" 200 177734
180.76.6.151 - - [14/Dec/2014:11:30:53 -0500] "GET /BLA/resoluciones/RESOLUCIONES%202010/0435.pdf HTTP/1.1" 200 363972
186.28.4.48 - - [14/Dec/2014:11:30:46 -0500] "GET /BLA/resoluciones/index.php?dir=RESOLUCIONES+2011%2F HTTP/1.1" 200 660203
181.54.201.59 - - [14/Dec/2014:11:31:25 -0500] "GET /BLA/boletinlegal/js/jquery.scrollTo-min.js HTTP/1.1" 200 1150
181.54.201.59 - - [14/Dec/2014:11:31:25 -0500] "GET /BLA/boletinlegal/js/jquery.js HTTP/1.1" 200 57254
181.54.201.59 - - [14/Dec/2014:11:31:25 -0500] "GET /BLA/boletinlegal/js/jquery.scrollShow.js HTTP/1.1" 200 4586
66.249.67.67 - - [14/Dec/2014:11:31:43 -0500] "GET /BLA/resoluciones/RESOLUCIONES%202007/RES%202007%204101%20AL%204200/RESOLUCION%204198%20DE%202007.pdf HTTP/1.1" 304 -
188.165.15.98 - - [14/Dec/2014:11:31:59 -0500] "GET /BLA/resoluciones/RESOLUCIONES%202005/RES%202005%203101-3150/00003110.tif HTTP/1.1" 200 142158
181.204.168.103 - - [14/Dec/2014:11:32:02 -0500] "GET /forest/session.jsp?a=0.4272812810638762 HTTP/1.1" 200 4
190.66.126.187 - - [14/Dec/2014:11:32:46 -0500] "POST /forms/lservlet;jsessionid=ac16012b30d58ef0902967c04f0f9e78f7637e7d1e04.e3iSbxaKaheRe34Sa3yKbhiTahb0n6jAmljGr5XDqQLvpAe HTTP/1.1" 200 2
188.165.15.183 - - [14/Dec/2014:11:32:56 -0500] "GET /BLA/resoluciones/RESOLUCIONES%202002/RES%202002%201301-1350/20021339.tif HTTP/1.1" 200 100518
181.204.168.103 - - [14/Dec/2014:11:34:42 -0500] "GET /forest/session.jsp?a=0.9999888134407973 HTTP/1.1" 200 4
190.66.126.187 - - [14/Dec/2014:11:34:46 -0500] "POST /forms/lservlet;jsessionid=ac16012b30d58ef0902967c04f0f9e78f7637e7d1e04.e3iSbxaKaheRe34Sa3yKbhiTahb0n6jAmljGr5XDqQLvpAe HTTP/1.1" 200 2
157.55.39.13 - - [14/Dec/2014:11:34:44 -0500] "GET /bla/resoluciones/resoluciones%202009/?C=S;O=D HTTP/1.1" 200 593332
74.86.158.107 - - [14/Dec/2014:11:34:48 -0500] "HEAD / HTTP/1.1" 302 -
157.55.39.13 - - [14/Dec/2014:11:34:47 -0500] "GET /bla/resoluciones/resoluciones%202009/?C=M;O=A HTTP/1.1" 200 593332
157.55.39.13 - - [14/Dec/2014:11:34:51 -0500] "GET /bla/resoluciones/RESOLUCIONES%202011/?C=S;O=A HTTP/1.1" 200 593331
157.55.39.13 - - [14/Dec/2014:11:34:54 -0500] "GET /bla/resoluciones/RESOLUCIONES%202011/?C=M;O=D HTTP/1.1" 200 593121
66.249.67.83 - - [14/Dec/2014:11:34:58 -0500] "GET /BLA/resoluciones/AUTOS%202011/2888.pdf HTTP/1.1" 304 -
157.55.39.13 - - [14/Dec/2014:11:34:58 -0500] "GET /bla/resoluciones/RESOLUCIONES%202009/?C=S;O=D HTTP/1.1" 200 593332
188.165.15.130 - - [14/Dec/2014:11:35:04 -0500] "GET /BLA/resoluciones/RESOLUCIONES%202005/RES%202005%201301-1350/00001303.tif HTTP/1.1" 200 142088
157.55.39.13 - - [14/Dec/2014:11:35:01 -0500] "GET /bla/resoluciones/RESOLUCIONES%202009/?C=M;O=A HTTP/1.1" 200 593332
157.55.39.13 - - [14/Dec/2014:11:35:05 -0500] "GET /SQLyogTunnel.php HTTP/1.1" 404 1018
157.55.39.13 - - [14/Dec/2014:11:35:05 -0500] "GET /BLA/resoluciones/index.php?dir=RESOLUCIONES%202011/&sort=name&order=desc HTTP/1.1" 200 607332
157.55.39.13 - - [14/Dec/2014:11:35:08 -0500] "GET /BLA/resoluciones/index.php?dir=RESOLUCIONES%202011/&sort=name&order=desc HTTP/1.1" 200 607332
157.55.39.12 - - [14/Dec/2014:11:35:11 -0500] "GET /BLA/resoluciones/index.php?dir=RESOLUCIONES%202011/&sort=name&order=asc HTTP/1.1" 200 607384
157.55.39.240 - - [14/Dec/2014:11:35:14 -0500] "GET /bla/resoluciones/RESOLUCIONES%202011/?C=M;O=A HTTP/1.1" 200 665283
157.55.39.241 - - [14/Dec/2014:11:35:17 -0500] "GET /auntentica.txt HTTP/1.1" 404 1018
157.55.39.241 - - [14/Dec/2014:11:35:17 -0500] "GET /BLA/resoluciones/index.php?dir=RESOLUCIONES+2013%2F HTTP/1.1" 200 121905
157.55.39.12 - - [14/Dec/2014:11:35:14 -0500] "GET /BLA/resoluciones/index.php?dir=RESOLUCIONES%202010/&sort=size&order=asc HTTP/1.1" 200 607236
157.55.39.241 - - [14/Dec/2014:11:35:18 -0500] "GET /BLA/resoluciones/index.php?dir=RESOLUCIONES+2008%2F HTTP/1.1" 200 672851
157.55.39.12 - - [14/Dec/2014:11:35:18 -0500] "GET /BLA/resoluciones/index.php?dir=RESOLUCIONES%202010/&sort=date&order=desc HTTP/1.1" 200 607259
157.55.39.217 - - [14/Dec/2014:11:35:23 -0500] "GET /robots.txt HTTP/1.1" 404 1018
157.55.39.241 - - [14/Dec/2014:11:35:21 -0500] "GET /BLA/resoluciones/index.php?dir=RESOLUCIONES%202011/&sort=size&order=desc HTTP/1.1" 200 660202
157.55.39.241 - - [14/Dec/2014:11:35:25 -0500] "GET /BLA/resoluciones/index.php?dir=RESOLUCIONES%202007/RES%202007%203801%20AL%203900/&sort=date&order=asc HTTP/1.1" 200 26637
157.55.39.12 - - [14/Dec/2014:11:35:22 -0500] "GET /BLA/resoluciones/index.php?dir=RESOLUCIONES%202010/&sort=date&order=asc HTTP/1.1" 200 656492
157.55.39.241 - - [14/Dec/2014:11:35:25 -0500] "GET /BLA/resoluciones/Resoluciones%202011/?C=M;O=A HTTP/1.1" 200 609157
157.55.39.12 - - [14/Dec/2014:11:35:28 -0500] "GET /BLA/resoluciones/index.php?dir=RESOLUCIONES%202008/&sort=size&order=asc HTTP/1.1" 200 607301
157.55.39.241 - - [14/Dec/2014:11:35:28 -0500] "GET /BLA/resoluciones/RESOLUCIONES%202010/?C=N;O=D HTTP/1.1" 200 593332
157.55.39.12 - - [14/Dec/2014:11:35:31 -0500] "GET /BLA/resoluciones/index.php?dir=RESOLUCIONES%202008/&sort=date&order=asc HTTP/1.1" 200 607241
157.55.39.241 - - [14/Dec/2014:11:35:32 -0500] "GET /BLA/resoluciones/RESOLUCIONES%202009/?C=S;O=A HTTP/1.1" 200 665284
157.55.39.113 - - [14/Dec/2014:11:35:34 -0500] "GET /bla/resoluciones/RESOLUCIONES%202011/?C=N;O=A HTTP/1.1" 200 593121
157.55.39.12 - - [14/Dec/2014:11:35:35 -0500] "GET /BLA/resoluciones/Resoluciones%202011/?C=S;O=A HTTP/1.1" 200 593331
157.55.39.240 - - [14/Dec/2014:11:35:36 -0500] "GET /BLA/resoluciones/RESOLUCIONES%202008/?C=N;O=A HTTP/1.1" 200 665282
157.55.39.113 - - [14/Dec/2014:11:35:37 -0500] "GET /bla/resoluciones/RESOLUCIONES%202011/?C=D;O=A HTTP/1.1" 200 593121
157.55.39.13 - - [14/Dec/2014:11:35:38 -0500] "GET /BLA/resoluciones/Resoluciones%202011/?C=M;O=D HTTP/1.1" 200 593121
157.55.39.240 - - [14/Dec/2014:11:35:39 -0500] "GET /BLA/resoluciones/RESOLUCIONES%202008/?C=D;O=A HTTP/1.1" 200 665282
157.55.39.240 - - [14/Dec/2014:11:35:43 -0500] "GET /BLA/resoluciones/RESOLUCIONES%202007/RES%202007%20801%20AL%20900/?C=N;O=A HTTP/1.1" 200 24767
89.188.144.9 - - [14/Dec/2014:11:35:44 -0500] "GET /test/wp-admin/ HTTP/1.1" 404 1018
157.55.39.240 - - [14/Dec/2014:11:35:43 -0500] "GET /BLA/resoluciones/RESOLUCIONES%202007/RES%202007%204201%20AL%204300/?C=D;O=A HTTP/1.1" 200 24544
157.55.39.240 - - [14/Dec/2014:11:35:44 -0500] "GET /BLA/resoluciones/RESOLUCIONES%202007/RES%202007%201401%20AL%201500/?C=N;O=D HTTP/1.1" 200 24777
157.55.39.113 - - [14/Dec/2014:11:35:41 -0500] "GET /bla/resoluciones/RESOLUCIONES%202009/?C=N;O=D HTTP/1.1" 200 601141
157.55.39.13 - - [14/Dec/2014:11:35:42 -0500] "GET /BLA/resoluciones/RESOLUCIONES%202010/?C=D;O=A HTTP/1.1" 200 593332
157.55.39.240 - - [14/Dec/2014:11:35:44 -0500] "GET /BLA/resoluciones/AUTOS%202011/?C=S;O=A HTTP/1.1" 200 609354
157.55.39.113 - - [14/Dec/2014:11:35:45 -0500] "GET /bla/resoluciones/RESOLUCIONES%202009/?C=D;O=D HTTP/1.1" 200 593123
157.55.39.240 - - [14/Dec/2014:11:35:47 -0500] "GET /BLA/resoluciones/AUTOS%202011/?C=M;O=D HTTP/1.1" 200 665443
157.55.39.113 - - [14/Dec/2014:11:35:48 -0500] "GET /BLA/resoluciones/index.php?dir=RESOLUCIONES%202011/&sort=size&order=asc HTTP/1.1" 200 607271
157.55.39.240 - - [14/Dec/2014:11:35:51 -0500] "GET /BLA/resoluciones/AUTOS%202009/?C=M;O=A HTTP/1.1" 200 508670
157.55.39.113 - - [14/Dec/2014:11:35:52 -0500] "GET /BLA/resoluciones/index.php?dir=RESOLUCIONES%202011/&sort=date&order=asc HTTP/1.1" 200 607392
157.55.39.113 - - [14/Dec/2014:11:35:55 -0500] "GET /BLA/resoluciones/index.php?dir=RESOLUCIONES%202012/&sort=date&order=asc HTTP/1.1" 200 130695
157.55.39.240 - - [14/Dec/2014:11:35:54 -0500] "GET /BLA/resoluciones/AUTOS%202007/?C=M;O=A HTTP/1.1" 200 609354
157.55.39.113 - - [14/Dec/2014:11:35:56 -0500] "GET /BLA/resoluciones/index.php?dir=RESOLUCIONES%202011/&sort=date&order=asc HTTP/1.1" 200 607392
157.55.39.113 - - [14/Dec/2014:11:35:59 -0500] "GET /BLA/resoluciones/index.php?dir=RESOLUCIONES%202010/&sort=size&order=desc HTTP/1.1" 200 607440
157.55.39.113 - - [14/Dec/2014:11:36:04 -0500] "GET /BLA/resoluciones/index.php?dir=AUTOS+2012%2F HTTP/1.1" 200 196244
157.55.39.113 - - [14/Dec/2014:11:36:03 -0500] "GET /BLA/resoluciones/index.php?dir=RESOLUCIONES%202010/&sort=name&order=asc HTTP/1.1" 200 607298
157.55.39.113 - - [14/Dec/2014:11:36:05 -0500] "GET /BLA/resoluciones/index.php?dir=AUTOS+2009%2F HTTP/1.1" 200 393165
157.55.39.113 - - [14/Dec/2014:11:36:07 -0500] "GET /BLA/resoluciones/Resoluciones%202011/?C=D;O=A HTTP/1.1" 200 649247
157.55.39.113 - - [14/Dec/2014:11:36:06 -0500] "GET /BLA/resoluciones/Resoluciones%202011/?C=N;O=A HTTP/1.1" 200 593121
157.55.39.240 - - [14/Dec/2014:11:36:11 -0500] "GET /BLA/boletinlegal/norma_menu.php HTTP/1.1" 200 5286
157.55.39.240 - - [14/Dec/2014:11:36:11 -0500] "GET /videos/galeria-fotografica/index14.html HTTP/1.1" 200 1971
157.55.39.240 - - [14/Dec/2014:11:36:11 -0500] "GET /up_options.php HTTP/1.1" 404 1018
157.55.39.113 - - [14/Dec/2014:11:36:09 -0500] "GET /BLA/resoluciones/RESOLUCIONES%202010/?C=S;O=A HTTP/1.1" 200 593332
157.55.39.113 - - [14/Dec/2014:11:36:10 -0500] "GET /BLA/resoluciones/RESOLUCIONES%202010/?C=M;O=D HTTP/1.1" 200 593332
157.55.39.113 - - [14/Dec/2014:11:36:13 -0500] "GET /BLA/resoluciones/RESOLUCIONES%202009/?C=N;O=D HTTP/1.1" 200 593123
157.55.39.113 - - [14/Dec/2014:11:36:14 -0500] "GET /BLA/resoluciones/RESOLUCIONES%202009/?C=D;O=D HTTP/1.1" 200 593123
157.55.39.12 - - [14/Dec/2014:11:36:15 -0500] "GET /BLA/resoluciones/RESOLUCIONES%202009/?C=M;O=A HTTP/1.1" 200 593332
157.55.39.113 - - [14/Dec/2014:11:36:17 -0500] "GET /BLA/resoluciones/RESOLUCIONES%202008/?C=S;O=D HTTP/1.1" 200 592914
157.55.39.12 - - [14/Dec/2014:11:36:18 -0500] "GET /BLA/resoluciones/RESOLUCIONES%202008/?C=N;O=D HTTP/1.1" 200 593209
157.55.39.12 - - [14/Dec/2014:11:36:22 -0500] "GET /BLA/resoluciones/RESOLUCIONES%202007/RES%202007%20901%20AL%201000/?C=D;O=A HTTP/1.1" 200 24769
157.55.39.12 - - [14/Dec/2014:11:36:23 -0500] "GET /BLA/resoluciones/RESOLUCIONES%202007/RES%202007%203401%20AL%203500/?C=S;O=A HTTP/1.1" 200 24547
157.55.39.12 - - [14/Dec/2014:11:36:23 -0500] "GET /BLA/resoluciones/RESOLUCIONES%202007/RES%202007%203401%20AL%203500/?C=M;O=D HTTP/1.1" 200 24547
157.55.39.12 - - [14/Dec/2014:11:36:23 -0500] "GET /BLA/resoluciones/RESOLUCIONES%202007/RES%202007%201101%20AL%201200/?C=D;O=A HTTP/1.1" 200 24771
157.55.39.113 - - [14/Dec/2014:11:36:21 -0500] "GET /BLA/resoluciones/RESOLUCIONES%202008/?C=M;O=A HTTP/1.1" 200 593120
157.55.39.113 - - [14/Dec/2014:11:36:25 -0500] "GET /BLA/resoluciones/RESOLUCIONES%202007/RES%202007%204201%20AL%204300/?C=M;O=A HTTP/1.1" 200 24544
157.55.39.113 - - [14/Dec/2014:11:36:26 -0500] "GET /BLA/resoluciones/RESOLUCIONES%202007/RES%202007%20201%20AL%20300/?C=M;O=D HTTP/1.1" 200 25246
157.55.39.113 - - [14/Dec/2014:11:36:26 -0500] "GET /BLA/resoluciones/RESOLUCIONES%202007/RES%202007%201401%20AL%201500/?C=S;O=A HTTP/1.1" 200 24777
157.55.39.12 - - [14/Dec/2014:11:36:23 -0500] "GET /BLA/resoluciones/Autos%202008/?C=N;O=A HTTP/1.1" 200 601336
157.55.39.113 - - [14/Dec/2014:11:36:26 -0500] "GET /BLA/resoluciones/Autos%202008/?C=S;O=A HTTP/1.1" 200 609354
157.55.39.12 - - [14/Dec/2014:11:36:26 -0500] "GET /BLA/resoluciones/Autos%202008/?C=D;O=A HTTP/1.1" 200 593318
157.55.39.113 - - [14/Dec/2014:11:36:29 -0500] "GET /BLA/resoluciones/Autos%202008/?C=M;O=D HTTP/1.1" 200 593318
157.55.39.12 - - [14/Dec/2014:11:36:30 -0500] "GET /BLA/resoluciones/AUTOS%202009/?C=S;O=A HTTP/1.1" 200 508670
157.55.39.12 - - [14/Dec/2014:11:36:33 -0500] "GET /BLA/resoluciones/AUTOS%202007/?C=M;O=D HTTP/1.1" 200 601336
157.55.39.13 - - [14/Dec/2014:11:36:36 -0500] "GET /videos/galeria-fotografica/index7.html HTTP/1.1" 200 1971
157.55.39.13 - - [14/Dec/2014:11:36:33 -0500] "GET /BLA/resoluciones/AUTOS%202007/?C=S;O=A HTTP/1.1" 200 593318
157.55.39.113 - - [14/Dec/2014:11:36:33 -0500] "GET /BLA/resoluciones/AUTOS%202011/?C=N;O=D HTTP/1.1" 200 593318
157.55.39.13 - - [14/Dec/2014:11:36:36 -0500] "GET /index_xampp.php HTTP/1.1" 404 1018
157.55.39.13 - - [14/Dec/2014:11:36:36 -0500] "GET /stormWeb/ HTTP/1.1" 200 12136
157.55.39.13 - - [14/Dec/2014:11:36:36 -0500] "GET /contentflow.js HTTP/1.1" 404 1018
157.55.39.13 - - [14/Dec/2014:11:36:37 -0500] "GET /bla/resoluciones/resoluciones%202011/?C=S;O=A HTTP/1.1" 200 593331
157.55.39.13 - - [14/Dec/2014:11:36:37 -0500] "GET /bla/resoluciones/resoluciones%202011/ HTTP/1.1" 200 593121
157.55.39.217 - - [14/Dec/2014:11:36:37 -0500] "GET /bla/resoluciones/resoluciones%202010/ HTTP/1.1" 200 593332
157.55.39.13 - - [14/Dec/2014:11:36:40 -0500] "GET /bla/resoluciones/resoluciones%202010/?C=N;O=A HTTP/1.1" 200 593332
157.55.39.217 - - [14/Dec/2014:11:36:41 -0500] "GET /bla/resoluciones/resoluciones%202009/?C=N;O=A HTTP/1.1" 200 593331
190.66.126.187 - - [14/Dec/2014:11:36:46 -0500] "POST /forms/lservlet;jsessionid=ac16012b30d58ef0902967c04f0f9e78f7637e7d1e04.e3iSbxaKaheRe34Sa3yKbhiTahb0n6jAmljGr5XDqQLvpAe HTTP/1.1" 200 2
157.55.39.217 - - [14/Dec/2014:11:36:45 -0500] "GET /bla/resoluciones/autos%202010/?C=S;O=A HTTP/1.1" 200 276783
157.55.39.217 - - [14/Dec/2014:11:36:47 -0500] "GET /bla/resoluciones/RESOLUCIONES%202011/?C=N;O=D HTTP/1.1" 200 601140
157.55.39.217 - - [14/Dec/2014:11:36:50 -0500] "GET /bla/resoluciones/RESOLUCIONES%202011/?C=D;O=D HTTP/1.1" 200 593122
157.55.39.217 - - [14/Dec/2014:11:36:53 -0500] "GET /bla/resoluciones/RESOLUCIONES%202009/?C=N;O=A HTTP/1.1" 200 593331
190.66.126.187 - - [14/Dec/2014:11:36:59 -0500] "POST /forms/lservlet;jsessionid=ac16012b30d58ef0902967c04f0f9e78f7637e7d1e04.e3iSbxaKaheRe34Sa3yKbhiTahb0n6jAmljGr5XDqQLvpAe HTTP/1.1" 200 133
157.55.39.217 - - [14/Dec/2014:11:36:57 -0500] "GET /bla/resoluciones/RESOLUCIONES%202009/?C=D;O=A HTTP/1.1" 200 593331
157.55.39.217 - - [14/Dec/2014:11:37:01 -0500] "GET /BLA/resoluciones/index.php?dir=RESOLUCIONES+2010%2F HTTP/1.1" 200 607298
157.55.39.217 - - [14/Dec/2014:11:37:04 -0500] "GET /BLA/resoluciones/index.php?dir=RESOLUCIONES+2007%2F HTTP/1.1" 200 12504
157.55.39.217 - - [14/Dec/2014:11:37:04 -0500] "GET /BLA/resoluciones/index.php?dir=RESOLUCIONES%202010/&sort=name&order=desc HTTP/1.1" 200 607263
190.66.126.187 - - [14/Dec/2014:11:37:10 -0500] "POST /forms/lservlet;jsessionid=ac16012b30d58ef0902967c04f0f9e78f7637e7d1e04.e3iSbxaKaheRe34Sa3yKbhiTahb0n6jAmljGr5XDqQLvpAe HTTP/1.1" 200 70
157.55.39.113 - - [14/Dec/2014:11:37:08 -0500] "GET /BLA/resoluciones/AUTOS%202011/?C=D;O=D HTTP/1.1" 200 537192
157.55.39.217 - - [14/Dec/2014:11:37:09 -0500] "GET /BLA/resoluciones/index.php?dir=RESOLUCIONES%202008/&sort=name&order=desc HTTP/1.1" 200 607266
66.249.67.83 - - [14/Dec/2014:11:37:13 -0500] "GET /BLA/resoluciones/RESOLUCIONES%202009/9188.pdf HTTP/1.1" 304 -
157.55.39.113 - - [14/Dec/2014:11:37:11 -0500] "GET /BLA/resoluciones/AUTOS%202009/?C=D;O=A HTTP/1.1" 200 508670
157.55.39.217 - - [14/Dec/2014:11:37:12 -0500] "GET /BLA/resoluciones/Resoluciones%202011/?C=N;O=D HTTP/1.1" 200 665283
157.55.39.113 - - [14/Dec/2014:11:37:15 -0500] "GET /BLA/resoluciones/AUTOS%202007/?C=N;O=A HTTP/1.1" 200 593318
157.55.39.218 - - [14/Dec/2014:11:37:16 -0500] "GET /BLA/resoluciones/RESOLUCIONES%202010/?C=S;O=D HTTP/1.1" 200 593332
157.55.39.218 - - [14/Dec/2014:11:37:16 -0500] "GET /BLA/resoluciones/RESOLUCIONES%202010/?C=M;O=A HTTP/1.1" 200 593332
157.55.39.113 - - [14/Dec/2014:11:37:18 -0500] "GET /BLA/resoluciones/AUTOS%202007/?C=D;O=A HTTP/1.1" 200 593318
157.55.39.224 - - [14/Dec/2014:11:37:19 -0500] "GET /BLA/resoluciones/RESOLUCIONES%202009/?C=N;O=A HTTP/1.1" 200 593331
157.55.39.224 - - [14/Dec/2014:11:37:20 -0500] "GET /BLA/resoluciones/RESOLUCIONES%202009/?C=D;O=A HTTP/1.1" 200 593331
157.55.39.217 - - [14/Dec/2014:11:37:23 -0500] "GET /BLA/resoluciones/RESOLUCIONES%202008/?C=S;O=A HTTP/1.1" 200 665155
157.55.39.217 - - [14/Dec/2014:11:37:24 -0500] "GET /BLA/resoluciones/RESOLUCIONES%202008/?C=M;O=D HTTP/1.1" 200 593209
157.55.39.217 - - [14/Dec/2014:11:37:27 -0500] "GET /BLA/resoluciones/RESOLUCIONES%202007/RES%202007%204201%20AL%204300/?C=S;O=A HTTP/1.1" 200 24544
157.55.39.217 - - [14/Dec/2014:11:37:28 -0500] "GET /BLA/resoluciones/RESOLUCIONES%202007/RES%202007%20301%20AL%20400/?C=S;O=A HTTP/1.1" 200 24527
157.55.39.217 - - [14/Dec/2014:11:37:28 -0500] "GET /BLA/resoluciones/RESOLUCIONES%202007/RES%202007%20201%20AL%20300/?C=M;O=A HTTP/1.1" 200 25246
157.55.39.217 - - [14/Dec/2014:11:37:29 -0500] "GET /BLA/resoluciones/RESOLUCIONES%202007/RES%202007%201401%20AL%201500/?C=M;O=A HTTP/1.1" 200 24777
157.55.39.217 - - [14/Dec/2014:11:37:29 -0500] "GET /BLA/resoluciones/RESOLUCIONES%202007/RES%202007%201101%20AL%201200/?C=S;O=D HTTP/1.1" 200 24771
157.55.39.217 - - [14/Dec/2014:11:37:29 -0500] "GET /BLA/resoluciones/RESOLUCIONES%202007/RES%202007%201001%20AL%201100/?C=S;O=A HTTP/1.1" 200 24771
157.55.39.113 - - [14/Dec/2014:11:37:27 -0500] "GET /bla/resoluciones/resoluciones%202011/?C=N;O=A HTTP/1.1" 200 593121
157.55.39.217 - - [14/Dec/2014:11:37:29 -0500] "GET /BLA/resoluciones/Autos%202008/?C=S;O=D HTTP/1.1" 200 593318
157.55.39.113 - - [14/Dec/2014:11:37:31 -0500] "GET /bla/resoluciones/resoluciones%202010/?C=S;O=A HTTP/1.1" 200 593332
157.55.39.217 - - [14/Dec/2014:11:37:33 -0500] "GET /BLA/resoluciones/Autos%202008/?C=M;O=A HTTP/1.1" 200 593318
157.55.39.113 - - [14/Dec/2014:11:37:35 -0500] "GET /bla/resoluciones/resoluciones%202010/?C=M;O=D HTTP/1.1" 200 593332
157.55.39.217 - - [14/Dec/2014:11:37:36 -0500] "GET /BLA/resoluciones/AUTOS%202011/?C=D;O=A HTTP/1.1" 200 593318
157.55.39.217 - - [14/Dec/2014:11:37:44 -0500] "GET /BLA/resoluciones/AUTOS%202007/?C=N;O=D HTTP/1.1" 200 593318
157.55.39.217 - - [14/Dec/2014:11:37:47 -0500] "GET /BLA/resoluciones/AUTOS%202007/?C=D;O=D HTTP/1.1" 200 593318
157.55.39.217 - - [14/Dec/2014:11:37:51 -0500] "GET /BLA/resoluciones/Resoluciones%202011/?C=D;O=D HTTP/1.1" 200 593122
190.66.126.187 - - [14/Dec/2014:11:37:54 -0500] "POST /forms/lservlet;jsessionid=ac16012b30d58ef0902967c04f0f9e78f7637e7d1e04.e3iSbxaKaheRe34Sa3yKbhiTahb0n6jAmljGr5XDqQLvpAe HTTP/1.1" 200 2015
190.66.126.187 - - [14/Dec/2014:11:37:54 -0500] "POST /forms/lservlet;jsessionid=ac16012b30d58ef0902967c04f0f9e78f7637e7d1e04.e3iSbxaKaheRe34Sa3yKbhiTahb0n6jAmljGr5XDqQLvpAe HTTP/1.1" 200 78
157.55.39.217 - - [14/Dec/2014:11:37:54 -0500] "GET /bla/resoluciones/resoluciones%202009/?C=D;O=A HTTP/1.1" 200 593331
190.66.126.187 - - [14/Dec/2014:11:37:57 -0500] "POST /forms/lservlet;jsessionid=ac16012b30d58ef0902967c04f0f9e78f7637e7d1e04.e3iSbxaKaheRe34Sa3yKbhiTahb0n6jAmljGr5XDqQLvpAe HTTP/1.1" 200 34756
157.55.39.217 - - [14/Dec/2014:11:37:54 -0500] "GET /bla/resoluciones/resoluciones%202011/?C=N;O=D HTTP/1.1" 200 593122
190.66.126.187 - - [14/Dec/2014:11:37:58 -0500] "GET /imagenes/listval.gif HTTP/1.1" 200 905
190.66.126.187 - - [14/Dec/2014:11:37:58 -0500] "POST /forms/lservlet;jsessionid=ac16012b30d58ef0902967c04f0f9e78f7637e7d1e04.e3iSbxaKaheRe34Sa3yKbhiTahb0n6jAmljGr5XDqQLvpAe HTTP/1.1" 200 7
190.66.126.187 - - [14/Dec/2014:11:37:58 -0500] "POST /forms/lservlet;jsessionid=ac16012b30d58ef0902967c04f0f9e78f7637e7d1e04.e3iSbxaKaheRe34Sa3yKbhiTahb0n6jAmljGr5XDqQLvpAe HTTP/1.1" 200 34
190.66.126.187 - - [14/Dec/2014:11:37:58 -0500] "POST /forms/lservlet;jsessionid=ac16012b30d58ef0902967c04f0f9e78f7637e7d1e04.e3iSbxaKaheRe34Sa3yKbhiTahb0n6jAmljGr5XDqQLvpAe HTTP/1.1" 200 2
190.66.126.187 - - [14/Dec/2014:11:38:00 -0500] "POST /forms/lservlet;jsessionid=ac16012b30d58ef0902967c04f0f9e78f7637e7d1e04.e3iSbxaKaheRe34Sa3yKbhiTahb0n6jAmljGr5XDqQLvpAe HTTP/1.1" 200 610
157.55.39.217 - - [14/Dec/2014:11:37:58 -0500] "GET /bla/resoluciones/resoluciones%202010/?C=M;O=A HTTP/1.1" 200 593332
190.66.126.187 - - [14/Dec/2014:11:38:11 -0500] "POST /forms/lservlet;jsessionid=ac16012b30d58ef0902967c04f0f9e78f7637e7d1e04.e3iSbxaKaheRe34Sa3yKbhiTahb0n6jAmljGr5XDqQLvpAe HTTP/1.1" 200 26
190.66.126.187 - - [14/Dec/2014:11:38:12 -0500] "POST /forms/lservlet;jsessionid=ac16012b30d58ef0902967c04f0f9e78f7637e7d1e04.e3iSbxaKaheRe34Sa3yKbhiTahb0n6jAmljGr5XDqQLvpAe HTTP/1.1" 200 4119
190.66.126.187 - - [14/Dec/2014:11:38:12 -0500] "POST /forms/lservlet;jsessionid=ac16012b30d58ef0902967c04f0f9e78f7637e7d1e04.e3iSbxaKaheRe34Sa3yKbhiTahb0n6jAmljGr5XDqQLvpAe HTTP/1.1" 200 2
66.249.67.83 - - [14/Dec/2014:11:38:14 -0500] "GET /BLA/resoluciones/RESOLUCIONES%202014/0882.pdf HTTP/1.1" 304 -
186.85.59.98 - - [14/Dec/2014:11:38:19 -0500] "GET /Report2/login.do HTTP/1.1" 200 4338
186.85.59.98 - - [14/Dec/2014:11:38:19 -0500] "GET /favicon.ico HTTP/1.1" 200 7782
186.85.59.98 - - [14/Dec/2014:11:38:36 -0500] "POST /Report2/login.do;jsessionid=47342E1BA44147E467C7045E2DC61B8B HTTP/1.1" 200 14506
186.85.59.98 - - [14/Dec/2014:11:38:37 -0500] "GET /Report2/parameter?action=listRpts HTTP/1.1" 200 16331
186.85.59.98 - - [14/Dec/2014:11:38:42 -0500] "GET /Report2/parameter?action=parametersReportMDX&id_rpt=17&currentTab=tab_presentacion HTTP/1.1" 200 6578
186.85.59.98 - - [14/Dec/2014:11:38:46 -0500] "POST /Report2/parameter?action=runReportMDX&json=true&listdep=nit&id_rpt=17&param_partNomauto=e HTTP/1.1" 200 589
186.85.59.98 - - [14/Dec/2014:11:38:46 -0500] "POST /Report2/parameter?action=runReportMDX&json=true&listdep=nit&id_rpt=17&param_partNomauto=et HTTP/1.1" 200 593
190.66.126.187 - - [14/Dec/2014:11:38:47 -0500] "POST /forms/lservlet;jsessionid=ac16012b30d58ef0902967c04f0f9e78f7637e7d1e04.e3iSbxaKaheRe34Sa3yKbhiTahb0n6jAmljGr5XDqQLvpAe HTTP/1.1" 200 2
186.85.59.98 - - [14/Dec/2014:11:38:48 -0500] "POST /Report2/parameter?action=runReportMDX&json=true&listdep=nit&id_rpt=17&param_partNomauto=e HTTP/1.1" 200 589
186.85.59.98 - - [14/Dec/2014:11:38:50 -0500] "POST /Report2/parameter?action=runReportMDX&json=true&listdep=nit&id_rpt=17&param_partNomauto=te HTTP/1.1" 200 612
186.85.59.98 - - [14/Dec/2014:11:38:50 -0500] "POST /Report2/parameter?action=runReportMDX&json=true&listdep=nit&id_rpt=17&param_partNomauto=tel HTTP/1.1" 200 170
186.85.59.98 - - [14/Dec/2014:11:38:55 -0500] "GET /Report2/parameter?action=runReportMDX&json=true&listdep=informe&id_rpt=17&param_nit=267 HTTP/1.1" 200 464
74.86.158.107 - - [14/Dec/2014:11:39:48 -0500] "HEAD / HTTP/1.1" 302 -
186.85.59.98 - - [14/Dec/2014:11:40:30 -0500] "GET /Report2/parameter?action=runReportMDX&json=true&listdep=FecBal&id_rpt=17&param_informe=1&param_nit=267 HTTP/1.1" 200 87
186.85.59.98 - - [14/Dec/2014:11:40:33 -0500] "GET /Report2/parameter?action=runReportMDX&json=true&listdep=formato&id_rpt=17&param_informe=1&param_nit=267&param_FecBal=2012-12-31 HTTP/1.1" 200 140
186.85.59.98 - - [14/Dec/2014:11:40:38 -0500] "POST /Report2/rptManage.jsp?migracion=111 HTTP/1.1" 200 618
186.85.59.98 - - [14/Dec/2014:11:40:38 -0500] "GET /Report2/loading.jsp?migracion=111&id_rpt=17&currentTab=tab_29369&rnd=0.4126039069073162 HTTP/1.1" 200 2734
186.85.59.98 - - [14/Dec/2014:11:40:38 -0500] "GET /Report2/rpt.jsp?migracion=111&id_rpt=17&currentTab=tab_29369&rnd=0.8766688732501561 HTTP/1.1" 200 13699
186.85.59.98 - - [14/Dec/2014:11:40:39 -0500] "GET /Report2/serviceListados.jsp?queryId=rpt/infxidC&informe=1&a=0.7645171671174467 HTTP/1.1" 200 235
186.85.59.98 - - [14/Dec/2014:11:40:39 -0500] "GET /Report2/serviceListados.jsp?queryId=rpt/entidadxidC&nit=267&a=0.9176247748546302 HTTP/1.1" 200 239
186.85.59.98 - - [14/Dec/2014:11:40:40 -0500] "POST /Report2/infReportada.jsp?rdmMapa=760570 HTTP/1.1" 200 110377
186.85.59.98 - - [14/Dec/2014:11:40:42 -0500] "GET /Report2/parameter?action=parametersReportMDX&id_rpt=17&currentTab=tab_presentacion HTTP/1.1" 200 6578
186.85.59.98 - - [14/Dec/2014:11:40:45 -0500] "POST /Report2/parameter?action=runReportMDX&json=true&listdep=nit&id_rpt=17&param_partNomauto=2 HTTP/1.1" 200 567
186.85.59.98 - - [14/Dec/2014:11:40:46 -0500] "POST /Report2/parameter?action=runReportMDX&json=true&listdep=nit&id_rpt=17&param_partNomauto=267 HTTP/1.1" 200 65
190.66.126.187 - - [14/Dec/2014:11:40:47 -0500] "POST /forms/lservlet;jsessionid=ac16012b30d58ef0902967c04f0f9e78f7637e7d1e04.e3iSbxaKaheRe34Sa3yKbhiTahb0n6jAmljGr5XDqQLvpAe HTTP/1.1" 200 2
186.85.59.98 - - [14/Dec/2014:11:40:47 -0500] "GET /Report2/parameter?action=runReportMDX&json=true&listdep=informe&id_rpt=17&param_nit=267 HTTP/1.1" 200 464
66.249.67.103 - - [14/Dec/2014:11:41:02 -0500] "GET /portalsiaccapacitaciones/Listas%20de%20Asistencia%202014/Lista%20de%20Asistencia%20Sesi%C3%B3n%2011.%20Educaci%C3%B3n%20Ambiental%2021-10-14.pdf HTTP/1.1" 200 1353284
66.249.67.67 - - [14/Dec/2014:11:41:29 -0500] "GET /BLA/resoluciones/RESOLUCIONES%202011/5794.pdf HTTP/1.1" 304 -
190.27.64.113 - - [14/Dec/2014:11:42:14 -0500] "GET /BLA/resoluciones/AUTOS%202007/0806.pdf HTTP/1.1" 200 105114
201.184.141.150 - - [14/Dec/2014:11:42:30 -0500] "GET /BLA/boletinlegal/js/jquery.scrollShow.js HTTP/1.1" 200 4586
201.184.141.150 - - [14/Dec/2014:11:42:30 -0500] "GET /BLA/boletinlegal/js/jquery.scrollTo-min.js HTTP/1.1" 200 1150
201.184.141.150 - - [14/Dec/2014:11:42:30 -0500] "GET /BLA/boletinlegal/js/jquery.js HTTP/1.1" 200 57254
188.165.15.224 - - [14/Dec/2014:11:42:40 -0500] "GET /BLA/resoluciones/index.php?dir=RESOLUCIONES+2010%2F HTTP/1.1" 200 869945
190.66.126.187 - - [14/Dec/2014:11:42:47 -0500] "POST /forms/lservlet;jsessionid=ac16012b30d58ef0902967c04f0f9e78f7637e7d1e04.e3iSbxaKaheRe34Sa3yKbhiTahb0n6jAmljGr5XDqQLvpAe HTTP/1.1" 200 2
186.28.4.48 - - [14/Dec/2014:11:43:20 -0500] "GET /BLA/resoluciones/ HTTP/1.1" 200 6952
186.28.4.48 - - [14/Dec/2014:11:43:24 -0500] "GET /BLA/resoluciones/index.php?dir=RESOLUCIONES+2010%2F HTTP/1.1" 200 1284744
66.249.67.75 - - [14/Dec/2014:11:43:56 -0500] "GET /BLA/resoluciones/index.php?dir=RESOLUCIONES%202004/RES%202004%20251-300/&sort=name&order=desc HTTP/1.1" 200 12043
186.28.4.48 - - [14/Dec/2014:11:44:02 -0500] "GET /BLA/resoluciones/RESOLUCIONES%202010/6374.pdf HTTP/1.1" 200 3507342
186.28.4.48 - - [14/Dec/2014:11:44:02 -0500] "GET /BLA/resoluciones/RESOLUCIONES%202010/6374.pdf HTTP/1.1" 206 32768
186.28.4.48 - - [14/Dec/2014:11:44:03 -0500] "GET /BLA/resoluciones/RESOLUCIONES%202010/6374.pdf HTTP/1.1" 206 3474574
190.66.126.187 - - [14/Dec/2014:11:44:47 -0500] "POST /forms/lservlet;jsessionid=ac16012b30d58ef0902967c04f0f9e78f7637e7d1e04.e3iSbxaKaheRe34Sa3yKbhiTahb0n6jAmljGr5XDqQLvpAe HTTP/1.1" 200 2
74.86.158.107 - - [14/Dec/2014:11:44:48 -0500] "HEAD / HTTP/1.1" 302 -
66.249.67.75 - - [14/Dec/2014:11:44:51 -0500] "GET /BLA/resoluciones/RESOLUCIONES%202011/0201.pdf HTTP/1.1" 304 -
191.64.107.220 - - [14/Dec/2014:11:45:00 -0500] "GET /isolucionsda/ HTTP/1.1" 200 739
191.64.107.220 - - [14/Dec/2014:11:45:02 -0500] "GET /isolucionsda/IdentificaUsuario.asp?Pagina1=FrameSetGeneral.asp& HTTP/1.1" 200 4997
191.64.107.220 - - [14/Dec/2014:11:45:04 -0500] "POST /isolucionsda/IdentificaUsuario.asp?Pagina1=FrameSetGeneral.asp& HTTP/1.1" 302 173
191.64.107.220 - - [14/Dec/2014:11:45:05 -0500] "GET /isolucionsda/FrameSetGeneral.asp?Pagina1=FrameSetGeneral.asp& HTTP/1.1" 200 6613
191.64.107.220 - - [14/Dec/2014:11:45:05 -0500] "GET /isolucionsda/Encabezado.asp?Pagina1=FrameSetGeneral.asp&&Pagina=MagazinHome.asp HTTP/1.1" 200 15388
191.64.107.220 - - [14/Dec/2014:11:45:05 -0500] "GET /isolucionsda/BarraTitulos.asp?Pagina1=FrameSetGeneral.asp&&Pagina=MagazinHome.asp HTTP/1.1" 200 6972
191.64.107.220 - - [14/Dec/2014:11:45:05 -0500] "GET /isolucionsda/Session.asp?Continue=1 HTTP/1.1" 200 -
191.64.107.220 - - [14/Dec/2014:11:45:05 -0500] "GET /isolucionsda/BarraFavoritos.asp HTTP/1.1" 200 911
191.64.107.220 - - [14/Dec/2014:11:45:05 -0500] "GET /isolucionsda/Session.asp?Continue=1 HTTP/1.1" 200 6324
191.64.107.220 - - [14/Dec/2014:11:45:06 -0500] "GET /isolucionsda/g/Img_LogoIcono.jpg HTTP/1.1" 200 7870
191.64.107.220 - - [14/Dec/2014:11:45:06 -0500] "GET /isolucionsda/g/Bgr_BarraInferior.jpg HTTP/1.1" 200 398
191.64.107.220 - - [14/Dec/2014:11:45:05 -0500] "GET /isolucionsda/MagazinHome.asp HTTP/1.1" 200 27531
191.64.107.220 - - [14/Dec/2014:11:45:06 -0500] "GET /isolucionsda/g/Bgr_Destacado3399CC.jpg HTTP/1.1" 404 5217
191.64.107.220 - - [14/Dec/2014:11:45:06 -0500] "GET /isolucionsda/TareasSFRedirect.asp HTTP/1.1" 302 195
191.64.107.220 - - [14/Dec/2014:11:45:07 -0500] "GET /isolucionsda/g/Bot_MejoramientoOver_ESP.jpg HTTP/1.1" 200 6165
191.64.107.220 - - [14/Dec/2014:11:45:07 -0500] "GET /isolucionsda/FrameSetGeneral.asp?Pagina=Menu.asp&IdModulo=7 HTTP/1.1" 200 6583
191.64.107.220 - - [14/Dec/2014:11:45:07 -0500] "GET /isolucionsda/Encabezado.asp?Pagina=Menu.asp&IdModulo=7 HTTP/1.1" 200 15389
191.64.107.220 - - [14/Dec/2014:11:45:07 -0500] "GET /isolucionsda/BarraTitulos.asp?Pagina=Menu.asp&IdModulo=7 HTTP/1.1" 200 6993
191.64.107.220 - - [14/Dec/2014:11:45:07 -0500] "GET /isolucionsda/Session.asp?Continue=1 HTTP/1.1" 200 -
191.64.107.220 - - [14/Dec/2014:11:45:07 -0500] "GET /isolucionsda/BarraFavoritos.asp HTTP/1.1" 200 911
191.64.107.220 - - [14/Dec/2014:11:45:07 -0500] "GET /isolucionsda/Session.asp?Continue=1 HTTP/1.1" 200 6324
180.76.6.130 - - [14/Dec/2014:11:45:08 -0500] "GET /dama/libreria/php/decide.php?patron=03.1305020113&numm=31 HTTP/1.1" 404 1019
191.64.107.220 - - [14/Dec/2014:11:45:07 -0500] "GET /isolucionsda/Menu.asp?Pagina=Menu.asp&IdModulo=7 HTTP/1.1" 200 29697
191.64.107.220 - - [14/Dec/2014:11:45:08 -0500] "GET /isolucionsda/g/MenuIcono/ico_mejcont.jpg HTTP/1.1" 200 1403
191.64.107.220 - - [14/Dec/2014:11:45:08 -0500] "GET /isolucionsda/g/Img_BordeTitulo01.jpg HTTP/1.1" 200 444
191.64.107.220 - - [14/Dec/2014:11:45:08 -0500] "GET /isolucionsda/g/Img_BordeTitulo02.jpg HTTP/1.1" 200 451
191.64.107.220 - - [14/Dec/2014:11:45:07 -0500] "GET /isolucionsda/Login.aspx?TARGET=SFContainerFiltrado.aspx&number=55545548545465514555 HTTP/1.1" 302 886
220.181.108.140 - - [14/Dec/2014:11:45:11 -0500] "GET /BLA/boletinlegal/js/jquery.scrollTo-min.js HTTP/1.1" 200 1150
186.155.133.8 - - [14/Dec/2014:11:45:13 -0500] "GET /galeria/nivo-slider/demo/images/Tingua-azul.jpg HTTP/1.1" 206 1
186.155.133.8 - - [14/Dec/2014:11:45:13 -0500] "GET /galeria/nivo-slider/demo/images/Banner-Caracol-Africano.jpg HTTP/1.1" 206 1
186.155.133.8 - - [14/Dec/2014:11:45:13 -0500] "GET /galeria/nivo-slider/demo/images/banner-caballos.png HTTP/1.1" 206 1
186.155.133.8 - - [14/Dec/2014:11:45:13 -0500] "GET /galeria/nivo-slider/demo/images/Hacienda_Molinos.jpg HTTP/1.1" 200 319171
186.155.133.8 - - [14/Dec/2014:11:45:13 -0500] "GET /galeria/nivo-slider/demo/images/Tingua-azul.jpg HTTP/1.1" 206 96512
186.155.133.8 - - [14/Dec/2014:11:45:13 -0500] "GET /galeria/nivo-slider/demo/images/Banner-Caracol-Africano.jpg HTTP/1.1" 206 6060
186.155.133.8 - - [14/Dec/2014:11:45:13 -0500] "GET /galeria/nivo-slider/demo/images/banner-caballos.png HTTP/1.1" 206 110780
186.155.133.8 - - [14/Dec/2014:11:45:14 -0500] "GET /galeria/nivo-slider/demo/images/Tingua-azul.jpg HTTP/1.1" 206 1
186.155.133.8 - - [14/Dec/2014:11:45:14 -0500] "GET /galeria/nivo-slider/demo/images/banner-caballos.png HTTP/1.1" 206 1
186.155.133.8 - - [14/Dec/2014:11:45:14 -0500] "GET /galeria/nivo-slider/demo/images/Hacienda_Molinos.jpg HTTP/1.1" 206 1
186.155.133.8 - - [14/Dec/2014:11:45:14 -0500] "GET /galeria/nivo-slider/demo/images/Tingua-azul.jpg HTTP/1.1" 206 47842
186.155.133.8 - - [14/Dec/2014:11:45:14 -0500] "GET /galeria/nivo-slider/demo/images/banner-caballos.png HTTP/1.1" 206 78909
186.155.133.8 - - [14/Dec/2014:11:45:14 -0500] "GET /galeria/nivo-slider/demo/images/Hacienda_Molinos.jpg HTTP/1.1" 206 270446
89.188.144.9 - - [14/Dec/2014:11:45:16 -0500] "GET /wordpress/wp-admin/ HTTP/1.1" 404 1018
186.155.133.8 - - [14/Dec/2014:11:45:17 -0500] "GET /galeria/nivo-slider/themes/default/arrows.png HTTP/1.1" 200 824
186.155.133.8 - - [14/Dec/2014:11:45:17 -0500] "GET /galeria/nivo-slider/themes/default/bullets.png HTTP/1.1" 200 1281
186.155.133.8 - - [14/Dec/2014:11:45:18 -0500] "GET /videos/Spot_CambioClimatico.flv HTTP/1.1" 206 1
186.155.133.8 - - [14/Dec/2014:11:45:18 -0500] "GET /videos/Spot_CambioClimatico.flv HTTP/1.1" 206 4215394
192.168.171.107 - - [14/Dec/2014:11:45:27 -0500] "GET /BLA/resoluciones/ HTTP/1.1" 200 6952
192.168.171.107 - - [14/Dec/2014:11:45:29 -0500] "GET /BLA/resoluciones/index.php?dir=RESOLUCIONES+2007%2F HTTP/1.1" 200 12504
192.168.171.107 - - [14/Dec/2014:11:45:34 -0500] "GET /BLA/resoluciones/index.php?dir=RESOLUCIONES+2007%2FRES+2007+201+AL+300%2F HTTP/1.1" 200 27110
191.64.107.220 - - [14/Dec/2014:11:45:36 -0500] "GET /isolucionsda/FrameSetGeneral.asp?Pagina=FiltroNoConformidades.asp&CodTipoNoConf=6&EsAbierta=1&ConMenu=NO HTTP/1.1" 200 6735
191.64.107.220 - - [14/Dec/2014:11:45:36 -0500] "GET /isolucionsda/Encabezado.asp?Pagina=FiltroNoConformidades.asp&CodTipoNoConf=6&EsAbierta=1&ConMenu=NO HTTP/1.1" 200 15364
191.64.107.220 - - [14/Dec/2014:11:45:36 -0500] "GET /isolucionsda/BarraTitulos.asp?Pagina=FiltroNoConformidades.asp&CodTipoNoConf=6&EsAbierta=1&ConMenu=NO HTTP/1.1" 200 6993
191.64.107.220 - - [14/Dec/2014:11:45:36 -0500] "GET /isolucionsda/BarraFavoritos.asp HTTP/1.1" 200 911
191.64.107.220 - - [14/Dec/2014:11:45:36 -0500] "GET /isolucionsda/Session.asp?Continue=1 HTTP/1.1" 200 6324
191.64.107.220 - - [14/Dec/2014:11:45:36 -0500] "GET /isolucionsda/FiltroNoConformidades.asp?Pagina=FiltroNoConformidades.asp&CodTipoNoConf=6&EsAbierta=1&ConMenu=NO HTTP/1.1" 200 50803
191.64.107.220 - - [14/Dec/2014:11:45:37 -0500] "GET /isolucionsda/g/buscar.gif HTTP/1.1" 200 753
191.64.107.220 - - [14/Dec/2014:11:45:37 -0500] "GET /isolucionsda/stylesheet/stylesheet.css HTTP/1.1" 200 22894
191.64.107.220 - - [14/Dec/2014:11:45:41 -0500] "GET /isolucionsda/Jerarquia.asp?Tabla=Proceso&Form=Filtro&CampoDisplay=CodProcesoDisplayObjetoProceso&CampoHidden=CodProceso&bSubmit=True&items= HTTP/1.1" 200 10594
191.64.107.220 - - [14/Dec/2014:11:45:41 -0500] "GET /isolucionsda/StyleSheet/Stylesheet.css HTTP/1.1" 200 3373
191.64.107.220 - - [14/Dec/2014:11:45:44 -0500] "POST /isolucionsda/Jerarquia.asp HTTP/1.1" 200 8124
191.64.107.220 - - [14/Dec/2014:11:45:44 -0500] "POST /isolucionsda/FiltroNoConformidades.asp?Usuario= HTTP/1.1" 200 49822
192.168.171.107 - - [14/Dec/2014:11:45:46 -0500] "GET /BLA/resoluciones/RESOLUCIONES%202007/RES%202007%20201%20AL%20300/RESOLUCION%200288%20DE%202007.pdf HTTP/1.1" 200 340658
191.64.107.220 - - [14/Dec/2014:11:45:57 -0500] "GET /isolucionsda/JavaScript/Validaciones.js HTTP/1.1" 200 2940
191.64.107.220 - - [14/Dec/2014:11:45:54 -0500] "GET /isolucionsda/NoConformidadISOlucion.asp?Id_NoConformidad=391&CodtipoNoConf=6 HTTP/1.1" 200 43253
190.27.64.113 - - [14/Dec/2014:11:46:07 -0500] "GET /BLA/resoluciones/RESOLUCIONES%202007/RES%202007%201301%20AL%201400/RESOLUCION%201306%20DE%202007.pdf HTTP/1.1" 200 211137
181.69.217.144 - - [14/Dec/2014:11:46:08 -0500] "GET /BLA/boletinlegal/style.css HTTP/1.1" 200 9406
181.69.217.144 - - [14/Dec/2014:11:46:08 -0500] "GET /BLA/boletinlegal/styles2.css HTTP/1.1" 200 1838
181.69.217.144 - - [14/Dec/2014:11:46:09 -0500] "GET /BLA/boletinlegal/images/cabezote%20BLEGAL.jpg HTTP/1.1" 200 118164
181.69.217.144 - - [14/Dec/2014:11:46:09 -0500] "GET /BLA/boletinlegal/images/nuevo.gif HTTP/1.1" 200 26475
181.69.217.144 - - [14/Dec/2014:11:46:09 -0500] "GET /BLA/boletinlegal/images/historia.png HTTP/1.1" 200 52775
181.69.217.144 - - [14/Dec/2014:11:46:10 -0500] "GET /BLA/boletinlegal/images/subscribe-icon-big.png HTTP/1.1" 200 47702
181.69.217.144 - - [14/Dec/2014:11:46:10 -0500] "GET /BLA/boletinlegal/images/arr_l.jpg HTTP/1.1" 200 1979
181.69.217.144 - - [14/Dec/2014:11:46:11 -0500] "GET /BLA/boletinlegal/images/body_bg.jpg HTTP/1.1" 200 1601
181.69.217.144 - - [14/Dec/2014:11:46:11 -0500] "GET /BLA/boletinlegal/images/menu_lft.gif HTTP/1.1" 200 1713
181.69.217.144 - - [14/Dec/2014:11:46:12 -0500] "GET /BLA/boletinlegal/images/menu_rght.gif HTTP/1.1" 200 1627
181.69.217.144 - - [14/Dec/2014:11:46:13 -0500] "GET /BLA/boletinlegal/images/bg_top.jpg HTTP/1.1" 200 522
181.69.217.144 - - [14/Dec/2014:11:46:13 -0500] "GET /BLA/boletinlegal/images/menu_bg.jpg HTTP/1.1" 200 620
181.69.217.144 - - [14/Dec/2014:11:46:13 -0500] "GET /BLA/boletinlegal/images/screen_3.png HTTP/1.1" 200 211853
181.69.217.144 - - [14/Dec/2014:11:46:14 -0500] "GET /BLA/boletinlegal/images/screen_2.png HTTP/1.1" 200 362502
181.69.217.144 - - [14/Dec/2014:11:46:14 -0500] "GET /BLA/boletinlegal/images/text.jpg HTTP/1.1" 200 568
181.69.217.144 - - [14/Dec/2014:11:46:14 -0500] "GET /BLA/boletinlegal/images/screen_5.png HTTP/1.1" 200 368876
181.69.217.144 - - [14/Dec/2014:11:46:15 -0500] "GET /BLA/boletinlegal/images/footer_bg.jpg HTTP/1.1" 200 586
181.69.217.144 - - [14/Dec/2014:11:46:16 -0500] "GET /BLA/boletinlegal/actos.php HTTP/1.1" 200 7534
181.69.217.144 - - [14/Dec/2014:11:46:16 -0500] "GET /BLA/boletinlegal/images/arr_r.jpg HTTP/1.1" 200 1998
181.69.217.144 - - [14/Dec/2014:11:46:17 -0500] "GET /BLA/boletinlegal/js/ajax_actos.js HTTP/1.1" 200 1322
181.69.217.144 - - [14/Dec/2014:11:46:17 -0500] "GET /BLA/boletinlegal/niceforms-default.css HTTP/1.1" 200 6694
181.69.217.144 - - [14/Dec/2014:11:46:17 -0500] "GET /BLA/boletinlegal/niceforms.js HTTP/1.1" 200 22876
181.69.217.144 - - [14/Dec/2014:11:46:18 -0500] "GET /BLA/boletinlegal/js/lib.js HTTP/1.1" 200 6474
181.69.217.144 - - [14/Dec/2014:11:46:18 -0500] "GET /BLA/boletinlegal/js/popup.js HTTP/1.1" 200 1270
181.69.217.144 - - [14/Dec/2014:11:46:18 -0500] "GET /BLA/boletinlegal/images/green-yellow-blue-pink-th.png HTTP/1.1" 200 7394
181.69.217.144 - - [14/Dec/2014:11:46:18 -0500] "GET /BLA/boletinlegal/js/jquery1.js HTTP/1.1" 200 29846
181.69.217.144 - - [14/Dec/2014:11:46:19 -0500] "GET /BLA/boletinlegal/images/abajo.png HTTP/1.1" 200 96676
181.69.217.144 - - [14/Dec/2014:11:46:21 -0500] "GET /BLA/boletinlegal/images/hover.jpg HTTP/1.1" 200 640
181.69.217.144 - - [14/Dec/2014:11:46:21 -0500] "GET /BLA/boletinlegal/images/footer_bg_l.jpg HTTP/1.1" 200 776
181.69.217.144 - - [14/Dec/2014:11:46:21 -0500] "GET /BLA/boletinlegal/img/0.png HTTP/1.1" 200 110
181.69.217.144 - - [14/Dec/2014:11:46:21 -0500] "GET /BLA/boletinlegal/img/button-right.png HTTP/1.1" 200 57878
181.69.217.144 - - [14/Dec/2014:11:46:21 -0500] "GET /BLA/boletinlegal/img/button.png HTTP/1.1" 200 43241
181.69.217.144 - - [14/Dec/2014:11:46:21 -0500] "GET /BLA/boletinlegal/img/button-left.png HTTP/1.1" 200 57071
181.69.217.144 - - [14/Dec/2014:11:46:21 -0500] "GET /BLA/boletinlegal/img/select-left.png HTTP/1.1" 200 263
181.69.217.144 - - [14/Dec/2014:11:46:22 -0500] "GET /BLA/boletinlegal/img/select-right.png HTTP/1.1" 200 44019
181.69.217.144 - - [14/Dec/2014:11:46:23 -0500] "GET /favicon.ico HTTP/1.1" 200 7782
181.69.217.144 - - [14/Dec/2014:11:46:23 -0500] "GET /BLA/resoluciones/ HTTP/1.1" 200 6952
181.69.217.144 - - [14/Dec/2014:11:46:24 -0500] "GET /BLA/resoluciones/dlf/styles.css HTTP/1.1" 200 3049
181.69.217.144 - - [14/Dec/2014:11:46:24 -0500] "GET /BLA/resoluciones/dlf/folder.png HTTP/1.1" 200 410
181.69.217.144 - - [14/Dec/2014:11:46:24 -0500] "GET /BLA/resoluciones/dlf/bg.gif HTTP/1.1" 200 54
190.27.64.113 - - [14/Dec/2014:11:46:25 -0500] "GET /BLA/resoluciones/RESOLUCIONES%202007/RES%202007%201401%20AL%201500/RESOLUCION%201419%20DE%202007.pdf HTTP/1.1" 200 208417
181.69.217.144 - - [14/Dec/2014:11:46:27 -0500] "GET /BLA/resoluciones/index.php?dir=RESOLUCIONES+2006%2F HTTP/1.1" 200 16103
181.69.217.144 - - [14/Dec/2014:11:46:27 -0500] "GET /BLA/resoluciones/dlf/dirup.png HTTP/1.1" 200 644
181.69.217.144 - - [14/Dec/2014:11:46:07 -0500] "GET /BLA/boletinlegal/ HTTP/1.1" 200 28058
181.69.217.144 - - [14/Dec/2014:11:46:39 -0500] "GET /BLA/resoluciones/index.php?dir=RESOLUCIONES+2006%2FRES+2006+801-850%2F HTTP/1.1" 200 12230
181.69.217.144 - - [14/Dec/2014:11:46:40 -0500] "GET /BLA/resoluciones/dlf/unknown.png HTTP/1.1" 200 266
181.69.217.144 - - [14/Dec/2014:11:46:43 -0500] "HEAD /BLA/resoluciones/index.php?dir=RESOLUCIONES+2006%2FRES+2006+801-850%2F HTTP/1.1" 200 -
181.69.217.144 - - [14/Dec/2014:11:46:43 -0500] "GET /BLA/resoluciones/index.php?dir=RESOLUCIONES+2006%2FRES+2006+801-850%2F HTTP/1.1" 200 12230
190.66.126.187 - - [14/Dec/2014:11:46:47 -0500] "POST /forms/lservlet;jsessionid=ac16012b30d58ef0902967c04f0f9e78f7637e7d1e04.e3iSbxaKaheRe34Sa3yKbhiTahb0n6jAmljGr5XDqQLvpAe HTTP/1.1" 200 2
181.69.217.144 - - [14/Dec/2014:11:46:48 -0500] "GET /BLA/resoluciones/RESOLUCIONES%202006/RES%202006%20801-850/00000847.tif HTTP/1.1" 200 255160
181.69.217.144 - - [14/Dec/2014:11:46:14 -0500] "HEAD /BLA/boletinlegal/ HTTP/1.1" 200 -
186.46.66.16 - - [14/Dec/2014:11:46:56 -0500] "GET /BLA/boletinlegal/js/jquery.js HTTP/1.1" 200 57254
186.46.66.16 - - [14/Dec/2014:11:46:56 -0500] "GET /BLA/boletinlegal/js/jquery.scrollTo-min.js HTTP/1.1" 200 1150
186.46.66.16 - - [14/Dec/2014:11:46:56 -0500] "GET /BLA/boletinlegal/js/jquery.scrollShow.js HTTP/1.1" 200 4586
157.55.39.13 - - [14/Dec/2014:11:47:02 -0500] "GET /galeria/carrusel/Carrusel/jquery-ui-1.8.13.custom.min.js HTTP/1.1" 200 10800
181.69.217.144 - - [14/Dec/2014:11:47:11 -0500] "GET /BLA/resoluciones/RESOLUCIONES%202006/RES%202006%20801-850/00000847.tif HTTP/1.1" 200 255160
157.55.39.241 - - [14/Dec/2014:11:47:17 -0500] "GET /galeria/carrusel/Carrusel/jquery.thumbnailScroller.css HTTP/1.1" 200 2066
157.55.39.241 - - [14/Dec/2014:11:47:18 -0500] "GET /galeria/nivo-slider/demo/demo.html HTTP/1.1" 200 3252
188.165.15.183 - - [14/Dec/2014:11:47:33 -0500] "GET /BLA/resoluciones/RESOLUCIONES%202005/RES%202005%201201-1250/00001248.tif HTTP/1.1" 200 158152
202.46.63.74 - - [14/Dec/2014:11:48:11 -0500] "GET / HTTP/1.1" 302 -
66.249.67.83 - - [14/Dec/2014:11:48:13 -0500] "GET /BLA/resoluciones/RESOLUCIONES%202009/2656.pdf HTTP/1.1" 200 669655
188.165.15.231 - - [14/Dec/2014:11:48:16 -0500] "GET /BLA/resoluciones/RESOLUCIONES%202002/RES%202002%201051-1100/00001091.tif HTTP/1.1" 200 77408
188.165.15.98 - - [14/Dec/2014:11:48:22 -0500] "GET /BLA/resoluciones/RESOLUCIONES%202003/RES%202003%20901-950/942.tif HTTP/1.1" 200 338152
186.82.78.180 - - [14/Dec/2014:11:48:26 -0500] "GET /forms/frmservlet?config=sia HTTP/1.0" 200 4022
186.82.78.180 - - [14/Dec/2014:11:48:34 -0500] "GET /forms/java/frmall_jinit.jar HTTP/1.1" 304 -
186.82.78.180 - - [14/Dec/2014:11:48:35 -0500] "GET /forms/java/icons.jar HTTP/1.1" 304 -
186.82.78.180 - - [14/Dec/2014:11:48:35 -0500] "GET /forms/java/java/awt/KeyboardFocusManager.class HTTP/1.0" 404 352
186.82.78.180 - - [14/Dec/2014:11:48:36 -0500] "GET /forms/java/java/awt/KeyboardFocusManager.class HTTP/1.1" 404 352
186.82.78.180 - - [14/Dec/2014:11:48:37 -0500] "GET /forms/java/java/awt/event/MouseWheelListener.class HTTP/1.0" 404 356
186.82.78.180 - - [14/Dec/2014:11:48:37 -0500] "GET /forms/java/java/awt/event/MouseWheelListener.class HTTP/1.1" 404 356
186.82.78.180 - - [14/Dec/2014:11:48:38 -0500] "GET /forms/java/oracle/forms/registry/Registry.dat HTTP/1.1" 200 4213
186.82.78.180 - - [14/Dec/2014:11:48:38 -0500] "GET /forms/java/oracle/forms/registry/default.dat HTTP/1.1" 404 350
186.82.78.180 - - [14/Dec/2014:11:48:38 -0500] "GET /forms/frmservlet?config=sia&acceptLanguage=en&ifcmd=startsession HTTP/1.1" 200 119
186.82.78.180 - - [14/Dec/2014:11:48:38 -0500] "GET /forms/lservlet;jsessionid=ac16012b30d5575b0064f0874eb5bb74e35f82ec96b4.e3iSbxaKaheRe34Sa3yKbhiTahb0n6jAmljGr5XDqQLvpAe?ifcmd=getinfo&ifhost=desktop&ifip=192.168.0.10 HTTP/1.1" 200 8
119.63.193.130 - - [14/Dec/2014:11:48:38 -0500] "GET / HTTP/1.1" 302 -
186.82.78.180 - - [14/Dec/2014:11:48:38 -0500] "POST /forms/lservlet;jsessionid=ac16012b30d5575b0064f0874eb5bb74e35f82ec96b4.e3iSbxaKaheRe34Sa3yKbhiTahb0n6jAmljGr5XDqQLvpAe HTTP/1.1" 200 8
186.82.78.180 - - [14/Dec/2014:11:48:38 -0500] "GET /forms/java/oracle/forms/engine/RunformBundle_es_CO.class HTTP/1.0" 404 362
186.82.78.180 - - [14/Dec/2014:11:48:39 -0500] "GET /forms/java/oracle/forms/engine/RunformBundle_es_CO.class HTTP/1.1" 404 362
186.82.78.180 - - [14/Dec/2014:11:48:39 -0500] "GET /forms/java/oracle/forms/engine/RunformBundle_es_CO.properties HTTP/1.1" 404 367
186.82.78.180 - - [14/Dec/2014:11:48:39 -0500] "POST /forms/lservlet;jsessionid=ac16012b30d5575b0064f0874eb5bb74e35f82ec96b4.e3iSbxaKaheRe34Sa3yKbhiTahb0n6jAmljGr5XDqQLvpAe HTTP/1.1" 200 64000
186.82.78.180 - - [14/Dec/2014:11:48:40 -0500] "POST /forms/lservlet;jsessionid=ac16012b30d5575b0064f0874eb5bb74e35f82ec96b4.e3iSbxaKaheRe34Sa3yKbhiTahb0n6jAmljGr5XDqQLvpAe HTTP/1.1" 200 64000
186.82.78.180 - - [14/Dec/2014:11:48:40 -0500] "POST /forms/lservlet;jsessionid=ac16012b30d5575b0064f0874eb5bb74e35f82ec96b4.e3iSbxaKaheRe34Sa3yKbhiTahb0n6jAmljGr5XDqQLvpAe HTTP/1.1" 200 63623
186.82.78.180 - - [14/Dec/2014:11:48:42 -0500] "HEAD /imagenes/dama_logo.gif HTTP/1.1" 200 -
186.82.78.180 - - [14/Dec/2014:11:48:42 -0500] "GET /imagenes/dama_logo.gif HTTP/1.1" 200 21482
186.82.78.180 - - [14/Dec/2014:11:48:43 -0500] "POST /forms/lservlet;jsessionid=ac16012b30d5575b0064f0874eb5bb74e35f82ec96b4.e3iSbxaKaheRe34Sa3yKbhiTahb0n6jAmljGr5XDqQLvpAe HTTP/1.1" 200 2
190.66.126.187 - - [14/Dec/2014:11:48:47 -0500] "POST /forms/lservlet;jsessionid=ac16012b30d58ef0902967c04f0f9e78f7637e7d1e04.e3iSbxaKaheRe34Sa3yKbhiTahb0n6jAmljGr5XDqQLvpAe HTTP/1.1" 200 2
186.82.78.180 - - [14/Dec/2014:11:49:00 -0500] "POST /forms/lservlet;jsessionid=ac16012b30d5575b0064f0874eb5bb74e35f82ec96b4.e3iSbxaKaheRe34Sa3yKbhiTahb0n6jAmljGr5XDqQLvpAe HTTP/1.1" 200 7993
186.82.78.180 - - [14/Dec/2014:11:49:02 -0500] "POST /forms/lservlet;jsessionid=ac16012b30d5575b0064f0874eb5bb74e35f82ec96b4.e3iSbxaKaheRe34Sa3yKbhiTahb0n6jAmljGr5XDqQLvpAe HTTP/1.1" 200 64
186.82.78.180 - - [14/Dec/2014:11:49:02 -0500] "POST /forms/lservlet;jsessionid=ac16012b30d5575b0064f0874eb5bb74e35f82ec96b4.e3iSbxaKaheRe34Sa3yKbhiTahb0n6jAmljGr5XDqQLvpAe HTTP/1.1" 200 2
186.82.78.180 - - [14/Dec/2014:11:49:03 -0500] "POST /forms/lservlet;jsessionid=ac16012b30d5575b0064f0874eb5bb74e35f82ec96b4.e3iSbxaKaheRe34Sa3yKbhiTahb0n6jAmljGr5XDqQLvpAe HTTP/1.1" 200 2
186.82.78.180 - - [14/Dec/2014:11:49:03 -0500] "POST /forms/lservlet;jsessionid=ac16012b30d5575b0064f0874eb5bb74e35f82ec96b4.e3iSbxaKaheRe34Sa3yKbhiTahb0n6jAmljGr5XDqQLvpAe HTTP/1.1" 200 2
186.28.4.48 - - [14/Dec/2014:11:49:04 -0500] "GET /BLA/resoluciones/RESOLUCIONES%202010/6373.pdf HTTP/1.1" 200 3436636
186.28.4.48 - - [14/Dec/2014:11:49:05 -0500] "GET /BLA/resoluciones/RESOLUCIONES%202010/6373.pdf HTTP/1.1" 206 32768
186.28.4.48 - - [14/Dec/2014:11:49:05 -0500] "GET /BLA/resoluciones/RESOLUCIONES%202010/6373.pdf HTTP/1.1" 206 3403868
186.82.78.180 - - [14/Dec/2014:11:49:08 -0500] "POST /forms/lservlet;jsessionid=ac16012b30d5575b0064f0874eb5bb74e35f82ec96b4.e3iSbxaKaheRe34Sa3yKbhiTahb0n6jAmljGr5XDqQLvpAe HTTP/1.1" 200 34711
186.82.78.180 - - [14/Dec/2014:11:49:12 -0500] "GET /imagenes/listval.gif HTTP/1.1" 200 905
186.82.78.180 - - [14/Dec/2014:11:49:13 -0500] "GET /imagenes/tree1.gif HTTP/1.1" 200 1161
186.82.78.180 - - [14/Dec/2014:11:49:13 -0500] "GET /imagenes/CAMERA3.gif HTTP/1.1" 200 4150
186.82.78.180 - - [14/Dec/2014:11:49:13 -0500] "GET /imagenes/SLIDE1.gif HTTP/1.1" 200 1111
186.82.78.180 - - [14/Dec/2014:11:49:13 -0500] "GET /imagenes/flexcomb.gif HTTP/1.1" 200 1169
186.82.78.180 - - [14/Dec/2014:11:49:13 -0500] "GET /imagenes/GO.gif HTTP/1.1" 200 904
186.82.78.180 - - [14/Dec/2014:11:49:13 -0500] "GET /imagenes/HRTOOLS.gif HTTP/1.1" 200 2238
186.82.78.180 - - [14/Dec/2014:11:49:13 -0500] "GET /imagenes/rt_rec1.gif HTTP/1.1" 200 867
186.82.78.180 - - [14/Dec/2014:11:49:13 -0500] "GET /imagenes/apply.gif HTTP/1.1" 200 903
186.82.78.180 - - [14/Dec/2014:11:49:13 -0500] "GET /imagenes/exit.gif HTTP/1.1" 200 916
186.82.78.180 - - [14/Dec/2014:11:49:13 -0500] "GET /imagenes/LISTVAL.gif HTTP/1.1" 200 905
186.82.78.180 - - [14/Dec/2014:11:49:13 -0500] "GET /imagenes/edit.gif HTTP/1.1" 200 919
186.82.78.180 - - [14/Dec/2014:11:49:13 -0500] "GET /imagenes/rt_rec4.gif HTTP/1.1" 200 865
186.82.78.180 - - [14/Dec/2014:11:49:13 -0500] "GET /imagenes/rt_rec3.gif HTTP/1.1" 200 844
186.82.78.180 - - [14/Dec/2014:11:49:13 -0500] "GET /imagenes/rt_rec2.gif HTTP/1.1" 200 847
186.82.78.180 - - [14/Dec/2014:11:49:13 -0500] "GET /imagenes/rt_rdel.gif HTTP/1.1" 200 899
186.82.78.180 - - [14/Dec/2014:11:49:13 -0500] "GET /imagenes/rt_radd.gif HTTP/1.1" 200 907
186.82.78.180 - - [14/Dec/2014:11:49:13 -0500] "GET /imagenes/rt_quer3.gif HTTP/1.1" 200 939
186.82.78.180 - - [14/Dec/2014:11:49:13 -0500] "GET /imagenes/rt_quer2.gif HTTP/1.1" 200 936
186.82.78.180 - - [14/Dec/2014:11:49:13 -0500] "GET /imagenes/rt_quer1.gif HTTP/1.1" 200 930
186.82.78.180 - - [14/Dec/2014:11:49:13 -0500] "GET /imagenes/rt_save.gif HTTP/1.1" 200 903
186.82.78.180 - - [14/Dec/2014:11:49:13 -0500] "GET /imagenes/rt_pset.gif HTTP/1.1" 200 914
186.82.78.180 - - [14/Dec/2014:11:49:14 -0500] "GET /imagenes/QUEJA.gif HTTP/1.1" 200 1091
186.82.78.180 - - [14/Dec/2014:11:49:14 -0500] "GET /imagenes/ARBOL.gif HTTP/1.1" 200 1026
186.82.78.180 - - [14/Dec/2014:11:49:14 -0500] "GET /imagenes/Clipboard.gif HTTP/1.1" 200 1466
186.82.78.180 - - [14/Dec/2014:11:49:14 -0500] "GET /imagenes/DINERO.gif HTTP/1.1" 200 1766
186.82.78.180 - - [14/Dec/2014:11:49:14 -0500] "GET /imagenes/URGENTE.gif HTTP/1.1" 200 964
186.82.78.180 - - [14/Dec/2014:11:49:14 -0500] "GET /imagenes/TREE4.gif HTTP/1.1" 200 4150
186.82.78.180 - - [14/Dec/2014:11:49:14 -0500] "POST /forms/lservlet;jsessionid=ac16012b30d5575b0064f0874eb5bb74e35f82ec96b4.e3iSbxaKaheRe34Sa3yKbhiTahb0n6jAmljGr5XDqQLvpAe HTTP/1.1" 200 7
186.82.78.180 - - [14/Dec/2014:11:49:14 -0500] "POST /forms/lservlet;jsessionid=ac16012b30d5575b0064f0874eb5bb74e35f82ec96b4.e3iSbxaKaheRe34Sa3yKbhiTahb0n6jAmljGr5XDqQLvpAe HTTP/1.1" 200 34
186.82.78.180 - - [14/Dec/2014:11:49:14 -0500] "POST /forms/lservlet;jsessionid=ac16012b30d5575b0064f0874eb5bb74e35f82ec96b4.e3iSbxaKaheRe34Sa3yKbhiTahb0n6jAmljGr5XDqQLvpAe HTTP/1.1" 200 2
186.82.78.180 - - [14/Dec/2014:11:49:17 -0500] "POST /forms/lservlet;jsessionid=ac16012b30d5575b0064f0874eb5bb74e35f82ec96b4.e3iSbxaKaheRe34Sa3yKbhiTahb0n6jAmljGr5XDqQLvpAe HTTP/1.1" 200 2
186.82.78.180 - - [14/Dec/2014:11:49:17 -0500] "POST /forms/lservlet;jsessionid=ac16012b30d5575b0064f0874eb5bb74e35f82ec96b4.e3iSbxaKaheRe34Sa3yKbhiTahb0n6jAmljGr5XDqQLvpAe HTTP/1.1" 200 699
