186.82.78.180 - - [14/Dec/2014:11:49:18 -0500] "GET /imagenes/Srch_frw.gif HTTP/1.1" 200 925
186.82.78.180 - - [14/Dec/2014:11:49:18 -0500] "POST /forms/lservlet;jsessionid=ac16012b30d5575b0064f0874eb5bb74e35f82ec96b4.e3iSbxaKaheRe34Sa3yKbhiTahb0n6jAmljGr5XDqQLvpAe HTTP/1.1" 200 10
186.82.78.180 - - [14/Dec/2014:11:49:25 -0500] "POST /forms/lservlet;jsessionid=ac16012b30d5575b0064f0874eb5bb74e35f82ec96b4.e3iSbxaKaheRe34Sa3yKbhiTahb0n6jAmljGr5XDqQLvpAe HTTP/1.1" 200 24
186.82.78.180 - - [14/Dec/2014:11:49:25 -0500] "POST /forms/lservlet;jsessionid=ac16012b30d5575b0064f0874eb5bb74e35f82ec96b4.e3iSbxaKaheRe34Sa3yKbhiTahb0n6jAmljGr5XDqQLvpAe HTTP/1.1" 200 4193
186.82.78.180 - - [14/Dec/2014:11:49:26 -0500] "POST /forms/lservlet;jsessionid=ac16012b30d5575b0064f0874eb5bb74e35f82ec96b4.e3iSbxaKaheRe34Sa3yKbhiTahb0n6jAmljGr5XDqQLvpAe HTTP/1.1" 200 2
186.82.78.180 - - [14/Dec/2014:11:49:36 -0500] "POST /forms/lservlet;jsessionid=ac16012b30d5575b0064f0874eb5bb74e35f82ec96b4.e3iSbxaKaheRe34Sa3yKbhiTahb0n6jAmljGr5XDqQLvpAe HTTP/1.1" 200 99
66.249.67.75 - - [14/Dec/2014:11:49:41 -0500] "GET /BLA/resoluciones/RESOLUCIONES%202007/RES%202007%201201%20AL%201300/RESOLUCION%201250%20DE%202007.pdf HTTP/1.1" 200 1216156
74.86.158.107 - - [14/Dec/2014:11:49:48 -0500] "HEAD / HTTP/1.1" 302 -
192.168.171.107 - - [14/Dec/2014:11:49:55 -0500] "GET /BLA/boletinlegal/consulta_actos.php?tipo=resoluciones&no=8253&usuario=&sector=&fecha=2009&resuelve= HTTP/1.1" 200 1018
201.245.192.253 - - [14/Dec/2014:11:50:00 -0500] "GET /BLA/resoluciones/RESOLUCIONES%202009/8253.pdf HTTP/1.1" 200 292863
186.82.78.180 - - [14/Dec/2014:11:50:38 -0500] "POST /forms/lservlet;jsessionid=ac16012b30d5575b0064f0874eb5bb74e35f82ec96b4.e3iSbxaKaheRe34Sa3yKbhiTahb0n6jAmljGr5XDqQLvpAe HTTP/1.1" 200 2
190.66.126.187 - - [14/Dec/2014:11:50:47 -0500] "POST /forms/lservlet;jsessionid=ac16012b30d58ef0902967c04f0f9e78f7637e7d1e04.e3iSbxaKaheRe34Sa3yKbhiTahb0n6jAmljGr5XDqQLvpAe HTTP/1.1" 200 2
201.245.192.253 - - [14/Dec/2014:11:50:56 -0500] "GET /BLA/resoluciones/RESOLUCIONES%202008 HTTP/1.1" 301 331
201.245.192.253 - - [14/Dec/2014:11:50:56 -0500] "GET /BLA/resoluciones/RESOLUCIONES%202008/ HTTP/1.1" 200 1210979
201.245.192.253 - - [14/Dec/2014:11:51:02 -0500] "GET /BLA/resoluciones/RESOLUCIONES%202008/?C=N;O=D HTTP/1.1" 200 1210979
201.245.192.253 - - [14/Dec/2014:11:51:11 -0500] "GET /BLA/resoluciones HTTP/1.1" 301 311
201.245.192.253 - - [14/Dec/2014:11:51:11 -0500] "GET /BLA/resoluciones/ HTTP/1.1" 200 6952
181.69.217.144 - - [14/Dec/2014:11:51:11 -0500] "HEAD /BLA/resoluciones/index.php?dir=RESOLUCIONES+2006%2F HTTP/1.1" 200 -
181.69.217.144 - - [14/Dec/2014:11:51:11 -0500] "GET /BLA/resoluciones/index.php?dir=AUTOS+2006%2F HTTP/1.1" 200 9519
181.69.217.144 - - [14/Dec/2014:11:51:11 -0500] "GET /BLA/resoluciones/index.php?dir=RESOLUCIONES+2006%2F HTTP/1.1" 200 16103
201.245.192.253 - - [14/Dec/2014:11:51:13 -0500] "GET /BLA/resoluciones/index.php?dir=RESOLUCIONES+2008%2F HTTP/1.1" 200 976102
181.69.217.144 - - [14/Dec/2014:11:51:14 -0500] "HEAD /BLA/resoluciones/index.php?dir=AUTOS+2006%2F HTTP/1.1" 200 -
181.69.217.144 - - [14/Dec/2014:11:51:15 -0500] "GET /BLA/resoluciones/index.php?dir=AUTOS+2006%2F HTTP/1.1" 200 9519
201.245.192.253 - - [14/Dec/2014:11:51:15 -0500] "GET /BLA/resoluciones/dlf/dirup.png HTTP/1.1" 304 -
201.245.192.253 - - [14/Dec/2014:11:51:15 -0500] "GET /BLA/resoluciones/dlf/pdf.gif HTTP/1.1" 304 -
181.69.217.144 - - [14/Dec/2014:11:51:18 -0500] "GET /BLA/resoluciones/index.php?dir=AUTOS+2006%2FAUTOS+2006+1001-1100%2F HTTP/1.1" 200 21966
181.69.217.144 - - [14/Dec/2014:11:51:22 -0500] "HEAD /BLA/resoluciones/index.php?dir=AUTOS+2006%2FAUTOS+2006+1001-1100%2F HTTP/1.1" 200 -
181.69.217.144 - - [14/Dec/2014:11:51:22 -0500] "GET /BLA/resoluciones/index.php?dir=AUTOS+2006%2FAUTOS+2006+1001-1100%2F HTTP/1.1" 200 21966
181.69.217.144 - - [14/Dec/2014:11:51:26 -0500] "HEAD /BLA/resoluciones/index.php?dir=AUTOS+2006%2F HTTP/1.1" 200 -
181.69.217.144 - - [14/Dec/2014:11:51:26 -0500] "GET /BLA/resoluciones/index.php?dir=AUTOS+2006%2F HTTP/1.1" 200 9519
181.69.217.144 - - [14/Dec/2014:11:51:26 -0500] "GET /BLA/resoluciones/index.php?dir=AUTOS+2006%2FAUTOS+2006+1101-1200%2F HTTP/1.1" 200 21976
181.69.217.144 - - [14/Dec/2014:11:51:30 -0500] "GET /BLA/resoluciones/AUTOS%202006/AUTOS%202006%201101-1200/00001178.tif HTTP/1.1" 200 79836
181.69.217.144 - - [14/Dec/2014:11:51:31 -0500] "HEAD /BLA/resoluciones/index.php?dir=AUTOS+2006%2FAUTOS+2006+1101-1200%2F HTTP/1.1" 200 -
181.69.217.144 - - [14/Dec/2014:11:51:32 -0500] "GET /BLA/resoluciones/index.php?dir=AUTOS+2006%2FAUTOS+2006+1101-1200%2F HTTP/1.1" 200 21976
66.249.67.83 - - [14/Dec/2014:11:51:35 -0500] "GET /BLA/resoluciones/RESOLUCIONES%202009/8623.pdf HTTP/1.1" 304 -
188.165.15.231 - - [14/Dec/2014:11:52:11 -0500] "GET /BLA/resoluciones/RESOLUCIONES%202005/RES%202005%201251-1300/00001290.tif HTTP/1.1" 200 234148
190.84.188.220 - - [14/Dec/2014:11:52:30 -0500] "GET /BLA/resoluciones/AUTOS%202009/0297.pdf HTTP/1.1" 200 382837
186.82.78.180 - - [14/Dec/2014:11:52:38 -0500] "POST /forms/lservlet;jsessionid=ac16012b30d5575b0064f0874eb5bb74e35f82ec96b4.e3iSbxaKaheRe34Sa3yKbhiTahb0n6jAmljGr5XDqQLvpAe HTTP/1.1" 200 2
66.249.67.75 - - [14/Dec/2014:11:52:39 -0500] "GET /BLA/resoluciones/RESOLUCIONES%202004/RES%202004%201601-1650/00001605.tif HTTP/1.1" 200 341964
190.66.126.187 - - [14/Dec/2014:11:52:46 -0500] "POST /forms/lservlet;jsessionid=ac16012b30d58ef0902967c04f0f9e78f7637e7d1e04.e3iSbxaKaheRe34Sa3yKbhiTahb0n6jAmljGr5XDqQLvpAe HTTP/1.1" 200 2313
190.66.126.187 - - [14/Dec/2014:11:52:47 -0500] "POST /forms/lservlet;jsessionid=ac16012b30d58ef0902967c04f0f9e78f7637e7d1e04.e3iSbxaKaheRe34Sa3yKbhiTahb0n6jAmljGr5XDqQLvpAe HTTP/1.1" 200 2
190.66.126.187 - - [14/Dec/2014:11:52:52 -0500] "POST /forms/lservlet;jsessionid=ac16012b30d58ef0902967c04f0f9e78f7637e7d1e04.e3iSbxaKaheRe34Sa3yKbhiTahb0n6jAmljGr5XDqQLvpAe HTTP/1.1" 200 26
190.66.126.187 - - [14/Dec/2014:11:52:53 -0500] "POST /forms/lservlet;jsessionid=ac16012b30d58ef0902967c04f0f9e78f7637e7d1e04.e3iSbxaKaheRe34Sa3yKbhiTahb0n6jAmljGr5XDqQLvpAe HTTP/1.1" 200 3857
190.66.126.187 - - [14/Dec/2014:11:52:53 -0500] "POST /forms/lservlet;jsessionid=ac16012b30d58ef0902967c04f0f9e78f7637e7d1e04.e3iSbxaKaheRe34Sa3yKbhiTahb0n6jAmljGr5XDqQLvpAe HTTP/1.1" 200 2
66.249.67.83 - - [14/Dec/2014:11:53:05 -0500] "GET /BLA/resoluciones/RESOLUCIONES%202004/RES%202004%20651-700/00000659.tif HTTP/1.1" 200 240928
201.245.192.253 - - [14/Dec/2014:11:53:20 -0500] "GET /galeria/nivo-slider/demo/demo.html HTTP/1.1" 304 -
201.245.192.253 - - [14/Dec/2014:11:53:20 -0500] "GET /galeria/nivo-slider/demo/images/ecolecta-Dic2014.png HTTP/1.1" 304 -
201.245.192.253 - - [14/Dec/2014:11:53:20 -0500] "GET /galeria/nivo-slider/demo/images/banner-musgo.jpg HTTP/1.1" 304 -
190.66.126.187 - - [14/Dec/2014:11:53:25 -0500] "POST /forms/lservlet;jsessionid=ac16012b30d58ef0902967c04f0f9e78f7637e7d1e04.e3iSbxaKaheRe34Sa3yKbhiTahb0n6jAmljGr5XDqQLvpAe HTTP/1.1" 200 183
190.66.126.187 - - [14/Dec/2014:11:53:25 -0500] "GET /imagenes/listval.gif HTTP/1.1" 200 905
190.66.126.187 - - [14/Dec/2014:11:53:25 -0500] "POST /forms/lservlet;jsessionid=ac16012b30d58ef0902967c04f0f9e78f7637e7d1e04.e3iSbxaKaheRe34Sa3yKbhiTahb0n6jAmljGr5XDqQLvpAe HTTP/1.1" 200 7
66.249.67.67 - - [14/Dec/2014:11:53:55 -0500] "GET /BLA/resoluciones/RESOLUCIONES%202007/RES%202007%203301%20AL%203400/RESOLUCION%203383%20DE%202007.pdf HTTP/1.1" 304 -
66.249.67.75 - - [14/Dec/2014:11:53:57 -0500] "GET /BLA/resoluciones/AUTOS%202007/0811.pdf HTTP/1.1" 304 -
186.82.78.180 - - [14/Dec/2014:11:54:39 -0500] "POST /forms/lservlet;jsessionid=ac16012b30d5575b0064f0874eb5bb74e35f82ec96b4.e3iSbxaKaheRe34Sa3yKbhiTahb0n6jAmljGr5XDqQLvpAe HTTP/1.1" 200 2
190.66.126.187 - - [14/Dec/2014:11:54:47 -0500] "POST /forms/lservlet;jsessionid=ac16012b30d58ef0902967c04f0f9e78f7637e7d1e04.e3iSbxaKaheRe34Sa3yKbhiTahb0n6jAmljGr5XDqQLvpAe HTTP/1.1" 200 2
74.86.158.107 - - [14/Dec/2014:11:54:48 -0500] "HEAD / HTTP/1.1" 302 -
188.165.15.207 - - [14/Dec/2014:11:54:51 -0500] "GET /BLA/resoluciones/RESOLUCIONES%202004/RES%202004%20851-900/00000885.tif HTTP/1.1" 200 63454
66.249.67.67 - - [14/Dec/2014:11:55:05 -0500] "GET /BLA/resoluciones/RESOLUCIONES%202007/RES%202007%20401%20AL%20500/RESOLUCION%200461%20DE%202007.pdf HTTP/1.1" 304 -
186.28.4.48 - - [14/Dec/2014:11:55:20 -0500] "GET /BLA/resoluciones/ HTTP/1.1" 200 6952
186.28.4.48 - - [14/Dec/2014:11:55:25 -0500] "GET /BLA/resoluciones/index.php?dir=RESOLUCIONES+2012%2F HTTP/1.1" 200 130695
89.188.144.9 - - [14/Dec/2014:11:55:26 -0500] "GET /blog/wp-admin/ HTTP/1.1" 404 1018
188.165.15.207 - - [14/Dec/2014:11:55:34 -0500] "GET /BLA/resoluciones/RESOLUCIONES%202006/RES%202006%20801-850/00000812.tif HTTP/1.1" 200 36436
186.28.4.48 - - [14/Dec/2014:11:55:57 -0500] "GET /BLA/resoluciones/RESOLUCIONES%202012/0675.pdf HTTP/1.1" 200 437244
186.28.4.48 - - [14/Dec/2014:11:55:58 -0500] "GET /BLA/resoluciones/RESOLUCIONES%202012/0675.pdf HTTP/1.1" 206 32768
186.28.4.48 - - [14/Dec/2014:11:55:58 -0500] "GET /BLA/resoluciones/RESOLUCIONES%202012/0675.pdf HTTP/1.1" 206 404476
190.66.126.187 - - [14/Dec/2014:11:56:03 -0500] "POST /forms/lservlet;jsessionid=ac16012b30d58ef0902967c04f0f9e78f7637e7d1e04.e3iSbxaKaheRe34Sa3yKbhiTahb0n6jAmljGr5XDqQLvpAe HTTP/1.1" 200 7
190.25.232.143 - - [14/Dec/2014:11:56:33 -0500] "GET /galeria/nivo-slider/demo/images/FUM02.jpg HTTP/1.1" 304 -
180.76.6.61 - - [14/Dec/2014:11:56:33 -0500] "GET /BLA/boletinlegal/Circulares/2011/Circular%20No.%201%20del%2023%20de%20Febrero%20de%202011.pdf HTTP/1.1" 200 540140
186.82.78.180 - - [14/Dec/2014:11:56:39 -0500] "POST /forms/lservlet;jsessionid=ac16012b30d5575b0064f0874eb5bb74e35f82ec96b4.e3iSbxaKaheRe34Sa3yKbhiTahb0n6jAmljGr5XDqQLvpAe HTTP/1.1" 200 2
190.66.126.187 - - [14/Dec/2014:11:56:47 -0500] "POST /forms/lservlet;jsessionid=ac16012b30d58ef0902967c04f0f9e78f7637e7d1e04.e3iSbxaKaheRe34Sa3yKbhiTahb0n6jAmljGr5XDqQLvpAe HTTP/1.1" 200 2
186.84.25.29 - - [14/Dec/2014:11:56:50 -0500] "GET /videos/Spot_CambioClimatico.flv HTTP/1.1" 206 1
186.84.25.29 - - [14/Dec/2014:11:56:50 -0500] "GET /videos/Spot_CambioClimatico.flv HTTP/1.1" 206 4169587
181.69.217.144 - - [14/Dec/2014:11:57:26 -0500] "HEAD /BLA/resoluciones/index.php?dir=AUTOS+2006%2F HTTP/1.1" 200 -
181.69.217.144 - - [14/Dec/2014:11:57:28 -0500] "GET /BLA/resoluciones/index.php?dir=AUTOS+2006%2F HTTP/1.1" 200 9519
181.69.217.144 - - [14/Dec/2014:11:57:31 -0500] "GET /BLA/resoluciones/index.php?dir=AUTOS+2006%2FAUTOS+2006+201-300%2F HTTP/1.1" 200 21766
181.69.217.144 - - [14/Dec/2014:11:57:34 -0500] "HEAD /BLA/resoluciones/index.php?dir=AUTOS+2006%2FAUTOS+2006+201-300%2F HTTP/1.1" 200 -
181.69.217.144 - - [14/Dec/2014:11:57:35 -0500] "GET /BLA/resoluciones/index.php?dir=AUTOS+2006%2FAUTOS+2006+201-300%2F HTTP/1.1" 200 21766
181.250.134.197 - - [14/Dec/2014:11:57:41 -0500] "GET /BLA/boletinlegal/js/jquery.js HTTP/1.1" 200 57254
181.250.134.197 - - [14/Dec/2014:11:57:41 -0500] "GET /BLA/boletinlegal/js/jquery.scrollTo-min.js HTTP/1.1" 200 1150
181.250.134.197 - - [14/Dec/2014:11:57:41 -0500] "GET /BLA/boletinlegal/js/jquery.scrollShow.js HTTP/1.1" 200 4586
181.69.217.144 - - [14/Dec/2014:11:57:41 -0500] "HEAD /BLA/resoluciones/index.php?dir=AUTOS+2006%2F HTTP/1.1" 200 -
181.69.217.144 - - [14/Dec/2014:11:57:41 -0500] "GET /BLA/resoluciones/index.php?dir=AUTOS+2006%2F HTTP/1.1" 200 9519
181.69.217.144 - - [14/Dec/2014:11:57:42 -0500] "GET /BLA/resoluciones/index.php?dir=AUTOS+2006%2FAUTOS+2006+2201+-+2300%2F HTTP/1.1" 200 22194
181.69.217.144 - - [14/Dec/2014:11:57:49 -0500] "HEAD /BLA/resoluciones/index.php?dir=AUTOS+2006%2FAUTOS+2006+2201+-+2300%2F HTTP/1.1" 200 -
181.69.217.144 - - [14/Dec/2014:11:57:50 -0500] "GET /BLA/resoluciones/AUTOS%202006/AUTOS%202006%202201%20-%202300/00002207.tif HTTP/1.1" 200 186868
181.69.217.144 - - [14/Dec/2014:11:57:50 -0500] "GET /BLA/resoluciones/index.php?dir=AUTOS+2006%2FAUTOS+2006+2201+-+2300%2F HTTP/1.1" 200 22194
190.66.126.187 - - [14/Dec/2014:11:57:52 -0500] "POST /forms/lservlet;jsessionid=ac16012b30d58ef0902967c04f0f9e78f7637e7d1e04.e3iSbxaKaheRe34Sa3yKbhiTahb0n6jAmljGr5XDqQLvpAe HTTP/1.1" 200 207
181.69.217.144 - - [14/Dec/2014:11:57:53 -0500] "GET /BLA/resoluciones/AUTOS%202006/AUTOS%202006%202201%20-%202300/00002207.tif HTTP/1.1" 200 186868
190.66.126.187 - - [14/Dec/2014:11:58:05 -0500] "POST /forms/lservlet;jsessionid=ac16012b30d58ef0902967c04f0f9e78f7637e7d1e04.e3iSbxaKaheRe34Sa3yKbhiTahb0n6jAmljGr5XDqQLvpAe HTTP/1.1" 200 70
190.63.165.3 - - [14/Dec/2014:11:58:09 -0500] "GET /BLA/boletinlegal/js/jquery.scrollTo-min.js HTTP/1.1" 200 1150
190.63.165.3 - - [14/Dec/2014:11:58:09 -0500] "GET /BLA/boletinlegal/js/jquery.scrollShow.js HTTP/1.1" 200 4586
190.63.165.3 - - [14/Dec/2014:11:58:09 -0500] "GET /galeria/carrusel/Carrusel/jquery.thumbnailScroller.css HTTP/1.1" 200 2066
190.63.165.3 - - [14/Dec/2014:11:58:09 -0500] "GET /galeria/carrusel/Carrusel/jquery-ui-1.8.13.custom.min.js HTTP/1.1" 200 10800
190.63.165.3 - - [14/Dec/2014:11:58:09 -0500] "GET /galeria/carrusel/Carrusel/jquery.thumbnailScroller.js HTTP/1.1" 200 8157
190.63.165.3 - - [14/Dec/2014:11:58:11 -0500] "GET /BLA/boletinlegal/js/jquery.js HTTP/1.1" 200 57254
190.63.165.3 - - [14/Dec/2014:11:58:35 -0500] "GET /galeria/nivo-slider/demo/demo.html HTTP/1.1" 200 3252
190.63.165.3 - - [14/Dec/2014:11:58:36 -0500] "GET /galeria/nivo-slider/themes/pascal/pascal.css HTTP/1.1" 200 2258
190.63.165.3 - - [14/Dec/2014:11:58:36 -0500] "GET /galeria/nivo-slider/themes/default/default.css HTTP/1.1" 200 1569
190.63.165.3 - - [14/Dec/2014:11:58:36 -0500] "GET /galeria/nivo-slider/nivo-slider.css HTTP/1.1" 200 1507
190.63.165.3 - - [14/Dec/2014:11:58:36 -0500] "GET /galeria/nivo-slider/themes/orman/orman.css HTTP/1.1" 200 2152
190.63.165.3 - - [14/Dec/2014:11:58:36 -0500] "GET /galeria/nivo-slider/demo/style.css HTTP/1.1" 200 2222
190.63.165.3 - - [14/Dec/2014:11:58:36 -0500] "GET /galeria/nivo-slider/demo/scripts/jquery-1.7.1.min.js HTTP/1.1" 200 93868
190.63.165.3 - - [14/Dec/2014:11:58:36 -0500] "GET /galeria/nivo-slider/jquery.nivo.slider.pack.js HTTP/1.1" 200 11561
190.63.165.3 - - [14/Dec/2014:11:58:37 -0500] "GET /galeria/nivo-slider/demo/images/banner-musgo.jpg HTTP/1.1" 200 49513
190.63.165.3 - - [14/Dec/2014:11:58:37 -0500] "GET /galeria/nivo-slider/demo/images/ecolecta-Dic2014.png HTTP/1.1" 200 288593
190.63.165.3 - - [14/Dec/2014:11:58:37 -0500] "GET /galeria/nivo-slider/demo/images/Jornada-adopcion.jpg HTTP/1.1" 200 79705
190.63.165.3 - - [14/Dec/2014:11:58:37 -0500] "GET /galeria/nivo-slider/demo/images/Banner-GAE3.jpg HTTP/1.1" 200 146354
190.63.165.3 - - [14/Dec/2014:11:58:37 -0500] "GET /galeria/nivo-slider/demo/images/porloshumedales.jpg HTTP/1.1" 200 351238
190.63.165.3 - - [14/Dec/2014:11:58:39 -0500] "GET /galeria/nivo-slider/demo/images/Tingua-azul.jpg HTTP/1.1" 200 307638
190.63.165.3 - - [14/Dec/2014:11:58:39 -0500] "GET /galeria/nivo-slider/demo/images/banner-redes.jpg HTTP/1.1" 200 62209
190.63.165.3 - - [14/Dec/2014:11:58:39 -0500] "GET /galeria/nivo-slider/demo/images/Banner-Caracol-Africano.jpg HTTP/1.1" 200 331986
186.82.78.180 - - [14/Dec/2014:11:58:40 -0500] "POST /forms/lservlet;jsessionid=ac16012b30d5575b0064f0874eb5bb74e35f82ec96b4.e3iSbxaKaheRe34Sa3yKbhiTahb0n6jAmljGr5XDqQLvpAe HTTP/1.1" 200 2
181.245.125.231 - - [14/Dec/2014:11:58:43 -0500] "GET /BLA/boletinlegal/js/jquery.scrollTo-min.js HTTP/1.1" 200 1150
181.245.125.231 - - [14/Dec/2014:11:58:43 -0500] "GET /BLA/boletinlegal/js/jquery.scrollShow.js HTTP/1.1" 200 4586
181.245.125.231 - - [14/Dec/2014:11:58:43 -0500] "GET /BLA/boletinlegal/js/jquery.js HTTP/1.1" 200 57254
190.66.126.187 - - [14/Dec/2014:11:58:47 -0500] "POST /forms/lservlet;jsessionid=ac16012b30d58ef0902967c04f0f9e78f7637e7d1e04.e3iSbxaKaheRe34Sa3yKbhiTahb0n6jAmljGr5XDqQLvpAe HTTP/1.1" 200 2
186.29.164.103 - - [14/Dec/2014:11:58:58 -0500] "GET /galeria/nivo-slider/demo/images/ecolecta-Dic2014.png HTTP/1.1" 206 1
186.29.164.103 - - [14/Dec/2014:11:58:58 -0500] "GET /galeria/nivo-slider/demo/images/Banner-Caracol-Africano.jpg HTTP/1.1" 206 1
186.29.164.103 - - [14/Dec/2014:11:58:58 -0500] "GET /galeria/nivo-slider/demo/images/banner-caballos.png HTTP/1.1" 206 1
186.29.164.103 - - [14/Dec/2014:11:58:58 -0500] "GET /galeria/nivo-slider/demo/images/Hacienda_Molinos.jpg HTTP/1.1" 206 1
186.29.164.103 - - [14/Dec/2014:11:58:58 -0500] "GET /galeria/nivo-slider/demo/scripts/jquery-1.7.1.min.js HTTP/1.1" 206 1
186.29.164.103 - - [14/Dec/2014:11:58:58 -0500] "GET /galeria/nivo-slider/demo/images/ecolecta-Dic2014.png HTTP/1.1" 206 27066
186.29.164.103 - - [14/Dec/2014:11:58:58 -0500] "GET /galeria/nivo-slider/demo/images/Banner-Caracol-Africano.jpg HTTP/1.1" 206 80260
186.29.164.103 - - [14/Dec/2014:11:58:58 -0500] "GET /galeria/nivo-slider/demo/images/Hacienda_Molinos.jpg HTTP/1.1" 206 193445
186.29.164.103 - - [14/Dec/2014:11:58:58 -0500] "GET /galeria/nivo-slider/demo/images/banner-caballos.png HTTP/1.1" 206 203179
186.29.164.103 - - [14/Dec/2014:11:58:58 -0500] "GET /galeria/nivo-slider/demo/scripts/jquery-1.7.1.min.js HTTP/1.1" 206 85753
186.29.164.103 - - [14/Dec/2014:11:58:58 -0500] "GET /galeria/nivo-slider/demo/images/4Simple_Slider.png HTTP/1.1" 200 11722
186.29.164.103 - - [14/Dec/2014:11:58:58 -0500] "GET /galeria/nivo-slider/themes/default/loading.gif HTTP/1.1" 200 1737
186.29.164.103 - - [14/Dec/2014:11:59:00 -0500] "GET /galeria/nivo-slider/themes/default/arrows.png HTTP/1.1" 200 824
186.29.164.103 - - [14/Dec/2014:11:59:00 -0500] "GET /galeria/nivo-slider/themes/default/bullets.png HTTP/1.1" 200 1281
181.141.87.22 - - [14/Dec/2014:11:59:00 -0500] "GET /BLA/resoluciones/RESOLUCIONES%202010/1417.pdf HTTP/1.1" 200 563613
201.184.127.91 - - [14/Dec/2014:11:59:03 -0500] "GET /BLA/boletinlegal/js/jquery.js HTTP/1.1" 200 57254
190.63.165.3 - - [14/Dec/2014:11:59:03 -0500] "GET /galeria/nivo-slider/demo/images/9Signos.jpg HTTP/1.1" 200 93040
201.184.127.91 - - [14/Dec/2014:11:59:03 -0500] "GET /BLA/boletinlegal/js/jquery.scrollShow.js HTTP/1.1" 200 4586
201.184.127.91 - - [14/Dec/2014:11:59:03 -0500] "GET /BLA/boletinlegal/js/jquery.scrollTo-min.js HTTP/1.1" 200 1150
66.249.67.83 - - [14/Dec/2014:11:58:31 -0500] "GET /BLA/boletinlegal/ HTTP/1.1" 200 43155
66.249.67.111 - - [14/Dec/2014:11:59:11 -0500] "GET /BLA/boletinlegal/jurisprudencia/analisis/Analisis%20jurisprudencial%20Sentencia%20C-366-11.doc HTTP/1.1" 304 -
190.63.165.3 - - [14/Dec/2014:11:59:12 -0500] "GET /galeria/nivo-slider/demo/images/banner-llantas2.jpg HTTP/1.1" 200 73153
190.63.165.3 - - [14/Dec/2014:11:59:12 -0500] "GET /galeria/nivo-slider/demo/images/Hacienda_Molinos.jpg HTTP/1.1" 200 319171
87.79.45.128 - - [14/Dec/2014:11:59:12 -0500] "GET /BLA/boletinlegal/js/jquery.js HTTP/1.1" 200 57254
87.79.45.128 - - [14/Dec/2014:11:59:12 -0500] "GET /BLA/boletinlegal/js/jquery.scrollTo-min.js HTTP/1.1" 200 1150
87.79.45.128 - - [14/Dec/2014:11:59:12 -0500] "GET /BLA/boletinlegal/js/jquery.scrollShow.js HTTP/1.1" 200 4586
190.66.126.187 - - [14/Dec/2014:11:59:14 -0500] "POST /forms/lservlet;jsessionid=ac16012b30d58ef0902967c04f0f9e78f7637e7d1e04.e3iSbxaKaheRe34Sa3yKbhiTahb0n6jAmljGr5XDqQLvpAe HTTP/1.1" 200 2015
190.66.126.187 - - [14/Dec/2014:11:59:14 -0500] "POST /forms/lservlet;jsessionid=ac16012b30d58ef0902967c04f0f9e78f7637e7d1e04.e3iSbxaKaheRe34Sa3yKbhiTahb0n6jAmljGr5XDqQLvpAe HTTP/1.1" 200 78
190.63.165.3 - - [14/Dec/2014:11:59:15 -0500] "GET /videos/Spot_CambioClimatico.flv HTTP/1.1" 200 4371917
190.66.126.187 - - [14/Dec/2014:11:59:17 -0500] "POST /forms/lservlet;jsessionid=ac16012b30d58ef0902967c04f0f9e78f7637e7d1e04.e3iSbxaKaheRe34Sa3yKbhiTahb0n6jAmljGr5XDqQLvpAe HTTP/1.1" 200 34756
190.66.126.187 - - [14/Dec/2014:11:59:18 -0500] "GET /imagenes/listval.gif HTTP/1.1" 200 905
190.66.126.187 - - [14/Dec/2014:11:59:18 -0500] "POST /forms/lservlet;jsessionid=ac16012b30d58ef0902967c04f0f9e78f7637e7d1e04.e3iSbxaKaheRe34Sa3yKbhiTahb0n6jAmljGr5XDqQLvpAe HTTP/1.1" 200 7
190.66.126.187 - - [14/Dec/2014:11:59:18 -0500] "POST /forms/lservlet;jsessionid=ac16012b30d58ef0902967c04f0f9e78f7637e7d1e04.e3iSbxaKaheRe34Sa3yKbhiTahb0n6jAmljGr5XDqQLvpAe HTTP/1.1" 200 34
190.66.126.187 - - [14/Dec/2014:11:59:18 -0500] "POST /forms/lservlet;jsessionid=ac16012b30d58ef0902967c04f0f9e78f7637e7d1e04.e3iSbxaKaheRe34Sa3yKbhiTahb0n6jAmljGr5XDqQLvpAe HTTP/1.1" 200 2
190.66.126.187 - - [14/Dec/2014:11:59:19 -0500] "POST /forms/lservlet;jsessionid=ac16012b30d58ef0902967c04f0f9e78f7637e7d1e04.e3iSbxaKaheRe34Sa3yKbhiTahb0n6jAmljGr5XDqQLvpAe HTTP/1.1" 200 610
190.63.165.3 - - [14/Dec/2014:11:59:21 -0500] "GET /galeria/nivo-slider/themes/default/loading.gif HTTP/1.1" 200 1737
190.63.165.3 - - [14/Dec/2014:11:59:22 -0500] "GET /galeria/nivo-slider/demo/images/banner-caballos.png HTTP/1.1" 200 389106
190.63.165.3 - - [14/Dec/2014:11:59:22 -0500] "GET /galeria/nivo-slider/demo/images/4Simple_Slider.png HTTP/1.1" 200 11722
190.66.126.187 - - [14/Dec/2014:11:59:25 -0500] "POST /forms/lservlet;jsessionid=ac16012b30d58ef0902967c04f0f9e78f7637e7d1e04.e3iSbxaKaheRe34Sa3yKbhiTahb0n6jAmljGr5XDqQLvpAe HTTP/1.1" 200 26
190.66.126.187 - - [14/Dec/2014:11:59:25 -0500] "POST /forms/lservlet;jsessionid=ac16012b30d58ef0902967c04f0f9e78f7637e7d1e04.e3iSbxaKaheRe34Sa3yKbhiTahb0n6jAmljGr5XDqQLvpAe HTTP/1.1" 200 4226
190.66.126.187 - - [14/Dec/2014:11:59:25 -0500] "POST /forms/lservlet;jsessionid=ac16012b30d58ef0902967c04f0f9e78f7637e7d1e04.e3iSbxaKaheRe34Sa3yKbhiTahb0n6jAmljGr5XDqQLvpAe HTTP/1.1" 200 2
74.86.158.107 - - [14/Dec/2014:11:59:47 -0500] "HEAD / HTTP/1.1" 302 -
190.63.165.3 - - [14/Dec/2014:11:59:51 -0500] "GET /galeria/nivo-slider/themes/default/arrows.png HTTP/1.1" 200 824
190.63.165.3 - - [14/Dec/2014:11:59:51 -0500] "GET /galeria/nivo-slider/themes/default/bullets.png HTTP/1.1" 200 1281
190.26.154.136 - - [14/Dec/2014:11:59:59 -0500] "GET /galeria/carrusel/Carrusel/jquery.thumbnailScroller.css HTTP/1.1" 200 2066
190.26.154.136 - - [14/Dec/2014:11:59:59 -0500] "GET /galeria/carrusel/Carrusel/jquery-ui-1.8.13.custom.min.js HTTP/1.1" 200 10800
190.26.154.136 - - [14/Dec/2014:11:59:59 -0500] "GET /BLA/boletinlegal/js/jquery.scrollTo-min.js HTTP/1.1" 200 1150
190.26.154.136 - - [14/Dec/2014:11:59:59 -0500] "GET /galeria/carrusel/Carrusel/jquery.thumbnailScroller.js HTTP/1.1" 200 8157
190.26.154.136 - - [14/Dec/2014:11:59:59 -0500] "GET /BLA/boletinlegal/js/jquery.js HTTP/1.1" 200 57254
190.26.154.136 - - [14/Dec/2014:11:59:59 -0500] "GET /BLA/boletinlegal/js/jquery.scrollShow.js HTTP/1.1" 200 4586
190.26.154.136 - - [14/Dec/2014:12:00:02 -0500] "GET /galeria/nivo-slider/demo/demo.html HTTP/1.1" 200 3252
190.26.154.136 - - [14/Dec/2014:12:00:02 -0500] "GET /galeria/nivo-slider/themes/default/default.css HTTP/1.1" 200 1569
190.26.154.136 - - [14/Dec/2014:12:00:02 -0500] "GET /galeria/nivo-slider/themes/pascal/pascal.css HTTP/1.1" 200 2258
190.26.154.136 - - [14/Dec/2014:12:00:02 -0500] "GET /galeria/nivo-slider/nivo-slider.css HTTP/1.1" 200 1507
190.26.154.136 - - [14/Dec/2014:12:00:02 -0500] "GET /galeria/nivo-slider/demo/scripts/jquery-1.7.1.min.js HTTP/1.1" 200 93868
190.26.154.136 - - [14/Dec/2014:12:00:02 -0500] "GET /galeria/nivo-slider/themes/orman/orman.css HTTP/1.1" 200 2152
190.26.154.136 - - [14/Dec/2014:12:00:02 -0500] "GET /galeria/nivo-slider/jquery.nivo.slider.pack.js HTTP/1.1" 200 11561
190.26.154.136 - - [14/Dec/2014:12:00:03 -0500] "GET /galeria/nivo-slider/demo/style.css HTTP/1.1" 200 2222
190.26.154.136 - - [14/Dec/2014:12:00:04 -0500] "GET /galeria/nivo-slider/demo/images/ecolecta-Dic2014.png HTTP/1.1" 200 288593
190.26.154.136 - - [14/Dec/2014:12:00:04 -0500] "GET /galeria/nivo-slider/demo/images/banner-musgo.jpg HTTP/1.1" 200 49513
190.26.154.136 - - [14/Dec/2014:12:00:04 -0500] "GET /galeria/nivo-slider/demo/images/Jornada-adopcion.jpg HTTP/1.1" 200 79705
190.26.154.136 - - [14/Dec/2014:12:00:04 -0500] "GET /galeria/nivo-slider/demo/images/Banner-GAE3.jpg HTTP/1.1" 200 146354
190.26.154.136 - - [14/Dec/2014:12:00:05 -0500] "GET /galeria/nivo-slider/demo/images/porloshumedales.jpg HTTP/1.1" 200 351238
190.26.154.136 - - [14/Dec/2014:12:00:06 -0500] "GET /galeria/nivo-slider/demo/images/4Simple_Slider.png HTTP/1.1" 200 11722
190.26.154.136 - - [14/Dec/2014:12:00:06 -0500] "GET /galeria/nivo-slider/themes/default/loading.gif HTTP/1.1" 200 1737
190.26.154.136 - - [14/Dec/2014:12:00:06 -0500] "GET /galeria/nivo-slider/demo/images/Tingua-azul.jpg HTTP/1.1" 200 307638
190.26.154.136 - - [14/Dec/2014:12:00:06 -0500] "GET /galeria/nivo-slider/demo/images/Banner-Caracol-Africano.jpg HTTP/1.1" 200 331986
190.26.154.136 - - [14/Dec/2014:12:00:06 -0500] "GET /galeria/nivo-slider/demo/images/banner-redes.jpg HTTP/1.1" 200 62209
190.26.154.136 - - [14/Dec/2014:12:00:10 -0500] "GET /galeria/nivo-slider/demo/images/9Signos.jpg HTTP/1.1" 200 93040
190.26.154.136 - - [14/Dec/2014:12:00:10 -0500] "GET /galeria/nivo-slider/demo/images/banner-llantas2.jpg HTTP/1.1" 200 73153
190.26.154.136 - - [14/Dec/2014:12:00:11 -0500] "GET /galeria/nivo-slider/demo/images/banner-caballos.png HTTP/1.1" 200 389106
190.26.154.136 - - [14/Dec/2014:12:00:12 -0500] "GET /galeria/nivo-slider/demo/images/Hacienda_Molinos.jpg HTTP/1.1" 200 319171
190.26.154.136 - - [14/Dec/2014:12:00:17 -0500] "GET /galeria/nivo-slider/themes/default/arrows.png HTTP/1.1" 200 824
190.26.154.136 - - [14/Dec/2014:12:00:17 -0500] "GET /galeria/nivo-slider/themes/default/bullets.png HTTP/1.1" 200 1281
190.26.154.136 - - [14/Dec/2014:12:00:17 -0500] "GET /videos/Spot_CambioClimatico.flv HTTP/1.1" 200 4371917
190.26.154.136 - - [14/Dec/2014:12:00:37 -0500] "GET /BLA/boletinlegal/styles2.css HTTP/1.1" 200 1838
190.26.154.136 - - [14/Dec/2014:12:00:37 -0500] "GET /BLA/boletinlegal/style.css HTTP/1.1" 200 9406
190.26.154.136 - - [14/Dec/2014:12:00:37 -0500] "GET /BLA/boletinlegal/images/cabezote%20BLEGAL.jpg HTTP/1.1" 200 118164
190.26.154.136 - - [14/Dec/2014:12:00:37 -0500] "GET /BLA/boletinlegal/images/nuevo.gif HTTP/1.1" 200 26475
190.26.154.136 - - [14/Dec/2014:12:00:37 -0500] "GET /BLA/boletinlegal/images/historia.png HTTP/1.1" 200 52775
190.26.154.136 - - [14/Dec/2014:12:00:37 -0500] "GET /BLA/boletinlegal/images/subscribe-icon-big.png HTTP/1.1" 200 47702
190.26.154.136 - - [14/Dec/2014:12:00:37 -0500] "GET /BLA/boletinlegal/images/arr_l.jpg HTTP/1.1" 200 1979
190.26.154.136 - - [14/Dec/2014:12:00:37 -0500] "GET /BLA/boletinlegal/images/body_bg.jpg HTTP/1.1" 200 1601
190.26.154.136 - - [14/Dec/2014:12:00:38 -0500] "GET /BLA/boletinlegal/images/menu_rght.gif HTTP/1.1" 200 1627
190.26.154.136 - - [14/Dec/2014:12:00:38 -0500] "GET /BLA/boletinlegal/images/menu_lft.gif HTTP/1.1" 200 1713
190.26.154.136 - - [14/Dec/2014:12:00:38 -0500] "GET /BLA/boletinlegal/images/bg_top.jpg HTTP/1.1" 200 522
190.26.154.136 - - [14/Dec/2014:12:00:38 -0500] "GET /BLA/boletinlegal/images/menu_bg.jpg HTTP/1.1" 200 620
190.26.154.136 - - [14/Dec/2014:12:00:38 -0500] "GET /BLA/boletinlegal/images/screen_2.png HTTP/1.1" 200 362502
190.26.154.136 - - [14/Dec/2014:12:00:38 -0500] "GET /BLA/boletinlegal/images/screen_3.png HTTP/1.1" 200 211853
190.26.154.136 - - [14/Dec/2014:12:00:38 -0500] "GET /BLA/boletinlegal/images/text.jpg HTTP/1.1" 200 568
190.26.154.136 - - [14/Dec/2014:12:00:38 -0500] "GET /BLA/boletinlegal/images/screen_5.png HTTP/1.1" 200 368876
190.26.154.136 - - [14/Dec/2014:12:00:38 -0500] "GET /BLA/boletinlegal/images/hover.jpg HTTP/1.1" 200 640
190.26.154.136 - - [14/Dec/2014:12:00:39 -0500] "GET /BLA/boletinlegal/images/screen_1.png HTTP/1.1" 200 202547
190.26.154.136 - - [14/Dec/2014:12:00:39 -0500] "GET /BLA/boletinlegal/images/arr_r.jpg HTTP/1.1" 200 1998
186.82.78.180 - - [14/Dec/2014:12:00:39 -0500] "POST /forms/lservlet;jsessionid=ac16012b30d5575b0064f0874eb5bb74e35f82ec96b4.e3iSbxaKaheRe34Sa3yKbhiTahb0n6jAmljGr5XDqQLvpAe HTTP/1.1" 200 2
190.26.154.136 - - [14/Dec/2014:12:00:40 -0500] "GET /BLA/boletinlegal/images/launch.jpg HTTP/1.1" 200 14577
190.26.154.136 - - [14/Dec/2014:12:00:41 -0500] "GET /BLA/boletinlegal/actos.php HTTP/1.1" 200 7534
190.26.154.136 - - [14/Dec/2014:12:00:41 -0500] "GET /BLA/boletinlegal/images/footer_bg.jpg HTTP/1.1" 200 586
190.26.154.136 - - [14/Dec/2014:12:00:41 -0500] "GET /BLA/boletinlegal/niceforms-default.css HTTP/1.1" 200 6694
190.26.154.136 - - [14/Dec/2014:12:00:41 -0500] "GET /BLA/boletinlegal/js/ajax_actos.js HTTP/1.1" 200 1322
190.26.154.136 - - [14/Dec/2014:12:00:41 -0500] "GET /BLA/boletinlegal/niceforms.js HTTP/1.1" 200 22876
190.26.154.136 - - [14/Dec/2014:12:00:41 -0500] "GET /BLA/boletinlegal/js/lib.js HTTP/1.1" 200 6474
190.26.154.136 - - [14/Dec/2014:12:00:41 -0500] "GET /BLA/boletinlegal/js/jquery1.js HTTP/1.1" 200 29846
190.26.154.136 - - [14/Dec/2014:12:00:41 -0500] "GET /BLA/boletinlegal/js/popup.js HTTP/1.1" 200 1270
190.26.154.136 - - [14/Dec/2014:12:00:41 -0500] "GET /BLA/boletinlegal/images/green-yellow-blue-pink-th.png HTTP/1.1" 200 7394
190.26.154.136 - - [14/Dec/2014:12:00:41 -0500] "GET /BLA/boletinlegal/images/abajo.png HTTP/1.1" 200 96676
190.26.154.136 - - [14/Dec/2014:12:00:42 -0500] "GET /BLA/boletinlegal/images/footer_bg.jpg HTTP/1.1" 200 586
190.26.154.136 - - [14/Dec/2014:12:00:42 -0500] "GET /BLA/boletinlegal/images/footer_bg_l.jpg HTTP/1.1" 200 776
190.26.154.136 - - [14/Dec/2014:12:00:42 -0500] "GET /BLA/boletinlegal/img/button.png HTTP/1.1" 200 43241
190.26.154.136 - - [14/Dec/2014:12:00:42 -0500] "GET /BLA/boletinlegal/img/0.png HTTP/1.1" 200 110
190.26.154.136 - - [14/Dec/2014:12:00:42 -0500] "GET /BLA/boletinlegal/img/select-left.png HTTP/1.1" 200 263
190.26.154.136 - - [14/Dec/2014:12:00:42 -0500] "GET /BLA/boletinlegal/img/select-right.png HTTP/1.1" 200 44019
190.26.154.136 - - [14/Dec/2014:12:00:42 -0500] "GET /BLA/boletinlegal/img/button-right.png HTTP/1.1" 200 57878
190.26.154.136 - - [14/Dec/2014:12:00:42 -0500] "GET /BLA/boletinlegal/img/button-left.png HTTP/1.1" 200 57071
66.249.67.83 - - [14/Dec/2014:12:00:48 -0500] "GET /BLA/resoluciones/AUTOS%202009/2768.pdf HTTP/1.1" 304 -
190.66.126.187 - - [14/Dec/2014:12:00:48 -0500] "POST /forms/lservlet;jsessionid=ac16012b30d58ef0902967c04f0f9e78f7637e7d1e04.e3iSbxaKaheRe34Sa3yKbhiTahb0n6jAmljGr5XDqQLvpAe HTTP/1.1" 200 2
66.249.67.83 - - [14/Dec/2014:12:00:52 -0500] "GET /BLA/resoluciones/RESOLUCIONES%202009/5779.pdf HTTP/1.1" 200 1202308
190.26.154.136 - - [14/Dec/2014:12:00:37 -0500] "GET /BLA/boletinlegal/ HTTP/1.1" 200 28058
87.254.74.184 - - [14/Dec/2014:12:00:55 -0500] "POST /xmlrpc.php HTTP/1.1" 404 1018
190.26.154.136 - - [14/Dec/2014:12:00:58 -0500] "GET /BLA/boletinlegal/consulta_actos.php?tipo=autos&no=6469&usuario=&sector=&fecha=2010&resuelve= HTTP/1.1" 200 1016
190.26.154.136 - - [14/Dec/2014:12:00:58 -0500] "GET /BLA/boletinlegal/images/pdf.gif HTTP/1.1" 200 567
190.26.154.136 - - [14/Dec/2014:12:01:07 -0500] "GET /BLA/resoluciones/AUTOS%202010/6469.pdf HTTP/1.1" 200 1274290
190.26.154.136 - - [14/Dec/2014:12:01:08 -0500] "GET /BLA/resoluciones/AUTOS%202010/6469.pdf HTTP/1.1" 206 32768
190.26.154.136 - - [14/Dec/2014:12:01:08 -0500] "GET /BLA/resoluciones/AUTOS%202010/6469.pdf HTTP/1.1" 206 1241522
190.25.222.36 - - [14/Dec/2014:12:01:19 -0500] "GET /BLA/boletinlegal/js/jquery.scrollShow.js HTTP/1.1" 200 4586
190.25.222.36 - - [14/Dec/2014:12:01:19 -0500] "GET /BLA/boletinlegal/js/jquery.scrollTo-min.js HTTP/1.1" 200 1150
190.25.222.36 - - [14/Dec/2014:12:01:19 -0500] "GET /BLA/boletinlegal/js/jquery.js HTTP/1.1" 200 57254
188.165.15.237 - - [14/Dec/2014:12:01:39 -0500] "GET /BLA/resoluciones/RESOLUCIONES%202006/RES%202006%201001-1050/00001037.tif HTTP/1.1" 200 110022
201.245.192.253 - - [14/Dec/2014:12:02:12 -0500] "GET /BLA/boletinlegal/actos.php HTTP/1.1" 200 7534
66.249.67.67 - - [14/Dec/2014:12:02:18 -0500] "GET /BLA/resoluciones/RESOLUCIONES%202009/1178.pdf HTTP/1.1" 200 144982
190.26.154.136 - - [14/Dec/2014:12:02:25 -0500] "GET /videos/Spot_CambioClimatico.flv HTTP/1.1" 206 1
190.26.154.136 - - [14/Dec/2014:12:02:25 -0500] "GET /videos/Spot_CambioClimatico.flv HTTP/1.1" 206 1782194
100.43.85.25 - - [14/Dec/2014:12:02:26 -0500] "GET /POT-2013/dlf/dirup.png HTTP/1.1" 200 644
201.245.192.253 - - [14/Dec/2014:12:02:32 -0500] "GET /BLA/boletinlegal/consulta_actos.php?tipo=resoluciones&no=8900&usuario=&sector=&fecha=2009&resuelve= HTTP/1.1" 200 1025
201.245.192.253 - - [14/Dec/2014:12:01:56 -0500] "GET /BLA/boletinlegal/ HTTP/1.1" 200 45684
186.82.78.180 - - [14/Dec/2014:12:02:38 -0500] "POST /forms/lservlet;jsessionid=ac16012b30d5575b0064f0874eb5bb74e35f82ec96b4.e3iSbxaKaheRe34Sa3yKbhiTahb0n6jAmljGr5XDqQLvpAe HTTP/1.1" 200 2
190.66.126.187 - - [14/Dec/2014:12:02:48 -0500] "POST /forms/lservlet;jsessionid=ac16012b30d58ef0902967c04f0f9e78f7637e7d1e04.e3iSbxaKaheRe34Sa3yKbhiTahb0n6jAmljGr5XDqQLvpAe HTTP/1.1" 200 2
2.109.204.135 - - [14/Dec/2014:12:03:42 -0500] "PUT /webdav/1111.php HTTP/1.1" 405 938
188.165.15.165 - - [14/Dec/2014:12:03:47 -0500] "GET /BLA/resoluciones/RESOLUCIONES%202003/RES%202003%20201-250/2003RES239.tif HTTP/1.1" 200 48420
66.249.67.111 - - [14/Dec/2014:12:03:55 -0500] "GET /Autoliquidacion/ HTTP/1.1" 200 6375
66.249.67.67 - - [14/Dec/2014:12:03:55 -0500] "GET /BLA/resoluciones/index.php?dir=RESOLUCIONES%202004/RES%202004%201451-1500/&sort=name&order=desc HTTP/1.1" 200 12352
186.82.78.180 - - [14/Dec/2014:12:03:56 -0500] "POST /forms/lservlet;jsessionid=ac16012b30d5575b0064f0874eb5bb74e35f82ec96b4.e3iSbxaKaheRe34Sa3yKbhiTahb0n6jAmljGr5XDqQLvpAe HTTP/1.1" 200 2
186.82.78.180 - - [14/Dec/2014:12:03:57 -0500] "POST /forms/lservlet;jsessionid=ac16012b30d5575b0064f0874eb5bb74e35f82ec96b4.e3iSbxaKaheRe34Sa3yKbhiTahb0n6jAmljGr5XDqQLvpAe HTTP/1.1" 200 102
186.82.78.180 - - [14/Dec/2014:12:03:57 -0500] "POST /forms/lservlet;jsessionid=ac16012b30d5575b0064f0874eb5bb74e35f82ec96b4.e3iSbxaKaheRe34Sa3yKbhiTahb0n6jAmljGr5XDqQLvpAe HTTP/1.1" 200 2
186.82.78.180 - - [14/Dec/2014:12:03:58 -0500] "POST /forms/lservlet;jsessionid=ac16012b30d5575b0064f0874eb5bb74e35f82ec96b4.e3iSbxaKaheRe34Sa3yKbhiTahb0n6jAmljGr5XDqQLvpAe HTTP/1.1" 200 2
186.82.78.180 - - [14/Dec/2014:12:03:59 -0500] "POST /forms/lservlet;jsessionid=ac16012b30d5575b0064f0874eb5bb74e35f82ec96b4.e3iSbxaKaheRe34Sa3yKbhiTahb0n6jAmljGr5XDqQLvpAe HTTP/1.1" 200 2029
186.82.78.180 - - [14/Dec/2014:12:04:00 -0500] "POST /forms/lservlet;jsessionid=ac16012b30d5575b0064f0874eb5bb74e35f82ec96b4.e3iSbxaKaheRe34Sa3yKbhiTahb0n6jAmljGr5XDqQLvpAe HTTP/1.1" 200 78
186.82.78.180 - - [14/Dec/2014:12:04:02 -0500] "POST /forms/lservlet;jsessionid=ac16012b30d5575b0064f0874eb5bb74e35f82ec96b4.e3iSbxaKaheRe34Sa3yKbhiTahb0n6jAmljGr5XDqQLvpAe HTTP/1.1" 200 86
186.82.78.180 - - [14/Dec/2014:12:04:02 -0500] "POST /forms/lservlet;jsessionid=ac16012b30d5575b0064f0874eb5bb74e35f82ec96b4.e3iSbxaKaheRe34Sa3yKbhiTahb0n6jAmljGr5XDqQLvpAe HTTP/1.1" 200 -
186.154.34.9 - - [14/Dec/2014:12:04:04 -0500] "GET /galeria/nivo-slider/demo/demo.html HTTP/1.1" 200 3252
186.154.34.9 - - [14/Dec/2014:12:04:05 -0500] "GET /galeria/nivo-slider/demo/images/ecolecta-Dic2014.png HTTP/1.1" 200 288593
186.154.34.9 - - [14/Dec/2014:12:04:05 -0500] "GET /galeria/nivo-slider/demo/images/9Signos.jpg HTTP/1.1" 200 93040
186.154.34.9 - - [14/Dec/2014:12:04:05 -0500] "GET /galeria/nivo-slider/demo/images/banner-musgo.jpg HTTP/1.1" 304 -
186.154.34.9 - - [14/Dec/2014:12:04:05 -0500] "GET /galeria/nivo-slider/demo/images/Jornada-adopcion.jpg HTTP/1.1" 304 -
186.154.34.9 - - [14/Dec/2014:12:04:11 -0500] "GET /videos/Spot_CambioClimatico.flv HTTP/1.1" 304 -
188.165.15.237 - - [14/Dec/2014:12:04:34 -0500] "GET /BLA/resoluciones/RESOLUCIONES%202005/RES%202005%201251-1300/00001300.tif HTTP/1.1" 200 53978
74.86.158.107 - - [14/Dec/2014:12:04:47 -0500] "HEAD / HTTP/1.1" 302 -
190.66.126.187 - - [14/Dec/2014:12:04:48 -0500] "POST /forms/lservlet;jsessionid=ac16012b30d58ef0902967c04f0f9e78f7637e7d1e04.e3iSbxaKaheRe34Sa3yKbhiTahb0n6jAmljGr5XDqQLvpAe HTTP/1.1" 200 2302
190.66.126.187 - - [14/Dec/2014:12:04:48 -0500] "POST /forms/lservlet;jsessionid=ac16012b30d58ef0902967c04f0f9e78f7637e7d1e04.e3iSbxaKaheRe34Sa3yKbhiTahb0n6jAmljGr5XDqQLvpAe HTTP/1.1" 200 2
66.249.67.67 - - [14/Dec/2014:12:04:51 -0500] "GET /BLA/resoluciones/RESOLUCIONES%202009/3957.pdf HTTP/1.1" 304 -
190.66.126.187 - - [14/Dec/2014:12:04:54 -0500] "POST /forms/lservlet;jsessionid=ac16012b30d58ef0902967c04f0f9e78f7637e7d1e04.e3iSbxaKaheRe34Sa3yKbhiTahb0n6jAmljGr5XDqQLvpAe HTTP/1.1" 200 26
190.66.126.187 - - [14/Dec/2014:12:04:54 -0500] "POST /forms/lservlet;jsessionid=ac16012b30d58ef0902967c04f0f9e78f7637e7d1e04.e3iSbxaKaheRe34Sa3yKbhiTahb0n6jAmljGr5XDqQLvpAe HTTP/1.1" 200 3755
190.66.126.187 - - [14/Dec/2014:12:04:55 -0500] "POST /forms/lservlet;jsessionid=ac16012b30d58ef0902967c04f0f9e78f7637e7d1e04.e3iSbxaKaheRe34Sa3yKbhiTahb0n6jAmljGr5XDqQLvpAe HTTP/1.1" 200 2
188.165.15.207 - - [14/Dec/2014:12:04:56 -0500] "GET /BLA/resoluciones/RESOLUCIONES%202004/RES%202004%20651-700/00000677.tif HTTP/1.1" 200 50924
89.188.144.9 - - [14/Dec/2014:12:04:58 -0500] "GET /wp/wp-admin/ HTTP/1.1" 404 1018
190.24.27.191 - - [14/Dec/2014:12:04:59 -0500] "GET /BLA/resoluciones/RESOLUCIONES%202013/0350.pdf HTTP/1.1" 200 3657267
190.24.27.191 - - [14/Dec/2014:12:05:02 -0500] "GET /BLA/resoluciones/RESOLUCIONES%202013/0350.pdf HTTP/1.1" 200 3657267
191.89.245.247 - - [14/Dec/2014:12:05:22 -0500] "GET /BLA/boletinlegal/js/jquery.scrollTo-min.js HTTP/1.1" 200 1150
191.89.245.247 - - [14/Dec/2014:12:05:22 -0500] "GET /galeria/carrusel/Carrusel/jquery.thumbnailScroller.css HTTP/1.1" 200 2066
191.89.245.247 - - [14/Dec/2014:12:05:22 -0500] "GET /BLA/boletinlegal/js/jquery.js HTTP/1.1" 200 57254
191.89.245.247 - - [14/Dec/2014:12:05:22 -0500] "GET /BLA/boletinlegal/js/jquery.scrollShow.js HTTP/1.1" 200 4586
191.89.245.247 - - [14/Dec/2014:12:05:22 -0500] "GET /galeria/carrusel/Carrusel/jquery.thumbnailScroller.js HTTP/1.1" 200 8157
191.89.245.247 - - [14/Dec/2014:12:05:22 -0500] "GET /galeria/carrusel/Carrusel/jquery-ui-1.8.13.custom.min.js HTTP/1.1" 200 10800
191.89.245.247 - - [14/Dec/2014:12:05:24 -0500] "GET /galeria/nivo-slider/demo/demo.html HTTP/1.1" 200 3252
191.89.245.247 - - [14/Dec/2014:12:05:25 -0500] "GET /galeria/nivo-slider/themes/pascal/pascal.css HTTP/1.1" 200 2258
191.89.245.247 - - [14/Dec/2014:12:05:25 -0500] "GET /galeria/nivo-slider/themes/default/default.css HTTP/1.1" 200 1569
191.89.245.247 - - [14/Dec/2014:12:05:25 -0500] "GET /galeria/nivo-slider/demo/style.css HTTP/1.1" 200 2222
191.89.245.247 - - [14/Dec/2014:12:05:25 -0500] "GET /galeria/nivo-slider/demo/images/ecolecta-Dic2014.png HTTP/1.1" 200 288593
191.89.245.247 - - [14/Dec/2014:12:05:25 -0500] "GET /galeria/nivo-slider/themes/orman/orman.css HTTP/1.1" 200 2152
191.89.245.247 - - [14/Dec/2014:12:05:25 -0500] "GET /galeria/nivo-slider/nivo-slider.css HTTP/1.1" 200 1507
191.89.245.247 - - [14/Dec/2014:12:05:25 -0500] "GET /galeria/nivo-slider/demo/images/banner-musgo.jpg HTTP/1.1" 200 49513
191.89.245.247 - - [14/Dec/2014:12:05:25 -0500] "GET /galeria/nivo-slider/demo/images/Jornada-adopcion.jpg HTTP/1.1" 200 79705
191.89.245.247 - - [14/Dec/2014:12:05:25 -0500] "GET /galeria/nivo-slider/demo/scripts/jquery-1.7.1.min.js HTTP/1.1" 200 93868
191.89.245.247 - - [14/Dec/2014:12:05:25 -0500] "GET /galeria/nivo-slider/demo/images/Banner-GAE3.jpg HTTP/1.1" 200 146354
191.89.245.247 - - [14/Dec/2014:12:05:25 -0500] "GET /galeria/nivo-slider/jquery.nivo.slider.pack.js HTTP/1.1" 200 11561
191.89.245.247 - - [14/Dec/2014:12:05:25 -0500] "GET /galeria/nivo-slider/demo/images/porloshumedales.jpg HTTP/1.1" 200 351238
191.89.245.247 - - [14/Dec/2014:12:05:25 -0500] "GET /galeria/nivo-slider/demo/images/Tingua-azul.jpg HTTP/1.1" 200 307638
191.89.245.247 - - [14/Dec/2014:12:05:25 -0500] "GET /galeria/nivo-slider/demo/images/Banner-Caracol-Africano.jpg HTTP/1.1" 200 331986
191.89.245.247 - - [14/Dec/2014:12:05:26 -0500] "GET /galeria/nivo-slider/demo/images/4Simple_Slider.png HTTP/1.1" 200 11722
191.89.245.247 - - [14/Dec/2014:12:05:26 -0500] "GET /galeria/nivo-slider/themes/default/loading.gif HTTP/1.1" 200 1737
191.89.245.247 - - [14/Dec/2014:12:05:26 -0500] "GET /galeria/nivo-slider/demo/images/banner-redes.jpg HTTP/1.1" 200 62209
191.89.245.247 - - [14/Dec/2014:12:05:26 -0500] "GET /galeria/nivo-slider/demo/images/9Signos.jpg HTTP/1.1" 200 93040
191.89.245.247 - - [14/Dec/2014:12:05:26 -0500] "GET /galeria/nivo-slider/demo/images/banner-llantas2.jpg HTTP/1.1" 200 73153
191.89.245.247 - - [14/Dec/2014:12:05:26 -0500] "GET /galeria/nivo-slider/demo/images/banner-caballos.png HTTP/1.1" 200 389106
191.89.245.247 - - [14/Dec/2014:12:05:26 -0500] "GET /galeria/nivo-slider/demo/images/Hacienda_Molinos.jpg HTTP/1.1" 200 319171
191.89.245.247 - - [14/Dec/2014:12:05:28 -0500] "GET /galeria/nivo-slider/themes/default/arrows.png HTTP/1.1" 200 824
191.89.245.247 - - [14/Dec/2014:12:05:28 -0500] "GET /galeria/nivo-slider/themes/default/bullets.png HTTP/1.1" 200 1281
66.249.67.83 - - [14/Dec/2014:12:05:51 -0500] "GET /BLA/resoluciones/RESOLUCIONES%202007/RES%202007%201401%20AL%201500/RESOLUCION%201408%20DE%202007.pdf HTTP/1.1" 304 -
201.245.192.253 - - [14/Dec/2014:12:05:52 -0500] "GET /BLA/boletinlegal/consulta_actos.php?tipo=resoluciones&no=5248&usuario=&sector=&fecha=2010&resuelve= HTTP/1.1" 200 1020
201.245.192.253 - - [14/Dec/2014:12:05:58 -0500] "GET /BLA/resoluciones/RESOLUCIONES%202010/5248.pdf HTTP/1.1" 200 816711
190.66.126.187 - - [14/Dec/2014:12:06:22 -0500] "POST /forms/lservlet;jsessionid=ac16012b30d58ef0902967c04f0f9e78f7637e7d1e04.e3iSbxaKaheRe34Sa3yKbhiTahb0n6jAmljGr5XDqQLvpAe HTTP/1.1" 200 183
190.66.126.187 - - [14/Dec/2014:12:06:23 -0500] "GET /imagenes/listval.gif HTTP/1.1" 200 905
190.66.126.187 - - [14/Dec/2014:12:06:23 -0500] "POST /forms/lservlet;jsessionid=ac16012b30d58ef0902967c04f0f9e78f7637e7d1e04.e3iSbxaKaheRe34Sa3yKbhiTahb0n6jAmljGr5XDqQLvpAe HTTP/1.1" 200 7
190.66.126.187 - - [14/Dec/2014:12:06:48 -0500] "POST /forms/lservlet;jsessionid=ac16012b30d58ef0902967c04f0f9e78f7637e7d1e04.e3iSbxaKaheRe34Sa3yKbhiTahb0n6jAmljGr5XDqQLvpAe HTTP/1.1" 200 2
188.165.15.207 - - [14/Dec/2014:12:07:26 -0500] "GET /BLA/resoluciones/RESOLUCIONES%202006/RES%202006%201151-1200/00001193.tif HTTP/1.1" 200 194624
190.8.196.145 - - [14/Dec/2014:12:08:38 -0500] "GET /BLA/boletinlegal/js/jquery.js HTTP/1.1" 200 57254
190.8.196.145 - - [14/Dec/2014:12:08:38 -0500] "GET /BLA/boletinlegal/js/jquery.scrollTo-min.js HTTP/1.1" 200 1150
190.8.196.145 - - [14/Dec/2014:12:08:38 -0500] "GET /BLA/boletinlegal/js/jquery.scrollShow.js HTTP/1.1" 200 4586
180.76.5.77 - - [14/Dec/2014:12:08:46 -0500] "GET /BLA/resoluciones/RESOLUCIONES%202007/RES%202007%201726%20AL%201800/RESOLUCION%201763%20%20DE%202007.pdf HTTP/1.1" 200 782258
190.66.126.187 - - [14/Dec/2014:12:08:47 -0500] "POST /forms/lservlet;jsessionid=ac16012b30d58ef0902967c04f0f9e78f7637e7d1e04.e3iSbxaKaheRe34Sa3yKbhiTahb0n6jAmljGr5XDqQLvpAe HTTP/1.1" 200 7
190.66.126.187 - - [14/Dec/2014:12:08:48 -0500] "POST /forms/lservlet;jsessionid=ac16012b30d58ef0902967c04f0f9e78f7637e7d1e04.e3iSbxaKaheRe34Sa3yKbhiTahb0n6jAmljGr5XDqQLvpAe HTTP/1.1" 200 2
74.86.158.107 - - [14/Dec/2014:12:09:47 -0500] "HEAD / HTTP/1.1" 302 -
190.66.126.187 - - [14/Dec/2014:12:09:59 -0500] "POST /forms/lservlet;jsessionid=ac16012b30d58ef0902967c04f0f9e78f7637e7d1e04.e3iSbxaKaheRe34Sa3yKbhiTahb0n6jAmljGr5XDqQLvpAe HTTP/1.1" 200 207
66.249.67.67 - - [14/Dec/2014:12:10:02 -0500] "GET /autoliquidacion/TR%C3%81MITES%20ACEITES-RESIDUOS-ESTACIONES/REG.%20GENERADOR/126PM04-PR75-F-A3-V2.0%20oficio%20Solicitud%20inscripci%C3%B3n.doc HTTP/1.1" 304 -
190.66.126.187 - - [14/Dec/2014:12:10:08 -0500] "POST /forms/lservlet;jsessionid=ac16012b30d58ef0902967c04f0f9e78f7637e7d1e04.e3iSbxaKaheRe34Sa3yKbhiTahb0n6jAmljGr5XDqQLvpAe HTTP/1.1" 200 70
188.165.15.95 - - [14/Dec/2014:12:10:09 -0500] "GET /BLA/resoluciones/RESOLUCIONES%202002/RES%202002%20401-450/00000412.tif HTTP/1.1" 200 58692
190.66.126.187 - - [14/Dec/2014:12:10:48 -0500] "POST /forms/lservlet;jsessionid=ac16012b30d58ef0902967c04f0f9e78f7637e7d1e04.e3iSbxaKaheRe34Sa3yKbhiTahb0n6jAmljGr5XDqQLvpAe HTTP/1.1" 200 2
186.84.39.179 - - [14/Dec/2014:12:11:08 -0500] "GET /BLA/boletinlegal/js/jquery.scrollTo-min.js HTTP/1.1" 200 1150
186.84.39.179 - - [14/Dec/2014:12:11:08 -0500] "GET /BLA/boletinlegal/js/jquery.scrollShow.js HTTP/1.1" 200 4586
186.84.39.179 - - [14/Dec/2014:12:11:08 -0500] "GET /BLA/boletinlegal/js/jquery.js HTTP/1.1" 200 57254
186.28.4.48 - - [14/Dec/2014:12:12:28 -0500] "GET /BLA/resoluciones/RESOLUCIONES%202012/1641.pdf HTTP/1.1" 200 316780
186.28.4.48 - - [14/Dec/2014:12:12:29 -0500] "GET /BLA/resoluciones/RESOLUCIONES%202012/1641.pdf HTTP/1.1" 206 32768
186.28.4.48 - - [14/Dec/2014:12:12:29 -0500] "GET /BLA/resoluciones/RESOLUCIONES%202012/1641.pdf HTTP/1.1" 206 284012
201.245.192.253 - - [14/Dec/2014:12:12:31 -0500] "GET /BLA/boletinlegal/consulta_actos.php?tipo=resoluciones&no=5249&usuario=&sector=&fecha=2010&resuelve= HTTP/1.1" 200 1020
190.66.126.187 - - [14/Dec/2014:12:12:33 -0500] "POST /forms/lservlet;jsessionid=ac16012b30d58ef0902967c04f0f9e78f7637e7d1e04.e3iSbxaKaheRe34Sa3yKbhiTahb0n6jAmljGr5XDqQLvpAe HTTP/1.1" 200 2221
201.245.192.253 - - [14/Dec/2014:12:12:35 -0500] "GET /BLA/resoluciones/RESOLUCIONES%202010/5249.pdf HTTP/1.1" 200 802928
190.66.126.187 - - [14/Dec/2014:12:12:36 -0500] "POST /forms/lservlet;jsessionid=ac16012b30d58ef0902967c04f0f9e78f7637e7d1e04.e3iSbxaKaheRe34Sa3yKbhiTahb0n6jAmljGr5XDqQLvpAe HTTP/1.1" 200 376
190.66.126.187 - - [14/Dec/2014:12:12:37 -0500] "POST /forms/lservlet;jsessionid=ac16012b30d58ef0902967c04f0f9e78f7637e7d1e04.e3iSbxaKaheRe34Sa3yKbhiTahb0n6jAmljGr5XDqQLvpAe HTTP/1.1" 200 2015
190.66.126.187 - - [14/Dec/2014:12:12:37 -0500] "POST /forms/lservlet;jsessionid=ac16012b30d58ef0902967c04f0f9e78f7637e7d1e04.e3iSbxaKaheRe34Sa3yKbhiTahb0n6jAmljGr5XDqQLvpAe HTTP/1.1" 200 78
190.66.126.187 - - [14/Dec/2014:12:12:40 -0500] "POST /forms/lservlet;jsessionid=ac16012b30d58ef0902967c04f0f9e78f7637e7d1e04.e3iSbxaKaheRe34Sa3yKbhiTahb0n6jAmljGr5XDqQLvpAe HTTP/1.1" 200 34756
190.66.126.187 - - [14/Dec/2014:12:12:41 -0500] "GET /imagenes/listval.gif HTTP/1.1" 200 905
190.66.126.187 - - [14/Dec/2014:12:12:41 -0500] "POST /forms/lservlet;jsessionid=ac16012b30d58ef0902967c04f0f9e78f7637e7d1e04.e3iSbxaKaheRe34Sa3yKbhiTahb0n6jAmljGr5XDqQLvpAe HTTP/1.1" 200 7
190.66.126.187 - - [14/Dec/2014:12:12:41 -0500] "POST /forms/lservlet;jsessionid=ac16012b30d58ef0902967c04f0f9e78f7637e7d1e04.e3iSbxaKaheRe34Sa3yKbhiTahb0n6jAmljGr5XDqQLvpAe HTTP/1.1" 200 34
190.66.126.187 - - [14/Dec/2014:12:12:41 -0500] "POST /forms/lservlet;jsessionid=ac16012b30d58ef0902967c04f0f9e78f7637e7d1e04.e3iSbxaKaheRe34Sa3yKbhiTahb0n6jAmljGr5XDqQLvpAe HTTP/1.1" 200 2
190.66.126.187 - - [14/Dec/2014:12:12:43 -0500] "POST /forms/lservlet;jsessionid=ac16012b30d58ef0902967c04f0f9e78f7637e7d1e04.e3iSbxaKaheRe34Sa3yKbhiTahb0n6jAmljGr5XDqQLvpAe HTTP/1.1" 200 610
190.66.126.187 - - [14/Dec/2014:12:12:48 -0500] "POST /forms/lservlet;jsessionid=ac16012b30d58ef0902967c04f0f9e78f7637e7d1e04.e3iSbxaKaheRe34Sa3yKbhiTahb0n6jAmljGr5XDqQLvpAe HTTP/1.1" 200 26
190.66.126.187 - - [14/Dec/2014:12:12:50 -0500] "POST /forms/lservlet;jsessionid=ac16012b30d58ef0902967c04f0f9e78f7637e7d1e04.e3iSbxaKaheRe34Sa3yKbhiTahb0n6jAmljGr5XDqQLvpAe HTTP/1.1" 200 2
190.66.126.187 - - [14/Dec/2014:12:12:50 -0500] "POST /forms/lservlet;jsessionid=ac16012b30d58ef0902967c04f0f9e78f7637e7d1e04.e3iSbxaKaheRe34Sa3yKbhiTahb0n6jAmljGr5XDqQLvpAe HTTP/1.1" 200 4081
190.66.126.187 - - [14/Dec/2014:12:12:51 -0500] "POST /forms/lservlet;jsessionid=ac16012b30d58ef0902967c04f0f9e78f7637e7d1e04.e3iSbxaKaheRe34Sa3yKbhiTahb0n6jAmljGr5XDqQLvpAe HTTP/1.1" 200 2
190.157.186.107 - - [14/Dec/2014:12:13:05 -0500] "GET /BLA/boletinlegal/js/jquery.js HTTP/1.1" 200 57254
190.157.186.107 - - [14/Dec/2014:12:13:05 -0500] "GET /BLA/boletinlegal/js/jquery.scrollTo-min.js HTTP/1.1" 200 1150
190.157.186.107 - - [14/Dec/2014:12:13:05 -0500] "GET /BLA/boletinlegal/js/jquery.scrollShow.js HTTP/1.1" 200 4586
190.157.186.107 - - [14/Dec/2014:12:13:05 -0500] "GET /galeria/carrusel/Carrusel/jquery.thumbnailScroller.css HTTP/1.1" 200 2066
190.157.186.107 - - [14/Dec/2014:12:13:05 -0500] "GET /galeria/carrusel/Carrusel/jquery-ui-1.8.13.custom.min.js HTTP/1.1" 200 10800
190.157.186.107 - - [14/Dec/2014:12:13:05 -0500] "GET /galeria/carrusel/Carrusel/jquery.thumbnailScroller.js HTTP/1.1" 200 8157
190.157.186.107 - - [14/Dec/2014:12:13:08 -0500] "GET /galeria/nivo-slider/demo/demo.html HTTP/1.1" 200 3252
190.157.186.107 - - [14/Dec/2014:12:13:08 -0500] "GET /galeria/nivo-slider/themes/default/default.css HTTP/1.1" 200 1569
190.157.186.107 - - [14/Dec/2014:12:13:08 -0500] "GET /galeria/nivo-slider/themes/pascal/pascal.css HTTP/1.1" 200 2258
190.157.186.107 - - [14/Dec/2014:12:13:08 -0500] "GET /galeria/nivo-slider/themes/orman/orman.css HTTP/1.1" 200 2152
190.157.186.107 - - [14/Dec/2014:12:13:08 -0500] "GET /galeria/nivo-slider/nivo-slider.css HTTP/1.1" 200 1507
190.157.186.107 - - [14/Dec/2014:12:13:08 -0500] "GET /galeria/nivo-slider/demo/style.css HTTP/1.1" 200 2222
190.157.186.107 - - [14/Dec/2014:12:13:08 -0500] "GET /galeria/nivo-slider/demo/images/ecolecta-Dic2014.png HTTP/1.1" 200 288593
190.157.186.107 - - [14/Dec/2014:12:13:08 -0500] "GET /galeria/nivo-slider/demo/images/banner-musgo.jpg HTTP/1.1" 200 49513
190.157.186.107 - - [14/Dec/2014:12:13:09 -0500] "GET /galeria/nivo-slider/demo/images/Jornada-adopcion.jpg HTTP/1.1" 200 79705
190.157.186.107 - - [14/Dec/2014:12:13:09 -0500] "GET /galeria/nivo-slider/demo/images/Banner-GAE3.jpg HTTP/1.1" 200 146354
190.157.186.107 - - [14/Dec/2014:12:13:09 -0500] "GET /galeria/nivo-slider/demo/images/porloshumedales.jpg HTTP/1.1" 200 351238
190.157.186.107 - - [14/Dec/2014:12:13:09 -0500] "GET /galeria/nivo-slider/demo/images/Tingua-azul.jpg HTTP/1.1" 200 307638
190.157.186.107 - - [14/Dec/2014:12:13:09 -0500] "GET /galeria/nivo-slider/demo/images/Banner-Caracol-Africano.jpg HTTP/1.1" 200 331986
190.157.186.107 - - [14/Dec/2014:12:13:09 -0500] "GET /galeria/nivo-slider/demo/images/banner-redes.jpg HTTP/1.1" 200 62209
