66.249.67.83 - - [14/Dec/2014:01:39:34 -0500] "GET /BLA/resoluciones/RESOLUCIONES%202010/6244.pdf HTTP/1.1" 304 -
74.86.158.107 - - [14/Dec/2014:01:39:49 -0500] "HEAD / HTTP/1.1" 302 -
186.147.5.7 - - [14/Dec/2014:01:41:01 -0500] "GET /galeria/carrusel/Carrusel/jquery.thumbnailScroller.css HTTP/1.1" 200 2066
186.147.5.7 - - [14/Dec/2014:01:41:01 -0500] "GET /BLA/boletinlegal/js/jquery.js HTTP/1.1" 200 57254
186.147.5.7 - - [14/Dec/2014:01:41:01 -0500] "GET /BLA/boletinlegal/js/jquery.scrollTo-min.js HTTP/1.1" 200 1150
186.147.5.7 - - [14/Dec/2014:01:41:01 -0500] "GET /galeria/carrusel/Carrusel/jquery.thumbnailScroller.js HTTP/1.1" 200 8157
186.147.5.7 - - [14/Dec/2014:01:41:01 -0500] "GET /BLA/boletinlegal/js/jquery.scrollShow.js HTTP/1.1" 200 4586
186.147.5.7 - - [14/Dec/2014:01:41:01 -0500] "GET /galeria/carrusel/Carrusel/jquery-ui-1.8.13.custom.min.js HTTP/1.1" 200 10800
186.147.5.7 - - [14/Dec/2014:01:41:02 -0500] "GET /galeria/nivo-slider/demo/demo.html HTTP/1.1" 200 3252
186.147.5.7 - - [14/Dec/2014:01:41:02 -0500] "GET /galeria/nivo-slider/themes/default/default.css HTTP/1.1" 200 1569
186.147.5.7 - - [14/Dec/2014:01:41:02 -0500] "GET /galeria/nivo-slider/themes/pascal/pascal.css HTTP/1.1" 200 2258
186.147.5.7 - - [14/Dec/2014:01:41:02 -0500] "GET /galeria/nivo-slider/themes/orman/orman.css HTTP/1.1" 200 2152
186.147.5.7 - - [14/Dec/2014:01:41:02 -0500] "GET /galeria/nivo-slider/demo/style.css HTTP/1.1" 200 2222
186.147.5.7 - - [14/Dec/2014:01:41:02 -0500] "GET /galeria/nivo-slider/demo/scripts/jquery-1.7.1.min.js HTTP/1.1" 200 93868
186.147.5.7 - - [14/Dec/2014:01:41:02 -0500] "GET /galeria/nivo-slider/nivo-slider.css HTTP/1.1" 200 1507
186.147.5.7 - - [14/Dec/2014:01:41:02 -0500] "GET /galeria/nivo-slider/jquery.nivo.slider.pack.js HTTP/1.1" 200 11561
186.147.5.7 - - [14/Dec/2014:01:41:02 -0500] "GET /galeria/nivo-slider/demo/images/Jornada-adopcion.jpg HTTP/1.1" 200 79705
186.147.5.7 - - [14/Dec/2014:01:41:02 -0500] "GET /galeria/nivo-slider/demo/images/ecolecta-Dic2014.png HTTP/1.1" 200 288593
186.147.5.7 - - [14/Dec/2014:01:41:02 -0500] "GET /galeria/nivo-slider/demo/images/banner-musgo.jpg HTTP/1.1" 200 49513
186.147.5.7 - - [14/Dec/2014:01:41:02 -0500] "GET /galeria/nivo-slider/demo/images/Banner-GAE3.jpg HTTP/1.1" 200 146354
186.147.5.7 - - [14/Dec/2014:01:41:03 -0500] "GET /galeria/nivo-slider/demo/images/porloshumedales.jpg HTTP/1.1" 200 351238
186.147.5.7 - - [14/Dec/2014:01:41:03 -0500] "GET /galeria/nivo-slider/demo/images/Tingua-azul.jpg HTTP/1.1" 200 307638
186.147.5.7 - - [14/Dec/2014:01:41:03 -0500] "GET /galeria/nivo-slider/demo/images/Banner-Caracol-Africano.jpg HTTP/1.1" 200 331986
186.147.5.7 - - [14/Dec/2014:01:41:04 -0500] "GET /galeria/nivo-slider/demo/images/banner-redes.jpg HTTP/1.1" 200 62209
186.147.5.7 - - [14/Dec/2014:01:41:04 -0500] "GET /galeria/nivo-slider/demo/images/9Signos.jpg HTTP/1.1" 200 93040
186.147.5.7 - - [14/Dec/2014:01:41:04 -0500] "GET /galeria/nivo-slider/demo/images/banner-llantas2.jpg HTTP/1.1" 200 73153
180.76.5.189 - - [14/Dec/2014:01:41:04 -0500] "GET /BLA/resoluciones/RESOLUCIONES%202010/1148.pdf HTTP/1.1" 200 100724
186.147.5.7 - - [14/Dec/2014:01:41:05 -0500] "GET /galeria/nivo-slider/demo/images/banner-caballos.png HTTP/1.1" 200 389106
186.147.5.7 - - [14/Dec/2014:01:41:05 -0500] "GET /galeria/nivo-slider/demo/images/Hacienda_Molinos.jpg HTTP/1.1" 200 319171
186.147.5.7 - - [14/Dec/2014:01:41:05 -0500] "GET /galeria/nivo-slider/demo/images/4Simple_Slider.png HTTP/1.1" 200 11722
186.147.5.7 - - [14/Dec/2014:01:41:06 -0500] "GET /galeria/nivo-slider/themes/default/loading.gif HTTP/1.1" 200 1737
186.147.5.7 - - [14/Dec/2014:01:41:09 -0500] "GET /galeria/nivo-slider/themes/default/bullets.png HTTP/1.1" 200 1281
186.147.5.7 - - [14/Dec/2014:01:41:09 -0500] "GET /galeria/nivo-slider/themes/default/arrows.png HTTP/1.1" 200 824
186.147.5.7 - - [14/Dec/2014:01:41:12 -0500] "GET /videos/Spot_CambioClimatico.flv HTTP/1.1" 200 4371917
180.76.6.135 - - [14/Dec/2014:01:41:59 -0500] "GET /BLA/boletinlegal/Circulares/2012/Circular%20No.%204%20del%2019%20de%20abril%20de%202012.pdf HTTP/1.1" 200 253045
66.249.67.83 - - [14/Dec/2014:01:42:24 -0500] "GET /BLA/resoluciones/AUTOS%202011/5761.pdf HTTP/1.1" 304 -
74.86.158.107 - - [14/Dec/2014:01:44:49 -0500] "HEAD / HTTP/1.1" 302 -
188.165.15.98 - - [14/Dec/2014:01:44:58 -0500] "GET /BLA/resoluciones/index.php?dir=RESOLUCIONES%202005/RES%202005%202351-2400/&sort=date&order=asc HTTP/1.1" 200 12366
66.249.67.75 - - [14/Dec/2014:01:45:14 -0500] "GET /BLA/resoluciones/RESOLUCIONES%202010/4433.pdf HTTP/1.1" 304 -
66.249.67.83 - - [14/Dec/2014:01:46:12 -0500] "GET /portel_dama/libreria/xls/tramites/rhidrico/as7.pdf HTTP/1.1" 404 1018
186.144.214.6 - - [14/Dec/2014:01:48:01 -0500] "GET /BLA/resoluciones/Notificaciones/AUTOS%202014/2133.doc HTTP/1.1" 200 229888
66.249.67.67 - - [14/Dec/2014:01:48:04 -0500] "GET /BLA/resoluciones/AUTOS%202009/1485.pdf HTTP/1.1" 304 -
202.46.52.24 - - [14/Dec/2014:01:48:26 -0500] "GET / HTTP/1.1" 302 -
157.55.39.217 - - [14/Dec/2014:01:48:32 -0500] "GET /dama/libreria/pdf/pigas/piga_tt/pzonasverdes.pdf HTTP/1.1" 404 1019
119.63.193.196 - - [14/Dec/2014:01:48:52 -0500] "GET / HTTP/1.1" 302 -
186.144.214.6 - - [14/Dec/2014:01:49:00 -0500] "GET /BLA/resoluciones/Notificaciones/AUTOS%202014/5755.doc HTTP/1.1" 200 202240
66.249.67.83 - - [14/Dec/2014:01:49:06 -0500] "GET /BLA/resoluciones/RESOLUCIONES%202004/RES%202004%201451-1500/00001484.tif HTTP/1.1" 200 104896
74.86.158.107 - - [14/Dec/2014:01:49:49 -0500] "HEAD / HTTP/1.1" 302 -
180.76.5.187 - - [14/Dec/2014:01:50:16 -0500] "GET /BLA/resoluciones/RESOLUCIONES%202010/0472.pdf HTTP/1.1" 200 114016
66.249.67.75 - - [14/Dec/2014:01:50:54 -0500] "GET /BLA/resoluciones/RESOLUCIONES%202008/5093.pdf HTTP/1.1" 200 213083
180.76.5.188 - - [14/Dec/2014:01:51:11 -0500] "GET /BLA/resoluciones/RESOLUCIONES%202010/0240.pdf HTTP/1.1" 200 285353
157.55.39.113 - - [14/Dec/2014:01:51:14 -0500] "GET /formularios/formulario-tics.php? HTTP/1.1" 200 3888
188.165.15.183 - - [14/Dec/2014:01:51:56 -0500] "GET /BLA/resoluciones/RESOLUCIONES%202003/RES%202003%202101-2150/20032144.tif HTTP/1.1" 200 301498
188.165.15.207 - - [14/Dec/2014:01:52:05 -0500] "GET /BLA/resoluciones/RESOLUCIONES%202006/RES%202006%20751-800/00000792.tif HTTP/1.1" 200 36980
66.249.67.83 - - [14/Dec/2014:01:52:30 -0500] "GET /BLA/resoluciones/AUTOS%202013/1175.pdf HTTP/1.1" 200 829545
188.165.15.237 - - [14/Dec/2014:01:53:14 -0500] "GET /BLA/resoluciones/RESOLUCIONES%202003/RES%202003%201501-1550/20031549.tif HTTP/1.1" 200 42058
66.249.67.83 - - [14/Dec/2014:01:53:44 -0500] "GET /BLA/resoluciones/RESOLUCIONES%202012/1214.pdf HTTP/1.1" 200 744477
180.76.5.187 - - [14/Dec/2014:01:53:49 -0500] "GET /BLA/resoluciones/RESOLUCIONES%202010/2567.pdf HTTP/1.1" 200 545745
74.86.158.107 - - [14/Dec/2014:01:54:49 -0500] "HEAD / HTTP/1.1" 302 -
186.144.214.6 - - [14/Dec/2014:01:55:01 -0500] "GET /BLA/resoluciones/Notificaciones/AUTOS%202014/4450.doc HTTP/1.1" 200 110592
186.30.154.111 - - [14/Dec/2014:01:56:07 -0500] "GET /galeria/nivo-slider/demo/demo.html HTTP/1.1" 200 3252
186.30.154.111 - - [14/Dec/2014:01:56:07 -0500] "GET /galeria/nivo-slider/demo/images/ecolecta-Dic2014.png HTTP/1.1" 200 288593
186.30.154.111 - - [14/Dec/2014:01:56:07 -0500] "GET /galeria/nivo-slider/demo/images/banner-musgo.jpg HTTP/1.1" 304 -
186.30.154.111 - - [14/Dec/2014:01:56:07 -0500] "GET /galeria/nivo-slider/demo/images/Jornada-adopcion.jpg HTTP/1.1" 304 -
186.30.154.111 - - [14/Dec/2014:01:56:07 -0500] "GET /galeria/nivo-slider/demo/images/porloshumedales.jpg HTTP/1.1" 304 -
186.30.154.111 - - [14/Dec/2014:01:56:07 -0500] "GET /galeria/nivo-slider/demo/images/banner-llantas2.jpg HTTP/1.1" 200 73153
186.30.154.111 - - [14/Dec/2014:01:56:07 -0500] "GET /galeria/nivo-slider/demo/images/Banner-GAE3.jpg HTTP/1.1" 304 -
186.30.154.111 - - [14/Dec/2014:01:56:07 -0500] "GET /galeria/nivo-slider/demo/images/banner-redes.jpg HTTP/1.1" 304 -
66.249.67.75 - - [14/Dec/2014:01:56:34 -0500] "GET /BLA/resoluciones/RESOLUCIONES%202012/1098.pdf HTTP/1.1" 304 -
66.249.67.83 - - [14/Dec/2014:01:56:38 -0500] "GET /BLA/resoluciones/RESOLUCIONES%202004/RES%202004%202051-2100/00002086.tif HTTP/1.1" 200 161500
186.81.100.142 - - [14/Dec/2014:01:58:06 -0500] "GET /BLA/resoluciones/RESOLUCIONES%202013/0779.pdf HTTP/1.1" 200 2461695
188.165.15.165 - - [14/Dec/2014:01:58:32 -0500] "GET /BLA/resoluciones/RESOLUCIONES%202005/RES%202005%20951-1000/00000952.tif HTTP/1.1" 200 149824
68.180.229.40 - - [14/Dec/2014:01:58:51 -0500] "GET /BLA/boletinlegal/norma_menu.php HTTP/1.1" 200 5286
66.249.67.75 - - [14/Dec/2014:01:59:24 -0500] "GET /BLA/resoluciones/AUTOS%202008/0625.pdf HTTP/1.1" 304 -
74.86.158.107 - - [14/Dec/2014:01:59:49 -0500] "HEAD / HTTP/1.1" 302 -
66.249.67.83 - - [14/Dec/2014:02:00:40 -0500] "GET /BLA/boletinlegal/js/jquery.js HTTP/1.1" 200 57254
66.249.67.83 - - [14/Dec/2014:02:00:40 -0500] "GET /BLA/boletinlegal/js/jquery.scrollTo-min.js HTTP/1.1" 200 1150
66.249.67.83 - - [14/Dec/2014:02:00:40 -0500] "GET /BLA/boletinlegal/js/jquery.scrollShow.js HTTP/1.1" 200 4586
180.76.6.49 - - [14/Dec/2014:02:00:55 -0500] "GET /BLA/resoluciones/RESOLUCIONES%202010/0255.pdf HTTP/1.1" 200 404771
180.76.5.143 - - [14/Dec/2014:02:02:06 -0500] "GET /Autoliquidacion/index.php?dir= HTTP/1.1" 200 6375
66.249.67.67 - - [14/Dec/2014:02:02:14 -0500] "GET /BLA/resoluciones/RESOLUCIONES%202012/1090.pdf HTTP/1.1" 304 -
182.118.20.168 - - [14/Dec/2014:02:02:28 -0500] "GET / HTTP/1.1" 302 -
66.249.67.83 - - [14/Dec/2014:02:02:33 -0500] "GET /BLA/resoluciones/RESOLUCIONES%202004/RES%202004%20651-700/00000682.tif HTTP/1.1" 200 44218
188.165.15.183 - - [14/Dec/2014:02:02:36 -0500] "GET /BLA/resoluciones/RESOLUCIONES%202002/RES%202002%2051-100/2002RES74.tif HTTP/1.1" 200 33058
180.76.6.55 - - [14/Dec/2014:02:03:18 -0500] "GET /BLA/resoluciones/RESOLUCIONES%202010/0051.pdf HTTP/1.1" 200 492225
123.125.71.41 - - [14/Dec/2014:02:03:29 -0500] "GET / HTTP/1.1" 302 -
180.76.5.71 - - [14/Dec/2014:02:04:30 -0500] "GET /BLA/resoluciones/RESOLUCIONES%202007/RES%202007%20201%20AL%20300/RESOLUCION%200266%20DE%202007.pdf HTTP/1.1" 200 593612
74.86.158.107 - - [14/Dec/2014:02:04:49 -0500] "HEAD / HTTP/1.1" 302 -
220.181.108.93 - - [14/Dec/2014:02:04:49 -0500] "GET / HTTP/1.1" 302 -
66.249.67.83 - - [14/Dec/2014:02:05:04 -0500] "GET /BLA/resoluciones/RESOLUCIONES%202007/RES%202007%20101%20AL%20200/RESOLUCION%200187%20DE%202007.pdf HTTP/1.1" 200 154515
157.55.39.62 - - [14/Dec/2014:02:07:14 -0500] "GET /dama/libreria/php/decide.php?patron=03.1305020113&numm=33 HTTP/1.1" 404 1019
66.249.67.75 - - [14/Dec/2014:02:07:54 -0500] "GET /BLA/resoluciones/RESOLUCIONES%202009/6245.pdf HTTP/1.1" 200 1048121
178.132.219.218 - - [14/Dec/2014:02:08:37 -0500] "POST /xmlrpc.php HTTP/1.1" 404 1018
74.86.158.107 - - [14/Dec/2014:02:09:49 -0500] "HEAD / HTTP/1.1" 302 -
188.165.15.224 - - [14/Dec/2014:02:10:13 -0500] "GET /BLA/resoluciones/RESOLUCIONES%202005/RES%202005%201-50/00000006.tif HTTP/1.1" 200 358496
66.249.67.83 - - [14/Dec/2014:02:10:31 -0500] "GET /BLA/resoluciones/RESOLUCIONES%202008/1485.pdf HTTP/1.1" 200 298366
66.249.67.75 - - [14/Dec/2014:02:10:44 -0500] "GET /BLA/resoluciones/RESOLUCIONES%202007/RES%202007%204101%20AL%204200/RESOLUCION%204186%20DE%202007.pdf HTTP/1.1" 200 401160
180.76.6.134 - - [14/Dec/2014:02:10:53 -0500] "GET /BLA/resoluciones/RESOLUCIONES%202010/1802.pdf HTTP/1.1" 200 349246
188.165.15.95 - - [14/Dec/2014:02:11:03 -0500] "GET /BLA/resoluciones/RESOLUCIONES%202002/RES%202002%2001-50/2002RES35.tif HTTP/1.1" 200 50110
66.249.67.83 - - [14/Dec/2014:02:11:41 -0500] "GET /BLA/resoluciones/AUTOS%202007/0050.pdf HTTP/1.1" 200 63270
66.249.67.67 - - [14/Dec/2014:02:13:35 -0500] "GET /BLA/resoluciones/RESOLUCIONES%202008/1395.pdf HTTP/1.1" 200 295365
180.76.6.148 - - [14/Dec/2014:02:13:50 -0500] "GET /BLA/resoluciones/RESOLUCIONES%202010/0295.pdf HTTP/1.1" 200 389746
188.165.15.60 - - [14/Dec/2014:02:14:04 -0500] "GET /BLA/resoluciones/RESOLUCIONES%202004/RES%202004%20901-950/00000928.tif HTTP/1.1" 200 117144
188.165.15.165 - - [14/Dec/2014:02:14:40 -0500] "GET /BLA/resoluciones/RESOLUCIONES%202004/RES%202004%20551-600/00000562.tif HTTP/1.1" 200 111296
66.249.67.67 - - [14/Dec/2014:02:14:46 -0500] "GET /BLA/resoluciones/RESOLUCIONES%202007/RES%202007%20301%20AL%20400/RESOLUCION%200323%20DE%202007.pdf HTTP/1.1" 200 374547
74.86.158.107 - - [14/Dec/2014:02:14:49 -0500] "HEAD / HTTP/1.1" 302 -
157.55.39.113 - - [14/Dec/2014:02:15:28 -0500] "GET /huelladecarbono/index.html HTTP/1.1" 404 1018
66.249.67.83 - - [14/Dec/2014:02:16:25 -0500] "GET /BLA/resoluciones/RESOLUCIONES%202009/5693.pdf HTTP/1.1" 304 -
66.249.67.83 - - [14/Dec/2014:02:16:40 -0500] "GET /BLA/resoluciones/RESOLUCIONES%202002/RES%202002%201751-1800/20021773.tif HTTP/1.1" 200 81510
189.217.147.193 - - [14/Dec/2014:02:18:24 -0500] "GET /BLA/boletinlegal/js/jquery.js HTTP/1.1" 200 57254
189.217.147.193 - - [14/Dec/2014:02:18:24 -0500] "GET /BLA/boletinlegal/js/jquery.scrollTo-min.js HTTP/1.1" 200 1150
189.217.147.193 - - [14/Dec/2014:02:18:24 -0500] "GET /BLA/boletinlegal/js/jquery.scrollShow.js HTTP/1.1" 200 4586
66.249.67.67 - - [14/Dec/2014:02:19:15 -0500] "GET /resoluciones/AUTOS%202007/3306.pdf HTTP/1.1" 404 1018
74.86.158.107 - - [14/Dec/2014:02:19:49 -0500] "HEAD / HTTP/1.1" 302 -
188.165.15.237 - - [14/Dec/2014:02:20:17 -0500] "GET /BLA/resoluciones/RESOLUCIONES%202005/RES%202005%201351-1400/00001397.tif HTTP/1.1" 200 41540
188.165.15.183 - - [14/Dec/2014:02:20:55 -0500] "GET /BLA/resoluciones/index.php?dir=RESOLUCIONES%202002/RES%202002%20701-750/&sort=date&order=asc HTTP/1.1" 200 12223
66.249.67.67 - - [14/Dec/2014:02:22:05 -0500] "GET /resoluciones/RESOLUCIONES%202010/1420.pdf HTTP/1.1" 404 1018
188.165.15.237 - - [14/Dec/2014:02:22:22 -0500] "GET /BLA/resoluciones/RESOLUCIONES%202006/RES%202006%20251-300/00000251.tif HTTP/1.1" 200 70466
188.165.15.98 - - [14/Dec/2014:02:23:48 -0500] "GET /BLA/resoluciones/index.php?dir=RESOLUCIONES%202004/RES%202004%2051-100/&sort=name&order=asc HTTP/1.1" 200 11980
74.86.158.107 - - [14/Dec/2014:02:24:49 -0500] "HEAD / HTTP/1.1" 302 -
66.249.67.119 - - [14/Dec/2014:02:24:55 -0500] "GET /POT-2013/Cartografia/22_Sistema%20de%20Gas%20Natural_FEB.pdf HTTP/1.1" 200 4131653
66.249.67.67 - - [14/Dec/2014:02:28:22 -0500] "GET /BLA/resoluciones/RESOLUCIONES%202004/RES%202004%20651-700/00000692.tif HTTP/1.1" 200 116228
188.165.15.95 - - [14/Dec/2014:02:28:49 -0500] "GET /BLA/resoluciones/RESOLUCIONES%202004/RES%202004%20301-350/00000325.tif HTTP/1.1" 200 252820
74.86.158.107 - - [14/Dec/2014:02:29:49 -0500] "HEAD / HTTP/1.1" 302 -
66.249.67.75 - - [14/Dec/2014:02:31:31 -0500] "GET /BLA/resoluciones/index.php?dir=RESOLUCIONES%202004/RES%202004%201901-1950/&sort=size&order=asc HTTP/1.1" 200 12350
188.165.15.29 - - [14/Dec/2014:02:32:03 -0500] "GET /BLA/resoluciones/RESOLUCIONES%202003/RES%202003%201201-1250/2003RES1211.tif HTTP/1.1" 200 207196
188.165.15.165 - - [14/Dec/2014:02:32:45 -0500] "GET /BLA/resoluciones/RESOLUCIONES%202005/RES%202005%20851-900/00000897.tif HTTP/1.1" 200 183182
157.55.39.113 - - [14/Dec/2014:02:33:01 -0500] "GET /formularios/formulario-tics.php? HTTP/1.1" 200 3888
180.76.6.17 - - [14/Dec/2014:02:33:37 -0500] "GET /BLA/resoluciones/RESOLUCIONES%202010/0648.pdf HTTP/1.1" 200 503945
180.76.6.53 - - [14/Dec/2014:02:34:48 -0500] "GET /BLA/resoluciones/RESOLUCIONES%202010/0973.pdf HTTP/1.1" 200 59042
74.86.158.107 - - [14/Dec/2014:02:34:49 -0500] "HEAD / HTTP/1.1" 302 -
188.165.15.231 - - [14/Dec/2014:02:35:10 -0500] "GET /BLA/resoluciones/RESOLUCIONES%202006/RES%202006%201751-1800/00001795.tif HTTP/1.1" 200 131994
66.249.67.67 - - [14/Dec/2014:02:36:15 -0500] "GET /Autoliquidacion/index.php?dir=Solicitud%20de%20Licencia%20Ambiental/&sort=name&order=desc HTTP/1.1" 200 2641
188.165.15.49 - - [14/Dec/2014:02:36:36 -0500] "GET /actualizaciones/legisla/Dc077590.htm HTTP/1.1" 404 1019
66.249.67.83 - - [14/Dec/2014:02:36:49 -0500] "GET /BLA/resoluciones/RESOLUCIONES%202011/6815.pdf HTTP/1.1" 200 414172
188.165.15.60 - - [14/Dec/2014:02:36:53 -0500] "GET /BLA/resoluciones/RESOLUCIONES%202006/RES%202006%20%202901-2950/00002948.tif HTTP/1.1" 200 81186
180.76.5.25 - - [14/Dec/2014:02:38:14 -0500] "GET /BLA/resoluciones/RESOLUCIONES%202010/0675.pdf HTTP/1.1" 200 112656
66.249.67.67 - - [14/Dec/2014:02:38:37 -0500] "GET /BLA/resoluciones/AUTOS%202013/0553.pdf HTTP/1.1" 200 1534935
66.249.67.67 - - [14/Dec/2014:02:39:05 -0500] "GET /BLA/resoluciones/AUTOS%202013/1101.pdf HTTP/1.1" 200 1603463
188.165.15.237 - - [14/Dec/2014:02:39:12 -0500] "GET /BLA/resoluciones/RESOLUCIONES%202002/RES%202002%20201-250/2002RES207.tif HTTP/1.1" 200 117592
74.86.158.107 - - [14/Dec/2014:02:39:49 -0500] "HEAD / HTTP/1.1" 302 -
66.249.67.67 - - [14/Dec/2014:02:40:08 -0500] "GET /BLA/resoluciones/AUTOS%202007/0862.pdf HTTP/1.1" 200 67512
157.55.39.62 - - [14/Dec/2014:02:40:47 -0500] "GET /dama/libreria/php/frame_detalle.php?h_id=546&patron=01.0301 HTTP/1.1" 404 1019
66.249.67.67 - - [14/Dec/2014:02:41:55 -0500] "GET /BLA/resoluciones/AUTOS%202013/0953.pdf HTTP/1.1" 304 -
188.165.15.231 - - [14/Dec/2014:02:42:38 -0500] "GET /BLA/resoluciones/RESOLUCIONES%202004/RES%202004%20151-200/00000200.tif HTTP/1.1" 200 353992
188.165.15.130 - - [14/Dec/2014:02:43:02 -0500] "GET /BLA/resoluciones/RESOLUCIONES%202005/RES%202005%20851-900/00000899.tif HTTP/1.1" 200 428970
188.165.15.130 - - [14/Dec/2014:02:43:16 -0500] "GET /BLA/resoluciones/RESOLUCIONES%202002/RES%202002%2051-100/2002RES70.tif HTTP/1.1" 200 74606
180.76.5.80 - - [14/Dec/2014:02:43:51 -0500] "GET /BLA/resoluciones/RESOLUCIONES%202010/1786.pdf HTTP/1.1" 200 561008
66.249.67.67 - - [14/Dec/2014:02:44:45 -0500] "GET /BLA/resoluciones/AUTOS%202013/0538.pdf HTTP/1.1" 304 -
74.86.158.107 - - [14/Dec/2014:02:44:49 -0500] "HEAD / HTTP/1.1" 302 -
180.76.5.21 - - [14/Dec/2014:02:46:14 -0500] "GET /BLA/resoluciones/RESOLUCIONES%202010/0372.pdf HTTP/1.1" 200 498488
188.165.15.130 - - [14/Dec/2014:02:46:29 -0500] "GET /BLA/resoluciones/RESOLUCIONES%202003/RES%202003%20251-300/290.tif HTTP/1.1" 200 505756
188.165.15.130 - - [14/Dec/2014:02:47:18 -0500] "GET /BLA/resoluciones/RESOLUCIONES%202002/RES%202002%20801-850/00000830.tif HTTP/1.1" 200 82068
180.76.5.66 - - [14/Dec/2014:02:47:26 -0500] "GET /BLA/resoluciones/RESOLUCIONES%202010/0647.pdf HTTP/1.1" 200 504249
66.249.67.75 - - [14/Dec/2014:02:47:35 -0500] "GET /BLA/resoluciones/RESOLUCIONES%202004/RES%202004%201851-1900/00001888.tif HTTP/1.1" 200 100624
66.249.67.75 - - [14/Dec/2014:02:47:36 -0500] "GET /BLA/resoluciones/RESOLUCIONES%202010/7092.pdf HTTP/1.1" 304 -
188.165.15.237 - - [14/Dec/2014:02:48:23 -0500] "GET /BLA/resoluciones/index.php?dir=RESOLUCIONES+2008%2F HTTP/1.1" 200 557966
180.76.6.136 - - [14/Dec/2014:02:48:37 -0500] "GET /BLA/resoluciones/RESOLUCIONES%202010/0929.pdf HTTP/1.1" 200 101308
74.86.158.107 - - [14/Dec/2014:02:49:49 -0500] "HEAD / HTTP/1.1" 302 -
188.165.15.29 - - [14/Dec/2014:02:50:25 -0500] "GET /BLA/resoluciones/RESOLUCIONES%202002/RES%202002%20951-1000/00000982.tif HTTP/1.1" 200 83768
66.249.67.67 - - [14/Dec/2014:02:50:41 -0500] "GET /BLA/resoluciones/AUTOS%202009/2754.pdf HTTP/1.1" 200 93741
66.249.67.75 - - [14/Dec/2014:02:50:41 -0500] "GET /BLA/resoluciones/RESOLUCIONES%202007/RES%202007%201401%20AL%201500/RESOLUCION%201445%20DE%202007.pdf HTTP/1.1" 200 626137
66.249.67.67 - - [14/Dec/2014:02:51:10 -0500] "GET /BLA/resoluciones/Autos%202008/0811.pdf HTTP/1.1" 200 82989
188.165.15.98 - - [14/Dec/2014:02:51:34 -0500] "GET /BLA/resoluciones/RESOLUCIONES%202006/RES%202006%201451-1500/00001454.tif HTTP/1.1" 200 278588
66.249.67.75 - - [14/Dec/2014:02:51:39 -0500] "GET /BLA/resoluciones/RESOLUCIONES%202007/RES%202007%202101%20AL%202200/RESOLUCION%202185%20DE%202007.pdf HTTP/1.1" 200 223458
66.249.67.75 - - [14/Dec/2014:02:53:15 -0500] "GET /BLA/resoluciones/AUTOS%202010/6258.pdf HTTP/1.1" 304 -
179.7.94.26 - - [14/Dec/2014:02:53:35 -0500] "GET /BLA/boletinlegal/js/jquery.js HTTP/1.1" 200 57254
179.7.94.26 - - [14/Dec/2014:02:53:35 -0500] "GET /BLA/boletinlegal/js/jquery.scrollTo-min.js HTTP/1.1" 200 1150
179.7.94.26 - - [14/Dec/2014:02:53:35 -0500] "GET /BLA/boletinlegal/js/jquery.scrollShow.js HTTP/1.1" 200 4586
179.7.94.26 - - [14/Dec/2014:02:53:35 -0500] "GET /galeria/carrusel/Carrusel/jquery.thumbnailScroller.css HTTP/1.1" 200 2066
179.7.94.26 - - [14/Dec/2014:02:53:35 -0500] "GET /galeria/carrusel/Carrusel/jquery-ui-1.8.13.custom.min.js HTTP/1.1" 200 10800
179.7.94.26 - - [14/Dec/2014:02:53:36 -0500] "GET /galeria/carrusel/Carrusel/jquery.thumbnailScroller.js HTTP/1.1" 200 8157
179.7.94.26 - - [14/Dec/2014:02:53:44 -0500] "GET /galeria/nivo-slider/demo/demo.html HTTP/1.1" 200 3252
74.86.158.107 - - [14/Dec/2014:02:54:49 -0500] "HEAD / HTTP/1.1" 302 -
66.249.67.67 - - [14/Dec/2014:02:55:43 -0500] "GET /BLA/resoluciones/Autos%202008/1345.pdf HTTP/1.1" 200 69936
66.249.67.83 - - [14/Dec/2014:02:56:06 -0500] "GET /BLA/resoluciones/RESOLUCIONES%202010/0319.pdf HTTP/1.1" 304 -
186.147.5.7 - - [14/Dec/2014:02:56:11 -0500] "GET /videos/Spot_CambioClimatico.flv HTTP/1.1" 206 3424654
190.25.232.143 - - [14/Dec/2014:02:57:04 -0500] "GET /StormSDA/stormWeb/presentacion.html HTTP/1.1" 304 -
66.249.67.83 - - [14/Dec/2014:02:57:08 -0500] "GET /BLA/resoluciones/RESOLUCIONES%202004/RES%202004%20651-700/00000668.tif HTTP/1.1" 200 147566
66.249.67.107 - - [14/Dec/2014:02:58:56 -0500] "GET /BLA/resoluciones/RESOLUCIONES%202007/RES%202007%204101%20AL%204200/RESOLUCION%204132%20DE%202007.pdf HTTP/1.1" 200 669004
188.165.15.60 - - [14/Dec/2014:02:59:17 -0500] "GET /BLA/resoluciones/index.php?dir=RESOLUCIONES%202007/RES%202007%201601%20AL%201725/&sort=date&order=asc HTTP/1.1" 200 7202
74.86.158.107 - - [14/Dec/2014:02:59:49 -0500] "HEAD / HTTP/1.1" 302 -
66.249.67.67 - - [14/Dec/2014:03:01:46 -0500] "GET /BLA/resoluciones/AUTOS%202007/0797.pdf HTTP/1.1" 200 70762
188.165.15.60 - - [14/Dec/2014:03:02:10 -0500] "GET /BLA/resoluciones/RESOLUCIONES%202005/RES%202005%201401-1450/00001439.tif HTTP/1.1" 200 141430
188.165.15.29 - - [14/Dec/2014:03:02:17 -0500] "GET /BLA/resoluciones/RESOLUCIONES%202004/RES%202004%2001-%2050/00000038.tif HTTP/1.1" 200 104868
66.249.67.83 - - [14/Dec/2014:03:02:38 -0500] "GET /BLA/resoluciones/RESOLUCIONES%202007/RES%202007%202001%20AL%202100/RESOLUCION%202057%20DE%202007.pdf HTTP/1.1" 200 6515767
66.249.67.67 - - [14/Dec/2014:03:02:54 -0500] "GET /BLA/resoluciones/Autos%202008/0179.pdf HTTP/1.1" 200 96656
66.249.67.83 - - [14/Dec/2014:03:04:02 -0500] "GET /BLA/resoluciones/RESOLUCIONES%202007/RES%202007%20601%20AL%20700/RESOLUCION%200694%20DE%202007.pdf HTTP/1.1" 200 909287
66.249.67.67 - - [14/Dec/2014:03:04:36 -0500] "GET /BLA/resoluciones/RESOLUCIONES%202007/RES%202007%20401%20AL%20500/RESOLUCION%200412%20DE%202007.pdf HTTP/1.1" 304 -
74.86.158.107 - - [14/Dec/2014:03:04:48 -0500] "HEAD / HTTP/1.1" 302 -
66.249.67.67 - - [14/Dec/2014:03:05:49 -0500] "GET /BLA/resoluciones/Autos%202008/0564.pdf HTTP/1.1" 200 138988
66.249.67.67 - - [14/Dec/2014:03:07:03 -0500] "GET /BLA/resoluciones/Autos%202008/1842.pdf HTTP/1.1" 200 276383
66.249.67.75 - - [14/Dec/2014:03:07:26 -0500] "GET /BLA/resoluciones/RESOLUCIONES%202008/5529.pdf HTTP/1.1" 304 -
66.249.67.67 - - [14/Dec/2014:03:07:26 -0500] "GET /BLA/resoluciones/RESOLUCIONES%202010/5864.pdf HTTP/1.1" 200 180594
66.249.67.75 - - [14/Dec/2014:03:08:28 -0500] "GET /BLA/resoluciones/RESOLUCIONES%202007/RES%202007%201101%20AL%201200/RESOLUCION%201147%20DE%202007.pdf HTTP/1.1" 200 497954
188.165.15.95 - - [14/Dec/2014:03:09:02 -0500] "GET /BLA/resoluciones/RESOLUCIONES%202006/RES%202006%201751-1800/00001774.tif HTTP/1.1" 200 132852
74.86.158.107 - - [14/Dec/2014:03:09:48 -0500] "HEAD / HTTP/1.1" 302 -
66.249.67.67 - - [14/Dec/2014:03:10:16 -0500] "GET /BLA/resoluciones/AUTOS%202009/0562.pdf HTTP/1.1" 200 125297
188.165.15.29 - - [14/Dec/2014:03:10:47 -0500] "GET /BLA/resoluciones/RESOLUCIONES%202006/RES%202006%201801-1850/00001818.tif HTTP/1.1" 200 771538
66.249.67.119 - - [14/Dec/2014:03:10:54 -0500] "GET /POT-2013/SEGUIMIENTO/Microsoft%20Word%20-%20seguimiento_evaluacion%20POT%20Oct%2029.doc.pdf HTTP/1.1" 200 791863
66.249.67.75 - - [14/Dec/2014:03:10:58 -0500] "GET /Residuos/maderas/maderas.html HTTP/1.1" 404 1018
66.249.67.67 - - [14/Dec/2014:03:11:08 -0500] "GET /BLA/resoluciones/Autos%202008/2874.pdf HTTP/1.1" 200 218428
188.165.15.165 - - [14/Dec/2014:03:12:57 -0500] "GET /BLA/resoluciones/RESOLUCIONES%202004/RES%202004%201751-1800/00001773.tif HTTP/1.1" 200 148860
66.249.67.75 - - [14/Dec/2014:03:13:06 -0500] "GET /BLA/resoluciones/RESOLUCIONES%202009/8126.pdf HTTP/1.1" 200 556148
188.165.15.207 - - [14/Dec/2014:03:13:27 -0500] "GET /BLA/resoluciones/RESOLUCIONES%202006/RES%202006%202501-2550/00002539.tif HTTP/1.1" 200 198322
180.76.6.230 - - [14/Dec/2014:03:13:42 -0500] "GET /BLA/resoluciones/RESOLUCIONES%202010/2875.pdf HTTP/1.1" 200 263283
188.165.15.60 - - [14/Dec/2014:03:13:48 -0500] "GET /BLA/resoluciones/index.php?dir=RESOLUCIONES%202005/RES%202005%201951-2000/&sort=size&order=asc HTTP/1.1" 200 12359
66.249.67.83 - - [14/Dec/2014:03:14:16 -0500] "GET /BLA/resoluciones/RESOLUCIONES%202004/RES%202004%202151-2200/00002155.tif HTTP/1.1" 200 243596
74.86.158.107 - - [14/Dec/2014:03:14:48 -0500] "HEAD / HTTP/1.1" 302 -
66.249.67.75 - - [14/Dec/2014:03:15:56 -0500] "GET /BLA/resoluciones/RESOLUCIONES%202010/3025.pdf HTTP/1.1" 200 830519
188.165.15.29 - - [14/Dec/2014:03:17:20 -0500] "GET /BLA/resoluciones/RESOLUCIONES%202003/RES%202003%201851--1900/20031883.tif HTTP/1.1" 200 81384
66.249.67.83 - - [14/Dec/2014:03:17:43 -0500] "GET /BLA/resoluciones/AUTOS%202011/3064.pdf HTTP/1.1" 200 186949
66.249.67.83 - - [14/Dec/2014:03:17:59 -0500] "GET /BLA/resoluciones/Autos%202008/1382.pdf HTTP/1.1" 200 84887
66.249.67.83 - - [14/Dec/2014:03:18:46 -0500] "GET /BLA/resoluciones/RESOLUCIONES%202009/2172.pdf HTTP/1.1" 304 -
74.86.158.107 - - [14/Dec/2014:03:19:48 -0500] "HEAD / HTTP/1.1" 302 -
188.165.15.231 - - [14/Dec/2014:03:20:32 -0500] "GET /BLA/resoluciones/RESOLUCIONES%202006/RES%202006%201901-1950/00001937.tif HTTP/1.1" 200 197238
66.249.67.83 - - [14/Dec/2014:03:21:36 -0500] "GET /BLA/resoluciones/RESOLUCIONES%202011/0157.pdf HTTP/1.1" 200 275643
66.249.67.75 - - [14/Dec/2014:03:21:50 -0500] "GET /BLA/resoluciones/RESOLUCIONES%202008/1657.pdf HTTP/1.1" 200 205044
66.249.67.67 - - [14/Dec/2014:03:22:00 -0500] "GET /BLA/resoluciones/RESOLUCIONES%202007/RES%202007%20201%20AL%20300/RESOLUCION%200206%20DE%202007.pdf HTTP/1.1" 200 356767
180.76.6.66 - - [14/Dec/2014:03:22:06 -0500] "GET /BLA/resoluciones/RESOLUCIONES%202007/RES%202007%20201%20AL%20300/RESOLUCION%200288%20DE%202007.pdf HTTP/1.1" 200 340658
66.249.67.83 - - [14/Dec/2014:03:23:45 -0500] "GET /BLA/resoluciones/Autos%202008/3046.pdf HTTP/1.1" 200 84235
188.165.15.130 - - [14/Dec/2014:03:23:59 -0500] "GET /BLA/resoluciones/index.php?dir=RESOLUCIONES+2003%2FRES+2003+401-450%2F HTTP/1.1" 200 11312
66.249.67.75 - - [14/Dec/2014:03:24:26 -0500] "GET /BLA/resoluciones/RESOLUCIONES%202007/RES%202007%20301%20AL%20400/RESOLUCION%200337%20DE%202007.pdf HTTP/1.1" 304 -
74.86.158.107 - - [14/Dec/2014:03:24:48 -0500] "HEAD / HTTP/1.1" 302 -
188.165.15.237 - - [14/Dec/2014:03:25:21 -0500] "GET /BLA/resoluciones/RESOLUCIONES%202003/RES%202003%20551-600/580.tif HTTP/1.1" 200 70244
66.249.67.83 - - [14/Dec/2014:03:25:56 -0500] "GET /BLA/resoluciones/RESOLUCIONES%202004/RES%202004%20651-700/00000693.tif HTTP/1.1" 200 198390
66.249.67.67 - - [14/Dec/2014:03:27:16 -0500] "GET /BLA/resoluciones/RESOLUCIONES%202007/RES%202007%204101%20AL%204200/RESOLUCION%204134%20%20DE%202007.pdf HTTP/1.1" 200 264525
188.165.15.98 - - [14/Dec/2014:03:27:47 -0500] "GET /BLA/resoluciones/RESOLUCIONES%202004/RES%202004%20751-800/00000792.tif HTTP/1.1" 200 142830
188.165.15.207 - - [14/Dec/2014:03:28:18 -0500] "GET /BLA/resoluciones/RESOLUCIONES%202002/RES%202002%20901-950/00000943.tif HTTP/1.1" 200 74820
188.165.15.224 - - [14/Dec/2014:03:28:24 -0500] "GET /BLA/resoluciones/RESOLUCIONES%202005/RES%202005%20901-950/00000944.tif HTTP/1.1" 200 141998
74.86.158.107 - - [14/Dec/2014:03:29:48 -0500] "HEAD / HTTP/1.1" 302 -
188.165.15.165 - - [14/Dec/2014:03:30:00 -0500] "GET /BLA/resoluciones/RESOLUCIONES%202004/RES%202004%202301-2350/00002346.tif HTTP/1.1" 200 109192
66.249.67.75 - - [14/Dec/2014:03:30:06 -0500] "GET /BLA/resoluciones/RESOLUCIONES%202007/RES%202007%201%20AL%20100/RESOLUCION%200043%20DE%202007.pdf HTTP/1.1" 304 -
66.249.67.75 - - [14/Dec/2014:03:30:42 -0500] "GET /BLA/resoluciones/Autos%202008/1872.pdf HTTP/1.1" 200 165332
188.165.15.130 - - [14/Dec/2014:03:32:09 -0500] "GET /BLA/resoluciones/RESOLUCIONES%202004/RES%202004%202351-2401/00002356.tif HTTP/1.1" 200 95250
66.249.67.67 - - [14/Dec/2014:03:32:57 -0500] "GET /BLA/resoluciones/AUTOS%202010/1734.pdf HTTP/1.1" 200 100751
188.165.15.207 - - [14/Dec/2014:03:34:35 -0500] "GET /BLA/resoluciones/RESOLUCIONES%202006/RES%202006%20251-300/00000298.tif HTTP/1.1" 200 70552
74.86.158.107 - - [14/Dec/2014:03:34:48 -0500] "HEAD / HTTP/1.1" 302 -
188.165.15.165 - - [14/Dec/2014:03:35:12 -0500] "GET /BLA/resoluciones/RESOLUCIONES%202003/RES%202003%20301-350/310.tif HTTP/1.1" 200 1373116
180.76.6.14 - - [14/Dec/2014:03:35:26 -0500] "GET /BLA/resoluciones/RESOLUCIONES%202010/0530.pdf HTTP/1.1" 200 393006
66.249.67.67 - - [14/Dec/2014:03:35:47 -0500] "GET /BLA/resoluciones/RESOLUCIONES%202009/9746.pdf HTTP/1.1" 304 -
188.165.15.237 - - [14/Dec/2014:03:35:51 -0500] "GET /BLA/resoluciones/index.php?dir=RESOLUCIONES%202005/RES%202005%202101-2150/&sort=size&order=desc HTTP/1.1" 200 12345
180.76.6.17 - - [14/Dec/2014:03:36:21 -0500] "GET /BLA/resoluciones/RESOLUCIONES%202010/0398.pdf HTTP/1.1" 200 121968
180.76.5.67 - - [14/Dec/2014:03:37:17 -0500] "GET /BLA/boletinlegal/Circulares/2009/Circular%20No.%2035%20del%2024%20de%20Diciembre%20de%202009.pdf HTTP/1.1" 200 578234
66.249.67.83 - - [14/Dec/2014:03:38:37 -0500] "GET /BLA/resoluciones/RESOLUCIONES%202007/RES%202007%204201%20AL%204300/RESOLUCION%204278%20DE%202007.pdf HTTP/1.1" 200 1307428
74.86.158.107 - - [14/Dec/2014:03:39:48 -0500] "HEAD / HTTP/1.1" 302 -
190.66.126.187 - - [14/Dec/2014:03:40:17 -0500] "GET /forms/frmservlet?config=sia HTTP/1.1" 200 4028
190.66.126.187 - - [14/Dec/2014:03:40:22 -0500] "GET /forms/java/frmall_jinit.jar HTTP/1.1" 304 -
190.66.126.187 - - [14/Dec/2014:03:40:23 -0500] "GET /forms/java/icons.jar HTTP/1.1" 304 -
188.165.15.165 - - [14/Dec/2014:03:40:23 -0500] "GET /BLA/resoluciones/RESOLUCIONES%202005/RES%202005%20%201601-1650/00001618.tif HTTP/1.1" 200 138946
190.66.126.187 - - [14/Dec/2014:03:40:23 -0500] "GET /forms/java/java/awt/KeyboardFocusManager.class HTTP/1.1" 404 352
190.66.126.187 - - [14/Dec/2014:03:40:23 -0500] "GET /forms/java/java/awt/KeyboardFocusManager.class HTTP/1.1" 404 352
190.66.126.187 - - [14/Dec/2014:03:40:23 -0500] "GET /forms/java/java/awt/event/MouseWheelListener.class HTTP/1.1" 404 356
190.66.126.187 - - [14/Dec/2014:03:40:24 -0500] "GET /forms/java/java/awt/event/MouseWheelListener.class HTTP/1.1" 404 356
190.66.126.187 - - [14/Dec/2014:03:40:24 -0500] "GET /forms/java/oracle/forms/registry/Registry.dat HTTP/1.1" 200 4213
190.66.126.187 - - [14/Dec/2014:03:40:24 -0500] "GET /forms/java/oracle/forms/registry/default.dat HTTP/1.1" 404 350
190.66.126.187 - - [14/Dec/2014:03:40:24 -0500] "GET /forms/frmservlet?config=sia&acceptLanguage=es-ES&ifcmd=startsession HTTP/1.1" 200 119
190.66.126.187 - - [14/Dec/2014:03:40:25 -0500] "GET /forms/lservlet;jsessionid=ac16012b30d58ef0902967c04f0f9e78f7637e7d1e04.e3iSbxaKaheRe34Sa3yKbhiTahb0n6jAmljGr5XDqQLvpAe?ifcmd=getinfo&ifhost=YesidGuerrero&ifip=192.168.1.6 HTTP/1.1" 200 8
190.66.126.187 - - [14/Dec/2014:03:40:25 -0500] "POST /forms/lservlet;jsessionid=ac16012b30d58ef0902967c04f0f9e78f7637e7d1e04.e3iSbxaKaheRe34Sa3yKbhiTahb0n6jAmljGr5XDqQLvpAe HTTP/1.1" 200 8
190.66.126.187 - - [14/Dec/2014:03:40:25 -0500] "POST /forms/lservlet;jsessionid=ac16012b30d58ef0902967c04f0f9e78f7637e7d1e04.e3iSbxaKaheRe34Sa3yKbhiTahb0n6jAmljGr5XDqQLvpAe HTTP/1.1" 200 64000
190.66.126.187 - - [14/Dec/2014:03:40:26 -0500] "POST /forms/lservlet;jsessionid=ac16012b30d58ef0902967c04f0f9e78f7637e7d1e04.e3iSbxaKaheRe34Sa3yKbhiTahb0n6jAmljGr5XDqQLvpAe HTTP/1.1" 200 64000
190.66.126.187 - - [14/Dec/2014:03:40:26 -0500] "POST /forms/lservlet;jsessionid=ac16012b30d58ef0902967c04f0f9e78f7637e7d1e04.e3iSbxaKaheRe34Sa3yKbhiTahb0n6jAmljGr5XDqQLvpAe HTTP/1.1" 200 63623
190.66.126.187 - - [14/Dec/2014:03:40:27 -0500] "HEAD /imagenes/dama_logo.gif HTTP/1.1" 200 -
190.66.126.187 - - [14/Dec/2014:03:40:27 -0500] "GET /imagenes/dama_logo.gif HTTP/1.1" 200 21482
190.66.126.187 - - [14/Dec/2014:03:40:29 -0500] "POST /forms/lservlet;jsessionid=ac16012b30d58ef0902967c04f0f9e78f7637e7d1e04.e3iSbxaKaheRe34Sa3yKbhiTahb0n6jAmljGr5XDqQLvpAe HTTP/1.1" 200 2
190.66.126.187 - - [14/Dec/2014:03:40:29 -0500] "POST /forms/lservlet;jsessionid=ac16012b30d58ef0902967c04f0f9e78f7637e7d1e04.e3iSbxaKaheRe34Sa3yKbhiTahb0n6jAmljGr5XDqQLvpAe HTTP/1.1" 200 2
190.66.126.187 - - [14/Dec/2014:03:40:44 -0500] "POST /forms/lservlet;jsessionid=ac16012b30d58ef0902967c04f0f9e78f7637e7d1e04.e3iSbxaKaheRe34Sa3yKbhiTahb0n6jAmljGr5XDqQLvpAe HTTP/1.1" 200 7994
190.66.126.187 - - [14/Dec/2014:03:40:45 -0500] "POST /forms/lservlet;jsessionid=ac16012b30d58ef0902967c04f0f9e78f7637e7d1e04.e3iSbxaKaheRe34Sa3yKbhiTahb0n6jAmljGr5XDqQLvpAe HTTP/1.1" 200 64
190.66.126.187 - - [14/Dec/2014:03:40:45 -0500] "POST /forms/lservlet;jsessionid=ac16012b30d58ef0902967c04f0f9e78f7637e7d1e04.e3iSbxaKaheRe34Sa3yKbhiTahb0n6jAmljGr5XDqQLvpAe HTTP/1.1" 200 2
190.66.126.187 - - [14/Dec/2014:03:40:45 -0500] "POST /forms/lservlet;jsessionid=ac16012b30d58ef0902967c04f0f9e78f7637e7d1e04.e3iSbxaKaheRe34Sa3yKbhiTahb0n6jAmljGr5XDqQLvpAe HTTP/1.1" 200 2
190.66.126.187 - - [14/Dec/2014:03:40:45 -0500] "POST /forms/lservlet;jsessionid=ac16012b30d58ef0902967c04f0f9e78f7637e7d1e04.e3iSbxaKaheRe34Sa3yKbhiTahb0n6jAmljGr5XDqQLvpAe HTTP/1.1" 200 2
190.66.126.187 - - [14/Dec/2014:03:40:49 -0500] "POST /forms/lservlet;jsessionid=ac16012b30d58ef0902967c04f0f9e78f7637e7d1e04.e3iSbxaKaheRe34Sa3yKbhiTahb0n6jAmljGr5XDqQLvpAe HTTP/1.1" 200 34711
190.66.126.187 - - [14/Dec/2014:03:40:50 -0500] "GET /imagenes/listval.gif HTTP/1.1" 200 905
190.66.126.187 - - [14/Dec/2014:03:40:50 -0500] "GET /imagenes/tree1.gif HTTP/1.1" 200 1161
190.66.126.187 - - [14/Dec/2014:03:40:50 -0500] "GET /imagenes/listval.gif HTTP/1.1" 200 905
190.66.126.187 - - [14/Dec/2014:03:40:50 -0500] "GET /imagenes/CAMERA3.gif HTTP/1.1" 200 4150
190.66.126.187 - - [14/Dec/2014:03:40:50 -0500] "GET /imagenes/SLIDE1.gif HTTP/1.1" 200 1111
190.66.126.187 - - [14/Dec/2014:03:40:50 -0500] "GET /imagenes/flexcomb.gif HTTP/1.1" 200 1169
190.66.126.187 - - [14/Dec/2014:03:40:51 -0500] "GET /imagenes/GO.gif HTTP/1.1" 200 904
190.66.126.187 - - [14/Dec/2014:03:40:51 -0500] "GET /imagenes/HRTOOLS.gif HTTP/1.1" 200 2238
190.66.126.187 - - [14/Dec/2014:03:40:51 -0500] "GET /imagenes/rt_rec1.gif HTTP/1.1" 200 867
190.66.126.187 - - [14/Dec/2014:03:40:51 -0500] "GET /imagenes/apply.gif HTTP/1.1" 200 903
190.66.126.187 - - [14/Dec/2014:03:40:51 -0500] "GET /imagenes/exit.gif HTTP/1.1" 200 916
190.66.126.187 - - [14/Dec/2014:03:40:51 -0500] "GET /imagenes/LISTVAL.gif HTTP/1.1" 200 905
190.66.126.187 - - [14/Dec/2014:03:40:51 -0500] "GET /imagenes/edit.gif HTTP/1.1" 200 919
190.66.126.187 - - [14/Dec/2014:03:40:51 -0500] "GET /imagenes/rt_rec4.gif HTTP/1.1" 200 865
190.66.126.187 - - [14/Dec/2014:03:40:51 -0500] "GET /imagenes/rt_rec3.gif HTTP/1.1" 200 844
190.66.126.187 - - [14/Dec/2014:03:40:51 -0500] "GET /imagenes/rt_rec2.gif HTTP/1.1" 200 847
190.66.126.187 - - [14/Dec/2014:03:40:51 -0500] "GET /imagenes/rt_rdel.gif HTTP/1.1" 200 899
190.66.126.187 - - [14/Dec/2014:03:40:51 -0500] "GET /imagenes/rt_radd.gif HTTP/1.1" 200 907
190.66.126.187 - - [14/Dec/2014:03:40:51 -0500] "GET /imagenes/rt_quer3.gif HTTP/1.1" 200 939
190.66.126.187 - - [14/Dec/2014:03:40:51 -0500] "GET /imagenes/rt_quer2.gif HTTP/1.1" 200 936
190.66.126.187 - - [14/Dec/2014:03:40:51 -0500] "GET /imagenes/rt_quer1.gif HTTP/1.1" 200 930
190.66.126.187 - - [14/Dec/2014:03:40:51 -0500] "GET /imagenes/rt_save.gif HTTP/1.1" 200 903
190.66.126.187 - - [14/Dec/2014:03:40:51 -0500] "GET /imagenes/rt_pset.gif HTTP/1.1" 200 914
190.66.126.187 - - [14/Dec/2014:03:40:51 -0500] "GET /imagenes/QUEJA.gif HTTP/1.1" 200 1091
190.66.126.187 - - [14/Dec/2014:03:40:51 -0500] "GET /imagenes/ARBOL.gif HTTP/1.1" 200 1026
190.66.126.187 - - [14/Dec/2014:03:40:51 -0500] "GET /imagenes/Clipboard.gif HTTP/1.1" 200 1466
190.66.126.187 - - [14/Dec/2014:03:40:51 -0500] "GET /imagenes/DINERO.gif HTTP/1.1" 200 1766
190.66.126.187 - - [14/Dec/2014:03:40:51 -0500] "GET /imagenes/URGENTE.gif HTTP/1.1" 200 964
190.66.126.187 - - [14/Dec/2014:03:40:52 -0500] "GET /imagenes/TREE4.gif HTTP/1.1" 200 4150
190.66.126.187 - - [14/Dec/2014:03:40:52 -0500] "POST /forms/lservlet;jsessionid=ac16012b30d58ef0902967c04f0f9e78f7637e7d1e04.e3iSbxaKaheRe34Sa3yKbhiTahb0n6jAmljGr5XDqQLvpAe HTTP/1.1" 200 7
190.66.126.187 - - [14/Dec/2014:03:40:52 -0500] "POST /forms/lservlet;jsessionid=ac16012b30d58ef0902967c04f0f9e78f7637e7d1e04.e3iSbxaKaheRe34Sa3yKbhiTahb0n6jAmljGr5XDqQLvpAe HTTP/1.1" 200 34
190.66.126.187 - - [14/Dec/2014:03:40:52 -0500] "POST /forms/lservlet;jsessionid=ac16012b30d58ef0902967c04f0f9e78f7637e7d1e04.e3iSbxaKaheRe34Sa3yKbhiTahb0n6jAmljGr5XDqQLvpAe HTTP/1.1" 200 2
190.66.126.187 - - [14/Dec/2014:03:40:53 -0500] "POST /forms/lservlet;jsessionid=ac16012b30d58ef0902967c04f0f9e78f7637e7d1e04.e3iSbxaKaheRe34Sa3yKbhiTahb0n6jAmljGr5XDqQLvpAe HTTP/1.1" 200 647
190.66.126.187 - - [14/Dec/2014:03:40:59 -0500] "POST /forms/lservlet;jsessionid=ac16012b30d58ef0902967c04f0f9e78f7637e7d1e04.e3iSbxaKaheRe34Sa3yKbhiTahb0n6jAmljGr5XDqQLvpAe HTTP/1.1" 200 30
190.66.126.187 - - [14/Dec/2014:03:41:06 -0500] "POST /forms/lservlet;jsessionid=ac16012b30d58ef0902967c04f0f9e78f7637e7d1e04.e3iSbxaKaheRe34Sa3yKbhiTahb0n6jAmljGr5XDqQLvpAe HTTP/1.1" 200 24
190.66.126.187 - - [14/Dec/2014:03:41:06 -0500] "POST /forms/lservlet;jsessionid=ac16012b30d58ef0902967c04f0f9e78f7637e7d1e04.e3iSbxaKaheRe34Sa3yKbhiTahb0n6jAmljGr5XDqQLvpAe HTTP/1.1" 200 14
190.66.126.187 - - [14/Dec/2014:03:41:07 -0500] "POST /forms/lservlet;jsessionid=ac16012b30d58ef0902967c04f0f9e78f7637e7d1e04.e3iSbxaKaheRe34Sa3yKbhiTahb0n6jAmljGr5XDqQLvpAe HTTP/1.1" 200 14
190.66.126.187 - - [14/Dec/2014:03:41:08 -0500] "POST /forms/lservlet;jsessionid=ac16012b30d58ef0902967c04f0f9e78f7637e7d1e04.e3iSbxaKaheRe34Sa3yKbhiTahb0n6jAmljGr5XDqQLvpAe HTTP/1.1" 200 14
190.66.126.187 - - [14/Dec/2014:03:41:10 -0500] "POST /forms/lservlet;jsessionid=ac16012b30d58ef0902967c04f0f9e78f7637e7d1e04.e3iSbxaKaheRe34Sa3yKbhiTahb0n6jAmljGr5XDqQLvpAe HTTP/1.1" 200 14
190.66.126.187 - - [14/Dec/2014:03:41:12 -0500] "POST /forms/lservlet;jsessionid=ac16012b30d58ef0902967c04f0f9e78f7637e7d1e04.e3iSbxaKaheRe34Sa3yKbhiTahb0n6jAmljGr5XDqQLvpAe HTTP/1.1" 200 4008
190.66.126.187 - - [14/Dec/2014:03:41:12 -0500] "POST /forms/lservlet;jsessionid=ac16012b30d58ef0902967c04f0f9e78f7637e7d1e04.e3iSbxaKaheRe34Sa3yKbhiTahb0n6jAmljGr5XDqQLvpAe HTTP/1.1" 200 20
66.249.67.119 - - [14/Dec/2014:03:41:27 -0500] "GET /PORTAL_SIAC/swf/Residuos/metalmecanica/metalmecanica.html HTTP/1.1" 200 1969
190.66.126.187 - - [14/Dec/2014:03:41:28 -0500] "POST /forms/lservlet;jsessionid=ac16012b30d58ef0902967c04f0f9e78f7637e7d1e04.e3iSbxaKaheRe34Sa3yKbhiTahb0n6jAmljGr5XDqQLvpAe HTTP/1.1" 200 2
190.66.126.187 - - [14/Dec/2014:03:41:28 -0500] "POST /forms/lservlet;jsessionid=ac16012b30d58ef0902967c04f0f9e78f7637e7d1e04.e3iSbxaKaheRe34Sa3yKbhiTahb0n6jAmljGr5XDqQLvpAe HTTP/1.1" 200 2152
190.66.126.187 - - [14/Dec/2014:03:41:28 -0500] "POST /forms/lservlet;jsessionid=ac16012b30d58ef0902967c04f0f9e78f7637e7d1e04.e3iSbxaKaheRe34Sa3yKbhiTahb0n6jAmljGr5XDqQLvpAe HTTP/1.1" 200 10
190.66.126.187 - - [14/Dec/2014:03:41:32 -0500] "POST /forms/lservlet;jsessionid=ac16012b30d58ef0902967c04f0f9e78f7637e7d1e04.e3iSbxaKaheRe34Sa3yKbhiTahb0n6jAmljGr5XDqQLvpAe HTTP/1.1" 200 2
190.66.126.187 - - [14/Dec/2014:03:41:32 -0500] "POST /forms/lservlet;jsessionid=ac16012b30d58ef0902967c04f0f9e78f7637e7d1e04.e3iSbxaKaheRe34Sa3yKbhiTahb0n6jAmljGr5XDqQLvpAe HTTP/1.1" 200 2916
190.66.126.187 - - [14/Dec/2014:03:41:32 -0500] "POST /forms/lservlet;jsessionid=ac16012b30d58ef0902967c04f0f9e78f7637e7d1e04.e3iSbxaKaheRe34Sa3yKbhiTahb0n6jAmljGr5XDqQLvpAe HTTP/1.1" 200 2
190.66.126.187 - - [14/Dec/2014:03:41:33 -0500] "POST /forms/lservlet;jsessionid=ac16012b30d58ef0902967c04f0f9e78f7637e7d1e04.e3iSbxaKaheRe34Sa3yKbhiTahb0n6jAmljGr5XDqQLvpAe HTTP/1.1" 200 2
190.66.126.187 - - [14/Dec/2014:03:41:33 -0500] "POST /forms/lservlet;jsessionid=ac16012b30d58ef0902967c04f0f9e78f7637e7d1e04.e3iSbxaKaheRe34Sa3yKbhiTahb0n6jAmljGr5XDqQLvpAe HTTP/1.1" 200 36
190.66.126.187 - - [14/Dec/2014:03:41:33 -0500] "POST /forms/lservlet;jsessionid=ac16012b30d58ef0902967c04f0f9e78f7637e7d1e04.e3iSbxaKaheRe34Sa3yKbhiTahb0n6jAmljGr5XDqQLvpAe HTTP/1.1" 200 2
190.66.126.187 - - [14/Dec/2014:03:41:35 -0500] "POST /forms/lservlet;jsessionid=ac16012b30d58ef0902967c04f0f9e78f7637e7d1e04.e3iSbxaKaheRe34Sa3yKbhiTahb0n6jAmljGr5XDqQLvpAe HTTP/1.1" 200 2
190.66.126.187 - - [14/Dec/2014:03:41:35 -0500] "POST /forms/lservlet;jsessionid=ac16012b30d58ef0902967c04f0f9e78f7637e7d1e04.e3iSbxaKaheRe34Sa3yKbhiTahb0n6jAmljGr5XDqQLvpAe HTTP/1.1" 200 34
190.66.126.187 - - [14/Dec/2014:03:41:35 -0500] "POST /forms/lservlet;jsessionid=ac16012b30d58ef0902967c04f0f9e78f7637e7d1e04.e3iSbxaKaheRe34Sa3yKbhiTahb0n6jAmljGr5XDqQLvpAe HTTP/1.1" 200 2
190.66.126.187 - - [14/Dec/2014:03:41:36 -0500] "POST /forms/lservlet;jsessionid=ac16012b30d58ef0902967c04f0f9e78f7637e7d1e04.e3iSbxaKaheRe34Sa3yKbhiTahb0n6jAmljGr5XDqQLvpAe HTTP/1.1" 200 2
190.66.126.187 - - [14/Dec/2014:03:41:36 -0500] "POST /forms/lservlet;jsessionid=ac16012b30d58ef0902967c04f0f9e78f7637e7d1e04.e3iSbxaKaheRe34Sa3yKbhiTahb0n6jAmljGr5XDqQLvpAe HTTP/1.1" 200 2139
190.66.126.187 - - [14/Dec/2014:03:41:36 -0500] "POST /forms/lservlet;jsessionid=ac16012b30d58ef0902967c04f0f9e78f7637e7d1e04.e3iSbxaKaheRe34Sa3yKbhiTahb0n6jAmljGr5XDqQLvpAe HTTP/1.1" 200 10
190.66.126.187 - - [14/Dec/2014:03:41:40 -0500] "POST /forms/lservlet;jsessionid=ac16012b30d58ef0902967c04f0f9e78f7637e7d1e04.e3iSbxaKaheRe34Sa3yKbhiTahb0n6jAmljGr5XDqQLvpAe HTTP/1.1" 200 629
190.66.126.187 - - [14/Dec/2014:03:41:42 -0500] "POST /forms/lservlet;jsessionid=ac16012b30d58ef0902967c04f0f9e78f7637e7d1e04.e3iSbxaKaheRe34Sa3yKbhiTahb0n6jAmljGr5XDqQLvpAe HTTP/1.1" 200 49
190.66.126.187 - - [14/Dec/2014:03:42:13 -0500] "POST /forms/lservlet;jsessionid=ac16012b30d58ef0902967c04f0f9e78f7637e7d1e04.e3iSbxaKaheRe34Sa3yKbhiTahb0n6jAmljGr5XDqQLvpAe HTTP/1.1" 200 24
190.66.126.187 - - [14/Dec/2014:03:42:13 -0500] "POST /forms/lservlet;jsessionid=ac16012b30d58ef0902967c04f0f9e78f7637e7d1e04.e3iSbxaKaheRe34Sa3yKbhiTahb0n6jAmljGr5XDqQLvpAe HTTP/1.1" 200 14
190.66.126.187 - - [14/Dec/2014:03:42:14 -0500] "POST /forms/lservlet;jsessionid=ac16012b30d58ef0902967c04f0f9e78f7637e7d1e04.e3iSbxaKaheRe34Sa3yKbhiTahb0n6jAmljGr5XDqQLvpAe HTTP/1.1" 200 5502
190.66.126.187 - - [14/Dec/2014:03:42:15 -0500] "POST /forms/lservlet;jsessionid=ac16012b30d58ef0902967c04f0f9e78f7637e7d1e04.e3iSbxaKaheRe34Sa3yKbhiTahb0n6jAmljGr5XDqQLvpAe HTTP/1.1" 200 20
190.66.126.187 - - [14/Dec/2014:03:42:20 -0500] "POST /forms/lservlet;jsessionid=ac16012b30d58ef0902967c04f0f9e78f7637e7d1e04.e3iSbxaKaheRe34Sa3yKbhiTahb0n6jAmljGr5XDqQLvpAe HTTP/1.1" 200 2
190.66.126.187 - - [14/Dec/2014:03:42:20 -0500] "POST /forms/lservlet;jsessionid=ac16012b30d58ef0902967c04f0f9e78f7637e7d1e04.e3iSbxaKaheRe34Sa3yKbhiTahb0n6jAmljGr5XDqQLvpAe HTTP/1.1" 200 2701
190.66.126.187 - - [14/Dec/2014:03:42:21 -0500] "POST /forms/lservlet;jsessionid=ac16012b30d58ef0902967c04f0f9e78f7637e7d1e04.e3iSbxaKaheRe34Sa3yKbhiTahb0n6jAmljGr5XDqQLvpAe HTTP/1.1" 200 2
190.66.126.187 - - [14/Dec/2014:03:42:23 -0500] "POST /forms/lservlet;jsessionid=ac16012b30d58ef0902967c04f0f9e78f7637e7d1e04.e3iSbxaKaheRe34Sa3yKbhiTahb0n6jAmljGr5XDqQLvpAe HTTP/1.1" 200 2
190.66.126.187 - - [14/Dec/2014:03:42:23 -0500] "POST /forms/lservlet;jsessionid=ac16012b30d58ef0902967c04f0f9e78f7637e7d1e04.e3iSbxaKaheRe34Sa3yKbhiTahb0n6jAmljGr5XDqQLvpAe HTTP/1.1" 200 3221
190.66.126.187 - - [14/Dec/2014:03:42:24 -0500] "POST /forms/lservlet;jsessionid=ac16012b30d58ef0902967c04f0f9e78f7637e7d1e04.e3iSbxaKaheRe34Sa3yKbhiTahb0n6jAmljGr5XDqQLvpAe HTTP/1.1" 200 2
190.66.126.187 - - [14/Dec/2014:03:42:25 -0500] "POST /forms/lservlet;jsessionid=ac16012b30d58ef0902967c04f0f9e78f7637e7d1e04.e3iSbxaKaheRe34Sa3yKbhiTahb0n6jAmljGr5XDqQLvpAe HTTP/1.1" 200 2
190.66.126.187 - - [14/Dec/2014:03:42:25 -0500] "POST /forms/lservlet;jsessionid=ac16012b30d58ef0902967c04f0f9e78f7637e7d1e04.e3iSbxaKaheRe34Sa3yKbhiTahb0n6jAmljGr5XDqQLvpAe HTTP/1.1" 200 2
190.66.126.187 - - [14/Dec/2014:03:42:26 -0500] "POST /forms/lservlet;jsessionid=ac16012b30d58ef0902967c04f0f9e78f7637e7d1e04.e3iSbxaKaheRe34Sa3yKbhiTahb0n6jAmljGr5XDqQLvpAe HTTP/1.1" 200 2841
190.66.126.187 - - [14/Dec/2014:03:42:26 -0500] "POST /forms/lservlet;jsessionid=ac16012b30d58ef0902967c04f0f9e78f7637e7d1e04.e3iSbxaKaheRe34Sa3yKbhiTahb0n6jAmljGr5XDqQLvpAe HTTP/1.1" 200 2
190.66.126.187 - - [14/Dec/2014:03:42:27 -0500] "POST /forms/lservlet;jsessionid=ac16012b30d58ef0902967c04f0f9e78f7637e7d1e04.e3iSbxaKaheRe34Sa3yKbhiTahb0n6jAmljGr5XDqQLvpAe HTTP/1.1" 200 2
190.66.126.187 - - [14/Dec/2014:03:42:28 -0500] "POST /forms/lservlet;jsessionid=ac16012b30d58ef0902967c04f0f9e78f7637e7d1e04.e3iSbxaKaheRe34Sa3yKbhiTahb0n6jAmljGr5XDqQLvpAe HTTP/1.1" 200 2217
190.66.126.187 - - [14/Dec/2014:03:42:28 -0500] "POST /forms/lservlet;jsessionid=ac16012b30d58ef0902967c04f0f9e78f7637e7d1e04.e3iSbxaKaheRe34Sa3yKbhiTahb0n6jAmljGr5XDqQLvpAe HTTP/1.1" 200 10
190.66.126.187 - - [14/Dec/2014:03:42:31 -0500] "POST /forms/lservlet;jsessionid=ac16012b30d58ef0902967c04f0f9e78f7637e7d1e04.e3iSbxaKaheRe34Sa3yKbhiTahb0n6jAmljGr5XDqQLvpAe HTTP/1.1" 200 649
190.66.126.187 - - [14/Dec/2014:03:42:32 -0500] "POST /forms/lservlet;jsessionid=ac16012b30d58ef0902967c04f0f9e78f7637e7d1e04.e3iSbxaKaheRe34Sa3yKbhiTahb0n6jAmljGr5XDqQLvpAe HTTP/1.1" 200 69
190.66.126.187 - - [14/Dec/2014:03:42:51 -0500] "POST /forms/lservlet;jsessionid=ac16012b30d58ef0902967c04f0f9e78f7637e7d1e04.e3iSbxaKaheRe34Sa3yKbhiTahb0n6jAmljGr5XDqQLvpAe HTTP/1.1" 200 24
190.66.126.187 - - [14/Dec/2014:03:42:51 -0500] "POST /forms/lservlet;jsessionid=ac16012b30d58ef0902967c04f0f9e78f7637e7d1e04.e3iSbxaKaheRe34Sa3yKbhiTahb0n6jAmljGr5XDqQLvpAe HTTP/1.1" 200 4360
190.66.126.187 - - [14/Dec/2014:03:42:52 -0500] "POST /forms/lservlet;jsessionid=ac16012b30d58ef0902967c04f0f9e78f7637e7d1e04.e3iSbxaKaheRe34Sa3yKbhiTahb0n6jAmljGr5XDqQLvpAe HTTP/1.1" 200 20
190.66.126.187 - - [14/Dec/2014:03:42:55 -0500] "POST /forms/lservlet;jsessionid=ac16012b30d58ef0902967c04f0f9e78f7637e7d1e04.e3iSbxaKaheRe34Sa3yKbhiTahb0n6jAmljGr5XDqQLvpAe HTTP/1.1" 200 2
190.66.126.187 - - [14/Dec/2014:03:42:55 -0500] "POST /forms/lservlet;jsessionid=ac16012b30d58ef0902967c04f0f9e78f7637e7d1e04.e3iSbxaKaheRe34Sa3yKbhiTahb0n6jAmljGr5XDqQLvpAe HTTP/1.1" 200 2868
190.66.126.187 - - [14/Dec/2014:03:42:55 -0500] "POST /forms/lservlet;jsessionid=ac16012b30d58ef0902967c04f0f9e78f7637e7d1e04.e3iSbxaKaheRe34Sa3yKbhiTahb0n6jAmljGr5XDqQLvpAe HTTP/1.1" 200 2
190.66.126.187 - - [14/Dec/2014:03:42:56 -0500] "POST /forms/lservlet;jsessionid=ac16012b30d58ef0902967c04f0f9e78f7637e7d1e04.e3iSbxaKaheRe34Sa3yKbhiTahb0n6jAmljGr5XDqQLvpAe HTTP/1.1" 200 2
190.66.126.187 - - [14/Dec/2014:03:42:56 -0500] "POST /forms/lservlet;jsessionid=ac16012b30d58ef0902967c04f0f9e78f7637e7d1e04.e3iSbxaKaheRe34Sa3yKbhiTahb0n6jAmljGr5XDqQLvpAe HTTP/1.1" 200 2989
190.66.126.187 - - [14/Dec/2014:03:42:57 -0500] "POST /forms/lservlet;jsessionid=ac16012b30d58ef0902967c04f0f9e78f7637e7d1e04.e3iSbxaKaheRe34Sa3yKbhiTahb0n6jAmljGr5XDqQLvpAe HTTP/1.1" 200 2
190.66.126.187 - - [14/Dec/2014:03:42:58 -0500] "POST /forms/lservlet;jsessionid=ac16012b30d58ef0902967c04f0f9e78f7637e7d1e04.e3iSbxaKaheRe34Sa3yKbhiTahb0n6jAmljGr5XDqQLvpAe HTTP/1.1" 200 2
190.66.126.187 - - [14/Dec/2014:03:42:58 -0500] "POST /forms/lservlet;jsessionid=ac16012b30d58ef0902967c04f0f9e78f7637e7d1e04.e3iSbxaKaheRe34Sa3yKbhiTahb0n6jAmljGr5XDqQLvpAe HTTP/1.1" 200 2832
190.66.126.187 - - [14/Dec/2014:03:42:59 -0500] "POST /forms/lservlet;jsessionid=ac16012b30d58ef0902967c04f0f9e78f7637e7d1e04.e3iSbxaKaheRe34Sa3yKbhiTahb0n6jAmljGr5XDqQLvpAe HTTP/1.1" 200 2
190.66.126.187 - - [14/Dec/2014:03:43:02 -0500] "POST /forms/lservlet;jsessionid=ac16012b30d58ef0902967c04f0f9e78f7637e7d1e04.e3iSbxaKaheRe34Sa3yKbhiTahb0n6jAmljGr5XDqQLvpAe HTTP/1.1" 200 2
190.66.126.187 - - [14/Dec/2014:03:43:02 -0500] "POST /forms/lservlet;jsessionid=ac16012b30d58ef0902967c04f0f9e78f7637e7d1e04.e3iSbxaKaheRe34Sa3yKbhiTahb0n6jAmljGr5XDqQLvpAe HTTP/1.1" 200 3089
190.66.126.187 - - [14/Dec/2014:03:43:03 -0500] "POST /forms/lservlet;jsessionid=ac16012b30d58ef0902967c04f0f9e78f7637e7d1e04.e3iSbxaKaheRe34Sa3yKbhiTahb0n6jAmljGr5XDqQLvpAe HTTP/1.1" 200 2
66.249.67.67 - - [14/Dec/2014:03:43:04 -0500] "GET /BLA/resoluciones/RESOLUCIONES%202002/RES%202002%201751-1800/20021763.tif HTTP/1.1" 200 122002
190.66.126.187 - - [14/Dec/2014:03:43:05 -0500] "POST /forms/lservlet;jsessionid=ac16012b30d58ef0902967c04f0f9e78f7637e7d1e04.e3iSbxaKaheRe34Sa3yKbhiTahb0n6jAmljGr5XDqQLvpAe HTTP/1.1" 200 421
190.66.126.187 - - [14/Dec/2014:03:43:06 -0500] "POST /forms/lservlet;jsessionid=ac16012b30d58ef0902967c04f0f9e78f7637e7d1e04.e3iSbxaKaheRe34Sa3yKbhiTahb0n6jAmljGr5XDqQLvpAe HTTP/1.1" 200 7
188.165.15.165 - - [14/Dec/2014:03:43:09 -0500] "GET /BLA/resoluciones/RESOLUCIONES%202002/RES%202002%2001-50/2002RES12.tif HTTP/1.1" 200 138964
190.66.126.187 - - [14/Dec/2014:03:43:11 -0500] "POST /forms/lservlet;jsessionid=ac16012b30d58ef0902967c04f0f9e78f7637e7d1e04.e3iSbxaKaheRe34Sa3yKbhiTahb0n6jAmljGr5XDqQLvpAe HTTP/1.1" 200 578
