186.112.0.128 - - [15/Dec/2014:00:28:59 -0500] "GET /galeria/nivo-slider/demo/images/Tingua-azul.jpg HTTP/1.1" 200 307638
186.112.0.128 - - [15/Dec/2014:00:28:59 -0500] "GET /galeria/nivo-slider/demo/images/Banner-Caracol-Africano.jpg HTTP/1.1" 200 331986
186.112.0.128 - - [15/Dec/2014:00:29:00 -0500] "GET /galeria/nivo-slider/demo/images/banner-redes.jpg HTTP/1.1" 200 62209
186.112.0.128 - - [15/Dec/2014:00:29:05 -0500] "GET /galeria/nivo-slider/demo/images/9Signos.jpg HTTP/1.1" 200 93040
186.112.0.128 - - [15/Dec/2014:00:29:06 -0500] "GET /videos/Spot_CambioClimatico.flv HTTP/1.1" 200 4371917
186.112.0.128 - - [15/Dec/2014:00:29:07 -0500] "GET /galeria/nivo-slider/demo/images/banner-llantas2.jpg HTTP/1.1" 200 73153
186.112.0.128 - - [15/Dec/2014:00:29:12 -0500] "GET /galeria/nivo-slider/demo/images/banner-caballos.png HTTP/1.1" 200 389106
186.112.0.128 - - [15/Dec/2014:00:29:13 -0500] "GET /galeria/nivo-slider/demo/images/Hacienda_Molinos.jpg HTTP/1.1" 200 319171
186.112.0.128 - - [15/Dec/2014:00:29:25 -0500] "GET /galeria/nivo-slider/themes/default/arrows.png HTTP/1.1" 200 824
186.112.0.128 - - [15/Dec/2014:00:29:25 -0500] "GET /galeria/nivo-slider/themes/default/bullets.png HTTP/1.1" 200 1281
186.112.0.128 - - [15/Dec/2014:00:29:34 -0500] "GET /videos/Spot_CambioClimatico.flv HTTP/1.1" 200 4371917
190.66.126.187 - - [15/Dec/2014:00:30:06 -0500] "POST /forms/lservlet;jsessionid=ac16012b30d58ef0902967c04f0f9e78f7637e7d1e04.e3iSbxaKaheRe34Sa3yKbhiTahb0n6jAmljGr5XDqQLvpAe HTTP/1.1" 200 2
190.143.59.201 - - [15/Dec/2014:00:31:47 -0500] "GET /BLA/resoluciones/AUTOS%202013/0408.pdf HTTP/1.1" 200 902005
190.143.59.201 - - [15/Dec/2014:00:31:47 -0500] "GET /BLA/resoluciones/AUTOS%202013/0408.pdf HTTP/1.1" 206 32768
190.143.59.201 - - [15/Dec/2014:00:31:47 -0500] "GET /BLA/resoluciones/AUTOS%202013/0408.pdf HTTP/1.1" 206 869237
180.76.6.232 - - [15/Dec/2014:00:32:01 -0500] "GET /BLA/resoluciones/RESOLUCIONES%202007/RES%202007%20201%20AL%20300/RESOLUCION%200253%20DE%202007.pdf HTTP/1.1" 200 493324
190.66.126.187 - - [15/Dec/2014:00:32:06 -0500] "POST /forms/lservlet;jsessionid=ac16012b30d58ef0902967c04f0f9e78f7637e7d1e04.e3iSbxaKaheRe34Sa3yKbhiTahb0n6jAmljGr5XDqQLvpAe HTTP/1.1" 200 2
157.55.39.217 - - [15/Dec/2014:00:32:24 -0500] "GET /pga/mapa1.jpg HTTP/1.1" 404 1015
180.76.6.53 - - [15/Dec/2014:00:33:01 -0500] "GET /BLA/resoluciones/RESOLUCIONES%202007/RES%202007%20901%20AL%201000/RESOLUCION%200990%20DE%202007.pdf HTTP/1.1" 200 902760
74.86.158.107 - - [15/Dec/2014:00:33:09 -0500] "HEAD / HTTP/1.1" 302 -
66.249.67.75 - - [15/Dec/2014:00:33:33 -0500] "GET /BLA/resoluciones/RESOLUCIONES%202008/4495.pdf HTTP/1.1" 304 -
190.66.126.187 - - [15/Dec/2014:00:34:06 -0500] "POST /forms/lservlet;jsessionid=ac16012b30d58ef0902967c04f0f9e78f7637e7d1e04.e3iSbxaKaheRe34Sa3yKbhiTahb0n6jAmljGr5XDqQLvpAe HTTP/1.1" 200 2
66.249.67.83 - - [15/Dec/2014:00:34:19 -0500] "GET /BLA/resoluciones/AUTOS%202009/2913.pdf HTTP/1.1" 200 113679
187.171.29.123 - - [15/Dec/2014:00:34:49 -0500] "GET /BLA/boletinlegal/js/jquery.js HTTP/1.1" 200 57254
187.171.29.123 - - [15/Dec/2014:00:34:49 -0500] "GET /BLA/boletinlegal/js/jquery.scrollTo-min.js HTTP/1.1" 200 1150
187.171.29.123 - - [15/Dec/2014:00:34:49 -0500] "GET /BLA/boletinlegal/js/jquery.scrollShow.js HTTP/1.1" 200 4586
189.148.221.11 - - [15/Dec/2014:00:34:53 -0500] "GET /BLA/boletinlegal/js/jquery.js HTTP/1.1" 200 57254
189.148.221.11 - - [15/Dec/2014:00:34:53 -0500] "GET /BLA/boletinlegal/js/jquery.scrollTo-min.js HTTP/1.1" 200 1150
189.148.221.11 - - [15/Dec/2014:00:34:53 -0500] "GET /BLA/boletinlegal/js/jquery.scrollShow.js HTTP/1.1" 200 4586
66.249.67.67 - - [15/Dec/2014:00:35:49 -0500] "GET /BLA/resoluciones/RESOLUCIONES%202013/0372.pdf HTTP/1.1" 200 536090
190.66.126.187 - - [15/Dec/2014:00:36:06 -0500] "POST /forms/lservlet;jsessionid=ac16012b30d58ef0902967c04f0f9e78f7637e7d1e04.e3iSbxaKaheRe34Sa3yKbhiTahb0n6jAmljGr5XDqQLvpAe HTTP/1.1" 200 2
186.112.0.128 - - [15/Dec/2014:00:36:29 -0500] "GET /dama/libreria/jpg/sec_amb.jpg HTTP/1.0" 404 1019
186.112.0.128 - - [15/Dec/2014:00:36:29 -0500] "GET /dama/libreria/jpg/sec_amb.jpg HTTP/1.0" 404 1019
186.112.0.128 - - [15/Dec/2014:00:36:29 -0500] "GET /dama/libreria/jpg/sec_amb.jpg HTTP/1.0" 404 1019
186.112.0.128 - - [15/Dec/2014:00:36:29 -0500] "GET /dama/libreria/jpg/sec_amb.jpg HTTP/1.0" 404 1019
186.112.0.128 - - [15/Dec/2014:00:36:29 -0500] "GET /dama/libreria/jpg/sec_amb.jpg HTTP/1.0" 404 1019
186.112.0.128 - - [15/Dec/2014:00:36:30 -0500] "GET /dama/libreria/jpg/sec_amb.jpg HTTP/1.0" 404 1019
186.112.0.128 - - [15/Dec/2014:00:36:30 -0500] "GET /dama/libreria/jpg/sec_amb.jpg HTTP/1.0" 404 1019
186.112.0.128 - - [15/Dec/2014:00:36:33 -0500] "GET /dama/libreria/jpg/sec_amb.jpg HTTP/1.0" 404 1019
66.249.67.67 - - [15/Dec/2014:00:37:55 -0500] "GET /BLA/resoluciones/RESOLUCIONES%202002/RES%202002%201901-1950/20021939.tif HTTP/1.1" 200 92104
66.249.67.111 - - [15/Dec/2014:00:37:56 -0500] "GET /PORTAL_SIAC/swf/Residuos/farmaceutica/images/page13_thumbnail.jpg HTTP/1.1" 304 -
180.76.6.52 - - [15/Dec/2014:00:37:58 -0500] "GET /BLA/resoluciones/RESOLUCIONES%202010/6455.pdf HTTP/1.1" 200 306797
190.66.126.187 - - [15/Dec/2014:00:38:06 -0500] "POST /forms/lservlet;jsessionid=ac16012b30d58ef0902967c04f0f9e78f7637e7d1e04.e3iSbxaKaheRe34Sa3yKbhiTahb0n6jAmljGr5XDqQLvpAe HTTP/1.1" 200 2
74.86.158.107 - - [15/Dec/2014:00:38:09 -0500] "HEAD / HTTP/1.1" 302 -
181.48.147.233 - - [15/Dec/2014:00:38:22 -0500] "GET /BLA/resoluciones/RESOLUCIONES%202013/0003.pdf HTTP/1.1" 200 2906193
181.48.147.233 - - [15/Dec/2014:00:38:24 -0500] "GET /BLA/resoluciones/RESOLUCIONES%202013/0003.pdf HTTP/1.1" 206 4096
181.48.147.233 - - [15/Dec/2014:00:38:24 -0500] "GET /BLA/resoluciones/RESOLUCIONES%202013/0003.pdf HTTP/1.1" 206 2787179
189.193.131.74 - - [15/Dec/2014:00:38:51 -0500] "GET /BLA/boletinlegal/js/jquery.js HTTP/1.1" 200 57254
189.193.131.74 - - [15/Dec/2014:00:38:51 -0500] "GET /BLA/boletinlegal/js/jquery.scrollShow.js HTTP/1.1" 200 4586
189.193.131.74 - - [15/Dec/2014:00:38:51 -0500] "GET /BLA/boletinlegal/js/jquery.scrollTo-min.js HTTP/1.1" 200 1150
186.112.0.128 - - [15/Dec/2014:00:39:19 -0500] "GET /galeria/bibloteca/contentflow.js HTTP/1.1" 200 42804
186.112.0.128 - - [15/Dec/2014:00:39:20 -0500] "GET /galeria/bibloteca/contentflow.css HTTP/1.1" 200 3201
186.112.0.128 - - [15/Dec/2014:00:39:20 -0500] "GET /galeria/bibloteca/mycontentflow.css HTTP/1.1" 200 3110
186.112.0.128 - - [15/Dec/2014:00:39:20 -0500] "GET /galeria/bibloteca/ContentFlowAddOn_white.js HTTP/1.1" 200 2497
186.112.0.128 - - [15/Dec/2014:00:39:21 -0500] "GET /galeria/bibloteca/ContentFlowAddOn_white.css HTTP/1.1" 200 3355
186.112.0.128 - - [15/Dec/2014:00:39:21 -0500] "GET /galeria/bibloteca/img/loader.gif HTTP/1.1" 200 8238
186.112.0.128 - - [15/Dec/2014:00:39:21 -0500] "GET /galeria/bibloteca/img/scrollbar_white.png HTTP/1.1" 200 82
186.112.0.128 - - [15/Dec/2014:00:39:21 -0500] "GET /galeria/bibloteca/img/slider_white.png HTTP/1.1" 200 178
66.249.67.75 - - [15/Dec/2014:00:39:41 -0500] "GET /BLA/resoluciones/RESOLUCIONES%202012/0801.pdf HTTP/1.1" 304 -
190.66.126.187 - - [15/Dec/2014:00:40:06 -0500] "POST /forms/lservlet;jsessionid=ac16012b30d58ef0902967c04f0f9e78f7637e7d1e04.e3iSbxaKaheRe34Sa3yKbhiTahb0n6jAmljGr5XDqQLvpAe HTTP/1.1" 200 2
217.165.22.33 - - [15/Dec/2014:00:40:28 -0500] "POST /xmlrpc.php HTTP/1.1" 404 1018
188.165.15.231 - - [15/Dec/2014:00:41:08 -0500] "GET /BLA/resoluciones/RESOLUCIONES%202004/RES%202004%201251-1300/00001276.tif HTTP/1.1" 200 102356
188.165.15.60 - - [15/Dec/2014:00:41:09 -0500] "GET /BLA/resoluciones/RESOLUCIONES%202003/RES%202003%20901-950/923.tif HTTP/1.1" 200 105780
62.24.122.25 - - [15/Dec/2014:00:41:09 -0500] "GET /wordpress/wp-admin/ HTTP/1.1" 404 1018
188.165.15.207 - - [15/Dec/2014:00:41:22 -0500] "GET /BLA/resoluciones/RESOLUCIONES%202005/00001086.tif HTTP/1.1" 200 329990
188.165.15.130 - - [15/Dec/2014:00:41:52 -0500] "GET /BLA/resoluciones/RESOLUCIONES%202003/RES%202003%201301-1350/20031306.tif HTTP/1.1" 200 173552
175.42.93.47 - - [15/Dec/2014:00:41:59 -0500] "GET /BLA/resoluciones/RESOLUCIONES%202012/0317.pdf HTTP/1.1" 200 380151
190.66.126.187 - - [15/Dec/2014:00:42:06 -0500] "POST /forms/lservlet;jsessionid=ac16012b30d58ef0902967c04f0f9e78f7637e7d1e04.e3iSbxaKaheRe34Sa3yKbhiTahb0n6jAmljGr5XDqQLvpAe HTTP/1.1" 200 2
188.165.15.165 - - [15/Dec/2014:00:42:15 -0500] "GET /BLA/resoluciones/AUTOS%202006/AUTOS%202006%201401%20-%201500/00001447.tif HTTP/1.1" 200 55672
175.42.93.47 - - [15/Dec/2014:00:42:20 -0500] "POST /BLA/resoluciones/RESOLUCIONES%202012/0317.pdf/trackback/ HTTP/1.1" 404 1292
157.55.39.111 - - [15/Dec/2014:00:42:48 -0500] "GET /dama/libreria/php/decide.php?patron=03.1305020113&numm=19 HTTP/1.1" 404 1019
74.86.158.107 - - [15/Dec/2014:00:43:09 -0500] "HEAD / HTTP/1.1" 302 -
180.76.5.177 - - [15/Dec/2014:00:43:14 -0500] "GET /BLA/resoluciones/RESOLUCIONES%202011/0470.pdf HTTP/1.1" 200 334872
180.76.6.143 - - [15/Dec/2014:00:43:27 -0500] "GET /BLA/resoluciones/RESOLUCIONES%202007/RES%202007%20201%20AL%20300/RESOLUCION%200272%20DE%202007.pdf HTTP/1.1" 200 280658
190.66.126.187 - - [15/Dec/2014:00:44:06 -0500] "POST /forms/lservlet;jsessionid=ac16012b30d58ef0902967c04f0f9e78f7637e7d1e04.e3iSbxaKaheRe34Sa3yKbhiTahb0n6jAmljGr5XDqQLvpAe HTTP/1.1" 200 2
181.135.227.246 - - [15/Dec/2014:00:44:32 -0500] "GET /BLA/boletinlegal/js/jquery.js HTTP/1.1" 200 57254
181.135.227.246 - - [15/Dec/2014:00:44:32 -0500] "GET /BLA/boletinlegal/js/jquery.scrollTo-min.js HTTP/1.1" 200 1150
181.135.227.246 - - [15/Dec/2014:00:44:32 -0500] "GET /BLA/boletinlegal/js/jquery.scrollShow.js HTTP/1.1" 200 4586
181.135.227.246 - - [15/Dec/2014:00:44:32 -0500] "GET /galeria/carrusel/Carrusel/jquery.thumbnailScroller.css HTTP/1.1" 200 2066
181.135.227.246 - - [15/Dec/2014:00:44:32 -0500] "GET /galeria/carrusel/Carrusel/jquery-ui-1.8.13.custom.min.js HTTP/1.1" 200 10800
181.135.227.246 - - [15/Dec/2014:00:44:32 -0500] "GET /galeria/carrusel/Carrusel/jquery.thumbnailScroller.js HTTP/1.1" 200 8157
181.135.227.246 - - [15/Dec/2014:00:44:39 -0500] "GET /galeria/nivo-slider/demo/demo.html HTTP/1.1" 200 3252
181.135.227.246 - - [15/Dec/2014:00:44:40 -0500] "GET /galeria/nivo-slider/themes/default/default.css HTTP/1.1" 200 1569
181.135.227.246 - - [15/Dec/2014:00:44:41 -0500] "GET /galeria/nivo-slider/themes/pascal/pascal.css HTTP/1.1" 200 2258
181.135.227.246 - - [15/Dec/2014:00:44:41 -0500] "GET /galeria/nivo-slider/themes/orman/orman.css HTTP/1.1" 200 2152
181.135.227.246 - - [15/Dec/2014:00:44:41 -0500] "GET /galeria/nivo-slider/nivo-slider.css HTTP/1.1" 200 1507
181.135.227.246 - - [15/Dec/2014:00:44:41 -0500] "GET /galeria/nivo-slider/demo/style.css HTTP/1.1" 200 2222
181.135.227.246 - - [15/Dec/2014:00:44:41 -0500] "GET /galeria/nivo-slider/demo/images/ecolecta-Dic2014.png HTTP/1.1" 200 288593
181.135.227.246 - - [15/Dec/2014:00:44:41 -0500] "GET /galeria/nivo-slider/demo/images/banner-musgo.jpg HTTP/1.1" 200 49513
181.135.227.246 - - [15/Dec/2014:00:44:41 -0500] "GET /galeria/nivo-slider/demo/images/Jornada-adopcion.jpg HTTP/1.1" 200 79705
181.135.227.246 - - [15/Dec/2014:00:44:42 -0500] "GET /galeria/nivo-slider/demo/images/Banner-GAE3.jpg HTTP/1.1" 200 146354
181.135.227.246 - - [15/Dec/2014:00:44:43 -0500] "GET /galeria/nivo-slider/demo/images/porloshumedales.jpg HTTP/1.1" 200 351238
181.135.227.246 - - [15/Dec/2014:00:44:43 -0500] "GET /galeria/nivo-slider/demo/images/Tingua-azul.jpg HTTP/1.1" 200 307638
181.135.227.246 - - [15/Dec/2014:00:44:45 -0500] "GET /galeria/nivo-slider/demo/images/Banner-Caracol-Africano.jpg HTTP/1.1" 200 331986
181.135.227.246 - - [15/Dec/2014:00:44:45 -0500] "GET /galeria/nivo-slider/demo/images/banner-redes.jpg HTTP/1.1" 200 62209
181.135.227.246 - - [15/Dec/2014:00:44:48 -0500] "GET /galeria/nivo-slider/demo/images/9Signos.jpg HTTP/1.1" 200 93040
181.135.227.246 - - [15/Dec/2014:00:44:51 -0500] "GET /galeria/nivo-slider/demo/images/banner-llantas2.jpg HTTP/1.1" 200 73153
181.135.227.246 - - [15/Dec/2014:00:44:51 -0500] "GET /galeria/nivo-slider/demo/images/banner-caballos.png HTTP/1.1" 200 389106
181.135.227.246 - - [15/Dec/2014:00:44:53 -0500] "GET /galeria/nivo-slider/demo/images/Hacienda_Molinos.jpg HTTP/1.1" 200 319171
181.135.227.246 - - [15/Dec/2014:00:44:53 -0500] "GET /galeria/nivo-slider/demo/scripts/jquery-1.7.1.min.js HTTP/1.1" 200 93868
181.135.227.246 - - [15/Dec/2014:00:44:56 -0500] "GET /galeria/nivo-slider/jquery.nivo.slider.pack.js HTTP/1.1" 200 11561
181.135.227.246 - - [15/Dec/2014:00:44:59 -0500] "GET /galeria/nivo-slider/demo/images/4Simple_Slider.png HTTP/1.1" 200 11722
181.135.227.246 - - [15/Dec/2014:00:45:00 -0500] "GET /galeria/nivo-slider/themes/default/loading.gif HTTP/1.1" 200 1737
66.249.67.67 - - [15/Dec/2014:00:45:04 -0500] "GET /BLA/resoluciones/RESOLUCIONES%202014/0160.pdf HTTP/1.1" 200 1876324
181.135.227.246 - - [15/Dec/2014:00:45:14 -0500] "GET /galeria/nivo-slider/demo/images/porloshumedales.jpg HTTP/1.1" 206 1
181.135.227.246 - - [15/Dec/2014:00:45:15 -0500] "GET /galeria/nivo-slider/demo/images/banner-caballos.png HTTP/1.1" 206 1
181.135.227.246 - - [15/Dec/2014:00:45:15 -0500] "GET /galeria/nivo-slider/demo/images/porloshumedales.jpg HTTP/1.1" 206 33013
181.135.227.246 - - [15/Dec/2014:00:45:15 -0500] "GET /galeria/nivo-slider/demo/images/banner-caballos.png HTTP/1.1" 206 128079
181.135.227.246 - - [15/Dec/2014:00:45:20 -0500] "GET /galeria/nivo-slider/themes/default/arrows.png HTTP/1.1" 200 824
181.135.227.246 - - [15/Dec/2014:00:45:20 -0500] "GET /galeria/nivo-slider/themes/default/bullets.png HTTP/1.1" 200 1281
181.135.227.246 - - [15/Dec/2014:00:45:27 -0500] "GET /videos/Spot_CambioClimatico.flv HTTP/1.1" 200 4371917
190.66.126.187 - - [15/Dec/2014:00:46:06 -0500] "POST /forms/lservlet;jsessionid=ac16012b30d58ef0902967c04f0f9e78f7637e7d1e04.e3iSbxaKaheRe34Sa3yKbhiTahb0n6jAmljGr5XDqQLvpAe HTTP/1.1" 200 2
188.165.15.224 - - [15/Dec/2014:00:46:19 -0500] "GET /BLA/resoluciones/RESOLUCIONES%202004/RES%202004%201351-1400/00001387.tif HTTP/1.1" 200 176096
180.76.6.155 - - [15/Dec/2014:00:46:54 -0500] "GET /BLA/resoluciones/index.php?dir=RESOLUCIONES%202007/RES%202007%201601%20AL%201725/&sort=name&order=desc HTTP/1.1" 200 7201
100.43.85.25 - - [15/Dec/2014:00:47:52 -0500] "GET /Autoliquidacion/TR%C3%81MITES%20VERTIMIENTOS/PERMISOS%20DE%20VERTIMIENTOS/ANEXO%204.%20formulario%20Unico%20nacional%20de%20solicitud%20de%20permiso%20de%20vertimientos.doc HTTP/1.1" 200 75777
190.66.126.187 - - [15/Dec/2014:00:48:06 -0500] "POST /forms/lservlet;jsessionid=ac16012b30d58ef0902967c04f0f9e78f7637e7d1e04.e3iSbxaKaheRe34Sa3yKbhiTahb0n6jAmljGr5XDqQLvpAe HTTP/1.1" 200 2
74.86.158.107 - - [15/Dec/2014:00:48:09 -0500] "HEAD / HTTP/1.1" 302 -
188.165.15.207 - - [15/Dec/2014:00:48:14 -0500] "GET /BLA/resoluciones/RESOLUCIONES%202005/RES%202005%201101-1150/00001138.tif HTTP/1.1" 200 138310
190.1.224.208 - - [15/Dec/2014:00:49:39 -0500] "GET /BLA/boletinlegal/js/jquery.scrollTo-min.js HTTP/1.1" 200 1150
190.1.224.208 - - [15/Dec/2014:00:49:39 -0500] "GET /BLA/boletinlegal/js/jquery.scrollShow.js HTTP/1.1" 200 4586
190.1.224.208 - - [15/Dec/2014:00:49:39 -0500] "GET /BLA/boletinlegal/js/jquery.js HTTP/1.1" 200 57254
190.66.126.187 - - [15/Dec/2014:00:50:07 -0500] "POST /forms/lservlet;jsessionid=ac16012b30d58ef0902967c04f0f9e78f7637e7d1e04.e3iSbxaKaheRe34Sa3yKbhiTahb0n6jAmljGr5XDqQLvpAe HTTP/1.1" 200 2
66.249.67.75 - - [15/Dec/2014:00:50:13 -0500] "GET /BLA/resoluciones/RESOLUCIONES%202004/RES%202004%201001-1050/00001024.tif HTTP/1.1" 200 103504
66.249.67.83 - - [15/Dec/2014:00:50:26 -0500] "GET /BLA/resoluciones/RESOLUCIONES%202013/1322.pdf HTTP/1.1" 200 3353708
62.24.122.25 - - [15/Dec/2014:00:50:49 -0500] "GET /blog/wp-admin/ HTTP/1.1" 404 1018
180.76.6.148 - - [15/Dec/2014:00:51:28 -0500] "GET /BLA/boletinlegal;jsessionid=EB91B5BE87B74AC194967EF2AF9FAB8A?/? HTTP/1.1" 404 1018
66.249.67.83 - - [15/Dec/2014:00:51:38 -0500] "GET /BLA/resoluciones/AUTOS%202009/1271.pdf HTTP/1.1" 200 196390
190.66.126.187 - - [15/Dec/2014:00:52:07 -0500] "POST /forms/lservlet;jsessionid=ac16012b30d58ef0902967c04f0f9e78f7637e7d1e04.e3iSbxaKaheRe34Sa3yKbhiTahb0n6jAmljGr5XDqQLvpAe HTTP/1.1" 200 2
188.165.15.29 - - [15/Dec/2014:00:52:42 -0500] "GET /BLA/resoluciones/RESOLUCIONES%202006/RES%202006%20%202951-3000/00002956.tif HTTP/1.1" 200 71870
190.158.188.117 - - [15/Dec/2014:00:52:52 -0500] "GET /BLA/boletinlegal/js/jquery.js HTTP/1.1" 200 57254
190.158.188.117 - - [15/Dec/2014:00:52:52 -0500] "GET /BLA/boletinlegal/js/jquery.scrollShow.js HTTP/1.1" 200 4586
190.158.188.117 - - [15/Dec/2014:00:52:52 -0500] "GET /BLA/boletinlegal/js/jquery.scrollTo-min.js HTTP/1.1" 200 1150
190.158.188.117 - - [15/Dec/2014:00:52:53 -0500] "GET /galeria/carrusel/Carrusel/jquery.thumbnailScroller.css HTTP/1.1" 200 2066
190.158.188.117 - - [15/Dec/2014:00:52:53 -0500] "GET /galeria/carrusel/Carrusel/jquery-ui-1.8.13.custom.min.js HTTP/1.1" 200 10800
190.158.188.117 - - [15/Dec/2014:00:52:54 -0500] "GET /galeria/carrusel/Carrusel/jquery.thumbnailScroller.js HTTP/1.1" 200 8157
74.86.158.107 - - [15/Dec/2014:00:53:09 -0500] "HEAD / HTTP/1.1" 302 -
190.158.188.117 - - [15/Dec/2014:00:53:10 -0500] "GET /galeria/nivo-slider/demo/demo.html HTTP/1.1" 200 3252
190.158.188.117 - - [15/Dec/2014:00:53:11 -0500] "GET /galeria/nivo-slider/themes/default/default.css HTTP/1.1" 200 1569
190.158.188.117 - - [15/Dec/2014:00:53:11 -0500] "GET /galeria/nivo-slider/themes/orman/orman.css HTTP/1.1" 200 2152
190.158.188.117 - - [15/Dec/2014:00:53:11 -0500] "GET /galeria/nivo-slider/themes/pascal/pascal.css HTTP/1.1" 200 2258
190.158.188.117 - - [15/Dec/2014:00:53:11 -0500] "GET /galeria/nivo-slider/nivo-slider.css HTTP/1.1" 200 1507
190.158.188.117 - - [15/Dec/2014:00:53:11 -0500] "GET /galeria/nivo-slider/demo/style.css HTTP/1.1" 200 2222
190.158.188.117 - - [15/Dec/2014:00:53:11 -0500] "GET /galeria/nivo-slider/demo/images/ecolecta-Dic2014.png HTTP/1.1" 200 288593
190.158.188.117 - - [15/Dec/2014:00:53:11 -0500] "GET /galeria/nivo-slider/demo/images/banner-musgo.jpg HTTP/1.1" 200 49513
190.158.188.117 - - [15/Dec/2014:00:53:11 -0500] "GET /galeria/nivo-slider/demo/images/Jornada-adopcion.jpg HTTP/1.1" 200 79705
190.158.188.117 - - [15/Dec/2014:00:53:11 -0500] "GET /galeria/nivo-slider/demo/images/Banner-GAE3.jpg HTTP/1.1" 200 146354
190.158.188.117 - - [15/Dec/2014:00:53:11 -0500] "GET /galeria/nivo-slider/demo/images/porloshumedales.jpg HTTP/1.1" 200 351238
190.158.188.117 - - [15/Dec/2014:00:53:15 -0500] "GET /galeria/nivo-slider/demo/images/Tingua-azul.jpg HTTP/1.1" 200 307638
190.158.188.117 - - [15/Dec/2014:00:53:16 -0500] "GET /galeria/nivo-slider/demo/images/Banner-Caracol-Africano.jpg HTTP/1.1" 200 331986
190.158.188.117 - - [15/Dec/2014:00:53:19 -0500] "GET /galeria/nivo-slider/demo/images/banner-redes.jpg HTTP/1.1" 200 62209
190.158.188.117 - - [15/Dec/2014:00:53:23 -0500] "GET /galeria/nivo-slider/demo/images/9Signos.jpg HTTP/1.1" 200 93040
190.158.188.117 - - [15/Dec/2014:00:53:28 -0500] "GET /galeria/nivo-slider/demo/images/banner-llantas2.jpg HTTP/1.1" 200 73153
190.158.188.117 - - [15/Dec/2014:00:53:30 -0500] "GET /galeria/nivo-slider/demo/images/banner-caballos.png HTTP/1.1" 200 389106
190.158.188.117 - - [15/Dec/2014:00:53:31 -0500] "GET /galeria/nivo-slider/demo/images/Hacienda_Molinos.jpg HTTP/1.1" 200 319171
190.158.188.117 - - [15/Dec/2014:00:53:32 -0500] "GET /galeria/nivo-slider/demo/scripts/jquery-1.7.1.min.js HTTP/1.1" 200 93868
190.158.188.117 - - [15/Dec/2014:00:53:46 -0500] "GET /galeria/nivo-slider/jquery.nivo.slider.pack.js HTTP/1.1" 200 11561
190.158.188.117 - - [15/Dec/2014:00:53:53 -0500] "GET /galeria/nivo-slider/jquery.nivo.slider.pack.js HTTP/1.1" 200 11561
190.158.188.117 - - [15/Dec/2014:00:53:53 -0500] "GET /galeria/nivo-slider/demo/images/porloshumedales.jpg HTTP/1.1" 206 1
190.158.188.117 - - [15/Dec/2014:00:53:53 -0500] "GET /galeria/nivo-slider/demo/images/Tingua-azul.jpg HTTP/1.1" 206 1
190.158.188.117 - - [15/Dec/2014:00:53:53 -0500] "GET /galeria/nivo-slider/demo/images/Banner-Caracol-Africano.jpg HTTP/1.1" 206 1
190.158.188.117 - - [15/Dec/2014:00:53:53 -0500] "GET /galeria/nivo-slider/demo/images/banner-caballos.png HTTP/1.1" 206 1
190.158.188.117 - - [15/Dec/2014:00:53:53 -0500] "GET /galeria/nivo-slider/demo/images/4Simple_Slider.png HTTP/1.1" 200 11722
190.158.188.117 - - [15/Dec/2014:00:53:53 -0500] "GET /galeria/nivo-slider/demo/images/Tingua-azul.jpg HTTP/1.1" 206 49492
190.158.188.117 - - [15/Dec/2014:00:53:53 -0500] "GET /galeria/nivo-slider/demo/images/porloshumedales.jpg HTTP/1.1" 206 96012
190.158.188.117 - - [15/Dec/2014:00:53:53 -0500] "GET /galeria/nivo-slider/demo/images/Banner-Caracol-Africano.jpg HTTP/1.1" 206 9600
190.158.188.117 - - [15/Dec/2014:00:53:53 -0500] "GET /galeria/nivo-slider/demo/images/banner-caballos.png HTTP/1.1" 206 224400
190.158.188.117 - - [15/Dec/2014:00:53:54 -0500] "GET /galeria/nivo-slider/themes/default/loading.gif HTTP/1.1" 200 1737
190.158.188.117 - - [15/Dec/2014:00:54:03 -0500] "GET /videos/Spot_CambioClimatico.flv HTTP/1.1" 200 4371917
190.66.126.187 - - [15/Dec/2014:00:54:07 -0500] "POST /forms/lservlet;jsessionid=ac16012b30d58ef0902967c04f0f9e78f7637e7d1e04.e3iSbxaKaheRe34Sa3yKbhiTahb0n6jAmljGr5XDqQLvpAe HTTP/1.1" 200 2
188.165.15.207 - - [15/Dec/2014:00:54:09 -0500] "GET /BLA/resoluciones/RESOLUCIONES%202002/RES%202002%201801-1850/20021846.tif HTTP/1.1" 200 34470
190.158.188.117 - - [15/Dec/2014:00:54:09 -0500] "GET /galeria/nivo-slider/themes/default/arrows.png HTTP/1.1" 200 824
190.158.188.117 - - [15/Dec/2014:00:54:09 -0500] "GET /galeria/nivo-slider/themes/default/bullets.png HTTP/1.1" 200 1281
180.76.6.16 - - [15/Dec/2014:00:54:36 -0500] "GET /BLA/resoluciones/index.php?dir=RESOLUCIONES+2006%2FRES+2006+1451-1500%2F HTTP/1.1" 200 12370
188.165.15.183 - - [15/Dec/2014:00:55:25 -0500] "GET /BLA/resoluciones/RESOLUCIONES%202004/RES%202004%202051-2100/00002090.tif HTTP/1.1" 200 147444
66.249.67.83 - - [15/Dec/2014:00:55:48 -0500] "GET /BLA/resoluciones/AUTOS%202012/1892.pdf HTTP/1.1" 304 -
190.66.126.187 - - [15/Dec/2014:00:56:07 -0500] "POST /forms/lservlet;jsessionid=ac16012b30d58ef0902967c04f0f9e78f7637e7d1e04.e3iSbxaKaheRe34Sa3yKbhiTahb0n6jAmljGr5XDqQLvpAe HTTP/1.1" 200 2
188.165.15.183 - - [15/Dec/2014:00:57:32 -0500] "GET /BLA/resoluciones/RESOLUCIONES%202006/RES%202006%202051-2100/00002086.tif HTTP/1.1" 200 336232
190.66.126.187 - - [15/Dec/2014:00:58:07 -0500] "POST /forms/lservlet;jsessionid=ac16012b30d58ef0902967c04f0f9e78f7637e7d1e04.e3iSbxaKaheRe34Sa3yKbhiTahb0n6jAmljGr5XDqQLvpAe HTTP/1.1" 200 2
74.86.158.107 - - [15/Dec/2014:00:58:09 -0500] "HEAD / HTTP/1.1" 302 -
188.165.15.231 - - [15/Dec/2014:00:58:10 -0500] "GET /BLA/resoluciones/RESOLUCIONES%202004/RES%202004%201551-1600/00001563.tif HTTP/1.1" 200 32294
186.85.25.84 - - [15/Dec/2014:00:58:38 -0500] "GET /BLA/boletinlegal/js/jquery.scrollTo-min.js HTTP/1.1" 200 1150
186.85.25.84 - - [15/Dec/2014:00:58:38 -0500] "GET /BLA/boletinlegal/js/jquery.scrollShow.js HTTP/1.1" 200 4586
186.85.25.84 - - [15/Dec/2014:00:58:38 -0500] "GET /BLA/boletinlegal/js/jquery.js HTTP/1.1" 200 57254
188.165.15.207 - - [15/Dec/2014:00:58:46 -0500] "GET /BLA/resoluciones/index.php?dir=RESOLUCIONES%202005/RES%202005%203051-3100/&sort=size&order=desc HTTP/1.1" 200 12359
180.76.5.188 - - [15/Dec/2014:00:59:00 -0500] "GET /BLA/resoluciones/index.php?dir=RESOLUCIONES+2004%2FRES+2004+1201-1250%2F HTTP/1.1" 200 12361
157.55.39.62 - - [15/Dec/2014:00:59:14 -0500] "GET /logos/bogsin.jpg HTTP/1.1" 404 1019
180.76.5.74 - - [15/Dec/2014:01:00:00 -0500] "GET /BLA/boletinlegal;jsessionid=33568BE573941C6EEE5B411513DBF1E7?/? HTTP/1.1" 404 1018
190.66.126.187 - - [15/Dec/2014:01:00:07 -0500] "POST /forms/lservlet;jsessionid=ac16012b30d58ef0902967c04f0f9e78f7637e7d1e04.e3iSbxaKaheRe34Sa3yKbhiTahb0n6jAmljGr5XDqQLvpAe HTTP/1.1" 200 2
190.25.65.4 - - [15/Dec/2014:01:00:21 -0500] "GET /galeria/carrusel/Carrusel/jquery.thumbnailScroller.css HTTP/1.1" 200 2066
190.25.65.4 - - [15/Dec/2014:01:00:21 -0500] "GET /galeria/carrusel/Carrusel/jquery-ui-1.8.13.custom.min.js HTTP/1.1" 200 10800
190.25.65.4 - - [15/Dec/2014:01:00:21 -0500] "GET /BLA/boletinlegal/js/jquery.scrollShow.js HTTP/1.1" 200 4586
190.25.65.4 - - [15/Dec/2014:01:00:21 -0500] "GET /galeria/carrusel/Carrusel/jquery.thumbnailScroller.js HTTP/1.1" 200 8157
190.25.65.4 - - [15/Dec/2014:01:00:21 -0500] "GET /BLA/boletinlegal/js/jquery.js HTTP/1.1" 200 57254
190.25.65.4 - - [15/Dec/2014:01:00:21 -0500] "GET /BLA/boletinlegal/js/jquery.scrollTo-min.js HTTP/1.1" 200 1150
188.165.15.130 - - [15/Dec/2014:01:00:21 -0500] "GET /BLA/resoluciones/RESOLUCIONES%202006/RES%202006%201-50/00000031.tif HTTP/1.1" 200 517008
190.25.65.4 - - [15/Dec/2014:01:00:23 -0500] "GET /galeria/nivo-slider/demo/demo.html HTTP/1.1" 200 3252
190.25.65.4 - - [15/Dec/2014:01:00:24 -0500] "GET /galeria/nivo-slider/themes/default/default.css HTTP/1.1" 200 1569
190.25.65.4 - - [15/Dec/2014:01:00:24 -0500] "GET /galeria/nivo-slider/themes/orman/orman.css HTTP/1.1" 200 2152
190.25.65.4 - - [15/Dec/2014:01:00:24 -0500] "GET /galeria/nivo-slider/demo/style.css HTTP/1.1" 200 2222
190.25.65.4 - - [15/Dec/2014:01:00:24 -0500] "GET /galeria/nivo-slider/nivo-slider.css HTTP/1.1" 200 1507
190.25.65.4 - - [15/Dec/2014:01:00:24 -0500] "GET /galeria/nivo-slider/themes/pascal/pascal.css HTTP/1.1" 200 2258
190.25.65.4 - - [15/Dec/2014:01:00:24 -0500] "GET /galeria/nivo-slider/demo/scripts/jquery-1.7.1.min.js HTTP/1.1" 200 93868
190.25.65.4 - - [15/Dec/2014:01:00:25 -0500] "GET /galeria/nivo-slider/jquery.nivo.slider.pack.js HTTP/1.1" 200 11561
190.25.65.4 - - [15/Dec/2014:01:00:25 -0500] "GET /galeria/nivo-slider/demo/images/ecolecta-Dic2014.png HTTP/1.1" 200 288593
190.25.65.4 - - [15/Dec/2014:01:00:25 -0500] "GET /galeria/nivo-slider/demo/images/banner-musgo.jpg HTTP/1.1" 200 49513
190.25.65.4 - - [15/Dec/2014:01:00:25 -0500] "GET /galeria/nivo-slider/demo/images/Jornada-adopcion.jpg HTTP/1.1" 200 79705
190.25.65.4 - - [15/Dec/2014:01:00:27 -0500] "GET /galeria/nivo-slider/demo/images/Banner-GAE3.jpg HTTP/1.1" 200 146354
190.25.65.4 - - [15/Dec/2014:01:00:28 -0500] "GET /galeria/nivo-slider/demo/images/Tingua-azul.jpg HTTP/1.1" 200 307638
190.25.65.4 - - [15/Dec/2014:01:00:28 -0500] "GET /galeria/nivo-slider/demo/images/porloshumedales.jpg HTTP/1.1" 200 351238
190.25.65.4 - - [15/Dec/2014:01:00:28 -0500] "GET /galeria/nivo-slider/demo/images/Banner-Caracol-Africano.jpg HTTP/1.1" 200 331986
190.25.65.4 - - [15/Dec/2014:01:00:28 -0500] "GET /galeria/nivo-slider/demo/images/banner-redes.jpg HTTP/1.1" 200 62209
190.25.65.4 - - [15/Dec/2014:01:00:28 -0500] "GET /galeria/nivo-slider/demo/images/9Signos.jpg HTTP/1.1" 200 93040
190.25.65.4 - - [15/Dec/2014:01:00:29 -0500] "GET /galeria/nivo-slider/demo/images/banner-llantas2.jpg HTTP/1.1" 200 73153
190.25.65.4 - - [15/Dec/2014:01:00:29 -0500] "GET /galeria/nivo-slider/demo/images/4Simple_Slider.png HTTP/1.1" 200 11722
190.25.65.4 - - [15/Dec/2014:01:00:29 -0500] "GET /galeria/nivo-slider/themes/default/loading.gif HTTP/1.1" 200 1737
190.25.65.4 - - [15/Dec/2014:01:00:30 -0500] "GET /galeria/nivo-slider/demo/images/banner-caballos.png HTTP/1.1" 200 389106
190.25.65.4 - - [15/Dec/2014:01:00:30 -0500] "GET /galeria/nivo-slider/demo/images/Hacienda_Molinos.jpg HTTP/1.1" 200 319171
190.25.65.4 - - [15/Dec/2014:01:00:34 -0500] "GET /galeria/nivo-slider/themes/default/arrows.png HTTP/1.1" 200 824
190.25.65.4 - - [15/Dec/2014:01:00:34 -0500] "GET /galeria/nivo-slider/themes/default/bullets.png HTTP/1.1" 200 1281
190.25.65.4 - - [15/Dec/2014:01:00:34 -0500] "GET /videos/Spot_CambioClimatico.flv HTTP/1.1" 200 4371917
66.249.67.75 - - [15/Dec/2014:01:01:11 -0500] "GET /BLA/resoluciones/RESOLUCIONES%202009/3938.pdf HTTP/1.1" 304 -
188.165.15.165 - - [15/Dec/2014:01:01:25 -0500] "GET /BLA/resoluciones/RESOLUCIONES%202005/RES%202005%20801-850/00000813.tif HTTP/1.1" 200 216228
188.165.15.237 - - [15/Dec/2014:01:02:01 -0500] "GET /BLA/resoluciones/RESOLUCIONES%202003/RES%202003%202151-2189/20032161.tif HTTP/1.1" 200 129254
190.66.126.187 - - [15/Dec/2014:01:02:07 -0500] "POST /forms/lservlet;jsessionid=ac16012b30d58ef0902967c04f0f9e78f7637e7d1e04.e3iSbxaKaheRe34Sa3yKbhiTahb0n6jAmljGr5XDqQLvpAe HTTP/1.1" 200 2
66.249.67.75 - - [15/Dec/2014:01:02:58 -0500] "GET /BLA/resoluciones/RESOLUCIONES%202005/RES%202005%202451-2500/00002465.tif HTTP/1.1" 200 208848
74.86.158.107 - - [15/Dec/2014:01:03:09 -0500] "HEAD / HTTP/1.1" 302 -
190.66.126.187 - - [15/Dec/2014:01:04:07 -0500] "POST /forms/lservlet;jsessionid=ac16012b30d58ef0902967c04f0f9e78f7637e7d1e04.e3iSbxaKaheRe34Sa3yKbhiTahb0n6jAmljGr5XDqQLvpAe HTTP/1.1" 200 2
188.165.15.224 - - [15/Dec/2014:01:04:41 -0500] "GET /BLA/resoluciones/RESOLUCIONES%202003/RES%202003%20351-400/363.tif HTTP/1.1" 200 176976
180.76.5.58 - - [15/Dec/2014:01:05:12 -0500] "GET /BLA/resoluciones/AUTOS%202011/2069.pdf HTTP/1.1" 200 255923
190.216.141.202 - - [15/Dec/2014:01:05:17 -0500] "GET /BLA/boletinlegal/js/jquery.scrollTo-min.js HTTP/1.1" 200 1150
190.216.141.202 - - [15/Dec/2014:01:05:17 -0500] "GET /BLA/boletinlegal/js/jquery.js HTTP/1.1" 200 57254
190.216.141.202 - - [15/Dec/2014:01:05:17 -0500] "GET /BLA/boletinlegal/js/jquery.scrollShow.js HTTP/1.1" 200 4586
190.66.126.187 - - [15/Dec/2014:01:06:07 -0500] "POST /forms/lservlet;jsessionid=ac16012b30d58ef0902967c04f0f9e78f7637e7d1e04.e3iSbxaKaheRe34Sa3yKbhiTahb0n6jAmljGr5XDqQLvpAe HTTP/1.1" 200 2
190.158.188.117 - - [15/Dec/2014:01:06:15 -0500] "GET /autoliquidacion HTTP/1.1" 301 310
190.158.188.117 - - [15/Dec/2014:01:06:15 -0500] "GET /autoliquidacion/ HTTP/1.1" 200 6375
190.158.188.117 - - [15/Dec/2014:01:06:15 -0500] "GET /autoliquidacion/dlf/folder.png HTTP/1.1" 200 410
190.158.188.117 - - [15/Dec/2014:01:06:15 -0500] "GET /autoliquidacion/dlf/styles.css HTTP/1.1" 200 3045
190.158.188.117 - - [15/Dec/2014:01:06:15 -0500] "GET /autoliquidacion/dlf/bg.gif HTTP/1.1" 200 54
190.158.188.117 - - [15/Dec/2014:01:06:29 -0500] "GET /autoliquidacion/index.php?dir=Solicitud+de+Licencia+Ambiental%2F HTTP/1.1" 200 2642
190.158.188.117 - - [15/Dec/2014:01:06:29 -0500] "GET /autoliquidacion/dlf/dirup.png HTTP/1.1" 200 644
190.158.188.117 - - [15/Dec/2014:01:06:29 -0500] "GET /autoliquidacion/dlf/html.gif HTTP/1.1" 200 632
190.158.188.117 - - [15/Dec/2014:01:06:29 -0500] "GET /autoliquidacion/dlf/pdf.gif HTTP/1.1" 200 272
190.158.188.117 - - [15/Dec/2014:01:06:36 -0500] "GET /autoliquidacion/Solicitud%20de%20Licencia%20Ambiental/Solicitud%20de%20licencia%20ambiental.....pdf HTTP/1.1" 200 99744
190.216.141.202 - - [15/Dec/2014:01:06:36 -0500] "GET /BLA/resoluciones/RESOLUCIONES%202014/3653.pdf HTTP/1.1" 200 1687850
190.216.141.202 - - [15/Dec/2014:01:06:36 -0500] "GET /BLA/resoluciones/RESOLUCIONES%202014/3653.pdf HTTP/1.1" 206 32768
190.158.188.117 - - [15/Dec/2014:01:06:37 -0500] "GET /autoliquidacion/Solicitud%20de%20Licencia%20Ambiental/Solicitud%20de%20licencia%20ambiental.....pdf HTTP/1.1" 206 32768
190.216.141.202 - - [15/Dec/2014:01:06:37 -0500] "GET /BLA/resoluciones/RESOLUCIONES%202014/3653.pdf HTTP/1.1" 206 1655082
190.158.188.117 - - [15/Dec/2014:01:06:39 -0500] "GET /autoliquidacion/Solicitud%20de%20Licencia%20Ambiental/Solicitud%20de%20licencia%20ambiental.....pdf HTTP/1.1" 206 65670
190.216.141.202 - - [15/Dec/2014:01:06:40 -0500] "GET /favicon.ico HTTP/1.1" 200 7782
190.158.188.117 - - [15/Dec/2014:01:06:41 -0500] "GET /autoliquidacion/Solicitud%20de%20Licencia%20Ambiental/Solicitud%20de%20licencia%20ambiental.....pdf HTTP/1.1" 206 1306
190.158.188.117 - - [15/Dec/2014:01:06:42 -0500] "GET /favicon.ico HTTP/1.1" 200 7782
66.249.67.67 - - [15/Dec/2014:01:06:49 -0500] "GET /BLA/resoluciones/AUTOS%202012/2975.pdf HTTP/1.1" 200 2442824
188.165.15.237 - - [15/Dec/2014:01:06:51 -0500] "GET /BLA/resoluciones/RESOLUCIONES%202002/RES%202002%20251-300/00000272.tif HTTP/1.1" 200 106322
188.165.15.130 - - [15/Dec/2014:01:07:03 -0500] "GET /BLA/resoluciones/RESOLUCIONES%202006/RES%202006%201551-1600/00001576.tif HTTP/1.1" 200 137948
190.158.188.117 - - [15/Dec/2014:01:07:05 -0500] "GET /autoliquidacion/index.php?dir=Solicitud+de+Licencia+Ambiental%2F HTTP/1.1" 200 2642
180.76.5.77 - - [15/Dec/2014:01:07:13 -0500] "GET /BLA/resoluciones/RESOLUCIONES%202009/9628.pdf HTTP/1.1" 200 105690
190.158.188.117 - - [15/Dec/2014:01:07:29 -0500] "GET /autoliquidacion/index.php?dir=Cobro+Evaluacion+Certificaci%F3n+Para+La+Deducci%F3n+Por+Inversi%F3n+En+Medio+Ambiente%2F HTTP/1.1" 200 2987
190.158.188.117 - - [15/Dec/2014:01:07:29 -0500] "GET /autoliquidacion/dlf/unknown.png HTTP/1.1" 200 266
190.158.188.117 - - [15/Dec/2014:01:07:44 -0500] "GET /autoliquidacion/index.php?dir=Solicitudes+relacionadas+con+calidad+del+aire+auditiva+y+visual%2F HTTP/1.1" 200 5748
186.83.128.7 - - [15/Dec/2014:01:07:53 -0500] "GET /BLA/boletinlegal/js/jquery.js HTTP/1.1" 200 57254
186.83.128.7 - - [15/Dec/2014:01:07:53 -0500] "GET /BLA/boletinlegal/js/jquery.scrollShow.js HTTP/1.1" 200 4586
186.83.128.7 - - [15/Dec/2014:01:07:53 -0500] "GET /BLA/boletinlegal/js/jquery.scrollTo-min.js HTTP/1.1" 200 1150
186.83.128.7 - - [15/Dec/2014:01:07:54 -0500] "GET /autoliquidacion HTTP/1.1" 301 310
186.83.128.7 - - [15/Dec/2014:01:07:54 -0500] "GET /autoliquidacion/ HTTP/1.1" 200 6375
186.83.128.7 - - [15/Dec/2014:01:07:54 -0500] "GET /autoliquidacion/dlf/styles.css HTTP/1.1" 200 3045
186.83.128.7 - - [15/Dec/2014:01:07:54 -0500] "GET /autoliquidacion/dlf/folder.png HTTP/1.1" 200 410
186.83.128.7 - - [15/Dec/2014:01:07:54 -0500] "GET /autoliquidacion/dlf/bg.gif HTTP/1.1" 200 54
190.158.188.117 - - [15/Dec/2014:01:07:56 -0500] "GET /autoliquidacion/index.php?dir=Solicitudes+relacionadas+con+calidad+del+aire+auditiva+y+visual%2FRegistro+de+Elementos+de+publicidad+Exterior+Visual%2F HTTP/1.1" 200 4037
190.158.188.117 - - [15/Dec/2014:01:07:56 -0500] "GET /autoliquidacion/dlf/xls.gif HTTP/1.1" 200 636
188.165.15.130 - - [15/Dec/2014:01:07:59 -0500] "GET /BLA/resoluciones/RESOLUCIONES%202003/RES%202003%20401-450/402.tif HTTP/1.1" 200 226456
186.83.128.7 - - [15/Dec/2014:01:08:00 -0500] "GET /autoliquidacion/index.php?dir=Grupo+Forestal+-+Silvicultura%2F HTTP/1.1" 200 5748
186.83.128.7 - - [15/Dec/2014:01:08:00 -0500] "GET /autoliquidacion/dlf/dirup.png HTTP/1.1" 200 644
186.83.128.7 - - [15/Dec/2014:01:08:00 -0500] "GET /autoliquidacion/dlf/xls.gif HTTP/1.1" 200 636
186.83.128.7 - - [15/Dec/2014:01:08:00 -0500] "GET /autoliquidacion/dlf/unknown.png HTTP/1.1" 200 266
186.83.128.7 - - [15/Dec/2014:01:08:00 -0500] "GET /autoliquidacion/dlf/html.gif HTTP/1.1" 200 632
190.158.188.117 - - [15/Dec/2014:01:08:03 -0500] "GET /autoliquidacion/Solicitudes%20relacionadas%20con%20calidad%20del%20aire%20auditiva%20y%20visual/Registro%20de%20Elementos%20de%20publicidad%20Exterior%20Visual/126pm04-pr16-f-a301%20Formato%20Solicitud%20de%20registro.xls HTTP/1.1" 200 3573248
190.66.126.187 - - [15/Dec/2014:01:08:07 -0500] "POST /forms/lservlet;jsessionid=ac16012b30d58ef0902967c04f0f9e78f7637e7d1e04.e3iSbxaKaheRe34Sa3yKbhiTahb0n6jAmljGr5XDqQLvpAe HTTP/1.1" 200 2
74.86.158.107 - - [15/Dec/2014:01:08:09 -0500] "HEAD / HTTP/1.1" 302 -
123.125.71.45 - - [15/Dec/2014:01:08:12 -0500] "GET / HTTP/1.1" 302 -
190.158.188.117 - - [15/Dec/2014:01:08:27 -0500] "GET /autoliquidacion/index.php?dir=Solicitud+de+Licencia+Ambiental%2F HTTP/1.1" 200 2642
180.76.6.136 - - [15/Dec/2014:01:09:14 -0500] "GET /BLA/boletinlegal;jsessionid=BCDDC60569253EFBC44AE33ABD15EBB5?/? HTTP/1.1" 404 1018
188.165.15.130 - - [15/Dec/2014:01:09:19 -0500] "GET /BLA/resoluciones/RESOLUCIONES%202003/RES%202003%201751-1800/20031776.tif HTTP/1.1" 200 2121094
220.181.108.90 - - [15/Dec/2014:01:09:35 -0500] "GET / HTTP/1.1" 302 -
188.165.15.60 - - [15/Dec/2014:01:10:05 -0500] "GET /BLA/resoluciones/RESOLUCIONES%202006/RES%202006%202501-2550/00002508.tif HTTP/1.1" 200 266808
190.66.126.187 - - [15/Dec/2014:01:10:07 -0500] "POST /forms/lservlet;jsessionid=ac16012b30d58ef0902967c04f0f9e78f7637e7d1e04.e3iSbxaKaheRe34Sa3yKbhiTahb0n6jAmljGr5XDqQLvpAe HTTP/1.1" 200 2
188.165.15.183 - - [15/Dec/2014:01:10:10 -0500] "GET /BLA/resoluciones/RESOLUCIONES%202003/RES%202003%20751-800/798.tif HTTP/1.1" 200 902636
62.24.122.25 - - [15/Dec/2014:01:10:28 -0500] "GET /old/wp-admin/ HTTP/1.1" 404 1018
190.66.126.187 - - [15/Dec/2014:01:10:31 -0500] "POST /forms/lservlet;jsessionid=ac16012b30d58ef0902967c04f0f9e78f7637e7d1e04.e3iSbxaKaheRe34Sa3yKbhiTahb0n6jAmljGr5XDqQLvpAe HTTP/1.1" 200 919
190.66.126.187 - - [15/Dec/2014:01:10:32 -0500] "GET /imagenes/open.gif HTTP/1.1" 200 919
190.66.126.187 - - [15/Dec/2014:01:10:32 -0500] "POST /forms/lservlet;jsessionid=ac16012b30d58ef0902967c04f0f9e78f7637e7d1e04.e3iSbxaKaheRe34Sa3yKbhiTahb0n6jAmljGr5XDqQLvpAe HTTP/1.1" 200 2
190.66.126.187 - - [15/Dec/2014:01:10:33 -0500] "POST /forms/lservlet;jsessionid=ac16012b30d58ef0902967c04f0f9e78f7637e7d1e04.e3iSbxaKaheRe34Sa3yKbhiTahb0n6jAmljGr5XDqQLvpAe HTTP/1.1" 200 596
190.66.126.187 - - [15/Dec/2014:01:10:34 -0500] "POST /forms/lservlet;jsessionid=ac16012b30d58ef0902967c04f0f9e78f7637e7d1e04.e3iSbxaKaheRe34Sa3yKbhiTahb0n6jAmljGr5XDqQLvpAe HTTP/1.1" 200 7790
190.66.126.187 - - [15/Dec/2014:01:10:34 -0500] "POST /forms/lservlet;jsessionid=ac16012b30d58ef0902967c04f0f9e78f7637e7d1e04.e3iSbxaKaheRe34Sa3yKbhiTahb0n6jAmljGr5XDqQLvpAe HTTP/1.1" 200 2
190.66.126.187 - - [15/Dec/2014:01:10:35 -0500] "POST /forms/lservlet;jsessionid=ac16012b30d58ef0902967c04f0f9e78f7637e7d1e04.e3iSbxaKaheRe34Sa3yKbhiTahb0n6jAmljGr5XDqQLvpAe HTTP/1.1" 200 2491
190.66.126.187 - - [15/Dec/2014:01:10:38 -0500] "POST /forms/lservlet;jsessionid=ac16012b30d58ef0902967c04f0f9e78f7637e7d1e04.e3iSbxaKaheRe34Sa3yKbhiTahb0n6jAmljGr5XDqQLvpAe HTTP/1.1" 200 48
190.66.126.187 - - [15/Dec/2014:01:10:55 -0500] "POST /forms/lservlet;jsessionid=ac16012b30d58ef0902967c04f0f9e78f7637e7d1e04.e3iSbxaKaheRe34Sa3yKbhiTahb0n6jAmljGr5XDqQLvpAe HTTP/1.1" 200 26
190.66.126.187 - - [15/Dec/2014:01:10:55 -0500] "POST /forms/lservlet;jsessionid=ac16012b30d58ef0902967c04f0f9e78f7637e7d1e04.e3iSbxaKaheRe34Sa3yKbhiTahb0n6jAmljGr5XDqQLvpAe HTTP/1.1" 200 4961
190.66.126.187 - - [15/Dec/2014:01:10:56 -0500] "POST /forms/lservlet;jsessionid=ac16012b30d58ef0902967c04f0f9e78f7637e7d1e04.e3iSbxaKaheRe34Sa3yKbhiTahb0n6jAmljGr5XDqQLvpAe HTTP/1.1" 200 20
190.66.126.187 - - [15/Dec/2014:01:11:23 -0500] "POST /forms/lservlet;jsessionid=ac16012b30d58ef0902967c04f0f9e78f7637e7d1e04.e3iSbxaKaheRe34Sa3yKbhiTahb0n6jAmljGr5XDqQLvpAe HTTP/1.1" 200 2
190.66.126.187 - - [15/Dec/2014:01:11:23 -0500] "POST /forms/lservlet;jsessionid=ac16012b30d58ef0902967c04f0f9e78f7637e7d1e04.e3iSbxaKaheRe34Sa3yKbhiTahb0n6jAmljGr5XDqQLvpAe HTTP/1.1" 200 3031
190.66.126.187 - - [15/Dec/2014:01:11:24 -0500] "POST /forms/lservlet;jsessionid=ac16012b30d58ef0902967c04f0f9e78f7637e7d1e04.e3iSbxaKaheRe34Sa3yKbhiTahb0n6jAmljGr5XDqQLvpAe HTTP/1.1" 200 2
188.165.15.98 - - [15/Dec/2014:01:11:24 -0500] "GET /BLA/resoluciones/RESOLUCIONES%202002/RES%202002%201801-1850/20021843.tif HTTP/1.1" 200 106624
190.66.126.187 - - [15/Dec/2014:01:11:25 -0500] "POST /forms/lservlet;jsessionid=ac16012b30d58ef0902967c04f0f9e78f7637e7d1e04.e3iSbxaKaheRe34Sa3yKbhiTahb0n6jAmljGr5XDqQLvpAe HTTP/1.1" 200 2
190.66.126.187 - - [15/Dec/2014:01:11:25 -0500] "POST /forms/lservlet;jsessionid=ac16012b30d58ef0902967c04f0f9e78f7637e7d1e04.e3iSbxaKaheRe34Sa3yKbhiTahb0n6jAmljGr5XDqQLvpAe HTTP/1.1" 200 3620
190.66.126.187 - - [15/Dec/2014:01:11:26 -0500] "POST /forms/lservlet;jsessionid=ac16012b30d58ef0902967c04f0f9e78f7637e7d1e04.e3iSbxaKaheRe34Sa3yKbhiTahb0n6jAmljGr5XDqQLvpAe HTTP/1.1" 200 2
66.249.67.75 - - [15/Dec/2014:01:11:55 -0500] "GET /BLA/resoluciones/RESOLUCIONES%202011/4809.pdf HTTP/1.1" 304 -
190.66.126.187 - - [15/Dec/2014:01:12:05 -0500] "POST /forms/lservlet;jsessionid=ac16012b30d58ef0902967c04f0f9e78f7637e7d1e04.e3iSbxaKaheRe34Sa3yKbhiTahb0n6jAmljGr5XDqQLvpAe HTTP/1.1" 200 2
190.66.126.187 - - [15/Dec/2014:01:12:05 -0500] "POST /forms/lservlet;jsessionid=ac16012b30d58ef0902967c04f0f9e78f7637e7d1e04.e3iSbxaKaheRe34Sa3yKbhiTahb0n6jAmljGr5XDqQLvpAe HTTP/1.1" 200 2577
190.66.126.187 - - [15/Dec/2014:01:12:06 -0500] "POST /forms/lservlet;jsessionid=ac16012b30d58ef0902967c04f0f9e78f7637e7d1e04.e3iSbxaKaheRe34Sa3yKbhiTahb0n6jAmljGr5XDqQLvpAe HTTP/1.1" 200 2
190.66.126.187 - - [15/Dec/2014:01:12:07 -0500] "POST /forms/lservlet;jsessionid=ac16012b30d58ef0902967c04f0f9e78f7637e7d1e04.e3iSbxaKaheRe34Sa3yKbhiTahb0n6jAmljGr5XDqQLvpAe HTTP/1.1" 200 2
190.66.126.187 - - [15/Dec/2014:01:12:28 -0500] "POST /forms/lservlet;jsessionid=ac16012b30d58ef0902967c04f0f9e78f7637e7d1e04.e3iSbxaKaheRe34Sa3yKbhiTahb0n6jAmljGr5XDqQLvpAe HTTP/1.1" 200 2
190.66.126.187 - - [15/Dec/2014:01:12:28 -0500] "POST /forms/lservlet;jsessionid=ac16012b30d58ef0902967c04f0f9e78f7637e7d1e04.e3iSbxaKaheRe34Sa3yKbhiTahb0n6jAmljGr5XDqQLvpAe HTTP/1.1" 200 3570
190.66.126.187 - - [15/Dec/2014:01:12:29 -0500] "POST /forms/lservlet;jsessionid=ac16012b30d58ef0902967c04f0f9e78f7637e7d1e04.e3iSbxaKaheRe34Sa3yKbhiTahb0n6jAmljGr5XDqQLvpAe HTTP/1.1" 200 2
190.66.126.187 - - [15/Dec/2014:01:12:58 -0500] "POST /forms/lservlet;jsessionid=ac16012b30d58ef0902967c04f0f9e78f7637e7d1e04.e3iSbxaKaheRe34Sa3yKbhiTahb0n6jAmljGr5XDqQLvpAe HTTP/1.1" 200 2
190.66.126.187 - - [15/Dec/2014:01:12:58 -0500] "POST /forms/lservlet;jsessionid=ac16012b30d58ef0902967c04f0f9e78f7637e7d1e04.e3iSbxaKaheRe34Sa3yKbhiTahb0n6jAmljGr5XDqQLvpAe HTTP/1.1" 200 3261
190.66.126.187 - - [15/Dec/2014:01:12:59 -0500] "POST /forms/lservlet;jsessionid=ac16012b30d58ef0902967c04f0f9e78f7637e7d1e04.e3iSbxaKaheRe34Sa3yKbhiTahb0n6jAmljGr5XDqQLvpAe HTTP/1.1" 200 2
190.66.126.187 - - [15/Dec/2014:01:13:05 -0500] "POST /forms/lservlet;jsessionid=ac16012b30d58ef0902967c04f0f9e78f7637e7d1e04.e3iSbxaKaheRe34Sa3yKbhiTahb0n6jAmljGr5XDqQLvpAe HTTP/1.1" 200 2
190.66.126.187 - - [15/Dec/2014:01:13:05 -0500] "POST /forms/lservlet;jsessionid=ac16012b30d58ef0902967c04f0f9e78f7637e7d1e04.e3iSbxaKaheRe34Sa3yKbhiTahb0n6jAmljGr5XDqQLvpAe HTTP/1.1" 200 2966
190.66.126.187 - - [15/Dec/2014:01:13:05 -0500] "POST /forms/lservlet;jsessionid=ac16012b30d58ef0902967c04f0f9e78f7637e7d1e04.e3iSbxaKaheRe34Sa3yKbhiTahb0n6jAmljGr5XDqQLvpAe HTTP/1.1" 200 2
190.66.126.187 - - [15/Dec/2014:01:13:06 -0500] "POST /forms/lservlet;jsessionid=ac16012b30d58ef0902967c04f0f9e78f7637e7d1e04.e3iSbxaKaheRe34Sa3yKbhiTahb0n6jAmljGr5XDqQLvpAe HTTP/1.1" 200 2
190.66.126.187 - - [15/Dec/2014:01:13:07 -0500] "POST /forms/lservlet;jsessionid=ac16012b30d58ef0902967c04f0f9e78f7637e7d1e04.e3iSbxaKaheRe34Sa3yKbhiTahb0n6jAmljGr5XDqQLvpAe HTTP/1.1" 200 3144
190.66.126.187 - - [15/Dec/2014:01:13:07 -0500] "POST /forms/lservlet;jsessionid=ac16012b30d58ef0902967c04f0f9e78f7637e7d1e04.e3iSbxaKaheRe34Sa3yKbhiTahb0n6jAmljGr5XDqQLvpAe HTTP/1.1" 200 2
74.86.158.107 - - [15/Dec/2014:01:13:09 -0500] "HEAD / HTTP/1.1" 302 -
190.66.126.187 - - [15/Dec/2014:01:13:10 -0500] "POST /forms/lservlet;jsessionid=ac16012b30d58ef0902967c04f0f9e78f7637e7d1e04.e3iSbxaKaheRe34Sa3yKbhiTahb0n6jAmljGr5XDqQLvpAe HTTP/1.1" 200 2
190.66.126.187 - - [15/Dec/2014:01:13:10 -0500] "POST /forms/lservlet;jsessionid=ac16012b30d58ef0902967c04f0f9e78f7637e7d1e04.e3iSbxaKaheRe34Sa3yKbhiTahb0n6jAmljGr5XDqQLvpAe HTTP/1.1" 200 2705
190.66.126.187 - - [15/Dec/2014:01:13:10 -0500] "POST /forms/lservlet;jsessionid=ac16012b30d58ef0902967c04f0f9e78f7637e7d1e04.e3iSbxaKaheRe34Sa3yKbhiTahb0n6jAmljGr5XDqQLvpAe HTTP/1.1" 200 2
190.66.126.187 - - [15/Dec/2014:01:13:11 -0500] "POST /forms/lservlet;jsessionid=ac16012b30d58ef0902967c04f0f9e78f7637e7d1e04.e3iSbxaKaheRe34Sa3yKbhiTahb0n6jAmljGr5XDqQLvpAe HTTP/1.1" 200 2
190.66.126.187 - - [15/Dec/2014:01:13:11 -0500] "POST /forms/lservlet;jsessionid=ac16012b30d58ef0902967c04f0f9e78f7637e7d1e04.e3iSbxaKaheRe34Sa3yKbhiTahb0n6jAmljGr5XDqQLvpAe HTTP/1.1" 200 3026
190.66.126.187 - - [15/Dec/2014:01:13:11 -0500] "POST /forms/lservlet;jsessionid=ac16012b30d58ef0902967c04f0f9e78f7637e7d1e04.e3iSbxaKaheRe34Sa3yKbhiTahb0n6jAmljGr5XDqQLvpAe HTTP/1.1" 200 2
190.66.126.187 - - [15/Dec/2014:01:13:12 -0500] "POST /forms/lservlet;jsessionid=ac16012b30d58ef0902967c04f0f9e78f7637e7d1e04.e3iSbxaKaheRe34Sa3yKbhiTahb0n6jAmljGr5XDqQLvpAe HTTP/1.1" 200 2
190.66.126.187 - - [15/Dec/2014:01:13:12 -0500] "POST /forms/lservlet;jsessionid=ac16012b30d58ef0902967c04f0f9e78f7637e7d1e04.e3iSbxaKaheRe34Sa3yKbhiTahb0n6jAmljGr5XDqQLvpAe HTTP/1.1" 200 2284
190.66.126.187 - - [15/Dec/2014:01:13:12 -0500] "POST /forms/lservlet;jsessionid=ac16012b30d58ef0902967c04f0f9e78f7637e7d1e04.e3iSbxaKaheRe34Sa3yKbhiTahb0n6jAmljGr5XDqQLvpAe HTTP/1.1" 200 10
190.66.126.187 - - [15/Dec/2014:01:13:13 -0500] "POST /forms/lservlet;jsessionid=ac16012b30d58ef0902967c04f0f9e78f7637e7d1e04.e3iSbxaKaheRe34Sa3yKbhiTahb0n6jAmljGr5XDqQLvpAe HTTP/1.1" 200 2
190.66.126.187 - - [15/Dec/2014:01:13:13 -0500] "POST /forms/lservlet;jsessionid=ac16012b30d58ef0902967c04f0f9e78f7637e7d1e04.e3iSbxaKaheRe34Sa3yKbhiTahb0n6jAmljGr5XDqQLvpAe HTTP/1.1" 200 3456
190.66.126.187 - - [15/Dec/2014:01:13:14 -0500] "POST /forms/lservlet;jsessionid=ac16012b30d58ef0902967c04f0f9e78f7637e7d1e04.e3iSbxaKaheRe34Sa3yKbhiTahb0n6jAmljGr5XDqQLvpAe HTTP/1.1" 200 2
190.66.126.187 - - [15/Dec/2014:01:13:14 -0500] "POST /forms/lservlet;jsessionid=ac16012b30d58ef0902967c04f0f9e78f7637e7d1e04.e3iSbxaKaheRe34Sa3yKbhiTahb0n6jAmljGr5XDqQLvpAe HTTP/1.1" 200 2
190.66.126.187 - - [15/Dec/2014:01:13:14 -0500] "POST /forms/lservlet;jsessionid=ac16012b30d58ef0902967c04f0f9e78f7637e7d1e04.e3iSbxaKaheRe34Sa3yKbhiTahb0n6jAmljGr5XDqQLvpAe HTTP/1.1" 200 2823
190.66.126.187 - - [15/Dec/2014:01:13:15 -0500] "POST /forms/lservlet;jsessionid=ac16012b30d58ef0902967c04f0f9e78f7637e7d1e04.e3iSbxaKaheRe34Sa3yKbhiTahb0n6jAmljGr5XDqQLvpAe HTTP/1.1" 200 2
190.66.126.187 - - [15/Dec/2014:01:13:15 -0500] "POST /forms/lservlet;jsessionid=ac16012b30d58ef0902967c04f0f9e78f7637e7d1e04.e3iSbxaKaheRe34Sa3yKbhiTahb0n6jAmljGr5XDqQLvpAe HTTP/1.1" 200 2
190.66.126.187 - - [15/Dec/2014:01:13:15 -0500] "POST /forms/lservlet;jsessionid=ac16012b30d58ef0902967c04f0f9e78f7637e7d1e04.e3iSbxaKaheRe34Sa3yKbhiTahb0n6jAmljGr5XDqQLvpAe HTTP/1.1" 200 2663
190.66.126.187 - - [15/Dec/2014:01:13:16 -0500] "POST /forms/lservlet;jsessionid=ac16012b30d58ef0902967c04f0f9e78f7637e7d1e04.e3iSbxaKaheRe34Sa3yKbhiTahb0n6jAmljGr5XDqQLvpAe HTTP/1.1" 200 2
190.66.126.187 - - [15/Dec/2014:01:13:16 -0500] "POST /forms/lservlet;jsessionid=ac16012b30d58ef0902967c04f0f9e78f7637e7d1e04.e3iSbxaKaheRe34Sa3yKbhiTahb0n6jAmljGr5XDqQLvpAe HTTP/1.1" 200 2
190.66.126.187 - - [15/Dec/2014:01:13:16 -0500] "POST /forms/lservlet;jsessionid=ac16012b30d58ef0902967c04f0f9e78f7637e7d1e04.e3iSbxaKaheRe34Sa3yKbhiTahb0n6jAmljGr5XDqQLvpAe HTTP/1.1" 200 3192
190.66.126.187 - - [15/Dec/2014:01:13:17 -0500] "POST /forms/lservlet;jsessionid=ac16012b30d58ef0902967c04f0f9e78f7637e7d1e04.e3iSbxaKaheRe34Sa3yKbhiTahb0n6jAmljGr5XDqQLvpAe HTTP/1.1" 200 2
190.66.126.187 - - [15/Dec/2014:01:13:17 -0500] "POST /forms/lservlet;jsessionid=ac16012b30d58ef0902967c04f0f9e78f7637e7d1e04.e3iSbxaKaheRe34Sa3yKbhiTahb0n6jAmljGr5XDqQLvpAe HTTP/1.1" 200 2
190.66.126.187 - - [15/Dec/2014:01:13:17 -0500] "POST /forms/lservlet;jsessionid=ac16012b30d58ef0902967c04f0f9e78f7637e7d1e04.e3iSbxaKaheRe34Sa3yKbhiTahb0n6jAmljGr5XDqQLvpAe HTTP/1.1" 200 2937
190.66.126.187 - - [15/Dec/2014:01:13:18 -0500] "POST /forms/lservlet;jsessionid=ac16012b30d58ef0902967c04f0f9e78f7637e7d1e04.e3iSbxaKaheRe34Sa3yKbhiTahb0n6jAmljGr5XDqQLvpAe HTTP/1.1" 200 2
188.165.15.224 - - [15/Dec/2014:01:13:18 -0500] "GET /BLA/resoluciones/RESOLUCIONES%202002/RES%202002%201301-1350/20021318.tif HTTP/1.1" 200 91610
190.66.126.187 - - [15/Dec/2014:01:13:21 -0500] "POST /forms/lservlet;jsessionid=ac16012b30d58ef0902967c04f0f9e78f7637e7d1e04.e3iSbxaKaheRe34Sa3yKbhiTahb0n6jAmljGr5XDqQLvpAe HTTP/1.1" 200 2
190.66.126.187 - - [15/Dec/2014:01:13:21 -0500] "POST /forms/lservlet;jsessionid=ac16012b30d58ef0902967c04f0f9e78f7637e7d1e04.e3iSbxaKaheRe34Sa3yKbhiTahb0n6jAmljGr5XDqQLvpAe HTTP/1.1" 200 3308
190.66.126.187 - - [15/Dec/2014:01:13:21 -0500] "POST /forms/lservlet;jsessionid=ac16012b30d58ef0902967c04f0f9e78f7637e7d1e04.e3iSbxaKaheRe34Sa3yKbhiTahb0n6jAmljGr5XDqQLvpAe HTTP/1.1" 200 2
190.66.126.187 - - [15/Dec/2014:01:13:22 -0500] "POST /forms/lservlet;jsessionid=ac16012b30d58ef0902967c04f0f9e78f7637e7d1e04.e3iSbxaKaheRe34Sa3yKbhiTahb0n6jAmljGr5XDqQLvpAe HTTP/1.1" 200 2
190.66.126.187 - - [15/Dec/2014:01:13:22 -0500] "POST /forms/lservlet;jsessionid=ac16012b30d58ef0902967c04f0f9e78f7637e7d1e04.e3iSbxaKaheRe34Sa3yKbhiTahb0n6jAmljGr5XDqQLvpAe HTTP/1.1" 200 3263
190.66.126.187 - - [15/Dec/2014:01:13:23 -0500] "POST /forms/lservlet;jsessionid=ac16012b30d58ef0902967c04f0f9e78f7637e7d1e04.e3iSbxaKaheRe34Sa3yKbhiTahb0n6jAmljGr5XDqQLvpAe HTTP/1.1" 200 2
100.43.85.25 - - [15/Dec/2014:01:13:43 -0500] "GET /Autoliquidacion/TR%C3%81MITES%20VERTIMIENTOS/PERMISOS%20DE%20VERTIMIENTOS/ANEXO3.%20LISTA%20DE%20CHEQUEO%20PERMISO%20VERT.%20ALCANTARILLADO%20-%20F.xls HTTP/1.1" 200 225792
190.66.126.187 - - [15/Dec/2014:01:13:50 -0500] "POST /forms/lservlet;jsessionid=ac16012b30d58ef0902967c04f0f9e78f7637e7d1e04.e3iSbxaKaheRe34Sa3yKbhiTahb0n6jAmljGr5XDqQLvpAe HTTP/1.1" 200 2
190.66.126.187 - - [15/Dec/2014:01:13:51 -0500] "POST /forms/lservlet;jsessionid=ac16012b30d58ef0902967c04f0f9e78f7637e7d1e04.e3iSbxaKaheRe34Sa3yKbhiTahb0n6jAmljGr5XDqQLvpAe HTTP/1.1" 200 2729
190.66.126.187 - - [15/Dec/2014:01:13:51 -0500] "POST /forms/lservlet;jsessionid=ac16012b30d58ef0902967c04f0f9e78f7637e7d1e04.e3iSbxaKaheRe34Sa3yKbhiTahb0n6jAmljGr5XDqQLvpAe HTTP/1.1" 200 2
190.66.126.187 - - [15/Dec/2014:01:14:08 -0500] "POST /forms/lservlet;jsessionid=ac16012b30d58ef0902967c04f0f9e78f7637e7d1e04.e3iSbxaKaheRe34Sa3yKbhiTahb0n6jAmljGr5XDqQLvpAe HTTP/1.1" 200 2
190.66.126.187 - - [15/Dec/2014:01:14:11 -0500] "POST /forms/lservlet;jsessionid=ac16012b30d58ef0902967c04f0f9e78f7637e7d1e04.e3iSbxaKaheRe34Sa3yKbhiTahb0n6jAmljGr5XDqQLvpAe HTTP/1.1" 200 2
190.66.126.187 - - [15/Dec/2014:01:14:11 -0500] "POST /forms/lservlet;jsessionid=ac16012b30d58ef0902967c04f0f9e78f7637e7d1e04.e3iSbxaKaheRe34Sa3yKbhiTahb0n6jAmljGr5XDqQLvpAe HTTP/1.1" 200 3221
