181.53.33.25 - - [27/Dec/2014:10:52:51 -0500] "GET /forest/img/base/bsc2_r1_c1.gif HTTP/1.1" 304 -
181.53.33.25 - - [27/Dec/2014:10:52:51 -0500] "GET /forest/img/notify.gif HTTP/1.1" 304 -
181.53.33.25 - - [27/Dec/2014:10:52:51 -0500] "GET /forest/img/pantalla.gif HTTP/1.1" 304 -
181.53.33.25 - - [27/Dec/2014:10:52:51 -0500] "GET /forest/img/ayuda.gif HTTP/1.1" 304 -
181.53.33.25 - - [27/Dec/2014:10:52:51 -0500] "GET /forest/img/salir3.gif HTTP/1.1" 304 -
181.53.33.25 - - [27/Dec/2014:10:52:51 -0500] "GET /forest/skins/gdocs-jar/img/expandido.gif HTTP/1.1" 304 -
181.53.33.25 - - [27/Dec/2014:10:52:51 -0500] "GET /forest/skins/gdocs-jar/img/activity2.gif HTTP/1.1" 304 -
181.53.33.25 - - [27/Dec/2014:10:52:51 -0500] "GET /forest/skins/gdocs-jar/img/itemlist.gif HTTP/1.1" 304 -
181.53.33.25 - - [27/Dec/2014:10:52:51 -0500] "GET /forest/skins/gdocs-jar/img/mueveactividad.gif HTTP/1.1" 304 -
181.53.33.25 - - [27/Dec/2014:10:52:51 -0500] "GET /forest/skins/gdocs-jar/img/prev.gif HTTP/1.1" 304 -
181.53.33.25 - - [27/Dec/2014:10:52:51 -0500] "GET /forest/skins/gdocs-jar/img/icons/pdf.gif HTTP/1.1" 304 -
181.53.33.25 - - [27/Dec/2014:10:52:51 -0500] "GET /forest/img/jquery/ui-bg_glass_75_d0e5f5_1x400.png HTTP/1.1" 304 -
181.53.33.25 - - [27/Dec/2014:10:52:51 -0500] "GET /forest/img/mplogo.gif HTTP/1.1" 304 -
181.53.33.25 - - [27/Dec/2014:10:52:51 -0500] "GET /forest/img/close.gif HTTP/1.1" 304 -
181.53.33.25 - - [27/Dec/2014:10:52:51 -0500] "GET /forest/skins/gdocs-jar/img/okey.gif HTTP/1.1" 304 -
181.53.33.25 - - [27/Dec/2014:10:52:51 -0500] "GET /forest/session.jsp?a=0.8725948744209082 HTTP/1.1" 200 4
181.53.33.25 - - [27/Dec/2014:10:52:52 -0500] "GET /forest/skins/gdocs-jar/img/contraido.gif HTTP/1.1" 304 -
186.82.78.180 - - [27/Dec/2014:10:53:02 -0500] "POST /forms/lservlet;jsessionid=ac16012b30d5f89fa76fa7084ec6ba0aed297e3853b3.e3iSbxaKaheRe34Sa3yKbhiTahb0n6jAmljGr5XDqQLvpAe HTTP/1.1" 200 2
66.249.73.155 - - [27/Dec/2014:10:53:15 -0500] "GET /BLA/resoluciones/AUTOS%202009/1696.pdf HTTP/1.1" 200 123619
181.53.33.25 - - [27/Dec/2014:10:53:27 -0500] "GET /forest/jsoptimized/gz/js/gdocsall-1412.231748.js HTTP/1.1" 304 -
181.53.33.25 - - [27/Dec/2014:10:53:27 -0500] "GET /forest/skins/gdocs-jar/js/tareas.js?version=1412.231748 HTTP/1.1" 304 -
181.53.33.25 - - [27/Dec/2014:10:53:27 -0500] "GET /forest/skins/gdocs-jar/js/xml_utilities.js?version=1412.231748 HTTP/1.1" 304 -
181.53.33.25 - - [27/Dec/2014:10:53:27 -0500] "GET /forest/skins/gdocs-jar/js/autocompletar2.js?version=1412.231748 HTTP/1.1" 304 -
181.53.33.25 - - [27/Dec/2014:10:53:27 -0500] "GET /forest/skins/gdocs-jar/css/autocomplete.css HTTP/1.1" 304 -
181.53.33.25 - - [27/Dec/2014:10:53:27 -0500] "GET /forest/skins/gdocs-jar/css/tree.css HTTP/1.1" 304 -
181.53.33.25 - - [27/Dec/2014:10:53:27 -0500] "GET /forest/usutareas.do?_a=0.9393113439917646&group_system_actual=3 HTTP/1.1" 200 116017
181.53.33.25 - - [27/Dec/2014:10:53:27 -0500] "GET /forest/skins/gdocs-jar/css/forms.css HTTP/1.1" 304 -
181.53.33.25 - - [27/Dec/2014:10:53:27 -0500] "GET /forest/skins/gdocs-jar/js/number-functions.js?version=1412.231748 HTTP/1.1" 304 -
181.53.33.25 - - [27/Dec/2014:10:53:27 -0500] "GET /forest/skins/gdocs-jar/js/formsBase.js?version=1412.231748 HTTP/1.1" 304 -
181.53.33.25 - - [27/Dec/2014:10:53:27 -0500] "GET /forest/skins/gdocs-jar/js/swfobject.js?version=1412.231748 HTTP/1.1" 304 -
181.53.33.25 - - [27/Dec/2014:10:53:27 -0500] "GET /forest/skins/gdocs-jar/js/graphicForm.js?version=1412.231748 HTTP/1.1" 304 -
181.53.33.25 - - [27/Dec/2014:10:53:27 -0500] "GET /forest/img/asociarUser.gif HTTP/1.1" 304 -
181.53.33.25 - - [27/Dec/2014:10:53:27 -0500] "GET /forest/skins/gdocs-jar/img/asociarUserOtraDependencia.gif HTTP/1.1" 304 -
181.53.33.25 - - [27/Dec/2014:10:53:27 -0500] "GET /forest/skins/gdocs-jar/img/comments.gif HTTP/1.1" 304 -
181.53.33.25 - - [27/Dec/2014:10:53:27 -0500] "GET /forest/skins/gdocs-jar/img/vertodossubprocesos.gif HTTP/1.1" 304 -
181.53.33.25 - - [27/Dec/2014:10:53:27 -0500] "GET /forest/skins/gdocs-jar/img/actividad2.gif HTTP/1.1" 304 -
181.53.33.25 - - [27/Dec/2014:10:53:27 -0500] "GET /forest/skins/gdocs-jar/img/desasociarUser.gif HTTP/1.1" 304 -
181.53.33.25 - - [27/Dec/2014:10:53:27 -0500] "GET /forest/skins/gdocs-jar/img/print.gif HTTP/1.1" 304 -
181.53.33.25 - - [27/Dec/2014:10:53:27 -0500] "GET /forest/skins/gdocs-jar/img/plus.gif HTTP/1.1" 304 -
181.53.33.25 - - [27/Dec/2014:10:53:27 -0500] "GET /forest/skins/gdocs-jar/img/pencil.png HTTP/1.1" 304 -
181.53.33.25 - - [27/Dec/2014:10:53:27 -0500] "GET /forest/skins/gdocs-jar/img/minus.png HTTP/1.1" 304 -
181.53.33.25 - - [27/Dec/2014:10:53:27 -0500] "GET /forest/skins/gdocs-jar/img/alert.gif HTTP/1.1" 304 -
181.53.33.25 - - [27/Dec/2014:10:53:27 -0500] "GET /forest/skins/gdocs-jar/img/disk.png HTTP/1.1" 304 -
181.53.33.25 - - [27/Dec/2014:10:53:27 -0500] "GET /forest/skins/gdocs-jar/img/control-double.png HTTP/1.1" 304 -
181.53.33.25 - - [27/Dec/2014:10:53:27 -0500] "GET /forest/skins/gdocs-jar/img/close.gif HTTP/1.1" 304 -
181.53.33.25 - - [27/Dec/2014:10:53:27 -0500] "GET /forest/skins/gdocs-jar/img/bgPanel.jpg HTTP/1.1" 304 -
181.53.33.25 - - [27/Dec/2014:10:53:27 -0500] "GET /forest/skins/gdocs-jar/img/cancel.gif HTTP/1.1" 304 -
181.53.33.25 - - [27/Dec/2014:10:53:27 -0500] "GET /forest/skins/gdocs-jar/img/spacer.gif HTTP/1.1" 304 -
181.53.33.25 - - [27/Dec/2014:10:53:27 -0500] "GET /forest/skins/gdocs-jar/img/green.gif HTTP/1.1" 304 -
181.53.33.25 - - [27/Dec/2014:10:53:27 -0500] "GET /forest/session.jsp?a=0.2474998693882845 HTTP/1.1" 200 4
181.53.33.25 - - [27/Dec/2014:10:53:28 -0500] "GET /forest/1ibre/jscalendar/img.gif HTTP/1.1" 304 -
186.30.66.14 - - [27/Dec/2014:10:53:33 -0500] "POST /forms/lservlet;jsessionid=ac16012b30d53ea9f84bca5f42a9821692df51710c28.e3iSbxaKaheRe34Sa3yKbhiTahb0n6jAmljGr5XDqQLvpAe HTTP/1.1" 200 2
190.156.143.139 - - [27/Dec/2014:10:53:46 -0500] "POST /forms/lservlet;jsessionid=ac16012b30d595b3fac8d1374f929d92dd1da0263bef.e3iSbxaKaheRe34Sa3yKbhiTahb0n6jAmljGr5XDqQLvpAe HTTP/1.1" 200 2
190.84.185.167 - - [27/Dec/2014:10:54:01 -0500] "GET /forest/session.jsp?a=0.6152910580858588 HTTP/1.1" 200 4
190.25.232.143 - - [27/Dec/2014:10:54:13 -0500] "GET /StormSDA/stormWeb/presentacion.html HTTP/1.1" 304 -
66.249.73.171 - - [27/Dec/2014:10:54:14 -0500] "GET /autoliquidacion/index.php?dir=Solicitudes%20relacionadas%20con%20ocupaci%F3n%20de%20cauce/&sort=date&order=asc HTTP/1.1" 200 2802
66.249.73.155 - - [27/Dec/2014:10:54:53 -0500] "GET /autoliquidacion/index.php?dir=Solicitudes%20relacionadas%20con%20ocupaci%F3n%20de%20cauce/&sort=date&order=desc HTTP/1.1" 200 2801
66.249.73.171 - - [27/Dec/2014:10:54:56 -0500] "GET /BLA/resoluciones/RESOLUCIONES%202004/RES%202004%202151-2200/00002186.tif HTTP/1.1" 200 175214
186.82.78.180 - - [27/Dec/2014:10:55:02 -0500] "POST /forms/lservlet;jsessionid=ac16012b30d5f89fa76fa7084ec6ba0aed297e3853b3.e3iSbxaKaheRe34Sa3yKbhiTahb0n6jAmljGr5XDqQLvpAe HTTP/1.1" 200 2
66.249.65.188 - - [27/Dec/2014:10:55:12 -0500] "GET /Anexos%20estudio%20Organizacional%20SDA/ANEXO%20No.%203-%20CONTRATACI%C3%93N%20%20OPS%C2%B4s%202008-2012/CONTRATOS%20SDA%202010%20POR%20DEPENDENCIA%20(1).xls HTTP/1.1" 304 -
186.30.66.14 - - [27/Dec/2014:10:55:33 -0500] "POST /forms/lservlet;jsessionid=ac16012b30d53ea9f84bca5f42a9821692df51710c28.e3iSbxaKaheRe34Sa3yKbhiTahb0n6jAmljGr5XDqQLvpAe HTTP/1.1" 200 2
74.86.158.107 - - [27/Dec/2014:10:55:35 -0500] "HEAD / HTTP/1.1" 302 -
190.156.143.139 - - [27/Dec/2014:10:55:46 -0500] "POST /forms/lservlet;jsessionid=ac16012b30d595b3fac8d1374f929d92dd1da0263bef.e3iSbxaKaheRe34Sa3yKbhiTahb0n6jAmljGr5XDqQLvpAe HTTP/1.1" 200 2
181.245.77.206 - - [27/Dec/2014:10:55:54 -0500] "GET /BLA/resoluciones/AUTOS%202013/1636.pdf HTTP/1.1" 200 1190152
66.249.65.188 - - [27/Dec/2014:10:56:11 -0500] "GET /PORTAL_SIAC/swf/Residuos/farmaceutica/files/search/searchtext.xml HTTP/1.1" 304 -
190.84.185.167 - - [27/Dec/2014:10:50:12 -0500] "GET /ForestMSG_SDA/channelAsync/template_word_16910144?X-Atmosphere-tracking-id=a019a9d7-281a-9735-0943-418caca12247&X-Atmosphere-Framework=1.0.5&X-Atmosphere-Transport=long-polling&tabid=0.24334189086221159&X-Cache-Date=0&Content-Type=application/xml&_=1419695479382 HTTP/1.1" 200 8193
190.156.143.139 - - [27/Dec/2014:10:56:16 -0500] "POST /forms/lservlet;jsessionid=ac16012b30d595b3fac8d1374f929d92dd1da0263bef.e3iSbxaKaheRe34Sa3yKbhiTahb0n6jAmljGr5XDqQLvpAe HTTP/1.1" 200 509
190.156.143.139 - - [27/Dec/2014:10:56:16 -0500] "POST /forms/lservlet;jsessionid=ac16012b30d595b3fac8d1374f929d92dd1da0263bef.e3iSbxaKaheRe34Sa3yKbhiTahb0n6jAmljGr5XDqQLvpAe HTTP/1.1" 200 7
190.156.143.139 - - [27/Dec/2014:10:56:16 -0500] "POST /forms/lservlet;jsessionid=ac16012b30d595b3fac8d1374f929d92dd1da0263bef.e3iSbxaKaheRe34Sa3yKbhiTahb0n6jAmljGr5XDqQLvpAe HTTP/1.1" 200 392
190.156.143.139 - - [27/Dec/2014:10:56:16 -0500] "POST /forms/lservlet;jsessionid=ac16012b30d595b3fac8d1374f929d92dd1da0263bef.e3iSbxaKaheRe34Sa3yKbhiTahb0n6jAmljGr5XDqQLvpAe HTTP/1.1" 200 374
190.156.143.139 - - [27/Dec/2014:10:56:16 -0500] "POST /forms/lservlet;jsessionid=ac16012b30d595b3fac8d1374f929d92dd1da0263bef.e3iSbxaKaheRe34Sa3yKbhiTahb0n6jAmljGr5XDqQLvpAe HTTP/1.1" 200 449
190.156.143.139 - - [27/Dec/2014:10:56:16 -0500] "POST /forms/lservlet;jsessionid=ac16012b30d595b3fac8d1374f929d92dd1da0263bef.e3iSbxaKaheRe34Sa3yKbhiTahb0n6jAmljGr5XDqQLvpAe HTTP/1.1" 200 405
190.156.143.139 - - [27/Dec/2014:10:56:17 -0500] "POST /forms/lservlet;jsessionid=ac16012b30d595b3fac8d1374f929d92dd1da0263bef.e3iSbxaKaheRe34Sa3yKbhiTahb0n6jAmljGr5XDqQLvpAe HTTP/1.1" 200 429
190.156.143.139 - - [27/Dec/2014:10:56:17 -0500] "POST /forms/lservlet;jsessionid=ac16012b30d595b3fac8d1374f929d92dd1da0263bef.e3iSbxaKaheRe34Sa3yKbhiTahb0n6jAmljGr5XDqQLvpAe HTTP/1.1" 200 470
190.156.143.139 - - [27/Dec/2014:10:56:17 -0500] "POST /forms/lservlet;jsessionid=ac16012b30d595b3fac8d1374f929d92dd1da0263bef.e3iSbxaKaheRe34Sa3yKbhiTahb0n6jAmljGr5XDqQLvpAe HTTP/1.1" 200 421
190.156.143.139 - - [27/Dec/2014:10:56:17 -0500] "POST /forms/lservlet;jsessionid=ac16012b30d595b3fac8d1374f929d92dd1da0263bef.e3iSbxaKaheRe34Sa3yKbhiTahb0n6jAmljGr5XDqQLvpAe HTTP/1.1" 200 456
190.156.143.139 - - [27/Dec/2014:10:56:17 -0500] "POST /forms/lservlet;jsessionid=ac16012b30d595b3fac8d1374f929d92dd1da0263bef.e3iSbxaKaheRe34Sa3yKbhiTahb0n6jAmljGr5XDqQLvpAe HTTP/1.1" 200 459
190.156.143.139 - - [27/Dec/2014:10:56:18 -0500] "POST /forms/lservlet;jsessionid=ac16012b30d595b3fac8d1374f929d92dd1da0263bef.e3iSbxaKaheRe34Sa3yKbhiTahb0n6jAmljGr5XDqQLvpAe HTTP/1.1" 200 427
190.156.143.139 - - [27/Dec/2014:10:56:18 -0500] "POST /forms/lservlet;jsessionid=ac16012b30d595b3fac8d1374f929d92dd1da0263bef.e3iSbxaKaheRe34Sa3yKbhiTahb0n6jAmljGr5XDqQLvpAe HTTP/1.1" 200 445
190.156.143.139 - - [27/Dec/2014:10:56:18 -0500] "POST /forms/lservlet;jsessionid=ac16012b30d595b3fac8d1374f929d92dd1da0263bef.e3iSbxaKaheRe34Sa3yKbhiTahb0n6jAmljGr5XDqQLvpAe HTTP/1.1" 200 409
190.156.143.139 - - [27/Dec/2014:10:56:19 -0500] "POST /forms/lservlet;jsessionid=ac16012b30d595b3fac8d1374f929d92dd1da0263bef.e3iSbxaKaheRe34Sa3yKbhiTahb0n6jAmljGr5XDqQLvpAe HTTP/1.1" 200 236
201.244.51.180 - - [27/Dec/2014:10:56:20 -0500] "GET /galeria/nivo-slider/demo/demo.html HTTP/1.1" 200 3237
201.244.51.180 - - [27/Dec/2014:10:56:20 -0500] "GET /galeria/nivo-slider/demo/images/bolsas-08.jpg HTTP/1.1" 200 85589
201.244.51.180 - - [27/Dec/2014:10:56:20 -0500] "GET /galeria/nivo-slider/demo/images/Ruta-vertimientos-01.jpg HTTP/1.1" 200 130151
201.244.51.180 - - [27/Dec/2014:10:56:20 -0500] "GET /galeria/nivo-slider/demo/images/bolsas-06.jpg HTTP/1.1" 200 90982
190.156.143.139 - - [27/Dec/2014:10:56:20 -0500] "POST /forms/lservlet;jsessionid=ac16012b30d595b3fac8d1374f929d92dd1da0263bef.e3iSbxaKaheRe34Sa3yKbhiTahb0n6jAmljGr5XDqQLvpAe HTTP/1.1" 200 7
201.244.51.180 - - [27/Dec/2014:10:56:21 -0500] "GET /videos/Spot_CambioClimatico.flv HTTP/1.1" 304 -
190.156.143.139 - - [27/Dec/2014:10:56:20 -0500] "POST /forms/lservlet;jsessionid=ac16012b30d595b3fac8d1374f929d92dd1da0263bef.e3iSbxaKaheRe34Sa3yKbhiTahb0n6jAmljGr5XDqQLvpAe HTTP/1.1" 200 30340
190.156.143.139 - - [27/Dec/2014:10:56:22 -0500] "GET /imagenes/rt_print.gif HTTP/1.1" 200 916
190.156.143.139 - - [27/Dec/2014:10:56:22 -0500] "POST /forms/lservlet;jsessionid=ac16012b30d595b3fac8d1374f929d92dd1da0263bef.e3iSbxaKaheRe34Sa3yKbhiTahb0n6jAmljGr5XDqQLvpAe HTTP/1.1" 200 7
190.156.143.139 - - [27/Dec/2014:10:56:22 -0500] "POST /forms/lservlet;jsessionid=ac16012b30d595b3fac8d1374f929d92dd1da0263bef.e3iSbxaKaheRe34Sa3yKbhiTahb0n6jAmljGr5XDqQLvpAe HTTP/1.1" 200 27
190.156.143.139 - - [27/Dec/2014:10:56:22 -0500] "POST /forms/lservlet;jsessionid=ac16012b30d595b3fac8d1374f929d92dd1da0263bef.e3iSbxaKaheRe34Sa3yKbhiTahb0n6jAmljGr5XDqQLvpAe HTTP/1.1" 200 2
190.156.143.139 - - [27/Dec/2014:10:56:25 -0500] "POST /forms/lservlet;jsessionid=ac16012b30d595b3fac8d1374f929d92dd1da0263bef.e3iSbxaKaheRe34Sa3yKbhiTahb0n6jAmljGr5XDqQLvpAe HTTP/1.1" 200 7
190.156.143.139 - - [27/Dec/2014:10:56:25 -0500] "GET /imagenes/open.gif HTTP/1.1" 200 919
66.249.73.163 - - [27/Dec/2014:10:56:27 -0500] "GET /BLA/resoluciones/RESOLUCIONES%202001/2001%20600-649.TIF HTTP/1.1" 200 9885868
190.156.143.139 - - [27/Dec/2014:10:56:52 -0500] "POST /forms/lservlet;jsessionid=ac16012b30d595b3fac8d1374f929d92dd1da0263bef.e3iSbxaKaheRe34Sa3yKbhiTahb0n6jAmljGr5XDqQLvpAe HTTP/1.1" 200 49437
186.82.78.180 - - [27/Dec/2014:10:57:02 -0500] "POST /forms/lservlet;jsessionid=ac16012b30d5f89fa76fa7084ec6ba0aed297e3853b3.e3iSbxaKaheRe34Sa3yKbhiTahb0n6jAmljGr5XDqQLvpAe HTTP/1.1" 200 2
2.109.204.135 - - [27/Dec/2014:10:57:05 -0500] "PUT /webdav/UDP.php HTTP/1.1" 405 938
66.249.65.196 - - [27/Dec/2014:10:57:10 -0500] "GET /Anexos%20estudio%20Organizacional%20SDA/ANEXO%20No.%203-%20CONTRATACI%C3%93N%20%20OPS%C2%B4s%202008-2012/CONTRATOS%20SDA%202009%20POR%20DEPENDENCIA%20(1).xls HTTP/1.1" 304 -
186.30.66.14 - - [27/Dec/2014:10:57:33 -0500] "POST /forms/lservlet;jsessionid=ac16012b30d53ea9f84bca5f42a9821692df51710c28.e3iSbxaKaheRe34Sa3yKbhiTahb0n6jAmljGr5XDqQLvpAe HTTP/1.1" 200 2
190.156.143.139 - - [27/Dec/2014:10:57:37 -0500] "POST /forms/lservlet;jsessionid=ac16012b30d595b3fac8d1374f929d92dd1da0263bef.e3iSbxaKaheRe34Sa3yKbhiTahb0n6jAmljGr5XDqQLvpAe HTTP/1.1" 200 7
190.156.143.139 - - [27/Dec/2014:10:57:41 -0500] "POST /forms/lservlet;jsessionid=ac16012b30d595b3fac8d1374f929d92dd1da0263bef.e3iSbxaKaheRe34Sa3yKbhiTahb0n6jAmljGr5XDqQLvpAe HTTP/1.1" 200 2
190.156.143.139 - - [27/Dec/2014:10:57:41 -0500] "POST /forms/lservlet;jsessionid=ac16012b30d595b3fac8d1374f929d92dd1da0263bef.e3iSbxaKaheRe34Sa3yKbhiTahb0n6jAmljGr5XDqQLvpAe HTTP/1.1" 200 95
190.156.143.139 - - [27/Dec/2014:10:57:41 -0500] "POST /forms/lservlet;jsessionid=ac16012b30d595b3fac8d1374f929d92dd1da0263bef.e3iSbxaKaheRe34Sa3yKbhiTahb0n6jAmljGr5XDqQLvpAe HTTP/1.1" 200 2
190.156.143.139 - - [27/Dec/2014:10:57:42 -0500] "POST /forms/lservlet;jsessionid=ac16012b30d595b3fac8d1374f929d92dd1da0263bef.e3iSbxaKaheRe34Sa3yKbhiTahb0n6jAmljGr5XDqQLvpAe HTTP/1.1" 200 1499
190.156.143.139 - - [27/Dec/2014:10:57:42 -0500] "POST /forms/lservlet;jsessionid=ac16012b30d595b3fac8d1374f929d92dd1da0263bef.e3iSbxaKaheRe34Sa3yKbhiTahb0n6jAmljGr5XDqQLvpAe HTTP/1.1" 200 2
190.156.143.139 - - [27/Dec/2014:10:57:42 -0500] "POST /forms/lservlet;jsessionid=ac16012b30d595b3fac8d1374f929d92dd1da0263bef.e3iSbxaKaheRe34Sa3yKbhiTahb0n6jAmljGr5XDqQLvpAe HTTP/1.1" 200 2
190.156.143.139 - - [27/Dec/2014:10:57:44 -0500] "POST /forms/lservlet;jsessionid=ac16012b30d595b3fac8d1374f929d92dd1da0263bef.e3iSbxaKaheRe34Sa3yKbhiTahb0n6jAmljGr5XDqQLvpAe HTTP/1.1" 200 121
190.156.143.139 - - [27/Dec/2014:10:57:45 -0500] "POST /forms/lservlet;jsessionid=ac16012b30d595b3fac8d1374f929d92dd1da0263bef.e3iSbxaKaheRe34Sa3yKbhiTahb0n6jAmljGr5XDqQLvpAe HTTP/1.1" 200 2
190.156.143.139 - - [27/Dec/2014:10:57:45 -0500] "POST /forms/lservlet;jsessionid=ac16012b30d595b3fac8d1374f929d92dd1da0263bef.e3iSbxaKaheRe34Sa3yKbhiTahb0n6jAmljGr5XDqQLvpAe HTTP/1.1" 200 2476
190.156.143.139 - - [27/Dec/2014:10:57:45 -0500] "GET /imagenes/Srch_frw.gif HTTP/1.1" 200 925
190.156.143.139 - - [27/Dec/2014:10:57:45 -0500] "POST /forms/lservlet;jsessionid=ac16012b30d595b3fac8d1374f929d92dd1da0263bef.e3iSbxaKaheRe34Sa3yKbhiTahb0n6jAmljGr5XDqQLvpAe HTTP/1.1" 200 10
190.156.143.139 - - [27/Dec/2014:10:57:46 -0500] "POST /forms/lservlet;jsessionid=ac16012b30d595b3fac8d1374f929d92dd1da0263bef.e3iSbxaKaheRe34Sa3yKbhiTahb0n6jAmljGr5XDqQLvpAe HTTP/1.1" 200 21
190.156.143.139 - - [27/Dec/2014:10:57:51 -0500] "POST /forms/lservlet;jsessionid=ac16012b30d595b3fac8d1374f929d92dd1da0263bef.e3iSbxaKaheRe34Sa3yKbhiTahb0n6jAmljGr5XDqQLvpAe HTTP/1.1" 200 2
190.156.143.139 - - [27/Dec/2014:10:57:51 -0500] "POST /forms/lservlet;jsessionid=ac16012b30d595b3fac8d1374f929d92dd1da0263bef.e3iSbxaKaheRe34Sa3yKbhiTahb0n6jAmljGr5XDqQLvpAe HTTP/1.1" 200 4551
190.156.143.139 - - [27/Dec/2014:10:57:52 -0500] "POST /forms/lservlet;jsessionid=ac16012b30d595b3fac8d1374f929d92dd1da0263bef.e3iSbxaKaheRe34Sa3yKbhiTahb0n6jAmljGr5XDqQLvpAe HTTP/1.1" 200 2
190.156.143.139 - - [27/Dec/2014:10:57:54 -0500] "POST /forms/lservlet;jsessionid=ac16012b30d595b3fac8d1374f929d92dd1da0263bef.e3iSbxaKaheRe34Sa3yKbhiTahb0n6jAmljGr5XDqQLvpAe HTTP/1.1" 200 137
186.113.10.143 - - [27/Dec/2014:10:57:56 -0500] "GET /galeria/nivo-slider/demo/images/banner-calidad-aire.jpg HTTP/1.1" 304 -
190.156.143.139 - - [27/Dec/2014:10:58:01 -0500] "POST /forms/lservlet;jsessionid=ac16012b30d595b3fac8d1374f929d92dd1da0263bef.e3iSbxaKaheRe34Sa3yKbhiTahb0n6jAmljGr5XDqQLvpAe HTTP/1.1" 200 2
190.156.143.139 - - [27/Dec/2014:10:58:01 -0500] "POST /forms/lservlet;jsessionid=ac16012b30d595b3fac8d1374f929d92dd1da0263bef.e3iSbxaKaheRe34Sa3yKbhiTahb0n6jAmljGr5XDqQLvpAe HTTP/1.1" 200 131
190.156.143.139 - - [27/Dec/2014:10:58:02 -0500] "POST /forms/lservlet;jsessionid=ac16012b30d595b3fac8d1374f929d92dd1da0263bef.e3iSbxaKaheRe34Sa3yKbhiTahb0n6jAmljGr5XDqQLvpAe HTTP/1.1" 200 11
190.156.143.139 - - [27/Dec/2014:10:58:02 -0500] "GET /reports/rwservlet/getjobid338231?server=rep_srvapsda HTTP/1.1" 200 344718
220.181.108.148 - - [27/Dec/2014:10:58:21 -0500] "GET /BLA/boletinlegal/js/jquery.js HTTP/1.1" 200 57254
220.181.108.156 - - [27/Dec/2014:10:58:25 -0500] "GET /BLA/boletinlegal/js/jquery.scrollTo-min.js HTTP/1.1" 200 1150
181.53.33.25 - - [27/Dec/2014:10:58:29 -0500] "GET /forest/session.jsp?a=0.17218018601677964 HTTP/1.1" 200 4
186.82.78.180 - - [27/Dec/2014:10:59:03 -0500] "POST /forms/lservlet;jsessionid=ac16012b30d5f89fa76fa7084ec6ba0aed297e3853b3.e3iSbxaKaheRe34Sa3yKbhiTahb0n6jAmljGr5XDqQLvpAe HTTP/1.1" 200 2
190.24.136.214 - - [27/Dec/2014:10:59:17 -0500] "GET /BLA/boletinlegal/js/jquery.scrollShow.js HTTP/1.1" 200 4586
190.24.136.214 - - [27/Dec/2014:10:59:17 -0500] "GET /BLA/boletinlegal/js/jquery.scrollTo-min.js HTTP/1.1" 200 1150
190.24.136.214 - - [27/Dec/2014:10:59:17 -0500] "GET /BLA/boletinlegal/js/jquery.js HTTP/1.1" 200 57254
186.30.66.14 - - [27/Dec/2014:10:59:33 -0500] "POST /forms/lservlet;jsessionid=ac16012b30d53ea9f84bca5f42a9821692df51710c28.e3iSbxaKaheRe34Sa3yKbhiTahb0n6jAmljGr5XDqQLvpAe HTTP/1.1" 200 2
190.156.143.139 - - [27/Dec/2014:10:59:46 -0500] "POST /forms/lservlet;jsessionid=ac16012b30d595b3fac8d1374f929d92dd1da0263bef.e3iSbxaKaheRe34Sa3yKbhiTahb0n6jAmljGr5XDqQLvpAe HTTP/1.1" 200 2
190.84.185.167 - - [27/Dec/2014:10:59:55 -0500] "GET /forest/session.jsp?a=0.05503985891118646 HTTP/1.1" 200 4
66.249.73.171 - - [27/Dec/2014:11:00:07 -0500] "GET /BLA/resoluciones/RESOLUCIONES%202004/RES%202004%201901-1950/00001945.tif HTTP/1.1" 200 45594
190.156.143.139 - - [27/Dec/2014:11:00:18 -0500] "POST /forms/lservlet;jsessionid=ac16012b30d595b3fac8d1374f929d92dd1da0263bef.e3iSbxaKaheRe34Sa3yKbhiTahb0n6jAmljGr5XDqQLvpAe HTTP/1.1" 200 92
190.156.143.139 - - [27/Dec/2014:11:00:20 -0500] "POST /forms/lservlet;jsessionid=ac16012b30d595b3fac8d1374f929d92dd1da0263bef.e3iSbxaKaheRe34Sa3yKbhiTahb0n6jAmljGr5XDqQLvpAe HTTP/1.1" 200 7
190.156.143.139 - - [27/Dec/2014:11:00:20 -0500] "POST /forms/lservlet;jsessionid=ac16012b30d595b3fac8d1374f929d92dd1da0263bef.e3iSbxaKaheRe34Sa3yKbhiTahb0n6jAmljGr5XDqQLvpAe HTTP/1.1" 200 30137
190.156.143.139 - - [27/Dec/2014:11:00:20 -0500] "POST /forms/lservlet;jsessionid=ac16012b30d595b3fac8d1374f929d92dd1da0263bef.e3iSbxaKaheRe34Sa3yKbhiTahb0n6jAmljGr5XDqQLvpAe HTTP/1.1" 200 7
190.156.143.139 - - [27/Dec/2014:11:00:20 -0500] "POST /forms/lservlet;jsessionid=ac16012b30d595b3fac8d1374f929d92dd1da0263bef.e3iSbxaKaheRe34Sa3yKbhiTahb0n6jAmljGr5XDqQLvpAe HTTP/1.1" 200 2
190.156.143.139 - - [27/Dec/2014:11:00:20 -0500] "POST /forms/lservlet;jsessionid=ac16012b30d595b3fac8d1374f929d92dd1da0263bef.e3iSbxaKaheRe34Sa3yKbhiTahb0n6jAmljGr5XDqQLvpAe HTTP/1.1" 200 27
190.156.143.139 - - [27/Dec/2014:11:00:21 -0500] "POST /forms/lservlet;jsessionid=ac16012b30d595b3fac8d1374f929d92dd1da0263bef.e3iSbxaKaheRe34Sa3yKbhiTahb0n6jAmljGr5XDqQLvpAe HTTP/1.1" 200 2
190.156.143.139 - - [27/Dec/2014:11:00:22 -0500] "POST /forms/lservlet;jsessionid=ac16012b30d595b3fac8d1374f929d92dd1da0263bef.e3iSbxaKaheRe34Sa3yKbhiTahb0n6jAmljGr5XDqQLvpAe HTTP/1.1" 200 7
74.86.158.107 - - [27/Dec/2014:11:00:35 -0500] "HEAD / HTTP/1.1" 302 -
190.156.143.139 - - [27/Dec/2014:11:00:44 -0500] "POST /forms/lservlet;jsessionid=ac16012b30d595b3fac8d1374f929d92dd1da0263bef.e3iSbxaKaheRe34Sa3yKbhiTahb0n6jAmljGr5XDqQLvpAe HTTP/1.1" 200 2
190.156.143.139 - - [27/Dec/2014:11:00:44 -0500] "POST /forms/lservlet;jsessionid=ac16012b30d595b3fac8d1374f929d92dd1da0263bef.e3iSbxaKaheRe34Sa3yKbhiTahb0n6jAmljGr5XDqQLvpAe HTTP/1.1" 200 95
190.156.143.139 - - [27/Dec/2014:11:00:44 -0500] "POST /forms/lservlet;jsessionid=ac16012b30d595b3fac8d1374f929d92dd1da0263bef.e3iSbxaKaheRe34Sa3yKbhiTahb0n6jAmljGr5XDqQLvpAe HTTP/1.1" 200 2
190.156.143.139 - - [27/Dec/2014:11:00:45 -0500] "POST /forms/lservlet;jsessionid=ac16012b30d595b3fac8d1374f929d92dd1da0263bef.e3iSbxaKaheRe34Sa3yKbhiTahb0n6jAmljGr5XDqQLvpAe HTTP/1.1" 200 2
190.156.143.139 - - [27/Dec/2014:11:00:45 -0500] "POST /forms/lservlet;jsessionid=ac16012b30d595b3fac8d1374f929d92dd1da0263bef.e3iSbxaKaheRe34Sa3yKbhiTahb0n6jAmljGr5XDqQLvpAe HTTP/1.1" 200 1485
190.156.143.139 - - [27/Dec/2014:11:00:45 -0500] "POST /forms/lservlet;jsessionid=ac16012b30d595b3fac8d1374f929d92dd1da0263bef.e3iSbxaKaheRe34Sa3yKbhiTahb0n6jAmljGr5XDqQLvpAe HTTP/1.1" 200 2
190.156.143.139 - - [27/Dec/2014:11:00:45 -0500] "POST /forms/lservlet;jsessionid=ac16012b30d595b3fac8d1374f929d92dd1da0263bef.e3iSbxaKaheRe34Sa3yKbhiTahb0n6jAmljGr5XDqQLvpAe HTTP/1.1" 200 2
190.156.143.139 - - [27/Dec/2014:11:00:48 -0500] "POST /forms/lservlet;jsessionid=ac16012b30d595b3fac8d1374f929d92dd1da0263bef.e3iSbxaKaheRe34Sa3yKbhiTahb0n6jAmljGr5XDqQLvpAe HTTP/1.1" 200 2
190.156.143.139 - - [27/Dec/2014:11:00:49 -0500] "POST /forms/lservlet;jsessionid=ac16012b30d595b3fac8d1374f929d92dd1da0263bef.e3iSbxaKaheRe34Sa3yKbhiTahb0n6jAmljGr5XDqQLvpAe HTTP/1.1" 200 65
190.156.143.139 - - [27/Dec/2014:11:00:50 -0500] "POST /forms/lservlet;jsessionid=ac16012b30d595b3fac8d1374f929d92dd1da0263bef.e3iSbxaKaheRe34Sa3yKbhiTahb0n6jAmljGr5XDqQLvpAe HTTP/1.1" 200 2
190.156.143.139 - - [27/Dec/2014:11:00:50 -0500] "POST /forms/lservlet;jsessionid=ac16012b30d595b3fac8d1374f929d92dd1da0263bef.e3iSbxaKaheRe34Sa3yKbhiTahb0n6jAmljGr5XDqQLvpAe HTTP/1.1" 200 2
190.156.143.139 - - [27/Dec/2014:11:00:52 -0500] "POST /forms/lservlet;jsessionid=ac16012b30d595b3fac8d1374f929d92dd1da0263bef.e3iSbxaKaheRe34Sa3yKbhiTahb0n6jAmljGr5XDqQLvpAe HTTP/1.1" 200 11
190.156.143.139 - - [27/Dec/2014:11:00:53 -0500] "POST /forms/lservlet;jsessionid=ac16012b30d595b3fac8d1374f929d92dd1da0263bef.e3iSbxaKaheRe34Sa3yKbhiTahb0n6jAmljGr5XDqQLvpAe HTTP/1.1" 200 2
190.156.143.139 - - [27/Dec/2014:11:00:53 -0500] "POST /forms/lservlet;jsessionid=ac16012b30d595b3fac8d1374f929d92dd1da0263bef.e3iSbxaKaheRe34Sa3yKbhiTahb0n6jAmljGr5XDqQLvpAe HTTP/1.1" 200 14
190.156.143.139 - - [27/Dec/2014:11:00:54 -0500] "POST /forms/lservlet;jsessionid=ac16012b30d595b3fac8d1374f929d92dd1da0263bef.e3iSbxaKaheRe34Sa3yKbhiTahb0n6jAmljGr5XDqQLvpAe HTTP/1.1" 200 14
190.156.143.139 - - [27/Dec/2014:11:00:57 -0500] "POST /forms/lservlet;jsessionid=ac16012b30d595b3fac8d1374f929d92dd1da0263bef.e3iSbxaKaheRe34Sa3yKbhiTahb0n6jAmljGr5XDqQLvpAe HTTP/1.1" 200 113
190.156.143.139 - - [27/Dec/2014:11:01:00 -0500] "POST /forms/lservlet;jsessionid=ac16012b30d595b3fac8d1374f929d92dd1da0263bef.e3iSbxaKaheRe34Sa3yKbhiTahb0n6jAmljGr5XDqQLvpAe HTTP/1.1" 200 2
190.156.143.139 - - [27/Dec/2014:11:01:00 -0500] "GET /reports/rwservlet/getjobid338232?server=rep_srvapsda HTTP/1.1" 200 47869
186.82.78.180 - - [27/Dec/2014:11:01:03 -0500] "POST /forms/lservlet;jsessionid=ac16012b30d5f89fa76fa7084ec6ba0aed297e3853b3.e3iSbxaKaheRe34Sa3yKbhiTahb0n6jAmljGr5XDqQLvpAe HTTP/1.1" 200 2
190.156.143.139 - - [27/Dec/2014:11:01:21 -0500] "POST /forms/lservlet;jsessionid=ac16012b30d595b3fac8d1374f929d92dd1da0263bef.e3iSbxaKaheRe34Sa3yKbhiTahb0n6jAmljGr5XDqQLvpAe HTTP/1.1" 200 118
190.156.143.139 - - [27/Dec/2014:11:01:22 -0500] "POST /forms/lservlet;jsessionid=ac16012b30d595b3fac8d1374f929d92dd1da0263bef.e3iSbxaKaheRe34Sa3yKbhiTahb0n6jAmljGr5XDqQLvpAe HTTP/1.1" 200 2
190.156.143.139 - - [27/Dec/2014:11:01:23 -0500] "POST /forms/lservlet;jsessionid=ac16012b30d595b3fac8d1374f929d92dd1da0263bef.e3iSbxaKaheRe34Sa3yKbhiTahb0n6jAmljGr5XDqQLvpAe HTTP/1.1" 200 2455
190.156.143.139 - - [27/Dec/2014:11:01:23 -0500] "GET /imagenes/Srch_frw.gif HTTP/1.1" 200 925
190.156.143.139 - - [27/Dec/2014:11:01:24 -0500] "POST /forms/lservlet;jsessionid=ac16012b30d595b3fac8d1374f929d92dd1da0263bef.e3iSbxaKaheRe34Sa3yKbhiTahb0n6jAmljGr5XDqQLvpAe HTTP/1.1" 200 10
190.156.143.139 - - [27/Dec/2014:11:01:29 -0500] "POST /forms/lservlet;jsessionid=ac16012b30d595b3fac8d1374f929d92dd1da0263bef.e3iSbxaKaheRe34Sa3yKbhiTahb0n6jAmljGr5XDqQLvpAe HTTP/1.1" 200 21
190.156.143.139 - - [27/Dec/2014:11:01:29 -0500] "POST /forms/lservlet;jsessionid=ac16012b30d595b3fac8d1374f929d92dd1da0263bef.e3iSbxaKaheRe34Sa3yKbhiTahb0n6jAmljGr5XDqQLvpAe HTTP/1.1" 200 4217
190.156.143.139 - - [27/Dec/2014:11:01:29 -0500] "POST /forms/lservlet;jsessionid=ac16012b30d595b3fac8d1374f929d92dd1da0263bef.e3iSbxaKaheRe34Sa3yKbhiTahb0n6jAmljGr5XDqQLvpAe HTTP/1.1" 200 2
190.156.143.139 - - [27/Dec/2014:11:01:31 -0500] "POST /forms/lservlet;jsessionid=ac16012b30d595b3fac8d1374f929d92dd1da0263bef.e3iSbxaKaheRe34Sa3yKbhiTahb0n6jAmljGr5XDqQLvpAe HTTP/1.1" 200 137
186.30.66.14 - - [27/Dec/2014:11:01:33 -0500] "POST /forms/lservlet;jsessionid=ac16012b30d53ea9f84bca5f42a9821692df51710c28.e3iSbxaKaheRe34Sa3yKbhiTahb0n6jAmljGr5XDqQLvpAe HTTP/1.1" 200 2
190.156.143.139 - - [27/Dec/2014:11:01:34 -0500] "POST /forms/lservlet;jsessionid=ac16012b30d595b3fac8d1374f929d92dd1da0263bef.e3iSbxaKaheRe34Sa3yKbhiTahb0n6jAmljGr5XDqQLvpAe HTTP/1.1" 200 2
190.156.143.139 - - [27/Dec/2014:11:01:35 -0500] "POST /forms/lservlet;jsessionid=ac16012b30d595b3fac8d1374f929d92dd1da0263bef.e3iSbxaKaheRe34Sa3yKbhiTahb0n6jAmljGr5XDqQLvpAe HTTP/1.1" 200 112
190.156.143.139 - - [27/Dec/2014:11:01:37 -0500] "POST /forms/lservlet;jsessionid=ac16012b30d595b3fac8d1374f929d92dd1da0263bef.e3iSbxaKaheRe34Sa3yKbhiTahb0n6jAmljGr5XDqQLvpAe HTTP/1.1" 200 11
190.156.143.139 - - [27/Dec/2014:11:01:46 -0500] "POST /forms/lservlet;jsessionid=ac16012b30d595b3fac8d1374f929d92dd1da0263bef.e3iSbxaKaheRe34Sa3yKbhiTahb0n6jAmljGr5XDqQLvpAe HTTP/1.1" 200 2
190.156.143.139 - - [27/Dec/2014:11:01:37 -0500] "GET /reports/rwservlet/getjobid338233?server=rep_srvapsda HTTP/1.1" 200 277432
190.84.185.167 - - [27/Dec/2014:10:56:12 -0500] "GET /ForestMSG_SDA/channelAsync/template_word_16910144?X-Atmosphere-tracking-id=a019a9d7-281a-9735-0943-418caca12247&X-Atmosphere-Framework=1.0.5&X-Atmosphere-Transport=long-polling&tabid=0.24334189086221159&X-Cache-Date=0&Content-Type=application/xml&_=1419695839405 HTTP/1.1" 200 8193
190.156.143.139 - - [27/Dec/2014:11:02:15 -0500] "POST /forms/lservlet;jsessionid=ac16012b30d595b3fac8d1374f929d92dd1da0263bef.e3iSbxaKaheRe34Sa3yKbhiTahb0n6jAmljGr5XDqQLvpAe HTTP/1.1" 200 2
190.156.143.139 - - [27/Dec/2014:11:02:15 -0500] "POST /forms/lservlet;jsessionid=ac16012b30d595b3fac8d1374f929d92dd1da0263bef.e3iSbxaKaheRe34Sa3yKbhiTahb0n6jAmljGr5XDqQLvpAe HTTP/1.1" 200 14
190.156.143.139 - - [27/Dec/2014:11:02:17 -0500] "POST /forms/lservlet;jsessionid=ac16012b30d595b3fac8d1374f929d92dd1da0263bef.e3iSbxaKaheRe34Sa3yKbhiTahb0n6jAmljGr5XDqQLvpAe HTTP/1.1" 200 113
190.156.143.139 - - [27/Dec/2014:11:02:19 -0500] "POST /forms/lservlet;jsessionid=ac16012b30d595b3fac8d1374f929d92dd1da0263bef.e3iSbxaKaheRe34Sa3yKbhiTahb0n6jAmljGr5XDqQLvpAe HTTP/1.1" 200 7
190.156.143.139 - - [27/Dec/2014:11:02:19 -0500] "GET /reports/rwservlet/getjobid338234?server=rep_srvapsda HTTP/1.1" 200 47666
37.57.231.110 - - [27/Dec/2014:11:02:26 -0500] "GET /wp-login.php HTTP/1.1" 404 1015
37.57.231.110 - - [27/Dec/2014:11:02:26 -0500] "GET /administrator/ HTTP/1.1" 404 1015
37.57.231.110 - - [27/Dec/2014:11:02:27 -0500] "GET /admin.php HTTP/1.1" 404 1015
180.76.6.143 - - [27/Dec/2014:11:02:28 -0500] "GET /BLA/resoluciones/RESOLUCIONES%202011/0886.pdf HTTP/1.1" 200 74625
66.249.73.163 - - [27/Dec/2014:11:02:41 -0500] "GET /BLA/resoluciones/RESOLUCIONES%202005/RES%202005%20%201601-1650/00001626.tif HTTP/1.1" 200 146290
190.156.143.139 - - [27/Dec/2014:11:02:48 -0500] "POST /forms/lservlet;jsessionid=ac16012b30d595b3fac8d1374f929d92dd1da0263bef.e3iSbxaKaheRe34Sa3yKbhiTahb0n6jAmljGr5XDqQLvpAe HTTP/1.1" 200 78
190.156.143.139 - - [27/Dec/2014:11:02:51 -0500] "POST /forms/lservlet;jsessionid=ac16012b30d595b3fac8d1374f929d92dd1da0263bef.e3iSbxaKaheRe34Sa3yKbhiTahb0n6jAmljGr5XDqQLvpAe HTTP/1.1" 200 2
190.156.143.139 - - [27/Dec/2014:11:02:52 -0500] "POST /forms/lservlet;jsessionid=ac16012b30d595b3fac8d1374f929d92dd1da0263bef.e3iSbxaKaheRe34Sa3yKbhiTahb0n6jAmljGr5XDqQLvpAe HTTP/1.1" 200 2350
190.156.143.139 - - [27/Dec/2014:11:02:52 -0500] "GET /imagenes/Srch_frw.gif HTTP/1.1" 200 925
190.156.143.139 - - [27/Dec/2014:11:02:52 -0500] "POST /forms/lservlet;jsessionid=ac16012b30d595b3fac8d1374f929d92dd1da0263bef.e3iSbxaKaheRe34Sa3yKbhiTahb0n6jAmljGr5XDqQLvpAe HTTP/1.1" 200 10
190.156.143.139 - - [27/Dec/2014:11:03:03 -0500] "POST /forms/lservlet;jsessionid=ac16012b30d595b3fac8d1374f929d92dd1da0263bef.e3iSbxaKaheRe34Sa3yKbhiTahb0n6jAmljGr5XDqQLvpAe HTTP/1.1" 200 24
186.82.78.180 - - [27/Dec/2014:11:03:03 -0500] "POST /forms/lservlet;jsessionid=ac16012b30d5f89fa76fa7084ec6ba0aed297e3853b3.e3iSbxaKaheRe34Sa3yKbhiTahb0n6jAmljGr5XDqQLvpAe HTTP/1.1" 200 2
190.156.143.139 - - [27/Dec/2014:11:03:03 -0500] "POST /forms/lservlet;jsessionid=ac16012b30d595b3fac8d1374f929d92dd1da0263bef.e3iSbxaKaheRe34Sa3yKbhiTahb0n6jAmljGr5XDqQLvpAe HTTP/1.1" 200 4193
190.156.143.139 - - [27/Dec/2014:11:03:04 -0500] "POST /forms/lservlet;jsessionid=ac16012b30d595b3fac8d1374f929d92dd1da0263bef.e3iSbxaKaheRe34Sa3yKbhiTahb0n6jAmljGr5XDqQLvpAe HTTP/1.1" 200 2
190.156.143.139 - - [27/Dec/2014:11:03:14 -0500] "POST /forms/lservlet;jsessionid=ac16012b30d595b3fac8d1374f929d92dd1da0263bef.e3iSbxaKaheRe34Sa3yKbhiTahb0n6jAmljGr5XDqQLvpAe HTTP/1.1" 200 2
190.156.143.139 - - [27/Dec/2014:11:03:14 -0500] "POST /forms/lservlet;jsessionid=ac16012b30d595b3fac8d1374f929d92dd1da0263bef.e3iSbxaKaheRe34Sa3yKbhiTahb0n6jAmljGr5XDqQLvpAe HTTP/1.1" 200 14
190.156.143.139 - - [27/Dec/2014:11:03:15 -0500] "POST /forms/lservlet;jsessionid=ac16012b30d595b3fac8d1374f929d92dd1da0263bef.e3iSbxaKaheRe34Sa3yKbhiTahb0n6jAmljGr5XDqQLvpAe HTTP/1.1" 200 14
190.156.143.139 - - [27/Dec/2014:11:03:16 -0500] "POST /forms/lservlet;jsessionid=ac16012b30d595b3fac8d1374f929d92dd1da0263bef.e3iSbxaKaheRe34Sa3yKbhiTahb0n6jAmljGr5XDqQLvpAe HTTP/1.1" 200 14
190.156.143.139 - - [27/Dec/2014:11:03:18 -0500] "POST /forms/lservlet;jsessionid=ac16012b30d595b3fac8d1374f929d92dd1da0263bef.e3iSbxaKaheRe34Sa3yKbhiTahb0n6jAmljGr5XDqQLvpAe HTTP/1.1" 200 14
190.156.143.139 - - [27/Dec/2014:11:03:19 -0500] "POST /forms/lservlet;jsessionid=ac16012b30d595b3fac8d1374f929d92dd1da0263bef.e3iSbxaKaheRe34Sa3yKbhiTahb0n6jAmljGr5XDqQLvpAe HTTP/1.1" 200 112
190.156.143.139 - - [27/Dec/2014:11:03:19 -0500] "POST /forms/lservlet;jsessionid=ac16012b30d595b3fac8d1374f929d92dd1da0263bef.e3iSbxaKaheRe34Sa3yKbhiTahb0n6jAmljGr5XDqQLvpAe HTTP/1.1" 200 2
190.156.143.139 - - [27/Dec/2014:11:03:21 -0500] "POST /forms/lservlet;jsessionid=ac16012b30d595b3fac8d1374f929d92dd1da0263bef.e3iSbxaKaheRe34Sa3yKbhiTahb0n6jAmljGr5XDqQLvpAe HTTP/1.1" 200 504
190.156.143.139 - - [27/Dec/2014:11:03:21 -0500] "POST /forms/lservlet;jsessionid=ac16012b30d595b3fac8d1374f929d92dd1da0263bef.e3iSbxaKaheRe34Sa3yKbhiTahb0n6jAmljGr5XDqQLvpAe HTTP/1.1" 200 7
190.156.143.139 - - [27/Dec/2014:11:03:22 -0500] "POST /forms/lservlet;jsessionid=ac16012b30d595b3fac8d1374f929d92dd1da0263bef.e3iSbxaKaheRe34Sa3yKbhiTahb0n6jAmljGr5XDqQLvpAe HTTP/1.1" 200 437
190.156.143.139 - - [27/Dec/2014:11:03:22 -0500] "POST /forms/lservlet;jsessionid=ac16012b30d595b3fac8d1374f929d92dd1da0263bef.e3iSbxaKaheRe34Sa3yKbhiTahb0n6jAmljGr5XDqQLvpAe HTTP/1.1" 200 464
190.156.143.139 - - [27/Dec/2014:11:03:22 -0500] "POST /forms/lservlet;jsessionid=ac16012b30d595b3fac8d1374f929d92dd1da0263bef.e3iSbxaKaheRe34Sa3yKbhiTahb0n6jAmljGr5XDqQLvpAe HTTP/1.1" 200 477
190.156.143.139 - - [27/Dec/2014:11:03:23 -0500] "POST /forms/lservlet;jsessionid=ac16012b30d595b3fac8d1374f929d92dd1da0263bef.e3iSbxaKaheRe34Sa3yKbhiTahb0n6jAmljGr5XDqQLvpAe HTTP/1.1" 200 441
190.156.143.139 - - [27/Dec/2014:11:03:23 -0500] "POST /forms/lservlet;jsessionid=ac16012b30d595b3fac8d1374f929d92dd1da0263bef.e3iSbxaKaheRe34Sa3yKbhiTahb0n6jAmljGr5XDqQLvpAe HTTP/1.1" 200 469
186.30.66.14 - - [27/Dec/2014:11:03:33 -0500] "POST /forms/lservlet;jsessionid=ac16012b30d53ea9f84bca5f42a9821692df51710c28.e3iSbxaKaheRe34Sa3yKbhiTahb0n6jAmljGr5XDqQLvpAe HTTP/1.1" 200 2
190.156.143.139 - - [27/Dec/2014:11:03:20 -0500] "GET /reports/rwservlet/getjobid338235?server=rep_srvapsda HTTP/1.1" 200 5451916
66.249.73.163 - - [27/Dec/2014:11:03:45 -0500] "GET /BLA/resoluciones/RESOLUCIONES%202001/2001%20200-249.TIF HTTP/1.1" 200 8819186
190.156.143.139 - - [27/Dec/2014:11:03:46 -0500] "POST /forms/lservlet;jsessionid=ac16012b30d595b3fac8d1374f929d92dd1da0263bef.e3iSbxaKaheRe34Sa3yKbhiTahb0n6jAmljGr5XDqQLvpAe HTTP/1.1" 200 2
190.84.185.167 - - [27/Dec/2014:11:03:52 -0500] "GET /forest/skins/gdocs-jar/img/error.gif HTTP/1.1" 304 -
190.84.185.167 - - [27/Dec/2014:11:04:05 -0500] "POST /forest/actions/forms.sendFile HTTP/1.1" 200 115
190.84.185.167 - - [27/Dec/2014:11:04:07 -0500] "GET /forest/skins/gdocs-jar/img/icons/zip.gif HTTP/1.1" 304 -
190.84.185.167 - - [27/Dec/2014:11:04:12 -0500] "POST /forest/usutareas.do? HTTP/1.1" 200 76
190.84.185.167 - - [27/Dec/2014:11:04:15 -0500] "GET /forest/usutareas.do?group_system_actual=3&a=0.8892014853190631 HTTP/1.1" 200 149873
190.84.185.167 - - [27/Dec/2014:11:04:16 -0500] "GET /forest/skins/gdocs-jar/img/iconCallReport.png HTTP/1.1" 304 -
190.84.185.167 - - [27/Dec/2014:11:04:17 -0500] "GET /forest/session.jsp?a=0.2614814674016088 HTTP/1.1" 200 4
190.84.185.167 - - [27/Dec/2014:11:04:17 -0500] "GET /forest/actions/forms.getMappedValues?id=NUMTER45&value=45428544&codForm=contec&a=0.9444703583139926 HTTP/1.1" 200 95
190.84.185.167 - - [27/Dec/2014:11:04:22 -0500] "GET /forest/actions/forms.getMappedValues?id=localidadvisita402&value=9&codForm=contec&a=0.15406880620867014 HTTP/1.1" 200 23
190.156.143.139 - - [27/Dec/2014:11:04:28 -0500] "POST /forms/lservlet;jsessionid=ac16012b30d595b3fac8d1374f929d92dd1da0263bef.e3iSbxaKaheRe34Sa3yKbhiTahb0n6jAmljGr5XDqQLvpAe HTTP/1.1" 200 2
190.156.143.139 - - [27/Dec/2014:11:04:28 -0500] "POST /forms/lservlet;jsessionid=ac16012b30d595b3fac8d1374f929d92dd1da0263bef.e3iSbxaKaheRe34Sa3yKbhiTahb0n6jAmljGr5XDqQLvpAe HTTP/1.1" 200 14
190.156.143.139 - - [27/Dec/2014:11:04:29 -0500] "POST /forms/lservlet;jsessionid=ac16012b30d595b3fac8d1374f929d92dd1da0263bef.e3iSbxaKaheRe34Sa3yKbhiTahb0n6jAmljGr5XDqQLvpAe HTTP/1.1" 200 14
190.156.143.139 - - [27/Dec/2014:11:04:31 -0500] "POST /forms/lservlet;jsessionid=ac16012b30d595b3fac8d1374f929d92dd1da0263bef.e3iSbxaKaheRe34Sa3yKbhiTahb0n6jAmljGr5XDqQLvpAe HTTP/1.1" 200 95
190.156.143.139 - - [27/Dec/2014:11:04:31 -0500] "POST /forms/lservlet;jsessionid=ac16012b30d595b3fac8d1374f929d92dd1da0263bef.e3iSbxaKaheRe34Sa3yKbhiTahb0n6jAmljGr5XDqQLvpAe HTTP/1.1" 200 11
190.156.143.139 - - [27/Dec/2014:11:04:31 -0500] "GET /reports/rwservlet/getjobid338236?server=rep_srvapsda HTTP/1.1" 200 48011
190.84.185.167 - - [27/Dec/2014:11:04:37 -0500] "GET /forest/actions/forms.getMappedValues?id=localidadvisita402&value=9&codForm=contec&a=0.5477798671927303 HTTP/1.1" 200 23
190.84.185.167 - - [27/Dec/2014:11:04:41 -0500] "GET /forest/skins/gdocs-jar/popup/showReport.jsp?idr=524&proceso=2951076&__format=pdf&contec=1419694441001&_a=0.5404451305512339 HTTP/1.1" 200 193053
66.249.65.196 - - [27/Dec/2014:11:04:58 -0500] "GET /PORTAL_SIAC/swf/player_caracol.swf HTTP/1.1" 200 211415
186.82.78.180 - - [27/Dec/2014:11:05:04 -0500] "POST /forms/lservlet;jsessionid=ac16012b30d5f89fa76fa7084ec6ba0aed297e3853b3.e3iSbxaKaheRe34Sa3yKbhiTahb0n6jAmljGr5XDqQLvpAe HTTP/1.1" 200 2
186.155.100.139 - - [27/Dec/2014:11:05:07 -0500] "GET /galeria/carrusel/Carrusel/jquery.thumbnailScroller.css HTTP/1.1" 200 2066
186.155.100.139 - - [27/Dec/2014:11:05:07 -0500] "GET /galeria/carrusel/Carrusel/jquery-ui-1.8.13.custom.min.js HTTP/1.1" 200 10800
186.155.100.139 - - [27/Dec/2014:11:05:07 -0500] "GET /galeria/carrusel/Carrusel/jquery.thumbnailScroller.js HTTP/1.1" 200 8157
186.155.100.139 - - [27/Dec/2014:11:05:09 -0500] "GET /galeria/nivo-slider/demo/demo.html HTTP/1.1" 200 3237
186.155.100.139 - - [27/Dec/2014:11:05:09 -0500] "GET /galeria/nivo-slider/themes/default/default.css HTTP/1.1" 200 1569
186.155.100.139 - - [27/Dec/2014:11:05:09 -0500] "GET /galeria/nivo-slider/themes/pascal/pascal.css HTTP/1.1" 200 2258
186.155.100.139 - - [27/Dec/2014:11:05:09 -0500] "GET /galeria/nivo-slider/themes/orman/orman.css HTTP/1.1" 200 2152
186.155.100.139 - - [27/Dec/2014:11:05:09 -0500] "GET /galeria/nivo-slider/nivo-slider.css HTTP/1.1" 200 1507
186.155.100.139 - - [27/Dec/2014:11:05:09 -0500] "GET /galeria/nivo-slider/demo/style.css HTTP/1.1" 200 2222
186.155.100.139 - - [27/Dec/2014:11:05:09 -0500] "GET /galeria/nivo-slider/demo/scripts/jquery-1.7.1.min.js HTTP/1.1" 200 93868
186.155.100.139 - - [27/Dec/2014:11:05:09 -0500] "GET /galeria/nivo-slider/jquery.nivo.slider.pack.js HTTP/1.1" 200 11561
186.155.100.139 - - [27/Dec/2014:11:05:09 -0500] "GET /galeria/nivo-slider/demo/images/bolsas-08.jpg HTTP/1.1" 200 85589
186.155.100.139 - - [27/Dec/2014:11:05:09 -0500] "GET /galeria/nivo-slider/demo/images/Ruta-vertimientos-01.jpg HTTP/1.1" 200 130151
186.155.100.139 - - [27/Dec/2014:11:05:10 -0500] "GET /galeria/nivo-slider/demo/images/bolsas-06.jpg HTTP/1.1" 200 90982
186.155.100.139 - - [27/Dec/2014:11:05:10 -0500] "GET /galeria/nivo-slider/demo/images/ecolecta-Dic2014.png HTTP/1.1" 200 288593
186.155.100.139 - - [27/Dec/2014:11:05:10 -0500] "GET /galeria/nivo-slider/demo/images/Banner-GAE3.jpg HTTP/1.1" 200 146354
186.155.100.139 - - [27/Dec/2014:11:05:10 -0500] "GET /galeria/nivo-slider/demo/images/porloshumedales.jpg HTTP/1.1" 200 351238
186.155.100.139 - - [27/Dec/2014:11:05:10 -0500] "GET /galeria/nivo-slider/demo/images/Tingua-azul.jpg HTTP/1.1" 200 307638
186.155.100.139 - - [27/Dec/2014:11:05:11 -0500] "GET /galeria/nivo-slider/demo/images/4Simple_Slider.png HTTP/1.1" 200 11722
186.155.100.139 - - [27/Dec/2014:11:05:11 -0500] "GET /galeria/nivo-slider/themes/default/loading.gif HTTP/1.1" 200 1737
186.155.100.139 - - [27/Dec/2014:11:05:11 -0500] "GET /galeria/nivo-slider/demo/images/Banner-Caracol-Africano.jpg HTTP/1.1" 200 331986
186.155.100.139 - - [27/Dec/2014:11:05:11 -0500] "GET /galeria/nivo-slider/demo/images/banner-redes.jpg HTTP/1.1" 200 62209
186.155.100.139 - - [27/Dec/2014:11:05:12 -0500] "GET /galeria/nivo-slider/demo/images/9Signos.jpg HTTP/1.1" 200 93040
186.155.100.139 - - [27/Dec/2014:11:05:12 -0500] "GET /galeria/nivo-slider/demo/images/banner-llantas2.jpg HTTP/1.1" 200 73153
186.155.100.139 - - [27/Dec/2014:11:05:12 -0500] "GET /galeria/nivo-slider/demo/images/banner-caballos.png HTTP/1.1" 200 389106
190.146.135.231 - - [27/Dec/2014:11:05:12 -0500] "GET /videos/galeria-cronicas/playlist.htm? HTTP/1.1" 200 8986
190.146.135.231 - - [27/Dec/2014:11:05:12 -0500] "GET /videos/galeria-cronicas/js/jquery.jplayer.min.js HTTP/1.1" 200 43668
190.146.135.231 - - [27/Dec/2014:11:05:12 -0500] "GET /videos/galeria-cronicas/skin/blue.monday/jplayer.blue.monday.css HTTP/1.1" 200 12518
190.146.135.231 - - [27/Dec/2014:11:05:12 -0500] "GET /videos/galeria-cronicas/js/jplayer.playlist.min.js HTTP/1.1" 200 8608
186.155.100.139 - - [27/Dec/2014:11:05:13 -0500] "GET /galeria/nivo-slider/themes/default/arrows.png HTTP/1.1" 200 824
186.155.100.139 - - [27/Dec/2014:11:05:13 -0500] "GET /galeria/nivo-slider/themes/default/bullets.png HTTP/1.1" 200 1281
190.146.135.231 - - [27/Dec/2014:11:05:13 -0500] "GET /videos/galeria-cronicas/skin/blue.monday/jplayer.blue.monday.jpg HTTP/1.1" 200 23189
190.146.135.231 - - [27/Dec/2014:11:05:13 -0500] "GET /videos/galeria-cronicas/skin/blue.monday/jplayer.blue.monday.video.play.png HTTP/1.1" 200 14424
190.146.135.231 - - [27/Dec/2014:11:05:13 -0500] "GET /videos/galeria-cronicas/cronicas/NuestraGente20.mp4video.mp4 HTTP/1.1" 200 12986828
190.146.135.231 - - [27/Dec/2014:11:05:14 -0500] "GET /videos/galeria-cronicas/cronicas/NuestraGente20.mp4video.mp4 HTTP/1.1" 206 27084
190.146.135.231 - - [27/Dec/2014:11:05:14 -0500] "GET /videos/galeria-cronicas/cronicas/NuestraGente20.mp4video.mp4 HTTP/1.1" 206 12943360
186.155.100.139 - - [27/Dec/2014:11:05:14 -0500] "GET /videos/Spot_CambioClimatico.flv HTTP/1.1" 200 4371917
180.76.6.155 - - [27/Dec/2014:11:05:14 -0500] "GET /BLA/resoluciones/index.php?dir=RESOLUCIONES+2004%2FRES+2004+2101-2150%2F HTTP/1.1" 200 12359
190.146.135.231 - - [27/Dec/2014:11:05:15 -0500] "GET /videos/galeria-cronicas/cronicas/NuestraGente20.mp4video.mp4 HTTP/1.1" 206 12886016
190.146.135.231 - - [27/Dec/2014:11:05:15 -0500] "GET /videos/galeria-cronicas/cronicas/NuestraGente20.mp4video.mp4 HTTP/1.1" 206 12869632
190.84.185.167 - - [27/Dec/2014:11:05:17 -0500] "POST /forest/usutareas.do? HTTP/1.1" 200 76
190.84.185.167 - - [27/Dec/2014:11:05:30 -0500] "GET /forest/usutareas.do?group_system_actual=3&a=0.5359344552271068 HTTP/1.1" 200 19540
190.84.185.167 - - [27/Dec/2014:11:05:30 -0500] "GET /forest/session.jsp?a=0.5887340754270554 HTTP/1.1" 200 4
186.30.66.14 - - [27/Dec/2014:11:05:33 -0500] "POST /forms/lservlet;jsessionid=ac16012b30d53ea9f84bca5f42a9821692df51710c28.e3iSbxaKaheRe34Sa3yKbhiTahb0n6jAmljGr5XDqQLvpAe HTTP/1.1" 200 2
74.86.158.107 - - [27/Dec/2014:11:05:35 -0500] "HEAD / HTTP/1.1" 302 -
220.181.108.94 - - [27/Dec/2014:11:05:42 -0500] "GET / HTTP/1.1" 302 -
190.156.143.139 - - [27/Dec/2014:11:05:46 -0500] "POST /forms/lservlet;jsessionid=ac16012b30d595b3fac8d1374f929d92dd1da0263bef.e3iSbxaKaheRe34Sa3yKbhiTahb0n6jAmljGr5XDqQLvpAe HTTP/1.1" 200 2
190.84.185.167 - - [27/Dec/2014:11:06:05 -0500] "GET /forest/index2.jsp?_a=0.07685141009278595 HTTP/1.1" 200 149551
190.84.185.167 - - [27/Dec/2014:11:06:06 -0500] "GET /forest/session.jsp?a=0.0475677321664989 HTTP/1.1" 200 4
190.84.185.167 - - [27/Dec/2014:11:06:23 -0500] "GET /forest/usutareas.do?group_system_actual=3&codTraEsc=16837803&_a=0.46360698256020694 HTTP/1.1" 200 149993
190.84.185.167 - - [27/Dec/2014:11:06:24 -0500] "GET /forest/skins/gdocs-jar/img/icons/xlsx.gif HTTP/1.1" 304 -
190.84.185.167 - - [27/Dec/2014:11:06:24 -0500] "GET /forest/session.jsp?a=0.7707052386831492 HTTP/1.1" 200 4
190.84.185.167 - - [27/Dec/2014:11:06:25 -0500] "GET /forest/actions/forms.getMappedValues?id=NUMTER45&value=46371179&codForm=contec&a=0.897085735341534 HTTP/1.1" 200 130
190.156.143.139 - - [27/Dec/2014:11:06:41 -0500] "POST /forms/lservlet;jsessionid=ac16012b30d595b3fac8d1374f929d92dd1da0263bef.e3iSbxaKaheRe34Sa3yKbhiTahb0n6jAmljGr5XDqQLvpAe HTTP/1.1" 200 136
190.156.143.139 - - [27/Dec/2014:11:06:42 -0500] "POST /forms/lservlet;jsessionid=ac16012b30d595b3fac8d1374f929d92dd1da0263bef.e3iSbxaKaheRe34Sa3yKbhiTahb0n6jAmljGr5XDqQLvpAe HTTP/1.1" 200 2
190.156.143.139 - - [27/Dec/2014:11:06:42 -0500] "POST /forms/lservlet;jsessionid=ac16012b30d595b3fac8d1374f929d92dd1da0263bef.e3iSbxaKaheRe34Sa3yKbhiTahb0n6jAmljGr5XDqQLvpAe HTTP/1.1" 200 2489
190.156.143.139 - - [27/Dec/2014:11:06:42 -0500] "GET /imagenes/Srch_frw.gif HTTP/1.1" 200 925
190.156.143.139 - - [27/Dec/2014:11:06:42 -0500] "POST /forms/lservlet;jsessionid=ac16012b30d595b3fac8d1374f929d92dd1da0263bef.e3iSbxaKaheRe34Sa3yKbhiTahb0n6jAmljGr5XDqQLvpAe HTTP/1.1" 200 10
190.156.143.139 - - [27/Dec/2014:11:06:51 -0500] "POST /forms/lservlet;jsessionid=ac16012b30d595b3fac8d1374f929d92dd1da0263bef.e3iSbxaKaheRe34Sa3yKbhiTahb0n6jAmljGr5XDqQLvpAe HTTP/1.1" 200 21
190.156.143.139 - - [27/Dec/2014:11:06:51 -0500] "POST /forms/lservlet;jsessionid=ac16012b30d595b3fac8d1374f929d92dd1da0263bef.e3iSbxaKaheRe34Sa3yKbhiTahb0n6jAmljGr5XDqQLvpAe HTTP/1.1" 200 4104
190.156.143.139 - - [27/Dec/2014:11:06:52 -0500] "POST /forms/lservlet;jsessionid=ac16012b30d595b3fac8d1374f929d92dd1da0263bef.e3iSbxaKaheRe34Sa3yKbhiTahb0n6jAmljGr5XDqQLvpAe HTTP/1.1" 200 2
190.156.143.139 - - [27/Dec/2014:11:06:54 -0500] "POST /forms/lservlet;jsessionid=ac16012b30d595b3fac8d1374f929d92dd1da0263bef.e3iSbxaKaheRe34Sa3yKbhiTahb0n6jAmljGr5XDqQLvpAe HTTP/1.1" 200 137
190.156.143.139 - - [27/Dec/2014:11:06:58 -0500] "POST /forms/lservlet;jsessionid=ac16012b30d595b3fac8d1374f929d92dd1da0263bef.e3iSbxaKaheRe34Sa3yKbhiTahb0n6jAmljGr5XDqQLvpAe HTTP/1.1" 200 2
190.156.143.139 - - [27/Dec/2014:11:06:58 -0500] "POST /forms/lservlet;jsessionid=ac16012b30d595b3fac8d1374f929d92dd1da0263bef.e3iSbxaKaheRe34Sa3yKbhiTahb0n6jAmljGr5XDqQLvpAe HTTP/1.1" 200 112
190.156.143.139 - - [27/Dec/2014:11:06:59 -0500] "POST /forms/lservlet;jsessionid=ac16012b30d595b3fac8d1374f929d92dd1da0263bef.e3iSbxaKaheRe34Sa3yKbhiTahb0n6jAmljGr5XDqQLvpAe HTTP/1.1" 200 11
190.156.143.139 - - [27/Dec/2014:11:06:59 -0500] "GET /reports/rwservlet/getjobid338237?server=rep_srvapsda HTTP/1.1" 200 277432
186.82.78.180 - - [27/Dec/2014:11:07:04 -0500] "POST /forms/lservlet;jsessionid=ac16012b30d5f89fa76fa7084ec6ba0aed297e3853b3.e3iSbxaKaheRe34Sa3yKbhiTahb0n6jAmljGr5XDqQLvpAe HTTP/1.1" 200 2
186.119.248.20 - - [27/Dec/2014:11:07:23 -0500] "GET /BLA/boletinlegal/js/jquery.js HTTP/1.1" 200 57254
186.119.248.20 - - [27/Dec/2014:11:07:23 -0500] "GET /BLA/boletinlegal/js/jquery.scrollTo-min.js HTTP/1.1" 200 1150
186.119.248.20 - - [27/Dec/2014:11:07:23 -0500] "GET /BLA/boletinlegal/js/jquery.scrollShow.js HTTP/1.1" 200 4586
190.156.143.139 - - [27/Dec/2014:11:07:26 -0500] "POST /forms/lservlet;jsessionid=ac16012b30d595b3fac8d1374f929d92dd1da0263bef.e3iSbxaKaheRe34Sa3yKbhiTahb0n6jAmljGr5XDqQLvpAe HTTP/1.1" 200 78
190.156.143.139 - - [27/Dec/2014:11:07:27 -0500] "POST /forms/lservlet;jsessionid=ac16012b30d595b3fac8d1374f929d92dd1da0263bef.e3iSbxaKaheRe34Sa3yKbhiTahb0n6jAmljGr5XDqQLvpAe HTTP/1.1" 200 2
190.156.143.139 - - [27/Dec/2014:11:07:27 -0500] "POST /forms/lservlet;jsessionid=ac16012b30d595b3fac8d1374f929d92dd1da0263bef.e3iSbxaKaheRe34Sa3yKbhiTahb0n6jAmljGr5XDqQLvpAe HTTP/1.1" 200 2350
190.156.143.139 - - [27/Dec/2014:11:07:27 -0500] "GET /imagenes/Srch_frw.gif HTTP/1.1" 200 925
190.156.143.139 - - [27/Dec/2014:11:07:27 -0500] "POST /forms/lservlet;jsessionid=ac16012b30d595b3fac8d1374f929d92dd1da0263bef.e3iSbxaKaheRe34Sa3yKbhiTahb0n6jAmljGr5XDqQLvpAe HTTP/1.1" 200 10
66.249.73.171 - - [27/Dec/2014:11:07:27 -0500] "GET /BLA/resoluciones/RESOLUCIONES%202001/2001%201150-1199.tif HTTP/1.1" 200 4090636
186.30.66.14 - - [27/Dec/2014:11:07:33 -0500] "POST /forms/lservlet;jsessionid=ac16012b30d53ea9f84bca5f42a9821692df51710c28.e3iSbxaKaheRe34Sa3yKbhiTahb0n6jAmljGr5XDqQLvpAe HTTP/1.1" 200 2
190.84.185.167 - - [27/Dec/2014:11:07:34 -0500] "GET /forest/actions/forms.getMappedValues?id=localidadvisita402&value=9&codForm=contec&a=0.5479979829397053 HTTP/1.1" 200 23
190.156.143.139 - - [27/Dec/2014:11:07:37 -0500] "POST /forms/lservlet;jsessionid=ac16012b30d595b3fac8d1374f929d92dd1da0263bef.e3iSbxaKaheRe34Sa3yKbhiTahb0n6jAmljGr5XDqQLvpAe HTTP/1.1" 200 24
190.156.143.139 - - [27/Dec/2014:11:07:37 -0500] "POST /forms/lservlet;jsessionid=ac16012b30d595b3fac8d1374f929d92dd1da0263bef.e3iSbxaKaheRe34Sa3yKbhiTahb0n6jAmljGr5XDqQLvpAe HTTP/1.1" 200 3994
190.156.143.139 - - [27/Dec/2014:11:07:38 -0500] "POST /forms/lservlet;jsessionid=ac16012b30d595b3fac8d1374f929d92dd1da0263bef.e3iSbxaKaheRe34Sa3yKbhiTahb0n6jAmljGr5XDqQLvpAe HTTP/1.1" 200 2
190.156.143.139 - - [27/Dec/2014:11:07:39 -0500] "POST /forms/lservlet;jsessionid=ac16012b30d595b3fac8d1374f929d92dd1da0263bef.e3iSbxaKaheRe34Sa3yKbhiTahb0n6jAmljGr5XDqQLvpAe HTTP/1.1" 200 2
190.156.143.139 - - [27/Dec/2014:11:07:39 -0500] "POST /forms/lservlet;jsessionid=ac16012b30d595b3fac8d1374f929d92dd1da0263bef.e3iSbxaKaheRe34Sa3yKbhiTahb0n6jAmljGr5XDqQLvpAe HTTP/1.1" 200 14
190.156.143.139 - - [27/Dec/2014:11:07:41 -0500] "POST /forms/lservlet;jsessionid=ac16012b30d595b3fac8d1374f929d92dd1da0263bef.e3iSbxaKaheRe34Sa3yKbhiTahb0n6jAmljGr5XDqQLvpAe HTTP/1.1" 200 112
190.156.143.139 - - [27/Dec/2014:11:07:41 -0500] "POST /forms/lservlet;jsessionid=ac16012b30d595b3fac8d1374f929d92dd1da0263bef.e3iSbxaKaheRe34Sa3yKbhiTahb0n6jAmljGr5XDqQLvpAe HTTP/1.1" 200 2
190.156.143.139 - - [27/Dec/2014:11:07:41 -0500] "GET /reports/rwservlet/getjobid338238?server=rep_srvapsda HTTP/1.1" 200 638208
190.84.185.167 - - [27/Dec/2014:11:07:38 -0500] "GET /forest/skins/gdocs-jar/popup/showReport.jsp?idr=524&proceso=2949726&__format=pdf&contec=1415226225001&_a=0.651149433106184 HTTP/1.1" 200 203320
190.156.143.139 - - [27/Dec/2014:11:07:47 -0500] "POST /forms/lservlet;jsessionid=ac16012b30d595b3fac8d1374f929d92dd1da0263bef.e3iSbxaKaheRe34Sa3yKbhiTahb0n6jAmljGr5XDqQLvpAe HTTP/1.1" 200 2
