181.207.179.97 - - [27/Dec/2014:18:45:49 -0500] "GET /ForestMSG_SDA/channelAsync/template_word_16921318?X-Atmosphere-tracking-id=0543c203-599a-df72-612d-8b5ade3235cc&X-Atmosphere-Framework=1.0.5&X-Atmosphere-Transport=long-polling&tabid=0.6532098101451993&X-Cache-Date=0&Content-Type=application/xml&_=1419724099681 HTTP/1.1" 200 8193
201.233.129.222 - - [27/Dec/2014:18:52:33 -0500] "GET /BLA/boletinlegal/js/jquery.js HTTP/1.1" 200 57254
201.233.129.222 - - [27/Dec/2014:18:52:33 -0500] "GET /BLA/boletinlegal/js/jquery.scrollTo-min.js HTTP/1.1" 200 1150
201.233.129.222 - - [27/Dec/2014:18:52:33 -0500] "GET /BLA/boletinlegal/js/jquery.scrollShow.js HTTP/1.1" 200 4586
190.84.185.167 - - [27/Dec/2014:18:52:48 -0500] "POST /forms/lservlet;jsessionid=ac16012b30d5663dd830421c49e39f12d6ba7eff8571.e3iSbxaKaheRe34Sa3yKbhiTahb0n6jAmljGr5XDqQLvpAe HTTP/1.1" 200 2
179.13.16.152 - - [27/Dec/2014:18:53:02 -0500] "GET /dama/libreria/php/imagenes/29.jpg HTTP/1.1" 404 1345
186.154.84.82 - - [27/Dec/2014:18:53:05 -0500] "GET /forest/session.jsp?a=0.38512114551849663 HTTP/1.1" 200 4
186.30.66.14 - - [27/Dec/2014:18:53:10 -0500] "POST /forms/lservlet;jsessionid=ac16012b30d53ea9f84bca5f42a9821692df51710c28.e3iSbxaKaheRe34Sa3yKbhiTahb0n6jAmljGr5XDqQLvpAe HTTP/1.1" 200 2
190.156.143.139 - - [27/Dec/2014:18:53:25 -0500] "POST /forms/lservlet;jsessionid=ac16012b30d52e7787fc743b4a99828fba55a1ee10d6.e3iSbxaKaheRe34Sa3yKbhiTahb0n6jAmljGr5XDqQLvpAe HTTP/1.1" 200 2
186.84.40.34 - - [27/Dec/2014:18:53:33 -0500] "POST /forms/lservlet;jsessionid=ac16012b30d5f45d3a432e774dcea183dfd7e0dcc671.e3iSbxaKaheRe34Sa3yKbhiTahb0n6jAmljGr5XDqQLvpAe HTTP/1.1" 200 2
186.113.94.16 - - [27/Dec/2014:18:53:34 -0500] "GET /BLA/boletinlegal/js/jquery.scrollTo-min.js HTTP/1.1" 200 1150
186.113.94.16 - - [27/Dec/2014:18:53:34 -0500] "GET /BLA/boletinlegal/js/jquery.scrollShow.js HTTP/1.1" 200 4586
186.113.94.16 - - [27/Dec/2014:18:53:35 -0500] "GET /BLA/boletinlegal/js/jquery.js HTTP/1.1" 200 57254
186.113.94.16 - - [27/Dec/2014:18:53:35 -0500] "GET /galeria/carrusel/Carrusel/jquery-ui-1.8.13.custom.min.js HTTP/1.1" 200 10800
186.113.94.16 - - [27/Dec/2014:18:53:35 -0500] "GET /galeria/carrusel/Carrusel/jquery.thumbnailScroller.css HTTP/1.1" 200 2066
186.113.94.16 - - [27/Dec/2014:18:53:35 -0500] "GET /galeria/carrusel/Carrusel/jquery.thumbnailScroller.js HTTP/1.1" 200 8157
66.249.73.163 - - [27/Dec/2014:18:53:38 -0500] "GET /BLA/resoluciones/RESOLUCIONES%202009/8015.pdf HTTP/1.1" 200 82649
186.113.94.16 - - [27/Dec/2014:18:53:38 -0500] "GET /galeria/nivo-slider/demo/demo.html HTTP/1.1" 200 3237
186.113.94.16 - - [27/Dec/2014:18:53:38 -0500] "GET /galeria/nivo-slider/themes/default/default.css HTTP/1.1" 200 1569
186.113.94.16 - - [27/Dec/2014:18:53:38 -0500] "GET /galeria/nivo-slider/themes/orman/orman.css HTTP/1.1" 200 2152
186.113.94.16 - - [27/Dec/2014:18:53:38 -0500] "GET /galeria/nivo-slider/themes/pascal/pascal.css HTTP/1.1" 200 2258
186.113.94.16 - - [27/Dec/2014:18:53:38 -0500] "GET /galeria/nivo-slider/nivo-slider.css HTTP/1.1" 200 1507
186.113.94.16 - - [27/Dec/2014:18:53:38 -0500] "GET /galeria/nivo-slider/demo/style.css HTTP/1.1" 200 2222
186.113.94.16 - - [27/Dec/2014:18:53:39 -0500] "GET /galeria/nivo-slider/demo/scripts/jquery-1.7.1.min.js HTTP/1.1" 200 93868
186.113.94.16 - - [27/Dec/2014:18:53:39 -0500] "GET /galeria/nivo-slider/jquery.nivo.slider.pack.js HTTP/1.1" 200 11561
186.113.94.16 - - [27/Dec/2014:18:53:39 -0500] "GET /galeria/nivo-slider/demo/images/4Simple_Slider.png HTTP/1.1" 200 11722
186.113.94.16 - - [27/Dec/2014:18:53:39 -0500] "GET /galeria/nivo-slider/themes/default/loading.gif HTTP/1.1" 200 1737
186.113.94.16 - - [27/Dec/2014:18:53:40 -0500] "GET /galeria/nivo-slider/demo/images/bolsas-08.jpg HTTP/1.1" 200 85589
186.113.94.16 - - [27/Dec/2014:18:53:40 -0500] "GET /galeria/nivo-slider/demo/images/Ruta-vertimientos-01.jpg HTTP/1.1" 200 130151
186.113.94.16 - - [27/Dec/2014:18:53:40 -0500] "GET /galeria/nivo-slider/demo/images/bolsas-06.jpg HTTP/1.1" 200 90982
186.113.94.16 - - [27/Dec/2014:18:53:40 -0500] "GET /galeria/nivo-slider/demo/images/ecolecta-Dic2014.png HTTP/1.1" 200 288593
186.113.94.16 - - [27/Dec/2014:18:53:41 -0500] "GET /galeria/nivo-slider/demo/images/Banner-GAE3.jpg HTTP/1.1" 200 146354
186.113.94.16 - - [27/Dec/2014:18:53:42 -0500] "GET /galeria/nivo-slider/demo/images/porloshumedales.jpg HTTP/1.1" 200 351238
186.113.94.16 - - [27/Dec/2014:18:53:42 -0500] "GET /galeria/nivo-slider/demo/images/Tingua-azul.jpg HTTP/1.1" 200 307638
186.113.94.16 - - [27/Dec/2014:18:53:42 -0500] "GET /galeria/nivo-slider/demo/images/Banner-Caracol-Africano.jpg HTTP/1.1" 200 331986
186.113.94.16 - - [27/Dec/2014:18:53:43 -0500] "GET /galeria/nivo-slider/demo/images/banner-redes.jpg HTTP/1.1" 200 62209
186.113.94.16 - - [27/Dec/2014:18:53:43 -0500] "GET /galeria/nivo-slider/demo/images/9Signos.jpg HTTP/1.1" 200 93040
186.113.94.16 - - [27/Dec/2014:18:53:43 -0500] "GET /galeria/nivo-slider/demo/images/banner-llantas2.jpg HTTP/1.1" 200 73153
186.113.94.16 - - [27/Dec/2014:18:53:45 -0500] "GET /galeria/nivo-slider/demo/images/banner-caballos.png HTTP/1.1" 200 389106
186.113.94.16 - - [27/Dec/2014:18:53:48 -0500] "GET /galeria/nivo-slider/themes/default/arrows.png HTTP/1.1" 200 824
186.113.94.16 - - [27/Dec/2014:18:53:48 -0500] "GET /galeria/nivo-slider/themes/default/bullets.png HTTP/1.1" 200 1281
186.113.94.16 - - [27/Dec/2014:18:53:48 -0500] "GET /videos/Spot_CambioClimatico.flv HTTP/1.1" 200 4371917
119.63.196.96 - - [27/Dec/2014:18:53:53 -0500] "GET /phpold/sitebanner.gif HTTP/1.1" 404 1019
66.249.73.155 - - [27/Dec/2014:18:54:14 -0500] "GET /Anexos%20estudio%20Organizacional%20SDA/index.php?dir=ANEXO+No.+1-+NORMAS+LEGALES+DE+ESTRUCTURA+Y+PLANTA%2FDecreto+673+de+1995+Reestructura+el+DAMA_files%2F HTTP/1.1" 200 9347
186.113.94.16 - - [27/Dec/2014:18:54:14 -0500] "GET /videos/ArchivoSDA.flv HTTP/1.1" 200 31205279
201.233.129.222 - - [27/Dec/2014:18:54:29 -0500] "GET /galeria/carrusel/Carrusel/jquery.thumbnailScroller.css HTTP/1.1" 200 2066
201.233.129.222 - - [27/Dec/2014:18:54:29 -0500] "GET /galeria/carrusel/Carrusel/jquery-ui-1.8.13.custom.min.js HTTP/1.1" 200 10800
201.233.129.222 - - [27/Dec/2014:18:54:29 -0500] "GET /galeria/carrusel/Carrusel/jquery.thumbnailScroller.js HTTP/1.1" 200 8157
201.233.129.222 - - [27/Dec/2014:18:54:30 -0500] "GET /galeria/nivo-slider/demo/demo.html HTTP/1.1" 200 3237
201.233.129.222 - - [27/Dec/2014:18:54:30 -0500] "GET /galeria/nivo-slider/themes/default/default.css HTTP/1.1" 200 1569
201.233.129.222 - - [27/Dec/2014:18:54:30 -0500] "GET /galeria/nivo-slider/themes/pascal/pascal.css HTTP/1.1" 200 2258
201.233.129.222 - - [27/Dec/2014:18:54:30 -0500] "GET /galeria/nivo-slider/themes/orman/orman.css HTTP/1.1" 200 2152
201.233.129.222 - - [27/Dec/2014:18:54:30 -0500] "GET /galeria/nivo-slider/nivo-slider.css HTTP/1.1" 200 1507
201.233.129.222 - - [27/Dec/2014:18:54:30 -0500] "GET /galeria/nivo-slider/demo/images/bolsas-08.jpg HTTP/1.1" 200 85589
201.233.129.222 - - [27/Dec/2014:18:54:30 -0500] "GET /galeria/nivo-slider/demo/style.css HTTP/1.1" 200 2222
201.233.129.222 - - [27/Dec/2014:18:54:30 -0500] "GET /galeria/nivo-slider/demo/scripts/jquery-1.7.1.min.js HTTP/1.1" 200 93868
201.233.129.222 - - [27/Dec/2014:18:54:30 -0500] "GET /galeria/nivo-slider/demo/images/Ruta-vertimientos-01.jpg HTTP/1.1" 200 130151
201.233.129.222 - - [27/Dec/2014:18:54:30 -0500] "GET /galeria/nivo-slider/demo/images/bolsas-06.jpg HTTP/1.1" 200 90982
201.233.129.222 - - [27/Dec/2014:18:54:30 -0500] "GET /galeria/nivo-slider/demo/images/ecolecta-Dic2014.png HTTP/1.1" 200 288593
201.233.129.222 - - [27/Dec/2014:18:54:30 -0500] "GET /galeria/nivo-slider/jquery.nivo.slider.pack.js HTTP/1.1" 200 11561
201.233.129.222 - - [27/Dec/2014:18:54:31 -0500] "GET /galeria/nivo-slider/demo/images/Banner-GAE3.jpg HTTP/1.1" 200 146354
201.233.129.222 - - [27/Dec/2014:18:54:31 -0500] "GET /galeria/nivo-slider/demo/images/porloshumedales.jpg HTTP/1.1" 200 351238
201.233.129.222 - - [27/Dec/2014:18:54:31 -0500] "GET /galeria/nivo-slider/demo/images/Tingua-azul.jpg HTTP/1.1" 200 307638
201.233.129.222 - - [27/Dec/2014:18:54:31 -0500] "GET /galeria/nivo-slider/demo/images/Banner-Caracol-Africano.jpg HTTP/1.1" 200 331986
201.233.129.222 - - [27/Dec/2014:18:54:31 -0500] "GET /galeria/nivo-slider/demo/images/4Simple_Slider.png HTTP/1.1" 200 11722
201.233.129.222 - - [27/Dec/2014:18:54:31 -0500] "GET /galeria/nivo-slider/themes/default/loading.gif HTTP/1.1" 200 1737
201.233.129.222 - - [27/Dec/2014:18:54:31 -0500] "GET /galeria/nivo-slider/demo/images/banner-redes.jpg HTTP/1.1" 200 62209
201.233.129.222 - - [27/Dec/2014:18:54:31 -0500] "GET /galeria/nivo-slider/demo/images/9Signos.jpg HTTP/1.1" 200 93040
201.233.129.222 - - [27/Dec/2014:18:54:31 -0500] "GET /galeria/nivo-slider/demo/images/banner-llantas2.jpg HTTP/1.1" 200 73153
201.233.129.222 - - [27/Dec/2014:18:54:32 -0500] "GET /galeria/nivo-slider/demo/images/banner-caballos.png HTTP/1.1" 200 389106
181.207.179.97 - - [27/Dec/2014:18:47:38 -0500] "POST /forest/usutareas.do?group_system_actual=3 HTTP/1.1" 200 247
201.233.129.222 - - [27/Dec/2014:18:54:33 -0500] "GET /galeria/nivo-slider/themes/default/arrows.png HTTP/1.1" 200 824
201.233.129.222 - - [27/Dec/2014:18:54:33 -0500] "GET /galeria/nivo-slider/themes/default/bullets.png HTTP/1.1" 200 1281
201.233.129.222 - - [27/Dec/2014:18:54:34 -0500] "GET /videos/Spot_CambioClimatico.flv HTTP/1.1" 200 4371917
191.66.216.98 - - [27/Dec/2014:18:54:35 -0500] "GET /BLA/resoluciones/RESOLUCIONES%202012/0641.pdf HTTP/1.1" 200 638556
181.207.179.97 - - [27/Dec/2014:18:54:35 -0500] "GET /forest/usutareas.do?group_system_actual=3&a=0.2079630906227976 HTTP/1.1" 200 113418
191.66.216.98 - - [27/Dec/2014:18:54:40 -0500] "GET /BLA/resoluciones/RESOLUCIONES%202012/0641.pdf HTTP/1.1" 200 638556
181.207.179.97 - - [27/Dec/2014:18:54:40 -0500] "GET /forest/session.jsp?a=0.5962499403394759 HTTP/1.1" 200 4
201.233.129.222 - - [27/Dec/2014:18:54:42 -0500] "GET /galeria/bibloteca/contentflow.js HTTP/1.1" 200 42804
201.233.129.222 - - [27/Dec/2014:18:54:42 -0500] "GET /galeria/bibloteca/contentflow.css HTTP/1.1" 200 3201
201.233.129.222 - - [27/Dec/2014:18:54:42 -0500] "GET /galeria/bibloteca/mycontentflow.css HTTP/1.1" 200 3110
201.233.129.222 - - [27/Dec/2014:18:54:42 -0500] "GET /galeria/bibloteca/ContentFlowAddOn_white.js HTTP/1.1" 200 2497
201.233.129.222 - - [27/Dec/2014:18:54:42 -0500] "GET /galeria/bibloteca/ContentFlowAddOn_white.css HTTP/1.1" 200 3355
201.233.129.222 - - [27/Dec/2014:18:54:42 -0500] "GET /galeria/bibloteca/img/loader.gif HTTP/1.1" 200 8238
201.233.129.222 - - [27/Dec/2014:18:54:42 -0500] "GET /galeria/bibloteca/img/scrollbar_white.png HTTP/1.1" 200 82
201.233.129.222 - - [27/Dec/2014:18:54:42 -0500] "GET /galeria/bibloteca/img/slider_white.png HTTP/1.1" 200 178
201.233.129.222 - - [27/Dec/2014:18:54:43 -0500] "GET /galeria/bibloteca/img/scrollbar_black.png HTTP/1.1" 200 82
201.233.129.222 - - [27/Dec/2014:18:54:43 -0500] "GET /galeria/bibloteca/img/slider_black.png HTTP/1.1" 200 175
201.233.129.222 - - [27/Dec/2014:18:54:43 -0500] "GET /galeria/bibloteca/img/1x1_0.5_white.png HTTP/1.1" 200 82
201.233.129.222 - - [27/Dec/2014:18:54:43 -0500] "GET /galeria/bibloteca/img/ajax-loader.gif HTTP/1.1" 200 9427
190.84.185.167 - - [27/Dec/2014:18:54:48 -0500] "POST /forms/lservlet;jsessionid=ac16012b30d5663dd830421c49e39f12d6ba7eff8571.e3iSbxaKaheRe34Sa3yKbhiTahb0n6jAmljGr5XDqQLvpAe HTTP/1.1" 200 2
181.207.179.97 - - [27/Dec/2014:18:54:52 -0500] "POST /forest/usutareas.do? HTTP/1.1" 200 76
181.207.179.97 - - [27/Dec/2014:18:54:55 -0500] "GET /forest/usutareas.do?group_system_actual=3&a=0.18906710878945887 HTTP/1.1" 200 113433
181.207.179.97 - - [27/Dec/2014:18:54:40 -0500] "GET /ForestMSG_SDA/channelAsync/template_word_16921318?X-Atmosphere-tracking-id=95475a3e-8d1d-9c26-dbbe-2087016c86fe&X-Atmosphere-Framework=1.0.5&X-Atmosphere-Transport=long-polling&tabid=0.3550319280475378&X-Cache-Date=0&Content-Type=application/xml&_=1419724642064 HTTP/1.1" 200 8193
181.207.179.97 - - [27/Dec/2014:18:54:59 -0500] "GET /forest/session.jsp?a=0.9144990462809801 HTTP/1.1" 200 4
181.207.179.97 - - [27/Dec/2014:18:55:02 -0500] "POST /forest/usutareas.do? HTTP/1.1" 200 76
186.154.84.82 - - [27/Dec/2014:18:49:04 -0500] "GET /ForestMSG_SDA/channelAsync/template_word_17192121?X-Atmosphere-tracking-id=c47506ea-bb71-5ebe-cc41-860b101e92be&X-Atmosphere-Framework=1.0.5&X-Atmosphere-Transport=long-polling&tabid=0.4985481302719563&X-Cache-Date=0&Content-Type=application/xml&_=1419724297270 HTTP/1.1" 200 8193
181.207.179.97 - - [27/Dec/2014:18:55:05 -0500] "GET /forest/usutareas.do?group_system_actual=3&a=0.7018830291926861 HTTP/1.1" 200 19484
181.207.179.97 - - [27/Dec/2014:18:55:06 -0500] "GET /forest/session.jsp?a=0.543599997414276 HTTP/1.1" 200 4
186.30.66.14 - - [27/Dec/2014:18:55:10 -0500] "POST /forms/lservlet;jsessionid=ac16012b30d53ea9f84bca5f42a9821692df51710c28.e3iSbxaKaheRe34Sa3yKbhiTahb0n6jAmljGr5XDqQLvpAe HTTP/1.1" 200 2
181.207.179.97 - - [27/Dec/2014:18:55:09 -0500] "GET /forest/index2.jsp?_a=0.27855782047845423 HTTP/1.1" 200 35312
181.207.179.97 - - [27/Dec/2014:18:55:10 -0500] "GET /forest/session.jsp?a=0.9015361363999546 HTTP/1.1" 200 4
181.207.179.97 - - [27/Dec/2014:18:55:13 -0500] "GET /forest/user/notidocs.jsp?a=0.9232591385953128 HTTP/1.1" 200 25696
190.156.143.139 - - [27/Dec/2014:18:55:25 -0500] "POST /forms/lservlet;jsessionid=ac16012b30d52e7787fc743b4a99828fba55a1ee10d6.e3iSbxaKaheRe34Sa3yKbhiTahb0n6jAmljGr5XDqQLvpAe HTTP/1.1" 200 2
186.84.40.34 - - [27/Dec/2014:18:55:33 -0500] "POST /forms/lservlet;jsessionid=ac16012b30d5f45d3a432e774dcea183dfd7e0dcc671.e3iSbxaKaheRe34Sa3yKbhiTahb0n6jAmljGr5XDqQLvpAe HTTP/1.1" 200 2
74.86.158.107 - - [27/Dec/2014:18:55:34 -0500] "HEAD / HTTP/1.1" 302 -
186.154.84.82 - - [27/Dec/2014:18:55:52 -0500] "GET /forest/skins/gdocs-jar/popup/escritorio/subirborrador.jsp?form=revctvertimientos&codTpl=&codBorr=534237&a=0.2481799772940576 HTTP/1.1" 200 23292
180.76.5.223 - - [27/Dec/2014:18:55:56 -0500] "GET /BLA/resoluciones/RESOLUCIONES%202009/0109.pdf HTTP/1.1" 200 198008
186.154.84.82 - - [27/Dec/2014:18:55:56 -0500] "GET /forest/json.do?query=borradoresByTpls&codInst=3019460&codTare=2993&firma=0&a=0.8985207830555737 HTTP/1.1" 200 184
186.154.84.82 - - [27/Dec/2014:18:55:57 -0500] "GET /forest/json.do?query=plantillasByTarea&codTare=2993&codInst=3019460&firma=0&a=0.6117496774531901 HTTP/1.1" 200 131
186.154.84.82 - - [27/Dec/2014:18:55:57 -0500] "GET /forest/json.do?query=terceroById&numTer=900026353&a=0.5776016821619123 HTTP/1.1" 200 725
186.154.84.82 - - [27/Dec/2014:18:55:57 -0500] "GET /forest/json.do?query=datosBorradorByCodTraBorr&codTraBorr=1584358&a=0.4898635030258447 HTTP/1.1" 200 180
186.154.84.82 - - [27/Dec/2014:18:55:57 -0500] "GET /forest/json.do?query=ultimoBorradorByTpl&codTpl=2085&codInst=3019460&a=0.7523223266471177 HTTP/1.1" 200 20
186.154.84.82 - - [27/Dec/2014:18:55:57 -0500] "GET /forest/json.do?query=adjuntosByBorrador&codTraBorr=1584358&a=0.2431890203151852 HTTP/1.1" 200 2
190.84.185.167 - - [27/Dec/2014:18:50:11 -0500] "GET /ForestMSG_SDA/channelAsync/template_word_17193518?X-Atmosphere-tracking-id=3566bef3-cdf6-7973-2300-64dd8c7f913e&X-Atmosphere-Framework=1.0.5&X-Atmosphere-Transport=long-polling&tabid=0.8027925624046475&X-Cache-Date=0&Content-Type=application/xml&_=1419724279021 HTTP/1.1" 200 8193
181.50.145.101 - - [27/Dec/2014:18:56:34 -0500] "GET /BLA/boletinlegal/js/jquery.scrollTo-min.js HTTP/1.1" 200 1150
181.50.145.101 - - [27/Dec/2014:18:56:34 -0500] "GET /BLA/boletinlegal/js/jquery.scrollShow.js HTTP/1.1" 200 4586
181.50.145.101 - - [27/Dec/2014:18:56:34 -0500] "GET /BLA/boletinlegal/js/jquery.js HTTP/1.1" 200 57254
186.154.84.82 - - [27/Dec/2014:18:56:39 -0500] "POST /forest/usutareas.do?group_system_actual=3 HTTP/1.1" 200 200
66.249.73.163 - - [27/Dec/2014:18:56:47 -0500] "GET /BLA/resoluciones/RESOLUCIONES%202010/0459.pdf HTTP/1.1" 200 97829
190.84.185.167 - - [27/Dec/2014:18:56:48 -0500] "POST /forms/lservlet;jsessionid=ac16012b30d5663dd830421c49e39f12d6ba7eff8571.e3iSbxaKaheRe34Sa3yKbhiTahb0n6jAmljGr5XDqQLvpAe HTTP/1.1" 200 2
66.249.73.155 - - [27/Dec/2014:18:56:48 -0500] "GET /BLA/resoluciones/RESOLUCIONES%202009/5190.pdf HTTP/1.1" 200 202883
186.154.84.82 - - [27/Dec/2014:18:55:04 -0500] "GET /ForestMSG_SDA/channelAsync/template_word_17192121?X-Atmosphere-tracking-id=c47506ea-bb71-5ebe-cc41-860b101e92be&X-Atmosphere-Framework=1.0.5&X-Atmosphere-Transport=long-polling&tabid=0.4985481302719563&X-Cache-Date=0&Content-Type=application/xml&_=1419724657386 HTTP/1.1" 200 8193
186.154.84.82 - - [27/Dec/2014:18:56:48 -0500] "GET /forest/usutareas.do?group_system_actual=3&a=0.19902421534061432 HTTP/1.1" 200 118111
186.154.84.82 - - [27/Dec/2014:18:56:50 -0500] "GET /forest/session.jsp?a=0.7320289756171405 HTTP/1.1" 200 4
190.144.162.81 - - [27/Dec/2014:18:57:05 -0500] "GET /BLA/resoluciones/RESOLUCIONES%202009/1803.pdf HTTP/1.1" 200 613104
186.30.66.14 - - [27/Dec/2014:18:57:10 -0500] "POST /forms/lservlet;jsessionid=ac16012b30d53ea9f84bca5f42a9821692df51710c28.e3iSbxaKaheRe34Sa3yKbhiTahb0n6jAmljGr5XDqQLvpAe HTTP/1.1" 200 2
190.156.143.139 - - [27/Dec/2014:18:57:25 -0500] "POST /forms/lservlet;jsessionid=ac16012b30d52e7787fc743b4a99828fba55a1ee10d6.e3iSbxaKaheRe34Sa3yKbhiTahb0n6jAmljGr5XDqQLvpAe HTTP/1.1" 200 2
186.84.40.34 - - [27/Dec/2014:18:57:33 -0500] "POST /forms/lservlet;jsessionid=ac16012b30d5f45d3a432e774dcea183dfd7e0dcc671.e3iSbxaKaheRe34Sa3yKbhiTahb0n6jAmljGr5XDqQLvpAe HTTP/1.1" 200 2
152.61.128.66 - - [27/Dec/2014:18:57:41 -0500] "HEAD / HTTP/1.1" 302 -
152.61.128.66 - - [27/Dec/2014:18:57:42 -0500] "GET /arcgis/services/Calidad_del_Agua_WQI/MapServer/WMSServer?request=GetCapabilities&service=WMS HTTP/1.1" 200 32135
152.61.128.66 - - [27/Dec/2014:18:57:43 -0500] "GET /arcgis/services/Calidad_del_Agua_WQI/MapServer/WMSServer?request=GetCapabilities&service=WMS HTTP/1.0" 200 32135
152.61.128.66 - - [27/Dec/2014:18:57:44 -0500] "GET /arcgis/services/Calidad_del_Agua_WQI/MapServer/WMSServer?request=GetCapabilities&service=WMS HTTP/1.0" 200 32135
186.154.84.82 - - [27/Dec/2014:18:57:44 -0500] "POST /forest/usutareas.do? HTTP/1.1" 200 76
152.61.128.66 - - [27/Dec/2014:18:57:45 -0500] "GET /arcgis/services/Calidad_del_Agua_WQI/MapServer/WMSServer?request=GetCapabilities&service=WMS HTTP/1.0" 200 32135
152.61.128.66 - - [27/Dec/2014:18:57:46 -0500] "GET /arcgis/services/Calidad_del_Agua_WQI/MapServer/WMSServer?VERSION=1.1.1&REQUEST=GetMap&LAYERS=0&SRS=EPSG:4326&BBOX=-74.473395,3.674381,-73.963300,4.920569&WIDTH=250&HEIGHT=250&FORMAT=image/bmp&STYLES=& HTTP/1.1" 200 188054
186.154.84.82 - - [27/Dec/2014:18:57:47 -0500] "GET /forest/usutareas.do?group_system_actual=3&a=0.3758276612497866 HTTP/1.1" 200 19879
186.154.84.82 - - [27/Dec/2014:18:57:48 -0500] "GET /forest/session.jsp?a=0.987040868261829 HTTP/1.1" 200 4
186.154.84.82 - - [27/Dec/2014:18:57:52 -0500] "GET /forest/misactividades.do?_a=0.05422778381034732&group_system_actual=3 HTTP/1.1" 200 37897
186.154.84.82 - - [27/Dec/2014:18:57:52 -0500] "GET /forest/session.jsp?a=0.392716369824484 HTTP/1.1" 200 4
186.154.84.82 - - [27/Dec/2014:18:57:53 -0500] "POST /forest/misactividades.do?ajax=true&a=0.24461098364554346 HTTP/1.1" 200 69
152.61.128.66 - - [27/Dec/2014:18:57:57 -0500] "HEAD / HTTP/1.1" 302 -
152.61.128.66 - - [27/Dec/2014:18:57:57 -0500] "GET /arcgis/services/Calidad_del_Agua_WQI/MapServer/WMSServer?SERVICE=WMS&REQUEST=GetCapabilities HTTP/1.1" 200 32135
186.154.84.82 - - [27/Dec/2014:18:57:58 -0500] "POST /forest/misactividades.do?ajax=true&a=0.590288998093456 HTTP/1.1" 200 13042
152.61.128.66 - - [27/Dec/2014:18:57:58 -0500] "GET /arcgis/services/Calidad_del_Agua_WQI/MapServer/WMSServer?SERVICE=WMS&REQUEST=GetCapabilities HTTP/1.0" 200 32135
152.61.128.66 - - [27/Dec/2014:18:57:59 -0500] "GET /arcgis/services/Calidad_del_Agua_WQI/MapServer/WMSServer?SERVICE=WMS&REQUEST=GetCapabilities HTTP/1.0" 200 32135
152.61.128.66 - - [27/Dec/2014:18:58:00 -0500] "GET /arcgis/services/Calidad_del_Agua_WQI/MapServer/WMSServer?SERVICE=WMS&REQUEST=GetCapabilities HTTP/1.0" 200 32135
152.61.128.66 - - [27/Dec/2014:18:58:01 -0500] "GET /arcgis/services/Calidad_del_Agua_WQI/MapServer/WMSServer?VERSION=1.1.1&REQUEST=GetMap&LAYERS=0&SRS=EPSG:4326&BBOX=-74.473395,3.674381,-73.963300,4.920569&WIDTH=250&HEIGHT=250&FORMAT=image/bmp&STYLES=& HTTP/1.1" 200 188054
190.84.185.167 - - [27/Dec/2014:18:58:48 -0500] "POST /forms/lservlet;jsessionid=ac16012b30d5663dd830421c49e39f12d6ba7eff8571.e3iSbxaKaheRe34Sa3yKbhiTahb0n6jAmljGr5XDqQLvpAe HTTP/1.1" 200 2
186.30.66.14 - - [27/Dec/2014:18:59:10 -0500] "POST /forms/lservlet;jsessionid=ac16012b30d53ea9f84bca5f42a9821692df51710c28.e3iSbxaKaheRe34Sa3yKbhiTahb0n6jAmljGr5XDqQLvpAe HTTP/1.1" 200 2
186.154.84.82 - - [27/Dec/2014:18:59:13 -0500] "GET /forest/usutareas.do?_a=0.3689379489514977&group_system_actual=3 HTTP/1.1" 200 118696
186.154.84.82 - - [27/Dec/2014:18:59:16 -0500] "GET /forest/session.jsp?a=0.7487709897104651 HTTP/1.1" 200 4
190.156.143.139 - - [27/Dec/2014:18:59:26 -0500] "POST /forms/lservlet;jsessionid=ac16012b30d52e7787fc743b4a99828fba55a1ee10d6.e3iSbxaKaheRe34Sa3yKbhiTahb0n6jAmljGr5XDqQLvpAe HTTP/1.1" 200 2
66.249.73.171 - - [27/Dec/2014:18:59:29 -0500] "GET /BLA/resoluciones/RESOLUCIONES%202005/RES%202005%202701%20-2750/00002728.tif HTTP/1.1" 200 185120
186.84.40.34 - - [27/Dec/2014:18:59:33 -0500] "POST /forms/lservlet;jsessionid=ac16012b30d5f45d3a432e774dcea183dfd7e0dcc671.e3iSbxaKaheRe34Sa3yKbhiTahb0n6jAmljGr5XDqQLvpAe HTTP/1.1" 200 2
186.154.84.82 - - [27/Dec/2014:18:59:53 -0500] "GET /forest/borrador/1530206/Registro%20de%20vertimientos.docx HTTP/1.1" 200 98089
66.249.73.171 - - [27/Dec/2014:18:59:57 -0500] "GET /BLA/resoluciones/RESOLUCIONES%202009/1235.pdf HTTP/1.1" 200 739667
191.109.21.93 - - [27/Dec/2014:19:00:02 -0500] "GET /BLA/resoluciones/RESOLUCIONES%202007/RES%202007%201301%20AL%201400/RESOLUCION%201328%20DE%202007.pdf HTTP/1.1" 200 252131
190.27.226.12 - - [27/Dec/2014:19:00:07 -0500] "GET /BLA/boletinlegal/js/jquery.js HTTP/1.1" 200 57254
190.27.226.12 - - [27/Dec/2014:19:00:07 -0500] "GET /BLA/boletinlegal/js/jquery.scrollShow.js HTTP/1.1" 200 4586
190.27.226.12 - - [27/Dec/2014:19:00:07 -0500] "GET /galeria/carrusel/Carrusel/jquery-ui-1.8.13.custom.min.js HTTP/1.1" 200 10800
190.27.226.12 - - [27/Dec/2014:19:00:07 -0500] "GET /galeria/carrusel/Carrusel/jquery.thumbnailScroller.js HTTP/1.1" 200 8157
190.27.226.12 - - [27/Dec/2014:19:00:07 -0500] "GET /galeria/carrusel/Carrusel/jquery.thumbnailScroller.css HTTP/1.1" 200 2066
190.27.226.12 - - [27/Dec/2014:19:00:07 -0500] "GET /BLA/boletinlegal/js/jquery.scrollTo-min.js HTTP/1.1" 200 1150
190.27.226.12 - - [27/Dec/2014:19:00:09 -0500] "GET /galeria/nivo-slider/demo/demo.html HTTP/1.1" 200 3237
190.27.226.12 - - [27/Dec/2014:19:00:09 -0500] "GET /galeria/nivo-slider/themes/orman/orman.css HTTP/1.1" 200 2152
190.27.226.12 - - [27/Dec/2014:19:00:09 -0500] "GET /galeria/nivo-slider/demo/images/Ruta-vertimientos-01.jpg HTTP/1.1" 200 130151
190.27.226.12 - - [27/Dec/2014:19:00:09 -0500] "GET /galeria/nivo-slider/demo/style.css HTTP/1.1" 200 2222
190.27.226.12 - - [27/Dec/2014:19:00:09 -0500] "GET /galeria/nivo-slider/nivo-slider.css HTTP/1.1" 200 1507
190.27.226.12 - - [27/Dec/2014:19:00:09 -0500] "GET /galeria/nivo-slider/themes/pascal/pascal.css HTTP/1.1" 200 2258
190.27.226.12 - - [27/Dec/2014:19:00:09 -0500] "GET /galeria/nivo-slider/themes/default/default.css HTTP/1.1" 200 1569
190.27.226.12 - - [27/Dec/2014:19:00:09 -0500] "GET /galeria/nivo-slider/demo/images/ecolecta-Dic2014.png HTTP/1.1" 200 288593
190.27.226.12 - - [27/Dec/2014:19:00:09 -0500] "GET /galeria/nivo-slider/demo/images/Banner-GAE3.jpg HTTP/1.1" 200 146354
190.27.226.12 - - [27/Dec/2014:19:00:09 -0500] "GET /galeria/nivo-slider/demo/images/porloshumedales.jpg HTTP/1.1" 200 351238
190.27.226.12 - - [27/Dec/2014:19:00:09 -0500] "GET /galeria/nivo-slider/demo/images/bolsas-08.jpg HTTP/1.1" 200 85589
190.27.226.12 - - [27/Dec/2014:19:00:10 -0500] "GET /galeria/nivo-slider/demo/images/Tingua-azul.jpg HTTP/1.1" 200 307638
190.27.226.12 - - [27/Dec/2014:19:00:10 -0500] "GET /galeria/nivo-slider/demo/images/bolsas-06.jpg HTTP/1.1" 200 90982
190.27.226.12 - - [27/Dec/2014:19:00:11 -0500] "GET /galeria/nivo-slider/demo/images/banner-redes.jpg HTTP/1.1" 200 62209
190.27.226.12 - - [27/Dec/2014:19:00:11 -0500] "GET /galeria/nivo-slider/demo/images/9Signos.jpg HTTP/1.1" 200 93040
190.27.226.12 - - [27/Dec/2014:19:00:11 -0500] "GET /galeria/nivo-slider/demo/images/banner-llantas2.jpg HTTP/1.1" 200 73153
190.27.226.12 - - [27/Dec/2014:19:00:11 -0500] "GET /galeria/nivo-slider/demo/images/banner-caballos.png HTTP/1.1" 200 389106
190.27.226.12 - - [27/Dec/2014:19:00:11 -0500] "GET /galeria/nivo-slider/demo/images/Banner-Caracol-Africano.jpg HTTP/1.1" 200 331986
190.27.226.12 - - [27/Dec/2014:19:00:11 -0500] "GET /galeria/nivo-slider/demo/scripts/jquery-1.7.1.min.js HTTP/1.1" 200 93868
190.27.226.12 - - [27/Dec/2014:19:00:13 -0500] "GET /galeria/nivo-slider/demo/images/4Simple_Slider.png HTTP/1.1" 200 11722
190.27.226.12 - - [27/Dec/2014:19:00:13 -0500] "GET /galeria/nivo-slider/themes/default/loading.gif HTTP/1.1" 200 1737
190.27.226.12 - - [27/Dec/2014:19:00:13 -0500] "GET /galeria/nivo-slider/jquery.nivo.slider.pack.js HTTP/1.1" 200 11561
190.27.226.12 - - [27/Dec/2014:19:00:14 -0500] "GET /galeria/nivo-slider/themes/default/arrows.png HTTP/1.1" 200 824
190.27.226.12 - - [27/Dec/2014:19:00:14 -0500] "GET /galeria/nivo-slider/themes/default/bullets.png HTTP/1.1" 200 1281
190.27.226.12 - - [27/Dec/2014:19:00:18 -0500] "GET /videos/Spot_CambioClimatico.flv HTTP/1.1" 200 4371917
74.86.158.107 - - [27/Dec/2014:19:00:34 -0500] "HEAD / HTTP/1.1" 302 -
190.84.185.167 - - [27/Dec/2014:19:00:48 -0500] "POST /forms/lservlet;jsessionid=ac16012b30d5663dd830421c49e39f12d6ba7eff8571.e3iSbxaKaheRe34Sa3yKbhiTahb0n6jAmljGr5XDqQLvpAe HTTP/1.1" 200 2
181.207.179.97 - - [27/Dec/2014:18:54:59 -0500] "GET /ForestMSG_SDA/channelAsync/template_word_16921318?X-Atmosphere-tracking-id=f17cfb4d-d681-53f2-2881-37493cf4d3de&X-Atmosphere-Framework=1.0.5&X-Atmosphere-Transport=long-polling&tabid=0.32671118155121803&X-Cache-Date=0&Content-Type=application/xml&_=1419724660384 HTTP/1.1" 200 8193
186.30.66.14 - - [27/Dec/2014:19:01:10 -0500] "POST /forms/lservlet;jsessionid=ac16012b30d53ea9f84bca5f42a9821692df51710c28.e3iSbxaKaheRe34Sa3yKbhiTahb0n6jAmljGr5XDqQLvpAe HTTP/1.1" 200 2
190.156.143.139 - - [27/Dec/2014:19:01:26 -0500] "POST /forms/lservlet;jsessionid=ac16012b30d52e7787fc743b4a99828fba55a1ee10d6.e3iSbxaKaheRe34Sa3yKbhiTahb0n6jAmljGr5XDqQLvpAe HTTP/1.1" 200 2
186.84.40.34 - - [27/Dec/2014:19:01:33 -0500] "POST /forms/lservlet;jsessionid=ac16012b30d5f45d3a432e774dcea183dfd7e0dcc671.e3iSbxaKaheRe34Sa3yKbhiTahb0n6jAmljGr5XDqQLvpAe HTTP/1.1" 200 2
190.85.37.17 - - [27/Dec/2014:19:01:39 -0500] "GET /BLA/boletinlegal/js/jquery.js HTTP/1.1" 200 57254
190.85.37.17 - - [27/Dec/2014:19:01:39 -0500] "GET /BLA/boletinlegal/js/jquery.scrollTo-min.js HTTP/1.1" 200 1150
190.85.37.17 - - [27/Dec/2014:19:01:39 -0500] "GET /BLA/boletinlegal/js/jquery.scrollShow.js HTTP/1.1" 200 4586
144.76.235.107 - - [27/Dec/2014:19:01:48 -0500] "GET /BLA/boletinlegal/js/jquery.js HTTP/1.1" 200 57254
144.76.235.107 - - [27/Dec/2014:19:01:48 -0500] "GET /BLA/boletinlegal/js/jquery.scrollTo-min.js HTTP/1.1" 200 1150
144.76.235.107 - - [27/Dec/2014:19:01:48 -0500] "GET /BLA/boletinlegal/js/jquery.scrollShow.js HTTP/1.1" 200 4586
190.84.185.167 - - [27/Dec/2014:18:56:11 -0500] "GET /ForestMSG_SDA/channelAsync/template_word_17193518?X-Atmosphere-tracking-id=3566bef3-cdf6-7973-2300-64dd8c7f913e&X-Atmosphere-Framework=1.0.5&X-Atmosphere-Transport=long-polling&tabid=0.8027925624046475&X-Cache-Date=0&Content-Type=application/xml&_=1419724639047 HTTP/1.1" 200 8193
66.249.73.155 - - [27/Dec/2014:19:02:28 -0500] "GET /BLA/resoluciones/RESOLUCIONES%202007/RES%202007%20301%20AL%20400/RESOLUCION%200386%20DE%202007.pdf HTTP/1.1" 200 282467
66.249.73.171 - - [27/Dec/2014:19:02:44 -0500] "GET /BLA/resoluciones/RESOLUCIONES%202006/RES%202006%20%202851-2900/00002900.tif HTTP/1.1" 200 36420
190.84.185.167 - - [27/Dec/2014:19:02:48 -0500] "POST /forms/lservlet;jsessionid=ac16012b30d5663dd830421c49e39f12d6ba7eff8571.e3iSbxaKaheRe34Sa3yKbhiTahb0n6jAmljGr5XDqQLvpAe HTTP/1.1" 200 2
186.154.84.82 - - [27/Dec/2014:18:56:50 -0500] "GET /ForestMSG_SDA/channelAsync/template_word_17192121?X-Atmosphere-tracking-id=c355da40-a8b6-a3d0-f0da-e646edad49c1&X-Atmosphere-Framework=1.0.5&X-Atmosphere-Transport=long-polling&tabid=0.9533075403887779&X-Cache-Date=0&Content-Type=application/xml&_=1419724763350 HTTP/1.1" 200 8193
68.180.229.40 - - [27/Dec/2014:19:02:51 -0500] "GET / HTTP/1.1" 302 -
66.249.73.155 - - [27/Dec/2014:19:03:06 -0500] "GET /BLA/resoluciones/AUTOS%202013/0887.pdf HTTP/1.1" 304 -
186.30.66.14 - - [27/Dec/2014:19:03:10 -0500] "POST /forms/lservlet;jsessionid=ac16012b30d53ea9f84bca5f42a9821692df51710c28.e3iSbxaKaheRe34Sa3yKbhiTahb0n6jAmljGr5XDqQLvpAe HTTP/1.1" 200 2
186.154.84.82 - - [27/Dec/2014:19:03:11 -0500] "GET /forest/documentos/1885275/2014ER114899.pdf HTTP/1.1" 200 359365
190.156.143.139 - - [27/Dec/2014:19:03:26 -0500] "POST /forms/lservlet;jsessionid=ac16012b30d52e7787fc743b4a99828fba55a1ee10d6.e3iSbxaKaheRe34Sa3yKbhiTahb0n6jAmljGr5XDqQLvpAe HTTP/1.1" 200 2
186.84.40.34 - - [27/Dec/2014:19:03:33 -0500] "POST /forms/lservlet;jsessionid=ac16012b30d5f45d3a432e774dcea183dfd7e0dcc671.e3iSbxaKaheRe34Sa3yKbhiTahb0n6jAmljGr5XDqQLvpAe HTTP/1.1" 200 2
186.154.84.82 - - [27/Dec/2014:19:04:17 -0500] "GET /forest/session.jsp?a=0.23438242659904063 HTTP/1.1" 200 4
180.76.5.145 - - [27/Dec/2014:19:04:30 -0500] "GET /BLA/resoluciones/RESOLUCIONES%202007/RES%202007%202401%20AL%202500/RESOLUCION%202488%20DE%202007.pdf HTTP/1.1" 200 387774
66.249.73.171 - - [27/Dec/2014:19:04:31 -0500] "GET /BLA/resoluciones/RESOLUCIONES%202004/RES%202004%202051-2100/00002075.tif HTTP/1.1" 200 145770
190.84.185.167 - - [27/Dec/2014:19:04:48 -0500] "POST /forms/lservlet;jsessionid=ac16012b30d5663dd830421c49e39f12d6ba7eff8571.e3iSbxaKaheRe34Sa3yKbhiTahb0n6jAmljGr5XDqQLvpAe HTTP/1.1" 200 2
186.30.66.14 - - [27/Dec/2014:19:05:10 -0500] "POST /forms/lservlet;jsessionid=ac16012b30d53ea9f84bca5f42a9821692df51710c28.e3iSbxaKaheRe34Sa3yKbhiTahb0n6jAmljGr5XDqQLvpAe HTTP/1.1" 200 2
186.154.84.82 - - [27/Dec/2014:18:59:15 -0500] "GET /ForestMSG_SDA/channelAsync/template_word_17086597?X-Atmosphere-tracking-id=68b638cf-0ca1-7fd8-5c5d-ede2ea623f75&X-Atmosphere-Framework=1.0.5&X-Atmosphere-Transport=long-polling&tabid=0.2500719840172678&X-Cache-Date=0&Content-Type=application/xml&_=1419724909211 HTTP/1.1" 200 8193
190.156.143.139 - - [27/Dec/2014:19:05:27 -0500] "POST /forms/lservlet;jsessionid=ac16012b30d52e7787fc743b4a99828fba55a1ee10d6.e3iSbxaKaheRe34Sa3yKbhiTahb0n6jAmljGr5XDqQLvpAe HTTP/1.1" 200 2
186.84.40.34 - - [27/Dec/2014:19:05:33 -0500] "POST /forms/lservlet;jsessionid=ac16012b30d5f45d3a432e774dcea183dfd7e0dcc671.e3iSbxaKaheRe34Sa3yKbhiTahb0n6jAmljGr5XDqQLvpAe HTTP/1.1" 200 2
74.86.158.107 - - [27/Dec/2014:19:05:34 -0500] "HEAD / HTTP/1.1" 302 -
190.84.185.167 - - [27/Dec/2014:19:05:50 -0500] "GET /forest/session.jsp?a=0.5917951052542776 HTTP/1.1" 200 4
180.76.6.60 - - [27/Dec/2014:19:06:07 -0500] "GET /BLA/resoluciones/RESOLUCIONES%202007/RES%202007%203301%20AL%203400/RESOLUCION%203301%20DE%202007.pdf HTTP/1.1" 200 400574
66.249.73.155 - - [27/Dec/2014:19:06:16 -0500] "GET /BLA/resoluciones/RESOLUCIONES%202008/3266.pdf HTTP/1.1" 200 251494
190.84.185.167 - - [27/Dec/2014:19:06:48 -0500] "POST /forms/lservlet;jsessionid=ac16012b30d5663dd830421c49e39f12d6ba7eff8571.e3iSbxaKaheRe34Sa3yKbhiTahb0n6jAmljGr5XDqQLvpAe HTTP/1.1" 200 2
190.24.136.214 - - [27/Dec/2014:19:06:55 -0500] "GET /galeria/carrusel/Carrusel/jquery.thumbnailScroller.js HTTP/1.1" 200 8157
190.24.136.214 - - [27/Dec/2014:19:06:55 -0500] "GET /BLA/boletinlegal/js/jquery.scrollTo-min.js HTTP/1.1" 200 1150
190.24.136.214 - - [27/Dec/2014:19:06:55 -0500] "GET /galeria/carrusel/Carrusel/jquery.thumbnailScroller.css HTTP/1.1" 200 2066
190.24.136.214 - - [27/Dec/2014:19:06:55 -0500] "GET /galeria/carrusel/Carrusel/jquery-ui-1.8.13.custom.min.js HTTP/1.1" 200 10800
190.24.136.214 - - [27/Dec/2014:19:06:55 -0500] "GET /BLA/boletinlegal/js/jquery.js HTTP/1.1" 200 57254
190.24.136.214 - - [27/Dec/2014:19:06:56 -0500] "GET /BLA/boletinlegal/js/jquery.scrollShow.js HTTP/1.1" 200 4586
190.24.136.214 - - [27/Dec/2014:19:06:57 -0500] "GET /galeria/nivo-slider/demo/demo.html HTTP/1.1" 200 3237
190.24.136.214 - - [27/Dec/2014:19:06:57 -0500] "GET /galeria/nivo-slider/demo/images/bolsas-08.jpg HTTP/1.1" 200 85589
190.24.136.214 - - [27/Dec/2014:19:06:57 -0500] "GET /galeria/nivo-slider/themes/default/default.css HTTP/1.1" 200 1569
190.24.136.214 - - [27/Dec/2014:19:06:57 -0500] "GET /galeria/nivo-slider/themes/pascal/pascal.css HTTP/1.1" 200 2258
190.24.136.214 - - [27/Dec/2014:19:06:57 -0500] "GET /galeria/nivo-slider/nivo-slider.css HTTP/1.1" 200 1507
190.24.136.214 - - [27/Dec/2014:19:06:57 -0500] "GET /galeria/nivo-slider/demo/style.css HTTP/1.1" 200 2222
190.24.136.214 - - [27/Dec/2014:19:06:57 -0500] "GET /galeria/nivo-slider/themes/orman/orman.css HTTP/1.1" 200 2152
190.24.136.214 - - [27/Dec/2014:19:06:58 -0500] "GET /galeria/nivo-slider/demo/images/Ruta-vertimientos-01.jpg HTTP/1.1" 200 130151
190.24.136.214 - - [27/Dec/2014:19:06:58 -0500] "GET /galeria/nivo-slider/demo/images/bolsas-06.jpg HTTP/1.1" 200 90982
190.24.136.214 - - [27/Dec/2014:19:06:58 -0500] "GET /galeria/nivo-slider/demo/images/ecolecta-Dic2014.png HTTP/1.1" 200 288593
190.24.136.214 - - [27/Dec/2014:19:06:58 -0500] "GET /galeria/nivo-slider/demo/images/Banner-GAE3.jpg HTTP/1.1" 200 146354
190.24.136.214 - - [27/Dec/2014:19:06:58 -0500] "GET /galeria/nivo-slider/demo/images/porloshumedales.jpg HTTP/1.1" 200 351238
190.24.136.214 - - [27/Dec/2014:19:06:58 -0500] "GET /galeria/nivo-slider/demo/images/Tingua-azul.jpg HTTP/1.1" 200 307638
190.24.136.214 - - [27/Dec/2014:19:06:58 -0500] "GET /galeria/nivo-slider/demo/images/Banner-Caracol-Africano.jpg HTTP/1.1" 200 331986
190.24.136.214 - - [27/Dec/2014:19:06:59 -0500] "GET /galeria/nivo-slider/demo/images/banner-redes.jpg HTTP/1.1" 200 62209
190.24.136.214 - - [27/Dec/2014:19:06:59 -0500] "GET /galeria/nivo-slider/demo/images/9Signos.jpg HTTP/1.1" 200 93040
190.24.136.214 - - [27/Dec/2014:19:07:00 -0500] "GET /galeria/nivo-slider/demo/images/banner-llantas2.jpg HTTP/1.1" 200 73153
190.24.136.214 - - [27/Dec/2014:19:07:01 -0500] "GET /galeria/nivo-slider/demo/images/banner-caballos.png HTTP/1.1" 200 389106
190.24.136.214 - - [27/Dec/2014:19:07:01 -0500] "GET /galeria/nivo-slider/demo/scripts/jquery-1.7.1.min.js HTTP/1.1" 200 93868
190.24.136.214 - - [27/Dec/2014:19:07:02 -0500] "GET /galeria/nivo-slider/jquery.nivo.slider.pack.js HTTP/1.1" 200 11561
190.24.136.214 - - [27/Dec/2014:19:07:02 -0500] "GET /galeria/nivo-slider/demo/images/4Simple_Slider.png HTTP/1.1" 200 11722
190.24.136.214 - - [27/Dec/2014:19:07:02 -0500] "GET /videos/Spot_CambioClimatico.flv HTTP/1.1" 200 4371917
190.24.136.214 - - [27/Dec/2014:19:07:03 -0500] "GET /galeria/nivo-slider/themes/default/loading.gif HTTP/1.1" 200 1737
190.24.136.214 - - [27/Dec/2014:19:07:05 -0500] "GET /galeria/nivo-slider/themes/default/bullets.png HTTP/1.1" 200 1281
190.24.136.214 - - [27/Dec/2014:19:07:05 -0500] "GET /galeria/nivo-slider/themes/default/arrows.png HTTP/1.1" 200 824
186.30.66.14 - - [27/Dec/2014:19:07:10 -0500] "POST /forms/lservlet;jsessionid=ac16012b30d53ea9f84bca5f42a9821692df51710c28.e3iSbxaKaheRe34Sa3yKbhiTahb0n6jAmljGr5XDqQLvpAe HTTP/1.1" 200 2
190.84.185.167 - - [27/Dec/2014:19:07:23 -0500] "GET /forest/skins/gdocs-jar/css/menu.css?version=1412.231748 HTTP/1.1" 304 -
190.84.185.167 - - [27/Dec/2014:19:07:23 -0500] "GET /forest/skins/gdocs-jar/css/forest.css?version=1412.231748 HTTP/1.1" 304 -
190.84.185.167 - - [27/Dec/2014:19:07:23 -0500] "GET /forest/css/escritorio.css?version=1412.231748 HTTP/1.1" 304 -
190.84.185.167 - - [27/Dec/2014:19:07:23 -0500] "GET /forest/skins/gdocs-jar/css/autocomplete.css?version=1412.231748 HTTP/1.1" 304 -
190.84.185.167 - - [27/Dec/2014:19:07:23 -0500] "GET /forest/css/index.css?version=1412.231748 HTTP/1.1" 304 -
190.84.185.167 - - [27/Dec/2014:19:07:23 -0500] "GET /forest/skins/gdocs-jar/css/dialog.css?version=1412.231748 HTTP/1.1" 304 -
190.84.185.167 - - [27/Dec/2014:19:07:23 -0500] "GET /forest/1ibre/jscalendar/calendar-win2k-1.css?version=1412.231748 HTTP/1.1" 304 -
190.84.185.167 - - [27/Dec/2014:19:07:23 -0500] "GET /forest/skins/gdocs-jar/css/forms.css?version=1412.231748 HTTP/1.1" 304 -
190.84.185.167 - - [27/Dec/2014:19:07:23 -0500] "GET /forest/jsoptimized/gz/js/gdocsall-1412.231748.js HTTP/1.1" 304 -
190.84.185.167 - - [27/Dec/2014:19:07:24 -0500] "GET /forest/js/json3.js HTTP/1.1" 304 -
190.84.185.167 - - [27/Dec/2014:19:07:24 -0500] "GET /forest/img/loading.gif HTTP/1.1" 304 -
190.84.185.167 - - [27/Dec/2014:19:07:24 -0500] "GET /forest/img/inicio.jpg HTTP/1.1" 304 -
190.84.185.167 - - [27/Dec/2014:19:07:24 -0500] "GET /forest/img/users/3.gif HTTP/1.1" 304 -
190.84.185.167 - - [27/Dec/2014:19:07:24 -0500] "GET /forest/img/spacer.gif HTTP/1.1" 304 -
190.84.185.167 - - [27/Dec/2014:19:07:24 -0500] "GET /forest/img/users/5.gif HTTP/1.1" 304 -
190.84.185.167 - - [27/Dec/2014:19:07:24 -0500] "GET /forest/img/users/7.gif HTTP/1.1" 304 -
190.84.185.167 - - [27/Dec/2014:19:07:24 -0500] "GET /forest/img/base/bsc2_r1_c2.gif HTTP/1.1" 304 -
190.84.185.167 - - [27/Dec/2014:19:07:24 -0500] "GET /forest/img/base/bsc2_r1_c1.gif HTTP/1.1" 304 -
190.84.185.167 - - [27/Dec/2014:19:07:24 -0500] "GET /forest/img/salir3.gif HTTP/1.1" 304 -
190.84.185.167 - - [27/Dec/2014:19:07:24 -0500] "GET /forest/img/base/bsc2_r1_c3.gif HTTP/1.1" 304 -
190.84.185.167 - - [27/Dec/2014:19:07:24 -0500] "GET /forest/skins/gdocs-jar/js/tareas.js?version=1412.231748 HTTP/1.1" 304 -
190.84.185.167 - - [27/Dec/2014:19:07:24 -0500] "GET /forest/skins/gdocs-jar/css/tree.css HTTP/1.1" 304 -
190.84.185.167 - - [27/Dec/2014:19:07:24 -0500] "GET /forest/skins/gdocs-jar/css/autocomplete.css HTTP/1.1" 304 -
190.84.185.167 - - [27/Dec/2014:19:07:24 -0500] "GET /forest/skins/gdocs-jar/js/autocompletar2.js?version=1412.231748 HTTP/1.1" 304 -
190.84.185.167 - - [27/Dec/2014:19:07:24 -0500] "GET /forest/skins/gdocs-jar/js/xml_utilities.js?version=1412.231748 HTTP/1.1" 304 -
190.84.185.167 - - [27/Dec/2014:19:07:24 -0500] "GET /forest/js/jquery/jquery-1.5.2.min.js HTTP/1.1" 304 -
190.84.185.167 - - [27/Dec/2014:19:07:24 -0500] "GET /forest/skins/gdocs-jar/js/grid.js?version=1412.231748 HTTP/1.1" 304 -
190.84.185.167 - - [27/Dec/2014:19:07:24 -0500] "GET /forest/skins/gdocs-jar/css/forms.css HTTP/1.1" 304 -
190.84.185.167 - - [27/Dec/2014:19:07:24 -0500] "GET /forest/js/jquery/jquery.atmosphere.js HTTP/1.1" 304 -
190.84.185.167 - - [27/Dec/2014:19:07:24 -0500] "GET /forest/js/usutareas-docs.js HTTP/1.1" 304 -
190.84.185.167 - - [27/Dec/2014:19:07:24 -0500] "GET /forest/js/socketConnection.js HTTP/1.1" 304 -
190.84.185.167 - - [27/Dec/2014:19:07:24 -0500] "GET /forest/skins/gdocs-jar/js/formsBase.js?version=1412.231748 HTTP/1.1" 304 -
190.84.185.167 - - [27/Dec/2014:19:07:24 -0500] "GET /forest/skins/gdocs-jar/js/swfobject.js?version=1412.231748 HTTP/1.1" 304 -
190.84.185.167 - - [27/Dec/2014:19:07:24 -0500] "GET /forest/skins/gdocs-jar/js/number-functions.js?version=1412.231748 HTTP/1.1" 304 -
190.84.185.167 - - [27/Dec/2014:19:07:24 -0500] "GET /forest/skins/gdocs-jar/js/graphicForm.js?version=1412.231748 HTTP/1.1" 304 -
190.84.185.167 - - [27/Dec/2014:19:07:24 -0500] "GET /forest/img/notify.gif HTTP/1.1" 304 -
190.84.185.167 - - [27/Dec/2014:19:07:24 -0500] "GET /forest/img/download_large.gif HTTP/1.1" 304 -
190.84.185.167 - - [27/Dec/2014:19:07:24 -0500] "GET /forest/img/buscar.jpg HTTP/1.1" 304 -
190.84.185.167 - - [27/Dec/2014:19:07:24 -0500] "GET /forest/img/ayuda.gif HTTP/1.1" 304 -
190.84.185.167 - - [27/Dec/2014:19:07:24 -0500] "GET /forest/img/pantalla.gif HTTP/1.1" 304 -
190.84.185.167 - - [27/Dec/2014:19:07:24 -0500] "GET /forest/img/asociarUser.gif HTTP/1.1" 304 -
190.84.185.167 - - [27/Dec/2014:19:07:24 -0500] "GET /forest/skins/gdocs-jar/img/vertodossubprocesos.gif HTTP/1.1" 304 -
190.84.185.167 - - [27/Dec/2014:19:07:24 -0500] "GET /forest/skins/gdocs-jar/img/print.gif HTTP/1.1" 304 -
190.84.185.167 - - [27/Dec/2014:19:07:24 -0500] "GET /forest/skins/gdocs-jar/img/comments.gif HTTP/1.1" 304 -
190.84.185.167 - - [27/Dec/2014:19:07:24 -0500] "GET /forest/skins/gdocs-jar/img/actividad2.gif HTTP/1.1" 304 -
190.84.185.167 - - [27/Dec/2014:19:07:24 -0500] "GET /forest/skins/gdocs-jar/img/desasociarUser.gif HTTP/1.1" 304 -
190.84.185.167 - - [27/Dec/2014:19:07:24 -0500] "GET /forest/skins/gdocs-jar/img/asociarUserOtraDependencia.gif HTTP/1.1" 304 -
190.84.185.167 - - [27/Dec/2014:19:07:24 -0500] "GET /forest/img/buscar_documentos.gif HTTP/1.1" 304 -
190.84.185.167 - - [27/Dec/2014:19:07:24 -0500] "GET /forest/img/buscar_procesos.gif HTTP/1.1" 304 -
190.84.185.167 - - [27/Dec/2014:19:07:24 -0500] "GET /forest/img/fondo-barra.gif HTTP/1.1" 304 -
190.84.185.167 - - [27/Dec/2014:19:07:24 -0500] "GET /forest/skins/gdocs-jar/img/ok.gif HTTP/1.1" 304 -
190.84.185.167 - - [27/Dec/2014:19:07:24 -0500] "GET /forest/skins/gdocs-jar/img/pencil.png HTTP/1.1" 304 -
190.84.185.167 - - [27/Dec/2014:19:07:24 -0500] "GET /forest/skins/gdocs-jar/img/upload_file_icon.gif HTTP/1.1" 304 -
190.84.185.167 - - [27/Dec/2014:19:07:24 -0500] "GET /forest/skins/gdocs-jar/img/clip.gif HTTP/1.1" 304 -
190.84.185.167 - - [27/Dec/2014:19:07:24 -0500] "GET /forest/skins/gdocs-jar/img/alert.gif HTTP/1.1" 304 -
190.84.185.167 - - [27/Dec/2014:19:02:11 -0500] "GET /ForestMSG_SDA/channelAsync/template_word_17193518?X-Atmosphere-tracking-id=3566bef3-cdf6-7973-2300-64dd8c7f913e&X-Atmosphere-Framework=1.0.5&X-Atmosphere-Transport=long-polling&tabid=0.8027925624046475&X-Cache-Date=0&Content-Type=application/xml&_=1419724999071 HTTP/1.1" 200 8193
190.84.185.167 - - [27/Dec/2014:19:07:24 -0500] "GET /forest/skins/gdocs-jar/img/control-double.png HTTP/1.1" 304 -
190.84.185.167 - - [27/Dec/2014:19:07:24 -0500] "GET /forest/skins/gdocs-jar/img/disk.png HTTP/1.1" 304 -
190.84.185.167 - - [27/Dec/2014:19:07:24 -0500] "GET /forest/skins/gdocs-jar/img/close.gif HTTP/1.1" 304 -
190.84.185.167 - - [27/Dec/2014:19:07:24 -0500] "GET /forest/skins/gdocs-jar/img/plus.gif HTTP/1.1" 304 -
190.84.185.167 - - [27/Dec/2014:19:07:24 -0500] "GET /forest/skins/gdocs-jar/img/cancel.gif HTTP/1.1" 304 -
190.84.185.167 - - [27/Dec/2014:19:07:24 -0500] "GET /forest/skins/gdocs-jar/img/okey.gif HTTP/1.1" 304 -
190.84.185.167 - - [27/Dec/2014:19:07:24 -0500] "GET /forest/skins/gdocs-jar/img/minus.png HTTP/1.1" 304 -
190.84.185.167 - - [27/Dec/2014:19:07:24 -0500] "GET /forest/skins/gdocs-jar/img/edit2.gif HTTP/1.1" 304 -
190.84.185.167 - - [27/Dec/2014:19:07:22 -0500] "GET /forest/usutareas.do?group_system_actual=3&a=0.534710432169959 HTTP/1.1" 200 259382
190.84.185.167 - - [27/Dec/2014:19:07:24 -0500] "GET /forest/skins/gdocs-jar/img/prev.gif HTTP/1.1" 304 -
190.84.185.167 - - [27/Dec/2014:19:07:24 -0500] "GET /forest/skins/gdocs-jar/img/spacer.gif HTTP/1.1" 304 -
190.84.185.167 - - [27/Dec/2014:19:07:24 -0500] "GET /forest/skins/gdocs-jar/img/icons/pdf.gif HTTP/1.1" 304 -
190.84.185.167 - - [27/Dec/2014:19:07:24 -0500] "GET /forest/img/mplogo.gif HTTP/1.1" 304 -
190.84.185.167 - - [27/Dec/2014:19:07:24 -0500] "GET /forest/img/close.gif HTTP/1.1" 304 -
190.84.185.167 - - [27/Dec/2014:19:07:24 -0500] "GET /forest/1ibre/1ibre.css HTTP/1.1" 304 -
190.84.185.167 - - [27/Dec/2014:19:07:24 -0500] "GET /forest/session.jsp?a=0.010759826749563217 HTTP/1.1" 200 4
190.84.185.167 - - [27/Dec/2014:19:07:25 -0500] "GET /forest/actions/forms.getList?codForm=Anexo4&id=p300 HTTP/1.1" 200 136
190.84.185.167 - - [27/Dec/2014:19:07:25 -0500] "GET /forest/actions/forms.getList?codForm=Anexo4&id=p312 HTTP/1.1" 200 88
190.84.185.167 - - [27/Dec/2014:19:07:25 -0500] "GET /forest/actions/forms.getList?codForm=Anexo4&id=p368 HTTP/1.1" 200 209
190.84.185.167 - - [27/Dec/2014:19:07:25 -0500] "GET /forest/img/forestIcon.gif?version=1412.231748 HTTP/1.1" 304 -
190.156.143.139 - - [27/Dec/2014:19:07:27 -0500] "POST /forms/lservlet;jsessionid=ac16012b30d52e7787fc743b4a99828fba55a1ee10d6.e3iSbxaKaheRe34Sa3yKbhiTahb0n6jAmljGr5XDqQLvpAe HTTP/1.1" 200 2
186.84.40.34 - - [27/Dec/2014:19:07:33 -0500] "POST /forms/lservlet;jsessionid=ac16012b30d5f45d3a432e774dcea183dfd7e0dcc671.e3iSbxaKaheRe34Sa3yKbhiTahb0n6jAmljGr5XDqQLvpAe HTTP/1.1" 200 2
190.84.185.167 - - [27/Dec/2014:19:07:49 -0500] "POST /forest/actions/forms.sendFile HTTP/1.1" 200 111
190.84.185.167 - - [27/Dec/2014:19:08:09 -0500] "POST /forest/usutareas.do? HTTP/1.1" 200 76
190.84.185.167 - - [27/Dec/2014:19:08:11 -0500] "GET /forest/usutareas.do?group_system_actual=3&a=0.743281536269933 HTTP/1.1" 200 150382
190.84.185.167 - - [27/Dec/2014:19:08:13 -0500] "GET /forest/session.jsp?a=0.9872187811415642 HTTP/1.1" 200 4
190.84.185.167 - - [27/Dec/2014:19:08:13 -0500] "GET /forest/actions/forms.getMappedValues?id=NUMTER45&value=51559212&codForm=contec&a=0.5567959256004542 HTTP/1.1" 200 136
66.249.73.171 - - [27/Dec/2014:19:08:15 -0500] "GET /BLA/resoluciones/AUTOS%202007/0781.pdf HTTP/1.1" 304 -
190.84.185.167 - - [27/Dec/2014:19:08:26 -0500] "GET /forest/actions/forms.getMappedValues?id=localidadvisita402&value=9&codForm=contec&a=0.5576410393696278 HTTP/1.1" 200 23
36.81.78.215 - - [27/Dec/2014:19:08:30 -0500] "PUT /indonesia.htm HTTP/1.1" 405 938
190.84.185.167 - - [27/Dec/2014:19:08:36 -0500] "GET /forest/actions/forms.getMappedValues?id=localidadvisita402&value=9&codForm=contec&a=0.7729403560515493 HTTP/1.1" 200 23
190.84.185.167 - - [27/Dec/2014:19:08:39 -0500] "GET /forest/skins/gdocs-jar/popup/showReport.jsp?idr=524&proceso=2953006&__format=pdf&contec=1419724994001&_a=0.9777338937856257 HTTP/1.1" 200 618169
190.84.185.167 - - [27/Dec/2014:19:08:48 -0500] "POST /forms/lservlet;jsessionid=ac16012b30d5663dd830421c49e39f12d6ba7eff8571.e3iSbxaKaheRe34Sa3yKbhiTahb0n6jAmljGr5XDqQLvpAe HTTP/1.1" 200 2
186.30.66.14 - - [27/Dec/2014:19:09:10 -0500] "POST /forms/lservlet;jsessionid=ac16012b30d53ea9f84bca5f42a9821692df51710c28.e3iSbxaKaheRe34Sa3yKbhiTahb0n6jAmljGr5XDqQLvpAe HTTP/1.1" 200 2
186.154.84.82 - - [27/Dec/2014:19:09:18 -0500] "GET /forest/session.jsp?a=0.9431522216182202 HTTP/1.1" 200 4
66.249.73.171 - - [27/Dec/2014:19:09:18 -0500] "GET /Anexos%20estudio%20Organizacional%20SDA/index.php?dir=ANEXO+No.+1-+NORMAS+LEGALES+DE+ESTRUCTURA+Y+PLANTA%2FDecreto+631+de+2007-+Modifica+planta+de+SDA.jsp_files%2F HTTP/1.1" 200 10093
66.249.73.163 - - [27/Dec/2014:19:09:25 -0500] "GET /BLA/resoluciones/RESOLUCIONES%202010/2277.pdf HTTP/1.1" 200 350546
190.156.143.139 - - [27/Dec/2014:19:09:27 -0500] "POST /forms/lservlet;jsessionid=ac16012b30d52e7787fc743b4a99828fba55a1ee10d6.e3iSbxaKaheRe34Sa3yKbhiTahb0n6jAmljGr5XDqQLvpAe HTTP/1.1" 200 2
190.84.185.167 - - [27/Dec/2014:19:09:33 -0500] "GET /forest/actions/forms.getList?codForm=contec&id=funcionariodest228&text=Johanna%20Gonzalez%20Rodriguez HTTP/1.1" 200 66
186.84.40.34 - - [27/Dec/2014:19:09:33 -0500] "POST /forms/lservlet;jsessionid=ac16012b30d5f45d3a432e774dcea183dfd7e0dcc671.e3iSbxaKaheRe34Sa3yKbhiTahb0n6jAmljGr5XDqQLvpAe HTTP/1.1" 200 2
190.84.185.167 - - [27/Dec/2014:19:09:35 -0500] "GET /forest/actions/forms.getList?codForm=contec&id=funcionariodest228&text= HTTP/1.1" 200 1125
190.84.185.167 - - [27/Dec/2014:19:09:36 -0500] "GET /forest/actions/forms.getList?codForm=contec&id=funcionariodest228&text=j HTTP/1.1" 200 1171
190.84.185.167 - - [27/Dec/2014:19:09:36 -0500] "GET /forest/actions/forms.getList?codForm=contec&id=funcionariodest228&text=jo HTTP/1.1" 200 1121
190.84.185.167 - - [27/Dec/2014:19:09:36 -0500] "GET /forest/actions/forms.getList?codForm=contec&id=funcionariodest228&text=jos HTTP/1.1" 200 1154
190.84.185.167 - - [27/Dec/2014:19:09:37 -0500] "GET /forest/actions/forms.getList?codForm=contec&id=funcionariodest228&text=jose HTTP/1.1" 200 1141
190.84.185.167 - - [27/Dec/2014:19:09:37 -0500] "GET /forest/actions/forms.getList?codForm=contec&id=funcionariodest228&text=jose%20 HTTP/1.1" 200 1154
190.84.185.167 - - [27/Dec/2014:19:09:38 -0500] "GET /forest/actions/forms.getList?codForm=contec&id=funcionariodest228&text=jose%20h HTTP/1.1" 200 806
190.84.185.167 - - [27/Dec/2014:19:09:38 -0500] "GET /forest/actions/forms.getList?codForm=contec&id=funcionariodest228&text=jose%20hu HTTP/1.1" 200 215
190.84.185.167 - - [27/Dec/2014:19:09:38 -0500] "GET /forest/actions/forms.getList?codForm=contec&id=funcionariodest228&text=jose%20hum HTTP/1.1" 200 170
66.249.73.171 - - [27/Dec/2014:19:09:57 -0500] "GET /BLA/resoluciones/RESOLUCIONES%202008/4449.pdf HTTP/1.1" 200 215369
66.249.73.171 - - [27/Dec/2014:19:10:00 -0500] "GET /BLA/resoluciones/AUTOS%202008/0395.pdf HTTP/1.1" 304 -
50.164.208.24 - - [27/Dec/2014:19:10:14 -0500] "PUT /webdav/shell.php HTTP/1.1" 405 938
180.76.6.136 - - [27/Dec/2014:19:10:21 -0500] "GET /BLA/resoluciones/AUTOS%202013/0890.pdf HTTP/1.1" 200 1862812
190.84.185.167 - - [27/Dec/2014:19:10:18 -0500] "POST /forest/usutareas.do? HTTP/1.1" 200 76
190.84.185.167 - - [27/Dec/2014:19:10:29 -0500] "GET /forest/usutareas.do?group_system_actual=3&a=0.13268356444314122 HTTP/1.1" 200 19540
190.84.185.167 - - [27/Dec/2014:19:10:29 -0500] "GET /forest/session.jsp?a=0.7790317544713616 HTTP/1.1" 200 4
190.84.185.167 - - [27/Dec/2014:19:10:31 -0500] "GET /forest/index2.jsp?_a=0.12463225796818733 HTTP/1.1" 200 143162
190.84.185.167 - - [27/Dec/2014:19:10:32 -0500] "GET /forest/session.jsp?a=0.3084034959319979 HTTP/1.1" 200 4
74.86.158.107 - - [27/Dec/2014:19:10:34 -0500] "HEAD / HTTP/1.1" 302 -
190.84.185.167 - - [27/Dec/2014:19:10:48 -0500] "POST /forms/lservlet;jsessionid=ac16012b30d5663dd830421c49e39f12d6ba7eff8571.e3iSbxaKaheRe34Sa3yKbhiTahb0n6jAmljGr5XDqQLvpAe HTTP/1.1" 200 2
