186.30.66.14 - - [27/Dec/2014:19:11:11 -0500] "POST /forms/lservlet;jsessionid=ac16012b30d53ea9f84bca5f42a9821692df51710c28.e3iSbxaKaheRe34Sa3yKbhiTahb0n6jAmljGr5XDqQLvpAe HTTP/1.1" 200 2
186.154.84.82 - - [27/Dec/2014:19:05:16 -0500] "GET /ForestMSG_SDA/channelAsync/template_word_17086597?X-Atmosphere-tracking-id=68b638cf-0ca1-7fd8-5c5d-ede2ea623f75&X-Atmosphere-Framework=1.0.5&X-Atmosphere-Transport=long-polling&tabid=0.2500719840172678&X-Cache-Date=0&Content-Type=application/xml&_=1419725270271 HTTP/1.1" 200 8193
186.154.84.82 - - [27/Dec/2014:19:11:20 -0500] "GET /forest/skins/gdocs-jar/popup/escritorio/subirborrador.jsp?form=revctvertimientos&codTpl=&codBorr=517760&a=0.16767855267971754 HTTP/1.1" 200 23292
186.154.84.82 - - [27/Dec/2014:19:11:20 -0500] "GET /forest/json.do?query=borradoresByTpls&codInst=2998532&codTare=2993&firma=0&a=0.9794625877402723 HTTP/1.1" 200 184
186.154.84.82 - - [27/Dec/2014:19:11:21 -0500] "GET /forest/json.do?query=plantillasByTarea&codTare=2993&codInst=2998532&firma=0&a=0.7498358841985464 HTTP/1.1" 200 131
186.154.84.82 - - [27/Dec/2014:19:11:21 -0500] "GET /forest/json.do?query=terceroById&numTer=899999061-9%20SDIS&a=0.9560273308306932 HTTP/1.1" 200 744
186.154.84.82 - - [27/Dec/2014:19:11:21 -0500] "GET /forest/json.do?query=datosBorradorByCodTraBorr&codTraBorr=1530206&a=0.6387235873844475 HTTP/1.1" 200 180
186.154.84.82 - - [27/Dec/2014:19:11:21 -0500] "GET /forest/json.do?query=ultimoBorradorByTpl&codTpl=2085&codInst=2998532&a=0.06042427895590663 HTTP/1.1" 200 20
186.154.84.82 - - [27/Dec/2014:19:11:21 -0500] "GET /forest/json.do?query=adjuntosByBorrador&codTraBorr=1530206&a=0.554212978342548 HTTP/1.1" 200 2
190.156.143.139 - - [27/Dec/2014:19:11:28 -0500] "POST /forms/lservlet;jsessionid=ac16012b30d52e7787fc743b4a99828fba55a1ee10d6.e3iSbxaKaheRe34Sa3yKbhiTahb0n6jAmljGr5XDqQLvpAe HTTP/1.1" 200 2
186.84.40.34 - - [27/Dec/2014:19:11:33 -0500] "POST /forms/lservlet;jsessionid=ac16012b30d5f45d3a432e774dcea183dfd7e0dcc671.e3iSbxaKaheRe34Sa3yKbhiTahb0n6jAmljGr5XDqQLvpAe HTTP/1.1" 200 2
181.207.179.97 - - [27/Dec/2014:19:11:37 -0500] "GET /galeria/nivo-slider/demo/images/bolsas-08.jpg HTTP/1.1" 200 85589
181.207.179.97 - - [27/Dec/2014:19:11:37 -0500] "GET /galeria/nivo-slider/demo/images/Ruta-vertimientos-01.jpg HTTP/1.1" 206 1
181.207.179.97 - - [27/Dec/2014:19:11:37 -0500] "GET /galeria/nivo-slider/demo/images/bolsas-06.jpg HTTP/1.1" 206 1
181.207.179.97 - - [27/Dec/2014:19:11:38 -0500] "GET /galeria/nivo-slider/demo/images/Banner-GAE3.jpg HTTP/1.1" 200 146354
181.207.179.97 - - [27/Dec/2014:19:11:38 -0500] "GET /galeria/nivo-slider/demo/images/Ruta-vertimientos-01.jpg HTTP/1.1" 206 122038
181.207.179.97 - - [27/Dec/2014:19:11:38 -0500] "GET /galeria/nivo-slider/demo/images/bolsas-06.jpg HTTP/1.1" 206 41254
180.76.5.64 - - [27/Dec/2014:19:12:32 -0500] "GET /BLA/resoluciones/RESOLUCIONES%202010/5956.pdf HTTP/1.1" 200 70914
66.249.73.155 - - [27/Dec/2014:19:12:35 -0500] "GET /BLA/resoluciones/RESOLUCIONES%202010/3536.pdf HTTP/1.1" 200 501763
190.84.185.167 - - [27/Dec/2014:19:12:48 -0500] "POST /forms/lservlet;jsessionid=ac16012b30d5663dd830421c49e39f12d6ba7eff8571.e3iSbxaKaheRe34Sa3yKbhiTahb0n6jAmljGr5XDqQLvpAe HTTP/1.1" 200 2
186.30.66.14 - - [27/Dec/2014:19:13:11 -0500] "POST /forms/lservlet;jsessionid=ac16012b30d53ea9f84bca5f42a9821692df51710c28.e3iSbxaKaheRe34Sa3yKbhiTahb0n6jAmljGr5XDqQLvpAe HTTP/1.1" 200 2
186.154.84.82 - - [27/Dec/2014:19:13:19 -0500] "GET /forest/skins/gdocs-jar/popup/escritorio/subirborrador.jsp?form=revctvertimientos&codTpl=&codBorr=517760&a=0.018169646617025137 HTTP/1.1" 200 23292
186.154.84.82 - - [27/Dec/2014:19:13:20 -0500] "GET /forest/json.do?query=borradoresByTpls&codInst=2998532&codTare=2993&firma=0&a=0.8172354970593005 HTTP/1.1" 200 184
186.154.84.82 - - [27/Dec/2014:19:13:20 -0500] "GET /forest/json.do?query=plantillasByTarea&codTare=2993&codInst=2998532&firma=0&a=0.2529529691673815 HTTP/1.1" 200 131
186.154.84.82 - - [27/Dec/2014:19:13:20 -0500] "GET /forest/json.do?query=terceroById&numTer=899999061-9%20SDIS&a=0.2908634580671787 HTTP/1.1" 200 744
186.154.84.82 - - [27/Dec/2014:19:13:20 -0500] "GET /forest/json.do?query=datosBorradorByCodTraBorr&codTraBorr=1530206&a=0.010806172620505095 HTTP/1.1" 200 180
186.154.84.82 - - [27/Dec/2014:19:13:20 -0500] "GET /forest/json.do?query=adjuntosByBorrador&codTraBorr=1530206&a=0.48839096212759614 HTTP/1.1" 200 2
186.154.84.82 - - [27/Dec/2014:19:13:20 -0500] "GET /forest/json.do?query=ultimoBorradorByTpl&codTpl=2085&codInst=2998532&a=0.31806478765793145 HTTP/1.1" 200 20
190.84.185.167 - - [27/Dec/2014:19:07:24 -0500] "GET /ForestMSG_SDA/channelAsync/template_word_17193518?X-Atmosphere-tracking-id=79ffff7a-c53d-ee58-ee56-6b0a973e9e56&X-Atmosphere-Framework=1.0.5&X-Atmosphere-Transport=long-polling&tabid=0.18012826843187213&X-Cache-Date=0&Content-Type=application/xml&_=1419725311607 HTTP/1.1" 200 8193
190.156.143.139 - - [27/Dec/2014:19:13:28 -0500] "POST /forms/lservlet;jsessionid=ac16012b30d52e7787fc743b4a99828fba55a1ee10d6.e3iSbxaKaheRe34Sa3yKbhiTahb0n6jAmljGr5XDqQLvpAe HTTP/1.1" 200 2
186.84.40.34 - - [27/Dec/2014:19:13:33 -0500] "POST /forms/lservlet;jsessionid=ac16012b30d5f45d3a432e774dcea183dfd7e0dcc671.e3iSbxaKaheRe34Sa3yKbhiTahb0n6jAmljGr5XDqQLvpAe HTTP/1.1" 200 2
66.249.73.155 - - [27/Dec/2014:19:14:05 -0500] "GET /BLA/resoluciones/RESOLUCIONES%202013/1558.pdf HTTP/1.1" 304 -
186.154.84.82 - - [27/Dec/2014:19:14:18 -0500] "GET /forest/session.jsp?a=0.9405636861920357 HTTP/1.1" 200 4
190.84.185.167 - - [27/Dec/2014:19:14:48 -0500] "POST /forms/lservlet;jsessionid=ac16012b30d5663dd830421c49e39f12d6ba7eff8571.e3iSbxaKaheRe34Sa3yKbhiTahb0n6jAmljGr5XDqQLvpAe HTTP/1.1" 200 2
186.30.66.14 - - [27/Dec/2014:19:15:11 -0500] "POST /forms/lservlet;jsessionid=ac16012b30d53ea9f84bca5f42a9821692df51710c28.e3iSbxaKaheRe34Sa3yKbhiTahb0n6jAmljGr5XDqQLvpAe HTTP/1.1" 200 2
190.156.143.139 - - [27/Dec/2014:19:15:28 -0500] "POST /forms/lservlet;jsessionid=ac16012b30d52e7787fc743b4a99828fba55a1ee10d6.e3iSbxaKaheRe34Sa3yKbhiTahb0n6jAmljGr5XDqQLvpAe HTTP/1.1" 200 2
190.84.185.167 - - [27/Dec/2014:19:15:33 -0500] "GET /forest/session.jsp?a=0.42238851613365114 HTTP/1.1" 200 4
186.84.40.34 - - [27/Dec/2014:19:15:34 -0500] "POST /forms/lservlet;jsessionid=ac16012b30d5f45d3a432e774dcea183dfd7e0dcc671.e3iSbxaKaheRe34Sa3yKbhiTahb0n6jAmljGr5XDqQLvpAe HTTP/1.1" 200 2
74.86.158.107 - - [27/Dec/2014:19:15:34 -0500] "HEAD / HTTP/1.1" 302 -
66.249.73.155 - - [27/Dec/2014:19:15:44 -0500] "GET /BLA/resoluciones/RESOLUCIONES%202007/RES%202007%201401%20AL%201500/RESOLUCION%201459%20%20DE%202007.pdf HTTP/1.1" 200 741076
186.154.84.82 - - [27/Dec/2014:19:16:07 -0500] "GET /forest/skins/gdocs-jar/css/forest.css?version=1412.231748 HTTP/1.1" 304 -
186.154.84.82 - - [27/Dec/2014:19:16:07 -0500] "GET /forest/skins/gdocs-jar/css/menu.css?version=1412.231748 HTTP/1.1" 304 -
186.154.84.82 - - [27/Dec/2014:19:16:07 -0500] "GET /forest/skins/gdocs-jar/css/autocomplete.css?version=1412.231748 HTTP/1.1" 304 -
186.154.84.82 - - [27/Dec/2014:19:16:07 -0500] "GET /forest/css/escritorio.css?version=1412.231748 HTTP/1.1" 304 -
186.154.84.82 - - [27/Dec/2014:19:16:07 -0500] "GET /forest/css/index.css?version=1412.231748 HTTP/1.1" 304 -
186.154.84.82 - - [27/Dec/2014:19:16:08 -0500] "GET /forest/1ibre/jscalendar/calendar-win2k-1.css?version=1412.231748 HTTP/1.1" 304 -
186.154.84.82 - - [27/Dec/2014:19:16:08 -0500] "GET /forest/skins/gdocs-jar/css/dialog.css?version=1412.231748 HTTP/1.1" 304 -
186.154.84.82 - - [27/Dec/2014:19:16:08 -0500] "GET /forest/skins/gdocs-jar/css/forms.css?version=1412.231748 HTTP/1.1" 304 -
186.154.84.82 - - [27/Dec/2014:19:16:08 -0500] "GET /forest/jsoptimized/gz/js/gdocsall-1412.231748.js HTTP/1.1" 304 -
186.154.84.82 - - [27/Dec/2014:19:16:08 -0500] "GET /forest/js/json3.js HTTP/1.1" 304 -
186.154.84.82 - - [27/Dec/2014:19:16:08 -0500] "GET /forest/img/loading.gif HTTP/1.1" 304 -
186.154.84.82 - - [27/Dec/2014:19:16:08 -0500] "GET /forest/img/spacer.gif HTTP/1.1" 304 -
186.154.84.82 - - [27/Dec/2014:19:16:08 -0500] "GET /forest/img/inicio.jpg HTTP/1.1" 304 -
186.154.84.82 - - [27/Dec/2014:19:16:08 -0500] "GET /forest/img/users/3.gif HTTP/1.1" 304 -
186.154.84.82 - - [27/Dec/2014:19:16:08 -0500] "GET /forest/img/users/5.gif HTTP/1.1" 304 -
186.154.84.82 - - [27/Dec/2014:19:16:08 -0500] "GET /forest/img/users/7.gif HTTP/1.1" 304 -
186.154.84.82 - - [27/Dec/2014:19:16:08 -0500] "GET /forest/img/base/bsc2_r1_c1.gif HTTP/1.1" 304 -
186.154.84.82 - - [27/Dec/2014:19:16:08 -0500] "GET /forest/img/base/bsc2_r1_c2.gif HTTP/1.1" 304 -
186.154.84.82 - - [27/Dec/2014:19:16:08 -0500] "GET /forest/img/base/bsc2_r1_c3.gif HTTP/1.1" 304 -
186.154.84.82 - - [27/Dec/2014:19:16:08 -0500] "GET /forest/img/salir3.gif HTTP/1.1" 304 -
186.154.84.82 - - [27/Dec/2014:19:16:08 -0500] "GET /forest/img/buscar.jpg HTTP/1.1" 304 -
186.154.84.82 - - [27/Dec/2014:19:16:08 -0500] "GET /forest/img/notify.gif HTTP/1.1" 304 -
186.154.84.82 - - [27/Dec/2014:19:16:08 -0500] "GET /forest/img/pantalla.gif HTTP/1.1" 304 -
186.154.84.82 - - [27/Dec/2014:19:16:08 -0500] "GET /forest/img/download_large.gif HTTP/1.1" 304 -
186.154.84.82 - - [27/Dec/2014:19:16:08 -0500] "GET /forest/img/ayuda.gif HTTP/1.1" 304 -
186.154.84.82 - - [27/Dec/2014:19:16:08 -0500] "GET /forest/img/buscar_documentos.gif HTTP/1.1" 304 -
186.154.84.82 - - [27/Dec/2014:19:16:08 -0500] "GET /forest/skins/gdocs-jar/css/autocomplete.css HTTP/1.1" 304 -
186.154.84.82 - - [27/Dec/2014:19:16:08 -0500] "GET /forest/skins/gdocs-jar/css/tree.css HTTP/1.1" 304 -
186.154.84.82 - - [27/Dec/2014:19:16:08 -0500] "GET /forest/skins/gdocs-jar/css/forms.css HTTP/1.1" 304 -
186.154.84.82 - - [27/Dec/2014:19:16:08 -0500] "GET /forest/skins/gdocs-jar/js/tareas.js?version=1412.231748 HTTP/1.1" 304 -
186.154.84.82 - - [27/Dec/2014:19:16:09 -0500] "GET /forest/skins/gdocs-jar/js/autocompletar2.js?version=1412.231748 HTTP/1.1" 304 -
186.154.84.82 - - [27/Dec/2014:19:16:09 -0500] "GET /forest/skins/gdocs-jar/js/xml_utilities.js?version=1412.231748 HTTP/1.1" 304 -
186.154.84.82 - - [27/Dec/2014:19:16:09 -0500] "GET /forest/skins/gdocs-jar/js/grid.js?version=1412.231748 HTTP/1.1" 304 -
186.154.84.82 - - [27/Dec/2014:19:16:09 -0500] "GET /forest/js/usutareas-docs.js HTTP/1.1" 304 -
186.154.84.82 - - [27/Dec/2014:19:16:09 -0500] "GET /forest/js/jquery/jquery-1.5.2.min.js HTTP/1.1" 304 -
186.154.84.82 - - [27/Dec/2014:19:16:09 -0500] "GET /forest/js/jquery/jquery.atmosphere.js HTTP/1.1" 304 -
186.154.84.82 - - [27/Dec/2014:19:16:06 -0500] "GET /forest/usutareas.do?_a=0.3689379489514977&group_system_actual=3 HTTP/1.1" 200 118696
186.154.84.82 - - [27/Dec/2014:19:16:09 -0500] "GET /forest/js/socketConnection.js HTTP/1.1" 304 -
186.154.84.82 - - [27/Dec/2014:19:16:09 -0500] "GET /forest/skins/gdocs-jar/js/number-functions.js?version=1412.231748 HTTP/1.1" 304 -
186.154.84.82 - - [27/Dec/2014:19:16:09 -0500] "GET /forest/skins/gdocs-jar/js/formsBase.js?version=1412.231748 HTTP/1.1" 304 -
186.154.84.82 - - [27/Dec/2014:19:16:09 -0500] "GET /forest/skins/gdocs-jar/js/swfobject.js?version=1412.231748 HTTP/1.1" 304 -
186.154.84.82 - - [27/Dec/2014:19:16:09 -0500] "GET /forest/skins/gdocs-jar/js/graphicForm.js?version=1412.231748 HTTP/1.1" 304 -
186.154.84.82 - - [27/Dec/2014:19:16:09 -0500] "GET /forest/skins/gdocs-jar/img/actividad2.gif HTTP/1.1" 304 -
186.154.84.82 - - [27/Dec/2014:19:11:17 -0500] "GET /ForestMSG_SDA/channelAsync/template_word_17086597?X-Atmosphere-tracking-id=68b638cf-0ca1-7fd8-5c5d-ede2ea623f75&X-Atmosphere-Framework=1.0.5&X-Atmosphere-Transport=long-polling&tabid=0.2500719840172678&X-Cache-Date=0&Content-Type=application/xml&_=1419725630385 HTTP/1.1" 200 8193
186.154.84.82 - - [27/Dec/2014:19:16:09 -0500] "GET /forest/skins/gdocs-jar/img/clip.gif HTTP/1.1" 304 -
186.154.84.82 - - [27/Dec/2014:19:16:09 -0500] "GET /forest/img/asociarUser.gif HTTP/1.1" 304 -
186.154.84.82 - - [27/Dec/2014:19:16:09 -0500] "GET /forest/skins/gdocs-jar/img/asociarUserOtraDependencia.gif HTTP/1.1" 304 -
186.154.84.82 - - [27/Dec/2014:19:16:09 -0500] "GET /forest/skins/gdocs-jar/img/print.gif HTTP/1.1" 304 -
186.154.84.82 - - [27/Dec/2014:19:16:09 -0500] "GET /forest/skins/gdocs-jar/img/desasociarUser.gif HTTP/1.1" 304 -
186.154.84.82 - - [27/Dec/2014:19:16:09 -0500] "GET /forest/skins/gdocs-jar/img/comments.gif HTTP/1.1" 304 -
186.154.84.82 - - [27/Dec/2014:19:16:09 -0500] "GET /forest/skins/gdocs-jar/img/vertodossubprocesos.gif HTTP/1.1" 304 -
186.154.84.82 - - [27/Dec/2014:19:16:09 -0500] "GET /forest/skins/gdocs-jar/img/bola.gif HTTP/1.1" 304 -
186.154.84.82 - - [27/Dec/2014:19:16:09 -0500] "GET /forest/img/buscar_procesos.gif HTTP/1.1" 304 -
186.154.84.82 - - [27/Dec/2014:19:16:09 -0500] "GET /forest/img/fondo-barra.gif HTTP/1.1" 304 -
186.154.84.82 - - [27/Dec/2014:19:16:09 -0500] "GET /forest/skins/gdocs-jar/img/ok.gif HTTP/1.1" 304 -
186.154.84.82 - - [27/Dec/2014:19:16:09 -0500] "GET /forest/skins/gdocs-jar/img/alert.gif HTTP/1.1" 304 -
186.154.84.82 - - [27/Dec/2014:19:16:09 -0500] "GET /forest/skins/gdocs-jar/img/disk.png HTTP/1.1" 304 -
186.154.84.82 - - [27/Dec/2014:19:16:09 -0500] "GET /forest/skins/gdocs-jar/img/control-double.png HTTP/1.1" 304 -
186.154.84.82 - - [27/Dec/2014:19:16:09 -0500] "GET /forest/skins/gdocs-jar/img/close.gif HTTP/1.1" 304 -
186.154.84.82 - - [27/Dec/2014:19:16:10 -0500] "GET /forest/skins/gdocs-jar/img/icons/pdf.gif HTTP/1.1" 304 -
186.154.84.82 - - [27/Dec/2014:19:16:10 -0500] "GET /forest/skins/gdocs-jar/img/spacer.gif HTTP/1.1" 304 -
186.154.84.82 - - [27/Dec/2014:19:16:10 -0500] "GET /forest/skins/gdocs-jar/img/prev.gif HTTP/1.1" 304 -
186.154.84.82 - - [27/Dec/2014:19:16:10 -0500] "GET /forest/skins/gdocs-jar/img/okey.gif HTTP/1.1" 304 -
186.154.84.82 - - [27/Dec/2014:19:16:10 -0500] "GET /forest/img/mplogo.gif HTTP/1.1" 304 -
186.154.84.82 - - [27/Dec/2014:19:16:10 -0500] "GET /forest/skins/gdocs-jar/img/cancel.gif HTTP/1.1" 304 -
186.154.84.82 - - [27/Dec/2014:19:16:10 -0500] "GET /forest/img/close.gif HTTP/1.1" 304 -
186.154.84.82 - - [27/Dec/2014:19:16:10 -0500] "GET /forest/1ibre/1ibre.css HTTP/1.1" 304 -
186.154.84.82 - - [27/Dec/2014:19:16:10 -0500] "GET /forest/session.jsp?a=0.9103404739871621 HTTP/1.1" 200 4
186.154.84.82 - - [27/Dec/2014:19:16:10 -0500] "GET /forest/img/forestIcon.gif?version=1412.231748 HTTP/1.1" 304 -
186.154.84.82 - - [27/Dec/2014:19:16:13 -0500] "GET /forest/borrador/1530206/Registro%20de%20vertimientos.docx HTTP/1.1" 200 98089
186.84.20.27 - - [27/Dec/2014:19:16:14 -0500] "GET /galeria/nivo-slider/demo/demo.html HTTP/1.1" 200 3237
186.84.20.27 - - [27/Dec/2014:19:16:15 -0500] "GET /galeria/nivo-slider/demo/images/Ruta-vertimientos-01.jpg HTTP/1.1" 200 130151
186.84.20.27 - - [27/Dec/2014:19:16:15 -0500] "GET /galeria/nivo-slider/demo/images/bolsas-08.jpg HTTP/1.1" 200 85589
186.84.20.27 - - [27/Dec/2014:19:16:15 -0500] "GET /galeria/nivo-slider/demo/images/ecolecta-Dic2014.png HTTP/1.1" 304 -
186.84.20.27 - - [27/Dec/2014:19:16:15 -0500] "GET /galeria/nivo-slider/demo/images/Banner-GAE3.jpg HTTP/1.1" 304 -
186.84.20.27 - - [27/Dec/2014:19:16:15 -0500] "GET /galeria/nivo-slider/demo/images/bolsas-06.jpg HTTP/1.1" 200 90982
186.84.20.27 - - [27/Dec/2014:19:16:16 -0500] "GET /videos/Spot_CambioClimatico.flv HTTP/1.1" 304 -
186.154.84.82 - - [27/Dec/2014:19:16:29 -0500] "GET /forest/skins/gdocs-jar/popup/escritorio/subirborrador.jsp?form=revctvertimientos&codTpl=&codBorr=517760&a=0.6800429860595614 HTTP/1.1" 200 23292
186.154.84.82 - - [27/Dec/2014:19:16:30 -0500] "GET /forest/json.do?query=borradoresByTpls&codInst=2998532&codTare=2993&firma=0&a=0.5964630579110235 HTTP/1.1" 200 184
186.154.84.82 - - [27/Dec/2014:19:16:30 -0500] "GET /forest/json.do?query=plantillasByTarea&codTare=2993&codInst=2998532&firma=0&a=0.13519159308634698 HTTP/1.1" 200 131
186.154.84.82 - - [27/Dec/2014:19:16:30 -0500] "GET /forest/json.do?query=terceroById&numTer=899999061-9%20SDIS&a=0.2668166521470994 HTTP/1.1" 200 744
186.154.84.82 - - [27/Dec/2014:19:16:30 -0500] "GET /forest/json.do?query=datosBorradorByCodTraBorr&codTraBorr=1530206&a=0.5515868598595262 HTTP/1.1" 200 180
186.154.84.82 - - [27/Dec/2014:19:16:30 -0500] "GET /forest/json.do?query=adjuntosByBorrador&codTraBorr=1530206&a=0.999022388132289 HTTP/1.1" 200 2
186.154.84.82 - - [27/Dec/2014:19:16:30 -0500] "GET /forest/json.do?query=ultimoBorradorByTpl&codTpl=2085&codInst=2998532&a=0.030228283256292343 HTTP/1.1" 200 20
190.84.185.167 - - [27/Dec/2014:19:16:48 -0500] "POST /forms/lservlet;jsessionid=ac16012b30d5663dd830421c49e39f12d6ba7eff8571.e3iSbxaKaheRe34Sa3yKbhiTahb0n6jAmljGr5XDqQLvpAe HTTP/1.1" 200 2
186.154.84.82 - - [27/Dec/2014:19:16:48 -0500] "POST /forest/usutareas.do?group_system_actual=3 HTTP/1.1" 200 200
180.76.5.195 - - [27/Dec/2014:19:16:53 -0500] "GET /BLA/resoluciones/AUTOS%202011/6983.pdf HTTP/1.1" 200 167007
186.154.84.82 - - [27/Dec/2014:19:16:09 -0500] "GET /ForestMSG_SDA/channelAsync/template_word_17086597?X-Atmosphere-tracking-id=316b935c-67a3-a2d9-001e-8ac67f0e2cff&X-Atmosphere-Framework=1.0.5&X-Atmosphere-Transport=long-polling&tabid=0.6278782344888896&X-Cache-Date=0&Content-Type=application/xml&_=1419725922719 HTTP/1.1" 200 8193
186.154.84.82 - - [27/Dec/2014:19:16:55 -0500] "GET /forest/usutareas.do?group_system_actual=3&a=0.6286133776884526 HTTP/1.1" 200 118697
186.154.84.82 - - [27/Dec/2014:19:16:57 -0500] "GET /forest/session.jsp?a=0.48567343316972256 HTTP/1.1" 200 4
181.207.179.97 - - [27/Dec/2014:19:16:45 -0500] "GET /forest/misactividades.do?_a=0.929541751742363&group_system_actual=3 HTTP/1.1" 200 37503
181.207.179.97 - - [27/Dec/2014:19:17:02 -0500] "GET /forest/session.jsp?a=0.09379843226633966 HTTP/1.1" 200 4
181.207.179.97 - - [27/Dec/2014:19:17:03 -0500] "GET /forest/img/jquery/ui-bg_inset-hard_100_fcfdfd_1x100.png HTTP/1.1" 206 1
181.207.179.97 - - [27/Dec/2014:19:17:03 -0500] "GET /forest/img/jquery/ui-bg_inset-hard_100_f5f8f9_1x100.png HTTP/1.1" 206 1
181.207.179.97 - - [27/Dec/2014:19:17:06 -0500] "POST /forest/misactividades.do?ajax=true&a=0.0034741670824587345 HTTP/1.1" 200 1185
181.207.179.97 - - [27/Dec/2014:19:17:07 -0500] "GET /forest/img/jquery/ui-bg_inset-hard_100_f5f8f9_1x100.png HTTP/1.1" 206 8277
186.30.66.14 - - [27/Dec/2014:19:17:11 -0500] "POST /forms/lservlet;jsessionid=ac16012b30d53ea9f84bca5f42a9821692df51710c28.e3iSbxaKaheRe34Sa3yKbhiTahb0n6jAmljGr5XDqQLvpAe HTTP/1.1" 200 2
181.207.179.97 - - [27/Dec/2014:19:17:11 -0500] "GET /forest/img/jquery/quitarfiltrar.gif HTTP/1.1" 200 1021
181.207.179.97 - - [27/Dec/2014:19:17:03 -0500] "GET /forest/img/jquery/ui-icons_469bdd_256x240.png HTTP/1.1" 200 70990
181.207.179.97 - - [27/Dec/2014:19:17:07 -0500] "GET /forest/img/jquery/ui-bg_inset-hard_100_fcfdfd_1x100.png HTTP/1.1" 206 18064
181.207.179.97 - - [27/Dec/2014:19:17:02 -0500] "GET /forest/img/jquery/ui-bg_glass_85_dfeffc_1x400.png HTTP/1.1" 200 50159
186.154.84.82 - - [27/Dec/2014:19:17:18 -0500] "GET /forest/borrador/1584736/Registro%20de%20vertimientos.docx HTTP/1.1" 200 98391
181.207.179.97 - - [27/Dec/2014:19:17:07 -0500] "GET /forest/img/jquery/ui-icons_6da8d5_256x240.png HTTP/1.1" 200 69971
181.207.179.97 - - [27/Dec/2014:19:17:15 -0500] "GET /forest/img/jquery/ui-bg_gloss-wave_55_5c9ccc_500x100.png HTTP/1.1" 200 58064
190.156.143.139 - - [27/Dec/2014:19:17:29 -0500] "POST /forms/lservlet;jsessionid=ac16012b30d52e7787fc743b4a99828fba55a1ee10d6.e3iSbxaKaheRe34Sa3yKbhiTahb0n6jAmljGr5XDqQLvpAe HTTP/1.1" 200 2
186.84.40.34 - - [27/Dec/2014:19:17:34 -0500] "POST /forms/lservlet;jsessionid=ac16012b30d5f45d3a432e774dcea183dfd7e0dcc671.e3iSbxaKaheRe34Sa3yKbhiTahb0n6jAmljGr5XDqQLvpAe HTTP/1.1" 200 2
180.76.6.52 - - [27/Dec/2014:19:17:43 -0500] "GET /BLA/resoluciones/Autos%202008/2973.pdf HTTP/1.1" 200 262636
181.207.179.97 - - [27/Dec/2014:19:17:54 -0500] "GET /forest/img/jquery/ui-icons_217bc0_256x240.png HTTP/1.1" 200 28512
181.207.179.97 - - [27/Dec/2014:19:17:54 -0500] "GET /forest/index2.jsp?_a=0.3505470228847116 HTTP/1.1" 200 35311
181.207.179.97 - - [27/Dec/2014:19:18:01 -0500] "GET /forest/session.jsp?a=0.08836423070169985 HTTP/1.1" 200 4
181.207.179.97 - - [27/Dec/2014:19:18:03 -0500] "GET /forest/user/notidocs.jsp?a=0.8933938988484442 HTTP/1.1" 200 25696
189.217.27.88 - - [27/Dec/2014:19:18:26 -0500] "GET /BLA/boletinlegal/js/jquery.scrollShow.js HTTP/1.1" 200 4586
189.217.27.88 - - [27/Dec/2014:19:18:26 -0500] "GET /BLA/boletinlegal/js/jquery.scrollTo-min.js HTTP/1.1" 200 1150
189.217.27.88 - - [27/Dec/2014:19:18:26 -0500] "GET /BLA/boletinlegal/js/jquery.js HTTP/1.1" 200 57254
186.154.84.82 - - [27/Dec/2014:19:18:26 -0500] "POST /forest/usutareas.do? HTTP/1.1" 200 76
186.154.84.82 - - [27/Dec/2014:19:18:34 -0500] "GET /forest/usutareas.do?group_system_actual=3&a=0.905867010820657 HTTP/1.1" 200 19878
186.154.84.82 - - [27/Dec/2014:19:18:35 -0500] "GET /forest/session.jsp?a=0.8333428062032908 HTTP/1.1" 200 4
186.154.84.82 - - [27/Dec/2014:19:18:39 -0500] "GET /forest/misactividades.do?_a=0.4623426520265639&group_system_actual=3 HTTP/1.1" 200 37897
186.154.84.82 - - [27/Dec/2014:19:18:39 -0500] "GET /forest/session.jsp?a=0.5485446862876415 HTTP/1.1" 200 4
186.154.84.82 - - [27/Dec/2014:19:18:40 -0500] "POST /forest/misactividades.do?ajax=true&a=0.2747420973610133 HTTP/1.1" 200 12282
190.84.185.167 - - [27/Dec/2014:19:18:48 -0500] "POST /forms/lservlet;jsessionid=ac16012b30d5663dd830421c49e39f12d6ba7eff8571.e3iSbxaKaheRe34Sa3yKbhiTahb0n6jAmljGr5XDqQLvpAe HTTP/1.1" 200 2
66.249.73.155 - - [27/Dec/2014:19:18:54 -0500] "GET /BLA/resoluciones/RESOLUCIONES%202007/RES%202007%201301%20AL%201400/RESOLUCION%201323%20DE%202007.pdf HTTP/1.1" 304 -
186.154.84.82 - - [27/Dec/2014:19:13:55 -0500] "POST /forest/usutareas.do?group_system_actual=3 HTTP/1.1" 400 1022
186.30.66.14 - - [27/Dec/2014:19:19:11 -0500] "POST /forms/lservlet;jsessionid=ac16012b30d53ea9f84bca5f42a9821692df51710c28.e3iSbxaKaheRe34Sa3yKbhiTahb0n6jAmljGr5XDqQLvpAe HTTP/1.1" 200 2
180.76.5.154 - - [27/Dec/2014:19:19:19 -0500] "GET /BLA/resoluciones/Autos%202008/0591.pdf HTTP/1.1" 200 107505
190.156.143.139 - - [27/Dec/2014:19:19:29 -0500] "POST /forms/lservlet;jsessionid=ac16012b30d52e7787fc743b4a99828fba55a1ee10d6.e3iSbxaKaheRe34Sa3yKbhiTahb0n6jAmljGr5XDqQLvpAe HTTP/1.1" 200 2
186.154.84.82 - - [27/Dec/2014:19:19:31 -0500] "GET /forest/usutareas.do?_a=0.4020157321356237&group_system_actual=3 HTTP/1.1" 200 118653
186.154.84.82 - - [27/Dec/2014:19:19:33 -0500] "GET /forest/session.jsp?a=0.18067681277170777 HTTP/1.1" 200 4
186.84.40.34 - - [27/Dec/2014:19:19:34 -0500] "POST /forms/lservlet;jsessionid=ac16012b30d5f45d3a432e774dcea183dfd7e0dcc671.e3iSbxaKaheRe34Sa3yKbhiTahb0n6jAmljGr5XDqQLvpAe HTTP/1.1" 200 2
186.154.84.82 - - [27/Dec/2014:19:19:38 -0500] "GET /forest/borrador/1527827/Registro%20de%20vertimientos.docx HTTP/1.1" 200 98086
74.86.158.107 - - [27/Dec/2014:19:20:34 -0500] "HEAD / HTTP/1.1" 302 -
190.84.185.167 - - [27/Dec/2014:19:20:48 -0500] "POST /forms/lservlet;jsessionid=ac16012b30d5663dd830421c49e39f12d6ba7eff8571.e3iSbxaKaheRe34Sa3yKbhiTahb0n6jAmljGr5XDqQLvpAe HTTP/1.1" 200 2
186.30.66.14 - - [27/Dec/2014:19:21:11 -0500] "POST /forms/lservlet;jsessionid=ac16012b30d53ea9f84bca5f42a9821692df51710c28.e3iSbxaKaheRe34Sa3yKbhiTahb0n6jAmljGr5XDqQLvpAe HTTP/1.1" 200 2
152.200.80.149 - - [27/Dec/2014:19:21:12 -0500] "GET /BLA/boletinlegal/js/jquery.js HTTP/1.1" 200 57254
152.200.80.149 - - [27/Dec/2014:19:21:12 -0500] "GET /BLA/boletinlegal/js/jquery.scrollTo-min.js HTTP/1.1" 200 1150
152.200.80.149 - - [27/Dec/2014:19:21:12 -0500] "GET /BLA/boletinlegal/js/jquery.scrollShow.js HTTP/1.1" 200 4586
152.200.80.149 - - [27/Dec/2014:19:21:14 -0500] "GET /hidrico/aguas%20subterraneas/ HTTP/1.1" 404 1296
190.156.143.139 - - [27/Dec/2014:19:21:29 -0500] "POST /forms/lservlet;jsessionid=ac16012b30d52e7787fc743b4a99828fba55a1ee10d6.e3iSbxaKaheRe34Sa3yKbhiTahb0n6jAmljGr5XDqQLvpAe HTTP/1.1" 200 2
186.84.40.34 - - [27/Dec/2014:19:21:34 -0500] "POST /forms/lservlet;jsessionid=ac16012b30d5f45d3a432e774dcea183dfd7e0dcc671.e3iSbxaKaheRe34Sa3yKbhiTahb0n6jAmljGr5XDqQLvpAe HTTP/1.1" 200 2
66.249.73.155 - - [27/Dec/2014:19:22:03 -0500] "GET /BLA/resoluciones/RESOLUCIONES%202010/2429.pdf HTTP/1.1" 200 486669
190.84.185.167 - - [27/Dec/2014:19:22:48 -0500] "POST /forms/lservlet;jsessionid=ac16012b30d5663dd830421c49e39f12d6ba7eff8571.e3iSbxaKaheRe34Sa3yKbhiTahb0n6jAmljGr5XDqQLvpAe HTTP/1.1" 200 2
186.154.84.82 - - [27/Dec/2014:19:16:57 -0500] "GET /ForestMSG_SDA/channelAsync/template_word_17086597?X-Atmosphere-tracking-id=3a32f23a-ee33-a9dc-a2c6-c6628684cb54&X-Atmosphere-Framework=1.0.5&X-Atmosphere-Transport=long-polling&tabid=0.10202742693945765&X-Cache-Date=0&Content-Type=application/xml&_=1419725970629 HTTP/1.1" 200 8193
186.30.66.14 - - [27/Dec/2014:19:23:11 -0500] "POST /forms/lservlet;jsessionid=ac16012b30d53ea9f84bca5f42a9821692df51710c28.e3iSbxaKaheRe34Sa3yKbhiTahb0n6jAmljGr5XDqQLvpAe HTTP/1.1" 200 2
186.154.84.82 - - [27/Dec/2014:19:23:20 -0500] "GET /forest/documentos/1928109/2014ER157728.pdf HTTP/1.1" 200 1285036
190.156.143.139 - - [27/Dec/2014:19:23:30 -0500] "POST /forms/lservlet;jsessionid=ac16012b30d52e7787fc743b4a99828fba55a1ee10d6.e3iSbxaKaheRe34Sa3yKbhiTahb0n6jAmljGr5XDqQLvpAe HTTP/1.1" 200 2
186.84.40.34 - - [27/Dec/2014:19:23:34 -0500] "POST /forms/lservlet;jsessionid=ac16012b30d5f45d3a432e774dcea183dfd7e0dcc671.e3iSbxaKaheRe34Sa3yKbhiTahb0n6jAmljGr5XDqQLvpAe HTTP/1.1" 200 2
220.181.108.86 - - [27/Dec/2014:19:24:02 -0500] "GET / HTTP/1.1" 302 -
179.12.137.201 - - [27/Dec/2014:19:24:30 -0500] "GET /BLA/boletinlegal/js/jquery.js HTTP/1.1" 200 57254
179.12.137.201 - - [27/Dec/2014:19:24:30 -0500] "GET /BLA/boletinlegal/js/jquery.scrollShow.js HTTP/1.1" 200 4586
179.12.137.201 - - [27/Dec/2014:19:24:30 -0500] "GET /BLA/boletinlegal/js/jquery.scrollTo-min.js HTTP/1.1" 200 1150
186.154.84.82 - - [27/Dec/2014:19:24:33 -0500] "GET /forest/session.jsp?a=0.2862364451866597 HTTP/1.1" 200 4
190.84.185.167 - - [27/Dec/2014:19:24:48 -0500] "POST /forms/lservlet;jsessionid=ac16012b30d5663dd830421c49e39f12d6ba7eff8571.e3iSbxaKaheRe34Sa3yKbhiTahb0n6jAmljGr5XDqQLvpAe HTTP/1.1" 200 2
186.30.66.14 - - [27/Dec/2014:19:25:11 -0500] "POST /forms/lservlet;jsessionid=ac16012b30d53ea9f84bca5f42a9821692df51710c28.e3iSbxaKaheRe34Sa3yKbhiTahb0n6jAmljGr5XDqQLvpAe HTTP/1.1" 200 2
66.249.73.163 - - [27/Dec/2014:19:25:13 -0500] "GET /BLA/resoluciones/RESOLUCIONES%202010/3374.pdf HTTP/1.1" 200 520911
190.156.143.139 - - [27/Dec/2014:19:25:30 -0500] "POST /forms/lservlet;jsessionid=ac16012b30d52e7787fc743b4a99828fba55a1ee10d6.e3iSbxaKaheRe34Sa3yKbhiTahb0n6jAmljGr5XDqQLvpAe HTTP/1.1" 200 2
186.154.84.82 - - [27/Dec/2014:19:19:32 -0500] "GET /ForestMSG_SDA/channelAsync/template_word_17086831?X-Atmosphere-tracking-id=f2a47918-cdbf-1022-c440-20bf98170ad8&X-Atmosphere-Framework=1.0.5&X-Atmosphere-Transport=long-polling&tabid=0.18153257225640118&X-Cache-Date=0&Content-Type=application/xml&_=1419726126229 HTTP/1.1" 200 8193
74.86.158.107 - - [27/Dec/2014:19:25:34 -0500] "HEAD / HTTP/1.1" 302 -
186.84.40.34 - - [27/Dec/2014:19:25:34 -0500] "POST /forms/lservlet;jsessionid=ac16012b30d5f45d3a432e774dcea183dfd7e0dcc671.e3iSbxaKaheRe34Sa3yKbhiTahb0n6jAmljGr5XDqQLvpAe HTTP/1.1" 200 2
66.249.73.163 - - [27/Dec/2014:19:25:41 -0500] "GET /BLA/resoluciones/RESOLUCIONES%202005/RES%202005%20%201601-1650/00001632.tif HTTP/1.1" 200 141180
66.249.73.155 - - [27/Dec/2014:19:25:42 -0500] "GET /BLA/resoluciones/RESOLUCIONES%202008/0018.pdf HTTP/1.1" 200 365615
157.55.39.212 - - [27/Dec/2014:19:25:46 -0500] "GET /robots.txt HTTP/1.1" 404 1018
157.55.39.211 - - [27/Dec/2014:19:26:34 -0500] "GET /BLA/boletinlegal/js/jquery.scrollTo-min.js HTTP/1.1" 200 1150
66.249.73.171 - - [27/Dec/2014:19:26:47 -0500] "GET /galeria/nivo-slider/demo/demo.html HTTP/1.1" 200 3237
190.84.185.167 - - [27/Dec/2014:19:26:48 -0500] "POST /forms/lservlet;jsessionid=ac16012b30d5663dd830421c49e39f12d6ba7eff8571.e3iSbxaKaheRe34Sa3yKbhiTahb0n6jAmljGr5XDqQLvpAe HTTP/1.1" 200 2
66.249.73.163 - - [27/Dec/2014:19:26:49 -0500] "GET /galeria/nivo-slider/themes/default/default.css HTTP/1.1" 200 1569
66.249.73.155 - - [27/Dec/2014:19:26:50 -0500] "GET /galeria/nivo-slider/demo/style.css HTTP/1.1" 200 2222
66.249.73.155 - - [27/Dec/2014:19:26:50 -0500] "GET /galeria/nivo-slider/demo/scripts/jquery-1.7.1.min.js HTTP/1.1" 200 93868
66.249.73.171 - - [27/Dec/2014:19:26:51 -0500] "GET /galeria/nivo-slider/jquery.nivo.slider.pack.js HTTP/1.1" 200 11561
66.249.73.171 - - [27/Dec/2014:19:26:52 -0500] "GET /galeria/nivo-slider/themes/pascal/pascal.css HTTP/1.1" 200 2258
66.249.73.155 - - [27/Dec/2014:19:26:53 -0500] "GET /galeria/nivo-slider/nivo-slider.css HTTP/1.1" 200 1507
66.249.73.163 - - [27/Dec/2014:19:26:54 -0500] "GET /galeria/nivo-slider/themes/orman/orman.css HTTP/1.1" 200 2152
186.30.66.14 - - [27/Dec/2014:19:27:11 -0500] "POST /forms/lservlet;jsessionid=ac16012b30d53ea9f84bca5f42a9821692df51710c28.e3iSbxaKaheRe34Sa3yKbhiTahb0n6jAmljGr5XDqQLvpAe HTTP/1.1" 200 2
123.125.71.14 - - [27/Dec/2014:19:27:23 -0500] "GET / HTTP/1.1" 302 -
180.76.5.60 - - [27/Dec/2014:19:27:30 -0500] "GET /BLA/resoluciones/AUTOS%202009/2934.pdf HTTP/1.1" 200 195255
190.156.143.139 - - [27/Dec/2014:19:27:30 -0500] "POST /forms/lservlet;jsessionid=ac16012b30d52e7787fc743b4a99828fba55a1ee10d6.e3iSbxaKaheRe34Sa3yKbhiTahb0n6jAmljGr5XDqQLvpAe HTTP/1.1" 200 2
186.84.40.34 - - [27/Dec/2014:19:27:34 -0500] "POST /forms/lservlet;jsessionid=ac16012b30d5f45d3a432e774dcea183dfd7e0dcc671.e3iSbxaKaheRe34Sa3yKbhiTahb0n6jAmljGr5XDqQLvpAe HTTP/1.1" 200 2
181.236.134.186 - - [27/Dec/2014:19:28:03 -0500] "GET /forest/ HTTP/1.1" 200 12758
181.236.134.186 - - [27/Dec/2014:19:28:03 -0500] "GET /forest/1ibre/jscalendar/calendar-win2k-1.css?version=1412.231748 HTTP/1.1" 200 5986
181.236.134.186 - - [27/Dec/2014:19:28:03 -0500] "GET /forest/css/escritorio.css?version=1412.231748 HTTP/1.1" 200 15878
181.236.134.186 - - [27/Dec/2014:19:28:03 -0500] "GET /forest/skins/gdocs-jar/css/menu.css?version=1412.231748 HTTP/1.1" 200 4235
181.236.134.186 - - [27/Dec/2014:19:28:03 -0500] "GET /forest/skins/gdocs-jar/css/forest.css?version=1412.231748 HTTP/1.1" 200 51
181.236.134.186 - - [27/Dec/2014:19:28:03 -0500] "GET /forest/skins/gdocs-jar/css/autocomplete.css?version=1412.231748 HTTP/1.1" 200 1620
181.236.134.186 - - [27/Dec/2014:19:28:03 -0500] "GET /forest/css/index.css?version=1412.231748 HTTP/1.1" 200 1900
181.236.134.186 - - [27/Dec/2014:19:28:03 -0500] "GET /forest/skins/gdocs-jar/css/dialog.css?version=1412.231748 HTTP/1.1" 200 1430
181.236.134.186 - - [27/Dec/2014:19:28:03 -0500] "GET /forest/skins/gdocs-jar/css/forms.css?version=1412.231748 HTTP/1.1" 200 7180
181.236.134.186 - - [27/Dec/2014:19:28:03 -0500] "GET /forest/jsoptimized/gz/js/gdocsall-1412.231748.js HTTP/1.1" 200 99216
181.236.134.186 - - [27/Dec/2014:19:28:03 -0500] "GET /forest/js/json3.js HTTP/1.1" 200 39592
181.236.134.186 - - [27/Dec/2014:19:28:04 -0500] "GET /forest/img/spacer.gif HTTP/1.1" 200 43
181.236.134.186 - - [27/Dec/2014:19:28:04 -0500] "GET /forest/img/base/bsc2_r1_c2.gif HTTP/1.1" 200 269
181.236.134.186 - - [27/Dec/2014:19:28:04 -0500] "GET /forest/img/base/bsc2_r1_c3.gif HTTP/1.1" 200 3704
181.236.134.186 - - [27/Dec/2014:19:28:04 -0500] "GET /forest/img/base/bsc2_r1_c1.gif HTTP/1.1" 200 28640
181.236.134.186 - - [27/Dec/2014:19:28:04 -0500] "GET /forest/img/panel/view_icon.gif HTTP/1.1" 200 681
181.236.134.186 - - [27/Dec/2014:19:28:04 -0500] "GET /forest/img/loading.gif HTTP/1.1" 200 1197
181.236.134.186 - - [27/Dec/2014:19:28:04 -0500] "GET /forest/img/inicio/1.gif HTTP/1.1" 200 23925
181.236.134.186 - - [27/Dec/2014:19:28:04 -0500] "GET /forest/img/inicio/2.gif HTTP/1.1" 200 42562
181.236.134.186 - - [27/Dec/2014:19:28:04 -0500] "GET /forest/img/inicio/3.gif HTTP/1.1" 200 29737
181.236.134.186 - - [27/Dec/2014:19:28:04 -0500] "GET /forest/img/inicio/4.gif HTTP/1.1" 200 27784
181.236.134.186 - - [27/Dec/2014:19:28:04 -0500] "GET /forest/img/inicio/5.gif HTTP/1.1" 200 25611
181.236.134.186 - - [27/Dec/2014:19:28:04 -0500] "GET /forest/img/inicio/6.gif HTTP/1.1" 200 12239
181.236.134.186 - - [27/Dec/2014:19:28:04 -0500] "GET /forest/img/inicio/7.gif HTTP/1.1" 200 18547
181.236.134.186 - - [27/Dec/2014:19:28:04 -0500] "GET /forest/img/mplogo.gif HTTP/1.1" 200 806
181.236.134.186 - - [27/Dec/2014:19:28:04 -0500] "GET /forest/img/close.gif HTTP/1.1" 200 571
181.236.134.186 - - [27/Dec/2014:19:28:04 -0500] "GET /forest/skins/gdocs-jar/img/okey.gif HTTP/1.1" 200 203
181.236.134.186 - - [27/Dec/2014:19:28:04 -0500] "GET /forest/1ibre/1ibre.css HTTP/1.1" 200 614
66.249.73.171 - - [27/Dec/2014:19:28:22 -0500] "GET /BLA/resoluciones/RESOLUCIONES%202010/6474.pdf HTTP/1.1" 304 -
190.84.185.167 - - [27/Dec/2014:19:28:48 -0500] "POST /forms/lservlet;jsessionid=ac16012b30d5663dd830421c49e39f12d6ba7eff8571.e3iSbxaKaheRe34Sa3yKbhiTahb0n6jAmljGr5XDqQLvpAe HTTP/1.1" 200 2
186.30.66.14 - - [27/Dec/2014:19:29:11 -0500] "POST /forms/lservlet;jsessionid=ac16012b30d53ea9f84bca5f42a9821692df51710c28.e3iSbxaKaheRe34Sa3yKbhiTahb0n6jAmljGr5XDqQLvpAe HTTP/1.1" 200 2
180.76.6.56 - - [27/Dec/2014:19:29:25 -0500] "GET /BLA/resoluciones/RESOLUCIONES%202007/RES%202007%202501%20AL%202600/RESOLUCION%202595%20DE%202007.pdf HTTP/1.1" 200 624721
190.156.143.139 - - [27/Dec/2014:19:29:31 -0500] "POST /forms/lservlet;jsessionid=ac16012b30d52e7787fc743b4a99828fba55a1ee10d6.e3iSbxaKaheRe34Sa3yKbhiTahb0n6jAmljGr5XDqQLvpAe HTTP/1.1" 200 2
186.84.40.34 - - [27/Dec/2014:19:29:34 -0500] "POST /forms/lservlet;jsessionid=ac16012b30d5f45d3a432e774dcea183dfd7e0dcc671.e3iSbxaKaheRe34Sa3yKbhiTahb0n6jAmljGr5XDqQLvpAe HTTP/1.1" 200 2
186.154.84.82 - - [27/Dec/2014:19:29:34 -0500] "GET /forest/session.jsp?a=0.22820715932175517 HTTP/1.1" 200 4
100.43.85.25 - - [27/Dec/2014:19:29:38 -0500] "GET /robots.txt HTTP/1.1" 404 1019
74.86.158.107 - - [27/Dec/2014:19:30:34 -0500] "HEAD / HTTP/1.1" 302 -
190.84.185.167 - - [27/Dec/2014:19:30:48 -0500] "POST /forms/lservlet;jsessionid=ac16012b30d5663dd830421c49e39f12d6ba7eff8571.e3iSbxaKaheRe34Sa3yKbhiTahb0n6jAmljGr5XDqQLvpAe HTTP/1.1" 200 2
186.30.66.14 - - [27/Dec/2014:19:31:11 -0500] "POST /forms/lservlet;jsessionid=ac16012b30d53ea9f84bca5f42a9821692df51710c28.e3iSbxaKaheRe34Sa3yKbhiTahb0n6jAmljGr5XDqQLvpAe HTTP/1.1" 200 2
186.154.84.82 - - [27/Dec/2014:19:31:12 -0500] "POST /forest/usutareas.do? HTTP/1.1" 200 76
186.154.84.82 - - [27/Dec/2014:19:31:17 -0500] "GET /forest/usutareas.do?group_system_actual=3&a=0.8905286083463579 HTTP/1.1" 200 19878
186.154.84.82 - - [27/Dec/2014:19:31:17 -0500] "GET /forest/session.jsp?a=0.51250637951307 HTTP/1.1" 200 4
180.76.5.28 - - [27/Dec/2014:19:31:19 -0500] "GET /BLA/resoluciones/RESOLUCIONES%202010/6264.pdf HTTP/1.1" 200 80573
186.154.84.82 - - [27/Dec/2014:19:31:23 -0500] "GET /forest/misactividades.do?_a=0.8624211347196251&group_system_actual=3 HTTP/1.1" 200 37897
186.154.84.82 - - [27/Dec/2014:19:31:24 -0500] "GET /forest/session.jsp?a=0.7443811264820397 HTTP/1.1" 200 4
186.154.84.82 - - [27/Dec/2014:19:31:25 -0500] "POST /forest/misactividades.do?ajax=true&a=0.6186403001192957 HTTP/1.1" 200 11560
190.156.143.139 - - [27/Dec/2014:19:31:31 -0500] "POST /forms/lservlet;jsessionid=ac16012b30d52e7787fc743b4a99828fba55a1ee10d6.e3iSbxaKaheRe34Sa3yKbhiTahb0n6jAmljGr5XDqQLvpAe HTTP/1.1" 200 2
66.249.73.163 - - [27/Dec/2014:19:31:31 -0500] "GET /BLA/resoluciones/AUTOS%202011/0325.pdf HTTP/1.1" 304 -
186.154.84.82 - - [27/Dec/2014:19:25:33 -0500] "GET /ForestMSG_SDA/channelAsync/template_word_17086831?X-Atmosphere-tracking-id=f2a47918-cdbf-1022-c440-20bf98170ad8&X-Atmosphere-Framework=1.0.5&X-Atmosphere-Transport=long-polling&tabid=0.18153257225640118&X-Cache-Date=0&Content-Type=application/xml&_=1419726487270 HTTP/1.1" 200 8193
186.84.40.34 - - [27/Dec/2014:19:31:34 -0500] "POST /forms/lservlet;jsessionid=ac16012b30d5f45d3a432e774dcea183dfd7e0dcc671.e3iSbxaKaheRe34Sa3yKbhiTahb0n6jAmljGr5XDqQLvpAe HTTP/1.1" 200 2
190.84.185.167 - - [27/Dec/2014:19:32:48 -0500] "POST /forms/lservlet;jsessionid=ac16012b30d5663dd830421c49e39f12d6ba7eff8571.e3iSbxaKaheRe34Sa3yKbhiTahb0n6jAmljGr5XDqQLvpAe HTTP/1.1" 200 2
66.249.73.163 - - [27/Dec/2014:19:32:50 -0500] "GET /BLA/boletinlegal/js/jquery.js HTTP/1.1" 200 57254
66.249.73.155 - - [27/Dec/2014:19:32:50 -0500] "GET /BLA/boletinlegal/js/jquery.scrollTo-min.js HTTP/1.1" 200 1150
66.249.73.163 - - [27/Dec/2014:19:32:50 -0500] "GET /BLA/boletinlegal/js/jquery.scrollShow.js HTTP/1.1" 200 4586
186.30.66.14 - - [27/Dec/2014:19:33:11 -0500] "POST /forms/lservlet;jsessionid=ac16012b30d53ea9f84bca5f42a9821692df51710c28.e3iSbxaKaheRe34Sa3yKbhiTahb0n6jAmljGr5XDqQLvpAe HTTP/1.1" 200 2
180.76.6.46 - - [27/Dec/2014:19:33:17 -0500] "GET /BLA/resoluciones/RESOLUCIONES%202007/RES%202007%20201%20AL%20300/RESOLUCION%200213%20DE%202007.pdf HTTP/1.1" 200 280874
66.249.73.155 - - [27/Dec/2014:19:33:19 -0500] "GET /BLA/resoluciones/RESOLUCIONES%202004/RES%202004%202151-2200/00002177.tif HTTP/1.1" 200 175996
190.156.143.139 - - [27/Dec/2014:19:33:31 -0500] "POST /forms/lservlet;jsessionid=ac16012b30d52e7787fc743b4a99828fba55a1ee10d6.e3iSbxaKaheRe34Sa3yKbhiTahb0n6jAmljGr5XDqQLvpAe HTTP/1.1" 200 2
186.84.40.34 - - [27/Dec/2014:19:33:34 -0500] "POST /forms/lservlet;jsessionid=ac16012b30d5f45d3a432e774dcea183dfd7e0dcc671.e3iSbxaKaheRe34Sa3yKbhiTahb0n6jAmljGr5XDqQLvpAe HTTP/1.1" 200 2
200.118.37.155 - - [27/Dec/2014:19:33:49 -0500] "GET /galeria/bibloteca/contentflow.js HTTP/1.1" 200 42804
200.118.37.155 - - [27/Dec/2014:19:33:49 -0500] "GET /galeria/bibloteca/contentflow.css HTTP/1.1" 200 3201
200.118.37.155 - - [27/Dec/2014:19:33:49 -0500] "GET /galeria/bibloteca/mycontentflow.css HTTP/1.1" 200 3110
200.118.37.155 - - [27/Dec/2014:19:33:49 -0500] "GET /galeria/bibloteca/ContentFlowAddOn_white.js HTTP/1.1" 200 2497
200.118.37.155 - - [27/Dec/2014:19:33:49 -0500] "GET /galeria/bibloteca/ContentFlowAddOn_white.css HTTP/1.1" 200 3355
200.118.37.155 - - [27/Dec/2014:19:33:49 -0500] "GET /galeria/bibloteca/img/loader.gif HTTP/1.1" 200 8238
200.118.37.155 - - [27/Dec/2014:19:33:49 -0500] "GET /galeria/bibloteca/img/scrollbar_white.png HTTP/1.1" 200 82
200.118.37.155 - - [27/Dec/2014:19:33:49 -0500] "GET /galeria/bibloteca/img/slider_white.png HTTP/1.1" 200 178
200.118.37.155 - - [27/Dec/2014:19:33:54 -0500] "GET /galeria/bibloteca/img/slider_black.png HTTP/1.1" 200 175
200.118.37.155 - - [27/Dec/2014:19:33:54 -0500] "GET /galeria/bibloteca/img/1x1_0.5_white.png HTTP/1.1" 200 82
200.118.37.155 - - [27/Dec/2014:19:33:54 -0500] "GET /galeria/bibloteca/img/ajax-loader.gif HTTP/1.1" 200 9427
200.118.37.155 - - [27/Dec/2014:19:33:54 -0500] "GET /galeria/bibloteca/img/scrollbar_black.png HTTP/1.1" 200 82
186.154.84.82 - - [27/Dec/2014:19:34:21 -0500] "GET /forest/usutareas.do?_a=0.6255644063930959&group_system_actual=3 HTTP/1.1" 200 118646
186.154.84.82 - - [27/Dec/2014:19:34:24 -0500] "GET /forest/session.jsp?a=0.5123124488163739 HTTP/1.1" 200 4
66.249.73.163 - - [27/Dec/2014:19:34:41 -0500] "GET /BLA/resoluciones/AUTOS%202013/0194.pdf HTTP/1.1" 304 -
190.84.185.167 - - [27/Dec/2014:19:34:48 -0500] "POST /forms/lservlet;jsessionid=ac16012b30d5663dd830421c49e39f12d6ba7eff8571.e3iSbxaKaheRe34Sa3yKbhiTahb0n6jAmljGr5XDqQLvpAe HTTP/1.1" 200 2
186.30.66.14 - - [27/Dec/2014:19:35:11 -0500] "POST /forms/lservlet;jsessionid=ac16012b30d53ea9f84bca5f42a9821692df51710c28.e3iSbxaKaheRe34Sa3yKbhiTahb0n6jAmljGr5XDqQLvpAe HTTP/1.1" 200 2
190.156.143.139 - - [27/Dec/2014:19:35:32 -0500] "POST /forms/lservlet;jsessionid=ac16012b30d52e7787fc743b4a99828fba55a1ee10d6.e3iSbxaKaheRe34Sa3yKbhiTahb0n6jAmljGr5XDqQLvpAe HTTP/1.1" 200 2
74.86.158.107 - - [27/Dec/2014:19:35:34 -0500] "HEAD / HTTP/1.1" 302 -
186.84.40.34 - - [27/Dec/2014:19:35:35 -0500] "POST /forms/lservlet;jsessionid=ac16012b30d5f45d3a432e774dcea183dfd7e0dcc671.e3iSbxaKaheRe34Sa3yKbhiTahb0n6jAmljGr5XDqQLvpAe HTTP/1.1" 200 2
186.32.77.130 - - [27/Dec/2014:19:35:46 -0500] "GET /BLA/boletinlegal/js/jquery.js HTTP/1.1" 200 57254
186.32.77.130 - - [27/Dec/2014:19:35:46 -0500] "GET /BLA/boletinlegal/js/jquery.scrollShow.js HTTP/1.1" 200 4586
186.32.77.130 - - [27/Dec/2014:19:35:46 -0500] "GET /BLA/boletinlegal/js/jquery.scrollTo-min.js HTTP/1.1" 200 1150
180.76.5.78 - - [27/Dec/2014:19:35:46 -0500] "GET /BLA/boletinlegal/Circulares/2011/Circular%20No.%201%20del%2012%20de%20Abril%20de%202011.pdf HTTP/1.1" 200 366269
190.84.185.167 - - [27/Dec/2014:19:36:49 -0500] "POST /forms/lservlet;jsessionid=ac16012b30d5663dd830421c49e39f12d6ba7eff8571.e3iSbxaKaheRe34Sa3yKbhiTahb0n6jAmljGr5XDqQLvpAe HTTP/1.1" 200 2
186.30.66.14 - - [27/Dec/2014:19:37:12 -0500] "POST /forms/lservlet;jsessionid=ac16012b30d53ea9f84bca5f42a9821692df51710c28.e3iSbxaKaheRe34Sa3yKbhiTahb0n6jAmljGr5XDqQLvpAe HTTP/1.1" 200 2
66.249.73.171 - - [27/Dec/2014:19:37:19 -0500] "GET /BLA/resoluciones/RESOLUCIONES%202010/3669.pdf HTTP/1.1" 200 576380
186.84.40.34 - - [27/Dec/2014:19:37:35 -0500] "POST /forms/lservlet;jsessionid=ac16012b30d5f45d3a432e774dcea183dfd7e0dcc671.e3iSbxaKaheRe34Sa3yKbhiTahb0n6jAmljGr5XDqQLvpAe HTTP/1.1" 200 2
66.249.73.163 - - [27/Dec/2014:19:37:50 -0500] "GET /BLA/resoluciones/AUTOS%202014/2216.pdf HTTP/1.1" 304 -
186.154.84.82 - - [27/Dec/2014:19:37:41 -0500] "GET /forest/documentos/1946298/2014ER175915.pdf HTTP/1.1" 200 1902981
186.154.84.82 - - [27/Dec/2014:19:38:31 -0500] "GET /forest/borrador/1514650/Registro%20de%20vertimientos.docx HTTP/1.1" 200 97938
190.84.185.167 - - [27/Dec/2014:19:38:49 -0500] "POST /forms/lservlet;jsessionid=ac16012b30d5663dd830421c49e39f12d6ba7eff8571.e3iSbxaKaheRe34Sa3yKbhiTahb0n6jAmljGr5XDqQLvpAe HTTP/1.1" 200 2
66.249.73.171 - - [27/Dec/2014:19:39:11 -0500] "GET /Anexos%20estudio%20Organizacional%20SDA/index.php?dir=ANEXO+No.+1-+NORMAS+LEGALES+DE+ESTRUCTURA+Y+PLANTA%2FDecreto+109+de+2009+-+Modifica+la+estructura+de+la+SDA.jsp_files%2F HTTP/1.1" 200 10511
186.30.66.14 - - [27/Dec/2014:19:39:12 -0500] "POST /forms/lservlet;jsessionid=ac16012b30d53ea9f84bca5f42a9821692df51710c28.e3iSbxaKaheRe34Sa3yKbhiTahb0n6jAmljGr5XDqQLvpAe HTTP/1.1" 200 2
186.154.84.82 - - [27/Dec/2014:19:39:24 -0500] "GET /forest/session.jsp?a=0.5019826623611152 HTTP/1.1" 200 4
186.84.40.34 - - [27/Dec/2014:19:39:35 -0500] "POST /forms/lservlet;jsessionid=ac16012b30d5f45d3a432e774dcea183dfd7e0dcc671.e3iSbxaKaheRe34Sa3yKbhiTahb0n6jAmljGr5XDqQLvpAe HTTP/1.1" 200 2
186.154.84.82 - - [27/Dec/2014:19:34:23 -0500] "GET /ForestMSG_SDA/channelAsync/template_word_17086916?X-Atmosphere-tracking-id=14b0e3f5-5899-4088-443c-90ba7f80f7da&X-Atmosphere-Framework=1.0.5&X-Atmosphere-Transport=long-polling&tabid=0.8583794066216797&X-Cache-Date=0&Content-Type=application/xml&_=1419727017182 HTTP/1.1" 200 8193
74.86.158.107 - - [27/Dec/2014:19:40:34 -0500] "HEAD / HTTP/1.1" 302 -
190.84.185.167 - - [27/Dec/2014:19:40:49 -0500] "POST /forms/lservlet;jsessionid=ac16012b30d5663dd830421c49e39f12d6ba7eff8571.e3iSbxaKaheRe34Sa3yKbhiTahb0n6jAmljGr5XDqQLvpAe HTTP/1.1" 200 2
66.249.73.163 - - [27/Dec/2014:19:41:00 -0500] "GET /BLA/resoluciones/RESOLUCIONES%202010/0304.pdf HTTP/1.1" 304 -
186.30.66.14 - - [27/Dec/2014:19:41:12 -0500] "POST /forms/lservlet;jsessionid=ac16012b30d53ea9f84bca5f42a9821692df51710c28.e3iSbxaKaheRe34Sa3yKbhiTahb0n6jAmljGr5XDqQLvpAe HTTP/1.1" 200 2
180.76.5.77 - - [27/Dec/2014:19:41:32 -0500] "GET /BLA/resoluciones/AUTOS%202010/5713.pdf HTTP/1.1" 200 231067
186.84.40.34 - - [27/Dec/2014:19:41:35 -0500] "POST /forms/lservlet;jsessionid=ac16012b30d5f45d3a432e774dcea183dfd7e0dcc671.e3iSbxaKaheRe34Sa3yKbhiTahb0n6jAmljGr5XDqQLvpAe HTTP/1.1" 200 2
202.46.48.15 - - [27/Dec/2014:19:42:34 -0500] "GET / HTTP/1.1" 302 -
190.84.185.167 - - [27/Dec/2014:19:42:49 -0500] "POST /forms/lservlet;jsessionid=ac16012b30d5663dd830421c49e39f12d6ba7eff8571.e3iSbxaKaheRe34Sa3yKbhiTahb0n6jAmljGr5XDqQLvpAe HTTP/1.1" 200 2
119.63.193.131 - - [27/Dec/2014:19:42:56 -0500] "GET / HTTP/1.1" 302 -
180.76.6.135 - - [27/Dec/2014:19:43:09 -0500] "GET /BLA/resoluciones/RESOLUCIONES%202007/RES%202007%20201%20AL%20300/RESOLUCION%200287%20DE%202007.pdf HTTP/1.1" 200 405916
186.30.66.14 - - [27/Dec/2014:19:43:12 -0500] "POST /forms/lservlet;jsessionid=ac16012b30d53ea9f84bca5f42a9821692df51710c28.e3iSbxaKaheRe34Sa3yKbhiTahb0n6jAmljGr5XDqQLvpAe HTTP/1.1" 200 2
190.156.95.158 - - [27/Dec/2014:19:43:24 -0500] "GET /BLA/resoluciones/RESOLUCIONES%202010/0948.pdf HTTP/1.1" 200 119976
186.84.40.34 - - [27/Dec/2014:19:43:35 -0500] "POST /forms/lservlet;jsessionid=ac16012b30d5f45d3a432e774dcea183dfd7e0dcc671.e3iSbxaKaheRe34Sa3yKbhiTahb0n6jAmljGr5XDqQLvpAe HTTP/1.1" 200 2
186.154.84.82 - - [27/Dec/2014:19:43:45 -0500] "POST /forest/usutareas.do? HTTP/1.1" 200 76
186.154.84.82 - - [27/Dec/2014:19:43:59 -0500] "GET /forest/usutareas.do?group_system_actual=3&a=0.6111243043560535 HTTP/1.1" 200 19878
186.154.84.82 - - [27/Dec/2014:19:43:59 -0500] "GET /forest/session.jsp?a=0.5166680756956339 HTTP/1.1" 200 4
180.76.5.197 - - [27/Dec/2014:19:44:01 -0500] "GET /BLA/boletinlegal;jsessionid=1D70E4299BB67D2A5E3017D2BC22C703?/? HTTP/1.1" 404 1018
186.154.84.82 - - [27/Dec/2014:19:44:04 -0500] "GET /forest/misactividades.do?_a=0.23781670234166086&group_system_actual=3 HTTP/1.1" 200 37897
186.154.84.82 - - [27/Dec/2014:19:44:05 -0500] "GET /forest/session.jsp?a=0.09462695987895131 HTTP/1.1" 200 4
186.154.84.82 - - [27/Dec/2014:19:44:05 -0500] "POST /forest/misactividades.do?ajax=true&a=0.2833432632032782 HTTP/1.1" 200 11079
66.249.73.163 - - [27/Dec/2014:19:44:09 -0500] "GET /BLA/resoluciones/RESOLUCIONES%202007/RES%202007%202501%20AL%202600/RESOLUCION%202567%20DE%202007.pdf HTTP/1.1" 200 1451072
186.154.84.82 - - [27/Dec/2014:19:44:12 -0500] "GET /forest/skins/gdocs-jar/popup/popup.jsp?width=850&height=380&title=Informaci%F3n%20del%20radicado&uri=/forest/system/document.jsp%3FcodDoc%3D1945521&name=undefined&_a=0.548492637462914&a=0.6812098720110953 HTTP/1.1" 200 1315
186.154.84.82 - - [27/Dec/2014:19:44:12 -0500] "GET /forest/system/document.jsp?codDoc=1945521 HTTP/1.1" 200 25180
186.154.84.82 - - [27/Dec/2014:19:44:12 -0500] "GET /forest/css/escritorio.css HTTP/1.1" 304 -
186.154.84.82 - - [27/Dec/2014:19:44:12 -0500] "GET /forest/css/dialog.css HTTP/1.1" 200 1100
186.154.84.82 - - [27/Dec/2014:19:44:13 -0500] "GET /forest/css/index.css HTTP/1.1" 200 1900
186.154.84.82 - - [27/Dec/2014:19:44:12 -0500] "GET /forest/system/document.jsp?codDoc=1945521 HTTP/1.1" 200 25180
186.154.84.82 - - [27/Dec/2014:19:44:13 -0500] "GET /forest/skins/gdocs-jar/img/eye.gif HTTP/1.1" 304 -
186.154.84.82 - - [27/Dec/2014:19:44:13 -0500] "GET /forest/1ibre/protoaculous.js HTTP/1.1" 200 151386
186.154.84.82 - - [27/Dec/2014:19:44:13 -0500] "GET /forest/1ibre/1ibre.js HTTP/1.1" 200 197648
190.84.185.167 - - [27/Dec/2014:19:44:49 -0500] "POST /forms/lservlet;jsessionid=ac16012b30d5663dd830421c49e39f12d6ba7eff8571.e3iSbxaKaheRe34Sa3yKbhiTahb0n6jAmljGr5XDqQLvpAe HTTP/1.1" 200 2
186.31.90.42 - - [27/Dec/2014:19:45:07 -0500] "GET /BLA/boletinlegal/js/jquery.js HTTP/1.1" 200 57254
186.31.90.42 - - [27/Dec/2014:19:45:07 -0500] "GET /BLA/boletinlegal/js/jquery.scrollTo-min.js HTTP/1.1" 200 1150
186.31.90.42 - - [27/Dec/2014:19:45:07 -0500] "GET /BLA/boletinlegal/js/jquery.scrollShow.js HTTP/1.1" 200 4586
186.30.66.14 - - [27/Dec/2014:19:45:12 -0500] "POST /forms/lservlet;jsessionid=ac16012b30d53ea9f84bca5f42a9821692df51710c28.e3iSbxaKaheRe34Sa3yKbhiTahb0n6jAmljGr5XDqQLvpAe HTTP/1.1" 200 2
74.86.158.107 - - [27/Dec/2014:19:45:34 -0500] "HEAD / HTTP/1.1" 302 -
66.249.73.171 - - [27/Dec/2014:19:45:34 -0500] "GET /BLA/resoluciones/AUTOS%202013/0887.pdf HTTP/1.1" 304 -
186.84.40.34 - - [27/Dec/2014:19:45:35 -0500] "POST /forms/lservlet;jsessionid=ac16012b30d5f45d3a432e774dcea183dfd7e0dcc671.e3iSbxaKaheRe34Sa3yKbhiTahb0n6jAmljGr5XDqQLvpAe HTTP/1.1" 200 2
186.154.84.82 - - [27/Dec/2014:19:40:24 -0500] "GET /ForestMSG_SDA/channelAsync/template_word_17086916?X-Atmosphere-tracking-id=14b0e3f5-5899-4088-443c-90ba7f80f7da&X-Atmosphere-Framework=1.0.5&X-Atmosphere-Transport=long-polling&tabid=0.8583794066216797&X-Cache-Date=0&Content-Type=application/xml&_=1419727378269 HTTP/1.1" 200 8193
190.84.185.167 - - [27/Dec/2014:19:46:49 -0500] "POST /forms/lservlet;jsessionid=ac16012b30d5663dd830421c49e39f12d6ba7eff8571.e3iSbxaKaheRe34Sa3yKbhiTahb0n6jAmljGr5XDqQLvpAe HTTP/1.1" 200 2
186.30.66.14 - - [27/Dec/2014:19:47:12 -0500] "POST /forms/lservlet;jsessionid=ac16012b30d53ea9f84bca5f42a9821692df51710c28.e3iSbxaKaheRe34Sa3yKbhiTahb0n6jAmljGr5XDqQLvpAe HTTP/1.1" 200 2
190.228.28.138 - - [27/Dec/2014:19:47:12 -0500] "GET /BLA/resoluciones/AUTOS%202013/0099.pdf HTTP/1.1" 200 1312510
190.228.28.138 - - [27/Dec/2014:19:47:14 -0500] "GET /BLA/resoluciones/AUTOS%202013/0099.pdf HTTP/1.1" 206 32768
190.228.28.138 - - [27/Dec/2014:19:47:14 -0500] "GET /BLA/resoluciones/AUTOS%202013/0099.pdf HTTP/1.1" 206 1279742
190.228.28.138 - - [27/Dec/2014:19:47:18 -0500] "GET /favicon.ico HTTP/1.1" 200 7782
66.249.73.163 - - [27/Dec/2014:19:47:19 -0500] "GET /BLA/resoluciones/RESOLUCIONES%202009/7121.pdf HTTP/1.1" 200 489281
66.249.73.163 - - [27/Dec/2014:19:47:32 -0500] "GET /BLA/resoluciones/RESOLUCIONES%202005/RES%202005%202701%20-2750/00002745.tif HTTP/1.1" 200 175580
66.249.73.155 - - [27/Dec/2014:19:47:32 -0500] "GET /BLA/resoluciones/RESOLUCIONES%202006/RES%202006%20%202901-2950/00002949.tif HTTP/1.1" 200 220832
186.84.40.34 - - [27/Dec/2014:19:47:35 -0500] "POST /forms/lservlet;jsessionid=ac16012b30d5f45d3a432e774dcea183dfd7e0dcc671.e3iSbxaKaheRe34Sa3yKbhiTahb0n6jAmljGr5XDqQLvpAe HTTP/1.1" 200 2
186.154.84.82 - - [27/Dec/2014:19:48:17 -0500] "GET /forest/skins/gdocs-jar/popup/popup.jsp?width=850&height=380&title=Informaci%F3n%20del%20radicado&uri=/forest/system/document.jsp%3FcodDoc%3D1945521&name=undefined&_a=0.6861801249906421&a=0.6197624960914254 HTTP/1.1" 200 1315
186.154.84.82 - - [27/Dec/2014:19:48:17 -0500] "GET /forest/system/document.jsp?codDoc=1945521 HTTP/1.1" 200 14670
186.154.84.82 - - [27/Dec/2014:19:48:17 -0500] "GET /forest/system/document.jsp?codDoc=1945521 HTTP/1.1" 200 25180
