190.156.56.207 - - [27/Dec/2014:17:48:44 -0500] "GET /forest/img/panel/menu/hoy.png HTTP/1.1" 200 1215
190.156.56.207 - - [27/Dec/2014:17:48:45 -0500] "GET /forest/img/panel/menu/danger2.png HTTP/1.1" 200 1358
190.156.56.207 - - [27/Dec/2014:17:48:46 -0500] "GET /forest/skins/gdocs-jar/img/icons/pdf.gif HTTP/1.1" 200 230
190.156.56.207 - - [27/Dec/2014:17:48:46 -0500] "GET /forest/img/misdocumentos.gif HTTP/1.1" 200 545
190.156.56.207 - - [27/Dec/2014:17:48:46 -0500] "GET /forest/img/instanciar.gif HTTP/1.1" 200 1589
190.156.56.207 - - [27/Dec/2014:17:48:46 -0500] "GET /forest/skins/gdocs-jar/img/cancel.gif HTTP/1.1" 200 77
190.156.56.207 - - [27/Dec/2014:17:48:52 -0500] "GET /forest/session.jsp?a=0.46609157882630825 HTTP/1.1" 200 4
186.30.66.14 - - [27/Dec/2014:17:49:07 -0500] "POST /forms/lservlet;jsessionid=ac16012b30d53ea9f84bca5f42a9821692df51710c28.e3iSbxaKaheRe34Sa3yKbhiTahb0n6jAmljGr5XDqQLvpAe HTTP/1.1" 200 2
66.249.73.163 - - [27/Dec/2014:17:49:12 -0500] "GET /BLA/resoluciones/RESOLUCIONES%202007/RES%202007%203801%20AL%203900/RESOLUCION%203804%20%20DE%202007.pdf HTTP/1.1" 304 -
190.156.143.139 - - [27/Dec/2014:17:49:14 -0500] "POST /forms/lservlet;jsessionid=ac16012b30d52e7787fc743b4a99828fba55a1ee10d6.e3iSbxaKaheRe34Sa3yKbhiTahb0n6jAmljGr5XDqQLvpAe HTTP/1.1" 200 2
186.84.40.34 - - [27/Dec/2014:17:49:28 -0500] "POST /forms/lservlet;jsessionid=ac16012b30d5f45d3a432e774dcea183dfd7e0dcc671.e3iSbxaKaheRe34Sa3yKbhiTahb0n6jAmljGr5XDqQLvpAe HTTP/1.1" 200 2
186.84.40.34 - - [27/Dec/2014:17:49:59 -0500] "POST /forms/lservlet;jsessionid=ac16012b30d5f45d3a432e774dcea183dfd7e0dcc671.e3iSbxaKaheRe34Sa3yKbhiTahb0n6jAmljGr5XDqQLvpAe HTTP/1.1" 200 2
181.61.151.244 - - [27/Dec/2014:17:49:59 -0500] "GET /BLA/boletinlegal/js/jquery.js HTTP/1.1" 200 57254
181.61.151.244 - - [27/Dec/2014:17:49:59 -0500] "GET /BLA/boletinlegal/js/jquery.scrollTo-min.js HTTP/1.1" 200 1150
181.61.151.244 - - [27/Dec/2014:17:49:59 -0500] "GET /BLA/boletinlegal/js/jquery.scrollShow.js HTTP/1.1" 200 4586
186.84.40.34 - - [27/Dec/2014:17:49:59 -0500] "POST /forms/lservlet;jsessionid=ac16012b30d5f45d3a432e774dcea183dfd7e0dcc671.e3iSbxaKaheRe34Sa3yKbhiTahb0n6jAmljGr5XDqQLvpAe HTTP/1.1" 200 14
186.84.40.34 - - [27/Dec/2014:17:50:00 -0500] "POST /forms/lservlet;jsessionid=ac16012b30d5f45d3a432e774dcea183dfd7e0dcc671.e3iSbxaKaheRe34Sa3yKbhiTahb0n6jAmljGr5XDqQLvpAe HTTP/1.1" 200 14
186.84.40.34 - - [27/Dec/2014:17:50:01 -0500] "POST /forms/lservlet;jsessionid=ac16012b30d5f45d3a432e774dcea183dfd7e0dcc671.e3iSbxaKaheRe34Sa3yKbhiTahb0n6jAmljGr5XDqQLvpAe HTTP/1.1" 200 14
186.84.40.34 - - [27/Dec/2014:17:50:03 -0500] "POST /forms/lservlet;jsessionid=ac16012b30d5f45d3a432e774dcea183dfd7e0dcc671.e3iSbxaKaheRe34Sa3yKbhiTahb0n6jAmljGr5XDqQLvpAe HTTP/1.1" 200 110
186.84.40.34 - - [27/Dec/2014:17:50:03 -0500] "POST /forms/lservlet;jsessionid=ac16012b30d5f45d3a432e774dcea183dfd7e0dcc671.e3iSbxaKaheRe34Sa3yKbhiTahb0n6jAmljGr5XDqQLvpAe HTTP/1.1" 200 11
186.84.40.34 - - [27/Dec/2014:17:50:03 -0500] "GET /reports/rwservlet/getjobid338263?server=rep_srvapsda HTTP/1.1" 200 1972105
66.249.73.163 - - [27/Dec/2014:17:50:11 -0500] "GET /BLA/resoluciones/RESOLUCIONES%202009/2260.pdf HTTP/1.1" 200 463458
186.84.17.36 - - [27/Dec/2014:17:50:31 -0500] "GET /BLA/resoluciones/RESOLUCIONES%202010/1004.pdf HTTP/1.1" 200 107408
186.84.17.36 - - [27/Dec/2014:17:50:31 -0500] "GET /BLA/resoluciones/RESOLUCIONES%202010/1004.pdf HTTP/1.1" 206 32768
186.84.17.36 - - [27/Dec/2014:17:50:31 -0500] "GET /BLA/resoluciones/RESOLUCIONES%202010/1004.pdf HTTP/1.1" 206 74640
186.84.17.36 - - [27/Dec/2014:17:50:31 -0500] "GET /favicon.ico HTTP/1.1" 200 7782
74.86.158.107 - - [27/Dec/2014:17:50:34 -0500] "HEAD / HTTP/1.1" 302 -
190.156.56.207 - - [27/Dec/2014:17:49:08 -0500] "GET /forest/documentos/1988222/2014IE217818.pdf HTTP/1.1" 200 564696
186.30.66.14 - - [27/Dec/2014:17:51:07 -0500] "POST /forms/lservlet;jsessionid=ac16012b30d53ea9f84bca5f42a9821692df51710c28.e3iSbxaKaheRe34Sa3yKbhiTahb0n6jAmljGr5XDqQLvpAe HTTP/1.1" 200 2
66.249.73.163 - - [27/Dec/2014:17:51:09 -0500] "GET /BLA/resoluciones/RESOLUCIONES%202010/6524.pdf HTTP/1.1" 304 -
190.156.143.139 - - [27/Dec/2014:17:51:15 -0500] "POST /forms/lservlet;jsessionid=ac16012b30d52e7787fc743b4a99828fba55a1ee10d6.e3iSbxaKaheRe34Sa3yKbhiTahb0n6jAmljGr5XDqQLvpAe HTTP/1.1" 200 2
186.154.84.82 - - [27/Dec/2014:17:51:18 -0500] "GET /forest/session.jsp?a=0.9740253954660147 HTTP/1.1" 200 4
191.66.149.225 - - [27/Dec/2014:17:51:25 -0500] "GET /galeria/nivo-slider/demo/demo.html HTTP/1.1" 304 -
191.66.149.225 - - [27/Dec/2014:17:51:26 -0500] "GET /galeria/nivo-slider/demo/images/bolsas-08.jpg HTTP/1.1" 304 -
191.66.149.225 - - [27/Dec/2014:17:51:26 -0500] "GET /galeria/nivo-slider/demo/images/bolsas-06.jpg HTTP/1.1" 304 -
191.66.149.225 - - [27/Dec/2014:17:51:26 -0500] "GET /galeria/nivo-slider/demo/images/Ruta-vertimientos-01.jpg HTTP/1.1" 304 -
186.84.40.34 - - [27/Dec/2014:17:51:28 -0500] "POST /forms/lservlet;jsessionid=ac16012b30d5f45d3a432e774dcea183dfd7e0dcc671.e3iSbxaKaheRe34Sa3yKbhiTahb0n6jAmljGr5XDqQLvpAe HTTP/1.1" 200 2
180.76.5.193 - - [27/Dec/2014:17:51:43 -0500] "GET /BLA/resoluciones/RESOLUCIONES%202007/RES%202007%203301%20AL%203400/RESOLUCION%203383%20DE%202007.pdf HTTP/1.1" 200 670150
181.207.179.97 - - [27/Dec/2014:17:52:03 -0500] "GET /forest/skins/gdocs-jar/css/forest.css?version=1412.231748 HTTP/1.1" 200 51
181.207.179.97 - - [27/Dec/2014:17:52:03 -0500] "GET /forest/skins/gdocs-jar/css/menu.css?version=1412.231748 HTTP/1.1" 200 4235
181.207.179.97 - - [27/Dec/2014:17:52:04 -0500] "GET /forest/skins/gdocs-jar/css/autocomplete.css?version=1412.231748 HTTP/1.1" 200 1620
181.207.179.97 - - [27/Dec/2014:17:52:04 -0500] "GET /forest/css/index.css?version=1412.231748 HTTP/1.1" 200 1900
66.249.73.171 - - [27/Dec/2014:17:52:08 -0500] "GET /BLA/resoluciones/RESOLUCIONES%202008/4211.pdf HTTP/1.1" 304 -
181.207.179.97 - - [27/Dec/2014:17:51:49 -0500] "GET /forest/misactividades.do?_a=0.929541751742363&group_system_actual=3 HTTP/1.1" 200 12758
190.27.142.110 - - [27/Dec/2014:17:52:37 -0500] "GET /BLA/resoluciones/RESOLUCIONES%202013/0812.pdf HTTP/1.1" 200 628268
190.27.142.110 - - [27/Dec/2014:17:52:38 -0500] "GET /BLA/resoluciones/RESOLUCIONES%202013/0812.pdf HTTP/1.1" 200 628268
181.207.179.97 - - [27/Dec/2014:17:52:04 -0500] "GET /forest/css/escritorio.css?version=1412.231748 HTTP/1.1" 200 15878
66.249.73.163 - - [27/Dec/2014:17:53:07 -0500] "GET /BLA/resoluciones/AUTOS%202009/1430.pdf HTTP/1.1" 200 283730
186.30.66.14 - - [27/Dec/2014:17:53:07 -0500] "POST /forms/lservlet;jsessionid=ac16012b30d53ea9f84bca5f42a9821692df51710c28.e3iSbxaKaheRe34Sa3yKbhiTahb0n6jAmljGr5XDqQLvpAe HTTP/1.1" 200 2
190.156.143.139 - - [27/Dec/2014:17:53:15 -0500] "POST /forms/lservlet;jsessionid=ac16012b30d52e7787fc743b4a99828fba55a1ee10d6.e3iSbxaKaheRe34Sa3yKbhiTahb0n6jAmljGr5XDqQLvpAe HTTP/1.1" 200 2
181.207.179.97 - - [27/Dec/2014:17:53:26 -0500] "GET /forest/1ibre/jscalendar/calendar-win2k-1.css?version=1412.231748 HTTP/1.1" 200 5986
181.207.179.97 - - [27/Dec/2014:17:53:27 -0500] "GET /forest/skins/gdocs-jar/css/dialog.css?version=1412.231748 HTTP/1.1" 200 1430
181.207.179.97 - - [27/Dec/2014:17:53:28 -0500] "GET /forest/skins/gdocs-jar/css/forms.css?version=1412.231748 HTTP/1.1" 200 7180
186.84.40.34 - - [27/Dec/2014:17:53:28 -0500] "POST /forms/lservlet;jsessionid=ac16012b30d5f45d3a432e774dcea183dfd7e0dcc671.e3iSbxaKaheRe34Sa3yKbhiTahb0n6jAmljGr5XDqQLvpAe HTTP/1.1" 200 2
190.84.216.174 - - [27/Dec/2014:17:53:42 -0500] "GET /BLA/boletinlegal/js/jquery.scrollTo-min.js HTTP/1.1" 200 1150
190.84.216.174 - - [27/Dec/2014:17:53:42 -0500] "GET /BLA/boletinlegal/js/jquery.js HTTP/1.1" 200 57254
190.84.216.174 - - [27/Dec/2014:17:53:42 -0500] "GET /BLA/boletinlegal/js/jquery.scrollShow.js HTTP/1.1" 200 4586
181.207.179.97 - - [27/Dec/2014:17:53:47 -0500] "GET /BLA/boletinlegal/js/jquery.scrollTo-min.js HTTP/1.1" 200 1150
181.207.179.97 - - [27/Dec/2014:17:53:47 -0500] "GET /BLA/boletinlegal/js/jquery.js HTTP/1.1" 200 57254
181.207.179.97 - - [27/Dec/2014:17:53:48 -0500] "GET /BLA/boletinlegal/js/jquery.scrollShow.js HTTP/1.1" 200 4586
181.207.179.97 - - [27/Dec/2014:17:53:48 -0500] "GET /galeria/carrusel/Carrusel/jquery.thumbnailScroller.css HTTP/1.1" 200 2066
181.207.179.97 - - [27/Dec/2014:17:53:48 -0500] "GET /galeria/carrusel/Carrusel/jquery-ui-1.8.13.custom.min.js HTTP/1.1" 200 10800
181.207.179.97 - - [27/Dec/2014:17:53:48 -0500] "GET /galeria/carrusel/Carrusel/jquery.thumbnailScroller.js HTTP/1.1" 200 8157
186.84.40.34 - - [27/Dec/2014:17:53:51 -0500] "POST /forms/lservlet;jsessionid=ac16012b30d5f45d3a432e774dcea183dfd7e0dcc671.e3iSbxaKaheRe34Sa3yKbhiTahb0n6jAmljGr5XDqQLvpAe HTTP/1.1" 200 76
186.84.40.34 - - [27/Dec/2014:17:53:53 -0500] "POST /forms/lservlet;jsessionid=ac16012b30d5f45d3a432e774dcea183dfd7e0dcc671.e3iSbxaKaheRe34Sa3yKbhiTahb0n6jAmljGr5XDqQLvpAe HTTP/1.1" 200 2388
190.84.185.167 - - [27/Dec/2014:17:53:54 -0500] "GET /forms/frmservlet?config=sia HTTP/1.0" 200 4022
181.207.179.97 - - [27/Dec/2014:17:53:54 -0500] "GET /galeria/nivo-slider/demo/demo.html HTTP/1.1" 200 3237
186.84.40.34 - - [27/Dec/2014:17:53:59 -0500] "POST /forms/lservlet;jsessionid=ac16012b30d5f45d3a432e774dcea183dfd7e0dcc671.e3iSbxaKaheRe34Sa3yKbhiTahb0n6jAmljGr5XDqQLvpAe HTTP/1.1" 200 22
186.84.40.34 - - [27/Dec/2014:17:54:00 -0500] "POST /forms/lservlet;jsessionid=ac16012b30d5f45d3a432e774dcea183dfd7e0dcc671.e3iSbxaKaheRe34Sa3yKbhiTahb0n6jAmljGr5XDqQLvpAe HTTP/1.1" 200 4265
186.84.40.34 - - [27/Dec/2014:17:54:00 -0500] "POST /forms/lservlet;jsessionid=ac16012b30d5f45d3a432e774dcea183dfd7e0dcc671.e3iSbxaKaheRe34Sa3yKbhiTahb0n6jAmljGr5XDqQLvpAe HTTP/1.1" 200 2
181.207.179.97 - - [27/Dec/2014:17:54:00 -0500] "GET /forest/img/loading.gif HTTP/1.1" 200 1197
186.84.40.34 - - [27/Dec/2014:17:54:01 -0500] "POST /forms/lservlet;jsessionid=ac16012b30d5f45d3a432e774dcea183dfd7e0dcc671.e3iSbxaKaheRe34Sa3yKbhiTahb0n6jAmljGr5XDqQLvpAe HTTP/1.1" 200 141
181.207.179.97 - - [27/Dec/2014:17:52:51 -0500] "GET /forest/js/json3.js HTTP/1.1" 200 39592
66.249.73.163 - - [27/Dec/2014:17:54:06 -0500] "GET /BLA/resoluciones/RESOLUCIONES%202012/1301.pdf HTTP/1.1" 304 -
186.84.40.34 - - [27/Dec/2014:17:54:06 -0500] "POST /forms/lservlet;jsessionid=ac16012b30d5f45d3a432e774dcea183dfd7e0dcc671.e3iSbxaKaheRe34Sa3yKbhiTahb0n6jAmljGr5XDqQLvpAe HTTP/1.1" 200 108
181.207.179.97 - - [27/Dec/2014:17:54:11 -0500] "GET /galeria/nivo-slider/demo/images/Ruta-vertimientos-01.jpg HTTP/1.1" 200 130151
181.207.179.97 - - [27/Dec/2014:17:54:11 -0500] "GET /galeria/nivo-slider/demo/images/bolsas-06.jpg HTTP/1.1" 200 90982
186.84.40.34 - - [27/Dec/2014:17:54:11 -0500] "POST /forms/lservlet;jsessionid=ac16012b30d5f45d3a432e774dcea183dfd7e0dcc671.e3iSbxaKaheRe34Sa3yKbhiTahb0n6jAmljGr5XDqQLvpAe HTTP/1.1" 200 2
186.84.40.34 - - [27/Dec/2014:17:54:11 -0500] "POST /forms/lservlet;jsessionid=ac16012b30d5f45d3a432e774dcea183dfd7e0dcc671.e3iSbxaKaheRe34Sa3yKbhiTahb0n6jAmljGr5XDqQLvpAe HTTP/1.1" 200 14
186.84.40.34 - - [27/Dec/2014:17:54:13 -0500] "POST /forms/lservlet;jsessionid=ac16012b30d5f45d3a432e774dcea183dfd7e0dcc671.e3iSbxaKaheRe34Sa3yKbhiTahb0n6jAmljGr5XDqQLvpAe HTTP/1.1" 200 14
186.84.40.34 - - [27/Dec/2014:17:54:14 -0500] "POST /forms/lservlet;jsessionid=ac16012b30d5f45d3a432e774dcea183dfd7e0dcc671.e3iSbxaKaheRe34Sa3yKbhiTahb0n6jAmljGr5XDqQLvpAe HTTP/1.1" 200 114
186.84.40.34 - - [27/Dec/2014:17:54:14 -0500] "POST /forms/lservlet;jsessionid=ac16012b30d5f45d3a432e774dcea183dfd7e0dcc671.e3iSbxaKaheRe34Sa3yKbhiTahb0n6jAmljGr5XDqQLvpAe HTTP/1.1" 200 12
186.84.40.34 - - [27/Dec/2014:17:54:15 -0500] "GET /reports/rwservlet/getjobid338264?server=rep_srvapsda HTTP/1.1" 200 47999
181.207.179.97 - - [27/Dec/2014:17:54:19 -0500] "GET /galeria/nivo-slider/demo/images/ecolecta-Dic2014.png HTTP/1.1" 304 -
181.207.179.97 - - [27/Dec/2014:17:54:24 -0500] "GET /forest/img/spacer.gif HTTP/1.1" 200 43
181.207.179.97 - - [27/Dec/2014:17:53:31 -0500] "GET /forest/jsoptimized/gz/js/gdocsall-1412.231748.js HTTP/1.1" 200 99216
66.249.73.171 - - [27/Dec/2014:17:54:31 -0500] "GET /BLA/resoluciones/AUTOS%202007/1228.pdf HTTP/1.1" 200 90497
181.50.82.153 - - [27/Dec/2014:17:54:33 -0500] "GET /BLA/boletinlegal/js/jquery.js HTTP/1.1" 200 57254
181.50.82.153 - - [27/Dec/2014:17:54:33 -0500] "GET /BLA/boletinlegal/js/jquery.scrollTo-min.js HTTP/1.1" 200 1150
181.50.82.153 - - [27/Dec/2014:17:54:33 -0500] "GET /BLA/boletinlegal/js/jquery.scrollShow.js HTTP/1.1" 200 4586
190.84.185.167 - - [27/Dec/2014:17:54:34 -0500] "GET /forms/java/frmall_jinit.jar HTTP/1.1" 304 -
190.84.185.167 - - [27/Dec/2014:17:54:37 -0500] "GET /forms/java/icons.jar HTTP/1.1" 304 -
190.84.185.167 - - [27/Dec/2014:17:54:38 -0500] "GET /forms/java/java/awt/KeyboardFocusManager.class HTTP/1.0" 404 352
190.84.185.167 - - [27/Dec/2014:17:54:39 -0500] "GET /forms/java/java/awt/KeyboardFocusManager.class HTTP/1.1" 404 352
190.84.185.167 - - [27/Dec/2014:17:54:41 -0500] "GET /forms/java/java/awt/event/MouseWheelListener.class HTTP/1.0" 404 356
190.84.185.167 - - [27/Dec/2014:17:54:41 -0500] "GET /forms/java/java/awt/event/MouseWheelListener.class HTTP/1.1" 404 356
190.84.185.167 - - [27/Dec/2014:17:54:43 -0500] "GET /forms/java/oracle/forms/registry/Registry.dat HTTP/1.1" 200 4213
190.84.185.167 - - [27/Dec/2014:17:54:43 -0500] "GET /forms/java/oracle/forms/registry/default.dat HTTP/1.1" 404 350
190.84.185.167 - - [27/Dec/2014:17:54:43 -0500] "GET /forms/frmservlet?config=sia&acceptLanguage=en&ifcmd=startsession HTTP/1.1" 200 119
190.84.185.167 - - [27/Dec/2014:17:54:43 -0500] "GET /forms/lservlet;jsessionid=ac16012b30d5663dd830421c49e39f12d6ba7eff8571.e3iSbxaKaheRe34Sa3yKbhiTahb0n6jAmljGr5XDqQLvpAe?ifcmd=getinfo&ifhost=bv-4be2e1eefafd&ifip=192.168.0.19 HTTP/1.1" 200 8
190.84.185.167 - - [27/Dec/2014:17:54:43 -0500] "POST /forms/lservlet;jsessionid=ac16012b30d5663dd830421c49e39f12d6ba7eff8571.e3iSbxaKaheRe34Sa3yKbhiTahb0n6jAmljGr5XDqQLvpAe HTTP/1.1" 200 8
190.84.185.167 - - [27/Dec/2014:17:54:44 -0500] "POST /forms/lservlet;jsessionid=ac16012b30d5663dd830421c49e39f12d6ba7eff8571.e3iSbxaKaheRe34Sa3yKbhiTahb0n6jAmljGr5XDqQLvpAe HTTP/1.1" 200 64000
190.84.185.167 - - [27/Dec/2014:17:54:45 -0500] "POST /forms/lservlet;jsessionid=ac16012b30d5663dd830421c49e39f12d6ba7eff8571.e3iSbxaKaheRe34Sa3yKbhiTahb0n6jAmljGr5XDqQLvpAe HTTP/1.1" 200 64000
190.84.185.167 - - [27/Dec/2014:17:54:46 -0500] "POST /forms/lservlet;jsessionid=ac16012b30d5663dd830421c49e39f12d6ba7eff8571.e3iSbxaKaheRe34Sa3yKbhiTahb0n6jAmljGr5XDqQLvpAe HTTP/1.1" 200 63623
190.84.185.167 - - [27/Dec/2014:17:54:49 -0500] "HEAD /imagenes/dama_logo.gif HTTP/1.1" 200 -
190.84.185.167 - - [27/Dec/2014:17:54:49 -0500] "GET /imagenes/dama_logo.gif HTTP/1.1" 200 21482
190.84.185.167 - - [27/Dec/2014:17:54:51 -0500] "POST /forms/lservlet;jsessionid=ac16012b30d5663dd830421c49e39f12d6ba7eff8571.e3iSbxaKaheRe34Sa3yKbhiTahb0n6jAmljGr5XDqQLvpAe HTTP/1.1" 200 2
66.249.73.155 - - [27/Dec/2014:17:55:04 -0500] "GET /BLA/resoluciones/RESOLUCIONES%202010/4981.pdf HTTP/1.1" 200 693509
186.30.66.14 - - [27/Dec/2014:17:55:07 -0500] "POST /forms/lservlet;jsessionid=ac16012b30d53ea9f84bca5f42a9821692df51710c28.e3iSbxaKaheRe34Sa3yKbhiTahb0n6jAmljGr5XDqQLvpAe HTTP/1.1" 200 2
190.156.143.139 - - [27/Dec/2014:17:55:15 -0500] "POST /forms/lservlet;jsessionid=ac16012b30d52e7787fc743b4a99828fba55a1ee10d6.e3iSbxaKaheRe34Sa3yKbhiTahb0n6jAmljGr5XDqQLvpAe HTTP/1.1" 200 2
186.43.39.179 - - [27/Dec/2014:17:55:24 -0500] "GET /BLA/resoluciones/RESOLUCIONES%202013/0260.pdf HTTP/1.1" 200 3465756
186.43.39.179 - - [27/Dec/2014:17:55:24 -0500] "GET /BLA/resoluciones/RESOLUCIONES%202013/0260.pdf HTTP/1.1" 206 32768
186.43.39.179 - - [27/Dec/2014:17:55:25 -0500] "GET /BLA/resoluciones/RESOLUCIONES%202013/0260.pdf HTTP/1.1" 206 3432988
201.184.71.4 - - [27/Dec/2014:17:55:25 -0500] "GET /BLA/boletinlegal/js/jquery.js HTTP/1.1" 200 57254
201.184.71.4 - - [27/Dec/2014:17:55:25 -0500] "GET /BLA/boletinlegal/js/jquery.scrollTo-min.js HTTP/1.1" 200 1150
201.184.71.4 - - [27/Dec/2014:17:55:25 -0500] "GET /BLA/boletinlegal/js/jquery.scrollShow.js HTTP/1.1" 200 4586
186.84.40.34 - - [27/Dec/2014:17:55:29 -0500] "POST /forms/lservlet;jsessionid=ac16012b30d5f45d3a432e774dcea183dfd7e0dcc671.e3iSbxaKaheRe34Sa3yKbhiTahb0n6jAmljGr5XDqQLvpAe HTTP/1.1" 200 2
186.43.39.179 - - [27/Dec/2014:17:55:32 -0500] "GET /favicon.ico HTTP/1.1" 200 7782
74.86.158.107 - - [27/Dec/2014:17:55:34 -0500] "HEAD / HTTP/1.1" 302 -
181.204.176.143 - - [27/Dec/2014:17:55:54 -0500] "GET /forest/buscar.do?type=procesos HTTP/1.1" 200 11196
181.204.176.143 - - [27/Dec/2014:17:55:54 -0500] "GET /forest/skins/gdocs-jar/css/forest.css?version=1412.231748 HTTP/1.1" 200 51
181.204.176.143 - - [27/Dec/2014:17:55:54 -0500] "GET /forest/skins/gdocs-jar/css/menu.css?version=1412.231748 HTTP/1.1" 200 4235
181.204.176.143 - - [27/Dec/2014:17:55:54 -0500] "GET /forest/skins/gdocs-jar/css/autocomplete.css?version=1412.231748 HTTP/1.1" 200 1620
181.204.176.143 - - [27/Dec/2014:17:55:54 -0500] "GET /forest/css/escritorio.css?version=1412.231748 HTTP/1.1" 200 15878
181.204.176.143 - - [27/Dec/2014:17:55:54 -0500] "GET /forest/css/index.css?version=1412.231748 HTTP/1.1" 200 1900
181.204.176.143 - - [27/Dec/2014:17:55:54 -0500] "GET /forest/1ibre/jscalendar/calendar-win2k-1.css?version=1412.231748 HTTP/1.1" 200 5986
181.204.176.143 - - [27/Dec/2014:17:55:54 -0500] "GET /forest/skins/gdocs-jar/css/dialog.css?version=1412.231748 HTTP/1.1" 200 1430
181.204.176.143 - - [27/Dec/2014:17:55:54 -0500] "GET /forest/skins/gdocs-jar/css/forms.css?version=1412.231748 HTTP/1.1" 200 7180
181.204.176.143 - - [27/Dec/2014:17:55:55 -0500] "GET /forest/img/loading.gif HTTP/1.1" 200 1197
181.204.176.143 - - [27/Dec/2014:17:55:55 -0500] "GET /forest/img/base/login/logo.gif HTTP/1.1" 200 11171
181.204.176.143 - - [27/Dec/2014:17:55:54 -0500] "GET /forest/jsoptimized/gz/js/gdocsall-1412.231748.js HTTP/1.1" 200 99216
181.204.176.143 - - [27/Dec/2014:17:55:55 -0500] "GET /forest/js/json3.js HTTP/1.1" 200 39592
181.204.176.143 - - [27/Dec/2014:17:55:56 -0500] "GET /forest/img/base/login/dialog_password.gif HTTP/1.1" 200 5924
181.204.176.143 - - [27/Dec/2014:17:55:56 -0500] "GET /forest/img/mplogo.gif HTTP/1.1" 200 806
181.204.176.143 - - [27/Dec/2014:17:55:56 -0500] "GET /forest/img/close.gif HTTP/1.1" 200 571
181.204.176.143 - - [27/Dec/2014:17:55:56 -0500] "GET /forest/skins/gdocs-jar/img/okey.gif HTTP/1.1" 200 203
181.204.176.143 - - [27/Dec/2014:17:55:57 -0500] "GET /forest/img/base/login/bgLogin2.jpg HTTP/1.1" 200 13960
181.204.176.143 - - [27/Dec/2014:17:55:57 -0500] "GET /forest/img/base/login/bgBtnLogin2.jpg HTTP/1.1" 200 799
181.204.176.143 - - [27/Dec/2014:17:55:57 -0500] "GET /forest/img/base/login/big_seperator.png HTTP/1.1" 200 2878
181.204.176.143 - - [27/Dec/2014:17:55:56 -0500] "GET /forest/img/base/login/logoForest.png HTTP/1.1" 200 62521
181.204.176.143 - - [27/Dec/2014:17:55:56 -0500] "GET /forest/img/base/login/nomSistema.png HTTP/1.1" 200 97087
181.204.176.143 - - [27/Dec/2014:17:55:57 -0500] "GET /forest/img/base/login/bgLogin.png HTTP/1.1" 200 97252
181.204.176.143 - - [27/Dec/2014:17:55:59 -0500] "GET /forest/1ibre/1ibre.css HTTP/1.1" 200 614
181.204.176.143 - - [27/Dec/2014:17:55:59 -0500] "GET /forest/img/forestIcon.gif?version=1412.231748 HTTP/1.1" 200 573
66.249.73.171 - - [27/Dec/2014:17:56:03 -0500] "GET /BLA/resoluciones/RESOLUCIONES%202010/3332.pdf HTTP/1.1" 200 751199
186.84.40.34 - - [27/Dec/2014:17:56:17 -0500] "POST /forms/lservlet;jsessionid=ac16012b30d5f45d3a432e774dcea183dfd7e0dcc671.e3iSbxaKaheRe34Sa3yKbhiTahb0n6jAmljGr5XDqQLvpAe HTTP/1.1" 200 2
186.84.40.34 - - [27/Dec/2014:17:56:17 -0500] "POST /forms/lservlet;jsessionid=ac16012b30d5f45d3a432e774dcea183dfd7e0dcc671.e3iSbxaKaheRe34Sa3yKbhiTahb0n6jAmljGr5XDqQLvpAe HTTP/1.1" 200 14
186.154.84.82 - - [27/Dec/2014:17:56:19 -0500] "GET /forest/session.jsp?a=0.4179437968414277 HTTP/1.1" 200 4
186.84.40.34 - - [27/Dec/2014:17:56:18 -0500] "POST /forms/lservlet;jsessionid=ac16012b30d5f45d3a432e774dcea183dfd7e0dcc671.e3iSbxaKaheRe34Sa3yKbhiTahb0n6jAmljGr5XDqQLvpAe HTTP/1.1" 200 14
181.204.176.143 - - [27/Dec/2014:17:56:20 -0500] "POST /forest/login.do HTTP/1.1" 302 -
186.84.40.34 - - [27/Dec/2014:17:56:20 -0500] "POST /forms/lservlet;jsessionid=ac16012b30d5f45d3a432e774dcea183dfd7e0dcc671.e3iSbxaKaheRe34Sa3yKbhiTahb0n6jAmljGr5XDqQLvpAe HTTP/1.1" 200 115
186.84.40.34 - - [27/Dec/2014:17:56:20 -0500] "POST /forms/lservlet;jsessionid=ac16012b30d5f45d3a432e774dcea183dfd7e0dcc671.e3iSbxaKaheRe34Sa3yKbhiTahb0n6jAmljGr5XDqQLvpAe HTTP/1.1" 200 7
181.204.176.143 - - [27/Dec/2014:17:56:20 -0500] "GET /forest/img/panel/right/home.gif HTTP/1.1" 200 2296
181.204.176.143 - - [27/Dec/2014:17:56:20 -0500] "GET /forest/index2.jsp?a=0.9998057599382112 HTTP/1.1" 200 62213
181.204.176.143 - - [27/Dec/2014:17:56:21 -0500] "GET /forest/img/panel/right/binoculars.gif HTTP/1.1" 200 3095
181.204.176.143 - - [27/Dec/2014:17:56:21 -0500] "GET /forest/img/buscar_documentos.gif HTTP/1.1" 200 674
181.204.176.143 - - [27/Dec/2014:17:56:21 -0500] "GET /forest/img/buscar_procesos.gif HTTP/1.1" 200 158
181.204.176.143 - - [27/Dec/2014:17:56:21 -0500] "GET /forest/img/panel/right/reports.gif HTTP/1.1" 200 2479
181.204.176.143 - - [27/Dec/2014:17:56:21 -0500] "GET /forest/img/base/banner/banner_r1_c2.gif HTTP/1.1" 200 126
181.204.176.143 - - [27/Dec/2014:17:56:21 -0500] "GET /forest/skins/gdocs-jar/css/tree.css HTTP/1.1" 200 223
181.204.176.143 - - [27/Dec/2014:17:56:21 -0500] "GET /forest/skins/gdocs-jar/css/autocomplete.css HTTP/1.1" 200 1620
181.204.176.143 - - [27/Dec/2014:17:56:21 -0500] "GET /forest/skins/gdocs-jar/js/xml_utilities.js?version=1412.231748 HTTP/1.1" 200 2433
181.204.176.143 - - [27/Dec/2014:17:56:21 -0500] "GET /forest/js/inicio.js?version=1412.231748 HTTP/1.1" 200 2303
181.204.176.143 - - [27/Dec/2014:17:56:21 -0500] "GET /forest/skins/gdocs-jar/js/misprocesos.js?version=1412.231748 HTTP/1.1" 200 5890
181.204.176.143 - - [27/Dec/2014:17:56:22 -0500] "GET /forest/img/panel/bgTitle.jpg HTTP/1.1" 200 524
181.204.176.143 - - [27/Dec/2014:17:56:22 -0500] "GET /forest/img/panel/docFisico.gif HTTP/1.1" 200 3569
181.204.176.143 - - [27/Dec/2014:17:56:22 -0500] "GET /forest/img/panel/clasificarTRD.gif HTTP/1.1" 200 3259
181.204.176.143 - - [27/Dec/2014:17:56:22 -0500] "GET /forest/img/panel/docInformativo.gif HTTP/1.1" 200 2413
181.204.176.143 - - [27/Dec/2014:17:56:22 -0500] "GET /forest/img/panel/docTramite.gif HTTP/1.1" 200 2998
181.204.176.143 - - [27/Dec/2014:17:56:22 -0500] "GET /forest/img/panel/reasignarActividades.gif HTTP/1.1" 200 3021
181.204.176.143 - - [27/Dec/2014:17:56:22 -0500] "GET /forest/img/panel/alerta.png HTTP/1.1" 200 3350
181.204.176.143 - - [27/Dec/2014:17:56:22 -0500] "GET /forest/img/panel/comment.png HTTP/1.1" 200 10610
181.204.176.143 - - [27/Dec/2014:17:56:21 -0500] "GET /forest/skins/gdocs-jar/js/autocompletar2.js?version=1412.231748 HTTP/1.1" 200 24595
181.204.176.143 - - [27/Dec/2014:17:56:22 -0500] "GET /forest/img/panel/reparto.gif HTTP/1.1" 200 2892
181.204.176.143 - - [27/Dec/2014:17:56:22 -0500] "GET /forest/img/panel/popAnimated.gif HTTP/1.1" 200 1990
181.204.176.143 - - [27/Dec/2014:17:56:22 -0500] "GET /forest/img/panel/right/notify.gif HTTP/1.1" 200 2288
181.204.176.143 - - [27/Dec/2014:17:56:23 -0500] "GET /forest/img/panel/right/logout.gif HTTP/1.1" 200 2856
181.204.176.143 - - [27/Dec/2014:17:56:23 -0500] "GET /forest/img/panel/right/help.gif HTTP/1.1" 200 1935
181.204.176.143 - - [27/Dec/2014:17:56:23 -0500] "GET /forest/img/base/banner/banner_r1_c1.gif HTTP/1.1" 200 11482
181.204.176.143 - - [27/Dec/2014:17:56:23 -0500] "GET /forest/img/panel/2.gif HTTP/1.1" 200 2127
181.204.176.143 - - [27/Dec/2014:17:56:23 -0500] "GET /forest/img/panel/9.gif HTTP/1.1" 200 3190
181.204.176.143 - - [27/Dec/2014:17:56:23 -0500] "GET /forest/file/3362464 HTTP/1.1" 200 6537
181.204.176.143 - - [27/Dec/2014:17:56:23 -0500] "GET /forest/img/panel/7.gif HTTP/1.1" 200 2807
181.204.176.143 - - [27/Dec/2014:17:56:23 -0500] "GET /forest/img/panel/downloads.gif HTTP/1.1" 200 3605
181.204.176.143 - - [27/Dec/2014:17:56:23 -0500] "GET /forest/img/panel/6.gif HTTP/1.1" 200 2284
181.204.176.143 - - [27/Dec/2014:17:56:23 -0500] "GET /forest/img/panel/categorias/generica.gif HTTP/1.1" 200 2949
181.204.176.143 - - [27/Dec/2014:17:56:23 -0500] "GET /forest/img/panel/window_fullscreen.gif HTTP/1.1" 200 713
181.204.176.143 - - [27/Dec/2014:17:56:23 -0500] "GET /forest/img/panel/menu/add.png HTTP/1.1" 200 4044
181.204.176.143 - - [27/Dec/2014:17:56:23 -0500] "GET /forest/img/panel/menu/folder.png HTTP/1.1" 200 1382
181.204.176.143 - - [27/Dec/2014:17:56:23 -0500] "GET /forest/img/panel/menu/hoy.png HTTP/1.1" 200 1215
181.204.176.143 - - [27/Dec/2014:17:56:23 -0500] "GET /forest/img/panel/menu/danger2.png HTTP/1.1" 200 1358
181.204.176.143 - - [27/Dec/2014:17:56:23 -0500] "GET /forest/img/panel/pop.png HTTP/1.1" 200 77210
181.204.176.143 - - [27/Dec/2014:17:56:24 -0500] "GET /forest/skins/gdocs-jar/img/cancel.gif HTTP/1.1" 200 77
181.204.176.143 - - [27/Dec/2014:17:56:24 -0500] "GET /forest/session.jsp?a=0.47060781600885093 HTTP/1.1" 200 4
186.84.40.34 - - [27/Dec/2014:17:56:21 -0500] "GET /reports/rwservlet/getjobid338265?server=rep_srvapsda HTTP/1.1" 200 1775815
190.84.185.167 - - [27/Dec/2014:17:56:43 -0500] "POST /forms/lservlet;jsessionid=ac16012b30d5663dd830421c49e39f12d6ba7eff8571.e3iSbxaKaheRe34Sa3yKbhiTahb0n6jAmljGr5XDqQLvpAe HTTP/1.1" 200 2
190.25.232.143 - - [27/Dec/2014:17:56:53 -0500] "GET /galeria/nivo-slider/demo/images/banner-conejera1.jpg HTTP/1.1" 304 -
66.249.65.188 - - [27/Dec/2014:17:57:02 -0500] "GET /BLA/boletinlegal/jurisprudencia/analisis/CUADRO%20SENTENCIA%20T-299%20DE%202008.doc HTTP/1.1" 304 -
186.30.66.14 - - [27/Dec/2014:17:57:08 -0500] "POST /forms/lservlet;jsessionid=ac16012b30d53ea9f84bca5f42a9821692df51710c28.e3iSbxaKaheRe34Sa3yKbhiTahb0n6jAmljGr5XDqQLvpAe HTTP/1.1" 200 2
178.255.215.77 - - [27/Dec/2014:17:57:10 -0500] "GET /robots.txt HTTP/1.1" 404 1019
178.255.215.77 - - [27/Dec/2014:17:57:10 -0500] "GET /PEV/ HTTP/1.1" 404 1019
190.156.143.139 - - [27/Dec/2014:17:57:16 -0500] "POST /forms/lservlet;jsessionid=ac16012b30d52e7787fc743b4a99828fba55a1ee10d6.e3iSbxaKaheRe34Sa3yKbhiTahb0n6jAmljGr5XDqQLvpAe HTTP/1.1" 200 2
186.84.40.34 - - [27/Dec/2014:17:57:29 -0500] "POST /forms/lservlet;jsessionid=ac16012b30d5f45d3a432e774dcea183dfd7e0dcc671.e3iSbxaKaheRe34Sa3yKbhiTahb0n6jAmljGr5XDqQLvpAe HTTP/1.1" 200 2
201.233.241.50 - - [27/Dec/2014:17:57:50 -0500] "GET /BLA/boletinlegal/js/jquery.js HTTP/1.1" 200 57254
201.233.241.50 - - [27/Dec/2014:17:57:50 -0500] "GET /BLA/boletinlegal/js/jquery.scrollShow.js HTTP/1.1" 200 4586
201.233.241.50 - - [27/Dec/2014:17:57:50 -0500] "GET /BLA/boletinlegal/js/jquery.scrollTo-min.js HTTP/1.1" 200 1150
178.255.215.77 - - [27/Dec/2014:17:57:54 -0500] "GET /PDC/ HTTP/1.1" 404 1019
66.249.65.188 - - [27/Dec/2014:17:58:00 -0500] "GET /Anexos%20estudio%20Organizacional%20SDA/ANEXO%20No.%203-%20CONTRATACI%C3%93N%20%20OPS%C2%B4s%202008-2012/CONTRATOS%20SDA%202008%20POR%20DEPENDENCIA.xls HTTP/1.1" 304 -
190.84.185.167 - - [27/Dec/2014:17:58:00 -0500] "POST /forms/lservlet;jsessionid=ac16012b30d5663dd830421c49e39f12d6ba7eff8571.e3iSbxaKaheRe34Sa3yKbhiTahb0n6jAmljGr5XDqQLvpAe HTTP/1.1" 200 7997
190.84.185.167 - - [27/Dec/2014:17:58:02 -0500] "POST /forms/lservlet;jsessionid=ac16012b30d5663dd830421c49e39f12d6ba7eff8571.e3iSbxaKaheRe34Sa3yKbhiTahb0n6jAmljGr5XDqQLvpAe HTTP/1.1" 200 64
190.84.185.167 - - [27/Dec/2014:17:58:02 -0500] "POST /forms/lservlet;jsessionid=ac16012b30d5663dd830421c49e39f12d6ba7eff8571.e3iSbxaKaheRe34Sa3yKbhiTahb0n6jAmljGr5XDqQLvpAe HTTP/1.1" 200 2
190.84.185.167 - - [27/Dec/2014:17:58:02 -0500] "POST /forms/lservlet;jsessionid=ac16012b30d5663dd830421c49e39f12d6ba7eff8571.e3iSbxaKaheRe34Sa3yKbhiTahb0n6jAmljGr5XDqQLvpAe HTTP/1.1" 200 2
190.84.185.167 - - [27/Dec/2014:17:58:02 -0500] "POST /forms/lservlet;jsessionid=ac16012b30d5663dd830421c49e39f12d6ba7eff8571.e3iSbxaKaheRe34Sa3yKbhiTahb0n6jAmljGr5XDqQLvpAe HTTP/1.1" 200 2
201.233.241.50 - - [27/Dec/2014:17:57:53 -0500] "GET /videos/CRRFFS.mp4 HTTP/1.1" 200 286784363
190.84.185.167 - - [27/Dec/2014:17:58:43 -0500] "POST /forms/lservlet;jsessionid=ac16012b30d5663dd830421c49e39f12d6ba7eff8571.e3iSbxaKaheRe34Sa3yKbhiTahb0n6jAmljGr5XDqQLvpAe HTTP/1.1" 200 2
66.249.65.196 - - [27/Dec/2014:17:58:59 -0500] "GET /Anexos%20estudio%20Organizacional%20SDA/ANEXO%20No.%2010%20-%20COSTO%20DETALLADO%20PLANTA%20DE%20CARGOS%20ACTUAL/VALORACION%20PLANTA_PERSONAL%20A%20JULIO%20%202012.xls HTTP/1.1" 304 -
186.30.66.14 - - [27/Dec/2014:17:59:08 -0500] "POST /forms/lservlet;jsessionid=ac16012b30d53ea9f84bca5f42a9821692df51710c28.e3iSbxaKaheRe34Sa3yKbhiTahb0n6jAmljGr5XDqQLvpAe HTTP/1.1" 200 2
190.156.143.139 - - [27/Dec/2014:17:59:16 -0500] "POST /forms/lservlet;jsessionid=ac16012b30d52e7787fc743b4a99828fba55a1ee10d6.e3iSbxaKaheRe34Sa3yKbhiTahb0n6jAmljGr5XDqQLvpAe HTTP/1.1" 200 2
66.249.73.163 - - [27/Dec/2014:17:59:21 -0500] "GET /BLA/resoluciones/RESOLUCIONES%202006/RES%202006%202751-2800/00002769.tif HTTP/1.1" 200 197532
186.84.40.34 - - [27/Dec/2014:17:59:29 -0500] "POST /forms/lservlet;jsessionid=ac16012b30d5f45d3a432e774dcea183dfd7e0dcc671.e3iSbxaKaheRe34Sa3yKbhiTahb0n6jAmljGr5XDqQLvpAe HTTP/1.1" 200 2
181.207.179.97 - - [27/Dec/2014:17:59:43 -0500] "GET /videos/Spot_CambioClimatico.flv HTTP/1.1" 206 1
66.249.65.188 - - [27/Dec/2014:17:59:58 -0500] "GET /ecodirectorio/files/res/other/search.txt HTTP/1.1" 304 -
181.207.179.97 - - [27/Dec/2014:18:00:17 -0500] "GET /videos/Spot_CambioClimatico.flv HTTP/1.1" 206 3515221
181.207.179.97 - - [27/Dec/2014:18:00:25 -0500] "GET /galeria/nivo-slider/demo/images/Ruta-vertimientos-01.jpg HTTP/1.1" 206 1
181.207.179.97 - - [27/Dec/2014:18:00:25 -0500] "GET /galeria/nivo-slider/demo/images/bolsas-06.jpg HTTP/1.1" 206 1
181.207.179.97 - - [27/Dec/2014:18:00:26 -0500] "GET /forest/jsoptimized/gz/js/gdocsall-1412.231748.js HTTP/1.1" 206 1
181.207.179.97 - - [27/Dec/2014:18:00:33 -0500] "GET /galeria/nivo-slider/demo/images/bolsas-06.jpg HTTP/1.1" 206 82868
74.86.158.107 - - [27/Dec/2014:18:00:34 -0500] "HEAD / HTTP/1.1" 302 -
190.84.185.167 - - [27/Dec/2014:18:00:44 -0500] "POST /forms/lservlet;jsessionid=ac16012b30d5663dd830421c49e39f12d6ba7eff8571.e3iSbxaKaheRe34Sa3yKbhiTahb0n6jAmljGr5XDqQLvpAe HTTP/1.1" 200 2
181.207.179.97 - - [27/Dec/2014:18:00:17 -0500] "GET /forest/misactividades.do?_a=0.929541751742363&group_system_actual=3 HTTP/1.1" 200 12758
100.43.85.25 - - [27/Dec/2014:18:00:57 -0500] "GET /PruebasSTORM/StormSDA_pruebas/storm_silv/EnviosPlugin02.jar HTTP/1.1" 200 27467
190.24.136.214 - - [27/Dec/2014:18:00:59 -0500] "GET /BLA/boletinlegal/js/jquery.js HTTP/1.1" 200 57254
190.24.136.214 - - [27/Dec/2014:18:00:59 -0500] "GET /BLA/boletinlegal/js/jquery.scrollTo-min.js HTTP/1.1" 200 1150
190.24.136.214 - - [27/Dec/2014:18:01:02 -0500] "GET /BLA/boletinlegal/js/jquery.scrollShow.js HTTP/1.1" 200 4586
190.84.185.167 - - [27/Dec/2014:18:01:07 -0500] "POST /forms/lservlet;jsessionid=ac16012b30d5663dd830421c49e39f12d6ba7eff8571.e3iSbxaKaheRe34Sa3yKbhiTahb0n6jAmljGr5XDqQLvpAe HTTP/1.1" 200 34711
186.30.66.14 - - [27/Dec/2014:18:01:08 -0500] "POST /forms/lservlet;jsessionid=ac16012b30d53ea9f84bca5f42a9821692df51710c28.e3iSbxaKaheRe34Sa3yKbhiTahb0n6jAmljGr5XDqQLvpAe HTTP/1.1" 200 2
190.84.185.167 - - [27/Dec/2014:18:01:08 -0500] "GET /imagenes/listval.gif HTTP/1.1" 200 905
190.84.185.167 - - [27/Dec/2014:18:01:08 -0500] "GET /imagenes/tree1.gif HTTP/1.1" 200 1161
190.84.185.167 - - [27/Dec/2014:18:01:08 -0500] "GET /imagenes/CAMERA3.gif HTTP/1.1" 200 4150
190.84.185.167 - - [27/Dec/2014:18:01:08 -0500] "GET /imagenes/SLIDE1.gif HTTP/1.1" 200 1111
190.84.185.167 - - [27/Dec/2014:18:01:09 -0500] "GET /imagenes/flexcomb.gif HTTP/1.1" 200 1169
190.84.185.167 - - [27/Dec/2014:18:01:09 -0500] "GET /imagenes/GO.gif HTTP/1.1" 200 904
190.84.185.167 - - [27/Dec/2014:18:01:09 -0500] "GET /imagenes/HRTOOLS.gif HTTP/1.1" 200 2238
190.84.185.167 - - [27/Dec/2014:18:01:09 -0500] "GET /imagenes/rt_rec1.gif HTTP/1.1" 200 867
190.84.185.167 - - [27/Dec/2014:18:01:09 -0500] "GET /imagenes/apply.gif HTTP/1.1" 200 903
190.84.185.167 - - [27/Dec/2014:18:01:09 -0500] "GET /imagenes/exit.gif HTTP/1.1" 200 916
190.84.185.167 - - [27/Dec/2014:18:01:09 -0500] "GET /imagenes/LISTVAL.gif HTTP/1.1" 200 905
190.84.185.167 - - [27/Dec/2014:18:01:09 -0500] "GET /imagenes/edit.gif HTTP/1.1" 200 919
190.84.185.167 - - [27/Dec/2014:18:01:09 -0500] "GET /imagenes/rt_rec4.gif HTTP/1.1" 200 865
190.84.185.167 - - [27/Dec/2014:18:01:09 -0500] "GET /imagenes/rt_rec3.gif HTTP/1.1" 200 844
190.84.185.167 - - [27/Dec/2014:18:01:09 -0500] "GET /imagenes/rt_rec2.gif HTTP/1.1" 200 847
190.84.185.167 - - [27/Dec/2014:18:01:09 -0500] "GET /imagenes/rt_rdel.gif HTTP/1.1" 200 899
190.84.185.167 - - [27/Dec/2014:18:01:09 -0500] "GET /imagenes/rt_radd.gif HTTP/1.1" 200 907
190.84.185.167 - - [27/Dec/2014:18:01:09 -0500] "GET /imagenes/rt_quer3.gif HTTP/1.1" 200 939
190.84.185.167 - - [27/Dec/2014:18:01:09 -0500] "GET /imagenes/rt_quer2.gif HTTP/1.1" 200 936
190.84.185.167 - - [27/Dec/2014:18:01:09 -0500] "GET /imagenes/rt_quer1.gif HTTP/1.1" 200 930
190.84.185.167 - - [27/Dec/2014:18:01:09 -0500] "GET /imagenes/rt_save.gif HTTP/1.1" 200 903
190.84.185.167 - - [27/Dec/2014:18:01:09 -0500] "GET /imagenes/rt_pset.gif HTTP/1.1" 200 914
190.84.185.167 - - [27/Dec/2014:18:01:09 -0500] "GET /imagenes/QUEJA.gif HTTP/1.1" 200 1091
190.84.185.167 - - [27/Dec/2014:18:01:09 -0500] "GET /imagenes/ARBOL.gif HTTP/1.1" 200 1026
190.84.185.167 - - [27/Dec/2014:18:01:09 -0500] "GET /imagenes/Clipboard.gif HTTP/1.1" 200 1466
190.84.185.167 - - [27/Dec/2014:18:01:09 -0500] "GET /imagenes/DINERO.gif HTTP/1.1" 200 1766
190.84.185.167 - - [27/Dec/2014:18:01:09 -0500] "GET /imagenes/URGENTE.gif HTTP/1.1" 200 964
190.84.185.167 - - [27/Dec/2014:18:01:09 -0500] "GET /imagenes/TREE4.gif HTTP/1.1" 200 4150
190.84.185.167 - - [27/Dec/2014:18:01:09 -0500] "POST /forms/lservlet;jsessionid=ac16012b30d5663dd830421c49e39f12d6ba7eff8571.e3iSbxaKaheRe34Sa3yKbhiTahb0n6jAmljGr5XDqQLvpAe HTTP/1.1" 200 7
190.84.185.167 - - [27/Dec/2014:18:01:09 -0500] "POST /forms/lservlet;jsessionid=ac16012b30d5663dd830421c49e39f12d6ba7eff8571.e3iSbxaKaheRe34Sa3yKbhiTahb0n6jAmljGr5XDqQLvpAe HTTP/1.1" 200 34
190.84.185.167 - - [27/Dec/2014:18:01:10 -0500] "POST /forms/lservlet;jsessionid=ac16012b30d5663dd830421c49e39f12d6ba7eff8571.e3iSbxaKaheRe34Sa3yKbhiTahb0n6jAmljGr5XDqQLvpAe HTTP/1.1" 200 2
181.207.179.97 - - [27/Dec/2014:18:01:10 -0500] "GET /galeria/nivo-slider/demo/images/Banner-GAE3.jpg HTTP/1.1" 304 -
181.207.179.97 - - [27/Dec/2014:18:01:11 -0500] "GET /galeria/nivo-slider/demo/images/Ruta-vertimientos-01.jpg HTTP/1.1" 206 122038
181.207.179.97 - - [27/Dec/2014:18:01:15 -0500] "GET /forest/img/spacer.gif HTTP/1.1" 200 43
190.156.143.139 - - [27/Dec/2014:18:01:16 -0500] "POST /forms/lservlet;jsessionid=ac16012b30d52e7787fc743b4a99828fba55a1ee10d6.e3iSbxaKaheRe34Sa3yKbhiTahb0n6jAmljGr5XDqQLvpAe HTTP/1.1" 200 2
186.154.84.82 - - [27/Dec/2014:18:01:19 -0500] "GET /forest/session.jsp?a=0.2569105327129364 HTTP/1.1" 200 4
186.84.40.34 - - [27/Dec/2014:18:01:29 -0500] "POST /forms/lservlet;jsessionid=ac16012b30d5f45d3a432e774dcea183dfd7e0dcc671.e3iSbxaKaheRe34Sa3yKbhiTahb0n6jAmljGr5XDqQLvpAe HTTP/1.1" 200 2
186.85.179.23 - - [27/Dec/2014:18:01:35 -0500] "GET /autoliquidacion/Grupo%20Forestal%20-%20Silvicultura/Formulario%20de%20recoleccion%20de%20informacion%20silvicultural%20-%20%20Ficha1.xls HTTP/1.1" 206 1
186.85.179.23 - - [27/Dec/2014:18:01:35 -0500] "GET /autoliquidacion/Grupo%20Forestal%20-%20Silvicultura/Formulario%20de%20recoleccion%20de%20informacion%20silvicultural%20-%20%20Ficha1.xls HTTP/1.1" 200 183808
186.28.179.106 - - [27/Dec/2014:18:01:50 -0500] "GET /portalsiaccapacitaciones/list.php? HTTP/1.1" 200 4342
181.207.179.97 - - [27/Dec/2014:18:01:09 -0500] "GET /forest/jsoptimized/gz/js/gdocsall-1412.231748.js HTTP/1.1" 206 76500
66.249.73.171 - - [27/Dec/2014:18:02:03 -0500] "GET /Anexos%20estudio%20Organizacional%20SDA/index.php?dir=ANEXO+No.+1-+NORMAS+LEGALES+DE+ESTRUCTURA+Y+PLANTA%2FRESE%D1A+HIST%D3RICA+SDA-NORMAS%2F HTTP/1.1" 200 9108
186.28.179.106 - - [27/Dec/2014:18:02:07 -0500] "GET /portalsiaccapacitaciones/Listas%20de%20Asistencia%202014 HTTP/1.1" 301 351
186.28.179.106 - - [27/Dec/2014:18:02:07 -0500] "GET /portalsiaccapacitaciones/Listas%20de%20Asistencia%202014/ HTTP/1.1" 200 6277
186.28.179.106 - - [27/Dec/2014:18:02:07 -0500] "GET /icons/blank.gif HTTP/1.1" 200 148
186.28.179.106 - - [27/Dec/2014:18:02:07 -0500] "GET /icons/back.gif HTTP/1.1" 200 216
186.28.179.106 - - [27/Dec/2014:18:02:07 -0500] "GET /icons/layout.gif HTTP/1.1" 200 276
186.28.179.106 - - [27/Dec/2014:18:02:19 -0500] "GET /portalsiaccapacitaciones/Listas%20de%20Asistencia%202014/Lista%20de%20Asisetncia%20Sesi%c3%b3n%2016.%20Compras%20Verdes%2015-12-14.pdf HTTP/1.1" 200 1211086
186.28.179.106 - - [27/Dec/2014:18:02:19 -0500] "GET /portalsiaccapacitaciones/Listas%20de%20Asistencia%202014/Lista%20de%20Asisetncia%20Sesi%c3%b3n%2016.%20Compras%20Verdes%2015-12-14.pdf HTTP/1.1" 206 32768
186.28.179.106 - - [27/Dec/2014:18:02:19 -0500] "GET /portalsiaccapacitaciones/Listas%20de%20Asistencia%202014/Lista%20de%20Asisetncia%20Sesi%c3%b3n%2016.%20Compras%20Verdes%2015-12-14.pdf HTTP/1.1" 206 1178318
190.84.185.167 - - [27/Dec/2014:18:02:44 -0500] "POST /forms/lservlet;jsessionid=ac16012b30d5663dd830421c49e39f12d6ba7eff8571.e3iSbxaKaheRe34Sa3yKbhiTahb0n6jAmljGr5XDqQLvpAe HTTP/1.1" 200 2
186.84.40.34 - - [27/Dec/2014:18:02:56 -0500] "POST /forms/lservlet;jsessionid=ac16012b30d5f45d3a432e774dcea183dfd7e0dcc671.e3iSbxaKaheRe34Sa3yKbhiTahb0n6jAmljGr5XDqQLvpAe HTTP/1.1" 200 113
186.84.40.34 - - [27/Dec/2014:18:02:56 -0500] "POST /forms/lservlet;jsessionid=ac16012b30d5f45d3a432e774dcea183dfd7e0dcc671.e3iSbxaKaheRe34Sa3yKbhiTahb0n6jAmljGr5XDqQLvpAe HTTP/1.1" 200 7
186.30.66.14 - - [27/Dec/2014:18:03:08 -0500] "POST /forms/lservlet;jsessionid=ac16012b30d53ea9f84bca5f42a9821692df51710c28.e3iSbxaKaheRe34Sa3yKbhiTahb0n6jAmljGr5XDqQLvpAe HTTP/1.1" 200 2
181.207.179.97 - - [27/Dec/2014:18:03:11 -0500] "GET /galeria/nivo-slider/demo/demo.html HTTP/1.1" 200 3237
190.156.143.139 - - [27/Dec/2014:18:03:17 -0500] "POST /forms/lservlet;jsessionid=ac16012b30d52e7787fc743b4a99828fba55a1ee10d6.e3iSbxaKaheRe34Sa3yKbhiTahb0n6jAmljGr5XDqQLvpAe HTTP/1.1" 200 2
181.207.179.97 - - [27/Dec/2014:18:03:24 -0500] "GET /galeria/nivo-slider/themes/default/default.css HTTP/1.1" 200 1569
181.207.179.97 - - [27/Dec/2014:18:03:24 -0500] "GET /galeria/nivo-slider/themes/pascal/pascal.css HTTP/1.1" 200 2258
181.207.179.97 - - [27/Dec/2014:18:03:24 -0500] "GET /galeria/nivo-slider/themes/orman/orman.css HTTP/1.1" 200 2152
181.207.179.97 - - [27/Dec/2014:18:03:24 -0500] "GET /galeria/nivo-slider/nivo-slider.css HTTP/1.1" 200 1507
181.207.179.97 - - [27/Dec/2014:18:03:24 -0500] "GET /galeria/nivo-slider/demo/style.css HTTP/1.1" 200 2222
186.28.179.106 - - [27/Dec/2014:18:03:25 -0500] "GET /portalsiaccapacitaciones/Listas%20de%20Asistencia%202014/Lista%20de%20Asisetncia%20Sesi%c3%b3n%2016.%20Compras%20Verdes%2010-12-15.pdf HTTP/1.1" 200 99970
186.28.179.106 - - [27/Dec/2014:18:03:25 -0500] "GET /portalsiaccapacitaciones/Listas%20de%20Asistencia%202014/Lista%20de%20Asisetncia%20Sesi%c3%b3n%2016.%20Compras%20Verdes%2010-12-15.pdf HTTP/1.1" 206 32768
186.28.179.106 - - [27/Dec/2014:18:03:26 -0500] "GET /portalsiaccapacitaciones/Listas%20de%20Asistencia%202014/Lista%20de%20Asisetncia%20Sesi%c3%b3n%2016.%20Compras%20Verdes%2010-12-15.pdf HTTP/1.1" 206 67202
186.84.40.34 - - [27/Dec/2014:18:03:29 -0500] "POST /forms/lservlet;jsessionid=ac16012b30d5f45d3a432e774dcea183dfd7e0dcc671.e3iSbxaKaheRe34Sa3yKbhiTahb0n6jAmljGr5XDqQLvpAe HTTP/1.1" 200 2
202.46.53.39 - - [27/Dec/2014:18:03:29 -0500] "GET / HTTP/1.1" 302 -
181.207.179.97 - - [27/Dec/2014:18:03:32 -0500] "GET /galeria/nivo-slider/demo/images/Ruta-vertimientos-01.jpg HTTP/1.1" 200 130151
77.227.13.27 - - [27/Dec/2014:18:04:06 -0500] "GET /BLA/resoluciones/RESOLUCIONES%202013/0390.pdf HTTP/1.1" 200 3011584
77.227.13.27 - - [27/Dec/2014:18:04:07 -0500] "GET /BLA/resoluciones/RESOLUCIONES%202013/0390.pdf HTTP/1.1" 200 3011584
181.207.179.97 - - [27/Dec/2014:18:04:10 -0500] "GET /galeria/nivo-slider/demo/images/Tingua-azul.jpg HTTP/1.1" 200 307638
181.207.179.97 - - [27/Dec/2014:18:04:10 -0500] "GET /galeria/nivo-slider/demo/scripts/jquery-1.7.1.min.js HTTP/1.1" 200 93868
181.207.179.97 - - [27/Dec/2014:18:04:10 -0500] "GET /galeria/nivo-slider/jquery.nivo.slider.pack.js HTTP/1.1" 200 11561
181.207.179.97 - - [27/Dec/2014:18:04:10 -0500] "GET /galeria/nivo-slider/demo/images/banner-llantas2.jpg HTTP/1.1" 200 73153
181.207.179.97 - - [27/Dec/2014:18:04:11 -0500] "GET /galeria/nivo-slider/demo/images/bolsas-08.jpg HTTP/1.1" 200 85589
77.227.13.27 - - [27/Dec/2014:18:04:12 -0500] "GET /BLA/resoluciones/RESOLUCIONES%202013/0390.pdf HTTP/1.1" 200 3011584
77.227.13.27 - - [27/Dec/2014:18:04:13 -0500] "GET /BLA/resoluciones/RESOLUCIONES%202013/0390.pdf HTTP/1.1" 200 3011584
181.207.179.97 - - [27/Dec/2014:18:04:22 -0500] "GET /forest/jsoptimized/gz/js/gdocsall-1412.231748.js HTTP/1.1" 206 1
181.207.179.97 - - [27/Dec/2014:18:04:23 -0500] "GET /galeria/nivo-slider/themes/default/loading.gif HTTP/1.1" 200 1737
181.207.179.97 - - [27/Dec/2014:18:04:28 -0500] "GET /forest/img/panel/view_icon.gif HTTP/1.1" 200 681
181.207.179.97 - - [27/Dec/2014:18:04:16 -0500] "GET /forest/misactividades.do?_a=0.929541751742363&group_system_actual=3 HTTP/1.1" 200 12758
119.63.193.131 - - [27/Dec/2014:18:04:32 -0500] "GET / HTTP/1.1" 302 -
181.207.179.97 - - [27/Dec/2014:18:04:34 -0500] "GET /galeria/nivo-slider/demo/images/9Signos.jpg HTTP/1.1" 200 93040
190.84.185.167 - - [27/Dec/2014:18:04:44 -0500] "POST /forms/lservlet;jsessionid=ac16012b30d5663dd830421c49e39f12d6ba7eff8571.e3iSbxaKaheRe34Sa3yKbhiTahb0n6jAmljGr5XDqQLvpAe HTTP/1.1" 200 2
181.207.179.97 - - [27/Dec/2014:18:04:46 -0500] "GET /galeria/nivo-slider/demo/images/banner-caballos.png HTTP/1.1" 200 389106
181.207.179.97 - - [27/Dec/2014:18:04:46 -0500] "GET /galeria/nivo-slider/demo/images/4Simple_Slider.png HTTP/1.1" 200 11722
181.207.179.97 - - [27/Dec/2014:18:04:49 -0500] "GET /galeria/nivo-slider/demo/images/porloshumedales.jpg HTTP/1.1" 200 351238
181.207.179.97 - - [27/Dec/2014:18:04:52 -0500] "GET /galeria/nivo-slider/demo/images/ecolecta-Dic2014.png HTTP/1.1" 200 288593
181.207.179.97 - - [27/Dec/2014:18:04:54 -0500] "GET /galeria/nivo-slider/demo/images/banner-redes.jpg HTTP/1.1" 200 62209
181.207.179.97 - - [27/Dec/2014:18:04:57 -0500] "GET /galeria/nivo-slider/demo/images/Banner-Caracol-Africano.jpg HTTP/1.1" 200 331986
181.207.179.97 - - [27/Dec/2014:18:04:58 -0500] "GET /galeria/nivo-slider/demo/images/Banner-GAE3.jpg HTTP/1.1" 200 146354
181.207.179.97 - - [27/Dec/2014:18:04:50 -0500] "GET /forest/jsoptimized/gz/js/gdocsall-1412.231748.js HTTP/1.1" 206 60116
181.207.179.97 - - [27/Dec/2014:18:04:55 -0500] "GET /forest/img/inicio/1.gif HTTP/1.1" 200 23925
186.30.66.14 - - [27/Dec/2014:18:05:08 -0500] "POST /forms/lservlet;jsessionid=ac16012b30d53ea9f84bca5f42a9821692df51710c28.e3iSbxaKaheRe34Sa3yKbhiTahb0n6jAmljGr5XDqQLvpAe HTTP/1.1" 200 2
181.207.179.97 - - [27/Dec/2014:18:05:11 -0500] "GET /videos/Spot_CambioClimatico.flv HTTP/1.1" 200 4371917
181.207.179.97 - - [27/Dec/2014:18:05:13 -0500] "GET /galeria/nivo-slider/demo/images/bolsas-06.jpg HTTP/1.1" 200 90982
181.207.179.97 - - [27/Dec/2014:18:05:06 -0500] "GET /forest/img/inicio/3.gif HTTP/1.1" 200 29737
190.156.143.139 - - [27/Dec/2014:18:05:17 -0500] "POST /forms/lservlet;jsessionid=ac16012b30d52e7787fc743b4a99828fba55a1ee10d6.e3iSbxaKaheRe34Sa3yKbhiTahb0n6jAmljGr5XDqQLvpAe HTTP/1.1" 200 2
181.207.179.97 - - [27/Dec/2014:18:05:10 -0500] "GET /forest/img/inicio/6.gif HTTP/1.1" 200 12239
181.207.179.97 - - [27/Dec/2014:18:05:18 -0500] "GET /forest/img/base/bsc2_r1_c2.gif HTTP/1.1" 200 269
181.207.179.97 - - [27/Dec/2014:18:05:10 -0500] "GET /forest/img/base/bsc2_r1_c1.gif HTTP/1.1" 200 28640
181.207.179.97 - - [27/Dec/2014:18:05:22 -0500] "GET /forest/img/base/bsc2_r1_c3.gif HTTP/1.1" 200 3704
181.207.179.97 - - [27/Dec/2014:18:05:22 -0500] "GET /forest/img/mplogo.gif HTTP/1.1" 200 806
181.207.179.97 - - [27/Dec/2014:18:05:10 -0500] "GET /forest/img/inicio/4.gif HTTP/1.1" 200 27784
181.207.179.97 - - [27/Dec/2014:18:05:10 -0500] "GET /forest/img/inicio/5.gif HTTP/1.1" 200 25611
181.207.179.97 - - [27/Dec/2014:18:05:26 -0500] "GET /forest/img/close.gif HTTP/1.1" 200 571
181.207.179.97 - - [27/Dec/2014:18:05:26 -0500] "GET /forest/skins/gdocs-jar/img/okey.gif HTTP/1.1" 200 203
181.207.179.97 - - [27/Dec/2014:18:05:25 -0500] "GET /forest/img/inicio/7.gif HTTP/1.1" 200 18547
181.207.179.97 - - [27/Dec/2014:18:05:17 -0500] "GET /forest/img/inicio/2.gif HTTP/1.1" 200 42562
186.84.40.34 - - [27/Dec/2014:18:05:29 -0500] "POST /forms/lservlet;jsessionid=ac16012b30d5f45d3a432e774dcea183dfd7e0dcc671.e3iSbxaKaheRe34Sa3yKbhiTahb0n6jAmljGr5XDqQLvpAe HTTP/1.1" 200 2
181.207.179.97 - - [27/Dec/2014:18:05:32 -0500] "GET /forest/1ibre/1ibre.css HTTP/1.1" 200 614
74.86.158.107 - - [27/Dec/2014:18:05:34 -0500] "HEAD / HTTP/1.1" 302 -
181.207.179.97 - - [27/Dec/2014:18:05:36 -0500] "GET /forest/img/forestIcon.gif?version=1412.231748 HTTP/1.1" 200 573
181.207.179.97 - - [27/Dec/2014:18:05:40 -0500] "POST /forest/login.do HTTP/1.1" 302 -
181.207.179.97 - - [27/Dec/2014:18:05:45 -0500] "GET /galeria/nivo-slider/themes/default/arrows.png HTTP/1.1" 200 824
181.207.179.97 - - [27/Dec/2014:18:05:45 -0500] "GET /galeria/nivo-slider/themes/default/bullets.png HTTP/1.1" 200 1281
190.158.160.159 - - [27/Dec/2014:18:05:47 -0500] "GET /BLA/boletinlegal/js/jquery.js HTTP/1.1" 200 57254
190.158.160.159 - - [27/Dec/2014:18:05:47 -0500] "GET /BLA/boletinlegal/js/jquery.scrollTo-min.js HTTP/1.1" 200 1150
190.158.160.159 - - [27/Dec/2014:18:05:47 -0500] "GET /BLA/boletinlegal/js/jquery.scrollShow.js HTTP/1.1" 200 4586
190.158.160.159 - - [27/Dec/2014:18:05:47 -0500] "GET /galeria/carrusel/Carrusel/jquery.thumbnailScroller.css HTTP/1.1" 200 2066
66.249.73.155 - - [27/Dec/2014:18:05:47 -0500] "GET /BLA/resoluciones/RESOLUCIONES%202009/7993.pdf HTTP/1.1" 200 98489
190.158.160.159 - - [27/Dec/2014:18:05:47 -0500] "GET /galeria/carrusel/Carrusel/jquery-ui-1.8.13.custom.min.js HTTP/1.1" 200 10800
190.158.160.159 - - [27/Dec/2014:18:05:47 -0500] "GET /galeria/carrusel/Carrusel/jquery.thumbnailScroller.js HTTP/1.1" 200 8157
181.207.179.97 - - [27/Dec/2014:18:05:48 -0500] "GET /forest/img/inicio.jpg HTTP/1.1" 200 897
181.207.179.97 - - [27/Dec/2014:18:05:48 -0500] "GET /forest/img/users/3.gif HTTP/1.1" 200 1513
181.207.179.97 - - [27/Dec/2014:18:05:49 -0500] "GET /forest/img/fondo-barra.gif HTTP/1.1" 200 282
181.207.179.97 - - [27/Dec/2014:18:05:49 -0500] "GET /forest/img/users/5.gif HTTP/1.1" 200 1507
181.207.179.97 - - [27/Dec/2014:18:05:49 -0500] "GET /forest/img/users/7.gif HTTP/1.1" 200 1631
190.158.160.159 - - [27/Dec/2014:18:05:49 -0500] "GET /galeria/nivo-slider/demo/demo.html HTTP/1.1" 200 3237
181.207.179.97 - - [27/Dec/2014:18:05:42 -0500] "GET /forest/index2.jsp?a=0.028019936074101026 HTTP/1.1" 200 37665
190.158.160.159 - - [27/Dec/2014:18:05:50 -0500] "GET /galeria/nivo-slider/themes/pascal/pascal.css HTTP/1.1" 200 2258
190.158.160.159 - - [27/Dec/2014:18:05:50 -0500] "GET /galeria/nivo-slider/nivo-slider.css HTTP/1.1" 200 1507
190.158.160.159 - - [27/Dec/2014:18:05:50 -0500] "GET /galeria/nivo-slider/themes/orman/orman.css HTTP/1.1" 200 2152
190.158.160.159 - - [27/Dec/2014:18:05:50 -0500] "GET /galeria/nivo-slider/themes/default/default.css HTTP/1.1" 200 1569
190.158.160.159 - - [27/Dec/2014:18:05:50 -0500] "GET /galeria/nivo-slider/demo/style.css HTTP/1.1" 200 2222
190.158.160.159 - - [27/Dec/2014:18:05:50 -0500] "GET /galeria/nivo-slider/demo/scripts/jquery-1.7.1.min.js HTTP/1.1" 200 93868
190.158.160.159 - - [27/Dec/2014:18:05:50 -0500] "GET /galeria/nivo-slider/demo/images/bolsas-08.jpg HTTP/1.1" 200 85589
190.158.160.159 - - [27/Dec/2014:18:05:50 -0500] "GET /galeria/nivo-slider/jquery.nivo.slider.pack.js HTTP/1.1" 200 11561
190.158.160.159 - - [27/Dec/2014:18:05:50 -0500] "GET /galeria/nivo-slider/demo/images/Ruta-vertimientos-01.jpg HTTP/1.1" 200 130151
190.158.160.159 - - [27/Dec/2014:18:05:50 -0500] "GET /galeria/nivo-slider/demo/images/bolsas-06.jpg HTTP/1.1" 200 90982
190.158.160.159 - - [27/Dec/2014:18:05:50 -0500] "GET /galeria/nivo-slider/demo/images/ecolecta-Dic2014.png HTTP/1.1" 200 288593
190.158.160.159 - - [27/Dec/2014:18:05:50 -0500] "GET /galeria/nivo-slider/demo/images/Banner-GAE3.jpg HTTP/1.1" 200 146354
190.158.160.159 - - [27/Dec/2014:18:05:50 -0500] "GET /galeria/nivo-slider/demo/images/porloshumedales.jpg HTTP/1.1" 200 351238
190.158.160.159 - - [27/Dec/2014:18:05:51 -0500] "GET /galeria/nivo-slider/demo/images/4Simple_Slider.png HTTP/1.1" 200 11722
190.158.160.159 - - [27/Dec/2014:18:05:51 -0500] "GET /galeria/nivo-slider/themes/default/loading.gif HTTP/1.1" 200 1737
190.158.160.159 - - [27/Dec/2014:18:05:51 -0500] "GET /galeria/nivo-slider/demo/images/Tingua-azul.jpg HTTP/1.1" 200 307638
190.158.160.159 - - [27/Dec/2014:18:05:51 -0500] "GET /galeria/nivo-slider/demo/images/Banner-Caracol-Africano.jpg HTTP/1.1" 200 331986
190.158.160.159 - - [27/Dec/2014:18:05:51 -0500] "GET /galeria/nivo-slider/demo/images/banner-redes.jpg HTTP/1.1" 200 62209
190.158.160.159 - - [27/Dec/2014:18:05:52 -0500] "GET /galeria/nivo-slider/demo/images/9Signos.jpg HTTP/1.1" 200 93040
190.158.160.159 - - [27/Dec/2014:18:05:52 -0500] "GET /galeria/nivo-slider/demo/images/banner-llantas2.jpg HTTP/1.1" 200 73153
190.158.160.159 - - [27/Dec/2014:18:05:53 -0500] "GET /galeria/nivo-slider/demo/images/banner-caballos.png HTTP/1.1" 200 389106
181.207.179.97 - - [27/Dec/2014:18:05:53 -0500] "GET /forest/skins/gdocs-jar/css/tree.css HTTP/1.1" 200 223
