186.30.66.14 - - [27/Dec/2014:09:59:31 -0500] "POST /forms/lservlet;jsessionid=ac16012b30d53ea9f84bca5f42a9821692df51710c28.e3iSbxaKaheRe34Sa3yKbhiTahb0n6jAmljGr5XDqQLvpAe HTTP/1.1" 200 2
66.249.73.171 - - [27/Dec/2014:09:59:55 -0500] "GET /BLA/resoluciones/AUTOS%202011/1763.pdf HTTP/1.1" 200 240900
66.249.73.155 - - [27/Dec/2014:09:59:57 -0500] "GET /BLA/resoluciones/AUTOS%202011/5565.pdf HTTP/1.1" 200 396800
66.249.73.155 - - [27/Dec/2014:10:00:00 -0500] "GET /BLA/resoluciones/AUTOS%202011/1427.pdf HTTP/1.1" 200 21900
66.249.73.171 - - [27/Dec/2014:10:00:02 -0500] "GET /BLA/resoluciones/AUTOS%202011/3017.pdf HTTP/1.1" 200 2920
66.249.73.171 - - [27/Dec/2014:10:00:05 -0500] "GET /BLA/resoluciones/AUTOS%202011/0008.pdf HTTP/1.1" 200 16060
66.249.73.155 - - [27/Dec/2014:10:00:08 -0500] "GET /BLA/resoluciones/AUTOS%202011/2987.pdf HTTP/1.1" 200 536
66.249.73.163 - - [27/Dec/2014:10:00:11 -0500] "GET /BLA/resoluciones/AUTOS%202011/2439.pdf HTTP/1.1" 200 166440
66.249.65.188 - - [27/Dec/2014:10:00:11 -0500] "GET /ecodirectorio/files/res/other/search.txt HTTP/1.1" 304 -
66.249.73.163 - - [27/Dec/2014:10:00:16 -0500] "GET /BLA/resoluciones/AUTOS%202011/2441.pdf HTTP/1.1" 200 -
66.249.73.171 - - [27/Dec/2014:10:00:21 -0500] "GET /BLA/resoluciones/AUTOS%202011/0270.pdf HTTP/1.1" 200 8760
66.249.73.171 - - [27/Dec/2014:10:00:27 -0500] "GET /BLA/resoluciones/AUTOS%202011/1809.pdf HTTP/1.1" 200 140160
66.249.73.155 - - [27/Dec/2014:10:00:32 -0500] "GET /BLA/resoluciones/AUTOS%202011/1807.pdf HTTP/1.1" 200 16060
74.86.158.107 - - [27/Dec/2014:10:00:35 -0500] "HEAD / HTTP/1.1" 302 -
190.156.143.139 - - [27/Dec/2014:10:00:37 -0500] "GET /forms/frmservlet?config=sia HTTP/1.1" 200 4022
66.249.73.163 - - [27/Dec/2014:10:00:38 -0500] "GET /BLA/resoluciones/AUTOS%202011/2517.pdf HTTP/1.1" 200 247911
190.156.143.139 - - [27/Dec/2014:10:00:42 -0500] "GET /forms/java/frmall_jinit.jar HTTP/1.1" 304 -
190.156.143.139 - - [27/Dec/2014:10:00:42 -0500] "GET /forms/java/icons.jar HTTP/1.1" 304 -
190.156.143.139 - - [27/Dec/2014:10:00:42 -0500] "GET /forms/java/java/awt/KeyboardFocusManager.class HTTP/1.1" 404 352
190.156.143.139 - - [27/Dec/2014:10:00:42 -0500] "GET /forms/java/java/awt/KeyboardFocusManager.class HTTP/1.1" 404 352
190.156.143.139 - - [27/Dec/2014:10:00:43 -0500] "GET /forms/java/java/awt/event/MouseWheelListener.class HTTP/1.1" 404 356
190.156.143.139 - - [27/Dec/2014:10:00:43 -0500] "GET /forms/java/java/awt/event/MouseWheelListener.class HTTP/1.1" 404 356
66.249.73.163 - - [27/Dec/2014:10:00:43 -0500] "GET /BLA/resoluciones/AUTOS%202011/1536.pdf HTTP/1.1" 200 5840
190.156.143.139 - - [27/Dec/2014:10:00:43 -0500] "GET /forms/java/oracle/forms/registry/Registry.dat HTTP/1.1" 200 4213
190.156.143.139 - - [27/Dec/2014:10:00:43 -0500] "GET /forms/java/oracle/forms/registry/default.dat HTTP/1.1" 404 350
190.156.143.139 - - [27/Dec/2014:10:00:43 -0500] "GET /forms/frmservlet?config=sia&acceptLanguage=es&ifcmd=startsession HTTP/1.1" 200 119
190.156.143.139 - - [27/Dec/2014:10:00:43 -0500] "GET /forms/lservlet;jsessionid=ac16012b30d5975f5fb5c4a2484981589772154cd98a.e3iSbxaKaheRe34Sa3yKbhiTahb0n6jAmljGr5XDqQLvpAe?ifcmd=getinfo&ifhost=cesar-bfc986b6b&ifip=192.168.0.4 HTTP/1.1" 200 8
190.156.143.139 - - [27/Dec/2014:10:00:43 -0500] "POST /forms/lservlet;jsessionid=ac16012b30d5975f5fb5c4a2484981589772154cd98a.e3iSbxaKaheRe34Sa3yKbhiTahb0n6jAmljGr5XDqQLvpAe HTTP/1.1" 200 8
190.156.143.139 - - [27/Dec/2014:10:00:44 -0500] "POST /forms/lservlet;jsessionid=ac16012b30d5975f5fb5c4a2484981589772154cd98a.e3iSbxaKaheRe34Sa3yKbhiTahb0n6jAmljGr5XDqQLvpAe HTTP/1.1" 200 64000
190.156.143.139 - - [27/Dec/2014:10:00:45 -0500] "POST /forms/lservlet;jsessionid=ac16012b30d5975f5fb5c4a2484981589772154cd98a.e3iSbxaKaheRe34Sa3yKbhiTahb0n6jAmljGr5XDqQLvpAe HTTP/1.1" 200 64000
190.156.143.139 - - [27/Dec/2014:10:00:45 -0500] "POST /forms/lservlet;jsessionid=ac16012b30d5975f5fb5c4a2484981589772154cd98a.e3iSbxaKaheRe34Sa3yKbhiTahb0n6jAmljGr5XDqQLvpAe HTTP/1.1" 200 63623
190.156.143.139 - - [27/Dec/2014:10:00:46 -0500] "HEAD /imagenes/dama_logo.gif HTTP/1.1" 200 -
190.156.143.139 - - [27/Dec/2014:10:00:46 -0500] "GET /imagenes/dama_logo.gif HTTP/1.1" 200 21482
190.156.143.139 - - [27/Dec/2014:10:00:46 -0500] "POST /forms/lservlet;jsessionid=ac16012b30d5975f5fb5c4a2484981589772154cd98a.e3iSbxaKaheRe34Sa3yKbhiTahb0n6jAmljGr5XDqQLvpAe HTTP/1.1" 200 2
66.249.73.163 - - [27/Dec/2014:10:00:48 -0500] "GET /BLA/resoluciones/AUTOS%202011/2803.pdf HTTP/1.1" 200 32120
66.249.73.171 - - [27/Dec/2014:10:00:54 -0500] "GET /BLA/resoluciones/AUTOS%202011/2807.pdf HTTP/1.1" 200 35040
186.82.78.180 - - [27/Dec/2014:10:00:57 -0500] "POST /forms/lservlet;jsessionid=ac16012b30d5f89fa76fa7084ec6ba0aed297e3853b3.e3iSbxaKaheRe34Sa3yKbhiTahb0n6jAmljGr5XDqQLvpAe HTTP/1.1" 200 2
190.156.143.139 - - [27/Dec/2014:10:00:58 -0500] "POST /forms/lservlet;jsessionid=ac16012b30d5975f5fb5c4a2484981589772154cd98a.e3iSbxaKaheRe34Sa3yKbhiTahb0n6jAmljGr5XDqQLvpAe HTTP/1.1" 200 7994
190.156.143.139 - - [27/Dec/2014:10:00:59 -0500] "POST /forms/lservlet;jsessionid=ac16012b30d5975f5fb5c4a2484981589772154cd98a.e3iSbxaKaheRe34Sa3yKbhiTahb0n6jAmljGr5XDqQLvpAe HTTP/1.1" 200 64
190.156.143.139 - - [27/Dec/2014:10:00:59 -0500] "POST /forms/lservlet;jsessionid=ac16012b30d5975f5fb5c4a2484981589772154cd98a.e3iSbxaKaheRe34Sa3yKbhiTahb0n6jAmljGr5XDqQLvpAe HTTP/1.1" 200 2
190.156.143.139 - - [27/Dec/2014:10:00:59 -0500] "POST /forms/lservlet;jsessionid=ac16012b30d5975f5fb5c4a2484981589772154cd98a.e3iSbxaKaheRe34Sa3yKbhiTahb0n6jAmljGr5XDqQLvpAe HTTP/1.1" 200 2
190.156.143.139 - - [27/Dec/2014:10:00:59 -0500] "POST /forms/lservlet;jsessionid=ac16012b30d5975f5fb5c4a2484981589772154cd98a.e3iSbxaKaheRe34Sa3yKbhiTahb0n6jAmljGr5XDqQLvpAe HTTP/1.1" 200 2
66.249.73.163 - - [27/Dec/2014:10:00:59 -0500] "GET /BLA/resoluciones/AUTOS%202011/1740.pdf HTTP/1.1" 200 58400
66.249.73.163 - - [27/Dec/2014:10:01:04 -0500] "GET /BLA/resoluciones/AUTOS%202011/1239.pdf HTTP/1.1" 200 35040
190.156.143.139 - - [27/Dec/2014:10:01:05 -0500] "POST /forms/lservlet;jsessionid=ac16012b30d5975f5fb5c4a2484981589772154cd98a.e3iSbxaKaheRe34Sa3yKbhiTahb0n6jAmljGr5XDqQLvpAe HTTP/1.1" 200 34711
190.156.143.139 - - [27/Dec/2014:10:01:06 -0500] "GET /imagenes/listval.gif HTTP/1.1" 200 905
190.156.143.139 - - [27/Dec/2014:10:01:06 -0500] "GET /imagenes/tree1.gif HTTP/1.1" 200 1161
190.156.143.139 - - [27/Dec/2014:10:01:06 -0500] "GET /imagenes/CAMERA3.gif HTTP/1.1" 200 4150
190.156.143.139 - - [27/Dec/2014:10:01:06 -0500] "GET /imagenes/SLIDE1.gif HTTP/1.1" 200 1111
190.156.143.139 - - [27/Dec/2014:10:01:06 -0500] "GET /imagenes/flexcomb.gif HTTP/1.1" 200 1169
190.156.143.139 - - [27/Dec/2014:10:01:06 -0500] "GET /imagenes/GO.gif HTTP/1.1" 200 904
190.156.143.139 - - [27/Dec/2014:10:01:06 -0500] "GET /imagenes/HRTOOLS.gif HTTP/1.1" 200 2238
190.156.143.139 - - [27/Dec/2014:10:01:06 -0500] "GET /imagenes/rt_rec1.gif HTTP/1.1" 200 867
190.156.143.139 - - [27/Dec/2014:10:01:06 -0500] "GET /imagenes/apply.gif HTTP/1.1" 200 903
190.156.143.139 - - [27/Dec/2014:10:01:06 -0500] "GET /imagenes/exit.gif HTTP/1.1" 200 916
190.156.143.139 - - [27/Dec/2014:10:01:07 -0500] "GET /imagenes/LISTVAL.gif HTTP/1.1" 200 905
190.156.143.139 - - [27/Dec/2014:10:01:07 -0500] "GET /imagenes/edit.gif HTTP/1.1" 200 919
190.156.143.139 - - [27/Dec/2014:10:01:07 -0500] "GET /imagenes/rt_rec4.gif HTTP/1.1" 200 865
190.156.143.139 - - [27/Dec/2014:10:01:07 -0500] "GET /imagenes/rt_rec3.gif HTTP/1.1" 200 844
190.156.143.139 - - [27/Dec/2014:10:01:07 -0500] "GET /imagenes/rt_rec2.gif HTTP/1.1" 200 847
190.156.143.139 - - [27/Dec/2014:10:01:07 -0500] "GET /imagenes/rt_rdel.gif HTTP/1.1" 200 899
190.156.143.139 - - [27/Dec/2014:10:01:07 -0500] "GET /imagenes/rt_radd.gif HTTP/1.1" 200 907
190.156.143.139 - - [27/Dec/2014:10:01:07 -0500] "GET /imagenes/rt_quer3.gif HTTP/1.1" 200 939
190.156.143.139 - - [27/Dec/2014:10:01:07 -0500] "GET /imagenes/rt_quer2.gif HTTP/1.1" 200 936
190.156.143.139 - - [27/Dec/2014:10:01:07 -0500] "GET /imagenes/rt_quer1.gif HTTP/1.1" 200 930
190.156.143.139 - - [27/Dec/2014:10:01:07 -0500] "GET /imagenes/rt_save.gif HTTP/1.1" 200 903
190.156.143.139 - - [27/Dec/2014:10:01:07 -0500] "GET /imagenes/rt_pset.gif HTTP/1.1" 200 914
190.156.143.139 - - [27/Dec/2014:10:01:07 -0500] "GET /imagenes/QUEJA.gif HTTP/1.1" 200 1091
190.156.143.139 - - [27/Dec/2014:10:01:07 -0500] "GET /imagenes/ARBOL.gif HTTP/1.1" 200 1026
190.156.143.139 - - [27/Dec/2014:10:01:07 -0500] "GET /imagenes/Clipboard.gif HTTP/1.1" 200 1466
190.156.143.139 - - [27/Dec/2014:10:01:07 -0500] "GET /imagenes/DINERO.gif HTTP/1.1" 200 1766
190.156.143.139 - - [27/Dec/2014:10:01:07 -0500] "GET /imagenes/URGENTE.gif HTTP/1.1" 200 964
190.156.143.139 - - [27/Dec/2014:10:01:07 -0500] "GET /imagenes/TREE4.gif HTTP/1.1" 200 4150
190.156.143.139 - - [27/Dec/2014:10:01:07 -0500] "POST /forms/lservlet;jsessionid=ac16012b30d5975f5fb5c4a2484981589772154cd98a.e3iSbxaKaheRe34Sa3yKbhiTahb0n6jAmljGr5XDqQLvpAe HTTP/1.1" 200 7
190.156.143.139 - - [27/Dec/2014:10:01:07 -0500] "POST /forms/lservlet;jsessionid=ac16012b30d5975f5fb5c4a2484981589772154cd98a.e3iSbxaKaheRe34Sa3yKbhiTahb0n6jAmljGr5XDqQLvpAe HTTP/1.1" 200 34
190.156.143.139 - - [27/Dec/2014:10:01:07 -0500] "POST /forms/lservlet;jsessionid=ac16012b30d5975f5fb5c4a2484981589772154cd98a.e3iSbxaKaheRe34Sa3yKbhiTahb0n6jAmljGr5XDqQLvpAe HTTP/1.1" 200 2
190.156.143.139 - - [27/Dec/2014:10:01:07 -0500] "POST /forms/lservlet;jsessionid=ac16012b30d5975f5fb5c4a2484981589772154cd98a.e3iSbxaKaheRe34Sa3yKbhiTahb0n6jAmljGr5XDqQLvpAe HTTP/1.1" 200 647
66.249.73.163 - - [27/Dec/2014:10:01:10 -0500] "GET /BLA/resoluciones/AUTOS%202011/2136.pdf HTTP/1.1" 200 230680
66.249.73.171 - - [27/Dec/2014:10:01:15 -0500] "GET /BLA/resoluciones/AUTOS%202011/2025.pdf HTTP/1.1" 200 135780
66.249.73.163 - - [27/Dec/2014:10:01:21 -0500] "GET /BLA/resoluciones/AUTOS%202011/0146.pdf HTTP/1.1" 200 2920
66.249.73.171 - - [27/Dec/2014:10:01:26 -0500] "GET /BLA/resoluciones/AUTOS%202011/1754.pdf HTTP/1.1" 200 90520
186.30.66.14 - - [27/Dec/2014:10:01:31 -0500] "POST /forms/lservlet;jsessionid=ac16012b30d53ea9f84bca5f42a9821692df51710c28.e3iSbxaKaheRe34Sa3yKbhiTahb0n6jAmljGr5XDqQLvpAe HTTP/1.1" 200 2
66.249.73.155 - - [27/Dec/2014:10:01:31 -0500] "GET /BLA/resoluciones/AUTOS%202011/3020.pdf HTTP/1.1" 200 13140
66.249.73.171 - - [27/Dec/2014:10:01:37 -0500] "GET /BLA/resoluciones/AUTOS%202011/2026.pdf HTTP/1.1" 200 138700
66.249.73.171 - - [27/Dec/2014:10:01:39 -0500] "GET /BLA/resoluciones/RESOLUCIONES%202004/RES%202004%201901-1950/00001901.tif HTTP/1.1" 200 200458
66.249.73.155 - - [27/Dec/2014:10:01:42 -0500] "GET /BLA/resoluciones/AUTOS%202011/1987.pdf HTTP/1.1" 200 11680
66.249.73.163 - - [27/Dec/2014:10:01:47 -0500] "GET /BLA/resoluciones/AUTOS%202011/0926.pdf HTTP/1.1" 200 317556
66.249.73.171 - - [27/Dec/2014:10:01:53 -0500] "GET /BLA/resoluciones/AUTOS%202011/2413.pdf HTTP/1.1" 200 74460
180.76.6.147 - - [27/Dec/2014:10:01:54 -0500] "GET /BLA/resoluciones/RESOLUCIONES%202007/RES%202007%202901%20AL%203000/RESOLUCION%202981%20DE%202007.pdf HTTP/1.1" 200 131634
66.249.73.171 - - [27/Dec/2014:10:01:58 -0500] "GET /BLA/resoluciones/AUTOS%202011/0833.pdf HTTP/1.1" 200 35040
66.249.73.171 - - [27/Dec/2014:10:02:04 -0500] "GET /BLA/resoluciones/AUTOS%202011/1921.pdf HTTP/1.1" 200 14600
66.249.65.196 - - [27/Dec/2014:10:02:09 -0500] "GET /Autoliquidacion/index.php?dir=TR%C1MITES+VERTIMIENTOS%2F HTTP/1.1" 200 2471
66.249.73.171 - - [27/Dec/2014:10:02:09 -0500] "GET /BLA/resoluciones/AUTOS%202011/1532.pdf HTTP/1.1" 200 229220
66.249.73.155 - - [27/Dec/2014:10:02:14 -0500] "GET /BLA/resoluciones/AUTOS%202011/2449.pdf HTTP/1.1" 200 246740
66.249.73.171 - - [27/Dec/2014:10:02:20 -0500] "GET /BLA/resoluciones/AUTOS%202011/1556.pdf HTTP/1.1" 200 93440
186.84.113.10 - - [27/Dec/2014:10:02:21 -0500] "GET /BLA/resoluciones/AUTOS%202013/1646.pdf HTTP/1.1" 200 1649672
186.84.113.10 - - [27/Dec/2014:10:02:23 -0500] "GET /BLA/resoluciones/AUTOS%202013/1646.pdf HTTP/1.1" 200 1649672
186.145.112.223 - - [27/Dec/2014:10:02:25 -0500] "GET /BLA/boletinlegal/js/jquery.js HTTP/1.1" 200 57254
186.145.112.223 - - [27/Dec/2014:10:02:25 -0500] "GET /BLA/boletinlegal/js/jquery.scrollShow.js HTTP/1.1" 200 4586
186.145.112.223 - - [27/Dec/2014:10:02:25 -0500] "GET /BLA/boletinlegal/js/jquery.scrollTo-min.js HTTP/1.1" 200 1150
66.249.73.163 - - [27/Dec/2014:10:02:25 -0500] "GET /BLA/resoluciones/AUTOS%202011/2454.pdf HTTP/1.1" 200 137240
66.249.73.155 - - [27/Dec/2014:10:02:30 -0500] "GET /BLA/resoluciones/AUTOS%202011/6949.pdf HTTP/1.1" 200 313629
66.249.73.171 - - [27/Dec/2014:10:02:36 -0500] "GET /BLA/resoluciones/AUTOS%202011/7276.pdf HTTP/1.1" 200 155796
210.172.183.46 - - [27/Dec/2014:10:02:39 -0500] "GET /wp-admin/ HTTP/1.1" 404 1018
66.249.73.171 - - [27/Dec/2014:10:02:41 -0500] "GET /BLA/resoluciones/AUTOS%202011/1732.pdf HTTP/1.1" 200 121180
190.156.143.139 - - [27/Dec/2014:10:02:45 -0500] "POST /forms/lservlet;jsessionid=ac16012b30d5975f5fb5c4a2484981589772154cd98a.e3iSbxaKaheRe34Sa3yKbhiTahb0n6jAmljGr5XDqQLvpAe HTTP/1.1" 200 2
66.249.73.171 - - [27/Dec/2014:10:02:47 -0500] "GET /BLA/resoluciones/AUTOS%202011/0148.pdf HTTP/1.1" 200 304058
66.249.73.155 - - [27/Dec/2014:10:02:52 -0500] "GET /BLA/resoluciones/AUTOS%202011/1840.pdf HTTP/1.1" 200 163520
66.249.73.155 - - [27/Dec/2014:10:02:57 -0500] "GET /BLA/resoluciones/AUTOS%202011/1516.pdf HTTP/1.1" 200 21900
186.82.78.180 - - [27/Dec/2014:10:02:59 -0500] "POST /forms/lservlet;jsessionid=ac16012b30d5f89fa76fa7084ec6ba0aed297e3853b3.e3iSbxaKaheRe34Sa3yKbhiTahb0n6jAmljGr5XDqQLvpAe HTTP/1.1" 200 2
66.249.73.171 - - [27/Dec/2014:10:03:03 -0500] "GET /BLA/resoluciones/AUTOS%202011/1563.pdf HTTP/1.1" 200 87600
66.249.73.163 - - [27/Dec/2014:10:03:08 -0500] "GET /BLA/resoluciones/AUTOS%202011/1402.pdf HTTP/1.1" 200 33580
66.249.73.171 - - [27/Dec/2014:10:03:13 -0500] "GET /BLA/resoluciones/AUTOS%202011/4307.pdf HTTP/1.1" 200 267835
66.249.73.171 - - [27/Dec/2014:10:03:19 -0500] "GET /BLA/resoluciones/AUTOS%202011/3782.pdf HTTP/1.1" 200 1742762
66.249.73.155 - - [27/Dec/2014:10:03:24 -0500] "GET /BLA/resoluciones/AUTOS%202011/2466.pdf HTTP/1.1" 200 42340
66.249.73.171 - - [27/Dec/2014:10:03:30 -0500] "GET /BLA/resoluciones/AUTOS%202011/2444.pdf HTTP/1.1" 200 173740
186.30.66.14 - - [27/Dec/2014:10:03:31 -0500] "POST /forms/lservlet;jsessionid=ac16012b30d53ea9f84bca5f42a9821692df51710c28.e3iSbxaKaheRe34Sa3yKbhiTahb0n6jAmljGr5XDqQLvpAe HTTP/1.1" 200 2
66.249.73.163 - - [27/Dec/2014:10:03:35 -0500] "GET /BLA/resoluciones/AUTOS%202011/2036.pdf HTTP/1.1" 200 -
66.249.73.155 - - [27/Dec/2014:10:03:40 -0500] "GET /BLA/resoluciones/AUTOS%202011/1738.pdf HTTP/1.1" 200 248200
66.249.73.155 - - [27/Dec/2014:10:03:46 -0500] "GET /BLA/resoluciones/AUTOS%202011/3011.pdf HTTP/1.1" 200 115340
66.249.73.163 - - [27/Dec/2014:10:03:51 -0500] "GET /BLA/resoluciones/AUTOS%202011/2411.pdf HTTP/1.1" 200 37960
66.249.73.171 - - [27/Dec/2014:10:03:57 -0500] "GET /BLA/resoluciones/AUTOS%202011/6049.pdf HTTP/1.1" 200 288439
66.249.73.171 - - [27/Dec/2014:10:04:02 -0500] "GET /BLA/resoluciones/index.php?dir=AUTOS%202011/&sort=size&order=asc HTTP/1.1" 200 515451
66.249.73.163 - - [27/Dec/2014:10:04:07 -0500] "GET /BLA/resoluciones/index.php?dir=AUTOS%202011/&sort=name&order=desc HTTP/1.1" 200 515450
66.249.73.163 - - [27/Dec/2014:10:04:13 -0500] "GET /BLA/resoluciones/index.php?dir=AUTOS%202011/&sort=date&order=asc HTTP/1.1" 200 515451
66.249.73.171 - - [27/Dec/2014:10:04:18 -0500] "GET /BLA/resoluciones/RESOLUCIONES%202008/2892.pdf HTTP/1.1" 200 389629
66.249.73.171 - - [27/Dec/2014:10:04:24 -0500] "GET /BLA/resoluciones/RESOLUCIONES%202008/0757.pdf HTTP/1.1" 200 1111691
66.249.73.163 - - [27/Dec/2014:10:04:29 -0500] "GET /BLA/resoluciones/RESOLUCIONES%202008/2896.pdf HTTP/1.1" 200 291395
190.156.143.139 - - [27/Dec/2014:10:04:45 -0500] "POST /forms/lservlet;jsessionid=ac16012b30d5975f5fb5c4a2484981589772154cd98a.e3iSbxaKaheRe34Sa3yKbhiTahb0n6jAmljGr5XDqQLvpAe HTTP/1.1" 200 2
66.249.79.67 - - [27/Dec/2014:10:04:52 -0500] "GET /BLA/resoluciones/index.php?dir=AUTOS%202011/&sort=size&order=desc HTTP/1.1" 200 515450
66.249.73.163 - - [27/Dec/2014:10:04:55 -0500] "GET /BLA/resoluciones/index.php?dir=AUTOS%202011/&sort=date&order=desc HTTP/1.1" 200 515450
186.82.78.180 - - [27/Dec/2014:10:05:01 -0500] "POST /forms/lservlet;jsessionid=ac16012b30d5f89fa76fa7084ec6ba0aed297e3853b3.e3iSbxaKaheRe34Sa3yKbhiTahb0n6jAmljGr5XDqQLvpAe HTTP/1.1" 200 2
66.249.73.171 - - [27/Dec/2014:10:05:17 -0500] "GET /BLA/resoluciones/RESOLUCIONES%202004/RES%202004%201901-1950/00001934.tif HTTP/1.1" 200 152214
186.30.66.14 - - [27/Dec/2014:10:05:31 -0500] "POST /forms/lservlet;jsessionid=ac16012b30d53ea9f84bca5f42a9821692df51710c28.e3iSbxaKaheRe34Sa3yKbhiTahb0n6jAmljGr5XDqQLvpAe HTTP/1.1" 200 2
74.86.158.107 - - [27/Dec/2014:10:05:35 -0500] "HEAD / HTTP/1.1" 302 -
186.28.175.19 - - [27/Dec/2014:10:06:04 -0500] "GET /galeria/carrusel/Carrusel/jquery.thumbnailScroller.css HTTP/1.1" 200 2066
186.28.175.19 - - [27/Dec/2014:10:06:05 -0500] "GET /BLA/boletinlegal/js/jquery.scrollShow.js HTTP/1.1" 200 4586
186.28.175.19 - - [27/Dec/2014:10:06:05 -0500] "GET /galeria/carrusel/Carrusel/jquery-ui-1.8.13.custom.min.js HTTP/1.1" 200 10800
186.28.175.19 - - [27/Dec/2014:10:06:05 -0500] "GET /BLA/boletinlegal/js/jquery.js HTTP/1.1" 200 57254
186.28.175.19 - - [27/Dec/2014:10:06:05 -0500] "GET /BLA/boletinlegal/js/jquery.scrollTo-min.js HTTP/1.1" 200 1150
186.28.175.19 - - [27/Dec/2014:10:06:07 -0500] "GET /galeria/carrusel/Carrusel/jquery.thumbnailScroller.js HTTP/1.1" 200 8157
186.28.175.19 - - [27/Dec/2014:10:06:11 -0500] "GET /galeria/nivo-slider/demo/demo.html HTTP/1.1" 200 3237
186.28.175.19 - - [27/Dec/2014:10:06:13 -0500] "GET /galeria/nivo-slider/themes/default/default.css HTTP/1.1" 200 1569
186.28.175.19 - - [27/Dec/2014:10:06:13 -0500] "GET /galeria/nivo-slider/themes/pascal/pascal.css HTTP/1.1" 200 2258
186.28.175.19 - - [27/Dec/2014:10:06:13 -0500] "GET /galeria/nivo-slider/themes/orman/orman.css HTTP/1.1" 200 2152
186.28.175.19 - - [27/Dec/2014:10:06:13 -0500] "GET /galeria/nivo-slider/demo/style.css HTTP/1.1" 200 2222
186.28.175.19 - - [27/Dec/2014:10:06:13 -0500] "GET /galeria/nivo-slider/nivo-slider.css HTTP/1.1" 200 1507
186.28.175.19 - - [27/Dec/2014:10:06:13 -0500] "GET /galeria/nivo-slider/demo/scripts/jquery-1.7.1.min.js HTTP/1.1" 200 93868
186.28.175.19 - - [27/Dec/2014:10:06:13 -0500] "GET /galeria/nivo-slider/jquery.nivo.slider.pack.js HTTP/1.1" 200 11561
186.28.175.19 - - [27/Dec/2014:10:06:13 -0500] "GET /galeria/nivo-slider/demo/images/bolsas-08.jpg HTTP/1.1" 200 85589
186.28.175.19 - - [27/Dec/2014:10:06:13 -0500] "GET /galeria/nivo-slider/demo/images/Ruta-vertimientos-01.jpg HTTP/1.1" 200 130151
186.28.175.19 - - [27/Dec/2014:10:06:13 -0500] "GET /galeria/nivo-slider/demo/images/bolsas-06.jpg HTTP/1.1" 200 90982
186.28.175.19 - - [27/Dec/2014:10:06:13 -0500] "GET /galeria/nivo-slider/demo/images/ecolecta-Dic2014.png HTTP/1.1" 200 288593
186.28.175.19 - - [27/Dec/2014:10:06:14 -0500] "GET /galeria/nivo-slider/demo/images/Banner-GAE3.jpg HTTP/1.1" 200 146354
186.28.175.19 - - [27/Dec/2014:10:06:14 -0500] "GET /galeria/nivo-slider/demo/images/porloshumedales.jpg HTTP/1.1" 200 351238
186.28.175.19 - - [27/Dec/2014:10:06:14 -0500] "GET /galeria/nivo-slider/demo/images/Tingua-azul.jpg HTTP/1.1" 200 307638
186.28.175.19 - - [27/Dec/2014:10:06:15 -0500] "GET /galeria/nivo-slider/demo/images/Banner-Caracol-Africano.jpg HTTP/1.1" 200 331986
186.28.175.19 - - [27/Dec/2014:10:06:16 -0500] "GET /galeria/nivo-slider/demo/images/banner-redes.jpg HTTP/1.1" 200 62209
186.28.175.19 - - [27/Dec/2014:10:06:17 -0500] "GET /galeria/nivo-slider/demo/images/9Signos.jpg HTTP/1.1" 200 93040
186.28.175.19 - - [27/Dec/2014:10:06:17 -0500] "GET /galeria/nivo-slider/demo/images/banner-llantas2.jpg HTTP/1.1" 200 73153
186.28.175.19 - - [27/Dec/2014:10:06:17 -0500] "GET /galeria/nivo-slider/demo/images/banner-caballos.png HTTP/1.1" 200 389106
186.28.175.19 - - [27/Dec/2014:10:06:24 -0500] "GET /galeria/nivo-slider/demo/images/4Simple_Slider.png HTTP/1.1" 200 11722
186.28.175.19 - - [27/Dec/2014:10:06:24 -0500] "GET /galeria/nivo-slider/themes/default/loading.gif HTTP/1.1" 200 1737
186.28.175.19 - - [27/Dec/2014:10:06:24 -0500] "GET /galeria/nivo-slider/themes/default/arrows.png HTTP/1.1" 200 824
186.28.175.19 - - [27/Dec/2014:10:06:24 -0500] "GET /galeria/nivo-slider/themes/default/bullets.png HTTP/1.1" 200 1281
186.28.175.19 - - [27/Dec/2014:10:06:31 -0500] "GET /videos/Spot_CambioClimatico.flv HTTP/1.1" 200 4371917
181.51.251.160 - - [27/Dec/2014:10:06:44 -0500] "GET /BLA/boletinlegal/js/jquery.js HTTP/1.1" 200 57254
181.51.251.160 - - [27/Dec/2014:10:06:44 -0500] "GET /BLA/boletinlegal/js/jquery.scrollTo-min.js HTTP/1.1" 200 1150
181.51.251.160 - - [27/Dec/2014:10:06:44 -0500] "GET /BLA/boletinlegal/js/jquery.scrollShow.js HTTP/1.1" 200 4586
190.156.143.139 - - [27/Dec/2014:10:06:45 -0500] "POST /forms/lservlet;jsessionid=ac16012b30d5975f5fb5c4a2484981589772154cd98a.e3iSbxaKaheRe34Sa3yKbhiTahb0n6jAmljGr5XDqQLvpAe HTTP/1.1" 200 2
190.146.135.231 - - [27/Dec/2014:10:07:01 -0500] "GET /BLA/boletinlegal/js/jquery.js HTTP/1.1" 200 57254
190.146.135.231 - - [27/Dec/2014:10:07:01 -0500] "GET /BLA/boletinlegal/js/jquery.scrollShow.js HTTP/1.1" 200 4586
190.146.135.231 - - [27/Dec/2014:10:07:01 -0500] "GET /BLA/boletinlegal/js/jquery.scrollTo-min.js HTTP/1.1" 200 1150
186.82.78.180 - - [27/Dec/2014:10:07:01 -0500] "POST /forms/lservlet;jsessionid=ac16012b30d5f89fa76fa7084ec6ba0aed297e3853b3.e3iSbxaKaheRe34Sa3yKbhiTahb0n6jAmljGr5XDqQLvpAe HTTP/1.1" 200 2
186.30.66.14 - - [27/Dec/2014:10:07:31 -0500] "POST /forms/lservlet;jsessionid=ac16012b30d53ea9f84bca5f42a9821692df51710c28.e3iSbxaKaheRe34Sa3yKbhiTahb0n6jAmljGr5XDqQLvpAe HTTP/1.1" 200 2
66.249.65.192 - - [27/Dec/2014:10:08:09 -0500] "GET /links/links.htm HTTP/1.1" 404 1019
190.156.143.139 - - [27/Dec/2014:10:08:46 -0500] "POST /forms/lservlet;jsessionid=ac16012b30d5975f5fb5c4a2484981589772154cd98a.e3iSbxaKaheRe34Sa3yKbhiTahb0n6jAmljGr5XDqQLvpAe HTTP/1.1" 200 2
66.249.73.163 - - [27/Dec/2014:10:08:54 -0500] "GET /BLA/resoluciones/index.php?dir=AUTOS%202011/&sort=name&order=asc HTTP/1.1" 200 515451
66.249.73.155 - - [27/Dec/2014:10:08:59 -0500] "GET /BLA/resoluciones/RESOLUCIONES%202004/RES%202004%201901-1950/00001943.tif HTTP/1.1" 200 45160
186.82.78.180 - - [27/Dec/2014:10:09:01 -0500] "POST /forms/lservlet;jsessionid=ac16012b30d5f89fa76fa7084ec6ba0aed297e3853b3.e3iSbxaKaheRe34Sa3yKbhiTahb0n6jAmljGr5XDqQLvpAe HTTP/1.1" 200 2
186.113.10.143 - - [27/Dec/2014:10:09:21 -0500] "GET /galeria/nivo-slider/demo/images/bolsas-08.jpg HTTP/1.1" 200 85589
186.30.66.14 - - [27/Dec/2014:10:09:31 -0500] "POST /forms/lservlet;jsessionid=ac16012b30d53ea9f84bca5f42a9821692df51710c28.e3iSbxaKaheRe34Sa3yKbhiTahb0n6jAmljGr5XDqQLvpAe HTTP/1.1" 200 2
186.95.250.178 - - [27/Dec/2014:10:10:01 -0500] "GET /BLA/boletinlegal/js/jquery.js HTTP/1.1" 200 57254
186.95.250.178 - - [27/Dec/2014:10:10:01 -0500] "GET /BLA/boletinlegal/js/jquery.scrollTo-min.js HTTP/1.1" 200 1150
186.95.250.178 - - [27/Dec/2014:10:10:01 -0500] "GET /BLA/boletinlegal/js/jquery.scrollShow.js HTTP/1.1" 200 4586
186.95.250.178 - - [27/Dec/2014:10:10:01 -0500] "GET /galeria/carrusel/Carrusel/jquery.thumbnailScroller.css HTTP/1.1" 200 2066
186.95.250.178 - - [27/Dec/2014:10:10:01 -0500] "GET /galeria/carrusel/Carrusel/jquery-ui-1.8.13.custom.min.js HTTP/1.1" 200 10800
186.95.250.178 - - [27/Dec/2014:10:10:02 -0500] "GET /galeria/carrusel/Carrusel/jquery.thumbnailScroller.js HTTP/1.1" 200 8157
186.95.250.178 - - [27/Dec/2014:10:10:15 -0500] "GET /galeria/nivo-slider/demo/demo.html HTTP/1.1" 200 3237
186.95.250.178 - - [27/Dec/2014:10:10:16 -0500] "GET /galeria/nivo-slider/themes/default/default.css HTTP/1.1" 200 1569
186.95.250.178 - - [27/Dec/2014:10:10:16 -0500] "GET /galeria/nivo-slider/themes/pascal/pascal.css HTTP/1.1" 200 2258
186.95.250.178 - - [27/Dec/2014:10:10:16 -0500] "GET /galeria/nivo-slider/themes/orman/orman.css HTTP/1.1" 200 2152
186.95.250.178 - - [27/Dec/2014:10:10:16 -0500] "GET /galeria/nivo-slider/nivo-slider.css HTTP/1.1" 200 1507
186.95.250.178 - - [27/Dec/2014:10:10:16 -0500] "GET /galeria/nivo-slider/demo/style.css HTTP/1.1" 200 2222
186.95.250.178 - - [27/Dec/2014:10:10:16 -0500] "GET /galeria/nivo-slider/demo/images/bolsas-08.jpg HTTP/1.1" 200 85589
186.95.250.178 - - [27/Dec/2014:10:10:16 -0500] "GET /galeria/nivo-slider/demo/images/Ruta-vertimientos-01.jpg HTTP/1.1" 200 130151
186.95.250.178 - - [27/Dec/2014:10:10:16 -0500] "GET /galeria/nivo-slider/demo/images/bolsas-06.jpg HTTP/1.1" 200 90982
186.95.250.178 - - [27/Dec/2014:10:10:16 -0500] "GET /galeria/nivo-slider/demo/images/ecolecta-Dic2014.png HTTP/1.1" 200 288593
186.95.250.178 - - [27/Dec/2014:10:10:16 -0500] "GET /galeria/nivo-slider/demo/images/Banner-GAE3.jpg HTTP/1.1" 200 146354
186.95.250.178 - - [27/Dec/2014:10:10:16 -0500] "GET /galeria/nivo-slider/demo/images/porloshumedales.jpg HTTP/1.1" 200 351238
186.95.250.178 - - [27/Dec/2014:10:10:19 -0500] "GET /galeria/nivo-slider/demo/images/Tingua-azul.jpg HTTP/1.1" 200 307638
186.95.250.178 - - [27/Dec/2014:10:10:19 -0500] "GET /galeria/nivo-slider/demo/images/Banner-Caracol-Africano.jpg HTTP/1.1" 200 331986
186.95.250.178 - - [27/Dec/2014:10:10:22 -0500] "GET /galeria/nivo-slider/demo/images/banner-redes.jpg HTTP/1.1" 200 62209
186.95.250.178 - - [27/Dec/2014:10:10:24 -0500] "GET /galeria/nivo-slider/demo/images/9Signos.jpg HTTP/1.1" 200 93040
186.95.250.178 - - [27/Dec/2014:10:10:25 -0500] "GET /galeria/nivo-slider/demo/images/banner-llantas2.jpg HTTP/1.1" 200 73153
186.95.250.178 - - [27/Dec/2014:10:10:26 -0500] "GET /galeria/nivo-slider/demo/images/banner-caballos.png HTTP/1.1" 200 389106
186.95.250.178 - - [27/Dec/2014:10:10:27 -0500] "GET /galeria/nivo-slider/demo/scripts/jquery-1.7.1.min.js HTTP/1.1" 200 93868
186.95.250.178 - - [27/Dec/2014:10:10:27 -0500] "GET /galeria/nivo-slider/jquery.nivo.slider.pack.js HTTP/1.1" 200 11561
186.95.250.178 - - [27/Dec/2014:10:10:29 -0500] "GET /galeria/nivo-slider/demo/images/4Simple_Slider.png HTTP/1.1" 200 11722
186.95.250.178 - - [27/Dec/2014:10:10:29 -0500] "GET /galeria/nivo-slider/themes/default/loading.gif HTTP/1.1" 200 1737
186.95.250.178 - - [27/Dec/2014:10:10:32 -0500] "GET /galeria/nivo-slider/themes/default/arrows.png HTTP/1.1" 200 824
186.95.250.178 - - [27/Dec/2014:10:10:32 -0500] "GET /galeria/nivo-slider/themes/default/bullets.png HTTP/1.1" 200 1281
74.86.158.107 - - [27/Dec/2014:10:10:35 -0500] "HEAD / HTTP/1.1" 302 -
190.156.143.139 - - [27/Dec/2014:10:10:46 -0500] "POST /forms/lservlet;jsessionid=ac16012b30d5975f5fb5c4a2484981589772154cd98a.e3iSbxaKaheRe34Sa3yKbhiTahb0n6jAmljGr5XDqQLvpAe HTTP/1.1" 200 2
186.82.78.180 - - [27/Dec/2014:10:11:00 -0500] "POST /forms/lservlet;jsessionid=ac16012b30d5f89fa76fa7084ec6ba0aed297e3853b3.e3iSbxaKaheRe34Sa3yKbhiTahb0n6jAmljGr5XDqQLvpAe HTTP/1.1" 200 2
180.76.6.157 - - [27/Dec/2014:10:11:13 -0500] "GET /BLA/resoluciones/RESOLUCIONES%202007/RES%202007%203601%20AL%203700/RESOLUCION%203674%20DE%202007.pdf HTTP/1.1" 200 2012620
186.30.66.14 - - [27/Dec/2014:10:11:31 -0500] "POST /forms/lservlet;jsessionid=ac16012b30d53ea9f84bca5f42a9821692df51710c28.e3iSbxaKaheRe34Sa3yKbhiTahb0n6jAmljGr5XDqQLvpAe HTTP/1.1" 200 2
190.156.143.139 - - [27/Dec/2014:10:11:54 -0500] "POST /forms/lservlet;jsessionid=ac16012b30d5975f5fb5c4a2484981589772154cd98a.e3iSbxaKaheRe34Sa3yKbhiTahb0n6jAmljGr5XDqQLvpAe HTTP/1.1" 200 24
190.156.143.139 - - [27/Dec/2014:10:11:54 -0500] "POST /forms/lservlet;jsessionid=ac16012b30d5975f5fb5c4a2484981589772154cd98a.e3iSbxaKaheRe34Sa3yKbhiTahb0n6jAmljGr5XDqQLvpAe HTTP/1.1" 200 586
181.246.136.202 - - [27/Dec/2014:10:11:54 -0500] "GET /BLA/resoluciones/AUTOS%202014/0564.pdf HTTP/1.1" 200 826466
190.156.143.139 - - [27/Dec/2014:10:11:55 -0500] "POST /forms/lservlet;jsessionid=ac16012b30d5975f5fb5c4a2484981589772154cd98a.e3iSbxaKaheRe34Sa3yKbhiTahb0n6jAmljGr5XDqQLvpAe HTTP/1.1" 200 11
190.156.143.139 - - [27/Dec/2014:10:12:04 -0500] "POST /forms/lservlet;jsessionid=ac16012b30d5975f5fb5c4a2484981589772154cd98a.e3iSbxaKaheRe34Sa3yKbhiTahb0n6jAmljGr5XDqQLvpAe HTTP/1.1" 200 32
190.156.143.139 - - [27/Dec/2014:10:12:04 -0500] "POST /forms/lservlet;jsessionid=ac16012b30d5975f5fb5c4a2484981589772154cd98a.e3iSbxaKaheRe34Sa3yKbhiTahb0n6jAmljGr5XDqQLvpAe HTTP/1.1" 200 471
190.156.143.139 - - [27/Dec/2014:10:12:04 -0500] "POST /forms/lservlet;jsessionid=ac16012b30d5975f5fb5c4a2484981589772154cd98a.e3iSbxaKaheRe34Sa3yKbhiTahb0n6jAmljGr5XDqQLvpAe HTTP/1.1" 200 11
186.82.78.180 - - [27/Dec/2014:10:12:06 -0500] "POST /forms/lservlet;jsessionid=ac16012b30d5f89fa76fa7084ec6ba0aed297e3853b3.e3iSbxaKaheRe34Sa3yKbhiTahb0n6jAmljGr5XDqQLvpAe HTTP/1.1" 200 2
186.82.78.180 - - [27/Dec/2014:10:12:06 -0500] "POST /forms/lservlet;jsessionid=ac16012b30d5f89fa76fa7084ec6ba0aed297e3853b3.e3iSbxaKaheRe34Sa3yKbhiTahb0n6jAmljGr5XDqQLvpAe HTTP/1.1" 200 560
186.82.78.180 - - [27/Dec/2014:10:12:07 -0500] "POST /forms/lservlet;jsessionid=ac16012b30d5f89fa76fa7084ec6ba0aed297e3853b3.e3iSbxaKaheRe34Sa3yKbhiTahb0n6jAmljGr5XDqQLvpAe HTTP/1.1" 200 7
186.82.78.180 - - [27/Dec/2014:10:12:08 -0500] "POST /forms/lservlet;jsessionid=ac16012b30d5f89fa76fa7084ec6ba0aed297e3853b3.e3iSbxaKaheRe34Sa3yKbhiTahb0n6jAmljGr5XDqQLvpAe HTTP/1.1" 200 2
186.82.78.180 - - [27/Dec/2014:10:12:08 -0500] "POST /forms/lservlet;jsessionid=ac16012b30d5f89fa76fa7084ec6ba0aed297e3853b3.e3iSbxaKaheRe34Sa3yKbhiTahb0n6jAmljGr5XDqQLvpAe HTTP/1.1" 200 102
186.82.78.180 - - [27/Dec/2014:10:12:09 -0500] "POST /forms/lservlet;jsessionid=ac16012b30d5f89fa76fa7084ec6ba0aed297e3853b3.e3iSbxaKaheRe34Sa3yKbhiTahb0n6jAmljGr5XDqQLvpAe HTTP/1.1" 200 2
186.82.78.180 - - [27/Dec/2014:10:12:10 -0500] "POST /forms/lservlet;jsessionid=ac16012b30d5f89fa76fa7084ec6ba0aed297e3853b3.e3iSbxaKaheRe34Sa3yKbhiTahb0n6jAmljGr5XDqQLvpAe HTTP/1.1" 200 2
186.82.78.180 - - [27/Dec/2014:10:12:11 -0500] "POST /forms/lservlet;jsessionid=ac16012b30d5f89fa76fa7084ec6ba0aed297e3853b3.e3iSbxaKaheRe34Sa3yKbhiTahb0n6jAmljGr5XDqQLvpAe HTTP/1.1" 200 372
186.82.78.180 - - [27/Dec/2014:10:12:12 -0500] "POST /forms/lservlet;jsessionid=ac16012b30d5f89fa76fa7084ec6ba0aed297e3853b3.e3iSbxaKaheRe34Sa3yKbhiTahb0n6jAmljGr5XDqQLvpAe HTTP/1.1" 200 2
186.82.78.180 - - [27/Dec/2014:10:12:13 -0500] "POST /forms/lservlet;jsessionid=ac16012b30d5f89fa76fa7084ec6ba0aed297e3853b3.e3iSbxaKaheRe34Sa3yKbhiTahb0n6jAmljGr5XDqQLvpAe HTTP/1.1" 200 34
186.82.78.180 - - [27/Dec/2014:10:12:13 -0500] "POST /forms/lservlet;jsessionid=ac16012b30d5f89fa76fa7084ec6ba0aed297e3853b3.e3iSbxaKaheRe34Sa3yKbhiTahb0n6jAmljGr5XDqQLvpAe HTTP/1.1" 200 2
186.82.78.180 - - [27/Dec/2014:10:12:14 -0500] "POST /forms/lservlet;jsessionid=ac16012b30d5f89fa76fa7084ec6ba0aed297e3853b3.e3iSbxaKaheRe34Sa3yKbhiTahb0n6jAmljGr5XDqQLvpAe HTTP/1.1" 200 2
186.82.78.180 - - [27/Dec/2014:10:12:15 -0500] "POST /forms/lservlet;jsessionid=ac16012b30d5f89fa76fa7084ec6ba0aed297e3853b3.e3iSbxaKaheRe34Sa3yKbhiTahb0n6jAmljGr5XDqQLvpAe HTTP/1.1" 200 2017
186.82.78.180 - - [27/Dec/2014:10:12:15 -0500] "POST /forms/lservlet;jsessionid=ac16012b30d5f89fa76fa7084ec6ba0aed297e3853b3.e3iSbxaKaheRe34Sa3yKbhiTahb0n6jAmljGr5XDqQLvpAe HTTP/1.1" 200 78
186.82.78.180 - - [27/Dec/2014:10:12:19 -0500] "POST /forms/lservlet;jsessionid=ac16012b30d5f89fa76fa7084ec6ba0aed297e3853b3.e3iSbxaKaheRe34Sa3yKbhiTahb0n6jAmljGr5XDqQLvpAe HTTP/1.1" 200 34756
186.82.78.180 - - [27/Dec/2014:10:12:20 -0500] "POST /forms/lservlet;jsessionid=ac16012b30d5f89fa76fa7084ec6ba0aed297e3853b3.e3iSbxaKaheRe34Sa3yKbhiTahb0n6jAmljGr5XDqQLvpAe HTTP/1.1" 200 7
186.82.78.180 - - [27/Dec/2014:10:12:21 -0500] "POST /forms/lservlet;jsessionid=ac16012b30d5f89fa76fa7084ec6ba0aed297e3853b3.e3iSbxaKaheRe34Sa3yKbhiTahb0n6jAmljGr5XDqQLvpAe HTTP/1.1" 200 34
186.82.78.180 - - [27/Dec/2014:10:12:21 -0500] "POST /forms/lservlet;jsessionid=ac16012b30d5f89fa76fa7084ec6ba0aed297e3853b3.e3iSbxaKaheRe34Sa3yKbhiTahb0n6jAmljGr5XDqQLvpAe HTTP/1.1" 200 2
186.82.78.180 - - [27/Dec/2014:10:12:22 -0500] "POST /forms/lservlet;jsessionid=ac16012b30d5f89fa76fa7084ec6ba0aed297e3853b3.e3iSbxaKaheRe34Sa3yKbhiTahb0n6jAmljGr5XDqQLvpAe HTTP/1.1" 200 2
186.82.78.180 - - [27/Dec/2014:10:12:22 -0500] "POST /forms/lservlet;jsessionid=ac16012b30d5f89fa76fa7084ec6ba0aed297e3853b3.e3iSbxaKaheRe34Sa3yKbhiTahb0n6jAmljGr5XDqQLvpAe HTTP/1.1" 200 662
186.82.78.180 - - [27/Dec/2014:10:12:22 -0500] "POST /forms/lservlet;jsessionid=ac16012b30d5f89fa76fa7084ec6ba0aed297e3853b3.e3iSbxaKaheRe34Sa3yKbhiTahb0n6jAmljGr5XDqQLvpAe HTTP/1.1" 200 10
186.82.78.180 - - [27/Dec/2014:10:12:27 -0500] "POST /forms/lservlet;jsessionid=ac16012b30d5f89fa76fa7084ec6ba0aed297e3853b3.e3iSbxaKaheRe34Sa3yKbhiTahb0n6jAmljGr5XDqQLvpAe HTTP/1.1" 200 26
186.82.78.180 - - [27/Dec/2014:10:12:27 -0500] "POST /forms/lservlet;jsessionid=ac16012b30d5f89fa76fa7084ec6ba0aed297e3853b3.e3iSbxaKaheRe34Sa3yKbhiTahb0n6jAmljGr5XDqQLvpAe HTTP/1.1" 200 3954
186.82.78.180 - - [27/Dec/2014:10:12:28 -0500] "POST /forms/lservlet;jsessionid=ac16012b30d5f89fa76fa7084ec6ba0aed297e3853b3.e3iSbxaKaheRe34Sa3yKbhiTahb0n6jAmljGr5XDqQLvpAe HTTP/1.1" 200 2
186.82.78.180 - - [27/Dec/2014:10:12:35 -0500] "POST /forms/lservlet;jsessionid=ac16012b30d5f89fa76fa7084ec6ba0aed297e3853b3.e3iSbxaKaheRe34Sa3yKbhiTahb0n6jAmljGr5XDqQLvpAe HTTP/1.1" 200 2
186.82.78.180 - - [27/Dec/2014:10:12:35 -0500] "POST /forms/lservlet;jsessionid=ac16012b30d5f89fa76fa7084ec6ba0aed297e3853b3.e3iSbxaKaheRe34Sa3yKbhiTahb0n6jAmljGr5XDqQLvpAe HTTP/1.1" 200 14
66.249.73.163 - - [27/Dec/2014:10:12:37 -0500] "GET /BLA/resoluciones/RESOLUCIONES%202004/RES%202004%201901-1950/00001932.tif HTTP/1.1" 200 174744
186.82.78.180 - - [27/Dec/2014:10:12:37 -0500] "POST /forms/lservlet;jsessionid=ac16012b30d5f89fa76fa7084ec6ba0aed297e3853b3.e3iSbxaKaheRe34Sa3yKbhiTahb0n6jAmljGr5XDqQLvpAe HTTP/1.1" 200 14
66.249.73.163 - - [27/Dec/2014:10:12:38 -0500] "GET /BLA/resoluciones/RESOLUCIONES%202002/RES%202002%201001-1050/2002RES1040.tif HTTP/1.1" 200 636732
186.82.78.180 - - [27/Dec/2014:10:12:38 -0500] "POST /forms/lservlet;jsessionid=ac16012b30d5f89fa76fa7084ec6ba0aed297e3853b3.e3iSbxaKaheRe34Sa3yKbhiTahb0n6jAmljGr5XDqQLvpAe HTTP/1.1" 200 14
186.82.78.180 - - [27/Dec/2014:10:12:39 -0500] "POST /forms/lservlet;jsessionid=ac16012b30d5f89fa76fa7084ec6ba0aed297e3853b3.e3iSbxaKaheRe34Sa3yKbhiTahb0n6jAmljGr5XDqQLvpAe HTTP/1.1" 200 133
186.82.78.180 - - [27/Dec/2014:10:12:40 -0500] "POST /forms/lservlet;jsessionid=ac16012b30d5f89fa76fa7084ec6ba0aed297e3853b3.e3iSbxaKaheRe34Sa3yKbhiTahb0n6jAmljGr5XDqQLvpAe HTTP/1.1" 200 2
186.82.78.180 - - [27/Dec/2014:10:12:40 -0500] "GET /reports/rwservlet/getjobid338226?server=rep_srvapsda HTTP/1.0" 200 312500
186.82.78.180 - - [27/Dec/2014:10:12:59 -0500] "POST /forms/lservlet;jsessionid=ac16012b30d5f89fa76fa7084ec6ba0aed297e3853b3.e3iSbxaKaheRe34Sa3yKbhiTahb0n6jAmljGr5XDqQLvpAe HTTP/1.1" 200 2
186.30.66.14 - - [27/Dec/2014:10:13:31 -0500] "POST /forms/lservlet;jsessionid=ac16012b30d53ea9f84bca5f42a9821692df51710c28.e3iSbxaKaheRe34Sa3yKbhiTahb0n6jAmljGr5XDqQLvpAe HTTP/1.1" 200 2
181.246.136.202 - - [27/Dec/2014:10:13:59 -0500] "GET /BLA/resoluciones/AUTOS%202013/1362.pdf HTTP/1.1" 200 836346
186.82.78.180 - - [27/Dec/2014:10:14:58 -0500] "POST /forms/lservlet;jsessionid=ac16012b30d5f89fa76fa7084ec6ba0aed297e3853b3.e3iSbxaKaheRe34Sa3yKbhiTahb0n6jAmljGr5XDqQLvpAe HTTP/1.1" 200 2
186.30.66.14 - - [27/Dec/2014:10:15:31 -0500] "POST /forms/lservlet;jsessionid=ac16012b30d53ea9f84bca5f42a9821692df51710c28.e3iSbxaKaheRe34Sa3yKbhiTahb0n6jAmljGr5XDqQLvpAe HTTP/1.1" 200 2
74.86.158.107 - - [27/Dec/2014:10:15:35 -0500] "HEAD / HTTP/1.1" 302 -
66.249.73.163 - - [27/Dec/2014:10:16:14 -0500] "GET /BLA/resoluciones/RESOLUCIONES%202004/RES%202004%201901-1950/00001937.tif HTTP/1.1" 200 162902
186.82.78.180 - - [27/Dec/2014:10:16:57 -0500] "POST /forms/lservlet;jsessionid=ac16012b30d5f89fa76fa7084ec6ba0aed297e3853b3.e3iSbxaKaheRe34Sa3yKbhiTahb0n6jAmljGr5XDqQLvpAe HTTP/1.1" 200 2
181.236.11.13 - - [27/Dec/2014:10:17:11 -0500] "GET /galeria/nivo-slider/demo/demo.html HTTP/1.1" 304 -
181.236.11.13 - - [27/Dec/2014:10:17:13 -0500] "GET /galeria/nivo-slider/demo/images/bolsas-08.jpg HTTP/1.1" 304 -
181.236.11.13 - - [27/Dec/2014:10:17:13 -0500] "GET /galeria/nivo-slider/demo/images/Ruta-vertimientos-01.jpg HTTP/1.1" 304 -
181.236.11.13 - - [27/Dec/2014:10:17:13 -0500] "GET /galeria/nivo-slider/demo/images/bolsas-06.jpg HTTP/1.1" 304 -
186.30.66.14 - - [27/Dec/2014:10:17:31 -0500] "POST /forms/lservlet;jsessionid=ac16012b30d53ea9f84bca5f42a9821692df51710c28.e3iSbxaKaheRe34Sa3yKbhiTahb0n6jAmljGr5XDqQLvpAe HTTP/1.1" 200 2
66.249.73.163 - - [27/Dec/2014:10:17:39 -0500] "GET /BLA/resoluciones/RESOLUCIONES%202008/1538.pdf HTTP/1.1" 200 221740
157.55.39.211 - - [27/Dec/2014:10:17:47 -0500] "GET /galeria/bibloteca/contentflow.js HTTP/1.1" 200 42804
181.53.140.182 - - [27/Dec/2014:10:17:55 -0500] "GET /BLA/resoluciones/RESOLUCIONES%202007/RES%202007%202901%20AL%203000/RESOLUCION%202936%20DE%202007.pdf HTTP/1.1" 200 786325
180.76.5.153 - - [27/Dec/2014:10:18:15 -0500] "GET /BLA/boletinlegal;jsessionid=DC3C58D5390829DCD31F7F47EF7704F4?/? HTTP/1.1" 404 1018
181.53.140.182 - - [27/Dec/2014:10:18:19 -0500] "GET /browserconfig.xml HTTP/1.1" 404 1018
190.146.135.231 - - [27/Dec/2014:10:18:31 -0500] "GET /galeria/carrusel/Carrusel/jquery.thumbnailScroller.js HTTP/1.1" 200 8157
190.146.135.231 - - [27/Dec/2014:10:18:31 -0500] "GET /galeria/carrusel/Carrusel/jquery-ui-1.8.13.custom.min.js HTTP/1.1" 200 10800
190.146.135.231 - - [27/Dec/2014:10:18:31 -0500] "GET /galeria/carrusel/Carrusel/jquery.thumbnailScroller.css HTTP/1.1" 200 2066
190.146.135.231 - - [27/Dec/2014:10:18:31 -0500] "GET /galeria/nivo-slider/demo/demo.html HTTP/1.1" 200 3237
190.146.135.231 - - [27/Dec/2014:10:18:32 -0500] "GET /galeria/nivo-slider/themes/pascal/pascal.css HTTP/1.1" 200 2258
190.146.135.231 - - [27/Dec/2014:10:18:32 -0500] "GET /galeria/nivo-slider/themes/default/default.css HTTP/1.1" 200 1569
190.146.135.231 - - [27/Dec/2014:10:18:32 -0500] "GET /galeria/nivo-slider/themes/orman/orman.css HTTP/1.1" 200 2152
190.146.135.231 - - [27/Dec/2014:10:18:33 -0500] "GET /galeria/nivo-slider/jquery.nivo.slider.pack.js HTTP/1.1" 200 11561
190.146.135.231 - - [27/Dec/2014:10:18:33 -0500] "GET /galeria/nivo-slider/nivo-slider.css HTTP/1.1" 200 1507
190.146.135.231 - - [27/Dec/2014:10:18:33 -0500] "GET /galeria/nivo-slider/demo/images/bolsas-08.jpg HTTP/1.1" 200 85589
190.146.135.231 - - [27/Dec/2014:10:18:33 -0500] "GET /galeria/nivo-slider/demo/images/Ruta-vertimientos-01.jpg HTTP/1.1" 200 130151
190.146.135.231 - - [27/Dec/2014:10:18:33 -0500] "GET /galeria/nivo-slider/demo/images/bolsas-06.jpg HTTP/1.1" 200 90982
190.146.135.231 - - [27/Dec/2014:10:18:33 -0500] "GET /galeria/nivo-slider/demo/images/ecolecta-Dic2014.png HTTP/1.1" 200 288593
190.146.135.231 - - [27/Dec/2014:10:18:33 -0500] "GET /galeria/nivo-slider/demo/scripts/jquery-1.7.1.min.js HTTP/1.1" 200 93868
190.146.135.231 - - [27/Dec/2014:10:18:33 -0500] "GET /galeria/nivo-slider/demo/style.css HTTP/1.1" 200 2222
190.146.135.231 - - [27/Dec/2014:10:18:34 -0500] "GET /galeria/nivo-slider/demo/images/Tingua-azul.jpg HTTP/1.1" 200 307638
190.146.135.231 - - [27/Dec/2014:10:18:34 -0500] "GET /galeria/nivo-slider/demo/images/Banner-Caracol-Africano.jpg HTTP/1.1" 200 331986
190.146.135.231 - - [27/Dec/2014:10:18:34 -0500] "GET /galeria/nivo-slider/demo/images/Banner-GAE3.jpg HTTP/1.1" 200 146354
190.146.135.231 - - [27/Dec/2014:10:18:34 -0500] "GET /galeria/nivo-slider/demo/images/porloshumedales.jpg HTTP/1.1" 200 351238
190.146.135.231 - - [27/Dec/2014:10:18:34 -0500] "GET /galeria/nivo-slider/demo/images/banner-llantas2.jpg HTTP/1.1" 200 73153
190.146.135.231 - - [27/Dec/2014:10:18:36 -0500] "GET /galeria/nivo-slider/demo/images/banner-redes.jpg HTTP/1.1" 200 62209
190.146.135.231 - - [27/Dec/2014:10:18:36 -0500] "GET /galeria/nivo-slider/demo/images/9Signos.jpg HTTP/1.1" 200 93040
190.146.135.231 - - [27/Dec/2014:10:18:49 -0500] "GET /galeria/nivo-slider/themes/default/loading.gif HTTP/1.1" 200 1737
190.146.135.231 - - [27/Dec/2014:10:18:51 -0500] "GET /galeria/nivo-slider/demo/images/4Simple_Slider.png HTTP/1.1" 200 11722
190.146.135.231 - - [27/Dec/2014:10:18:51 -0500] "GET /galeria/nivo-slider/demo/images/banner-caballos.png HTTP/1.1" 200 389106
186.82.78.180 - - [27/Dec/2014:10:18:58 -0500] "POST /forms/lservlet;jsessionid=ac16012b30d5f89fa76fa7084ec6ba0aed297e3853b3.e3iSbxaKaheRe34Sa3yKbhiTahb0n6jAmljGr5XDqQLvpAe HTTP/1.1" 200 2
190.146.135.231 - - [27/Dec/2014:10:19:09 -0500] "GET /galeria/nivo-slider/themes/default/bullets.png HTTP/1.1" 200 1281
190.146.135.231 - - [27/Dec/2014:10:19:09 -0500] "GET /galeria/nivo-slider/themes/default/arrows.png HTTP/1.1" 200 824
186.31.129.14 - - [27/Dec/2014:10:19:17 -0500] "GET /galeria/nivo-slider/demo/demo.html HTTP/1.1" 200 3237
186.31.129.14 - - [27/Dec/2014:10:19:18 -0500] "GET /galeria/nivo-slider/demo/images/bolsas-08.jpg HTTP/1.1" 200 85589
186.31.129.14 - - [27/Dec/2014:10:19:18 -0500] "GET /galeria/nivo-slider/demo/images/Ruta-vertimientos-01.jpg HTTP/1.1" 200 130151
186.31.129.14 - - [27/Dec/2014:10:19:18 -0500] "GET /galeria/nivo-slider/demo/images/ecolecta-Dic2014.png HTTP/1.1" 304 -
186.31.129.14 - - [27/Dec/2014:10:19:18 -0500] "GET /galeria/nivo-slider/demo/images/Banner-GAE3.jpg HTTP/1.1" 304 -
186.31.129.14 - - [27/Dec/2014:10:19:18 -0500] "GET /galeria/nivo-slider/demo/images/bolsas-06.jpg HTTP/1.1" 200 90982
186.31.129.14 - - [27/Dec/2014:10:19:25 -0500] "GET /videos/Spot_CambioClimatico.flv HTTP/1.1" 304 -
186.30.66.14 - - [27/Dec/2014:10:19:31 -0500] "POST /forms/lservlet;jsessionid=ac16012b30d53ea9f84bca5f42a9821692df51710c28.e3iSbxaKaheRe34Sa3yKbhiTahb0n6jAmljGr5XDqQLvpAe HTTP/1.1" 200 2
66.249.73.171 - - [27/Dec/2014:10:19:54 -0500] "GET /BLA/resoluciones/RESOLUCIONES%202004/RES%202004%201901-1950/00001944.tif HTTP/1.1" 200 45270
74.86.158.107 - - [27/Dec/2014:10:20:35 -0500] "HEAD / HTTP/1.1" 302 -
200.8.36.208 - - [27/Dec/2014:10:20:35 -0500] "GET /BLA/boletinlegal/js/jquery.scrollTo-min.js HTTP/1.1" 200 1150
200.8.36.208 - - [27/Dec/2014:10:20:35 -0500] "GET /BLA/boletinlegal/js/jquery.js HTTP/1.1" 200 57254
200.8.36.208 - - [27/Dec/2014:10:20:35 -0500] "GET /BLA/boletinlegal/js/jquery.scrollShow.js HTTP/1.1" 200 4586
186.82.78.180 - - [27/Dec/2014:10:20:58 -0500] "POST /forms/lservlet;jsessionid=ac16012b30d5f89fa76fa7084ec6ba0aed297e3853b3.e3iSbxaKaheRe34Sa3yKbhiTahb0n6jAmljGr5XDqQLvpAe HTTP/1.1" 200 2
186.30.66.14 - - [27/Dec/2014:10:21:31 -0500] "POST /forms/lservlet;jsessionid=ac16012b30d53ea9f84bca5f42a9821692df51710c28.e3iSbxaKaheRe34Sa3yKbhiTahb0n6jAmljGr5XDqQLvpAe HTTP/1.1" 200 2
157.55.39.171 - - [27/Dec/2014:10:22:38 -0500] "GET /dama/libreria/pdf/pigas/piga%20IDCT/Plan_de_acion_ambiental_seguimiento.xls HTTP/1.1" 404 1019
186.82.78.180 - - [27/Dec/2014:10:22:58 -0500] "POST /forms/lservlet;jsessionid=ac16012b30d5f89fa76fa7084ec6ba0aed297e3853b3.e3iSbxaKaheRe34Sa3yKbhiTahb0n6jAmljGr5XDqQLvpAe HTTP/1.1" 200 2
186.30.66.14 - - [27/Dec/2014:10:23:31 -0500] "POST /forms/lservlet;jsessionid=ac16012b30d53ea9f84bca5f42a9821692df51710c28.e3iSbxaKaheRe34Sa3yKbhiTahb0n6jAmljGr5XDqQLvpAe HTTP/1.1" 200 2
66.249.73.163 - - [27/Dec/2014:10:23:32 -0500] "GET /BLA/resoluciones/RESOLUCIONES%202004/RES%202004%201901-1950/00001914.tif HTTP/1.1" 200 44182
190.24.153.203 - - [27/Dec/2014:10:24:04 -0500] "GET /BLA/resoluciones/RESOLUCIONES%202010/1748.pdf HTTP/1.1" 200 404414
190.24.153.203 - - [27/Dec/2014:10:24:05 -0500] "GET /BLA/resoluciones/RESOLUCIONES%202010/1748.pdf HTTP/1.1" 206 32768
190.24.153.203 - - [27/Dec/2014:10:24:05 -0500] "GET /BLA/resoluciones/RESOLUCIONES%202010/1748.pdf HTTP/1.1" 206 371646
190.24.153.203 - - [27/Dec/2014:10:24:13 -0500] "GET /BLA/resoluciones/AUTOS%202012/2918.pdf HTTP/1.1" 200 1683985
190.24.153.203 - - [27/Dec/2014:10:24:13 -0500] "GET /BLA/resoluciones/AUTOS%202012/2918.pdf HTTP/1.1" 206 32768
190.24.153.203 - - [27/Dec/2014:10:24:13 -0500] "GET /BLA/resoluciones/AUTOS%202012/2918.pdf HTTP/1.1" 206 1651217
66.249.73.171 - - [27/Dec/2014:10:24:55 -0500] "GET /BLA/resoluciones/RESOLUCIONES%202006/RES%202006%20%202901-2950/00002940.tif HTTP/1.1" 200 35896
186.82.78.180 - - [27/Dec/2014:10:24:58 -0500] "POST /forms/lservlet;jsessionid=ac16012b30d5f89fa76fa7084ec6ba0aed297e3853b3.e3iSbxaKaheRe34Sa3yKbhiTahb0n6jAmljGr5XDqQLvpAe HTTP/1.1" 200 2
186.30.66.14 - - [27/Dec/2014:10:25:32 -0500] "POST /forms/lservlet;jsessionid=ac16012b30d53ea9f84bca5f42a9821692df51710c28.e3iSbxaKaheRe34Sa3yKbhiTahb0n6jAmljGr5XDqQLvpAe HTTP/1.1" 200 2
74.86.158.107 - - [27/Dec/2014:10:25:35 -0500] "HEAD / HTTP/1.1" 302 -
180.76.6.56 - - [27/Dec/2014:10:25:40 -0500] "GET /BLA/resoluciones/RESOLUCIONES%202007/RES%202007%20601%20AL%20700/RESOLUCION%200663%20DE%202007.pdf HTTP/1.1" 200 266585
66.249.73.163 - - [27/Dec/2014:10:26:08 -0500] "GET /BLA/resoluciones/RESOLUCIONES%202004/RES%202004%201051-1100/00001083.tif HTTP/1.1" 200 321894
190.84.185.167 - - [27/Dec/2014:10:26:20 -0500] "GET /forest/index2.jsp?_a=0.31274579162709415 HTTP/1.1" 200 12758
190.84.185.167 - - [27/Dec/2014:10:26:20 -0500] "GET /forest/skins/gdocs-jar/css/menu.css?version=1412.231748 HTTP/1.1" 304 -
190.84.185.167 - - [27/Dec/2014:10:26:20 -0500] "GET /forest/skins/gdocs-jar/css/autocomplete.css?version=1412.231748 HTTP/1.1" 304 -
190.84.185.167 - - [27/Dec/2014:10:26:20 -0500] "GET /forest/css/index.css?version=1412.231748 HTTP/1.1" 304 -
190.84.185.167 - - [27/Dec/2014:10:26:20 -0500] "GET /forest/skins/gdocs-jar/css/forest.css?version=1412.231748 HTTP/1.1" 304 -
190.84.185.167 - - [27/Dec/2014:10:26:20 -0500] "GET /forest/1ibre/jscalendar/calendar-win2k-1.css?version=1412.231748 HTTP/1.1" 304 -
190.84.185.167 - - [27/Dec/2014:10:26:20 -0500] "GET /forest/css/escritorio.css?version=1412.231748 HTTP/1.1" 304 -
190.84.185.167 - - [27/Dec/2014:10:26:20 -0500] "GET /forest/skins/gdocs-jar/css/dialog.css?version=1412.231748 HTTP/1.1" 304 -
190.84.185.167 - - [27/Dec/2014:10:26:20 -0500] "GET /forest/skins/gdocs-jar/css/forms.css?version=1412.231748 HTTP/1.1" 304 -
190.84.185.167 - - [27/Dec/2014:10:26:20 -0500] "GET /forest/js/json3.js HTTP/1.1" 304 -
190.84.185.167 - - [27/Dec/2014:10:26:20 -0500] "GET /forest/img/loading.gif HTTP/1.1" 304 -
190.84.185.167 - - [27/Dec/2014:10:26:20 -0500] "GET /forest/img/panel/view_icon.gif HTTP/1.1" 304 -
190.84.185.167 - - [27/Dec/2014:10:26:20 -0500] "GET /forest/img/spacer.gif HTTP/1.1" 304 -
190.84.185.167 - - [27/Dec/2014:10:26:20 -0500] "GET /forest/img/inicio/3.gif HTTP/1.1" 304 -
190.84.185.167 - - [27/Dec/2014:10:26:20 -0500] "GET /forest/img/inicio/2.gif HTTP/1.1" 304 -
190.84.185.167 - - [27/Dec/2014:10:26:20 -0500] "GET /forest/img/inicio/1.gif HTTP/1.1" 304 -
190.84.185.167 - - [27/Dec/2014:10:26:20 -0500] "GET /forest/img/inicio/4.gif HTTP/1.1" 304 -
190.84.185.167 - - [27/Dec/2014:10:26:20 -0500] "GET /forest/img/inicio/5.gif HTTP/1.1" 304 -
190.84.185.167 - - [27/Dec/2014:10:26:20 -0500] "GET /forest/img/inicio/6.gif HTTP/1.1" 304 -
190.84.185.167 - - [27/Dec/2014:10:26:21 -0500] "GET /forest/img/mplogo.gif HTTP/1.1" 304 -
190.84.185.167 - - [27/Dec/2014:10:26:21 -0500] "GET /forest/img/close.gif HTTP/1.1" 304 -
190.84.185.167 - - [27/Dec/2014:10:26:21 -0500] "GET /forest/img/inicio/7.gif HTTP/1.1" 304 -
190.84.185.167 - - [27/Dec/2014:10:26:21 -0500] "GET /forest/img/base/bsc2_r1_c2.gif HTTP/1.1" 304 -
190.84.185.167 - - [27/Dec/2014:10:26:21 -0500] "GET /forest/skins/gdocs-jar/img/okey.gif HTTP/1.1" 304 -
190.84.185.167 - - [27/Dec/2014:10:26:21 -0500] "GET /forest/img/base/bsc2_r1_c1.gif HTTP/1.1" 304 -
190.84.185.167 - - [27/Dec/2014:10:26:21 -0500] "GET /forest/img/base/bsc2_r1_c3.gif HTTP/1.1" 304 -
190.84.185.167 - - [27/Dec/2014:10:26:21 -0500] "GET /forest/1ibre/1ibre.css HTTP/1.1" 304 -
190.84.185.167 - - [27/Dec/2014:10:26:23 -0500] "POST /forest/login.do HTTP/1.1" 302 -
190.84.185.167 - - [27/Dec/2014:10:26:23 -0500] "GET /forest/img/fondo-barra.gif HTTP/1.1" 304 -
190.84.185.167 - - [27/Dec/2014:10:26:23 -0500] "GET /forest/img/users/7.gif HTTP/1.1" 304 -
190.84.185.167 - - [27/Dec/2014:10:26:23 -0500] "GET /forest/img/inicio.jpg HTTP/1.1" 304 -
190.84.185.167 - - [27/Dec/2014:10:26:23 -0500] "GET /forest/img/users/5.gif HTTP/1.1" 304 -
190.84.185.167 - - [27/Dec/2014:10:26:23 -0500] "GET /forest/img/users/3.gif HTTP/1.1" 304 -
190.84.185.167 - - [27/Dec/2014:10:26:23 -0500] "GET /forest/skins/gdocs-jar/css/tree.css HTTP/1.1" 304 -
190.84.185.167 - - [27/Dec/2014:10:26:23 -0500] "GET /forest/skins/gdocs-jar/css/autocomplete.css HTTP/1.1" 304 -
190.84.185.167 - - [27/Dec/2014:10:26:23 -0500] "GET /forest/skins/gdocs-jar/js/autocompletar2.js?version=1412.231748 HTTP/1.1" 304 -
190.84.185.167 - - [27/Dec/2014:10:26:23 -0500] "GET /forest/js/inicio.js?version=1412.231748 HTTP/1.1" 304 -
190.84.185.167 - - [27/Dec/2014:10:26:23 -0500] "GET /forest/skins/gdocs-jar/js/xml_utilities.js?version=1412.231748 HTTP/1.1" 304 -
190.84.185.167 - - [27/Dec/2014:10:26:23 -0500] "GET /forest/index2.jsp?a=0.27991920262607073 HTTP/1.1" 200 149526
190.84.185.167 - - [27/Dec/2014:10:26:23 -0500] "GET /forest/skins/gdocs-jar/js/misprocesos.js?version=1412.231748 HTTP/1.1" 304 -
190.84.185.167 - - [27/Dec/2014:10:26:23 -0500] "GET /forest/img/download_large.gif HTTP/1.1" 304 -
190.84.185.167 - - [27/Dec/2014:10:26:23 -0500] "GET /forest/img/pantalla.gif HTTP/1.1" 304 -
190.84.185.167 - - [27/Dec/2014:10:26:23 -0500] "GET /forest/img/salir3.gif HTTP/1.1" 304 -
190.84.185.167 - - [27/Dec/2014:10:26:23 -0500] "GET /forest/img/ayuda.gif HTTP/1.1" 304 -
190.84.185.167 - - [27/Dec/2014:10:26:23 -0500] "GET /forest/img/notify.gif HTTP/1.1" 304 -
190.84.185.167 - - [27/Dec/2014:10:26:23 -0500] "GET /forest/img/buscar.jpg HTTP/1.1" 304 -
190.84.185.167 - - [27/Dec/2014:10:26:23 -0500] "GET /forest/img/instanciar.gif HTTP/1.1" 304 -
190.84.185.167 - - [27/Dec/2014:10:26:23 -0500] "GET /forest/img/buscar_procesos.gif HTTP/1.1" 304 -
