66.249.73.163 - - [27/Dec/2014:17:22:31 -0500] "GET /BLA/resoluciones/AUTOS%202012/1956.pdf HTTP/1.1" 200 342024
190.84.185.167 - - [27/Dec/2014:17:22:32 -0500] "GET /galeria/nivo-slider/themes/default/bullets.png HTTP/1.1" 200 1281
190.84.185.167 - - [27/Dec/2014:17:22:32 -0500] "GET /galeria/nivo-slider/themes/default/arrows.png HTTP/1.1" 200 824
66.249.65.196 - - [27/Dec/2014:17:22:32 -0500] "GET /manual_funciones_Listado/2.5.2.%20Subdirecci%C3%B3n%20Contractual/Secretario%20Ejecutivo%20425-24.pdf HTTP/1.1" 404 1019
190.84.185.167 - - [27/Dec/2014:17:22:33 -0500] "GET /videos/Spot_CambioClimatico.flv HTTP/1.1" 200 4371917
66.249.73.171 - - [27/Dec/2014:17:22:43 -0500] "GET /BLA/resoluciones/RESOLUCIONES%202007/RES%202007%202901%20AL%203000/RESOLUCION%202906%20DE%202007.pdf HTTP/1.1" 200 591615
66.249.73.155 - - [27/Dec/2014:17:22:46 -0500] "GET /BLA/resoluciones/AUTOS%202014/5547.pdf HTTP/1.1" 200 220038
186.30.66.14 - - [27/Dec/2014:17:23:05 -0500] "POST /forms/lservlet;jsessionid=ac16012b30d53ea9f84bca5f42a9821692df51710c28.e3iSbxaKaheRe34Sa3yKbhiTahb0n6jAmljGr5XDqQLvpAe HTTP/1.1" 200 2
186.84.40.34 - - [27/Dec/2014:17:23:26 -0500] "POST /forms/lservlet;jsessionid=ac16012b30d5f45d3a432e774dcea183dfd7e0dcc671.e3iSbxaKaheRe34Sa3yKbhiTahb0n6jAmljGr5XDqQLvpAe HTTP/1.1" 200 2
185.10.104.130 - - [27/Dec/2014:17:24:13 -0500] "GET /BLA/boletinlegal;jsessionid=E9F3C37232807B8F41F3C977A730536E?/? HTTP/1.1" 404 1018
66.249.73.171 - - [27/Dec/2014:17:24:14 -0500] "GET /BLA/resoluciones/RESOLUCIONES%202006/RES%202006%202751-2800/00002753.tif HTTP/1.1" 200 164452
66.249.73.171 - - [27/Dec/2014:17:24:16 -0500] "GET /BLA/boletinlegal/images/img_3.jpg HTTP/1.1" 200 1841
66.249.73.163 - - [27/Dec/2014:17:24:38 -0500] "GET /BLA/resoluciones/RESOLUCIONES%202010/7552.pdf HTTP/1.1" 304 -
186.30.66.14 - - [27/Dec/2014:17:25:05 -0500] "POST /forms/lservlet;jsessionid=ac16012b30d53ea9f84bca5f42a9821692df51710c28.e3iSbxaKaheRe34Sa3yKbhiTahb0n6jAmljGr5XDqQLvpAe HTTP/1.1" 200 2
186.84.40.34 - - [27/Dec/2014:17:25:26 -0500] "POST /forms/lservlet;jsessionid=ac16012b30d5f45d3a432e774dcea183dfd7e0dcc671.e3iSbxaKaheRe34Sa3yKbhiTahb0n6jAmljGr5XDqQLvpAe HTTP/1.1" 200 2
74.86.158.107 - - [27/Dec/2014:17:25:34 -0500] "HEAD / HTTP/1.1" 302 -
190.84.185.167 - - [27/Dec/2014:17:26:09 -0500] "GET /forest/session.jsp?a=0.5201096213422716 HTTP/1.1" 200 4
186.154.84.82 - - [27/Dec/2014:17:26:18 -0500] "GET /forest/session.jsp?a=0.4910314360167831 HTTP/1.1" 200 4
100.43.85.25 - - [27/Dec/2014:17:26:50 -0500] "GET /PruebasSTORM/StormSDA_pruebas/storm_silv/version.jar HTTP/1.1" 200 65064
186.30.66.14 - - [27/Dec/2014:17:27:05 -0500] "POST /forms/lservlet;jsessionid=ac16012b30d53ea9f84bca5f42a9821692df51710c28.e3iSbxaKaheRe34Sa3yKbhiTahb0n6jAmljGr5XDqQLvpAe HTTP/1.1" 200 2
186.84.40.34 - - [27/Dec/2014:17:27:26 -0500] "POST /forms/lservlet;jsessionid=ac16012b30d5f45d3a432e774dcea183dfd7e0dcc671.e3iSbxaKaheRe34Sa3yKbhiTahb0n6jAmljGr5XDqQLvpAe HTTP/1.1" 200 2
186.28.194.30 - - [27/Dec/2014:17:28:20 -0500] "GET /BLA/boletinlegal/js/jquery.scrollShow.js HTTP/1.1" 200 4586
186.28.194.30 - - [27/Dec/2014:17:28:20 -0500] "GET /BLA/boletinlegal/js/jquery.scrollTo-min.js HTTP/1.1" 200 1150
186.28.194.30 - - [27/Dec/2014:17:28:20 -0500] "GET /BLA/boletinlegal/js/jquery.js HTTP/1.1" 200 57254
220.181.108.75 - - [27/Dec/2014:17:28:35 -0500] "GET / HTTP/1.1" 302 -
186.30.66.14 - - [27/Dec/2014:17:29:05 -0500] "POST /forms/lservlet;jsessionid=ac16012b30d53ea9f84bca5f42a9821692df51710c28.e3iSbxaKaheRe34Sa3yKbhiTahb0n6jAmljGr5XDqQLvpAe HTTP/1.1" 200 2
180.76.5.23 - - [27/Dec/2014:17:29:10 -0500] "GET /BLA/resoluciones/AUTOS%202007/0565.pdf HTTP/1.1" 200 132764
186.84.40.34 - - [27/Dec/2014:17:29:26 -0500] "POST /forms/lservlet;jsessionid=ac16012b30d5f45d3a432e774dcea183dfd7e0dcc671.e3iSbxaKaheRe34Sa3yKbhiTahb0n6jAmljGr5XDqQLvpAe HTTP/1.1" 200 2
66.249.73.171 - - [27/Dec/2014:17:29:38 -0500] "GET /BLA/resoluciones/AUTOS%202012/1620.pdf HTTP/1.1" 200 399671
66.249.73.155 - - [27/Dec/2014:17:30:08 -0500] "GET /BLA/resoluciones/RESOLUCIONES%202009/0701.pdf HTTP/1.1" 200 369830
74.86.158.107 - - [27/Dec/2014:17:30:34 -0500] "HEAD / HTTP/1.1" 302 -
66.249.73.171 - - [27/Dec/2014:17:30:37 -0500] "GET /BLA/resoluciones/RESOLUCIONES%202011/2277.pdf HTTP/1.1" 200 491750
186.81.27.240 - - [27/Dec/2014:17:30:49 -0500] "GET /BLA/circulares/6.pdf HTTP/1.1" 200 4657752
186.81.27.240 - - [27/Dec/2014:17:30:49 -0500] "GET /BLA/circulares/6.pdf HTTP/1.1" 206 32768
186.81.27.240 - - [27/Dec/2014:17:30:49 -0500] "GET /BLA/circulares/6.pdf HTTP/1.1" 206 4624984
186.81.27.240 - - [27/Dec/2014:17:30:57 -0500] "GET /favicon.ico HTTP/1.1" 200 7782
186.30.66.14 - - [27/Dec/2014:17:31:05 -0500] "POST /forms/lservlet;jsessionid=ac16012b30d53ea9f84bca5f42a9821692df51710c28.e3iSbxaKaheRe34Sa3yKbhiTahb0n6jAmljGr5XDqQLvpAe HTTP/1.1" 200 2
66.249.73.155 - - [27/Dec/2014:17:31:06 -0500] "GET /BLA/resoluciones/AUTOS%202013/1569.pdf HTTP/1.1" 200 2072979
220.181.108.140 - - [27/Dec/2014:17:31:08 -0500] "GET /phpold/webdama2.gif HTTP/1.1" 404 1019
190.84.185.167 - - [27/Dec/2014:17:31:09 -0500] "GET /forest/session.jsp?a=0.8157618870027363 HTTP/1.1" 200 4
180.76.6.42 - - [27/Dec/2014:17:31:10 -0500] "GET /BLA/resoluciones/RESOLUCIONES%202010/0457.pdf HTTP/1.1" 200 95417
186.154.84.82 - - [27/Dec/2014:17:31:18 -0500] "GET /forest/session.jsp?a=0.7736988512333483 HTTP/1.1" 200 4
186.84.40.34 - - [27/Dec/2014:17:31:27 -0500] "POST /forms/lservlet;jsessionid=ac16012b30d5f45d3a432e774dcea183dfd7e0dcc671.e3iSbxaKaheRe34Sa3yKbhiTahb0n6jAmljGr5XDqQLvpAe HTTP/1.1" 200 2
66.249.73.155 - - [27/Dec/2014:17:31:36 -0500] "GET /BLA/resoluciones/RESOLUCIONES%202009/4785.pdf HTTP/1.1" 304 -
66.249.73.155 - - [27/Dec/2014:17:32:05 -0500] "GET /BLA/resoluciones/RESOLUCIONES%202009/7285.pdf HTTP/1.1" 304 -
66.249.73.171 - - [27/Dec/2014:17:32:08 -0500] "GET /autoliquidacion/Grupo%20Forestal%20-%20Industria%20de%20la%20Madera/Formulario%20para%20la%20Relaci%C3%B3n%20de%20Salvoconductos%20y%20Facturas.pdf HTTP/1.1" 304 -
66.249.73.171 - - [27/Dec/2014:17:32:18 -0500] "GET /BLA/resoluciones/RESOLUCIONES%202009/8778.pdf HTTP/1.1" 200 344309
66.249.73.171 - - [27/Dec/2014:17:32:34 -0500] "GET /BLA/resoluciones/RESOLUCIONES%202007/RES%202007%20601%20AL%20700/RESOLUCION%200629%20DE%202007.pdf HTTP/1.1" 304 -
181.207.179.97 - - [27/Dec/2014:17:32:51 -0500] "GET /Report2/login.do HTTP/1.1" 503 1124
190.156.143.139 - - [27/Dec/2014:17:33:05 -0500] "GET /forms/frmservlet?config=sia HTTP/1.1" 200 4022
186.30.66.14 - - [27/Dec/2014:17:33:05 -0500] "POST /forms/lservlet;jsessionid=ac16012b30d53ea9f84bca5f42a9821692df51710c28.e3iSbxaKaheRe34Sa3yKbhiTahb0n6jAmljGr5XDqQLvpAe HTTP/1.1" 200 2
190.156.143.139 - - [27/Dec/2014:17:33:09 -0500] "GET /forms/java/frmall_jinit.jar HTTP/1.1" 304 -
190.156.143.139 - - [27/Dec/2014:17:33:09 -0500] "GET /forms/java/icons.jar HTTP/1.1" 304 -
190.156.143.139 - - [27/Dec/2014:17:33:09 -0500] "GET /forms/java/java/awt/KeyboardFocusManager.class HTTP/1.1" 404 352
190.156.143.139 - - [27/Dec/2014:17:33:09 -0500] "GET /forms/java/java/awt/KeyboardFocusManager.class HTTP/1.1" 404 352
190.156.143.139 - - [27/Dec/2014:17:33:10 -0500] "GET /forms/java/java/awt/event/MouseWheelListener.class HTTP/1.1" 404 356
190.156.143.139 - - [27/Dec/2014:17:33:10 -0500] "GET /forms/java/java/awt/event/MouseWheelListener.class HTTP/1.1" 404 356
190.156.143.139 - - [27/Dec/2014:17:33:10 -0500] "GET /forms/java/oracle/forms/registry/Registry.dat HTTP/1.1" 200 4213
190.156.143.139 - - [27/Dec/2014:17:33:11 -0500] "GET /forms/java/oracle/forms/registry/default.dat HTTP/1.1" 404 350
190.156.143.139 - - [27/Dec/2014:17:33:11 -0500] "GET /forms/frmservlet?config=sia&acceptLanguage=es&ifcmd=startsession HTTP/1.1" 200 119
190.156.143.139 - - [27/Dec/2014:17:33:11 -0500] "GET /forms/lservlet;jsessionid=ac16012b30d52e7787fc743b4a99828fba55a1ee10d6.e3iSbxaKaheRe34Sa3yKbhiTahb0n6jAmljGr5XDqQLvpAe?ifcmd=getinfo&ifhost=cesar-bfc986b6b&ifip=192.168.0.5 HTTP/1.1" 200 8
190.156.143.139 - - [27/Dec/2014:17:33:11 -0500] "POST /forms/lservlet;jsessionid=ac16012b30d52e7787fc743b4a99828fba55a1ee10d6.e3iSbxaKaheRe34Sa3yKbhiTahb0n6jAmljGr5XDqQLvpAe HTTP/1.1" 200 8
190.156.143.139 - - [27/Dec/2014:17:33:12 -0500] "POST /forms/lservlet;jsessionid=ac16012b30d52e7787fc743b4a99828fba55a1ee10d6.e3iSbxaKaheRe34Sa3yKbhiTahb0n6jAmljGr5XDqQLvpAe HTTP/1.1" 200 64000
190.156.143.139 - - [27/Dec/2014:17:33:12 -0500] "POST /forms/lservlet;jsessionid=ac16012b30d52e7787fc743b4a99828fba55a1ee10d6.e3iSbxaKaheRe34Sa3yKbhiTahb0n6jAmljGr5XDqQLvpAe HTTP/1.1" 200 64000
190.156.143.139 - - [27/Dec/2014:17:33:13 -0500] "POST /forms/lservlet;jsessionid=ac16012b30d52e7787fc743b4a99828fba55a1ee10d6.e3iSbxaKaheRe34Sa3yKbhiTahb0n6jAmljGr5XDqQLvpAe HTTP/1.1" 200 63623
190.156.143.139 - - [27/Dec/2014:17:33:13 -0500] "HEAD /imagenes/dama_logo.gif HTTP/1.1" 200 -
190.156.143.139 - - [27/Dec/2014:17:33:13 -0500] "GET /imagenes/dama_logo.gif HTTP/1.1" 200 21482
190.156.143.139 - - [27/Dec/2014:17:33:13 -0500] "POST /forms/lservlet;jsessionid=ac16012b30d52e7787fc743b4a99828fba55a1ee10d6.e3iSbxaKaheRe34Sa3yKbhiTahb0n6jAmljGr5XDqQLvpAe HTTP/1.1" 200 2
190.156.143.139 - - [27/Dec/2014:17:33:21 -0500] "POST /forms/lservlet;jsessionid=ac16012b30d52e7787fc743b4a99828fba55a1ee10d6.e3iSbxaKaheRe34Sa3yKbhiTahb0n6jAmljGr5XDqQLvpAe HTTP/1.1" 200 7994
190.156.143.139 - - [27/Dec/2014:17:33:21 -0500] "POST /forms/lservlet;jsessionid=ac16012b30d52e7787fc743b4a99828fba55a1ee10d6.e3iSbxaKaheRe34Sa3yKbhiTahb0n6jAmljGr5XDqQLvpAe HTTP/1.1" 200 64
190.156.143.139 - - [27/Dec/2014:17:33:21 -0500] "POST /forms/lservlet;jsessionid=ac16012b30d52e7787fc743b4a99828fba55a1ee10d6.e3iSbxaKaheRe34Sa3yKbhiTahb0n6jAmljGr5XDqQLvpAe HTTP/1.1" 200 2
190.156.143.139 - - [27/Dec/2014:17:33:22 -0500] "POST /forms/lservlet;jsessionid=ac16012b30d52e7787fc743b4a99828fba55a1ee10d6.e3iSbxaKaheRe34Sa3yKbhiTahb0n6jAmljGr5XDqQLvpAe HTTP/1.1" 200 2
190.156.143.139 - - [27/Dec/2014:17:33:22 -0500] "POST /forms/lservlet;jsessionid=ac16012b30d52e7787fc743b4a99828fba55a1ee10d6.e3iSbxaKaheRe34Sa3yKbhiTahb0n6jAmljGr5XDqQLvpAe HTTP/1.1" 200 2
190.156.143.139 - - [27/Dec/2014:17:33:25 -0500] "POST /forms/lservlet;jsessionid=ac16012b30d52e7787fc743b4a99828fba55a1ee10d6.e3iSbxaKaheRe34Sa3yKbhiTahb0n6jAmljGr5XDqQLvpAe HTTP/1.1" 200 34711
190.156.143.139 - - [27/Dec/2014:17:33:26 -0500] "GET /imagenes/listval.gif HTTP/1.1" 200 905
190.156.143.139 - - [27/Dec/2014:17:33:26 -0500] "GET /imagenes/tree1.gif HTTP/1.1" 200 1161
190.156.143.139 - - [27/Dec/2014:17:33:26 -0500] "GET /imagenes/CAMERA3.gif HTTP/1.1" 200 4150
190.156.143.139 - - [27/Dec/2014:17:33:26 -0500] "GET /imagenes/listval.gif HTTP/1.1" 200 905
190.156.143.139 - - [27/Dec/2014:17:33:26 -0500] "GET /imagenes/SLIDE1.gif HTTP/1.1" 200 1111
190.156.143.139 - - [27/Dec/2014:17:33:26 -0500] "GET /imagenes/flexcomb.gif HTTP/1.1" 200 1169
190.156.143.139 - - [27/Dec/2014:17:33:26 -0500] "GET /imagenes/GO.gif HTTP/1.1" 200 904
190.156.143.139 - - [27/Dec/2014:17:33:26 -0500] "GET /imagenes/HRTOOLS.gif HTTP/1.1" 200 2238
190.156.143.139 - - [27/Dec/2014:17:33:26 -0500] "GET /imagenes/rt_rec1.gif HTTP/1.1" 200 867
190.156.143.139 - - [27/Dec/2014:17:33:26 -0500] "GET /imagenes/apply.gif HTTP/1.1" 200 903
190.156.143.139 - - [27/Dec/2014:17:33:26 -0500] "GET /imagenes/exit.gif HTTP/1.1" 200 916
186.84.40.34 - - [27/Dec/2014:17:33:27 -0500] "POST /forms/lservlet;jsessionid=ac16012b30d5f45d3a432e774dcea183dfd7e0dcc671.e3iSbxaKaheRe34Sa3yKbhiTahb0n6jAmljGr5XDqQLvpAe HTTP/1.1" 200 2
190.156.143.139 - - [27/Dec/2014:17:33:27 -0500] "GET /imagenes/LISTVAL.gif HTTP/1.1" 200 905
190.156.143.139 - - [27/Dec/2014:17:33:27 -0500] "GET /imagenes/edit.gif HTTP/1.1" 200 919
190.156.143.139 - - [27/Dec/2014:17:33:27 -0500] "GET /imagenes/rt_rec4.gif HTTP/1.1" 200 865
190.156.143.139 - - [27/Dec/2014:17:33:27 -0500] "GET /imagenes/rt_rec3.gif HTTP/1.1" 200 844
190.156.143.139 - - [27/Dec/2014:17:33:27 -0500] "GET /imagenes/rt_rec2.gif HTTP/1.1" 200 847
190.156.143.139 - - [27/Dec/2014:17:33:27 -0500] "GET /imagenes/rt_rdel.gif HTTP/1.1" 200 899
190.156.143.139 - - [27/Dec/2014:17:33:27 -0500] "GET /imagenes/rt_radd.gif HTTP/1.1" 200 907
190.156.143.139 - - [27/Dec/2014:17:33:27 -0500] "GET /imagenes/rt_quer3.gif HTTP/1.1" 200 939
190.156.143.139 - - [27/Dec/2014:17:33:27 -0500] "GET /imagenes/rt_quer2.gif HTTP/1.1" 200 936
190.156.143.139 - - [27/Dec/2014:17:33:27 -0500] "GET /imagenes/rt_quer1.gif HTTP/1.1" 200 930
190.156.143.139 - - [27/Dec/2014:17:33:27 -0500] "GET /imagenes/rt_save.gif HTTP/1.1" 200 903
190.156.143.139 - - [27/Dec/2014:17:33:27 -0500] "GET /imagenes/rt_pset.gif HTTP/1.1" 200 914
190.156.143.139 - - [27/Dec/2014:17:33:27 -0500] "GET /imagenes/QUEJA.gif HTTP/1.1" 200 1091
190.156.143.139 - - [27/Dec/2014:17:33:28 -0500] "GET /imagenes/ARBOL.gif HTTP/1.1" 200 1026
190.156.143.139 - - [27/Dec/2014:17:33:28 -0500] "GET /imagenes/Clipboard.gif HTTP/1.1" 200 1466
190.156.143.139 - - [27/Dec/2014:17:33:28 -0500] "GET /imagenes/DINERO.gif HTTP/1.1" 200 1766
190.156.143.139 - - [27/Dec/2014:17:33:28 -0500] "GET /imagenes/URGENTE.gif HTTP/1.1" 200 964
190.156.143.139 - - [27/Dec/2014:17:33:28 -0500] "GET /imagenes/TREE4.gif HTTP/1.1" 200 4150
190.156.143.139 - - [27/Dec/2014:17:33:28 -0500] "POST /forms/lservlet;jsessionid=ac16012b30d52e7787fc743b4a99828fba55a1ee10d6.e3iSbxaKaheRe34Sa3yKbhiTahb0n6jAmljGr5XDqQLvpAe HTTP/1.1" 200 7
190.156.143.139 - - [27/Dec/2014:17:33:28 -0500] "POST /forms/lservlet;jsessionid=ac16012b30d52e7787fc743b4a99828fba55a1ee10d6.e3iSbxaKaheRe34Sa3yKbhiTahb0n6jAmljGr5XDqQLvpAe HTTP/1.1" 200 34
190.156.143.139 - - [27/Dec/2014:17:33:28 -0500] "POST /forms/lservlet;jsessionid=ac16012b30d52e7787fc743b4a99828fba55a1ee10d6.e3iSbxaKaheRe34Sa3yKbhiTahb0n6jAmljGr5XDqQLvpAe HTTP/1.1" 200 2
190.156.143.139 - - [27/Dec/2014:17:33:29 -0500] "POST /forms/lservlet;jsessionid=ac16012b30d52e7787fc743b4a99828fba55a1ee10d6.e3iSbxaKaheRe34Sa3yKbhiTahb0n6jAmljGr5XDqQLvpAe HTTP/1.1" 200 647
186.113.10.143 - - [27/Dec/2014:17:33:32 -0500] "GET /galeria/nivo-slider/demo/images/banner-redes.jpg HTTP/1.1" 304 -
66.249.73.163 - - [27/Dec/2014:17:33:33 -0500] "GET /BLA/resoluciones/RESOLUCIONES%202007/RES%202007%203301%20AL%203400/RESOLUCION%203325%20DE%202007.pdf HTTP/1.1" 200 1025635
190.156.143.139 - - [27/Dec/2014:17:33:37 -0500] "POST /forms/lservlet;jsessionid=ac16012b30d52e7787fc743b4a99828fba55a1ee10d6.e3iSbxaKaheRe34Sa3yKbhiTahb0n6jAmljGr5XDqQLvpAe HTTP/1.1" 200 24
190.156.143.139 - - [27/Dec/2014:17:33:37 -0500] "POST /forms/lservlet;jsessionid=ac16012b30d52e7787fc743b4a99828fba55a1ee10d6.e3iSbxaKaheRe34Sa3yKbhiTahb0n6jAmljGr5XDqQLvpAe HTTP/1.1" 200 4394
190.156.143.139 - - [27/Dec/2014:17:33:38 -0500] "POST /forms/lservlet;jsessionid=ac16012b30d52e7787fc743b4a99828fba55a1ee10d6.e3iSbxaKaheRe34Sa3yKbhiTahb0n6jAmljGr5XDqQLvpAe HTTP/1.1" 200 2
190.156.143.139 - - [27/Dec/2014:17:33:48 -0500] "POST /forms/lservlet;jsessionid=ac16012b30d52e7787fc743b4a99828fba55a1ee10d6.e3iSbxaKaheRe34Sa3yKbhiTahb0n6jAmljGr5XDqQLvpAe HTTP/1.1" 200 2
190.156.143.139 - - [27/Dec/2014:17:33:48 -0500] "POST /forms/lservlet;jsessionid=ac16012b30d52e7787fc743b4a99828fba55a1ee10d6.e3iSbxaKaheRe34Sa3yKbhiTahb0n6jAmljGr5XDqQLvpAe HTTP/1.1" 200 90
190.156.143.139 - - [27/Dec/2014:17:33:49 -0500] "POST /forms/lservlet;jsessionid=ac16012b30d52e7787fc743b4a99828fba55a1ee10d6.e3iSbxaKaheRe34Sa3yKbhiTahb0n6jAmljGr5XDqQLvpAe HTTP/1.1" 200 2
190.156.143.139 - - [27/Dec/2014:17:33:49 -0500] "POST /forms/lservlet;jsessionid=ac16012b30d52e7787fc743b4a99828fba55a1ee10d6.e3iSbxaKaheRe34Sa3yKbhiTahb0n6jAmljGr5XDqQLvpAe HTTP/1.1" 200 2
190.156.143.139 - - [27/Dec/2014:17:33:51 -0500] "POST /forms/lservlet;jsessionid=ac16012b30d52e7787fc743b4a99828fba55a1ee10d6.e3iSbxaKaheRe34Sa3yKbhiTahb0n6jAmljGr5XDqQLvpAe HTTP/1.1" 200 28
190.156.143.139 - - [27/Dec/2014:17:33:53 -0500] "POST /forms/lservlet;jsessionid=ac16012b30d52e7787fc743b4a99828fba55a1ee10d6.e3iSbxaKaheRe34Sa3yKbhiTahb0n6jAmljGr5XDqQLvpAe HTTP/1.1" 200 2
190.156.143.139 - - [27/Dec/2014:17:33:53 -0500] "POST /forms/lservlet;jsessionid=ac16012b30d52e7787fc743b4a99828fba55a1ee10d6.e3iSbxaKaheRe34Sa3yKbhiTahb0n6jAmljGr5XDqQLvpAe HTTP/1.1" 200 14
190.156.143.139 - - [27/Dec/2014:17:33:54 -0500] "POST /forms/lservlet;jsessionid=ac16012b30d52e7787fc743b4a99828fba55a1ee10d6.e3iSbxaKaheRe34Sa3yKbhiTahb0n6jAmljGr5XDqQLvpAe HTTP/1.1" 200 14
190.156.143.139 - - [27/Dec/2014:17:33:55 -0500] "POST /forms/lservlet;jsessionid=ac16012b30d52e7787fc743b4a99828fba55a1ee10d6.e3iSbxaKaheRe34Sa3yKbhiTahb0n6jAmljGr5XDqQLvpAe HTTP/1.1" 200 130
190.156.143.139 - - [27/Dec/2014:17:33:56 -0500] "POST /forms/lservlet;jsessionid=ac16012b30d52e7787fc743b4a99828fba55a1ee10d6.e3iSbxaKaheRe34Sa3yKbhiTahb0n6jAmljGr5XDqQLvpAe HTTP/1.1" 200 2
190.156.143.139 - - [27/Dec/2014:17:33:56 -0500] "GET /reports/rwservlet/getjobid338261?server=rep_srvapsda HTTP/1.1" 200 48181
190.25.232.143 - - [27/Dec/2014:17:34:09 -0500] "GET /StormSDA/stormWeb/presentacion.html HTTP/1.1" 304 -
190.84.185.167 - - [27/Dec/2014:17:34:09 -0500] "GET /forest/session.jsp?a=0.3469939089845866 HTTP/1.1" 200 4
66.249.73.155 - - [27/Dec/2014:17:34:32 -0500] "GET /BLA/resoluciones/RESOLUCIONES%202008/2254.pdf HTTP/1.1" 200 207568
190.84.116.240 - - [27/Dec/2014:17:34:40 -0500] "GET /BLA/boletinlegal/js/jquery.js HTTP/1.1" 200 57254
190.84.116.240 - - [27/Dec/2014:17:34:40 -0500] "GET /BLA/boletinlegal/js/jquery.scrollTo-min.js HTTP/1.1" 200 1150
190.84.116.240 - - [27/Dec/2014:17:34:40 -0500] "GET /BLA/boletinlegal/js/jquery.scrollShow.js HTTP/1.1" 200 4586
186.30.66.14 - - [27/Dec/2014:17:35:05 -0500] "POST /forms/lservlet;jsessionid=ac16012b30d53ea9f84bca5f42a9821692df51710c28.e3iSbxaKaheRe34Sa3yKbhiTahb0n6jAmljGr5XDqQLvpAe HTTP/1.1" 200 2
190.156.143.139 - - [27/Dec/2014:17:35:12 -0500] "POST /forms/lservlet;jsessionid=ac16012b30d52e7787fc743b4a99828fba55a1ee10d6.e3iSbxaKaheRe34Sa3yKbhiTahb0n6jAmljGr5XDqQLvpAe HTTP/1.1" 200 2
186.84.40.34 - - [27/Dec/2014:17:35:27 -0500] "POST /forms/lservlet;jsessionid=ac16012b30d5f45d3a432e774dcea183dfd7e0dcc671.e3iSbxaKaheRe34Sa3yKbhiTahb0n6jAmljGr5XDqQLvpAe HTTP/1.1" 200 2
66.249.73.171 - - [27/Dec/2014:17:35:30 -0500] "GET /BLA/resoluciones/RESOLUCIONES%202011/1279.pdf HTTP/1.1" 304 -
74.86.158.107 - - [27/Dec/2014:17:35:34 -0500] "HEAD / HTTP/1.1" 302 -
123.125.71.41 - - [27/Dec/2014:17:35:38 -0500] "GET / HTTP/1.1" 302 -
190.84.185.167 - - [27/Dec/2014:17:36:10 -0500] "GET /forest/session.jsp?a=0.6818598702084273 HTTP/1.1" 200 4
186.154.84.82 - - [27/Dec/2014:17:36:18 -0500] "GET /forest/session.jsp?a=0.9003448754083365 HTTP/1.1" 200 4
66.249.73.155 - - [27/Dec/2014:17:36:29 -0500] "GET /BLA/resoluciones/RESOLUCIONES%202009/4862.pdf HTTP/1.1" 200 744264
186.30.66.14 - - [27/Dec/2014:17:37:05 -0500] "POST /forms/lservlet;jsessionid=ac16012b30d53ea9f84bca5f42a9821692df51710c28.e3iSbxaKaheRe34Sa3yKbhiTahb0n6jAmljGr5XDqQLvpAe HTTP/1.1" 200 2
190.156.143.139 - - [27/Dec/2014:17:37:12 -0500] "POST /forms/lservlet;jsessionid=ac16012b30d52e7787fc743b4a99828fba55a1ee10d6.e3iSbxaKaheRe34Sa3yKbhiTahb0n6jAmljGr5XDqQLvpAe HTTP/1.1" 200 2
186.84.40.34 - - [27/Dec/2014:17:37:27 -0500] "POST /forms/lservlet;jsessionid=ac16012b30d5f45d3a432e774dcea183dfd7e0dcc671.e3iSbxaKaheRe34Sa3yKbhiTahb0n6jAmljGr5XDqQLvpAe HTTP/1.1" 200 2
66.249.73.171 - - [27/Dec/2014:17:37:28 -0500] "GET /BLA/resoluciones/RESOLUCIONES%202009/9677.pdf HTTP/1.1" 200 416940
181.130.120.29 - - [27/Dec/2014:17:38:00 -0500] "GET /BLA/boletinlegal/js/jquery.scrollTo-min.js HTTP/1.1" 200 1150
181.130.120.29 - - [27/Dec/2014:17:38:00 -0500] "GET /BLA/boletinlegal/js/jquery.scrollShow.js HTTP/1.1" 200 4586
181.130.120.29 - - [27/Dec/2014:17:38:00 -0500] "GET /BLA/boletinlegal/js/jquery.js HTTP/1.1" 200 57254
181.130.120.29 - - [27/Dec/2014:17:38:00 -0500] "GET /galeria/carrusel/Carrusel/jquery.thumbnailScroller.css HTTP/1.1" 200 2066
181.130.120.29 - - [27/Dec/2014:17:38:00 -0500] "GET /galeria/carrusel/Carrusel/jquery-ui-1.8.13.custom.min.js HTTP/1.1" 200 10800
181.130.120.29 - - [27/Dec/2014:17:38:00 -0500] "GET /galeria/carrusel/Carrusel/jquery.thumbnailScroller.js HTTP/1.1" 200 8157
181.130.120.29 - - [27/Dec/2014:17:38:01 -0500] "GET /galeria/nivo-slider/demo/demo.html HTTP/1.1" 200 3237
181.130.120.29 - - [27/Dec/2014:17:38:02 -0500] "GET /galeria/nivo-slider/themes/default/default.css HTTP/1.1" 200 1569
181.130.120.29 - - [27/Dec/2014:17:38:02 -0500] "GET /galeria/nivo-slider/themes/pascal/pascal.css HTTP/1.1" 200 2258
181.130.120.29 - - [27/Dec/2014:17:38:02 -0500] "GET /galeria/nivo-slider/themes/orman/orman.css HTTP/1.1" 200 2152
181.130.120.29 - - [27/Dec/2014:17:38:02 -0500] "GET /galeria/nivo-slider/nivo-slider.css HTTP/1.1" 200 1507
181.130.120.29 - - [27/Dec/2014:17:38:02 -0500] "GET /galeria/nivo-slider/demo/style.css HTTP/1.1" 200 2222
181.130.120.29 - - [27/Dec/2014:17:38:02 -0500] "GET /galeria/nivo-slider/demo/images/bolsas-08.jpg HTTP/1.1" 200 85589
181.130.120.29 - - [27/Dec/2014:17:38:02 -0500] "GET /galeria/nivo-slider/demo/images/Ruta-vertimientos-01.jpg HTTP/1.1" 200 130151
181.130.120.29 - - [27/Dec/2014:17:38:02 -0500] "GET /galeria/nivo-slider/demo/images/bolsas-06.jpg HTTP/1.1" 200 90982
181.130.120.29 - - [27/Dec/2014:17:38:02 -0500] "GET /galeria/nivo-slider/demo/images/ecolecta-Dic2014.png HTTP/1.1" 200 288593
181.130.120.29 - - [27/Dec/2014:17:38:02 -0500] "GET /galeria/nivo-slider/demo/images/Banner-GAE3.jpg HTTP/1.1" 200 146354
181.130.120.29 - - [27/Dec/2014:17:38:02 -0500] "GET /galeria/nivo-slider/demo/images/porloshumedales.jpg HTTP/1.1" 200 351238
181.130.120.29 - - [27/Dec/2014:17:38:02 -0500] "GET /galeria/nivo-slider/demo/images/Tingua-azul.jpg HTTP/1.1" 200 307638
181.130.120.29 - - [27/Dec/2014:17:38:02 -0500] "GET /galeria/nivo-slider/demo/images/Banner-Caracol-Africano.jpg HTTP/1.1" 200 331986
181.130.120.29 - - [27/Dec/2014:17:38:04 -0500] "GET /galeria/nivo-slider/demo/images/banner-redes.jpg HTTP/1.1" 200 62209
181.130.120.29 - - [27/Dec/2014:17:38:04 -0500] "GET /galeria/nivo-slider/demo/images/9Signos.jpg HTTP/1.1" 200 93040
181.130.120.29 - - [27/Dec/2014:17:38:04 -0500] "GET /galeria/nivo-slider/demo/images/banner-llantas2.jpg HTTP/1.1" 200 73153
181.130.120.29 - - [27/Dec/2014:17:38:04 -0500] "GET /galeria/nivo-slider/demo/images/banner-caballos.png HTTP/1.1" 200 389106
181.130.120.29 - - [27/Dec/2014:17:38:05 -0500] "GET /galeria/nivo-slider/demo/scripts/jquery-1.7.1.min.js HTTP/1.1" 200 93868
181.130.120.29 - - [27/Dec/2014:17:38:05 -0500] "GET /galeria/nivo-slider/jquery.nivo.slider.pack.js HTTP/1.1" 200 11561
181.130.120.29 - - [27/Dec/2014:17:38:05 -0500] "GET /galeria/nivo-slider/demo/images/4Simple_Slider.png HTTP/1.1" 200 11722
181.130.120.29 - - [27/Dec/2014:17:38:05 -0500] "GET /galeria/nivo-slider/themes/default/loading.gif HTTP/1.1" 200 1737
181.130.120.29 - - [27/Dec/2014:17:38:06 -0500] "GET /galeria/nivo-slider/themes/default/arrows.png HTTP/1.1" 200 824
181.130.120.29 - - [27/Dec/2014:17:38:06 -0500] "GET /galeria/nivo-slider/themes/default/bullets.png HTTP/1.1" 200 1281
66.249.73.171 - - [27/Dec/2014:17:38:26 -0500] "GET /BLA/resoluciones/RESOLUCIONES%202012/0403.pdf HTTP/1.1" 200 572737
186.30.66.14 - - [27/Dec/2014:17:39:06 -0500] "POST /forms/lservlet;jsessionid=ac16012b30d53ea9f84bca5f42a9821692df51710c28.e3iSbxaKaheRe34Sa3yKbhiTahb0n6jAmljGr5XDqQLvpAe HTTP/1.1" 200 2
190.84.185.167 - - [27/Dec/2014:17:39:09 -0500] "GET /forest/session.jsp?a=0.6194261105265468 HTTP/1.1" 200 4
190.156.143.139 - - [27/Dec/2014:17:39:13 -0500] "POST /forms/lservlet;jsessionid=ac16012b30d52e7787fc743b4a99828fba55a1ee10d6.e3iSbxaKaheRe34Sa3yKbhiTahb0n6jAmljGr5XDqQLvpAe HTTP/1.1" 200 2
66.249.73.155 - - [27/Dec/2014:17:39:16 -0500] "GET /BLA/resoluciones/RESOLUCIONES%202004/RES%202004%202251-2300/00002267.tif HTTP/1.1" 200 149684
66.249.73.163 - - [27/Dec/2014:17:39:25 -0500] "GET /BLA/resoluciones/AUTOS%202011/0189.pdf HTTP/1.1" 200 175355
186.84.40.34 - - [27/Dec/2014:17:39:27 -0500] "POST /forms/lservlet;jsessionid=ac16012b30d5f45d3a432e774dcea183dfd7e0dcc671.e3iSbxaKaheRe34Sa3yKbhiTahb0n6jAmljGr5XDqQLvpAe HTTP/1.1" 200 2
186.84.40.34 - - [27/Dec/2014:17:39:43 -0500] "POST /forms/lservlet;jsessionid=ac16012b30d5f45d3a432e774dcea183dfd7e0dcc671.e3iSbxaKaheRe34Sa3yKbhiTahb0n6jAmljGr5XDqQLvpAe HTTP/1.1" 200 12
186.84.40.34 - - [27/Dec/2014:17:39:44 -0500] "POST /forms/lservlet;jsessionid=ac16012b30d5f45d3a432e774dcea183dfd7e0dcc671.e3iSbxaKaheRe34Sa3yKbhiTahb0n6jAmljGr5XDqQLvpAe HTTP/1.1" 200 423
186.84.40.34 - - [27/Dec/2014:17:39:45 -0500] "POST /forms/lservlet;jsessionid=ac16012b30d5f45d3a432e774dcea183dfd7e0dcc671.e3iSbxaKaheRe34Sa3yKbhiTahb0n6jAmljGr5XDqQLvpAe HTTP/1.1" 200 7
186.84.40.34 - - [27/Dec/2014:17:39:45 -0500] "POST /forms/lservlet;jsessionid=ac16012b30d5f45d3a432e774dcea183dfd7e0dcc671.e3iSbxaKaheRe34Sa3yKbhiTahb0n6jAmljGr5XDqQLvpAe HTTP/1.1" 200 338
186.84.40.34 - - [27/Dec/2014:17:39:45 -0500] "POST /forms/lservlet;jsessionid=ac16012b30d5f45d3a432e774dcea183dfd7e0dcc671.e3iSbxaKaheRe34Sa3yKbhiTahb0n6jAmljGr5XDqQLvpAe HTTP/1.1" 200 334
186.84.40.34 - - [27/Dec/2014:17:39:45 -0500] "POST /forms/lservlet;jsessionid=ac16012b30d5f45d3a432e774dcea183dfd7e0dcc671.e3iSbxaKaheRe34Sa3yKbhiTahb0n6jAmljGr5XDqQLvpAe HTTP/1.1" 200 353
190.156.56.207 - - [27/Dec/2014:17:39:54 -0500] "GET /forest/skins/gdocs-jar/css/forest.css?version=1412.231748 HTTP/1.1" 200 51
190.156.56.207 - - [27/Dec/2014:17:39:51 -0500] "GET /forest/ HTTP/1.1" 200 12758
190.156.56.207 - - [27/Dec/2014:17:39:56 -0500] "GET /forest/skins/gdocs-jar/css/menu.css?version=1412.231748 HTTP/1.1" 200 4235
190.156.56.207 - - [27/Dec/2014:17:39:56 -0500] "GET /forest/skins/gdocs-jar/css/autocomplete.css?version=1412.231748 HTTP/1.1" 200 1620
190.156.56.207 - - [27/Dec/2014:17:39:56 -0500] "GET /forest/css/index.css?version=1412.231748 HTTP/1.1" 200 1900
190.156.56.207 - - [27/Dec/2014:17:39:56 -0500] "GET /forest/1ibre/jscalendar/calendar-win2k-1.css?version=1412.231748 HTTP/1.1" 200 5986
190.156.56.207 - - [27/Dec/2014:17:39:58 -0500] "GET /forest/skins/gdocs-jar/css/dialog.css?version=1412.231748 HTTP/1.1" 200 1430
190.156.56.207 - - [27/Dec/2014:17:39:58 -0500] "GET /forest/skins/gdocs-jar/css/forms.css?version=1412.231748 HTTP/1.1" 200 7180
190.156.56.207 - - [27/Dec/2014:17:40:00 -0500] "GET /forest/img/loading.gif HTTP/1.1" 200 1197
190.156.56.207 - - [27/Dec/2014:17:40:00 -0500] "GET /forest/js/json3.js HTTP/1.1" 200 39592
190.156.56.207 - - [27/Dec/2014:17:39:56 -0500] "GET /forest/css/escritorio.css?version=1412.231748 HTTP/1.1" 200 15878
190.156.56.207 - - [27/Dec/2014:17:40:07 -0500] "GET /forest/img/spacer.gif HTTP/1.1" 200 43
190.156.56.207 - - [27/Dec/2014:17:40:09 -0500] "GET /forest/img/panel/view_icon.gif HTTP/1.1" 200 681
190.156.56.207 - - [27/Dec/2014:17:40:08 -0500] "GET /forest/ HTTP/1.1" 200 12758
190.156.56.207 - - [27/Dec/2014:17:40:10 -0500] "GET /forest/skins/gdocs-jar/css/forest.css?version=1412.231748 HTTP/1.1" 304 -
190.156.56.207 - - [27/Dec/2014:17:40:10 -0500] "GET /forest/skins/gdocs-jar/css/menu.css?version=1412.231748 HTTP/1.1" 304 -
190.156.56.207 - - [27/Dec/2014:17:39:58 -0500] "GET /forest/jsoptimized/gz/js/gdocsall-1412.231748.js HTTP/1.1" 200 99216
190.156.56.207 - - [27/Dec/2014:17:40:11 -0500] "GET /forest/skins/gdocs-jar/css/autocomplete.css?version=1412.231748 HTTP/1.1" 304 -
190.156.56.207 - - [27/Dec/2014:17:40:14 -0500] "GET /forest/css/escritorio.css?version=1412.231748 HTTP/1.1" 304 -
190.156.56.207 - - [27/Dec/2014:17:40:14 -0500] "GET /forest/1ibre/jscalendar/calendar-win2k-1.css?version=1412.231748 HTTP/1.1" 304 -
190.156.56.207 - - [27/Dec/2014:17:40:14 -0500] "GET /forest/js/json3.js HTTP/1.1" 304 -
190.156.56.207 - - [27/Dec/2014:17:40:14 -0500] "GET /forest/skins/gdocs-jar/css/dialog.css?version=1412.231748 HTTP/1.1" 304 -
190.156.56.207 - - [27/Dec/2014:17:40:14 -0500] "GET /forest/css/index.css?version=1412.231748 HTTP/1.1" 304 -
190.156.56.207 - - [27/Dec/2014:17:40:14 -0500] "GET /forest/skins/gdocs-jar/css/forms.css?version=1412.231748 HTTP/1.1" 304 -
190.156.56.207 - - [27/Dec/2014:17:40:14 -0500] "GET /forest/img/loading.gif HTTP/1.1" 304 -
190.156.56.207 - - [27/Dec/2014:17:40:14 -0500] "GET /forest/jsoptimized/gz/js/gdocsall-1412.231748.js HTTP/1.1" 206 1
190.156.56.207 - - [27/Dec/2014:17:40:15 -0500] "GET /forest/jsoptimized/gz/js/gdocsall-1412.231748.js HTTP/1.1" 206 59472
190.156.56.207 - - [27/Dec/2014:17:40:15 -0500] "GET /forest/img/spacer.gif HTTP/1.1" 304 -
190.156.56.207 - - [27/Dec/2014:17:40:16 -0500] "GET /forest/img/panel/view_icon.gif HTTP/1.1" 200 681
190.156.56.207 - - [27/Dec/2014:17:40:16 -0500] "GET /forest/img/inicio/4.gif HTTP/1.1" 200 27784
190.156.56.207 - - [27/Dec/2014:17:40:17 -0500] "GET /forest/img/inicio/6.gif HTTP/1.1" 200 12239
190.156.56.207 - - [27/Dec/2014:17:40:16 -0500] "GET /forest/img/inicio/2.gif HTTP/1.1" 200 42562
190.156.56.207 - - [27/Dec/2014:17:40:16 -0500] "GET /forest/img/inicio/1.gif HTTP/1.1" 200 23925
190.156.56.207 - - [27/Dec/2014:17:40:16 -0500] "GET /forest/img/inicio/5.gif HTTP/1.1" 200 25611
190.156.56.207 - - [27/Dec/2014:17:40:17 -0500] "GET /forest/img/inicio/3.gif HTTP/1.1" 200 29737
190.156.56.207 - - [27/Dec/2014:17:40:18 -0500] "GET /forest/img/base/bsc2_r1_c2.gif HTTP/1.1" 200 269
190.156.56.207 - - [27/Dec/2014:17:40:18 -0500] "GET /forest/img/base/bsc2_r1_c3.gif HTTP/1.1" 200 3704
190.156.56.207 - - [27/Dec/2014:17:40:18 -0500] "GET /forest/img/mplogo.gif HTTP/1.1" 200 806
190.156.56.207 - - [27/Dec/2014:17:40:18 -0500] "GET /forest/img/base/bsc2_r1_c1.gif HTTP/1.1" 200 28640
190.156.56.207 - - [27/Dec/2014:17:40:19 -0500] "GET /forest/img/close.gif HTTP/1.1" 200 571
190.156.56.207 - - [27/Dec/2014:17:40:19 -0500] "GET /forest/skins/gdocs-jar/img/okey.gif HTTP/1.1" 200 203
190.156.56.207 - - [27/Dec/2014:17:40:19 -0500] "GET /forest/img/inicio/7.gif HTTP/1.1" 200 18547
190.156.56.207 - - [27/Dec/2014:17:40:22 -0500] "GET /forest/1ibre/1ibre.css HTTP/1.1" 200 614
190.156.56.207 - - [27/Dec/2014:17:40:22 -0500] "GET /forest/img/forestIcon.gif?version=1412.231748 HTTP/1.1" 200 573
66.249.73.155 - - [27/Dec/2014:17:40:24 -0500] "GET /BLA/resoluciones/RESOLUCIONES%202010/6215.pdf HTTP/1.1" 200 602326
190.156.56.207 - - [27/Dec/2014:17:40:33 -0500] "POST /forest/login.do HTTP/1.1" 200 12804
74.86.158.107 - - [27/Dec/2014:17:40:34 -0500] "HEAD / HTTP/1.1" 302 -
190.156.56.207 - - [27/Dec/2014:17:40:43 -0500] "POST /forest/login.do HTTP/1.1" 200 12804
190.156.56.207 - - [27/Dec/2014:17:40:50 -0500] "POST /forest/login.do HTTP/1.1" 200 14278
190.156.56.207 - - [27/Dec/2014:17:40:52 -0500] "GET /forest/css/jquery.realperson.css HTTP/1.1" 200 359
190.156.56.207 - - [27/Dec/2014:17:40:52 -0500] "GET /forest/js/jquery.realperson.js HTTP/1.1" 200 8232
190.156.56.207 - - [27/Dec/2014:17:40:52 -0500] "GET /forest/img/refresh.gif HTTP/1.1" 200 642
190.156.56.207 - - [27/Dec/2014:17:40:52 -0500] "GET /forest/js/jquery/jquery-1.5.2.min.js HTTP/1.1" 200 85940
186.30.66.14 - - [27/Dec/2014:17:41:06 -0500] "POST /forms/lservlet;jsessionid=ac16012b30d53ea9f84bca5f42a9821692df51710c28.e3iSbxaKaheRe34Sa3yKbhiTahb0n6jAmljGr5XDqQLvpAe HTTP/1.1" 200 2
190.84.185.167 - - [27/Dec/2014:17:41:11 -0500] "GET /forest/session.jsp?a=0.7655891599133611 HTTP/1.1" 200 4
190.156.143.139 - - [27/Dec/2014:17:41:13 -0500] "POST /forms/lservlet;jsessionid=ac16012b30d52e7787fc743b4a99828fba55a1ee10d6.e3iSbxaKaheRe34Sa3yKbhiTahb0n6jAmljGr5XDqQLvpAe HTTP/1.1" 200 2
186.154.84.82 - - [27/Dec/2014:17:41:18 -0500] "GET /forest/session.jsp?a=0.21714697126299143 HTTP/1.1" 200 4
66.249.73.155 - - [27/Dec/2014:17:41:23 -0500] "GET /BLA/resoluciones/AUTOS%202008/3479.pdf HTTP/1.1" 200 88153
186.84.40.34 - - [27/Dec/2014:17:41:27 -0500] "POST /forms/lservlet;jsessionid=ac16012b30d5f45d3a432e774dcea183dfd7e0dcc671.e3iSbxaKaheRe34Sa3yKbhiTahb0n6jAmljGr5XDqQLvpAe HTTP/1.1" 200 2
190.156.56.207 - - [27/Dec/2014:17:41:31 -0500] "POST /forest/login.do HTTP/1.1" 200 14278
66.249.73.163 - - [27/Dec/2014:17:42:21 -0500] "GET /BLA/resoluciones/RESOLUCIONES%202010/1055.pdf HTTP/1.1" 200 150030
179.33.113.15 - - [27/Dec/2014:17:42:32 -0500] "GET /BLA/boletinlegal/js/jquery.js HTTP/1.1" 200 57254
179.33.113.15 - - [27/Dec/2014:17:42:32 -0500] "GET /BLA/boletinlegal/js/jquery.scrollTo-min.js HTTP/1.1" 200 1150
179.33.113.15 - - [27/Dec/2014:17:42:32 -0500] "GET /BLA/boletinlegal/js/jquery.scrollShow.js HTTP/1.1" 200 4586
66.249.73.163 - - [27/Dec/2014:17:42:41 -0500] "GET /BLA/resoluciones/RESOLUCIONES%202006/RES%202006%202751-2800/00002785.tif HTTP/1.1" 200 76142
181.137.129.15 - - [27/Dec/2014:17:42:54 -0500] "GET /BLA/boletinlegal/js/jquery.scrollTo-min.js HTTP/1.1" 200 1150
181.137.129.15 - - [27/Dec/2014:17:42:54 -0500] "GET /galeria/carrusel/Carrusel/jquery.thumbnailScroller.css HTTP/1.1" 200 2066
181.137.129.15 - - [27/Dec/2014:17:42:54 -0500] "GET /BLA/boletinlegal/js/jquery.js HTTP/1.1" 200 57254
181.137.129.15 - - [27/Dec/2014:17:42:54 -0500] "GET /BLA/boletinlegal/js/jquery.scrollShow.js HTTP/1.1" 200 4586
181.137.129.15 - - [27/Dec/2014:17:42:54 -0500] "GET /galeria/carrusel/Carrusel/jquery-ui-1.8.13.custom.min.js HTTP/1.1" 200 10800
181.137.129.15 - - [27/Dec/2014:17:42:54 -0500] "GET /galeria/carrusel/Carrusel/jquery.thumbnailScroller.js HTTP/1.1" 200 8157
181.137.129.15 - - [27/Dec/2014:17:42:56 -0500] "GET /galeria/nivo-slider/demo/demo.html HTTP/1.1" 200 3237
181.137.129.15 - - [27/Dec/2014:17:42:57 -0500] "GET /galeria/nivo-slider/themes/default/default.css HTTP/1.1" 200 1569
181.137.129.15 - - [27/Dec/2014:17:42:57 -0500] "GET /galeria/nivo-slider/demo/style.css HTTP/1.1" 200 2222
181.137.129.15 - - [27/Dec/2014:17:42:57 -0500] "GET /galeria/nivo-slider/nivo-slider.css HTTP/1.1" 200 1507
181.137.129.15 - - [27/Dec/2014:17:42:57 -0500] "GET /galeria/nivo-slider/themes/orman/orman.css HTTP/1.1" 200 2152
181.137.129.15 - - [27/Dec/2014:17:42:57 -0500] "GET /galeria/nivo-slider/themes/pascal/pascal.css HTTP/1.1" 200 2258
181.137.129.15 - - [27/Dec/2014:17:42:57 -0500] "GET /galeria/nivo-slider/demo/scripts/jquery-1.7.1.min.js HTTP/1.1" 200 93868
181.137.129.15 - - [27/Dec/2014:17:42:57 -0500] "GET /galeria/nivo-slider/jquery.nivo.slider.pack.js HTTP/1.1" 200 11561
181.137.129.15 - - [27/Dec/2014:17:42:57 -0500] "GET /galeria/nivo-slider/demo/images/bolsas-08.jpg HTTP/1.1" 200 85589
181.137.129.15 - - [27/Dec/2014:17:42:57 -0500] "GET /galeria/nivo-slider/demo/images/Ruta-vertimientos-01.jpg HTTP/1.1" 200 130151
181.137.129.15 - - [27/Dec/2014:17:42:57 -0500] "GET /galeria/nivo-slider/demo/images/bolsas-06.jpg HTTP/1.1" 200 90982
181.137.129.15 - - [27/Dec/2014:17:42:57 -0500] "GET /galeria/nivo-slider/demo/images/ecolecta-Dic2014.png HTTP/1.1" 200 288593
181.137.129.15 - - [27/Dec/2014:17:42:57 -0500] "GET /galeria/nivo-slider/demo/images/4Simple_Slider.png HTTP/1.1" 200 11722
181.137.129.15 - - [27/Dec/2014:17:42:57 -0500] "GET /galeria/nivo-slider/themes/default/loading.gif HTTP/1.1" 200 1737
181.137.129.15 - - [27/Dec/2014:17:42:58 -0500] "GET /galeria/nivo-slider/demo/images/porloshumedales.jpg HTTP/1.1" 200 351238
181.137.129.15 - - [27/Dec/2014:17:42:58 -0500] "GET /galeria/nivo-slider/demo/images/Banner-GAE3.jpg HTTP/1.1" 200 146354
181.137.129.15 - - [27/Dec/2014:17:42:58 -0500] "GET /galeria/nivo-slider/demo/images/Tingua-azul.jpg HTTP/1.1" 200 307638
181.137.129.15 - - [27/Dec/2014:17:42:58 -0500] "GET /galeria/nivo-slider/demo/images/Banner-Caracol-Africano.jpg HTTP/1.1" 200 331986
181.137.129.15 - - [27/Dec/2014:17:43:00 -0500] "GET /galeria/nivo-slider/demo/images/banner-redes.jpg HTTP/1.1" 200 62209
181.137.129.15 - - [27/Dec/2014:17:43:00 -0500] "GET /galeria/nivo-slider/demo/images/9Signos.jpg HTTP/1.1" 200 93040
181.137.129.15 - - [27/Dec/2014:17:43:00 -0500] "GET /galeria/nivo-slider/demo/images/banner-llantas2.jpg HTTP/1.1" 200 73153
181.137.129.15 - - [27/Dec/2014:17:43:00 -0500] "GET /galeria/nivo-slider/demo/images/banner-caballos.png HTTP/1.1" 200 389106
186.30.66.14 - - [27/Dec/2014:17:43:06 -0500] "POST /forms/lservlet;jsessionid=ac16012b30d53ea9f84bca5f42a9821692df51710c28.e3iSbxaKaheRe34Sa3yKbhiTahb0n6jAmljGr5XDqQLvpAe HTTP/1.1" 200 2
190.156.143.139 - - [27/Dec/2014:17:43:13 -0500] "POST /forms/lservlet;jsessionid=ac16012b30d52e7787fc743b4a99828fba55a1ee10d6.e3iSbxaKaheRe34Sa3yKbhiTahb0n6jAmljGr5XDqQLvpAe HTTP/1.1" 200 2
66.249.73.163 - - [27/Dec/2014:17:43:15 -0500] "GET /BLA/resoluciones/RESOLUCIONES%202011/4615.pdf HTTP/1.1" 200 436191
186.84.40.34 - - [27/Dec/2014:17:43:15 -0500] "POST /forms/lservlet;jsessionid=ac16012b30d5f45d3a432e774dcea183dfd7e0dcc671.e3iSbxaKaheRe34Sa3yKbhiTahb0n6jAmljGr5XDqQLvpAe HTTP/1.1" 200 121
186.84.40.34 - - [27/Dec/2014:17:43:17 -0500] "POST /forms/lservlet;jsessionid=ac16012b30d5f45d3a432e774dcea183dfd7e0dcc671.e3iSbxaKaheRe34Sa3yKbhiTahb0n6jAmljGr5XDqQLvpAe HTTP/1.1" 200 2296
66.249.73.171 - - [27/Dec/2014:17:43:20 -0500] "GET /BLA/resoluciones/AUTOS%202008/0210.pdf HTTP/1.1" 304 -
186.84.40.34 - - [27/Dec/2014:17:43:21 -0500] "POST /forms/lservlet;jsessionid=ac16012b30d5f45d3a432e774dcea183dfd7e0dcc671.e3iSbxaKaheRe34Sa3yKbhiTahb0n6jAmljGr5XDqQLvpAe HTTP/1.1" 200 22
186.84.40.34 - - [27/Dec/2014:17:43:21 -0500] "POST /forms/lservlet;jsessionid=ac16012b30d5f45d3a432e774dcea183dfd7e0dcc671.e3iSbxaKaheRe34Sa3yKbhiTahb0n6jAmljGr5XDqQLvpAe HTTP/1.1" 200 578
186.84.40.34 - - [27/Dec/2014:17:43:21 -0500] "POST /forms/lservlet;jsessionid=ac16012b30d5f45d3a432e774dcea183dfd7e0dcc671.e3iSbxaKaheRe34Sa3yKbhiTahb0n6jAmljGr5XDqQLvpAe HTTP/1.1" 200 11
186.84.40.34 - - [27/Dec/2014:17:43:24 -0500] "POST /forms/lservlet;jsessionid=ac16012b30d5f45d3a432e774dcea183dfd7e0dcc671.e3iSbxaKaheRe34Sa3yKbhiTahb0n6jAmljGr5XDqQLvpAe HTTP/1.1" 200 424
186.84.40.34 - - [27/Dec/2014:17:43:27 -0500] "POST /forms/lservlet;jsessionid=ac16012b30d5f45d3a432e774dcea183dfd7e0dcc671.e3iSbxaKaheRe34Sa3yKbhiTahb0n6jAmljGr5XDqQLvpAe HTTP/1.1" 200 22
186.84.40.34 - - [27/Dec/2014:17:43:28 -0500] "POST /forms/lservlet;jsessionid=ac16012b30d5f45d3a432e774dcea183dfd7e0dcc671.e3iSbxaKaheRe34Sa3yKbhiTahb0n6jAmljGr5XDqQLvpAe HTTP/1.1" 200 2
186.84.40.34 - - [27/Dec/2014:17:43:28 -0500] "POST /forms/lservlet;jsessionid=ac16012b30d5f45d3a432e774dcea183dfd7e0dcc671.e3iSbxaKaheRe34Sa3yKbhiTahb0n6jAmljGr5XDqQLvpAe HTTP/1.1" 200 3971
186.84.40.34 - - [27/Dec/2014:17:43:29 -0500] "POST /forms/lservlet;jsessionid=ac16012b30d5f45d3a432e774dcea183dfd7e0dcc671.e3iSbxaKaheRe34Sa3yKbhiTahb0n6jAmljGr5XDqQLvpAe HTTP/1.1" 200 2
186.84.40.34 - - [27/Dec/2014:17:43:30 -0500] "POST /forms/lservlet;jsessionid=ac16012b30d5f45d3a432e774dcea183dfd7e0dcc671.e3iSbxaKaheRe34Sa3yKbhiTahb0n6jAmljGr5XDqQLvpAe HTTP/1.1" 200 90
186.84.40.34 - - [27/Dec/2014:17:43:44 -0500] "POST /forms/lservlet;jsessionid=ac16012b30d5f45d3a432e774dcea183dfd7e0dcc671.e3iSbxaKaheRe34Sa3yKbhiTahb0n6jAmljGr5XDqQLvpAe HTTP/1.1" 200 74
186.84.40.34 - - [27/Dec/2014:17:43:46 -0500] "POST /forms/lservlet;jsessionid=ac16012b30d5f45d3a432e774dcea183dfd7e0dcc671.e3iSbxaKaheRe34Sa3yKbhiTahb0n6jAmljGr5XDqQLvpAe HTTP/1.1" 200 2343
186.84.40.34 - - [27/Dec/2014:17:43:52 -0500] "POST /forms/lservlet;jsessionid=ac16012b30d5f45d3a432e774dcea183dfd7e0dcc671.e3iSbxaKaheRe34Sa3yKbhiTahb0n6jAmljGr5XDqQLvpAe HTTP/1.1" 200 26
186.84.40.34 - - [27/Dec/2014:17:43:52 -0500] "POST /forms/lservlet;jsessionid=ac16012b30d5f45d3a432e774dcea183dfd7e0dcc671.e3iSbxaKaheRe34Sa3yKbhiTahb0n6jAmljGr5XDqQLvpAe HTTP/1.1" 200 3835
186.84.40.34 - - [27/Dec/2014:17:43:53 -0500] "POST /forms/lservlet;jsessionid=ac16012b30d5f45d3a432e774dcea183dfd7e0dcc671.e3iSbxaKaheRe34Sa3yKbhiTahb0n6jAmljGr5XDqQLvpAe HTTP/1.1" 200 2
186.84.40.34 - - [27/Dec/2014:17:44:02 -0500] "POST /forms/lservlet;jsessionid=ac16012b30d5f45d3a432e774dcea183dfd7e0dcc671.e3iSbxaKaheRe34Sa3yKbhiTahb0n6jAmljGr5XDqQLvpAe HTTP/1.1" 200 463
186.84.40.34 - - [27/Dec/2014:17:44:02 -0500] "POST /forms/lservlet;jsessionid=ac16012b30d5f45d3a432e774dcea183dfd7e0dcc671.e3iSbxaKaheRe34Sa3yKbhiTahb0n6jAmljGr5XDqQLvpAe HTTP/1.1" 200 7
186.84.40.34 - - [27/Dec/2014:17:44:05 -0500] "POST /forms/lservlet;jsessionid=ac16012b30d5f45d3a432e774dcea183dfd7e0dcc671.e3iSbxaKaheRe34Sa3yKbhiTahb0n6jAmljGr5XDqQLvpAe HTTP/1.1" 200 311
186.84.40.34 - - [27/Dec/2014:17:44:05 -0500] "POST /forms/lservlet;jsessionid=ac16012b30d5f45d3a432e774dcea183dfd7e0dcc671.e3iSbxaKaheRe34Sa3yKbhiTahb0n6jAmljGr5XDqQLvpAe HTTP/1.1" 200 339
186.84.40.34 - - [27/Dec/2014:17:44:09 -0500] "POST /forms/lservlet;jsessionid=ac16012b30d5f45d3a432e774dcea183dfd7e0dcc671.e3iSbxaKaheRe34Sa3yKbhiTahb0n6jAmljGr5XDqQLvpAe HTTP/1.1" 200 341
186.84.40.34 - - [27/Dec/2014:17:44:10 -0500] "POST /forms/lservlet;jsessionid=ac16012b30d5f45d3a432e774dcea183dfd7e0dcc671.e3iSbxaKaheRe34Sa3yKbhiTahb0n6jAmljGr5XDqQLvpAe HTTP/1.1" 200 341
186.84.40.34 - - [27/Dec/2014:17:44:16 -0500] "POST /forms/lservlet;jsessionid=ac16012b30d5f45d3a432e774dcea183dfd7e0dcc671.e3iSbxaKaheRe34Sa3yKbhiTahb0n6jAmljGr5XDqQLvpAe HTTP/1.1" 200 360
186.84.40.34 - - [27/Dec/2014:17:44:16 -0500] "POST /forms/lservlet;jsessionid=ac16012b30d5f45d3a432e774dcea183dfd7e0dcc671.e3iSbxaKaheRe34Sa3yKbhiTahb0n6jAmljGr5XDqQLvpAe HTTP/1.1" 200 7
181.207.179.97 - - [27/Dec/2014:17:44:17 -0500] "GET /Report2/login.do HTTP/1.1" 503 1124
66.249.73.155 - - [27/Dec/2014:17:44:19 -0500] "GET /BLA/resoluciones/RESOLUCIONES%202009/0985.pdf HTTP/1.1" 304 -
186.84.40.34 - - [27/Dec/2014:17:44:19 -0500] "POST /forms/lservlet;jsessionid=ac16012b30d5f45d3a432e774dcea183dfd7e0dcc671.e3iSbxaKaheRe34Sa3yKbhiTahb0n6jAmljGr5XDqQLvpAe HTTP/1.1" 200 263
186.84.40.34 - - [27/Dec/2014:17:44:19 -0500] "POST /forms/lservlet;jsessionid=ac16012b30d5f45d3a432e774dcea183dfd7e0dcc671.e3iSbxaKaheRe34Sa3yKbhiTahb0n6jAmljGr5XDqQLvpAe HTTP/1.1" 200 11
186.84.40.34 - - [27/Dec/2014:17:44:20 -0500] "POST /forms/lservlet;jsessionid=ac16012b30d5f45d3a432e774dcea183dfd7e0dcc671.e3iSbxaKaheRe34Sa3yKbhiTahb0n6jAmljGr5XDqQLvpAe HTTP/1.1" 200 247
186.84.40.34 - - [27/Dec/2014:17:44:20 -0500] "POST /forms/lservlet;jsessionid=ac16012b30d5f45d3a432e774dcea183dfd7e0dcc671.e3iSbxaKaheRe34Sa3yKbhiTahb0n6jAmljGr5XDqQLvpAe HTTP/1.1" 200 11
186.84.40.34 - - [27/Dec/2014:17:44:21 -0500] "POST /forms/lservlet;jsessionid=ac16012b30d5f45d3a432e774dcea183dfd7e0dcc671.e3iSbxaKaheRe34Sa3yKbhiTahb0n6jAmljGr5XDqQLvpAe HTTP/1.1" 200 231
186.84.40.34 - - [27/Dec/2014:17:44:21 -0500] "POST /forms/lservlet;jsessionid=ac16012b30d5f45d3a432e774dcea183dfd7e0dcc671.e3iSbxaKaheRe34Sa3yKbhiTahb0n6jAmljGr5XDqQLvpAe HTTP/1.1" 200 11
186.84.40.34 - - [27/Dec/2014:17:44:21 -0500] "POST /forms/lservlet;jsessionid=ac16012b30d5f45d3a432e774dcea183dfd7e0dcc671.e3iSbxaKaheRe34Sa3yKbhiTahb0n6jAmljGr5XDqQLvpAe HTTP/1.1" 200 274
186.84.40.34 - - [27/Dec/2014:17:44:23 -0500] "POST /forms/lservlet;jsessionid=ac16012b30d5f45d3a432e774dcea183dfd7e0dcc671.e3iSbxaKaheRe34Sa3yKbhiTahb0n6jAmljGr5XDqQLvpAe HTTP/1.1" 200 265
186.30.237.78 - - [27/Dec/2014:17:44:25 -0500] "GET /BLA/boletinlegal/js/jquery.js HTTP/1.1" 200 57254
186.30.237.78 - - [27/Dec/2014:17:44:25 -0500] "GET /BLA/boletinlegal/js/jquery.scrollTo-min.js HTTP/1.1" 200 1150
186.30.237.78 - - [27/Dec/2014:17:44:25 -0500] "GET /BLA/boletinlegal/js/jquery.scrollShow.js HTTP/1.1" 200 4586
186.84.40.34 - - [27/Dec/2014:17:44:30 -0500] "POST /forms/lservlet;jsessionid=ac16012b30d5f45d3a432e774dcea183dfd7e0dcc671.e3iSbxaKaheRe34Sa3yKbhiTahb0n6jAmljGr5XDqQLvpAe HTTP/1.1" 200 168
186.84.40.34 - - [27/Dec/2014:17:44:31 -0500] "POST /forms/lservlet;jsessionid=ac16012b30d5f45d3a432e774dcea183dfd7e0dcc671.e3iSbxaKaheRe34Sa3yKbhiTahb0n6jAmljGr5XDqQLvpAe HTTP/1.1" 200 7
186.84.40.34 - - [27/Dec/2014:17:44:32 -0500] "POST /forms/lservlet;jsessionid=ac16012b30d5f45d3a432e774dcea183dfd7e0dcc671.e3iSbxaKaheRe34Sa3yKbhiTahb0n6jAmljGr5XDqQLvpAe HTTP/1.1" 200 7
186.30.66.14 - - [27/Dec/2014:17:45:06 -0500] "POST /forms/lservlet;jsessionid=ac16012b30d53ea9f84bca5f42a9821692df51710c28.e3iSbxaKaheRe34Sa3yKbhiTahb0n6jAmljGr5XDqQLvpAe HTTP/1.1" 200 2
190.156.143.139 - - [27/Dec/2014:17:45:14 -0500] "POST /forms/lservlet;jsessionid=ac16012b30d52e7787fc743b4a99828fba55a1ee10d6.e3iSbxaKaheRe34Sa3yKbhiTahb0n6jAmljGr5XDqQLvpAe HTTP/1.1" 200 2
186.84.40.34 - - [27/Dec/2014:17:45:28 -0500] "POST /forms/lservlet;jsessionid=ac16012b30d5f45d3a432e774dcea183dfd7e0dcc671.e3iSbxaKaheRe34Sa3yKbhiTahb0n6jAmljGr5XDqQLvpAe HTTP/1.1" 200 2
74.86.158.107 - - [27/Dec/2014:17:45:34 -0500] "HEAD / HTTP/1.1" 302 -
181.54.106.7 - - [27/Dec/2014:17:45:34 -0500] "GET /BLA/resoluciones/RESOLUCIONES%202007/RES%202007%201001%20AL%201100/RESOLUCION%201045%20DE%202007.pdf HTTP/1.1" 200 227457
181.54.106.7 - - [27/Dec/2014:17:45:36 -0500] "GET /favicon.ico HTTP/1.1" 200 7782
186.84.40.34 - - [27/Dec/2014:17:45:46 -0500] "POST /forms/lservlet;jsessionid=ac16012b30d5f45d3a432e774dcea183dfd7e0dcc671.e3iSbxaKaheRe34Sa3yKbhiTahb0n6jAmljGr5XDqQLvpAe HTTP/1.1" 200 2
186.84.40.34 - - [27/Dec/2014:17:45:46 -0500] "POST /forms/lservlet;jsessionid=ac16012b30d5f45d3a432e774dcea183dfd7e0dcc671.e3iSbxaKaheRe34Sa3yKbhiTahb0n6jAmljGr5XDqQLvpAe HTTP/1.1" 200 14
180.76.5.145 - - [27/Dec/2014:17:45:47 -0500] "GET /BLA/boletinlegal/Circulares/2012/Circular%20No.%2011%20del%2027%20de%20Agosto%20de%202012.pdf HTTP/1.1" 200 526945
186.84.40.34 - - [27/Dec/2014:17:45:48 -0500] "POST /forms/lservlet;jsessionid=ac16012b30d5f45d3a432e774dcea183dfd7e0dcc671.e3iSbxaKaheRe34Sa3yKbhiTahb0n6jAmljGr5XDqQLvpAe HTTP/1.1" 200 14
186.84.40.34 - - [27/Dec/2014:17:45:49 -0500] "POST /forms/lservlet;jsessionid=ac16012b30d5f45d3a432e774dcea183dfd7e0dcc671.e3iSbxaKaheRe34Sa3yKbhiTahb0n6jAmljGr5XDqQLvpAe HTTP/1.1" 200 113
186.84.40.34 - - [27/Dec/2014:17:45:49 -0500] "POST /forms/lservlet;jsessionid=ac16012b30d5f45d3a432e774dcea183dfd7e0dcc671.e3iSbxaKaheRe34Sa3yKbhiTahb0n6jAmljGr5XDqQLvpAe HTTP/1.1" 200 2
186.84.40.34 - - [27/Dec/2014:17:45:50 -0500] "GET /reports/rwservlet/getjobid338262?server=rep_srvapsda HTTP/1.1" 200 48071
66.249.73.163 - - [27/Dec/2014:17:46:16 -0500] "GET /BLA/resoluciones/RESOLUCIONES%202007/RES%202007%201301%20AL%201400/RESOLUCION%201348%20DE%202007.pdf HTTP/1.1" 200 26469
186.154.84.82 - - [27/Dec/2014:17:46:18 -0500] "GET /forest/session.jsp?a=0.9144647428765893 HTTP/1.1" 200 4
180.76.6.62 - - [27/Dec/2014:17:46:25 -0500] "GET /BLA/resoluciones/RESOLUCIONES%202007/RES%202007%203301%20AL%203400/RESOLUCION%203337%20DE%202007.pdf HTTP/1.1" 200 317872
186.84.40.34 - - [27/Dec/2014:17:46:46 -0500] "POST /forms/lservlet;jsessionid=ac16012b30d5f45d3a432e774dcea183dfd7e0dcc671.e3iSbxaKaheRe34Sa3yKbhiTahb0n6jAmljGr5XDqQLvpAe HTTP/1.1" 200 221
180.76.6.156 - - [27/Dec/2014:17:47:02 -0500] "GET /BLA/resoluciones/AUTOS%202010/6060.pdf HTTP/1.1" 200 493458
186.30.66.14 - - [27/Dec/2014:17:47:07 -0500] "POST /forms/lservlet;jsessionid=ac16012b30d53ea9f84bca5f42a9821692df51710c28.e3iSbxaKaheRe34Sa3yKbhiTahb0n6jAmljGr5XDqQLvpAe HTTP/1.1" 200 2
190.156.143.139 - - [27/Dec/2014:17:47:14 -0500] "POST /forms/lservlet;jsessionid=ac16012b30d52e7787fc743b4a99828fba55a1ee10d6.e3iSbxaKaheRe34Sa3yKbhiTahb0n6jAmljGr5XDqQLvpAe HTTP/1.1" 200 2
66.249.73.163 - - [27/Dec/2014:17:47:15 -0500] "GET /BLA/resoluciones/RESOLUCIONES%202009/8866.pdf HTTP/1.1" 304 -
186.84.40.34 - - [27/Dec/2014:17:47:28 -0500] "POST /forms/lservlet;jsessionid=ac16012b30d5f45d3a432e774dcea183dfd7e0dcc671.e3iSbxaKaheRe34Sa3yKbhiTahb0n6jAmljGr5XDqQLvpAe HTTP/1.1" 200 2
66.249.73.155 - - [27/Dec/2014:17:48:13 -0500] "GET /BLA/resoluciones/RESOLUCIONES%202010/7848.pdf HTTP/1.1" 304 -
190.144.162.82 - - [27/Dec/2014:17:48:28 -0500] "GET /BLA/resoluciones/RESOLUCIONES%202012/1312.pdf HTTP/1.1" 200 1167773
190.156.56.207 - - [27/Dec/2014:17:48:29 -0500] "POST /forest/login.do HTTP/1.1" 302 -
190.156.56.207 - - [27/Dec/2014:17:48:35 -0500] "GET /forest/img/fondo-barra.gif HTTP/1.1" 200 282
190.156.56.207 - - [27/Dec/2014:17:48:37 -0500] "GET /forest/img/inicio.jpg HTTP/1.1" 200 897
190.156.56.207 - - [27/Dec/2014:17:48:37 -0500] "GET /forest/img/users/5.gif HTTP/1.1" 200 1507
190.156.56.207 - - [27/Dec/2014:17:48:37 -0500] "GET /forest/img/users/3.gif HTTP/1.1" 200 1513
190.156.56.207 - - [27/Dec/2014:17:48:37 -0500] "GET /forest/img/users/7.gif HTTP/1.1" 200 1631
190.156.56.207 - - [27/Dec/2014:17:48:37 -0500] "GET /forest/img/download_large.gif HTTP/1.1" 200 203
190.156.56.207 - - [27/Dec/2014:17:48:31 -0500] "GET /forest/index2.jsp?a=0.03993958100621997 HTTP/1.1" 200 62616
190.156.56.207 - - [27/Dec/2014:17:48:38 -0500] "GET /forest/skins/gdocs-jar/css/tree.css HTTP/1.1" 200 223
190.156.56.207 - - [27/Dec/2014:17:48:39 -0500] "GET /forest/skins/gdocs-jar/css/autocomplete.css HTTP/1.1" 200 1620
190.156.56.207 - - [27/Dec/2014:17:48:39 -0500] "GET /forest/skins/gdocs-jar/js/xml_utilities.js?version=1412.231748 HTTP/1.1" 200 2433
190.156.56.207 - - [27/Dec/2014:17:48:39 -0500] "GET /forest/js/inicio.js?version=1412.231748 HTTP/1.1" 200 2303
190.156.56.207 - - [27/Dec/2014:17:48:41 -0500] "GET /forest/skins/gdocs-jar/js/misprocesos.js?version=1412.231748 HTTP/1.1" 200 5890
190.156.56.207 - - [27/Dec/2014:17:48:41 -0500] "GET /forest/img/buscar.jpg HTTP/1.1" 200 736
190.156.56.207 - - [27/Dec/2014:17:48:41 -0500] "GET /forest/img/pantalla.gif HTTP/1.1" 200 1407
190.156.56.207 - - [27/Dec/2014:17:48:41 -0500] "GET /forest/img/ayuda.gif HTTP/1.1" 200 716
190.156.56.207 - - [27/Dec/2014:17:48:43 -0500] "GET /forest/img/notify.gif HTTP/1.1" 200 746
190.156.56.207 - - [27/Dec/2014:17:48:43 -0500] "GET /forest/img/salir3.gif HTTP/1.1" 200 1271
190.156.56.207 - - [27/Dec/2014:17:48:43 -0500] "GET /forest/img/buscar_documentos.gif HTTP/1.1" 200 674
190.156.56.207 - - [27/Dec/2014:17:48:39 -0500] "GET /forest/skins/gdocs-jar/js/autocompletar2.js?version=1412.231748 HTTP/1.1" 200 24595
190.156.56.207 - - [27/Dec/2014:17:48:44 -0500] "GET /forest/img/buscar_procesos.gif HTTP/1.1" 200 158
190.156.56.207 - - [27/Dec/2014:17:48:44 -0500] "GET /forest/img/panel/menu/add.png HTTP/1.1" 200 4044
190.156.56.207 - - [27/Dec/2014:17:48:44 -0500] "GET /forest/img/panel/menu/folder.png HTTP/1.1" 200 1382
