186.84.40.34 - - [27/Dec/2014:12:50:19 -0500] "POST /forms/lservlet;jsessionid=ac16012b30d5f45d3a432e774dcea183dfd7e0dcc671.e3iSbxaKaheRe34Sa3yKbhiTahb0n6jAmljGr5XDqQLvpAe HTTP/1.1" 200 2
186.84.40.34 - - [27/Dec/2014:12:50:19 -0500] "POST /forms/lservlet;jsessionid=ac16012b30d5f45d3a432e774dcea183dfd7e0dcc671.e3iSbxaKaheRe34Sa3yKbhiTahb0n6jAmljGr5XDqQLvpAe HTTP/1.1" 200 2
186.84.40.34 - - [27/Dec/2014:12:50:19 -0500] "POST /forms/lservlet;jsessionid=ac16012b30d5f45d3a432e774dcea183dfd7e0dcc671.e3iSbxaKaheRe34Sa3yKbhiTahb0n6jAmljGr5XDqQLvpAe HTTP/1.1" 200 2618
186.84.40.34 - - [27/Dec/2014:12:50:19 -0500] "POST /forms/lservlet;jsessionid=ac16012b30d5f45d3a432e774dcea183dfd7e0dcc671.e3iSbxaKaheRe34Sa3yKbhiTahb0n6jAmljGr5XDqQLvpAe HTTP/1.1" 200 2
186.84.40.34 - - [27/Dec/2014:12:50:21 -0500] "POST /forms/lservlet;jsessionid=ac16012b30d5f45d3a432e774dcea183dfd7e0dcc671.e3iSbxaKaheRe34Sa3yKbhiTahb0n6jAmljGr5XDqQLvpAe HTTP/1.1" 200 2
186.84.40.34 - - [27/Dec/2014:12:50:21 -0500] "POST /forms/lservlet;jsessionid=ac16012b30d5f45d3a432e774dcea183dfd7e0dcc671.e3iSbxaKaheRe34Sa3yKbhiTahb0n6jAmljGr5XDqQLvpAe HTTP/1.1" 200 3559
186.84.40.34 - - [27/Dec/2014:12:50:22 -0500] "POST /forms/lservlet;jsessionid=ac16012b30d5f45d3a432e774dcea183dfd7e0dcc671.e3iSbxaKaheRe34Sa3yKbhiTahb0n6jAmljGr5XDqQLvpAe HTTP/1.1" 200 2
186.84.40.34 - - [27/Dec/2014:12:50:22 -0500] "POST /forms/lservlet;jsessionid=ac16012b30d5f45d3a432e774dcea183dfd7e0dcc671.e3iSbxaKaheRe34Sa3yKbhiTahb0n6jAmljGr5XDqQLvpAe HTTP/1.1" 200 2
186.84.40.34 - - [27/Dec/2014:12:50:22 -0500] "POST /forms/lservlet;jsessionid=ac16012b30d5f45d3a432e774dcea183dfd7e0dcc671.e3iSbxaKaheRe34Sa3yKbhiTahb0n6jAmljGr5XDqQLvpAe HTTP/1.1" 200 3050
186.84.40.34 - - [27/Dec/2014:12:50:23 -0500] "POST /forms/lservlet;jsessionid=ac16012b30d5f45d3a432e774dcea183dfd7e0dcc671.e3iSbxaKaheRe34Sa3yKbhiTahb0n6jAmljGr5XDqQLvpAe HTTP/1.1" 200 2
186.84.40.34 - - [27/Dec/2014:12:50:23 -0500] "POST /forms/lservlet;jsessionid=ac16012b30d5f45d3a432e774dcea183dfd7e0dcc671.e3iSbxaKaheRe34Sa3yKbhiTahb0n6jAmljGr5XDqQLvpAe HTTP/1.1" 200 2
186.84.40.34 - - [27/Dec/2014:12:50:23 -0500] "POST /forms/lservlet;jsessionid=ac16012b30d5f45d3a432e774dcea183dfd7e0dcc671.e3iSbxaKaheRe34Sa3yKbhiTahb0n6jAmljGr5XDqQLvpAe HTTP/1.1" 200 3065
186.84.40.34 - - [27/Dec/2014:12:50:24 -0500] "POST /forms/lservlet;jsessionid=ac16012b30d5f45d3a432e774dcea183dfd7e0dcc671.e3iSbxaKaheRe34Sa3yKbhiTahb0n6jAmljGr5XDqQLvpAe HTTP/1.1" 200 2
186.84.40.34 - - [27/Dec/2014:12:50:29 -0500] "POST /forms/lservlet;jsessionid=ac16012b30d5f45d3a432e774dcea183dfd7e0dcc671.e3iSbxaKaheRe34Sa3yKbhiTahb0n6jAmljGr5XDqQLvpAe HTTP/1.1" 200 2
186.84.40.34 - - [27/Dec/2014:12:50:29 -0500] "POST /forms/lservlet;jsessionid=ac16012b30d5f45d3a432e774dcea183dfd7e0dcc671.e3iSbxaKaheRe34Sa3yKbhiTahb0n6jAmljGr5XDqQLvpAe HTTP/1.1" 200 3089
186.84.40.34 - - [27/Dec/2014:12:50:30 -0500] "POST /forms/lservlet;jsessionid=ac16012b30d5f45d3a432e774dcea183dfd7e0dcc671.e3iSbxaKaheRe34Sa3yKbhiTahb0n6jAmljGr5XDqQLvpAe HTTP/1.1" 200 2
74.86.158.107 - - [27/Dec/2014:12:50:34 -0500] "HEAD / HTTP/1.1" 302 -
186.84.40.34 - - [27/Dec/2014:12:50:34 -0500] "POST /forms/lservlet;jsessionid=ac16012b30d5f45d3a432e774dcea183dfd7e0dcc671.e3iSbxaKaheRe34Sa3yKbhiTahb0n6jAmljGr5XDqQLvpAe HTTP/1.1" 200 2
186.84.40.34 - - [27/Dec/2014:12:50:34 -0500] "POST /forms/lservlet;jsessionid=ac16012b30d5f45d3a432e774dcea183dfd7e0dcc671.e3iSbxaKaheRe34Sa3yKbhiTahb0n6jAmljGr5XDqQLvpAe HTTP/1.1" 200 2927
157.55.39.171 - - [27/Dec/2014:12:50:37 -0500] "GET /dama/libreria/php/decide.php?patron=03.131801 HTTP/1.1" 404 1019
186.84.40.34 - - [27/Dec/2014:12:50:37 -0500] "POST /forms/lservlet;jsessionid=ac16012b30d5f45d3a432e774dcea183dfd7e0dcc671.e3iSbxaKaheRe34Sa3yKbhiTahb0n6jAmljGr5XDqQLvpAe HTTP/1.1" 200 2
186.84.40.34 - - [27/Dec/2014:12:50:37 -0500] "POST /forms/lservlet;jsessionid=ac16012b30d5f45d3a432e774dcea183dfd7e0dcc671.e3iSbxaKaheRe34Sa3yKbhiTahb0n6jAmljGr5XDqQLvpAe HTTP/1.1" 200 2
186.84.40.34 - - [27/Dec/2014:12:50:38 -0500] "POST /forms/lservlet;jsessionid=ac16012b30d5f45d3a432e774dcea183dfd7e0dcc671.e3iSbxaKaheRe34Sa3yKbhiTahb0n6jAmljGr5XDqQLvpAe HTTP/1.1" 200 3173
186.84.40.34 - - [27/Dec/2014:12:50:38 -0500] "POST /forms/lservlet;jsessionid=ac16012b30d5f45d3a432e774dcea183dfd7e0dcc671.e3iSbxaKaheRe34Sa3yKbhiTahb0n6jAmljGr5XDqQLvpAe HTTP/1.1" 200 2
186.84.40.34 - - [27/Dec/2014:12:50:43 -0500] "POST /forms/lservlet;jsessionid=ac16012b30d5f45d3a432e774dcea183dfd7e0dcc671.e3iSbxaKaheRe34Sa3yKbhiTahb0n6jAmljGr5XDqQLvpAe HTTP/1.1" 200 2
186.84.40.34 - - [27/Dec/2014:12:50:43 -0500] "POST /forms/lservlet;jsessionid=ac16012b30d5f45d3a432e774dcea183dfd7e0dcc671.e3iSbxaKaheRe34Sa3yKbhiTahb0n6jAmljGr5XDqQLvpAe HTTP/1.1" 200 2658
186.84.40.34 - - [27/Dec/2014:12:50:44 -0500] "POST /forms/lservlet;jsessionid=ac16012b30d5f45d3a432e774dcea183dfd7e0dcc671.e3iSbxaKaheRe34Sa3yKbhiTahb0n6jAmljGr5XDqQLvpAe HTTP/1.1" 200 2
186.84.40.34 - - [27/Dec/2014:12:50:45 -0500] "POST /forms/lservlet;jsessionid=ac16012b30d5f45d3a432e774dcea183dfd7e0dcc671.e3iSbxaKaheRe34Sa3yKbhiTahb0n6jAmljGr5XDqQLvpAe HTTP/1.1" 200 2
186.84.40.34 - - [27/Dec/2014:12:50:45 -0500] "POST /forms/lservlet;jsessionid=ac16012b30d5f45d3a432e774dcea183dfd7e0dcc671.e3iSbxaKaheRe34Sa3yKbhiTahb0n6jAmljGr5XDqQLvpAe HTTP/1.1" 200 2699
186.84.40.34 - - [27/Dec/2014:12:50:46 -0500] "POST /forms/lservlet;jsessionid=ac16012b30d5f45d3a432e774dcea183dfd7e0dcc671.e3iSbxaKaheRe34Sa3yKbhiTahb0n6jAmljGr5XDqQLvpAe HTTP/1.1" 200 2
186.84.40.34 - - [27/Dec/2014:12:50:48 -0500] "POST /forms/lservlet;jsessionid=ac16012b30d5f45d3a432e774dcea183dfd7e0dcc671.e3iSbxaKaheRe34Sa3yKbhiTahb0n6jAmljGr5XDqQLvpAe HTTP/1.1" 200 2
186.84.40.34 - - [27/Dec/2014:12:50:48 -0500] "POST /forms/lservlet;jsessionid=ac16012b30d5f45d3a432e774dcea183dfd7e0dcc671.e3iSbxaKaheRe34Sa3yKbhiTahb0n6jAmljGr5XDqQLvpAe HTTP/1.1" 200 3015
186.84.40.34 - - [27/Dec/2014:12:50:50 -0500] "POST /forms/lservlet;jsessionid=ac16012b30d5f45d3a432e774dcea183dfd7e0dcc671.e3iSbxaKaheRe34Sa3yKbhiTahb0n6jAmljGr5XDqQLvpAe HTTP/1.1" 200 2
186.84.40.34 - - [27/Dec/2014:12:50:50 -0500] "POST /forms/lservlet;jsessionid=ac16012b30d5f45d3a432e774dcea183dfd7e0dcc671.e3iSbxaKaheRe34Sa3yKbhiTahb0n6jAmljGr5XDqQLvpAe HTTP/1.1" 200 2
186.84.40.34 - - [27/Dec/2014:12:50:50 -0500] "POST /forms/lservlet;jsessionid=ac16012b30d5f45d3a432e774dcea183dfd7e0dcc671.e3iSbxaKaheRe34Sa3yKbhiTahb0n6jAmljGr5XDqQLvpAe HTTP/1.1" 200 3343
186.84.40.34 - - [27/Dec/2014:12:50:51 -0500] "POST /forms/lservlet;jsessionid=ac16012b30d5f45d3a432e774dcea183dfd7e0dcc671.e3iSbxaKaheRe34Sa3yKbhiTahb0n6jAmljGr5XDqQLvpAe HTTP/1.1" 200 2
186.84.40.34 - - [27/Dec/2014:12:50:53 -0500] "POST /forms/lservlet;jsessionid=ac16012b30d5f45d3a432e774dcea183dfd7e0dcc671.e3iSbxaKaheRe34Sa3yKbhiTahb0n6jAmljGr5XDqQLvpAe HTTP/1.1" 200 2
186.84.40.34 - - [27/Dec/2014:12:50:53 -0500] "POST /forms/lservlet;jsessionid=ac16012b30d5f45d3a432e774dcea183dfd7e0dcc671.e3iSbxaKaheRe34Sa3yKbhiTahb0n6jAmljGr5XDqQLvpAe HTTP/1.1" 200 2602
186.84.40.34 - - [27/Dec/2014:12:50:53 -0500] "POST /forms/lservlet;jsessionid=ac16012b30d5f45d3a432e774dcea183dfd7e0dcc671.e3iSbxaKaheRe34Sa3yKbhiTahb0n6jAmljGr5XDqQLvpAe HTTP/1.1" 200 2
186.84.40.34 - - [27/Dec/2014:12:50:59 -0500] "POST /forms/lservlet;jsessionid=ac16012b30d5f45d3a432e774dcea183dfd7e0dcc671.e3iSbxaKaheRe34Sa3yKbhiTahb0n6jAmljGr5XDqQLvpAe HTTP/1.1" 200 2
186.84.40.34 - - [27/Dec/2014:12:51:00 -0500] "POST /forms/lservlet;jsessionid=ac16012b30d5f45d3a432e774dcea183dfd7e0dcc671.e3iSbxaKaheRe34Sa3yKbhiTahb0n6jAmljGr5XDqQLvpAe HTTP/1.1" 200 14
66.249.73.171 - - [27/Dec/2014:12:51:01 -0500] "GET /BLA/resoluciones/AUTOS%202013/1075.pdf HTTP/1.1" 304 -
186.84.40.34 - - [27/Dec/2014:12:51:01 -0500] "POST /forms/lservlet;jsessionid=ac16012b30d5f45d3a432e774dcea183dfd7e0dcc671.e3iSbxaKaheRe34Sa3yKbhiTahb0n6jAmljGr5XDqQLvpAe HTTP/1.1" 200 14
186.84.40.34 - - [27/Dec/2014:12:51:02 -0500] "POST /forms/lservlet;jsessionid=ac16012b30d5f45d3a432e774dcea183dfd7e0dcc671.e3iSbxaKaheRe34Sa3yKbhiTahb0n6jAmljGr5XDqQLvpAe HTTP/1.1" 200 133
186.84.40.34 - - [27/Dec/2014:12:51:02 -0500] "POST /forms/lservlet;jsessionid=ac16012b30d5f45d3a432e774dcea183dfd7e0dcc671.e3iSbxaKaheRe34Sa3yKbhiTahb0n6jAmljGr5XDqQLvpAe HTTP/1.1" 200 2
186.84.40.34 - - [27/Dec/2014:12:51:02 -0500] "POST /forms/lservlet;jsessionid=ac16012b30d5f45d3a432e774dcea183dfd7e0dcc671.e3iSbxaKaheRe34Sa3yKbhiTahb0n6jAmljGr5XDqQLvpAe HTTP/1.1" 200 2
186.84.40.34 - - [27/Dec/2014:12:51:03 -0500] "GET /reports/rwservlet/getjobid338245?server=rep_srvapsda HTTP/1.1" 200 1228450
190.146.135.231 - - [27/Dec/2014:12:51:34 -0500] "GET /galeria/nivo-slider/demo/images/porloshumedales.jpg HTTP/1.1" 206 1
190.146.135.231 - - [27/Dec/2014:12:51:34 -0500] "GET /galeria/nivo-slider/demo/images/Tingua-azul.jpg HTTP/1.1" 206 1
190.146.135.231 - - [27/Dec/2014:12:51:34 -0500] "GET /galeria/nivo-slider/demo/images/Banner-Caracol-Africano.jpg HTTP/1.1" 206 1
190.146.135.231 - - [27/Dec/2014:12:51:34 -0500] "GET /galeria/nivo-slider/demo/images/banner-llantas2.jpg HTTP/1.1" 200 73153
190.146.135.231 - - [27/Dec/2014:12:51:34 -0500] "GET /galeria/nivo-slider/demo/images/9Signos.jpg HTTP/1.1" 200 93040
190.146.135.231 - - [27/Dec/2014:12:51:34 -0500] "GET /galeria/nivo-slider/demo/images/banner-caballos.png HTTP/1.1" 200 389106
190.146.135.231 - - [27/Dec/2014:12:51:34 -0500] "GET /galeria/nivo-slider/demo/images/Tingua-azul.jpg HTTP/1.1" 206 189652
190.146.135.231 - - [27/Dec/2014:12:51:34 -0500] "GET /galeria/nivo-slider/demo/images/porloshumedales.jpg HTTP/1.1" 206 104772
190.146.135.231 - - [27/Dec/2014:12:51:34 -0500] "GET /galeria/nivo-slider/demo/images/Banner-Caracol-Africano.jpg HTTP/1.1" 206 171660
190.146.135.231 - - [27/Dec/2014:12:51:36 -0500] "GET /galeria/nivo-slider/themes/default/bullets.png HTTP/1.1" 200 1281
190.146.135.231 - - [27/Dec/2014:12:51:36 -0500] "GET /galeria/nivo-slider/themes/default/arrows.png HTTP/1.1" 200 824
186.30.66.14 - - [27/Dec/2014:12:51:46 -0500] "POST /forms/lservlet;jsessionid=ac16012b30d53ea9f84bca5f42a9821692df51710c28.e3iSbxaKaheRe34Sa3yKbhiTahb0n6jAmljGr5XDqQLvpAe HTTP/1.1" 200 2
190.146.135.231 - - [27/Dec/2014:12:51:55 -0500] "GET /galeria/bibloteca/contentflow.js HTTP/1.1" 200 42804
190.146.135.231 - - [27/Dec/2014:12:51:55 -0500] "GET /galeria/bibloteca/mycontentflow.css HTTP/1.1" 200 3110
190.146.135.231 - - [27/Dec/2014:12:51:55 -0500] "GET /galeria/bibloteca/contentflow.css HTTP/1.1" 200 3201
190.146.135.231 - - [27/Dec/2014:12:51:55 -0500] "GET /galeria/bibloteca/ContentFlowAddOn_white.js HTTP/1.1" 200 2497
190.146.135.231 - - [27/Dec/2014:12:51:56 -0500] "GET /galeria/bibloteca/ContentFlowAddOn_white.css HTTP/1.1" 200 3355
190.146.135.231 - - [27/Dec/2014:12:51:56 -0500] "GET /galeria/bibloteca/img/slider_white.png HTTP/1.1" 200 178
190.146.135.231 - - [27/Dec/2014:12:51:56 -0500] "GET /galeria/bibloteca/img/loader.gif HTTP/1.1" 200 8238
190.146.135.231 - - [27/Dec/2014:12:51:56 -0500] "GET /galeria/bibloteca/img/scrollbar_white.png HTTP/1.1" 200 82
190.146.135.231 - - [27/Dec/2014:12:51:57 -0500] "GET /galeria/bibloteca/img/scrollbar_black.png HTTP/1.1" 200 82
190.146.135.231 - - [27/Dec/2014:12:51:57 -0500] "GET /galeria/bibloteca/img/1x1_0.5_white.png HTTP/1.1" 200 82
190.146.135.231 - - [27/Dec/2014:12:51:57 -0500] "GET /galeria/bibloteca/img/slider_black.png HTTP/1.1" 200 175
190.146.135.231 - - [27/Dec/2014:12:51:57 -0500] "GET /galeria/bibloteca/img/ajax-loader.gif HTTP/1.1" 200 9427
66.249.73.155 - - [27/Dec/2014:12:52:00 -0500] "GET /BLA/resoluciones/RESOLUCIONES%202007/RES%202007%202001%20AL%202100/RESOLUCION%202025%20DE%202007.pdf HTTP/1.1" 304 -
190.144.47.227 - - [27/Dec/2014:12:52:19 -0500] "GET /BLA/boletinlegal/js/jquery.scrollShow.js HTTP/1.1" 200 4586
190.144.47.227 - - [27/Dec/2014:12:52:19 -0500] "GET /BLA/boletinlegal/js/jquery.js HTTP/1.1" 200 57254
190.144.47.227 - - [27/Dec/2014:12:52:19 -0500] "GET /BLA/boletinlegal/js/jquery.scrollTo-min.js HTTP/1.1" 200 1150
190.144.47.227 - - [27/Dec/2014:12:52:19 -0500] "GET /galeria/carrusel/Carrusel/jquery.thumbnailScroller.css HTTP/1.1" 200 2066
190.144.47.227 - - [27/Dec/2014:12:52:19 -0500] "GET /galeria/carrusel/Carrusel/jquery-ui-1.8.13.custom.min.js HTTP/1.1" 200 10800
190.144.47.227 - - [27/Dec/2014:12:52:19 -0500] "GET /galeria/carrusel/Carrusel/jquery.thumbnailScroller.js HTTP/1.1" 200 8157
190.144.47.227 - - [27/Dec/2014:12:52:21 -0500] "GET /galeria/nivo-slider/demo/demo.html HTTP/1.1" 200 3237
190.144.47.227 - - [27/Dec/2014:12:52:21 -0500] "GET /galeria/nivo-slider/themes/default/default.css HTTP/1.1" 200 1569
190.144.47.227 - - [27/Dec/2014:12:52:21 -0500] "GET /galeria/nivo-slider/nivo-slider.css HTTP/1.1" 200 1507
190.144.47.227 - - [27/Dec/2014:12:52:21 -0500] "GET /galeria/nivo-slider/themes/pascal/pascal.css HTTP/1.1" 200 2258
190.144.47.227 - - [27/Dec/2014:12:52:21 -0500] "GET /galeria/nivo-slider/themes/orman/orman.css HTTP/1.1" 200 2152
190.144.47.227 - - [27/Dec/2014:12:52:21 -0500] "GET /galeria/nivo-slider/demo/style.css HTTP/1.1" 200 2222
190.144.47.227 - - [27/Dec/2014:12:52:21 -0500] "GET /galeria/nivo-slider/demo/scripts/jquery-1.7.1.min.js HTTP/1.1" 200 93868
190.144.47.227 - - [27/Dec/2014:12:52:21 -0500] "GET /galeria/nivo-slider/jquery.nivo.slider.pack.js HTTP/1.1" 200 11561
190.144.47.227 - - [27/Dec/2014:12:52:21 -0500] "GET /galeria/nivo-slider/demo/images/bolsas-08.jpg HTTP/1.1" 200 85589
190.144.47.227 - - [27/Dec/2014:12:52:21 -0500] "GET /galeria/nivo-slider/demo/images/Ruta-vertimientos-01.jpg HTTP/1.1" 200 130151
190.144.47.227 - - [27/Dec/2014:12:52:21 -0500] "GET /galeria/nivo-slider/demo/images/ecolecta-Dic2014.png HTTP/1.1" 200 288593
190.144.47.227 - - [27/Dec/2014:12:52:21 -0500] "GET /galeria/nivo-slider/demo/images/bolsas-06.jpg HTTP/1.1" 200 90982
190.144.47.227 - - [27/Dec/2014:12:52:22 -0500] "GET /galeria/nivo-slider/demo/images/4Simple_Slider.png HTTP/1.1" 200 11722
190.144.47.227 - - [27/Dec/2014:12:52:22 -0500] "GET /galeria/nivo-slider/themes/default/loading.gif HTTP/1.1" 200 1737
190.144.47.227 - - [27/Dec/2014:12:52:22 -0500] "GET /galeria/nivo-slider/demo/images/Banner-GAE3.jpg HTTP/1.1" 200 146354
190.144.47.227 - - [27/Dec/2014:12:52:22 -0500] "GET /galeria/nivo-slider/demo/images/porloshumedales.jpg HTTP/1.1" 200 351238
190.144.47.227 - - [27/Dec/2014:12:52:23 -0500] "GET /galeria/nivo-slider/demo/images/Tingua-azul.jpg HTTP/1.1" 200 307638
190.144.47.227 - - [27/Dec/2014:12:52:23 -0500] "GET /galeria/nivo-slider/demo/images/Banner-Caracol-Africano.jpg HTTP/1.1" 200 331986
190.144.47.227 - - [27/Dec/2014:12:52:23 -0500] "GET /galeria/nivo-slider/demo/images/banner-redes.jpg HTTP/1.1" 200 62209
190.144.47.227 - - [27/Dec/2014:12:52:23 -0500] "GET /galeria/nivo-slider/demo/images/9Signos.jpg HTTP/1.1" 200 93040
190.144.47.227 - - [27/Dec/2014:12:52:23 -0500] "GET /galeria/nivo-slider/demo/images/banner-llantas2.jpg HTTP/1.1" 200 73153
190.144.47.227 - - [27/Dec/2014:12:52:23 -0500] "GET /galeria/nivo-slider/demo/images/banner-caballos.png HTTP/1.1" 200 389106
190.144.47.227 - - [27/Dec/2014:12:52:23 -0500] "GET /videos/Spot_CambioClimatico.flv HTTP/1.1" 200 4371917
190.144.47.227 - - [27/Dec/2014:12:52:24 -0500] "GET /galeria/nivo-slider/themes/default/arrows.png HTTP/1.1" 200 824
190.144.47.227 - - [27/Dec/2014:12:52:24 -0500] "GET /galeria/nivo-slider/themes/default/bullets.png HTTP/1.1" 200 1281
66.249.73.155 - - [27/Dec/2014:12:52:26 -0500] "GET /BLA/resoluciones/AUTOS%202011/2876.pdf HTTP/1.1" 200 151097
66.249.73.163 - - [27/Dec/2014:12:52:41 -0500] "GET /BLA/resoluciones/RESOLUCIONES%202006/RES%202006%20%202801-2850/00002822.tif HTTP/1.1" 200 79664
66.249.73.155 - - [27/Dec/2014:12:52:45 -0500] "GET /BLA/resoluciones/RESOLUCIONES%202009/3957.pdf HTTP/1.1" 304 -
66.249.73.163 - - [27/Dec/2014:12:52:59 -0500] "GET /BLA/resoluciones/AUTOS%202013/2041.pdf HTTP/1.1" 304 -
186.84.40.34 - - [27/Dec/2014:12:53:03 -0500] "POST /forms/lservlet;jsessionid=ac16012b30d5f45d3a432e774dcea183dfd7e0dcc671.e3iSbxaKaheRe34Sa3yKbhiTahb0n6jAmljGr5XDqQLvpAe HTTP/1.1" 200 2
186.30.66.14 - - [27/Dec/2014:12:53:12 -0500] "POST /forms/lservlet;jsessionid=ac16012b30d53ea9f84bca5f42a9821692df51710c28.e3iSbxaKaheRe34Sa3yKbhiTahb0n6jAmljGr5XDqQLvpAe HTTP/1.1" 200 2
186.30.66.14 - - [27/Dec/2014:12:53:12 -0500] "POST /forms/lservlet;jsessionid=ac16012b30d53ea9f84bca5f42a9821692df51710c28.e3iSbxaKaheRe34Sa3yKbhiTahb0n6jAmljGr5XDqQLvpAe HTTP/1.1" 200 14
186.30.66.14 - - [27/Dec/2014:12:53:13 -0500] "POST /forms/lservlet;jsessionid=ac16012b30d53ea9f84bca5f42a9821692df51710c28.e3iSbxaKaheRe34Sa3yKbhiTahb0n6jAmljGr5XDqQLvpAe HTTP/1.1" 200 114
186.30.66.14 - - [27/Dec/2014:12:53:14 -0500] "POST /forms/lservlet;jsessionid=ac16012b30d53ea9f84bca5f42a9821692df51710c28.e3iSbxaKaheRe34Sa3yKbhiTahb0n6jAmljGr5XDqQLvpAe HTTP/1.1" 200 2
181.48.113.225 - - [27/Dec/2014:12:53:28 -0500] "GET /BLA/resoluciones/RESOLUCIONES%202010/1503.pdf HTTP/1.1" 200 443305
181.48.113.225 - - [27/Dec/2014:12:53:29 -0500] "GET /BLA/resoluciones/RESOLUCIONES%202010/1503.pdf HTTP/1.1" 206 32768
181.48.113.225 - - [27/Dec/2014:12:53:29 -0500] "GET /BLA/resoluciones/RESOLUCIONES%202010/1503.pdf HTTP/1.1" 206 410537
186.30.66.14 - - [27/Dec/2014:12:53:14 -0500] "GET /reports/rwservlet/getjobid338246?server=rep_srvapsda HTTP/1.1" 200 1333026
181.48.113.225 - - [27/Dec/2014:12:53:31 -0500] "GET /favicon.ico HTTP/1.1" 200 7782
66.249.73.163 - - [27/Dec/2014:12:53:32 -0500] "GET /BLA/resoluciones/RESOLUCIONES%202001/2001%201250-1299.tif HTTP/1.1" 200 5430753
186.30.66.14 - - [27/Dec/2014:12:53:47 -0500] "POST /forms/lservlet;jsessionid=ac16012b30d53ea9f84bca5f42a9821692df51710c28.e3iSbxaKaheRe34Sa3yKbhiTahb0n6jAmljGr5XDqQLvpAe HTTP/1.1" 200 2
190.24.68.177 - - [27/Dec/2014:12:53:53 -0500] "GET /BLA/boletinlegal/js/jquery.js HTTP/1.1" 200 57254
190.24.68.177 - - [27/Dec/2014:12:53:53 -0500] "GET /BLA/boletinlegal/js/jquery.scrollTo-min.js HTTP/1.1" 200 1150
190.24.68.177 - - [27/Dec/2014:12:53:53 -0500] "GET /BLA/boletinlegal/js/jquery.scrollShow.js HTTP/1.1" 200 4586
66.249.73.163 - - [27/Dec/2014:12:53:57 -0500] "GET /BLA/resoluciones/RESOLUCIONES%202009/7019.pdf HTTP/1.1" 304 -
66.249.65.196 - - [27/Dec/2014:12:54:52 -0500] "GET /StormSDA/userFiles/user_files/90/ HTTP/1.1" 200 817
66.249.73.155 - - [27/Dec/2014:12:54:56 -0500] "GET /BLA/resoluciones/RESOLUCIONES%202009/ HTTP/1.1" 200 2075360
186.84.40.34 - - [27/Dec/2014:12:55:03 -0500] "POST /forms/lservlet;jsessionid=ac16012b30d5f45d3a432e774dcea183dfd7e0dcc671.e3iSbxaKaheRe34Sa3yKbhiTahb0n6jAmljGr5XDqQLvpAe HTTP/1.1" 200 2
186.30.66.14 - - [27/Dec/2014:12:55:07 -0500] "POST /forms/lservlet;jsessionid=ac16012b30d53ea9f84bca5f42a9821692df51710c28.e3iSbxaKaheRe34Sa3yKbhiTahb0n6jAmljGr5XDqQLvpAe HTTP/1.1" 200 56
186.30.66.14 - - [27/Dec/2014:12:55:08 -0500] "POST /forms/lservlet;jsessionid=ac16012b30d53ea9f84bca5f42a9821692df51710c28.e3iSbxaKaheRe34Sa3yKbhiTahb0n6jAmljGr5XDqQLvpAe HTTP/1.1" 200 2
186.30.66.14 - - [27/Dec/2014:12:55:08 -0500] "POST /forms/lservlet;jsessionid=ac16012b30d53ea9f84bca5f42a9821692df51710c28.e3iSbxaKaheRe34Sa3yKbhiTahb0n6jAmljGr5XDqQLvpAe HTTP/1.1" 200 2322
186.30.66.14 - - [27/Dec/2014:12:55:09 -0500] "POST /forms/lservlet;jsessionid=ac16012b30d53ea9f84bca5f42a9821692df51710c28.e3iSbxaKaheRe34Sa3yKbhiTahb0n6jAmljGr5XDqQLvpAe HTTP/1.1" 200 10
186.30.66.14 - - [27/Dec/2014:12:55:18 -0500] "POST /forms/lservlet;jsessionid=ac16012b30d53ea9f84bca5f42a9821692df51710c28.e3iSbxaKaheRe34Sa3yKbhiTahb0n6jAmljGr5XDqQLvpAe HTTP/1.1" 200 26
186.30.66.14 - - [27/Dec/2014:12:55:18 -0500] "POST /forms/lservlet;jsessionid=ac16012b30d53ea9f84bca5f42a9821692df51710c28.e3iSbxaKaheRe34Sa3yKbhiTahb0n6jAmljGr5XDqQLvpAe HTTP/1.1" 200 3691
186.30.66.14 - - [27/Dec/2014:12:55:18 -0500] "POST /forms/lservlet;jsessionid=ac16012b30d53ea9f84bca5f42a9821692df51710c28.e3iSbxaKaheRe34Sa3yKbhiTahb0n6jAmljGr5XDqQLvpAe HTTP/1.1" 200 2
186.145.58.53 - - [27/Dec/2014:12:55:20 -0500] "GET /BLA/boletinlegal/js/jquery.js HTTP/1.1" 200 57254
186.145.58.53 - - [27/Dec/2014:12:55:20 -0500] "GET /BLA/boletinlegal/js/jquery.scrollTo-min.js HTTP/1.1" 200 1150
186.145.58.53 - - [27/Dec/2014:12:55:20 -0500] "GET /galeria/carrusel/Carrusel/jquery.thumbnailScroller.css HTTP/1.1" 200 2066
186.145.58.53 - - [27/Dec/2014:12:55:20 -0500] "GET /galeria/carrusel/Carrusel/jquery-ui-1.8.13.custom.min.js HTTP/1.1" 200 10800
186.145.58.53 - - [27/Dec/2014:12:55:20 -0500] "GET /BLA/boletinlegal/js/jquery.scrollShow.js HTTP/1.1" 200 4586
186.145.58.53 - - [27/Dec/2014:12:55:20 -0500] "GET /galeria/carrusel/Carrusel/jquery.thumbnailScroller.js HTTP/1.1" 200 8157
186.145.58.53 - - [27/Dec/2014:12:55:21 -0500] "GET /galeria/nivo-slider/demo/demo.html HTTP/1.1" 200 3237
186.145.58.53 - - [27/Dec/2014:12:55:21 -0500] "GET /galeria/nivo-slider/themes/default/default.css HTTP/1.1" 200 1569
186.145.58.53 - - [27/Dec/2014:12:55:21 -0500] "GET /galeria/nivo-slider/themes/orman/orman.css HTTP/1.1" 200 2152
186.145.58.53 - - [27/Dec/2014:12:55:21 -0500] "GET /galeria/nivo-slider/themes/pascal/pascal.css HTTP/1.1" 200 2258
186.145.58.53 - - [27/Dec/2014:12:55:21 -0500] "GET /galeria/nivo-slider/nivo-slider.css HTTP/1.1" 200 1507
186.145.58.53 - - [27/Dec/2014:12:55:21 -0500] "GET /galeria/nivo-slider/demo/style.css HTTP/1.1" 200 2222
186.145.58.53 - - [27/Dec/2014:12:55:21 -0500] "GET /galeria/nivo-slider/demo/scripts/jquery-1.7.1.min.js HTTP/1.1" 200 93868
186.145.58.53 - - [27/Dec/2014:12:55:21 -0500] "GET /galeria/nivo-slider/jquery.nivo.slider.pack.js HTTP/1.1" 200 11561
186.145.58.53 - - [27/Dec/2014:12:55:21 -0500] "GET /galeria/nivo-slider/demo/images/4Simple_Slider.png HTTP/1.1" 200 11722
186.145.58.53 - - [27/Dec/2014:12:55:21 -0500] "GET /galeria/nivo-slider/themes/default/loading.gif HTTP/1.1" 200 1737
186.145.58.53 - - [27/Dec/2014:12:55:21 -0500] "GET /galeria/nivo-slider/demo/images/bolsas-08.jpg HTTP/1.1" 200 85589
186.145.58.53 - - [27/Dec/2014:12:55:21 -0500] "GET /galeria/nivo-slider/demo/images/Ruta-vertimientos-01.jpg HTTP/1.1" 200 130151
186.145.58.53 - - [27/Dec/2014:12:55:21 -0500] "GET /galeria/nivo-slider/demo/images/bolsas-06.jpg HTTP/1.1" 200 90982
186.145.58.53 - - [27/Dec/2014:12:55:22 -0500] "GET /galeria/nivo-slider/demo/images/ecolecta-Dic2014.png HTTP/1.1" 200 288593
186.145.58.53 - - [27/Dec/2014:12:55:22 -0500] "GET /galeria/nivo-slider/demo/images/Banner-GAE3.jpg HTTP/1.1" 200 146354
186.145.58.53 - - [27/Dec/2014:12:55:23 -0500] "GET /galeria/nivo-slider/demo/images/porloshumedales.jpg HTTP/1.1" 200 351238
186.145.58.53 - - [27/Dec/2014:12:55:23 -0500] "GET /galeria/nivo-slider/demo/images/Tingua-azul.jpg HTTP/1.1" 200 307638
186.145.58.53 - - [27/Dec/2014:12:55:24 -0500] "GET /galeria/nivo-slider/demo/images/Banner-Caracol-Africano.jpg HTTP/1.1" 200 331986
186.145.58.53 - - [27/Dec/2014:12:55:24 -0500] "GET /galeria/nivo-slider/demo/images/banner-redes.jpg HTTP/1.1" 200 62209
186.145.58.53 - - [27/Dec/2014:12:55:24 -0500] "GET /galeria/nivo-slider/demo/images/9Signos.jpg HTTP/1.1" 200 93040
186.145.58.53 - - [27/Dec/2014:12:55:25 -0500] "GET /galeria/nivo-slider/demo/images/banner-llantas2.jpg HTTP/1.1" 200 73153
186.145.58.53 - - [27/Dec/2014:12:55:25 -0500] "GET /galeria/nivo-slider/demo/images/banner-caballos.png HTTP/1.1" 200 389106
74.86.158.107 - - [27/Dec/2014:12:55:34 -0500] "HEAD / HTTP/1.1" 302 -
186.30.66.14 - - [27/Dec/2014:12:55:47 -0500] "POST /forms/lservlet;jsessionid=ac16012b30d53ea9f84bca5f42a9821692df51710c28.e3iSbxaKaheRe34Sa3yKbhiTahb0n6jAmljGr5XDqQLvpAe HTTP/1.1" 200 2
181.61.48.168 - - [27/Dec/2014:12:55:48 -0500] "GET /BLA/boletinlegal/js/jquery.js HTTP/1.1" 200 57254
181.61.48.168 - - [27/Dec/2014:12:55:48 -0500] "GET /BLA/boletinlegal/js/jquery.scrollShow.js HTTP/1.1" 200 4586
181.61.48.168 - - [27/Dec/2014:12:55:48 -0500] "GET /BLA/boletinlegal/js/jquery.scrollTo-min.js HTTP/1.1" 200 1150
186.30.66.14 - - [27/Dec/2014:12:55:55 -0500] "POST /forms/lservlet;jsessionid=ac16012b30d53ea9f84bca5f42a9821692df51710c28.e3iSbxaKaheRe34Sa3yKbhiTahb0n6jAmljGr5XDqQLvpAe HTTP/1.1" 200 2
186.30.66.14 - - [27/Dec/2014:12:55:56 -0500] "POST /forms/lservlet;jsessionid=ac16012b30d53ea9f84bca5f42a9821692df51710c28.e3iSbxaKaheRe34Sa3yKbhiTahb0n6jAmljGr5XDqQLvpAe HTTP/1.1" 200 14
186.30.66.14 - - [27/Dec/2014:12:55:57 -0500] "POST /forms/lservlet;jsessionid=ac16012b30d53ea9f84bca5f42a9821692df51710c28.e3iSbxaKaheRe34Sa3yKbhiTahb0n6jAmljGr5XDqQLvpAe HTTP/1.1" 200 14
186.30.66.14 - - [27/Dec/2014:12:55:58 -0500] "POST /forms/lservlet;jsessionid=ac16012b30d53ea9f84bca5f42a9821692df51710c28.e3iSbxaKaheRe34Sa3yKbhiTahb0n6jAmljGr5XDqQLvpAe HTTP/1.1" 200 114
186.30.66.14 - - [27/Dec/2014:12:55:58 -0500] "POST /forms/lservlet;jsessionid=ac16012b30d53ea9f84bca5f42a9821692df51710c28.e3iSbxaKaheRe34Sa3yKbhiTahb0n6jAmljGr5XDqQLvpAe HTTP/1.1" 200 2
190.144.47.227 - - [27/Dec/2014:12:56:21 -0500] "GET /BLA/ HTTP/1.1" 200 538
186.30.66.14 - - [27/Dec/2014:12:55:59 -0500] "GET /reports/rwservlet/getjobid338247?server=rep_srvapsda HTTP/1.1" 200 1090069
66.249.65.196 - - [27/Dec/2014:12:56:54 -0500] "GET /ecodirectorio/files/res/other/search.txt HTTP/1.1" 304 -
186.84.40.34 - - [27/Dec/2014:12:57:03 -0500] "POST /forms/lservlet;jsessionid=ac16012b30d5f45d3a432e774dcea183dfd7e0dcc671.e3iSbxaKaheRe34Sa3yKbhiTahb0n6jAmljGr5XDqQLvpAe HTTP/1.1" 200 2
190.144.47.227 - - [27/Dec/2014:12:56:23 -0500] "GET /BLA/boletinlegal/index.php HTTP/1.1" 200 47318
190.144.47.227 - - [27/Dec/2014:12:57:03 -0500] "GET /BLA/boletinlegal/style.css HTTP/1.1" 200 9406
190.144.47.227 - - [27/Dec/2014:12:57:03 -0500] "GET /BLA/boletinlegal/styles2.css HTTP/1.1" 200 1838
190.144.47.227 - - [27/Dec/2014:12:57:03 -0500] "GET /BLA/boletinlegal/images/cabezote%20BLEGAL.jpg HTTP/1.1" 200 118164
190.144.47.227 - - [27/Dec/2014:12:57:03 -0500] "GET /BLA/boletinlegal/images/arr_l.jpg HTTP/1.1" 200 1979
190.144.47.227 - - [27/Dec/2014:12:57:03 -0500] "GET /BLA/boletinlegal/images/screen_1.png HTTP/1.1" 200 202547
190.144.47.227 - - [27/Dec/2014:12:57:03 -0500] "GET /BLA/boletinlegal/images/nuevo.gif HTTP/1.1" 200 26475
190.144.47.227 - - [27/Dec/2014:12:57:03 -0500] "GET /BLA/boletinlegal/images/subscribe-icon-big.png HTTP/1.1" 200 47702
190.144.47.227 - - [27/Dec/2014:12:57:03 -0500] "GET /BLA/boletinlegal/images/historia.png HTTP/1.1" 200 52775
190.144.47.227 - - [27/Dec/2014:12:57:04 -0500] "GET /BLA/boletinlegal/images/body_bg.jpg HTTP/1.1" 200 1601
190.144.47.227 - - [27/Dec/2014:12:57:04 -0500] "GET /BLA/boletinlegal/images/menu_lft.gif HTTP/1.1" 200 1713
190.144.47.227 - - [27/Dec/2014:12:57:04 -0500] "GET /BLA/boletinlegal/images/menu_rght.gif HTTP/1.1" 200 1627
190.144.47.227 - - [27/Dec/2014:12:57:04 -0500] "GET /BLA/boletinlegal/images/bg_top.jpg HTTP/1.1" 200 522
190.144.47.227 - - [27/Dec/2014:12:57:04 -0500] "GET /BLA/boletinlegal/images/screen_3.png HTTP/1.1" 200 211853
190.144.47.227 - - [27/Dec/2014:12:57:04 -0500] "GET /BLA/boletinlegal/images/menu_bg.jpg HTTP/1.1" 200 620
190.144.47.227 - - [27/Dec/2014:12:57:04 -0500] "GET /BLA/boletinlegal/images/screen_2.png HTTP/1.1" 200 362502
190.144.47.227 - - [27/Dec/2014:12:57:04 -0500] "GET /BLA/boletinlegal/images/text.jpg HTTP/1.1" 200 568
190.144.47.227 - - [27/Dec/2014:12:57:04 -0500] "GET /BLA/boletinlegal/images/screen_5.png HTTP/1.1" 200 368876
190.144.47.227 - - [27/Dec/2014:12:57:04 -0500] "GET /BLA/boletinlegal/images/arr_r.jpg HTTP/1.1" 200 1998
190.144.47.227 - - [27/Dec/2014:12:57:04 -0500] "GET /BLA/boletinlegal/images/hover.jpg HTTP/1.1" 200 640
190.144.47.227 - - [27/Dec/2014:12:57:04 -0500] "GET /BLA/boletinlegal/images/launch.jpg HTTP/1.1" 200 14577
190.144.47.227 - - [27/Dec/2014:12:57:04 -0500] "GET /BLA/boletinlegal/images/pdf.gif HTTP/1.1" 200 567
190.144.47.227 - - [27/Dec/2014:12:57:04 -0500] "GET /BLA/boletinlegal/images/footer_bg.jpg HTTP/1.1" 200 586
190.144.47.227 - - [27/Dec/2014:12:57:05 -0500] "GET /favicon.ico HTTP/1.1" 200 7782
66.249.73.171 - - [27/Dec/2014:12:57:15 -0500] "GET /BLA/resoluciones/RESOLUCIONES%202005/RES%202005%20%201701-1750/00001715.tif HTTP/1.1" 200 36198
152.61.128.66 - - [27/Dec/2014:12:57:39 -0500] "HEAD / HTTP/1.1" 302 -
152.61.128.66 - - [27/Dec/2014:12:57:39 -0500] "GET /arcgis/services/Calidad_del_Agua_WQI/MapServer/WMSServer?request=GetCapabilities&service=WMS HTTP/1.1" 200 32135
152.61.128.66 - - [27/Dec/2014:12:57:40 -0500] "GET /arcgis/services/Calidad_del_Agua_WQI/MapServer/WMSServer?request=GetCapabilities&service=WMS HTTP/1.0" 200 32135
152.61.128.66 - - [27/Dec/2014:12:57:41 -0500] "GET /arcgis/services/Calidad_del_Agua_WQI/MapServer/WMSServer?request=GetCapabilities&service=WMS HTTP/1.0" 200 32135
152.61.128.66 - - [27/Dec/2014:12:57:42 -0500] "GET /arcgis/services/Calidad_del_Agua_WQI/MapServer/WMSServer?request=GetCapabilities&service=WMS HTTP/1.0" 200 32135
152.61.128.66 - - [27/Dec/2014:12:57:44 -0500] "GET /arcgis/services/Calidad_del_Agua_WQI/MapServer/WMSServer?VERSION=1.1.1&REQUEST=GetMap&LAYERS=0&SRS=EPSG:4326&BBOX=-74.473395,3.674381,-73.963300,4.920569&WIDTH=250&HEIGHT=250&FORMAT=image/bmp&STYLES=& HTTP/1.1" 200 188054
186.30.66.14 - - [27/Dec/2014:12:57:48 -0500] "POST /forms/lservlet;jsessionid=ac16012b30d53ea9f84bca5f42a9821692df51710c28.e3iSbxaKaheRe34Sa3yKbhiTahb0n6jAmljGr5XDqQLvpAe HTTP/1.1" 200 2
66.249.65.188 - - [27/Dec/2014:12:57:52 -0500] "GET /Autoliquidacion/index.php?dir=TR%C1MITES+VERTIMIENTOS%2F HTTP/1.1" 200 2471
200.25.16.66 - - [27/Dec/2014:12:57:55 -0500] "GET /galeria/nivo-slider/demo/demo.html HTTP/1.1" 200 3237
152.61.128.66 - - [27/Dec/2014:12:57:56 -0500] "HEAD / HTTP/1.1" 302 -
200.25.16.66 - - [27/Dec/2014:12:57:56 -0500] "GET /galeria/nivo-slider/demo/images/bolsas-08.jpg HTTP/1.1" 200 85589
200.25.16.66 - - [27/Dec/2014:12:57:56 -0500] "GET /galeria/nivo-slider/demo/images/Ruta-vertimientos-01.jpg HTTP/1.1" 200 130151
200.25.16.66 - - [27/Dec/2014:12:57:56 -0500] "GET /galeria/nivo-slider/demo/images/bolsas-06.jpg HTTP/1.1" 200 90982
200.25.16.66 - - [27/Dec/2014:12:57:56 -0500] "GET /galeria/nivo-slider/demo/images/ecolecta-Dic2014.png HTTP/1.1" 206 1
200.25.16.66 - - [27/Dec/2014:12:57:56 -0500] "GET /galeria/nivo-slider/demo/images/ecolecta-Dic2014.png HTTP/1.1" 206 236206
200.25.16.66 - - [27/Dec/2014:12:57:56 -0500] "GET /galeria/nivo-slider/demo/images/Banner-GAE3.jpg HTTP/1.1" 200 146354
152.61.128.66 - - [27/Dec/2014:12:57:56 -0500] "GET /arcgis/services/Calidad_del_Agua_WQI/MapServer/WMSServer?SERVICE=WMS&REQUEST=GetCapabilities HTTP/1.1" 200 32135
152.61.128.66 - - [27/Dec/2014:12:57:57 -0500] "GET /arcgis/services/Calidad_del_Agua_WQI/MapServer/WMSServer?SERVICE=WMS&REQUEST=GetCapabilities HTTP/1.0" 200 32135
200.25.16.66 - - [27/Dec/2014:12:57:58 -0500] "GET /galeria/nivo-slider/demo/images/Tingua-azul.jpg HTTP/1.1" 200 307638
152.61.128.66 - - [27/Dec/2014:12:57:58 -0500] "GET /arcgis/services/Calidad_del_Agua_WQI/MapServer/WMSServer?SERVICE=WMS&REQUEST=GetCapabilities HTTP/1.0" 200 32135
152.61.128.66 - - [27/Dec/2014:12:57:59 -0500] "GET /arcgis/services/Calidad_del_Agua_WQI/MapServer/WMSServer?SERVICE=WMS&REQUEST=GetCapabilities HTTP/1.0" 200 32135
200.25.16.66 - - [27/Dec/2014:12:58:00 -0500] "GET /galeria/nivo-slider/demo/images/Banner-Caracol-Africano.jpg HTTP/1.1" 200 331986
200.25.16.66 - - [27/Dec/2014:12:58:00 -0500] "GET /galeria/nivo-slider/demo/images/porloshumedales.jpg HTTP/1.1" 200 351238
152.61.128.66 - - [27/Dec/2014:12:58:00 -0500] "GET /arcgis/services/Calidad_del_Agua_WQI/MapServer/WMSServer?VERSION=1.1.1&REQUEST=GetMap&LAYERS=0&SRS=EPSG:4326&BBOX=-74.473395,3.674381,-73.963300,4.920569&WIDTH=250&HEIGHT=250&FORMAT=image/bmp&STYLES=& HTTP/1.1" 200 188054
200.25.16.66 - - [27/Dec/2014:12:58:04 -0500] "GET /galeria/nivo-slider/demo/images/banner-redes.jpg HTTP/1.1" 200 62209
200.25.16.66 - - [27/Dec/2014:12:58:06 -0500] "GET /galeria/nivo-slider/demo/images/9Signos.jpg HTTP/1.1" 200 93040
200.25.16.66 - - [27/Dec/2014:12:58:09 -0500] "GET /galeria/nivo-slider/demo/images/banner-llantas2.jpg HTTP/1.1" 200 73153
200.25.16.66 - - [27/Dec/2014:12:58:09 -0500] "GET /galeria/nivo-slider/demo/images/banner-caballos.png HTTP/1.1" 200 389106
200.25.16.66 - - [27/Dec/2014:12:58:12 -0500] "GET /galeria/nivo-slider/demo/scripts/jquery-1.7.1.min.js HTTP/1.1" 200 93868
200.25.16.66 - - [27/Dec/2014:12:58:12 -0500] "GET /galeria/nivo-slider/jquery.nivo.slider.pack.js HTTP/1.1" 200 11561
186.29.107.118 - - [27/Dec/2014:12:58:13 -0500] "POST /forms/lservlet;jsessionid=ac16012b30d564c7666bfd894cd99c38e674625679a3.e3iSbxaKaheRe34Sa3yKbhiTahb0n6jAmljGr5XDqQLvpAe HTTP/1.1" 200 2
66.249.73.171 - - [27/Dec/2014:12:58:54 -0500] "GET /Anexos%20estudio%20Organizacional%20SDA/index.php?dir=ANEXO+No.+9+-+RES%DAMENES+DE+LA+MEDICI%D3N+DE+CARGAS+LABORALES+SDA%2F HTTP/1.1" 200 2460
186.84.40.34 - - [27/Dec/2014:12:59:03 -0500] "POST /forms/lservlet;jsessionid=ac16012b30d5f45d3a432e774dcea183dfd7e0dcc671.e3iSbxaKaheRe34Sa3yKbhiTahb0n6jAmljGr5XDqQLvpAe HTTP/1.1" 200 2
180.76.6.154 - - [27/Dec/2014:12:59:22 -0500] "GET /BLA/resoluciones/RESOLUCIONES%202010/3156.pdf HTTP/1.1" 200 354994
186.30.66.14 - - [27/Dec/2014:12:59:51 -0500] "POST /forms/lservlet;jsessionid=ac16012b30d53ea9f84bca5f42a9821692df51710c28.e3iSbxaKaheRe34Sa3yKbhiTahb0n6jAmljGr5XDqQLvpAe HTTP/1.1" 200 2
186.29.107.118 - - [27/Dec/2014:13:00:13 -0500] "POST /forms/lservlet;jsessionid=ac16012b30d564c7666bfd894cd99c38e674625679a3.e3iSbxaKaheRe34Sa3yKbhiTahb0n6jAmljGr5XDqQLvpAe HTTP/1.1" 200 2
74.86.158.107 - - [27/Dec/2014:13:00:34 -0500] "HEAD / HTTP/1.1" 302 -
66.249.73.163 - - [27/Dec/2014:13:00:50 -0500] "GET /BLA/resoluciones/index.php?dir=RESOLUCIONES%202003/RES%202003%201201-1250/&sort=date&order=asc HTTP/1.1" 200 12626
180.76.6.139 - - [27/Dec/2014:13:00:55 -0500] "GET /BLA/resoluciones/RESOLUCIONES%202007/RES%202007%203301%20AL%203400/RESOLUCION%203387%20DE%202007.pdf HTTP/1.1" 200 588817
66.249.73.171 - - [27/Dec/2014:13:00:55 -0500] "GET /BLA/resoluciones/RESOLUCIONES%202005/RES%202005%20%201701-1750/00001714.tif HTTP/1.1" 200 179738
186.84.40.34 - - [27/Dec/2014:13:01:03 -0500] "POST /forms/lservlet;jsessionid=ac16012b30d5f45d3a432e774dcea183dfd7e0dcc671.e3iSbxaKaheRe34Sa3yKbhiTahb0n6jAmljGr5XDqQLvpAe HTTP/1.1" 200 2
190.144.47.227 - - [27/Dec/2014:13:01:12 -0500] "GET /BLA/boletinlegal/actos.php HTTP/1.1" 200 7534
190.144.47.227 - - [27/Dec/2014:13:01:12 -0500] "GET /BLA/boletinlegal/niceforms.js HTTP/1.1" 200 22876
190.144.47.227 - - [27/Dec/2014:13:01:12 -0500] "GET /BLA/boletinlegal/js/ajax_actos.js HTTP/1.1" 200 1322
190.144.47.227 - - [27/Dec/2014:13:01:12 -0500] "GET /BLA/boletinlegal/js/popup.js HTTP/1.1" 200 1270
190.144.47.227 - - [27/Dec/2014:13:01:12 -0500] "GET /BLA/boletinlegal/niceforms-default.css HTTP/1.1" 200 6694
190.144.47.227 - - [27/Dec/2014:13:01:12 -0500] "GET /BLA/boletinlegal/js/lib.js HTTP/1.1" 200 6474
190.144.47.227 - - [27/Dec/2014:13:01:12 -0500] "GET /BLA/boletinlegal/js/jquery1.js HTTP/1.1" 200 29846
190.144.47.227 - - [27/Dec/2014:13:01:12 -0500] "GET /BLA/boletinlegal/images/green-yellow-blue-pink-th.png HTTP/1.1" 200 7394
190.144.47.227 - - [27/Dec/2014:13:01:12 -0500] "GET /BLA/boletinlegal/images/footer_bg_l.jpg HTTP/1.1" 200 776
190.144.47.227 - - [27/Dec/2014:13:01:12 -0500] "GET /BLA/boletinlegal/images/abajo.png HTTP/1.1" 200 96676
190.144.47.227 - - [27/Dec/2014:13:01:12 -0500] "GET /BLA/boletinlegal/img/0.png HTTP/1.1" 200 110
190.144.47.227 - - [27/Dec/2014:13:01:12 -0500] "GET /BLA/boletinlegal/img/button-right.png HTTP/1.1" 200 57878
190.144.47.227 - - [27/Dec/2014:13:01:12 -0500] "GET /BLA/boletinlegal/img/button.png HTTP/1.1" 200 43241
190.144.47.227 - - [27/Dec/2014:13:01:12 -0500] "GET /BLA/boletinlegal/img/select-left.png HTTP/1.1" 200 263
190.144.47.227 - - [27/Dec/2014:13:01:12 -0500] "GET /BLA/boletinlegal/img/button-left.png HTTP/1.1" 200 57071
190.144.47.227 - - [27/Dec/2014:13:01:12 -0500] "GET /BLA/boletinlegal/img/select-right.png HTTP/1.1" 200 44019
190.144.47.227 - - [27/Dec/2014:13:01:33 -0500] "GET /BLA/boletinlegal/consulta_actos.php?tipo=autos&no=&usuario=&sector=&fecha=2014&resuelve=ecocapital HTTP/1.1" 200 623
190.144.47.227 - - [27/Dec/2014:13:01:37 -0500] "GET /BLA/boletinlegal/consulta_actos.php?tipo=autos&no=&usuario=&sector=&fecha=2014&resuelve=ecocapital HTTP/1.1" 200 623
66.249.65.192 - - [27/Dec/2014:13:01:48 -0500] "GET /BLA/boletinlegal/Directivas/2013/Directiva%20No.%202%20del%2004%20de%20Abril%20de%202013.pdf HTTP/1.1" 200 1182671
186.30.66.14 - - [27/Dec/2014:13:01:51 -0500] "POST /forms/lservlet;jsessionid=ac16012b30d53ea9f84bca5f42a9821692df51710c28.e3iSbxaKaheRe34Sa3yKbhiTahb0n6jAmljGr5XDqQLvpAe HTTP/1.1" 200 2
190.144.47.227 - - [27/Dec/2014:13:01:56 -0500] "GET /BLA/boletinlegal/consulta_actos.php?tipo=autos&no=&usuario=&sector=&fecha=2013&resuelve=ecocapital HTTP/1.1" 200 623
190.144.47.227 - - [27/Dec/2014:13:02:00 -0500] "GET /BLA/boletinlegal/consulta_actos.php?tipo=autos&no=&usuario=&sector=&fecha=2013&resuelve=ecocapital HTTP/1.1" 200 623
190.144.47.227 - - [27/Dec/2014:13:02:01 -0500] "GET /BLA/boletinlegal/consulta_actos.php?tipo=autos&no=&usuario=&sector=&fecha=2013&resuelve=ecocapital HTTP/1.1" 200 623
190.144.47.227 - - [27/Dec/2014:13:02:02 -0500] "GET /BLA/boletinlegal/consulta_actos.php?tipo=autos&no=&usuario=&sector=&fecha=2013&resuelve=ecocapital HTTP/1.1" 200 623
190.144.47.227 - - [27/Dec/2014:13:02:02 -0500] "GET /BLA/boletinlegal/consulta_actos.php?tipo=autos&no=&usuario=&sector=&fecha=2013&resuelve=ecocapital HTTP/1.1" 200 623
190.144.47.227 - - [27/Dec/2014:13:02:02 -0500] "GET /BLA/boletinlegal/consulta_actos.php?tipo=autos&no=&usuario=&sector=&fecha=2013&resuelve=ecocapital HTTP/1.1" 200 623
190.144.47.227 - - [27/Dec/2014:13:02:02 -0500] "GET /BLA/boletinlegal/consulta_actos.php?tipo=autos&no=&usuario=&sector=&fecha=2013&resuelve=ecocapital HTTP/1.1" 200 623
190.144.47.227 - - [27/Dec/2014:13:02:10 -0500] "GET /BLA/boletinlegal/consulta_actos.php?tipo=autos&no=&usuario=ecocapital&sector=&fecha=2013&resuelve=ecocapital HTTP/1.1" 200 623
190.144.47.227 - - [27/Dec/2014:13:02:12 -0500] "GET /BLA/boletinlegal/consulta_actos.php?tipo=autos&no=&usuario=ecocapital&sector=&fecha=2013&resuelve=ecocapital HTTP/1.1" 200 623
190.144.47.227 - - [27/Dec/2014:13:02:12 -0500] "GET /BLA/boletinlegal/consulta_actos.php?tipo=autos&no=&usuario=ecocapital&sector=&fecha=2013&resuelve=ecocapital HTTP/1.1" 200 623
190.144.47.227 - - [27/Dec/2014:13:02:12 -0500] "GET /BLA/boletinlegal/consulta_actos.php?tipo=autos&no=&usuario=ecocapital&sector=&fecha=2013&resuelve=ecocapital HTTP/1.1" 200 623
186.29.107.118 - - [27/Dec/2014:13:02:13 -0500] "POST /forms/lservlet;jsessionid=ac16012b30d564c7666bfd894cd99c38e674625679a3.e3iSbxaKaheRe34Sa3yKbhiTahb0n6jAmljGr5XDqQLvpAe HTTP/1.1" 200 2
186.84.40.34 - - [27/Dec/2014:13:03:03 -0500] "POST /forms/lservlet;jsessionid=ac16012b30d5f45d3a432e774dcea183dfd7e0dcc671.e3iSbxaKaheRe34Sa3yKbhiTahb0n6jAmljGr5XDqQLvpAe HTTP/1.1" 200 2
180.76.6.46 - - [27/Dec/2014:13:03:03 -0500] "GET /BLA/resoluciones/RESOLUCIONES%202007/RES%202007%203301%20AL%203400/RESOLUCION%203345%20DE%202007.pdf HTTP/1.1" 200 730183
190.144.47.227 - - [27/Dec/2014:13:03:14 -0500] "GET /BLA/boletinlegal/norma_menu.php HTTP/1.1" 200 5286
190.144.47.227 - - [27/Dec/2014:13:03:15 -0500] "GET /BLA/boletinlegal/swfobject.js HTTP/1.1" 200 9763
190.144.47.227 - - [27/Dec/2014:13:03:15 -0500] "GET /BLA/boletinlegal/js/ajax.js HTTP/1.1" 200 772
190.144.47.227 - - [27/Dec/2014:13:03:15 -0500] "GET /BLA/boletinlegal/images/signo-mas.gif HTTP/1.1" 200 13689
190.144.47.227 - - [27/Dec/2014:13:03:15 -0500] "GET /BLA/boletinlegal/images/signo-menos.gif HTTP/1.1" 200 13454
190.144.47.227 - - [27/Dec/2014:13:03:15 -0500] "GET /BLA/boletinlegal/images/img_3.jpg HTTP/1.1" 200 1841
190.144.47.227 - - [27/Dec/2014:13:03:15 -0500] "GET /BLA/boletinlegal/carousel.swf HTTP/1.1" 200 63487
190.144.47.227 - - [27/Dec/2014:13:03:15 -0500] "GET /BLA/boletinlegal/settings.xml HTTP/1.1" 200 2059
190.144.47.227 - - [27/Dec/2014:13:03:15 -0500] "GET /BLA/boletinlegal/images.xml HTTP/1.1" 200 3941
190.144.47.227 - - [27/Dec/2014:13:03:15 -0500] "GET /BLA/boletinlegal/images/rui.png HTTP/1.1" 200 469106
190.144.47.227 - - [27/Dec/2014:13:03:15 -0500] "GET /BLA/boletinlegal/images/hidro.png HTTP/1.1" 200 517362
190.144.47.227 - - [27/Dec/2014:13:03:15 -0500] "GET /BLA/boletinlegal/images/pev.png HTTP/1.1" 200 404876
190.144.47.227 - - [27/Dec/2014:13:03:15 -0500] "GET /BLA/boletinlegal/images/flor.png HTTP/1.1" 200 587454
190.144.47.227 - - [27/Dec/2014:13:03:15 -0500] "GET /BLA/boletinlegal/images/faun.png HTTP/1.1" 200 613440
190.144.47.227 - - [27/Dec/2014:13:03:15 -0500] "GET /BLA/boletinlegal/images/emis.png HTTP/1.1" 200 448203
190.144.47.227 - - [27/Dec/2014:13:03:17 -0500] "GET /BLA/boletinlegal/images/silvi.png HTTP/1.1" 200 588511
190.144.47.227 - - [27/Dec/2014:13:03:17 -0500] "GET /BLA/boletinlegal/images/hume.png HTTP/1.1" 200 481651
190.144.47.227 - - [27/Dec/2014:13:03:18 -0500] "GET /BLA/boletinlegal/images/vert.png HTTP/1.1" 200 485866
190.144.47.227 - - [27/Dec/2014:13:03:18 -0500] "GET /BLA/boletinlegal/images/resi.png HTTP/1.1" 200 556571
190.144.47.227 - - [27/Dec/2014:13:03:19 -0500] "GET /BLA/boletinlegal/images/lice.png HTTP/1.1" 200 487297
190.144.47.227 - - [27/Dec/2014:13:03:19 -0500] "GET /BLA/boletinlegal/images/pma.png HTTP/1.1" 200 530205
190.144.47.227 - - [27/Dec/2014:13:03:20 -0500] "GET /BLA/boletinlegal/images/cons.png HTTP/1.1" 200 545034
190.144.47.227 - - [27/Dec/2014:13:03:20 -0500] "GET /BLA/boletinlegal/images/comp-estr.png HTTP/1.1" 200 644020
190.144.47.227 - - [27/Dec/2014:13:03:20 -0500] "GET /BLA/boletinlegal/images/bla.png HTTP/1.1" 200 113997
190.144.47.227 - - [27/Dec/2014:13:03:31 -0500] "GET /BLA/boletinlegal/consulta.php?menu=residuos HTTP/1.1" 200 18647
190.144.47.227 - - [27/Dec/2014:13:03:31 -0500] "GET /BLA/boletinlegal/images/background.gif HTTP/1.1" 200 -
190.144.47.227 - - [27/Dec/2014:13:03:31 -0500] "GET /BLA/boletinlegal/images/docs.png HTTP/1.1" 200 10288
190.144.47.227 - - [27/Dec/2014:13:03:38 -0500] "GET /BLA/boletinlegal/consulta.php?menu=residuos HTTP/1.1" 200 18647
190.144.47.227 - - [27/Dec/2014:13:03:43 -0500] "GET /BLA/boletinlegal/consulta.php?menu=residuos HTTP/1.1" 200 18647
190.144.47.227 - - [27/Dec/2014:13:03:45 -0500] "GET /BLA/boletinlegal/consulta.php?menu=residuos HTTP/1.1" 200 18647
190.144.47.227 - - [27/Dec/2014:13:03:45 -0500] "GET /BLA/boletinlegal/consulta.php?menu=residuos HTTP/1.1" 200 18647
186.30.66.14 - - [27/Dec/2014:13:03:51 -0500] "POST /forms/lservlet;jsessionid=ac16012b30d53ea9f84bca5f42a9821692df51710c28.e3iSbxaKaheRe34Sa3yKbhiTahb0n6jAmljGr5XDqQLvpAe HTTP/1.1" 200 2
180.76.5.191 - - [27/Dec/2014:13:03:53 -0500] "GET /BLA/resoluciones/RESOLUCIONES%202010/2586.pdf HTTP/1.1" 200 756771
190.144.47.227 - - [27/Dec/2014:13:04:04 -0500] "GET /BLA/boletinlegal/consulta.php?menu=licencia HTTP/1.1" 200 5406
190.144.47.227 - - [27/Dec/2014:13:04:08 -0500] "GET /BLA/boletinlegal/consulta.php?ordenar=mas HTTP/1.1" 200 180668
186.29.107.118 - - [27/Dec/2014:13:04:13 -0500] "POST /forms/lservlet;jsessionid=ac16012b30d564c7666bfd894cd99c38e674625679a3.e3iSbxaKaheRe34Sa3yKbhiTahb0n6jAmljGr5XDqQLvpAe HTTP/1.1" 200 2
190.144.47.227 - - [27/Dec/2014:13:04:29 -0500] "GET /BLA/boletinlegal/consulta.php?menu=residuos HTTP/1.1" 200 18647
66.249.73.155 - - [27/Dec/2014:13:04:32 -0500] "GET /BLA/resoluciones/RESOLUCIONES%202005/RES%202005%20%201701-1750/00001719.tif HTTP/1.1" 200 75020
190.144.47.227 - - [27/Dec/2014:13:04:41 -0500] "GET /BLA/boletinlegal/normativa.php HTTP/1.1" 200 6978
190.144.47.227 - - [27/Dec/2014:13:04:41 -0500] "GET /BLA/boletinlegal/js/ajax_normativa.js HTTP/1.1" 200 1154
180.76.6.146 - - [27/Dec/2014:13:04:43 -0500] "GET /BLA/resoluciones/RESOLUCIONES%202007/RES%202007%20201%20AL%20300/RESOLUCION%200279%20DE%202007.pdf HTTP/1.1" 200 158805
186.84.40.34 - - [27/Dec/2014:13:05:03 -0500] "POST /forms/lservlet;jsessionid=ac16012b30d5f45d3a432e774dcea183dfd7e0dcc671.e3iSbxaKaheRe34Sa3yKbhiTahb0n6jAmljGr5XDqQLvpAe HTTP/1.1" 200 2
190.144.47.227 - - [27/Dec/2014:13:05:07 -0500] "GET /BLA/boletinlegal/consulta_normativa.php?tipo=&sector=residuos&ano=&resuelve= HTTP/1.1" 200 18639
74.86.158.107 - - [27/Dec/2014:13:05:34 -0500] "HEAD / HTTP/1.1" 302 -
186.30.66.14 - - [27/Dec/2014:13:05:51 -0500] "POST /forms/lservlet;jsessionid=ac16012b30d53ea9f84bca5f42a9821692df51710c28.e3iSbxaKaheRe34Sa3yKbhiTahb0n6jAmljGr5XDqQLvpAe HTTP/1.1" 200 2
66.249.73.155 - - [27/Dec/2014:13:06:11 -0500] "GET /BLA/resoluciones/RESOLUCIONES%202002/RES%202002%201001-1050/2002RES1004.tif HTTP/1.1" 200 233982
186.29.107.118 - - [27/Dec/2014:13:06:13 -0500] "POST /forms/lservlet;jsessionid=ac16012b30d564c7666bfd894cd99c38e674625679a3.e3iSbxaKaheRe34Sa3yKbhiTahb0n6jAmljGr5XDqQLvpAe HTTP/1.1" 200 2
180.76.6.47 - - [27/Dec/2014:13:06:23 -0500] "GET /BLA/resoluciones/RESOLUCIONES%202007/RES%202007%203601%20AL%203700/RESOLUCION%203602%20DE%202007.pdf HTTP/1.1" 200 1333499
186.84.40.34 - - [27/Dec/2014:13:07:03 -0500] "POST /forms/lservlet;jsessionid=ac16012b30d5f45d3a432e774dcea183dfd7e0dcc671.e3iSbxaKaheRe34Sa3yKbhiTahb0n6jAmljGr5XDqQLvpAe HTTP/1.1" 200 2
190.144.47.227 - - [27/Dec/2014:13:07:04 -0500] "GET /BLA/boletinlegal/consulta_normativa.php?tipo=&sector=emisiones&ano=&resuelve= HTTP/1.1" 200 15030
190.144.47.227 - - [27/Dec/2014:13:07:19 -0500] "GET /BLA/resoluciones/RESOLUCIONES%202014/1220.pdf HTTP/1.1" 200 406941
190.144.47.227 - - [27/Dec/2014:13:07:20 -0500] "GET /BLA/resoluciones/RESOLUCIONES%202014/1220.pdf HTTP/1.1" 206 32768
190.144.47.227 - - [27/Dec/2014:13:07:20 -0500] "GET /BLA/resoluciones/RESOLUCIONES%202014/1220.pdf HTTP/1.1" 206 374173
66.249.73.155 - - [27/Dec/2014:13:07:38 -0500] "GET /BLA/resoluciones/RESOLUCIONES%202009/7372.pdf HTTP/1.1" 200 887803
186.30.66.14 - - [27/Dec/2014:13:07:51 -0500] "POST /forms/lservlet;jsessionid=ac16012b30d53ea9f84bca5f42a9821692df51710c28.e3iSbxaKaheRe34Sa3yKbhiTahb0n6jAmljGr5XDqQLvpAe HTTP/1.1" 200 2
179.12.247.44 - - [27/Dec/2014:13:07:54 -0500] "GET /BLA/boletinlegal/js/jquery.js HTTP/1.1" 200 57254
179.12.247.44 - - [27/Dec/2014:13:07:54 -0500] "GET /BLA/boletinlegal/js/jquery.scrollTo-min.js HTTP/1.1" 200 1150
179.12.247.44 - - [27/Dec/2014:13:07:55 -0500] "GET /BLA/boletinlegal/js/jquery.scrollShow.js HTTP/1.1" 200 4586
100.43.85.25 - - [27/Dec/2014:13:08:11 -0500] "GET /PruebasSTORM/StormSDA_pruebas/storm_silv/XMLFormula.jar HTTP/1.1" 200 13763
186.29.107.118 - - [27/Dec/2014:13:08:13 -0500] "POST /forms/lservlet;jsessionid=ac16012b30d564c7666bfd894cd99c38e674625679a3.e3iSbxaKaheRe34Sa3yKbhiTahb0n6jAmljGr5XDqQLvpAe HTTP/1.1" 200 2
66.249.73.171 - - [27/Dec/2014:13:08:14 -0500] "GET /BLA/resoluciones/RESOLUCIONES%202005/RES%202005%20%201701-1750/00001710.tif HTTP/1.1" 200 254716
201.245.192.253 - - [27/Dec/2014:13:08:34 -0500] "GET /galeria/nivo-slider/demo/demo.html HTTP/1.1" 304 -
201.245.192.253 - - [27/Dec/2014:13:08:34 -0500] "GET /galeria/nivo-slider/demo/images/Ruta-vertimientos-01.jpg HTTP/1.1" 304 -
201.245.192.253 - - [27/Dec/2014:13:08:34 -0500] "GET /galeria/nivo-slider/demo/images/bolsas-08.jpg HTTP/1.1" 304 -
201.245.192.253 - - [27/Dec/2014:13:08:34 -0500] "GET /galeria/nivo-slider/demo/images/bolsas-06.jpg HTTP/1.1" 304 -
186.84.40.34 - - [27/Dec/2014:13:09:03 -0500] "POST /forms/lservlet;jsessionid=ac16012b30d5f45d3a432e774dcea183dfd7e0dcc671.e3iSbxaKaheRe34Sa3yKbhiTahb0n6jAmljGr5XDqQLvpAe HTTP/1.1" 200 2
186.30.66.14 - - [27/Dec/2014:13:09:51 -0500] "POST /forms/lservlet;jsessionid=ac16012b30d53ea9f84bca5f42a9821692df51710c28.e3iSbxaKaheRe34Sa3yKbhiTahb0n6jAmljGr5XDqQLvpAe HTTP/1.1" 200 2
186.29.107.118 - - [27/Dec/2014:13:10:13 -0500] "POST /forms/lservlet;jsessionid=ac16012b30d564c7666bfd894cd99c38e674625679a3.e3iSbxaKaheRe34Sa3yKbhiTahb0n6jAmljGr5XDqQLvpAe HTTP/1.1" 200 2
66.249.73.171 - - [27/Dec/2014:13:10:28 -0500] "GET /BLA/resoluciones/Autos%202008/0078.pdf HTTP/1.1" 200 78641
74.86.158.107 - - [27/Dec/2014:13:10:34 -0500] "HEAD / HTTP/1.1" 302 -
186.84.40.34 - - [27/Dec/2014:13:11:03 -0500] "POST /forms/lservlet;jsessionid=ac16012b30d5f45d3a432e774dcea183dfd7e0dcc671.e3iSbxaKaheRe34Sa3yKbhiTahb0n6jAmljGr5XDqQLvpAe HTTP/1.1" 200 2
180.76.6.65 - - [27/Dec/2014:13:11:25 -0500] "GET /BLA/resoluciones/RESOLUCIONES%202007/RES%202007%203301%20AL%203400/RESOLUCION%203320%20DE%202007.pdf HTTP/1.1" 200 825836
201.245.238.235 - - [27/Dec/2014:13:11:36 -0500] "GET /BLA/resoluciones/RESOLUCIONES%202013/0812.pdf HTTP/1.1" 200 628268
201.245.238.235 - - [27/Dec/2014:13:11:39 -0500] "GET /favicon.ico HTTP/1.1" 200 7782
186.30.66.14 - - [27/Dec/2014:13:11:51 -0500] "POST /forms/lservlet;jsessionid=ac16012b30d53ea9f84bca5f42a9821692df51710c28.e3iSbxaKaheRe34Sa3yKbhiTahb0n6jAmljGr5XDqQLvpAe HTTP/1.1" 200 2
66.249.73.155 - - [27/Dec/2014:13:11:56 -0500] "GET /BLA/resoluciones/RESOLUCIONES%202005/RES%202005%20%201701-1750/00001718.tif HTTP/1.1" 200 37010
181.131.48.161 - - [27/Dec/2014:13:12:11 -0500] "GET /BLA/resoluciones/RESOLUCIONES%202009/1803.pdf HTTP/1.1" 200 613104
66.249.73.171 - - [27/Dec/2014:13:12:11 -0500] "GET /BLA/resoluciones/index.php?dir=RESOLUCIONES%202003/RES%202003%201201-1250/&sort=date&order=desc HTTP/1.1" 200 12625
181.131.48.161 - - [27/Dec/2014:13:12:11 -0500] "GET /BLA/resoluciones/RESOLUCIONES%202009/1803.pdf HTTP/1.1" 206 32768
181.131.48.161 - - [27/Dec/2014:13:12:12 -0500] "GET /BLA/resoluciones/RESOLUCIONES%202009/1803.pdf HTTP/1.1" 206 580336
186.29.107.118 - - [27/Dec/2014:13:12:13 -0500] "POST /forms/lservlet;jsessionid=ac16012b30d564c7666bfd894cd99c38e674625679a3.e3iSbxaKaheRe34Sa3yKbhiTahb0n6jAmljGr5XDqQLvpAe HTTP/1.1" 200 2
181.131.48.161 - - [27/Dec/2014:13:12:14 -0500] "GET /favicon.ico HTTP/1.1" 200 7782
186.29.225.50 - - [27/Dec/2014:13:12:23 -0500] "GET /BLA/boletinlegal/js/jquery.js HTTP/1.1" 200 57254
186.29.225.50 - - [27/Dec/2014:13:12:23 -0500] "GET /BLA/boletinlegal/js/jquery.scrollTo-min.js HTTP/1.1" 200 1150
186.29.225.50 - - [27/Dec/2014:13:12:23 -0500] "GET /BLA/boletinlegal/js/jquery.scrollShow.js HTTP/1.1" 200 4586
