186.85.210.30 - - [27/Dec/2014:12:13:01 -0500] "GET /galeria/nivo-slider/themes/default/arrows.png HTTP/1.1" 200 824
186.85.210.30 - - [27/Dec/2014:12:13:01 -0500] "GET /galeria/nivo-slider/themes/default/bullets.png HTTP/1.1" 200 1281
180.76.6.29 - - [27/Dec/2014:12:13:16 -0500] "GET /BLA/resoluciones/RESOLUCIONES%202011/1307.pdf HTTP/1.1" 200 73777
191.88.220.97 - - [27/Dec/2014:12:13:23 -0500] "GET /forest/skins/gdocs-jar/popup/popup.jsp?width=900&height=600&title=Informaci%F3n%20de%20proceso&uri=/forest/system/process.jsp%3FnumPro%3D2865602&name=undefined&_a=0.6776722487993538&a=0.08696211036294699 HTTP/1.1" 200 1312
186.29.107.118 - - [27/Dec/2014:12:13:23 -0500] "POST /forms/lservlet;jsessionid=ac16012b30d564c7666bfd894cd99c38e674625679a3.e3iSbxaKaheRe34Sa3yKbhiTahb0n6jAmljGr5XDqQLvpAe HTTP/1.1" 200 2
191.88.220.97 - - [27/Dec/2014:12:13:23 -0500] "GET /forest/system/process.jsp?numPro=2865602 HTTP/1.1" 200 14695
191.88.220.97 - - [27/Dec/2014:12:13:24 -0500] "GET /forest/css/dialog.css HTTP/1.1" 200 1100
191.88.220.97 - - [27/Dec/2014:12:13:24 -0500] "GET /forest/css/index.css HTTP/1.1" 200 1900
191.88.220.97 - - [27/Dec/2014:12:13:24 -0500] "GET /forest/skins/gdocs-jar/img/eye.gif HTTP/1.1" 200 396
191.88.220.97 - - [27/Dec/2014:12:13:24 -0500] "GET /forest/skins/gdocs-jar/img/expandido.gif HTTP/1.1" 200 190
191.88.220.97 - - [27/Dec/2014:12:13:24 -0500] "GET /forest/skins/gdocs-jar/img/activity2.gif HTTP/1.1" 200 374
191.88.220.97 - - [27/Dec/2014:12:13:24 -0500] "GET /forest/skins/gdocs-jar/img/itemlist.gif HTTP/1.1" 200 134
191.88.220.97 - - [27/Dec/2014:12:13:23 -0500] "GET /forest/system/process.jsp?numPro=2865602 HTTP/1.1" 200 29869
191.88.220.97 - - [27/Dec/2014:12:13:24 -0500] "GET /forest/skins/gdocs-jar/img/mueveactividad.gif HTTP/1.1" 200 90
191.88.220.97 - - [27/Dec/2014:12:13:25 -0500] "GET /forest/skins/gdocs-jar/img/ok.gif HTTP/1.1" 200 579
191.88.220.97 - - [27/Dec/2014:12:13:24 -0500] "GET /forest/1ibre/protoaculous.js HTTP/1.1" 200 151386
66.249.73.163 - - [27/Dec/2014:12:13:24 -0500] "GET /BLA/resoluciones/RESOLUCIONES%202001/2001%2050-99.TIF HTTP/1.1" 200 12053712
191.88.220.97 - - [27/Dec/2014:12:13:24 -0500] "GET /forest/1ibre/1ibre.js HTTP/1.1" 200 197648
191.88.220.97 - - [27/Dec/2014:12:13:31 -0500] "GET /forest/documentos/1882674/2014ER112298.pdf HTTP/1.1" 200 34734
186.30.66.14 - - [27/Dec/2014:12:13:40 -0500] "POST /forms/lservlet;jsessionid=ac16012b30d53ea9f84bca5f42a9821692df51710c28.e3iSbxaKaheRe34Sa3yKbhiTahb0n6jAmljGr5XDqQLvpAe HTTP/1.1" 200 2
180.76.5.148 - - [27/Dec/2014:12:14:06 -0500] "GET /BLA/boletinlegal;jsessionid=BDACF69D2D71380F0B699C4063278F02?/? HTTP/1.1" 404 1018
136.243.5.219 - - [27/Dec/2014:12:14:16 -0500] "GET /robots.txt HTTP/1.0" 404 1015
186.84.40.34 - - [27/Dec/2014:12:15:00 -0500] "POST /forms/lservlet;jsessionid=ac16012b30d5f45d3a432e774dcea183dfd7e0dcc671.e3iSbxaKaheRe34Sa3yKbhiTahb0n6jAmljGr5XDqQLvpAe HTTP/1.1" 200 2
181.128.34.89 - - [27/Dec/2014:12:15:03 -0500] "GET /BLA/resoluciones/AUTOS%202011/1743.pdf HTTP/1.1" 200 160744
181.128.34.89 - - [27/Dec/2014:12:15:04 -0500] "GET /BLA/resoluciones/AUTOS%202011/1743.pdf HTTP/1.1" 206 156788
181.128.34.89 - - [27/Dec/2014:12:15:04 -0500] "GET /browserconfig.xml HTTP/1.1" 404 1018
136.243.5.219 - - [27/Dec/2014:12:15:07 -0500] "GET /Autoliquidacion/Grupo%20Forestal%20-%20Silvicultura/126PM04%C2%96PR30-M-A6-V%205.0%20%20ESPECIES%20DE%20FLORA%20EN%20LA%20CIUDAD%20DE%20BOGOTA.xlsx HTTP/1.0" 404 1015
186.29.107.118 - - [27/Dec/2014:12:15:23 -0500] "POST /forms/lservlet;jsessionid=ac16012b30d564c7666bfd894cd99c38e674625679a3.e3iSbxaKaheRe34Sa3yKbhiTahb0n6jAmljGr5XDqQLvpAe HTTP/1.1" 200 2
190.158.13.223 - - [27/Dec/2014:12:15:30 -0500] "GET /BLA/boletinlegal/js/jquery.js HTTP/1.1" 200 57254
190.158.13.223 - - [27/Dec/2014:12:15:30 -0500] "GET /BLA/boletinlegal/js/jquery.scrollTo-min.js HTTP/1.1" 200 1150
190.158.13.223 - - [27/Dec/2014:12:15:30 -0500] "GET /BLA/boletinlegal/js/jquery.scrollShow.js HTTP/1.1" 200 4586
74.86.158.107 - - [27/Dec/2014:12:15:34 -0500] "HEAD / HTTP/1.1" 302 -
186.30.66.14 - - [27/Dec/2014:12:15:40 -0500] "POST /forms/lservlet;jsessionid=ac16012b30d53ea9f84bca5f42a9821692df51710c28.e3iSbxaKaheRe34Sa3yKbhiTahb0n6jAmljGr5XDqQLvpAe HTTP/1.1" 200 2
191.88.220.97 - - [27/Dec/2014:12:15:43 -0500] "GET /forest/skins/gdocs-jar/img/contraido.gif HTTP/1.1" 200 195
136.243.5.219 - - [27/Dec/2014:12:15:44 -0500] "GET /Politica%20Distrital%20de%20Biodiversidad/%3C?%3E HTTP/1.0" 404 1015
217.76.132.233 - - [27/Dec/2014:12:16:10 -0500] "GET /wp/wp-admin/ HTTP/1.1" 404 1018
186.115.219.202 - - [27/Dec/2014:12:16:11 -0500] "GET /BLA/boletinlegal/js/jquery.js HTTP/1.1" 304 -
181.48.206.10 - - [27/Dec/2014:12:16:11 -0500] "GET /BLA/boletinlegal/js/jquery.scrollTo-min.js HTTP/1.1" 304 -
186.115.219.202 - - [27/Dec/2014:12:16:11 -0500] "GET /BLA/boletinlegal/js/jquery.scrollShow.js HTTP/1.1" 304 -
220.181.108.119 - - [27/Dec/2014:12:16:29 -0500] "GET / HTTP/1.1" 302 -
186.84.40.34 - - [27/Dec/2014:12:16:41 -0500] "POST /forms/lservlet;jsessionid=ac16012b30d5f45d3a432e774dcea183dfd7e0dcc671.e3iSbxaKaheRe34Sa3yKbhiTahb0n6jAmljGr5XDqQLvpAe HTTP/1.1" 200 2
186.84.40.34 - - [27/Dec/2014:12:16:41 -0500] "POST /forms/lservlet;jsessionid=ac16012b30d5f45d3a432e774dcea183dfd7e0dcc671.e3iSbxaKaheRe34Sa3yKbhiTahb0n6jAmljGr5XDqQLvpAe HTTP/1.1" 200 14
186.84.40.34 - - [27/Dec/2014:12:16:42 -0500] "POST /forms/lservlet;jsessionid=ac16012b30d5f45d3a432e774dcea183dfd7e0dcc671.e3iSbxaKaheRe34Sa3yKbhiTahb0n6jAmljGr5XDqQLvpAe HTTP/1.1" 200 116
186.84.40.34 - - [27/Dec/2014:12:16:43 -0500] "POST /forms/lservlet;jsessionid=ac16012b30d5f45d3a432e774dcea183dfd7e0dcc671.e3iSbxaKaheRe34Sa3yKbhiTahb0n6jAmljGr5XDqQLvpAe HTTP/1.1" 200 2
186.84.40.34 - - [27/Dec/2014:12:16:44 -0500] "GET /reports/rwservlet/getjobid338241?server=rep_srvapsda HTTP/1.1" 200 83973
136.243.5.219 - - [27/Dec/2014:12:16:53 -0500] "GET /robots.txt HTTP/1.0" 404 1015
186.84.40.34 - - [27/Dec/2014:12:17:01 -0500] "POST /forms/lservlet;jsessionid=ac16012b30d5f45d3a432e774dcea183dfd7e0dcc671.e3iSbxaKaheRe34Sa3yKbhiTahb0n6jAmljGr5XDqQLvpAe HTTP/1.1" 200 2
66.249.73.171 - - [27/Dec/2014:12:17:07 -0500] "GET /BLA/resoluciones/RESOLUCIONES%202001/2001%201200-1249.tif HTTP/1.1" 200 4262737
136.243.5.219 - - [27/Dec/2014:12:17:08 -0500] "GET /even1/Secci%C3%B3n%201/ HTTP/1.0" 404 1015
186.29.107.118 - - [27/Dec/2014:12:17:23 -0500] "POST /forms/lservlet;jsessionid=ac16012b30d564c7666bfd894cd99c38e674625679a3.e3iSbxaKaheRe34Sa3yKbhiTahb0n6jAmljGr5XDqQLvpAe HTTP/1.1" 200 2
191.88.220.97 - - [27/Dec/2014:12:17:26 -0500] "GET /forest/session.jsp?a=0.2060990077443421 HTTP/1.1" 200 4
186.30.66.14 - - [27/Dec/2014:12:17:40 -0500] "POST /forms/lservlet;jsessionid=ac16012b30d53ea9f84bca5f42a9821692df51710c28.e3iSbxaKaheRe34Sa3yKbhiTahb0n6jAmljGr5XDqQLvpAe HTTP/1.1" 200 2
190.253.255.231 - - [27/Dec/2014:12:17:49 -0500] "GET /BLA/boletinlegal/js/jquery.js HTTP/1.1" 200 57254
190.253.255.231 - - [27/Dec/2014:12:17:49 -0500] "GET /BLA/boletinlegal/js/jquery.scrollTo-min.js HTTP/1.1" 200 1150
190.253.255.231 - - [27/Dec/2014:12:17:49 -0500] "GET /BLA/boletinlegal/js/jquery.scrollShow.js HTTP/1.1" 200 4586
190.253.255.231 - - [27/Dec/2014:12:17:50 -0500] "GET /galeria/carrusel/Carrusel/jquery.thumbnailScroller.css HTTP/1.1" 200 2066
190.253.255.231 - - [27/Dec/2014:12:17:50 -0500] "GET /galeria/carrusel/Carrusel/jquery-ui-1.8.13.custom.min.js HTTP/1.1" 200 10800
190.253.255.231 - - [27/Dec/2014:12:17:50 -0500] "GET /galeria/carrusel/Carrusel/jquery.thumbnailScroller.js HTTP/1.1" 200 8157
190.253.255.231 - - [27/Dec/2014:12:17:53 -0500] "GET /galeria/nivo-slider/demo/demo.html HTTP/1.1" 200 3237
190.253.255.231 - - [27/Dec/2014:12:17:53 -0500] "GET /galeria/nivo-slider/themes/default/default.css HTTP/1.1" 200 1569
190.253.255.231 - - [27/Dec/2014:12:17:53 -0500] "GET /galeria/nivo-slider/themes/pascal/pascal.css HTTP/1.1" 200 2258
190.253.255.231 - - [27/Dec/2014:12:17:53 -0500] "GET /galeria/nivo-slider/themes/orman/orman.css HTTP/1.1" 200 2152
190.253.255.231 - - [27/Dec/2014:12:17:53 -0500] "GET /galeria/nivo-slider/nivo-slider.css HTTP/1.1" 200 1507
190.253.255.231 - - [27/Dec/2014:12:17:53 -0500] "GET /galeria/nivo-slider/demo/style.css HTTP/1.1" 200 2222
190.253.255.231 - - [27/Dec/2014:12:17:53 -0500] "GET /galeria/nivo-slider/demo/scripts/jquery-1.7.1.min.js HTTP/1.1" 200 93868
190.253.255.231 - - [27/Dec/2014:12:17:53 -0500] "GET /galeria/nivo-slider/jquery.nivo.slider.pack.js HTTP/1.1" 200 11561
190.253.255.231 - - [27/Dec/2014:12:17:54 -0500] "GET /galeria/nivo-slider/demo/images/bolsas-08.jpg HTTP/1.1" 200 85589
190.253.255.231 - - [27/Dec/2014:12:17:54 -0500] "GET /galeria/nivo-slider/demo/images/Ruta-vertimientos-01.jpg HTTP/1.1" 200 130151
190.253.255.231 - - [27/Dec/2014:12:17:54 -0500] "GET /galeria/nivo-slider/demo/images/bolsas-06.jpg HTTP/1.1" 200 90982
190.253.255.231 - - [27/Dec/2014:12:17:54 -0500] "GET /galeria/nivo-slider/demo/images/ecolecta-Dic2014.png HTTP/1.1" 200 288593
190.253.255.231 - - [27/Dec/2014:12:17:54 -0500] "GET /galeria/nivo-slider/demo/images/Banner-GAE3.jpg HTTP/1.1" 200 146354
190.253.255.231 - - [27/Dec/2014:12:17:54 -0500] "GET /galeria/nivo-slider/demo/images/porloshumedales.jpg HTTP/1.1" 200 351238
190.253.255.231 - - [27/Dec/2014:12:17:54 -0500] "GET /galeria/nivo-slider/demo/images/4Simple_Slider.png HTTP/1.1" 200 11722
190.253.255.231 - - [27/Dec/2014:12:17:55 -0500] "GET /galeria/nivo-slider/themes/default/loading.gif HTTP/1.1" 200 1737
136.243.5.219 - - [27/Dec/2014:12:17:55 -0500] "GET /robots.txt HTTP/1.0" 404 1015
190.253.255.231 - - [27/Dec/2014:12:17:55 -0500] "GET /galeria/nivo-slider/demo/images/Tingua-azul.jpg HTTP/1.1" 200 307638
190.253.255.231 - - [27/Dec/2014:12:17:55 -0500] "GET /galeria/nivo-slider/demo/images/Banner-Caracol-Africano.jpg HTTP/1.1" 200 331986
190.253.255.231 - - [27/Dec/2014:12:17:55 -0500] "GET /galeria/nivo-slider/demo/images/banner-redes.jpg HTTP/1.1" 200 62209
190.253.255.231 - - [27/Dec/2014:12:17:55 -0500] "GET /galeria/nivo-slider/demo/images/9Signos.jpg HTTP/1.1" 200 93040
190.253.255.231 - - [27/Dec/2014:12:17:56 -0500] "GET /galeria/nivo-slider/demo/images/banner-llantas2.jpg HTTP/1.1" 200 73153
190.253.255.231 - - [27/Dec/2014:12:17:56 -0500] "GET /galeria/nivo-slider/demo/images/banner-caballos.png HTTP/1.1" 200 389106
191.88.220.97 - - [27/Dec/2014:12:17:57 -0500] "GET /forest/skins/gdocs-jar/popup/FileViewerTree.jsp?coddoc=1882674&ext=pdf&numpro=2865602&nombre=2014ER112298.pdf&codfile=-1&rootPath=/forest/ HTTP/1.1" 200 5330
191.88.220.97 - - [27/Dec/2014:12:17:57 -0500] "GET /forest/skins/gdocs-jar/js/fileViewer.js HTTP/1.1" 200 8399
191.88.220.97 - - [27/Dec/2014:12:17:57 -0500] "GET /forest/skins/gdocs-jar/js/popup.js HTTP/1.1" 200 7658
191.88.220.97 - - [27/Dec/2014:12:17:58 -0500] "GET /forest/skins/gdocs-jar/popup/FileViewer.jsp?codDoc=1882674&ext=pdf&codfile=-1&iscodfile=false&nombre=2014ER112298.pdf HTTP/1.1" 200 3974
191.88.220.97 - - [27/Dec/2014:12:17:58 -0500] "GET /forest/img/dtree/visor/pdf.png HTTP/1.1" 200 55202
190.253.255.231 - - [27/Dec/2014:12:17:58 -0500] "GET /galeria/nivo-slider/themes/default/arrows.png HTTP/1.1" 200 824
191.88.220.97 - - [27/Dec/2014:12:17:58 -0500] "GET /forest/1ibre/jscalendar/lang/calendar-es.js HTTP/1.1" 200 3995
190.253.255.231 - - [27/Dec/2014:12:17:58 -0500] "GET /galeria/nivo-slider/themes/default/bullets.png HTTP/1.1" 200 1281
191.88.220.97 - - [27/Dec/2014:12:17:58 -0500] "GET /forest/1ibre/jscalendar/calendar-setup.js HTTP/1.1" 200 8927
191.88.220.97 - - [27/Dec/2014:12:17:58 -0500] "GET /forest/skins/gdocs-jar/js/acrobat_detection.js HTTP/1.1" 200 2232
191.88.220.97 - - [27/Dec/2014:12:17:58 -0500] "GET /forest/1ibre/jscalendar/calendar.js HTTP/1.1" 200 51363
191.88.220.97 - - [27/Dec/2014:12:17:58 -0500] "GET /forest/js/jquery/jquery-1.5.2.min.js HTTP/1.1" 200 85940
191.88.220.97 - - [27/Dec/2014:12:18:00 -0500] "GET /forest/visualizar.do?codDoc=1882674&ext=pdf&codfile=-1&iscodfile=false&nombre=2014ER112298.pdf HTTP/1.1" 200 34734
190.253.255.231 - - [27/Dec/2014:12:18:00 -0500] "GET /videos/Spot_CambioClimatico.flv HTTP/1.1" 200 4371917
136.243.5.219 - - [27/Dec/2014:12:18:21 -0500] "GET /even1/Secci%C3%B3n%202/ HTTP/1.0" 404 1015
136.243.5.219 - - [27/Dec/2014:12:18:33 -0500] "GET /even1/Secci%C3%B3n%203/ HTTP/1.0" 404 1015
136.243.5.219 - - [27/Dec/2014:12:18:40 -0500] "GET /robots.txt HTTP/1.0" 404 1015
180.76.6.49 - - [27/Dec/2014:12:18:42 -0500] "GET /BLA/boletinlegal/Circulares/2013/Circular%20No.%203%20del%2005%20de%20abril%20de%202013.pdf HTTP/1.1" 200 93580
136.243.5.219 - - [27/Dec/2014:12:18:47 -0500] "GET /even1/Secci%C3%B3n%204/ HTTP/1.0" 404 1015
136.243.5.219 - - [27/Dec/2014:12:18:51 -0500] "GET /hum/FotosHumedales-Fb05/Fotos%20Fundaci%C3%B3n%20La%20Conejera/ HTTP/1.0" 404 1015
186.84.40.34 - - [27/Dec/2014:12:19:01 -0500] "POST /forms/lservlet;jsessionid=ac16012b30d5f45d3a432e774dcea183dfd7e0dcc671.e3iSbxaKaheRe34Sa3yKbhiTahb0n6jAmljGr5XDqQLvpAe HTTP/1.1" 200 2
186.112.62.164 - - [27/Dec/2014:12:19:04 -0500] "GET /BLA/boletinlegal/js/jquery.scrollShow.js HTTP/1.1" 200 4586
186.112.62.164 - - [27/Dec/2014:12:19:04 -0500] "GET /BLA/boletinlegal/js/jquery.js HTTP/1.1" 200 57254
186.112.62.164 - - [27/Dec/2014:12:19:04 -0500] "GET /BLA/boletinlegal/js/jquery.scrollTo-min.js HTTP/1.1" 200 1150
136.243.5.219 - - [27/Dec/2014:12:19:22 -0500] "GET /portalsiaccapacitaciones/Soportes%20Capacitaciones%20A%C3%B1o%202013 HTTP/1.0" 301 357
186.29.107.118 - - [27/Dec/2014:12:19:23 -0500] "POST /forms/lservlet;jsessionid=ac16012b30d564c7666bfd894cd99c38e674625679a3.e3iSbxaKaheRe34Sa3yKbhiTahb0n6jAmljGr5XDqQLvpAe HTTP/1.1" 200 2
136.243.5.219 - - [27/Dec/2014:12:19:33 -0500] "GET /portalsiaccapacitaciones/Soportes%20Capacitaciones%20A%c3%b1o%202013/ HTTP/1.0" 200 16997
186.30.66.14 - - [27/Dec/2014:12:19:40 -0500] "POST /forms/lservlet;jsessionid=ac16012b30d53ea9f84bca5f42a9821692df51710c28.e3iSbxaKaheRe34Sa3yKbhiTahb0n6jAmljGr5XDqQLvpAe HTTP/1.1" 200 2
181.135.52.236 - - [27/Dec/2014:12:20:02 -0500] "GET /BLA/boletinlegal/js/jquery.js HTTP/1.1" 200 57254
181.135.52.236 - - [27/Dec/2014:12:20:02 -0500] "GET /BLA/boletinlegal/js/jquery.scrollTo-min.js HTTP/1.1" 200 1150
181.135.52.236 - - [27/Dec/2014:12:20:02 -0500] "GET /BLA/boletinlegal/js/jquery.scrollShow.js HTTP/1.1" 200 4586
190.25.76.176 - - [27/Dec/2014:12:20:04 -0500] "GET /galeria/carrusel/Carrusel/jquery.thumbnailScroller.css HTTP/1.1" 200 2066
190.25.76.176 - - [27/Dec/2014:12:20:04 -0500] "GET /BLA/boletinlegal/js/jquery.js HTTP/1.1" 200 57254
190.25.76.176 - - [27/Dec/2014:12:20:04 -0500] "GET /BLA/boletinlegal/js/jquery.scrollTo-min.js HTTP/1.1" 200 1150
190.25.76.176 - - [27/Dec/2014:12:20:04 -0500] "GET /BLA/boletinlegal/js/jquery.scrollShow.js HTTP/1.1" 200 4586
190.25.76.176 - - [27/Dec/2014:12:20:04 -0500] "GET /galeria/carrusel/Carrusel/jquery-ui-1.8.13.custom.min.js HTTP/1.1" 200 10800
190.25.76.176 - - [27/Dec/2014:12:20:04 -0500] "GET /galeria/carrusel/Carrusel/jquery.thumbnailScroller.js HTTP/1.1" 200 8157
190.25.76.176 - - [27/Dec/2014:12:20:07 -0500] "GET /galeria/nivo-slider/demo/demo.html HTTP/1.1" 200 3237
190.25.76.176 - - [27/Dec/2014:12:20:07 -0500] "GET /galeria/nivo-slider/themes/default/default.css HTTP/1.1" 200 1569
190.25.76.176 - - [27/Dec/2014:12:20:07 -0500] "GET /galeria/nivo-slider/themes/pascal/pascal.css HTTP/1.1" 200 2258
190.25.76.176 - - [27/Dec/2014:12:20:07 -0500] "GET /galeria/nivo-slider/themes/orman/orman.css HTTP/1.1" 200 2152
190.25.76.176 - - [27/Dec/2014:12:20:07 -0500] "GET /galeria/nivo-slider/nivo-slider.css HTTP/1.1" 200 1507
190.25.76.176 - - [27/Dec/2014:12:20:08 -0500] "GET /galeria/nivo-slider/demo/style.css HTTP/1.1" 200 2222
190.25.76.176 - - [27/Dec/2014:12:20:08 -0500] "GET /galeria/nivo-slider/demo/scripts/jquery-1.7.1.min.js HTTP/1.1" 200 93868
190.25.76.176 - - [27/Dec/2014:12:20:08 -0500] "GET /galeria/nivo-slider/jquery.nivo.slider.pack.js HTTP/1.1" 200 11561
190.25.76.176 - - [27/Dec/2014:12:20:08 -0500] "GET /galeria/nivo-slider/demo/images/bolsas-08.jpg HTTP/1.1" 200 85589
190.25.76.176 - - [27/Dec/2014:12:20:08 -0500] "GET /galeria/nivo-slider/demo/images/Ruta-vertimientos-01.jpg HTTP/1.1" 200 130151
190.25.76.176 - - [27/Dec/2014:12:20:08 -0500] "GET /galeria/nivo-slider/demo/images/bolsas-06.jpg HTTP/1.1" 200 90982
190.25.76.176 - - [27/Dec/2014:12:20:08 -0500] "GET /galeria/nivo-slider/demo/images/ecolecta-Dic2014.png HTTP/1.1" 200 288593
190.25.76.176 - - [27/Dec/2014:12:20:09 -0500] "GET /galeria/nivo-slider/demo/images/Banner-GAE3.jpg HTTP/1.1" 200 146354
190.25.76.176 - - [27/Dec/2014:12:20:09 -0500] "GET /galeria/nivo-slider/demo/images/porloshumedales.jpg HTTP/1.1" 200 351238
190.25.76.176 - - [27/Dec/2014:12:20:09 -0500] "GET /galeria/nivo-slider/demo/images/4Simple_Slider.png HTTP/1.1" 200 11722
190.25.76.176 - - [27/Dec/2014:12:20:09 -0500] "GET /galeria/nivo-slider/themes/default/loading.gif HTTP/1.1" 200 1737
190.25.76.176 - - [27/Dec/2014:12:20:10 -0500] "GET /galeria/nivo-slider/demo/images/Tingua-azul.jpg HTTP/1.1" 200 307638
190.25.76.176 - - [27/Dec/2014:12:20:10 -0500] "GET /galeria/nivo-slider/demo/images/Banner-Caracol-Africano.jpg HTTP/1.1" 200 331986
190.25.76.176 - - [27/Dec/2014:12:20:10 -0500] "GET /galeria/nivo-slider/demo/images/banner-redes.jpg HTTP/1.1" 200 62209
190.25.76.176 - - [27/Dec/2014:12:20:11 -0500] "GET /galeria/nivo-slider/demo/images/9Signos.jpg HTTP/1.1" 200 93040
190.25.76.176 - - [27/Dec/2014:12:20:11 -0500] "GET /galeria/nivo-slider/demo/images/banner-llantas2.jpg HTTP/1.1" 200 73153
190.25.76.176 - - [27/Dec/2014:12:20:11 -0500] "GET /galeria/nivo-slider/demo/images/banner-caballos.png HTTP/1.1" 200 389106
136.243.5.219 - - [27/Dec/2014:12:20:14 -0500] "GET /re1/Que%20es/Marco%20pedagocico/modelo%20pedagogico/imagen%20modelo%20pedagogico/barra%20modelo%20pedag%C3%B3gico.htm HTTP/1.0" 404 1015
190.25.76.176 - - [27/Dec/2014:12:20:14 -0500] "GET /galeria/nivo-slider/themes/default/arrows.png HTTP/1.1" 200 824
190.25.76.176 - - [27/Dec/2014:12:20:14 -0500] "GET /galeria/nivo-slider/themes/default/bullets.png HTTP/1.1" 200 1281
190.25.76.176 - - [27/Dec/2014:12:20:15 -0500] "GET /videos/Spot_CambioClimatico.flv HTTP/1.1" 200 4371917
181.135.52.236 - - [27/Dec/2014:12:20:21 -0500] "GET /PruebasSTORM/StormSDA_pruebas/stormWeb/presentacion.html HTTP/1.1" 200 5109
181.135.52.236 - - [27/Dec/2014:12:20:21 -0500] "GET /PruebasSTORM/StormSDA_pruebas/stormWeb/img/alerta.png HTTP/1.1" 200 23856
181.135.52.236 - - [27/Dec/2014:12:20:21 -0500] "GET /PruebasSTORM/StormSDA_pruebas/stormWeb/img/descargar.png HTTP/1.1" 200 2450
181.135.52.236 - - [27/Dec/2014:12:20:21 -0500] "GET /PruebasSTORM/StormSDA_pruebas/stormWeb/img/version.gif HTTP/1.1" 200 29022
179.33.139.182 - - [27/Dec/2014:12:20:26 -0500] "GET /BLA/resoluciones/RESOLUCIONES%202013/0512.pdf HTTP/1.1" 200 215589
179.33.139.182 - - [27/Dec/2014:12:20:26 -0500] "GET /BLA/resoluciones/RESOLUCIONES%202013/0512.pdf HTTP/1.1" 206 32768
179.33.139.182 - - [27/Dec/2014:12:20:27 -0500] "GET /BLA/resoluciones/RESOLUCIONES%202013/0512.pdf HTTP/1.1" 206 182821
179.33.139.182 - - [27/Dec/2014:12:20:28 -0500] "GET /favicon.ico HTTP/1.1" 200 7782
74.86.158.107 - - [27/Dec/2014:12:20:34 -0500] "HEAD / HTTP/1.1" 302 -
190.25.76.176 - - [27/Dec/2014:12:20:37 -0500] "GET /videos/ArchivoSDA.flv HTTP/1.1" 200 31205279
186.145.45.199 - - [27/Dec/2014:12:20:42 -0500] "GET /BLA/boletinlegal/js/jquery.scrollShow.js HTTP/1.1" 200 4586
186.145.45.199 - - [27/Dec/2014:12:20:42 -0500] "GET /BLA/boletinlegal/js/jquery.scrollTo-min.js HTTP/1.1" 200 1150
186.145.45.199 - - [27/Dec/2014:12:20:42 -0500] "GET /BLA/boletinlegal/js/jquery.js HTTP/1.1" 200 57254
66.249.73.155 - - [27/Dec/2014:12:20:47 -0500] "GET /BLA/resoluciones/RESOLUCIONES%202001/2001%20250-299.TIF HTTP/1.1" 200 9212960
186.84.40.34 - - [27/Dec/2014:12:21:01 -0500] "POST /forms/lservlet;jsessionid=ac16012b30d5f45d3a432e774dcea183dfd7e0dcc671.e3iSbxaKaheRe34Sa3yKbhiTahb0n6jAmljGr5XDqQLvpAe HTTP/1.1" 200 2
181.58.198.249 - - [27/Dec/2014:12:21:06 -0500] "GET /BLA/resoluciones/RESOLUCIONES%202007/RES%202007%202501%20AL%202600/RESOLUCION%202542%20DE%202007.pdf HTTP/1.1" 200 867071
181.58.198.249 - - [27/Dec/2014:12:21:08 -0500] "GET /favicon.ico HTTP/1.1" 200 7782
136.243.5.219 - - [27/Dec/2014:12:21:09 -0500] "GET /robots.txt HTTP/1.0" 404 1015
66.249.73.163 - - [27/Dec/2014:12:21:20 -0500] "GET /BLA/resoluciones/RESOLUCIONES%202004/RES%202004%202101-2150/00002140.tif HTTP/1.1" 200 153428
186.29.107.118 - - [27/Dec/2014:12:21:23 -0500] "POST /forms/lservlet;jsessionid=ac16012b30d564c7666bfd894cd99c38e674625679a3.e3iSbxaKaheRe34Sa3yKbhiTahb0n6jAmljGr5XDqQLvpAe HTTP/1.1" 200 2
136.243.5.219 - - [27/Dec/2014:12:21:35 -0500] "GET / HTTP/1.0" 302 -
186.115.219.202 - - [27/Dec/2014:12:21:35 -0500] "GET /BLA/boletinlegal/js/jquery.js HTTP/1.1" 304 -
181.48.206.10 - - [27/Dec/2014:12:21:35 -0500] "GET /BLA/boletinlegal/js/jquery.scrollShow.js HTTP/1.1" 304 -
186.115.219.202 - - [27/Dec/2014:12:21:35 -0500] "GET /BLA/boletinlegal/js/jquery.scrollTo-min.js HTTP/1.1" 304 -
186.30.238.78 - - [27/Dec/2014:12:21:39 -0500] "GET /BLA/resoluciones/AUTOS%202014/1540.pdf HTTP/1.1" 200 430120
186.30.238.78 - - [27/Dec/2014:12:21:39 -0500] "GET /BLA/resoluciones/AUTOS%202014/1540.pdf HTTP/1.1" 206 32768
186.30.238.78 - - [27/Dec/2014:12:21:40 -0500] "GET /BLA/resoluciones/AUTOS%202014/1540.pdf HTTP/1.1" 206 397352
186.30.66.14 - - [27/Dec/2014:12:21:40 -0500] "POST /forms/lservlet;jsessionid=ac16012b30d53ea9f84bca5f42a9821692df51710c28.e3iSbxaKaheRe34Sa3yKbhiTahb0n6jAmljGr5XDqQLvpAe HTTP/1.1" 200 2
186.30.238.78 - - [27/Dec/2014:12:21:40 -0500] "GET /favicon.ico HTTP/1.1" 200 7782
190.146.135.231 - - [27/Dec/2014:12:21:46 -0500] "GET /autoliquidacion HTTP/1.1" 301 310
190.146.135.231 - - [27/Dec/2014:12:21:47 -0500] "GET /autoliquidacion/ HTTP/1.1" 200 6375
190.146.135.231 - - [27/Dec/2014:12:21:47 -0500] "GET /autoliquidacion/dlf/styles.css HTTP/1.1" 200 3045
190.146.135.231 - - [27/Dec/2014:12:21:47 -0500] "GET /autoliquidacion/dlf/folder.png HTTP/1.1" 200 410
190.146.135.231 - - [27/Dec/2014:12:21:47 -0500] "GET /autoliquidacion/dlf/bg.gif HTTP/1.1" 200 54
123.125.71.60 - - [27/Dec/2014:12:21:50 -0500] "GET / HTTP/1.1" 302 -
136.243.5.219 - - [27/Dec/2014:12:22:16 -0500] "GET /robots.txt HTTP/1.0" 404 1019
66.249.73.171 - - [27/Dec/2014:12:22:43 -0500] "GET /BLA/resoluciones/RESOLUCIONES%202006/RES%202006%20%202901-2950/00002936.tif HTTP/1.1" 200 193606
136.243.5.219 - - [27/Dec/2014:12:22:46 -0500] "GET /Autoliquidacion/Grupo%20Forestal%20-%20Silvicultura/126PM04%C2%96PR30-M-A6-V%205.0%20%20ESPECIES%20DE%20FLORA%20EN%20LA%20CIUDAD%20DE%20BOGOTA.xlsx HTTP/1.0" 404 1019
186.84.40.34 - - [27/Dec/2014:12:23:01 -0500] "POST /forms/lservlet;jsessionid=ac16012b30d5f45d3a432e774dcea183dfd7e0dcc671.e3iSbxaKaheRe34Sa3yKbhiTahb0n6jAmljGr5XDqQLvpAe HTTP/1.1" 200 2
136.243.5.219 - - [27/Dec/2014:12:23:01 -0500] "GET /even1/Secci%C3%B3n%201/ HTTP/1.0" 404 1019
136.243.5.219 - - [27/Dec/2014:12:23:05 -0500] "GET /even1/Secci%C3%B3n%202/ HTTP/1.0" 404 1019
136.243.5.219 - - [27/Dec/2014:12:23:10 -0500] "GET /even1/Secci%C3%B3n%203/ HTTP/1.0" 404 1019
66.249.65.188 - - [27/Dec/2014:12:23:15 -0500] "GET /Autoliquidacion/index.php?dir=TR%C1MITES%20ACEITES-RESIDUOS-ESTACIONES/aceites-ES/&sort=size&order=asc HTTP/1.1" 200 3334
186.29.107.118 - - [27/Dec/2014:12:23:23 -0500] "POST /forms/lservlet;jsessionid=ac16012b30d564c7666bfd894cd99c38e674625679a3.e3iSbxaKaheRe34Sa3yKbhiTahb0n6jAmljGr5XDqQLvpAe HTTP/1.1" 200 2
136.243.5.219 - - [27/Dec/2014:12:23:24 -0500] "GET /robots.txt HTTP/1.0" 404 1019
180.76.5.21 - - [27/Dec/2014:12:23:30 -0500] "GET /BLA/resoluciones/RESOLUCIONES%202009/9713.pdf HTTP/1.1" 200 313237
136.243.5.219 - - [27/Dec/2014:12:23:37 -0500] "GET /even1/Secci%C3%B3n%204/ HTTP/1.0" 404 1019
136.243.5.219 - - [27/Dec/2014:12:23:39 -0500] "GET /hum/FotosHumedales-Fb05/Fotos%20Fundaci%C3%B3n%20La%20Conejera/ HTTP/1.0" 404 1019
186.30.66.14 - - [27/Dec/2014:12:23:40 -0500] "POST /forms/lservlet;jsessionid=ac16012b30d53ea9f84bca5f42a9821692df51710c28.e3iSbxaKaheRe34Sa3yKbhiTahb0n6jAmljGr5XDqQLvpAe HTTP/1.1" 200 2
136.243.5.219 - - [27/Dec/2014:12:23:41 -0500] "GET /portel_dama/configuracion/Para%20Portel%20Instalaci%C3%B3n%20Nueva.sql HTTP/1.0" 404 1019
136.243.5.219 - - [27/Dec/2014:12:23:44 -0500] "GET /portel_dama/documentacion/Logo_1era_Versi%C3%B3n.psd HTTP/1.0" 404 1019
136.243.5.219 - - [27/Dec/2014:12:23:55 -0500] "GET /re1/Que%20es/Marco%20pedagocico/modelo%20pedagogico/imagen%20modelo%20pedagogico/barra%20modelo%20pedag%C3%B3gico.htm HTTP/1.0" 404 1019
186.171.111.254 - - [27/Dec/2014:12:24:12 -0500] "GET / HTTP/1.1" 302 -
66.249.73.163 - - [27/Dec/2014:12:24:25 -0500] "GET /BLA/resoluciones/RESOLUCIONES%202001/2001%201550-1607.tif HTTP/1.1" 200 3610490
217.76.132.233 - - [27/Dec/2014:12:25:00 -0500] "GET /old/wp-admin/ HTTP/1.1" 404 1018
186.84.40.34 - - [27/Dec/2014:12:25:01 -0500] "POST /forms/lservlet;jsessionid=ac16012b30d5f45d3a432e774dcea183dfd7e0dcc671.e3iSbxaKaheRe34Sa3yKbhiTahb0n6jAmljGr5XDqQLvpAe HTTP/1.1" 200 2
186.29.107.118 - - [27/Dec/2014:12:25:23 -0500] "POST /forms/lservlet;jsessionid=ac16012b30d564c7666bfd894cd99c38e674625679a3.e3iSbxaKaheRe34Sa3yKbhiTahb0n6jAmljGr5XDqQLvpAe HTTP/1.1" 200 2
74.86.158.107 - - [27/Dec/2014:12:25:34 -0500] "HEAD / HTTP/1.1" 302 -
186.30.66.14 - - [27/Dec/2014:12:25:40 -0500] "POST /forms/lservlet;jsessionid=ac16012b30d53ea9f84bca5f42a9821692df51710c28.e3iSbxaKaheRe34Sa3yKbhiTahb0n6jAmljGr5XDqQLvpAe HTTP/1.1" 200 2
186.30.238.78 - - [27/Dec/2014:12:26:00 -0500] "GET /BLA/resoluciones/AUTOS%202014/1540.pdf HTTP/1.1" 200 430120
186.30.238.78 - - [27/Dec/2014:12:26:00 -0500] "GET /BLA/resoluciones/AUTOS%202014/1540.pdf HTTP/1.1" 206 32768
186.30.238.78 - - [27/Dec/2014:12:26:00 -0500] "GET /BLA/resoluciones/AUTOS%202014/1540.pdf HTTP/1.1" 206 397352
186.30.238.78 - - [27/Dec/2014:12:26:01 -0500] "GET /favicon.ico HTTP/1.1" 200 7782
178.255.215.85 - - [27/Dec/2014:12:26:23 -0500] "GET /re/Talleres/papel/papel%20link.htm HTTP/1.1" 404 1019
186.84.40.34 - - [27/Dec/2014:12:26:32 -0500] "POST /forms/lservlet;jsessionid=ac16012b30d5f45d3a432e774dcea183dfd7e0dcc671.e3iSbxaKaheRe34Sa3yKbhiTahb0n6jAmljGr5XDqQLvpAe HTTP/1.1" 200 156
186.118.139.248 - - [27/Dec/2014:12:26:51 -0500] "GET /BLA/resoluciones/RESOLUCIONES%202007/RES%202007%201501%20AL%201600/RESOLUCION%201545%20DE%202007.pdf HTTP/1.1" 200 527341
186.118.139.248 - - [27/Dec/2014:12:26:52 -0500] "GET /BLA/resoluciones/RESOLUCIONES%202007/RES%202007%201501%20AL%201600/RESOLUCION%201545%20DE%202007.pdf HTTP/1.1" 206 32768
186.118.139.248 - - [27/Dec/2014:12:26:52 -0500] "GET /BLA/resoluciones/RESOLUCIONES%202007/RES%202007%201501%20AL%201600/RESOLUCION%201545%20DE%202007.pdf HTTP/1.1" 206 494573
180.76.6.57 - - [27/Dec/2014:12:26:56 -0500] "GET /BLA/resoluciones/AUTOS%202013/0551.pdf HTTP/1.1" 200 1640783
186.118.139.248 - - [27/Dec/2014:12:26:58 -0500] "GET /favicon.ico HTTP/1.1" 200 7782
186.84.40.34 - - [27/Dec/2014:12:27:01 -0500] "POST /forms/lservlet;jsessionid=ac16012b30d5f45d3a432e774dcea183dfd7e0dcc671.e3iSbxaKaheRe34Sa3yKbhiTahb0n6jAmljGr5XDqQLvpAe HTTP/1.1" 200 2
186.29.107.118 - - [27/Dec/2014:12:27:23 -0500] "POST /forms/lservlet;jsessionid=ac16012b30d564c7666bfd894cd99c38e674625679a3.e3iSbxaKaheRe34Sa3yKbhiTahb0n6jAmljGr5XDqQLvpAe HTTP/1.1" 200 2
186.30.66.14 - - [27/Dec/2014:12:27:40 -0500] "POST /forms/lservlet;jsessionid=ac16012b30d53ea9f84bca5f42a9821692df51710c28.e3iSbxaKaheRe34Sa3yKbhiTahb0n6jAmljGr5XDqQLvpAe HTTP/1.1" 200 2
180.76.5.143 - - [27/Dec/2014:12:27:46 -0500] "GET /BLA/resoluciones/RESOLUCIONES%202011/2542.pdf HTTP/1.1" 200 275841
190.147.45.89 - - [27/Dec/2014:12:27:49 -0500] "GET /BLA/boletinlegal/js/jquery.scrollTo-min.js HTTP/1.1" 200 1150
190.147.45.89 - - [27/Dec/2014:12:27:49 -0500] "GET /BLA/boletinlegal/js/jquery.scrollShow.js HTTP/1.1" 200 4586
190.147.45.89 - - [27/Dec/2014:12:27:49 -0500] "GET /BLA/boletinlegal/js/jquery.js HTTP/1.1" 200 57254
66.249.73.163 - - [27/Dec/2014:12:28:07 -0500] "GET /BLA/resoluciones/RESOLUCIONES%202001/2001%201050-1099.TIF HTTP/1.1" 200 17232248
66.249.73.163 - - [27/Dec/2014:12:28:29 -0500] "GET /galeria/carrusel/Carrusel/jquery.thumbnailScroller.js HTTP/1.1" 200 8157
66.249.73.155 - - [27/Dec/2014:12:28:29 -0500] "GET /galeria/carrusel/Carrusel/jquery.thumbnailScroller.css HTTP/1.1" 200 2066
66.249.73.171 - - [27/Dec/2014:12:28:50 -0500] "GET /galeria/carrusel/Carrusel/jquery-ui-1.8.13.custom.min.js HTTP/1.1" 200 10800
186.84.40.34 - - [27/Dec/2014:12:29:01 -0500] "POST /forms/lservlet;jsessionid=ac16012b30d5f45d3a432e774dcea183dfd7e0dcc671.e3iSbxaKaheRe34Sa3yKbhiTahb0n6jAmljGr5XDqQLvpAe HTTP/1.1" 200 2
66.249.73.163 - - [27/Dec/2014:12:29:11 -0500] "GET /BLA/resoluciones/RESOLUCIONES%202011/5904.pdf HTTP/1.1" 304 -
186.29.107.118 - - [27/Dec/2014:12:29:24 -0500] "POST /forms/lservlet;jsessionid=ac16012b30d564c7666bfd894cd99c38e674625679a3.e3iSbxaKaheRe34Sa3yKbhiTahb0n6jAmljGr5XDqQLvpAe HTTP/1.1" 200 2
190.125.30.120 - - [27/Dec/2014:12:29:30 -0500] "GET /BLA/boletinlegal/js/jquery.scrollTo-min.js HTTP/1.1" 200 1150
190.125.30.120 - - [27/Dec/2014:12:29:31 -0500] "GET /BLA/boletinlegal/js/jquery.js HTTP/1.1" 200 57254
190.125.30.120 - - [27/Dec/2014:12:29:31 -0500] "GET /BLA/boletinlegal/js/jquery.scrollShow.js HTTP/1.1" 200 4586
100.43.85.25 - - [27/Dec/2014:12:29:34 -0500] "GET /StormSDA/storm_silv/OpenRemote.jar HTTP/1.1" 200 11535
186.30.66.14 - - [27/Dec/2014:12:29:40 -0500] "POST /forms/lservlet;jsessionid=ac16012b30d53ea9f84bca5f42a9821692df51710c28.e3iSbxaKaheRe34Sa3yKbhiTahb0n6jAmljGr5XDqQLvpAe HTTP/1.1" 200 2
190.84.185.167 - - [27/Dec/2014:12:29:47 -0500] "GET /forest/session.jsp?a=0.8628582486417145 HTTP/1.1" 200 5
190.84.185.167 - - [27/Dec/2014:12:29:47 -0500] "GET /forest/login.jsp?a=0.11577253206633031 HTTP/1.1" 200 2996
74.86.158.107 - - [27/Dec/2014:12:30:34 -0500] "HEAD / HTTP/1.1" 302 -
186.115.219.202 - - [27/Dec/2014:12:30:52 -0500] "GET /BLA/boletinlegal/js/jquery.js HTTP/1.1" 304 -
181.48.206.10 - - [27/Dec/2014:12:30:52 -0500] "GET /BLA/boletinlegal/js/jquery.scrollTo-min.js HTTP/1.1" 304 -
181.48.206.10 - - [27/Dec/2014:12:30:52 -0500] "GET /BLA/boletinlegal/js/jquery.scrollShow.js HTTP/1.1" 304 -
186.84.40.34 - - [27/Dec/2014:12:31:01 -0500] "POST /forms/lservlet;jsessionid=ac16012b30d5f45d3a432e774dcea183dfd7e0dcc671.e3iSbxaKaheRe34Sa3yKbhiTahb0n6jAmljGr5XDqQLvpAe HTTP/1.1" 200 2
186.115.219.202 - - [27/Dec/2014:12:31:11 -0500] "GET /BLA/boletinlegal/js/jquery.js HTTP/1.1" 304 -
181.48.206.10 - - [27/Dec/2014:12:31:11 -0500] "GET /BLA/boletinlegal/js/jquery.scrollTo-min.js HTTP/1.1" 304 -
181.48.206.10 - - [27/Dec/2014:12:31:11 -0500] "GET /BLA/boletinlegal/js/jquery.scrollShow.js HTTP/1.1" 304 -
186.29.107.118 - - [27/Dec/2014:12:31:24 -0500] "POST /forms/lservlet;jsessionid=ac16012b30d564c7666bfd894cd99c38e674625679a3.e3iSbxaKaheRe34Sa3yKbhiTahb0n6jAmljGr5XDqQLvpAe HTTP/1.1" 200 2
186.30.66.14 - - [27/Dec/2014:12:31:42 -0500] "POST /forms/lservlet;jsessionid=ac16012b30d53ea9f84bca5f42a9821692df51710c28.e3iSbxaKaheRe34Sa3yKbhiTahb0n6jAmljGr5XDqQLvpAe HTTP/1.1" 200 2
66.249.73.163 - - [27/Dec/2014:12:31:47 -0500] "GET /BLA/resoluciones/RESOLUCIONES%202001/2001%20950-999.TIF HTTP/1.1" 200 8193358
181.48.206.10 - - [27/Dec/2014:12:32:08 -0500] "GET /BLA/boletinlegal/js/jquery.scrollTo-min.js HTTP/1.1" 304 -
181.48.206.10 - - [27/Dec/2014:12:32:08 -0500] "GET /BLA/boletinlegal/js/jquery.scrollShow.js HTTP/1.1" 304 -
186.115.219.202 - - [27/Dec/2014:12:32:08 -0500] "GET /BLA/boletinlegal/js/jquery.js HTTP/1.1" 304 -
190.158.194.222 - - [27/Dec/2014:12:32:08 -0500] "GET /BLA/boletinlegal/js/jquery.scrollShow.js HTTP/1.1" 200 4586
190.158.194.222 - - [27/Dec/2014:12:32:08 -0500] "GET /BLA/boletinlegal/js/jquery.scrollTo-min.js HTTP/1.1" 200 1150
190.158.194.222 - - [27/Dec/2014:12:32:08 -0500] "GET /BLA/boletinlegal/js/jquery.js HTTP/1.1" 200 57254
186.115.219.202 - - [27/Dec/2014:12:32:21 -0500] "GET /BLA/ HTTP/1.1" 200 538
84.95.88.100 - - [27/Dec/2014:12:32:27 -0500] "HEAD / HTTP/1.0" 302 -
181.136.120.152 - - [27/Dec/2014:12:32:50 -0500] "GET /BLA/resoluciones/RESOLUCIONES%202009/1803.pdf HTTP/1.1" 200 613104
181.136.120.152 - - [27/Dec/2014:12:32:50 -0500] "GET /BLA/resoluciones/RESOLUCIONES%202009/1803.pdf HTTP/1.1" 206 32768
181.136.120.152 - - [27/Dec/2014:12:32:50 -0500] "GET /BLA/resoluciones/RESOLUCIONES%202009/1803.pdf HTTP/1.1" 206 580336
181.136.120.152 - - [27/Dec/2014:12:32:51 -0500] "GET /favicon.ico HTTP/1.1" 200 7782
186.115.219.202 - - [27/Dec/2014:12:32:23 -0500] "GET /BLA/boletinlegal/index.php HTTP/1.1" 200 49382
186.84.40.34 - - [27/Dec/2014:12:33:01 -0500] "POST /forms/lservlet;jsessionid=ac16012b30d5f45d3a432e774dcea183dfd7e0dcc671.e3iSbxaKaheRe34Sa3yKbhiTahb0n6jAmljGr5XDqQLvpAe HTTP/1.1" 200 2
186.155.152.80 - - [27/Dec/2014:12:33:14 -0500] "GET /BLA/boletinlegal/js/jquery.js HTTP/1.1" 200 57254
186.155.152.80 - - [27/Dec/2014:12:33:14 -0500] "GET /BLA/boletinlegal/js/jquery.scrollTo-min.js HTTP/1.1" 200 1150
186.155.152.80 - - [27/Dec/2014:12:33:14 -0500] "GET /BLA/boletinlegal/js/jquery.scrollShow.js HTTP/1.1" 200 4586
186.155.152.80 - - [27/Dec/2014:12:33:14 -0500] "GET /galeria/carrusel/Carrusel/jquery.thumbnailScroller.css HTTP/1.1" 200 2066
186.155.152.80 - - [27/Dec/2014:12:33:14 -0500] "GET /galeria/carrusel/Carrusel/jquery-ui-1.8.13.custom.min.js HTTP/1.1" 200 10800
186.155.152.80 - - [27/Dec/2014:12:33:14 -0500] "GET /galeria/carrusel/Carrusel/jquery.thumbnailScroller.js HTTP/1.1" 200 8157
186.155.152.80 - - [27/Dec/2014:12:33:15 -0500] "GET /galeria/nivo-slider/demo/demo.html HTTP/1.1" 200 3237
186.155.152.80 - - [27/Dec/2014:12:33:15 -0500] "GET /galeria/nivo-slider/themes/default/default.css HTTP/1.1" 200 1569
186.155.152.80 - - [27/Dec/2014:12:33:15 -0500] "GET /galeria/nivo-slider/themes/pascal/pascal.css HTTP/1.1" 200 2258
186.155.152.80 - - [27/Dec/2014:12:33:15 -0500] "GET /galeria/nivo-slider/nivo-slider.css HTTP/1.1" 200 1507
186.155.152.80 - - [27/Dec/2014:12:33:15 -0500] "GET /galeria/nivo-slider/themes/orman/orman.css HTTP/1.1" 200 2152
186.155.152.80 - - [27/Dec/2014:12:33:15 -0500] "GET /galeria/nivo-slider/demo/style.css HTTP/1.1" 200 2222
186.155.152.80 - - [27/Dec/2014:12:33:15 -0500] "GET /galeria/nivo-slider/demo/scripts/jquery-1.7.1.min.js HTTP/1.1" 200 93868
186.155.152.80 - - [27/Dec/2014:12:33:15 -0500] "GET /galeria/nivo-slider/jquery.nivo.slider.pack.js HTTP/1.1" 200 11561
186.155.152.80 - - [27/Dec/2014:12:33:15 -0500] "GET /galeria/nivo-slider/demo/images/Ruta-vertimientos-01.jpg HTTP/1.1" 200 130151
186.155.152.80 - - [27/Dec/2014:12:33:15 -0500] "GET /galeria/nivo-slider/demo/images/bolsas-08.jpg HTTP/1.1" 200 85589
186.155.152.80 - - [27/Dec/2014:12:33:15 -0500] "GET /galeria/nivo-slider/demo/images/bolsas-06.jpg HTTP/1.1" 200 90982
186.155.152.80 - - [27/Dec/2014:12:33:15 -0500] "GET /galeria/nivo-slider/demo/images/ecolecta-Dic2014.png HTTP/1.1" 200 288593
186.155.152.80 - - [27/Dec/2014:12:33:16 -0500] "GET /galeria/nivo-slider/demo/images/Banner-GAE3.jpg HTTP/1.1" 200 146354
186.155.152.80 - - [27/Dec/2014:12:33:16 -0500] "GET /galeria/nivo-slider/demo/images/porloshumedales.jpg HTTP/1.1" 200 351238
186.29.107.118 - - [27/Dec/2014:12:33:18 -0500] "POST /forms/lservlet;jsessionid=ac16012b30d564c7666bfd894cd99c38e674625679a3.e3iSbxaKaheRe34Sa3yKbhiTahb0n6jAmljGr5XDqQLvpAe HTTP/1.1" 200 34713
186.155.152.80 - - [27/Dec/2014:12:33:18 -0500] "GET /galeria/nivo-slider/demo/images/Tingua-azul.jpg HTTP/1.1" 200 307638
186.155.152.80 - - [27/Dec/2014:12:33:18 -0500] "GET /galeria/nivo-slider/demo/images/Banner-Caracol-Africano.jpg HTTP/1.1" 200 331986
186.155.152.80 - - [27/Dec/2014:12:33:19 -0500] "GET /galeria/nivo-slider/demo/images/banner-redes.jpg HTTP/1.1" 200 62209
186.155.152.80 - - [27/Dec/2014:12:33:19 -0500] "GET /galeria/nivo-slider/demo/images/9Signos.jpg HTTP/1.1" 200 93040
186.155.152.80 - - [27/Dec/2014:12:33:19 -0500] "GET /galeria/nivo-slider/demo/images/banner-llantas2.jpg HTTP/1.1" 200 73153
186.29.107.118 - - [27/Dec/2014:12:33:19 -0500] "GET /imagenes/listval.gif HTTP/1.1" 200 905
186.29.107.118 - - [27/Dec/2014:12:33:19 -0500] "GET /imagenes/tree1.gif HTTP/1.1" 200 1161
186.29.107.118 - - [27/Dec/2014:12:33:20 -0500] "GET /imagenes/listval.gif HTTP/1.1" 200 905
186.29.107.118 - - [27/Dec/2014:12:33:20 -0500] "GET /imagenes/CAMERA3.gif HTTP/1.1" 200 4150
186.29.107.118 - - [27/Dec/2014:12:33:20 -0500] "GET /imagenes/SLIDE1.gif HTTP/1.1" 200 1111
186.29.107.118 - - [27/Dec/2014:12:33:20 -0500] "GET /imagenes/flexcomb.gif HTTP/1.1" 200 1169
186.29.107.118 - - [27/Dec/2014:12:33:20 -0500] "GET /imagenes/GO.gif HTTP/1.1" 200 904
186.29.107.118 - - [27/Dec/2014:12:33:20 -0500] "GET /imagenes/HRTOOLS.gif HTTP/1.1" 200 2238
186.29.107.118 - - [27/Dec/2014:12:33:20 -0500] "GET /imagenes/rt_rec1.gif HTTP/1.1" 200 867
186.29.107.118 - - [27/Dec/2014:12:33:20 -0500] "GET /imagenes/apply.gif HTTP/1.1" 200 903
186.29.107.118 - - [27/Dec/2014:12:33:20 -0500] "GET /imagenes/exit.gif HTTP/1.1" 200 916
186.29.107.118 - - [27/Dec/2014:12:33:20 -0500] "GET /imagenes/LISTVAL.gif HTTP/1.1" 200 905
186.29.107.118 - - [27/Dec/2014:12:33:20 -0500] "GET /imagenes/edit.gif HTTP/1.1" 200 919
186.29.107.118 - - [27/Dec/2014:12:33:20 -0500] "GET /imagenes/rt_rec4.gif HTTP/1.1" 200 865
186.29.107.118 - - [27/Dec/2014:12:33:20 -0500] "GET /imagenes/rt_rec3.gif HTTP/1.1" 200 844
186.29.107.118 - - [27/Dec/2014:12:33:20 -0500] "GET /imagenes/rt_rec2.gif HTTP/1.1" 200 847
186.155.152.80 - - [27/Dec/2014:12:33:20 -0500] "GET /galeria/nivo-slider/demo/images/banner-caballos.png HTTP/1.1" 200 389106
186.29.107.118 - - [27/Dec/2014:12:33:20 -0500] "GET /imagenes/rt_rdel.gif HTTP/1.1" 200 899
186.29.107.118 - - [27/Dec/2014:12:33:20 -0500] "GET /imagenes/rt_radd.gif HTTP/1.1" 200 907
186.29.107.118 - - [27/Dec/2014:12:33:20 -0500] "GET /imagenes/rt_quer3.gif HTTP/1.1" 200 939
186.29.107.118 - - [27/Dec/2014:12:33:20 -0500] "GET /imagenes/rt_quer2.gif HTTP/1.1" 200 936
186.29.107.118 - - [27/Dec/2014:12:33:20 -0500] "GET /imagenes/rt_quer1.gif HTTP/1.1" 200 930
186.29.107.118 - - [27/Dec/2014:12:33:20 -0500] "GET /imagenes/rt_save.gif HTTP/1.1" 200 903
186.29.107.118 - - [27/Dec/2014:12:33:20 -0500] "GET /imagenes/rt_pset.gif HTTP/1.1" 200 914
186.29.107.118 - - [27/Dec/2014:12:33:20 -0500] "GET /imagenes/QUEJA.gif HTTP/1.1" 200 1091
186.29.107.118 - - [27/Dec/2014:12:33:20 -0500] "GET /imagenes/ARBOL.gif HTTP/1.1" 200 1026
186.29.107.118 - - [27/Dec/2014:12:33:20 -0500] "GET /imagenes/Clipboard.gif HTTP/1.1" 200 1466
186.29.107.118 - - [27/Dec/2014:12:33:20 -0500] "GET /imagenes/DINERO.gif HTTP/1.1" 200 1766
186.29.107.118 - - [27/Dec/2014:12:33:20 -0500] "GET /imagenes/URGENTE.gif HTTP/1.1" 200 964
186.29.107.118 - - [27/Dec/2014:12:33:20 -0500] "GET /imagenes/TREE4.gif HTTP/1.1" 200 4150
186.29.107.118 - - [27/Dec/2014:12:33:21 -0500] "POST /forms/lservlet;jsessionid=ac16012b30d564c7666bfd894cd99c38e674625679a3.e3iSbxaKaheRe34Sa3yKbhiTahb0n6jAmljGr5XDqQLvpAe HTTP/1.1" 200 7
186.29.107.118 - - [27/Dec/2014:12:33:21 -0500] "POST /forms/lservlet;jsessionid=ac16012b30d564c7666bfd894cd99c38e674625679a3.e3iSbxaKaheRe34Sa3yKbhiTahb0n6jAmljGr5XDqQLvpAe HTTP/1.1" 200 34
186.29.107.118 - - [27/Dec/2014:12:33:21 -0500] "POST /forms/lservlet;jsessionid=ac16012b30d564c7666bfd894cd99c38e674625679a3.e3iSbxaKaheRe34Sa3yKbhiTahb0n6jAmljGr5XDqQLvpAe HTTP/1.1" 200 2
186.155.152.80 - - [27/Dec/2014:12:33:21 -0500] "GET /galeria/nivo-slider/themes/default/loading.gif HTTP/1.1" 200 1737
186.155.152.80 - - [27/Dec/2014:12:33:21 -0500] "GET /galeria/nivo-slider/demo/images/4Simple_Slider.png HTTP/1.1" 200 11722
186.29.107.118 - - [27/Dec/2014:12:33:22 -0500] "POST /forms/lservlet;jsessionid=ac16012b30d564c7666bfd894cd99c38e674625679a3.e3iSbxaKaheRe34Sa3yKbhiTahb0n6jAmljGr5XDqQLvpAe HTTP/1.1" 200 2
186.29.107.118 - - [27/Dec/2014:12:33:22 -0500] "POST /forms/lservlet;jsessionid=ac16012b30d564c7666bfd894cd99c38e674625679a3.e3iSbxaKaheRe34Sa3yKbhiTahb0n6jAmljGr5XDqQLvpAe HTTP/1.1" 200 699
186.29.107.118 - - [27/Dec/2014:12:33:22 -0500] "GET /imagenes/Srch_frw.gif HTTP/1.1" 200 925
186.29.107.118 - - [27/Dec/2014:12:33:22 -0500] "POST /forms/lservlet;jsessionid=ac16012b30d564c7666bfd894cd99c38e674625679a3.e3iSbxaKaheRe34Sa3yKbhiTahb0n6jAmljGr5XDqQLvpAe HTTP/1.1" 200 10
186.155.152.80 - - [27/Dec/2014:12:33:23 -0500] "GET /galeria/nivo-slider/themes/default/bullets.png HTTP/1.1" 200 1281
186.155.152.80 - - [27/Dec/2014:12:33:23 -0500] "GET /galeria/nivo-slider/themes/default/arrows.png HTTP/1.1" 200 824
186.29.107.118 - - [27/Dec/2014:12:33:24 -0500] "POST /forms/lservlet;jsessionid=ac16012b30d564c7666bfd894cd99c38e674625679a3.e3iSbxaKaheRe34Sa3yKbhiTahb0n6jAmljGr5XDqQLvpAe HTTP/1.1" 200 24
186.29.107.118 - - [27/Dec/2014:12:33:29 -0500] "POST /forms/lservlet;jsessionid=ac16012b30d564c7666bfd894cd99c38e674625679a3.e3iSbxaKaheRe34Sa3yKbhiTahb0n6jAmljGr5XDqQLvpAe HTTP/1.1" 200 2
186.29.107.118 - - [27/Dec/2014:12:33:29 -0500] "POST /forms/lservlet;jsessionid=ac16012b30d564c7666bfd894cd99c38e674625679a3.e3iSbxaKaheRe34Sa3yKbhiTahb0n6jAmljGr5XDqQLvpAe HTTP/1.1" 200 4315
186.29.107.118 - - [27/Dec/2014:12:33:30 -0500] "POST /forms/lservlet;jsessionid=ac16012b30d564c7666bfd894cd99c38e674625679a3.e3iSbxaKaheRe34Sa3yKbhiTahb0n6jAmljGr5XDqQLvpAe HTTP/1.1" 200 2
82.246.26.79 - - [27/Dec/2014:12:33:33 -0500] "GET /BLA/boletinlegal/js/jquery.js HTTP/1.1" 200 57254
82.246.26.79 - - [27/Dec/2014:12:33:33 -0500] "GET /BLA/boletinlegal/js/jquery.scrollShow.js HTTP/1.1" 200 4586
82.246.26.79 - - [27/Dec/2014:12:33:33 -0500] "GET /BLA/boletinlegal/js/jquery.scrollTo-min.js HTTP/1.1" 200 1150
186.29.107.118 - - [27/Dec/2014:12:33:36 -0500] "POST /forms/lservlet;jsessionid=ac16012b30d564c7666bfd894cd99c38e674625679a3.e3iSbxaKaheRe34Sa3yKbhiTahb0n6jAmljGr5XDqQLvpAe HTTP/1.1" 200 2
186.29.107.118 - - [27/Dec/2014:12:33:36 -0500] "POST /forms/lservlet;jsessionid=ac16012b30d564c7666bfd894cd99c38e674625679a3.e3iSbxaKaheRe34Sa3yKbhiTahb0n6jAmljGr5XDqQLvpAe HTTP/1.1" 200 2399
186.29.107.118 - - [27/Dec/2014:12:33:36 -0500] "GET /imagenes/Srch_frw.gif HTTP/1.1" 200 925
186.29.107.118 - - [27/Dec/2014:12:33:36 -0500] "POST /forms/lservlet;jsessionid=ac16012b30d564c7666bfd894cd99c38e674625679a3.e3iSbxaKaheRe34Sa3yKbhiTahb0n6jAmljGr5XDqQLvpAe HTTP/1.1" 200 10
186.30.66.14 - - [27/Dec/2014:12:33:42 -0500] "POST /forms/lservlet;jsessionid=ac16012b30d53ea9f84bca5f42a9821692df51710c28.e3iSbxaKaheRe34Sa3yKbhiTahb0n6jAmljGr5XDqQLvpAe HTTP/1.1" 200 2
186.29.107.118 - - [27/Dec/2014:12:33:45 -0500] "POST /forms/lservlet;jsessionid=ac16012b30d564c7666bfd894cd99c38e674625679a3.e3iSbxaKaheRe34Sa3yKbhiTahb0n6jAmljGr5XDqQLvpAe HTTP/1.1" 200 24
186.29.107.118 - - [27/Dec/2014:12:33:45 -0500] "POST /forms/lservlet;jsessionid=ac16012b30d564c7666bfd894cd99c38e674625679a3.e3iSbxaKaheRe34Sa3yKbhiTahb0n6jAmljGr5XDqQLvpAe HTTP/1.1" 200 3780
186.29.107.118 - - [27/Dec/2014:12:33:46 -0500] "POST /forms/lservlet;jsessionid=ac16012b30d564c7666bfd894cd99c38e674625679a3.e3iSbxaKaheRe34Sa3yKbhiTahb0n6jAmljGr5XDqQLvpAe HTTP/1.1" 200 2
186.29.107.118 - - [27/Dec/2014:12:33:59 -0500] "POST /forms/lservlet;jsessionid=ac16012b30d564c7666bfd894cd99c38e674625679a3.e3iSbxaKaheRe34Sa3yKbhiTahb0n6jAmljGr5XDqQLvpAe HTTP/1.1" 200 2
186.29.107.118 - - [27/Dec/2014:12:33:59 -0500] "POST /forms/lservlet;jsessionid=ac16012b30d564c7666bfd894cd99c38e674625679a3.e3iSbxaKaheRe34Sa3yKbhiTahb0n6jAmljGr5XDqQLvpAe HTTP/1.1" 200 2333
186.29.107.118 - - [27/Dec/2014:12:34:00 -0500] "GET /imagenes/Srch_frw.gif HTTP/1.1" 200 925
186.29.107.118 - - [27/Dec/2014:12:34:00 -0500] "POST /forms/lservlet;jsessionid=ac16012b30d564c7666bfd894cd99c38e674625679a3.e3iSbxaKaheRe34Sa3yKbhiTahb0n6jAmljGr5XDqQLvpAe HTTP/1.1" 200 10
66.249.73.155 - - [27/Dec/2014:12:33:26 -0500] "GET /BLA/boletinlegal/index.php HTTP/1.1" 200 49382
66.249.73.163 - - [27/Dec/2014:12:34:03 -0500] "GET /BLA/resoluciones/RESOLUCIONES%202007/RES%202007%203201%20AL%203300/RESOLUCION%203249%20DE%202007.pdf HTTP/1.1" 200 496675
186.29.107.118 - - [27/Dec/2014:12:34:05 -0500] "POST /forms/lservlet;jsessionid=ac16012b30d564c7666bfd894cd99c38e674625679a3.e3iSbxaKaheRe34Sa3yKbhiTahb0n6jAmljGr5XDqQLvpAe HTTP/1.1" 200 24
186.29.107.118 - - [27/Dec/2014:12:34:05 -0500] "POST /forms/lservlet;jsessionid=ac16012b30d564c7666bfd894cd99c38e674625679a3.e3iSbxaKaheRe34Sa3yKbhiTahb0n6jAmljGr5XDqQLvpAe HTTP/1.1" 200 3816
186.29.107.118 - - [27/Dec/2014:12:34:06 -0500] "POST /forms/lservlet;jsessionid=ac16012b30d564c7666bfd894cd99c38e674625679a3.e3iSbxaKaheRe34Sa3yKbhiTahb0n6jAmljGr5XDqQLvpAe HTTP/1.1" 200 2
186.29.107.118 - - [27/Dec/2014:12:34:24 -0500] "POST /forms/lservlet;jsessionid=ac16012b30d564c7666bfd894cd99c38e674625679a3.e3iSbxaKaheRe34Sa3yKbhiTahb0n6jAmljGr5XDqQLvpAe HTTP/1.1" 200 2
186.29.107.118 - - [27/Dec/2014:12:34:24 -0500] "POST /forms/lservlet;jsessionid=ac16012b30d564c7666bfd894cd99c38e674625679a3.e3iSbxaKaheRe34Sa3yKbhiTahb0n6jAmljGr5XDqQLvpAe HTTP/1.1" 200 2345
186.29.107.118 - - [27/Dec/2014:12:34:24 -0500] "GET /imagenes/Srch_frw.gif HTTP/1.1" 200 925
186.29.107.118 - - [27/Dec/2014:12:34:24 -0500] "POST /forms/lservlet;jsessionid=ac16012b30d564c7666bfd894cd99c38e674625679a3.e3iSbxaKaheRe34Sa3yKbhiTahb0n6jAmljGr5XDqQLvpAe HTTP/1.1" 200 10
66.249.65.192 - - [27/Dec/2014:12:34:25 -0500] "GET /POT-2013/Cartografia/14_Sistema%20de%20Movilidad_Subsistema%20Vial_FEB.pdf HTTP/1.1" 200 4617200
201.245.192.253 - - [27/Dec/2014:12:34:26 -0500] "GET /videos/ArchivoSDA.flv HTTP/1.1" 304 -
186.29.107.118 - - [27/Dec/2014:12:34:29 -0500] "POST /forms/lservlet;jsessionid=ac16012b30d564c7666bfd894cd99c38e674625679a3.e3iSbxaKaheRe34Sa3yKbhiTahb0n6jAmljGr5XDqQLvpAe HTTP/1.1" 200 24
186.29.107.118 - - [27/Dec/2014:12:34:29 -0500] "POST /forms/lservlet;jsessionid=ac16012b30d564c7666bfd894cd99c38e674625679a3.e3iSbxaKaheRe34Sa3yKbhiTahb0n6jAmljGr5XDqQLvpAe HTTP/1.1" 200 4360
186.29.107.118 - - [27/Dec/2014:12:34:30 -0500] "POST /forms/lservlet;jsessionid=ac16012b30d564c7666bfd894cd99c38e674625679a3.e3iSbxaKaheRe34Sa3yKbhiTahb0n6jAmljGr5XDqQLvpAe HTTP/1.1" 200 2
66.249.73.155 - - [27/Dec/2014:12:34:32 -0500] "GET /BLA/resoluciones/RESOLUCIONES%202006/RES%202006%20%202851-2900/00002867.tif HTTP/1.1" 200 37544
66.249.73.163 - - [27/Dec/2014:12:34:39 -0500] "GET /BLA/resoluciones/RESOLUCIONES%202007/RES%202007%203101%20AL%203200/RESOLUCION%203160%20DE%202007.pdf HTTP/1.1" 200 341895
186.84.40.34 - - [27/Dec/2014:12:35:01 -0500] "POST /forms/lservlet;jsessionid=ac16012b30d5f45d3a432e774dcea183dfd7e0dcc671.e3iSbxaKaheRe34Sa3yKbhiTahb0n6jAmljGr5XDqQLvpAe HTTP/1.1" 200 2
66.249.73.155 - - [27/Dec/2014:12:35:22 -0500] "GET /BLA/resoluciones/index.php?dir=RESOLUCIONES%202003/&sort=name&order=desc HTTP/1.1" 200 12285
186.29.107.118 - - [27/Dec/2014:12:35:24 -0500] "POST /forms/lservlet;jsessionid=ac16012b30d564c7666bfd894cd99c38e674625679a3.e3iSbxaKaheRe34Sa3yKbhiTahb0n6jAmljGr5XDqQLvpAe HTTP/1.1" 200 2
66.249.73.155 - - [27/Dec/2014:12:35:29 -0500] "GET /BLA/resoluciones/RESOLUCIONES%202001/2001%20550-599.TIF HTTP/1.1" 200 9191456
74.86.158.107 - - [27/Dec/2014:12:35:34 -0500] "HEAD / HTTP/1.1" 302 -
186.30.66.14 - - [27/Dec/2014:12:35:42 -0500] "POST /forms/lservlet;jsessionid=ac16012b30d53ea9f84bca5f42a9821692df51710c28.e3iSbxaKaheRe34Sa3yKbhiTahb0n6jAmljGr5XDqQLvpAe HTTP/1.1" 200 2
66.249.73.163 - - [27/Dec/2014:12:35:56 -0500] "GET /BLA/resoluciones/Autos%202008/2339.pdf HTTP/1.1" 200 122398
66.249.73.163 - - [27/Dec/2014:12:36:04 -0500] "GET /BLA/resoluciones/RESOLUCIONES%202007/RES%202007%20301%20AL%20400/RESOLUCION%200391%20DE%202007.pdf HTTP/1.1" 200 639547
66.249.73.163 - - [27/Dec/2014:12:36:11 -0500] "GET /BLA/resoluciones/RESOLUCIONES%202010/4758.pdf HTTP/1.1" 200 602785
186.29.107.118 - - [27/Dec/2014:12:36:12 -0500] "POST /forms/lservlet;jsessionid=ac16012b30d564c7666bfd894cd99c38e674625679a3.e3iSbxaKaheRe34Sa3yKbhiTahb0n6jAmljGr5XDqQLvpAe HTTP/1.1" 200 2
186.29.107.118 - - [27/Dec/2014:12:36:12 -0500] "POST /forms/lservlet;jsessionid=ac16012b30d564c7666bfd894cd99c38e674625679a3.e3iSbxaKaheRe34Sa3yKbhiTahb0n6jAmljGr5XDqQLvpAe HTTP/1.1" 200 2352
186.29.107.118 - - [27/Dec/2014:12:36:12 -0500] "GET /imagenes/Srch_frw.gif HTTP/1.1" 200 925
186.29.107.118 - - [27/Dec/2014:12:36:13 -0500] "POST /forms/lservlet;jsessionid=ac16012b30d564c7666bfd894cd99c38e674625679a3.e3iSbxaKaheRe34Sa3yKbhiTahb0n6jAmljGr5XDqQLvpAe HTTP/1.1" 200 10
66.249.73.171 - - [27/Dec/2014:12:36:25 -0500] "GET /BLA/resoluciones/RESOLUCIONES%202009/0339.pdf HTTP/1.1" 304 -
66.249.73.171 - - [27/Dec/2014:12:36:34 -0500] "GET /BLA/resoluciones/RESOLUCIONES%202010/4686.pdf HTTP/1.1" 200 750583
201.245.192.253 - - [27/Dec/2014:12:36:35 -0500] "GET /BLA/boletinlegal/js/jquery.js HTTP/1.1" 304 -
201.245.192.253 - - [27/Dec/2014:12:36:35 -0500] "GET /BLA/boletinlegal/js/jquery.scrollTo-min.js HTTP/1.1" 304 -
201.245.192.253 - - [27/Dec/2014:12:36:35 -0500] "GET /BLA/boletinlegal/js/jquery.scrollShow.js HTTP/1.1" 304 -
66.249.73.155 - - [27/Dec/2014:12:36:43 -0500] "GET /BLA/resoluciones/AUTOS%202011/2881.pdf HTTP/1.1" 200 159195
186.84.40.34 - - [27/Dec/2014:12:37:02 -0500] "POST /forms/lservlet;jsessionid=ac16012b30d5f45d3a432e774dcea183dfd7e0dcc671.e3iSbxaKaheRe34Sa3yKbhiTahb0n6jAmljGr5XDqQLvpAe HTTP/1.1" 200 2
186.29.107.118 - - [27/Dec/2014:12:37:03 -0500] "POST /forms/lservlet;jsessionid=ac16012b30d564c7666bfd894cd99c38e674625679a3.e3iSbxaKaheRe34Sa3yKbhiTahb0n6jAmljGr5XDqQLvpAe HTTP/1.1" 200 24
186.29.107.118 - - [27/Dec/2014:12:37:03 -0500] "POST /forms/lservlet;jsessionid=ac16012b30d564c7666bfd894cd99c38e674625679a3.e3iSbxaKaheRe34Sa3yKbhiTahb0n6jAmljGr5XDqQLvpAe HTTP/1.1" 200 3786
186.29.107.118 - - [27/Dec/2014:12:37:04 -0500] "POST /forms/lservlet;jsessionid=ac16012b30d564c7666bfd894cd99c38e674625679a3.e3iSbxaKaheRe34Sa3yKbhiTahb0n6jAmljGr5XDqQLvpAe HTTP/1.1" 200 2
