186.29.107.118 - - [27/Dec/2014:12:37:09 -0500] "POST /forms/lservlet;jsessionid=ac16012b30d564c7666bfd894cd99c38e674625679a3.e3iSbxaKaheRe34Sa3yKbhiTahb0n6jAmljGr5XDqQLvpAe HTTP/1.1" 200 2
186.29.107.118 - - [27/Dec/2014:12:37:09 -0500] "POST /forms/lservlet;jsessionid=ac16012b30d564c7666bfd894cd99c38e674625679a3.e3iSbxaKaheRe34Sa3yKbhiTahb0n6jAmljGr5XDqQLvpAe HTTP/1.1" 200 2333
186.29.107.118 - - [27/Dec/2014:12:37:09 -0500] "GET /imagenes/Srch_frw.gif HTTP/1.1" 200 925
186.29.107.118 - - [27/Dec/2014:12:37:09 -0500] "POST /forms/lservlet;jsessionid=ac16012b30d564c7666bfd894cd99c38e674625679a3.e3iSbxaKaheRe34Sa3yKbhiTahb0n6jAmljGr5XDqQLvpAe HTTP/1.1" 200 10
186.29.107.118 - - [27/Dec/2014:12:37:18 -0500] "POST /forms/lservlet;jsessionid=ac16012b30d564c7666bfd894cd99c38e674625679a3.e3iSbxaKaheRe34Sa3yKbhiTahb0n6jAmljGr5XDqQLvpAe HTTP/1.1" 200 24
186.29.107.118 - - [27/Dec/2014:12:37:18 -0500] "POST /forms/lservlet;jsessionid=ac16012b30d564c7666bfd894cd99c38e674625679a3.e3iSbxaKaheRe34Sa3yKbhiTahb0n6jAmljGr5XDqQLvpAe HTTP/1.1" 200 3899
186.29.107.118 - - [27/Dec/2014:12:37:18 -0500] "POST /forms/lservlet;jsessionid=ac16012b30d564c7666bfd894cd99c38e674625679a3.e3iSbxaKaheRe34Sa3yKbhiTahb0n6jAmljGr5XDqQLvpAe HTTP/1.1" 200 2
66.249.73.171 - - [27/Dec/2014:12:37:20 -0500] "GET /BLA/resoluciones/RESOLUCIONES%202012/0889.pdf HTTP/1.1" 200 481333
201.245.192.253 - - [27/Dec/2014:12:37:23 -0500] "GET /BLA/boletinlegal/js/jquery.scrollTo-min.js HTTP/1.1" 304 -
201.245.192.253 - - [27/Dec/2014:12:37:23 -0500] "GET /BLA/boletinlegal/js/jquery.js HTTP/1.1" 304 -
201.245.192.253 - - [27/Dec/2014:12:37:23 -0500] "GET /BLA/boletinlegal/js/jquery.scrollShow.js HTTP/1.1" 304 -
186.29.107.118 - - [27/Dec/2014:12:37:24 -0500] "POST /forms/lservlet;jsessionid=ac16012b30d564c7666bfd894cd99c38e674625679a3.e3iSbxaKaheRe34Sa3yKbhiTahb0n6jAmljGr5XDqQLvpAe HTTP/1.1" 200 2
186.29.107.118 - - [27/Dec/2014:12:37:35 -0500] "POST /forms/lservlet;jsessionid=ac16012b30d564c7666bfd894cd99c38e674625679a3.e3iSbxaKaheRe34Sa3yKbhiTahb0n6jAmljGr5XDqQLvpAe HTTP/1.1" 200 2
186.29.107.118 - - [27/Dec/2014:12:37:35 -0500] "POST /forms/lservlet;jsessionid=ac16012b30d564c7666bfd894cd99c38e674625679a3.e3iSbxaKaheRe34Sa3yKbhiTahb0n6jAmljGr5XDqQLvpAe HTTP/1.1" 200 2360
186.29.107.118 - - [27/Dec/2014:12:37:35 -0500] "GET /imagenes/Srch_frw.gif HTTP/1.1" 200 925
186.29.107.118 - - [27/Dec/2014:12:37:35 -0500] "POST /forms/lservlet;jsessionid=ac16012b30d564c7666bfd894cd99c38e674625679a3.e3iSbxaKaheRe34Sa3yKbhiTahb0n6jAmljGr5XDqQLvpAe HTTP/1.1" 200 10
186.30.66.14 - - [27/Dec/2014:12:37:42 -0500] "POST /forms/lservlet;jsessionid=ac16012b30d53ea9f84bca5f42a9821692df51710c28.e3iSbxaKaheRe34Sa3yKbhiTahb0n6jAmljGr5XDqQLvpAe HTTP/1.1" 200 2
54.244.57.118 - - [27/Dec/2014:12:37:59 -0500] "-" 408 -
54.244.57.118 - - [27/Dec/2014:12:37:59 -0500] "-" 408 -
54.244.57.118 - - [27/Dec/2014:12:37:59 -0500] "-" 408 -
186.29.107.118 - - [27/Dec/2014:12:38:16 -0500] "POST /forms/lservlet;jsessionid=ac16012b30d564c7666bfd894cd99c38e674625679a3.e3iSbxaKaheRe34Sa3yKbhiTahb0n6jAmljGr5XDqQLvpAe HTTP/1.1" 200 24
186.29.107.118 - - [27/Dec/2014:12:38:16 -0500] "POST /forms/lservlet;jsessionid=ac16012b30d564c7666bfd894cd99c38e674625679a3.e3iSbxaKaheRe34Sa3yKbhiTahb0n6jAmljGr5XDqQLvpAe HTTP/1.1" 200 4078
186.29.107.118 - - [27/Dec/2014:12:38:17 -0500] "POST /forms/lservlet;jsessionid=ac16012b30d564c7666bfd894cd99c38e674625679a3.e3iSbxaKaheRe34Sa3yKbhiTahb0n6jAmljGr5XDqQLvpAe HTTP/1.1" 200 2
66.249.73.163 - - [27/Dec/2014:12:38:18 -0500] "GET /BLA/resoluciones/RESOLUCIONES%202007/RES%202007%20601%20AL%20700/RESOLUCION%200630%20DE%202007.pdf HTTP/1.1" 200 769385
186.29.107.118 - - [27/Dec/2014:12:38:29 -0500] "POST /forms/lservlet;jsessionid=ac16012b30d564c7666bfd894cd99c38e674625679a3.e3iSbxaKaheRe34Sa3yKbhiTahb0n6jAmljGr5XDqQLvpAe HTTP/1.1" 200 2
186.29.107.118 - - [27/Dec/2014:12:38:29 -0500] "POST /forms/lservlet;jsessionid=ac16012b30d564c7666bfd894cd99c38e674625679a3.e3iSbxaKaheRe34Sa3yKbhiTahb0n6jAmljGr5XDqQLvpAe HTTP/1.1" 200 2345
186.29.107.118 - - [27/Dec/2014:12:38:30 -0500] "POST /forms/lservlet;jsessionid=ac16012b30d564c7666bfd894cd99c38e674625679a3.e3iSbxaKaheRe34Sa3yKbhiTahb0n6jAmljGr5XDqQLvpAe HTTP/1.1" 200 10
186.29.107.118 - - [27/Dec/2014:12:38:36 -0500] "POST /forms/lservlet;jsessionid=ac16012b30d564c7666bfd894cd99c38e674625679a3.e3iSbxaKaheRe34Sa3yKbhiTahb0n6jAmljGr5XDqQLvpAe HTTP/1.1" 200 24
186.29.107.118 - - [27/Dec/2014:12:38:36 -0500] "POST /forms/lservlet;jsessionid=ac16012b30d564c7666bfd894cd99c38e674625679a3.e3iSbxaKaheRe34Sa3yKbhiTahb0n6jAmljGr5XDqQLvpAe HTTP/1.1" 200 4046
186.29.107.118 - - [27/Dec/2014:12:38:37 -0500] "POST /forms/lservlet;jsessionid=ac16012b30d564c7666bfd894cd99c38e674625679a3.e3iSbxaKaheRe34Sa3yKbhiTahb0n6jAmljGr5XDqQLvpAe HTTP/1.1" 200 2
66.249.65.196 - - [27/Dec/2014:12:39:01 -0500] "GET /StormSDA/userFiles%20-%20Copy%2019-07-2012/user_files.jnlp.bak HTTP/1.1" 200 616
186.84.40.34 - - [27/Dec/2014:12:39:02 -0500] "POST /forms/lservlet;jsessionid=ac16012b30d5f45d3a432e774dcea183dfd7e0dcc671.e3iSbxaKaheRe34Sa3yKbhiTahb0n6jAmljGr5XDqQLvpAe HTTP/1.1" 200 2
66.249.73.171 - - [27/Dec/2014:12:39:07 -0500] "GET /BLA/resoluciones/RESOLUCIONES%202001/2001%201400-1449.tif HTTP/1.1" 200 8467759
186.29.107.118 - - [27/Dec/2014:12:39:24 -0500] "POST /forms/lservlet;jsessionid=ac16012b30d564c7666bfd894cd99c38e674625679a3.e3iSbxaKaheRe34Sa3yKbhiTahb0n6jAmljGr5XDqQLvpAe HTTP/1.1" 200 2
66.249.73.171 - - [27/Dec/2014:12:39:35 -0500] "GET /BLA/resoluciones/RESOLUCIONES%202008/3929.pdf HTTP/1.1" 200 538824
186.30.66.14 - - [27/Dec/2014:12:39:43 -0500] "POST /forms/lservlet;jsessionid=ac16012b30d53ea9f84bca5f42a9821692df51710c28.e3iSbxaKaheRe34Sa3yKbhiTahb0n6jAmljGr5XDqQLvpAe HTTP/1.1" 200 2
186.29.107.118 - - [27/Dec/2014:12:40:08 -0500] "POST /forms/lservlet;jsessionid=ac16012b30d564c7666bfd894cd99c38e674625679a3.e3iSbxaKaheRe34Sa3yKbhiTahb0n6jAmljGr5XDqQLvpAe HTTP/1.1" 200 2
186.29.107.118 - - [27/Dec/2014:12:40:08 -0500] "POST /forms/lservlet;jsessionid=ac16012b30d564c7666bfd894cd99c38e674625679a3.e3iSbxaKaheRe34Sa3yKbhiTahb0n6jAmljGr5XDqQLvpAe HTTP/1.1" 200 2383
186.29.107.118 - - [27/Dec/2014:12:40:08 -0500] "POST /forms/lservlet;jsessionid=ac16012b30d564c7666bfd894cd99c38e674625679a3.e3iSbxaKaheRe34Sa3yKbhiTahb0n6jAmljGr5XDqQLvpAe HTTP/1.1" 200 10
180.76.5.27 - - [27/Dec/2014:12:40:12 -0500] "GET /BLA/boletinlegal/Directivas/2011/Directiva%20No.%203%20del%2027%20de%20Mayo%20de%202011.pdf HTTP/1.1" 200 910420
186.29.107.118 - - [27/Dec/2014:12:40:13 -0500] "POST /forms/lservlet;jsessionid=ac16012b30d564c7666bfd894cd99c38e674625679a3.e3iSbxaKaheRe34Sa3yKbhiTahb0n6jAmljGr5XDqQLvpAe HTTP/1.1" 200 24
186.29.107.118 - - [27/Dec/2014:12:40:13 -0500] "POST /forms/lservlet;jsessionid=ac16012b30d564c7666bfd894cd99c38e674625679a3.e3iSbxaKaheRe34Sa3yKbhiTahb0n6jAmljGr5XDqQLvpAe HTTP/1.1" 200 3952
186.29.107.118 - - [27/Dec/2014:12:40:14 -0500] "POST /forms/lservlet;jsessionid=ac16012b30d564c7666bfd894cd99c38e674625679a3.e3iSbxaKaheRe34Sa3yKbhiTahb0n6jAmljGr5XDqQLvpAe HTTP/1.1" 200 2
66.249.73.155 - - [27/Dec/2014:12:40:16 -0500] "GET /BLA/resoluciones/AUTOS%202012/0297.pdf HTTP/1.1" 304 -
186.29.107.118 - - [27/Dec/2014:12:40:23 -0500] "POST /forms/lservlet;jsessionid=ac16012b30d564c7666bfd894cd99c38e674625679a3.e3iSbxaKaheRe34Sa3yKbhiTahb0n6jAmljGr5XDqQLvpAe HTTP/1.1" 200 2
186.29.107.118 - - [27/Dec/2014:12:40:23 -0500] "POST /forms/lservlet;jsessionid=ac16012b30d564c7666bfd894cd99c38e674625679a3.e3iSbxaKaheRe34Sa3yKbhiTahb0n6jAmljGr5XDqQLvpAe HTTP/1.1" 200 2288
186.29.107.118 - - [27/Dec/2014:12:40:24 -0500] "POST /forms/lservlet;jsessionid=ac16012b30d564c7666bfd894cd99c38e674625679a3.e3iSbxaKaheRe34Sa3yKbhiTahb0n6jAmljGr5XDqQLvpAe HTTP/1.1" 200 10
186.29.107.118 - - [27/Dec/2014:12:40:30 -0500] "POST /forms/lservlet;jsessionid=ac16012b30d564c7666bfd894cd99c38e674625679a3.e3iSbxaKaheRe34Sa3yKbhiTahb0n6jAmljGr5XDqQLvpAe HTTP/1.1" 200 24
186.29.107.118 - - [27/Dec/2014:12:40:30 -0500] "POST /forms/lservlet;jsessionid=ac16012b30d564c7666bfd894cd99c38e674625679a3.e3iSbxaKaheRe34Sa3yKbhiTahb0n6jAmljGr5XDqQLvpAe HTTP/1.1" 200 4483
186.29.107.118 - - [27/Dec/2014:12:40:31 -0500] "POST /forms/lservlet;jsessionid=ac16012b30d564c7666bfd894cd99c38e674625679a3.e3iSbxaKaheRe34Sa3yKbhiTahb0n6jAmljGr5XDqQLvpAe HTTP/1.1" 200 2
74.86.158.107 - - [27/Dec/2014:12:40:34 -0500] "HEAD / HTTP/1.1" 302 -
157.55.39.171 - - [27/Dec/2014:12:40:45 -0500] "GET /dama/libreria/php/decide.php?patron=03.1305020113&numm=9 HTTP/1.1" 404 1019
186.29.107.118 - - [27/Dec/2014:12:40:46 -0500] "POST /forms/lservlet;jsessionid=ac16012b30d564c7666bfd894cd99c38e674625679a3.e3iSbxaKaheRe34Sa3yKbhiTahb0n6jAmljGr5XDqQLvpAe HTTP/1.1" 200 2
186.29.107.118 - - [27/Dec/2014:12:40:46 -0500] "POST /forms/lservlet;jsessionid=ac16012b30d564c7666bfd894cd99c38e674625679a3.e3iSbxaKaheRe34Sa3yKbhiTahb0n6jAmljGr5XDqQLvpAe HTTP/1.1" 200 2350
186.29.107.118 - - [27/Dec/2014:12:40:46 -0500] "POST /forms/lservlet;jsessionid=ac16012b30d564c7666bfd894cd99c38e674625679a3.e3iSbxaKaheRe34Sa3yKbhiTahb0n6jAmljGr5XDqQLvpAe HTTP/1.1" 200 10
186.29.107.118 - - [27/Dec/2014:12:40:52 -0500] "POST /forms/lservlet;jsessionid=ac16012b30d564c7666bfd894cd99c38e674625679a3.e3iSbxaKaheRe34Sa3yKbhiTahb0n6jAmljGr5XDqQLvpAe HTTP/1.1" 200 24
186.29.107.118 - - [27/Dec/2014:12:40:53 -0500] "POST /forms/lservlet;jsessionid=ac16012b30d564c7666bfd894cd99c38e674625679a3.e3iSbxaKaheRe34Sa3yKbhiTahb0n6jAmljGr5XDqQLvpAe HTTP/1.1" 200 3962
186.29.107.118 - - [27/Dec/2014:12:40:53 -0500] "POST /forms/lservlet;jsessionid=ac16012b30d564c7666bfd894cd99c38e674625679a3.e3iSbxaKaheRe34Sa3yKbhiTahb0n6jAmljGr5XDqQLvpAe HTTP/1.1" 200 2
186.84.40.34 - - [27/Dec/2014:12:41:02 -0500] "POST /forms/lservlet;jsessionid=ac16012b30d5f45d3a432e774dcea183dfd7e0dcc671.e3iSbxaKaheRe34Sa3yKbhiTahb0n6jAmljGr5XDqQLvpAe HTTP/1.1" 200 2
186.29.107.118 - - [27/Dec/2014:12:41:12 -0500] "POST /forms/lservlet;jsessionid=ac16012b30d564c7666bfd894cd99c38e674625679a3.e3iSbxaKaheRe34Sa3yKbhiTahb0n6jAmljGr5XDqQLvpAe HTTP/1.1" 200 2
186.29.107.118 - - [27/Dec/2014:12:41:12 -0500] "POST /forms/lservlet;jsessionid=ac16012b30d564c7666bfd894cd99c38e674625679a3.e3iSbxaKaheRe34Sa3yKbhiTahb0n6jAmljGr5XDqQLvpAe HTTP/1.1" 200 14
186.29.107.118 - - [27/Dec/2014:12:41:13 -0500] "POST /forms/lservlet;jsessionid=ac16012b30d564c7666bfd894cd99c38e674625679a3.e3iSbxaKaheRe34Sa3yKbhiTahb0n6jAmljGr5XDqQLvpAe HTTP/1.1" 200 131
186.29.107.118 - - [27/Dec/2014:12:41:13 -0500] "POST /forms/lservlet;jsessionid=ac16012b30d564c7666bfd894cd99c38e674625679a3.e3iSbxaKaheRe34Sa3yKbhiTahb0n6jAmljGr5XDqQLvpAe HTTP/1.1" 200 2
190.157.61.50 - - [27/Dec/2014:12:41:14 -0500] "GET /BLA/boletinlegal/js/jquery.scrollTo-min.js HTTP/1.1" 200 1150
190.157.61.50 - - [27/Dec/2014:12:41:14 -0500] "GET /BLA/boletinlegal/js/jquery.js HTTP/1.1" 200 57254
190.157.61.50 - - [27/Dec/2014:12:41:14 -0500] "GET /BLA/boletinlegal/js/jquery.scrollShow.js HTTP/1.1" 200 4586
190.157.61.50 - - [27/Dec/2014:12:41:14 -0500] "GET /galeria/carrusel/Carrusel/jquery.thumbnailScroller.css HTTP/1.1" 200 2066
66.249.73.163 - - [27/Dec/2014:12:41:14 -0500] "GET /BLA/resoluciones/RESOLUCIONES%202010/6443.pdf HTTP/1.1" 200 895277
190.157.61.50 - - [27/Dec/2014:12:41:15 -0500] "GET /galeria/carrusel/Carrusel/jquery-ui-1.8.13.custom.min.js HTTP/1.1" 200 10800
190.157.61.50 - - [27/Dec/2014:12:41:16 -0500] "GET /galeria/carrusel/Carrusel/jquery.thumbnailScroller.js HTTP/1.1" 200 8157
186.29.107.118 - - [27/Dec/2014:12:41:14 -0500] "GET /reports/rwservlet/getjobid338242?server=rep_srvapsda HTTP/1.1" 200 414704
186.29.107.118 - - [27/Dec/2014:12:41:24 -0500] "POST /forms/lservlet;jsessionid=ac16012b30d564c7666bfd894cd99c38e674625679a3.e3iSbxaKaheRe34Sa3yKbhiTahb0n6jAmljGr5XDqQLvpAe HTTP/1.1" 200 2
190.157.61.50 - - [27/Dec/2014:12:41:27 -0500] "GET /galeria/nivo-slider/demo/demo.html HTTP/1.1" 200 3237
190.157.61.50 - - [27/Dec/2014:12:41:29 -0500] "GET /galeria/nivo-slider/themes/default/default.css HTTP/1.1" 200 1569
190.157.61.50 - - [27/Dec/2014:12:41:29 -0500] "GET /galeria/nivo-slider/themes/pascal/pascal.css HTTP/1.1" 200 2258
190.157.61.50 - - [27/Dec/2014:12:41:30 -0500] "GET /galeria/nivo-slider/themes/orman/orman.css HTTP/1.1" 200 2152
190.157.61.50 - - [27/Dec/2014:12:41:30 -0500] "GET /galeria/nivo-slider/nivo-slider.css HTTP/1.1" 200 1507
190.157.61.50 - - [27/Dec/2014:12:41:30 -0500] "GET /galeria/nivo-slider/demo/style.css HTTP/1.1" 200 2222
190.157.61.50 - - [27/Dec/2014:12:41:30 -0500] "GET /galeria/nivo-slider/demo/images/bolsas-08.jpg HTTP/1.1" 200 85589
190.157.61.50 - - [27/Dec/2014:12:41:30 -0500] "GET /galeria/nivo-slider/demo/images/Ruta-vertimientos-01.jpg HTTP/1.1" 200 130151
190.157.61.50 - - [27/Dec/2014:12:41:30 -0500] "GET /galeria/nivo-slider/demo/images/bolsas-06.jpg HTTP/1.1" 200 90982
190.157.61.50 - - [27/Dec/2014:12:41:30 -0500] "GET /galeria/nivo-slider/demo/images/ecolecta-Dic2014.png HTTP/1.1" 200 288593
190.157.61.50 - - [27/Dec/2014:12:41:30 -0500] "GET /galeria/nivo-slider/demo/images/Banner-GAE3.jpg HTTP/1.1" 200 146354
190.157.61.50 - - [27/Dec/2014:12:41:30 -0500] "GET /galeria/nivo-slider/demo/images/porloshumedales.jpg HTTP/1.1" 200 351238
190.157.61.50 - - [27/Dec/2014:12:41:34 -0500] "GET /galeria/nivo-slider/demo/images/Tingua-azul.jpg HTTP/1.1" 200 307638
186.30.66.14 - - [27/Dec/2014:12:41:45 -0500] "POST /forms/lservlet;jsessionid=ac16012b30d53ea9f84bca5f42a9821692df51710c28.e3iSbxaKaheRe34Sa3yKbhiTahb0n6jAmljGr5XDqQLvpAe HTTP/1.1" 200 2
190.157.61.50 - - [27/Dec/2014:12:41:46 -0500] "GET /galeria/nivo-slider/demo/images/Banner-Caracol-Africano.jpg HTTP/1.1" 200 331986
190.157.61.50 - - [27/Dec/2014:12:41:46 -0500] "GET /galeria/nivo-slider/demo/images/banner-redes.jpg HTTP/1.1" 200 62209
190.157.61.50 - - [27/Dec/2014:12:41:46 -0500] "GET /galeria/nivo-slider/demo/images/banner-llantas2.jpg HTTP/1.1" 200 73153
190.157.61.50 - - [27/Dec/2014:12:41:46 -0500] "GET /galeria/nivo-slider/demo/images/9Signos.jpg HTTP/1.1" 200 93040
190.157.61.50 - - [27/Dec/2014:12:41:46 -0500] "GET /galeria/nivo-slider/demo/images/banner-caballos.png HTTP/1.1" 200 389106
190.157.61.50 - - [27/Dec/2014:12:41:50 -0500] "GET /galeria/nivo-slider/demo/scripts/jquery-1.7.1.min.js HTTP/1.1" 200 93868
190.157.61.50 - - [27/Dec/2014:12:41:50 -0500] "GET /galeria/nivo-slider/demo/images/4Simple_Slider.png HTTP/1.1" 200 11722
190.157.61.50 - - [27/Dec/2014:12:41:50 -0500] "GET /galeria/nivo-slider/themes/default/loading.gif HTTP/1.1" 200 1737
180.76.5.152 - - [27/Dec/2014:12:41:52 -0500] "GET /BLA/resoluciones/RESOLUCIONES%202010/0498.pdf HTTP/1.1" 200 120030
190.157.61.50 - - [27/Dec/2014:12:42:01 -0500] "GET /galeria/nivo-slider/jquery.nivo.slider.pack.js HTTP/1.1" 200 11561
186.29.107.118 - - [27/Dec/2014:12:42:02 -0500] "POST /forms/lservlet;jsessionid=ac16012b30d564c7666bfd894cd99c38e674625679a3.e3iSbxaKaheRe34Sa3yKbhiTahb0n6jAmljGr5XDqQLvpAe HTTP/1.1" 200 2
190.157.61.50 - - [27/Dec/2014:12:42:02 -0500] "GET /galeria/nivo-slider/themes/default/arrows.png HTTP/1.1" 200 824
186.29.107.118 - - [27/Dec/2014:12:42:02 -0500] "POST /forms/lservlet;jsessionid=ac16012b30d564c7666bfd894cd99c38e674625679a3.e3iSbxaKaheRe34Sa3yKbhiTahb0n6jAmljGr5XDqQLvpAe HTTP/1.1" 200 2359
186.29.107.118 - - [27/Dec/2014:12:42:03 -0500] "POST /forms/lservlet;jsessionid=ac16012b30d564c7666bfd894cd99c38e674625679a3.e3iSbxaKaheRe34Sa3yKbhiTahb0n6jAmljGr5XDqQLvpAe HTTP/1.1" 200 10
186.84.40.34 - - [27/Dec/2014:12:42:03 -0500] "POST /forms/lservlet;jsessionid=ac16012b30d5f45d3a432e774dcea183dfd7e0dcc671.e3iSbxaKaheRe34Sa3yKbhiTahb0n6jAmljGr5XDqQLvpAe HTTP/1.1" 200 147
190.157.61.50 - - [27/Dec/2014:12:42:03 -0500] "GET /galeria/nivo-slider/themes/default/bullets.png HTTP/1.1" 200 1281
186.84.40.34 - - [27/Dec/2014:12:42:03 -0500] "POST /forms/lservlet;jsessionid=ac16012b30d5f45d3a432e774dcea183dfd7e0dcc671.e3iSbxaKaheRe34Sa3yKbhiTahb0n6jAmljGr5XDqQLvpAe HTTP/1.1" 200 7
186.29.107.118 - - [27/Dec/2014:12:42:08 -0500] "POST /forms/lservlet;jsessionid=ac16012b30d564c7666bfd894cd99c38e674625679a3.e3iSbxaKaheRe34Sa3yKbhiTahb0n6jAmljGr5XDqQLvpAe HTTP/1.1" 200 24
186.29.107.118 - - [27/Dec/2014:12:42:08 -0500] "POST /forms/lservlet;jsessionid=ac16012b30d564c7666bfd894cd99c38e674625679a3.e3iSbxaKaheRe34Sa3yKbhiTahb0n6jAmljGr5XDqQLvpAe HTTP/1.1" 200 4863
186.29.107.118 - - [27/Dec/2014:12:42:08 -0500] "POST /forms/lservlet;jsessionid=ac16012b30d564c7666bfd894cd99c38e674625679a3.e3iSbxaKaheRe34Sa3yKbhiTahb0n6jAmljGr5XDqQLvpAe HTTP/1.1" 200 2
66.249.73.171 - - [27/Dec/2014:12:42:13 -0500] "GET /BLA/resoluciones/AUTOS%202011/1515.pdf HTTP/1.1" 200 172043
186.29.107.118 - - [27/Dec/2014:12:42:37 -0500] "POST /forms/lservlet;jsessionid=ac16012b30d564c7666bfd894cd99c38e674625679a3.e3iSbxaKaheRe34Sa3yKbhiTahb0n6jAmljGr5XDqQLvpAe HTTP/1.1" 200 2
186.29.107.118 - - [27/Dec/2014:12:42:37 -0500] "POST /forms/lservlet;jsessionid=ac16012b30d564c7666bfd894cd99c38e674625679a3.e3iSbxaKaheRe34Sa3yKbhiTahb0n6jAmljGr5XDqQLvpAe HTTP/1.1" 200 2352
186.29.107.118 - - [27/Dec/2014:12:42:37 -0500] "POST /forms/lservlet;jsessionid=ac16012b30d564c7666bfd894cd99c38e674625679a3.e3iSbxaKaheRe34Sa3yKbhiTahb0n6jAmljGr5XDqQLvpAe HTTP/1.1" 200 10
66.249.73.171 - - [27/Dec/2014:12:42:44 -0500] "GET /BLA/resoluciones/RESOLUCIONES%202001/2001%20300-349.TIF HTTP/1.1" 200 9570664
186.29.107.118 - - [27/Dec/2014:12:42:50 -0500] "POST /forms/lservlet;jsessionid=ac16012b30d564c7666bfd894cd99c38e674625679a3.e3iSbxaKaheRe34Sa3yKbhiTahb0n6jAmljGr5XDqQLvpAe HTTP/1.1" 200 24
186.29.107.118 - - [27/Dec/2014:12:42:50 -0500] "POST /forms/lservlet;jsessionid=ac16012b30d564c7666bfd894cd99c38e674625679a3.e3iSbxaKaheRe34Sa3yKbhiTahb0n6jAmljGr5XDqQLvpAe HTTP/1.1" 200 4790
186.29.107.118 - - [27/Dec/2014:12:42:50 -0500] "POST /forms/lservlet;jsessionid=ac16012b30d564c7666bfd894cd99c38e674625679a3.e3iSbxaKaheRe34Sa3yKbhiTahb0n6jAmljGr5XDqQLvpAe HTTP/1.1" 200 2
186.29.107.118 - - [27/Dec/2014:12:43:01 -0500] "POST /forms/lservlet;jsessionid=ac16012b30d564c7666bfd894cd99c38e674625679a3.e3iSbxaKaheRe34Sa3yKbhiTahb0n6jAmljGr5XDqQLvpAe HTTP/1.1" 200 2
186.29.107.118 - - [27/Dec/2014:12:43:01 -0500] "POST /forms/lservlet;jsessionid=ac16012b30d564c7666bfd894cd99c38e674625679a3.e3iSbxaKaheRe34Sa3yKbhiTahb0n6jAmljGr5XDqQLvpAe HTTP/1.1" 200 2336
186.29.107.118 - - [27/Dec/2014:12:43:02 -0500] "POST /forms/lservlet;jsessionid=ac16012b30d564c7666bfd894cd99c38e674625679a3.e3iSbxaKaheRe34Sa3yKbhiTahb0n6jAmljGr5XDqQLvpAe HTTP/1.1" 200 10
186.84.40.34 - - [27/Dec/2014:12:43:02 -0500] "POST /forms/lservlet;jsessionid=ac16012b30d5f45d3a432e774dcea183dfd7e0dcc671.e3iSbxaKaheRe34Sa3yKbhiTahb0n6jAmljGr5XDqQLvpAe HTTP/1.1" 200 2
186.29.107.118 - - [27/Dec/2014:12:43:07 -0500] "POST /forms/lservlet;jsessionid=ac16012b30d564c7666bfd894cd99c38e674625679a3.e3iSbxaKaheRe34Sa3yKbhiTahb0n6jAmljGr5XDqQLvpAe HTTP/1.1" 200 24
186.29.107.118 - - [27/Dec/2014:12:43:07 -0500] "POST /forms/lservlet;jsessionid=ac16012b30d564c7666bfd894cd99c38e674625679a3.e3iSbxaKaheRe34Sa3yKbhiTahb0n6jAmljGr5XDqQLvpAe HTTP/1.1" 200 3930
186.29.107.118 - - [27/Dec/2014:12:43:08 -0500] "POST /forms/lservlet;jsessionid=ac16012b30d564c7666bfd894cd99c38e674625679a3.e3iSbxaKaheRe34Sa3yKbhiTahb0n6jAmljGr5XDqQLvpAe HTTP/1.1" 200 2
66.249.73.155 - - [27/Dec/2014:12:43:12 -0500] "GET /BLA/resoluciones/RESOLUCIONES%202012/0869.pdf HTTP/1.1" 200 438780
186.29.107.118 - - [27/Dec/2014:12:43:24 -0500] "POST /forms/lservlet;jsessionid=ac16012b30d564c7666bfd894cd99c38e674625679a3.e3iSbxaKaheRe34Sa3yKbhiTahb0n6jAmljGr5XDqQLvpAe HTTP/1.1" 200 2
186.29.107.118 - - [27/Dec/2014:12:43:25 -0500] "POST /forms/lservlet;jsessionid=ac16012b30d564c7666bfd894cd99c38e674625679a3.e3iSbxaKaheRe34Sa3yKbhiTahb0n6jAmljGr5XDqQLvpAe HTTP/1.1" 200 2
186.29.107.118 - - [27/Dec/2014:12:43:25 -0500] "POST /forms/lservlet;jsessionid=ac16012b30d564c7666bfd894cd99c38e674625679a3.e3iSbxaKaheRe34Sa3yKbhiTahb0n6jAmljGr5XDqQLvpAe HTTP/1.1" 200 14
186.29.107.118 - - [27/Dec/2014:12:43:26 -0500] "POST /forms/lservlet;jsessionid=ac16012b30d564c7666bfd894cd99c38e674625679a3.e3iSbxaKaheRe34Sa3yKbhiTahb0n6jAmljGr5XDqQLvpAe HTTP/1.1" 200 131
186.29.107.118 - - [27/Dec/2014:12:43:26 -0500] "POST /forms/lservlet;jsessionid=ac16012b30d564c7666bfd894cd99c38e674625679a3.e3iSbxaKaheRe34Sa3yKbhiTahb0n6jAmljGr5XDqQLvpAe HTTP/1.1" 200 2
186.29.107.118 - - [27/Dec/2014:12:43:26 -0500] "GET /reports/rwservlet/getjobid338243?server=rep_srvapsda HTTP/1.1" 200 392394
180.76.6.17 - - [27/Dec/2014:12:43:31 -0500] "GET /BLA/boletinlegal/Circulares/2010/Circular%2006%20de%208%20de%20septiembre%20de%202010.pdf HTTP/1.1" 200 4657752
186.30.66.14 - - [27/Dec/2014:12:43:46 -0500] "POST /forms/lservlet;jsessionid=ac16012b30d53ea9f84bca5f42a9821692df51710c28.e3iSbxaKaheRe34Sa3yKbhiTahb0n6jAmljGr5XDqQLvpAe HTTP/1.1" 200 2
66.249.73.163 - - [27/Dec/2014:12:44:11 -0500] "GET /BLA/resoluciones/RESOLUCIONES%202010/4741.pdf HTTP/1.1" 200 464645
186.29.107.118 - - [27/Dec/2014:12:44:34 -0500] "POST /forms/lservlet;jsessionid=ac16012b30d564c7666bfd894cd99c38e674625679a3.e3iSbxaKaheRe34Sa3yKbhiTahb0n6jAmljGr5XDqQLvpAe HTTP/1.1" 200 2
186.29.107.118 - - [27/Dec/2014:12:44:35 -0500] "POST /forms/lservlet;jsessionid=ac16012b30d564c7666bfd894cd99c38e674625679a3.e3iSbxaKaheRe34Sa3yKbhiTahb0n6jAmljGr5XDqQLvpAe HTTP/1.1" 200 2287
186.29.107.118 - - [27/Dec/2014:12:44:35 -0500] "POST /forms/lservlet;jsessionid=ac16012b30d564c7666bfd894cd99c38e674625679a3.e3iSbxaKaheRe34Sa3yKbhiTahb0n6jAmljGr5XDqQLvpAe HTTP/1.1" 200 10
186.29.107.118 - - [27/Dec/2014:12:44:46 -0500] "POST /forms/lservlet;jsessionid=ac16012b30d564c7666bfd894cd99c38e674625679a3.e3iSbxaKaheRe34Sa3yKbhiTahb0n6jAmljGr5XDqQLvpAe HTTP/1.1" 200 24
186.29.107.118 - - [27/Dec/2014:12:44:46 -0500] "POST /forms/lservlet;jsessionid=ac16012b30d564c7666bfd894cd99c38e674625679a3.e3iSbxaKaheRe34Sa3yKbhiTahb0n6jAmljGr5XDqQLvpAe HTTP/1.1" 200 4082
186.29.107.118 - - [27/Dec/2014:12:44:47 -0500] "POST /forms/lservlet;jsessionid=ac16012b30d564c7666bfd894cd99c38e674625679a3.e3iSbxaKaheRe34Sa3yKbhiTahb0n6jAmljGr5XDqQLvpAe HTTP/1.1" 200 2
186.29.107.118 - - [27/Dec/2014:12:44:56 -0500] "POST /forms/lservlet;jsessionid=ac16012b30d564c7666bfd894cd99c38e674625679a3.e3iSbxaKaheRe34Sa3yKbhiTahb0n6jAmljGr5XDqQLvpAe HTTP/1.1" 200 2
186.29.107.118 - - [27/Dec/2014:12:44:56 -0500] "POST /forms/lservlet;jsessionid=ac16012b30d564c7666bfd894cd99c38e674625679a3.e3iSbxaKaheRe34Sa3yKbhiTahb0n6jAmljGr5XDqQLvpAe HTTP/1.1" 200 2355
186.29.107.118 - - [27/Dec/2014:12:44:56 -0500] "POST /forms/lservlet;jsessionid=ac16012b30d564c7666bfd894cd99c38e674625679a3.e3iSbxaKaheRe34Sa3yKbhiTahb0n6jAmljGr5XDqQLvpAe HTTP/1.1" 200 10
186.29.107.118 - - [27/Dec/2014:12:45:02 -0500] "POST /forms/lservlet;jsessionid=ac16012b30d564c7666bfd894cd99c38e674625679a3.e3iSbxaKaheRe34Sa3yKbhiTahb0n6jAmljGr5XDqQLvpAe HTTP/1.1" 200 24
186.84.40.34 - - [27/Dec/2014:12:45:02 -0500] "POST /forms/lservlet;jsessionid=ac16012b30d5f45d3a432e774dcea183dfd7e0dcc671.e3iSbxaKaheRe34Sa3yKbhiTahb0n6jAmljGr5XDqQLvpAe HTTP/1.1" 200 2
186.29.107.118 - - [27/Dec/2014:12:45:02 -0500] "POST /forms/lservlet;jsessionid=ac16012b30d564c7666bfd894cd99c38e674625679a3.e3iSbxaKaheRe34Sa3yKbhiTahb0n6jAmljGr5XDqQLvpAe HTTP/1.1" 200 4191
186.29.107.118 - - [27/Dec/2014:12:45:03 -0500] "POST /forms/lservlet;jsessionid=ac16012b30d564c7666bfd894cd99c38e674625679a3.e3iSbxaKaheRe34Sa3yKbhiTahb0n6jAmljGr5XDqQLvpAe HTTP/1.1" 200 2
66.249.73.171 - - [27/Dec/2014:12:45:09 -0500] "GET /BLA/resoluciones/RESOLUCIONES%202010/3725.pdf HTTP/1.1" 200 510311
186.29.107.118 - - [27/Dec/2014:12:45:10 -0500] "POST /forms/lservlet;jsessionid=ac16012b30d564c7666bfd894cd99c38e674625679a3.e3iSbxaKaheRe34Sa3yKbhiTahb0n6jAmljGr5XDqQLvpAe HTTP/1.1" 200 2
186.29.107.118 - - [27/Dec/2014:12:45:10 -0500] "POST /forms/lservlet;jsessionid=ac16012b30d564c7666bfd894cd99c38e674625679a3.e3iSbxaKaheRe34Sa3yKbhiTahb0n6jAmljGr5XDqQLvpAe HTTP/1.1" 200 2368
186.29.107.118 - - [27/Dec/2014:12:45:10 -0500] "POST /forms/lservlet;jsessionid=ac16012b30d564c7666bfd894cd99c38e674625679a3.e3iSbxaKaheRe34Sa3yKbhiTahb0n6jAmljGr5XDqQLvpAe HTTP/1.1" 200 10
186.29.107.118 - - [27/Dec/2014:12:45:16 -0500] "POST /forms/lservlet;jsessionid=ac16012b30d564c7666bfd894cd99c38e674625679a3.e3iSbxaKaheRe34Sa3yKbhiTahb0n6jAmljGr5XDqQLvpAe HTTP/1.1" 200 24
186.29.107.118 - - [27/Dec/2014:12:45:16 -0500] "POST /forms/lservlet;jsessionid=ac16012b30d564c7666bfd894cd99c38e674625679a3.e3iSbxaKaheRe34Sa3yKbhiTahb0n6jAmljGr5XDqQLvpAe HTTP/1.1" 200 4246
186.29.107.118 - - [27/Dec/2014:12:45:16 -0500] "POST /forms/lservlet;jsessionid=ac16012b30d564c7666bfd894cd99c38e674625679a3.e3iSbxaKaheRe34Sa3yKbhiTahb0n6jAmljGr5XDqQLvpAe HTTP/1.1" 200 2
186.29.107.118 - - [27/Dec/2014:12:45:21 -0500] "POST /forms/lservlet;jsessionid=ac16012b30d564c7666bfd894cd99c38e674625679a3.e3iSbxaKaheRe34Sa3yKbhiTahb0n6jAmljGr5XDqQLvpAe HTTP/1.1" 200 2
186.29.107.118 - - [27/Dec/2014:12:45:21 -0500] "POST /forms/lservlet;jsessionid=ac16012b30d564c7666bfd894cd99c38e674625679a3.e3iSbxaKaheRe34Sa3yKbhiTahb0n6jAmljGr5XDqQLvpAe HTTP/1.1" 200 14
186.29.107.118 - - [27/Dec/2014:12:45:22 -0500] "POST /forms/lservlet;jsessionid=ac16012b30d564c7666bfd894cd99c38e674625679a3.e3iSbxaKaheRe34Sa3yKbhiTahb0n6jAmljGr5XDqQLvpAe HTTP/1.1" 200 14
186.29.107.118 - - [27/Dec/2014:12:45:23 -0500] "POST /forms/lservlet;jsessionid=ac16012b30d564c7666bfd894cd99c38e674625679a3.e3iSbxaKaheRe34Sa3yKbhiTahb0n6jAmljGr5XDqQLvpAe HTTP/1.1" 200 131
186.29.107.118 - - [27/Dec/2014:12:45:23 -0500] "POST /forms/lservlet;jsessionid=ac16012b30d564c7666bfd894cd99c38e674625679a3.e3iSbxaKaheRe34Sa3yKbhiTahb0n6jAmljGr5XDqQLvpAe HTTP/1.1" 200 2
186.29.107.118 - - [27/Dec/2014:12:45:24 -0500] "POST /forms/lservlet;jsessionid=ac16012b30d564c7666bfd894cd99c38e674625679a3.e3iSbxaKaheRe34Sa3yKbhiTahb0n6jAmljGr5XDqQLvpAe HTTP/1.1" 200 2
186.29.107.118 - - [27/Dec/2014:12:45:24 -0500] "GET /reports/rwservlet/getjobid338244?server=rep_srvapsda HTTP/1.1" 200 1219191
74.86.158.107 - - [27/Dec/2014:12:45:34 -0500] "HEAD / HTTP/1.1" 302 -
186.30.66.14 - - [27/Dec/2014:12:45:46 -0500] "POST /forms/lservlet;jsessionid=ac16012b30d53ea9f84bca5f42a9821692df51710c28.e3iSbxaKaheRe34Sa3yKbhiTahb0n6jAmljGr5XDqQLvpAe HTTP/1.1" 200 2
66.249.73.155 - - [27/Dec/2014:12:46:08 -0500] "GET /BLA/resoluciones/RESOLUCIONES%202008/3016.pdf HTTP/1.1" 304 -
66.249.73.155 - - [27/Dec/2014:12:46:14 -0500] "GET /BLA/resoluciones/RESOLUCIONES%202001/2001%20800-849.TIF HTTP/1.1" 200 10905602
66.249.73.171 - - [27/Dec/2014:12:46:55 -0500] "GET /BLA/resoluciones/index.php?dir=RESOLUCIONES+2003%2FRES+2003+1201-1250%2F HTTP/1.1" 200 12626
157.55.39.135 - - [27/Dec/2014:12:47:00 -0500] "GET /videos/galeria-fotografica/js/jquery-flickr-gallery/jquery-flickr-gallery.js HTTP/1.1" 200 9050
186.84.40.34 - - [27/Dec/2014:12:47:02 -0500] "POST /forms/lservlet;jsessionid=ac16012b30d5f45d3a432e774dcea183dfd7e0dcc671.e3iSbxaKaheRe34Sa3yKbhiTahb0n6jAmljGr5XDqQLvpAe HTTP/1.1" 200 2
157.55.39.211 - - [27/Dec/2014:12:47:04 -0500] "GET /robots.txt HTTP/1.1" 404 1018
66.249.73.155 - - [27/Dec/2014:12:47:07 -0500] "GET /BLA/resoluciones/RESOLUCIONES%202007/RES%202007%202401%20AL%202500/RESOLUCION%202490%20DE%202007.pdf HTTP/1.1" 200 811857
66.249.73.163 - - [27/Dec/2014:12:47:14 -0500] "GET /BLA/resoluciones/AUTOS%202011/2451.pdf HTTP/1.1" 200 135787
66.249.73.171 - - [27/Dec/2014:12:47:20 -0500] "GET /BLA/resoluciones/index.php?dir=RESOLUCIONES+2003%2FRES+2003+401-450%2F HTTP/1.1" 200 11312
186.29.107.118 - - [27/Dec/2014:12:47:24 -0500] "POST /forms/lservlet;jsessionid=ac16012b30d564c7666bfd894cd99c38e674625679a3.e3iSbxaKaheRe34Sa3yKbhiTahb0n6jAmljGr5XDqQLvpAe HTTP/1.1" 200 2
66.249.73.163 - - [27/Dec/2014:12:47:42 -0500] "GET /BLA/resoluciones/AUTOS%202011/2671.pdf HTTP/1.1" 200 173399
186.30.66.14 - - [27/Dec/2014:12:47:46 -0500] "POST /forms/lservlet;jsessionid=ac16012b30d53ea9f84bca5f42a9821692df51710c28.e3iSbxaKaheRe34Sa3yKbhiTahb0n6jAmljGr5XDqQLvpAe HTTP/1.1" 200 2
157.55.39.211 - - [27/Dec/2014:12:47:56 -0500] "GET /videos/galeria-fotografica/js/jquery-flickr-gallery/jquery-flickr.css HTTP/1.1" 200 711
186.29.107.118 - - [27/Dec/2014:12:47:57 -0500] "POST /forms/lservlet;jsessionid=ac16012b30d564c7666bfd894cd99c38e674625679a3.e3iSbxaKaheRe34Sa3yKbhiTahb0n6jAmljGr5XDqQLvpAe HTTP/1.1" 200 2
186.29.107.118 - - [27/Dec/2014:12:47:57 -0500] "POST /forms/lservlet;jsessionid=ac16012b30d564c7666bfd894cd99c38e674625679a3.e3iSbxaKaheRe34Sa3yKbhiTahb0n6jAmljGr5XDqQLvpAe HTTP/1.1" 200 2361
186.29.107.118 - - [27/Dec/2014:12:47:58 -0500] "POST /forms/lservlet;jsessionid=ac16012b30d564c7666bfd894cd99c38e674625679a3.e3iSbxaKaheRe34Sa3yKbhiTahb0n6jAmljGr5XDqQLvpAe HTTP/1.1" 200 10
186.29.107.118 - - [27/Dec/2014:12:48:03 -0500] "POST /forms/lservlet;jsessionid=ac16012b30d564c7666bfd894cd99c38e674625679a3.e3iSbxaKaheRe34Sa3yKbhiTahb0n6jAmljGr5XDqQLvpAe HTTP/1.1" 200 24
186.29.107.118 - - [27/Dec/2014:12:48:03 -0500] "POST /forms/lservlet;jsessionid=ac16012b30d564c7666bfd894cd99c38e674625679a3.e3iSbxaKaheRe34Sa3yKbhiTahb0n6jAmljGr5XDqQLvpAe HTTP/1.1" 200 4182
186.29.107.118 - - [27/Dec/2014:12:48:04 -0500] "POST /forms/lservlet;jsessionid=ac16012b30d564c7666bfd894cd99c38e674625679a3.e3iSbxaKaheRe34Sa3yKbhiTahb0n6jAmljGr5XDqQLvpAe HTTP/1.1" 200 2
66.249.73.163 - - [27/Dec/2014:12:48:05 -0500] "GET /BLA/resoluciones/AUTOS%202011/3333.pdf HTTP/1.1" 304 -
186.29.107.118 - - [27/Dec/2014:12:48:06 -0500] "POST /forms/lservlet;jsessionid=ac16012b30d564c7666bfd894cd99c38e674625679a3.e3iSbxaKaheRe34Sa3yKbhiTahb0n6jAmljGr5XDqQLvpAe HTTP/1.1" 200 2
186.29.107.118 - - [27/Dec/2014:12:48:06 -0500] "POST /forms/lservlet;jsessionid=ac16012b30d564c7666bfd894cd99c38e674625679a3.e3iSbxaKaheRe34Sa3yKbhiTahb0n6jAmljGr5XDqQLvpAe HTTP/1.1" 200 2407
186.29.107.118 - - [27/Dec/2014:12:48:07 -0500] "POST /forms/lservlet;jsessionid=ac16012b30d564c7666bfd894cd99c38e674625679a3.e3iSbxaKaheRe34Sa3yKbhiTahb0n6jAmljGr5XDqQLvpAe HTTP/1.1" 200 10
66.249.73.155 - - [27/Dec/2014:12:48:08 -0500] "GET /BLA/resoluciones/index.php?dir=RESOLUCIONES+2003%2FRES+2003+701-750%2F HTTP/1.1" 200 11298
186.29.107.118 - - [27/Dec/2014:12:48:14 -0500] "POST /forms/lservlet;jsessionid=ac16012b30d564c7666bfd894cd99c38e674625679a3.e3iSbxaKaheRe34Sa3yKbhiTahb0n6jAmljGr5XDqQLvpAe HTTP/1.1" 200 24
186.29.107.118 - - [27/Dec/2014:12:48:15 -0500] "POST /forms/lservlet;jsessionid=ac16012b30d564c7666bfd894cd99c38e674625679a3.e3iSbxaKaheRe34Sa3yKbhiTahb0n6jAmljGr5XDqQLvpAe HTTP/1.1" 200 4511
186.29.107.118 - - [27/Dec/2014:12:48:15 -0500] "POST /forms/lservlet;jsessionid=ac16012b30d564c7666bfd894cd99c38e674625679a3.e3iSbxaKaheRe34Sa3yKbhiTahb0n6jAmljGr5XDqQLvpAe HTTP/1.1" 200 2
186.29.107.118 - - [27/Dec/2014:12:48:17 -0500] "POST /forms/lservlet;jsessionid=ac16012b30d564c7666bfd894cd99c38e674625679a3.e3iSbxaKaheRe34Sa3yKbhiTahb0n6jAmljGr5XDqQLvpAe HTTP/1.1" 200 2
186.29.107.118 - - [27/Dec/2014:12:48:17 -0500] "POST /forms/lservlet;jsessionid=ac16012b30d564c7666bfd894cd99c38e674625679a3.e3iSbxaKaheRe34Sa3yKbhiTahb0n6jAmljGr5XDqQLvpAe HTTP/1.1" 200 2380
186.29.107.118 - - [27/Dec/2014:12:48:17 -0500] "POST /forms/lservlet;jsessionid=ac16012b30d564c7666bfd894cd99c38e674625679a3.e3iSbxaKaheRe34Sa3yKbhiTahb0n6jAmljGr5XDqQLvpAe HTTP/1.1" 200 10
186.29.107.118 - - [27/Dec/2014:12:48:32 -0500] "POST /forms/lservlet;jsessionid=ac16012b30d564c7666bfd894cd99c38e674625679a3.e3iSbxaKaheRe34Sa3yKbhiTahb0n6jAmljGr5XDqQLvpAe HTTP/1.1" 200 24
186.29.107.118 - - [27/Dec/2014:12:48:32 -0500] "POST /forms/lservlet;jsessionid=ac16012b30d564c7666bfd894cd99c38e674625679a3.e3iSbxaKaheRe34Sa3yKbhiTahb0n6jAmljGr5XDqQLvpAe HTTP/1.1" 200 4363
186.29.107.118 - - [27/Dec/2014:12:48:33 -0500] "POST /forms/lservlet;jsessionid=ac16012b30d564c7666bfd894cd99c38e674625679a3.e3iSbxaKaheRe34Sa3yKbhiTahb0n6jAmljGr5XDqQLvpAe HTTP/1.1" 200 2
186.29.107.118 - - [27/Dec/2014:12:48:47 -0500] "POST /forms/lservlet;jsessionid=ac16012b30d564c7666bfd894cd99c38e674625679a3.e3iSbxaKaheRe34Sa3yKbhiTahb0n6jAmljGr5XDqQLvpAe HTTP/1.1" 200 2
186.29.107.118 - - [27/Dec/2014:12:48:48 -0500] "POST /forms/lservlet;jsessionid=ac16012b30d564c7666bfd894cd99c38e674625679a3.e3iSbxaKaheRe34Sa3yKbhiTahb0n6jAmljGr5XDqQLvpAe HTTP/1.1" 200 2360
186.29.107.118 - - [27/Dec/2014:12:48:48 -0500] "POST /forms/lservlet;jsessionid=ac16012b30d564c7666bfd894cd99c38e674625679a3.e3iSbxaKaheRe34Sa3yKbhiTahb0n6jAmljGr5XDqQLvpAe HTTP/1.1" 200 10
186.29.107.118 - - [27/Dec/2014:12:48:56 -0500] "POST /forms/lservlet;jsessionid=ac16012b30d564c7666bfd894cd99c38e674625679a3.e3iSbxaKaheRe34Sa3yKbhiTahb0n6jAmljGr5XDqQLvpAe HTTP/1.1" 200 24
186.29.107.118 - - [27/Dec/2014:12:48:56 -0500] "POST /forms/lservlet;jsessionid=ac16012b30d564c7666bfd894cd99c38e674625679a3.e3iSbxaKaheRe34Sa3yKbhiTahb0n6jAmljGr5XDqQLvpAe HTTP/1.1" 200 4052
186.29.107.118 - - [27/Dec/2014:12:48:57 -0500] "POST /forms/lservlet;jsessionid=ac16012b30d564c7666bfd894cd99c38e674625679a3.e3iSbxaKaheRe34Sa3yKbhiTahb0n6jAmljGr5XDqQLvpAe HTTP/1.1" 200 2
186.29.107.118 - - [27/Dec/2014:12:48:59 -0500] "POST /forms/lservlet;jsessionid=ac16012b30d564c7666bfd894cd99c38e674625679a3.e3iSbxaKaheRe34Sa3yKbhiTahb0n6jAmljGr5XDqQLvpAe HTTP/1.1" 200 2
186.29.107.118 - - [27/Dec/2014:12:48:59 -0500] "POST /forms/lservlet;jsessionid=ac16012b30d564c7666bfd894cd99c38e674625679a3.e3iSbxaKaheRe34Sa3yKbhiTahb0n6jAmljGr5XDqQLvpAe HTTP/1.1" 200 2368
186.29.107.118 - - [27/Dec/2014:12:49:00 -0500] "POST /forms/lservlet;jsessionid=ac16012b30d564c7666bfd894cd99c38e674625679a3.e3iSbxaKaheRe34Sa3yKbhiTahb0n6jAmljGr5XDqQLvpAe HTTP/1.1" 200 10
186.84.40.34 - - [27/Dec/2014:12:49:02 -0500] "POST /forms/lservlet;jsessionid=ac16012b30d5f45d3a432e774dcea183dfd7e0dcc671.e3iSbxaKaheRe34Sa3yKbhiTahb0n6jAmljGr5XDqQLvpAe HTTP/1.1" 200 2
66.249.73.163 - - [27/Dec/2014:12:49:04 -0500] "GET /BLA/resoluciones/RESOLUCIONES%202010/7473.pdf HTTP/1.1" 304 -
66.249.73.171 - - [27/Dec/2014:12:49:06 -0500] "GET /BLA/resoluciones/index.php?dir=RESOLUCIONES+2003%2FRES+2003+1451-1500%2F HTTP/1.1" 200 12159
186.29.107.118 - - [27/Dec/2014:12:49:08 -0500] "POST /forms/lservlet;jsessionid=ac16012b30d564c7666bfd894cd99c38e674625679a3.e3iSbxaKaheRe34Sa3yKbhiTahb0n6jAmljGr5XDqQLvpAe HTTP/1.1" 200 24
186.29.107.118 - - [27/Dec/2014:12:49:08 -0500] "POST /forms/lservlet;jsessionid=ac16012b30d564c7666bfd894cd99c38e674625679a3.e3iSbxaKaheRe34Sa3yKbhiTahb0n6jAmljGr5XDqQLvpAe HTTP/1.1" 200 4157
186.29.107.118 - - [27/Dec/2014:12:49:09 -0500] "POST /forms/lservlet;jsessionid=ac16012b30d564c7666bfd894cd99c38e674625679a3.e3iSbxaKaheRe34Sa3yKbhiTahb0n6jAmljGr5XDqQLvpAe HTTP/1.1" 200 2
186.29.107.118 - - [27/Dec/2014:12:49:14 -0500] "POST /forms/lservlet;jsessionid=ac16012b30d564c7666bfd894cd99c38e674625679a3.e3iSbxaKaheRe34Sa3yKbhiTahb0n6jAmljGr5XDqQLvpAe HTTP/1.1" 200 2
186.29.107.118 - - [27/Dec/2014:12:49:14 -0500] "POST /forms/lservlet;jsessionid=ac16012b30d564c7666bfd894cd99c38e674625679a3.e3iSbxaKaheRe34Sa3yKbhiTahb0n6jAmljGr5XDqQLvpAe HTTP/1.1" 200 2352
186.29.107.118 - - [27/Dec/2014:12:49:14 -0500] "POST /forms/lservlet;jsessionid=ac16012b30d564c7666bfd894cd99c38e674625679a3.e3iSbxaKaheRe34Sa3yKbhiTahb0n6jAmljGr5XDqQLvpAe HTTP/1.1" 200 10
186.84.40.34 - - [27/Dec/2014:12:49:19 -0500] "POST /forms/lservlet;jsessionid=ac16012b30d5f45d3a432e774dcea183dfd7e0dcc671.e3iSbxaKaheRe34Sa3yKbhiTahb0n6jAmljGr5XDqQLvpAe HTTP/1.1" 200 2
186.84.40.34 - - [27/Dec/2014:12:49:19 -0500] "POST /forms/lservlet;jsessionid=ac16012b30d5f45d3a432e774dcea183dfd7e0dcc671.e3iSbxaKaheRe34Sa3yKbhiTahb0n6jAmljGr5XDqQLvpAe HTTP/1.1" 200 81
186.84.40.34 - - [27/Dec/2014:12:49:20 -0500] "POST /forms/lservlet;jsessionid=ac16012b30d5f45d3a432e774dcea183dfd7e0dcc671.e3iSbxaKaheRe34Sa3yKbhiTahb0n6jAmljGr5XDqQLvpAe HTTP/1.1" 200 2
186.84.40.34 - - [27/Dec/2014:12:49:20 -0500] "POST /forms/lservlet;jsessionid=ac16012b30d5f45d3a432e774dcea183dfd7e0dcc671.e3iSbxaKaheRe34Sa3yKbhiTahb0n6jAmljGr5XDqQLvpAe HTTP/1.1" 200 2
186.84.40.34 - - [27/Dec/2014:12:49:21 -0500] "POST /forms/lservlet;jsessionid=ac16012b30d5f45d3a432e774dcea183dfd7e0dcc671.e3iSbxaKaheRe34Sa3yKbhiTahb0n6jAmljGr5XDqQLvpAe HTTP/1.1" 200 2029
186.84.40.34 - - [27/Dec/2014:12:49:21 -0500] "POST /forms/lservlet;jsessionid=ac16012b30d5f45d3a432e774dcea183dfd7e0dcc671.e3iSbxaKaheRe34Sa3yKbhiTahb0n6jAmljGr5XDqQLvpAe HTTP/1.1" 200 78
186.84.40.34 - - [27/Dec/2014:12:49:24 -0500] "POST /forms/lservlet;jsessionid=ac16012b30d5f45d3a432e774dcea183dfd7e0dcc671.e3iSbxaKaheRe34Sa3yKbhiTahb0n6jAmljGr5XDqQLvpAe HTTP/1.1" 200 34730
186.29.107.118 - - [27/Dec/2014:12:49:24 -0500] "POST /forms/lservlet;jsessionid=ac16012b30d564c7666bfd894cd99c38e674625679a3.e3iSbxaKaheRe34Sa3yKbhiTahb0n6jAmljGr5XDqQLvpAe HTTP/1.1" 200 24
186.84.40.34 - - [27/Dec/2014:12:49:25 -0500] "GET /imagenes/listval.gif HTTP/1.1" 200 905
186.84.40.34 - - [27/Dec/2014:12:49:25 -0500] "POST /forms/lservlet;jsessionid=ac16012b30d5f45d3a432e774dcea183dfd7e0dcc671.e3iSbxaKaheRe34Sa3yKbhiTahb0n6jAmljGr5XDqQLvpAe HTTP/1.1" 200 7
186.84.40.34 - - [27/Dec/2014:12:49:25 -0500] "POST /forms/lservlet;jsessionid=ac16012b30d5f45d3a432e774dcea183dfd7e0dcc671.e3iSbxaKaheRe34Sa3yKbhiTahb0n6jAmljGr5XDqQLvpAe HTTP/1.1" 200 34
186.29.107.118 - - [27/Dec/2014:12:49:25 -0500] "POST /forms/lservlet;jsessionid=ac16012b30d564c7666bfd894cd99c38e674625679a3.e3iSbxaKaheRe34Sa3yKbhiTahb0n6jAmljGr5XDqQLvpAe HTTP/1.1" 200 2
186.84.40.34 - - [27/Dec/2014:12:49:25 -0500] "POST /forms/lservlet;jsessionid=ac16012b30d5f45d3a432e774dcea183dfd7e0dcc671.e3iSbxaKaheRe34Sa3yKbhiTahb0n6jAmljGr5XDqQLvpAe HTTP/1.1" 200 2
186.29.107.118 - - [27/Dec/2014:12:49:25 -0500] "POST /forms/lservlet;jsessionid=ac16012b30d564c7666bfd894cd99c38e674625679a3.e3iSbxaKaheRe34Sa3yKbhiTahb0n6jAmljGr5XDqQLvpAe HTTP/1.1" 200 4077
186.29.107.118 - - [27/Dec/2014:12:49:26 -0500] "POST /forms/lservlet;jsessionid=ac16012b30d564c7666bfd894cd99c38e674625679a3.e3iSbxaKaheRe34Sa3yKbhiTahb0n6jAmljGr5XDqQLvpAe HTTP/1.1" 200 2
186.29.107.118 - - [27/Dec/2014:12:49:28 -0500] "POST /forms/lservlet;jsessionid=ac16012b30d564c7666bfd894cd99c38e674625679a3.e3iSbxaKaheRe34Sa3yKbhiTahb0n6jAmljGr5XDqQLvpAe HTTP/1.1" 200 2
186.29.107.118 - - [27/Dec/2014:12:49:28 -0500] "POST /forms/lservlet;jsessionid=ac16012b30d564c7666bfd894cd99c38e674625679a3.e3iSbxaKaheRe34Sa3yKbhiTahb0n6jAmljGr5XDqQLvpAe HTTP/1.1" 200 2368
186.29.107.118 - - [27/Dec/2014:12:49:28 -0500] "POST /forms/lservlet;jsessionid=ac16012b30d564c7666bfd894cd99c38e674625679a3.e3iSbxaKaheRe34Sa3yKbhiTahb0n6jAmljGr5XDqQLvpAe HTTP/1.1" 200 10
186.84.40.34 - - [27/Dec/2014:12:49:30 -0500] "POST /forms/lservlet;jsessionid=ac16012b30d5f45d3a432e774dcea183dfd7e0dcc671.e3iSbxaKaheRe34Sa3yKbhiTahb0n6jAmljGr5XDqQLvpAe HTTP/1.1" 200 610
186.84.40.34 - - [27/Dec/2014:12:49:30 -0500] "POST /forms/lservlet;jsessionid=ac16012b30d5f45d3a432e774dcea183dfd7e0dcc671.e3iSbxaKaheRe34Sa3yKbhiTahb0n6jAmljGr5XDqQLvpAe HTTP/1.1" 200 51
186.30.66.14 - - [27/Dec/2014:12:49:46 -0500] "POST /forms/lservlet;jsessionid=ac16012b30d53ea9f84bca5f42a9821692df51710c28.e3iSbxaKaheRe34Sa3yKbhiTahb0n6jAmljGr5XDqQLvpAe HTTP/1.1" 200 2
186.84.40.34 - - [27/Dec/2014:12:49:49 -0500] "POST /forms/lservlet;jsessionid=ac16012b30d5f45d3a432e774dcea183dfd7e0dcc671.e3iSbxaKaheRe34Sa3yKbhiTahb0n6jAmljGr5XDqQLvpAe HTTP/1.1" 200 42
186.84.40.34 - - [27/Dec/2014:12:49:49 -0500] "POST /forms/lservlet;jsessionid=ac16012b30d5f45d3a432e774dcea183dfd7e0dcc671.e3iSbxaKaheRe34Sa3yKbhiTahb0n6jAmljGr5XDqQLvpAe HTTP/1.1" 200 8
186.84.40.34 - - [27/Dec/2014:12:49:49 -0500] "POST /forms/lservlet;jsessionid=ac16012b30d5f45d3a432e774dcea183dfd7e0dcc671.e3iSbxaKaheRe34Sa3yKbhiTahb0n6jAmljGr5XDqQLvpAe HTTP/1.1" 200 2
186.84.40.34 - - [27/Dec/2014:12:49:53 -0500] "POST /forms/lservlet;jsessionid=ac16012b30d5f45d3a432e774dcea183dfd7e0dcc671.e3iSbxaKaheRe34Sa3yKbhiTahb0n6jAmljGr5XDqQLvpAe HTTP/1.1" 200 26
186.84.40.34 - - [27/Dec/2014:12:49:53 -0500] "POST /forms/lservlet;jsessionid=ac16012b30d5f45d3a432e774dcea183dfd7e0dcc671.e3iSbxaKaheRe34Sa3yKbhiTahb0n6jAmljGr5XDqQLvpAe HTTP/1.1" 200 4471
186.84.40.34 - - [27/Dec/2014:12:49:54 -0500] "POST /forms/lservlet;jsessionid=ac16012b30d5f45d3a432e774dcea183dfd7e0dcc671.e3iSbxaKaheRe34Sa3yKbhiTahb0n6jAmljGr5XDqQLvpAe HTTP/1.1" 200 20
66.249.73.163 - - [27/Dec/2014:12:49:55 -0500] "GET /BLA/resoluciones/RESOLUCIONES%202001/2001%20900-949.TIF HTTP/1.1" 200 8558138
186.84.40.34 - - [27/Dec/2014:12:49:58 -0500] "POST /forms/lservlet;jsessionid=ac16012b30d5f45d3a432e774dcea183dfd7e0dcc671.e3iSbxaKaheRe34Sa3yKbhiTahb0n6jAmljGr5XDqQLvpAe HTTP/1.1" 200 2
186.84.40.34 - - [27/Dec/2014:12:49:59 -0500] "POST /forms/lservlet;jsessionid=ac16012b30d5f45d3a432e774dcea183dfd7e0dcc671.e3iSbxaKaheRe34Sa3yKbhiTahb0n6jAmljGr5XDqQLvpAe HTTP/1.1" 200 3706
186.84.40.34 - - [27/Dec/2014:12:49:59 -0500] "POST /forms/lservlet;jsessionid=ac16012b30d5f45d3a432e774dcea183dfd7e0dcc671.e3iSbxaKaheRe34Sa3yKbhiTahb0n6jAmljGr5XDqQLvpAe HTTP/1.1" 200 2
186.84.40.34 - - [27/Dec/2014:12:50:01 -0500] "POST /forms/lservlet;jsessionid=ac16012b30d5f45d3a432e774dcea183dfd7e0dcc671.e3iSbxaKaheRe34Sa3yKbhiTahb0n6jAmljGr5XDqQLvpAe HTTP/1.1" 200 2
186.84.40.34 - - [27/Dec/2014:12:50:01 -0500] "POST /forms/lservlet;jsessionid=ac16012b30d5f45d3a432e774dcea183dfd7e0dcc671.e3iSbxaKaheRe34Sa3yKbhiTahb0n6jAmljGr5XDqQLvpAe HTTP/1.1" 200 3346
186.84.40.34 - - [27/Dec/2014:12:50:02 -0500] "POST /forms/lservlet;jsessionid=ac16012b30d5f45d3a432e774dcea183dfd7e0dcc671.e3iSbxaKaheRe34Sa3yKbhiTahb0n6jAmljGr5XDqQLvpAe HTTP/1.1" 200 2
186.84.40.34 - - [27/Dec/2014:12:50:02 -0500] "POST /forms/lservlet;jsessionid=ac16012b30d5f45d3a432e774dcea183dfd7e0dcc671.e3iSbxaKaheRe34Sa3yKbhiTahb0n6jAmljGr5XDqQLvpAe HTTP/1.1" 200 2
186.84.40.34 - - [27/Dec/2014:12:50:02 -0500] "POST /forms/lservlet;jsessionid=ac16012b30d5f45d3a432e774dcea183dfd7e0dcc671.e3iSbxaKaheRe34Sa3yKbhiTahb0n6jAmljGr5XDqQLvpAe HTTP/1.1" 200 3373
186.84.40.34 - - [27/Dec/2014:12:50:03 -0500] "POST /forms/lservlet;jsessionid=ac16012b30d5f45d3a432e774dcea183dfd7e0dcc671.e3iSbxaKaheRe34Sa3yKbhiTahb0n6jAmljGr5XDqQLvpAe HTTP/1.1" 200 2
186.84.40.34 - - [27/Dec/2014:12:50:03 -0500] "POST /forms/lservlet;jsessionid=ac16012b30d5f45d3a432e774dcea183dfd7e0dcc671.e3iSbxaKaheRe34Sa3yKbhiTahb0n6jAmljGr5XDqQLvpAe HTTP/1.1" 200 2
186.84.40.34 - - [27/Dec/2014:12:50:03 -0500] "POST /forms/lservlet;jsessionid=ac16012b30d5f45d3a432e774dcea183dfd7e0dcc671.e3iSbxaKaheRe34Sa3yKbhiTahb0n6jAmljGr5XDqQLvpAe HTTP/1.1" 200 3335
186.84.40.34 - - [27/Dec/2014:12:50:04 -0500] "POST /forms/lservlet;jsessionid=ac16012b30d5f45d3a432e774dcea183dfd7e0dcc671.e3iSbxaKaheRe34Sa3yKbhiTahb0n6jAmljGr5XDqQLvpAe HTTP/1.1" 200 2
186.84.40.34 - - [27/Dec/2014:12:50:04 -0500] "POST /forms/lservlet;jsessionid=ac16012b30d5f45d3a432e774dcea183dfd7e0dcc671.e3iSbxaKaheRe34Sa3yKbhiTahb0n6jAmljGr5XDqQLvpAe HTTP/1.1" 200 2
186.84.40.34 - - [27/Dec/2014:12:50:04 -0500] "POST /forms/lservlet;jsessionid=ac16012b30d5f45d3a432e774dcea183dfd7e0dcc671.e3iSbxaKaheRe34Sa3yKbhiTahb0n6jAmljGr5XDqQLvpAe HTTP/1.1" 200 2985
186.84.40.34 - - [27/Dec/2014:12:50:05 -0500] "POST /forms/lservlet;jsessionid=ac16012b30d5f45d3a432e774dcea183dfd7e0dcc671.e3iSbxaKaheRe34Sa3yKbhiTahb0n6jAmljGr5XDqQLvpAe HTTP/1.1" 200 2
186.84.40.34 - - [27/Dec/2014:12:50:05 -0500] "POST /forms/lservlet;jsessionid=ac16012b30d5f45d3a432e774dcea183dfd7e0dcc671.e3iSbxaKaheRe34Sa3yKbhiTahb0n6jAmljGr5XDqQLvpAe HTTP/1.1" 200 2
186.84.40.34 - - [27/Dec/2014:12:50:05 -0500] "POST /forms/lservlet;jsessionid=ac16012b30d5f45d3a432e774dcea183dfd7e0dcc671.e3iSbxaKaheRe34Sa3yKbhiTahb0n6jAmljGr5XDqQLvpAe HTTP/1.1" 200 3410
186.84.40.34 - - [27/Dec/2014:12:50:06 -0500] "POST /forms/lservlet;jsessionid=ac16012b30d5f45d3a432e774dcea183dfd7e0dcc671.e3iSbxaKaheRe34Sa3yKbhiTahb0n6jAmljGr5XDqQLvpAe HTTP/1.1" 200 2
186.84.40.34 - - [27/Dec/2014:12:50:06 -0500] "POST /forms/lservlet;jsessionid=ac16012b30d5f45d3a432e774dcea183dfd7e0dcc671.e3iSbxaKaheRe34Sa3yKbhiTahb0n6jAmljGr5XDqQLvpAe HTTP/1.1" 200 2
186.84.40.34 - - [27/Dec/2014:12:50:06 -0500] "POST /forms/lservlet;jsessionid=ac16012b30d5f45d3a432e774dcea183dfd7e0dcc671.e3iSbxaKaheRe34Sa3yKbhiTahb0n6jAmljGr5XDqQLvpAe HTTP/1.1" 200 3308
186.84.40.34 - - [27/Dec/2014:12:50:07 -0500] "POST /forms/lservlet;jsessionid=ac16012b30d5f45d3a432e774dcea183dfd7e0dcc671.e3iSbxaKaheRe34Sa3yKbhiTahb0n6jAmljGr5XDqQLvpAe HTTP/1.1" 200 2
186.84.40.34 - - [27/Dec/2014:12:50:07 -0500] "POST /forms/lservlet;jsessionid=ac16012b30d5f45d3a432e774dcea183dfd7e0dcc671.e3iSbxaKaheRe34Sa3yKbhiTahb0n6jAmljGr5XDqQLvpAe HTTP/1.1" 200 2
66.249.73.155 - - [27/Dec/2014:12:50:08 -0500] "GET /BLA/resoluciones/RESOLUCIONES%202013/0121.pdf HTTP/1.1" 304 -
186.84.40.34 - - [27/Dec/2014:12:50:07 -0500] "POST /forms/lservlet;jsessionid=ac16012b30d5f45d3a432e774dcea183dfd7e0dcc671.e3iSbxaKaheRe34Sa3yKbhiTahb0n6jAmljGr5XDqQLvpAe HTTP/1.1" 200 2852
186.84.40.34 - - [27/Dec/2014:12:50:08 -0500] "POST /forms/lservlet;jsessionid=ac16012b30d5f45d3a432e774dcea183dfd7e0dcc671.e3iSbxaKaheRe34Sa3yKbhiTahb0n6jAmljGr5XDqQLvpAe HTTP/1.1" 200 2
186.84.40.34 - - [27/Dec/2014:12:50:08 -0500] "POST /forms/lservlet;jsessionid=ac16012b30d5f45d3a432e774dcea183dfd7e0dcc671.e3iSbxaKaheRe34Sa3yKbhiTahb0n6jAmljGr5XDqQLvpAe HTTP/1.1" 200 2
186.84.40.34 - - [27/Dec/2014:12:50:08 -0500] "POST /forms/lservlet;jsessionid=ac16012b30d5f45d3a432e774dcea183dfd7e0dcc671.e3iSbxaKaheRe34Sa3yKbhiTahb0n6jAmljGr5XDqQLvpAe HTTP/1.1" 200 3247
186.84.40.34 - - [27/Dec/2014:12:50:09 -0500] "POST /forms/lservlet;jsessionid=ac16012b30d5f45d3a432e774dcea183dfd7e0dcc671.e3iSbxaKaheRe34Sa3yKbhiTahb0n6jAmljGr5XDqQLvpAe HTTP/1.1" 200 2
186.84.40.34 - - [27/Dec/2014:12:50:09 -0500] "POST /forms/lservlet;jsessionid=ac16012b30d5f45d3a432e774dcea183dfd7e0dcc671.e3iSbxaKaheRe34Sa3yKbhiTahb0n6jAmljGr5XDqQLvpAe HTTP/1.1" 200 2
186.84.40.34 - - [27/Dec/2014:12:50:09 -0500] "POST /forms/lservlet;jsessionid=ac16012b30d5f45d3a432e774dcea183dfd7e0dcc671.e3iSbxaKaheRe34Sa3yKbhiTahb0n6jAmljGr5XDqQLvpAe HTTP/1.1" 200 2748
186.84.40.34 - - [27/Dec/2014:12:50:10 -0500] "POST /forms/lservlet;jsessionid=ac16012b30d5f45d3a432e774dcea183dfd7e0dcc671.e3iSbxaKaheRe34Sa3yKbhiTahb0n6jAmljGr5XDqQLvpAe HTTP/1.1" 200 2
186.84.40.34 - - [27/Dec/2014:12:50:10 -0500] "POST /forms/lservlet;jsessionid=ac16012b30d5f45d3a432e774dcea183dfd7e0dcc671.e3iSbxaKaheRe34Sa3yKbhiTahb0n6jAmljGr5XDqQLvpAe HTTP/1.1" 200 2
186.84.40.34 - - [27/Dec/2014:12:50:10 -0500] "POST /forms/lservlet;jsessionid=ac16012b30d5f45d3a432e774dcea183dfd7e0dcc671.e3iSbxaKaheRe34Sa3yKbhiTahb0n6jAmljGr5XDqQLvpAe HTTP/1.1" 200 3248
66.249.73.163 - - [27/Dec/2014:12:50:11 -0500] "GET /BLA/resoluciones/RESOLUCIONES%202004/RES%202004%202151-2200/00002196.tif HTTP/1.1" 200 164150
186.84.40.34 - - [27/Dec/2014:12:50:11 -0500] "POST /forms/lservlet;jsessionid=ac16012b30d5f45d3a432e774dcea183dfd7e0dcc671.e3iSbxaKaheRe34Sa3yKbhiTahb0n6jAmljGr5XDqQLvpAe HTTP/1.1" 200 2
186.84.40.34 - - [27/Dec/2014:12:50:12 -0500] "POST /forms/lservlet;jsessionid=ac16012b30d5f45d3a432e774dcea183dfd7e0dcc671.e3iSbxaKaheRe34Sa3yKbhiTahb0n6jAmljGr5XDqQLvpAe HTTP/1.1" 200 2
186.84.40.34 - - [27/Dec/2014:12:50:12 -0500] "POST /forms/lservlet;jsessionid=ac16012b30d5f45d3a432e774dcea183dfd7e0dcc671.e3iSbxaKaheRe34Sa3yKbhiTahb0n6jAmljGr5XDqQLvpAe HTTP/1.1" 200 3003
186.84.40.34 - - [27/Dec/2014:12:50:13 -0500] "POST /forms/lservlet;jsessionid=ac16012b30d5f45d3a432e774dcea183dfd7e0dcc671.e3iSbxaKaheRe34Sa3yKbhiTahb0n6jAmljGr5XDqQLvpAe HTTP/1.1" 200 2
186.84.40.34 - - [27/Dec/2014:12:50:13 -0500] "POST /forms/lservlet;jsessionid=ac16012b30d5f45d3a432e774dcea183dfd7e0dcc671.e3iSbxaKaheRe34Sa3yKbhiTahb0n6jAmljGr5XDqQLvpAe HTTP/1.1" 200 2
186.84.40.34 - - [27/Dec/2014:12:50:13 -0500] "POST /forms/lservlet;jsessionid=ac16012b30d5f45d3a432e774dcea183dfd7e0dcc671.e3iSbxaKaheRe34Sa3yKbhiTahb0n6jAmljGr5XDqQLvpAe HTTP/1.1" 200 2372
186.84.40.34 - - [27/Dec/2014:12:50:14 -0500] "POST /forms/lservlet;jsessionid=ac16012b30d5f45d3a432e774dcea183dfd7e0dcc671.e3iSbxaKaheRe34Sa3yKbhiTahb0n6jAmljGr5XDqQLvpAe HTTP/1.1" 200 2
186.84.40.34 - - [27/Dec/2014:12:50:14 -0500] "POST /forms/lservlet;jsessionid=ac16012b30d5f45d3a432e774dcea183dfd7e0dcc671.e3iSbxaKaheRe34Sa3yKbhiTahb0n6jAmljGr5XDqQLvpAe HTTP/1.1" 200 2
186.84.40.34 - - [27/Dec/2014:12:50:14 -0500] "POST /forms/lservlet;jsessionid=ac16012b30d5f45d3a432e774dcea183dfd7e0dcc671.e3iSbxaKaheRe34Sa3yKbhiTahb0n6jAmljGr5XDqQLvpAe HTTP/1.1" 200 3135
186.84.40.34 - - [27/Dec/2014:12:50:15 -0500] "POST /forms/lservlet;jsessionid=ac16012b30d5f45d3a432e774dcea183dfd7e0dcc671.e3iSbxaKaheRe34Sa3yKbhiTahb0n6jAmljGr5XDqQLvpAe HTTP/1.1" 200 2
186.84.40.34 - - [27/Dec/2014:12:50:15 -0500] "POST /forms/lservlet;jsessionid=ac16012b30d5f45d3a432e774dcea183dfd7e0dcc671.e3iSbxaKaheRe34Sa3yKbhiTahb0n6jAmljGr5XDqQLvpAe HTTP/1.1" 200 2
186.84.40.34 - - [27/Dec/2014:12:50:15 -0500] "POST /forms/lservlet;jsessionid=ac16012b30d5f45d3a432e774dcea183dfd7e0dcc671.e3iSbxaKaheRe34Sa3yKbhiTahb0n6jAmljGr5XDqQLvpAe HTTP/1.1" 200 3030
186.84.40.34 - - [27/Dec/2014:12:50:15 -0500] "POST /forms/lservlet;jsessionid=ac16012b30d5f45d3a432e774dcea183dfd7e0dcc671.e3iSbxaKaheRe34Sa3yKbhiTahb0n6jAmljGr5XDqQLvpAe HTTP/1.1" 200 2
186.84.40.34 - - [27/Dec/2014:12:50:15 -0500] "POST /forms/lservlet;jsessionid=ac16012b30d5f45d3a432e774dcea183dfd7e0dcc671.e3iSbxaKaheRe34Sa3yKbhiTahb0n6jAmljGr5XDqQLvpAe HTTP/1.1" 200 2
186.84.40.34 - - [27/Dec/2014:12:50:15 -0500] "POST /forms/lservlet;jsessionid=ac16012b30d5f45d3a432e774dcea183dfd7e0dcc671.e3iSbxaKaheRe34Sa3yKbhiTahb0n6jAmljGr5XDqQLvpAe HTTP/1.1" 200 2989
186.84.40.34 - - [27/Dec/2014:12:50:16 -0500] "POST /forms/lservlet;jsessionid=ac16012b30d5f45d3a432e774dcea183dfd7e0dcc671.e3iSbxaKaheRe34Sa3yKbhiTahb0n6jAmljGr5XDqQLvpAe HTTP/1.1" 200 2
186.84.40.34 - - [27/Dec/2014:12:50:18 -0500] "POST /forms/lservlet;jsessionid=ac16012b30d5f45d3a432e774dcea183dfd7e0dcc671.e3iSbxaKaheRe34Sa3yKbhiTahb0n6jAmljGr5XDqQLvpAe HTTP/1.1" 200 2
186.84.40.34 - - [27/Dec/2014:12:50:18 -0500] "POST /forms/lservlet;jsessionid=ac16012b30d5f45d3a432e774dcea183dfd7e0dcc671.e3iSbxaKaheRe34Sa3yKbhiTahb0n6jAmljGr5XDqQLvpAe HTTP/1.1" 200 2995
