66.249.73.163 - - [27/Dec/2014:13:43:49 -0500] "GET /BLA/resoluciones/AUTOS%202011/0022.pdf HTTP/1.1" 200 352961
186.30.66.14 - - [27/Dec/2014:13:43:53 -0500] "POST /forms/lservlet;jsessionid=ac16012b30d53ea9f84bca5f42a9821692df51710c28.e3iSbxaKaheRe34Sa3yKbhiTahb0n6jAmljGr5XDqQLvpAe HTTP/1.1" 200 2
186.29.107.118 - - [27/Dec/2014:13:44:14 -0500] "POST /forms/lservlet;jsessionid=ac16012b30d564c7666bfd894cd99c38e674625679a3.e3iSbxaKaheRe34Sa3yKbhiTahb0n6jAmljGr5XDqQLvpAe HTTP/1.1" 200 2
180.76.5.77 - - [27/Dec/2014:13:44:24 -0500] "GET /BLA/resoluciones/RESOLUCIONES%202012/0676.pdf HTTP/1.1" 200 1397011
66.249.73.163 - - [27/Dec/2014:13:44:33 -0500] "GET /BLA/resoluciones/AUTOS%202009/1704.pdf HTTP/1.1" 200 122731
66.249.73.155 - - [27/Dec/2014:13:44:43 -0500] "GET /BLA/resoluciones/RESOLUCIONES%202005/RES%202005%20%201701-1750/00001705.tif HTTP/1.1" 200 53418
66.249.73.163 - - [27/Dec/2014:13:45:05 -0500] "GET /BLA/resoluciones/RESOLUCIONES%202010/4343.pdf HTTP/1.1" 200 510295
186.84.40.34 - - [27/Dec/2014:13:45:09 -0500] "POST /forms/lservlet;jsessionid=ac16012b30d5f45d3a432e774dcea183dfd7e0dcc671.e3iSbxaKaheRe34Sa3yKbhiTahb0n6jAmljGr5XDqQLvpAe HTTP/1.1" 200 2
180.76.6.150 - - [27/Dec/2014:13:45:17 -0500] "GET /BLA/resoluciones/RESOLUCIONES%202012/0912.pdf HTTP/1.1" 200 565281
66.249.73.171 - - [27/Dec/2014:13:45:32 -0500] "GET /BLA/resoluciones/RESOLUCIONES%202011/0596.pdf HTTP/1.1" 304 -
74.86.158.107 - - [27/Dec/2014:13:45:34 -0500] "HEAD / HTTP/1.1" 302 -
201.244.205.85 - - [27/Dec/2014:13:45:41 -0500] "GET /BLA/resoluciones/RESOLUCIONES%202009/6104.pdf HTTP/1.1" 200 498867
186.30.66.14 - - [27/Dec/2014:13:45:53 -0500] "POST /forms/lservlet;jsessionid=ac16012b30d53ea9f84bca5f42a9821692df51710c28.e3iSbxaKaheRe34Sa3yKbhiTahb0n6jAmljGr5XDqQLvpAe HTTP/1.1" 200 2
200.90.145.198 - - [27/Dec/2014:13:45:57 -0500] "GET /BLA/boletinlegal/jurisprudencia/analisis/Analisis%20jurisprudencial%20Sentencia%20C-366-11.doc HTTP/1.1" 200 59392
201.245.192.253 - - [27/Dec/2014:13:46:11 -0500] "GET /BLA/boletinlegal/js/jquery.js HTTP/1.1" 304 -
201.245.192.253 - - [27/Dec/2014:13:46:11 -0500] "GET /BLA/boletinlegal/js/jquery.scrollShow.js HTTP/1.1" 304 -
201.245.192.253 - - [27/Dec/2014:13:46:11 -0500] "GET /BLA/boletinlegal/js/jquery.scrollTo-min.js HTTP/1.1" 304 -
201.245.192.253 - - [27/Dec/2014:13:46:11 -0500] "GET /galeria/carrusel/Carrusel/jquery.thumbnailScroller.css HTTP/1.1" 304 -
201.245.192.253 - - [27/Dec/2014:13:46:11 -0500] "GET /galeria/carrusel/Carrusel/jquery-ui-1.8.13.custom.min.js HTTP/1.1" 304 -
201.245.192.253 - - [27/Dec/2014:13:46:11 -0500] "GET /galeria/carrusel/Carrusel/jquery.thumbnailScroller.js HTTP/1.1" 304 -
201.245.192.253 - - [27/Dec/2014:13:46:11 -0500] "GET /galeria/nivo-slider/demo/demo.html HTTP/1.1" 304 -
201.245.192.253 - - [27/Dec/2014:13:46:11 -0500] "GET /galeria/nivo-slider/demo/images/Ruta-vertimientos-01.jpg HTTP/1.1" 304 -
201.245.192.253 - - [27/Dec/2014:13:46:11 -0500] "GET /galeria/nivo-slider/demo/images/bolsas-08.jpg HTTP/1.1" 304 -
201.245.192.253 - - [27/Dec/2014:13:46:11 -0500] "GET /galeria/nivo-slider/demo/images/bolsas-06.jpg HTTP/1.1" 304 -
186.29.107.118 - - [27/Dec/2014:13:46:15 -0500] "POST /forms/lservlet;jsessionid=ac16012b30d564c7666bfd894cd99c38e674625679a3.e3iSbxaKaheRe34Sa3yKbhiTahb0n6jAmljGr5XDqQLvpAe HTTP/1.1" 200 2
66.249.73.163 - - [27/Dec/2014:13:46:31 -0500] "GET /BLA/resoluciones/RESOLUCIONES%202008/3434.pdf HTTP/1.1" 200 262551
66.249.65.192 - - [27/Dec/2014:13:46:32 -0500] "GET /galeria/mapa/humedal.html HTTP/1.1" 304 -
66.249.73.171 - - [27/Dec/2014:13:46:36 -0500] "GET /resoluciones/RESOLUCIONES%202008/5134.pdf HTTP/1.1" 404 1018
100.43.85.25 - - [27/Dec/2014:13:46:48 -0500] "GET /StormSDA/storm_silv/version03.jar HTTP/1.1" 200 65094
186.84.40.34 - - [27/Dec/2014:13:47:09 -0500] "POST /forms/lservlet;jsessionid=ac16012b30d5f45d3a432e774dcea183dfd7e0dcc671.e3iSbxaKaheRe34Sa3yKbhiTahb0n6jAmljGr5XDqQLvpAe HTTP/1.1" 200 2
66.249.73.171 - - [27/Dec/2014:13:47:30 -0500] "GET /BLA/resoluciones/RESOLUCIONES%202008/0177.pdf HTTP/1.1" 200 1326947
186.30.66.14 - - [27/Dec/2014:13:47:53 -0500] "POST /forms/lservlet;jsessionid=ac16012b30d53ea9f84bca5f42a9821692df51710c28.e3iSbxaKaheRe34Sa3yKbhiTahb0n6jAmljGr5XDqQLvpAe HTTP/1.1" 200 2
186.29.107.118 - - [27/Dec/2014:13:48:15 -0500] "POST /forms/lservlet;jsessionid=ac16012b30d564c7666bfd894cd99c38e674625679a3.e3iSbxaKaheRe34Sa3yKbhiTahb0n6jAmljGr5XDqQLvpAe HTTP/1.1" 200 2
180.76.6.66 - - [27/Dec/2014:13:48:22 -0500] "GET /BLA/resoluciones/RESOLUCIONES%202007/RES%202007%20201%20AL%20300/RESOLUCION%200230%20DE%202007.pdf HTTP/1.1" 200 339304
66.249.73.155 - - [27/Dec/2014:13:48:25 -0500] "GET /BLA/resoluciones/RESOLUCIONES%202005/RES%202005%20%201701-1750/00001742.tif HTTP/1.1" 200 358410
157.55.39.211 - - [27/Dec/2014:13:48:28 -0500] "GET /videos/galeria-cronicas/playlist.htm? HTTP/1.1" 200 8986
66.249.73.171 - - [27/Dec/2014:13:48:28 -0500] "GET /BLA/resoluciones/RESOLUCIONES%202008/0578.pdf HTTP/1.1" 200 297894
66.249.73.155 - - [27/Dec/2014:13:48:32 -0500] "GET /manual_funciones_Listado/index.php?dir=2.2.1.+Subdirecci%F3n+de+Control+Ambiental+al+Sector+P%FAblico%2F HTTP/1.1" 404 1018
202.46.53.62 - - [27/Dec/2014:13:49:02 -0500] "GET / HTTP/1.1" 302 -
180.76.6.50 - - [27/Dec/2014:13:49:12 -0500] "GET /BLA/resoluciones/AUTOS%202009/0837.pdf HTTP/1.1" 200 85528
186.84.40.34 - - [27/Dec/2014:13:49:12 -0500] "POST /forms/lservlet;jsessionid=ac16012b30d5f45d3a432e774dcea183dfd7e0dcc671.e3iSbxaKaheRe34Sa3yKbhiTahb0n6jAmljGr5XDqQLvpAe HTTP/1.1" 200 2
201.245.192.253 - - [27/Dec/2014:13:49:14 -0500] "GET /BLA/boletinlegal/js/jquery.scrollTo-min.js HTTP/1.1" 304 -
201.245.192.253 - - [27/Dec/2014:13:49:14 -0500] "GET /galeria/carrusel/Carrusel/jquery.thumbnailScroller.css HTTP/1.1" 304 -
201.245.192.253 - - [27/Dec/2014:13:49:14 -0500] "GET /BLA/boletinlegal/js/jquery.scrollShow.js HTTP/1.1" 304 -
201.245.192.253 - - [27/Dec/2014:13:49:14 -0500] "GET /BLA/boletinlegal/js/jquery.js HTTP/1.1" 304 -
201.245.192.253 - - [27/Dec/2014:13:49:14 -0500] "GET /galeria/carrusel/Carrusel/jquery-ui-1.8.13.custom.min.js HTTP/1.1" 304 -
201.245.192.253 - - [27/Dec/2014:13:49:14 -0500] "GET /galeria/carrusel/Carrusel/jquery.thumbnailScroller.js HTTP/1.1" 304 -
201.245.192.253 - - [27/Dec/2014:13:49:14 -0500] "GET /galeria/nivo-slider/demo/demo.html HTTP/1.1" 304 -
201.245.192.253 - - [27/Dec/2014:13:49:14 -0500] "GET /galeria/nivo-slider/demo/images/bolsas-08.jpg HTTP/1.1" 304 -
201.245.192.253 - - [27/Dec/2014:13:49:14 -0500] "GET /galeria/nivo-slider/demo/images/Ruta-vertimientos-01.jpg HTTP/1.1" 304 -
201.245.192.253 - - [27/Dec/2014:13:49:14 -0500] "GET /galeria/nivo-slider/demo/images/bolsas-06.jpg HTTP/1.1" 304 -
66.249.73.163 - - [27/Dec/2014:13:49:17 -0500] "GET /BLA/resoluciones/RESOLUCIONES%202004/RES%202004%202301-2350/00002305.tif HTTP/1.1" 200 103746
66.249.73.163 - - [27/Dec/2014:13:49:27 -0500] "GET /BLA/resoluciones/RESOLUCIONES%202010/6205.pdf HTTP/1.1" 200 862499
119.63.193.196 - - [27/Dec/2014:13:49:31 -0500] "GET / HTTP/1.1" 302 -
186.30.66.14 - - [27/Dec/2014:13:49:53 -0500] "POST /forms/lservlet;jsessionid=ac16012b30d53ea9f84bca5f42a9821692df51710c28.e3iSbxaKaheRe34Sa3yKbhiTahb0n6jAmljGr5XDqQLvpAe HTTP/1.1" 200 2
180.76.5.75 - - [27/Dec/2014:13:50:02 -0500] "GET /BLA/resoluciones/RESOLUCIONES%202011/0142.pdf HTTP/1.1" 200 353645
191.108.17.102 - - [27/Dec/2014:13:50:04 -0500] "GET /BLA/resoluciones/AUTOS%202011/3225.pdf HTTP/1.1" 200 510279
191.108.17.102 - - [27/Dec/2014:13:50:14 -0500] "GET /BLA/resoluciones/AUTOS%202011/3225.pdf HTTP/1.1" 206 10
186.29.107.118 - - [27/Dec/2014:13:50:15 -0500] "POST /forms/lservlet;jsessionid=ac16012b30d564c7666bfd894cd99c38e674625679a3.e3iSbxaKaheRe34Sa3yKbhiTahb0n6jAmljGr5XDqQLvpAe HTTP/1.1" 200 2
191.108.17.102 - - [27/Dec/2014:13:50:15 -0500] "GET /BLA/resoluciones/AUTOS%202011/3225.pdf HTTP/1.1" 206 510279
191.95.85.216 - - [27/Dec/2014:13:50:21 -0500] "GET /BLA/resoluciones/RESOLUCIONES%202014/3653.pdf HTTP/1.1" 200 1687850
191.95.85.216 - - [27/Dec/2014:13:50:22 -0500] "GET /BLA/resoluciones/RESOLUCIONES%202014/3653.pdf HTTP/1.1" 200 1687850
66.249.73.163 - - [27/Dec/2014:13:50:26 -0500] "GET /BLA/resoluciones/AUTOS%202007/3566.pdf HTTP/1.1" 200 117002
74.86.158.107 - - [27/Dec/2014:13:50:34 -0500] "HEAD / HTTP/1.1" 302 -
186.84.40.34 - - [27/Dec/2014:13:51:12 -0500] "POST /forms/lservlet;jsessionid=ac16012b30d5f45d3a432e774dcea183dfd7e0dcc671.e3iSbxaKaheRe34Sa3yKbhiTahb0n6jAmljGr5XDqQLvpAe HTTP/1.1" 200 2
66.249.73.155 - - [27/Dec/2014:13:51:24 -0500] "GET /BLA/resoluciones/AUTOS%202011/5790.pdf HTTP/1.1" 200 191837
186.30.66.14 - - [27/Dec/2014:13:51:53 -0500] "POST /forms/lservlet;jsessionid=ac16012b30d53ea9f84bca5f42a9821692df51710c28.e3iSbxaKaheRe34Sa3yKbhiTahb0n6jAmljGr5XDqQLvpAe HTTP/1.1" 200 2
66.249.73.163 - - [27/Dec/2014:13:52:06 -0500] "GET /BLA/resoluciones/RESOLUCIONES%202005/RES%202005%20%201701-1750/00001740.tif HTTP/1.1" 200 240160
186.29.107.118 - - [27/Dec/2014:13:52:15 -0500] "POST /forms/lservlet;jsessionid=ac16012b30d564c7666bfd894cd99c38e674625679a3.e3iSbxaKaheRe34Sa3yKbhiTahb0n6jAmljGr5XDqQLvpAe HTTP/1.1" 200 2
66.249.73.163 - - [27/Dec/2014:13:52:23 -0500] "GET /BLA/resoluciones/RESOLUCIONES%202010/5886.pdf HTTP/1.1" 200 76569
173.208.177.59 - - [27/Dec/2014:13:52:29 -0500] "HEAD /fckeditor/editor/ HTTP/1.1" 404 -
173.208.177.59 - - [27/Dec/2014:13:52:29 -0500] "HEAD /js/fckeditor/editor/ HTTP/1.1" 404 -
173.208.177.59 - - [27/Dec/2014:13:52:29 -0500] "HEAD /admin/fckeditor/editor/ HTTP/1.1" 404 -
173.208.177.59 - - [27/Dec/2014:13:52:29 -0500] "HEAD /manage/fckeditor/editor/ HTTP/1.1" 404 -
173.208.177.59 - - [27/Dec/2014:13:52:29 -0500] "HEAD /include/fckeditor/editor/ HTTP/1.1" 404 -
66.249.73.155 - - [27/Dec/2014:13:52:46 -0500] "GET /BLA/resoluciones/AUTOS%202007/3789.pdf HTTP/1.1" 200 218749
181.139.140.6 - - [27/Dec/2014:13:52:50 -0500] "GET /BLA/boletinlegal/js/jquery.js HTTP/1.1" 200 57254
181.139.140.6 - - [27/Dec/2014:13:52:51 -0500] "GET /BLA/boletinlegal/js/jquery.scrollTo-min.js HTTP/1.1" 200 1150
181.139.140.6 - - [27/Dec/2014:13:52:51 -0500] "GET /BLA/boletinlegal/js/jquery.scrollShow.js HTTP/1.1" 200 4586
186.84.40.34 - - [27/Dec/2014:13:53:13 -0500] "POST /forms/lservlet;jsessionid=ac16012b30d5f45d3a432e774dcea183dfd7e0dcc671.e3iSbxaKaheRe34Sa3yKbhiTahb0n6jAmljGr5XDqQLvpAe HTTP/1.1" 200 2
66.249.73.171 - - [27/Dec/2014:13:53:22 -0500] "GET /BLA/resoluciones/AUTOS%202009/2113.pdf HTTP/1.1" 200 229924
181.51.46.155 - - [27/Dec/2014:13:53:27 -0500] "GET /BLA/boletinlegal/js/jquery.js HTTP/1.1" 200 57254
181.51.46.155 - - [27/Dec/2014:13:53:27 -0500] "GET /BLA/boletinlegal/js/jquery.scrollShow.js HTTP/1.1" 200 4586
181.51.46.155 - - [27/Dec/2014:13:53:27 -0500] "GET /BLA/boletinlegal/js/jquery.scrollTo-min.js HTTP/1.1" 200 1150
186.145.58.53 - - [27/Dec/2014:13:53:47 -0500] "GET /galeria/nivo-slider/demo/images/banner-caballos.png HTTP/1.1" 206 1
186.145.58.53 - - [27/Dec/2014:13:53:47 -0500] "GET /galeria/nivo-slider/demo/images/banner-caballos.png HTTP/1.1" 206 307619
186.145.58.53 - - [27/Dec/2014:13:53:47 -0500] "GET /galeria/nivo-slider/themes/default/arrows.png HTTP/1.1" 200 824
186.145.58.53 - - [27/Dec/2014:13:53:47 -0500] "GET /galeria/nivo-slider/themes/default/bullets.png HTTP/1.1" 200 1281
186.145.58.53 - - [27/Dec/2014:13:53:48 -0500] "GET /videos/Spot_CambioClimatico.flv HTTP/1.1" 200 4371917
180.76.6.144 - - [27/Dec/2014:13:53:48 -0500] "GET /BLA/boletinlegal/Circulares/2014/Circular%20No.%202%20del%2021%20de%20septiembre%20de%202014.pdf HTTP/1.1" 200 143376
186.30.66.14 - - [27/Dec/2014:13:53:53 -0500] "POST /forms/lservlet;jsessionid=ac16012b30d53ea9f84bca5f42a9821692df51710c28.e3iSbxaKaheRe34Sa3yKbhiTahb0n6jAmljGr5XDqQLvpAe HTTP/1.1" 200 2
186.29.107.118 - - [27/Dec/2014:13:54:15 -0500] "POST /forms/lservlet;jsessionid=ac16012b30d564c7666bfd894cd99c38e674625679a3.e3iSbxaKaheRe34Sa3yKbhiTahb0n6jAmljGr5XDqQLvpAe HTTP/1.1" 200 2
66.249.65.192 - - [27/Dec/2014:13:54:20 -0500] "GET /Anexos%20estudio%20Organizacional%20SDA/ANEXO%20No.%201-%20NORMAS%20LEGALES%20DE%20ESTRUCTURA%20Y%20PLANTA/RESE%C3%91A%20HIST%C3%93RICA%20SDA-NORMAS/Decreto%20109%20de%202009%20-%20Modifica%20la%20estructura%20de%20la%20SDA.jsp.htm HTTP/1.1" 304 -
66.249.73.155 - - [27/Dec/2014:13:55:09 -0500] "GET /BLA/resoluciones/RESOLUCIONES%202003/RES%202003%201201-1250/2003RES1236.tif HTTP/1.1" 200 217704
186.84.40.34 - - [27/Dec/2014:13:55:13 -0500] "POST /forms/lservlet;jsessionid=ac16012b30d5f45d3a432e774dcea183dfd7e0dcc671.e3iSbxaKaheRe34Sa3yKbhiTahb0n6jAmljGr5XDqQLvpAe HTTP/1.1" 200 2
66.249.73.155 - - [27/Dec/2014:13:55:19 -0500] "GET /BLA/resoluciones/RESOLUCIONES%202007/RES%202007%201201%20AL%201300/RESOLUCION%201246%20%20DE%202007.pdf HTTP/1.1" 200 798512
74.86.158.107 - - [27/Dec/2014:13:55:34 -0500] "HEAD / HTTP/1.1" 302 -
201.245.192.253 - - [27/Dec/2014:13:55:38 -0500] "GET /BLA/boletinlegal/js/jquery.js HTTP/1.1" 304 -
201.245.192.253 - - [27/Dec/2014:13:55:38 -0500] "GET /BLA/boletinlegal/js/jquery.scrollTo-min.js HTTP/1.1" 304 -
201.245.192.253 - - [27/Dec/2014:13:55:38 -0500] "GET /BLA/boletinlegal/js/jquery.scrollShow.js HTTP/1.1" 304 -
201.245.192.253 - - [27/Dec/2014:13:55:38 -0500] "GET /galeria/carrusel/Carrusel/jquery.thumbnailScroller.css HTTP/1.1" 304 -
201.245.192.253 - - [27/Dec/2014:13:55:38 -0500] "GET /galeria/carrusel/Carrusel/jquery-ui-1.8.13.custom.min.js HTTP/1.1" 304 -
201.245.192.253 - - [27/Dec/2014:13:55:38 -0500] "GET /galeria/carrusel/Carrusel/jquery.thumbnailScroller.js HTTP/1.1" 304 -
201.245.192.253 - - [27/Dec/2014:13:55:42 -0500] "GET /galeria/nivo-slider/demo/demo.html HTTP/1.1" 304 -
66.249.73.155 - - [27/Dec/2014:13:55:42 -0500] "GET /BLA/resoluciones/RESOLUCIONES%202005/RES%202005%20%201701-1750/00001727.tif HTTP/1.1" 200 140840
201.245.192.253 - - [27/Dec/2014:13:55:43 -0500] "GET /galeria/nivo-slider/demo/images/bolsas-08.jpg HTTP/1.1" 304 -
201.245.192.253 - - [27/Dec/2014:13:55:43 -0500] "GET /galeria/nivo-slider/demo/images/Ruta-vertimientos-01.jpg HTTP/1.1" 304 -
201.245.192.253 - - [27/Dec/2014:13:55:43 -0500] "GET /galeria/nivo-slider/demo/images/bolsas-06.jpg HTTP/1.1" 304 -
186.30.66.14 - - [27/Dec/2014:13:55:53 -0500] "POST /forms/lservlet;jsessionid=ac16012b30d53ea9f84bca5f42a9821692df51710c28.e3iSbxaKaheRe34Sa3yKbhiTahb0n6jAmljGr5XDqQLvpAe HTTP/1.1" 200 2
66.249.73.171 - - [27/Dec/2014:13:56:11 -0500] "GET /BLA/resoluciones/AUTOS%202011/2054.pdf HTTP/1.1" 200 133650
186.29.107.118 - - [27/Dec/2014:13:56:15 -0500] "POST /forms/lservlet;jsessionid=ac16012b30d564c7666bfd894cd99c38e674625679a3.e3iSbxaKaheRe34Sa3yKbhiTahb0n6jAmljGr5XDqQLvpAe HTTP/1.1" 200 2
66.249.73.163 - - [27/Dec/2014:13:56:18 -0500] "GET /BLA/resoluciones/AUTOS%202011/4210.pdf HTTP/1.1" 200 251681
190.252.238.178 - - [27/Dec/2014:13:56:37 -0500] "GET /BLA/boletinlegal/js/jquery.js HTTP/1.1" 200 57254
190.252.238.178 - - [27/Dec/2014:13:56:37 -0500] "GET /BLA/boletinlegal/js/jquery.scrollTo-min.js HTTP/1.1" 200 1150
190.252.238.178 - - [27/Dec/2014:13:56:37 -0500] "GET /BLA/boletinlegal/js/jquery.scrollShow.js HTTP/1.1" 200 4586
186.29.107.118 - - [27/Dec/2014:13:56:44 -0500] "POST /forms/lservlet;jsessionid=ac16012b30d564c7666bfd894cd99c38e674625679a3.e3iSbxaKaheRe34Sa3yKbhiTahb0n6jAmljGr5XDqQLvpAe HTTP/1.1" 200 378
186.29.107.118 - - [27/Dec/2014:13:56:44 -0500] "POST /forms/lservlet;jsessionid=ac16012b30d564c7666bfd894cd99c38e674625679a3.e3iSbxaKaheRe34Sa3yKbhiTahb0n6jAmljGr5XDqQLvpAe HTTP/1.1" 200 -
201.245.192.253 - - [27/Dec/2014:13:57:06 -0500] "GET /BLA/boletinlegal/js/jquery.js HTTP/1.1" 304 -
201.245.192.253 - - [27/Dec/2014:13:57:06 -0500] "GET /BLA/boletinlegal/js/jquery.scrollTo-min.js HTTP/1.1" 304 -
201.245.192.253 - - [27/Dec/2014:13:57:06 -0500] "GET /BLA/boletinlegal/js/jquery.scrollShow.js HTTP/1.1" 304 -
201.245.192.253 - - [27/Dec/2014:13:57:06 -0500] "GET /galeria/carrusel/Carrusel/jquery-ui-1.8.13.custom.min.js HTTP/1.1" 304 -
201.245.192.253 - - [27/Dec/2014:13:57:06 -0500] "GET /galeria/carrusel/Carrusel/jquery.thumbnailScroller.css HTTP/1.1" 304 -
201.245.192.253 - - [27/Dec/2014:13:57:06 -0500] "GET /galeria/carrusel/Carrusel/jquery.thumbnailScroller.js HTTP/1.1" 304 -
201.245.192.253 - - [27/Dec/2014:13:57:06 -0500] "GET /galeria/nivo-slider/demo/demo.html HTTP/1.1" 304 -
66.249.73.163 - - [27/Dec/2014:13:57:12 -0500] "GET /BLA/resoluciones/RESOLUCIONES%202010/3355.pdf HTTP/1.1" 200 512257
186.84.40.34 - - [27/Dec/2014:13:57:13 -0500] "POST /forms/lservlet;jsessionid=ac16012b30d5f45d3a432e774dcea183dfd7e0dcc671.e3iSbxaKaheRe34Sa3yKbhiTahb0n6jAmljGr5XDqQLvpAe HTTP/1.1" 200 2
66.249.73.163 - - [27/Dec/2014:13:57:16 -0500] "GET /BLA/resoluciones/RESOLUCIONES%202012/0656.pdf HTTP/1.1" 304 -
201.245.192.253 - - [27/Dec/2014:13:57:22 -0500] "GET /galeria/nivo-slider/demo/demo.html HTTP/1.1" 304 -
201.245.192.253 - - [27/Dec/2014:13:57:22 -0500] "GET /galeria/nivo-slider/demo/images/bolsas-08.jpg HTTP/1.1" 304 -
201.245.192.253 - - [27/Dec/2014:13:57:22 -0500] "GET /galeria/nivo-slider/demo/images/Ruta-vertimientos-01.jpg HTTP/1.1" 304 -
201.245.192.253 - - [27/Dec/2014:13:57:22 -0500] "GET /galeria/nivo-slider/demo/images/bolsas-06.jpg HTTP/1.1" 304 -
201.245.192.253 - - [27/Dec/2014:13:57:41 -0500] "GET /galeria/nivo-slider/demo/images/bolsas-08.jpg HTTP/1.1" 304 -
201.245.192.253 - - [27/Dec/2014:13:57:41 -0500] "GET /galeria/nivo-slider/demo/images/Ruta-vertimientos-01.jpg HTTP/1.1" 304 -
201.245.192.253 - - [27/Dec/2014:13:57:41 -0500] "GET /galeria/nivo-slider/demo/images/bolsas-06.jpg HTTP/1.1" 304 -
186.30.66.14 - - [27/Dec/2014:13:57:53 -0500] "POST /forms/lservlet;jsessionid=ac16012b30d53ea9f84bca5f42a9821692df51710c28.e3iSbxaKaheRe34Sa3yKbhiTahb0n6jAmljGr5XDqQLvpAe HTTP/1.1" 200 2
66.249.73.171 - - [27/Dec/2014:13:58:12 -0500] "GET /BLA/resoluciones/AUTOS%202011/1851.pdf HTTP/1.1" 200 92279
66.249.73.155 - - [27/Dec/2014:13:58:15 -0500] "GET /BLA/resoluciones/AUTOS%202011/3185.pdf HTTP/1.1" 304 -
186.30.66.14 - - [27/Dec/2014:13:58:16 -0500] "POST /forms/lservlet;jsessionid=ac16012b30d53ea9f84bca5f42a9821692df51710c28.e3iSbxaKaheRe34Sa3yKbhiTahb0n6jAmljGr5XDqQLvpAe HTTP/1.1" 200 2
186.30.66.14 - - [27/Dec/2014:13:58:16 -0500] "POST /forms/lservlet;jsessionid=ac16012b30d53ea9f84bca5f42a9821692df51710c28.e3iSbxaKaheRe34Sa3yKbhiTahb0n6jAmljGr5XDqQLvpAe HTTP/1.1" 200 2385
186.30.66.14 - - [27/Dec/2014:13:58:16 -0500] "POST /forms/lservlet;jsessionid=ac16012b30d53ea9f84bca5f42a9821692df51710c28.e3iSbxaKaheRe34Sa3yKbhiTahb0n6jAmljGr5XDqQLvpAe HTTP/1.1" 200 10
186.30.66.14 - - [27/Dec/2014:13:58:16 -0500] "POST /forms/lservlet;jsessionid=ac16012b30d53ea9f84bca5f42a9821692df51710c28.e3iSbxaKaheRe34Sa3yKbhiTahb0n6jAmljGr5XDqQLvpAe HTTP/1.1" 200 32
186.30.66.14 - - [27/Dec/2014:13:58:18 -0500] "POST /forms/lservlet;jsessionid=ac16012b30d53ea9f84bca5f42a9821692df51710c28.e3iSbxaKaheRe34Sa3yKbhiTahb0n6jAmljGr5XDqQLvpAe HTTP/1.1" 200 26
186.30.66.14 - - [27/Dec/2014:13:58:18 -0500] "POST /forms/lservlet;jsessionid=ac16012b30d53ea9f84bca5f42a9821692df51710c28.e3iSbxaKaheRe34Sa3yKbhiTahb0n6jAmljGr5XDqQLvpAe HTTP/1.1" 200 4031
186.30.66.14 - - [27/Dec/2014:13:58:19 -0500] "POST /forms/lservlet;jsessionid=ac16012b30d53ea9f84bca5f42a9821692df51710c28.e3iSbxaKaheRe34Sa3yKbhiTahb0n6jAmljGr5XDqQLvpAe HTTP/1.1" 200 20
186.30.66.14 - - [27/Dec/2014:13:58:22 -0500] "POST /forms/lservlet;jsessionid=ac16012b30d53ea9f84bca5f42a9821692df51710c28.e3iSbxaKaheRe34Sa3yKbhiTahb0n6jAmljGr5XDqQLvpAe HTTP/1.1" 200 2536
179.32.136.0 - - [27/Dec/2014:13:58:28 -0500] "GET /BLA/boletinlegal/js/jquery.js HTTP/1.1" 200 57254
179.32.136.0 - - [27/Dec/2014:13:58:28 -0500] "GET /BLA/boletinlegal/js/jquery.scrollTo-min.js HTTP/1.1" 200 1150
179.32.136.0 - - [27/Dec/2014:13:58:28 -0500] "GET /BLA/boletinlegal/js/jquery.scrollShow.js HTTP/1.1" 200 4586
186.30.66.14 - - [27/Dec/2014:13:58:57 -0500] "POST /forms/lservlet;jsessionid=ac16012b30d53ea9f84bca5f42a9821692df51710c28.e3iSbxaKaheRe34Sa3yKbhiTahb0n6jAmljGr5XDqQLvpAe HTTP/1.1" 200 176
66.249.65.196 - - [27/Dec/2014:13:58:59 -0500] "GET /sistemas/reporte.pdf HTTP/1.1" 404 1019
186.84.40.34 - - [27/Dec/2014:13:59:13 -0500] "POST /forms/lservlet;jsessionid=ac16012b30d5f45d3a432e774dcea183dfd7e0dcc671.e3iSbxaKaheRe34Sa3yKbhiTahb0n6jAmljGr5XDqQLvpAe HTTP/1.1" 200 2
201.245.192.253 - - [27/Dec/2014:13:59:13 -0500] "GET /BLA/boletinlegal/js/jquery.js HTTP/1.1" 304 -
201.245.192.253 - - [27/Dec/2014:13:59:13 -0500] "GET /BLA/boletinlegal/js/jquery.scrollShow.js HTTP/1.1" 304 -
201.245.192.253 - - [27/Dec/2014:13:59:13 -0500] "GET /BLA/boletinlegal/js/jquery.scrollTo-min.js HTTP/1.1" 304 -
201.245.192.253 - - [27/Dec/2014:13:59:13 -0500] "GET /galeria/carrusel/Carrusel/jquery-ui-1.8.13.custom.min.js HTTP/1.1" 304 -
201.245.192.253 - - [27/Dec/2014:13:59:13 -0500] "GET /galeria/carrusel/Carrusel/jquery.thumbnailScroller.css HTTP/1.1" 304 -
201.245.192.253 - - [27/Dec/2014:13:59:13 -0500] "GET /galeria/carrusel/Carrusel/jquery.thumbnailScroller.js HTTP/1.1" 304 -
201.245.192.253 - - [27/Dec/2014:13:59:13 -0500] "GET /galeria/nivo-slider/demo/demo.html HTTP/1.1" 304 -
201.245.192.253 - - [27/Dec/2014:13:59:14 -0500] "GET /galeria/nivo-slider/demo/images/bolsas-08.jpg HTTP/1.1" 304 -
201.245.192.253 - - [27/Dec/2014:13:59:14 -0500] "GET /galeria/nivo-slider/demo/images/Ruta-vertimientos-01.jpg HTTP/1.1" 304 -
201.245.192.253 - - [27/Dec/2014:13:59:14 -0500] "GET /galeria/nivo-slider/demo/images/bolsas-06.jpg HTTP/1.1" 304 -
186.30.66.14 - - [27/Dec/2014:13:59:14 -0500] "POST /forms/lservlet;jsessionid=ac16012b30d53ea9f84bca5f42a9821692df51710c28.e3iSbxaKaheRe34Sa3yKbhiTahb0n6jAmljGr5XDqQLvpAe HTTP/1.1" 200 162
66.249.73.155 - - [27/Dec/2014:13:59:14 -0500] "GET /BLA/resoluciones/RESOLUCIONES%202007/RES%202007%201301%20AL%201400/RESOLUCION%201330%20DE%202007.pdf HTTP/1.1" 200 567400
186.30.66.14 - - [27/Dec/2014:13:59:14 -0500] "POST /forms/lservlet;jsessionid=ac16012b30d53ea9f84bca5f42a9821692df51710c28.e3iSbxaKaheRe34Sa3yKbhiTahb0n6jAmljGr5XDqQLvpAe HTTP/1.1" 200 7
186.30.66.14 - - [27/Dec/2014:13:59:15 -0500] "POST /forms/lservlet;jsessionid=ac16012b30d53ea9f84bca5f42a9821692df51710c28.e3iSbxaKaheRe34Sa3yKbhiTahb0n6jAmljGr5XDqQLvpAe HTTP/1.1" 200 89
186.30.66.14 - - [27/Dec/2014:13:59:15 -0500] "POST /forms/lservlet;jsessionid=ac16012b30d53ea9f84bca5f42a9821692df51710c28.e3iSbxaKaheRe34Sa3yKbhiTahb0n6jAmljGr5XDqQLvpAe HTTP/1.1" 200 2
186.30.66.14 - - [27/Dec/2014:13:59:16 -0500] "POST /forms/lservlet;jsessionid=ac16012b30d53ea9f84bca5f42a9821692df51710c28.e3iSbxaKaheRe34Sa3yKbhiTahb0n6jAmljGr5XDqQLvpAe HTTP/1.1" 200 49
186.30.66.14 - - [27/Dec/2014:13:59:22 -0500] "POST /forms/lservlet;jsessionid=ac16012b30d53ea9f84bca5f42a9821692df51710c28.e3iSbxaKaheRe34Sa3yKbhiTahb0n6jAmljGr5XDqQLvpAe HTTP/1.1" 200 7
66.249.73.155 - - [27/Dec/2014:13:59:27 -0500] "GET /BLA/resoluciones/RESOLUCIONES%202005/RES%202005%20%201701-1750/00001709.tif HTTP/1.1" 200 280150
201.245.192.253 - - [27/Dec/2014:13:59:38 -0500] "GET /BLA/boletinlegal/js/jquery.js HTTP/1.1" 304 -
201.245.192.253 - - [27/Dec/2014:13:59:38 -0500] "GET /BLA/boletinlegal/js/jquery.scrollTo-min.js HTTP/1.1" 304 -
201.245.192.253 - - [27/Dec/2014:13:59:38 -0500] "GET /BLA/boletinlegal/js/jquery.scrollShow.js HTTP/1.1" 304 -
201.245.192.253 - - [27/Dec/2014:13:59:38 -0500] "GET /galeria/carrusel/Carrusel/jquery.thumbnailScroller.css HTTP/1.1" 304 -
201.245.192.253 - - [27/Dec/2014:13:59:38 -0500] "GET /galeria/carrusel/Carrusel/jquery-ui-1.8.13.custom.min.js HTTP/1.1" 304 -
201.245.192.253 - - [27/Dec/2014:13:59:38 -0500] "GET /galeria/carrusel/Carrusel/jquery.thumbnailScroller.js HTTP/1.1" 304 -
201.245.192.253 - - [27/Dec/2014:13:59:39 -0500] "GET /galeria/nivo-slider/demo/demo.html HTTP/1.1" 304 -
201.245.192.253 - - [27/Dec/2014:13:59:39 -0500] "GET /galeria/nivo-slider/demo/images/bolsas-08.jpg HTTP/1.1" 304 -
201.245.192.253 - - [27/Dec/2014:13:59:39 -0500] "GET /galeria/nivo-slider/demo/images/Ruta-vertimientos-01.jpg HTTP/1.1" 304 -
201.245.192.253 - - [27/Dec/2014:13:59:39 -0500] "GET /galeria/nivo-slider/demo/images/bolsas-06.jpg HTTP/1.1" 304 -
186.30.66.14 - - [27/Dec/2014:13:59:53 -0500] "POST /forms/lservlet;jsessionid=ac16012b30d53ea9f84bca5f42a9821692df51710c28.e3iSbxaKaheRe34Sa3yKbhiTahb0n6jAmljGr5XDqQLvpAe HTTP/1.1" 200 2
66.249.73.171 - - [27/Dec/2014:14:00:13 -0500] "GET /BLA/resoluciones/AUTOS%202011/0003.pdf HTTP/1.1" 200 375388
186.30.66.14 - - [27/Dec/2014:14:00:31 -0500] "POST /forms/lservlet;jsessionid=ac16012b30d53ea9f84bca5f42a9821692df51710c28.e3iSbxaKaheRe34Sa3yKbhiTahb0n6jAmljGr5XDqQLvpAe HTTP/1.1" 200 134
74.86.158.107 - - [27/Dec/2014:14:00:34 -0500] "HEAD / HTTP/1.1" 302 -
66.249.73.171 - - [27/Dec/2014:14:01:11 -0500] "GET /BLA/resoluciones/RESOLUCIONES%202012/0773.pdf HTTP/1.1" 304 -
186.84.40.34 - - [27/Dec/2014:14:01:13 -0500] "POST /forms/lservlet;jsessionid=ac16012b30d5f45d3a432e774dcea183dfd7e0dcc671.e3iSbxaKaheRe34Sa3yKbhiTahb0n6jAmljGr5XDqQLvpAe HTTP/1.1" 200 2
186.30.66.14 - - [27/Dec/2014:14:01:53 -0500] "POST /forms/lservlet;jsessionid=ac16012b30d53ea9f84bca5f42a9821692df51710c28.e3iSbxaKaheRe34Sa3yKbhiTahb0n6jAmljGr5XDqQLvpAe HTTP/1.1" 200 2
66.249.73.155 - - [27/Dec/2014:14:02:10 -0500] "GET /BLA/resoluciones/AUTOS%202011/2886.pdf HTTP/1.1" 304 -
66.249.73.171 - - [27/Dec/2014:14:02:45 -0500] "GET /BLA/resoluciones/RESOLUCIONES%202005/RES%202005%20%201701-1750/00001717.tif HTTP/1.1" 200 36366
186.30.66.14 - - [27/Dec/2014:14:02:52 -0500] "POST /forms/lservlet;jsessionid=ac16012b30d53ea9f84bca5f42a9821692df51710c28.e3iSbxaKaheRe34Sa3yKbhiTahb0n6jAmljGr5XDqQLvpAe HTTP/1.1" 200 147
66.249.73.171 - - [27/Dec/2014:14:03:09 -0500] "GET /BLA/resoluciones/AUTOS%202011/7235.pdf HTTP/1.1" 304 -
186.84.40.34 - - [27/Dec/2014:14:03:13 -0500] "POST /forms/lservlet;jsessionid=ac16012b30d5f45d3a432e774dcea183dfd7e0dcc671.e3iSbxaKaheRe34Sa3yKbhiTahb0n6jAmljGr5XDqQLvpAe HTTP/1.1" 200 2
186.30.66.14 - - [27/Dec/2014:14:03:15 -0500] "POST /forms/lservlet;jsessionid=ac16012b30d53ea9f84bca5f42a9821692df51710c28.e3iSbxaKaheRe34Sa3yKbhiTahb0n6jAmljGr5XDqQLvpAe HTTP/1.1" 200 78
220.181.108.159 - - [27/Dec/2014:14:03:18 -0500] "GET /BLA/resoluciones/RESOLUCIONES%202009/2109.pdf HTTP/1.1" 200 459201
201.171.183.198 - - [27/Dec/2014:14:03:38 -0500] "GET /BLA/boletinlegal/js/jquery.js HTTP/1.1" 200 57254
201.171.183.198 - - [27/Dec/2014:14:03:38 -0500] "GET /BLA/boletinlegal/js/jquery.scrollTo-min.js HTTP/1.1" 200 1150
201.171.183.198 - - [27/Dec/2014:14:03:38 -0500] "GET /BLA/boletinlegal/js/jquery.scrollShow.js HTTP/1.1" 200 4586
186.30.66.14 - - [27/Dec/2014:14:03:53 -0500] "POST /forms/lservlet;jsessionid=ac16012b30d53ea9f84bca5f42a9821692df51710c28.e3iSbxaKaheRe34Sa3yKbhiTahb0n6jAmljGr5XDqQLvpAe HTTP/1.1" 200 2
66.249.73.155 - - [27/Dec/2014:14:04:07 -0500] "GET /BLA/resoluciones/RESOLUCIONES%202013/0923.pdf HTTP/1.1" 200 2369256
186.30.66.14 - - [27/Dec/2014:14:04:28 -0500] "POST /forms/lservlet;jsessionid=ac16012b30d53ea9f84bca5f42a9821692df51710c28.e3iSbxaKaheRe34Sa3yKbhiTahb0n6jAmljGr5XDqQLvpAe HTTP/1.1" 200 194
186.30.66.14 - - [27/Dec/2014:14:04:29 -0500] "POST /forms/lservlet;jsessionid=ac16012b30d53ea9f84bca5f42a9821692df51710c28.e3iSbxaKaheRe34Sa3yKbhiTahb0n6jAmljGr5XDqQLvpAe HTTP/1.1" 200 11
186.30.66.14 - - [27/Dec/2014:14:04:29 -0500] "POST /forms/lservlet;jsessionid=ac16012b30d53ea9f84bca5f42a9821692df51710c28.e3iSbxaKaheRe34Sa3yKbhiTahb0n6jAmljGr5XDqQLvpAe HTTP/1.1" 200 105
186.30.66.14 - - [27/Dec/2014:14:04:29 -0500] "POST /forms/lservlet;jsessionid=ac16012b30d53ea9f84bca5f42a9821692df51710c28.e3iSbxaKaheRe34Sa3yKbhiTahb0n6jAmljGr5XDqQLvpAe HTTP/1.1" 200 7
186.30.66.14 - - [27/Dec/2014:14:04:30 -0500] "POST /forms/lservlet;jsessionid=ac16012b30d53ea9f84bca5f42a9821692df51710c28.e3iSbxaKaheRe34Sa3yKbhiTahb0n6jAmljGr5XDqQLvpAe HTTP/1.1" 200 43
186.30.66.14 - - [27/Dec/2014:14:04:30 -0500] "POST /forms/lservlet;jsessionid=ac16012b30d53ea9f84bca5f42a9821692df51710c28.e3iSbxaKaheRe34Sa3yKbhiTahb0n6jAmljGr5XDqQLvpAe HTTP/1.1" 200 2
186.30.66.14 - - [27/Dec/2014:14:04:31 -0500] "POST /forms/lservlet;jsessionid=ac16012b30d53ea9f84bca5f42a9821692df51710c28.e3iSbxaKaheRe34Sa3yKbhiTahb0n6jAmljGr5XDqQLvpAe HTTP/1.1" 200 153
186.30.66.14 - - [27/Dec/2014:14:04:31 -0500] "POST /forms/lservlet;jsessionid=ac16012b30d53ea9f84bca5f42a9821692df51710c28.e3iSbxaKaheRe34Sa3yKbhiTahb0n6jAmljGr5XDqQLvpAe HTTP/1.1" 200 7
186.30.66.14 - - [27/Dec/2014:14:04:35 -0500] "POST /forms/lservlet;jsessionid=ac16012b30d53ea9f84bca5f42a9821692df51710c28.e3iSbxaKaheRe34Sa3yKbhiTahb0n6jAmljGr5XDqQLvpAe HTTP/1.1" 200 53
186.30.66.14 - - [27/Dec/2014:14:04:35 -0500] "POST /forms/lservlet;jsessionid=ac16012b30d53ea9f84bca5f42a9821692df51710c28.e3iSbxaKaheRe34Sa3yKbhiTahb0n6jAmljGr5XDqQLvpAe HTTP/1.1" 200 2
186.30.66.14 - - [27/Dec/2014:14:04:38 -0500] "POST /forms/lservlet;jsessionid=ac16012b30d53ea9f84bca5f42a9821692df51710c28.e3iSbxaKaheRe34Sa3yKbhiTahb0n6jAmljGr5XDqQLvpAe HTTP/1.1" 200 118
186.30.66.14 - - [27/Dec/2014:14:04:38 -0500] "POST /forms/lservlet;jsessionid=ac16012b30d53ea9f84bca5f42a9821692df51710c28.e3iSbxaKaheRe34Sa3yKbhiTahb0n6jAmljGr5XDqQLvpAe HTTP/1.1" 200 7
186.30.66.14 - - [27/Dec/2014:14:04:53 -0500] "POST /forms/lservlet;jsessionid=ac16012b30d53ea9f84bca5f42a9821692df51710c28.e3iSbxaKaheRe34Sa3yKbhiTahb0n6jAmljGr5XDqQLvpAe HTTP/1.1" 200 149
186.30.66.14 - - [27/Dec/2014:14:04:53 -0500] "POST /forms/lservlet;jsessionid=ac16012b30d53ea9f84bca5f42a9821692df51710c28.e3iSbxaKaheRe34Sa3yKbhiTahb0n6jAmljGr5XDqQLvpAe HTTP/1.1" 200 7
186.30.66.14 - - [27/Dec/2014:14:04:55 -0500] "POST /forms/lservlet;jsessionid=ac16012b30d53ea9f84bca5f42a9821692df51710c28.e3iSbxaKaheRe34Sa3yKbhiTahb0n6jAmljGr5XDqQLvpAe HTTP/1.1" 200 7
186.30.66.14 - - [27/Dec/2014:14:04:57 -0500] "POST /forms/lservlet;jsessionid=ac16012b30d53ea9f84bca5f42a9821692df51710c28.e3iSbxaKaheRe34Sa3yKbhiTahb0n6jAmljGr5XDqQLvpAe HTTP/1.1" 200 121
186.30.66.14 - - [27/Dec/2014:14:05:01 -0500] "POST /forms/lservlet;jsessionid=ac16012b30d53ea9f84bca5f42a9821692df51710c28.e3iSbxaKaheRe34Sa3yKbhiTahb0n6jAmljGr5XDqQLvpAe HTTP/1.1" 200 128
186.30.66.14 - - [27/Dec/2014:14:05:02 -0500] "POST /forms/lservlet;jsessionid=ac16012b30d53ea9f84bca5f42a9821692df51710c28.e3iSbxaKaheRe34Sa3yKbhiTahb0n6jAmljGr5XDqQLvpAe HTTP/1.1" 200 7
186.30.66.14 - - [27/Dec/2014:14:05:03 -0500] "POST /forms/lservlet;jsessionid=ac16012b30d53ea9f84bca5f42a9821692df51710c28.e3iSbxaKaheRe34Sa3yKbhiTahb0n6jAmljGr5XDqQLvpAe HTTP/1.1" 200 7
66.249.73.163 - - [27/Dec/2014:14:05:06 -0500] "GET /BLA/resoluciones/RESOLUCIONES%202010/5284.pdf HTTP/1.1" 200 759787
201.245.192.253 - - [27/Dec/2014:14:05:12 -0500] "GET /BLA/boletinlegal/js/jquery.js HTTP/1.1" 304 -
201.245.192.253 - - [27/Dec/2014:14:05:12 -0500] "GET /BLA/boletinlegal/js/jquery.scrollTo-min.js HTTP/1.1" 304 -
201.245.192.253 - - [27/Dec/2014:14:05:12 -0500] "GET /BLA/boletinlegal/js/jquery.scrollShow.js HTTP/1.1" 304 -
201.245.192.253 - - [27/Dec/2014:14:05:12 -0500] "GET /galeria/carrusel/Carrusel/jquery.thumbnailScroller.css HTTP/1.1" 304 -
201.245.192.253 - - [27/Dec/2014:14:05:12 -0500] "GET /galeria/carrusel/Carrusel/jquery-ui-1.8.13.custom.min.js HTTP/1.1" 304 -
201.245.192.253 - - [27/Dec/2014:14:05:12 -0500] "GET /galeria/carrusel/Carrusel/jquery.thumbnailScroller.js HTTP/1.1" 304 -
186.84.40.34 - - [27/Dec/2014:14:05:13 -0500] "POST /forms/lservlet;jsessionid=ac16012b30d5f45d3a432e774dcea183dfd7e0dcc671.e3iSbxaKaheRe34Sa3yKbhiTahb0n6jAmljGr5XDqQLvpAe HTTP/1.1" 200 2
201.245.192.253 - - [27/Dec/2014:14:05:13 -0500] "GET /galeria/nivo-slider/demo/demo.html HTTP/1.1" 304 -
201.245.192.253 - - [27/Dec/2014:14:05:13 -0500] "GET /galeria/nivo-slider/demo/images/bolsas-08.jpg HTTP/1.1" 304 -
201.245.192.253 - - [27/Dec/2014:14:05:13 -0500] "GET /galeria/nivo-slider/demo/images/Ruta-vertimientos-01.jpg HTTP/1.1" 304 -
201.245.192.253 - - [27/Dec/2014:14:05:13 -0500] "GET /galeria/nivo-slider/demo/images/bolsas-06.jpg HTTP/1.1" 304 -
186.30.66.14 - - [27/Dec/2014:14:05:17 -0500] "POST /forms/lservlet;jsessionid=ac16012b30d53ea9f84bca5f42a9821692df51710c28.e3iSbxaKaheRe34Sa3yKbhiTahb0n6jAmljGr5XDqQLvpAe HTTP/1.1" 200 2
186.30.66.14 - - [27/Dec/2014:14:05:17 -0500] "POST /forms/lservlet;jsessionid=ac16012b30d53ea9f84bca5f42a9821692df51710c28.e3iSbxaKaheRe34Sa3yKbhiTahb0n6jAmljGr5XDqQLvpAe HTTP/1.1" 200 14
186.30.66.14 - - [27/Dec/2014:14:05:18 -0500] "POST /forms/lservlet;jsessionid=ac16012b30d53ea9f84bca5f42a9821692df51710c28.e3iSbxaKaheRe34Sa3yKbhiTahb0n6jAmljGr5XDqQLvpAe HTTP/1.1" 200 14
186.30.66.14 - - [27/Dec/2014:14:05:20 -0500] "POST /forms/lservlet;jsessionid=ac16012b30d53ea9f84bca5f42a9821692df51710c28.e3iSbxaKaheRe34Sa3yKbhiTahb0n6jAmljGr5XDqQLvpAe HTTP/1.1" 200 14
186.30.66.14 - - [27/Dec/2014:14:05:21 -0500] "POST /forms/lservlet;jsessionid=ac16012b30d53ea9f84bca5f42a9821692df51710c28.e3iSbxaKaheRe34Sa3yKbhiTahb0n6jAmljGr5XDqQLvpAe HTTP/1.1" 200 113
186.30.66.14 - - [27/Dec/2014:14:05:22 -0500] "POST /forms/lservlet;jsessionid=ac16012b30d53ea9f84bca5f42a9821692df51710c28.e3iSbxaKaheRe34Sa3yKbhiTahb0n6jAmljGr5XDqQLvpAe HTTP/1.1" 200 2
186.30.66.14 - - [27/Dec/2014:14:05:23 -0500] "POST /forms/lservlet;jsessionid=ac16012b30d53ea9f84bca5f42a9821692df51710c28.e3iSbxaKaheRe34Sa3yKbhiTahb0n6jAmljGr5XDqQLvpAe HTTP/1.1" 200 2
180.76.5.172 - - [27/Dec/2014:14:05:24 -0500] "GET /BLA/resoluciones/index.php?dir=RESOLUCIONES+2003%2FRES+2003+1401-1450%2F HTTP/1.1" 200 12156
186.30.66.14 - - [27/Dec/2014:14:05:23 -0500] "POST /forms/lservlet;jsessionid=ac16012b30d53ea9f84bca5f42a9821692df51710c28.e3iSbxaKaheRe34Sa3yKbhiTahb0n6jAmljGr5XDqQLvpAe HTTP/1.1" 200 14
186.30.66.14 - - [27/Dec/2014:14:05:25 -0500] "POST /forms/lservlet;jsessionid=ac16012b30d53ea9f84bca5f42a9821692df51710c28.e3iSbxaKaheRe34Sa3yKbhiTahb0n6jAmljGr5XDqQLvpAe HTTP/1.1" 200 96
186.30.66.14 - - [27/Dec/2014:14:05:25 -0500] "POST /forms/lservlet;jsessionid=ac16012b30d53ea9f84bca5f42a9821692df51710c28.e3iSbxaKaheRe34Sa3yKbhiTahb0n6jAmljGr5XDqQLvpAe HTTP/1.1" 200 2
186.30.66.14 - - [27/Dec/2014:14:05:25 -0500] "GET /reports/rwservlet/getjobid338249?server=rep_srvapsda HTTP/1.1" 200 47547
181.137.228.144 - - [27/Dec/2014:14:05:27 -0500] "GET /BLA/boletinlegal/js/jquery.scrollShow.js HTTP/1.1" 200 4586
181.137.228.144 - - [27/Dec/2014:14:05:27 -0500] "GET /BLA/boletinlegal/js/jquery.scrollTo-min.js HTTP/1.1" 200 1150
181.137.228.144 - - [27/Dec/2014:14:05:27 -0500] "GET /BLA/boletinlegal/js/jquery.js HTTP/1.1" 200 57254
186.30.66.14 - - [27/Dec/2014:14:05:22 -0500] "GET /reports/rwservlet/getjobid338248?server=rep_srvapsda HTTP/1.1" 200 1240876
74.86.158.107 - - [27/Dec/2014:14:05:34 -0500] "HEAD / HTTP/1.1" 302 -
186.30.66.14 - - [27/Dec/2014:14:05:53 -0500] "POST /forms/lservlet;jsessionid=ac16012b30d53ea9f84bca5f42a9821692df51710c28.e3iSbxaKaheRe34Sa3yKbhiTahb0n6jAmljGr5XDqQLvpAe HTTP/1.1" 200 2
66.249.65.196 - - [27/Dec/2014:14:06:05 -0500] "GET /BLA/ HTTP/1.1" 200 538
186.82.199.90 - - [27/Dec/2014:14:06:10 -0500] "GET /BLA/boletinlegal/js/jquery.js HTTP/1.1" 200 57254
186.82.199.90 - - [27/Dec/2014:14:06:10 -0500] "GET /BLA/boletinlegal/js/jquery.scrollTo-min.js HTTP/1.1" 200 1150
186.82.199.90 - - [27/Dec/2014:14:06:10 -0500] "GET /galeria/carrusel/Carrusel/jquery-ui-1.8.13.custom.min.js HTTP/1.1" 200 10800
186.82.199.90 - - [27/Dec/2014:14:06:10 -0500] "GET /BLA/boletinlegal/js/jquery.scrollShow.js HTTP/1.1" 200 4586
186.82.199.90 - - [27/Dec/2014:14:06:10 -0500] "GET /galeria/carrusel/Carrusel/jquery.thumbnailScroller.css HTTP/1.1" 200 2066
186.82.199.90 - - [27/Dec/2014:14:06:10 -0500] "GET /galeria/carrusel/Carrusel/jquery.thumbnailScroller.js HTTP/1.1" 200 8157
180.76.6.149 - - [27/Dec/2014:14:06:14 -0500] "GET /BLA/boletinlegal;jsessionid=D55BAC67F2AF317845A50DB5903BCF97?/? HTTP/1.1" 404 1018
186.82.199.90 - - [27/Dec/2014:14:06:14 -0500] "GET /galeria/nivo-slider/demo/demo.html HTTP/1.1" 200 3237
186.82.199.90 - - [27/Dec/2014:14:06:14 -0500] "GET /galeria/nivo-slider/themes/pascal/pascal.css HTTP/1.1" 200 2258
186.82.199.90 - - [27/Dec/2014:14:06:14 -0500] "GET /galeria/nivo-slider/themes/default/default.css HTTP/1.1" 200 1569
186.82.199.90 - - [27/Dec/2014:14:06:14 -0500] "GET /galeria/nivo-slider/demo/style.css HTTP/1.1" 200 2222
186.82.199.90 - - [27/Dec/2014:14:06:14 -0500] "GET /galeria/nivo-slider/demo/images/bolsas-08.jpg HTTP/1.1" 200 85589
186.82.199.90 - - [27/Dec/2014:14:06:14 -0500] "GET /galeria/nivo-slider/nivo-slider.css HTTP/1.1" 200 1507
186.82.199.90 - - [27/Dec/2014:14:06:14 -0500] "GET /galeria/nivo-slider/themes/orman/orman.css HTTP/1.1" 200 2152
186.82.199.90 - - [27/Dec/2014:14:06:14 -0500] "GET /galeria/nivo-slider/jquery.nivo.slider.pack.js HTTP/1.1" 200 11561
186.82.199.90 - - [27/Dec/2014:14:06:14 -0500] "GET /galeria/nivo-slider/demo/scripts/jquery-1.7.1.min.js HTTP/1.1" 200 93868
186.82.199.90 - - [27/Dec/2014:14:06:14 -0500] "GET /galeria/nivo-slider/demo/images/Ruta-vertimientos-01.jpg HTTP/1.1" 200 130151
186.82.199.90 - - [27/Dec/2014:14:06:15 -0500] "GET /galeria/nivo-slider/demo/images/bolsas-06.jpg HTTP/1.1" 200 90982
186.82.199.90 - - [27/Dec/2014:14:06:15 -0500] "GET /galeria/nivo-slider/demo/images/ecolecta-Dic2014.png HTTP/1.1" 200 288593
186.82.199.90 - - [27/Dec/2014:14:06:15 -0500] "GET /galeria/nivo-slider/demo/images/Banner-GAE3.jpg HTTP/1.1" 200 146354
186.82.199.90 - - [27/Dec/2014:14:06:15 -0500] "GET /galeria/nivo-slider/demo/images/porloshumedales.jpg HTTP/1.1" 200 351238
186.82.199.90 - - [27/Dec/2014:14:06:15 -0500] "GET /galeria/nivo-slider/demo/images/Tingua-azul.jpg HTTP/1.1" 200 307638
186.82.199.90 - - [27/Dec/2014:14:06:15 -0500] "GET /galeria/nivo-slider/demo/images/Banner-Caracol-Africano.jpg HTTP/1.1" 200 331986
186.82.199.90 - - [27/Dec/2014:14:06:15 -0500] "GET /galeria/nivo-slider/demo/images/banner-redes.jpg HTTP/1.1" 200 62209
186.82.199.90 - - [27/Dec/2014:14:06:15 -0500] "GET /galeria/nivo-slider/demo/images/9Signos.jpg HTTP/1.1" 200 93040
186.82.199.90 - - [27/Dec/2014:14:06:16 -0500] "GET /galeria/nivo-slider/demo/images/banner-llantas2.jpg HTTP/1.1" 200 73153
186.82.199.90 - - [27/Dec/2014:14:06:16 -0500] "GET /galeria/nivo-slider/demo/images/banner-caballos.png HTTP/1.1" 200 389106
186.82.199.90 - - [27/Dec/2014:14:06:16 -0500] "GET /galeria/nivo-slider/themes/default/loading.gif HTTP/1.1" 200 1737
186.82.199.90 - - [27/Dec/2014:14:06:17 -0500] "GET /galeria/nivo-slider/demo/images/4Simple_Slider.png HTTP/1.1" 200 11722
186.82.199.90 - - [27/Dec/2014:14:06:17 -0500] "GET /galeria/nivo-slider/themes/default/arrows.png HTTP/1.1" 200 824
186.82.199.90 - - [27/Dec/2014:14:06:17 -0500] "GET /galeria/nivo-slider/themes/default/bullets.png HTTP/1.1" 200 1281
186.82.199.90 - - [27/Dec/2014:14:06:21 -0500] "GET /videos/Spot_CambioClimatico.flv HTTP/1.1" 200 4371917
66.249.73.155 - - [27/Dec/2014:14:06:22 -0500] "GET /BLA/resoluciones/RESOLUCIONES%202005/RES%202005%20%201701-1750/00001739.tif HTTP/1.1" 200 220696
186.82.199.90 - - [27/Dec/2014:14:06:37 -0500] "GET /BLA/boletinlegal/style.css HTTP/1.1" 200 9406
186.82.199.90 - - [27/Dec/2014:14:06:37 -0500] "GET /BLA/boletinlegal/styles2.css HTTP/1.1" 200 1838
186.82.199.90 - - [27/Dec/2014:14:06:37 -0500] "GET /BLA/boletinlegal/images/cabezote%20BLEGAL.jpg HTTP/1.1" 200 118164
186.82.199.90 - - [27/Dec/2014:14:06:38 -0500] "GET /BLA/boletinlegal/images/historia.png HTTP/1.1" 200 52775
186.82.199.90 - - [27/Dec/2014:14:06:38 -0500] "GET /BLA/boletinlegal/images/nuevo.gif HTTP/1.1" 200 26475
186.82.199.90 - - [27/Dec/2014:14:06:38 -0500] "GET /BLA/boletinlegal/images/subscribe-icon-big.png HTTP/1.1" 200 47702
186.82.199.90 - - [27/Dec/2014:14:06:38 -0500] "GET /BLA/boletinlegal/images/arr_l.jpg HTTP/1.1" 200 1979
186.82.199.90 - - [27/Dec/2014:14:06:38 -0500] "GET /BLA/boletinlegal/images/screen_1.png HTTP/1.1" 200 202547
186.82.199.90 - - [27/Dec/2014:14:06:38 -0500] "GET /BLA/boletinlegal/images/launch.jpg HTTP/1.1" 200 14577
186.82.199.90 - - [27/Dec/2014:14:06:38 -0500] "GET /BLA/boletinlegal/images/screen_2.png HTTP/1.1" 200 362502
186.82.199.90 - - [27/Dec/2014:14:06:38 -0500] "GET /BLA/boletinlegal/images/screen_3.png HTTP/1.1" 200 211853
186.82.199.90 - - [27/Dec/2014:14:06:38 -0500] "GET /BLA/boletinlegal/images/body_bg.jpg HTTP/1.1" 200 1601
186.82.199.90 - - [27/Dec/2014:14:06:38 -0500] "GET /BLA/boletinlegal/images/menu_rght.gif HTTP/1.1" 200 1627
186.82.199.90 - - [27/Dec/2014:14:06:38 -0500] "GET /BLA/boletinlegal/images/menu_lft.gif HTTP/1.1" 200 1713
186.82.199.90 - - [27/Dec/2014:14:06:38 -0500] "GET /BLA/boletinlegal/images/bg_top.jpg HTTP/1.1" 200 522
186.82.199.90 - - [27/Dec/2014:14:06:38 -0500] "GET /BLA/boletinlegal/images/menu_bg.jpg HTTP/1.1" 200 620
186.82.199.90 - - [27/Dec/2014:14:06:38 -0500] "GET /BLA/boletinlegal/images/text.jpg HTTP/1.1" 200 568
186.82.199.90 - - [27/Dec/2014:14:06:38 -0500] "GET /BLA/boletinlegal/images/screen_5.png HTTP/1.1" 200 368876
186.82.199.90 - - [27/Dec/2014:14:06:38 -0500] "GET /BLA/boletinlegal/images/arr_r.jpg HTTP/1.1" 200 1998
186.82.199.90 - - [27/Dec/2014:14:06:38 -0500] "GET /BLA/boletinlegal/images/hover.jpg HTTP/1.1" 200 640
186.82.199.90 - - [27/Dec/2014:14:06:38 -0500] "GET /BLA/boletinlegal/images/pdf.gif HTTP/1.1" 200 567
186.82.199.90 - - [27/Dec/2014:14:06:38 -0500] "GET /BLA/boletinlegal/images/footer_bg.jpg HTTP/1.1" 200 586
186.82.199.90 - - [27/Dec/2014:14:06:41 -0500] "GET /BLA/boletinlegal/actos.php HTTP/1.1" 200 7534
186.82.199.90 - - [27/Dec/2014:14:06:41 -0500] "GET /BLA/boletinlegal/js/ajax_actos.js HTTP/1.1" 200 1322
186.82.199.90 - - [27/Dec/2014:14:06:41 -0500] "GET /BLA/boletinlegal/js/lib.js HTTP/1.1" 200 6474
186.82.199.90 - - [27/Dec/2014:14:06:41 -0500] "GET /BLA/boletinlegal/niceforms.js HTTP/1.1" 200 22876
186.82.199.90 - - [27/Dec/2014:14:06:41 -0500] "GET /BLA/boletinlegal/niceforms-default.css HTTP/1.1" 200 6694
186.82.199.90 - - [27/Dec/2014:14:06:41 -0500] "GET /BLA/boletinlegal/js/popup.js HTTP/1.1" 200 1270
186.82.199.90 - - [27/Dec/2014:14:06:41 -0500] "GET /BLA/boletinlegal/js/jquery1.js HTTP/1.1" 200 29846
186.82.199.90 - - [27/Dec/2014:14:06:41 -0500] "GET /BLA/boletinlegal/images/green-yellow-blue-pink-th.png HTTP/1.1" 200 7394
186.82.199.90 - - [27/Dec/2014:14:06:41 -0500] "GET /BLA/boletinlegal/images/abajo.png HTTP/1.1" 200 96676
186.82.199.90 - - [27/Dec/2014:14:06:41 -0500] "GET /BLA/boletinlegal/images/footer_bg_l.jpg HTTP/1.1" 200 776
186.82.199.90 - - [27/Dec/2014:14:06:42 -0500] "GET /BLA/boletinlegal/img/0.png HTTP/1.1" 200 110
186.82.199.90 - - [27/Dec/2014:14:06:42 -0500] "GET /BLA/boletinlegal/img/button-right.png HTTP/1.1" 200 57878
186.82.199.90 - - [27/Dec/2014:14:06:42 -0500] "GET /BLA/boletinlegal/img/button.png HTTP/1.1" 200 43241
186.82.199.90 - - [27/Dec/2014:14:06:42 -0500] "GET /BLA/boletinlegal/img/select-left.png HTTP/1.1" 200 263
186.82.199.90 - - [27/Dec/2014:14:06:42 -0500] "GET /BLA/boletinlegal/img/button-left.png HTTP/1.1" 200 57071
186.82.199.90 - - [27/Dec/2014:14:06:42 -0500] "GET /BLA/boletinlegal/img/select-right.png HTTP/1.1" 200 44019
186.82.199.90 - - [27/Dec/2014:14:06:42 -0500] "GET /favicon.ico HTTP/1.1" 200 7782
186.82.199.90 - - [27/Dec/2014:14:06:46 -0500] "GET /BLA/resoluciones/ HTTP/1.1" 200 6952
186.82.199.90 - - [27/Dec/2014:14:06:46 -0500] "GET /BLA/resoluciones/dlf/folder.png HTTP/1.1" 200 410
186.82.199.90 - - [27/Dec/2014:14:06:46 -0500] "GET /BLA/resoluciones/dlf/styles.css HTTP/1.1" 200 3049
186.82.199.90 - - [27/Dec/2014:14:06:46 -0500] "GET /BLA/resoluciones/dlf/bg.gif HTTP/1.1" 200 54
186.82.199.90 - - [27/Dec/2014:14:06:49 -0500] "GET /BLA/resoluciones/index.php?dir=AUTOS+2010%2F HTTP/1.1" 200 215539
186.82.199.90 - - [27/Dec/2014:14:06:51 -0500] "GET /BLA/resoluciones/dlf/dirup.png HTTP/1.1" 200 644
186.82.199.90 - - [27/Dec/2014:14:06:51 -0500] "GET /BLA/resoluciones/dlf/pdf.gif HTTP/1.1" 200 272
186.82.199.90 - - [27/Dec/2014:14:06:28 -0500] "GET /BLA/boletinlegal/index.php? HTTP/1.1" 200 37155
66.249.73.171 - - [27/Dec/2014:14:07:02 -0500] "GET /BLA/resoluciones/AUTOS%202011/2702.pdf HTTP/1.1" 200 113880
66.249.65.192 - - [27/Dec/2014:14:07:03 -0500] "GET /portalsiaccapacitaciones/Soportes%20Capacitaciones%20A%C3%B1o%202013/0055.%20Contexto%20pycs,%20cps,%20guia.pdf HTTP/1.1" 304 -
186.84.40.34 - - [27/Dec/2014:14:07:13 -0500] "POST /forms/lservlet;jsessionid=ac16012b30d5f45d3a432e774dcea183dfd7e0dcc671.e3iSbxaKaheRe34Sa3yKbhiTahb0n6jAmljGr5XDqQLvpAe HTTP/1.1" 200 2
66.249.73.171 - - [27/Dec/2014:14:07:15 -0500] "GET /BLA/resoluciones/Autos%202008/1159.pdf HTTP/1.1" 200 145873
66.249.73.155 - - [27/Dec/2014:14:07:31 -0500] "GET /BLA/resoluciones/Autos%202008/1801.pdf HTTP/1.1" 200 186283
186.82.199.90 - - [27/Dec/2014:14:07:33 -0500] "GET /BLA/resoluciones/AUTOS%202010/0116.pdf HTTP/1.1" 200 271783
186.30.66.14 - - [27/Dec/2014:14:07:54 -0500] "POST /forms/lservlet;jsessionid=ac16012b30d53ea9f84bca5f42a9821692df51710c28.e3iSbxaKaheRe34Sa3yKbhiTahb0n6jAmljGr5XDqQLvpAe HTTP/1.1" 200 2
66.249.65.188 - - [27/Dec/2014:14:08:02 -0500] "GET /Anexos%20estudio%20Organizacional%20SDA/ANEXO%20No.%203-%20CONTRATACI%C3%93N%20%20OPS%C2%B4s%202008-2012/CONTRATOS%20SDA%202009%20POR%20DEPENDENCIA%20(1).xls HTTP/1.1" 304 -
186.155.157.115 - - [27/Dec/2014:14:08:11 -0500] "GET /videos/ArchivoSDA.flv HTTP/1.1" 200 31205279
66.249.65.196 - - [27/Dec/2014:14:09:01 -0500] "GET /Autoliquidacion/index.php?dir=Solicitudes+relacionadas+con+calidad+del+aire+auditiva+y+visual%2FRegistro+de+Elementos+de+publicidad+Exterior+Visual%2F HTTP/1.1" 200 4037
186.84.40.34 - - [27/Dec/2014:14:09:13 -0500] "POST /forms/lservlet;jsessionid=ac16012b30d5f45d3a432e774dcea183dfd7e0dcc671.e3iSbxaKaheRe34Sa3yKbhiTahb0n6jAmljGr5XDqQLvpAe HTTP/1.1" 200 2
186.30.66.14 - - [27/Dec/2014:14:09:54 -0500] "POST /forms/lservlet;jsessionid=ac16012b30d53ea9f84bca5f42a9821692df51710c28.e3iSbxaKaheRe34Sa3yKbhiTahb0n6jAmljGr5XDqQLvpAe HTTP/1.1" 200 2
186.29.230.110 - - [27/Dec/2014:14:10:01 -0500] "GET /BLA/boletinlegal/js/jquery.js HTTP/1.1" 200 57254
186.29.230.110 - - [27/Dec/2014:14:10:01 -0500] "GET /BLA/boletinlegal/js/jquery.scrollShow.js HTTP/1.1" 200 4586
186.29.230.110 - - [27/Dec/2014:14:10:01 -0500] "GET /BLA/boletinlegal/js/jquery.scrollTo-min.js HTTP/1.1" 200 1150
66.249.73.155 - - [27/Dec/2014:14:10:03 -0500] "GET /BLA/resoluciones/RESOLUCIONES%202005/RES%202005%20%201701-1750/00001748.tif HTTP/1.1" 200 135772
66.249.73.155 - - [27/Dec/2014:14:10:04 -0500] "GET /manual_funciones_Listado/index.php?dir=&sort=date&order=desc HTTP/1.1" 404 1018
74.86.158.107 - - [27/Dec/2014:14:10:34 -0500] "HEAD / HTTP/1.1" 302 -
98.199.78.197 - - [27/Dec/2014:14:10:58 -0500] "GET /BLA/resoluciones/RESOLUCIONES%202013/0393.pdf HTTP/1.1" 200 1555663
66.249.65.196 - - [27/Dec/2014:14:10:27 -0500] "GET /BLA/boletinlegal/index.php HTTP/1.1" 200 49382
186.84.40.34 - - [27/Dec/2014:14:11:13 -0500] "POST /forms/lservlet;jsessionid=ac16012b30d5f45d3a432e774dcea183dfd7e0dcc671.e3iSbxaKaheRe34Sa3yKbhiTahb0n6jAmljGr5XDqQLvpAe HTTP/1.1" 200 2
186.30.66.14 - - [27/Dec/2014:14:11:54 -0500] "POST /forms/lservlet;jsessionid=ac16012b30d53ea9f84bca5f42a9821692df51710c28.e3iSbxaKaheRe34Sa3yKbhiTahb0n6jAmljGr5XDqQLvpAe HTTP/1.1" 200 2
190.152.128.176 - - [27/Dec/2014:14:12:07 -0500] "GET /BLA/boletinlegal/js/jquery.js HTTP/1.1" 200 57254
190.152.128.176 - - [27/Dec/2014:14:12:07 -0500] "GET /BLA/boletinlegal/js/jquery.scrollTo-min.js HTTP/1.1" 200 1150
190.152.128.176 - - [27/Dec/2014:14:12:07 -0500] "GET /BLA/boletinlegal/js/jquery.scrollShow.js HTTP/1.1" 200 4586
66.249.73.155 - - [27/Dec/2014:14:12:32 -0500] "GET /BLA/resoluciones/RESOLUCIONES%202010/2745.pdf HTTP/1.1" 200 497767
66.249.73.163 - - [27/Dec/2014:14:12:46 -0500] "GET /BLA/resoluciones/RESOLUCIONES%202006/RES%202006%20%202851-2900/00002887.tif HTTP/1.1" 200 36408
186.84.40.34 - - [27/Dec/2014:14:13:13 -0500] "POST /forms/lservlet;jsessionid=ac16012b30d5f45d3a432e774dcea183dfd7e0dcc671.e3iSbxaKaheRe34Sa3yKbhiTahb0n6jAmljGr5XDqQLvpAe HTTP/1.1" 200 2
66.249.73.155 - - [27/Dec/2014:14:13:40 -0500] "GET /BLA/resoluciones/RESOLUCIONES%202005/RES%202005%202701%20-2750/00002704.tif HTTP/1.1" 200 34508
190.156.143.139 - - [27/Dec/2014:14:13:45 -0500] "GET /forms/frmservlet?config=sia HTTP/1.1" 200 4022
190.156.143.139 - - [27/Dec/2014:14:13:49 -0500] "GET /forms/java/frmall_jinit.jar HTTP/1.1" 304 -
190.156.143.139 - - [27/Dec/2014:14:13:50 -0500] "GET /forms/java/icons.jar HTTP/1.1" 304 -
190.156.143.139 - - [27/Dec/2014:14:13:50 -0500] "GET /forms/java/java/awt/KeyboardFocusManager.class HTTP/1.1" 404 352
190.156.143.139 - - [27/Dec/2014:14:13:50 -0500] "GET /forms/java/java/awt/KeyboardFocusManager.class HTTP/1.1" 404 352
190.156.143.139 - - [27/Dec/2014:14:13:50 -0500] "GET /forms/java/java/awt/event/MouseWheelListener.class HTTP/1.1" 404 356
190.156.143.139 - - [27/Dec/2014:14:13:50 -0500] "GET /forms/java/java/awt/event/MouseWheelListener.class HTTP/1.1" 404 356
190.156.143.139 - - [27/Dec/2014:14:13:51 -0500] "GET /forms/java/oracle/forms/registry/Registry.dat HTTP/1.1" 200 4213
190.156.143.139 - - [27/Dec/2014:14:13:51 -0500] "GET /forms/java/oracle/forms/registry/default.dat HTTP/1.1" 404 350
190.156.143.139 - - [27/Dec/2014:14:13:51 -0500] "GET /forms/frmservlet?config=sia&acceptLanguage=es&ifcmd=startsession HTTP/1.1" 200 119
190.156.143.139 - - [27/Dec/2014:14:13:51 -0500] "GET /forms/lservlet;jsessionid=ac16012b30d58358832e5bf04e59965bd2d99d3f8b3f.e3iSbxaKaheRe34Sa3yKbhiTahb0n6jAmljGr5XDqQLvpAe?ifcmd=getinfo&ifhost=cesar-bfc986b6b&ifip=192.168.0.3 HTTP/1.1" 200 8
190.156.143.139 - - [27/Dec/2014:14:13:51 -0500] "POST /forms/lservlet;jsessionid=ac16012b30d58358832e5bf04e59965bd2d99d3f8b3f.e3iSbxaKaheRe34Sa3yKbhiTahb0n6jAmljGr5XDqQLvpAe HTTP/1.1" 200 8
190.156.143.139 - - [27/Dec/2014:14:13:52 -0500] "POST /forms/lservlet;jsessionid=ac16012b30d58358832e5bf04e59965bd2d99d3f8b3f.e3iSbxaKaheRe34Sa3yKbhiTahb0n6jAmljGr5XDqQLvpAe HTTP/1.1" 200 64000
190.156.143.139 - - [27/Dec/2014:14:13:53 -0500] "POST /forms/lservlet;jsessionid=ac16012b30d58358832e5bf04e59965bd2d99d3f8b3f.e3iSbxaKaheRe34Sa3yKbhiTahb0n6jAmljGr5XDqQLvpAe HTTP/1.1" 200 64000
