181.207.179.97 - - [27/Dec/2014:18:05:53 -0500] "GET /forest/skins/gdocs-jar/css/autocomplete.css HTTP/1.1" 200 1620
181.207.179.97 - - [27/Dec/2014:18:05:53 -0500] "GET /forest/skins/gdocs-jar/js/xml_utilities.js?version=1412.231748 HTTP/1.1" 200 2433
181.207.179.97 - - [27/Dec/2014:18:05:54 -0500] "GET /forest/js/inicio.js?version=1412.231748 HTTP/1.1" 200 2303
190.158.160.159 - - [27/Dec/2014:18:05:54 -0500] "GET /galeria/nivo-slider/themes/default/arrows.png HTTP/1.1" 200 824
190.158.160.159 - - [27/Dec/2014:18:05:54 -0500] "GET /galeria/nivo-slider/themes/default/bullets.png HTTP/1.1" 200 1281
181.207.179.97 - - [27/Dec/2014:18:05:54 -0500] "GET /forest/skins/gdocs-jar/js/misprocesos.js?version=1412.231748 HTTP/1.1" 200 5890
190.158.160.159 - - [27/Dec/2014:18:05:55 -0500] "GET /videos/Spot_CambioClimatico.flv HTTP/1.1" 200 4371917
181.207.179.97 - - [27/Dec/2014:18:05:57 -0500] "GET /forest/img/download_large.gif HTTP/1.1" 200 203
181.207.179.97 - - [27/Dec/2014:18:05:57 -0500] "GET /forest/img/buscar.jpg HTTP/1.1" 200 736
181.207.179.97 - - [27/Dec/2014:18:05:57 -0500] "GET /forest/img/ayuda.gif HTTP/1.1" 200 716
181.207.179.97 - - [27/Dec/2014:18:05:57 -0500] "GET /forest/img/notify.gif HTTP/1.1" 200 746
181.207.179.97 - - [27/Dec/2014:18:05:58 -0500] "GET /forest/img/salir3.gif HTTP/1.1" 200 1271
181.207.179.97 - - [27/Dec/2014:18:05:58 -0500] "GET /forest/img/pantalla.gif HTTP/1.1" 200 1407
181.207.179.97 - - [27/Dec/2014:18:05:59 -0500] "GET /forest/img/buscar_documentos.gif HTTP/1.1" 200 674
181.207.179.97 - - [27/Dec/2014:18:05:59 -0500] "GET /forest/img/buscar_procesos.gif HTTP/1.1" 200 158
181.207.179.97 - - [27/Dec/2014:18:05:59 -0500] "GET /forest/img/panel/menu/add.png HTTP/1.1" 200 4044
181.207.179.97 - - [27/Dec/2014:18:05:59 -0500] "GET /forest/img/panel/menu/folder.png HTTP/1.1" 200 1382
181.207.179.97 - - [27/Dec/2014:18:06:00 -0500] "GET /forest/img/panel/menu/hoy.png HTTP/1.1" 200 1215
181.207.179.97 - - [27/Dec/2014:18:06:00 -0500] "GET /forest/img/panel/menu/danger2.png HTTP/1.1" 200 1358
181.207.179.97 - - [27/Dec/2014:18:06:00 -0500] "GET /forest/img/instanciar.gif HTTP/1.1" 200 1589
181.207.179.97 - - [27/Dec/2014:18:06:00 -0500] "GET /forest/skins/gdocs-jar/img/cancel.gif HTTP/1.1" 200 77
181.207.179.97 - - [27/Dec/2014:18:06:00 -0500] "GET /forest/img/misdocumentos.gif HTTP/1.1" 200 545
181.207.179.97 - - [27/Dec/2014:18:05:53 -0500] "GET /forest/skins/gdocs-jar/js/autocompletar2.js?version=1412.231748 HTTP/1.1" 200 24595
181.207.179.97 - - [27/Dec/2014:18:06:01 -0500] "GET /forest/skins/gdocs-jar/img/icons/pdf.gif HTTP/1.1" 200 230
181.207.179.97 - - [27/Dec/2014:18:06:02 -0500] "GET /forest/session.jsp?a=0.2978279641829431 HTTP/1.1" 200 4
186.154.84.82 - - [27/Dec/2014:18:06:19 -0500] "GET /forest/session.jsp?a=0.39492059708572924 HTTP/1.1" 200 4
190.84.185.167 - - [27/Dec/2014:18:06:45 -0500] "POST /forms/lservlet;jsessionid=ac16012b30d5663dd830421c49e39f12d6ba7eff8571.e3iSbxaKaheRe34Sa3yKbhiTahb0n6jAmljGr5XDqQLvpAe HTTP/1.1" 200 2
66.249.73.163 - - [27/Dec/2014:18:06:55 -0500] "GET /BLA/resoluciones/RESOLUCIONES%202004/RES%202004%201001-1050/00001020.tif HTTP/1.1" 200 112310
186.30.66.14 - - [27/Dec/2014:18:07:08 -0500] "POST /forms/lservlet;jsessionid=ac16012b30d53ea9f84bca5f42a9821692df51710c28.e3iSbxaKaheRe34Sa3yKbhiTahb0n6jAmljGr5XDqQLvpAe HTTP/1.1" 200 2
190.156.143.139 - - [27/Dec/2014:18:07:17 -0500] "POST /forms/lservlet;jsessionid=ac16012b30d52e7787fc743b4a99828fba55a1ee10d6.e3iSbxaKaheRe34Sa3yKbhiTahb0n6jAmljGr5XDqQLvpAe HTTP/1.1" 200 2
186.84.40.34 - - [27/Dec/2014:18:07:31 -0500] "POST /forms/lservlet;jsessionid=ac16012b30d5f45d3a432e774dcea183dfd7e0dcc671.e3iSbxaKaheRe34Sa3yKbhiTahb0n6jAmljGr5XDqQLvpAe HTTP/1.1" 200 2
190.69.217.95 - - [27/Dec/2014:18:07:43 -0500] "GET /BLA/boletinlegal/js/jquery.scrollShow.js HTTP/1.1" 200 4586
190.69.217.95 - - [27/Dec/2014:18:07:43 -0500] "GET /BLA/boletinlegal/js/jquery.js HTTP/1.1" 200 57254
190.69.217.95 - - [27/Dec/2014:18:07:43 -0500] "GET /BLA/boletinlegal/js/jquery.scrollTo-min.js HTTP/1.1" 200 1150
180.76.5.173 - - [27/Dec/2014:18:07:47 -0500] "GET /BLA/resoluciones/Autos%202008/1096.pdf HTTP/1.1" 200 65405
190.84.185.167 - - [27/Dec/2014:18:08:46 -0500] "POST /forms/lservlet;jsessionid=ac16012b30d5663dd830421c49e39f12d6ba7eff8571.e3iSbxaKaheRe34Sa3yKbhiTahb0n6jAmljGr5XDqQLvpAe HTTP/1.1" 200 2
66.249.73.171 - - [27/Dec/2014:18:08:46 -0500] "GET /BLA/resoluciones/RESOLUCIONES%202007/RES%202007%202001%20AL%202100/RESOLUCION%202016%20DE%202007.pdf HTTP/1.1" 304 -
186.30.66.14 - - [27/Dec/2014:18:09:08 -0500] "POST /forms/lservlet;jsessionid=ac16012b30d53ea9f84bca5f42a9821692df51710c28.e3iSbxaKaheRe34Sa3yKbhiTahb0n6jAmljGr5XDqQLvpAe HTTP/1.1" 200 2
190.156.143.139 - - [27/Dec/2014:18:09:18 -0500] "POST /forms/lservlet;jsessionid=ac16012b30d52e7787fc743b4a99828fba55a1ee10d6.e3iSbxaKaheRe34Sa3yKbhiTahb0n6jAmljGr5XDqQLvpAe HTTP/1.1" 200 2
186.84.40.34 - - [27/Dec/2014:18:09:31 -0500] "POST /forms/lservlet;jsessionid=ac16012b30d5f45d3a432e774dcea183dfd7e0dcc671.e3iSbxaKaheRe34Sa3yKbhiTahb0n6jAmljGr5XDqQLvpAe HTTP/1.1" 200 2
74.86.158.107 - - [27/Dec/2014:18:10:34 -0500] "HEAD / HTTP/1.1" 302 -
190.84.185.167 - - [27/Dec/2014:18:10:46 -0500] "POST /forms/lservlet;jsessionid=ac16012b30d5663dd830421c49e39f12d6ba7eff8571.e3iSbxaKaheRe34Sa3yKbhiTahb0n6jAmljGr5XDqQLvpAe HTTP/1.1" 200 2
186.30.66.14 - - [27/Dec/2014:18:11:08 -0500] "POST /forms/lservlet;jsessionid=ac16012b30d53ea9f84bca5f42a9821692df51710c28.e3iSbxaKaheRe34Sa3yKbhiTahb0n6jAmljGr5XDqQLvpAe HTTP/1.1" 200 2
190.156.143.139 - - [27/Dec/2014:18:11:18 -0500] "POST /forms/lservlet;jsessionid=ac16012b30d52e7787fc743b4a99828fba55a1ee10d6.e3iSbxaKaheRe34Sa3yKbhiTahb0n6jAmljGr5XDqQLvpAe HTTP/1.1" 200 2
186.154.84.82 - - [27/Dec/2014:18:11:19 -0500] "GET /forest/session.jsp?a=0.3117640702985227 HTTP/1.1" 200 4
186.84.40.34 - - [27/Dec/2014:18:11:31 -0500] "POST /forms/lservlet;jsessionid=ac16012b30d5f45d3a432e774dcea183dfd7e0dcc671.e3iSbxaKaheRe34Sa3yKbhiTahb0n6jAmljGr5XDqQLvpAe HTTP/1.1" 200 2
66.249.73.163 - - [27/Dec/2014:18:11:58 -0500] "GET /BLA/boletinlegal/images/img_1.jpg HTTP/1.1" 200 8067
66.249.73.155 - - [27/Dec/2014:18:12:27 -0500] "GET /BLA/resoluciones/AUTOS%202009/0310.pdf HTTP/1.1" 200 93845
190.84.185.167 - - [27/Dec/2014:18:12:46 -0500] "POST /forms/lservlet;jsessionid=ac16012b30d5663dd830421c49e39f12d6ba7eff8571.e3iSbxaKaheRe34Sa3yKbhiTahb0n6jAmljGr5XDqQLvpAe HTTP/1.1" 200 2
186.30.66.14 - - [27/Dec/2014:18:13:08 -0500] "POST /forms/lservlet;jsessionid=ac16012b30d53ea9f84bca5f42a9821692df51710c28.e3iSbxaKaheRe34Sa3yKbhiTahb0n6jAmljGr5XDqQLvpAe HTTP/1.1" 200 2
190.156.143.139 - - [27/Dec/2014:18:13:18 -0500] "POST /forms/lservlet;jsessionid=ac16012b30d52e7787fc743b4a99828fba55a1ee10d6.e3iSbxaKaheRe34Sa3yKbhiTahb0n6jAmljGr5XDqQLvpAe HTTP/1.1" 200 2
181.207.179.97 - - [27/Dec/2014:18:13:19 -0500] "GET /Report2/login.do HTTP/1.1" 503 1124
181.207.179.97 - - [27/Dec/2014:18:06:45 -0500] "GET /forest/documentos/1988222/2014IE217818.pdf HTTP/1.1" 200 90024
186.84.40.34 - - [27/Dec/2014:18:13:31 -0500] "POST /forms/lservlet;jsessionid=ac16012b30d5f45d3a432e774dcea183dfd7e0dcc671.e3iSbxaKaheRe34Sa3yKbhiTahb0n6jAmljGr5XDqQLvpAe HTTP/1.1" 200 2
190.84.185.167 - - [27/Dec/2014:18:14:46 -0500] "POST /forms/lservlet;jsessionid=ac16012b30d5663dd830421c49e39f12d6ba7eff8571.e3iSbxaKaheRe34Sa3yKbhiTahb0n6jAmljGr5XDqQLvpAe HTTP/1.1" 200 2
181.137.129.15 - - [27/Dec/2014:18:14:47 -0500] "GET /galeria/nivo-slider/demo/images/ecolecta-Dic2014.png HTTP/1.1" 206 1
181.137.129.15 - - [27/Dec/2014:18:14:47 -0500] "GET /galeria/nivo-slider/demo/images/Ruta-vertimientos-01.jpg HTTP/1.1" 206 1
181.137.129.15 - - [27/Dec/2014:18:14:47 -0500] "GET /galeria/nivo-slider/demo/images/Banner-Caracol-Africano.jpg HTTP/1.1" 206 1
181.137.129.15 - - [27/Dec/2014:18:14:47 -0500] "GET /galeria/nivo-slider/demo/images/ecolecta-Dic2014.png HTTP/1.1" 206 283666
181.137.129.15 - - [27/Dec/2014:18:14:47 -0500] "GET /galeria/nivo-slider/demo/images/Ruta-vertimientos-01.jpg HTTP/1.1" 206 95325
181.137.129.15 - - [27/Dec/2014:18:14:47 -0500] "GET /galeria/nivo-slider/demo/images/Banner-Caracol-Africano.jpg HTTP/1.1" 206 295860
181.137.129.15 - - [27/Dec/2014:18:14:48 -0500] "GET /galeria/nivo-slider/themes/default/arrows.png HTTP/1.1" 200 824
181.137.129.15 - - [27/Dec/2014:18:14:48 -0500] "GET /galeria/nivo-slider/themes/default/bullets.png HTTP/1.1" 200 1281
186.30.66.14 - - [27/Dec/2014:18:15:08 -0500] "POST /forms/lservlet;jsessionid=ac16012b30d53ea9f84bca5f42a9821692df51710c28.e3iSbxaKaheRe34Sa3yKbhiTahb0n6jAmljGr5XDqQLvpAe HTTP/1.1" 200 2
190.156.143.139 - - [27/Dec/2014:18:15:19 -0500] "POST /forms/lservlet;jsessionid=ac16012b30d52e7787fc743b4a99828fba55a1ee10d6.e3iSbxaKaheRe34Sa3yKbhiTahb0n6jAmljGr5XDqQLvpAe HTTP/1.1" 200 2
186.84.40.34 - - [27/Dec/2014:18:15:31 -0500] "POST /forms/lservlet;jsessionid=ac16012b30d5f45d3a432e774dcea183dfd7e0dcc671.e3iSbxaKaheRe34Sa3yKbhiTahb0n6jAmljGr5XDqQLvpAe HTTP/1.1" 200 2
190.69.217.95 - - [27/Dec/2014:18:15:34 -0500] "GET /BLA/boletinlegal/js/jquery.js HTTP/1.1" 200 57254
190.69.217.95 - - [27/Dec/2014:18:15:34 -0500] "GET /BLA/boletinlegal/js/jquery.scrollShow.js HTTP/1.1" 200 4586
190.69.217.95 - - [27/Dec/2014:18:15:34 -0500] "GET /BLA/boletinlegal/js/jquery.scrollTo-min.js HTTP/1.1" 200 1150
74.86.158.107 - - [27/Dec/2014:18:15:34 -0500] "HEAD / HTTP/1.1" 302 -
180.76.5.72 - - [27/Dec/2014:18:15:47 -0500] "GET /Autoliquidacion/Fauna%20Silvestre/APLICATIVO%20COSTO%20EVALUACION%20SALVOCONDUCTO%202014.xls HTTP/1.1" 200 104960
66.249.73.163 - - [27/Dec/2014:18:16:07 -0500] "GET /resoluciones/RESOLUCIONES%202008/4102.pdf HTTP/1.1" 404 1018
66.249.73.163 - - [27/Dec/2014:18:16:10 -0500] "GET /BLA/resoluciones/RESOLUCIONES%202007/RES%202007%203101%20AL%203200/RESOLUCION%203161%20DE%202007.pdf HTTP/1.1" 200 98369
186.154.84.82 - - [27/Dec/2014:18:16:19 -0500] "GET /forest/session.jsp?a=0.7602467022370547 HTTP/1.1" 200 4
180.76.6.135 - - [27/Dec/2014:18:16:24 -0500] "GET /BLA/resoluciones/RESOLUCIONES%202008/2933.pdf HTTP/1.1" 200 229815
190.84.185.167 - - [27/Dec/2014:18:16:46 -0500] "POST /forms/lservlet;jsessionid=ac16012b30d5663dd830421c49e39f12d6ba7eff8571.e3iSbxaKaheRe34Sa3yKbhiTahb0n6jAmljGr5XDqQLvpAe HTTP/1.1" 200 2
66.249.73.163 - - [27/Dec/2014:18:17:03 -0500] "GET /BLA/resoluciones/RESOLUCIONES%202009/4118.pdf HTTP/1.1" 200 788047
186.30.66.14 - - [27/Dec/2014:18:17:08 -0500] "POST /forms/lservlet;jsessionid=ac16012b30d53ea9f84bca5f42a9821692df51710c28.e3iSbxaKaheRe34Sa3yKbhiTahb0n6jAmljGr5XDqQLvpAe HTTP/1.1" 200 2
190.156.143.139 - - [27/Dec/2014:18:17:19 -0500] "POST /forms/lservlet;jsessionid=ac16012b30d52e7787fc743b4a99828fba55a1ee10d6.e3iSbxaKaheRe34Sa3yKbhiTahb0n6jAmljGr5XDqQLvpAe HTTP/1.1" 200 2
186.84.40.34 - - [27/Dec/2014:18:17:31 -0500] "POST /forms/lservlet;jsessionid=ac16012b30d5f45d3a432e774dcea183dfd7e0dcc671.e3iSbxaKaheRe34Sa3yKbhiTahb0n6jAmljGr5XDqQLvpAe HTTP/1.1" 200 2
180.76.5.94 - - [27/Dec/2014:18:17:39 -0500] "GET /BLA/resoluciones/RESOLUCIONES%202009/9307.pdf HTTP/1.1" 200 257527
190.84.185.167 - - [27/Dec/2014:18:18:46 -0500] "POST /forms/lservlet;jsessionid=ac16012b30d5663dd830421c49e39f12d6ba7eff8571.e3iSbxaKaheRe34Sa3yKbhiTahb0n6jAmljGr5XDqQLvpAe HTTP/1.1" 200 2
192.168.169.98 - - [27/Dec/2014:18:19:06 -0500] "GET /BLA/boletinlegal/actos.php HTTP/1.1" 200 7530
186.30.66.14 - - [27/Dec/2014:18:19:08 -0500] "POST /forms/lservlet;jsessionid=ac16012b30d53ea9f84bca5f42a9821692df51710c28.e3iSbxaKaheRe34Sa3yKbhiTahb0n6jAmljGr5XDqQLvpAe HTTP/1.1" 200 2
202.46.51.63 - - [27/Dec/2014:18:19:13 -0500] "GET /Autoliquidacion/Solicitudes%20relacionadas%20con%20calidad%20del%20aire%20auditiva%20y%20visual/Evaluaci%F3n%20de%20permisos%20de%20emisi%F3n%20para%20fuentes%20fijas/Aplicativo%20Permiso%20de%20Emisiones%202014%20Evaluaci%F3n%20y%20Seguimiento%20SCAAV%20DEF.xlsx HTTP/1.1" 403 1006
190.156.143.139 - - [27/Dec/2014:18:19:19 -0500] "POST /forms/lservlet;jsessionid=ac16012b30d52e7787fc743b4a99828fba55a1ee10d6.e3iSbxaKaheRe34Sa3yKbhiTahb0n6jAmljGr5XDqQLvpAe HTTP/1.1" 200 2
192.168.169.98 - - [27/Dec/2014:18:19:21 -0500] "GET /BLA/boletinlegal/consulta_actos.php?tipo=autos&no=0368&usuario=&sector=&fecha=2013&resuelve= HTTP/1.1" 200 1076
190.84.185.167 - - [27/Dec/2014:18:19:23 -0500] "GET /forest/session.jsp?a=0.6018527923151851 HTTP/1.1" 200 4
192.168.169.98 - - [27/Dec/2014:18:18:49 -0500] "GET /BLA/boletinlegal/ HTTP/1.1" 200 45684
190.84.185.167 - - [27/Dec/2014:18:19:26 -0500] "GET /forest/usutareas.do?group_system_actual=3&codTraEsc=16861821&_a=0.10090019241245429 HTTP/1.1" 200 181432
190.84.185.167 - - [27/Dec/2014:18:19:28 -0500] "GET /forest/session.jsp?a=0.12701647472567856 HTTP/1.1" 200 4
190.84.185.167 - - [27/Dec/2014:18:19:28 -0500] "GET /forest/actions/forms.getItemList?codForm=veriflista&id=field33&value=177&a=0.9875356724951416 HTTP/1.1" 200 4
186.84.40.34 - - [27/Dec/2014:18:19:31 -0500] "POST /forms/lservlet;jsessionid=ac16012b30d5f45d3a432e774dcea183dfd7e0dcc671.e3iSbxaKaheRe34Sa3yKbhiTahb0n6jAmljGr5XDqQLvpAe HTTP/1.1" 200 2
66.249.73.171 - - [27/Dec/2014:18:19:33 -0500] "GET /BLA/resoluciones/RESOLUCIONES%202006/RES%202006%20%202901-2950/00002947.tif HTTP/1.1" 200 52212
190.84.185.167 - - [27/Dec/2014:18:19:45 -0500] "POST /forms/lservlet;jsessionid=ac16012b30d5663dd830421c49e39f12d6ba7eff8571.e3iSbxaKaheRe34Sa3yKbhiTahb0n6jAmljGr5XDqQLvpAe HTTP/1.1" 200 647
190.84.185.167 - - [27/Dec/2014:18:20:13 -0500] "POST /forms/lservlet;jsessionid=ac16012b30d5663dd830421c49e39f12d6ba7eff8571.e3iSbxaKaheRe34Sa3yKbhiTahb0n6jAmljGr5XDqQLvpAe HTTP/1.1" 200 24
190.84.185.167 - - [27/Dec/2014:18:20:13 -0500] "POST /forms/lservlet;jsessionid=ac16012b30d5663dd830421c49e39f12d6ba7eff8571.e3iSbxaKaheRe34Sa3yKbhiTahb0n6jAmljGr5XDqQLvpAe HTTP/1.1" 200 4125
190.84.185.167 - - [27/Dec/2014:18:20:14 -0500] "POST /forms/lservlet;jsessionid=ac16012b30d5663dd830421c49e39f12d6ba7eff8571.e3iSbxaKaheRe34Sa3yKbhiTahb0n6jAmljGr5XDqQLvpAe HTTP/1.1" 200 2
74.86.158.107 - - [27/Dec/2014:18:20:34 -0500] "HEAD / HTTP/1.1" 302 -
190.84.185.167 - - [27/Dec/2014:18:20:46 -0500] "POST /forms/lservlet;jsessionid=ac16012b30d5663dd830421c49e39f12d6ba7eff8571.e3iSbxaKaheRe34Sa3yKbhiTahb0n6jAmljGr5XDqQLvpAe HTTP/1.1" 200 2
66.249.73.171 - - [27/Dec/2014:18:21:00 -0500] "GET /Anexos%20estudio%20Organizacional%20SDA/index.php?dir=ANEXO+No.+1-+NORMAS+LEGALES+DE+ESTRUCTURA+Y+PLANTA%2FLey+99+de+1993+-+Crea+MimAmbiente_files%2F HTTP/1.1" 200 9115
190.158.109.50 - - [27/Dec/2014:18:21:07 -0500] "GET /php/reqpot.php HTTP/1.1" 404 1120
186.30.66.14 - - [27/Dec/2014:18:21:09 -0500] "POST /forms/lservlet;jsessionid=ac16012b30d53ea9f84bca5f42a9821692df51710c28.e3iSbxaKaheRe34Sa3yKbhiTahb0n6jAmljGr5XDqQLvpAe HTTP/1.1" 200 2
186.154.84.82 - - [27/Dec/2014:18:21:19 -0500] "GET /forest/session.jsp?a=0.9277274946216494 HTTP/1.1" 200 4
190.156.143.139 - - [27/Dec/2014:18:21:20 -0500] "POST /forms/lservlet;jsessionid=ac16012b30d52e7787fc743b4a99828fba55a1ee10d6.e3iSbxaKaheRe34Sa3yKbhiTahb0n6jAmljGr5XDqQLvpAe HTTP/1.1" 200 2
186.84.40.34 - - [27/Dec/2014:18:21:31 -0500] "POST /forms/lservlet;jsessionid=ac16012b30d5f45d3a432e774dcea183dfd7e0dcc671.e3iSbxaKaheRe34Sa3yKbhiTahb0n6jAmljGr5XDqQLvpAe HTTP/1.1" 200 2
181.130.4.158 - - [27/Dec/2014:18:21:43 -0500] "GET /BLA/boletinlegal/js/jquery.js HTTP/1.1" 200 57254
181.130.4.158 - - [27/Dec/2014:18:21:43 -0500] "GET /BLA/boletinlegal/js/jquery.scrollShow.js HTTP/1.1" 200 4586
181.130.4.158 - - [27/Dec/2014:18:21:43 -0500] "GET /BLA/boletinlegal/js/jquery.scrollTo-min.js HTTP/1.1" 200 1150
181.130.4.158 - - [27/Dec/2014:18:21:43 -0500] "GET /galeria/carrusel/Carrusel/jquery.thumbnailScroller.css HTTP/1.1" 200 2066
181.130.4.158 - - [27/Dec/2014:18:21:43 -0500] "GET /galeria/carrusel/Carrusel/jquery-ui-1.8.13.custom.min.js HTTP/1.1" 200 10800
181.130.4.158 - - [27/Dec/2014:18:21:43 -0500] "GET /galeria/carrusel/Carrusel/jquery.thumbnailScroller.js HTTP/1.1" 200 8157
181.130.4.158 - - [27/Dec/2014:18:21:46 -0500] "GET /galeria/nivo-slider/demo/demo.html HTTP/1.1" 200 3237
190.84.185.167 - - [27/Dec/2014:18:21:47 -0500] "POST /forms/lservlet;jsessionid=ac16012b30d5663dd830421c49e39f12d6ba7eff8571.e3iSbxaKaheRe34Sa3yKbhiTahb0n6jAmljGr5XDqQLvpAe HTTP/1.1" 200 2
181.130.4.158 - - [27/Dec/2014:18:21:48 -0500] "GET /galeria/nivo-slider/themes/default/default.css HTTP/1.1" 200 1569
181.130.4.158 - - [27/Dec/2014:18:21:48 -0500] "GET /galeria/nivo-slider/themes/pascal/pascal.css HTTP/1.1" 200 2258
181.130.4.158 - - [27/Dec/2014:18:21:48 -0500] "GET /galeria/nivo-slider/themes/orman/orman.css HTTP/1.1" 200 2152
190.84.185.167 - - [27/Dec/2014:18:21:47 -0500] "POST /forms/lservlet;jsessionid=ac16012b30d5663dd830421c49e39f12d6ba7eff8571.e3iSbxaKaheRe34Sa3yKbhiTahb0n6jAmljGr5XDqQLvpAe HTTP/1.1" 200 14
181.130.4.158 - - [27/Dec/2014:18:21:48 -0500] "GET /galeria/nivo-slider/nivo-slider.css HTTP/1.1" 200 1507
190.84.185.167 - - [27/Dec/2014:18:21:48 -0500] "POST /forms/lservlet;jsessionid=ac16012b30d5663dd830421c49e39f12d6ba7eff8571.e3iSbxaKaheRe34Sa3yKbhiTahb0n6jAmljGr5XDqQLvpAe HTTP/1.1" 200 14
190.84.185.167 - - [27/Dec/2014:18:21:49 -0500] "POST /forms/lservlet;jsessionid=ac16012b30d5663dd830421c49e39f12d6ba7eff8571.e3iSbxaKaheRe34Sa3yKbhiTahb0n6jAmljGr5XDqQLvpAe HTTP/1.1" 200 131
190.84.185.167 - - [27/Dec/2014:18:21:50 -0500] "POST /forms/lservlet;jsessionid=ac16012b30d5663dd830421c49e39f12d6ba7eff8571.e3iSbxaKaheRe34Sa3yKbhiTahb0n6jAmljGr5XDqQLvpAe HTTP/1.1" 200 2
190.84.185.167 - - [27/Dec/2014:18:21:50 -0500] "GET /reports/rwservlet/getjobid338266?server=rep_srvapsda HTTP/1.0" 200 1262717
190.156.143.139 - - [27/Dec/2014:18:22:38 -0500] "POST /forms/lservlet;jsessionid=ac16012b30d52e7787fc743b4a99828fba55a1ee10d6.e3iSbxaKaheRe34Sa3yKbhiTahb0n6jAmljGr5XDqQLvpAe HTTP/1.1" 200 2
190.156.143.139 - - [27/Dec/2014:18:22:38 -0500] "POST /forms/lservlet;jsessionid=ac16012b30d52e7787fc743b4a99828fba55a1ee10d6.e3iSbxaKaheRe34Sa3yKbhiTahb0n6jAmljGr5XDqQLvpAe HTTP/1.1" 200 2427
190.156.143.139 - - [27/Dec/2014:18:22:38 -0500] "GET /imagenes/Srch_frw.gif HTTP/1.1" 200 925
190.156.143.139 - - [27/Dec/2014:18:22:38 -0500] "POST /forms/lservlet;jsessionid=ac16012b30d52e7787fc743b4a99828fba55a1ee10d6.e3iSbxaKaheRe34Sa3yKbhiTahb0n6jAmljGr5XDqQLvpAe HTTP/1.1" 200 10
190.84.185.167 - - [27/Dec/2014:18:22:46 -0500] "POST /forms/lservlet;jsessionid=ac16012b30d5663dd830421c49e39f12d6ba7eff8571.e3iSbxaKaheRe34Sa3yKbhiTahb0n6jAmljGr5XDqQLvpAe HTTP/1.1" 200 2
190.156.143.139 - - [27/Dec/2014:18:22:47 -0500] "POST /forms/lservlet;jsessionid=ac16012b30d52e7787fc743b4a99828fba55a1ee10d6.e3iSbxaKaheRe34Sa3yKbhiTahb0n6jAmljGr5XDqQLvpAe HTTP/1.1" 200 24
190.156.143.139 - - [27/Dec/2014:18:22:47 -0500] "POST /forms/lservlet;jsessionid=ac16012b30d52e7787fc743b4a99828fba55a1ee10d6.e3iSbxaKaheRe34Sa3yKbhiTahb0n6jAmljGr5XDqQLvpAe HTTP/1.1" 200 4038
190.156.143.139 - - [27/Dec/2014:18:22:48 -0500] "POST /forms/lservlet;jsessionid=ac16012b30d52e7787fc743b4a99828fba55a1ee10d6.e3iSbxaKaheRe34Sa3yKbhiTahb0n6jAmljGr5XDqQLvpAe HTTP/1.1" 200 2
192.168.169.98 - - [27/Dec/2014:18:22:49 -0500] "GET /BLA/resoluciones/ HTTP/1.1" 200 6952
190.156.143.139 - - [27/Dec/2014:18:22:51 -0500] "POST /forms/lservlet;jsessionid=ac16012b30d52e7787fc743b4a99828fba55a1ee10d6.e3iSbxaKaheRe34Sa3yKbhiTahb0n6jAmljGr5XDqQLvpAe HTTP/1.1" 200 98
190.156.143.139 - - [27/Dec/2014:18:22:53 -0500] "POST /forms/lservlet;jsessionid=ac16012b30d52e7787fc743b4a99828fba55a1ee10d6.e3iSbxaKaheRe34Sa3yKbhiTahb0n6jAmljGr5XDqQLvpAe HTTP/1.1" 200 7
190.156.143.139 - - [27/Dec/2014:18:22:53 -0500] "POST /forms/lservlet;jsessionid=ac16012b30d52e7787fc743b4a99828fba55a1ee10d6.e3iSbxaKaheRe34Sa3yKbhiTahb0n6jAmljGr5XDqQLvpAe HTTP/1.1" 200 30346
190.156.143.139 - - [27/Dec/2014:18:22:54 -0500] "GET /imagenes/rt_print.gif HTTP/1.1" 200 916
190.156.143.139 - - [27/Dec/2014:18:22:54 -0500] "POST /forms/lservlet;jsessionid=ac16012b30d52e7787fc743b4a99828fba55a1ee10d6.e3iSbxaKaheRe34Sa3yKbhiTahb0n6jAmljGr5XDqQLvpAe HTTP/1.1" 200 7
190.156.143.139 - - [27/Dec/2014:18:22:54 -0500] "POST /forms/lservlet;jsessionid=ac16012b30d52e7787fc743b4a99828fba55a1ee10d6.e3iSbxaKaheRe34Sa3yKbhiTahb0n6jAmljGr5XDqQLvpAe HTTP/1.1" 200 27
190.156.143.139 - - [27/Dec/2014:18:22:54 -0500] "POST /forms/lservlet;jsessionid=ac16012b30d52e7787fc743b4a99828fba55a1ee10d6.e3iSbxaKaheRe34Sa3yKbhiTahb0n6jAmljGr5XDqQLvpAe HTTP/1.1" 200 2
190.156.143.139 - - [27/Dec/2014:18:22:55 -0500] "POST /forms/lservlet;jsessionid=ac16012b30d52e7787fc743b4a99828fba55a1ee10d6.e3iSbxaKaheRe34Sa3yKbhiTahb0n6jAmljGr5XDqQLvpAe HTTP/1.1" 200 7
190.156.143.139 - - [27/Dec/2014:18:22:55 -0500] "GET /imagenes/open.gif HTTP/1.1" 200 919
190.156.143.139 - - [27/Dec/2014:18:22:56 -0500] "POST /forms/lservlet;jsessionid=ac16012b30d52e7787fc743b4a99828fba55a1ee10d6.e3iSbxaKaheRe34Sa3yKbhiTahb0n6jAmljGr5XDqQLvpAe HTTP/1.1" 200 7
192.168.169.98 - - [27/Dec/2014:18:22:58 -0500] "GET /BLA/resoluciones/index.php?dir=AUTOS+2013%2F HTTP/1.1" 200 175221
186.30.66.14 - - [27/Dec/2014:18:23:09 -0500] "POST /forms/lservlet;jsessionid=ac16012b30d53ea9f84bca5f42a9821692df51710c28.e3iSbxaKaheRe34Sa3yKbhiTahb0n6jAmljGr5XDqQLvpAe HTTP/1.1" 200 2
181.61.110.130 - - [27/Dec/2014:18:23:15 -0500] "GET /BLA/boletinlegal/js/jquery.js HTTP/1.1" 200 57254
181.61.110.130 - - [27/Dec/2014:18:23:15 -0500] "GET /BLA/boletinlegal/js/jquery.scrollShow.js HTTP/1.1" 200 4586
181.61.110.130 - - [27/Dec/2014:18:23:15 -0500] "GET /BLA/boletinlegal/js/jquery.scrollTo-min.js HTTP/1.1" 200 1150
181.61.110.130 - - [27/Dec/2014:18:23:15 -0500] "GET /galeria/carrusel/Carrusel/jquery.thumbnailScroller.css HTTP/1.1" 200 2066
181.61.110.130 - - [27/Dec/2014:18:23:15 -0500] "GET /galeria/carrusel/Carrusel/jquery-ui-1.8.13.custom.min.js HTTP/1.1" 200 10800
181.61.110.130 - - [27/Dec/2014:18:23:15 -0500] "GET /galeria/carrusel/Carrusel/jquery.thumbnailScroller.js HTTP/1.1" 200 8157
190.84.185.167 - - [27/Dec/2014:18:23:19 -0500] "POST /forest/usutareas.do? HTTP/1.1" 200 76
181.61.110.130 - - [27/Dec/2014:18:23:19 -0500] "GET /galeria/nivo-slider/demo/demo.html HTTP/1.1" 200 3237
181.61.110.130 - - [27/Dec/2014:18:23:19 -0500] "GET /galeria/nivo-slider/themes/default/default.css HTTP/1.1" 200 1569
181.61.110.130 - - [27/Dec/2014:18:23:19 -0500] "GET /galeria/nivo-slider/themes/pascal/pascal.css HTTP/1.1" 200 2258
181.61.110.130 - - [27/Dec/2014:18:23:19 -0500] "GET /galeria/nivo-slider/themes/orman/orman.css HTTP/1.1" 200 2152
181.61.110.130 - - [27/Dec/2014:18:23:19 -0500] "GET /galeria/nivo-slider/nivo-slider.css HTTP/1.1" 200 1507
181.61.110.130 - - [27/Dec/2014:18:23:19 -0500] "GET /galeria/nivo-slider/demo/style.css HTTP/1.1" 200 2222
181.61.110.130 - - [27/Dec/2014:18:23:19 -0500] "GET /galeria/nivo-slider/demo/images/Ruta-vertimientos-01.jpg HTTP/1.1" 200 130151
181.61.110.130 - - [27/Dec/2014:18:23:19 -0500] "GET /galeria/nivo-slider/demo/images/bolsas-08.jpg HTTP/1.1" 200 85589
181.61.110.130 - - [27/Dec/2014:18:23:19 -0500] "GET /galeria/nivo-slider/demo/images/Banner-GAE3.jpg HTTP/1.1" 200 146354
181.61.110.130 - - [27/Dec/2014:18:23:19 -0500] "GET /galeria/nivo-slider/demo/images/bolsas-06.jpg HTTP/1.1" 200 90982
181.61.110.130 - - [27/Dec/2014:18:23:19 -0500] "GET /galeria/nivo-slider/demo/images/ecolecta-Dic2014.png HTTP/1.1" 200 288593
181.61.110.130 - - [27/Dec/2014:18:23:19 -0500] "GET /galeria/nivo-slider/demo/images/porloshumedales.jpg HTTP/1.1" 200 351238
181.61.110.130 - - [27/Dec/2014:18:23:20 -0500] "GET /galeria/nivo-slider/demo/images/4Simple_Slider.png HTTP/1.1" 200 11722
190.24.136.214 - - [27/Dec/2014:18:23:20 -0500] "GET /BLA/boletinlegal/js/jquery.js HTTP/1.1" 200 57254
190.24.136.214 - - [27/Dec/2014:18:23:20 -0500] "GET /galeria/carrusel/Carrusel/jquery-ui-1.8.13.custom.min.js HTTP/1.1" 200 10800
190.24.136.214 - - [27/Dec/2014:18:23:20 -0500] "GET /BLA/boletinlegal/js/jquery.scrollTo-min.js HTTP/1.1" 200 1150
190.156.143.139 - - [27/Dec/2014:18:23:20 -0500] "POST /forms/lservlet;jsessionid=ac16012b30d52e7787fc743b4a99828fba55a1ee10d6.e3iSbxaKaheRe34Sa3yKbhiTahb0n6jAmljGr5XDqQLvpAe HTTP/1.1" 200 2
190.24.136.214 - - [27/Dec/2014:18:23:20 -0500] "GET /galeria/carrusel/Carrusel/jquery.thumbnailScroller.css HTTP/1.1" 200 2066
190.24.136.214 - - [27/Dec/2014:18:23:20 -0500] "GET /BLA/boletinlegal/js/jquery.scrollShow.js HTTP/1.1" 200 4586
181.61.110.130 - - [27/Dec/2014:18:23:20 -0500] "GET /galeria/nivo-slider/themes/default/loading.gif HTTP/1.1" 200 1737
181.61.110.130 - - [27/Dec/2014:18:23:20 -0500] "GET /galeria/nivo-slider/demo/images/Tingua-azul.jpg HTTP/1.1" 200 307638
190.24.136.214 - - [27/Dec/2014:18:23:20 -0500] "GET /galeria/carrusel/Carrusel/jquery.thumbnailScroller.js HTTP/1.1" 200 8157
181.61.110.130 - - [27/Dec/2014:18:23:20 -0500] "GET /galeria/nivo-slider/demo/images/Banner-Caracol-Africano.jpg HTTP/1.1" 200 331986
181.61.110.130 - - [27/Dec/2014:18:23:20 -0500] "GET /galeria/nivo-slider/demo/images/banner-redes.jpg HTTP/1.1" 200 62209
181.61.110.130 - - [27/Dec/2014:18:23:20 -0500] "GET /galeria/nivo-slider/demo/images/9Signos.jpg HTTP/1.1" 200 93040
181.58.0.145 - - [27/Dec/2014:18:23:21 -0500] "GET /BLA/boletinlegal/js/jquery.js HTTP/1.1" 200 57254
181.58.0.145 - - [27/Dec/2014:18:23:21 -0500] "GET /BLA/boletinlegal/js/jquery.scrollTo-min.js HTTP/1.1" 200 1150
181.58.0.145 - - [27/Dec/2014:18:23:21 -0500] "GET /BLA/boletinlegal/js/jquery.scrollShow.js HTTP/1.1" 200 4586
181.61.110.130 - - [27/Dec/2014:18:23:21 -0500] "GET /galeria/nivo-slider/demo/images/banner-llantas2.jpg HTTP/1.1" 200 73153
181.61.110.130 - - [27/Dec/2014:18:23:21 -0500] "GET /galeria/nivo-slider/demo/images/banner-caballos.png HTTP/1.1" 200 389106
190.84.185.167 - - [27/Dec/2014:18:23:20 -0500] "GET /forest/usutareas.do?group_system_actual=3&a=0.23632233426906168 HTTP/1.1" 200 100895
190.24.136.214 - - [27/Dec/2014:18:23:21 -0500] "GET /galeria/nivo-slider/demo/demo.html HTTP/1.1" 200 3237
190.24.136.214 - - [27/Dec/2014:18:23:22 -0500] "GET /galeria/nivo-slider/themes/default/default.css HTTP/1.1" 200 1569
190.24.136.214 - - [27/Dec/2014:18:23:22 -0500] "GET /galeria/nivo-slider/nivo-slider.css HTTP/1.1" 200 1507
190.24.136.214 - - [27/Dec/2014:18:23:22 -0500] "GET /galeria/nivo-slider/themes/pascal/pascal.css HTTP/1.1" 200 2258
190.24.136.214 - - [27/Dec/2014:18:23:22 -0500] "GET /galeria/nivo-slider/themes/orman/orman.css HTTP/1.1" 200 2152
190.24.136.214 - - [27/Dec/2014:18:23:22 -0500] "GET /galeria/nivo-slider/demo/style.css HTTP/1.1" 200 2222
190.24.136.214 - - [27/Dec/2014:18:23:22 -0500] "GET /galeria/nivo-slider/demo/images/Ruta-vertimientos-01.jpg HTTP/1.1" 200 130151
181.61.110.130 - - [27/Dec/2014:18:23:22 -0500] "GET /galeria/nivo-slider/demo/scripts/jquery-1.7.1.min.js HTTP/1.1" 200 93868
190.84.185.167 - - [27/Dec/2014:18:23:22 -0500] "GET /forest/session.jsp?a=0.1905261715874076 HTTP/1.1" 200 4
190.24.136.214 - - [27/Dec/2014:18:23:22 -0500] "GET /galeria/nivo-slider/demo/images/bolsas-06.jpg HTTP/1.1" 200 90982
190.24.136.214 - - [27/Dec/2014:18:23:22 -0500] "GET /galeria/nivo-slider/demo/images/porloshumedales.jpg HTTP/1.1" 200 351238
190.24.136.214 - - [27/Dec/2014:18:23:22 -0500] "GET /galeria/nivo-slider/demo/images/Banner-GAE3.jpg HTTP/1.1" 200 146354
190.24.136.214 - - [27/Dec/2014:18:23:22 -0500] "GET /galeria/nivo-slider/demo/images/ecolecta-Dic2014.png HTTP/1.1" 200 288593
190.84.185.167 - - [27/Dec/2014:18:23:22 -0500] "GET /forest/actions/forms.getList?codForm=primerasactividades&id=tipo_solicitud591 HTTP/1.1" 200 79
190.24.136.214 - - [27/Dec/2014:18:23:22 -0500] "GET /galeria/nivo-slider/demo/scripts/jquery-1.7.1.min.js HTTP/1.1" 200 93868
181.61.110.130 - - [27/Dec/2014:18:23:22 -0500] "GET /galeria/nivo-slider/jquery.nivo.slider.pack.js HTTP/1.1" 200 11561
190.24.136.214 - - [27/Dec/2014:18:23:23 -0500] "GET /galeria/nivo-slider/jquery.nivo.slider.pack.js HTTP/1.1" 200 11561
190.24.136.214 - - [27/Dec/2014:18:23:23 -0500] "GET /galeria/nivo-slider/demo/images/Tingua-azul.jpg HTTP/1.1" 200 307638
181.61.110.130 - - [27/Dec/2014:18:23:23 -0500] "GET /galeria/nivo-slider/themes/default/arrows.png HTTP/1.1" 200 824
181.61.110.130 - - [27/Dec/2014:18:23:23 -0500] "GET /galeria/nivo-slider/themes/default/bullets.png HTTP/1.1" 200 1281
190.24.136.214 - - [27/Dec/2014:18:23:24 -0500] "GET /galeria/nivo-slider/demo/images/Banner-Caracol-Africano.jpg HTTP/1.1" 200 331986
190.24.136.214 - - [27/Dec/2014:18:23:24 -0500] "GET /galeria/nivo-slider/demo/images/banner-redes.jpg HTTP/1.1" 200 62209
190.24.136.214 - - [27/Dec/2014:18:23:24 -0500] "GET /galeria/nivo-slider/demo/images/9Signos.jpg HTTP/1.1" 200 93040
190.24.136.214 - - [27/Dec/2014:18:23:24 -0500] "GET /galeria/nivo-slider/demo/images/banner-llantas2.jpg HTTP/1.1" 200 73153
190.24.136.214 - - [27/Dec/2014:18:23:25 -0500] "GET /galeria/nivo-slider/demo/images/bolsas-08.jpg HTTP/1.1" 200 85589
190.24.136.214 - - [27/Dec/2014:18:23:25 -0500] "GET /galeria/nivo-slider/demo/images/banner-caballos.png HTTP/1.1" 200 389106
190.24.136.214 - - [27/Dec/2014:18:23:25 -0500] "GET /galeria/nivo-slider/demo/images/4Simple_Slider.png HTTP/1.1" 200 11722
190.24.136.214 - - [27/Dec/2014:18:23:25 -0500] "GET /galeria/nivo-slider/themes/default/loading.gif HTTP/1.1" 200 1737
190.24.136.214 - - [27/Dec/2014:18:23:27 -0500] "GET /galeria/nivo-slider/themes/default/bullets.png HTTP/1.1" 200 1281
190.24.136.214 - - [27/Dec/2014:18:23:28 -0500] "GET /videos/Spot_CambioClimatico.flv HTTP/1.1" 200 4371917
186.84.40.34 - - [27/Dec/2014:18:23:32 -0500] "POST /forms/lservlet;jsessionid=ac16012b30d5f45d3a432e774dcea183dfd7e0dcc671.e3iSbxaKaheRe34Sa3yKbhiTahb0n6jAmljGr5XDqQLvpAe HTTP/1.1" 200 2
190.84.185.167 - - [27/Dec/2014:18:23:34 -0500] "GET /forest/actions/forms.getList?codForm=primerasactividades&id=funcionariodest27&text=j HTTP/1.1" 200 1171
190.84.185.167 - - [27/Dec/2014:18:23:34 -0500] "GET /forest/actions/forms.getList?codForm=primerasactividades&id=funcionariodest27&text=jo HTTP/1.1" 200 1121
66.249.73.171 - - [27/Dec/2014:18:23:35 -0500] "GET /BLA/resoluciones/RESOLUCIONES%202009/8995.pdf HTTP/1.1" 200 542253
190.84.185.167 - - [27/Dec/2014:18:23:35 -0500] "GET /forest/actions/forms.getList?codForm=primerasactividades&id=funcionariodest27&text=joh HTTP/1.1" 200 1074
190.84.185.167 - - [27/Dec/2014:18:23:36 -0500] "GET /forest/actions/forms.getList?codForm=primerasactividades&id=funcionariodest27&text=joha HTTP/1.1" 200 1054
190.84.185.167 - - [27/Dec/2014:18:23:36 -0500] "GET /forest/actions/forms.getList?codForm=primerasactividades&id=funcionariodest27&text=johan HTTP/1.1" 200 1054
190.84.185.167 - - [27/Dec/2014:18:23:36 -0500] "GET /forest/actions/forms.getList?codForm=primerasactividades&id=funcionariodest27&text=johann HTTP/1.1" 200 1121
190.84.185.167 - - [27/Dec/2014:18:23:36 -0500] "GET /forest/actions/forms.getList?codForm=primerasactividades&id=funcionariodest27&text=johanna HTTP/1.1" 200 1126
190.84.185.167 - - [27/Dec/2014:18:23:37 -0500] "GET /forest/actions/forms.getList?codForm=primerasactividades&id=funcionariodest27&text=johanna%20 HTTP/1.1" 200 1180
190.84.185.167 - - [27/Dec/2014:18:23:37 -0500] "GET /forest/actions/forms.getList?codForm=primerasactividades&id=funcionariodest27&text=johanna%20g HTTP/1.1" 200 188
190.84.185.167 - - [27/Dec/2014:18:23:37 -0500] "GET /forest/actions/forms.getList?codForm=primerasactividades&id=funcionariodest27&text=johanna%20go HTTP/1.1" 200 66
190.84.185.167 - - [27/Dec/2014:18:23:37 -0500] "GET /forest/actions/forms.getList?codForm=primerasactividades&id=funcionariodest27&text=johanna%20gon HTTP/1.1" 200 66
190.84.185.167 - - [27/Dec/2014:18:23:38 -0500] "GET /forest/actions/forms.getList?codForm=primerasactividades&id=funcionariodest27&text=johanna%20gonz HTTP/1.1" 200 66
190.84.185.167 - - [27/Dec/2014:18:23:38 -0500] "GET /forest/actions/forms.getList?codForm=primerasactividades&id=funcionariodest27&text=johanna%20gonza HTTP/1.1" 200 66
190.84.185.167 - - [27/Dec/2014:18:23:38 -0500] "GET /forest/actions/forms.getList?codForm=primerasactividades&id=funcionariodest27&text=johanna%20gonzal HTTP/1.1" 200 66
192.168.169.98 - - [27/Dec/2014:18:23:38 -0500] "GET /BLA/resoluciones/AUTOS%202013/0353.pdf HTTP/1.1" 200 1155831
190.24.136.214 - - [27/Dec/2014:18:23:41 -0500] "GET /galeria/nivo-slider/themes/default/arrows.png HTTP/1.1" 200 824
190.84.185.167 - - [27/Dec/2014:18:23:52 -0500] "POST /forest/usutareas.do? HTTP/1.1" 200 76
190.84.185.167 - - [27/Dec/2014:18:23:54 -0500] "GET /forest/usutareas.do?group_system_actual=3&a=0.4379577517975122 HTTP/1.1" 200 106728
190.84.185.167 - - [27/Dec/2014:18:23:56 -0500] "GET /forest/session.jsp?a=0.6207274689804763 HTTP/1.1" 200 4
190.84.185.167 - - [27/Dec/2014:18:23:56 -0500] "GET /forest/actions/forms.getMappedValues?id=NUMTER1&value=51559212&codForm=visita&a=0.3653457029722631 HTTP/1.1" 200 53
157.55.39.135 - - [27/Dec/2014:18:24:38 -0500] "GET /BLA/boletinlegal/js/jquery.scrollShow.js HTTP/1.1" 200 4586
190.84.185.167 - - [27/Dec/2014:18:24:44 -0500] "GET /forest/skins/gdocs-jar/popup/escritorio/subirborrador.jsp?form=visita&codTpl=&codBorr=&a=0.05256676417775452 HTTP/1.1" 200 23133
190.84.185.167 - - [27/Dec/2014:18:24:45 -0500] "GET /forest/json.do?query=borradoresByNoTpl&codInst=2986321&codTare=3210&firma=0&a=0.6500488659366965 HTTP/1.1" 200 2
190.84.185.167 - - [27/Dec/2014:18:24:45 -0500] "GET /forest/json.do?query=plantillasByTarea&codTare=3210&codInst=2986321&firma=0&a=0.18959074257873 HTTP/1.1" 200 2
190.84.185.167 - - [27/Dec/2014:18:24:45 -0500] "GET /forest/json.do?query=terceroById&numTer=51559212&a=0.5676156990230083 HTTP/1.1" 200 662
190.84.185.167 - - [27/Dec/2014:18:24:46 -0500] "POST /forms/lservlet;jsessionid=ac16012b30d5663dd830421c49e39f12d6ba7eff8571.e3iSbxaKaheRe34Sa3yKbhiTahb0n6jAmljGr5XDqQLvpAe HTTP/1.1" 200 2
157.55.39.57 - - [27/Dec/2014:18:24:49 -0500] "GET /robots.txt HTTP/1.1" 404 1018
157.55.39.57 - - [27/Dec/2014:18:24:50 -0500] "GET /BLA/boletinlegal/js/jquery.js HTTP/1.1" 200 57254
186.84.40.34 - - [27/Dec/2014:18:24:54 -0500] "POST /forms/lservlet;jsessionid=ac16012b30d5f45d3a432e774dcea183dfd7e0dcc671.e3iSbxaKaheRe34Sa3yKbhiTahb0n6jAmljGr5XDqQLvpAe HTTP/1.1" 200 111
186.84.40.34 - - [27/Dec/2014:18:24:55 -0500] "POST /forms/lservlet;jsessionid=ac16012b30d5f45d3a432e774dcea183dfd7e0dcc671.e3iSbxaKaheRe34Sa3yKbhiTahb0n6jAmljGr5XDqQLvpAe HTTP/1.1" 200 2290
66.249.73.171 - - [27/Dec/2014:18:25:03 -0500] "GET /BLA/resoluciones/RESOLUCIONES%202007/RES%202007%202001%20AL%202100/RESOLUCION%202016%20DE%202007.pdf HTTP/1.1" 304 -
186.84.40.34 - - [27/Dec/2014:18:25:04 -0500] "POST /forms/lservlet;jsessionid=ac16012b30d5f45d3a432e774dcea183dfd7e0dcc671.e3iSbxaKaheRe34Sa3yKbhiTahb0n6jAmljGr5XDqQLvpAe HTTP/1.1" 200 22
186.84.40.34 - - [27/Dec/2014:18:25:04 -0500] "POST /forms/lservlet;jsessionid=ac16012b30d5f45d3a432e774dcea183dfd7e0dcc671.e3iSbxaKaheRe34Sa3yKbhiTahb0n6jAmljGr5XDqQLvpAe HTTP/1.1" 200 3924
186.84.40.34 - - [27/Dec/2014:18:25:05 -0500] "POST /forms/lservlet;jsessionid=ac16012b30d5f45d3a432e774dcea183dfd7e0dcc671.e3iSbxaKaheRe34Sa3yKbhiTahb0n6jAmljGr5XDqQLvpAe HTTP/1.1" 200 2
186.84.40.34 - - [27/Dec/2014:18:25:06 -0500] "POST /forms/lservlet;jsessionid=ac16012b30d5f45d3a432e774dcea183dfd7e0dcc671.e3iSbxaKaheRe34Sa3yKbhiTahb0n6jAmljGr5XDqQLvpAe HTTP/1.1" 200 90
181.207.179.97 - - [27/Dec/2014:18:25:07 -0500] "GET /BLA/boletinlegal/js/jquery.js HTTP/1.1" 200 57254
186.84.40.34 - - [27/Dec/2014:18:25:07 -0500] "POST /forms/lservlet;jsessionid=ac16012b30d5f45d3a432e774dcea183dfd7e0dcc671.e3iSbxaKaheRe34Sa3yKbhiTahb0n6jAmljGr5XDqQLvpAe HTTP/1.1" 200 2
181.207.179.97 - - [27/Dec/2014:18:25:07 -0500] "GET /BLA/boletinlegal/js/jquery.scrollTo-min.js HTTP/1.1" 200 1150
181.207.179.97 - - [27/Dec/2014:18:25:08 -0500] "GET /BLA/boletinlegal/js/jquery.scrollShow.js HTTP/1.1" 200 4586
181.207.179.97 - - [27/Dec/2014:18:25:08 -0500] "GET /galeria/carrusel/Carrusel/jquery.thumbnailScroller.css HTTP/1.1" 200 2066
181.207.179.97 - - [27/Dec/2014:18:25:08 -0500] "GET /galeria/carrusel/Carrusel/jquery-ui-1.8.13.custom.min.js HTTP/1.1" 200 10800
186.84.40.34 - - [27/Dec/2014:18:25:07 -0500] "POST /forms/lservlet;jsessionid=ac16012b30d5f45d3a432e774dcea183dfd7e0dcc671.e3iSbxaKaheRe34Sa3yKbhiTahb0n6jAmljGr5XDqQLvpAe HTTP/1.1" 200 14
181.207.179.97 - - [27/Dec/2014:18:25:08 -0500] "GET /galeria/carrusel/Carrusel/jquery.thumbnailScroller.js HTTP/1.1" 200 8157
186.30.66.14 - - [27/Dec/2014:18:25:09 -0500] "POST /forms/lservlet;jsessionid=ac16012b30d53ea9f84bca5f42a9821692df51710c28.e3iSbxaKaheRe34Sa3yKbhiTahb0n6jAmljGr5XDqQLvpAe HTTP/1.1" 200 2
186.84.40.34 - - [27/Dec/2014:18:25:08 -0500] "POST /forms/lservlet;jsessionid=ac16012b30d5f45d3a432e774dcea183dfd7e0dcc671.e3iSbxaKaheRe34Sa3yKbhiTahb0n6jAmljGr5XDqQLvpAe HTTP/1.1" 200 14
186.84.40.34 - - [27/Dec/2014:18:25:10 -0500] "POST /forms/lservlet;jsessionid=ac16012b30d5f45d3a432e774dcea183dfd7e0dcc671.e3iSbxaKaheRe34Sa3yKbhiTahb0n6jAmljGr5XDqQLvpAe HTTP/1.1" 200 14
190.156.143.139 - - [27/Dec/2014:18:25:12 -0500] "POST /forms/lservlet;jsessionid=ac16012b30d52e7787fc743b4a99828fba55a1ee10d6.e3iSbxaKaheRe34Sa3yKbhiTahb0n6jAmljGr5XDqQLvpAe HTTP/1.1" 200 2
190.156.143.139 - - [27/Dec/2014:18:25:12 -0500] "POST /forms/lservlet;jsessionid=ac16012b30d52e7787fc743b4a99828fba55a1ee10d6.e3iSbxaKaheRe34Sa3yKbhiTahb0n6jAmljGr5XDqQLvpAe HTTP/1.1" 200 95
186.84.40.34 - - [27/Dec/2014:18:25:11 -0500] "POST /forms/lservlet;jsessionid=ac16012b30d5f45d3a432e774dcea183dfd7e0dcc671.e3iSbxaKaheRe34Sa3yKbhiTahb0n6jAmljGr5XDqQLvpAe HTTP/1.1" 200 14
190.156.143.139 - - [27/Dec/2014:18:25:12 -0500] "POST /forms/lservlet;jsessionid=ac16012b30d52e7787fc743b4a99828fba55a1ee10d6.e3iSbxaKaheRe34Sa3yKbhiTahb0n6jAmljGr5XDqQLvpAe HTTP/1.1" 200 2
186.84.40.34 - - [27/Dec/2014:18:25:13 -0500] "POST /forms/lservlet;jsessionid=ac16012b30d5f45d3a432e774dcea183dfd7e0dcc671.e3iSbxaKaheRe34Sa3yKbhiTahb0n6jAmljGr5XDqQLvpAe HTTP/1.1" 200 114
190.156.143.139 - - [27/Dec/2014:18:25:13 -0500] "POST /forms/lservlet;jsessionid=ac16012b30d52e7787fc743b4a99828fba55a1ee10d6.e3iSbxaKaheRe34Sa3yKbhiTahb0n6jAmljGr5XDqQLvpAe HTTP/1.1" 200 2
186.84.40.34 - - [27/Dec/2014:18:25:13 -0500] "POST /forms/lservlet;jsessionid=ac16012b30d5f45d3a432e774dcea183dfd7e0dcc671.e3iSbxaKaheRe34Sa3yKbhiTahb0n6jAmljGr5XDqQLvpAe HTTP/1.1" 200 11
190.156.143.139 - - [27/Dec/2014:18:25:14 -0500] "POST /forms/lservlet;jsessionid=ac16012b30d52e7787fc743b4a99828fba55a1ee10d6.e3iSbxaKaheRe34Sa3yKbhiTahb0n6jAmljGr5XDqQLvpAe HTTP/1.1" 200 1485
190.156.143.139 - - [27/Dec/2014:18:25:14 -0500] "POST /forms/lservlet;jsessionid=ac16012b30d52e7787fc743b4a99828fba55a1ee10d6.e3iSbxaKaheRe34Sa3yKbhiTahb0n6jAmljGr5XDqQLvpAe HTTP/1.1" 200 2
190.156.143.139 - - [27/Dec/2014:18:25:14 -0500] "POST /forms/lservlet;jsessionid=ac16012b30d52e7787fc743b4a99828fba55a1ee10d6.e3iSbxaKaheRe34Sa3yKbhiTahb0n6jAmljGr5XDqQLvpAe HTTP/1.1" 200 2
186.154.84.82 - - [27/Dec/2014:18:25:16 -0500] "GET /forest/skins/gdocs-jar/css/forest.css?version=1412.231748 HTTP/1.1" 304 -
186.154.84.82 - - [27/Dec/2014:18:25:16 -0500] "GET /forest/skins/gdocs-jar/css/menu.css?version=1412.231748 HTTP/1.1" 304 -
186.154.84.82 - - [27/Dec/2014:18:25:16 -0500] "GET /forest/skins/gdocs-jar/css/autocomplete.css?version=1412.231748 HTTP/1.1" 304 -
186.154.84.82 - - [27/Dec/2014:18:25:16 -0500] "GET /forest/css/escritorio.css?version=1412.231748 HTTP/1.1" 304 -
186.154.84.82 - - [27/Dec/2014:18:25:16 -0500] "GET /forest/css/index.css?version=1412.231748 HTTP/1.1" 304 -
186.154.84.82 - - [27/Dec/2014:18:25:16 -0500] "GET /forest/1ibre/jscalendar/calendar-win2k-1.css?version=1412.231748 HTTP/1.1" 304 -
186.154.84.82 - - [27/Dec/2014:18:25:16 -0500] "GET /forest/skins/gdocs-jar/css/dialog.css?version=1412.231748 HTTP/1.1" 304 -
186.154.84.82 - - [27/Dec/2014:18:25:16 -0500] "GET /forest/skins/gdocs-jar/css/forms.css?version=1412.231748 HTTP/1.1" 304 -
186.154.84.82 - - [27/Dec/2014:18:25:16 -0500] "GET /forest/js/jquery/css/jquery-ui-1.8.1.custom.css HTTP/1.1" 304 -
186.154.84.82 - - [27/Dec/2014:18:25:16 -0500] "GET /forest/js/jquery/css/jquery-ui-selectmenu.css HTTP/1.1" 304 -
186.154.84.82 - - [27/Dec/2014:18:25:16 -0500] "GET /forest/misactividades.do?group_system_actual=3&codPro=187&_a=0.42637476732512425 HTTP/1.1" 200 38547
186.154.84.82 - - [27/Dec/2014:18:25:16 -0500] "GET /forest/js/jquery/grid/css/ui.jqgrid.css HTTP/1.1" 304 -
186.154.84.82 - - [27/Dec/2014:18:25:16 -0500] "GET /forest/js/jquery/grid/css/ui.multiselect.css HTTP/1.1" 304 -
186.154.84.82 - - [27/Dec/2014:18:25:16 -0500] "GET /forest/js/json3.js HTTP/1.1" 304 -
186.154.84.82 - - [27/Dec/2014:18:25:16 -0500] "GET /forest/js/jquery/jquery-latest.js HTTP/1.1" 304 -
186.154.84.82 - - [27/Dec/2014:18:25:16 -0500] "GET /forest/js/jquery/jquery-ui-latest.js HTTP/1.1" 304 -
186.154.84.82 - - [27/Dec/2014:18:25:16 -0500] "GET /forest/js/jquery/jquery.layout-latest.js HTTP/1.1" 304 -
186.154.84.82 - - [27/Dec/2014:18:25:16 -0500] "GET /forest/js/jquery/plugins/jquery.ui.selectmenu.js HTTP/1.1" 304 -
186.154.84.82 - - [27/Dec/2014:18:25:16 -0500] "GET /forest/js/jquery/i18n/grid.locale-en.js HTTP/1.1" 304 -
186.154.84.82 - - [27/Dec/2014:18:25:16 -0500] "GET /forest/js/jquery/plugins/jquery.searchFilter.js HTTP/1.1" 304 -
186.154.84.82 - - [27/Dec/2014:18:25:16 -0500] "GET /forest/js/jquery/plugins/ui.multiselect.js HTTP/1.1" 304 -
186.154.84.82 - - [27/Dec/2014:18:25:16 -0500] "GET /forest/js/jquery/jquery.jqGrid.src.js HTTP/1.1" 304 -
186.154.84.82 - - [27/Dec/2014:18:25:17 -0500] "GET /forest/js/jquery/plugins/jquery.tablednd.js HTTP/1.1" 304 -
186.154.84.82 - - [27/Dec/2014:18:25:17 -0500] "GET /forest/js/jquery/plugins/jquery.contextmenu.js HTTP/1.1" 304 -
186.154.84.82 - - [27/Dec/2014:18:25:17 -0500] "GET /forest/js/jquery/plugins/grid.setcolumns.js HTTP/1.1" 304 -
186.154.84.82 - - [27/Dec/2014:18:25:17 -0500] "GET /forest/js/jqGridConf.js HTTP/1.1" 304 -
186.154.84.82 - - [27/Dec/2014:18:25:18 -0500] "GET /forest/img/base/bsc2_r1_c1.gif HTTP/1.1" 304 -
186.154.84.82 - - [27/Dec/2014:18:25:18 -0500] "GET /forest/img/base/bsc2_r1_c2.gif HTTP/1.1" 304 -
186.154.84.82 - - [27/Dec/2014:18:25:18 -0500] "GET /forest/img/base/bsc2_r1_c3.gif HTTP/1.1" 304 -
186.154.84.82 - - [27/Dec/2014:18:25:18 -0500] "GET /forest/img/loading.gif HTTP/1.1" 304 -
186.154.84.82 - - [27/Dec/2014:18:25:18 -0500] "GET /forest/img/spacer.gif HTTP/1.1" 304 -
186.154.84.82 - - [27/Dec/2014:18:25:18 -0500] "GET /forest/img/notify.gif HTTP/1.1" 304 -
186.154.84.82 - - [27/Dec/2014:18:25:18 -0500] "GET /forest/img/users/5.gif HTTP/1.1" 304 -
186.154.84.82 - - [27/Dec/2014:18:25:18 -0500] "GET /forest/img/download_large.gif HTTP/1.1" 304 -
186.154.84.82 - - [27/Dec/2014:18:25:18 -0500] "GET /forest/img/inicio.jpg HTTP/1.1" 304 -
186.154.84.82 - - [27/Dec/2014:18:25:18 -0500] "GET /forest/img/users/3.gif HTTP/1.1" 304 -
186.154.84.82 - - [27/Dec/2014:18:25:18 -0500] "GET /forest/img/salir3.gif HTTP/1.1" 304 -
186.154.84.82 - - [27/Dec/2014:18:25:18 -0500] "GET /forest/img/pantalla.gif HTTP/1.1" 304 -
186.154.84.82 - - [27/Dec/2014:18:25:18 -0500] "GET /forest/img/buscar.jpg HTTP/1.1" 304 -
186.154.84.82 - - [27/Dec/2014:18:25:18 -0500] "GET /forest/img/users/7.gif HTTP/1.1" 304 -
186.154.84.82 - - [27/Dec/2014:18:25:18 -0500] "GET /forest/img/ayuda.gif HTTP/1.1" 304 -
186.154.84.82 - - [27/Dec/2014:18:25:18 -0500] "GET /forest/img/buscar_documentos.gif HTTP/1.1" 304 -
186.154.84.82 - - [27/Dec/2014:18:25:18 -0500] "GET /forest/img/buscar_procesos.gif HTTP/1.1" 304 -
186.154.84.82 - - [27/Dec/2014:18:25:18 -0500] "GET /forest/img/mplogo.gif HTTP/1.1" 304 -
186.154.84.82 - - [27/Dec/2014:18:25:18 -0500] "GET /forest/img/close.gif HTTP/1.1" 304 -
186.154.84.82 - - [27/Dec/2014:18:25:18 -0500] "GET /forest/skins/gdocs-jar/img/okey.gif HTTP/1.1" 304 -
186.154.84.82 - - [27/Dec/2014:18:25:18 -0500] "GET /forest/img/fondo-barra.gif HTTP/1.1" 304 -
186.154.84.82 - - [27/Dec/2014:18:25:18 -0500] "GET /forest/1ibre/1ibre.css HTTP/1.1" 304 -
186.154.84.82 - - [27/Dec/2014:18:25:18 -0500] "GET /forest/session.jsp?a=0.03280592174269259 HTTP/1.1" 200 4
186.154.84.82 - - [27/Dec/2014:18:25:18 -0500] "GET /forest/skins/gdocs-jar/img/clip.gif HTTP/1.1" 304 -
186.154.84.82 - - [27/Dec/2014:18:25:18 -0500] "GET /forest/img/jquery/ui-bg_inset-hard_100_fcfdfd_1x100.png HTTP/1.1" 304 -
186.154.84.82 - - [27/Dec/2014:18:25:18 -0500] "GET /forest/img/jquery/ui-bg_glass_85_dfeffc_1x400.png HTTP/1.1" 304 -
186.154.84.82 - - [27/Dec/2014:18:25:19 -0500] "GET /forest/img/jquery/ui-icons_469bdd_256x240.png HTTP/1.1" 304 -
186.154.84.82 - - [27/Dec/2014:18:25:19 -0500] "GET /forest/img/jquery/ui-bg_flat_0_aaaaaa_40x100.png HTTP/1.1" 304 -
186.154.84.82 - - [27/Dec/2014:18:25:19 -0500] "GET /forest/img/jquery/ui-bg_inset-hard_100_f5f8f9_1x100.png HTTP/1.1" 304 -
186.154.84.82 - - [27/Dec/2014:18:25:19 -0500] "GET /forest/img/jquery/ui-icons_6da8d5_256x240.png HTTP/1.1" 304 -
186.154.84.82 - - [27/Dec/2014:18:25:19 -0500] "GET /forest/img/jquery/ui-bg_gloss-wave_55_5c9ccc_500x100.png HTTP/1.1" 304 -
186.154.84.82 - - [27/Dec/2014:18:25:19 -0500] "GET /forest/img/jquery/columnshide.gif HTTP/1.1" 304 -
186.154.84.82 - - [27/Dec/2014:18:25:19 -0500] "GET /forest/img/jquery/quitarfiltrar.gif HTTP/1.1" 304 -
186.154.84.82 - - [27/Dec/2014:18:25:19 -0500] "GET /forest/img/jquery/save.gif HTTP/1.1" 304 -
186.154.84.82 - - [27/Dec/2014:18:25:19 -0500] "POST /forest/misactividades.do?ajax=true&a=0.7066104265395552 HTTP/1.1" 200 12355
186.154.84.82 - - [27/Dec/2014:18:25:19 -0500] "GET /forest/img/newdocs.gif HTTP/1.1" 304 -
186.154.84.82 - - [27/Dec/2014:18:25:19 -0500] "GET /forest/skins/gdocs-jar/img/doc-alert.gif HTTP/1.1" 304 -
186.154.84.82 - - [27/Dec/2014:18:25:20 -0500] "GET /forest/img/jquery/ui-bg_glass_75_d0e5f5_1x400.png HTTP/1.1" 304 -
190.156.143.139 - - [27/Dec/2014:18:25:20 -0500] "POST /forms/lservlet;jsessionid=ac16012b30d52e7787fc743b4a99828fba55a1ee10d6.e3iSbxaKaheRe34Sa3yKbhiTahb0n6jAmljGr5XDqQLvpAe HTTP/1.1" 200 2
186.84.40.34 - - [27/Dec/2014:18:25:14 -0500] "GET /reports/rwservlet/getjobid338267?server=rep_srvapsda HTTP/1.1" 200 3192692
186.154.84.82 - - [27/Dec/2014:18:25:29 -0500] "GET /forest/img/jquery/ui-icons_217bc0_256x240.png HTTP/1.1" 304 -
186.84.40.34 - - [27/Dec/2014:18:25:32 -0500] "POST /forms/lservlet;jsessionid=ac16012b30d5f45d3a432e774dcea183dfd7e0dcc671.e3iSbxaKaheRe34Sa3yKbhiTahb0n6jAmljGr5XDqQLvpAe HTTP/1.1" 200 2
157.55.39.211 - - [27/Dec/2014:18:25:34 -0500] "GET /BLA/boletinlegal/js/jquery.scrollTo-min.js HTTP/1.1" 200 1150
74.86.158.107 - - [27/Dec/2014:18:25:34 -0500] "HEAD / HTTP/1.1" 302 -
186.154.84.82 - - [27/Dec/2014:18:25:37 -0500] "POST /forest/misactividades.do?ajax=true&a=0.8345072295051068 HTTP/1.1" 200 1728
190.84.185.167 - - [27/Dec/2014:18:25:44 -0500] "POST /forest/usutareas.do?group_system_actual=3 HTTP/1.1" 200 202
190.84.185.167 - - [27/Dec/2014:18:23:56 -0500] "GET /ForestMSG_SDA/channelAsync/template_word_17193512?X-Atmosphere-tracking-id=b5370c34-3e3b-f4c2-9cdb-70398055527f&X-Atmosphere-Framework=1.0.5&X-Atmosphere-Transport=long-polling&tabid=0.4674459502566606&X-Cache-Date=0&Content-Type=application/xml&_=1419722703535 HTTP/1.1" 200 8193
190.84.185.167 - - [27/Dec/2014:18:26:02 -0500] "GET /forest/usutareas.do?group_system_actual=3&a=0.021355713484808803 HTTP/1.1" 200 107508
190.84.185.167 - - [27/Dec/2014:18:26:03 -0500] "GET /forest/session.jsp?a=0.1475275414995849 HTTP/1.1" 200 4
190.84.185.167 - - [27/Dec/2014:18:26:03 -0500] "GET /forest/actions/forms.getMappedValues?id=NUMTER1&value=51559212&codForm=visita&a=0.9188765955623239 HTTP/1.1" 200 53
190.84.185.167 - - [27/Dec/2014:18:26:08 -0500] "POST /forest/usutareas.do? HTTP/1.1" 200 76
190.84.185.167 - - [27/Dec/2014:18:26:10 -0500] "GET /forest/usutareas.do?group_system_actual=3&a=0.534710432169959 HTTP/1.1" 200 254484
190.84.185.167 - - [27/Dec/2014:18:26:11 -0500] "GET /forest/session.jsp?a=0.3815065200906247 HTTP/1.1" 200 4
190.84.185.167 - - [27/Dec/2014:18:26:12 -0500] "GET /forest/actions/forms.getList?codForm=Anexo4&id=p300 HTTP/1.1" 200 136
190.84.185.167 - - [27/Dec/2014:18:26:12 -0500] "GET /forest/actions/forms.getList?codForm=Anexo4&id=p312 HTTP/1.1" 200 88
190.84.185.167 - - [27/Dec/2014:18:26:12 -0500] "GET /forest/actions/forms.getList?codForm=Anexo4&id=p368 HTTP/1.1" 200 209
220.181.108.96 - - [27/Dec/2014:18:26:37 -0500] "GET / HTTP/1.1" 302 -
190.84.185.167 - - [27/Dec/2014:18:26:46 -0500] "POST /forms/lservlet;jsessionid=ac16012b30d5663dd830421c49e39f12d6ba7eff8571.e3iSbxaKaheRe34Sa3yKbhiTahb0n6jAmljGr5XDqQLvpAe HTTP/1.1" 200 2
186.154.84.82 - - [27/Dec/2014:18:26:52 -0500] "GET /forest/img/jquery/ui-bg_flat_55_fbec88_40x100.png HTTP/1.1" 304 -
186.30.66.14 - - [27/Dec/2014:18:27:09 -0500] "POST /forms/lservlet;jsessionid=ac16012b30d53ea9f84bca5f42a9821692df51710c28.e3iSbxaKaheRe34Sa3yKbhiTahb0n6jAmljGr5XDqQLvpAe HTTP/1.1" 200 2
190.156.143.139 - - [27/Dec/2014:18:27:20 -0500] "POST /forms/lservlet;jsessionid=ac16012b30d52e7787fc743b4a99828fba55a1ee10d6.e3iSbxaKaheRe34Sa3yKbhiTahb0n6jAmljGr5XDqQLvpAe HTTP/1.1" 200 2
186.84.40.34 - - [27/Dec/2014:18:27:32 -0500] "POST /forms/lservlet;jsessionid=ac16012b30d5f45d3a432e774dcea183dfd7e0dcc671.e3iSbxaKaheRe34Sa3yKbhiTahb0n6jAmljGr5XDqQLvpAe HTTP/1.1" 200 2
180.76.5.94 - - [27/Dec/2014:18:27:58 -0500] "GET /BLA/resoluciones/RESOLUCIONES%202009/1799.pdf HTTP/1.1" 200 557330
186.84.40.34 - - [27/Dec/2014:18:28:14 -0500] "POST /forms/lservlet;jsessionid=ac16012b30d5f45d3a432e774dcea183dfd7e0dcc671.e3iSbxaKaheRe34Sa3yKbhiTahb0n6jAmljGr5XDqQLvpAe HTTP/1.1" 200 181
186.84.40.34 - - [27/Dec/2014:18:28:14 -0500] "POST /forms/lservlet;jsessionid=ac16012b30d5f45d3a432e774dcea183dfd7e0dcc671.e3iSbxaKaheRe34Sa3yKbhiTahb0n6jAmljGr5XDqQLvpAe HTTP/1.1" 200 8
186.84.40.34 - - [27/Dec/2014:18:28:14 -0500] "POST /forms/lservlet;jsessionid=ac16012b30d5f45d3a432e774dcea183dfd7e0dcc671.e3iSbxaKaheRe34Sa3yKbhiTahb0n6jAmljGr5XDqQLvpAe HTTP/1.1" 200 2
66.249.73.155 - - [27/Dec/2014:18:28:21 -0500] "GET /BLA/resoluciones/AUTOS%202008/2831.pdf HTTP/1.1" 200 65572
