186.145.197.21 - - [27/Dec/2014:16:48:30 -0500] "GET /galeria/nivo-slider/nivo-slider.css HTTP/1.1" 200 1507
186.145.197.21 - - [27/Dec/2014:16:48:30 -0500] "GET /galeria/nivo-slider/themes/orman/orman.css HTTP/1.1" 200 2152
186.145.197.21 - - [27/Dec/2014:16:48:30 -0500] "GET /galeria/nivo-slider/demo/style.css HTTP/1.1" 200 2222
186.145.197.21 - - [27/Dec/2014:16:48:30 -0500] "GET /galeria/nivo-slider/demo/images/bolsas-08.jpg HTTP/1.1" 200 85589
186.145.197.21 - - [27/Dec/2014:16:48:30 -0500] "GET /galeria/nivo-slider/demo/scripts/jquery-1.7.1.min.js HTTP/1.1" 200 93868
186.145.197.21 - - [27/Dec/2014:16:48:30 -0500] "GET /galeria/nivo-slider/jquery.nivo.slider.pack.js HTTP/1.1" 200 11561
186.145.197.21 - - [27/Dec/2014:16:48:30 -0500] "GET /galeria/nivo-slider/demo/images/Ruta-vertimientos-01.jpg HTTP/1.1" 200 130151
186.145.197.21 - - [27/Dec/2014:16:48:30 -0500] "GET /galeria/nivo-slider/demo/images/bolsas-06.jpg HTTP/1.1" 200 90982
186.145.197.21 - - [27/Dec/2014:16:48:30 -0500] "GET /galeria/nivo-slider/demo/images/ecolecta-Dic2014.png HTTP/1.1" 200 288593
186.145.197.21 - - [27/Dec/2014:16:48:30 -0500] "GET /galeria/nivo-slider/demo/images/Banner-GAE3.jpg HTTP/1.1" 200 146354
186.145.197.21 - - [27/Dec/2014:16:48:31 -0500] "GET /galeria/nivo-slider/demo/images/porloshumedales.jpg HTTP/1.1" 200 351238
186.145.197.21 - - [27/Dec/2014:16:48:31 -0500] "GET /galeria/nivo-slider/demo/images/Tingua-azul.jpg HTTP/1.1" 200 307638
186.145.197.21 - - [27/Dec/2014:16:48:32 -0500] "GET /galeria/nivo-slider/demo/images/4Simple_Slider.png HTTP/1.1" 200 11722
186.145.197.21 - - [27/Dec/2014:16:48:32 -0500] "GET /galeria/nivo-slider/themes/default/loading.gif HTTP/1.1" 200 1737
186.145.197.21 - - [27/Dec/2014:16:48:32 -0500] "GET /galeria/nivo-slider/demo/images/9Signos.jpg HTTP/1.1" 200 93040
186.145.197.21 - - [27/Dec/2014:16:48:32 -0500] "GET /galeria/nivo-slider/demo/images/Banner-Caracol-Africano.jpg HTTP/1.1" 200 331986
186.145.197.21 - - [27/Dec/2014:16:48:32 -0500] "GET /galeria/nivo-slider/demo/images/banner-redes.jpg HTTP/1.1" 200 62209
186.145.197.21 - - [27/Dec/2014:16:48:34 -0500] "GET /galeria/nivo-slider/demo/images/banner-llantas2.jpg HTTP/1.1" 200 73153
186.145.197.21 - - [27/Dec/2014:16:48:35 -0500] "GET /galeria/nivo-slider/demo/images/banner-caballos.png HTTP/1.1" 200 389106
186.145.197.21 - - [27/Dec/2014:16:48:38 -0500] "GET /galeria/nivo-slider/themes/default/bullets.png HTTP/1.1" 200 1281
192.168.169.98 - - [27/Dec/2014:16:48:39 -0500] "GET /BLA/boletinlegal/style.css HTTP/1.1" 304 -
192.168.169.98 - - [27/Dec/2014:16:48:39 -0500] "GET /BLA/boletinlegal/images/nuevo.gif HTTP/1.1" 304 -
186.145.197.21 - - [27/Dec/2014:16:48:39 -0500] "GET /videos/Spot_CambioClimatico.flv HTTP/1.1" 200 4371917
186.145.197.21 - - [27/Dec/2014:16:48:39 -0500] "GET /galeria/nivo-slider/themes/default/arrows.png HTTP/1.1" 200 824
190.99.143.87 - - [27/Dec/2014:16:48:44 -0500] "GET /galeria/bibloteca/contentflow.js HTTP/1.1" 200 42804
190.99.143.87 - - [27/Dec/2014:16:48:44 -0500] "GET /galeria/bibloteca/contentflow.css HTTP/1.1" 200 3201
190.99.143.87 - - [27/Dec/2014:16:48:44 -0500] "GET /galeria/bibloteca/mycontentflow.css HTTP/1.1" 200 3110
190.99.143.87 - - [27/Dec/2014:16:48:44 -0500] "GET /galeria/bibloteca/ContentFlowAddOn_white.js HTTP/1.1" 200 2497
190.99.143.87 - - [27/Dec/2014:16:48:45 -0500] "GET /galeria/bibloteca/ContentFlowAddOn_white.css HTTP/1.1" 200 3355
190.99.143.87 - - [27/Dec/2014:16:48:45 -0500] "GET /galeria/bibloteca/img/scrollbar_white.png HTTP/1.1" 200 82
190.99.143.87 - - [27/Dec/2014:16:48:45 -0500] "GET /galeria/bibloteca/img/loader.gif HTTP/1.1" 200 8238
190.99.143.87 - - [27/Dec/2014:16:48:45 -0500] "GET /galeria/bibloteca/img/slider_white.png HTTP/1.1" 200 178
190.99.143.87 - - [27/Dec/2014:16:48:50 -0500] "GET /galeria/bibloteca/img/scrollbar_black.png HTTP/1.1" 200 82
190.99.143.87 - - [27/Dec/2014:16:48:50 -0500] "GET /galeria/bibloteca/img/slider_black.png HTTP/1.1" 200 175
190.99.143.87 - - [27/Dec/2014:16:48:50 -0500] "GET /galeria/bibloteca/img/1x1_0.5_white.png HTTP/1.1" 200 82
190.99.143.87 - - [27/Dec/2014:16:48:50 -0500] "GET /galeria/bibloteca/img/ajax-loader.gif HTTP/1.1" 200 9427
186.30.66.14 - - [27/Dec/2014:16:49:03 -0500] "POST /forms/lservlet;jsessionid=ac16012b30d53ea9f84bca5f42a9821692df51710c28.e3iSbxaKaheRe34Sa3yKbhiTahb0n6jAmljGr5XDqQLvpAe HTTP/1.1" 200 2
66.249.73.171 - - [27/Dec/2014:16:49:06 -0500] "GET /BLA/resoluciones/RESOLUCIONES%202010/7210.pdf HTTP/1.1" 304 -
192.168.169.98 - - [27/Dec/2014:16:48:29 -0500] "GET /BLA/boletinlegal/ HTTP/1.1" 200 49382
192.168.169.98 - - [27/Dec/2014:16:49:10 -0500] "GET /BLA/boletinlegal/actos.php HTTP/1.1" 200 7530
186.84.40.34 - - [27/Dec/2014:16:49:22 -0500] "POST /forms/lservlet;jsessionid=ac16012b30d5f45d3a432e774dcea183dfd7e0dcc671.e3iSbxaKaheRe34Sa3yKbhiTahb0n6jAmljGr5XDqQLvpAe HTTP/1.1" 200 2
192.168.169.98 - - [27/Dec/2014:16:49:30 -0500] "GET /BLA/boletinlegal/consulta_actos.php?tipo=autos&no=1537&usuario=&sector=&fecha=2010&resuelve= HTTP/1.1" 200 623
66.249.73.155 - - [27/Dec/2014:16:50:05 -0500] "GET /BLA/resoluciones/RESOLUCIONES%202007/RES%202007%20501%20AL%20600/RESOLUCION%200569%20DE%202007.pdf HTTP/1.1" 304 -
74.86.158.107 - - [27/Dec/2014:16:50:34 -0500] "HEAD / HTTP/1.1" 302 -
186.30.66.14 - - [27/Dec/2014:16:51:03 -0500] "POST /forms/lservlet;jsessionid=ac16012b30d53ea9f84bca5f42a9821692df51710c28.e3iSbxaKaheRe34Sa3yKbhiTahb0n6jAmljGr5XDqQLvpAe HTTP/1.1" 200 2
66.249.73.171 - - [27/Dec/2014:16:51:04 -0500] "GET /BLA/resoluciones/AUTOS%202010/5524.pdf HTTP/1.1" 200 203254
186.154.84.82 - - [27/Dec/2014:16:51:15 -0500] "GET /forest/session.jsp?a=0.2078625278081745 HTTP/1.1" 200 4
186.84.40.34 - - [27/Dec/2014:16:51:22 -0500] "POST /forms/lservlet;jsessionid=ac16012b30d5f45d3a432e774dcea183dfd7e0dcc671.e3iSbxaKaheRe34Sa3yKbhiTahb0n6jAmljGr5XDqQLvpAe HTTP/1.1" 200 2
66.249.73.171 - - [27/Dec/2014:16:52:02 -0500] "GET /BLA/resoluciones/RESOLUCIONES%202014/0081.pdf HTTP/1.1" 304 -
190.146.169.155 - - [27/Dec/2014:16:52:20 -0500] "GET /BLA/resoluciones/RESOLUCIONES%202007/RES%202007%202301%20AL%202400/RESOLUCION%202347%20DE%202007.pdf HTTP/1.1" 200 381354
190.146.169.155 - - [27/Dec/2014:16:52:21 -0500] "GET /BLA/resoluciones/RESOLUCIONES%202007/RES%202007%202301%20AL%202400/RESOLUCION%202347%20DE%202007.pdf HTTP/1.1" 206 32768
190.146.169.155 - - [27/Dec/2014:16:52:21 -0500] "GET /BLA/resoluciones/RESOLUCIONES%202007/RES%202007%202301%20AL%202400/RESOLUCION%202347%20DE%202007.pdf HTTP/1.1" 206 348586
190.146.169.155 - - [27/Dec/2014:16:52:23 -0500] "GET /favicon.ico HTTP/1.1" 200 7782
100.43.85.25 - - [27/Dec/2014:16:52:41 -0500] "GET /robots.txt HTTP/1.1" 404 1015
100.43.85.25 - - [27/Dec/2014:16:52:43 -0500] "GET / HTTP/1.1" 302 -
100.43.85.25 - - [27/Dec/2014:16:52:43 -0500] "GET / HTTP/1.1" 302 -
66.249.73.155 - - [27/Dec/2014:16:53:01 -0500] "GET /BLA/resoluciones/RESOLUCIONES%202007/RES%202007%202201%20AL%202300/RESOLUCION%202295%20DE%202007.pdf HTTP/1.1" 200 527536
186.30.66.14 - - [27/Dec/2014:16:53:03 -0500] "POST /forms/lservlet;jsessionid=ac16012b30d53ea9f84bca5f42a9821692df51710c28.e3iSbxaKaheRe34Sa3yKbhiTahb0n6jAmljGr5XDqQLvpAe HTTP/1.1" 200 2
186.84.40.34 - - [27/Dec/2014:16:53:23 -0500] "POST /forms/lservlet;jsessionid=ac16012b30d5f45d3a432e774dcea183dfd7e0dcc671.e3iSbxaKaheRe34Sa3yKbhiTahb0n6jAmljGr5XDqQLvpAe HTTP/1.1" 200 2
66.249.73.155 - - [27/Dec/2014:16:53:42 -0500] "GET /BLA/resoluciones/RESOLUCIONES%202006/RES%202006%202751-2800/00002773.tif HTTP/1.1" 200 71562
191.89.211.142 - - [27/Dec/2014:16:53:56 -0500] "GET /galeria/nivo-slider/demo/demo.html HTTP/1.1" 304 -
191.89.211.142 - - [27/Dec/2014:16:53:57 -0500] "GET /galeria/nivo-slider/demo/images/bolsas-08.jpg HTTP/1.1" 304 -
191.89.211.142 - - [27/Dec/2014:16:53:57 -0500] "GET /galeria/nivo-slider/demo/images/Ruta-vertimientos-01.jpg HTTP/1.1" 304 -
191.89.211.142 - - [27/Dec/2014:16:53:57 -0500] "GET /galeria/nivo-slider/demo/images/bolsas-06.jpg HTTP/1.1" 304 -
66.249.73.171 - - [27/Dec/2014:16:54:00 -0500] "GET /BLA/resoluciones/RESOLUCIONES%202007/RES%202007%202501%20AL%202600/RESOLUCION%202536%20DE%202007.pdf HTTP/1.1" 200 70064
66.249.73.171 - - [27/Dec/2014:16:54:58 -0500] "GET /BLA/resoluciones/RESOLUCIONES%202007/RES%202007%201801%20AL%201900/RESOLUCION%201893%20DE%202007.pdf HTTP/1.1" 304 -
186.30.66.14 - - [27/Dec/2014:16:55:04 -0500] "POST /forms/lservlet;jsessionid=ac16012b30d53ea9f84bca5f42a9821692df51710c28.e3iSbxaKaheRe34Sa3yKbhiTahb0n6jAmljGr5XDqQLvpAe HTTP/1.1" 200 2
180.76.6.16 - - [27/Dec/2014:16:55:23 -0500] "GET /BLA/resoluciones/index.php?dir=RESOLUCIONES%202003/&sort=name&order=asc HTTP/1.1" 200 12286
186.84.40.34 - - [27/Dec/2014:16:55:23 -0500] "POST /forms/lservlet;jsessionid=ac16012b30d5f45d3a432e774dcea183dfd7e0dcc671.e3iSbxaKaheRe34Sa3yKbhiTahb0n6jAmljGr5XDqQLvpAe HTTP/1.1" 200 2
74.86.158.107 - - [27/Dec/2014:16:55:34 -0500] "HEAD / HTTP/1.1" 302 -
186.116.23.235 - - [27/Dec/2014:16:55:52 -0500] "GET /BLA/resoluciones/RESOLUCIONES%202013/0372.pdf HTTP/1.1" 200 536090
186.116.23.235 - - [27/Dec/2014:16:55:53 -0500] "GET /BLA/resoluciones/RESOLUCIONES%202013/0372.pdf HTTP/1.1" 206 32768
186.116.23.235 - - [27/Dec/2014:16:55:53 -0500] "GET /BLA/resoluciones/RESOLUCIONES%202013/0372.pdf HTTP/1.1" 206 503322
186.116.23.235 - - [27/Dec/2014:16:55:54 -0500] "GET /favicon.ico HTTP/1.1" 200 7782
66.249.73.163 - - [27/Dec/2014:16:55:57 -0500] "GET /BLA/resoluciones/RESOLUCIONES%202010/6306.pdf HTTP/1.1" 200 8721922
180.76.5.95 - - [27/Dec/2014:16:56:11 -0500] "GET /BLA/resoluciones/RESOLUCIONES%202007/RES%202007%203501%20AL%203600/RESOLUCION%203504%20DE%202007.pdf HTTP/1.1" 200 371810
186.154.84.82 - - [27/Dec/2014:16:56:16 -0500] "GET /forest/session.jsp?a=0.20720494585111737 HTTP/1.1" 200 4
66.249.73.171 - - [27/Dec/2014:16:56:56 -0500] "GET /BLA/resoluciones/RESOLUCIONES%202007/RES%202007%204301%20AL%204352/RESOLUCION%204334%20DE%202007.pdf HTTP/1.1" 304 -
186.30.66.14 - - [27/Dec/2014:16:57:04 -0500] "POST /forms/lservlet;jsessionid=ac16012b30d53ea9f84bca5f42a9821692df51710c28.e3iSbxaKaheRe34Sa3yKbhiTahb0n6jAmljGr5XDqQLvpAe HTTP/1.1" 200 2
186.84.40.34 - - [27/Dec/2014:16:57:23 -0500] "POST /forms/lservlet;jsessionid=ac16012b30d5f45d3a432e774dcea183dfd7e0dcc671.e3iSbxaKaheRe34Sa3yKbhiTahb0n6jAmljGr5XDqQLvpAe HTTP/1.1" 200 2
66.249.73.163 - - [27/Dec/2014:16:57:54 -0500] "GET /BLA/resoluciones/AUTOS%202013/1101.pdf HTTP/1.1" 304 -
201.245.192.253 - - [27/Dec/2014:16:58:12 -0500] "GET /BLA/boletinlegal/actos.php HTTP/1.1" 200 7534
66.249.73.155 - - [27/Dec/2014:16:58:13 -0500] "GET /BLA/resoluciones/AUTOS%202008/2548.pdf HTTP/1.1" 200 98023
201.245.192.253 - - [27/Dec/2014:16:58:24 -0500] "GET /BLA/boletinlegal/consulta_actos.php?tipo=autos&no=2105&usuario=&sector=&fecha=2014&resuelve= HTTP/1.1" 200 1032
201.245.192.253 - - [27/Dec/2014:16:58:28 -0500] "GET /BLA/resoluciones/AUTOS%202014/2105.pdf HTTP/1.1" 200 224209
201.245.192.253 - - [27/Dec/2014:16:57:59 -0500] "GET /BLA/boletinlegal/ HTTP/1.1" 200 45684
66.249.73.163 - - [27/Dec/2014:16:58:53 -0500] "GET /Autoliquidacion/Solicitudes%20relacionadas%20con%20ocupaci%C3%B3n%20de%20cauce/ HTTP/1.1" 200 1622
180.76.6.58 - - [27/Dec/2014:16:59:01 -0500] "GET /BLA/resoluciones/RESOLUCIONES%202009/0161.pdf HTTP/1.1" 200 266693
186.30.66.14 - - [27/Dec/2014:16:59:04 -0500] "POST /forms/lservlet;jsessionid=ac16012b30d53ea9f84bca5f42a9821692df51710c28.e3iSbxaKaheRe34Sa3yKbhiTahb0n6jAmljGr5XDqQLvpAe HTTP/1.1" 200 2
157.55.39.211 - - [27/Dec/2014:16:59:11 -0500] "GET /BLA/boletinlegal/styles2.css HTTP/1.1" 200 1838
186.84.40.34 - - [27/Dec/2014:16:59:23 -0500] "POST /forms/lservlet;jsessionid=ac16012b30d5f45d3a432e774dcea183dfd7e0dcc671.e3iSbxaKaheRe34Sa3yKbhiTahb0n6jAmljGr5XDqQLvpAe HTTP/1.1" 200 2
66.249.73.163 - - [27/Dec/2014:16:59:38 -0500] "GET /Report2/logout.do HTTP/1.1" 503 1020
66.249.73.163 - - [27/Dec/2014:16:59:52 -0500] "GET /BLA/resoluciones/index.php?dir=RESOLUCIONES%202006/RES%202006%202751-2800/&sort=size&order=asc HTTP/1.1" 200 12358
66.249.73.155 - - [27/Dec/2014:17:00:04 -0500] "GET /videos/galeria-fotografica/index19.html? HTTP/1.1" 200 1972
66.249.73.163 - - [27/Dec/2014:17:00:05 -0500] "GET /videos/galeria-fotografica/js/jquery-flickr-gallery/jquery-flickr.css HTTP/1.1" 200 711
66.249.73.155 - - [27/Dec/2014:17:00:05 -0500] "GET /videos/galeria-fotografica/js/jquery-flickr-gallery/jquery-flickr-gallery.js HTTP/1.1" 200 9050
74.86.158.107 - - [27/Dec/2014:17:00:34 -0500] "HEAD / HTTP/1.1" 302 -
66.249.65.188 - - [27/Dec/2014:17:00:51 -0500] "GET /POT-2013/Cartografia/Anexo01_Sistema_Hidrico.pdf HTTP/1.1" 304 -
186.30.66.14 - - [27/Dec/2014:17:01:04 -0500] "POST /forms/lservlet;jsessionid=ac16012b30d53ea9f84bca5f42a9821692df51710c28.e3iSbxaKaheRe34Sa3yKbhiTahb0n6jAmljGr5XDqQLvpAe HTTP/1.1" 200 2
180.76.5.149 - - [27/Dec/2014:17:01:10 -0500] "GET /BLA/boletinlegal;jsessionid=757F4063A6B408942A49F2CA684831F7?/? HTTP/1.1" 404 1018
186.84.40.34 - - [27/Dec/2014:17:01:17 -0500] "POST /forms/lservlet;jsessionid=ac16012b30d5f45d3a432e774dcea183dfd7e0dcc671.e3iSbxaKaheRe34Sa3yKbhiTahb0n6jAmljGr5XDqQLvpAe HTTP/1.1" 200 12
186.154.84.82 - - [27/Dec/2014:17:01:17 -0500] "GET /forest/session.jsp?a=0.20705634728074074 HTTP/1.1" 200 4
186.84.40.34 - - [27/Dec/2014:17:01:19 -0500] "POST /forms/lservlet;jsessionid=ac16012b30d5f45d3a432e774dcea183dfd7e0dcc671.e3iSbxaKaheRe34Sa3yKbhiTahb0n6jAmljGr5XDqQLvpAe HTTP/1.1" 200 449
186.84.40.34 - - [27/Dec/2014:17:01:19 -0500] "POST /forms/lservlet;jsessionid=ac16012b30d5f45d3a432e774dcea183dfd7e0dcc671.e3iSbxaKaheRe34Sa3yKbhiTahb0n6jAmljGr5XDqQLvpAe HTTP/1.1" 200 7
186.84.40.34 - - [27/Dec/2014:17:01:20 -0500] "POST /forms/lservlet;jsessionid=ac16012b30d5f45d3a432e774dcea183dfd7e0dcc671.e3iSbxaKaheRe34Sa3yKbhiTahb0n6jAmljGr5XDqQLvpAe HTTP/1.1" 200 332
186.84.40.34 - - [27/Dec/2014:17:01:20 -0500] "POST /forms/lservlet;jsessionid=ac16012b30d5f45d3a432e774dcea183dfd7e0dcc671.e3iSbxaKaheRe34Sa3yKbhiTahb0n6jAmljGr5XDqQLvpAe HTTP/1.1" 200 330
186.84.40.34 - - [27/Dec/2014:17:01:20 -0500] "POST /forms/lservlet;jsessionid=ac16012b30d5f45d3a432e774dcea183dfd7e0dcc671.e3iSbxaKaheRe34Sa3yKbhiTahb0n6jAmljGr5XDqQLvpAe HTTP/1.1" 200 330
186.84.40.34 - - [27/Dec/2014:17:01:20 -0500] "POST /forms/lservlet;jsessionid=ac16012b30d5f45d3a432e774dcea183dfd7e0dcc671.e3iSbxaKaheRe34Sa3yKbhiTahb0n6jAmljGr5XDqQLvpAe HTTP/1.1" 200 400
186.84.40.34 - - [27/Dec/2014:17:01:21 -0500] "POST /forms/lservlet;jsessionid=ac16012b30d5f45d3a432e774dcea183dfd7e0dcc671.e3iSbxaKaheRe34Sa3yKbhiTahb0n6jAmljGr5XDqQLvpAe HTTP/1.1" 200 423
186.84.40.34 - - [27/Dec/2014:17:01:21 -0500] "POST /forms/lservlet;jsessionid=ac16012b30d5f45d3a432e774dcea183dfd7e0dcc671.e3iSbxaKaheRe34Sa3yKbhiTahb0n6jAmljGr5XDqQLvpAe HTTP/1.1" 200 403
186.84.40.34 - - [27/Dec/2014:17:01:22 -0500] "POST /forms/lservlet;jsessionid=ac16012b30d5f45d3a432e774dcea183dfd7e0dcc671.e3iSbxaKaheRe34Sa3yKbhiTahb0n6jAmljGr5XDqQLvpAe HTTP/1.1" 200 438
186.84.40.34 - - [27/Dec/2014:17:01:22 -0500] "POST /forms/lservlet;jsessionid=ac16012b30d5f45d3a432e774dcea183dfd7e0dcc671.e3iSbxaKaheRe34Sa3yKbhiTahb0n6jAmljGr5XDqQLvpAe HTTP/1.1" 200 440
186.84.40.34 - - [27/Dec/2014:17:01:23 -0500] "POST /forms/lservlet;jsessionid=ac16012b30d5f45d3a432e774dcea183dfd7e0dcc671.e3iSbxaKaheRe34Sa3yKbhiTahb0n6jAmljGr5XDqQLvpAe HTTP/1.1" 200 2
186.84.40.34 - - [27/Dec/2014:17:01:23 -0500] "POST /forms/lservlet;jsessionid=ac16012b30d5f45d3a432e774dcea183dfd7e0dcc671.e3iSbxaKaheRe34Sa3yKbhiTahb0n6jAmljGr5XDqQLvpAe HTTP/1.1" 200 387
186.84.40.34 - - [27/Dec/2014:17:01:24 -0500] "POST /forms/lservlet;jsessionid=ac16012b30d5f45d3a432e774dcea183dfd7e0dcc671.e3iSbxaKaheRe34Sa3yKbhiTahb0n6jAmljGr5XDqQLvpAe HTTP/1.1" 200 387
186.84.40.34 - - [27/Dec/2014:17:01:24 -0500] "POST /forms/lservlet;jsessionid=ac16012b30d5f45d3a432e774dcea183dfd7e0dcc671.e3iSbxaKaheRe34Sa3yKbhiTahb0n6jAmljGr5XDqQLvpAe HTTP/1.1" 200 425
201.245.192.253 - - [27/Dec/2014:17:01:25 -0500] "GET /BLA/resoluciones/ HTTP/1.1" 200 6952
201.245.192.253 - - [27/Dec/2014:17:01:28 -0500] "GET /BLA/resoluciones/index.php?dir=AUTOS+2014%2F HTTP/1.1" 200 76052
186.84.40.34 - - [27/Dec/2014:17:01:29 -0500] "POST /forms/lservlet;jsessionid=ac16012b30d5f45d3a432e774dcea183dfd7e0dcc671.e3iSbxaKaheRe34Sa3yKbhiTahb0n6jAmljGr5XDqQLvpAe HTTP/1.1" 200 141
186.84.40.34 - - [27/Dec/2014:17:01:29 -0500] "POST /forms/lservlet;jsessionid=ac16012b30d5f45d3a432e774dcea183dfd7e0dcc671.e3iSbxaKaheRe34Sa3yKbhiTahb0n6jAmljGr5XDqQLvpAe HTTP/1.1" 200 7
66.249.65.196 - - [27/Dec/2014:17:01:49 -0500] "GET /formularios/ HTTP/1.1" 200 965
186.80.6.41 - - [27/Dec/2014:17:01:52 -0500] "GET /BLA/boletinlegal/js/jquery.scrollTo-min.js HTTP/1.1" 200 1150
186.80.6.41 - - [27/Dec/2014:17:01:52 -0500] "GET /BLA/boletinlegal/js/jquery.js HTTP/1.1" 200 57254
186.80.6.41 - - [27/Dec/2014:17:01:52 -0500] "GET /BLA/boletinlegal/js/jquery.scrollShow.js HTTP/1.1" 200 4586
67.161.208.183 - - [27/Dec/2014:17:02:29 -0500] "GET /videos/Spot_CambioClimatico.flv HTTP/1.1" 206 636054
66.249.65.196 - - [27/Dec/2014:17:02:48 -0500] "GET /Autoliquidacion/index.php?dir=Solicitudes+relacionadas+con+calidad+del+aire+auditiva+y+visual%2FRegistro+de+Elementos+de+publicidad+Exterior+Visual%2F HTTP/1.1" 200 4037
186.30.66.14 - - [27/Dec/2014:17:03:04 -0500] "POST /forms/lservlet;jsessionid=ac16012b30d53ea9f84bca5f42a9821692df51710c28.e3iSbxaKaheRe34Sa3yKbhiTahb0n6jAmljGr5XDqQLvpAe HTTP/1.1" 200 2
186.84.40.34 - - [27/Dec/2014:17:03:24 -0500] "POST /forms/lservlet;jsessionid=ac16012b30d5f45d3a432e774dcea183dfd7e0dcc671.e3iSbxaKaheRe34Sa3yKbhiTahb0n6jAmljGr5XDqQLvpAe HTTP/1.1" 200 2
180.76.6.37 - - [27/Dec/2014:17:03:25 -0500] "GET /BLA/resoluciones/RESOLUCIONES%202012/1799.pdf HTTP/1.1" 200 890178
190.27.100.130 - - [27/Dec/2014:17:03:45 -0500] "GET /BLA/boletinlegal/js/jquery.js HTTP/1.1" 200 57254
190.27.100.130 - - [27/Dec/2014:17:03:45 -0500] "GET /BLA/boletinlegal/js/jquery.scrollTo-min.js HTTP/1.1" 200 1150
190.27.100.130 - - [27/Dec/2014:17:03:45 -0500] "GET /BLA/boletinlegal/js/jquery.scrollShow.js HTTP/1.1" 200 4586
66.249.65.192 - - [27/Dec/2014:17:03:47 -0500] "GET /Anexos%20estudio%20Organizacional%20SDA/ANEXO%20No.%203-%20CONTRATACI%C3%93N%20%20OPS%C2%B4s%202008-2012/CONTRATOS%20SDA%202009%20POR%20DEPENDENCIA%20(1).xls HTTP/1.1" 304 -
190.84.103.114 - - [27/Dec/2014:17:03:52 -0500] "GET /galeria/carrusel/Carrusel/jquery.thumbnailScroller.css HTTP/1.1" 200 2066
190.84.103.114 - - [27/Dec/2014:17:03:52 -0500] "GET /galeria/carrusel/Carrusel/jquery-ui-1.8.13.custom.min.js HTTP/1.1" 200 10800
190.84.103.114 - - [27/Dec/2014:17:03:52 -0500] "GET /galeria/carrusel/Carrusel/jquery.thumbnailScroller.js HTTP/1.1" 200 8157
190.84.103.114 - - [27/Dec/2014:17:03:52 -0500] "GET /galeria/nivo-slider/demo/demo.html HTTP/1.1" 200 3237
190.84.103.114 - - [27/Dec/2014:17:03:53 -0500] "GET /galeria/nivo-slider/themes/default/default.css HTTP/1.1" 200 1569
190.84.103.114 - - [27/Dec/2014:17:03:53 -0500] "GET /galeria/nivo-slider/themes/pascal/pascal.css HTTP/1.1" 200 2258
190.84.103.114 - - [27/Dec/2014:17:03:53 -0500] "GET /galeria/nivo-slider/themes/orman/orman.css HTTP/1.1" 200 2152
190.84.103.114 - - [27/Dec/2014:17:03:53 -0500] "GET /galeria/nivo-slider/nivo-slider.css HTTP/1.1" 200 1507
190.84.103.114 - - [27/Dec/2014:17:03:53 -0500] "GET /galeria/nivo-slider/demo/style.css HTTP/1.1" 200 2222
190.84.103.114 - - [27/Dec/2014:17:03:53 -0500] "GET /galeria/nivo-slider/demo/scripts/jquery-1.7.1.min.js HTTP/1.1" 200 93868
190.84.103.114 - - [27/Dec/2014:17:03:53 -0500] "GET /galeria/nivo-slider/jquery.nivo.slider.pack.js HTTP/1.1" 200 11561
190.84.103.114 - - [27/Dec/2014:17:03:53 -0500] "GET /galeria/nivo-slider/demo/images/bolsas-08.jpg HTTP/1.1" 200 85589
190.84.103.114 - - [27/Dec/2014:17:03:53 -0500] "GET /galeria/nivo-slider/demo/images/bolsas-06.jpg HTTP/1.1" 200 90982
190.84.103.114 - - [27/Dec/2014:17:03:53 -0500] "GET /galeria/nivo-slider/demo/images/Ruta-vertimientos-01.jpg HTTP/1.1" 200 130151
190.84.103.114 - - [27/Dec/2014:17:03:53 -0500] "GET /galeria/nivo-slider/demo/images/ecolecta-Dic2014.png HTTP/1.1" 200 288593
190.84.103.114 - - [27/Dec/2014:17:03:54 -0500] "GET /galeria/nivo-slider/demo/images/4Simple_Slider.png HTTP/1.1" 200 11722
190.84.103.114 - - [27/Dec/2014:17:03:54 -0500] "GET /galeria/nivo-slider/themes/default/loading.gif HTTP/1.1" 200 1737
190.84.103.114 - - [27/Dec/2014:17:03:54 -0500] "GET /galeria/nivo-slider/demo/images/Banner-GAE3.jpg HTTP/1.1" 200 146354
190.84.103.114 - - [27/Dec/2014:17:03:54 -0500] "GET /galeria/nivo-slider/demo/images/porloshumedales.jpg HTTP/1.1" 200 351238
190.84.103.114 - - [27/Dec/2014:17:03:55 -0500] "GET /galeria/nivo-slider/demo/images/Tingua-azul.jpg HTTP/1.1" 200 307638
190.84.103.114 - - [27/Dec/2014:17:03:55 -0500] "GET /galeria/nivo-slider/demo/images/Banner-Caracol-Africano.jpg HTTP/1.1" 200 331986
190.84.103.114 - - [27/Dec/2014:17:03:56 -0500] "GET /galeria/nivo-slider/demo/images/banner-redes.jpg HTTP/1.1" 200 62209
190.84.103.114 - - [27/Dec/2014:17:03:56 -0500] "GET /galeria/nivo-slider/demo/images/9Signos.jpg HTTP/1.1" 200 93040
190.84.103.114 - - [27/Dec/2014:17:03:56 -0500] "GET /galeria/nivo-slider/demo/images/banner-llantas2.jpg HTTP/1.1" 200 73153
190.84.103.114 - - [27/Dec/2014:17:03:57 -0500] "GET /galeria/nivo-slider/demo/images/banner-caballos.png HTTP/1.1" 200 389106
190.84.103.114 - - [27/Dec/2014:17:03:57 -0500] "GET /galeria/nivo-slider/themes/default/arrows.png HTTP/1.1" 200 824
190.84.103.114 - - [27/Dec/2014:17:03:57 -0500] "GET /galeria/nivo-slider/themes/default/bullets.png HTTP/1.1" 200 1281
190.84.103.114 - - [27/Dec/2014:17:03:58 -0500] "GET /videos/Spot_CambioClimatico.flv HTTP/1.1" 200 4371917
190.84.103.114 - - [27/Dec/2014:17:04:08 -0500] "GET /videos/ArchivoSDA.flv HTTP/1.1" 200 31205279
180.76.5.150 - - [27/Dec/2014:17:04:51 -0500] "GET /BLA/boletinlegal;jsessionid=FBBE01D8C4BF8671507696627A6E64E8?/? HTTP/1.1" 404 1018
186.30.66.14 - - [27/Dec/2014:17:05:04 -0500] "POST /forms/lservlet;jsessionid=ac16012b30d53ea9f84bca5f42a9821692df51710c28.e3iSbxaKaheRe34Sa3yKbhiTahb0n6jAmljGr5XDqQLvpAe HTTP/1.1" 200 2
186.84.40.34 - - [27/Dec/2014:17:05:24 -0500] "POST /forms/lservlet;jsessionid=ac16012b30d5f45d3a432e774dcea183dfd7e0dcc671.e3iSbxaKaheRe34Sa3yKbhiTahb0n6jAmljGr5XDqQLvpAe HTTP/1.1" 200 2
74.86.158.107 - - [27/Dec/2014:17:05:34 -0500] "HEAD / HTTP/1.1" 302 -
186.154.84.82 - - [27/Dec/2014:17:06:17 -0500] "GET /forest/session.jsp?a=0.4186388801317662 HTTP/1.1" 200 4
186.30.66.14 - - [27/Dec/2014:17:07:04 -0500] "POST /forms/lservlet;jsessionid=ac16012b30d53ea9f84bca5f42a9821692df51710c28.e3iSbxaKaheRe34Sa3yKbhiTahb0n6jAmljGr5XDqQLvpAe HTTP/1.1" 200 2
186.84.40.34 - - [27/Dec/2014:17:07:25 -0500] "POST /forms/lservlet;jsessionid=ac16012b30d5f45d3a432e774dcea183dfd7e0dcc671.e3iSbxaKaheRe34Sa3yKbhiTahb0n6jAmljGr5XDqQLvpAe HTTP/1.1" 200 2
190.157.158.20 - - [27/Dec/2014:17:07:52 -0500] "GET /BLA/boletinlegal/js/jquery.scrollShow.js HTTP/1.1" 200 4586
190.157.158.20 - - [27/Dec/2014:17:07:52 -0500] "GET /BLA/boletinlegal/js/jquery.js HTTP/1.1" 200 57254
190.157.158.20 - - [27/Dec/2014:17:07:52 -0500] "GET /BLA/boletinlegal/js/jquery.scrollTo-min.js HTTP/1.1" 200 1150
186.30.66.14 - - [27/Dec/2014:17:09:04 -0500] "POST /forms/lservlet;jsessionid=ac16012b30d53ea9f84bca5f42a9821692df51710c28.e3iSbxaKaheRe34Sa3yKbhiTahb0n6jAmljGr5XDqQLvpAe HTTP/1.1" 200 2
180.76.6.143 - - [27/Dec/2014:17:09:10 -0500] "GET /BLA/resoluciones/RESOLUCIONES%202011/2397.pdf HTTP/1.1" 200 615784
66.249.73.163 - - [27/Dec/2014:17:09:19 -0500] "GET /BLA/resoluciones/RESOLUCIONES%202004/RES%202004%201801-1850/00001811.tif HTTP/1.1" 200 54320
186.84.40.34 - - [27/Dec/2014:17:09:25 -0500] "POST /forms/lservlet;jsessionid=ac16012b30d5f45d3a432e774dcea183dfd7e0dcc671.e3iSbxaKaheRe34Sa3yKbhiTahb0n6jAmljGr5XDqQLvpAe HTTP/1.1" 200 2
66.249.73.171 - - [27/Dec/2014:17:09:30 -0500] "GET /BLA/resoluciones/RESOLUCIONES%202007/RES%202007%203901%20AL%204000/RESOLUCION%203944%20DE%202007.pdf HTTP/1.1" 200 368132
180.76.5.80 - - [27/Dec/2014:17:09:36 -0500] "GET /videos/VideoBonn.flv HTTP/1.1" 200 5057419
157.55.39.67 - - [27/Dec/2014:17:10:05 -0500] "GET /robots.txt HTTP/1.1" 404 1019
157.55.39.67 - - [27/Dec/2014:17:10:14 -0500] "GET /dama/libreria/php/decide.php?patron=03.1402&inicio_1=8 HTTP/1.1" 404 1019
74.86.158.107 - - [27/Dec/2014:17:10:34 -0500] "HEAD / HTTP/1.1" 302 -
186.30.66.14 - - [27/Dec/2014:17:11:04 -0500] "POST /forms/lservlet;jsessionid=ac16012b30d53ea9f84bca5f42a9821692df51710c28.e3iSbxaKaheRe34Sa3yKbhiTahb0n6jAmljGr5XDqQLvpAe HTTP/1.1" 200 2
186.154.84.82 - - [27/Dec/2014:17:11:17 -0500] "GET /forest/session.jsp?a=0.5901322064455599 HTTP/1.1" 200 4
186.84.40.34 - - [27/Dec/2014:17:11:25 -0500] "POST /forms/lservlet;jsessionid=ac16012b30d5f45d3a432e774dcea183dfd7e0dcc671.e3iSbxaKaheRe34Sa3yKbhiTahb0n6jAmljGr5XDqQLvpAe HTTP/1.1" 200 2
186.84.40.34 - - [27/Dec/2014:17:11:50 -0500] "POST /forms/lservlet;jsessionid=ac16012b30d5f45d3a432e774dcea183dfd7e0dcc671.e3iSbxaKaheRe34Sa3yKbhiTahb0n6jAmljGr5XDqQLvpAe HTTP/1.1" 200 111
186.84.40.34 - - [27/Dec/2014:17:11:52 -0500] "POST /forms/lservlet;jsessionid=ac16012b30d5f45d3a432e774dcea183dfd7e0dcc671.e3iSbxaKaheRe34Sa3yKbhiTahb0n6jAmljGr5XDqQLvpAe HTTP/1.1" 200 2429
186.84.40.34 - - [27/Dec/2014:17:11:59 -0500] "POST /forms/lservlet;jsessionid=ac16012b30d5f45d3a432e774dcea183dfd7e0dcc671.e3iSbxaKaheRe34Sa3yKbhiTahb0n6jAmljGr5XDqQLvpAe HTTP/1.1" 200 22
186.84.40.34 - - [27/Dec/2014:17:11:59 -0500] "POST /forms/lservlet;jsessionid=ac16012b30d5f45d3a432e774dcea183dfd7e0dcc671.e3iSbxaKaheRe34Sa3yKbhiTahb0n6jAmljGr5XDqQLvpAe HTTP/1.1" 200 4479
186.84.40.34 - - [27/Dec/2014:17:12:00 -0500] "POST /forms/lservlet;jsessionid=ac16012b30d5f45d3a432e774dcea183dfd7e0dcc671.e3iSbxaKaheRe34Sa3yKbhiTahb0n6jAmljGr5XDqQLvpAe HTTP/1.1" 200 2
186.84.40.34 - - [27/Dec/2014:17:12:01 -0500] "POST /forms/lservlet;jsessionid=ac16012b30d5f45d3a432e774dcea183dfd7e0dcc671.e3iSbxaKaheRe34Sa3yKbhiTahb0n6jAmljGr5XDqQLvpAe HTTP/1.1" 200 141
190.84.185.167 - - [27/Dec/2014:17:12:06 -0500] "GET /forest/session.jsp?a=0.6005359371192753 HTTP/1.1" 200 4
186.84.40.34 - - [27/Dec/2014:17:12:09 -0500] "POST /forms/lservlet;jsessionid=ac16012b30d5f45d3a432e774dcea183dfd7e0dcc671.e3iSbxaKaheRe34Sa3yKbhiTahb0n6jAmljGr5XDqQLvpAe HTTP/1.1" 200 2
190.84.185.167 - - [27/Dec/2014:17:12:09 -0500] "GET /forest/skins/gdocs-jar/popup/popup.jsp?width=1100&height=500&title=Buscar%20procesos&uri=/forest/buscar.do%3Ftype%3Dprocesos&name=undefined&_a=0.4683898931834847&a=0.9444194734096527 HTTP/1.1" 200 1296
190.84.185.167 - - [27/Dec/2014:17:12:09 -0500] "GET /forest/buscar.do?type=procesos HTTP/1.1" 200 18159
190.84.185.167 - - [27/Dec/2014:17:12:09 -0500] "GET /forest/buscar.do?type=procesos HTTP/1.1" 200 84804
190.84.185.167 - - [27/Dec/2014:17:12:10 -0500] "GET /forest/json.do?query=usersByDep&coddep=2013 HTTP/1.1" 200 6512
190.84.185.167 - - [27/Dec/2014:17:12:10 -0500] "GET /forest/json.do?query=versionListadas HTTP/1.1" 200 15
190.84.185.167 - - [27/Dec/2014:17:12:10 -0500] "GET /forest/json.do?query=usersByDep&coddep=2013 HTTP/1.1" 200 6512
186.84.40.34 - - [27/Dec/2014:17:12:09 -0500] "POST /forms/lservlet;jsessionid=ac16012b30d5f45d3a432e774dcea183dfd7e0dcc671.e3iSbxaKaheRe34Sa3yKbhiTahb0n6jAmljGr5XDqQLvpAe HTTP/1.1" 200 14
190.84.185.167 - - [27/Dec/2014:17:12:10 -0500] "GET /forest/json.do?query=procesIniciales HTTP/1.1" 200 10001
186.84.40.34 - - [27/Dec/2014:17:12:10 -0500] "POST /forms/lservlet;jsessionid=ac16012b30d5f45d3a432e774dcea183dfd7e0dcc671.e3iSbxaKaheRe34Sa3yKbhiTahb0n6jAmljGr5XDqQLvpAe HTTP/1.1" 200 14
186.84.40.34 - - [27/Dec/2014:17:12:11 -0500] "POST /forms/lservlet;jsessionid=ac16012b30d5f45d3a432e774dcea183dfd7e0dcc671.e3iSbxaKaheRe34Sa3yKbhiTahb0n6jAmljGr5XDqQLvpAe HTTP/1.1" 200 14
186.84.40.34 - - [27/Dec/2014:17:12:13 -0500] "POST /forms/lservlet;jsessionid=ac16012b30d5f45d3a432e774dcea183dfd7e0dcc671.e3iSbxaKaheRe34Sa3yKbhiTahb0n6jAmljGr5XDqQLvpAe HTTP/1.1" 200 133
186.84.40.34 - - [27/Dec/2014:17:12:14 -0500] "POST /forms/lservlet;jsessionid=ac16012b30d5f45d3a432e774dcea183dfd7e0dcc671.e3iSbxaKaheRe34Sa3yKbhiTahb0n6jAmljGr5XDqQLvpAe HTTP/1.1" 200 11
186.84.40.34 - - [27/Dec/2014:17:12:15 -0500] "GET /reports/rwservlet/getjobid338259?server=rep_srvapsda HTTP/1.1" 200 48016
190.84.185.167 - - [27/Dec/2014:17:12:32 -0500] "POST /forest/buscar.do? HTTP/1.1" 200 5359
190.84.185.167 - - [27/Dec/2014:17:12:34 -0500] "GET /forest/skins/gdocs-jar/popup/popup.jsp?width=900&height=600&title=Informaci%F3n%20de%20proceso&uri=/forest/system/process.jsp%3FnumPro%3D2954774&name=undefined&_a=0.37529082712717354&a=0.9359793567564338 HTTP/1.1" 200 1312
190.84.185.167 - - [27/Dec/2014:17:12:34 -0500] "GET /forest/system/process.jsp?numPro=2954774 HTTP/1.1" 200 19642
190.84.185.167 - - [27/Dec/2014:17:12:34 -0500] "GET /forest/system/process.jsp?numPro=2954774 HTTP/1.1" 200 40731
190.84.185.167 - - [27/Dec/2014:17:12:36 -0500] "GET /forest/usutareas.do?codTraEsc=17193362&_a=0.6029066194868746 HTTP/1.1" 200 256238
190.84.185.167 - - [27/Dec/2014:17:12:38 -0500] "GET /forest/session.jsp?a=0.9490147363394499 HTTP/1.1" 200 4
190.84.185.167 - - [27/Dec/2014:17:12:38 -0500] "GET /forest/actions/forms.getList?codForm=Anexo4&id=p300 HTTP/1.1" 200 136
190.84.185.167 - - [27/Dec/2014:17:12:38 -0500] "GET /forest/actions/forms.getList?codForm=Anexo4&id=p312 HTTP/1.1" 200 88
190.84.185.167 - - [27/Dec/2014:17:12:38 -0500] "GET /forest/actions/forms.getList?codForm=Anexo4&id=p368 HTTP/1.1" 200 209
66.249.73.155 - - [27/Dec/2014:17:12:41 -0500] "GET /BLA/resoluciones/RESOLUCIONES%202006/RES%202006%202751-2800/00002779.tif HTTP/1.1" 200 70674
190.84.185.167 - - [27/Dec/2014:17:13:01 -0500] "POST /forest/actions/forms.sendFile HTTP/1.1" 200 115
186.30.66.14 - - [27/Dec/2014:17:13:05 -0500] "POST /forms/lservlet;jsessionid=ac16012b30d53ea9f84bca5f42a9821692df51710c28.e3iSbxaKaheRe34Sa3yKbhiTahb0n6jAmljGr5XDqQLvpAe HTTP/1.1" 200 2
190.84.185.167 - - [27/Dec/2014:17:13:24 -0500] "POST /forest/usutareas.do? HTTP/1.1" 200 76
180.76.5.61 - - [27/Dec/2014:17:13:25 -0500] "GET /BLA/resoluciones/index.php?dir=RESOLUCIONES%202002/RES%202002%20851-900/&sort=name&order=desc HTTP/1.1" 200 12221
186.84.40.34 - - [27/Dec/2014:17:13:26 -0500] "POST /forms/lservlet;jsessionid=ac16012b30d5f45d3a432e774dcea183dfd7e0dcc671.e3iSbxaKaheRe34Sa3yKbhiTahb0n6jAmljGr5XDqQLvpAe HTTP/1.1" 200 2
190.84.185.167 - - [27/Dec/2014:17:13:27 -0500] "GET /forest/usutareas.do?group_system_actual=3&a=0.3043952586594969 HTTP/1.1" 200 149671
190.84.185.167 - - [27/Dec/2014:17:13:28 -0500] "GET /forest/session.jsp?a=0.6860414850525558 HTTP/1.1" 200 4
190.84.185.167 - - [27/Dec/2014:17:13:28 -0500] "GET /forest/actions/forms.getMappedValues?id=NUMTER45&value=51629155&codForm=contec&a=0.05082538933493197 HTTP/1.1" 200 90
190.84.185.167 - - [27/Dec/2014:17:13:40 -0500] "GET /forest/actions/forms.getMappedValues?id=localidadvisita402&value=9&codForm=contec&a=0.6747136167250574 HTTP/1.1" 200 23
190.84.185.167 - - [27/Dec/2014:17:13:57 -0500] "GET /forest/actions/forms.getMappedValues?id=localidadvisita402&value=9&codForm=contec&a=0.047274705255404115 HTTP/1.1" 200 23
190.84.185.167 - - [27/Dec/2014:17:13:59 -0500] "GET /forest/skins/gdocs-jar/popup/showReport.jsp?idr=524&proceso=2954774&__format=pdf&contec=1419718108001&_a=0.9844217544887215 HTTP/1.1" 200 210111
190.84.185.167 - - [27/Dec/2014:17:14:39 -0500] "GET /forest/actions/forms.getList?codForm=contec&id=funcionariodest228&text=Johanna%20Gonzalez%20Rodriguez HTTP/1.1" 200 66
190.84.185.167 - - [27/Dec/2014:17:14:40 -0500] "GET /forest/actions/forms.getList?codForm=contec&id=funcionariodest228&text=j HTTP/1.1" 200 1171
190.84.185.167 - - [27/Dec/2014:17:14:40 -0500] "GET /forest/actions/forms.getList?codForm=contec&id=funcionariodest228&text=jo HTTP/1.1" 200 1121
190.84.185.167 - - [27/Dec/2014:17:14:40 -0500] "GET /forest/actions/forms.getList?codForm=contec&id=funcionariodest228&text=jos HTTP/1.1" 200 1154
190.84.185.167 - - [27/Dec/2014:17:14:40 -0500] "GET /forest/actions/forms.getList?codForm=contec&id=funcionariodest228&text=jose HTTP/1.1" 200 1141
190.84.185.167 - - [27/Dec/2014:17:14:41 -0500] "GET /forest/actions/forms.getList?codForm=contec&id=funcionariodest228&text=jose%20 HTTP/1.1" 200 1154
190.84.185.167 - - [27/Dec/2014:17:14:41 -0500] "GET /forest/actions/forms.getList?codForm=contec&id=funcionariodest228&text=jose%20h HTTP/1.1" 200 806
190.84.185.167 - - [27/Dec/2014:17:14:41 -0500] "GET /forest/actions/forms.getList?codForm=contec&id=funcionariodest228&text=jose%20hu HTTP/1.1" 200 215
190.84.185.167 - - [27/Dec/2014:17:14:42 -0500] "GET /forest/actions/forms.getList?codForm=contec&id=funcionariodest228&text=jose%20hum HTTP/1.1" 200 170
190.84.185.167 - - [27/Dec/2014:17:14:42 -0500] "GET /forest/actions/forms.getList?codForm=contec&id=funcionariodest228&text=jose%20humb HTTP/1.1" 200 170
190.84.185.167 - - [27/Dec/2014:17:14:42 -0500] "GET /forest/actions/forms.getList?codForm=contec&id=funcionariodest228&text=jose%20humbe HTTP/1.1" 200 170
190.84.185.167 - - [27/Dec/2014:17:14:42 -0500] "GET /forest/actions/forms.getList?codForm=contec&id=funcionariodest228&text=jose%20humber HTTP/1.1" 200 170
190.84.185.167 - - [27/Dec/2014:17:14:43 -0500] "GET /forest/actions/forms.getList?codForm=contec&id=funcionariodest228&text=jose%20humbert HTTP/1.1" 200 170
190.84.185.167 - - [27/Dec/2014:17:14:43 -0500] "GET /forest/actions/forms.getList?codForm=contec&id=funcionariodest228&text=jose%20humberto HTTP/1.1" 200 170
179.32.226.102 - - [27/Dec/2014:17:14:49 -0500] "GET /galeria/carrusel/Carrusel/jquery.thumbnailScroller.css HTTP/1.1" 200 2066
179.32.226.102 - - [27/Dec/2014:17:14:49 -0500] "GET /galeria/carrusel/Carrusel/jquery-ui-1.8.13.custom.min.js HTTP/1.1" 200 10800
179.32.226.102 - - [27/Dec/2014:17:14:49 -0500] "GET /galeria/carrusel/Carrusel/jquery.thumbnailScroller.js HTTP/1.1" 200 8157
179.32.226.102 - - [27/Dec/2014:17:14:49 -0500] "GET /BLA/boletinlegal/js/jquery.js HTTP/1.1" 200 57254
179.32.226.102 - - [27/Dec/2014:17:14:49 -0500] "GET /BLA/boletinlegal/js/jquery.scrollTo-min.js HTTP/1.1" 200 1150
179.32.226.102 - - [27/Dec/2014:17:14:49 -0500] "GET /BLA/boletinlegal/js/jquery.scrollShow.js HTTP/1.1" 200 4586
186.30.66.14 - - [27/Dec/2014:17:15:05 -0500] "POST /forms/lservlet;jsessionid=ac16012b30d53ea9f84bca5f42a9821692df51710c28.e3iSbxaKaheRe34Sa3yKbhiTahb0n6jAmljGr5XDqQLvpAe HTTP/1.1" 200 2
186.84.40.34 - - [27/Dec/2014:17:15:26 -0500] "POST /forms/lservlet;jsessionid=ac16012b30d5f45d3a432e774dcea183dfd7e0dcc671.e3iSbxaKaheRe34Sa3yKbhiTahb0n6jAmljGr5XDqQLvpAe HTTP/1.1" 200 2
74.86.158.107 - - [27/Dec/2014:17:15:34 -0500] "HEAD / HTTP/1.1" 302 -
190.84.185.167 - - [27/Dec/2014:17:15:32 -0500] "POST /forest/usutareas.do? HTTP/1.1" 200 76
186.84.40.34 - - [27/Dec/2014:17:15:52 -0500] "POST /forms/lservlet;jsessionid=ac16012b30d5f45d3a432e774dcea183dfd7e0dcc671.e3iSbxaKaheRe34Sa3yKbhiTahb0n6jAmljGr5XDqQLvpAe HTTP/1.1" 200 2
186.84.40.34 - - [27/Dec/2014:17:15:52 -0500] "POST /forms/lservlet;jsessionid=ac16012b30d5f45d3a432e774dcea183dfd7e0dcc671.e3iSbxaKaheRe34Sa3yKbhiTahb0n6jAmljGr5XDqQLvpAe HTTP/1.1" 200 14
186.84.40.34 - - [27/Dec/2014:17:15:53 -0500] "POST /forms/lservlet;jsessionid=ac16012b30d5f45d3a432e774dcea183dfd7e0dcc671.e3iSbxaKaheRe34Sa3yKbhiTahb0n6jAmljGr5XDqQLvpAe HTTP/1.1" 200 14
186.84.40.34 - - [27/Dec/2014:17:15:54 -0500] "POST /forms/lservlet;jsessionid=ac16012b30d5f45d3a432e774dcea183dfd7e0dcc671.e3iSbxaKaheRe34Sa3yKbhiTahb0n6jAmljGr5XDqQLvpAe HTTP/1.1" 200 115
186.84.40.34 - - [27/Dec/2014:17:15:55 -0500] "POST /forms/lservlet;jsessionid=ac16012b30d5f45d3a432e774dcea183dfd7e0dcc671.e3iSbxaKaheRe34Sa3yKbhiTahb0n6jAmljGr5XDqQLvpAe HTTP/1.1" 200 7
186.84.40.34 - - [27/Dec/2014:17:15:56 -0500] "GET /reports/rwservlet/getjobid338260?server=rep_srvapsda HTTP/1.1" 200 1648535
190.84.185.167 - - [27/Dec/2014:17:16:06 -0500] "GET /forest/usutareas.do?group_system_actual=3&a=0.3340286754537374 HTTP/1.1" 200 19541
190.84.185.167 - - [27/Dec/2014:17:16:06 -0500] "GET /forest/session.jsp?a=0.9349795570597053 HTTP/1.1" 200 4
190.84.185.167 - - [27/Dec/2014:17:16:09 -0500] "GET /forest/index2.jsp?_a=0.9021594389341772 HTTP/1.1" 200 143562
190.84.185.167 - - [27/Dec/2014:17:16:09 -0500] "GET /forest/session.jsp?a=0.5583205337170511 HTTP/1.1" 200 4
186.154.84.82 - - [27/Dec/2014:17:16:17 -0500] "GET /forest/session.jsp?a=0.3504013780038804 HTTP/1.1" 200 4
186.30.66.14 - - [27/Dec/2014:17:17:05 -0500] "POST /forms/lservlet;jsessionid=ac16012b30d53ea9f84bca5f42a9821692df51710c28.e3iSbxaKaheRe34Sa3yKbhiTahb0n6jAmljGr5XDqQLvpAe HTTP/1.1" 200 2
220.160.66.133 - - [27/Dec/2014:17:16:52 -0500] "GET /bla/boletinlegal/index.php? HTTP/1.1" 200 28058
186.84.40.34 - - [27/Dec/2014:17:17:26 -0500] "POST /forms/lservlet;jsessionid=ac16012b30d5f45d3a432e774dcea183dfd7e0dcc671.e3iSbxaKaheRe34Sa3yKbhiTahb0n6jAmljGr5XDqQLvpAe HTTP/1.1" 200 2
186.31.25.165 - - [27/Dec/2014:17:17:49 -0500] "GET /BLA/boletinlegal/js/jquery.js HTTP/1.1" 200 57254
186.31.25.165 - - [27/Dec/2014:17:17:49 -0500] "GET /BLA/boletinlegal/js/jquery.scrollTo-min.js HTTP/1.1" 200 1150
186.31.25.165 - - [27/Dec/2014:17:17:49 -0500] "GET /BLA/boletinlegal/js/jquery.scrollShow.js HTTP/1.1" 200 4586
180.76.5.172 - - [27/Dec/2014:17:18:31 -0500] "GET /BLA/resoluciones/RESOLUCIONES%202007/RES%202007%20201%20AL%20300/RESOLUCION%200260%20DE%202007.pdf HTTP/1.1" 200 427009
190.84.185.167 - - [27/Dec/2014:17:12:38 -0500] "GET /ForestMSG_SDA/channelAsync/template_word_17193362?X-Atmosphere-tracking-id=42c90e4a-02a9-e505-2aa2-553d43007ac4&X-Atmosphere-Framework=1.0.5&X-Atmosphere-Transport=long-polling&tabid=0.015836297068744898&X-Cache-Date=0&Content-Type=application/xml&_=1419718425456 HTTP/1.1" 200 8193
186.155.130.0 - - [27/Dec/2014:17:18:55 -0500] "GET /BLA/boletinlegal/js/jquery.js HTTP/1.1" 200 57254
186.155.130.0 - - [27/Dec/2014:17:18:55 -0500] "GET /BLA/boletinlegal/js/jquery.scrollTo-min.js HTTP/1.1" 200 1150
186.155.130.0 - - [27/Dec/2014:17:18:55 -0500] "GET /BLA/boletinlegal/js/jquery.scrollShow.js HTTP/1.1" 200 4586
186.155.130.0 - - [27/Dec/2014:17:18:55 -0500] "GET /galeria/carrusel/Carrusel/jquery.thumbnailScroller.css HTTP/1.1" 200 2066
186.155.130.0 - - [27/Dec/2014:17:18:55 -0500] "GET /galeria/carrusel/Carrusel/jquery-ui-1.8.13.custom.min.js HTTP/1.1" 200 10800
186.155.130.0 - - [27/Dec/2014:17:18:55 -0500] "GET /galeria/carrusel/Carrusel/jquery.thumbnailScroller.js HTTP/1.1" 200 8157
186.155.130.0 - - [27/Dec/2014:17:18:56 -0500] "GET /galeria/nivo-slider/demo/demo.html HTTP/1.1" 200 3237
186.155.130.0 - - [27/Dec/2014:17:18:56 -0500] "GET /galeria/nivo-slider/themes/default/default.css HTTP/1.1" 200 1569
186.155.130.0 - - [27/Dec/2014:17:18:56 -0500] "GET /galeria/nivo-slider/themes/pascal/pascal.css HTTP/1.1" 200 2258
186.155.130.0 - - [27/Dec/2014:17:18:56 -0500] "GET /galeria/nivo-slider/themes/orman/orman.css HTTP/1.1" 200 2152
186.155.130.0 - - [27/Dec/2014:17:18:56 -0500] "GET /galeria/nivo-slider/nivo-slider.css HTTP/1.1" 200 1507
186.155.130.0 - - [27/Dec/2014:17:18:56 -0500] "GET /galeria/nivo-slider/demo/style.css HTTP/1.1" 200 2222
186.155.130.0 - - [27/Dec/2014:17:18:57 -0500] "GET /galeria/nivo-slider/demo/scripts/jquery-1.7.1.min.js HTTP/1.1" 200 93868
186.155.130.0 - - [27/Dec/2014:17:18:57 -0500] "GET /galeria/nivo-slider/jquery.nivo.slider.pack.js HTTP/1.1" 200 11561
186.155.130.0 - - [27/Dec/2014:17:18:57 -0500] "GET /galeria/nivo-slider/demo/images/Ruta-vertimientos-01.jpg HTTP/1.1" 200 130151
186.155.130.0 - - [27/Dec/2014:17:18:57 -0500] "GET /galeria/nivo-slider/demo/images/bolsas-08.jpg HTTP/1.1" 200 85589
186.155.130.0 - - [27/Dec/2014:17:18:57 -0500] "GET /galeria/nivo-slider/demo/images/bolsas-06.jpg HTTP/1.1" 200 90982
186.155.130.0 - - [27/Dec/2014:17:18:57 -0500] "GET /galeria/nivo-slider/demo/images/ecolecta-Dic2014.png HTTP/1.1" 200 288593
186.155.130.0 - - [27/Dec/2014:17:18:57 -0500] "GET /galeria/nivo-slider/demo/images/Banner-GAE3.jpg HTTP/1.1" 200 146354
186.155.130.0 - - [27/Dec/2014:17:18:57 -0500] "GET /galeria/nivo-slider/demo/images/porloshumedales.jpg HTTP/1.1" 200 351238
186.155.130.0 - - [27/Dec/2014:17:18:57 -0500] "GET /galeria/nivo-slider/demo/images/Tingua-azul.jpg HTTP/1.1" 200 307638
186.155.130.0 - - [27/Dec/2014:17:18:57 -0500] "GET /galeria/nivo-slider/demo/images/Banner-Caracol-Africano.jpg HTTP/1.1" 200 331986
186.155.130.0 - - [27/Dec/2014:17:18:57 -0500] "GET /galeria/nivo-slider/demo/images/banner-redes.jpg HTTP/1.1" 200 62209
186.155.130.0 - - [27/Dec/2014:17:18:58 -0500] "GET /galeria/nivo-slider/themes/default/loading.gif HTTP/1.1" 200 1737
186.155.130.0 - - [27/Dec/2014:17:18:57 -0500] "GET /galeria/nivo-slider/demo/images/9Signos.jpg HTTP/1.1" 200 93040
186.155.130.0 - - [27/Dec/2014:17:18:57 -0500] "GET /galeria/nivo-slider/demo/images/banner-llantas2.jpg HTTP/1.1" 200 73153
186.155.130.0 - - [27/Dec/2014:17:18:57 -0500] "GET /galeria/nivo-slider/demo/images/banner-caballos.png HTTP/1.1" 200 389106
186.155.130.0 - - [27/Dec/2014:17:18:57 -0500] "GET /galeria/nivo-slider/demo/images/4Simple_Slider.png HTTP/1.1" 200 11722
186.155.130.0 - - [27/Dec/2014:17:19:04 -0500] "GET /galeria/nivo-slider/themes/default/arrows.png HTTP/1.1" 200 824
186.155.130.0 - - [27/Dec/2014:17:19:04 -0500] "GET /galeria/nivo-slider/themes/default/bullets.png HTTP/1.1" 200 1281
186.30.66.14 - - [27/Dec/2014:17:19:05 -0500] "POST /forms/lservlet;jsessionid=ac16012b30d53ea9f84bca5f42a9821692df51710c28.e3iSbxaKaheRe34Sa3yKbhiTahb0n6jAmljGr5XDqQLvpAe HTTP/1.1" 200 2
180.76.6.16 - - [27/Dec/2014:17:19:09 -0500] "GET /BLA/resoluciones/Autos%202008/2839.pdf HTTP/1.1" 200 68450
222.124.186.237 - - [27/Dec/2014:17:19:24 -0500] "GET /jmx-console/ HTTP/1.0" 404 1013
186.84.40.34 - - [27/Dec/2014:17:19:26 -0500] "POST /forms/lservlet;jsessionid=ac16012b30d5f45d3a432e774dcea183dfd7e0dcc671.e3iSbxaKaheRe34Sa3yKbhiTahb0n6jAmljGr5XDqQLvpAe HTTP/1.1" 200 2
92.90.16.66 - - [27/Dec/2014:17:19:33 -0500] "GET / HTTP/1.1" 302 -
180.76.5.27 - - [27/Dec/2014:17:19:46 -0500] "GET /BLA/resoluciones/RESOLUCIONES%202008/1246.pdf HTTP/1.1" 200 997530
74.86.158.107 - - [27/Dec/2014:17:20:34 -0500] "HEAD / HTTP/1.1" 302 -
66.249.73.155 - - [27/Dec/2014:17:20:48 -0500] "GET /BLA/resoluciones/RESOLUCIONES%202013/0883.pdf HTTP/1.1" 304 -
186.30.66.14 - - [27/Dec/2014:17:21:05 -0500] "POST /forms/lservlet;jsessionid=ac16012b30d53ea9f84bca5f42a9821692df51710c28.e3iSbxaKaheRe34Sa3yKbhiTahb0n6jAmljGr5XDqQLvpAe HTTP/1.1" 200 2
190.84.185.167 - - [27/Dec/2014:17:21:09 -0500] "GET /forest/session.jsp?a=0.37566859484650195 HTTP/1.1" 200 4
186.154.84.82 - - [27/Dec/2014:17:21:18 -0500] "GET /forest/session.jsp?a=0.7966719365213066 HTTP/1.1" 200 4
186.84.40.34 - - [27/Dec/2014:17:21:26 -0500] "POST /forms/lservlet;jsessionid=ac16012b30d5f45d3a432e774dcea183dfd7e0dcc671.e3iSbxaKaheRe34Sa3yKbhiTahb0n6jAmljGr5XDqQLvpAe HTTP/1.1" 200 2
186.154.52.178 - - [27/Dec/2014:17:21:57 -0500] "GET /BLA/boletinlegal/js/jquery.js HTTP/1.1" 200 57254
186.154.52.178 - - [27/Dec/2014:17:21:57 -0500] "GET /BLA/boletinlegal/js/jquery.scrollTo-min.js HTTP/1.1" 200 1150
186.154.52.178 - - [27/Dec/2014:17:21:57 -0500] "GET /BLA/boletinlegal/js/jquery.scrollShow.js HTTP/1.1" 200 4586
186.154.52.178 - - [27/Dec/2014:17:21:57 -0500] "GET /galeria/carrusel/Carrusel/jquery.thumbnailScroller.css HTTP/1.1" 200 2066
186.154.52.178 - - [27/Dec/2014:17:21:57 -0500] "GET /galeria/carrusel/Carrusel/jquery-ui-1.8.13.custom.min.js HTTP/1.1" 200 10800
186.154.52.178 - - [27/Dec/2014:17:21:57 -0500] "GET /galeria/carrusel/Carrusel/jquery.thumbnailScroller.js HTTP/1.1" 200 8157
186.154.52.178 - - [27/Dec/2014:17:22:00 -0500] "GET /galeria/nivo-slider/demo/demo.html HTTP/1.1" 200 3237
186.154.52.178 - - [27/Dec/2014:17:22:02 -0500] "GET /galeria/nivo-slider/themes/default/default.css HTTP/1.1" 200 1569
186.154.52.178 - - [27/Dec/2014:17:22:02 -0500] "GET /galeria/nivo-slider/themes/pascal/pascal.css HTTP/1.1" 200 2258
186.154.52.178 - - [27/Dec/2014:17:22:02 -0500] "GET /galeria/nivo-slider/themes/orman/orman.css HTTP/1.1" 200 2152
186.154.52.178 - - [27/Dec/2014:17:22:02 -0500] "GET /galeria/nivo-slider/nivo-slider.css HTTP/1.1" 200 1507
186.154.52.178 - - [27/Dec/2014:17:22:02 -0500] "GET /galeria/nivo-slider/demo/style.css HTTP/1.1" 200 2222
186.154.52.178 - - [27/Dec/2014:17:22:02 -0500] "GET /galeria/nivo-slider/demo/scripts/jquery-1.7.1.min.js HTTP/1.1" 200 93868
186.154.52.178 - - [27/Dec/2014:17:22:02 -0500] "GET /galeria/nivo-slider/demo/images/bolsas-08.jpg HTTP/1.1" 200 85589
186.154.52.178 - - [27/Dec/2014:17:22:02 -0500] "GET /galeria/nivo-slider/demo/images/Ruta-vertimientos-01.jpg HTTP/1.1" 200 130151
186.154.52.178 - - [27/Dec/2014:17:22:02 -0500] "GET /galeria/nivo-slider/demo/images/bolsas-06.jpg HTTP/1.1" 200 90982
186.154.52.178 - - [27/Dec/2014:17:22:02 -0500] "GET /galeria/nivo-slider/demo/images/ecolecta-Dic2014.png HTTP/1.1" 200 288593
186.154.52.178 - - [27/Dec/2014:17:22:02 -0500] "GET /galeria/nivo-slider/demo/images/Banner-GAE3.jpg HTTP/1.1" 200 146354
186.154.52.178 - - [27/Dec/2014:17:22:02 -0500] "GET /galeria/nivo-slider/jquery.nivo.slider.pack.js HTTP/1.1" 200 11561
186.154.52.178 - - [27/Dec/2014:17:22:03 -0500] "GET /galeria/nivo-slider/demo/images/porloshumedales.jpg HTTP/1.1" 200 351238
186.154.52.178 - - [27/Dec/2014:17:22:03 -0500] "GET /galeria/nivo-slider/demo/images/Tingua-azul.jpg HTTP/1.1" 200 307638
186.154.52.178 - - [27/Dec/2014:17:22:03 -0500] "GET /galeria/nivo-slider/demo/images/Banner-Caracol-Africano.jpg HTTP/1.1" 200 331986
186.154.52.178 - - [27/Dec/2014:17:22:04 -0500] "GET /galeria/nivo-slider/demo/images/4Simple_Slider.png HTTP/1.1" 200 11722
186.154.52.178 - - [27/Dec/2014:17:22:05 -0500] "GET /galeria/nivo-slider/themes/default/loading.gif HTTP/1.1" 200 1737
186.154.52.178 - - [27/Dec/2014:17:22:06 -0500] "GET /galeria/nivo-slider/demo/images/banner-redes.jpg HTTP/1.1" 200 62209
186.154.52.178 - - [27/Dec/2014:17:22:06 -0500] "GET /galeria/nivo-slider/demo/images/9Signos.jpg HTTP/1.1" 200 93040
186.154.52.178 - - [27/Dec/2014:17:22:07 -0500] "GET /galeria/nivo-slider/demo/images/banner-llantas2.jpg HTTP/1.1" 200 73153
186.154.52.178 - - [27/Dec/2014:17:22:07 -0500] "GET /galeria/nivo-slider/demo/images/banner-caballos.png HTTP/1.1" 200 389106
186.154.52.178 - - [27/Dec/2014:17:22:10 -0500] "GET /galeria/nivo-slider/themes/default/arrows.png HTTP/1.1" 200 824
186.154.52.178 - - [27/Dec/2014:17:22:10 -0500] "GET /galeria/nivo-slider/themes/default/bullets.png HTTP/1.1" 200 1281
190.84.185.167 - - [27/Dec/2014:17:22:25 -0500] "GET /galeria/carrusel/Carrusel/jquery.thumbnailScroller.css HTTP/1.1" 200 2066
190.84.185.167 - - [27/Dec/2014:17:22:25 -0500] "GET /BLA/boletinlegal/js/jquery.scrollTo-min.js HTTP/1.1" 200 1150
190.84.185.167 - - [27/Dec/2014:17:22:25 -0500] "GET /BLA/boletinlegal/js/jquery.js HTTP/1.1" 200 57254
190.84.185.167 - - [27/Dec/2014:17:22:25 -0500] "GET /BLA/boletinlegal/js/jquery.scrollShow.js HTTP/1.1" 200 4586
190.84.185.167 - - [27/Dec/2014:17:22:25 -0500] "GET /galeria/carrusel/Carrusel/jquery-ui-1.8.13.custom.min.js HTTP/1.1" 200 10800
190.84.185.167 - - [27/Dec/2014:17:22:25 -0500] "GET /galeria/carrusel/Carrusel/jquery.thumbnailScroller.js HTTP/1.1" 200 8157
190.84.185.167 - - [27/Dec/2014:17:22:26 -0500] "GET /galeria/nivo-slider/demo/demo.html HTTP/1.1" 200 3237
190.84.185.167 - - [27/Dec/2014:17:22:27 -0500] "GET /galeria/nivo-slider/themes/pascal/pascal.css HTTP/1.1" 200 2258
190.84.185.167 - - [27/Dec/2014:17:22:27 -0500] "GET /galeria/nivo-slider/themes/default/default.css HTTP/1.1" 200 1569
190.84.185.167 - - [27/Dec/2014:17:22:27 -0500] "GET /galeria/nivo-slider/nivo-slider.css HTTP/1.1" 200 1507
190.84.185.167 - - [27/Dec/2014:17:22:27 -0500] "GET /galeria/nivo-slider/themes/orman/orman.css HTTP/1.1" 200 2152
190.84.185.167 - - [27/Dec/2014:17:22:27 -0500] "GET /galeria/nivo-slider/demo/style.css HTTP/1.1" 200 2222
190.84.185.167 - - [27/Dec/2014:17:22:27 -0500] "GET /galeria/nivo-slider/demo/images/bolsas-08.jpg HTTP/1.1" 200 85589
190.84.185.167 - - [27/Dec/2014:17:22:27 -0500] "GET /galeria/nivo-slider/jquery.nivo.slider.pack.js HTTP/1.1" 200 11561
190.84.185.167 - - [27/Dec/2014:17:22:27 -0500] "GET /galeria/nivo-slider/demo/images/Ruta-vertimientos-01.jpg HTTP/1.1" 200 130151
190.84.185.167 - - [27/Dec/2014:17:22:27 -0500] "GET /galeria/nivo-slider/demo/scripts/jquery-1.7.1.min.js HTTP/1.1" 200 93868
190.84.185.167 - - [27/Dec/2014:17:22:27 -0500] "GET /galeria/nivo-slider/demo/images/4Simple_Slider.png HTTP/1.1" 200 11722
190.84.185.167 - - [27/Dec/2014:17:22:27 -0500] "GET /galeria/nivo-slider/themes/default/loading.gif HTTP/1.1" 200 1737
190.84.185.167 - - [27/Dec/2014:17:22:28 -0500] "GET /galeria/nivo-slider/demo/images/bolsas-06.jpg HTTP/1.1" 200 90982
190.84.185.167 - - [27/Dec/2014:17:22:28 -0500] "GET /galeria/nivo-slider/demo/images/Banner-GAE3.jpg HTTP/1.1" 200 146354
190.84.185.167 - - [27/Dec/2014:17:22:28 -0500] "GET /galeria/nivo-slider/demo/images/ecolecta-Dic2014.png HTTP/1.1" 200 288593
190.84.185.167 - - [27/Dec/2014:17:22:28 -0500] "GET /galeria/nivo-slider/demo/images/porloshumedales.jpg HTTP/1.1" 200 351238
190.84.185.167 - - [27/Dec/2014:17:22:28 -0500] "GET /galeria/nivo-slider/demo/images/Tingua-azul.jpg HTTP/1.1" 200 307638
190.84.185.167 - - [27/Dec/2014:17:22:29 -0500] "GET /galeria/nivo-slider/demo/images/Banner-Caracol-Africano.jpg HTTP/1.1" 200 331986
190.84.185.167 - - [27/Dec/2014:17:22:29 -0500] "GET /galeria/nivo-slider/demo/images/banner-redes.jpg HTTP/1.1" 200 62209
190.84.185.167 - - [27/Dec/2014:17:22:30 -0500] "GET /galeria/nivo-slider/demo/images/9Signos.jpg HTTP/1.1" 200 93040
190.84.185.167 - - [27/Dec/2014:17:22:30 -0500] "GET /galeria/nivo-slider/demo/images/banner-llantas2.jpg HTTP/1.1" 200 73153
190.84.185.167 - - [27/Dec/2014:17:22:31 -0500] "GET /galeria/nivo-slider/demo/images/banner-caballos.png HTTP/1.1" 200 389106
