190.84.185.167 - - [27/Dec/2014:15:22:56 -0500] "GET /forest/js/jquery/plugins/jquery.searchFilter.js HTTP/1.1" 304 -
190.84.185.167 - - [27/Dec/2014:15:22:56 -0500] "GET /forest/js/jquery/plugins/ui.multiselect.js HTTP/1.1" 304 -
190.84.185.167 - - [27/Dec/2014:15:22:56 -0500] "GET /forest/js/jquery/jquery.jqGrid.src.js HTTP/1.1" 304 -
190.84.185.167 - - [27/Dec/2014:15:22:57 -0500] "GET /forest/js/jquery/plugins/jquery.tablednd.js HTTP/1.1" 304 -
190.84.185.167 - - [27/Dec/2014:15:22:57 -0500] "GET /forest/js/jquery/plugins/grid.setcolumns.js HTTP/1.1" 304 -
190.84.185.167 - - [27/Dec/2014:15:22:57 -0500] "GET /forest/js/jquery/plugins/jquery.contextmenu.js HTTP/1.1" 304 -
190.84.185.167 - - [27/Dec/2014:15:22:57 -0500] "GET /forest/js/jqGridConf.js HTTP/1.1" 304 -
190.84.185.167 - - [27/Dec/2014:15:22:58 -0500] "GET /forest/session.jsp?a=0.8512806100770831 HTTP/1.1" 200 4
190.84.185.167 - - [27/Dec/2014:15:22:58 -0500] "GET /forest/img/jquery/ui-bg_inset-hard_100_fcfdfd_1x100.png HTTP/1.1" 304 -
190.84.185.167 - - [27/Dec/2014:15:22:58 -0500] "GET /forest/img/jquery/ui-bg_flat_0_aaaaaa_40x100.png HTTP/1.1" 304 -
190.84.185.167 - - [27/Dec/2014:15:22:58 -0500] "GET /forest/img/jquery/ui-bg_inset-hard_100_f5f8f9_1x100.png HTTP/1.1" 304 -
190.84.185.167 - - [27/Dec/2014:15:22:58 -0500] "GET /forest/img/jquery/ui-icons_6da8d5_256x240.png HTTP/1.1" 304 -
190.84.185.167 - - [27/Dec/2014:15:22:58 -0500] "GET /forest/img/jquery/ui-bg_glass_85_dfeffc_1x400.png HTTP/1.1" 200 50159
190.84.185.167 - - [27/Dec/2014:15:22:59 -0500] "GET /forest/img/jquery/ui-icons_469bdd_256x240.png HTTP/1.1" 304 -
190.84.185.167 - - [27/Dec/2014:15:22:59 -0500] "GET /forest/img/jquery/ui-bg_gloss-wave_55_5c9ccc_500x100.png HTTP/1.1" 304 -
190.84.185.167 - - [27/Dec/2014:15:22:59 -0500] "GET /forest/img/jquery/ui-icons_d8e7f3_256x240.png HTTP/1.1" 304 -
190.84.185.167 - - [27/Dec/2014:15:22:59 -0500] "GET /forest/img/jquery/quitarfiltrar.gif HTTP/1.1" 304 -
190.84.185.167 - - [27/Dec/2014:15:22:59 -0500] "GET /forest/img/jquery/columnshide.gif HTTP/1.1" 304 -
190.84.185.167 - - [27/Dec/2014:15:22:59 -0500] "GET /forest/img/jquery/save.gif HTTP/1.1" 304 -
190.84.185.167 - - [27/Dec/2014:15:22:59 -0500] "POST /forest/misactividades.do?ajax=true&a=0.4382627597078681 HTTP/1.1" 200 12926
190.84.185.167 - - [27/Dec/2014:15:22:59 -0500] "GET /forest/skins/gdocs-jar/img/doc-alert.gif HTTP/1.1" 304 -
190.84.185.167 - - [27/Dec/2014:15:22:59 -0500] "GET /forest/img/newdocs.gif HTTP/1.1" 304 -
186.30.66.14 - - [27/Dec/2014:15:22:59 -0500] "POST /forms/lservlet;jsessionid=ac16012b30d53ea9f84bca5f42a9821692df51710c28.e3iSbxaKaheRe34Sa3yKbhiTahb0n6jAmljGr5XDqQLvpAe HTTP/1.1" 200 2
201.184.85.216 - - [27/Dec/2014:15:23:00 -0500] "GET /galeria/nivo-slider/demo/images/Tingua-azul.jpg HTTP/1.1" 200 307638
201.184.85.216 - - [27/Dec/2014:15:23:01 -0500] "GET /galeria/nivo-slider/demo/images/Banner-Caracol-Africano.jpg HTTP/1.1" 200 331986
201.184.85.216 - - [27/Dec/2014:15:23:02 -0500] "GET /galeria/nivo-slider/demo/images/banner-redes.jpg HTTP/1.1" 200 62209
201.184.85.216 - - [27/Dec/2014:15:23:03 -0500] "GET /galeria/nivo-slider/demo/images/9Signos.jpg HTTP/1.1" 200 93040
201.184.85.216 - - [27/Dec/2014:15:23:08 -0500] "GET /galeria/nivo-slider/demo/images/banner-llantas2.jpg HTTP/1.1" 200 73153
201.184.85.216 - - [27/Dec/2014:15:23:08 -0500] "GET /galeria/nivo-slider/demo/images/banner-caballos.png HTTP/1.1" 200 389106
201.184.85.216 - - [27/Dec/2014:15:23:09 -0500] "GET /galeria/nivo-slider/demo/scripts/jquery-1.7.1.min.js HTTP/1.1" 200 93868
201.184.85.216 - - [27/Dec/2014:15:23:15 -0500] "GET /galeria/nivo-slider/jquery.nivo.slider.pack.js HTTP/1.1" 200 11561
201.184.85.216 - - [27/Dec/2014:15:23:16 -0500] "GET /galeria/nivo-slider/demo/images/4Simple_Slider.png HTTP/1.1" 200 11722
201.184.85.216 - - [27/Dec/2014:15:23:17 -0500] "GET /galeria/nivo-slider/themes/default/loading.gif HTTP/1.1" 200 1737
186.84.40.34 - - [27/Dec/2014:15:23:18 -0500] "POST /forms/lservlet;jsessionid=ac16012b30d5f45d3a432e774dcea183dfd7e0dcc671.e3iSbxaKaheRe34Sa3yKbhiTahb0n6jAmljGr5XDqQLvpAe HTTP/1.1" 200 2
201.184.85.216 - - [27/Dec/2014:15:23:21 -0500] "GET /galeria/nivo-slider/themes/default/arrows.png HTTP/1.1" 200 824
201.184.85.216 - - [27/Dec/2014:15:23:21 -0500] "GET /galeria/nivo-slider/themes/default/bullets.png HTTP/1.1" 200 1281
201.245.192.253 - - [27/Dec/2014:15:23:26 -0500] "GET /galeria/carrusel/Carrusel/jquery-ui-1.8.13.custom.min.js HTTP/1.1" 304 -
201.245.192.253 - - [27/Dec/2014:15:23:26 -0500] "GET /BLA/boletinlegal/js/jquery.js HTTP/1.1" 304 -
201.245.192.253 - - [27/Dec/2014:15:23:26 -0500] "GET /BLA/boletinlegal/js/jquery.scrollTo-min.js HTTP/1.1" 304 -
201.245.192.253 - - [27/Dec/2014:15:23:26 -0500] "GET /BLA/boletinlegal/js/jquery.scrollShow.js HTTP/1.1" 304 -
201.245.192.253 - - [27/Dec/2014:15:23:26 -0500] "GET /galeria/carrusel/Carrusel/jquery.thumbnailScroller.css HTTP/1.1" 304 -
201.245.192.253 - - [27/Dec/2014:15:23:26 -0500] "GET /galeria/carrusel/Carrusel/jquery.thumbnailScroller.js HTTP/1.1" 304 -
201.245.192.253 - - [27/Dec/2014:15:23:26 -0500] "GET /galeria/nivo-slider/demo/demo.html HTTP/1.1" 304 -
201.245.192.253 - - [27/Dec/2014:15:23:26 -0500] "GET /galeria/nivo-slider/demo/images/Ruta-vertimientos-01.jpg HTTP/1.1" 304 -
201.245.192.253 - - [27/Dec/2014:15:23:26 -0500] "GET /galeria/nivo-slider/demo/images/bolsas-08.jpg HTTP/1.1" 304 -
201.245.192.253 - - [27/Dec/2014:15:23:26 -0500] "GET /galeria/nivo-slider/demo/images/bolsas-06.jpg HTTP/1.1" 304 -
190.84.185.167 - - [27/Dec/2014:15:23:42 -0500] "GET /forest/img/jquery/ui-icons_217bc0_256x240.png HTTP/1.1" 200 70221
190.84.185.167 - - [27/Dec/2014:15:23:43 -0500] "POST /forest/misactividades.do?ajax=true&a=0.20462847291491926 HTTP/1.1" 200 13675
66.249.73.171 - - [27/Dec/2014:15:23:47 -0500] "GET /BLA/resoluciones/RESOLUCIONES%202005/RES%202005%20%201701-1750/00001736.tif HTTP/1.1" 200 260372
186.155.103.161 - - [27/Dec/2014:15:24:20 -0500] "GET /BLA/boletinlegal/js/jquery.js HTTP/1.1" 200 57254
186.155.103.161 - - [27/Dec/2014:15:24:21 -0500] "GET /BLA/boletinlegal/js/jquery.js HTTP/1.1" 200 57254
186.155.103.161 - - [27/Dec/2014:15:24:21 -0500] "GET /BLA/boletinlegal/js/jquery.scrollTo-min.js HTTP/1.1" 200 1150
186.155.103.161 - - [27/Dec/2014:15:24:21 -0500] "GET /BLA/boletinlegal/js/jquery.scrollShow.js HTTP/1.1" 200 4586
190.84.185.167 - - [27/Dec/2014:15:24:47 -0500] "POST /forest/misactividades.do?ajax=true&a=0.1500597083941102 HTTP/1.1" 200 14902
186.30.66.14 - - [27/Dec/2014:15:24:59 -0500] "POST /forms/lservlet;jsessionid=ac16012b30d53ea9f84bca5f42a9821692df51710c28.e3iSbxaKaheRe34Sa3yKbhiTahb0n6jAmljGr5XDqQLvpAe HTTP/1.1" 200 2
186.154.84.82 - - [27/Dec/2014:15:25:05 -0500] "GET /forest/usutareas.do?group_system_actual=3&codAct=916&numPro=2440469&codPro=95&fecTra=2012-10-11%2010:55:31%20AM&codInst=2446301&codTraEsc=12416489 HTTP/1.1" 200 12758
186.84.40.34 - - [27/Dec/2014:15:25:18 -0500] "POST /forms/lservlet;jsessionid=ac16012b30d5f45d3a432e774dcea183dfd7e0dcc671.e3iSbxaKaheRe34Sa3yKbhiTahb0n6jAmljGr5XDqQLvpAe HTTP/1.1" 200 2
74.86.158.107 - - [27/Dec/2014:15:25:34 -0500] "HEAD / HTTP/1.1" 302 -
186.114.188.10 - - [27/Dec/2014:15:25:59 -0500] "GET /BLA/boletinlegal/js/jquery.js HTTP/1.1" 200 57254
186.114.188.10 - - [27/Dec/2014:15:25:59 -0500] "GET /BLA/boletinlegal/js/jquery.scrollTo-min.js HTTP/1.1" 200 1150
186.114.188.10 - - [27/Dec/2014:15:25:59 -0500] "GET /BLA/boletinlegal/js/jquery.scrollShow.js HTTP/1.1" 200 4586
190.84.185.167 - - [27/Dec/2014:15:26:00 -0500] "POST /forest/misactividades.do?ajax=true&a=0.010824891040101647 HTTP/1.1" 200 13623
190.84.185.167 - - [27/Dec/2014:15:26:28 -0500] "POST /forest/misactividades.do?ajax=true&a=0.7279563187621534 HTTP/1.1" 200 6315
180.76.6.154 - - [27/Dec/2014:15:26:51 -0500] "GET /BLA/boletinlegal;jsessionid=EEC2FFC4B94A57173E4F5F0DF89E432D?/? HTTP/1.1" 404 1018
190.84.185.167 - - [27/Dec/2014:15:26:59 -0500] "GET /forest/index2.jsp?_a=0.8525523243006319 HTTP/1.1" 200 149543
186.30.66.14 - - [27/Dec/2014:15:27:00 -0500] "POST /forms/lservlet;jsessionid=ac16012b30d53ea9f84bca5f42a9821692df51710c28.e3iSbxaKaheRe34Sa3yKbhiTahb0n6jAmljGr5XDqQLvpAe HTTP/1.1" 200 2
190.84.185.167 - - [27/Dec/2014:15:27:00 -0500] "GET /forest/session.jsp?a=0.3628894204739481 HTTP/1.1" 200 4
188.40.84.85 - - [27/Dec/2014:15:27:00 -0500] "GET /cgi-bin/test.cgi HTTP/1.0" 404 1018
190.84.185.167 - - [27/Dec/2014:15:27:10 -0500] "GET /forest/usutareas.do?group_system_actual=3&codTraEsc=16196309&_a=0.80806918883655 HTTP/1.1" 200 99901
190.84.185.167 - - [27/Dec/2014:15:27:11 -0500] "GET /forest/session.jsp?a=0.03173020342364907 HTTP/1.1" 200 4
190.84.185.167 - - [27/Dec/2014:15:27:17 -0500] "GET /forest/skins/gdocs-jar/popup/escritorio/reasignar.jsp?codTraEsc=16196309&a=0.8195050214417279 HTTP/1.1" 200 3746
191.150.26.254 - - [27/Dec/2014:15:27:18 -0500] "GET /BLA/resoluciones/RESOLUCIONES%202011/2394.pdf HTTP/1.1" 200 640816
186.84.40.34 - - [27/Dec/2014:15:27:18 -0500] "POST /forms/lservlet;jsessionid=ac16012b30d5f45d3a432e774dcea183dfd7e0dcc671.e3iSbxaKaheRe34Sa3yKbhiTahb0n6jAmljGr5XDqQLvpAe HTTP/1.1" 200 2
191.150.26.254 - - [27/Dec/2014:15:27:19 -0500] "GET /BLA/resoluciones/RESOLUCIONES%202011/2394.pdf HTTP/1.1" 200 640816
66.249.73.155 - - [27/Dec/2014:15:27:29 -0500] "GET /BLA/resoluciones/RESOLUCIONES%202005/RES%202005%202701%20-2750/00002748.tif HTTP/1.1" 200 78486
190.84.185.167 - - [27/Dec/2014:15:28:09 -0500] "POST /forest/usutareas.do?group_system_actual=3 HTTP/1.1" 200 150
190.84.185.167 - - [27/Dec/2014:15:28:56 -0500] "GET /forest/usutareas.do?group_system_actual=3&a=0.8014969546347857 HTTP/1.1" 200 19542
190.84.185.167 - - [27/Dec/2014:15:28:56 -0500] "GET /forest/session.jsp?a=0.35541427368298173 HTTP/1.1" 200 4
66.249.65.196 - - [27/Dec/2014:15:28:58 -0500] "GET /BLA/boletinlegal/circulares/2012IE017270.pdf HTTP/1.1" 200 233051
186.30.66.14 - - [27/Dec/2014:15:29:00 -0500] "POST /forms/lservlet;jsessionid=ac16012b30d53ea9f84bca5f42a9821692df51710c28.e3iSbxaKaheRe34Sa3yKbhiTahb0n6jAmljGr5XDqQLvpAe HTTP/1.1" 200 2
190.84.185.167 - - [27/Dec/2014:15:29:01 -0500] "GET /forest/index2.jsp?_a=0.5674785673618317 HTTP/1.1" 200 147742
190.84.185.167 - - [27/Dec/2014:15:29:01 -0500] "GET /forest/session.jsp?a=0.037363548297435045 HTTP/1.1" 200 4
190.84.185.167 - - [27/Dec/2014:15:29:06 -0500] "GET /forest/usutareas.do?group_system_actual=3&codTraEsc=16956228&_a=0.7114000549019867 HTTP/1.1" 200 100730
190.84.185.167 - - [27/Dec/2014:15:29:06 -0500] "GET /forest/session.jsp?a=0.8855362141039222 HTTP/1.1" 200 4
180.76.6.62 - - [27/Dec/2014:15:29:06 -0500] "GET /BLA/resoluciones/RESOLUCIONES%202007/RES%202007%20201%20AL%20300/RESOLUCION%200217%20DE%202007.pdf HTTP/1.1" 200 295110
190.84.185.167 - - [27/Dec/2014:15:29:09 -0500] "GET /forest/skins/gdocs-jar/popup/escritorio/reasignar.jsp?codTraEsc=16956228&a=0.4694379910361022 HTTP/1.1" 200 3746
186.84.40.34 - - [27/Dec/2014:15:29:18 -0500] "POST /forms/lservlet;jsessionid=ac16012b30d5f45d3a432e774dcea183dfd7e0dcc671.e3iSbxaKaheRe34Sa3yKbhiTahb0n6jAmljGr5XDqQLvpAe HTTP/1.1" 200 2
186.116.46.207 - - [27/Dec/2014:15:29:34 -0500] "GET /BLA/boletinlegal/js/jquery.scrollTo-min.js HTTP/1.1" 200 1150
186.116.46.207 - - [27/Dec/2014:15:29:34 -0500] "GET /BLA/boletinlegal/js/jquery.js HTTP/1.1" 200 57254
186.116.46.207 - - [27/Dec/2014:15:29:34 -0500] "GET /BLA/boletinlegal/js/jquery.scrollShow.js HTTP/1.1" 200 4586
186.116.46.207 - - [27/Dec/2014:15:29:34 -0500] "GET /galeria/carrusel/Carrusel/jquery-ui-1.8.13.custom.min.js HTTP/1.1" 200 10800
186.116.46.207 - - [27/Dec/2014:15:29:34 -0500] "GET /galeria/carrusel/Carrusel/jquery.thumbnailScroller.css HTTP/1.1" 200 2066
186.116.46.207 - - [27/Dec/2014:15:29:34 -0500] "GET /galeria/carrusel/Carrusel/jquery.thumbnailScroller.js HTTP/1.1" 200 8157
190.84.185.167 - - [27/Dec/2014:15:29:35 -0500] "POST /forest/usutareas.do?group_system_actual=3 HTTP/1.1" 200 150
186.116.46.207 - - [27/Dec/2014:15:29:37 -0500] "GET /galeria/nivo-slider/demo/demo.html HTTP/1.1" 200 3237
186.116.46.207 - - [27/Dec/2014:15:29:37 -0500] "GET /galeria/nivo-slider/themes/default/default.css HTTP/1.1" 200 1569
186.116.46.207 - - [27/Dec/2014:15:29:37 -0500] "GET /galeria/nivo-slider/themes/pascal/pascal.css HTTP/1.1" 200 2258
186.116.46.207 - - [27/Dec/2014:15:29:37 -0500] "GET /galeria/nivo-slider/themes/orman/orman.css HTTP/1.1" 200 2152
186.116.46.207 - - [27/Dec/2014:15:29:37 -0500] "GET /galeria/nivo-slider/nivo-slider.css HTTP/1.1" 200 1507
186.116.46.207 - - [27/Dec/2014:15:29:37 -0500] "GET /galeria/nivo-slider/demo/style.css HTTP/1.1" 200 2222
186.116.46.207 - - [27/Dec/2014:15:29:37 -0500] "GET /galeria/nivo-slider/demo/images/bolsas-08.jpg HTTP/1.1" 200 85589
186.116.46.207 - - [27/Dec/2014:15:29:37 -0500] "GET /galeria/nivo-slider/demo/scripts/jquery-1.7.1.min.js HTTP/1.1" 200 93868
186.116.46.207 - - [27/Dec/2014:15:29:37 -0500] "GET /galeria/nivo-slider/jquery.nivo.slider.pack.js HTTP/1.1" 200 11561
186.116.46.207 - - [27/Dec/2014:15:29:37 -0500] "GET /galeria/nivo-slider/demo/images/Ruta-vertimientos-01.jpg HTTP/1.1" 200 130151
186.116.46.207 - - [27/Dec/2014:15:29:37 -0500] "GET /galeria/nivo-slider/demo/images/bolsas-06.jpg HTTP/1.1" 200 90982
186.116.46.207 - - [27/Dec/2014:15:29:38 -0500] "GET /galeria/nivo-slider/demo/images/ecolecta-Dic2014.png HTTP/1.1" 200 288593
186.116.46.207 - - [27/Dec/2014:15:29:38 -0500] "GET /galeria/nivo-slider/demo/images/Banner-GAE3.jpg HTTP/1.1" 200 146354
186.116.46.207 - - [27/Dec/2014:15:29:39 -0500] "GET /galeria/nivo-slider/demo/images/porloshumedales.jpg HTTP/1.1" 200 351238
186.116.46.207 - - [27/Dec/2014:15:29:39 -0500] "GET /galeria/nivo-slider/demo/images/Tingua-azul.jpg HTTP/1.1" 200 307638
186.116.46.207 - - [27/Dec/2014:15:29:39 -0500] "GET /galeria/nivo-slider/demo/images/Banner-Caracol-Africano.jpg HTTP/1.1" 200 331986
186.116.46.207 - - [27/Dec/2014:15:29:40 -0500] "GET /galeria/nivo-slider/demo/images/banner-redes.jpg HTTP/1.1" 200 62209
186.116.46.207 - - [27/Dec/2014:15:29:40 -0500] "GET /galeria/nivo-slider/demo/images/9Signos.jpg HTTP/1.1" 200 93040
186.116.46.207 - - [27/Dec/2014:15:29:41 -0500] "GET /galeria/nivo-slider/demo/images/banner-llantas2.jpg HTTP/1.1" 200 73153
186.116.46.207 - - [27/Dec/2014:15:29:42 -0500] "GET /galeria/nivo-slider/demo/images/banner-caballos.png HTTP/1.1" 200 389106
186.116.46.207 - - [27/Dec/2014:15:29:42 -0500] "GET /galeria/nivo-slider/themes/default/loading.gif HTTP/1.1" 200 1737
186.116.46.207 - - [27/Dec/2014:15:29:42 -0500] "GET /galeria/nivo-slider/demo/images/4Simple_Slider.png HTTP/1.1" 200 11722
186.116.46.207 - - [27/Dec/2014:15:29:43 -0500] "GET /galeria/nivo-slider/themes/default/arrows.png HTTP/1.1" 200 824
186.116.46.207 - - [27/Dec/2014:15:29:43 -0500] "GET /galeria/nivo-slider/themes/default/bullets.png HTTP/1.1" 200 1281
180.76.5.173 - - [27/Dec/2014:15:29:56 -0500] "GET /BLA/resoluciones/RESOLUCIONES%202008/2361.pdf HTTP/1.1" 200 309364
190.84.185.167 - - [27/Dec/2014:15:29:58 -0500] "GET /forest/usutareas.do?group_system_actual=3&a=0.2627293283585459 HTTP/1.1" 200 19541
190.84.185.167 - - [27/Dec/2014:15:29:58 -0500] "GET /forest/session.jsp?a=0.21210933034308255 HTTP/1.1" 200 4
190.84.185.167 - - [27/Dec/2014:15:30:00 -0500] "GET /forest/index2.jsp?_a=0.6850932165980339 HTTP/1.1" 200 145725
190.84.185.167 - - [27/Dec/2014:15:30:00 -0500] "GET /forest/session.jsp?a=0.9015874671749771 HTTP/1.1" 200 4
186.116.46.207 - - [27/Dec/2014:15:30:02 -0500] "GET /videos/Spot_CambioClimatico.flv HTTP/1.1" 200 4371917
190.84.185.167 - - [27/Dec/2014:15:30:07 -0500] "GET /forest/usutareas.do?group_system_actual=3&codTraEsc=15852118&_a=0.5879810163791812 HTTP/1.1" 200 100935
190.84.185.167 - - [27/Dec/2014:15:30:07 -0500] "GET /forest/session.jsp?a=0.7339132439810783 HTTP/1.1" 200 4
190.84.185.167 - - [27/Dec/2014:15:30:11 -0500] "GET /forest/skins/gdocs-jar/popup/escritorio/reasignar.jsp?codTraEsc=15852118&a=0.6698688443284482 HTTP/1.1" 200 3746
190.84.185.167 - - [27/Dec/2014:15:30:28 -0500] "POST /forest/usutareas.do?group_system_actual=3 HTTP/1.1" 200 150
74.86.158.107 - - [27/Dec/2014:15:30:34 -0500] "HEAD / HTTP/1.1" 302 -
190.84.185.167 - - [27/Dec/2014:15:30:54 -0500] "GET /forest/usutareas.do?group_system_actual=3&a=0.5717572800349444 HTTP/1.1" 200 19540
190.84.185.167 - - [27/Dec/2014:15:30:54 -0500] "GET /forest/session.jsp?a=0.7461320508737117 HTTP/1.1" 200 4
190.84.185.167 - - [27/Dec/2014:15:30:57 -0500] "GET /forest/index2.jsp?_a=0.9360949234105647 HTTP/1.1" 200 143725
190.84.185.167 - - [27/Dec/2014:15:30:57 -0500] "GET /forest/session.jsp?a=0.9042531666345894 HTTP/1.1" 200 4
200.234.196.173 - - [27/Dec/2014:15:31:00 -0500] "GET /wp/wp-admin/ HTTP/1.1" 404 1018
186.30.66.14 - - [27/Dec/2014:15:31:00 -0500] "POST /forms/lservlet;jsessionid=ac16012b30d53ea9f84bca5f42a9821692df51710c28.e3iSbxaKaheRe34Sa3yKbhiTahb0n6jAmljGr5XDqQLvpAe HTTP/1.1" 200 2
66.249.73.163 - - [27/Dec/2014:15:31:10 -0500] "GET /BLA/resoluciones/RESOLUCIONES%202005/RES%202005%202701%20-2750/00002742.tif HTTP/1.1" 200 25842
190.84.185.167 - - [27/Dec/2014:15:31:18 -0500] "GET /forest/usutareas.do?group_system_actual=3&codTraEsc=16983415&_a=0.8089634924877225 HTTP/1.1" 200 100480
190.84.185.167 - - [27/Dec/2014:15:31:19 -0500] "GET /forest/session.jsp?a=0.8789557600393891 HTTP/1.1" 200 4
186.84.40.34 - - [27/Dec/2014:15:31:19 -0500] "POST /forms/lservlet;jsessionid=ac16012b30d5f45d3a432e774dcea183dfd7e0dcc671.e3iSbxaKaheRe34Sa3yKbhiTahb0n6jAmljGr5XDqQLvpAe HTTP/1.1" 200 2
190.84.185.167 - - [27/Dec/2014:15:31:35 -0500] "GET /forest/index2.jsp?_a=0.1008474852424115 HTTP/1.1" 200 143718
190.84.185.167 - - [27/Dec/2014:15:31:36 -0500] "GET /forest/session.jsp?a=0.9662797451019287 HTTP/1.1" 200 4
186.116.46.207 - - [27/Dec/2014:15:31:52 -0500] "GET /BLA/boletinlegal/js/jquery.js HTTP/1.1" 200 57254
186.116.46.207 - - [27/Dec/2014:15:31:52 -0500] "GET /BLA/boletinlegal/js/jquery.scrollTo-min.js HTTP/1.1" 200 1150
186.116.46.207 - - [27/Dec/2014:15:31:52 -0500] "GET /BLA/boletinlegal/js/jquery.scrollShow.js HTTP/1.1" 200 4586
186.116.46.207 - - [27/Dec/2014:15:31:53 -0500] "GET /galeria/carrusel/Carrusel/jquery.thumbnailScroller.css HTTP/1.1" 200 2066
186.116.46.207 - - [27/Dec/2014:15:31:53 -0500] "GET /galeria/carrusel/Carrusel/jquery-ui-1.8.13.custom.min.js HTTP/1.1" 200 10800
186.116.46.207 - - [27/Dec/2014:15:31:53 -0500] "GET /galeria/carrusel/Carrusel/jquery.thumbnailScroller.js HTTP/1.1" 200 8157
186.116.46.207 - - [27/Dec/2014:15:31:55 -0500] "GET /galeria/nivo-slider/demo/demo.html HTTP/1.1" 200 3237
186.116.46.207 - - [27/Dec/2014:15:31:55 -0500] "GET /galeria/nivo-slider/themes/default/default.css HTTP/1.1" 200 1569
186.116.46.207 - - [27/Dec/2014:15:31:55 -0500] "GET /galeria/nivo-slider/themes/pascal/pascal.css HTTP/1.1" 200 2258
186.116.46.207 - - [27/Dec/2014:15:31:55 -0500] "GET /galeria/nivo-slider/themes/orman/orman.css HTTP/1.1" 200 2152
186.116.46.207 - - [27/Dec/2014:15:31:55 -0500] "GET /galeria/nivo-slider/nivo-slider.css HTTP/1.1" 200 1507
186.116.46.207 - - [27/Dec/2014:15:31:55 -0500] "GET /galeria/nivo-slider/demo/style.css HTTP/1.1" 200 2222
186.116.46.207 - - [27/Dec/2014:15:31:55 -0500] "GET /galeria/nivo-slider/demo/scripts/jquery-1.7.1.min.js HTTP/1.1" 200 93868
186.116.46.207 - - [27/Dec/2014:15:31:55 -0500] "GET /galeria/nivo-slider/jquery.nivo.slider.pack.js HTTP/1.1" 200 11561
186.116.46.207 - - [27/Dec/2014:15:31:55 -0500] "GET /galeria/nivo-slider/demo/images/bolsas-08.jpg HTTP/1.1" 200 85589
186.116.46.207 - - [27/Dec/2014:15:31:55 -0500] "GET /galeria/nivo-slider/demo/images/Ruta-vertimientos-01.jpg HTTP/1.1" 200 130151
186.116.46.207 - - [27/Dec/2014:15:31:55 -0500] "GET /galeria/nivo-slider/demo/images/bolsas-06.jpg HTTP/1.1" 200 90982
186.116.46.207 - - [27/Dec/2014:15:31:55 -0500] "GET /galeria/nivo-slider/demo/images/4Simple_Slider.png HTTP/1.1" 200 11722
186.116.46.207 - - [27/Dec/2014:15:31:56 -0500] "GET /galeria/nivo-slider/themes/default/loading.gif HTTP/1.1" 200 1737
186.116.46.207 - - [27/Dec/2014:15:31:56 -0500] "GET /galeria/nivo-slider/demo/images/ecolecta-Dic2014.png HTTP/1.1" 200 288593
186.116.46.207 - - [27/Dec/2014:15:31:56 -0500] "GET /galeria/nivo-slider/demo/images/Banner-GAE3.jpg HTTP/1.1" 200 146354
186.116.46.207 - - [27/Dec/2014:15:31:56 -0500] "GET /galeria/nivo-slider/demo/images/porloshumedales.jpg HTTP/1.1" 200 351238
186.116.46.207 - - [27/Dec/2014:15:31:57 -0500] "GET /galeria/nivo-slider/demo/images/Tingua-azul.jpg HTTP/1.1" 200 307638
186.116.46.207 - - [27/Dec/2014:15:31:58 -0500] "GET /galeria/nivo-slider/demo/images/Banner-Caracol-Africano.jpg HTTP/1.1" 200 331986
186.116.46.207 - - [27/Dec/2014:15:31:58 -0500] "GET /galeria/nivo-slider/demo/images/banner-redes.jpg HTTP/1.1" 200 62209
66.249.73.163 - - [27/Dec/2014:15:32:25 -0500] "GET /BLA/resoluciones/RESOLUCIONES%202007/RES%202007%201726%20AL%201800/RESOLUCION%201763%20%20DE%202007.pdf HTTP/1.1" 200 782258
66.249.73.163 - - [27/Dec/2014:15:32:44 -0500] "GET /BLA/resoluciones/RESOLUCIONES%202003/RES%202003%201201-1250/2003RES1210.tif HTTP/1.1" 200 198368
66.249.73.155 - - [27/Dec/2014:15:32:54 -0500] "GET /BLA/resoluciones/AUTOS%202012/0263.pdf HTTP/1.1" 200 216000
186.30.66.14 - - [27/Dec/2014:15:33:00 -0500] "POST /forms/lservlet;jsessionid=ac16012b30d53ea9f84bca5f42a9821692df51710c28.e3iSbxaKaheRe34Sa3yKbhiTahb0n6jAmljGr5XDqQLvpAe HTTP/1.1" 200 2
186.84.40.34 - - [27/Dec/2014:15:33:19 -0500] "POST /forms/lservlet;jsessionid=ac16012b30d5f45d3a432e774dcea183dfd7e0dcc671.e3iSbxaKaheRe34Sa3yKbhiTahb0n6jAmljGr5XDqQLvpAe HTTP/1.1" 200 2
66.249.73.155 - - [27/Dec/2014:15:33:24 -0500] "GET /BLA/resoluciones/RESOLUCIONES%202009/1016.pdf HTTP/1.1" 200 210733
66.249.73.155 - - [27/Dec/2014:15:33:53 -0500] "GET /BLA/resoluciones/RESOLUCIONES%202008/3582.pdf HTTP/1.1" 304 -
66.249.73.171 - - [27/Dec/2014:15:34:21 -0500] "GET /BLA/resoluciones/RESOLUCIONES%202008/0026.pdf HTTP/1.1" 304 -
66.249.73.163 - - [27/Dec/2014:15:34:25 -0500] "GET /BLA/resoluciones/AUTOS%202012/1973.pdf HTTP/1.1" 200 417853
66.249.73.163 - - [27/Dec/2014:15:34:38 -0500] "GET /BLA/resoluciones/RESOLUCIONES%202009/4831.pdf HTTP/1.1" 304 -
186.30.66.14 - - [27/Dec/2014:15:35:00 -0500] "POST /forms/lservlet;jsessionid=ac16012b30d53ea9f84bca5f42a9821692df51710c28.e3iSbxaKaheRe34Sa3yKbhiTahb0n6jAmljGr5XDqQLvpAe HTTP/1.1" 200 2
66.249.73.155 - - [27/Dec/2014:15:35:09 -0500] "GET /BLA/resoluciones/RESOLUCIONES%202009/9284.pdf HTTP/1.1" 200 515573
186.84.40.34 - - [27/Dec/2014:15:35:19 -0500] "POST /forms/lservlet;jsessionid=ac16012b30d5f45d3a432e774dcea183dfd7e0dcc671.e3iSbxaKaheRe34Sa3yKbhiTahb0n6jAmljGr5XDqQLvpAe HTTP/1.1" 200 2
74.86.158.107 - - [27/Dec/2014:15:35:34 -0500] "HEAD / HTTP/1.1" 302 -
186.154.84.82 - - [27/Dec/2014:15:35:44 -0500] "POST /forest/login.do HTTP/1.1" 302 -
186.154.84.82 - - [27/Dec/2014:15:35:45 -0500] "GET /forest/index2.jsp?a=0.4286646386060796 HTTP/1.1" 200 326888
186.154.84.82 - - [27/Dec/2014:15:35:59 -0500] "GET /forest/session.jsp?a=0.2774758825544268 HTTP/1.1" 200 4
66.249.73.171 - - [27/Dec/2014:15:36:08 -0500] "GET /BLA/resoluciones/RESOLUCIONES%202010/0918.pdf HTTP/1.1" 200 97957
190.84.185.167 - - [27/Dec/2014:15:36:36 -0500] "GET /forest/session.jsp?a=0.8436507876031101 HTTP/1.1" 200 4
180.76.5.145 - - [27/Dec/2014:15:36:39 -0500] "GET /robots.txt HTTP/1.1" 404 1018
186.30.66.14 - - [27/Dec/2014:15:37:00 -0500] "POST /forms/lservlet;jsessionid=ac16012b30d53ea9f84bca5f42a9821692df51710c28.e3iSbxaKaheRe34Sa3yKbhiTahb0n6jAmljGr5XDqQLvpAe HTTP/1.1" 200 2
180.76.5.65 - - [27/Dec/2014:15:37:02 -0500] "GET /BLA/resoluciones/RESOLUCIONES%202011/1303.pdf HTTP/1.1" 200 67227
66.249.73.163 - - [27/Dec/2014:15:37:06 -0500] "GET /BLA/resoluciones/AUTOS%202011/7222.pdf HTTP/1.1" 200 186815
186.84.40.34 - - [27/Dec/2014:15:37:19 -0500] "POST /forms/lservlet;jsessionid=ac16012b30d5f45d3a432e774dcea183dfd7e0dcc671.e3iSbxaKaheRe34Sa3yKbhiTahb0n6jAmljGr5XDqQLvpAe HTTP/1.1" 200 2
186.81.41.104 - - [27/Dec/2014:15:37:25 -0500] "GET /BLA/boletinlegal/js/jquery.js HTTP/1.1" 200 57254
186.81.41.104 - - [27/Dec/2014:15:37:25 -0500] "GET /BLA/boletinlegal/js/jquery.scrollTo-min.js HTTP/1.1" 200 1150
186.81.41.104 - - [27/Dec/2014:15:37:25 -0500] "GET /BLA/boletinlegal/js/jquery.scrollShow.js HTTP/1.1" 200 4586
190.84.185.167 - - [27/Dec/2014:15:37:57 -0500] "GET /forest/usutareas.do?group_system_actual=3&codTraEsc=16876656&_a=0.336974398513445 HTTP/1.1" 200 180416
190.84.185.167 - - [27/Dec/2014:15:37:58 -0500] "GET /forest/session.jsp?a=0.43223143415525556 HTTP/1.1" 200 4
190.84.185.167 - - [27/Dec/2014:15:37:58 -0500] "GET /forest/actions/forms.getItemList?codForm=veriflista&id=field33&value=177&a=0.17978104506619275 HTTP/1.1" 200 4
66.249.73.155 - - [27/Dec/2014:15:38:05 -0500] "GET /BLA/resoluciones/RESOLUCIONES%202012/0387.pdf HTTP/1.1" 200 745805
190.27.142.33 - - [27/Dec/2014:15:38:15 -0500] "GET /autoliquidacion/Grupo%20Forestal%20-%20Silvicultura/Especies%20de%20flora%20en%20la%20ciudad%20de%20bogota.xls HTTP/1.1" 200 1619968
66.249.73.171 - - [27/Dec/2014:15:38:33 -0500] "GET /BLA/resoluciones/RESOLUCIONES%202005/RES%202005%202701%20-2750/00002709.tif HTTP/1.1" 200 71358
190.27.142.33 - - [27/Dec/2014:15:38:36 -0500] "GET /autoliquidacion/Grupo%20Forestal%20-%20Silvicultura/Especies%20de%20flora%20en%20la%20ciudad%20de%20bogota.xls HTTP/1.1" 206 1
190.27.142.33 - - [27/Dec/2014:15:38:36 -0500] "GET /autoliquidacion/Grupo%20Forestal%20-%20Silvicultura/Especies%20de%20flora%20en%20la%20ciudad%20de%20bogota.xls HTTP/1.1" 206 1616507
186.30.66.14 - - [27/Dec/2014:15:39:00 -0500] "POST /forms/lservlet;jsessionid=ac16012b30d53ea9f84bca5f42a9821692df51710c28.e3iSbxaKaheRe34Sa3yKbhiTahb0n6jAmljGr5XDqQLvpAe HTTP/1.1" 200 2
66.249.73.163 - - [27/Dec/2014:15:39:04 -0500] "GET /BLA/resoluciones/RESOLUCIONES%202008/1676.pdf HTTP/1.1" 200 69026
181.136.151.91 - - [27/Dec/2014:15:39:05 -0500] "GET /galeria/carrusel/Carrusel/jquery.thumbnailScroller.css HTTP/1.1" 200 2066
181.136.151.91 - - [27/Dec/2014:15:39:06 -0500] "GET /galeria/carrusel/Carrusel/jquery-ui-1.8.13.custom.min.js HTTP/1.1" 200 10800
181.136.151.91 - - [27/Dec/2014:15:39:06 -0500] "GET /BLA/boletinlegal/js/jquery.js HTTP/1.1" 200 57254
181.136.151.91 - - [27/Dec/2014:15:39:06 -0500] "GET /galeria/carrusel/Carrusel/jquery.thumbnailScroller.js HTTP/1.1" 200 8157
181.136.151.91 - - [27/Dec/2014:15:39:06 -0500] "GET /BLA/boletinlegal/js/jquery.scrollShow.js HTTP/1.1" 200 4586
181.136.151.91 - - [27/Dec/2014:15:39:06 -0500] "GET /BLA/boletinlegal/js/jquery.scrollTo-min.js HTTP/1.1" 200 1150
181.136.151.91 - - [27/Dec/2014:15:39:08 -0500] "GET /galeria/nivo-slider/demo/demo.html HTTP/1.1" 200 3237
181.136.151.91 - - [27/Dec/2014:15:39:09 -0500] "GET /galeria/nivo-slider/themes/pascal/pascal.css HTTP/1.1" 200 2258
181.136.151.91 - - [27/Dec/2014:15:39:09 -0500] "GET /galeria/nivo-slider/themes/default/default.css HTTP/1.1" 200 1569
181.136.151.91 - - [27/Dec/2014:15:39:09 -0500] "GET /galeria/nivo-slider/nivo-slider.css HTTP/1.1" 200 1507
181.136.151.91 - - [27/Dec/2014:15:39:09 -0500] "GET /galeria/nivo-slider/demo/scripts/jquery-1.7.1.min.js HTTP/1.1" 200 93868
181.136.151.91 - - [27/Dec/2014:15:39:09 -0500] "GET /galeria/nivo-slider/demo/style.css HTTP/1.1" 200 2222
181.136.151.91 - - [27/Dec/2014:15:39:09 -0500] "GET /galeria/nivo-slider/themes/orman/orman.css HTTP/1.1" 200 2152
181.136.151.91 - - [27/Dec/2014:15:39:09 -0500] "GET /galeria/nivo-slider/jquery.nivo.slider.pack.js HTTP/1.1" 200 11561
181.136.151.91 - - [27/Dec/2014:15:39:09 -0500] "GET /galeria/nivo-slider/demo/images/bolsas-08.jpg HTTP/1.1" 200 85589
181.136.151.91 - - [27/Dec/2014:15:39:09 -0500] "GET /galeria/nivo-slider/demo/images/Ruta-vertimientos-01.jpg HTTP/1.1" 200 130151
181.136.151.91 - - [27/Dec/2014:15:39:09 -0500] "GET /galeria/nivo-slider/demo/images/bolsas-06.jpg HTTP/1.1" 200 90982
181.136.151.91 - - [27/Dec/2014:15:39:09 -0500] "GET /galeria/nivo-slider/demo/images/ecolecta-Dic2014.png HTTP/1.1" 200 288593
181.136.151.91 - - [27/Dec/2014:15:39:10 -0500] "GET /galeria/nivo-slider/demo/images/Banner-GAE3.jpg HTTP/1.1" 200 146354
181.136.151.91 - - [27/Dec/2014:15:39:10 -0500] "GET /galeria/nivo-slider/demo/images/porloshumedales.jpg HTTP/1.1" 200 351238
181.136.151.91 - - [27/Dec/2014:15:39:10 -0500] "GET /galeria/nivo-slider/demo/images/Tingua-azul.jpg HTTP/1.1" 200 307638
181.136.151.91 - - [27/Dec/2014:15:39:10 -0500] "GET /galeria/nivo-slider/demo/images/4Simple_Slider.png HTTP/1.1" 200 11722
181.136.151.91 - - [27/Dec/2014:15:39:10 -0500] "GET /galeria/nivo-slider/themes/default/loading.gif HTTP/1.1" 200 1737
181.136.151.91 - - [27/Dec/2014:15:39:10 -0500] "GET /galeria/nivo-slider/demo/images/Banner-Caracol-Africano.jpg HTTP/1.1" 200 331986
181.136.151.91 - - [27/Dec/2014:15:39:11 -0500] "GET /galeria/nivo-slider/demo/images/banner-redes.jpg HTTP/1.1" 200 62209
181.136.151.91 - - [27/Dec/2014:15:39:11 -0500] "GET /galeria/nivo-slider/demo/images/9Signos.jpg HTTP/1.1" 200 93040
181.136.151.91 - - [27/Dec/2014:15:39:11 -0500] "GET /galeria/nivo-slider/demo/images/banner-llantas2.jpg HTTP/1.1" 200 73153
181.136.151.91 - - [27/Dec/2014:15:39:11 -0500] "GET /galeria/nivo-slider/demo/images/banner-caballos.png HTTP/1.1" 200 389106
181.136.151.91 - - [27/Dec/2014:15:39:13 -0500] "GET /videos/Spot_CambioClimatico.flv HTTP/1.1" 200 4371917
181.136.151.91 - - [27/Dec/2014:15:39:17 -0500] "GET /galeria/nivo-slider/themes/default/arrows.png HTTP/1.1" 200 824
181.136.151.91 - - [27/Dec/2014:15:39:17 -0500] "GET /galeria/nivo-slider/themes/default/bullets.png HTTP/1.1" 200 1281
186.84.40.34 - - [27/Dec/2014:15:39:19 -0500] "POST /forms/lservlet;jsessionid=ac16012b30d5f45d3a432e774dcea183dfd7e0dcc671.e3iSbxaKaheRe34Sa3yKbhiTahb0n6jAmljGr5XDqQLvpAe HTTP/1.1" 200 2
66.249.73.155 - - [27/Dec/2014:15:39:22 -0500] "GET /BLA/resoluciones/RESOLUCIONES%202012/0415.pdf HTTP/1.1" 200 422093
66.249.73.163 - - [27/Dec/2014:15:40:02 -0500] "GET /BLA/resoluciones/RESOLUCIONES%202009/6965.pdf HTTP/1.1" 200 536931
74.86.158.107 - - [27/Dec/2014:15:40:34 -0500] "HEAD / HTTP/1.1" 302 -
200.234.196.173 - - [27/Dec/2014:15:40:50 -0500] "GET /old/wp-admin/ HTTP/1.1" 404 1018
186.154.84.82 - - [27/Dec/2014:15:41:00 -0500] "GET /forest/session.jsp?a=0.2750109063927084 HTTP/1.1" 200 4
186.30.66.14 - - [27/Dec/2014:15:41:00 -0500] "POST /forms/lservlet;jsessionid=ac16012b30d53ea9f84bca5f42a9821692df51710c28.e3iSbxaKaheRe34Sa3yKbhiTahb0n6jAmljGr5XDqQLvpAe HTTP/1.1" 200 2
66.249.73.155 - - [27/Dec/2014:15:41:01 -0500] "GET /BLA/resoluciones/RESOLUCIONES%202010/6124.pdf HTTP/1.1" 200 637982
186.84.40.34 - - [27/Dec/2014:15:41:19 -0500] "POST /forms/lservlet;jsessionid=ac16012b30d5f45d3a432e774dcea183dfd7e0dcc671.e3iSbxaKaheRe34Sa3yKbhiTahb0n6jAmljGr5XDqQLvpAe HTTP/1.1" 200 2
201.245.192.253 - - [27/Dec/2014:15:41:45 -0500] "GET /galeria/nivo-slider/demo/demo.html HTTP/1.1" 304 -
201.245.192.253 - - [27/Dec/2014:15:41:45 -0500] "GET /galeria/nivo-slider/demo/images/bolsas-08.jpg HTTP/1.1" 304 -
201.245.192.253 - - [27/Dec/2014:15:41:45 -0500] "GET /galeria/nivo-slider/demo/images/Ruta-vertimientos-01.jpg HTTP/1.1" 304 -
201.245.192.253 - - [27/Dec/2014:15:41:45 -0500] "GET /galeria/nivo-slider/demo/images/bolsas-06.jpg HTTP/1.1" 304 -
186.113.10.143 - - [27/Dec/2014:15:41:53 -0500] "GET /galeria/nivo-slider/demo/images/Banner-Ecourbanismo.jpg HTTP/1.1" 304 -
66.249.73.171 - - [27/Dec/2014:15:42:00 -0500] "GET /BLA/resoluciones/RESOLUCIONES%202009/0139.pdf HTTP/1.1" 304 -
190.27.63.117 - - [27/Dec/2014:15:42:06 -0500] "GET /galeria/nivo-slider/demo/demo.html HTTP/1.1" 200 3237
190.27.63.117 - - [27/Dec/2014:15:42:06 -0500] "GET /galeria/nivo-slider/demo/images/bolsas-08.jpg HTTP/1.1" 200 85589
190.27.63.117 - - [27/Dec/2014:15:42:06 -0500] "GET /galeria/nivo-slider/demo/images/Ruta-vertimientos-01.jpg HTTP/1.1" 200 130151
190.27.63.117 - - [27/Dec/2014:15:42:08 -0500] "GET /galeria/nivo-slider/demo/images/bolsas-06.jpg HTTP/1.1" 200 90982
190.27.63.117 - - [27/Dec/2014:15:42:08 -0500] "GET /galeria/nivo-slider/demo/images/ecolecta-Dic2014.png HTTP/1.1" 304 -
190.27.63.117 - - [27/Dec/2014:15:42:08 -0500] "GET /galeria/nivo-slider/demo/images/Banner-GAE3.jpg HTTP/1.1" 304 -
190.27.63.117 - - [27/Dec/2014:15:42:10 -0500] "GET /videos/Spot_CambioClimatico.flv HTTP/1.1" 304 -
66.249.73.163 - - [27/Dec/2014:15:42:14 -0500] "GET /BLA/resoluciones/RESOLUCIONES%202005/RES%202005%202701%20-2750/00002701.tif HTTP/1.1" 200 88954
100.43.85.25 - - [27/Dec/2014:15:42:39 -0500] "GET /PruebasSTORM/StormSDA_pruebas/storm_silv/EnviosPlugin03.jar HTTP/1.1" 200 27498
66.249.73.155 - - [27/Dec/2014:15:42:56 -0500] "GET /BLA/resoluciones/RESOLUCIONES%202004/RES%202004%202051-2100/00002081.tif HTTP/1.1" 200 149146
181.32.196.127 - - [27/Dec/2014:15:42:58 -0500] "GET /BLA/boletinlegal/js/jquery.js HTTP/1.1" 200 57254
181.32.196.127 - - [27/Dec/2014:15:42:58 -0500] "GET /BLA/boletinlegal/js/jquery.scrollTo-min.js HTTP/1.1" 200 1150
66.249.73.163 - - [27/Dec/2014:15:42:58 -0500] "GET /BLA/resoluciones/RESOLUCIONES%202009/2313.pdf HTTP/1.1" 200 1152838
190.84.185.167 - - [27/Dec/2014:15:42:59 -0500] "GET /forest/session.jsp?a=0.22315106261521578 HTTP/1.1" 200 4
186.30.66.14 - - [27/Dec/2014:15:43:00 -0500] "POST /forms/lservlet;jsessionid=ac16012b30d53ea9f84bca5f42a9821692df51710c28.e3iSbxaKaheRe34Sa3yKbhiTahb0n6jAmljGr5XDqQLvpAe HTTP/1.1" 200 2
181.32.196.127 - - [27/Dec/2014:15:43:02 -0500] "GET /BLA/boletinlegal/js/jquery.scrollShow.js HTTP/1.1" 200 4586
186.84.40.34 - - [27/Dec/2014:15:43:19 -0500] "POST /forms/lservlet;jsessionid=ac16012b30d5f45d3a432e774dcea183dfd7e0dcc671.e3iSbxaKaheRe34Sa3yKbhiTahb0n6jAmljGr5XDqQLvpAe HTTP/1.1" 200 2
66.249.73.155 - - [27/Dec/2014:15:43:57 -0500] "GET /BLA/resoluciones/AUTOS%202007/1216.pdf HTTP/1.1" 304 -
24.8.89.12 - - [27/Dec/2014:15:44:10 -0500] "PUT /webdav/jdelacrix23.php HTTP/1.1" 405 938
186.28.114.15 - - [27/Dec/2014:15:44:26 -0500] "GET /BLA/boletinlegal/js/jquery.js HTTP/1.1" 200 57254
186.28.114.15 - - [27/Dec/2014:15:44:26 -0500] "GET /BLA/boletinlegal/js/jquery.scrollTo-min.js HTTP/1.1" 200 1150
186.28.114.15 - - [27/Dec/2014:15:44:26 -0500] "GET /BLA/boletinlegal/js/jquery.scrollShow.js HTTP/1.1" 200 4586
157.55.39.211 - - [27/Dec/2014:15:44:36 -0500] "GET /videos/galeria-fotografica/index15.html? HTTP/1.1" 200 1971
66.249.73.163 - - [27/Dec/2014:15:44:56 -0500] "GET /BLA/resoluciones/AUTOS%202007/0258.pdf HTTP/1.1" 200 97488
186.30.66.14 - - [27/Dec/2014:15:45:00 -0500] "POST /forms/lservlet;jsessionid=ac16012b30d53ea9f84bca5f42a9821692df51710c28.e3iSbxaKaheRe34Sa3yKbhiTahb0n6jAmljGr5XDqQLvpAe HTTP/1.1" 200 2
186.84.40.34 - - [27/Dec/2014:15:45:19 -0500] "POST /forms/lservlet;jsessionid=ac16012b30d5f45d3a432e774dcea183dfd7e0dcc671.e3iSbxaKaheRe34Sa3yKbhiTahb0n6jAmljGr5XDqQLvpAe HTTP/1.1" 200 2
74.86.158.107 - - [27/Dec/2014:15:45:34 -0500] "HEAD / HTTP/1.1" 302 -
186.84.40.34 - - [27/Dec/2014:15:45:38 -0500] "POST /forms/lservlet;jsessionid=ac16012b30d5f45d3a432e774dcea183dfd7e0dcc671.e3iSbxaKaheRe34Sa3yKbhiTahb0n6jAmljGr5XDqQLvpAe HTTP/1.1" 200 2402
186.119.202.245 - - [27/Dec/2014:15:45:42 -0500] "GET /BLA/boletinlegal/js/jquery.js HTTP/1.1" 200 57254
186.119.202.245 - - [27/Dec/2014:15:45:42 -0500] "GET /BLA/boletinlegal/js/jquery.scrollTo-min.js HTTP/1.1" 200 1150
186.119.202.245 - - [27/Dec/2014:15:45:42 -0500] "GET /BLA/boletinlegal/js/jquery.scrollShow.js HTTP/1.1" 200 4586
186.84.40.34 - - [27/Dec/2014:15:45:46 -0500] "POST /forms/lservlet;jsessionid=ac16012b30d5f45d3a432e774dcea183dfd7e0dcc671.e3iSbxaKaheRe34Sa3yKbhiTahb0n6jAmljGr5XDqQLvpAe HTTP/1.1" 200 26
186.84.40.34 - - [27/Dec/2014:15:45:46 -0500] "POST /forms/lservlet;jsessionid=ac16012b30d5f45d3a432e774dcea183dfd7e0dcc671.e3iSbxaKaheRe34Sa3yKbhiTahb0n6jAmljGr5XDqQLvpAe HTTP/1.1" 200 4376
186.84.40.34 - - [27/Dec/2014:15:45:46 -0500] "POST /forms/lservlet;jsessionid=ac16012b30d5f45d3a432e774dcea183dfd7e0dcc671.e3iSbxaKaheRe34Sa3yKbhiTahb0n6jAmljGr5XDqQLvpAe HTTP/1.1" 200 2
66.249.73.171 - - [27/Dec/2014:15:45:55 -0500] "GET /BLA/resoluciones/RESOLUCIONES%202010/4633.pdf HTTP/1.1" 200 642166
186.84.40.34 - - [27/Dec/2014:15:45:55 -0500] "POST /forms/lservlet;jsessionid=ac16012b30d5f45d3a432e774dcea183dfd7e0dcc671.e3iSbxaKaheRe34Sa3yKbhiTahb0n6jAmljGr5XDqQLvpAe HTTP/1.1" 200 2
186.84.40.34 - - [27/Dec/2014:15:45:55 -0500] "POST /forms/lservlet;jsessionid=ac16012b30d5f45d3a432e774dcea183dfd7e0dcc671.e3iSbxaKaheRe34Sa3yKbhiTahb0n6jAmljGr5XDqQLvpAe HTTP/1.1" 200 14
66.249.73.155 - - [27/Dec/2014:15:45:56 -0500] "GET /BLA/resoluciones/RESOLUCIONES%202005/RES%202005%202701%20-2750/00002737.tif HTTP/1.1" 200 36846
186.84.40.34 - - [27/Dec/2014:15:45:56 -0500] "POST /forms/lservlet;jsessionid=ac16012b30d5f45d3a432e774dcea183dfd7e0dcc671.e3iSbxaKaheRe34Sa3yKbhiTahb0n6jAmljGr5XDqQLvpAe HTTP/1.1" 200 14
186.84.40.34 - - [27/Dec/2014:15:45:57 -0500] "POST /forms/lservlet;jsessionid=ac16012b30d5f45d3a432e774dcea183dfd7e0dcc671.e3iSbxaKaheRe34Sa3yKbhiTahb0n6jAmljGr5XDqQLvpAe HTTP/1.1" 200 14
186.84.40.34 - - [27/Dec/2014:15:45:59 -0500] "POST /forms/lservlet;jsessionid=ac16012b30d5f45d3a432e774dcea183dfd7e0dcc671.e3iSbxaKaheRe34Sa3yKbhiTahb0n6jAmljGr5XDqQLvpAe HTTP/1.1" 200 14
186.154.84.82 - - [27/Dec/2014:15:46:02 -0500] "GET /forest/session.jsp?a=0.3196713933721185 HTTP/1.1" 200 4
186.84.40.34 - - [27/Dec/2014:15:46:01 -0500] "POST /forms/lservlet;jsessionid=ac16012b30d5f45d3a432e774dcea183dfd7e0dcc671.e3iSbxaKaheRe34Sa3yKbhiTahb0n6jAmljGr5XDqQLvpAe HTTP/1.1" 200 15
186.84.40.34 - - [27/Dec/2014:15:46:03 -0500] "POST /forms/lservlet;jsessionid=ac16012b30d5f45d3a432e774dcea183dfd7e0dcc671.e3iSbxaKaheRe34Sa3yKbhiTahb0n6jAmljGr5XDqQLvpAe HTTP/1.1" 200 133
186.84.40.34 - - [27/Dec/2014:15:46:04 -0500] "POST /forms/lservlet;jsessionid=ac16012b30d5f45d3a432e774dcea183dfd7e0dcc671.e3iSbxaKaheRe34Sa3yKbhiTahb0n6jAmljGr5XDqQLvpAe HTTP/1.1" 200 2
66.249.88.209 - - [27/Dec/2014:15:46:19 -0500] "GET /forest/ HTTP/1.1" 200 12782
66.249.88.213 - - [27/Dec/2014:15:46:19 -0500] "GET /forest/img/forestIcon.gif?version=1412.231748 HTTP/1.1" 200 573
186.84.40.34 - - [27/Dec/2014:15:46:05 -0500] "GET /reports/rwservlet/getjobid338256?server=rep_srvapsda HTTP/1.1" 200 5210717
66.249.73.155 - - [27/Dec/2014:15:46:53 -0500] "GET /BLA/resoluciones/RESOLUCIONES%202009/2565.pdf HTTP/1.1" 304 -
186.30.66.14 - - [27/Dec/2014:15:47:00 -0500] "POST /forms/lservlet;jsessionid=ac16012b30d53ea9f84bca5f42a9821692df51710c28.e3iSbxaKaheRe34Sa3yKbhiTahb0n6jAmljGr5XDqQLvpAe HTTP/1.1" 200 2
186.84.40.34 - - [27/Dec/2014:15:47:19 -0500] "POST /forms/lservlet;jsessionid=ac16012b30d5f45d3a432e774dcea183dfd7e0dcc671.e3iSbxaKaheRe34Sa3yKbhiTahb0n6jAmljGr5XDqQLvpAe HTTP/1.1" 200 2
66.249.73.163 - - [27/Dec/2014:15:47:52 -0500] "GET /BLA/resoluciones/AUTOS%202013/0026.pdf HTTP/1.1" 304 -
24.8.89.12 - - [27/Dec/2014:15:47:45 -0500] "PUT /webdav/jdelacrix23.php HTTP/1.1" 405 938
108.170.31.101 - - [27/Dec/2014:15:48:37 -0500] "GET /BLA/resoluciones/RESOLUCIONES HTTP/1.1" 404 1148
180.76.5.58 - - [27/Dec/2014:15:48:48 -0500] "GET /BLA/resoluciones/RESOLUCIONES%202009/8664.pdf HTTP/1.1" 200 610507
66.249.73.171 - - [27/Dec/2014:15:48:51 -0500] "GET /BLA/resoluciones/RESOLUCIONES%202007/RES%202007%20101%20AL%20200/RESOLUCION%200189%20DE%202007.pdf HTTP/1.1" 304 -
190.131.236.194 - - [27/Dec/2014:15:48:54 -0500] "GET /BLA/resoluciones/RESOLUCIONES%202007/RES%202007%201401%20AL%201500/RESOLUCION%201457%20DE%202007.pdf HTTP/1.1" 200 327708
190.131.236.194 - - [27/Dec/2014:15:48:55 -0500] "GET /favicon.ico HTTP/1.1" 200 7782
186.30.66.14 - - [27/Dec/2014:15:49:00 -0500] "POST /forms/lservlet;jsessionid=ac16012b30d53ea9f84bca5f42a9821692df51710c28.e3iSbxaKaheRe34Sa3yKbhiTahb0n6jAmljGr5XDqQLvpAe HTTP/1.1" 200 2
190.131.236.194 - - [27/Dec/2014:15:49:16 -0500] "GET /BLA/resoluciones/RESOLUCIONES%202012/1331.pdf HTTP/1.1" 200 1001517
186.84.40.34 - - [27/Dec/2014:15:49:19 -0500] "POST /forms/lservlet;jsessionid=ac16012b30d5f45d3a432e774dcea183dfd7e0dcc671.e3iSbxaKaheRe34Sa3yKbhiTahb0n6jAmljGr5XDqQLvpAe HTTP/1.1" 200 2
180.76.6.233 - - [27/Dec/2014:15:49:36 -0500] "GET /BLA/resoluciones/RESOLUCIONES%202011/3864.pdf HTTP/1.1" 200 188080
66.249.73.171 - - [27/Dec/2014:15:49:37 -0500] "GET /BLA/resoluciones/RESOLUCIONES%202005/RES%202005%202701%20-2750/00002702.tif HTTP/1.1" 200 119866
66.249.65.196 - - [27/Dec/2014:15:49:49 -0500] "GET /POT-2013/DTS/DTS_20FEB2013_300pm.pdf HTTP/1.1" 304 -
74.86.158.107 - - [27/Dec/2014:15:50:34 -0500] "HEAD / HTTP/1.1" 302 -
66.249.73.163 - - [27/Dec/2014:15:50:40 -0500] "GET /BLA/resoluciones/AUTOS%202014/0865.pdf HTTP/1.1" 200 378768
66.249.73.155 - - [27/Dec/2014:15:50:48 -0500] "GET /BLA/resoluciones/RESOLUCIONES%202007/RES%202007%202401%20AL%202500/RESOLUCION%202458%20DE%202007.pdf HTTP/1.1" 304 -
186.30.66.14 - - [27/Dec/2014:15:51:01 -0500] "POST /forms/lservlet;jsessionid=ac16012b30d53ea9f84bca5f42a9821692df51710c28.e3iSbxaKaheRe34Sa3yKbhiTahb0n6jAmljGr5XDqQLvpAe HTTP/1.1" 200 2
186.154.84.82 - - [27/Dec/2014:15:51:02 -0500] "GET /forest/session.jsp?a=0.15757263964042068 HTTP/1.1" 200 4
186.84.40.34 - - [27/Dec/2014:15:51:20 -0500] "POST /forms/lservlet;jsessionid=ac16012b30d5f45d3a432e774dcea183dfd7e0dcc671.e3iSbxaKaheRe34Sa3yKbhiTahb0n6jAmljGr5XDqQLvpAe HTTP/1.1" 200 2
190.84.185.167 - - [27/Dec/2014:15:51:26 -0500] "GET /forest/session.jsp?a=0.5701487397309393 HTTP/1.1" 200 4
66.249.73.171 - - [27/Dec/2014:15:51:47 -0500] "GET /BLA/resoluciones/RESOLUCIONES%202010/6997.pdf HTTP/1.1" 200 77579
201.244.62.2 - - [27/Dec/2014:15:52:22 -0500] "GET /BLA/boletinlegal/js/jquery.js HTTP/1.1" 200 57254
201.244.62.2 - - [27/Dec/2014:15:52:22 -0500] "GET /BLA/boletinlegal/js/jquery.scrollShow.js HTTP/1.1" 200 4586
201.244.62.2 - - [27/Dec/2014:15:52:22 -0500] "GET /BLA/boletinlegal/js/jquery.scrollTo-min.js HTTP/1.1" 200 1150
66.249.73.163 - - [27/Dec/2014:15:52:43 -0500] "GET /BLA/resoluciones/RESOLUCIONES%202005/RES%202005%20%201601-1650/00001605.tif HTTP/1.1" 200 191794
66.249.73.155 - - [27/Dec/2014:15:52:45 -0500] "GET /BLA/resoluciones/RESOLUCIONES%202007/RES%202007%20601%20AL%20700/RESOLUCION%200699%20DE%202007.pdf HTTP/1.1" 200 164191
186.30.66.14 - - [27/Dec/2014:15:53:01 -0500] "POST /forms/lservlet;jsessionid=ac16012b30d53ea9f84bca5f42a9821692df51710c28.e3iSbxaKaheRe34Sa3yKbhiTahb0n6jAmljGr5XDqQLvpAe HTTP/1.1" 200 2
66.249.73.155 - - [27/Dec/2014:15:53:05 -0500] "GET /BLA/resoluciones/RESOLUCIONES%202005/RES%202005%202701%20-2750/00002740.tif HTTP/1.1" 200 129402
199.30.24.253 - - [27/Dec/2014:15:53:09 -0500] "GET /galeria/nivo-slider/demo/demo.html HTTP/1.1" 200 3237
199.30.24.253 - - [27/Dec/2014:15:53:10 -0500] "GET /galeria/nivo-slider/demo/style.css HTTP/1.1" 200 2222
199.30.24.253 - - [27/Dec/2014:15:53:10 -0500] "GET /galeria/nivo-slider/demo/images/bolsas-08.jpg HTTP/1.1" 200 85589
199.30.24.253 - - [27/Dec/2014:15:53:10 -0500] "GET /galeria/nivo-slider/demo/images/bolsas-06.jpg HTTP/1.1" 200 90982
199.30.24.253 - - [27/Dec/2014:15:53:11 -0500] "GET /galeria/nivo-slider/demo/images/Tingua-azul.jpg HTTP/1.1" 200 307638
199.30.24.253 - - [27/Dec/2014:15:53:19 -0500] "GET /videos/Spot_CambioClimatico.flv HTTP/1.1" 200 4371917
186.84.40.34 - - [27/Dec/2014:15:53:20 -0500] "POST /forms/lservlet;jsessionid=ac16012b30d5f45d3a432e774dcea183dfd7e0dcc671.e3iSbxaKaheRe34Sa3yKbhiTahb0n6jAmljGr5XDqQLvpAe HTTP/1.1" 200 2
180.76.6.36 - - [27/Dec/2014:15:53:38 -0500] "GET /BLA/resoluciones/RESOLUCIONES%202010/7105.pdf HTTP/1.1" 200 74067
66.249.73.163 - - [27/Dec/2014:15:53:44 -0500] "GET /BLA/resoluciones/RESOLUCIONES%202011/1493.pdf HTTP/1.1" 200 72259
66.249.73.155 - - [27/Dec/2014:15:54:43 -0500] "GET /BLA/resoluciones/RESOLUCIONES%202007/RES%202007%203301%20AL%203400/RESOLUCION%203317%20DE%202007.pdf HTTP/1.1" 304 -
186.30.66.14 - - [27/Dec/2014:15:55:01 -0500] "POST /forms/lservlet;jsessionid=ac16012b30d53ea9f84bca5f42a9821692df51710c28.e3iSbxaKaheRe34Sa3yKbhiTahb0n6jAmljGr5XDqQLvpAe HTTP/1.1" 200 2
180.76.6.139 - - [27/Dec/2014:15:55:12 -0500] "GET /BLA/resoluciones/AUTOS%202009/2896.pdf HTTP/1.1" 200 117158
186.84.40.34 - - [27/Dec/2014:15:55:20 -0500] "POST /forms/lservlet;jsessionid=ac16012b30d5f45d3a432e774dcea183dfd7e0dcc671.e3iSbxaKaheRe34Sa3yKbhiTahb0n6jAmljGr5XDqQLvpAe HTTP/1.1" 200 2
74.86.158.107 - - [27/Dec/2014:15:55:34 -0500] "HEAD / HTTP/1.1" 302 -
66.249.73.163 - - [27/Dec/2014:15:55:41 -0500] "GET /BLA/resoluciones/RESOLUCIONES%202011/6454.pdf HTTP/1.1" 304 -
186.154.84.82 - - [27/Dec/2014:15:56:03 -0500] "GET /forest/session.jsp?a=0.22423376492224634 HTTP/1.1" 200 4
190.84.185.167 - - [27/Dec/2014:15:56:26 -0500] "GET /forest/session.jsp?a=0.3154723921325058 HTTP/1.1" 200 4
66.249.73.171 - - [27/Dec/2014:15:56:40 -0500] "GET /BLA/resoluciones/RESOLUCIONES%202011/4690.pdf HTTP/1.1" 200 1088543
186.30.66.14 - - [27/Dec/2014:15:57:01 -0500] "POST /forms/lservlet;jsessionid=ac16012b30d53ea9f84bca5f42a9821692df51710c28.e3iSbxaKaheRe34Sa3yKbhiTahb0n6jAmljGr5XDqQLvpAe HTTP/1.1" 200 2
66.249.73.171 - - [27/Dec/2014:15:57:03 -0500] "GET /BLA/resoluciones/RESOLUCIONES%202005/RES%202005%202701%20-2750/00002712.tif HTTP/1.1" 200 525570
157.55.39.95 - - [27/Dec/2014:15:57:16 -0500] "GET /BLA/boletinlegal/notificaciones.php HTTP/1.1" 200 18349
186.84.40.34 - - [27/Dec/2014:15:57:20 -0500] "POST /forms/lservlet;jsessionid=ac16012b30d5f45d3a432e774dcea183dfd7e0dcc671.e3iSbxaKaheRe34Sa3yKbhiTahb0n6jAmljGr5XDqQLvpAe HTTP/1.1" 200 2
202.46.49.76 - - [27/Dec/2014:15:57:25 -0500] "GET / HTTP/1.1" 302 -
66.249.73.155 - - [27/Dec/2014:15:57:39 -0500] "GET /BLA/resoluciones/RESOLUCIONES%202013/0883.pdf HTTP/1.1" 304 -
119.63.193.196 - - [27/Dec/2014:15:58:14 -0500] "GET / HTTP/1.1" 302 -
66.249.73.171 - - [27/Dec/2014:15:58:37 -0500] "GET /BLA/resoluciones/index.php?dir=RESOLUCIONES%202006/RES%202006%202751-2800/&sort=date&order=asc HTTP/1.1" 200 12358
190.159.253.61 - - [27/Dec/2014:15:58:41 -0500] "GET /BLA/boletinlegal/js/jquery.scrollTo-min.js HTTP/1.1" 200 1150
190.159.253.61 - - [27/Dec/2014:15:58:41 -0500] "GET /BLA/boletinlegal/js/jquery.js HTTP/1.1" 200 57254
190.159.253.61 - - [27/Dec/2014:15:58:41 -0500] "GET /BLA/boletinlegal/js/jquery.scrollShow.js HTTP/1.1" 200 4586
188.186.41.221 - - [27/Dec/2014:15:58:59 -0500] "GET / HTTP/1.0" 302 -
186.30.66.14 - - [27/Dec/2014:15:59:01 -0500] "POST /forms/lservlet;jsessionid=ac16012b30d53ea9f84bca5f42a9821692df51710c28.e3iSbxaKaheRe34Sa3yKbhiTahb0n6jAmljGr5XDqQLvpAe HTTP/1.1" 200 2
186.84.40.34 - - [27/Dec/2014:15:59:20 -0500] "POST /forms/lservlet;jsessionid=ac16012b30d5f45d3a432e774dcea183dfd7e0dcc671.e3iSbxaKaheRe34Sa3yKbhiTahb0n6jAmljGr5XDqQLvpAe HTTP/1.1" 200 2
180.76.6.62 - - [27/Dec/2014:15:59:34 -0500] "GET /BLA/resoluciones/AUTOS%202010/0433.pdf HTTP/1.1" 200 282997
66.249.73.155 - - [27/Dec/2014:15:59:36 -0500] "GET /BLA/resoluciones/index.php?dir=RESOLUCIONES%202006/&sort=name&order=desc HTTP/1.1" 200 16102
186.168.139.175 - - [27/Dec/2014:15:59:57 -0500] "GET /BLA/boletinlegal/js/jquery.scrollTo-min.js HTTP/1.1" 200 1150
186.168.139.175 - - [27/Dec/2014:15:59:57 -0500] "GET /BLA/boletinlegal/js/jquery.scrollShow.js HTTP/1.1" 200 4586
186.168.139.175 - - [27/Dec/2014:15:59:57 -0500] "GET /BLA/boletinlegal/js/jquery.js HTTP/1.1" 200 57254
66.249.73.163 - - [27/Dec/2014:16:00:27 -0500] "GET /BLA/resoluciones/RESOLUCIONES%202005/RES%202005%20%201701-1750/00001722.tif HTTP/1.1" 200 158358
74.86.158.107 - - [27/Dec/2014:16:00:34 -0500] "HEAD / HTTP/1.1" 302 -
66.249.65.188 - - [27/Dec/2014:16:00:35 -0500] "GET /BLA/boletinlegal/Circulares/2012/Circular%20No.%206%20del%2025%20de%20Mayo%20de%202012.pdf HTTP/1.1" 200 387391
186.30.66.14 - - [27/Dec/2014:16:01:01 -0500] "POST /forms/lservlet;jsessionid=ac16012b30d53ea9f84bca5f42a9821692df51710c28.e3iSbxaKaheRe34Sa3yKbhiTahb0n6jAmljGr5XDqQLvpAe HTTP/1.1" 200 2
186.154.84.82 - - [27/Dec/2014:16:01:04 -0500] "GET /forest/session.jsp?a=0.36044530128128827 HTTP/1.1" 200 4
186.84.40.34 - - [27/Dec/2014:16:01:20 -0500] "POST /forms/lservlet;jsessionid=ac16012b30d5f45d3a432e774dcea183dfd7e0dcc671.e3iSbxaKaheRe34Sa3yKbhiTahb0n6jAmljGr5XDqQLvpAe HTTP/1.1" 200 2
190.66.57.79 - - [27/Dec/2014:16:01:24 -0500] "GET /dama/libreria/php/decide.php?patron=03.1305020113&numm=57 HTTP/1.1" 404 1359
190.66.57.79 - - [27/Dec/2014:16:01:25 -0500] "GET /favicon.ico HTTP/1.1" 200 7782
157.55.39.211 - - [27/Dec/2014:16:01:53 -0500] "GET /robots.txt HTTP/1.1" 404 1018
66.249.65.196 - - [27/Dec/2014:16:01:58 -0500] "GET /Anexos%20estudio%20Organizacional%20SDA/ANEXO%20No.%203-%20CONTRATACI%C3%93N%20%20OPS%C2%B4s%202008-2012/CONTRATOS%20SDA%202010%20POR%20DEPENDENCIA%20(1).xls HTTP/1.1" 304 -
157.55.39.211 - - [27/Dec/2014:16:02:28 -0500] "GET /BLA/images/cabezote%20BLEGAL.jpg HTTP/1.1" 404 1018
186.30.66.14 - - [27/Dec/2014:16:03:01 -0500] "POST /forms/lservlet;jsessionid=ac16012b30d53ea9f84bca5f42a9821692df51710c28.e3iSbxaKaheRe34Sa3yKbhiTahb0n6jAmljGr5XDqQLvpAe HTTP/1.1" 200 2
186.84.40.34 - - [27/Dec/2014:16:03:20 -0500] "POST /forms/lservlet;jsessionid=ac16012b30d5f45d3a432e774dcea183dfd7e0dcc671.e3iSbxaKaheRe34Sa3yKbhiTahb0n6jAmljGr5XDqQLvpAe HTTP/1.1" 200 2
181.236.118.237 - - [27/Dec/2014:16:03:27 -0500] "GET /BLA/boletinlegal/js/jquery.js HTTP/1.1" 200 57254
181.236.118.237 - - [27/Dec/2014:16:03:27 -0500] "GET /BLA/boletinlegal/js/jquery.scrollTo-min.js HTTP/1.1" 200 1150
181.236.118.237 - - [27/Dec/2014:16:03:27 -0500] "GET /BLA/boletinlegal/js/jquery.scrollShow.js HTTP/1.1" 200 4586
66.249.65.192 - - [27/Dec/2014:16:03:31 -0500] "GET /Autoliquidacion/index.php?dir=TR%C1MITES+VERTIMIENTOS%2F HTTP/1.1" 200 2471
190.128.53.222 - - [27/Dec/2014:16:03:37 -0500] "GET /BLA/boletinlegal/js/jquery.scrollShow.js HTTP/1.1" 200 4586
190.128.53.222 - - [27/Dec/2014:16:03:37 -0500] "GET /BLA/boletinlegal/js/jquery.js HTTP/1.1" 200 57254
190.128.53.222 - - [27/Dec/2014:16:03:37 -0500] "GET /BLA/boletinlegal/js/jquery.scrollTo-min.js HTTP/1.1" 200 1150
166.127.1.188 - - [27/Dec/2014:16:04:18 -0500] "GET /galeria/nivo-slider/demo/images/Banner-GAE3.jpg HTTP/1.1" 304 -
