190.24.136.214 - - [27/Dec/2014:18:28:23 -0500] "GET /BLA/boletinlegal/js/jquery.js HTTP/1.1" 304 -
190.24.136.214 - - [27/Dec/2014:18:28:23 -0500] "GET /BLA/boletinlegal/js/jquery.scrollTo-min.js HTTP/1.1" 304 -
190.24.136.214 - - [27/Dec/2014:18:28:23 -0500] "GET /BLA/boletinlegal/js/jquery.scrollShow.js HTTP/1.1" 304 -
186.154.84.82 - - [27/Dec/2014:18:28:30 -0500] "GET /forest/skins/gdocs-jar/css/autocomplete.css HTTP/1.1" 304 -
186.154.84.82 - - [27/Dec/2014:18:28:30 -0500] "GET /forest/skins/gdocs-jar/css/tree.css HTTP/1.1" 304 -
186.154.84.82 - - [27/Dec/2014:18:28:30 -0500] "GET /forest/skins/gdocs-jar/css/forms.css HTTP/1.1" 304 -
186.154.84.82 - - [27/Dec/2014:18:28:30 -0500] "GET /forest/skins/gdocs-jar/js/tareas.js?version=1412.231748 HTTP/1.1" 304 -
186.154.84.82 - - [27/Dec/2014:18:28:30 -0500] "GET /forest/skins/gdocs-jar/js/autocompletar2.js?version=1412.231748 HTTP/1.1" 304 -
186.154.84.82 - - [27/Dec/2014:18:28:30 -0500] "GET /forest/skins/gdocs-jar/js/xml_utilities.js?version=1412.231748 HTTP/1.1" 304 -
186.154.84.82 - - [27/Dec/2014:18:28:30 -0500] "GET /forest/skins/gdocs-jar/js/grid.js?version=1412.231748 HTTP/1.1" 304 -
186.154.84.82 - - [27/Dec/2014:18:28:28 -0500] "GET /forest/usutareas.do?_a=0.07350667100399733&group_system_actual=3 HTTP/1.1" 200 118217
186.154.84.82 - - [27/Dec/2014:18:28:30 -0500] "GET /forest/js/usutareas-docs.js HTTP/1.1" 304 -
186.154.84.82 - - [27/Dec/2014:18:28:30 -0500] "GET /forest/js/jquery/jquery-1.5.2.min.js HTTP/1.1" 304 -
186.154.84.82 - - [27/Dec/2014:18:28:30 -0500] "GET /forest/js/jquery/jquery.atmosphere.js HTTP/1.1" 304 -
186.154.84.82 - - [27/Dec/2014:18:28:30 -0500] "GET /forest/js/socketConnection.js HTTP/1.1" 304 -
186.154.84.82 - - [27/Dec/2014:18:28:30 -0500] "GET /forest/skins/gdocs-jar/js/number-functions.js?version=1412.231748 HTTP/1.1" 304 -
186.154.84.82 - - [27/Dec/2014:18:28:30 -0500] "GET /forest/skins/gdocs-jar/js/formsBase.js?version=1412.231748 HTTP/1.1" 304 -
186.154.84.82 - - [27/Dec/2014:18:28:30 -0500] "GET /forest/skins/gdocs-jar/js/swfobject.js?version=1412.231748 HTTP/1.1" 304 -
186.154.84.82 - - [27/Dec/2014:18:28:30 -0500] "GET /forest/skins/gdocs-jar/js/graphicForm.js?version=1412.231748 HTTP/1.1" 304 -
186.154.84.82 - - [27/Dec/2014:18:28:30 -0500] "GET /forest/skins/gdocs-jar/img/print.gif HTTP/1.1" 304 -
186.154.84.82 - - [27/Dec/2014:18:28:30 -0500] "GET /forest/skins/gdocs-jar/img/comments.gif HTTP/1.1" 304 -
186.154.84.82 - - [27/Dec/2014:18:28:31 -0500] "GET /forest/skins/gdocs-jar/img/actividad2.gif HTTP/1.1" 304 -
186.154.84.82 - - [27/Dec/2014:18:28:31 -0500] "GET /forest/skins/gdocs-jar/img/asociarUserOtraDependencia.gif HTTP/1.1" 304 -
186.154.84.82 - - [27/Dec/2014:18:28:31 -0500] "GET /forest/skins/gdocs-jar/img/desasociarUser.gif HTTP/1.1" 304 -
186.154.84.82 - - [27/Dec/2014:18:28:31 -0500] "GET /forest/skins/gdocs-jar/img/vertodossubprocesos.gif HTTP/1.1" 304 -
186.154.84.82 - - [27/Dec/2014:18:28:31 -0500] "GET /forest/img/asociarUser.gif HTTP/1.1" 304 -
186.154.84.82 - - [27/Dec/2014:18:28:31 -0500] "GET /forest/skins/gdocs-jar/img/bola.gif HTTP/1.1" 304 -
186.154.84.82 - - [27/Dec/2014:18:28:31 -0500] "GET /forest/skins/gdocs-jar/img/icons/pdf.gif HTTP/1.1" 304 -
186.154.84.82 - - [27/Dec/2014:18:28:31 -0500] "GET /forest/skins/gdocs-jar/img/prev.gif HTTP/1.1" 304 -
186.154.84.82 - - [27/Dec/2014:18:28:31 -0500] "GET /forest/skins/gdocs-jar/img/spacer.gif HTTP/1.1" 304 -
186.154.84.82 - - [27/Dec/2014:18:28:31 -0500] "GET /forest/skins/gdocs-jar/img/ok.gif HTTP/1.1" 304 -
186.154.84.82 - - [27/Dec/2014:18:28:31 -0500] "GET /forest/skins/gdocs-jar/img/alert.gif HTTP/1.1" 304 -
186.154.84.82 - - [27/Dec/2014:18:28:31 -0500] "GET /forest/skins/gdocs-jar/img/disk.png HTTP/1.1" 304 -
186.154.84.82 - - [27/Dec/2014:18:28:31 -0500] "GET /forest/skins/gdocs-jar/img/control-double.png HTTP/1.1" 304 -
186.154.84.82 - - [27/Dec/2014:18:28:31 -0500] "GET /forest/skins/gdocs-jar/img/close.gif HTTP/1.1" 304 -
186.154.84.82 - - [27/Dec/2014:18:28:31 -0500] "GET /forest/skins/gdocs-jar/img/cancel.gif HTTP/1.1" 304 -
186.154.84.82 - - [27/Dec/2014:18:28:31 -0500] "GET /forest/session.jsp?a=0.11381724220700562 HTTP/1.1" 200 4
186.154.84.82 - - [27/Dec/2014:18:28:32 -0500] "GET /forest/skins/gdocs-jar/img/bgPanel.jpg HTTP/1.1" 304 -
186.154.84.82 - - [27/Dec/2014:18:28:32 -0500] "GET /forest/skins/gdocs-jar/img/green.gif HTTP/1.1" 304 -
186.154.84.82 - - [27/Dec/2014:18:28:41 -0500] "GET /forest/borrador/1584299/Registro%20de%20vertimientos.docx HTTP/1.1" 200 95626
190.84.185.167 - - [27/Dec/2014:18:28:46 -0500] "POST /forms/lservlet;jsessionid=ac16012b30d5663dd830421c49e39f12d6ba7eff8571.e3iSbxaKaheRe34Sa3yKbhiTahb0n6jAmljGr5XDqQLvpAe HTTP/1.1" 200 2
123.125.71.22 - - [27/Dec/2014:18:28:59 -0500] "GET / HTTP/1.1" 302 -
186.30.66.14 - - [27/Dec/2014:18:29:09 -0500] "POST /forms/lservlet;jsessionid=ac16012b30d53ea9f84bca5f42a9821692df51710c28.e3iSbxaKaheRe34Sa3yKbhiTahb0n6jAmljGr5XDqQLvpAe HTTP/1.1" 200 2
190.156.143.139 - - [27/Dec/2014:18:29:21 -0500] "POST /forms/lservlet;jsessionid=ac16012b30d52e7787fc743b4a99828fba55a1ee10d6.e3iSbxaKaheRe34Sa3yKbhiTahb0n6jAmljGr5XDqQLvpAe HTTP/1.1" 200 2
181.207.179.97 - - [27/Dec/2014:18:29:08 -0500] "GET /forest/misactividades.do?_a=0.929541751742363&group_system_actual=3 HTTP/1.1" 200 12758
186.84.40.34 - - [27/Dec/2014:18:29:32 -0500] "POST /forms/lservlet;jsessionid=ac16012b30d5f45d3a432e774dcea183dfd7e0dcc671.e3iSbxaKaheRe34Sa3yKbhiTahb0n6jAmljGr5XDqQLvpAe HTTP/1.1" 200 2
181.207.179.97 - - [27/Dec/2014:18:29:58 -0500] "GET /BLA/boletinlegal/js/jquery.js HTTP/1.1" 200 57254
181.207.179.97 - - [27/Dec/2014:18:29:58 -0500] "GET /BLA/boletinlegal/js/jquery.scrollTo-min.js HTTP/1.1" 200 1150
181.207.179.97 - - [27/Dec/2014:18:29:58 -0500] "GET /BLA/boletinlegal/js/jquery.scrollShow.js HTTP/1.1" 200 4586
181.207.179.97 - - [27/Dec/2014:18:29:59 -0500] "GET /galeria/carrusel/Carrusel/jquery-ui-1.8.13.custom.min.js HTTP/1.1" 200 10800
181.207.179.97 - - [27/Dec/2014:18:29:59 -0500] "GET /galeria/carrusel/Carrusel/jquery.thumbnailScroller.css HTTP/1.1" 200 2066
181.207.179.97 - - [27/Dec/2014:18:29:59 -0500] "GET /galeria/carrusel/Carrusel/jquery.thumbnailScroller.js HTTP/1.1" 200 8157
181.207.179.97 - - [27/Dec/2014:18:30:23 -0500] "GET /galeria/nivo-slider/demo/demo.html HTTP/1.1" 200 3237
74.86.158.107 - - [27/Dec/2014:18:30:34 -0500] "HEAD / HTTP/1.1" 302 -
181.207.179.97 - - [27/Dec/2014:18:30:37 -0500] "GET /galeria/nivo-slider/themes/pascal/pascal.css HTTP/1.1" 200 2258
181.207.179.97 - - [27/Dec/2014:18:30:37 -0500] "GET /galeria/nivo-slider/themes/orman/orman.css HTTP/1.1" 200 2152
181.207.179.97 - - [27/Dec/2014:18:30:37 -0500] "GET /galeria/nivo-slider/demo/style.css HTTP/1.1" 200 2222
181.207.179.97 - - [27/Dec/2014:18:30:37 -0500] "GET /galeria/nivo-slider/demo/images/Banner-GAE3.jpg HTTP/1.1" 200 146354
181.207.179.97 - - [27/Dec/2014:18:30:38 -0500] "GET /galeria/nivo-slider/demo/images/Tingua-azul.jpg HTTP/1.1" 200 307638
181.207.179.97 - - [27/Dec/2014:18:30:38 -0500] "GET /galeria/nivo-slider/demo/images/banner-redes.jpg HTTP/1.1" 200 62209
181.207.179.97 - - [27/Dec/2014:18:30:38 -0500] "GET /galeria/nivo-slider/themes/default/default.css HTTP/1.1" 200 1569
181.207.179.97 - - [27/Dec/2014:18:30:38 -0500] "GET /galeria/nivo-slider/nivo-slider.css HTTP/1.1" 200 1507
181.207.179.97 - - [27/Dec/2014:18:30:39 -0500] "GET /galeria/nivo-slider/demo/images/banner-caballos.png HTTP/1.1" 200 389106
181.207.179.97 - - [27/Dec/2014:18:30:39 -0500] "GET /galeria/nivo-slider/demo/scripts/jquery-1.7.1.min.js HTTP/1.1" 200 93868
181.207.179.97 - - [27/Dec/2014:18:30:45 -0500] "GET /galeria/nivo-slider/demo/images/bolsas-08.jpg HTTP/1.1" 200 85589
190.84.185.167 - - [27/Dec/2014:18:30:46 -0500] "POST /forms/lservlet;jsessionid=ac16012b30d5663dd830421c49e39f12d6ba7eff8571.e3iSbxaKaheRe34Sa3yKbhiTahb0n6jAmljGr5XDqQLvpAe HTTP/1.1" 200 2
186.154.84.82 - - [27/Dec/2014:18:30:43 -0500] "GET /forest/documentos/1932243/2014ER161862.pdf HTTP/1.1" 200 1662264
181.207.179.97 - - [27/Dec/2014:18:30:38 -0500] "GET /galeria/nivo-slider/demo/images/9Signos.jpg HTTP/1.1" 200 93040
181.207.179.97 - - [27/Dec/2014:18:30:58 -0500] "GET /galeria/nivo-slider/demo/images/9Signos.jpg HTTP/1.1" 200 93040
181.207.179.97 - - [27/Dec/2014:18:30:38 -0500] "GET /galeria/nivo-slider/demo/images/porloshumedales.jpg HTTP/1.1" 200 351238
181.207.179.97 - - [27/Dec/2014:18:31:01 -0500] "GET /galeria/nivo-slider/demo/images/banner-llantas2.jpg HTTP/1.1" 200 73153
66.249.73.163 - - [27/Dec/2014:18:31:01 -0500] "GET /BLA/resoluciones/RESOLUCIONES%202011/1912.pdf HTTP/1.1" 200 227938
181.207.179.97 - - [27/Dec/2014:18:30:38 -0500] "GET /galeria/nivo-slider/demo/images/Banner-Caracol-Africano.jpg HTTP/1.1" 200 331986
181.207.179.97 - - [27/Dec/2014:18:31:08 -0500] "GET /galeria/nivo-slider/demo/images/Banner-Caracol-Africano.jpg HTTP/1.1" 200 331986
186.30.66.14 - - [27/Dec/2014:18:31:09 -0500] "POST /forms/lservlet;jsessionid=ac16012b30d53ea9f84bca5f42a9821692df51710c28.e3iSbxaKaheRe34Sa3yKbhiTahb0n6jAmljGr5XDqQLvpAe HTTP/1.1" 200 2
190.84.185.167 - - [27/Dec/2014:18:31:12 -0500] "GET /forest/session.jsp?a=0.3121604905463755 HTTP/1.1" 200 4
181.207.179.97 - - [27/Dec/2014:18:31:01 -0500] "GET /galeria/nivo-slider/demo/images/porloshumedales.jpg HTTP/1.1" 200 351238
181.207.179.97 - - [27/Dec/2014:18:30:39 -0500] "GET /galeria/nivo-slider/jquery.nivo.slider.pack.js HTTP/1.1" 200 11561
190.156.143.139 - - [27/Dec/2014:18:31:21 -0500] "POST /forms/lservlet;jsessionid=ac16012b30d52e7787fc743b4a99828fba55a1ee10d6.e3iSbxaKaheRe34Sa3yKbhiTahb0n6jAmljGr5XDqQLvpAe HTTP/1.1" 200 2
186.84.40.34 - - [27/Dec/2014:18:31:32 -0500] "POST /forms/lservlet;jsessionid=ac16012b30d5f45d3a432e774dcea183dfd7e0dcc671.e3iSbxaKaheRe34Sa3yKbhiTahb0n6jAmljGr5XDqQLvpAe HTTP/1.1" 200 2
181.207.179.97 - - [27/Dec/2014:18:31:36 -0500] "GET /galeria/nivo-slider/demo/demo.html HTTP/1.1" 200 3237
181.207.179.97 - - [27/Dec/2014:18:31:37 -0500] "GET /galeria/nivo-slider/demo/images/4Simple_Slider.png HTTP/1.1" 200 11722
181.207.179.97 - - [27/Dec/2014:18:31:37 -0500] "GET /galeria/nivo-slider/themes/default/loading.gif HTTP/1.1" 200 1737
181.207.179.97 - - [27/Dec/2014:18:31:38 -0500] "GET /galeria/nivo-slider/demo/images/Ruta-vertimientos-01.jpg HTTP/1.1" 200 130151
181.207.179.97 - - [27/Dec/2014:18:31:38 -0500] "GET /galeria/nivo-slider/demo/images/bolsas-06.jpg HTTP/1.1" 200 90982
181.207.179.97 - - [27/Dec/2014:18:31:38 -0500] "GET /galeria/nivo-slider/demo/images/Banner-Caracol-Africano.jpg HTTP/1.1" 200 331986
181.207.179.97 - - [27/Dec/2014:18:31:39 -0500] "GET /galeria/nivo-slider/demo/images/porloshumedales.jpg HTTP/1.1" 200 351238
181.207.179.97 - - [27/Dec/2014:18:31:39 -0500] "GET /galeria/nivo-slider/demo/images/banner-llantas2.jpg HTTP/1.1" 200 73153
181.207.179.97 - - [27/Dec/2014:18:31:39 -0500] "GET /galeria/nivo-slider/demo/images/banner-caballos.png HTTP/1.1" 200 389106
181.207.179.97 - - [27/Dec/2014:18:31:40 -0500] "GET /galeria/nivo-slider/demo/scripts/jquery-1.7.1.min.js HTTP/1.1" 200 93868
181.207.179.97 - - [27/Dec/2014:18:31:40 -0500] "GET /galeria/nivo-slider/jquery.nivo.slider.pack.js HTTP/1.1" 200 11561
190.84.185.167 - - [27/Dec/2014:18:26:03 -0500] "GET /ForestMSG_SDA/channelAsync/template_word_17193512?X-Atmosphere-tracking-id=19f21faf-918b-bb80-b414-fbdb5d30e569&X-Atmosphere-Framework=1.0.5&X-Atmosphere-Transport=long-polling&tabid=0.6302916337735951&X-Cache-Date=0&Content-Type=application/xml&_=1419722830636 HTTP/1.1" 200 8193
190.84.185.167 - - [27/Dec/2014:18:26:11 -0500] "GET /ForestMSG_SDA/channelAsync/template_word_17193518?X-Atmosphere-tracking-id=3566bef3-cdf6-7973-2300-64dd8c7f913e&X-Atmosphere-Framework=1.0.5&X-Atmosphere-Transport=long-polling&tabid=0.8027925624046475&X-Cache-Date=0&Content-Type=application/xml&_=1419722838579 HTTP/1.1" 200 8193
181.207.179.97 - - [27/Dec/2014:18:32:26 -0500] "GET /galeria/nivo-slider/themes/default/arrows.png HTTP/1.1" 200 824
181.207.179.97 - - [27/Dec/2014:18:32:26 -0500] "GET /galeria/nivo-slider/themes/default/bullets.png HTTP/1.1" 200 1281
190.84.185.167 - - [27/Dec/2014:18:32:46 -0500] "POST /forms/lservlet;jsessionid=ac16012b30d5663dd830421c49e39f12d6ba7eff8571.e3iSbxaKaheRe34Sa3yKbhiTahb0n6jAmljGr5XDqQLvpAe HTTP/1.1" 200 2
186.30.66.14 - - [27/Dec/2014:18:33:09 -0500] "POST /forms/lservlet;jsessionid=ac16012b30d53ea9f84bca5f42a9821692df51710c28.e3iSbxaKaheRe34Sa3yKbhiTahb0n6jAmljGr5XDqQLvpAe HTTP/1.1" 200 2
190.156.143.139 - - [27/Dec/2014:18:33:21 -0500] "POST /forms/lservlet;jsessionid=ac16012b30d52e7787fc743b4a99828fba55a1ee10d6.e3iSbxaKaheRe34Sa3yKbhiTahb0n6jAmljGr5XDqQLvpAe HTTP/1.1" 200 2
201.244.217.155 - - [27/Dec/2014:18:33:23 -0500] "GET /BLA/boletinlegal/js/jquery.js HTTP/1.1" 200 57254
201.244.217.155 - - [27/Dec/2014:18:33:23 -0500] "GET /BLA/boletinlegal/js/jquery.scrollTo-min.js HTTP/1.1" 200 1150
201.244.217.155 - - [27/Dec/2014:18:33:23 -0500] "GET /BLA/boletinlegal/js/jquery.scrollShow.js HTTP/1.1" 200 4586
200.118.37.155 - - [27/Dec/2014:18:33:27 -0500] "GET /BLA/boletinlegal/js/jquery.js HTTP/1.1" 200 57254
200.118.37.155 - - [27/Dec/2014:18:33:27 -0500] "GET /BLA/boletinlegal/js/jquery.scrollTo-min.js HTTP/1.1" 200 1150
200.118.37.155 - - [27/Dec/2014:18:33:27 -0500] "GET /BLA/boletinlegal/js/jquery.scrollShow.js HTTP/1.1" 200 4586
186.84.40.34 - - [27/Dec/2014:18:33:32 -0500] "POST /forms/lservlet;jsessionid=ac16012b30d5f45d3a432e774dcea183dfd7e0dcc671.e3iSbxaKaheRe34Sa3yKbhiTahb0n6jAmljGr5XDqQLvpAe HTTP/1.1" 200 2
186.154.84.82 - - [27/Dec/2014:18:33:33 -0500] "GET /forest/session.jsp?a=0.019737105816602707 HTTP/1.1" 200 4
186.154.84.82 - - [27/Dec/2014:18:34:03 -0500] "GET /forest/borrador/1584299/Registro%20de%20vertimientos.docx HTTP/1.1" 200 95626
186.154.84.82 - - [27/Dec/2014:18:28:31 -0500] "GET /ForestMSG_SDA/channelAsync/template_word_17192002?X-Atmosphere-tracking-id=444957e2-0dac-faad-fa5c-a6c0b48efa4c&X-Atmosphere-Framework=1.0.5&X-Atmosphere-Transport=long-polling&tabid=0.8016880690120161&X-Cache-Date=0&Content-Type=application/xml&_=1419723064126 HTTP/1.1" 200 8193
190.84.185.167 - - [27/Dec/2014:18:34:47 -0500] "POST /forms/lservlet;jsessionid=ac16012b30d5663dd830421c49e39f12d6ba7eff8571.e3iSbxaKaheRe34Sa3yKbhiTahb0n6jAmljGr5XDqQLvpAe HTTP/1.1" 200 2
202.46.60.142 - - [27/Dec/2014:18:34:51 -0500] "GET /Autoliquidacion/Solicitudes%20relacionadas%20con%20calidad%20del%20aire%20auditiva%20y%20visual/Evaluaci%F3n%20de%20permisos%20de%20emisi%F3n%20para%20fuentes%20fijas/industrias,%20obras%20o%20actividades%20que%20requieren%20permiso%20de%20emisiones%20atmosfe.pdf HTTP/1.1" 403 1006
100.43.85.25 - - [27/Dec/2014:18:35:04 -0500] "GET /PruebasSTORM/StormSDA_pruebas/userFiles/user_files/listas/130.xml HTTP/1.1" 200 245
186.30.66.14 - - [27/Dec/2014:18:35:09 -0500] "POST /forms/lservlet;jsessionid=ac16012b30d53ea9f84bca5f42a9821692df51710c28.e3iSbxaKaheRe34Sa3yKbhiTahb0n6jAmljGr5XDqQLvpAe HTTP/1.1" 200 2
190.156.143.139 - - [27/Dec/2014:18:35:22 -0500] "POST /forms/lservlet;jsessionid=ac16012b30d52e7787fc743b4a99828fba55a1ee10d6.e3iSbxaKaheRe34Sa3yKbhiTahb0n6jAmljGr5XDqQLvpAe HTTP/1.1" 200 2
186.84.40.34 - - [27/Dec/2014:18:35:32 -0500] "POST /forms/lservlet;jsessionid=ac16012b30d5f45d3a432e774dcea183dfd7e0dcc671.e3iSbxaKaheRe34Sa3yKbhiTahb0n6jAmljGr5XDqQLvpAe HTTP/1.1" 200 2
74.86.158.107 - - [27/Dec/2014:18:35:34 -0500] "HEAD / HTTP/1.1" 302 -
66.249.73.163 - - [27/Dec/2014:18:35:43 -0500] "GET /BLA/resoluciones/RESOLUCIONES%202004/RES%202004%201801-1850/00001827.tif HTTP/1.1" 200 170276
180.76.5.153 - - [27/Dec/2014:18:35:53 -0500] "GET /BLA/resoluciones/RESOLUCIONES%202007/RES%202007%203301%20AL%203400/RESOLUCION%203353%20DE%202007.pdf HTTP/1.1" 200 788098
66.249.73.171 - - [27/Dec/2014:18:35:57 -0500] "GET /BLA/resoluciones/RESOLUCIONES%202009/8247.pdf HTTP/1.1" 200 334526
190.84.185.167 - - [27/Dec/2014:18:36:13 -0500] "GET /forest/session.jsp?a=0.005929525708779693 HTTP/1.1" 200 4
186.154.84.82 - - [27/Dec/2014:18:36:07 -0500] "GET /forest/documentos/1932243/2014ER161862.pdf HTTP/1.1" 200 1662264
180.76.6.14 - - [27/Dec/2014:18:36:30 -0500] "GET /BLA/resoluciones/RESOLUCIONES%202007/RES%202007%203301%20AL%203400/RESOLUCION%203342%20DE%202007.pdf HTTP/1.1" 200 1047152
190.84.185.167 - - [27/Dec/2014:18:36:47 -0500] "POST /forms/lservlet;jsessionid=ac16012b30d5663dd830421c49e39f12d6ba7eff8571.e3iSbxaKaheRe34Sa3yKbhiTahb0n6jAmljGr5XDqQLvpAe HTTP/1.1" 200 2
186.28.0.16 - - [27/Dec/2014:18:36:51 -0500] "GET /dama/libreria/jpg/ecosistemas/aulas/aa2_1.jpg HTTP/1.1" 404 1341
186.30.66.14 - - [27/Dec/2014:18:37:09 -0500] "POST /forms/lservlet;jsessionid=ac16012b30d53ea9f84bca5f42a9821692df51710c28.e3iSbxaKaheRe34Sa3yKbhiTahb0n6jAmljGr5XDqQLvpAe HTTP/1.1" 200 2
190.84.185.167 - - [27/Dec/2014:18:37:19 -0500] "GET /forest/session.jsp?a=0.2706998777575791 HTTP/1.1" 200 4
190.156.143.139 - - [27/Dec/2014:18:37:22 -0500] "POST /forms/lservlet;jsessionid=ac16012b30d52e7787fc743b4a99828fba55a1ee10d6.e3iSbxaKaheRe34Sa3yKbhiTahb0n6jAmljGr5XDqQLvpAe HTTP/1.1" 200 2
186.84.40.34 - - [27/Dec/2014:18:37:32 -0500] "POST /forms/lservlet;jsessionid=ac16012b30d5f45d3a432e774dcea183dfd7e0dcc671.e3iSbxaKaheRe34Sa3yKbhiTahb0n6jAmljGr5XDqQLvpAe HTTP/1.1" 200 2
66.249.73.155 - - [27/Dec/2014:18:37:51 -0500] "GET /BLA/resoluciones/RESOLUCIONES%202009/0999.pdf HTTP/1.1" 200 466568
190.84.185.167 - - [27/Dec/2014:18:32:11 -0500] "GET /ForestMSG_SDA/channelAsync/template_word_17193518?X-Atmosphere-tracking-id=3566bef3-cdf6-7973-2300-64dd8c7f913e&X-Atmosphere-Framework=1.0.5&X-Atmosphere-Transport=long-polling&tabid=0.8027925624046475&X-Cache-Date=0&Content-Type=application/xml&_=1419723198948 HTTP/1.1" 200 8193
186.154.84.82 - - [27/Dec/2014:18:38:34 -0500] "GET /forest/session.jsp?a=0.5509891209658235 HTTP/1.1" 200 4
190.84.185.167 - - [27/Dec/2014:18:38:47 -0500] "POST /forms/lservlet;jsessionid=ac16012b30d5663dd830421c49e39f12d6ba7eff8571.e3iSbxaKaheRe34Sa3yKbhiTahb0n6jAmljGr5XDqQLvpAe HTTP/1.1" 200 2
180.76.6.131 - - [27/Dec/2014:18:38:49 -0500] "GET /BLA/boletinlegal/Circulares/2011/Circular%20No.%209%20del%2003%20de%20Noviembre%20de%202011.pdf HTTP/1.1" 200 54568
190.84.216.174 - - [27/Dec/2014:18:38:57 -0500] "GET /BLA/boletinlegal/js/jquery.js HTTP/1.1" 200 57254
190.84.216.174 - - [27/Dec/2014:18:38:57 -0500] "GET /galeria/carrusel/Carrusel/jquery-ui-1.8.13.custom.min.js HTTP/1.1" 200 10800
190.84.216.174 - - [27/Dec/2014:18:38:57 -0500] "GET /galeria/carrusel/Carrusel/jquery.thumbnailScroller.js HTTP/1.1" 200 8157
190.84.216.174 - - [27/Dec/2014:18:38:57 -0500] "GET /BLA/boletinlegal/js/jquery.scrollShow.js HTTP/1.1" 200 4586
190.84.216.174 - - [27/Dec/2014:18:38:57 -0500] "GET /BLA/boletinlegal/js/jquery.scrollTo-min.js HTTP/1.1" 200 1150
190.84.216.174 - - [27/Dec/2014:18:38:57 -0500] "GET /galeria/carrusel/Carrusel/jquery.thumbnailScroller.css HTTP/1.1" 200 2066
190.84.216.174 - - [27/Dec/2014:18:38:58 -0500] "GET /galeria/nivo-slider/demo/demo.html HTTP/1.1" 200 3237
190.84.216.174 - - [27/Dec/2014:18:38:58 -0500] "GET /galeria/nivo-slider/themes/default/default.css HTTP/1.1" 200 1569
190.84.216.174 - - [27/Dec/2014:18:38:58 -0500] "GET /galeria/nivo-slider/themes/pascal/pascal.css HTTP/1.1" 200 2258
190.84.216.174 - - [27/Dec/2014:18:38:58 -0500] "GET /galeria/nivo-slider/demo/style.css HTTP/1.1" 200 2222
190.84.216.174 - - [27/Dec/2014:18:38:58 -0500] "GET /galeria/nivo-slider/nivo-slider.css HTTP/1.1" 200 1507
190.84.216.174 - - [27/Dec/2014:18:38:58 -0500] "GET /galeria/nivo-slider/demo/scripts/jquery-1.7.1.min.js HTTP/1.1" 200 93868
190.84.216.174 - - [27/Dec/2014:18:38:58 -0500] "GET /galeria/nivo-slider/themes/orman/orman.css HTTP/1.1" 200 2152
190.84.216.174 - - [27/Dec/2014:18:38:58 -0500] "GET /galeria/nivo-slider/jquery.nivo.slider.pack.js HTTP/1.1" 200 11561
190.84.216.174 - - [27/Dec/2014:18:38:59 -0500] "GET /galeria/nivo-slider/themes/default/loading.gif HTTP/1.1" 200 1737
190.84.216.174 - - [27/Dec/2014:18:38:59 -0500] "GET /galeria/nivo-slider/demo/images/4Simple_Slider.png HTTP/1.1" 200 11722
190.84.216.174 - - [27/Dec/2014:18:38:59 -0500] "GET /galeria/nivo-slider/demo/images/Ruta-vertimientos-01.jpg HTTP/1.1" 200 130151
190.84.216.174 - - [27/Dec/2014:18:38:59 -0500] "GET /galeria/nivo-slider/demo/images/bolsas-08.jpg HTTP/1.1" 200 85589
190.84.216.174 - - [27/Dec/2014:18:38:59 -0500] "GET /galeria/nivo-slider/demo/images/bolsas-06.jpg HTTP/1.1" 200 90982
190.84.216.174 - - [27/Dec/2014:18:38:59 -0500] "GET /galeria/nivo-slider/demo/images/ecolecta-Dic2014.png HTTP/1.1" 200 288593
190.84.216.174 - - [27/Dec/2014:18:38:59 -0500] "GET /galeria/nivo-slider/demo/images/Banner-GAE3.jpg HTTP/1.1" 200 146354
190.84.216.174 - - [27/Dec/2014:18:38:59 -0500] "GET /galeria/nivo-slider/demo/images/porloshumedales.jpg HTTP/1.1" 200 351238
190.84.216.174 - - [27/Dec/2014:18:38:59 -0500] "GET /galeria/nivo-slider/demo/images/Tingua-azul.jpg HTTP/1.1" 200 307638
190.84.216.174 - - [27/Dec/2014:18:38:59 -0500] "GET /galeria/nivo-slider/demo/images/Banner-Caracol-Africano.jpg HTTP/1.1" 200 331986
190.84.216.174 - - [27/Dec/2014:18:38:59 -0500] "GET /galeria/nivo-slider/demo/images/banner-redes.jpg HTTP/1.1" 200 62209
190.84.216.174 - - [27/Dec/2014:18:39:00 -0500] "GET /galeria/nivo-slider/demo/images/9Signos.jpg HTTP/1.1" 200 93040
190.84.216.174 - - [27/Dec/2014:18:39:00 -0500] "GET /galeria/nivo-slider/demo/images/banner-llantas2.jpg HTTP/1.1" 200 73153
190.84.216.174 - - [27/Dec/2014:18:39:00 -0500] "GET /galeria/nivo-slider/demo/images/banner-caballos.png HTTP/1.1" 200 389106
190.84.216.174 - - [27/Dec/2014:18:39:01 -0500] "GET /galeria/nivo-slider/themes/default/arrows.png HTTP/1.1" 200 824
190.84.216.174 - - [27/Dec/2014:18:39:01 -0500] "GET /galeria/nivo-slider/themes/default/bullets.png HTTP/1.1" 200 1281
190.84.216.174 - - [27/Dec/2014:18:39:02 -0500] "GET /videos/Spot_CambioClimatico.flv HTTP/1.1" 200 4371917
186.30.66.14 - - [27/Dec/2014:18:39:09 -0500] "POST /forms/lservlet;jsessionid=ac16012b30d53ea9f84bca5f42a9821692df51710c28.e3iSbxaKaheRe34Sa3yKbhiTahb0n6jAmljGr5XDqQLvpAe HTTP/1.1" 200 2
66.249.73.155 - - [27/Dec/2014:18:39:13 -0500] "GET /Anexos%20estudio%20Organizacional%20SDA/index.php?dir=ANEXO+No.+1-+NORMAS+LEGALES+DE+ESTRUCTURA+Y+PLANTA%2FAcuerdo+9+de+1990+Concejo+de+Bogot%E1._files%2F HTTP/1.1" 200 10511
190.156.143.139 - - [27/Dec/2014:18:39:22 -0500] "POST /forms/lservlet;jsessionid=ac16012b30d52e7787fc743b4a99828fba55a1ee10d6.e3iSbxaKaheRe34Sa3yKbhiTahb0n6jAmljGr5XDqQLvpAe HTTP/1.1" 200 2
180.76.6.139 - - [27/Dec/2014:18:39:27 -0500] "GET /BLA/resoluciones/AUTOS%202009/3019.pdf HTTP/1.1" 200 183044
186.84.40.34 - - [27/Dec/2014:18:39:32 -0500] "POST /forms/lservlet;jsessionid=ac16012b30d5f45d3a432e774dcea183dfd7e0dcc671.e3iSbxaKaheRe34Sa3yKbhiTahb0n6jAmljGr5XDqQLvpAe HTTP/1.1" 200 2
66.249.73.155 - - [27/Dec/2014:18:39:39 -0500] "GET /BLA/resoluciones/RESOLUCIONES%202010/7405.pdf HTTP/1.1" 200 497363
190.234.61.44 - - [27/Dec/2014:18:39:55 -0500] "GET /BLA/boletinlegal/js/jquery.js HTTP/1.1" 200 57254
190.234.61.44 - - [27/Dec/2014:18:39:55 -0500] "GET /BLA/boletinlegal/js/jquery.scrollTo-min.js HTTP/1.1" 200 1150
190.234.61.44 - - [27/Dec/2014:18:39:55 -0500] "GET /BLA/boletinlegal/js/jquery.scrollShow.js HTTP/1.1" 200 4586
186.154.84.82 - - [27/Dec/2014:18:34:31 -0500] "GET /ForestMSG_SDA/channelAsync/template_word_17192002?X-Atmosphere-tracking-id=444957e2-0dac-faad-fa5c-a6c0b48efa4c&X-Atmosphere-Framework=1.0.5&X-Atmosphere-Transport=long-polling&tabid=0.8016880690120161&X-Cache-Date=0&Content-Type=application/xml&_=1419723424534 HTTP/1.1" 200 8193
74.86.158.107 - - [27/Dec/2014:18:40:34 -0500] "HEAD / HTTP/1.1" 302 -
186.154.84.82 - - [27/Dec/2014:18:40:35 -0500] "GET /forest/skins/gdocs-jar/popup/escritorio/subirborrador.jsp?form=revctvertimientos&codTpl=&codBorr=534222&a=0.05598652292974293 HTTP/1.1" 200 23292
186.154.84.82 - - [27/Dec/2014:18:40:36 -0500] "GET /forest/img/lapiz.gif HTTP/1.1" 200 914
186.154.84.82 - - [27/Dec/2014:18:40:36 -0500] "GET /forest/json.do?query=borradoresByTpls&codInst=3006460&codTare=2993&firma=0&a=0.1583496774546802 HTTP/1.1" 200 184
186.154.84.82 - - [27/Dec/2014:18:40:36 -0500] "GET /forest/json.do?query=plantillasByTarea&codTare=2993&codInst=3006460&firma=0&a=0.3707339228130877 HTTP/1.1" 200 131
186.154.84.82 - - [27/Dec/2014:18:40:36 -0500] "GET /forest/skins/gdocs-jar/img/top-search-icon.gif HTTP/1.1" 304 -
186.154.84.82 - - [27/Dec/2014:18:40:36 -0500] "GET /forest/img/historial.gif HTTP/1.1" 200 1341
186.154.84.82 - - [27/Dec/2014:18:40:36 -0500] "GET /forest/json.do?query=terceroById&numTer=900241765&a=0.34847861248999834 HTTP/1.1" 200 687
186.154.84.82 - - [27/Dec/2014:18:40:36 -0500] "GET /forest/img/adduser.gif HTTP/1.1" 200 1249
186.154.84.82 - - [27/Dec/2014:18:40:36 -0500] "GET /forest/json.do?query=datosBorradorByCodTraBorr&codTraBorr=1584299&a=0.6036894614808261 HTTP/1.1" 200 180
186.154.84.82 - - [27/Dec/2014:18:40:36 -0500] "GET /forest/json.do?query=adjuntosByBorrador&codTraBorr=1584299&a=0.20523982238955796 HTTP/1.1" 200 2
186.154.84.82 - - [27/Dec/2014:18:40:36 -0500] "GET /forest/json.do?query=ultimoBorradorByTpl&codTpl=2085&codInst=3006460&a=0.34914732282049954 HTTP/1.1" 200 20
186.154.84.82 - - [27/Dec/2014:18:40:36 -0500] "GET /forest/skins/gdocs-jar/img/expandido.gif HTTP/1.1" 200 190
186.154.84.82 - - [27/Dec/2014:18:40:36 -0500] "GET /forest/skins/gdocs-jar/img/icons/docx.gif HTTP/1.1" 304 -
190.84.185.167 - - [27/Dec/2014:18:40:47 -0500] "POST /forms/lservlet;jsessionid=ac16012b30d5663dd830421c49e39f12d6ba7eff8571.e3iSbxaKaheRe34Sa3yKbhiTahb0n6jAmljGr5XDqQLvpAe HTTP/1.1" 200 2
186.154.84.82 - - [27/Dec/2014:18:40:55 -0500] "POST /forest/usutareas.do?group_system_actual=3 HTTP/1.1" 200 200
66.249.73.171 - - [27/Dec/2014:18:41:00 -0500] "GET /BLA/resoluciones/RESOLUCIONES%202007/RES%202007%202001%20AL%202100/RESOLUCION%202083%20DE%202007.pdf HTTP/1.1" 200 478891
186.154.84.82 - - [27/Dec/2014:18:40:31 -0500] "GET /ForestMSG_SDA/channelAsync/template_word_17192002?X-Atmosphere-tracking-id=444957e2-0dac-faad-fa5c-a6c0b48efa4c&X-Atmosphere-Framework=1.0.5&X-Atmosphere-Transport=long-polling&tabid=0.8016880690120161&X-Cache-Date=0&Content-Type=application/xml&_=1419723784657 HTTP/1.1" 200 8193
186.154.84.82 - - [27/Dec/2014:18:41:02 -0500] "GET /forest/usutareas.do?group_system_actual=3&a=0.8257925237994641 HTTP/1.1" 200 118232
186.154.84.82 - - [27/Dec/2014:18:41:05 -0500] "GET /forest/session.jsp?a=0.10512089380063117 HTTP/1.1" 200 4
186.30.66.14 - - [27/Dec/2014:18:41:09 -0500] "POST /forms/lservlet;jsessionid=ac16012b30d53ea9f84bca5f42a9821692df51710c28.e3iSbxaKaheRe34Sa3yKbhiTahb0n6jAmljGr5XDqQLvpAe HTTP/1.1" 200 2
190.84.185.167 - - [27/Dec/2014:18:41:14 -0500] "GET /forest/session.jsp?a=0.33679377450607717 HTTP/1.1" 200 4
190.156.143.139 - - [27/Dec/2014:18:41:23 -0500] "POST /forms/lservlet;jsessionid=ac16012b30d52e7787fc743b4a99828fba55a1ee10d6.e3iSbxaKaheRe34Sa3yKbhiTahb0n6jAmljGr5XDqQLvpAe HTTP/1.1" 200 2
186.84.40.34 - - [27/Dec/2014:18:41:32 -0500] "POST /forms/lservlet;jsessionid=ac16012b30d5f45d3a432e774dcea183dfd7e0dcc671.e3iSbxaKaheRe34Sa3yKbhiTahb0n6jAmljGr5XDqQLvpAe HTTP/1.1" 200 2
181.207.179.97 - - [27/Dec/2014:18:41:29 -0500] "GET /forest/misactividades.do?_a=0.929541751742363&group_system_actual=3 HTTP/1.1" 200 12758
186.154.84.82 - - [27/Dec/2014:18:41:51 -0500] "POST /forest/usutareas.do? HTTP/1.1" 200 76
181.207.179.97 - - [27/Dec/2014:18:41:53 -0500] "POST /forest/login.do HTTP/1.1" 302 -
181.207.179.97 - - [27/Dec/2014:18:41:57 -0500] "GET /forest/index2.jsp?a=0.5270936348545138 HTTP/1.1" 200 36960
181.207.179.97 - - [27/Dec/2014:18:42:00 -0500] "GET /forest/session.jsp?a=0.32034066086634994 HTTP/1.1" 200 4
186.154.84.82 - - [27/Dec/2014:18:42:00 -0500] "GET /forest/usutareas.do?group_system_actual=3&a=0.8303671646863222 HTTP/1.1" 200 19878
186.154.84.82 - - [27/Dec/2014:18:42:00 -0500] "GET /forest/session.jsp?a=0.33493945002555847 HTTP/1.1" 200 4
181.207.179.97 - - [27/Dec/2014:18:42:02 -0500] "GET /forest/misactividades.do?group_system_actual=3&codPro=95&_a=0.7653484904790091 HTTP/1.1" 200 38110
181.207.179.97 - - [27/Dec/2014:18:42:05 -0500] "GET /forest/js/jquery/css/jquery-ui-selectmenu.css HTTP/1.1" 200 2553
181.207.179.97 - - [27/Dec/2014:18:42:05 -0500] "GET /forest/js/jquery/grid/css/ui.jqgrid.css HTTP/1.1" 200 14763
181.207.179.97 - - [27/Dec/2014:18:42:05 -0500] "GET /forest/js/jquery/grid/css/ui.multiselect.css HTTP/1.1" 200 1886
181.207.179.97 - - [27/Dec/2014:18:42:05 -0500] "GET /forest/js/jquery/css/jquery-ui-1.8.1.custom.css HTTP/1.1" 200 29141
181.207.179.97 - - [27/Dec/2014:18:42:14 -0500] "GET /forest/js/jquery/i18n/grid.locale-en.js HTTP/1.1" 200 3927
181.207.179.97 - - [27/Dec/2014:18:42:16 -0500] "GET /forest/js/jquery/plugins/ui.multiselect.js HTTP/1.1" 200 10577
181.207.179.97 - - [27/Dec/2014:18:42:10 -0500] "GET /forest/js/jquery/plugins/jquery.ui.selectmenu.js HTTP/1.1" 200 26591
190.84.185.167 - - [27/Dec/2014:18:42:20 -0500] "GET /forest/session.jsp?a=0.2755513514857739 HTTP/1.1" 200 4
181.207.179.97 - - [27/Dec/2014:18:42:14 -0500] "GET /forest/js/jquery/plugins/jquery.searchFilter.js HTTP/1.1" 200 37785
181.207.179.97 - - [27/Dec/2014:18:42:06 -0500] "GET /forest/js/jquery/jquery-latest.js HTTP/1.1" 200 180411
181.207.179.97 - - [27/Dec/2014:18:42:09 -0500] "GET /forest/js/jquery/jquery-ui-latest.js HTTP/1.1" 200 359766
181.207.179.97 - - [27/Dec/2014:18:42:20 -0500] "GET /forest/js/jquery/plugins/jquery.tablednd.js HTTP/1.1" 200 17091
181.207.179.97 - - [27/Dec/2014:18:42:22 -0500] "GET /forest/js/jquery/plugins/jquery.contextmenu.js HTTP/1.1" 200 4443
181.207.179.97 - - [27/Dec/2014:18:42:22 -0500] "GET /forest/js/jquery/plugins/grid.setcolumns.js HTTP/1.1" 200 5638
181.207.179.97 - - [27/Dec/2014:18:42:09 -0500] "GET /forest/js/jquery/jquery.layout-latest.js HTTP/1.1" 200 142624
181.207.179.97 - - [27/Dec/2014:18:42:23 -0500] "GET /forest/js/jqGridConf.js HTTP/1.1" 200 19741
186.154.84.82 - - [27/Dec/2014:18:42:25 -0500] "GET /forest/misactividades.do?_a=0.3589258873835206&group_system_actual=3 HTTP/1.1" 200 37897
186.154.84.82 - - [27/Dec/2014:18:42:26 -0500] "GET /forest/session.jsp?a=0.43393628718331456 HTTP/1.1" 200 4
186.154.84.82 - - [27/Dec/2014:18:42:26 -0500] "GET /forest/img/jquery/ui-icons_d8e7f3_256x240.png HTTP/1.1" 304 -
186.154.84.82 - - [27/Dec/2014:18:42:26 -0500] "POST /forest/misactividades.do?ajax=true&a=0.5145914889872074 HTTP/1.1" 200 1144
66.249.73.155 - - [27/Dec/2014:18:42:32 -0500] "GET /BLA/resoluciones/RESOLUCIONES%202006/RES%202006%20%202901-2950/00002942.tif HTTP/1.1" 200 241320
190.84.216.174 - - [27/Dec/2014:18:42:41 -0500] "GET /galeria/carrusel/Carrusel/jquery.thumbnailScroller.css HTTP/1.1" 200 2066
190.84.216.174 - - [27/Dec/2014:18:42:41 -0500] "GET /galeria/carrusel/Carrusel/jquery-ui-1.8.13.custom.min.js HTTP/1.1" 200 10800
190.84.216.174 - - [27/Dec/2014:18:42:41 -0500] "GET /galeria/carrusel/Carrusel/jquery.thumbnailScroller.js HTTP/1.1" 200 8157
190.84.216.174 - - [27/Dec/2014:18:42:46 -0500] "GET /galeria/nivo-slider/demo/demo.html HTTP/1.1" 200 3237
190.84.216.174 - - [27/Dec/2014:18:42:46 -0500] "GET /galeria/nivo-slider/themes/default/default.css HTTP/1.1" 200 1569
190.84.216.174 - - [27/Dec/2014:18:42:46 -0500] "GET /galeria/nivo-slider/themes/pascal/pascal.css HTTP/1.1" 200 2258
190.84.216.174 - - [27/Dec/2014:18:42:46 -0500] "GET /galeria/nivo-slider/themes/orman/orman.css HTTP/1.1" 200 2152
190.84.216.174 - - [27/Dec/2014:18:42:46 -0500] "GET /galeria/nivo-slider/nivo-slider.css HTTP/1.1" 200 1507
190.84.216.174 - - [27/Dec/2014:18:42:46 -0500] "GET /galeria/nivo-slider/demo/scripts/jquery-1.7.1.min.js HTTP/1.1" 200 93868
190.84.216.174 - - [27/Dec/2014:18:42:46 -0500] "GET /galeria/nivo-slider/demo/style.css HTTP/1.1" 200 2222
190.84.216.174 - - [27/Dec/2014:18:42:46 -0500] "GET /galeria/nivo-slider/jquery.nivo.slider.pack.js HTTP/1.1" 200 11561
190.84.216.174 - - [27/Dec/2014:18:42:46 -0500] "GET /galeria/nivo-slider/demo/images/bolsas-08.jpg HTTP/1.1" 200 85589
190.84.216.174 - - [27/Dec/2014:18:42:46 -0500] "GET /galeria/nivo-slider/demo/images/bolsas-06.jpg HTTP/1.1" 200 90982
190.84.216.174 - - [27/Dec/2014:18:42:46 -0500] "GET /galeria/nivo-slider/demo/images/Ruta-vertimientos-01.jpg HTTP/1.1" 200 130151
190.84.216.174 - - [27/Dec/2014:18:42:46 -0500] "GET /galeria/nivo-slider/demo/images/Banner-GAE3.jpg HTTP/1.1" 200 146354
190.84.216.174 - - [27/Dec/2014:18:42:46 -0500] "GET /galeria/nivo-slider/demo/images/ecolecta-Dic2014.png HTTP/1.1" 200 288593
190.84.216.174 - - [27/Dec/2014:18:42:46 -0500] "GET /galeria/nivo-slider/demo/images/porloshumedales.jpg HTTP/1.1" 200 351238
190.84.216.174 - - [27/Dec/2014:18:42:47 -0500] "GET /galeria/nivo-slider/demo/images/Tingua-azul.jpg HTTP/1.1" 200 307638
190.84.185.167 - - [27/Dec/2014:18:42:47 -0500] "POST /forms/lservlet;jsessionid=ac16012b30d5663dd830421c49e39f12d6ba7eff8571.e3iSbxaKaheRe34Sa3yKbhiTahb0n6jAmljGr5XDqQLvpAe HTTP/1.1" 200 2
190.84.216.174 - - [27/Dec/2014:18:42:47 -0500] "GET /galeria/nivo-slider/demo/images/4Simple_Slider.png HTTP/1.1" 200 11722
190.84.216.174 - - [27/Dec/2014:18:42:47 -0500] "GET /galeria/nivo-slider/themes/default/loading.gif HTTP/1.1" 200 1737
190.84.216.174 - - [27/Dec/2014:18:42:47 -0500] "GET /galeria/nivo-slider/demo/images/Banner-Caracol-Africano.jpg HTTP/1.1" 200 331986
190.84.216.174 - - [27/Dec/2014:18:42:47 -0500] "GET /galeria/nivo-slider/demo/images/banner-redes.jpg HTTP/1.1" 200 62209
190.84.216.174 - - [27/Dec/2014:18:42:47 -0500] "GET /galeria/nivo-slider/demo/images/9Signos.jpg HTTP/1.1" 200 93040
190.84.216.174 - - [27/Dec/2014:18:42:48 -0500] "GET /galeria/nivo-slider/demo/images/banner-llantas2.jpg HTTP/1.1" 200 73153
190.84.216.174 - - [27/Dec/2014:18:42:48 -0500] "GET /galeria/nivo-slider/demo/images/banner-caballos.png HTTP/1.1" 200 389106
190.84.216.174 - - [27/Dec/2014:18:42:49 -0500] "GET /galeria/nivo-slider/themes/default/arrows.png HTTP/1.1" 200 824
190.84.216.174 - - [27/Dec/2014:18:42:49 -0500] "GET /galeria/nivo-slider/themes/default/bullets.png HTTP/1.1" 200 1281
190.84.216.174 - - [27/Dec/2014:18:42:49 -0500] "GET /videos/Spot_CambioClimatico.flv HTTP/1.1" 200 4371917
180.76.6.158 - - [27/Dec/2014:18:43:02 -0500] "GET /BLA/boletinlegal/registro/index.php HTTP/1.1" 200 2721
186.154.84.82 - - [27/Dec/2014:18:43:01 -0500] "GET /forest/usutareas.do?_a=0.11075377627275884&group_system_actual=3 HTTP/1.1" 200 118096
186.154.84.82 - - [27/Dec/2014:18:43:04 -0500] "GET /forest/session.jsp?a=0.3144028524402529 HTTP/1.1" 200 4
180.76.5.147 - - [27/Dec/2014:18:43:07 -0500] "GET /BLA/boletinlegal/registro/ HTTP/1.1" 200 2721
186.30.66.14 - - [27/Dec/2014:18:43:09 -0500] "POST /forms/lservlet;jsessionid=ac16012b30d53ea9f84bca5f42a9821692df51710c28.e3iSbxaKaheRe34Sa3yKbhiTahb0n6jAmljGr5XDqQLvpAe HTTP/1.1" 200 2
186.154.84.82 - - [27/Dec/2014:18:43:11 -0500] "GET /forest/borrador/1584358/Registro%20de%20vertimientos.docx HTTP/1.1" 200 101471
190.156.143.139 - - [27/Dec/2014:18:43:23 -0500] "POST /forms/lservlet;jsessionid=ac16012b30d52e7787fc743b4a99828fba55a1ee10d6.e3iSbxaKaheRe34Sa3yKbhiTahb0n6jAmljGr5XDqQLvpAe HTTP/1.1" 200 2
186.84.40.34 - - [27/Dec/2014:18:43:32 -0500] "POST /forms/lservlet;jsessionid=ac16012b30d5f45d3a432e774dcea183dfd7e0dcc671.e3iSbxaKaheRe34Sa3yKbhiTahb0n6jAmljGr5XDqQLvpAe HTTP/1.1" 200 2
66.249.73.155 - - [27/Dec/2014:18:44:10 -0500] "GET /BLA/resoluciones/RESOLUCIONES%202009/4555.pdf HTTP/1.1" 200 638961
190.84.185.167 - - [27/Dec/2014:18:38:11 -0500] "GET /ForestMSG_SDA/channelAsync/template_word_17193518?X-Atmosphere-tracking-id=3566bef3-cdf6-7973-2300-64dd8c7f913e&X-Atmosphere-Framework=1.0.5&X-Atmosphere-Transport=long-polling&tabid=0.8027925624046475&X-Cache-Date=0&Content-Type=application/xml&_=1419723558971 HTTP/1.1" 200 8193
181.207.179.97 - - [27/Dec/2014:18:42:17 -0500] "GET /forest/js/jquery/jquery.jqGrid.src.js HTTP/1.1" 200 383407
190.84.185.167 - - [27/Dec/2014:18:44:47 -0500] "POST /forms/lservlet;jsessionid=ac16012b30d5663dd830421c49e39f12d6ba7eff8571.e3iSbxaKaheRe34Sa3yKbhiTahb0n6jAmljGr5XDqQLvpAe HTTP/1.1" 200 2
181.207.179.97 - - [27/Dec/2014:18:44:55 -0500] "POST /forest/misactividades.do?ajax=true&a=0.25711544789373875 HTTP/1.1" 200 1795
181.207.179.97 - - [27/Dec/2014:18:44:55 -0500] "GET /forest/skins/gdocs-jar/img/clip.gif HTTP/1.1" 200 246
181.207.179.97 - - [27/Dec/2014:18:44:55 -0500] "GET /forest/img/jquery/ui-bg_flat_0_aaaaaa_40x100.png HTTP/1.1" 200 180
181.207.179.97 - - [27/Dec/2014:18:44:59 -0500] "GET /forest/img/jquery/save.gif HTTP/1.1" 200 1041
181.207.179.97 - - [27/Dec/2014:18:45:01 -0500] "GET /forest/img/jquery/columnshide.gif HTTP/1.1" 200 591
181.207.179.97 - - [27/Dec/2014:18:44:55 -0500] "GET /forest/img/jquery/ui-bg_inset-hard_100_f5f8f9_1x100.png HTTP/1.1" 200 48020
181.207.179.97 - - [27/Dec/2014:18:44:55 -0500] "GET /forest/img/jquery/ui-bg_inset-hard_100_fcfdfd_1x100.png HTTP/1.1" 200 47825
181.207.179.97 - - [27/Dec/2014:18:45:05 -0500] "GET /forest/img/jquery/quitarfiltrar.gif HTTP/1.1" 200 1021
181.207.179.97 - - [27/Dec/2014:18:45:05 -0500] "GET /forest/img/jquery/ui-bg_glass_85_dfeffc_1x400.png HTTP/1.1" 200 14625
186.30.66.14 - - [27/Dec/2014:18:45:09 -0500] "POST /forms/lservlet;jsessionid=ac16012b30d53ea9f84bca5f42a9821692df51710c28.e3iSbxaKaheRe34Sa3yKbhiTahb0n6jAmljGr5XDqQLvpAe HTTP/1.1" 200 2
181.207.179.97 - - [27/Dec/2014:18:45:03 -0500] "GET /forest/usutareas.do?_a=0.44772849581204355&group_system_actual=3 HTTP/1.1" 200 113412
181.207.179.97 - - [27/Dec/2014:18:45:12 -0500] "GET /forest/skins/gdocs-jar/js/grid.js?version=1412.231748 HTTP/1.1" 200 7034
181.207.179.97 - - [27/Dec/2014:18:45:12 -0500] "GET /forest/js/usutareas-docs.js HTTP/1.1" 200 646
181.207.179.97 - - [27/Dec/2014:18:45:13 -0500] "GET /forest/skins/gdocs-jar/css/forms.css HTTP/1.1" 200 7180
181.207.179.97 - - [27/Dec/2014:18:45:13 -0500] "GET /forest/js/socketConnection.js HTTP/1.1" 200 3648
181.207.179.97 - - [27/Dec/2014:18:45:14 -0500] "GET /forest/skins/gdocs-jar/js/number-functions.js?version=1412.231748 HTTP/1.1" 200 9577
181.207.179.97 - - [27/Dec/2014:18:45:11 -0500] "GET /forest/skins/gdocs-jar/js/tareas.js?version=1412.231748 HTTP/1.1" 200 41572
181.207.179.97 - - [27/Dec/2014:18:45:15 -0500] "GET /forest/skins/gdocs-jar/js/swfobject.js?version=1412.231748 HTTP/1.1" 200 6887
181.207.179.97 - - [27/Dec/2014:18:45:16 -0500] "GET /forest/skins/gdocs-jar/img/desasociarUser.gif HTTP/1.1" 200 1209
181.207.179.97 - - [27/Dec/2014:18:45:16 -0500] "GET /forest/skins/gdocs-jar/js/graphicForm.js?version=1412.231748 HTTP/1.1" 200 16490
181.207.179.97 - - [27/Dec/2014:18:45:17 -0500] "GET /forest/img/asociarUser.gif HTTP/1.1" 200 1227
181.207.179.97 - - [27/Dec/2014:18:45:14 -0500] "GET /forest/skins/gdocs-jar/js/formsBase.js?version=1412.231748 HTTP/1.1" 200 100846
181.207.179.97 - - [27/Dec/2014:18:45:19 -0500] "GET /forest/skins/gdocs-jar/img/asociarUserOtraDependencia.gif HTTP/1.1" 200 1217
181.207.179.97 - - [27/Dec/2014:18:45:19 -0500] "GET /forest/skins/gdocs-jar/img/comments.gif HTTP/1.1" 200 672
181.207.179.97 - - [27/Dec/2014:18:45:13 -0500] "GET /forest/js/jquery/jquery.atmosphere.js HTTP/1.1" 200 103614
181.207.179.97 - - [27/Dec/2014:18:45:20 -0500] "GET /forest/skins/gdocs-jar/img/print.gif HTTP/1.1" 200 1195
181.207.179.97 - - [27/Dec/2014:18:45:22 -0500] "GET /forest/skins/gdocs-jar/img/actividad2.gif HTTP/1.1" 200 1189
181.207.179.97 - - [27/Dec/2014:18:45:23 -0500] "GET /forest/skins/gdocs-jar/img/vertodossubprocesos.gif HTTP/1.1" 200 167
181.207.179.97 - - [27/Dec/2014:18:45:23 -0500] "GET /forest/skins/gdocs-jar/img/ok.gif HTTP/1.1" 200 579
181.207.179.97 - - [27/Dec/2014:18:45:23 -0500] "GET /forest/skins/gdocs-jar/img/bola.gif HTTP/1.1" 200 272
190.156.143.139 - - [27/Dec/2014:18:45:24 -0500] "POST /forms/lservlet;jsessionid=ac16012b30d52e7787fc743b4a99828fba55a1ee10d6.e3iSbxaKaheRe34Sa3yKbhiTahb0n6jAmljGr5XDqQLvpAe HTTP/1.1" 200 2
181.207.179.97 - - [27/Dec/2014:18:45:24 -0500] "GET /forest/img/warning.gif HTTP/1.1" 200 1013
181.207.179.97 - - [27/Dec/2014:18:45:25 -0500] "GET /forest/skins/gdocs-jar/img/alert.gif HTTP/1.1" 200 595
181.207.179.97 - - [27/Dec/2014:18:45:26 -0500] "GET /forest/skins/gdocs-jar/img/close.gif HTTP/1.1" 200 571
181.207.179.97 - - [27/Dec/2014:18:45:27 -0500] "GET /forest/skins/gdocs-jar/img/spacer.gif HTTP/1.1" 200 43
181.207.179.97 - - [27/Dec/2014:18:45:27 -0500] "GET /forest/skins/gdocs-jar/img/prev.gif HTTP/1.1" 200 827
181.207.179.97 - - [27/Dec/2014:18:45:25 -0500] "GET /forest/skins/gdocs-jar/img/control-double.png HTTP/1.1" 200 21754
181.136.229.134 - - [27/Dec/2014:18:45:29 -0500] "GET /BLA/resoluciones/RESOLUCIONES%202008/2580.pdf HTTP/1.1" 200 830963
181.207.179.97 - - [27/Dec/2014:18:45:22 -0500] "GET /forest/js/jquery/jquery-1.5.2.min.js HTTP/1.1" 200 85940
181.207.179.97 - - [27/Dec/2014:18:45:25 -0500] "GET /forest/skins/gdocs-jar/img/disk.png HTTP/1.1" 200 22070
186.84.40.34 - - [27/Dec/2014:18:45:32 -0500] "POST /forms/lservlet;jsessionid=ac16012b30d5f45d3a432e774dcea183dfd7e0dcc671.e3iSbxaKaheRe34Sa3yKbhiTahb0n6jAmljGr5XDqQLvpAe HTTP/1.1" 200 2
74.86.158.107 - - [27/Dec/2014:18:45:34 -0500] "HEAD / HTTP/1.1" 302 -
186.144.237.139 - - [27/Dec/2014:18:45:41 -0500] "GET /BLA/boletinlegal/js/jquery.js HTTP/1.1" 200 57254
186.144.237.139 - - [27/Dec/2014:18:45:41 -0500] "GET /BLA/boletinlegal/js/jquery.scrollTo-min.js HTTP/1.1" 200 1150
186.144.237.139 - - [27/Dec/2014:18:45:41 -0500] "GET /BLA/boletinlegal/js/jquery.scrollShow.js HTTP/1.1" 200 4586
181.207.179.97 - - [27/Dec/2014:18:45:42 -0500] "GET /forest/img/jquery/ui-bg_glass_75_d0e5f5_1x400.png HTTP/1.1" 200 50253
181.207.179.97 - - [27/Dec/2014:18:45:50 -0500] "GET /forest/session.jsp?a=0.20410948409698904 HTTP/1.1" 200 4
181.207.179.97 - - [27/Dec/2014:18:45:51 -0500] "GET /forest/skins/gdocs-jar/img/bgPanel.jpg HTTP/1.1" 200 430
181.207.179.97 - - [27/Dec/2014:18:45:51 -0500] "GET /forest/skins/gdocs-jar/img/green.gif HTTP/1.1" 200 134
66.249.73.155 - - [27/Dec/2014:18:45:56 -0500] "GET /robots.txt HTTP/1.1" 404 1018
181.207.179.97 - - [27/Dec/2014:18:45:57 -0500] "GET /forest/skins/gdocs-jar/popup/escritorio/subirborrador.jsp?form=Correspondencia_Elaborar_Borrador&codTpl=&codBorr=489454&a=0.6064522701781243 HTTP/1.1" 200 23292
181.207.179.97 - - [27/Dec/2014:18:45:59 -0500] "GET /forest/skins/gdocs-jar/img/top-search-icon.gif HTTP/1.1" 200 607
181.207.179.97 - - [27/Dec/2014:18:45:59 -0500] "GET /forest/img/lapiz.gif HTTP/1.1" 200 914
181.207.179.97 - - [27/Dec/2014:18:45:59 -0500] "GET /forest/json.do?query=borradoresByTpls&codInst=2949920&codTare=692&firma=0&a=0.6321008007507771 HTTP/1.1" 200 216
181.207.179.97 - - [27/Dec/2014:18:45:59 -0500] "GET /forest/json.do?query=plantillasByTarea&codTare=692&codInst=2949920&firma=0&a=0.44717472698539495 HTTP/1.1" 200 904
181.207.179.97 - - [27/Dec/2014:18:46:00 -0500] "GET /forest/json.do?query=terceroById&numTer=899999061-9%20SDA&a=0.3880685013718903 HTTP/1.1" 200 666
181.207.179.97 - - [27/Dec/2014:18:46:00 -0500] "GET /forest/img/historial.gif HTTP/1.1" 200 1341
181.207.179.97 - - [27/Dec/2014:18:46:00 -0500] "GET /forest/img/adduser.gif HTTP/1.1" 200 1249
181.207.179.97 - - [27/Dec/2014:18:46:00 -0500] "GET /forest/skins/gdocs-jar/img/expandido.gif HTTP/1.1" 200 190
181.207.179.97 - - [27/Dec/2014:18:46:00 -0500] "GET /forest/json.do?query=datosBorradorByCodTraBorr&codTraBorr=1520353&a=0.17289987672120333 HTTP/1.1" 200 180
181.207.179.97 - - [27/Dec/2014:18:46:01 -0500] "GET /forest/json.do?query=ultimoBorradorByTpl&codTpl=621&codInst=2949920&a=0.8932799068279564 HTTP/1.1" 200 2
181.207.179.97 - - [27/Dec/2014:18:46:01 -0500] "GET /forest/json.do?query=adjuntosByBorrador&codTraBorr=1520353&a=0.4612880195491016 HTTP/1.1" 200 73
181.207.179.97 - - [27/Dec/2014:18:46:01 -0500] "GET /forest/skins/gdocs-jar/img/icons/docx.gif HTTP/1.1" 200 1039
181.207.179.97 - - [27/Dec/2014:18:46:02 -0500] "GET /forest/json.do?query=ultimoBorradorByTpl&codTpl=1201&codInst=2949920&a=0.7557652336545289 HTTP/1.1" 200 2
181.207.179.97 - - [27/Dec/2014:18:46:03 -0500] "GET /forest/json.do?query=ultimoBorradorByTpl&codTpl=641&codInst=2949920&a=0.1156596620567143 HTTP/1.1" 200 20
186.154.84.82 - - [27/Dec/2014:18:45:47 -0500] "GET /forest/documentos/1938949/2014ER168566.pdf HTTP/1.1" 200 2477457
181.207.179.97 - - [27/Dec/2014:18:46:03 -0500] "GET /forest/json.do?query=ultimoBorradorByTpl&codTpl=901&codInst=2949920&a=0.41670399042777717 HTTP/1.1" 200 2
181.207.179.97 - - [27/Dec/2014:18:46:04 -0500] "GET /forest/json.do?query=ultimoBorradorByTpl&codTpl=501&codInst=2949920&a=0.43283866019919515 HTTP/1.1" 200 2
181.207.179.97 - - [27/Dec/2014:18:46:04 -0500] "GET /forest/json.do?query=ultimoBorradorByTpl&codTpl=1301&codInst=2949920&a=0.2335846594069153 HTTP/1.1" 200 2
190.84.185.167 - - [27/Dec/2014:18:46:15 -0500] "GET /forest/session.jsp?a=0.09503566497005522 HTTP/1.1" 200 4
186.145.188.85 - - [27/Dec/2014:18:46:42 -0500] "GET /BLA/resoluciones/AUTOS%202008/2093.pdf HTTP/1.1" 200 84918
186.145.188.85 - - [27/Dec/2014:18:46:45 -0500] "GET /favicon.ico HTTP/1.1" 200 7782
190.84.185.167 - - [27/Dec/2014:18:46:47 -0500] "POST /forms/lservlet;jsessionid=ac16012b30d5663dd830421c49e39f12d6ba7eff8571.e3iSbxaKaheRe34Sa3yKbhiTahb0n6jAmljGr5XDqQLvpAe HTTP/1.1" 200 2
186.154.84.82 - - [27/Dec/2014:18:41:04 -0500] "GET /ForestMSG_SDA/channelAsync/template_word_17192002?X-Atmosphere-tracking-id=38cf0952-55e9-2ee2-8996-c8e89e440bc8&X-Atmosphere-Framework=1.0.5&X-Atmosphere-Transport=long-polling&tabid=0.36268209712579846&X-Cache-Date=0&Content-Type=application/xml&_=1419723817726 HTTP/1.1" 200 8193
186.30.66.14 - - [27/Dec/2014:18:47:10 -0500] "POST /forms/lservlet;jsessionid=ac16012b30d53ea9f84bca5f42a9821692df51710c28.e3iSbxaKaheRe34Sa3yKbhiTahb0n6jAmljGr5XDqQLvpAe HTTP/1.1" 200 2
66.249.73.163 - - [27/Dec/2014:18:47:19 -0500] "GET /BLA/resoluciones/AUTOS%202007/0781.pdf HTTP/1.1" 304 -
190.156.143.139 - - [27/Dec/2014:18:47:24 -0500] "POST /forms/lservlet;jsessionid=ac16012b30d52e7787fc743b4a99828fba55a1ee10d6.e3iSbxaKaheRe34Sa3yKbhiTahb0n6jAmljGr5XDqQLvpAe HTTP/1.1" 200 2
186.84.40.34 - - [27/Dec/2014:18:47:33 -0500] "POST /forms/lservlet;jsessionid=ac16012b30d5f45d3a432e774dcea183dfd7e0dcc671.e3iSbxaKaheRe34Sa3yKbhiTahb0n6jAmljGr5XDqQLvpAe HTTP/1.1" 200 2
186.154.84.82 - - [27/Dec/2014:18:48:05 -0500] "GET /forest/session.jsp?a=0.04649109998717904 HTTP/1.1" 200 4
190.84.185.167 - - [27/Dec/2014:18:48:47 -0500] "POST /forms/lservlet;jsessionid=ac16012b30d5663dd830421c49e39f12d6ba7eff8571.e3iSbxaKaheRe34Sa3yKbhiTahb0n6jAmljGr5XDqQLvpAe HTTP/1.1" 200 2
50.164.208.24 - - [27/Dec/2014:18:48:59 -0500] "PUT /webdav/shell.php HTTP/1.1" 405 938
186.154.84.82 - - [27/Dec/2014:18:43:03 -0500] "GET /ForestMSG_SDA/channelAsync/template_word_17192121?X-Atmosphere-tracking-id=c47506ea-bb71-5ebe-cc41-860b101e92be&X-Atmosphere-Framework=1.0.5&X-Atmosphere-Transport=long-polling&tabid=0.4985481302719563&X-Cache-Date=0&Content-Type=application/xml&_=1419723936646 HTTP/1.1" 200 8193
191.89.105.113 - - [27/Dec/2014:18:49:03 -0500] "GET /BLA/boletinlegal/js/jquery.js HTTP/1.1" 200 57254
180.76.5.173 - - [27/Dec/2014:18:49:07 -0500] "GET /BLA/resoluciones/RESOLUCIONES%202007/RES%202007%203301%20AL%203400/RESOLUCION%203362%20DE%202007.pdf HTTP/1.1" 200 581298
191.89.105.113 - - [27/Dec/2014:18:49:08 -0500] "GET /BLA/boletinlegal/js/jquery.scrollTo-min.js HTTP/1.1" 200 1150
186.30.66.14 - - [27/Dec/2014:18:49:10 -0500] "POST /forms/lservlet;jsessionid=ac16012b30d53ea9f84bca5f42a9821692df51710c28.e3iSbxaKaheRe34Sa3yKbhiTahb0n6jAmljGr5XDqQLvpAe HTTP/1.1" 200 2
190.156.143.139 - - [27/Dec/2014:18:49:24 -0500] "POST /forms/lservlet;jsessionid=ac16012b30d52e7787fc743b4a99828fba55a1ee10d6.e3iSbxaKaheRe34Sa3yKbhiTahb0n6jAmljGr5XDqQLvpAe HTTP/1.1" 200 2
191.89.105.113 - - [27/Dec/2014:18:49:24 -0500] "GET /BLA/boletinlegal/js/jquery.scrollShow.js HTTP/1.1" 200 4586
186.84.40.34 - - [27/Dec/2014:18:49:33 -0500] "POST /forms/lservlet;jsessionid=ac16012b30d5f45d3a432e774dcea183dfd7e0dcc671.e3iSbxaKaheRe34Sa3yKbhiTahb0n6jAmljGr5XDqQLvpAe HTTP/1.1" 200 2
180.76.5.60 - - [27/Dec/2014:18:49:44 -0500] "GET /BLA/resoluciones/RESOLUCIONES%202007/RES%202007%203301%20AL%203400/RESOLUCION%203319%20DE%202007.pdf HTTP/1.1" 200 546843
190.84.185.167 - - [27/Dec/2014:18:44:11 -0500] "GET /ForestMSG_SDA/channelAsync/template_word_17193518?X-Atmosphere-tracking-id=3566bef3-cdf6-7973-2300-64dd8c7f913e&X-Atmosphere-Framework=1.0.5&X-Atmosphere-Transport=long-polling&tabid=0.8027925624046475&X-Cache-Date=0&Content-Type=application/xml&_=1419723918996 HTTP/1.1" 200 8193
66.249.73.163 - - [27/Dec/2014:18:50:28 -0500] "GET /BLA/resoluciones/RESOLUCIONES%202010/1446.pdf HTTP/1.1" 200 511249
74.86.158.107 - - [27/Dec/2014:18:50:34 -0500] "HEAD / HTTP/1.1" 302 -
190.84.185.167 - - [27/Dec/2014:18:50:47 -0500] "POST /forms/lservlet;jsessionid=ac16012b30d5663dd830421c49e39f12d6ba7eff8571.e3iSbxaKaheRe34Sa3yKbhiTahb0n6jAmljGr5XDqQLvpAe HTTP/1.1" 200 2
66.249.73.155 - - [27/Dec/2014:18:50:57 -0500] "GET /BLA/resoluciones/AUTOS%202014/5829.pdf HTTP/1.1" 200 1738721
180.76.6.20 - - [27/Dec/2014:18:50:59 -0500] "GET /BLA/resoluciones/RESOLUCIONES%202010/1250.pdf HTTP/1.1" 200 107872
186.30.66.14 - - [27/Dec/2014:18:51:10 -0500] "POST /forms/lservlet;jsessionid=ac16012b30d53ea9f84bca5f42a9821692df51710c28.e3iSbxaKaheRe34Sa3yKbhiTahb0n6jAmljGr5XDqQLvpAe HTTP/1.1" 200 2
190.156.143.139 - - [27/Dec/2014:18:51:24 -0500] "POST /forms/lservlet;jsessionid=ac16012b30d52e7787fc743b4a99828fba55a1ee10d6.e3iSbxaKaheRe34Sa3yKbhiTahb0n6jAmljGr5XDqQLvpAe HTTP/1.1" 200 2
181.207.179.97 - - [27/Dec/2014:18:51:32 -0500] "GET /forest/session.jsp?a=0.35622860374860466 HTTP/1.1" 200 4
186.84.40.34 - - [27/Dec/2014:18:51:33 -0500] "POST /forms/lservlet;jsessionid=ac16012b30d5f45d3a432e774dcea183dfd7e0dcc671.e3iSbxaKaheRe34Sa3yKbhiTahb0n6jAmljGr5XDqQLvpAe HTTP/1.1" 200 2
