144.76.137.226 - - [30/Dec/2014:02:03:39 -0500] "GET /Autoliquidacion/index.php?dir=Plan%20de%20manejo%20ambiental%20para%20sitios%20de%20aprovechamiento%20y%20o%20disposicion%20final%20de%20escombros/&sort=date&order=asc HTTP/1.0" 200 2548
144.76.137.226 - - [30/Dec/2014:02:03:46 -0500] "GET /Autoliquidacion/index.php?dir=Plan%20de%20manejo%20ambiental%20para%20sitios%20de%20aprovechamiento%20y%20o%20disposicion%20final%20de%20escombros/&sort=name&order=asc HTTP/1.0" 200 2548
144.76.137.226 - - [30/Dec/2014:02:03:52 -0500] "GET /Autoliquidacion/index.php?dir=Plan%20de%20manejo%20ambiental%20para%20sitios%20de%20aprovechamiento%20y%20o%20disposicion%20final%20de%20escombros/&sort=size&order=asc HTTP/1.0" 200 2548
181.54.84.12 - - [30/Dec/2014:02:03:30 -0500] "GET /reports/rwservlet/getjobid338344?server=rep_srvapsda HTTP/1.1" 200 2675710
144.76.137.226 - - [30/Dec/2014:02:03:55 -0500] "GET /Autoliquidacion/index.php?dir=Solicitud%20de%20Licencia%20Ambiental/&sort=date&order=asc HTTP/1.0" 200 2642
66.249.75.67 - - [30/Dec/2014:02:03:56 -0500] "GET /BLA/resoluciones/RESOLUCIONES%202013/2040.pdf HTTP/1.1" 200 550246
144.76.137.226 - - [30/Dec/2014:02:04:01 -0500] "GET /Autoliquidacion/index.php?dir=Solicitud%20de%20Licencia%20Ambiental/&sort=name&order=asc HTTP/1.0" 200 2642
144.76.137.226 - - [30/Dec/2014:02:04:08 -0500] "GET /Autoliquidacion/index.php?dir=Solicitud%20de%20Licencia%20Ambiental/&sort=size&order=asc HTTP/1.0" 200 2642
144.76.137.226 - - [30/Dec/2014:02:04:15 -0500] "GET /Autoliquidacion/index.php?dir=Solicitudes%20relacionadas%20con%20calidad%20del%20aire%20auditiva%20y%20visual/&sort=date&order=asc HTTP/1.0" 200 5748
144.76.137.226 - - [30/Dec/2014:02:04:17 -0500] "GET /Autoliquidacion/index.php?dir=Solicitudes%20relacionadas%20con%20calidad%20del%20aire%20auditiva%20y%20visual/&sort=name&order=asc HTTP/1.0" 200 5748
144.76.137.226 - - [30/Dec/2014:02:04:20 -0500] "GET /Autoliquidacion/index.php?dir=Solicitudes%20relacionadas%20con%20calidad%20del%20aire%20auditiva%20y%20visual/&sort=size&order=asc HTTP/1.0" 200 5748
181.54.84.12 - - [30/Dec/2014:02:04:26 -0500] "POST /forms/lservlet;jsessionid=ac16012b30d5ca65492b89f44d2db891ae58516af96c.e3iSbxaKaheRe34Sa3yKbhiTahb0n6jAmljGr5XDqQLvpAe HTTP/1.1" 200 2
181.54.84.12 - - [30/Dec/2014:02:04:56 -0500] "POST /forms/lservlet;jsessionid=ac16012b30d5ca65492b89f44d2db891ae58516af96c.e3iSbxaKaheRe34Sa3yKbhiTahb0n6jAmljGr5XDqQLvpAe HTTP/1.1" 200 2
181.54.84.12 - - [30/Dec/2014:02:04:56 -0500] "POST /forms/lservlet;jsessionid=ac16012b30d5ca65492b89f44d2db891ae58516af96c.e3iSbxaKaheRe34Sa3yKbhiTahb0n6jAmljGr5XDqQLvpAe HTTP/1.1" 200 14
181.54.84.12 - - [30/Dec/2014:02:04:57 -0500] "POST /forms/lservlet;jsessionid=ac16012b30d5ca65492b89f44d2db891ae58516af96c.e3iSbxaKaheRe34Sa3yKbhiTahb0n6jAmljGr5XDqQLvpAe HTTP/1.1" 200 14
181.54.84.12 - - [30/Dec/2014:02:04:59 -0500] "POST /forms/lservlet;jsessionid=ac16012b30d5ca65492b89f44d2db891ae58516af96c.e3iSbxaKaheRe34Sa3yKbhiTahb0n6jAmljGr5XDqQLvpAe HTTP/1.1" 200 14
181.54.84.12 - - [30/Dec/2014:02:05:01 -0500] "POST /forms/lservlet;jsessionid=ac16012b30d5ca65492b89f44d2db891ae58516af96c.e3iSbxaKaheRe34Sa3yKbhiTahb0n6jAmljGr5XDqQLvpAe HTTP/1.1" 200 116
181.54.84.12 - - [30/Dec/2014:02:05:01 -0500] "POST /forms/lservlet;jsessionid=ac16012b30d5ca65492b89f44d2db891ae58516af96c.e3iSbxaKaheRe34Sa3yKbhiTahb0n6jAmljGr5XDqQLvpAe HTTP/1.1" 200 2
181.54.84.12 - - [30/Dec/2014:02:05:01 -0500] "GET /reports/rwservlet/getjobid338345?server=rep_srvapsda HTTP/1.1" 200 47696
181.54.84.12 - - [30/Dec/2014:02:05:02 -0500] "POST /forms/lservlet;jsessionid=ac16012b30d5ca65492b89f44d2db891ae58516af96c.e3iSbxaKaheRe34Sa3yKbhiTahb0n6jAmljGr5XDqQLvpAe HTTP/1.1" 200 2
181.54.84.12 - - [30/Dec/2014:02:05:02 -0500] "POST /forms/lservlet;jsessionid=ac16012b30d5ca65492b89f44d2db891ae58516af96c.e3iSbxaKaheRe34Sa3yKbhiTahb0n6jAmljGr5XDqQLvpAe HTTP/1.1" 200 14
181.54.84.12 - - [30/Dec/2014:02:05:03 -0500] "POST /forms/lservlet;jsessionid=ac16012b30d5ca65492b89f44d2db891ae58516af96c.e3iSbxaKaheRe34Sa3yKbhiTahb0n6jAmljGr5XDqQLvpAe HTTP/1.1" 200 113
115.135.180.77 - - [30/Dec/2014:02:05:04 -0500] "GET /BLA/resoluciones/AUTOS%202014/0436.pdf HTTP/1.1" 200 433144
181.54.84.12 - - [30/Dec/2014:02:05:05 -0500] "POST /forms/lservlet;jsessionid=ac16012b30d5ca65492b89f44d2db891ae58516af96c.e3iSbxaKaheRe34Sa3yKbhiTahb0n6jAmljGr5XDqQLvpAe HTTP/1.1" 200 2
181.54.84.12 - - [30/Dec/2014:02:05:05 -0500] "GET /reports/rwservlet/getjobid338346?server=rep_srvapsda HTTP/1.1" 200 47505
115.135.180.77 - - [30/Dec/2014:02:05:05 -0500] "GET /BLA/resoluciones/AUTOS%202014/0436.pdf HTTP/1.1" 206 302072
115.135.180.77 - - [30/Dec/2014:02:05:06 -0500] "GET /BLA/resoluciones/AUTOS%202014/0436.pdf HTTP/1.1" 200 433144
66.249.75.83 - - [30/Dec/2014:02:05:16 -0500] "GET /BLA/resoluciones/RESOLUCIONES%202011/4434.pdf HTTP/1.1" 304 -
115.135.180.77 - - [30/Dec/2014:02:05:31 -0500] "GET /BLA/resoluciones/AUTOS%202014/0436.pdf HTTP/1.1" 200 433144
188.165.15.192 - - [30/Dec/2014:02:05:38 -0500] "GET /BLA/resoluciones/RESOLUCIONES%202004/RES%202004%20151-200/00000171.tif HTTP/1.1" 200 194936
115.135.180.77 - - [30/Dec/2014:02:06:08 -0500] "GET /BLA/resoluciones/AUTOS%202014/0436.pdf HTTP/1.1" 206 302072
181.54.84.12 - - [30/Dec/2014:02:06:27 -0500] "POST /forms/lservlet;jsessionid=ac16012b30d5ca65492b89f44d2db891ae58516af96c.e3iSbxaKaheRe34Sa3yKbhiTahb0n6jAmljGr5XDqQLvpAe HTTP/1.1" 200 2
66.249.75.67 - - [30/Dec/2014:02:06:35 -0500] "GET /BLA/resoluciones/AUTOS%202013/0337.pdf HTTP/1.1" 304 -
66.249.75.51 - - [30/Dec/2014:02:06:45 -0500] "GET / HTTP/1.1" 302 -
115.135.180.77 - - [30/Dec/2014:02:06:53 -0500] "GET /BLA/resoluciones/AUTOS%202014/0436.pdf HTTP/1.1" 200 433144
74.86.158.107 - - [30/Dec/2014:02:06:54 -0500] "HEAD / HTTP/1.1" 302 -
181.54.84.12 - - [30/Dec/2014:02:06:54 -0500] "POST /forms/lservlet;jsessionid=ac16012b30d5ca65492b89f44d2db891ae58516af96c.e3iSbxaKaheRe34Sa3yKbhiTahb0n6jAmljGr5XDqQLvpAe HTTP/1.1" 200 2
181.54.84.12 - - [30/Dec/2014:02:06:54 -0500] "POST /forms/lservlet;jsessionid=ac16012b30d5ca65492b89f44d2db891ae58516af96c.e3iSbxaKaheRe34Sa3yKbhiTahb0n6jAmljGr5XDqQLvpAe HTTP/1.1" 200 2321
181.54.84.12 - - [30/Dec/2014:02:06:54 -0500] "GET /imagenes/Srch_frw.gif HTTP/1.1" 200 925
181.54.84.12 - - [30/Dec/2014:02:06:54 -0500] "POST /forms/lservlet;jsessionid=ac16012b30d5ca65492b89f44d2db891ae58516af96c.e3iSbxaKaheRe34Sa3yKbhiTahb0n6jAmljGr5XDqQLvpAe HTTP/1.1" 200 10
181.54.84.12 - - [30/Dec/2014:02:06:56 -0500] "POST /forms/lservlet;jsessionid=ac16012b30d5ca65492b89f44d2db891ae58516af96c.e3iSbxaKaheRe34Sa3yKbhiTahb0n6jAmljGr5XDqQLvpAe HTTP/1.1" 200 24
181.54.84.12 - - [30/Dec/2014:02:06:56 -0500] "POST /forms/lservlet;jsessionid=ac16012b30d5ca65492b89f44d2db891ae58516af96c.e3iSbxaKaheRe34Sa3yKbhiTahb0n6jAmljGr5XDqQLvpAe HTTP/1.1" 200 14
181.54.84.12 - - [30/Dec/2014:02:06:57 -0500] "POST /forms/lservlet;jsessionid=ac16012b30d5ca65492b89f44d2db891ae58516af96c.e3iSbxaKaheRe34Sa3yKbhiTahb0n6jAmljGr5XDqQLvpAe HTTP/1.1" 200 3701
181.54.84.12 - - [30/Dec/2014:02:06:58 -0500] "POST /forms/lservlet;jsessionid=ac16012b30d5ca65492b89f44d2db891ae58516af96c.e3iSbxaKaheRe34Sa3yKbhiTahb0n6jAmljGr5XDqQLvpAe HTTP/1.1" 200 2
181.54.84.12 - - [30/Dec/2014:02:07:00 -0500] "POST /forms/lservlet;jsessionid=ac16012b30d5ca65492b89f44d2db891ae58516af96c.e3iSbxaKaheRe34Sa3yKbhiTahb0n6jAmljGr5XDqQLvpAe HTTP/1.1" 200 2
181.54.84.12 - - [30/Dec/2014:02:07:01 -0500] "POST /forms/lservlet;jsessionid=ac16012b30d5ca65492b89f44d2db891ae58516af96c.e3iSbxaKaheRe34Sa3yKbhiTahb0n6jAmljGr5XDqQLvpAe HTTP/1.1" 200 14
181.54.84.12 - - [30/Dec/2014:02:07:02 -0500] "POST /forms/lservlet;jsessionid=ac16012b30d5ca65492b89f44d2db891ae58516af96c.e3iSbxaKaheRe34Sa3yKbhiTahb0n6jAmljGr5XDqQLvpAe HTTP/1.1" 200 14
181.54.84.12 - - [30/Dec/2014:02:07:03 -0500] "POST /forms/lservlet;jsessionid=ac16012b30d5ca65492b89f44d2db891ae58516af96c.e3iSbxaKaheRe34Sa3yKbhiTahb0n6jAmljGr5XDqQLvpAe HTTP/1.1" 200 14
181.54.84.12 - - [30/Dec/2014:02:07:05 -0500] "POST /forms/lservlet;jsessionid=ac16012b30d5ca65492b89f44d2db891ae58516af96c.e3iSbxaKaheRe34Sa3yKbhiTahb0n6jAmljGr5XDqQLvpAe HTTP/1.1" 200 112
181.54.84.12 - - [30/Dec/2014:02:07:06 -0500] "POST /forms/lservlet;jsessionid=ac16012b30d5ca65492b89f44d2db891ae58516af96c.e3iSbxaKaheRe34Sa3yKbhiTahb0n6jAmljGr5XDqQLvpAe HTTP/1.1" 200 2
115.135.180.77 - - [30/Dec/2014:02:07:25 -0500] "GET /BLA/resoluciones/AUTOS%202014/0436.pdf HTTP/1.1" 206 39928
181.54.84.12 - - [30/Dec/2014:02:07:06 -0500] "GET /reports/rwservlet/getjobid338347?server=rep_srvapsda HTTP/1.1" 200 3490947
66.249.75.51 - - [30/Dec/2014:02:07:55 -0500] "GET /BLA/resoluciones/RESOLUCIONES%202007/RES%202007%201001%20AL%201100/RESOLUCION%201064%20DE%202007.pdf HTTP/1.1" 304 -
115.135.180.77 - - [30/Dec/2014:02:08:02 -0500] "GET /BLA/resoluciones/AUTOS%202014/0436.pdf HTTP/1.1" 200 433144
112.111.190.229 - - [30/Dec/2014:02:08:10 -0500] "GET /BLA/resoluciones/RESOLUCIONES%202012/0317.pdf HTTP/1.1" 200 380151
181.54.84.12 - - [30/Dec/2014:02:08:27 -0500] "POST /forms/lservlet;jsessionid=ac16012b30d5ca65492b89f44d2db891ae58516af96c.e3iSbxaKaheRe34Sa3yKbhiTahb0n6jAmljGr5XDqQLvpAe HTTP/1.1" 200 2
112.111.190.229 - - [30/Dec/2014:02:08:45 -0500] "GET /BLA/resoluciones/RESOLUCIONES%202012/0317.pdf HTTP/1.1" 200 380151
181.54.84.12 - - [30/Dec/2014:02:08:47 -0500] "POST /forms/lservlet;jsessionid=ac16012b30d5ca65492b89f44d2db891ae58516af96c.e3iSbxaKaheRe34Sa3yKbhiTahb0n6jAmljGr5XDqQLvpAe HTTP/1.1" 200 2027
181.54.84.12 - - [30/Dec/2014:02:08:47 -0500] "POST /forms/lservlet;jsessionid=ac16012b30d5ca65492b89f44d2db891ae58516af96c.e3iSbxaKaheRe34Sa3yKbhiTahb0n6jAmljGr5XDqQLvpAe HTTP/1.1" 200 78
181.54.84.12 - - [30/Dec/2014:02:08:48 -0500] "POST /forms/lservlet;jsessionid=ac16012b30d5ca65492b89f44d2db891ae58516af96c.e3iSbxaKaheRe34Sa3yKbhiTahb0n6jAmljGr5XDqQLvpAe HTTP/1.1" 200 86
181.54.84.12 - - [30/Dec/2014:02:08:48 -0500] "POST /forms/lservlet;jsessionid=ac16012b30d5ca65492b89f44d2db891ae58516af96c.e3iSbxaKaheRe34Sa3yKbhiTahb0n6jAmljGr5XDqQLvpAe HTTP/1.1" 200 -
112.111.190.229 - - [30/Dec/2014:02:08:56 -0500] "POST /BLA/resoluciones/RESOLUCIONES%202012/0317.pdf/trackback/ HTTP/1.1" 404 1292
66.249.75.83 - - [30/Dec/2014:02:09:15 -0500] "GET /BLA/resoluciones/RESOLUCIONES%202009/5761.pdf HTTP/1.1" 200 491037
112.111.190.229 - - [30/Dec/2014:02:09:24 -0500] "POST /BLA/resoluciones/RESOLUCIONES%202012/0317.pdf/trackback/ HTTP/1.1" 404 1292
66.249.75.67 - - [30/Dec/2014:02:10:34 -0500] "GET /BLA/resoluciones/RESOLUCIONES%202009/6831.pdf HTTP/1.1" 304 -
66.249.75.67 - - [30/Dec/2014:02:11:30 -0500] "GET /BLA/resoluciones/RESOLUCIONES%202004/RES%202004%202001-2050/00002011.tif HTTP/1.1" 200 360756
66.249.75.51 - - [30/Dec/2014:02:11:32 -0500] "GET /BLA/resoluciones/RESOLUCIONES%202010/4754.pdf HTTP/1.1" 200 906418
115.135.180.77 - - [30/Dec/2014:02:11:40 -0500] "GET /BLA/resoluciones/AUTOS%202014/0436.pdf HTTP/1.1" 200 433144
115.135.180.77 - - [30/Dec/2014:02:11:42 -0500] "GET /BLA/resoluciones/AUTOS%202014/0436.pdf HTTP/1.1" 200 433144
115.135.180.77 - - [30/Dec/2014:02:11:50 -0500] "GET /BLA/resoluciones/RESOLUCIONES%202009/8514.pdf HTTP/1.1" 200 347388
115.135.180.77 - - [30/Dec/2014:02:11:52 -0500] "GET /BLA/resoluciones/RESOLUCIONES%202009/8514.pdf HTTP/1.1" 200 347388
74.86.158.107 - - [30/Dec/2014:02:11:54 -0500] "HEAD / HTTP/1.1" 302 -
66.249.75.67 - - [30/Dec/2014:02:11:54 -0500] "GET /BLA/resoluciones/AUTOS%202009/0643.pdf HTTP/1.1" 304 -
115.135.180.77 - - [30/Dec/2014:02:12:00 -0500] "GET /BLA/resoluciones/RESOLUCIONES%202013/1128.pdf HTTP/1.1" 200 770322
115.135.180.77 - - [30/Dec/2014:02:12:01 -0500] "GET /BLA/resoluciones/RESOLUCIONES%202013/1128.pdf HTTP/1.1" 200 770322
188.165.15.188 - - [30/Dec/2014:02:12:09 -0500] "GET /BLA/resoluciones/index.php?dir=RESOLUCIONES%202005/RES%202005%20451-500/&sort=name&order=asc HTTP/1.1" 200 12244
66.249.75.51 - - [30/Dec/2014:02:12:20 -0500] "GET /BLA/resoluciones/AUTOS%202011/1537.pdf HTTP/1.1" 200 142629
188.165.15.37 - - [30/Dec/2014:02:12:23 -0500] "GET /BLA/resoluciones/RESOLUCIONES%202005/RES%202005%201-50/00000033.tif HTTP/1.1" 200 320010
65.55.183.184 - - [30/Dec/2014:02:12:32 -0500] "GET /find.jpg HTTP/1.1" 404 1019
220.181.108.92 - - [30/Dec/2014:02:12:44 -0500] "GET / HTTP/1.1" 302 -
188.165.15.188 - - [30/Dec/2014:02:12:46 -0500] "GET /BLA/resoluciones/RESOLUCIONES%202003/RES%202003%20601-650/637.tif HTTP/1.1" 200 270140
66.249.75.51 - - [30/Dec/2014:02:13:14 -0500] "GET /BLA/resoluciones/RESOLUCIONES%202013/0143.pdf HTTP/1.1" 304 -
115.135.180.77 - - [30/Dec/2014:02:13:23 -0500] "GET /BLA/resoluciones/RESOLUCIONES%202009/8514.pdf HTTP/1.1" 206 150780
180.76.5.62 - - [30/Dec/2014:02:14:23 -0500] "GET /BLA/resoluciones/RESOLUCIONES%202007/RES%202007%20301%20AL%20400/RESOLUCION%200345%20DE%202007.pdf HTTP/1.1" 200 553909
66.249.75.67 - - [30/Dec/2014:02:14:34 -0500] "GET /BLA/resoluciones/AUTOS%202012/2439.pdf HTTP/1.1" 304 -
188.165.15.208 - - [30/Dec/2014:02:14:35 -0500] "GET /BLA/resoluciones/RESOLUCIONES%202005/RES%202005%202551-2600/00002592.tif HTTP/1.1" 200 224992
115.135.180.77 - - [30/Dec/2014:02:14:39 -0500] "GET /BLA/resoluciones/RESOLUCIONES%202009/8514.pdf HTTP/1.1" 206 150780
188.165.15.10 - - [30/Dec/2014:02:15:25 -0500] "GET /BLA/resoluciones/RESOLUCIONES%202002/RES%202002%201201-1250/20021214.tif HTTP/1.1" 200 74912
188.165.15.23 - - [30/Dec/2014:02:15:34 -0500] "GET /BLA/resoluciones/RESOLUCIONES%202006/RES%202006%20551-600/00000582.tif HTTP/1.1" 200 221862
66.249.75.67 - - [30/Dec/2014:02:15:53 -0500] "GET /BLA/resoluciones/AUTOS%202009/0527.pdf HTTP/1.1" 200 128665
115.135.180.77 - - [30/Dec/2014:02:16:01 -0500] "GET /BLA/resoluciones/RESOLUCIONES%202009/8514.pdf HTTP/1.1" 206 150780
113.210.4.84 - - [30/Dec/2014:02:16:29 -0500] "GET /BLA/resoluciones/RESOLUCIONES%202009/8514.pdf HTTP/1.1" 206 150780
201.244.43.101 - - [30/Dec/2014:02:16:46 -0500] "GET /isolucionsda/ HTTP/1.1" 200 739
201.244.43.101 - - [30/Dec/2014:02:16:48 -0500] "GET /isolucionsda/IdentificaUsuario.asp?Pagina1=FrameSetGeneral.asp& HTTP/1.1" 200 4997
201.244.43.101 - - [30/Dec/2014:02:16:48 -0500] "GET /isolucionsda/g/Img_LogoIsoCabezote.jpg HTTP/1.1" 200 7960
201.244.43.101 - - [30/Dec/2014:02:16:48 -0500] "GET /isolucionsda/g/Img_DivBarraSup.jpg HTTP/1.1" 200 323
201.244.43.101 - - [30/Dec/2014:02:16:48 -0500] "GET /isolucionsda/g/shim.gif HTTP/1.1" 200 43
201.244.43.101 - - [30/Dec/2014:02:16:48 -0500] "GET /isolucionsda/g/Bgr_BarraSuperior.jpg HTTP/1.1" 200 419
201.244.43.101 - - [30/Dec/2014:02:16:49 -0500] "POST /isolucionsda/IdentificaUsuario.asp?Pagina1=FrameSetGeneral.asp& HTTP/1.1" 302 173
201.244.43.101 - - [30/Dec/2014:02:16:50 -0500] "GET /isolucionsda/FrameSetGeneral.asp?Pagina1=FrameSetGeneral.asp& HTTP/1.1" 200 6613
201.244.43.101 - - [30/Dec/2014:02:16:50 -0500] "GET /isolucionsda/MagazinHome.asp HTTP/1.1" 200 -
201.244.43.101 - - [30/Dec/2014:02:16:50 -0500] "GET /isolucionsda/Encabezado.asp?Pagina1=FrameSetGeneral.asp&&Pagina=MagazinHome.asp HTTP/1.1" 200 15388
201.244.43.101 - - [30/Dec/2014:02:16:50 -0500] "GET /isolucionsda/BarraTitulos.asp?Pagina1=FrameSetGeneral.asp&&Pagina=MagazinHome.asp HTTP/1.1" 200 6972
201.244.43.101 - - [30/Dec/2014:02:16:50 -0500] "GET /isolucionsda/BarraFavoritos.asp HTTP/1.1" 200 911
201.244.43.101 - - [30/Dec/2014:02:16:50 -0500] "GET /isolucionsda/g/Bot_Anterior.jpg HTTP/1.1" 200 1797
201.244.43.101 - - [30/Dec/2014:02:16:50 -0500] "GET /isolucionsda/g/Bot_Siguiente.jpg HTTP/1.1" 200 1727
201.244.43.101 - - [30/Dec/2014:02:16:50 -0500] "GET /isolucionsda/g/Bot_Home.jpg HTTP/1.1" 200 1936
201.244.43.101 - - [30/Dec/2014:02:16:50 -0500] "GET /isolucionsda/g/Bot_Administrador.jpg HTTP/1.1" 200 1694
201.244.43.101 - - [30/Dec/2014:02:16:50 -0500] "GET /isolucionsda/g/Bot_Glosario.jpg HTTP/1.1" 200 1989
201.244.43.101 - - [30/Dec/2014:02:16:50 -0500] "GET /isolucionsda/g/Bot_Ayuda.jpg HTTP/1.1" 200 1702
201.244.43.101 - - [30/Dec/2014:02:16:50 -0500] "GET /isolucionsda/g/Img_DivVertBarraSup.jpg HTTP/1.1" 200 810
201.244.43.101 - - [30/Dec/2014:02:16:50 -0500] "GET /isolucionsda/g/Bot_Cerrar.jpg HTTP/1.1" 200 1944
201.244.43.101 - - [30/Dec/2014:02:16:50 -0500] "GET /isolucionsda/g/Bot_Manual_ESP.jpg HTTP/1.1" 200 4512
201.244.43.101 - - [30/Dec/2014:02:16:50 -0500] "GET /isolucionsda/g/Bot_Procesos_ESP.jpg HTTP/1.1" 200 4441
201.244.43.101 - - [30/Dec/2014:02:16:50 -0500] "GET /isolucionsda/g/Bot_Documentos_ESP.jpg HTTP/1.1" 200 5825
201.244.43.101 - - [30/Dec/2014:02:16:50 -0500] "GET /isolucionsda/g/Bot_Indicadores_ESP.jpg HTTP/1.1" 200 5267
201.244.43.101 - - [30/Dec/2014:02:16:50 -0500] "GET /isolucionsda/g/Bot_Mejoramiento_ESP.jpg HTTP/1.1" 200 5904
201.244.43.101 - - [30/Dec/2014:02:16:50 -0500] "GET /isolucionsda/g/Bot_TareasOff_ESP.jpg HTTP/1.1" 200 3028
201.244.43.101 - - [30/Dec/2014:02:16:50 -0500] "GET /isolucionsda/g/Bot_ProveedoresOff_ESP.jpg HTTP/1.1" 200 3801
201.244.43.101 - - [30/Dec/2014:02:16:50 -0500] "GET /isolucionsda/g/Bot_TalentoOff_ESP.jpg HTTP/1.1" 200 3258
201.244.43.101 - - [30/Dec/2014:02:16:50 -0500] "GET /isolucionsda/g/Bot_CalibracionOff_ESP.jpg HTTP/1.1" 200 3850
201.244.43.101 - - [30/Dec/2014:02:16:50 -0500] "GET /isolucionsda/g/Bot_Riesgos_ESP.jpg HTTP/1.1" 200 4903
201.244.43.101 - - [30/Dec/2014:02:16:50 -0500] "GET /isolucionsda/g/Bot_Meci_ESP.jpg HTTP/1.1" 200 4380
201.244.43.101 - - [30/Dec/2014:02:16:50 -0500] "GET /isolucionsda/g/Bot_ClientesOff_ESP.jpg HTTP/1.1" 200 2917
201.244.43.101 - - [30/Dec/2014:02:16:50 -0500] "GET /isolucionsda/g/Bot_Ambiental_ESP.jpg HTTP/1.1" 200 5259
201.244.43.101 - - [30/Dec/2014:02:16:50 -0500] "GET /isolucionsda/Session.asp?Continue=1 HTTP/1.1" 200 6324
201.244.43.101 - - [30/Dec/2014:02:16:50 -0500] "GET /isolucionsda/g/Bot_SySOOff_ESP.jpg HTTP/1.1" 200 3270
201.244.43.101 - - [30/Dec/2014:02:16:50 -0500] "GET /isolucionsda/g/Bgr_BarraBotPrins.jpg HTTP/1.1" 200 944
201.244.43.101 - - [30/Dec/2014:02:16:50 -0500] "GET /isolucionsda/g/Img_LogoIcono.jpg HTTP/1.1" 200 7870
201.244.43.101 - - [30/Dec/2014:02:16:50 -0500] "GET /isolucionsda/g/Bgr_BarraInferior.jpg HTTP/1.1" 200 398
201.244.43.101 - - [30/Dec/2014:02:16:50 -0500] "GET /isolucionsda/g/Img_BarraCurva.jpg HTTP/1.1" 200 1826
201.244.43.101 - - [30/Dec/2014:02:16:50 -0500] "GET /isolucionsda/g/Bgr_BarraCurva.jpg HTTP/1.1" 200 374
201.244.43.101 - - [30/Dec/2014:02:16:50 -0500] "GET /isolucionsda/g/Bgr_BarraCurva2.jpg HTTP/1.1" 200 409
201.244.43.101 - - [30/Dec/2014:02:16:50 -0500] "GET /isolucionsda/MagazinHome.asp HTTP/1.1" 200 28099
201.244.43.101 - - [30/Dec/2014:02:16:50 -0500] "GET /isolucionsda/g/Bullet_PuntoAzul.gif HTTP/1.1" 200 75
201.244.43.101 - - [30/Dec/2014:02:16:50 -0500] "GET /isolucionsda/g/Bgr_BarraMediaHome.jpg HTTP/1.1" 200 446
201.244.43.101 - - [30/Dec/2014:02:16:50 -0500] "GET /isolucionsda/TareasSFRedirect.asp HTTP/1.1" 302 195
201.244.43.101 - - [30/Dec/2014:02:16:50 -0500] "GET /isolucionsda/grafvinetas/logo%2030.jpg HTTP/1.1" 200 36055
201.244.43.101 - - [30/Dec/2014:02:16:50 -0500] "GET /isolucionsda/g/Bgr_TituloCabezote3.jpg HTTP/1.1" 200 841
201.244.43.101 - - [30/Dec/2014:02:16:50 -0500] "GET /isolucionsda/g/Bgr_Destacado3399CC.jpg HTTP/1.1" 404 5217
201.244.43.101 - - [30/Dec/2014:02:16:51 -0500] "GET /isolucionsda/g/Bot_ProcesosOver_ESP.jpg HTTP/1.1" 200 4659
201.244.43.101 - - [30/Dec/2014:02:16:51 -0500] "GET /isolucionsda/g/Bot_ManualOver_ESP.jpg HTTP/1.1" 200 4732
201.244.43.101 - - [30/Dec/2014:02:16:51 -0500] "GET /isolucionsda/g/Bot_AnteriorOver.jpg HTTP/1.1" 200 1752
201.244.43.101 - - [30/Dec/2014:02:16:51 -0500] "GET /isolucionsda/g/Bot_SiguienteOver.jpg HTTP/1.1" 200 1668
201.244.43.101 - - [30/Dec/2014:02:16:51 -0500] "GET /isolucionsda/g/Bot_HomeOver.jpg HTTP/1.1" 200 1879
201.244.43.101 - - [30/Dec/2014:02:16:51 -0500] "GET /isolucionsda/g/Bot_GlosarioOver.jpg HTTP/1.1" 200 1948
201.244.43.101 - - [30/Dec/2014:02:16:52 -0500] "GET /isolucionsda/FrameSetGeneral.asp?Pagina=Menu.asp&IdModulo=4 HTTP/1.1" 200 6583
201.244.43.101 - - [30/Dec/2014:02:16:52 -0500] "GET /isolucionsda/Encabezado.asp?Pagina=Menu.asp&IdModulo=4 HTTP/1.1" 200 15389
201.244.43.101 - - [30/Dec/2014:02:16:52 -0500] "GET /isolucionsda/BarraTitulos.asp?Pagina=Menu.asp&IdModulo=4 HTTP/1.1" 200 6985
201.244.43.101 - - [30/Dec/2014:02:16:52 -0500] "GET /isolucionsda/BarraFavoritos.asp HTTP/1.1" 200 911
201.244.43.101 - - [30/Dec/2014:02:16:52 -0500] "GET /isolucionsda/Menu.asp?Pagina=Menu.asp&IdModulo=4 HTTP/1.1" 200 9682
201.244.43.101 - - [30/Dec/2014:02:16:52 -0500] "GET /isolucionsda/Session.asp?Continue=1 HTTP/1.1" 200 6324
201.244.43.101 - - [30/Dec/2014:02:16:50 -0500] "GET /isolucionsda/Login.aspx?TARGET=SFContainerFiltrado.aspx&number=50706549535369674567 HTTP/1.1" 302 886
201.244.43.101 - - [30/Dec/2014:02:16:53 -0500] "GET /isolucionsda/g/MenuIcono/ico_doc.jpg HTTP/1.1" 200 3103
201.244.43.101 - - [30/Dec/2014:02:16:53 -0500] "GET /isolucionsda/g/Img_BordeTitulo02.jpg HTTP/1.1" 200 451
201.244.43.101 - - [30/Dec/2014:02:16:53 -0500] "GET /isolucionsda/g/Img_BordeTitulo01.jpg HTTP/1.1" 200 444
74.86.158.107 - - [30/Dec/2014:02:16:54 -0500] "HEAD / HTTP/1.1" 302 -
201.244.43.101 - - [30/Dec/2014:02:16:56 -0500] "GET /isolucionsda/FrameSetGeneral.asp?Pagina=ListadoMaestroDocumentos3.asp HTTP/1.1" 200 6634
201.244.43.101 - - [30/Dec/2014:02:16:56 -0500] "GET /isolucionsda/Encabezado.asp?Pagina=ListadoMaestroDocumentos3.asp HTTP/1.1" 200 15364
201.244.43.101 - - [30/Dec/2014:02:16:56 -0500] "GET /isolucionsda/BarraTitulos.asp?Pagina=ListadoMaestroDocumentos3.asp HTTP/1.1" 200 6985
201.244.43.101 - - [30/Dec/2014:02:16:56 -0500] "GET /isolucionsda/ListadoMaestroDocumentos3.asp?Pagina=ListadoMaestroDocumentos3.asp HTTP/1.1" 200 11467
201.244.43.101 - - [30/Dec/2014:02:16:56 -0500] "GET /isolucionsda/BarraFavoritos.asp HTTP/1.1" 200 911
201.244.43.101 - - [30/Dec/2014:02:16:56 -0500] "GET /isolucionsda/Session.asp?Continue=1 HTTP/1.1" 200 6324
201.244.43.101 - - [30/Dec/2014:02:17:01 -0500] "POST /isolucionsda/ListadoMaestroDocumentos3.asp HTTP/1.1" 200 18841
201.244.43.101 - - [30/Dec/2014:02:17:03 -0500] "GET /isolucionsda/Jerarquia.asp?Tabla=Proceso&Form=Admon&CampoDisplay=ProcesoDisplayObjetoProceso&CampoHidden=Proceso&bSubmit=True&items= HTTP/1.1" 200 10587
201.244.43.101 - - [30/Dec/2014:02:17:04 -0500] "GET /isolucionsda/StyleSheet/Stylesheet.css HTTP/1.1" 200 22894
66.249.75.51 - - [30/Dec/2014:02:17:12 -0500] "GET /BLA/resoluciones/RESOLUCIONES%202005/RES%202005%20451-500/00000452.tif HTTP/1.1" 200 144546
66.249.75.51 - - [30/Dec/2014:02:17:13 -0500] "GET /BLA/resoluciones/RESOLUCIONES%202011/4895.pdf HTTP/1.1" 200 622678
201.244.43.101 - - [30/Dec/2014:02:17:17 -0500] "POST /isolucionsda/Jerarquia.asp HTTP/1.1" 200 8112
201.244.43.101 - - [30/Dec/2014:02:17:17 -0500] "POST /isolucionsda/ListadoMaestroDocumentos3.asp HTTP/1.1" 200 16460
201.244.43.101 - - [30/Dec/2014:02:17:23 -0500] "POST /isolucionsda/ListadoMaestroDocumentos3.asp HTTP/1.1" 200 12277
201.244.43.101 - - [30/Dec/2014:02:17:26 -0500] "GET /isolucionsda/g/Bot_CerrarOver.jpg HTTP/1.1" 200 1873
188.165.15.188 - - [30/Dec/2014:02:17:41 -0500] "GET /BLA/resoluciones/RESOLUCIONES%202005/RES%202005%202301-2350/00002341.tif HTTP/1.1" 200 159506
180.76.6.131 - - [30/Dec/2014:02:17:45 -0500] "GET /BLA/resoluciones/AUTOS%202009/0583.pdf HTTP/1.1" 200 128435
188.165.15.85 - - [30/Dec/2014:02:17:55 -0500] "GET /BLA/resoluciones/RESOLUCIONES%202006/RES%202006%202301-2350/00002335.tif HTTP/1.1" 200 201768
66.249.75.67 - - [30/Dec/2014:02:18:33 -0500] "GET /BLA/resoluciones/RESOLUCIONES%202008/0809.pdf HTTP/1.1" 304 -
180.76.6.140 - - [30/Dec/2014:02:18:32 -0500] "GET /videos/NuestraGente_Navidad.flv HTTP/1.1" 200 43574777
188.165.15.85 - - [30/Dec/2014:02:19:03 -0500] "GET /BLA/resoluciones/RESOLUCIONES%202005/RES%202005%202801-2850/00002828.tif HTTP/1.1" 200 298572
123.125.71.20 - - [30/Dec/2014:02:19:10 -0500] "GET / HTTP/1.1" 302 -
66.249.75.51 - - [30/Dec/2014:02:19:52 -0500] "GET /BLA/resoluciones/AUTOS%202014/3301.pdf HTTP/1.1" 304 -
180.76.6.48 - - [30/Dec/2014:02:20:18 -0500] "GET /BLA/resoluciones/RESOLUCIONES%202011/5319.pdf HTTP/1.1" 200 562862
220.181.108.161 - - [30/Dec/2014:02:20:21 -0500] "GET /BLA/boletinlegal/js/jquery.js HTTP/1.1" 200 57254
220.181.108.183 - - [30/Dec/2014:02:20:24 -0500] "GET /BLA/boletinlegal/js/jquery.scrollTo-min.js HTTP/1.1" 200 1150
220.181.108.177 - - [30/Dec/2014:02:20:26 -0500] "GET /BLA/boletinlegal/js/jquery.scrollShow.js HTTP/1.1" 200 4586
220.181.108.168 - - [30/Dec/2014:02:20:30 -0500] "GET /galeria/carrusel/Carrusel/jquery.thumbnailScroller.css HTTP/1.1" 200 2066
220.181.108.79 - - [30/Dec/2014:02:20:31 -0500] "GET /galeria/carrusel/Carrusel/jquery-ui-1.8.13.custom.min.js HTTP/1.1" 200 10800
188.165.15.10 - - [30/Dec/2014:02:20:59 -0500] "GET /BLA/resoluciones/RESOLUCIONES%202005/RES%202005%20801-850/00000837.tif HTTP/1.1" 200 174572
66.249.75.83 - - [30/Dec/2014:02:21:12 -0500] "GET /BLA/resoluciones/RESOLUCIONES%202012/1027.pdf HTTP/1.1" 304 -
115.135.180.77 - - [30/Dec/2014:02:21:24 -0500] "GET /BLA/resoluciones/AUTOS%202014/0436.pdf HTTP/1.1" 200 433144
115.135.180.77 - - [30/Dec/2014:02:21:26 -0500] "GET /BLA/resoluciones/AUTOS%202014/0436.pdf HTTP/1.1" 200 433144
74.86.158.107 - - [30/Dec/2014:02:21:54 -0500] "HEAD / HTTP/1.1" 302 -
188.165.15.44 - - [30/Dec/2014:02:22:03 -0500] "GET /BLA/resoluciones/RESOLUCIONES%202005/RES%202005%201301-1350/00001301.tif HTTP/1.1" 200 72858
180.76.6.233 - - [30/Dec/2014:02:22:13 -0500] "GET /BLA/boletinlegal/Directivas/2013/Directiva%20No.%203%20del%2016%20de%20julio%20de%202013.pdf HTTP/1.1" 200 127414
188.165.15.192 - - [30/Dec/2014:02:22:23 -0500] "GET /BLA/resoluciones/RESOLUCIONES%202004/RES%202004%201001-1050/00001018.tif HTTP/1.1" 200 104800
66.249.75.83 - - [30/Dec/2014:02:22:32 -0500] "GET /BLA/resoluciones/RESOLUCIONES%202009/3787.pdf HTTP/1.1" 200 372888
188.165.15.10 - - [30/Dec/2014:02:22:47 -0500] "GET /BLA/resoluciones/RESOLUCIONES%202003/RES%202003%201301-1350/20031312.tif HTTP/1.1" 200 179436
188.165.15.78 - - [30/Dec/2014:02:23:35 -0500] "GET /BLA/resoluciones/RESOLUCIONES%202006/RES%202006%202101-2150/00002140.tif HTTP/1.1" 200 137172
115.135.180.77 - - [30/Dec/2014:02:23:50 -0500] "GET /BLA/resoluciones/AUTOS%202014/0436.pdf HTTP/1.1" 206 236536
66.249.75.51 - - [30/Dec/2014:02:23:51 -0500] "GET /BLA/resoluciones/RESOLUCIONES%202012/0295.pdf HTTP/1.1" 304 -
66.249.75.51 - - [30/Dec/2014:02:24:16 -0500] "GET /BLA/resoluciones/RESOLUCIONES%202005/00001071.tif HTTP/1.1" 200 334324
66.249.75.67 - - [30/Dec/2014:02:25:06 -0500] "GET /BLA/boletinlegal/Circulares/2013/Circular%20No.%204%20del%2005%20de%20junio%20de%202013.pdf HTTP/1.1" 200 130461
66.249.75.67 - - [30/Dec/2014:02:25:11 -0500] "GET /BLA/resoluciones/RESOLUCIONES%202014/1220.pdf HTTP/1.1" 200 406941
113.210.4.236 - - [30/Dec/2014:02:25:12 -0500] "GET /BLA/resoluciones/AUTOS%202014/0436.pdf HTTP/1.1" 206 236536
115.135.180.77 - - [30/Dec/2014:02:25:22 -0500] "GET /BLA/resoluciones/AUTOS%202014/0436.pdf HTTP/1.1" 206 236536
115.135.180.77 - - [30/Dec/2014:02:25:24 -0500] "GET /BLA/resoluciones/AUTOS%202014/0436.pdf HTTP/1.1" 200 433144
115.135.180.77 - - [30/Dec/2014:02:25:27 -0500] "GET /BLA/resoluciones/AUTOS%202014/0436.pdf HTTP/1.1" 200 433144
46.4.32.75 - - [30/Dec/2014:02:26:14 -0500] "GET /robots.txt HTTP/1.0" 404 1015
100.43.85.25 - - [30/Dec/2014:02:26:15 -0500] "GET /videos/?C=M;O=A HTTP/1.1" 200 47950
46.4.32.75 - - [30/Dec/2014:02:26:16 -0500] "GET /Anexos%20estudio%20Organizacional%20SDA/index.php?dir=ANEXO%20No.%2010%20-%20COSTO%20DETALLADO%20PLANTA%20DE%20CARGOS%20ACTUAL/&sort=date&order=asc HTTP/1.0" 200 2421
46.4.32.75 - - [30/Dec/2014:02:26:17 -0500] "GET /Anexos%20estudio%20Organizacional%20SDA/index.php?dir=ANEXO%20No.%2010%20-%20COSTO%20DETALLADO%20PLANTA%20DE%20CARGOS%20ACTUAL/&sort=name&order=asc HTTP/1.0" 200 2421
46.4.32.75 - - [30/Dec/2014:02:26:19 -0500] "GET /Anexos%20estudio%20Organizacional%20SDA/index.php?dir=ANEXO%20No.%2010%20-%20COSTO%20DETALLADO%20PLANTA%20DE%20CARGOS%20ACTUAL/&sort=size&order=asc HTTP/1.0" 200 2421
46.4.32.75 - - [30/Dec/2014:02:26:21 -0500] "GET /Anexos%20estudio%20Organizacional%20SDA/index.php?dir=ANEXO%20No.%202%20-%20EJECUCIONES%20PRESUPUESTALES%202008-2011%20Y%20PRESUPUESTO%202012/&sort=date&order=asc HTTP/1.0" 200 3708
46.4.32.75 - - [30/Dec/2014:02:26:24 -0500] "GET /Anexos%20estudio%20Organizacional%20SDA/index.php?dir=ANEXO%20No.%202%20-%20EJECUCIONES%20PRESUPUESTALES%202008-2011%20Y%20PRESUPUESTO%202012/&sort=name&order=asc HTTP/1.0" 200 3708
46.4.32.75 - - [30/Dec/2014:02:26:26 -0500] "GET /Anexos%20estudio%20Organizacional%20SDA/index.php?dir=ANEXO%20No.%202%20-%20EJECUCIONES%20PRESUPUESTALES%202008-2011%20Y%20PRESUPUESTO%202012/&sort=size&order=asc HTTP/1.0" 200 3708
46.4.32.75 - - [30/Dec/2014:02:26:28 -0500] "GET /Anexos%20estudio%20Organizacional%20SDA/index.php?dir=ANEXO%20No.%205%20-%20ESTUDIO%20Y%20PROPUESTA%20SERAMB%20IENTE/&sort=date&order=asc HTTP/1.0" 200 3623
46.4.32.75 - - [30/Dec/2014:02:26:30 -0500] "GET /Anexos%20estudio%20Organizacional%20SDA/index.php?dir=ANEXO%20No.%205%20-%20ESTUDIO%20Y%20PROPUESTA%20SERAMB%20IENTE/&sort=name&order=asc HTTP/1.0" 200 3623
66.249.75.83 - - [30/Dec/2014:02:26:31 -0500] "GET /BLA/resoluciones/AUTOS%202011/3603.pdf HTTP/1.1" 304 -
46.4.32.75 - - [30/Dec/2014:02:26:33 -0500] "GET /Anexos%20estudio%20Organizacional%20SDA/index.php?dir=ANEXO%20No.%205%20-%20ESTUDIO%20Y%20PROPUESTA%20SERAMB%20IENTE/&sort=size&order=asc HTTP/1.0" 200 3623
46.4.32.75 - - [30/Dec/2014:02:26:35 -0500] "GET /Anexos%20estudio%20Organizacional%20SDA/index.php?dir=ANEXO%20No.%207%20-%20PROYECTO%20DE%20DECRETO%20MODIFICATORIO%20DE%20ESTRUCTURA%20DE%20LA%20SDA/&sort=date&order=asc HTTP/1.0" 200 2594
46.4.32.75 - - [30/Dec/2014:02:26:37 -0500] "GET /Anexos%20estudio%20Organizacional%20SDA/index.php?dir=ANEXO%20No.%207%20-%20PROYECTO%20DE%20DECRETO%20MODIFICATORIO%20DE%20ESTRUCTURA%20DE%20LA%20SDA/&sort=name&order=asc HTTP/1.0" 200 2594
46.4.32.75 - - [30/Dec/2014:02:26:39 -0500] "GET /Anexos%20estudio%20Organizacional%20SDA/index.php?dir=ANEXO%20No.%207%20-%20PROYECTO%20DE%20DECRETO%20MODIFICATORIO%20DE%20ESTRUCTURA%20DE%20LA%20SDA/&sort=size&order=asc HTTP/1.0" 200 2594
46.4.32.75 - - [30/Dec/2014:02:26:41 -0500] "GET /Anexos%20estudio%20Organizacional%20SDA/index.php?dir=ANEXO%20No.11-PROYECTO%20DE%20DECRETO%20MODIFICATORIO%20PLANTA%20DE%20CARGOS%20SDA/&sort=date&order=asc HTTP/1.0" 200 2569
46.4.32.75 - - [30/Dec/2014:02:26:42 -0500] "GET /Anexos%20estudio%20Organizacional%20SDA/index.php?dir=ANEXO%20No.11-PROYECTO%20DE%20DECRETO%20MODIFICATORIO%20PLANTA%20DE%20CARGOS%20SDA/&sort=name&order=asc HTTP/1.0" 200 2569
46.4.32.75 - - [30/Dec/2014:02:26:44 -0500] "GET /Anexos%20estudio%20Organizacional%20SDA/index.php?dir=ANEXO%20No.11-PROYECTO%20DE%20DECRETO%20MODIFICATORIO%20PLANTA%20DE%20CARGOS%20SDA/&sort=size&order=asc HTTP/1.0" 200 2569
46.4.32.75 - - [30/Dec/2014:02:26:46 -0500] "GET /Anexos%20estudio%20Organizacional%20SDA/index.php?dir=ANEXO%20No.12-PROYECTO%20ACTUALIZACION%20MANUAL%20DE%20FUNCIONES%20SDA/&sort=date&order=asc HTTP/1.0" 200 2515
46.4.32.75 - - [30/Dec/2014:02:26:48 -0500] "GET /Anexos%20estudio%20Organizacional%20SDA/index.php?dir=ANEXO%20No.12-PROYECTO%20ACTUALIZACION%20MANUAL%20DE%20FUNCIONES%20SDA/&sort=name&order=asc HTTP/1.0" 200 2515
46.4.32.75 - - [30/Dec/2014:02:26:50 -0500] "GET /Anexos%20estudio%20Organizacional%20SDA/index.php?dir=ANEXO%20No.12-PROYECTO%20ACTUALIZACION%20MANUAL%20DE%20FUNCIONES%20SDA/&sort=size&order=asc HTTP/1.0" 200 2515
46.4.32.75 - - [30/Dec/2014:02:26:52 -0500] "GET /Autoliquidacion/index.php?dir=Cobro%20Clasificacion%20Uso%20De%20Vivenda%20En%20Suelo%20Restringido/&sort=date&order=asc HTTP/1.0" 200 3220
74.86.158.107 - - [30/Dec/2014:02:26:54 -0500] "HEAD / HTTP/1.1" 302 -
46.4.32.75 - - [30/Dec/2014:02:26:54 -0500] "GET /Autoliquidacion/index.php?dir=Cobro%20Clasificacion%20Uso%20De%20Vivenda%20En%20Suelo%20Restringido/&sort=name&order=asc HTTP/1.0" 200 3220
46.4.32.75 - - [30/Dec/2014:02:26:56 -0500] "GET /Autoliquidacion/index.php?dir=Cobro%20Clasificacion%20Uso%20De%20Vivenda%20En%20Suelo%20Restringido/&sort=size&order=asc HTTP/1.0" 200 3220
46.4.32.75 - - [30/Dec/2014:02:26:58 -0500] "GET /Autoliquidacion/index.php?dir=Fauna%20Silvestre/&sort=date&order=asc HTTP/1.0" 200 3499
46.4.32.75 - - [30/Dec/2014:02:27:01 -0500] "GET /Autoliquidacion/index.php?dir=Fauna%20Silvestre/&sort=name&order=asc HTTP/1.0" 200 3499
46.4.32.75 - - [30/Dec/2014:02:27:03 -0500] "GET /Autoliquidacion/index.php?dir=Fauna%20Silvestre/&sort=size&order=asc HTTP/1.0" 200 3499
46.4.32.75 - - [30/Dec/2014:02:27:05 -0500] "GET /POT-2013/index.php?dir=DTS/&sort=date&order=asc HTTP/1.0" 200 1771
46.4.32.75 - - [30/Dec/2014:02:27:07 -0500] "GET /POT-2013/index.php?dir=DTS/&sort=name&order=asc HTTP/1.0" 200 1771
46.4.32.75 - - [30/Dec/2014:02:27:09 -0500] "GET /POT-2013/index.php?dir=DTS/&sort=size&order=asc HTTP/1.0" 200 1771
46.4.32.75 - - [30/Dec/2014:02:27:11 -0500] "GET /POT-2013/index.php?dir=SEGUIMIENTO/&sort=date&order=asc HTTP/1.0" 200 2147
46.4.32.75 - - [30/Dec/2014:02:27:12 -0500] "GET /POT-2013/index.php?dir=SEGUIMIENTO/&sort=name&order=asc HTTP/1.0" 200 2147
46.4.32.75 - - [30/Dec/2014:02:27:14 -0500] "GET /POT-2013/index.php?dir=SEGUIMIENTO/&sort=size&order=asc HTTP/1.0" 200 2147
46.4.32.75 - - [30/Dec/2014:02:27:16 -0500] "GET /POT-2013/index.php?dir=expediente/&sort=date&order=asc HTTP/1.0" 200 1903
188.165.15.23 - - [30/Dec/2014:02:27:17 -0500] "GET /BLA/resoluciones/RESOLUCIONES%202003/RES%202003%201951-2000/00001957.tif HTTP/1.1" 200 220390
46.4.32.75 - - [30/Dec/2014:02:27:18 -0500] "GET /POT-2013/index.php?dir=expediente/&sort=name&order=asc HTTP/1.0" 200 1903
46.4.32.75 - - [30/Dec/2014:02:27:20 -0500] "GET /POT-2013/index.php?dir=expediente/&sort=size&order=asc HTTP/1.0" 200 1903
66.249.75.67 - - [30/Dec/2014:02:27:21 -0500] "GET /BLA/resoluciones/AUTOS%202014/5885.pdf HTTP/1.1" 200 261697
46.4.32.75 - - [30/Dec/2014:02:27:22 -0500] "GET /POT-2013/index.php?dir=memoria%20justificativa/&sort=date&order=asc HTTP/1.0" 200 2484
46.4.32.75 - - [30/Dec/2014:02:27:23 -0500] "GET /POT-2013/index.php?dir=memoria%20justificativa/&sort=name&order=asc HTTP/1.0" 200 2484
46.4.32.75 - - [30/Dec/2014:02:27:25 -0500] "GET /POT-2013/index.php?dir=memoria%20justificativa/&sort=size&order=asc HTTP/1.0" 200 2484
46.4.32.75 - - [30/Dec/2014:02:27:27 -0500] "GET /PruebasSTORM/Pruebas/?C=M;O=D HTTP/1.0" 200 772
46.4.32.75 - - [30/Dec/2014:02:27:29 -0500] "GET /PruebasSTORM/Pruebas/?C=S;O=D HTTP/1.0" 200 772
46.4.32.75 - - [30/Dec/2014:02:27:31 -0500] "GET /galeria/juegos/?C=D;O=A HTTP/1.0" 200 2027
46.4.32.75 - - [30/Dec/2014:02:27:33 -0500] "GET /galeria/juegos/?C=M;O=A HTTP/1.0" 200 2027
46.4.32.75 - - [30/Dec/2014:02:27:35 -0500] "GET /galeria/juegos/?C=N;O=A HTTP/1.0" 200 2027
46.4.32.75 - - [30/Dec/2014:02:27:37 -0500] "GET /galeria/juegos/?C=S;O=A HTTP/1.0" 200 2027
46.4.32.75 - - [30/Dec/2014:02:27:39 -0500] "GET /galeria/juegos/desktop.ini HTTP/1.0" 200 402
66.249.75.51 - - [30/Dec/2014:02:27:51 -0500] "GET /BLA/resoluciones/AUTOS%202013/1077.pdf HTTP/1.1" 304 -
180.76.6.134 - - [30/Dec/2014:02:28:22 -0500] "GET /BLA/resoluciones/AUTOS%202007/1972.pdf HTTP/1.1" 200 44758
115.135.180.77 - - [30/Dec/2014:02:29:00 -0500] "GET /BLA/resoluciones/AUTOS%202014/0436.pdf HTTP/1.1" 200 433144
115.135.180.77 - - [30/Dec/2014:02:29:01 -0500] "GET /BLA/resoluciones/AUTOS%202014/0436.pdf HTTP/1.1" 200 433144
181.54.84.12 - - [30/Dec/2014:02:29:05 -0500] "GET /BLA/boletinlegal/js/jquery.js HTTP/1.1" 200 57254
181.54.84.12 - - [30/Dec/2014:02:29:05 -0500] "GET /BLA/boletinlegal/js/jquery.scrollTo-min.js HTTP/1.1" 200 1150
181.54.84.12 - - [30/Dec/2014:02:29:05 -0500] "GET /BLA/boletinlegal/js/jquery.scrollShow.js HTTP/1.1" 200 4586
181.54.84.12 - - [30/Dec/2014:02:29:05 -0500] "GET /galeria/carrusel/Carrusel/jquery-ui-1.8.13.custom.min.js HTTP/1.1" 200 10800
181.54.84.12 - - [30/Dec/2014:02:29:05 -0500] "GET /galeria/carrusel/Carrusel/jquery.thumbnailScroller.css HTTP/1.1" 200 2066
181.54.84.12 - - [30/Dec/2014:02:29:06 -0500] "GET /galeria/carrusel/Carrusel/jquery.thumbnailScroller.js HTTP/1.1" 200 8157
181.54.84.12 - - [30/Dec/2014:02:29:10 -0500] "GET /galeria/nivo-slider/demo/demo.html HTTP/1.1" 200 3237
181.54.84.12 - - [30/Dec/2014:02:29:10 -0500] "GET /galeria/nivo-slider/themes/default/default.css HTTP/1.1" 200 1569
181.54.84.12 - - [30/Dec/2014:02:29:10 -0500] "GET /galeria/nivo-slider/themes/orman/orman.css HTTP/1.1" 200 2152
181.54.84.12 - - [30/Dec/2014:02:29:10 -0500] "GET /galeria/nivo-slider/themes/pascal/pascal.css HTTP/1.1" 200 2258
181.54.84.12 - - [30/Dec/2014:02:29:10 -0500] "GET /galeria/nivo-slider/demo/style.css HTTP/1.1" 200 2222
181.54.84.12 - - [30/Dec/2014:02:29:10 -0500] "GET /galeria/nivo-slider/nivo-slider.css HTTP/1.1" 200 1507
66.249.75.51 - - [30/Dec/2014:02:29:10 -0500] "GET /BLA/resoluciones/index.php?dir=RESOLUCIONES%202002/RES%202002%20201-250/&sort=size&order=asc HTTP/1.1" 200 12325
181.54.84.12 - - [30/Dec/2014:02:29:10 -0500] "GET /galeria/nivo-slider/demo/scripts/jquery-1.7.1.min.js HTTP/1.1" 200 93868
181.54.84.12 - - [30/Dec/2014:02:29:11 -0500] "GET /galeria/nivo-slider/jquery.nivo.slider.pack.js HTTP/1.1" 200 11561
181.54.84.12 - - [30/Dec/2014:02:29:11 -0500] "GET /galeria/nivo-slider/demo/images/4Simple_Slider.png HTTP/1.1" 200 11722
181.54.84.12 - - [30/Dec/2014:02:29:11 -0500] "GET /galeria/nivo-slider/themes/default/loading.gif HTTP/1.1" 200 1737
181.54.84.12 - - [30/Dec/2014:02:29:12 -0500] "GET /galeria/nivo-slider/demo/images/bolsas-08.jpg HTTP/1.1" 200 85589
181.54.84.12 - - [30/Dec/2014:02:29:12 -0500] "GET /galeria/nivo-slider/demo/images/Ruta-vertimientos-01.jpg HTTP/1.1" 200 130151
181.54.84.12 - - [30/Dec/2014:02:29:13 -0500] "GET /galeria/nivo-slider/demo/images/bolsas-06.jpg HTTP/1.1" 200 90982
181.54.84.12 - - [30/Dec/2014:02:29:13 -0500] "GET /galeria/nivo-slider/demo/images/ecolecta-Dic2014.png HTTP/1.1" 200 288593
188.165.15.208 - - [30/Dec/2014:02:29:15 -0500] "GET /BLA/resoluciones/RESOLUCIONES%202004/RES%202004%201301-1350/00001336.tif HTTP/1.1" 200 99046
181.54.84.12 - - [30/Dec/2014:02:29:19 -0500] "GET /galeria/nivo-slider/demo/images/porloshumedales.jpg HTTP/1.1" 200 351238
181.54.84.12 - - [30/Dec/2014:02:29:19 -0500] "GET /galeria/nivo-slider/demo/images/Banner-GAE3.jpg HTTP/1.1" 200 146354
181.54.84.12 - - [30/Dec/2014:02:29:19 -0500] "GET /galeria/nivo-slider/demo/images/Tingua-azul.jpg HTTP/1.1" 200 307638
181.54.84.12 - - [30/Dec/2014:02:29:20 -0500] "GET /galeria/nivo-slider/demo/images/Banner-Caracol-Africano.jpg HTTP/1.1" 200 331986
181.54.84.12 - - [30/Dec/2014:02:29:21 -0500] "GET /galeria/nivo-slider/demo/images/banner-redes.jpg HTTP/1.1" 200 62209
66.249.75.51 - - [30/Dec/2014:02:30:17 -0500] "GET /BLA/resoluciones/index.php?dir=RESOLUCIONES%202002/RES%202002%201051-1100/&sort=date&order=asc HTTP/1.1" 200 12143
66.249.69.111 - - [30/Dec/2014:02:30:30 -0500] "GET /Anexos%20estudio%20Organizacional%20SDA/index.php?dir=ANEXO+No.+1-+NORMAS+LEGALES+DE+ESTRUCTURA+Y+PLANTA%2FDecreto+175+de+2009_files%2F HTTP/1.1" 200 9143
188.165.15.44 - - [30/Dec/2014:02:30:48 -0500] "GET /BLA/resoluciones/RESOLUCIONES%202002/RES%202002%20901-950/00000929.tif HTTP/1.1" 200 106052
66.249.75.51 - - [30/Dec/2014:02:31:23 -0500] "GET /BLA/resoluciones/RESOLUCIONES%202005/RES%202005%20451-500/00000469.tif HTTP/1.1" 200 1046310
188.165.15.188 - - [30/Dec/2014:02:31:36 -0500] "GET /BLA/resoluciones/RESOLUCIONES%202003/RES%202003%201151-1200/1193.tif HTTP/1.1" 200 536384
66.249.69.111 - - [30/Dec/2014:02:31:50 -0500] "GET /PORTAL_SIAC/swf/Residuos/pinturas/pinturas.html HTTP/1.1" 200 1959
74.86.158.107 - - [30/Dec/2014:02:31:54 -0500] "HEAD / HTTP/1.1" 302 -
188.165.15.10 - - [30/Dec/2014:02:32:43 -0500] "GET /BLA/resoluciones/RESOLUCIONES%202003/RES%202003%20901-950/925.tif HTTP/1.1" 200 67948
66.249.75.83 - - [30/Dec/2014:02:32:46 -0500] "GET /portel_dama/libreria/php/2006/ECOSISTEMAS%20FINAL%20web_mz27/restauracion/sitio/22_proye/xtras_in/3a.pdf HTTP/1.1" 404 1018
66.249.69.111 - - [30/Dec/2014:02:33:09 -0500] "GET /POT-2013/Cartografia/21_Sistema%20General%20para%20la%20Gesti%C3%B3n%20y%20Manejo%20Integral%20de%20Resi.pdf HTTP/1.1" 200 3540919
66.249.75.67 - - [30/Dec/2014:02:33:25 -0500] "GET /BLA/resoluciones/AUTOS%202011/5565.pdf HTTP/1.1" 200 396800
66.249.75.51 - - [30/Dec/2014:02:34:17 -0500] "GET /autoliquidacion/TR%C3%81MITES%20MINER%C3%8DA/126PM04-PR39-M-A6-V5.0%20Terminos%20de%20referencia%20PMRRA[1].doc HTTP/1.1" 304 -
66.249.69.95 - - [30/Dec/2014:02:34:29 -0500] "GET /Autoliquidacion/index.php?dir=TR%C1MITES+AGUAS+SUBTERR%C1NEAS%2F126PM04-PR94-SOLICITUD+MODIFICACI%D2N+CONCESI%D3N+AGUAS+SUBTERR%C1NEAS%2F HTTP/1.1" 200 2958
188.165.15.44 - - [30/Dec/2014:02:34:48 -0500] "GET /BLA/resoluciones/RESOLUCIONES%202005/RES%202005%201751-1800/00001778.tif HTTP/1.1" 200 173108
188.165.15.130 - - [30/Dec/2014:02:34:57 -0500] "GET /BLA/resoluciones/RESOLUCIONES%202005/00001071.tif HTTP/1.1" 200 334324
66.249.69.95 - - [30/Dec/2014:02:35:05 -0500] "GET /PORTAL_SIAC/swf/Residuos/pinturas/pinturas.swf HTTP/1.1" 200 400853
66.249.69.95 - - [30/Dec/2014:02:35:48 -0500] "GET /PORTAL_SIAC/swf/Residuos/pinturas/files/info.xml?rnd=581c26c4-872b-497b-aa04-e7f171f6fa47 HTTP/1.1" 200 66957
66.249.69.111 - - [30/Dec/2014:02:35:49 -0500] "GET /Autoliquidacion/index.php?dir=TR%C1MITES+VERTIMIENTOS%2F HTTP/1.1" 200 2471
66.249.69.79 - - [30/Dec/2014:02:35:50 -0500] "GET /PORTAL_SIAC/swf/Residuos/pinturas/files/search/searchtext.xml HTTP/1.1" 200 193773
66.249.69.111 - - [30/Dec/2014:02:36:34 -0500] "GET /PORTAL_SIAC/swf/Residuos/pinturas/images/page1.swf HTTP/1.1" 200 1354330
74.86.158.107 - - [30/Dec/2014:02:36:54 -0500] "HEAD / HTTP/1.1" 302 -
188.165.15.208 - - [30/Dec/2014:02:37:13 -0500] "GET /BLA/resoluciones/RESOLUCIONES%202006/RES%202006%201-50/00000018.tif HTTP/1.1" 200 579818
66.249.69.111 - - [30/Dec/2014:02:38:02 -0500] "GET /PORTAL_SIAC/swf/Residuos/pinturas/files/search/search2.xml HTTP/1.1" 200 8470
66.249.69.79 - - [30/Dec/2014:02:38:03 -0500] "GET /PORTAL_SIAC/swf/Residuos/pinturas/images/page3.swf HTTP/1.1" 200 23878
66.249.75.67 - - [30/Dec/2014:02:38:25 -0500] "GET /BLA/resoluciones/RESOLUCIONES%202005/00001061.tif HTTP/1.1" 200 139574
63.118.37.120 - - [30/Dec/2014:02:38:47 -0500] "GET /BLA/boletinlegal/js/jquery.scrollTo-min.js HTTP/1.1" 200 1150
63.118.37.120 - - [30/Dec/2014:02:38:47 -0500] "GET /BLA/boletinlegal/js/jquery.js HTTP/1.1" 200 57254
63.118.37.120 - - [30/Dec/2014:02:38:47 -0500] "GET /BLA/boletinlegal/js/jquery.scrollShow.js HTTP/1.1" 200 4586
66.249.69.95 - - [30/Dec/2014:02:39:07 -0500] "GET /PORTAL_SIAC/swf/Residuos/pinturas/files/search/search3.xml HTTP/1.1" 200 9109
150.70.173.51 - - [30/Dec/2014:02:39:31 -0500] "GET /BLA/boletinlegal/js/jquery.scrollTo-min.js HTTP/1.1" 200 1150
150.70.173.54 - - [30/Dec/2014:02:39:37 -0500] "GET /BLA/boletinlegal/js/jquery.js HTTP/1.1" 200 57254
66.249.75.67 - - [30/Dec/2014:02:39:40 -0500] "GET /BLA/boletinlegal/Circulares/2012/Circular%20No.%2015%20del%2022%20de%20octubre%20de%202012.pdf HTTP/1.1" 200 486506
150.70.173.54 - - [30/Dec/2014:02:39:40 -0500] "GET /BLA/boletinlegal/js/jquery.scrollShow.js HTTP/1.1" 200 4586
66.249.69.79 - - [30/Dec/2014:02:39:50 -0500] "GET /PORTAL_SIAC/swf/Residuos/pinturas/files/search/search4.xml HTTP/1.1" 200 9679
66.249.69.111 - - [30/Dec/2014:02:39:55 -0500] "GET /PORTAL_SIAC/swf/Residuos/pinturas/images/page5.swf HTTP/1.1" 200 19559
188.165.15.10 - - [30/Dec/2014:02:40:09 -0500] "GET /BLA/resoluciones/RESOLUCIONES%202006/RES%202006%202351-2400/00002386.tif HTTP/1.1" 200 199656
66.249.75.83 - - [30/Dec/2014:02:40:18 -0500] "GET /BLA/resoluciones/RESOLUCIONES%202004/RES%202004%202351-2401/00002396.tif HTTP/1.1" 200 134906
66.249.69.111 - - [30/Dec/2014:02:40:39 -0500] "GET /PORTAL_SIAC/swf/Residuos/pinturas/files/search/search5.xml HTTP/1.1" 200 6519
180.76.5.58 - - [30/Dec/2014:02:41:09 -0500] "GET /BLA/resoluciones/RESOLUCIONES%202010/1606.pdf HTTP/1.1" 200 276697
85.141.121.127 - - [30/Dec/2014:02:41:09 -0500] "GET / HTTP/1.0" 302 -
66.249.75.83 - - [30/Dec/2014:02:41:33 -0500] "GET /BLA/resoluciones/AUTOS%202014/1131.pdf HTTP/1.1" 200 398800
85.141.121.127 - - [30/Dec/2014:02:41:35 -0500] "GET /BLA/boletinlegal/js/jquery.js HTTP/1.0" 200 57254
85.141.121.127 - - [30/Dec/2014:02:41:37 -0500] "GET /BLA/boletinlegal/js/jquery.scrollTo-min.js HTTP/1.0" 200 1150
85.141.121.127 - - [30/Dec/2014:02:41:37 -0500] "GET /BLA/boletinlegal/js/jquery.scrollShow.js HTTP/1.0" 200 4586
85.141.121.127 - - [30/Dec/2014:02:41:39 -0500] "GET /galeria/carrusel/Carrusel/jquery.thumbnailScroller.css HTTP/1.0" 200 2066
85.141.121.127 - - [30/Dec/2014:02:41:39 -0500] "GET /galeria/nivo-slider/demo/demo.html HTTP/1.0" 200 3237
85.141.121.127 - - [30/Dec/2014:02:41:40 -0500] "GET /galeria/nivo-slider/themes/default/default.css HTTP/1.0" 200 1569
85.141.121.127 - - [30/Dec/2014:02:41:41 -0500] "GET /galeria/nivo-slider/themes/pascal/pascal.css HTTP/1.0" 200 2258
85.141.121.127 - - [30/Dec/2014:02:41:42 -0500] "GET /galeria/nivo-slider/themes/orman/orman.css HTTP/1.0" 200 2152
85.141.121.127 - - [30/Dec/2014:02:41:43 -0500] "GET /galeria/nivo-slider/nivo-slider.css HTTP/1.0" 200 1507
85.141.121.127 - - [30/Dec/2014:02:41:43 -0500] "GET /galeria/nivo-slider/demo/style.css HTTP/1.0" 200 2222
85.141.121.127 - - [30/Dec/2014:02:41:45 -0500] "GET /galeria/carrusel/Carrusel/jquery-ui-1.8.13.custom.min.js HTTP/1.0" 200 10800
85.141.121.127 - - [30/Dec/2014:02:41:46 -0500] "GET /galeria/nivo-slider/demo/scripts/jquery-1.7.1.min.js HTTP/1.0" 200 93868
180.76.6.57 - - [30/Dec/2014:02:41:48 -0500] "GET /BLA/resoluciones/Autos%202008/3426.pdf HTTP/1.1" 200 133358
85.141.121.127 - - [30/Dec/2014:02:41:48 -0500] "GET /galeria/carrusel/Carrusel/jquery.thumbnailScroller.js HTTP/1.0" 200 8157
85.141.121.127 - - [30/Dec/2014:02:41:48 -0500] "GET /galeria/nivo-slider/jquery.nivo.slider.pack.js HTTP/1.0" 200 11561
74.86.158.107 - - [30/Dec/2014:02:41:54 -0500] "HEAD / HTTP/1.1" 302 -
66.249.75.67 - - [30/Dec/2014:02:42:33 -0500] "GET /BLA/resoluciones/AUTOS%202014/5786.pdf HTTP/1.1" 200 201202
188.165.15.85 - - [30/Dec/2014:02:42:39 -0500] "GET /BLA/resoluciones/RESOLUCIONES%202004/RES%202004%201951-2000/00001975.tif HTTP/1.1" 200 258850
188.165.15.26 - - [30/Dec/2014:02:43:00 -0500] "GET /BLA/resoluciones/RESOLUCIONES%202002/RES%202002%20601-650/00000643.tif HTTP/1.1" 200 112612
66.249.75.51 - - [30/Dec/2014:02:43:28 -0500] "GET /BLA/resoluciones/AUTOS%202014/3589.pdf HTTP/1.1" 200 401531
66.249.75.83 - - [30/Dec/2014:02:45:28 -0500] "GET /BLA/resoluciones/RESOLUCIONES%202005/00001068.tif HTTP/1.1" 200 140632
188.165.15.37 - - [30/Dec/2014:02:45:30 -0500] "GET /BLA/resoluciones/index.php?dir=RESOLUCIONES+2002%2F HTTP/1.1" 200 11295
66.249.69.95 - - [30/Dec/2014:02:46:22 -0500] "GET /ecodirectorio/files/js/swfaddress.js HTTP/1.1" 200 15916
66.249.69.111 - - [30/Dec/2014:02:46:23 -0500] "GET /ecodirectorio/files/js/swfobject.js HTTP/1.1" 200 10220
66.249.69.79 - - [30/Dec/2014:02:46:23 -0500] "GET /ecodirectorio/? HTTP/1.1" 200 4742
74.86.158.107 - - [30/Dec/2014:02:46:54 -0500] "HEAD / HTTP/1.1" 302 -
66.249.75.67 - - [30/Dec/2014:02:49:50 -0500] "GET /BLA/resoluciones/AUTOS%202011/6949.pdf HTTP/1.1" 200 313629
66.249.75.51 - - [30/Dec/2014:02:50:03 -0500] "GET /BLA/resoluciones/AUTOS%202014/2894.pdf HTTP/1.1" 200 150058
197.242.114.78 - - [30/Dec/2014:02:51:31 -0500] "GET /ecodirectorio/files/res/other/search.txt HTTP/1.1" 200 64446
197.242.114.78 - - [30/Dec/2014:02:51:34 -0500] "GET /favicon.ico HTTP/1.1" 200 7782
188.165.15.26 - - [30/Dec/2014:02:51:35 -0500] "GET /BLA/resoluciones/RESOLUCIONES%202005/RES%202005%202601-2650/00002640.tif HTTP/1.1" 200 131638
74.86.158.107 - - [30/Dec/2014:02:51:54 -0500] "HEAD / HTTP/1.1" 302 -
66.249.75.83 - - [30/Dec/2014:02:52:29 -0500] "GET /BLA/resoluciones/RESOLUCIONES%202005/RES%202005%20451-500/00000500.tif HTTP/1.1" 200 269234
66.249.75.67 - - [30/Dec/2014:02:52:39 -0500] "GET /BLA/boletinlegal/Circulares/2012/Circular%20No.%203%20del%2023%20de%20Marzo%20de%202012.pdf HTTP/1.1" 200 572950
188.165.15.85 - - [30/Dec/2014:02:53:16 -0500] "GET /BLA/resoluciones/index.php?dir=RESOLUCIONES%202002/RES%202002%201351-1400/&sort=name&order=asc HTTP/1.1" 200 12141
188.165.15.130 - - [30/Dec/2014:02:53:18 -0500] "GET /BLA/resoluciones/index.php?dir=RESOLUCIONES%202004/RES%202004%201701-1750/&sort=name&order=asc HTTP/1.1" 200 12358
188.165.15.192 - - [30/Dec/2014:02:54:35 -0500] "GET /manual_funciones_Listado/index.php?dir=1.2.%20Oficina%20Participaci%C3%83%C2%B3n,%20Educacion%20y%20Localidades/&sort=name&order=asc HTTP/1.1" 404 1018
180.76.6.20 - - [30/Dec/2014:02:55:22 -0500] "GET /BLA/boletinlegal;jsessionid=DC02FADC18FDE094FBD8F60F472B419B?/? HTTP/1.1" 404 1018
188.165.15.37 - - [30/Dec/2014:02:56:08 -0500] "GET /BLA/resoluciones/RESOLUCIONES%202006/RES%202006%20401-450/00000448.tif HTTP/1.1" 200 123486
188.165.15.10 - - [30/Dec/2014:02:56:09 -0500] "GET /BLA/resoluciones/RESOLUCIONES%202002/RES%202002%201151-1200/20021162.tif HTTP/1.1" 200 39084
66.249.75.67 - - [30/Dec/2014:02:56:18 -0500] "GET /BLA/resoluciones/RESOLUCIONES%202007/RES%202007%204001%20AL%204100/RESOLUCION%204081%20DE%202007.pdf HTTP/1.1" 200 439439
74.86.158.107 - - [30/Dec/2014:02:56:54 -0500] "HEAD / HTTP/1.1" 302 -
66.249.75.51 - - [30/Dec/2014:02:59:20 -0500] "GET /BLA/resoluciones/RESOLUCIONES%202005/RES%202005%20451-500/00000498.tif HTTP/1.1" 200 151582
188.165.15.10 - - [30/Dec/2014:02:59:39 -0500] "GET /BLA/resoluciones/index.php?dir=RESOLUCIONES%202015/&sort=date&order=desc HTTP/1.1" 200 1698
188.165.15.85 - - [30/Dec/2014:03:00:51 -0500] "GET /BLA/resoluciones/index.php?dir=RESOLUCIONES%202005/ANEXO%20RES%202643-2005/&sort=name&order=asc HTTP/1.1" 200 2446
74.86.158.107 - - [30/Dec/2014:03:01:54 -0500] "HEAD / HTTP/1.1" 302 -
66.249.75.51 - - [30/Dec/2014:03:01:54 -0500] "GET /BLA/resoluciones/Notificaciones/AUTOS%202013/2692.doc HTTP/1.1" 200 238080
