!C99Shell v. 1.0 pre-release build #13!

Software: Apache. PHP/5.5.15 

uname -a: Windows NT SVR-DMZ 6.1 build 7600 (Windows Server 2008 R2 Enterprise Edition) i586 

SYSTEM 

Safe-mode: OFF (not secure)

E:\nuevo\apache\logs\   drwxrwxrwx
Free 8.02 GB of 239.26 GB (3.35%)
Detected drives: [ a ] [ c ] [ d ] [ e ] [ f ]
Home    Back    Forward    UPDIR    Refresh    Search    Buffer    Encoder    Tools    Proc.    FTP brute    Sec.    SQL    PHP-code    Update    Feedback    Self remove    Logout    


Viewing file:     access.2014.12.30.log (8.44 MB)      -rw-rw-rw-
Select action/file-type:
(+) | (+) | (+) | Code (+) | Session (+) | (+) | SDB (+) | (+) | (+) | (+) | (+) | (+) |
64.207.185.123 - - [30/Dec/2014:00:00:15 -0500] "GET /blog/wp-admin/ HTTP/1.1" 404 1018
181.54.84.12 - - [30/Dec/2014:00:00:33 -0500] "POST /forms/lservlet;jsessionid=ac16012b30d57fd711c623924762aa00b48705bb7dac.e3iSbxaKaheRe34Sa3yKbhiTahb0n6jAmljGr5XDqQLvpAe HTTP/1.1" 200 2
216.168.241.229 - - [30/Dec/2014:00:00:45 -0500] "GET /galeria/carrusel/Carrusel/jquery.thumbnailScroller.css HTTP/1.1" 200 2066
216.168.241.229 - - [30/Dec/2014:00:00:45 -0500] "GET /BLA/boletinlegal/js/jquery.js HTTP/1.1" 200 57254
216.168.241.229 - - [30/Dec/2014:00:00:45 -0500] "GET /BLA/boletinlegal/js/jquery.scrollTo-min.js HTTP/1.1" 200 1150
216.168.241.229 - - [30/Dec/2014:00:00:45 -0500] "GET /BLA/boletinlegal/js/jquery.scrollShow.js HTTP/1.1" 200 4586
216.168.241.229 - - [30/Dec/2014:00:00:45 -0500] "GET /galeria/carrusel/Carrusel/jquery-ui-1.8.13.custom.min.js HTTP/1.1" 200 10800
216.168.241.229 - - [30/Dec/2014:00:00:45 -0500] "GET /galeria/carrusel/Carrusel/jquery.thumbnailScroller.js HTTP/1.1" 200 8157
216.168.241.229 - - [30/Dec/2014:00:00:47 -0500] "GET /galeria/nivo-slider/demo/demo.html HTTP/1.1" 200 3237
216.168.241.229 - - [30/Dec/2014:00:00:47 -0500] "GET /galeria/nivo-slider/themes/default/default.css HTTP/1.1" 200 1569
216.168.241.229 - - [30/Dec/2014:00:00:47 -0500] "GET /galeria/nivo-slider/themes/orman/orman.css HTTP/1.1" 200 2152
216.168.241.229 - - [30/Dec/2014:00:00:47 -0500] "GET /galeria/nivo-slider/nivo-slider.css HTTP/1.1" 200 1507
216.168.241.229 - - [30/Dec/2014:00:00:47 -0500] "GET /galeria/nivo-slider/themes/pascal/pascal.css HTTP/1.1" 200 2258
216.168.241.229 - - [30/Dec/2014:00:00:47 -0500] "GET /galeria/nivo-slider/demo/style.css HTTP/1.1" 200 2222
216.168.241.229 - - [30/Dec/2014:00:00:47 -0500] "GET /galeria/nivo-slider/demo/scripts/jquery-1.7.1.min.js HTTP/1.1" 200 93868
216.168.241.229 - - [30/Dec/2014:00:00:47 -0500] "GET /galeria/nivo-slider/jquery.nivo.slider.pack.js HTTP/1.1" 200 11561
216.168.241.229 - - [30/Dec/2014:00:00:47 -0500] "GET /galeria/nivo-slider/demo/images/bolsas-08.jpg HTTP/1.1" 200 85589
216.168.241.229 - - [30/Dec/2014:00:00:47 -0500] "GET /galeria/nivo-slider/demo/images/Ruta-vertimientos-01.jpg HTTP/1.1" 200 130151
216.168.241.229 - - [30/Dec/2014:00:00:47 -0500] "GET /galeria/nivo-slider/demo/images/bolsas-06.jpg HTTP/1.1" 200 90982
216.168.241.229 - - [30/Dec/2014:00:00:47 -0500] "GET /galeria/nivo-slider/demo/images/ecolecta-Dic2014.png HTTP/1.1" 200 288593
216.168.241.229 - - [30/Dec/2014:00:00:48 -0500] "GET /galeria/nivo-slider/demo/images/Banner-GAE3.jpg HTTP/1.1" 200 146354
216.168.241.229 - - [30/Dec/2014:00:00:48 -0500] "GET /galeria/nivo-slider/demo/images/porloshumedales.jpg HTTP/1.1" 200 351238
216.168.241.229 - - [30/Dec/2014:00:00:48 -0500] "GET /galeria/nivo-slider/demo/images/4Simple_Slider.png HTTP/1.1" 200 11722
216.168.241.229 - - [30/Dec/2014:00:00:48 -0500] "GET /galeria/nivo-slider/themes/default/loading.gif HTTP/1.1" 200 1737
216.168.241.229 - - [30/Dec/2014:00:00:48 -0500] "GET /galeria/nivo-slider/demo/images/Tingua-azul.jpg HTTP/1.1" 200 307638
216.168.241.229 - - [30/Dec/2014:00:00:48 -0500] "GET /galeria/nivo-slider/demo/images/Banner-Caracol-Africano.jpg HTTP/1.1" 200 331986
216.168.241.229 - - [30/Dec/2014:00:00:48 -0500] "GET /galeria/nivo-slider/demo/images/banner-redes.jpg HTTP/1.1" 200 62209
180.76.5.148 - - [30/Dec/2014:00:00:48 -0500] "GET /BLA/boletinlegal;jsessionid=5466F0B684CA07C7E59991174B9638FB?/? HTTP/1.1" 404 1018
216.168.241.229 - - [30/Dec/2014:00:00:48 -0500] "GET /galeria/nivo-slider/demo/images/9Signos.jpg HTTP/1.1" 200 93040
216.168.241.229 - - [30/Dec/2014:00:00:49 -0500] "GET /galeria/nivo-slider/demo/images/banner-llantas2.jpg HTTP/1.1" 200 73153
216.168.241.229 - - [30/Dec/2014:00:00:49 -0500] "GET /galeria/nivo-slider/demo/images/banner-caballos.png HTTP/1.1" 200 389106
190.234.105.245 - - [30/Dec/2014:00:00:53 -0500] "GET /BLA/boletinlegal/js/jquery.js HTTP/1.1" 200 57254
190.234.105.245 - - [30/Dec/2014:00:00:53 -0500] "GET /BLA/boletinlegal/js/jquery.scrollTo-min.js HTTP/1.1" 200 1150
190.234.105.245 - - [30/Dec/2014:00:00:53 -0500] "GET /BLA/boletinlegal/js/jquery.scrollShow.js HTTP/1.1" 200 4586
190.234.105.245 - - [30/Dec/2014:00:00:53 -0500] "GET /galeria/carrusel/Carrusel/jquery.thumbnailScroller.css HTTP/1.1" 200 2066
216.168.241.229 - - [30/Dec/2014:00:00:53 -0500] "GET /galeria/nivo-slider/themes/default/bullets.png HTTP/1.1" 200 1281
216.168.241.229 - - [30/Dec/2014:00:00:53 -0500] "GET /galeria/nivo-slider/themes/default/arrows.png HTTP/1.1" 200 824
190.234.105.245 - - [30/Dec/2014:00:00:53 -0500] "GET /galeria/carrusel/Carrusel/jquery-ui-1.8.13.custom.min.js HTTP/1.1" 200 10800
190.234.105.245 - - [30/Dec/2014:00:00:53 -0500] "GET /galeria/carrusel/Carrusel/jquery.thumbnailScroller.js HTTP/1.1" 200 8157
66.249.69.95 - - [30/Dec/2014:00:00:55 -0500] "GET /BLA/boletinlegal/jurisprudencia.php HTTP/1.1" 200 10741
190.26.148.157 - - [30/Dec/2014:00:00:58 -0500] "GET /BLA/resoluciones/RESOLUCIONES%202007/RES%202007%202201%20AL%202300/RESOLUCION%202248%20DE%202007.pdf HTTP/1.1" 200 1060479
190.234.105.245 - - [30/Dec/2014:00:00:59 -0500] "GET /galeria/nivo-slider/demo/demo.html HTTP/1.1" 200 3237
190.26.148.157 - - [30/Dec/2014:00:01:00 -0500] "GET /BLA/resoluciones/RESOLUCIONES%202007/RES%202007%202201%20AL%202300/RESOLUCION%202248%20DE%202007.pdf HTTP/1.1" 200 1060479
190.234.105.245 - - [30/Dec/2014:00:01:00 -0500] "GET /galeria/nivo-slider/themes/default/default.css HTTP/1.1" 200 1569
190.234.105.245 - - [30/Dec/2014:00:01:00 -0500] "GET /galeria/nivo-slider/themes/pascal/pascal.css HTTP/1.1" 200 2258
190.234.105.245 - - [30/Dec/2014:00:01:00 -0500] "GET /galeria/nivo-slider/themes/orman/orman.css HTTP/1.1" 200 2152
190.234.105.245 - - [30/Dec/2014:00:01:00 -0500] "GET /galeria/nivo-slider/nivo-slider.css HTTP/1.1" 200 1507
190.234.105.245 - - [30/Dec/2014:00:01:00 -0500] "GET /galeria/nivo-slider/demo/style.css HTTP/1.1" 200 2222
190.234.105.245 - - [30/Dec/2014:00:01:00 -0500] "GET /galeria/nivo-slider/demo/images/bolsas-08.jpg HTTP/1.1" 200 85589
190.234.105.245 - - [30/Dec/2014:00:01:00 -0500] "GET /galeria/nivo-slider/demo/images/Ruta-vertimientos-01.jpg HTTP/1.1" 200 130151
190.234.105.245 - - [30/Dec/2014:00:01:00 -0500] "GET /galeria/nivo-slider/demo/images/bolsas-06.jpg HTTP/1.1" 200 90982
190.234.105.245 - - [30/Dec/2014:00:01:00 -0500] "GET /galeria/nivo-slider/demo/images/ecolecta-Dic2014.png HTTP/1.1" 200 288593
190.234.105.245 - - [30/Dec/2014:00:01:00 -0500] "GET /galeria/nivo-slider/demo/images/Banner-GAE3.jpg HTTP/1.1" 200 146354
190.234.105.245 - - [30/Dec/2014:00:01:00 -0500] "GET /galeria/nivo-slider/demo/images/porloshumedales.jpg HTTP/1.1" 200 351238
190.234.105.245 - - [30/Dec/2014:00:01:01 -0500] "GET /galeria/nivo-slider/demo/images/Tingua-azul.jpg HTTP/1.1" 200 307638
190.234.105.245 - - [30/Dec/2014:00:01:02 -0500] "GET /galeria/nivo-slider/demo/images/Banner-Caracol-Africano.jpg HTTP/1.1" 200 331986
190.234.105.245 - - [30/Dec/2014:00:01:02 -0500] "GET /galeria/nivo-slider/demo/images/banner-redes.jpg HTTP/1.1" 200 62209
190.234.105.245 - - [30/Dec/2014:00:01:03 -0500] "GET /galeria/nivo-slider/demo/images/9Signos.jpg HTTP/1.1" 200 93040
190.234.105.245 - - [30/Dec/2014:00:01:03 -0500] "GET /galeria/nivo-slider/demo/images/banner-llantas2.jpg HTTP/1.1" 200 73153
190.234.105.245 - - [30/Dec/2014:00:01:03 -0500] "GET /galeria/nivo-slider/demo/images/banner-caballos.png HTTP/1.1" 200 389106
190.234.105.245 - - [30/Dec/2014:00:01:04 -0500] "GET /galeria/nivo-slider/demo/scripts/jquery-1.7.1.min.js HTTP/1.1" 200 93868
190.234.105.245 - - [30/Dec/2014:00:01:04 -0500] "GET /galeria/nivo-slider/jquery.nivo.slider.pack.js HTTP/1.1" 200 11561
190.234.105.245 - - [30/Dec/2014:00:01:04 -0500] "GET /galeria/nivo-slider/demo/images/4Simple_Slider.png HTTP/1.1" 200 11722
190.234.105.245 - - [30/Dec/2014:00:01:04 -0500] "GET /galeria/nivo-slider/themes/default/loading.gif HTTP/1.1" 200 1737
190.234.105.245 - - [30/Dec/2014:00:01:05 -0500] "GET /galeria/nivo-slider/themes/default/arrows.png HTTP/1.1" 200 824
190.234.105.245 - - [30/Dec/2014:00:01:05 -0500] "GET /galeria/nivo-slider/themes/default/bullets.png HTTP/1.1" 200 1281
190.26.148.157 - - [30/Dec/2014:00:01:34 -0500] "GET /BLA/resoluciones/RESOLUCIONES%202007/RES%202007%202201%20AL%202300/RESOLUCION%202249%20DE%202007.pdf HTTP/1.1" 200 809994
190.26.148.157 - - [30/Dec/2014:00:01:35 -0500] "GET /BLA/resoluciones/RESOLUCIONES%202007/RES%202007%202201%20AL%202300/RESOLUCION%202249%20DE%202007.pdf HTTP/1.1" 200 809994
74.86.158.107 - - [30/Dec/2014:00:01:54 -0500] "HEAD / HTTP/1.1" 302 -
188.165.15.23 - - [30/Dec/2014:00:01:55 -0500] "GET /BLA/resoluciones/RESOLUCIONES%202006/RES%202006%20551-600/00000557.tif HTTP/1.1" 200 332424
181.54.84.12 - - [30/Dec/2014:00:02:33 -0500] "POST /forms/lservlet;jsessionid=ac16012b30d57fd711c623924762aa00b48705bb7dac.e3iSbxaKaheRe34Sa3yKbhiTahb0n6jAmljGr5XDqQLvpAe HTTP/1.1" 200 2
180.76.6.136 - - [30/Dec/2014:00:02:39 -0500] "GET /BLA/boletinlegal;jsessionid=10C49B4F2E45947A0938C9BC1ED46108?/? HTTP/1.1" 404 1018
66.249.75.83 - - [30/Dec/2014:00:02:41 -0500] "GET /Anexos%20estudio%20Organizacional%20SDA/ANEXO%20No.%201-%20NORMAS%20LEGALES%20DE%20ESTRUCTURA%20Y%20PLANTA/Decreto%20631%20de%202007-%20Modifica%20planta%20de%20SDA.jsp_files/play.png HTTP/1.1" 200 1218
66.249.75.51 - - [30/Dec/2014:00:02:52 -0500] "GET /BLA/resoluciones/RESOLUCIONES%202005/RES%202005%20451-500/00000484.tif HTTP/1.1" 200 83950
188.165.15.78 - - [30/Dec/2014:00:04:00 -0500] "GET /BLA/resoluciones/RESOLUCIONES%202002/RES%202002%20101-150/2002RES103.tif HTTP/1.1" 200 76360
187.179.179.94 - - [30/Dec/2014:00:04:18 -0500] "GET /BLA/boletinlegal/js/jquery.js HTTP/1.1" 200 57254
187.179.179.94 - - [30/Dec/2014:00:04:18 -0500] "GET /BLA/boletinlegal/js/jquery.scrollTo-min.js HTTP/1.1" 200 1150
187.179.179.94 - - [30/Dec/2014:00:04:18 -0500] "GET /BLA/boletinlegal/js/jquery.scrollShow.js HTTP/1.1" 200 4586
186.84.135.80 - - [30/Dec/2014:00:04:25 -0500] "GET /galeria/carrusel/Carrusel/jquery.thumbnailScroller.css HTTP/1.1" 200 2066
186.84.135.80 - - [30/Dec/2014:00:04:25 -0500] "GET /galeria/carrusel/Carrusel/jquery-ui-1.8.13.custom.min.js HTTP/1.1" 200 10800
186.84.135.80 - - [30/Dec/2014:00:04:25 -0500] "GET /galeria/carrusel/Carrusel/jquery.thumbnailScroller.js HTTP/1.1" 200 8157
186.84.135.80 - - [30/Dec/2014:00:04:26 -0500] "GET /galeria/nivo-slider/demo/demo.html HTTP/1.1" 200 3237
186.84.135.80 - - [30/Dec/2014:00:04:28 -0500] "GET /galeria/nivo-slider/themes/default/default.css HTTP/1.1" 200 1569
186.84.135.80 - - [30/Dec/2014:00:04:28 -0500] "GET /galeria/nivo-slider/themes/pascal/pascal.css HTTP/1.1" 200 2258
186.84.135.80 - - [30/Dec/2014:00:04:28 -0500] "GET /galeria/nivo-slider/themes/orman/orman.css HTTP/1.1" 200 2152
186.84.135.80 - - [30/Dec/2014:00:04:28 -0500] "GET /galeria/nivo-slider/nivo-slider.css HTTP/1.1" 200 1507
186.84.135.80 - - [30/Dec/2014:00:04:28 -0500] "GET /galeria/nivo-slider/demo/style.css HTTP/1.1" 200 2222
186.84.135.80 - - [30/Dec/2014:00:04:28 -0500] "GET /galeria/nivo-slider/demo/scripts/jquery-1.7.1.min.js HTTP/1.1" 200 93868
186.84.135.80 - - [30/Dec/2014:00:04:28 -0500] "GET /galeria/nivo-slider/jquery.nivo.slider.pack.js HTTP/1.1" 200 11561
186.84.135.80 - - [30/Dec/2014:00:04:28 -0500] "GET /galeria/nivo-slider/demo/images/bolsas-08.jpg HTTP/1.1" 200 85589
186.84.135.80 - - [30/Dec/2014:00:04:28 -0500] "GET /galeria/nivo-slider/demo/images/Ruta-vertimientos-01.jpg HTTP/1.1" 200 130151
186.84.135.80 - - [30/Dec/2014:00:04:28 -0500] "GET /galeria/nivo-slider/demo/images/bolsas-06.jpg HTTP/1.1" 200 90982
186.84.135.80 - - [30/Dec/2014:00:04:28 -0500] "GET /galeria/nivo-slider/demo/images/Banner-GAE3.jpg HTTP/1.1" 200 146354
186.84.135.80 - - [30/Dec/2014:00:04:28 -0500] "GET /galeria/nivo-slider/demo/images/porloshumedales.jpg HTTP/1.1" 200 351238
186.84.135.80 - - [30/Dec/2014:00:04:28 -0500] "GET /galeria/nivo-slider/demo/images/ecolecta-Dic2014.png HTTP/1.1" 200 288593
186.84.135.80 - - [30/Dec/2014:00:04:28 -0500] "GET /galeria/nivo-slider/demo/images/Banner-Caracol-Africano.jpg HTTP/1.1" 200 331986
186.84.135.80 - - [30/Dec/2014:00:04:28 -0500] "GET /galeria/nivo-slider/demo/images/Tingua-azul.jpg HTTP/1.1" 200 307638
186.84.135.80 - - [30/Dec/2014:00:04:28 -0500] "GET /galeria/nivo-slider/demo/images/banner-redes.jpg HTTP/1.1" 200 62209
186.84.135.80 - - [30/Dec/2014:00:04:28 -0500] "GET /galeria/nivo-slider/demo/images/9Signos.jpg HTTP/1.1" 200 93040
186.84.135.80 - - [30/Dec/2014:00:04:29 -0500] "GET /galeria/nivo-slider/demo/images/banner-llantas2.jpg HTTP/1.1" 200 73153
186.84.135.80 - - [30/Dec/2014:00:04:29 -0500] "GET /galeria/nivo-slider/demo/images/banner-caballos.png HTTP/1.1" 200 389106
66.249.69.111 - - [30/Dec/2014:00:04:29 -0500] "GET /BLA/boletinlegal/jurisprudencia/analisis/analisis%20C-595-2010.doc HTTP/1.1" 200 39424
186.84.135.80 - - [30/Dec/2014:00:04:30 -0500] "GET /galeria/nivo-slider/demo/images/4Simple_Slider.png HTTP/1.1" 200 11722
186.84.135.80 - - [30/Dec/2014:00:04:30 -0500] "GET /galeria/nivo-slider/themes/default/loading.gif HTTP/1.1" 200 1737
66.249.75.67 - - [30/Dec/2014:00:04:30 -0500] "GET /BLA/resoluciones/RESOLUCIONES%202010/5265.pdf HTTP/1.1" 200 839154
181.54.84.12 - - [30/Dec/2014:00:04:33 -0500] "POST /forms/lservlet;jsessionid=ac16012b30d57fd711c623924762aa00b48705bb7dac.e3iSbxaKaheRe34Sa3yKbhiTahb0n6jAmljGr5XDqQLvpAe HTTP/1.1" 200 2
186.84.135.80 - - [30/Dec/2014:00:04:34 -0500] "GET /galeria/nivo-slider/themes/default/arrows.png HTTP/1.1" 200 824
186.84.135.80 - - [30/Dec/2014:00:04:34 -0500] "GET /galeria/nivo-slider/themes/default/bullets.png HTTP/1.1" 200 1281
180.76.5.78 - - [30/Dec/2014:00:05:13 -0500] "GET /BLA/boletinlegal/Circulares/2012/Circular%20No.%2015%20del%2022%20de%20octubre%20de%202012.pdf HTTP/1.1" 200 486506
66.249.75.83 - - [30/Dec/2014:00:06:16 -0500] "GET /resoluciones/RESOLUCIONES%202007/RES%202007%201501%20AL%201600/RESOLUCION%201599%20DE%202007.pdf HTTP/1.1" 404 1018
181.54.84.12 - - [30/Dec/2014:00:06:33 -0500] "POST /forms/lservlet;jsessionid=ac16012b30d57fd711c623924762aa00b48705bb7dac.e3iSbxaKaheRe34Sa3yKbhiTahb0n6jAmljGr5XDqQLvpAe HTTP/1.1" 200 2
157.55.39.156 - - [30/Dec/2014:00:06:46 -0500] "GET /dama/libreria/pdf/anexossiac/Bases%20concertacion%20Energia%20Electrica.pdf HTTP/1.1" 404 1019
74.86.158.107 - - [30/Dec/2014:00:06:54 -0500] "HEAD / HTTP/1.1" 302 -
66.249.75.67 - - [30/Dec/2014:00:08:03 -0500] "GET /BLA/resoluciones/AUTOS%202009/2820.pdf HTTP/1.1" 200 99443
100.43.85.25 - - [30/Dec/2014:00:08:15 -0500] "GET /POT-2013/index.php?dir=expediente/&sort=size&order=asc HTTP/1.1" 200 1903
181.54.84.12 - - [30/Dec/2014:00:08:33 -0500] "POST /forms/lservlet;jsessionid=ac16012b30d57fd711c623924762aa00b48705bb7dac.e3iSbxaKaheRe34Sa3yKbhiTahb0n6jAmljGr5XDqQLvpAe HTTP/1.1" 200 2
64.207.185.123 - - [30/Dec/2014:00:09:23 -0500] "GET /wp/wp-admin/ HTTP/1.1" 404 1018
188.165.15.10 - - [30/Dec/2014:00:09:28 -0500] "GET /BLA/resoluciones/RESOLUCIONES%202002/RES%202002%20301-350/00000324.tif HTTP/1.1" 200 125544
66.249.75.67 - - [30/Dec/2014:00:09:58 -0500] "GET /BLA/resoluciones/RESOLUCIONES%202005/00001086.tif HTTP/1.1" 200 329990
66.249.69.79 - - [30/Dec/2014:00:10:00 -0500] "GET /Autoliquidacion/ HTTP/1.1" 200 6375
181.54.84.12 - - [30/Dec/2014:00:10:33 -0500] "POST /forms/lservlet;jsessionid=ac16012b30d57fd711c623924762aa00b48705bb7dac.e3iSbxaKaheRe34Sa3yKbhiTahb0n6jAmljGr5XDqQLvpAe HTTP/1.1" 200 2
66.249.75.51 - - [30/Dec/2014:00:10:36 -0500] "GET /BLA/resoluciones/RESOLUCIONES%202010/0227.pdf HTTP/1.1" 200 215415
188.165.15.23 - - [30/Dec/2014:00:10:45 -0500] "GET /BLA/resoluciones/RESOLUCIONES%202000/2000%202800-2849.tif HTTP/1.1" 200 6618561
66.249.69.79 - - [30/Dec/2014:00:11:38 -0500] "GET /POT-2013/expediente/EXPEDIENTE%20DISTRITAL%20VIGENCIA%202011octubre%20final.pdf HTTP/1.1" 200 36716932
74.86.158.107 - - [30/Dec/2014:00:11:54 -0500] "HEAD / HTTP/1.1" 302 -
181.54.84.12 - - [30/Dec/2014:00:12:33 -0500] "POST /forms/lservlet;jsessionid=ac16012b30d57fd711c623924762aa00b48705bb7dac.e3iSbxaKaheRe34Sa3yKbhiTahb0n6jAmljGr5XDqQLvpAe HTTP/1.1" 200 2
188.165.15.208 - - [30/Dec/2014:00:13:20 -0500] "GET /BLA/resoluciones/RESOLUCIONES%202005/RES%202005%20801-850/00000844.tif HTTP/1.1" 200 48240
188.165.15.26 - - [30/Dec/2014:00:13:53 -0500] "GET /BLA/resoluciones/RESOLUCIONES%202003/RES%202003%201801-1850/20031849.tif HTTP/1.1" 200 186788
181.54.84.12 - - [30/Dec/2014:00:14:33 -0500] "POST /forms/lservlet;jsessionid=ac16012b30d57fd711c623924762aa00b48705bb7dac.e3iSbxaKaheRe34Sa3yKbhiTahb0n6jAmljGr5XDqQLvpAe HTTP/1.1" 200 2
166.127.1.188 - - [30/Dec/2014:00:14:57 -0500] "GET /galeria/nivo-slider/demo/images/RdaNegociosFiltros.jpg HTTP/1.1" 304 -
66.249.75.83 - - [30/Dec/2014:00:15:01 -0500] "GET /BLA/resoluciones/AUTOS%202014/1778.pdf HTTP/1.1" 200 464361
180.76.5.191 - - [30/Dec/2014:00:15:28 -0500] "GET /BLA/boletinlegal;jsessionid=1445103D46ACBDF1420D3BEE64377E42?/? HTTP/1.1" 404 1018
180.76.5.61 - - [30/Dec/2014:00:16:07 -0500] "GET /BLA/resoluciones/Autos%202008/3357.pdf HTTP/1.1" 200 103357
66.249.75.67 - - [30/Dec/2014:00:16:20 -0500] "GET /BLA/resoluciones/RESOLUCIONES%202004/RES%202004%201451-1500/00001463.tif HTTP/1.1" 200 308290
181.54.84.12 - - [30/Dec/2014:00:16:35 -0500] "POST /forms/lservlet;jsessionid=ac16012b30d57fd711c623924762aa00b48705bb7dac.e3iSbxaKaheRe34Sa3yKbhiTahb0n6jAmljGr5XDqQLvpAe HTTP/1.1" 200 2
74.86.158.107 - - [30/Dec/2014:00:16:54 -0500] "HEAD / HTTP/1.1" 302 -
66.249.75.83 - - [30/Dec/2014:00:17:04 -0500] "GET /BLA/resoluciones/RESOLUCIONES%202005/00001092.tif HTTP/1.1" 200 136212
216.145.50.40 - - [30/Dec/2014:00:17:45 -0500] "GET / HTTP/1.0" 302 -
64.207.185.123 - - [30/Dec/2014:00:18:27 -0500] "GET /old/wp-admin/ HTTP/1.1" 404 1018
181.54.84.12 - - [30/Dec/2014:00:18:36 -0500] "POST /forms/lservlet;jsessionid=ac16012b30d57fd711c623924762aa00b48705bb7dac.e3iSbxaKaheRe34Sa3yKbhiTahb0n6jAmljGr5XDqQLvpAe HTTP/1.1" 200 2
66.249.69.111 - - [30/Dec/2014:00:19:03 -0500] "GET /PORTAL_SIAC/swf/slide6.swf HTTP/1.1" 200 247931
66.249.75.67 - - [30/Dec/2014:00:20:22 -0500] "GET /BLA/resoluciones/RESOLUCIONES%202009/8233.pdf HTTP/1.1" 200 357674
181.54.84.12 - - [30/Dec/2014:00:20:38 -0500] "POST /forms/lservlet;jsessionid=ac16012b30d57fd711c623924762aa00b48705bb7dac.e3iSbxaKaheRe34Sa3yKbhiTahb0n6jAmljGr5XDqQLvpAe HTTP/1.1" 200 2
74.86.158.107 - - [30/Dec/2014:00:21:54 -0500] "HEAD / HTTP/1.1" 302 -
188.165.15.208 - - [30/Dec/2014:00:22:11 -0500] "GET /BLA/resoluciones/RESOLUCIONES%202002/RES%202002%20151-200/2002RES200.tif HTTP/1.1" 200 54606
188.165.15.188 - - [30/Dec/2014:00:22:31 -0500] "GET /BLA/resoluciones/RESOLUCIONES%202006/RES%202006%202601-2650/00002632.tif HTTP/1.1" 200 520266
188.165.15.130 - - [30/Dec/2014:00:22:36 -0500] "GET /BLA/resoluciones/RESOLUCIONES%202002/RES%202002%20401-450/00000445.tif HTTP/1.1" 200 112754
66.249.69.79 - - [30/Dec/2014:00:22:39 -0500] "GET /POT-2013/Cartografia/09_EEP.pdf HTTP/1.1" 304 -
181.54.84.12 - - [30/Dec/2014:00:22:39 -0500] "POST /forms/lservlet;jsessionid=ac16012b30d57fd711c623924762aa00b48705bb7dac.e3iSbxaKaheRe34Sa3yKbhiTahb0n6jAmljGr5XDqQLvpAe HTTP/1.1" 200 2
188.165.15.208 - - [30/Dec/2014:00:23:29 -0500] "GET /BLA/resoluciones/index.php?dir=RESOLUCIONES%202005/RES%202005%201901-1950/&sort=date&order=asc HTTP/1.1" 200 12364
180.76.5.78 - - [30/Dec/2014:00:23:49 -0500] "GET /BLA/resoluciones/AUTOS%202007/1802.pdf HTTP/1.1" 200 28378
66.249.75.67 - - [30/Dec/2014:00:24:06 -0500] "GET /BLA/resoluciones/RESOLUCIONES%202005/RES%202005%20451-500/00000466.tif HTTP/1.1" 200 160666
188.165.15.130 - - [30/Dec/2014:00:24:41 -0500] "GET /BLA/resoluciones/RESOLUCIONES%202006/RES%202006%202151-2200/00002156.tif HTTP/1.1" 200 243930
181.54.84.12 - - [30/Dec/2014:00:24:41 -0500] "POST /forms/lservlet;jsessionid=ac16012b30d57fd711c623924762aa00b48705bb7dac.e3iSbxaKaheRe34Sa3yKbhiTahb0n6jAmljGr5XDqQLvpAe HTTP/1.1" 200 2
188.165.15.23 - - [30/Dec/2014:00:25:00 -0500] "GET /BLA/resoluciones/RESOLUCIONES%202006/RES%202006%2051-100/00000097.tif HTTP/1.1" 200 190942
188.165.15.44 - - [30/Dec/2014:00:25:07 -0500] "GET /BLA/resoluciones/RESOLUCIONES%202002/RES%202002%201651-1700/20021695.tif HTTP/1.1" 200 141018
185.10.104.196 - - [30/Dec/2014:00:25:51 -0500] "GET /BLA/resoluciones/RESOLUCIONES%202007/RES%202007%201726%20AL%201800/RESOLUCION%201792%20DE%202007.pdf HTTP/1.1" 200 1042799
188.165.15.26 - - [30/Dec/2014:00:26:38 -0500] "GET /BLA/resoluciones/RESOLUCIONES%202005/RES%202005%203001-3050/00003029.tif HTTP/1.1" 200 93320
181.54.84.12 - - [30/Dec/2014:00:26:41 -0500] "POST /forms/lservlet;jsessionid=ac16012b30d57fd711c623924762aa00b48705bb7dac.e3iSbxaKaheRe34Sa3yKbhiTahb0n6jAmljGr5XDqQLvpAe HTTP/1.1" 200 2
188.165.15.37 - - [30/Dec/2014:00:26:47 -0500] "GET /BLA/resoluciones/RESOLUCIONES%202004/RES%202004%202351-2401/00002393.tif HTTP/1.1" 200 139442
200.118.13.217 - - [30/Dec/2014:00:26:49 -0500] "GET /dama/libreria/jpg/ecosistemas/aulas/aa2_1.jpg HTTP/1.1" 404 1315
74.86.158.107 - - [30/Dec/2014:00:26:54 -0500] "HEAD / HTTP/1.1" 302 -
186.168.102.214 - - [30/Dec/2014:00:27:08 -0500] "GET /BLA/boletinlegal/js/jquery.js HTTP/1.1" 200 57254
186.168.102.214 - - [30/Dec/2014:00:27:08 -0500] "GET /BLA/boletinlegal/js/jquery.scrollTo-min.js HTTP/1.1" 200 1150
186.168.102.214 - - [30/Dec/2014:00:27:08 -0500] "GET /BLA/boletinlegal/js/jquery.scrollShow.js HTTP/1.1" 200 4586
66.249.69.79 - - [30/Dec/2014:00:27:09 -0500] "GET /POT-2013/Cartografia/16_Sistema%20de%20Movilidad_Subsistema%20de%20Transporte_SITP_FEB.pdf HTTP/1.1" 200 6510656
188.165.15.192 - - [30/Dec/2014:00:28:24 -0500] "GET /BLA/resoluciones/RESOLUCIONES%202005/RES%202005%203051-3100/00003092.tif HTTP/1.1" 200 137648
188.165.15.10 - - [30/Dec/2014:00:28:28 -0500] "GET /BLA/resoluciones/RESOLUCIONES%202003/RES%202003%201701-1750/20031712.tif HTTP/1.1" 200 317760
99.179.120.94 - - [30/Dec/2014:00:28:36 -0500] "PUT /webdav/shell.php HTTP/1.1" 405 938
181.54.84.12 - - [30/Dec/2014:00:28:41 -0500] "POST /forms/lservlet;jsessionid=ac16012b30d57fd711c623924762aa00b48705bb7dac.e3iSbxaKaheRe34Sa3yKbhiTahb0n6jAmljGr5XDqQLvpAe HTTP/1.1" 200 2
99.179.120.94 - - [30/Dec/2014:00:29:14 -0500] "PUT /webdav/shell.php HTTP/1.1" 405 938
99.179.120.94 - - [30/Dec/2014:00:29:47 -0500] "PUT /webdav/shell.php HTTP/1.1" 405 938
180.76.6.54 - - [30/Dec/2014:00:30:38 -0500] "GET /BLA/boletinlegal/Circulares/2011/Circular%20No.%205%20del%2014%20de%20Julio%20de%202011.pdf HTTP/1.1" 200 1488992
181.54.84.12 - - [30/Dec/2014:00:30:41 -0500] "POST /forms/lservlet;jsessionid=ac16012b30d57fd711c623924762aa00b48705bb7dac.e3iSbxaKaheRe34Sa3yKbhiTahb0n6jAmljGr5XDqQLvpAe HTTP/1.1" 200 2
66.249.75.67 - - [30/Dec/2014:00:31:11 -0500] "GET /BLA/resoluciones/RESOLUCIONES%202005/RES%202005%20451-500/00000489.tif HTTP/1.1" 200 78224
180.76.5.74 - - [30/Dec/2014:00:31:17 -0500] "GET /BLA/resoluciones/AUTOS%202013/0423.pdf HTTP/1.1" 200 947895
74.86.158.107 - - [30/Dec/2014:00:31:54 -0500] "HEAD / HTTP/1.1" 302 -
188.165.15.130 - - [30/Dec/2014:00:31:54 -0500] "GET /BLA/resoluciones/RESOLUCIONES%202001/2001%20450-499.TIF HTTP/1.1" 200 9011146
186.83.247.131 - - [30/Dec/2014:00:32:26 -0500] "GET /galeria/nivo-slider/demo/images/banner-llantas2.jpg HTTP/1.1" 200 73153
181.54.84.12 - - [30/Dec/2014:00:32:41 -0500] "POST /forms/lservlet;jsessionid=ac16012b30d57fd711c623924762aa00b48705bb7dac.e3iSbxaKaheRe34Sa3yKbhiTahb0n6jAmljGr5XDqQLvpAe HTTP/1.1" 200 2
180.76.6.132 - - [30/Dec/2014:00:33:17 -0500] "GET /BLA/boletinlegal/Circulares/2010/Circular%2006%20de%208%20de%20septiembre%20de%202010.pdf HTTP/1.1" 200 4657752
188.165.15.85 - - [30/Dec/2014:00:33:35 -0500] "GET /BLA/resoluciones/RESOLUCIONES%202004/RES%202004%20751-800/00000786.tif HTTP/1.1" 200 209496
99.179.120.94 - - [30/Dec/2014:00:33:40 -0500] "PUT /webdav/shell.php HTTP/1.1" 405 938
66.249.75.67 - - [30/Dec/2014:00:34:19 -0500] "GET /BLA/resoluciones/RESOLUCIONES%202012/1588.pdf HTTP/1.1" 304 -
99.179.120.94 - - [30/Dec/2014:00:34:34 -0500] "PUT /webdav/shell.php HTTP/1.1" 405 938
181.54.84.12 - - [30/Dec/2014:00:34:41 -0500] "POST /forms/lservlet;jsessionid=ac16012b30d57fd711c623924762aa00b48705bb7dac.e3iSbxaKaheRe34Sa3yKbhiTahb0n6jAmljGr5XDqQLvpAe HTTP/1.1" 200 2
180.76.5.170 - - [30/Dec/2014:00:35:28 -0500] "GET /BLA/resoluciones/AUTOS%202009/1719.pdf HTTP/1.1" 200 124208
66.249.75.83 - - [30/Dec/2014:00:35:56 -0500] "GET /BLA/resoluciones/AUTOS%202014/1884.pdf HTTP/1.1" 200 334271
188.165.15.44 - - [30/Dec/2014:00:35:58 -0500] "GET /BLA/resoluciones/RESOLUCIONES%202003/RES%202003%20851-900/897.tif HTTP/1.1" 200 732500
180.76.6.51 - - [30/Dec/2014:00:36:07 -0500] "GET /BLA/resoluciones/RESOLUCIONES%202010/4509.pdf HTTP/1.1" 200 242319
66.249.75.83 - - [30/Dec/2014:00:36:32 -0500] "GET /BLA/resoluciones/AUTOS%202014/2404.pdf HTTP/1.1" 200 468389
181.54.84.12 - - [30/Dec/2014:00:36:41 -0500] "POST /forms/lservlet;jsessionid=ac16012b30d57fd711c623924762aa00b48705bb7dac.e3iSbxaKaheRe34Sa3yKbhiTahb0n6jAmljGr5XDqQLvpAe HTTP/1.1" 200 2
74.86.158.107 - - [30/Dec/2014:00:36:54 -0500] "HEAD / HTTP/1.1" 302 -
66.249.75.67 - - [30/Dec/2014:00:38:13 -0500] "GET /BLA/resoluciones/RESOLUCIONES%202005/RES%202005%20451-500/00000454.tif HTTP/1.1" 200 158532
181.54.84.12 - - [30/Dec/2014:00:38:42 -0500] "POST /forms/lservlet;jsessionid=ac16012b30d57fd711c623924762aa00b48705bb7dac.e3iSbxaKaheRe34Sa3yKbhiTahb0n6jAmljGr5XDqQLvpAe HTTP/1.1" 200 2
66.249.75.51 - - [30/Dec/2014:00:38:58 -0500] "GET /BLA/resoluciones/AUTOS%202014/3587.pdf HTTP/1.1" 200 300843
67.161.208.183 - - [30/Dec/2014:00:39:25 -0500] "GET /BLA/boletinlegal/js/jquery.js HTTP/1.1" 200 57254
67.161.208.183 - - [30/Dec/2014:00:39:25 -0500] "GET /BLA/boletinlegal/js/jquery.scrollTo-min.js HTTP/1.1" 200 1150
67.161.208.183 - - [30/Dec/2014:00:39:25 -0500] "GET /BLA/boletinlegal/js/jquery.scrollShow.js HTTP/1.1" 200 4586
67.161.208.183 - - [30/Dec/2014:00:39:25 -0500] "GET /galeria/carrusel/Carrusel/jquery.thumbnailScroller.css HTTP/1.1" 200 2066
67.161.208.183 - - [30/Dec/2014:00:39:25 -0500] "GET /galeria/carrusel/Carrusel/jquery-ui-1.8.13.custom.min.js HTTP/1.1" 200 10800
67.161.208.183 - - [30/Dec/2014:00:39:25 -0500] "GET /galeria/carrusel/Carrusel/jquery.thumbnailScroller.js HTTP/1.1" 200 8157
67.161.208.183 - - [30/Dec/2014:00:39:27 -0500] "GET /galeria/nivo-slider/demo/demo.html HTTP/1.1" 200 3237
67.161.208.183 - - [30/Dec/2014:00:39:28 -0500] "GET /galeria/nivo-slider/themes/default/default.css HTTP/1.1" 200 1569
67.161.208.183 - - [30/Dec/2014:00:39:28 -0500] "GET /galeria/nivo-slider/themes/orman/orman.css HTTP/1.1" 200 2152
67.161.208.183 - - [30/Dec/2014:00:39:28 -0500] "GET /galeria/nivo-slider/themes/pascal/pascal.css HTTP/1.1" 200 2258
67.161.208.183 - - [30/Dec/2014:00:39:28 -0500] "GET /galeria/nivo-slider/demo/style.css HTTP/1.1" 200 2222
67.161.208.183 - - [30/Dec/2014:00:39:28 -0500] "GET /galeria/nivo-slider/nivo-slider.css HTTP/1.1" 200 1507
67.161.208.183 - - [30/Dec/2014:00:39:28 -0500] "GET /galeria/nivo-slider/demo/images/Ruta-vertimientos-01.jpg HTTP/1.1" 200 130151
67.161.208.183 - - [30/Dec/2014:00:39:28 -0500] "GET /galeria/nivo-slider/demo/images/bolsas-08.jpg HTTP/1.1" 200 85589
67.161.208.183 - - [30/Dec/2014:00:39:28 -0500] "GET /galeria/nivo-slider/demo/images/bolsas-06.jpg HTTP/1.1" 200 90982
67.161.208.183 - - [30/Dec/2014:00:39:28 -0500] "GET /galeria/nivo-slider/demo/images/porloshumedales.jpg HTTP/1.1" 200 351238
67.161.208.183 - - [30/Dec/2014:00:39:28 -0500] "GET /galeria/nivo-slider/demo/images/ecolecta-Dic2014.png HTTP/1.1" 200 288593
67.161.208.183 - - [30/Dec/2014:00:39:28 -0500] "GET /galeria/nivo-slider/demo/images/Banner-GAE3.jpg HTTP/1.1" 200 146354
67.161.208.183 - - [30/Dec/2014:00:39:28 -0500] "GET /galeria/nivo-slider/demo/images/Tingua-azul.jpg HTTP/1.1" 200 307638
67.161.208.183 - - [30/Dec/2014:00:39:28 -0500] "GET /galeria/nivo-slider/demo/images/Banner-Caracol-Africano.jpg HTTP/1.1" 200 331986
67.161.208.183 - - [30/Dec/2014:00:39:28 -0500] "GET /galeria/nivo-slider/demo/images/4Simple_Slider.png HTTP/1.1" 200 11722
67.161.208.183 - - [30/Dec/2014:00:39:28 -0500] "GET /galeria/nivo-slider/demo/images/banner-redes.jpg HTTP/1.1" 200 62209
67.161.208.183 - - [30/Dec/2014:00:39:28 -0500] "GET /galeria/nivo-slider/demo/images/9Signos.jpg HTTP/1.1" 200 93040
67.161.208.183 - - [30/Dec/2014:00:39:28 -0500] "GET /galeria/nivo-slider/themes/default/loading.gif HTTP/1.1" 200 1737
67.161.208.183 - - [30/Dec/2014:00:39:29 -0500] "GET /galeria/nivo-slider/demo/scripts/jquery-1.7.1.min.js HTTP/1.1" 200 93868
67.161.208.183 - - [30/Dec/2014:00:39:29 -0500] "GET /galeria/nivo-slider/jquery.nivo.slider.pack.js HTTP/1.1" 200 11561
67.161.208.183 - - [30/Dec/2014:00:39:28 -0500] "GET /galeria/nivo-slider/demo/images/banner-llantas2.jpg HTTP/1.1" 200 73153
67.161.208.183 - - [30/Dec/2014:00:39:28 -0500] "GET /galeria/nivo-slider/demo/images/banner-caballos.png HTTP/1.1" 200 389106
67.161.208.183 - - [30/Dec/2014:00:39:32 -0500] "GET /galeria/nivo-slider/themes/default/arrows.png HTTP/1.1" 200 824
67.161.208.183 - - [30/Dec/2014:00:39:32 -0500] "GET /galeria/nivo-slider/themes/default/bullets.png HTTP/1.1" 200 1281
66.249.75.83 - - [30/Dec/2014:00:40:03 -0500] "GET /BLA/resoluciones/AUTOS%202014/5546.pdf HTTP/1.1" 200 239667
181.54.84.12 - - [30/Dec/2014:00:40:42 -0500] "POST /forms/lservlet;jsessionid=ac16012b30d57fd711c623924762aa00b48705bb7dac.e3iSbxaKaheRe34Sa3yKbhiTahb0n6jAmljGr5XDqQLvpAe HTTP/1.1" 200 2
181.54.84.12 - - [30/Dec/2014:00:41:21 -0500] "GET /videos/Spot_CambioClimatico.flv HTTP/1.1" 206 1
181.54.84.12 - - [30/Dec/2014:00:41:21 -0500] "GET /videos/Spot_CambioClimatico.flv HTTP/1.1" 206 3674649
99.179.120.94 - - [30/Dec/2014:00:41:23 -0500] "PUT /webdav/shell.php HTTP/1.1" 405 938
74.86.158.107 - - [30/Dec/2014:00:41:54 -0500] "HEAD / HTTP/1.1" 302 -
100.43.85.25 - - [30/Dec/2014:00:42:11 -0500] "GET /POT-2013/index.php?dir=SEGUIMIENTO/&sort=size&order=asc HTTP/1.1" 200 2147
99.179.120.94 - - [30/Dec/2014:00:42:17 -0500] "PUT /webdav/shell.php HTTP/1.1" 405 938
181.54.84.12 - - [30/Dec/2014:00:42:42 -0500] "POST /forms/lservlet;jsessionid=ac16012b30d57fd711c623924762aa00b48705bb7dac.e3iSbxaKaheRe34Sa3yKbhiTahb0n6jAmljGr5XDqQLvpAe HTTP/1.1" 200 2
99.179.120.94 - - [30/Dec/2014:00:42:50 -0500] "PUT /webdav/shell.php HTTP/1.1" 405 938
181.54.84.12 - - [30/Dec/2014:00:43:11 -0500] "POST /forms/lservlet;jsessionid=ac16012b30d57fd711c623924762aa00b48705bb7dac.e3iSbxaKaheRe34Sa3yKbhiTahb0n6jAmljGr5XDqQLvpAe HTTP/1.1" 200 107
99.179.120.94 - - [30/Dec/2014:00:43:28 -0500] "PUT /webdav/shell.php HTTP/1.1" 405 938
66.249.75.67 - - [30/Dec/2014:00:43:29 -0500] "GET /BLA/resoluciones/AUTOS%202014/3074.pdf HTTP/1.1" 200 124475
66.249.75.67 - - [30/Dec/2014:00:43:34 -0500] "GET /BLA/resoluciones/AUTOS%202011/0670.pdf HTTP/1.1" 200 99981
180.76.5.193 - - [30/Dec/2014:00:43:59 -0500] "GET /BLA/resoluciones/AUTOS%202009/3110.pdf HTTP/1.1" 200 145953
99.179.120.94 - - [30/Dec/2014:00:44:00 -0500] "PUT /webdav/shell.php HTTP/1.1" 405 938
188.165.15.130 - - [30/Dec/2014:00:44:04 -0500] "GET /BLA/resoluciones/index.php?dir=RESOLUCIONES%202005/RES%202005%202851-2900/&sort=name&order=desc HTTP/1.1" 200 12155
66.249.75.67 - - [30/Dec/2014:00:44:14 -0500] "GET /BLA/resoluciones/RESOLUCIONES%202010/6545.pdf HTTP/1.1" 200 457205
66.249.75.51 - - [30/Dec/2014:00:44:22 -0500] "GET /BLA/resoluciones/AUTOS%202014/6152.pdf HTTP/1.1" 200 139212
180.76.5.58 - - [30/Dec/2014:00:44:35 -0500] "GET /BLA/resoluciones/AUTOS%202014/0823.pdf HTTP/1.1" 200 286237
181.54.84.12 - - [30/Dec/2014:00:44:42 -0500] "POST /forms/lservlet;jsessionid=ac16012b30d57fd711c623924762aa00b48705bb7dac.e3iSbxaKaheRe34Sa3yKbhiTahb0n6jAmljGr5XDqQLvpAe HTTP/1.1" 200 2
188.165.15.208 - - [30/Dec/2014:00:44:58 -0500] "GET /BLA/resoluciones/RESOLUCIONES%202006/RES%202006%201551-1600/00001573.tif HTTP/1.1" 200 136496
64.207.185.123 - - [30/Dec/2014:00:45:04 -0500] "GET /test/wp-admin/ HTTP/1.1" 404 1018
66.249.75.67 - - [30/Dec/2014:00:45:06 -0500] "GET /BLA/resoluciones/RESOLUCIONES%202004/RES%202004%201451-1500/00001498.tif HTTP/1.1" 200 84814
180.76.6.54 - - [30/Dec/2014:00:45:14 -0500] "GET /BLA/resoluciones/RESOLUCIONES%202007/RES%202007%202401%20AL%202500/RESOLUCION%202434%20DE%202007.pdf HTTP/1.1" 200 560601
66.249.75.67 - - [30/Dec/2014:00:45:20 -0500] "GET /BLA/resoluciones/RESOLUCIONES%202005/00001085.tif HTTP/1.1" 200 37864
188.165.15.26 - - [30/Dec/2014:00:45:20 -0500] "GET /BLA/resoluciones/RESOLUCIONES%202002/RES%202002%20401-450/00000421.tif HTTP/1.1" 200 58150
188.165.15.10 - - [30/Dec/2014:00:45:25 -0500] "GET /BLA/resoluciones/RESOLUCIONES%202003/RES%202003%20401-450/408.tif HTTP/1.1" 200 222372
66.249.75.83 - - [30/Dec/2014:00:46:03 -0500] "GET /BLA/resoluciones/AUTOS%202014/5680.pdf HTTP/1.1" 200 204858
188.165.15.10 - - [30/Dec/2014:00:46:17 -0500] "GET /BLA/resoluciones/index.php?dir=RESOLUCIONES+2007%2FRES+2007+2201+AL+2300%2F HTTP/1.1" 200 27114
99.179.120.94 - - [30/Dec/2014:00:46:27 -0500] "PUT /webdav/shell.php HTTP/1.1" 405 938
66.249.75.83 - - [30/Dec/2014:00:46:36 -0500] "GET /BLA/resoluciones/RESOLUCIONES%202011/3818.pdf HTTP/1.1" 200 488619
181.54.84.12 - - [30/Dec/2014:00:46:42 -0500] "POST /forms/lservlet;jsessionid=ac16012b30d57fd711c623924762aa00b48705bb7dac.e3iSbxaKaheRe34Sa3yKbhiTahb0n6jAmljGr5XDqQLvpAe HTTP/1.1" 200 2
74.86.158.107 - - [30/Dec/2014:00:46:54 -0500] "HEAD / HTTP/1.1" 302 -
180.76.6.64 - - [30/Dec/2014:00:46:56 -0500] "GET /BLA/boletinlegal;jsessionid=6822193898B7D868A10610FAC539425D?/? HTTP/1.1" 404 1018
99.179.120.94 - - [30/Dec/2014:00:47:00 -0500] "PUT /webdav/shell.php HTTP/1.1" 405 938
66.249.75.67 - - [30/Dec/2014:00:47:16 -0500] "GET /BLA/resoluciones/AUTOS%202008/0639.pdf HTTP/1.1" 304 -
99.179.120.94 - - [30/Dec/2014:00:47:41 -0500] "PUT /webdav/shell.php HTTP/1.1" 405 938
66.249.75.51 - - [30/Dec/2014:00:47:56 -0500] "GET /BLA/resoluciones/AUTOS%202011/0738.pdf HTTP/1.1" 304 -
99.179.120.94 - - [30/Dec/2014:00:48:13 -0500] "PUT /webdav/shell.php HTTP/1.1" 405 938
180.76.6.21 - - [30/Dec/2014:00:48:14 -0500] "GET /BLA/resoluciones/RESOLUCIONES%202008/1801.pdf HTTP/1.1" 200 230293
161.18.129.97 - - [30/Dec/2014:00:48:33 -0500] "GET /BLA/resoluciones/AUTOS%202013/0356.pdf HTTP/1.1" 200 298209
161.18.129.97 - - [30/Dec/2014:00:48:33 -0500] "GET /BLA/resoluciones/AUTOS%202013/0356.pdf HTTP/1.1" 206 32768
161.18.129.97 - - [30/Dec/2014:00:48:34 -0500] "GET /BLA/resoluciones/AUTOS%202013/0356.pdf HTTP/1.1" 206 265441
161.18.129.97 - - [30/Dec/2014:00:48:34 -0500] "GET /favicon.ico HTTP/1.1" 200 7782
66.249.69.79 - - [30/Dec/2014:00:48:36 -0500] "GET /PORTAL_SIAC/swf/Residuos/quimicos/images/page2.swf HTTP/1.1" 200 30468
181.54.84.12 - - [30/Dec/2014:00:48:42 -0500] "POST /forms/lservlet;jsessionid=ac16012b30d57fd711c623924762aa00b48705bb7dac.e3iSbxaKaheRe34Sa3yKbhiTahb0n6jAmljGr5XDqQLvpAe HTTP/1.1" 200 2
180.76.5.152 - - [30/Dec/2014:00:48:53 -0500] "GET /BLA/resoluciones/index.php?dir=RESOLUCIONES+2006%2FRES+2006+1201-1250%2F HTTP/1.1" 200 12346
66.249.69.95 - - [30/Dec/2014:00:49:16 -0500] "GET /BLA/boletinlegal/Circulares/2014/Circular%20No.%203%20del%2014%20de%20Noviembre%20de%202014.pdf HTTP/1.1" 200 104132
66.249.75.83 - - [30/Dec/2014:00:49:25 -0500] "GET /videos/galeria-cronicas/cronicas/NuestraGente_10.mp4video.mp4 HTTP/1.1" 304 -
66.249.75.67 - - [30/Dec/2014:00:49:30 -0500] "GET /BLA/resoluciones/RESOLUCIONES%202007/RES%202007%202301%20AL%202400/RESOLUCION%202380%20DE%202007.pdf HTTP/1.1" 304 -
66.249.75.83 - - [30/Dec/2014:00:49:44 -0500] "GET /BLA/resoluciones/AUTOS%202010/4211.pdf HTTP/1.1" 200 388736
66.249.75.83 - - [30/Dec/2014:00:50:26 -0500] "GET /BLA/resoluciones/RESOLUCIONES%202010/7802.pdf HTTP/1.1" 200 979500
181.54.84.12 - - [30/Dec/2014:00:50:42 -0500] "POST /forms/lservlet;jsessionid=ac16012b30d57fd711c623924762aa00b48705bb7dac.e3iSbxaKaheRe34Sa3yKbhiTahb0n6jAmljGr5XDqQLvpAe HTTP/1.1" 200 2
101.226.166.207 - - [30/Dec/2014:00:51:42 -0500] "GET /robots.txt HTTP/1.1" 404 1173
66.249.75.83 - - [30/Dec/2014:00:51:46 -0500] "GET /BLA/resoluciones/RESOLUCIONES%202009/2245.pdf HTTP/1.1" 200 501676
74.86.158.107 - - [30/Dec/2014:00:51:54 -0500] "HEAD / HTTP/1.1" 302 -
180.76.6.52 - - [30/Dec/2014:00:52:01 -0500] "GET /BLA/boletinlegal/Circulares/2012/Circular%20No.%204%20del%2019%20de%20abril%20de%202012.pdf HTTP/1.1" 200 253045
66.249.75.83 - - [30/Dec/2014:00:52:26 -0500] "GET /BLA/resoluciones/RESOLUCIONES%202005/RES%202005%20451-500/00000462.tif HTTP/1.1" 200 254800
181.54.84.12 - - [30/Dec/2014:00:52:42 -0500] "POST /forms/lservlet;jsessionid=ac16012b30d57fd711c623924762aa00b48705bb7dac.e3iSbxaKaheRe34Sa3yKbhiTahb0n6jAmljGr5XDqQLvpAe HTTP/1.1" 200 2
66.249.75.83 - - [30/Dec/2014:00:53:06 -0500] "GET /BLA/resoluciones/RESOLUCIONES%202010/6033.pdf HTTP/1.1" 200 641917
180.76.5.66 - - [30/Dec/2014:00:53:19 -0500] "GET /BLA/resoluciones/RESOLUCIONES%202010/5792.pdf HTTP/1.1" 200 79354
157.55.39.171 - - [30/Dec/2014:00:54:02 -0500] "GET /robots.txt HTTP/1.1" 404 1015
188.165.15.23 - - [30/Dec/2014:00:54:03 -0500] "GET /BLA/resoluciones/RESOLUCIONES%202002/RES%202002%201651-1700/20021657.tif HTTP/1.1" 200 155216
157.55.39.171 - - [30/Dec/2014:00:54:04 -0500] "GET /dama/libreria/php/frame_detalle.php?h_id=764 HTTP/1.1" 404 1015
64.207.185.123 - - [30/Dec/2014:00:54:04 -0500] "GET /wordpress/wp-admin/ HTTP/1.1" 404 1018
222.77.203.140 - - [30/Dec/2014:00:54:17 -0500] "GET /BLA/resoluciones/RESOLUCIONES HTTP/1.1" 404 1018
66.249.75.67 - - [30/Dec/2014:00:54:25 -0500] "GET /BLA/resoluciones/RESOLUCIONES%202007/RES%202007%201%20AL%20100/RESOLUCION%200097%20DE%202007.pdf HTTP/1.1" 200 129686
181.54.84.12 - - [30/Dec/2014:00:54:42 -0500] "POST /forms/lservlet;jsessionid=ac16012b30d57fd711c623924762aa00b48705bb7dac.e3iSbxaKaheRe34Sa3yKbhiTahb0n6jAmljGr5XDqQLvpAe HTTP/1.1" 200 2
66.249.75.67 - - [30/Dec/2014:00:55:45 -0500] "GET /BLA/resoluciones/RESOLUCIONES%202010/6666.pdf HTTP/1.1" 200 663958
66.249.69.111 - - [30/Dec/2014:00:55:53 -0500] "GET /PORTAL_SIAC/swf/Residuos/maderas/images/page1.swf HTTP/1.1" 200 348315
181.54.84.12 - - [30/Dec/2014:00:56:42 -0500] "POST /forms/lservlet;jsessionid=ac16012b30d57fd711c623924762aa00b48705bb7dac.e3iSbxaKaheRe34Sa3yKbhiTahb0n6jAmljGr5XDqQLvpAe HTTP/1.1" 200 2
74.86.158.107 - - [30/Dec/2014:00:56:54 -0500] "HEAD / HTTP/1.1" 302 -
66.249.75.51 - - [30/Dec/2014:00:57:05 -0500] "GET /BLA/resoluciones/RESOLUCIONES%202010/6957.pdf HTTP/1.1" 304 -
181.54.84.12 - - [30/Dec/2014:00:58:01 -0500] "POST /forms/lservlet;jsessionid=ac16012b30d57fd711c623924762aa00b48705bb7dac.e3iSbxaKaheRe34Sa3yKbhiTahb0n6jAmljGr5XDqQLvpAe HTTP/1.1" 200 66
188.165.15.85 - - [30/Dec/2014:00:58:07 -0500] "GET /BLA/resoluciones/RESOLUCIONES%202002/RES%202002%20751-800/2002RES765.tif HTTP/1.1" 200 195800
181.54.84.12 - - [30/Dec/2014:00:58:21 -0500] "POST /forms/lservlet;jsessionid=ac16012b30d57fd711c623924762aa00b48705bb7dac.e3iSbxaKaheRe34Sa3yKbhiTahb0n6jAmljGr5XDqQLvpAe HTTP/1.1" 200 110
66.249.75.67 - - [30/Dec/2014:00:58:24 -0500] "GET /BLA/resoluciones/RESOLUCIONES%202007/RES%202007%20601%20AL%20700/RESOLUCION%200678%20DE%202007.pdf HTTP/1.1" 304 -
181.54.84.12 - - [30/Dec/2014:00:58:42 -0500] "POST /forms/lservlet;jsessionid=ac16012b30d57fd711c623924762aa00b48705bb7dac.e3iSbxaKaheRe34Sa3yKbhiTahb0n6jAmljGr5XDqQLvpAe HTTP/1.1" 200 2
66.249.75.83 - - [30/Dec/2014:00:59:28 -0500] "GET /BLA/resoluciones/RESOLUCIONES%202005/00001074.tif HTTP/1.1" 200 200118
66.249.75.67 - - [30/Dec/2014:00:59:44 -0500] "GET /BLA/resoluciones/RESOLUCIONES%202012/1280.pdf HTTP/1.1" 200 629777
180.76.6.65 - - [30/Dec/2014:00:59:52 -0500] "GET /BLA/resoluciones/index.php?dir=RESOLUCIONES%202007/RES%202007%20801%20AL%20900/&sort=date&order=desc HTTP/1.1" 200 26641
181.54.84.12 - - [30/Dec/2014:01:00:42 -0500] "POST /forms/lservlet;jsessionid=ac16012b30d57fd711c623924762aa00b48705bb7dac.e3iSbxaKaheRe34Sa3yKbhiTahb0n6jAmljGr5XDqQLvpAe HTTP/1.1" 200 2
66.249.75.83 - - [30/Dec/2014:01:01:04 -0500] "GET /BLA/resoluciones/RESOLUCIONES%202007/RES%202007%20401%20AL%20500/RESOLUCION%200449%20DE%202007.pdf HTTP/1.1" 304 -
190.24.50.21 - - [30/Dec/2014:01:01:06 -0500] "GET /galeria/carrusel/Carrusel/jquery.thumbnailScroller.css HTTP/1.1" 200 2066
190.24.50.21 - - [30/Dec/2014:01:01:06 -0500] "GET /BLA/boletinlegal/js/jquery.js HTTP/1.1" 200 57254
190.24.50.21 - - [30/Dec/2014:01:01:06 -0500] "GET /BLA/boletinlegal/js/jquery.scrollTo-min.js HTTP/1.1" 200 1150
190.24.50.21 - - [30/Dec/2014:01:01:06 -0500] "GET /BLA/boletinlegal/js/jquery.scrollShow.js HTTP/1.1" 200 4586
190.24.50.21 - - [30/Dec/2014:01:01:06 -0500] "GET /galeria/carrusel/Carrusel/jquery-ui-1.8.13.custom.min.js HTTP/1.1" 200 10800
190.24.50.21 - - [30/Dec/2014:01:01:07 -0500] "GET /galeria/carrusel/Carrusel/jquery.thumbnailScroller.js HTTP/1.1" 200 8157
188.165.15.10 - - [30/Dec/2014:01:01:07 -0500] "GET /BLA/resoluciones/index.php?dir=RESOLUCIONES+2005%2FRES+2005+1251-1300%2F HTTP/1.1" 200 12362
190.24.50.21 - - [30/Dec/2014:01:01:09 -0500] "GET /galeria/nivo-slider/demo/demo.html HTTP/1.1" 200 3237
190.24.50.21 - - [30/Dec/2014:01:01:09 -0500] "GET /galeria/nivo-slider/themes/default/default.css HTTP/1.1" 200 1569
190.24.50.21 - - [30/Dec/2014:01:01:09 -0500] "GET /galeria/nivo-slider/themes/pascal/pascal.css HTTP/1.1" 200 2258
190.24.50.21 - - [30/Dec/2014:01:01:09 -0500] "GET /galeria/nivo-slider/themes/orman/orman.css HTTP/1.1" 200 2152
190.24.50.21 - - [30/Dec/2014:01:01:09 -0500] "GET /galeria/nivo-slider/nivo-slider.css HTTP/1.1" 200 1507
190.24.50.21 - - [30/Dec/2014:01:01:09 -0500] "GET /galeria/nivo-slider/demo/style.css HTTP/1.1" 200 2222
190.24.50.21 - - [30/Dec/2014:01:01:09 -0500] "GET /galeria/nivo-slider/demo/scripts/jquery-1.7.1.min.js HTTP/1.1" 200 93868
190.24.50.21 - - [30/Dec/2014:01:01:10 -0500] "GET /galeria/nivo-slider/jquery.nivo.slider.pack.js HTTP/1.1" 200 11561
190.24.50.21 - - [30/Dec/2014:01:01:11 -0500] "GET /galeria/nivo-slider/demo/images/Ruta-vertimientos-01.jpg HTTP/1.1" 200 130151
190.24.50.21 - - [30/Dec/2014:01:01:12 -0500] "GET /galeria/nivo-slider/demo/images/bolsas-08.jpg HTTP/1.1" 200 85589
190.24.50.21 - - [30/Dec/2014:01:01:12 -0500] "GET /galeria/nivo-slider/demo/images/bolsas-06.jpg HTTP/1.1" 200 90982
190.24.50.21 - - [30/Dec/2014:01:01:12 -0500] "GET /galeria/nivo-slider/demo/images/ecolecta-Dic2014.png HTTP/1.1" 200 288593
190.24.50.21 - - [30/Dec/2014:01:01:13 -0500] "GET /galeria/nivo-slider/demo/images/4Simple_Slider.png HTTP/1.1" 200 11722
190.24.50.21 - - [30/Dec/2014:01:01:13 -0500] "GET /galeria/nivo-slider/themes/default/loading.gif HTTP/1.1" 200 1737
180.76.6.150 - - [30/Dec/2014:01:01:13 -0500] "GET /BLA/resoluciones/AUTOS%202009/1576.pdf HTTP/1.1" 200 120948
190.24.50.21 - - [30/Dec/2014:01:01:13 -0500] "GET /galeria/nivo-slider/demo/images/Banner-GAE3.jpg HTTP/1.1" 200 146354
190.24.50.21 - - [30/Dec/2014:01:01:17 -0500] "GET /galeria/nivo-slider/demo/images/porloshumedales.jpg HTTP/1.1" 200 351238
190.24.50.21 - - [30/Dec/2014:01:01:17 -0500] "GET /galeria/nivo-slider/demo/images/Tingua-azul.jpg HTTP/1.1" 200 307638
190.24.50.21 - - [30/Dec/2014:01:01:18 -0500] "GET /galeria/nivo-slider/demo/images/Banner-Caracol-Africano.jpg HTTP/1.1" 200 331986
190.24.50.21 - - [30/Dec/2014:01:01:22 -0500] "GET /galeria/nivo-slider/demo/images/banner-redes.jpg HTTP/1.1" 200 62209
190.24.50.21 - - [30/Dec/2014:01:01:25 -0500] "GET /videos/Spot_CambioClimatico.flv HTTP/1.1" 200 4371917
190.24.50.21 - - [30/Dec/2014:01:01:28 -0500] "GET /galeria/nivo-slider/demo/images/9Signos.jpg HTTP/1.1" 200 93040
190.24.50.21 - - [30/Dec/2014:01:01:30 -0500] "GET /galeria/nivo-slider/demo/images/banner-llantas2.jpg HTTP/1.1" 200 73153
190.24.50.21 - - [30/Dec/2014:01:01:30 -0500] "GET /galeria/nivo-slider/demo/images/banner-caballos.png HTTP/1.1" 200 389106
190.24.50.21 - - [30/Dec/2014:01:01:38 -0500] "GET /galeria/nivo-slider/themes/default/bullets.png HTTP/1.1" 200 1281
190.24.50.21 - - [30/Dec/2014:01:01:38 -0500] "GET /galeria/nivo-slider/themes/default/arrows.png HTTP/1.1" 200 824
74.86.158.107 - - [30/Dec/2014:01:01:54 -0500] "HEAD / HTTP/1.1" 302 -
66.249.75.51 - - [30/Dec/2014:01:02:23 -0500] "GET /BLA/resoluciones/RESOLUCIONES%202010/5378.pdf HTTP/1.1" 304 -
180.76.5.58 - - [30/Dec/2014:01:02:28 -0500] "GET /BLA/boletinlegal;jsessionid=CBDF4DC349258DBF3B86B32DC51795C4?/? HTTP/1.1" 404 1018
181.54.84.12 - - [30/Dec/2014:01:02:42 -0500] "POST /forms/lservlet;jsessionid=ac16012b30d57fd711c623924762aa00b48705bb7dac.e3iSbxaKaheRe34Sa3yKbhiTahb0n6jAmljGr5XDqQLvpAe HTTP/1.1" 200 2
64.207.185.123 - - [30/Dec/2014:01:03:22 -0500] "GET /blog/wp-admin/ HTTP/1.1" 404 1018
66.249.75.67 - - [30/Dec/2014:01:03:43 -0500] "GET /BLA/resoluciones/RESOLUCIONES%202011/1660.pdf HTTP/1.1" 304 -
66.249.75.67 - - [30/Dec/2014:01:04:07 -0500] "GET /BLA/resoluciones/AUTOS%202014/6259.pdf HTTP/1.1" 200 2078977
181.54.84.12 - - [30/Dec/2014:01:04:42 -0500] "POST /forms/lservlet;jsessionid=ac16012b30d57fd711c623924762aa00b48705bb7dac.e3iSbxaKaheRe34Sa3yKbhiTahb0n6jAmljGr5XDqQLvpAe HTTP/1.1" 200 2
66.249.75.83 - - [30/Dec/2014:01:05:03 -0500] "GET /BLA/resoluciones/AUTOS%202013/1698.pdf HTTP/1.1" 200 2005433
66.249.75.67 - - [30/Dec/2014:01:06:22 -0500] "GET /BLA/resoluciones/RESOLUCIONES%202007/RES%202007%20401%20AL%20500/RESOLUCION%200419%20DE%202007.pdf HTTP/1.1" 304 -
66.249.75.67 - - [30/Dec/2014:01:06:29 -0500] "GET /BLA/resoluciones/RESOLUCIONES%202005/RES%202005%20451-500/00000455.tif HTTP/1.1" 200 156458
66.249.75.67 - - [30/Dec/2014:01:06:41 -0500] "GET /Anexos%20estudio%20Organizacional%20SDA/ANEXO%20No.%201-%20NORMAS%20LEGALES%20DE%20ESTRUCTURA%20Y%20PLANTA/RESE%C3%91A%20HIST%C3%93RICA%20SDA-NORMAS/Acuerdo%209%20de%201990%20Concejo%20de%20Bogot%C3%A1._files/FFFFFFbr.gif HTTP/1.1" 200 84
181.54.84.12 - - [30/Dec/2014:01:06:42 -0500] "POST /forms/lservlet;jsessionid=ac16012b30d57fd711c623924762aa00b48705bb7dac.e3iSbxaKaheRe34Sa3yKbhiTahb0n6jAmljGr5XDqQLvpAe HTTP/1.1" 200 2
74.86.158.107 - - [30/Dec/2014:01:06:54 -0500] "HEAD / HTTP/1.1" 302 -
188.165.15.23 - - [30/Dec/2014:01:06:59 -0500] "GET /BLA/resoluciones/RESOLUCIONES%202004/RES%202004%20751-800/00000800.tif HTTP/1.1" 200 56162
66.249.75.67 - - [30/Dec/2014:01:07:11 -0500] "GET /BLA/resoluciones/AUTOS%202014/5547.pdf HTTP/1.1" 200 220038
66.249.75.83 - - [30/Dec/2014:01:07:42 -0500] "GET /BLA/resoluciones/RESOLUCIONES%202011/1474.pdf HTTP/1.1" 304 -
180.76.5.60 - - [30/Dec/2014:01:07:51 -0500] "GET /BLA/resoluciones/RESOLUCIONES%202007/RES%202007%20201%20AL%20300/RESOLUCION%200288%20DE%202007.pdf HTTP/1.1" 200 340658
188.165.15.208 - - [30/Dec/2014:01:08:19 -0500] "GET /BLA/resoluciones/RESOLUCIONES%202006/RES%202006%20151-200/00000173.tif HTTP/1.1" 200 260118
186.155.123.195 - - [30/Dec/2014:01:08:35 -0500] "GET /BLA/boletinlegal/js/jquery.js HTTP/1.1" 200 57254
186.155.123.195 - - [30/Dec/2014:01:08:35 -0500] "GET /BLA/boletinlegal/js/jquery.scrollTo-min.js HTTP/1.1" 200 1150
186.155.123.195 - - [30/Dec/2014:01:08:35 -0500] "GET /BLA/boletinlegal/js/jquery.scrollShow.js HTTP/1.1" 200 4586
181.54.84.12 - - [30/Dec/2014:01:08:42 -0500] "POST /forms/lservlet;jsessionid=ac16012b30d57fd711c623924762aa00b48705bb7dac.e3iSbxaKaheRe34Sa3yKbhiTahb0n6jAmljGr5XDqQLvpAe HTTP/1.1" 200 2
66.249.75.51 - - [30/Dec/2014:01:09:02 -0500] "GET /BLA/resoluciones/RESOLUCIONES%202009/1011.pdf HTTP/1.1" 304 -
188.165.15.130 - - [30/Dec/2014:01:09:03 -0500] "GET /BLA/resoluciones/RESOLUCIONES%202006/RES%202006%202551-2600/00002585.tif HTTP/1.1" 200 35800
188.165.15.44 - - [30/Dec/2014:01:09:07 -0500] "GET /BLA/resoluciones/RESOLUCIONES%202004/RES%202004%20851-900/00000869.tif HTTP/1.1" 200 88126
180.76.5.170 - - [30/Dec/2014:01:09:10 -0500] "GET /BLA/resoluciones/AUTOS%202013/0354.pdf HTTP/1.1" 200 1194429
66.249.75.83 - - [30/Dec/2014:01:09:11 -0500] "GET /BLA/resoluciones/AUTOS%202014/1110.pdf HTTP/1.1" 200 359068
66.249.75.51 - - [30/Dec/2014:01:09:39 -0500] "GET /BLA/resoluciones/AUTOS%202014/5574.pdf HTTP/1.1" 200 397176
66.249.75.83 - - [30/Dec/2014:01:10:02 -0500] "GET /BLA/resoluciones/Autos%202008/2886.pdf HTTP/1.1" 200 88353
66.249.75.51 - - [30/Dec/2014:01:10:22 -0500] "GET /BLA/resoluciones/RESOLUCIONES%202007/RES%202007%201201%20AL%201300/RESOLUCION%201261%20%20DE%202007.pdf HTTP/1.1" 304 -
66.249.75.51 - - [30/Dec/2014:01:10:22 -0500] "GET /BLA/resoluciones/AUTOS%202014/5790.pdf HTTP/1.1" 200 209080
220.181.108.77 - - [30/Dec/2014:01:10:35 -0500] "GET / HTTP/1.1" 302 -
181.54.84.12 - - [30/Dec/2014:01:10:42 -0500] "POST /forms/lservlet;jsessionid=ac16012b30d57fd711c623924762aa00b48705bb7dac.e3iSbxaKaheRe34Sa3yKbhiTahb0n6jAmljGr5XDqQLvpAe HTTP/1.1" 200 2
188.165.15.192 - - [30/Dec/2014:01:10:49 -0500] "GET /BLA/resoluciones/RESOLUCIONES%202003/RES%202003%202101-2150/20032117.tif HTTP/1.1" 200 214978
66.249.75.51 - - [30/Dec/2014:01:11:41 -0500] "GET /BLA/resoluciones/RESOLUCIONES%202008/2879.pdf HTTP/1.1" 304 -
74.86.158.107 - - [30/Dec/2014:01:11:54 -0500] "HEAD / HTTP/1.1" 302 -
66.249.69.111 - - [30/Dec/2014:01:11:57 -0500] "GET /PORTAL_SIAC/swf/Residuos/metalmecanica/images/page1.swf HTTP/1.1" 200 167726
152.61.128.66 - - [30/Dec/2014:01:11:57 -0500] "HEAD / HTTP/1.1" 302 -
