152.61.128.66 - - [30/Dec/2014:01:11:57 -0500] "GET /arcgis/services/Calidad_del_Agua_WQI/MapServer/WMSServer?request=GetCapabilities&service=WMS HTTP/1.1" 200 32135
152.61.128.66 - - [30/Dec/2014:01:11:58 -0500] "GET /arcgis/services/Calidad_del_Agua_WQI/MapServer/WMSServer?request=GetCapabilities&service=WMS HTTP/1.0" 200 32135
152.61.128.66 - - [30/Dec/2014:01:11:59 -0500] "GET /arcgis/services/Calidad_del_Agua_WQI/MapServer/WMSServer?request=GetCapabilities&service=WMS HTTP/1.0" 200 32135
152.61.128.66 - - [30/Dec/2014:01:12:00 -0500] "GET /arcgis/services/Calidad_del_Agua_WQI/MapServer/WMSServer?request=GetCapabilities&service=WMS HTTP/1.0" 200 32135
152.61.128.66 - - [30/Dec/2014:01:12:01 -0500] "GET /arcgis/services/Calidad_del_Agua_WQI/MapServer/WMSServer?VERSION=1.1.1&REQUEST=GetMap&LAYERS=0&SRS=EPSG:4326&BBOX=-74.473395,3.674381,-73.963300,4.920569&WIDTH=250&HEIGHT=250&FORMAT=image/bmp&STYLES=& HTTP/1.1" 200 188054
123.125.71.60 - - [30/Dec/2014:01:12:24 -0500] "GET / HTTP/1.1" 302 -
152.61.128.66 - - [30/Dec/2014:01:12:24 -0500] "HEAD / HTTP/1.1" 302 -
152.61.128.66 - - [30/Dec/2014:01:12:25 -0500] "GET /arcgis/services/Calidad_del_Agua_WQI/MapServer/WMSServer?SERVICE=WMS&REQUEST=GetCapabilities HTTP/1.1" 200 32135
152.61.128.66 - - [30/Dec/2014:01:12:25 -0500] "GET /arcgis/services/Calidad_del_Agua_WQI/MapServer/WMSServer?SERVICE=WMS&REQUEST=GetCapabilities HTTP/1.0" 200 32135
152.61.128.66 - - [30/Dec/2014:01:12:26 -0500] "GET /arcgis/services/Calidad_del_Agua_WQI/MapServer/WMSServer?SERVICE=WMS&REQUEST=GetCapabilities HTTP/1.0" 200 32135
152.61.128.66 - - [30/Dec/2014:01:12:27 -0500] "GET /arcgis/services/Calidad_del_Agua_WQI/MapServer/WMSServer?SERVICE=WMS&REQUEST=GetCapabilities HTTP/1.0" 200 32135
152.61.128.66 - - [30/Dec/2014:01:12:28 -0500] "GET /arcgis/services/Calidad_del_Agua_WQI/MapServer/WMSServer?VERSION=1.1.1&REQUEST=GetMap&LAYERS=0&SRS=EPSG:4326&BBOX=-74.473395,3.674381,-73.963300,4.920569&WIDTH=250&HEIGHT=250&FORMAT=image/bmp&STYLES=& HTTP/1.1" 200 188054
64.207.185.123 - - [30/Dec/2014:01:12:32 -0500] "GET /wp/wp-admin/ HTTP/1.1" 404 1018
181.54.84.12 - - [30/Dec/2014:01:12:43 -0500] "POST /forms/lservlet;jsessionid=ac16012b30d57fd711c623924762aa00b48705bb7dac.e3iSbxaKaheRe34Sa3yKbhiTahb0n6jAmljGr5XDqQLvpAe HTTP/1.1" 200 2
66.249.75.83 - - [30/Dec/2014:01:13:01 -0500] "GET /BLA/resoluciones/RESOLUCIONES%202011/2879.pdf HTTP/1.1" 304 -
66.249.75.83 - - [30/Dec/2014:01:13:34 -0500] "GET /BLA/resoluciones/RESOLUCIONES%202005/RES%202005%20451-500/00000482.tif HTTP/1.1" 200 106750
188.165.15.78 - - [30/Dec/2014:01:13:44 -0500] "GET /BLA/resoluciones/RESOLUCIONES%202004/RES%202004%202001-2050/00002045.tif HTTP/1.1" 200 155466
66.249.75.67 - - [30/Dec/2014:01:13:54 -0500] "GET /BLA/resoluciones/RESOLUCIONES%202004/RES%202004%201601-1650/00001641.tif HTTP/1.1" 200 244236
188.165.15.44 - - [30/Dec/2014:01:14:03 -0500] "GET /BLA/resoluciones/RESOLUCIONES%202002/RES%202002%201251-1301/20021288.tif HTTP/1.1" 200 125096
66.249.75.51 - - [30/Dec/2014:01:14:21 -0500] "GET /BLA/resoluciones/RESOLUCIONES%202010/2175.pdf HTTP/1.1" 304 -
66.249.69.79 - - [30/Dec/2014:01:14:30 -0500] "GET /logos/logos.htm HTTP/1.1" 404 1019
181.54.84.12 - - [30/Dec/2014:01:14:43 -0500] "POST /forms/lservlet;jsessionid=ac16012b30d57fd711c623924762aa00b48705bb7dac.e3iSbxaKaheRe34Sa3yKbhiTahb0n6jAmljGr5XDqQLvpAe HTTP/1.1" 200 2
188.165.15.192 - - [30/Dec/2014:01:15:16 -0500] "GET /BLA/resoluciones/RESOLUCIONES%202003/RES%202003%20901-950/907.tif HTTP/1.1" 200 138780
188.165.15.23 - - [30/Dec/2014:01:15:18 -0500] "GET /BLA/resoluciones/index.php?dir=RESOLUCIONES%202004/RES%202004%202101-2150/&sort=date&order=desc HTTP/1.1" 200 12358
66.249.75.83 - - [30/Dec/2014:01:15:40 -0500] "GET /BLA/resoluciones/RESOLUCIONES%202010/1436.pdf HTTP/1.1" 304 -
66.249.75.51 - - [30/Dec/2014:01:16:01 -0500] "GET /BLA/resoluciones/AUTOS%202014/1104.pdf HTTP/1.1" 200 335533
100.43.85.25 - - [30/Dec/2014:01:16:06 -0500] "GET /POT-2013/index.php?dir=Articulado/&sort=date&order=asc HTTP/1.1" 200 1857
187.207.160.23 - - [30/Dec/2014:01:16:12 -0500] "GET /BLA/boletinlegal/js/jquery.js HTTP/1.1" 200 57254
187.207.160.23 - - [30/Dec/2014:01:16:12 -0500] "GET /BLA/boletinlegal/js/jquery.scrollTo-min.js HTTP/1.1" 200 1150
187.207.160.23 - - [30/Dec/2014:01:16:12 -0500] "GET /BLA/boletinlegal/js/jquery.scrollShow.js HTTP/1.1" 200 4586
187.207.160.23 - - [30/Dec/2014:01:16:13 -0500] "GET /galeria/carrusel/Carrusel/jquery.thumbnailScroller.css HTTP/1.1" 200 2066
187.207.160.23 - - [30/Dec/2014:01:16:13 -0500] "GET /galeria/carrusel/Carrusel/jquery-ui-1.8.13.custom.min.js HTTP/1.1" 200 10800
187.207.160.23 - - [30/Dec/2014:01:16:13 -0500] "GET /galeria/carrusel/Carrusel/jquery.thumbnailScroller.js HTTP/1.1" 200 8157
187.207.160.23 - - [30/Dec/2014:01:16:21 -0500] "GET /galeria/nivo-slider/demo/demo.html HTTP/1.1" 200 3237
187.207.160.23 - - [30/Dec/2014:01:16:22 -0500] "GET /galeria/nivo-slider/themes/default/default.css HTTP/1.1" 200 1569
187.207.160.23 - - [30/Dec/2014:01:16:22 -0500] "GET /galeria/nivo-slider/themes/pascal/pascal.css HTTP/1.1" 200 2258
187.207.160.23 - - [30/Dec/2014:01:16:22 -0500] "GET /galeria/nivo-slider/themes/orman/orman.css HTTP/1.1" 200 2152
187.207.160.23 - - [30/Dec/2014:01:16:22 -0500] "GET /galeria/nivo-slider/nivo-slider.css HTTP/1.1" 200 1507
187.207.160.23 - - [30/Dec/2014:01:16:22 -0500] "GET /galeria/nivo-slider/demo/style.css HTTP/1.1" 200 2222
187.207.160.23 - - [30/Dec/2014:01:16:23 -0500] "GET /galeria/nivo-slider/demo/images/bolsas-08.jpg HTTP/1.1" 200 85589
187.207.160.23 - - [30/Dec/2014:01:16:24 -0500] "GET /galeria/nivo-slider/demo/images/Ruta-vertimientos-01.jpg HTTP/1.1" 200 130151
187.207.160.23 - - [30/Dec/2014:01:16:24 -0500] "GET /galeria/nivo-slider/demo/images/bolsas-06.jpg HTTP/1.1" 200 90982
187.207.160.23 - - [30/Dec/2014:01:16:24 -0500] "GET /galeria/nivo-slider/demo/images/ecolecta-Dic2014.png HTTP/1.1" 200 288593
187.207.160.23 - - [30/Dec/2014:01:16:24 -0500] "GET /galeria/nivo-slider/demo/images/Banner-GAE3.jpg HTTP/1.1" 200 146354
187.207.160.23 - - [30/Dec/2014:01:16:24 -0500] "GET /galeria/nivo-slider/demo/images/porloshumedales.jpg HTTP/1.1" 200 351238
187.207.160.23 - - [30/Dec/2014:01:16:25 -0500] "GET /galeria/nivo-slider/demo/images/Tingua-azul.jpg HTTP/1.1" 200 307638
187.207.160.23 - - [30/Dec/2014:01:16:25 -0500] "GET /galeria/nivo-slider/demo/images/Banner-Caracol-Africano.jpg HTTP/1.1" 200 331986
187.207.160.23 - - [30/Dec/2014:01:16:25 -0500] "GET /galeria/nivo-slider/demo/images/banner-redes.jpg HTTP/1.1" 200 62209
187.207.160.23 - - [30/Dec/2014:01:16:26 -0500] "GET /galeria/nivo-slider/demo/images/9Signos.jpg HTTP/1.1" 200 93040
187.207.160.23 - - [30/Dec/2014:01:16:26 -0500] "GET /galeria/nivo-slider/demo/images/banner-llantas2.jpg HTTP/1.1" 200 73153
187.207.160.23 - - [30/Dec/2014:01:16:27 -0500] "GET /galeria/nivo-slider/demo/images/banner-caballos.png HTTP/1.1" 200 389106
187.207.160.23 - - [30/Dec/2014:01:16:28 -0500] "GET /galeria/nivo-slider/demo/images/4Simple_Slider.png HTTP/1.1" 200 11722
187.207.160.23 - - [30/Dec/2014:01:16:28 -0500] "GET /galeria/nivo-slider/themes/default/loading.gif HTTP/1.1" 200 1737
187.207.160.23 - - [30/Dec/2014:01:16:29 -0500] "GET /galeria/nivo-slider/demo/scripts/jquery-1.7.1.min.js HTTP/1.1" 200 93868
187.207.160.23 - - [30/Dec/2014:01:16:29 -0500] "GET /galeria/nivo-slider/jquery.nivo.slider.pack.js HTTP/1.1" 200 11561
187.207.160.23 - - [30/Dec/2014:01:16:29 -0500] "GET /galeria/nivo-slider/themes/default/arrows.png HTTP/1.1" 200 824
187.207.160.23 - - [30/Dec/2014:01:16:29 -0500] "GET /galeria/nivo-slider/themes/default/bullets.png HTTP/1.1" 200 1281
187.207.160.23 - - [30/Dec/2014:01:16:37 -0500] "GET /videos/Spot_CambioClimatico.flv HTTP/1.1" 200 4371917
181.54.84.12 - - [30/Dec/2014:01:16:43 -0500] "POST /forms/lservlet;jsessionid=ac16012b30d57fd711c623924762aa00b48705bb7dac.e3iSbxaKaheRe34Sa3yKbhiTahb0n6jAmljGr5XDqQLvpAe HTTP/1.1" 200 2
74.86.158.107 - - [30/Dec/2014:01:16:54 -0500] "HEAD / HTTP/1.1" 302 -
66.249.75.67 - - [30/Dec/2014:01:17:00 -0500] "GET /BLA/resoluciones/RESOLUCIONES%202008/2625.pdf HTTP/1.1" 304 -
66.249.75.51 - - [30/Dec/2014:01:18:12 -0500] "GET /BLA/boletinlegal/Circulares/2012/Circular%20No.%205%20del%2027%20de%20Abril%20de%202012.pdf HTTP/1.1" 200 216613
66.249.75.83 - - [30/Dec/2014:01:18:20 -0500] "GET /BLA/resoluciones/RESOLUCIONES%202011/1122.pdf HTTP/1.1" 304 -
188.165.15.44 - - [30/Dec/2014:01:18:28 -0500] "GET /BLA/resoluciones/RESOLUCIONES%202002/RES%202002%201901-1950/20021905.tif HTTP/1.1" 200 110388
66.249.75.51 - - [30/Dec/2014:01:18:32 -0500] "GET /BLA/resoluciones/index.php?dir=RESOLUCIONES%202009/&sort=size&order=desc HTTP/1.1" 200 1672911
181.54.84.12 - - [30/Dec/2014:01:18:43 -0500] "POST /forms/lservlet;jsessionid=ac16012b30d57fd711c623924762aa00b48705bb7dac.e3iSbxaKaheRe34Sa3yKbhiTahb0n6jAmljGr5XDqQLvpAe HTTP/1.1" 200 2
66.249.75.67 - - [30/Dec/2014:01:19:39 -0500] "GET /BLA/resoluciones/RESOLUCIONES%202011/5543.pdf HTTP/1.1" 304 -
66.249.75.51 - - [30/Dec/2014:01:19:42 -0500] "GET /BLA/resoluciones/AUTOS%202011/3782.pdf HTTP/1.1" 200 1742762
66.249.75.51 - - [30/Dec/2014:01:20:00 -0500] "GET /BLA/resoluciones/RESOLUCIONES%202012/0721.pdf HTTP/1.1" 200 371031
66.249.75.83 - - [30/Dec/2014:01:20:40 -0500] "GET /BLA/resoluciones/RESOLUCIONES%202005/RES%202005%20451-500/00000492.tif HTTP/1.1" 200 292156
181.54.84.12 - - [30/Dec/2014:01:20:43 -0500] "POST /forms/lservlet;jsessionid=ac16012b30d57fd711c623924762aa00b48705bb7dac.e3iSbxaKaheRe34Sa3yKbhiTahb0n6jAmljGr5XDqQLvpAe HTTP/1.1" 200 2
188.165.15.44 - - [30/Dec/2014:01:20:57 -0500] "GET /BLA/resoluciones/RESOLUCIONES%202003/RES%202003%202001-2051/20032029.tif HTTP/1.1" 200 73044
66.249.75.67 - - [30/Dec/2014:01:20:59 -0500] "GET /BLA/resoluciones/RESOLUCIONES%202012/0867.pdf HTTP/1.1" 304 -
64.207.185.123 - - [30/Dec/2014:01:21:24 -0500] "GET /old/wp-admin/ HTTP/1.1" 404 1018
188.186.41.221 - - [30/Dec/2014:01:21:46 -0500] "GET / HTTP/1.0" 302 -
74.86.158.107 - - [30/Dec/2014:01:21:54 -0500] "HEAD / HTTP/1.1" 302 -
188.165.15.44 - - [30/Dec/2014:01:22:14 -0500] "GET /BLA/resoluciones/RESOLUCIONES%202003/RES%202003%20801-850/802.tif HTTP/1.1" 200 225204
66.249.75.83 - - [30/Dec/2014:01:22:19 -0500] "GET /BLA/resoluciones/RESOLUCIONES%202010/0157.pdf HTTP/1.1" 304 -
66.249.75.83 - - [30/Dec/2014:01:22:38 -0500] "GET /BLA/resoluciones/AUTOS%202014/2071.pdf HTTP/1.1" 200 825019
181.54.84.12 - - [30/Dec/2014:01:22:43 -0500] "POST /forms/lservlet;jsessionid=ac16012b30d57fd711c623924762aa00b48705bb7dac.e3iSbxaKaheRe34Sa3yKbhiTahb0n6jAmljGr5XDqQLvpAe HTTP/1.1" 200 2
188.165.15.10 - - [30/Dec/2014:01:22:45 -0500] "GET /BLA/resoluciones/RESOLUCIONES%202003/RES%202003%20651-700/669.tif HTTP/1.1" 200 296828
188.165.15.37 - - [30/Dec/2014:01:23:15 -0500] "GET /BLA/resoluciones/RESOLUCIONES%202005/RES%202005%202601-2650/00002617.tif HTTP/1.1" 200 116636
66.249.75.83 - - [30/Dec/2014:01:23:39 -0500] "GET /BLA/resoluciones/RESOLUCIONES%202010/4478.pdf HTTP/1.1" 304 -
186.83.247.131 - - [30/Dec/2014:01:24:31 -0500] "GET /BLA/boletinlegal/js/jquery.js HTTP/1.1" 200 57254
186.83.247.131 - - [30/Dec/2014:01:24:31 -0500] "GET /BLA/boletinlegal/js/jquery.scrollTo-min.js HTTP/1.1" 200 1150
186.83.247.131 - - [30/Dec/2014:01:24:31 -0500] "GET /BLA/boletinlegal/js/jquery.scrollShow.js HTTP/1.1" 200 4586
186.83.247.131 - - [30/Dec/2014:01:24:31 -0500] "GET /galeria/carrusel/Carrusel/jquery.thumbnailScroller.css HTTP/1.1" 200 2066
186.83.247.131 - - [30/Dec/2014:01:24:31 -0500] "GET /galeria/carrusel/Carrusel/jquery-ui-1.8.13.custom.min.js HTTP/1.1" 200 10800
186.83.247.131 - - [30/Dec/2014:01:24:32 -0500] "GET /galeria/carrusel/Carrusel/jquery.thumbnailScroller.js HTTP/1.1" 200 8157
186.83.247.131 - - [30/Dec/2014:01:24:34 -0500] "GET /galeria/nivo-slider/demo/demo.html HTTP/1.1" 200 3237
186.83.247.131 - - [30/Dec/2014:01:24:34 -0500] "GET /galeria/nivo-slider/themes/default/default.css HTTP/1.1" 200 1569
186.83.247.131 - - [30/Dec/2014:01:24:34 -0500] "GET /galeria/nivo-slider/themes/pascal/pascal.css HTTP/1.1" 200 2258
186.83.247.131 - - [30/Dec/2014:01:24:34 -0500] "GET /galeria/nivo-slider/themes/orman/orman.css HTTP/1.1" 200 2152
186.83.247.131 - - [30/Dec/2014:01:24:35 -0500] "GET /galeria/nivo-slider/nivo-slider.css HTTP/1.1" 200 1507
186.83.247.131 - - [30/Dec/2014:01:24:35 -0500] "GET /galeria/nivo-slider/demo/style.css HTTP/1.1" 200 2222
186.83.247.131 - - [30/Dec/2014:01:24:35 -0500] "GET /galeria/nivo-slider/demo/scripts/jquery-1.7.1.min.js HTTP/1.1" 200 93868
186.83.247.131 - - [30/Dec/2014:01:24:35 -0500] "GET /galeria/nivo-slider/jquery.nivo.slider.pack.js HTTP/1.1" 200 11561
186.83.247.131 - - [30/Dec/2014:01:24:35 -0500] "GET /galeria/nivo-slider/demo/images/4Simple_Slider.png HTTP/1.1" 200 11722
186.83.247.131 - - [30/Dec/2014:01:24:35 -0500] "GET /galeria/nivo-slider/themes/default/loading.gif HTTP/1.1" 200 1737
186.83.247.131 - - [30/Dec/2014:01:24:37 -0500] "GET /galeria/nivo-slider/demo/images/bolsas-08.jpg HTTP/1.1" 200 85589
186.83.247.131 - - [30/Dec/2014:01:24:37 -0500] "GET /galeria/nivo-slider/demo/images/Ruta-vertimientos-01.jpg HTTP/1.1" 200 130151
186.83.247.131 - - [30/Dec/2014:01:24:37 -0500] "GET /galeria/nivo-slider/demo/images/bolsas-06.jpg HTTP/1.1" 200 90982
186.83.247.131 - - [30/Dec/2014:01:24:37 -0500] "GET /galeria/nivo-slider/demo/images/ecolecta-Dic2014.png HTTP/1.1" 200 288593
186.83.247.131 - - [30/Dec/2014:01:24:38 -0500] "GET /galeria/nivo-slider/demo/images/Banner-GAE3.jpg HTTP/1.1" 200 146354
66.249.75.83 - - [30/Dec/2014:01:24:38 -0500] "GET /BLA/resoluciones/Autos%202008/3191.pdf HTTP/1.1" 200 222714
188.165.15.188 - - [30/Dec/2014:01:24:41 -0500] "GET /BLA/resoluciones/RESOLUCIONES%202004/RES%202004%20301-350/00000348.tif HTTP/1.1" 200 650388
181.54.84.12 - - [30/Dec/2014:01:24:43 -0500] "POST /forms/lservlet;jsessionid=ac16012b30d57fd711c623924762aa00b48705bb7dac.e3iSbxaKaheRe34Sa3yKbhiTahb0n6jAmljGr5XDqQLvpAe HTTP/1.1" 200 2
186.83.247.131 - - [30/Dec/2014:01:24:45 -0500] "GET /galeria/nivo-slider/demo/images/porloshumedales.jpg HTTP/1.1" 200 351238
186.83.247.131 - - [30/Dec/2014:01:24:47 -0500] "GET /videos/Spot_CambioClimatico.flv HTTP/1.1" 200 4371917
186.83.247.131 - - [30/Dec/2014:01:24:47 -0500] "GET /galeria/nivo-slider/demo/images/Tingua-azul.jpg HTTP/1.1" 200 307638
186.83.247.131 - - [30/Dec/2014:01:24:47 -0500] "GET /galeria/nivo-slider/demo/images/Banner-Caracol-Africano.jpg HTTP/1.1" 200 331986
186.83.247.131 - - [30/Dec/2014:01:24:51 -0500] "GET /galeria/nivo-slider/demo/images/banner-redes.jpg HTTP/1.1" 200 62209
186.83.247.131 - - [30/Dec/2014:01:24:54 -0500] "GET /galeria/nivo-slider/demo/images/9Signos.jpg HTTP/1.1" 200 93040
186.83.247.131 - - [30/Dec/2014:01:24:55 -0500] "GET /galeria/nivo-slider/demo/images/banner-caballos.png HTTP/1.1" 200 389106
66.249.75.67 - - [30/Dec/2014:01:24:58 -0500] "GET /BLA/resoluciones/RESOLUCIONES%202007/RES%202007%202001%20AL%202100/RESOLUCION%202018%20DE%202007.pdf HTTP/1.1" 200 920409
180.76.5.73 - - [30/Dec/2014:01:26:15 -0500] "GET /BLA/resoluciones/AUTOS%202007/1359.pdf HTTP/1.1" 200 52992
66.249.75.67 - - [30/Dec/2014:01:26:18 -0500] "GET /BLA/resoluciones/RESOLUCIONES%202010/5720.pdf HTTP/1.1" 304 -
66.249.69.79 - - [30/Dec/2014:01:26:24 -0500] "GET /PORTAL_SIAC/swf/Residuos/lavanderias/images/page1.swf HTTP/1.1" 200 1360615
188.165.15.130 - - [30/Dec/2014:01:26:38 -0500] "GET /BLA/resoluciones/RESOLUCIONES%202003/RES%202003%20351-400/377.tif HTTP/1.1" 200 250140
181.54.84.12 - - [30/Dec/2014:01:26:43 -0500] "POST /forms/lservlet;jsessionid=ac16012b30d57fd711c623924762aa00b48705bb7dac.e3iSbxaKaheRe34Sa3yKbhiTahb0n6jAmljGr5XDqQLvpAe HTTP/1.1" 200 2
74.86.158.107 - - [30/Dec/2014:01:26:54 -0500] "HEAD / HTTP/1.1" 302 -
66.249.75.83 - - [30/Dec/2014:01:27:38 -0500] "GET /BLA/resoluciones/RESOLUCIONES%202014/0649.pdf HTTP/1.1" 304 -
66.249.75.67 - - [30/Dec/2014:01:27:42 -0500] "GET /BLA/resoluciones/RESOLUCIONES%202005/RES%202005%20451-500/00000468.tif HTTP/1.1" 200 240478
188.165.15.188 - - [30/Dec/2014:01:28:05 -0500] "GET /BLA/resoluciones/RESOLUCIONES%202005/RES%202005%201-50/00000044.tif HTTP/1.1" 200 243908
181.54.84.12 - - [30/Dec/2014:01:28:43 -0500] "POST /forms/lservlet;jsessionid=ac16012b30d57fd711c623924762aa00b48705bb7dac.e3iSbxaKaheRe34Sa3yKbhiTahb0n6jAmljGr5XDqQLvpAe HTTP/1.1" 200 2
66.249.75.51 - - [30/Dec/2014:01:28:57 -0500] "GET /BLA/resoluciones/AUTOS%202013/0174.pdf HTTP/1.1" 200 3480267
180.76.6.36 - - [30/Dec/2014:01:29:10 -0500] "GET /BLA/resoluciones/AUTOS%202009/2277.pdf HTTP/1.1" 200 122409
188.165.15.26 - - [30/Dec/2014:01:29:44 -0500] "GET /BLA/resoluciones/RESOLUCIONES%202002/RES%202002%20151-200/2002RES189.tif HTTP/1.1" 200 61924
66.249.75.67 - - [30/Dec/2014:01:30:17 -0500] "GET /BLA/resoluciones/index.php?dir=RESOLUCIONES%202005/&sort=date&order=asc HTTP/1.1" 200 24431
180.76.5.196 - - [30/Dec/2014:01:30:29 -0500] "GET /BLA/resoluciones/RESOLUCIONES%202007/RES%202007%20201%20AL%20300/RESOLUCION%200240%20DE%202007.pdf HTTP/1.1" 200 298902
181.54.84.12 - - [30/Dec/2014:01:30:43 -0500] "POST /forms/lservlet;jsessionid=ac16012b30d57fd711c623924762aa00b48705bb7dac.e3iSbxaKaheRe34Sa3yKbhiTahb0n6jAmljGr5XDqQLvpAe HTTP/1.1" 200 2
66.249.69.111 - - [30/Dec/2014:01:31:01 -0500] "GET /actuali HTTP/1.1" 404 1019
180.76.5.69 - - [30/Dec/2014:01:31:08 -0500] "GET /BLA/boletinlegal;jsessionid=B431A0C6F0DC38CC7E77A808AE83EB0A?/? HTTP/1.1" 404 1018
66.249.69.79 - - [30/Dec/2014:01:31:37 -0500] "GET /Anexos%20estudio%20Organizacional%20SDA/ANEXO%20No.%203-%20CONTRATACI%C3%93N%20%20OPS%C2%B4s%202008-2012/CONTRATOS%20SDA%202009%20POR%20DEPENDENCIA%20(1).xls HTTP/1.1" 304 -
188.165.15.192 - - [30/Dec/2014:01:31:41 -0500] "GET /BLA/resoluciones/RESOLUCIONES%202003/RES%202003%202151-2189/20032177.tif HTTP/1.1" 200 315952
152.61.193.99 - - [30/Dec/2014:01:31:45 -0500] "HEAD / HTTP/1.1" 302 -
152.61.193.99 - - [30/Dec/2014:01:31:45 -0500] "GET /arcgis/services/Calidad_del_Agua_WQI/MapServer/WMSServer?request=GetCapabilities&service=WMS HTTP/1.1" 200 32135
152.61.193.99 - - [30/Dec/2014:01:31:46 -0500] "HEAD / HTTP/1.1" 302 -
152.61.193.99 - - [30/Dec/2014:01:31:45 -0500] "GET /arcgis/services/Calidad_del_Agua_WQI/MapServer/WMSServer?request=GetCapabilities&service=WMS HTTP/1.1" 200 32135
152.61.193.99 - - [30/Dec/2014:01:31:46 -0500] "GET /arcgis/services/Calidad_del_Agua_WQI/MapServer/WMSServer?SERVICE=WMS&REQUEST=GetCapabilities HTTP/1.1" 200 32135
152.61.193.99 - - [30/Dec/2014:01:31:46 -0500] "GET /arcgis/services/Calidad_del_Agua_WQI/MapServer/WMSServer?request=GetCapabilities&service=WMS HTTP/1.1" 200 32135
180.76.5.194 - - [30/Dec/2014:01:31:47 -0500] "GET /BLA/resoluciones/RESOLUCIONES%202010/7585.pdf HTTP/1.1" 200 317643
152.61.193.99 - - [30/Dec/2014:01:31:47 -0500] "GET /arcgis/services/Calidad_del_Agua_WQI/MapServer/WMSServer?SERVICE=WMS&REQUEST=GetCapabilities HTTP/1.1" 200 32135
152.61.193.99 - - [30/Dec/2014:01:31:47 -0500] "GET /arcgis/services/Calidad_del_Agua_WQI/MapServer/WMSServer?request=GetCapabilities&service=WMS HTTP/1.1" 200 32135
152.61.193.99 - - [30/Dec/2014:01:31:47 -0500] "GET /arcgis/services/Calidad_del_Agua_WQI/MapServer/WMSServer?SERVICE=WMS&REQUEST=GetCapabilities HTTP/1.1" 200 32135
152.61.193.99 - - [30/Dec/2014:01:31:48 -0500] "GET /arcgis/services/Calidad_del_Agua_WQI/MapServer/WMSServer?SERVICE=WMS&REQUEST=GetCapabilities HTTP/1.1" 200 32135
152.61.193.99 - - [30/Dec/2014:01:31:48 -0500] "GET /arcgis/services/Calidad_del_Agua_WQI/MapServer/WMSServer?VERSION=1.1.1&REQUEST=GetMap&LAYERS=0&SRS=EPSG:4326&BBOX=-74.473395,3.674381,-73.963300,4.920569&WIDTH=250&HEIGHT=250&FORMAT=image/bmp&STYLES=& HTTP/1.1" 200 188054
74.86.158.107 - - [30/Dec/2014:01:31:54 -0500] "HEAD / HTTP/1.1" 302 -
66.249.75.51 - - [30/Dec/2014:01:31:56 -0500] "GET /BLA/resoluciones/AUTOS%202011/2872.pdf HTTP/1.1" 200 154119
66.249.75.51 - - [30/Dec/2014:01:32:08 -0500] "GET /BLA/resoluciones/AUTOS%202014/1778.pdf HTTP/1.1" 200 464361
181.54.84.12 - - [30/Dec/2014:01:32:43 -0500] "POST /forms/lservlet;jsessionid=ac16012b30d57fd711c623924762aa00b48705bb7dac.e3iSbxaKaheRe34Sa3yKbhiTahb0n6jAmljGr5XDqQLvpAe HTTP/1.1" 200 2
66.249.75.83 - - [30/Dec/2014:01:33:27 -0500] "GET /BLA/resoluciones/AUTOS%202011/4307.pdf HTTP/1.1" 200 267835
66.249.75.83 - - [30/Dec/2014:01:33:28 -0500] "GET /BLA/resoluciones/AUTOS%202014/1136.pdf HTTP/1.1" 200 366169
66.249.75.67 - - [30/Dec/2014:01:33:40 -0500] "GET /BLA/resoluciones/AUTOS%202008/1015.pdf HTTP/1.1" 200 366911
66.249.75.51 - - [30/Dec/2014:01:34:37 -0500] "GET /BLA/resoluciones/AUTOS%202014/5804.pdf HTTP/1.1" 200 151423
181.54.84.12 - - [30/Dec/2014:01:34:43 -0500] "POST /forms/lservlet;jsessionid=ac16012b30d57fd711c623924762aa00b48705bb7dac.e3iSbxaKaheRe34Sa3yKbhiTahb0n6jAmljGr5XDqQLvpAe HTTP/1.1" 200 2
66.249.75.67 - - [30/Dec/2014:01:34:46 -0500] "GET /BLA/resoluciones/RESOLUCIONES%202005/RES%202005%20451-500/00000488.tif HTTP/1.1" 200 80306
66.249.75.83 - - [30/Dec/2014:01:34:53 -0500] "GET /BLA/resoluciones/AUTOS%202014/4165.pdf HTTP/1.1" 200 188341
66.249.75.83 - - [30/Dec/2014:01:35:45 -0500] "GET /BLA/resoluciones/AUTOS%202010/5132.pdf HTTP/1.1" 200 282453
66.249.75.83 - - [30/Dec/2014:01:35:58 -0500] "GET /BLA/resoluciones/Notificaciones/REGISTROS%202014/1565.doc HTTP/1.1" 200 159744
188.165.15.192 - - [30/Dec/2014:01:36:38 -0500] "GET /BLA/resoluciones/RESOLUCIONES%202003/RES%202003%201201-1250/2003RES1224.tif HTTP/1.1" 200 202780
181.54.84.12 - - [30/Dec/2014:01:36:43 -0500] "POST /forms/lservlet;jsessionid=ac16012b30d57fd711c623924762aa00b48705bb7dac.e3iSbxaKaheRe34Sa3yKbhiTahb0n6jAmljGr5XDqQLvpAe HTTP/1.1" 200 2
74.86.158.107 - - [30/Dec/2014:01:36:54 -0500] "HEAD / HTTP/1.1" 302 -
188.165.15.85 - - [30/Dec/2014:01:36:56 -0500] "GET /BLA/resoluciones/RESOLUCIONES%202002/RES%202002%201401-1450/20021450.tif HTTP/1.1" 200 128402
66.249.75.67 - - [30/Dec/2014:01:37:10 -0500] "GET /BLA/resoluciones/RESOLUCIONES%202010/6124.pdf HTTP/1.1" 200 637982
66.249.75.67 - - [30/Dec/2014:01:37:20 -0500] "GET /Anexos%20estudio%20Organizacional%20SDA/ANEXO%20No.%201-%20NORMAS%20LEGALES%20DE%20ESTRUCTURA%20Y%20PLANTA/Decreto%20308%20de%202001%20-%20Modifica%20estructura%20del%20DAMA.jsp_files/arrowl.png HTTP/1.1" 200 423
190.26.210.162 - - [30/Dec/2014:01:37:23 -0500] "GET / HTTP/1.1" 302 -
190.26.210.162 - - [30/Dec/2014:01:37:35 -0500] "GET /BLA/boletinlegal/js/jquery.js HTTP/1.1" 200 57254
190.26.210.162 - - [30/Dec/2014:01:37:35 -0500] "GET /BLA/boletinlegal/js/jquery.scrollTo-min.js HTTP/1.1" 200 1150
190.26.210.162 - - [30/Dec/2014:01:37:35 -0500] "GET /BLA/boletinlegal/js/jquery.scrollShow.js HTTP/1.1" 200 4586
190.26.210.162 - - [30/Dec/2014:01:37:43 -0500] "GET /galeria/nivo-slider/demo/demo.html HTTP/1.1" 200 3237
190.26.210.162 - - [30/Dec/2014:01:37:43 -0500] "GET /galeria/carrusel/Carrusel/jquery.thumbnailScroller.css HTTP/1.1" 200 2066
190.26.210.162 - - [30/Dec/2014:01:37:43 -0500] "GET /galeria/carrusel/Carrusel/jquery-ui- HTTP/1.1" 404 1018
190.26.210.162 - - [30/Dec/2014:01:37:44 -0500] "GET /galeria/carrusel/Carrusel/jquery.thumbnailScroller.js HTTP/1.1" 200 8157
181.54.84.12 - - [30/Dec/2014:01:37:44 -0500] "POST /forms/lservlet;jsessionid=ac16012b30d57fd711c623924762aa00b48705bb7dac.e3iSbxaKaheRe34Sa3yKbhiTahb0n6jAmljGr5XDqQLvpAe HTTP/1.1" 200 2027
181.54.84.12 - - [30/Dec/2014:01:37:44 -0500] "POST /forms/lservlet;jsessionid=ac16012b30d57fd711c623924762aa00b48705bb7dac.e3iSbxaKaheRe34Sa3yKbhiTahb0n6jAmljGr5XDqQLvpAe HTTP/1.1" 200 78
181.54.84.12 - - [30/Dec/2014:01:37:45 -0500] "POST /forms/lservlet;jsessionid=ac16012b30d57fd711c623924762aa00b48705bb7dac.e3iSbxaKaheRe34Sa3yKbhiTahb0n6jAmljGr5XDqQLvpAe HTTP/1.1" 200 86
181.54.84.12 - - [30/Dec/2014:01:37:45 -0500] "POST /forms/lservlet;jsessionid=ac16012b30d57fd711c623924762aa00b48705bb7dac.e3iSbxaKaheRe34Sa3yKbhiTahb0n6jAmljGr5XDqQLvpAe HTTP/1.1" 200 -
190.26.210.162 - - [30/Dec/2014:01:37:48 -0500] "GET /videos/Spot_CambioClimatico.flv HTTP/1.1" 200 4371917
188.165.15.78 - - [30/Dec/2014:01:37:48 -0500] "GET /BLA/resoluciones/RESOLUCIONES%202003/RES%202003%20551-600/555.tif HTTP/1.1" 200 161656
190.26.210.162 - - [30/Dec/2014:01:37:53 -0500] "GET /galeria/nivo-slider/demo/ HTTP/1.1" 200 2278
220.181.108.122 - - [30/Dec/2014:01:37:53 -0500] "GET /BLA/resoluciones/RESOLUCIONES%202012/1848.pdf HTTP/1.1" 200 534833
188.165.15.85 - - [30/Dec/2014:01:37:56 -0500] "GET /BLA/resoluciones/RESOLUCIONES%202005/RES%202005%201401-1450/00001427.tif HTTP/1.1" 200 141252
190.26.210.162 - - [30/Dec/2014:01:37:43 -0500] "GET /BLA/boletinlegal/index.php? HTTP/1.1" 200 47318
188.165.15.44 - - [30/Dec/2014:01:38:35 -0500] "GET /BLA/resoluciones/RESOLUCIONES%202004/RES%202004%20501-550/00000509.tif HTTP/1.1" 200 181414
180.76.5.223 - - [30/Dec/2014:01:38:49 -0500] "GET /BLA/resoluciones/AUTOS%202010/3772.pdf HTTP/1.1" 200 40880
66.249.75.51 - - [30/Dec/2014:01:38:57 -0500] "GET /BLA/resoluciones/index.php?dir=RESOLUCIONES+2005%2FRES+2005+451-500%2F HTTP/1.1" 200 12244
220.181.108.174 - - [30/Dec/2014:01:38:59 -0500] "GET /BLA/boletinlegal/js/jquery.js HTTP/1.1" 200 57254
66.249.75.51 - - [30/Dec/2014:01:39:03 -0500] "GET /BLA/resoluciones/index.php?dir=RESOLUCIONES+2005%2FRES+2005+1751-1800%2F HTTP/1.1" 200 12368
66.249.75.67 - - [30/Dec/2014:01:39:13 -0500] "GET /BLA/resoluciones/index.php?dir=RESOLUCIONES+2005%2FRES+2005+1851-1900%2F HTTP/1.1" 200 12356
66.249.69.111 - - [30/Dec/2014:01:39:18 -0500] "GET / HTTP/1.1" 302 -
66.249.75.83 - - [30/Dec/2014:01:39:48 -0500] "GET /BLA/resoluciones/AUTOS%202014/1133.pdf HTTP/1.1" 200 411250
66.249.75.51 - - [30/Dec/2014:01:40:05 -0500] "GET /BLA/resoluciones/Autos%202008/0532.pdf HTTP/1.1" 200 155453
74.86.158.107 - - [30/Dec/2014:01:41:54 -0500] "HEAD / HTTP/1.1" 302 -
190.25.232.143 - - [30/Dec/2014:01:41:55 -0500] "GET /galeria/nivo-slider/themes/orman/orman.css HTTP/1.1" 304 -
66.249.75.67 - - [30/Dec/2014:01:41:56 -0500] "GET /BLA/resoluciones/RESOLUCIONES%202005/00001065.tif HTTP/1.1" 200 137460
66.249.75.83 - - [30/Dec/2014:01:42:42 -0500] "GET /BLA/resoluciones/RESOLUCIONES%202004/RES%202004%201701-1750/00001734.tif HTTP/1.1" 200 110674
202.46.58.30 - - [30/Dec/2014:01:43:40 -0500] "GET / HTTP/1.1" 302 -
188.165.15.26 - - [30/Dec/2014:01:43:41 -0500] "GET /BLA/resoluciones/index.php?dir=RESOLUCIONES+2004%2FRES+2004+1051-1100%2F HTTP/1.1" 200 12164
66.249.75.51 - - [30/Dec/2014:01:43:47 -0500] "GET /BLA/resoluciones/AUTOS%202008/1524.pdf HTTP/1.1" 200 342780
66.249.75.51 - - [30/Dec/2014:01:44:05 -0500] "GET /BLA/resoluciones/AUTOS%202014/2223.pdf HTTP/1.1" 200 800042
119.63.193.132 - - [30/Dec/2014:01:44:06 -0500] "GET / HTTP/1.1" 302 -
66.249.75.51 - - [30/Dec/2014:01:44:22 -0500] "GET /BLA/resoluciones/AUTOS%202014/5540.pdf HTTP/1.1" 200 163484
66.249.75.51 - - [30/Dec/2014:01:46:16 -0500] "GET /BLA/resoluciones/AUTOS%202014/2714.pdf HTTP/1.1" 200 247397
207.46.13.61 - - [30/Dec/2014:01:46:03 -0500] "GET /BLA/boletinlegal/ HTTP/1.1" 200 49382
207.46.13.12 - - [30/Dec/2014:01:46:53 -0500] "GET /BLA/boletinlegal/style.css HTTP/1.1" 200 9406
74.86.158.107 - - [30/Dec/2014:01:46:54 -0500] "HEAD / HTTP/1.1" 302 -
207.46.13.12 - - [30/Dec/2014:01:46:54 -0500] "GET /BLA/boletinlegal/styles2.css HTTP/1.1" 200 1838
115.135.180.77 - - [30/Dec/2014:01:47:26 -0500] "GET /BLA/resoluciones/AUTOS%202014/0436.pdf HTTP/1.1" 200 433144
66.249.75.51 - - [30/Dec/2014:01:47:28 -0500] "GET /BLA/resoluciones/AUTOS%202014/1112.pdf HTTP/1.1" 200 480040
115.135.180.77 - - [30/Dec/2014:01:47:31 -0500] "GET /BLA/resoluciones/AUTOS%202014/0436.pdf HTTP/1.1" 200 433144
66.249.75.83 - - [30/Dec/2014:01:48:00 -0500] "GET /BLA/resoluciones/AUTOS%202013/2408.pdf HTTP/1.1" 200 1130103
66.249.75.67 - - [30/Dec/2014:01:48:39 -0500] "GET /BLA/resoluciones/AUTOS%202007/2840.pdf HTTP/1.1" 200 159125
115.135.180.77 - - [30/Dec/2014:01:48:52 -0500] "GET /BLA/resoluciones/AUTOS%202014/0436.pdf HTTP/1.1" 200 433144
115.135.180.77 - - [30/Dec/2014:01:48:56 -0500] "GET /BLA/resoluciones/RESOLUCIONES%202013/1128.pdf HTTP/1.1" 200 770322
66.249.75.83 - - [30/Dec/2014:01:48:56 -0500] "GET /BLA/resoluciones/RESOLUCIONES%202005/00001087.tif HTTP/1.1" 200 144358
115.135.180.77 - - [30/Dec/2014:01:48:57 -0500] "GET /BLA/resoluciones/RESOLUCIONES%202013/1128.pdf HTTP/1.1" 200 770322
66.249.75.67 - - [30/Dec/2014:01:49:19 -0500] "GET /BLA/resoluciones/RESOLUCIONES%202007/RES%202007%201301%20AL%201400/RESOLUCION%201346%20DE%202007.pdf HTTP/1.1" 200 26579
188.165.15.23 - - [30/Dec/2014:01:49:46 -0500] "GET /BLA/resoluciones/RESOLUCIONES%202002/RES%202002%20601-650/00000603.tif HTTP/1.1" 200 118088
180.76.5.24 - - [30/Dec/2014:01:49:57 -0500] "GET /BLA/boletinlegal;jsessionid=F35E5262F45FB8501D5AA08FA8769873?/? HTTP/1.1" 404 1018
66.249.75.83 - - [30/Dec/2014:01:49:59 -0500] "GET /BLA/resoluciones/RESOLUCIONES%202007/RES%202007%203101%20AL%203200/RESOLUCION%203196%20DE%202007.pdf HTTP/1.1" 200 307585
115.135.180.77 - - [30/Dec/2014:01:50:00 -0500] "GET /BLA/resoluciones/RESOLUCIONES%202009/8514.pdf HTTP/1.1" 200 347388
115.135.180.77 - - [30/Dec/2014:01:50:01 -0500] "GET /BLA/resoluciones/RESOLUCIONES%202009/8514.pdf HTTP/1.1" 200 347388
115.135.180.77 - - [30/Dec/2014:01:50:02 -0500] "GET /BLA/resoluciones/RESOLUCIONES%202013/1128.pdf HTTP/1.1" 206 377106
66.249.75.67 - - [30/Dec/2014:01:50:18 -0500] "GET /BLA/resoluciones/AUTOS%202014/5785.pdf HTTP/1.1" 200 196991
115.135.180.77 - - [30/Dec/2014:01:50:27 -0500] "GET /BLA/resoluciones/AUTOS%202014/0436.pdf HTTP/1.1" 206 302072
66.249.75.51 - - [30/Dec/2014:01:50:39 -0500] "GET /BLA/resoluciones/RESOLUCIONES%202007/RES%202007%202501%20AL%202600/RESOLUCION%202589%20DE%202007.pdf HTTP/1.1" 200 478394
113.210.5.164 - - [30/Dec/2014:01:50:48 -0500] "GET /BLA/resoluciones/AUTOS%202014/0436.pdf HTTP/1.1" 206 302072
113.210.5.164 - - [30/Dec/2014:01:51:11 -0500] "GET /BLA/resoluciones/RESOLUCIONES%202013/1128.pdf HTTP/1.1" 206 377106
180.76.5.78 - - [30/Dec/2014:01:51:15 -0500] "GET /BLA/resoluciones/RESOLUCIONES%202007/RES%202007%203301%20AL%203400/RESOLUCION%203301%20DE%202007.pdf HTTP/1.1" 200 400574
66.249.75.51 - - [30/Dec/2014:01:51:19 -0500] "GET /BLA/resoluciones/RESOLUCIONES%202011/3959.pdf HTTP/1.1" 304 -
115.135.180.77 - - [30/Dec/2014:01:51:22 -0500] "GET /BLA/resoluciones/RESOLUCIONES%202009/8514.pdf HTTP/1.1" 200 347388
115.135.180.77 - - [30/Dec/2014:01:51:23 -0500] "GET /BLA/resoluciones/RESOLUCIONES%202013/1128.pdf HTTP/1.1" 206 377106
74.86.158.107 - - [30/Dec/2014:01:51:54 -0500] "HEAD / HTTP/1.1" 302 -
66.249.75.83 - - [30/Dec/2014:01:51:59 -0500] "GET /BLA/resoluciones/RESOLUCIONES%202007/RES%202007%20101%20AL%20200/RESOLUCION%200126%20%20DE%202007.pdf HTTP/1.1" 200 352251
66.249.75.83 - - [30/Dec/2014:01:52:13 -0500] "GET /portel_dama/libreria/php/2006/restauracion/22_proye/xtras_in/2a.pdf HTTP/1.1" 404 1018
66.249.75.51 - - [30/Dec/2014:01:52:29 -0500] "GET /BLA/resoluciones/AUTOS%202011/3019.pdf HTTP/1.1" 200 105120
188.165.15.37 - - [30/Dec/2014:01:52:48 -0500] "GET /BLA/resoluciones/RESOLUCIONES%202002/RES%202002%20751-800/2002RES787.tif HTTP/1.1" 200 53768
66.249.75.83 - - [30/Dec/2014:01:53:03 -0500] "GET /BLA/resoluciones/AUTOS%202007/1622.pdf HTTP/1.1" 200 95728
113.210.7.63 - - [30/Dec/2014:01:53:04 -0500] "GET /BLA/resoluciones/RESOLUCIONES%202013/1128.pdf HTTP/1.1" 206 377106
66.249.75.67 - - [30/Dec/2014:01:53:18 -0500] "GET /BLA/resoluciones/RESOLUCIONES%202007/RES%202007%202101%20AL%202200/RESOLUCION%202101%20DE%202007.pdf HTTP/1.1" 200 485710
113.210.7.63 - - [30/Dec/2014:01:54:00 -0500] "GET /BLA/resoluciones/AUTOS%202014/0436.pdf HTTP/1.1" 206 302072
181.138.163.134 - - [30/Dec/2014:01:54:02 -0500] "GET /BLA/boletinlegal/js/jquery.js HTTP/1.1" 200 57254
181.138.163.134 - - [30/Dec/2014:01:54:02 -0500] "GET /BLA/boletinlegal/js/jquery.scrollTo-min.js HTTP/1.1" 200 1150
181.138.163.134 - - [30/Dec/2014:01:54:02 -0500] "GET /BLA/boletinlegal/js/jquery.scrollShow.js HTTP/1.1" 200 4586
181.138.163.134 - - [30/Dec/2014:01:54:02 -0500] "GET /galeria/carrusel/Carrusel/jquery.thumbnailScroller.css HTTP/1.1" 200 2066
181.138.163.134 - - [30/Dec/2014:01:54:02 -0500] "GET /galeria/carrusel/Carrusel/jquery-ui-1.8.13.custom.min.js HTTP/1.1" 200 10800
181.138.163.134 - - [30/Dec/2014:01:54:02 -0500] "GET /galeria/carrusel/Carrusel/jquery.thumbnailScroller.js HTTP/1.1" 200 8157
181.138.163.134 - - [30/Dec/2014:01:54:04 -0500] "GET /galeria/nivo-slider/demo/demo.html HTTP/1.1" 200 3237
181.138.163.134 - - [30/Dec/2014:01:54:05 -0500] "GET /galeria/nivo-slider/themes/default/default.css HTTP/1.1" 200 1569
181.138.163.134 - - [30/Dec/2014:01:54:05 -0500] "GET /galeria/nivo-slider/themes/pascal/pascal.css HTTP/1.1" 200 2258
181.138.163.134 - - [30/Dec/2014:01:54:05 -0500] "GET /galeria/nivo-slider/themes/orman/orman.css HTTP/1.1" 200 2152
181.138.163.134 - - [30/Dec/2014:01:54:05 -0500] "GET /galeria/nivo-slider/nivo-slider.css HTTP/1.1" 200 1507
181.138.163.134 - - [30/Dec/2014:01:54:05 -0500] "GET /galeria/nivo-slider/demo/style.css HTTP/1.1" 200 2222
181.138.163.134 - - [30/Dec/2014:01:54:05 -0500] "GET /galeria/nivo-slider/demo/scripts/jquery-1.7.1.min.js HTTP/1.1" 200 93868
181.138.163.134 - - [30/Dec/2014:01:54:05 -0500] "GET /galeria/nivo-slider/jquery.nivo.slider.pack.js HTTP/1.1" 200 11561
181.138.163.134 - - [30/Dec/2014:01:54:06 -0500] "GET /galeria/nivo-slider/demo/images/bolsas-08.jpg HTTP/1.1" 200 85589
181.138.163.134 - - [30/Dec/2014:01:54:06 -0500] "GET /galeria/nivo-slider/themes/default/loading.gif HTTP/1.1" 200 1737
181.138.163.134 - - [30/Dec/2014:01:54:06 -0500] "GET /galeria/nivo-slider/demo/images/4Simple_Slider.png HTTP/1.1" 200 11722
181.138.163.134 - - [30/Dec/2014:01:54:06 -0500] "GET /galeria/nivo-slider/demo/images/Ruta-vertimientos-01.jpg HTTP/1.1" 200 130151
181.138.163.134 - - [30/Dec/2014:01:54:06 -0500] "GET /galeria/nivo-slider/demo/images/bolsas-06.jpg HTTP/1.1" 200 90982
181.138.163.134 - - [30/Dec/2014:01:54:06 -0500] "GET /galeria/nivo-slider/demo/images/ecolecta-Dic2014.png HTTP/1.1" 200 288593
181.138.163.134 - - [30/Dec/2014:01:54:07 -0500] "GET /galeria/nivo-slider/demo/images/Banner-GAE3.jpg HTTP/1.1" 200 146354
181.138.163.134 - - [30/Dec/2014:01:54:07 -0500] "GET /galeria/nivo-slider/demo/images/porloshumedales.jpg HTTP/1.1" 200 351238
181.138.163.134 - - [30/Dec/2014:01:54:07 -0500] "GET /galeria/nivo-slider/demo/images/Tingua-azul.jpg HTTP/1.1" 200 307638
181.138.163.134 - - [30/Dec/2014:01:54:07 -0500] "GET /galeria/nivo-slider/demo/images/Banner-Caracol-Africano.jpg HTTP/1.1" 200 331986
181.138.163.134 - - [30/Dec/2014:01:54:07 -0500] "GET /galeria/nivo-slider/demo/images/banner-redes.jpg HTTP/1.1" 200 62209
181.138.163.134 - - [30/Dec/2014:01:54:08 -0500] "GET /galeria/nivo-slider/demo/images/9Signos.jpg HTTP/1.1" 200 93040
181.138.163.134 - - [30/Dec/2014:01:54:10 -0500] "GET /galeria/nivo-slider/demo/images/banner-llantas2.jpg HTTP/1.1" 200 73153
181.138.163.134 - - [30/Dec/2014:01:54:10 -0500] "GET /galeria/nivo-slider/demo/images/banner-caballos.png HTTP/1.1" 200 389106
181.138.163.134 - - [30/Dec/2014:01:54:14 -0500] "GET /videos/Spot_CambioClimatico.flv HTTP/1.1" 200 4371917
181.138.163.134 - - [30/Dec/2014:01:54:15 -0500] "GET /galeria/nivo-slider/themes/default/arrows.png HTTP/1.1" 200 824
181.138.163.134 - - [30/Dec/2014:01:54:15 -0500] "GET /galeria/nivo-slider/themes/default/bullets.png HTTP/1.1" 200 1281
66.249.75.67 - - [30/Dec/2014:01:54:38 -0500] "GET /BLA/resoluciones/RESOLUCIONES%202007/RES%202007%202701%20AL%202800/RESOLUCION%202776%20%20DE%202007.pdf HTTP/1.1" 304 -
115.135.180.77 - - [30/Dec/2014:01:55:33 -0500] "GET /BLA/resoluciones/RESOLUCIONES%202013/1128.pdf HTTP/1.1" 206 49426
66.249.75.67 - - [30/Dec/2014:01:55:58 -0500] "GET /BLA/resoluciones/RESOLUCIONES%202010/7279.pdf HTTP/1.1" 200 2942013
66.249.75.51 - - [30/Dec/2014:01:56:08 -0500] "GET /BLA/resoluciones/RESOLUCIONES%202005/00001063.tif HTTP/1.1" 200 256004
188.165.15.10 - - [30/Dec/2014:01:56:18 -0500] "GET /BLA/resoluciones/RESOLUCIONES%202006/RES%202006%201351-1400/00001351.tif HTTP/1.1" 200 183898
188.165.15.23 - - [30/Dec/2014:01:56:50 -0500] "GET /BLA/resoluciones/RESOLUCIONES%202005/RES%202005%202151-2200/00002171.tif HTTP/1.1" 200 117094
100.43.85.25 - - [30/Dec/2014:01:56:52 -0500] "GET /POT-2013/dlf/dirup.png HTTP/1.1" 200 644
74.86.158.107 - - [30/Dec/2014:01:56:54 -0500] "HEAD / HTTP/1.1" 302 -
66.249.75.83 - - [30/Dec/2014:01:56:56 -0500] "GET /BLA/resoluciones/AUTOS%202011/3052.pdf HTTP/1.1" 200 151840
188.165.15.10 - - [30/Dec/2014:01:56:57 -0500] "GET /manual_funciones_Listado/index.php?dir=&sort=size&order=asc HTTP/1.1" 404 1018
66.249.75.51 - - [30/Dec/2014:01:57:17 -0500] "GET /BLA/resoluciones/RESOLUCIONES%202010/4033.pdf HTTP/1.1" 200 874625
66.249.75.83 - - [30/Dec/2014:01:57:30 -0500] "GET /Anexos%20estudio%20Organizacional%20SDA/ANEXO%20No.%201-%20NORMAS%20LEGALES%20DE%20ESTRUCTURA%20Y%20PLANTA/Decreto%20distrital%20110%20de%202009%20-%20modifica%20planta%20de%20empleos%20SDA.jsp_files/arrowl.png HTTP/1.1" 200 423
115.135.180.77 - - [30/Dec/2014:01:57:41 -0500] "GET /BLA/resoluciones/AUTOS%202014/0436.pdf HTTP/1.1" 206 302072
188.165.15.192 - - [30/Dec/2014:01:58:14 -0500] "GET /BLA/resoluciones/RESOLUCIONES%202002/RES%202002%201701-1750/20021717.tif HTTP/1.1" 200 202800
188.165.15.26 - - [30/Dec/2014:01:58:25 -0500] "GET /BLA/resoluciones/index.php?dir=RESOLUCIONES%202005/RES%202005%20551-600/&sort=date&order=asc HTTP/1.1" 200 12249
66.249.75.83 - - [30/Dec/2014:01:58:37 -0500] "GET /BLA/resoluciones/RESOLUCIONES%202009/5989.pdf HTTP/1.1" 200 375319
66.249.75.67 - - [30/Dec/2014:01:58:47 -0500] "GET /BLA/resoluciones/RESOLUCIONES%202008/2978.pdf HTTP/1.1" 200 258258
115.135.180.77 - - [30/Dec/2014:01:59:16 -0500] "GET /BLA/resoluciones/AUTOS%202014/0436.pdf HTTP/1.1" 206 302072
66.249.75.83 - - [30/Dec/2014:01:59:57 -0500] "GET /BLA/resoluciones/RESOLUCIONES%202009/9295.pdf HTTP/1.1" 304 -
115.135.180.77 - - [30/Dec/2014:02:00:04 -0500] "GET /BLA/resoluciones/AUTOS%202014/0436.pdf HTTP/1.1" 200 433144
115.135.180.77 - - [30/Dec/2014:02:00:08 -0500] "GET /BLA/resoluciones/AUTOS%202014/0436.pdf HTTP/1.1" 200 433144
188.165.15.85 - - [30/Dec/2014:02:00:26 -0500] "GET /BLA/resoluciones/RESOLUCIONES%202003/RES%202003%201701-1750/20031741.tif HTTP/1.1" 200 47560
115.135.180.77 - - [30/Dec/2014:02:00:28 -0500] "GET /BLA/resoluciones/AUTOS%202014/0436.pdf HTTP/1.1" 206 302072
188.165.15.85 - - [30/Dec/2014:02:00:49 -0500] "GET /BLA/resoluciones/RESOLUCIONES%202002/RES%202002%20351-400/00000398.tif HTTP/1.1" 200 57046
66.249.75.67 - - [30/Dec/2014:02:01:17 -0500] "GET /BLA/resoluciones/RESOLUCIONES%202012/1147.pdf HTTP/1.1" 304 -
180.76.5.166 - - [30/Dec/2014:02:01:23 -0500] "GET /BLA/resoluciones/AUTOS%202009/3526.pdf HTTP/1.1" 200 208858
74.86.158.107 - - [30/Dec/2014:02:01:54 -0500] "HEAD / HTTP/1.1" 302 -
115.135.180.77 - - [30/Dec/2014:02:01:59 -0500] "GET /BLA/resoluciones/AUTOS%202014/0436.pdf HTTP/1.1" 200 433144
115.135.180.77 - - [30/Dec/2014:02:01:59 -0500] "GET /BLA/resoluciones/AUTOS%202014/0436.pdf HTTP/1.1" 206 302072
181.54.84.12 - - [30/Dec/2014:02:02:23 -0500] "GET /forms/frmservlet?config=sia HTTP/1.1" 200 4028
181.54.84.12 - - [30/Dec/2014:02:02:25 -0500] "GET /forms/java/frmall_jinit.jar HTTP/1.1" 304 -
181.54.84.12 - - [30/Dec/2014:02:02:25 -0500] "GET /forms/java/icons.jar HTTP/1.1" 304 -
181.54.84.12 - - [30/Dec/2014:02:02:25 -0500] "GET /forms/java/java/awt/KeyboardFocusManager.class HTTP/1.1" 404 352
181.54.84.12 - - [30/Dec/2014:02:02:25 -0500] "GET /forms/java/java/awt/KeyboardFocusManager.class HTTP/1.1" 404 352
181.54.84.12 - - [30/Dec/2014:02:02:26 -0500] "GET /forms/java/java/awt/event/MouseWheelListener.class HTTP/1.1" 404 356
181.54.84.12 - - [30/Dec/2014:02:02:26 -0500] "GET /forms/java/java/awt/event/MouseWheelListener.class HTTP/1.1" 404 356
181.54.84.12 - - [30/Dec/2014:02:02:26 -0500] "GET /forms/java/oracle/forms/registry/Registry.dat HTTP/1.1" 200 4213
181.54.84.12 - - [30/Dec/2014:02:02:26 -0500] "GET /forms/java/oracle/forms/registry/default.dat HTTP/1.1" 404 350
181.54.84.12 - - [30/Dec/2014:02:02:26 -0500] "GET /forms/frmservlet?config=sia&acceptLanguage=es-co&ifcmd=startsession HTTP/1.1" 200 119
181.54.84.12 - - [30/Dec/2014:02:02:26 -0500] "GET /forms/lservlet;jsessionid=ac16012b30d5ca65492b89f44d2db891ae58516af96c.e3iSbxaKaheRe34Sa3yKbhiTahb0n6jAmljGr5XDqQLvpAe?ifcmd=getinfo&ifhost=Edgar-PC&ifip=192.168.0.12 HTTP/1.1" 200 8
181.54.84.12 - - [30/Dec/2014:02:02:26 -0500] "POST /forms/lservlet;jsessionid=ac16012b30d5ca65492b89f44d2db891ae58516af96c.e3iSbxaKaheRe34Sa3yKbhiTahb0n6jAmljGr5XDqQLvpAe HTTP/1.1" 200 8
181.54.84.12 - - [30/Dec/2014:02:02:26 -0500] "GET /forms/java/oracle/forms/engine/RunformBundle_es_CO.class HTTP/1.1" 404 362
181.54.84.12 - - [30/Dec/2014:02:02:27 -0500] "GET /forms/java/oracle/forms/engine/RunformBundle_es_CO.class HTTP/1.1" 404 362
181.54.84.12 - - [30/Dec/2014:02:02:27 -0500] "GET /forms/java/oracle/forms/engine/RunformBundle_es_CO.properties HTTP/1.1" 404 367
181.54.84.12 - - [30/Dec/2014:02:02:27 -0500] "POST /forms/lservlet;jsessionid=ac16012b30d5ca65492b89f44d2db891ae58516af96c.e3iSbxaKaheRe34Sa3yKbhiTahb0n6jAmljGr5XDqQLvpAe HTTP/1.1" 200 64000
181.54.84.12 - - [30/Dec/2014:02:02:28 -0500] "HEAD /imagenes/dama_logo.gif HTTP/1.1" 200 -
181.54.84.12 - - [30/Dec/2014:02:02:29 -0500] "GET /imagenes/dama_logo.gif HTTP/1.1" 200 21482
181.54.84.12 - - [30/Dec/2014:02:02:28 -0500] "POST /forms/lservlet;jsessionid=ac16012b30d5ca65492b89f44d2db891ae58516af96c.e3iSbxaKaheRe34Sa3yKbhiTahb0n6jAmljGr5XDqQLvpAe HTTP/1.1" 200 64000
181.54.84.12 - - [30/Dec/2014:02:02:30 -0500] "POST /forms/lservlet;jsessionid=ac16012b30d5ca65492b89f44d2db891ae58516af96c.e3iSbxaKaheRe34Sa3yKbhiTahb0n6jAmljGr5XDqQLvpAe HTTP/1.1" 200 63623
181.54.84.12 - - [30/Dec/2014:02:02:31 -0500] "POST /forms/lservlet;jsessionid=ac16012b30d5ca65492b89f44d2db891ae58516af96c.e3iSbxaKaheRe34Sa3yKbhiTahb0n6jAmljGr5XDqQLvpAe HTTP/1.1" 200 2
181.54.84.12 - - [30/Dec/2014:02:02:31 -0500] "POST /forms/lservlet;jsessionid=ac16012b30d5ca65492b89f44d2db891ae58516af96c.e3iSbxaKaheRe34Sa3yKbhiTahb0n6jAmljGr5XDqQLvpAe HTTP/1.1" 200 2
66.249.75.51 - - [30/Dec/2014:02:02:36 -0500] "GET /BLA/resoluciones/AUTOS%202013/1759.pdf HTTP/1.1" 304 -
181.54.84.12 - - [30/Dec/2014:02:02:40 -0500] "POST /forms/lservlet;jsessionid=ac16012b30d5ca65492b89f44d2db891ae58516af96c.e3iSbxaKaheRe34Sa3yKbhiTahb0n6jAmljGr5XDqQLvpAe HTTP/1.1" 200 7999
181.54.84.12 - - [30/Dec/2014:02:02:41 -0500] "POST /forms/lservlet;jsessionid=ac16012b30d5ca65492b89f44d2db891ae58516af96c.e3iSbxaKaheRe34Sa3yKbhiTahb0n6jAmljGr5XDqQLvpAe HTTP/1.1" 200 64
181.54.84.12 - - [30/Dec/2014:02:02:41 -0500] "POST /forms/lservlet;jsessionid=ac16012b30d5ca65492b89f44d2db891ae58516af96c.e3iSbxaKaheRe34Sa3yKbhiTahb0n6jAmljGr5XDqQLvpAe HTTP/1.1" 200 2
181.54.84.12 - - [30/Dec/2014:02:02:41 -0500] "POST /forms/lservlet;jsessionid=ac16012b30d5ca65492b89f44d2db891ae58516af96c.e3iSbxaKaheRe34Sa3yKbhiTahb0n6jAmljGr5XDqQLvpAe HTTP/1.1" 200 2
181.54.84.12 - - [30/Dec/2014:02:02:41 -0500] "POST /forms/lservlet;jsessionid=ac16012b30d5ca65492b89f44d2db891ae58516af96c.e3iSbxaKaheRe34Sa3yKbhiTahb0n6jAmljGr5XDqQLvpAe HTTP/1.1" 200 2
181.54.84.12 - - [30/Dec/2014:02:02:44 -0500] "POST /forms/lservlet;jsessionid=ac16012b30d5ca65492b89f44d2db891ae58516af96c.e3iSbxaKaheRe34Sa3yKbhiTahb0n6jAmljGr5XDqQLvpAe HTTP/1.1" 200 34711
181.54.84.12 - - [30/Dec/2014:02:02:45 -0500] "GET /imagenes/listval.gif HTTP/1.1" 200 905
181.54.84.12 - - [30/Dec/2014:02:02:45 -0500] "GET /imagenes/tree1.gif HTTP/1.1" 200 1161
181.54.84.12 - - [30/Dec/2014:02:02:45 -0500] "GET /imagenes/CAMERA3.gif HTTP/1.1" 200 4150
181.54.84.12 - - [30/Dec/2014:02:02:45 -0500] "GET /imagenes/SLIDE1.gif HTTP/1.1" 200 1111
181.54.84.12 - - [30/Dec/2014:02:02:45 -0500] "GET /imagenes/flexcomb.gif HTTP/1.1" 200 1169
181.54.84.12 - - [30/Dec/2014:02:02:45 -0500] "GET /imagenes/GO.gif HTTP/1.1" 200 904
181.54.84.12 - - [30/Dec/2014:02:02:46 -0500] "GET /imagenes/HRTOOLS.gif HTTP/1.1" 200 2238
181.54.84.12 - - [30/Dec/2014:02:02:46 -0500] "GET /imagenes/rt_rec1.gif HTTP/1.1" 200 867
181.54.84.12 - - [30/Dec/2014:02:02:46 -0500] "GET /imagenes/apply.gif HTTP/1.1" 200 903
181.54.84.12 - - [30/Dec/2014:02:02:46 -0500] "GET /imagenes/exit.gif HTTP/1.1" 200 916
181.54.84.12 - - [30/Dec/2014:02:02:46 -0500] "GET /imagenes/LISTVAL.gif HTTP/1.1" 200 905
181.54.84.12 - - [30/Dec/2014:02:02:46 -0500] "GET /imagenes/edit.gif HTTP/1.1" 200 919
181.54.84.12 - - [30/Dec/2014:02:02:46 -0500] "GET /imagenes/rt_rec4.gif HTTP/1.1" 200 865
181.54.84.12 - - [30/Dec/2014:02:02:46 -0500] "GET /imagenes/rt_rec3.gif HTTP/1.1" 200 844
181.54.84.12 - - [30/Dec/2014:02:02:46 -0500] "GET /imagenes/rt_rec2.gif HTTP/1.1" 200 847
181.54.84.12 - - [30/Dec/2014:02:02:46 -0500] "GET /imagenes/rt_rdel.gif HTTP/1.1" 200 899
181.54.84.12 - - [30/Dec/2014:02:02:46 -0500] "GET /imagenes/rt_radd.gif HTTP/1.1" 200 907
181.54.84.12 - - [30/Dec/2014:02:02:46 -0500] "GET /imagenes/rt_quer3.gif HTTP/1.1" 200 939
181.54.84.12 - - [30/Dec/2014:02:02:46 -0500] "GET /imagenes/rt_quer2.gif HTTP/1.1" 200 936
181.54.84.12 - - [30/Dec/2014:02:02:46 -0500] "GET /imagenes/rt_quer1.gif HTTP/1.1" 200 930
181.54.84.12 - - [30/Dec/2014:02:02:46 -0500] "GET /imagenes/rt_save.gif HTTP/1.1" 200 903
181.54.84.12 - - [30/Dec/2014:02:02:46 -0500] "GET /imagenes/rt_pset.gif HTTP/1.1" 200 914
181.54.84.12 - - [30/Dec/2014:02:02:46 -0500] "GET /imagenes/QUEJA.gif HTTP/1.1" 200 1091
181.54.84.12 - - [30/Dec/2014:02:02:46 -0500] "GET /imagenes/ARBOL.gif HTTP/1.1" 200 1026
181.54.84.12 - - [30/Dec/2014:02:02:46 -0500] "GET /imagenes/Clipboard.gif HTTP/1.1" 200 1466
181.54.84.12 - - [30/Dec/2014:02:02:46 -0500] "GET /imagenes/DINERO.gif HTTP/1.1" 200 1766
181.54.84.12 - - [30/Dec/2014:02:02:46 -0500] "GET /imagenes/URGENTE.gif HTTP/1.1" 200 964
181.54.84.12 - - [30/Dec/2014:02:02:46 -0500] "GET /imagenes/TREE4.gif HTTP/1.1" 200 4150
181.54.84.12 - - [30/Dec/2014:02:02:46 -0500] "POST /forms/lservlet;jsessionid=ac16012b30d5ca65492b89f44d2db891ae58516af96c.e3iSbxaKaheRe34Sa3yKbhiTahb0n6jAmljGr5XDqQLvpAe HTTP/1.1" 200 7
181.54.84.12 - - [30/Dec/2014:02:02:46 -0500] "POST /forms/lservlet;jsessionid=ac16012b30d5ca65492b89f44d2db891ae58516af96c.e3iSbxaKaheRe34Sa3yKbhiTahb0n6jAmljGr5XDqQLvpAe HTTP/1.1" 200 34
181.54.84.12 - - [30/Dec/2014:02:02:46 -0500] "POST /forms/lservlet;jsessionid=ac16012b30d5ca65492b89f44d2db891ae58516af96c.e3iSbxaKaheRe34Sa3yKbhiTahb0n6jAmljGr5XDqQLvpAe HTTP/1.1" 200 2
181.54.84.12 - - [30/Dec/2014:02:02:49 -0500] "POST /forms/lservlet;jsessionid=ac16012b30d5ca65492b89f44d2db891ae58516af96c.e3iSbxaKaheRe34Sa3yKbhiTahb0n6jAmljGr5XDqQLvpAe HTTP/1.1" 200 2
181.54.84.12 - - [30/Dec/2014:02:02:49 -0500] "POST /forms/lservlet;jsessionid=ac16012b30d5ca65492b89f44d2db891ae58516af96c.e3iSbxaKaheRe34Sa3yKbhiTahb0n6jAmljGr5XDqQLvpAe HTTP/1.1" 200 699
181.54.84.12 - - [30/Dec/2014:02:02:49 -0500] "GET /imagenes/Srch_frw.gif HTTP/1.1" 200 925
181.54.84.12 - - [30/Dec/2014:02:02:49 -0500] "POST /forms/lservlet;jsessionid=ac16012b30d5ca65492b89f44d2db891ae58516af96c.e3iSbxaKaheRe34Sa3yKbhiTahb0n6jAmljGr5XDqQLvpAe HTTP/1.1" 200 10
144.76.137.226 - - [30/Dec/2014:02:02:58 -0500] "GET /robots.txt HTTP/1.0" 404 1015
181.54.84.12 - - [30/Dec/2014:02:03:01 -0500] "POST /forms/lservlet;jsessionid=ac16012b30d5ca65492b89f44d2db891ae58516af96c.e3iSbxaKaheRe34Sa3yKbhiTahb0n6jAmljGr5XDqQLvpAe HTTP/1.1" 200 24
181.54.84.12 - - [30/Dec/2014:02:03:01 -0500] "POST /forms/lservlet;jsessionid=ac16012b30d5ca65492b89f44d2db891ae58516af96c.e3iSbxaKaheRe34Sa3yKbhiTahb0n6jAmljGr5XDqQLvpAe HTTP/1.1" 200 14
66.249.75.51 - - [30/Dec/2014:02:03:03 -0500] "GET /BLA/resoluciones/RESOLUCIONES%202005/00001084.tif HTTP/1.1" 200 52930
181.54.84.12 - - [30/Dec/2014:02:03:02 -0500] "POST /forms/lservlet;jsessionid=ac16012b30d5ca65492b89f44d2db891ae58516af96c.e3iSbxaKaheRe34Sa3yKbhiTahb0n6jAmljGr5XDqQLvpAe HTTP/1.1" 200 4267
181.54.84.12 - - [30/Dec/2014:02:03:04 -0500] "POST /forms/lservlet;jsessionid=ac16012b30d5ca65492b89f44d2db891ae58516af96c.e3iSbxaKaheRe34Sa3yKbhiTahb0n6jAmljGr5XDqQLvpAe HTTP/1.1" 200 2
144.76.137.226 - - [30/Dec/2014:02:03:07 -0500] "GET /Autoliquidacion/index.php?dir=PERMISO%20DE%20OCUPACION%20DE%20SUELO/&sort=date&order=asc HTTP/1.0" 200 2141
181.54.84.12 - - [30/Dec/2014:02:03:23 -0500] "POST /forms/lservlet;jsessionid=ac16012b30d5ca65492b89f44d2db891ae58516af96c.e3iSbxaKaheRe34Sa3yKbhiTahb0n6jAmljGr5XDqQLvpAe HTTP/1.1" 200 2
144.76.137.226 - - [30/Dec/2014:02:03:23 -0500] "GET /Autoliquidacion/index.php?dir=PERMISO%20DE%20OCUPACION%20DE%20SUELO/&sort=name&order=asc HTTP/1.0" 200 2141
181.54.84.12 - - [30/Dec/2014:02:03:23 -0500] "POST /forms/lservlet;jsessionid=ac16012b30d5ca65492b89f44d2db891ae58516af96c.e3iSbxaKaheRe34Sa3yKbhiTahb0n6jAmljGr5XDqQLvpAe HTTP/1.1" 200 14
181.54.84.12 - - [30/Dec/2014:02:03:24 -0500] "POST /forms/lservlet;jsessionid=ac16012b30d5ca65492b89f44d2db891ae58516af96c.e3iSbxaKaheRe34Sa3yKbhiTahb0n6jAmljGr5XDqQLvpAe HTTP/1.1" 200 14
181.54.84.12 - - [30/Dec/2014:02:03:25 -0500] "POST /forms/lservlet;jsessionid=ac16012b30d5ca65492b89f44d2db891ae58516af96c.e3iSbxaKaheRe34Sa3yKbhiTahb0n6jAmljGr5XDqQLvpAe HTTP/1.1" 200 14
181.54.84.12 - - [30/Dec/2014:02:03:27 -0500] "POST /forms/lservlet;jsessionid=ac16012b30d5ca65492b89f44d2db891ae58516af96c.e3iSbxaKaheRe34Sa3yKbhiTahb0n6jAmljGr5XDqQLvpAe HTTP/1.1" 200 14
181.54.84.12 - - [30/Dec/2014:02:03:29 -0500] "POST /forms/lservlet;jsessionid=ac16012b30d5ca65492b89f44d2db891ae58516af96c.e3iSbxaKaheRe34Sa3yKbhiTahb0n6jAmljGr5XDqQLvpAe HTTP/1.1" 200 131
181.54.84.12 - - [30/Dec/2014:02:03:29 -0500] "POST /forms/lservlet;jsessionid=ac16012b30d5ca65492b89f44d2db891ae58516af96c.e3iSbxaKaheRe34Sa3yKbhiTahb0n6jAmljGr5XDqQLvpAe HTTP/1.1" 200 2
144.76.137.226 - - [30/Dec/2014:02:03:35 -0500] "GET /Autoliquidacion/index.php?dir=PERMISO%20DE%20OCUPACION%20DE%20SUELO/&sort=size&order=asc HTTP/1.0" 200 2141
