186.154.253.106 - - [31/Dec/2014:08:07:30 -0500] "GET /forest/img/fondo-barra.gif HTTP/1.1" 304 -
186.154.253.106 - - [31/Dec/2014:08:07:30 -0500] "GET /forest/skins/gdocs-jar/img/select.gif HTTP/1.1" 200 335
186.154.253.106 - - [31/Dec/2014:08:07:31 -0500] "GET /forest/1ibre/1ibre.css HTTP/1.1" 304 -
186.154.253.106 - - [31/Dec/2014:08:07:31 -0500] "GET /forest/session.jsp?a=0.5508978678844869 HTTP/1.1" 200 4
186.154.253.106 - - [31/Dec/2014:08:07:31 -0500] "GET /forest/json.do?query=fuenteTipMed&tipMed=&a=0.38564050709828734&a=0.8688208956737071 HTTP/1.1" 200 2
186.154.253.106 - - [31/Dec/2014:08:07:31 -0500] "GET /forest/1ibre/jscalendar/img.gif HTTP/1.1" 200 223
186.154.253.106 - - [31/Dec/2014:08:07:31 -0500] "GET /forest/1ibre/images/minus.gif HTTP/1.1" 200 80
186.154.253.106 - - [31/Dec/2014:08:07:31 -0500] "GET /forest/skins/gdocs-jar/img/dependencia-tree.gif HTTP/1.1" 200 1039
186.154.253.106 - - [31/Dec/2014:08:07:31 -0500] "GET /forest/1ibre/images/spacer.gif HTTP/1.1" 200 43
186.154.253.106 - - [31/Dec/2014:08:07:31 -0500] "GET /forest/1ibre/images/plus.gif HTTP/1.1" 200 88
186.154.253.106 - - [31/Dec/2014:08:07:46 -0500] "GET /forest/json.do?query=fuenteTipMed&tipMed=7&a=0.028087136335670948&a=0.2606472000479698 HTTP/1.1" 200 34
186.154.253.106 - - [31/Dec/2014:08:07:51 -0500] "GET /forest/radicacion.do?codMod=80&_a=0.7962665159720927&group_system_actual=4 HTTP/1.1" 200 51644
186.154.253.106 - - [31/Dec/2014:08:07:52 -0500] "GET /forest/json.do?query=tipDocsByClaDoc&claDoc=1&a=0.9186374864075333&a=0.2613407610915601 HTTP/1.1" 200 238
186.154.253.106 - - [31/Dec/2014:08:07:53 -0500] "GET /forest/session.jsp?a=0.07212477806024253 HTTP/1.1" 200 4
186.154.253.106 - - [31/Dec/2014:08:07:53 -0500] "GET /forest/xmlresponse.do?xmlresult=1&lista=getXMLQuery&queryId=rpt/getListProcesosByDepNoProject&coddep=293&codmod=80&coddepx=293&a=0.8665820069145411&a=0.9843376784119755 HTTP/1.1" 200 20038
186.154.253.106 - - [31/Dec/2014:08:07:54 -0500] "GET /forest/json.do?query=fuenteTipMed&tipMed=&a=0.8895175447687507&a=0.3109337314963341 HTTP/1.1" 200 2
190.84.209.166 - - [31/Dec/2014:08:07:58 -0500] "GET /forest/skins/gdocs-jar/css/switch.css HTTP/1.1" 200 843
190.84.209.166 - - [31/Dec/2014:08:07:58 -0500] "GET /forest/skins/gdocs-jar/js/popup.js?version=1412.231748 HTTP/1.1" 200 7658
190.84.209.166 - - [31/Dec/2014:08:07:58 -0500] "GET /forest/skins/gdocs-jar/js/grid.js?version=1412.231748 HTTP/1.1" 200 7034
190.84.209.166 - - [31/Dec/2014:08:07:58 -0500] "GET /forest/img/inicio.jpg HTTP/1.1" 304 -
190.84.209.166 - - [31/Dec/2014:08:07:59 -0500] "GET /forest/img/users/3.gif HTTP/1.1" 304 -
190.84.209.166 - - [31/Dec/2014:08:07:59 -0500] "GET /forest/img/users/5.gif HTTP/1.1" 304 -
190.84.209.166 - - [31/Dec/2014:08:07:59 -0500] "GET /forest/img/download_large.gif HTTP/1.1" 304 -
190.84.209.166 - - [31/Dec/2014:08:07:59 -0500] "GET /forest/img/users/7.gif HTTP/1.1" 304 -
190.84.209.166 - - [31/Dec/2014:08:07:59 -0500] "GET /forest/img/ayuda.gif HTTP/1.1" 304 -
190.84.209.166 - - [31/Dec/2014:08:07:59 -0500] "GET /forest/img/pantalla.gif HTTP/1.1" 304 -
190.84.209.166 - - [31/Dec/2014:08:07:58 -0500] "GET /forest/skins/gdocs-jar/js/documentos.js?version=1412.231748 HTTP/1.1" 200 24262
190.84.209.166 - - [31/Dec/2014:08:07:59 -0500] "GET /forest/img/buscar.jpg HTTP/1.1" 304 -
190.84.209.166 - - [31/Dec/2014:08:07:59 -0500] "GET /forest/img/salir3.gif HTTP/1.1" 304 -
190.84.209.166 - - [31/Dec/2014:08:07:59 -0500] "GET /forest/img/buscar_documentos.gif HTTP/1.1" 304 -
190.84.209.166 - - [31/Dec/2014:08:07:59 -0500] "GET /forest/img/notify.gif HTTP/1.1" 304 -
190.84.209.166 - - [31/Dec/2014:08:07:59 -0500] "GET /forest/img/buscar_procesos.gif HTTP/1.1" 304 -
190.84.209.166 - - [31/Dec/2014:08:07:59 -0500] "GET /forest/skins/gdocs-jar/img/hojaruta.gif HTTP/1.1" 200 159
190.84.209.166 - - [31/Dec/2014:08:07:59 -0500] "GET /forest/skins/gdocs-jar/img/edit.gif HTTP/1.1" 200 1264
190.84.209.166 - - [31/Dec/2014:08:07:59 -0500] "GET /forest/skins/gdocs-jar/img/verComentario.gif HTTP/1.1" 200 689
190.84.209.166 - - [31/Dec/2014:08:07:59 -0500] "GET /forest/skins/gdocs-jar/img/editarComentario.gif HTTP/1.1" 200 1220
190.84.209.166 - - [31/Dec/2014:08:07:59 -0500] "GET /forest/skins/gdocs-jar/img/cut.gif HTTP/1.1" 200 1280
190.84.209.166 - - [31/Dec/2014:08:07:59 -0500] "GET /forest/skins/gdocs-jar/img/fondo-barra.gif HTTP/1.1" 200 282
190.84.209.166 - - [31/Dec/2014:08:07:59 -0500] "GET /forest/skins/gdocs-jar/img/icon_document_completed.gif HTTP/1.1" 200 1077
190.84.209.166 - - [31/Dec/2014:08:07:59 -0500] "GET /forest/skins/gdocs-jar/img/spacer.gif HTTP/1.1" 304 -
190.84.209.166 - - [31/Dec/2014:08:07:59 -0500] "GET /forest/skins/gdocs-jar/img/veranexos.gif HTTP/1.1" 200 1130
190.84.209.166 - - [31/Dec/2014:08:07:58 -0500] "GET /forest/usudocumentos.do?_a=0.375563824782148&group_system_actual=3 HTTP/1.1" 200 92811
190.84.209.166 - - [31/Dec/2014:08:07:59 -0500] "GET /forest/skins/gdocs-jar/img/sendmail.gif HTTP/1.1" 200 1297
190.84.209.166 - - [31/Dec/2014:08:07:59 -0500] "GET /forest/skins/gdocs-jar/img/asignar-user.gif HTTP/1.1" 200 1196
190.84.209.166 - - [31/Dec/2014:08:07:59 -0500] "GET /forest/skins/gdocs-jar/img/historial.gif HTTP/1.1" 200 1341
190.84.209.166 - - [31/Dec/2014:08:07:59 -0500] "GET /forest/skins/gdocs-jar/img/copy.gif HTTP/1.1" 200 185
190.84.209.166 - - [31/Dec/2014:08:07:59 -0500] "GET /forest/skins/gdocs-jar/img/document_add.gif HTTP/1.1" 200 1109
190.84.209.166 - - [31/Dec/2014:08:07:59 -0500] "GET /forest/skins/gdocs-jar/img/eliminar.gif HTTP/1.1" 200 354
190.84.209.166 - - [31/Dec/2014:08:07:59 -0500] "GET /forest/img/back.gif HTTP/1.1" 200 82
190.84.209.166 - - [31/Dec/2014:08:07:59 -0500] "GET /forest/skins/gdocs-jar/img/assign-document.gif HTTP/1.1" 200 936
190.84.209.166 - - [31/Dec/2014:08:07:59 -0500] "GET /forest/skins/gdocs-jar/img/files_numpro.png HTTP/1.1" 200 53724
190.84.209.166 - - [31/Dec/2014:08:07:59 -0500] "GET /forest/skins/gdocs-jar/img/prev.gif HTTP/1.1" 304 -
190.84.209.166 - - [31/Dec/2014:08:07:59 -0500] "GET /forest/skins/gdocs-jar/img/grid-first.gif HTTP/1.1" 200 371
190.84.209.166 - - [31/Dec/2014:08:07:59 -0500] "GET /forest/skins/gdocs-jar/img/grid-prev.gif HTTP/1.1" 200 325
190.84.209.166 - - [31/Dec/2014:08:07:59 -0500] "GET /forest/skins/gdocs-jar/img/grid-next.gif HTTP/1.1" 200 325
190.84.209.166 - - [31/Dec/2014:08:07:59 -0500] "GET /forest/skins/gdocs-jar/img/grid-last.gif HTTP/1.1" 200 371
190.84.209.166 - - [31/Dec/2014:08:07:59 -0500] "GET /forest/skins/gdocs-jar/img/print.gif HTTP/1.1" 304 -
190.84.209.166 - - [31/Dec/2014:08:07:59 -0500] "GET /forest/img/fondo-barra.gif HTTP/1.1" 304 -
190.84.209.166 - - [31/Dec/2014:08:07:59 -0500] "GET /forest/skins/gdocs-jar/img/icons/docx.gif HTTP/1.1" 304 -
190.84.209.166 - - [31/Dec/2014:08:07:59 -0500] "GET /forest/skins/gdocs-jar/img/clip.gif HTTP/1.1" 304 -
190.84.209.166 - - [31/Dec/2014:08:07:59 -0500] "GET /forest/skins/gdocs-jar/img/eye.gif HTTP/1.1" 304 -
190.84.209.166 - - [31/Dec/2014:08:07:59 -0500] "GET /forest/skins/gdocs-jar/img/more_details.gif HTTP/1.1" 200 617
190.84.209.166 - - [31/Dec/2014:08:07:59 -0500] "GET /forest/skins/gdocs-jar/img/files_exp.png HTTP/1.1" 200 52209
190.84.209.166 - - [31/Dec/2014:08:07:59 -0500] "GET /forest/session.jsp?a=0.41095159528777003 HTTP/1.1" 200 4
190.84.209.166 - - [31/Dec/2014:08:08:01 -0500] "GET /forest/img/jquery/ui-bg_glass_85_dfeffc_1x400.png HTTP/1.1" 304 -
190.84.209.166 - - [31/Dec/2014:08:08:01 -0500] "GET /forest/skins/gdocs-jar/img/splitter.gif HTTP/1.1" 200 830
190.84.209.166 - - [31/Dec/2014:08:08:01 -0500] "GET /forest/skins/gdocs-jar/img/filtrar.png HTTP/1.1" 200 243
186.154.253.106 - - [31/Dec/2014:08:08:02 -0500] "GET /forest/json.do?query=fuenteTipMed&tipMed=7&a=0.28282444598153234&a=0.09296798100695014 HTTP/1.1" 200 34
190.84.209.166 - - [31/Dec/2014:08:08:02 -0500] "GET /forest/img/jquery/ui-bg_glass_75_d0e5f5_1x400.png HTTP/1.1" 304 -
190.84.209.166 - - [31/Dec/2014:08:08:03 -0500] "GET /forest/skins/gdocs-jar/jsp/escritorio/usudocumentos-adj.jsp?codDoc=1991179&a=0.29163210233673453 HTTP/1.1" 200 2023
190.84.209.166 - - [31/Dec/2014:08:08:03 -0500] "GET /forest/skins/gdocs-jar/img/cancel.gif HTTP/1.1" 304 -
190.84.209.166 - - [31/Dec/2014:08:08:03 -0500] "GET /forest/skins/gdocs-jar/img/icons/xlsx.gif HTTP/1.1" 200 1039
188.165.15.208 - - [31/Dec/2014:08:08:06 -0500] "GET /BLA/resoluciones/RESOLUCIONES%202005/RES%202005%201151-1200/00001191.tif HTTP/1.1" 200 85228
190.84.209.166 - - [31/Dec/2014:08:08:06 -0500] "GET /forest/file/3648762 HTTP/1.1" 200 21126
186.154.253.106 - - [31/Dec/2014:08:08:11 -0500] "GET /forest/xmlresponse.do?lista=searchTerceroByName&xmlret=1&todos=false&claDoc=1&partNomTer=alcaldia%20&a=0.8388408673927188 HTTP/1.1" 200 2240
190.25.157.12 - - [31/Dec/2014:08:08:12 -0500] "POST /forms/lservlet;jsessionid=ac16012b30d5fa51886a01e04620b2f5b59734af031b.e3iSbxaKaheRe34Sa3yKbhiTahb0n6jAmljGr5XDqQLvpAe HTTP/1.1" 200 2
186.154.253.106 - - [31/Dec/2014:08:08:16 -0500] "GET /forest/xmlresponse.do?lista=searchTerceroByName&xmlret=1&todos=false&claDoc=1&partNomTer=ALCALDIA&a=0.8561636020895094 HTTP/1.1" 200 2240
188.165.15.85 - - [31/Dec/2014:08:08:24 -0500] "GET /BLA/resoluciones/RESOLUCIONES%202004/RES%202004%201901-1950/00001942.tif HTTP/1.1" 200 43798
186.154.253.106 - - [31/Dec/2014:08:08:28 -0500] "GET /forest/xmlresponse.do?lista=searchTerceroByName&xmlret=1&todos=false&claDoc=1&partNomTer=ALCALDIA%20&a=0.5992766364943236 HTTP/1.1" 200 2240
186.154.253.106 - - [31/Dec/2014:08:08:30 -0500] "GET /forest/xmlresponse.do?lista=searchTerceroByName&xmlret=1&todos=false&claDoc=1&partNomTer=ALCALDIA%20LOCAL%20CI&a=0.5007293072994798 HTTP/1.1" 200 78
186.154.253.106 - - [31/Dec/2014:08:08:31 -0500] "GET /forest/xmlresponse.do?lista=searchTerceroByName&xmlret=1&todos=false&claDoc=1&partNomTer=ALCALDIA%20LOCAL%20CIU&a=0.29772494570352137 HTTP/1.1" 200 78
186.154.253.106 - - [31/Dec/2014:08:08:33 -0500] "GET /forest/xmlresponse.do?lista=searchTerceroByName&xmlret=1&todos=false&claDoc=1&partNomTer=ALCALDIA%20LOCAL%20CIUDAD%20&a=0.9870009180158377 HTTP/1.1" 200 78
186.154.253.106 - - [31/Dec/2014:08:08:37 -0500] "GET /forest/xmlresponse.do?lista=searchTerceroByName&xmlret=1&todos=false&claDoc=1&partNomTer=ALCALDIA%20LOCAL%20CIUDAD&a=0.09388793585821986 HTTP/1.1" 200 78
186.154.253.106 - - [31/Dec/2014:08:08:38 -0500] "GET /forest/xmlresponse.do?lista=searchTerceroByName&xmlret=1&todos=false&claDoc=1&partNomTer=ALCALDIA%20LOCAL%20&a=0.14387882011942565 HTTP/1.1" 200 2584
180.76.6.146 - - [31/Dec/2014:08:08:39 -0500] "GET /BLA/resoluciones/AUTOS%202007/1963.pdf HTTP/1.1" 200 367658
186.154.253.106 - - [31/Dec/2014:08:08:39 -0500] "GET /forest/xmlresponse.do?lista=searchTerceroByName&xmlret=1&todos=false&claDoc=1&partNomTer=ALCALDIA%20LOCAL%20DE%20&a=0.011767835589125752 HTTP/1.1" 200 2588
186.154.253.106 - - [31/Dec/2014:08:08:42 -0500] "GET /forest/xmlresponse.do?lista=searchTerceroByName&xmlret=1&todos=false&claDoc=1&partNomTer=ALCALDIA%20LOCAL%20DE%20CIUDAD&a=0.5310593412723392 HTTP/1.1" 200 230
66.249.64.163 - - [31/Dec/2014:08:08:45 -0500] "GET /BLA/resoluciones/RESOLUCIONES%202012/1689.pdf HTTP/1.1" 200 1113660
186.154.253.106 - - [31/Dec/2014:08:08:44 -0500] "GET /forest/json.do?query=processByTer&codter=89999906119&a=0.9159088861197233 HTTP/1.1" 200 8513
186.154.253.106 - - [31/Dec/2014:08:08:44 -0500] "GET /forest/xmlresponse.do?xmlresult=1&lista=getProcesosTerceros&numTer=89999906119&a=0.5498090323526412 HTTP/1.1" 200 51
186.154.253.106 - - [31/Dec/2014:08:08:52 -0500] "GET /forest/xmlresponse.do?xmlresult=1&lista=getProcesosTerceros&numTer=89999906119&a=0.8364366658497602 HTTP/1.1" 200 51
186.154.253.106 - - [31/Dec/2014:08:08:53 -0500] "GET /forest/xmlresponse.do?xmlresult=1&lista=getXMLQuery&queryId=rpt/getListProcesosByDepNoProject&coddep=293&codmod=80&coddepx=293&a=0.16159626911394298&a=0.9778177584521472 HTTP/1.1" 200 20038
186.154.253.106 - - [31/Dec/2014:08:08:57 -0500] "GET /forest/json.do?query=camposByTramite&codTra=-1&a=0.13646994926966727 HTTP/1.1" 200 2
188.165.15.26 - - [31/Dec/2014:08:09:04 -0500] "GET /BLA/resoluciones/RESOLUCIONES%202006/RES%202006%20151-200/00000176.tif HTTP/1.1" 200 126404
186.82.78.180 - - [31/Dec/2014:08:09:06 -0500] "POST /forms/lservlet;jsessionid=ac16012b30d5f9eeff7a29e54449a6f8858433cc3179.e3iSbxaKaheRe34Sa3yKbhiTahb0n6jAmljGr5XDqQLvpAe HTTP/1.1" 200 2
180.76.6.131 - - [31/Dec/2014:08:09:18 -0500] "GET /BLA/resoluciones/AUTOS%202009/2220.pdf HTTP/1.1" 200 124378
188.165.15.208 - - [31/Dec/2014:08:09:26 -0500] "GET /BLA/resoluciones/RESOLUCIONES%202003/RES%202003%20451-500/487.tif HTTP/1.1" 200 123488
186.112.243.212 - - [31/Dec/2014:08:09:31 -0500] "GET /BLA/boletinlegal/js/jquery.scrollTo-min.js HTTP/1.1" 200 1150
201.244.13.130 - - [31/Dec/2014:08:09:31 -0500] "GET /crossdomain.xml HTTP/1.1" 404 1280
201.244.13.130 - - [31/Dec/2014:08:09:31 -0500] "GET /arcgis/services/Calidad_del_Agua_WQI/MapServer/WMSServer?STYLES=&WIDTH=1366&LAYERS=3%2C4%2C5%2C6%2C7&BBOX=%2D74%2E04294461593295%2C4%2E722764542748055%2C%2D74%2E02669289726313%2C4%2E731152142793607&HEIGHT=705&SERVICE=WMS&FORMAT=image%2Fpng&SRS=EPSG%3A4686&REQUEST=GetMap&TRANSPARENT=TRUE&VERSION=1%2E1%2E1 HTTP/1.1" 200 6260
186.112.243.212 - - [31/Dec/2014:08:09:36 -0500] "GET /BLA/boletinlegal/js/jquery.js HTTP/1.1" 200 57254
186.112.243.212 - - [31/Dec/2014:08:09:36 -0500] "GET /BLA/boletinlegal/js/jquery.scrollShow.js HTTP/1.1" 200 4586
201.244.13.130 - - [31/Dec/2014:08:09:50 -0500] "GET /crossdomain.xml HTTP/1.1" 404 1280
201.244.13.130 - - [31/Dec/2014:08:09:50 -0500] "GET /arcgis/services/Calidad_del_Agua_WQI/MapServer/WMSServer?STYLES=&WIDTH=1366&LAYERS=3%2C4%2C5%2C6%2C7&BBOX=%2D74%2E05431843954082%2C4%2E717208501299441%2C%2D74%2E02181500220118%2C4%2E733983701390545&HEIGHT=705&SERVICE=WMS&FORMAT=image%2Fpng&SRS=EPSG%3A4686&REQUEST=GetMap&TRANSPARENT=TRUE&VERSION=1%2E1%2E1 HTTP/1.1" 200 6486
201.244.13.130 - - [31/Dec/2014:08:09:52 -0500] "GET /arcgis/services/Calidad_del_Agua_WQI/MapServer/WMSServer?STYLES=&WIDTH=1366&LAYERS=3%2C4%2C5%2C6%2C7&BBOX=%2D74%2E07457642943811%2C4%2E711380448373513%2C%2D74%2E00956955475883%2C4%2E74493084855572&HEIGHT=705&SERVICE=WMS&FORMAT=image%2Fpng&SRS=EPSG%3A4686&REQUEST=GetMap&TRANSPARENT=TRUE&VERSION=1%2E1%2E1 HTTP/1.1" 200 6525
188.165.15.188 - - [31/Dec/2014:08:09:54 -0500] "GET /BLA/resoluciones/RESOLUCIONES%202005/RES%202005%20%201701-1750/00001745.tif HTTP/1.1" 200 143152
201.244.13.130 - - [31/Dec/2014:08:09:54 -0500] "GET /arcgis/services/Calidad_del_Agua_WQI/MapServer/WMSServer?STYLES=&WIDTH=1366&LAYERS=3%2C4%2C5%2C6%2C7&BBOX=%2D74%2E13703728084116%2C4%2E686396107812296%2C%2D73%2E97452009414295%2C4%2E770272108267813&HEIGHT=705&SERVICE=WMS&FORMAT=image%2Fpng&SRS=EPSG%3A4686&REQUEST=GetMap&TRANSPARENT=TRUE&VERSION=1%2E1%2E1 HTTP/1.1" 200 8314
190.84.209.166 - - [31/Dec/2014:08:09:56 -0500] "GET /forest/skins/gdocs-jar/popup/popup.jsp?width=850&height=380&title=Informaci%F3n%20del%20radicado&uri=/forest/system/document.jsp%3FcodDoc%3D1979054&name=undefined&_a=0.5208918342832476&a=0.3004031872842461 HTTP/1.1" 200 1315
190.84.209.166 - - [31/Dec/2014:08:09:56 -0500] "GET /forest/skins/gdocs-jar/img/cancel.gif HTTP/1.1" 304 -
190.84.209.166 - - [31/Dec/2014:08:09:56 -0500] "GET /forest/system/document.jsp?codDoc=1979054 HTTP/1.1" 200 24050
190.84.209.166 - - [31/Dec/2014:08:09:56 -0500] "GET /forest/css/escritorio.css HTTP/1.1" 304 -
190.84.209.166 - - [31/Dec/2014:08:09:56 -0500] "GET /forest/css/dialog.css HTTP/1.1" 304 -
190.84.209.166 - - [31/Dec/2014:08:09:56 -0500] "GET /forest/1ibre/protoaculous.js HTTP/1.1" 304 -
190.84.209.166 - - [31/Dec/2014:08:09:56 -0500] "GET /forest/1ibre/1ibre.js HTTP/1.1" 304 -
190.84.209.166 - - [31/Dec/2014:08:09:56 -0500] "GET /forest/skins/gdocs-jar/img/icons/docx.gif HTTP/1.1" 304 -
190.84.209.166 - - [31/Dec/2014:08:09:56 -0500] "GET /forest/skins/gdocs-jar/img/eye.gif HTTP/1.1" 304 -
190.84.209.166 - - [31/Dec/2014:08:09:56 -0500] "GET /forest/css/index.css HTTP/1.1" 304 -
190.84.209.166 - - [31/Dec/2014:08:09:56 -0500] "GET /forest/skins/gdocs-jar/img/icons/pdf.gif HTTP/1.1" 304 -
190.84.209.166 - - [31/Dec/2014:08:09:56 -0500] "GET /forest/skins/gdocs-jar/img/icons/doc.gif HTTP/1.1" 200 140
190.84.209.166 - - [31/Dec/2014:08:09:56 -0500] "GET /forest/skins/gdocs-jar/img/alert.gif HTTP/1.1" 304 -
201.244.13.130 - - [31/Dec/2014:08:09:57 -0500] "GET /arcgis/services/Calidad_del_Agua_WQI/MapServer/WMSServer?STYLES=&WIDTH=1366&LAYERS=3%2C4%2C5%2C6%2C7&BBOX=%2D74%2E2290034487165%2C4%2E6453504054617225%2C%2D73%2E90396907532008%2C4%2E813102406372757&HEIGHT=705&SERVICE=WMS&FORMAT=image%2Fpng&SRS=EPSG%3A4686&REQUEST=GetMap&TRANSPARENT=TRUE&VERSION=1%2E1%2E1 HTTP/1.1" 200 8242
190.84.209.166 - - [31/Dec/2014:08:09:58 -0500] "GET /forest/documentos/1979054/2014EE208650.docx HTTP/1.1" 200 108735
186.154.253.106 - - [31/Dec/2014:08:10:01 -0500] "GET /forest/actions/manager.calculateDateFin?dias=15&habil=true&a=0.9403504920192063 HTTP/1.1" 200 13
186.154.253.106 - - [31/Dec/2014:08:10:01 -0500] "GET /forest/json.do?query=camposByTramite&codTra=3077&a=0.9966979727614671 HTTP/1.1" 200 1118
186.154.253.106 - - [31/Dec/2014:08:10:01 -0500] "GET /forest/1ibre/jscalendar/clock.gif HTTP/1.1" 200 1067
201.244.13.130 - - [31/Dec/2014:08:10:03 -0500] "GET /crossdomain.xml HTTP/1.1" 404 1280
201.244.13.130 - - [31/Dec/2014:08:10:03 -0500] "GET /arcgis/services/Calidad_del_Agua_WQI/MapServer/WMSServer?STYLES=&WIDTH=1366&LAYERS=3%2C4%2C5%2C6%2C7&BBOX=%2D74%2E22783059036668%2C4%2E682965067170323%2C%2D73%2E90279621697026%2C4%2E850717068081358&HEIGHT=705&SERVICE=WMS&FORMAT=image%2Fpng&SRS=EPSG%3A4686&REQUEST=GetMap&TRANSPARENT=TRUE&VERSION=1%2E1%2E1 HTTP/1.1" 200 7653
201.244.13.130 - - [31/Dec/2014:08:10:05 -0500] "GET /arcgis/services/Calidad_del_Agua_WQI/MapServer/WMSServer?STYLES=&WIDTH=1366&LAYERS=3%2C4%2C5%2C6%2C7&BBOX=%2D74%2E23068187344936%2C4%2E607266617425397%2C%2D73%2E90564750005294%2C4%2E775018618336432&HEIGHT=705&SERVICE=WMS&FORMAT=image%2Fpng&SRS=EPSG%3A4686&REQUEST=GetMap&TRANSPARENT=TRUE&VERSION=1%2E1%2E1 HTTP/1.1" 200 9842
201.244.13.130 - - [31/Dec/2014:08:10:07 -0500] "GET /arcgis/services/Calidad_del_Agua_WQI/MapServer/WMSServer?STYLES=&WIDTH=1366&LAYERS=3%2C4%2C5%2C6%2C7&BBOX=%2D74%2E13110143035536%2C4%2E669132603576985%2C%2D73%2E96858424365715%2C4%2E753008604032502&HEIGHT=705&SERVICE=WMS&FORMAT=image%2Fpng&SRS=EPSG%3A4686&REQUEST=GetMap&TRANSPARENT=TRUE&VERSION=1%2E1%2E1 HTTP/1.1" 200 8207
66.249.64.163 - - [31/Dec/2014:08:10:07 -0500] "GET /BLA/resoluciones/RESOLUCIONES%202010/3677.pdf HTTP/1.1" 200 555709
201.244.13.130 - - [31/Dec/2014:08:10:07 -0500] "GET /arcgis/services/Calidad_del_Agua_WQI/MapServer/WMSServer?STYLES=&WIDTH=1366&LAYERS=3%2C4%2C5%2C6%2C7&BBOX=%2D74%2E07099624534808%2C4%2E706394962928286%2C%2D74%2E0059893706688%2C4%2E739945363110493&HEIGHT=705&SERVICE=WMS&FORMAT=image%2Fpng&SRS=EPSG%3A4686&REQUEST=GetMap&TRANSPARENT=TRUE&VERSION=1%2E1%2E1 HTTP/1.1" 200 6334
201.244.13.130 - - [31/Dec/2014:08:10:08 -0500] "GET /arcgis/services/Calidad_del_Agua_WQI/MapServer/WMSServer?STYLES=&WIDTH=1366&LAYERS=3%2C4%2C5%2C6%2C7&BBOX=%2D74%2E05160363815057%2C4%2E718006732636738%2C%2D74%2E01910020081093%2C4%2E7347819327278415&HEIGHT=705&SERVICE=WMS&FORMAT=image%2Fpng&SRS=EPSG%3A4686&REQUEST=GetMap&TRANSPARENT=TRUE&VERSION=1%2E1%2E1 HTTP/1.1" 200 6625
201.244.13.130 - - [31/Dec/2014:08:10:10 -0500] "GET /arcgis/services/Calidad_del_Agua_WQI/MapServer/WMSServer?STYLES=&WIDTH=1366&LAYERS=3%2C4%2C5%2C6%2C7&BBOX=%2D74%2E05077525006203%2C4%2E721937425297217%2C%2D74%2E01827181272239%2C4%2E73871262538832&HEIGHT=705&SERVICE=WMS&FORMAT=image%2Fpng&SRS=EPSG%3A4686&REQUEST=GetMap&TRANSPARENT=TRUE&VERSION=1%2E1%2E1 HTTP/1.1" 200 7033
201.245.192.253 - - [31/Dec/2014:08:10:11 -0500] "GET /isolucionsda/IdentificaUsuario.asp?Pagina1=FrameSetGeneral.asp& HTTP/1.1" 200 1250
201.244.13.130 - - [31/Dec/2014:08:10:12 -0500] "GET /arcgis/services/Calidad_del_Agua_WQI/MapServer/WMSServer?STYLES=&WIDTH=1366&LAYERS=3%2C4%2C5%2C6%2C7&BBOX=%2D74%2E05122258170456%2C4%2E725225750469622%2C%2D74%2E01871914436492%2C4%2E742000950560725&HEIGHT=705&SERVICE=WMS&FORMAT=image%2Fpng&SRS=EPSG%3A4686&REQUEST=GetMap&TRANSPARENT=TRUE&VERSION=1%2E1%2E1 HTTP/1.1" 200 7331
201.244.13.130 - - [31/Dec/2014:08:10:14 -0500] "GET /crossdomain.xml HTTP/1.1" 404 1280
201.244.13.130 - - [31/Dec/2014:08:10:14 -0500] "GET /arcgis/services/Calidad_del_Agua_WQI/MapServer/WMSServer?STYLES=&WIDTH=1366&LAYERS=3%2C4%2C5%2C6%2C7&BBOX=%2D74%2E05108080427725%2C4%2E728442155596934%2C%2D74%2E0185773669376%2C4%2E7452173556880375&HEIGHT=705&SERVICE=WMS&FORMAT=image%2Fpng&SRS=EPSG%3A4686&REQUEST=GetMap&TRANSPARENT=TRUE&VERSION=1%2E1%2E1 HTTP/1.1" 200 7343
201.244.13.130 - - [31/Dec/2014:08:10:15 -0500] "GET /arcgis/services/Calidad_del_Agua_WQI/MapServer/WMSServer?STYLES=&WIDTH=1366&LAYERS=3%2C4%2C5%2C6%2C7&BBOX=%2D74%2E05065675714472%2C4%2E730727544772005%2C%2D74%2E01815331980508%2C4%2E747502744863109&HEIGHT=705&SERVICE=WMS&FORMAT=image%2Fpng&SRS=EPSG%3A4686&REQUEST=GetMap&TRANSPARENT=TRUE&VERSION=1%2E1%2E1 HTTP/1.1" 200 7132
201.244.13.130 - - [31/Dec/2014:08:10:19 -0500] "GET /arcgis/services/Calidad_del_Agua_WQI/MapServer/WMSServer?STYLES=&WIDTH=1366&LAYERS=3%2C4%2C5%2C6%2C7&BBOX=%2D74%2E04991902426795%2C4%2E73644082262405%2C%2D74%2E01741558692831%2C4%2E753216022715153&HEIGHT=705&SERVICE=WMS&FORMAT=image%2Fpng&SRS=EPSG%3A4686&REQUEST=GetMap&TRANSPARENT=TRUE&VERSION=1%2E1%2E1 HTTP/1.1" 200 6925
201.244.13.130 - - [31/Dec/2014:08:10:20 -0500] "GET /arcgis/services/Calidad_del_Agua_WQI/MapServer/WMSServer?STYLES=&WIDTH=1366&LAYERS=3%2C4%2C5%2C6%2C7&BBOX=%2D74%2E05034495711482%2C4%2E740226585337896%2C%2D74%2E01784151977517%2C4%2E757001785429&HEIGHT=705&SERVICE=WMS&FORMAT=image%2Fpng&SRS=EPSG%3A4686&REQUEST=GetMap&TRANSPARENT=TRUE&VERSION=1%2E1%2E1 HTTP/1.1" 200 6826
201.245.192.253 - - [31/Dec/2014:08:10:18 -0500] "GET /isolucionsda/ HTTP/1.1" 200 739
201.245.192.253 - - [31/Dec/2014:08:10:21 -0500] "GET /isolucionsda/IdentificaUsuario.asp?Pagina1=FrameSetGeneral.asp& HTTP/1.1" 200 4997
201.245.192.253 - - [31/Dec/2014:08:10:23 -0500] "POST /isolucionsda/IdentificaUsuario.asp?Pagina1=FrameSetGeneral.asp& HTTP/1.1" 302 173
201.245.192.253 - - [31/Dec/2014:08:10:23 -0500] "GET /isolucionsda/FrameSetGeneral.asp?Pagina1=FrameSetGeneral.asp& HTTP/1.1" 200 6613
201.245.192.253 - - [31/Dec/2014:08:10:23 -0500] "GET /isolucionsda/Encabezado.asp?Pagina1=FrameSetGeneral.asp&&Pagina=MagazinHome.asp HTTP/1.1" 200 15388
201.245.192.253 - - [31/Dec/2014:08:10:23 -0500] "GET /isolucionsda/BarraFavoritos.asp HTTP/1.1" 200 911
201.245.192.253 - - [31/Dec/2014:08:10:23 -0500] "GET /isolucionsda/BarraTitulos.asp?Pagina1=FrameSetGeneral.asp&&Pagina=MagazinHome.asp HTTP/1.1" 200 6972
201.245.192.253 - - [31/Dec/2014:08:10:23 -0500] "GET /isolucionsda/Session.asp?Continue=1 HTTP/1.1" 200 6324
201.245.192.253 - - [31/Dec/2014:08:10:23 -0500] "GET /isolucionsda/MagazinHome.asp HTTP/1.1" 200 28099
201.245.192.253 - - [31/Dec/2014:08:10:23 -0500] "GET /isolucionsda/g/Bgr_Destacado3399CC.jpg HTTP/1.1" 404 5217
201.245.192.253 - - [31/Dec/2014:08:10:23 -0500] "GET /isolucionsda/TareasSFRedirect.asp HTTP/1.1" 302 195
201.244.13.130 - - [31/Dec/2014:08:10:23 -0500] "GET /arcgis/services/Calidad_del_Agua_WQI/MapServer/WMSServer?STYLES=&WIDTH=1366&LAYERS=3%2C4%2C5%2C6%2C7&BBOX=%2D74%2E05100673244095%2C4%2E744487821317157%2C%2D74%2E01850329510131%2C4%2E7612630214082605&HEIGHT=705&SERVICE=WMS&FORMAT=image%2Fpng&SRS=EPSG%3A4686&REQUEST=GetMap&TRANSPARENT=TRUE&VERSION=1%2E1%2E1 HTTP/1.1" 200 6912
188.165.15.26 - - [31/Dec/2014:08:10:24 -0500] "GET /BLA/resoluciones/RESOLUCIONES%202002/RES%202002%201851-1900/20021889.tif HTTP/1.1" 200 238458
201.245.192.253 - - [31/Dec/2014:08:10:24 -0500] "GET /isolucionsda/FrameSetGeneral.asp?Pagina=Menu.asp&IdModulo=4 HTTP/1.1" 200 6583
201.245.192.253 - - [31/Dec/2014:08:10:24 -0500] "GET /isolucionsda/Encabezado.asp?Pagina=Menu.asp&IdModulo=4 HTTP/1.1" 200 15389
201.245.192.253 - - [31/Dec/2014:08:10:24 -0500] "GET /isolucionsda/BarraTitulos.asp?Pagina=Menu.asp&IdModulo=4 HTTP/1.1" 200 6985
201.245.192.253 - - [31/Dec/2014:08:10:24 -0500] "GET /isolucionsda/BarraFavoritos.asp HTTP/1.1" 200 911
201.245.192.253 - - [31/Dec/2014:08:10:24 -0500] "GET /isolucionsda/Session.asp?Continue=1 HTTP/1.1" 200 6324
201.245.192.253 - - [31/Dec/2014:08:10:24 -0500] "GET /isolucionsda/Menu.asp?Pagina=Menu.asp&IdModulo=4 HTTP/1.1" 200 9682
201.245.192.253 - - [31/Dec/2014:08:10:25 -0500] "GET /isolucionsda/FrameSetGeneral.asp?Pagina=ListadoMaestroDocumentos3.asp HTTP/1.1" 200 6634
201.245.192.253 - - [31/Dec/2014:08:10:25 -0500] "GET /isolucionsda/Encabezado.asp?Pagina=ListadoMaestroDocumentos3.asp HTTP/1.1" 200 15364
201.245.192.253 - - [31/Dec/2014:08:10:25 -0500] "GET /isolucionsda/BarraTitulos.asp?Pagina=ListadoMaestroDocumentos3.asp HTTP/1.1" 200 6985
201.245.192.253 - - [31/Dec/2014:08:10:25 -0500] "GET /isolucionsda/BarraFavoritos.asp HTTP/1.1" 200 911
201.245.192.253 - - [31/Dec/2014:08:10:25 -0500] "GET /isolucionsda/ListadoMaestroDocumentos3.asp?Pagina=ListadoMaestroDocumentos3.asp HTTP/1.1" 200 11467
201.245.192.253 - - [31/Dec/2014:08:10:25 -0500] "GET /isolucionsda/Session.asp?Continue=1 HTTP/1.1" 200 6324
201.244.13.130 - - [31/Dec/2014:08:10:26 -0500] "GET /crossdomain.xml HTTP/1.1" 404 1280
201.244.13.130 - - [31/Dec/2014:08:10:26 -0500] "GET /arcgis/services/Calidad_del_Agua_WQI/MapServer/WMSServer?STYLES=&WIDTH=1366&LAYERS=3%2C4%2C5%2C6%2C7&BBOX=%2D74%2E05171789461335%2C4%2E749774012599254%2C%2D74%2E0192144572737%2C4%2E766549212690357&HEIGHT=705&SERVICE=WMS&FORMAT=image%2Fpng&SRS=EPSG%3A4686&REQUEST=GetMap&TRANSPARENT=TRUE&VERSION=1%2E1%2E1 HTTP/1.1" 200 7023
201.245.192.253 - - [31/Dec/2014:08:10:23 -0500] "GET /isolucionsda/Login.aspx?TARGET=SFContainerFiltrado.aspx&number=70537051496666694550 HTTP/1.1" 302 886
201.244.13.130 - - [31/Dec/2014:08:10:29 -0500] "GET /arcgis/services/Calidad_del_Agua_WQI/MapServer/WMSServer?STYLES=&WIDTH=1366&LAYERS=3%2C4%2C5%2C6%2C7&BBOX=%2D74%2E05114914389833%2C4%2E755201626350155%2C%2D74%2E01864570655869%2C4%2E771976826441259&HEIGHT=705&SERVICE=WMS&FORMAT=image%2Fpng&SRS=EPSG%3A4686&REQUEST=GetMap&TRANSPARENT=TRUE&VERSION=1%2E1%2E1 HTTP/1.1" 200 6979
201.244.13.130 - - [31/Dec/2014:08:10:31 -0500] "GET /arcgis/services/Calidad_del_Agua_WQI/MapServer/WMSServer?STYLES=&WIDTH=1366&LAYERS=3%2C4%2C5%2C6%2C7&BBOX=%2D74%2E05084089946298%2C4%2E761626822405714%2C%2D74%2E01833746212334%2C4%2E778402022496818&HEIGHT=705&SERVICE=WMS&FORMAT=image%2Fpng&SRS=EPSG%3A4686&REQUEST=GetMap&TRANSPARENT=TRUE&VERSION=1%2E1%2E1 HTTP/1.1" 200 6715
201.245.192.253 - - [31/Dec/2014:08:10:33 -0500] "POST /isolucionsda/ListadoMaestroDocumentos3.asp HTTP/1.1" 200 13860
201.244.13.130 - - [31/Dec/2014:08:10:33 -0500] "GET /arcgis/services/Calidad_del_Agua_WQI/MapServer/WMSServer?STYLES=&WIDTH=1366&LAYERS=3%2C4%2C5%2C6%2C7&BBOX=%2D74%2E05048624881829%2C4%2E767554172422746%2C%2D74%2E01798281147865%2C4%2E78432937251385&HEIGHT=705&SERVICE=WMS&FORMAT=image%2Fpng&SRS=EPSG%3A4686&REQUEST=GetMap&TRANSPARENT=TRUE&VERSION=1%2E1%2E1 HTTP/1.1" 200 6604
190.84.209.166 - - [31/Dec/2014:08:10:34 -0500] "GET /forest/skins/gdocs-jar/popup/popup.jsp?width=850&height=380&title=Informaci%F3n%20del%20radicado&uri=/forest/system/document.jsp%3FcodDoc%3D1980809&name=undefined&_a=0.35042726807296276&a=0.27354091173037887 HTTP/1.1" 200 1315
190.84.209.166 - - [31/Dec/2014:08:10:34 -0500] "GET /forest/system/document.jsp?codDoc=1980809 HTTP/1.1" 200 16367
190.84.209.166 - - [31/Dec/2014:08:10:34 -0500] "GET /forest/system/document.jsp?codDoc=1980809 HTTP/1.1" 200 16367
201.245.192.253 - - [31/Dec/2014:08:10:36 -0500] "GET /isolucionsda/FramesetArticulo.asp?Pagina=BancoConocimiento%2FS%2FSolicitudPrestamodeExpedientes%5Fv6%2FSolicitudPrestamodeExpedientes%5Fv6%2Easp&IdArticulo=5527 HTTP/1.1" 200 7349
201.245.192.253 - - [31/Dec/2014:08:10:36 -0500] "GET /isolucionsda/Arriba.asp?Pagina=BancoConocimiento%2FS%2FSolicitudPrestamodeExpedientes%5Fv6%2FSolicitudPrestamodeExpedientes%5Fv6%2Easp&IdArticulo=5527 HTTP/1.1" 200 10618
201.245.192.253 - - [31/Dec/2014:08:10:36 -0500] "GET /isolucionsda/BancoConocimiento/S/SolicitudPrestamodeExpedientes_v6/SolicitudPrestamodeExpedientes_v6.asp?IdArticulo=5527 HTTP/1.1" 302 143
201.244.13.130 - - [31/Dec/2014:08:10:36 -0500] "GET /arcgis/services/Calidad_del_Agua_WQI/MapServer/WMSServer?STYLES=&WIDTH=1366&LAYERS=3%2C4%2C5%2C6%2C7&BBOX=%2D74%2E05093726695033%2C4%2E774718550103339%2C%2D74%2E01843382961069%2C4%2E791493750194443&HEIGHT=705&SERVICE=WMS&FORMAT=image%2Fpng&SRS=EPSG%3A4686&REQUEST=GetMap&TRANSPARENT=TRUE&VERSION=1%2E1%2E1 HTTP/1.1" 200 6735
190.84.209.166 - - [31/Dec/2014:08:10:38 -0500] "GET /forest/skins/gdocs-jar/popup/popup.jsp?width=850&height=380&title=Informaci%F3n%20del%20radicado&uri=/forest/system/document.jsp%3FcodDoc%3D1979054&name=undefined&_a=0.2940875142812729&a=0.8483881941065192 HTTP/1.1" 200 1315
201.244.13.130 - - [31/Dec/2014:08:10:38 -0500] "GET /crossdomain.xml HTTP/1.1" 404 1280
190.84.209.166 - - [31/Dec/2014:08:10:38 -0500] "GET /forest/system/document.jsp?codDoc=1979054 HTTP/1.1" 200 24591
190.84.209.166 - - [31/Dec/2014:08:10:39 -0500] "GET /forest/system/document.jsp?codDoc=1979054 HTTP/1.1" 200 24591
201.244.13.130 - - [31/Dec/2014:08:10:39 -0500] "GET /arcgis/services/Calidad_del_Agua_WQI/MapServer/WMSServer?STYLES=&WIDTH=1366&LAYERS=3%2C4%2C5%2C6%2C7&BBOX=%2D74%2E05079476163516%2C4%2E782382640754164%2C%2D74%2E01829132429552%2C4%2E799157840845267&HEIGHT=705&SERVICE=WMS&FORMAT=image%2Fpng&SRS=EPSG%3A4686&REQUEST=GetMap&TRANSPARENT=TRUE&VERSION=1%2E1%2E1 HTTP/1.1" 200 6813
201.244.13.130 - - [31/Dec/2014:08:10:40 -0500] "GET /arcgis/services/Calidad_del_Agua_WQI/MapServer/WMSServer?STYLES=&WIDTH=1366&LAYERS=3%2C4%2C5%2C6%2C7&BBOX=%2D74%2E05065285639053%2C4%2E788761749113243%2C%2D74%2E01814941905089%2C4%2E805536949204346&HEIGHT=705&SERVICE=WMS&FORMAT=image%2Fpng&SRS=EPSG%3A4686&REQUEST=GetMap&TRANSPARENT=TRUE&VERSION=1%2E1%2E1 HTTP/1.1" 200 6949
190.84.209.166 - - [31/Dec/2014:08:10:40 -0500] "GET /forest/documentos/1979054/2014EE208650.docx HTTP/1.1" 200 108735
201.244.13.130 - - [31/Dec/2014:08:10:44 -0500] "GET /arcgis/services/Calidad_del_Agua_WQI/MapServer/WMSServer?STYLES=&WIDTH=1366&LAYERS=3%2C4%2C5%2C6%2C7&BBOX=%2D74%2E04991731393055%2C4%2E798065897928163%2C%2D74%2E01741387659091%2C4%2E814841098019267&HEIGHT=705&SERVICE=WMS&FORMAT=image%2Fpng&SRS=EPSG%3A4686&REQUEST=GetMap&TRANSPARENT=TRUE&VERSION=1%2E1%2E1 HTTP/1.1" 200 7102
201.244.13.130 - - [31/Dec/2014:08:10:46 -0500] "GET /arcgis/services/Calidad_del_Agua_WQI/MapServer/WMSServer?STYLES=&WIDTH=1366&LAYERS=3%2C4%2C5%2C6%2C7&BBOX=%2D74%2E05188769736893%2C4%2E806301887678838%2C%2D74%2E01938426002928%2C4%2E823077087769942&HEIGHT=705&SERVICE=WMS&FORMAT=image%2Fpng&SRS=EPSG%3A4686&REQUEST=GetMap&TRANSPARENT=TRUE&VERSION=1%2E1%2E1 HTTP/1.1" 200 6898
201.244.13.130 - - [31/Dec/2014:08:10:48 -0500] "GET /arcgis/services/Calidad_del_Agua_WQI/MapServer/WMSServer?STYLES=&WIDTH=1366&LAYERS=3%2C4%2C5%2C6%2C7&BBOX=%2D74%2E06756834539735%2C4%2E797664444227674%2C%2D74%2E00256147071806%2C4%2E831214844409882&HEIGHT=705&SERVICE=WMS&FORMAT=image%2Fpng&SRS=EPSG%3A4686&REQUEST=GetMap&TRANSPARENT=TRUE&VERSION=1%2E1%2E1 HTTP/1.1" 200 7018
201.244.13.130 - - [31/Dec/2014:08:10:48 -0500] "GET /arcgis/services/Calidad_del_Agua_WQI/MapServer/WMSServer?STYLES=&WIDTH=1366&LAYERS=3%2C4%2C5%2C6%2C7&BBOX=%2D74%2E11461028948261%2C4%2E771823497704359%2C%2D73%2E9520931027844%2C4%2E855699498159876&HEIGHT=705&SERVICE=WMS&FORMAT=image%2Fpng&SRS=EPSG%3A4686&REQUEST=GetMap&TRANSPARENT=TRUE&VERSION=1%2E1%2E1 HTTP/1.1" 200 6574
186.154.253.106 - - [31/Dec/2014:08:10:51 -0500] "GET /forest/xmlresponse.do?xmlresult=1&lista=getListFest&year=2014&a=0.7574095968157053 HTTP/1.1" 200 1366
186.154.253.106 - - [31/Dec/2014:08:10:51 -0500] "GET /forest/1ibre/jscalendar/menuarrow.gif HTTP/1.1" 200 68
201.244.13.130 - - [31/Dec/2014:08:10:53 -0500] "GET /crossdomain.xml HTTP/1.1" 404 1280
201.244.13.130 - - [31/Dec/2014:08:10:53 -0500] "GET /arcgis/services/Calidad_del_Agua_WQI/MapServer/WMSServer?STYLES=&WIDTH=1366&LAYERS=3%2C4%2C5%2C6%2C7&BBOX=%2D74%2E19158585302122%2C4%2E715192325765597%2C%2D73%2E8665514796248%2C4%2E882944326676632&HEIGHT=705&SERVICE=WMS&FORMAT=image%2Fpng&SRS=EPSG%3A4686&REQUEST=GetMap&TRANSPARENT=TRUE&VERSION=1%2E1%2E1 HTTP/1.1" 200 7188
201.244.13.130 - - [31/Dec/2014:08:10:56 -0500] "GET /arcgis/services/Calidad_del_Agua_WQI/MapServer/WMSServer?STYLES=&WIDTH=1366&LAYERS=3%2C4%2C5%2C6%2C7&BBOX=%2D74%2E18543316954772%2C4%2E661152400912716%2C%2D73%2E8603987961513%2C4%2E828904401823751&HEIGHT=705&SERVICE=WMS&FORMAT=image%2Fpng&SRS=EPSG%3A4686&REQUEST=GetMap&TRANSPARENT=TRUE&VERSION=1%2E1%2E1 HTTP/1.1" 200 8007
201.244.13.130 - - [31/Dec/2014:08:10:58 -0500] "GET /arcgis/services/Calidad_del_Agua_WQI/MapServer/WMSServer?STYLES=&WIDTH=1366&LAYERS=3%2C4%2C5%2C6%2C7&BBOX=%2D74%2E16762596308335%2C4%2E577128992501444%2C%2D73%2E84259158968693%2C4%2E744880993412479&HEIGHT=705&SERVICE=WMS&FORMAT=image%2Fpng&SRS=EPSG%3A4686&REQUEST=GetMap&TRANSPARENT=TRUE&VERSION=1%2E1%2E1 HTTP/1.1" 200 9837
190.84.209.166 - - [31/Dec/2014:08:10:59 -0500] "GET /forest/documentos/1979054/2014EE208650.docx HTTP/1.1" 200 108735
201.244.13.130 - - [31/Dec/2014:08:11:02 -0500] "GET /arcgis/services/Calidad_del_Agua_WQI/MapServer/WMSServer?STYLES=&WIDTH=1366&LAYERS=3%2C4%2C5%2C6%2C7&BBOX=%2D74%2E15840405941356%2C4%2E5430552851679975%2C%2D73%2E83336968601714%2C4%2E710807286079032&HEIGHT=705&SERVICE=WMS&FORMAT=image%2Fpng&SRS=EPSG%3A4686&REQUEST=GetMap&TRANSPARENT=TRUE&VERSION=1%2E1%2E1 HTTP/1.1" 200 10132
186.154.253.106 - - [31/Dec/2014:08:11:03 -0500] "GET /forest/xmlresponse.do?lista=searchTerceroByName&xmlret=1&todos=false&partNomTer=ALCALDIA%20&a=0.806058736750856 HTTP/1.1" 200 2240
201.244.13.130 - - [31/Dec/2014:08:11:05 -0500] "GET /crossdomain.xml HTTP/1.1" 404 1280
201.244.13.130 - - [31/Dec/2014:08:11:05 -0500] "GET /arcgis/services/Calidad_del_Agua_WQI/MapServer/WMSServer?STYLES=&WIDTH=1366&LAYERS=3%2C4%2C5%2C6%2C7&BBOX=%2D74%2E14821396879061%2C4%2E629194129518586%2C%2D73%2E8231795953942%2C4%2E796946130429621&HEIGHT=705&SERVICE=WMS&FORMAT=image%2Fpng&SRS=EPSG%3A4686&REQUEST=GetMap&TRANSPARENT=TRUE&VERSION=1%2E1%2E1 HTTP/1.1" 200 8345
186.82.78.180 - - [31/Dec/2014:08:11:06 -0500] "POST /forms/lservlet;jsessionid=ac16012b30d5f9eeff7a29e54449a6f8858433cc3179.e3iSbxaKaheRe34Sa3yKbhiTahb0n6jAmljGr5XDqQLvpAe HTTP/1.1" 200 2
201.244.13.130 - - [31/Dec/2014:08:11:06 -0500] "GET /arcgis/services/Calidad_del_Agua_WQI/MapServer/WMSServer?STYLES=&WIDTH=1366&LAYERS=3%2C4%2C5%2C6%2C7&BBOX=%2D74%2E09312944650564%2C4%2E677140268786067%2C%2D73%2E93061225980743%2C4%2E761016269241583&HEIGHT=705&SERVICE=WMS&FORMAT=image%2Fpng&SRS=EPSG%3A4686&REQUEST=GetMap&TRANSPARENT=TRUE&VERSION=1%2E1%2E1 HTTP/1.1" 200 7254
186.154.253.106 - - [31/Dec/2014:08:11:06 -0500] "GET /forest/xmlresponse.do?lista=searchTerceroByName&xmlret=1&todos=false&partNomTer=ALCALDIA%20LOCAL%20DE%20CIE&a=0.5117378882132471 HTTP/1.1" 200 78
201.244.13.130 - - [31/Dec/2014:08:11:07 -0500] "GET /arcgis/services/Calidad_del_Agua_WQI/MapServer/WMSServer?STYLES=&WIDTH=1366&LAYERS=3%2C4%2C5%2C6%2C7&BBOX=%2D74%2E06007873313466%2C4%2E705907952346554%2C%2D73%2E99507185845538%2C4%2E739458352528762&HEIGHT=705&SERVICE=WMS&FORMAT=image%2Fpng&SRS=EPSG%3A4686&REQUEST=GetMap&TRANSPARENT=TRUE&VERSION=1%2E1%2E1 HTTP/1.1" 200 6287
186.154.253.106 - - [31/Dec/2014:08:11:08 -0500] "GET /forest/xmlresponse.do?lista=searchTerceroByName&xmlret=1&todos=false&partNomTer=ALCALDIA%20LOCAL%20DE%20CIEDAD&a=0.13234513252973557 HTTP/1.1" 200 78
201.244.13.130 - - [31/Dec/2014:08:11:08 -0500] "GET /arcgis/services/Calidad_del_Agua_WQI/MapServer/WMSServer?STYLES=&WIDTH=1366&LAYERS=3%2C4%2C5%2C6%2C7&BBOX=%2D74%2E0633341202765%2C4%2E710671343453918%2C%2D73%2E99832724559721%2C4%2E744221743636126&HEIGHT=705&SERVICE=WMS&FORMAT=image%2Fpng&SRS=EPSG%3A4686&REQUEST=GetMap&TRANSPARENT=TRUE&VERSION=1%2E1%2E1 HTTP/1.1" 200 6475
186.154.253.106 - - [31/Dec/2014:08:11:09 -0500] "GET /forest/xmlresponse.do?lista=searchTerceroByName&xmlret=1&todos=false&partNomTer=ALCALDIA%20LOCAL%20DE%20C&a=0.8453764931764454 HTTP/1.1" 200 465
201.244.13.130 - - [31/Dec/2014:08:11:09 -0500] "GET /arcgis/services/Calidad_del_Agua_WQI/MapServer/WMSServer?STYLES=&WIDTH=1366&LAYERS=3%2C4%2C5%2C6%2C7&BBOX=%2D74%2E0464399471351%2C4%2E718285618672575%2C%2D74%2E01393650979546%2C4%2E735060818763679&HEIGHT=705&SERVICE=WMS&FORMAT=image%2Fpng&SRS=EPSG%3A4686&REQUEST=GetMap&TRANSPARENT=TRUE&VERSION=1%2E1%2E1 HTTP/1.1" 200 6636
201.244.13.130 - - [31/Dec/2014:08:11:10 -0500] "GET /arcgis/services/Calidad_del_Agua_WQI/MapServer/WMSServer?STYLES=&WIDTH=1366&LAYERS=3%2C4%2C5%2C6%2C7&BBOX=%2D74%2E0379928605644%2C4%2E722092756281904%2C%2D74%2E02174114189458%2C4%2E730480356327456&HEIGHT=705&SERVICE=WMS&FORMAT=image%2Fpng&SRS=EPSG%3A4686&REQUEST=GetMap&TRANSPARENT=TRUE&VERSION=1%2E1%2E1 HTTP/1.1" 200 6347
186.154.253.106 - - [31/Dec/2014:08:11:11 -0500] "GET /forest/xmlresponse.do?lista=searchTerceroByName&xmlret=1&todos=false&partNomTer=ALCALDIA%20LOCAL%20DE%20CIUDAD&a=0.5058614143636078 HTTP/1.1" 200 230
201.244.13.130 - - [31/Dec/2014:08:11:11 -0500] "GET /arcgis/services/Calidad_del_Agua_WQI/MapServer/WMSServer?STYLES=&WIDTH=1366&LAYERS=3%2C4%2C5%2C6%2C7&BBOX=%2D74%2E03074529706487%2C4%2E722044035941521%2C%2D74%2E01449357839505%2C4%2E730431635987073&HEIGHT=705&SERVICE=WMS&FORMAT=image%2Fpng&SRS=EPSG%3A4686&REQUEST=GetMap&TRANSPARENT=TRUE&VERSION=1%2E1%2E1 HTTP/1.1" 200 6380
186.154.253.106 - - [31/Dec/2014:08:11:13 -0500] "GET /forest/json.do?query=terceroById&numTer=89999906119&a=0.7020942945964634 HTTP/1.1" 200 695
190.7.138.194 - - [31/Dec/2014:08:11:29 -0500] "GET /BLA/resoluciones/RESOLUCIONES%202010/7038.pdf HTTP/1.1" 200 560072
190.84.209.166 - - [31/Dec/2014:08:11:29 -0500] "GET /forest/session.jsp?a=0.40937259630300105 HTTP/1.1" 200 4
190.7.138.194 - - [31/Dec/2014:08:11:29 -0500] "GET /BLA/resoluciones/RESOLUCIONES%202010/7038.pdf HTTP/1.1" 206 32768
190.7.138.194 - - [31/Dec/2014:08:11:29 -0500] "GET /BLA/resoluciones/RESOLUCIONES%202010/7038.pdf HTTP/1.1" 206 527304
66.249.64.167 - - [31/Dec/2014:08:11:30 -0500] "GET /BLA/resoluciones/RESOLUCIONES%202007/RES%202007%203301%20AL%203400/RESOLUCION%203352%20DE%202007.pdf HTTP/1.1" 200 1046142
190.7.138.194 - - [31/Dec/2014:08:11:30 -0500] "GET /favicon.ico HTTP/1.1" 200 7782
190.84.209.166 - - [31/Dec/2014:08:11:37 -0500] "GET /forest/skins/gdocs-jar/popup/popup.jsp?width=850&height=380&title=Informaci%F3n%20del%20radicado&uri=/forest/system/document.jsp%3FcodDoc%3D1978086&name=undefined&_a=0.5228587100282311&a=0.2922790003940463 HTTP/1.1" 200 1315
190.84.209.166 - - [31/Dec/2014:08:11:37 -0500] "GET /forest/system/document.jsp?codDoc=1978086 HTTP/1.1" 200 18528
190.84.209.166 - - [31/Dec/2014:08:11:37 -0500] "GET /forest/system/document.jsp?codDoc=1978086 HTTP/1.1" 200 18528
190.84.209.166 - - [31/Dec/2014:08:11:37 -0500] "GET /forest/css/escritorio.css HTTP/1.1" 304 -
190.84.209.166 - - [31/Dec/2014:08:11:37 -0500] "GET /forest/1ibre/1ibre.js HTTP/1.1" 304 -
190.84.209.166 - - [31/Dec/2014:08:11:37 -0500] "GET /forest/1ibre/protoaculous.js HTTP/1.1" 304 -
190.84.209.166 - - [31/Dec/2014:08:11:37 -0500] "GET /forest/css/dialog.css HTTP/1.1" 304 -
190.84.209.166 - - [31/Dec/2014:08:11:37 -0500] "GET /forest/css/index.css HTTP/1.1" 304 -
190.84.209.166 - - [31/Dec/2014:08:11:37 -0500] "GET /forest/skins/gdocs-jar/img/eye.gif HTTP/1.1" 304 -
190.84.209.166 - - [31/Dec/2014:08:11:37 -0500] "GET /forest/skins/gdocs-jar/img/icons/docx.gif HTTP/1.1" 304 -
190.84.209.166 - - [31/Dec/2014:08:11:37 -0500] "GET /forest/img/icons/docx.gif HTTP/1.1" 200 140
190.84.209.166 - - [31/Dec/2014:08:11:37 -0500] "GET /forest/skins/gdocs-jar/img/alert.gif HTTP/1.1" 304 -
190.84.209.166 - - [31/Dec/2014:08:11:39 -0500] "GET /forest/documentos/1978086/2014EE207682.docx HTTP/1.1" 200 104705
201.245.192.253 - - [31/Dec/2014:08:11:42 -0500] "GET /galeria/nivo-slider/demo/demo.html HTTP/1.1" 304 -
201.245.192.253 - - [31/Dec/2014:08:11:44 -0500] "GET /galeria/nivo-slider/demo/images/bolsas-08.jpg HTTP/1.1" 304 -
201.245.192.253 - - [31/Dec/2014:08:11:44 -0500] "GET /galeria/nivo-slider/demo/images/Ruta-vertimientos-01.jpg HTTP/1.1" 304 -
201.245.192.253 - - [31/Dec/2014:08:11:44 -0500] "GET /galeria/nivo-slider/demo/images/bolsas-06.jpg HTTP/1.1" 304 -
201.245.192.253 - - [31/Dec/2014:08:11:44 -0500] "GET /galeria/nivo-slider/demo/images/ecolecta-Dic2014.png HTTP/1.1" 304 -
74.86.158.107 - - [31/Dec/2014:08:11:50 -0500] "HEAD / HTTP/1.1" 302 -
186.82.78.180 - - [31/Dec/2014:08:11:54 -0500] "POST /forms/lservlet;jsessionid=ac16012b30d5f9eeff7a29e54449a6f8858433cc3179.e3iSbxaKaheRe34Sa3yKbhiTahb0n6jAmljGr5XDqQLvpAe HTTP/1.1" 200 2
186.82.78.180 - - [31/Dec/2014:08:11:54 -0500] "POST /forms/lservlet;jsessionid=ac16012b30d5f9eeff7a29e54449a6f8858433cc3179.e3iSbxaKaheRe34Sa3yKbhiTahb0n6jAmljGr5XDqQLvpAe HTTP/1.1" 200 2489
186.82.78.180 - - [31/Dec/2014:08:11:55 -0500] "POST /forms/lservlet;jsessionid=ac16012b30d5f9eeff7a29e54449a6f8858433cc3179.e3iSbxaKaheRe34Sa3yKbhiTahb0n6jAmljGr5XDqQLvpAe HTTP/1.1" 200 10
186.82.78.180 - - [31/Dec/2014:08:12:00 -0500] "POST /forms/lservlet;jsessionid=ac16012b30d5f9eeff7a29e54449a6f8858433cc3179.e3iSbxaKaheRe34Sa3yKbhiTahb0n6jAmljGr5XDqQLvpAe HTTP/1.1" 200 24
186.82.78.180 - - [31/Dec/2014:08:12:01 -0500] "POST /forms/lservlet;jsessionid=ac16012b30d5f9eeff7a29e54449a6f8858433cc3179.e3iSbxaKaheRe34Sa3yKbhiTahb0n6jAmljGr5XDqQLvpAe HTTP/1.1" 200 3704
186.82.78.180 - - [31/Dec/2014:08:12:02 -0500] "POST /forms/lservlet;jsessionid=ac16012b30d5f9eeff7a29e54449a6f8858433cc3179.e3iSbxaKaheRe34Sa3yKbhiTahb0n6jAmljGr5XDqQLvpAe HTTP/1.1" 200 2
188.165.15.78 - - [31/Dec/2014:08:12:02 -0500] "GET /BLA/resoluciones/RESOLUCIONES%202006/RES%202006%20601-650/00000604.tif HTTP/1.1" 200 173670
190.66.24.20 - - [31/Dec/2014:08:12:06 -0500] "GET /galeria/carrusel/Carrusel/jquery.thumbnailScroller.css HTTP/1.1" 200 2066
190.66.24.20 - - [31/Dec/2014:08:12:06 -0500] "GET /BLA/boletinlegal/js/jquery.scrollTo-min.js HTTP/1.1" 200 1150
190.66.24.20 - - [31/Dec/2014:08:12:06 -0500] "GET /BLA/boletinlegal/js/jquery.js HTTP/1.1" 200 57254
190.66.24.20 - - [31/Dec/2014:08:12:06 -0500] "GET /galeria/carrusel/Carrusel/jquery.thumbnailScroller.js HTTP/1.1" 200 8157
190.66.24.20 - - [31/Dec/2014:08:12:06 -0500] "GET /galeria/carrusel/Carrusel/jquery-ui-1.8.13.custom.min.js HTTP/1.1" 200 10800
190.66.24.20 - - [31/Dec/2014:08:12:06 -0500] "GET /BLA/boletinlegal/js/jquery.scrollShow.js HTTP/1.1" 200 4586
190.66.24.20 - - [31/Dec/2014:08:12:07 -0500] "GET /galeria/nivo-slider/demo/demo.html HTTP/1.1" 200 3150
190.66.24.20 - - [31/Dec/2014:08:12:07 -0500] "GET /galeria/nivo-slider/themes/default/default.css HTTP/1.1" 200 1569
190.66.24.20 - - [31/Dec/2014:08:12:07 -0500] "GET /galeria/nivo-slider/themes/orman/orman.css HTTP/1.1" 200 2152
190.66.24.20 - - [31/Dec/2014:08:12:07 -0500] "GET /galeria/nivo-slider/themes/pascal/pascal.css HTTP/1.1" 200 2258
190.66.24.20 - - [31/Dec/2014:08:12:07 -0500] "GET /galeria/nivo-slider/nivo-slider.css HTTP/1.1" 200 1507
190.66.24.20 - - [31/Dec/2014:08:12:07 -0500] "GET /galeria/nivo-slider/demo/style.css HTTP/1.1" 200 2222
190.66.24.20 - - [31/Dec/2014:08:12:07 -0500] "GET /galeria/nivo-slider/demo/scripts/jquery-1.7.1.min.js HTTP/1.1" 200 93868
190.66.24.20 - - [31/Dec/2014:08:12:07 -0500] "GET /galeria/nivo-slider/jquery.nivo.slider.pack.js HTTP/1.1" 200 11561
190.66.24.20 - - [31/Dec/2014:08:12:07 -0500] "GET /galeria/nivo-slider/demo/images/4Simple_Slider.png HTTP/1.1" 200 11722
190.66.24.20 - - [31/Dec/2014:08:12:07 -0500] "GET /galeria/nivo-slider/themes/default/loading.gif HTTP/1.1" 200 1737
190.66.24.20 - - [31/Dec/2014:08:12:07 -0500] "GET /galeria/nivo-slider/demo/images/bolsas-08.jpg HTTP/1.1" 200 85589
190.66.24.20 - - [31/Dec/2014:08:12:07 -0500] "GET /galeria/nivo-slider/demo/images/Ruta-vertimientos-01.jpg HTTP/1.1" 200 130151
190.66.24.20 - - [31/Dec/2014:08:12:07 -0500] "GET /galeria/nivo-slider/demo/images/bolsas-06.jpg HTTP/1.1" 200 90982
190.66.24.20 - - [31/Dec/2014:08:12:07 -0500] "GET /galeria/nivo-slider/demo/images/ecolecta-Dic2014.png HTTP/1.1" 200 288593
190.66.24.20 - - [31/Dec/2014:08:12:08 -0500] "GET /galeria/nivo-slider/demo/images/porloshumedales.jpg HTTP/1.1" 200 351238
190.66.24.20 - - [31/Dec/2014:08:12:08 -0500] "GET /galeria/nivo-slider/demo/images/Tingua-azul.jpg HTTP/1.1" 200 307638
190.66.24.20 - - [31/Dec/2014:08:12:08 -0500] "GET /galeria/nivo-slider/demo/images/Banner-Caracol-Africano.jpg HTTP/1.1" 200 331986
190.66.24.20 - - [31/Dec/2014:08:12:09 -0500] "GET /galeria/nivo-slider/demo/images/banner-redes.jpg HTTP/1.1" 200 62209
190.66.24.20 - - [31/Dec/2014:08:12:09 -0500] "GET /galeria/nivo-slider/demo/images/9Signos.jpg HTTP/1.1" 200 93040
190.66.24.20 - - [31/Dec/2014:08:12:09 -0500] "GET /galeria/nivo-slider/demo/images/banner-caballos.png HTTP/1.1" 200 389106
190.66.24.20 - - [31/Dec/2014:08:12:09 -0500] "GET /galeria/nivo-slider/demo/images/banner-llantas2.jpg HTTP/1.1" 200 73153
190.66.24.20 - - [31/Dec/2014:08:12:10 -0500] "GET /galeria/nivo-slider/themes/default/arrows.png HTTP/1.1" 200 824
190.66.24.20 - - [31/Dec/2014:08:12:10 -0500] "GET /galeria/nivo-slider/themes/default/bullets.png HTTP/1.1" 200 1281
186.154.253.106 - - [31/Dec/2014:08:12:12 -0500] "POST /forest/radicacion.do?codMod=80&group_system_actual=4 HTTP/1.1" 200 358
186.154.253.106 - - [31/Dec/2014:08:12:12 -0500] "GET /forest/xmlresponse.do?xmlresult=1&lista=getProcesosTerceros&numTer=89999906119&a=0.3841495958622545 HTTP/1.1" 200 51
186.154.253.106 - - [31/Dec/2014:08:12:12 -0500] "GET /forest/xmlresponse.do?xmlresult=1&lista=getXMLQuery&queryId=rpt/getListProcesosByDepNoProject&coddep=293&codmod=80&coddepx=293&a=0.5862521866802126&a=0.5195215432904661 HTTP/1.1" 200 20038
186.154.253.106 - - [31/Dec/2014:08:12:12 -0500] "GET /forest/json.do?query=tipDocsByClaDoc&claDoc=1&a=0.2791737674269825&a=0.2272358713671565 HTTP/1.1" 200 238
186.154.253.106 - - [31/Dec/2014:08:12:12 -0500] "GET /forest/skins/gdocs-jar/img/ok.gif HTTP/1.1" 200 579
186.29.154.19 - - [31/Dec/2014:08:12:19 -0500] "GET /forest/ HTTP/1.1" 200 12758
186.29.154.19 - - [31/Dec/2014:08:12:20 -0500] "GET /forest/skins/gdocs-jar/css/forest.css?version=1412.231748 HTTP/1.1" 200 51
186.29.154.19 - - [31/Dec/2014:08:12:20 -0500] "GET /forest/skins/gdocs-jar/css/menu.css?version=1412.231748 HTTP/1.1" 200 4235
186.29.154.19 - - [31/Dec/2014:08:12:20 -0500] "GET /forest/skins/gdocs-jar/css/autocomplete.css?version=1412.231748 HTTP/1.1" 200 1620
186.29.154.19 - - [31/Dec/2014:08:12:20 -0500] "GET /forest/css/escritorio.css?version=1412.231748 HTTP/1.1" 200 15878
186.29.154.19 - - [31/Dec/2014:08:12:20 -0500] "GET /forest/css/index.css?version=1412.231748 HTTP/1.1" 200 1900
186.29.154.19 - - [31/Dec/2014:08:12:20 -0500] "GET /forest/1ibre/jscalendar/calendar-win2k-1.css?version=1412.231748 HTTP/1.1" 200 5986
186.29.154.19 - - [31/Dec/2014:08:12:20 -0500] "GET /forest/skins/gdocs-jar/css/dialog.css?version=1412.231748 HTTP/1.1" 200 1430
186.29.154.19 - - [31/Dec/2014:08:12:20 -0500] "GET /forest/skins/gdocs-jar/css/forms.css?version=1412.231748 HTTP/1.1" 200 7180
186.29.154.19 - - [31/Dec/2014:08:12:20 -0500] "GET /forest/img/loading.gif HTTP/1.1" 200 1197
186.29.154.19 - - [31/Dec/2014:08:12:20 -0500] "GET /forest/jsoptimized/gz/js/gdocsall-1412.231748.js HTTP/1.1" 200 99216
186.29.154.19 - - [31/Dec/2014:08:12:20 -0500] "GET /forest/img/spacer.gif HTTP/1.1" 200 43
186.29.154.19 - - [31/Dec/2014:08:12:20 -0500] "GET /forest/js/json3.js HTTP/1.1" 200 39592
186.29.154.19 - - [31/Dec/2014:08:12:20 -0500] "GET /forest/img/panel/view_icon.gif HTTP/1.1" 200 681
186.29.154.19 - - [31/Dec/2014:08:12:21 -0500] "GET /forest/img/inicio/6.gif HTTP/1.1" 200 12239
186.29.154.19 - - [31/Dec/2014:08:12:21 -0500] "GET /forest/img/inicio/3.gif HTTP/1.1" 200 29737
186.29.154.19 - - [31/Dec/2014:08:12:21 -0500] "GET /forest/img/inicio/4.gif HTTP/1.1" 200 27784
186.29.154.19 - - [31/Dec/2014:08:12:21 -0500] "GET /forest/img/inicio/5.gif HTTP/1.1" 200 25611
186.29.154.19 - - [31/Dec/2014:08:12:21 -0500] "GET /forest/img/base/bsc2_r1_c2.gif HTTP/1.1" 200 269
186.29.154.19 - - [31/Dec/2014:08:12:21 -0500] "GET /forest/img/base/bsc2_r1_c1.gif HTTP/1.1" 200 28640
186.29.154.19 - - [31/Dec/2014:08:12:21 -0500] "GET /forest/img/base/bsc2_r1_c3.gif HTTP/1.1" 200 3704
186.29.154.19 - - [31/Dec/2014:08:12:21 -0500] "GET /forest/img/mplogo.gif HTTP/1.1" 200 806
186.29.154.19 - - [31/Dec/2014:08:12:21 -0500] "GET /forest/img/inicio/2.gif HTTP/1.1" 200 42562
186.29.154.19 - - [31/Dec/2014:08:12:21 -0500] "GET /forest/img/close.gif HTTP/1.1" 200 571
186.29.154.19 - - [31/Dec/2014:08:12:21 -0500] "GET /forest/skins/gdocs-jar/img/okey.gif HTTP/1.1" 200 203
186.29.154.19 - - [31/Dec/2014:08:12:21 -0500] "GET /forest/img/inicio/7.gif HTTP/1.1" 200 18547
186.29.154.19 - - [31/Dec/2014:08:12:21 -0500] "GET /forest/img/inicio/1.gif HTTP/1.1" 200 23925
186.29.154.19 - - [31/Dec/2014:08:12:22 -0500] "GET /forest/1ibre/1ibre.css HTTP/1.1" 200 614
190.84.209.166 - - [31/Dec/2014:08:12:25 -0500] "GET /forest/skins/gdocs-jar/popup/popup.jsp?width=850&height=380&title=Informaci%F3n%20del%20radicado&uri=/forest/system/document.jsp%3FcodDoc%3D1945956&name=undefined&_a=0.7378605410922319&a=0.8877066962886602 HTTP/1.1" 200 1315
190.84.209.166 - - [31/Dec/2014:08:12:25 -0500] "GET /forest/system/document.jsp?codDoc=1945956 HTTP/1.1" 200 16368
190.84.209.166 - - [31/Dec/2014:08:12:25 -0500] "GET /forest/system/document.jsp?codDoc=1945956 HTTP/1.1" 200 27026
201.245.192.253 - - [31/Dec/2014:08:12:27 -0500] "GET /galeria/nivo-slider/demo/demo.html HTTP/1.1" 304 -
201.245.192.253 - - [31/Dec/2014:08:12:27 -0500] "GET /galeria/nivo-slider/demo/images/bolsas-08.jpg HTTP/1.1" 304 -
