152.61.193.99 - - [31/Dec/2014:01:33:01 -0500] "GET /arcgis/services/Calidad_del_Agua_WQI/MapServer/WMSServer?SERVICE=WMS&REQUEST=GetCapabilities HTTP/1.1" 200 32135
152.61.193.99 - - [31/Dec/2014:01:33:02 -0500] "GET /arcgis/services/Calidad_del_Agua_WQI/MapServer/WMSServer?SERVICE=WMS&REQUEST=GetCapabilities HTTP/1.1" 200 32135
152.61.193.99 - - [31/Dec/2014:01:33:02 -0500] "GET /arcgis/services/Calidad_del_Agua_WQI/MapServer/WMSServer?VERSION=1.1.1&REQUEST=GetMap&LAYERS=0&SRS=EPSG:4326&BBOX=-74.473395,3.674381,-73.963300,4.920569&WIDTH=250&HEIGHT=250&FORMAT=image/bmp&STYLES=& HTTP/1.1" 200 188054
180.76.6.149 - - [31/Dec/2014:01:33:11 -0500] "GET /BLA/resoluciones/AUTOS%202013/0063.pdf HTTP/1.1" 200 1383002
190.25.232.143 - - [31/Dec/2014:01:33:11 -0500] "GET /StormSDA/stormWeb/presentacion.html HTTP/1.1" 304 -
66.249.64.171 - - [31/Dec/2014:01:33:11 -0500] "GET /BLA/resoluciones/RESOLUCIONES%202008/2957.pdf HTTP/1.1" 200 217133
220.181.108.174 - - [31/Dec/2014:01:33:24 -0500] "GET /BLA/resoluciones/RESOLUCIONES%202009/2640.pdf HTTP/1.1" 200 989553
188.165.15.44 - - [31/Dec/2014:01:33:43 -0500] "GET /BLA/resoluciones/RESOLUCIONES%202006/RES%202006%202701-2750/00002715.tif HTTP/1.1" 200 200750
66.249.64.171 - - [31/Dec/2014:01:33:45 -0500] "GET /BLA/resoluciones/Notificaciones/AUTOS%202013/2415.doc HTTP/1.1" 200 843264
180.76.5.17 - - [31/Dec/2014:01:33:50 -0500] "GET /BLA/boletinlegal;jsessionid=3318B66BE9F99EEC2B0ED8A6DA91D37C?/? HTTP/1.1" 404 1018
100.43.85.25 - - [31/Dec/2014:01:34:31 -0500] "GET /PruebasSTORM/StormSDA_pruebas/userFiles/user_files/formulas/3/238.xml HTTP/1.1" 200 1163
66.249.64.171 - - [31/Dec/2014:01:34:33 -0500] "GET /BLA/resoluciones/AUTOS%202013/0248.pdf HTTP/1.1" 304 -
188.165.15.192 - - [31/Dec/2014:01:34:45 -0500] "GET /BLA/resoluciones/RESOLUCIONES%202006/RES%202006%201151-1200/00001162.tif HTTP/1.1" 200 57060
66.249.64.163 - - [31/Dec/2014:01:35:55 -0500] "GET /BLA/resoluciones/RESOLUCIONES%202010/5828.pdf HTTP/1.1" 304 -
190.26.210.162 - - [31/Dec/2014:01:36:43 -0500] "GET / HTTP/1.1" 302 -
74.86.158.107 - - [31/Dec/2014:01:36:51 -0500] "HEAD / HTTP/1.1" 302 -
174.60.24.171 - - [31/Dec/2014:01:37:00 -0500] "GET /dama/libreria/jpg/ecosistemas/aulas/aa2_1.jpg HTTP/1.1" 404 1219
174.60.24.171 - - [31/Dec/2014:01:37:01 -0500] "GET /dama/libreria/jpg/ecosistemas/aulas/aa2_1.jpg HTTP/1.1" 404 1219
180.76.5.175 - - [31/Dec/2014:01:37:04 -0500] "GET /BLA/resoluciones/AUTOS%202012/1721.pdf HTTP/1.1" 200 482468
186.113.10.143 - - [31/Dec/2014:01:37:14 -0500] "GET /galeria/nivo-slider/demo/images/banner-calidad-aire.jpg HTTP/1.1" 304 -
66.249.64.171 - - [31/Dec/2014:01:37:17 -0500] "GET /BLA/resoluciones/AUTOS%202007/3281.pdf HTTP/1.1" 200 251887
180.76.5.62 - - [31/Dec/2014:01:37:43 -0500] "GET /Autoliquidacion/index.php?dir=Grupo%20Forestal%20-%20Industria%20de%20la%20Madera/&sort=size&order=desc HTTP/1.1" 200 7194
99.113.156.240 - - [31/Dec/2014:01:37:57 -0500] "GET /webdav/x32.php HTTP/1.1" 404 1018
188.165.15.130 - - [31/Dec/2014:01:37:59 -0500] "GET /BLA/resoluciones/RESOLUCIONES%202005/RES%202005%201901-1950/00001916.tif HTTP/1.1" 200 134328
190.26.210.162 - - [31/Dec/2014:01:38:04 -0500] "GET /BLA/boletinlegal/js/jquery.js HTTP/1.1" 200 57254
190.26.210.162 - - [31/Dec/2014:01:38:04 -0500] "GET /BLA/boletinlegal/js/jquery.scrollTo-min.js HTTP/1.1" 200 1150
190.26.210.162 - - [31/Dec/2014:01:38:04 -0500] "GET /BLA/boletinlegal/js/jquery.scrollShow.js HTTP/1.1" 200 4586
190.26.210.162 - - [31/Dec/2014:01:38:16 -0500] "GET /galeria/nivo-slider/demo/demo.html HTTP/1.1" 200 3150
190.26.210.162 - - [31/Dec/2014:01:38:16 -0500] "GET /galeria/carrusel/Carrusel/jquery.thumbnailScroller.css HTTP/1.1" 200 2066
190.26.210.162 - - [31/Dec/2014:01:38:16 -0500] "GET /galeria/carrusel/Carrusel/jquery-ui- HTTP/1.1" 404 1018
190.26.210.162 - - [31/Dec/2014:01:38:18 -0500] "GET /galeria/carrusel/Carrusel/jquery.thumbnailScroller.js HTTP/1.1" 200 8157
190.26.210.162 - - [31/Dec/2014:01:38:24 -0500] "GET /videos/Spot_CambioClimatico.flv HTTP/1.1" 200 4371917
190.26.210.162 - - [31/Dec/2014:01:38:28 -0500] "GET /galeria/nivo-slider/demo/ HTTP/1.1" 200 2278
188.165.15.208 - - [31/Dec/2014:01:38:31 -0500] "GET /BLA/resoluciones/RESOLUCIONES%202006/RES%202006%202251-2300/00002280.tif HTTP/1.1" 200 338922
188.165.15.208 - - [31/Dec/2014:01:38:32 -0500] "GET /BLA/resoluciones/RESOLUCIONES%202004/RES%202004%202101-2150/00002114.tif HTTP/1.1" 200 65664
66.249.64.171 - - [31/Dec/2014:01:38:39 -0500] "GET /BLA/resoluciones/RESOLUCIONES%202007/RES%202007%20601%20AL%20700/RESOLUCION%200649%20DE%202007.pdf HTTP/1.1" 200 888613
190.26.210.162 - - [31/Dec/2014:01:38:16 -0500] "GET /BLA/boletinlegal/index.php? HTTP/1.1" 200 49382
207.46.13.61 - - [31/Dec/2014:01:39:31 -0500] "GET /menu/js/jquery.easing.1.3.js HTTP/1.1" 404 1018
207.46.13.61 - - [31/Dec/2014:01:39:31 -0500] "GET /menu/js/jquery.vaccordion.js HTTP/1.1" 404 1018
188.165.15.10 - - [31/Dec/2014:01:39:38 -0500] "GET /BLA/resoluciones/index.php?dir=RESOLUCIONES%202006/RES%202006%201401-1450/&sort=date&order=asc HTTP/1.1" 200 12367
66.249.64.171 - - [31/Dec/2014:01:40:02 -0500] "GET /BLA/resoluciones/RESOLUCIONES%202009/9763.pdf HTTP/1.1" 200 324921
174.60.24.171 - - [31/Dec/2014:01:40:09 -0500] "GET /dama/libreria/jpg/ecosistemas/aulas/aa2_1.jpg HTTP/1.1" 404 1219
66.249.64.167 - - [31/Dec/2014:01:40:49 -0500] "GET /BLA/resoluciones/AUTOS%202012/2957.pdf HTTP/1.1" 304 -
66.249.64.163 - - [31/Dec/2014:01:41:24 -0500] "GET /BLA/resoluciones/RESOLUCIONES%202007/RES%202007%202001%20AL%202100/RESOLUCION%202008%20DE%202007.pdf HTTP/1.1" 304 -
188.165.15.26 - - [31/Dec/2014:01:41:31 -0500] "GET /BLA/resoluciones/RESOLUCIONES%202005/RES%202005%202801-2850/00002844.tif HTTP/1.1" 200 74016
74.86.158.107 - - [31/Dec/2014:01:41:51 -0500] "HEAD / HTTP/1.1" 302 -
66.249.64.171 - - [31/Dec/2014:01:42:39 -0500] "GET /BLA/resoluciones/RESOLUCIONES%202004/RES%202004%201701-1750/00001724.tif HTTP/1.1" 200 178768
66.249.64.163 - - [31/Dec/2014:01:42:46 -0500] "GET /BLA/resoluciones/RESOLUCIONES%202013/2054.pdf HTTP/1.1" 304 -
188.165.15.130 - - [31/Dec/2014:01:43:08 -0500] "GET /BLA/resoluciones/RESOLUCIONES%202006/RES%202006%20451-500/00000480.tif HTTP/1.1" 200 169252
202.46.63.120 - - [31/Dec/2014:01:43:10 -0500] "GET / HTTP/1.1" 302 -
180.76.4.155 - - [31/Dec/2014:01:43:35 -0500] "GET / HTTP/1.1" 302 -
66.249.64.171 - - [31/Dec/2014:01:44:08 -0500] "GET /BLA/resoluciones/RESOLUCIONES%202011/5482.pdf HTTP/1.1" 304 -
188.165.15.23 - - [31/Dec/2014:01:44:27 -0500] "GET /BLA/resoluciones/RESOLUCIONES%202002/RES%202002%201551-1600/20021592.tif HTTP/1.1" 200 159108
66.249.64.163 - - [31/Dec/2014:01:44:32 -0500] "GET /BLA/resoluciones/AUTOS%202013/1062.pdf HTTP/1.1" 304 -
66.249.64.167 - - [31/Dec/2014:01:45:13 -0500] "GET /BLA/resoluciones/AUTOS%202011/2486.pdf HTTP/1.1" 200 146000
66.249.64.171 - - [31/Dec/2014:01:45:30 -0500] "GET /BLA/resoluciones/RESOLUCIONES%202007/RES%202007%203901%20AL%204000/RESOLUCION%203949%20DE%202007.pdf HTTP/1.1" 304 -
66.249.64.167 - - [31/Dec/2014:01:45:44 -0500] "GET /BLA/resoluciones/AUTOS%202011/1961.pdf HTTP/1.1" 200 216135
66.249.64.167 - - [31/Dec/2014:01:46:15 -0500] "GET /sia/ HTTP/1.1" 304 -
74.86.158.107 - - [31/Dec/2014:01:46:51 -0500] "HEAD / HTTP/1.1" 302 -
66.249.64.167 - - [31/Dec/2014:01:46:52 -0500] "GET /BLA/resoluciones/RESOLUCIONES%202009/7651.pdf HTTP/1.1" 200 502467
188.165.15.23 - - [31/Dec/2014:01:47:11 -0500] "GET /BLA/resoluciones/RESOLUCIONES%202003/RES%202003%20501-550/511.tif HTTP/1.1" 200 119664
180.76.5.78 - - [31/Dec/2014:01:47:34 -0500] "GET /BLA/boletinlegal;jsessionid=F079CE8862DE0A15D082036EFFF387D4?/? HTTP/1.1" 404 1018
66.249.64.171 - - [31/Dec/2014:01:48:14 -0500] "GET /BLA/resoluciones/RESOLUCIONES%202011/5120.pdf HTTP/1.1" 304 -
188.165.15.130 - - [31/Dec/2014:01:49:13 -0500] "GET /BLA/resoluciones/RESOLUCIONES%202003/RES%202003%201501-1550/20031547.tif HTTP/1.1" 200 77208
66.249.64.47 - - [31/Dec/2014:01:49:37 -0500] "GET /POT-2013/Cartografia/26_Espacio_Publico_2013_V1.pdf HTTP/1.1" 304 -
180.76.6.28 - - [31/Dec/2014:01:49:55 -0500] "GET /BLA/boletinlegal;jsessionid=94185C97E23641DCC0EA6C5C0F1E3B4C?/? HTTP/1.1" 404 1018
64.71.32.17 - - [31/Dec/2014:01:50:14 -0500] "GET /wp-admin/ HTTP/1.1" 404 1018
180.76.5.173 - - [31/Dec/2014:01:50:34 -0500] "GET /BLA/resoluciones/AUTOS%202007/2108.pdf HTTP/1.1" 200 80890
66.249.64.39 - - [31/Dec/2014:01:50:59 -0500] "GET /ecodirectorio/files/res/other/search.txt HTTP/1.1" 304 -
180.76.5.78 - - [31/Dec/2014:01:51:13 -0500] "GET /BLA/resoluciones/RESOLUCIONES%202008/0678.pdf HTTP/1.1" 200 31509
66.249.64.171 - - [31/Dec/2014:01:51:38 -0500] "GET /BLA/resoluciones/Autos%202008/3413.pdf HTTP/1.1" 200 102065
74.86.158.107 - - [31/Dec/2014:01:51:51 -0500] "HEAD / HTTP/1.1" 302 -
66.249.64.47 - - [31/Dec/2014:01:52:21 -0500] "GET /Autoliquidacion/index.php?dir=Solicitudes+relacionadas+con+calidad+del+aire+auditiva+y+visual%2FRegistro+de+Elementos+de+publicidad+Exterior+Visual%2F HTTP/1.1" 200 4037
100.43.85.25 - - [31/Dec/2014:01:52:52 -0500] "GET /PruebasSTORM/StormSDA_pruebas/userFiles/user_files/formulas/3/434.xml HTTP/1.1" 200 863
66.249.64.163 - - [31/Dec/2014:01:53:18 -0500] "GET /BLA/resoluciones/RESOLUCIONES%202000/2000%202600-2649.tif HTTP/1.1" 200 4683605
66.249.64.163 - - [31/Dec/2014:01:53:43 -0500] "GET /BLA/resoluciones/AUTOS%202013/0394.pdf HTTP/1.1" 200 2140692
66.249.64.171 - - [31/Dec/2014:01:55:05 -0500] "GET /BLA/resoluciones/RESOLUCIONES%202011/3530.pdf HTTP/1.1" 304 -
188.165.15.37 - - [31/Dec/2014:01:55:10 -0500] "GET /BLA/resoluciones/RESOLUCIONES%202004/RES%202004%201251-1300/00001290.tif HTTP/1.1" 200 83176
188.165.15.188 - - [31/Dec/2014:01:55:15 -0500] "GET /BLA/resoluciones/RESOLUCIONES%202005/RES%202005%20201-250/00000235.tif HTTP/1.1" 200 106654
182.118.55.240 - - [31/Dec/2014:01:55:54 -0500] "GET / HTTP/1.1" 302 -
190.25.232.143 - - [31/Dec/2014:01:55:55 -0500] "GET /galeria/nivo-slider/demo/images/banner-conejera1.jpg HTTP/1.1" 304 -
188.165.15.85 - - [31/Dec/2014:01:56:16 -0500] "GET /BLA/resoluciones/RESOLUCIONES%202002/RES%202002%201701-1750/20021736.tif HTTP/1.1" 200 40074
66.249.64.171 - - [31/Dec/2014:01:56:27 -0500] "GET /BLA/resoluciones/RESOLUCIONES%202010/3416.pdf HTTP/1.1" 304 -
201.245.192.253 - - [31/Dec/2014:01:56:28 -0500] "GET /galeria/nivo-slider/demo/images/ecolecta-Dic2014.png HTTP/1.1" 304 -
74.86.158.107 - - [31/Dec/2014:01:56:51 -0500] "HEAD / HTTP/1.1" 302 -
66.249.64.171 - - [31/Dec/2014:01:57:26 -0500] "GET /BLA/resoluciones/Autos%202008/2787.pdf HTTP/1.1" 200 105580
180.76.6.28 - - [31/Dec/2014:01:57:46 -0500] "GET /BLA/boletinlegal;jsessionid=0DEDB47403A21AE9858CA251B04BC85B?/? HTTP/1.1" 404 1018
66.249.64.163 - - [31/Dec/2014:01:57:49 -0500] "GET /BLA/resoluciones/RESOLUCIONES%202010/0706.pdf HTTP/1.1" 304 -
66.249.64.171 - - [31/Dec/2014:01:58:36 -0500] "GET /BLA/resoluciones/AUTOS%202011/3051.pdf HTTP/1.1" 200 84516
66.249.64.171 - - [31/Dec/2014:01:59:11 -0500] "GET /BLA/resoluciones/RESOLUCIONES%202009/4084.pdf HTTP/1.1" 200 545067
64.71.32.17 - - [31/Dec/2014:01:59:17 -0500] "GET /test/wp-admin/ HTTP/1.1" 404 1018
188.165.15.37 - - [31/Dec/2014:02:00:08 -0500] "GET /BLA/resoluciones/RESOLUCIONES%202003/RES%202003%201751-1800/20031785.tif HTTP/1.1" 200 68830
188.165.15.23 - - [31/Dec/2014:02:00:24 -0500] "GET /BLA/resoluciones/RESOLUCIONES%202003/RES%202003%201801-1850/20031801.tif HTTP/1.1" 200 44346
188.165.15.192 - - [31/Dec/2014:02:00:31 -0500] "GET /BLA/resoluciones/RESOLUCIONES%202003/RES%202003%20451-500/472.tif HTTP/1.1" 200 174952
66.249.64.167 - - [31/Dec/2014:02:00:33 -0500] "GET /BLA/resoluciones/RESOLUCIONES%202009/2491.pdf HTTP/1.1" 304 -
66.249.64.167 - - [31/Dec/2014:02:01:08 -0500] "GET /galeria/nivo-slider/demo/images/Banner-GAE3.jpg HTTP/1.1" 200 146354
74.86.158.107 - - [31/Dec/2014:02:01:51 -0500] "HEAD / HTTP/1.1" 302 -
66.249.64.171 - - [31/Dec/2014:02:01:56 -0500] "GET /BLA/resoluciones/RESOLUCIONES%202007/RES%202007%202701%20AL%202800/RESOLUCION%202718%20%20DE%202007.pdf HTTP/1.1" 200 552483
220.181.108.113 - - [31/Dec/2014:02:02:16 -0500] "GET /BLA/boletinlegal/circulares/6-2013-SDA.pdf HTTP/1.1" 200 4210437
66.249.64.163 - - [31/Dec/2014:02:02:16 -0500] "GET /Report2/logout.do HTTP/1.1" 503 1020
66.249.64.167 - - [31/Dec/2014:02:03:18 -0500] "GET /BLA/resoluciones/RESOLUCIONES%202009/4164.pdf HTTP/1.1" 304 -
188.165.15.23 - - [31/Dec/2014:02:03:21 -0500] "GET /BLA/resoluciones/RESOLUCIONES%202005/RES%202005%203151-3180/00003160.tif HTTP/1.1" 200 136980
66.249.64.171 - - [31/Dec/2014:02:03:21 -0500] "GET /BLA/resoluciones/RESOLUCIONES%202010/2825.pdf HTTP/1.1" 200 800549
66.249.64.163 - - [31/Dec/2014:02:04:40 -0500] "GET /BLA/resoluciones/RESOLUCIONES%202010/0878.pdf HTTP/1.1" 200 106066
180.76.5.152 - - [31/Dec/2014:02:04:54 -0500] "GET /BLA/boletinlegal;jsessionid=819848D19FA0418F275AF9C73FDF5021?/? HTTP/1.1" 404 1018
66.249.64.167 - - [31/Dec/2014:02:05:10 -0500] "GET /BLA/resoluciones/RESOLUCIONES%202010/6138.pdf HTTP/1.1" 200 932479
180.76.5.223 - - [31/Dec/2014:02:05:33 -0500] "GET /BLA/resoluciones/AUTOS%202011/3187.pdf HTTP/1.1" 200 211178
66.249.64.43 - - [31/Dec/2014:02:06:02 -0500] "GET /BLA/boletinlegal/index.php HTTP/1.1" 200 49382
74.86.158.107 - - [31/Dec/2014:02:06:51 -0500] "HEAD / HTTP/1.1" 302 -
188.165.15.208 - - [31/Dec/2014:02:07:10 -0500] "GET /BLA/resoluciones/RESOLUCIONES%202001/2001%20800-849.TIF HTTP/1.1" 200 10905602
66.249.64.167 - - [31/Dec/2014:02:07:24 -0500] "GET /BLA/resoluciones/AUTOS%202012/1522.pdf HTTP/1.1" 304 -
64.71.32.17 - - [31/Dec/2014:02:08:37 -0500] "GET /wordpress/wp-admin/ HTTP/1.1" 404 1018
66.249.64.163 - - [31/Dec/2014:02:08:46 -0500] "GET /BLA/resoluciones/RESOLUCIONES%202007/RES%202007%203101%20AL%203200/RESOLUCION%203200%20DE%202007.pdf HTTP/1.1" 200 3094122
123.125.71.50 - - [31/Dec/2014:02:09:09 -0500] "GET / HTTP/1.1" 302 -
66.249.64.43 - - [31/Dec/2014:02:10:00 -0500] "GET /BLA/boletinlegal/Circulares/2013/Circular%20No.%206%20del%2019%20de%20julio%20de%202013.pdf HTTP/1.1" 200 4210437
188.165.15.37 - - [31/Dec/2014:02:10:00 -0500] "GET /BLA/resoluciones/RESOLUCIONES%202006/RES%202006%20201-250/00000219.tif HTTP/1.1" 200 144142
188.165.15.85 - - [31/Dec/2014:02:10:05 -0500] "GET /BLA/resoluciones/RESOLUCIONES%202003/RES%202003%202151-2189/20032185.tif HTTP/1.1" 200 94202
220.181.108.104 - - [31/Dec/2014:02:10:09 -0500] "GET / HTTP/1.1" 302 -
188.165.15.78 - - [31/Dec/2014:02:10:34 -0500] "GET /BLA/resoluciones/RESOLUCIONES%202002/RES%202002%20851-900/00000855.tif HTTP/1.1" 200 29440
188.165.15.78 - - [31/Dec/2014:02:10:37 -0500] "GET /BLA/resoluciones/RESOLUCIONES%202003/RES%202003%20101-150/2003RES120.tif HTTP/1.1" 200 289116
188.165.15.85 - - [31/Dec/2014:02:10:53 -0500] "GET /BLA/resoluciones/RESOLUCIONES%202004/RES%202004%201851-1900/00001892.tif HTTP/1.1" 200 290900
100.43.85.25 - - [31/Dec/2014:02:11:12 -0500] "GET /PruebasSTORM/StormSDA_pruebas/userFiles/user_files/formulas/3/323.xml HTTP/1.1" 200 1169
188.165.15.208 - - [31/Dec/2014:02:11:18 -0500] "GET /BLA/resoluciones/RESOLUCIONES%202002/RES%202002%20751-800/2002RES779.tif HTTP/1.1" 200 80710
180.76.6.138 - - [31/Dec/2014:02:11:43 -0500] "GET /BLA/resoluciones/AUTOS%202007/0596.pdf HTTP/1.1" 200 135869
74.86.158.107 - - [31/Dec/2014:02:11:51 -0500] "HEAD / HTTP/1.1" 302 -
66.249.64.167 - - [31/Dec/2014:02:13:00 -0500] "GET /BLA/resoluciones/RESOLUCIONES%202004/RES%202004%202051-2100/00002094.tif HTTP/1.1" 200 139574
66.249.64.167 - - [31/Dec/2014:02:13:03 -0500] "GET /BLA/resoluciones/AUTOS%202008/2110.pdf HTTP/1.1" 200 87453
66.249.64.163 - - [31/Dec/2014:02:13:07 -0500] "GET /BLA/resoluciones/RESOLUCIONES%202012/0984.pdf HTTP/1.1" 200 913427
66.249.64.171 - - [31/Dec/2014:02:13:10 -0500] "GET /BLA/resoluciones/RESOLUCIONES%202008/0120.pdf HTTP/1.1" 200 286438
66.249.64.167 - - [31/Dec/2014:02:14:15 -0500] "GET /BLA/resoluciones/RESOLUCIONES%202012/0997.pdf HTTP/1.1" 304 -
188.165.15.37 - - [31/Dec/2014:02:14:18 -0500] "GET /BLA/resoluciones/RESOLUCIONES%202003/RES%202003%20251-300/291.tif HTTP/1.1" 200 174760
188.165.15.208 - - [31/Dec/2014:02:14:32 -0500] "GET /BLA/resoluciones/RESOLUCIONES%202003/RES%202003%201451-1500/20031493.tif HTTP/1.1" 200 41728
66.249.64.167 - - [31/Dec/2014:02:15:05 -0500] "GET /BLA/resoluciones/AUTOS%202007/1509.pdf HTTP/1.1" 200 51601
180.76.6.233 - - [31/Dec/2014:02:15:19 -0500] "GET /BLA/resoluciones/RESOLUCIONES%202010/0129.pdf HTTP/1.1" 200 387278
188.186.41.221 - - [31/Dec/2014:02:15:37 -0500] "GET / HTTP/1.0" 302 -
66.249.64.163 - - [31/Dec/2014:02:15:37 -0500] "GET /BLA/resoluciones/AUTOS%202012/1817.pdf HTTP/1.1" 200 286861
66.249.64.47 - - [31/Dec/2014:02:16:28 -0500] "GET /BLA/boletinlegal/Circulares/2013/Circular%20No.%206%20del%2019%20de%20julio%20de%202013.pdf HTTP/1.1" 200 4210437
74.86.158.107 - - [31/Dec/2014:02:16:51 -0500] "HEAD / HTTP/1.1" 302 -
66.249.64.167 - - [31/Dec/2014:02:16:59 -0500] "GET /BLA/resoluciones/RESOLUCIONES%202009/4317.pdf HTTP/1.1" 200 800878
64.71.32.17 - - [31/Dec/2014:02:17:30 -0500] "GET /blog/wp-admin/ HTTP/1.1" 404 1018
200.106.160.213 - - [31/Dec/2014:02:17:51 -0500] "GET /BLA/boletinlegal/js/jquery.scrollTo-min.js HTTP/1.1" 200 1150
200.106.160.213 - - [31/Dec/2014:02:17:51 -0500] "GET /BLA/boletinlegal/js/jquery.scrollShow.js HTTP/1.1" 200 4586
200.106.160.213 - - [31/Dec/2014:02:17:51 -0500] "GET /BLA/boletinlegal/js/jquery.js HTTP/1.1" 200 57254
66.249.64.171 - - [31/Dec/2014:02:18:21 -0500] "GET /BLA/resoluciones/RESOLUCIONES%202008/5491.pdf HTTP/1.1" 200 218286
66.249.64.163 - - [31/Dec/2014:02:18:58 -0500] "GET /BLA/resoluciones/RESOLUCIONES%202000/2000%202750-2799.tif HTTP/1.1" 200 3331582
206.53.226.251 - - [31/Dec/2014:02:19:09 -0500] "GET /galeria/nivo-slider/demo/demo.html HTTP/1.1" 200 3150
66.249.64.171 - - [31/Dec/2014:02:19:43 -0500] "GET /BLA/resoluciones/RESOLUCIONES%202011/4167.pdf HTTP/1.1" 200 771180
66.249.64.167 - - [31/Dec/2014:02:20:14 -0500] "GET /BLA/resoluciones/RESOLUCIONES%202007/RES%202007%20901%20AL%201000/RESOLUCION%200998%20DE%202007.pdf HTTP/1.1" 200 382240
180.76.6.157 - - [31/Dec/2014:02:21:04 -0500] "GET /BLA/boletinlegal;jsessionid=CA1E25737AC8B70DACE9EF063838BD6D?/? HTTP/1.1" 404 1018
66.249.64.163 - - [31/Dec/2014:02:21:05 -0500] "GET /BLA/resoluciones/AUTOS%202007/2689.pdf HTTP/1.1" 200 172628
74.86.158.107 - - [31/Dec/2014:02:21:51 -0500] "HEAD / HTTP/1.1" 302 -
188.165.15.37 - - [31/Dec/2014:02:21:51 -0500] "GET /BLA/resoluciones/RESOLUCIONES%202002/RES%202002%201751-1800/20021791.tif HTTP/1.1" 200 136256
157.55.39.135 - - [31/Dec/2014:02:22:08 -0500] "GET /menu/js/jquery.mousewheel.js HTTP/1.1" 404 1018
66.249.64.163 - - [31/Dec/2014:02:22:13 -0500] "GET /BLA/resoluciones/RESOLUCIONES%202009/7963.pdf HTTP/1.1" 200 737270
66.249.64.171 - - [31/Dec/2014:02:22:27 -0500] "GET /BLA/resoluciones/RESOLUCIONES%202009/4982.pdf HTTP/1.1" 200 133602
66.249.64.171 - - [31/Dec/2014:02:23:50 -0500] "GET /BLA/resoluciones/AUTOS%202012/0129.pdf HTTP/1.1" 200 321291
66.249.64.171 - - [31/Dec/2014:02:25:00 -0500] "GET /BLA/resoluciones/AUTOS%202011/1882.pdf HTTP/1.1" 200 78840
66.249.64.163 - - [31/Dec/2014:02:25:12 -0500] "GET /BLA/resoluciones/Notificaciones/AUTOS%202013/1709.doc HTTP/1.1" 200 225280
64.71.32.17 - - [31/Dec/2014:02:26:32 -0500] "GET /wp/wp-admin/ HTTP/1.1" 404 1018
66.249.64.167 - - [31/Dec/2014:02:26:34 -0500] "GET /BLA/resoluciones/RESOLUCIONES%202007/RES%202007%201%20AL%20100/RESOLUCION%200062%20DE%202007.pdf HTTP/1.1" 200 228336
188.165.15.188 - - [31/Dec/2014:02:26:42 -0500] "GET /BLA/resoluciones/RESOLUCIONES%202002/RES%202002%201451-1500/20021470.tif HTTP/1.1" 200 43844
74.86.158.107 - - [31/Dec/2014:02:26:51 -0500] "HEAD / HTTP/1.1" 302 -
188.165.15.26 - - [31/Dec/2014:02:27:12 -0500] "GET /BLA/resoluciones/RESOLUCIONES%202003/RES%202003%201851--1900/20031893.tif HTTP/1.1" 200 290390
180.76.6.55 - - [31/Dec/2014:02:27:40 -0500] "GET /BLA/boletinlegal;jsessionid=172FE5664820F0E571A238B65DE67CC0?/? HTTP/1.1" 404 1018
188.165.15.10 - - [31/Dec/2014:02:27:51 -0500] "GET /BLA/resoluciones/RESOLUCIONES%202003/RES%202003%20251-300/279.tif HTTP/1.1" 200 154220
66.249.64.167 - - [31/Dec/2014:02:27:56 -0500] "GET /BLA/resoluciones/RESOLUCIONES%202007/RES%202007%202301%20AL%202400/RESOLUCION%202324%20DE%202007.pdf HTTP/1.1" 200 484718
188.165.15.192 - - [31/Dec/2014:02:28:11 -0500] "GET /BLA/resoluciones/RESOLUCIONES%202003/RES%202003%202151-2189/20032184.tif HTTP/1.1" 200 125702
188.165.15.85 - - [31/Dec/2014:02:28:45 -0500] "GET /BLA/resoluciones/RESOLUCIONES%202002/RES%202002%201051-1100/00001098.tif HTTP/1.1" 200 273456
66.249.64.171 - - [31/Dec/2014:02:29:18 -0500] "GET /BLA/resoluciones/RESOLUCIONES%202008/0776.pdf HTTP/1.1" 200 116463
66.249.64.171 - - [31/Dec/2014:02:29:28 -0500] "GET /BLA/resoluciones/AUTOS%202007/1958.pdf HTTP/1.1" 200 211782
100.43.85.25 - - [31/Dec/2014:02:29:33 -0500] "GET /PruebasSTORM/StormSDA_pruebas/userFiles/user_files/formulas/3/510.xml HTTP/1.1" 200 985
188.165.15.23 - - [31/Dec/2014:02:29:36 -0500] "GET /BLA/resoluciones/RESOLUCIONES%202003/RES%202003%20751-800/755.tif HTTP/1.1" 200 127164
66.249.64.167 - - [31/Dec/2014:02:30:05 -0500] "GET /BLA/resoluciones/Autos%202008/2015.pdf HTTP/1.1" 200 254447
66.249.64.171 - - [31/Dec/2014:02:30:14 -0500] "GET /autoliquidacion/index.php?dir=TR%C1MITES%20ACEITES-RESIDUOS-ESTACIONES/REG.%20GENERADOR/&sort=name&order=desc HTTP/1.1" 200 3497
66.249.64.171 - - [31/Dec/2014:02:30:18 -0500] "GET /BLA/resoluciones/Autos%202008/1470.pdf HTTP/1.1" 200 77695
66.249.64.167 - - [31/Dec/2014:02:30:40 -0500] "GET /BLA/resoluciones/RESOLUCIONES%202012/1068.pdf HTTP/1.1" 304 -
74.86.158.107 - - [31/Dec/2014:02:31:51 -0500] "HEAD / HTTP/1.1" 302 -
66.249.64.163 - - [31/Dec/2014:02:32:02 -0500] "GET /BLA/resoluciones/RESOLUCIONES%202012/1544.pdf HTTP/1.1" 200 313428
66.249.64.163 - - [31/Dec/2014:02:32:11 -0500] "GET /BLA/resoluciones/AUTOS%202007/2489.pdf HTTP/1.1" 200 67331
188.165.15.44 - - [31/Dec/2014:02:32:22 -0500] "GET /BLA/resoluciones/RESOLUCIONES%202002/RES%202002%201801-1850/20021806.tif HTTP/1.1" 200 136844
188.165.15.192 - - [31/Dec/2014:02:32:23 -0500] "GET /manual_funciones_Listado/index.php?dir=2.5.+Direcci%F3n+de+Gesti%F3n+Corporativa%2F HTTP/1.1" 404 1018
66.249.64.163 - - [31/Dec/2014:02:33:24 -0500] "GET /BLA/resoluciones/AUTOS%202014/3548.pdf HTTP/1.1" 304 -
66.249.64.171 - - [31/Dec/2014:02:34:29 -0500] "GET /BLA/resoluciones/RESOLUCIONES%202010/5544.pdf HTTP/1.1" 304 -
66.249.64.163 - - [31/Dec/2014:02:34:47 -0500] "GET /BLA/resoluciones/AUTOS%202009/3033.pdf HTTP/1.1" 304 -
188.165.15.23 - - [31/Dec/2014:02:34:48 -0500] "GET /BLA/resoluciones/RESOLUCIONES%202005/RES%202005%20551-600/00000551.tif HTTP/1.1" 200 114060
188.165.15.208 - - [31/Dec/2014:02:35:21 -0500] "GET /BLA/resoluciones/RESOLUCIONES%202005/RES%202005%202951-3000/00002979.tif HTTP/1.1" 200 711688
180.76.5.189 - - [31/Dec/2014:02:35:28 -0500] "GET /BLA/boletinlegal;jsessionid=D0566FB699EE01AF799D6B0105DDA167?/? HTTP/1.1" 404 1018
64.71.32.17 - - [31/Dec/2014:02:35:35 -0500] "GET /old/wp-admin/ HTTP/1.1" 404 1018
188.165.15.208 - - [31/Dec/2014:02:36:06 -0500] "GET /BLA/resoluciones/RESOLUCIONES%202005/RES%202005%201-50/00000001.tif HTTP/1.1" 200 46412
66.249.64.167 - - [31/Dec/2014:02:36:09 -0500] "GET /BLA/resoluciones/RESOLUCIONES%202008/1317.pdf HTTP/1.1" 200 780307
74.86.158.107 - - [31/Dec/2014:02:36:51 -0500] "HEAD / HTTP/1.1" 302 -
66.249.64.171 - - [31/Dec/2014:02:37:26 -0500] "GET /BLA/resoluciones/Autos%202008/0700.pdf HTTP/1.1" 200 82255
188.165.15.78 - - [31/Dec/2014:02:37:28 -0500] "GET /BLA/resoluciones/RESOLUCIONES%202004/RES%202004%20501-550/00000549.tif HTTP/1.1" 200 299788
66.249.64.171 - - [31/Dec/2014:02:37:31 -0500] "GET /BLA/resoluciones/RESOLUCIONES%202007/RES%202007%203001%20AL%203100/RESOLUCION%203061%20DE%202007.pdf HTTP/1.1" 304 -
188.165.15.85 - - [31/Dec/2014:02:37:46 -0500] "GET /BLA/resoluciones/RESOLUCIONES%202005/RES%202005%201551-1600/00001571.tif HTTP/1.1" 200 348526
188.165.15.188 - - [31/Dec/2014:02:38:19 -0500] "GET /BLA/resoluciones/RESOLUCIONES%202002/RES%202002%201001-1050/2002RES1029.tif HTTP/1.1" 200 279112
186.155.54.167 - - [31/Dec/2014:02:38:19 -0500] "GET /BLA/boletinlegal/js/jquery.js HTTP/1.1" 200 57254
186.155.54.167 - - [31/Dec/2014:02:38:19 -0500] "GET /BLA/boletinlegal/js/jquery.scrollTo-min.js HTTP/1.1" 200 1150
186.155.54.167 - - [31/Dec/2014:02:38:19 -0500] "GET /galeria/carrusel/Carrusel/jquery.thumbnailScroller.css HTTP/1.1" 200 2066
186.155.54.167 - - [31/Dec/2014:02:38:19 -0500] "GET /galeria/carrusel/Carrusel/jquery.thumbnailScroller.js HTTP/1.1" 200 8157
186.155.54.167 - - [31/Dec/2014:02:38:19 -0500] "GET /BLA/boletinlegal/js/jquery.scrollShow.js HTTP/1.1" 200 4586
186.155.54.167 - - [31/Dec/2014:02:38:19 -0500] "GET /galeria/carrusel/Carrusel/jquery-ui-1.8.13.custom.min.js HTTP/1.1" 200 10800
186.155.54.167 - - [31/Dec/2014:02:38:21 -0500] "GET /galeria/nivo-slider/demo/demo.html HTTP/1.1" 200 3150
186.155.54.167 - - [31/Dec/2014:02:38:23 -0500] "GET /galeria/nivo-slider/themes/default/default.css HTTP/1.1" 200 1569
186.155.54.167 - - [31/Dec/2014:02:38:23 -0500] "GET /galeria/nivo-slider/themes/pascal/pascal.css HTTP/1.1" 200 2258
186.155.54.167 - - [31/Dec/2014:02:38:23 -0500] "GET /galeria/nivo-slider/themes/orman/orman.css HTTP/1.1" 200 2152
186.155.54.167 - - [31/Dec/2014:02:38:23 -0500] "GET /galeria/nivo-slider/nivo-slider.css HTTP/1.1" 200 1507
186.155.54.167 - - [31/Dec/2014:02:38:23 -0500] "GET /galeria/nivo-slider/demo/images/bolsas-08.jpg HTTP/1.1" 200 85589
186.155.54.167 - - [31/Dec/2014:02:38:23 -0500] "GET /galeria/nivo-slider/demo/style.css HTTP/1.1" 200 2222
186.155.54.167 - - [31/Dec/2014:02:38:23 -0500] "GET /galeria/nivo-slider/demo/images/Ruta-vertimientos-01.jpg HTTP/1.1" 200 130151
186.155.54.167 - - [31/Dec/2014:02:38:23 -0500] "GET /galeria/nivo-slider/demo/scripts/jquery-1.7.1.min.js HTTP/1.1" 200 93868
186.155.54.167 - - [31/Dec/2014:02:38:23 -0500] "GET /galeria/nivo-slider/demo/images/bolsas-06.jpg HTTP/1.1" 200 90982
186.155.54.167 - - [31/Dec/2014:02:38:23 -0500] "GET /galeria/nivo-slider/demo/images/porloshumedales.jpg HTTP/1.1" 200 351238
186.155.54.167 - - [31/Dec/2014:02:38:23 -0500] "GET /galeria/nivo-slider/demo/images/ecolecta-Dic2014.png HTTP/1.1" 200 288593
186.155.54.167 - - [31/Dec/2014:02:38:24 -0500] "GET /galeria/nivo-slider/jquery.nivo.slider.pack.js HTTP/1.1" 200 11561
186.155.54.167 - - [31/Dec/2014:02:38:24 -0500] "GET /galeria/nivo-slider/demo/images/Tingua-azul.jpg HTTP/1.1" 200 307638
186.155.54.167 - - [31/Dec/2014:02:38:24 -0500] "GET /galeria/nivo-slider/demo/images/Banner-Caracol-Africano.jpg HTTP/1.1" 200 331986
186.155.54.167 - - [31/Dec/2014:02:38:24 -0500] "GET /galeria/nivo-slider/demo/images/banner-redes.jpg HTTP/1.1" 200 62209
186.155.54.167 - - [31/Dec/2014:02:38:24 -0500] "GET /galeria/nivo-slider/demo/images/9Signos.jpg HTTP/1.1" 200 93040
186.155.54.167 - - [31/Dec/2014:02:38:24 -0500] "GET /galeria/nivo-slider/demo/images/banner-llantas2.jpg HTTP/1.1" 200 73153
186.155.54.167 - - [31/Dec/2014:02:38:24 -0500] "GET /galeria/nivo-slider/demo/images/banner-caballos.png HTTP/1.1" 200 389106
186.155.54.167 - - [31/Dec/2014:02:38:30 -0500] "GET /galeria/nivo-slider/demo/images/4Simple_Slider.png HTTP/1.1" 200 11722
186.155.54.167 - - [31/Dec/2014:02:38:30 -0500] "GET /galeria/nivo-slider/themes/default/loading.gif HTTP/1.1" 200 1737
186.155.54.167 - - [31/Dec/2014:02:38:31 -0500] "GET /galeria/nivo-slider/themes/default/arrows.png HTTP/1.1" 200 824
186.155.54.167 - - [31/Dec/2014:02:38:31 -0500] "GET /galeria/nivo-slider/themes/default/bullets.png HTTP/1.1" 200 1281
186.155.54.167 - - [31/Dec/2014:02:38:36 -0500] "GET /videos/Spot_CambioClimatico.flv HTTP/1.1" 200 4371917
188.165.15.192 - - [31/Dec/2014:02:38:36 -0500] "GET /BLA/resoluciones/RESOLUCIONES%202003/RES%202003%20051-100/2003RES67.tif HTTP/1.1" 200 206408
66.249.64.167 - - [31/Dec/2014:02:38:39 -0500] "GET /BLA/resoluciones/Autos%202008/0606.pdf HTTP/1.1" 200 153799
66.249.64.171 - - [31/Dec/2014:02:38:53 -0500] "GET /BLA/resoluciones/RESOLUCIONES%202009/6293.pdf HTTP/1.1" 200 430541
186.155.54.167 - - [31/Dec/2014:02:39:17 -0500] "GET /videos/Spot_CambioClimatico.flv HTTP/1.1" 206 1
186.155.54.167 - - [31/Dec/2014:02:39:18 -0500] "GET /videos/Spot_CambioClimatico.flv HTTP/1.1" 206 3818690
66.249.64.171 - - [31/Dec/2014:02:39:26 -0500] "GET /BLA/resoluciones/RESOLUCIONES%202007/RES%202007%201401%20AL%201500/RESOLUCION%201407%20DE%202007.pdf HTTP/1.1" 200 343493
188.165.15.85 - - [31/Dec/2014:02:39:28 -0500] "GET /BLA/resoluciones/RESOLUCIONES%202004/RES%202004%201301-1350/00001333.tif HTTP/1.1" 200 87480
186.155.54.167 - - [31/Dec/2014:02:40:01 -0500] "GET /videos/ArchivoSDA.flv HTTP/1.1" 200 31205279
66.249.64.163 - - [31/Dec/2014:02:40:05 -0500] "GET /BLA/resoluciones/Notificaciones/AUTOS%202013/2181.doc HTTP/1.1" 200 944128
66.249.64.163 - - [31/Dec/2014:02:40:14 -0500] "GET /BLA/resoluciones/RESOLUCIONES%202004/RES%202004%201001-1050/00001048.tif HTTP/1.1" 200 242530
66.249.64.167 - - [31/Dec/2014:02:40:18 -0500] "GET /BLA/resoluciones/RESOLUCIONES%202008/1693.pdf HTTP/1.1" 200 215688
180.76.5.194 - - [31/Dec/2014:02:40:20 -0500] "GET /BLA/boletinlegal;jsessionid=499E93CEAE60C5ED2921F7FEA5475330?/? HTTP/1.1" 404 1018
200.119.34.147 - - [31/Dec/2014:02:41:15 -0500] "GET /BLA/boletinlegal/js/jquery.js HTTP/1.1" 200 57254
200.119.34.147 - - [31/Dec/2014:02:41:15 -0500] "GET /BLA/boletinlegal/js/jquery.scrollTo-min.js HTTP/1.1" 200 1150
200.119.34.147 - - [31/Dec/2014:02:41:15 -0500] "GET /galeria/carrusel/Carrusel/jquery.thumbnailScroller.css HTTP/1.1" 200 2066
200.119.34.147 - - [31/Dec/2014:02:41:15 -0500] "GET /BLA/boletinlegal/js/jquery.scrollShow.js HTTP/1.1" 200 4586
200.119.34.147 - - [31/Dec/2014:02:41:15 -0500] "GET /galeria/carrusel/Carrusel/jquery-ui-1.8.13.custom.min.js HTTP/1.1" 200 10800
200.119.34.147 - - [31/Dec/2014:02:41:15 -0500] "GET /galeria/carrusel/Carrusel/jquery.thumbnailScroller.js HTTP/1.1" 200 8157
200.119.34.147 - - [31/Dec/2014:02:41:16 -0500] "GET /galeria/nivo-slider/demo/demo.html HTTP/1.1" 200 3150
200.119.34.147 - - [31/Dec/2014:02:41:17 -0500] "GET /galeria/nivo-slider/themes/default/default.css HTTP/1.1" 200 1569
200.119.34.147 - - [31/Dec/2014:02:41:17 -0500] "GET /galeria/nivo-slider/nivo-slider.css HTTP/1.1" 200 1507
200.119.34.147 - - [31/Dec/2014:02:41:17 -0500] "GET /galeria/nivo-slider/themes/orman/orman.css HTTP/1.1" 200 2152
200.119.34.147 - - [31/Dec/2014:02:41:17 -0500] "GET /galeria/nivo-slider/themes/pascal/pascal.css HTTP/1.1" 200 2258
200.119.34.147 - - [31/Dec/2014:02:41:17 -0500] "GET /galeria/nivo-slider/demo/style.css HTTP/1.1" 200 2222
200.119.34.147 - - [31/Dec/2014:02:41:17 -0500] "GET /galeria/nivo-slider/demo/scripts/jquery-1.7.1.min.js HTTP/1.1" 200 93868
200.119.34.147 - - [31/Dec/2014:02:41:17 -0500] "GET /galeria/nivo-slider/jquery.nivo.slider.pack.js HTTP/1.1" 200 11561
200.119.34.147 - - [31/Dec/2014:02:41:17 -0500] "GET /galeria/nivo-slider/demo/images/bolsas-08.jpg HTTP/1.1" 200 85589
200.119.34.147 - - [31/Dec/2014:02:41:17 -0500] "GET /galeria/nivo-slider/demo/images/Ruta-vertimientos-01.jpg HTTP/1.1" 200 130151
200.119.34.147 - - [31/Dec/2014:02:41:17 -0500] "GET /galeria/nivo-slider/demo/images/bolsas-06.jpg HTTP/1.1" 200 90982
200.119.34.147 - - [31/Dec/2014:02:41:17 -0500] "GET /galeria/nivo-slider/demo/images/ecolecta-Dic2014.png HTTP/1.1" 200 288593
200.119.34.147 - - [31/Dec/2014:02:41:17 -0500] "GET /galeria/nivo-slider/demo/images/porloshumedales.jpg HTTP/1.1" 200 351238
200.119.34.147 - - [31/Dec/2014:02:41:18 -0500] "GET /galeria/nivo-slider/demo/images/Tingua-azul.jpg HTTP/1.1" 200 307638
200.119.34.147 - - [31/Dec/2014:02:41:18 -0500] "GET /galeria/nivo-slider/demo/images/Banner-Caracol-Africano.jpg HTTP/1.1" 200 331986
200.119.34.147 - - [31/Dec/2014:02:41:18 -0500] "GET /galeria/nivo-slider/demo/images/banner-redes.jpg HTTP/1.1" 200 62209
200.119.34.147 - - [31/Dec/2014:02:41:19 -0500] "GET /galeria/nivo-slider/demo/images/9Signos.jpg HTTP/1.1" 200 93040
200.119.34.147 - - [31/Dec/2014:02:41:20 -0500] "GET /galeria/nivo-slider/demo/images/banner-llantas2.jpg HTTP/1.1" 200 73153
200.119.34.147 - - [31/Dec/2014:02:41:21 -0500] "GET /galeria/nivo-slider/demo/images/banner-caballos.png HTTP/1.1" 200 389106
200.119.34.147 - - [31/Dec/2014:02:41:21 -0500] "GET /galeria/nivo-slider/demo/images/4Simple_Slider.png HTTP/1.1" 200 11722
200.119.34.147 - - [31/Dec/2014:02:41:21 -0500] "GET /galeria/nivo-slider/themes/default/loading.gif HTTP/1.1" 200 1737
200.119.34.147 - - [31/Dec/2014:02:41:26 -0500] "GET /galeria/nivo-slider/themes/default/arrows.png HTTP/1.1" 200 824
200.119.34.147 - - [31/Dec/2014:02:41:26 -0500] "GET /galeria/nivo-slider/themes/default/bullets.png HTTP/1.1" 200 1281
66.249.64.163 - - [31/Dec/2014:02:41:37 -0500] "GET /BLA/resoluciones/RESOLUCIONES%202013/0172.pdf HTTP/1.1" 304 -
190.250.65.38 - - [31/Dec/2014:02:41:46 -0500] "GET /BLA/resoluciones/Notificaciones/AUTOS%202014/3955.doc HTTP/1.1" 200 137216
74.86.158.107 - - [31/Dec/2014:02:41:51 -0500] "HEAD / HTTP/1.1" 302 -
66.249.64.171 - - [31/Dec/2014:02:42:59 -0500] "GET /BLA/resoluciones/RESOLUCIONES%202009/7655.pdf HTTP/1.1" 304 -
66.249.64.171 - - [31/Dec/2014:02:44:21 -0500] "GET /BLA/resoluciones/RESOLUCIONES%202009/8760.pdf HTTP/1.1" 200 531979
188.165.15.26 - - [31/Dec/2014:02:44:42 -0500] "GET /BLA/resoluciones/RESOLUCIONES%202005/RES%202005%20951-1000/00000984.tif HTTP/1.1" 200 355328
188.165.15.188 - - [31/Dec/2014:02:45:31 -0500] "GET /BLA/resoluciones/RESOLUCIONES%202002/RES%202002%20101-150/2002RES117.tif HTTP/1.1" 200 172340
66.249.64.167 - - [31/Dec/2014:02:45:44 -0500] "GET /BLA/resoluciones/RESOLUCIONES%202009/5846.pdf HTTP/1.1" 304 -
180.76.5.78 - - [31/Dec/2014:02:46:25 -0500] "GET /BLA/resoluciones/RESOLUCIONES%202007/RES%202007%202001%20AL%202100/RESOLUCION%202012%20DE%202007.pdf HTTP/1.1" 200 230255
188.165.15.208 - - [31/Dec/2014:02:46:45 -0500] "GET /BLA/resoluciones/RESOLUCIONES%202002/RES%202002%20201-250/2002RES250.tif HTTP/1.1" 200 46408
74.86.158.107 - - [31/Dec/2014:02:46:51 -0500] "HEAD / HTTP/1.1" 302 -
66.249.64.171 - - [31/Dec/2014:02:47:06 -0500] "GET /BLA/resoluciones/RESOLUCIONES%202007/RES%202007%204101%20AL%204200/RESOLUCION%204150%20DE%202007.pdf HTTP/1.1" 200 1150324
66.249.64.171 - - [31/Dec/2014:02:47:37 -0500] "GET /BLA/resoluciones/RESOLUCIONES%202000/2000%201300-1349.tif HTTP/1.1" 200 5095471
100.43.85.25 - - [31/Dec/2014:02:47:54 -0500] "GET /PruebasSTORM/StormSDA_pruebas/userFiles/user_files/formulas/3/270.xml HTTP/1.1" 200 663
188.165.15.85 - - [31/Dec/2014:02:48:23 -0500] "GET /BLA/resoluciones/RESOLUCIONES%202003/RES%202003%201951-2000/00001988.tif HTTP/1.1" 200 58960
66.249.64.171 - - [31/Dec/2014:02:48:25 -0500] "GET /BLA/resoluciones/AUTOS%202011/2560.pdf HTTP/1.1" 200 144031
66.249.64.163 - - [31/Dec/2014:02:48:28 -0500] "GET /BLA/resoluciones/AUTOS%202013/2473.pdf HTTP/1.1" 304 -
66.249.64.167 - - [31/Dec/2014:02:48:41 -0500] "GET /BLA/resoluciones/Autos%202008/2671.pdf HTTP/1.1" 200 165873
181.137.232.102 - - [31/Dec/2014:02:49:00 -0500] "GET /BLA/boletinlegal/js/jquery.scrollShow.js HTTP/1.1" 200 4586
181.137.232.102 - - [31/Dec/2014:02:49:00 -0500] "GET /BLA/boletinlegal/js/jquery.js HTTP/1.1" 200 57254
181.137.232.102 - - [31/Dec/2014:02:49:00 -0500] "GET /BLA/boletinlegal/js/jquery.scrollTo-min.js HTTP/1.1" 200 1150
66.249.64.171 - - [31/Dec/2014:02:49:50 -0500] "GET /BLA/resoluciones/RESOLUCIONES%202007/RES%202007%201501%20AL%201600/RESOLUCION%201576%20DE%202007.pdf HTTP/1.1" 200 511568
66.249.64.171 - - [31/Dec/2014:02:50:11 -0500] "GET /BLA/resoluciones/Autos%202008/2789.pdf HTTP/1.1" 200 134253
66.249.64.171 - - [31/Dec/2014:02:50:21 -0500] "GET /BLA/resoluciones/AUTOS%202011/1892.pdf HTTP/1.1" 200 160213
66.249.64.163 - - [31/Dec/2014:02:50:24 -0500] "GET /BLA/resoluciones/RESOLUCIONES%202007/RES%202007%203501%20AL%203600/RESOLUCION%203585%20%20DE%202007.pdf HTTP/1.1" 200 84821
180.76.6.225 - - [31/Dec/2014:02:50:35 -0500] "GET /BLA/resoluciones/RESOLUCIONES%202010/0994.pdf HTTP/1.1" 200 95839
66.249.64.167 - - [31/Dec/2014:02:51:12 -0500] "GET /BLA/resoluciones/RESOLUCIONES%202007/RES%202007%20501%20AL%20600/RESOLUCION%200596%20DE%202007.pdf HTTP/1.1" 200 178902
66.249.64.167 - - [31/Dec/2014:02:51:20 -0500] "GET /BLA/resoluciones/Autos%202008/2322.pdf HTTP/1.1" 200 167046
74.86.158.107 - - [31/Dec/2014:02:51:51 -0500] "HEAD / HTTP/1.1" 302 -
188.165.15.26 - - [31/Dec/2014:02:52:05 -0500] "GET /BLA/resoluciones/RESOLUCIONES%202002/RES%202002%20401-450/00000416.tif HTTP/1.1" 200 58376
66.249.64.163 - - [31/Dec/2014:02:52:20 -0500] "GET /BLA/resoluciones/Autos%202008/2521.pdf HTTP/1.1" 200 221805
66.249.64.167 - - [31/Dec/2014:02:52:23 -0500] "GET /BLA/resoluciones/AUTOS%202011/1987.pdf HTTP/1.1" 200 11680
66.249.64.167 - - [31/Dec/2014:02:52:34 -0500] "GET /BLA/resoluciones/RESOLUCIONES%202009/5949.pdf HTTP/1.1" 200 597247
180.76.6.20 - - [31/Dec/2014:02:53:20 -0500] "GET /BLA/boletinlegal;jsessionid=229D21865402FD3617C442E96AD974DD?/? HTTP/1.1" 404 1018
188.165.15.85 - - [31/Dec/2014:02:53:21 -0500] "GET /BLA/resoluciones/RESOLUCIONES%202004/RES%202004%20351-400/00000375.tif HTTP/1.1" 200 100858
188.165.15.192 - - [31/Dec/2014:02:53:28 -0500] "GET /BLA/resoluciones/RESOLUCIONES%202005/RES%202005%20801-850/00000811.tif HTTP/1.1" 200 137576
66.249.64.167 - - [31/Dec/2014:02:53:56 -0500] "GET /autoliquidacion/index.php?dir=Solicitudes+relacionadas+con+ocupaci%F3n+de+cauce%2F HTTP/1.1" 200 2802
200.119.34.147 - - [31/Dec/2014:02:55:15 -0500] "GET /BLA/boletinlegal/styles2.css HTTP/1.1" 200 1838
200.119.34.147 - - [31/Dec/2014:02:55:15 -0500] "GET /BLA/boletinlegal/style.css HTTP/1.1" 200 9406
200.119.34.147 - - [31/Dec/2014:02:55:15 -0500] "GET /BLA/boletinlegal/images/nuevo.gif HTTP/1.1" 200 26475
200.119.34.147 - - [31/Dec/2014:02:55:15 -0500] "GET /BLA/boletinlegal/images/subscribe-icon-big.png HTTP/1.1" 200 47702
200.119.34.147 - - [31/Dec/2014:02:55:15 -0500] "GET /BLA/boletinlegal/images/arr_l.jpg HTTP/1.1" 200 1979
200.119.34.147 - - [31/Dec/2014:02:55:15 -0500] "GET /BLA/boletinlegal/images/cabezote%20BLEGAL.jpg HTTP/1.1" 200 118164
200.119.34.147 - - [31/Dec/2014:02:55:15 -0500] "GET /BLA/boletinlegal/images/historia.png HTTP/1.1" 200 52775
200.119.34.147 - - [31/Dec/2014:02:55:15 -0500] "GET /BLA/boletinlegal/images/screen_1.png HTTP/1.1" 200 202547
200.119.34.147 - - [31/Dec/2014:02:55:15 -0500] "GET /BLA/boletinlegal/images/launch.jpg HTTP/1.1" 200 14577
200.119.34.147 - - [31/Dec/2014:02:55:16 -0500] "GET /BLA/boletinlegal/images/screen_2.png HTTP/1.1" 200 362502
200.119.34.147 - - [31/Dec/2014:02:55:16 -0500] "GET /BLA/boletinlegal/images/screen_3.png HTTP/1.1" 200 211853
200.119.34.147 - - [31/Dec/2014:02:55:16 -0500] "GET /BLA/boletinlegal/images/screen_5.png HTTP/1.1" 200 368876
200.119.34.147 - - [31/Dec/2014:02:55:16 -0500] "GET /BLA/boletinlegal/images/arr_r.jpg HTTP/1.1" 200 1998
200.119.34.147 - - [31/Dec/2014:02:55:16 -0500] "GET /BLA/boletinlegal/images/pdf.gif HTTP/1.1" 200 567
200.119.34.147 - - [31/Dec/2014:02:55:17 -0500] "GET /BLA/boletinlegal/images/body_bg.jpg HTTP/1.1" 200 1601
200.119.34.147 - - [31/Dec/2014:02:55:17 -0500] "GET /BLA/boletinlegal/images/menu_lft.gif HTTP/1.1" 200 1713
200.119.34.147 - - [31/Dec/2014:02:55:17 -0500] "GET /BLA/boletinlegal/images/menu_rght.gif HTTP/1.1" 200 1627
200.119.34.147 - - [31/Dec/2014:02:55:17 -0500] "GET /BLA/boletinlegal/images/bg_top.jpg HTTP/1.1" 200 522
200.119.34.147 - - [31/Dec/2014:02:55:17 -0500] "GET /BLA/boletinlegal/images/menu_bg.jpg HTTP/1.1" 200 620
200.119.34.147 - - [31/Dec/2014:02:55:17 -0500] "GET /BLA/boletinlegal/images/hover.jpg HTTP/1.1" 200 640
200.119.34.147 - - [31/Dec/2014:02:55:17 -0500] "GET /BLA/boletinlegal/images/text.jpg HTTP/1.1" 200 568
200.119.34.147 - - [31/Dec/2014:02:55:17 -0500] "GET /BLA/boletinlegal/images/footer_bg.jpg HTTP/1.1" 200 586
66.249.64.163 - - [31/Dec/2014:02:55:18 -0500] "GET /BLA/resoluciones/AUTOS%202008/2831.pdf HTTP/1.1" 200 65572
200.119.34.147 - - [31/Dec/2014:02:55:19 -0500] "GET /favicon.ico HTTP/1.1" 200 7782
200.119.34.147 - - [31/Dec/2014:02:55:19 -0500] "GET /BLA/boletinlegal/actos.php HTTP/1.1" 200 7534
200.119.34.147 - - [31/Dec/2014:02:55:19 -0500] "GET /BLA/boletinlegal/js/ajax_actos.js HTTP/1.1" 200 1322
200.119.34.147 - - [31/Dec/2014:02:55:19 -0500] "GET /BLA/boletinlegal/niceforms.js HTTP/1.1" 200 22876
200.119.34.147 - - [31/Dec/2014:02:55:19 -0500] "GET /BLA/boletinlegal/niceforms-default.css HTTP/1.1" 200 6694
200.119.34.147 - - [31/Dec/2014:02:55:19 -0500] "GET /BLA/boletinlegal/js/popup.js HTTP/1.1" 200 1270
200.119.34.147 - - [31/Dec/2014:02:55:19 -0500] "GET /BLA/boletinlegal/js/lib.js HTTP/1.1" 200 6474
200.119.34.147 - - [31/Dec/2014:02:55:19 -0500] "GET /BLA/boletinlegal/js/jquery1.js HTTP/1.1" 200 29846
200.119.34.147 - - [31/Dec/2014:02:55:19 -0500] "GET /BLA/boletinlegal/images/abajo.png HTTP/1.1" 200 96676
200.119.34.147 - - [31/Dec/2014:02:55:19 -0500] "GET /BLA/boletinlegal/images/green-yellow-blue-pink-th.png HTTP/1.1" 200 7394
200.119.34.147 - - [31/Dec/2014:02:55:19 -0500] "GET /BLA/boletinlegal/images/footer_bg_l.jpg HTTP/1.1" 200 776
200.119.34.147 - - [31/Dec/2014:02:55:20 -0500] "GET /BLA/boletinlegal/img/0.png HTTP/1.1" 200 110
200.119.34.147 - - [31/Dec/2014:02:55:20 -0500] "GET /BLA/boletinlegal/img/select-left.png HTTP/1.1" 200 263
200.119.34.147 - - [31/Dec/2014:02:55:20 -0500] "GET /BLA/boletinlegal/img/select-right.png HTTP/1.1" 200 44019
200.119.34.147 - - [31/Dec/2014:02:55:20 -0500] "GET /BLA/boletinlegal/img/button-left.png HTTP/1.1" 200 57071
200.119.34.147 - - [31/Dec/2014:02:55:20 -0500] "GET /BLA/boletinlegal/img/button-right.png HTTP/1.1" 200 57878
200.119.34.147 - - [31/Dec/2014:02:55:20 -0500] "GET /BLA/boletinlegal/img/button.png HTTP/1.1" 200 43241
200.119.34.147 - - [31/Dec/2014:02:55:22 -0500] "GET /BLA/boletinlegal/conceptos.php HTTP/1.1" 200 6081
200.119.34.147 - - [31/Dec/2014:02:55:22 -0500] "GET /BLA/boletinlegal/js/ajax_conceptos.js HTTP/1.1" 200 1326
200.119.34.147 - - [31/Dec/2014:02:55:31 -0500] "GET /BLA/boletinlegal/consulta_conceptos.php?no=160&solicitante=&radicado_entrada=&fecha_concepto=2014&objeto= HTTP/1.1" 200 898
200.119.34.147 - - [31/Dec/2014:02:55:33 -0500] "GET /BLA/boletinlegal/conceptos/2014/160.pdf HTTP/1.1" 200 848108
200.119.34.147 - - [31/Dec/2014:02:55:05 -0500] "GET /BLA/boletinlegal/ HTTP/1.1" 200 37155
200.119.34.147 - - [31/Dec/2014:02:55:35 -0500] "GET /BLA/boletinlegal/conceptos/2014/160.pdf HTTP/1.1" 206 61676
200.119.34.147 - - [31/Dec/2014:02:55:35 -0500] "GET /BLA/boletinlegal/conceptos/2014/160.pdf HTTP/1.1" 206 65536
200.119.34.147 - - [31/Dec/2014:02:55:35 -0500] "GET /BLA/boletinlegal/conceptos/2014/160.pdf HTTP/1.1" 206 65536
200.119.34.147 - - [31/Dec/2014:02:55:35 -0500] "GET /BLA/boletinlegal/conceptos/2014/160.pdf HTTP/1.1" 206 65536
188.165.15.37 - - [31/Dec/2014:02:56:03 -0500] "GET /BLA/resoluciones/index.php?dir=RESOLUCIONES%202003/RES%202003%20151-200/&sort=name&order=desc HTTP/1.1" 200 12345
66.249.64.163 - - [31/Dec/2014:02:56:41 -0500] "GET /BLA/resoluciones/RESOLUCIONES%202007/RES%202007%20801%20AL%20900/RESOLUCION%200823%20DE%202007.pdf HTTP/1.1" 200 190793
74.86.158.107 - - [31/Dec/2014:02:56:51 -0500] "HEAD / HTTP/1.1" 302 -
220.181.108.150 - - [31/Dec/2014:02:57:23 -0500] "GET /BLA/resoluciones/RESOLUCIONES%202009/2379.pdf HTTP/1.1" 200 426094
188.165.15.85 - - [31/Dec/2014:02:57:50 -0500] "GET /BLA/resoluciones/RESOLUCIONES%202003/RES%202003%20851-900/875.tif HTTP/1.1" 200 221656
188.165.15.130 - - [31/Dec/2014:02:58:02 -0500] "GET /BLA/resoluciones/RESOLUCIONES%202005/RES%202005%202001-2050/00002015.tif HTTP/1.1" 200 611466
66.249.64.167 - - [31/Dec/2014:02:58:03 -0500] "GET /BLA/resoluciones/RESOLUCIONES%202007/RES%202007%20401%20AL%20500/RESOLUCION%200408.pdf HTTP/1.1" 200 797208
66.249.64.167 - - [31/Dec/2014:02:58:06 -0500] "GET /BLA/resoluciones/AUTOS%202012/1871.pdf HTTP/1.1" 200 263026
188.165.15.37 - - [31/Dec/2014:02:58:25 -0500] "GET /BLA/resoluciones/RESOLUCIONES%202004/RES%202004%202201-2250/00002246.tif HTTP/1.1" 200 110574
180.76.5.57 - - [31/Dec/2014:02:59:09 -0500] "GET /BLA/boletinlegal;jsessionid=C4FC9821EB14B536C1DB7C3786C779E2?/? HTTP/1.1" 404 1018
191.71.94.233 - - [31/Dec/2014:02:59:12 -0500] "GET /BLA/resoluciones/RESOLUCIONES%202011/5904.pdf HTTP/1.1" 200 693242
66.249.64.167 - - [31/Dec/2014:02:59:25 -0500] "GET /BLA/resoluciones/AUTOS%202013/0073.pdf HTTP/1.1" 200 1411915
180.76.6.62 - - [31/Dec/2014:02:59:48 -0500] "GET /BLA/boletinlegal;jsessionid=5DFC901FA61E48B4EAA8A989E163047A?/? HTTP/1.1" 404 1018
188.165.15.78 - - [31/Dec/2014:03:00:11 -0500] "GET /BLA/resoluciones/RESOLUCIONES%202004/RES%202004%201801-1850/00001825.tif HTTP/1.1" 200 200468
66.249.64.171 - - [31/Dec/2014:03:00:33 -0500] "GET /BLA/resoluciones/Autos%202008/2003.pdf HTTP/1.1" 200 87146
66.249.64.163 - - [31/Dec/2014:03:00:47 -0500] "GET /BLA/resoluciones/AUTOS%202009/2843.pdf HTTP/1.1" 304 -
66.249.64.171 - - [31/Dec/2014:03:01:26 -0500] "GET /BLA/resoluciones/AUTOS%202011/0854.pdf HTTP/1.1" 200 162207
74.86.158.107 - - [31/Dec/2014:03:01:51 -0500] "HEAD / HTTP/1.1" 302 -
188.165.15.10 - - [31/Dec/2014:03:02:01 -0500] "GET /BLA/resoluciones/RESOLUCIONES%202006/RES%202006%202251-2300/00002266.tif HTTP/1.1" 200 213620
66.249.64.163 - - [31/Dec/2014:03:02:09 -0500] "GET /BLA/resoluciones/RESOLUCIONES%202009/2119.pdf HTTP/1.1" 200 558517
188.165.15.37 - - [31/Dec/2014:03:02:39 -0500] "GET /BLA/resoluciones/RESOLUCIONES%202004/RES%202004%202301-2350/00002325.tif HTTP/1.1" 200 89126
188.165.15.26 - - [31/Dec/2014:03:03:31 -0500] "GET /BLA/resoluciones/index.php?dir=RESOLUCIONES%202005/RES%202005%201551-1600/&sort=name&order=asc HTTP/1.1" 200 12364
66.249.64.163 - - [31/Dec/2014:03:03:31 -0500] "GET /BLA/resoluciones/RESOLUCIONES%202009/7798.pdf HTTP/1.1" 304 -
188.165.15.85 - - [31/Dec/2014:03:03:31 -0500] "GET /BLA/resoluciones/RESOLUCIONES%202002/RES%202002%201051-1100/00001078.tif HTTP/1.1" 200 180720
185.10.104.132 - - [31/Dec/2014:03:03:56 -0500] "GET /BLA/boletinlegal;jsessionid=2A5620125A091C5E553A238E1D8F2288?/? HTTP/1.1" 404 1018
188.165.15.10 - - [31/Dec/2014:03:04:01 -0500] "GET /BLA/resoluciones/RESOLUCIONES%202006/RES%202006%201551-1600/00001561.tif HTTP/1.1" 200 141682
66.249.64.167 - - [31/Dec/2014:03:04:24 -0500] "GET /BLA/resoluciones/AUTOS%202011/2057.pdf HTTP/1.1" 200 160585
188.165.15.44 - - [31/Dec/2014:03:04:28 -0500] "GET /BLA/resoluciones/RESOLUCIONES%202006/RES%202006%20201-250/00000240.tif HTTP/1.1" 200 157780
66.249.64.171 - - [31/Dec/2014:03:04:53 -0500] "GET /BLA/resoluciones/RESOLUCIONES%202007/RES%202007%202401%20AL%202500/RESOLUCION%202456%20DE%202007.pdf HTTP/1.1" 304 -
188.165.15.10 - - [31/Dec/2014:03:05:21 -0500] "GET /BLA/resoluciones/RESOLUCIONES%202006/RES%202006%201751-1800/00001800.tif HTTP/1.1" 200 43196
220.181.108.142 - - [31/Dec/2014:03:05:26 -0500] "GET /BLA/resoluciones/AUTOS%202012/0485.pdf HTTP/1.1" 200 424260
180.76.5.72 - - [31/Dec/2014:03:06:08 -0500] "GET /BLA/resoluciones/RESOLUCIONES%202007/RES%202007%20101%20AL%20200/RESOLUCION%200143%20DE%202007.pdf HTTP/1.1" 200 249157
100.43.85.25 - - [31/Dec/2014:03:06:14 -0500] "GET /PruebasSTORM/StormSDA_pruebas/userFiles/user_files/formulas/3/407.xml HTTP/1.1" 200 865
66.249.64.167 - - [31/Dec/2014:03:06:16 -0500] "GET /BLA/resoluciones/RESOLUCIONES%202010/1558.pdf HTTP/1.1" 200 522898
66.249.64.163 - - [31/Dec/2014:03:06:16 -0500] "GET /BLA/resoluciones/RESOLUCIONES%202007/RES%202007%20301%20AL%20400/RESOLUCION%200310%20DE%202007.pdf HTTP/1.1" 200 174861
188.165.15.44 - - [31/Dec/2014:03:06:28 -0500] "GET /BLA/resoluciones/RESOLUCIONES%202002/RES%202002%201151-1200/20021178.tif HTTP/1.1" 200 81618
186.85.79.140 - - [31/Dec/2014:03:06:37 -0500] "GET /galeria/carrusel/Carrusel/jquery.thumbnailScroller.css HTTP/1.1" 200 2066
186.85.79.140 - - [31/Dec/2014:03:06:37 -0500] "GET /BLA/boletinlegal/js/jquery.js HTTP/1.1" 200 57254
186.85.79.140 - - [31/Dec/2014:03:06:37 -0500] "GET /BLA/boletinlegal/js/jquery.scrollShow.js HTTP/1.1" 200 4586
186.85.79.140 - - [31/Dec/2014:03:06:37 -0500] "GET /galeria/carrusel/Carrusel/jquery-ui-1.8.13.custom.min.js HTTP/1.1" 200 10800
186.85.79.140 - - [31/Dec/2014:03:06:37 -0500] "GET /BLA/boletinlegal/js/jquery.scrollTo-min.js HTTP/1.1" 200 1150
186.85.79.140 - - [31/Dec/2014:03:06:37 -0500] "GET /galeria/carrusel/Carrusel/jquery.thumbnailScroller.js HTTP/1.1" 200 8157
186.155.96.234 - - [31/Dec/2014:03:06:38 -0500] "GET /BLA/boletinlegal/js/jquery.js HTTP/1.1" 200 57254
186.155.96.234 - - [31/Dec/2014:03:06:38 -0500] "GET /BLA/boletinlegal/js/jquery.scrollTo-min.js HTTP/1.1" 200 1150
186.155.96.234 - - [31/Dec/2014:03:06:38 -0500] "GET /BLA/boletinlegal/js/jquery.scrollShow.js HTTP/1.1" 200 4586
186.85.79.140 - - [31/Dec/2014:03:06:39 -0500] "GET /galeria/nivo-slider/demo/demo.html HTTP/1.1" 200 3150
186.85.79.140 - - [31/Dec/2014:03:06:39 -0500] "GET /galeria/nivo-slider/themes/default/default.css HTTP/1.1" 200 1569
186.85.79.140 - - [31/Dec/2014:03:06:39 -0500] "GET /galeria/nivo-slider/themes/pascal/pascal.css HTTP/1.1" 200 2258
186.85.79.140 - - [31/Dec/2014:03:06:39 -0500] "GET /galeria/nivo-slider/themes/orman/orman.css HTTP/1.1" 200 2152
186.85.79.140 - - [31/Dec/2014:03:06:39 -0500] "GET /galeria/nivo-slider/nivo-slider.css HTTP/1.1" 200 1507
186.85.79.140 - - [31/Dec/2014:03:06:39 -0500] "GET /galeria/nivo-slider/demo/style.css HTTP/1.1" 200 2222
186.85.79.140 - - [31/Dec/2014:03:06:39 -0500] "GET /galeria/nivo-slider/demo/scripts/jquery-1.7.1.min.js HTTP/1.1" 200 93868
186.85.79.140 - - [31/Dec/2014:03:06:39 -0500] "GET /galeria/nivo-slider/jquery.nivo.slider.pack.js HTTP/1.1" 200 11561
186.85.79.140 - - [31/Dec/2014:03:06:39 -0500] "GET /galeria/nivo-slider/demo/images/Ruta-vertimientos-01.jpg HTTP/1.1" 200 130151
186.85.79.140 - - [31/Dec/2014:03:06:39 -0500] "GET /galeria/nivo-slider/demo/images/bolsas-08.jpg HTTP/1.1" 200 85589
