190.156.181.254 - - [03/Jan/2015:17:42:59 -0500] "GET /galeria/nivo-slider/demo/images/Ruta-vertimientos-01.jpg HTTP/1.1" 200 130151
190.156.181.254 - - [03/Jan/2015:17:42:59 -0500] "GET /galeria/nivo-slider/themes/orman/orman.css HTTP/1.1" 200 2152
190.156.181.254 - - [03/Jan/2015:17:42:59 -0500] "GET /galeria/nivo-slider/demo/style.css HTTP/1.1" 200 2222
190.156.181.254 - - [03/Jan/2015:17:42:59 -0500] "GET /galeria/nivo-slider/themes/pascal/pascal.css HTTP/1.1" 200 2258
190.156.181.254 - - [03/Jan/2015:17:42:59 -0500] "GET /galeria/nivo-slider/demo/images/bolsas-08.jpg HTTP/1.1" 200 85589
190.156.181.254 - - [03/Jan/2015:17:42:59 -0500] "GET /galeria/nivo-slider/nivo-slider.css HTTP/1.1" 200 1507
190.68.181.124 - - [03/Jan/2015:17:42:59 -0500] "GET /forest/actions/forms.getList?codForm=REPROG_VISITA&id=estado3184&text=reali HTTP/1.1" 200 2
190.156.181.254 - - [03/Jan/2015:17:42:59 -0500] "GET /galeria/nivo-slider/demo/images/bolsas-06.jpg HTTP/1.1" 200 90982
190.156.181.254 - - [03/Jan/2015:17:42:59 -0500] "GET /galeria/nivo-slider/demo/images/ecolecta-Dic2014.png HTTP/1.1" 200 288593
190.156.181.254 - - [03/Jan/2015:17:42:59 -0500] "GET /galeria/nivo-slider/demo/images/porloshumedales.jpg HTTP/1.1" 200 351238
190.156.181.254 - - [03/Jan/2015:17:43:00 -0500] "GET /galeria/nivo-slider/demo/images/Tingua-azul.jpg HTTP/1.1" 200 307638
190.68.181.124 - - [03/Jan/2015:17:43:00 -0500] "GET /forest/actions/forms.getList?codForm=REPROG_VISITA&id=estado3184&text=realiz HTTP/1.1" 200 2
190.68.181.124 - - [03/Jan/2015:17:43:00 -0500] "GET /forest/actions/forms.getList?codForm=REPROG_VISITA&id=estado3184&text=realiza HTTP/1.1" 200 2
190.68.181.124 - - [03/Jan/2015:17:43:00 -0500] "GET /forest/actions/forms.getList?codForm=REPROG_VISITA&id=estado3184&text=realizad HTTP/1.1" 200 2
190.68.181.124 - - [03/Jan/2015:17:43:00 -0500] "GET /forest/actions/forms.getList?codForm=REPROG_VISITA&id=estado3184&text=realizada HTTP/1.1" 200 2
186.112.52.39 - - [03/Jan/2015:17:43:01 -0500] "GET /galeria/nivo-slider/demo/images/Tingua-azul.jpg HTTP/1.1" 200 307638
186.112.52.39 - - [03/Jan/2015:17:43:02 -0500] "GET /galeria/nivo-slider/demo/images/Banner-Caracol-Africano.jpg HTTP/1.1" 200 331986
190.156.181.254 - - [03/Jan/2015:17:43:02 -0500] "GET /galeria/nivo-slider/demo/images/Banner-Caracol-Africano.jpg HTTP/1.1" 200 331986
186.112.52.39 - - [03/Jan/2015:17:43:03 -0500] "GET /galeria/nivo-slider/demo/images/banner-redes.jpg HTTP/1.1" 200 62209
190.68.181.124 - - [03/Jan/2015:17:43:03 -0500] "POST /forest/usutareas.do? HTTP/1.1" 200 76
186.112.52.39 - - [03/Jan/2015:17:43:03 -0500] "GET /galeria/nivo-slider/demo/images/9Signos.jpg HTTP/1.1" 200 93040
186.112.52.39 - - [03/Jan/2015:17:43:03 -0500] "GET /galeria/nivo-slider/demo/images/banner-llantas2.jpg HTTP/1.1" 200 73153
186.112.52.39 - - [03/Jan/2015:17:43:03 -0500] "GET /galeria/nivo-slider/demo/images/banner-caballos.png HTTP/1.1" 200 389106
190.156.181.254 - - [03/Jan/2015:17:43:04 -0500] "GET /galeria/nivo-slider/demo/images/banner-redes.jpg HTTP/1.1" 200 62209
190.68.181.124 - - [03/Jan/2015:17:43:04 -0500] "GET /forest/skins/gdocs-jar/css/forest.css?version=1412.231748 HTTP/1.1" 304 -
190.68.181.124 - - [03/Jan/2015:17:43:04 -0500] "GET /forest/css/index.css?version=1412.231748 HTTP/1.1" 304 -
190.68.181.124 - - [03/Jan/2015:17:43:04 -0500] "GET /forest/skins/gdocs-jar/css/autocomplete.css?version=1412.231748 HTTP/1.1" 304 -
190.68.181.124 - - [03/Jan/2015:17:43:04 -0500] "GET /forest/css/escritorio.css?version=1412.231748 HTTP/1.1" 304 -
190.68.181.124 - - [03/Jan/2015:17:43:04 -0500] "GET /forest/skins/gdocs-jar/css/menu.css?version=1412.231748 HTTP/1.1" 304 -
190.68.181.124 - - [03/Jan/2015:17:43:04 -0500] "GET /forest/1ibre/jscalendar/calendar-win2k-1.css?version=1412.231748 HTTP/1.1" 304 -
190.68.181.124 - - [03/Jan/2015:17:43:04 -0500] "GET /forest/skins/gdocs-jar/css/dialog.css?version=1412.231748 HTTP/1.1" 304 -
190.68.181.124 - - [03/Jan/2015:17:43:04 -0500] "GET /forest/skins/gdocs-jar/css/forms.css?version=1412.231748 HTTP/1.1" 304 -
190.68.181.124 - - [03/Jan/2015:17:43:04 -0500] "GET /forest/img/forestIcon.gif?version=1412.231748 HTTP/1.1" 304 -
190.156.181.254 - - [03/Jan/2015:17:43:04 -0500] "GET /galeria/nivo-slider/demo/images/9Signos.jpg HTTP/1.1" 200 93040
190.68.181.124 - - [03/Jan/2015:17:43:04 -0500] "GET /forest/usutareas.do?group_system_actual=3&a=0.6073978892884142 HTTP/1.1" 200 90192
190.68.181.124 - - [03/Jan/2015:17:43:05 -0500] "GET /forest/skins/gdocs-jar/js/xml_utilities.js?version=1412.231748 HTTP/1.1" 304 -
190.68.181.124 - - [03/Jan/2015:17:43:05 -0500] "GET /forest/skins/gdocs-jar/js/autocompletar2.js?version=1412.231748 HTTP/1.1" 304 -
190.68.181.124 - - [03/Jan/2015:17:43:05 -0500] "GET /forest/skins/gdocs-jar/js/swfobject.js?version=1412.231748 HTTP/1.1" 304 -
190.68.181.124 - - [03/Jan/2015:17:43:05 -0500] "GET /forest/skins/gdocs-jar/js/tareas.js?version=1412.231748 HTTP/1.1" 304 -
190.68.181.124 - - [03/Jan/2015:17:43:05 -0500] "GET /forest/skins/gdocs-jar/js/graphicForm.js?version=1412.231748 HTTP/1.1" 304 -
190.68.181.124 - - [03/Jan/2015:17:43:05 -0500] "GET /forest/skins/gdocs-jar/js/number-functions.js?version=1412.231748 HTTP/1.1" 304 -
190.68.181.124 - - [03/Jan/2015:17:43:05 -0500] "GET /forest/skins/gdocs-jar/js/formsBase.js?version=1412.231748 HTTP/1.1" 304 -
190.68.181.124 - - [03/Jan/2015:17:43:05 -0500] "GET /forest/session.jsp?a=0.12874350680370017 HTTP/1.1" 200 4
186.112.52.39 - - [03/Jan/2015:17:43:10 -0500] "GET /galeria/nivo-slider/nivo-slider.css HTTP/1.1" 200 1507
186.112.52.39 - - [03/Jan/2015:17:43:10 -0500] "GET /galeria/nivo-slider/demo/style.css HTTP/1.1" 200 2222
186.112.52.39 - - [03/Jan/2015:17:43:10 -0500] "GET /galeria/nivo-slider/jquery.nivo.slider.pack.js HTTP/1.1" 200 11561
186.112.52.39 - - [03/Jan/2015:17:43:10 -0500] "GET /galeria/nivo-slider/demo/images/bolsas-08.jpg HTTP/1.1" 200 85589
190.68.181.124 - - [03/Jan/2015:17:43:13 -0500] "GET /forest/actions/forms.getList?codForm=REPROG_VISITA&id=estado3184&text=r HTTP/1.1" 200 56
190.68.181.124 - - [03/Jan/2015:17:43:13 -0500] "GET /forest/actions/forms.getList?codForm=REPROG_VISITA&id=estado3184&text=re HTTP/1.1" 200 56
186.112.52.39 - - [03/Jan/2015:17:43:14 -0500] "GET /galeria/nivo-slider/themes/default/default.css HTTP/1.1" 200 1569
186.112.52.39 - - [03/Jan/2015:17:43:14 -0500] "GET /galeria/nivo-slider/demo/images/4Simple_Slider.png HTTP/1.1" 200 11722
186.112.52.39 - - [03/Jan/2015:17:43:14 -0500] "GET /galeria/nivo-slider/themes/default/loading.gif HTTP/1.1" 200 1737
186.112.52.39 - - [03/Jan/2015:17:43:14 -0500] "GET /galeria/nivo-slider/themes/default/arrows.png HTTP/1.1" 200 824
186.112.52.39 - - [03/Jan/2015:17:43:14 -0500] "GET /galeria/nivo-slider/themes/default/bullets.png HTTP/1.1" 200 1281
190.68.181.124 - - [03/Jan/2015:17:43:18 -0500] "GET /forest/actions/forms.getList?codForm=REPROG_VISITA&id=estado3184&text=r HTTP/1.1" 200 56
190.68.181.124 - - [03/Jan/2015:17:43:18 -0500] "GET /forest/actions/forms.getList?codForm=REPROG_VISITA&id=estado3184&text= HTTP/1.1" 200 167
66.249.64.167 - - [03/Jan/2015:17:43:22 -0500] "GET /BLA/resoluciones/RESOLUCIONES%202007/RES%202007%204001%20AL%204100/RESOLUCION%204005%20DE%202007.pdf HTTP/1.1" 304 -
190.68.181.124 - - [03/Jan/2015:17:43:25 -0500] "POST /forest/usutareas.do? HTTP/1.1" 200 76
66.249.64.163 - - [03/Jan/2015:17:43:26 -0500] "GET /BLA/boletinlegal/js/jquery.scrollTo-min.js HTTP/1.1" 200 1150
66.249.64.163 - - [03/Jan/2015:17:43:26 -0500] "GET /BLA/boletinlegal/js/jquery.js HTTP/1.1" 304 -
66.249.64.167 - - [03/Jan/2015:17:43:27 -0500] "GET /BLA/boletinlegal/js/jquery.scrollShow.js HTTP/1.1" 200 4586
190.68.181.124 - - [03/Jan/2015:17:43:27 -0500] "GET /forest/skins/gdocs-jar/css/forest.css?version=1412.231748 HTTP/1.1" 304 -
190.68.181.124 - - [03/Jan/2015:17:43:27 -0500] "GET /forest/css/index.css?version=1412.231748 HTTP/1.1" 304 -
190.68.181.124 - - [03/Jan/2015:17:43:27 -0500] "GET /forest/skins/gdocs-jar/css/autocomplete.css?version=1412.231748 HTTP/1.1" 304 -
190.68.181.124 - - [03/Jan/2015:17:43:27 -0500] "GET /forest/css/escritorio.css?version=1412.231748 HTTP/1.1" 304 -
190.68.181.124 - - [03/Jan/2015:17:43:27 -0500] "GET /forest/skins/gdocs-jar/css/menu.css?version=1412.231748 HTTP/1.1" 304 -
190.68.181.124 - - [03/Jan/2015:17:43:27 -0500] "GET /forest/1ibre/jscalendar/calendar-win2k-1.css?version=1412.231748 HTTP/1.1" 304 -
190.68.181.124 - - [03/Jan/2015:17:43:27 -0500] "GET /forest/skins/gdocs-jar/css/dialog.css?version=1412.231748 HTTP/1.1" 304 -
190.68.181.124 - - [03/Jan/2015:17:43:27 -0500] "GET /forest/skins/gdocs-jar/css/forms.css?version=1412.231748 HTTP/1.1" 304 -
190.68.181.124 - - [03/Jan/2015:17:43:27 -0500] "GET /forest/img/forestIcon.gif?version=1412.231748 HTTP/1.1" 304 -
190.68.181.124 - - [03/Jan/2015:17:43:28 -0500] "GET /forest/skins/gdocs-jar/js/tareas.js?version=1412.231748 HTTP/1.1" 304 -
190.68.181.124 - - [03/Jan/2015:17:43:28 -0500] "GET /forest/skins/gdocs-jar/js/xml_utilities.js?version=1412.231748 HTTP/1.1" 304 -
190.68.181.124 - - [03/Jan/2015:17:43:28 -0500] "GET /forest/skins/gdocs-jar/js/autocompletar2.js?version=1412.231748 HTTP/1.1" 304 -
190.68.181.124 - - [03/Jan/2015:17:43:28 -0500] "GET /forest/skins/gdocs-jar/js/formsBase.js?version=1412.231748 HTTP/1.1" 304 -
190.68.181.124 - - [03/Jan/2015:17:43:28 -0500] "GET /forest/skins/gdocs-jar/js/number-functions.js?version=1412.231748 HTTP/1.1" 304 -
190.68.181.124 - - [03/Jan/2015:17:43:27 -0500] "GET /forest/usutareas.do?group_system_actual=3&a=0.28160809696116595 HTTP/1.1" 200 95995
190.68.181.124 - - [03/Jan/2015:17:43:28 -0500] "GET /forest/skins/gdocs-jar/js/swfobject.js?version=1412.231748 HTTP/1.1" 304 -
190.68.181.124 - - [03/Jan/2015:17:43:28 -0500] "GET /forest/skins/gdocs-jar/js/graphicForm.js?version=1412.231748 HTTP/1.1" 304 -
190.68.181.124 - - [03/Jan/2015:17:43:28 -0500] "GET /forest/skins/gdocs-jar/img/close.gif HTTP/1.1" 304 -
190.68.181.124 - - [03/Jan/2015:17:43:29 -0500] "GET /forest/session.jsp?a=0.5372867141637981 HTTP/1.1" 200 4
66.249.64.163 - - [03/Jan/2015:17:43:29 -0500] "GET /BLA/resoluciones/RESOLUCIONES%202009/0952.pdf HTTP/1.1" 200 487516
190.68.181.124 - - [03/Jan/2015:17:43:37 -0500] "GET /forest/actions/forms.getList?codForm=AntecedentesVerti&id=numradicacion804&text=2 HTTP/1.1" 200 770
190.68.181.124 - - [03/Jan/2015:17:43:38 -0500] "GET /forest/actions/forms.getList?codForm=AntecedentesVerti&id=numradicacion804&text=20 HTTP/1.1" 200 770
190.68.181.124 - - [03/Jan/2015:17:43:38 -0500] "GET /forest/actions/forms.getList?codForm=AntecedentesVerti&id=numradicacion804&text=201 HTTP/1.1" 200 780
190.68.181.124 - - [03/Jan/2015:17:43:38 -0500] "GET /forest/actions/forms.getList?codForm=AntecedentesVerti&id=numradicacion804&text=2014 HTTP/1.1" 200 777
186.84.44.72 - - [03/Jan/2015:17:43:48 -0500] "POST /forms/lservlet;jsessionid=ac16012b30d5e75f4c5de1ab422eaa5ecd279de9a1c7.e3iSbxaKaheRe34Sa3yKbhiTahb0n6jAmljGr5XDqQLvpAe HTTP/1.1" 200 2
66.249.64.163 - - [03/Jan/2015:17:43:51 -0500] "GET /BLA/resoluciones/RESOLUCIONES%202011/4770.pdf HTTP/1.1" 200 1099821
190.68.181.124 - - [03/Jan/2015:17:43:40 -0500] "GET /forest/actions/forms.getList?codForm=AntecedentesVerti&id=numradicacion804&text=2014E HTTP/1.1" 200 801
190.68.181.124 - - [03/Jan/2015:17:43:40 -0500] "GET /forest/actions/forms.getList?codForm=AntecedentesVerti&id=numradicacion804&text=2014ER HTTP/1.1" 200 799
190.68.181.124 - - [03/Jan/2015:17:43:45 -0500] "GET /forest/actions/forms.getList?codForm=AntecedentesVerti&id=numradicacion804&text=2014ER1 HTTP/1.1" 200 801
190.68.181.124 - - [03/Jan/2015:17:43:45 -0500] "GET /forest/actions/forms.getList?codForm=AntecedentesVerti&id=numradicacion804&text=2014ER11 HTTP/1.1" 200 801
190.68.181.124 - - [03/Jan/2015:17:43:45 -0500] "GET /forest/actions/forms.getList?codForm=AntecedentesVerti&id=numradicacion804&text=2014ER115 HTTP/1.1" 200 800
190.68.181.124 - - [03/Jan/2015:17:43:46 -0500] "GET /forest/actions/forms.getList?codForm=AntecedentesVerti&id=numradicacion804&text=2014ER1154 HTTP/1.1" 200 800
98.239.65.159 - - [03/Jan/2015:17:44:03 -0500] "PUT /webdav/TheBest.php HTTP/1.1" 405 938
190.68.181.124 - - [03/Jan/2015:17:44:08 -0500] "GET /forest/actions/forms.getMappedValues?id=numradicacion804&value=1885790&codForm=AntecedentesVerti&a=0.0783759406684329 HTTP/1.1" 200 103
190.68.181.124 - - [03/Jan/2015:17:44:08 -0500] "GET /forest/actions/forms.getItemList?codForm=AntecedentesVerti&id=IDTIDO806&value=1&a=0.05974201480625718 HTTP/1.1" 200 36
190.68.181.124 - - [03/Jan/2015:17:43:54 -0500] "GET /forest/actions/forms.getList?codForm=AntecedentesVerti&id=numradicacion804&text=2014ER11541 HTTP/1.1" 200 440
190.68.181.124 - - [03/Jan/2015:17:43:55 -0500] "GET /forest/actions/forms.getList?codForm=AntecedentesVerti&id=numradicacion804&text=2014ER115414 HTTP/1.1" 200 41
66.249.64.171 - - [03/Jan/2015:17:44:20 -0500] "GET /BLA/resoluciones/RESOLUCIONES%202007/RES%202007%201501%20AL%201600/RESOLUCION%201564%20DE%202007.pdf HTTP/1.1" 304 -
186.84.44.72 - - [03/Jan/2015:17:44:28 -0500] "POST /forms/lservlet;jsessionid=ac16012b30d5d11c6496e2c840dd94a48a0507ce41e7.e3iSbxaKaheRe34Sa3yKbhiTahb0n6jAmljGr5XDqQLvpAe HTTP/1.1" 200 2
190.68.181.124 - - [03/Jan/2015:17:44:43 -0500] "POST /forest/usutareas.do? HTTP/1.1" 200 76
190.68.181.124 - - [03/Jan/2015:17:44:45 -0500] "GET /forest/skins/gdocs-jar/css/menu.css?version=1412.231748 HTTP/1.1" 304 -
190.68.181.124 - - [03/Jan/2015:17:44:45 -0500] "GET /forest/css/escritorio.css?version=1412.231748 HTTP/1.1" 304 -
190.68.181.124 - - [03/Jan/2015:17:44:45 -0500] "GET /forest/css/index.css?version=1412.231748 HTTP/1.1" 304 -
190.68.181.124 - - [03/Jan/2015:17:44:45 -0500] "GET /forest/skins/gdocs-jar/css/forest.css?version=1412.231748 HTTP/1.1" 304 -
190.68.181.124 - - [03/Jan/2015:17:44:45 -0500] "GET /forest/skins/gdocs-jar/css/autocomplete.css?version=1412.231748 HTTP/1.1" 304 -
190.68.181.124 - - [03/Jan/2015:17:44:45 -0500] "GET /forest/1ibre/jscalendar/calendar-win2k-1.css?version=1412.231748 HTTP/1.1" 304 -
190.68.181.124 - - [03/Jan/2015:17:44:45 -0500] "GET /forest/skins/gdocs-jar/css/dialog.css?version=1412.231748 HTTP/1.1" 304 -
190.68.181.124 - - [03/Jan/2015:17:44:45 -0500] "GET /forest/skins/gdocs-jar/css/forms.css?version=1412.231748 HTTP/1.1" 304 -
190.68.181.124 - - [03/Jan/2015:17:44:45 -0500] "GET /forest/img/forestIcon.gif?version=1412.231748 HTTP/1.1" 304 -
190.68.181.124 - - [03/Jan/2015:17:44:46 -0500] "GET /forest/skins/gdocs-jar/js/autocompletar2.js?version=1412.231748 HTTP/1.1" 304 -
190.68.181.124 - - [03/Jan/2015:17:44:46 -0500] "GET /forest/skins/gdocs-jar/js/tareas.js?version=1412.231748 HTTP/1.1" 304 -
190.68.181.124 - - [03/Jan/2015:17:44:46 -0500] "GET /forest/skins/gdocs-jar/js/xml_utilities.js?version=1412.231748 HTTP/1.1" 304 -
190.68.181.124 - - [03/Jan/2015:17:44:46 -0500] "GET /forest/skins/gdocs-jar/js/number-functions.js?version=1412.231748 HTTP/1.1" 304 -
190.68.181.124 - - [03/Jan/2015:17:44:46 -0500] "GET /forest/skins/gdocs-jar/js/formsBase.js?version=1412.231748 HTTP/1.1" 304 -
190.68.181.124 - - [03/Jan/2015:17:44:46 -0500] "GET /forest/skins/gdocs-jar/js/graphicForm.js?version=1412.231748 HTTP/1.1" 304 -
190.68.181.124 - - [03/Jan/2015:17:44:46 -0500] "GET /forest/skins/gdocs-jar/js/swfobject.js?version=1412.231748 HTTP/1.1" 304 -
190.68.181.124 - - [03/Jan/2015:17:44:45 -0500] "GET /forest/usutareas.do?group_system_actual=3&a=0.9538074680692428 HTTP/1.1" 200 96299
190.68.181.124 - - [03/Jan/2015:17:44:46 -0500] "GET /forest/session.jsp?a=0.5815702230889124 HTTP/1.1" 200 4
190.68.181.124 - - [03/Jan/2015:17:44:47 -0500] "POST /forest/usutareas.do? HTTP/1.1" 200 76
66.249.64.167 - - [03/Jan/2015:17:44:49 -0500] "GET /BLA/resoluciones/RESOLUCIONES%202007/RES%202007%20401%20AL%20500/RESOLUCION%200416%20DE%202007.pdf HTTP/1.1" 304 -
98.239.65.159 - - [03/Jan/2015:17:44:50 -0500] "PUT /webdav/TheBest.php HTTP/1.1" 405 938
190.68.181.124 - - [03/Jan/2015:17:44:54 -0500] "GET /forest/skins/gdocs-jar/css/menu.css?version=1412.231748 HTTP/1.1" 304 -
190.68.181.124 - - [03/Jan/2015:17:44:54 -0500] "GET /forest/css/escritorio.css?version=1412.231748 HTTP/1.1" 304 -
190.68.181.124 - - [03/Jan/2015:17:44:54 -0500] "GET /forest/css/index.css?version=1412.231748 HTTP/1.1" 304 -
190.68.181.124 - - [03/Jan/2015:17:44:54 -0500] "GET /forest/skins/gdocs-jar/css/forest.css?version=1412.231748 HTTP/1.1" 304 -
190.68.181.124 - - [03/Jan/2015:17:44:54 -0500] "GET /forest/skins/gdocs-jar/css/dialog.css?version=1412.231748 HTTP/1.1" 304 -
190.68.181.124 - - [03/Jan/2015:17:44:54 -0500] "GET /forest/1ibre/jscalendar/calendar-win2k-1.css?version=1412.231748 HTTP/1.1" 304 -
190.68.181.124 - - [03/Jan/2015:17:44:54 -0500] "GET /forest/skins/gdocs-jar/css/autocomplete.css?version=1412.231748 HTTP/1.1" 304 -
190.68.181.124 - - [03/Jan/2015:17:44:54 -0500] "GET /forest/skins/gdocs-jar/css/forms.css?version=1412.231748 HTTP/1.1" 304 -
190.68.181.124 - - [03/Jan/2015:17:44:54 -0500] "GET /forest/img/forestIcon.gif?version=1412.231748 HTTP/1.1" 304 -
190.68.181.124 - - [03/Jan/2015:17:44:54 -0500] "GET /forest/skins/gdocs-jar/js/xml_utilities.js?version=1412.231748 HTTP/1.1" 304 -
190.68.181.124 - - [03/Jan/2015:17:44:54 -0500] "GET /forest/skins/gdocs-jar/js/tareas.js?version=1412.231748 HTTP/1.1" 304 -
190.68.181.124 - - [03/Jan/2015:17:44:54 -0500] "GET /forest/skins/gdocs-jar/js/autocompletar2.js?version=1412.231748 HTTP/1.1" 304 -
190.68.181.124 - - [03/Jan/2015:17:44:55 -0500] "GET /forest/skins/gdocs-jar/img/clip.gif HTTP/1.1" 304 -
190.68.181.124 - - [03/Jan/2015:17:44:55 -0500] "GET /forest/skins/gdocs-jar/js/grid.js?version=1412.231748 HTTP/1.1" 304 -
190.68.181.124 - - [03/Jan/2015:17:44:55 -0500] "GET /forest/skins/gdocs-jar/js/formsBase.js?version=1412.231748 HTTP/1.1" 304 -
190.68.181.124 - - [03/Jan/2015:17:44:55 -0500] "GET /forest/skins/gdocs-jar/js/number-functions.js?version=1412.231748 HTTP/1.1" 304 -
190.68.181.124 - - [03/Jan/2015:17:44:55 -0500] "GET /forest/skins/gdocs-jar/js/graphicForm.js?version=1412.231748 HTTP/1.1" 304 -
190.68.181.124 - - [03/Jan/2015:17:44:55 -0500] "GET /forest/skins/gdocs-jar/js/swfobject.js?version=1412.231748 HTTP/1.1" 304 -
190.68.181.124 - - [03/Jan/2015:17:45:02 -0500] "GET /forest/skins/gdocs-jar/img/upload_file_icon.gif HTTP/1.1" 200 291
190.68.181.124 - - [03/Jan/2015:17:44:49 -0500] "GET /forest/usutareas.do?group_system_actual=3&a=0.8518676194982004 HTTP/1.1" 200 978772
190.68.181.124 - - [03/Jan/2015:17:45:05 -0500] "GET /forest/session.jsp?a=0.895721832398554 HTTP/1.1" 200 4
190.68.181.124 - - [03/Jan/2015:17:45:05 -0500] "GET /forest/actions/forms.getList?codForm=ANEXO_UNO&id=Aguas_Superf984 HTTP/1.1" 200 139
190.68.181.124 - - [03/Jan/2015:17:45:05 -0500] "GET /forest/actions/forms.getList?codForm=ANEXO_UNO&id=Aguas_Subterr1342 HTTP/1.1" 200 139
190.68.181.124 - - [03/Jan/2015:17:45:05 -0500] "GET /forest/actions/forms.getList?codForm=ANEXO_UNO&id=Vertimientos312 HTTP/1.1" 200 139
190.68.181.124 - - [03/Jan/2015:17:45:05 -0500] "GET /forest/actions/forms.getList?codForm=ANEXO_UNO&id=Aceites_Usados626 HTTP/1.1" 200 139
190.68.181.124 - - [03/Jan/2015:17:45:06 -0500] "GET /forest/actions/forms.getItemList?codForm=ANEXO_UNO&id=TipoEmpresa1926&value=5&a=0.46031206113555334 HTTP/1.1" 200 27
190.68.181.124 - - [03/Jan/2015:17:45:10 -0500] "GET /forest/actions/forms.getMappedValues?id=NUMTER1346&value=900265329-1&codForm=ANEXO_UNO&a=0.6617511536970663 HTTP/1.1" 200 190
66.249.64.167 - - [03/Jan/2015:17:45:18 -0500] "GET /BLA/resoluciones/AUTOS%202013/0351.pdf HTTP/1.1" 200 3118599
190.68.181.124 - - [03/Jan/2015:17:45:46 -0500] "GET /forest/actions/forms.getList?codForm=ANEXO_UNO&id=CIIU21016&text=2 HTTP/1.1" 200 2068
190.68.181.124 - - [03/Jan/2015:17:45:46 -0500] "GET /forest/actions/forms.getList?codForm=ANEXO_UNO&id=CIIU21016&text=22 HTTP/1.1" 200 1690
190.68.181.124 - - [03/Jan/2015:17:45:47 -0500] "GET /forest/actions/forms.getList?codForm=ANEXO_UNO&id=CIIU21016&text=221 HTTP/1.1" 200 386
190.68.181.124 - - [03/Jan/2015:17:45:48 -0500] "GET /forest/actions/forms.getList?codForm=ANEXO_UNO&id=CIIU21016&text=22 HTTP/1.1" 200 1690
186.84.44.72 - - [03/Jan/2015:17:45:49 -0500] "POST /forms/lservlet;jsessionid=ac16012b30d5e75f4c5de1ab422eaa5ecd279de9a1c7.e3iSbxaKaheRe34Sa3yKbhiTahb0n6jAmljGr5XDqQLvpAe HTTP/1.1" 200 2
190.68.181.124 - - [03/Jan/2015:17:45:50 -0500] "GET /forest/actions/forms.getList?codForm=ANEXO_UNO&id=CIIU21016&text=222 HTTP/1.1" 200 236
190.68.181.124 - - [03/Jan/2015:17:45:50 -0500] "GET /forest/actions/forms.getList?codForm=ANEXO_UNO&id=CIIU21016&text=2229 HTTP/1.1" 200 76
190.68.181.124 - - [03/Jan/2015:17:45:52 -0500] "GET /forest/actions/forms.getMappedValues?id=CIIU21016&value=2229&codForm=ANEXO_UNO&a=0.6762201603345113 HTTP/1.1" 200 173
190.68.181.124 - - [03/Jan/2015:17:46:06 -0500] "GET /forest/actions/forms.getList?codForm=ANEXO_UNO&id=TipoDoc1993&text=o HTTP/1.1" 200 957
190.68.181.124 - - [03/Jan/2015:17:46:14 -0500] "GET /forest/actions/forms.getList?codForm=ANEXO_UNO&id=TipoDoc1993&text= HTTP/1.1" 200 946
190.68.181.124 - - [03/Jan/2015:17:46:16 -0500] "GET /forest/actions/forms.getList?codForm=ANEXO_UNO&id=TipoDoc1993&text=r HTTP/1.1" 200 965
66.249.64.163 - - [03/Jan/2015:17:46:16 -0500] "GET /BLA/resoluciones/AUTOS%202013/0650.pdf HTTP/1.1" 304 -
190.68.181.124 - - [03/Jan/2015:17:46:17 -0500] "GET /forest/actions/forms.getList?codForm=ANEXO_UNO&id=TipoDoc1993&text=ra HTTP/1.1" 200 1157
186.84.44.72 - - [03/Jan/2015:17:46:28 -0500] "POST /forms/lservlet;jsessionid=ac16012b30d5d11c6496e2c840dd94a48a0507ce41e7.e3iSbxaKaheRe34Sa3yKbhiTahb0n6jAmljGr5XDqQLvpAe HTTP/1.1" 200 2
74.86.158.107 - - [03/Jan/2015:17:46:40 -0500] "HEAD / HTTP/1.1" 302 -
66.249.64.43 - - [03/Jan/2015:17:46:46 -0500] "GET /PruebasSTORM/StormSDA_pruebas/userFiles/user_files/formulas/3/561.xml HTTP/1.1" 304 -
66.249.64.39 - - [03/Jan/2015:17:47:15 -0500] "GET /ecodirectorio/files/res/other/search.txt HTTP/1.1" 304 -
66.249.64.47 - - [03/Jan/2015:17:47:44 -0500] "GET /Autoliquidacion/index.php?dir=Solicitudes+relacionadas+con+calidad+del+aire+auditiva+y+visual%2FRegistro+de+Elementos+de+publicidad+Exterior+Visual%2F HTTP/1.1" 200 4037
186.84.44.72 - - [03/Jan/2015:17:47:49 -0500] "POST /forms/lservlet;jsessionid=ac16012b30d5e75f4c5de1ab422eaa5ecd279de9a1c7.e3iSbxaKaheRe34Sa3yKbhiTahb0n6jAmljGr5XDqQLvpAe HTTP/1.1" 200 2
186.84.44.72 - - [03/Jan/2015:17:48:28 -0500] "POST /forms/lservlet;jsessionid=ac16012b30d5d11c6496e2c840dd94a48a0507ce41e7.e3iSbxaKaheRe34Sa3yKbhiTahb0n6jAmljGr5XDqQLvpAe HTTP/1.1" 200 2
190.68.181.124 - - [03/Jan/2015:17:48:28 -0500] "GET /forest/actions/forms.getList?codForm=ANEXO_UNO&id=TipoDoc1993&text=r HTTP/1.1" 200 965
190.68.181.124 - - [03/Jan/2015:17:48:29 -0500] "GET /forest/actions/forms.getList?codForm=ANEXO_UNO&id=TipoDoc1993&text= HTTP/1.1" 200 946
66.249.64.163 - - [03/Jan/2015:17:48:42 -0500] "GET /BLA/resoluciones/AUTOS%202007/3395.pdf HTTP/1.1" 304 -
190.68.181.124 - - [03/Jan/2015:17:48:59 -0500] "GET /forest/xmlresponse.do?xmlresult=1&lista=getListFest&year=2015&a=0.4147309292405661 HTTP/1.1" 200 1527
98.239.65.159 - - [03/Jan/2015:17:49:00 -0500] "PUT /webdav/TheBest.php HTTP/1.1" 405 938
190.68.181.124 - - [03/Jan/2015:17:49:02 -0500] "GET /forest/xmlresponse.do?xmlresult=1&lista=getListFest&year=2014&a=0.2472989315379157 HTTP/1.1" 200 1366
190.68.181.124 - - [03/Jan/2015:17:49:05 -0500] "GET /forest/xmlresponse.do?xmlresult=1&lista=getListFest&year=2013&a=0.9998166287012268 HTTP/1.1" 200 1356
66.249.64.163 - - [03/Jan/2015:17:49:11 -0500] "GET /BLA/resoluciones/RESOLUCIONES%202009/7410.pdf HTTP/1.1" 304 -
190.68.181.124 - - [03/Jan/2015:17:49:19 -0500] "GET /forest/actions/forms.getList?codForm=ANEXO_UNO&id=TipoDoc1993&text= HTTP/1.1" 200 946
190.68.181.124 - - [03/Jan/2015:17:49:23 -0500] "GET /forest/actions/forms.getList?codForm=ANEXO_UNO&id=TipoDoc1993&text=o HTTP/1.1" 200 957
190.68.181.124 - - [03/Jan/2015:17:49:23 -0500] "GET /forest/actions/forms.getList?codForm=ANEXO_UNO&id=TipoDoc1993&text=of HTTP/1.1" 200 560
190.68.181.124 - - [03/Jan/2015:17:49:23 -0500] "GET /forest/actions/forms.getList?codForm=ANEXO_UNO&id=TipoDoc1993&text=ofi HTTP/1.1" 200 461
190.68.181.124 - - [03/Jan/2015:17:49:23 -0500] "GET /forest/actions/forms.getList?codForm=ANEXO_UNO&id=TipoDoc1993&text=ofiv HTTP/1.1" 200 2
190.68.181.124 - - [03/Jan/2015:17:49:24 -0500] "GET /forest/actions/forms.getList?codForm=ANEXO_UNO&id=TipoDoc1993&text=ofivc HTTP/1.1" 200 2
190.68.181.124 - - [03/Jan/2015:17:49:25 -0500] "GET /forest/actions/forms.getList?codForm=ANEXO_UNO&id=TipoDoc1993&text=ofiv HTTP/1.1" 200 2
190.68.181.124 - - [03/Jan/2015:17:49:25 -0500] "GET /forest/actions/forms.getList?codForm=ANEXO_UNO&id=TipoDoc1993&text=ofi HTTP/1.1" 200 461
66.249.64.171 - - [03/Jan/2015:17:49:40 -0500] "GET /BLA/resoluciones/RESOLUCIONES%202007/RES%202007%204101%20AL%204200/RESOLUCION%204149%20%20DE%202007.pdf HTTP/1.1" 200 213132
66.249.64.171 - - [03/Jan/2015:17:49:41 -0500] "GET /BLA/resoluciones/RESOLUCIONES%202004/RES%202004%201251-1300/00001255.tif HTTP/1.1" 200 128440
186.84.44.72 - - [03/Jan/2015:17:49:49 -0500] "POST /forms/lservlet;jsessionid=ac16012b30d5e75f4c5de1ab422eaa5ecd279de9a1c7.e3iSbxaKaheRe34Sa3yKbhiTahb0n6jAmljGr5XDqQLvpAe HTTP/1.1" 200 2
98.239.65.159 - - [03/Jan/2015:17:49:49 -0500] "PUT /webdav/TheBest.php HTTP/1.1" 405 938
190.68.181.124 - - [03/Jan/2015:17:49:50 -0500] "GET /forest/actions/forms.getList?codForm=ANEXO_UNO&id=tipoesta629&text=I HTTP/1.1" 200 59
190.68.181.124 - - [03/Jan/2015:17:49:50 -0500] "GET /forest/actions/forms.getList?codForm=ANEXO_UNO&id=tipoesta629&text=IN HTTP/1.1" 200 32
190.68.181.124 - - [03/Jan/2015:17:49:51 -0500] "GET /forest/actions/forms.getList?codForm=ANEXO_UNO&id=tipoesta629&text=IND HTTP/1.1" 200 2
190.68.181.124 - - [03/Jan/2015:17:49:51 -0500] "GET /forest/actions/forms.getList?codForm=ANEXO_UNO&id=tipoesta629&text=INDU HTTP/1.1" 200 2
190.68.181.124 - - [03/Jan/2015:17:49:52 -0500] "GET /forest/actions/forms.getList?codForm=ANEXO_UNO&id=tipoesta629&text=IND HTTP/1.1" 200 2
190.68.181.124 - - [03/Jan/2015:17:49:52 -0500] "GET /forest/actions/forms.getList?codForm=ANEXO_UNO&id=tipoesta629&text=IN HTTP/1.1" 200 32
190.68.181.124 - - [03/Jan/2015:17:49:52 -0500] "GET /forest/actions/forms.getList?codForm=ANEXO_UNO&id=tipoesta629&text=I HTTP/1.1" 200 59
66.249.64.171 - - [03/Jan/2015:17:50:09 -0500] "GET /BLA/resoluciones/AUTOS%202008/1979.pdf HTTP/1.1" 200 101307
190.68.181.124 - - [03/Jan/2015:17:50:11 -0500] "GET /forest/session.jsp?a=0.7584682319101865 HTTP/1.1" 200 4
190.9.192.222 - - [03/Jan/2015:17:50:13 -0500] "GET /galeria/carrusel/Carrusel/jquery.thumbnailScroller.css HTTP/1.1" 200 2066
190.9.192.222 - - [03/Jan/2015:17:50:13 -0500] "GET /BLA/boletinlegal/js/jquery.js HTTP/1.1" 200 57254
190.9.192.222 - - [03/Jan/2015:17:50:13 -0500] "GET /BLA/boletinlegal/js/jquery.scrollTo-min.js HTTP/1.1" 200 1150
190.9.192.222 - - [03/Jan/2015:17:50:14 -0500] "GET /BLA/boletinlegal/js/jquery.scrollShow.js HTTP/1.1" 200 4586
190.9.192.222 - - [03/Jan/2015:17:50:14 -0500] "GET /galeria/carrusel/Carrusel/jquery-ui-1.8.13.custom.min.js HTTP/1.1" 200 10800
190.9.192.222 - - [03/Jan/2015:17:50:14 -0500] "GET /galeria/carrusel/Carrusel/jquery.thumbnailScroller.js HTTP/1.1" 200 8157
190.9.192.222 - - [03/Jan/2015:17:50:18 -0500] "GET /galeria/nivo-slider/demo/demo.html HTTP/1.1" 200 3150
190.9.192.222 - - [03/Jan/2015:17:50:19 -0500] "GET /galeria/nivo-slider/themes/default/default.css HTTP/1.1" 200 1569
190.9.192.222 - - [03/Jan/2015:17:50:19 -0500] "GET /galeria/nivo-slider/themes/pascal/pascal.css HTTP/1.1" 200 2258
190.9.192.222 - - [03/Jan/2015:17:50:19 -0500] "GET /galeria/nivo-slider/themes/orman/orman.css HTTP/1.1" 200 2152
190.9.192.222 - - [03/Jan/2015:17:50:19 -0500] "GET /galeria/nivo-slider/nivo-slider.css HTTP/1.1" 200 1507
190.9.192.222 - - [03/Jan/2015:17:50:19 -0500] "GET /galeria/nivo-slider/demo/style.css HTTP/1.1" 200 2222
190.9.192.222 - - [03/Jan/2015:17:50:19 -0500] "GET /galeria/nivo-slider/jquery.nivo.slider.pack.js HTTP/1.1" 200 11561
190.9.192.222 - - [03/Jan/2015:17:50:19 -0500] "GET /galeria/nivo-slider/demo/scripts/jquery-1.7.1.min.js HTTP/1.1" 200 93868
190.9.192.222 - - [03/Jan/2015:17:50:20 -0500] "GET /galeria/nivo-slider/demo/images/4Simple_Slider.png HTTP/1.1" 200 11722
190.9.192.222 - - [03/Jan/2015:17:50:20 -0500] "GET /galeria/nivo-slider/themes/default/loading.gif HTTP/1.1" 200 1737
190.68.181.124 - - [03/Jan/2015:17:50:20 -0500] "GET /forest/actions/forms.getList?codForm=ANEXO_UNO&id=cuenca1290&text=T HTTP/1.1" 200 68
190.9.192.222 - - [03/Jan/2015:17:50:20 -0500] "GET /galeria/nivo-slider/demo/images/bolsas-08.jpg HTTP/1.1" 200 85589
190.9.192.222 - - [03/Jan/2015:17:50:20 -0500] "GET /galeria/nivo-slider/demo/images/Ruta-vertimientos-01.jpg HTTP/1.1" 200 130151
190.9.192.222 - - [03/Jan/2015:17:50:20 -0500] "GET /galeria/nivo-slider/demo/images/bolsas-06.jpg HTTP/1.1" 200 90982
190.9.192.222 - - [03/Jan/2015:17:50:23 -0500] "GET /galeria/nivo-slider/demo/images/ecolecta-Dic2014.png HTTP/1.1" 200 288593
190.9.192.222 - - [03/Jan/2015:17:50:25 -0500] "GET /galeria/nivo-slider/demo/images/porloshumedales.jpg HTTP/1.1" 200 351238
190.9.192.222 - - [03/Jan/2015:17:50:25 -0500] "GET /galeria/nivo-slider/demo/images/Tingua-azul.jpg HTTP/1.1" 200 307638
190.9.192.222 - - [03/Jan/2015:17:50:25 -0500] "GET /galeria/nivo-slider/demo/images/9Signos.jpg HTTP/1.1" 200 93040
190.9.192.222 - - [03/Jan/2015:17:50:26 -0500] "GET /galeria/nivo-slider/demo/images/Banner-Caracol-Africano.jpg HTTP/1.1" 200 331986
190.9.192.222 - - [03/Jan/2015:17:50:27 -0500] "GET /galeria/nivo-slider/demo/images/banner-redes.jpg HTTP/1.1" 200 62209
190.9.192.222 - - [03/Jan/2015:17:50:27 -0500] "GET /galeria/nivo-slider/demo/images/banner-llantas2.jpg HTTP/1.1" 200 73153
186.84.44.72 - - [03/Jan/2015:17:50:28 -0500] "POST /forms/lservlet;jsessionid=ac16012b30d5d11c6496e2c840dd94a48a0507ce41e7.e3iSbxaKaheRe34Sa3yKbhiTahb0n6jAmljGr5XDqQLvpAe HTTP/1.1" 200 2
190.9.192.222 - - [03/Jan/2015:17:50:28 -0500] "GET /galeria/nivo-slider/demo/images/banner-caballos.png HTTP/1.1" 200 389106
66.249.64.167 - - [03/Jan/2015:17:50:38 -0500] "GET /BLA/resoluciones/RESOLUCIONES%202012/0615.pdf HTTP/1.1" 200 386015
190.9.192.222 - - [03/Jan/2015:17:50:38 -0500] "GET /galeria/nivo-slider/themes/default/arrows.png HTTP/1.1" 200 824
190.9.192.222 - - [03/Jan/2015:17:50:38 -0500] "GET /galeria/nivo-slider/themes/default/bullets.png HTTP/1.1" 200 1281
190.68.181.124 - - [03/Jan/2015:17:50:41 -0500] "GET /forest/actions/forms.getList?codForm=ANEXO_UNO&id=chip264&text=AAAA HTTP/1.1" 200 2
190.68.181.124 - - [03/Jan/2015:17:50:40 -0500] "GET /forest/actions/forms.getList?codForm=ANEXO_UNO&id=chip264&text=A HTTP/1.1" 200 828
190.68.181.124 - - [03/Jan/2015:17:50:40 -0500] "GET /forest/actions/forms.getList?codForm=ANEXO_UNO&id=chip264&text=AAA HTTP/1.1" 200 828
190.68.181.124 - - [03/Jan/2015:17:50:40 -0500] "GET /forest/actions/forms.getList?codForm=ANEXO_UNO&id=chip264&text=AA HTTP/1.1" 200 828
190.68.181.124 - - [03/Jan/2015:17:50:42 -0500] "GET /forest/actions/forms.getList?codForm=ANEXO_UNO&id=chip264&text=AAA HTTP/1.1" 200 828
190.68.181.124 - - [03/Jan/2015:17:50:44 -0500] "GET /forest/actions/forms.getList?codForm=ANEXO_UNO&id=chip264&text=AAA0 HTTP/1.1" 200 818
190.68.181.124 - - [03/Jan/2015:17:50:44 -0500] "GET /forest/actions/forms.getList?codForm=ANEXO_UNO&id=chip264&text=AAA00 HTTP/1.1" 200 763
190.68.181.124 - - [03/Jan/2015:17:50:45 -0500] "GET /forest/actions/forms.getList?codForm=ANEXO_UNO&id=chip264&text=AAA000 HTTP/1.1" 200 753
190.68.181.124 - - [03/Jan/2015:17:50:46 -0500] "GET /forest/actions/forms.getList?codForm=ANEXO_UNO&id=chip264&text=AAA0001 HTTP/1.1" 200 730
190.68.181.124 - - [03/Jan/2015:17:50:46 -0500] "GET /forest/actions/forms.getList?codForm=ANEXO_UNO&id=chip264&text=AAA00013 HTTP/1.1" 200 2
190.68.181.124 - - [03/Jan/2015:17:50:47 -0500] "GET /forest/actions/forms.getList?codForm=ANEXO_UNO&id=chip264&text=AAA0001 HTTP/1.1" 200 730
190.68.181.124 - - [03/Jan/2015:17:50:47 -0500] "GET /forest/actions/forms.getList?codForm=ANEXO_UNO&id=chip264&text=AAA000 HTTP/1.1" 200 753
190.68.181.124 - - [03/Jan/2015:17:50:48 -0500] "GET /forest/actions/forms.getList?codForm=ANEXO_UNO&id=chip264&text=AAA00 HTTP/1.1" 200 763
190.68.181.124 - - [03/Jan/2015:17:50:49 -0500] "GET /forest/actions/forms.getList?codForm=ANEXO_UNO&id=chip264&text=AAA001 HTTP/1.1" 200 767
190.68.181.124 - - [03/Jan/2015:17:50:49 -0500] "GET /forest/actions/forms.getList?codForm=ANEXO_UNO&id=chip264&text=AAA0013 HTTP/1.1" 200 181
190.68.181.124 - - [03/Jan/2015:17:50:53 -0500] "GET /forest/actions/forms.getList?codForm=ANEXO_UNO&id=chip264&text=AAA0013Y HTTP/1.1" 200 2
190.68.181.124 - - [03/Jan/2015:17:50:54 -0500] "GET /forest/actions/forms.getList?codForm=ANEXO_UNO&id=chip264&text=AAA0013YE HTTP/1.1" 200 2
190.68.181.124 - - [03/Jan/2015:17:50:54 -0500] "GET /forest/actions/forms.getList?codForm=ANEXO_UNO&id=chip264&text=AAA0013YEE HTTP/1.1" 200 2
190.68.181.124 - - [03/Jan/2015:17:44:55 -0500] "GET /ForestMSG_SDA/channelAsync/template_word_17226363?X-Atmosphere-tracking-id=d56f21b4-19d7-3a5a-e246-e70f85283253&X-Atmosphere-Framework=1.0.5&X-Atmosphere-Transport=long-polling&tabid=0.253855039041749&X-Cache-Date=0&Content-Type=application/xml&_=1420325264957 HTTP/1.1" 200 8193
190.68.181.124 - - [03/Jan/2015:17:50:55 -0500] "GET /forest/actions/forms.getList?codForm=ANEXO_UNO&id=chip264&text=AAA0013YEEA HTTP/1.1" 200 2
190.68.181.124 - - [03/Jan/2015:17:50:57 -0500] "GET /forest/actions/forms.getMappedValues?id=chip264&value=1396451993452&codForm=ANEXO_UNO&a=0.8278808225863828 HTTP/1.1" 200 61
66.249.64.163 - - [03/Jan/2015:17:51:07 -0500] "GET /BLA/resoluciones/AUTOS%202008/0832.pdf HTTP/1.1" 200 109000
190.68.181.124 - - [03/Jan/2015:17:51:29 -0500] "GET /forest/actions/forms.getList?codForm=ANEXO_UNO&id=idupz263&text=q HTTP/1.1" 200 336
190.68.181.124 - - [03/Jan/2015:17:51:29 -0500] "GET /forest/actions/forms.getList?codForm=ANEXO_UNO&id=idupz263&text=qu HTTP/1.1" 200 336
190.68.181.124 - - [03/Jan/2015:17:51:29 -0500] "GET /forest/actions/forms.getList?codForm=ANEXO_UNO&id=idupz263&text=qui HTTP/1.1" 200 104
66.249.64.167 - - [03/Jan/2015:17:51:36 -0500] "GET /BLA/resoluciones/AUTOS%202007/2938.pdf HTTP/1.1" 200 470969
74.86.158.107 - - [03/Jan/2015:17:51:40 -0500] "HEAD / HTTP/1.1" 302 -
186.84.44.72 - - [03/Jan/2015:17:51:49 -0500] "POST /forms/lservlet;jsessionid=ac16012b30d5e75f4c5de1ab422eaa5ecd279de9a1c7.e3iSbxaKaheRe34Sa3yKbhiTahb0n6jAmljGr5XDqQLvpAe HTTP/1.1" 200 2
66.249.64.39 - - [03/Jan/2015:17:52:05 -0500] "GET /ecodirectorio/files/res/pages/page_0067.swf HTTP/1.1" 200 122850
66.249.64.167 - - [03/Jan/2015:17:52:06 -0500] "GET /BLA/resoluciones/RESOLUCIONES%202009/5835.pdf HTTP/1.1" 200 519817
190.68.181.124 - - [03/Jan/2015:17:52:13 -0500] "GET /forest/actions/forms.getList?codForm=ANEXO_UNO&id=ViabTec_Reg670&text=r HTTP/1.1" 200 2
190.68.181.124 - - [03/Jan/2015:17:52:13 -0500] "GET /forest/actions/forms.getList?codForm=ANEXO_UNO&id=ViabTec_Reg670&text=re HTTP/1.1" 200 2
190.68.181.124 - - [03/Jan/2015:17:52:15 -0500] "GET /forest/actions/forms.getList?codForm=ANEXO_UNO&id=ViabTec_Reg670&text=r HTTP/1.1" 200 2
190.68.181.124 - - [03/Jan/2015:17:52:16 -0500] "GET /forest/actions/forms.getList?codForm=ANEXO_UNO&id=ViabTec_Reg670&text= HTTP/1.1" 200 80
190.68.181.124 - - [03/Jan/2015:17:52:22 -0500] "GET /forest/actions/forms.getList?codForm=ANEXO_UNO&id=ViabTec_Perm671&text=n HTTP/1.1" 200 56
190.68.181.124 - - [03/Jan/2015:17:52:28 -0500] "GET /forest/actions/forms.getList?codForm=ANEXO_UNO&id=AcepReg_MovAceite985&text=n HTTP/1.1" 200 56
186.84.44.72 - - [03/Jan/2015:17:52:28 -0500] "POST /forms/lservlet;jsessionid=ac16012b30d5d11c6496e2c840dd94a48a0507ce41e7.e3iSbxaKaheRe34Sa3yKbhiTahb0n6jAmljGr5XDqQLvpAe HTTP/1.1" 200 2
66.249.64.167 - - [03/Jan/2015:17:52:34 -0500] "GET /BLA/resoluciones/RESOLUCIONES%202010/2854.pdf HTTP/1.1" 200 12811547
66.249.64.163 - - [03/Jan/2015:17:52:47 -0500] "GET /galeria/nivo-slider/demo/images/banner-caballos.png HTTP/1.1" 304 -
66.249.64.167 - - [03/Jan/2015:17:52:48 -0500] "GET /videos/galeria-cronicas/cronicas/NuestraGente18.mp4video.mp4 HTTP/1.1" 200 36893791
190.68.181.124 - - [03/Jan/2015:17:52:50 -0500] "POST /forest/usutareas.do? HTTP/1.1" 200 76
190.68.181.124 - - [03/Jan/2015:17:52:54 -0500] "GET /forest/css/index.css?version=1412.231748 HTTP/1.1" 304 -
190.68.181.124 - - [03/Jan/2015:17:52:54 -0500] "GET /forest/skins/gdocs-jar/css/menu.css?version=1412.231748 HTTP/1.1" 304 -
190.68.181.124 - - [03/Jan/2015:17:52:54 -0500] "GET /forest/css/escritorio.css?version=1412.231748 HTTP/1.1" 304 -
190.68.181.124 - - [03/Jan/2015:17:52:54 -0500] "GET /forest/skins/gdocs-jar/css/autocomplete.css?version=1412.231748 HTTP/1.1" 304 -
190.68.181.124 - - [03/Jan/2015:17:52:54 -0500] "GET /forest/skins/gdocs-jar/css/forest.css?version=1412.231748 HTTP/1.1" 304 -
190.68.181.124 - - [03/Jan/2015:17:52:54 -0500] "GET /forest/1ibre/jscalendar/calendar-win2k-1.css?version=1412.231748 HTTP/1.1" 304 -
190.68.181.124 - - [03/Jan/2015:17:52:54 -0500] "GET /forest/skins/gdocs-jar/css/dialog.css?version=1412.231748 HTTP/1.1" 304 -
190.68.181.124 - - [03/Jan/2015:17:52:54 -0500] "GET /forest/skins/gdocs-jar/css/forms.css?version=1412.231748 HTTP/1.1" 304 -
190.68.181.124 - - [03/Jan/2015:17:52:54 -0500] "GET /forest/img/forestIcon.gif?version=1412.231748 HTTP/1.1" 304 -
190.68.181.124 - - [03/Jan/2015:17:52:55 -0500] "GET /forest/skins/gdocs-jar/js/autocompletar2.js?version=1412.231748 HTTP/1.1" 304 -
190.68.181.124 - - [03/Jan/2015:17:52:55 -0500] "GET /forest/skins/gdocs-jar/js/xml_utilities.js?version=1412.231748 HTTP/1.1" 304 -
190.68.181.124 - - [03/Jan/2015:17:52:55 -0500] "GET /forest/skins/gdocs-jar/js/tareas.js?version=1412.231748 HTTP/1.1" 304 -
190.68.181.124 - - [03/Jan/2015:17:52:55 -0500] "GET /forest/skins/gdocs-jar/js/grid.js?version=1412.231748 HTTP/1.1" 304 -
190.68.181.124 - - [03/Jan/2015:17:52:55 -0500] "GET /forest/js/usutareas-docs.js HTTP/1.1" 304 -
190.68.181.124 - - [03/Jan/2015:17:52:55 -0500] "GET /forest/js/jquery/jquery-1.5.2.min.js HTTP/1.1" 304 -
190.68.181.124 - - [03/Jan/2015:17:52:56 -0500] "GET /forest/js/jquery/jquery.atmosphere.js HTTP/1.1" 304 -
190.68.181.124 - - [03/Jan/2015:17:52:56 -0500] "GET /forest/js/socketConnection.js HTTP/1.1" 304 -
190.68.181.124 - - [03/Jan/2015:17:52:56 -0500] "GET /forest/skins/gdocs-jar/js/formsBase.js?version=1412.231748 HTTP/1.1" 304 -
190.68.181.124 - - [03/Jan/2015:17:52:56 -0500] "GET /forest/skins/gdocs-jar/js/number-functions.js?version=1412.231748 HTTP/1.1" 304 -
190.68.181.124 - - [03/Jan/2015:17:52:56 -0500] "GET /forest/skins/gdocs-jar/js/swfobject.js?version=1412.231748 HTTP/1.1" 304 -
190.68.181.124 - - [03/Jan/2015:17:52:56 -0500] "GET /forest/skins/gdocs-jar/js/graphicForm.js?version=1412.231748 HTTP/1.1" 304 -
190.68.181.124 - - [03/Jan/2015:17:52:56 -0500] "GET /forest/skins/gdocs-jar/img/bola.gif HTTP/1.1" 304 -
190.68.181.124 - - [03/Jan/2015:17:50:55 -0500] "GET /ForestMSG_SDA/channelAsync/template_word_17226363?X-Atmosphere-tracking-id=d56f21b4-19d7-3a5a-e246-e70f85283253&X-Atmosphere-Framework=1.0.5&X-Atmosphere-Transport=long-polling&tabid=0.253855039041749&X-Cache-Date=0&Content-Type=application/xml&_=1420325625057 HTTP/1.1" 200 8193
190.68.181.124 - - [03/Jan/2015:17:52:56 -0500] "GET /forest/skins/gdocs-jar/img/plus.gif HTTP/1.1" 304 -
190.68.181.124 - - [03/Jan/2015:17:52:56 -0500] "GET /forest/skins/gdocs-jar/img/pencil.png HTTP/1.1" 304 -
190.68.181.124 - - [03/Jan/2015:17:52:56 -0500] "GET /forest/skins/gdocs-jar/img/minus.png HTTP/1.1" 304 -
202.46.56.115 - - [03/Jan/2015:17:52:57 -0500] "GET /BLA/boletinlegal;jsessionid=03A8BB6A9C67B4F737573E557BCBEE0E?/? HTTP/1.1" 404 1018
190.68.181.124 - - [03/Jan/2015:17:52:53 -0500] "GET /forest/usutareas.do?group_system_actual=3&a=0.04246889781565344 HTTP/1.1" 200 996440
190.68.181.124 - - [03/Jan/2015:17:53:06 -0500] "GET /forest/session.jsp?a=0.6057615682933384 HTTP/1.1" 200 4
190.68.181.124 - - [03/Jan/2015:17:53:06 -0500] "GET /forest/actions/forms.getList?codForm=ANEXO_UNO&id=Aguas_Superf984 HTTP/1.1" 200 139
190.68.181.124 - - [03/Jan/2015:17:53:06 -0500] "GET /forest/actions/forms.getList?codForm=ANEXO_UNO&id=Aguas_Subterr1342 HTTP/1.1" 200 139
190.68.181.124 - - [03/Jan/2015:17:53:06 -0500] "GET /forest/actions/forms.getList?codForm=ANEXO_UNO&id=Vertimientos312 HTTP/1.1" 200 139
190.68.181.124 - - [03/Jan/2015:17:53:06 -0500] "GET /forest/actions/forms.getList?codForm=ANEXO_UNO&id=Aceites_Usados626 HTTP/1.1" 200 139
190.68.181.124 - - [03/Jan/2015:17:53:11 -0500] "GET /forest/actions/forms.getMappedValues?id=NUMTER1346&value=900265329-1&codForm=ANEXO_UNO&a=0.9061688548485209 HTTP/1.1" 200 190
190.68.181.124 - - [03/Jan/2015:17:53:11 -0500] "GET /forest/actions/forms.getMappedValues?id=CIIU21016&value=2229&codForm=ANEXO_UNO&a=0.06675632556414768 HTTP/1.1" 200 173
190.68.181.124 - - [03/Jan/2015:17:53:11 -0500] "GET /forest/actions/forms.getMappedValues?id=chip264&value=1396451993452&codForm=ANEXO_UNO&a=0.20766324217570142 HTTP/1.1" 200 61
190.68.181.124 - - [03/Jan/2015:17:53:16 -0500] "POST /forest/usutareas.do? HTTP/1.1" 200 76
190.68.181.124 - - [03/Jan/2015:17:53:29 -0500] "GET /forest/skins/gdocs-jar/css/menu.css?version=1412.231748 HTTP/1.1" 304 -
190.68.181.124 - - [03/Jan/2015:17:53:29 -0500] "GET /forest/css/escritorio.css?version=1412.231748 HTTP/1.1" 304 -
190.68.181.124 - - [03/Jan/2015:17:53:29 -0500] "GET /forest/skins/gdocs-jar/css/forest.css?version=1412.231748 HTTP/1.1" 304 -
190.68.181.124 - - [03/Jan/2015:17:53:29 -0500] "GET /forest/css/index.css?version=1412.231748 HTTP/1.1" 304 -
190.68.181.124 - - [03/Jan/2015:17:53:29 -0500] "GET /forest/skins/gdocs-jar/css/autocomplete.css?version=1412.231748 HTTP/1.1" 304 -
190.68.181.124 - - [03/Jan/2015:17:53:29 -0500] "GET /forest/skins/gdocs-jar/css/dialog.css?version=1412.231748 HTTP/1.1" 304 -
190.68.181.124 - - [03/Jan/2015:17:53:29 -0500] "GET /forest/1ibre/jscalendar/calendar-win2k-1.css?version=1412.231748 HTTP/1.1" 304 -
190.68.181.124 - - [03/Jan/2015:17:53:29 -0500] "GET /forest/skins/gdocs-jar/css/forms.css?version=1412.231748 HTTP/1.1" 304 -
190.68.181.124 - - [03/Jan/2015:17:53:29 -0500] "GET /forest/img/forestIcon.gif?version=1412.231748 HTTP/1.1" 304 -
190.68.181.124 - - [03/Jan/2015:17:53:29 -0500] "GET /forest/skins/gdocs-jar/js/tareas.js?version=1412.231748 HTTP/1.1" 304 -
190.68.181.124 - - [03/Jan/2015:17:53:30 -0500] "GET /forest/skins/gdocs-jar/js/autocompletar2.js?version=1412.231748 HTTP/1.1" 304 -
190.68.181.124 - - [03/Jan/2015:17:53:30 -0500] "GET /forest/skins/gdocs-jar/js/xml_utilities.js?version=1412.231748 HTTP/1.1" 304 -
190.68.181.124 - - [03/Jan/2015:17:53:30 -0500] "GET /forest/skins/gdocs-jar/js/grid.js?version=1412.231748 HTTP/1.1" 304 -
190.68.181.124 - - [03/Jan/2015:17:53:30 -0500] "GET /forest/skins/gdocs-jar/js/number-functions.js?version=1412.231748 HTTP/1.1" 304 -
190.68.181.124 - - [03/Jan/2015:17:53:30 -0500] "GET /forest/skins/gdocs-jar/js/swfobject.js?version=1412.231748 HTTP/1.1" 304 -
190.68.181.124 - - [03/Jan/2015:17:53:30 -0500] "GET /forest/skins/gdocs-jar/js/formsBase.js?version=1412.231748 HTTP/1.1" 304 -
190.68.181.124 - - [03/Jan/2015:17:53:30 -0500] "GET /forest/skins/gdocs-jar/js/graphicForm.js?version=1412.231748 HTTP/1.1" 304 -
190.68.181.124 - - [03/Jan/2015:17:53:28 -0500] "GET /forest/usutareas.do?group_system_actual=3&a=0.49239631735851397 HTTP/1.1" 200 116334
66.249.64.167 - - [03/Jan/2015:17:53:31 -0500] "GET /BLA/resoluciones/AUTOS%202006/AUTOS%202006%20301-400/00000308.tif HTTP/1.1" 200 54698
190.68.181.124 - - [03/Jan/2015:17:53:31 -0500] "GET /forest/session.jsp?a=0.762328637408973 HTTP/1.1" 200 4
190.68.181.124 - - [03/Jan/2015:17:53:31 -0500] "GET /forest/actions/forms.getMappedValues?id=tercero46&value=900265329-1&codForm=reporte_ct_registro&a=0.462132987067815 HTTP/1.1" 200 82
190.68.181.124 - - [03/Jan/2015:17:53:31 -0500] "GET /forest/actions/forms.getMappedValues?id=ViabTec_Perm1340&value=3&codForm=reporte_ct_registro&a=0.17574827528532044 HTTP/1.1" 200 28
190.68.181.124 - - [03/Jan/2015:17:53:31 -0500] "GET /forest/actions/forms.getMappedValues?id=ViabTec_Perm1340&value=3&codForm=reporte_ct_registro&a=0.5687218986950943 HTTP/1.1" 200 28
66.249.64.171 - - [03/Jan/2015:17:53:31 -0500] "GET /BLA/resoluciones/AUTOS%202011/6392.pdf HTTP/1.1" 200 273980
66.249.64.163 - - [03/Jan/2015:17:53:33 -0500] "GET /BLA/resoluciones/RESOLUCIONES%202008/1823.pdf HTTP/1.1" 200 312042
190.68.181.124 - - [03/Jan/2015:17:53:43 -0500] "GET /forest/actions/sgc.getPlantillaByInst?codForm=2086&codInst=3028230 HTTP/1.1" 200 89585
190.9.193.129 - - [03/Jan/2015:17:53:49 -0500] "GET /huelladecarbono/Imagenes/HUELLA_TITLE.jpg HTTP/1.1" 404 1120
186.84.44.72 - - [03/Jan/2015:17:53:49 -0500] "POST /forms/lservlet;jsessionid=ac16012b30d5e75f4c5de1ab422eaa5ecd279de9a1c7.e3iSbxaKaheRe34Sa3yKbhiTahb0n6jAmljGr5XDqQLvpAe HTTP/1.1" 200 2
190.9.193.129 - - [03/Jan/2015:17:53:49 -0500] "GET /huelladecarbono/Imagenes/hand.png HTTP/1.1" 404 1120
66.249.64.163 - - [03/Jan/2015:17:54:02 -0500] "GET /BLA/resoluciones/AUTOS%202012/1224.pdf HTTP/1.1" 200 170338
98.239.65.159 - - [03/Jan/2015:17:54:03 -0500] "PUT /webdav/TheBest.php HTTP/1.1" 405 938
180.76.6.233 - - [03/Jan/2015:17:54:04 -0500] "GET /BLA/resoluciones/RESOLUCIONES%202008/0124.pdf HTTP/1.1" 200 286191
186.84.44.72 - - [03/Jan/2015:17:54:29 -0500] "POST /forms/lservlet;jsessionid=ac16012b30d5d11c6496e2c840dd94a48a0507ce41e7.e3iSbxaKaheRe34Sa3yKbhiTahb0n6jAmljGr5XDqQLvpAe HTTP/1.1" 200 2
66.249.64.171 - - [03/Jan/2015:17:54:31 -0500] "GET /BLA/resoluciones/RESOLUCIONES%202012/1451.pdf HTTP/1.1" 304 -
190.68.181.124 - - [03/Jan/2015:17:54:25 -0500] "POST /forest/usutareas.do? HTTP/1.1" 200 201
190.68.181.124 - - [03/Jan/2015:17:54:08 -0500] "POST /forest/usutareas.do? HTTP/1.1" 200 201
190.68.181.124 - - [03/Jan/2015:17:54:31 -0500] "GET /forest/skins/gdocs-jar/img/error.gif HTTP/1.1" 304 -
98.239.65.159 - - [03/Jan/2015:17:54:52 -0500] "PUT /webdav/TheBest.php HTTP/1.1" 405 938
66.249.64.163 - - [03/Jan/2015:17:55:00 -0500] "GET /BLA/resoluciones/RESOLUCIONES%202013/0439.pdf HTTP/1.1" 304 -
190.68.181.124 - - [03/Jan/2015:17:54:47 -0500] "POST /forest/usutareas.do? HTTP/1.1" 200 201
66.249.64.167 - - [03/Jan/2015:17:55:29 -0500] "GET /BLA/resoluciones/RESOLUCIONES%202009/5596.pdf HTTP/1.1" 200 674391
186.84.44.72 - - [03/Jan/2015:17:55:49 -0500] "POST /forms/lservlet;jsessionid=ac16012b30d5e75f4c5de1ab422eaa5ecd279de9a1c7.e3iSbxaKaheRe34Sa3yKbhiTahb0n6jAmljGr5XDqQLvpAe HTTP/1.1" 200 2
66.249.64.163 - - [03/Jan/2015:17:55:58 -0500] "GET /BLA/resoluciones/RESOLUCIONES%202007/RES%202007%20301%20AL%20400/RESOLUCION%200375%20DE%202007.pdf HTTP/1.1" 200 336283
180.76.5.59 - - [03/Jan/2015:17:56:14 -0500] "GET /BLA/boletinlegal;jsessionid=B6A72934D7FF7A9B14C79EE52A4B0007?/? HTTP/1.1" 404 1018
66.249.64.163 - - [03/Jan/2015:17:56:27 -0500] "GET /BLA/resoluciones/RESOLUCIONES%202014/0080.pdf HTTP/1.1" 304 -
186.84.44.72 - - [03/Jan/2015:17:56:29 -0500] "POST /forms/lservlet;jsessionid=ac16012b30d5d11c6496e2c840dd94a48a0507ce41e7.e3iSbxaKaheRe34Sa3yKbhiTahb0n6jAmljGr5XDqQLvpAe HTTP/1.1" 200 2
74.86.158.107 - - [03/Jan/2015:17:56:40 -0500] "HEAD / HTTP/1.1" 302 -
66.249.64.167 - - [03/Jan/2015:17:56:56 -0500] "GET /BLA/resoluciones/AUTOS%202007/1935.pdf HTTP/1.1" 200 189954
180.76.6.157 - - [03/Jan/2015:17:57:18 -0500] "GET /BLA/boletinlegal;jsessionid=3C07519E5EA8DE80E95C56B76B09B27E?/? HTTP/1.1" 404 1018
202.46.54.174 - - [03/Jan/2015:17:57:25 -0500] "GET /even/?C=D;O=A HTTP/1.1" 404 1019
66.249.64.167 - - [03/Jan/2015:17:57:25 -0500] "GET /BLA/resoluciones/AUTOS%202008/2205.pdf HTTP/1.1" 304 -
186.84.44.72 - - [03/Jan/2015:17:57:49 -0500] "POST /forms/lservlet;jsessionid=ac16012b30d5e75f4c5de1ab422eaa5ecd279de9a1c7.e3iSbxaKaheRe34Sa3yKbhiTahb0n6jAmljGr5XDqQLvpAe HTTP/1.1" 200 2
66.249.64.163 - - [03/Jan/2015:17:57:54 -0500] "GET /BLA/resoluciones/AUTOS%202008/3494.pdf HTTP/1.1" 304 -
66.55.135.219 - - [03/Jan/2015:17:57:59 -0500] "GET /dama/libreria/jpg/ecosistemas/aulas/aa2_1.jpg HTTP/1.1" 404 1289
66.55.135.219 - - [03/Jan/2015:17:57:59 -0500] "GET /dama/libreria/jpg/ecosistemas/aulas/aa2_1.jpg HTTP/1.1" 404 1289
66.249.64.171 - - [03/Jan/2015:17:58:23 -0500] "GET /BLA/resoluciones/RESOLUCIONES%202007/RES%202007%20901%20AL%201000/RESOLUCION%200976%20DE%202007.pdf HTTP/1.1" 304 -
186.84.44.72 - - [03/Jan/2015:17:58:29 -0500] "POST /forms/lservlet;jsessionid=ac16012b30d5d11c6496e2c840dd94a48a0507ce41e7.e3iSbxaKaheRe34Sa3yKbhiTahb0n6jAmljGr5XDqQLvpAe HTTP/1.1" 200 2
190.68.181.124 - - [03/Jan/2015:17:58:31 -0500] "GET /forest/session.jsp?a=0.7041491974093728 HTTP/1.1" 200 4
66.249.64.171 - - [03/Jan/2015:17:58:33 -0500] "GET /Report2/logout.do HTTP/1.1" 503 1020
207.46.13.139 - - [03/Jan/2015:17:58:52 -0500] "GET /logos/pread.psd HTTP/1.1" 404 1019
66.249.64.171 - - [03/Jan/2015:17:58:52 -0500] "GET /BLA/resoluciones/RESOLUCIONES%202009/6327.pdf HTTP/1.1" 200 327742
190.68.181.124 - - [03/Jan/2015:17:52:56 -0500] "GET /ForestMSG_SDA/channelAsync/template_word_17226363?X-Atmosphere-tracking-id=3f47fea4-7a00-2c21-123d-287b47d15dc3&X-Atmosphere-Framework=1.0.5&X-Atmosphere-Transport=long-polling&tabid=0.9892660737810742&X-Cache-Date=0&Content-Type=application/xml&_=1420325746059 HTTP/1.1" 200 8193
207.46.13.61 - - [03/Jan/2015:17:59:00 -0500] "GET /galeria/nivo-slider/demo/demo.html HTTP/1.1" 200 3150
98.239.65.159 - - [03/Jan/2015:17:59:01 -0500] "PUT /webdav/TheBest.php HTTP/1.1" 405 938
66.249.64.167 - - [03/Jan/2015:17:59:21 -0500] "GET /BLA/resoluciones/RESOLUCIONES%202009/1499.pdf HTTP/1.1" 200 663843
