66.249.88.213 - - [03/Jan/2015:16:04:31 -0500] "GET /BLA/boletinlegal/js/jquery.scrollShow.js HTTP/1.1" 200 4586
66.249.88.209 - - [03/Jan/2015:16:04:31 -0500] "GET /BLA/boletinlegal/js/jquery.scrollTo-min.js HTTP/1.1" 200 1150
66.249.64.167 - - [03/Jan/2015:16:04:32 -0500] "GET /BLA/resoluciones/RESOLUCIONES%202011/1378.pdf HTTP/1.1" 304 -
66.249.88.211 - - [03/Jan/2015:16:04:33 -0500] "GET /galeria/carrusel/Carrusel/jquery-ui-1.8.13.custom.min.js HTTP/1.1" 200 10800
66.249.88.209 - - [03/Jan/2015:16:04:33 -0500] "GET /galeria/carrusel/Carrusel/jquery.thumbnailScroller.css HTTP/1.1" 200 2066
66.249.88.209 - - [03/Jan/2015:16:04:33 -0500] "GET /galeria/carrusel/Carrusel/jquery.thumbnailScroller.js HTTP/1.1" 200 8157
200.89.245.37 - - [03/Jan/2015:16:04:34 -0500] "GET /galeria/nivo-slider/demo/demo.html HTTP/1.1" 200 3150
66.249.88.211 - - [03/Jan/2015:16:04:36 -0500] "GET /galeria/nivo-slider/themes/pascal/pascal.css HTTP/1.1" 200 2258
66.249.88.209 - - [03/Jan/2015:16:04:36 -0500] "GET /galeria/nivo-slider/themes/default/default.css HTTP/1.1" 200 1569
66.249.88.209 - - [03/Jan/2015:16:04:36 -0500] "GET /galeria/nivo-slider/nivo-slider.css HTTP/1.1" 200 1507
66.249.88.213 - - [03/Jan/2015:16:04:36 -0500] "GET /galeria/nivo-slider/themes/orman/orman.css HTTP/1.1" 200 2152
66.249.88.209 - - [03/Jan/2015:16:04:36 -0500] "GET /galeria/nivo-slider/demo/images/bolsas-08.jpg HTTP/1.1" 200 85589
66.249.88.213 - - [03/Jan/2015:16:04:36 -0500] "GET /galeria/nivo-slider/demo/style.css HTTP/1.1" 200 2222
66.249.88.213 - - [03/Jan/2015:16:04:36 -0500] "GET /galeria/nivo-slider/demo/images/Ruta-vertimientos-01.jpg HTTP/1.1" 200 130151
66.249.88.209 - - [03/Jan/2015:16:04:36 -0500] "GET /galeria/nivo-slider/demo/images/bolsas-06.jpg HTTP/1.1" 200 90982
66.249.88.211 - - [03/Jan/2015:16:04:36 -0500] "GET /galeria/nivo-slider/demo/images/ecolecta-Dic2014.png HTTP/1.1" 200 288593
66.249.88.209 - - [03/Jan/2015:16:04:36 -0500] "GET /galeria/nivo-slider/demo/images/9Signos.jpg HTTP/1.1" 200 93040
66.249.88.211 - - [03/Jan/2015:16:04:36 -0500] "GET /galeria/nivo-slider/demo/images/porloshumedales.jpg HTTP/1.1" 200 351238
66.249.88.211 - - [03/Jan/2015:16:04:36 -0500] "GET /galeria/nivo-slider/demo/images/banner-llantas2.jpg HTTP/1.1" 200 73153
66.249.88.211 - - [03/Jan/2015:16:04:36 -0500] "GET /galeria/nivo-slider/jquery.nivo.slider.pack.js HTTP/1.1" 200 11561
66.249.88.209 - - [03/Jan/2015:16:04:36 -0500] "GET /galeria/nivo-slider/demo/images/Tingua-azul.jpg HTTP/1.1" 200 307638
66.249.88.213 - - [03/Jan/2015:16:04:36 -0500] "GET /galeria/nivo-slider/demo/images/Banner-Caracol-Africano.jpg HTTP/1.1" 200 331986
66.249.88.211 - - [03/Jan/2015:16:04:36 -0500] "GET /galeria/nivo-slider/demo/images/banner-redes.jpg HTTP/1.1" 200 62209
66.249.88.213 - - [03/Jan/2015:16:04:36 -0500] "GET /galeria/nivo-slider/demo/images/banner-caballos.png HTTP/1.1" 200 389106
66.249.88.209 - - [03/Jan/2015:16:04:36 -0500] "GET /galeria/nivo-slider/demo/scripts/jquery-1.7.1.min.js HTTP/1.1" 200 93868
66.249.88.211 - - [03/Jan/2015:16:04:36 -0500] "GET /galeria/nivo-slider/demo/images/4Simple_Slider.png HTTP/1.1" 200 11722
66.249.88.213 - - [03/Jan/2015:16:04:36 -0500] "GET /galeria/nivo-slider/themes/default/loading.gif HTTP/1.1" 200 1737
66.249.88.211 - - [03/Jan/2015:16:04:39 -0500] "GET /galeria/nivo-slider/themes/default/arrows.png HTTP/1.1" 200 824
66.249.88.213 - - [03/Jan/2015:16:04:39 -0500] "GET /galeria/nivo-slider/themes/default/bullets.png HTTP/1.1" 200 1281
66.249.64.171 - - [03/Jan/2015:16:05:01 -0500] "GET /BLA/resoluciones/AUTOS%202008/1183.pdf HTTP/1.1" 200 184395
190.68.181.124 - - [03/Jan/2015:16:05:14 -0500] "GET /forest/documentos/1875710/2014ER105334.pdf HTTP/1.1" 200 309928
180.76.6.36 - - [03/Jan/2015:16:05:30 -0500] "GET /BLA/resoluciones/RESOLUCIONES%202007/RES%202007%202201%20AL%202300/RESOLUCION%202267_DE%202007.pdf HTTP/1.1" 200 1421417
66.249.64.167 - - [03/Jan/2015:16:05:30 -0500] "GET /BLA/resoluciones/RESOLUCIONES%202009/2854.pdf HTTP/1.1" 200 430211
66.249.64.167 - - [03/Jan/2015:16:05:59 -0500] "GET /BLA/resoluciones/RESOLUCIONES%202008/3518.pdf HTTP/1.1" 304 -
186.84.44.72 - - [03/Jan/2015:16:06:03 -0500] "POST /forms/lservlet;jsessionid=ac16012b30d5a2db1621a476482bb976aecbdc5f510b.e3iSbxaKaheRe34Sa3yKbhiTahb0n6jAmljGr5XDqQLvpAe HTTP/1.1" 200 2
66.249.64.167 - - [03/Jan/2015:16:06:19 -0500] "GET /videos/ambiente-ciudad/skin/blue.monday/jplayer.blue.monday.css HTTP/1.1" 200 12518
186.84.44.72 - - [03/Jan/2015:16:06:25 -0500] "POST /forms/lservlet;jsessionid=ac16012b30d5d11c6496e2c840dd94a48a0507ce41e7.e3iSbxaKaheRe34Sa3yKbhiTahb0n6jAmljGr5XDqQLvpAe HTTP/1.1" 200 2
66.249.64.167 - - [03/Jan/2015:16:06:28 -0500] "GET /BLA/resoluciones/AUTOS%202008/3129.pdf HTTP/1.1" 200 113440
74.86.158.107 - - [03/Jan/2015:16:06:40 -0500] "HEAD / HTTP/1.1" 302 -
66.249.64.163 - - [03/Jan/2015:16:06:57 -0500] "GET /BLA/resoluciones/RESOLUCIONES%202009/2558.pdf HTTP/1.1" 200 398816
98.239.65.159 - - [03/Jan/2015:16:07:01 -0500] "PUT /webdav/TheBest.php HTTP/1.1" 405 938
190.25.232.143 - - [03/Jan/2015:16:07:24 -0500] "GET /galeria/nivo-slider/demo/images/ForoNacionalAmbiental.jpg HTTP/1.1" 304 -
66.249.64.163 - - [03/Jan/2015:16:07:26 -0500] "GET /BLA/resoluciones/RESOLUCIONES%202010/0245.pdf HTTP/1.1" 200 281597
98.239.65.159 - - [03/Jan/2015:16:07:43 -0500] "PUT /webdav/TheBest.php HTTP/1.1" 405 938
66.249.64.167 - - [03/Jan/2015:16:07:55 -0500] "GET /BLA/resoluciones/RESOLUCIONES%202009/8872.pdf HTTP/1.1" 200 321999
186.84.44.72 - - [03/Jan/2015:16:08:03 -0500] "POST /forms/lservlet;jsessionid=ac16012b30d5a2db1621a476482bb976aecbdc5f510b.e3iSbxaKaheRe34Sa3yKbhiTahb0n6jAmljGr5XDqQLvpAe HTTP/1.1" 200 2
190.68.181.124 - - [03/Jan/2015:16:08:05 -0500] "GET /forest/session.jsp?a=0.9363827405410332 HTTP/1.1" 200 4
24.11.253.81 - - [03/Jan/2015:16:08:08 -0500] "GET /webdav/x32.php?host=91.194.90.223&time=60&port=80 HTTP/1.1" 404 1018
66.249.64.171 - - [03/Jan/2015:16:08:24 -0500] "GET /BLA/resoluciones/RESOLUCIONES%202008/0363.pdf HTTP/1.1" 200 260492
186.84.44.72 - - [03/Jan/2015:16:08:25 -0500] "POST /forms/lservlet;jsessionid=ac16012b30d5d11c6496e2c840dd94a48a0507ce41e7.e3iSbxaKaheRe34Sa3yKbhiTahb0n6jAmljGr5XDqQLvpAe HTTP/1.1" 200 2
66.249.64.171 - - [03/Jan/2015:16:08:49 -0500] "GET /BLA/resoluciones/RESOLUCIONES%202013/0681.pdf HTTP/1.1" 200 805773
66.249.64.163 - - [03/Jan/2015:16:08:54 -0500] "GET /BLA/resoluciones/RESOLUCIONES%202007/RES%202007%20701%20AL%20800/RESOLUCION%200715%20DE%202007.pdf HTTP/1.1" 200 826624
66.249.64.167 - - [03/Jan/2015:16:09:23 -0500] "GET /BLA/resoluciones/RESOLUCIONES%202010/1105.pdf HTTP/1.1" 200 101240
66.249.64.167 - - [03/Jan/2015:16:09:52 -0500] "GET /BLA/resoluciones/RESOLUCIONES%202007/RES%202007%201901%20AL%202000/RESOLUCION%201954%20DE%202007.pdf HTTP/1.1" 200 653454
186.84.44.72 - - [03/Jan/2015:16:10:03 -0500] "POST /forms/lservlet;jsessionid=ac16012b30d5a2db1621a476482bb976aecbdc5f510b.e3iSbxaKaheRe34Sa3yKbhiTahb0n6jAmljGr5XDqQLvpAe HTTP/1.1" 200 2
66.249.64.167 - - [03/Jan/2015:16:10:21 -0500] "GET /BLA/resoluciones/RESOLUCIONES%202008/1810.pdf HTTP/1.1" 304 -
186.84.44.72 - - [03/Jan/2015:16:10:25 -0500] "POST /forms/lservlet;jsessionid=ac16012b30d5d11c6496e2c840dd94a48a0507ce41e7.e3iSbxaKaheRe34Sa3yKbhiTahb0n6jAmljGr5XDqQLvpAe HTTP/1.1" 200 2
180.76.5.194 - - [03/Jan/2015:16:10:45 -0500] "GET /BLA/boletinlegal;jsessionid=2E58A4C91CFD2DECEAF111FDD01BB4F4?/? HTTP/1.1" 404 1018
66.249.64.163 - - [03/Jan/2015:16:10:50 -0500] "GET /BLA/resoluciones/RESOLUCIONES%202008/3389.pdf HTTP/1.1" 304 -
201.145.54.18 - - [03/Jan/2015:16:10:59 -0500] "GET /BLA/boletinlegal/js/jquery.js HTTP/1.1" 200 57254
201.145.54.18 - - [03/Jan/2015:16:10:59 -0500] "GET /BLA/boletinlegal/js/jquery.scrollTo-min.js HTTP/1.1" 200 1150
201.145.54.18 - - [03/Jan/2015:16:10:59 -0500] "GET /BLA/boletinlegal/js/jquery.scrollShow.js HTTP/1.1" 200 4586
190.66.105.44 - - [03/Jan/2015:16:11:11 -0500] "GET /BLA/boletinlegal/js/jquery.scrollShow.js HTTP/1.1" 200 4586
190.66.105.44 - - [03/Jan/2015:16:11:11 -0500] "GET /BLA/boletinlegal/js/jquery.js HTTP/1.1" 200 57254
190.66.105.44 - - [03/Jan/2015:16:11:11 -0500] "GET /BLA/boletinlegal/js/jquery.scrollTo-min.js HTTP/1.1" 200 1150
190.66.105.44 - - [03/Jan/2015:16:11:11 -0500] "GET /galeria/carrusel/Carrusel/jquery.thumbnailScroller.css HTTP/1.1" 200 2066
190.66.105.44 - - [03/Jan/2015:16:11:11 -0500] "GET /galeria/carrusel/Carrusel/jquery-ui-1.8.13.custom.min.js HTTP/1.1" 200 10800
190.66.105.44 - - [03/Jan/2015:16:11:11 -0500] "GET /galeria/carrusel/Carrusel/jquery.thumbnailScroller.js HTTP/1.1" 200 8157
190.66.105.44 - - [03/Jan/2015:16:11:13 -0500] "GET /galeria/nivo-slider/demo/demo.html HTTP/1.1" 200 3150
190.66.105.44 - - [03/Jan/2015:16:11:13 -0500] "GET /galeria/nivo-slider/themes/default/default.css HTTP/1.1" 200 1569
190.66.105.44 - - [03/Jan/2015:16:11:13 -0500] "GET /galeria/nivo-slider/themes/pascal/pascal.css HTTP/1.1" 200 2258
190.66.105.44 - - [03/Jan/2015:16:11:13 -0500] "GET /galeria/nivo-slider/themes/orman/orman.css HTTP/1.1" 200 2152
190.66.105.44 - - [03/Jan/2015:16:11:13 -0500] "GET /galeria/nivo-slider/nivo-slider.css HTTP/1.1" 200 1507
190.66.105.44 - - [03/Jan/2015:16:11:13 -0500] "GET /galeria/nivo-slider/demo/images/bolsas-08.jpg HTTP/1.1" 200 85589
190.66.105.44 - - [03/Jan/2015:16:11:13 -0500] "GET /galeria/nivo-slider/demo/style.css HTTP/1.1" 200 2222
190.66.105.44 - - [03/Jan/2015:16:11:13 -0500] "GET /galeria/nivo-slider/demo/images/Ruta-vertimientos-01.jpg HTTP/1.1" 200 130151
190.66.105.44 - - [03/Jan/2015:16:11:13 -0500] "GET /galeria/nivo-slider/demo/images/bolsas-06.jpg HTTP/1.1" 200 90982
190.66.105.44 - - [03/Jan/2015:16:11:14 -0500] "GET /galeria/nivo-slider/demo/images/ecolecta-Dic2014.png HTTP/1.1" 200 288593
190.66.105.44 - - [03/Jan/2015:16:11:14 -0500] "GET /galeria/nivo-slider/demo/images/porloshumedales.jpg HTTP/1.1" 200 351238
190.66.105.44 - - [03/Jan/2015:16:11:14 -0500] "GET /galeria/nivo-slider/demo/images/Tingua-azul.jpg HTTP/1.1" 200 307638
190.66.105.44 - - [03/Jan/2015:16:11:14 -0500] "GET /galeria/nivo-slider/demo/images/Banner-Caracol-Africano.jpg HTTP/1.1" 200 331986
190.66.105.44 - - [03/Jan/2015:16:11:15 -0500] "GET /galeria/nivo-slider/demo/images/banner-redes.jpg HTTP/1.1" 200 62209
190.66.105.44 - - [03/Jan/2015:16:11:16 -0500] "GET /galeria/nivo-slider/demo/images/9Signos.jpg HTTP/1.1" 200 93040
190.66.105.44 - - [03/Jan/2015:16:11:16 -0500] "GET /galeria/nivo-slider/demo/images/banner-llantas2.jpg HTTP/1.1" 200 73153
190.66.105.44 - - [03/Jan/2015:16:11:16 -0500] "GET /galeria/nivo-slider/demo/images/banner-caballos.png HTTP/1.1" 200 389106
190.66.105.44 - - [03/Jan/2015:16:11:16 -0500] "GET /galeria/nivo-slider/demo/scripts/jquery-1.7.1.min.js HTTP/1.1" 200 93868
190.66.105.44 - - [03/Jan/2015:16:11:16 -0500] "GET /galeria/nivo-slider/jquery.nivo.slider.pack.js HTTP/1.1" 200 11561
190.66.105.44 - - [03/Jan/2015:16:11:17 -0500] "GET /galeria/nivo-slider/demo/images/4Simple_Slider.png HTTP/1.1" 200 11722
190.66.105.44 - - [03/Jan/2015:16:11:17 -0500] "GET /galeria/nivo-slider/themes/default/loading.gif HTTP/1.1" 200 1737
66.249.64.171 - - [03/Jan/2015:16:11:19 -0500] "GET /BLA/resoluciones/RESOLUCIONES%202008/4088.pdf HTTP/1.1" 304 -
74.86.158.107 - - [03/Jan/2015:16:11:40 -0500] "HEAD / HTTP/1.1" 302 -
66.249.64.163 - - [03/Jan/2015:16:11:48 -0500] "GET /BLA/resoluciones/AUTOS%202011/1741.pdf HTTP/1.1" 200 276339
98.239.65.159 - - [03/Jan/2015:16:12:00 -0500] "PUT /webdav/TheBest.php HTTP/1.1" 405 938
186.84.44.72 - - [03/Jan/2015:16:12:03 -0500] "POST /forms/lservlet;jsessionid=ac16012b30d5a2db1621a476482bb976aecbdc5f510b.e3iSbxaKaheRe34Sa3yKbhiTahb0n6jAmljGr5XDqQLvpAe HTTP/1.1" 200 2
190.25.232.143 - - [03/Jan/2015:16:12:09 -0500] "GET /StormSDA/stormWeb/presentacion.html HTTP/1.1" 304 -
66.249.64.171 - - [03/Jan/2015:16:12:16 -0500] "GET /BLA/resoluciones/AUTOS%202006/AUTOS%202006%20201-300/00000279.tif HTTP/1.1" 200 50998
66.249.64.171 - - [03/Jan/2015:16:12:17 -0500] "GET /BLA/resoluciones/AUTOS%202008/3342.pdf HTTP/1.1" 304 -
186.84.44.72 - - [03/Jan/2015:16:12:25 -0500] "POST /forms/lservlet;jsessionid=ac16012b30d5d11c6496e2c840dd94a48a0507ce41e7.e3iSbxaKaheRe34Sa3yKbhiTahb0n6jAmljGr5XDqQLvpAe HTTP/1.1" 200 2
220.181.108.161 - - [03/Jan/2015:16:12:33 -0500] "GET /BLA/boletinlegal/images/screen_5.png HTTP/1.1" 200 368876
98.239.65.159 - - [03/Jan/2015:16:12:43 -0500] "PUT /webdav/TheBest.php HTTP/1.1" 405 938
66.249.64.167 - - [03/Jan/2015:16:12:46 -0500] "GET /BLA/resoluciones/AUTOS%202014/0072.pdf HTTP/1.1" 200 1091209
190.68.181.124 - - [03/Jan/2015:16:13:06 -0500] "GET /forest/session.jsp?a=0.941564581338632 HTTP/1.1" 200 4
66.249.64.163 - - [03/Jan/2015:16:13:15 -0500] "GET /BLA/resoluciones/RESOLUCIONES%202007/RES%202007%201601%20AL%201725/RESOLUCION%201619%20%20DE%202007.pdf HTTP/1.1" 200 900678
66.249.64.167 - - [03/Jan/2015:16:13:44 -0500] "GET /BLA/resoluciones/AUTOS%202013/0454.pdf HTTP/1.1" 200 489636
186.84.44.72 - - [03/Jan/2015:16:14:03 -0500] "POST /forms/lservlet;jsessionid=ac16012b30d5a2db1621a476482bb976aecbdc5f510b.e3iSbxaKaheRe34Sa3yKbhiTahb0n6jAmljGr5XDqQLvpAe HTTP/1.1" 200 2
66.249.64.171 - - [03/Jan/2015:16:14:13 -0500] "GET /BLA/resoluciones/RESOLUCIONES%202007/RES%202007%203501%20AL%203600/RESOLUCION%203532%20DE%202007.pdf HTTP/1.1" 304 -
186.84.44.72 - - [03/Jan/2015:16:14:25 -0500] "POST /forms/lservlet;jsessionid=ac16012b30d5d11c6496e2c840dd94a48a0507ce41e7.e3iSbxaKaheRe34Sa3yKbhiTahb0n6jAmljGr5XDqQLvpAe HTTP/1.1" 200 2
66.249.64.171 - - [03/Jan/2015:16:14:42 -0500] "GET /BLA/resoluciones/RESOLUCIONES%202007/RES%202007%203801%20AL%203900/RESOLUCION%203888%20DE%202007.pdf HTTP/1.1" 304 -
66.249.64.43 - - [03/Jan/2015:16:15:12 -0500] "GET /ecodirectorio/files/res/pages/page_0114.swf HTTP/1.1" 200 107573
66.249.64.43 - - [03/Jan/2015:16:15:41 -0500] "GET /ecodirectorio/files/res/pages/page_0005.swf HTTP/1.1" 200 334420
186.84.44.72 - - [03/Jan/2015:16:16:03 -0500] "POST /forms/lservlet;jsessionid=ac16012b30d5a2db1621a476482bb976aecbdc5f510b.e3iSbxaKaheRe34Sa3yKbhiTahb0n6jAmljGr5XDqQLvpAe HTTP/1.1" 200 2
66.249.64.39 - - [03/Jan/2015:16:16:10 -0500] "GET /ecodirectorio/files/res/languages/pl/bookmarkbox.xml HTTP/1.1" 304 -
201.145.54.18 - - [03/Jan/2015:16:11:13 -0500] "GET /videos/CRRFFS.mp4 HTTP/1.1" 200 286784363
186.84.44.72 - - [03/Jan/2015:16:16:25 -0500] "POST /forms/lservlet;jsessionid=ac16012b30d5d11c6496e2c840dd94a48a0507ce41e7.e3iSbxaKaheRe34Sa3yKbhiTahb0n6jAmljGr5XDqQLvpAe HTTP/1.1" 200 2
181.130.12.197 - - [03/Jan/2015:16:16:33 -0500] "GET /BLA/boletinlegal/js/jquery.js HTTP/1.1" 200 57254
181.130.12.197 - - [03/Jan/2015:16:16:33 -0500] "GET /BLA/boletinlegal/js/jquery.scrollTo-min.js HTTP/1.1" 200 1150
181.130.12.197 - - [03/Jan/2015:16:16:33 -0500] "GET /BLA/boletinlegal/js/jquery.scrollShow.js HTTP/1.1" 200 4586
66.249.64.39 - - [03/Jan/2015:16:16:39 -0500] "GET /PruebasSTORM/StormSDA_pruebas/lib/ HTTP/1.1" 200 6445
74.86.158.107 - - [03/Jan/2015:16:16:40 -0500] "HEAD / HTTP/1.1" 302 -
98.239.65.159 - - [03/Jan/2015:16:17:00 -0500] "PUT /webdav/TheBest.php HTTP/1.1" 405 938
200.119.102.41 - - [03/Jan/2015:16:17:11 -0500] "GET /BLA/boletinlegal/js/jquery.js HTTP/1.1" 200 57254
200.119.102.41 - - [03/Jan/2015:16:17:11 -0500] "GET /BLA/boletinlegal/js/jquery.scrollTo-min.js HTTP/1.1" 200 1150
200.119.102.41 - - [03/Jan/2015:16:17:11 -0500] "GET /BLA/boletinlegal/js/jquery.scrollShow.js HTTP/1.1" 200 4586
98.239.65.159 - - [03/Jan/2015:16:17:45 -0500] "PUT /webdav/TheBest.php HTTP/1.1" 405 938
186.84.44.72 - - [03/Jan/2015:16:18:03 -0500] "POST /forms/lservlet;jsessionid=ac16012b30d5a2db1621a476482bb976aecbdc5f510b.e3iSbxaKaheRe34Sa3yKbhiTahb0n6jAmljGr5XDqQLvpAe HTTP/1.1" 200 2
186.81.169.35 - - [03/Jan/2015:16:18:22 -0500] "GET /webfile/skins/gdocs-jar/img/upload_file_icon.gif HTTP/1.1" 200 291
186.81.169.35 - - [03/Jan/2015:16:18:22 -0500] "GET /webfile/skins/gdocs-jar/img/icons/pdf.gif HTTP/1.1" 200 230
186.81.169.35 - - [03/Jan/2015:16:18:22 -0500] "GET /webfile/skins/gdocs-jar/img/error.gif HTTP/1.1" 200 822
186.81.169.35 - - [03/Jan/2015:16:18:22 -0500] "GET /webfile/skins/gdocs-jar/img/icons/doc.gif HTTP/1.1" 200 140
186.81.169.35 - - [03/Jan/2015:16:18:22 -0500] "GET /webfile/skins/gdocs-jar/img/alert.gif HTTP/1.1" 200 595
186.81.169.35 - - [03/Jan/2015:16:18:23 -0500] "GET /webfile/skins/gdocs-jar/img/disk.png HTTP/1.1" 200 22070
186.81.169.35 - - [03/Jan/2015:16:18:23 -0500] "GET /webfile/skins/gdocs-jar/img/control-double.png HTTP/1.1" 200 21754
186.84.44.72 - - [03/Jan/2015:16:18:26 -0500] "POST /forms/lservlet;jsessionid=ac16012b30d5d11c6496e2c840dd94a48a0507ce41e7.e3iSbxaKaheRe34Sa3yKbhiTahb0n6jAmljGr5XDqQLvpAe HTTP/1.1" 200 2
186.81.169.35 - - [03/Jan/2015:16:18:36 -0500] "GET /webfile/actions/forms.getFile?nameFile=TP%20OCK%20355.pdf&idField=form_doc36180 HTTP/1.1" 200 -
186.81.169.35 - - [03/Jan/2015:16:18:36 -0500] "GET /favicon.ico HTTP/1.1" 200 7782
180.76.6.54 - - [03/Jan/2015:16:18:37 -0500] "GET /BLA/boletinlegal;jsessionid=A890BA8D61D2901E713E3F867F559ECE?/? HTTP/1.1" 404 1018
207.46.13.61 - - [03/Jan/2015:16:18:37 -0500] "GET /galeria/carrusel/Carrusel/jquery.thumbnailScroller.css HTTP/1.1" 200 2066
207.46.13.61 - - [03/Jan/2015:16:18:37 -0500] "GET /galeria/nivo-slider/demo/demo.html HTTP/1.1" 200 3150
186.84.44.72 - - [03/Jan/2015:16:20:03 -0500] "POST /forms/lservlet;jsessionid=ac16012b30d5a2db1621a476482bb976aecbdc5f510b.e3iSbxaKaheRe34Sa3yKbhiTahb0n6jAmljGr5XDqQLvpAe HTTP/1.1" 200 2
186.84.44.72 - - [03/Jan/2015:16:20:26 -0500] "POST /forms/lservlet;jsessionid=ac16012b30d5d11c6496e2c840dd94a48a0507ce41e7.e3iSbxaKaheRe34Sa3yKbhiTahb0n6jAmljGr5XDqQLvpAe HTTP/1.1" 200 2
190.66.97.207 - - [03/Jan/2015:16:20:41 -0500] "GET /BLA/boletinlegal/js/jquery.js HTTP/1.1" 200 57254
190.66.97.207 - - [03/Jan/2015:16:20:41 -0500] "GET /BLA/boletinlegal/js/jquery.scrollTo-min.js HTTP/1.1" 200 1150
190.66.97.207 - - [03/Jan/2015:16:20:41 -0500] "GET /BLA/boletinlegal/js/jquery.scrollShow.js HTTP/1.1" 200 4586
186.29.103.234 - - [03/Jan/2015:16:20:56 -0500] "GET /BLA/boletinlegal/js/jquery.js HTTP/1.1" 200 57254
186.29.103.234 - - [03/Jan/2015:16:20:56 -0500] "GET /BLA/boletinlegal/js/jquery.scrollTo-min.js HTTP/1.1" 200 1150
186.29.103.234 - - [03/Jan/2015:16:20:56 -0500] "GET /BLA/boletinlegal/js/jquery.scrollShow.js HTTP/1.1" 200 4586
190.66.105.44 - - [03/Jan/2015:16:21:09 -0500] "GET /galeria/nivo-slider/demo/images/4Simple_Slider.png HTTP/1.1" 206 1
190.66.105.44 - - [03/Jan/2015:16:21:09 -0500] "GET /galeria/nivo-slider/themes/default/loading.gif HTTP/1.1" 200 1737
190.66.105.44 - - [03/Jan/2015:16:21:09 -0500] "GET /galeria/nivo-slider/demo/images/ecolecta-Dic2014.png HTTP/1.1" 206 1
190.66.105.44 - - [03/Jan/2015:16:21:09 -0500] "GET /galeria/nivo-slider/demo/images/4Simple_Slider.png HTTP/1.1" 206 5049
190.66.105.44 - - [03/Jan/2015:16:21:09 -0500] "GET /galeria/nivo-slider/demo/images/Tingua-azul.jpg HTTP/1.1" 206 1
190.66.105.44 - - [03/Jan/2015:16:21:09 -0500] "GET /galeria/nivo-slider/demo/images/ecolecta-Dic2014.png HTTP/1.1" 206 158666
190.66.105.44 - - [03/Jan/2015:16:21:09 -0500] "GET /galeria/nivo-slider/demo/images/Tingua-azul.jpg HTTP/1.1" 206 207785
190.66.105.44 - - [03/Jan/2015:16:21:09 -0500] "GET /galeria/nivo-slider/demo/images/banner-caballos.png HTTP/1.1" 206 1
190.66.105.44 - - [03/Jan/2015:16:21:09 -0500] "GET /galeria/nivo-slider/demo/images/banner-caballos.png HTTP/1.1" 206 201219
190.66.105.44 - - [03/Jan/2015:16:21:16 -0500] "GET /galeria/nivo-slider/demo/demo.html HTTP/1.1" 304 -
190.66.105.44 - - [03/Jan/2015:16:21:16 -0500] "GET /galeria/nivo-slider/demo/images/banner-caballos.png HTTP/1.1" 206 1
190.66.105.44 - - [03/Jan/2015:16:21:17 -0500] "GET /galeria/nivo-slider/demo/images/banner-caballos.png HTTP/1.1" 206 14508
66.249.64.163 - - [03/Jan/2015:16:21:17 -0500] "GET /BLA/resoluciones/AUTOS%202006/AUTOS%202006%20201-300/00000225.tif HTTP/1.1" 200 50942
190.66.105.44 - - [03/Jan/2015:16:21:17 -0500] "GET /galeria/nivo-slider/themes/default/arrows.png HTTP/1.1" 200 824
190.66.105.44 - - [03/Jan/2015:16:21:17 -0500] "GET /galeria/nivo-slider/themes/default/bullets.png HTTP/1.1" 200 1281
190.66.105.44 - - [03/Jan/2015:16:21:21 -0500] "GET /videos/Spot_CambioClimatico.flv HTTP/1.1" 200 4371917
190.25.232.143 - - [03/Jan/2015:16:21:33 -0500] "GET /galeria/nivo-slider/demo/images/coplima.jpg HTTP/1.1" 304 -
74.86.158.107 - - [03/Jan/2015:16:21:40 -0500] "HEAD / HTTP/1.1" 302 -
98.239.65.159 - - [03/Jan/2015:16:21:51 -0500] "PUT /webdav/TheBest.php HTTP/1.1" 405 938
186.84.44.72 - - [03/Jan/2015:16:22:03 -0500] "POST /forms/lservlet;jsessionid=ac16012b30d5a2db1621a476482bb976aecbdc5f510b.e3iSbxaKaheRe34Sa3yKbhiTahb0n6jAmljGr5XDqQLvpAe HTTP/1.1" 200 2
189.249.22.135 - - [03/Jan/2015:16:22:20 -0500] "GET /BLA/boletinlegal/js/jquery.js HTTP/1.1" 200 57254
189.249.22.135 - - [03/Jan/2015:16:22:20 -0500] "GET /BLA/boletinlegal/js/jquery.scrollTo-min.js HTTP/1.1" 200 1150
189.249.22.135 - - [03/Jan/2015:16:22:20 -0500] "GET /BLA/boletinlegal/js/jquery.scrollShow.js HTTP/1.1" 200 4586
186.84.44.72 - - [03/Jan/2015:16:22:26 -0500] "POST /forms/lservlet;jsessionid=ac16012b30d5d11c6496e2c840dd94a48a0507ce41e7.e3iSbxaKaheRe34Sa3yKbhiTahb0n6jAmljGr5XDqQLvpAe HTTP/1.1" 200 2
98.239.65.159 - - [03/Jan/2015:16:22:34 -0500] "PUT /webdav/TheBest.php HTTP/1.1" 405 938
66.249.64.167 - - [03/Jan/2015:16:23:17 -0500] "GET /BLA/resoluciones/RESOLUCIONES%202004/RES%202004%201251-1300/00001289.tif HTTP/1.1" 200 75418
190.131.196.77 - - [03/Jan/2015:16:23:56 -0500] "GET /BLA/resoluciones/RESOLUCIONES%202012/1266.pdf HTTP/1.1" 200 440671
190.131.196.77 - - [03/Jan/2015:16:23:56 -0500] "GET /BLA/resoluciones/RESOLUCIONES%202012/1266.pdf HTTP/1.1" 206 32768
190.131.196.77 - - [03/Jan/2015:16:23:56 -0500] "GET /BLA/resoluciones/RESOLUCIONES%202012/1266.pdf HTTP/1.1" 206 407903
190.131.196.77 - - [03/Jan/2015:16:23:57 -0500] "GET /favicon.ico HTTP/1.1" 200 7782
186.84.44.72 - - [03/Jan/2015:16:24:03 -0500] "POST /forms/lservlet;jsessionid=ac16012b30d5a2db1621a476482bb976aecbdc5f510b.e3iSbxaKaheRe34Sa3yKbhiTahb0n6jAmljGr5XDqQLvpAe HTTP/1.1" 200 2
181.130.12.197 - - [03/Jan/2015:16:24:04 -0500] "GET /galeria/carrusel/Carrusel/jquery-ui-1.8.13.custom.min.js HTTP/1.1" 200 10800
181.130.12.197 - - [03/Jan/2015:16:24:04 -0500] "GET /galeria/carrusel/Carrusel/jquery.thumbnailScroller.css HTTP/1.1" 200 2066
181.130.12.197 - - [03/Jan/2015:16:24:04 -0500] "GET /galeria/carrusel/Carrusel/jquery.thumbnailScroller.js HTTP/1.1" 200 8157
181.130.12.197 - - [03/Jan/2015:16:24:04 -0500] "GET /galeria/nivo-slider/demo/demo.html HTTP/1.1" 200 3150
181.130.12.197 - - [03/Jan/2015:16:24:04 -0500] "GET /galeria/nivo-slider/themes/default/default.css HTTP/1.1" 200 1569
181.130.12.197 - - [03/Jan/2015:16:24:04 -0500] "GET /galeria/nivo-slider/themes/pascal/pascal.css HTTP/1.1" 200 2258
181.130.12.197 - - [03/Jan/2015:16:24:04 -0500] "GET /galeria/nivo-slider/themes/orman/orman.css HTTP/1.1" 200 2152
181.130.12.197 - - [03/Jan/2015:16:24:04 -0500] "GET /galeria/nivo-slider/demo/style.css HTTP/1.1" 200 2222
181.130.12.197 - - [03/Jan/2015:16:24:04 -0500] "GET /galeria/nivo-slider/nivo-slider.css HTTP/1.1" 200 1507
181.130.12.197 - - [03/Jan/2015:16:24:04 -0500] "GET /galeria/nivo-slider/demo/scripts/jquery-1.7.1.min.js HTTP/1.1" 200 93868
181.130.12.197 - - [03/Jan/2015:16:24:04 -0500] "GET /galeria/nivo-slider/jquery.nivo.slider.pack.js HTTP/1.1" 200 11561
181.130.12.197 - - [03/Jan/2015:16:24:05 -0500] "GET /galeria/nivo-slider/demo/images/4Simple_Slider.png HTTP/1.1" 200 11722
181.130.12.197 - - [03/Jan/2015:16:24:05 -0500] "GET /galeria/nivo-slider/themes/default/loading.gif HTTP/1.1" 200 1737
181.130.12.197 - - [03/Jan/2015:16:24:05 -0500] "GET /galeria/nivo-slider/demo/images/bolsas-08.jpg HTTP/1.1" 200 85589
181.130.12.197 - - [03/Jan/2015:16:24:05 -0500] "GET /galeria/nivo-slider/demo/images/Ruta-vertimientos-01.jpg HTTP/1.1" 200 130151
181.130.12.197 - - [03/Jan/2015:16:24:06 -0500] "GET /galeria/nivo-slider/demo/images/bolsas-06.jpg HTTP/1.1" 200 90982
181.130.12.197 - - [03/Jan/2015:16:24:06 -0500] "GET /galeria/nivo-slider/demo/images/ecolecta-Dic2014.png HTTP/1.1" 200 288593
181.130.12.197 - - [03/Jan/2015:16:24:06 -0500] "GET /galeria/nivo-slider/demo/images/porloshumedales.jpg HTTP/1.1" 200 351238
181.130.12.197 - - [03/Jan/2015:16:24:07 -0500] "GET /galeria/nivo-slider/demo/images/Tingua-azul.jpg HTTP/1.1" 200 307638
181.130.12.197 - - [03/Jan/2015:16:24:08 -0500] "GET /galeria/nivo-slider/demo/images/Banner-Caracol-Africano.jpg HTTP/1.1" 200 331986
181.130.12.197 - - [03/Jan/2015:16:24:08 -0500] "GET /galeria/nivo-slider/demo/images/banner-redes.jpg HTTP/1.1" 200 62209
181.130.12.197 - - [03/Jan/2015:16:24:09 -0500] "GET /galeria/nivo-slider/demo/images/9Signos.jpg HTTP/1.1" 200 93040
181.130.12.197 - - [03/Jan/2015:16:24:09 -0500] "GET /galeria/nivo-slider/demo/images/banner-llantas2.jpg HTTP/1.1" 200 73153
181.130.12.197 - - [03/Jan/2015:16:24:09 -0500] "GET /galeria/nivo-slider/demo/images/banner-caballos.png HTTP/1.1" 200 389106
181.130.12.197 - - [03/Jan/2015:16:24:09 -0500] "GET /videos/Spot_CambioClimatico.flv HTTP/1.1" 200 4371917
181.130.12.197 - - [03/Jan/2015:16:24:11 -0500] "GET /galeria/nivo-slider/themes/default/arrows.png HTTP/1.1" 200 824
181.130.12.197 - - [03/Jan/2015:16:24:11 -0500] "GET /galeria/nivo-slider/themes/default/bullets.png HTTP/1.1" 200 1281
186.84.44.72 - - [03/Jan/2015:16:24:21 -0500] "POST /forms/lservlet;jsessionid=ac16012b30d5d11c6496e2c840dd94a48a0507ce41e7.e3iSbxaKaheRe34Sa3yKbhiTahb0n6jAmljGr5XDqQLvpAe HTTP/1.1" 200 34756
186.84.44.72 - - [03/Jan/2015:16:24:21 -0500] "GET /imagenes/listval.gif HTTP/1.1" 200 905
186.84.44.72 - - [03/Jan/2015:16:24:21 -0500] "POST /forms/lservlet;jsessionid=ac16012b30d5d11c6496e2c840dd94a48a0507ce41e7.e3iSbxaKaheRe34Sa3yKbhiTahb0n6jAmljGr5XDqQLvpAe HTTP/1.1" 200 7
186.84.44.72 - - [03/Jan/2015:16:24:21 -0500] "POST /forms/lservlet;jsessionid=ac16012b30d5d11c6496e2c840dd94a48a0507ce41e7.e3iSbxaKaheRe34Sa3yKbhiTahb0n6jAmljGr5XDqQLvpAe HTTP/1.1" 200 34
186.84.44.72 - - [03/Jan/2015:16:24:21 -0500] "POST /forms/lservlet;jsessionid=ac16012b30d5d11c6496e2c840dd94a48a0507ce41e7.e3iSbxaKaheRe34Sa3yKbhiTahb0n6jAmljGr5XDqQLvpAe HTTP/1.1" 200 2
186.84.44.72 - - [03/Jan/2015:16:24:22 -0500] "POST /forms/lservlet;jsessionid=ac16012b30d5d11c6496e2c840dd94a48a0507ce41e7.e3iSbxaKaheRe34Sa3yKbhiTahb0n6jAmljGr5XDqQLvpAe HTTP/1.1" 200 610
186.84.44.72 - - [03/Jan/2015:16:24:24 -0500] "POST /forms/lservlet;jsessionid=ac16012b30d5d11c6496e2c840dd94a48a0507ce41e7.e3iSbxaKaheRe34Sa3yKbhiTahb0n6jAmljGr5XDqQLvpAe HTTP/1.1" 200 26
186.84.44.72 - - [03/Jan/2015:16:24:24 -0500] "POST /forms/lservlet;jsessionid=ac16012b30d5d11c6496e2c840dd94a48a0507ce41e7.e3iSbxaKaheRe34Sa3yKbhiTahb0n6jAmljGr5XDqQLvpAe HTTP/1.1" 200 5121
186.84.44.72 - - [03/Jan/2015:16:24:25 -0500] "POST /forms/lservlet;jsessionid=ac16012b30d5d11c6496e2c840dd94a48a0507ce41e7.e3iSbxaKaheRe34Sa3yKbhiTahb0n6jAmljGr5XDqQLvpAe HTTP/1.1" 200 2
186.84.44.72 - - [03/Jan/2015:16:24:26 -0500] "POST /forms/lservlet;jsessionid=ac16012b30d5d11c6496e2c840dd94a48a0507ce41e7.e3iSbxaKaheRe34Sa3yKbhiTahb0n6jAmljGr5XDqQLvpAe HTTP/1.1" 200 156
186.84.44.72 - - [03/Jan/2015:16:24:26 -0500] "POST /forms/lservlet;jsessionid=ac16012b30d5d11c6496e2c840dd94a48a0507ce41e7.e3iSbxaKaheRe34Sa3yKbhiTahb0n6jAmljGr5XDqQLvpAe HTTP/1.1" 200 2
66.249.64.171 - - [03/Jan/2015:16:24:38 -0500] "GET /BLA/resoluciones/AUTOS%202011/6954.pdf HTTP/1.1" 200 189423
186.84.44.72 - - [03/Jan/2015:16:24:52 -0500] "GET /forms/frmservlet?config=sia HTTP/1.1" 200 4028
186.84.44.72 - - [03/Jan/2015:16:25:40 -0500] "GET /forms/java/frmall_jinit.jar HTTP/1.1" 304 -
186.84.44.72 - - [03/Jan/2015:16:25:40 -0500] "GET /forms/java/icons.jar HTTP/1.1" 304 -
186.84.44.72 - - [03/Jan/2015:16:25:40 -0500] "GET /forms/java/java/awt/KeyboardFocusManager.class HTTP/1.1" 404 352
186.84.44.72 - - [03/Jan/2015:16:25:41 -0500] "GET /forms/java/java/awt/KeyboardFocusManager.class HTTP/1.1" 404 352
207.46.13.12 - - [03/Jan/2015:16:25:43 -0500] "GET /galeria/carrusel/Carrusel/jquery.thumbnailScroller.js HTTP/1.1" 200 8157
186.84.44.72 - - [03/Jan/2015:16:25:44 -0500] "GET /forms/java/java/awt/event/MouseWheelListener.class HTTP/1.1" 404 356
186.84.44.72 - - [03/Jan/2015:16:25:44 -0500] "GET /forms/java/java/awt/event/MouseWheelListener.class HTTP/1.1" 404 356
186.84.44.72 - - [03/Jan/2015:16:25:45 -0500] "GET /forms/java/oracle/forms/registry/Registry.dat HTTP/1.1" 200 4213
186.84.44.72 - - [03/Jan/2015:16:25:45 -0500] "GET /forms/java/oracle/forms/registry/default.dat HTTP/1.1" 404 350
186.84.44.72 - - [03/Jan/2015:16:25:45 -0500] "GET /forms/frmservlet?config=sia&acceptLanguage=es-CO&ifcmd=startsession HTTP/1.1" 200 119
186.84.44.72 - - [03/Jan/2015:16:25:45 -0500] "GET /forms/lservlet;jsessionid=ac16012b30d5e75f4c5de1ab422eaa5ecd279de9a1c7.e3iSbxaKaheRe34Sa3yKbhiTahb0n6jAmljGr5XDqQLvpAe?ifcmd=getinfo&ifhost=ILEEN-PC&ifip=192.168.0.4 HTTP/1.1" 200 8
186.84.44.72 - - [03/Jan/2015:16:25:45 -0500] "POST /forms/lservlet;jsessionid=ac16012b30d5e75f4c5de1ab422eaa5ecd279de9a1c7.e3iSbxaKaheRe34Sa3yKbhiTahb0n6jAmljGr5XDqQLvpAe HTTP/1.1" 200 8
186.84.44.72 - - [03/Jan/2015:16:25:46 -0500] "GET /forms/java/oracle/forms/engine/RunformBundle_es_CO.class HTTP/1.1" 404 362
186.84.44.72 - - [03/Jan/2015:16:25:46 -0500] "GET /forms/java/oracle/forms/engine/RunformBundle_es_CO.class HTTP/1.1" 404 362
186.84.44.72 - - [03/Jan/2015:16:25:46 -0500] "GET /forms/java/oracle/forms/engine/RunformBundle_es_CO.properties HTTP/1.1" 404 367
186.84.44.72 - - [03/Jan/2015:16:25:46 -0500] "POST /forms/lservlet;jsessionid=ac16012b30d5e75f4c5de1ab422eaa5ecd279de9a1c7.e3iSbxaKaheRe34Sa3yKbhiTahb0n6jAmljGr5XDqQLvpAe HTTP/1.1" 200 64000
186.84.44.72 - - [03/Jan/2015:16:25:47 -0500] "POST /forms/lservlet;jsessionid=ac16012b30d5e75f4c5de1ab422eaa5ecd279de9a1c7.e3iSbxaKaheRe34Sa3yKbhiTahb0n6jAmljGr5XDqQLvpAe HTTP/1.1" 200 64000
186.84.44.72 - - [03/Jan/2015:16:25:48 -0500] "POST /forms/lservlet;jsessionid=ac16012b30d5e75f4c5de1ab422eaa5ecd279de9a1c7.e3iSbxaKaheRe34Sa3yKbhiTahb0n6jAmljGr5XDqQLvpAe HTTP/1.1" 200 63623
186.84.44.72 - - [03/Jan/2015:16:25:50 -0500] "HEAD /imagenes/dama_logo.gif HTTP/1.1" 200 -
186.84.44.72 - - [03/Jan/2015:16:25:50 -0500] "GET /imagenes/dama_logo.gif HTTP/1.1" 200 21482
186.84.44.72 - - [03/Jan/2015:16:25:52 -0500] "POST /forms/lservlet;jsessionid=ac16012b30d5e75f4c5de1ab422eaa5ecd279de9a1c7.e3iSbxaKaheRe34Sa3yKbhiTahb0n6jAmljGr5XDqQLvpAe HTTP/1.1" 200 2
186.84.44.72 - - [03/Jan/2015:16:25:52 -0500] "POST /forms/lservlet;jsessionid=ac16012b30d5e75f4c5de1ab422eaa5ecd279de9a1c7.e3iSbxaKaheRe34Sa3yKbhiTahb0n6jAmljGr5XDqQLvpAe HTTP/1.1" 200 2
186.84.44.72 - - [03/Jan/2015:16:26:26 -0500] "POST /forms/lservlet;jsessionid=ac16012b30d5d11c6496e2c840dd94a48a0507ce41e7.e3iSbxaKaheRe34Sa3yKbhiTahb0n6jAmljGr5XDqQLvpAe HTTP/1.1" 200 2
74.86.158.107 - - [03/Jan/2015:16:26:40 -0500] "HEAD / HTTP/1.1" 302 -
180.76.6.14 - - [03/Jan/2015:16:26:47 -0500] "GET /BLA/boletinlegal;jsessionid=53CC20D1B7516238CE0B9BAA5E02588B?/? HTTP/1.1" 404 1018
98.239.65.159 - - [03/Jan/2015:16:26:49 -0500] "PUT /webdav/TheBest.php HTTP/1.1" 405 938
123.125.71.26 - - [03/Jan/2015:16:27:21 -0500] "GET / HTTP/1.1" 302 -
98.239.65.159 - - [03/Jan/2015:16:27:32 -0500] "PUT /webdav/TheBest.php HTTP/1.1" 405 938
186.84.44.72 - - [03/Jan/2015:16:27:46 -0500] "POST /forms/lservlet;jsessionid=ac16012b30d5e75f4c5de1ab422eaa5ecd279de9a1c7.e3iSbxaKaheRe34Sa3yKbhiTahb0n6jAmljGr5XDqQLvpAe HTTP/1.1" 200 2
220.181.108.118 - - [03/Jan/2015:16:27:51 -0500] "GET / HTTP/1.1" 302 -
186.84.44.72 - - [03/Jan/2015:16:28:26 -0500] "POST /forms/lservlet;jsessionid=ac16012b30d5d11c6496e2c840dd94a48a0507ce41e7.e3iSbxaKaheRe34Sa3yKbhiTahb0n6jAmljGr5XDqQLvpAe HTTP/1.1" 200 2
190.158.102.11 - - [03/Jan/2015:16:29:30 -0500] "GET /BLA/boletinlegal/js/jquery.js HTTP/1.1" 200 57254
190.158.102.11 - - [03/Jan/2015:16:29:31 -0500] "GET /BLA/boletinlegal/js/jquery.scrollTo-min.js HTTP/1.1" 200 1150
190.158.102.11 - - [03/Jan/2015:16:29:31 -0500] "GET /BLA/boletinlegal/js/jquery.scrollShow.js HTTP/1.1" 200 4586
186.84.44.72 - - [03/Jan/2015:16:29:46 -0500] "POST /forms/lservlet;jsessionid=ac16012b30d5e75f4c5de1ab422eaa5ecd279de9a1c7.e3iSbxaKaheRe34Sa3yKbhiTahb0n6jAmljGr5XDqQLvpAe HTTP/1.1" 200 2
186.84.44.72 - - [03/Jan/2015:16:30:26 -0500] "POST /forms/lservlet;jsessionid=ac16012b30d5d11c6496e2c840dd94a48a0507ce41e7.e3iSbxaKaheRe34Sa3yKbhiTahb0n6jAmljGr5XDqQLvpAe HTTP/1.1" 200 2
74.86.158.107 - - [03/Jan/2015:16:31:40 -0500] "HEAD / HTTP/1.1" 302 -
186.84.44.72 - - [03/Jan/2015:16:31:46 -0500] "POST /forms/lservlet;jsessionid=ac16012b30d5e75f4c5de1ab422eaa5ecd279de9a1c7.e3iSbxaKaheRe34Sa3yKbhiTahb0n6jAmljGr5XDqQLvpAe HTTP/1.1" 200 2
98.239.65.159 - - [03/Jan/2015:16:31:50 -0500] "PUT /webdav/TheBest.php HTTP/1.1" 405 938
66.249.64.171 - - [03/Jan/2015:16:32:25 -0500] "GET /BLA/resoluciones/AUTOS%202006/AUTOS%202006%20701-800/00000780.tif HTTP/1.1" 200 101866
186.84.44.72 - - [03/Jan/2015:16:32:26 -0500] "POST /forms/lservlet;jsessionid=ac16012b30d5d11c6496e2c840dd94a48a0507ce41e7.e3iSbxaKaheRe34Sa3yKbhiTahb0n6jAmljGr5XDqQLvpAe HTTP/1.1" 200 2
98.239.65.159 - - [03/Jan/2015:16:32:34 -0500] "PUT /webdav/TheBest.php HTTP/1.1" 405 938
186.84.44.72 - - [03/Jan/2015:16:33:46 -0500] "POST /forms/lservlet;jsessionid=ac16012b30d5e75f4c5de1ab422eaa5ecd279de9a1c7.e3iSbxaKaheRe34Sa3yKbhiTahb0n6jAmljGr5XDqQLvpAe HTTP/1.1" 200 2
180.76.5.166 - - [03/Jan/2015:16:33:50 -0500] "GET /BLA/resoluciones/Autos%202008/1357.pdf HTTP/1.1" 200 226067
186.84.44.72 - - [03/Jan/2015:16:34:26 -0500] "POST /forms/lservlet;jsessionid=ac16012b30d5d11c6496e2c840dd94a48a0507ce41e7.e3iSbxaKaheRe34Sa3yKbhiTahb0n6jAmljGr5XDqQLvpAe HTTP/1.1" 200 2
186.84.44.72 - - [03/Jan/2015:16:35:46 -0500] "POST /forms/lservlet;jsessionid=ac16012b30d5e75f4c5de1ab422eaa5ecd279de9a1c7.e3iSbxaKaheRe34Sa3yKbhiTahb0n6jAmljGr5XDqQLvpAe HTTP/1.1" 200 2
186.84.44.72 - - [03/Jan/2015:16:36:26 -0500] "POST /forms/lservlet;jsessionid=ac16012b30d5d11c6496e2c840dd94a48a0507ce41e7.e3iSbxaKaheRe34Sa3yKbhiTahb0n6jAmljGr5XDqQLvpAe HTTP/1.1" 200 2
186.29.32.235 - - [03/Jan/2015:16:36:30 -0500] "GET /BLA/boletinlegal/js/jquery.scrollTo-min.js HTTP/1.1" 200 1150
186.29.32.235 - - [03/Jan/2015:16:36:30 -0500] "GET /BLA/boletinlegal/js/jquery.js HTTP/1.1" 200 57254
186.29.32.235 - - [03/Jan/2015:16:36:30 -0500] "GET /galeria/carrusel/Carrusel/jquery.thumbnailScroller.css HTTP/1.1" 200 2066
186.29.32.235 - - [03/Jan/2015:16:36:30 -0500] "GET /BLA/boletinlegal/js/jquery.scrollShow.js HTTP/1.1" 200 4586
186.29.32.235 - - [03/Jan/2015:16:36:30 -0500] "GET /galeria/carrusel/Carrusel/jquery-ui-1.8.13.custom.min.js HTTP/1.1" 200 10800
186.29.32.235 - - [03/Jan/2015:16:36:30 -0500] "GET /galeria/carrusel/Carrusel/jquery.thumbnailScroller.js HTTP/1.1" 200 8157
186.29.32.235 - - [03/Jan/2015:16:36:34 -0500] "GET /galeria/nivo-slider/demo/demo.html HTTP/1.1" 200 3150
186.29.32.235 - - [03/Jan/2015:16:36:35 -0500] "GET /galeria/nivo-slider/themes/default/default.css HTTP/1.1" 200 1569
186.29.32.235 - - [03/Jan/2015:16:36:35 -0500] "GET /galeria/nivo-slider/themes/pascal/pascal.css HTTP/1.1" 200 2258
186.29.32.235 - - [03/Jan/2015:16:36:35 -0500] "GET /galeria/nivo-slider/demo/style.css HTTP/1.1" 200 2222
186.29.32.235 - - [03/Jan/2015:16:36:35 -0500] "GET /galeria/nivo-slider/nivo-slider.css HTTP/1.1" 200 1507
186.29.32.235 - - [03/Jan/2015:16:36:35 -0500] "GET /galeria/nivo-slider/demo/images/Ruta-vertimientos-01.jpg HTTP/1.1" 200 130151
186.29.32.235 - - [03/Jan/2015:16:36:35 -0500] "GET /galeria/nivo-slider/themes/orman/orman.css HTTP/1.1" 200 2152
186.29.32.235 - - [03/Jan/2015:16:36:35 -0500] "GET /galeria/nivo-slider/demo/scripts/jquery-1.7.1.min.js HTTP/1.1" 200 93868
186.29.32.235 - - [03/Jan/2015:16:36:35 -0500] "GET /galeria/nivo-slider/demo/images/bolsas-08.jpg HTTP/1.1" 200 85589
186.29.32.235 - - [03/Jan/2015:16:36:35 -0500] "GET /galeria/nivo-slider/jquery.nivo.slider.pack.js HTTP/1.1" 200 11561
186.29.32.235 - - [03/Jan/2015:16:36:35 -0500] "GET /galeria/nivo-slider/demo/images/bolsas-06.jpg HTTP/1.1" 200 90982
186.29.32.235 - - [03/Jan/2015:16:36:35 -0500] "GET /galeria/nivo-slider/demo/images/porloshumedales.jpg HTTP/1.1" 200 351238
186.29.32.235 - - [03/Jan/2015:16:36:35 -0500] "GET /galeria/nivo-slider/demo/images/Banner-Caracol-Africano.jpg HTTP/1.1" 200 331986
186.29.32.235 - - [03/Jan/2015:16:36:36 -0500] "GET /galeria/nivo-slider/demo/images/4Simple_Slider.png HTTP/1.1" 200 11722
186.29.32.235 - - [03/Jan/2015:16:36:36 -0500] "GET /galeria/nivo-slider/themes/default/loading.gif HTTP/1.1" 200 1737
186.84.44.72 - - [03/Jan/2015:16:36:36 -0500] "POST /forms/lservlet;jsessionid=ac16012b30d5e75f4c5de1ab422eaa5ecd279de9a1c7.e3iSbxaKaheRe34Sa3yKbhiTahb0n6jAmljGr5XDqQLvpAe HTTP/1.1" 200 200
186.29.32.235 - - [03/Jan/2015:16:36:36 -0500] "GET /galeria/nivo-slider/demo/images/ecolecta-Dic2014.png HTTP/1.1" 200 288593
186.29.32.235 - - [03/Jan/2015:16:36:37 -0500] "GET /galeria/nivo-slider/demo/images/banner-redes.jpg HTTP/1.1" 200 62209
186.29.32.235 - - [03/Jan/2015:16:36:37 -0500] "GET /galeria/nivo-slider/demo/images/Tingua-azul.jpg HTTP/1.1" 200 307638
186.29.32.235 - - [03/Jan/2015:16:36:37 -0500] "GET /galeria/nivo-slider/demo/images/9Signos.jpg HTTP/1.1" 200 93040
186.29.32.235 - - [03/Jan/2015:16:36:38 -0500] "GET /galeria/nivo-slider/demo/images/banner-llantas2.jpg HTTP/1.1" 200 73153
186.29.32.235 - - [03/Jan/2015:16:36:38 -0500] "GET /galeria/nivo-slider/demo/images/banner-caballos.png HTTP/1.1" 200 389106
186.84.44.72 - - [03/Jan/2015:16:36:39 -0500] "POST /forms/lservlet;jsessionid=ac16012b30d5e75f4c5de1ab422eaa5ecd279de9a1c7.e3iSbxaKaheRe34Sa3yKbhiTahb0n6jAmljGr5XDqQLvpAe HTTP/1.1" 200 39
74.86.158.107 - - [03/Jan/2015:16:36:40 -0500] "HEAD / HTTP/1.1" 302 -
186.84.44.72 - - [03/Jan/2015:16:36:46 -0500] "POST /forms/lservlet;jsessionid=ac16012b30d5e75f4c5de1ab422eaa5ecd279de9a1c7.e3iSbxaKaheRe34Sa3yKbhiTahb0n6jAmljGr5XDqQLvpAe HTTP/1.1" 200 7901
186.84.44.72 - - [03/Jan/2015:16:36:47 -0500] "POST /forms/lservlet;jsessionid=ac16012b30d5e75f4c5de1ab422eaa5ecd279de9a1c7.e3iSbxaKaheRe34Sa3yKbhiTahb0n6jAmljGr5XDqQLvpAe HTTP/1.1" 200 64
186.84.44.72 - - [03/Jan/2015:16:36:47 -0500] "POST /forms/lservlet;jsessionid=ac16012b30d5e75f4c5de1ab422eaa5ecd279de9a1c7.e3iSbxaKaheRe34Sa3yKbhiTahb0n6jAmljGr5XDqQLvpAe HTTP/1.1" 200 2
186.84.44.72 - - [03/Jan/2015:16:36:47 -0500] "POST /forms/lservlet;jsessionid=ac16012b30d5e75f4c5de1ab422eaa5ecd279de9a1c7.e3iSbxaKaheRe34Sa3yKbhiTahb0n6jAmljGr5XDqQLvpAe HTTP/1.1" 200 2
186.84.44.72 - - [03/Jan/2015:16:36:47 -0500] "POST /forms/lservlet;jsessionid=ac16012b30d5e75f4c5de1ab422eaa5ecd279de9a1c7.e3iSbxaKaheRe34Sa3yKbhiTahb0n6jAmljGr5XDqQLvpAe HTTP/1.1" 200 2
186.29.32.235 - - [03/Jan/2015:16:37:11 -0500] "GET /galeria/nivo-slider/themes/default/arrows.png HTTP/1.1" 200 824
186.29.32.235 - - [03/Jan/2015:16:37:11 -0500] "GET /galeria/nivo-slider/themes/default/bullets.png HTTP/1.1" 200 1281
190.156.142.172 - - [03/Jan/2015:16:37:22 -0500] "GET /BLA/boletinlegal/js/jquery.js HTTP/1.1" 200 57254
190.156.142.172 - - [03/Jan/2015:16:37:22 -0500] "GET /BLA/boletinlegal/js/jquery.scrollTo-min.js HTTP/1.1" 200 1150
190.156.142.172 - - [03/Jan/2015:16:37:22 -0500] "GET /BLA/boletinlegal/js/jquery.scrollShow.js HTTP/1.1" 200 4586
190.156.142.172 - - [03/Jan/2015:16:37:22 -0500] "GET /galeria/carrusel/Carrusel/jquery.thumbnailScroller.css HTTP/1.1" 200 2066
190.156.142.172 - - [03/Jan/2015:16:37:23 -0500] "GET /galeria/carrusel/Carrusel/jquery-ui-1.8.13.custom.min.js HTTP/1.1" 200 10800
190.156.142.172 - - [03/Jan/2015:16:37:23 -0500] "GET /galeria/carrusel/Carrusel/jquery.thumbnailScroller.js HTTP/1.1" 200 8157
190.156.142.172 - - [03/Jan/2015:16:37:31 -0500] "GET /galeria/nivo-slider/demo/demo.html HTTP/1.1" 200 3150
190.156.142.172 - - [03/Jan/2015:16:37:31 -0500] "GET /galeria/nivo-slider/themes/default/default.css HTTP/1.1" 200 1569
190.156.142.172 - - [03/Jan/2015:16:37:31 -0500] "GET /galeria/nivo-slider/themes/pascal/pascal.css HTTP/1.1" 200 2258
190.156.142.172 - - [03/Jan/2015:16:37:32 -0500] "GET /galeria/nivo-slider/themes/orman/orman.css HTTP/1.1" 200 2152
190.156.142.172 - - [03/Jan/2015:16:37:32 -0500] "GET /galeria/nivo-slider/nivo-slider.css HTTP/1.1" 200 1507
190.156.142.172 - - [03/Jan/2015:16:37:32 -0500] "GET /galeria/nivo-slider/demo/style.css HTTP/1.1" 200 2222
190.156.142.172 - - [03/Jan/2015:16:37:32 -0500] "GET /galeria/nivo-slider/demo/images/bolsas-08.jpg HTTP/1.1" 200 85589
190.156.142.172 - - [03/Jan/2015:16:37:32 -0500] "GET /galeria/nivo-slider/demo/images/ecolecta-Dic2014.png HTTP/1.1" 200 288593
190.156.142.172 - - [03/Jan/2015:16:37:32 -0500] "GET /galeria/nivo-slider/demo/images/porloshumedales.jpg HTTP/1.1" 200 351238
190.156.142.172 - - [03/Jan/2015:16:37:32 -0500] "GET /galeria/nivo-slider/demo/images/Ruta-vertimientos-01.jpg HTTP/1.1" 200 130151
190.156.142.172 - - [03/Jan/2015:16:37:32 -0500] "GET /galeria/nivo-slider/demo/images/bolsas-06.jpg HTTP/1.1" 200 90982
190.156.142.172 - - [03/Jan/2015:16:37:32 -0500] "GET /galeria/nivo-slider/demo/images/Tingua-azul.jpg HTTP/1.1" 200 307638
190.156.142.172 - - [03/Jan/2015:16:37:40 -0500] "GET /galeria/nivo-slider/demo/images/Banner-Caracol-Africano.jpg HTTP/1.1" 200 331986
190.156.142.172 - - [03/Jan/2015:16:37:42 -0500] "GET /galeria/nivo-slider/demo/images/banner-redes.jpg HTTP/1.1" 200 62209
190.156.142.172 - - [03/Jan/2015:16:37:42 -0500] "GET /galeria/nivo-slider/demo/images/9Signos.jpg HTTP/1.1" 200 93040
190.156.142.172 - - [03/Jan/2015:16:37:43 -0500] "GET /galeria/nivo-slider/demo/images/banner-llantas2.jpg HTTP/1.1" 200 73153
190.156.142.172 - - [03/Jan/2015:16:37:43 -0500] "GET /galeria/nivo-slider/demo/images/banner-caballos.png HTTP/1.1" 200 389106
190.156.142.172 - - [03/Jan/2015:16:37:44 -0500] "GET /galeria/nivo-slider/demo/scripts/jquery-1.7.1.min.js HTTP/1.1" 200 93868
190.156.142.172 - - [03/Jan/2015:16:37:45 -0500] "GET /galeria/nivo-slider/jquery.nivo.slider.pack.js HTTP/1.1" 200 11561
186.84.44.72 - - [03/Jan/2015:16:37:46 -0500] "POST /forms/lservlet;jsessionid=ac16012b30d5e75f4c5de1ab422eaa5ecd279de9a1c7.e3iSbxaKaheRe34Sa3yKbhiTahb0n6jAmljGr5XDqQLvpAe HTTP/1.1" 200 2
190.156.142.172 - - [03/Jan/2015:16:37:52 -0500] "GET /galeria/nivo-slider/demo/images/4Simple_Slider.png HTTP/1.1" 200 11722
190.156.142.172 - - [03/Jan/2015:16:37:52 -0500] "GET /galeria/nivo-slider/themes/default/loading.gif HTTP/1.1" 200 1737
190.156.142.172 - - [03/Jan/2015:16:37:53 -0500] "GET /galeria/nivo-slider/themes/default/arrows.png HTTP/1.1" 200 824
190.156.142.172 - - [03/Jan/2015:16:37:53 -0500] "GET /galeria/nivo-slider/themes/default/bullets.png HTTP/1.1" 200 1281
186.84.44.72 - - [03/Jan/2015:16:38:26 -0500] "POST /forms/lservlet;jsessionid=ac16012b30d5d11c6496e2c840dd94a48a0507ce41e7.e3iSbxaKaheRe34Sa3yKbhiTahb0n6jAmljGr5XDqQLvpAe HTTP/1.1" 200 2
180.76.6.130 - - [03/Jan/2015:16:39:40 -0500] "GET /BLA/resoluciones/RESOLUCIONES%202010/1705.pdf HTTP/1.1" 200 309413
186.84.44.72 - - [03/Jan/2015:16:39:46 -0500] "POST /forms/lservlet;jsessionid=ac16012b30d5e75f4c5de1ab422eaa5ecd279de9a1c7.e3iSbxaKaheRe34Sa3yKbhiTahb0n6jAmljGr5XDqQLvpAe HTTP/1.1" 200 2
186.84.44.72 - - [03/Jan/2015:16:40:26 -0500] "POST /forms/lservlet;jsessionid=ac16012b30d5d11c6496e2c840dd94a48a0507ce41e7.e3iSbxaKaheRe34Sa3yKbhiTahb0n6jAmljGr5XDqQLvpAe HTTP/1.1" 200 2
66.249.64.167 - - [03/Jan/2015:16:40:27 -0500] "GET /BLA/resoluciones/RESOLUCIONES%202009/8605.pdf HTTP/1.1" 200 260261
66.249.64.39 - - [03/Jan/2015:16:40:42 -0500] "GET /ecodirectorio/files/res/pages/page_0067.swf HTTP/1.1" 200 122850
186.84.44.72 - - [03/Jan/2015:16:41:05 -0500] "POST /forms/lservlet;jsessionid=ac16012b30d5e75f4c5de1ab422eaa5ecd279de9a1c7.e3iSbxaKaheRe34Sa3yKbhiTahb0n6jAmljGr5XDqQLvpAe HTTP/1.1" 200 34713
186.84.44.72 - - [03/Jan/2015:16:41:06 -0500] "GET /imagenes/listval.gif HTTP/1.1" 200 905
186.84.44.72 - - [03/Jan/2015:16:41:07 -0500] "GET /imagenes/tree1.gif HTTP/1.1" 200 1161
186.84.44.72 - - [03/Jan/2015:16:41:07 -0500] "GET /imagenes/CAMERA3.gif HTTP/1.1" 200 4150
186.84.44.72 - - [03/Jan/2015:16:41:07 -0500] "GET /imagenes/SLIDE1.gif HTTP/1.1" 200 1111
186.84.44.72 - - [03/Jan/2015:16:41:07 -0500] "GET /imagenes/flexcomb.gif HTTP/1.1" 200 1169
186.84.44.72 - - [03/Jan/2015:16:41:07 -0500] "GET /imagenes/GO.gif HTTP/1.1" 200 904
186.84.44.72 - - [03/Jan/2015:16:41:07 -0500] "GET /imagenes/HRTOOLS.gif HTTP/1.1" 200 2238
186.84.44.72 - - [03/Jan/2015:16:41:07 -0500] "GET /imagenes/rt_rec1.gif HTTP/1.1" 200 867
186.84.44.72 - - [03/Jan/2015:16:41:07 -0500] "GET /imagenes/apply.gif HTTP/1.1" 200 903
186.84.44.72 - - [03/Jan/2015:16:41:07 -0500] "GET /imagenes/exit.gif HTTP/1.1" 200 916
186.84.44.72 - - [03/Jan/2015:16:41:07 -0500] "GET /imagenes/LISTVAL.gif HTTP/1.1" 200 905
186.84.44.72 - - [03/Jan/2015:16:41:07 -0500] "GET /imagenes/edit.gif HTTP/1.1" 200 919
186.84.44.72 - - [03/Jan/2015:16:41:07 -0500] "GET /imagenes/rt_rec4.gif HTTP/1.1" 200 865
186.84.44.72 - - [03/Jan/2015:16:41:07 -0500] "GET /imagenes/rt_rec3.gif HTTP/1.1" 200 844
186.84.44.72 - - [03/Jan/2015:16:41:07 -0500] "GET /imagenes/rt_rec2.gif HTTP/1.1" 200 847
186.84.44.72 - - [03/Jan/2015:16:41:07 -0500] "GET /imagenes/rt_rdel.gif HTTP/1.1" 200 899
186.84.44.72 - - [03/Jan/2015:16:41:07 -0500] "GET /imagenes/rt_radd.gif HTTP/1.1" 200 907
186.84.44.72 - - [03/Jan/2015:16:41:07 -0500] "GET /imagenes/rt_quer3.gif HTTP/1.1" 200 939
186.84.44.72 - - [03/Jan/2015:16:41:07 -0500] "GET /imagenes/rt_quer2.gif HTTP/1.1" 200 936
186.84.44.72 - - [03/Jan/2015:16:41:07 -0500] "GET /imagenes/rt_quer1.gif HTTP/1.1" 200 930
186.84.44.72 - - [03/Jan/2015:16:41:07 -0500] "GET /imagenes/rt_save.gif HTTP/1.1" 200 903
186.84.44.72 - - [03/Jan/2015:16:41:07 -0500] "GET /imagenes/rt_pset.gif HTTP/1.1" 200 914
186.84.44.72 - - [03/Jan/2015:16:41:07 -0500] "GET /imagenes/QUEJA.gif HTTP/1.1" 200 1091
186.84.44.72 - - [03/Jan/2015:16:41:07 -0500] "GET /imagenes/ARBOL.gif HTTP/1.1" 200 1026
186.84.44.72 - - [03/Jan/2015:16:41:07 -0500] "GET /imagenes/Clipboard.gif HTTP/1.1" 200 1466
186.84.44.72 - - [03/Jan/2015:16:41:07 -0500] "GET /imagenes/DINERO.gif HTTP/1.1" 200 1766
186.84.44.72 - - [03/Jan/2015:16:41:07 -0500] "GET /imagenes/URGENTE.gif HTTP/1.1" 200 964
186.84.44.72 - - [03/Jan/2015:16:41:07 -0500] "GET /imagenes/TREE4.gif HTTP/1.1" 200 4150
186.84.44.72 - - [03/Jan/2015:16:41:07 -0500] "POST /forms/lservlet;jsessionid=ac16012b30d5e75f4c5de1ab422eaa5ecd279de9a1c7.e3iSbxaKaheRe34Sa3yKbhiTahb0n6jAmljGr5XDqQLvpAe HTTP/1.1" 200 7
186.84.44.72 - - [03/Jan/2015:16:41:07 -0500] "POST /forms/lservlet;jsessionid=ac16012b30d5e75f4c5de1ab422eaa5ecd279de9a1c7.e3iSbxaKaheRe34Sa3yKbhiTahb0n6jAmljGr5XDqQLvpAe HTTP/1.1" 200 34
186.84.44.72 - - [03/Jan/2015:16:41:08 -0500] "POST /forms/lservlet;jsessionid=ac16012b30d5e75f4c5de1ab422eaa5ecd279de9a1c7.e3iSbxaKaheRe34Sa3yKbhiTahb0n6jAmljGr5XDqQLvpAe HTTP/1.1" 200 2
186.84.44.72 - - [03/Jan/2015:16:41:09 -0500] "POST /forms/lservlet;jsessionid=ac16012b30d5e75f4c5de1ab422eaa5ecd279de9a1c7.e3iSbxaKaheRe34Sa3yKbhiTahb0n6jAmljGr5XDqQLvpAe HTTP/1.1" 200 647
186.84.44.72 - - [03/Jan/2015:16:41:13 -0500] "POST /forms/lservlet;jsessionid=ac16012b30d5e75f4c5de1ab422eaa5ecd279de9a1c7.e3iSbxaKaheRe34Sa3yKbhiTahb0n6jAmljGr5XDqQLvpAe HTTP/1.1" 200 24
186.84.44.72 - - [03/Jan/2015:16:41:13 -0500] "POST /forms/lservlet;jsessionid=ac16012b30d5e75f4c5de1ab422eaa5ecd279de9a1c7.e3iSbxaKaheRe34Sa3yKbhiTahb0n6jAmljGr5XDqQLvpAe HTTP/1.1" 200 4355
186.84.44.72 - - [03/Jan/2015:16:41:14 -0500] "POST /forms/lservlet;jsessionid=ac16012b30d5e75f4c5de1ab422eaa5ecd279de9a1c7.e3iSbxaKaheRe34Sa3yKbhiTahb0n6jAmljGr5XDqQLvpAe HTTP/1.1" 200 2
74.86.158.107 - - [03/Jan/2015:16:41:40 -0500] "HEAD / HTTP/1.1" 302 -
186.84.44.72 - - [03/Jan/2015:16:41:47 -0500] "POST /forms/lservlet;jsessionid=ac16012b30d5e75f4c5de1ab422eaa5ecd279de9a1c7.e3iSbxaKaheRe34Sa3yKbhiTahb0n6jAmljGr5XDqQLvpAe HTTP/1.1" 200 2
218.30.103.61 - - [03/Jan/2015:16:42:26 -0500] "GET /resoluciones/RESOLUCIONES%202009/0033.pdf HTTP/1.1" 404 1018
186.84.44.72 - - [03/Jan/2015:16:42:26 -0500] "POST /forms/lservlet;jsessionid=ac16012b30d5d11c6496e2c840dd94a48a0507ce41e7.e3iSbxaKaheRe34Sa3yKbhiTahb0n6jAmljGr5XDqQLvpAe HTTP/1.1" 200 2
218.30.103.61 - - [03/Jan/2015:16:42:56 -0500] "GET /resoluciones/RESOLUCIONES%202009/0621.pdf HTTP/1.1" 404 1018
186.84.44.72 - - [03/Jan/2015:16:43:47 -0500] "POST /forms/lservlet;jsessionid=ac16012b30d5e75f4c5de1ab422eaa5ecd279de9a1c7.e3iSbxaKaheRe34Sa3yKbhiTahb0n6jAmljGr5XDqQLvpAe HTTP/1.1" 200 2
144.82.185.24 - - [03/Jan/2015:16:43:58 -0500] "GET /galeria/carrusel/Carrusel/jquery-ui-1.8.13.custom.min.js HTTP/1.1" 200 10800
144.82.185.24 - - [03/Jan/2015:16:43:58 -0500] "GET /galeria/carrusel/Carrusel/jquery.thumbnailScroller.js HTTP/1.1" 200 8157
144.82.185.24 - - [03/Jan/2015:16:43:58 -0500] "GET /BLA/boletinlegal/js/jquery.scrollShow.js HTTP/1.1" 200 4586
144.82.185.24 - - [03/Jan/2015:16:43:58 -0500] "GET /BLA/boletinlegal/js/jquery.js HTTP/1.1" 200 57254
144.82.185.24 - - [03/Jan/2015:16:43:58 -0500] "GET /galeria/carrusel/Carrusel/jquery.thumbnailScroller.css HTTP/1.1" 200 2066
144.82.185.24 - - [03/Jan/2015:16:43:58 -0500] "GET /BLA/boletinlegal/js/jquery.scrollTo-min.js HTTP/1.1" 200 1150
66.249.64.171 - - [03/Jan/2015:16:44:14 -0500] "GET /BLA/resoluciones/AUTOS%202012/2247.pdf HTTP/1.1" 200 347564
186.84.44.72 - - [03/Jan/2015:16:44:26 -0500] "POST /forms/lservlet;jsessionid=ac16012b30d5d11c6496e2c840dd94a48a0507ce41e7.e3iSbxaKaheRe34Sa3yKbhiTahb0n6jAmljGr5XDqQLvpAe HTTP/1.1" 200 2
186.84.44.72 - - [03/Jan/2015:16:44:42 -0500] "POST /forms/lservlet;jsessionid=ac16012b30d5e75f4c5de1ab422eaa5ecd279de9a1c7.e3iSbxaKaheRe34Sa3yKbhiTahb0n6jAmljGr5XDqQLvpAe HTTP/1.1" 200 2
186.84.44.72 - - [03/Jan/2015:16:44:42 -0500] "POST /forms/lservlet;jsessionid=ac16012b30d5e75f4c5de1ab422eaa5ecd279de9a1c7.e3iSbxaKaheRe34Sa3yKbhiTahb0n6jAmljGr5XDqQLvpAe HTTP/1.1" 200 14
