190.68.181.124 - - [03/Jan/2015:17:53:30 -0500] "GET /ForestMSG_SDA/channelAsync/template_word_17226367?X-Atmosphere-tracking-id=26cd943f-e220-1086-c146-83f87cae9711&X-Atmosphere-Framework=1.0.5&X-Atmosphere-Transport=long-polling&tabid=0.6708898939588699&X-Cache-Date=0&Content-Type=application/xml&_=1420325780057 HTTP/1.1" 200 8193
186.84.44.72 - - [03/Jan/2015:17:59:49 -0500] "POST /forms/lservlet;jsessionid=ac16012b30d5e75f4c5de1ab422eaa5ecd279de9a1c7.e3iSbxaKaheRe34Sa3yKbhiTahb0n6jAmljGr5XDqQLvpAe HTTP/1.1" 200 2
66.249.64.167 - - [03/Jan/2015:17:59:50 -0500] "GET /BLA/resoluciones/RESOLUCIONES%202007/RES%202007%204201%20AL%204300/RESOLUCION%204250%20DE%202007.pdf HTTP/1.1" 200 523851
98.239.65.159 - - [03/Jan/2015:17:59:52 -0500] "PUT /webdav/TheBest.php HTTP/1.1" 405 938
180.76.4.200 - - [03/Jan/2015:17:59:57 -0500] "GET / HTTP/1.1" 302 -
66.249.64.171 - - [03/Jan/2015:18:00:20 -0500] "GET /BLA/resoluciones/AUTOS%202007/1771.pdf HTTP/1.1" 200 46871
186.84.44.72 - - [03/Jan/2015:18:00:29 -0500] "POST /forms/lservlet;jsessionid=ac16012b30d5d11c6496e2c840dd94a48a0507ce41e7.e3iSbxaKaheRe34Sa3yKbhiTahb0n6jAmljGr5XDqQLvpAe HTTP/1.1" 200 2
190.68.181.124 - - [03/Jan/2015:18:00:31 -0500] "GET /forest/ HTTP/1.1" 200 12758
190.68.181.124 - - [03/Jan/2015:18:00:33 -0500] "GET /forest/skins/gdocs-jar/css/forest.css?version=1412.231748 HTTP/1.1" 304 -
190.68.181.124 - - [03/Jan/2015:18:00:33 -0500] "GET /forest/skins/gdocs-jar/css/autocomplete.css?version=1412.231748 HTTP/1.1" 304 -
190.68.181.124 - - [03/Jan/2015:18:00:33 -0500] "GET /forest/skins/gdocs-jar/css/menu.css?version=1412.231748 HTTP/1.1" 304 -
190.68.181.124 - - [03/Jan/2015:18:00:33 -0500] "GET /forest/css/index.css?version=1412.231748 HTTP/1.1" 304 -
190.68.181.124 - - [03/Jan/2015:18:00:33 -0500] "GET /forest/1ibre/jscalendar/calendar-win2k-1.css?version=1412.231748 HTTP/1.1" 304 -
190.68.181.124 - - [03/Jan/2015:18:00:33 -0500] "GET /forest/css/escritorio.css?version=1412.231748 HTTP/1.1" 304 -
190.68.181.124 - - [03/Jan/2015:18:00:33 -0500] "GET /forest/skins/gdocs-jar/css/dialog.css?version=1412.231748 HTTP/1.1" 304 -
190.68.181.124 - - [03/Jan/2015:18:00:33 -0500] "GET /forest/skins/gdocs-jar/css/forms.css?version=1412.231748 HTTP/1.1" 304 -
190.68.181.124 - - [03/Jan/2015:18:00:34 -0500] "GET /forest/img/panel/view_icon.gif HTTP/1.1" 304 -
190.68.181.124 - - [03/Jan/2015:18:00:34 -0500] "GET /forest/img/inicio/1.gif HTTP/1.1" 304 -
190.68.181.124 - - [03/Jan/2015:18:00:34 -0500] "GET /forest/img/inicio/2.gif HTTP/1.1" 304 -
190.68.181.124 - - [03/Jan/2015:18:00:34 -0500] "GET /forest/img/inicio/3.gif HTTP/1.1" 304 -
190.68.181.124 - - [03/Jan/2015:18:00:34 -0500] "GET /forest/img/inicio/4.gif HTTP/1.1" 304 -
190.68.181.124 - - [03/Jan/2015:18:00:34 -0500] "GET /forest/img/inicio/5.gif HTTP/1.1" 304 -
190.68.181.124 - - [03/Jan/2015:18:00:34 -0500] "GET /forest/img/inicio/6.gif HTTP/1.1" 304 -
190.68.181.124 - - [03/Jan/2015:18:00:34 -0500] "GET /forest/img/inicio/7.gif HTTP/1.1" 304 -
190.68.181.124 - - [03/Jan/2015:18:00:34 -0500] "GET /forest/img/forestIcon.gif?version=1412.231748 HTTP/1.1" 304 -
190.68.181.124 - - [03/Jan/2015:18:00:37 -0500] "POST /forest/login.do HTTP/1.1" 302 -
190.68.181.124 - - [03/Jan/2015:18:00:38 -0500] "GET /forest/skins/gdocs-jar/css/menu.css?version=1412.231748 HTTP/1.1" 304 -
190.68.181.124 - - [03/Jan/2015:18:00:38 -0500] "GET /forest/skins/gdocs-jar/css/autocomplete.css?version=1412.231748 HTTP/1.1" 304 -
190.68.181.124 - - [03/Jan/2015:18:00:38 -0500] "GET /forest/css/escritorio.css?version=1412.231748 HTTP/1.1" 304 -
190.68.181.124 - - [03/Jan/2015:18:00:38 -0500] "GET /forest/css/index.css?version=1412.231748 HTTP/1.1" 304 -
190.68.181.124 - - [03/Jan/2015:18:00:38 -0500] "GET /forest/skins/gdocs-jar/css/forest.css?version=1412.231748 HTTP/1.1" 304 -
190.68.181.124 - - [03/Jan/2015:18:00:38 -0500] "GET /forest/1ibre/jscalendar/calendar-win2k-1.css?version=1412.231748 HTTP/1.1" 304 -
190.68.181.124 - - [03/Jan/2015:18:00:38 -0500] "GET /forest/skins/gdocs-jar/css/dialog.css?version=1412.231748 HTTP/1.1" 304 -
190.68.181.124 - - [03/Jan/2015:18:00:38 -0500] "GET /forest/img/forestIcon.gif?version=1412.231748 HTTP/1.1" 304 -
190.68.181.124 - - [03/Jan/2015:18:00:38 -0500] "GET /forest/skins/gdocs-jar/css/forms.css?version=1412.231748 HTTP/1.1" 304 -
190.68.181.124 - - [03/Jan/2015:18:00:43 -0500] "GET /forest/img/panel/menu/folder.png HTTP/1.1" 304 -
190.68.181.124 - - [03/Jan/2015:18:00:43 -0500] "GET /forest/img/panel/menu/danger2.png HTTP/1.1" 304 -
190.68.181.124 - - [03/Jan/2015:18:00:43 -0500] "GET /forest/img/panel/menu/add.png HTTP/1.1" 304 -
190.68.181.124 - - [03/Jan/2015:18:00:38 -0500] "GET /forest/index2.jsp?a=0.09855709901920495 HTTP/1.1" 200 76400
190.68.181.124 - - [03/Jan/2015:18:00:43 -0500] "GET /forest/img/panel/menu/hoy.png HTTP/1.1" 304 -
190.68.181.124 - - [03/Jan/2015:18:00:43 -0500] "GET /forest/img/mireparto.gif HTTP/1.1" 304 -
190.68.181.124 - - [03/Jan/2015:18:00:43 -0500] "GET /forest/skins/gdocs-jar/js/xml_utilities.js?version=1412.231748 HTTP/1.1" 304 -
190.68.181.124 - - [03/Jan/2015:18:00:43 -0500] "GET /forest/js/inicio.js?version=1412.231748 HTTP/1.1" 304 -
190.68.181.124 - - [03/Jan/2015:18:00:43 -0500] "GET /forest/skins/gdocs-jar/js/autocompletar2.js?version=1412.231748 HTTP/1.1" 304 -
190.68.181.124 - - [03/Jan/2015:18:00:43 -0500] "GET /forest/skins/gdocs-jar/js/misprocesos.js?version=1412.231748 HTTP/1.1" 304 -
190.68.181.124 - - [03/Jan/2015:18:00:43 -0500] "GET /forest/img/instanciar.gif HTTP/1.1" 304 -
190.68.181.124 - - [03/Jan/2015:18:00:43 -0500] "GET /forest/img/misdocumentos.gif HTTP/1.1" 304 -
190.68.181.124 - - [03/Jan/2015:18:00:43 -0500] "GET /forest/session.jsp?a=0.8769639311946745 HTTP/1.1" 200 4
181.55.231.28 - - [03/Jan/2015:18:00:47 -0500] "GET /BLA/boletinlegal/js/jquery.js HTTP/1.1" 200 57254
181.55.231.28 - - [03/Jan/2015:18:00:47 -0500] "GET /BLA/boletinlegal/js/jquery.scrollShow.js HTTP/1.1" 200 4586
181.55.231.28 - - [03/Jan/2015:18:00:47 -0500] "GET /BLA/boletinlegal/js/jquery.scrollTo-min.js HTTP/1.1" 200 1150
190.68.181.124 - - [03/Jan/2015:18:00:49 -0500] "GET /forest/skins/gdocs-jar/css/menu.css?version=1412.231748 HTTP/1.1" 304 -
190.68.181.124 - - [03/Jan/2015:18:00:49 -0500] "GET /forest/css/escritorio.css?version=1412.231748 HTTP/1.1" 304 -
190.68.181.124 - - [03/Jan/2015:18:00:49 -0500] "GET /forest/skins/gdocs-jar/css/autocomplete.css?version=1412.231748 HTTP/1.1" 304 -
190.68.181.124 - - [03/Jan/2015:18:00:49 -0500] "GET /forest/skins/gdocs-jar/css/forest.css?version=1412.231748 HTTP/1.1" 304 -
190.68.181.124 - - [03/Jan/2015:18:00:49 -0500] "GET /forest/css/index.css?version=1412.231748 HTTP/1.1" 304 -
190.68.181.124 - - [03/Jan/2015:18:00:49 -0500] "GET /forest/1ibre/jscalendar/calendar-win2k-1.css?version=1412.231748 HTTP/1.1" 304 -
66.249.64.171 - - [03/Jan/2015:18:00:49 -0500] "GET /BLA/resoluciones/RESOLUCIONES%202009/6038.pdf HTTP/1.1" 200 491883
190.68.181.124 - - [03/Jan/2015:18:00:49 -0500] "GET /forest/skins/gdocs-jar/css/dialog.css?version=1412.231748 HTTP/1.1" 304 -
190.68.181.124 - - [03/Jan/2015:18:00:49 -0500] "GET /forest/img/forestIcon.gif?version=1412.231748 HTTP/1.1" 304 -
190.68.181.124 - - [03/Jan/2015:18:00:49 -0500] "GET /forest/skins/gdocs-jar/css/forms.css?version=1412.231748 HTTP/1.1" 304 -
190.68.181.124 - - [03/Jan/2015:18:00:49 -0500] "GET /forest/skins/gdocs-jar/js/autocompletar2.js?version=1412.231748 HTTP/1.1" 304 -
190.68.181.124 - - [03/Jan/2015:18:00:49 -0500] "GET /forest/skins/gdocs-jar/js/xml_utilities.js?version=1412.231748 HTTP/1.1" 304 -
190.68.181.124 - - [03/Jan/2015:18:00:49 -0500] "GET /forest/skins/gdocs-jar/js/grid.js?version=1412.231748 HTTP/1.1" 304 -
190.68.181.124 - - [03/Jan/2015:18:00:49 -0500] "GET /forest/skins/gdocs-jar/js/tareas.js?version=1412.231748 HTTP/1.1" 304 -
190.68.181.124 - - [03/Jan/2015:17:59:30 -0500] "GET /ForestMSG_SDA/channelAsync/template_word_17226367?X-Atmosphere-tracking-id=26cd943f-e220-1086-c146-83f87cae9711&X-Atmosphere-Framework=1.0.5&X-Atmosphere-Transport=long-polling&tabid=0.6708898939588699&X-Cache-Date=0&Content-Type=application/xml&_=1420326140187 HTTP/1.1" 200 8193
190.68.181.124 - - [03/Jan/2015:18:00:50 -0500] "GET /forest/skins/gdocs-jar/js/number-functions.js?version=1412.231748 HTTP/1.1" 304 -
190.68.181.124 - - [03/Jan/2015:18:00:50 -0500] "GET /forest/skins/gdocs-jar/js/formsBase.js?version=1412.231748 HTTP/1.1" 304 -
190.68.181.124 - - [03/Jan/2015:18:00:50 -0500] "GET /forest/skins/gdocs-jar/js/graphicForm.js?version=1412.231748 HTTP/1.1" 304 -
190.68.181.124 - - [03/Jan/2015:18:00:47 -0500] "GET /forest/usutareas.do?group_system_actual=3&codTraEsc=17226367&_a=0.9840958323895571 HTTP/1.1" 200 116334
190.68.181.124 - - [03/Jan/2015:18:00:50 -0500] "GET /forest/skins/gdocs-jar/js/swfobject.js?version=1412.231748 HTTP/1.1" 304 -
190.68.181.124 - - [03/Jan/2015:18:00:51 -0500] "GET /forest/session.jsp?a=0.7279068939115644 HTTP/1.1" 200 4
190.68.181.124 - - [03/Jan/2015:18:00:51 -0500] "GET /forest/actions/forms.getMappedValues?id=tercero46&value=900265329-1&codForm=reporte_ct_registro&a=0.18289808430517318 HTTP/1.1" 200 82
190.68.181.124 - - [03/Jan/2015:18:00:51 -0500] "GET /forest/actions/forms.getMappedValues?id=ViabTec_Perm1340&value=3&codForm=reporte_ct_registro&a=0.8927464116647111 HTTP/1.1" 200 28
190.68.181.124 - - [03/Jan/2015:18:00:51 -0500] "GET /forest/actions/forms.getMappedValues?id=ViabTec_Perm1340&value=3&codForm=reporte_ct_registro&a=0.6500971204550902 HTTP/1.1" 200 28
181.152.202.178 - - [03/Jan/2015:18:01:14 -0500] "GET /isolucionsda/g/Bot_IndicadoresOver_ESP.jpg HTTP/1.1" 200 5413
181.152.202.178 - - [03/Jan/2015:18:01:15 -0500] "GET /isolucionsda/g/Bot_ProcesosOver_ESP.jpg HTTP/1.1" 200 4659
66.249.64.171 - - [03/Jan/2015:18:01:18 -0500] "GET /BLA/resoluciones/RESOLUCIONES%202009/0647.pdf HTTP/1.1" 200 288624
181.152.202.178 - - [03/Jan/2015:18:01:18 -0500] "GET /isolucionsda/NotaMejora.asp?CodSucursal=&ID_NotaMejora=380&Accion=ModificarForma HTTP/1.1" 200 146
181.152.202.178 - - [03/Jan/2015:18:01:19 -0500] "GET /isolucionsda/g/Bot_SiguienteOver.jpg HTTP/1.1" 200 1668
181.152.202.178 - - [03/Jan/2015:18:01:19 -0500] "GET /isolucionsda/g/Bot_HomeOver.jpg HTTP/1.1" 200 1879
181.152.202.178 - - [03/Jan/2015:18:01:20 -0500] "GET /isolucionsda/g/Bot_ManualOver_ESP.jpg HTTP/1.1" 200 4732
181.152.202.178 - - [03/Jan/2015:18:01:21 -0500] "GET /isolucionsda/g/Bot_ProcesosOver_ESP.jpg HTTP/1.1" 200 4659
181.152.202.178 - - [03/Jan/2015:18:01:29 -0500] "GET /isolucionsda/g/Bot_ProcesosOver_ESP.jpg HTTP/1.1" 200 4659
181.152.202.178 - - [03/Jan/2015:18:01:30 -0500] "GET /isolucionsda/g/Bot_ManualOver_ESP.jpg HTTP/1.1" 200 4732
181.152.202.178 - - [03/Jan/2015:18:01:30 -0500] "GET /isolucionsda/g/Bot_SiguienteOver.jpg HTTP/1.1" 200 1668
181.152.202.178 - - [03/Jan/2015:18:01:30 -0500] "GET /isolucionsda/g/Bot_ManualOver_ESP.jpg HTTP/1.1" 200 4732
181.152.202.178 - - [03/Jan/2015:18:01:31 -0500] "GET /isolucionsda/g/Bot_ProcesosOver_ESP.jpg HTTP/1.1" 200 4659
181.152.202.178 - - [03/Jan/2015:18:01:31 -0500] "GET /isolucionsda/g/Bot_ProcesosOver_ESP.jpg HTTP/1.1" 200 4659
181.152.202.178 - - [03/Jan/2015:18:01:31 -0500] "GET /isolucionsda/g/Bot_HomeOver.jpg HTTP/1.1" 200 1879
181.152.202.178 - - [03/Jan/2015:18:01:31 -0500] "GET /isolucionsda/g/Bot_SiguienteOver.jpg HTTP/1.1" 200 1668
181.152.202.178 - - [03/Jan/2015:18:01:32 -0500] "GET /isolucionsda/g/Bot_ManualOver_ESP.jpg HTTP/1.1" 200 4732
181.152.202.178 - - [03/Jan/2015:18:01:32 -0500] "GET /isolucionsda/NotaMejora.asp?CodSucursal=&ID_NotaMejora=380&Accion=ModificarForma HTTP/1.1" 200 146
181.152.202.178 - - [03/Jan/2015:18:01:34 -0500] "GET /isolucionsda/FrameSetGeneral.asp?Pagina=Menu.asp&IdModulo=7 HTTP/1.1" 200 146
74.86.158.107 - - [03/Jan/2015:18:01:40 -0500] "HEAD / HTTP/1.1" 302 -
190.68.181.124 - - [03/Jan/2015:18:01:04 -0500] "POST /forest/usutareas.do? HTTP/1.1" 200 201
66.249.64.163 - - [03/Jan/2015:18:01:47 -0500] "GET /BLA/resoluciones/RESOLUCIONES%202009/2851.pdf HTTP/1.1" 200 527148
181.152.202.178 - - [03/Jan/2015:18:01:46 -0500] "GET /isolucionsda/ HTTP/1.1" 200 739
181.152.202.178 - - [03/Jan/2015:18:01:47 -0500] "GET /isolucionsda/IdentificaUsuario.asp?Pagina1=FrameSetGeneral.asp& HTTP/1.1" 200 4997
186.84.44.72 - - [03/Jan/2015:18:01:49 -0500] "POST /forms/lservlet;jsessionid=ac16012b30d5e75f4c5de1ab422eaa5ecd279de9a1c7.e3iSbxaKaheRe34Sa3yKbhiTahb0n6jAmljGr5XDqQLvpAe HTTP/1.1" 200 2
181.152.202.178 - - [03/Jan/2015:18:01:55 -0500] "POST /isolucionsda/IdentificaUsuario.asp?Pagina1=FrameSetGeneral.asp& HTTP/1.1" 302 173
181.152.202.178 - - [03/Jan/2015:18:01:55 -0500] "GET /isolucionsda/FrameSetGeneral.asp?Pagina1=FrameSetGeneral.asp& HTTP/1.1" 200 6485
181.152.202.178 - - [03/Jan/2015:18:01:56 -0500] "GET /isolucionsda/Encabezado.asp?Pagina1=FrameSetGeneral.asp&&Pagina=MagazinHome.asp HTTP/1.1" 200 15182
181.152.202.178 - - [03/Jan/2015:18:01:56 -0500] "GET /isolucionsda/BarraTitulos.asp?Pagina1=FrameSetGeneral.asp&&Pagina=MagazinHome.asp HTTP/1.1" 200 6844
181.152.202.178 - - [03/Jan/2015:18:01:56 -0500] "GET /isolucionsda/BarraFavoritos.asp HTTP/1.1" 200 911
181.152.202.178 - - [03/Jan/2015:18:01:57 -0500] "GET /isolucionsda/Session.asp?Continue=1 HTTP/1.1" 200 6196
181.152.202.178 - - [03/Jan/2015:18:01:57 -0500] "GET /isolucionsda/TareasSFRedirect.asp HTTP/1.1" 302 195
181.152.202.178 - - [03/Jan/2015:18:01:56 -0500] "GET /isolucionsda/MagazinHome.asp HTTP/1.1" 200 27971
181.152.202.178 - - [03/Jan/2015:18:01:58 -0500] "GET /isolucionsda/g/Bgr_Destacado3399CC.jpg HTTP/1.1" 404 5217
181.152.202.178 - - [03/Jan/2015:18:01:58 -0500] "GET /isolucionsda/Login.aspx?TARGET=SFContainerFiltrado.aspx&number=55515667574852524552 HTTP/1.1" 302 886
181.152.202.178 - - [03/Jan/2015:18:02:00 -0500] "GET /isolucionsda/SFContainerFiltrado.aspx?Number=55515667574852524552 HTTP/1.1" 200 14314
181.152.202.178 - - [03/Jan/2015:18:02:02 -0500] "GET /isolucionsda/auxlib.js HTTP/1.1" 404 5185
181.152.202.178 - - [03/Jan/2015:18:02:02 -0500] "GET /isolucionsda/infowndpublic.js HTTP/1.1" 404 5199
181.152.202.178 - - [03/Jan/2015:18:02:03 -0500] "GET /isolucionsda/infowndcore.js HTTP/1.1" 404 5195
181.152.202.178 - - [03/Jan/2015:18:02:03 -0500] "GET /isolucionsda/g/Bot_RiesgosOver_ESP.jpg HTTP/1.1" 200 4907
181.152.202.178 - - [03/Jan/2015:18:02:03 -0500] "GET /isolucionsda/g/Bot_TareasOver_ESP.jpg HTTP/1.1" 200 4379
181.152.202.178 - - [03/Jan/2015:18:02:03 -0500] "GET /isolucionsda/g/Bot_ProveedoresOver_ESP.jpg HTTP/1.1" 200 5395
181.152.202.178 - - [03/Jan/2015:18:02:01 -0500] "GET /isolucionsda/DetalleTareas.aspx?Number=55515667574852524552 HTTP/1.1" 200 92709
181.152.202.178 - - [03/Jan/2015:18:02:03 -0500] "GET /isolucionsda/g/Bot_IndicadoresOver_ESP.jpg HTTP/1.1" 200 5413
181.152.202.178 - - [03/Jan/2015:18:02:05 -0500] "GET /isolucionsda/g/Bot_IndicadoresOver_ESP.jpg HTTP/1.1" 200 5413
181.152.202.178 - - [03/Jan/2015:18:02:05 -0500] "GET /isolucionsda/FrameSetGeneral.asp?Pagina=Menu.asp&IdModulo=7 HTTP/1.1" 200 6455
181.152.202.178 - - [03/Jan/2015:18:02:06 -0500] "GET /isolucionsda/Encabezado.asp?Pagina=Menu.asp&IdModulo=7 HTTP/1.1" 200 15183
181.152.202.178 - - [03/Jan/2015:18:02:06 -0500] "GET /isolucionsda/BarraTitulos.asp?Pagina=Menu.asp&IdModulo=7 HTTP/1.1" 200 6865
181.152.202.178 - - [03/Jan/2015:18:02:06 -0500] "GET /isolucionsda/BarraFavoritos.asp HTTP/1.1" 200 911
181.152.202.178 - - [03/Jan/2015:18:02:06 -0500] "GET /isolucionsda/Session.asp?Continue=1 HTTP/1.1" 200 6196
181.152.202.178 - - [03/Jan/2015:18:02:06 -0500] "GET /isolucionsda/Menu.asp?Pagina=Menu.asp&IdModulo=7 HTTP/1.1" 200 30437
66.249.64.167 - - [03/Jan/2015:18:02:16 -0500] "GET /BLA/resoluciones/RESOLUCIONES%202009/6835.pdf HTTP/1.1" 200 686970
186.84.44.72 - - [03/Jan/2015:18:02:29 -0500] "POST /forms/lservlet;jsessionid=ac16012b30d5d11c6496e2c840dd94a48a0507ce41e7.e3iSbxaKaheRe34Sa3yKbhiTahb0n6jAmljGr5XDqQLvpAe HTTP/1.1" 200 2
66.249.64.163 - - [03/Jan/2015:18:02:45 -0500] "GET /BLA/resoluciones/RESOLUCIONES%202009/8434.pdf HTTP/1.1" 304 -
66.249.64.171 - - [03/Jan/2015:18:03:14 -0500] "GET /BLA/resoluciones/index.php?dir=RESOLUCIONES+2007%2FRES+2007+501+AL+600%2F HTTP/1.1" 200 26888
181.152.202.178 - - [03/Jan/2015:18:03:24 -0500] "GET /isolucionsda/FrameSetGeneral.asp?Pagina=FiltroNotaMejora.asp&EsAbierta=1&ConMenu=NO HTTP/1.1" 200 6539
181.152.202.178 - - [03/Jan/2015:18:03:29 -0500] "GET /isolucionsda/FrameSetGeneral.asp?Pagina=FiltroNotaMejora.asp&EsAbierta=1&ConMenu=NO HTTP/1.1" 200 6539
181.152.202.178 - - [03/Jan/2015:18:03:30 -0500] "GET /isolucionsda/Encabezado.asp?Pagina=FiltroNotaMejora.asp&EsAbierta=1&ConMenu=NO HTTP/1.1" 200 15158
181.152.202.178 - - [03/Jan/2015:18:03:32 -0500] "GET /isolucionsda/BarraTitulos.asp?Pagina=FiltroNotaMejora.asp&EsAbierta=1&ConMenu=NO HTTP/1.1" 200 6865
181.152.202.178 - - [03/Jan/2015:18:03:32 -0500] "GET /isolucionsda/BarraFavoritos.asp HTTP/1.1" 200 911
181.152.202.178 - - [03/Jan/2015:18:03:33 -0500] "GET /isolucionsda/Session.asp?Continue=1 HTTP/1.1" 200 6196
181.152.202.178 - - [03/Jan/2015:18:03:32 -0500] "GET /isolucionsda/FiltroNotaMejora.asp?Pagina=FiltroNotaMejora.asp&EsAbierta=1&ConMenu=NO HTTP/1.1" 200 45178
181.152.202.178 - - [03/Jan/2015:18:03:39 -0500] "GET /isolucionsda/Jerarquia.asp?Tabla=Proceso&Form=Filtro&CampoDisplay=CodProcesoDisplayObjetoProceso&CampoHidden=CodProceso&bSubmit=True&items= HTTP/1.1" 200 10466
66.249.64.163 - - [03/Jan/2015:18:03:43 -0500] "GET /BLA/resoluciones/RESOLUCIONES%202009/7642.pdf HTTP/1.1" 200 385986
181.152.202.178 - - [03/Jan/2015:18:03:44 -0500] "POST /isolucionsda/Jerarquia.asp HTTP/1.1" 200 7990
181.152.202.178 - - [03/Jan/2015:18:03:45 -0500] "POST /isolucionsda/FiltroNotaMejora.asp HTTP/1.1" 200 43676
186.84.44.72 - - [03/Jan/2015:18:03:49 -0500] "POST /forms/lservlet;jsessionid=ac16012b30d5e75f4c5de1ab422eaa5ecd279de9a1c7.e3iSbxaKaheRe34Sa3yKbhiTahb0n6jAmljGr5XDqQLvpAe HTTP/1.1" 200 2
98.239.65.159 - - [03/Jan/2015:18:04:05 -0500] "PUT /webdav/TheBest.php HTTP/1.1" 405 938
66.249.64.167 - - [03/Jan/2015:18:04:12 -0500] "GET /BLA/resoluciones/RESOLUCIONES%202011/4641.pdf HTTP/1.1" 200 584680
181.152.202.178 - - [03/Jan/2015:18:04:18 -0500] "GET /isolucionsda/NotaMejora.asp?CodSucursal=&ID_NotaMejora=380&Accion=ModificarForma HTTP/1.1" 200 53463
186.84.44.72 - - [03/Jan/2015:18:04:29 -0500] "POST /forms/lservlet;jsessionid=ac16012b30d5d11c6496e2c840dd94a48a0507ce41e7.e3iSbxaKaheRe34Sa3yKbhiTahb0n6jAmljGr5XDqQLvpAe HTTP/1.1" 200 2
200.118.211.196 - - [03/Jan/2015:18:04:37 -0500] "GET /BLA/boletinlegal/js/jquery.js HTTP/1.1" 200 57254
200.118.211.196 - - [03/Jan/2015:18:04:37 -0500] "GET /BLA/boletinlegal/js/jquery.scrollTo-min.js HTTP/1.1" 200 1150
200.118.211.196 - - [03/Jan/2015:18:04:37 -0500] "GET /BLA/boletinlegal/js/jquery.scrollShow.js HTTP/1.1" 200 4586
66.249.64.163 - - [03/Jan/2015:18:04:41 -0500] "GET /BLA/resoluciones/RESOLUCIONES%202007/RES%202007%203501%20AL%203600/RESOLUCION%203564%20DE%202007.pdf HTTP/1.1" 200 82577
98.239.65.159 - - [03/Jan/2015:18:04:57 -0500] "PUT /webdav/TheBest.php HTTP/1.1" 405 938
66.249.64.163 - - [03/Jan/2015:18:05:10 -0500] "GET /BLA/resoluciones/AUTOS%202009/0247.pdf HTTP/1.1" 200 109911
109.223.64.26 - - [03/Jan/2015:18:05:11 -0500] "OPTIONS / HTTP/1.1" 302 -
66.249.64.39 - - [03/Jan/2015:18:05:39 -0500] "GET /PORTAL_SIAC/swf/Residuos/impresion/images/page1.swf HTTP/1.1" 200 758003
186.84.44.72 - - [03/Jan/2015:18:05:49 -0500] "POST /forms/lservlet;jsessionid=ac16012b30d5e75f4c5de1ab422eaa5ecd279de9a1c7.e3iSbxaKaheRe34Sa3yKbhiTahb0n6jAmljGr5XDqQLvpAe HTTP/1.1" 200 2
190.68.181.124 - - [03/Jan/2015:18:05:51 -0500] "GET /forest/session.jsp?a=0.02123000417176757 HTTP/1.1" 200 4
66.249.64.163 - - [03/Jan/2015:18:06:08 -0500] "GET /BLA/resoluciones/RESOLUCIONES%202009/1778.pdf HTTP/1.1" 304 -
186.84.44.72 - - [03/Jan/2015:18:06:29 -0500] "POST /forms/lservlet;jsessionid=ac16012b30d5d11c6496e2c840dd94a48a0507ce41e7.e3iSbxaKaheRe34Sa3yKbhiTahb0n6jAmljGr5XDqQLvpAe HTTP/1.1" 200 2
181.152.202.178 - - [03/Jan/2015:18:06:30 -0500] "GET /isolucionsda/g/Bot_ProcesosOver_ESP.jpg HTTP/1.1" 200 4659
181.152.202.178 - - [03/Jan/2015:18:06:30 -0500] "GET /isolucionsda/g/Bot_ManualOver_ESP.jpg HTTP/1.1" 200 4732
181.152.202.178 - - [03/Jan/2015:18:06:30 -0500] "GET /isolucionsda/g/Bot_SiguienteOver.jpg HTTP/1.1" 200 1668
181.152.202.178 - - [03/Jan/2015:18:06:31 -0500] "GET /isolucionsda/g/Bot_ProcesosOver_ESP.jpg HTTP/1.1" 200 4659
181.152.202.178 - - [03/Jan/2015:18:06:31 -0500] "GET /isolucionsda/g/Bot_SiguienteOver.jpg HTTP/1.1" 200 1668
181.152.202.178 - - [03/Jan/2015:18:06:32 -0500] "GET /isolucionsda/g/Bot_RiesgosOver_ESP.jpg HTTP/1.1" 200 4907
181.152.202.178 - - [03/Jan/2015:18:06:33 -0500] "GET /isolucionsda/NotaMejora.asp?CodSucursal=&ID_NotaMejora=375&Accion=ModificarForma HTTP/1.1" 200 51739
66.249.64.171 - - [03/Jan/2015:18:06:37 -0500] "GET /BLA/resoluciones/RESOLUCIONES%202009/8012.pdf HTTP/1.1" 200 106424
74.86.158.107 - - [03/Jan/2015:18:06:40 -0500] "HEAD / HTTP/1.1" 302 -
190.68.181.124 - - [03/Jan/2015:18:00:50 -0500] "GET /ForestMSG_SDA/channelAsync/template_word_17226367?X-Atmosphere-tracking-id=e7c81892-1351-d87a-b267-f0bcc72d01ae&X-Atmosphere-Framework=1.0.5&X-Atmosphere-Transport=long-polling&tabid=0.5292671194420838&X-Cache-Date=0&Content-Type=application/xml&_=1420326219677 HTTP/1.1" 200 8193
181.50.59.59 - - [03/Jan/2015:18:07:01 -0500] "GET /BLA/boletinlegal/js/jquery.js HTTP/1.1" 200 57254
181.50.59.59 - - [03/Jan/2015:18:07:01 -0500] "GET /BLA/boletinlegal/js/jquery.scrollTo-min.js HTTP/1.1" 200 1150
181.50.59.59 - - [03/Jan/2015:18:07:01 -0500] "GET /BLA/boletinlegal/js/jquery.scrollShow.js HTTP/1.1" 200 4586
189.159.12.109 - - [03/Jan/2015:18:07:02 -0500] "GET /BLA/boletinlegal/js/jquery.js HTTP/1.1" 200 57254
189.159.12.109 - - [03/Jan/2015:18:07:02 -0500] "GET /BLA/boletinlegal/js/jquery.scrollTo-min.js HTTP/1.1" 200 1150
189.159.12.109 - - [03/Jan/2015:18:07:02 -0500] "GET /BLA/boletinlegal/js/jquery.scrollShow.js HTTP/1.1" 200 4586
181.50.59.59 - - [03/Jan/2015:18:07:03 -0500] "GET /galeria/carrusel/Carrusel/jquery.thumbnailScroller.css HTTP/1.1" 200 2066
181.50.59.59 - - [03/Jan/2015:18:07:03 -0500] "GET /galeria/carrusel/Carrusel/jquery-ui-1.8.13.custom.min.js HTTP/1.1" 200 10800
181.50.59.59 - - [03/Jan/2015:18:07:04 -0500] "GET /galeria/carrusel/Carrusel/jquery.thumbnailScroller.js HTTP/1.1" 200 8157
66.249.64.171 - - [03/Jan/2015:18:07:06 -0500] "GET /BLA/resoluciones/RESOLUCIONES%202011/1586.pdf HTTP/1.1" 304 -
181.50.59.59 - - [03/Jan/2015:18:07:15 -0500] "GET /galeria/nivo-slider/demo/demo.html HTTP/1.1" 200 3150
181.50.59.59 - - [03/Jan/2015:18:07:17 -0500] "GET /galeria/nivo-slider/themes/default/default.css HTTP/1.1" 200 1569
181.50.59.59 - - [03/Jan/2015:18:07:17 -0500] "GET /galeria/nivo-slider/themes/pascal/pascal.css HTTP/1.1" 200 2258
181.50.59.59 - - [03/Jan/2015:18:07:17 -0500] "GET /galeria/nivo-slider/themes/orman/orman.css HTTP/1.1" 200 2152
181.50.59.59 - - [03/Jan/2015:18:07:17 -0500] "GET /galeria/nivo-slider/nivo-slider.css HTTP/1.1" 200 1507
181.50.59.59 - - [03/Jan/2015:18:07:17 -0500] "GET /galeria/nivo-slider/demo/style.css HTTP/1.1" 200 2222
181.50.59.59 - - [03/Jan/2015:18:07:18 -0500] "GET /galeria/nivo-slider/demo/scripts/jquery-1.7.1.min.js HTTP/1.1" 200 93868
181.50.59.59 - - [03/Jan/2015:18:07:18 -0500] "GET /galeria/nivo-slider/jquery.nivo.slider.pack.js HTTP/1.1" 200 11561
181.50.59.59 - - [03/Jan/2015:18:07:18 -0500] "GET /galeria/nivo-slider/demo/images/bolsas-08.jpg HTTP/1.1" 200 85589
181.50.59.59 - - [03/Jan/2015:18:07:18 -0500] "GET /galeria/nivo-slider/demo/images/Ruta-vertimientos-01.jpg HTTP/1.1" 200 130151
181.50.59.59 - - [03/Jan/2015:18:07:18 -0500] "GET /galeria/nivo-slider/demo/images/bolsas-06.jpg HTTP/1.1" 200 90982
181.50.59.59 - - [03/Jan/2015:18:07:18 -0500] "GET /galeria/nivo-slider/demo/images/ecolecta-Dic2014.png HTTP/1.1" 200 288593
181.50.59.59 - - [03/Jan/2015:18:07:19 -0500] "GET /galeria/nivo-slider/demo/images/porloshumedales.jpg HTTP/1.1" 200 351238
181.50.59.59 - - [03/Jan/2015:18:07:19 -0500] "GET /galeria/nivo-slider/demo/images/Tingua-azul.jpg HTTP/1.1" 200 307638
181.50.59.59 - - [03/Jan/2015:18:07:19 -0500] "GET /galeria/nivo-slider/demo/images/Banner-Caracol-Africano.jpg HTTP/1.1" 200 331986
181.50.59.59 - - [03/Jan/2015:18:07:19 -0500] "GET /galeria/nivo-slider/demo/images/banner-redes.jpg HTTP/1.1" 200 62209
181.50.59.59 - - [03/Jan/2015:18:07:20 -0500] "GET /galeria/nivo-slider/demo/images/9Signos.jpg HTTP/1.1" 200 93040
181.50.59.59 - - [03/Jan/2015:18:07:21 -0500] "GET /galeria/nivo-slider/demo/images/banner-llantas2.jpg HTTP/1.1" 200 73153
181.50.59.59 - - [03/Jan/2015:18:07:21 -0500] "GET /galeria/nivo-slider/demo/images/banner-caballos.png HTTP/1.1" 200 389106
181.50.59.59 - - [03/Jan/2015:18:07:23 -0500] "GET /galeria/nivo-slider/demo/images/4Simple_Slider.png HTTP/1.1" 200 11722
181.50.59.59 - - [03/Jan/2015:18:07:23 -0500] "GET /galeria/nivo-slider/themes/default/loading.gif HTTP/1.1" 200 1737
181.50.59.59 - - [03/Jan/2015:18:07:24 -0500] "GET /galeria/nivo-slider/themes/default/arrows.png HTTP/1.1" 200 824
181.50.59.59 - - [03/Jan/2015:18:07:24 -0500] "GET /galeria/nivo-slider/themes/default/bullets.png HTTP/1.1" 200 1281
181.50.59.59 - - [03/Jan/2015:18:07:28 -0500] "GET /videos/Spot_CambioClimatico.flv HTTP/1.1" 200 4371917
66.249.64.163 - - [03/Jan/2015:18:07:36 -0500] "GET /BLA/resoluciones/RESOLUCIONES%202011/4559.pdf HTTP/1.1" 304 -
186.84.44.72 - - [03/Jan/2015:18:07:50 -0500] "POST /forms/lservlet;jsessionid=ac16012b30d5e75f4c5de1ab422eaa5ecd279de9a1c7.e3iSbxaKaheRe34Sa3yKbhiTahb0n6jAmljGr5XDqQLvpAe HTTP/1.1" 200 2
66.249.64.163 - - [03/Jan/2015:18:08:05 -0500] "GET /BLA/resoluciones/RESOLUCIONES%202009/8032.pdf HTTP/1.1" 200 488566
181.50.171.78 - - [03/Jan/2015:18:08:20 -0500] "GET /BLA/boletinlegal/js/jquery.js HTTP/1.1" 200 57254
181.50.171.78 - - [03/Jan/2015:18:08:20 -0500] "GET /BLA/boletinlegal/js/jquery.scrollTo-min.js HTTP/1.1" 200 1150
181.50.171.78 - - [03/Jan/2015:18:08:20 -0500] "GET /BLA/boletinlegal/js/jquery.scrollShow.js HTTP/1.1" 200 4586
186.84.44.72 - - [03/Jan/2015:18:08:29 -0500] "POST /forms/lservlet;jsessionid=ac16012b30d5d11c6496e2c840dd94a48a0507ce41e7.e3iSbxaKaheRe34Sa3yKbhiTahb0n6jAmljGr5XDqQLvpAe HTTP/1.1" 200 2
66.249.64.167 - - [03/Jan/2015:18:08:34 -0500] "GET /BLA/resoluciones/AUTOS%202007/3216.pdf HTTP/1.1" 200 91130
180.76.5.175 - - [03/Jan/2015:18:08:45 -0500] "GET /BLA/boletinlegal;jsessionid=5C46F9A24EC1D18ABC079B8FB23CE8F0?/? HTTP/1.1" 404 1018
190.84.205.152 - - [03/Jan/2015:18:08:58 -0500] "GET /BLA/boletinlegal/js/jquery.js HTTP/1.1" 200 57254
190.84.205.152 - - [03/Jan/2015:18:08:58 -0500] "GET /BLA/boletinlegal/js/jquery.scrollTo-min.js HTTP/1.1" 200 1150
190.84.205.152 - - [03/Jan/2015:18:08:58 -0500] "GET /BLA/boletinlegal/js/jquery.scrollShow.js HTTP/1.1" 200 4586
190.84.205.152 - - [03/Jan/2015:18:08:58 -0500] "GET /galeria/carrusel/Carrusel/jquery.thumbnailScroller.css HTTP/1.1" 200 2066
190.84.205.152 - - [03/Jan/2015:18:08:58 -0500] "GET /galeria/carrusel/Carrusel/jquery-ui-1.8.13.custom.min.js HTTP/1.1" 200 10800
190.84.205.152 - - [03/Jan/2015:18:08:58 -0500] "GET /galeria/carrusel/Carrusel/jquery.thumbnailScroller.js HTTP/1.1" 200 8157
190.84.205.152 - - [03/Jan/2015:18:08:59 -0500] "GET /galeria/nivo-slider/demo/demo.html HTTP/1.1" 200 3150
190.84.205.152 - - [03/Jan/2015:18:08:59 -0500] "GET /galeria/nivo-slider/themes/default/default.css HTTP/1.1" 200 1569
190.84.205.152 - - [03/Jan/2015:18:08:59 -0500] "GET /galeria/nivo-slider/themes/pascal/pascal.css HTTP/1.1" 200 2258
190.84.205.152 - - [03/Jan/2015:18:08:59 -0500] "GET /galeria/nivo-slider/demo/scripts/jquery-1.7.1.min.js HTTP/1.1" 200 93868
190.84.205.152 - - [03/Jan/2015:18:08:59 -0500] "GET /galeria/nivo-slider/themes/orman/orman.css HTTP/1.1" 200 2152
190.84.205.152 - - [03/Jan/2015:18:08:59 -0500] "GET /galeria/nivo-slider/nivo-slider.css HTTP/1.1" 200 1507
190.84.205.152 - - [03/Jan/2015:18:08:59 -0500] "GET /galeria/nivo-slider/demo/style.css HTTP/1.1" 200 2222
190.84.205.152 - - [03/Jan/2015:18:09:00 -0500] "GET /galeria/nivo-slider/jquery.nivo.slider.pack.js HTTP/1.1" 200 11561
190.84.205.152 - - [03/Jan/2015:18:09:00 -0500] "GET /galeria/nivo-slider/demo/images/4Simple_Slider.png HTTP/1.1" 200 11722
190.84.205.152 - - [03/Jan/2015:18:09:00 -0500] "GET /galeria/nivo-slider/themes/default/loading.gif HTTP/1.1" 200 1737
190.84.205.152 - - [03/Jan/2015:18:09:00 -0500] "GET /galeria/nivo-slider/demo/images/bolsas-08.jpg HTTP/1.1" 200 85589
190.84.205.152 - - [03/Jan/2015:18:09:00 -0500] "GET /galeria/nivo-slider/demo/images/Ruta-vertimientos-01.jpg HTTP/1.1" 200 130151
190.84.205.152 - - [03/Jan/2015:18:09:00 -0500] "GET /galeria/nivo-slider/demo/images/bolsas-06.jpg HTTP/1.1" 200 90982
190.84.205.152 - - [03/Jan/2015:18:09:00 -0500] "GET /galeria/nivo-slider/demo/images/ecolecta-Dic2014.png HTTP/1.1" 200 288593
190.84.205.152 - - [03/Jan/2015:18:09:00 -0500] "GET /galeria/nivo-slider/demo/images/porloshumedales.jpg HTTP/1.1" 200 351238
190.84.205.152 - - [03/Jan/2015:18:09:00 -0500] "GET /galeria/nivo-slider/demo/images/Tingua-azul.jpg HTTP/1.1" 200 307638
190.84.205.152 - - [03/Jan/2015:18:09:01 -0500] "GET /galeria/nivo-slider/demo/images/Banner-Caracol-Africano.jpg HTTP/1.1" 200 331986
190.84.205.152 - - [03/Jan/2015:18:09:02 -0500] "GET /videos/Spot_CambioClimatico.flv HTTP/1.1" 200 4371917
66.249.64.167 - - [03/Jan/2015:18:09:03 -0500] "GET /BLA/resoluciones/AUTOS%202009/0777.pdf HTTP/1.1" 304 -
190.84.205.152 - - [03/Jan/2015:18:09:04 -0500] "GET /galeria/nivo-slider/demo/images/banner-redes.jpg HTTP/1.1" 200 62209
190.84.205.152 - - [03/Jan/2015:18:09:04 -0500] "GET /galeria/nivo-slider/demo/images/9Signos.jpg HTTP/1.1" 200 93040
190.84.205.152 - - [03/Jan/2015:18:09:04 -0500] "GET /galeria/nivo-slider/demo/images/banner-llantas2.jpg HTTP/1.1" 200 73153
190.84.205.152 - - [03/Jan/2015:18:09:04 -0500] "GET /galeria/nivo-slider/demo/images/banner-caballos.png HTTP/1.1" 200 389106
190.84.205.152 - - [03/Jan/2015:18:09:06 -0500] "GET /galeria/nivo-slider/themes/default/bullets.png HTTP/1.1" 200 1281
190.84.205.152 - - [03/Jan/2015:18:09:07 -0500] "GET /galeria/nivo-slider/themes/default/arrows.png HTTP/1.1" 200 824
98.239.65.159 - - [03/Jan/2015:18:09:11 -0500] "PUT /webdav/TheBest.php HTTP/1.1" 405 938
179.32.152.231 - - [03/Jan/2015:18:09:19 -0500] "GET /galeria/nivo-slider/demo/demo.html HTTP/1.1" 304 -
179.32.152.231 - - [03/Jan/2015:18:09:20 -0500] "GET /galeria/nivo-slider/demo/images/bolsas-08.jpg HTTP/1.1" 304 -
179.32.152.231 - - [03/Jan/2015:18:09:20 -0500] "GET /galeria/nivo-slider/demo/images/bolsas-06.jpg HTTP/1.1" 304 -
179.32.152.231 - - [03/Jan/2015:18:09:20 -0500] "GET /galeria/nivo-slider/demo/images/Ruta-vertimientos-01.jpg HTTP/1.1" 304 -
66.249.64.171 - - [03/Jan/2015:18:09:32 -0500] "GET /BLA/resoluciones/RESOLUCIONES%202008/0406.pdf HTTP/1.1" 200 270583
186.84.44.72 - - [03/Jan/2015:18:09:50 -0500] "POST /forms/lservlet;jsessionid=ac16012b30d5e75f4c5de1ab422eaa5ecd279de9a1c7.e3iSbxaKaheRe34Sa3yKbhiTahb0n6jAmljGr5XDqQLvpAe HTTP/1.1" 200 2
181.152.202.178 - - [03/Jan/2015:18:09:59 -0500] "GET /isolucionsda/g/Bot_ManualOver_ESP.jpg HTTP/1.1" 200 4732
181.152.202.178 - - [03/Jan/2015:18:10:00 -0500] "GET /isolucionsda/g/Bot_ProcesosOver_ESP.jpg HTTP/1.1" 200 4659
181.152.202.178 - - [03/Jan/2015:18:10:00 -0500] "GET /isolucionsda/g/Bot_ManualOver_ESP.jpg HTTP/1.1" 200 4732
201.210.58.126 - - [03/Jan/2015:18:10:00 -0500] "GET /BLA/boletinlegal/js/jquery.scrollTo-min.js HTTP/1.1" 200 1150
201.210.58.126 - - [03/Jan/2015:18:10:00 -0500] "GET /BLA/boletinlegal/js/jquery.js HTTP/1.1" 200 57254
201.210.58.126 - - [03/Jan/2015:18:10:00 -0500] "GET /BLA/boletinlegal/js/jquery.scrollShow.js HTTP/1.1" 200 4586
66.249.64.163 - - [03/Jan/2015:18:10:01 -0500] "GET /BLA/resoluciones/RESOLUCIONES%202008/3978.pdf HTTP/1.1" 304 -
181.152.202.178 - - [03/Jan/2015:18:10:03 -0500] "GET /isolucionsda/NotaMejora.asp?CodSucursal=&ID_NotaMejora=369&Accion=ModificarForma HTTP/1.1" 200 48444
98.239.65.159 - - [03/Jan/2015:18:10:06 -0500] "PUT /webdav/TheBest.php HTTP/1.1" 405 938
186.84.44.72 - - [03/Jan/2015:18:10:29 -0500] "POST /forms/lservlet;jsessionid=ac16012b30d5d11c6496e2c840dd94a48a0507ce41e7.e3iSbxaKaheRe34Sa3yKbhiTahb0n6jAmljGr5XDqQLvpAe HTTP/1.1" 200 2
66.249.64.163 - - [03/Jan/2015:18:10:30 -0500] "GET /BLA/resoluciones/RESOLUCIONES%202007/RES%202007%203701%20AL%203800/RESOLUCION%203756%20DE%202007.pdf HTTP/1.1" 200 80361
202.46.58.163 - - [03/Jan/2015:18:10:45 -0500] "GET /BLA/resoluciones/RESOLUCIONES%202008/0478.pdf HTTP/1.1" 200 288466
190.68.181.124 - - [03/Jan/2015:18:10:52 -0500] "GET /forest/session.jsp?a=0.532951728727601 HTTP/1.1" 200 4
180.76.6.138 - - [03/Jan/2015:18:10:55 -0500] "GET /BLA/boletinlegal;jsessionid=BEDF7D1406C27396A84348BA23BE7CC2?/? HTTP/1.1" 404 1018
66.249.64.163 - - [03/Jan/2015:18:10:59 -0500] "GET /BLA/resoluciones/RESOLUCIONES%202010/4311.pdf HTTP/1.1" 200 50462
66.249.64.167 - - [03/Jan/2015:18:11:28 -0500] "GET /BLA/resoluciones/RESOLUCIONES%202010/2109.pdf HTTP/1.1" 200 573391
74.86.158.107 - - [03/Jan/2015:18:11:40 -0500] "HEAD / HTTP/1.1" 302 -
186.84.44.72 - - [03/Jan/2015:18:11:50 -0500] "POST /forms/lservlet;jsessionid=ac16012b30d5e75f4c5de1ab422eaa5ecd279de9a1c7.e3iSbxaKaheRe34Sa3yKbhiTahb0n6jAmljGr5XDqQLvpAe HTTP/1.1" 200 2
66.249.64.171 - - [03/Jan/2015:18:11:57 -0500] "GET /BLA/resoluciones/RESOLUCIONES%202010/0306.pdf HTTP/1.1" 304 -
180.76.6.152 - - [03/Jan/2015:18:11:59 -0500] "GET /BLA/resoluciones/RESOLUCIONES%202008/0851.pdf HTTP/1.1" 200 174669
179.32.152.231 - - [03/Jan/2015:18:12:26 -0500] "GET /BLA/boletinlegal/actos.php HTTP/1.1" 200 7534
66.249.64.167 - - [03/Jan/2015:18:12:26 -0500] "GET /BLA/resoluciones/RESOLUCIONES%202010/3619.pdf HTTP/1.1" 200 1318043
186.84.44.72 - - [03/Jan/2015:18:12:29 -0500] "POST /forms/lservlet;jsessionid=ac16012b30d5d11c6496e2c840dd94a48a0507ce41e7.e3iSbxaKaheRe34Sa3yKbhiTahb0n6jAmljGr5XDqQLvpAe HTTP/1.1" 200 2
181.152.202.178 - - [03/Jan/2015:18:12:33 -0500] "GET /isolucionsda/g/Bot_AmbientalOver_ESP.jpg HTTP/1.1" 200 5391
179.32.152.231 - - [03/Jan/2015:18:12:37 -0500] "GET /BLA/boletinlegal/consulta_actos.php?tipo=resoluciones&no=7419&usuario=&sector=&fecha=2013&resuelve= HTTP/1.1" 200 623
181.152.202.178 - - [03/Jan/2015:18:12:38 -0500] "GET /isolucionsda/g/Bot_ManualOver_ESP.jpg HTTP/1.1" 200 4732
179.32.152.231 - - [03/Jan/2015:18:12:39 -0500] "GET /BLA/boletinlegal/consulta_actos.php?tipo=resoluciones&no=7419&usuario=&sector=&fecha=2013&resuelve= HTTP/1.1" 200 623
179.32.152.231 - - [03/Jan/2015:18:12:24 -0500] "GET /BLA/boletinlegal/ HTTP/1.1" 200 28058
181.152.202.178 - - [03/Jan/2015:18:12:41 -0500] "GET /isolucionsda/NotaMejora.asp?CodSucursal=&ID_NotaMejora=354&Accion=ModificarForma HTTP/1.1" 200 50122
179.32.152.231 - - [03/Jan/2015:18:12:44 -0500] "GET /BLA/boletinlegal/consulta_actos.php?tipo=resoluciones&no=7419&usuario=&sector=&fecha=2013&resuelve= HTTP/1.1" 200 623
179.32.152.231 - - [03/Jan/2015:18:12:46 -0500] "GET /BLA/resoluciones/ HTTP/1.1" 200 6952
181.152.202.178 - - [03/Jan/2015:18:12:47 -0500] "GET /isolucionsda/g/Bot_ProveedoresOver_ESP.jpg HTTP/1.1" 200 5395
181.152.202.178 - - [03/Jan/2015:18:12:47 -0500] "GET /isolucionsda/g/Bot_TareasOver_ESP.jpg HTTP/1.1" 200 4379
181.152.202.178 - - [03/Jan/2015:18:12:47 -0500] "GET /isolucionsda/g/Bot_IndicadoresOver_ESP.jpg HTTP/1.1" 200 5413
181.152.202.178 - - [03/Jan/2015:18:12:47 -0500] "GET /isolucionsda/g/Bot_AyudaOver.jpg HTTP/1.1" 200 1659
181.152.202.178 - - [03/Jan/2015:18:12:49 -0500] "GET /isolucionsda/g/Bot_ManualOver_ESP.jpg HTTP/1.1" 200 4732
190.68.181.124 - - [03/Jan/2015:18:06:50 -0500] "GET /ForestMSG_SDA/channelAsync/template_word_17226367?X-Atmosphere-tracking-id=e7c81892-1351-d87a-b267-f0bcc72d01ae&X-Atmosphere-Framework=1.0.5&X-Atmosphere-Transport=long-polling&tabid=0.5292671194420838&X-Cache-Date=0&Content-Type=application/xml&_=1420326579810 HTTP/1.1" 200 8193
66.249.64.163 - - [03/Jan/2015:18:12:55 -0500] "GET /BLA/resoluciones/RESOLUCIONES%202008/3840.pdf HTTP/1.1" 200 524118
181.152.202.178 - - [03/Jan/2015:18:12:51 -0500] "GET /isolucionsda/NotaMejora.asp?CodSucursal=&ID_NotaMejora=341&Accion=ModificarForma HTTP/1.1" 200 58282
179.32.152.231 - - [03/Jan/2015:18:12:49 -0500] "GET /BLA/resoluciones/index.php?dir=RESOLUCIONES+2010%2F HTTP/1.1" 200 1288157
187.198.191.77 - - [03/Jan/2015:18:13:14 -0500] "GET /BLA/boletinlegal/js/jquery.js HTTP/1.1" 200 57254
187.198.191.77 - - [03/Jan/2015:18:13:15 -0500] "GET /BLA/boletinlegal/js/jquery.scrollTo-min.js HTTP/1.1" 200 1150
187.198.191.77 - - [03/Jan/2015:18:13:15 -0500] "GET /BLA/boletinlegal/js/jquery.scrollShow.js HTTP/1.1" 200 4586
66.249.64.47 - - [03/Jan/2015:18:13:24 -0500] "GET /BLA/boletinlegal/carousel.swf HTTP/1.1" 200 63487
66.249.64.167 - - [03/Jan/2015:18:13:37 -0500] "GET /BLA/resoluciones/RESOLUCIONES%202008/5159.pdf HTTP/1.1" 200 209330
190.68.181.124 - - [03/Jan/2015:18:13:40 -0500] "GET /forest/session.jsp?a=0.5919399367351175 HTTP/1.1" 200 4
186.84.44.72 - - [03/Jan/2015:18:13:50 -0500] "POST /forms/lservlet;jsessionid=ac16012b30d5e75f4c5de1ab422eaa5ecd279de9a1c7.e3iSbxaKaheRe34Sa3yKbhiTahb0n6jAmljGr5XDqQLvpAe HTTP/1.1" 200 2
66.249.64.171 - - [03/Jan/2015:18:13:53 -0500] "GET /BLA/resoluciones/RESOLUCIONES%202010/2864.pdf HTTP/1.1" 200 110400
98.239.65.159 - - [03/Jan/2015:18:14:11 -0500] "PUT /webdav/TheBest.php HTTP/1.1" 405 938
66.249.64.167 - - [03/Jan/2015:18:14:23 -0500] "GET /BLA/resoluciones/RESOLUCIONES%202010/0302.pdf HTTP/1.1" 304 -
190.25.162.228 - - [03/Jan/2015:18:14:24 -0500] "GET /galeria/carrusel/Carrusel/jquery.thumbnailScroller.css HTTP/1.1" 200 2066
190.25.162.228 - - [03/Jan/2015:18:14:24 -0500] "GET /BLA/boletinlegal/js/jquery.js HTTP/1.1" 200 57254
190.25.162.228 - - [03/Jan/2015:18:14:24 -0500] "GET /BLA/boletinlegal/js/jquery.scrollTo-min.js HTTP/1.1" 200 1150
190.25.162.228 - - [03/Jan/2015:18:14:24 -0500] "GET /galeria/carrusel/Carrusel/jquery-ui-1.8.13.custom.min.js HTTP/1.1" 200 10800
190.25.162.228 - - [03/Jan/2015:18:14:24 -0500] "GET /galeria/carrusel/Carrusel/jquery.thumbnailScroller.js HTTP/1.1" 200 8157
190.25.162.228 - - [03/Jan/2015:18:14:24 -0500] "GET /BLA/boletinlegal/js/jquery.scrollShow.js HTTP/1.1" 200 4586
190.25.162.228 - - [03/Jan/2015:18:14:25 -0500] "GET /galeria/nivo-slider/demo/demo.html HTTP/1.1" 200 3150
190.25.162.228 - - [03/Jan/2015:18:14:26 -0500] "GET /galeria/nivo-slider/themes/default/default.css HTTP/1.1" 200 1569
190.25.162.228 - - [03/Jan/2015:18:14:26 -0500] "GET /galeria/nivo-slider/themes/pascal/pascal.css HTTP/1.1" 200 2258
190.25.162.228 - - [03/Jan/2015:18:14:26 -0500] "GET /galeria/nivo-slider/themes/orman/orman.css HTTP/1.1" 200 2152
190.25.162.228 - - [03/Jan/2015:18:14:26 -0500] "GET /galeria/nivo-slider/nivo-slider.css HTTP/1.1" 200 1507
190.25.162.228 - - [03/Jan/2015:18:14:26 -0500] "GET /galeria/nivo-slider/demo/style.css HTTP/1.1" 200 2222
190.25.162.228 - - [03/Jan/2015:18:14:26 -0500] "GET /galeria/nivo-slider/demo/images/bolsas-08.jpg HTTP/1.1" 200 85589
190.25.162.228 - - [03/Jan/2015:18:14:26 -0500] "GET /galeria/nivo-slider/demo/scripts/jquery-1.7.1.min.js HTTP/1.1" 200 93868
190.25.162.228 - - [03/Jan/2015:18:14:26 -0500] "GET /galeria/nivo-slider/jquery.nivo.slider.pack.js HTTP/1.1" 200 11561
190.25.162.228 - - [03/Jan/2015:18:14:26 -0500] "GET /galeria/nivo-slider/demo/images/Ruta-vertimientos-01.jpg HTTP/1.1" 200 130151
190.25.162.228 - - [03/Jan/2015:18:14:26 -0500] "GET /galeria/nivo-slider/demo/images/bolsas-06.jpg HTTP/1.1" 200 90982
190.25.162.228 - - [03/Jan/2015:18:14:26 -0500] "GET /galeria/nivo-slider/demo/images/ecolecta-Dic2014.png HTTP/1.1" 200 288593
190.25.162.228 - - [03/Jan/2015:18:14:26 -0500] "GET /galeria/nivo-slider/demo/images/porloshumedales.jpg HTTP/1.1" 200 351238
190.25.162.228 - - [03/Jan/2015:18:14:27 -0500] "GET /galeria/nivo-slider/demo/images/4Simple_Slider.png HTTP/1.1" 200 11722
190.25.162.228 - - [03/Jan/2015:18:14:27 -0500] "GET /galeria/nivo-slider/themes/default/loading.gif HTTP/1.1" 200 1737
190.25.162.228 - - [03/Jan/2015:18:14:29 -0500] "GET /galeria/nivo-slider/demo/images/Tingua-azul.jpg HTTP/1.1" 200 307638
190.25.162.228 - - [03/Jan/2015:18:14:29 -0500] "GET /galeria/nivo-slider/demo/images/Banner-Caracol-Africano.jpg HTTP/1.1" 200 331986
190.25.162.228 - - [03/Jan/2015:18:14:29 -0500] "GET /galeria/nivo-slider/demo/images/banner-redes.jpg HTTP/1.1" 200 62209
190.25.162.228 - - [03/Jan/2015:18:14:29 -0500] "GET /galeria/nivo-slider/demo/images/9Signos.jpg HTTP/1.1" 200 93040
186.84.44.72 - - [03/Jan/2015:18:14:29 -0500] "POST /forms/lservlet;jsessionid=ac16012b30d5d11c6496e2c840dd94a48a0507ce41e7.e3iSbxaKaheRe34Sa3yKbhiTahb0n6jAmljGr5XDqQLvpAe HTTP/1.1" 200 2
190.25.162.228 - - [03/Jan/2015:18:14:30 -0500] "GET /galeria/nivo-slider/demo/images/banner-llantas2.jpg HTTP/1.1" 200 73153
190.25.162.228 - - [03/Jan/2015:18:14:30 -0500] "GET /galeria/nivo-slider/demo/images/banner-caballos.png HTTP/1.1" 200 389106
190.25.162.228 - - [03/Jan/2015:18:14:32 -0500] "GET /videos/Spot_CambioClimatico.flv HTTP/1.1" 200 4371917
190.25.162.228 - - [03/Jan/2015:18:14:32 -0500] "GET /galeria/nivo-slider/themes/default/arrows.png HTTP/1.1" 200 824
190.25.162.228 - - [03/Jan/2015:18:14:32 -0500] "GET /galeria/nivo-slider/themes/default/bullets.png HTTP/1.1" 200 1281
66.249.64.167 - - [03/Jan/2015:18:14:52 -0500] "GET /BLA/resoluciones/RESOLUCIONES%202009/9422.pdf HTTP/1.1" 200 637385
98.239.65.159 - - [03/Jan/2015:18:15:06 -0500] "PUT /webdav/TheBest.php HTTP/1.1" 405 938
66.249.64.39 - - [03/Jan/2015:18:15:21 -0500] "GET /PruebasSTORM/StormSDA_pruebas/userFiles/user_files/formulas/2/41.xml HTTP/1.1" 304 -
181.152.202.178 - - [03/Jan/2015:18:15:42 -0500] "GET /isolucionsda/g/Bot_CalibracionOver_ESP.jpg HTTP/1.1" 200 5739
181.152.202.178 - - [03/Jan/2015:18:15:42 -0500] "GET /isolucionsda/g/Bot_ProveedoresOver_ESP.jpg HTTP/1.1" 200 5395
181.152.202.178 - - [03/Jan/2015:18:15:43 -0500] "GET /isolucionsda/g/Bot_SiguienteOver.jpg HTTP/1.1" 200 1668
181.152.202.178 - - [03/Jan/2015:18:15:44 -0500] "GET /isolucionsda/g/Bot_ManualOver_ESP.jpg HTTP/1.1" 200 4732
181.152.202.178 - - [03/Jan/2015:18:15:46 -0500] "GET /isolucionsda/NotaMejora.asp?CodSucursal=&ID_NotaMejora=340&Accion=ModificarForma HTTP/1.1" 200 58590
186.84.44.72 - - [03/Jan/2015:18:15:50 -0500] "POST /forms/lservlet;jsessionid=ac16012b30d5e75f4c5de1ab422eaa5ecd279de9a1c7.e3iSbxaKaheRe34Sa3yKbhiTahb0n6jAmljGr5XDqQLvpAe HTTP/1.1" 200 2
66.249.64.39 - - [03/Jan/2015:18:15:50 -0500] "GET /Anexos%20estudio%20Organizacional%20SDA/ANEXO%20No.%203-%20CONTRATACI%C3%93N%20%20OPS%C2%B4s%202008-2012/CONTRATOS%20SDA%202009%20POR%20DEPENDENCIA%20(1).xls HTTP/1.1" 304 -
190.68.181.124 - - [03/Jan/2015:18:15:52 -0500] "GET /forest/session.jsp?a=0.1373121084686716 HTTP/1.1" 200 4
181.152.202.178 - - [03/Jan/2015:18:15:56 -0500] "GET /isolucionsda/g/Bot_MeciOver_ESP.jpg HTTP/1.1" 200 4440
181.152.202.178 - - [03/Jan/2015:18:15:56 -0500] "GET /isolucionsda/g/Bot_RiesgosOver_ESP.jpg HTTP/1.1" 200 4907
181.152.202.178 - - [03/Jan/2015:18:15:56 -0500] "GET /isolucionsda/g/Bot_CalibracionOver_ESP.jpg HTTP/1.1" 200 5739
181.152.202.178 - - [03/Jan/2015:18:15:56 -0500] "GET /isolucionsda/g/Bot_TareasOver_ESP.jpg HTTP/1.1" 200 4379
181.152.202.178 - - [03/Jan/2015:18:15:56 -0500] "GET /isolucionsda/g/Bot_ProveedoresOver_ESP.jpg HTTP/1.1" 200 5395
181.152.202.178 - - [03/Jan/2015:18:15:57 -0500] "GET /isolucionsda/g/Bot_ManualOver_ESP.jpg HTTP/1.1" 200 4732
181.152.202.178 - - [03/Jan/2015:18:15:59 -0500] "GET /isolucionsda/NotaMejora.asp?CodSucursal=&ID_NotaMejora=339&Accion=ModificarForma HTTP/1.1" 200 62861
190.68.181.124 - - [03/Jan/2015:18:15:42 -0500] "POST /forest/usutareas.do? HTTP/1.1" 200 201
66.249.64.167 - - [03/Jan/2015:18:16:19 -0500] "GET /BLA/resoluciones/RESOLUCIONES%202010/4550.pdf HTTP/1.1" 200 343897
186.84.44.72 - - [03/Jan/2015:18:16:29 -0500] "POST /forms/lservlet;jsessionid=ac16012b30d5d11c6496e2c840dd94a48a0507ce41e7.e3iSbxaKaheRe34Sa3yKbhiTahb0n6jAmljGr5XDqQLvpAe HTTP/1.1" 200 2
74.86.158.107 - - [03/Jan/2015:18:16:40 -0500] "HEAD / HTTP/1.1" 302 -
66.249.64.167 - - [03/Jan/2015:18:16:48 -0500] "GET /BLA/resoluciones/RESOLUCIONES%202008/3766.pdf HTTP/1.1" 304 -
190.67.142.27 - - [03/Jan/2015:18:16:57 -0500] "GET /galeria/nivo-slider/demo/images/bolsas-08.jpg HTTP/1.1" 200 85589
190.67.142.27 - - [03/Jan/2015:18:16:57 -0500] "GET /galeria/nivo-slider/demo/images/Ruta-vertimientos-01.jpg HTTP/1.1" 200 130151
190.67.142.27 - - [03/Jan/2015:18:16:57 -0500] "GET /galeria/nivo-slider/demo/scripts/jquery-1.7.1.min.js HTTP/1.1" 200 93868
190.67.142.27 - - [03/Jan/2015:18:16:57 -0500] "GET /galeria/nivo-slider/demo/images/bolsas-06.jpg HTTP/1.1" 200 90982
190.67.142.27 - - [03/Jan/2015:18:16:58 -0500] "GET /galeria/nivo-slider/demo/images/ecolecta-Dic2014.png HTTP/1.1" 200 288593
190.67.142.27 - - [03/Jan/2015:18:17:02 -0500] "GET /galeria/nivo-slider/demo/images/porloshumedales.jpg HTTP/1.1" 200 351238
190.67.142.27 - - [03/Jan/2015:18:17:02 -0500] "GET /galeria/nivo-slider/demo/images/Tingua-azul.jpg HTTP/1.1" 200 307638
190.67.142.27 - - [03/Jan/2015:18:17:04 -0500] "GET /galeria/nivo-slider/demo/images/Banner-Caracol-Africano.jpg HTTP/1.1" 200 331986
190.67.142.27 - - [03/Jan/2015:18:17:04 -0500] "GET /galeria/nivo-slider/demo/images/banner-redes.jpg HTTP/1.1" 200 62209
190.67.142.27 - - [03/Jan/2015:18:17:05 -0500] "GET /galeria/nivo-slider/demo/images/4Simple_Slider.png HTTP/1.1" 200 11722
190.67.142.27 - - [03/Jan/2015:18:17:06 -0500] "GET /galeria/nivo-slider/themes/default/loading.gif HTTP/1.1" 200 1737
190.67.142.27 - - [03/Jan/2015:18:17:07 -0500] "GET /galeria/nivo-slider/demo/images/9Signos.jpg HTTP/1.1" 200 93040
190.67.142.27 - - [03/Jan/2015:18:17:07 -0500] "GET /galeria/nivo-slider/demo/images/banner-llantas2.jpg HTTP/1.1" 200 73153
190.67.142.27 - - [03/Jan/2015:18:17:10 -0500] "GET /galeria/nivo-slider/demo/images/banner-caballos.png HTTP/1.1" 200 389106
66.249.64.167 - - [03/Jan/2015:18:17:17 -0500] "GET /BLA/resoluciones/RESOLUCIONES%202010/3805.pdf HTTP/1.1" 200 673633
190.67.142.27 - - [03/Jan/2015:18:17:27 -0500] "GET /galeria/nivo-slider/themes/default/arrows.png HTTP/1.1" 200 824
190.67.142.27 - - [03/Jan/2015:18:17:27 -0500] "GET /galeria/nivo-slider/themes/default/bullets.png HTTP/1.1" 200 1281
66.249.64.163 - - [03/Jan/2015:18:17:46 -0500] "GET /BLA/resoluciones/RESOLUCIONES%202008/3916.pdf HTTP/1.1" 200 210617
186.84.44.72 - - [03/Jan/2015:18:17:50 -0500] "POST /forms/lservlet;jsessionid=ac16012b30d5e75f4c5de1ab422eaa5ecd279de9a1c7.e3iSbxaKaheRe34Sa3yKbhiTahb0n6jAmljGr5XDqQLvpAe HTTP/1.1" 200 2
66.249.64.171 - - [03/Jan/2015:18:17:56 -0500] "GET /BLA/resoluciones/AUTOS%202006/AUTOS%202006%20501-600/00000537.tif HTTP/1.1" 200 32890
66.249.64.163 - - [03/Jan/2015:18:18:15 -0500] "GET /BLA/resoluciones/RESOLUCIONES%202011/5263.pdf HTTP/1.1" 200 474510
186.84.44.72 - - [03/Jan/2015:18:18:29 -0500] "POST /forms/lservlet;jsessionid=ac16012b30d5d11c6496e2c840dd94a48a0507ce41e7.e3iSbxaKaheRe34Sa3yKbhiTahb0n6jAmljGr5XDqQLvpAe HTTP/1.1" 200 2
66.249.64.163 - - [03/Jan/2015:18:18:36 -0500] "GET /BLA/resoluciones/RESOLUCIONES%202004/RES%202004%201501-1550/00001514.tif HTTP/1.1" 200 130852
181.152.202.178 - - [03/Jan/2015:18:18:40 -0500] "GET /isolucionsda/g/Bot_ProcesosOver_ESP.jpg HTTP/1.1" 200 4659
190.68.181.124 - - [03/Jan/2015:18:18:40 -0500] "GET /forest/session.jsp?a=0.7864367403016269 HTTP/1.1" 200 4
181.152.202.178 - - [03/Jan/2015:18:18:40 -0500] "GET /isolucionsda/g/Bot_ManualOver_ESP.jpg HTTP/1.1" 200 4732
181.152.202.178 - - [03/Jan/2015:18:18:40 -0500] "GET /isolucionsda/g/Bot_SiguienteOver.jpg HTTP/1.1" 200 1668
66.249.64.167 - - [03/Jan/2015:18:18:44 -0500] "GET /BLA/resoluciones/RESOLUCIONES%202010/3742.pdf HTTP/1.1" 200 389701
181.152.202.178 - - [03/Jan/2015:18:18:44 -0500] "GET /isolucionsda/g/Bot_ManualOver_ESP.jpg HTTP/1.1" 200 4732
181.152.202.178 - - [03/Jan/2015:18:18:43 -0500] "GET /isolucionsda/NotaMejora.asp?CodSucursal=&ID_NotaMejora=338&Accion=ModificarForma HTTP/1.1" 200 57315
66.249.64.167 - - [03/Jan/2015:18:18:53 -0500] "GET /galeria/nivo-slider/demo/demo.html HTTP/1.1" 200 3150
190.68.181.124 - - [03/Jan/2015:18:12:53 -0500] "GET /ForestMSG_SDA/channelAsync/template_word_17226367?X-Atmosphere-tracking-id=e7c81892-1351-d87a-b267-f0bcc72d01ae&X-Atmosphere-Framework=1.0.5&X-Atmosphere-Transport=long-polling&tabid=0.5292671194420838&X-Cache-Date=0&Content-Type=application/xml&_=1420326939959 HTTP/1.1" 200 8193
66.249.64.167 - - [03/Jan/2015:18:18:54 -0500] "GET /galeria/nivo-slider/themes/default/default.css HTTP/1.1" 200 1569
66.249.64.167 - - [03/Jan/2015:18:18:54 -0500] "GET /galeria/nivo-slider/themes/pascal/pascal.css HTTP/1.1" 200 2258
66.249.64.171 - - [03/Jan/2015:18:18:55 -0500] "GET /galeria/nivo-slider/jquery.nivo.slider.pack.js HTTP/1.1" 200 11561
66.249.64.163 - - [03/Jan/2015:18:18:56 -0500] "GET /galeria/nivo-slider/demo/style.css HTTP/1.1" 200 2222
66.249.64.163 - - [03/Jan/2015:18:18:57 -0500] "GET /galeria/nivo-slider/nivo-slider.css HTTP/1.1" 200 1507
65.6.106.235 - - [03/Jan/2015:18:18:58 -0500] "GET /webdav/x32.php?host=73.5.68.19&time=60&port=3074 HTTP/1.1" 404 1018
66.249.64.163 - - [03/Jan/2015:18:18:58 -0500] "GET /galeria/nivo-slider/demo/scripts/jquery-1.7.1.min.js HTTP/1.1" 200 93868
66.249.64.171 - - [03/Jan/2015:18:18:59 -0500] "GET /galeria/nivo-slider/themes/orman/orman.css HTTP/1.1" 200 2152
66.249.64.171 - - [03/Jan/2015:18:19:13 -0500] "GET /BLA/resoluciones/AUTOS%202007/3448.pdf HTTP/1.1" 304 -
66.249.64.47 - - [03/Jan/2015:18:19:14 -0500] "GET /phpold/autoliquidacion/18023.txt HTTP/1.1" 404 1019
66.249.64.167 - - [03/Jan/2015:18:19:42 -0500] "GET /BLA/resoluciones/AUTOS%202009/3126.pdf HTTP/1.1" 200 380826
