202.46.53.95 - - [03/Jan/2015:19:40:00 -0500] "GET /re/Entrada/_notes/ HTTP/1.1" 404 1019
190.25.79.114 - - [03/Jan/2015:19:40:03 -0500] "GET /BLA/boletinlegal/js/jquery.js HTTP/1.1" 200 57254
190.25.79.114 - - [03/Jan/2015:19:40:03 -0500] "GET /BLA/boletinlegal/js/jquery.scrollShow.js HTTP/1.1" 200 4586
190.25.79.114 - - [03/Jan/2015:19:40:03 -0500] "GET /BLA/boletinlegal/js/jquery.scrollTo-min.js HTTP/1.1" 200 1150
190.68.181.124 - - [03/Jan/2015:19:40:25 -0500] "GET /forest/session.jsp?a=0.25453706941330934 HTTP/1.1" 200 4
186.84.44.72 - - [03/Jan/2015:19:40:32 -0500] "POST /forms/lservlet;jsessionid=ac16012b30d5d11c6496e2c840dd94a48a0507ce41e7.e3iSbxaKaheRe34Sa3yKbhiTahb0n6jAmljGr5XDqQLvpAe HTTP/1.1" 200 2
74.86.158.107 - - [03/Jan/2015:19:41:40 -0500] "HEAD / HTTP/1.1" 302 -
186.84.44.72 - - [03/Jan/2015:19:41:54 -0500] "POST /forms/lservlet;jsessionid=ac16012b30d5e75f4c5de1ab422eaa5ecd279de9a1c7.e3iSbxaKaheRe34Sa3yKbhiTahb0n6jAmljGr5XDqQLvpAe HTTP/1.1" 200 2
190.25.79.114 - - [03/Jan/2015:19:42:09 -0500] "GET /galeria/mapa/humedal.html? HTTP/1.1" 200 10966
190.25.79.114 - - [03/Jan/2015:19:42:10 -0500] "GET /galeria/mapa/3MapaBogot%C3%A1.jpg HTTP/1.1" 200 688183
190.25.79.114 - - [03/Jan/2015:19:42:10 -0500] "GET /galeria/mapa/TORCA12.jpg HTTP/1.1" 200 24337
190.25.79.114 - - [03/Jan/2015:19:42:10 -0500] "GET /galeria/mapa/CONEJERA12.jpg HTTP/1.1" 200 21841
190.25.79.114 - - [03/Jan/2015:19:42:10 -0500] "GET /galeria/mapa/Guaymaral12.jpg HTTP/1.1" 200 53686
190.25.79.114 - - [03/Jan/2015:19:42:10 -0500] "GET /galeria/mapa/CORDOBA12.jpg HTTP/1.1" 200 23380
190.25.79.114 - - [03/Jan/2015:19:42:10 -0500] "GET /galeria/mapa/JUANAMARILLO12.jpg HTTP/1.1" 200 21131
190.25.79.114 - - [03/Jan/2015:19:42:10 -0500] "GET /galeria/mapa/SANTAMARIA22.jpg HTTP/1.1" 200 22321
190.25.79.114 - - [03/Jan/2015:19:42:10 -0500] "GET /galeria/mapa/JABOQUE12.jpg HTTP/1.1" 200 21815
190.25.79.114 - - [03/Jan/2015:19:42:10 -0500] "GET /galeria/mapa/capellania12.jpg HTTP/1.1" 200 22811
190.25.79.114 - - [03/Jan/2015:19:42:10 -0500] "GET /galeria/mapa/MEANDRO12.jpg HTTP/1.1" 200 22732
190.25.79.114 - - [03/Jan/2015:19:42:10 -0500] "GET /galeria/mapa/TECHO12.jpg HTTP/1.1" 200 27716
190.25.79.114 - - [03/Jan/2015:19:42:10 -0500] "GET /galeria/mapa/BURRO12.jpg HTTP/1.1" 200 24169
190.25.79.114 - - [03/Jan/2015:19:42:10 -0500] "GET /galeria/mapa/VACA12.jpg HTTP/1.1" 200 22491
190.25.79.114 - - [03/Jan/2015:19:42:10 -0500] "GET /galeria/mapa/TIBANICA12.jpg HTTP/1.1" 200 23039
190.25.79.114 - - [03/Jan/2015:19:42:10 -0500] "GET /galeria/mapa/Aula-Soratama.jpg HTTP/1.1" 200 51270
190.25.79.114 - - [03/Jan/2015:19:42:10 -0500] "GET /galeria/mapa/Aula-Nevados.jpg HTTP/1.1" 200 64761
190.25.79.114 - - [03/Jan/2015:19:42:10 -0500] "GET /galeria/mapa/Montana-Entrenubes.jpg HTTP/1.1" 200 42011
190.25.79.114 - - [03/Jan/2015:19:42:10 -0500] "GET /galeria/mapa/aulaSantaM.jpg HTTP/1.1" 200 69216
186.84.44.72 - - [03/Jan/2015:19:42:32 -0500] "POST /forms/lservlet;jsessionid=ac16012b30d5d11c6496e2c840dd94a48a0507ce41e7.e3iSbxaKaheRe34Sa3yKbhiTahb0n6jAmljGr5XDqQLvpAe HTTP/1.1" 200 2
180.76.4.83 - - [03/Jan/2015:19:42:36 -0500] "GET / HTTP/1.1" 302 -
201.183.3.114 - - [03/Jan/2015:19:42:52 -0500] "GET /BLA/boletinlegal/js/jquery.js HTTP/1.1" 200 57254
201.183.3.114 - - [03/Jan/2015:19:42:52 -0500] "GET /BLA/boletinlegal/js/jquery.scrollTo-min.js HTTP/1.1" 200 1150
201.183.3.114 - - [03/Jan/2015:19:42:52 -0500] "GET /BLA/boletinlegal/js/jquery.scrollShow.js HTTP/1.1" 200 4586
201.183.3.114 - - [03/Jan/2015:19:42:54 -0500] "GET /hidrico/aguas%20subterraneas/ HTTP/1.1" 404 1296
190.68.181.124 - - [03/Jan/2015:19:36:54 -0500] "GET /ForestMSG_SDA/channelAsync/template_word_17226367?X-Atmosphere-tracking-id=e7c81892-1351-d87a-b267-f0bcc72d01ae&X-Atmosphere-Framework=1.0.5&X-Atmosphere-Transport=long-polling&tabid=0.5292671194420838&X-Cache-Date=0&Content-Type=application/xml&_=1420331983982 HTTP/1.1" 200 8193
199.30.16.175 - - [03/Jan/2015:19:43:13 -0500] "GET /videos/Spot_CambioClimatico.flv HTTP/1.1" 200 4371917
190.72.165.134 - - [03/Jan/2015:19:43:23 -0500] "GET /BLA/boletinlegal/js/jquery.js HTTP/1.1" 200 57254
190.72.165.134 - - [03/Jan/2015:19:43:23 -0500] "GET /BLA/boletinlegal/js/jquery.scrollTo-min.js HTTP/1.1" 200 1150
190.72.165.134 - - [03/Jan/2015:19:43:23 -0500] "GET /BLA/boletinlegal/js/jquery.scrollShow.js HTTP/1.1" 200 4586
186.145.46.203 - - [03/Jan/2015:19:43:44 -0500] "GET /BLA/resoluciones/AUTOS%202008/0307.pdf HTTP/1.1" 200 111536
186.145.46.203 - - [03/Jan/2015:19:43:44 -0500] "GET /favicon.ico HTTP/1.1" 200 7782
186.84.44.72 - - [03/Jan/2015:19:43:54 -0500] "POST /forms/lservlet;jsessionid=ac16012b30d5e75f4c5de1ab422eaa5ecd279de9a1c7.e3iSbxaKaheRe34Sa3yKbhiTahb0n6jAmljGr5XDqQLvpAe HTTP/1.1" 200 2
66.249.64.167 - - [03/Jan/2015:19:43:56 -0500] "GET /BLA/resoluciones/RESOLUCIONES%202007/RES%202007%201901%20AL%202000/RESOLUCION%201955%20DE%202007.pdf HTTP/1.1" 200 492385
190.68.181.124 - - [03/Jan/2015:19:44:21 -0500] "GET /forest/skins/gdocs-jar/popup/popup.jsp?width=1100&height=500&title=Buscar%20documentos&uri=/forest/buscar.do%3Ftype%3Ddocumentos&name=undefined&_a=0.8270419217698213&a=0.8741050327414273 HTTP/1.1" 200 1300
190.68.181.124 - - [03/Jan/2015:19:44:22 -0500] "GET /forest/skins/gdocs-jar/css/tree.css?version=1412.231748 HTTP/1.1" 304 -
190.68.181.124 - - [03/Jan/2015:19:44:22 -0500] "GET /forest/1ibre/jscalendar/calendar-win2k-1.css HTTP/1.1" 304 -
190.68.181.124 - - [03/Jan/2015:19:44:22 -0500] "GET /forest/css/autocomplete.css?version=1412.231748 HTTP/1.1" 304 -
190.68.181.124 - - [03/Jan/2015:19:44:22 -0500] "GET /forest/css/escritorio.css?version=1412.231748 HTTP/1.1" 304 -
190.68.181.124 - - [03/Jan/2015:19:44:22 -0500] "GET /forest/js/load_func.js?version=1412.231748 HTTP/1.1" 304 -
190.68.181.124 - - [03/Jan/2015:19:44:22 -0500] "GET /forest/js/dialog.js?version=1412.231748 HTTP/1.1" 304 -
190.68.181.124 - - [03/Jan/2015:19:44:22 -0500] "GET /forest/js/escritorio/escritorio.js?version=1412.231748 HTTP/1.1" 304 -
190.68.181.124 - - [03/Jan/2015:19:44:22 -0500] "GET /forest/js/internJS.js?version=1412.231748 HTTP/1.1" 304 -
190.68.181.124 - - [03/Jan/2015:19:44:22 -0500] "GET /forest/js/autocompletar2.js?version=1412.231748 HTTP/1.1" 304 -
190.68.181.124 - - [03/Jan/2015:19:44:22 -0500] "GET /forest/js/sarissa.js?version=1412.231748 HTTP/1.1" 304 -
190.68.181.124 - - [03/Jan/2015:19:44:22 -0500] "GET /forest/1ibre/jscalendar/lang/calendar-es.js?version=1412.231748 HTTP/1.1" 304 -
190.68.181.124 - - [03/Jan/2015:19:44:22 -0500] "GET /forest/1ibre/protoaculous.js?version=1412.231748 HTTP/1.1" 304 -
190.68.181.124 - - [03/Jan/2015:19:44:22 -0500] "GET /forest/1ibre/jscalendar/calendar.js?version=1412.231748 HTTP/1.1" 304 -
190.68.181.124 - - [03/Jan/2015:19:44:22 -0500] "GET /forest/1ibre/jscalendar/calendar-setup.js?version=1412.231748 HTTP/1.1" 304 -
190.68.181.124 - - [03/Jan/2015:19:44:22 -0500] "GET /forest/1ibre/1ibre.js?version=1412.231748 HTTP/1.1" 304 -
190.68.181.124 - - [03/Jan/2015:19:44:22 -0500] "GET /forest/skins/gdocs-jar/img/top-search-icon.gif HTTP/1.1" 304 -
190.68.181.124 - - [03/Jan/2015:19:44:22 -0500] "GET /forest/js/xml_utilities.js?version=1412.231748 HTTP/1.1" 304 -
190.68.181.124 - - [03/Jan/2015:19:44:22 -0500] "GET /forest/skins/gdocs-jar/img/select.gif HTTP/1.1" 304 -
190.68.181.124 - - [03/Jan/2015:19:44:22 -0500] "GET /forest/buscar.do?type=documentos HTTP/1.1" 200 84837
190.68.181.124 - - [03/Jan/2015:19:44:23 -0500] "GET /forest/skins/gdocs-jar/img/user_search.gif HTTP/1.1" 304 -
190.68.181.124 - - [03/Jan/2015:19:44:23 -0500] "GET /forest/json.do?query=versionListadas HTTP/1.1" 200 15
190.68.181.124 - - [03/Jan/2015:19:44:23 -0500] "GET /forest/json.do?query=procesIniciales HTTP/1.1" 200 10001
190.68.181.124 - - [03/Jan/2015:19:44:24 -0500] "GET /forest/json.do?query=usersByDep&coddep=7027 HTTP/1.1" 200 378
190.68.181.124 - - [03/Jan/2015:19:44:24 -0500] "GET /forest/1ibre/images/plus.gif HTTP/1.1" 304 -
190.68.181.124 - - [03/Jan/2015:19:44:24 -0500] "GET /forest/1ibre/images/minus.gif HTTP/1.1" 304 -
190.68.181.124 - - [03/Jan/2015:19:44:24 -0500] "GET /forest/skins/gdocs-jar/img/dependencia-tree.gif HTTP/1.1" 304 -
190.68.181.124 - - [03/Jan/2015:19:44:24 -0500] "GET /forest/json.do?query=usersByDep&coddep=7027 HTTP/1.1" 200 378
190.68.181.124 - - [03/Jan/2015:19:44:30 -0500] "GET /forest/xmlresponse.do?lista=searchTerceroByName&xmlret=1&todos=false&_a=0.04292901717218356&partNomTer=900 HTTP/1.1" 200 2296
190.68.181.124 - - [03/Jan/2015:19:44:32 -0500] "GET /forest/xmlresponse.do?lista=searchTerceroByName&xmlret=1&todos=false&_a=0.04292901717218356&partNomTer=ECOFUEL232 HTTP/1.1" 200 78
186.84.44.72 - - [03/Jan/2015:19:44:32 -0500] "POST /forms/lservlet;jsessionid=ac16012b30d5d11c6496e2c840dd94a48a0507ce41e7.e3iSbxaKaheRe34Sa3yKbhiTahb0n6jAmljGr5XDqQLvpAe HTTP/1.1" 200 2
190.68.181.124 - - [03/Jan/2015:19:44:36 -0500] "GET /forest/xmlresponse.do?lista=searchTerceroByName&xmlret=1&todos=false&_a=0.04292901717218356&partNomTer=ELECTROFISIATRIA%20LTDA HTTP/1.1" 200 182
190.68.181.124 - - [03/Jan/2015:19:44:41 -0500] "GET /forest/xmlresponse.do?lista=searchTerceroByName&xmlret=1&todos=false&_a=0.04292901717218356&partNomTer=900 HTTP/1.1" 200 2296
190.68.181.124 - - [03/Jan/2015:19:44:42 -0500] "GET /forest/xmlresponse.do?lista=searchTerceroByName&xmlret=1&todos=false&_a=0.04292901717218356&partNomTer=900232 HTTP/1.1" 200 2261
190.68.181.124 - - [03/Jan/2015:19:44:47 -0500] "GET /forest/xmlresponse.do?lista=searchTerceroByName&xmlret=1&todos=false&_a=0.04292901717218356&partNomTer=90023263 HTTP/1.1" 200 214
190.68.181.124 - - [03/Jan/2015:19:44:48 -0500] "GET /forest/xmlresponse.do?lista=searchTerceroByName&xmlret=1&todos=false&_a=0.04292901717218356&partNomTer=900232630 HTTP/1.1" 200 214
190.68.181.124 - - [03/Jan/2015:19:44:52 -0500] "GET /forest/1ibre/jscalendar/updown.gif HTTP/1.1" 304 -
190.68.181.124 - - [03/Jan/2015:19:44:52 -0500] "GET /forest/1ibre/jscalendar/menuarrow.gif HTTP/1.1" 304 -
66.249.64.167 - - [03/Jan/2015:19:44:52 -0500] "GET /BLA/resoluciones/RESOLUCIONES%202004/RES%202004%201851-1900/00001897.tif HTTP/1.1" 200 199182
190.68.181.124 - - [03/Jan/2015:19:45:26 -0500] "GET /forest/session.jsp?a=0.29058610022262166 HTTP/1.1" 200 4
186.84.44.72 - - [03/Jan/2015:19:45:54 -0500] "POST /forms/lservlet;jsessionid=ac16012b30d5e75f4c5de1ab422eaa5ecd279de9a1c7.e3iSbxaKaheRe34Sa3yKbhiTahb0n6jAmljGr5XDqQLvpAe HTTP/1.1" 200 2
190.68.181.124 - - [03/Jan/2015:19:46:21 -0500] "GET /forest/css/escritorio.css HTTP/1.1" 304 -
190.68.181.124 - - [03/Jan/2015:19:46:21 -0500] "GET /forest/img/nav_first.gif HTTP/1.1" 304 -
190.68.181.124 - - [03/Jan/2015:19:46:21 -0500] "GET /forest/img/nav_last.gif HTTP/1.1" 304 -
190.68.181.124 - - [03/Jan/2015:19:46:21 -0500] "GET /forest/img/nav_next.gif HTTP/1.1" 304 -
190.68.181.124 - - [03/Jan/2015:19:46:21 -0500] "GET /forest/img/nav_prev.gif HTTP/1.1" 304 -
190.68.181.124 - - [03/Jan/2015:19:46:21 -0500] "GET /forest/skins/gdocs-jar/img/eye.gif HTTP/1.1" 304 -
190.68.181.124 - - [03/Jan/2015:19:46:21 -0500] "GET /forest/skins/gdocs-jar/img/more_details.gif HTTP/1.1" 304 -
190.68.181.124 - - [03/Jan/2015:19:44:59 -0500] "POST /forest/buscar.do? HTTP/1.1" 200 17117
186.84.44.72 - - [03/Jan/2015:19:46:32 -0500] "POST /forms/lservlet;jsessionid=ac16012b30d5d11c6496e2c840dd94a48a0507ce41e7.e3iSbxaKaheRe34Sa3yKbhiTahb0n6jAmljGr5XDqQLvpAe HTTP/1.1" 200 2
74.86.158.107 - - [03/Jan/2015:19:46:40 -0500] "HEAD / HTTP/1.1" 302 -
186.85.65.231 - - [03/Jan/2015:19:46:41 -0500] "GET /BLA/boletinlegal/images/background.gif HTTP/1.1" 200 -
180.76.6.17 - - [03/Jan/2015:19:46:55 -0500] "GET /BLA/resoluciones/RESOLUCIONES%202010/0189.pdf HTTP/1.1" 200 515050
186.85.65.231 - - [03/Jan/2015:19:46:29 -0500] "GET /BLA/boletinlegal/index.php? HTTP/1.1" 200 49381
186.85.65.231 - - [03/Jan/2015:19:47:08 -0500] "GET /BLA/boletinlegal/Directivas/2012/Directiva%20No.%201%20del%2030%20de%20octubre%20de%202012.pdf HTTP/1.1" 200 1522771
186.85.65.231 - - [03/Jan/2015:19:47:09 -0500] "GET /BLA/boletinlegal/Directivas/2012/Directiva%20No.%201%20del%2030%20de%20octubre%20de%202012.pdf HTTP/1.1" 206 32768
186.85.65.231 - - [03/Jan/2015:19:47:09 -0500] "GET /BLA/boletinlegal/Directivas/2012/Directiva%20No.%201%20del%2030%20de%20octubre%20de%202012.pdf HTTP/1.1" 206 1490003
186.85.65.231 - - [03/Jan/2015:19:47:47 -0500] "GET /BLA/boletinlegal/actos.php HTTP/1.1" 200 7534
186.85.65.231 - - [03/Jan/2015:19:47:13 -0500] "GET /BLA/boletinlegal/index.php? HTTP/1.1" 200 49381
186.84.44.72 - - [03/Jan/2015:19:47:54 -0500] "POST /forms/lservlet;jsessionid=ac16012b30d5e75f4c5de1ab422eaa5ecd279de9a1c7.e3iSbxaKaheRe34Sa3yKbhiTahb0n6jAmljGr5XDqQLvpAe HTTP/1.1" 200 2
186.85.65.231 - - [03/Jan/2015:19:47:58 -0500] "GET /BLA/boletinlegal/consulta_actos.php?tipo=resoluciones&no=&usuario=&sector=&fecha=2014&resuelve= HTTP/1.1" 200 255155
186.84.44.72 - - [03/Jan/2015:19:48:33 -0500] "POST /forms/lservlet;jsessionid=ac16012b30d5d11c6496e2c840dd94a48a0507ce41e7.e3iSbxaKaheRe34Sa3yKbhiTahb0n6jAmljGr5XDqQLvpAe HTTP/1.1" 200 2
190.68.181.124 - - [03/Jan/2015:19:42:54 -0500] "GET /ForestMSG_SDA/channelAsync/template_word_17226367?X-Atmosphere-tracking-id=e7c81892-1351-d87a-b267-f0bcc72d01ae&X-Atmosphere-Framework=1.0.5&X-Atmosphere-Transport=long-polling&tabid=0.5292671194420838&X-Cache-Date=0&Content-Type=application/xml&_=1420332344003 HTTP/1.1" 200 8193
98.239.65.159 - - [03/Jan/2015:19:48:55 -0500] "PUT /webdav/TheBest.php HTTP/1.1" 405 938
98.239.65.159 - - [03/Jan/2015:19:49:52 -0500] "PUT /webdav/TheBest.php HTTP/1.1" 405 938
186.84.44.72 - - [03/Jan/2015:19:49:54 -0500] "POST /forms/lservlet;jsessionid=ac16012b30d5e75f4c5de1ab422eaa5ecd279de9a1c7.e3iSbxaKaheRe34Sa3yKbhiTahb0n6jAmljGr5XDqQLvpAe HTTP/1.1" 200 2
190.68.181.124 - - [03/Jan/2015:19:50:26 -0500] "GET /forest/session.jsp?a=0.41035085810695493 HTTP/1.1" 200 4
186.84.44.72 - - [03/Jan/2015:19:50:33 -0500] "POST /forms/lservlet;jsessionid=ac16012b30d5d11c6496e2c840dd94a48a0507ce41e7.e3iSbxaKaheRe34Sa3yKbhiTahb0n6jAmljGr5XDqQLvpAe HTTP/1.1" 200 2
186.154.158.188 - - [03/Jan/2015:19:50:40 -0500] "GET /BLA/boletinlegal/js/jquery.js HTTP/1.1" 200 57254
186.154.158.188 - - [03/Jan/2015:19:50:40 -0500] "GET /BLA/boletinlegal/js/jquery.scrollTo-min.js HTTP/1.1" 200 1150
186.154.158.188 - - [03/Jan/2015:19:50:40 -0500] "GET /BLA/boletinlegal/js/jquery.scrollShow.js HTTP/1.1" 200 4586
66.249.64.171 - - [03/Jan/2015:19:51:03 -0500] "GET /Autoliquidacion/Grupo%20Forestal%20-%20Industria%20de%20la%20Madera/Instructuvo%20para%20Diligenciamiento%20Formulario%20Salvoconduc.pdf HTTP/1.1" 200 108501
74.86.158.107 - - [03/Jan/2015:19:51:40 -0500] "HEAD / HTTP/1.1" 302 -
186.84.44.72 - - [03/Jan/2015:19:51:54 -0500] "POST /forms/lservlet;jsessionid=ac16012b30d5e75f4c5de1ab422eaa5ecd279de9a1c7.e3iSbxaKaheRe34Sa3yKbhiTahb0n6jAmljGr5XDqQLvpAe HTTP/1.1" 200 2
66.249.64.171 - - [03/Jan/2015:19:51:58 -0500] "GET /galeria/nivo-slider/demo/images/bolsas-06.jpg HTTP/1.1" 304 -
66.249.64.171 - - [03/Jan/2015:19:52:23 -0500] "GET /BLA/resoluciones/AUTOS%202006/AUTOS%202006%20701-800/00000761.tif HTTP/1.1" 200 128852
186.84.44.72 - - [03/Jan/2015:19:52:33 -0500] "POST /forms/lservlet;jsessionid=ac16012b30d5d11c6496e2c840dd94a48a0507ce41e7.e3iSbxaKaheRe34Sa3yKbhiTahb0n6jAmljGr5XDqQLvpAe HTTP/1.1" 200 2
186.84.44.72 - - [03/Jan/2015:19:52:41 -0500] "POST /forms/lservlet;jsessionid=ac16012b30d5e75f4c5de1ab422eaa5ecd279de9a1c7.e3iSbxaKaheRe34Sa3yKbhiTahb0n6jAmljGr5XDqQLvpAe HTTP/1.1" 200 90
186.84.44.72 - - [03/Jan/2015:19:52:42 -0500] "POST /forms/lservlet;jsessionid=ac16012b30d5e75f4c5de1ab422eaa5ecd279de9a1c7.e3iSbxaKaheRe34Sa3yKbhiTahb0n6jAmljGr5XDqQLvpAe HTTP/1.1" 200 2
186.84.44.72 - - [03/Jan/2015:19:52:44 -0500] "POST /forms/lservlet;jsessionid=ac16012b30d5e75f4c5de1ab422eaa5ecd279de9a1c7.e3iSbxaKaheRe34Sa3yKbhiTahb0n6jAmljGr5XDqQLvpAe HTTP/1.1" 200 2030
186.84.44.72 - - [03/Jan/2015:19:52:44 -0500] "POST /forms/lservlet;jsessionid=ac16012b30d5e75f4c5de1ab422eaa5ecd279de9a1c7.e3iSbxaKaheRe34Sa3yKbhiTahb0n6jAmljGr5XDqQLvpAe HTTP/1.1" 200 78
186.84.44.72 - - [03/Jan/2015:19:52:50 -0500] "POST /forms/lservlet;jsessionid=ac16012b30d5e75f4c5de1ab422eaa5ecd279de9a1c7.e3iSbxaKaheRe34Sa3yKbhiTahb0n6jAmljGr5XDqQLvpAe HTTP/1.1" 200 86
186.84.44.72 - - [03/Jan/2015:19:52:50 -0500] "POST /forms/lservlet;jsessionid=ac16012b30d5e75f4c5de1ab422eaa5ecd279de9a1c7.e3iSbxaKaheRe34Sa3yKbhiTahb0n6jAmljGr5XDqQLvpAe HTTP/1.1" 200 -
186.85.65.231 - - [03/Jan/2015:19:53:09 -0500] "GET /BLA/boletinlegal/doctrina.php HTTP/1.1" 200 4953
186.85.65.231 - - [03/Jan/2015:19:53:09 -0500] "GET /BLA/boletinlegal/js/ajax_doctrina.js HTTP/1.1" 200 772
186.85.65.231 - - [03/Jan/2015:19:53:09 -0500] "GET /BLA/boletinlegal/images/sub_ul_li.gif HTTP/1.1" 200 343
186.85.65.231 - - [03/Jan/2015:19:53:15 -0500] "GET /BLA/boletinlegal/consulta_doctrina.php?grupo=2 HTTP/1.1" 200 5554
186.85.65.231 - - [03/Jan/2015:19:53:15 -0500] "GET /BLA/boletinlegal/images/blurry.jpg HTTP/1.1" 200 27450
186.85.65.231 - - [03/Jan/2015:19:53:15 -0500] "GET /BLA/boletinlegal/images/back.png HTTP/1.1" 200 43992
190.68.181.124 - - [03/Jan/2015:19:53:19 -0500] "GET /forest/skins/gdocs-jar/popup/popup.jsp?width=850&height=380&title=Informaci%F3n%20del%20radicado&uri=/forest/system/document.jsp%3FcodDoc%3D1885170&name=undefined&_a=0.6984712095795044&a=0.7581925403311092 HTTP/1.1" 200 1315
190.68.181.124 - - [03/Jan/2015:19:53:20 -0500] "GET /forest/css/dialog.css HTTP/1.1" 304 -
190.68.181.124 - - [03/Jan/2015:19:53:20 -0500] "GET /forest/1ibre/protoaculous.js HTTP/1.1" 304 -
190.68.181.124 - - [03/Jan/2015:19:53:20 -0500] "GET /forest/1ibre/1ibre.js HTTP/1.1" 304 -
190.68.181.124 - - [03/Jan/2015:19:53:20 -0500] "GET /forest/system/document.jsp?codDoc=1885170 HTTP/1.1" 200 17182
190.68.181.124 - - [03/Jan/2015:19:53:20 -0500] "GET /forest/css/index.css HTTP/1.1" 304 -
190.68.181.124 - - [03/Jan/2015:19:53:20 -0500] "GET /forest/skins/gdocs-jar/img/icons/docx.gif HTTP/1.1" 304 -
190.68.181.124 - - [03/Jan/2015:19:53:23 -0500] "GET /forest/documentos/1885170/2014EE114794.docx HTTP/1.1" 200 126799
186.85.65.231 - - [03/Jan/2015:19:53:35 -0500] "GET /BLA/boletinlegal/jurisprudencia.php HTTP/1.1" 200 10741
186.85.65.231 - - [03/Jan/2015:19:53:35 -0500] "GET /BLA/boletinlegal/images/jurisprudencia.png HTTP/1.1" 200 66721
186.85.65.231 - - [03/Jan/2015:19:53:35 -0500] "GET /BLA/boletinlegal/images/hover.png HTTP/1.1" 200 59469
98.239.65.159 - - [03/Jan/2015:19:53:56 -0500] "PUT /webdav/TheBest.php HTTP/1.1" 405 938
186.84.44.72 - - [03/Jan/2015:19:54:33 -0500] "POST /forms/lservlet;jsessionid=ac16012b30d5d11c6496e2c840dd94a48a0507ce41e7.e3iSbxaKaheRe34Sa3yKbhiTahb0n6jAmljGr5XDqQLvpAe HTTP/1.1" 200 2
98.239.65.159 - - [03/Jan/2015:19:54:53 -0500] "PUT /webdav/TheBest.php HTTP/1.1" 405 938
190.68.181.124 - - [03/Jan/2015:19:48:54 -0500] "GET /ForestMSG_SDA/channelAsync/template_word_17226367?X-Atmosphere-tracking-id=e7c81892-1351-d87a-b267-f0bcc72d01ae&X-Atmosphere-Framework=1.0.5&X-Atmosphere-Transport=long-polling&tabid=0.5292671194420838&X-Cache-Date=0&Content-Type=application/xml&_=1420332704068 HTTP/1.1" 200 8193
190.68.181.124 - - [03/Jan/2015:19:53:59 -0500] "POST /forest/buscar.do? HTTP/1.1" 200 17414
190.68.181.124 - - [03/Jan/2015:19:55:26 -0500] "GET /forest/session.jsp?a=0.14789925327270936 HTTP/1.1" 200 4
190.68.181.124 - - [03/Jan/2015:19:55:34 -0500] "GET /forest/skins/gdocs-jar/popup/popup.jsp?width=900&height=600&title=Informaci%F3n%20de%20proceso&uri=/forest/system/process.jsp%3FnumPro%3D2870112&name=undefined&_a=0.03151777884666662&a=0.3252978519738192 HTTP/1.1" 200 1312
190.68.181.124 - - [03/Jan/2015:19:55:34 -0500] "GET /forest/system/process.jsp?numPro=2870112 HTTP/1.1" 200 19666
190.68.181.124 - - [03/Jan/2015:19:55:34 -0500] "GET /forest/skins/gdocs-jar/img/expandido.gif HTTP/1.1" 304 -
190.68.181.124 - - [03/Jan/2015:19:55:34 -0500] "GET /forest/skins/gdocs-jar/img/activity2.gif HTTP/1.1" 304 -
190.68.181.124 - - [03/Jan/2015:19:55:34 -0500] "GET /forest/skins/gdocs-jar/img/mueveactividad.gif HTTP/1.1" 304 -
190.68.181.124 - - [03/Jan/2015:19:55:34 -0500] "GET /forest/skins/gdocs-jar/img/itemlist.gif HTTP/1.1" 304 -
190.68.181.124 - - [03/Jan/2015:19:55:37 -0500] "GET /forest/documentos/1885170/2014EE114794.docx HTTP/1.1" 200 126799
66.249.64.167 - - [03/Jan/2015:19:56:19 -0500] "GET /BLA/resoluciones/RESOLUCIONES%202009/5583.pdf HTTP/1.1" 200 522717
66.249.64.163 - - [03/Jan/2015:19:56:25 -0500] "GET /BLA/resoluciones/RESOLUCIONES%202012/0634.pdf HTTP/1.1" 304 -
66.249.64.167 - - [03/Jan/2015:19:56:31 -0500] "GET /BLA/resoluciones/AUTOS%202007/3715.pdf HTTP/1.1" 304 -
186.84.44.72 - - [03/Jan/2015:19:56:33 -0500] "POST /forms/lservlet;jsessionid=ac16012b30d5d11c6496e2c840dd94a48a0507ce41e7.e3iSbxaKaheRe34Sa3yKbhiTahb0n6jAmljGr5XDqQLvpAe HTTP/1.1" 200 2
74.86.158.107 - - [03/Jan/2015:19:56:40 -0500] "HEAD / HTTP/1.1" 302 -
190.68.181.124 - - [03/Jan/2015:19:56:19 -0500] "POST /forest/buscar.do? HTTP/1.1" 200 8496
181.152.202.178 - - [03/Jan/2015:19:58:00 -0500] "GET /isolucionsda/g/Bot_ProveedoresOver_ESP.jpg HTTP/1.1" 200 5395
181.152.202.178 - - [03/Jan/2015:19:58:00 -0500] "GET /isolucionsda/g/Bot_TareasOver_ESP.jpg HTTP/1.1" 200 4379
181.152.202.178 - - [03/Jan/2015:19:58:01 -0500] "GET /isolucionsda/FrameSetGeneral.asp?Pagina=Menu.asp&IdModulo=7 HTTP/1.1" 200 6455
181.152.202.178 - - [03/Jan/2015:19:58:03 -0500] "GET /isolucionsda/BarraTitulos.asp?Pagina=Menu.asp&IdModulo=7 HTTP/1.1" 200 6865
181.152.202.178 - - [03/Jan/2015:19:58:03 -0500] "GET /isolucionsda/BarraFavoritos.asp HTTP/1.1" 200 911
181.152.202.178 - - [03/Jan/2015:19:58:02 -0500] "GET /isolucionsda/Encabezado.asp?Pagina=Menu.asp&IdModulo=7 HTTP/1.1" 200 15183
181.152.202.178 - - [03/Jan/2015:19:58:03 -0500] "GET /isolucionsda/Menu.asp?Pagina=Menu.asp&IdModulo=7 HTTP/1.1" 200 30437
181.152.202.178 - - [03/Jan/2015:19:58:07 -0500] "GET /isolucionsda/Session.asp?Continue=1 HTTP/1.1" 200 6196
181.152.202.178 - - [03/Jan/2015:19:58:15 -0500] "GET /isolucionsda/FrameSetGeneral.asp?Pagina=FiltroNotaMejora.asp&EsAbierta=1&ConMenu=NO HTTP/1.1" 200 6539
181.152.202.178 - - [03/Jan/2015:19:58:24 -0500] "GET /isolucionsda/BarraTitulos.asp?Pagina=FiltroNotaMejora.asp&EsAbierta=1&ConMenu=NO HTTP/1.1" 200 6865
181.152.202.178 - - [03/Jan/2015:19:58:24 -0500] "GET /isolucionsda/BarraFavoritos.asp HTTP/1.1" 200 911
181.152.202.178 - - [03/Jan/2015:19:58:25 -0500] "GET /isolucionsda/Encabezado.asp?Pagina=FiltroNotaMejora.asp&EsAbierta=1&ConMenu=NO HTTP/1.1" 200 15158
181.152.202.178 - - [03/Jan/2015:19:58:24 -0500] "GET /isolucionsda/FiltroNotaMejora.asp?Pagina=FiltroNotaMejora.asp&EsAbierta=1&ConMenu=NO HTTP/1.1" 200 45178
181.152.202.178 - - [03/Jan/2015:19:58:30 -0500] "GET /isolucionsda/Session.asp?Continue=1 HTTP/1.1" 200 6196
181.152.202.178 - - [03/Jan/2015:19:58:31 -0500] "GET /isolucionsda/g/Bot_ProveedoresOver_ESP.jpg HTTP/1.1" 200 5395
181.152.202.178 - - [03/Jan/2015:19:58:32 -0500] "GET /isolucionsda/FrameSetGeneral.asp?Pagina=Menu.asp&IdModulo=7 HTTP/1.1" 200 6455
186.84.44.72 - - [03/Jan/2015:19:58:33 -0500] "POST /forms/lservlet;jsessionid=ac16012b30d5d11c6496e2c840dd94a48a0507ce41e7.e3iSbxaKaheRe34Sa3yKbhiTahb0n6jAmljGr5XDqQLvpAe HTTP/1.1" 200 2
181.152.202.178 - - [03/Jan/2015:19:58:34 -0500] "GET /isolucionsda/Encabezado.asp?Pagina=Menu.asp&IdModulo=7 HTTP/1.1" 200 15183
181.152.202.178 - - [03/Jan/2015:19:58:34 -0500] "GET /isolucionsda/BarraTitulos.asp?Pagina=Menu.asp&IdModulo=7 HTTP/1.1" 200 6865
181.152.202.178 - - [03/Jan/2015:19:58:36 -0500] "GET /isolucionsda/BarraFavoritos.asp HTTP/1.1" 200 911
181.152.202.178 - - [03/Jan/2015:19:58:37 -0500] "GET /isolucionsda/Session.asp?Continue=1 HTTP/1.1" 200 6196
181.152.202.178 - - [03/Jan/2015:19:58:36 -0500] "GET /isolucionsda/Menu.asp?Pagina=Menu.asp&IdModulo=7 HTTP/1.1" 200 30437
181.152.202.178 - - [03/Jan/2015:19:58:39 -0500] "GET /isolucionsda/g/Bot_TareasOver_ESP.jpg HTTP/1.1" 200 4379
181.152.202.178 - - [03/Jan/2015:19:58:41 -0500] "GET /isolucionsda/FrameSetGeneral.asp?Pagina=FiltroNotaMejora.asp&EsAbierta=1&ConMenu=NO HTTP/1.1" 200 6539
181.152.202.178 - - [03/Jan/2015:19:58:43 -0500] "GET /isolucionsda/BarraFavoritos.asp HTTP/1.1" 200 911
181.152.202.178 - - [03/Jan/2015:19:58:43 -0500] "GET /isolucionsda/Encabezado.asp?Pagina=FiltroNotaMejora.asp&EsAbierta=1&ConMenu=NO HTTP/1.1" 200 15158
181.152.202.178 - - [03/Jan/2015:19:58:44 -0500] "GET /isolucionsda/BarraTitulos.asp?Pagina=FiltroNotaMejora.asp&EsAbierta=1&ConMenu=NO HTTP/1.1" 200 6865
181.152.202.178 - - [03/Jan/2015:19:58:44 -0500] "GET /isolucionsda/Session.asp?Continue=1 HTTP/1.1" 200 6196
181.152.202.178 - - [03/Jan/2015:19:58:44 -0500] "GET /isolucionsda/FiltroNotaMejora.asp?Pagina=FiltroNotaMejora.asp&EsAbierta=1&ConMenu=NO HTTP/1.1" 200 45178
181.152.202.178 - - [03/Jan/2015:19:58:51 -0500] "GET /isolucionsda/Jerarquia.asp?Tabla=Proceso&Form=Filtro&CampoDisplay=CodProcesoDisplayObjetoProceso&CampoHidden=CodProceso&bSubmit=True&items= HTTP/1.1" 200 10466
181.152.202.178 - - [03/Jan/2015:19:58:56 -0500] "POST /isolucionsda/Jerarquia.asp HTTP/1.1" 200 7990
181.152.202.178 - - [03/Jan/2015:19:58:56 -0500] "POST /isolucionsda/FiltroNotaMejora.asp HTTP/1.1" 200 43676
98.239.65.159 - - [03/Jan/2015:19:58:58 -0500] "PUT /webdav/TheBest.php HTTP/1.1" 405 938
181.152.202.178 - - [03/Jan/2015:19:59:02 -0500] "GET /isolucionsda/NotaMejora.asp?CodSucursal=&ID_NotaMejora=411&Accion=ModificarForma HTTP/1.1" 200 49131
66.249.64.171 - - [03/Jan/2015:19:59:07 -0500] "GET /BLA/resoluciones/RESOLUCIONES%202008/2467.pdf HTTP/1.1" 200 287501
66.249.64.167 - - [03/Jan/2015:19:59:15 -0500] "GET /BLA/resoluciones/RESOLUCIONES%202010/6850.pdf HTTP/1.1" 200 452780
98.239.65.159 - - [03/Jan/2015:19:59:57 -0500] "PUT /webdav/TheBest.php HTTP/1.1" 405 938
190.68.181.124 - - [03/Jan/2015:20:00:26 -0500] "GET /forest/session.jsp?a=0.9967736410720253 HTTP/1.1" 200 4
186.84.44.72 - - [03/Jan/2015:20:00:33 -0500] "POST /forms/lservlet;jsessionid=ac16012b30d5d11c6496e2c840dd94a48a0507ce41e7.e3iSbxaKaheRe34Sa3yKbhiTahb0n6jAmljGr5XDqQLvpAe HTTP/1.1" 200 2
180.76.6.65 - - [03/Jan/2015:20:00:52 -0500] "GET /BLA/resoluciones/RESOLUCIONES%202010/7096.pdf HTTP/1.1" 200 267721
190.68.181.124 - - [03/Jan/2015:19:54:55 -0500] "GET /ForestMSG_SDA/channelAsync/template_word_17226367?X-Atmosphere-tracking-id=e7c81892-1351-d87a-b267-f0bcc72d01ae&X-Atmosphere-Framework=1.0.5&X-Atmosphere-Transport=long-polling&tabid=0.5292671194420838&X-Cache-Date=0&Content-Type=application/xml&_=1420333064114 HTTP/1.1" 200 8193
190.24.121.151 - - [03/Jan/2015:20:01:19 -0500] "GET /BLA/boletinlegal/js/jquery.js HTTP/1.1" 200 57254
190.24.121.151 - - [03/Jan/2015:20:01:19 -0500] "GET /BLA/boletinlegal/js/jquery.scrollTo-min.js HTTP/1.1" 200 1150
190.24.121.151 - - [03/Jan/2015:20:01:19 -0500] "GET /BLA/boletinlegal/js/jquery.scrollShow.js HTTP/1.1" 200 4586
186.84.44.72 - - [03/Jan/2015:20:01:23 -0500] "POST /forms/lservlet;jsessionid=ac16012b30d5d11c6496e2c840dd94a48a0507ce41e7.e3iSbxaKaheRe34Sa3yKbhiTahb0n6jAmljGr5XDqQLvpAe HTTP/1.1" 200 80
186.84.44.72 - - [03/Jan/2015:20:01:24 -0500] "POST /forms/lservlet;jsessionid=ac16012b30d5d11c6496e2c840dd94a48a0507ce41e7.e3iSbxaKaheRe34Sa3yKbhiTahb0n6jAmljGr5XDqQLvpAe HTTP/1.1" 200 2429
74.86.158.107 - - [03/Jan/2015:20:01:44 -0500] "HEAD / HTTP/1.1" 302 -
186.84.44.72 - - [03/Jan/2015:20:01:51 -0500] "POST /forms/lservlet;jsessionid=ac16012b30d5d11c6496e2c840dd94a48a0507ce41e7.e3iSbxaKaheRe34Sa3yKbhiTahb0n6jAmljGr5XDqQLvpAe HTTP/1.1" 200 26
186.84.44.72 - - [03/Jan/2015:20:01:51 -0500] "POST /forms/lservlet;jsessionid=ac16012b30d5d11c6496e2c840dd94a48a0507ce41e7.e3iSbxaKaheRe34Sa3yKbhiTahb0n6jAmljGr5XDqQLvpAe HTTP/1.1" 200 582
186.84.44.72 - - [03/Jan/2015:20:01:51 -0500] "POST /forms/lservlet;jsessionid=ac16012b30d5d11c6496e2c840dd94a48a0507ce41e7.e3iSbxaKaheRe34Sa3yKbhiTahb0n6jAmljGr5XDqQLvpAe HTTP/1.1" 200 11
186.84.44.72 - - [03/Jan/2015:20:01:56 -0500] "POST /forms/lservlet;jsessionid=ac16012b30d5d11c6496e2c840dd94a48a0507ce41e7.e3iSbxaKaheRe34Sa3yKbhiTahb0n6jAmljGr5XDqQLvpAe HTTP/1.1" 200 428
186.84.44.72 - - [03/Jan/2015:20:02:07 -0500] "POST /forms/lservlet;jsessionid=ac16012b30d5d11c6496e2c840dd94a48a0507ce41e7.e3iSbxaKaheRe34Sa3yKbhiTahb0n6jAmljGr5XDqQLvpAe HTTP/1.1" 200 26
186.84.44.72 - - [03/Jan/2015:20:02:07 -0500] "POST /forms/lservlet;jsessionid=ac16012b30d5d11c6496e2c840dd94a48a0507ce41e7.e3iSbxaKaheRe34Sa3yKbhiTahb0n6jAmljGr5XDqQLvpAe HTTP/1.1" 200 5035
186.84.44.72 - - [03/Jan/2015:20:02:07 -0500] "POST /forms/lservlet;jsessionid=ac16012b30d5d11c6496e2c840dd94a48a0507ce41e7.e3iSbxaKaheRe34Sa3yKbhiTahb0n6jAmljGr5XDqQLvpAe HTTP/1.1" 200 2
66.249.64.167 - - [03/Jan/2015:20:02:20 -0500] "GET /BLA/resoluciones/RESOLUCIONES%202007/RES%202007%204201%20AL%204300/RESOLUCION%204259%20DE%202007.pdf HTTP/1.1" 200 342909
186.84.44.72 - - [03/Jan/2015:20:02:33 -0500] "POST /forms/lservlet;jsessionid=ac16012b30d5d11c6496e2c840dd94a48a0507ce41e7.e3iSbxaKaheRe34Sa3yKbhiTahb0n6jAmljGr5XDqQLvpAe HTTP/1.1" 200 2
66.249.64.163 - - [03/Jan/2015:20:02:34 -0500] "GET /BLA/resoluciones/RESOLUCIONES%202012/1530.pdf HTTP/1.1" 200 520122
66.249.64.163 - - [03/Jan/2015:20:02:49 -0500] "GET /BLA/resoluciones/RESOLUCIONES%202008/4044.pdf HTTP/1.1" 200 547247
180.76.5.27 - - [03/Jan/2015:20:03:01 -0500] "GET /BLA/resoluciones/RESOLUCIONES%202011/1016.pdf HTTP/1.1" 200 76379
66.249.64.163 - - [03/Jan/2015:20:03:03 -0500] "GET /BLA/resoluciones/RESOLUCIONES%202010/3150.pdf HTTP/1.1" 200 349738
66.249.64.171 - - [03/Jan/2015:20:03:18 -0500] "GET /BLA/resoluciones/RESOLUCIONES%202010/6159.pdf HTTP/1.1" 200 1316709
66.249.64.163 - - [03/Jan/2015:20:03:32 -0500] "GET /BLA/resoluciones/RESOLUCIONES%202010/2606.pdf HTTP/1.1" 200 889652
66.249.64.163 - - [03/Jan/2015:20:03:47 -0500] "GET /BLA/resoluciones/RESOLUCIONES%202010/1887.pdf HTTP/1.1" 200 635440
98.239.65.159 - - [03/Jan/2015:20:04:00 -0500] "PUT /webdav/TheBest.php HTTP/1.1" 405 938
66.249.64.171 - - [03/Jan/2015:20:04:14 -0500] "GET /BLA/resoluciones/RESOLUCIONES%202008/3316.pdf HTTP/1.1" 200 65513
186.84.44.72 - - [03/Jan/2015:20:04:33 -0500] "POST /forms/lservlet;jsessionid=ac16012b30d5d11c6496e2c840dd94a48a0507ce41e7.e3iSbxaKaheRe34Sa3yKbhiTahb0n6jAmljGr5XDqQLvpAe HTTP/1.1" 200 2
66.249.64.171 - - [03/Jan/2015:20:04:36 -0500] "GET /BLA/resoluciones/RESOLUCIONES%202012/0800.pdf HTTP/1.1" 200 475223
98.239.65.159 - - [03/Jan/2015:20:05:01 -0500] "PUT /webdav/TheBest.php HTTP/1.1" 405 938
66.249.64.167 - - [03/Jan/2015:20:05:05 -0500] "GET /BLA/resoluciones/RESOLUCIONES%202009/9672.pdf HTTP/1.1" 200 498018
181.54.194.131 - - [03/Jan/2015:20:05:08 -0500] "GET /BLA/resoluciones/RESOLUCIONES%202013/0255.pdf HTTP/1.1" 200 2756226
181.54.194.131 - - [03/Jan/2015:20:05:10 -0500] "GET /favicon.ico HTTP/1.1" 200 7782
190.68.181.124 - - [03/Jan/2015:20:05:26 -0500] "GET /forest/session.jsp?a=0.614671897244568 HTTP/1.1" 200 4
66.249.64.171 - - [03/Jan/2015:20:05:34 -0500] "GET /BLA/resoluciones/AUTOS%202007/3678.pdf HTTP/1.1" 304 -
66.249.64.163 - - [03/Jan/2015:20:06:03 -0500] "GET /BLA/resoluciones/RESOLUCIONES%202007/RES%202007%204001%20AL%204100/RESOLUCION%204074%20DE%202007.pdf HTTP/1.1" 200 191174
190.184.204.2 - - [03/Jan/2015:20:06:30 -0500] "GET /BLA/boletinlegal/js/jquery.js HTTP/1.1" 200 57254
190.184.204.2 - - [03/Jan/2015:20:06:30 -0500] "GET /BLA/boletinlegal/js/jquery.scrollTo-min.js HTTP/1.1" 200 1150
190.184.204.2 - - [03/Jan/2015:20:06:30 -0500] "GET /BLA/boletinlegal/js/jquery.scrollShow.js HTTP/1.1" 200 4586
66.249.64.39 - - [03/Jan/2015:20:06:32 -0500] "GET /Anexos%20estudio%20Organizacional%20SDA/ANEXO%20No.%201-%20NORMAS%20LEGALES%20DE%20ESTRUCTURA%20Y%20PLANTA/Decreto%20308%20de%202001%20-%20Modifica%20estructura%20del%20DAMA.jsp.htm HTTP/1.1" 200 53585
186.84.44.72 - - [03/Jan/2015:20:06:33 -0500] "POST /forms/lservlet;jsessionid=ac16012b30d5d11c6496e2c840dd94a48a0507ce41e7.e3iSbxaKaheRe34Sa3yKbhiTahb0n6jAmljGr5XDqQLvpAe HTTP/1.1" 200 2
74.86.158.107 - - [03/Jan/2015:20:06:44 -0500] "HEAD / HTTP/1.1" 302 -
190.68.181.124 - - [03/Jan/2015:20:00:55 -0500] "GET /ForestMSG_SDA/channelAsync/template_word_17226367?X-Atmosphere-tracking-id=e7c81892-1351-d87a-b267-f0bcc72d01ae&X-Atmosphere-Framework=1.0.5&X-Atmosphere-Transport=long-polling&tabid=0.5292671194420838&X-Cache-Date=0&Content-Type=application/xml&_=1420333424144 HTTP/1.1" 200 8193
66.249.64.167 - - [03/Jan/2015:20:07:01 -0500] "GET /BLA/resoluciones/RESOLUCIONES%202009/1551.pdf HTTP/1.1" 200 761213
66.249.64.171 - - [03/Jan/2015:20:07:30 -0500] "GET /BLA/resoluciones/RESOLUCIONES%202009/9255.pdf HTTP/1.1" 304 -
180.76.6.46 - - [03/Jan/2015:20:07:45 -0500] "GET /BLA/resoluciones/AUTOS%202011/0175.pdf HTTP/1.1" 200 326825
190.25.79.114 - - [03/Jan/2015:20:07:45 -0500] "GET /BLA/boletinlegal/js/jquery.scrollTo-min.js HTTP/1.1" 200 1150
190.25.79.114 - - [03/Jan/2015:20:07:45 -0500] "GET /BLA/boletinlegal/js/jquery.js HTTP/1.1" 200 57254
190.25.79.114 - - [03/Jan/2015:20:07:45 -0500] "GET /BLA/boletinlegal/js/jquery.scrollShow.js HTTP/1.1" 200 4586
190.25.79.114 - - [03/Jan/2015:20:07:49 -0500] "GET /BLA/boletinlegal/js/jquery.js HTTP/1.1" 200 57254
190.25.79.114 - - [03/Jan/2015:20:07:49 -0500] "GET /BLA/boletinlegal/js/jquery.scrollTo-min.js HTTP/1.1" 200 1150
190.25.79.114 - - [03/Jan/2015:20:07:49 -0500] "GET /BLA/boletinlegal/js/jquery.scrollShow.js HTTP/1.1" 200 4586
220.181.108.92 - - [03/Jan/2015:20:07:58 -0500] "GET / HTTP/1.1" 302 -
66.249.64.167 - - [03/Jan/2015:20:07:59 -0500] "GET /BLA/resoluciones/RESOLUCIONES%202009/2116.pdf HTTP/1.1" 200 547851
100.43.85.25 - - [03/Jan/2015:20:08:13 -0500] "GET /PruebasSTORM/StormSDA_pruebas/userFiles/user_files/formulas/3/267.xml HTTP/1.1" 200 808
66.249.64.167 - - [03/Jan/2015:20:08:28 -0500] "GET /BLA/resoluciones/RESOLUCIONES%202009/2414.pdf HTTP/1.1" 200 333132
186.84.44.72 - - [03/Jan/2015:20:08:33 -0500] "POST /forms/lservlet;jsessionid=ac16012b30d5d11c6496e2c840dd94a48a0507ce41e7.e3iSbxaKaheRe34Sa3yKbhiTahb0n6jAmljGr5XDqQLvpAe HTTP/1.1" 200 2
66.249.64.167 - - [03/Jan/2015:20:08:57 -0500] "GET /BLA/resoluciones/AUTOS%202009/0308.pdf HTTP/1.1" 200 70447
98.239.65.159 - - [03/Jan/2015:20:09:05 -0500] "PUT /webdav/TheBest.php HTTP/1.1" 405 938
66.249.64.171 - - [03/Jan/2015:20:09:27 -0500] "GET /BLA/resoluciones/RESOLUCIONES%202011/0159.pdf HTTP/1.1" 200 322669
200.119.34.224 - - [03/Jan/2015:20:09:39 -0500] "GET /BLA/resoluciones/RESOLUCIONES%202011/0216.pdf HTTP/1.1" 200 455706
200.119.34.224 - - [03/Jan/2015:20:09:43 -0500] "GET /favicon.ico HTTP/1.1" 200 7782
66.249.64.171 - - [03/Jan/2015:20:09:56 -0500] "GET /BLA/resoluciones/AUTOS%202012/0456.pdf HTTP/1.1" 200 151119
98.239.65.159 - - [03/Jan/2015:20:10:07 -0500] "PUT /webdav/TheBest.php HTTP/1.1" 405 938
66.249.64.171 - - [03/Jan/2015:20:10:25 -0500] "GET /BLA/resoluciones/RESOLUCIONES%202009/2793.pdf HTTP/1.1" 200 409037
190.68.181.124 - - [03/Jan/2015:20:10:26 -0500] "GET /forest/session.jsp?a=0.9683356581069039 HTTP/1.1" 200 4
186.84.44.72 - - [03/Jan/2015:20:10:33 -0500] "POST /forms/lservlet;jsessionid=ac16012b30d5d11c6496e2c840dd94a48a0507ce41e7.e3iSbxaKaheRe34Sa3yKbhiTahb0n6jAmljGr5XDqQLvpAe HTTP/1.1" 200 2
66.249.64.167 - - [03/Jan/2015:20:10:54 -0500] "GET /BLA/resoluciones/AUTOS%202011/0710.pdf HTTP/1.1" 200 172350
66.249.64.47 - - [03/Jan/2015:20:11:23 -0500] "GET /ecodirectorio/files/res/pages/page_0040.swf HTTP/1.1" 200 293753
74.86.158.107 - - [03/Jan/2015:20:11:44 -0500] "HEAD / HTTP/1.1" 302 -
186.84.44.72 - - [03/Jan/2015:20:11:45 -0500] "POST /forms/lservlet;jsessionid=ac16012b30d5d11c6496e2c840dd94a48a0507ce41e7.e3iSbxaKaheRe34Sa3yKbhiTahb0n6jAmljGr5XDqQLvpAe HTTP/1.1" 200 90
186.84.44.72 - - [03/Jan/2015:20:11:46 -0500] "POST /forms/lservlet;jsessionid=ac16012b30d5d11c6496e2c840dd94a48a0507ce41e7.e3iSbxaKaheRe34Sa3yKbhiTahb0n6jAmljGr5XDqQLvpAe HTTP/1.1" 200 2
186.84.44.72 - - [03/Jan/2015:20:11:47 -0500] "POST /forms/lservlet;jsessionid=ac16012b30d5d11c6496e2c840dd94a48a0507ce41e7.e3iSbxaKaheRe34Sa3yKbhiTahb0n6jAmljGr5XDqQLvpAe HTTP/1.1" 200 2018
186.84.44.72 - - [03/Jan/2015:20:11:47 -0500] "POST /forms/lservlet;jsessionid=ac16012b30d5d11c6496e2c840dd94a48a0507ce41e7.e3iSbxaKaheRe34Sa3yKbhiTahb0n6jAmljGr5XDqQLvpAe HTTP/1.1" 200 78
186.84.44.72 - - [03/Jan/2015:20:11:48 -0500] "POST /forms/lservlet;jsessionid=ac16012b30d5d11c6496e2c840dd94a48a0507ce41e7.e3iSbxaKaheRe34Sa3yKbhiTahb0n6jAmljGr5XDqQLvpAe HTTP/1.1" 200 86
186.84.44.72 - - [03/Jan/2015:20:11:48 -0500] "POST /forms/lservlet;jsessionid=ac16012b30d5d11c6496e2c840dd94a48a0507ce41e7.e3iSbxaKaheRe34Sa3yKbhiTahb0n6jAmljGr5XDqQLvpAe HTTP/1.1" 200 -
66.249.64.167 - - [03/Jan/2015:20:11:52 -0500] "GET /BLA/resoluciones/AUTOS%202007/2871.pdf HTTP/1.1" 304 -
202.46.48.81 - - [03/Jan/2015:20:11:53 -0500] "GET /BLA/boletinlegal;jsessionid=055BDEFB7878F041A6B44F02C80C6156?/? HTTP/1.1" 404 1018
157.55.39.38 - - [03/Jan/2015:20:11:56 -0500] "GET /re/Talleres/papel/imagenes%20papel/fotos%20papel/mache%202.jpg HTTP/1.1" 404 1019
66.249.64.171 - - [03/Jan/2015:20:12:21 -0500] "GET /BLA/resoluciones/RESOLUCIONES%202009/9528.pdf HTTP/1.1" 200 1074081
66.249.64.167 - - [03/Jan/2015:20:12:50 -0500] "GET /BLA/resoluciones/RESOLUCIONES%202011/5831.pdf HTTP/1.1" 200 540555
190.68.181.124 - - [03/Jan/2015:20:06:55 -0500] "GET /ForestMSG_SDA/channelAsync/template_word_17226367?X-Atmosphere-tracking-id=e7c81892-1351-d87a-b267-f0bcc72d01ae&X-Atmosphere-Framework=1.0.5&X-Atmosphere-Transport=long-polling&tabid=0.5292671194420838&X-Cache-Date=0&Content-Type=application/xml&_=1420333784189 HTTP/1.1" 200 8193
66.249.64.167 - - [03/Jan/2015:20:13:19 -0500] "GET /BLA/resoluciones/RESOLUCIONES%202009/7213.pdf HTTP/1.1" 200 201805
181.58.239.104 - - [03/Jan/2015:20:13:29 -0500] "GET /BLA/boletinlegal/js/jquery.js HTTP/1.1" 200 57254
181.58.239.104 - - [03/Jan/2015:20:13:29 -0500] "GET /BLA/boletinlegal/js/jquery.scrollTo-min.js HTTP/1.1" 200 1150
181.58.239.104 - - [03/Jan/2015:20:13:29 -0500] "GET /BLA/boletinlegal/js/jquery.scrollShow.js HTTP/1.1" 200 4586
66.249.64.171 - - [03/Jan/2015:20:13:40 -0500] "GET /BLA/resoluciones/RESOLUCIONES%202004/RES%202004%202301-2350/00002317.tif HTTP/1.1" 200 163278
66.249.64.39 - - [03/Jan/2015:20:13:48 -0500] "GET /ecodirectorio/files/res/languages/de/bookmarkbox.xml HTTP/1.1" 304 -
66.249.64.163 - - [03/Jan/2015:20:14:04 -0500] "GET /BLA/resoluciones/RESOLUCIONES%202008/3578.pdf HTTP/1.1" 200 744670
98.239.65.159 - - [03/Jan/2015:20:14:07 -0500] "PUT /webdav/TheBest.php HTTP/1.1" 405 938
66.249.64.171 - - [03/Jan/2015:20:14:07 -0500] "GET /BLA/resoluciones/AUTOS%202006/AUTOS%202006%20501-600/00000531.tif HTTP/1.1" 200 42430
66.249.64.163 - - [03/Jan/2015:20:14:17 -0500] "GET /BLA/resoluciones/RESOLUCIONES%202011/3108.pdf HTTP/1.1" 200 565936
66.249.64.167 - - [03/Jan/2015:20:14:46 -0500] "GET /BLA/resoluciones/RESOLUCIONES%202011/2971.pdf HTTP/1.1" 304 -
98.239.65.159 - - [03/Jan/2015:20:15:11 -0500] "PUT /webdav/TheBest.php HTTP/1.1" 405 938
66.249.64.163 - - [03/Jan/2015:20:15:15 -0500] "GET /BLA/resoluciones/AUTOS%202013/0265.pdf HTTP/1.1" 304 -
123.125.71.29 - - [03/Jan/2015:20:15:29 -0500] "GET / HTTP/1.1" 302 -
180.76.5.78 - - [03/Jan/2015:20:15:40 -0500] "GET /BLA/boletinlegal;jsessionid=92B846C84C15F8840F6B324AE2AA9030?/? HTTP/1.1" 404 1018
66.249.64.167 - - [03/Jan/2015:20:15:44 -0500] "GET /BLA/resoluciones/RESOLUCIONES%202010/6316.pdf HTTP/1.1" 200 2547969
66.249.64.171 - - [03/Jan/2015:20:16:03 -0500] "GET /videos/galeria-cronicas/1V3wnplaylist.htm? HTTP/1.1" 200 4013
66.249.64.163 - - [03/Jan/2015:20:16:13 -0500] "GET /BLA/resoluciones/RESOLUCIONES%202009/8171.pdf HTTP/1.1" 304 -
186.30.187.18 - - [03/Jan/2015:20:16:22 -0500] "GET /BLA/boletinlegal/js/jquery.scrollTo-min.js HTTP/1.1" 200 1150
186.30.187.18 - - [03/Jan/2015:20:16:22 -0500] "GET /BLA/boletinlegal/js/jquery.js HTTP/1.1" 200 57254
186.30.187.18 - - [03/Jan/2015:20:16:22 -0500] "GET /galeria/carrusel/Carrusel/jquery-ui-1.8.13.custom.min.js HTTP/1.1" 200 10800
186.30.187.18 - - [03/Jan/2015:20:16:22 -0500] "GET /BLA/boletinlegal/js/jquery.scrollShow.js HTTP/1.1" 200 4586
186.30.187.18 - - [03/Jan/2015:20:16:22 -0500] "GET /galeria/carrusel/Carrusel/jquery.thumbnailScroller.css HTTP/1.1" 200 2066
186.30.187.18 - - [03/Jan/2015:20:16:22 -0500] "GET /galeria/carrusel/Carrusel/jquery.thumbnailScroller.js HTTP/1.1" 200 8157
186.30.187.18 - - [03/Jan/2015:20:16:23 -0500] "GET /galeria/nivo-slider/demo/demo.html HTTP/1.1" 200 3150
186.30.187.18 - - [03/Jan/2015:20:16:24 -0500] "GET /galeria/nivo-slider/demo/scripts/jquery-1.7.1.min.js HTTP/1.1" 200 93868
186.30.187.18 - - [03/Jan/2015:20:16:24 -0500] "GET /galeria/nivo-slider/themes/pascal/pascal.css HTTP/1.1" 200 2258
186.30.187.18 - - [03/Jan/2015:20:16:24 -0500] "GET /galeria/nivo-slider/nivo-slider.css HTTP/1.1" 200 1507
186.30.187.18 - - [03/Jan/2015:20:16:24 -0500] "GET /galeria/nivo-slider/demo/style.css HTTP/1.1" 200 2222
186.30.187.18 - - [03/Jan/2015:20:16:24 -0500] "GET /galeria/nivo-slider/themes/default/default.css HTTP/1.1" 200 1569
186.30.187.18 - - [03/Jan/2015:20:16:24 -0500] "GET /galeria/nivo-slider/themes/orman/orman.css HTTP/1.1" 200 2152
186.30.187.18 - - [03/Jan/2015:20:16:24 -0500] "GET /galeria/nivo-slider/jquery.nivo.slider.pack.js HTTP/1.1" 200 11561
186.30.187.18 - - [03/Jan/2015:20:16:24 -0500] "GET /galeria/nivo-slider/demo/images/bolsas-06.jpg HTTP/1.1" 200 90982
186.30.187.18 - - [03/Jan/2015:20:16:24 -0500] "GET /galeria/nivo-slider/demo/images/bolsas-08.jpg HTTP/1.1" 200 85589
186.30.187.18 - - [03/Jan/2015:20:16:24 -0500] "GET /galeria/nivo-slider/demo/images/Ruta-vertimientos-01.jpg HTTP/1.1" 200 130151
186.30.187.18 - - [03/Jan/2015:20:16:24 -0500] "GET /galeria/nivo-slider/demo/images/ecolecta-Dic2014.png HTTP/1.1" 200 288593
186.30.187.18 - - [03/Jan/2015:20:16:25 -0500] "GET /galeria/nivo-slider/demo/images/porloshumedales.jpg HTTP/1.1" 200 351238
186.30.187.18 - - [03/Jan/2015:20:16:25 -0500] "GET /galeria/nivo-slider/demo/images/Tingua-azul.jpg HTTP/1.1" 200 307638
186.30.187.18 - - [03/Jan/2015:20:16:26 -0500] "GET /galeria/nivo-slider/demo/images/Banner-Caracol-Africano.jpg HTTP/1.1" 200 331986
186.30.187.18 - - [03/Jan/2015:20:16:27 -0500] "GET /galeria/nivo-slider/demo/images/banner-redes.jpg HTTP/1.1" 200 62209
186.30.187.18 - - [03/Jan/2015:20:16:29 -0500] "GET /galeria/nivo-slider/demo/images/9Signos.jpg HTTP/1.1" 200 93040
186.30.187.18 - - [03/Jan/2015:20:16:29 -0500] "GET /galeria/nivo-slider/demo/images/banner-llantas2.jpg HTTP/1.1" 200 73153
186.30.187.18 - - [03/Jan/2015:20:16:29 -0500] "GET /galeria/nivo-slider/demo/images/banner-caballos.png HTTP/1.1" 200 389106
186.30.187.18 - - [03/Jan/2015:20:16:29 -0500] "GET /galeria/nivo-slider/demo/images/4Simple_Slider.png HTTP/1.1" 200 11722
186.30.187.18 - - [03/Jan/2015:20:16:29 -0500] "GET /galeria/nivo-slider/themes/default/loading.gif HTTP/1.1" 200 1737
186.30.187.18 - - [03/Jan/2015:20:16:31 -0500] "GET /galeria/nivo-slider/themes/default/arrows.png HTTP/1.1" 200 824
186.30.187.18 - - [03/Jan/2015:20:16:31 -0500] "GET /galeria/nivo-slider/themes/default/bullets.png HTTP/1.1" 200 1281
186.30.187.18 - - [03/Jan/2015:20:16:31 -0500] "GET /videos/Spot_CambioClimatico.flv HTTP/1.1" 200 4371917
186.85.231.67 - - [03/Jan/2015:20:16:37 -0500] "GET /BLA/boletinlegal/js/jquery.js HTTP/1.1" 200 57254
186.85.231.67 - - [03/Jan/2015:20:16:37 -0500] "GET /BLA/boletinlegal/js/jquery.scrollShow.js HTTP/1.1" 200 4586
186.85.231.67 - - [03/Jan/2015:20:16:37 -0500] "GET /BLA/boletinlegal/js/jquery.scrollTo-min.js HTTP/1.1" 200 1150
186.85.231.67 - - [03/Jan/2015:20:16:37 -0500] "GET /galeria/carrusel/Carrusel/jquery-ui-1.8.13.custom.min.js HTTP/1.1" 200 10800
186.85.231.67 - - [03/Jan/2015:20:16:37 -0500] "GET /galeria/carrusel/Carrusel/jquery.thumbnailScroller.css HTTP/1.1" 200 2066
186.85.231.67 - - [03/Jan/2015:20:16:37 -0500] "GET /galeria/carrusel/Carrusel/jquery.thumbnailScroller.js HTTP/1.1" 200 8157
186.85.231.67 - - [03/Jan/2015:20:16:38 -0500] "GET /galeria/nivo-slider/demo/demo.html HTTP/1.1" 200 3150
186.85.231.67 - - [03/Jan/2015:20:16:38 -0500] "GET /galeria/nivo-slider/themes/default/default.css HTTP/1.1" 200 1569
186.85.231.67 - - [03/Jan/2015:20:16:38 -0500] "GET /galeria/nivo-slider/themes/pascal/pascal.css HTTP/1.1" 200 2258
186.85.231.67 - - [03/Jan/2015:20:16:38 -0500] "GET /galeria/nivo-slider/themes/orman/orman.css HTTP/1.1" 200 2152
186.85.231.67 - - [03/Jan/2015:20:16:38 -0500] "GET /galeria/nivo-slider/demo/style.css HTTP/1.1" 200 2222
186.85.231.67 - - [03/Jan/2015:20:16:38 -0500] "GET /galeria/nivo-slider/nivo-slider.css HTTP/1.1" 200 1507
186.85.231.67 - - [03/Jan/2015:20:16:38 -0500] "GET /galeria/nivo-slider/demo/images/bolsas-08.jpg HTTP/1.1" 200 85589
186.85.231.67 - - [03/Jan/2015:20:16:38 -0500] "GET /galeria/nivo-slider/demo/scripts/jquery-1.7.1.min.js HTTP/1.1" 200 93868
186.85.231.67 - - [03/Jan/2015:20:16:38 -0500] "GET /galeria/nivo-slider/jquery.nivo.slider.pack.js HTTP/1.1" 200 11561
186.85.231.67 - - [03/Jan/2015:20:16:39 -0500] "GET /galeria/nivo-slider/demo/images/Ruta-vertimientos-01.jpg HTTP/1.1" 200 130151
186.85.231.67 - - [03/Jan/2015:20:16:39 -0500] "GET /galeria/nivo-slider/demo/images/bolsas-06.jpg HTTP/1.1" 200 90982
186.85.231.67 - - [03/Jan/2015:20:16:40 -0500] "GET /galeria/nivo-slider/demo/images/ecolecta-Dic2014.png HTTP/1.1" 200 288593
186.85.231.67 - - [03/Jan/2015:20:16:41 -0500] "GET /galeria/nivo-slider/demo/images/porloshumedales.jpg HTTP/1.1" 200 351238
66.249.64.163 - - [03/Jan/2015:20:16:43 -0500] "GET /BLA/resoluciones/RESOLUCIONES%202009/2620.pdf HTTP/1.1" 200 476067
186.85.231.67 - - [03/Jan/2015:20:16:43 -0500] "GET /galeria/nivo-slider/demo/images/4Simple_Slider.png HTTP/1.1" 200 11722
74.86.158.107 - - [03/Jan/2015:20:16:44 -0500] "HEAD / HTTP/1.1" 302 -
186.85.231.67 - - [03/Jan/2015:20:16:44 -0500] "GET /galeria/nivo-slider/themes/default/loading.gif HTTP/1.1" 200 1737
186.85.231.67 - - [03/Jan/2015:20:16:45 -0500] "GET /galeria/nivo-slider/demo/images/Tingua-azul.jpg HTTP/1.1" 200 307638
186.85.231.67 - - [03/Jan/2015:20:16:46 -0500] "GET /galeria/nivo-slider/demo/images/Banner-Caracol-Africano.jpg HTTP/1.1" 200 331986
186.85.231.67 - - [03/Jan/2015:20:16:49 -0500] "GET /galeria/nivo-slider/demo/images/banner-redes.jpg HTTP/1.1" 200 62209
186.85.231.67 - - [03/Jan/2015:20:16:50 -0500] "GET /videos/Spot_CambioClimatico.flv HTTP/1.1" 200 4371917
66.249.64.163 - - [03/Jan/2015:20:17:12 -0500] "GET /BLA/resoluciones/RESOLUCIONES%202009/6093.pdf HTTP/1.1" 200 521561
66.249.64.167 - - [03/Jan/2015:20:17:41 -0500] "GET /BLA/resoluciones/AUTOS%202009/2069.pdf HTTP/1.1" 304 -
186.29.243.106 - - [03/Jan/2015:20:17:58 -0500] "GET /videos/galeria-fotografica/index15.html? HTTP/1.1" 200 1971
186.29.243.106 - - [03/Jan/2015:20:18:00 -0500] "GET /videos/galeria-fotografica/js/jquery-flickr-gallery/jquery-flickr.css HTTP/1.1" 200 711
186.29.243.106 - - [03/Jan/2015:20:18:00 -0500] "GET /videos/galeria-fotografica/js/jquery-flickr-gallery/jquery-flickr-gallery.js HTTP/1.1" 200 9050
186.29.243.106 - - [03/Jan/2015:20:18:03 -0500] "GET /videos/galeria-fotografica/js/jquery-flickr-gallery/loader.gif HTTP/1.1" 200 2129
66.249.64.171 - - [03/Jan/2015:20:18:10 -0500] "GET /BLA/resoluciones/RESOLUCIONES%202009/1601.pdf HTTP/1.1" 200 607663
66.249.64.171 - - [03/Jan/2015:20:18:39 -0500] "GET /BLA/resoluciones/RESOLUCIONES%202011/5725.pdf HTTP/1.1" 304 -
190.68.181.124 - - [03/Jan/2015:20:12:55 -0500] "GET /ForestMSG_SDA/channelAsync/template_word_17226367?X-Atmosphere-tracking-id=e7c81892-1351-d87a-b267-f0bcc72d01ae&X-Atmosphere-Framework=1.0.5&X-Atmosphere-Transport=long-polling&tabid=0.5292671194420838&X-Cache-Date=0&Content-Type=application/xml&_=1420334144203 HTTP/1.1" 200 8193
190.145.92.19 - - [03/Jan/2015:20:19:04 -0500] "GET /galeria/juegos/ear/EARI.swf HTTP/1.1" 200 526915
190.145.92.19 - - [03/Jan/2015:20:19:05 -0500] "GET /galeria/juegos/ear/cab_ear.flv HTTP/1.1" 200 2172365
66.249.64.171 - - [03/Jan/2015:20:19:08 -0500] "GET /BLA/resoluciones/RESOLUCIONES%202007/RES%202007%202401%20AL%202500/RESOLUCION%202421%20DE%202007.pdf HTTP/1.1" 304 -
98.239.65.159 - - [03/Jan/2015:20:19:13 -0500] "PUT /webdav/TheBest.php HTTP/1.1" 405 938
66.249.64.167 - - [03/Jan/2015:20:19:37 -0500] "GET /BLA/resoluciones/AUTOS%202011/6203.pdf HTTP/1.1" 304 -
66.249.64.171 - - [03/Jan/2015:20:20:06 -0500] "GET /BLA/resoluciones/RESOLUCIONES%202009/7156.pdf HTTP/1.1" 200 491449
98.239.65.159 - - [03/Jan/2015:20:20:19 -0500] "PUT /webdav/TheBest.php HTTP/1.1" 405 938
186.145.106.133 - - [03/Jan/2015:20:20:32 -0500] "GET /galeria/nivo-slider/demo/images/ecolecta-Dic2014.png HTTP/1.1" 200 288593
66.249.64.167 - - [03/Jan/2015:20:20:35 -0500] "GET /BLA/resoluciones/RESOLUCIONES%202009/7148.pdf HTTP/1.1" 200 143868
186.145.106.133 - - [03/Jan/2015:20:20:38 -0500] "GET /galeria/nivo-slider/demo/images/bannerEcolecta3.jpg HTTP/1.1" 200 280034
66.249.64.171 - - [03/Jan/2015:20:21:04 -0500] "GET /BLA/resoluciones/RESOLUCIONES%202009/3669.pdf HTTP/1.1" 200 80419
190.25.232.143 - - [03/Jan/2015:20:21:06 -0500] "GET /videos/SpotJardines4.flv HTTP/1.1" 304 -
66.249.64.167 - - [03/Jan/2015:20:21:33 -0500] "GET /BLA/resoluciones/AUTOS%202011/6409.pdf HTTP/1.1" 304 -
180.76.5.195 - - [03/Jan/2015:20:21:43 -0500] "GET /BLA/boletinlegal;jsessionid=C348C7BAC66EBD7CE81105BF01026678?/? HTTP/1.1" 404 1018
74.86.158.107 - - [03/Jan/2015:20:21:44 -0500] "HEAD / HTTP/1.1" 302 -
191.95.81.11 - - [03/Jan/2015:20:21:48 -0500] "GET /BLA/boletinlegal/js/jquery.js HTTP/1.1" 200 57254
191.95.81.11 - - [03/Jan/2015:20:21:48 -0500] "GET /BLA/boletinlegal/js/jquery.scrollTo-min.js HTTP/1.1" 200 1150
191.95.81.11 - - [03/Jan/2015:20:21:48 -0500] "GET /BLA/boletinlegal/js/jquery.scrollShow.js HTTP/1.1" 200 4586
66.249.64.167 - - [03/Jan/2015:20:22:02 -0500] "GET /BLA/resoluciones/RESOLUCIONES%202009/1893.pdf HTTP/1.1" 304 -
66.249.64.171 - - [03/Jan/2015:20:22:31 -0500] "GET /BLA/resoluciones/AUTOS%202009/1040.pdf HTTP/1.1" 304 -
