186.84.44.72 - - [03/Jan/2015:13:20:19 -0500] "POST /forms/lservlet;jsessionid=ac16012b30d5d11c6496e2c840dd94a48a0507ce41e7.e3iSbxaKaheRe34Sa3yKbhiTahb0n6jAmljGr5XDqQLvpAe HTTP/1.1" 200 2
66.249.64.171 - - [03/Jan/2015:13:20:28 -0500] "GET /BLA/resoluciones/AUTOS%202006/AUTOS%202006%201801-%201900/00001848.tif HTTP/1.1" 304 -
66.249.64.171 - - [03/Jan/2015:13:20:51 -0500] "GET /BLA/resoluciones/RESOLUCIONES%202009/0162.pdf HTTP/1.1" 200 243881
181.133.222.239 - - [03/Jan/2015:13:20:58 -0500] "GET /BLA/boletinlegal/js/jquery.js HTTP/1.1" 200 57254
181.133.222.239 - - [03/Jan/2015:13:20:58 -0500] "GET /BLA/boletinlegal/js/jquery.scrollTo-min.js HTTP/1.1" 200 1150
181.133.222.239 - - [03/Jan/2015:13:20:58 -0500] "GET /BLA/boletinlegal/js/jquery.scrollShow.js HTTP/1.1" 200 4586
66.249.64.171 - - [03/Jan/2015:13:21:30 -0500] "GET /BLA/resoluciones/AUTOS%202006/AUTOS%202006%201801-%201900/00001826.tif HTTP/1.1" 304 -
66.249.64.167 - - [03/Jan/2015:13:21:35 -0500] "GET /BLA/resoluciones/RESOLUCIONES%202007/RES%202007%202201%20AL%202300/RESOLUCION%202254%20DE%202007.pdf HTTP/1.1" 304 -
74.86.158.107 - - [03/Jan/2015:13:21:41 -0500] "HEAD / HTTP/1.1" 302 -
180.76.6.159 - - [03/Jan/2015:13:22:06 -0500] "GET /BLA/boletinlegal;jsessionid=BA9722EB022701B9769B0C08854EBEBA?/? HTTP/1.1" 404 1018
66.249.64.171 - - [03/Jan/2015:13:22:10 -0500] "GET /BLA/resoluciones/AUTOS%202006/AUTOS%202006%20601-700/00000672.tif HTTP/1.1" 200 38378
186.84.44.72 - - [03/Jan/2015:13:22:19 -0500] "POST /forms/lservlet;jsessionid=ac16012b30d5d11c6496e2c840dd94a48a0507ce41e7.e3iSbxaKaheRe34Sa3yKbhiTahb0n6jAmljGr5XDqQLvpAe HTTP/1.1" 200 2
66.249.64.167 - - [03/Jan/2015:13:22:19 -0500] "GET /BLA/resoluciones/AUTOS%202012/0930.pdf HTTP/1.1" 304 -
66.249.64.171 - - [03/Jan/2015:13:22:31 -0500] "GET /BLA/resoluciones/AUTOS%202006/AUTOS%202006%201801-%201900/00001834.tif HTTP/1.1" 304 -
66.249.64.163 - - [03/Jan/2015:13:23:04 -0500] "GET /BLA/resoluciones/RESOLUCIONES%202009/3891.pdf HTTP/1.1" 200 339017
66.249.64.167 - - [03/Jan/2015:13:23:33 -0500] "GET /StormSDA/stormWeb/img/descargarPdf.png HTTP/1.1" 304 -
66.249.64.171 - - [03/Jan/2015:13:23:48 -0500] "GET /BLA/resoluciones/RESOLUCIONES%202008/2168.pdf HTTP/1.1" 200 243228
186.84.44.72 - - [03/Jan/2015:13:24:19 -0500] "POST /forms/lservlet;jsessionid=ac16012b30d5d11c6496e2c840dd94a48a0507ce41e7.e3iSbxaKaheRe34Sa3yKbhiTahb0n6jAmljGr5XDqQLvpAe HTTP/1.1" 200 2
66.249.64.171 - - [03/Jan/2015:13:24:32 -0500] "GET /BLA/resoluciones/RESOLUCIONES%202011/0508.pdf HTTP/1.1" 200 507896
66.249.64.171 - - [03/Jan/2015:13:24:34 -0500] "GET /BLA/resoluciones/AUTOS%202006/AUTOS%202006%201801-%201900/00001801.tif HTTP/1.1" 304 -
186.83.104.253 - - [03/Jan/2015:13:24:58 -0500] "GET /BLA/boletinlegal/js/jquery.js HTTP/1.1" 200 57254
186.83.104.253 - - [03/Jan/2015:13:24:58 -0500] "GET /BLA/boletinlegal/js/jquery.scrollTo-min.js HTTP/1.1" 200 1150
186.83.104.253 - - [03/Jan/2015:13:24:58 -0500] "GET /BLA/boletinlegal/js/jquery.scrollShow.js HTTP/1.1" 200 4586
190.0.40.134 - - [03/Jan/2015:13:24:59 -0500] "GET /BLA/boletinlegal/js/jquery.scrollShow.js HTTP/1.1" 200 4586
190.0.40.134 - - [03/Jan/2015:13:24:59 -0500] "GET /BLA/boletinlegal/js/jquery.scrollTo-min.js HTTP/1.1" 200 1150
190.0.40.134 - - [03/Jan/2015:13:24:59 -0500] "GET /BLA/boletinlegal/js/jquery.js HTTP/1.1" 200 57254
66.249.64.167 - - [03/Jan/2015:13:25:16 -0500] "GET /BLA/resoluciones/AUTOS%202008/2666.pdf HTTP/1.1" 200 86367
66.249.64.167 - - [03/Jan/2015:13:25:36 -0500] "GET /BLA/resoluciones/RESOLUCIONES%202002/RES%202002%20201-250/2002RES232.tif HTTP/1.1" 304 -
180.76.5.81 - - [03/Jan/2015:13:25:40 -0500] "GET /BLA/resoluciones/RESOLUCIONES%202007/RES%202007%202401%20AL%202500/RESOLUCION%202446%20%20DE%202007.pdf HTTP/1.1" 200 692368
66.249.64.171 - - [03/Jan/2015:13:26:00 -0500] "GET /BLA/resoluciones/AUTOS%202013/0987.pdf HTTP/1.1" 304 -
186.84.44.72 - - [03/Jan/2015:13:26:19 -0500] "POST /forms/lservlet;jsessionid=ac16012b30d5d11c6496e2c840dd94a48a0507ce41e7.e3iSbxaKaheRe34Sa3yKbhiTahb0n6jAmljGr5XDqQLvpAe HTTP/1.1" 200 2
66.249.64.171 - - [03/Jan/2015:13:26:37 -0500] "GET /BLA/resoluciones/AUTOS%202006/AUTOS%202006%201801-%201900/00001896.tif HTTP/1.1" 304 -
74.86.158.107 - - [03/Jan/2015:13:26:41 -0500] "HEAD / HTTP/1.1" 302 -
66.249.64.163 - - [03/Jan/2015:13:26:44 -0500] "GET /BLA/resoluciones/AUTOS%202012/0484.pdf HTTP/1.1" 304 -
220.181.108.120 - - [03/Jan/2015:13:27:14 -0500] "GET /BLA/resoluciones/RESOLUCIONES%202007/RES%202007%20601%20AL%20700/RESOLUCION%200638%20DE%202007.pdf HTTP/1.1" 200 1951370
66.249.64.167 - - [03/Jan/2015:13:27:28 -0500] "GET /BLA/resoluciones/RESOLUCIONES%202010/6299.pdf HTTP/1.1" 200 307067
66.249.64.163 - - [03/Jan/2015:13:27:39 -0500] "GET /BLA/resoluciones/AUTOS%202006/AUTOS%202006%201801-%201900/00001877.tif HTTP/1.1" 304 -
66.249.64.163 - - [03/Jan/2015:13:28:12 -0500] "GET /BLA/resoluciones/AUTOS%202012/0522.pdf HTTP/1.1" 200 215104
186.84.44.72 - - [03/Jan/2015:13:28:19 -0500] "POST /forms/lservlet;jsessionid=ac16012b30d5d11c6496e2c840dd94a48a0507ce41e7.e3iSbxaKaheRe34Sa3yKbhiTahb0n6jAmljGr5XDqQLvpAe HTTP/1.1" 200 2
190.145.253.210 - - [03/Jan/2015:13:28:50 -0500] "GET /BLA/boletinlegal/js/jquery.js HTTP/1.1" 200 57254
190.145.253.210 - - [03/Jan/2015:13:28:50 -0500] "GET /BLA/boletinlegal/js/jquery.scrollTo-min.js HTTP/1.1" 200 1150
190.145.253.210 - - [03/Jan/2015:13:28:50 -0500] "GET /BLA/boletinlegal/js/jquery.scrollShow.js HTTP/1.1" 200 4586
66.249.64.171 - - [03/Jan/2015:13:28:51 -0500] "GET /BLA/resoluciones/AUTOS%202006/AUTOS%202006%201801-%201900/00001889.tif HTTP/1.1" 304 -
66.249.64.163 - - [03/Jan/2015:13:28:56 -0500] "GET /BLA/resoluciones/AUTOS%202008/1033.pdf HTTP/1.1" 304 -
66.249.64.171 - - [03/Jan/2015:13:29:40 -0500] "GET /BLA/resoluciones/RESOLUCIONES%202008/4086.pdf HTTP/1.1" 304 -
66.249.64.163 - - [03/Jan/2015:13:29:42 -0500] "GET /BLA/resoluciones/AUTOS%202006/AUTOS%202006%201801-%201900/00001851.tif HTTP/1.1" 304 -
186.84.44.72 - - [03/Jan/2015:13:30:19 -0500] "POST /forms/lservlet;jsessionid=ac16012b30d5d11c6496e2c840dd94a48a0507ce41e7.e3iSbxaKaheRe34Sa3yKbhiTahb0n6jAmljGr5XDqQLvpAe HTTP/1.1" 200 2
66.249.64.171 - - [03/Jan/2015:13:30:24 -0500] "GET /BLA/resoluciones/AUTOS%202009/3552.pdf HTTP/1.1" 200 151831
66.249.64.171 - - [03/Jan/2015:13:30:29 -0500] "GET /BLA/resoluciones/RESOLUCIONES%202002/RES%202002%201751-1800/20021772.tif HTTP/1.1" 200 332144
66.249.64.167 - - [03/Jan/2015:13:30:44 -0500] "GET /BLA/resoluciones/AUTOS%202006/AUTOS%202006%201801-%201900/00001893.tif HTTP/1.1" 304 -
66.249.64.167 - - [03/Jan/2015:13:31:06 -0500] "GET /BLA/resoluciones/RESOLUCIONES%202013/2196.pdf HTTP/1.1" 200 3666143
66.249.64.163 - - [03/Jan/2015:13:31:11 -0500] "GET /BLA/resoluciones/RESOLUCIONES%202009/5523.pdf HTTP/1.1" 200 517359
180.76.5.167 - - [03/Jan/2015:13:31:14 -0500] "GET /BLA/boletinlegal;jsessionid=7E0B0456404036B1E9DB5C36ADBD8AC1?/? HTTP/1.1" 404 1018
198.50.209.251 - - [03/Jan/2015:13:31:38 -0500] "PUT /webdav/lgnx.php HTTP/1.1" 405 938
74.86.158.107 - - [03/Jan/2015:13:31:41 -0500] "HEAD / HTTP/1.1" 302 -
66.249.64.163 - - [03/Jan/2015:13:31:45 -0500] "GET /BLA/resoluciones/AUTOS%202006/AUTOS%202006%201801-%201900/00001857.tif HTTP/1.1" 304 -
66.249.64.163 - - [03/Jan/2015:13:31:52 -0500] "GET /BLA/resoluciones/AUTOS%202007/3769.pdf HTTP/1.1" 200 407742
66.249.64.167 - - [03/Jan/2015:13:32:07 -0500] "GET /Autoliquidacion/PERMISO%20DE%20OCUPACION%20DE%20SUELO/FORMATO%20DE%20SOLICITUD%20PERMISO%20DE%20CAUCES%20POC%20MODIFICADO_29072014.xls HTTP/1.1" 200 723456
66.249.64.163 - - [03/Jan/2015:13:32:10 -0500] "GET /BLA/resoluciones/AUTOS%202006/AUTOS%202006%20301-400/00000398.tif HTTP/1.1" 200 104334
198.50.209.251 - - [03/Jan/2015:13:32:10 -0500] "PUT /webdav/lgnx.php HTTP/1.1" 405 938
186.84.44.72 - - [03/Jan/2015:13:32:19 -0500] "POST /forms/lservlet;jsessionid=ac16012b30d5d11c6496e2c840dd94a48a0507ce41e7.e3iSbxaKaheRe34Sa3yKbhiTahb0n6jAmljGr5XDqQLvpAe HTTP/1.1" 200 2
66.249.64.167 - - [03/Jan/2015:13:32:37 -0500] "GET /BLA/resoluciones/RESOLUCIONES%202009/2807.pdf HTTP/1.1" 304 -
66.249.64.163 - - [03/Jan/2015:13:32:46 -0500] "GET /BLA/resoluciones/AUTOS%202006/AUTOS%202006%201801-%201900/00001845.tif HTTP/1.1" 304 -
181.142.231.22 - - [03/Jan/2015:13:32:51 -0500] "GET /BLA/boletinlegal/js/jquery.js HTTP/1.1" 200 57254
181.142.231.22 - - [03/Jan/2015:13:32:51 -0500] "GET /BLA/boletinlegal/js/jquery.scrollTo-min.js HTTP/1.1" 200 1150
181.142.231.22 - - [03/Jan/2015:13:32:51 -0500] "GET /BLA/boletinlegal/js/jquery.scrollShow.js HTTP/1.1" 200 4586
66.249.64.171 - - [03/Jan/2015:13:33:21 -0500] "GET /BLA/resoluciones/RESOLUCIONES%202008/2901.pdf HTTP/1.1" 304 -
66.249.64.167 - - [03/Jan/2015:13:33:48 -0500] "GET /BLA/resoluciones/RESOLUCIONES%202006/RES%202006%201501-1550/00001533.tif HTTP/1.1" 304 -
198.50.209.251 - - [03/Jan/2015:13:33:51 -0500] "PUT /webdav/lgnx.php HTTP/1.1" 405 938
66.249.64.167 - - [03/Jan/2015:13:34:05 -0500] "GET /BLA/resoluciones/RESOLUCIONES%202011/0611.pdf HTTP/1.1" 200 797544
186.84.44.72 - - [03/Jan/2015:13:34:19 -0500] "POST /forms/lservlet;jsessionid=ac16012b30d5d11c6496e2c840dd94a48a0507ce41e7.e3iSbxaKaheRe34Sa3yKbhiTahb0n6jAmljGr5XDqQLvpAe HTTP/1.1" 200 2
198.50.209.251 - - [03/Jan/2015:13:34:24 -0500] "PUT /webdav/lgnx.php HTTP/1.1" 405 938
66.249.64.171 - - [03/Jan/2015:13:34:49 -0500] "GET /BLA/resoluciones/AUTOS%202012/0130.pdf HTTP/1.1" 200 254126
66.249.64.171 - - [03/Jan/2015:13:34:50 -0500] "GET /BLA/resoluciones/AUTOS%202006/AUTOS%202006%201801-%201900/00001839.tif HTTP/1.1" 304 -
190.253.176.143 - - [03/Jan/2015:13:34:55 -0500] "GET /BLA/boletinlegal/js/jquery.js HTTP/1.1" 200 57254
190.253.176.143 - - [03/Jan/2015:13:34:55 -0500] "GET /BLA/boletinlegal/js/jquery.scrollShow.js HTTP/1.1" 200 4586
190.253.176.143 - - [03/Jan/2015:13:34:56 -0500] "GET /BLA/boletinlegal/js/jquery.scrollTo-min.js HTTP/1.1" 200 1150
190.253.176.143 - - [03/Jan/2015:13:34:56 -0500] "GET /galeria/carrusel/Carrusel/jquery.thumbnailScroller.css HTTP/1.1" 200 2066
190.253.176.143 - - [03/Jan/2015:13:34:56 -0500] "GET /galeria/carrusel/Carrusel/jquery-ui-1.8.13.custom.min.js HTTP/1.1" 200 10800
190.253.176.143 - - [03/Jan/2015:13:34:56 -0500] "GET /galeria/carrusel/Carrusel/jquery.thumbnailScroller.js HTTP/1.1" 200 8157
190.253.176.143 - - [03/Jan/2015:13:35:02 -0500] "GET /galeria/nivo-slider/demo/demo.html HTTP/1.1" 200 3150
190.253.176.143 - - [03/Jan/2015:13:35:02 -0500] "GET /galeria/nivo-slider/themes/default/default.css HTTP/1.1" 200 1569
190.253.176.143 - - [03/Jan/2015:13:35:02 -0500] "GET /galeria/nivo-slider/themes/pascal/pascal.css HTTP/1.1" 200 2258
190.253.176.143 - - [03/Jan/2015:13:35:02 -0500] "GET /galeria/nivo-slider/themes/orman/orman.css HTTP/1.1" 200 2152
190.253.176.143 - - [03/Jan/2015:13:35:02 -0500] "GET /galeria/nivo-slider/nivo-slider.css HTTP/1.1" 200 1507
190.253.176.143 - - [03/Jan/2015:13:35:02 -0500] "GET /galeria/nivo-slider/demo/style.css HTTP/1.1" 200 2222
190.253.176.143 - - [03/Jan/2015:13:35:02 -0500] "GET /galeria/nivo-slider/demo/images/Ruta-vertimientos-01.jpg HTTP/1.1" 200 130151
190.253.176.143 - - [03/Jan/2015:13:35:02 -0500] "GET /galeria/nivo-slider/demo/images/bolsas-08.jpg HTTP/1.1" 200 85589
190.253.176.143 - - [03/Jan/2015:13:35:02 -0500] "GET /galeria/nivo-slider/demo/images/bolsas-06.jpg HTTP/1.1" 200 90982
190.253.176.143 - - [03/Jan/2015:13:35:02 -0500] "GET /galeria/nivo-slider/demo/images/ecolecta-Dic2014.png HTTP/1.1" 200 288593
190.253.176.143 - - [03/Jan/2015:13:35:03 -0500] "GET /galeria/nivo-slider/demo/images/Tingua-azul.jpg HTTP/1.1" 200 307638
190.253.176.143 - - [03/Jan/2015:13:35:03 -0500] "GET /galeria/nivo-slider/demo/images/porloshumedales.jpg HTTP/1.1" 200 351238
190.253.176.143 - - [03/Jan/2015:13:35:04 -0500] "GET /galeria/nivo-slider/demo/images/Banner-Caracol-Africano.jpg HTTP/1.1" 200 331986
190.253.176.143 - - [03/Jan/2015:13:35:05 -0500] "GET /galeria/nivo-slider/demo/images/banner-redes.jpg HTTP/1.1" 200 62209
190.253.176.143 - - [03/Jan/2015:13:35:06 -0500] "GET /galeria/nivo-slider/demo/images/9Signos.jpg HTTP/1.1" 200 93040
190.253.176.143 - - [03/Jan/2015:13:35:06 -0500] "GET /galeria/nivo-slider/demo/images/banner-llantas2.jpg HTTP/1.1" 200 73153
190.253.176.143 - - [03/Jan/2015:13:35:07 -0500] "GET /galeria/nivo-slider/demo/images/banner-caballos.png HTTP/1.1" 200 389106
190.253.176.143 - - [03/Jan/2015:13:35:09 -0500] "GET /galeria/nivo-slider/demo/scripts/jquery-1.7.1.min.js HTTP/1.1" 200 93868
190.253.176.143 - - [03/Jan/2015:13:35:10 -0500] "GET /galeria/nivo-slider/demo/images/4Simple_Slider.png HTTP/1.1" 200 11722
190.253.176.143 - - [03/Jan/2015:13:35:11 -0500] "GET /galeria/nivo-slider/themes/default/loading.gif HTTP/1.1" 200 1737
190.253.176.143 - - [03/Jan/2015:13:35:12 -0500] "GET /galeria/nivo-slider/jquery.nivo.slider.pack.js HTTP/1.1" 200 11561
66.249.64.171 - - [03/Jan/2015:13:35:33 -0500] "GET /BLA/resoluciones/RESOLUCIONES%202008/3346.pdf HTTP/1.1" 304 -
66.249.64.171 - - [03/Jan/2015:13:35:51 -0500] "GET /BLA/resoluciones/AUTOS%202006/AUTOS%202006%201801-%201900/00001836.tif HTTP/1.1" 304 -
180.76.6.136 - - [03/Jan/2015:13:36:14 -0500] "GET /BLA/boletinlegal;jsessionid=DFA890A3D22C32167294F7395083D3DC?/? HTTP/1.1" 404 1018
66.249.64.171 - - [03/Jan/2015:13:36:17 -0500] "GET /BLA/resoluciones/AUTOS%202013/0110.pdf HTTP/1.1" 200 1314671
186.84.44.72 - - [03/Jan/2015:13:36:19 -0500] "POST /forms/lservlet;jsessionid=ac16012b30d5d11c6496e2c840dd94a48a0507ce41e7.e3iSbxaKaheRe34Sa3yKbhiTahb0n6jAmljGr5XDqQLvpAe HTTP/1.1" 200 2
74.86.158.107 - - [03/Jan/2015:13:36:41 -0500] "HEAD / HTTP/1.1" 302 -
66.249.64.167 - - [03/Jan/2015:13:36:53 -0500] "GET /BLA/resoluciones/AUTOS%202006/AUTOS%202006%201801-%201900/00001890.tif HTTP/1.1" 304 -
66.249.64.167 - - [03/Jan/2015:13:37:01 -0500] "GET /BLA/resoluciones/RESOLUCIONES%202007/RES%202007%201101%20AL%201200/RESOLUCION%201110%20DE%202007.pdf HTTP/1.1" 200 195116
180.76.6.150 - - [03/Jan/2015:13:37:12 -0500] "GET /BLA/resoluciones/RESOLUCIONES%202007/RES%202007%204301%20AL%204352/RESOLUCION%204317%20DE%202007.pdf HTTP/1.1" 200 297437
186.154.101.216 - - [03/Jan/2015:13:37:26 -0500] "GET /BLA/boletinlegal/js/jquery.js HTTP/1.1" 200 57254
186.154.101.216 - - [03/Jan/2015:13:37:26 -0500] "GET /BLA/boletinlegal/js/jquery.scrollTo-min.js HTTP/1.1" 200 1150
186.154.101.216 - - [03/Jan/2015:13:37:26 -0500] "GET /BLA/boletinlegal/js/jquery.scrollShow.js HTTP/1.1" 200 4586
190.24.101.119 - - [03/Jan/2015:13:37:43 -0500] "GET /BLA/boletinlegal/js/jquery.scrollShow.js HTTP/1.1" 200 4586
190.24.101.119 - - [03/Jan/2015:13:37:43 -0500] "GET /BLA/boletinlegal/js/jquery.scrollTo-min.js HTTP/1.1" 200 1150
190.24.101.119 - - [03/Jan/2015:13:37:43 -0500] "GET /BLA/boletinlegal/js/jquery.js HTTP/1.1" 200 57254
66.249.64.171 - - [03/Jan/2015:13:37:45 -0500] "GET /BLA/resoluciones/RESOLUCIONES%202007/RES%202007%203501%20AL%203600/RESOLUCION%203579%20DE%202007.pdf HTTP/1.1" 304 -
66.249.64.167 - - [03/Jan/2015:13:37:54 -0500] "GET /BLA/resoluciones/AUTOS%202006/AUTOS%202006%201801-%201900/00001897.tif HTTP/1.1" 304 -
180.76.6.137 - - [03/Jan/2015:13:38:10 -0500] "GET /BLA/resoluciones/AUTOS%202012/0913.pdf HTTP/1.1" 200 298694
186.84.44.72 - - [03/Jan/2015:13:38:20 -0500] "POST /forms/lservlet;jsessionid=ac16012b30d5d11c6496e2c840dd94a48a0507ce41e7.e3iSbxaKaheRe34Sa3yKbhiTahb0n6jAmljGr5XDqQLvpAe HTTP/1.1" 200 2
66.249.64.167 - - [03/Jan/2015:13:38:29 -0500] "GET /BLA/resoluciones/RESOLUCIONES%202010/6902.pdf HTTP/1.1" 200 1272491
66.249.64.171 - - [03/Jan/2015:13:38:56 -0500] "GET /BLA/resoluciones/AUTOS%202006/AUTOS%202006%201801-%201900/00001802.tif HTTP/1.1" 304 -
198.50.209.251 - - [03/Jan/2015:13:38:59 -0500] "PUT /webdav/lgnx.php HTTP/1.1" 405 938
66.249.64.171 - - [03/Jan/2015:13:39:13 -0500] "GET /BLA/resoluciones/RESOLUCIONES%202011/1115.pdf HTTP/1.1" 200 269908
198.50.209.251 - - [03/Jan/2015:13:39:34 -0500] "PUT /webdav/lgnx.php HTTP/1.1" 405 938
66.249.64.171 - - [03/Jan/2015:13:39:57 -0500] "GET /BLA/resoluciones/AUTOS%202012/2337.pdf HTTP/1.1" 304 -
66.249.64.167 - - [03/Jan/2015:13:39:58 -0500] "GET /BLA/resoluciones/AUTOS%202006/AUTOS%202006%201801-%201900/00001841.tif HTTP/1.1" 304 -
186.84.44.72 - - [03/Jan/2015:13:40:20 -0500] "POST /forms/lservlet;jsessionid=ac16012b30d5d11c6496e2c840dd94a48a0507ce41e7.e3iSbxaKaheRe34Sa3yKbhiTahb0n6jAmljGr5XDqQLvpAe HTTP/1.1" 200 2
66.249.64.163 - - [03/Jan/2015:13:40:41 -0500] "GET /BLA/resoluciones/AUTOS%202009/0763.pdf HTTP/1.1" 304 -
186.147.47.93 - - [03/Jan/2015:13:40:50 -0500] "GET /BLA/boletinlegal/js/jquery.scrollTo-min.js HTTP/1.1" 200 1150
186.147.47.93 - - [03/Jan/2015:13:40:50 -0500] "GET /BLA/boletinlegal/js/jquery.scrollShow.js HTTP/1.1" 200 4586
186.147.47.93 - - [03/Jan/2015:13:40:50 -0500] "GET /BLA/boletinlegal/js/jquery.js HTTP/1.1" 200 57254
66.249.64.163 - - [03/Jan/2015:13:40:59 -0500] "GET /BLA/resoluciones/AUTOS%202006/AUTOS%202006%201801-%201900/00001883.tif HTTP/1.1" 304 -
190.3.215.228 - - [03/Jan/2015:13:41:16 -0500] "GET /BLA/boletinlegal/js/jquery.js HTTP/1.1" 200 57254
190.3.215.228 - - [03/Jan/2015:13:41:16 -0500] "GET /BLA/boletinlegal/js/jquery.scrollTo-min.js HTTP/1.1" 200 1150
190.3.215.228 - - [03/Jan/2015:13:41:16 -0500] "GET /BLA/boletinlegal/js/jquery.scrollShow.js HTTP/1.1" 200 4586
190.3.215.228 - - [03/Jan/2015:13:41:16 -0500] "GET /galeria/carrusel/Carrusel/jquery.thumbnailScroller.css HTTP/1.1" 200 2066
190.3.215.228 - - [03/Jan/2015:13:41:16 -0500] "GET /galeria/carrusel/Carrusel/jquery-ui-1.8.13.custom.min.js HTTP/1.1" 200 10800
180.76.6.61 - - [03/Jan/2015:13:41:17 -0500] "GET /BLA/resoluciones/RESOLUCIONES%202007/RES%202007%20801%20AL%20900/RESOLUCION%200822%20DE%202007.pdf HTTP/1.1" 200 241599
190.3.215.228 - - [03/Jan/2015:13:41:17 -0500] "GET /galeria/carrusel/Carrusel/jquery.thumbnailScroller.js HTTP/1.1" 200 8157
66.249.64.171 - - [03/Jan/2015:13:41:25 -0500] "GET /BLA/resoluciones/RESOLUCIONES%202009/7330.pdf HTTP/1.1" 304 -
74.86.158.107 - - [03/Jan/2015:13:41:41 -0500] "HEAD / HTTP/1.1" 302 -
66.249.64.167 - - [03/Jan/2015:13:42:01 -0500] "GET /BLA/resoluciones/AUTOS%202006/AUTOS%202006%201801-%201900/00001807.tif HTTP/1.1" 304 -
66.249.64.163 - - [03/Jan/2015:13:42:10 -0500] "GET /BLA/resoluciones/RESOLUCIONES%202008/2899.pdf HTTP/1.1" 200 277366
66.249.64.171 - - [03/Jan/2015:13:42:13 -0500] "GET /BLA/resoluciones/AUTOS%202006/AUTOS%202006%20201-300/00000266.tif HTTP/1.1" 200 56696
180.76.5.168 - - [03/Jan/2015:13:42:15 -0500] "GET /BLA/boletinlegal;jsessionid=07FBAF1BF40CA82076183E3598CF69E3?/? HTTP/1.1" 404 1018
186.84.44.72 - - [03/Jan/2015:13:42:20 -0500] "POST /forms/lservlet;jsessionid=ac16012b30d5d11c6496e2c840dd94a48a0507ce41e7.e3iSbxaKaheRe34Sa3yKbhiTahb0n6jAmljGr5XDqQLvpAe HTTP/1.1" 200 2
66.249.64.163 - - [03/Jan/2015:13:42:54 -0500] "GET /BLA/resoluciones/AUTOS%202009/1836.pdf HTTP/1.1" 200 102227
190.85.181.178 - - [03/Jan/2015:13:42:55 -0500] "GET /BLA/boletinlegal/js/jquery.js HTTP/1.1" 200 57254
190.85.181.178 - - [03/Jan/2015:13:42:55 -0500] "GET /BLA/boletinlegal/js/jquery.scrollShow.js HTTP/1.1" 200 4586
190.85.181.178 - - [03/Jan/2015:13:42:55 -0500] "GET /BLA/boletinlegal/js/jquery.scrollTo-min.js HTTP/1.1" 200 1150
190.85.181.178 - - [03/Jan/2015:13:42:55 -0500] "GET /galeria/carrusel/Carrusel/jquery.thumbnailScroller.css HTTP/1.1" 200 2066
190.85.181.178 - - [03/Jan/2015:13:42:55 -0500] "GET /galeria/carrusel/Carrusel/jquery-ui-1.8.13.custom.min.js HTTP/1.1" 200 10800
181.50.28.12 - - [03/Jan/2015:13:42:55 -0500] "GET /BLA/boletinlegal/js/jquery.js HTTP/1.1" 200 57254
190.85.181.178 - - [03/Jan/2015:13:42:55 -0500] "GET /galeria/carrusel/Carrusel/jquery.thumbnailScroller.js HTTP/1.1" 200 8157
181.50.28.12 - - [03/Jan/2015:13:42:55 -0500] "GET /BLA/boletinlegal/js/jquery.scrollTo-min.js HTTP/1.1" 200 1150
181.50.28.12 - - [03/Jan/2015:13:42:55 -0500] "GET /BLA/boletinlegal/js/jquery.scrollShow.js HTTP/1.1" 200 4586
190.85.181.178 - - [03/Jan/2015:13:42:56 -0500] "GET /galeria/nivo-slider/demo/demo.html HTTP/1.1" 200 3150
190.85.181.178 - - [03/Jan/2015:13:42:56 -0500] "GET /galeria/nivo-slider/themes/pascal/pascal.css HTTP/1.1" 200 2258
190.85.181.178 - - [03/Jan/2015:13:42:56 -0500] "GET /galeria/nivo-slider/themes/default/default.css HTTP/1.1" 200 1569
190.85.181.178 - - [03/Jan/2015:13:42:56 -0500] "GET /galeria/nivo-slider/themes/orman/orman.css HTTP/1.1" 200 2152
190.85.181.178 - - [03/Jan/2015:13:42:56 -0500] "GET /galeria/nivo-slider/nivo-slider.css HTTP/1.1" 200 1507
190.85.181.178 - - [03/Jan/2015:13:42:56 -0500] "GET /galeria/nivo-slider/demo/style.css HTTP/1.1" 200 2222
190.85.181.178 - - [03/Jan/2015:13:42:56 -0500] "GET /galeria/nivo-slider/jquery.nivo.slider.pack.js HTTP/1.1" 200 11561
190.85.181.178 - - [03/Jan/2015:13:42:56 -0500] "GET /galeria/nivo-slider/demo/images/bolsas-08.jpg HTTP/1.1" 200 85589
190.85.181.178 - - [03/Jan/2015:13:42:56 -0500] "GET /galeria/nivo-slider/demo/images/bolsas-06.jpg HTTP/1.1" 200 90982
190.85.181.178 - - [03/Jan/2015:13:42:56 -0500] "GET /galeria/nivo-slider/demo/images/Ruta-vertimientos-01.jpg HTTP/1.1" 200 130151
190.85.181.178 - - [03/Jan/2015:13:42:56 -0500] "GET /galeria/nivo-slider/demo/scripts/jquery-1.7.1.min.js HTTP/1.1" 200 93868
190.85.181.178 - - [03/Jan/2015:13:42:56 -0500] "GET /galeria/nivo-slider/demo/images/ecolecta-Dic2014.png HTTP/1.1" 200 288593
190.85.181.178 - - [03/Jan/2015:13:42:56 -0500] "GET /galeria/nivo-slider/demo/images/porloshumedales.jpg HTTP/1.1" 200 351238
190.85.181.178 - - [03/Jan/2015:13:42:57 -0500] "GET /galeria/nivo-slider/demo/images/Banner-Caracol-Africano.jpg HTTP/1.1" 200 331986
190.85.181.178 - - [03/Jan/2015:13:42:57 -0500] "GET /galeria/nivo-slider/demo/images/Tingua-azul.jpg HTTP/1.1" 200 307638
190.85.181.178 - - [03/Jan/2015:13:42:57 -0500] "GET /galeria/nivo-slider/demo/images/banner-redes.jpg HTTP/1.1" 200 62209
190.85.181.178 - - [03/Jan/2015:13:42:57 -0500] "GET /galeria/nivo-slider/demo/images/9Signos.jpg HTTP/1.1" 200 93040
190.85.181.178 - - [03/Jan/2015:13:42:57 -0500] "GET /galeria/nivo-slider/demo/images/banner-llantas2.jpg HTTP/1.1" 200 73153
65.55.210.111 - - [03/Jan/2015:13:42:57 -0500] "GET /BLA/boletinlegal/js/jquery.js HTTP/1.1" 200 57254
190.85.181.178 - - [03/Jan/2015:13:42:57 -0500] "GET /galeria/nivo-slider/demo/images/banner-caballos.png HTTP/1.1" 200 389106
190.85.181.178 - - [03/Jan/2015:13:42:57 -0500] "GET /galeria/nivo-slider/demo/images/4Simple_Slider.png HTTP/1.1" 200 11722
190.85.181.178 - - [03/Jan/2015:13:42:57 -0500] "GET /galeria/nivo-slider/themes/default/loading.gif HTTP/1.1" 200 1737
65.55.210.111 - - [03/Jan/2015:13:42:58 -0500] "GET /BLA/boletinlegal/js/jquery.scrollTo-min.js HTTP/1.1" 200 1150
65.55.210.111 - - [03/Jan/2015:13:42:59 -0500] "GET /BLA/boletinlegal/js/jquery.scrollShow.js HTTP/1.1" 200 4586
190.85.181.178 - - [03/Jan/2015:13:42:59 -0500] "GET /galeria/nivo-slider/themes/default/arrows.png HTTP/1.1" 200 824
190.85.181.178 - - [03/Jan/2015:13:42:59 -0500] "GET /galeria/nivo-slider/themes/default/bullets.png HTTP/1.1" 200 1281
66.249.64.167 - - [03/Jan/2015:13:43:02 -0500] "GET /BLA/resoluciones/AUTOS%202006/AUTOS%202006%201801-%201900/00001852.tif HTTP/1.1" 304 -
66.249.64.167 - - [03/Jan/2015:13:43:02 -0500] "GET /BLA/resoluciones/AUTOS%202006/AUTOS%202006%20201-300/00000217.tif HTTP/1.1" 200 70840
65.55.210.111 - - [03/Jan/2015:13:43:04 -0500] "GET /galeria/nivo-slider/demo/demo.html HTTP/1.1" 200 3150
65.55.210.111 - - [03/Jan/2015:13:43:04 -0500] "GET /galeria/carrusel/Carrusel/jquery.thumbnailScroller.css HTTP/1.1" 200 2066
65.55.210.111 - - [03/Jan/2015:13:43:04 -0500] "GET /galeria/nivo-slider/themes/default/default.css HTTP/1.1" 200 1569
65.55.210.111 - - [03/Jan/2015:13:43:04 -0500] "GET /galeria/nivo-slider/themes/orman/orman.css HTTP/1.1" 200 2152
65.55.210.111 - - [03/Jan/2015:13:43:04 -0500] "GET /galeria/nivo-slider/themes/pascal/pascal.css HTTP/1.1" 200 2258
65.55.210.111 - - [03/Jan/2015:13:43:04 -0500] "GET /galeria/nivo-slider/nivo-slider.css HTTP/1.1" 200 1507
65.55.210.111 - - [03/Jan/2015:13:43:07 -0500] "GET /galeria/nivo-slider/demo/style.css HTTP/1.1" 200 2222
65.55.210.111 - - [03/Jan/2015:13:43:07 -0500] "GET /galeria/nivo-slider/demo/scripts/jquery-1.7.1.min.js HTTP/1.1" 200 93868
65.55.210.111 - - [03/Jan/2015:13:43:08 -0500] "GET /galeria/carrusel/Carrusel/jquery-ui-1.8.13.custom.min.js HTTP/1.1" 200 10800
65.55.210.111 - - [03/Jan/2015:13:43:08 -0500] "GET /galeria/nivo-slider/demo/images/bolsas-08.jpg HTTP/1.1" 200 85589
65.55.210.111 - - [03/Jan/2015:13:43:08 -0500] "GET /galeria/nivo-slider/demo/images/Ruta-vertimientos-01.jpg HTTP/1.1" 200 130151
65.55.210.111 - - [03/Jan/2015:13:43:09 -0500] "GET /galeria/carrusel/Carrusel/jquery.thumbnailScroller.js HTTP/1.1" 200 8157
65.55.210.111 - - [03/Jan/2015:13:43:09 -0500] "GET /galeria/nivo-slider/jquery.nivo.slider.pack.js HTTP/1.1" 200 11561
65.55.210.111 - - [03/Jan/2015:13:43:09 -0500] "GET /galeria/nivo-slider/demo/images/bolsas-06.jpg HTTP/1.1" 200 90982
65.55.210.111 - - [03/Jan/2015:13:43:09 -0500] "GET /galeria/nivo-slider/demo/images/ecolecta-Dic2014.png HTTP/1.1" 200 288593
65.55.210.111 - - [03/Jan/2015:13:43:10 -0500] "GET /galeria/nivo-slider/demo/images/porloshumedales.jpg HTTP/1.1" 200 351238
65.55.210.111 - - [03/Jan/2015:13:43:10 -0500] "GET /galeria/nivo-slider/demo/images/Tingua-azul.jpg HTTP/1.1" 200 307638
65.55.210.111 - - [03/Jan/2015:13:43:11 -0500] "GET /galeria/nivo-slider/demo/images/Banner-Caracol-Africano.jpg HTTP/1.1" 200 331986
65.55.210.111 - - [03/Jan/2015:13:43:12 -0500] "GET /galeria/nivo-slider/demo/images/banner-redes.jpg HTTP/1.1" 200 62209
65.55.210.111 - - [03/Jan/2015:13:43:12 -0500] "GET /galeria/nivo-slider/demo/images/9Signos.jpg HTTP/1.1" 200 93040
65.55.210.111 - - [03/Jan/2015:13:43:12 -0500] "GET /galeria/nivo-slider/demo/images/banner-llantas2.jpg HTTP/1.1" 200 73153
65.55.210.111 - - [03/Jan/2015:13:43:13 -0500] "GET /galeria/nivo-slider/demo/images/banner-caballos.png HTTP/1.1" 200 389106
65.55.210.111 - - [03/Jan/2015:13:43:13 -0500] "GET /galeria/nivo-slider/demo/images/4Simple_Slider.png HTTP/1.1" 200 11722
65.55.210.111 - - [03/Jan/2015:13:43:13 -0500] "GET /galeria/nivo-slider/themes/default/loading.gif HTTP/1.1" 200 1737
180.76.6.156 - - [03/Jan/2015:13:43:14 -0500] "GET /videos/Spot_CambioClimatico.flv HTTP/1.1" 200 4371917
65.55.210.111 - - [03/Jan/2015:13:43:15 -0500] "GET /galeria/nivo-slider/themes/default/arrows.png HTTP/1.1" 200 824
65.55.210.111 - - [03/Jan/2015:13:43:15 -0500] "GET /galeria/nivo-slider/themes/default/bullets.png HTTP/1.1" 200 1281
65.55.210.111 - - [03/Jan/2015:13:43:20 -0500] "GET /videos/Spot_CambioClimatico.flv HTTP/1.1" 200 4371917
198.50.209.251 - - [03/Jan/2015:13:43:33 -0500] "PUT /webdav/lgnx.php HTTP/1.1" 405 938
66.249.64.163 - - [03/Jan/2015:13:43:38 -0500] "GET /BLA/resoluciones/AUTOS%202007/1161.pdf HTTP/1.1" 304 -
66.249.64.163 - - [03/Jan/2015:13:44:04 -0500] "GET /BLA/resoluciones/RESOLUCIONES%202004/RES%202004%201001-1050/00001023.tif HTTP/1.1" 304 -
198.50.209.251 - - [03/Jan/2015:13:44:06 -0500] "PUT /webdav/lgnx.php HTTP/1.1" 405 938
186.84.44.72 - - [03/Jan/2015:13:44:20 -0500] "POST /forms/lservlet;jsessionid=ac16012b30d5d11c6496e2c840dd94a48a0507ce41e7.e3iSbxaKaheRe34Sa3yKbhiTahb0n6jAmljGr5XDqQLvpAe HTTP/1.1" 200 2
186.147.47.93 - - [03/Jan/2015:13:44:20 -0500] "GET /Residuos/maderas/maderas.html HTTP/1.1" 404 1314
186.147.47.93 - - [03/Jan/2015:13:44:21 -0500] "GET /favicon.ico HTTP/1.1" 200 7782
66.249.64.171 - - [03/Jan/2015:13:44:22 -0500] "GET /BLA/resoluciones/RESOLUCIONES%202009/2311.pdf HTTP/1.1" 200 424932
150.129.44.254 - - [03/Jan/2015:13:44:48 -0500] "GET /BLA/resoluciones/RESOLUCIONES%202009/5054.pdf HTTP/1.1" 200 695213
150.129.44.254 - - [03/Jan/2015:13:44:48 -0500] "GET /BLA/resoluciones/RESOLUCIONES%202009/5054.pdf HTTP/1.1" 206 32768
150.129.44.254 - - [03/Jan/2015:13:44:50 -0500] "GET /BLA/resoluciones/RESOLUCIONES%202009/5054.pdf HTTP/1.1" 206 662445
150.129.44.254 - - [03/Jan/2015:13:44:54 -0500] "GET /favicon.ico HTTP/1.1" 200 7782
66.249.64.167 - - [03/Jan/2015:13:45:05 -0500] "GET /BLA/resoluciones/RESOLUCIONES%202005/RES%202005%201001-1050/00001007.tif HTTP/1.1" 304 -
66.249.64.167 - - [03/Jan/2015:13:45:06 -0500] "GET /BLA/resoluciones/AUTOS%202011/5082.pdf HTTP/1.1" 304 -
180.76.6.14 - - [03/Jan/2015:13:45:18 -0500] "GET /BLA/resoluciones/RESOLUCIONES%202009/8711.pdf HTTP/1.1" 200 375708
66.249.64.167 - - [03/Jan/2015:13:45:50 -0500] "GET /BLA/resoluciones/RESOLUCIONES%202011/1747.pdf HTTP/1.1" 304 -
198.50.209.251 - - [03/Jan/2015:13:46:05 -0500] "PUT /webdav/lgnx.php HTTP/1.1" 405 938
66.249.64.163 - - [03/Jan/2015:13:46:07 -0500] "GET /BLA/resoluciones/RESOLUCIONES%202004/RES%202004%201201-1250/00001246.tif HTTP/1.1" 304 -
180.76.5.75 - - [03/Jan/2015:13:46:16 -0500] "GET /BLA/boletinlegal;jsessionid=700514D22464A423B45CB9F990CA8C3D?/? HTTP/1.1" 404 1018
186.84.44.72 - - [03/Jan/2015:13:46:20 -0500] "POST /forms/lservlet;jsessionid=ac16012b30d5d11c6496e2c840dd94a48a0507ce41e7.e3iSbxaKaheRe34Sa3yKbhiTahb0n6jAmljGr5XDqQLvpAe HTTP/1.1" 200 2
66.249.64.167 - - [03/Jan/2015:13:46:34 -0500] "GET /BLA/resoluciones/RESOLUCIONES%202009/4255.pdf HTTP/1.1" 304 -
198.50.209.251 - - [03/Jan/2015:13:46:39 -0500] "PUT /webdav/lgnx.php HTTP/1.1" 405 938
74.86.158.107 - - [03/Jan/2015:13:46:41 -0500] "HEAD / HTTP/1.1" 302 -
66.249.64.163 - - [03/Jan/2015:13:46:53 -0500] "GET /BLA/resoluciones/RESOLUCIONES%202010/5620.pdf HTTP/1.1" 200 2781685
66.249.64.171 - - [03/Jan/2015:13:47:08 -0500] "GET /BLA/resoluciones/RESOLUCIONES%202006/RES%202006%201351-1400/00001391.tif HTTP/1.1" 304 -
190.107.71.12 - - [03/Jan/2015:13:47:10 -0500] "GET /BLA/boletinlegal/js/jquery.scrollShow.js HTTP/1.0" 200 4586
190.107.71.12 - - [03/Jan/2015:13:47:10 -0500] "GET /BLA/boletinlegal/js/jquery.scrollTo-min.js HTTP/1.0" 200 1150
190.107.71.12 - - [03/Jan/2015:13:47:10 -0500] "GET /BLA/boletinlegal/js/jquery.js HTTP/1.0" 200 57254
190.107.71.12 - - [03/Jan/2015:13:47:14 -0500] "GET /hidrico/aguas%20subterraneas/ HTTP/1.0" 404 1296
180.76.5.149 - - [03/Jan/2015:13:47:15 -0500] "GET /BLA/resoluciones/AUTOS%202012/1501.pdf HTTP/1.1" 200 374117
66.249.64.163 - - [03/Jan/2015:13:47:18 -0500] "GET /BLA/resoluciones/RESOLUCIONES%202009/3734.pdf HTTP/1.1" 304 -
66.249.64.163 - - [03/Jan/2015:13:47:25 -0500] "GET /BLA/resoluciones/index.php?dir=RESOLUCIONES%202009/&sort=size&order=desc HTTP/1.1" 200 1672911
66.249.64.167 - - [03/Jan/2015:13:47:41 -0500] "GET /portel_dama/libreria/php/2006/ECOSISTEMAS%20FINAL%20web_mz27/x%20restauracion/sitio/22_proye/xtras_in/3a.pdf HTTP/1.1" 404 1018
66.249.64.163 - - [03/Jan/2015:13:48:02 -0500] "GET /BLA/resoluciones/RESOLUCIONES%202007/RES%202007%20101%20AL%20200/RESOLUCION%200183%20DE%202007.pdf HTTP/1.1" 304 -
66.249.64.171 - - [03/Jan/2015:13:48:10 -0500] "GET /BLA/resoluciones/RESOLUCIONES%202004/RES%202004%201201-1250/00001224.tif HTTP/1.1" 304 -
180.76.5.28 - - [03/Jan/2015:13:48:13 -0500] "GET /BLA/boletinlegal;jsessionid=49333239327F87B221A03464C556450C?/? HTTP/1.1" 404 1018
191.95.243.148 - - [03/Jan/2015:13:48:18 -0500] "GET /galeria/carrusel/Carrusel/jquery.thumbnailScroller.css HTTP/1.1" 200 2066
191.95.243.148 - - [03/Jan/2015:13:48:18 -0500] "GET /BLA/boletinlegal/js/jquery.js HTTP/1.1" 200 57254
191.95.243.148 - - [03/Jan/2015:13:48:18 -0500] "GET /BLA/boletinlegal/js/jquery.scrollTo-min.js HTTP/1.1" 200 1150
191.95.243.148 - - [03/Jan/2015:13:48:18 -0500] "GET /BLA/boletinlegal/js/jquery.scrollShow.js HTTP/1.1" 200 4586
191.95.243.148 - - [03/Jan/2015:13:48:18 -0500] "GET /galeria/carrusel/Carrusel/jquery-ui-1.8.13.custom.min.js HTTP/1.1" 200 10800
191.95.243.148 - - [03/Jan/2015:13:48:18 -0500] "GET /galeria/carrusel/Carrusel/jquery.thumbnailScroller.js HTTP/1.1" 200 8157
186.84.44.72 - - [03/Jan/2015:13:48:20 -0500] "POST /forms/lservlet;jsessionid=ac16012b30d5d11c6496e2c840dd94a48a0507ce41e7.e3iSbxaKaheRe34Sa3yKbhiTahb0n6jAmljGr5XDqQLvpAe HTTP/1.1" 200 2
198.50.209.251 - - [03/Jan/2015:13:48:24 -0500] "PUT /webdav/lgnx.php HTTP/1.1" 405 938
180.76.4.20 - - [03/Jan/2015:13:48:30 -0500] "GET / HTTP/1.1" 302 -
66.249.64.163 - - [03/Jan/2015:13:48:46 -0500] "GET /BLA/resoluciones/RESOLUCIONES%202009/6828.pdf HTTP/1.1" 304 -
198.50.209.251 - - [03/Jan/2015:13:48:59 -0500] "PUT /webdav/lgnx.php HTTP/1.1" 405 938
66.249.64.171 - - [03/Jan/2015:13:49:12 -0500] "GET /BLA/resoluciones/RESOLUCIONES%202005/RES%202005%201001-1050/00001014.tif HTTP/1.1" 304 -
66.249.64.163 - - [03/Jan/2015:13:49:30 -0500] "GET /BLA/resoluciones/AUTOS%202012/1200.pdf HTTP/1.1" 200 1081166
66.249.64.163 - - [03/Jan/2015:13:50:13 -0500] "GET /BLA/resoluciones/RESOLUCIONES%202002/RES%202002%20201-250/2002RES216.tif HTTP/1.1" 304 -
186.87.113.110 - - [03/Jan/2015:13:50:14 -0500] "GET /BLA/boletinlegal/js/jquery.js HTTP/1.1" 200 57254
186.87.113.110 - - [03/Jan/2015:13:50:14 -0500] "GET /BLA/boletinlegal/js/jquery.scrollShow.js HTTP/1.1" 200 4586
186.87.113.110 - - [03/Jan/2015:13:50:14 -0500] "GET /BLA/boletinlegal/js/jquery.scrollTo-min.js HTTP/1.1" 200 1150
66.249.64.163 - - [03/Jan/2015:13:50:14 -0500] "GET /BLA/resoluciones/AUTOS%202013/0584.pdf HTTP/1.1" 304 -
66.249.64.167 - - [03/Jan/2015:13:50:19 -0500] "GET /BLA/resoluciones/AUTOS%202007/2270.pdf HTTP/1.1" 200 202398
186.84.44.72 - - [03/Jan/2015:13:50:20 -0500] "POST /forms/lservlet;jsessionid=ac16012b30d5d11c6496e2c840dd94a48a0507ce41e7.e3iSbxaKaheRe34Sa3yKbhiTahb0n6jAmljGr5XDqQLvpAe HTTP/1.1" 200 2
66.249.64.167 - - [03/Jan/2015:13:50:35 -0500] "GET /BLA/resoluciones/RESOLUCIONES%202007/RES%202007%20501%20AL%20600/RESOLUCION%200568%20DE%202007.pdf HTTP/1.1" 200 772331
66.249.64.163 - - [03/Jan/2015:13:50:59 -0500] "GET /BLA/resoluciones/RESOLUCIONES%202011/5761.pdf HTTP/1.1" 304 -
66.249.64.43 - - [03/Jan/2015:13:50:59 -0500] "GET /BLA/boletinlegal/index.php HTTP/1.1" 200 49382
66.249.64.171 - - [03/Jan/2015:13:51:36 -0500] "GET /BLA/resoluciones/RESOLUCIONES%202006/RES%202006%201351-1400/00001388.tif HTTP/1.1" 304 -
66.249.64.163 - - [03/Jan/2015:13:51:37 -0500] "GET /BLA/resoluciones/RESOLUCIONES%202008/3867.pdf HTTP/1.1" 200 386359
198.50.209.251 - - [03/Jan/2015:13:51:38 -0500] "PUT /webdav/lgnx.php HTTP/1.1" 405 938
74.86.158.107 - - [03/Jan/2015:13:51:41 -0500] "HEAD / HTTP/1.1" 302 -
66.249.64.171 - - [03/Jan/2015:13:52:08 -0500] "GET /BLA/resoluciones/RESOLUCIONES%202012/1304.pdf HTTP/1.1" 200 474303
66.249.64.167 - - [03/Jan/2015:13:52:10 -0500] "GET /BLA/resoluciones/AUTOS%202006/AUTOS%202006%20201-300/00000265.tif HTTP/1.1" 200 52802
66.249.64.167 - - [03/Jan/2015:13:52:11 -0500] "GET /BLA/resoluciones/RESOLUCIONES%202013/0372.pdf HTTP/1.1" 304 -
198.50.209.251 - - [03/Jan/2015:13:52:14 -0500] "PUT /webdav/lgnx.php HTTP/1.1" 405 938
66.249.64.163 - - [03/Jan/2015:13:52:15 -0500] "GET /BLA/resoluciones/RESOLUCIONES%202004/RES%202004%202301-2350/00002317.tif HTTP/1.1" 304 -
186.84.44.72 - - [03/Jan/2015:13:52:20 -0500] "POST /forms/lservlet;jsessionid=ac16012b30d5d11c6496e2c840dd94a48a0507ce41e7.e3iSbxaKaheRe34Sa3yKbhiTahb0n6jAmljGr5XDqQLvpAe HTTP/1.1" 200 2
66.249.64.167 - - [03/Jan/2015:13:53:09 -0500] "GET /BLA/boletinlegal/jurisprudencia/analisis/Analisis%20Sentencia%20T-1077,%202%20corregida.doc HTTP/1.1" 200 47616
66.249.64.171 - - [03/Jan/2015:13:53:18 -0500] "GET /BLA/resoluciones/RESOLUCIONES%202004/RES%202004%202301-2350/00002330.tif HTTP/1.1" 304 -
186.85.112.40 - - [03/Jan/2015:13:53:26 -0500] "GET /BLA/boletinlegal/js/jquery.scrollTo-min.js HTTP/1.1" 200 1150
186.85.112.40 - - [03/Jan/2015:13:53:26 -0500] "GET /BLA/boletinlegal/js/jquery.scrollShow.js HTTP/1.1" 200 4586
186.85.112.40 - - [03/Jan/2015:13:53:26 -0500] "GET /BLA/boletinlegal/js/jquery.js HTTP/1.1" 200 57254
66.249.64.39 - - [03/Jan/2015:13:53:38 -0500] "GET /POT-2013/index.php?dir=memoria%20justificativa/&sort=size&order=desc HTTP/1.1" 200 2483
66.249.64.43 - - [03/Jan/2015:13:54:07 -0500] "GET /ecodirectorio/files/res/pages/page_0115.swf HTTP/1.1" 200 345018
191.76.56.149 - - [03/Jan/2015:13:54:18 -0500] "GET /BLA/boletinlegal/js/jquery.js HTTP/1.1" 200 57254
191.76.56.149 - - [03/Jan/2015:13:54:18 -0500] "GET /BLA/boletinlegal/js/jquery.scrollTo-min.js HTTP/1.1" 200 1150
191.76.56.149 - - [03/Jan/2015:13:54:18 -0500] "GET /BLA/boletinlegal/js/jquery.scrollShow.js HTTP/1.1" 200 4586
66.249.64.163 - - [03/Jan/2015:13:54:19 -0500] "GET /BLA/resoluciones/RESOLUCIONES%202004/RES%202004%201001-1050/00001031.tif HTTP/1.1" 304 -
186.84.44.72 - - [03/Jan/2015:13:54:20 -0500] "POST /forms/lservlet;jsessionid=ac16012b30d5d11c6496e2c840dd94a48a0507ce41e7.e3iSbxaKaheRe34Sa3yKbhiTahb0n6jAmljGr5XDqQLvpAe HTTP/1.1" 200 2
66.249.64.163 - - [03/Jan/2015:13:54:22 -0500] "GET /portel_dama/libreria/php/2006/ECOSISTEMAS%20FINAL%20web_mz27/x%20restauracion/sitio/55_artic/xtras/10.pdf HTTP/1.1" 404 1018
66.249.64.43 - - [03/Jan/2015:13:54:36 -0500] "GET /ecodirectorio/files/res/languages/ar/download.xml HTTP/1.1" 304 -
186.30.65.119 - - [03/Jan/2015:13:54:48 -0500] "GET /BLA/boletinlegal/js/jquery.scrollTo-min.js HTTP/1.1" 200 1150
186.30.65.119 - - [03/Jan/2015:13:54:48 -0500] "GET /BLA/boletinlegal/js/jquery.scrollShow.js HTTP/1.1" 200 4586
186.30.65.119 - - [03/Jan/2015:13:54:48 -0500] "GET /BLA/boletinlegal/js/jquery.js HTTP/1.1" 200 57254
66.249.64.47 - - [03/Jan/2015:13:55:05 -0500] "GET /Autoliquidacion/index.php?dir=TR%C1MITES+AGUAS+SUBTERR%C1NEAS%2F126PM04-PR93-PR%D3RROGA+CONCESI%D3N+AGUAS+SUBTERR%C1NEAS%2F HTTP/1.1" 200 2907
66.249.64.167 - - [03/Jan/2015:13:55:21 -0500] "GET /BLA/resoluciones/RESOLUCIONES%202006/RES%202006%201351-1400/00001356.tif HTTP/1.1" 304 -
191.76.56.149 - - [03/Jan/2015:13:55:25 -0500] "GET /galeria/carrusel/Carrusel/jquery.thumbnailScroller.css HTTP/1.1" 200 2066
191.76.56.149 - - [03/Jan/2015:13:55:25 -0500] "GET /galeria/carrusel/Carrusel/jquery-ui-1.8.13.custom.min.js HTTP/1.1" 200 10800
191.76.56.149 - - [03/Jan/2015:13:55:25 -0500] "GET /galeria/carrusel/Carrusel/jquery.thumbnailScroller.js HTTP/1.1" 200 8157
191.76.56.149 - - [03/Jan/2015:13:55:26 -0500] "GET /galeria/nivo-slider/demo/demo.html HTTP/1.1" 200 3150
66.249.64.47 - - [03/Jan/2015:13:55:28 -0500] "GET /POT-2013/dlf/styles.css HTTP/1.1" 200 3045
66.249.64.167 - - [03/Jan/2015:13:55:31 -0500] "GET /BLA/resoluciones/Autos%202008/1011.pdf HTTP/1.1" 200 214952
191.76.56.149 - - [03/Jan/2015:13:55:33 -0500] "GET /galeria/nivo-slider/themes/default/default.css HTTP/1.1" 200 1569
66.249.64.171 - - [03/Jan/2015:13:55:34 -0500] "GET /BLA/resoluciones/RESOLUCIONES%202010/2320.pdf HTTP/1.1" 200 408627
191.76.56.149 - - [03/Jan/2015:13:55:35 -0500] "GET /galeria/nivo-slider/themes/pascal/pascal.css HTTP/1.1" 200 2258
191.76.56.149 - - [03/Jan/2015:13:55:35 -0500] "GET /galeria/nivo-slider/themes/orman/orman.css HTTP/1.1" 200 2152
191.76.56.149 - - [03/Jan/2015:13:55:35 -0500] "GET /galeria/nivo-slider/nivo-slider.css HTTP/1.1" 200 1507
191.76.56.149 - - [03/Jan/2015:13:55:35 -0500] "GET /galeria/nivo-slider/demo/style.css HTTP/1.1" 200 2222
191.76.56.149 - - [03/Jan/2015:13:55:35 -0500] "GET /galeria/nivo-slider/demo/images/bolsas-08.jpg HTTP/1.1" 200 85589
191.76.56.149 - - [03/Jan/2015:13:55:35 -0500] "GET /galeria/nivo-slider/demo/images/Ruta-vertimientos-01.jpg HTTP/1.1" 200 130151
191.76.56.149 - - [03/Jan/2015:13:55:36 -0500] "GET /galeria/nivo-slider/demo/images/bolsas-06.jpg HTTP/1.1" 200 90982
191.76.56.149 - - [03/Jan/2015:13:55:37 -0500] "GET /galeria/nivo-slider/demo/images/ecolecta-Dic2014.png HTTP/1.1" 200 288593
191.76.56.149 - - [03/Jan/2015:13:55:44 -0500] "GET /galeria/nivo-slider/demo/images/porloshumedales.jpg HTTP/1.1" 200 351238
191.76.56.149 - - [03/Jan/2015:13:55:44 -0500] "GET /galeria/nivo-slider/demo/images/Tingua-azul.jpg HTTP/1.1" 200 307638
191.76.56.149 - - [03/Jan/2015:13:55:45 -0500] "GET /galeria/nivo-slider/demo/images/Banner-Caracol-Africano.jpg HTTP/1.1" 200 331986
191.76.56.149 - - [03/Jan/2015:13:55:45 -0500] "GET /galeria/nivo-slider/demo/images/banner-redes.jpg HTTP/1.1" 200 62209
191.76.56.149 - - [03/Jan/2015:13:55:46 -0500] "GET /galeria/nivo-slider/demo/images/9Signos.jpg HTTP/1.1" 200 93040
191.76.56.149 - - [03/Jan/2015:13:55:53 -0500] "GET /galeria/nivo-slider/demo/images/banner-llantas2.jpg HTTP/1.1" 200 73153
191.76.56.149 - - [03/Jan/2015:13:55:55 -0500] "GET /galeria/nivo-slider/demo/images/banner-caballos.png HTTP/1.1" 200 389106
191.76.56.149 - - [03/Jan/2015:13:55:55 -0500] "GET /galeria/nivo-slider/demo/scripts/jquery-1.7.1.min.js HTTP/1.1" 200 93868
191.76.56.149 - - [03/Jan/2015:13:55:55 -0500] "GET /galeria/nivo-slider/jquery.nivo.slider.pack.js HTTP/1.1" 200 11561
191.76.56.149 - - [03/Jan/2015:13:55:58 -0500] "GET /galeria/nivo-slider/demo/images/4Simple_Slider.png HTTP/1.1" 200 11722
191.76.56.149 - - [03/Jan/2015:13:55:59 -0500] "GET /galeria/nivo-slider/themes/default/loading.gif HTTP/1.1" 200 1737
66.249.64.167 - - [03/Jan/2015:13:56:03 -0500] "GET /BLA/resoluciones/RESOLUCIONES%202008/4222.pdf HTTP/1.1" 304 -
191.76.56.149 - - [03/Jan/2015:13:56:04 -0500] "GET /galeria/nivo-slider/themes/default/arrows.png HTTP/1.1" 200 824
191.76.56.149 - - [03/Jan/2015:13:56:04 -0500] "GET /galeria/nivo-slider/themes/default/bullets.png HTTP/1.1" 200 1281
186.84.44.72 - - [03/Jan/2015:13:56:20 -0500] "POST /forms/lservlet;jsessionid=ac16012b30d5d11c6496e2c840dd94a48a0507ce41e7.e3iSbxaKaheRe34Sa3yKbhiTahb0n6jAmljGr5XDqQLvpAe HTTP/1.1" 200 2
66.249.64.167 - - [03/Jan/2015:13:56:22 -0500] "GET /BLA/resoluciones/RESOLUCIONES%202005/RES%202005%202351-2400/00002360.tif HTTP/1.1" 304 -
66.249.64.163 - - [03/Jan/2015:13:56:32 -0500] "GET /BLA/resoluciones/AUTOS%202010/6624.pdf HTTP/1.1" 200 304624
74.86.158.107 - - [03/Jan/2015:13:56:41 -0500] "HEAD / HTTP/1.1" 302 -
66.249.64.47 - - [03/Jan/2015:13:56:47 -0500] "GET /ecodirectorio/files/res/pages/page_0115.swf HTTP/1.1" 200 345018
66.249.64.167 - - [03/Jan/2015:13:57:01 -0500] "GET /BLA/resoluciones/AUTOS%202012/1554.pdf HTTP/1.1" 200 2044394
180.76.6.131 - - [03/Jan/2015:13:57:15 -0500] "GET /BLA/resoluciones/AUTOS%202011/5688.pdf HTTP/1.1" 200 204450
66.249.64.171 - - [03/Jan/2015:13:57:24 -0500] "GET /BLA/resoluciones/RESOLUCIONES%202006/RES%202006%201351-1400/00001386.tif HTTP/1.1" 304 -
66.249.64.163 - - [03/Jan/2015:13:57:31 -0500] "GET /BLA/resoluciones/RESOLUCIONES%202009/1574.pdf HTTP/1.1" 200 110069
190.158.160.225 - - [03/Jan/2015:13:57:55 -0500] "GET /BLA/boletinlegal/js/jquery.js HTTP/1.1" 200 57254
190.158.160.225 - - [03/Jan/2015:13:57:55 -0500] "GET /BLA/boletinlegal/js/jquery.scrollTo-min.js HTTP/1.1" 200 1150
190.158.160.225 - - [03/Jan/2015:13:57:55 -0500] "GET /BLA/boletinlegal/js/jquery.scrollShow.js HTTP/1.1" 200 4586
190.158.160.225 - - [03/Jan/2015:13:57:57 -0500] "GET /galeria/carrusel/Carrusel/jquery.thumbnailScroller.css HTTP/1.1" 200 2066
190.158.160.225 - - [03/Jan/2015:13:57:58 -0500] "GET /galeria/carrusel/Carrusel/jquery.thumbnailScroller.js HTTP/1.1" 200 8157
190.158.160.225 - - [03/Jan/2015:13:57:58 -0500] "GET /galeria/carrusel/Carrusel/jquery-ui-1.8.13.custom.min.js HTTP/1.1" 200 10800
190.158.160.225 - - [03/Jan/2015:13:57:59 -0500] "GET /galeria/nivo-slider/demo/demo.html HTTP/1.1" 200 3150
190.158.160.225 - - [03/Jan/2015:13:57:59 -0500] "GET /galeria/nivo-slider/themes/pascal/pascal.css HTTP/1.1" 200 2258
190.158.160.225 - - [03/Jan/2015:13:57:59 -0500] "GET /galeria/nivo-slider/themes/default/default.css HTTP/1.1" 200 1569
190.158.160.225 - - [03/Jan/2015:13:57:59 -0500] "GET /galeria/nivo-slider/themes/orman/orman.css HTTP/1.1" 200 2152
190.158.160.225 - - [03/Jan/2015:13:57:59 -0500] "GET /galeria/nivo-slider/demo/style.css HTTP/1.1" 200 2222
190.158.160.225 - - [03/Jan/2015:13:57:59 -0500] "GET /galeria/nivo-slider/nivo-slider.css HTTP/1.1" 200 1507
190.158.160.225 - - [03/Jan/2015:13:57:59 -0500] "GET /galeria/nivo-slider/demo/images/Ruta-vertimientos-01.jpg HTTP/1.1" 200 130151
190.158.160.225 - - [03/Jan/2015:13:57:59 -0500] "GET /galeria/nivo-slider/demo/scripts/jquery-1.7.1.min.js HTTP/1.1" 200 93868
190.158.160.225 - - [03/Jan/2015:13:57:59 -0500] "GET /galeria/nivo-slider/demo/images/bolsas-08.jpg HTTP/1.1" 200 85589
190.158.160.225 - - [03/Jan/2015:13:57:59 -0500] "GET /galeria/nivo-slider/jquery.nivo.slider.pack.js HTTP/1.1" 200 11561
190.158.160.225 - - [03/Jan/2015:13:58:00 -0500] "GET /galeria/nivo-slider/demo/images/ecolecta-Dic2014.png HTTP/1.1" 200 288593
190.158.160.225 - - [03/Jan/2015:13:58:00 -0500] "GET /galeria/nivo-slider/demo/images/bolsas-06.jpg HTTP/1.1" 200 90982
66.249.64.171 - - [03/Jan/2015:13:58:00 -0500] "GET /BLA/resoluciones/RESOLUCIONES%202010/2567.pdf HTTP/1.1" 200 545745
190.158.160.225 - - [03/Jan/2015:13:58:00 -0500] "GET /galeria/nivo-slider/demo/images/porloshumedales.jpg HTTP/1.1" 200 351238
190.158.160.225 - - [03/Jan/2015:13:58:00 -0500] "GET /galeria/nivo-slider/demo/images/Tingua-azul.jpg HTTP/1.1" 200 307638
190.158.160.225 - - [03/Jan/2015:13:58:00 -0500] "GET /galeria/nivo-slider/demo/images/banner-redes.jpg HTTP/1.1" 200 62209
190.158.160.225 - - [03/Jan/2015:13:58:00 -0500] "GET /galeria/nivo-slider/demo/images/Banner-Caracol-Africano.jpg HTTP/1.1" 200 331986
190.158.160.225 - - [03/Jan/2015:13:58:00 -0500] "GET /galeria/nivo-slider/demo/images/4Simple_Slider.png HTTP/1.1" 200 11722
190.158.160.225 - - [03/Jan/2015:13:58:00 -0500] "GET /galeria/nivo-slider/themes/default/loading.gif HTTP/1.1" 200 1737
190.158.160.225 - - [03/Jan/2015:13:58:00 -0500] "GET /galeria/nivo-slider/demo/images/9Signos.jpg HTTP/1.1" 200 93040
190.158.160.225 - - [03/Jan/2015:13:58:00 -0500] "GET /galeria/nivo-slider/demo/images/banner-llantas2.jpg HTTP/1.1" 200 73153
186.84.44.72 - - [03/Jan/2015:13:58:20 -0500] "POST /forms/lservlet;jsessionid=ac16012b30d5d11c6496e2c840dd94a48a0507ce41e7.e3iSbxaKaheRe34Sa3yKbhiTahb0n6jAmljGr5XDqQLvpAe HTTP/1.1" 200 2
66.249.64.163 - - [03/Jan/2015:13:58:26 -0500] "GET /BLA/resoluciones/RESOLUCIONES%202004/RES%202004%202301-2350/00002343.tif HTTP/1.1" 304 -
181.135.241.46 - - [03/Jan/2015:13:58:26 -0500] "GET /galeria/nivo-slider/demo/demo.html HTTP/1.1" 304 -
181.135.241.46 - - [03/Jan/2015:13:58:27 -0500] "GET /galeria/nivo-slider/demo/images/bolsas-08.jpg HTTP/1.1" 304 -
181.135.241.46 - - [03/Jan/2015:13:58:27 -0500] "GET /galeria/nivo-slider/demo/images/Ruta-vertimientos-01.jpg HTTP/1.1" 304 -
181.135.241.46 - - [03/Jan/2015:13:58:27 -0500] "GET /galeria/nivo-slider/demo/images/bolsas-06.jpg HTTP/1.1" 304 -
66.249.64.171 - - [03/Jan/2015:13:58:29 -0500] "GET /BLA/resoluciones/RESOLUCIONES%202010/1084.pdf HTTP/1.1" 200 134138
66.249.64.163 - - [03/Jan/2015:13:58:58 -0500] "GET /BLA/resoluciones/RESOLUCIONES%202011/5718.pdf HTTP/1.1" 200 634598
66.249.64.167 - - [03/Jan/2015:13:59:17 -0500] "GET /BLA/resoluciones/RESOLUCIONES%202004/RES%202004%201251-1300/00001259.tif HTTP/1.1" 200 131820
66.249.64.167 - - [03/Jan/2015:13:59:27 -0500] "GET /BLA/resoluciones/RESOLUCIONES%202009/5522.pdf HTTP/1.1" 200 518729
66.249.64.163 - - [03/Jan/2015:13:59:28 -0500] "GET /galeria/nivo-slider/demo/images/bannerEcolecta3.jpg HTTP/1.1" 304 -
66.249.64.163 - - [03/Jan/2015:13:59:56 -0500] "GET /BLA/resoluciones/AUTOS%202009/3610.pdf HTTP/1.1" 304 -
186.84.44.72 - - [03/Jan/2015:14:00:20 -0500] "POST /forms/lservlet;jsessionid=ac16012b30d5d11c6496e2c840dd94a48a0507ce41e7.e3iSbxaKaheRe34Sa3yKbhiTahb0n6jAmljGr5XDqQLvpAe HTTP/1.1" 200 2
66.249.64.163 - - [03/Jan/2015:14:00:25 -0500] "GET /BLA/resoluciones/RESOLUCIONES%202013/1209.pdf HTTP/1.1" 304 -
190.253.189.178 - - [03/Jan/2015:14:00:26 -0500] "GET /galeria/carrusel/Carrusel/jquery.thumbnailScroller.css HTTP/1.1" 200 2066
190.253.189.178 - - [03/Jan/2015:14:00:26 -0500] "GET /BLA/boletinlegal/js/jquery.js HTTP/1.1" 200 57254
190.253.189.178 - - [03/Jan/2015:14:00:26 -0500] "GET /BLA/boletinlegal/js/jquery.scrollTo-min.js HTTP/1.1" 200 1150
190.253.189.178 - - [03/Jan/2015:14:00:26 -0500] "GET /BLA/boletinlegal/js/jquery.scrollShow.js HTTP/1.1" 200 4586
190.253.189.178 - - [03/Jan/2015:14:00:26 -0500] "GET /galeria/carrusel/Carrusel/jquery-ui-1.8.13.custom.min.js HTTP/1.1" 200 10800
190.253.189.178 - - [03/Jan/2015:14:00:26 -0500] "GET /galeria/carrusel/Carrusel/jquery.thumbnailScroller.js HTTP/1.1" 200 8157
190.253.189.178 - - [03/Jan/2015:14:00:27 -0500] "GET /galeria/nivo-slider/demo/demo.html HTTP/1.1" 200 3150
190.253.189.178 - - [03/Jan/2015:14:00:28 -0500] "GET /galeria/nivo-slider/themes/default/default.css HTTP/1.1" 200 1569
190.253.189.178 - - [03/Jan/2015:14:00:28 -0500] "GET /galeria/nivo-slider/themes/pascal/pascal.css HTTP/1.1" 200 2258
190.253.189.178 - - [03/Jan/2015:14:00:28 -0500] "GET /galeria/nivo-slider/themes/orman/orman.css HTTP/1.1" 200 2152
190.253.189.178 - - [03/Jan/2015:14:00:28 -0500] "GET /galeria/nivo-slider/nivo-slider.css HTTP/1.1" 200 1507
190.253.189.178 - - [03/Jan/2015:14:00:28 -0500] "GET /galeria/nivo-slider/demo/style.css HTTP/1.1" 200 2222
190.253.189.178 - - [03/Jan/2015:14:00:28 -0500] "GET /galeria/nivo-slider/demo/scripts/jquery-1.7.1.min.js HTTP/1.1" 200 93868
190.253.189.178 - - [03/Jan/2015:14:00:28 -0500] "GET /galeria/nivo-slider/jquery.nivo.slider.pack.js HTTP/1.1" 200 11561
190.253.189.178 - - [03/Jan/2015:14:00:28 -0500] "GET /galeria/nivo-slider/demo/images/bolsas-08.jpg HTTP/1.1" 200 85589
190.253.189.178 - - [03/Jan/2015:14:00:28 -0500] "GET /galeria/nivo-slider/demo/images/Ruta-vertimientos-01.jpg HTTP/1.1" 200 130151
190.253.189.178 - - [03/Jan/2015:14:00:28 -0500] "GET /galeria/nivo-slider/demo/images/bolsas-06.jpg HTTP/1.1" 200 90982
190.253.189.178 - - [03/Jan/2015:14:00:28 -0500] "GET /galeria/nivo-slider/demo/images/ecolecta-Dic2014.png HTTP/1.1" 200 288593
66.249.64.167 - - [03/Jan/2015:14:00:29 -0500] "GET /visorSDA/images/img/nolines_plus.gif HTTP/1.1" 304 -
190.253.189.178 - - [03/Jan/2015:14:00:29 -0500] "GET /galeria/nivo-slider/demo/images/porloshumedales.jpg HTTP/1.1" 200 351238
190.253.189.178 - - [03/Jan/2015:14:00:29 -0500] "GET /galeria/nivo-slider/demo/images/Tingua-azul.jpg HTTP/1.1" 200 307638
