186.84.44.72 - - [03/Jan/2015:10:40:11 -0500] "POST /forms/lservlet;jsessionid=ac16012b30d5d11c6496e2c840dd94a48a0507ce41e7.e3iSbxaKaheRe34Sa3yKbhiTahb0n6jAmljGr5XDqQLvpAe HTTP/1.1" 200 2
66.249.64.171 - - [03/Jan/2015:10:40:32 -0500] "GET /BLA/resoluciones/RESOLUCIONES%202010/4138.pdf HTTP/1.1" 200 750287
180.76.5.172 - - [03/Jan/2015:10:40:41 -0500] "GET /BLA/boletinlegal;jsessionid=1A8DF71940BEA8B8023459EAD3EADDAF?/? HTTP/1.1" 404 1018
66.249.64.171 - - [03/Jan/2015:10:40:42 -0500] "GET /BLA/resoluciones/RESOLUCIONES%202005/RES%202005%201001-1050/00001013.tif HTTP/1.1" 304 -
190.127.234.151 - - [03/Jan/2015:10:41:02 -0500] "GET /isolucionsda/IdentificaUsuario.asp?Pagina1=FrameSetGeneral.asp& HTTP/1.1" 200 4997
66.249.64.171 - - [03/Jan/2015:10:41:16 -0500] "GET /BLA/resoluciones/AUTOS%202007/3712.pdf HTTP/1.1" 200 135860
180.76.6.62 - - [03/Jan/2015:10:41:40 -0500] "GET /BLA/resoluciones/RESOLUCIONES%202008/2966.pdf HTTP/1.1" 200 252869
74.86.158.107 - - [03/Jan/2015:10:41:41 -0500] "GET / HTTP/1.1" 302 -
66.249.64.171 - - [03/Jan/2015:10:41:43 -0500] "GET /BLA/resoluciones/RESOLUCIONES%202006/RES%202006%201701-1751/00001735.tif HTTP/1.1" 304 -
66.249.64.167 - - [03/Jan/2015:10:42:00 -0500] "GET /BLA/resoluciones/RESOLUCIONES%202009/0608.pdf HTTP/1.1" 200 310457
186.84.44.72 - - [03/Jan/2015:10:42:11 -0500] "POST /forms/lservlet;jsessionid=ac16012b30d5d11c6496e2c840dd94a48a0507ce41e7.e3iSbxaKaheRe34Sa3yKbhiTahb0n6jAmljGr5XDqQLvpAe HTTP/1.1" 200 2
66.249.64.167 - - [03/Jan/2015:10:42:14 -0500] "GET /BLA/resoluciones/RESOLUCIONES%202006/RES%202006%201051-1100/00001070.tif HTTP/1.1" 200 163092
190.68.181.124 - - [03/Jan/2015:10:42:17 -0500] "GET /forest/session.jsp?a=0.1750212197637525 HTTP/1.1" 200 4
180.76.5.59 - - [03/Jan/2015:10:42:38 -0500] "GET /BLA/boletinlegal;jsessionid=8F3BBA2DA5B1FC4CE12694F35D6A05B4?/? HTTP/1.1" 404 1018
190.68.181.124 - - [03/Jan/2015:10:42:42 -0500] "GET /forest/css/index.css?version=1412.231748 HTTP/1.1" 304 -
190.68.181.124 - - [03/Jan/2015:10:42:42 -0500] "GET /forest/skins/gdocs-jar/css/autocomplete.css?version=1412.231748 HTTP/1.1" 304 -
190.68.181.124 - - [03/Jan/2015:10:42:42 -0500] "GET /forest/skins/gdocs-jar/css/forest.css?version=1412.231748 HTTP/1.1" 304 -
190.68.181.124 - - [03/Jan/2015:10:42:42 -0500] "GET /forest/skins/gdocs-jar/css/menu.css?version=1412.231748 HTTP/1.1" 304 -
190.68.181.124 - - [03/Jan/2015:10:42:42 -0500] "GET /forest/css/escritorio.css?version=1412.231748 HTTP/1.1" 304 -
190.68.181.124 - - [03/Jan/2015:10:42:42 -0500] "GET /forest/1ibre/jscalendar/calendar-win2k-1.css?version=1412.231748 HTTP/1.1" 304 -
190.68.181.124 - - [03/Jan/2015:10:42:42 -0500] "GET /forest/skins/gdocs-jar/css/dialog.css?version=1412.231748 HTTP/1.1" 304 -
190.68.181.124 - - [03/Jan/2015:10:42:42 -0500] "GET /forest/skins/gdocs-jar/css/forms.css?version=1412.231748 HTTP/1.1" 304 -
190.68.181.124 - - [03/Jan/2015:10:42:42 -0500] "GET /forest/img/forestIcon.gif?version=1412.231748 HTTP/1.1" 304 -
190.68.181.124 - - [03/Jan/2015:10:42:42 -0500] "GET /forest/misactividades.do?_a=0.9094278165435603&group_system_actual=3 HTTP/1.1" 200 37878
190.68.181.124 - - [03/Jan/2015:10:42:43 -0500] "GET /forest/session.jsp?a=0.3872239029712422 HTTP/1.1" 200 4
190.68.181.124 - - [03/Jan/2015:10:42:43 -0500] "POST /forest/misactividades.do?ajax=true&a=0.25787799617770557 HTTP/1.1" 200 10176
66.249.64.171 - - [03/Jan/2015:10:42:44 -0500] "GET /BLA/resoluciones/RESOLUCIONES%202008/0198.pdf HTTP/1.1" 200 291288
66.249.64.163 - - [03/Jan/2015:10:42:45 -0500] "GET /BLA/resoluciones/RESOLUCIONES%202003/RES%202003%20051-100/2003RES85.tif HTTP/1.1" 304 -
190.68.181.124 - - [03/Jan/2015:10:42:52 -0500] "GET /forest/skins/gdocs-jar/css/forest.css?version=1412.231748 HTTP/1.1" 304 -
190.68.181.124 - - [03/Jan/2015:10:42:52 -0500] "GET /forest/skins/gdocs-jar/css/autocomplete.css?version=1412.231748 HTTP/1.1" 304 -
190.68.181.124 - - [03/Jan/2015:10:42:52 -0500] "GET /forest/skins/gdocs-jar/css/menu.css?version=1412.231748 HTTP/1.1" 304 -
190.68.181.124 - - [03/Jan/2015:10:42:52 -0500] "GET /forest/css/escritorio.css?version=1412.231748 HTTP/1.1" 304 -
190.68.181.124 - - [03/Jan/2015:10:42:52 -0500] "GET /forest/css/index.css?version=1412.231748 HTTP/1.1" 304 -
190.68.181.124 - - [03/Jan/2015:10:42:52 -0500] "GET /forest/1ibre/jscalendar/calendar-win2k-1.css?version=1412.231748 HTTP/1.1" 304 -
190.68.181.124 - - [03/Jan/2015:10:42:52 -0500] "GET /forest/skins/gdocs-jar/css/forms.css?version=1412.231748 HTTP/1.1" 304 -
190.68.181.124 - - [03/Jan/2015:10:42:52 -0500] "GET /forest/img/forestIcon.gif?version=1412.231748 HTTP/1.1" 304 -
190.68.181.124 - - [03/Jan/2015:10:42:52 -0500] "GET /forest/skins/gdocs-jar/css/dialog.css?version=1412.231748 HTTP/1.1" 304 -
190.68.181.124 - - [03/Jan/2015:10:42:53 -0500] "GET /forest/skins/gdocs-jar/js/xml_utilities.js?version=1412.231748 HTTP/1.1" 304 -
190.68.181.124 - - [03/Jan/2015:10:42:53 -0500] "GET /forest/skins/gdocs-jar/js/autocompletar2.js?version=1412.231748 HTTP/1.1" 304 -
190.68.181.124 - - [03/Jan/2015:10:42:53 -0500] "GET /forest/skins/gdocs-jar/js/tareas.js?version=1412.231748 HTTP/1.1" 304 -
190.68.181.124 - - [03/Jan/2015:10:42:53 -0500] "GET /forest/skins/gdocs-jar/js/formsBase.js?version=1412.231748 HTTP/1.1" 304 -
190.68.181.124 - - [03/Jan/2015:10:42:53 -0500] "GET /forest/skins/gdocs-jar/js/number-functions.js?version=1412.231748 HTTP/1.1" 304 -
190.68.181.124 - - [03/Jan/2015:10:42:53 -0500] "GET /forest/skins/gdocs-jar/js/swfobject.js?version=1412.231748 HTTP/1.1" 304 -
190.68.181.124 - - [03/Jan/2015:10:42:52 -0500] "GET /forest/usutareas.do?_a=0.6514746565543541&group_system_actual=3 HTTP/1.1" 200 115882
190.68.181.124 - - [03/Jan/2015:10:42:53 -0500] "GET /forest/skins/gdocs-jar/js/graphicForm.js?version=1412.231748 HTTP/1.1" 304 -
190.68.181.124 - - [03/Jan/2015:10:42:54 -0500] "GET /forest/session.jsp?a=0.27586684376350445 HTTP/1.1" 200 4
190.68.181.124 - - [03/Jan/2015:10:42:56 -0500] "GET /forest/documentos/1875710/2014ER105334.pdf HTTP/1.1" 200 309928
66.249.64.171 - - [03/Jan/2015:10:43:28 -0500] "GET /BLA/resoluciones/RESOLUCIONES%202010/2260.pdf HTTP/1.1" 200 532594
166.127.1.188 - - [03/Jan/2015:10:43:36 -0500] "GET /galeria/nivo-slider/demo/images/Biotaxis-Man.jpg HTTP/1.1" 304 -
180.76.6.61 - - [03/Jan/2015:10:43:36 -0500] "GET /BLA/resoluciones/RESOLUCIONES%202007/RES%202007%204201%20AL%204300/RESOLUCION%204262%20DE%202007.pdf HTTP/1.1" 200 558474
66.249.64.171 - - [03/Jan/2015:10:43:46 -0500] "GET /BLA/resoluciones/RESOLUCIONES%202003/RES%202003%20051-100/2003RES96.tif HTTP/1.1" 304 -
207.46.13.139 - - [03/Jan/2015:10:43:58 -0500] "GET / HTTP/1.1" 302 -
186.84.44.72 - - [03/Jan/2015:10:44:11 -0500] "POST /forms/lservlet;jsessionid=ac16012b30d5d11c6496e2c840dd94a48a0507ce41e7.e3iSbxaKaheRe34Sa3yKbhiTahb0n6jAmljGr5XDqQLvpAe HTTP/1.1" 200 2
66.249.64.163 - - [03/Jan/2015:10:44:12 -0500] "GET /BLA/resoluciones/RESOLUCIONES%202009/0540.pdf HTTP/1.1" 200 264480
180.76.6.159 - - [03/Jan/2015:10:44:34 -0500] "GET /BLA/resoluciones/AUTOS%202009/0863.pdf HTTP/1.1" 200 67503
66.249.64.167 - - [03/Jan/2015:10:44:48 -0500] "GET /BLA/resoluciones/RESOLUCIONES%202003/RES%202003%20051-100/2003RES73.tif HTTP/1.1" 304 -
66.249.64.171 - - [03/Jan/2015:10:44:56 -0500] "GET /BLA/resoluciones/RESOLUCIONES%202009/0342.pdf HTTP/1.1" 200 409338
180.76.6.48 - - [03/Jan/2015:10:45:33 -0500] "GET /BLA/resoluciones/AUTOS%202010/5368.pdf HTTP/1.1" 200 1431909
66.249.64.167 - - [03/Jan/2015:10:45:40 -0500] "GET /BLA/resoluciones/AUTOS%202007/0517.pdf HTTP/1.1" 200 312882
66.249.64.167 - - [03/Jan/2015:10:45:49 -0500] "GET /BLA/resoluciones/RESOLUCIONES%202003/RES%202003%20051-100/2003RES81.tif HTTP/1.1" 304 -
186.84.44.72 - - [03/Jan/2015:10:46:11 -0500] "POST /forms/lservlet;jsessionid=ac16012b30d5d11c6496e2c840dd94a48a0507ce41e7.e3iSbxaKaheRe34Sa3yKbhiTahb0n6jAmljGr5XDqQLvpAe HTTP/1.1" 200 2
66.249.64.163 - - [03/Jan/2015:10:46:25 -0500] "GET /BLA/resoluciones/RESOLUCIONES%202010/4649.pdf HTTP/1.1" 200 495163
180.76.6.141 - - [03/Jan/2015:10:46:31 -0500] "GET /BLA/boletinlegal;jsessionid=09F54C5609F2ACE6EFC0AAD600BEACA0?/? HTTP/1.1" 404 1018
74.86.158.107 - - [03/Jan/2015:10:46:41 -0500] "GET / HTTP/1.1" 302 -
66.249.64.163 - - [03/Jan/2015:10:46:51 -0500] "GET /BLA/resoluciones/RESOLUCIONES%202003/RES%202003%20051-100/2003RES64.tif HTTP/1.1" 304 -
190.68.181.124 - - [03/Jan/2015:10:46:56 -0500] "GET /forest/skins/gdocs-jar/popup/popup.jsp?width=1100&height=500&title=Buscar%20documentos&uri=/forest/buscar.do%3Ftype%3Ddocumentos&name=undefined&_a=0.9469060254672194&a=0.9522256324892422 HTTP/1.1" 200 1300
190.68.181.124 - - [03/Jan/2015:10:46:56 -0500] "GET /forest/js/load_func.js?version=1412.231748 HTTP/1.1" 304 -
190.68.181.124 - - [03/Jan/2015:10:46:56 -0500] "GET /forest/css/escritorio.css?version=1412.231748 HTTP/1.1" 304 -
190.68.181.124 - - [03/Jan/2015:10:46:56 -0500] "GET /forest/css/autocomplete.css?version=1412.231748 HTTP/1.1" 304 -
190.68.181.124 - - [03/Jan/2015:10:46:56 -0500] "GET /forest/skins/gdocs-jar/css/tree.css?version=1412.231748 HTTP/1.1" 304 -
190.68.181.124 - - [03/Jan/2015:10:46:56 -0500] "GET /forest/js/dialog.js?version=1412.231748 HTTP/1.1" 304 -
190.68.181.124 - - [03/Jan/2015:10:46:56 -0500] "GET /forest/js/sarissa.js?version=1412.231748 HTTP/1.1" 304 -
190.68.181.124 - - [03/Jan/2015:10:46:56 -0500] "GET /forest/js/escritorio/escritorio.js?version=1412.231748 HTTP/1.1" 304 -
190.68.181.124 - - [03/Jan/2015:10:46:56 -0500] "GET /forest/js/internJS.js?version=1412.231748 HTTP/1.1" 304 -
190.68.181.124 - - [03/Jan/2015:10:46:56 -0500] "GET /forest/js/autocompletar2.js?version=1412.231748 HTTP/1.1" 304 -
190.68.181.124 - - [03/Jan/2015:10:46:56 -0500] "GET /forest/1ibre/protoaculous.js?version=1412.231748 HTTP/1.1" 304 -
190.68.181.124 - - [03/Jan/2015:10:46:56 -0500] "GET /forest/1ibre/jscalendar/calendar.js?version=1412.231748 HTTP/1.1" 304 -
190.68.181.124 - - [03/Jan/2015:10:46:56 -0500] "GET /forest/1ibre/jscalendar/calendar-setup.js?version=1412.231748 HTTP/1.1" 304 -
190.68.181.124 - - [03/Jan/2015:10:46:56 -0500] "GET /forest/1ibre/jscalendar/lang/calendar-es.js?version=1412.231748 HTTP/1.1" 304 -
190.68.181.124 - - [03/Jan/2015:10:46:56 -0500] "GET /forest/1ibre/1ibre.js?version=1412.231748 HTTP/1.1" 304 -
190.68.181.124 - - [03/Jan/2015:10:46:56 -0500] "GET /forest/js/xml_utilities.js?version=1412.231748 HTTP/1.1" 304 -
190.68.181.124 - - [03/Jan/2015:10:46:56 -0500] "GET /forest/buscar.do?type=documentos HTTP/1.1" 200 84837
190.68.181.124 - - [03/Jan/2015:10:46:57 -0500] "GET /forest/json.do?query=versionListadas HTTP/1.1" 200 15
190.68.181.124 - - [03/Jan/2015:10:46:57 -0500] "GET /forest/json.do?query=procesIniciales HTTP/1.1" 200 10001
190.68.181.124 - - [03/Jan/2015:10:46:57 -0500] "GET /forest/json.do?query=usersByDep&coddep=7027 HTTP/1.1" 200 378
190.68.181.124 - - [03/Jan/2015:10:46:57 -0500] "GET /forest/json.do?query=usersByDep&coddep=7027 HTTP/1.1" 200 378
190.68.181.124 - - [03/Jan/2015:10:47:00 -0500] "GET /forest/xmlresponse.do?lista=searchTerceroByName&xmlret=1&todos=false&_a=0.39571116488291846&partNomTer=grup HTTP/1.1" 200 2433
190.68.181.124 - - [03/Jan/2015:10:47:06 -0500] "GET /forest/xmlresponse.do?lista=searchTerceroByName&xmlret=1&todos=false&_a=0.39571116488291846&partNomTer=TGI%20GRUPO%20ENERGIA%20DE%20BOGO HTTP/1.1" 200 187
66.249.64.171 - - [03/Jan/2015:10:47:09 -0500] "GET /BLA/resoluciones/RESOLUCIONES%202010/6254.pdf HTTP/1.1" 200 594643
190.68.181.124 - - [03/Jan/2015:10:47:09 -0500] "GET /forest/xmlresponse.do?lista=searchTerceroByName&xmlret=1&todos=false&_a=0.39571116488291846&partNomTer=grupo HTTP/1.1" 200 2446
190.68.181.124 - - [03/Jan/2015:10:47:11 -0500] "GET /forest/xmlresponse.do?lista=searchTerceroByName&xmlret=1&todos=false&_a=0.39571116488291846&partNomTer=g HTTP/1.1" 200 2444
66.249.64.167 - - [03/Jan/2015:10:47:11 -0500] "GET /BLA/resoluciones/RESOLUCIONES%202006/RES%202006%201051-1100/00001093.tif HTTP/1.1" 200 219174
190.68.181.124 - - [03/Jan/2015:10:47:14 -0500] "GET /forest/xmlresponse.do?lista=searchTerceroByName&xmlret=1&todos=false&_a=0.39571116488291846&partNomTer=GRUPO HTTP/1.1" 200 2446
190.68.181.124 - - [03/Jan/2015:10:47:15 -0500] "GET /forest/xmlresponse.do?lista=searchTerceroByName&xmlret=1&todos=false&_a=0.39571116488291846&partNomTer=GRUPO%20CBC HTTP/1.1" 200 2388
190.68.181.124 - - [03/Jan/2015:10:47:16 -0500] "GET /forest/xmlresponse.do?lista=searchTerceroByName&xmlret=1&todos=false&_a=0.39571116488291846&partNomTer=GRUPO%20CBC HTTP/1.1" 200 2388
190.68.181.124 - - [03/Jan/2015:10:47:17 -0500] "GET /forest/xmlresponse.do?lista=searchTerceroByName&xmlret=1&todos=false&_a=0.39571116488291846&partNomTer=GRUPO%20CBC%20S HTTP/1.1" 200 2418
190.68.181.124 - - [03/Jan/2015:10:47:18 -0500] "GET /forest/xmlresponse.do?lista=searchTerceroByName&xmlret=1&todos=false&_a=0.39571116488291846&partNomTer=GRUPO%20CBC%20S. HTTP/1.1" 200 2418
190.68.181.124 - - [03/Jan/2015:10:47:18 -0500] "GET /forest/xmlresponse.do?lista=searchTerceroByName&xmlret=1&todos=false&_a=0.39571116488291846&partNomTer=GRUPO%20CBC%20S.A HTTP/1.1" 200 2418
186.84.44.72 - - [03/Jan/2015:10:47:23 -0500] "POST /forms/lservlet;jsessionid=ac16012b30d5d11c6496e2c840dd94a48a0507ce41e7.e3iSbxaKaheRe34Sa3yKbhiTahb0n6jAmljGr5XDqQLvpAe HTTP/1.1" 200 132
186.84.44.72 - - [03/Jan/2015:10:47:24 -0500] "POST /forms/lservlet;jsessionid=ac16012b30d5d11c6496e2c840dd94a48a0507ce41e7.e3iSbxaKaheRe34Sa3yKbhiTahb0n6jAmljGr5XDqQLvpAe HTTP/1.1" 200 72
66.249.64.167 - - [03/Jan/2015:10:47:30 -0500] "GET /BLA/resoluciones/RESOLUCIONES%202009/8551.pdf HTTP/1.1" 200 513474
186.84.44.72 - - [03/Jan/2015:10:47:36 -0500] "POST /forms/lservlet;jsessionid=ac16012b30d5d11c6496e2c840dd94a48a0507ce41e7.e3iSbxaKaheRe34Sa3yKbhiTahb0n6jAmljGr5XDqQLvpAe HTTP/1.1" 200 113
66.249.64.163 - - [03/Jan/2015:10:47:52 -0500] "GET /BLA/resoluciones/RESOLUCIONES%202003/RES%202003%20051-100/2003RES59.tif HTTP/1.1" 304 -
66.249.64.171 - - [03/Jan/2015:10:47:53 -0500] "GET /BLA/resoluciones/RESOLUCIONES%202009/3556.pdf HTTP/1.1" 200 683836
190.68.181.124 - - [03/Jan/2015:10:47:55 -0500] "GET /forest/session.jsp?a=0.40941998910821753 HTTP/1.1" 200 4
190.68.181.124 - - [03/Jan/2015:10:47:56 -0500] "GET /forest/1ibre/jscalendar/updown.gif HTTP/1.1" 200 67
190.68.181.124 - - [03/Jan/2015:10:47:56 -0500] "GET /forest/1ibre/jscalendar/menuarrow.gif HTTP/1.1" 200 68
186.84.44.72 - - [03/Jan/2015:10:48:12 -0500] "POST /forms/lservlet;jsessionid=ac16012b30d5d11c6496e2c840dd94a48a0507ce41e7.e3iSbxaKaheRe34Sa3yKbhiTahb0n6jAmljGr5XDqQLvpAe HTTP/1.1" 200 2
66.249.64.167 - - [03/Jan/2015:10:48:37 -0500] "GET /BLA/resoluciones/AUTOS%202009/1439.pdf HTTP/1.1" 200 124669
66.249.64.163 - - [03/Jan/2015:10:48:54 -0500] "GET /BLA/resoluciones/RESOLUCIONES%202003/RES%202003%20051-100/2003RES93.tif HTTP/1.1" 304 -
66.249.64.171 - - [03/Jan/2015:10:49:21 -0500] "GET /BLA/circulares/0003.pdf HTTP/1.1" 304 -
66.249.64.171 - - [03/Jan/2015:10:49:55 -0500] "GET /BLA/resoluciones/RESOLUCIONES%202003/RES%202003%20051-100/2003RES65.tif HTTP/1.1" 304 -
66.249.64.167 - - [03/Jan/2015:10:50:05 -0500] "GET /BLA/resoluciones/AUTOS%202011/6441.pdf HTTP/1.1" 304 -
186.84.44.72 - - [03/Jan/2015:10:50:12 -0500] "POST /forms/lservlet;jsessionid=ac16012b30d5d11c6496e2c840dd94a48a0507ce41e7.e3iSbxaKaheRe34Sa3yKbhiTahb0n6jAmljGr5XDqQLvpAe HTTP/1.1" 200 2
190.68.181.124 - - [03/Jan/2015:10:48:08 -0500] "POST /forest/buscar.do? HTTP/1.1" 200 17107
66.249.64.171 - - [03/Jan/2015:10:50:49 -0500] "GET /BLA/resoluciones/RESOLUCIONES%202012/1744.pdf HTTP/1.1" 304 -
186.84.44.72 - - [03/Jan/2015:10:50:54 -0500] "POST /forms/lservlet;jsessionid=ac16012b30d5d11c6496e2c840dd94a48a0507ce41e7.e3iSbxaKaheRe34Sa3yKbhiTahb0n6jAmljGr5XDqQLvpAe HTTP/1.1" 200 2
186.84.44.72 - - [03/Jan/2015:10:50:54 -0500] "POST /forms/lservlet;jsessionid=ac16012b30d5d11c6496e2c840dd94a48a0507ce41e7.e3iSbxaKaheRe34Sa3yKbhiTahb0n6jAmljGr5XDqQLvpAe HTTP/1.1" 200 14
186.84.44.72 - - [03/Jan/2015:10:50:55 -0500] "POST /forms/lservlet;jsessionid=ac16012b30d5d11c6496e2c840dd94a48a0507ce41e7.e3iSbxaKaheRe34Sa3yKbhiTahb0n6jAmljGr5XDqQLvpAe HTTP/1.1" 200 14
66.249.64.167 - - [03/Jan/2015:10:50:57 -0500] "GET /BLA/resoluciones/RESOLUCIONES%202003/RES%202003%20051-100/2003RES98.tif HTTP/1.1" 304 -
186.84.44.72 - - [03/Jan/2015:10:50:56 -0500] "POST /forms/lservlet;jsessionid=ac16012b30d5d11c6496e2c840dd94a48a0507ce41e7.e3iSbxaKaheRe34Sa3yKbhiTahb0n6jAmljGr5XDqQLvpAe HTTP/1.1" 200 14
186.84.44.72 - - [03/Jan/2015:10:50:57 -0500] "POST /forms/lservlet;jsessionid=ac16012b30d5d11c6496e2c840dd94a48a0507ce41e7.e3iSbxaKaheRe34Sa3yKbhiTahb0n6jAmljGr5XDqQLvpAe HTTP/1.1" 200 14
186.84.44.72 - - [03/Jan/2015:10:50:59 -0500] "POST /forms/lservlet;jsessionid=ac16012b30d5d11c6496e2c840dd94a48a0507ce41e7.e3iSbxaKaheRe34Sa3yKbhiTahb0n6jAmljGr5XDqQLvpAe HTTP/1.1" 200 112
186.84.44.72 - - [03/Jan/2015:10:50:59 -0500] "POST /forms/lservlet;jsessionid=ac16012b30d5d11c6496e2c840dd94a48a0507ce41e7.e3iSbxaKaheRe34Sa3yKbhiTahb0n6jAmljGr5XDqQLvpAe HTTP/1.1" 200 11
186.84.44.72 - - [03/Jan/2015:10:50:59 -0500] "GET /reports/rwservlet/getjobid339031?server=rep_srvapsda HTTP/1.1" 200 2710755
180.76.5.148 - - [03/Jan/2015:10:51:04 -0500] "GET /BLA/boletinlegal;jsessionid=E44407F445254CDBB8AF1B5A2FDCB340?/? HTTP/1.1" 404 1018
190.68.181.124 - - [03/Jan/2015:10:51:16 -0500] "GET /forest/skins/gdocs-jar/popup/popup.jsp?width=850&height=380&title=Informaci%F3n%20del%20radicado&uri=/forest/system/document.jsp%3FcodDoc%3D1363923&name=undefined&_a=0.6504823707378975&a=0.15225164480691888 HTTP/1.1" 200 1315
190.68.181.124 - - [03/Jan/2015:10:51:17 -0500] "GET /forest/system/document.jsp?codDoc=1363923 HTTP/1.1" 200 14746
190.68.181.124 - - [03/Jan/2015:10:51:17 -0500] "GET /forest/skins/gdocs-jar/img/icons/doc.gif HTTP/1.1" 200 140
190.68.181.124 - - [03/Jan/2015:10:51:20 -0500] "GET /forest/documentos/1363923/2011EE112351.doc HTTP/1.1" 200 252416
66.249.64.167 - - [03/Jan/2015:10:51:33 -0500] "GET /BLA/resoluciones/AUTOS%202011/0111.pdf HTTP/1.1" 304 -
74.86.158.107 - - [03/Jan/2015:10:51:41 -0500] "GET / HTTP/1.1" 302 -
66.249.64.167 - - [03/Jan/2015:10:51:58 -0500] "GET /BLA/resoluciones/RESOLUCIONES%202003/RES%202003%20051-100/2003RES87.tif HTTP/1.1" 304 -
186.84.44.72 - - [03/Jan/2015:10:52:12 -0500] "POST /forms/lservlet;jsessionid=ac16012b30d5d11c6496e2c840dd94a48a0507ce41e7.e3iSbxaKaheRe34Sa3yKbhiTahb0n6jAmljGr5XDqQLvpAe HTTP/1.1" 200 2
66.249.64.163 - - [03/Jan/2015:10:52:14 -0500] "GET /BLA/resoluciones/RESOLUCIONES%202006/RES%202006%201051-1100/00001074.tif HTTP/1.1" 200 166484
66.249.64.163 - - [03/Jan/2015:10:52:17 -0500] "GET /BLA/resoluciones/RESOLUCIONES%202011/4788.pdf HTTP/1.1" 200 616614
190.68.181.124 - - [03/Jan/2015:10:52:55 -0500] "GET /forest/session.jsp?a=0.3905724350066567 HTTP/1.1" 200 4
66.249.64.171 - - [03/Jan/2015:10:52:59 -0500] "GET /BLA/resoluciones/RESOLUCIONES%202003/RES%202003%20051-100/2003RES99.tif HTTP/1.1" 304 -
180.76.6.21 - - [03/Jan/2015:10:53:00 -0500] "GET /BLA/boletinlegal;jsessionid=69DF5DE5A2A3EEDC0E21B8A17C2267CA?/? HTTP/1.1" 404 1018
66.249.64.171 - - [03/Jan/2015:10:53:01 -0500] "GET /BLA/resoluciones/RESOLUCIONES%202012/0715.pdf HTTP/1.1" 304 -
190.68.181.124 - - [03/Jan/2015:10:51:48 -0500] "POST /forest/buscar.do? HTTP/1.1" 200 17043
186.84.44.72 - - [03/Jan/2015:10:53:10 -0500] "POST /forms/lservlet;jsessionid=ac16012b30d5d11c6496e2c840dd94a48a0507ce41e7.e3iSbxaKaheRe34Sa3yKbhiTahb0n6jAmljGr5XDqQLvpAe HTTP/1.1" 200 75
66.249.64.167 - - [03/Jan/2015:10:53:45 -0500] "GET /BLA/resoluciones/RESOLUCIONES%202008/0768.pdf HTTP/1.1" 304 -
66.249.64.171 - - [03/Jan/2015:10:54:01 -0500] "GET /BLA/resoluciones/RESOLUCIONES%202003/RES%202003%20051-100/2003RES86.tif HTTP/1.1" 304 -
186.84.44.72 - - [03/Jan/2015:10:54:12 -0500] "POST /forms/lservlet;jsessionid=ac16012b30d5d11c6496e2c840dd94a48a0507ce41e7.e3iSbxaKaheRe34Sa3yKbhiTahb0n6jAmljGr5XDqQLvpAe HTTP/1.1" 200 2
66.249.64.163 - - [03/Jan/2015:10:54:29 -0500] "GET /BLA/resoluciones/RESOLUCIONES%202014/0933.pdf HTTP/1.1" 304 -
66.249.64.47 - - [03/Jan/2015:10:54:54 -0500] "GET /portalsiaccapacitaciones/Soportes%20Capacitaciones%20A%C3%B1o%202014/0070.%20EcoConducci%C3%B3n%20-%20Generalidades%20%2005-05-14.pdf HTTP/1.1" 304 -
180.76.5.152 - - [03/Jan/2015:10:54:57 -0500] "GET /BLA/boletinlegal/actas/acta%20de%20acuerdo%2002%20adop%20regla%20inter%20mesa%20salud%20ambie.pdf HTTP/1.1" 200 479782
66.249.64.171 - - [03/Jan/2015:10:55:02 -0500] "GET /BLA/resoluciones/RESOLUCIONES%202003/RES%202003%20051-100/2003RES56.tif HTTP/1.1" 304 -
66.249.93.129 - - [03/Jan/2015:10:55:11 -0500] "GET /sig/MECI/DOCUMENTOS/Informe%20de%20Gestion/INFORME%20DE%20GESTION%202008%202010VersionFinal.pdf HTTP/1.1" 404 1018
66.249.64.167 - - [03/Jan/2015:10:55:14 -0500] "GET /BLA/resoluciones/AUTOS%202013/2335.pdf HTTP/1.1" 200 1913330
66.249.93.231 - - [03/Jan/2015:10:55:41 -0500] "GET /sig/MECI/DOCUMENTOS/Informe%20de%20Gestion/INFORME%20DE%20GESTION%202008%202010VersionFinal.pdf HTTP/1.1" 404 1018
180.76.5.24 - - [03/Jan/2015:10:55:55 -0500] "GET /BLA/resoluciones/AUTOS%202012/0488.pdf HTTP/1.1" 200 142460
66.249.64.171 - - [03/Jan/2015:10:55:58 -0500] "GET /BLA/resoluciones/AUTOS%202010/6936.pdf HTTP/1.1" 304 -
66.249.64.171 - - [03/Jan/2015:10:56:04 -0500] "GET /BLA/resoluciones/RESOLUCIONES%202002/RES%202002%201951-1971/20021964.tif HTTP/1.1" 304 -
186.84.44.72 - - [03/Jan/2015:10:56:12 -0500] "POST /forms/lservlet;jsessionid=ac16012b30d5d11c6496e2c840dd94a48a0507ce41e7.e3iSbxaKaheRe34Sa3yKbhiTahb0n6jAmljGr5XDqQLvpAe HTTP/1.1" 200 2
74.86.158.107 - - [03/Jan/2015:10:56:41 -0500] "GET / HTTP/1.1" 302 -
66.249.64.163 - - [03/Jan/2015:10:56:42 -0500] "GET /silvicultura/12.pdf HTTP/1.1" 404 1018
180.76.5.146 - - [03/Jan/2015:10:56:53 -0500] "GET /BLA/boletinlegal;jsessionid=21F83E45A15AAE7BD8483A7AD387FAD3?/? HTTP/1.1" 404 1018
66.249.64.163 - - [03/Jan/2015:10:57:05 -0500] "GET /BLA/resoluciones/RESOLUCIONES%202003/RES%202003%20051-100/2003RES67.tif HTTP/1.1" 304 -
66.249.64.163 - - [03/Jan/2015:10:57:26 -0500] "GET /autoliquidacion/index.php?dir=Solicitud%20de%20expedici%F3n%20de%20certificados%20de%20estado%20de%20conservaci%F3n%20ambiental%20(CECA)/&sort=name&order=desc HTTP/1.1" 200 3610
220.181.108.117 - - [03/Jan/2015:10:57:40 -0500] "GET / HTTP/1.1" 302 -
190.68.181.124 - - [03/Jan/2015:10:57:55 -0500] "GET /forest/session.jsp?a=0.6211239356154771 HTTP/1.1" 200 4
66.249.64.167 - - [03/Jan/2015:10:58:07 -0500] "GET /BLA/resoluciones/RESOLUCIONES%202003/RES%202003%20051-100/2003RES89.tif HTTP/1.1" 304 -
66.249.64.167 - - [03/Jan/2015:10:58:10 -0500] "GET /BLA/resoluciones/RESOLUCIONES%202007/RES%202007%201726%20AL%201800/RESOLUCION%201751%20DE%202007.pdf HTTP/1.1" 200 255009
186.84.44.72 - - [03/Jan/2015:10:58:12 -0500] "POST /forms/lservlet;jsessionid=ac16012b30d5d11c6496e2c840dd94a48a0507ce41e7.e3iSbxaKaheRe34Sa3yKbhiTahb0n6jAmljGr5XDqQLvpAe HTTP/1.1" 200 2
180.76.6.47 - - [03/Jan/2015:10:58:37 -0500] "GET /BLA/boletinlegal;jsessionid=AC7DABC8418C49A1D53D073D239C858C?/? HTTP/1.1" 404 1018
66.249.64.163 - - [03/Jan/2015:10:58:54 -0500] "GET /BLA/resoluciones/RESOLUCIONES%202007/RES%202007%20201%20AL%20300/RESOLUCION%200204%20DE%202007.pdf HTTP/1.1" 200 36263
66.249.64.167 - - [03/Jan/2015:10:59:08 -0500] "GET /BLA/resoluciones/RESOLUCIONES%202003/RES%202003%20051-100/2003RES88.tif HTTP/1.1" 304 -
180.76.6.149 - - [03/Jan/2015:10:59:21 -0500] "GET /BLA/resoluciones/RESOLUCIONES%202008/0411.pdf HTTP/1.1" 200 991941
66.249.64.171 - - [03/Jan/2015:10:59:38 -0500] "GET /autoliquidacion/index.php?dir=Fauna%20Silvestre/&sort=size&order=asc HTTP/1.1" 200 3499
66.249.64.167 - - [03/Jan/2015:11:00:10 -0500] "GET /BLA/resoluciones/RESOLUCIONES%202003/RES%202003%20051-100/2003RES61.tif HTTP/1.1" 304 -
186.84.44.72 - - [03/Jan/2015:11:00:12 -0500] "POST /forms/lservlet;jsessionid=ac16012b30d5d11c6496e2c840dd94a48a0507ce41e7.e3iSbxaKaheRe34Sa3yKbhiTahb0n6jAmljGr5XDqQLvpAe HTTP/1.1" 200 2
66.249.64.167 - - [03/Jan/2015:11:00:22 -0500] "GET / HTTP/1.1" 302 -
66.249.93.129 - - [03/Jan/2015:11:00:32 -0500] "GET /sig/MECI/DOCUMENTOS/Informe%20de%20Gestion/INFORME%20DE%20GESTION%202008%202010VersionFinal.pdf HTTP/1.1" 404 1018
66.249.93.129 - - [03/Jan/2015:11:00:33 -0500] "GET /sig/MECI/DOCUMENTOS/Informe%20de%20Gestion/INFORME%20DE%20GESTION%202008%202010VersionFinal.pdf HTTP/1.1" 404 1018
66.249.93.231 - - [03/Jan/2015:11:00:35 -0500] "GET /sig/MECI/DOCUMENTOS/Informe%20de%20Gestion/INFORME%20DE%20GESTION%202008%202010VersionFinal.pdf HTTP/1.1" 404 1018
180.76.6.147 - - [03/Jan/2015:11:00:51 -0500] "GET /BLA/resoluciones/Autos%202008/1322.pdf HTTP/1.1" 200 303143
66.249.64.43 - - [03/Jan/2015:11:01:06 -0500] "GET /publnew/guia1/71.htm HTTP/1.1" 404 1019
66.249.64.167 - - [03/Jan/2015:11:01:11 -0500] "GET /BLA/resoluciones/RESOLUCIONES%202003/RES%202003%20051-100/2003RES60.tif HTTP/1.1" 304 -
66.249.64.163 - - [03/Jan/2015:11:01:12 -0500] "GET /BLA/resoluciones/RESOLUCIONES%202004/RES%202004%202201-2250/INDEX.DAT HTTP/1.1" 200 2000
180.76.5.59 - - [03/Jan/2015:11:01:36 -0500] "GET /BLA/resoluciones/RESOLUCIONES%202007/RES%202007%202501%20AL%202600/RESOLUCION%202506%20DE%202007.pdf HTTP/1.1" 200 15750
74.86.158.107 - - [03/Jan/2015:11:01:41 -0500] "GET / HTTP/1.1" 302 -
66.249.64.39 - - [03/Jan/2015:11:01:50 -0500] "GET /ecodirectorio/files/res/other/search.txt HTTP/1.1" 304 -
66.249.64.171 - - [03/Jan/2015:11:02:09 -0500] "GET /BLA/resoluciones/RESOLUCIONES%202003/RES%202003%201901-1950/00001905.tif HTTP/1.1" 200 353470
66.249.64.163 - - [03/Jan/2015:11:02:13 -0500] "GET /BLA/resoluciones/RESOLUCIONES%202003/RES%202003%20051-100/2003RES72.tif HTTP/1.1" 304 -
186.84.44.72 - - [03/Jan/2015:11:02:12 -0500] "POST /forms/lservlet;jsessionid=ac16012b30d5d11c6496e2c840dd94a48a0507ce41e7.e3iSbxaKaheRe34Sa3yKbhiTahb0n6jAmljGr5XDqQLvpAe HTTP/1.1" 200 2
180.76.6.36 - - [03/Jan/2015:11:02:21 -0500] "GET /BLA/resoluciones/RESOLUCIONES%202010/0358.pdf HTTP/1.1" 200 509057
66.249.64.43 - - [03/Jan/2015:11:02:34 -0500] "GET /Anexos%20estudio%20Organizacional%20SDA/ANEXO%20No.%203-%20CONTRATACI%C3%93N%20%20OPS%C2%B4s%202008-2012/CONTRATOS%20SDA%202009%20POR%20DEPENDENCIA%20(1).xls HTTP/1.1" 304 -
190.68.181.124 - - [03/Jan/2015:11:02:55 -0500] "GET /forest/session.jsp?a=0.13029605890994567 HTTP/1.1" 200 4
66.249.64.167 - - [03/Jan/2015:11:03:14 -0500] "GET /BLA/resoluciones/RESOLUCIONES%202003/RES%202003%20051-100/2003RES91.tif HTTP/1.1" 304 -
66.249.64.47 - - [03/Jan/2015:11:03:18 -0500] "GET /Autoliquidacion/index.php?dir=Solicitudes+relacionadas+con+calidad+del+aire+auditiva+y+visual%2FRegistro+de+Elementos+de+publicidad+Exterior+Visual%2F HTTP/1.1" 200 4037
66.249.64.171 - - [03/Jan/2015:11:03:45 -0500] "GET /BLA/resoluciones/RESOLUCIONES%202010/ HTTP/1.1" 200 1597866
123.125.71.50 - - [03/Jan/2015:11:03:55 -0500] "GET / HTTP/1.1" 302 -
66.249.64.167 - - [03/Jan/2015:11:04:02 -0500] "GET /autoliquidacion/index.php?dir=Cobro+Clasificacion+Uso+De+Vivenda+En+Suelo+Restringido%2FCOMPATIBILIDAD+USO+DE+VIVIENDA%2F HTTP/1.1" 200 2813
186.84.44.72 - - [03/Jan/2015:11:04:15 -0500] "POST /forms/lservlet;jsessionid=ac16012b30d5d11c6496e2c840dd94a48a0507ce41e7.e3iSbxaKaheRe34Sa3yKbhiTahb0n6jAmljGr5XDqQLvpAe HTTP/1.1" 200 2
66.249.64.163 - - [03/Jan/2015:11:04:16 -0500] "GET /BLA/resoluciones/RESOLUCIONES%202003/RES%202003%20051-100/2003RES62.tif HTTP/1.1" 304 -
180.76.6.59 - - [03/Jan/2015:11:04:38 -0500] "GET /BLA/boletinlegal;jsessionid=A325A5F419A00B49E8C7E6080027C531?/? HTTP/1.1" 404 1018
84.10.187.219 - - [03/Jan/2015:11:04:42 -0500] "POST /xmlrpc.php HTTP/1.1" 404 1018
66.249.64.171 - - [03/Jan/2015:11:04:47 -0500] "GET /BLA/resoluciones/RESOLUCIONES%202010/4805.pdf HTTP/1.1" 304 -
66.249.64.167 - - [03/Jan/2015:11:05:17 -0500] "GET /BLA/resoluciones/RESOLUCIONES%202003/RES%202003%20051-100/2003RES75.tif HTTP/1.1" 304 -
66.249.64.171 - - [03/Jan/2015:11:05:31 -0500] "GET /BLA/resoluciones/AUTOS%202011/1644.pdf HTTP/1.1" 200 139422
66.249.64.167 - - [03/Jan/2015:11:06:15 -0500] "GET /BLA/resoluciones/RESOLUCIONES%202007/RES%202007%204201%20AL%204300/RESOLUCION%204270%20DE%202007.pdf HTTP/1.1" 200 259308
186.84.44.72 - - [03/Jan/2015:11:06:15 -0500] "POST /forms/lservlet;jsessionid=ac16012b30d5d11c6496e2c840dd94a48a0507ce41e7.e3iSbxaKaheRe34Sa3yKbhiTahb0n6jAmljGr5XDqQLvpAe HTTP/1.1" 200 2
66.249.64.167 - - [03/Jan/2015:11:06:19 -0500] "GET /BLA/resoluciones/RESOLUCIONES%202003/RES%202003%20051-100/2003RES52.tif HTTP/1.1" 304 -
95.87.199.100 - - [03/Jan/2015:11:06:26 -0500] "HEAD /BLA/resoluciones/RESOLUCIONES%25202008/0082.pdf%2B%40mail.gr&num=100&cr=countryCO&gws_rd=ssl&hl=es-419&&ct=clnk HTTP/1.0" 404 -
95.87.199.100 - - [03/Jan/2015:11:06:26 -0500] "GET /BLA/resoluciones/RESOLUCIONES%25202008/0082.pdf%2B%40mail.gr&num=100&cr=countryCO&gws_rd=ssl&hl=es-419&&ct=clnk HTTP/1.1" 404 1148
66.249.64.167 - - [03/Jan/2015:11:06:29 -0500] "GET /BLA/resoluciones/RESOLUCIONES%202004/RES%202004%201051-1100/00001072.tif HTTP/1.1" 200 100992
74.86.158.107 - - [03/Jan/2015:11:06:41 -0500] "GET / HTTP/1.1" 302 -
95.87.199.100 - - [03/Jan/2015:11:06:57 -0500] "HEAD / HTTP/1.0" 302 -
95.87.199.100 - - [03/Jan/2015:11:06:57 -0500] "HEAD / HTTP/1.0" 302 -
66.249.64.171 - - [03/Jan/2015:11:06:59 -0500] "GET /BLA/resoluciones/RESOLUCIONES%202009/5781.pdf HTTP/1.1" 200 898369
190.127.234.151 - - [03/Jan/2015:11:07:02 -0500] "GET /isolucionsda/ HTTP/1.1" 200 739
95.87.199.100 - - [03/Jan/2015:11:07:12 -0500] "HEAD /BLA/resoluciones/RESOLUCIONES%25202008/0082.pdf&rct=j&q=&esrc=s&sa=U&ei=IA2oVPKVLMHQygPuzoDQCA&ved=0CPYBEBYwLQ&usg=AFQjCNH_wPo94xdvYYMlP8aBfuFwlvMM_g HTTP/1.0" 404 -
95.87.199.100 - - [03/Jan/2015:11:07:13 -0500] "GET /BLA/resoluciones/RESOLUCIONES%25202008/0082.pdf&rct=j&q=&esrc=s&sa=U&ei=IA2oVPKVLMHQygPuzoDQCA&ved=0CPYBEBYwLQ&usg=AFQjCNH_wPo94xdvYYMlP8aBfuFwlvMM_g HTTP/1.1" 404 1148
66.249.64.167 - - [03/Jan/2015:11:07:20 -0500] "GET /BLA/resoluciones/RESOLUCIONES%202003/RES%202003%20051-100/2003RES84.tif HTTP/1.1" 304 -
190.127.234.151 - - [03/Jan/2015:11:07:28 -0500] "GET /isolucionsda/IdentificaUsuario.asp?Pagina1=FrameSetGeneral.asp& HTTP/1.1" 200 4997
66.249.64.171 - - [03/Jan/2015:11:07:43 -0500] "GET /BLA/resoluciones/RESOLUCIONES%202009/8075.pdf HTTP/1.1" 200 787972
190.68.181.124 - - [03/Jan/2015:11:07:55 -0500] "GET /forest/session.jsp?a=0.19678312604009973 HTTP/1.1" 200 4
186.84.44.72 - - [03/Jan/2015:11:08:15 -0500] "POST /forms/lservlet;jsessionid=ac16012b30d5d11c6496e2c840dd94a48a0507ce41e7.e3iSbxaKaheRe34Sa3yKbhiTahb0n6jAmljGr5XDqQLvpAe HTTP/1.1" 200 2
180.76.5.19 - - [03/Jan/2015:11:08:20 -0500] "GET /BLA/resoluciones/RESOLUCIONES%202010/1594.pdf HTTP/1.1" 200 382216
66.249.64.163 - - [03/Jan/2015:11:08:22 -0500] "GET /BLA/resoluciones/RESOLUCIONES%202003/RES%202003%20051-100/2003RES80.tif HTTP/1.1" 304 -
66.249.64.171 - - [03/Jan/2015:11:08:27 -0500] "GET /BLA/resoluciones/RESOLUCIONES%202008/4735.pdf HTTP/1.1" 200 566737
66.249.64.171 - - [03/Jan/2015:11:09:11 -0500] "GET /BLA/resoluciones/RESOLUCIONES%202007/RES%202007%203201%20AL%203300/RESOLUCION%203280%20DE%202007.pdf HTTP/1.1" 200 428176
66.249.64.167 - - [03/Jan/2015:11:09:23 -0500] "GET /BLA/resoluciones/RESOLUCIONES%202003/RES%202003%20051-100/2003RES77.tif HTTP/1.1" 304 -
180.76.5.191 - - [03/Jan/2015:11:09:50 -0500] "GET /BLA/resoluciones/RESOLUCIONES%202009/0702.pdf HTTP/1.1" 200 248706
66.249.64.171 - - [03/Jan/2015:11:09:55 -0500] "GET /BLA/resoluciones/RESOLUCIONES%202012/0970.pdf HTTP/1.1" 200 445767
186.84.44.72 - - [03/Jan/2015:11:10:15 -0500] "POST /forms/lservlet;jsessionid=ac16012b30d5d11c6496e2c840dd94a48a0507ce41e7.e3iSbxaKaheRe34Sa3yKbhiTahb0n6jAmljGr5XDqQLvpAe HTTP/1.1" 200 2
66.249.64.167 - - [03/Jan/2015:11:10:25 -0500] "GET /BLA/resoluciones/RESOLUCIONES%202003/RES%202003%20051-100/2003RES51.tif HTTP/1.1" 304 -
66.249.64.167 - - [03/Jan/2015:11:10:39 -0500] "GET /BLA/resoluciones/RESOLUCIONES%202010/3997.pdf HTTP/1.1" 200 401359
100.43.85.25 - - [03/Jan/2015:11:11:04 -0500] "GET /dama/libreria/php/decide.php?patron=03.14010101 HTTP/1.1" 404 1019
66.249.64.167 - - [03/Jan/2015:11:11:23 -0500] "GET /BLA/resoluciones/RESOLUCIONES%202008/1817.pdf HTTP/1.1" 200 264745
66.249.64.171 - - [03/Jan/2015:11:11:26 -0500] "GET /BLA/resoluciones/RESOLUCIONES%202003/RES%202003%20051-100/2003RES82.tif HTTP/1.1" 304 -
74.86.158.107 - - [03/Jan/2015:11:11:41 -0500] "GET / HTTP/1.1" 302 -
66.249.64.171 - - [03/Jan/2015:11:12:07 -0500] "GET /BLA/resoluciones/RESOLUCIONES%202009/0124.pdf HTTP/1.1" 200 352191
186.84.44.72 - - [03/Jan/2015:11:12:15 -0500] "POST /forms/lservlet;jsessionid=ac16012b30d5d11c6496e2c840dd94a48a0507ce41e7.e3iSbxaKaheRe34Sa3yKbhiTahb0n6jAmljGr5XDqQLvpAe HTTP/1.1" 200 2
66.249.64.171 - - [03/Jan/2015:11:12:27 -0500] "GET /BLA/resoluciones/RESOLUCIONES%202006/RES%202006%201051-1100/00001086.tif HTTP/1.1" 200 217712
66.249.64.171 - - [03/Jan/2015:11:12:28 -0500] "GET /BLA/resoluciones/RESOLUCIONES%202003/RES%202003%20051-100/2003RES94.tif HTTP/1.1" 304 -
66.249.64.163 - - [03/Jan/2015:11:12:28 -0500] "GET /BLA/resoluciones/RESOLUCIONES%202003/RES%202003%201901-1950/00001910.tif HTTP/1.1" 200 104706
66.249.64.167 - - [03/Jan/2015:11:12:51 -0500] "GET /BLA/resoluciones/RESOLUCIONES%202008/5677.pdf HTTP/1.1" 200 121075
66.249.64.163 - - [03/Jan/2015:11:13:28 -0500] "GET /BLA/resoluciones/RESOLUCIONES%202003/RES%202003%20051-100/2003RES90.tif HTTP/1.1" 304 -
66.249.64.171 - - [03/Jan/2015:11:13:35 -0500] "GET /BLA/resoluciones/RESOLUCIONES%202010/0432.pdf HTTP/1.1" 200 447061
186.84.44.72 - - [03/Jan/2015:11:14:15 -0500] "POST /forms/lservlet;jsessionid=ac16012b30d5d11c6496e2c840dd94a48a0507ce41e7.e3iSbxaKaheRe34Sa3yKbhiTahb0n6jAmljGr5XDqQLvpAe HTTP/1.1" 200 2
66.249.64.167 - - [03/Jan/2015:11:14:20 -0500] "GET /BLA/resoluciones/RESOLUCIONES%202008/5726.pdf HTTP/1.1" 200 507476
66.249.64.167 - - [03/Jan/2015:11:14:30 -0500] "GET /BLA/resoluciones/RESOLUCIONES%202003/RES%202003%20051-100/2003RES71.tif HTTP/1.1" 304 -
66.249.64.171 - - [03/Jan/2015:11:15:04 -0500] "GET /BLA/resoluciones/RESOLUCIONES%202007/RES%202007%204101%20AL%204200/RESOLUCION%204160%20DE%202007.pdf HTTP/1.1" 200 1347301
66.249.64.167 - - [03/Jan/2015:11:15:31 -0500] "GET /BLA/resoluciones/RESOLUCIONES%202003/RES%202003%20051-100/2003RES92.tif HTTP/1.1" 304 -
66.249.64.171 - - [03/Jan/2015:11:15:48 -0500] "GET /BLA/resoluciones/RESOLUCIONES%202009/0242.pdf HTTP/1.1" 200 566343
190.84.201.94 - - [03/Jan/2015:11:16:01 -0500] "GET /BLA/resoluciones/RESOLUCIONES%202007/RES%202007%202501%20AL%202600/RESOLUCION%202542%20DE%202007.pdf HTTP/1.1" 200 867071
190.84.201.94 - - [03/Jan/2015:11:16:04 -0500] "GET /favicon.ico HTTP/1.1" 200 7782
93.115.73.29 - - [03/Jan/2015:11:16:04 -0500] "GET /webdav/x32.php?act=phptools&host=&port=&time= HTTP/1.1" 404 1018
186.84.44.72 - - [03/Jan/2015:11:16:15 -0500] "POST /forms/lservlet;jsessionid=ac16012b30d5d11c6496e2c840dd94a48a0507ce41e7.e3iSbxaKaheRe34Sa3yKbhiTahb0n6jAmljGr5XDqQLvpAe HTTP/1.1" 200 2
66.249.64.167 - - [03/Jan/2015:11:16:32 -0500] "GET /BLA/resoluciones/RESOLUCIONES%202010/3780.pdf HTTP/1.1" 200 801046
66.249.64.171 - - [03/Jan/2015:11:16:34 -0500] "GET /BLA/resoluciones/RESOLUCIONES%202003/RES%202003%20051-100/2003RES70.tif HTTP/1.1" 304 -
93.115.73.29 - - [03/Jan/2015:11:16:39 -0500] "GET /webdav/x32.php?act=phptools&host=&port=&time= HTTP/1.1" 404 1018
74.86.158.107 - - [03/Jan/2015:11:16:41 -0500] "GET / HTTP/1.1" 302 -
66.249.64.171 - - [03/Jan/2015:11:17:16 -0500] "GET /BLA/resoluciones/RESOLUCIONES%202009/0831.pdf HTTP/1.1" 200 597596
66.249.64.171 - - [03/Jan/2015:11:17:34 -0500] "GET /BLA/resoluciones/RESOLUCIONES%202005/RES%202005%201001-1050/00001030.tif HTTP/1.1" 304 -
66.249.64.163 - - [03/Jan/2015:11:18:00 -0500] "GET /BLA/resoluciones/AUTOS%202008/2214.pdf HTTP/1.1" 200 99153
186.84.44.72 - - [03/Jan/2015:11:18:15 -0500] "POST /forms/lservlet;jsessionid=ac16012b30d5d11c6496e2c840dd94a48a0507ce41e7.e3iSbxaKaheRe34Sa3yKbhiTahb0n6jAmljGr5XDqQLvpAe HTTP/1.1" 200 2
93.115.73.29 - - [03/Jan/2015:11:18:18 -0500] "GET /webdav/x32.php?act=phptools&host=&port=&time= HTTP/1.1" 404 1018
66.249.64.167 - - [03/Jan/2015:11:18:36 -0500] "GET /BLA/resoluciones/RESOLUCIONES%202003/RES%202003%20051-100/2003RES76.tif HTTP/1.1" 304 -
66.249.64.167 - - [03/Jan/2015:11:18:44 -0500] "GET /BLA/resoluciones/RESOLUCIONES%202009/3620.pdf HTTP/1.1" 200 49904
93.115.73.29 - - [03/Jan/2015:11:18:45 -0500] "GET /webdav/x32.php?act=phptools&host=&port=&time=10 HTTP/1.1" 404 1018
66.249.64.163 - - [03/Jan/2015:11:19:28 -0500] "GET /BLA/resoluciones/AUTOS%202011/4171.pdf HTTP/1.1" 200 200355
66.249.64.167 - - [03/Jan/2015:11:19:37 -0500] "GET /BLA/resoluciones/RESOLUCIONES%202005/RES%202005%201001-1050/00001046.tif HTTP/1.1" 304 -
190.68.181.124 - - [03/Jan/2015:11:19:37 -0500] "GET /forest/session.jsp?a=0.5053435064630396 HTTP/1.1" 200 4
66.249.64.171 - - [03/Jan/2015:11:20:12 -0500] "GET /BLA/resoluciones/RESOLUCIONES%202008/4714.pdf HTTP/1.1" 200 253983
186.84.44.72 - - [03/Jan/2015:11:20:15 -0500] "POST /forms/lservlet;jsessionid=ac16012b30d5d11c6496e2c840dd94a48a0507ce41e7.e3iSbxaKaheRe34Sa3yKbhiTahb0n6jAmljGr5XDqQLvpAe HTTP/1.1" 200 2
93.115.73.29 - - [03/Jan/2015:11:20:23 -0500] "GET /webdav/x32.php?act=phptools&host=93.115.73.29&port=21&time=5 HTTP/1.1" 404 1018
66.249.64.171 - - [03/Jan/2015:11:20:39 -0500] "GET /BLA/resoluciones/RESOLUCIONES%202003/RES%202003%20051-100/2003RES63.tif HTTP/1.1" 304 -
186.113.174.52 - - [03/Jan/2015:11:20:54 -0500] "GET /BLA/resoluciones/AUTOS%202007/1498.pdf HTTP/1.1" 200 91894
66.249.64.171 - - [03/Jan/2015:11:20:56 -0500] "GET /BLA/resoluciones/RESOLUCIONES%202011/1439.pdf HTTP/1.1" 200 65901
186.113.174.52 - - [03/Jan/2015:11:20:56 -0500] "GET /BLA/resoluciones/AUTOS%202007/1498.pdf HTTP/1.1" 200 91894
93.115.73.29 - - [03/Jan/2015:11:21:35 -0500] "GET /webdav/x32.php?act=phptools&host=64.20.55.250&port=80&time=10 HTTP/1.1" 404 1018
66.249.64.171 - - [03/Jan/2015:11:21:40 -0500] "GET /BLA/resoluciones/RESOLUCIONES%202003/RES%202003%20051-100/2003RES55.tif HTTP/1.1" 304 -
66.249.64.163 - - [03/Jan/2015:11:21:40 -0500] "GET /BLA/resoluciones/RESOLUCIONES%202008/1801.pdf HTTP/1.1" 200 230293
74.86.158.107 - - [03/Jan/2015:11:21:41 -0500] "GET / HTTP/1.1" 302 -
190.27.210.121 - - [03/Jan/2015:11:22:15 -0500] "GET /galeria/nivo-slider/demo/demo.html HTTP/1.1" 304 -
190.27.210.121 - - [03/Jan/2015:11:22:15 -0500] "GET /galeria/nivo-slider/demo/images/bolsas-08.jpg HTTP/1.1" 304 -
190.27.210.121 - - [03/Jan/2015:11:22:15 -0500] "GET /galeria/nivo-slider/demo/images/Ruta-vertimientos-01.jpg HTTP/1.1" 304 -
190.27.210.121 - - [03/Jan/2015:11:22:15 -0500] "GET /galeria/nivo-slider/demo/images/bolsas-06.jpg HTTP/1.1" 304 -
186.84.44.72 - - [03/Jan/2015:11:22:16 -0500] "POST /forms/lservlet;jsessionid=ac16012b30d5d11c6496e2c840dd94a48a0507ce41e7.e3iSbxaKaheRe34Sa3yKbhiTahb0n6jAmljGr5XDqQLvpAe HTTP/1.1" 200 2
191.95.252.244 - - [03/Jan/2015:11:22:16 -0500] "GET /galeria/nivo-slider/demo/demo.html HTTP/1.1" 304 -
191.95.252.244 - - [03/Jan/2015:11:22:17 -0500] "GET /galeria/nivo-slider/demo/images/bolsas-08.jpg HTTP/1.1" 304 -
191.95.252.244 - - [03/Jan/2015:11:22:17 -0500] "GET /galeria/nivo-slider/demo/images/bolsas-06.jpg HTTP/1.1" 304 -
191.95.252.244 - - [03/Jan/2015:11:22:17 -0500] "GET /galeria/nivo-slider/demo/images/ecolecta-Dic2014.png HTTP/1.1" 304 -
191.95.252.244 - - [03/Jan/2015:11:22:17 -0500] "GET /galeria/nivo-slider/demo/images/Ruta-vertimientos-01.jpg HTTP/1.1" 304 -
191.95.252.244 - - [03/Jan/2015:11:22:17 -0500] "GET /galeria/nivo-slider/demo/images/Banner-Caracol-Africano.jpg HTTP/1.1" 304 -
66.249.64.167 - - [03/Jan/2015:11:22:24 -0500] "GET /BLA/resoluciones/AUTOS%202008/1219.pdf HTTP/1.1" 200 83912
66.249.64.167 - - [03/Jan/2015:11:22:25 -0500] "GET /BLA/resoluciones/RESOLUCIONES%202003/RES%202003%201901-1950/00001928.tif HTTP/1.1" 200 88394
93.115.73.29 - - [03/Jan/2015:11:22:38 -0500] "GET /webdav/x32.php?act=phptools&host=64.20.55.250&port=80&time=10 HTTP/1.1" 404 1018
181.54.81.48 - - [03/Jan/2015:11:22:41 -0500] "GET /galeria/mapa/aulaSantaM.jpg HTTP/1.1" 200 69216
66.249.64.167 - - [03/Jan/2015:11:22:41 -0500] "GET /BLA/resoluciones/RESOLUCIONES%202003/RES%202003%20051-100/2003RES53.tif HTTP/1.1" 304 -
201.245.192.253 - - [03/Jan/2015:11:23:01 -0500] "GET /BLA/boletinlegal/js/jquery.js HTTP/1.1" 304 -
201.245.192.253 - - [03/Jan/2015:11:23:01 -0500] "GET /BLA/boletinlegal/js/jquery.scrollTo-min.js HTTP/1.1" 304 -
201.245.192.253 - - [03/Jan/2015:11:23:01 -0500] "GET /BLA/boletinlegal/js/jquery.scrollShow.js HTTP/1.1" 304 -
201.245.192.253 - - [03/Jan/2015:11:23:01 -0500] "GET /galeria/carrusel/Carrusel/jquery.thumbnailScroller.css HTTP/1.1" 304 -
201.245.192.253 - - [03/Jan/2015:11:23:01 -0500] "GET /galeria/carrusel/Carrusel/jquery-ui-1.8.13.custom.min.js HTTP/1.1" 304 -
201.245.192.253 - - [03/Jan/2015:11:23:01 -0500] "GET /galeria/carrusel/Carrusel/jquery.thumbnailScroller.js HTTP/1.1" 304 -
201.245.192.253 - - [03/Jan/2015:11:23:02 -0500] "GET /galeria/nivo-slider/demo/demo.html HTTP/1.1" 304 -
201.245.192.253 - - [03/Jan/2015:11:23:04 -0500] "GET /galeria/nivo-slider/themes/default/default.css HTTP/1.1" 304 -
201.245.192.253 - - [03/Jan/2015:11:23:04 -0500] "GET /galeria/nivo-slider/themes/pascal/pascal.css HTTP/1.1" 304 -
201.245.192.253 - - [03/Jan/2015:11:23:04 -0500] "GET /galeria/nivo-slider/themes/orman/orman.css HTTP/1.1" 304 -
201.245.192.253 - - [03/Jan/2015:11:23:04 -0500] "GET /galeria/nivo-slider/nivo-slider.css HTTP/1.1" 304 -
201.245.192.253 - - [03/Jan/2015:11:23:04 -0500] "GET /galeria/nivo-slider/demo/style.css HTTP/1.1" 304 -
201.245.192.253 - - [03/Jan/2015:11:23:04 -0500] "GET /galeria/nivo-slider/demo/images/bolsas-08.jpg HTTP/1.1" 304 -
201.245.192.253 - - [03/Jan/2015:11:23:04 -0500] "GET /galeria/nivo-slider/demo/scripts/jquery-1.7.1.min.js HTTP/1.1" 304 -
201.245.192.253 - - [03/Jan/2015:11:23:04 -0500] "GET /galeria/nivo-slider/jquery.nivo.slider.pack.js HTTP/1.1" 304 -
201.245.192.253 - - [03/Jan/2015:11:23:04 -0500] "GET /galeria/nivo-slider/demo/images/Ruta-vertimientos-01.jpg HTTP/1.1" 304 -
201.245.192.253 - - [03/Jan/2015:11:23:04 -0500] "GET /galeria/nivo-slider/demo/images/ecolecta-Dic2014.png HTTP/1.1" 304 -
201.245.192.253 - - [03/Jan/2015:11:23:04 -0500] "GET /galeria/nivo-slider/demo/images/bolsas-06.jpg HTTP/1.1" 304 -
201.245.192.253 - - [03/Jan/2015:11:23:04 -0500] "GET /galeria/nivo-slider/demo/images/porloshumedales.jpg HTTP/1.1" 304 -
201.245.192.253 - - [03/Jan/2015:11:23:04 -0500] "GET /galeria/nivo-slider/demo/images/Tingua-azul.jpg HTTP/1.1" 304 -
201.245.192.253 - - [03/Jan/2015:11:23:04 -0500] "GET /galeria/nivo-slider/demo/images/Banner-Caracol-Africano.jpg HTTP/1.1" 304 -
201.245.192.253 - - [03/Jan/2015:11:23:05 -0500] "GET /galeria/nivo-slider/demo/images/4Simple_Slider.png HTTP/1.1" 304 -
201.245.192.253 - - [03/Jan/2015:11:23:05 -0500] "GET /galeria/nivo-slider/themes/default/loading.gif HTTP/1.1" 304 -
201.245.192.253 - - [03/Jan/2015:11:23:05 -0500] "GET /galeria/nivo-slider/demo/images/banner-redes.jpg HTTP/1.1" 304 -
201.245.192.253 - - [03/Jan/2015:11:23:05 -0500] "GET /galeria/nivo-slider/demo/images/9Signos.jpg HTTP/1.1" 304 -
201.245.192.253 - - [03/Jan/2015:11:23:05 -0500] "GET /galeria/nivo-slider/demo/images/banner-llantas2.jpg HTTP/1.1" 304 -
201.245.192.253 - - [03/Jan/2015:11:23:05 -0500] "GET /galeria/nivo-slider/demo/images/banner-caballos.png HTTP/1.1" 304 -
201.245.192.253 - - [03/Jan/2015:11:23:06 -0500] "GET /galeria/nivo-slider/themes/default/bullets.png HTTP/1.1" 304 -
201.245.192.253 - - [03/Jan/2015:11:23:06 -0500] "GET /galeria/nivo-slider/themes/default/arrows.png HTTP/1.1" 304 -
66.249.64.171 - - [03/Jan/2015:11:23:09 -0500] "GET /BLA/resoluciones/RESOLUCIONES%202010/7149.pdf HTTP/1.1" 200 376459
93.115.73.29 - - [03/Jan/2015:11:23:26 -0500] "GET /webdav/x32.php?act=phptools&host=&port=&time= HTTP/1.1" 404 1018
66.249.64.163 - - [03/Jan/2015:11:23:43 -0500] "GET /BLA/resoluciones/RESOLUCIONES%202003/RES%202003%20051-100/2003RES54.tif HTTP/1.1" 304 -
66.249.64.163 - - [03/Jan/2015:11:23:53 -0500] "GET /BLA/resoluciones/RESOLUCIONES%202009/3490.pdf HTTP/1.1" 200 843592
93.115.73.29 - - [03/Jan/2015:11:24:03 -0500] "GET /webdav/x32.php?act=phptools&host=&port=&time= HTTP/1.1" 404 1018
93.115.73.29 - - [03/Jan/2015:11:24:03 -0500] "GET /webdav/x32.php?act=phptools&host=&port=&time= HTTP/1.1" 404 1018
186.84.44.72 - - [03/Jan/2015:11:24:16 -0500] "POST /forms/lservlet;jsessionid=ac16012b30d5d11c6496e2c840dd94a48a0507ce41e7.e3iSbxaKaheRe34Sa3yKbhiTahb0n6jAmljGr5XDqQLvpAe HTTP/1.1" 200 2
66.249.64.167 - - [03/Jan/2015:11:24:37 -0500] "GET /BLA/resoluciones/RESOLUCIONES%202008/3380.pdf HTTP/1.1" 200 442703
190.68.181.124 - - [03/Jan/2015:11:24:41 -0500] "GET /forest/session.jsp?a=0.29765646835425164 HTTP/1.1" 200 4
66.249.64.163 - - [03/Jan/2015:11:24:45 -0500] "GET /BLA/resoluciones/RESOLUCIONES%202003/RES%202003%20051-100/2003RES74.tif HTTP/1.1" 304 -
190.84.193.127 - - [03/Jan/2015:11:24:51 -0500] "GET /BLA/boletinlegal/js/jquery.js HTTP/1.1" 200 57254
190.84.193.127 - - [03/Jan/2015:11:24:51 -0500] "GET /BLA/boletinlegal/js/jquery.scrollShow.js HTTP/1.1" 200 4586
190.84.193.127 - - [03/Jan/2015:11:24:51 -0500] "GET /BLA/boletinlegal/js/jquery.scrollTo-min.js HTTP/1.1" 200 1150
190.84.193.127 - - [03/Jan/2015:11:24:51 -0500] "GET /galeria/carrusel/Carrusel/jquery.thumbnailScroller.css HTTP/1.1" 200 2066
190.84.193.127 - - [03/Jan/2015:11:24:51 -0500] "GET /galeria/carrusel/Carrusel/jquery-ui-1.8.13.custom.min.js HTTP/1.1" 200 10800
190.84.193.127 - - [03/Jan/2015:11:24:51 -0500] "GET /galeria/carrusel/Carrusel/jquery.thumbnailScroller.js HTTP/1.1" 200 8157
190.84.193.127 - - [03/Jan/2015:11:24:52 -0500] "GET /galeria/nivo-slider/demo/demo.html HTTP/1.1" 200 3150
190.84.193.127 - - [03/Jan/2015:11:24:53 -0500] "GET /galeria/nivo-slider/themes/default/default.css HTTP/1.1" 200 1569
190.84.193.127 - - [03/Jan/2015:11:24:53 -0500] "GET /galeria/nivo-slider/demo/style.css HTTP/1.1" 200 2222
190.84.193.127 - - [03/Jan/2015:11:24:53 -0500] "GET /galeria/nivo-slider/themes/pascal/pascal.css HTTP/1.1" 200 2258
190.84.193.127 - - [03/Jan/2015:11:24:53 -0500] "GET /galeria/nivo-slider/nivo-slider.css HTTP/1.1" 200 1507
190.84.193.127 - - [03/Jan/2015:11:24:53 -0500] "GET /galeria/nivo-slider/themes/orman/orman.css HTTP/1.1" 200 2152
190.84.193.127 - - [03/Jan/2015:11:24:53 -0500] "GET /galeria/nivo-slider/demo/images/bolsas-08.jpg HTTP/1.1" 200 85589
190.84.193.127 - - [03/Jan/2015:11:24:53 -0500] "GET /galeria/nivo-slider/demo/images/Ruta-vertimientos-01.jpg HTTP/1.1" 200 130151
190.84.193.127 - - [03/Jan/2015:11:24:53 -0500] "GET /galeria/nivo-slider/demo/images/bolsas-06.jpg HTTP/1.1" 200 90982
190.84.193.127 - - [03/Jan/2015:11:24:53 -0500] "GET /galeria/nivo-slider/demo/images/ecolecta-Dic2014.png HTTP/1.1" 200 288593
190.84.193.127 - - [03/Jan/2015:11:24:53 -0500] "GET /galeria/nivo-slider/demo/images/porloshumedales.jpg HTTP/1.1" 200 351238
190.84.193.127 - - [03/Jan/2015:11:24:53 -0500] "GET /galeria/nivo-slider/demo/images/Tingua-azul.jpg HTTP/1.1" 200 307638
190.84.193.127 - - [03/Jan/2015:11:24:53 -0500] "GET /galeria/nivo-slider/demo/images/Banner-Caracol-Africano.jpg HTTP/1.1" 200 331986
190.84.193.127 - - [03/Jan/2015:11:24:54 -0500] "GET /galeria/nivo-slider/demo/images/banner-redes.jpg HTTP/1.1" 200 62209
190.84.193.127 - - [03/Jan/2015:11:24:54 -0500] "GET /galeria/nivo-slider/demo/images/9Signos.jpg HTTP/1.1" 200 93040
190.84.193.127 - - [03/Jan/2015:11:24:54 -0500] "GET /galeria/nivo-slider/demo/images/banner-llantas2.jpg HTTP/1.1" 200 73153
190.84.193.127 - - [03/Jan/2015:11:24:54 -0500] "GET /galeria/nivo-slider/demo/images/banner-caballos.png HTTP/1.1" 200 389106
190.84.193.127 - - [03/Jan/2015:11:24:54 -0500] "GET /galeria/nivo-slider/demo/scripts/jquery-1.7.1.min.js HTTP/1.1" 200 93868
190.84.193.127 - - [03/Jan/2015:11:24:54 -0500] "GET /galeria/nivo-slider/jquery.nivo.slider.pack.js HTTP/1.1" 200 11561
190.84.193.127 - - [03/Jan/2015:11:24:55 -0500] "GET /galeria/nivo-slider/themes/default/loading.gif HTTP/1.1" 200 1737
190.84.193.127 - - [03/Jan/2015:11:24:55 -0500] "GET /galeria/nivo-slider/demo/images/4Simple_Slider.png HTTP/1.1" 200 11722
190.84.193.127 - - [03/Jan/2015:11:24:55 -0500] "GET /galeria/nivo-slider/themes/default/arrows.png HTTP/1.1" 200 824
190.84.193.127 - - [03/Jan/2015:11:24:55 -0500] "GET /galeria/nivo-slider/themes/default/bullets.png HTTP/1.1" 200 1281
93.115.73.29 - - [03/Jan/2015:11:25:11 -0500] "GET /webdav/x32.php?act=phptools&host=64.20.55.250&port=80&time=10 HTTP/1.1" 404 1018
66.249.64.163 - - [03/Jan/2015:11:25:21 -0500] "GET /BLA/resoluciones/RESOLUCIONES%202008/0223.pdf HTTP/1.1" 200 280344
190.158.155.252 - - [03/Jan/2015:11:25:21 -0500] "GET /galeria/carrusel/Carrusel/jquery.thumbnailScroller.css HTTP/1.1" 200 2066
190.158.155.252 - - [03/Jan/2015:11:25:21 -0500] "GET /BLA/boletinlegal/js/jquery.js HTTP/1.1" 200 57254
190.158.155.252 - - [03/Jan/2015:11:25:21 -0500] "GET /BLA/boletinlegal/js/jquery.scrollShow.js HTTP/1.1" 200 4586
190.158.155.252 - - [03/Jan/2015:11:25:21 -0500] "GET /BLA/boletinlegal/js/jquery.scrollTo-min.js HTTP/1.1" 200 1150
190.158.155.252 - - [03/Jan/2015:11:25:22 -0500] "GET /galeria/carrusel/Carrusel/jquery.thumbnailScroller.js HTTP/1.1" 200 8157
190.158.155.252 - - [03/Jan/2015:11:25:22 -0500] "GET /galeria/carrusel/Carrusel/jquery-ui-1.8.13.custom.min.js HTTP/1.1" 200 10800
190.158.155.252 - - [03/Jan/2015:11:25:23 -0500] "GET /galeria/nivo-slider/demo/demo.html HTTP/1.1" 200 3150
190.158.155.252 - - [03/Jan/2015:11:25:23 -0500] "GET /galeria/nivo-slider/themes/orman/orman.css HTTP/1.1" 200 2152
190.158.155.252 - - [03/Jan/2015:11:25:23 -0500] "GET /galeria/nivo-slider/themes/pascal/pascal.css HTTP/1.1" 200 2258
190.158.155.252 - - [03/Jan/2015:11:25:23 -0500] "GET /galeria/nivo-slider/nivo-slider.css HTTP/1.1" 200 1507
190.158.155.252 - - [03/Jan/2015:11:25:23 -0500] "GET /galeria/nivo-slider/themes/default/default.css HTTP/1.1" 200 1569
