186.84.44.72 - - [03/Jan/2015:15:20:15 -0500] "POST /forms/lservlet;jsessionid=ac16012b30d5a2db1621a476482bb976aecbdc5f510b.e3iSbxaKaheRe34Sa3yKbhiTahb0n6jAmljGr5XDqQLvpAe HTTP/1.1" 200 2
186.84.44.72 - - [03/Jan/2015:15:20:15 -0500] "POST /forms/lservlet;jsessionid=ac16012b30d5a2db1621a476482bb976aecbdc5f510b.e3iSbxaKaheRe34Sa3yKbhiTahb0n6jAmljGr5XDqQLvpAe HTTP/1.1" 200 121
186.84.44.72 - - [03/Jan/2015:15:20:18 -0500] "POST /forms/lservlet;jsessionid=ac16012b30d5a2db1621a476482bb976aecbdc5f510b.e3iSbxaKaheRe34Sa3yKbhiTahb0n6jAmljGr5XDqQLvpAe HTTP/1.1" 200 142
186.84.44.72 - - [03/Jan/2015:15:20:18 -0500] "POST /forms/lservlet;jsessionid=ac16012b30d5a2db1621a476482bb976aecbdc5f510b.e3iSbxaKaheRe34Sa3yKbhiTahb0n6jAmljGr5XDqQLvpAe HTTP/1.1" 200 2
186.84.44.72 - - [03/Jan/2015:15:20:21 -0500] "POST /forms/lservlet;jsessionid=ac16012b30d5a2db1621a476482bb976aecbdc5f510b.e3iSbxaKaheRe34Sa3yKbhiTahb0n6jAmljGr5XDqQLvpAe HTTP/1.1" 200 142
186.84.44.72 - - [03/Jan/2015:15:20:21 -0500] "POST /forms/lservlet;jsessionid=ac16012b30d5a2db1621a476482bb976aecbdc5f510b.e3iSbxaKaheRe34Sa3yKbhiTahb0n6jAmljGr5XDqQLvpAe HTTP/1.1" 200 2
186.84.44.72 - - [03/Jan/2015:15:20:21 -0500] "POST /forms/lservlet;jsessionid=ac16012b30d5a2db1621a476482bb976aecbdc5f510b.e3iSbxaKaheRe34Sa3yKbhiTahb0n6jAmljGr5XDqQLvpAe HTTP/1.1" 200 198
186.84.44.72 - - [03/Jan/2015:15:20:21 -0500] "POST /forms/lservlet;jsessionid=ac16012b30d5a2db1621a476482bb976aecbdc5f510b.e3iSbxaKaheRe34Sa3yKbhiTahb0n6jAmljGr5XDqQLvpAe HTTP/1.1" 200 2
186.84.44.72 - - [03/Jan/2015:15:20:23 -0500] "POST /forms/lservlet;jsessionid=ac16012b30d5d11c6496e2c840dd94a48a0507ce41e7.e3iSbxaKaheRe34Sa3yKbhiTahb0n6jAmljGr5XDqQLvpAe HTTP/1.1" 200 2
186.84.44.72 - - [03/Jan/2015:15:20:24 -0500] "POST /forms/lservlet;jsessionid=ac16012b30d5a2db1621a476482bb976aecbdc5f510b.e3iSbxaKaheRe34Sa3yKbhiTahb0n6jAmljGr5XDqQLvpAe HTTP/1.1" 200 347
186.84.44.72 - - [03/Jan/2015:15:20:24 -0500] "POST /forms/lservlet;jsessionid=ac16012b30d5a2db1621a476482bb976aecbdc5f510b.e3iSbxaKaheRe34Sa3yKbhiTahb0n6jAmljGr5XDqQLvpAe HTTP/1.1" 200 2
186.84.44.72 - - [03/Jan/2015:15:20:25 -0500] "POST /forms/lservlet;jsessionid=ac16012b30d5a2db1621a476482bb976aecbdc5f510b.e3iSbxaKaheRe34Sa3yKbhiTahb0n6jAmljGr5XDqQLvpAe HTTP/1.1" 200 2
186.84.44.72 - - [03/Jan/2015:15:20:25 -0500] "POST /forms/lservlet;jsessionid=ac16012b30d5a2db1621a476482bb976aecbdc5f510b.e3iSbxaKaheRe34Sa3yKbhiTahb0n6jAmljGr5XDqQLvpAe HTTP/1.1" 200 248
186.84.44.72 - - [03/Jan/2015:15:20:26 -0500] "POST /forms/lservlet;jsessionid=ac16012b30d5a2db1621a476482bb976aecbdc5f510b.e3iSbxaKaheRe34Sa3yKbhiTahb0n6jAmljGr5XDqQLvpAe HTTP/1.1" 200 2
186.84.44.72 - - [03/Jan/2015:15:20:26 -0500] "POST /forms/lservlet;jsessionid=ac16012b30d5a2db1621a476482bb976aecbdc5f510b.e3iSbxaKaheRe34Sa3yKbhiTahb0n6jAmljGr5XDqQLvpAe HTTP/1.1" 200 180
186.84.44.72 - - [03/Jan/2015:15:20:27 -0500] "POST /forms/lservlet;jsessionid=ac16012b30d5a2db1621a476482bb976aecbdc5f510b.e3iSbxaKaheRe34Sa3yKbhiTahb0n6jAmljGr5XDqQLvpAe HTTP/1.1" 200 2
186.84.44.72 - - [03/Jan/2015:15:20:27 -0500] "POST /forms/lservlet;jsessionid=ac16012b30d5a2db1621a476482bb976aecbdc5f510b.e3iSbxaKaheRe34Sa3yKbhiTahb0n6jAmljGr5XDqQLvpAe HTTP/1.1" 200 77
186.84.44.72 - - [03/Jan/2015:15:20:28 -0500] "POST /forms/lservlet;jsessionid=ac16012b30d5a2db1621a476482bb976aecbdc5f510b.e3iSbxaKaheRe34Sa3yKbhiTahb0n6jAmljGr5XDqQLvpAe HTTP/1.1" 200 2
186.84.44.72 - - [03/Jan/2015:15:20:28 -0500] "POST /forms/lservlet;jsessionid=ac16012b30d5a2db1621a476482bb976aecbdc5f510b.e3iSbxaKaheRe34Sa3yKbhiTahb0n6jAmljGr5XDqQLvpAe HTTP/1.1" 200 1510
186.84.44.72 - - [03/Jan/2015:15:20:28 -0500] "POST /forms/lservlet;jsessionid=ac16012b30d5a2db1621a476482bb976aecbdc5f510b.e3iSbxaKaheRe34Sa3yKbhiTahb0n6jAmljGr5XDqQLvpAe HTTP/1.1" 200 2
186.84.44.72 - - [03/Jan/2015:15:20:28 -0500] "POST /forms/lservlet;jsessionid=ac16012b30d5a2db1621a476482bb976aecbdc5f510b.e3iSbxaKaheRe34Sa3yKbhiTahb0n6jAmljGr5XDqQLvpAe HTTP/1.1" 200 2
186.84.44.72 - - [03/Jan/2015:15:20:30 -0500] "POST /forms/lservlet;jsessionid=ac16012b30d5a2db1621a476482bb976aecbdc5f510b.e3iSbxaKaheRe34Sa3yKbhiTahb0n6jAmljGr5XDqQLvpAe HTTP/1.1" 200 136
66.249.64.163 - - [03/Jan/2015:15:20:35 -0500] "GET /BLA/resoluciones/RESOLUCIONES%202007/RES%202007%203601%20AL%203700/RESOLUCION%203649%20DE%202007.pdf HTTP/1.1" 200 560133
186.84.44.72 - - [03/Jan/2015:15:20:35 -0500] "POST /forms/lservlet;jsessionid=ac16012b30d5a2db1621a476482bb976aecbdc5f510b.e3iSbxaKaheRe34Sa3yKbhiTahb0n6jAmljGr5XDqQLvpAe HTTP/1.1" 200 7
186.84.44.72 - - [03/Jan/2015:15:20:35 -0500] "POST /forms/lservlet;jsessionid=ac16012b30d5a2db1621a476482bb976aecbdc5f510b.e3iSbxaKaheRe34Sa3yKbhiTahb0n6jAmljGr5XDqQLvpAe HTTP/1.1" 200 30242
186.84.44.72 - - [03/Jan/2015:15:20:36 -0500] "POST /forms/lservlet;jsessionid=ac16012b30d5a2db1621a476482bb976aecbdc5f510b.e3iSbxaKaheRe34Sa3yKbhiTahb0n6jAmljGr5XDqQLvpAe HTTP/1.1" 200 7
186.84.44.72 - - [03/Jan/2015:15:20:36 -0500] "POST /forms/lservlet;jsessionid=ac16012b30d5a2db1621a476482bb976aecbdc5f510b.e3iSbxaKaheRe34Sa3yKbhiTahb0n6jAmljGr5XDqQLvpAe HTTP/1.1" 200 2
186.84.44.72 - - [03/Jan/2015:15:20:36 -0500] "POST /forms/lservlet;jsessionid=ac16012b30d5a2db1621a476482bb976aecbdc5f510b.e3iSbxaKaheRe34Sa3yKbhiTahb0n6jAmljGr5XDqQLvpAe HTTP/1.1" 200 27
186.84.44.72 - - [03/Jan/2015:15:20:37 -0500] "POST /forms/lservlet;jsessionid=ac16012b30d5a2db1621a476482bb976aecbdc5f510b.e3iSbxaKaheRe34Sa3yKbhiTahb0n6jAmljGr5XDqQLvpAe HTTP/1.1" 200 2
186.84.44.72 - - [03/Jan/2015:15:20:37 -0500] "POST /forms/lservlet;jsessionid=ac16012b30d5a2db1621a476482bb976aecbdc5f510b.e3iSbxaKaheRe34Sa3yKbhiTahb0n6jAmljGr5XDqQLvpAe HTTP/1.1" 200 98
190.68.181.124 - - [03/Jan/2015:15:19:16 -0500] "POST /forest/buscar.do? HTTP/1.1" 200 16737
186.84.44.72 - - [03/Jan/2015:15:20:38 -0500] "POST /forms/lservlet;jsessionid=ac16012b30d5a2db1621a476482bb976aecbdc5f510b.e3iSbxaKaheRe34Sa3yKbhiTahb0n6jAmljGr5XDqQLvpAe HTTP/1.1" 200 79
186.84.44.72 - - [03/Jan/2015:15:20:39 -0500] "POST /forms/lservlet;jsessionid=ac16012b30d5a2db1621a476482bb976aecbdc5f510b.e3iSbxaKaheRe34Sa3yKbhiTahb0n6jAmljGr5XDqQLvpAe HTTP/1.1" 200 121
186.84.44.72 - - [03/Jan/2015:15:20:39 -0500] "POST /forms/lservlet;jsessionid=ac16012b30d5a2db1621a476482bb976aecbdc5f510b.e3iSbxaKaheRe34Sa3yKbhiTahb0n6jAmljGr5XDqQLvpAe HTTP/1.1" 200 2
186.84.44.72 - - [03/Jan/2015:15:20:39 -0500] "POST /forms/lservlet;jsessionid=ac16012b30d5a2db1621a476482bb976aecbdc5f510b.e3iSbxaKaheRe34Sa3yKbhiTahb0n6jAmljGr5XDqQLvpAe HTTP/1.1" 200 121
186.84.44.72 - - [03/Jan/2015:15:20:41 -0500] "POST /forms/lservlet;jsessionid=ac16012b30d5a2db1621a476482bb976aecbdc5f510b.e3iSbxaKaheRe34Sa3yKbhiTahb0n6jAmljGr5XDqQLvpAe HTTP/1.1" 200 142
186.84.44.72 - - [03/Jan/2015:15:20:41 -0500] "POST /forms/lservlet;jsessionid=ac16012b30d5a2db1621a476482bb976aecbdc5f510b.e3iSbxaKaheRe34Sa3yKbhiTahb0n6jAmljGr5XDqQLvpAe HTTP/1.1" 200 2
186.84.44.72 - - [03/Jan/2015:15:20:43 -0500] "POST /forms/lservlet;jsessionid=ac16012b30d5a2db1621a476482bb976aecbdc5f510b.e3iSbxaKaheRe34Sa3yKbhiTahb0n6jAmljGr5XDqQLvpAe HTTP/1.1" 200 142
186.84.44.72 - - [03/Jan/2015:15:20:43 -0500] "POST /forms/lservlet;jsessionid=ac16012b30d5a2db1621a476482bb976aecbdc5f510b.e3iSbxaKaheRe34Sa3yKbhiTahb0n6jAmljGr5XDqQLvpAe HTTP/1.1" 200 2
186.84.44.72 - - [03/Jan/2015:15:20:44 -0500] "POST /forms/lservlet;jsessionid=ac16012b30d5a2db1621a476482bb976aecbdc5f510b.e3iSbxaKaheRe34Sa3yKbhiTahb0n6jAmljGr5XDqQLvpAe HTTP/1.1" 200 198
186.84.44.72 - - [03/Jan/2015:15:20:44 -0500] "POST /forms/lservlet;jsessionid=ac16012b30d5a2db1621a476482bb976aecbdc5f510b.e3iSbxaKaheRe34Sa3yKbhiTahb0n6jAmljGr5XDqQLvpAe HTTP/1.1" 200 2
186.84.44.72 - - [03/Jan/2015:15:20:45 -0500] "POST /forms/lservlet;jsessionid=ac16012b30d5a2db1621a476482bb976aecbdc5f510b.e3iSbxaKaheRe34Sa3yKbhiTahb0n6jAmljGr5XDqQLvpAe HTTP/1.1" 200 339
186.84.44.72 - - [03/Jan/2015:15:20:45 -0500] "POST /forms/lservlet;jsessionid=ac16012b30d5a2db1621a476482bb976aecbdc5f510b.e3iSbxaKaheRe34Sa3yKbhiTahb0n6jAmljGr5XDqQLvpAe HTTP/1.1" 200 2
186.84.44.72 - - [03/Jan/2015:15:20:47 -0500] "POST /forms/lservlet;jsessionid=ac16012b30d5a2db1621a476482bb976aecbdc5f510b.e3iSbxaKaheRe34Sa3yKbhiTahb0n6jAmljGr5XDqQLvpAe HTTP/1.1" 200 2
186.84.44.72 - - [03/Jan/2015:15:20:47 -0500] "POST /forms/lservlet;jsessionid=ac16012b30d5a2db1621a476482bb976aecbdc5f510b.e3iSbxaKaheRe34Sa3yKbhiTahb0n6jAmljGr5XDqQLvpAe HTTP/1.1" 200 248
186.84.44.72 - - [03/Jan/2015:15:20:47 -0500] "POST /forms/lservlet;jsessionid=ac16012b30d5a2db1621a476482bb976aecbdc5f510b.e3iSbxaKaheRe34Sa3yKbhiTahb0n6jAmljGr5XDqQLvpAe HTTP/1.1" 200 2
186.84.44.72 - - [03/Jan/2015:15:20:47 -0500] "POST /forms/lservlet;jsessionid=ac16012b30d5a2db1621a476482bb976aecbdc5f510b.e3iSbxaKaheRe34Sa3yKbhiTahb0n6jAmljGr5XDqQLvpAe HTTP/1.1" 200 180
186.84.44.72 - - [03/Jan/2015:15:20:49 -0500] "POST /forms/lservlet;jsessionid=ac16012b30d5a2db1621a476482bb976aecbdc5f510b.e3iSbxaKaheRe34Sa3yKbhiTahb0n6jAmljGr5XDqQLvpAe HTTP/1.1" 200 2
186.84.44.72 - - [03/Jan/2015:15:20:50 -0500] "POST /forms/lservlet;jsessionid=ac16012b30d5a2db1621a476482bb976aecbdc5f510b.e3iSbxaKaheRe34Sa3yKbhiTahb0n6jAmljGr5XDqQLvpAe HTTP/1.1" 200 77
98.239.65.159 - - [03/Jan/2015:15:20:49 -0500] "PUT /webdav/TheBest.php HTTP/1.1" 405 938
186.84.44.72 - - [03/Jan/2015:15:20:50 -0500] "POST /forms/lservlet;jsessionid=ac16012b30d5a2db1621a476482bb976aecbdc5f510b.e3iSbxaKaheRe34Sa3yKbhiTahb0n6jAmljGr5XDqQLvpAe HTTP/1.1" 200 2
186.84.44.72 - - [03/Jan/2015:15:20:50 -0500] "POST /forms/lservlet;jsessionid=ac16012b30d5a2db1621a476482bb976aecbdc5f510b.e3iSbxaKaheRe34Sa3yKbhiTahb0n6jAmljGr5XDqQLvpAe HTTP/1.1" 200 1510
186.84.44.72 - - [03/Jan/2015:15:20:50 -0500] "POST /forms/lservlet;jsessionid=ac16012b30d5a2db1621a476482bb976aecbdc5f510b.e3iSbxaKaheRe34Sa3yKbhiTahb0n6jAmljGr5XDqQLvpAe HTTP/1.1" 200 2
186.84.44.72 - - [03/Jan/2015:15:20:50 -0500] "POST /forms/lservlet;jsessionid=ac16012b30d5a2db1621a476482bb976aecbdc5f510b.e3iSbxaKaheRe34Sa3yKbhiTahb0n6jAmljGr5XDqQLvpAe HTTP/1.1" 200 2
186.84.44.72 - - [03/Jan/2015:15:20:53 -0500] "POST /forms/lservlet;jsessionid=ac16012b30d5a2db1621a476482bb976aecbdc5f510b.e3iSbxaKaheRe34Sa3yKbhiTahb0n6jAmljGr5XDqQLvpAe HTTP/1.1" 200 136
190.68.181.124 - - [03/Jan/2015:15:20:57 -0500] "GET /forest/skins/gdocs-jar/popup/popup.jsp?width=900&height=600&title=Informaci%F3n%20de%20proceso&uri=/forest/system/process.jsp%3FnumPro%3D2634301&name=undefined&_a=0.34208347124280913&a=0.26858477585453544 HTTP/1.1" 200 1312
190.68.181.124 - - [03/Jan/2015:15:20:58 -0500] "GET /forest/system/process.jsp?numPro=2634301 HTTP/1.1" 200 20021
190.68.181.124 - - [03/Jan/2015:15:21:02 -0500] "GET /forest/usudocumentos.do?p7z=1695554&a=0.5926172590727725&a=0.2734253824191054 HTTP/1.1" 200 2531
66.249.64.167 - - [03/Jan/2015:15:21:04 -0500] "GET /BLA/resoluciones/RESOLUCIONES%202013/0474.pdf HTTP/1.1" 304 -
186.84.44.72 - - [03/Jan/2015:15:21:04 -0500] "POST /forms/lservlet;jsessionid=ac16012b30d5a2db1621a476482bb976aecbdc5f510b.e3iSbxaKaheRe34Sa3yKbhiTahb0n6jAmljGr5XDqQLvpAe HTTP/1.1" 200 7
186.84.44.72 - - [03/Jan/2015:15:21:04 -0500] "POST /forms/lservlet;jsessionid=ac16012b30d5a2db1621a476482bb976aecbdc5f510b.e3iSbxaKaheRe34Sa3yKbhiTahb0n6jAmljGr5XDqQLvpAe HTTP/1.1" 200 30244
186.84.44.72 - - [03/Jan/2015:15:21:05 -0500] "POST /forms/lservlet;jsessionid=ac16012b30d5a2db1621a476482bb976aecbdc5f510b.e3iSbxaKaheRe34Sa3yKbhiTahb0n6jAmljGr5XDqQLvpAe HTTP/1.1" 200 7
186.84.44.72 - - [03/Jan/2015:15:21:05 -0500] "POST /forms/lservlet;jsessionid=ac16012b30d5a2db1621a476482bb976aecbdc5f510b.e3iSbxaKaheRe34Sa3yKbhiTahb0n6jAmljGr5XDqQLvpAe HTTP/1.1" 200 2
186.84.44.72 - - [03/Jan/2015:15:21:05 -0500] "POST /forms/lservlet;jsessionid=ac16012b30d5a2db1621a476482bb976aecbdc5f510b.e3iSbxaKaheRe34Sa3yKbhiTahb0n6jAmljGr5XDqQLvpAe HTTP/1.1" 200 27
186.84.44.72 - - [03/Jan/2015:15:21:06 -0500] "POST /forms/lservlet;jsessionid=ac16012b30d5a2db1621a476482bb976aecbdc5f510b.e3iSbxaKaheRe34Sa3yKbhiTahb0n6jAmljGr5XDqQLvpAe HTTP/1.1" 200 2
190.68.181.124 - - [03/Jan/2015:15:21:04 -0500] "GET /forest/documentos/1695554/2013EE106805.p7z:claro/Registro%20Vertimientos.doc HTTP/1.1" 200 312832
186.84.44.72 - - [03/Jan/2015:15:21:09 -0500] "POST /forms/lservlet;jsessionid=ac16012b30d5a2db1621a476482bb976aecbdc5f510b.e3iSbxaKaheRe34Sa3yKbhiTahb0n6jAmljGr5XDqQLvpAe HTTP/1.1" 200 98
186.84.44.72 - - [03/Jan/2015:15:21:10 -0500] "POST /forms/lservlet;jsessionid=ac16012b30d5a2db1621a476482bb976aecbdc5f510b.e3iSbxaKaheRe34Sa3yKbhiTahb0n6jAmljGr5XDqQLvpAe HTTP/1.1" 200 79
186.84.44.72 - - [03/Jan/2015:15:21:12 -0500] "POST /forms/lservlet;jsessionid=ac16012b30d5a2db1621a476482bb976aecbdc5f510b.e3iSbxaKaheRe34Sa3yKbhiTahb0n6jAmljGr5XDqQLvpAe HTTP/1.1" 200 121
186.84.44.72 - - [03/Jan/2015:15:21:12 -0500] "POST /forms/lservlet;jsessionid=ac16012b30d5a2db1621a476482bb976aecbdc5f510b.e3iSbxaKaheRe34Sa3yKbhiTahb0n6jAmljGr5XDqQLvpAe HTTP/1.1" 200 2
186.84.44.72 - - [03/Jan/2015:15:21:12 -0500] "POST /forms/lservlet;jsessionid=ac16012b30d5a2db1621a476482bb976aecbdc5f510b.e3iSbxaKaheRe34Sa3yKbhiTahb0n6jAmljGr5XDqQLvpAe HTTP/1.1" 200 121
181.136.70.220 - - [03/Jan/2015:15:21:13 -0500] "GET /BLA/boletinlegal/js/jquery.scrollTo-min.js HTTP/1.1" 200 1150
181.136.70.220 - - [03/Jan/2015:15:21:13 -0500] "GET /BLA/boletinlegal/js/jquery.scrollShow.js HTTP/1.1" 200 4586
181.136.70.220 - - [03/Jan/2015:15:21:13 -0500] "GET /galeria/carrusel/Carrusel/jquery.thumbnailScroller.css HTTP/1.1" 200 2066
181.136.70.220 - - [03/Jan/2015:15:21:13 -0500] "GET /galeria/carrusel/Carrusel/jquery.thumbnailScroller.js HTTP/1.1" 200 8157
181.136.70.220 - - [03/Jan/2015:15:21:13 -0500] "GET /BLA/boletinlegal/js/jquery.js HTTP/1.1" 200 57254
181.136.70.220 - - [03/Jan/2015:15:21:13 -0500] "GET /galeria/carrusel/Carrusel/jquery-ui-1.8.13.custom.min.js HTTP/1.1" 200 10800
186.84.44.72 - - [03/Jan/2015:15:21:14 -0500] "POST /forms/lservlet;jsessionid=ac16012b30d5a2db1621a476482bb976aecbdc5f510b.e3iSbxaKaheRe34Sa3yKbhiTahb0n6jAmljGr5XDqQLvpAe HTTP/1.1" 200 142
186.84.44.72 - - [03/Jan/2015:15:21:14 -0500] "POST /forms/lservlet;jsessionid=ac16012b30d5a2db1621a476482bb976aecbdc5f510b.e3iSbxaKaheRe34Sa3yKbhiTahb0n6jAmljGr5XDqQLvpAe HTTP/1.1" 200 2
181.136.70.220 - - [03/Jan/2015:15:21:14 -0500] "GET /galeria/nivo-slider/demo/demo.html HTTP/1.1" 200 3150
181.136.70.220 - - [03/Jan/2015:15:21:14 -0500] "GET /galeria/nivo-slider/nivo-slider.css HTTP/1.1" 200 1507
181.136.70.220 - - [03/Jan/2015:15:21:14 -0500] "GET /galeria/nivo-slider/demo/images/bolsas-08.jpg HTTP/1.1" 200 85589
181.136.70.220 - - [03/Jan/2015:15:21:14 -0500] "GET /galeria/nivo-slider/demo/style.css HTTP/1.1" 200 2222
181.136.70.220 - - [03/Jan/2015:15:21:14 -0500] "GET /galeria/nivo-slider/themes/orman/orman.css HTTP/1.1" 200 2152
181.136.70.220 - - [03/Jan/2015:15:21:14 -0500] "GET /galeria/nivo-slider/themes/pascal/pascal.css HTTP/1.1" 200 2258
181.136.70.220 - - [03/Jan/2015:15:21:14 -0500] "GET /galeria/nivo-slider/themes/default/default.css HTTP/1.1" 200 1569
181.136.70.220 - - [03/Jan/2015:15:21:14 -0500] "GET /galeria/nivo-slider/demo/scripts/jquery-1.7.1.min.js HTTP/1.1" 200 93868
181.136.70.220 - - [03/Jan/2015:15:21:14 -0500] "GET /galeria/nivo-slider/demo/images/Ruta-vertimientos-01.jpg HTTP/1.1" 200 130151
181.136.70.220 - - [03/Jan/2015:15:21:14 -0500] "GET /galeria/nivo-slider/jquery.nivo.slider.pack.js HTTP/1.1" 200 11561
181.136.70.220 - - [03/Jan/2015:15:21:15 -0500] "GET /galeria/nivo-slider/demo/images/bolsas-06.jpg HTTP/1.1" 200 90982
181.136.70.220 - - [03/Jan/2015:15:21:15 -0500] "GET /galeria/nivo-slider/demo/images/ecolecta-Dic2014.png HTTP/1.1" 200 288593
181.136.70.220 - - [03/Jan/2015:15:21:15 -0500] "GET /galeria/nivo-slider/demo/images/4Simple_Slider.png HTTP/1.1" 200 11722
181.136.70.220 - - [03/Jan/2015:15:21:15 -0500] "GET /galeria/nivo-slider/themes/default/loading.gif HTTP/1.1" 200 1737
181.136.70.220 - - [03/Jan/2015:15:21:15 -0500] "GET /galeria/nivo-slider/demo/images/porloshumedales.jpg HTTP/1.1" 200 351238
181.136.70.220 - - [03/Jan/2015:15:21:15 -0500] "GET /galeria/nivo-slider/demo/images/Tingua-azul.jpg HTTP/1.1" 200 307638
181.136.70.220 - - [03/Jan/2015:15:21:15 -0500] "GET /galeria/nivo-slider/demo/images/Banner-Caracol-Africano.jpg HTTP/1.1" 200 331986
181.136.70.220 - - [03/Jan/2015:15:21:15 -0500] "GET /galeria/nivo-slider/demo/images/banner-redes.jpg HTTP/1.1" 200 62209
186.84.44.72 - - [03/Jan/2015:15:21:16 -0500] "POST /forms/lservlet;jsessionid=ac16012b30d5a2db1621a476482bb976aecbdc5f510b.e3iSbxaKaheRe34Sa3yKbhiTahb0n6jAmljGr5XDqQLvpAe HTTP/1.1" 200 142
186.84.44.72 - - [03/Jan/2015:15:21:16 -0500] "POST /forms/lservlet;jsessionid=ac16012b30d5a2db1621a476482bb976aecbdc5f510b.e3iSbxaKaheRe34Sa3yKbhiTahb0n6jAmljGr5XDqQLvpAe HTTP/1.1" 200 2
181.136.70.220 - - [03/Jan/2015:15:21:16 -0500] "GET /galeria/nivo-slider/demo/images/9Signos.jpg HTTP/1.1" 200 93040
181.136.70.220 - - [03/Jan/2015:15:21:16 -0500] "GET /galeria/nivo-slider/demo/images/banner-llantas2.jpg HTTP/1.1" 200 73153
186.84.44.72 - - [03/Jan/2015:15:21:16 -0500] "POST /forms/lservlet;jsessionid=ac16012b30d5a2db1621a476482bb976aecbdc5f510b.e3iSbxaKaheRe34Sa3yKbhiTahb0n6jAmljGr5XDqQLvpAe HTTP/1.1" 200 206
186.84.44.72 - - [03/Jan/2015:15:21:16 -0500] "POST /forms/lservlet;jsessionid=ac16012b30d5a2db1621a476482bb976aecbdc5f510b.e3iSbxaKaheRe34Sa3yKbhiTahb0n6jAmljGr5XDqQLvpAe HTTP/1.1" 200 2
190.68.181.124 - - [03/Jan/2015:15:21:16 -0500] "GET /forest/session.jsp?a=0.9030165289199863 HTTP/1.1" 200 4
186.84.44.72 - - [03/Jan/2015:15:21:17 -0500] "POST /forms/lservlet;jsessionid=ac16012b30d5a2db1621a476482bb976aecbdc5f510b.e3iSbxaKaheRe34Sa3yKbhiTahb0n6jAmljGr5XDqQLvpAe HTTP/1.1" 200 339
186.84.44.72 - - [03/Jan/2015:15:21:17 -0500] "POST /forms/lservlet;jsessionid=ac16012b30d5a2db1621a476482bb976aecbdc5f510b.e3iSbxaKaheRe34Sa3yKbhiTahb0n6jAmljGr5XDqQLvpAe HTTP/1.1" 200 2
181.136.70.220 - - [03/Jan/2015:15:21:17 -0500] "GET /galeria/nivo-slider/demo/images/banner-caballos.png HTTP/1.1" 200 389106
186.84.44.72 - - [03/Jan/2015:15:21:19 -0500] "POST /forms/lservlet;jsessionid=ac16012b30d5a2db1621a476482bb976aecbdc5f510b.e3iSbxaKaheRe34Sa3yKbhiTahb0n6jAmljGr5XDqQLvpAe HTTP/1.1" 200 2
181.136.70.220 - - [03/Jan/2015:15:21:19 -0500] "GET /videos/Spot_CambioClimatico.flv HTTP/1.1" 200 4371917
186.84.44.72 - - [03/Jan/2015:15:21:19 -0500] "POST /forms/lservlet;jsessionid=ac16012b30d5a2db1621a476482bb976aecbdc5f510b.e3iSbxaKaheRe34Sa3yKbhiTahb0n6jAmljGr5XDqQLvpAe HTTP/1.1" 200 248
186.84.44.72 - - [03/Jan/2015:15:21:19 -0500] "POST /forms/lservlet;jsessionid=ac16012b30d5a2db1621a476482bb976aecbdc5f510b.e3iSbxaKaheRe34Sa3yKbhiTahb0n6jAmljGr5XDqQLvpAe HTTP/1.1" 200 2
186.84.44.72 - - [03/Jan/2015:15:21:19 -0500] "POST /forms/lservlet;jsessionid=ac16012b30d5a2db1621a476482bb976aecbdc5f510b.e3iSbxaKaheRe34Sa3yKbhiTahb0n6jAmljGr5XDqQLvpAe HTTP/1.1" 200 180
186.84.44.72 - - [03/Jan/2015:15:21:21 -0500] "POST /forms/lservlet;jsessionid=ac16012b30d5a2db1621a476482bb976aecbdc5f510b.e3iSbxaKaheRe34Sa3yKbhiTahb0n6jAmljGr5XDqQLvpAe HTTP/1.1" 200 2
186.84.44.72 - - [03/Jan/2015:15:21:21 -0500] "POST /forms/lservlet;jsessionid=ac16012b30d5a2db1621a476482bb976aecbdc5f510b.e3iSbxaKaheRe34Sa3yKbhiTahb0n6jAmljGr5XDqQLvpAe HTTP/1.1" 200 77
186.84.44.72 - - [03/Jan/2015:15:21:21 -0500] "POST /forms/lservlet;jsessionid=ac16012b30d5a2db1621a476482bb976aecbdc5f510b.e3iSbxaKaheRe34Sa3yKbhiTahb0n6jAmljGr5XDqQLvpAe HTTP/1.1" 200 2
186.84.44.72 - - [03/Jan/2015:15:21:22 -0500] "POST /forms/lservlet;jsessionid=ac16012b30d5a2db1621a476482bb976aecbdc5f510b.e3iSbxaKaheRe34Sa3yKbhiTahb0n6jAmljGr5XDqQLvpAe HTTP/1.1" 200 1510
186.84.44.72 - - [03/Jan/2015:15:21:22 -0500] "POST /forms/lservlet;jsessionid=ac16012b30d5a2db1621a476482bb976aecbdc5f510b.e3iSbxaKaheRe34Sa3yKbhiTahb0n6jAmljGr5XDqQLvpAe HTTP/1.1" 200 2
186.84.44.72 - - [03/Jan/2015:15:21:22 -0500] "POST /forms/lservlet;jsessionid=ac16012b30d5a2db1621a476482bb976aecbdc5f510b.e3iSbxaKaheRe34Sa3yKbhiTahb0n6jAmljGr5XDqQLvpAe HTTP/1.1" 200 2
186.116.81.9 - - [03/Jan/2015:15:21:24 -0500] "GET /BLA/boletinlegal/js/jquery.js HTTP/1.1" 200 57254
186.116.81.9 - - [03/Jan/2015:15:21:24 -0500] "GET /BLA/boletinlegal/js/jquery.scrollTo-min.js HTTP/1.1" 200 1150
186.116.81.9 - - [03/Jan/2015:15:21:24 -0500] "GET /BLA/boletinlegal/js/jquery.scrollShow.js HTTP/1.1" 200 4586
186.116.81.9 - - [03/Jan/2015:15:21:24 -0500] "GET /galeria/carrusel/Carrusel/jquery.thumbnailScroller.css HTTP/1.1" 200 2066
190.68.181.124 - - [03/Jan/2015:15:21:25 -0500] "GET /forest/skins/gdocs-jar/popup/popup.jsp?width=900&height=600&title=Informaci%F3n%20de%20proceso&uri=/forest/system/process.jsp%3FnumPro%3D2670459&name=undefined&_a=0.002893851021866123&a=0.3825404328715104 HTTP/1.1" 200 1312
190.68.181.124 - - [03/Jan/2015:15:21:25 -0500] "GET /forest/system/process.jsp?numPro=2670459 HTTP/1.1" 200 20021
181.136.70.220 - - [03/Jan/2015:15:21:26 -0500] "GET /galeria/nivo-slider/themes/default/arrows.png HTTP/1.1" 200 824
186.116.81.9 - - [03/Jan/2015:15:21:26 -0500] "GET /galeria/carrusel/Carrusel/jquery-ui-1.8.13.custom.min.js HTTP/1.1" 200 10800
181.136.70.220 - - [03/Jan/2015:15:21:26 -0500] "GET /galeria/nivo-slider/themes/default/bullets.png HTTP/1.1" 200 1281
186.116.81.9 - - [03/Jan/2015:15:21:27 -0500] "GET /galeria/carrusel/Carrusel/jquery.thumbnailScroller.js HTTP/1.1" 200 8157
190.68.181.124 - - [03/Jan/2015:15:21:28 -0500] "GET /forest/usudocumentos.do?p7z=1723802&a=0.8577316343498881&a=0.8719401651365274 HTTP/1.1" 200 2550
186.84.44.72 - - [03/Jan/2015:15:21:28 -0500] "POST /forms/lservlet;jsessionid=ac16012b30d5a2db1621a476482bb976aecbdc5f510b.e3iSbxaKaheRe34Sa3yKbhiTahb0n6jAmljGr5XDqQLvpAe HTTP/1.1" 200 136
186.84.44.72 - - [03/Jan/2015:15:21:29 -0500] "POST /forms/lservlet;jsessionid=ac16012b30d5a2db1621a476482bb976aecbdc5f510b.e3iSbxaKaheRe34Sa3yKbhiTahb0n6jAmljGr5XDqQLvpAe HTTP/1.1" 200 7
186.84.44.72 - - [03/Jan/2015:15:21:29 -0500] "POST /forms/lservlet;jsessionid=ac16012b30d5a2db1621a476482bb976aecbdc5f510b.e3iSbxaKaheRe34Sa3yKbhiTahb0n6jAmljGr5XDqQLvpAe HTTP/1.1" 200 30234
186.84.44.72 - - [03/Jan/2015:15:21:30 -0500] "POST /forms/lservlet;jsessionid=ac16012b30d5a2db1621a476482bb976aecbdc5f510b.e3iSbxaKaheRe34Sa3yKbhiTahb0n6jAmljGr5XDqQLvpAe HTTP/1.1" 200 7
186.84.44.72 - - [03/Jan/2015:15:21:30 -0500] "POST /forms/lservlet;jsessionid=ac16012b30d5a2db1621a476482bb976aecbdc5f510b.e3iSbxaKaheRe34Sa3yKbhiTahb0n6jAmljGr5XDqQLvpAe HTTP/1.1" 200 2
186.84.44.72 - - [03/Jan/2015:15:21:30 -0500] "POST /forms/lservlet;jsessionid=ac16012b30d5a2db1621a476482bb976aecbdc5f510b.e3iSbxaKaheRe34Sa3yKbhiTahb0n6jAmljGr5XDqQLvpAe HTTP/1.1" 200 27
186.84.44.72 - - [03/Jan/2015:15:21:31 -0500] "POST /forms/lservlet;jsessionid=ac16012b30d5a2db1621a476482bb976aecbdc5f510b.e3iSbxaKaheRe34Sa3yKbhiTahb0n6jAmljGr5XDqQLvpAe HTTP/1.1" 200 2
186.84.44.72 - - [03/Jan/2015:15:21:31 -0500] "POST /forms/lservlet;jsessionid=ac16012b30d5a2db1621a476482bb976aecbdc5f510b.e3iSbxaKaheRe34Sa3yKbhiTahb0n6jAmljGr5XDqQLvpAe HTTP/1.1" 200 98
186.84.44.72 - - [03/Jan/2015:15:21:32 -0500] "POST /forms/lservlet;jsessionid=ac16012b30d5a2db1621a476482bb976aecbdc5f510b.e3iSbxaKaheRe34Sa3yKbhiTahb0n6jAmljGr5XDqQLvpAe HTTP/1.1" 200 79
190.68.181.124 - - [03/Jan/2015:15:21:29 -0500] "GET /forest/documentos/1723802/2013EE135040.p7z:claro/Registro%20Vertimientos.doc HTTP/1.1" 200 301568
186.84.44.72 - - [03/Jan/2015:15:21:33 -0500] "POST /forms/lservlet;jsessionid=ac16012b30d5a2db1621a476482bb976aecbdc5f510b.e3iSbxaKaheRe34Sa3yKbhiTahb0n6jAmljGr5XDqQLvpAe HTTP/1.1" 200 125
66.249.64.163 - - [03/Jan/2015:15:21:33 -0500] "GET /BLA/resoluciones/RESOLUCIONES%202012/0288.pdf HTTP/1.1" 304 -
66.249.64.167 - - [03/Jan/2015:15:21:35 -0500] "GET /BLA/resoluciones/RESOLUCIONES%202008/4515.pdf HTTP/1.1" 200 235646
186.84.44.72 - - [03/Jan/2015:15:21:36 -0500] "POST /forms/lservlet;jsessionid=ac16012b30d5a2db1621a476482bb976aecbdc5f510b.e3iSbxaKaheRe34Sa3yKbhiTahb0n6jAmljGr5XDqQLvpAe HTTP/1.1" 200 146
186.84.44.72 - - [03/Jan/2015:15:21:36 -0500] "POST /forms/lservlet;jsessionid=ac16012b30d5a2db1621a476482bb976aecbdc5f510b.e3iSbxaKaheRe34Sa3yKbhiTahb0n6jAmljGr5XDqQLvpAe HTTP/1.1" 200 2
186.84.44.72 - - [03/Jan/2015:15:21:38 -0500] "POST /forms/lservlet;jsessionid=ac16012b30d5a2db1621a476482bb976aecbdc5f510b.e3iSbxaKaheRe34Sa3yKbhiTahb0n6jAmljGr5XDqQLvpAe HTTP/1.1" 200 142
186.84.44.72 - - [03/Jan/2015:15:21:38 -0500] "POST /forms/lservlet;jsessionid=ac16012b30d5a2db1621a476482bb976aecbdc5f510b.e3iSbxaKaheRe34Sa3yKbhiTahb0n6jAmljGr5XDqQLvpAe HTTP/1.1" 200 2
186.84.44.72 - - [03/Jan/2015:15:21:38 -0500] "POST /forms/lservlet;jsessionid=ac16012b30d5a2db1621a476482bb976aecbdc5f510b.e3iSbxaKaheRe34Sa3yKbhiTahb0n6jAmljGr5XDqQLvpAe HTTP/1.1" 200 198
186.84.44.72 - - [03/Jan/2015:15:21:38 -0500] "POST /forms/lservlet;jsessionid=ac16012b30d5a2db1621a476482bb976aecbdc5f510b.e3iSbxaKaheRe34Sa3yKbhiTahb0n6jAmljGr5XDqQLvpAe HTTP/1.1" 200 2
74.86.158.107 - - [03/Jan/2015:15:21:40 -0500] "HEAD / HTTP/1.1" 302 -
186.84.44.72 - - [03/Jan/2015:15:21:41 -0500] "POST /forms/lservlet;jsessionid=ac16012b30d5a2db1621a476482bb976aecbdc5f510b.e3iSbxaKaheRe34Sa3yKbhiTahb0n6jAmljGr5XDqQLvpAe HTTP/1.1" 200 339
186.84.44.72 - - [03/Jan/2015:15:21:41 -0500] "POST /forms/lservlet;jsessionid=ac16012b30d5a2db1621a476482bb976aecbdc5f510b.e3iSbxaKaheRe34Sa3yKbhiTahb0n6jAmljGr5XDqQLvpAe HTTP/1.1" 200 2
186.84.44.72 - - [03/Jan/2015:15:21:43 -0500] "POST /forms/lservlet;jsessionid=ac16012b30d5a2db1621a476482bb976aecbdc5f510b.e3iSbxaKaheRe34Sa3yKbhiTahb0n6jAmljGr5XDqQLvpAe HTTP/1.1" 200 2
186.84.44.72 - - [03/Jan/2015:15:21:43 -0500] "POST /forms/lservlet;jsessionid=ac16012b30d5a2db1621a476482bb976aecbdc5f510b.e3iSbxaKaheRe34Sa3yKbhiTahb0n6jAmljGr5XDqQLvpAe HTTP/1.1" 200 248
186.84.44.72 - - [03/Jan/2015:15:21:43 -0500] "POST /forms/lservlet;jsessionid=ac16012b30d5a2db1621a476482bb976aecbdc5f510b.e3iSbxaKaheRe34Sa3yKbhiTahb0n6jAmljGr5XDqQLvpAe HTTP/1.1" 200 2
186.84.44.72 - - [03/Jan/2015:15:21:44 -0500] "POST /forms/lservlet;jsessionid=ac16012b30d5a2db1621a476482bb976aecbdc5f510b.e3iSbxaKaheRe34Sa3yKbhiTahb0n6jAmljGr5XDqQLvpAe HTTP/1.1" 200 180
186.84.44.72 - - [03/Jan/2015:15:21:45 -0500] "POST /forms/lservlet;jsessionid=ac16012b30d5a2db1621a476482bb976aecbdc5f510b.e3iSbxaKaheRe34Sa3yKbhiTahb0n6jAmljGr5XDqQLvpAe HTTP/1.1" 200 2
186.84.44.72 - - [03/Jan/2015:15:21:45 -0500] "POST /forms/lservlet;jsessionid=ac16012b30d5a2db1621a476482bb976aecbdc5f510b.e3iSbxaKaheRe34Sa3yKbhiTahb0n6jAmljGr5XDqQLvpAe HTTP/1.1" 200 77
186.84.44.72 - - [03/Jan/2015:15:21:46 -0500] "POST /forms/lservlet;jsessionid=ac16012b30d5a2db1621a476482bb976aecbdc5f510b.e3iSbxaKaheRe34Sa3yKbhiTahb0n6jAmljGr5XDqQLvpAe HTTP/1.1" 200 2
186.84.44.72 - - [03/Jan/2015:15:21:46 -0500] "POST /forms/lservlet;jsessionid=ac16012b30d5a2db1621a476482bb976aecbdc5f510b.e3iSbxaKaheRe34Sa3yKbhiTahb0n6jAmljGr5XDqQLvpAe HTTP/1.1" 200 1510
186.84.44.72 - - [03/Jan/2015:15:21:46 -0500] "POST /forms/lservlet;jsessionid=ac16012b30d5a2db1621a476482bb976aecbdc5f510b.e3iSbxaKaheRe34Sa3yKbhiTahb0n6jAmljGr5XDqQLvpAe HTTP/1.1" 200 2
186.84.44.72 - - [03/Jan/2015:15:21:46 -0500] "POST /forms/lservlet;jsessionid=ac16012b30d5a2db1621a476482bb976aecbdc5f510b.e3iSbxaKaheRe34Sa3yKbhiTahb0n6jAmljGr5XDqQLvpAe HTTP/1.1" 200 2
190.68.181.124 - - [03/Jan/2015:15:21:50 -0500] "GET /forest/skins/gdocs-jar/popup/popup.jsp?width=900&height=600&title=Informaci%F3n%20de%20proceso&uri=/forest/system/process.jsp%3FnumPro%3D2565649&name=undefined&_a=0.4558826848306142&a=0.7882065569427138 HTTP/1.1" 200 1312
190.68.181.124 - - [03/Jan/2015:15:21:50 -0500] "GET /forest/system/process.jsp?numPro=2565649 HTTP/1.1" 200 49471
186.84.44.72 - - [03/Jan/2015:15:21:52 -0500] "POST /forms/lservlet;jsessionid=ac16012b30d5a2db1621a476482bb976aecbdc5f510b.e3iSbxaKaheRe34Sa3yKbhiTahb0n6jAmljGr5XDqQLvpAe HTTP/1.1" 200 334
186.84.44.72 - - [03/Jan/2015:15:21:52 -0500] "POST /forms/lservlet;jsessionid=ac16012b30d5a2db1621a476482bb976aecbdc5f510b.e3iSbxaKaheRe34Sa3yKbhiTahb0n6jAmljGr5XDqQLvpAe HTTP/1.1" 200 260
186.84.44.72 - - [03/Jan/2015:15:21:53 -0500] "POST /forms/lservlet;jsessionid=ac16012b30d5a2db1621a476482bb976aecbdc5f510b.e3iSbxaKaheRe34Sa3yKbhiTahb0n6jAmljGr5XDqQLvpAe HTTP/1.1" 200 297
186.84.44.72 - - [03/Jan/2015:15:21:54 -0500] "POST /forms/lservlet;jsessionid=ac16012b30d5a2db1621a476482bb976aecbdc5f510b.e3iSbxaKaheRe34Sa3yKbhiTahb0n6jAmljGr5XDqQLvpAe HTTP/1.1" 200 287
190.68.181.124 - - [03/Jan/2015:15:21:54 -0500] "GET /forest/usudocumentos.do?p7z=1645957&a=0.0702956163770958&a=0.3492796312005162 HTTP/1.1" 200 2526
186.84.44.72 - - [03/Jan/2015:15:21:55 -0500] "POST /forms/lservlet;jsessionid=ac16012b30d5a2db1621a476482bb976aecbdc5f510b.e3iSbxaKaheRe34Sa3yKbhiTahb0n6jAmljGr5XDqQLvpAe HTTP/1.1" 200 37
186.84.44.72 - - [03/Jan/2015:15:21:56 -0500] "POST /forms/lservlet;jsessionid=ac16012b30d5a2db1621a476482bb976aecbdc5f510b.e3iSbxaKaheRe34Sa3yKbhiTahb0n6jAmljGr5XDqQLvpAe HTTP/1.1" 200 7
186.84.44.72 - - [03/Jan/2015:15:21:56 -0500] "POST /forms/lservlet;jsessionid=ac16012b30d5a2db1621a476482bb976aecbdc5f510b.e3iSbxaKaheRe34Sa3yKbhiTahb0n6jAmljGr5XDqQLvpAe HTTP/1.1" 200 30240
186.84.44.72 - - [03/Jan/2015:15:21:57 -0500] "POST /forms/lservlet;jsessionid=ac16012b30d5a2db1621a476482bb976aecbdc5f510b.e3iSbxaKaheRe34Sa3yKbhiTahb0n6jAmljGr5XDqQLvpAe HTTP/1.1" 200 7
186.84.44.72 - - [03/Jan/2015:15:21:57 -0500] "POST /forms/lservlet;jsessionid=ac16012b30d5a2db1621a476482bb976aecbdc5f510b.e3iSbxaKaheRe34Sa3yKbhiTahb0n6jAmljGr5XDqQLvpAe HTTP/1.1" 200 2
186.84.44.72 - - [03/Jan/2015:15:21:57 -0500] "POST /forms/lservlet;jsessionid=ac16012b30d5a2db1621a476482bb976aecbdc5f510b.e3iSbxaKaheRe34Sa3yKbhiTahb0n6jAmljGr5XDqQLvpAe HTTP/1.1" 200 27
186.84.44.72 - - [03/Jan/2015:15:21:58 -0500] "POST /forms/lservlet;jsessionid=ac16012b30d5a2db1621a476482bb976aecbdc5f510b.e3iSbxaKaheRe34Sa3yKbhiTahb0n6jAmljGr5XDqQLvpAe HTTP/1.1" 200 2
186.84.44.72 - - [03/Jan/2015:15:22:00 -0500] "POST /forms/lservlet;jsessionid=ac16012b30d5a2db1621a476482bb976aecbdc5f510b.e3iSbxaKaheRe34Sa3yKbhiTahb0n6jAmljGr5XDqQLvpAe HTTP/1.1" 200 2
186.84.44.72 - - [03/Jan/2015:15:22:00 -0500] "POST /forms/lservlet;jsessionid=ac16012b30d5a2db1621a476482bb976aecbdc5f510b.e3iSbxaKaheRe34Sa3yKbhiTahb0n6jAmljGr5XDqQLvpAe HTTP/1.1" 200 98
190.68.181.124 - - [03/Jan/2015:15:21:56 -0500] "GET /forest/documentos/1645957/2013IE057210.p7z:claro/Concepto%20Tecnico.doc HTTP/1.1" 200 518656
186.84.44.72 - - [03/Jan/2015:15:22:02 -0500] "POST /forms/lservlet;jsessionid=ac16012b30d5a2db1621a476482bb976aecbdc5f510b.e3iSbxaKaheRe34Sa3yKbhiTahb0n6jAmljGr5XDqQLvpAe HTTP/1.1" 200 79
186.84.44.72 - - [03/Jan/2015:15:22:03 -0500] "POST /forms/lservlet;jsessionid=ac16012b30d5a2db1621a476482bb976aecbdc5f510b.e3iSbxaKaheRe34Sa3yKbhiTahb0n6jAmljGr5XDqQLvpAe HTTP/1.1" 200 121
186.84.44.72 - - [03/Jan/2015:15:22:03 -0500] "POST /forms/lservlet;jsessionid=ac16012b30d5a2db1621a476482bb976aecbdc5f510b.e3iSbxaKaheRe34Sa3yKbhiTahb0n6jAmljGr5XDqQLvpAe HTTP/1.1" 200 2
186.84.44.72 - - [03/Jan/2015:15:22:03 -0500] "POST /forms/lservlet;jsessionid=ac16012b30d5a2db1621a476482bb976aecbdc5f510b.e3iSbxaKaheRe34Sa3yKbhiTahb0n6jAmljGr5XDqQLvpAe HTTP/1.1" 200 121
186.84.44.72 - - [03/Jan/2015:15:22:05 -0500] "POST /forms/lservlet;jsessionid=ac16012b30d5a2db1621a476482bb976aecbdc5f510b.e3iSbxaKaheRe34Sa3yKbhiTahb0n6jAmljGr5XDqQLvpAe HTTP/1.1" 200 142
186.84.44.72 - - [03/Jan/2015:15:22:05 -0500] "POST /forms/lservlet;jsessionid=ac16012b30d5a2db1621a476482bb976aecbdc5f510b.e3iSbxaKaheRe34Sa3yKbhiTahb0n6jAmljGr5XDqQLvpAe HTTP/1.1" 200 2
186.84.44.72 - - [03/Jan/2015:15:22:08 -0500] "POST /forms/lservlet;jsessionid=ac16012b30d5a2db1621a476482bb976aecbdc5f510b.e3iSbxaKaheRe34Sa3yKbhiTahb0n6jAmljGr5XDqQLvpAe HTTP/1.1" 200 142
186.84.44.72 - - [03/Jan/2015:15:22:08 -0500] "POST /forms/lservlet;jsessionid=ac16012b30d5a2db1621a476482bb976aecbdc5f510b.e3iSbxaKaheRe34Sa3yKbhiTahb0n6jAmljGr5XDqQLvpAe HTTP/1.1" 200 2
186.84.44.72 - - [03/Jan/2015:15:22:08 -0500] "POST /forms/lservlet;jsessionid=ac16012b30d5a2db1621a476482bb976aecbdc5f510b.e3iSbxaKaheRe34Sa3yKbhiTahb0n6jAmljGr5XDqQLvpAe HTTP/1.1" 200 198
186.84.44.72 - - [03/Jan/2015:15:22:08 -0500] "POST /forms/lservlet;jsessionid=ac16012b30d5a2db1621a476482bb976aecbdc5f510b.e3iSbxaKaheRe34Sa3yKbhiTahb0n6jAmljGr5XDqQLvpAe HTTP/1.1" 200 2
186.84.44.72 - - [03/Jan/2015:15:22:10 -0500] "POST /forms/lservlet;jsessionid=ac16012b30d5a2db1621a476482bb976aecbdc5f510b.e3iSbxaKaheRe34Sa3yKbhiTahb0n6jAmljGr5XDqQLvpAe HTTP/1.1" 200 339
186.84.44.72 - - [03/Jan/2015:15:22:10 -0500] "POST /forms/lservlet;jsessionid=ac16012b30d5a2db1621a476482bb976aecbdc5f510b.e3iSbxaKaheRe34Sa3yKbhiTahb0n6jAmljGr5XDqQLvpAe HTTP/1.1" 200 2
66.249.64.163 - - [03/Jan/2015:15:22:11 -0500] "GET /BLA/resoluciones/AUTOS%202006/AUTOS%202006%20501-600/00000510.tif HTTP/1.1" 200 37746
186.84.44.72 - - [03/Jan/2015:15:22:11 -0500] "POST /forms/lservlet;jsessionid=ac16012b30d5a2db1621a476482bb976aecbdc5f510b.e3iSbxaKaheRe34Sa3yKbhiTahb0n6jAmljGr5XDqQLvpAe HTTP/1.1" 200 2
186.84.44.72 - - [03/Jan/2015:15:22:12 -0500] "POST /forms/lservlet;jsessionid=ac16012b30d5a2db1621a476482bb976aecbdc5f510b.e3iSbxaKaheRe34Sa3yKbhiTahb0n6jAmljGr5XDqQLvpAe HTTP/1.1" 200 248
186.84.44.72 - - [03/Jan/2015:15:22:12 -0500] "POST /forms/lservlet;jsessionid=ac16012b30d5a2db1621a476482bb976aecbdc5f510b.e3iSbxaKaheRe34Sa3yKbhiTahb0n6jAmljGr5XDqQLvpAe HTTP/1.1" 200 2
186.84.44.72 - - [03/Jan/2015:15:22:12 -0500] "POST /forms/lservlet;jsessionid=ac16012b30d5a2db1621a476482bb976aecbdc5f510b.e3iSbxaKaheRe34Sa3yKbhiTahb0n6jAmljGr5XDqQLvpAe HTTP/1.1" 200 180
186.84.44.72 - - [03/Jan/2015:15:22:13 -0500] "POST /forms/lservlet;jsessionid=ac16012b30d5a2db1621a476482bb976aecbdc5f510b.e3iSbxaKaheRe34Sa3yKbhiTahb0n6jAmljGr5XDqQLvpAe HTTP/1.1" 200 2
186.84.44.72 - - [03/Jan/2015:15:22:14 -0500] "POST /forms/lservlet;jsessionid=ac16012b30d5a2db1621a476482bb976aecbdc5f510b.e3iSbxaKaheRe34Sa3yKbhiTahb0n6jAmljGr5XDqQLvpAe HTTP/1.1" 200 77
186.84.44.72 - - [03/Jan/2015:15:22:14 -0500] "POST /forms/lservlet;jsessionid=ac16012b30d5a2db1621a476482bb976aecbdc5f510b.e3iSbxaKaheRe34Sa3yKbhiTahb0n6jAmljGr5XDqQLvpAe HTTP/1.1" 200 2
186.84.44.72 - - [03/Jan/2015:15:22:14 -0500] "POST /forms/lservlet;jsessionid=ac16012b30d5a2db1621a476482bb976aecbdc5f510b.e3iSbxaKaheRe34Sa3yKbhiTahb0n6jAmljGr5XDqQLvpAe HTTP/1.1" 200 1510
186.84.44.72 - - [03/Jan/2015:15:22:14 -0500] "POST /forms/lservlet;jsessionid=ac16012b30d5a2db1621a476482bb976aecbdc5f510b.e3iSbxaKaheRe34Sa3yKbhiTahb0n6jAmljGr5XDqQLvpAe HTTP/1.1" 200 2
186.84.44.72 - - [03/Jan/2015:15:22:14 -0500] "POST /forms/lservlet;jsessionid=ac16012b30d5a2db1621a476482bb976aecbdc5f510b.e3iSbxaKaheRe34Sa3yKbhiTahb0n6jAmljGr5XDqQLvpAe HTTP/1.1" 200 2
186.84.44.72 - - [03/Jan/2015:15:22:23 -0500] "POST /forms/lservlet;jsessionid=ac16012b30d5d11c6496e2c840dd94a48a0507ce41e7.e3iSbxaKaheRe34Sa3yKbhiTahb0n6jAmljGr5XDqQLvpAe HTTP/1.1" 200 2
66.249.64.167 - - [03/Jan/2015:15:22:31 -0500] "GET /BLA/ HTTP/1.1" 200 538
190.68.181.124 - - [03/Jan/2015:15:22:48 -0500] "GET /forest/skins/gdocs-jar/popup/popup.jsp?width=900&height=600&title=Informaci%F3n%20de%20proceso&uri=/forest/system/process.jsp%3FnumPro%3D2565649&name=undefined&_a=0.13431738314021668&a=0.1498175190915395 HTTP/1.1" 200 1312
190.68.181.124 - - [03/Jan/2015:15:22:49 -0500] "GET /forest/system/process.jsp?numPro=2565649 HTTP/1.1" 200 49471
66.249.64.171 - - [03/Jan/2015:15:22:54 -0500] "GET /portel_dama/libreria/php/2006/ECOSISTEMAS%20FINAL%20web_mz27/restauracion/sitio/22_proye/xtras_in/2a.pdf HTTP/1.1" 404 1018
190.68.181.124 - - [03/Jan/2015:15:22:59 -0500] "GET /forest/skins/gdocs-jar/popup/popup.jsp?width=900&height=600&title=Informaci%F3n%20de%20proceso&uri=/forest/system/process.jsp%3FnumPro%3D2513953&name=undefined&_a=0.28879952169937717&a=0.11883327396542998 HTTP/1.1" 200 1312
190.68.181.124 - - [03/Jan/2015:15:22:59 -0500] "GET /forest/system/process.jsp?numPro=2513953 HTTP/1.1" 200 30516
66.249.64.39 - - [03/Jan/2015:15:23:00 -0500] "GET /Anexos%20estudio%20Organizacional%20SDA/ANEXO%20No.%203-%20CONTRATACI%C3%93N%20%20OPS%C2%B4s%202008-2012/CONTRATOS%20SDA%202009%20POR%20DEPENDENCIA%20(1).xls HTTP/1.1" 304 -
190.68.181.124 - - [03/Jan/2015:15:23:01 -0500] "GET /forest/usudocumentos.do?p7z=1636286&a=0.5760677638087358&a=0.08772034309707522 HTTP/1.1" 200 2526
190.68.181.124 - - [03/Jan/2015:15:23:03 -0500] "GET /forest/documentos/1636286/2013IE047558.p7z:claro/Concepto%20Tecnico.doc HTTP/1.1" 200 414208
190.26.175.207 - - [03/Jan/2015:15:23:44 -0500] "GET /videos/galeria-fotografica/index15.html? HTTP/1.1" 200 1971
190.26.175.207 - - [03/Jan/2015:15:23:45 -0500] "GET /videos/galeria-fotografica/js/jquery-flickr-gallery/jquery-flickr.css HTTP/1.1" 200 711
190.26.175.207 - - [03/Jan/2015:15:23:45 -0500] "GET /videos/galeria-fotografica/js/jquery-flickr-gallery/jquery-flickr-gallery.js HTTP/1.1" 200 9050
190.26.175.207 - - [03/Jan/2015:15:23:47 -0500] "GET /videos/galeria-fotografica/js/jquery-flickr-gallery/loader.gif HTTP/1.1" 200 2129
186.84.44.72 - - [03/Jan/2015:15:24:00 -0500] "POST /forms/lservlet;jsessionid=ac16012b30d5a2db1621a476482bb976aecbdc5f510b.e3iSbxaKaheRe34Sa3yKbhiTahb0n6jAmljGr5XDqQLvpAe HTTP/1.1" 200 2
186.84.44.72 - - [03/Jan/2015:15:24:23 -0500] "POST /forms/lservlet;jsessionid=ac16012b30d5d11c6496e2c840dd94a48a0507ce41e7.e3iSbxaKaheRe34Sa3yKbhiTahb0n6jAmljGr5XDqQLvpAe HTTP/1.1" 200 2
190.68.181.124 - - [03/Jan/2015:15:23:25 -0500] "POST /forest/buscar.do? HTTP/1.1" 200 17375
66.249.64.163 - - [03/Jan/2015:15:25:23 -0500] "GET /BLA/resoluciones/RESOLUCIONES%202011/1806.pdf HTTP/1.1" 200 479052
66.249.64.171 - - [03/Jan/2015:15:25:41 -0500] "GET /BLA/resoluciones/RESOLUCIONES%202004/RES%202004%201851-1900/00001875.tif HTTP/1.1" 200 159134
190.68.181.124 - - [03/Jan/2015:15:25:52 -0500] "GET /forest/skins/gdocs-jar/popup/popup.jsp?width=900&height=600&title=Informaci%F3n%20de%20proceso&uri=/forest/system/process.jsp%3FnumPro%3D2552511&name=undefined&_a=0.2882392604500552&a=0.9127823641849855 HTTP/1.1" 200 1312
190.68.181.124 - - [03/Jan/2015:15:25:52 -0500] "GET /forest/system/process.jsp?numPro=2552511 HTTP/1.1" 200 46872
190.68.181.124 - - [03/Jan/2015:15:25:55 -0500] "GET /forest/usudocumentos.do?p7z=1636286&a=0.03869955837927841&a=0.5378699057588285 HTTP/1.1" 200 2526
186.84.44.72 - - [03/Jan/2015:15:26:00 -0500] "POST /forms/lservlet;jsessionid=ac16012b30d5a2db1621a476482bb976aecbdc5f510b.e3iSbxaKaheRe34Sa3yKbhiTahb0n6jAmljGr5XDqQLvpAe HTTP/1.1" 200 2
190.68.181.124 - - [03/Jan/2015:15:25:57 -0500] "GET /forest/documentos/1636286/2013IE047558.p7z:claro/Concepto%20Tecnico.doc HTTP/1.1" 200 414208
186.119.68.132 - - [03/Jan/2015:15:26:16 -0500] "GET /BLA/boletinlegal/js/jquery.js HTTP/1.1" 200 57254
186.119.68.132 - - [03/Jan/2015:15:26:16 -0500] "GET /BLA/boletinlegal/js/jquery.scrollTo-min.js HTTP/1.1" 200 1150
186.119.68.132 - - [03/Jan/2015:15:26:16 -0500] "GET /BLA/boletinlegal/js/jquery.scrollShow.js HTTP/1.1" 200 4586
190.68.181.124 - - [03/Jan/2015:15:26:16 -0500] "GET /forest/session.jsp?a=0.1866981681815727 HTTP/1.1" 200 4
198.252.44.4 - - [03/Jan/2015:15:26:18 -0500] "GET /galeria/nivo-slider/demo/demo.html HTTP/1.0" 200 3150
186.84.44.72 - - [03/Jan/2015:15:26:23 -0500] "POST /forms/lservlet;jsessionid=ac16012b30d5d11c6496e2c840dd94a48a0507ce41e7.e3iSbxaKaheRe34Sa3yKbhiTahb0n6jAmljGr5XDqQLvpAe HTTP/1.1" 200 2
190.68.181.124 - - [03/Jan/2015:15:26:27 -0500] "GET /forest/skins/gdocs-jar/popup/popup.jsp?width=900&height=600&title=Informaci%F3n%20de%20proceso&uri=/forest/system/process.jsp%3FnumPro%3D2558240&name=undefined&_a=0.836236192581408&a=0.3499287613590436 HTTP/1.1" 200 1312
190.68.181.124 - - [03/Jan/2015:15:26:27 -0500] "GET /forest/system/process.jsp?numPro=2558240 HTTP/1.1" 200 94524
190.68.181.124 - - [03/Jan/2015:15:26:31 -0500] "GET /forest/usudocumentos.do?p7z=1793391&a=0.15051675679304033&a=0.38570102859098654 HTTP/1.1" 200 2529
98.239.65.159 - - [03/Jan/2015:15:26:31 -0500] "PUT /webdav/TheBest.php HTTP/1.1" 405 938
74.86.158.107 - - [03/Jan/2015:15:26:40 -0500] "HEAD / HTTP/1.1" 302 -
190.26.59.72 - - [03/Jan/2015:15:26:45 -0500] "GET /BLA/boletinlegal/js/jquery.js HTTP/1.1" 200 57254
190.26.59.72 - - [03/Jan/2015:15:26:45 -0500] "GET /BLA/boletinlegal/js/jquery.scrollTo-min.js HTTP/1.1" 200 1150
190.26.59.72 - - [03/Jan/2015:15:26:45 -0500] "GET /BLA/boletinlegal/js/jquery.scrollShow.js HTTP/1.1" 200 4586
66.249.64.167 - - [03/Jan/2015:15:26:52 -0500] "GET /BLA/resoluciones/Autos%202008/2000.pdf HTTP/1.1" 200 229506
190.68.181.124 - - [03/Jan/2015:15:26:33 -0500] "GET /forest/documentos/1793391/2014IE023025.p7z:claro/Concepto%20Tecnico.doc HTTP/1.1" 200 1888256
181.61.41.41 - - [03/Jan/2015:15:27:20 -0500] "GET /BLA/boletinlegal/js/jquery.js HTTP/1.1" 200 57254
181.61.41.41 - - [03/Jan/2015:15:27:20 -0500] "GET /BLA/boletinlegal/js/jquery.scrollShow.js HTTP/1.1" 200 4586
181.61.41.41 - - [03/Jan/2015:15:27:20 -0500] "GET /BLA/boletinlegal/js/jquery.scrollTo-min.js HTTP/1.1" 200 1150
181.61.41.41 - - [03/Jan/2015:15:27:20 -0500] "GET /galeria/carrusel/Carrusel/jquery.thumbnailScroller.css HTTP/1.1" 200 2066
181.61.41.41 - - [03/Jan/2015:15:27:20 -0500] "GET /galeria/carrusel/Carrusel/jquery-ui-1.8.13.custom.min.js HTTP/1.1" 200 10800
181.61.41.41 - - [03/Jan/2015:15:27:20 -0500] "GET /galeria/carrusel/Carrusel/jquery.thumbnailScroller.js HTTP/1.1" 200 8157
98.239.65.159 - - [03/Jan/2015:15:27:16 -0500] "PUT /webdav/TheBest.php HTTP/1.1" 405 938
181.61.41.41 - - [03/Jan/2015:15:27:22 -0500] "GET /galeria/nivo-slider/demo/demo.html HTTP/1.1" 200 3150
181.61.41.41 - - [03/Jan/2015:15:27:22 -0500] "GET /galeria/nivo-slider/themes/pascal/pascal.css HTTP/1.1" 200 2258
181.61.41.41 - - [03/Jan/2015:15:27:22 -0500] "GET /galeria/nivo-slider/themes/default/default.css HTTP/1.1" 200 1569
181.61.41.41 - - [03/Jan/2015:15:27:22 -0500] "GET /galeria/nivo-slider/nivo-slider.css HTTP/1.1" 200 1507
181.61.41.41 - - [03/Jan/2015:15:27:22 -0500] "GET /galeria/nivo-slider/themes/orman/orman.css HTTP/1.1" 200 2152
181.61.41.41 - - [03/Jan/2015:15:27:22 -0500] "GET /galeria/nivo-slider/demo/style.css HTTP/1.1" 200 2222
181.61.41.41 - - [03/Jan/2015:15:27:22 -0500] "GET /galeria/nivo-slider/demo/scripts/jquery-1.7.1.min.js HTTP/1.1" 200 93868
181.61.41.41 - - [03/Jan/2015:15:27:22 -0500] "GET /galeria/nivo-slider/demo/images/bolsas-08.jpg HTTP/1.1" 200 85589
181.61.41.41 - - [03/Jan/2015:15:27:22 -0500] "GET /galeria/nivo-slider/jquery.nivo.slider.pack.js HTTP/1.1" 200 11561
181.61.41.41 - - [03/Jan/2015:15:27:22 -0500] "GET /galeria/nivo-slider/demo/images/Ruta-vertimientos-01.jpg HTTP/1.1" 200 130151
181.61.41.41 - - [03/Jan/2015:15:27:22 -0500] "GET /galeria/nivo-slider/demo/images/bolsas-06.jpg HTTP/1.1" 200 90982
181.61.41.41 - - [03/Jan/2015:15:27:23 -0500] "GET /galeria/nivo-slider/demo/images/ecolecta-Dic2014.png HTTP/1.1" 200 288593
181.61.41.41 - - [03/Jan/2015:15:27:23 -0500] "GET /galeria/nivo-slider/demo/images/4Simple_Slider.png HTTP/1.1" 200 11722
181.61.41.41 - - [03/Jan/2015:15:27:23 -0500] "GET /galeria/nivo-slider/themes/default/loading.gif HTTP/1.1" 200 1737
181.61.41.41 - - [03/Jan/2015:15:27:23 -0500] "GET /galeria/nivo-slider/demo/images/porloshumedales.jpg HTTP/1.1" 200 351238
181.61.41.41 - - [03/Jan/2015:15:27:24 -0500] "GET /galeria/nivo-slider/demo/images/Tingua-azul.jpg HTTP/1.1" 200 307638
181.61.41.41 - - [03/Jan/2015:15:27:24 -0500] "GET /galeria/nivo-slider/demo/images/Banner-Caracol-Africano.jpg HTTP/1.1" 200 331986
181.61.41.41 - - [03/Jan/2015:15:27:25 -0500] "GET /galeria/nivo-slider/demo/images/banner-redes.jpg HTTP/1.1" 200 62209
181.61.41.41 - - [03/Jan/2015:15:27:25 -0500] "GET /galeria/nivo-slider/demo/images/9Signos.jpg HTTP/1.1" 200 93040
181.61.41.41 - - [03/Jan/2015:15:27:25 -0500] "GET /galeria/nivo-slider/demo/images/banner-llantas2.jpg HTTP/1.1" 200 73153
181.61.41.41 - - [03/Jan/2015:15:27:25 -0500] "GET /galeria/nivo-slider/demo/images/banner-caballos.png HTTP/1.1" 200 389106
181.61.41.41 - - [03/Jan/2015:15:27:27 -0500] "GET /videos/Spot_CambioClimatico.flv HTTP/1.1" 200 4371917
181.61.41.41 - - [03/Jan/2015:15:27:28 -0500] "GET /galeria/nivo-slider/themes/default/arrows.png HTTP/1.1" 200 824
181.61.41.41 - - [03/Jan/2015:15:27:28 -0500] "GET /galeria/nivo-slider/themes/default/bullets.png HTTP/1.1" 200 1281
186.84.44.72 - - [03/Jan/2015:15:28:00 -0500] "POST /forms/lservlet;jsessionid=ac16012b30d5a2db1621a476482bb976aecbdc5f510b.e3iSbxaKaheRe34Sa3yKbhiTahb0n6jAmljGr5XDqQLvpAe HTTP/1.1" 200 2
66.249.64.167 - - [03/Jan/2015:15:28:00 -0500] "GET /BLA/resoluciones/Autos%202008/3145.pdf HTTP/1.1" 200 102636
188.165.15.127 - - [03/Jan/2015:15:28:22 -0500] "GET /dama/libreria/php/decide.php?patron=03.1305020113&numm=46 HTTP/1.1" 404 1019
186.84.44.72 - - [03/Jan/2015:15:28:23 -0500] "POST /forms/lservlet;jsessionid=ac16012b30d5d11c6496e2c840dd94a48a0507ce41e7.e3iSbxaKaheRe34Sa3yKbhiTahb0n6jAmljGr5XDqQLvpAe HTTP/1.1" 200 2
98.239.65.159 - - [03/Jan/2015:15:29:34 -0500] "PUT /webdav/TheBest.php HTTP/1.1" 405 938
191.155.104.127 - - [03/Jan/2015:15:29:48 -0500] "GET /dama/libreria/jpg/ecosistemas/aulas/aa2_1.jpg HTTP/1.1" 404 1315
186.84.44.72 - - [03/Jan/2015:15:30:00 -0500] "POST /forms/lservlet;jsessionid=ac16012b30d5a2db1621a476482bb976aecbdc5f510b.e3iSbxaKaheRe34Sa3yKbhiTahb0n6jAmljGr5XDqQLvpAe HTTP/1.1" 200 2
190.68.181.124 - - [03/Jan/2015:15:28:45 -0500] "POST /forest/buscar.do? HTTP/1.1" 200 16012
190.68.181.124 - - [03/Jan/2015:15:30:16 -0500] "GET /forest/skins/gdocs-jar/popup/popup.jsp?width=900&height=600&title=Informaci%F3n%20de%20proceso&uri=/forest/system/process.jsp%3FnumPro%3D2336741&name=undefined&_a=0.3481938890994615&a=0.6080794543190949 HTTP/1.1" 200 1312
181.136.70.220 - - [03/Jan/2015:15:30:17 -0500] "GET /galeria/nivo-slider/demo/images/Banner-Caracol-Africano.jpg HTTP/1.1" 206 249060
181.136.70.220 - - [03/Jan/2015:15:30:18 -0500] "GET /galeria/nivo-slider/themes/default/bullets.png HTTP/1.1" 200 1281
181.136.70.220 - - [03/Jan/2015:15:30:18 -0500] "GET /videos/Spot_CambioClimatico.flv HTTP/1.1" 206 282394
98.239.65.159 - - [03/Jan/2015:15:30:17 -0500] "PUT /webdav/TheBest.php HTTP/1.1" 405 938
190.68.181.124 - - [03/Jan/2015:15:30:17 -0500] "GET /forest/system/process.jsp?numPro=2336741 HTTP/1.1" 200 179669
190.68.181.124 - - [03/Jan/2015:15:30:22 -0500] "GET /forest/skins/gdocs-jar/popup/FileViewerTree.jsp?coddoc=1592902&ext=p7z&numpro=2336741&nombre=Concepto%20Tecnico.doc.p7z&codfile=-1&rootPath=/forest/ HTTP/1.1" 200 5367
190.68.181.124 - - [03/Jan/2015:15:30:22 -0500] "GET /forest/skins/gdocs-jar/js/popup.js HTTP/1.1" 200 7658
190.68.181.124 - - [03/Jan/2015:15:30:22 -0500] "GET /forest/skins/gdocs-jar/css/menu.css?version=1412.231748 HTTP/1.1" 304 -
190.68.181.124 - - [03/Jan/2015:15:30:22 -0500] "GET /forest/skins/gdocs-jar/js/fileViewer.js HTTP/1.1" 200 8399
190.68.181.124 - - [03/Jan/2015:15:30:22 -0500] "GET /forest/skins/gdocs-jar/css/tree.css?version=1412.231748 HTTP/1.1" 304 -
190.68.181.124 - - [03/Jan/2015:15:30:23 -0500] "GET /forest/img/dtree/visor/page.png HTTP/1.1" 200 50197
186.84.44.72 - - [03/Jan/2015:15:30:23 -0500] "POST /forms/lservlet;jsessionid=ac16012b30d5d11c6496e2c840dd94a48a0507ce41e7.e3iSbxaKaheRe34Sa3yKbhiTahb0n6jAmljGr5XDqQLvpAe HTTP/1.1" 200 2
190.68.181.124 - - [03/Jan/2015:15:30:23 -0500] "GET /forest/visualizar.do?codDoc=1592902&ext=p7z&codfile=-1&iscodfile=false&nombre=Concepto%20Tecnico.doc.p7z HTTP/1.1" 200 1047912
190.68.181.124 - - [03/Jan/2015:15:30:45 -0500] "GET /forest/usudocumentos.do?p7z=1592902&a=0.9475360884030899&a=0.7894806482754408 HTTP/1.1" 200 2526
190.68.181.124 - - [03/Jan/2015:15:30:47 -0500] "GET /forest/documentos/1592902/2013IE004182.p7z:claro/Concepto%20Tecnico.doc HTTP/1.1" 200 1033728
186.84.44.72 - - [03/Jan/2015:15:31:09 -0500] "POST /forms/lservlet;jsessionid=ac16012b30d5a2db1621a476482bb976aecbdc5f510b.e3iSbxaKaheRe34Sa3yKbhiTahb0n6jAmljGr5XDqQLvpAe HTTP/1.1" 200 136
186.84.44.72 - - [03/Jan/2015:15:31:10 -0500] "POST /forms/lservlet;jsessionid=ac16012b30d5a2db1621a476482bb976aecbdc5f510b.e3iSbxaKaheRe34Sa3yKbhiTahb0n6jAmljGr5XDqQLvpAe HTTP/1.1" 200 7
186.84.44.72 - - [03/Jan/2015:15:31:10 -0500] "POST /forms/lservlet;jsessionid=ac16012b30d5a2db1621a476482bb976aecbdc5f510b.e3iSbxaKaheRe34Sa3yKbhiTahb0n6jAmljGr5XDqQLvpAe HTTP/1.1" 200 30234
186.84.44.72 - - [03/Jan/2015:15:31:11 -0500] "POST /forms/lservlet;jsessionid=ac16012b30d5a2db1621a476482bb976aecbdc5f510b.e3iSbxaKaheRe34Sa3yKbhiTahb0n6jAmljGr5XDqQLvpAe HTTP/1.1" 200 7
186.84.44.72 - - [03/Jan/2015:15:31:11 -0500] "POST /forms/lservlet;jsessionid=ac16012b30d5a2db1621a476482bb976aecbdc5f510b.e3iSbxaKaheRe34Sa3yKbhiTahb0n6jAmljGr5XDqQLvpAe HTTP/1.1" 200 2
186.84.44.72 - - [03/Jan/2015:15:31:11 -0500] "POST /forms/lservlet;jsessionid=ac16012b30d5a2db1621a476482bb976aecbdc5f510b.e3iSbxaKaheRe34Sa3yKbhiTahb0n6jAmljGr5XDqQLvpAe HTTP/1.1" 200 27
186.84.44.72 - - [03/Jan/2015:15:31:12 -0500] "POST /forms/lservlet;jsessionid=ac16012b30d5a2db1621a476482bb976aecbdc5f510b.e3iSbxaKaheRe34Sa3yKbhiTahb0n6jAmljGr5XDqQLvpAe HTTP/1.1" 200 2
186.84.44.72 - - [03/Jan/2015:15:31:14 -0500] "POST /forms/lservlet;jsessionid=ac16012b30d5a2db1621a476482bb976aecbdc5f510b.e3iSbxaKaheRe34Sa3yKbhiTahb0n6jAmljGr5XDqQLvpAe HTTP/1.1" 200 98
186.84.44.72 - - [03/Jan/2015:15:31:15 -0500] "POST /forms/lservlet;jsessionid=ac16012b30d5a2db1621a476482bb976aecbdc5f510b.e3iSbxaKaheRe34Sa3yKbhiTahb0n6jAmljGr5XDqQLvpAe HTTP/1.1" 200 79
186.84.44.72 - - [03/Jan/2015:15:31:15 -0500] "POST /forms/lservlet;jsessionid=ac16012b30d5a2db1621a476482bb976aecbdc5f510b.e3iSbxaKaheRe34Sa3yKbhiTahb0n6jAmljGr5XDqQLvpAe HTTP/1.1" 200 121
186.84.44.72 - - [03/Jan/2015:15:31:15 -0500] "POST /forms/lservlet;jsessionid=ac16012b30d5a2db1621a476482bb976aecbdc5f510b.e3iSbxaKaheRe34Sa3yKbhiTahb0n6jAmljGr5XDqQLvpAe HTTP/1.1" 200 2
186.84.44.72 - - [03/Jan/2015:15:31:16 -0500] "POST /forms/lservlet;jsessionid=ac16012b30d5a2db1621a476482bb976aecbdc5f510b.e3iSbxaKaheRe34Sa3yKbhiTahb0n6jAmljGr5XDqQLvpAe HTTP/1.1" 200 121
