186.84.44.72 - - [03/Jan/2015:18:19:50 -0500] "POST /forms/lservlet;jsessionid=ac16012b30d5e75f4c5de1ab422eaa5ecd279de9a1c7.e3iSbxaKaheRe34Sa3yKbhiTahb0n6jAmljGr5XDqQLvpAe HTTP/1.1" 200 2
66.249.64.163 - - [03/Jan/2015:18:20:11 -0500] "GET /BLA/resoluciones/RESOLUCIONES%202009/7846.pdf HTTP/1.1" 304 -
191.77.53.166 - - [03/Jan/2015:18:20:14 -0500] "GET /BLA/boletinlegal/js/jquery.js HTTP/1.1" 200 57254
191.77.53.166 - - [03/Jan/2015:18:20:14 -0500] "GET /BLA/boletinlegal/js/jquery.scrollTo-min.js HTTP/1.1" 200 1150
191.77.53.166 - - [03/Jan/2015:18:20:14 -0500] "GET /BLA/boletinlegal/js/jquery.scrollShow.js HTTP/1.1" 200 4586
186.84.44.72 - - [03/Jan/2015:18:20:29 -0500] "POST /forms/lservlet;jsessionid=ac16012b30d5d11c6496e2c840dd94a48a0507ce41e7.e3iSbxaKaheRe34Sa3yKbhiTahb0n6jAmljGr5XDqQLvpAe HTTP/1.1" 200 2
181.136.103.4 - - [03/Jan/2015:18:20:38 -0500] "GET /BLA/boletinlegal/js/jquery.js HTTP/1.1" 200 57254
181.136.103.4 - - [03/Jan/2015:18:20:38 -0500] "GET /BLA/boletinlegal/js/jquery.scrollTo-min.js HTTP/1.1" 200 1150
181.136.103.4 - - [03/Jan/2015:18:20:39 -0500] "GET /BLA/boletinlegal/js/jquery.scrollShow.js HTTP/1.1" 200 4586
181.136.103.4 - - [03/Jan/2015:18:20:39 -0500] "GET /galeria/carrusel/Carrusel/jquery.thumbnailScroller.css HTTP/1.1" 200 2066
66.249.64.167 - - [03/Jan/2015:18:20:40 -0500] "GET /BLA/resoluciones/RESOLUCIONES%202010/6092.pdf HTTP/1.1" 200 1871595
181.136.103.4 - - [03/Jan/2015:18:20:41 -0500] "GET /galeria/carrusel/Carrusel/jquery-ui-1.8.13.custom.min.js HTTP/1.1" 200 10800
181.136.103.4 - - [03/Jan/2015:18:20:42 -0500] "GET /galeria/carrusel/Carrusel/jquery.thumbnailScroller.js HTTP/1.1" 200 8157
181.136.103.4 - - [03/Jan/2015:18:20:48 -0500] "GET /galeria/carrusel/Carrusel/jquery-ui-1.8.13.custom.min.js HTTP/1.1" 206 1
181.136.103.4 - - [03/Jan/2015:18:20:48 -0500] "GET /galeria/carrusel/Carrusel/jquery.thumbnailScroller.js HTTP/1.1" 200 8157
181.136.103.4 - - [03/Jan/2015:18:20:51 -0500] "GET /BLA/boletinlegal/js/jquery.js HTTP/1.1" 206 1
190.68.181.124 - - [03/Jan/2015:18:20:52 -0500] "GET /forest/session.jsp?a=0.3378019055974214 HTTP/1.1" 200 4
181.136.103.4 - - [03/Jan/2015:18:20:52 -0500] "GET /galeria/carrusel/Carrusel/jquery-ui-1.8.13.custom.min.js HTTP/1.1" 206 7184
181.136.103.4 - - [03/Jan/2015:18:20:53 -0500] "GET /BLA/boletinlegal/js/jquery.js HTTP/1.1" 206 51039
181.136.103.4 - - [03/Jan/2015:18:21:07 -0500] "GET /galeria/nivo-slider/demo/demo.html HTTP/1.1" 200 3150
66.249.64.163 - - [03/Jan/2015:18:21:10 -0500] "GET /BLA/resoluciones/RESOLUCIONES%202008/0896.pdf HTTP/1.1" 304 -
181.136.103.4 - - [03/Jan/2015:18:21:13 -0500] "GET /galeria/nivo-slider/themes/default/default.css HTTP/1.1" 200 1569
181.136.103.4 - - [03/Jan/2015:18:21:13 -0500] "GET /galeria/nivo-slider/themes/pascal/pascal.css HTTP/1.1" 200 2258
181.136.103.4 - - [03/Jan/2015:18:21:13 -0500] "GET /galeria/nivo-slider/themes/orman/orman.css HTTP/1.1" 200 2152
181.136.103.4 - - [03/Jan/2015:18:21:13 -0500] "GET /galeria/nivo-slider/nivo-slider.css HTTP/1.1" 200 1507
181.136.103.4 - - [03/Jan/2015:18:21:13 -0500] "GET /galeria/nivo-slider/demo/style.css HTTP/1.1" 200 2222
181.136.103.4 - - [03/Jan/2015:18:21:20 -0500] "GET /galeria/nivo-slider/demo/scripts/jquery-1.7.1.min.js HTTP/1.1" 200 93868
181.136.103.4 - - [03/Jan/2015:18:21:23 -0500] "GET /galeria/nivo-slider/jquery.nivo.slider.pack.js HTTP/1.1" 200 11561
181.136.103.4 - - [03/Jan/2015:18:21:23 -0500] "GET /galeria/nivo-slider/themes/default/loading.gif HTTP/1.1" 200 1737
181.136.103.4 - - [03/Jan/2015:18:21:26 -0500] "GET /galeria/nivo-slider/demo/images/4Simple_Slider.png HTTP/1.1" 200 11722
181.152.202.178 - - [03/Jan/2015:18:21:27 -0500] "GET /isolucionsda/g/Bot_AyudaOver.jpg HTTP/1.1" 200 1659
181.152.202.178 - - [03/Jan/2015:18:21:27 -0500] "GET /isolucionsda/g/Bot_GlosarioOver.jpg HTTP/1.1" 200 1948
181.152.202.178 - - [03/Jan/2015:18:21:27 -0500] "GET /isolucionsda/g/Bot_AdministradorOver.jpg HTTP/1.1" 200 1630
181.136.103.4 - - [03/Jan/2015:18:21:28 -0500] "GET /galeria/nivo-slider/demo/images/bolsas-08.jpg HTTP/1.1" 200 85589
181.152.202.178 - - [03/Jan/2015:18:21:28 -0500] "GET /isolucionsda/g/Bot_HomeOver.jpg HTTP/1.1" 200 1879
181.136.103.4 - - [03/Jan/2015:18:21:28 -0500] "GET /galeria/nivo-slider/demo/images/Ruta-vertimientos-01.jpg HTTP/1.1" 200 130151
181.152.202.178 - - [03/Jan/2015:18:21:28 -0500] "GET /isolucionsda/g/Bot_SiguienteOver.jpg HTTP/1.1" 200 1668
181.136.103.4 - - [03/Jan/2015:18:21:28 -0500] "GET /galeria/nivo-slider/demo/images/bolsas-06.jpg HTTP/1.1" 200 90982
181.136.103.4 - - [03/Jan/2015:18:21:28 -0500] "GET /videos/Spot_CambioClimatico.flv HTTP/1.1" 200 4371917
181.136.103.4 - - [03/Jan/2015:18:21:30 -0500] "GET /galeria/nivo-slider/demo/images/ecolecta-Dic2014.png HTTP/1.1" 200 288593
181.136.103.4 - - [03/Jan/2015:18:21:30 -0500] "GET /galeria/nivo-slider/demo/images/porloshumedales.jpg HTTP/1.1" 200 351238
181.152.202.178 - - [03/Jan/2015:18:21:30 -0500] "POST /isolucionsda/FiltroNotaMejora.asp?buscar=&paginaactual=2 HTTP/1.1" 200 46224
181.136.103.4 - - [03/Jan/2015:18:21:34 -0500] "GET /galeria/nivo-slider/demo/images/Tingua-azul.jpg HTTP/1.1" 200 307638
181.152.202.178 - - [03/Jan/2015:18:21:37 -0500] "GET /isolucionsda/NotaMejora.asp?CodSucursal=&ID_NotaMejora=337&Accion=ModificarForma HTTP/1.1" 200 52423
66.249.64.163 - - [03/Jan/2015:18:21:39 -0500] "GET /BLA/resoluciones/RESOLUCIONES%202012/0329.pdf HTTP/1.1" 304 -
74.86.158.107 - - [03/Jan/2015:18:21:40 -0500] "HEAD / HTTP/1.1" 302 -
181.152.202.178 - - [03/Jan/2015:18:21:45 -0500] "GET /isolucionsda/NotaMejora.asp?CodSucursal=&ID_NotaMejora=336&Accion=ModificarForma HTTP/1.1" 200 61835
186.84.44.72 - - [03/Jan/2015:18:21:50 -0500] "POST /forms/lservlet;jsessionid=ac16012b30d5e75f4c5de1ab422eaa5ecd279de9a1c7.e3iSbxaKaheRe34Sa3yKbhiTahb0n6jAmljGr5XDqQLvpAe HTTP/1.1" 200 2
186.84.44.72 - - [03/Jan/2015:18:22:29 -0500] "POST /forms/lservlet;jsessionid=ac16012b30d5d11c6496e2c840dd94a48a0507ce41e7.e3iSbxaKaheRe34Sa3yKbhiTahb0n6jAmljGr5XDqQLvpAe HTTP/1.1" 200 2
190.68.181.124 - - [03/Jan/2015:18:23:40 -0500] "GET /forest/session.jsp?a=0.5851417783367603 HTTP/1.1" 200 4
66.102.6.161 - - [03/Jan/2015:18:23:42 -0500] "GET /BLA/boletinlegal/js/jquery.js HTTP/1.1" 200 57254
66.102.6.179 - - [03/Jan/2015:18:23:42 -0500] "GET /BLA/boletinlegal/js/jquery.scrollShow.js HTTP/1.1" 200 4586
186.84.44.72 - - [03/Jan/2015:18:23:50 -0500] "POST /forms/lservlet;jsessionid=ac16012b30d5e75f4c5de1ab422eaa5ecd279de9a1c7.e3iSbxaKaheRe34Sa3yKbhiTahb0n6jAmljGr5XDqQLvpAe HTTP/1.1" 200 2
186.84.44.72 - - [03/Jan/2015:18:24:29 -0500] "POST /forms/lservlet;jsessionid=ac16012b30d5d11c6496e2c840dd94a48a0507ce41e7.e3iSbxaKaheRe34Sa3yKbhiTahb0n6jAmljGr5XDqQLvpAe HTTP/1.1" 200 2
186.84.100.149 - - [03/Jan/2015:18:24:40 -0500] "GET /BLA/boletinlegal/js/jquery.js HTTP/1.1" 200 57254
186.84.100.149 - - [03/Jan/2015:18:24:40 -0500] "GET /BLA/boletinlegal/js/jquery.scrollTo-min.js HTTP/1.1" 200 1150
186.84.100.149 - - [03/Jan/2015:18:24:40 -0500] "GET /BLA/boletinlegal/js/jquery.scrollShow.js HTTP/1.1" 200 4586
186.84.100.149 - - [03/Jan/2015:18:24:40 -0500] "GET /galeria/carrusel/Carrusel/jquery.thumbnailScroller.css HTTP/1.1" 200 2066
186.84.100.149 - - [03/Jan/2015:18:24:40 -0500] "GET /galeria/carrusel/Carrusel/jquery-ui-1.8.13.custom.min.js HTTP/1.1" 200 10800
186.84.100.149 - - [03/Jan/2015:18:24:40 -0500] "GET /galeria/carrusel/Carrusel/jquery.thumbnailScroller.js HTTP/1.1" 200 8157
186.84.100.149 - - [03/Jan/2015:18:24:44 -0500] "GET /galeria/nivo-slider/demo/demo.html HTTP/1.1" 200 3150
186.84.100.149 - - [03/Jan/2015:18:24:45 -0500] "GET /galeria/nivo-slider/themes/default/default.css HTTP/1.1" 200 1569
186.84.100.149 - - [03/Jan/2015:18:24:45 -0500] "GET /galeria/nivo-slider/themes/orman/orman.css HTTP/1.1" 200 2152
186.84.100.149 - - [03/Jan/2015:18:24:45 -0500] "GET /galeria/nivo-slider/nivo-slider.css HTTP/1.1" 200 1507
186.84.100.149 - - [03/Jan/2015:18:24:45 -0500] "GET /galeria/nivo-slider/themes/pascal/pascal.css HTTP/1.1" 200 2258
186.84.100.149 - - [03/Jan/2015:18:24:45 -0500] "GET /galeria/nivo-slider/demo/style.css HTTP/1.1" 200 2222
186.84.100.149 - - [03/Jan/2015:18:24:45 -0500] "GET /galeria/nivo-slider/demo/scripts/jquery-1.7.1.min.js HTTP/1.1" 200 93868
186.84.100.149 - - [03/Jan/2015:18:24:45 -0500] "GET /galeria/nivo-slider/demo/images/Ruta-vertimientos-01.jpg HTTP/1.1" 200 130151
186.84.100.149 - - [03/Jan/2015:18:24:45 -0500] "GET /galeria/nivo-slider/jquery.nivo.slider.pack.js HTTP/1.1" 200 11561
186.84.100.149 - - [03/Jan/2015:18:24:45 -0500] "GET /galeria/nivo-slider/demo/images/bolsas-08.jpg HTTP/1.1" 200 85589
186.84.100.149 - - [03/Jan/2015:18:24:45 -0500] "GET /galeria/nivo-slider/demo/images/bolsas-06.jpg HTTP/1.1" 200 90982
186.84.100.149 - - [03/Jan/2015:18:24:45 -0500] "GET /galeria/nivo-slider/demo/images/ecolecta-Dic2014.png HTTP/1.1" 200 288593
186.84.100.149 - - [03/Jan/2015:18:24:45 -0500] "GET /galeria/nivo-slider/demo/images/porloshumedales.jpg HTTP/1.1" 200 351238
186.84.100.149 - - [03/Jan/2015:18:24:46 -0500] "GET /galeria/nivo-slider/demo/images/Tingua-azul.jpg HTTP/1.1" 200 307638
186.84.100.149 - - [03/Jan/2015:18:24:46 -0500] "GET /galeria/nivo-slider/demo/images/Banner-Caracol-Africano.jpg HTTP/1.1" 200 331986
186.84.100.149 - - [03/Jan/2015:18:24:46 -0500] "GET /galeria/nivo-slider/demo/images/banner-redes.jpg HTTP/1.1" 200 62209
186.84.100.149 - - [03/Jan/2015:18:24:46 -0500] "GET /galeria/nivo-slider/demo/images/4Simple_Slider.png HTTP/1.1" 200 11722
186.84.100.149 - - [03/Jan/2015:18:24:46 -0500] "GET /galeria/nivo-slider/themes/default/loading.gif HTTP/1.1" 200 1737
186.84.100.149 - - [03/Jan/2015:18:24:47 -0500] "GET /galeria/nivo-slider/demo/images/9Signos.jpg HTTP/1.1" 200 93040
186.84.100.149 - - [03/Jan/2015:18:24:47 -0500] "GET /galeria/nivo-slider/demo/images/banner-llantas2.jpg HTTP/1.1" 200 73153
186.84.100.149 - - [03/Jan/2015:18:24:48 -0500] "GET /galeria/nivo-slider/demo/images/banner-caballos.png HTTP/1.1" 200 389106
186.84.100.149 - - [03/Jan/2015:18:24:49 -0500] "GET /galeria/nivo-slider/themes/default/arrows.png HTTP/1.1" 200 824
186.84.100.149 - - [03/Jan/2015:18:24:49 -0500] "GET /galeria/nivo-slider/themes/default/bullets.png HTTP/1.1" 200 1281
190.68.181.124 - - [03/Jan/2015:18:18:53 -0500] "GET /ForestMSG_SDA/channelAsync/template_word_17226367?X-Atmosphere-tracking-id=e7c81892-1351-d87a-b267-f0bcc72d01ae&X-Atmosphere-Framework=1.0.5&X-Atmosphere-Transport=long-polling&tabid=0.5292671194420838&X-Cache-Date=0&Content-Type=application/xml&_=1420327303005 HTTP/1.1" 200 8193
181.152.202.178 - - [03/Jan/2015:18:25:10 -0500] "GET /isolucionsda/g/Bot_AmbientalOver_ESP.jpg HTTP/1.1" 200 5391
181.152.202.178 - - [03/Jan/2015:18:25:11 -0500] "GET /isolucionsda/g/Bot_ManualOver_ESP.jpg HTTP/1.1" 200 4732
181.152.202.178 - - [03/Jan/2015:18:25:11 -0500] "GET /isolucionsda/g/Bot_ProcesosOver_ESP.jpg HTTP/1.1" 200 4659
181.152.202.178 - - [03/Jan/2015:18:25:13 -0500] "GET /isolucionsda/NotaMejora.asp?CodSucursal=&ID_NotaMejora=335&Accion=ModificarForma HTTP/1.1" 200 50699
181.152.202.178 - - [03/Jan/2015:18:25:26 -0500] "GET /isolucionsda/g/Bot_ProcesosOver_ESP.jpg HTTP/1.1" 200 4659
181.152.202.178 - - [03/Jan/2015:18:25:26 -0500] "GET /isolucionsda/g/Bot_ManualOver_ESP.jpg HTTP/1.1" 200 4732
181.152.202.178 - - [03/Jan/2015:18:25:28 -0500] "GET /isolucionsda/g/Bot_ManualOver_ESP.jpg HTTP/1.1" 200 4732
181.152.202.178 - - [03/Jan/2015:18:25:32 -0500] "GET /isolucionsda/NotaMejora.asp?CodSucursal=&ID_NotaMejora=334&Accion=ModificarForma HTTP/1.1" 200 60198
186.84.44.72 - - [03/Jan/2015:18:25:51 -0500] "POST /forms/lservlet;jsessionid=ac16012b30d5e75f4c5de1ab422eaa5ecd279de9a1c7.e3iSbxaKaheRe34Sa3yKbhiTahb0n6jAmljGr5XDqQLvpAe HTTP/1.1" 200 2
180.76.6.66 - - [03/Jan/2015:18:25:53 -0500] "GET /BLA/boletinlegal;jsessionid=478417D6BB24D3E01BF1360CB1CE87A4?/? HTTP/1.1" 404 1018
186.84.44.72 - - [03/Jan/2015:18:26:30 -0500] "POST /forms/lservlet;jsessionid=ac16012b30d5d11c6496e2c840dd94a48a0507ce41e7.e3iSbxaKaheRe34Sa3yKbhiTahb0n6jAmljGr5XDqQLvpAe HTTP/1.1" 200 2
74.86.158.107 - - [03/Jan/2015:18:26:40 -0500] "HEAD / HTTP/1.1" 302 -
180.76.6.130 - - [03/Jan/2015:18:26:58 -0500] "GET /BLA/resoluciones/RESOLUCIONES%202007/RES%202007%20901%20AL%201000/RESOLUCION%200932%20DE%202007.pdf HTTP/1.1" 200 104890
186.28.163.127 - - [03/Jan/2015:18:27:19 -0500] "GET /BLA/boletinlegal/js/jquery.scrollTo-min.js HTTP/1.1" 200 1150
186.28.163.127 - - [03/Jan/2015:18:27:19 -0500] "GET /BLA/boletinlegal/js/jquery.scrollShow.js HTTP/1.1" 200 4586
186.28.163.127 - - [03/Jan/2015:18:27:19 -0500] "GET /BLA/boletinlegal/js/jquery.js HTTP/1.1" 200 57254
186.28.163.127 - - [03/Jan/2015:18:27:19 -0500] "GET /galeria/carrusel/Carrusel/jquery.thumbnailScroller.css HTTP/1.1" 200 2066
186.28.163.127 - - [03/Jan/2015:18:27:19 -0500] "GET /galeria/carrusel/Carrusel/jquery-ui-1.8.13.custom.min.js HTTP/1.1" 200 10800
186.28.163.127 - - [03/Jan/2015:18:27:20 -0500] "GET /galeria/carrusel/Carrusel/jquery.thumbnailScroller.js HTTP/1.1" 200 8157
186.84.44.72 - - [03/Jan/2015:18:27:51 -0500] "POST /forms/lservlet;jsessionid=ac16012b30d5e75f4c5de1ab422eaa5ecd279de9a1c7.e3iSbxaKaheRe34Sa3yKbhiTahb0n6jAmljGr5XDqQLvpAe HTTP/1.1" 200 2
186.28.163.127 - - [03/Jan/2015:18:27:59 -0500] "GET /videos/ArchivoSDA.flv HTTP/1.1" 200 31205279
180.76.5.25 - - [03/Jan/2015:18:28:02 -0500] "GET /BLA/boletinlegal;jsessionid=B47B4CF0174FB29A85557E3140FB6F27?/? HTTP/1.1" 404 1018
186.84.44.72 - - [03/Jan/2015:18:28:30 -0500] "POST /forms/lservlet;jsessionid=ac16012b30d5d11c6496e2c840dd94a48a0507ce41e7.e3iSbxaKaheRe34Sa3yKbhiTahb0n6jAmljGr5XDqQLvpAe HTTP/1.1" 200 2
66.249.64.171 - - [03/Jan/2015:18:28:41 -0500] "GET /robots.txt HTTP/1.1" 404 1018
66.249.64.163 - - [03/Jan/2015:18:28:41 -0500] "GET /BLA/resoluciones/AUTOS%202008/0213.pdf HTTP/1.1" 200 91737
201.244.211.211 - - [03/Jan/2015:18:28:59 -0500] "GET /BLA/boletinlegal/js/jquery.js HTTP/1.1" 200 57254
201.244.211.211 - - [03/Jan/2015:18:28:59 -0500] "GET /BLA/boletinlegal/js/jquery.scrollTo-min.js HTTP/1.1" 200 1150
201.244.211.211 - - [03/Jan/2015:18:28:59 -0500] "GET /BLA/boletinlegal/js/jquery.scrollShow.js HTTP/1.1" 200 4586
180.76.5.197 - - [03/Jan/2015:18:29:07 -0500] "GET /BLA/resoluciones/RESOLUCIONES%202009/1333.pdf HTTP/1.1" 200 535781
190.67.34.249 - - [03/Jan/2015:18:29:14 -0500] "GET /BLA/boletinlegal/js/jquery.js HTTP/1.1" 200 57254
190.67.34.249 - - [03/Jan/2015:18:29:14 -0500] "GET /BLA/boletinlegal/js/jquery.scrollTo-min.js HTTP/1.1" 200 1150
190.67.34.249 - - [03/Jan/2015:18:29:14 -0500] "GET /BLA/boletinlegal/js/jquery.scrollShow.js HTTP/1.1" 200 4586
181.152.202.178 - - [03/Jan/2015:18:29:22 -0500] "GET /isolucionsda/g/Bot_ManualOver_ESP.jpg HTTP/1.1" 200 4732
181.152.202.178 - - [03/Jan/2015:18:29:24 -0500] "GET /isolucionsda/NotaMejora.asp?CodSucursal=&ID_NotaMejora=333&Accion=ModificarForma HTTP/1.1" 200 67241
186.84.44.72 - - [03/Jan/2015:18:29:51 -0500] "POST /forms/lservlet;jsessionid=ac16012b30d5e75f4c5de1ab422eaa5ecd279de9a1c7.e3iSbxaKaheRe34Sa3yKbhiTahb0n6jAmljGr5XDqQLvpAe HTTP/1.1" 200 2
180.76.5.153 - - [03/Jan/2015:18:30:11 -0500] "GET /BLA/boletinlegal;jsessionid=FB757AEF67670A1419E9D04B28CD7C05?/? HTTP/1.1" 404 1018
186.84.44.72 - - [03/Jan/2015:18:30:30 -0500] "POST /forms/lservlet;jsessionid=ac16012b30d5d11c6496e2c840dd94a48a0507ce41e7.e3iSbxaKaheRe34Sa3yKbhiTahb0n6jAmljGr5XDqQLvpAe HTTP/1.1" 200 2
190.68.181.124 - - [03/Jan/2015:18:24:53 -0500] "GET /ForestMSG_SDA/channelAsync/template_word_17226367?X-Atmosphere-tracking-id=e7c81892-1351-d87a-b267-f0bcc72d01ae&X-Atmosphere-Framework=1.0.5&X-Atmosphere-Transport=long-polling&tabid=0.5292671194420838&X-Cache-Date=0&Content-Type=application/xml&_=1420327663045 HTTP/1.1" 200 8193
74.86.158.107 - - [03/Jan/2015:18:31:40 -0500] "HEAD / HTTP/1.1" 302 -
186.84.44.72 - - [03/Jan/2015:18:31:51 -0500] "POST /forms/lservlet;jsessionid=ac16012b30d5e75f4c5de1ab422eaa5ecd279de9a1c7.e3iSbxaKaheRe34Sa3yKbhiTahb0n6jAmljGr5XDqQLvpAe HTTP/1.1" 200 2
181.152.202.178 - - [03/Jan/2015:18:32:25 -0500] "GET /isolucionsda/g/Bot_ProcesosOver_ESP.jpg HTTP/1.1" 200 4659
181.152.202.178 - - [03/Jan/2015:18:32:25 -0500] "GET /isolucionsda/g/Bot_HomeOver.jpg HTTP/1.1" 200 1879
181.152.202.178 - - [03/Jan/2015:18:32:25 -0500] "GET /isolucionsda/g/Bot_SiguienteOver.jpg HTTP/1.1" 200 1668
181.152.202.178 - - [03/Jan/2015:18:32:27 -0500] "GET /isolucionsda/g/Bot_ManualOver_ESP.jpg HTTP/1.1" 200 4732
186.84.44.72 - - [03/Jan/2015:18:32:30 -0500] "POST /forms/lservlet;jsessionid=ac16012b30d5d11c6496e2c840dd94a48a0507ce41e7.e3iSbxaKaheRe34Sa3yKbhiTahb0n6jAmljGr5XDqQLvpAe HTTP/1.1" 200 2
181.152.202.178 - - [03/Jan/2015:18:32:31 -0500] "GET /isolucionsda/NotaMejora.asp?CodSucursal=&ID_NotaMejora=332&Accion=ModificarForma HTTP/1.1" 200 64481
190.158.213.217 - - [03/Jan/2015:18:33:50 -0500] "GET /BLA/boletinlegal/js/jquery.js HTTP/1.1" 200 57254
190.158.213.217 - - [03/Jan/2015:18:33:50 -0500] "GET /BLA/boletinlegal/js/jquery.scrollTo-min.js HTTP/1.1" 200 1150
190.158.213.217 - - [03/Jan/2015:18:33:50 -0500] "GET /BLA/boletinlegal/js/jquery.scrollShow.js HTTP/1.1" 200 4586
186.84.44.72 - - [03/Jan/2015:18:33:51 -0500] "POST /forms/lservlet;jsessionid=ac16012b30d5e75f4c5de1ab422eaa5ecd279de9a1c7.e3iSbxaKaheRe34Sa3yKbhiTahb0n6jAmljGr5XDqQLvpAe HTTP/1.1" 200 2
181.152.202.178 - - [03/Jan/2015:18:34:27 -0500] "GET /isolucionsda/g/Bot_SiguienteOver.jpg HTTP/1.1" 200 1668
181.152.202.178 - - [03/Jan/2015:18:34:28 -0500] "GET /isolucionsda/g/Bot_SiguienteOver.jpg HTTP/1.1" 200 1668
181.152.202.178 - - [03/Jan/2015:18:34:29 -0500] "GET /isolucionsda/g/Bot_ManualOver_ESP.jpg HTTP/1.1" 200 4732
186.84.44.72 - - [03/Jan/2015:18:34:30 -0500] "POST /forms/lservlet;jsessionid=ac16012b30d5d11c6496e2c840dd94a48a0507ce41e7.e3iSbxaKaheRe34Sa3yKbhiTahb0n6jAmljGr5XDqQLvpAe HTTP/1.1" 200 2
181.152.202.178 - - [03/Jan/2015:18:34:30 -0500] "GET /isolucionsda/g/Bot_ProcesosOver_ESP.jpg HTTP/1.1" 200 4659
181.152.202.178 - - [03/Jan/2015:18:34:30 -0500] "GET /isolucionsda/g/Bot_HomeOver.jpg HTTP/1.1" 200 1879
181.152.202.178 - - [03/Jan/2015:18:34:31 -0500] "GET /isolucionsda/NotaMejora.asp?CodSucursal=&ID_NotaMejora=331&Accion=ModificarForma HTTP/1.1" 200 58972
202.46.62.66 - - [03/Jan/2015:18:34:58 -0500] "GET /BLA/boletinlegal;jsessionid=3FB1DBC4313A95C88A3E5DC8B48DF293?/? HTTP/1.1" 404 1018
66.249.64.167 - - [03/Jan/2015:18:35:16 -0500] "GET /Autoliquidacion/Fauna%20Silvestre/LISTA%20DE%20CHEQUEO%20Y%20FORMATO%20DE%20SOLICITUD%20DE%20SALVOCONDUCTOS%20DE%20MOVILIZACI%C3%93N.xls HTTP/1.1" 200 851456
186.84.44.72 - - [03/Jan/2015:18:35:51 -0500] "POST /forms/lservlet;jsessionid=ac16012b30d5e75f4c5de1ab422eaa5ecd279de9a1c7.e3iSbxaKaheRe34Sa3yKbhiTahb0n6jAmljGr5XDqQLvpAe HTTP/1.1" 200 2
186.84.44.72 - - [03/Jan/2015:18:36:30 -0500] "POST /forms/lservlet;jsessionid=ac16012b30d5d11c6496e2c840dd94a48a0507ce41e7.e3iSbxaKaheRe34Sa3yKbhiTahb0n6jAmljGr5XDqQLvpAe HTTP/1.1" 200 2
74.86.158.107 - - [03/Jan/2015:18:36:40 -0500] "HEAD / HTTP/1.1" 302 -
181.152.202.178 - - [03/Jan/2015:18:36:45 -0500] "GET /isolucionsda/g/Bot_ManualOver_ESP.jpg HTTP/1.1" 200 4732
181.152.202.178 - - [03/Jan/2015:18:36:45 -0500] "GET /isolucionsda/g/Bot_SiguienteOver.jpg HTTP/1.1" 200 1668
181.152.202.178 - - [03/Jan/2015:18:36:47 -0500] "GET /isolucionsda/g/Bot_ManualOver_ESP.jpg HTTP/1.1" 200 4732
190.68.181.124 - - [03/Jan/2015:18:30:53 -0500] "GET /ForestMSG_SDA/channelAsync/template_word_17226367?X-Atmosphere-tracking-id=e7c81892-1351-d87a-b267-f0bcc72d01ae&X-Atmosphere-Framework=1.0.5&X-Atmosphere-Transport=long-polling&tabid=0.5292671194420838&X-Cache-Date=0&Content-Type=application/xml&_=1420328023144 HTTP/1.1" 200 8193
181.152.202.178 - - [03/Jan/2015:18:36:54 -0500] "GET /isolucionsda/NotaMejora.asp?CodSucursal=&ID_NotaMejora=330&Accion=ModificarForma HTTP/1.1" 200 61250
186.84.44.72 - - [03/Jan/2015:18:37:51 -0500] "POST /forms/lservlet;jsessionid=ac16012b30d5e75f4c5de1ab422eaa5ecd279de9a1c7.e3iSbxaKaheRe34Sa3yKbhiTahb0n6jAmljGr5XDqQLvpAe HTTP/1.1" 200 2
180.76.5.73 - - [03/Jan/2015:18:37:59 -0500] "GET /BLA/resoluciones/RESOLUCIONES%202010/2689.pdf HTTP/1.1" 200 383694
186.84.44.72 - - [03/Jan/2015:18:38:30 -0500] "POST /forms/lservlet;jsessionid=ac16012b30d5d11c6496e2c840dd94a48a0507ce41e7.e3iSbxaKaheRe34Sa3yKbhiTahb0n6jAmljGr5XDqQLvpAe HTTP/1.1" 200 2
181.152.202.178 - - [03/Jan/2015:18:38:43 -0500] "GET /isolucionsda/g/Bot_IndicadoresOver_ESP.jpg HTTP/1.1" 200 5413
181.152.202.178 - - [03/Jan/2015:18:38:43 -0500] "GET /isolucionsda/g/Bot_ProcesosOver_ESP.jpg HTTP/1.1" 200 4659
181.152.202.178 - - [03/Jan/2015:18:38:43 -0500] "GET /isolucionsda/g/Bot_ProcesosOver_ESP.jpg HTTP/1.1" 200 4659
181.152.202.178 - - [03/Jan/2015:18:38:44 -0500] "GET /isolucionsda/g/Bot_ManualOver_ESP.jpg HTTP/1.1" 200 4732
181.152.202.178 - - [03/Jan/2015:18:38:44 -0500] "GET /isolucionsda/g/Bot_SiguienteOver.jpg HTTP/1.1" 200 1668
181.152.202.178 - - [03/Jan/2015:18:38:44 -0500] "GET /isolucionsda/g/Bot_ProcesosOver_ESP.jpg HTTP/1.1" 200 4659
181.152.202.178 - - [03/Jan/2015:18:38:46 -0500] "GET /isolucionsda/g/Bot_AmbientalOver_ESP.jpg HTTP/1.1" 200 5391
181.152.202.178 - - [03/Jan/2015:18:38:46 -0500] "GET /isolucionsda/g/Bot_ClientesOver_ESP.jpg HTTP/1.1" 200 4323
181.152.202.178 - - [03/Jan/2015:18:38:47 -0500] "GET /isolucionsda/g/Bot_AyudaOver.jpg HTTP/1.1" 200 1659
181.152.202.178 - - [03/Jan/2015:18:38:47 -0500] "GET /isolucionsda/g/Bot_HomeOver.jpg HTTP/1.1" 200 1879
181.152.202.178 - - [03/Jan/2015:18:38:47 -0500] "GET /isolucionsda/g/Bot_SiguienteOver.jpg HTTP/1.1" 200 1668
181.152.202.178 - - [03/Jan/2015:18:38:48 -0500] "GET /isolucionsda/g/Bot_ManualOver_ESP.jpg HTTP/1.1" 200 4732
181.152.202.178 - - [03/Jan/2015:18:38:49 -0500] "GET /isolucionsda/NotaMejora.asp?CodSucursal=&ID_NotaMejora=329&Accion=ModificarForma HTTP/1.1" 200 61345
180.76.5.58 - - [03/Jan/2015:18:39:03 -0500] "GET /BLA/resoluciones/AUTOS%202011/2951.pdf HTTP/1.1" 200 494233
66.249.64.167 - - [03/Jan/2015:18:39:21 -0500] "GET /BLA/resoluciones/RESOLUCIONES%202011/3834.pdf HTTP/1.1" 200 1061937
190.99.180.46 - - [03/Jan/2015:18:39:24 -0500] "GET /BLA/boletinlegal/js/jquery.js HTTP/1.1" 200 57254
190.99.180.46 - - [03/Jan/2015:18:39:24 -0500] "GET /BLA/boletinlegal/js/jquery.scrollTo-min.js HTTP/1.1" 200 1150
190.99.180.46 - - [03/Jan/2015:18:39:24 -0500] "GET /BLA/boletinlegal/js/jquery.scrollShow.js HTTP/1.1" 200 4586
202.46.57.87 - - [03/Jan/2015:18:39:27 -0500] "GET /ince/norm.htm HTTP/1.1" 404 1019
190.53.97.30 - - [03/Jan/2015:18:39:32 -0500] "GET /BLA/boletinlegal/js/jquery.js HTTP/1.1" 200 57254
190.53.97.30 - - [03/Jan/2015:18:39:32 -0500] "GET /BLA/boletinlegal/js/jquery.scrollTo-min.js HTTP/1.1" 200 1150
190.53.97.30 - - [03/Jan/2015:18:39:32 -0500] "GET /BLA/boletinlegal/js/jquery.scrollShow.js HTTP/1.1" 200 4586
186.84.44.72 - - [03/Jan/2015:18:39:51 -0500] "POST /forms/lservlet;jsessionid=ac16012b30d5e75f4c5de1ab422eaa5ecd279de9a1c7.e3iSbxaKaheRe34Sa3yKbhiTahb0n6jAmljGr5XDqQLvpAe HTTP/1.1" 200 2
180.76.5.65 - - [03/Jan/2015:18:40:08 -0500] "GET /BLA/boletinlegal;jsessionid=ECD6D545D940D91B118333DB0EFA4F51?/? HTTP/1.1" 404 1018
186.84.44.72 - - [03/Jan/2015:18:40:30 -0500] "POST /forms/lservlet;jsessionid=ac16012b30d5d11c6496e2c840dd94a48a0507ce41e7.e3iSbxaKaheRe34Sa3yKbhiTahb0n6jAmljGr5XDqQLvpAe HTTP/1.1" 200 2
66.249.64.171 - - [03/Jan/2015:18:40:32 -0500] "GET /BLA/resoluciones/RESOLUCIONES%202007/RES%202007%204201%20AL%204300/RESOLUCION%204214%20DE%202007.pdf HTTP/1.1" 304 -
66.249.64.171 - - [03/Jan/2015:18:40:47 -0500] "GET /BLA/resoluciones/RESOLUCIONES%202007/RES%202007%202301%20AL%202400/RESOLUCION%202354%20DE%202007.pdf HTTP/1.1" 200 714088
66.249.64.171 - - [03/Jan/2015:18:41:01 -0500] "GET /BLA/resoluciones/RESOLUCIONES%202010/7189.pdf HTTP/1.1" 304 -
180.76.6.131 - - [03/Jan/2015:18:41:12 -0500] "GET /BLA/boletinlegal;jsessionid=6A1A8FE438FEF6FFEC5183058529CA18?/? HTTP/1.1" 404 1018
66.249.64.167 - - [03/Jan/2015:18:41:16 -0500] "GET /BLA/resoluciones/RESOLUCIONES%202010/4959.pdf HTTP/1.1" 200 241141
66.249.64.171 - - [03/Jan/2015:18:41:30 -0500] "GET /BLA/resoluciones/RESOLUCIONES%202007/RES%202007%202901%20AL%203000/RESOLUCION%202912%20DE%202007.pdf HTTP/1.1" 200 239860
181.152.202.178 - - [03/Jan/2015:18:41:39 -0500] "GET /isolucionsda/g/Bot_AyudaOver.jpg HTTP/1.1" 200 1659
181.152.202.178 - - [03/Jan/2015:18:41:39 -0500] "GET /isolucionsda/g/Bot_GlosarioOver.jpg HTTP/1.1" 200 1948
181.152.202.178 - - [03/Jan/2015:18:41:39 -0500] "GET /isolucionsda/g/Bot_AdministradorOver.jpg HTTP/1.1" 200 1630
181.152.202.178 - - [03/Jan/2015:18:41:39 -0500] "GET /isolucionsda/g/Bot_SiguienteOver.jpg HTTP/1.1" 200 1668
181.152.202.178 - - [03/Jan/2015:18:41:39 -0500] "GET /isolucionsda/g/Bot_SiguienteOver.jpg HTTP/1.1" 200 1668
74.86.158.107 - - [03/Jan/2015:18:41:40 -0500] "HEAD / HTTP/1.1" 302 -
181.152.202.178 - - [03/Jan/2015:18:41:40 -0500] "GET /isolucionsda/g/Bot_ManualOver_ESP.jpg HTTP/1.1" 200 4732
181.152.202.178 - - [03/Jan/2015:18:41:40 -0500] "GET /isolucionsda/g/Bot_ProcesosOver_ESP.jpg HTTP/1.1" 200 4659
66.249.64.167 - - [03/Jan/2015:18:41:45 -0500] "GET /BLA/resoluciones/RESOLUCIONES%202009/8482.pdf HTTP/1.1" 200 1110211
181.152.202.178 - - [03/Jan/2015:18:41:45 -0500] "GET /isolucionsda/NotaMejora.asp?CodSucursal=&ID_NotaMejora=328&Accion=ModificarForma HTTP/1.1" 200 66404
181.152.202.178 - - [03/Jan/2015:18:41:48 -0500] "GET /isolucionsda/g/AnexoIcono/xls.gif HTTP/1.1" 200 621
186.84.44.72 - - [03/Jan/2015:18:41:51 -0500] "POST /forms/lservlet;jsessionid=ac16012b30d5e75f4c5de1ab422eaa5ecd279de9a1c7.e3iSbxaKaheRe34Sa3yKbhiTahb0n6jAmljGr5XDqQLvpAe HTTP/1.1" 200 2
66.249.64.171 - - [03/Jan/2015:18:41:59 -0500] "GET /BLA/resoluciones/RESOLUCIONES%202007/RES%202007%202601%20AL%202700/RESOLUCION%202700%20DE%202007.pdf HTTP/1.1" 200 165710
66.249.64.171 - - [03/Jan/2015:18:42:21 -0500] "GET /BLA/resoluciones/AUTOS%202006/AUTOS%202006%20701-800/00000730.tif HTTP/1.1" 200 56066
181.131.59.226 - - [03/Jan/2015:18:42:22 -0500] "GET /galeria/carrusel/Carrusel/jquery.thumbnailScroller.css HTTP/1.1" 200 2066
181.131.59.226 - - [03/Jan/2015:18:42:22 -0500] "GET /BLA/boletinlegal/js/jquery.js HTTP/1.1" 200 57254
181.131.59.226 - - [03/Jan/2015:18:42:22 -0500] "GET /BLA/boletinlegal/js/jquery.scrollTo-min.js HTTP/1.1" 200 1150
181.131.59.226 - - [03/Jan/2015:18:42:22 -0500] "GET /BLA/boletinlegal/js/jquery.scrollShow.js HTTP/1.1" 200 4586
181.131.59.226 - - [03/Jan/2015:18:42:22 -0500] "GET /galeria/carrusel/Carrusel/jquery-ui-1.8.13.custom.min.js HTTP/1.1" 200 10800
181.131.59.226 - - [03/Jan/2015:18:42:22 -0500] "GET /galeria/carrusel/Carrusel/jquery.thumbnailScroller.js HTTP/1.1" 200 8157
66.249.64.163 - - [03/Jan/2015:18:42:28 -0500] "GET /BLA/resoluciones/RESOLUCIONES%202011/1442.pdf HTTP/1.1" 200 73915
186.84.44.72 - - [03/Jan/2015:18:42:30 -0500] "POST /forms/lservlet;jsessionid=ac16012b30d5d11c6496e2c840dd94a48a0507ce41e7.e3iSbxaKaheRe34Sa3yKbhiTahb0n6jAmljGr5XDqQLvpAe HTTP/1.1" 200 2
181.131.59.226 - - [03/Jan/2015:18:42:32 -0500] "GET /galeria/nivo-slider/demo/demo.html HTTP/1.1" 200 3150
181.131.59.226 - - [03/Jan/2015:18:42:32 -0500] "GET /galeria/nivo-slider/themes/default/default.css HTTP/1.1" 200 1569
181.131.59.226 - - [03/Jan/2015:18:42:32 -0500] "GET /galeria/nivo-slider/themes/pascal/pascal.css HTTP/1.1" 200 2258
181.131.59.226 - - [03/Jan/2015:18:42:33 -0500] "GET /galeria/nivo-slider/themes/orman/orman.css HTTP/1.1" 200 2152
181.131.59.226 - - [03/Jan/2015:18:42:33 -0500] "GET /galeria/nivo-slider/nivo-slider.css HTTP/1.1" 200 1507
181.131.59.226 - - [03/Jan/2015:18:42:33 -0500] "GET /galeria/nivo-slider/demo/style.css HTTP/1.1" 200 2222
181.131.59.226 - - [03/Jan/2015:18:42:33 -0500] "GET /galeria/nivo-slider/demo/scripts/jquery-1.7.1.min.js HTTP/1.1" 200 93868
181.131.59.226 - - [03/Jan/2015:18:42:33 -0500] "GET /galeria/nivo-slider/jquery.nivo.slider.pack.js HTTP/1.1" 200 11561
181.131.59.226 - - [03/Jan/2015:18:42:33 -0500] "GET /galeria/nivo-slider/demo/images/bolsas-08.jpg HTTP/1.1" 200 85589
181.131.59.226 - - [03/Jan/2015:18:42:33 -0500] "GET /galeria/nivo-slider/demo/images/Ruta-vertimientos-01.jpg HTTP/1.1" 200 130151
181.131.59.226 - - [03/Jan/2015:18:42:33 -0500] "GET /galeria/nivo-slider/demo/images/ecolecta-Dic2014.png HTTP/1.1" 200 288593
181.131.59.226 - - [03/Jan/2015:18:42:33 -0500] "GET /galeria/nivo-slider/demo/images/bolsas-06.jpg HTTP/1.1" 200 90982
181.131.59.226 - - [03/Jan/2015:18:42:33 -0500] "GET /galeria/nivo-slider/demo/images/4Simple_Slider.png HTTP/1.1" 200 11722
181.131.59.226 - - [03/Jan/2015:18:42:33 -0500] "GET /galeria/nivo-slider/themes/default/loading.gif HTTP/1.1" 200 1737
181.131.59.226 - - [03/Jan/2015:18:42:33 -0500] "GET /galeria/nivo-slider/demo/images/porloshumedales.jpg HTTP/1.1" 200 351238
181.131.59.226 - - [03/Jan/2015:18:42:33 -0500] "GET /galeria/nivo-slider/demo/images/Tingua-azul.jpg HTTP/1.1" 200 307638
181.131.59.226 - - [03/Jan/2015:18:42:34 -0500] "GET /galeria/nivo-slider/demo/images/Banner-Caracol-Africano.jpg HTTP/1.1" 200 331986
181.131.59.226 - - [03/Jan/2015:18:42:34 -0500] "GET /galeria/nivo-slider/demo/images/banner-redes.jpg HTTP/1.1" 200 62209
181.131.59.226 - - [03/Jan/2015:18:42:34 -0500] "GET /galeria/nivo-slider/demo/images/9Signos.jpg HTTP/1.1" 200 93040
181.131.59.226 - - [03/Jan/2015:18:42:35 -0500] "GET /galeria/nivo-slider/demo/images/banner-llantas2.jpg HTTP/1.1" 200 73153
181.131.59.226 - - [03/Jan/2015:18:42:35 -0500] "GET /galeria/nivo-slider/demo/images/banner-caballos.png HTTP/1.1" 200 389106
181.131.59.226 - - [03/Jan/2015:18:42:36 -0500] "GET /galeria/nivo-slider/themes/default/arrows.png HTTP/1.1" 200 824
181.131.59.226 - - [03/Jan/2015:18:42:36 -0500] "GET /galeria/nivo-slider/themes/default/bullets.png HTTP/1.1" 200 1281
190.68.181.124 - - [03/Jan/2015:18:36:53 -0500] "GET /ForestMSG_SDA/channelAsync/template_word_17226367?X-Atmosphere-tracking-id=e7c81892-1351-d87a-b267-f0bcc72d01ae&X-Atmosphere-Framework=1.0.5&X-Atmosphere-Transport=long-polling&tabid=0.5292671194420838&X-Cache-Date=0&Content-Type=application/xml&_=1420328383225 HTTP/1.1" 200 8193
66.249.64.163 - - [03/Jan/2015:18:42:58 -0500] "GET /BLA/resoluciones/RESOLUCIONES%202009/4930.pdf HTTP/1.1" 200 718839
186.85.68.72 - - [03/Jan/2015:18:43:07 -0500] "GET /BLA/boletinlegal/js/jquery.js HTTP/1.1" 200 57254
186.85.68.72 - - [03/Jan/2015:18:43:07 -0500] "GET /BLA/boletinlegal/js/jquery.scrollTo-min.js HTTP/1.1" 200 1150
186.85.68.72 - - [03/Jan/2015:18:43:07 -0500] "GET /BLA/boletinlegal/js/jquery.scrollShow.js HTTP/1.1" 200 4586
186.30.90.191 - - [03/Jan/2015:18:43:12 -0500] "GET /BLA/boletinlegal/js/jquery.js HTTP/1.1" 200 57254
186.30.90.191 - - [03/Jan/2015:18:43:13 -0500] "GET /BLA/boletinlegal/js/jquery.scrollTo-min.js HTTP/1.1" 200 1150
186.30.90.191 - - [03/Jan/2015:18:43:13 -0500] "GET /BLA/boletinlegal/js/jquery.scrollShow.js HTTP/1.1" 200 4586
190.26.30.191 - - [03/Jan/2015:18:43:21 -0500] "GET /BLA/boletinlegal/js/jquery.scrollShow.js HTTP/1.1" 200 4586
190.26.30.191 - - [03/Jan/2015:18:43:21 -0500] "GET /BLA/boletinlegal/js/jquery.scrollTo-min.js HTTP/1.1" 200 1150
190.26.30.191 - - [03/Jan/2015:18:43:21 -0500] "GET /BLA/boletinlegal/js/jquery.js HTTP/1.1" 200 57254
66.249.64.171 - - [03/Jan/2015:18:43:27 -0500] "GET /BLA/resoluciones/RESOLUCIONES%202008/1380.pdf HTTP/1.1" 200 208398
181.152.202.178 - - [03/Jan/2015:18:43:34 -0500] "GET /isolucionsda/g/Bot_RiesgosOver_ESP.jpg HTTP/1.1" 200 4907
181.152.202.178 - - [03/Jan/2015:18:43:34 -0500] "GET /isolucionsda/g/Bot_AmbientalOver_ESP.jpg HTTP/1.1" 200 5391
181.152.202.178 - - [03/Jan/2015:18:43:34 -0500] "GET /isolucionsda/g/Bot_TareasOver_ESP.jpg HTTP/1.1" 200 4379
181.152.202.178 - - [03/Jan/2015:18:43:35 -0500] "GET /isolucionsda/g/Bot_ProveedoresOver_ESP.jpg HTTP/1.1" 200 5395
181.152.202.178 - - [03/Jan/2015:18:43:35 -0500] "GET /isolucionsda/g/Bot_IndicadoresOver_ESP.jpg HTTP/1.1" 200 5413
181.152.202.178 - - [03/Jan/2015:18:43:35 -0500] "GET /isolucionsda/g/Bot_AyudaOver.jpg HTTP/1.1" 200 1659
181.152.202.178 - - [03/Jan/2015:18:43:36 -0500] "GET /isolucionsda/g/Bot_AdministradorOver.jpg HTTP/1.1" 200 1630
181.152.202.178 - - [03/Jan/2015:18:43:36 -0500] "GET /isolucionsda/g/Bot_GlosarioOver.jpg HTTP/1.1" 200 1948
181.152.202.178 - - [03/Jan/2015:18:43:36 -0500] "GET /isolucionsda/g/Bot_ManualOver_ESP.jpg HTTP/1.1" 200 4732
181.152.202.178 - - [03/Jan/2015:18:43:37 -0500] "GET /isolucionsda/g/Bot_SiguienteOver.jpg HTTP/1.1" 200 1668
181.152.202.178 - - [03/Jan/2015:18:43:38 -0500] "GET /isolucionsda/g/Bot_HomeOver.jpg HTTP/1.1" 200 1879
66.249.64.167 - - [03/Jan/2015:18:43:41 -0500] "GET /BLA/resoluciones/RESOLUCIONES%202009/7058.pdf HTTP/1.1" 200 376472
181.152.202.178 - - [03/Jan/2015:18:43:41 -0500] "POST /isolucionsda/FiltroNotaMejora.asp?buscar=&paginaactual=3 HTTP/1.1" 200 44522
186.84.44.72 - - [03/Jan/2015:18:43:51 -0500] "POST /forms/lservlet;jsessionid=ac16012b30d5e75f4c5de1ab422eaa5ecd279de9a1c7.e3iSbxaKaheRe34Sa3yKbhiTahb0n6jAmljGr5XDqQLvpAe HTTP/1.1" 200 2
66.249.64.171 - - [03/Jan/2015:18:43:56 -0500] "GET /BLA/resoluciones/RESOLUCIONES%202008/3842.pdf HTTP/1.1" 200 578536
181.152.202.178 - - [03/Jan/2015:18:44:00 -0500] "GET /isolucionsda/NotaMejora.asp?CodSucursal=&ID_NotaMejora=327&Accion=ModificarForma HTTP/1.1" 200 52396
181.152.202.178 - - [03/Jan/2015:18:44:10 -0500] "GET /isolucionsda/NotaMejora.asp?CodSucursal=&ID_NotaMejora=326&Accion=ModificarForma HTTP/1.1" 200 58240
66.249.64.171 - - [03/Jan/2015:18:44:25 -0500] "GET /BLA/resoluciones/RESOLUCIONES%202008/2835.pdf HTTP/1.1" 200 258717
181.139.148.32 - - [03/Jan/2015:18:44:25 -0500] "GET /BLA/boletinlegal/js/jquery.js HTTP/1.1" 200 57254
181.139.148.32 - - [03/Jan/2015:18:44:25 -0500] "GET /BLA/boletinlegal/js/jquery.scrollTo-min.js HTTP/1.1" 200 1150
181.139.148.32 - - [03/Jan/2015:18:44:25 -0500] "GET /BLA/boletinlegal/js/jquery.scrollShow.js HTTP/1.1" 200 4586
186.84.44.72 - - [03/Jan/2015:18:44:30 -0500] "POST /forms/lservlet;jsessionid=ac16012b30d5d11c6496e2c840dd94a48a0507ce41e7.e3iSbxaKaheRe34Sa3yKbhiTahb0n6jAmljGr5XDqQLvpAe HTTP/1.1" 200 2
66.249.64.167 - - [03/Jan/2015:18:44:54 -0500] "GET /BLA/resoluciones/AUTOS%202007/0652.pdf HTTP/1.1" 200 70373
186.84.44.72 - - [03/Jan/2015:18:45:01 -0500] "POST /forms/lservlet;jsessionid=ac16012b30d5e75f4c5de1ab422eaa5ecd279de9a1c7.e3iSbxaKaheRe34Sa3yKbhiTahb0n6jAmljGr5XDqQLvpAe HTTP/1.1" 200 21
186.84.44.72 - - [03/Jan/2015:18:45:01 -0500] "POST /forms/lservlet;jsessionid=ac16012b30d5e75f4c5de1ab422eaa5ecd279de9a1c7.e3iSbxaKaheRe34Sa3yKbhiTahb0n6jAmljGr5XDqQLvpAe HTTP/1.1" 200 4474
186.84.44.72 - - [03/Jan/2015:18:45:02 -0500] "POST /forms/lservlet;jsessionid=ac16012b30d5e75f4c5de1ab422eaa5ecd279de9a1c7.e3iSbxaKaheRe34Sa3yKbhiTahb0n6jAmljGr5XDqQLvpAe HTTP/1.1" 200 2
186.84.44.72 - - [03/Jan/2015:18:45:07 -0500] "POST /forms/lservlet;jsessionid=ac16012b30d5e75f4c5de1ab422eaa5ecd279de9a1c7.e3iSbxaKaheRe34Sa3yKbhiTahb0n6jAmljGr5XDqQLvpAe HTTP/1.1" 200 2330
186.84.44.72 - - [03/Jan/2015:18:45:11 -0500] "POST /forms/lservlet;jsessionid=ac16012b30d5e75f4c5de1ab422eaa5ecd279de9a1c7.e3iSbxaKaheRe34Sa3yKbhiTahb0n6jAmljGr5XDqQLvpAe HTTP/1.1" 200 21
186.84.44.72 - - [03/Jan/2015:18:45:11 -0500] "POST /forms/lservlet;jsessionid=ac16012b30d5e75f4c5de1ab422eaa5ecd279de9a1c7.e3iSbxaKaheRe34Sa3yKbhiTahb0n6jAmljGr5XDqQLvpAe HTTP/1.1" 200 3572
186.84.44.72 - - [03/Jan/2015:18:45:12 -0500] "POST /forms/lservlet;jsessionid=ac16012b30d5e75f4c5de1ab422eaa5ecd279de9a1c7.e3iSbxaKaheRe34Sa3yKbhiTahb0n6jAmljGr5XDqQLvpAe HTTP/1.1" 200 2
186.84.44.72 - - [03/Jan/2015:18:45:14 -0500] "POST /forms/lservlet;jsessionid=ac16012b30d5e75f4c5de1ab422eaa5ecd279de9a1c7.e3iSbxaKaheRe34Sa3yKbhiTahb0n6jAmljGr5XDqQLvpAe HTTP/1.1" 200 10
186.84.44.72 - - [03/Jan/2015:18:45:15 -0500] "POST /forms/lservlet;jsessionid=ac16012b30d5e75f4c5de1ab422eaa5ecd279de9a1c7.e3iSbxaKaheRe34Sa3yKbhiTahb0n6jAmljGr5XDqQLvpAe HTTP/1.1" 200 219
186.84.44.72 - - [03/Jan/2015:18:45:17 -0500] "POST /forms/lservlet;jsessionid=ac16012b30d5e75f4c5de1ab422eaa5ecd279de9a1c7.e3iSbxaKaheRe34Sa3yKbhiTahb0n6jAmljGr5XDqQLvpAe HTTP/1.1" 200 2
186.84.44.72 - - [03/Jan/2015:18:45:17 -0500] "POST /forms/lservlet;jsessionid=ac16012b30d5e75f4c5de1ab422eaa5ecd279de9a1c7.e3iSbxaKaheRe34Sa3yKbhiTahb0n6jAmljGr5XDqQLvpAe HTTP/1.1" 200 175
186.84.44.72 - - [03/Jan/2015:18:45:17 -0500] "POST /forms/lservlet;jsessionid=ac16012b30d5e75f4c5de1ab422eaa5ecd279de9a1c7.e3iSbxaKaheRe34Sa3yKbhiTahb0n6jAmljGr5XDqQLvpAe HTTP/1.1" 200 2
186.84.44.72 - - [03/Jan/2015:18:45:18 -0500] "POST /forms/lservlet;jsessionid=ac16012b30d5e75f4c5de1ab422eaa5ecd279de9a1c7.e3iSbxaKaheRe34Sa3yKbhiTahb0n6jAmljGr5XDqQLvpAe HTTP/1.1" 200 236
186.84.44.72 - - [03/Jan/2015:18:45:19 -0500] "POST /forms/lservlet;jsessionid=ac16012b30d5e75f4c5de1ab422eaa5ecd279de9a1c7.e3iSbxaKaheRe34Sa3yKbhiTahb0n6jAmljGr5XDqQLvpAe HTTP/1.1" 200 2
186.84.44.72 - - [03/Jan/2015:18:45:19 -0500] "POST /forms/lservlet;jsessionid=ac16012b30d5e75f4c5de1ab422eaa5ecd279de9a1c7.e3iSbxaKaheRe34Sa3yKbhiTahb0n6jAmljGr5XDqQLvpAe HTTP/1.1" 200 104
186.84.44.72 - - [03/Jan/2015:18:45:19 -0500] "POST /forms/lservlet;jsessionid=ac16012b30d5e75f4c5de1ab422eaa5ecd279de9a1c7.e3iSbxaKaheRe34Sa3yKbhiTahb0n6jAmljGr5XDqQLvpAe HTTP/1.1" 200 2
186.84.44.72 - - [03/Jan/2015:18:45:20 -0500] "POST /forms/lservlet;jsessionid=ac16012b30d5e75f4c5de1ab422eaa5ecd279de9a1c7.e3iSbxaKaheRe34Sa3yKbhiTahb0n6jAmljGr5XDqQLvpAe HTTP/1.1" 200 108
186.84.44.72 - - [03/Jan/2015:18:45:21 -0500] "POST /forms/lservlet;jsessionid=ac16012b30d5e75f4c5de1ab422eaa5ecd279de9a1c7.e3iSbxaKaheRe34Sa3yKbhiTahb0n6jAmljGr5XDqQLvpAe HTTP/1.1" 200 51
66.249.64.171 - - [03/Jan/2015:18:45:23 -0500] "GET /BLA/resoluciones/RESOLUCIONES%202009/3429.pdf HTTP/1.1" 200 463423
186.84.44.72 - - [03/Jan/2015:18:45:24 -0500] "POST /forms/lservlet;jsessionid=ac16012b30d5e75f4c5de1ab422eaa5ecd279de9a1c7.e3iSbxaKaheRe34Sa3yKbhiTahb0n6jAmljGr5XDqQLvpAe HTTP/1.1" 200 132
186.84.44.72 - - [03/Jan/2015:18:45:25 -0500] "POST /forms/lservlet;jsessionid=ac16012b30d5e75f4c5de1ab422eaa5ecd279de9a1c7.e3iSbxaKaheRe34Sa3yKbhiTahb0n6jAmljGr5XDqQLvpAe HTTP/1.1" 200 7
186.84.44.72 - - [03/Jan/2015:18:45:26 -0500] "POST /forms/lservlet;jsessionid=ac16012b30d5e75f4c5de1ab422eaa5ecd279de9a1c7.e3iSbxaKaheRe34Sa3yKbhiTahb0n6jAmljGr5XDqQLvpAe HTTP/1.1" 200 14377
186.84.44.72 - - [03/Jan/2015:18:45:26 -0500] "POST /forms/lservlet;jsessionid=ac16012b30d5e75f4c5de1ab422eaa5ecd279de9a1c7.e3iSbxaKaheRe34Sa3yKbhiTahb0n6jAmljGr5XDqQLvpAe HTTP/1.1" 200 2
186.84.44.72 - - [03/Jan/2015:18:45:26 -0500] "POST /forms/lservlet;jsessionid=ac16012b30d5e75f4c5de1ab422eaa5ecd279de9a1c7.e3iSbxaKaheRe34Sa3yKbhiTahb0n6jAmljGr5XDqQLvpAe HTTP/1.1" 200 34
186.84.44.72 - - [03/Jan/2015:18:45:27 -0500] "POST /forms/lservlet;jsessionid=ac16012b30d5e75f4c5de1ab422eaa5ecd279de9a1c7.e3iSbxaKaheRe34Sa3yKbhiTahb0n6jAmljGr5XDqQLvpAe HTTP/1.1" 200 2
186.84.44.72 - - [03/Jan/2015:18:45:28 -0500] "POST /forms/lservlet;jsessionid=ac16012b30d5e75f4c5de1ab422eaa5ecd279de9a1c7.e3iSbxaKaheRe34Sa3yKbhiTahb0n6jAmljGr5XDqQLvpAe HTTP/1.1" 200 195
186.84.44.72 - - [03/Jan/2015:18:45:30 -0500] "POST /forms/lservlet;jsessionid=ac16012b30d5e75f4c5de1ab422eaa5ecd279de9a1c7.e3iSbxaKaheRe34Sa3yKbhiTahb0n6jAmljGr5XDqQLvpAe HTTP/1.1" 200 330
186.84.44.72 - - [03/Jan/2015:18:45:31 -0500] "POST /forms/lservlet;jsessionid=ac16012b30d5e75f4c5de1ab422eaa5ecd279de9a1c7.e3iSbxaKaheRe34Sa3yKbhiTahb0n6jAmljGr5XDqQLvpAe HTTP/1.1" 200 2
186.84.44.72 - - [03/Jan/2015:18:45:32 -0500] "POST /forms/lservlet;jsessionid=ac16012b30d5e75f4c5de1ab422eaa5ecd279de9a1c7.e3iSbxaKaheRe34Sa3yKbhiTahb0n6jAmljGr5XDqQLvpAe HTTP/1.1" 200 168
186.84.44.72 - - [03/Jan/2015:18:45:32 -0500] "POST /forms/lservlet;jsessionid=ac16012b30d5e75f4c5de1ab422eaa5ecd279de9a1c7.e3iSbxaKaheRe34Sa3yKbhiTahb0n6jAmljGr5XDqQLvpAe HTTP/1.1" 200 330
186.84.44.72 - - [03/Jan/2015:18:45:33 -0500] "POST /forms/lservlet;jsessionid=ac16012b30d5e75f4c5de1ab422eaa5ecd279de9a1c7.e3iSbxaKaheRe34Sa3yKbhiTahb0n6jAmljGr5XDqQLvpAe HTTP/1.1" 200 168
186.84.44.72 - - [03/Jan/2015:18:45:33 -0500] "POST /forms/lservlet;jsessionid=ac16012b30d5e75f4c5de1ab422eaa5ecd279de9a1c7.e3iSbxaKaheRe34Sa3yKbhiTahb0n6jAmljGr5XDqQLvpAe HTTP/1.1" 200 330
186.84.44.72 - - [03/Jan/2015:18:45:35 -0500] "POST /forms/lservlet;jsessionid=ac16012b30d5e75f4c5de1ab422eaa5ecd279de9a1c7.e3iSbxaKaheRe34Sa3yKbhiTahb0n6jAmljGr5XDqQLvpAe HTTP/1.1" 200 168
186.84.44.72 - - [03/Jan/2015:18:45:35 -0500] "POST /forms/lservlet;jsessionid=ac16012b30d5e75f4c5de1ab422eaa5ecd279de9a1c7.e3iSbxaKaheRe34Sa3yKbhiTahb0n6jAmljGr5XDqQLvpAe HTTP/1.1" 200 330
186.84.44.72 - - [03/Jan/2015:18:45:36 -0500] "POST /forms/lservlet;jsessionid=ac16012b30d5e75f4c5de1ab422eaa5ecd279de9a1c7.e3iSbxaKaheRe34Sa3yKbhiTahb0n6jAmljGr5XDqQLvpAe HTTP/1.1" 200 164
181.152.202.178 - - [03/Jan/2015:18:45:50 -0500] "GET /isolucionsda/g/Bot_IndicadoresOver_ESP.jpg HTTP/1.1" 200 5413
181.152.202.178 - - [03/Jan/2015:18:45:51 -0500] "GET /isolucionsda/g/Bot_HomeOver.jpg HTTP/1.1" 200 1879
181.152.202.178 - - [03/Jan/2015:18:45:51 -0500] "GET /isolucionsda/g/Bot_AdministradorOver.jpg HTTP/1.1" 200 1630
181.152.202.178 - - [03/Jan/2015:18:45:51 -0500] "GET /isolucionsda/g/Bot_SiguienteOver.jpg HTTP/1.1" 200 1668
181.152.202.178 - - [03/Jan/2015:18:45:51 -0500] "GET /isolucionsda/g/Bot_ManualOver_ESP.jpg HTTP/1.1" 200 4732
186.84.44.72 - - [03/Jan/2015:18:45:52 -0500] "POST /forms/lservlet;jsessionid=ac16012b30d5e75f4c5de1ab422eaa5ecd279de9a1c7.e3iSbxaKaheRe34Sa3yKbhiTahb0n6jAmljGr5XDqQLvpAe HTTP/1.1" 200 2
66.249.64.171 - - [03/Jan/2015:18:45:52 -0500] "GET /BLA/resoluciones/RESOLUCIONES%202010/3909.pdf HTTP/1.1" 200 1096362
186.84.44.72 - - [03/Jan/2015:18:45:55 -0500] "POST /forms/lservlet;jsessionid=ac16012b30d5e75f4c5de1ab422eaa5ecd279de9a1c7.e3iSbxaKaheRe34Sa3yKbhiTahb0n6jAmljGr5XDqQLvpAe HTTP/1.1" 200 2
186.84.44.72 - - [03/Jan/2015:18:45:56 -0500] "POST /forms/lservlet;jsessionid=ac16012b30d5e75f4c5de1ab422eaa5ecd279de9a1c7.e3iSbxaKaheRe34Sa3yKbhiTahb0n6jAmljGr5XDqQLvpAe HTTP/1.1" 200 77
186.84.44.72 - - [03/Jan/2015:18:45:56 -0500] "POST /forms/lservlet;jsessionid=ac16012b30d5e75f4c5de1ab422eaa5ecd279de9a1c7.e3iSbxaKaheRe34Sa3yKbhiTahb0n6jAmljGr5XDqQLvpAe HTTP/1.1" 200 2
186.84.44.72 - - [03/Jan/2015:18:45:57 -0500] "POST /forms/lservlet;jsessionid=ac16012b30d5e75f4c5de1ab422eaa5ecd279de9a1c7.e3iSbxaKaheRe34Sa3yKbhiTahb0n6jAmljGr5XDqQLvpAe HTTP/1.1" 200 7860
186.84.44.72 - - [03/Jan/2015:18:45:57 -0500] "POST /forms/lservlet;jsessionid=ac16012b30d5e75f4c5de1ab422eaa5ecd279de9a1c7.e3iSbxaKaheRe34Sa3yKbhiTahb0n6jAmljGr5XDqQLvpAe HTTP/1.1" 200 2
181.152.202.178 - - [03/Jan/2015:18:45:57 -0500] "GET /isolucionsda/NotaMejora.asp?CodSucursal=&ID_NotaMejora=325&Accion=ModificarForma HTTP/1.1" 200 73899
186.84.44.72 - - [03/Jan/2015:18:45:58 -0500] "POST /forms/lservlet;jsessionid=ac16012b30d5e75f4c5de1ab422eaa5ecd279de9a1c7.e3iSbxaKaheRe34Sa3yKbhiTahb0n6jAmljGr5XDqQLvpAe HTTP/1.1" 200 2
186.84.44.72 - - [03/Jan/2015:18:45:58 -0500] "POST /forms/lservlet;jsessionid=ac16012b30d5e75f4c5de1ab422eaa5ecd279de9a1c7.e3iSbxaKaheRe34Sa3yKbhiTahb0n6jAmljGr5XDqQLvpAe HTTP/1.1" 200 14
186.84.44.72 - - [03/Jan/2015:18:46:00 -0500] "POST /forms/lservlet;jsessionid=ac16012b30d5e75f4c5de1ab422eaa5ecd279de9a1c7.e3iSbxaKaheRe34Sa3yKbhiTahb0n6jAmljGr5XDqQLvpAe HTTP/1.1" 200 14
186.84.44.72 - - [03/Jan/2015:18:46:01 -0500] "POST /forms/lservlet;jsessionid=ac16012b30d5e75f4c5de1ab422eaa5ecd279de9a1c7.e3iSbxaKaheRe34Sa3yKbhiTahb0n6jAmljGr5XDqQLvpAe HTTP/1.1" 200 60
186.84.44.72 - - [03/Jan/2015:18:46:01 -0500] "POST /forms/lservlet;jsessionid=ac16012b30d5e75f4c5de1ab422eaa5ecd279de9a1c7.e3iSbxaKaheRe34Sa3yKbhiTahb0n6jAmljGr5XDqQLvpAe HTTP/1.1" 200 2
186.84.44.72 - - [03/Jan/2015:18:46:07 -0500] "POST /forms/lservlet;jsessionid=ac16012b30d5e75f4c5de1ab422eaa5ecd279de9a1c7.e3iSbxaKaheRe34Sa3yKbhiTahb0n6jAmljGr5XDqQLvpAe HTTP/1.1" 200 94
186.84.44.72 - - [03/Jan/2015:18:46:12 -0500] "POST /forms/lservlet;jsessionid=ac16012b30d5e75f4c5de1ab422eaa5ecd279de9a1c7.e3iSbxaKaheRe34Sa3yKbhiTahb0n6jAmljGr5XDqQLvpAe HTTP/1.1" 200 153
186.84.44.72 - - [03/Jan/2015:18:46:14 -0500] "POST /forms/lservlet;jsessionid=ac16012b30d5e75f4c5de1ab422eaa5ecd279de9a1c7.e3iSbxaKaheRe34Sa3yKbhiTahb0n6jAmljGr5XDqQLvpAe HTTP/1.1" 200 2447
186.84.44.72 - - [03/Jan/2015:18:46:19 -0500] "POST /forms/lservlet;jsessionid=ac16012b30d5e75f4c5de1ab422eaa5ecd279de9a1c7.e3iSbxaKaheRe34Sa3yKbhiTahb0n6jAmljGr5XDqQLvpAe HTTP/1.1" 200 21
186.84.44.72 - - [03/Jan/2015:18:46:19 -0500] "POST /forms/lservlet;jsessionid=ac16012b30d5e75f4c5de1ab422eaa5ecd279de9a1c7.e3iSbxaKaheRe34Sa3yKbhiTahb0n6jAmljGr5XDqQLvpAe HTTP/1.1" 200 5590
186.84.44.72 - - [03/Jan/2015:18:46:19 -0500] "POST /forms/lservlet;jsessionid=ac16012b30d5e75f4c5de1ab422eaa5ecd279de9a1c7.e3iSbxaKaheRe34Sa3yKbhiTahb0n6jAmljGr5XDqQLvpAe HTTP/1.1" 200 2
66.249.64.171 - - [03/Jan/2015:18:46:21 -0500] "GET /BLA/resoluciones/RESOLUCIONES%202008/0962.pdf HTTP/1.1" 200 374614
186.84.44.72 - - [03/Jan/2015:18:46:22 -0500] "POST /forms/lservlet;jsessionid=ac16012b30d5e75f4c5de1ab422eaa5ecd279de9a1c7.e3iSbxaKaheRe34Sa3yKbhiTahb0n6jAmljGr5XDqQLvpAe HTTP/1.1" 200 137
186.84.44.72 - - [03/Jan/2015:18:46:30 -0500] "POST /forms/lservlet;jsessionid=ac16012b30d5d11c6496e2c840dd94a48a0507ce41e7.e3iSbxaKaheRe34Sa3yKbhiTahb0n6jAmljGr5XDqQLvpAe HTTP/1.1" 200 2
74.86.158.107 - - [03/Jan/2015:18:46:40 -0500] "HEAD / HTTP/1.1" 302 -
66.249.64.167 - - [03/Jan/2015:18:46:50 -0500] "GET /BLA/resoluciones/RESOLUCIONES%202009/9520.pdf HTTP/1.1" 304 -
186.84.44.72 - - [03/Jan/2015:18:47:04 -0500] "POST /forms/lservlet;jsessionid=ac16012b30d5e75f4c5de1ab422eaa5ecd279de9a1c7.e3iSbxaKaheRe34Sa3yKbhiTahb0n6jAmljGr5XDqQLvpAe HTTP/1.1" 200 50
66.249.64.163 - - [03/Jan/2015:18:47:19 -0500] "GET /BLA/resoluciones/AUTOS%202009/3429.pdf HTTP/1.1" 200 98475
66.249.64.167 - - [03/Jan/2015:18:47:48 -0500] "GET /BLA/resoluciones/RESOLUCIONES%202009/6544.pdf HTTP/1.1" 200 435565
186.84.44.72 - - [03/Jan/2015:18:47:52 -0500] "POST /forms/lservlet;jsessionid=ac16012b30d5e75f4c5de1ab422eaa5ecd279de9a1c7.e3iSbxaKaheRe34Sa3yKbhiTahb0n6jAmljGr5XDqQLvpAe HTTP/1.1" 200 2
186.84.44.72 - - [03/Jan/2015:18:48:05 -0500] "POST /forms/lservlet;jsessionid=ac16012b30d5e75f4c5de1ab422eaa5ecd279de9a1c7.e3iSbxaKaheRe34Sa3yKbhiTahb0n6jAmljGr5XDqQLvpAe HTTP/1.1" 200 2
186.84.44.72 - - [03/Jan/2015:18:48:05 -0500] "POST /forms/lservlet;jsessionid=ac16012b30d5e75f4c5de1ab422eaa5ecd279de9a1c7.e3iSbxaKaheRe34Sa3yKbhiTahb0n6jAmljGr5XDqQLvpAe HTTP/1.1" 200 52
186.84.44.72 - - [03/Jan/2015:18:48:06 -0500] "POST /forms/lservlet;jsessionid=ac16012b30d5e75f4c5de1ab422eaa5ecd279de9a1c7.e3iSbxaKaheRe34Sa3yKbhiTahb0n6jAmljGr5XDqQLvpAe HTTP/1.1" 200 2
186.84.44.72 - - [03/Jan/2015:18:48:06 -0500] "POST /forms/lservlet;jsessionid=ac16012b30d5e75f4c5de1ab422eaa5ecd279de9a1c7.e3iSbxaKaheRe34Sa3yKbhiTahb0n6jAmljGr5XDqQLvpAe HTTP/1.1" 200 2024
186.84.44.72 - - [03/Jan/2015:18:48:07 -0500] "POST /forms/lservlet;jsessionid=ac16012b30d5e75f4c5de1ab422eaa5ecd279de9a1c7.e3iSbxaKaheRe34Sa3yKbhiTahb0n6jAmljGr5XDqQLvpAe HTTP/1.1" 200 78
66.249.64.167 - - [03/Jan/2015:18:48:17 -0500] "GET /BLA/resoluciones/RESOLUCIONES%202008/3810.pdf HTTP/1.1" 200 384234
181.152.202.178 - - [03/Jan/2015:18:48:25 -0500] "GET /isolucionsda/g/Bot_CalibracionOver_ESP.jpg HTTP/1.1" 200 5739
181.152.202.178 - - [03/Jan/2015:18:48:25 -0500] "GET /isolucionsda/g/Bot_ProveedoresOver_ESP.jpg HTTP/1.1" 200 5395
181.152.202.178 - - [03/Jan/2015:18:48:25 -0500] "GET /isolucionsda/g/Bot_TareasOver_ESP.jpg HTTP/1.1" 200 4379
181.152.202.178 - - [03/Jan/2015:18:48:26 -0500] "GET /isolucionsda/g/Bot_GlosarioOver.jpg HTTP/1.1" 200 1948
181.152.202.178 - - [03/Jan/2015:18:48:26 -0500] "GET /isolucionsda/g/Bot_AyudaOver.jpg HTTP/1.1" 200 1659
181.152.202.178 - - [03/Jan/2015:18:48:26 -0500] "GET /isolucionsda/g/Bot_AdministradorOver.jpg HTTP/1.1" 200 1630
186.155.113.115 - - [03/Jan/2015:18:48:26 -0500] "GET /galeria/carrusel/Carrusel/jquery.thumbnailScroller.css HTTP/1.1" 200 2066
186.155.113.115 - - [03/Jan/2015:18:48:26 -0500] "GET /galeria/carrusel/Carrusel/jquery-ui-1.8.13.custom.min.js HTTP/1.1" 200 10800
181.152.202.178 - - [03/Jan/2015:18:48:26 -0500] "GET /isolucionsda/g/Bot_HomeOver.jpg HTTP/1.1" 200 1879
186.155.113.115 - - [03/Jan/2015:18:48:26 -0500] "GET /galeria/carrusel/Carrusel/jquery.thumbnailScroller.js HTTP/1.1" 200 8157
181.152.202.178 - - [03/Jan/2015:18:48:28 -0500] "GET /isolucionsda/g/Bot_ManualOver_ESP.jpg HTTP/1.1" 200 4732
186.155.113.115 - - [03/Jan/2015:18:48:28 -0500] "GET /galeria/nivo-slider/demo/demo.html HTTP/1.1" 200 3150
186.155.113.115 - - [03/Jan/2015:18:48:29 -0500] "GET /galeria/nivo-slider/themes/default/default.css HTTP/1.1" 200 1569
186.155.113.115 - - [03/Jan/2015:18:48:29 -0500] "GET /galeria/nivo-slider/themes/pascal/pascal.css HTTP/1.1" 200 2258
186.155.113.115 - - [03/Jan/2015:18:48:29 -0500] "GET /galeria/nivo-slider/themes/orman/orman.css HTTP/1.1" 200 2152
186.155.113.115 - - [03/Jan/2015:18:48:29 -0500] "GET /galeria/nivo-slider/nivo-slider.css HTTP/1.1" 200 1507
186.155.113.115 - - [03/Jan/2015:18:48:29 -0500] "GET /galeria/nivo-slider/demo/images/bolsas-08.jpg HTTP/1.1" 200 85589
186.155.113.115 - - [03/Jan/2015:18:48:29 -0500] "GET /galeria/nivo-slider/demo/style.css HTTP/1.1" 200 2222
186.155.113.115 - - [03/Jan/2015:18:48:29 -0500] "GET /galeria/nivo-slider/demo/images/ecolecta-Dic2014.png HTTP/1.1" 200 288593
186.155.113.115 - - [03/Jan/2015:18:48:29 -0500] "GET /galeria/nivo-slider/demo/images/Ruta-vertimientos-01.jpg HTTP/1.1" 200 130151
186.155.113.115 - - [03/Jan/2015:18:48:29 -0500] "GET /galeria/nivo-slider/demo/images/bolsas-06.jpg HTTP/1.1" 200 90982
186.155.113.115 - - [03/Jan/2015:18:48:29 -0500] "GET /galeria/nivo-slider/demo/images/porloshumedales.jpg HTTP/1.1" 200 351238
186.155.113.115 - - [03/Jan/2015:18:48:29 -0500] "GET /galeria/nivo-slider/demo/images/Tingua-azul.jpg HTTP/1.1" 200 307638
