180.76.5.168 - - [03/Jan/2015:09:36:34 -0500] "GET / HTTP/1.1" 302 -
74.86.158.107 - - [03/Jan/2015:09:36:41 -0500] "GET / HTTP/1.1" 302 -
66.249.64.171 - - [03/Jan/2015:09:37:10 -0500] "GET /BLA/resoluciones/RESOLUCIONES%202002/RES%202002%201751-1800/20021786.tif HTTP/1.1" 304 -
180.76.5.19 - - [03/Jan/2015:09:37:20 -0500] "GET /BLA/resoluciones/RESOLUCIONES%202011/0556.pdf HTTP/1.1" 200 89085
180.76.6.159 - - [03/Jan/2015:09:38:04 -0500] "GET /BLA/resoluciones/RESOLUCIONES%202009/1383.pdf HTTP/1.1" 200 863195
66.249.64.163 - - [03/Jan/2015:09:38:11 -0500] "GET /BLA/resoluciones/RESOLUCIONES%202006/RES%202006%202301-2350/00002344.tif HTTP/1.1" 304 -
100.43.85.25 - - [03/Jan/2015:09:38:53 -0500] "GET /StormSDA/stormWeb/?C=N;O=A HTTP/1.1" 200 1191
66.249.64.163 - - [03/Jan/2015:09:39:13 -0500] "GET /BLA/resoluciones/RESOLUCIONES%202005/RES%202005%201301-1350/00001329.tif HTTP/1.1" 304 -
179.32.242.15 - - [03/Jan/2015:09:39:15 -0500] "GET /autoliquidacion/Solicitudes%20relacionadas%20con%20ocupaci%C3%B3n%20de%20cauce/LISTA%20DE%20CHEQUEO%20PERMISO-OCUPACI%C3%93N-CAUCE.pdf HTTP/1.1" 200 29259
179.32.242.15 - - [03/Jan/2015:09:39:19 -0500] "GET /favicon.ico HTTP/1.1" 200 7782
66.249.64.167 - - [03/Jan/2015:09:40:05 -0500] "GET /BLA/resoluciones/RESOLUCIONES%202004/RES%202004%201451-1500/00001491.tif HTTP/1.1" 200 87518
66.249.64.167 - - [03/Jan/2015:09:40:14 -0500] "GET /BLA/resoluciones/RESOLUCIONES%202005/RES%202005%201301-1350/00001311.tif HTTP/1.1" 304 -
66.249.64.171 - - [03/Jan/2015:09:41:15 -0500] "GET /BLA/resoluciones/RESOLUCIONES%202005/RES%202005%201301-1350/00001324.tif HTTP/1.1" 304 -
74.86.158.107 - - [03/Jan/2015:09:41:41 -0500] "GET / HTTP/1.1" 302 -
66.249.64.171 - - [03/Jan/2015:09:42:17 -0500] "GET /BLA/resoluciones/RESOLUCIONES%202005/RES%202005%201301-1350/00001332.tif HTTP/1.1" 304 -
66.249.64.171 - - [03/Jan/2015:09:42:18 -0500] "GET /BLA/resoluciones/RESOLUCIONES%202003/RES%202003%201901-1950/00001927.tif HTTP/1.1" 200 78642
180.76.5.57 - - [03/Jan/2015:09:42:55 -0500] "GET /BLA/resoluciones/AUTOS%202011/7454.pdf HTTP/1.1" 200 140006
191.88.0.102 - - [03/Jan/2015:09:42:56 -0500] "GET /BLA/resoluciones/RESOLUCIONES%202008/5690.pdf HTTP/1.1" 200 155423
66.249.64.163 - - [03/Jan/2015:09:43:18 -0500] "GET /BLA/resoluciones/RESOLUCIONES%202005/RES%202005%201301-1350/00001350.tif HTTP/1.1" 304 -
66.249.64.163 - - [03/Jan/2015:09:43:21 -0500] "GET /BLA/resoluciones/RESOLUCIONES%202010/1966.pdf HTTP/1.1" 200 487387
157.55.39.66 - - [03/Jan/2015:09:44:00 -0500] "GET /dama/libreria/php/2006/restauracion/33_publi/protoc/protocolo%20marco%20conceptual.pdf HTTP/1.1" 404 1019
66.249.64.171 - - [03/Jan/2015:09:44:20 -0500] "GET /BLA/resoluciones/RESOLUCIONES%202005/RES%202005%201301-1350/00001328.tif HTTP/1.1" 304 -
66.249.64.163 - - [03/Jan/2015:09:45:21 -0500] "GET /BLA/resoluciones/RESOLUCIONES%202006/RES%202006%20151-200/00000188.tif HTTP/1.1" 304 -
186.113.136.73 - - [03/Jan/2015:09:45:58 -0500] "GET /BLA/resoluciones/RESOLUCIONES%202009/9801.pdf HTTP/1.1" 200 639785
186.113.136.73 - - [03/Jan/2015:09:45:58 -0500] "GET /BLA/resoluciones/RESOLUCIONES%202009/9801.pdf HTTP/1.1" 200 639785
66.249.64.163 - - [03/Jan/2015:09:46:23 -0500] "GET /BLA/resoluciones/RESOLUCIONES%202002/RES%202002%201751-1800/20021754.tif HTTP/1.1" 304 -
190.27.190.249 - - [03/Jan/2015:09:46:25 -0500] "GET /BLA/resoluciones/RESOLUCIONES%202007/RES%202007%202501%20AL%202600/RESOLUCION%202520%20DE%202007.pdf HTTP/1.1" 200 541519
190.27.190.249 - - [03/Jan/2015:09:46:26 -0500] "GET /BLA/resoluciones/RESOLUCIONES%202007/RES%202007%202501%20AL%202600/RESOLUCION%202520%20DE%202007.pdf HTTP/1.1" 206 32768
190.27.190.249 - - [03/Jan/2015:09:46:26 -0500] "GET /BLA/resoluciones/RESOLUCIONES%202007/RES%202007%202501%20AL%202600/RESOLUCION%202520%20DE%202007.pdf HTTP/1.1" 206 508751
190.27.190.249 - - [03/Jan/2015:09:46:27 -0500] "GET /favicon.ico HTTP/1.1" 200 7782
180.76.6.37 - - [03/Jan/2015:09:46:40 -0500] "GET /BLA/boletinlegal;jsessionid=6A563A138A41325D9E3391C1DCE5C7C7?/? HTTP/1.1" 404 1018
74.86.158.107 - - [03/Jan/2015:09:46:41 -0500] "GET / HTTP/1.1" 302 -
66.249.64.167 - - [03/Jan/2015:09:47:24 -0500] "GET /BLA/resoluciones/RESOLUCIONES%202005/RES%202005%201301-1350/00001341.tif HTTP/1.1" 304 -
186.84.44.72 - - [03/Jan/2015:09:47:31 -0500] "GET /forms/frmservlet?config=sia HTTP/1.1" 200 4028
186.84.44.72 - - [03/Jan/2015:09:47:33 -0500] "GET /forms/java/frmall_jinit.jar HTTP/1.1" 304 -
186.84.44.72 - - [03/Jan/2015:09:47:34 -0500] "GET /forms/java/icons.jar HTTP/1.1" 304 -
186.84.44.72 - - [03/Jan/2015:09:47:34 -0500] "GET /forms/java/java/awt/KeyboardFocusManager.class HTTP/1.1" 404 352
186.84.44.72 - - [03/Jan/2015:09:47:34 -0500] "GET /forms/java/java/awt/KeyboardFocusManager.class HTTP/1.1" 404 352
186.84.44.72 - - [03/Jan/2015:09:47:34 -0500] "GET /forms/java/java/awt/event/MouseWheelListener.class HTTP/1.1" 404 356
186.84.44.72 - - [03/Jan/2015:09:47:34 -0500] "GET /forms/java/java/awt/event/MouseWheelListener.class HTTP/1.1" 404 356
186.84.44.72 - - [03/Jan/2015:09:47:35 -0500] "GET /forms/java/oracle/forms/registry/Registry.dat HTTP/1.1" 200 4213
186.84.44.72 - - [03/Jan/2015:09:47:35 -0500] "GET /forms/java/oracle/forms/registry/default.dat HTTP/1.1" 404 350
186.84.44.72 - - [03/Jan/2015:09:47:35 -0500] "GET /forms/frmservlet?config=sia&acceptLanguage=es-CO&ifcmd=startsession HTTP/1.1" 200 119
186.84.44.72 - - [03/Jan/2015:09:47:35 -0500] "GET /forms/lservlet;jsessionid=ac16012b30d5ee49e583cadc4b64a045ac54f967b115.e3iSbxaKaheRe34Sa3yKbhiTahb0n6jAmljGr5XDqQLvpAe?ifcmd=getinfo&ifhost=y78&ifip=192.168.0.5 HTTP/1.1" 200 8
186.84.44.72 - - [03/Jan/2015:09:47:35 -0500] "POST /forms/lservlet;jsessionid=ac16012b30d5ee49e583cadc4b64a045ac54f967b115.e3iSbxaKaheRe34Sa3yKbhiTahb0n6jAmljGr5XDqQLvpAe HTTP/1.1" 200 8
186.84.44.72 - - [03/Jan/2015:09:47:36 -0500] "GET /forms/java/oracle/forms/engine/RunformBundle_es_CO.class HTTP/1.1" 404 362
186.84.44.72 - - [03/Jan/2015:09:47:36 -0500] "GET /forms/java/oracle/forms/engine/RunformBundle_es_CO.class HTTP/1.1" 404 362
186.84.44.72 - - [03/Jan/2015:09:47:36 -0500] "GET /forms/java/oracle/forms/engine/RunformBundle_es_CO.properties HTTP/1.1" 404 367
186.84.44.72 - - [03/Jan/2015:09:47:36 -0500] "POST /forms/lservlet;jsessionid=ac16012b30d5ee49e583cadc4b64a045ac54f967b115.e3iSbxaKaheRe34Sa3yKbhiTahb0n6jAmljGr5XDqQLvpAe HTTP/1.1" 200 64000
186.84.44.72 - - [03/Jan/2015:09:47:37 -0500] "POST /forms/lservlet;jsessionid=ac16012b30d5ee49e583cadc4b64a045ac54f967b115.e3iSbxaKaheRe34Sa3yKbhiTahb0n6jAmljGr5XDqQLvpAe HTTP/1.1" 200 64000
186.84.44.72 - - [03/Jan/2015:09:47:37 -0500] "POST /forms/lservlet;jsessionid=ac16012b30d5ee49e583cadc4b64a045ac54f967b115.e3iSbxaKaheRe34Sa3yKbhiTahb0n6jAmljGr5XDqQLvpAe HTTP/1.1" 200 63623
186.84.44.72 - - [03/Jan/2015:09:47:37 -0500] "HEAD /imagenes/dama_logo.gif HTTP/1.1" 200 -
186.84.44.72 - - [03/Jan/2015:09:47:37 -0500] "GET /imagenes/dama_logo.gif HTTP/1.1" 200 21482
186.84.44.72 - - [03/Jan/2015:09:47:38 -0500] "POST /forms/lservlet;jsessionid=ac16012b30d5ee49e583cadc4b64a045ac54f967b115.e3iSbxaKaheRe34Sa3yKbhiTahb0n6jAmljGr5XDqQLvpAe HTTP/1.1" 200 2
186.84.44.72 - - [03/Jan/2015:09:47:38 -0500] "POST /forms/lservlet;jsessionid=ac16012b30d5ee49e583cadc4b64a045ac54f967b115.e3iSbxaKaheRe34Sa3yKbhiTahb0n6jAmljGr5XDqQLvpAe HTTP/1.1" 200 2
66.249.64.163 - - [03/Jan/2015:09:48:26 -0500] "GET /BLA/resoluciones/RESOLUCIONES%202005/RES%202005%201301-1350/00001344.tif HTTP/1.1" 304 -
186.84.44.72 - - [03/Jan/2015:09:48:53 -0500] "POST /forms/lservlet;jsessionid=ac16012b30d5ee49e583cadc4b64a045ac54f967b115.e3iSbxaKaheRe34Sa3yKbhiTahb0n6jAmljGr5XDqQLvpAe HTTP/1.1" 200 7994
186.84.44.72 - - [03/Jan/2015:09:48:53 -0500] "POST /forms/lservlet;jsessionid=ac16012b30d5ee49e583cadc4b64a045ac54f967b115.e3iSbxaKaheRe34Sa3yKbhiTahb0n6jAmljGr5XDqQLvpAe HTTP/1.1" 200 64
186.84.44.72 - - [03/Jan/2015:09:48:53 -0500] "POST /forms/lservlet;jsessionid=ac16012b30d5ee49e583cadc4b64a045ac54f967b115.e3iSbxaKaheRe34Sa3yKbhiTahb0n6jAmljGr5XDqQLvpAe HTTP/1.1" 200 2
186.84.44.72 - - [03/Jan/2015:09:48:53 -0500] "POST /forms/lservlet;jsessionid=ac16012b30d5ee49e583cadc4b64a045ac54f967b115.e3iSbxaKaheRe34Sa3yKbhiTahb0n6jAmljGr5XDqQLvpAe HTTP/1.1" 200 2
186.84.44.72 - - [03/Jan/2015:09:48:53 -0500] "POST /forms/lservlet;jsessionid=ac16012b30d5ee49e583cadc4b64a045ac54f967b115.e3iSbxaKaheRe34Sa3yKbhiTahb0n6jAmljGr5XDqQLvpAe HTTP/1.1" 200 2
186.84.44.72 - - [03/Jan/2015:09:48:57 -0500] "POST /forms/lservlet;jsessionid=ac16012b30d5ee49e583cadc4b64a045ac54f967b115.e3iSbxaKaheRe34Sa3yKbhiTahb0n6jAmljGr5XDqQLvpAe HTTP/1.1" 200 34711
186.84.44.72 - - [03/Jan/2015:09:48:58 -0500] "GET /imagenes/listval.gif HTTP/1.1" 200 905
186.84.44.72 - - [03/Jan/2015:09:48:58 -0500] "GET /imagenes/tree1.gif HTTP/1.1" 200 1161
186.84.44.72 - - [03/Jan/2015:09:48:58 -0500] "GET /imagenes/listval.gif HTTP/1.1" 200 905
186.84.44.72 - - [03/Jan/2015:09:48:58 -0500] "GET /imagenes/CAMERA3.gif HTTP/1.1" 200 4150
186.84.44.72 - - [03/Jan/2015:09:48:58 -0500] "GET /imagenes/SLIDE1.gif HTTP/1.1" 200 1111
186.84.44.72 - - [03/Jan/2015:09:48:58 -0500] "GET /imagenes/flexcomb.gif HTTP/1.1" 200 1169
186.84.44.72 - - [03/Jan/2015:09:48:58 -0500] "GET /imagenes/GO.gif HTTP/1.1" 200 904
186.84.44.72 - - [03/Jan/2015:09:48:58 -0500] "GET /imagenes/HRTOOLS.gif HTTP/1.1" 200 2238
186.84.44.72 - - [03/Jan/2015:09:48:58 -0500] "GET /imagenes/rt_rec1.gif HTTP/1.1" 200 867
186.84.44.72 - - [03/Jan/2015:09:48:58 -0500] "GET /imagenes/apply.gif HTTP/1.1" 200 903
186.84.44.72 - - [03/Jan/2015:09:48:58 -0500] "GET /imagenes/exit.gif HTTP/1.1" 200 916
186.84.44.72 - - [03/Jan/2015:09:48:58 -0500] "GET /imagenes/LISTVAL.gif HTTP/1.1" 200 905
186.84.44.72 - - [03/Jan/2015:09:48:58 -0500] "GET /imagenes/edit.gif HTTP/1.1" 200 919
186.84.44.72 - - [03/Jan/2015:09:48:58 -0500] "GET /imagenes/rt_rec4.gif HTTP/1.1" 200 865
186.84.44.72 - - [03/Jan/2015:09:48:58 -0500] "GET /imagenes/rt_rec3.gif HTTP/1.1" 200 844
186.84.44.72 - - [03/Jan/2015:09:48:58 -0500] "GET /imagenes/rt_rec2.gif HTTP/1.1" 200 847
186.84.44.72 - - [03/Jan/2015:09:48:59 -0500] "GET /imagenes/rt_rdel.gif HTTP/1.1" 200 899
186.84.44.72 - - [03/Jan/2015:09:48:59 -0500] "GET /imagenes/rt_radd.gif HTTP/1.1" 200 907
186.84.44.72 - - [03/Jan/2015:09:48:59 -0500] "GET /imagenes/rt_quer3.gif HTTP/1.1" 200 939
186.84.44.72 - - [03/Jan/2015:09:48:59 -0500] "GET /imagenes/rt_quer2.gif HTTP/1.1" 200 936
186.84.44.72 - - [03/Jan/2015:09:48:59 -0500] "GET /imagenes/rt_quer1.gif HTTP/1.1" 200 930
186.84.44.72 - - [03/Jan/2015:09:48:59 -0500] "GET /imagenes/rt_save.gif HTTP/1.1" 200 903
186.84.44.72 - - [03/Jan/2015:09:48:59 -0500] "GET /imagenes/rt_pset.gif HTTP/1.1" 200 914
186.84.44.72 - - [03/Jan/2015:09:48:59 -0500] "GET /imagenes/QUEJA.gif HTTP/1.1" 200 1091
186.84.44.72 - - [03/Jan/2015:09:48:59 -0500] "GET /imagenes/ARBOL.gif HTTP/1.1" 200 1026
186.84.44.72 - - [03/Jan/2015:09:48:59 -0500] "GET /imagenes/Clipboard.gif HTTP/1.1" 200 1466
186.84.44.72 - - [03/Jan/2015:09:48:59 -0500] "GET /imagenes/DINERO.gif HTTP/1.1" 200 1766
186.84.44.72 - - [03/Jan/2015:09:48:59 -0500] "GET /imagenes/URGENTE.gif HTTP/1.1" 200 964
186.84.44.72 - - [03/Jan/2015:09:48:59 -0500] "GET /imagenes/TREE4.gif HTTP/1.1" 200 4150
186.84.44.72 - - [03/Jan/2015:09:48:59 -0500] "POST /forms/lservlet;jsessionid=ac16012b30d5ee49e583cadc4b64a045ac54f967b115.e3iSbxaKaheRe34Sa3yKbhiTahb0n6jAmljGr5XDqQLvpAe HTTP/1.1" 200 7
186.84.44.72 - - [03/Jan/2015:09:48:59 -0500] "POST /forms/lservlet;jsessionid=ac16012b30d5ee49e583cadc4b64a045ac54f967b115.e3iSbxaKaheRe34Sa3yKbhiTahb0n6jAmljGr5XDqQLvpAe HTTP/1.1" 200 34
186.84.44.72 - - [03/Jan/2015:09:48:59 -0500] "POST /forms/lservlet;jsessionid=ac16012b30d5ee49e583cadc4b64a045ac54f967b115.e3iSbxaKaheRe34Sa3yKbhiTahb0n6jAmljGr5XDqQLvpAe HTTP/1.1" 200 2
186.84.44.72 - - [03/Jan/2015:09:48:59 -0500] "POST /forms/lservlet;jsessionid=ac16012b30d5ee49e583cadc4b64a045ac54f967b115.e3iSbxaKaheRe34Sa3yKbhiTahb0n6jAmljGr5XDqQLvpAe HTTP/1.1" 200 647
186.84.44.72 - - [03/Jan/2015:09:49:14 -0500] "POST /forms/lservlet;jsessionid=ac16012b30d5ee49e583cadc4b64a045ac54f967b115.e3iSbxaKaheRe34Sa3yKbhiTahb0n6jAmljGr5XDqQLvpAe HTTP/1.1" 200 24
186.84.44.72 - - [03/Jan/2015:09:49:14 -0500] "POST /forms/lservlet;jsessionid=ac16012b30d5ee49e583cadc4b64a045ac54f967b115.e3iSbxaKaheRe34Sa3yKbhiTahb0n6jAmljGr5XDqQLvpAe HTTP/1.1" 200 14
186.84.44.72 - - [03/Jan/2015:09:49:15 -0500] "POST /forms/lservlet;jsessionid=ac16012b30d5ee49e583cadc4b64a045ac54f967b115.e3iSbxaKaheRe34Sa3yKbhiTahb0n6jAmljGr5XDqQLvpAe HTTP/1.1" 200 14
186.84.44.72 - - [03/Jan/2015:09:49:16 -0500] "POST /forms/lservlet;jsessionid=ac16012b30d5ee49e583cadc4b64a045ac54f967b115.e3iSbxaKaheRe34Sa3yKbhiTahb0n6jAmljGr5XDqQLvpAe HTTP/1.1" 200 14
186.84.44.72 - - [03/Jan/2015:09:49:18 -0500] "POST /forms/lservlet;jsessionid=ac16012b30d5ee49e583cadc4b64a045ac54f967b115.e3iSbxaKaheRe34Sa3yKbhiTahb0n6jAmljGr5XDqQLvpAe HTTP/1.1" 200 4326
186.84.44.72 - - [03/Jan/2015:09:49:18 -0500] "POST /forms/lservlet;jsessionid=ac16012b30d5ee49e583cadc4b64a045ac54f967b115.e3iSbxaKaheRe34Sa3yKbhiTahb0n6jAmljGr5XDqQLvpAe HTTP/1.1" 200 2
186.84.44.72 - - [03/Jan/2015:09:49:24 -0500] "POST /forms/lservlet;jsessionid=ac16012b30d5ee49e583cadc4b64a045ac54f967b115.e3iSbxaKaheRe34Sa3yKbhiTahb0n6jAmljGr5XDqQLvpAe HTTP/1.1" 200 136
186.84.44.72 - - [03/Jan/2015:09:49:24 -0500] "POST /forms/lservlet;jsessionid=ac16012b30d5ee49e583cadc4b64a045ac54f967b115.e3iSbxaKaheRe34Sa3yKbhiTahb0n6jAmljGr5XDqQLvpAe HTTP/1.1" 200 7
180.76.4.137 - - [03/Jan/2015:09:49:27 -0500] "GET / HTTP/1.1" 302 -
66.249.64.167 - - [03/Jan/2015:09:49:27 -0500] "GET /BLA/resoluciones/RESOLUCIONES%202005/RES%202005%201301-1350/00001335.tif HTTP/1.1" 304 -
186.84.44.72 - - [03/Jan/2015:09:49:36 -0500] "POST /forms/lservlet;jsessionid=ac16012b30d5ee49e583cadc4b64a045ac54f967b115.e3iSbxaKaheRe34Sa3yKbhiTahb0n6jAmljGr5XDqQLvpAe HTTP/1.1" 200 2
186.84.44.72 - - [03/Jan/2015:09:50:00 -0500] "POST /forms/lservlet;jsessionid=ac16012b30d5ee49e583cadc4b64a045ac54f967b115.e3iSbxaKaheRe34Sa3yKbhiTahb0n6jAmljGr5XDqQLvpAe HTTP/1.1" 200 90
186.84.44.72 - - [03/Jan/2015:09:50:01 -0500] "POST /forms/lservlet;jsessionid=ac16012b30d5ee49e583cadc4b64a045ac54f967b115.e3iSbxaKaheRe34Sa3yKbhiTahb0n6jAmljGr5XDqQLvpAe HTTP/1.1" 200 2
186.84.44.72 - - [03/Jan/2015:09:50:02 -0500] "POST /forms/lservlet;jsessionid=ac16012b30d5ee49e583cadc4b64a045ac54f967b115.e3iSbxaKaheRe34Sa3yKbhiTahb0n6jAmljGr5XDqQLvpAe HTTP/1.1" 200 2030
186.84.44.72 - - [03/Jan/2015:09:50:02 -0500] "POST /forms/lservlet;jsessionid=ac16012b30d5ee49e583cadc4b64a045ac54f967b115.e3iSbxaKaheRe34Sa3yKbhiTahb0n6jAmljGr5XDqQLvpAe HTTP/1.1" 200 78
186.84.44.72 - - [03/Jan/2015:09:50:04 -0500] "POST /forms/lservlet;jsessionid=ac16012b30d5ee49e583cadc4b64a045ac54f967b115.e3iSbxaKaheRe34Sa3yKbhiTahb0n6jAmljGr5XDqQLvpAe HTTP/1.1" 200 86
186.84.44.72 - - [03/Jan/2015:09:50:04 -0500] "POST /forms/lservlet;jsessionid=ac16012b30d5ee49e583cadc4b64a045ac54f967b115.e3iSbxaKaheRe34Sa3yKbhiTahb0n6jAmljGr5XDqQLvpAe HTTP/1.1" 200 -
66.249.64.47 - - [03/Jan/2015:09:50:29 -0500] "GET /BLA/boletinlegal/index.php HTTP/1.1" 200 49382
66.249.64.167 - - [03/Jan/2015:09:51:08 -0500] "GET /BLA/resoluciones/RESOLUCIONES%202005/RES%202005%201301-1350/00001301.tif HTTP/1.1" 304 -
190.96.177.242 - - [03/Jan/2015:09:51:28 -0500] "GET /BLA/resoluciones/RESOLUCIONES%202007/RES%202007%201101%20AL%201200/RESOLUCION%201103%20DE%202007.pdf HTTP/1.1" 200 230020
190.96.177.242 - - [03/Jan/2015:09:51:29 -0500] "GET /favicon.ico HTTP/1.1" 200 7782
66.249.64.171 - - [03/Jan/2015:09:51:30 -0500] "GET /BLA/resoluciones/RESOLUCIONES%202005/RES%202005%201301-1350/00001308.tif HTTP/1.1" 304 -
74.86.158.107 - - [03/Jan/2015:09:51:41 -0500] "GET / HTTP/1.1" 302 -
66.249.64.163 - - [03/Jan/2015:09:52:19 -0500] "GET /BLA/resoluciones/RESOLUCIONES%202003/RES%202003%201901-1950/00001913.tif HTTP/1.1" 200 106408
66.249.64.167 - - [03/Jan/2015:09:52:32 -0500] "GET /BLA/resoluciones/RESOLUCIONES%202006/RES%202006%20151-200/00000190.tif HTTP/1.1" 304 -
186.43.144.48 - - [03/Jan/2015:09:52:55 -0500] "GET /BLA/resoluciones/AUTOS%202009/2762.pdf HTTP/1.1" 200 125585
186.43.144.48 - - [03/Jan/2015:09:52:55 -0500] "GET /BLA/resoluciones/AUTOS%202009/2762.pdf HTTP/1.1" 206 32768
186.43.144.48 - - [03/Jan/2015:09:52:56 -0500] "GET /BLA/resoluciones/AUTOS%202009/2762.pdf HTTP/1.1" 206 92817
186.43.144.48 - - [03/Jan/2015:09:52:57 -0500] "GET /favicon.ico HTTP/1.1" 200 7782
66.249.64.163 - - [03/Jan/2015:09:53:33 -0500] "GET /BLA/resoluciones/RESOLUCIONES%202005/RES%202005%201301-1350/00001318.tif HTTP/1.1" 304 -
66.249.64.171 - - [03/Jan/2015:09:54:15 -0500] "GET /BLA/resoluciones/RESOLUCIONES%202007/RES%202007%202301%20AL%202400/RESOLUCION%202362%20DE%202007.pdf HTTP/1.1" 200 85311
180.76.6.28 - - [03/Jan/2015:09:54:24 -0500] "GET /BLA/resoluciones/AUTOS%202011/1314.pdf HTTP/1.1" 200 57941
66.249.64.167 - - [03/Jan/2015:09:54:35 -0500] "GET /BLA/resoluciones/RESOLUCIONES%202005/RES%202005%201301-1350/00001334.tif HTTP/1.1" 304 -
190.25.232.143 - - [03/Jan/2015:09:54:57 -0500] "GET /galeria/nivo-slider/demo/images/banner-conejera1.jpg HTTP/1.1" 304 -
180.76.6.53 - - [03/Jan/2015:09:55:09 -0500] "GET /BLA/boletinlegal;jsessionid=BBC15E102A4B145F4F6F78B8BBA8D606?/? HTTP/1.1" 404 1018
66.249.64.163 - - [03/Jan/2015:09:55:36 -0500] "GET /BLA/resoluciones/RESOLUCIONES%202002/RES%202002%20201-250/2002RES242.tif HTTP/1.1" 304 -
66.249.64.163 - - [03/Jan/2015:09:55:40 -0500] "GET /BLA/resoluciones/RESOLUCIONES%202009/0016.pdf HTTP/1.1" 200 223651
191.156.234.145 - - [03/Jan/2015:09:55:47 -0500] "POST /isolucionsda/IdentificaUsuario.asp?Pagina1=FrameSetGeneral.asp& HTTP/1.1" 200 1250
180.76.5.78 - - [03/Jan/2015:09:55:54 -0500] "GET /BLA/resoluciones/AUTOS%202011/4963.pdf HTTP/1.1" 200 310711
66.249.64.167 - - [03/Jan/2015:09:56:16 -0500] "GET /BLA/resoluciones/RESOLUCIONES%202008/3026.pdf HTTP/1.1" 200 408850
66.249.64.171 - - [03/Jan/2015:09:56:38 -0500] "GET /BLA/resoluciones/RESOLUCIONES%202005/RES%202005%201301-1350/00001343.tif HTTP/1.1" 304 -
74.86.158.107 - - [03/Jan/2015:09:56:41 -0500] "GET / HTTP/1.1" 302 -
191.156.234.145 - - [03/Jan/2015:09:56:41 -0500] "GET /isolucionsda/ HTTP/1.1" 200 739
191.156.234.145 - - [03/Jan/2015:09:56:46 -0500] "GET /isolucionsda/IdentificaUsuario.asp?Pagina1=FrameSetGeneral.asp& HTTP/1.1" 200 4997
66.249.64.171 - - [03/Jan/2015:09:56:52 -0500] "GET /BLA/resoluciones/RESOLUCIONES%202007/RES%202007%204201%20AL%204300/RESOLUCION%204272%20DE%202007.pdf HTTP/1.1" 200 162335
191.156.234.145 - - [03/Jan/2015:09:57:02 -0500] "POST /isolucionsda/IdentificaUsuario.asp?Pagina1=FrameSetGeneral.asp& HTTP/1.1" 302 173
87.92.194.194 - - [03/Jan/2015:09:57:11 -0500] "GET /webdav/x32.php?act=phptools&host=85.157.18.252&port=80&time=320 HTTP/1.1" 404 1018
87.92.194.194 - - [03/Jan/2015:09:57:14 -0500] "GET /webdav/x32.php?act=phptools&host=85.157.18.252&port=80&time=320 HTTP/1.1" 404 1018
191.156.234.145 - - [03/Jan/2015:09:57:18 -0500] "GET /isolucionsda/FrameSetGeneral.asp?Pagina1=FrameSetGeneral.asp& HTTP/1.1" 200 6485
66.249.64.163 - - [03/Jan/2015:09:57:28 -0500] "GET /BLA/resoluciones/RESOLUCIONES%202007/RES%202007%201%20AL%20100/RESOLUCION%200088%20DE%202007.pdf HTTP/1.1" 200 349816
191.156.234.145 - - [03/Jan/2015:09:57:31 -0500] "GET /isolucionsda/BarraTitulos.asp?Pagina1=FrameSetGeneral.asp&&Pagina=MagazinHome.asp HTTP/1.1" 200 6844
191.156.234.145 - - [03/Jan/2015:09:57:32 -0500] "GET /isolucionsda/BarraFavoritos.asp HTTP/1.1" 200 911
191.156.234.145 - - [03/Jan/2015:09:57:31 -0500] "GET /isolucionsda/MagazinHome.asp HTTP/1.1" 200 27971
191.156.234.145 - - [03/Jan/2015:09:57:34 -0500] "GET /isolucionsda/Encabezado.asp?Pagina1=FrameSetGeneral.asp&&Pagina=MagazinHome.asp HTTP/1.1" 200 15182
191.156.234.145 - - [03/Jan/2015:09:57:38 -0500] "GET /isolucionsda/g/Bgr_Destacado3399CC.jpg HTTP/1.1" 404 5217
191.156.234.145 - - [03/Jan/2015:09:57:39 -0500] "GET /isolucionsda/Session.asp?Continue=1 HTTP/1.1" 200 6196
66.249.64.167 - - [03/Jan/2015:09:57:39 -0500] "GET /BLA/resoluciones/RESOLUCIONES%202005/RES%202005%201301-1350/00001339.tif HTTP/1.1" 304 -
191.156.234.145 - - [03/Jan/2015:09:57:41 -0500] "GET /isolucionsda/TareasSFRedirect.asp HTTP/1.1" 302 195
191.156.234.145 - - [03/Jan/2015:09:57:44 -0500] "GET /isolucionsda/g/Bot_MeciOver_ESP.jpg HTTP/1.1" 200 4440
191.156.234.145 - - [03/Jan/2015:09:57:44 -0500] "GET /isolucionsda/g/Bot_RiesgosOver_ESP.jpg HTTP/1.1" 200 4907
191.156.234.145 - - [03/Jan/2015:09:57:45 -0500] "GET /isolucionsda/g/Bot_CalibracionOver_ESP.jpg HTTP/1.1" 200 5739
191.156.234.145 - - [03/Jan/2015:09:57:45 -0500] "GET /isolucionsda/Login.aspx?TARGET=SFContainerFiltrado.aspx&number=67485157505150674548 HTTP/1.1" 302 886
191.156.234.145 - - [03/Jan/2015:09:57:53 -0500] "GET /isolucionsda/SFContainerFiltrado.aspx?Number=67485157505150674548 HTTP/1.1" 200 14314
191.156.234.145 - - [03/Jan/2015:09:57:55 -0500] "GET /isolucionsda/FrameSetGeneral.asp?Pagina=Menu.asp&IdModulo=7 HTTP/1.1" 200 6455
191.156.234.145 - - [03/Jan/2015:09:57:59 -0500] "GET /isolucionsda/Encabezado.asp?Pagina=Menu.asp&IdModulo=7 HTTP/1.1" 200 15183
191.156.234.145 - - [03/Jan/2015:09:58:02 -0500] "GET /isolucionsda/BarraTitulos.asp?Pagina=Menu.asp&IdModulo=7 HTTP/1.1" 200 6865
191.156.234.145 - - [03/Jan/2015:09:58:02 -0500] "GET /isolucionsda/BarraFavoritos.asp HTTP/1.1" 200 911
66.249.64.163 - - [03/Jan/2015:09:58:04 -0500] "GET /BLA/resoluciones/RESOLUCIONES%202008/1824.pdf HTTP/1.1" 200 207865
191.156.234.145 - - [03/Jan/2015:09:58:02 -0500] "GET /isolucionsda/Menu.asp?Pagina=Menu.asp&IdModulo=7 HTTP/1.1" 200 30437
181.55.137.230 - - [03/Jan/2015:09:58:07 -0500] "GET /BLA/boletinlegal/js/jquery.js HTTP/1.1" 200 57254
181.55.137.230 - - [03/Jan/2015:09:58:07 -0500] "GET /BLA/boletinlegal/js/jquery.scrollTo-min.js HTTP/1.1" 200 1150
181.55.137.230 - - [03/Jan/2015:09:58:07 -0500] "GET /BLA/boletinlegal/js/jquery.scrollShow.js HTTP/1.1" 200 4586
186.84.44.72 - - [03/Jan/2015:09:58:09 -0500] "GET /forms/frmservlet?config=sia HTTP/1.1" 200 4028
186.84.44.72 - - [03/Jan/2015:09:58:09 -0500] "GET /forms/java/oracle/forms/registry/Registry.dat HTTP/1.1" 200 4213
186.84.44.72 - - [03/Jan/2015:09:58:09 -0500] "GET /forms/java/oracle/forms/registry/default.dat HTTP/1.1" 404 350
186.84.44.72 - - [03/Jan/2015:09:58:09 -0500] "GET /forms/frmservlet?config=sia&acceptLanguage=es-CO&ifcmd=startsession HTTP/1.1" 200 119
186.84.44.72 - - [03/Jan/2015:09:58:09 -0500] "GET /forms/lservlet;jsessionid=ac16012b30d5d11c6496e2c840dd94a48a0507ce41e7.e3iSbxaKaheRe34Sa3yKbhiTahb0n6jAmljGr5XDqQLvpAe?ifcmd=getinfo&ifhost=y78&ifip=192.168.0.5 HTTP/1.1" 200 8
186.84.44.72 - - [03/Jan/2015:09:58:09 -0500] "POST /forms/lservlet;jsessionid=ac16012b30d5d11c6496e2c840dd94a48a0507ce41e7.e3iSbxaKaheRe34Sa3yKbhiTahb0n6jAmljGr5XDqQLvpAe HTTP/1.1" 200 8
186.84.44.72 - - [03/Jan/2015:09:58:10 -0500] "POST /forms/lservlet;jsessionid=ac16012b30d5d11c6496e2c840dd94a48a0507ce41e7.e3iSbxaKaheRe34Sa3yKbhiTahb0n6jAmljGr5XDqQLvpAe HTTP/1.1" 200 64000
186.84.44.72 - - [03/Jan/2015:09:58:11 -0500] "HEAD /imagenes/dama_logo.gif HTTP/1.1" 200 -
186.84.44.72 - - [03/Jan/2015:09:58:11 -0500] "POST /forms/lservlet;jsessionid=ac16012b30d5d11c6496e2c840dd94a48a0507ce41e7.e3iSbxaKaheRe34Sa3yKbhiTahb0n6jAmljGr5XDqQLvpAe HTTP/1.1" 200 64000
186.84.44.72 - - [03/Jan/2015:09:58:11 -0500] "POST /forms/lservlet;jsessionid=ac16012b30d5d11c6496e2c840dd94a48a0507ce41e7.e3iSbxaKaheRe34Sa3yKbhiTahb0n6jAmljGr5XDqQLvpAe HTTP/1.1" 200 63623
186.84.44.72 - - [03/Jan/2015:09:58:12 -0500] "POST /forms/lservlet;jsessionid=ac16012b30d5d11c6496e2c840dd94a48a0507ce41e7.e3iSbxaKaheRe34Sa3yKbhiTahb0n6jAmljGr5XDqQLvpAe HTTP/1.1" 200 2
191.156.234.145 - - [03/Jan/2015:09:58:19 -0500] "GET /isolucionsda/Session.asp?Continue=1 HTTP/1.1" 200 6196
191.156.234.145 - - [03/Jan/2015:09:58:29 -0500] "GET /isolucionsda/FrameSetGeneral.asp?Pagina=ListaPlanPrograma.asp&Estado=1 HTTP/1.1" 200 6501
186.84.44.72 - - [03/Jan/2015:09:58:35 -0500] "POST /forms/lservlet;jsessionid=ac16012b30d5d11c6496e2c840dd94a48a0507ce41e7.e3iSbxaKaheRe34Sa3yKbhiTahb0n6jAmljGr5XDqQLvpAe HTTP/1.1" 200 7994
186.84.44.72 - - [03/Jan/2015:09:58:36 -0500] "POST /forms/lservlet;jsessionid=ac16012b30d5d11c6496e2c840dd94a48a0507ce41e7.e3iSbxaKaheRe34Sa3yKbhiTahb0n6jAmljGr5XDqQLvpAe HTTP/1.1" 200 64
186.84.44.72 - - [03/Jan/2015:09:58:36 -0500] "POST /forms/lservlet;jsessionid=ac16012b30d5d11c6496e2c840dd94a48a0507ce41e7.e3iSbxaKaheRe34Sa3yKbhiTahb0n6jAmljGr5XDqQLvpAe HTTP/1.1" 200 2
186.84.44.72 - - [03/Jan/2015:09:58:36 -0500] "POST /forms/lservlet;jsessionid=ac16012b30d5d11c6496e2c840dd94a48a0507ce41e7.e3iSbxaKaheRe34Sa3yKbhiTahb0n6jAmljGr5XDqQLvpAe HTTP/1.1" 200 2
186.84.44.72 - - [03/Jan/2015:09:58:36 -0500] "POST /forms/lservlet;jsessionid=ac16012b30d5d11c6496e2c840dd94a48a0507ce41e7.e3iSbxaKaheRe34Sa3yKbhiTahb0n6jAmljGr5XDqQLvpAe HTTP/1.1" 200 2
191.156.234.145 - - [03/Jan/2015:09:58:37 -0500] "GET /isolucionsda/BarraTitulos.asp?Pagina=ListaPlanPrograma.asp&Estado=1 HTTP/1.1" 200 6865
191.156.234.145 - - [03/Jan/2015:09:58:37 -0500] "GET /isolucionsda/ListaPlanPrograma.asp?Pagina=ListaPlanPrograma.asp&Estado=1 HTTP/1.1" 200 13064
191.156.234.145 - - [03/Jan/2015:09:58:38 -0500] "GET /isolucionsda/BarraFavoritos.asp HTTP/1.1" 200 911
186.84.44.72 - - [03/Jan/2015:09:58:38 -0500] "POST /forms/lservlet;jsessionid=ac16012b30d5d11c6496e2c840dd94a48a0507ce41e7.e3iSbxaKaheRe34Sa3yKbhiTahb0n6jAmljGr5XDqQLvpAe HTTP/1.1" 200 34711
186.84.44.72 - - [03/Jan/2015:09:58:38 -0500] "GET /imagenes/listval.gif HTTP/1.1" 200 905
186.84.44.72 - - [03/Jan/2015:09:58:38 -0500] "GET /imagenes/tree1.gif HTTP/1.1" 200 1161
186.84.44.72 - - [03/Jan/2015:09:58:39 -0500] "GET /imagenes/listval.gif HTTP/1.1" 200 905
186.84.44.72 - - [03/Jan/2015:09:58:39 -0500] "GET /imagenes/CAMERA3.gif HTTP/1.1" 200 4150
186.84.44.72 - - [03/Jan/2015:09:58:39 -0500] "GET /imagenes/SLIDE1.gif HTTP/1.1" 200 1111
186.84.44.72 - - [03/Jan/2015:09:58:39 -0500] "GET /imagenes/flexcomb.gif HTTP/1.1" 200 1169
186.84.44.72 - - [03/Jan/2015:09:58:39 -0500] "GET /imagenes/GO.gif HTTP/1.1" 200 904
186.84.44.72 - - [03/Jan/2015:09:58:39 -0500] "GET /imagenes/HRTOOLS.gif HTTP/1.1" 200 2238
186.84.44.72 - - [03/Jan/2015:09:58:39 -0500] "GET /imagenes/rt_rec1.gif HTTP/1.1" 200 867
186.84.44.72 - - [03/Jan/2015:09:58:39 -0500] "GET /imagenes/apply.gif HTTP/1.1" 200 903
186.84.44.72 - - [03/Jan/2015:09:58:39 -0500] "GET /imagenes/exit.gif HTTP/1.1" 200 916
186.84.44.72 - - [03/Jan/2015:09:58:39 -0500] "GET /imagenes/LISTVAL.gif HTTP/1.1" 200 905
186.84.44.72 - - [03/Jan/2015:09:58:39 -0500] "GET /imagenes/edit.gif HTTP/1.1" 200 919
186.84.44.72 - - [03/Jan/2015:09:58:39 -0500] "GET /imagenes/rt_rec4.gif HTTP/1.1" 200 865
186.84.44.72 - - [03/Jan/2015:09:58:39 -0500] "GET /imagenes/rt_rec3.gif HTTP/1.1" 200 844
186.84.44.72 - - [03/Jan/2015:09:58:39 -0500] "GET /imagenes/rt_rec2.gif HTTP/1.1" 200 847
186.84.44.72 - - [03/Jan/2015:09:58:39 -0500] "GET /imagenes/rt_rdel.gif HTTP/1.1" 200 899
186.84.44.72 - - [03/Jan/2015:09:58:39 -0500] "GET /imagenes/rt_radd.gif HTTP/1.1" 200 907
186.84.44.72 - - [03/Jan/2015:09:58:39 -0500] "GET /imagenes/rt_quer3.gif HTTP/1.1" 200 939
186.84.44.72 - - [03/Jan/2015:09:58:39 -0500] "GET /imagenes/rt_quer2.gif HTTP/1.1" 200 936
186.84.44.72 - - [03/Jan/2015:09:58:39 -0500] "GET /imagenes/rt_quer1.gif HTTP/1.1" 200 930
186.84.44.72 - - [03/Jan/2015:09:58:39 -0500] "GET /imagenes/rt_save.gif HTTP/1.1" 200 903
186.84.44.72 - - [03/Jan/2015:09:58:39 -0500] "GET /imagenes/rt_pset.gif HTTP/1.1" 200 914
186.84.44.72 - - [03/Jan/2015:09:58:39 -0500] "GET /imagenes/QUEJA.gif HTTP/1.1" 200 1091
186.84.44.72 - - [03/Jan/2015:09:58:39 -0500] "GET /imagenes/ARBOL.gif HTTP/1.1" 200 1026
186.84.44.72 - - [03/Jan/2015:09:58:39 -0500] "GET /imagenes/Clipboard.gif HTTP/1.1" 200 1466
186.84.44.72 - - [03/Jan/2015:09:58:40 -0500] "GET /imagenes/DINERO.gif HTTP/1.1" 200 1766
186.84.44.72 - - [03/Jan/2015:09:58:40 -0500] "GET /imagenes/URGENTE.gif HTTP/1.1" 200 964
186.84.44.72 - - [03/Jan/2015:09:58:40 -0500] "GET /imagenes/TREE4.gif HTTP/1.1" 200 4150
186.84.44.72 - - [03/Jan/2015:09:58:40 -0500] "POST /forms/lservlet;jsessionid=ac16012b30d5d11c6496e2c840dd94a48a0507ce41e7.e3iSbxaKaheRe34Sa3yKbhiTahb0n6jAmljGr5XDqQLvpAe HTTP/1.1" 200 7
186.84.44.72 - - [03/Jan/2015:09:58:40 -0500] "POST /forms/lservlet;jsessionid=ac16012b30d5d11c6496e2c840dd94a48a0507ce41e7.e3iSbxaKaheRe34Sa3yKbhiTahb0n6jAmljGr5XDqQLvpAe HTTP/1.1" 200 34
186.84.44.72 - - [03/Jan/2015:09:58:40 -0500] "POST /forms/lservlet;jsessionid=ac16012b30d5d11c6496e2c840dd94a48a0507ce41e7.e3iSbxaKaheRe34Sa3yKbhiTahb0n6jAmljGr5XDqQLvpAe HTTP/1.1" 200 2
186.84.44.72 - - [03/Jan/2015:09:58:40 -0500] "POST /forms/lservlet;jsessionid=ac16012b30d5d11c6496e2c840dd94a48a0507ce41e7.e3iSbxaKaheRe34Sa3yKbhiTahb0n6jAmljGr5XDqQLvpAe HTTP/1.1" 200 647
66.249.64.167 - - [03/Jan/2015:09:58:40 -0500] "GET /BLA/resoluciones/AUTOS%202009/1355.pdf HTTP/1.1" 200 101779
66.249.64.163 - - [03/Jan/2015:09:58:41 -0500] "GET /BLA/resoluciones/RESOLUCIONES%202006/RES%202006%202301-2350/00002320.tif HTTP/1.1" 304 -
191.156.234.145 - - [03/Jan/2015:09:58:43 -0500] "GET /isolucionsda/Encabezado.asp?Pagina=ListaPlanPrograma.asp&Estado=1 HTTP/1.1" 200 15158
186.84.44.72 - - [03/Jan/2015:09:58:44 -0500] "POST /forms/lservlet;jsessionid=ac16012b30d5d11c6496e2c840dd94a48a0507ce41e7.e3iSbxaKaheRe34Sa3yKbhiTahb0n6jAmljGr5XDqQLvpAe HTTP/1.1" 200 24
186.84.44.72 - - [03/Jan/2015:09:58:44 -0500] "POST /forms/lservlet;jsessionid=ac16012b30d5d11c6496e2c840dd94a48a0507ce41e7.e3iSbxaKaheRe34Sa3yKbhiTahb0n6jAmljGr5XDqQLvpAe HTTP/1.1" 200 4299
186.84.44.72 - - [03/Jan/2015:09:58:45 -0500] "POST /forms/lservlet;jsessionid=ac16012b30d5d11c6496e2c840dd94a48a0507ce41e7.e3iSbxaKaheRe34Sa3yKbhiTahb0n6jAmljGr5XDqQLvpAe HTTP/1.1" 200 2
191.156.234.145 - - [03/Jan/2015:09:58:52 -0500] "GET /isolucionsda/Session.asp?Continue=1 HTTP/1.1" 200 6196
191.156.234.145 - - [03/Jan/2015:09:58:56 -0500] "GET /isolucionsda/PlanPrograma.asp?IdPlanPrograma=7 HTTP/1.1" 200 11517
66.249.64.163 - - [03/Jan/2015:09:59:16 -0500] "GET /BLA/resoluciones/RESOLUCIONES%202009/8873.pdf HTTP/1.1" 200 306013
66.249.64.167 - - [03/Jan/2015:09:59:22 -0500] "GET /BLA/resoluciones/Notificaciones/AUTOS%202014/5710.doc HTTP/1.1" 200 154624
66.249.64.163 - - [03/Jan/2015:09:59:42 -0500] "GET /BLA/resoluciones/RESOLUCIONES%202002/RES%202002%201951-1971/20021961.tif HTTP/1.1" 304 -
186.84.44.72 - - [03/Jan/2015:10:00:10 -0500] "POST /forms/lservlet;jsessionid=ac16012b30d5d11c6496e2c840dd94a48a0507ce41e7.e3iSbxaKaheRe34Sa3yKbhiTahb0n6jAmljGr5XDqQLvpAe HTTP/1.1" 200 2
66.249.64.167 - - [03/Jan/2015:10:00:28 -0500] "GET /BLA/resoluciones/RESOLUCIONES%202009/7502.pdf HTTP/1.1" 200 489611
66.249.64.171 - - [03/Jan/2015:10:00:44 -0500] "GET /BLA/resoluciones/RESOLUCIONES%202002/RES%202002%201751-1800/20021762.tif HTTP/1.1" 304 -
66.249.64.171 - - [03/Jan/2015:10:01:40 -0500] "GET /BLA/resoluciones/RESOLUCIONES%202008/1193.pdf HTTP/1.1" 200 955214
74.86.158.107 - - [03/Jan/2015:10:01:41 -0500] "GET / HTTP/1.1" 302 -
66.249.64.167 - - [03/Jan/2015:10:01:45 -0500] "GET /BLA/resoluciones/RESOLUCIONES%202006/RES%202006%202301-2350/00002318.tif HTTP/1.1" 304 -
180.76.6.14 - - [03/Jan/2015:10:01:45 -0500] "GET /BLA/resoluciones/RESOLUCIONES%202010/0650.pdf HTTP/1.1" 200 514979
87.92.194.194 - - [03/Jan/2015:10:01:52 -0500] "GET /webdav/x32.php?act=phptools&host=91.105.85.24&port=80&time=320 HTTP/1.1" 404 1018
186.84.44.72 - - [03/Jan/2015:10:02:10 -0500] "POST /forms/lservlet;jsessionid=ac16012b30d5d11c6496e2c840dd94a48a0507ce41e7.e3iSbxaKaheRe34Sa3yKbhiTahb0n6jAmljGr5XDqQLvpAe HTTP/1.1" 200 2
87.92.194.194 - - [03/Jan/2015:10:02:11 -0500] "GET /webdav/x32.php?act=phptools&host=91.105.85.24&port=80&time=320 HTTP/1.1" 404 1018
87.92.194.194 - - [03/Jan/2015:10:02:11 -0500] "GET /webdav/x32.php?act=phptools&host=91.105.85.24&port=80&time=320 HTTP/1.1" 404 1018
66.249.64.163 - - [03/Jan/2015:10:02:19 -0500] "GET /BLA/resoluciones/RESOLUCIONES%202003/RES%202003%201901-1950/00001948.tif HTTP/1.1" 200 160992
87.92.194.194 - - [03/Jan/2015:10:02:32 -0500] "GET /webdav/x32.php?act=phptools&host=91.105.85.24&port=80&time=320 HTTP/1.1" 404 1018
87.92.194.194 - - [03/Jan/2015:10:02:33 -0500] "GET /webdav/x32.php?act=phptools&host=91.105.85.24&port=80&time=320 HTTP/1.1" 404 1018
66.249.64.163 - - [03/Jan/2015:10:02:47 -0500] "GET /BLA/resoluciones/RESOLUCIONES%202005/RES%202005%202051-2100/00002066.tif HTTP/1.1" 304 -
186.84.44.72 - - [03/Jan/2015:10:02:50 -0500] "POST /forms/lservlet;jsessionid=ac16012b30d5d11c6496e2c840dd94a48a0507ce41e7.e3iSbxaKaheRe34Sa3yKbhiTahb0n6jAmljGr5XDqQLvpAe HTTP/1.1" 200 99
66.249.64.167 - - [03/Jan/2015:10:02:52 -0500] "GET /BLA/resoluciones/AUTOS%202013/0361.pdf HTTP/1.1" 200 804803
66.249.64.171 - - [03/Jan/2015:10:02:58 -0500] "GET /BLA/boletinlegal/js/jquery.js HTTP/1.1" 304 -
87.92.194.194 - - [03/Jan/2015:10:03:01 -0500] "GET /webdav/x32.php?act=phptools&host=91.105.85.24&port=80&time=320 HTTP/1.1" 404 1018
186.84.44.72 - - [03/Jan/2015:10:03:02 -0500] "POST /forms/lservlet;jsessionid=ac16012b30d5d11c6496e2c840dd94a48a0507ce41e7.e3iSbxaKaheRe34Sa3yKbhiTahb0n6jAmljGr5XDqQLvpAe HTTP/1.1" 200 136
186.84.44.72 - - [03/Jan/2015:10:03:03 -0500] "POST /forms/lservlet;jsessionid=ac16012b30d5d11c6496e2c840dd94a48a0507ce41e7.e3iSbxaKaheRe34Sa3yKbhiTahb0n6jAmljGr5XDqQLvpAe HTTP/1.1" 200 7
87.92.194.194 - - [03/Jan/2015:10:03:04 -0500] "GET /webdav/x32.php?act=phptools&host=91.105.85.24&port=80&time=320 HTTP/1.1" 404 1018
186.84.44.72 - - [03/Jan/2015:10:03:09 -0500] "POST /forms/lservlet;jsessionid=ac16012b30d5d11c6496e2c840dd94a48a0507ce41e7.e3iSbxaKaheRe34Sa3yKbhiTahb0n6jAmljGr5XDqQLvpAe HTTP/1.1" 200 7
87.92.194.194 - - [03/Jan/2015:10:03:14 -0500] "GET /webdav/x32.php?act=phptools&host=91.105.85.24&port=80&time=320 HTTP/1.1" 404 1018
186.84.44.72 - - [03/Jan/2015:10:03:17 -0500] "POST /forms/lservlet;jsessionid=ac16012b30d5d11c6496e2c840dd94a48a0507ce41e7.e3iSbxaKaheRe34Sa3yKbhiTahb0n6jAmljGr5XDqQLvpAe HTTP/1.1" 200 2
186.84.44.72 - - [03/Jan/2015:10:03:17 -0500] "POST /forms/lservlet;jsessionid=ac16012b30d5d11c6496e2c840dd94a48a0507ce41e7.e3iSbxaKaheRe34Sa3yKbhiTahb0n6jAmljGr5XDqQLvpAe HTTP/1.1" 200 14
186.84.44.72 - - [03/Jan/2015:10:03:18 -0500] "POST /forms/lservlet;jsessionid=ac16012b30d5d11c6496e2c840dd94a48a0507ce41e7.e3iSbxaKaheRe34Sa3yKbhiTahb0n6jAmljGr5XDqQLvpAe HTTP/1.1" 200 14
186.84.44.72 - - [03/Jan/2015:10:03:19 -0500] "POST /forms/lservlet;jsessionid=ac16012b30d5d11c6496e2c840dd94a48a0507ce41e7.e3iSbxaKaheRe34Sa3yKbhiTahb0n6jAmljGr5XDqQLvpAe HTTP/1.1" 200 14
186.84.44.72 - - [03/Jan/2015:10:03:20 -0500] "POST /forms/lservlet;jsessionid=ac16012b30d5d11c6496e2c840dd94a48a0507ce41e7.e3iSbxaKaheRe34Sa3yKbhiTahb0n6jAmljGr5XDqQLvpAe HTTP/1.1" 200 14
186.84.44.72 - - [03/Jan/2015:10:03:22 -0500] "POST /forms/lservlet;jsessionid=ac16012b30d5d11c6496e2c840dd94a48a0507ce41e7.e3iSbxaKaheRe34Sa3yKbhiTahb0n6jAmljGr5XDqQLvpAe HTTP/1.1" 200 113
186.84.44.72 - - [03/Jan/2015:10:03:23 -0500] "POST /forms/lservlet;jsessionid=ac16012b30d5d11c6496e2c840dd94a48a0507ce41e7.e3iSbxaKaheRe34Sa3yKbhiTahb0n6jAmljGr5XDqQLvpAe HTTP/1.1" 200 2
186.84.44.72 - - [03/Jan/2015:10:03:23 -0500] "GET /reports/rwservlet/getjobid339030?server=rep_srvapsda HTTP/1.1" 200 2710755
87.92.194.194 - - [03/Jan/2015:10:03:28 -0500] "GET /webdav/x32.php?act=phptools&host=91.105.85.24&port=80&time=320 HTTP/1.1" 404 1018
66.249.64.171 - - [03/Jan/2015:10:03:48 -0500] "GET /BLA/resoluciones/RESOLUCIONES%202005/RES%202005%202051-2100/00002082.tif HTTP/1.1" 304 -
66.249.64.163 - - [03/Jan/2015:10:04:04 -0500] "GET /BLA/resoluciones/RESOLUCIONES%202009/4760.pdf HTTP/1.1" 200 603215
66.249.64.171 - - [03/Jan/2015:10:04:06 -0500] "GET /BLA/resoluciones/RESOLUCIONES%202011/1527.pdf HTTP/1.1" 200 344966
186.84.44.72 - - [03/Jan/2015:10:04:07 -0500] "POST /forms/lservlet;jsessionid=ac16012b30d5d11c6496e2c840dd94a48a0507ce41e7.e3iSbxaKaheRe34Sa3yKbhiTahb0n6jAmljGr5XDqQLvpAe HTTP/1.1" 200 41
186.84.44.72 - - [03/Jan/2015:10:04:07 -0500] "POST /forms/lservlet;jsessionid=ac16012b30d5d11c6496e2c840dd94a48a0507ce41e7.e3iSbxaKaheRe34Sa3yKbhiTahb0n6jAmljGr5XDqQLvpAe HTTP/1.1" 200 12
186.84.44.72 - - [03/Jan/2015:10:04:10 -0500] "POST /forms/lservlet;jsessionid=ac16012b30d5d11c6496e2c840dd94a48a0507ce41e7.e3iSbxaKaheRe34Sa3yKbhiTahb0n6jAmljGr5XDqQLvpAe HTTP/1.1" 200 2
144.76.100.150 - - [03/Jan/2015:10:04:12 -0500] "HEAD / HTTP/1.1" 302 -
186.84.44.72 - - [03/Jan/2015:10:04:13 -0500] "POST /forms/lservlet;jsessionid=ac16012b30d5d11c6496e2c840dd94a48a0507ce41e7.e3iSbxaKaheRe34Sa3yKbhiTahb0n6jAmljGr5XDqQLvpAe HTTP/1.1" 200 7
66.249.64.171 - - [03/Jan/2015:10:04:50 -0500] "GET /BLA/resoluciones/RESOLUCIONES%202006/RES%202006%202301-2350/00002350.tif HTTP/1.1" 304 -
220.181.108.90 - - [03/Jan/2015:10:05:01 -0500] "GET / HTTP/1.1" 302 -
66.249.64.171 - - [03/Jan/2015:10:05:16 -0500] "GET /BLA/resoluciones/AUTOS%202011/5277.pdf HTTP/1.1" 200 162471
66.249.64.163 - - [03/Jan/2015:10:05:51 -0500] "GET /BLA/resoluciones/RESOLUCIONES%202006/RES%202006%202301-2350/00002307.tif HTTP/1.1" 304 -
186.84.44.72 - - [03/Jan/2015:10:05:53 -0500] "POST /forms/lservlet;jsessionid=ac16012b30d5d11c6496e2c840dd94a48a0507ce41e7.e3iSbxaKaheRe34Sa3yKbhiTahb0n6jAmljGr5XDqQLvpAe HTTP/1.1" 200 32
186.84.44.72 - - [03/Jan/2015:10:05:53 -0500] "POST /forms/lservlet;jsessionid=ac16012b30d5d11c6496e2c840dd94a48a0507ce41e7.e3iSbxaKaheRe34Sa3yKbhiTahb0n6jAmljGr5XDqQLvpAe HTTP/1.1" 200 7
186.84.44.72 - - [03/Jan/2015:10:06:10 -0500] "POST /forms/lservlet;jsessionid=ac16012b30d5d11c6496e2c840dd94a48a0507ce41e7.e3iSbxaKaheRe34Sa3yKbhiTahb0n6jAmljGr5XDqQLvpAe HTTP/1.1" 200 2
66.249.64.167 - - [03/Jan/2015:10:06:28 -0500] "GET /BLA/resoluciones/RESOLUCIONES%202010/0275.pdf HTTP/1.1" 200 94655
74.86.158.107 - - [03/Jan/2015:10:06:41 -0500] "GET / HTTP/1.1" 302 -
66.249.64.163 - - [03/Jan/2015:10:06:50 -0500] "GET /BLA/resoluciones/AUTOS%202011/2963.pdf HTTP/1.1" 200 504475
66.249.64.171 - - [03/Jan/2015:10:06:53 -0500] "GET /BLA/resoluciones/RESOLUCIONES%202002/RES%202002%201951-1971/20021954.tif HTTP/1.1" 304 -
190.182.113.11 - - [03/Jan/2015:10:06:53 -0500] "GET /BLA/resoluciones/AUTOS%202008/2282.pdf HTTP/1.1" 200 101029
190.182.113.11 - - [03/Jan/2015:10:06:54 -0500] "GET /BLA/resoluciones/AUTOS%202008/2282.pdf HTTP/1.1" 200 101029
87.92.194.194 - - [03/Jan/2015:10:07:18 -0500] "GET /webdav/x32.php?act=phptools&host=&port=&time= HTTP/1.1" 404 1018
186.84.44.72 - - [03/Jan/2015:10:07:24 -0500] "POST /forms/lservlet;jsessionid=ac16012b30d5d11c6496e2c840dd94a48a0507ce41e7.e3iSbxaKaheRe34Sa3yKbhiTahb0n6jAmljGr5XDqQLvpAe HTTP/1.1" 200 7
87.92.194.194 - - [03/Jan/2015:10:07:24 -0500] "GET /webdav/x32.php?act=phptools&host=&port=&time= HTTP/1.1" 404 1018
186.84.44.72 - - [03/Jan/2015:10:07:25 -0500] "POST /forms/lservlet;jsessionid=ac16012b30d5d11c6496e2c840dd94a48a0507ce41e7.e3iSbxaKaheRe34Sa3yKbhiTahb0n6jAmljGr5XDqQLvpAe HTTP/1.1" 200 196
66.249.64.171 - - [03/Jan/2015:10:07:28 -0500] "GET /BLA/resoluciones/RESOLUCIONES%202009/7929.pdf HTTP/1.1" 200 363460
144.76.100.150 - - [03/Jan/2015:10:07:31 -0500] "HEAD / HTTP/1.1" 302 -
87.92.194.194 - - [03/Jan/2015:10:07:44 -0500] "GET /webdav/x32.php?act=phptools&host=&port=&time= HTTP/1.1" 404 1018
87.92.194.194 - - [03/Jan/2015:10:07:44 -0500] "GET /webdav/x32.php?act=phptools&host=&port=&time= HTTP/1.1" 404 1018
87.92.194.194 - - [03/Jan/2015:10:07:47 -0500] "GET /webdav/x32.php?act=phptools&host=&port=&time= HTTP/1.1" 404 1018
66.249.64.167 - - [03/Jan/2015:10:07:54 -0500] "GET /BLA/resoluciones/RESOLUCIONES%202006/RES%202006%201801-1850/00001816.tif HTTP/1.1" 304 -
87.92.194.194 - - [03/Jan/2015:10:07:54 -0500] "GET /webdav/x32.php?act=phptools&host=&port=&time= HTTP/1.1" 404 1018
87.92.194.194 - - [03/Jan/2015:10:08:04 -0500] "GET /webdav/x32.php?act=phptools&host=&port=&time= HTTP/1.1" 404 1018
87.92.194.194 - - [03/Jan/2015:10:08:06 -0500] "GET /webdav/x32.php?act=phptools&host=&port=&time= HTTP/1.1" 404 1018
186.84.44.72 - - [03/Jan/2015:10:08:10 -0500] "POST /forms/lservlet;jsessionid=ac16012b30d5d11c6496e2c840dd94a48a0507ce41e7.e3iSbxaKaheRe34Sa3yKbhiTahb0n6jAmljGr5XDqQLvpAe HTTP/1.1" 200 2
66.249.64.171 - - [03/Jan/2015:10:08:12 -0500] "GET /BLA/resoluciones/RESOLUCIONES%202010/4520.pdf HTTP/1.1" 200 368015
180.76.5.187 - - [03/Jan/2015:10:08:40 -0500] "GET /BLA/resoluciones/RESOLUCIONES%202009/2647.pdf HTTP/1.1" 200 382274
66.249.64.167 - - [03/Jan/2015:10:08:53 -0500] "GET /BLA/resoluciones/RESOLUCIONES%202004/RES%202004%201951-2000/00001957.tif HTTP/1.1" 200 87498
66.249.64.167 - - [03/Jan/2015:10:08:56 -0500] "GET /BLA/resoluciones/RESOLUCIONES%202005/RES%202005%20651-700/00000673.tif HTTP/1.1" 304 -
66.249.64.167 - - [03/Jan/2015:10:08:56 -0500] "GET /BLA/resoluciones/RESOLUCIONES%202010/1374.pdf HTTP/1.1" 200 361612
87.92.194.194 - - [03/Jan/2015:10:09:13 -0500] "GET /webdav/x32.php?act=phptools&host=&port=&time= HTTP/1.1" 404 1018
180.76.6.45 - - [03/Jan/2015:10:09:39 -0500] "GET /BLA/resoluciones/RESOLUCIONES%202011/5766.pdf HTTP/1.1" 200 1762993
66.249.64.163 - - [03/Jan/2015:10:09:41 -0500] "GET /BLA/resoluciones/RESOLUCIONES%202010/5534.pdf HTTP/1.1" 200 2801415
66.249.64.163 - - [03/Jan/2015:10:09:57 -0500] "GET /BLA/resoluciones/RESOLUCIONES%202005/RES%202005%20651-700/00000660.tif HTTP/1.1" 304 -
186.84.44.72 - - [03/Jan/2015:10:10:10 -0500] "POST /forms/lservlet;jsessionid=ac16012b30d5d11c6496e2c840dd94a48a0507ce41e7.e3iSbxaKaheRe34Sa3yKbhiTahb0n6jAmljGr5XDqQLvpAe HTTP/1.1" 200 2
66.249.64.171 - - [03/Jan/2015:10:10:25 -0500] "GET /BLA/resoluciones/RESOLUCIONES%202008/5642.pdf HTTP/1.1" 200 236056
180.76.5.188 - - [03/Jan/2015:10:10:37 -0500] "GET /BLA/resoluciones/RESOLUCIONES%202011/6221.pdf HTTP/1.1" 200 578798
123.125.71.22 - - [03/Jan/2015:10:10:38 -0500] "GET / HTTP/1.1" 302 -
190.68.181.124 - - [03/Jan/2015:10:10:44 -0500] "GET /forest/ HTTP/1.1" 200 12758
190.68.181.124 - - [03/Jan/2015:10:10:44 -0500] "GET /forest/css/index.css?version=1412.231748 HTTP/1.1" 200 1900
190.68.181.124 - - [03/Jan/2015:10:10:44 -0500] "GET /forest/skins/gdocs-jar/css/menu.css?version=1412.231748 HTTP/1.1" 200 4235
190.68.181.124 - - [03/Jan/2015:10:10:44 -0500] "GET /forest/skins/gdocs-jar/css/forest.css?version=1412.231748 HTTP/1.1" 200 51
190.68.181.124 - - [03/Jan/2015:10:10:44 -0500] "GET /forest/1ibre/jscalendar/calendar-win2k-1.css?version=1412.231748 HTTP/1.1" 200 5986
190.68.181.124 - - [03/Jan/2015:10:10:44 -0500] "GET /forest/css/escritorio.css?version=1412.231748 HTTP/1.1" 304 -
190.68.181.124 - - [03/Jan/2015:10:10:44 -0500] "GET /forest/img/forestIcon.gif?version=1412.231748 HTTP/1.1" 304 -
190.68.181.124 - - [03/Jan/2015:10:10:44 -0500] "GET /forest/skins/gdocs-jar/css/autocomplete.css?version=1412.231748 HTTP/1.1" 200 1620
190.68.181.124 - - [03/Jan/2015:10:10:44 -0500] "GET /forest/skins/gdocs-jar/css/forms.css?version=1412.231748 HTTP/1.1" 304 -
190.68.181.124 - - [03/Jan/2015:10:10:44 -0500] "GET /forest/skins/gdocs-jar/css/dialog.css?version=1412.231748 HTTP/1.1" 304 -
190.68.181.124 - - [03/Jan/2015:10:10:44 -0500] "GET /forest/jsoptimized/gz/js/gdocsall-1412.231748.js HTTP/1.1" 304 -
190.68.181.124 - - [03/Jan/2015:10:10:44 -0500] "GET /forest/js/json3.js HTTP/1.1" 200 39592
190.68.181.124 - - [03/Jan/2015:10:10:46 -0500] "GET /forest/img/inicio/2.gif HTTP/1.1" 304 -
190.68.181.124 - - [03/Jan/2015:10:10:46 -0500] "GET /forest/img/inicio/3.gif HTTP/1.1" 304 -
190.68.181.124 - - [03/Jan/2015:10:10:46 -0500] "GET /forest/img/loading.gif HTTP/1.1" 304 -
190.68.181.124 - - [03/Jan/2015:10:10:46 -0500] "GET /forest/img/inicio/1.gif HTTP/1.1" 304 -
190.68.181.124 - - [03/Jan/2015:10:10:46 -0500] "GET /forest/img/spacer.gif HTTP/1.1" 304 -
190.68.181.124 - - [03/Jan/2015:10:10:46 -0500] "GET /forest/img/panel/view_icon.gif HTTP/1.1" 304 -
190.68.181.124 - - [03/Jan/2015:10:10:46 -0500] "GET /forest/img/inicio/4.gif HTTP/1.1" 304 -
190.68.181.124 - - [03/Jan/2015:10:10:46 -0500] "GET /forest/img/inicio/5.gif HTTP/1.1" 304 -
190.68.181.124 - - [03/Jan/2015:10:10:46 -0500] "GET /forest/img/inicio/6.gif HTTP/1.1" 304 -
190.68.181.124 - - [03/Jan/2015:10:10:46 -0500] "GET /forest/img/inicio/7.gif HTTP/1.1" 304 -
190.68.181.124 - - [03/Jan/2015:10:10:46 -0500] "GET /forest/img/mplogo.gif HTTP/1.1" 304 -
190.68.181.124 - - [03/Jan/2015:10:10:46 -0500] "GET /forest/img/close.gif HTTP/1.1" 304 -
190.68.181.124 - - [03/Jan/2015:10:10:46 -0500] "GET /forest/skins/gdocs-jar/img/okey.gif HTTP/1.1" 304 -
190.68.181.124 - - [03/Jan/2015:10:10:48 -0500] "GET /forest/img/base/bsc2_r1_c3.gif HTTP/1.1" 304 -
190.68.181.124 - - [03/Jan/2015:10:10:48 -0500] "GET /forest/img/base/bsc2_r1_c2.gif HTTP/1.1" 304 -
190.68.181.124 - - [03/Jan/2015:10:10:48 -0500] "GET /forest/img/base/bsc2_r1_c1.gif HTTP/1.1" 304 -
190.68.181.124 - - [03/Jan/2015:10:10:48 -0500] "GET /forest/1ibre/1ibre.css HTTP/1.1" 200 614
190.68.181.124 - - [03/Jan/2015:10:10:50 -0500] "POST /forest/login.do HTTP/1.1" 302 -
190.68.181.124 - - [03/Jan/2015:10:10:51 -0500] "GET /forest/css/escritorio.css?version=1412.231748 HTTP/1.1" 304 -
190.68.181.124 - - [03/Jan/2015:10:10:51 -0500] "GET /forest/skins/gdocs-jar/css/forest.css?version=1412.231748 HTTP/1.1" 304 -
190.68.181.124 - - [03/Jan/2015:10:10:51 -0500] "GET /forest/css/index.css?version=1412.231748 HTTP/1.1" 304 -
190.68.181.124 - - [03/Jan/2015:10:10:51 -0500] "GET /forest/skins/gdocs-jar/css/autocomplete.css?version=1412.231748 HTTP/1.1" 304 -
190.68.181.124 - - [03/Jan/2015:10:10:51 -0500] "GET /forest/skins/gdocs-jar/css/menu.css?version=1412.231748 HTTP/1.1" 304 -
190.68.181.124 - - [03/Jan/2015:10:10:51 -0500] "GET /forest/1ibre/jscalendar/calendar-win2k-1.css?version=1412.231748 HTTP/1.1" 304 -
190.68.181.124 - - [03/Jan/2015:10:10:51 -0500] "GET /forest/skins/gdocs-jar/css/dialog.css?version=1412.231748 HTTP/1.1" 304 -
190.68.181.124 - - [03/Jan/2015:10:10:51 -0500] "GET /forest/skins/gdocs-jar/css/forms.css?version=1412.231748 HTTP/1.1" 304 -
190.68.181.124 - - [03/Jan/2015:10:10:51 -0500] "GET /forest/img/forestIcon.gif?version=1412.231748 HTTP/1.1" 304 -
190.68.181.124 - - [03/Jan/2015:10:10:52 -0500] "GET /forest/img/inicio.jpg HTTP/1.1" 304 -
190.68.181.124 - - [03/Jan/2015:10:10:52 -0500] "GET /forest/img/users/3.gif HTTP/1.1" 304 -
190.68.181.124 - - [03/Jan/2015:10:10:52 -0500] "GET /forest/img/users/5.gif HTTP/1.1" 304 -
190.68.181.124 - - [03/Jan/2015:10:10:52 -0500] "GET /forest/img/users/7.gif HTTP/1.1" 304 -
190.68.181.124 - - [03/Jan/2015:10:10:52 -0500] "GET /forest/img/download_large.gif HTTP/1.1" 304 -
190.68.181.124 - - [03/Jan/2015:10:10:52 -0500] "GET /forest/img/buscar_documentos.gif HTTP/1.1" 304 -
190.68.181.124 - - [03/Jan/2015:10:10:52 -0500] "GET /forest/img/buscar.jpg HTTP/1.1" 304 -
190.68.181.124 - - [03/Jan/2015:10:10:52 -0500] "GET /forest/img/fondo-barra.gif HTTP/1.1" 304 -
66.249.64.163 - - [03/Jan/2015:10:10:59 -0500] "GET /BLA/resoluciones/RESOLUCIONES%202005/RES%202005%201001-1050/00001022.tif HTTP/1.1" 304 -
190.68.181.124 - - [03/Jan/2015:10:11:01 -0500] "GET /forest/img/buscar_procesos.gif HTTP/1.1" 304 -
190.68.181.124 - - [03/Jan/2015:10:11:01 -0500] "GET /forest/skins/gdocs-jar/css/tree.css HTTP/1.1" 304 -
190.68.181.124 - - [03/Jan/2015:10:11:01 -0500] "GET /forest/skins/gdocs-jar/css/autocomplete.css HTTP/1.1" 304 -
190.68.181.124 - - [03/Jan/2015:10:10:51 -0500] "GET /forest/index2.jsp?a=0.9831408769179527 HTTP/1.1" 200 79015
190.68.181.124 - - [03/Jan/2015:10:11:02 -0500] "GET /forest/img/pantalla.gif HTTP/1.1" 304 -
190.68.181.124 - - [03/Jan/2015:10:11:02 -0500] "GET /forest/img/salir3.gif HTTP/1.1" 304 -
190.68.181.124 - - [03/Jan/2015:10:11:02 -0500] "GET /forest/img/notify.gif HTTP/1.1" 304 -
190.68.181.124 - - [03/Jan/2015:10:11:02 -0500] "GET /forest/img/ayuda.gif HTTP/1.1" 304 -
190.68.181.124 - - [03/Jan/2015:10:11:02 -0500] "GET /forest/img/panel/menu/add.png HTTP/1.1" 304 -
190.68.181.124 - - [03/Jan/2015:10:11:02 -0500] "GET /forest/skins/gdocs-jar/js/autocompletar2.js?version=1412.231748 HTTP/1.1" 304 -
190.68.181.124 - - [03/Jan/2015:10:11:02 -0500] "GET /forest/skins/gdocs-jar/js/xml_utilities.js?version=1412.231748 HTTP/1.1" 304 -
190.68.181.124 - - [03/Jan/2015:10:11:02 -0500] "GET /forest/img/panel/menu/folder.png HTTP/1.1" 304 -
190.68.181.124 - - [03/Jan/2015:10:11:02 -0500] "GET /forest/js/inicio.js?version=1412.231748 HTTP/1.1" 304 -
190.68.181.124 - - [03/Jan/2015:10:11:02 -0500] "GET /forest/img/panel/menu/danger2.png HTTP/1.1" 304 -
190.68.181.124 - - [03/Jan/2015:10:11:02 -0500] "GET /forest/skins/gdocs-jar/js/misprocesos.js?version=1412.231748 HTTP/1.1" 304 -
190.68.181.124 - - [03/Jan/2015:10:11:02 -0500] "GET /forest/img/mireparto.gif HTTP/1.1" 304 -
190.68.181.124 - - [03/Jan/2015:10:11:02 -0500] "GET /forest/img/panel/menu/hoy.png HTTP/1.1" 304 -
190.68.181.124 - - [03/Jan/2015:10:11:02 -0500] "GET /forest/img/instanciar.gif HTTP/1.1" 304 -
190.68.181.124 - - [03/Jan/2015:10:11:02 -0500] "GET /forest/skins/gdocs-jar/img/cancel.gif HTTP/1.1" 304 -
190.68.181.124 - - [03/Jan/2015:10:11:02 -0500] "GET /forest/img/misdocumentos.gif HTTP/1.1" 304 -
190.68.181.124 - - [03/Jan/2015:10:11:02 -0500] "GET /forest/session.jsp?a=0.3570365240211498 HTTP/1.1" 200 4
190.68.181.124 - - [03/Jan/2015:10:11:08 -0500] "GET /forest/img/jquery/ui-bg_glass_75_d0e5f5_1x400.png HTTP/1.1" 304 -
190.68.181.124 - - [03/Jan/2015:10:11:08 -0500] "GET /forest/skins/gdocs-jar/popup/popup.jsp?width=1100&height=500&title=Buscar%20procesos&uri=/forest/buscar.do%3Ftype%3Dprocesos&name=undefined&_a=0.058722381945258695&a=0.14263230926252857 HTTP/1.1" 200 1296
66.249.64.167 - - [03/Jan/2015:10:11:09 -0500] "GET /BLA/resoluciones/RESOLUCIONES%202008/2484.pdf HTTP/1.1" 200 137018
190.68.181.124 - - [03/Jan/2015:10:11:09 -0500] "GET /forest/css/escritorio.css?version=1412.231748 HTTP/1.1" 304 -
190.68.181.124 - - [03/Jan/2015:10:11:09 -0500] "GET /forest/css/autocomplete.css?version=1412.231748 HTTP/1.1" 200 1662
