66.249.64.167 - - [03/Jan/2015:03:28:32 -0500] "GET /BLA/resoluciones/AUTOS%202007/0524.pdf HTTP/1.1" 304 -
180.76.6.230 - - [03/Jan/2015:03:28:42 -0500] "GET /BLA/resoluciones/RESOLUCIONES%202007/RES%202007%20201%20AL%20300/RESOLUCION%200266%20DE%202007.pdf HTTP/1.1" 200 593612
66.249.64.163 - - [03/Jan/2015:03:29:24 -0500] "GET /BLA/resoluciones/AUTOS%202006/AUTOS%202006%203101%20-%203200/00003105.tif HTTP/1.1" 304 -
66.249.64.163 - - [03/Jan/2015:03:29:44 -0500] "GET /BLA/resoluciones/AUTOS%202013/0854.pdf HTTP/1.1" 304 -
66.249.64.171 - - [03/Jan/2015:03:30:36 -0500] "GET /BLA/boletinlegal/js/jquery.js HTTP/1.1" 304 -
66.249.64.167 - - [03/Jan/2015:03:30:36 -0500] "GET /BLA/boletinlegal/js/jquery.scrollTo-min.js HTTP/1.1" 200 1150
66.249.64.167 - - [03/Jan/2015:03:30:37 -0500] "GET /BLA/boletinlegal/js/jquery.scrollShow.js HTTP/1.1" 200 4586
66.249.64.167 - - [03/Jan/2015:03:30:56 -0500] "GET /BLA/resoluciones/AUTOS%202009/0046.pdf HTTP/1.1" 304 -
66.249.64.167 - - [03/Jan/2015:03:31:05 -0500] "GET /BLA/resoluciones/AUTOS%202006/AUTOS%202006%203101%20-%203200/00003102.tif HTTP/1.1" 304 -
66.249.64.167 - - [03/Jan/2015:03:32:08 -0500] "GET /BLA/resoluciones/RESOLUCIONES%202009/5868.pdf HTTP/1.1" 304 -
74.86.158.107 - - [03/Jan/2015:03:32:11 -0500] "HEAD / HTTP/1.1" 302 -
66.249.64.167 - - [03/Jan/2015:03:32:45 -0500] "GET /BLA/resoluciones/AUTOS%202006/AUTOS%202006%203101%20-%203200/00003197.tif HTTP/1.1" 304 -
66.249.64.167 - - [03/Jan/2015:03:33:20 -0500] "GET /BLA/resoluciones/AUTOS%202011/4120.pdf HTTP/1.1" 304 -
69.58.178.59 - - [03/Jan/2015:03:33:24 -0500] "GET /robots.txt HTTP/1.1" 404 1019
69.58.178.59 - - [03/Jan/2015:03:33:25 -0500] "GET / HTTP/1.1" 302 -
220.181.108.92 - - [03/Jan/2015:03:34:04 -0500] "GET /BLA/resoluciones/RESOLUCIONES%202010/2171.pdf HTTP/1.1" 200 489445
66.249.64.171 - - [03/Jan/2015:03:34:27 -0500] "GET /BLA/resoluciones/AUTOS%202006/AUTOS%202006%203101%20-%203200/00003106.tif HTTP/1.1" 304 -
66.249.64.167 - - [03/Jan/2015:03:34:28 -0500] "GET /BLA/resoluciones/RESOLUCIONES%202004/RES%202004%20801-850/00000843.tif HTTP/1.1" 200 9222
66.249.64.167 - - [03/Jan/2015:03:34:32 -0500] "GET /BLA/resoluciones/RESOLUCIONES%202011/4765.pdf HTTP/1.1" 304 -
66.249.64.171 - - [03/Jan/2015:03:34:50 -0500] "GET /BLA/resoluciones/RESOLUCIONES%202011/2304.pdf HTTP/1.1" 200 411500
66.249.64.163 - - [03/Jan/2015:03:35:44 -0500] "GET /BLA/resoluciones/AUTOS%202011/5331.pdf HTTP/1.1" 200 186100
66.249.64.163 - - [03/Jan/2015:03:36:08 -0500] "GET /BLA/resoluciones/RESOLUCIONES%202003/RES%202003%201701-1750/20031744.tif HTTP/1.1" 304 -
66.249.64.163 - - [03/Jan/2015:03:36:36 -0500] "GET /BLA/resoluciones/Autos%202008/0712.pdf HTTP/1.1" 200 91579
66.249.64.163 - - [03/Jan/2015:03:36:56 -0500] "GET /BLA/resoluciones/RESOLUCIONES%202007/RES%202007%201301%20AL%201400/RESOLUCION%201377%20DE%202007.pdf HTTP/1.1" 200 228138
74.86.158.107 - - [03/Jan/2015:03:37:11 -0500] "HEAD / HTTP/1.1" 302 -
66.249.64.167 - - [03/Jan/2015:03:37:50 -0500] "GET /BLA/resoluciones/AUTOS%202006/AUTOS%202006%203101%20-%203200/00003133.tif HTTP/1.1" 304 -
66.249.64.163 - - [03/Jan/2015:03:38:08 -0500] "GET /BLA/resoluciones/RESOLUCIONES%202007/RES%202007%201726%20AL%201800/RESOLUCION%201798%20DE%202007.pdf HTTP/1.1" 200 1184916
66.249.64.167 - - [03/Jan/2015:03:39:20 -0500] "GET /BLA/resoluciones/RESOLUCIONES%202009/3788.pdf HTTP/1.1" 200 391786
180.76.5.18 - - [03/Jan/2015:03:39:28 -0500] "GET /BLA/boletinlegal;jsessionid=F95D98FC96F0E19A61BFF01CD9A500F8?/? HTTP/1.1" 404 1018
66.249.64.163 - - [03/Jan/2015:03:39:31 -0500] "GET /BLA/resoluciones/AUTOS%202006/AUTOS%202006%203101%20-%203200/00003164.tif HTTP/1.1" 304 -
180.76.5.168 - - [03/Jan/2015:03:40:13 -0500] "GET /BLA/resoluciones/RESOLUCIONES%202009/2730.pdf HTTP/1.1" 200 471045
66.249.64.163 - - [03/Jan/2015:03:40:32 -0500] "GET /BLA/resoluciones/AUTOS%202012/0457.pdf HTTP/1.1" 304 -
66.249.64.163 - - [03/Jan/2015:03:41:12 -0500] "GET /BLA/resoluciones/AUTOS%202006/AUTOS%202006%203101%20-%203200/00003115.tif HTTP/1.1" 304 -
66.249.64.171 - - [03/Jan/2015:03:41:44 -0500] "GET /BLA/resoluciones/RESOLUCIONES%202009/8014.pdf HTTP/1.1" 304 -
66.249.64.163 - - [03/Jan/2015:03:41:57 -0500] "GET /BLA/resoluciones/AUTOS%202011/1836.pdf HTTP/1.1" 200 208276
74.86.158.107 - - [03/Jan/2015:03:42:11 -0500] "HEAD / HTTP/1.1" 302 -
66.249.64.167 - - [03/Jan/2015:03:42:52 -0500] "GET /BLA/resoluciones/AUTOS%202006/AUTOS%202006%203101%20-%203200/00003172.tif HTTP/1.1" 304 -
66.249.64.171 - - [03/Jan/2015:03:42:56 -0500] "GET /BLA/resoluciones/RESOLUCIONES%202011/0122.pdf HTTP/1.1" 200 271319
207.46.13.139 - - [03/Jan/2015:03:43:02 -0500] "GET /dama/libreria/pdf/pigas/piga%20DAMA/cronograma.pdf HTTP/1.1" 404 1019
180.76.6.49 - - [03/Jan/2015:03:43:25 -0500] "GET /BLA/resoluciones/AUTOS%202009/0899.pdf HTTP/1.1" 200 124007
66.249.64.171 - - [03/Jan/2015:03:44:08 -0500] "GET /BLA/resoluciones/RESOLUCIONES%202008/1165.pdf HTTP/1.1" 304 -
66.249.64.167 - - [03/Jan/2015:03:44:10 -0500] "GET /BLA/resoluciones/AUTOS%202006/AUTOS%202006%203101%20-%203200/00003123.tif HTTP/1.1" 304 -
66.249.64.171 - - [03/Jan/2015:03:44:34 -0500] "GET /BLA/resoluciones/AUTOS%202006/AUTOS%202006%203101%20-%203200/00003112.tif HTTP/1.1" 304 -
66.249.64.167 - - [03/Jan/2015:03:45:20 -0500] "GET /BLA/resoluciones/AUTOS%202007/0616.pdf HTTP/1.1" 200 127454
66.249.64.171 - - [03/Jan/2015:03:46:15 -0500] "GET /BLA/resoluciones/AUTOS%202006/AUTOS%202006%203101%20-%203200/00003114.tif HTTP/1.1" 304 -
66.249.64.167 - - [03/Jan/2015:03:46:32 -0500] "GET /BLA/resoluciones/RESOLUCIONES%202008/1979.pdf HTTP/1.1" 304 -
74.86.158.107 - - [03/Jan/2015:03:47:11 -0500] "HEAD / HTTP/1.1" 302 -
66.249.64.163 - - [03/Jan/2015:03:47:44 -0500] "GET /BLA/resoluciones/RESOLUCIONES%202007/RES%202007%202901%20AL%203000/RESOLUCION%202981%20DE%202007.pdf HTTP/1.1" 200 131634
66.249.64.171 - - [03/Jan/2015:03:47:57 -0500] "GET /BLA/resoluciones/AUTOS%202006/AUTOS%202006%203101%20-%203200/00003150.tif HTTP/1.1" 304 -
66.249.64.167 - - [03/Jan/2015:03:48:30 -0500] "GET /BLA/resoluciones/RESOLUCIONES%202004/RES%202004%201501-1550/00001532.tif HTTP/1.1" 200 44506
66.249.64.167 - - [03/Jan/2015:03:48:56 -0500] "GET /portalsiaccapacitaciones/0028.%20R%C3%ADos%20quebradas%20canales%2018%20de%20Julio.pdf HTTP/1.1" 404 1018
66.249.64.171 - - [03/Jan/2015:03:49:38 -0500] "GET /BLA/resoluciones/AUTOS%202006/AUTOS%202006%203101%20-%203200/00003173.tif HTTP/1.1" 304 -
66.249.64.167 - - [03/Jan/2015:03:50:08 -0500] "GET /BLA/resoluciones/AUTOS%202008/1041.pdf HTTP/1.1" 200 233294
66.249.64.167 - - [03/Jan/2015:03:51:19 -0500] "GET /BLA/resoluciones/AUTOS%202006/AUTOS%202006%203101%20-%203200/00003170.tif HTTP/1.1" 304 -
66.249.64.171 - - [03/Jan/2015:03:51:20 -0500] "GET /BLA/resoluciones/RESOLUCIONES%202009/7294.pdf HTTP/1.1" 304 -
74.86.158.107 - - [03/Jan/2015:03:52:11 -0500] "HEAD / HTTP/1.1" 302 -
66.249.64.171 - - [03/Jan/2015:03:52:24 -0500] "GET /BLA/resoluciones/RESOLUCIONES%202004/RES%202004%20801-850/00000834.tif HTTP/1.1" 200 168412
66.249.64.163 - - [03/Jan/2015:03:52:32 -0500] "GET /BLA/resoluciones/RESOLUCIONES%202009/6013.pdf HTTP/1.1" 304 -
66.249.64.163 - - [03/Jan/2015:03:53:00 -0500] "GET /BLA/resoluciones/AUTOS%202006/AUTOS%202006%203101%20-%203200/00003194.tif HTTP/1.1" 304 -
180.76.4.228 - - [03/Jan/2015:03:53:37 -0500] "GET / HTTP/1.1" 302 -
66.249.64.167 - - [03/Jan/2015:03:53:44 -0500] "GET /BLA/resoluciones/AUTOS%202007/2347.pdf HTTP/1.1" 304 -
66.249.64.167 - - [03/Jan/2015:03:54:19 -0500] "GET /BLA/resoluciones/AUTOS%202011/0812.pdf HTTP/1.1" 200 154179
66.249.64.167 - - [03/Jan/2015:03:54:41 -0500] "GET /BLA/resoluciones/AUTOS%202006/AUTOS%202006%203101%20-%203200/00003120.tif HTTP/1.1" 304 -
66.249.64.167 - - [03/Jan/2015:03:54:56 -0500] "GET /BLA/resoluciones/RESOLUCIONES%202013/2557.pdf HTTP/1.1" 200 689181
66.249.64.171 - - [03/Jan/2015:03:55:56 -0500] "GET /videos/galeria-cronicas/1videos/7.mp4video.mp4 HTTP/1.1" 200 19644244
66.249.64.171 - - [03/Jan/2015:03:56:20 -0500] "GET /BLA/resoluciones/RESOLUCIONES%202007/RES%202007%202601%20AL%202700/RESOLUCION%202647%20DE%202007.pdf HTTP/1.1" 304 -
66.249.64.167 - - [03/Jan/2015:03:56:23 -0500] "GET /BLA/resoluciones/AUTOS%202006/AUTOS%202006%203101%20-%203200/00003186.tif HTTP/1.1" 304 -
66.249.64.163 - - [03/Jan/2015:03:56:43 -0500] "GET /BLA/resoluciones/Autos%202008/2162.pdf HTTP/1.1" 200 108742
66.249.64.167 - - [03/Jan/2015:03:57:00 -0500] "GET /BLA/resoluciones/RESOLUCIONES%202007/RES%202007%202201%20AL%202300/RESOLUCION%202219%20DE%202007.pdf HTTP/1.1" 200 142122
74.86.158.107 - - [03/Jan/2015:03:57:11 -0500] "HEAD / HTTP/1.1" 302 -
66.249.64.163 - - [03/Jan/2015:03:57:20 -0500] "GET /BLA/resoluciones/AUTOS%202013/3588.pdf HTTP/1.1" 304 -
66.249.64.171 - - [03/Jan/2015:03:58:04 -0500] "GET /BLA/resoluciones/AUTOS%202006/AUTOS%202006%203101%20-%203200/00003183.tif HTTP/1.1" 304 -
66.249.64.167 - - [03/Jan/2015:03:58:32 -0500] "GET /BLA/resoluciones/AUTOS%202007/3685.pdf HTTP/1.1" 304 -
66.249.64.167 - - [03/Jan/2015:03:59:44 -0500] "GET /BLA/resoluciones/AUTOS%202012/0450.pdf HTTP/1.1" 200 371871
66.249.64.167 - - [03/Jan/2015:03:59:45 -0500] "GET /BLA/resoluciones/AUTOS%202006/AUTOS%202006%203101%20-%203200/00003181.tif HTTP/1.1" 304 -
66.249.64.167 - - [03/Jan/2015:04:00:56 -0500] "GET /BLA/resoluciones/RESOLUCIONES%202010/7675.pdf HTTP/1.1" 304 -
66.249.64.167 - - [03/Jan/2015:04:01:26 -0500] "GET /BLA/resoluciones/AUTOS%202006/AUTOS%202006%203101%20-%203200/00003146.tif HTTP/1.1" 304 -
74.86.158.107 - - [03/Jan/2015:04:02:11 -0500] "HEAD / HTTP/1.1" 302 -
66.249.64.167 - - [03/Jan/2015:04:02:26 -0500] "GET /BLA/resoluciones/RESOLUCIONES%202004/RES%202004%20801-850/00000831.tif HTTP/1.1" 200 78488
66.249.64.167 - - [03/Jan/2015:04:02:26 -0500] "GET /BLA/resoluciones/RESOLUCIONES%202007/RES%202007%202401%20AL%202500/RESOLUCION%202435%20DE%202007.pdf HTTP/1.1" 200 942525
66.249.64.171 - - [03/Jan/2015:04:03:07 -0500] "GET /BLA/resoluciones/AUTOS%202006/AUTOS%202006%203101%20-%203200/00003122.tif HTTP/1.1" 304 -
66.249.64.171 - - [03/Jan/2015:04:03:20 -0500] "GET /BLA/resoluciones/RESOLUCIONES%202011/0817.pdf HTTP/1.1" 304 -
66.249.64.163 - - [03/Jan/2015:04:04:32 -0500] "GET /BLA/resoluciones/RESOLUCIONES%202010/7858.pdf HTTP/1.1" 200 431818
66.249.64.163 - - [03/Jan/2015:04:04:48 -0500] "GET /BLA/resoluciones/AUTOS%202006/AUTOS%202006%203101%20-%203200/00003184.tif HTTP/1.1" 304 -
66.249.64.167 - - [03/Jan/2015:04:05:44 -0500] "GET /BLA/resoluciones/RESOLUCIONES%202009/4944.pdf HTTP/1.1" 200 730128
66.249.64.167 - - [03/Jan/2015:04:06:30 -0500] "GET /BLA/resoluciones/AUTOS%202006/AUTOS%202006%203101%20-%203200/00003128.tif HTTP/1.1" 304 -
66.249.64.163 - - [03/Jan/2015:04:06:56 -0500] "GET /BLA/resoluciones/RESOLUCIONES%202007/RES%202007%202401%20AL%202500/RESOLUCION%202466%20DE%202007.pdf HTTP/1.1" 304 -
74.86.158.107 - - [03/Jan/2015:04:07:11 -0500] "HEAD / HTTP/1.1" 302 -
123.125.71.34 - - [03/Jan/2015:04:07:24 -0500] "GET /BLA/resoluciones/RESOLUCIONES%202007/RES%202007%201201%20AL%201300/RESOLUCION%201285%20DE%202007.pdf HTTP/1.1" 200 922699
66.249.64.163 - - [03/Jan/2015:04:07:26 -0500] "GET /BLA/resoluciones/Notificaciones/AUTOS%202013/2686.doc HTTP/1.1" 200 234496
66.249.64.167 - - [03/Jan/2015:04:08:08 -0500] "GET /BLA/resoluciones/RESOLUCIONES%202009/9809.pdf HTTP/1.1" 200 336326
66.249.64.171 - - [03/Jan/2015:04:08:11 -0500] "GET /BLA/resoluciones/RESOLUCIONES%202003/RES%202003%201701-1750/20031732.tif HTTP/1.1" 304 -
91.207.7.221 - - [03/Jan/2015:04:08:18 -0500] "GET /bla/boletinlegal/index.php? HTTP/1.0" 200 49382
66.249.64.171 - - [03/Jan/2015:04:09:20 -0500] "GET /BLA/resoluciones/AUTOS%202009/2921.pdf HTTP/1.1" 200 102689
66.249.64.163 - - [03/Jan/2015:04:09:52 -0500] "GET /BLA/resoluciones/RESOLUCIONES%202003/RES%202003%201701-1750/20031727.tif HTTP/1.1" 304 -
66.249.64.171 - - [03/Jan/2015:04:10:32 -0500] "GET /BLA/resoluciones/RESOLUCIONES%202007/RES%202007%20901%20AL%201000/RESOLUCION%200924%20DE%202007.pdf HTTP/1.1" 304 -
188.165.25.173 - - [03/Jan/2015:04:11:32 -0500] "GET /robots.txt HTTP/1.0" 404 1019
66.249.64.163 - - [03/Jan/2015:04:11:33 -0500] "GET /BLA/resoluciones/RESOLUCIONES%202003/RES%202003%201701-1750/20031730.tif HTTP/1.1" 304 -
188.165.25.173 - - [03/Jan/2015:04:11:42 -0500] "GET /portalsiaccapacitaciones/Listas%20de%20Asistencia%202014/?C=D;O=A HTTP/1.0" 200 6278
66.249.64.167 - - [03/Jan/2015:04:11:44 -0500] "GET /BLA/resoluciones/RESOLUCIONES%202007/RES%202007%203201%20AL%203300/RESOLUCION%203291%20DE%202007.pdf HTTP/1.1" 200 26503
188.165.25.173 - - [03/Jan/2015:04:11:47 -0500] "GET /portalsiaccapacitaciones/Listas%20de%20Asistencia%202014/?C=M;O=A HTTP/1.0" 200 6278
188.165.25.173 - - [03/Jan/2015:04:11:54 -0500] "GET /portalsiaccapacitaciones/Listas%20de%20Asistencia%202014/?C=N;O=A HTTP/1.0" 200 6278
66.249.64.171 - - [03/Jan/2015:04:12:04 -0500] "GET /BLA/resoluciones/RESOLUCIONES%202004/RES%202004%201601-1650/00001637.tif HTTP/1.1" 200 42478
74.86.158.107 - - [03/Jan/2015:04:12:11 -0500] "HEAD / HTTP/1.1" 302 -
180.76.5.194 - - [03/Jan/2015:04:12:21 -0500] "GET /BLA/boletinlegal;jsessionid=D8FC3772A42954E7DA430A7D016881A7?/? HTTP/1.1" 404 1018
66.249.64.163 - - [03/Jan/2015:04:12:25 -0500] "GET /BLA/resoluciones/RESOLUCIONES%202004/RES%202004%20801-850/00000803.tif HTTP/1.1" 200 56866
66.249.64.167 - - [03/Jan/2015:04:12:56 -0500] "GET /BLA/resoluciones/RESOLUCIONES%202007/RES%202007%20501%20AL%20600/RESOLUCION%200585%20%20DE%202007.pdf HTTP/1.1" 304 -
66.249.64.167 - - [03/Jan/2015:04:13:14 -0500] "GET /BLA/resoluciones/RESOLUCIONES%202003/RES%202003%201701-1750/20031701.tif HTTP/1.1" 304 -
66.249.64.163 - - [03/Jan/2015:04:14:08 -0500] "GET /BLA/resoluciones/AUTOS%202011/6623.pdf HTTP/1.1" 304 -
66.249.64.171 - - [03/Jan/2015:04:14:55 -0500] "GET /BLA/resoluciones/RESOLUCIONES%202003/RES%202003%20451-500/460.tif HTTP/1.1" 304 -
66.249.64.167 - - [03/Jan/2015:04:15:20 -0500] "GET /BLA/resoluciones/RESOLUCIONES%202007/RES%202007%20201%20AL%20300/RESOLUCION%200271%20DE%202007.pdf HTTP/1.1" 200 69083
220.181.108.77 - - [03/Jan/2015:04:15:37 -0500] "GET / HTTP/1.1" 302 -
180.76.5.63 - - [03/Jan/2015:04:16:04 -0500] "GET /BLA/boletinlegal;jsessionid=C6C8B9A5F50DAD31DD13AD3E000117FB?/? HTTP/1.1" 404 1018
66.249.64.167 - - [03/Jan/2015:04:16:32 -0500] "GET /BLA/resoluciones/RESOLUCIONES%202008/1694.pdf HTTP/1.1" 304 -
66.249.64.163 - - [03/Jan/2015:04:16:37 -0500] "GET /BLA/resoluciones/RESOLUCIONES%202003/RES%202003%20451-500/452.tif HTTP/1.1" 304 -
74.86.158.107 - - [03/Jan/2015:04:17:11 -0500] "HEAD / HTTP/1.1" 302 -
66.249.64.163 - - [03/Jan/2015:04:17:44 -0500] "GET /BLA/resoluciones/RESOLUCIONES%202011/5699.pdf HTTP/1.1" 304 -
180.76.6.60 - - [03/Jan/2015:04:18:00 -0500] "GET /BLA/resoluciones/RESOLUCIONES%202007/RES%202007%202201%20AL%202300/RESOLUCION%202226%20DE%202007.pdf HTTP/1.1" 200 764809
66.249.64.163 - - [03/Jan/2015:04:18:18 -0500] "GET /BLA/resoluciones/RESOLUCIONES%202003/RES%202003%20551-600/594.tif HTTP/1.1" 304 -
66.249.64.167 - - [03/Jan/2015:04:18:56 -0500] "GET /BLA/resoluciones/RESOLUCIONES%202007/RES%202007%203101%20AL%203200/RESOLUCION%203109%20%20DE%202007.pdf HTTP/1.1" 200 574201
180.76.6.213 - - [03/Jan/2015:04:19:57 -0500] "GET /BLA/resoluciones/Autos%202008/0196.pdf HTTP/1.1" 200 185761
66.249.64.163 - - [03/Jan/2015:04:19:59 -0500] "GET /BLA/resoluciones/RESOLUCIONES%202003/RES%202003%20451-500/486.tif HTTP/1.1" 304 -
66.249.64.171 - - [03/Jan/2015:04:20:08 -0500] "GET /BLA/resoluciones/AUTOS%202013/1423.pdf HTTP/1.1" 200 1676620
123.125.71.57 - - [03/Jan/2015:04:20:24 -0500] "GET / HTTP/1.1" 302 -
66.249.64.171 - - [03/Jan/2015:04:21:20 -0500] "GET /BLA/resoluciones/RESOLUCIONES%202010/7754.pdf HTTP/1.1" 304 -
66.249.64.171 - - [03/Jan/2015:04:21:40 -0500] "GET /BLA/resoluciones/RESOLUCIONES%202003/RES%202003%20551-600/565.tif HTTP/1.1" 304 -
74.86.158.107 - - [03/Jan/2015:04:22:11 -0500] "HEAD / HTTP/1.1" 302 -
66.249.64.171 - - [03/Jan/2015:04:22:23 -0500] "GET /BLA/resoluciones/RESOLUCIONES%202004/RES%202004%20801-850/00000804.tif HTTP/1.1" 200 275726
66.249.64.167 - - [03/Jan/2015:04:22:32 -0500] "GET /BLA/resoluciones/AUTOS%202013/0541.pdf HTTP/1.1" 304 -
66.249.64.163 - - [03/Jan/2015:04:23:21 -0500] "GET /BLA/resoluciones/RESOLUCIONES%202003/RES%202003%20551-600/587.tif HTTP/1.1" 304 -
66.249.64.167 - - [03/Jan/2015:04:23:44 -0500] "GET /BLA/resoluciones/RESOLUCIONES%202009/7820.pdf HTTP/1.1" 200 486045
66.249.64.167 - - [03/Jan/2015:04:24:56 -0500] "GET /BLA/resoluciones/RESOLUCIONES%202007/RES%202007%202401%20AL%202500/RESOLUCION%202455%20%20DE%202007.pdf HTTP/1.1" 304 -
66.249.64.163 - - [03/Jan/2015:04:25:03 -0500] "GET /BLA/resoluciones/RESOLUCIONES%202003/RES%202003%20551-600/585.tif HTTP/1.1" 304 -
66.249.64.171 - - [03/Jan/2015:04:26:08 -0500] "GET /BLA/resoluciones/RESOLUCIONES%202007/RES%202007%20601%20AL%20700/RESOLUCION%200661%20DE%202007.pdf HTTP/1.1" 304 -
66.249.64.167 - - [03/Jan/2015:04:26:44 -0500] "GET /BLA/resoluciones/RESOLUCIONES%202003/RES%202003%20551-600/573.tif HTTP/1.1" 304 -
74.86.158.107 - - [03/Jan/2015:04:27:11 -0500] "HEAD / HTTP/1.1" 302 -
66.249.64.171 - - [03/Jan/2015:04:27:20 -0500] "GET /BLA/resoluciones/RESOLUCIONES%202007/RES%202007%201201%20AL%201300/RESOLUCION%201236%20DE%202007.pdf HTTP/1.1" 304 -
66.249.64.167 - - [03/Jan/2015:04:28:25 -0500] "GET /BLA/resoluciones/RESOLUCIONES%202003/RES%202003%20551-600/559.tif HTTP/1.1" 304 -
66.249.64.163 - - [03/Jan/2015:04:28:32 -0500] "GET /BLA/resoluciones/RESOLUCIONES%202009/4665.pdf HTTP/1.1" 304 -
180.76.6.149 - - [03/Jan/2015:04:29:28 -0500] "GET /BLA/resoluciones/Autos%202008/1501.pdf HTTP/1.1" 200 281129
66.249.64.167 - - [03/Jan/2015:04:29:44 -0500] "GET /BLA/resoluciones/AUTOS%202007/0599.pdf HTTP/1.1" 200 61265
66.249.64.171 - - [03/Jan/2015:04:30:06 -0500] "GET /BLA/resoluciones/RESOLUCIONES%202003/RES%202003%20551-600/569.tif HTTP/1.1" 304 -
66.249.64.167 - - [03/Jan/2015:04:30:56 -0500] "GET /BLA/resoluciones/AUTOS%202008/0451.pdf HTTP/1.1" 200 385198
66.249.64.167 - - [03/Jan/2015:04:31:47 -0500] "GET /BLA/resoluciones/RESOLUCIONES%202003/RES%202003%20551-600/582.tif HTTP/1.1" 304 -
66.249.64.171 - - [03/Jan/2015:04:32:08 -0500] "GET /BLA/resoluciones/RESOLUCIONES%202007/RES%202007%203301%20AL%203400/RESOLUCION%203302%20DE%202007.pdf HTTP/1.1" 200 667749
74.86.158.107 - - [03/Jan/2015:04:32:11 -0500] "HEAD / HTTP/1.1" 302 -
66.249.64.171 - - [03/Jan/2015:04:32:23 -0500] "GET /BLA/resoluciones/RESOLUCIONES%202004/RES%202004%20801-850/00000815.tif HTTP/1.1" 200 326674
66.249.64.163 - - [03/Jan/2015:04:33:20 -0500] "GET /BLA/resoluciones/RESOLUCIONES%202007/RES%202007%204201%20AL%204300/RESOLUCION%204224%20DE%202007.pdf HTTP/1.1" 200 256319
162.210.196.100 - - [03/Jan/2015:04:33:24 -0500] "GET /robots.txt HTTP/1.0" 404 1015
162.210.196.100 - - [03/Jan/2015:04:33:26 -0500] "GET /publi/ HTTP/1.0" 404 1015
66.249.64.163 - - [03/Jan/2015:04:33:28 -0500] "GET /BLA/resoluciones/RESOLUCIONES%202003/RES%202003%20551-600/595.tif HTTP/1.1" 304 -
180.76.5.188 - - [03/Jan/2015:04:34:18 -0500] "GET /BLA/boletinlegal;jsessionid=3E2927455A3C810EAC84C75600779B62?/? HTTP/1.1" 404 1018
66.249.64.163 - - [03/Jan/2015:04:34:32 -0500] "GET /BLA/resoluciones/RESOLUCIONES%202007/RES%202007%202601%20AL%202700/RESOLUCION%202632%20DE%202007.pdf HTTP/1.1" 200 889704
66.249.64.163 - - [03/Jan/2015:04:35:10 -0500] "GET /BLA/resoluciones/RESOLUCIONES%202003/RES%202003%20551-600/590.tif HTTP/1.1" 304 -
180.76.5.23 - - [03/Jan/2015:04:35:16 -0500] "GET /BLA/boletinlegal;jsessionid=7D74149D980B26E91D9A90225D76F01F?/? HTTP/1.1" 404 1018
66.249.64.163 - - [03/Jan/2015:04:35:44 -0500] "GET /BLA/resoluciones/AUTOS%202008/2507.pdf HTTP/1.1" 304 -
66.249.64.167 - - [03/Jan/2015:04:36:51 -0500] "GET /BLA/resoluciones/RESOLUCIONES%202003/RES%202003%20551-600/593.tif HTTP/1.1" 304 -
66.249.64.171 - - [03/Jan/2015:04:36:56 -0500] "GET /BLA/resoluciones/AUTOS%202013/2431.pdf HTTP/1.1" 200 1834581
74.86.158.107 - - [03/Jan/2015:04:37:11 -0500] "HEAD / HTTP/1.1" 302 -
180.76.5.191 - - [03/Jan/2015:04:37:13 -0500] "GET /BLA/boletinlegal;jsessionid=1CD22F0B7E5E56E4152D22BE1CB8CEC1?/? HTTP/1.1" 404 1018
66.249.64.163 - - [03/Jan/2015:04:38:08 -0500] "GET /BLA/resoluciones/RESOLUCIONES%202011/0268.pdf HTTP/1.1" 200 72161
210.211.107.150 - - [03/Jan/2015:04:38:11 -0500] "GET /robots.txt HTTP/1.1" 404 1019
66.249.64.167 - - [03/Jan/2015:04:38:32 -0500] "GET /BLA/resoluciones/RESOLUCIONES%202003/RES%202003%20551-600/588.tif HTTP/1.1" 304 -
66.249.64.163 - - [03/Jan/2015:04:39:20 -0500] "GET /BLA/resoluciones/AUTOS%202007/2216.pdf HTTP/1.1" 200 80130
66.249.64.171 - - [03/Jan/2015:04:39:30 -0500] "GET /BLA/resoluciones/RESOLUCIONES%202012/1845.pdf HTTP/1.1" 200 541196
179.7.105.96 - - [03/Jan/2015:04:40:03 -0500] "GET /BLA/resoluciones/AUTOS%202011/4157.pdf HTTP/1.1" 200 451445
179.7.105.96 - - [03/Jan/2015:04:40:04 -0500] "GET /BLA/resoluciones/AUTOS%202011/4157.pdf HTTP/1.1" 200 451445
66.249.64.163 - - [03/Jan/2015:04:40:13 -0500] "GET /BLA/resoluciones/RESOLUCIONES%202003/RES%202003%20551-600/598.tif HTTP/1.1" 304 -
66.249.64.171 - - [03/Jan/2015:04:40:28 -0500] "GET /BLA/resoluciones/RESOLUCIONES%202004/RES%202004%201151-1200/00001170.tif HTTP/1.1" 200 187522
66.249.64.171 - - [03/Jan/2015:04:40:32 -0500] "GET /BLA/resoluciones/AUTOS%202008/3315.pdf HTTP/1.1" 304 -
220.181.108.119 - - [03/Jan/2015:04:40:43 -0500] "GET /BLA/resoluciones/RESOLUCIONES%202009/1413.pdf HTTP/1.1" 200 538260
166.127.1.188 - - [03/Jan/2015:04:40:57 -0500] "GET /galeria/carrusel/Carrusel/jquery.thumbnailScroller.css HTTP/1.1" 304 -
217.216.162.246 - - [03/Jan/2015:04:41:06 -0500] "GET /BLA/resoluciones/RESOLUCIONES%202014/0959.pdf HTTP/1.1" 200 627409
217.216.162.246 - - [03/Jan/2015:04:41:07 -0500] "GET /BLA/resoluciones/RESOLUCIONES%202014/0959.pdf HTTP/1.1" 206 32768
217.216.162.246 - - [03/Jan/2015:04:41:08 -0500] "GET /BLA/resoluciones/RESOLUCIONES%202014/0959.pdf HTTP/1.1" 206 594641
217.216.162.246 - - [03/Jan/2015:04:41:35 -0500] "GET /favicon.ico HTTP/1.1" 200 7782
66.249.64.163 - - [03/Jan/2015:04:41:37 -0500] "GET /Autoliquidacion/Grupo%20Forestal%20-%20Industria%20de%20la%20Madera/Formulario%20para%20la%20Relaci%C3%B3n%20de%20Movimientos.pdf HTTP/1.1" 200 120823
66.249.64.163 - - [03/Jan/2015:04:41:44 -0500] "GET /BLA/resoluciones/RESOLUCIONES%202008/4993.pdf HTTP/1.1" 200 237000
66.249.64.167 - - [03/Jan/2015:04:41:54 -0500] "GET /BLA/resoluciones/RESOLUCIONES%202003/RES%202003%20551-600/592.tif HTTP/1.1" 304 -
74.86.158.107 - - [03/Jan/2015:04:42:11 -0500] "HEAD / HTTP/1.1" 302 -
66.249.64.167 - - [03/Jan/2015:04:42:24 -0500] "GET /BLA/resoluciones/RESOLUCIONES%202004/RES%202004%20801-850/00000820.tif HTTP/1.1" 200 135930
66.249.64.171 - - [03/Jan/2015:04:42:56 -0500] "GET /BLA/resoluciones/RESOLUCIONES%202011/2703.pdf HTTP/1.1" 200 709284
66.249.64.163 - - [03/Jan/2015:04:43:35 -0500] "GET /BLA/resoluciones/RESOLUCIONES%202003/RES%202003%20551-600/558.tif HTTP/1.1" 304 -
66.249.64.167 - - [03/Jan/2015:04:44:08 -0500] "GET /BLA/resoluciones/RESOLUCIONES%202007/RES%202007%203401%20AL%203500/RESOLUCION%203452%20DE%202007.pdf HTTP/1.1" 200 879345
66.249.64.167 - - [03/Jan/2015:04:45:17 -0500] "GET /BLA/resoluciones/RESOLUCIONES%202003/RES%202003%20551-600/586.tif HTTP/1.1" 304 -
66.249.64.167 - - [03/Jan/2015:04:45:20 -0500] "GET /BLA/resoluciones/RESOLUCIONES%202007/RES%202007%203401%20AL%203500/RESOLUCION%203493%20DE%202007.pdf HTTP/1.1" 200 819763
66.249.64.171 - - [03/Jan/2015:04:46:32 -0500] "GET /BLA/resoluciones/RESOLUCIONES%202011/0113.pdf HTTP/1.1" 304 -
180.76.6.213 - - [03/Jan/2015:04:46:39 -0500] "GET /BLA/boletinlegal;jsessionid=E8F78DACE746F8C9DB43A6416A72666A?/? HTTP/1.1" 404 1018
66.249.64.171 - - [03/Jan/2015:04:46:58 -0500] "GET /BLA/resoluciones/RESOLUCIONES%202003/RES%202003%201701-1750/20031738.tif HTTP/1.1" 304 -
74.86.158.107 - - [03/Jan/2015:04:47:11 -0500] "HEAD / HTTP/1.1" 302 -
180.76.5.168 - - [03/Jan/2015:04:47:37 -0500] "GET /BLA/resoluciones/index.php?dir=RESOLUCIONES%202007/RES%202007%202401%20AL%202500/&sort=size&order=desc HTTP/1.1" 200 26868
66.249.64.163 - - [03/Jan/2015:04:47:44 -0500] "GET /BLA/resoluciones/AUTOS%202011/5353.pdf HTTP/1.1" 304 -
180.76.6.137 - - [03/Jan/2015:04:48:36 -0500] "GET /BLA/boletinlegal/Directivas/2014/Directiva%20No.%204%20del%2006%20de%20Junio%20de%202014.pdf HTTP/1.1" 200 236794
66.249.64.171 - - [03/Jan/2015:04:48:39 -0500] "GET /BLA/resoluciones/RESOLUCIONES%202003/RES%202003%20551-600/580.tif HTTP/1.1" 304 -
66.249.64.171 - - [03/Jan/2015:04:48:56 -0500] "GET /BLA/resoluciones/RESOLUCIONES%202011/2591.pdf HTTP/1.1" 304 -
180.76.6.232 - - [03/Jan/2015:04:49:34 -0500] "GET /BLA/resoluciones/RESOLUCIONES%202007/RES%202007%202201%20AL%202300/RESOLUCION%202240%20DE%202007.pdf HTTP/1.1" 200 863728
66.249.64.163 - - [03/Jan/2015:04:50:08 -0500] "GET /BLA/resoluciones/AUTOS%202008/2692.pdf HTTP/1.1" 200 134316
66.249.64.163 - - [03/Jan/2015:04:50:20 -0500] "GET /BLA/resoluciones/RESOLUCIONES%202003/RES%202003%20551-600/583.tif HTTP/1.1" 304 -
66.249.64.171 - - [03/Jan/2015:04:51:20 -0500] "GET /BLA/resoluciones/RESOLUCIONES%202007/RES%202007%203601%20AL%203700/RESOLUCION%203613%20DE%202007.pdf HTTP/1.1" 200 401493
66.249.64.163 - - [03/Jan/2015:04:52:01 -0500] "GET /BLA/resoluciones/RESOLUCIONES%202003/RES%202003%201701-1750/20031726.tif HTTP/1.1" 304 -
74.86.158.107 - - [03/Jan/2015:04:52:11 -0500] "HEAD / HTTP/1.1" 302 -
66.249.64.171 - - [03/Jan/2015:04:52:32 -0500] "GET /BLA/resoluciones/RESOLUCIONES%202007/RES%202007%20101%20AL%20200/RESOLUCION%200143%20DE%202007.pdf HTTP/1.1" 304 -
66.249.64.171 - - [03/Jan/2015:04:53:43 -0500] "GET /BLA/resoluciones/RESOLUCIONES%202003/RES%202003%201701-1750/20031748.tif HTTP/1.1" 304 -
66.249.64.163 - - [03/Jan/2015:04:53:44 -0500] "GET /BLA/resoluciones/RESOLUCIONES%202011/3613.pdf HTTP/1.1" 304 -
66.249.64.167 - - [03/Jan/2015:04:54:56 -0500] "GET /BLA/resoluciones/RESOLUCIONES%202007/RES%202007%203801%20AL%203900/RESOLUCION%203810%20DE%202007.pdf HTTP/1.1" 200 377050
180.76.6.61 - - [03/Jan/2015:04:54:57 -0500] "GET /BLA/resoluciones/AUTOS%202007/0493.pdf HTTP/1.1" 200 17640
66.249.64.163 - - [03/Jan/2015:04:55:24 -0500] "GET /BLA/resoluciones/RESOLUCIONES%202002/RES%202002%20251-300/00000255.tif HTTP/1.1" 304 -
66.249.64.171 - - [03/Jan/2015:04:56:08 -0500] "GET /BLA/resoluciones/RESOLUCIONES%202013/0409.pdf HTTP/1.1" 304 -
66.249.64.171 - - [03/Jan/2015:04:56:29 -0500] "GET /BLA/resoluciones/RESOLUCIONES%202004/RES%202004%20801-850/00000836.tif HTTP/1.1" 200 788002
81.39.80.188 - - [03/Jan/2015:04:56:35 -0500] "GET /Anexos%20estudio%20Organizacional%20SDA/ANEXO%20No.%203-%20CONTRATACI%C3%93N%20%20OPS%C2%B4s%202008-2012/CONTRATOS%20SDA%202010%20POR%20DEPENDENCIA%20%281%29.xls HTTP/1.1" 200 549888
81.39.80.188 - - [03/Jan/2015:04:56:36 -0500] "GET /Anexos%20estudio%20Organizacional%20SDA/ANEXO%20No.%203-%20CONTRATACI%C3%93N%20%20OPS%C2%B4s%202008-2012/CONTRATOS%20SDA%202010%20POR%20DEPENDENCIA%20%281%29.xls HTTP/1.1" 200 549888
66.249.64.171 - - [03/Jan/2015:04:57:04 -0500] "GET /BLA/resoluciones/RESOLUCIONES%202003/RES%202003%201701-1750/20031731.tif HTTP/1.1" 304 -
74.86.158.107 - - [03/Jan/2015:04:57:11 -0500] "HEAD / HTTP/1.1" 302 -
66.249.64.163 - - [03/Jan/2015:04:57:20 -0500] "GET /BLA/resoluciones/RESOLUCIONES%202007/RES%202007%202001%20AL%202100/RESOLUCION%202020%20%20DE%202007.pdf HTTP/1.1" 200 1010353
123.125.71.21 - - [03/Jan/2015:04:58:30 -0500] "GET / HTTP/1.1" 302 -
66.249.64.171 - - [03/Jan/2015:04:58:32 -0500] "GET /BLA/resoluciones/RESOLUCIONES%202009/2650.pdf HTTP/1.1" 200 695480
66.249.64.163 - - [03/Jan/2015:04:58:46 -0500] "GET /BLA/resoluciones/RESOLUCIONES%202003/RES%202003%201701-1750/20031736.tif HTTP/1.1" 304 -
220.181.108.112 - - [03/Jan/2015:04:59:09 -0500] "GET / HTTP/1.1" 302 -
66.249.64.163 - - [03/Jan/2015:04:59:44 -0500] "GET /BLA/resoluciones/RESOLUCIONES%202008/1983.pdf HTTP/1.1" 200 682630
66.249.64.171 - - [03/Jan/2015:05:00:27 -0500] "GET /BLA/resoluciones/RESOLUCIONES%202003/RES%202003%201701-1750/20031728.tif HTTP/1.1" 304 -
66.249.64.171 - - [03/Jan/2015:05:00:56 -0500] "GET /BLA/resoluciones/RESOLUCIONES%202010/7841.pdf HTTP/1.1" 200 100668
66.249.64.171 - - [03/Jan/2015:05:02:08 -0500] "GET /BLA/resoluciones/RESOLUCIONES%202011/0338.pdf HTTP/1.1" 304 -
66.249.64.167 - - [03/Jan/2015:05:02:09 -0500] "GET /BLA/resoluciones/RESOLUCIONES%202003/RES%202003%201701-1750/20031715.tif HTTP/1.1" 304 -
74.86.158.107 - - [03/Jan/2015:05:02:11 -0500] "HEAD / HTTP/1.1" 302 -
180.76.5.176 - - [03/Jan/2015:05:03:06 -0500] "GET /BLA/resoluciones/AUTOS%202011/3378.pdf HTTP/1.1" 200 183357
66.249.64.39 - - [03/Jan/2015:05:03:20 -0500] "GET /POT-2013/index.php?dir=Articulado%2F HTTP/1.1" 200 1857
66.249.64.167 - - [03/Jan/2015:05:03:50 -0500] "GET /BLA/resoluciones/RESOLUCIONES%202003/RES%202003%201701-1750/20031713.tif HTTP/1.1" 304 -
66.249.64.171 - - [03/Jan/2015:05:04:32 -0500] "GET /BLA/resoluciones/Notificaciones/REGISTROS%202014/01411.doc HTTP/1.1" 200 153600
66.249.64.167 - - [03/Jan/2015:05:04:58 -0500] "GET /BLA/resoluciones/RESOLUCIONES%202010/7136.pdf HTTP/1.1" 304 -
66.249.64.171 - - [03/Jan/2015:05:05:31 -0500] "GET /BLA/resoluciones/RESOLUCIONES%202003/RES%202003%201701-1750/00001705.tif HTTP/1.1" 304 -
66.249.64.171 - - [03/Jan/2015:05:05:44 -0500] "GET /BLA/resoluciones/RESOLUCIONES%202013/1134.pdf HTTP/1.1" 304 -
66.249.64.171 - - [03/Jan/2015:05:06:30 -0500] "GET /BLA/resoluciones/RESOLUCIONES%202004/RES%202004%20801-850/00000810.tif HTTP/1.1" 200 276080
180.76.6.130 - - [03/Jan/2015:05:06:42 -0500] "GET /BLA/resoluciones/RESOLUCIONES%202009/2414.pdf HTTP/1.1" 200 333132
66.249.64.167 - - [03/Jan/2015:05:06:56 -0500] "GET /BLA/resoluciones/RESOLUCIONES%202007/RES%202007%20501%20AL%20600/RESOLUCION%200511%20DE%202007.pdf HTTP/1.1" 304 -
74.86.158.107 - - [03/Jan/2015:05:07:11 -0500] "HEAD / HTTP/1.1" 302 -
66.249.64.163 - - [03/Jan/2015:05:07:11 -0500] "GET /BLA/resoluciones/RESOLUCIONES%202003/RES%202003%201701-1750/20031741.tif HTTP/1.1" 304 -
180.76.5.151 - - [03/Jan/2015:05:07:27 -0500] "GET /BLA/boletinlegal;jsessionid=8712636A62D86EA75EB27B1FD03BBB94?/? HTTP/1.1" 404 1018
66.249.64.163 - - [03/Jan/2015:05:08:08 -0500] "GET /BLA/resoluciones/RESOLUCIONES%202012/0497.pdf HTTP/1.1" 304 -
166.127.1.188 - - [03/Jan/2015:05:08:26 -0500] "GET /galeria/nivo-slider/demo/images/banner-redes.jpg HTTP/1.1" 304 -
66.249.64.167 - - [03/Jan/2015:05:08:53 -0500] "GET /BLA/resoluciones/RESOLUCIONES%202003/RES%202003%20501-550/507.tif HTTP/1.1" 304 -
66.249.64.171 - - [03/Jan/2015:05:09:16 -0500] "GET /BLA/resoluciones/RESOLUCIONES%202004/RES%202004%201201-1250/00001224.tif HTTP/1.1" 200 199042
66.249.64.163 - - [03/Jan/2015:05:09:20 -0500] "GET /BLA/resoluciones/AUTOS%202011/1418.pdf HTTP/1.1" 200 98037
66.249.64.163 - - [03/Jan/2015:05:10:32 -0500] "GET /POT-2013/Cartografia/32_Altura%20para%20c%C3%A1lculo%20de%20edificabilidad%20predominante%20y%20aisl.pdf HTTP/1.1" 200 3984236
207.46.13.61 - - [03/Jan/2015:05:10:37 -0500] "GET /catalogoisis/index.php HTTP/1.1" 200 8575
66.249.64.167 - - [03/Jan/2015:05:11:38 -0500] "GET /BLA/resoluciones/RESOLUCIONES%202012/1888.pdf HTTP/1.1" 200 825696
66.249.64.171 - - [03/Jan/2015:05:11:39 -0500] "GET /BLA/resoluciones/RESOLUCIONES%202003/RES%202003%20501-550/530.tif HTTP/1.1" 304 -
66.249.64.171 - - [03/Jan/2015:05:11:44 -0500] "GET /BLA/resoluciones/RESOLUCIONES%202011/3863.pdf HTTP/1.1" 200 282419
74.86.158.107 - - [03/Jan/2015:05:12:11 -0500] "HEAD / HTTP/1.1" 302 -
180.76.5.151 - - [03/Jan/2015:05:12:14 -0500] "GET /BLA/boletinlegal;jsessionid=72125B44A378A8BEDE159398D2F14628?/? HTTP/1.1" 404 1018
66.249.64.167 - - [03/Jan/2015:05:12:15 -0500] "GET /BLA/resoluciones/RESOLUCIONES%202003/RES%202003%20501-550/501.tif HTTP/1.1" 304 -
66.249.64.167 - - [03/Jan/2015:05:12:56 -0500] "GET /BLA/resoluciones/RESOLUCIONES%202012/1330.pdf HTTP/1.1" 304 -
66.249.64.171 - - [03/Jan/2015:05:12:58 -0500] "GET /BLA/resoluciones/RESOLUCIONES%202004/RES%202004%20801-850/00000829.tif HTTP/1.1" 200 39016
198.252.44.8 - - [03/Jan/2015:05:13:15 -0500] "GET /galeria/nivo-slider/demo/demo.html HTTP/1.0" 200 3150
190.1.167.194 - - [03/Jan/2015:05:13:20 -0500] "GET /BLA/resoluciones/RESOLUCIONES%202007/RES%202007%20701%20AL%20800/RESOLUCION%200705%20DE%202007.pdf HTTP/1.1" 200 1060513
190.1.167.194 - - [03/Jan/2015:05:13:20 -0500] "GET /BLA/resoluciones/RESOLUCIONES%202007/RES%202007%20701%20AL%20800/RESOLUCION%200705%20DE%202007.pdf HTTP/1.1" 206 32768
190.1.167.194 - - [03/Jan/2015:05:13:21 -0500] "GET /BLA/resoluciones/RESOLUCIONES%202007/RES%202007%20701%20AL%20800/RESOLUCION%200705%20DE%202007.pdf HTTP/1.1" 206 1027745
190.1.167.194 - - [03/Jan/2015:05:13:22 -0500] "HEAD /BLA/resoluciones/RESOLUCIONES%202007/RES%202007%20701%20AL%20800/RESOLUCION%200705%20DE%202007.pdf HTTP/1.1" 200 -
190.1.167.194 - - [03/Jan/2015:05:13:23 -0500] "GET /BLA/resoluciones/RESOLUCIONES%202007/RES%202007%20701%20AL%20800/RESOLUCION%200705%20DE%202007.pdf HTTP/1.1" 200 1060513
190.1.167.194 - - [03/Jan/2015:05:13:31 -0500] "GET /favicon.ico HTTP/1.1" 200 7782
66.249.64.163 - - [03/Jan/2015:05:13:56 -0500] "GET /BLA/resoluciones/RESOLUCIONES%202003/RES%202003%20501-550/515.tif HTTP/1.1" 304 -
66.249.64.163 - - [03/Jan/2015:05:14:08 -0500] "GET /BLA/resoluciones/Notificaciones/AUTOS%202014/3265.doc HTTP/1.1" 200 99328
166.127.1.188 - - [03/Jan/2015:05:14:20 -0500] "GET /galeria/nivo-slider/demo/images/Tingua-azul.jpg HTTP/1.1" 304 -
66.249.64.163 - - [03/Jan/2015:05:15:20 -0500] "GET /BLA/resoluciones/RESOLUCIONES%202007/RES%202007%204001%20AL%204100/RESOLUCION%204022%20DE%202007.pdf HTTP/1.1" 200 570093
66.249.64.171 - - [03/Jan/2015:05:15:38 -0500] "GET /BLA/resoluciones/RESOLUCIONES%202003/RES%202003%20501-550/540.tif HTTP/1.1" 304 -
66.249.64.167 - - [03/Jan/2015:05:16:32 -0500] "GET /BLA/resoluciones/RESOLUCIONES%202013/2083.pdf HTTP/1.1" 200 461387
74.86.158.107 - - [03/Jan/2015:05:17:11 -0500] "HEAD / HTTP/1.1" 302 -
66.249.64.167 - - [03/Jan/2015:05:17:19 -0500] "GET /BLA/resoluciones/RESOLUCIONES%202003/RES%202003%20501-550/506.tif HTTP/1.1" 304 -
66.249.64.171 - - [03/Jan/2015:05:17:32 -0500] "GET /forest/ HTTP/1.1" 200 1373
66.249.64.171 - - [03/Jan/2015:05:17:44 -0500] "GET /BLA/resoluciones/AUTOS%202011/4893.pdf HTTP/1.1" 304 -
66.249.64.163 - - [03/Jan/2015:05:18:56 -0500] "GET /BLA/resoluciones/AUTOS%202013/0041.pdf HTTP/1.1" 304 -
66.249.64.171 - - [03/Jan/2015:05:19:00 -0500] "GET /BLA/resoluciones/RESOLUCIONES%202003/RES%202003%20501-550/536.tif HTTP/1.1" 304 -
66.249.64.163 - - [03/Jan/2015:05:20:08 -0500] "GET /BLA/resoluciones/AUTOS%202013/0540.pdf HTTP/1.1" 200 1616839
66.249.64.171 - - [03/Jan/2015:05:20:41 -0500] "GET /BLA/resoluciones/RESOLUCIONES%202003/RES%202003%20501-550/503.tif HTTP/1.1" 304 -
66.249.64.171 - - [03/Jan/2015:05:21:20 -0500] "GET /BLA/resoluciones/AUTOS%202011/1968.pdf HTTP/1.1" 200 525331
74.86.158.107 - - [03/Jan/2015:05:22:11 -0500] "HEAD / HTTP/1.1" 302 -
66.249.64.163 - - [03/Jan/2015:05:22:17 -0500] "GET /BLA/resoluciones/RESOLUCIONES%202004/RES%202004%20801-850/00000846.tif HTTP/1.1" 200 277536
66.249.64.163 - - [03/Jan/2015:05:22:21 -0500] "GET /BLA/resoluciones/RESOLUCIONES%202003/RES%202003%20501-550/547.tif HTTP/1.1" 304 -
66.249.64.163 - - [03/Jan/2015:05:22:32 -0500] "GET /BLA/resoluciones/AUTOS%202011/0188.pdf HTTP/1.1" 304 -
66.249.64.163 - - [03/Jan/2015:05:23:44 -0500] "GET /BLA/resoluciones/RESOLUCIONES%202007/RES%202007%20101%20AL%20200/RESOLUCION%200108%20%20DE%202007.pdf HTTP/1.1" 304 -
66.249.64.167 - - [03/Jan/2015:05:24:04 -0500] "GET /BLA/resoluciones/RESOLUCIONES%202003/RES%202003%20501-550/523.tif HTTP/1.1" 304 -
66.249.64.167 - - [03/Jan/2015:05:24:21 -0500] "GET /BLA/resoluciones/RESOLUCIONES%202003/RES%202003%20501-550/540.tif HTTP/1.1" 304 -
66.249.64.167 - - [03/Jan/2015:05:24:56 -0500] "GET /BLA/resoluciones/AUTOS%202013/0511.pdf HTTP/1.1" 200 1629657
66.249.64.163 - - [03/Jan/2015:05:25:45 -0500] "GET /BLA/resoluciones/RESOLUCIONES%202003/RES%202003%20501-550/541.tif HTTP/1.1" 304 -
66.249.64.167 - - [03/Jan/2015:05:26:08 -0500] "GET /BLA/resoluciones/RESOLUCIONES%202011/5202.pdf HTTP/1.1" 304 -
74.86.158.107 - - [03/Jan/2015:05:27:11 -0500] "HEAD / HTTP/1.1" 302 -
66.249.64.163 - - [03/Jan/2015:05:27:20 -0500] "GET /BLA/resoluciones/RESOLUCIONES%202007/RES%202007%20701%20AL%20800/RESOLUCION%200705%20DE%202007.pdf HTTP/1.1" 304 -
66.249.64.167 - - [03/Jan/2015:05:27:24 -0500] "GET /BLA/resoluciones/RESOLUCIONES%202012/1813.pdf HTTP/1.1" 200 380990
66.249.64.171 - - [03/Jan/2015:05:27:26 -0500] "GET /BLA/resoluciones/RESOLUCIONES%202003/RES%202003%20501-550/524.tif HTTP/1.1" 304 -
180.76.5.73 - - [03/Jan/2015:05:27:43 -0500] "GET /BLA/boletinlegal;jsessionid=531E952D40DF2EBB1BDD7A1F236D6A66?/? HTTP/1.1" 404 1018
66.249.64.171 - - [03/Jan/2015:05:28:32 -0500] "GET /BLA/resoluciones/RESOLUCIONES%202013/1135.pdf HTTP/1.1" 304 -
66.249.64.167 - - [03/Jan/2015:05:29:07 -0500] "GET /BLA/resoluciones/RESOLUCIONES%202003/RES%202003%20501-550/502.tif HTTP/1.1" 304 -
66.249.64.171 - - [03/Jan/2015:05:29:44 -0500] "GET /BLA/resoluciones/AUTOS%202008/1627.pdf HTTP/1.1" 200 66198
66.249.64.163 - - [03/Jan/2015:05:30:49 -0500] "GET /BLA/resoluciones/RESOLUCIONES%202003/RES%202003%20501-550/550.tif HTTP/1.1" 304 -
66.249.64.171 - - [03/Jan/2015:05:30:56 -0500] "GET /autoliquidacion/index.php?dir=Solicitud%20de%20Clasificaci%F3n%20de%20Impacto%20Ambiental/&sort=date&order=asc HTTP/1.1" 200 3349
220.181.108.148 - - [03/Jan/2015:05:31:06 -0500] "GET /re/Talleres/papel/imagenes%20papel/fotos%20papel/papiro%204.jpg HTTP/1.1" 404 1019
180.76.5.78 - - [03/Jan/2015:05:31:07 -0500] "GET /BLA/resoluciones/RESOLUCIONES%202007/RES%202007%20201%20AL%20300/RESOLUCION%200260%20DE%202007.pdf HTTP/1.1" 200 427009
66.249.64.171 - - [03/Jan/2015:05:32:08 -0500] "GET /autoliquidacion/index.php?dir=Solicitudes%20relacionadas%20con%20calidad%20del%20aire%20auditiva%20y%20visual/Registro%20de%20Elementos%20de%20publicidad%20Exterior%20Visual/&sort=size&order=desc HTTP/1.1" 200 4036
74.86.158.107 - - [03/Jan/2015:05:32:11 -0500] "HEAD / HTTP/1.1" 302 -
66.249.64.163 - - [03/Jan/2015:05:32:19 -0500] "GET /BLA/resoluciones/RESOLUCIONES%202004/RES%202004%20801-850/00000824.tif HTTP/1.1" 200 1192532
66.249.64.171 - - [03/Jan/2015:05:32:35 -0500] "GET /BLA/resoluciones/RESOLUCIONES%202003/RES%202003%20501-550/510.tif HTTP/1.1" 304 -
66.249.64.167 - - [03/Jan/2015:05:33:20 -0500] "GET /BLA/resoluciones/RESOLUCIONES%202010/3856.pdf HTTP/1.1" 200 1081894
66.249.64.163 - - [03/Jan/2015:05:34:11 -0500] "GET /BLA/resoluciones/RESOLUCIONES%202003/RES%202003%20501-550/513.tif HTTP/1.1" 304 -
66.249.64.167 - - [03/Jan/2015:05:34:32 -0500] "GET /BLA/resoluciones/RESOLUCIONES%202009/7048.pdf HTTP/1.1" 200 723278
66.249.64.167 - - [03/Jan/2015:05:35:11 -0500] "GET /BLA/resoluciones/RESOLUCIONES%202004/RES%202004%201501-1550/00001506.tif HTTP/1.1" 200 110162
66.249.64.47 - - [03/Jan/2015:05:35:44 -0500] "GET /portalsiaccapacitaciones/Soportes%20Capacitaciones%20A%C3%B1o%202014/0070.%20EcoConducci%C3%B3n%20-%20Generalidades%20%2005-05-14.pdf HTTP/1.1" 304 -
66.249.64.163 - - [03/Jan/2015:05:35:52 -0500] "GET /BLA/resoluciones/RESOLUCIONES%202003/RES%202003%20501-550/512.tif HTTP/1.1" 304 -
66.249.64.163 - - [03/Jan/2015:05:36:56 -0500] "GET /BLA/ HTTP/1.1" 200 538
74.86.158.107 - - [03/Jan/2015:05:37:11 -0500] "HEAD / HTTP/1.1" 302 -
66.249.64.163 - - [03/Jan/2015:05:37:36 -0500] "GET /BLA/resoluciones/RESOLUCIONES%202003/RES%202003%20501-550/542.tif HTTP/1.1" 304 -
66.249.64.43 - - [03/Jan/2015:05:38:08 -0500] "GET /ecodirectorio/files/res/pages/page_0056.swf HTTP/1.1" 200 108533
66.249.64.167 - - [03/Jan/2015:05:39:14 -0500] "GET /BLA/resoluciones/RESOLUCIONES%202003/RES%202003%20501-550/505.tif HTTP/1.1" 304 -
66.249.64.39 - - [03/Jan/2015:05:39:20 -0500] "GET /ecodirectorio/files/res/languages/de/download.xml HTTP/1.1" 304 -
66.249.64.43 - - [03/Jan/2015:05:40:32 -0500] "GET /legri.htm HTTP/1.1" 404 1019
190.25.232.143 - - [03/Jan/2015:05:40:43 -0500] "GET /galeria/nivo-slider/themes/orman/orman.css HTTP/1.1" 304 -
180.76.5.150 - - [03/Jan/2015:05:40:44 -0500] "GET /BLA/resoluciones/index.php?dir=AUTOS%202011/&sort=name&order=desc HTTP/1.1" 200 515939
66.249.64.171 - - [03/Jan/2015:05:40:56 -0500] "GET /BLA/resoluciones/RESOLUCIONES%202003/RES%202003%20501-550/543.tif HTTP/1.1" 304 -
66.249.64.47 - - [03/Jan/2015:05:41:44 -0500] "GET /Autoliquidacion/index.php?dir=Solicitudes+relacionadas+con+calidad+del+aire+auditiva+y+visual%2FRegistro+de+Elementos+de+publicidad+Exterior+Visual%2F HTTP/1.1" 200 4037
74.86.158.107 - - [03/Jan/2015:05:42:11 -0500] "HEAD / HTTP/1.1" 302 -
66.249.64.163 - - [03/Jan/2015:05:42:35 -0500] "GET /BLA/resoluciones/RESOLUCIONES%202003/RES%202003%20501-550/532.tif HTTP/1.1" 304 -
66.249.64.171 - - [03/Jan/2015:05:42:36 -0500] "GET /BLA/resoluciones/RESOLUCIONES%202004/RES%202004%20801-850/00000839.tif HTTP/1.1" 200 36212
66.249.64.171 - - [03/Jan/2015:05:42:56 -0500] "GET /BLA/resoluciones/RESOLUCIONES%202007/RES%202007%20601%20AL%20700/RESOLUCION%200645%20DE%202007.pdf HTTP/1.1" 200 449791
66.249.64.171 - - [03/Jan/2015:05:43:27 -0500] "GET /sia/ HTTP/1.1" 304 -
66.249.64.163 - - [03/Jan/2015:05:44:08 -0500] "GET /BLA/resoluciones/RESOLUCIONES%202010/0223.pdf HTTP/1.1" 304 -
186.31.120.133 - - [03/Jan/2015:05:44:14 -0500] "GET /BLA/resoluciones/RESOLUCIONES%202014/1941.pdf HTTP/1.1" 200 613523
186.31.120.133 - - [03/Jan/2015:05:44:15 -0500] "GET /BLA/resoluciones/RESOLUCIONES%202014/1941.pdf HTTP/1.1" 200 613523
66.249.64.163 - - [03/Jan/2015:05:44:18 -0500] "GET /BLA/resoluciones/RESOLUCIONES%202003/RES%202003%20501-550/514.tif HTTP/1.1" 304 -
190.127.233.76 - - [03/Jan/2015:05:44:51 -0500] "GET /BLA/boletinlegal/js/jquery.js HTTP/1.1" 200 57254
190.127.233.76 - - [03/Jan/2015:05:44:51 -0500] "GET /BLA/boletinlegal/js/jquery.scrollTo-min.js HTTP/1.1" 200 1150
190.127.233.76 - - [03/Jan/2015:05:44:51 -0500] "GET /BLA/boletinlegal/js/jquery.scrollShow.js HTTP/1.1" 200 4586
220.181.108.160 - - [03/Jan/2015:05:45:07 -0500] "GET /BLA/boletinlegal/js/jquery.js HTTP/1.1" 200 57254
66.249.64.171 - - [03/Jan/2015:05:45:20 -0500] "GET /BLA/resoluciones/RESOLUCIONES%202009/4231.pdf HTTP/1.1" 200 637292
66.249.64.167 - - [03/Jan/2015:05:45:59 -0500] "GET /BLA/resoluciones/RESOLUCIONES%202003/RES%202003%20501-550/517.tif HTTP/1.1" 304 -
66.249.64.171 - - [03/Jan/2015:05:46:32 -0500] "GET /BLA/resoluciones/RESOLUCIONES%202007/RES%202007%201301%20AL%201400/RESOLUCION%201326%20DE%202007.pdf HTTP/1.1" 200 350512
180.76.6.59 - - [03/Jan/2015:05:46:56 -0500] "GET /BLA/boletinlegal;jsessionid=4F6A8075E5715E2B9248DB46CBA06A80?/? HTTP/1.1" 404 1018
74.86.158.107 - - [03/Jan/2015:05:47:11 -0500] "HEAD / HTTP/1.1" 302 -
66.249.64.167 - - [03/Jan/2015:05:47:40 -0500] "GET /BLA/resoluciones/RESOLUCIONES%202003/RES%202003%20501-550/548.tif HTTP/1.1" 304 -
66.249.64.171 - - [03/Jan/2015:05:47:44 -0500] "GET /BLA/resoluciones/AUTOS%202007/0308.pdf HTTP/1.1" 200 65640
66.249.64.163 - - [03/Jan/2015:05:48:56 -0500] "GET /BLA/resoluciones/RESOLUCIONES%202007/RES%202007%202201%20AL%202300/RESOLUCION%202244%20DE%202007.pdf HTTP/1.1" 200 350561
66.249.64.167 - - [03/Jan/2015:05:49:22 -0500] "GET /BLA/resoluciones/RESOLUCIONES%202003/RES%202003%20501-550/509.tif HTTP/1.1" 304 -
66.249.64.163 - - [03/Jan/2015:05:50:08 -0500] "GET /BLA/resoluciones/RESOLUCIONES%202007/RES%202007%202201%20AL%202300/RESOLUCION%202201%20DE%202007.pdf HTTP/1.1" 200 403286
66.249.64.163 - - [03/Jan/2015:05:51:03 -0500] "GET /BLA/resoluciones/RESOLUCIONES%202003/RES%202003%20501-550/539.tif HTTP/1.1" 304 -
66.249.64.167 - - [03/Jan/2015:05:51:20 -0500] "GET /BLA/resoluciones/RESOLUCIONES%202009/5777.pdf HTTP/1.1" 200 1098067
179.37.193.141 - - [03/Jan/2015:05:51:24 -0500] "POST /xmlrpc.php HTTP/1.1" 404 1018
74.86.158.107 - - [03/Jan/2015:05:52:11 -0500] "HEAD / HTTP/1.1" 302 -
66.249.64.167 - - [03/Jan/2015:05:52:32 -0500] "GET /BLA/resoluciones/RESOLUCIONES%202010/5864.pdf HTTP/1.1" 304 -
66.249.64.163 - - [03/Jan/2015:05:52:42 -0500] "GET /BLA/resoluciones/RESOLUCIONES%202003/RES%202003%20501-550/508.tif HTTP/1.1" 304 -
66.249.64.171 - - [03/Jan/2015:05:52:43 -0500] "GET /BLA/resoluciones/RESOLUCIONES%202004/RES%202004%20801-850/00000845.tif HTTP/1.1" 200 135470
180.76.6.141 - - [03/Jan/2015:05:52:55 -0500] "GET /BLA/resoluciones/RESOLUCIONES%202009/2372.pdf HTTP/1.1" 200 333310
109.194.164.85 - - [03/Jan/2015:05:53:16 -0500] "GET / HTTP/1.0" 302 -
66.249.64.167 - - [03/Jan/2015:05:53:44 -0500] "GET /BLA/resoluciones/RESOLUCIONES%202007/RES%202007%202301%20AL%202400/RESOLUCION%202326%20DE%202007.pdf HTTP/1.1" 304 -
66.249.64.171 - - [03/Jan/2015:05:54:25 -0500] "GET /BLA/resoluciones/RESOLUCIONES%202003/RES%202003%20501-550/511.tif HTTP/1.1" 304 -
66.249.64.163 - - [03/Jan/2015:05:54:56 -0500] "GET /BLA/resoluciones/AUTOS%202010/0117.pdf HTTP/1.1" 304 -
68.180.229.40 - - [03/Jan/2015:05:56:05 -0500] "GET / HTTP/1.1" 302 -
66.249.64.171 - - [03/Jan/2015:05:56:07 -0500] "GET /BLA/resoluciones/RESOLUCIONES%202003/RES%202003%20501-550/544.tif HTTP/1.1" 304 -
66.249.64.163 - - [03/Jan/2015:05:56:08 -0500] "GET /BLA/resoluciones/AUTOS%202013/0293.pdf HTTP/1.1" 304 -
74.86.158.107 - - [03/Jan/2015:05:57:11 -0500] "HEAD / HTTP/1.1" 302 -
66.249.64.171 - - [03/Jan/2015:05:57:20 -0500] "GET /BLA/resoluciones/RESOLUCIONES%202014/1892.pdf HTTP/1.1" 304 -
66.249.64.171 - - [03/Jan/2015:05:57:48 -0500] "GET /BLA/resoluciones/RESOLUCIONES%202003/RES%202003%20501-550/531.tif HTTP/1.1" 304 -
66.249.64.163 - - [03/Jan/2015:05:58:32 -0500] "GET /BLA/resoluciones/AUTOS%202007/3652.pdf HTTP/1.1" 304 -
180.76.6.148 - - [03/Jan/2015:05:59:11 -0500] "GET /BLA/resoluciones/RESOLUCIONES%202007/RES%202007%202201%20AL%202300/RESOLUCION%202300%20DE%202007.pdf HTTP/1.1" 200 366034
66.249.64.171 - - [03/Jan/2015:05:59:29 -0500] "GET /BLA/resoluciones/RESOLUCIONES%202003/RES%202003%20501-550/518.tif HTTP/1.1" 304 -
66.249.64.163 - - [03/Jan/2015:05:59:30 -0500] "GET /BLA/resoluciones/RESOLUCIONES%202009/2023.pdf HTTP/1.1" 200 685926
66.249.64.167 - - [03/Jan/2015:05:59:44 -0500] "GET /BLA/resoluciones/RESOLUCIONES%202007/RES%202007%20101%20AL%20200/RESOLUCION%200174%20DE%202007.pdf HTTP/1.1" 200 520411
66.249.64.171 - - [03/Jan/2015:06:00:56 -0500] "GET /BLA/resoluciones/RESOLUCIONES%202007/RES%202007%201901%20AL%202000/RESOLUCION%201972%20DE%202007.pdf HTTP/1.1" 304 -
66.249.64.163 - - [03/Jan/2015:06:01:10 -0500] "GET /BLA/resoluciones/RESOLUCIONES%202003/RES%202003%20501-550/535.tif HTTP/1.1" 304 -
66.249.64.163 - - [03/Jan/2015:06:01:56 -0500] "GET /BLA/resoluciones/RESOLUCIONES%202004/RES%202004%201751-1800/00001776.tif HTTP/1.1" 200 140408
66.249.64.163 - - [03/Jan/2015:06:02:08 -0500] "GET /BLA/resoluciones/RESOLUCIONES%202007/RES%202007%204101%20AL%204200/RESOLUCION%204161%20DE%202007.pdf HTTP/1.1" 200 1205972
74.86.158.107 - - [03/Jan/2015:06:02:11 -0500] "HEAD / HTTP/1.1" 302 -
100.43.85.25 - - [03/Jan/2015:06:02:44 -0500] "GET / HTTP/1.1" 302 -
100.43.85.25 - - [03/Jan/2015:06:02:45 -0500] "GET /robots.txt HTTP/1.1" 404 1015
100.43.85.25 - - [03/Jan/2015:06:02:46 -0500] "GET /galeria/nivo-slider/themes/orman/ HTTP/1.1" 200 2091
100.43.85.25 - - [03/Jan/2015:06:02:47 -0500] "GET / HTTP/1.1" 302 -
66.249.64.163 - - [03/Jan/2015:06:02:50 -0500] "GET /BLA/resoluciones/RESOLUCIONES%202003/RES%202003%20501-550/549.tif HTTP/1.1" 304 -
66.249.64.167 - - [03/Jan/2015:06:03:20 -0500] "GET /BLA/resoluciones/AUTOS%202007/3174.pdf HTTP/1.1" 304 -
66.249.64.171 - - [03/Jan/2015:06:03:54 -0500] "GET /BLA/boletinlegal/style.css HTTP/1.1" 200 9406
66.249.64.163 - - [03/Jan/2015:06:03:54 -0500] "GET /BLA/boletinlegal/index.php HTTP/1.1" 200 49382
66.249.64.167 - - [03/Jan/2015:06:04:33 -0500] "GET /BLA/resoluciones/AUTOS%202011/4234.pdf HTTP/1.1" 304 -
66.249.64.163 - - [03/Jan/2015:06:04:34 -0500] "GET /BLA/resoluciones/RESOLUCIONES%202004/RES%202004%20801-850/00000848.tif HTTP/1.1" 200 129498
66.249.64.163 - - [03/Jan/2015:06:04:34 -0500] "GET /BLA/resoluciones/RESOLUCIONES%202003/RES%202003%20501-550/520.tif HTTP/1.1" 304 -
66.249.64.163 - - [03/Jan/2015:06:04:36 -0500] "GET /BLA/boletinlegal/styles2.css HTTP/1.1" 200 1838
66.249.64.167 - - [03/Jan/2015:06:05:44 -0500] "GET /BLA/resoluciones/RESOLUCIONES%202007/RES%202007%201801%20AL%201900/RESOLUCION%201810%20DE%202007.pdf HTTP/1.1" 304 -
66.249.64.171 - - [03/Jan/2015:06:05:53 -0500] "GET /silvicultura/5.pdf HTTP/1.1" 404 1018
66.249.64.167 - - [03/Jan/2015:06:06:14 -0500] "GET /BLA/resoluciones/RESOLUCIONES%202003/RES%202003%20501-550/521.tif HTTP/1.1" 304 -
66.249.64.167 - - [03/Jan/2015:06:06:56 -0500] "GET /BLA/resoluciones/RESOLUCIONES%202009/8590.pdf HTTP/1.1" 200 326530
74.86.158.107 - - [03/Jan/2015:06:07:11 -0500] "HEAD / HTTP/1.1" 302 -
180.76.4.192 - - [03/Jan/2015:06:07:24 -0500] "GET / HTTP/1.1" 302 -
180.76.5.21 - - [03/Jan/2015:06:07:48 -0500] "GET /BLA/boletinlegal/Circulares/2012/Circular%20No.%204%20del%2019%20de%20abril%20de%202012.pdf HTTP/1.1" 200 253045
66.249.64.171 - - [03/Jan/2015:06:07:55 -0500] "GET /BLA/resoluciones/RESOLUCIONES%202003/RES%202003%20501-550/529.tif HTTP/1.1" 304 -
66.249.64.171 - - [03/Jan/2015:06:08:08 -0500] "GET /BLA/resoluciones/RESOLUCIONES%202007/RES%202007%203101%20AL%203200/RESOLUCION%203175%20%20DE%202007.pdf HTTP/1.1" 200 504740
66.249.64.43 - - [03/Jan/2015:06:08:37 -0500] "GET /ecodirectorio/files/res/pages/page_0056.swf HTTP/1.1" 200 108533
123.125.71.40 - - [03/Jan/2015:06:08:47 -0500] "GET / HTTP/1.1" 302 -
66.249.64.167 - - [03/Jan/2015:06:09:20 -0500] "GET /BLA/resoluciones/RESOLUCIONES%202008/5412.pdf HTTP/1.1" 200 477945
66.249.64.167 - - [03/Jan/2015:06:09:36 -0500] "GET /BLA/resoluciones/RESOLUCIONES%202003/RES%202003%20501-550/525.tif HTTP/1.1" 304 -
66.249.64.163 - - [03/Jan/2015:06:10:32 -0500] "GET /BLA/resoluciones/RESOLUCIONES%202008/0349.pdf HTTP/1.1" 304 -
