181.255.37.22 - - [03/Jan/2015:12:07:57 -0500] "GET /BLA/boletinlegal/js/jquery.js HTTP/1.1" 200 57254
181.255.37.22 - - [03/Jan/2015:12:07:57 -0500] "GET /BLA/boletinlegal/js/jquery.scrollTo-min.js HTTP/1.1" 200 1150
66.249.64.171 - - [03/Jan/2015:12:07:57 -0500] "GET /BLA/resoluciones/AUTOS%202007/3079.pdf HTTP/1.1" 200 52051
181.255.37.22 - - [03/Jan/2015:12:07:57 -0500] "GET /BLA/boletinlegal/js/jquery.scrollShow.js HTTP/1.1" 200 4586
186.84.44.72 - - [03/Jan/2015:12:08:17 -0500] "POST /forms/lservlet;jsessionid=ac16012b30d5d11c6496e2c840dd94a48a0507ce41e7.e3iSbxaKaheRe34Sa3yKbhiTahb0n6jAmljGr5XDqQLvpAe HTTP/1.1" 200 2
181.55.253.18 - - [03/Jan/2015:12:08:22 -0500] "GET /BLA/boletinlegal/js/jquery.js HTTP/1.1" 200 57254
181.55.253.18 - - [03/Jan/2015:12:08:22 -0500] "GET /BLA/boletinlegal/js/jquery.scrollTo-min.js HTTP/1.1" 200 1150
181.55.253.18 - - [03/Jan/2015:12:08:22 -0500] "GET /BLA/boletinlegal/js/jquery.scrollShow.js HTTP/1.1" 200 4586
181.55.253.18 - - [03/Jan/2015:12:08:22 -0500] "GET /galeria/carrusel/Carrusel/jquery.thumbnailScroller.css HTTP/1.1" 200 2066
181.55.253.18 - - [03/Jan/2015:12:08:22 -0500] "GET /galeria/carrusel/Carrusel/jquery-ui-1.8.13.custom.min.js HTTP/1.1" 200 10800
181.55.253.18 - - [03/Jan/2015:12:08:22 -0500] "GET /galeria/carrusel/Carrusel/jquery.thumbnailScroller.js HTTP/1.1" 200 8157
181.55.253.18 - - [03/Jan/2015:12:08:24 -0500] "GET /galeria/nivo-slider/demo/demo.html HTTP/1.1" 200 3150
181.55.253.18 - - [03/Jan/2015:12:08:25 -0500] "GET /galeria/nivo-slider/themes/default/default.css HTTP/1.1" 200 1569
181.55.253.18 - - [03/Jan/2015:12:08:25 -0500] "GET /galeria/nivo-slider/themes/pascal/pascal.css HTTP/1.1" 200 2258
181.55.253.18 - - [03/Jan/2015:12:08:25 -0500] "GET /galeria/nivo-slider/themes/orman/orman.css HTTP/1.1" 200 2152
181.55.253.18 - - [03/Jan/2015:12:08:25 -0500] "GET /galeria/nivo-slider/nivo-slider.css HTTP/1.1" 200 1507
181.55.253.18 - - [03/Jan/2015:12:08:25 -0500] "GET /galeria/nivo-slider/demo/style.css HTTP/1.1" 200 2222
181.55.253.18 - - [03/Jan/2015:12:08:25 -0500] "GET /galeria/nivo-slider/demo/images/bolsas-08.jpg HTTP/1.1" 200 85589
181.55.253.18 - - [03/Jan/2015:12:08:25 -0500] "GET /galeria/nivo-slider/demo/images/Ruta-vertimientos-01.jpg HTTP/1.1" 200 130151
181.55.253.18 - - [03/Jan/2015:12:08:25 -0500] "GET /galeria/nivo-slider/demo/images/bolsas-06.jpg HTTP/1.1" 200 90982
181.55.253.18 - - [03/Jan/2015:12:08:25 -0500] "GET /galeria/nivo-slider/demo/images/porloshumedales.jpg HTTP/1.1" 200 351238
181.55.253.18 - - [03/Jan/2015:12:08:25 -0500] "GET /galeria/nivo-slider/demo/images/ecolecta-Dic2014.png HTTP/1.1" 200 288593
181.55.253.18 - - [03/Jan/2015:12:08:25 -0500] "GET /galeria/nivo-slider/demo/images/Tingua-azul.jpg HTTP/1.1" 200 307638
181.55.253.18 - - [03/Jan/2015:12:08:25 -0500] "GET /galeria/nivo-slider/demo/images/Banner-Caracol-Africano.jpg HTTP/1.1" 200 331986
181.55.253.18 - - [03/Jan/2015:12:08:25 -0500] "GET /galeria/nivo-slider/demo/images/banner-redes.jpg HTTP/1.1" 200 62209
181.55.253.18 - - [03/Jan/2015:12:08:25 -0500] "GET /galeria/nivo-slider/demo/images/9Signos.jpg HTTP/1.1" 200 93040
181.55.253.18 - - [03/Jan/2015:12:08:25 -0500] "GET /galeria/nivo-slider/demo/images/banner-llantas2.jpg HTTP/1.1" 200 73153
181.55.253.18 - - [03/Jan/2015:12:08:26 -0500] "GET /galeria/nivo-slider/demo/images/banner-caballos.png HTTP/1.1" 200 389106
181.55.253.18 - - [03/Jan/2015:12:08:26 -0500] "GET /galeria/nivo-slider/demo/scripts/jquery-1.7.1.min.js HTTP/1.1" 200 93868
181.55.253.18 - - [03/Jan/2015:12:08:28 -0500] "GET /galeria/nivo-slider/jquery.nivo.slider.pack.js HTTP/1.1" 200 11561
181.55.253.18 - - [03/Jan/2015:12:08:29 -0500] "GET /galeria/nivo-slider/demo/images/4Simple_Slider.png HTTP/1.1" 200 11722
181.55.253.18 - - [03/Jan/2015:12:08:29 -0500] "GET /galeria/nivo-slider/themes/default/loading.gif HTTP/1.1" 200 1737
181.55.253.18 - - [03/Jan/2015:12:08:32 -0500] "GET /galeria/nivo-slider/demo/images/porloshumedales.jpg HTTP/1.1" 206 1
181.55.253.18 - - [03/Jan/2015:12:08:32 -0500] "GET /galeria/nivo-slider/demo/images/Tingua-azul.jpg HTTP/1.1" 206 1
181.55.253.18 - - [03/Jan/2015:12:08:32 -0500] "GET / HTTP/1.1" 302 -
181.55.253.18 - - [03/Jan/2015:12:08:32 -0500] "GET /galeria/nivo-slider/demo/images/porloshumedales.jpg HTTP/1.1" 206 93093
181.55.253.18 - - [03/Jan/2015:12:08:32 -0500] "GET /galeria/nivo-slider/demo/images/Tingua-azul.jpg HTTP/1.1" 206 96213
181.55.253.18 - - [03/Jan/2015:12:08:34 -0500] "GET /galeria/nivo-slider/themes/default/arrows.png HTTP/1.1" 200 824
181.55.253.18 - - [03/Jan/2015:12:08:34 -0500] "GET /galeria/nivo-slider/themes/default/bullets.png HTTP/1.1" 200 1281
181.55.253.18 - - [03/Jan/2015:12:08:36 -0500] "GET /videos/Spot_CambioClimatico.flv HTTP/1.1" 200 4371917
66.249.64.163 - - [03/Jan/2015:12:08:41 -0500] "GET /BLA/resoluciones/RESOLUCIONES%202009/1621.pdf HTTP/1.1" 200 693415
66.249.64.167 - - [03/Jan/2015:12:08:49 -0500] "GET /BLA/resoluciones/RESOLUCIONES%202006/RES%202006%201351-1400/00001382.tif HTTP/1.1" 304 -
66.249.64.163 - - [03/Jan/2015:12:09:26 -0500] "GET /BLA/resoluciones/RESOLUCIONES%202008/2740.pdf HTTP/1.1" 200 265563
186.113.138.143 - - [03/Jan/2015:12:09:45 -0500] "GET /galeria/nivo-slider/demo/demo.html HTTP/1.1" 200 3150
186.113.138.143 - - [03/Jan/2015:12:09:47 -0500] "GET /galeria/nivo-slider/demo/images/bolsas-08.jpg HTTP/1.1" 200 85589
186.113.138.143 - - [03/Jan/2015:12:09:49 -0500] "GET /galeria/nivo-slider/demo/images/ecolecta-Dic2014.png HTTP/1.1" 200 288593
186.113.138.143 - - [03/Jan/2015:12:09:49 -0500] "GET /galeria/nivo-slider/demo/images/Ruta-vertimientos-01.jpg HTTP/1.1" 200 130151
186.113.138.143 - - [03/Jan/2015:12:09:49 -0500] "GET /galeria/nivo-slider/demo/images/bolsas-06.jpg HTTP/1.1" 200 90982
66.249.64.163 - - [03/Jan/2015:12:09:50 -0500] "GET /BLA/resoluciones/RESOLUCIONES%202005/RES%202005%203001-3050/00003006.tif HTTP/1.1" 304 -
66.249.64.163 - - [03/Jan/2015:12:10:10 -0500] "GET /BLA/resoluciones/AUTOS%202007/3519.pdf HTTP/1.1" 200 432986
186.84.44.72 - - [03/Jan/2015:12:10:17 -0500] "POST /forms/lservlet;jsessionid=ac16012b30d5d11c6496e2c840dd94a48a0507ce41e7.e3iSbxaKaheRe34Sa3yKbhiTahb0n6jAmljGr5XDqQLvpAe HTTP/1.1" 200 2
66.249.64.167 - - [03/Jan/2015:12:10:52 -0500] "GET /BLA/resoluciones/RESOLUCIONES%202005/RES%202005%202051-2100/00002096.tif HTTP/1.1" 304 -
66.249.64.163 - - [03/Jan/2015:12:10:54 -0500] "GET /BLA/resoluciones/RESOLUCIONES%202010/0800.pdf HTTP/1.1" 200 103966
180.76.6.135 - - [03/Jan/2015:12:11:32 -0500] "GET /BLA/boletinlegal;jsessionid=AE1F5AAA8A72C41AA5714A33EEB9F906?/? HTTP/1.1" 404 1018
66.249.64.167 - - [03/Jan/2015:12:11:38 -0500] "GET /BLA/resoluciones/RESOLUCIONES%202008/2457.pdf HTTP/1.1" 200 268556
74.86.158.107 - - [03/Jan/2015:12:11:41 -0500] "HEAD / HTTP/1.1" 302 -
66.249.64.167 - - [03/Jan/2015:12:11:53 -0500] "GET /galeria/nivo-slider/demo/images/comparendo.jpg HTTP/1.1" 304 -
66.249.64.163 - - [03/Jan/2015:12:12:06 -0500] "GET /BLA/resoluciones/AUTOS%202014/1797.pdf HTTP/1.1" 200 318440
66.249.64.171 - - [03/Jan/2015:12:12:16 -0500] "GET /BLA/resoluciones/RESOLUCIONES%202003/RES%202003%201901-1950/00001901.tif HTTP/1.1" 200 208340
186.84.44.72 - - [03/Jan/2015:12:12:17 -0500] "POST /forms/lservlet;jsessionid=ac16012b30d5d11c6496e2c840dd94a48a0507ce41e7.e3iSbxaKaheRe34Sa3yKbhiTahb0n6jAmljGr5XDqQLvpAe HTTP/1.1" 200 2
66.249.64.163 - - [03/Jan/2015:12:12:22 -0500] "GET /BLA/resoluciones/RESOLUCIONES%202012/0300.pdf HTTP/1.1" 200 321347
180.76.6.28 - - [03/Jan/2015:12:12:31 -0500] "GET /BLA/resoluciones/RESOLUCIONES%202010/0584.pdf HTTP/1.1" 200 109008
190.252.233.65 - - [03/Jan/2015:12:12:33 -0500] "GET /BLA/boletinlegal/js/jquery.js HTTP/1.1" 200 57254
190.252.233.65 - - [03/Jan/2015:12:12:33 -0500] "GET /BLA/boletinlegal/js/jquery.scrollTo-min.js HTTP/1.1" 200 1150
190.252.233.65 - - [03/Jan/2015:12:12:33 -0500] "GET /BLA/boletinlegal/js/jquery.scrollShow.js HTTP/1.1" 200 4586
66.249.64.163 - - [03/Jan/2015:12:12:55 -0500] "GET /galeria/nivo-slider/demo/images/Banner-rape.jpg HTTP/1.1" 304 -
66.249.64.163 - - [03/Jan/2015:12:13:06 -0500] "GET /BLA/resoluciones/RESOLUCIONES%202009/1327.pdf HTTP/1.1" 200 522993
66.249.64.167 - - [03/Jan/2015:12:13:50 -0500] "GET /BLA/resoluciones/RESOLUCIONES%202007/RES%202007%204301%20AL%204352/RESOLUCION%204306%20DE%202007.pdf HTTP/1.1" 200 1042275
66.249.64.167 - - [03/Jan/2015:12:13:56 -0500] "GET /BLA/resoluciones/RESOLUCIONES%202005/RES%202005%202351-2400/00002355.tif HTTP/1.1" 304 -
207.46.13.61 - - [03/Jan/2015:12:14:01 -0500] "GET /BLA/boletinlegal?/ HTTP/1.1" 301 313
186.84.44.72 - - [03/Jan/2015:12:14:17 -0500] "POST /forms/lservlet;jsessionid=ac16012b30d5d11c6496e2c840dd94a48a0507ce41e7.e3iSbxaKaheRe34Sa3yKbhiTahb0n6jAmljGr5XDqQLvpAe HTTP/1.1" 200 2
66.249.64.167 - - [03/Jan/2015:12:14:34 -0500] "GET /BLA/resoluciones/AUTOS%202011/7722.pdf HTTP/1.1" 200 193109
66.249.64.163 - - [03/Jan/2015:12:14:58 -0500] "GET /BLA/resoluciones/RESOLUCIONES%202006/RES%202006%201351-1400/00001387.tif HTTP/1.1" 304 -
66.249.64.163 - - [03/Jan/2015:12:15:18 -0500] "GET /BLA/resoluciones/RESOLUCIONES%202007/RES%202007%201101%20AL%201200/RESOLUCION%201174%20DE%202007.pdf HTTP/1.1" 200 1291541
66.249.64.163 - - [03/Jan/2015:12:15:59 -0500] "GET /BLA/resoluciones/RESOLUCIONES%202002/RES%202002%201951-1971/20021962.tif HTTP/1.1" 304 -
66.249.64.163 - - [03/Jan/2015:12:16:02 -0500] "GET /BLA/resoluciones/RESOLUCIONES%202010/4458.pdf HTTP/1.1" 200 454129
186.84.44.72 - - [03/Jan/2015:12:16:17 -0500] "POST /forms/lservlet;jsessionid=ac16012b30d5d11c6496e2c840dd94a48a0507ce41e7.e3iSbxaKaheRe34Sa3yKbhiTahb0n6jAmljGr5XDqQLvpAe HTTP/1.1" 200 2
66.249.64.163 - - [03/Jan/2015:12:16:20 -0500] "GET /Autoliquidacion/Solicitud%20de%20Clasificaci%C3%B3n%20de%20Impacto%20Ambiental/lista-chequeo-sol-clasificacion-impacto-ambiental0.pdf HTTP/1.1" 200 124784
201.184.141.240 - - [03/Jan/2015:12:16:35 -0500] "GET /BLA/boletinlegal/js/jquery.js HTTP/1.1" 200 57254
201.184.141.240 - - [03/Jan/2015:12:16:35 -0500] "GET /BLA/boletinlegal/js/jquery.scrollShow.js HTTP/1.1" 200 4586
201.184.141.240 - - [03/Jan/2015:12:16:35 -0500] "GET /galeria/carrusel/Carrusel/jquery-ui-1.8.13.custom.min.js HTTP/1.1" 200 10800
201.184.141.240 - - [03/Jan/2015:12:16:35 -0500] "GET /BLA/boletinlegal/js/jquery.scrollTo-min.js HTTP/1.1" 200 1150
201.184.141.240 - - [03/Jan/2015:12:16:35 -0500] "GET /galeria/carrusel/Carrusel/jquery.thumbnailScroller.js HTTP/1.1" 200 8157
201.184.141.240 - - [03/Jan/2015:12:16:35 -0500] "GET /galeria/carrusel/Carrusel/jquery.thumbnailScroller.css HTTP/1.1" 200 2066
201.184.141.240 - - [03/Jan/2015:12:16:38 -0500] "GET /galeria/nivo-slider/demo/demo.html HTTP/1.1" 200 3150
201.184.141.240 - - [03/Jan/2015:12:16:38 -0500] "GET /galeria/nivo-slider/themes/default/default.css HTTP/1.1" 200 1569
201.184.141.240 - - [03/Jan/2015:12:16:38 -0500] "GET /galeria/nivo-slider/themes/pascal/pascal.css HTTP/1.1" 200 2258
201.184.141.240 - - [03/Jan/2015:12:16:38 -0500] "GET /galeria/nivo-slider/themes/orman/orman.css HTTP/1.1" 200 2152
201.184.141.240 - - [03/Jan/2015:12:16:38 -0500] "GET /galeria/nivo-slider/nivo-slider.css HTTP/1.1" 200 1507
201.184.141.240 - - [03/Jan/2015:12:16:38 -0500] "GET /galeria/nivo-slider/demo/style.css HTTP/1.1" 200 2222
201.184.141.240 - - [03/Jan/2015:12:16:38 -0500] "GET /galeria/nivo-slider/demo/images/bolsas-08.jpg HTTP/1.1" 200 85589
201.184.141.240 - - [03/Jan/2015:12:16:38 -0500] "GET /galeria/nivo-slider/demo/images/Ruta-vertimientos-01.jpg HTTP/1.1" 200 130151
201.184.141.240 - - [03/Jan/2015:12:16:38 -0500] "GET /galeria/nivo-slider/demo/images/bolsas-06.jpg HTTP/1.1" 200 90982
201.184.141.240 - - [03/Jan/2015:12:16:38 -0500] "GET /galeria/nivo-slider/demo/images/ecolecta-Dic2014.png HTTP/1.1" 200 288593
201.184.141.240 - - [03/Jan/2015:12:16:38 -0500] "GET /galeria/nivo-slider/demo/images/porloshumedales.jpg HTTP/1.1" 200 351238
201.184.141.240 - - [03/Jan/2015:12:16:38 -0500] "GET /galeria/nivo-slider/demo/images/Tingua-azul.jpg HTTP/1.1" 200 307638
201.184.141.240 - - [03/Jan/2015:12:16:38 -0500] "GET /galeria/nivo-slider/demo/images/Banner-Caracol-Africano.jpg HTTP/1.1" 200 331986
201.184.141.240 - - [03/Jan/2015:12:16:39 -0500] "GET /galeria/nivo-slider/demo/images/4Simple_Slider.png HTTP/1.1" 200 11722
74.86.158.107 - - [03/Jan/2015:12:16:41 -0500] "HEAD / HTTP/1.1" 302 -
201.184.141.240 - - [03/Jan/2015:12:16:38 -0500] "GET /galeria/nivo-slider/demo/images/banner-redes.jpg HTTP/1.1" 200 62209
201.184.141.240 - - [03/Jan/2015:12:16:42 -0500] "GET /galeria/nivo-slider/themes/default/loading.gif HTTP/1.1" 200 1737
186.47.5.24 - - [03/Jan/2015:12:16:42 -0500] "GET /BLA/boletinlegal/js/jquery.scrollTo-min.js HTTP/1.1" 200 1150
186.47.5.24 - - [03/Jan/2015:12:16:42 -0500] "GET /BLA/boletinlegal/js/jquery.js HTTP/1.1" 200 57254
186.47.5.24 - - [03/Jan/2015:12:16:42 -0500] "GET /BLA/boletinlegal/js/jquery.scrollShow.js HTTP/1.1" 200 4586
201.184.141.240 - - [03/Jan/2015:12:16:38 -0500] "GET /galeria/nivo-slider/demo/images/9Signos.jpg HTTP/1.1" 200 93040
201.184.141.240 - - [03/Jan/2015:12:16:44 -0500] "GET /galeria/nivo-slider/demo/scripts/jquery-1.7.1.min.js HTTP/1.1" 200 93868
201.184.141.240 - - [03/Jan/2015:12:16:44 -0500] "GET /galeria/nivo-slider/jquery.nivo.slider.pack.js HTTP/1.1" 200 11561
66.249.64.171 - - [03/Jan/2015:12:16:46 -0500] "GET /BLA/resoluciones/RESOLUCIONES%202011/2393.pdf HTTP/1.1" 304 -
186.47.5.24 - - [03/Jan/2015:12:16:47 -0500] "GET /hidrico/aguas%20subterraneas/ HTTP/1.1" 404 1296
201.184.141.240 - - [03/Jan/2015:12:16:38 -0500] "GET /galeria/nivo-slider/demo/images/banner-llantas2.jpg HTTP/1.1" 200 73153
201.184.141.240 - - [03/Jan/2015:12:16:38 -0500] "GET /galeria/nivo-slider/demo/images/banner-caballos.png HTTP/1.1" 200 389106
201.184.141.240 - - [03/Jan/2015:12:16:54 -0500] "GET /galeria/nivo-slider/themes/default/arrows.png HTTP/1.1" 200 824
201.184.141.240 - - [03/Jan/2015:12:16:54 -0500] "GET /galeria/nivo-slider/themes/default/bullets.png HTTP/1.1" 200 1281
66.249.64.163 - - [03/Jan/2015:12:17:01 -0500] "GET /BLA/resoluciones/RESOLUCIONES%202006/RES%202006%201351-1400/00001400.tif HTTP/1.1" 304 -
66.249.64.171 - - [03/Jan/2015:12:17:19 -0500] "GET /BLA/resoluciones/AUTOS%202006/AUTOS%202006%20301-400/00000336.tif HTTP/1.1" 200 56580
66.249.64.163 - - [03/Jan/2015:12:17:30 -0500] "GET /BLA/resoluciones/AUTOS%202013/1350.pdf HTTP/1.1" 304 -
180.76.5.149 - - [03/Jan/2015:12:17:33 -0500] "GET /BLA/resoluciones/index.php?dir=RESOLUCIONES+2003%2FRES+2003+1551-1601%2F HTTP/1.1" 200 12156
66.249.64.167 - - [03/Jan/2015:12:18:02 -0500] "GET /BLA/resoluciones/RESOLUCIONES%202005/RES%202005%202051-2100/00002067.tif HTTP/1.1" 304 -
66.249.64.171 - - [03/Jan/2015:12:18:15 -0500] "GET /BLA/resoluciones/AUTOS%202012/2914.pdf HTTP/1.1" 200 2002188
186.84.44.72 - - [03/Jan/2015:12:18:17 -0500] "POST /forms/lservlet;jsessionid=ac16012b30d5d11c6496e2c840dd94a48a0507ce41e7.e3iSbxaKaheRe34Sa3yKbhiTahb0n6jAmljGr5XDqQLvpAe HTTP/1.1" 200 2
180.76.5.177 - - [03/Jan/2015:12:18:31 -0500] "GET /BLA/resoluciones/RESOLUCIONES%202011/4219.pdf HTTP/1.1" 200 583481
66.249.64.163 - - [03/Jan/2015:12:18:59 -0500] "GET /BLA/resoluciones/AUTOS%202007/1311.pdf HTTP/1.1" 200 189052
66.249.64.167 - - [03/Jan/2015:12:19:04 -0500] "GET /BLA/resoluciones/RESOLUCIONES%202006/RES%202006%201451-1500/00001494.tif HTTP/1.1" 304 -
190.255.119.187 - - [03/Jan/2015:12:19:26 -0500] "GET /BLA/boletinlegal/js/jquery.js HTTP/1.1" 200 57254
190.255.119.187 - - [03/Jan/2015:12:19:26 -0500] "GET /BLA/boletinlegal/js/jquery.scrollTo-min.js HTTP/1.1" 200 1150
190.255.119.187 - - [03/Jan/2015:12:19:26 -0500] "GET /BLA/boletinlegal/js/jquery.scrollShow.js HTTP/1.1" 200 4586
190.68.181.124 - - [03/Jan/2015:12:19:37 -0500] "GET /forest/session.jsp?a=0.6441770054509492 HTTP/1.1" 200 5
190.68.181.124 - - [03/Jan/2015:12:19:37 -0500] "GET /forest/login.jsp?a=0.4447185868145874 HTTP/1.1" 200 2996
66.249.64.163 - - [03/Jan/2015:12:19:43 -0500] "GET /BLA/resoluciones/RESOLUCIONES%202009/1877.pdf HTTP/1.1" 200 346796
181.61.70.22 - - [03/Jan/2015:12:19:45 -0500] "GET /galeria/carrusel/Carrusel/jquery.thumbnailScroller.css HTTP/1.1" 200 2066
181.61.70.22 - - [03/Jan/2015:12:19:46 -0500] "GET /BLA/boletinlegal/js/jquery.js HTTP/1.1" 200 57254
181.61.70.22 - - [03/Jan/2015:12:19:46 -0500] "GET /BLA/boletinlegal/js/jquery.scrollTo-min.js HTTP/1.1" 200 1150
181.61.70.22 - - [03/Jan/2015:12:19:46 -0500] "GET /BLA/boletinlegal/js/jquery.scrollShow.js HTTP/1.1" 200 4586
181.61.70.22 - - [03/Jan/2015:12:19:47 -0500] "GET /galeria/carrusel/Carrusel/jquery-ui-1.8.13.custom.min.js HTTP/1.1" 200 10800
181.61.70.22 - - [03/Jan/2015:12:19:48 -0500] "GET /galeria/carrusel/Carrusel/jquery.thumbnailScroller.js HTTP/1.1" 200 8157
66.249.64.163 - - [03/Jan/2015:12:20:05 -0500] "GET /BLA/resoluciones/RESOLUCIONES%202006/RES%202006%201451-1500/00001484.tif HTTP/1.1" 304 -
186.84.44.72 - - [03/Jan/2015:12:20:17 -0500] "POST /forms/lservlet;jsessionid=ac16012b30d5d11c6496e2c840dd94a48a0507ce41e7.e3iSbxaKaheRe34Sa3yKbhiTahb0n6jAmljGr5XDqQLvpAe HTTP/1.1" 200 2
181.55.243.203 - - [03/Jan/2015:12:20:24 -0500] "GET /BLA/boletinlegal/js/jquery.scrollTo-min.js HTTP/1.1" 200 1150
181.55.243.203 - - [03/Jan/2015:12:20:24 -0500] "GET /BLA/boletinlegal/js/jquery.js HTTP/1.1" 200 57254
181.55.243.203 - - [03/Jan/2015:12:20:24 -0500] "GET /BLA/boletinlegal/js/jquery.scrollShow.js HTTP/1.1" 200 4586
186.30.162.14 - - [03/Jan/2015:12:20:27 -0500] "GET /BLA/boletinlegal/js/jquery.js HTTP/1.1" 200 57254
186.30.162.14 - - [03/Jan/2015:12:20:27 -0500] "GET /BLA/boletinlegal/js/jquery.scrollTo-min.js HTTP/1.1" 200 1150
186.30.162.14 - - [03/Jan/2015:12:20:27 -0500] "GET /BLA/boletinlegal/js/jquery.scrollShow.js HTTP/1.1" 200 4586
66.249.64.163 - - [03/Jan/2015:12:20:27 -0500] "GET /BLA/resoluciones/RESOLUCIONES%202009/8010.pdf HTTP/1.1" 304 -
180.76.5.194 - - [03/Jan/2015:12:20:27 -0500] "GET /BLA/boletinlegal;jsessionid=C4632643F4892AC9BDB3FDF99C9B7C71?/? HTTP/1.1" 404 1018
220.181.108.80 - - [03/Jan/2015:12:20:34 -0500] "GET /BLA/resoluciones/RESOLUCIONES%202008/2890.pdf HTTP/1.1" 200 412748
190.25.232.143 - - [03/Jan/2015:12:20:39 -0500] "GET /galeria/nivo-slider/themes/orman/orman.css HTTP/1.1" 304 -
66.249.64.163 - - [03/Jan/2015:12:21:07 -0500] "GET /BLA/resoluciones/RESOLUCIONES%202006/RES%202006%201351-1400/00001399.tif HTTP/1.1" 304 -
181.61.70.22 - - [03/Jan/2015:12:21:10 -0500] "GET /galeria/nivo-slider/demo/demo.html HTTP/1.1" 200 3150
66.249.64.163 - - [03/Jan/2015:12:21:11 -0500] "GET /BLA/resoluciones/RESOLUCIONES%202013/2399.pdf HTTP/1.1" 304 -
181.61.70.22 - - [03/Jan/2015:12:21:11 -0500] "GET /galeria/nivo-slider/themes/default/default.css HTTP/1.1" 200 1569
181.61.70.22 - - [03/Jan/2015:12:21:11 -0500] "GET /galeria/nivo-slider/themes/pascal/pascal.css HTTP/1.1" 200 2258
181.61.70.22 - - [03/Jan/2015:12:21:12 -0500] "GET /galeria/nivo-slider/themes/orman/orman.css HTTP/1.1" 200 2152
181.61.70.22 - - [03/Jan/2015:12:21:12 -0500] "GET /galeria/nivo-slider/nivo-slider.css HTTP/1.1" 200 1507
181.61.70.22 - - [03/Jan/2015:12:21:12 -0500] "GET /galeria/nivo-slider/demo/style.css HTTP/1.1" 200 2222
181.61.70.22 - - [03/Jan/2015:12:21:12 -0500] "GET /galeria/nivo-slider/demo/scripts/jquery-1.7.1.min.js HTTP/1.1" 200 93868
181.61.70.22 - - [03/Jan/2015:12:21:12 -0500] "GET /galeria/nivo-slider/jquery.nivo.slider.pack.js HTTP/1.1" 200 11561
181.61.70.22 - - [03/Jan/2015:12:21:14 -0500] "GET /galeria/nivo-slider/demo/images/bolsas-08.jpg HTTP/1.1" 200 85589
181.61.70.22 - - [03/Jan/2015:12:21:14 -0500] "GET /galeria/nivo-slider/demo/images/Ruta-vertimientos-01.jpg HTTP/1.1" 200 130151
181.61.70.22 - - [03/Jan/2015:12:21:14 -0500] "GET /galeria/nivo-slider/demo/images/bolsas-06.jpg HTTP/1.1" 200 90982
181.61.70.22 - - [03/Jan/2015:12:21:15 -0500] "GET /galeria/nivo-slider/demo/images/ecolecta-Dic2014.png HTTP/1.1" 200 288593
181.61.70.22 - - [03/Jan/2015:12:21:19 -0500] "GET /galeria/nivo-slider/demo/images/porloshumedales.jpg HTTP/1.1" 200 351238
181.61.70.22 - - [03/Jan/2015:12:21:19 -0500] "GET /galeria/nivo-slider/themes/default/loading.gif HTTP/1.1" 200 1737
181.61.70.22 - - [03/Jan/2015:12:21:19 -0500] "GET /galeria/nivo-slider/demo/images/Tingua-azul.jpg HTTP/1.1" 200 307638
181.61.70.22 - - [03/Jan/2015:12:21:20 -0500] "GET /galeria/nivo-slider/demo/images/4Simple_Slider.png HTTP/1.1" 200 11722
181.61.70.22 - - [03/Jan/2015:12:21:20 -0500] "GET /galeria/nivo-slider/demo/images/Banner-Caracol-Africano.jpg HTTP/1.1" 200 331986
181.61.70.22 - - [03/Jan/2015:12:21:23 -0500] "GET /galeria/nivo-slider/demo/images/banner-redes.jpg HTTP/1.1" 200 62209
181.61.70.22 - - [03/Jan/2015:12:21:25 -0500] "GET /galeria/nivo-slider/demo/images/9Signos.jpg HTTP/1.1" 200 93040
181.61.70.22 - - [03/Jan/2015:12:21:25 -0500] "GET /galeria/nivo-slider/demo/images/banner-llantas2.jpg HTTP/1.1" 200 73153
181.61.70.22 - - [03/Jan/2015:12:21:26 -0500] "GET /galeria/nivo-slider/demo/images/banner-caballos.png HTTP/1.1" 200 389106
181.61.70.22 - - [03/Jan/2015:12:21:28 -0500] "GET /videos/Spot_CambioClimatico.flv HTTP/1.1" 200 4371917
181.61.70.22 - - [03/Jan/2015:12:21:35 -0500] "GET /galeria/nivo-slider/themes/default/arrows.png HTTP/1.1" 200 824
181.61.70.22 - - [03/Jan/2015:12:21:36 -0500] "GET /galeria/nivo-slider/themes/default/bullets.png HTTP/1.1" 200 1281
74.86.158.107 - - [03/Jan/2015:12:21:41 -0500] "HEAD / HTTP/1.1" 302 -
66.249.64.163 - - [03/Jan/2015:12:21:55 -0500] "GET /autoliquidacion/TR%C3%81MITES%20AGUAS%20SUPERFICIALES/Lista%20de%20chequeo%20concesion%20de%20aguas%20superficiales.XLS HTTP/1.1" 304 -
190.157.174.26 - - [03/Jan/2015:12:21:55 -0500] "GET /galeria/carrusel/Carrusel/jquery.thumbnailScroller.js HTTP/1.1" 200 8157
190.157.174.26 - - [03/Jan/2015:12:21:55 -0500] "GET /galeria/carrusel/Carrusel/jquery-ui-1.8.13.custom.min.js HTTP/1.1" 200 10800
190.157.174.26 - - [03/Jan/2015:12:21:55 -0500] "GET /galeria/carrusel/Carrusel/jquery.thumbnailScroller.css HTTP/1.1" 200 2066
190.157.174.26 - - [03/Jan/2015:12:21:57 -0500] "GET /galeria/nivo-slider/demo/demo.html HTTP/1.1" 200 3150
190.157.174.26 - - [03/Jan/2015:12:21:57 -0500] "GET /galeria/nivo-slider/themes/default/default.css HTTP/1.1" 200 1569
190.157.174.26 - - [03/Jan/2015:12:21:57 -0500] "GET /galeria/nivo-slider/themes/orman/orman.css HTTP/1.1" 200 2152
190.157.174.26 - - [03/Jan/2015:12:21:57 -0500] "GET /galeria/nivo-slider/nivo-slider.css HTTP/1.1" 200 1507
190.157.174.26 - - [03/Jan/2015:12:21:57 -0500] "GET /galeria/nivo-slider/themes/pascal/pascal.css HTTP/1.1" 200 2258
190.157.174.26 - - [03/Jan/2015:12:21:58 -0500] "GET /galeria/nivo-slider/demo/style.css HTTP/1.1" 200 2222
190.157.174.26 - - [03/Jan/2015:12:21:58 -0500] "GET /galeria/nivo-slider/demo/scripts/jquery-1.7.1.min.js HTTP/1.1" 200 93868
190.157.174.26 - - [03/Jan/2015:12:21:58 -0500] "GET /galeria/nivo-slider/jquery.nivo.slider.pack.js HTTP/1.1" 200 11561
190.157.174.26 - - [03/Jan/2015:12:21:58 -0500] "GET /galeria/nivo-slider/demo/images/bolsas-08.jpg HTTP/1.1" 200 85589
190.157.174.26 - - [03/Jan/2015:12:21:58 -0500] "GET /galeria/nivo-slider/demo/images/Ruta-vertimientos-01.jpg HTTP/1.1" 200 130151
190.157.174.26 - - [03/Jan/2015:12:21:58 -0500] "GET /galeria/nivo-slider/demo/images/bolsas-06.jpg HTTP/1.1" 200 90982
190.157.174.26 - - [03/Jan/2015:12:21:58 -0500] "GET /galeria/nivo-slider/demo/images/ecolecta-Dic2014.png HTTP/1.1" 200 288593
190.157.174.26 - - [03/Jan/2015:12:21:59 -0500] "GET /galeria/nivo-slider/demo/images/porloshumedales.jpg HTTP/1.1" 200 351238
190.157.174.26 - - [03/Jan/2015:12:22:00 -0500] "GET /galeria/nivo-slider/demo/images/Tingua-azul.jpg HTTP/1.1" 200 307638
190.157.174.26 - - [03/Jan/2015:12:22:00 -0500] "GET /galeria/nivo-slider/demo/images/Banner-Caracol-Africano.jpg HTTP/1.1" 200 331986
190.157.174.26 - - [03/Jan/2015:12:22:01 -0500] "GET /galeria/nivo-slider/demo/images/banner-redes.jpg HTTP/1.1" 200 62209
190.157.174.26 - - [03/Jan/2015:12:22:02 -0500] "GET /galeria/nivo-slider/demo/images/9Signos.jpg HTTP/1.1" 200 93040
190.157.174.26 - - [03/Jan/2015:12:22:03 -0500] "GET /galeria/nivo-slider/demo/images/4Simple_Slider.png HTTP/1.1" 200 11722
190.157.174.26 - - [03/Jan/2015:12:22:03 -0500] "GET /galeria/nivo-slider/themes/default/loading.gif HTTP/1.1" 200 1737
190.157.174.26 - - [03/Jan/2015:12:22:04 -0500] "GET /galeria/nivo-slider/demo/images/banner-caballos.png HTTP/1.1" 200 389106
190.157.174.26 - - [03/Jan/2015:12:22:04 -0500] "GET /galeria/nivo-slider/demo/images/banner-llantas2.jpg HTTP/1.1" 200 73153
66.249.64.167 - - [03/Jan/2015:12:22:08 -0500] "GET /BLA/resoluciones/RESOLUCIONES%202006/RES%202006%201451-1500/00001491.tif HTTP/1.1" 304 -
190.157.174.26 - - [03/Jan/2015:12:22:09 -0500] "GET /galeria/nivo-slider/themes/default/arrows.png HTTP/1.1" 200 824
190.157.174.26 - - [03/Jan/2015:12:22:09 -0500] "GET /galeria/nivo-slider/themes/default/bullets.png HTTP/1.1" 200 1281
190.157.174.26 - - [03/Jan/2015:12:22:09 -0500] "GET /videos/Spot_CambioClimatico.flv HTTP/1.1" 200 4371917
186.84.44.72 - - [03/Jan/2015:12:22:17 -0500] "POST /forms/lservlet;jsessionid=ac16012b30d5d11c6496e2c840dd94a48a0507ce41e7.e3iSbxaKaheRe34Sa3yKbhiTahb0n6jAmljGr5XDqQLvpAe HTTP/1.1" 200 2
186.155.162.239 - - [03/Jan/2015:12:22:18 -0500] "GET /BLA/resoluciones/RESOLUCIONES%202009/2032.pdf HTTP/1.1" 200 1082543
186.155.162.239 - - [03/Jan/2015:12:22:21 -0500] "GET /favicon.ico HTTP/1.1" 200 7782
66.249.64.167 - - [03/Jan/2015:12:22:21 -0500] "GET /BLA/resoluciones/AUTOS%202006/AUTOS%202006%20501-600/00000575.tif HTTP/1.1" 200 57886
66.249.64.167 - - [03/Jan/2015:12:22:39 -0500] "GET /portalsiaccapacitaciones/0033.%20PRESENTACION%20ESTACIONES%20DE%20SERVICIO%20-%2015%20de%20Agosto.pdf HTTP/1.1" 404 1018
66.249.64.163 - - [03/Jan/2015:12:23:09 -0500] "GET /BLA/resoluciones/RESOLUCIONES%202006/RES%202006%201701-1751/00001719.tif HTTP/1.1" 304 -
201.184.141.240 - - [03/Jan/2015:12:23:25 -0500] "GET /BLA/boletinlegal/js/jquery.scrollShow.js HTTP/1.1" 200 4586
201.184.141.240 - - [03/Jan/2015:12:23:25 -0500] "GET /BLA/boletinlegal/js/jquery.js HTTP/1.1" 200 57254
66.249.64.39 - - [03/Jan/2015:12:24:07 -0500] "GET /publnew/guia1/79.htm HTTP/1.1" 404 1019
66.249.64.163 - - [03/Jan/2015:12:24:11 -0500] "GET /BLA/resoluciones/RESOLUCIONES%202005/RES%202005%201001-1050/00001049.tif HTTP/1.1" 304 -
186.84.44.72 - - [03/Jan/2015:12:24:17 -0500] "POST /forms/lservlet;jsessionid=ac16012b30d5d11c6496e2c840dd94a48a0507ce41e7.e3iSbxaKaheRe34Sa3yKbhiTahb0n6jAmljGr5XDqQLvpAe HTTP/1.1" 200 2
66.249.64.171 - - [03/Jan/2015:12:25:13 -0500] "GET /BLA/resoluciones/RESOLUCIONES%202006/RES%202006%202751-2800/00002755.tif HTTP/1.1" 304 -
186.85.244.148 - - [03/Jan/2015:12:26:14 -0500] "GET /BLA/boletinlegal/js/jquery.js HTTP/1.1" 200 57254
186.85.244.148 - - [03/Jan/2015:12:26:14 -0500] "GET /BLA/boletinlegal/js/jquery.scrollShow.js HTTP/1.1" 200 4586
186.85.244.148 - - [03/Jan/2015:12:26:14 -0500] "GET /BLA/boletinlegal/js/jquery.scrollTo-min.js HTTP/1.1" 200 1150
66.249.64.167 - - [03/Jan/2015:12:26:14 -0500] "GET /BLA/resoluciones/RESOLUCIONES%202006/RES%202006%201701-1751/00001741.tif HTTP/1.1" 304 -
186.85.244.148 - - [03/Jan/2015:12:26:14 -0500] "GET /galeria/carrusel/Carrusel/jquery.thumbnailScroller.css HTTP/1.1" 200 2066
186.85.244.148 - - [03/Jan/2015:12:26:14 -0500] "GET /galeria/carrusel/Carrusel/jquery-ui-1.8.13.custom.min.js HTTP/1.1" 200 10800
186.85.244.148 - - [03/Jan/2015:12:26:14 -0500] "GET /galeria/carrusel/Carrusel/jquery.thumbnailScroller.js HTTP/1.1" 200 8157
186.85.244.148 - - [03/Jan/2015:12:26:17 -0500] "GET /galeria/nivo-slider/demo/demo.html HTTP/1.1" 200 3150
186.84.44.72 - - [03/Jan/2015:12:26:17 -0500] "POST /forms/lservlet;jsessionid=ac16012b30d5d11c6496e2c840dd94a48a0507ce41e7.e3iSbxaKaheRe34Sa3yKbhiTahb0n6jAmljGr5XDqQLvpAe HTTP/1.1" 200 2
186.85.244.148 - - [03/Jan/2015:12:26:18 -0500] "GET /galeria/nivo-slider/themes/default/default.css HTTP/1.1" 200 1569
186.85.244.148 - - [03/Jan/2015:12:26:18 -0500] "GET /galeria/nivo-slider/themes/pascal/pascal.css HTTP/1.1" 200 2258
186.85.244.148 - - [03/Jan/2015:12:26:18 -0500] "GET /galeria/nivo-slider/nivo-slider.css HTTP/1.1" 200 1507
186.85.244.148 - - [03/Jan/2015:12:26:18 -0500] "GET /galeria/nivo-slider/themes/orman/orman.css HTTP/1.1" 200 2152
186.85.244.148 - - [03/Jan/2015:12:26:18 -0500] "GET /galeria/nivo-slider/demo/style.css HTTP/1.1" 200 2222
186.85.244.148 - - [03/Jan/2015:12:26:18 -0500] "GET /galeria/nivo-slider/demo/images/bolsas-08.jpg HTTP/1.1" 200 85589
186.85.244.148 - - [03/Jan/2015:12:26:18 -0500] "GET /galeria/nivo-slider/demo/images/bolsas-06.jpg HTTP/1.1" 200 90982
186.85.244.148 - - [03/Jan/2015:12:26:18 -0500] "GET /galeria/nivo-slider/demo/images/Ruta-vertimientos-01.jpg HTTP/1.1" 200 130151
186.85.244.148 - - [03/Jan/2015:12:26:18 -0500] "GET /galeria/nivo-slider/demo/images/ecolecta-Dic2014.png HTTP/1.1" 200 288593
186.85.244.148 - - [03/Jan/2015:12:26:18 -0500] "GET /galeria/nivo-slider/demo/images/porloshumedales.jpg HTTP/1.1" 200 351238
186.85.244.148 - - [03/Jan/2015:12:26:18 -0500] "GET /galeria/nivo-slider/demo/images/Tingua-azul.jpg HTTP/1.1" 200 307638
186.85.244.148 - - [03/Jan/2015:12:26:18 -0500] "GET /galeria/nivo-slider/demo/images/Banner-Caracol-Africano.jpg HTTP/1.1" 200 331986
186.85.244.148 - - [03/Jan/2015:12:26:18 -0500] "GET /galeria/nivo-slider/demo/images/banner-redes.jpg HTTP/1.1" 200 62209
186.85.244.148 - - [03/Jan/2015:12:26:18 -0500] "GET /galeria/nivo-slider/demo/images/9Signos.jpg HTTP/1.1" 200 93040
186.85.244.148 - - [03/Jan/2015:12:26:19 -0500] "GET /galeria/nivo-slider/demo/images/banner-llantas2.jpg HTTP/1.1" 200 73153
186.85.244.148 - - [03/Jan/2015:12:26:19 -0500] "GET /galeria/nivo-slider/demo/images/banner-caballos.png HTTP/1.1" 200 389106
186.85.244.148 - - [03/Jan/2015:12:26:19 -0500] "GET /galeria/nivo-slider/demo/scripts/jquery-1.7.1.min.js HTTP/1.1" 200 93868
186.85.244.148 - - [03/Jan/2015:12:26:20 -0500] "GET /galeria/nivo-slider/jquery.nivo.slider.pack.js HTTP/1.1" 200 11561
186.85.244.148 - - [03/Jan/2015:12:26:21 -0500] "GET /galeria/nivo-slider/demo/images/4Simple_Slider.png HTTP/1.1" 200 11722
186.85.244.148 - - [03/Jan/2015:12:26:21 -0500] "GET /galeria/nivo-slider/themes/default/loading.gif HTTP/1.1" 200 1737
186.85.244.148 - - [03/Jan/2015:12:26:21 -0500] "GET /galeria/nivo-slider/themes/default/arrows.png HTTP/1.1" 200 824
186.85.244.148 - - [03/Jan/2015:12:26:21 -0500] "GET /galeria/nivo-slider/themes/default/bullets.png HTTP/1.1" 200 1281
157.55.39.156 - - [03/Jan/2015:12:26:33 -0500] "GET /dama/libreria/php/decide.php?patron=00.07&varn=825 HTTP/1.1" 404 1019
74.86.158.107 - - [03/Jan/2015:12:26:41 -0500] "HEAD / HTTP/1.1" 302 -
186.47.5.24 - - [03/Jan/2015:12:26:46 -0500] "GET /hidrico/aguas%20subterraneas/ HTTP/1.1" 404 1296
190.12.156.14 - - [03/Jan/2015:12:26:56 -0500] "GET /BLA/boletinlegal/js/jquery.js HTTP/1.1" 200 57254
190.12.156.14 - - [03/Jan/2015:12:26:56 -0500] "GET /BLA/boletinlegal/js/jquery.scrollTo-min.js HTTP/1.1" 200 1150
190.12.156.14 - - [03/Jan/2015:12:26:56 -0500] "GET /galeria/carrusel/Carrusel/jquery.thumbnailScroller.css HTTP/1.1" 200 2066
190.12.156.14 - - [03/Jan/2015:12:26:57 -0500] "GET /BLA/boletinlegal/js/jquery.scrollShow.js HTTP/1.1" 200 4586
190.12.156.14 - - [03/Jan/2015:12:26:57 -0500] "GET /galeria/carrusel/Carrusel/jquery-ui-1.8.13.custom.min.js HTTP/1.1" 200 10800
190.12.156.14 - - [03/Jan/2015:12:26:57 -0500] "GET /galeria/carrusel/Carrusel/jquery.thumbnailScroller.js HTTP/1.1" 200 8157
180.76.5.147 - - [03/Jan/2015:12:26:58 -0500] "GET /BLA/boletinlegal;jsessionid=BD023883F4575E89E2870994584B0072?/? HTTP/1.1" 404 1018
190.12.156.14 - - [03/Jan/2015:12:27:00 -0500] "GET /galeria/nivo-slider/demo/demo.html HTTP/1.1" 200 3150
190.12.156.14 - - [03/Jan/2015:12:27:00 -0500] "GET /galeria/nivo-slider/themes/default/default.css HTTP/1.1" 200 1569
190.12.156.14 - - [03/Jan/2015:12:27:00 -0500] "GET /galeria/nivo-slider/themes/pascal/pascal.css HTTP/1.1" 200 2258
190.12.156.14 - - [03/Jan/2015:12:27:00 -0500] "GET /galeria/nivo-slider/themes/orman/orman.css HTTP/1.1" 200 2152
190.12.156.14 - - [03/Jan/2015:12:27:00 -0500] "GET /galeria/nivo-slider/nivo-slider.css HTTP/1.1" 200 1507
190.12.156.14 - - [03/Jan/2015:12:27:00 -0500] "GET /galeria/nivo-slider/demo/style.css HTTP/1.1" 200 2222
190.12.156.14 - - [03/Jan/2015:12:27:00 -0500] "GET /galeria/nivo-slider/demo/scripts/jquery-1.7.1.min.js HTTP/1.1" 200 93868
190.12.156.14 - - [03/Jan/2015:12:27:00 -0500] "GET /galeria/nivo-slider/jquery.nivo.slider.pack.js HTTP/1.1" 200 11561
190.12.156.14 - - [03/Jan/2015:12:27:01 -0500] "GET /galeria/nivo-slider/themes/default/loading.gif HTTP/1.1" 200 1737
190.12.156.14 - - [03/Jan/2015:12:27:01 -0500] "GET /galeria/nivo-slider/demo/images/4Simple_Slider.png HTTP/1.1" 200 11722
190.12.156.14 - - [03/Jan/2015:12:27:03 -0500] "GET /galeria/nivo-slider/demo/images/Ruta-vertimientos-01.jpg HTTP/1.1" 200 130151
190.12.156.14 - - [03/Jan/2015:12:27:03 -0500] "GET /galeria/nivo-slider/demo/images/bolsas-08.jpg HTTP/1.1" 200 85589
190.12.156.14 - - [03/Jan/2015:12:27:04 -0500] "GET /galeria/nivo-slider/demo/images/bolsas-06.jpg HTTP/1.1" 200 90982
190.12.156.14 - - [03/Jan/2015:12:27:04 -0500] "GET /galeria/nivo-slider/demo/images/ecolecta-Dic2014.png HTTP/1.1" 200 288593
190.12.156.14 - - [03/Jan/2015:12:27:06 -0500] "GET /galeria/nivo-slider/demo/images/Tingua-azul.jpg HTTP/1.1" 200 307638
190.12.156.14 - - [03/Jan/2015:12:27:06 -0500] "GET /galeria/nivo-slider/demo/images/porloshumedales.jpg HTTP/1.1" 200 351238
190.12.156.14 - - [03/Jan/2015:12:27:07 -0500] "GET /galeria/nivo-slider/demo/images/banner-redes.jpg HTTP/1.1" 200 62209
190.12.156.14 - - [03/Jan/2015:12:27:07 -0500] "GET /galeria/nivo-slider/demo/images/Banner-Caracol-Africano.jpg HTTP/1.1" 200 331986
190.12.156.14 - - [03/Jan/2015:12:27:07 -0500] "GET /galeria/nivo-slider/demo/images/9Signos.jpg HTTP/1.1" 200 93040
190.12.156.14 - - [03/Jan/2015:12:27:09 -0500] "GET /galeria/nivo-slider/demo/images/banner-llantas2.jpg HTTP/1.1" 200 73153
190.12.156.14 - - [03/Jan/2015:12:27:09 -0500] "GET /galeria/nivo-slider/demo/images/banner-caballos.png HTTP/1.1" 200 389106
190.12.156.14 - - [03/Jan/2015:12:27:11 -0500] "GET /galeria/nivo-slider/themes/default/arrows.png HTTP/1.1" 200 824
190.12.156.14 - - [03/Jan/2015:12:27:11 -0500] "GET /galeria/nivo-slider/themes/default/bullets.png HTTP/1.1" 200 1281
190.12.156.14 - - [03/Jan/2015:12:27:12 -0500] "GET /videos/Spot_CambioClimatico.flv HTTP/1.1" 200 4371917
66.249.64.171 - - [03/Jan/2015:12:27:16 -0500] "GET /BLA/resoluciones/RESOLUCIONES%202005/RES%202005%202351-2400/00002392.tif HTTP/1.1" 304 -
66.249.64.167 - - [03/Jan/2015:12:27:54 -0500] "GET /BLA/resoluciones/AUTOS%202014/3214.pdf HTTP/1.1" 200 729188
180.76.5.173 - - [03/Jan/2015:12:27:56 -0500] "GET /BLA/resoluciones/AUTOS%202009/2046.pdf HTTP/1.1" 200 233008
123.125.71.15 - - [03/Jan/2015:12:28:12 -0500] "GET / HTTP/1.1" 302 -
220.181.108.77 - - [03/Jan/2015:12:28:14 -0500] "GET / HTTP/1.1" 302 -
66.249.64.163 - - [03/Jan/2015:12:28:17 -0500] "GET /BLA/resoluciones/RESOLUCIONES%202006/RES%202006%201701-1751/00001705.tif HTTP/1.1" 304 -
186.84.44.72 - - [03/Jan/2015:12:28:17 -0500] "POST /forms/lservlet;jsessionid=ac16012b30d5d11c6496e2c840dd94a48a0507ce41e7.e3iSbxaKaheRe34Sa3yKbhiTahb0n6jAmljGr5XDqQLvpAe HTTP/1.1" 200 2
186.46.178.22 - - [03/Jan/2015:12:28:24 -0500] "GET /BLA/boletinlegal/js/jquery.js HTTP/1.1" 200 57254
186.46.178.22 - - [03/Jan/2015:12:28:25 -0500] "GET /BLA/boletinlegal/js/jquery.scrollShow.js HTTP/1.1" 200 4586
186.46.178.22 - - [03/Jan/2015:12:28:25 -0500] "GET /BLA/boletinlegal/js/jquery.scrollTo-min.js HTTP/1.1" 200 1150
186.30.186.35 - - [03/Jan/2015:12:28:36 -0500] "GET /BLA/resoluciones/AUTOS%202011/2208.pdf HTTP/1.1" 200 218295
186.30.186.35 - - [03/Jan/2015:12:28:36 -0500] "GET /BLA/resoluciones/AUTOS%202011/2208.pdf HTTP/1.1" 206 32768
186.30.186.35 - - [03/Jan/2015:12:28:37 -0500] "GET /BLA/resoluciones/AUTOS%202011/2208.pdf HTTP/1.1" 206 185527
186.30.186.35 - - [03/Jan/2015:12:28:37 -0500] "GET /favicon.ico HTTP/1.1" 200 7782
186.46.178.22 - - [03/Jan/2015:12:28:48 -0500] "GET /hidrico/aguas%20subterraneas/ HTTP/1.1" 404 1296
180.76.6.157 - - [03/Jan/2015:12:28:55 -0500] "GET /BLA/resoluciones/AUTOS%202010/3313.pdf HTTP/1.1" 200 1508105
181.55.243.203 - - [03/Jan/2015:12:29:01 -0500] "GET /galeria/carrusel/Carrusel/jquery.thumbnailScroller.css HTTP/1.1" 200 2066
181.55.243.203 - - [03/Jan/2015:12:29:01 -0500] "GET /galeria/carrusel/Carrusel/jquery.thumbnailScroller.js HTTP/1.1" 200 8157
181.55.243.203 - - [03/Jan/2015:12:29:01 -0500] "GET /galeria/carrusel/Carrusel/jquery-ui-1.8.13.custom.min.js HTTP/1.1" 200 10800
181.55.243.203 - - [03/Jan/2015:12:29:02 -0500] "GET /galeria/nivo-slider/demo/demo.html HTTP/1.1" 200 3150
181.55.243.203 - - [03/Jan/2015:12:29:02 -0500] "GET /galeria/nivo-slider/themes/default/default.css HTTP/1.1" 200 1569
181.55.243.203 - - [03/Jan/2015:12:29:02 -0500] "GET /galeria/nivo-slider/themes/pascal/pascal.css HTTP/1.1" 200 2258
181.55.243.203 - - [03/Jan/2015:12:29:02 -0500] "GET /galeria/nivo-slider/themes/orman/orman.css HTTP/1.1" 200 2152
181.55.243.203 - - [03/Jan/2015:12:29:02 -0500] "GET /galeria/nivo-slider/nivo-slider.css HTTP/1.1" 200 1507
181.55.243.203 - - [03/Jan/2015:12:29:02 -0500] "GET /galeria/nivo-slider/demo/style.css HTTP/1.1" 200 2222
181.55.243.203 - - [03/Jan/2015:12:29:02 -0500] "GET /galeria/nivo-slider/jquery.nivo.slider.pack.js HTTP/1.1" 200 11561
181.55.243.203 - - [03/Jan/2015:12:29:02 -0500] "GET /galeria/nivo-slider/demo/scripts/jquery-1.7.1.min.js HTTP/1.1" 200 93868
181.55.243.203 - - [03/Jan/2015:12:29:02 -0500] "GET /galeria/nivo-slider/demo/images/bolsas-08.jpg HTTP/1.1" 200 85589
181.55.243.203 - - [03/Jan/2015:12:29:02 -0500] "GET /galeria/nivo-slider/demo/images/Ruta-vertimientos-01.jpg HTTP/1.1" 200 130151
181.55.243.203 - - [03/Jan/2015:12:29:02 -0500] "GET /galeria/nivo-slider/demo/images/bolsas-06.jpg HTTP/1.1" 200 90982
181.55.243.203 - - [03/Jan/2015:12:29:02 -0500] "GET /galeria/nivo-slider/demo/images/4Simple_Slider.png HTTP/1.1" 200 11722
181.55.243.203 - - [03/Jan/2015:12:29:02 -0500] "GET /galeria/nivo-slider/themes/default/loading.gif HTTP/1.1" 200 1737
181.55.243.203 - - [03/Jan/2015:12:29:02 -0500] "GET /galeria/nivo-slider/demo/images/ecolecta-Dic2014.png HTTP/1.1" 200 288593
181.55.243.203 - - [03/Jan/2015:12:29:03 -0500] "GET /galeria/nivo-slider/demo/images/porloshumedales.jpg HTTP/1.1" 200 351238
181.55.243.203 - - [03/Jan/2015:12:29:03 -0500] "GET /galeria/nivo-slider/demo/images/Tingua-azul.jpg HTTP/1.1" 200 307638
181.55.243.203 - - [03/Jan/2015:12:29:04 -0500] "GET /galeria/nivo-slider/demo/images/Banner-Caracol-Africano.jpg HTTP/1.1" 200 331986
181.55.243.203 - - [03/Jan/2015:12:29:04 -0500] "GET /galeria/nivo-slider/demo/images/banner-redes.jpg HTTP/1.1" 200 62209
181.55.243.203 - - [03/Jan/2015:12:29:05 -0500] "GET /galeria/nivo-slider/demo/images/9Signos.jpg HTTP/1.1" 200 93040
181.55.243.203 - - [03/Jan/2015:12:29:05 -0500] "GET /galeria/nivo-slider/demo/images/banner-llantas2.jpg HTTP/1.1" 200 73153
181.55.243.203 - - [03/Jan/2015:12:29:05 -0500] "GET /galeria/nivo-slider/demo/images/banner-caballos.png HTTP/1.1" 200 389106
66.249.64.171 - - [03/Jan/2015:12:29:19 -0500] "GET /galeria/nivo-slider/demo/images/Hacienda_Molinos.jpg HTTP/1.1" 304 -
186.84.44.72 - - [03/Jan/2015:12:30:17 -0500] "POST /forms/lservlet;jsessionid=ac16012b30d5d11c6496e2c840dd94a48a0507ce41e7.e3iSbxaKaheRe34Sa3yKbhiTahb0n6jAmljGr5XDqQLvpAe HTTP/1.1" 200 2
66.249.64.167 - - [03/Jan/2015:12:30:20 -0500] "GET /BLA/resoluciones/RESOLUCIONES%202005/RES%202005%201001-1050/00001011.tif HTTP/1.1" 304 -
180.76.5.196 - - [03/Jan/2015:12:30:51 -0500] "GET /BLA/resoluciones/RESOLUCIONES%202010/4177.pdf HTTP/1.1" 200 255821
186.85.244.148 - - [03/Jan/2015:12:31:01 -0500] "GET /videos/Spot_CambioClimatico.flv HTTP/1.1" 200 4371917
66.249.64.163 - - [03/Jan/2015:12:31:22 -0500] "GET /BLA/resoluciones/RESOLUCIONES%202005/RES%202005%201001-1050/00001037.tif HTTP/1.1" 304 -
74.86.158.107 - - [03/Jan/2015:12:31:41 -0500] "HEAD / HTTP/1.1" 302 -
180.76.5.28 - - [03/Jan/2015:12:31:49 -0500] "GET /BLA/resoluciones/AUTOS%202009/2644.pdf HTTP/1.1" 200 96342
66.249.64.167 - - [03/Jan/2015:12:32:16 -0500] "GET /BLA/resoluciones/AUTOS%202006/AUTOS%202006%20501-600/00000521.tif HTTP/1.1" 200 42496
66.249.64.171 - - [03/Jan/2015:12:32:17 -0500] "GET /BLA/resoluciones/RESOLUCIONES%202005/RES%202005%201001-1050/00001016.tif HTTP/1.1" 304 -
186.84.44.72 - - [03/Jan/2015:12:32:18 -0500] "POST /forms/lservlet;jsessionid=ac16012b30d5d11c6496e2c840dd94a48a0507ce41e7.e3iSbxaKaheRe34Sa3yKbhiTahb0n6jAmljGr5XDqQLvpAe HTTP/1.1" 200 2
66.249.64.167 - - [03/Jan/2015:12:32:43 -0500] "GET /resoluciones/RESOLUCIONES%202009/1148.pdf HTTP/1.1" 404 1018
180.76.6.233 - - [03/Jan/2015:12:32:48 -0500] "GET /BLA/resoluciones/AUTOS%202011/0839.pdf HTTP/1.1" 200 168165
66.249.64.167 - - [03/Jan/2015:12:32:53 -0500] "GET /BLA/resoluciones/RESOLUCIONES%202004/RES%202004%201001-1050/00001023.tif HTTP/1.1" 200 117328
66.249.64.171 - - [03/Jan/2015:12:33:17 -0500] "GET /BLA/resoluciones/AUTOS%202006/AUTOS%202006%201801-%201900/00001818.tif HTTP/1.1" 304 -
180.76.5.147 - - [03/Jan/2015:12:33:46 -0500] "GET /BLA/resoluciones/AUTOS%202007/0773.pdf HTTP/1.1" 200 116662
186.84.44.72 - - [03/Jan/2015:12:34:18 -0500] "POST /forms/lservlet;jsessionid=ac16012b30d5d11c6496e2c840dd94a48a0507ce41e7.e3iSbxaKaheRe34Sa3yKbhiTahb0n6jAmljGr5XDqQLvpAe HTTP/1.1" 200 2
66.249.64.163 - - [03/Jan/2015:12:34:19 -0500] "GET /BLA/resoluciones/AUTOS%202006/AUTOS%202006%201801-%201900/00001879.tif HTTP/1.1" 304 -
66.249.64.167 - - [03/Jan/2015:12:35:20 -0500] "GET /BLA/resoluciones/AUTOS%202006/AUTOS%202006%201801-%201900/00001880.tif HTTP/1.1" 304 -
190.216.136.150 - - [03/Jan/2015:12:35:44 -0500] "GET /BLA/boletinlegal/js/jquery.js HTTP/1.1" 200 57254
190.216.136.150 - - [03/Jan/2015:12:35:45 -0500] "GET /BLA/boletinlegal/js/jquery.scrollShow.js HTTP/1.1" 200 4586
190.216.136.150 - - [03/Jan/2015:12:35:45 -0500] "GET /BLA/boletinlegal/js/jquery.scrollTo-min.js HTTP/1.1" 200 1150
186.84.44.72 - - [03/Jan/2015:12:36:18 -0500] "POST /forms/lservlet;jsessionid=ac16012b30d5d11c6496e2c840dd94a48a0507ce41e7.e3iSbxaKaheRe34Sa3yKbhiTahb0n6jAmljGr5XDqQLvpAe HTTP/1.1" 200 2
66.249.64.167 - - [03/Jan/2015:12:36:22 -0500] "GET /BLA/resoluciones/AUTOS%202006/AUTOS%202006%201801-%201900/00001816.tif HTTP/1.1" 304 -
190.240.27.178 - - [03/Jan/2015:12:36:24 -0500] "GET /BLA/boletinlegal/js/jquery.scrollTo-min.js HTTP/1.1" 200 1150
190.240.27.178 - - [03/Jan/2015:12:36:24 -0500] "GET /BLA/boletinlegal/js/jquery.scrollShow.js HTTP/1.1" 200 4586
190.240.27.178 - - [03/Jan/2015:12:36:24 -0500] "GET /BLA/boletinlegal/js/jquery.js HTTP/1.1" 200 57254
74.86.158.107 - - [03/Jan/2015:12:36:41 -0500] "HEAD / HTTP/1.1" 302 -
66.249.64.163 - - [03/Jan/2015:12:37:23 -0500] "GET /BLA/resoluciones/AUTOS%202006/AUTOS%202006%201801-%201900/00001865.tif HTTP/1.1" 304 -
180.76.5.197 - - [03/Jan/2015:12:38:02 -0500] "GET /BLA/boletinlegal;jsessionid=46E58E1F4A516F0C7BD0407D9C7E526A?/? HTTP/1.1" 404 1018
186.84.44.72 - - [03/Jan/2015:12:38:18 -0500] "POST /forms/lservlet;jsessionid=ac16012b30d5d11c6496e2c840dd94a48a0507ce41e7.e3iSbxaKaheRe34Sa3yKbhiTahb0n6jAmljGr5XDqQLvpAe HTTP/1.1" 200 2
66.249.64.163 - - [03/Jan/2015:12:38:25 -0500] "GET /BLA/resoluciones/AUTOS%202006/AUTOS%202006%201801-%201900/00001819.tif HTTP/1.1" 304 -
186.155.127.69 - - [03/Jan/2015:12:38:27 -0500] "GET /BLA/boletinlegal/js/jquery.js HTTP/1.1" 200 57254
186.155.127.69 - - [03/Jan/2015:12:38:27 -0500] "GET /BLA/boletinlegal/js/jquery.scrollTo-min.js HTTP/1.1" 200 1150
186.155.127.69 - - [03/Jan/2015:12:38:27 -0500] "GET /BLA/boletinlegal/js/jquery.scrollShow.js HTTP/1.1" 200 4586
181.50.86.154 - - [03/Jan/2015:12:38:29 -0500] "GET /BLA/boletinlegal/js/jquery.js HTTP/1.1" 200 57254
181.50.86.154 - - [03/Jan/2015:12:38:29 -0500] "GET /BLA/boletinlegal/js/jquery.scrollTo-min.js HTTP/1.1" 200 1150
181.50.86.154 - - [03/Jan/2015:12:38:29 -0500] "GET /BLA/boletinlegal/js/jquery.scrollShow.js HTTP/1.1" 200 4586
66.249.64.167 - - [03/Jan/2015:12:38:49 -0500] "GET /BLA/resoluciones/Autos%202008/1186.pdf HTTP/1.1" 200 122238
66.249.64.167 - - [03/Jan/2015:12:39:26 -0500] "GET /BLA/resoluciones/AUTOS%202006/AUTOS%202006%201801-%201900/00001815.tif HTTP/1.1" 304 -
66.249.64.167 - - [03/Jan/2015:12:40:09 -0500] "GET /BLA/resoluciones/Autos%202008/0393.pdf HTTP/1.1" 200 80304
186.84.44.72 - - [03/Jan/2015:12:40:18 -0500] "POST /forms/lservlet;jsessionid=ac16012b30d5d11c6496e2c840dd94a48a0507ce41e7.e3iSbxaKaheRe34Sa3yKbhiTahb0n6jAmljGr5XDqQLvpAe HTTP/1.1" 200 2
66.249.64.163 - - [03/Jan/2015:12:40:28 -0500] "GET /BLA/resoluciones/AUTOS%202006/AUTOS%202006%201801-%201900/00001805.tif HTTP/1.1" 304 -
66.249.64.171 - - [03/Jan/2015:12:41:29 -0500] "GET /BLA/resoluciones/AUTOS%202006/AUTOS%202006%201801-%201900/00001803.tif HTTP/1.1" 304 -
74.86.158.107 - - [03/Jan/2015:12:41:41 -0500] "HEAD / HTTP/1.1" 302 -
66.249.64.171 - - [03/Jan/2015:12:42:14 -0500] "GET /BLA/resoluciones/AUTOS%202006/AUTOS%202006%20401-500/00000480.tif HTTP/1.1" 200 619390
186.84.44.72 - - [03/Jan/2015:12:42:18 -0500] "POST /forms/lservlet;jsessionid=ac16012b30d5d11c6496e2c840dd94a48a0507ce41e7.e3iSbxaKaheRe34Sa3yKbhiTahb0n6jAmljGr5XDqQLvpAe HTTP/1.1" 200 2
66.249.64.171 - - [03/Jan/2015:12:42:31 -0500] "GET /BLA/resoluciones/AUTOS%202006/AUTOS%202006%20501-600/00000522.tif HTTP/1.1" 200 59450
66.249.64.163 - - [03/Jan/2015:12:42:31 -0500] "GET /BLA/resoluciones/AUTOS%202006/AUTOS%202006%201801-%201900/00001854.tif HTTP/1.1" 304 -
201.184.83.88 - - [03/Jan/2015:12:43:17 -0500] "GET /BLA/boletinlegal/js/jquery.js HTTP/1.1" 200 57254
201.184.83.88 - - [03/Jan/2015:12:43:18 -0500] "GET /BLA/boletinlegal/js/jquery.scrollTo-min.js HTTP/1.1" 200 1150
201.184.83.88 - - [03/Jan/2015:12:43:18 -0500] "GET /BLA/boletinlegal/js/jquery.scrollShow.js HTTP/1.1" 200 4586
66.249.64.163 - - [03/Jan/2015:12:43:32 -0500] "GET /BLA/resoluciones/AUTOS%202006/AUTOS%202006%201801-%201900/00001875.tif HTTP/1.1" 304 -
157.55.39.156 - - [03/Jan/2015:12:43:34 -0500] "GET /dama/libreria/pdf/formularios/ficha1_anexo3.pdf HTTP/1.1" 404 1015
66.249.64.163 - - [03/Jan/2015:12:44:16 -0500] "GET /BLA/resoluciones/AUTOS%202008/1542.pdf HTTP/1.1" 200 76260
186.84.44.72 - - [03/Jan/2015:12:44:18 -0500] "POST /forms/lservlet;jsessionid=ac16012b30d5d11c6496e2c840dd94a48a0507ce41e7.e3iSbxaKaheRe34Sa3yKbhiTahb0n6jAmljGr5XDqQLvpAe HTTP/1.1" 200 2
66.249.64.167 - - [03/Jan/2015:12:44:34 -0500] "GET /BLA/resoluciones/AUTOS%202006/AUTOS%202006%201801-%201900/00001878.tif HTTP/1.1" 304 -
190.158.143.138 - - [03/Jan/2015:12:44:47 -0500] "GET /galeria/carrusel/Carrusel/jquery-ui-1.8.13.custom.min.js HTTP/1.1" 200 10800
190.158.143.138 - - [03/Jan/2015:12:44:47 -0500] "GET /BLA/boletinlegal/js/jquery.js HTTP/1.1" 200 57254
190.158.143.138 - - [03/Jan/2015:12:44:47 -0500] "GET /galeria/carrusel/Carrusel/jquery.thumbnailScroller.css HTTP/1.1" 200 2066
190.158.143.138 - - [03/Jan/2015:12:44:47 -0500] "GET /BLA/boletinlegal/js/jquery.scrollTo-min.js HTTP/1.1" 200 1150
190.158.143.138 - - [03/Jan/2015:12:44:47 -0500] "GET /BLA/boletinlegal/js/jquery.scrollShow.js HTTP/1.1" 200 4586
190.158.143.138 - - [03/Jan/2015:12:44:47 -0500] "GET /galeria/carrusel/Carrusel/jquery.thumbnailScroller.js HTTP/1.1" 200 8157
190.158.143.138 - - [03/Jan/2015:12:44:48 -0500] "GET /galeria/nivo-slider/demo/demo.html HTTP/1.1" 200 3150
190.158.143.138 - - [03/Jan/2015:12:44:49 -0500] "GET /galeria/nivo-slider/themes/default/default.css HTTP/1.1" 200 1569
190.158.143.138 - - [03/Jan/2015:12:44:49 -0500] "GET /galeria/nivo-slider/themes/pascal/pascal.css HTTP/1.1" 200 2258
190.158.143.138 - - [03/Jan/2015:12:44:49 -0500] "GET /galeria/nivo-slider/nivo-slider.css HTTP/1.1" 200 1507
190.158.143.138 - - [03/Jan/2015:12:44:49 -0500] "GET /galeria/nivo-slider/themes/orman/orman.css HTTP/1.1" 200 2152
190.158.143.138 - - [03/Jan/2015:12:44:49 -0500] "GET /galeria/nivo-slider/demo/style.css HTTP/1.1" 200 2222
190.158.143.138 - - [03/Jan/2015:12:44:49 -0500] "GET /galeria/nivo-slider/demo/images/bolsas-08.jpg HTTP/1.1" 200 85589
190.158.143.138 - - [03/Jan/2015:12:44:49 -0500] "GET /galeria/nivo-slider/demo/scripts/jquery-1.7.1.min.js HTTP/1.1" 200 93868
190.158.143.138 - - [03/Jan/2015:12:44:49 -0500] "GET /galeria/nivo-slider/jquery.nivo.slider.pack.js HTTP/1.1" 200 11561
190.158.143.138 - - [03/Jan/2015:12:44:49 -0500] "GET /galeria/nivo-slider/demo/images/Ruta-vertimientos-01.jpg HTTP/1.1" 200 130151
190.158.143.138 - - [03/Jan/2015:12:44:49 -0500] "GET /galeria/nivo-slider/demo/images/bolsas-06.jpg HTTP/1.1" 200 90982
190.158.143.138 - - [03/Jan/2015:12:44:49 -0500] "GET /galeria/nivo-slider/demo/images/ecolecta-Dic2014.png HTTP/1.1" 200 288593
190.158.143.138 - - [03/Jan/2015:12:44:49 -0500] "GET /galeria/nivo-slider/demo/images/porloshumedales.jpg HTTP/1.1" 200 351238
190.158.143.138 - - [03/Jan/2015:12:44:49 -0500] "GET /galeria/nivo-slider/demo/images/Tingua-azul.jpg HTTP/1.1" 200 307638
190.158.143.138 - - [03/Jan/2015:12:44:49 -0500] "GET /galeria/nivo-slider/demo/images/9Signos.jpg HTTP/1.1" 200 93040
190.158.143.138 - - [03/Jan/2015:12:44:49 -0500] "GET /galeria/nivo-slider/demo/images/Banner-Caracol-Africano.jpg HTTP/1.1" 200 331986
190.158.143.138 - - [03/Jan/2015:12:44:49 -0500] "GET /galeria/nivo-slider/demo/images/banner-redes.jpg HTTP/1.1" 200 62209
190.158.143.138 - - [03/Jan/2015:12:44:49 -0500] "GET /galeria/nivo-slider/demo/images/banner-llantas2.jpg HTTP/1.1" 200 73153
190.158.143.138 - - [03/Jan/2015:12:44:49 -0500] "GET /galeria/nivo-slider/demo/images/banner-caballos.png HTTP/1.1" 200 389106
190.158.143.138 - - [03/Jan/2015:12:44:49 -0500] "GET /galeria/nivo-slider/demo/images/4Simple_Slider.png HTTP/1.1" 200 11722
190.158.143.138 - - [03/Jan/2015:12:44:49 -0500] "GET /galeria/nivo-slider/themes/default/loading.gif HTTP/1.1" 200 1737
