!C99Shell v. 1.0 pre-release build #13!

Software: Apache. PHP/5.5.15 

uname -a: Windows NT SVR-DMZ 6.1 build 7600 (Windows Server 2008 R2 Enterprise Edition) i586 

SYSTEM 

Safe-mode: OFF (not secure)

E:\nuevo\apache\logs\   drwxrwxrwx
Free 8.02 GB of 239.26 GB (3.35%)
Detected drives: [ a ] [ c ] [ d ] [ e ] [ f ]
Home    Back    Forward    UPDIR    Refresh    Search    Buffer    Encoder    Tools    Proc.    FTP brute    Sec.    SQL    PHP-code    Update    Feedback    Self remove    Logout    


Viewing file:     access.2015.01.05.log (8.54 MB)      -rw-rw-rw-
Select action/file-type:
(+) | (+) | (+) | Code (+) | Session (+) | (+) | SDB (+) | (+) | (+) | (+) | (+) | (+) |
180.76.6.142 - - [05/Jan/2015:00:00:01 -0500] "GET /BLA/boletinlegal;jsessionid=10C2D674CC737FA405CEC9B693538691?/? HTTP/1.1" 404 1018
66.249.64.167 - - [05/Jan/2015:00:00:59 -0500] "GET /BLA/resoluciones/RESOLUCIONES%202010/4288.pdf HTTP/1.1" 304 -
66.249.64.167 - - [05/Jan/2015:00:01:07 -0500] "GET /BLA/resoluciones/RESOLUCIONES%202004/RES%202004%202351-2401/00002400.tif HTTP/1.1" 200 192700
185.10.104.131 - - [05/Jan/2015:00:01:40 -0500] "GET /BLA/boletinlegal;jsessionid=AE0697C80398DD6A3119E5929E522C0D?/? HTTP/1.1" 404 1018
74.86.158.107 - - [05/Jan/2015:00:01:41 -0500] "HEAD / HTTP/1.1" 302 -
66.249.64.171 - - [05/Jan/2015:00:01:55 -0500] "GET /BLA/resoluciones/AUTOS%202007/3660.pdf HTTP/1.1" 200 139852
66.249.64.163 - - [05/Jan/2015:00:01:59 -0500] "GET /BLA/resoluciones/RESOLUCIONES%202011/1025.pdf HTTP/1.1" 304 -
180.76.6.147 - - [05/Jan/2015:00:02:32 -0500] "GET /videos/VideoCorresponsalesWEB.flv HTTP/1.1" 200 11455112
66.249.64.163 - - [05/Jan/2015:00:02:40 -0500] "GET /BLA/resoluciones/RESOLUCIONES%202010/4400.pdf HTTP/1.1" 200 702246
180.76.5.19 - - [05/Jan/2015:00:03:19 -0500] "GET /BLA/resoluciones/index.php?dir=RESOLUCIONES+2003%2FRES+2003+1451-1500%2F HTTP/1.1" 200 12159
188.165.15.177 - - [05/Jan/2015:00:03:30 -0500] "GET /BLA/resoluciones/RESOLUCIONES%202002/RES%202002%20401-450/00000415.tif HTTP/1.1" 200 59308
66.249.64.171 - - [05/Jan/2015:00:04:10 -0500] "GET /BLA/resoluciones/RESOLUCIONES%202013/1197.pdf HTTP/1.1" 304 -
66.249.64.167 - - [05/Jan/2015:00:04:22 -0500] "GET /BLA/resoluciones/RESOLUCIONES%202007/RES%202007%204201%20AL%204300/RESOLUCION%204271%20DE%202007.pdf HTTP/1.1" 304 -
186.29.234.172 - - [05/Jan/2015:00:04:37 -0500] "GET /galeria/mapa/aulaSantaM.jpg HTTP/1.1" 200 69216
180.76.6.233 - - [05/Jan/2015:00:05:13 -0500] "GET /BLA/resoluciones/Autos%202008/0944.pdf HTTP/1.1" 200 110181
220.181.108.81 - - [05/Jan/2015:00:06:03 -0500] "GET / HTTP/1.1" 302 -
66.249.64.171 - - [05/Jan/2015:00:06:03 -0500] "GET /BLA/resoluciones/AUTOS%202007/3429.pdf HTTP/1.1" 200 146147
74.86.158.107 - - [05/Jan/2015:00:06:41 -0500] "HEAD / HTTP/1.1" 302 -
100.43.85.25 - - [05/Jan/2015:00:06:51 -0500] "GET /videos/?C=M;O=A HTTP/1.1" 200 47950
180.76.6.28 - - [05/Jan/2015:00:07:20 -0500] "GET /BLA/resoluciones/RESOLUCIONES%202012/1130.pdf HTTP/1.1" 200 592426
66.249.64.163 - - [05/Jan/2015:00:07:21 -0500] "GET /BLA/resoluciones/AUTOS%202014/2843.pdf HTTP/1.1" 200 245187
66.249.64.167 - - [05/Jan/2015:00:07:45 -0500] "GET /BLA/resoluciones/RESOLUCIONES%202010/6749.pdf HTTP/1.1" 304 -
123.125.71.12 - - [05/Jan/2015:00:07:47 -0500] "GET / HTTP/1.1" 302 -
66.249.64.43 - - [05/Jan/2015:00:09:21 -0500] "GET /galeria/Carrusel2/1jquery_thumbnail_scroller_multiple.html HTTP/1.1" 304 -
66.249.64.163 - - [05/Jan/2015:00:09:26 -0500] "GET /BLA/resoluciones/RESOLUCIONES%202012/1595.pdf HTTP/1.1" 200 786157
207.46.13.113 - - [05/Jan/2015:00:09:38 -0500] "GET /galeria/nivo-slider/demo/demo.html HTTP/1.1" 200 3150
188.165.15.94 - - [05/Jan/2015:00:10:40 -0500] "GET /BLA/resoluciones/RESOLUCIONES%202005/RES%202005%201301-1350/00001312.tif HTTP/1.1" 200 62076
66.249.64.43 - - [05/Jan/2015:00:10:57 -0500] "GET /phpold/autoliquidacion/18964.txt HTTP/1.1" 404 1019
66.249.64.167 - - [05/Jan/2015:00:11:08 -0500] "GET /BLA/resoluciones/RESOLUCIONES%202012/0218.pdf HTTP/1.1" 200 509163
188.165.15.214 - - [05/Jan/2015:00:11:11 -0500] "GET /BLA/resoluciones/RESOLUCIONES%202005/RES%202005%201201-1250/00001208.tif HTTP/1.1" 200 158756
74.86.158.107 - - [05/Jan/2015:00:11:41 -0500] "HEAD / HTTP/1.1" 302 -
66.249.64.167 - - [05/Jan/2015:00:12:07 -0500] "GET /BLA/resoluciones/RESOLUCIONES%202010/0713.pdf HTTP/1.1" 304 -
66.249.64.171 - - [05/Jan/2015:00:12:07 -0500] "GET /BLA/resoluciones/RESOLUCIONES%202009/4663.pdf HTTP/1.1" 304 -
180.76.6.66 - - [05/Jan/2015:00:12:30 -0500] "GET /BLA/boletinlegal/jurisprudencia/analisis/CUADRO%20ANALISIS%20SENTENCIA%20C-554%20DE%202007.doc HTTP/1.1" 200 35328
66.249.64.163 - - [05/Jan/2015:00:12:49 -0500] "GET /BLA/resoluciones/RESOLUCIONES%202010/2649.pdf HTTP/1.1" 304 -
180.76.6.158 - - [05/Jan/2015:00:13:22 -0500] "GET /BLA/boletinlegal;jsessionid=BE41FB6FDD1DE81DE1E0387A1103314A?/? HTTP/1.1" 404 1018
190.25.232.143 - - [05/Jan/2015:00:13:23 -0500] "GET /galeria/nivo-slider/demo/images/Banner-GAE3.jpg HTTP/1.1" 304 -
188.165.15.110 - - [05/Jan/2015:00:13:49 -0500] "GET /BLA/resoluciones/index.php?dir=RESOLUCIONES%202005/RES%202005%201901-1950/&sort=name&order=desc HTTP/1.1" 200 12363
66.249.64.167 - - [05/Jan/2015:00:14:14 -0500] "GET /BLA/resoluciones/RESOLUCIONES%202013/2196.pdf HTTP/1.1" 200 3666143
66.249.64.171 - - [05/Jan/2015:00:14:31 -0500] "GET /BLA/resoluciones/RESOLUCIONES%202010/3712.pdf HTTP/1.1" 304 -
66.249.64.167 - - [05/Jan/2015:00:16:07 -0500] "GET /BLA/resoluciones/RESOLUCIONES%202012/0328.pdf HTTP/1.1" 200 1108878
66.249.64.171 - - [05/Jan/2015:00:16:12 -0500] "GET /BLA/resoluciones/RESOLUCIONES%202010/7155.pdf HTTP/1.1" 304 -
74.86.158.107 - - [05/Jan/2015:00:16:41 -0500] "HEAD / HTTP/1.1" 302 -
180.76.5.193 - - [05/Jan/2015:00:17:07 -0500] "GET /BLA/boletinlegal;jsessionid=9ACEA1257BA52345557923F88C3D162A?/? HTTP/1.1" 404 1018
66.249.64.167 - - [05/Jan/2015:00:17:14 -0500] "GET /BLA/resoluciones/RESOLUCIONES%202009/4990.pdf HTTP/1.1" 200 702901
66.249.64.163 - - [05/Jan/2015:00:17:54 -0500] "GET /BLA/resoluciones/AUTOS%202010/0556.pdf HTTP/1.1" 200 247007
66.249.64.171 - - [05/Jan/2015:00:18:50 -0500] "GET /BLA/resoluciones/RESOLUCIONES%202002/RES%202002%20551-600/00000557.tif HTTP/1.1" 200 320088
188.165.15.27 - - [05/Jan/2015:00:18:58 -0500] "GET /BLA/resoluciones/RESOLUCIONES%202002/RES%202002%20851-900/00000894.tif HTTP/1.1" 200 113544
181.136.121.253 - - [05/Jan/2015:00:19:06 -0500] "GET /BLA/boletinlegal/js/jquery.scrollTo-min.js HTTP/1.1" 200 1150
181.136.121.253 - - [05/Jan/2015:00:19:06 -0500] "GET /BLA/boletinlegal/js/jquery.js HTTP/1.1" 200 57254
181.136.121.253 - - [05/Jan/2015:00:19:06 -0500] "GET /BLA/boletinlegal/js/jquery.scrollShow.js HTTP/1.1" 200 4586
66.249.64.163 - - [05/Jan/2015:00:19:35 -0500] "GET /autoliquidacion/Grupo%20Forestal%20-%20Industria%20de%20la%20Madera/Lista%20de%20chequeo%20-%20solicitud%20de%20salvoconducto.pdf HTTP/1.1" 200 75527
66.249.64.163 - - [05/Jan/2015:00:20:30 -0500] "GET /BLA/resoluciones/RESOLUCIONES%202012/1559.pdf HTTP/1.1" 200 859356
188.234.4.16 - - [05/Jan/2015:00:21:02 -0500] "GET /BLA/boletinlegal/js/jquery.js HTTP/1.1" 200 57254
188.234.4.16 - - [05/Jan/2015:00:21:02 -0500] "GET /BLA/boletinlegal/js/jquery.scrollTo-min.js HTTP/1.1" 200 1150
188.234.4.16 - - [05/Jan/2015:00:21:02 -0500] "GET /BLA/boletinlegal/js/jquery.scrollShow.js HTTP/1.1" 200 4586
66.249.64.167 - - [05/Jan/2015:00:21:17 -0500] "GET /BLA/resoluciones/RESOLUCIONES%202010/1155.pdf HTTP/1.1" 304 -
74.86.158.107 - - [05/Jan/2015:00:21:41 -0500] "HEAD / HTTP/1.1" 302 -
66.249.64.167 - - [05/Jan/2015:00:22:58 -0500] "GET /BLA/resoluciones/RESOLUCIONES%202009/9194.pdf HTTP/1.1" 304 -
211.244.83.232 - - [05/Jan/2015:00:23:57 -0500] "GET /robots.txt HTTP/1.1" 404 1243
211.244.83.232 - - [05/Jan/2015:00:23:58 -0500] "GET /galeria/nivo-slider/demo/demo.html HTTP/1.1" 200 3150
66.249.64.163 - - [05/Jan/2015:00:24:40 -0500] "GET /BLA/resoluciones/RESOLUCIONES%202007/RES%202007%203001%20AL%203100/RESOLUCION%203087%20DE%202007.pdf HTTP/1.1" 304 -
66.249.64.167 - - [05/Jan/2015:00:24:51 -0500] "GET /BLA/resoluciones/AUTOS%202014/2337.pdf HTTP/1.1" 200 344459
190.7.158.67 - - [05/Jan/2015:00:26:18 -0500] "GET /galeria/mapa/TIBANICA12.jpg HTTP/1.1" 200 23039
66.249.64.167 - - [05/Jan/2015:00:26:21 -0500] "GET /BLA/resoluciones/AUTOS%202010/5460.pdf HTTP/1.1" 304 -
74.86.158.107 - - [05/Jan/2015:00:26:41 -0500] "HEAD / HTTP/1.1" 302 -
180.76.5.194 - - [05/Jan/2015:00:27:03 -0500] "GET /BLA/resoluciones/Autos%202008/2754.pdf HTTP/1.1" 200 79354
66.249.64.167 - - [05/Jan/2015:00:28:03 -0500] "GET /BLA/resoluciones/AUTOS%202011/1403.pdf HTTP/1.1" 200 98075
66.249.64.167 - - [05/Jan/2015:00:29:16 -0500] "GET /BLA/resoluciones/AUTOS%202014/1099.pdf HTTP/1.1" 200 265935
66.249.64.163 - - [05/Jan/2015:00:29:44 -0500] "GET /BLA/resoluciones/AUTOS%202011/3970.pdf HTTP/1.1" 304 -
66.249.64.167 - - [05/Jan/2015:00:29:55 -0500] "GET /BLA/resoluciones/RESOLUCIONES%202004/RES%202004%202101-2150/00002138.tif HTTP/1.1" 200 160266
186.83.56.16 - - [05/Jan/2015:00:30:47 -0500] "GET /BLA/resoluciones/RESOLUCIONES%202010/7036.pdf HTTP/1.1" 200 314770
186.83.56.16 - - [05/Jan/2015:00:30:48 -0500] "GET /BLA/resoluciones/RESOLUCIONES%202010/7036.pdf HTTP/1.1" 200 314770
66.249.64.171 - - [05/Jan/2015:00:31:26 -0500] "GET /BLA/resoluciones/RESOLUCIONES%202009/5893.pdf HTTP/1.1" 304 -
74.86.158.107 - - [05/Jan/2015:00:31:41 -0500] "HEAD / HTTP/1.1" 302 -
186.83.56.16 - - [05/Jan/2015:00:32:52 -0500] "GET /BLA/resoluciones/RESOLUCIONES%202010/7036.pdf HTTP/1.1" 206 1
186.83.56.16 - - [05/Jan/2015:00:32:52 -0500] "GET /BLA/resoluciones/RESOLUCIONES%202010/7036.pdf HTTP/1.1" 206 312154
186.83.56.16 - - [05/Jan/2015:00:32:52 -0500] "GET /BLA/resoluciones/RESOLUCIONES%202010/7036.pdf HTTP/1.1" 200 314770
66.249.64.167 - - [05/Jan/2015:00:33:07 -0500] "GET /BLA/resoluciones/RESOLUCIONES%202010/1902.pdf HTTP/1.1" 304 -
186.83.56.16 - - [05/Jan/2015:00:33:20 -0500] "GET /BLA/resoluciones/RESOLUCIONES%202010/0559.pdf HTTP/1.1" 200 100786
186.83.56.16 - - [05/Jan/2015:00:33:20 -0500] "GET /BLA/resoluciones/RESOLUCIONES%202010/0559.pdf HTTP/1.1" 200 100786
66.249.64.163 - - [05/Jan/2015:00:33:37 -0500] "GET /BLA/resoluciones/AUTOS%202014/0990.pdf HTTP/1.1" 200 292484
66.249.64.163 - - [05/Jan/2015:00:34:49 -0500] "GET /BLA/resoluciones/RESOLUCIONES%202007/RES%202007%201401%20AL%201500/RESOLUCION%201402%20DE%202007.pdf HTTP/1.1" 304 -
186.83.56.16 - - [05/Jan/2015:00:35:05 -0500] "GET /BLA/resoluciones/RESOLUCIONES%202010/7036.pdf HTTP/1.1" 206 1
186.83.56.16 - - [05/Jan/2015:00:35:05 -0500] "GET /BLA/resoluciones/RESOLUCIONES%202010/7036.pdf HTTP/1.1" 200 314770
200.118.175.1 - - [05/Jan/2015:00:36:05 -0500] "GET /galeria/carrusel/Carrusel/jquery.thumbnailScroller.css HTTP/1.1" 200 2066
200.118.175.1 - - [05/Jan/2015:00:36:05 -0500] "GET /galeria/carrusel/Carrusel/jquery-ui-1.8.13.custom.min.js HTTP/1.1" 200 10800
200.118.175.1 - - [05/Jan/2015:00:36:05 -0500] "GET /galeria/carrusel/Carrusel/jquery.thumbnailScroller.js HTTP/1.1" 200 8157
200.118.175.1 - - [05/Jan/2015:00:36:05 -0500] "GET /galeria/nivo-slider/demo/demo.html HTTP/1.1" 200 3150
200.118.175.1 - - [05/Jan/2015:00:36:05 -0500] "GET /galeria/nivo-slider/themes/pascal/pascal.css HTTP/1.1" 200 2258
200.118.175.1 - - [05/Jan/2015:00:36:05 -0500] "GET /galeria/nivo-slider/themes/orman/orman.css HTTP/1.1" 200 2152
200.118.175.1 - - [05/Jan/2015:00:36:05 -0500] "GET /galeria/nivo-slider/themes/default/default.css HTTP/1.1" 200 1569
200.118.175.1 - - [05/Jan/2015:00:36:05 -0500] "GET /galeria/nivo-slider/nivo-slider.css HTTP/1.1" 200 1507
200.118.175.1 - - [05/Jan/2015:00:36:05 -0500] "GET /galeria/nivo-slider/demo/style.css HTTP/1.1" 200 2222
200.118.175.1 - - [05/Jan/2015:00:36:05 -0500] "GET /galeria/nivo-slider/jquery.nivo.slider.pack.js HTTP/1.1" 200 11561
200.118.175.1 - - [05/Jan/2015:00:36:05 -0500] "GET /galeria/nivo-slider/demo/scripts/jquery-1.7.1.min.js HTTP/1.1" 200 93868
200.118.175.1 - - [05/Jan/2015:00:36:05 -0500] "GET /galeria/nivo-slider/demo/images/4Simple_Slider.png HTTP/1.1" 200 11722
200.118.175.1 - - [05/Jan/2015:00:36:05 -0500] "GET /galeria/nivo-slider/themes/default/loading.gif HTTP/1.1" 200 1737
200.118.175.1 - - [05/Jan/2015:00:36:06 -0500] "GET /galeria/nivo-slider/demo/images/bolsas-08.jpg HTTP/1.1" 200 85589
200.118.175.1 - - [05/Jan/2015:00:36:06 -0500] "GET /galeria/nivo-slider/demo/images/Ruta-vertimientos-01.jpg HTTP/1.1" 200 130151
200.118.175.1 - - [05/Jan/2015:00:36:06 -0500] "GET /galeria/nivo-slider/demo/images/bolsas-06.jpg HTTP/1.1" 200 90982
200.118.175.1 - - [05/Jan/2015:00:36:06 -0500] "GET /galeria/nivo-slider/demo/images/ecolecta-Dic2014.png HTTP/1.1" 200 288593
200.118.175.1 - - [05/Jan/2015:00:36:06 -0500] "GET /galeria/nivo-slider/demo/images/porloshumedales.jpg HTTP/1.1" 200 351238
200.118.175.1 - - [05/Jan/2015:00:36:06 -0500] "GET /galeria/nivo-slider/demo/images/Tingua-azul.jpg HTTP/1.1" 200 307638
200.118.175.1 - - [05/Jan/2015:00:36:06 -0500] "GET /galeria/nivo-slider/demo/images/Banner-Caracol-Africano.jpg HTTP/1.1" 200 331986
200.118.175.1 - - [05/Jan/2015:00:36:07 -0500] "GET /galeria/nivo-slider/demo/images/banner-redes.jpg HTTP/1.1" 200 62209
200.118.175.1 - - [05/Jan/2015:00:36:07 -0500] "GET /galeria/nivo-slider/demo/images/9Signos.jpg HTTP/1.1" 200 93040
200.118.175.1 - - [05/Jan/2015:00:36:08 -0500] "GET /galeria/nivo-slider/demo/images/banner-llantas2.jpg HTTP/1.1" 200 73153
157.55.39.38 - - [05/Jan/2015:00:36:08 -0500] "GET /ifweb/5.html HTTP/1.1" 404 1019
200.118.175.1 - - [05/Jan/2015:00:36:08 -0500] "GET /galeria/nivo-slider/demo/images/banner-caballos.png HTTP/1.1" 200 389106
200.118.175.1 - - [05/Jan/2015:00:36:10 -0500] "GET /galeria/nivo-slider/themes/default/arrows.png HTTP/1.1" 200 824
200.118.175.1 - - [05/Jan/2015:00:36:10 -0500] "GET /galeria/nivo-slider/themes/default/bullets.png HTTP/1.1" 200 1281
200.118.175.1 - - [05/Jan/2015:00:36:10 -0500] "GET /videos/Spot_CambioClimatico.flv HTTP/1.1" 200 4371917
66.249.64.163 - - [05/Jan/2015:00:36:30 -0500] "GET /BLA/resoluciones/RESOLUCIONES%202009/6335.pdf HTTP/1.1" 304 -
188.165.15.138 - - [05/Jan/2015:00:36:37 -0500] "GET /BLA/resoluciones/RESOLUCIONES%202003/RES%202003%20001-050/2003RES32.tif HTTP/1.1" 200 291336
74.86.158.107 - - [05/Jan/2015:00:36:41 -0500] "HEAD / HTTP/1.1" 302 -
180.76.5.74 - - [05/Jan/2015:00:36:59 -0500] "GET /BLA/boletinlegal;jsessionid=73C357F1B78930BD24F98C4445ECB2EF?/? HTTP/1.1" 404 1018
66.249.64.167 - - [05/Jan/2015:00:38:02 -0500] "GET /BLA/resoluciones/RESOLUCIONES%202012/1739.pdf HTTP/1.1" 200 1168556
66.249.64.167 - - [05/Jan/2015:00:38:12 -0500] "GET /BLA/resoluciones/RESOLUCIONES%202007/RES%202007%201501%20AL%201600/RESOLUCION%201584%20DE%202007.pdf HTTP/1.1" 200 780453
188.165.15.90 - - [05/Jan/2015:00:38:14 -0500] "GET /BLA/resoluciones/index.php?dir=RESOLUCIONES%202005/RES%202005%201301-1350/&sort=date&order=asc HTTP/1.1" 200 12344
66.249.64.163 - - [05/Jan/2015:00:39:54 -0500] "GET /BLA/resoluciones/RESOLUCIONES%202013/0941.pdf HTTP/1.1" 200 3913861
66.249.64.171 - - [05/Jan/2015:00:41:35 -0500] "GET /BLA/resoluciones/AUTOS%202011/7776.pdf HTTP/1.1" 200 143614
74.86.158.107 - - [05/Jan/2015:00:41:41 -0500] "HEAD / HTTP/1.1" 302 -
188.165.15.27 - - [05/Jan/2015:00:41:51 -0500] "GET /BLA/resoluciones/RESOLUCIONES%202004/RES%202004%202251-2300/00002257.tif HTTP/1.1" 200 151044
188.165.15.138 - - [05/Jan/2015:00:42:10 -0500] "GET /BLA/resoluciones/RESOLUCIONES%202006/RES%202006%201951-2000/00001956.tif HTTP/1.1" 200 133796
186.28.150.17 - - [05/Jan/2015:00:42:22 -0500] "GET /BLA/boletinlegal/js/jquery.js HTTP/1.1" 200 57254
186.28.150.17 - - [05/Jan/2015:00:42:22 -0500] "GET /BLA/boletinlegal/js/jquery.scrollTo-min.js HTTP/1.1" 200 1150
186.28.150.17 - - [05/Jan/2015:00:42:22 -0500] "GET /BLA/boletinlegal/js/jquery.scrollShow.js HTTP/1.1" 200 4586
186.28.150.17 - - [05/Jan/2015:00:42:22 -0500] "GET /galeria/carrusel/Carrusel/jquery.thumbnailScroller.css HTTP/1.1" 200 2066
186.28.150.17 - - [05/Jan/2015:00:42:22 -0500] "GET /galeria/carrusel/Carrusel/jquery-ui-1.8.13.custom.min.js HTTP/1.1" 200 10800
186.28.150.17 - - [05/Jan/2015:00:42:22 -0500] "GET /galeria/carrusel/Carrusel/jquery.thumbnailScroller.js HTTP/1.1" 200 8157
66.249.64.167 - - [05/Jan/2015:00:42:23 -0500] "GET /BLA/resoluciones/AUTOS%202014/2261.pdf HTTP/1.1" 200 334721
186.28.150.17 - - [05/Jan/2015:00:42:25 -0500] "GET /galeria/nivo-slider/demo/demo.html HTTP/1.1" 200 3150
186.28.150.17 - - [05/Jan/2015:00:42:26 -0500] "GET /galeria/nivo-slider/themes/default/default.css HTTP/1.1" 200 1569
186.28.150.17 - - [05/Jan/2015:00:42:26 -0500] "GET /galeria/nivo-slider/themes/pascal/pascal.css HTTP/1.1" 200 2258
186.28.150.17 - - [05/Jan/2015:00:42:26 -0500] "GET /galeria/nivo-slider/themes/orman/orman.css HTTP/1.1" 200 2152
186.28.150.17 - - [05/Jan/2015:00:42:26 -0500] "GET /galeria/nivo-slider/nivo-slider.css HTTP/1.1" 200 1507
186.28.150.17 - - [05/Jan/2015:00:42:26 -0500] "GET /galeria/nivo-slider/demo/style.css HTTP/1.1" 200 2222
186.28.150.17 - - [05/Jan/2015:00:42:26 -0500] "GET /galeria/nivo-slider/demo/images/bolsas-08.jpg HTTP/1.1" 200 85589
186.28.150.17 - - [05/Jan/2015:00:42:26 -0500] "GET /galeria/nivo-slider/demo/images/Ruta-vertimientos-01.jpg HTTP/1.1" 200 130151
186.28.150.17 - - [05/Jan/2015:00:42:26 -0500] "GET /galeria/nivo-slider/demo/images/bolsas-06.jpg HTTP/1.1" 200 90982
186.28.150.17 - - [05/Jan/2015:00:42:26 -0500] "GET /galeria/nivo-slider/demo/images/ecolecta-Dic2014.png HTTP/1.1" 200 288593
186.28.150.17 - - [05/Jan/2015:00:42:26 -0500] "GET /galeria/nivo-slider/demo/images/porloshumedales.jpg HTTP/1.1" 200 351238
186.28.150.17 - - [05/Jan/2015:00:42:26 -0500] "GET /galeria/nivo-slider/demo/images/Tingua-azul.jpg HTTP/1.1" 200 307638
186.28.150.17 - - [05/Jan/2015:00:42:26 -0500] "GET /galeria/nivo-slider/demo/images/Banner-Caracol-Africano.jpg HTTP/1.1" 200 331986
186.28.150.17 - - [05/Jan/2015:00:42:27 -0500] "GET /galeria/nivo-slider/demo/images/banner-redes.jpg HTTP/1.1" 200 62209
186.28.150.17 - - [05/Jan/2015:00:42:28 -0500] "GET /galeria/nivo-slider/demo/images/9Signos.jpg HTTP/1.1" 200 93040
186.28.150.17 - - [05/Jan/2015:00:42:29 -0500] "GET /galeria/nivo-slider/demo/images/banner-llantas2.jpg HTTP/1.1" 200 73153
186.28.150.17 - - [05/Jan/2015:00:42:29 -0500] "GET /galeria/nivo-slider/demo/images/banner-caballos.png HTTP/1.1" 200 389106
186.28.150.17 - - [05/Jan/2015:00:42:29 -0500] "GET /galeria/nivo-slider/demo/scripts/jquery-1.7.1.min.js HTTP/1.1" 200 93868
186.28.150.17 - - [05/Jan/2015:00:42:29 -0500] "GET /galeria/nivo-slider/jquery.nivo.slider.pack.js HTTP/1.1" 200 11561
186.28.150.17 - - [05/Jan/2015:00:42:30 -0500] "GET /galeria/nivo-slider/demo/images/4Simple_Slider.png HTTP/1.1" 200 11722
186.28.150.17 - - [05/Jan/2015:00:42:30 -0500] "GET /galeria/nivo-slider/themes/default/loading.gif HTTP/1.1" 200 1737
186.28.150.17 - - [05/Jan/2015:00:42:30 -0500] "GET /galeria/nivo-slider/themes/default/arrows.png HTTP/1.1" 200 824
186.28.150.17 - - [05/Jan/2015:00:42:30 -0500] "GET /galeria/nivo-slider/themes/default/bullets.png HTTP/1.1" 200 1281
186.28.150.17 - - [05/Jan/2015:00:43:08 -0500] "GET /videos/Spot_CambioClimatico.flv HTTP/1.1" 200 4371917
66.249.64.171 - - [05/Jan/2015:00:43:17 -0500] "GET /BLA/resoluciones/RESOLUCIONES%202009/7138.pdf HTTP/1.1" 304 -
66.249.64.163 - - [05/Jan/2015:00:44:58 -0500] "GET /BLA/resoluciones/RESOLUCIONES%202007/RES%202007%201501%20AL%201600/RESOLUCION%201554%20DE%202007.pdf HTTP/1.1" 200 814708
180.76.6.143 - - [05/Jan/2015:00:45:25 -0500] "GET /BLA/boletinlegal;jsessionid=F0E504810ED5634AC9CB9EE68332AAB8?/? HTTP/1.1" 404 1018
188.165.15.214 - - [05/Jan/2015:00:45:44 -0500] "GET /BLA/resoluciones/index.php?dir=RESOLUCIONES%202004/RES%202004%202001-2050/&sort=name&order=desc HTTP/1.1" 200 12346
180.76.6.159 - - [05/Jan/2015:00:46:17 -0500] "GET /BLA/boletinlegal;jsessionid=C534597FE823D530C7C66576EA069F09?/? HTTP/1.1" 404 1018
74.86.158.107 - - [05/Jan/2015:00:46:41 -0500] "HEAD / HTTP/1.1" 302 -
66.249.64.167 - - [05/Jan/2015:00:46:46 -0500] "GET /BLA/resoluciones/RESOLUCIONES%202007/RES%202007%204101%20AL%204200/RESOLUCION%204128%20DE%202007.pdf HTTP/1.1" 304 -
66.249.64.167 - - [05/Jan/2015:00:46:48 -0500] "GET /BLA/resoluciones/AUTOS%202014/2370.pdf HTTP/1.1" 200 1226097
66.249.64.167 - - [05/Jan/2015:00:47:38 -0500] "GET /BLA/resoluciones/RESOLUCIONES%202002/RES%202002%20551-600/00000562.tif HTTP/1.1" 200 76342
66.249.64.163 - - [05/Jan/2015:00:48:33 -0500] "GET /BLA/resoluciones/RESOLUCIONES%202007/RES%202007%202201%20AL%202300/RESOLUCION%202300%20DE%202007.pdf HTTP/1.1" 304 -
200.118.175.1 - - [05/Jan/2015:00:49:32 -0500] "GET /videos/ArchivoSDA.flv HTTP/1.1" 200 31205279
200.118.175.1 - - [05/Jan/2015:00:49:52 -0500] "GET /videos/ArchivoSDA.flv HTTP/1.1" 206 1
200.118.175.1 - - [05/Jan/2015:00:49:52 -0500] "GET /videos/ArchivoSDA.flv HTTP/1.1" 206 20556319
66.249.64.167 - - [05/Jan/2015:00:50:21 -0500] "GET /BLA/resoluciones/RESOLUCIONES%202010/4423.pdf HTTP/1.1" 304 -
180.76.5.175 - - [05/Jan/2015:00:50:45 -0500] "GET /BLA/resoluciones/RESOLUCIONES%202014/0993.pdf HTTP/1.1" 200 683598
100.43.85.25 - - [05/Jan/2015:00:51:05 -0500] "GET /galeria/juegos/texturesExport/?C=S;O=A HTTP/1.1" 200 796
66.249.64.47 - - [05/Jan/2015:00:51:11 -0500] "GET /BLA/boletinlegal/jurisprudencia/analisis/CUADRO%20SENTENCIA%20C-222%20DE%202011.doc HTTP/1.1" 304 -
74.86.158.107 - - [05/Jan/2015:00:51:41 -0500] "HEAD / HTTP/1.1" 302 -
66.249.64.163 - - [05/Jan/2015:00:52:09 -0500] "GET /BLA/resoluciones/RESOLUCIONES%202013/0356.pdf HTTP/1.1" 304 -
188.165.15.110 - - [05/Jan/2015:00:52:27 -0500] "GET /BLA/resoluciones/index.php?dir=RESOLUCIONES%202003/RES%202003%201951-2000/&sort=size&order=asc HTTP/1.1" 200 12149
188.165.15.94 - - [05/Jan/2015:00:53:10 -0500] "GET /BLA/resoluciones/RESOLUCIONES%202006/RES%202006%201701-1751/00001730.tif HTTP/1.1" 200 189490
200.118.175.1 - - [05/Jan/2015:00:53:52 -0500] "GET /BLA/directivas/2009/0.pdf HTTP/1.1" 200 1636862
200.118.175.1 - - [05/Jan/2015:00:53:52 -0500] "GET /BLA/directivas/2009/0.pdf HTTP/1.1" 206 32768
200.118.175.1 - - [05/Jan/2015:00:53:52 -0500] "GET /BLA/directivas/2009/0.pdf HTTP/1.1" 206 1604094
200.118.175.1 - - [05/Jan/2015:00:53:55 -0500] "GET /favicon.ico HTTP/1.1" 200 7782
66.249.64.167 - - [05/Jan/2015:00:53:56 -0500] "GET /BLA/resoluciones/RESOLUCIONES%202007/RES%202007%203801%20AL%203900/RESOLUCION%203819%20DE%202007.pdf HTTP/1.1" 200 376737
66.249.64.167 - - [05/Jan/2015:00:55:32 -0500] "GET /BLA/resoluciones/AUTOS%202014/3440.pdf HTTP/1.1" 200 229935
66.249.64.163 - - [05/Jan/2015:00:55:44 -0500] "GET /BLA/resoluciones/RESOLUCIONES%202009/6737.pdf HTTP/1.1" 304 -
180.76.6.136 - - [05/Jan/2015:00:56:33 -0500] "GET /BLA/resoluciones/RESOLUCIONES%202009/2471.pdf HTTP/1.1" 200 453601
74.86.158.107 - - [05/Jan/2015:00:56:41 -0500] "HEAD / HTTP/1.1" 302 -
66.249.64.163 - - [05/Jan/2015:00:57:32 -0500] "GET /BLA/resoluciones/index.php?dir=RESOLUCIONES%202007/RES%202007%203801%20AL%203900/&sort=date&order=desc HTTP/1.1" 200 26636
188.165.15.196 - - [05/Jan/2015:00:57:55 -0500] "GET /BLA/resoluciones/RESOLUCIONES%202006/RES%202006%20601-650/00000633.tif HTTP/1.1" 200 240604
66.249.64.171 - - [05/Jan/2015:00:58:43 -0500] "GET /BLA/resoluciones/RESOLUCIONES%202002/RES%202002%201751-1800/20021774.tif HTTP/1.1" 200 284334
66.249.64.47 - - [05/Jan/2015:00:59:19 -0500] "GET /ecodirectorio/files/res/pages/page_0139.swf HTTP/1.1" 200 130072
66.249.64.167 - - [05/Jan/2015:00:59:56 -0500] "GET /BLA/resoluciones/AUTOS%202014/1603.pdf HTTP/1.1" 200 240756
186.84.181.236 - - [05/Jan/2015:01:00:40 -0500] "GET /BLA/boletinlegal/js/jquery.scrollShow.js HTTP/1.1" 200 4586
186.84.181.236 - - [05/Jan/2015:01:00:40 -0500] "GET /BLA/boletinlegal/js/jquery.scrollTo-min.js HTTP/1.1" 200 1150
186.84.181.236 - - [05/Jan/2015:01:00:40 -0500] "GET /BLA/boletinlegal/js/jquery.js HTTP/1.1" 200 57254
186.84.175.191 - - [05/Jan/2015:01:00:41 -0500] "GET /BLA/boletinlegal/js/jquery.js HTTP/1.1" 200 57254
186.84.175.191 - - [05/Jan/2015:01:00:41 -0500] "GET /BLA/boletinlegal/js/jquery.scrollTo-min.js HTTP/1.1" 200 1150
186.84.175.191 - - [05/Jan/2015:01:00:41 -0500] "GET /BLA/boletinlegal/js/jquery.scrollShow.js HTTP/1.1" 200 4586
66.249.64.47 - - [05/Jan/2015:01:01:07 -0500] "GET /ecodirectorio/files/res/other/search.txt HTTP/1.1" 304 -
74.86.158.107 - - [05/Jan/2015:01:01:41 -0500] "HEAD / HTTP/1.1" 302 -
66.249.64.39 - - [05/Jan/2015:01:02:55 -0500] "GET /Autoliquidacion/index.php?dir=Cobro%20Clasificacion%20Uso%20De%20Vivenda%20En%20Suelo%20Restringido/&sort=name&order=desc HTTP/1.1" 200 3219
188.165.15.97 - - [05/Jan/2015:01:03:14 -0500] "GET /BLA/resoluciones/RESOLUCIONES%202002/RES%202002%2051-100/2002RES63.tif HTTP/1.1" 200 73082
66.249.64.167 - - [05/Jan/2015:01:04:17 -0500] "GET /BLA/resoluciones/RESOLUCIONES%202012/0065.pdf HTTP/1.1" 200 935527
66.249.64.47 - - [05/Jan/2015:01:04:42 -0500] "GET /Anexos%20estudio%20Organizacional%20SDA/ANEXO%20No.%203-%20CONTRATACI%C3%93N%20%20OPS%C2%B4s%202008-2012/CONTRATOS%20SDA%202009%20POR%20DEPENDENCIA%20(1).xls HTTP/1.1" 304 -
186.112.125.124 - - [05/Jan/2015:01:04:44 -0500] "GET /videos/ArchivoSDA.flv HTTP/1.1" 206 1
186.112.125.124 - - [05/Jan/2015:01:04:44 -0500] "GET /videos/ArchivoSDA.flv HTTP/1.1" 206 27962335
201.184.151.174 - - [05/Jan/2015:01:04:49 -0500] "GET /BLA/boletinlegal/js/jquery.scrollTo-min.js HTTP/1.1" 200 1150
201.184.151.174 - - [05/Jan/2015:01:04:49 -0500] "GET /BLA/boletinlegal/js/jquery.js HTTP/1.1" 200 57254
201.184.151.174 - - [05/Jan/2015:01:04:50 -0500] "GET /BLA/boletinlegal/js/jquery.scrollShow.js HTTP/1.1" 200 4586
152.61.128.66 - - [05/Jan/2015:01:04:54 -0500] "HEAD / HTTP/1.1" 302 -
152.61.128.66 - - [05/Jan/2015:01:04:54 -0500] "GET /arcgis/services/Calidad_del_Agua_WQI/MapServer/WMSServer?request=GetCapabilities&service=WMS HTTP/1.1" 200 32135
152.61.128.66 - - [05/Jan/2015:01:04:54 -0500] "GET /arcgis/services/Calidad_del_Agua_WQI/MapServer/WMSServer?request=GetCapabilities&service=WMS HTTP/1.0" 200 32135
152.61.128.66 - - [05/Jan/2015:01:04:55 -0500] "GET /arcgis/services/Calidad_del_Agua_WQI/MapServer/WMSServer?request=GetCapabilities&service=WMS HTTP/1.0" 200 32135
152.61.128.66 - - [05/Jan/2015:01:04:56 -0500] "GET /arcgis/services/Calidad_del_Agua_WQI/MapServer/WMSServer?request=GetCapabilities&service=WMS HTTP/1.0" 200 32135
152.61.128.66 - - [05/Jan/2015:01:04:57 -0500] "GET /arcgis/services/Calidad_del_Agua_WQI/MapServer/WMSServer?VERSION=1.1.1&REQUEST=GetMap&LAYERS=0&SRS=EPSG:4326&BBOX=-74.473395,3.674381,-73.963300,4.920569&WIDTH=250&HEIGHT=250&FORMAT=image/bmp&STYLES=& HTTP/1.1" 200 188054
186.112.125.124 - - [05/Jan/2015:01:04:59 -0500] "GET /galeria/nivo-slider/demo/images/ecolecta-Dic2014.png HTTP/1.1" 304 -
66.249.64.47 - - [05/Jan/2015:01:05:56 -0500] "GET /Autoliquidacion/dlf/styles.css HTTP/1.1" 200 3045
66.249.64.43 - - [05/Jan/2015:01:05:57 -0500] "GET /ecodirectorio/files/res/pages/page_0139.swf HTTP/1.1" 200 130072
152.61.128.66 - - [05/Jan/2015:01:06:12 -0500] "HEAD / HTTP/1.1" 302 -
152.61.128.66 - - [05/Jan/2015:01:06:12 -0500] "GET /arcgis/services/Calidad_del_Agua_WQI/MapServer/WMSServer?SERVICE=WMS&REQUEST=GetCapabilities HTTP/1.1" 200 32135
152.61.128.66 - - [05/Jan/2015:01:06:13 -0500] "GET /arcgis/services/Calidad_del_Agua_WQI/MapServer/WMSServer?SERVICE=WMS&REQUEST=GetCapabilities HTTP/1.0" 200 32135
152.61.128.66 - - [05/Jan/2015:01:06:14 -0500] "GET /arcgis/services/Calidad_del_Agua_WQI/MapServer/WMSServer?SERVICE=WMS&REQUEST=GetCapabilities HTTP/1.0" 200 32135
152.61.128.66 - - [05/Jan/2015:01:06:15 -0500] "GET /arcgis/services/Calidad_del_Agua_WQI/MapServer/WMSServer?SERVICE=WMS&REQUEST=GetCapabilities HTTP/1.0" 200 32135
152.61.128.66 - - [05/Jan/2015:01:06:16 -0500] "GET /arcgis/services/Calidad_del_Agua_WQI/MapServer/WMSServer?VERSION=1.1.1&REQUEST=GetMap&LAYERS=0&SRS=EPSG:4326&BBOX=-74.473395,3.674381,-73.963300,4.920569&WIDTH=250&HEIGHT=250&FORMAT=image/bmp&STYLES=& HTTP/1.1" 200 188054
66.249.64.167 - - [05/Jan/2015:01:06:30 -0500] "GET /BLA/resoluciones/RESOLUCIONES%202009/8469.pdf HTTP/1.1" 200 47922
74.86.158.107 - - [05/Jan/2015:01:06:41 -0500] "HEAD / HTTP/1.1" 302 -
220.255.1.77 - - [05/Jan/2015:01:07:07 -0500] "POST /xmlrpc.php HTTP/1.1" 404 1018
180.76.6.43 - - [05/Jan/2015:01:07:14 -0500] "GET /BLA/resoluciones/AUTOS%202010/5713.pdf HTTP/1.1" 200 231067
201.184.220.199 - - [05/Jan/2015:01:07:38 -0500] "GET /hidrico/aguas%20subterraneas/ HTTP/1.1" 404 1296
180.76.6.57 - - [05/Jan/2015:01:08:03 -0500] "GET /BLA/boletinlegal;jsessionid=DEE7210427E84D61B74855155CA68626?/? HTTP/1.1" 404 1018
66.249.64.163 - - [05/Jan/2015:01:08:09 -0500] "GET /BLA/resoluciones/AUTOS%202012/3050.pdf HTTP/1.1" 200 279785
66.249.64.167 - - [05/Jan/2015:01:08:42 -0500] "GET /BLA/resoluciones/RESOLUCIONES%202012/1563.pdf HTTP/1.1" 200 1241532
180.76.6.50 - - [05/Jan/2015:01:08:52 -0500] "GET /BLA/boletinlegal;jsessionid=7227E83B682F2F249B0289FE9B7194FC?/? HTTP/1.1" 404 1018
123.125.71.44 - - [05/Jan/2015:01:09:26 -0500] "GET / HTTP/1.1" 302 -
180.76.6.43 - - [05/Jan/2015:01:09:42 -0500] "GET /BLA/boletinlegal;jsessionid=8CDC15F20B32C69BDB3D5AA39881C64D?/? HTTP/1.1" 404 1018
66.249.64.163 - - [05/Jan/2015:01:09:53 -0500] "GET /BLA/resoluciones/RESOLUCIONES%202007/RES%202007%20301%20AL%20400/RESOLUCION%200400%20DE%202007.pdf HTTP/1.1" 200 985266
181.49.42.10 - - [05/Jan/2015:01:09:59 -0500] "GET /BLA/boletinlegal/js/jquery.js HTTP/1.0" 200 57254
181.49.42.10 - - [05/Jan/2015:01:09:59 -0500] "GET /BLA/boletinlegal/js/jquery.scrollShow.js HTTP/1.0" 200 4586
181.49.42.10 - - [05/Jan/2015:01:09:59 -0500] "GET /BLA/boletinlegal/js/jquery.scrollTo-min.js HTTP/1.0" 200 1150
220.181.108.99 - - [05/Jan/2015:01:10:46 -0500] "GET / HTTP/1.1" 302 -
188.165.15.110 - - [05/Jan/2015:01:10:50 -0500] "GET /BLA/resoluciones/RESOLUCIONES%202003/RES%202003%20101-150/2003RES132.tif HTTP/1.1" 200 323488
66.249.64.171 - - [05/Jan/2015:01:11:36 -0500] "GET /BLA/resoluciones/RESOLUCIONES%202010/4229.pdf HTTP/1.1" 304 -
74.86.158.107 - - [05/Jan/2015:01:11:41 -0500] "HEAD / HTTP/1.1" 302 -
188.165.15.97 - - [05/Jan/2015:01:12:52 -0500] "GET /BLA/resoluciones/RESOLUCIONES%202006/RES%202006%20551-600/00000597.tif HTTP/1.1" 200 338500
201.184.86.123 - - [05/Jan/2015:01:12:59 -0500] "GET /galeria/mapa/Aula-Nevados.jpg HTTP/1.1" 200 64761
188.165.15.214 - - [05/Jan/2015:01:13:02 -0500] "GET /BLA/resoluciones/RESOLUCIONES%202002/RES%202002%20851-900/00000871.tif HTTP/1.1" 200 135770
66.249.64.167 - - [05/Jan/2015:01:13:03 -0500] "GET /BLA/resoluciones/AUTOS%202014/2088.pdf HTTP/1.1" 200 2397609
66.249.64.167 - - [05/Jan/2015:01:13:20 -0500] "GET /BLA/resoluciones/AUTOS%202007/2686.pdf HTTP/1.1" 200 222568
66.249.64.171 - - [05/Jan/2015:01:15:03 -0500] "GET /BLA/resoluciones/RESOLUCIONES%202008/3122.pdf HTTP/1.1" 200 241368
181.49.42.10 - - [05/Jan/2015:01:16:12 -0500] "GET /BLA/boletinlegal/norma_menu.php HTTP/1.0" 200 5286
181.49.42.10 - - [05/Jan/2015:01:16:12 -0500] "GET /BLA/boletinlegal/styles2.css HTTP/1.0" 200 1838
181.49.42.10 - - [05/Jan/2015:01:16:12 -0500] "GET /BLA/boletinlegal/style.css HTTP/1.0" 200 9406
181.49.42.10 - - [05/Jan/2015:01:16:12 -0500] "GET /BLA/boletinlegal/js/ajax.js HTTP/1.0" 200 772
181.49.42.10 - - [05/Jan/2015:01:16:12 -0500] "GET /BLA/boletinlegal/js/jquery1.js HTTP/1.0" 200 29846
181.49.42.10 - - [05/Jan/2015:01:16:12 -0500] "GET /BLA/boletinlegal/js/lib.js HTTP/1.0" 200 6474
181.49.42.10 - - [05/Jan/2015:01:16:12 -0500] "GET /BLA/boletinlegal/js/popup.js HTTP/1.0" 200 1270
181.49.42.10 - - [05/Jan/2015:01:16:12 -0500] "GET /BLA/boletinlegal/images/signo-mas.gif HTTP/1.0" 200 13689
181.49.42.10 - - [05/Jan/2015:01:16:12 -0500] "GET /BLA/boletinlegal/swfobject.js HTTP/1.0" 200 9763
181.49.42.10 - - [05/Jan/2015:01:16:12 -0500] "GET /BLA/boletinlegal/images/cabezote%20BLEGAL.jpg HTTP/1.0" 200 118164
181.49.42.10 - - [05/Jan/2015:01:16:12 -0500] "GET /BLA/boletinlegal/images/signo-menos.gif HTTP/1.0" 200 13454
181.49.42.10 - - [05/Jan/2015:01:16:12 -0500] "GET /BLA/boletinlegal/images/nuevo.gif HTTP/1.0" 200 26475
181.49.42.10 - - [05/Jan/2015:01:16:12 -0500] "GET /BLA/boletinlegal/images/historia.png HTTP/1.0" 200 52775
181.49.42.10 - - [05/Jan/2015:01:16:12 -0500] "GET /BLA/boletinlegal/images/subscribe-icon-big.png HTTP/1.0" 200 47702
181.49.42.10 - - [05/Jan/2015:01:16:12 -0500] "GET /BLA/boletinlegal/images/img_3.jpg HTTP/1.0" 200 1841
181.49.42.10 - - [05/Jan/2015:01:16:12 -0500] "GET /BLA/boletinlegal/images/body_bg.jpg HTTP/1.0" 200 1601
181.49.42.10 - - [05/Jan/2015:01:16:12 -0500] "GET /BLA/boletinlegal/images/menu_lft.gif HTTP/1.0" 200 1713
181.49.42.10 - - [05/Jan/2015:01:16:12 -0500] "GET /BLA/boletinlegal/images/menu_rght.gif HTTP/1.0" 200 1627
181.49.42.10 - - [05/Jan/2015:01:16:12 -0500] "GET /BLA/boletinlegal/images/footer_bg.jpg HTTP/1.0" 200 586
181.49.42.10 - - [05/Jan/2015:01:16:12 -0500] "GET /BLA/boletinlegal/images/bg_top.jpg HTTP/1.0" 200 522
181.49.42.10 - - [05/Jan/2015:01:16:12 -0500] "GET /BLA/boletinlegal/images/menu_bg.jpg HTTP/1.0" 200 620
181.49.42.10 - - [05/Jan/2015:01:16:12 -0500] "GET /BLA/boletinlegal/images/text.jpg HTTP/1.0" 200 568
181.49.42.10 - - [05/Jan/2015:01:16:12 -0500] "GET /BLA/boletinlegal/images/hover.jpg HTTP/1.0" 200 640
181.49.42.10 - - [05/Jan/2015:01:16:12 -0500] "GET /BLA/boletinlegal/images/footer_bg_l.jpg HTTP/1.0" 200 776
181.49.42.10 - - [05/Jan/2015:01:16:12 -0500] "GET /BLA/boletinlegal/carousel.swf HTTP/1.0" 200 63487
181.49.42.10 - - [05/Jan/2015:01:16:12 -0500] "GET /BLA/boletinlegal/settings.xml HTTP/1.0" 200 2059
181.49.42.10 - - [05/Jan/2015:01:16:13 -0500] "GET /BLA/boletinlegal/images.xml HTTP/1.0" 200 3941
181.49.42.10 - - [05/Jan/2015:01:16:13 -0500] "GET /BLA/boletinlegal/images/pev.png HTTP/1.0" 200 404876
181.49.42.10 - - [05/Jan/2015:01:16:13 -0500] "GET /BLA/boletinlegal/images/hidro.png HTTP/1.0" 200 517362
181.49.42.10 - - [05/Jan/2015:01:16:13 -0500] "GET /BLA/boletinlegal/images/emis.png HTTP/1.0" 200 448203
181.49.42.10 - - [05/Jan/2015:01:16:13 -0500] "GET /BLA/boletinlegal/images/flor.png HTTP/1.0" 200 587454
181.49.42.10 - - [05/Jan/2015:01:16:13 -0500] "GET /BLA/boletinlegal/images/rui.png HTTP/1.0" 200 469106
181.49.42.10 - - [05/Jan/2015:01:16:13 -0500] "GET /BLA/boletinlegal/images/faun.png HTTP/1.0" 200 613440
181.49.42.10 - - [05/Jan/2015:01:16:13 -0500] "GET /BLA/boletinlegal/images/silvi.png HTTP/1.0" 200 588511
181.49.42.10 - - [05/Jan/2015:01:16:15 -0500] "GET /BLA/boletinlegal/images/hume.png HTTP/1.0" 200 481651
181.49.42.10 - - [05/Jan/2015:01:16:15 -0500] "GET /BLA/boletinlegal/images/vert.png HTTP/1.0" 200 485866
181.49.42.10 - - [05/Jan/2015:01:16:16 -0500] "GET /BLA/boletinlegal/images/resi.png HTTP/1.0" 200 556571
181.49.42.10 - - [05/Jan/2015:01:16:16 -0500] "GET /BLA/boletinlegal/images/lice.png HTTP/1.0" 200 487297
181.49.42.10 - - [05/Jan/2015:01:16:17 -0500] "GET /BLA/boletinlegal/images/pma.png HTTP/1.0" 200 530205
181.49.42.10 - - [05/Jan/2015:01:16:17 -0500] "GET /BLA/boletinlegal/images/cons.png HTTP/1.0" 200 545034
181.49.42.10 - - [05/Jan/2015:01:16:17 -0500] "GET /BLA/boletinlegal/images/comp-estr.png HTTP/1.0" 200 644020
181.49.42.10 - - [05/Jan/2015:01:16:17 -0500] "GET /BLA/boletinlegal/images/bla.png HTTP/1.0" 200 113997
181.49.42.10 - - [05/Jan/2015:01:16:18 -0500] "GET /favicon.ico HTTP/1.0" 200 7782
181.49.42.10 - - [05/Jan/2015:01:16:22 -0500] "GET /BLA/boletinlegal/consulta.php?menu=ruido HTTP/1.0" 200 2331
181.49.42.10 - - [05/Jan/2015:01:16:22 -0500] "GET /BLA/boletinlegal/images/docs.png HTTP/1.0" 200 10288
181.49.42.10 - - [05/Jan/2015:01:16:22 -0500] "GET /BLA/boletinlegal/images/background.gif HTTP/1.0" 200 -
66.249.64.163 - - [05/Jan/2015:01:16:26 -0500] "GET /BLA/resoluciones/RESOLUCIONES%202002/RES%202002%20551-600/00000599.tif HTTP/1.1" 200 126448
181.49.42.10 - - [05/Jan/2015:01:16:30 -0500] "GET /BLA/resoluciones/RESOLUCIONES%202010/6919.pdf HTTP/1.0" 200 677426
74.86.158.107 - - [05/Jan/2015:01:16:41 -0500] "HEAD / HTTP/1.1" 302 -
66.249.64.171 - - [05/Jan/2015:01:16:47 -0500] "GET /BLA/resoluciones/RESOLUCIONES%202010/4106.pdf HTTP/1.1" 200 495799
180.76.5.71 - - [05/Jan/2015:01:17:23 -0500] "GET /BLA/resoluciones/RESOLUCIONES%202011/3011.pdf HTTP/1.1" 200 355703
66.249.64.163 - - [05/Jan/2015:01:17:28 -0500] "GET /BLA/resoluciones/RESOLUCIONES%202009/4126.pdf HTTP/1.1" 200 791847
181.49.42.10 - - [05/Jan/2015:01:18:08 -0500] "GET /BLA/boletinlegal/consulta.php?menu=residuos HTTP/1.0" 200 18647
180.76.6.134 - - [05/Jan/2015:01:18:12 -0500] "GET /BLA/boletinlegal;jsessionid=3A66A31555937E3637D38C827DE94639?/? HTTP/1.1" 404 1018
181.49.42.10 - - [05/Jan/2015:01:18:23 -0500] "GET /BLA/boletinlegal/consulta.php?menu=publicidad HTTP/1.0" 200 25327
181.49.42.10 - - [05/Jan/2015:01:18:30 -0500] "GET /BLA/boletinlegal/consulta.php?menu=publicidad HTTP/1.0" 200 25327
66.249.64.171 - - [05/Jan/2015:01:18:30 -0500] "GET /BLA/resoluciones/RESOLUCIONES%202010/1020.pdf HTTP/1.1" 200 114352
181.49.42.10 - - [05/Jan/2015:01:18:32 -0500] "GET /BLA/boletinlegal/consulta.php?menu=publicidad HTTP/1.0" 200 25327
180.76.6.139 - - [05/Jan/2015:01:19:01 -0500] "GET /Residuos/maderas/files/search/searchtext.xml HTTP/1.1" 404 1018
181.49.42.10 - - [05/Jan/2015:01:19:38 -0500] "GET /BLA/boletinlegal/consulta.php?menu=competencia-estructura HTTP/1.0" 200 72113
186.145.46.208 - - [05/Jan/2015:01:20:02 -0500] "GET /BLA/resoluciones/RESOLUCIONES%202009/3813.pdf HTTP/1.1" 200 737980
186.145.46.208 - - [05/Jan/2015:01:20:03 -0500] "GET /BLA/resoluciones/RESOLUCIONES%202009/3813.pdf HTTP/1.1" 200 737980
66.249.64.171 - - [05/Jan/2015:01:20:14 -0500] "GET /BLA/resoluciones/RESOLUCIONES%202008/2849.pdf HTTP/1.1" 200 256609
181.49.42.10 - - [05/Jan/2015:01:20:58 -0500] "GET /galeria/bibloteca/contentflow.js HTTP/1.0" 200 42804
181.49.42.10 - - [05/Jan/2015:01:20:58 -0500] "GET /galeria/bibloteca/contentflow.css HTTP/1.0" 200 3201
181.49.42.10 - - [05/Jan/2015:01:20:58 -0500] "GET /galeria/bibloteca/mycontentflow.css HTTP/1.0" 200 3110
181.49.42.10 - - [05/Jan/2015:01:20:58 -0500] "GET /galeria/bibloteca/ContentFlowAddOn_white.js HTTP/1.0" 200 2497
181.49.42.10 - - [05/Jan/2015:01:20:58 -0500] "GET /galeria/bibloteca/ContentFlowAddOn_white.css HTTP/1.0" 200 3355
181.49.42.10 - - [05/Jan/2015:01:20:59 -0500] "GET /galeria/bibloteca/img/scrollbar_white.png HTTP/1.0" 200 82
181.49.42.10 - - [05/Jan/2015:01:20:59 -0500] "GET /galeria/bibloteca/img/slider_white.png HTTP/1.0" 200 178
181.49.42.10 - - [05/Jan/2015:01:20:59 -0500] "GET /galeria/bibloteca/img/loader.gif HTTP/1.0" 200 8238
181.49.42.10 - - [05/Jan/2015:01:20:59 -0500] "GET /galeria/bibloteca/img/slider_black.png HTTP/1.0" 200 175
181.49.42.10 - - [05/Jan/2015:01:20:59 -0500] "GET /galeria/bibloteca/img/scrollbar_black.png HTTP/1.0" 200 82
181.49.42.10 - - [05/Jan/2015:01:20:59 -0500] "GET /galeria/bibloteca/img/1x1_0.5_white.png HTTP/1.0" 200 82
181.49.42.10 - - [05/Jan/2015:01:20:59 -0500] "GET /galeria/bibloteca/img/ajax-loader.gif HTTP/1.0" 200 9427
74.86.158.107 - - [05/Jan/2015:01:21:41 -0500] "HEAD / HTTP/1.1" 302 -
66.249.64.163 - - [05/Jan/2015:01:21:53 -0500] "GET /BLA/resoluciones/RESOLUCIONES%202009/9742.pdf HTTP/1.1" 200 255433
66.249.64.171 - - [05/Jan/2015:01:21:57 -0500] "GET /BLA/resoluciones/RESOLUCIONES%202008/2447.pdf HTTP/1.1" 200 108187
180.76.5.195 - - [05/Jan/2015:01:22:02 -0500] "GET /Autoliquidacion/Grupo%20Forestal%20-%20Silvicultura/Formato%20de%20revision%20de%20documentacion%20-%20Tramite%20facil.xls HTTP/1.1" 200 1682944
180.76.6.28 - - [05/Jan/2015:01:22:51 -0500] "GET /BLA/resoluciones/AUTOS%202009/2146.pdf HTTP/1.1" 200 127106
66.249.64.163 - - [05/Jan/2015:01:23:41 -0500] "GET /BLA/resoluciones/index.php?dir=RESOLUCIONES%202007/RES%202007%203201%20AL%203300/&sort=size&order=desc HTTP/1.1" 200 27111
180.76.5.169 - - [05/Jan/2015:01:23:41 -0500] "GET /BLA/boletinlegal;jsessionid=72AF58072445ABB49A7713AE88E678D3?/? HTTP/1.1" 404 1018
180.76.6.134 - - [05/Jan/2015:01:24:31 -0500] "GET /BLA/boletinlegal;jsessionid=1402894D53160C9063E99D8FF27169C0?/? HTTP/1.1" 404 1018
188.165.15.214 - - [05/Jan/2015:01:24:32 -0500] "GET /BLA/resoluciones/RESOLUCIONES%202002/RES%202002%201201-1250/20021243.tif HTTP/1.1" 200 45768
66.249.64.167 - - [05/Jan/2015:01:25:24 -0500] "GET /BLA/resoluciones/RESOLUCIONES%202010/3021.pdf HTTP/1.1" 200 1124176
66.249.64.163 - - [05/Jan/2015:01:26:14 -0500] "GET /BLA/resoluciones/RESOLUCIONES%202012/1774.pdf HTTP/1.1" 200 536026
74.86.158.107 - - [05/Jan/2015:01:26:41 -0500] "HEAD / HTTP/1.1" 302 -
66.249.64.171 - - [05/Jan/2015:01:27:07 -0500] "GET /BLA/resoluciones/RESOLUCIONES%202010/6618.pdf HTTP/1.1" 200 156817
152.61.193.99 - - [05/Jan/2015:01:27:49 -0500] "HEAD / HTTP/1.1" 302 -
152.61.193.99 - - [05/Jan/2015:01:27:49 -0500] "GET /arcgis/services/Calidad_del_Agua_WQI/MapServer/WMSServer?SERVICE=WMS&REQUEST=GetCapabilities HTTP/1.1" 200 32135
152.61.193.99 - - [05/Jan/2015:01:27:50 -0500] "GET /arcgis/services/Calidad_del_Agua_WQI/MapServer/WMSServer?SERVICE=WMS&REQUEST=GetCapabilities HTTP/1.1" 200 32135
152.61.193.99 - - [05/Jan/2015:01:27:51 -0500] "GET /arcgis/services/Calidad_del_Agua_WQI/MapServer/WMSServer?SERVICE=WMS&REQUEST=GetCapabilities HTTP/1.1" 200 32135
152.61.193.99 - - [05/Jan/2015:01:27:52 -0500] "GET /arcgis/services/Calidad_del_Agua_WQI/MapServer/WMSServer?SERVICE=WMS&REQUEST=GetCapabilities HTTP/1.1" 200 32135
188.165.15.195 - - [05/Jan/2015:01:27:52 -0500] "GET /BLA/resoluciones/RESOLUCIONES%202005/00001095.tif HTTP/1.1" 200 175846
152.61.193.99 - - [05/Jan/2015:01:27:52 -0500] "GET /arcgis/services/Calidad_del_Agua_WQI/MapServer/WMSServer?VERSION=1.1.1&REQUEST=GetMap&LAYERS=0&SRS=EPSG:4326&BBOX=-74.473395,3.674381,-73.963300,4.920569&WIDTH=250&HEIGHT=250&FORMAT=image/bmp&STYLES=& HTTP/1.1" 200 188054
66.249.64.163 - - [05/Jan/2015:01:28:20 -0500] "GET /BLA/boletinlegal/js/jquery.scrollShow.js HTTP/1.1" 200 4586
66.249.64.167 - - [05/Jan/2015:01:28:21 -0500] "GET /BLA/boletinlegal/js/jquery.js HTTP/1.1" 200 57254
66.249.64.167 - - [05/Jan/2015:01:28:22 -0500] "GET /BLA/boletinlegal/js/jquery.scrollTo-min.js HTTP/1.1" 200 1150
66.249.64.171 - - [05/Jan/2015:01:28:41 -0500] "GET /BLA/resoluciones/RESOLUCIONES%202004/RES%202004%202151-2200/00002173.tif HTTP/1.1" 200 172212
66.249.64.171 - - [05/Jan/2015:01:28:51 -0500] "GET /BLA/resoluciones/RESOLUCIONES%202008/1178.pdf HTTP/1.1" 200 709354
180.76.5.23 - - [05/Jan/2015:01:28:58 -0500] "GET /BLA/boletinlegal;jsessionid=49A7BDCFD40515BF14C5C904B130C3E9?/? HTTP/1.1" 404 1018
66.249.64.167 - - [05/Jan/2015:01:30:36 -0500] "GET /BLA/resoluciones/RESOLUCIONES%202008/0475.pdf HTTP/1.1" 200 239437
66.249.64.163 - - [05/Jan/2015:01:30:37 -0500] "GET /BLA/resoluciones/AUTOS%202014/3259.pdf HTTP/1.1" 200 567024
186.113.10.143 - - [05/Jan/2015:01:30:54 -0500] "GET /galeria/nivo-slider/demo/images/banner-redes.jpg HTTP/1.1" 304 -
74.86.158.107 - - [05/Jan/2015:01:31:41 -0500] "HEAD / HTTP/1.1" 302 -
190.25.232.143 - - [05/Jan/2015:01:31:45 -0500] "GET /StormSDA/stormWeb/presentacion.html HTTP/1.1" 304 -
66.249.64.163 - - [05/Jan/2015:01:32:20 -0500] "GET /BLA/resoluciones/RESOLUCIONES%202010/2657.pdf HTTP/1.1" 200 340888
152.61.193.99 - - [05/Jan/2015:01:33:42 -0500] "HEAD / HTTP/1.1" 302 -
152.61.193.99 - - [05/Jan/2015:01:33:42 -0500] "GET /arcgis/services/Calidad_del_Agua_WQI/MapServer/WMSServer?request=GetCapabilities&service=WMS HTTP/1.1" 200 32135
152.61.193.99 - - [05/Jan/2015:01:33:43 -0500] "GET /arcgis/services/Calidad_del_Agua_WQI/MapServer/WMSServer?request=GetCapabilities&service=WMS HTTP/1.1" 200 32135
152.61.193.99 - - [05/Jan/2015:01:33:44 -0500] "GET /arcgis/services/Calidad_del_Agua_WQI/MapServer/WMSServer?request=GetCapabilities&service=WMS HTTP/1.1" 200 32135
152.61.193.99 - - [05/Jan/2015:01:33:44 -0500] "GET /arcgis/services/Calidad_del_Agua_WQI/MapServer/WMSServer?request=GetCapabilities&service=WMS HTTP/1.1" 200 32135
152.61.193.99 - - [05/Jan/2015:01:33:45 -0500] "GET /arcgis/services/Calidad_del_Agua_WQI/MapServer/WMSServer?VERSION=1.1.1&REQUEST=GetMap&LAYERS=0&SRS=EPSG:4326&BBOX=-74.473395,3.674381,-73.963300,4.920569&WIDTH=250&HEIGHT=250&FORMAT=image/bmp&STYLES=& HTTP/1.1" 200 188054
66.249.64.171 - - [05/Jan/2015:01:34:05 -0500] "GET /BLA/resoluciones/RESOLUCIONES%202007/RES%202007%202701%20AL%202800/RESOLUCION%202752%20DE%202007.pdf HTTP/1.1" 200 254371
180.76.5.81 - - [05/Jan/2015:01:34:25 -0500] "GET /BLA/resoluciones/index.php?dir=RESOLUCIONES%202007/RES%202007%203801%20AL%203900/&sort=date&order=desc HTTP/1.1" 200 26636
188.165.15.209 - - [05/Jan/2015:01:34:52 -0500] "GET /BLA/resoluciones/RESOLUCIONES%202003/RES%202003%202101-2150/20032150.tif HTTP/1.1" 200 184950
66.249.64.163 - - [05/Jan/2015:01:34:58 -0500] "GET /BLA/resoluciones/RESOLUCIONES%202010/6135.pdf HTTP/1.1" 200 625893
180.76.6.51 - - [05/Jan/2015:01:35:14 -0500] "GET /BLA/boletinlegal;jsessionid=AA3DE5DC61028F2BF741D1B36E7614B4?/? HTTP/1.1" 404 1018
66.249.64.163 - - [05/Jan/2015:01:35:49 -0500] "GET /BLA/resoluciones/RESOLUCIONES%202010/6872.pdf HTTP/1.1" 200 156873
189.245.27.192 - - [05/Jan/2015:01:36:13 -0500] "GET /BLA/boletinlegal/js/jquery.js HTTP/1.1" 200 57254
189.245.27.192 - - [05/Jan/2015:01:36:13 -0500] "GET /BLA/boletinlegal/js/jquery.scrollTo-min.js HTTP/1.1" 200 1150
189.245.27.192 - - [05/Jan/2015:01:36:13 -0500] "GET /BLA/boletinlegal/js/jquery.scrollShow.js HTTP/1.1" 200 4586
74.86.158.107 - - [05/Jan/2015:01:36:41 -0500] "HEAD / HTTP/1.1" 302 -
66.249.64.171 - - [05/Jan/2015:01:37:34 -0500] "GET /BLA/resoluciones/RESOLUCIONES%202013/0679.pdf HTTP/1.1" 304 -
220.181.108.160 - - [05/Jan/2015:01:37:45 -0500] "GET /BLA/boletinlegal/js/jquery.js HTTP/1.1" 200 57254
220.181.108.186 - - [05/Jan/2015:01:37:52 -0500] "GET /BLA/boletinlegal/js/jquery.scrollTo-min.js HTTP/1.1" 200 1150
188.165.15.138 - - [05/Jan/2015:01:38:30 -0500] "GET /BLA/resoluciones/RESOLUCIONES%202004/RES%202004%202051-2100/00002064.tif HTTP/1.1" 200 149304
66.249.64.167 - - [05/Jan/2015:01:39:19 -0500] "GET /BLA/resoluciones/RESOLUCIONES%202007/RES%202007%203001%20AL%203100/RESOLUCION%203010%20DE%202007.pdf HTTP/1.1" 200 190683
66.249.64.163 - - [05/Jan/2015:01:39:22 -0500] "GET /BLA/resoluciones/RESOLUCIONES%202010/6167.pdf HTTP/1.1" 200 964309
66.249.64.167 - - [05/Jan/2015:01:41:03 -0500] "GET /BLA/resoluciones/RESOLUCIONES%202010/2120.pdf HTTP/1.1" 200 437834
74.86.158.107 - - [05/Jan/2015:01:41:41 -0500] "HEAD / HTTP/1.1" 302 -
188.165.15.97 - - [05/Jan/2015:01:41:56 -0500] "GET /BLA/resoluciones/RESOLUCIONES%202006/RES%202006%201751-1800/00001781.tif HTTP/1.1" 200 161420
66.249.64.167 - - [05/Jan/2015:01:42:48 -0500] "GET /BLA/resoluciones/RESOLUCIONES%202009/7561.pdf HTTP/1.1" 200 495423
188.165.15.97 - - [05/Jan/2015:01:43:25 -0500] "GET /BLA/resoluciones/RESOLUCIONES%202006/RES%202006%202001-2050/00002033.tif HTTP/1.1" 200 469998
66.249.64.163 - - [05/Jan/2015:01:43:43 -0500] "GET /BLA/resoluciones/AUTOS%202014/3562.pdf HTTP/1.1" 200 845832
180.76.5.19 - - [05/Jan/2015:01:43:51 -0500] "GET /BLA/boletinlegal;jsessionid=21ABD3DCD7748B7650F191A20992E2EB?/? HTTP/1.1" 404 1018
66.249.64.171 - - [05/Jan/2015:01:44:32 -0500] "GET /BLA/resoluciones/RESOLUCIONES%202007/RES%202007%203601%20AL%203700/RESOLUCION%203601%20DE%202007.pdf HTTP/1.1" 200 373555
188.165.15.90 - - [05/Jan/2015:01:44:35 -0500] "GET /BLA/resoluciones/RESOLUCIONES%202006/RES%202006%202601-2650/00002611.tif HTTP/1.1" 200 61946
66.249.64.167 - - [05/Jan/2015:01:45:14 -0500] "GET /BLA/resoluciones/RESOLUCIONES%202002/RES%202002%20551-600/00000551.tif HTTP/1.1" 200 76874
180.76.5.95 - - [05/Jan/2015:01:45:40 -0500] "GET /BLA/resoluciones/RESOLUCIONES%202011/2963.pdf HTTP/1.1" 200 649896
66.249.64.167 - - [05/Jan/2015:01:46:17 -0500] "GET /BLA/resoluciones/AUTOS%202009/1830.pdf HTTP/1.1" 304 -
188.165.15.177 - - [05/Jan/2015:01:46:30 -0500] "GET /BLA/resoluciones/RESOLUCIONES%202002/RES%202002%20401-450/00000426.tif HTTP/1.1" 200 58806
74.86.158.107 - - [05/Jan/2015:01:46:41 -0500] "HEAD / HTTP/1.1" 302 -
201.184.220.199 - - [05/Jan/2015:01:46:43 -0500] "GET /BLA/boletinlegal/js/jquery.js HTTP/1.1" 304 -
201.184.220.199 - - [05/Jan/2015:01:46:43 -0500] "GET /BLA/boletinlegal/js/jquery.scrollTo-min.js HTTP/1.1" 304 -
201.184.220.199 - - [05/Jan/2015:01:46:43 -0500] "GET /BLA/boletinlegal/js/jquery.scrollShow.js HTTP/1.1" 304 -
188.165.15.138 - - [05/Jan/2015:01:47:04 -0500] "GET /BLA/resoluciones/RESOLUCIONES%202002/RES%202002%20951-1000/00000965.tif HTTP/1.1" 200 305408
188.165.15.110 - - [05/Jan/2015:01:47:36 -0500] "GET /BLA/resoluciones/RESOLUCIONES%202003/RES%202003%20451-500/490.tif HTTP/1.1" 200 119652
66.249.64.163 - - [05/Jan/2015:01:48:01 -0500] "GET /BLA/resoluciones/RESOLUCIONES%202008/0909.pdf HTTP/1.1" 200 248880
66.249.64.43 - - [05/Jan/2015:01:48:08 -0500] "GET /POT-2013/Cartografia/31_TRATAMIENTO_DE_CONSERVACION.pdf HTTP/1.1" 304 -
180.76.4.10 - - [05/Jan/2015:01:49:16 -0500] "GET / HTTP/1.1" 302 -
66.249.64.171 - - [05/Jan/2015:01:49:46 -0500] "GET /BLA/resoluciones/RESOLUCIONES%202010/2361.pdf HTTP/1.1" 200 485814
66.249.64.171 - - [05/Jan/2015:01:51:02 -0500] "GET /BLA/resoluciones/RESOLUCIONES%202012/0335.pdf HTTP/1.1" 304 -
66.249.64.163 - - [05/Jan/2015:01:51:31 -0500] "GET /BLA/resoluciones/RESOLUCIONES%202010/4748.pdf HTTP/1.1" 200 211829
74.86.158.107 - - [05/Jan/2015:01:51:41 -0500] "HEAD / HTTP/1.1" 302 -
66.249.64.167 - - [05/Jan/2015:01:52:29 -0500] "GET /BLA/resoluciones/RESOLUCIONES%202008/3472.pdf HTTP/1.1" 200 234473
66.249.64.171 - - [05/Jan/2015:01:53:15 -0500] "GET /BLA/resoluciones/RESOLUCIONES%202011/3948.pdf HTTP/1.1" 200 906329
108.181.185.206 - - [05/Jan/2015:01:54:15 -0500] "GET /BLA/boletinlegal/js/jquery.js HTTP/1.1" 200 57254
108.181.185.206 - - [05/Jan/2015:01:54:15 -0500] "GET /BLA/boletinlegal/js/jquery.scrollTo-min.js HTTP/1.1" 200 1150
108.181.185.206 - - [05/Jan/2015:01:54:15 -0500] "GET /BLA/boletinlegal/js/jquery.scrollShow.js HTTP/1.1" 200 4586
