188.165.15.196 - - [08/Jan/2015:02:52:54 -0500] "GET /BLA/resoluciones/index.php?dir=RESOLUCIONES%202004/RES%202004%201251-1300/&sort=name&order=asc HTTP/1.1" 200 12352
66.249.67.75 - - [08/Jan/2015:02:54:10 -0500] "GET /BLA/resoluciones/AUTOS%202013/5925.pdf HTTP/1.1" 200 551790
186.113.10.143 - - [08/Jan/2015:02:54:17 -0500] "GET /galeria/nivo-slider/demo/images/banner-calidad-aire.jpg HTTP/1.1" 304 -
66.249.67.83 - - [08/Jan/2015:02:54:19 -0500] "GET /BLA/resoluciones/RESOLUCIONES%202010/5570.pdf HTTP/1.1" 200 1952782
180.76.6.40 - - [08/Jan/2015:02:54:23 -0500] "GET /BLA/resoluciones/RESOLUCIONES%202011/1372.pdf HTTP/1.1" 200 65863
66.249.67.83 - - [08/Jan/2015:02:54:49 -0500] "GET /BLA/resoluciones/AUTOS%202013/5872.pdf HTTP/1.1" 200 884935
180.76.5.172 - - [08/Jan/2015:02:55:02 -0500] "GET /BLA/boletinlegal;jsessionid=AD83FF64EEA8E348917AC1F505B21466?/? HTTP/1.1" 404 1018
188.165.15.90 - - [08/Jan/2015:02:55:02 -0500] "GET /BLA/resoluciones/RESOLUCIONES%202002/RES%202002%20651-700/00000656.tif HTTP/1.1" 200 66164
66.249.67.83 - - [08/Jan/2015:02:55:55 -0500] "GET /BLA/resoluciones/AUTOS%202013/0416.pdf HTTP/1.1" 200 4002158
66.249.67.83 - - [08/Jan/2015:02:56:02 -0500] "GET /BLA/resoluciones/AUTOS%202009/2997.pdf HTTP/1.1" 200 340771
66.249.67.83 - - [08/Jan/2015:02:56:09 -0500] "GET /BLA/resoluciones/AUTOS%202013/1157.pdf HTTP/1.1" 200 580775
66.249.67.67 - - [08/Jan/2015:02:56:25 -0500] "GET /sig/Manual%20de%20Procesos%20y%20Procedimientos/PM04%20Evaluaci%C3%B3n,%20Control%20y%20Seguimiento/126PM04-PR17%20Atenci%C3%B3n%20solicitud%20Salvoconducto%20Flora.pdf HTTP/1.1" 404 1018
66.249.67.67 - - [08/Jan/2015:02:56:38 -0500] "GET /BLA/resoluciones/AUTOS%202013/0432.pdf HTTP/1.1" 200 1394826
66.249.67.67 - - [08/Jan/2015:02:56:54 -0500] "GET /BLA/resoluciones/AUTOS%202013/2840.pdf HTTP/1.1" 200 1364243
66.249.67.83 - - [08/Jan/2015:02:57:31 -0500] "GET /BLA/resoluciones/RESOLUCIONES%202008/5172.pdf HTTP/1.1" 200 251110
66.249.67.67 - - [08/Jan/2015:02:57:48 -0500] "GET /BLA/resoluciones/AUTOS%202013/0938.pdf HTTP/1.1" 200 236045
74.86.158.107 - - [08/Jan/2015:02:57:48 -0500] "HEAD / HTTP/1.1" 302 -
66.249.67.67 - - [08/Jan/2015:02:58:29 -0500] "GET /BLA/resoluciones/AUTOS%202006/AUTOS%202006%202101%20-%202200/00002142.tif HTTP/1.1" 200 183724
188.165.15.138 - - [08/Jan/2015:02:58:41 -0500] "GET /BLA/resoluciones/RESOLUCIONES%202003/RES%202003%20351-400/389.tif HTTP/1.1" 200 116508
66.249.67.111 - - [08/Jan/2015:02:59:08 -0500] "GET /PruebasSTORM/StormSDA_pruebas/userFiles/user_files/formulas/3/689.xml HTTP/1.1" 200 968
187.143.235.76 - - [08/Jan/2015:02:59:34 -0500] "GET /BLA/boletinlegal/js/jquery.js HTTP/1.1" 200 57254
187.143.235.76 - - [08/Jan/2015:02:59:34 -0500] "GET /BLA/boletinlegal/js/jquery.scrollTo-min.js HTTP/1.1" 200 1150
187.143.235.76 - - [08/Jan/2015:02:59:34 -0500] "GET /BLA/boletinlegal/js/jquery.scrollShow.js HTTP/1.1" 200 4586
66.249.67.83 - - [08/Jan/2015:03:00:23 -0500] "GET /BLA/resoluciones/AUTOS%202013/1777.pdf HTTP/1.1" 200 437000
66.249.67.75 - - [08/Jan/2015:03:00:35 -0500] "GET /BLA/resoluciones/Autos%202008/1108.pdf HTTP/1.1" 200 76270
66.249.67.119 - - [08/Jan/2015:03:00:44 -0500] "GET /PruebasSTORM/StormSDA_pruebas/userFiles/user_files/formulas/3/310.xml HTTP/1.1" 200 915
66.249.67.83 - - [08/Jan/2015:03:00:51 -0500] "GET /BLA/resoluciones/Autos%202008/1577.pdf HTTP/1.1" 200 132354
66.249.67.119 - - [08/Jan/2015:03:01:07 -0500] "GET /dama/libreria/pdf/pdf_entrenubes/a7.pdf HTTP/1.1" 404 1019
66.249.67.75 - - [08/Jan/2015:03:01:26 -0500] "GET /BLA/resoluciones/AUTOS%202013/0278.pdf HTTP/1.1" 200 2198721
66.249.67.119 - - [08/Jan/2015:03:02:21 -0500] "GET /BLA/ HTTP/1.1" 200 538
74.86.158.107 - - [08/Jan/2015:03:02:48 -0500] "HEAD / HTTP/1.1" 302 -
188.165.15.90 - - [08/Jan/2015:03:03:12 -0500] "GET /BLA/resoluciones/RESOLUCIONES%202003/RES%202003%201751-1800/20031787.tif HTTP/1.1" 200 54146
188.165.15.195 - - [08/Jan/2015:03:03:32 -0500] "GET /BLA/resoluciones/RESOLUCIONES%202006/RES%202006%202101-2150/00002139.tif HTTP/1.1" 200 136596
66.249.67.67 - - [08/Jan/2015:03:03:49 -0500] "GET /BLA/resoluciones/AUTOS%202013/2091.pdf HTTP/1.1" 200 360704
188.165.15.214 - - [08/Jan/2015:03:03:57 -0500] "GET /BLA/resoluciones/RESOLUCIONES%202002/RES%202002%201401-1450/20021449.tif HTTP/1.1" 200 85072
66.249.67.83 - - [08/Jan/2015:03:03:57 -0500] "GET /BLA/resoluciones/AUTOS%202014/1846.pdf HTTP/1.1" 200 468861
180.76.5.169 - - [08/Jan/2015:03:04:07 -0500] "GET /BLA/boletinlegal/;jsessionid=D0D58ED386B096303E86376EEFA38C84? HTTP/1.1" 404 1018
188.165.15.214 - - [08/Jan/2015:03:04:21 -0500] "GET /BLA/resoluciones/index.php?dir=RESOLUCIONES%202006/RES%202006%201501-1550/&sort=size&order=desc HTTP/1.1" 200 12369
66.249.67.75 - - [08/Jan/2015:03:04:22 -0500] "GET /BLA/resoluciones/AUTOS%202013/1857.pdf HTTP/1.1" 200 1774488
180.76.6.37 - - [08/Jan/2015:03:05:02 -0500] "GET /BLA/resoluciones/RESOLUCIONES%202014/2454.pdf HTTP/1.1" 200 279758
66.249.67.119 - - [08/Jan/2015:03:04:40 -0500] "GET /BLA/boletinlegal/index.php HTTP/1.1" 200 49381
66.249.67.75 - - [08/Jan/2015:03:05:20 -0500] "GET /BLA/resoluciones/RESOLUCIONES%202011/5456.pdf HTTP/1.1" 200 573168
66.249.67.75 - - [08/Jan/2015:03:05:34 -0500] "GET /BLA/resoluciones/RESOLUCIONES%202011/5760.pdf HTTP/1.1" 200 433104
66.249.67.83 - - [08/Jan/2015:03:07:10 -0500] "GET /BLA/resoluciones/AUTOS%202014/2091.pdf HTTP/1.1" 200 541144
66.249.67.83 - - [08/Jan/2015:03:07:29 -0500] "GET /BLA/resoluciones/AUTOS%202007/3632.pdf HTTP/1.1" 200 235649
74.86.158.107 - - [08/Jan/2015:03:07:48 -0500] "HEAD / HTTP/1.1" 302 -
66.249.67.83 - - [08/Jan/2015:03:08:09 -0500] "GET /BLA/resoluciones/AUTOS%202013/0280.pdf HTTP/1.1" 200 2820561
66.249.67.67 - - [08/Jan/2015:03:08:26 -0500] "GET /BLA/resoluciones/AUTOS%202013/1824.pdf HTTP/1.1" 200 660557
66.249.67.75 - - [08/Jan/2015:03:08:46 -0500] "GET /BLA/resoluciones/Notificaciones/AUTOS%202014/0257.doc HTTP/1.1" 200 232960
188.165.15.94 - - [08/Jan/2015:03:09:40 -0500] "GET /BLA/resoluciones/RESOLUCIONES%202002/RES%202002%20101-150/2002RES109.tif HTTP/1.1" 200 118434
66.249.67.83 - - [08/Jan/2015:03:10:08 -0500] "GET /BLA/resoluciones/AUTOS%202013/2434.pdf HTTP/1.1" 200 397566
66.249.67.75 - - [08/Jan/2015:03:10:23 -0500] "GET /BLA/resoluciones/AUTOS%202012/0071.pdf HTTP/1.1" 304 -
66.249.67.75 - - [08/Jan/2015:03:10:24 -0500] "GET /BLA/resoluciones/AUTOS%202013/1842.pdf HTTP/1.1" 200 897015
188.165.15.214 - - [08/Jan/2015:03:10:31 -0500] "GET /BLA/resoluciones/index.php?dir=RESOLUCIONES%202002/RES%202002%201251-1301/&sort=name&order=desc HTTP/1.1" 200 12147
180.76.5.190 - - [08/Jan/2015:03:10:44 -0500] "GET /BLA/boletinlegal;jsessionid=46BB0350D7B16EB8C0BA15500FD9C6D9?/? HTTP/1.1" 404 1018
66.249.67.83 - - [08/Jan/2015:03:10:44 -0500] "GET /BLA/resoluciones/AUTOS%202013/1526.pdf HTTP/1.1" 200 961220
188.165.15.214 - - [08/Jan/2015:03:11:26 -0500] "GET /BLA/resoluciones/RESOLUCIONES%202004/RES%202004%20201-250/00000247.tif HTTP/1.1" 200 188522
66.249.67.67 - - [08/Jan/2015:03:11:49 -0500] "GET /BLA/resoluciones/AUTOS%202013/0953.pdf HTTP/1.1" 200 485939
66.249.67.83 - - [08/Jan/2015:03:11:59 -0500] "GET /BLA/resoluciones/AUTOS%202012/1841.pdf HTTP/1.1" 304 -
157.55.39.156 - - [08/Jan/2015:03:12:13 -0500] "GET /PORTAL_SIAC/swf/Residuos/impresion/files/guia_impresion-lit.pdf HTTP/1.1" 200 12573981
188.165.15.209 - - [08/Jan/2015:03:12:25 -0500] "GET /BLA/resoluciones/RESOLUCIONES%202003/RES%202003%201401-1450/20031427.tif HTTP/1.1" 200 87774
66.249.67.75 - - [08/Jan/2015:03:12:40 -0500] "GET /BLA/resoluciones/AUTOS%202013/1212.pdf HTTP/1.1" 200 196756
157.55.39.156 - - [08/Jan/2015:03:12:40 -0500] "GET /robots.txt HTTP/1.1" 404 1019
66.249.67.83 - - [08/Jan/2015:03:12:48 -0500] "GET /BLA/resoluciones/AUTOS%202013/2028.pdf HTTP/1.1" 200 1022415
74.86.158.107 - - [08/Jan/2015:03:12:48 -0500] "HEAD / HTTP/1.1" 302 -
66.249.67.67 - - [08/Jan/2015:03:13:05 -0500] "GET /BLA/resoluciones/AUTOS%202013/1087.pdf HTTP/1.1" 200 255758
66.249.67.75 - - [08/Jan/2015:03:13:21 -0500] "GET /resoluciones/AUTOS%202007/2341.pdf HTTP/1.1" 404 1018
66.249.67.75 - - [08/Jan/2015:03:13:32 -0500] "GET /BLA/resoluciones/Autos%202008/0368.pdf HTTP/1.1" 200 151967
66.249.67.119 - - [08/Jan/2015:03:13:36 -0500] "GET /ecodirectorio/files/res/pages/page_0000.swf HTTP/1.1" 200 184088
66.249.67.83 - - [08/Jan/2015:03:13:48 -0500] "GET /BLA/resoluciones/AUTOS%202011/0269.pdf HTTP/1.1" 200 155509
157.55.39.66 - - [08/Jan/2015:03:13:57 -0500] "GET /robots.txt HTTP/1.1" 404 1019
66.249.67.75 - - [08/Jan/2015:03:13:58 -0500] "GET /resoluciones/RESOLUCIONES%202008/2939.pdf HTTP/1.1" 404 1018
190.84.132.75 - - [08/Jan/2015:03:14:13 -0500] "GET /BLA/resoluciones/AUTOS%202010/0968.pdf HTTP/1.1" 200 295786
190.84.132.75 - - [08/Jan/2015:03:14:15 -0500] "GET /favicon.ico HTTP/1.1" 200 7782
188.165.15.110 - - [08/Jan/2015:03:14:22 -0500] "GET /BLA/resoluciones/RESOLUCIONES%202004/RES%202004%201701-1750/00001725.tif HTTP/1.1" 200 282828
66.249.73.171 - - [08/Jan/2015:03:14:36 -0500] "GET /BLA/resoluciones/AUTOS%202008/1313.pdf HTTP/1.1" 200 315430
66.249.67.75 - - [08/Jan/2015:03:15:12 -0500] "GET /BLA/resoluciones/RESOLUCIONES%202009/2099.pdf HTTP/1.1" 200 365198
157.55.39.66 - - [08/Jan/2015:03:15:53 -0500] "GET /dama/libreria/pdf/pigas/PIGA_JB/ANEXO8.pdf HTTP/1.1" 404 1019
66.249.67.67 - - [08/Jan/2015:03:16:49 -0500] "GET /BLA/resoluciones/RESOLUCIONES%202007/RES%202007%203101%20AL%203200/RESOLUCION%203146%20DE%202007.pdf HTTP/1.1" 304 -
180.76.5.173 - - [08/Jan/2015:03:16:51 -0500] "GET /BLA/boletinlegal;jsessionid=4565D48F911CF2295CD314AD4630D424?/? HTTP/1.1" 404 1018
66.249.67.83 - - [08/Jan/2015:03:17:43 -0500] "GET /BLA/resoluciones/AUTOS%202006/AUTOS%202006%20301-400/00000309.tif HTTP/1.1" 200 53908
66.249.67.83 - - [08/Jan/2015:03:17:45 -0500] "GET /BLA/resoluciones/AUTOS%202013/2220.pdf HTTP/1.1" 200 313683
74.86.158.107 - - [08/Jan/2015:03:17:48 -0500] "HEAD / HTTP/1.1" 302 -
66.249.67.67 - - [08/Jan/2015:03:17:59 -0500] "GET /BLA/resoluciones/AUTOS%202013/0378.pdf HTTP/1.1" 200 137206
66.249.67.83 - - [08/Jan/2015:03:18:01 -0500] "GET /BLA/resoluciones/AUTOS%202013/1040.pdf HTTP/1.1" 200 653681
66.249.67.67 - - [08/Jan/2015:03:18:25 -0500] "GET /BLA/resoluciones/RESOLUCIONES%202012/0423.pdf HTTP/1.1" 200 303024
66.249.67.75 - - [08/Jan/2015:03:19:42 -0500] "GET /BLA/resoluciones/AUTOS%202013/2034.pdf HTTP/1.1" 200 902708
66.249.67.83 - - [08/Jan/2015:03:20:01 -0500] "GET /BLA/resoluciones/RESOLUCIONES%202009/4821.pdf HTTP/1.1" 304 -
66.249.67.67 - - [08/Jan/2015:03:20:54 -0500] "GET /BLA/resoluciones/AUTOS%202013/0506.pdf HTTP/1.1" 200 136185
66.249.67.83 - - [08/Jan/2015:03:21:10 -0500] "GET /BLA/resoluciones/RESOLUCIONES%202010/5756.pdf HTTP/1.1" 200 81518
66.249.67.67 - - [08/Jan/2015:03:21:13 -0500] "GET /BLA/resoluciones/AUTOS%202013/0938.pdf HTTP/1.1" 200 236045
66.249.67.83 - - [08/Jan/2015:03:21:18 -0500] "GET /galeria/nivo-slider/demo/demo.html HTTP/1.1" 200 3150
66.249.67.67 - - [08/Jan/2015:03:21:29 -0500] "GET /BLA/resoluciones/RESOLUCIONES%202010/5705.pdf HTTP/1.1" 200 80354
180.76.6.17 - - [08/Jan/2015:03:21:35 -0500] "GET /BLA/boletinlegal/;jsessionid=FCCE0F5ED3DBB440249DF05E8E8085D0? HTTP/1.1" 404 1018
66.249.67.75 - - [08/Jan/2015:03:21:38 -0500] "GET /BLA/resoluciones/RESOLUCIONES%202012/0374.pdf HTTP/1.1" 200 504702
74.86.158.107 - - [08/Jan/2015:03:22:48 -0500] "HEAD / HTTP/1.1" 302 -
66.249.67.83 - - [08/Jan/2015:03:23:14 -0500] "GET /BLA/resoluciones/AUTOS%202007/3172.pdf HTTP/1.1" 200 79074
180.76.6.60 - - [08/Jan/2015:03:23:16 -0500] "GET /BLA/boletinlegal;jsessionid=5D784E2D0A4E16321176D557D3391F63?/? HTTP/1.1" 404 1018
66.249.67.75 - - [08/Jan/2015:03:23:26 -0500] "GET /BLA/resoluciones/AUTOS%202013/0800.pdf HTTP/1.1" 200 555005
188.165.15.209 - - [08/Jan/2015:03:24:21 -0500] "GET /BLA/resoluciones/index.php?dir=RESOLUCIONES%202005/RES%202005%20%201601-1650/&sort=date&order=asc HTTP/1.1" 200 12426
66.249.67.75 - - [08/Jan/2015:03:24:51 -0500] "GET /autoliquidacion/index.php?dir=Solicitudes+relacionadas+con+calidad+del+aire+auditiva+y+visual%2FEvaluaci%F3n+de+Estudios+de+ruido%2F HTTP/1.1" 200 2808
188.165.15.110 - - [08/Jan/2015:03:25:03 -0500] "GET /BLA/resoluciones/RESOLUCIONES%202003/RES%202003%20801-850/827.tif HTTP/1.1" 200 240148
66.249.67.83 - - [08/Jan/2015:03:25:52 -0500] "GET /BLA/resoluciones/AUTOS%202013/0991.pdf HTTP/1.1" 200 238416
180.76.6.155 - - [08/Jan/2015:03:26:15 -0500] "GET /BLA/boletinlegal/doctrina.php HTTP/1.1" 200 4953
66.249.67.75 - - [08/Jan/2015:03:26:27 -0500] "GET /BLA/resoluciones/AUTOS%202007/0542.pdf HTTP/1.1" 200 166589
66.249.67.83 - - [08/Jan/2015:03:26:36 -0500] "GET /BLA/resoluciones/AUTOS%202013/0313.pdf HTTP/1.1" 200 4670527
181.60.184.229 - - [08/Jan/2015:03:26:54 -0500] "GET /BLA/resoluciones/RESOLUCIONES%202010/7772.pdf HTTP/1.1" 200 3272062
66.249.67.67 - - [08/Jan/2015:03:27:02 -0500] "GET /BLA/resoluciones/AUTOS%202013/0995.pdf HTTP/1.1" 200 1459762
66.249.67.75 - - [08/Jan/2015:03:27:30 -0500] "GET /BLA/resoluciones/AUTOS%202013/0271.pdf HTTP/1.1" 200 4588177
66.249.67.67 - - [08/Jan/2015:03:27:47 -0500] "GET /BLA/resoluciones/RESOLUCIONES%202013/0610.pdf HTTP/1.1" 200 1571152
74.86.158.107 - - [08/Jan/2015:03:27:48 -0500] "HEAD / HTTP/1.1" 302 -
66.249.67.83 - - [08/Jan/2015:03:28:03 -0500] "GET /BLA/resoluciones/AUTOS%202012/0295.pdf HTTP/1.1" 200 219992
82.82.72.155 - - [08/Jan/2015:03:28:43 -0500] "GET /BLA/boletinlegal/js/jquery.js HTTP/1.1" 200 57254
82.82.72.155 - - [08/Jan/2015:03:28:43 -0500] "GET /BLA/boletinlegal/js/jquery.scrollTo-min.js HTTP/1.1" 200 1150
82.82.72.155 - - [08/Jan/2015:03:28:43 -0500] "GET /BLA/boletinlegal/js/jquery.scrollShow.js HTTP/1.1" 200 4586
66.249.67.67 - - [08/Jan/2015:03:28:57 -0500] "GET /BLA/resoluciones/AUTOS%202006/AUTOS%202006%201701%20-%201800/00001746.tif HTTP/1.1" 200 119736
66.249.67.83 - - [08/Jan/2015:03:29:13 -0500] "GET /autoliquidacion/index.php?dir=Solicitudes%20relacionadas%20con%20calidad%20del%20aire%20auditiva%20y%20visual/Evaluaci%F3n%20de%20Estudios%20de%20ruido/&sort=date&order=asc HTTP/1.1" 200 2808
66.249.67.67 - - [08/Jan/2015:03:29:40 -0500] "GET /BLA/resoluciones/RESOLUCIONES%202009/1876.pdf HTTP/1.1" 200 347808
66.249.67.75 - - [08/Jan/2015:03:29:46 -0500] "GET /BLA/resoluciones/AUTOS%202013/1852.pdf HTTP/1.1" 200 313098
66.249.67.75 - - [08/Jan/2015:03:29:56 -0500] "GET /autoliquidacion/index.php?dir=Solicitudes%20relacionadas%20con%20calidad%20del%20aire%20auditiva%20y%20visual/Evaluaci%F3n%20de%20Estudios%20de%20ruido/&sort=name&order=desc HTTP/1.1" 200 2807
188.165.15.94 - - [08/Jan/2015:03:30:11 -0500] "GET /BLA/resoluciones/RESOLUCIONES%202004/RES%202004%202251-2300/00002256.tif HTTP/1.1" 200 139480
100.43.85.25 - - [08/Jan/2015:03:30:14 -0500] "GET /POT-2013/index.php?dir=Cartografia%2F HTTP/1.1" 200 11465
188.165.15.94 - - [08/Jan/2015:03:30:44 -0500] "GET /BLA/resoluciones/index.php?dir=RESOLUCIONES+2005%2FRES+2005+2751-2800%2F HTTP/1.1" 200 12345
123.125.71.26 - - [08/Jan/2015:03:30:56 -0500] "GET / HTTP/1.1" 302 -
220.181.108.104 - - [08/Jan/2015:03:31:14 -0500] "GET / HTTP/1.1" 302 -
66.249.67.83 - - [08/Jan/2015:03:31:16 -0500] "GET /autoliquidacion/Solicitudes%20relacionadas%20con%20calidad%20del%20aire%20auditiva%20y%20visual/Evaluaci%C3%B3n%20de%20Estudios%20de%20ruido/Aplicativo%20Evaluacion%20estudios%20de%20ruido%202015.xlsx HTTP/1.1" 200 77856
66.249.67.83 - - [08/Jan/2015:03:31:17 -0500] "GET /BLA/resoluciones/RESOLUCIONES%202008/1743.pdf HTTP/1.1" 200 149299
188.165.15.94 - - [08/Jan/2015:03:31:59 -0500] "GET /BLA/resoluciones/RESOLUCIONES%202005/RES%202005%201251-1300/00001288.tif HTTP/1.1" 200 175688
66.249.67.67 - - [08/Jan/2015:03:32:13 -0500] "GET /autoliquidacion/dlf/styles.css HTTP/1.1" 200 3045
74.86.158.107 - - [08/Jan/2015:03:32:48 -0500] "HEAD / HTTP/1.1" 302 -
66.249.67.67 - - [08/Jan/2015:03:32:53 -0500] "GET /autoliquidacion/index.php?dir=Solicitudes%20relacionadas%20con%20calidad%20del%20aire%20auditiva%20y%20visual/Evaluaci%F3n%20de%20Estudios%20de%20ruido/&sort=size&order=asc HTTP/1.1" 200 2808
66.249.67.75 - - [08/Jan/2015:03:32:54 -0500] "GET /BLA/resoluciones/RESOLUCIONES%202008/3934.pdf HTTP/1.1" 200 554619
188.165.15.214 - - [08/Jan/2015:03:32:55 -0500] "GET /BLA/resoluciones/RESOLUCIONES%202005/RES%202005%20151-200/00000152.tif HTTP/1.1" 200 50140
66.249.67.83 - - [08/Jan/2015:03:33:18 -0500] "GET /BLA/resoluciones/RESOLUCIONES%202009/6884.pdf HTTP/1.1" 200 349355
188.165.15.177 - - [08/Jan/2015:03:33:45 -0500] "GET /BLA/resoluciones/RESOLUCIONES%202004/RES%202004%202251-2300/00002272.tif HTTP/1.1" 200 138134
66.249.67.83 - - [08/Jan/2015:03:33:54 -0500] "GET /BLA/resoluciones/AUTOS%202013/1978.pdf HTTP/1.1" 200 915246
66.249.67.83 - - [08/Jan/2015:03:34:29 -0500] "GET /BLA/resoluciones/RESOLUCIONES%202007/RES%202007%202301%20AL%202400/RESOLUCION%202341%20DE%202007.pdf HTTP/1.1" 304 -
66.249.67.83 - - [08/Jan/2015:03:34:35 -0500] "GET /autoliquidacion/index.php?dir=Solicitudes%20relacionadas%20con%20calidad%20del%20aire%20auditiva%20y%20visual/Evaluaci%F3n%20de%20Estudios%20de%20ruido/&sort=size&order=desc HTTP/1.1" 200 2807
66.249.67.67 - - [08/Jan/2015:03:34:43 -0500] "GET /silvicultura/6.pdf HTTP/1.1" 404 1018
66.249.67.111 - - [08/Jan/2015:03:35:15 -0500] "GET /dama/libreria/pdf/pdf_entrenubes/a6.pdf HTTP/1.1" 404 1019
188.165.15.138 - - [08/Jan/2015:03:35:46 -0500] "GET /BLA/resoluciones/RESOLUCIONES%202006/RES%202006%20%202851-2900/00002862.tif HTTP/1.1" 200 38400
188.165.15.177 - - [08/Jan/2015:03:35:53 -0500] "GET /BLA/resoluciones/RESOLUCIONES%202003/RES%202003%20851-900/869.tif HTTP/1.1" 200 65368
66.249.67.83 - - [08/Jan/2015:03:36:06 -0500] "GET /autoliquidacion/index.php?dir=Solicitudes%20relacionadas%20con%20calidad%20del%20aire%20auditiva%20y%20visual/Evaluaci%F3n%20de%20Estudios%20de%20ruido/&sort=name&order=asc HTTP/1.1" 200 2808
66.249.67.83 - - [08/Jan/2015:03:36:06 -0500] "GET /BLA/resoluciones/AUTOS%202011/4348.pdf HTTP/1.1" 304 -
66.249.67.75 - - [08/Jan/2015:03:37:00 -0500] "GET /BLA/resoluciones/AUTOS%202013/0431.pdf HTTP/1.1" 200 2156161
188.165.15.214 - - [08/Jan/2015:03:37:34 -0500] "GET /BLA/resoluciones/RESOLUCIONES%202005/RES%202005%201801-1850/00001808.tif HTTP/1.1" 200 37134
66.249.67.83 - - [08/Jan/2015:03:37:42 -0500] "GET /BLA/resoluciones/RESOLUCIONES%202009/2712.pdf HTTP/1.1" 200 368670
66.249.67.83 - - [08/Jan/2015:03:37:43 -0500] "GET /autoliquidacion/index.php?dir=Solicitudes%20relacionadas%20con%20calidad%20del%20aire%20auditiva%20y%20visual/Evaluaci%F3n%20de%20Estudios%20de%20ruido/&sort=date&order=desc HTTP/1.1" 200 2807
74.86.158.107 - - [08/Jan/2015:03:37:48 -0500] "HEAD / HTTP/1.1" 302 -
66.249.67.67 - - [08/Jan/2015:03:39:16 -0500] "GET /BLA/resoluciones/AUTOS%202011/0797.pdf HTTP/1.1" 200 96207
66.249.67.75 - - [08/Jan/2015:03:39:18 -0500] "GET /BLA/resoluciones/RESOLUCIONES%202008/0781.pdf HTTP/1.1" 200 480053
66.249.67.83 - - [08/Jan/2015:03:39:58 -0500] "GET /BLA/resoluciones/AUTOS%202011/1884.pdf HTTP/1.1" 200 146881
180.76.5.58 - - [08/Jan/2015:03:39:59 -0500] "GET /videos/60Sgs_Ene28.flv HTTP/1.1" 200 8353618
66.249.67.83 - - [08/Jan/2015:03:40:03 -0500] "GET /BLA/resoluciones/AUTOS%202013/0376.pdf HTTP/1.1" 200 1564305
66.249.67.83 - - [08/Jan/2015:03:40:13 -0500] "GET /BLA/resoluciones/AUTOS%202011/0009.pdf HTTP/1.1" 200 202441
188.165.15.196 - - [08/Jan/2015:03:40:24 -0500] "GET /BLA/resoluciones/RESOLUCIONES%202005/RES%202005%201901-1950/00001942.tif HTTP/1.1" 200 108922
66.249.67.67 - - [08/Jan/2015:03:40:55 -0500] "GET /BLA/resoluciones/RESOLUCIONES%202009/2506.pdf HTTP/1.1" 200 454655
66.249.67.75 - - [08/Jan/2015:03:41:24 -0500] "GET /BLA/resoluciones/AUTOS%202013/0941.pdf HTTP/1.1" 200 967699
188.165.15.94 - - [08/Jan/2015:03:41:49 -0500] "GET /BLA/resoluciones/RESOLUCIONES%202002/RES%202002%20201-250/2002RES218.tif HTTP/1.1" 200 54186
66.249.67.75 - - [08/Jan/2015:03:42:02 -0500] "GET /BLA/resoluciones/index.php?dir=RESOLUCIONES%202009/&sort=size&order=desc HTTP/1.1" 200 1672911
188.165.15.195 - - [08/Jan/2015:03:42:13 -0500] "GET /BLA/resoluciones/RESOLUCIONES%202003/RES%202003%20201-250/2003RES209.tif HTTP/1.1" 200 171924
66.249.67.75 - - [08/Jan/2015:03:42:16 -0500] "GET /BLA/resoluciones/AUTOS%202013/2636.pdf HTTP/1.1" 200 680873
66.249.67.75 - - [08/Jan/2015:03:42:31 -0500] "GET /BLA/resoluciones/AUTOS%202007/0450.pdf HTTP/1.1" 200 37539
198.170.241.46 - - [08/Jan/2015:03:42:34 -0500] "GET /wp-admin/ HTTP/1.1" 404 1018
74.86.158.107 - - [08/Jan/2015:03:42:48 -0500] "HEAD / HTTP/1.1" 302 -
66.249.67.83 - - [08/Jan/2015:03:42:58 -0500] "GET /BLA/resoluciones/AUTOS%202013/1216.pdf HTTP/1.1" 200 195253
180.76.6.42 - - [08/Jan/2015:03:44:05 -0500] "GET /BLA/resoluciones/RESOLUCIONES%202012/0459.pdf HTTP/1.1" 200 190296
66.249.67.83 - - [08/Jan/2015:03:44:08 -0500] "GET /BLA/resoluciones/RESOLUCIONES%202010/7408.pdf HTTP/1.1" 200 263888
66.249.67.67 - - [08/Jan/2015:03:44:22 -0500] "GET /BLA/resoluciones/AUTOS%202013/2023.pdf HTTP/1.1" 200 873434
66.249.67.67 - - [08/Jan/2015:03:44:28 -0500] "GET /BLA/resoluciones/Autos%202008/2080.pdf HTTP/1.1" 200 98515
188.165.15.177 - - [08/Jan/2015:03:45:12 -0500] "GET /BLA/resoluciones/RESOLUCIONES%202003/RES%202003%20451-500/463.tif HTTP/1.1" 200 182000
157.55.39.38 - - [08/Jan/2015:03:45:26 -0500] "GET /dama/libreria/pdf/pigas/PIGA%20servcivil/PIGA%20servicio%20civil.pdf HTTP/1.1" 404 1019
66.249.67.75 - - [08/Jan/2015:03:45:44 -0500] "GET /BLA/resoluciones/RESOLUCIONES%202011/3807.pdf HTTP/1.1" 200 544663
66.249.67.75 - - [08/Jan/2015:03:46:31 -0500] "GET /BLA/resoluciones/AUTOS%202006/AUTOS%202006%20201-300/00000223.tif HTTP/1.1" 200 47200
82.82.72.155 - - [08/Jan/2015:03:46:46 -0500] "GET /galeria/bibloteca/contentflow.js HTTP/1.1" 200 42804
82.82.72.155 - - [08/Jan/2015:03:46:47 -0500] "GET /galeria/bibloteca/contentflow.css HTTP/1.1" 200 3201
82.82.72.155 - - [08/Jan/2015:03:46:48 -0500] "GET /galeria/bibloteca/mycontentflow.css HTTP/1.1" 200 3110
82.82.72.155 - - [08/Jan/2015:03:46:48 -0500] "GET /galeria/bibloteca/ContentFlowAddOn_white.js HTTP/1.1" 200 2497
82.82.72.155 - - [08/Jan/2015:03:46:48 -0500] "GET /galeria/bibloteca/ContentFlowAddOn_white.css HTTP/1.1" 200 3355
82.82.72.155 - - [08/Jan/2015:03:46:48 -0500] "GET /galeria/bibloteca/img/scrollbar_white.png HTTP/1.1" 200 82
82.82.72.155 - - [08/Jan/2015:03:46:48 -0500] "GET /galeria/bibloteca/img/loader.gif HTTP/1.1" 200 8238
82.82.72.155 - - [08/Jan/2015:03:46:48 -0500] "GET /galeria/bibloteca/img/slider_white.png HTTP/1.1" 200 178
82.82.72.155 - - [08/Jan/2015:03:46:52 -0500] "GET /galeria/bibloteca/img/scrollbar_black.png HTTP/1.1" 200 82
82.82.72.155 - - [08/Jan/2015:03:46:52 -0500] "GET /galeria/bibloteca/img/slider_black.png HTTP/1.1" 200 175
82.82.72.155 - - [08/Jan/2015:03:46:52 -0500] "GET /galeria/bibloteca/img/1x1_0.5_white.png HTTP/1.1" 200 82
82.82.72.155 - - [08/Jan/2015:03:46:52 -0500] "GET /galeria/bibloteca/img/ajax-loader.gif HTTP/1.1" 200 9427
66.249.67.67 - - [08/Jan/2015:03:47:09 -0500] "GET /BLA/resoluciones/Autos%202008/2345.pdf HTTP/1.1" 200 84386
66.249.67.75 - - [08/Jan/2015:03:47:21 -0500] "GET /BLA/resoluciones/AUTOS%202007/0120.pdf HTTP/1.1" 200 44130
104.209.42.25 - - [08/Jan/2015:03:47:32 -0500] "GET / HTTP/1.1" 302 -
104.209.42.25 - - [08/Jan/2015:03:47:34 -0500] "GET /web/sda/contactenos HTTP/1.1" 404 1018
74.86.158.107 - - [08/Jan/2015:03:47:48 -0500] "HEAD / HTTP/1.1" 302 -
66.249.67.67 - - [08/Jan/2015:03:48:45 -0500] "GET /BLA/resoluciones/AUTOS%202013/1836.pdf HTTP/1.1" 200 1015752
66.249.67.67 - - [08/Jan/2015:03:48:57 -0500] "GET /BLA/resoluciones/RESOLUCIONES%202009/0864.pdf HTTP/1.1" 200 307913
66.249.67.67 - - [08/Jan/2015:03:48:58 -0500] "GET /BLA/resoluciones/AUTOS%202013/0576.pdf HTTP/1.1" 200 209555
188.165.15.94 - - [08/Jan/2015:03:49:08 -0500] "GET /BLA/resoluciones/RESOLUCIONES%202004/RES%202004%20751-800/00000789.tif HTTP/1.1" 200 225698
66.249.67.67 - - [08/Jan/2015:03:49:46 -0500] "GET /BLA/resoluciones/AUTOS%202013/0392.pdf HTTP/1.1" 200 375805
180.76.6.16 - - [08/Jan/2015:03:49:51 -0500] "GET /BLA/resoluciones/AUTOS%202011/7222.pdf HTTP/1.1" 200 186815
66.249.67.67 - - [08/Jan/2015:03:50:33 -0500] "GET /BLA/resoluciones/RESOLUCIONES%202007/RES%202007%201101%20AL%201200/RESOLUCION%201183%20DE%202007.pdf HTTP/1.1" 200 191406
66.249.67.67 - - [08/Jan/2015:03:50:50 -0500] "GET /resoluciones/RESOLUCIONES%202010/1868.pdf HTTP/1.1" 404 1018
198.170.241.46 - - [08/Jan/2015:03:50:58 -0500] "GET /test/wp-admin/ HTTP/1.1" 404 1018
188.165.15.209 - - [08/Jan/2015:03:51:00 -0500] "GET /BLA/resoluciones/RESOLUCIONES%202002/RES%202002%2001-50/2002RES7.tif HTTP/1.1" 200 69938
188.165.15.214 - - [08/Jan/2015:03:51:39 -0500] "GET /BLA/resoluciones/RESOLUCIONES%202003/RES%202003%20501-550/514.tif HTTP/1.1" 200 132388
66.249.67.75 - - [08/Jan/2015:03:51:42 -0500] "GET /BLA/resoluciones/AUTOS%202013/1421.pdf HTTP/1.1" 200 314209
66.249.67.67 - - [08/Jan/2015:03:52:10 -0500] "GET /BLA/resoluciones/RESOLUCIONES%202009/1525.pdf HTTP/1.1" 200 471214
66.249.67.75 - - [08/Jan/2015:03:52:18 -0500] "GET /galeria/carrusel/Carrusel/jquery-ui-1.8.13.custom.min.js HTTP/1.1" 200 10800
66.249.67.67 - - [08/Jan/2015:03:52:18 -0500] "GET /galeria/carrusel/Carrusel/jquery.thumbnailScroller.css HTTP/1.1" 200 2066
66.249.67.83 - - [08/Jan/2015:03:52:19 -0500] "GET /galeria/carrusel/Carrusel/jquery.thumbnailScroller.js HTTP/1.1" 200 8157
180.76.6.143 - - [08/Jan/2015:03:52:34 -0500] "GET /BLA/resoluciones/RESOLUCIONES%202009/2618.pdf HTTP/1.1" 200 342619
74.86.158.107 - - [08/Jan/2015:03:52:48 -0500] "HEAD / HTTP/1.1" 302 -
180.76.4.55 - - [08/Jan/2015:03:53:40 -0500] "GET / HTTP/1.1" 302 -
188.165.15.196 - - [08/Jan/2015:03:53:42 -0500] "GET /BLA/resoluciones/RESOLUCIONES%202003/RES%202003%201551-1601/20031571.tif HTTP/1.1" 200 48910
66.249.67.75 - - [08/Jan/2015:03:53:46 -0500] "GET /BLA/boletinlegal/index.php HTTP/1.1" 200 47318
66.249.67.75 - - [08/Jan/2015:03:54:26 -0500] "GET /BLA/resoluciones/AUTOS%202013/0390.pdf HTTP/1.1" 200 480102
66.249.67.83 - - [08/Jan/2015:03:54:37 -0500] "GET /BLA/resoluciones/AUTOS%202013/0314.pdf HTTP/1.1" 200 2491263
66.249.85.216 - - [08/Jan/2015:03:55:03 -0500] "GET / HTTP/1.1" 302 -
66.249.67.83 - - [08/Jan/2015:03:55:23 -0500] "GET /BLA/resoluciones/RESOLUCIONES%202008/4274.pdf HTTP/1.1" 200 258452
66.249.67.75 - - [08/Jan/2015:03:55:44 -0500] "GET /BLA/resoluciones/AUTOS%202006/AUTOS%202006%203301%20-%203418/00003386.tif HTTP/1.1" 200 55396
66.249.67.75 - - [08/Jan/2015:03:56:05 -0500] "GET /BLA/resoluciones/AUTOS%202013/1470.pdf HTTP/1.1" 200 1067351
188.165.15.110 - - [08/Jan/2015:03:56:10 -0500] "GET /BLA/resoluciones/RESOLUCIONES%202004/RES%202004%20701-750/00000703.tif HTTP/1.1" 200 182098
66.249.67.75 - - [08/Jan/2015:03:56:13 -0500] "GET /galeria/bibloteca/contentflow.js HTTP/1.1" 200 42804
66.249.67.83 - - [08/Jan/2015:03:56:16 -0500] "GET /galeria/bibloteca/ContentFlowAddOn_white.js HTTP/1.1" 200 2497
66.249.67.75 - - [08/Jan/2015:03:56:19 -0500] "GET /galeria/bibloteca/mycontentflow.css HTTP/1.1" 200 3110
66.249.67.83 - - [08/Jan/2015:03:56:22 -0500] "GET /galeria/bibloteca/ContentFlowAddOn_white.css HTTP/1.1" 200 3355
66.249.67.103 - - [08/Jan/2015:03:56:59 -0500] "GET /Anexos%20estudio%20Organizacional%20SDA/ANEXO%20No.%203-%20CONTRATACI%C3%93N%20%20OPS%C2%B4s%202008-2012/CONTRATOS%20SDA%202008%20POR%20DEPENDENCIA.xls HTTP/1.1" 304 -
190.85.19.42 - - [08/Jan/2015:03:57:11 -0500] "GET /BLA/boletinlegal/js/jquery.js HTTP/1.1" 200 57254
190.85.19.42 - - [08/Jan/2015:03:57:11 -0500] "GET /BLA/boletinlegal/js/jquery.scrollTo-min.js HTTP/1.1" 200 1150
190.85.19.42 - - [08/Jan/2015:03:57:11 -0500] "GET /BLA/boletinlegal/js/jquery.scrollShow.js HTTP/1.1" 200 4586
180.76.5.71 - - [08/Jan/2015:03:57:23 -0500] "GET /BLA/boletinlegal;jsessionid=134E15F544B138256D1AE24F4CDEFD6C?/? HTTP/1.1" 404 1018
84.77.141.1 - - [08/Jan/2015:03:57:42 -0500] "GET /arcgis/services/Calidad_del_Agua_WQI/MapServer/WMSServer?SERVICE=WMS&VERSION=1.1.1&REQUEST=GetCapabilities HTTP/1.1" 200 32135
74.86.158.107 - - [08/Jan/2015:03:57:48 -0500] "HEAD / HTTP/1.1" 302 -
100.43.85.25 - - [08/Jan/2015:03:57:53 -0500] "GET /videos/?C=S;O=A HTTP/1.1" 200 47950
180.76.5.192 - - [08/Jan/2015:03:58:02 -0500] "GET /BLA/resoluciones/RESOLUCIONES%202011/2881.pdf HTTP/1.1" 200 765494
66.249.67.67 - - [08/Jan/2015:03:58:33 -0500] "GET /BLA/resoluciones/AUTOS%202011/1811.pdf HTTP/1.1" 200 153307
66.249.67.111 - - [08/Jan/2015:03:58:36 -0500] "GET /ecodirectorio/files/res/languages/en/ HTTP/1.1" 200 3629
180.76.5.223 - - [08/Jan/2015:03:59:20 -0500] "GET /BLA/boletinlegal;jsessionid=AB524909E10C4647F868AC7969E9BF67?/? HTTP/1.1" 404 1018
198.170.241.46 - - [08/Jan/2015:03:59:23 -0500] "GET /wordpress/wp-admin/ HTTP/1.1" 404 1018
66.249.67.103 - - [08/Jan/2015:04:00:12 -0500] "GET /ecodirectorio/files/res/languages/it/ HTTP/1.1" 200 3629
188.165.15.97 - - [08/Jan/2015:04:00:16 -0500] "GET /BLA/resoluciones/RESOLUCIONES%202004/RES%202004%202351-2401/00002360.tif HTTP/1.1" 200 171278
66.249.67.75 - - [08/Jan/2015:04:00:31 -0500] "GET /BLA/resoluciones/AUTOS%202008/0393.pdf HTTP/1.1" 200 80304
66.249.67.83 - - [08/Jan/2015:04:00:34 -0500] "GET /BLA/resoluciones/AUTOS%202013/0575.pdf HTTP/1.1" 200 212532
66.249.67.75 - - [08/Jan/2015:04:00:36 -0500] "GET /BLA/resoluciones/AUTOS%202013/1422.pdf HTTP/1.1" 200 259620
180.76.5.177 - - [08/Jan/2015:04:00:38 -0500] "GET /BLA/resoluciones/RESOLUCIONES%202010/6669.pdf HTTP/1.1" 200 266851
188.165.15.27 - - [08/Jan/2015:04:01:46 -0500] "GET /BLA/resoluciones/RESOLUCIONES%202003/RES%202003%20451-500/454.tif HTTP/1.1" 200 142644
66.249.67.111 - - [08/Jan/2015:04:01:48 -0500] "GET /PruebasSTORM/StormSDA_pruebas/userFiles/user_files/formulas/3/657.xml HTTP/1.1" 200 999
66.249.67.83 - - [08/Jan/2015:04:01:54 -0500] "GET /BLA/resoluciones/AUTOS%202013/0268.pdf HTTP/1.1" 200 1841523
180.76.6.151 - - [08/Jan/2015:04:01:56 -0500] "GET /BLA/boletinlegal;jsessionid=E134F13CCEE6E78A0C456290D015177A?/? HTTP/1.1" 404 1018
188.165.15.177 - - [08/Jan/2015:04:02:08 -0500] "GET /BLA/resoluciones/RESOLUCIONES%202003/RES%202003%201601-1650/20031645.tif HTTP/1.1" 200 144150
74.86.158.107 - - [08/Jan/2015:04:02:48 -0500] "HEAD / HTTP/1.1" 302 -
66.249.67.83 - - [08/Jan/2015:04:03:08 -0500] "GET /BLA/resoluciones/AUTOS%202011/2507.pdf HTTP/1.1" 200 191929
66.249.67.83 - - [08/Jan/2015:04:03:24 -0500] "GET /BLA/boletinlegal/styles2.css HTTP/1.1" 200 1838
66.249.67.83 - - [08/Jan/2015:04:03:25 -0500] "GET /BLA/boletinlegal/style.css HTTP/1.1" 200 9406
66.249.67.75 - - [08/Jan/2015:04:03:25 -0500] "GET /BLA/resoluciones/RESOLUCIONES%202007/RES%202007%203401%20AL%203500/RESOLUCION%203439%20DE%202007.pdf HTTP/1.1" 200 744915
66.249.67.83 - - [08/Jan/2015:04:03:27 -0500] "GET /BLA/resoluciones/RESOLUCIONES%202010/2157.pdf HTTP/1.1" 200 485403
188.165.15.110 - - [08/Jan/2015:04:03:56 -0500] "GET /BLA/resoluciones/RESOLUCIONES%202002/RES%202002%201501-1550/20021519.tif HTTP/1.1" 200 45134
66.249.67.83 - - [08/Jan/2015:04:04:38 -0500] "GET /BLA/resoluciones/RESOLUCIONES%202013/1229.pdf HTTP/1.1" 200 405529
66.249.67.67 - - [08/Jan/2015:04:04:56 -0500] "GET /BLA/resoluciones/AUTOS%202013/0933.pdf HTTP/1.1" 200 1388757
213.133.97.216 - - [08/Jan/2015:04:05:03 -0500] "GET / HTTP/1.1" 302 -
66.249.67.83 - - [08/Jan/2015:04:06:02 -0500] "GET /BLA/resoluciones/Autos%202008/1978.pdf HTTP/1.1" 200 100635
66.249.67.75 - - [08/Jan/2015:04:06:38 -0500] "GET /BLA/resoluciones/RESOLUCIONES%202013/0084.pdf HTTP/1.1" 200 2600458
66.249.67.75 - - [08/Jan/2015:04:06:50 -0500] "GET /BLA/resoluciones/AUTOS%202013/1230.pdf HTTP/1.1" 200 278402
188.165.15.138 - - [08/Jan/2015:04:06:52 -0500] "GET /BLA/resoluciones/index.php?dir=RESOLUCIONES%202002/RES%202002%20601-650/&sort=date&order=asc HTTP/1.1" 200 12037
188.165.15.90 - - [08/Jan/2015:04:07:46 -0500] "GET /BLA/resoluciones/index.php?dir=RESOLUCIONES%202006/RES%202006%20%202901-2950/&sort=name&order=desc HTTP/1.1" 200 12405
74.86.158.107 - - [08/Jan/2015:04:07:48 -0500] "HEAD / HTTP/1.1" 302 -
198.170.241.46 - - [08/Jan/2015:04:07:53 -0500] "GET /blog/wp-admin/ HTTP/1.1" 404 1018
66.249.67.83 - - [08/Jan/2015:04:08:05 -0500] "GET /BLA/resoluciones/AUTOS%202013/1486.pdf HTTP/1.1" 200 395641
66.249.67.83 - - [08/Jan/2015:04:08:14 -0500] "GET /BLA/resoluciones/RESOLUCIONES%202007/RES%202007%202901%20AL%203000/RESOLUCION%202930%20DE%202007.pdf HTTP/1.1" 200 474846
66.249.67.83 - - [08/Jan/2015:04:08:44 -0500] "GET /BLA/resoluciones/AUTOS%202011/2436.pdf HTTP/1.1" 200 130267
66.249.67.83 - - [08/Jan/2015:04:09:26 -0500] "GET /BLA/resoluciones/AUTOS%202013/1210.pdf HTTP/1.1" 200 199180
66.249.67.83 - - [08/Jan/2015:04:09:51 -0500] "GET /BLA/resoluciones/RESOLUCIONES%202009/9692.pdf HTTP/1.1" 200 331090
188.165.15.110 - - [08/Jan/2015:04:09:58 -0500] "GET /BLA/resoluciones/RESOLUCIONES%202004/RES%202004%20801-850/00000816.tif HTTP/1.1" 200 195454
186.28.252.123 - - [08/Jan/2015:04:10:43 -0500] "GET /BLA/boletinlegal/js/jquery.js HTTP/1.1" 200 57254
186.28.252.123 - - [08/Jan/2015:04:10:43 -0500] "GET /BLA/boletinlegal/js/jquery.scrollTo-min.js HTTP/1.1" 200 1150
186.28.252.123 - - [08/Jan/2015:04:10:43 -0500] "GET /BLA/boletinlegal/js/jquery.scrollShow.js HTTP/1.1" 200 4586
186.28.252.123 - - [08/Jan/2015:04:10:44 -0500] "GET /galeria/carrusel/Carrusel/jquery.thumbnailScroller.css HTTP/1.1" 200 2066
186.28.252.123 - - [08/Jan/2015:04:10:44 -0500] "GET /galeria/carrusel/Carrusel/jquery-ui-1.8.13.custom.min.js HTTP/1.1" 200 10800
186.28.252.123 - - [08/Jan/2015:04:10:44 -0500] "GET /galeria/carrusel/Carrusel/jquery.thumbnailScroller.js HTTP/1.1" 200 8157
66.249.67.75 - - [08/Jan/2015:04:11:27 -0500] "GET /BLA/resoluciones/AUTOS%202008/3098.pdf HTTP/1.1" 200 72358
74.86.158.107 - - [08/Jan/2015:04:12:48 -0500] "HEAD / HTTP/1.1" 302 -
66.249.67.67 - - [08/Jan/2015:04:13:00 -0500] "GET /BLA/jurisprudencia/sentencias/C-703-10.rtf HTTP/1.1" 404 1018
66.249.67.67 - - [08/Jan/2015:04:13:01 -0500] "GET /BLA/resoluciones/Autos%202008/2491.pdf HTTP/1.1" 200 96172
66.249.67.83 - - [08/Jan/2015:04:13:03 -0500] "GET /BLA/resoluciones/RESOLUCIONES%202007/RES%202007%201%20AL%20100/RESOLUCION%200063%20DE%202007.pdf HTTP/1.1" 200 114373
188.165.15.110 - - [08/Jan/2015:04:13:13 -0500] "GET /BLA/resoluciones/RESOLUCIONES%202005/RES%202005%201901-1950/00001937.tif HTTP/1.1" 200 150678
180.76.6.58 - - [08/Jan/2015:04:13:17 -0500] "GET /BLA/resoluciones/AUTOS%202009/1921.pdf HTTP/1.1" 200 106592
66.249.67.75 - - [08/Jan/2015:04:13:44 -0500] "GET /BLA/resoluciones/AUTOS%202013/0669.pdf HTTP/1.1" 200 211258
66.249.67.67 - - [08/Jan/2015:04:14:40 -0500] "GET /BLA/resoluciones/AUTOS%202008/0252.pdf HTTP/1.1" 200 169617
188.165.15.90 - - [08/Jan/2015:04:14:50 -0500] "GET /BLA/resoluciones/RESOLUCIONES%202002/RES%202002%20951-1000/00000972.tif HTTP/1.1" 200 589558
66.249.67.67 - - [08/Jan/2015:04:15:19 -0500] "GET /BLA/resoluciones/AUTOS%202006/AUTOS%202006%20701-800/00000772.tif HTTP/1.1" 200 127618
188.165.15.94 - - [08/Jan/2015:04:15:42 -0500] "GET /BLA/resoluciones/RESOLUCIONES%202004/RES%202004%202051-2100/00002077.tif HTTP/1.1" 200 142948
198.170.241.46 - - [08/Jan/2015:04:16:10 -0500] "GET /wp/wp-admin/ HTTP/1.1" 404 1018
66.249.67.67 - - [08/Jan/2015:04:16:16 -0500] "GET /BLA/resoluciones/RESOLUCIONES%202009/4420.pdf HTTP/1.1" 200 669963
188.165.15.110 - - [08/Jan/2015:04:17:30 -0500] "GET /BLA/resoluciones/RESOLUCIONES%202005/00001073.tif HTTP/1.1" 200 145070
74.86.158.107 - - [08/Jan/2015:04:17:48 -0500] "HEAD / HTTP/1.1" 302 -
66.249.67.83 - - [08/Jan/2015:04:17:53 -0500] "GET /BLA/resoluciones/AUTOS%202007/0093.pdf HTTP/1.1" 200 116054
66.249.67.67 - - [08/Jan/2015:04:17:57 -0500] "GET /BLA/resoluciones/RESOLUCIONES%202013/1263.pdf HTTP/1.1" 200 1149113
100.43.85.25 - - [08/Jan/2015:04:18:38 -0500] "GET /videos/galeria-cronicas/skin/blue.monday/jplayer.blue.monday.seeking.gif HTTP/1.1" 200 3284
66.249.67.83 - - [08/Jan/2015:04:18:50 -0500] "GET /BLA/resoluciones/index.php?dir=RESOLUCIONES+2010%2F HTTP/1.1" 200 1288157
66.249.67.75 - - [08/Jan/2015:04:19:29 -0500] "GET /BLA/resoluciones/AUTOS%202011/3832.pdf HTTP/1.1" 200 365950
188.165.15.196 - - [08/Jan/2015:04:21:03 -0500] "GET /BLA/resoluciones/RESOLUCIONES%202002/RES%202002%201901-1950/20021928.tif HTTP/1.1" 200 155698
66.249.67.67 - - [08/Jan/2015:04:21:05 -0500] "GET /BLA/resoluciones/AUTOS%202008/0160.pdf HTTP/1.1" 200 157742
66.249.67.75 - - [08/Jan/2015:04:21:31 -0500] "GET /newsecs1/plaenli/c2.htm HTTP/1.1" 404 1018
188.165.15.110 - - [08/Jan/2015:04:21:49 -0500] "GET /BLA/resoluciones/index.php?dir=RESOLUCIONES%202006/RES%202006%201251-1300/&sort=date&order=asc HTTP/1.1" 200 12368
188.165.15.196 - - [08/Jan/2015:04:22:03 -0500] "GET /BLA/resoluciones/RESOLUCIONES%202002/RES%202002%20501-550/00000534.tif HTTP/1.1" 200 93188
66.249.67.103 - - [08/Jan/2015:04:22:06 -0500] "GET /ecodirectorio/files/res/languages/de/bookmarkbox.xml HTTP/1.1" 200 721
186.28.252.123 - - [08/Jan/2015:04:22:21 -0500] "GET /BLA/boletinlegal/js/jquery.scrollShow.js HTTP/1.1" 200 4586
66.249.67.67 - - [08/Jan/2015:04:22:42 -0500] "GET /BLA/resoluciones/RESOLUCIONES%202009/0100.pdf HTTP/1.1" 200 241034
74.86.158.107 - - [08/Jan/2015:04:22:48 -0500] "HEAD / HTTP/1.1" 302 -
180.76.5.22 - - [08/Jan/2015:04:23:27 -0500] "GET /BLA/resoluciones/AUTOS%202012/1554.pdf HTTP/1.1" 200 2044394
66.249.67.111 - - [08/Jan/2015:04:24:11 -0500] "GET / HTTP/1.1" 302 -
66.249.67.75 - - [08/Jan/2015:04:24:18 -0500] "GET /BLA/resoluciones/RESOLUCIONES%202009/1880.pdf HTTP/1.1" 200 356546
198.170.241.46 - - [08/Jan/2015:04:24:29 -0500] "GET /old/wp-admin/ HTTP/1.1" 404 1018
66.249.67.75 - - [08/Jan/2015:04:24:32 -0500] "GET /BLA/resoluciones/AUTOS%202006/AUTOS%202006%202101%20-%202200/00002134.tif HTTP/1.1" 200 62646
220.181.108.105 - - [08/Jan/2015:04:24:44 -0500] "GET / HTTP/1.1" 302 -
66.249.67.67 - - [08/Jan/2015:04:24:46 -0500] "GET /BLA/resoluciones/AUTOS%202007/3397.pdf HTTP/1.1" 200 249155
66.249.67.67 - - [08/Jan/2015:04:25:55 -0500] "GET /BLA/resoluciones/AUTOS%202011/3030.pdf HTTP/1.1" 200 182821
66.249.67.67 - - [08/Jan/2015:04:26:06 -0500] "GET /BLA/boletinlegal/index.php HTTP/1.1" 200 47935
188.165.15.177 - - [08/Jan/2015:04:26:51 -0500] "GET /BLA/resoluciones/RESOLUCIONES%202006/RES%202006%201451-1500/00001465.tif HTTP/1.1" 200 245638
66.249.67.75 - - [08/Jan/2015:04:27:31 -0500] "GET /BLA/resoluciones/RESOLUCIONES%202011/0262.pdf HTTP/1.1" 200 63443
74.86.158.107 - - [08/Jan/2015:04:27:48 -0500] "HEAD / HTTP/1.1" 302 -
180.76.6.145 - - [08/Jan/2015:04:27:56 -0500] "GET /BLA/boletinlegal;jsessionid=B6F882904F78F9A78A9606C96E501E3C?/? HTTP/1.1" 404 1018
66.249.67.75 - - [08/Jan/2015:04:29:08 -0500] "GET /BLA/resoluciones/RESOLUCIONES%202009/2865.pdf HTTP/1.1" 200 586986
66.249.67.67 - - [08/Jan/2015:04:29:19 -0500] "GET /newsecs/plaenli/c2.htm HTTP/1.1" 404 1018
66.249.67.83 - - [08/Jan/2015:04:30:44 -0500] "GET /BLA/resoluciones/RESOLUCIONES%202008/2867.pdf HTTP/1.1" 200 345995
188.165.15.138 - - [08/Jan/2015:04:30:48 -0500] "GET /BLA/resoluciones/RESOLUCIONES%202002/RES%202002%20201-250/2002RES228.tif HTTP/1.1" 200 185598
188.165.15.196 - - [08/Jan/2015:04:31:31 -0500] "GET /BLA/resoluciones/RESOLUCIONES%202004/RES%202004%20801-850/00000815.tif HTTP/1.1" 200 326674
180.76.5.197 - - [08/Jan/2015:04:32:03 -0500] "GET /BLA/resoluciones/RESOLUCIONES%202014/1328.pdf HTTP/1.1" 200 1254665
66.249.67.75 - - [08/Jan/2015:04:32:20 -0500] "GET /BLA/resoluciones/RESOLUCIONES%202009/5676.pdf HTTP/1.1" 200 387388
74.86.158.107 - - [08/Jan/2015:04:32:48 -0500] "HEAD / HTTP/1.1" 302 -
188.165.15.138 - - [08/Jan/2015:04:33:40 -0500] "GET /BLA/resoluciones/RESOLUCIONES%202003/RES%202003%201451-1500/20031469.tif HTTP/1.1" 200 88418
180.76.5.168 - - [08/Jan/2015:04:33:56 -0500] "GET /BLA/boletinlegal;jsessionid=8692F2E6C8B730BE88F3B3600F42F046?/? HTTP/1.1" 404 1018
66.249.67.83 - - [08/Jan/2015:04:33:57 -0500] "GET /BLA/resoluciones/RESOLUCIONES%202008/1310.pdf HTTP/1.1" 200 293587
188.165.15.196 - - [08/Jan/2015:04:34:59 -0500] "GET /BLA/resoluciones/RESOLUCIONES%202005/RES%202005%20801-850/00000827.tif HTTP/1.1" 200 205010
188.165.15.196 - - [08/Jan/2015:04:35:14 -0500] "GET /BLA/resoluciones/RESOLUCIONES%202006/RES%202006%201651-1700/00001699.tif HTTP/1.1" 200 148424
66.249.67.67 - - [08/Jan/2015:04:35:33 -0500] "GET /BLA/resoluciones/RESOLUCIONES%202008/4140.pdf HTTP/1.1" 200 432702
188.165.15.209 - - [08/Jan/2015:04:35:54 -0500] "GET /BLA/resoluciones/RESOLUCIONES%202004/RES%202004%201501-1550/00001535.tif HTTP/1.1" 200 945796
66.249.67.75 - - [08/Jan/2015:04:36:09 -0500] "GET /BLA/resoluciones/AUTOS%202013/2376.pdf HTTP/1.1" 200 852666
180.76.6.52 - - [08/Jan/2015:04:37:03 -0500] "GET /BLA/boletinlegal;jsessionid=3C6CD6BCA473B930D28F09AC00CD921B?/? HTTP/1.1" 404 1018
66.249.67.83 - - [08/Jan/2015:04:37:10 -0500] "GET /BLA/resoluciones/RESOLUCIONES%202008/2690.pdf HTTP/1.1" 200 252240
74.86.158.107 - - [08/Jan/2015:04:37:48 -0500] "HEAD / HTTP/1.1" 302 -
66.249.67.83 - - [08/Jan/2015:04:38:46 -0500] "GET /BLA/resoluciones/AUTOS%202013/0776.pdf HTTP/1.1" 200 1725385
100.43.85.25 - - [08/Jan/2015:04:39:22 -0500] "GET /videos/galeria-cronicas/skin/blue.monday/jplayer.blue.monday.video.play.png HTTP/1.1" 200 14424
181.209.212.230 - - [08/Jan/2015:04:40:12 -0500] "GET /BLA/boletinlegal/js/jquery.js HTTP/1.1" 200 57254
181.209.212.230 - - [08/Jan/2015:04:40:12 -0500] "GET /BLA/boletinlegal/js/jquery.scrollTo-min.js HTTP/1.1" 200 1150
181.209.212.230 - - [08/Jan/2015:04:40:12 -0500] "GET /BLA/boletinlegal/js/jquery.scrollShow.js HTTP/1.1" 200 4586
66.249.67.67 - - [08/Jan/2015:04:40:23 -0500] "GET /BLA/resoluciones/AUTOS%202007/0152.pdf HTTP/1.1" 200 174182
66.249.67.75 - - [08/Jan/2015:04:40:45 -0500] "GET /BLA/resoluciones/RESOLUCIONES%202009/9472.pdf HTTP/1.1" 200 1198585
66.249.67.67 - - [08/Jan/2015:04:41:59 -0500] "GET /BLA/resoluciones/AUTOS%202007/0177.pdf HTTP/1.1" 200 114127
188.165.15.27 - - [08/Jan/2015:04:42:15 -0500] "GET /BLA/resoluciones/RESOLUCIONES%202004/RES%202004%201851-1900/00001872.tif HTTP/1.1" 200 158736
180.76.6.61 - - [08/Jan/2015:04:42:25 -0500] "GET /POT-2013/memoria%20justificativa/Memoria_Justificativa.pdf HTTP/1.1" 200 2916360
188.165.15.97 - - [08/Jan/2015:04:42:37 -0500] "GET /BLA/resoluciones/RESOLUCIONES%202005/RES%202005%201-50/RES%202005%20101-150/00000111.tif HTTP/1.1" 200 118494
74.86.158.107 - - [08/Jan/2015:04:42:48 -0500] "HEAD / HTTP/1.1" 302 -
188.165.15.209 - - [08/Jan/2015:04:43:13 -0500] "GET /BLA/resoluciones/RESOLUCIONES%202004/RES%202004%20251-300/00000283.tif HTTP/1.1" 200 152000
66.249.67.67 - - [08/Jan/2015:04:43:35 -0500] "GET /BLA/resoluciones/AUTOS%202008/2853.pdf HTTP/1.1" 200 76356
66.249.67.83 - - [08/Jan/2015:04:44:07 -0500] "GET /BLA/resoluciones/AUTOS%202006/AUTOS%202006%20201-300/00000290.tif HTTP/1.1" 200 57910
180.76.5.94 - - [08/Jan/2015:04:44:54 -0500] "GET /BLA/boletinlegal;jsessionid=6C0E08EF17D7E3B164EAEB5BC04223CC?/? HTTP/1.1" 404 1018
66.249.67.75 - - [08/Jan/2015:04:45:12 -0500] "GET /BLA/resoluciones/AUTOS%202008/2862.pdf HTTP/1.1" 200 90247
188.165.15.97 - - [08/Jan/2015:04:45:52 -0500] "GET /BLA/resoluciones/RESOLUCIONES%202002/RES%202002%201701-1750/20021749.tif HTTP/1.1" 200 42502
157.55.39.66 - - [08/Jan/2015:04:46:23 -0500] "GET /dama/libreria/php/decide.php?patron=03.1305020113&numm=4 HTTP/1.1" 404 1019
66.249.67.75 - - [08/Jan/2015:04:46:48 -0500] "GET /BLA/resoluciones/AUTOS%202011/2868.pdf HTTP/1.1" 200 366573
188.165.15.110 - - [08/Jan/2015:04:47:21 -0500] "GET /BLA/resoluciones/RESOLUCIONES%202005/RES%202005%202151-2200/00002160.tif HTTP/1.1" 200 230664
188.165.15.177 - - [08/Jan/2015:04:47:42 -0500] "GET /BLA/resoluciones/RESOLUCIONES%202002/RES%202002%20501-550/00000504.tif HTTP/1.1" 200 85374
188.165.15.90 - - [08/Jan/2015:04:47:42 -0500] "GET /BLA/resoluciones/RESOLUCIONES%202004/RES%202004%20251-300/00000294.tif HTTP/1.1" 200 92172
74.86.158.107 - - [08/Jan/2015:04:47:48 -0500] "HEAD / HTTP/1.1" 302 -
66.249.67.67 - - [08/Jan/2015:04:48:25 -0500] "GET /BLA/resoluciones/RESOLUCIONES%202009/1911.pdf HTTP/1.1" 200 355557
66.249.67.67 - - [08/Jan/2015:04:50:01 -0500] "GET /BLA/resoluciones/RESOLUCIONES%202011/6123.pdf HTTP/1.1" 200 582019
188.165.15.97 - - [08/Jan/2015:04:50:04 -0500] "GET /BLA/resoluciones/RESOLUCIONES%202003/RES%202003%20501-550/528.tif HTTP/1.1" 200 151900
66.249.67.111 - - [08/Jan/2015:04:50:21 -0500] "GET /POT-2013/Cartografia/14_Sistema%20de%20Movilidad_Subsistema%20Vial_FEB.pdf HTTP/1.1" 200 4617200
66.249.67.67 - - [08/Jan/2015:04:50:33 -0500] "GET /PORTAL_SIAC/swf/Residuos/cosmeticos/cosmeticos.html HTTP/1.1" 200 1963
188.165.15.195 - - [08/Jan/2015:04:50:34 -0500] "GET /BLA/resoluciones/RESOLUCIONES%202003/RES%202003%20401-450/424.tif HTTP/1.1" 200 340584
188.165.15.177 - - [08/Jan/2015:04:50:48 -0500] "GET /BLA/resoluciones/RESOLUCIONES%202004/RES%202004%20151-200/00000172.tif HTTP/1.1" 200 93588
66.249.67.67 - - [08/Jan/2015:04:51:38 -0500] "GET /BLA/resoluciones/RESOLUCIONES%202009/2678.pdf HTTP/1.1" 200 384763
178.202.254.209 - - [08/Jan/2015:04:51:45 -0500] "GET /BLA/boletinlegal/js/jquery.scrollTo-min.js HTTP/1.1" 200 1150
178.202.254.209 - - [08/Jan/2015:04:51:45 -0500] "GET /BLA/boletinlegal/js/jquery.js HTTP/1.1" 200 57254
178.202.254.209 - - [08/Jan/2015:04:51:45 -0500] "GET /galeria/carrusel/Carrusel/jquery.thumbnailScroller.js HTTP/1.1" 200 8157
178.202.254.209 - - [08/Jan/2015:04:51:45 -0500] "GET /galeria/carrusel/Carrusel/jquery.thumbnailScroller.css HTTP/1.1" 200 2066
178.202.254.209 - - [08/Jan/2015:04:51:45 -0500] "GET /BLA/boletinlegal/js/jquery.scrollShow.js HTTP/1.1" 200 4586
178.202.254.209 - - [08/Jan/2015:04:51:45 -0500] "GET /galeria/carrusel/Carrusel/jquery-ui-1.8.13.custom.min.js HTTP/1.1" 200 10800
178.202.254.209 - - [08/Jan/2015:04:51:49 -0500] "GET /galeria/nivo-slider/demo/demo.html HTTP/1.1" 200 3150
178.202.254.209 - - [08/Jan/2015:04:51:50 -0500] "GET /galeria/nivo-slider/themes/default/default.css HTTP/1.1" 200 1569
178.202.254.209 - - [08/Jan/2015:04:51:50 -0500] "GET /galeria/nivo-slider/themes/pascal/pascal.css HTTP/1.1" 200 2258
178.202.254.209 - - [08/Jan/2015:04:51:50 -0500] "GET /galeria/nivo-slider/themes/orman/orman.css HTTP/1.1" 200 2152
178.202.254.209 - - [08/Jan/2015:04:51:50 -0500] "GET /galeria/nivo-slider/demo/style.css HTTP/1.1" 200 2222
178.202.254.209 - - [08/Jan/2015:04:51:50 -0500] "GET /galeria/nivo-slider/nivo-slider.css HTTP/1.1" 200 1507
178.202.254.209 - - [08/Jan/2015:04:51:50 -0500] "GET /galeria/nivo-slider/demo/scripts/jquery-1.7.1.min.js HTTP/1.1" 200 93868
178.202.254.209 - - [08/Jan/2015:04:51:50 -0500] "GET /galeria/nivo-slider/jquery.nivo.slider.pack.js HTTP/1.1" 200 11561
178.202.254.209 - - [08/Jan/2015:04:51:50 -0500] "GET /galeria/nivo-slider/demo/images/bolsas-08.jpg HTTP/1.1" 200 85589
178.202.254.209 - - [08/Jan/2015:04:51:50 -0500] "GET /galeria/nivo-slider/demo/images/bolsas-06.jpg HTTP/1.1" 200 90982
178.202.254.209 - - [08/Jan/2015:04:51:50 -0500] "GET /galeria/nivo-slider/demo/images/ecolecta-Dic2014.png HTTP/1.1" 200 288593
178.202.254.209 - - [08/Jan/2015:04:51:50 -0500] "GET /galeria/nivo-slider/demo/images/Ruta-vertimientos-01.jpg HTTP/1.1" 200 130151
178.202.254.209 - - [08/Jan/2015:04:51:50 -0500] "GET /galeria/nivo-slider/demo/images/porloshumedales.jpg HTTP/1.1" 200 351238
178.202.254.209 - - [08/Jan/2015:04:51:51 -0500] "GET /galeria/nivo-slider/demo/images/Tingua-azul.jpg HTTP/1.1" 200 307638
178.202.254.209 - - [08/Jan/2015:04:51:52 -0500] "GET /galeria/nivo-slider/demo/images/banner-redes.jpg HTTP/1.1" 200 62209
178.202.254.209 - - [08/Jan/2015:04:51:52 -0500] "GET /galeria/nivo-slider/demo/images/Banner-Caracol-Africano.jpg HTTP/1.1" 200 331986
178.202.254.209 - - [08/Jan/2015:04:51:52 -0500] "GET /galeria/nivo-slider/demo/images/9Signos.jpg HTTP/1.1" 200 93040
178.202.254.209 - - [08/Jan/2015:04:51:52 -0500] "GET /galeria/nivo-slider/demo/images/banner-llantas2.jpg HTTP/1.1" 200 73153
178.202.254.209 - - [08/Jan/2015:04:51:52 -0500] "GET /galeria/nivo-slider/demo/images/banner-caballos.png HTTP/1.1" 200 389106
178.202.254.209 - - [08/Jan/2015:04:51:52 -0500] "GET /galeria/nivo-slider/demo/images/4Simple_Slider.png HTTP/1.1" 200 11722
178.202.254.209 - - [08/Jan/2015:04:51:53 -0500] "GET /galeria/nivo-slider/themes/default/loading.gif HTTP/1.1" 200 1737
178.202.254.209 - - [08/Jan/2015:04:51:55 -0500] "GET /galeria/nivo-slider/themes/default/bullets.png HTTP/1.1" 200 1281
178.202.254.209 - - [08/Jan/2015:04:51:55 -0500] "GET /galeria/nivo-slider/themes/default/arrows.png HTTP/1.1" 200 824
178.202.254.209 - - [08/Jan/2015:04:51:56 -0500] "GET /videos/Spot_CambioClimatico.flv HTTP/1.1" 200 4371917
188.165.15.209 - - [08/Jan/2015:04:52:31 -0500] "GET /BLA/resoluciones/RESOLUCIONES%202005/RES%202005%201751-1800/00001800.tif HTTP/1.1" 200 164438
188.165.15.196 - - [08/Jan/2015:04:52:41 -0500] "GET /BLA/resoluciones/RESOLUCIONES%202004/RES%202004%202101-2150/00002126.tif HTTP/1.1" 200 52414
74.86.158.107 - - [08/Jan/2015:04:52:48 -0500] "HEAD / HTTP/1.1" 302 -
66.249.67.75 - - [08/Jan/2015:04:53:14 -0500] "GET /BLA/resoluciones/RESOLUCIONES%202011/4125.pdf HTTP/1.1" 200 391570
66.249.67.83 - - [08/Jan/2015:04:53:20 -0500] "GET /BLA/resoluciones/AUTOS%202006/AUTOS%202006%202101%20-%202200/00002180.tif HTTP/1.1" 200 61334
188.165.15.27 - - [08/Jan/2015:04:53:53 -0500] "GET /BLA/boletinlegal/normativa.php HTTP/1.1" 200 6978
188.165.15.110 - - [08/Jan/2015:04:54:40 -0500] "GET /BLA/resoluciones/RESOLUCIONES%202005/RES%202005%20801-850/00000841.tif HTTP/1.1" 200 137536
66.249.67.67 - - [08/Jan/2015:04:54:50 -0500] "GET /BLA/resoluciones/RESOLUCIONES%202008/2026.pdf HTTP/1.1" 200 198892
188.165.15.177 - - [08/Jan/2015:04:55:29 -0500] "GET /BLA/resoluciones/RESOLUCIONES%202005/RES%202005%202601-2650/00002627.tif HTTP/1.1" 200 228040
66.249.67.83 - - [08/Jan/2015:04:55:39 -0500] "GET /BLA/boletinlegal/js/jquery.js HTTP/1.1" 304 -
66.249.67.75 - - [08/Jan/2015:04:55:39 -0500] "GET /BLA/boletinlegal/js/jquery.scrollShow.js HTTP/1.1" 200 4586
