!C99Shell v. 1.0 pre-release build #13!

Software: Apache. PHP/5.5.15 

uname -a: Windows NT SVR-DMZ 6.1 build 7600 (Windows Server 2008 R2 Enterprise Edition) i586 

SYSTEM 

Safe-mode: OFF (not secure)

E:\nuevo\apache\logs\   drwxrwxrwx
Free 9.41 GB of 239.26 GB (3.93%)
Detected drives: [ a ] [ c ] [ d ] [ e ] [ f ]
Home    Back    Forward    UPDIR    Refresh    Search    Buffer    Encoder    Tools    Proc.    FTP brute    Sec.    SQL    PHP-code    Update    Feedback    Self remove    Logout    


Viewing file:     access.2015.01.08.log (9.54 MB)      -rw-rw-rw-
Select action/file-type:
(+) | (+) | (+) | Code (+) | Session (+) | (+) | SDB (+) | (+) | (+) | (+) | (+) | (+) |
188.165.15.94 - - [08/Jan/2015:00:00:44 -0500] "GET /BLA/resoluciones/RESOLUCIONES%202003/RES%202003%201701-1750/20031717.tif HTTP/1.1" 200 72188
66.249.67.103 - - [08/Jan/2015:00:00:45 -0500] "GET /ecodirectorio/files/res/pages/page_0035.swf HTTP/1.1" 200 148454
180.76.6.148 - - [08/Jan/2015:00:00:59 -0500] "GET /BLA/resoluciones/index.php?dir=RESOLUCIONES%202007/RES%202007%203701%20AL%203800/&sort=date&order=desc HTTP/1.1" 200 26850
186.145.60.179 - - [08/Jan/2015:00:01:32 -0500] "GET /isolucionsda/NoConformidadISOlucion.asp?Id_NoConformidad=666&CodtipoNoConf=4 HTTP/1.1" 200 48298
180.76.5.69 - - [08/Jan/2015:00:01:38 -0500] "GET /BLA/boletinlegal;jsessionid=E0A1BD2579B9E1EEDDF47D72288C3C67?/? HTTP/1.1" 404 1018
186.82.109.159 - - [08/Jan/2015:00:01:59 -0500] "GET /BLA/boletinlegal/js/jquery.scrollTo-min.js HTTP/1.1" 200 1150
186.82.109.159 - - [08/Jan/2015:00:01:59 -0500] "GET /BLA/boletinlegal/js/jquery.scrollShow.js HTTP/1.1" 200 4586
186.82.109.159 - - [08/Jan/2015:00:01:59 -0500] "GET /BLA/boletinlegal/js/jquery.js HTTP/1.1" 200 57254
66.249.67.103 - - [08/Jan/2015:00:02:21 -0500] "GET /PORTAL_SIAC/swf/Residuos/impresion/files/guia_impresion-lit.pdf HTTP/1.1" 200 12573981
190.84.147.98 - - [07/Jan/2015:23:57:41 -0500] "GET /videos/CRRFFS.mp4 HTTP/1.1" 200 286784363
74.86.158.107 - - [08/Jan/2015:00:02:49 -0500] "HEAD / HTTP/1.1" 302 -
180.76.6.148 - - [08/Jan/2015:00:02:56 -0500] "GET /BLA/resoluciones/RESOLUCIONES%202009/2168.pdf HTTP/1.1" 200 831907
66.249.67.103 - - [08/Jan/2015:00:03:58 -0500] "GET /PruebasSTORM/StormSDA_pruebas/userFiles/user_files/formulas/3/693.xml HTTP/1.1" 200 967
188.165.15.138 - - [08/Jan/2015:00:04:33 -0500] "GET /BLA/resoluciones/RESOLUCIONES%202006/RES%202006%201601-1650/00001630.tif HTTP/1.1" 200 94708
188.165.15.97 - - [08/Jan/2015:00:04:47 -0500] "GET /BLA/resoluciones/RESOLUCIONES%202004/RES%202004%201351-1400/00001382.tif HTTP/1.1" 200 108478
66.249.67.75 - - [08/Jan/2015:00:05:15 -0500] "GET /visorSDA/js/esri_window.js HTTP/1.1" 200 14114
66.249.67.67 - - [08/Jan/2015:00:05:16 -0500] "GET /visorSDA/js/esri_toolbar.js HTTP/1.1" 200 16912
66.249.67.67 - - [08/Jan/2015:00:05:17 -0500] "GET /visorSDA/js/resource.js HTTP/1.1" 200 819
66.249.67.67 - - [08/Jan/2015:00:05:20 -0500] "GET /BLA/resoluciones/AUTOS%202006/AUTOS%202006%203301%20-%203418/00003324.tif HTTP/1.1" 200 54842
180.76.5.27 - - [08/Jan/2015:00:05:34 -0500] "GET /BLA/boletinlegal;jsessionid=71E45801CE949012276EF36CFF6FF7CA?/? HTTP/1.1" 404 1018
66.249.67.83 - - [08/Jan/2015:00:05:34 -0500] "GET /BLA/resoluciones/RESOLUCIONES%202011/3658.pdf HTTP/1.1" 200 550648
188.165.15.177 - - [08/Jan/2015:00:05:47 -0500] "GET /BLA/resoluciones/RESOLUCIONES%202005/RES%202005%202151-2200/00002178.tif HTTP/1.1" 200 225488
190.159.130.79 - - [08/Jan/2015:00:06:13 -0500] "GET /BLA/boletinlegal/js/jquery.js HTTP/1.1" 200 57254
190.159.130.79 - - [08/Jan/2015:00:06:13 -0500] "GET /BLA/boletinlegal/js/jquery.scrollShow.js HTTP/1.1" 200 4586
190.159.130.79 - - [08/Jan/2015:00:06:13 -0500] "GET /BLA/boletinlegal/js/jquery.scrollTo-min.js HTTP/1.1" 200 1150
190.159.130.79 - - [08/Jan/2015:00:06:13 -0500] "GET /galeria/carrusel/Carrusel/jquery.thumbnailScroller.css HTTP/1.1" 200 2066
190.159.130.79 - - [08/Jan/2015:00:06:13 -0500] "GET /galeria/carrusel/Carrusel/jquery-ui-1.8.13.custom.min.js HTTP/1.1" 200 10800
190.159.130.79 - - [08/Jan/2015:00:06:13 -0500] "GET /galeria/carrusel/Carrusel/jquery.thumbnailScroller.js HTTP/1.1" 200 8157
190.159.130.79 - - [08/Jan/2015:00:06:15 -0500] "GET /galeria/nivo-slider/demo/demo.html HTTP/1.1" 200 3150
190.159.130.79 - - [08/Jan/2015:00:06:16 -0500] "GET /galeria/nivo-slider/themes/default/default.css HTTP/1.1" 200 1569
190.159.130.79 - - [08/Jan/2015:00:06:16 -0500] "GET /galeria/nivo-slider/themes/pascal/pascal.css HTTP/1.1" 200 2258
190.159.130.79 - - [08/Jan/2015:00:06:16 -0500] "GET /galeria/nivo-slider/themes/orman/orman.css HTTP/1.1" 200 2152
190.159.130.79 - - [08/Jan/2015:00:06:16 -0500] "GET /galeria/nivo-slider/nivo-slider.css HTTP/1.1" 200 1507
190.159.130.79 - - [08/Jan/2015:00:06:16 -0500] "GET /galeria/nivo-slider/demo/style.css HTTP/1.1" 200 2222
190.159.130.79 - - [08/Jan/2015:00:06:16 -0500] "GET /galeria/nivo-slider/demo/images/Ruta-vertimientos-01.jpg HTTP/1.1" 200 130151
190.159.130.79 - - [08/Jan/2015:00:06:16 -0500] "GET /galeria/nivo-slider/demo/images/bolsas-08.jpg HTTP/1.1" 200 85589
190.159.130.79 - - [08/Jan/2015:00:06:16 -0500] "GET /galeria/nivo-slider/demo/images/ecolecta-Dic2014.png HTTP/1.1" 200 288593
190.159.130.79 - - [08/Jan/2015:00:06:16 -0500] "GET /galeria/nivo-slider/demo/images/bolsas-06.jpg HTTP/1.1" 200 90982
190.159.130.79 - - [08/Jan/2015:00:06:16 -0500] "GET /galeria/nivo-slider/demo/images/porloshumedales.jpg HTTP/1.1" 200 351238
190.159.130.79 - - [08/Jan/2015:00:06:16 -0500] "GET /galeria/nivo-slider/demo/images/Tingua-azul.jpg HTTP/1.1" 200 307638
190.159.130.79 - - [08/Jan/2015:00:06:16 -0500] "GET /galeria/nivo-slider/demo/images/Banner-Caracol-Africano.jpg HTTP/1.1" 200 331986
188.165.15.209 - - [08/Jan/2015:00:06:34 -0500] "GET /BLA/resoluciones/RESOLUCIONES%202006/RES%202006%20801-850/00000847.tif HTTP/1.1" 200 255160
188.165.15.97 - - [08/Jan/2015:00:06:35 -0500] "GET /BLA/resoluciones/index.php?dir=RESOLUCIONES%202006/RES%202006%202701-2750/&sort=name&order=desc HTTP/1.1" 200 12366
66.249.67.75 - - [08/Jan/2015:00:07:10 -0500] "GET /BLA/resoluciones/AUTOS%202008/2983.pdf HTTP/1.1" 200 108515
74.86.158.107 - - [08/Jan/2015:00:07:49 -0500] "HEAD / HTTP/1.1" 302 -
188.165.15.195 - - [08/Jan/2015:00:08:00 -0500] "GET /BLA/resoluciones/RESOLUCIONES%202002/RES%202002%20101-150/2002RES121.tif HTTP/1.1" 200 111656
186.145.60.179 - - [08/Jan/2015:00:08:43 -0500] "GET /isolucionsda/g/Bot_GlosarioOver.jpg HTTP/1.1" 200 1948
186.145.60.179 - - [08/Jan/2015:00:08:46 -0500] "GET /isolucionsda/NoConformidadISOlucion.asp?Id_NoConformidad=665&CodtipoNoConf=4 HTTP/1.1" 200 47380
66.249.67.67 - - [08/Jan/2015:00:08:47 -0500] "GET /BLA/resoluciones/AUTOS%202009/1934.pdf HTTP/1.1" 200 153960
190.159.130.79 - - [08/Jan/2015:00:08:52 -0500] "GET /galeria/nivo-slider/demo/images/bolsas-06.jpg HTTP/1.1" 206 1
190.159.130.79 - - [08/Jan/2015:00:08:52 -0500] "GET /galeria/nivo-slider/demo/images/Ruta-vertimientos-01.jpg HTTP/1.1" 206 1
190.159.130.79 - - [08/Jan/2015:00:08:52 -0500] "GET /galeria/nivo-slider/demo/images/porloshumedales.jpg HTTP/1.1" 206 1
190.159.130.79 - - [08/Jan/2015:00:08:52 -0500] "GET /galeria/nivo-slider/demo/images/Banner-Caracol-Africano.jpg HTTP/1.1" 200 331986
190.159.130.79 - - [08/Jan/2015:00:08:52 -0500] "GET /galeria/nivo-slider/demo/images/bolsas-06.jpg HTTP/1.1" 206 15335
190.159.130.79 - - [08/Jan/2015:00:08:52 -0500] "GET /galeria/nivo-slider/demo/images/ecolecta-Dic2014.png HTTP/1.1" 206 1
190.159.130.79 - - [08/Jan/2015:00:08:52 -0500] "GET /galeria/nivo-slider/demo/images/Tingua-azul.jpg HTTP/1.1" 206 1
190.159.130.79 - - [08/Jan/2015:00:08:52 -0500] "GET /galeria/nivo-slider/demo/images/Ruta-vertimientos-01.jpg HTTP/1.1" 206 60345
190.159.130.79 - - [08/Jan/2015:00:08:52 -0500] "GET /galeria/nivo-slider/demo/images/porloshumedales.jpg HTTP/1.1" 206 315013
190.159.130.79 - - [08/Jan/2015:00:08:52 -0500] "GET /galeria/nivo-slider/demo/images/ecolecta-Dic2014.png HTTP/1.1" 206 252367
190.159.130.79 - - [08/Jan/2015:00:08:52 -0500] "GET /galeria/nivo-slider/demo/images/Tingua-azul.jpg HTTP/1.1" 206 271413
190.159.130.79 - - [08/Jan/2015:00:08:52 -0500] "GET /galeria/nivo-slider/demo/images/banner-redes.jpg HTTP/1.1" 200 62209
190.159.130.79 - - [08/Jan/2015:00:08:53 -0500] "GET /galeria/nivo-slider/demo/images/9Signos.jpg HTTP/1.1" 200 93040
190.159.130.79 - - [08/Jan/2015:00:08:53 -0500] "GET /galeria/nivo-slider/demo/images/banner-llantas2.jpg HTTP/1.1" 200 73153
190.159.130.79 - - [08/Jan/2015:00:08:53 -0500] "GET /galeria/nivo-slider/demo/images/banner-caballos.png HTTP/1.1" 200 389106
190.159.130.79 - - [08/Jan/2015:00:08:54 -0500] "GET /galeria/nivo-slider/demo/scripts/jquery-1.7.1.min.js HTTP/1.1" 200 93868
190.159.130.79 - - [08/Jan/2015:00:08:54 -0500] "GET /galeria/nivo-slider/jquery.nivo.slider.pack.js HTTP/1.1" 200 11561
190.159.130.79 - - [08/Jan/2015:00:08:55 -0500] "GET /galeria/nivo-slider/demo/images/4Simple_Slider.png HTTP/1.1" 200 11722
190.159.130.79 - - [08/Jan/2015:00:08:55 -0500] "GET /galeria/nivo-slider/themes/default/loading.gif HTTP/1.1" 200 1737
190.159.130.79 - - [08/Jan/2015:00:08:55 -0500] "GET /galeria/nivo-slider/themes/default/arrows.png HTTP/1.1" 200 824
190.159.130.79 - - [08/Jan/2015:00:08:55 -0500] "GET /galeria/nivo-slider/themes/default/bullets.png HTTP/1.1" 200 1281
181.69.161.108 - - [08/Jan/2015:00:09:28 -0500] "GET /BLA/boletinlegal/js/jquery.js HTTP/1.1" 200 57254
181.69.161.108 - - [08/Jan/2015:00:09:28 -0500] "GET /BLA/boletinlegal/js/jquery.scrollTo-min.js HTTP/1.1" 200 1150
181.69.161.108 - - [08/Jan/2015:00:09:28 -0500] "GET /BLA/boletinlegal/js/jquery.scrollShow.js HTTP/1.1" 200 4586
186.84.43.12 - - [08/Jan/2015:00:10:18 -0500] "GET /Report2/login.do HTTP/1.1" 503 1124
186.84.43.12 - - [08/Jan/2015:00:10:20 -0500] "GET /favicon.ico HTTP/1.1" 200 7782
186.84.43.12 - - [08/Jan/2015:00:10:22 -0500] "GET /Report2/login.do HTTP/1.1" 503 1124
66.249.67.83 - - [08/Jan/2015:00:10:23 -0500] "GET /BLA/resoluciones/AUTOS%202009/0038.pdf HTTP/1.1" 200 107023
180.76.5.57 - - [08/Jan/2015:00:10:49 -0500] "GET /BLA/boletinlegal;jsessionid=E80CB87DFA5675CD7CB21581ADAEA1F9?/? HTTP/1.1" 404 1018
188.165.15.97 - - [08/Jan/2015:00:11:10 -0500] "GET /BLA/resoluciones/RESOLUCIONES%202002/RES%202002%201601-1650/20021632.tif HTTP/1.1" 200 86226
157.55.39.156 - - [08/Jan/2015:00:11:33 -0500] "GET /dama/libreria/php/frame_detalle.php?h_id=753 HTTP/1.1" 404 1019
66.249.67.75 - - [08/Jan/2015:00:11:42 -0500] "GET /BLA/resoluciones/RESOLUCIONES%202010/7779.pdf HTTP/1.1" 200 176839
66.249.67.67 - - [08/Jan/2015:00:11:59 -0500] "GET /BLA/resoluciones/RESOLUCIONES%202009/9242.pdf HTTP/1.1" 200 495905
66.249.67.75 - - [08/Jan/2015:00:12:00 -0500] "GET /BLA/resoluciones/AUTOS%202009/0052.pdf HTTP/1.1" 200 87528
186.145.60.179 - - [08/Jan/2015:00:12:29 -0500] "GET /isolucionsda/NoConformidadISOlucion.asp?Id_NoConformidad=664&CodtipoNoConf=4 HTTP/1.1" 200 48797
74.86.158.107 - - [08/Jan/2015:00:12:49 -0500] "HEAD / HTTP/1.1" 302 -
66.249.67.83 - - [08/Jan/2015:00:13:36 -0500] "GET /BLA/resoluciones/AUTOS%202009/0892.pdf HTTP/1.1" 200 122286
186.145.60.179 - - [08/Jan/2015:00:13:45 -0500] "GET /isolucionsda/g/Bot_HomeOver.jpg HTTP/1.1" 200 1879
186.145.60.179 - - [08/Jan/2015:00:13:48 -0500] "GET /isolucionsda/NoConformidadISOlucion.asp?Id_NoConformidad=665&CodtipoNoConf=4 HTTP/1.1" 200 47380
66.249.67.75 - - [08/Jan/2015:00:13:59 -0500] "GET /BLA/resoluciones/AUTOS%202009/2941.pdf HTTP/1.1" 200 177825
188.165.15.177 - - [08/Jan/2015:00:14:43 -0500] "GET /BLA/resoluciones/RESOLUCIONES%202002/RES%202002%201601-1650/20021637.tif HTTP/1.1" 200 123904
186.145.60.179 - - [08/Jan/2015:00:14:49 -0500] "GET /isolucionsda/NoConformidadISOlucion.asp?Id_NoConformidad=664&CodtipoNoConf=4 HTTP/1.1" 200 48797
66.249.67.75 - - [08/Jan/2015:00:15:13 -0500] "GET /BLA/resoluciones/AUTOS%202009/3195.pdf HTTP/1.1" 200 173459
180.76.5.71 - - [08/Jan/2015:00:15:55 -0500] "GET /BLA/boletinlegal;jsessionid=4DA1EDDF7C399B70D29F0A54C6B815B4?/? HTTP/1.1" 404 1018
186.145.60.179 - - [08/Jan/2015:00:16:13 -0500] "GET /isolucionsda/g/Bot_AyudaOver.jpg HTTP/1.1" 200 1659
186.145.60.179 - - [08/Jan/2015:00:16:13 -0500] "GET /isolucionsda/g/Bot_GlosarioOver.jpg HTTP/1.1" 200 1948
186.145.60.179 - - [08/Jan/2015:00:16:17 -0500] "GET /isolucionsda/NoConformidadISOlucion.asp?Id_NoConformidad=663&CodtipoNoConf=4 HTTP/1.1" 200 47080
180.76.6.213 - - [08/Jan/2015:00:16:34 -0500] "GET /BLA/resoluciones/RESOLUCIONES%202008/4241.pdf HTTP/1.1" 200 212344
186.145.60.179 - - [08/Jan/2015:00:16:40 -0500] "GET /isolucionsda/g/Bot_HomeOver.jpg HTTP/1.1" 200 1879
66.249.67.67 - - [08/Jan/2015:00:16:49 -0500] "GET /BLA/resoluciones/AUTOS%202009/2188.pdf HTTP/1.1" 200 334590
220.181.108.87 - - [08/Jan/2015:00:16:53 -0500] "GET / HTTP/1.1" 302 -
188.165.15.90 - - [08/Jan/2015:00:16:55 -0500] "GET /BLA/resoluciones/RESOLUCIONES%202005/RES%202005%20451-500/00000472.tif HTTP/1.1" 200 477088
186.118.124.88 - - [08/Jan/2015:00:17:45 -0500] "GET /BLA/resoluciones/AUTOS%202010/6579.pdf HTTP/1.1" 200 149497
186.118.124.88 - - [08/Jan/2015:00:17:46 -0500] "GET /BLA/resoluciones/AUTOS%202010/6579.pdf HTTP/1.1" 200 149497
74.86.158.107 - - [08/Jan/2015:00:17:49 -0500] "HEAD / HTTP/1.1" 302 -
186.118.124.88 - - [08/Jan/2015:00:18:04 -0500] "GET /BLA/resoluciones/RESOLUCIONES%202013/0919.pdf HTTP/1.1" 200 1015559
186.118.124.88 - - [08/Jan/2015:00:18:06 -0500] "GET /BLA/resoluciones/RESOLUCIONES%202013/0919.pdf HTTP/1.1" 200 1015559
66.249.67.75 - - [08/Jan/2015:00:18:25 -0500] "GET /BLA/resoluciones/AUTOS%202008/2282.pdf HTTP/1.1" 200 101029
188.165.15.94 - - [08/Jan/2015:00:18:34 -0500] "GET /BLA/resoluciones/RESOLUCIONES%202005/RES%202005%2051-100/00000061.tif HTTP/1.1" 200 143176
188.165.15.214 - - [08/Jan/2015:00:18:56 -0500] "GET /BLA/resoluciones/index.php?dir=Notificaciones/&sort=date&order=asc HTTP/1.1" 200 3221
66.249.67.83 - - [08/Jan/2015:00:20:02 -0500] "GET /BLA/resoluciones/AUTOS%202008/1034.pdf HTTP/1.1" 200 111218
123.125.71.15 - - [08/Jan/2015:00:21:08 -0500] "GET / HTTP/1.1" 302 -
186.47.141.3 - - [08/Jan/2015:00:21:20 -0500] "GET /BLA/boletinlegal/js/jquery.js HTTP/1.1" 200 57254
186.47.141.3 - - [08/Jan/2015:00:21:20 -0500] "GET /BLA/boletinlegal/js/jquery.scrollTo-min.js HTTP/1.1" 200 1150
186.47.141.3 - - [08/Jan/2015:00:21:20 -0500] "GET /BLA/boletinlegal/js/jquery.scrollShow.js HTTP/1.1" 200 4586
66.249.67.75 - - [08/Jan/2015:00:21:38 -0500] "GET /BLA/resoluciones/AUTOS%202009/3565.pdf HTTP/1.1" 200 218757
190.27.120.57 - - [08/Jan/2015:00:22:19 -0500] "GET /videos/galeria-fotografica/index15.html? HTTP/1.1" 200 1971
190.27.120.57 - - [08/Jan/2015:00:22:19 -0500] "GET /videos/galeria-fotografica/js/jquery-flickr-gallery/jquery-flickr.css HTTP/1.1" 200 711
190.27.120.57 - - [08/Jan/2015:00:22:19 -0500] "GET /videos/galeria-fotografica/js/jquery-flickr-gallery/jquery-flickr-gallery.js HTTP/1.1" 200 9050
190.27.120.57 - - [08/Jan/2015:00:22:23 -0500] "GET /videos/galeria-fotografica/js/jquery-flickr-gallery/loader.gif HTTP/1.1" 200 2129
186.145.60.179 - - [08/Jan/2015:00:22:44 -0500] "POST /isolucionsda/FiltroNoConformidades.asp?buscar=&paginaactual=2 HTTP/1.1" 200 44964
186.145.60.179 - - [08/Jan/2015:00:22:47 -0500] "GET /isolucionsda/NoConformidadISOlucion.asp?Id_NoConformidad=401&CodtipoNoConf=4 HTTP/1.1" 200 51717
74.86.158.107 - - [08/Jan/2015:00:22:49 -0500] "HEAD / HTTP/1.1" 302 -
190.27.120.57 - - [08/Jan/2015:00:23:06 -0500] "GET /BLA/boletinlegal/js/jquery.js HTTP/1.1" 200 57254
190.27.120.57 - - [08/Jan/2015:00:23:06 -0500] "GET /BLA/boletinlegal/js/jquery.scrollTo-min.js HTTP/1.1" 200 1150
190.27.120.57 - - [08/Jan/2015:00:23:06 -0500] "GET /BLA/boletinlegal/js/jquery.scrollShow.js HTTP/1.1" 200 4586
66.249.67.67 - - [08/Jan/2015:00:23:12 -0500] "GET /BLA/resoluciones/AUTOS%202014/0436.pdf HTTP/1.1" 200 433144
66.249.67.67 - - [08/Jan/2015:00:23:15 -0500] "GET /BLA/resoluciones/AUTOS%202009/0526.pdf HTTP/1.1" 304 -
181.69.161.108 - - [08/Jan/2015:00:23:38 -0500] "GET /silvicultura/1.pdf HTTP/1.1" 404 1284
181.69.161.108 - - [08/Jan/2015:00:23:38 -0500] "GET /favicon.ico HTTP/1.1" 200 7782
181.69.161.108 - - [08/Jan/2015:00:23:50 -0500] "GET /silvicultura/1.pdf HTTP/1.1" 404 1284
181.69.161.108 - - [08/Jan/2015:00:24:42 -0500] "GET /silvicultura/5.pdf HTTP/1.1" 404 1284
181.69.161.108 - - [08/Jan/2015:00:24:47 -0500] "GET /silvicultura/6.pdf HTTP/1.1" 404 1284
66.249.67.75 - - [08/Jan/2015:00:24:51 -0500] "GET /BLA/resoluciones/AUTOS%202010/1399.pdf HTTP/1.1" 304 -
181.69.161.108 - - [08/Jan/2015:00:24:52 -0500] "GET /silvicultura/7.pdf HTTP/1.1" 404 1284
66.249.67.75 - - [08/Jan/2015:00:24:56 -0500] "GET /BLA/resoluciones/AUTOS%202006/AUTOS%202006%20601-700/00000698.tif HTTP/1.1" 200 38838
181.69.161.108 - - [08/Jan/2015:00:24:57 -0500] "GET /silvicultura/8.pdf HTTP/1.1" 404 1284
181.69.161.108 - - [08/Jan/2015:00:25:02 -0500] "GET /silvicultura/9.pdf HTTP/1.1" 404 1284
181.69.161.108 - - [08/Jan/2015:00:25:22 -0500] "GET /silvicultura/11.pdf HTTP/1.1" 404 1284
181.69.161.108 - - [08/Jan/2015:00:25:27 -0500] "GET /silvicultura/12.pdf HTTP/1.1" 404 1284
181.69.161.108 - - [08/Jan/2015:00:25:31 -0500] "GET /silvicultura/13.pdf HTTP/1.1" 404 1284
190.28.64.13 - - [08/Jan/2015:00:25:41 -0500] "GET /BLA/boletinlegal/js/jquery.js HTTP/1.1" 200 57254
190.28.64.13 - - [08/Jan/2015:00:25:41 -0500] "GET /BLA/boletinlegal/js/jquery.scrollTo-min.js HTTP/1.1" 200 1150
190.28.64.13 - - [08/Jan/2015:00:25:41 -0500] "GET /BLA/boletinlegal/js/jquery.scrollShow.js HTTP/1.1" 200 4586
188.165.15.90 - - [08/Jan/2015:00:26:11 -0500] "GET /BLA/resoluciones/index.php?dir=RESOLUCIONES%202002/RES%202002%201001-1050/&sort=name&order=desc HTTP/1.1" 200 12609
66.249.67.75 - - [08/Jan/2015:00:26:28 -0500] "GET /BLA/resoluciones/AUTOS%202010/1477.pdf HTTP/1.1" 200 265509
74.86.158.107 - - [08/Jan/2015:00:27:49 -0500] "HEAD / HTTP/1.1" 302 -
66.249.67.67 - - [08/Jan/2015:00:28:04 -0500] "GET /BLA/resoluciones/AUTOS%202008/0728.pdf HTTP/1.1" 200 161340
188.165.15.110 - - [08/Jan/2015:00:28:08 -0500] "GET /BLA/resoluciones/RESOLUCIONES%202005/RES%202005%202101-2150/00002143.tif HTTP/1.1" 200 297522
188.165.15.94 - - [08/Jan/2015:00:29:10 -0500] "GET /BLA/resoluciones/RESOLUCIONES%202006/RES%202006%202351-2400/00002387.tif HTTP/1.1" 200 208590
180.76.5.65 - - [08/Jan/2015:00:29:12 -0500] "GET /BLA/resoluciones/RESOLUCIONES%202008/1945.pdf HTTP/1.1" 200 59196
66.249.67.83 - - [08/Jan/2015:00:29:40 -0500] "GET /BLA/resoluciones/AUTOS%202008/0321.pdf HTTP/1.1" 304 -
180.76.5.81 - - [08/Jan/2015:00:29:51 -0500] "GET /BLA/boletinlegal;jsessionid=162B44E90EC63B634E66A7A8E252F652?/? HTTP/1.1" 404 1018
66.249.67.83 - - [08/Jan/2015:00:31:17 -0500] "GET /BLA/resoluciones/RESOLUCIONES%202009/2212.pdf HTTP/1.1" 200 751843
188.165.15.138 - - [08/Jan/2015:00:32:03 -0500] "GET /BLA/resoluciones/RESOLUCIONES%202002/RES%202002%201601-1650/20021602.tif HTTP/1.1" 200 43190
187.143.65.39 - - [08/Jan/2015:00:32:16 -0500] "GET /BLA/boletinlegal/js/jquery.js HTTP/1.1" 200 57254
187.143.65.39 - - [08/Jan/2015:00:32:16 -0500] "GET /BLA/boletinlegal/js/jquery.scrollTo-min.js HTTP/1.1" 200 1150
187.143.65.39 - - [08/Jan/2015:00:32:16 -0500] "GET /BLA/boletinlegal/js/jquery.scrollShow.js HTTP/1.1" 200 4586
74.86.158.107 - - [08/Jan/2015:00:32:49 -0500] "HEAD / HTTP/1.1" 302 -
66.249.67.75 - - [08/Jan/2015:00:32:53 -0500] "GET /BLA/resoluciones/RESOLUCIONES%202009/0018.pdf HTTP/1.1" 200 239033
66.249.67.67 - - [08/Jan/2015:00:34:08 -0500] "GET /BLA/resoluciones/AUTOS%202006/AUTOS%202006%201701%20-%201800/00001731.tif HTTP/1.1" 200 88952
180.76.5.167 - - [08/Jan/2015:00:34:10 -0500] "GET /BLA/boletinlegal;jsessionid=2CACA3DD358AB18AE3341392E8614C55?/? HTTP/1.1" 404 1018
66.249.67.67 - - [08/Jan/2015:00:34:30 -0500] "GET /BLA/resoluciones/RESOLUCIONES%202011/1596.pdf HTTP/1.1" 200 83923
190.67.147.35 - - [08/Jan/2015:00:35:08 -0500] "GET /BLA/boletinlegal/js/jquery.js HTTP/1.1" 200 57254
190.67.147.35 - - [08/Jan/2015:00:35:08 -0500] "GET /BLA/boletinlegal/js/jquery.scrollTo-min.js HTTP/1.1" 200 1150
190.67.147.35 - - [08/Jan/2015:00:35:08 -0500] "GET /BLA/boletinlegal/js/jquery.scrollShow.js HTTP/1.1" 200 4586
180.153.214.191 - - [08/Jan/2015:00:35:25 -0500] "GET /BLA/boletinlegal/js/jquery.scrollShow.js HTTP/1.1" 200 4586
180.153.214.191 - - [08/Jan/2015:00:35:25 -0500] "GET /BLA/boletinlegal/js/jquery.js HTTP/1.1" 200 57254
180.153.214.191 - - [08/Jan/2015:00:35:25 -0500] "GET /BLA/boletinlegal/js/jquery.scrollTo-min.js HTTP/1.1" 200 1150
66.249.67.83 - - [08/Jan/2015:00:36:06 -0500] "GET /BLA/resoluciones/AUTOS%202010/1158.pdf HTTP/1.1" 200 148674
66.249.67.75 - - [08/Jan/2015:00:36:22 -0500] "GET /BLA/resoluciones/AUTOS%202013/1158.pdf HTTP/1.1" 200 732826
66.249.67.67 - - [08/Jan/2015:00:36:24 -0500] "GET /BLA/resoluciones/AUTOS%202013/0308.pdf HTTP/1.1" 200 2583311
66.249.67.83 - - [08/Jan/2015:00:36:29 -0500] "GET /BLA/resoluciones/AUTOS%202013/2630.pdf HTTP/1.1" 200 330089
66.249.67.75 - - [08/Jan/2015:00:36:30 -0500] "GET /BLA/resoluciones/AUTOS%202013/1851.pdf HTTP/1.1" 200 1042134
66.249.67.83 - - [08/Jan/2015:00:36:32 -0500] "GET /BLA/resoluciones/AUTOS%202013/0572.pdf HTTP/1.1" 200 130805
66.249.67.67 - - [08/Jan/2015:00:36:32 -0500] "GET /BLA/resoluciones/AUTOS%202013/1975.pdf HTTP/1.1" 200 1029423
66.249.67.67 - - [08/Jan/2015:00:36:34 -0500] "GET /BLA/resoluciones/AUTOS%202013/0264.pdf HTTP/1.1" 200 2179465
66.249.67.75 - - [08/Jan/2015:00:36:43 -0500] "GET /BLA/resoluciones/AUTOS%202013/1012.pdf HTTP/1.1" 200 848076
66.249.67.67 - - [08/Jan/2015:00:36:45 -0500] "GET /BLA/resoluciones/AUTOS%202013/1108.pdf HTTP/1.1" 200 783690
180.76.5.167 - - [08/Jan/2015:00:36:52 -0500] "GET /BLA/boletinlegal;jsessionid=A96C4C4AD7C5362BA8E5605296F1A3D3?/? HTTP/1.1" 404 1018
66.249.67.75 - - [08/Jan/2015:00:37:14 -0500] "GET /BLA/resoluciones/AUTOS%202013/2630.pdf HTTP/1.1" 200 330089
186.145.60.179 - - [08/Jan/2015:00:37:15 -0500] "GET /isolucionsda/Session.asp HTTP/1.1" 200 6199
186.145.60.179 - - [08/Jan/2015:00:37:16 -0500] "GET /isolucionsda/FrameSetGeneral.asp?Pagina=Menu.asp&IdModulo=7 HTTP/1.1" 200 6455
186.145.60.179 - - [08/Jan/2015:00:37:16 -0500] "GET /isolucionsda/Encabezado.asp?Pagina=Menu.asp&IdModulo=7 HTTP/1.1" 200 15183
186.145.60.179 - - [08/Jan/2015:00:37:16 -0500] "GET /isolucionsda/BarraTitulos.asp?Pagina=Menu.asp&IdModulo=7 HTTP/1.1" 502 1358
186.145.60.179 - - [08/Jan/2015:00:37:16 -0500] "GET /isolucionsda/BarraFavoritos.asp HTTP/1.1" 200 911
186.145.60.179 - - [08/Jan/2015:00:37:16 -0500] "GET /isolucionsda/Menu.asp?Pagina=Menu.asp&IdModulo=7 HTTP/1.1" 200 30437
186.145.60.179 - - [08/Jan/2015:00:37:16 -0500] "GET /isolucionsda/Session.asp?Continue=1 HTTP/1.1" 200 6196
186.145.60.179 - - [08/Jan/2015:00:37:19 -0500] "GET /isolucionsda/FrameSetGeneral.asp?Pagina=FiltroNoConformidades.asp&Estado=Abiertas&PintarAuditorias=SI&EsAbierta=1&ConMenu=NO HTTP/1.1" 200 6667
186.145.60.179 - - [08/Jan/2015:00:37:20 -0500] "GET /isolucionsda/Encabezado.asp?Pagina=FiltroNoConformidades.asp&Estado=Abiertas&PintarAuditorias=SI&EsAbierta=1&ConMenu=NO HTTP/1.1" 200 15158
186.145.60.179 - - [08/Jan/2015:00:37:20 -0500] "GET /isolucionsda/BarraTitulos.asp?Pagina=FiltroNoConformidades.asp&Estado=Abiertas&PintarAuditorias=SI&EsAbierta=1&ConMenu=NO HTTP/1.1" 200 6865
186.145.60.179 - - [08/Jan/2015:00:37:20 -0500] "GET /isolucionsda/BarraFavoritos.asp HTTP/1.1" 200 911
186.145.60.179 - - [08/Jan/2015:00:37:20 -0500] "GET /isolucionsda/Session.asp?Continue=1 HTTP/1.1" 200 6196
186.145.60.179 - - [08/Jan/2015:00:37:20 -0500] "GET /isolucionsda/FiltroNoConformidades.asp?Pagina=FiltroNoConformidades.asp&Estado=Abiertas&PintarAuditorias=SI&EsAbierta=1&ConMenu=NO HTTP/1.1" 200 52515
186.145.60.179 - - [08/Jan/2015:00:37:26 -0500] "POST /isolucionsda/FiltroNoConformidades.asp?buscar=&paginaactual=2 HTTP/1.1" 200 52956
186.145.60.179 - - [08/Jan/2015:00:37:32 -0500] "POST /isolucionsda/FiltroNoConformidades.asp?buscar=&paginaactual=3 HTTP/1.1" 200 53491
186.145.60.179 - - [08/Jan/2015:00:37:39 -0500] "GET /isolucionsda/Jerarquia.asp?Tabla=Proceso&Form=Filtro&CampoDisplay=CodProcesoDisplayObjetoProceso&CampoHidden=CodProceso&bSubmit=True&items= HTTP/1.1" 200 10466
207.46.13.139 - - [08/Jan/2015:00:37:40 -0500] "GET /dama/libreria/pdf/pigas/piga%20DAMA/cronograma.pdf HTTP/1.1" 404 1019
186.145.60.179 - - [08/Jan/2015:00:37:43 -0500] "POST /isolucionsda/Jerarquia.asp HTTP/1.1" 200 7990
66.249.67.67 - - [08/Jan/2015:00:37:43 -0500] "GET /BLA/resoluciones/RESOLUCIONES%202007/RES%202007%20501%20AL%20600/RESOLUCION%200553%20DE%202007.pdf HTTP/1.1" 200 557963
186.145.60.179 - - [08/Jan/2015:00:37:43 -0500] "POST /isolucionsda/FiltroNoConformidades.asp?Usuario= HTTP/1.1" 200 50956
186.145.60.179 - - [08/Jan/2015:00:37:45 -0500] "GET /isolucionsda/NoConformidadISOlucion.asp?Id_NoConformidad=637&CodtipoNoConf=4 HTTP/1.1" 200 47543
74.86.158.107 - - [08/Jan/2015:00:37:49 -0500] "HEAD / HTTP/1.1" 302 -
181.207.26.168 - - [08/Jan/2015:00:38:26 -0500] "GET /BLA/boletinlegal/js/jquery.js HTTP/1.1" 200 57254
181.207.26.168 - - [08/Jan/2015:00:38:26 -0500] "GET /BLA/boletinlegal/js/jquery.scrollShow.js HTTP/1.1" 200 4586
181.207.26.168 - - [08/Jan/2015:00:38:26 -0500] "GET /BLA/boletinlegal/js/jquery.scrollTo-min.js HTTP/1.1" 200 1150
181.207.26.168 - - [08/Jan/2015:00:38:27 -0500] "GET /galeria/carrusel/Carrusel/jquery.thumbnailScroller.js HTTP/1.1" 200 8157
181.207.26.168 - - [08/Jan/2015:00:38:27 -0500] "GET /galeria/carrusel/Carrusel/jquery.thumbnailScroller.css HTTP/1.1" 200 2066
181.207.26.168 - - [08/Jan/2015:00:38:27 -0500] "GET /galeria/carrusel/Carrusel/jquery-ui-1.8.13.custom.min.js HTTP/1.1" 200 10800
181.207.26.168 - - [08/Jan/2015:00:38:33 -0500] "GET /galeria/nivo-slider/demo/demo.html HTTP/1.1" 200 3150
181.207.26.168 - - [08/Jan/2015:00:38:34 -0500] "GET /galeria/nivo-slider/demo/images/bolsas-08.jpg HTTP/1.1" 200 85589
181.207.26.168 - - [08/Jan/2015:00:38:34 -0500] "GET /galeria/nivo-slider/demo/images/Ruta-vertimientos-01.jpg HTTP/1.1" 200 130151
181.207.26.168 - - [08/Jan/2015:00:38:34 -0500] "GET /galeria/nivo-slider/nivo-slider.css HTTP/1.1" 200 1507
181.207.26.168 - - [08/Jan/2015:00:38:34 -0500] "GET /galeria/nivo-slider/demo/style.css HTTP/1.1" 200 2222
181.207.26.168 - - [08/Jan/2015:00:38:34 -0500] "GET /galeria/nivo-slider/themes/default/default.css HTTP/1.1" 200 1569
181.207.26.168 - - [08/Jan/2015:00:38:34 -0500] "GET /galeria/nivo-slider/themes/orman/orman.css HTTP/1.1" 200 2152
181.207.26.168 - - [08/Jan/2015:00:38:34 -0500] "GET /galeria/nivo-slider/themes/pascal/pascal.css HTTP/1.1" 200 2258
181.207.26.168 - - [08/Jan/2015:00:38:34 -0500] "GET /galeria/nivo-slider/demo/images/porloshumedales.jpg HTTP/1.1" 200 351238
181.207.26.168 - - [08/Jan/2015:00:38:34 -0500] "GET /galeria/nivo-slider/demo/images/Banner-Caracol-Africano.jpg HTTP/1.1" 200 331986
181.207.26.168 - - [08/Jan/2015:00:38:34 -0500] "GET /galeria/nivo-slider/demo/images/9Signos.jpg HTTP/1.1" 200 93040
181.207.26.168 - - [08/Jan/2015:00:38:34 -0500] "GET /galeria/nivo-slider/demo/scripts/jquery-1.7.1.min.js HTTP/1.1" 200 93868
181.207.26.168 - - [08/Jan/2015:00:38:34 -0500] "GET /galeria/nivo-slider/jquery.nivo.slider.pack.js HTTP/1.1" 200 11561
181.207.26.168 - - [08/Jan/2015:00:38:34 -0500] "GET /galeria/nivo-slider/demo/images/4Simple_Slider.png HTTP/1.1" 200 11722
181.207.26.168 - - [08/Jan/2015:00:38:34 -0500] "GET /galeria/nivo-slider/demo/images/banner-llantas2.jpg HTTP/1.1" 200 73153
181.207.26.168 - - [08/Jan/2015:00:38:34 -0500] "GET /galeria/nivo-slider/demo/images/banner-caballos.png HTTP/1.1" 200 389106
181.207.26.168 - - [08/Jan/2015:00:38:34 -0500] "GET /galeria/nivo-slider/demo/images/banner-redes.jpg HTTP/1.1" 200 62209
181.207.26.168 - - [08/Jan/2015:00:38:34 -0500] "GET /galeria/nivo-slider/demo/images/Tingua-azul.jpg HTTP/1.1" 200 307638
181.207.26.168 - - [08/Jan/2015:00:38:42 -0500] "GET /galeria/nivo-slider/themes/default/loading.gif HTTP/1.1" 200 1737
181.207.26.168 - - [08/Jan/2015:00:38:34 -0500] "GET /galeria/nivo-slider/demo/images/bolsas-06.jpg HTTP/1.1" 200 90982
181.207.26.168 - - [08/Jan/2015:00:38:45 -0500] "GET /galeria/nivo-slider/demo/images/ecolecta-Dic2014.png HTTP/1.1" 200 288593
181.207.26.168 - - [08/Jan/2015:00:38:52 -0500] "GET /galeria/nivo-slider/themes/default/arrows.png HTTP/1.1" 200 824
181.207.26.168 - - [08/Jan/2015:00:38:52 -0500] "GET /galeria/nivo-slider/themes/default/bullets.png HTTP/1.1" 200 1281
180.76.6.66 - - [08/Jan/2015:00:39:09 -0500] "GET /BLA/boletinlegal;jsessionid=85529C1AD31580155F5BDD10404ED630?/? HTTP/1.1" 404 1018
66.249.67.83 - - [08/Jan/2015:00:39:19 -0500] "GET /BLA/resoluciones/RESOLUCIONES%202009/2639.pdf HTTP/1.1" 200 864992
180.76.5.19 - - [08/Jan/2015:00:39:48 -0500] "GET /BLA/boletinlegal;jsessionid=26FDADF1F16C13470D05248443A070CF?/? HTTP/1.1" 404 1018
190.67.147.35 - - [08/Jan/2015:00:39:59 -0500] "GET /dama/libreria/jpg/sec_amb.jpg HTTP/1.0" 404 1019
190.67.147.35 - - [08/Jan/2015:00:40:00 -0500] "GET /dama/libreria/jpg/sec_amb.jpg HTTP/1.0" 404 1019
190.67.147.35 - - [08/Jan/2015:00:40:00 -0500] "GET /dama/libreria/jpg/sec_amb.jpg HTTP/1.0" 404 1019
190.67.147.35 - - [08/Jan/2015:00:40:00 -0500] "GET /dama/libreria/jpg/sec_amb.jpg HTTP/1.0" 404 1019
190.67.147.35 - - [08/Jan/2015:00:40:01 -0500] "GET /dama/libreria/jpg/sec_amb.jpg HTTP/1.0" 404 1019
190.67.147.35 - - [08/Jan/2015:00:40:01 -0500] "GET /dama/libreria/jpg/sec_amb.jpg HTTP/1.0" 404 1019
190.67.147.35 - - [08/Jan/2015:00:40:01 -0500] "GET /dama/libreria/jpg/sec_amb.jpg HTTP/1.0" 404 1019
190.67.147.35 - - [08/Jan/2015:00:40:01 -0500] "GET /dama/libreria/jpg/sec_amb.jpg HTTP/1.0" 404 1019
190.67.147.35 - - [08/Jan/2015:00:40:12 -0500] "GET /dama/libreria/jpg/sec_amb.jpg HTTP/1.1" 404 1019
190.67.147.35 - - [08/Jan/2015:00:40:12 -0500] "GET /dama/libreria/jpg/sec_amb.jpg HTTP/1.1" 404 1019
190.67.147.35 - - [08/Jan/2015:00:40:12 -0500] "GET /dama/libreria/jpg/sec_amb.jpg HTTP/1.1" 404 1019
190.67.147.35 - - [08/Jan/2015:00:40:12 -0500] "GET /dama/libreria/jpg/sec_amb.jpg HTTP/1.1" 404 1019
190.67.147.35 - - [08/Jan/2015:00:40:13 -0500] "GET /dama/libreria/jpg/sec_amb.jpg HTTP/1.1" 404 1019
190.67.147.35 - - [08/Jan/2015:00:40:14 -0500] "GET /dama/libreria/jpg/sec_amb.jpg HTTP/1.1" 404 1019
190.67.147.35 - - [08/Jan/2015:00:40:14 -0500] "GET /dama/libreria/jpg/sec_amb.jpg HTTP/1.1" 404 1019
190.67.147.35 - - [08/Jan/2015:00:40:14 -0500] "GET /dama/libreria/jpg/sec_amb.jpg HTTP/1.1" 404 1019
188.165.15.27 - - [08/Jan/2015:00:40:35 -0500] "GET /BLA/resoluciones/RESOLUCIONES%202004/RES%202004%20701-750/00000730.tif HTTP/1.1" 200 271708
66.249.67.83 - - [08/Jan/2015:00:40:55 -0500] "GET /BLA/resoluciones/RESOLUCIONES%202011/0372.pdf HTTP/1.1" 200 70977
66.249.67.75 - - [08/Jan/2015:00:41:20 -0500] "GET /BLA/resoluciones/AUTOS%202013/1211.pdf HTTP/1.1" 200 200545
66.249.67.75 - - [08/Jan/2015:00:41:21 -0500] "GET /BLA/resoluciones/AUTOS%202013/1221.pdf HTTP/1.1" 200 220055
66.249.67.83 - - [08/Jan/2015:00:42:02 -0500] "GET /BLA/resoluciones/AUTOS%202013/1144.pdf HTTP/1.1" 200 774688
66.249.67.67 - - [08/Jan/2015:00:42:32 -0500] "GET /BLA/resoluciones/AUTOS%202007/3528.pdf HTTP/1.1" 200 404800
188.165.15.214 - - [08/Jan/2015:00:42:36 -0500] "GET /BLA/resoluciones/RESOLUCIONES%202003/RES%202003%201751-1800/20031786.tif HTTP/1.1" 200 59578
74.86.158.107 - - [08/Jan/2015:00:42:49 -0500] "HEAD / HTTP/1.1" 302 -
66.249.67.67 - - [08/Jan/2015:00:42:59 -0500] "GET /BLA/resoluciones/AUTOS%202013/0387.pdf HTTP/1.1" 200 218742
100.43.85.25 - - [08/Jan/2015:00:42:59 -0500] "GET /videos/galeria-cronicas/skin/pink.flag/jplayer.pink.flag.video.play.png HTTP/1.1" 200 17692
188.165.15.195 - - [08/Jan/2015:00:43:02 -0500] "GET /BLA/resoluciones/RESOLUCIONES%202002/RES%202002%201451-1500/20021492.tif HTTP/1.1" 200 37988
66.249.67.67 - - [08/Jan/2015:00:44:08 -0500] "GET /BLA/resoluciones/RESOLUCIONES%202009/4506.pdf HTTP/1.1" 200 527359
66.249.67.67 - - [08/Jan/2015:00:44:24 -0500] "GET /BLA/resoluciones/AUTOS%202013/0504.pdf HTTP/1.1" 200 131669
66.249.67.67 - - [08/Jan/2015:00:44:39 -0500] "GET /BLA/resoluciones/AUTOS%202013/1410.pdf HTTP/1.1" 200 1013011
201.190.107.27 - - [08/Jan/2015:00:44:59 -0500] "GET /BLA/boletinlegal/js/jquery.js HTTP/1.1" 200 57254
201.190.107.27 - - [08/Jan/2015:00:44:59 -0500] "GET /BLA/boletinlegal/js/jquery.scrollTo-min.js HTTP/1.1" 200 1150
201.190.107.27 - - [08/Jan/2015:00:44:59 -0500] "GET /BLA/boletinlegal/js/jquery.scrollShow.js HTTP/1.1" 200 4586
201.190.107.27 - - [08/Jan/2015:00:44:59 -0500] "GET /galeria/carrusel/Carrusel/jquery.thumbnailScroller.css HTTP/1.1" 200 2066
201.190.107.27 - - [08/Jan/2015:00:44:59 -0500] "GET /galeria/carrusel/Carrusel/jquery-ui-1.8.13.custom.min.js HTTP/1.1" 200 10800
201.190.107.27 - - [08/Jan/2015:00:44:59 -0500] "GET /galeria/carrusel/Carrusel/jquery.thumbnailScroller.js HTTP/1.1" 200 8157
201.190.107.27 - - [08/Jan/2015:00:45:00 -0500] "GET /galeria/nivo-slider/demo/demo.html HTTP/1.1" 200 3150
201.190.107.27 - - [08/Jan/2015:00:45:00 -0500] "GET /galeria/nivo-slider/themes/default/default.css HTTP/1.1" 200 1569
201.190.107.27 - - [08/Jan/2015:00:45:00 -0500] "GET /galeria/nivo-slider/themes/pascal/pascal.css HTTP/1.1" 200 2258
201.190.107.27 - - [08/Jan/2015:00:45:00 -0500] "GET /galeria/nivo-slider/themes/orman/orman.css HTTP/1.1" 200 2152
201.190.107.27 - - [08/Jan/2015:00:45:00 -0500] "GET /galeria/nivo-slider/nivo-slider.css HTTP/1.1" 200 1507
201.190.107.27 - - [08/Jan/2015:00:45:00 -0500] "GET /galeria/nivo-slider/demo/style.css HTTP/1.1" 200 2222
201.190.107.27 - - [08/Jan/2015:00:45:00 -0500] "GET /galeria/nivo-slider/demo/scripts/jquery-1.7.1.min.js HTTP/1.1" 200 93868
201.190.107.27 - - [08/Jan/2015:00:45:00 -0500] "GET /galeria/nivo-slider/jquery.nivo.slider.pack.js HTTP/1.1" 200 11561
201.190.107.27 - - [08/Jan/2015:00:45:00 -0500] "GET /galeria/nivo-slider/demo/images/4Simple_Slider.png HTTP/1.1" 200 11722
201.190.107.27 - - [08/Jan/2015:00:45:00 -0500] "GET /galeria/nivo-slider/themes/default/loading.gif HTTP/1.1" 200 1737
201.190.107.27 - - [08/Jan/2015:00:45:01 -0500] "GET /galeria/nivo-slider/demo/images/bolsas-08.jpg HTTP/1.1" 200 85589
201.190.107.27 - - [08/Jan/2015:00:45:01 -0500] "GET /galeria/nivo-slider/demo/images/Ruta-vertimientos-01.jpg HTTP/1.1" 200 130151
201.190.107.27 - - [08/Jan/2015:00:45:01 -0500] "GET /galeria/nivo-slider/demo/images/bolsas-06.jpg HTTP/1.1" 200 90982
201.190.107.27 - - [08/Jan/2015:00:45:01 -0500] "GET /galeria/nivo-slider/demo/images/ecolecta-Dic2014.png HTTP/1.1" 200 288593
201.190.107.27 - - [08/Jan/2015:00:45:02 -0500] "GET /galeria/nivo-slider/demo/images/porloshumedales.jpg HTTP/1.1" 200 351238
201.190.107.27 - - [08/Jan/2015:00:45:02 -0500] "GET /galeria/nivo-slider/demo/images/Tingua-azul.jpg HTTP/1.1" 200 307638
201.190.107.27 - - [08/Jan/2015:00:45:02 -0500] "GET /galeria/nivo-slider/demo/images/Banner-Caracol-Africano.jpg HTTP/1.1" 200 331986
201.190.107.27 - - [08/Jan/2015:00:45:02 -0500] "GET /galeria/nivo-slider/demo/images/banner-redes.jpg HTTP/1.1" 200 62209
201.190.107.27 - - [08/Jan/2015:00:45:02 -0500] "GET /galeria/nivo-slider/demo/images/9Signos.jpg HTTP/1.1" 200 93040
201.190.107.27 - - [08/Jan/2015:00:45:03 -0500] "GET /galeria/nivo-slider/demo/images/banner-llantas2.jpg HTTP/1.1" 200 73153
180.76.5.72 - - [08/Jan/2015:00:45:04 -0500] "GET /BLA/resoluciones/AUTOS%202012/1888.pdf HTTP/1.1" 200 275554
201.190.107.27 - - [08/Jan/2015:00:45:04 -0500] "GET /galeria/nivo-slider/demo/images/banner-caballos.png HTTP/1.1" 200 389106
201.190.107.27 - - [08/Jan/2015:00:45:06 -0500] "GET /videos/Spot_CambioClimatico.flv HTTP/1.1" 200 4371917
201.190.107.27 - - [08/Jan/2015:00:45:07 -0500] "GET /galeria/nivo-slider/themes/default/arrows.png HTTP/1.1" 200 824
201.190.107.27 - - [08/Jan/2015:00:45:07 -0500] "GET /galeria/nivo-slider/themes/default/bullets.png HTTP/1.1" 200 1281
180.76.5.172 - - [08/Jan/2015:00:45:43 -0500] "GET /BLA/boletinlegal/actas/acta%20de%20acuerdo%2001%20adop%20regla%20inter%20CISPAER.pdf HTTP/1.1" 200 837068
66.249.67.83 - - [08/Jan/2015:00:45:45 -0500] "GET /BLA/resoluciones/RESOLUCIONES%202009/2693.pdf HTTP/1.1" 200 422767
186.145.60.179 - - [08/Jan/2015:00:45:47 -0500] "GET /isolucionsda/NoConformidadISOlucion.asp?Id_NoConformidad=636&CodtipoNoConf=4 HTTP/1.1" 200 47941
66.249.67.75 - - [08/Jan/2015:00:46:05 -0500] "GET /BLA/resoluciones/AUTOS%202013/0577.pdf HTTP/1.1" 200 198147
66.249.67.75 - - [08/Jan/2015:00:46:53 -0500] "GET /BLA/resoluciones/AUTOS%202013/1951.pdf HTTP/1.1" 200 419453
66.249.67.83 - - [08/Jan/2015:00:47:21 -0500] "GET /BLA/resoluciones/AUTOS%202009/1598.pdf HTTP/1.1" 304 -
74.86.158.107 - - [08/Jan/2015:00:47:49 -0500] "HEAD / HTTP/1.1" 302 -
180.76.5.143 - - [08/Jan/2015:00:47:49 -0500] "GET /BLA/boletinlegal;jsessionid=F63F73540A565FF2DBC3CE800B88FF7A?/? HTTP/1.1" 404 1018
188.165.15.110 - - [08/Jan/2015:00:48:42 -0500] "GET /BLA/resoluciones/RESOLUCIONES%202002/RES%202002%201351-1400/20021381.tif HTTP/1.1" 200 39750
188.165.15.195 - - [08/Jan/2015:00:48:50 -0500] "GET /BLA/resoluciones/RESOLUCIONES%202003/RES%202003%20951-1000/999.tif HTTP/1.1" 200 101328
66.249.67.67 - - [08/Jan/2015:00:48:57 -0500] "GET /BLA/resoluciones/AUTOS%202011/3203.pdf HTTP/1.1" 200 305387
66.249.67.67 - - [08/Jan/2015:00:49:30 -0500] "GET /BLA/resoluciones/AUTOS%202013/0561.pdf HTTP/1.1" 200 200365
66.249.67.83 - - [08/Jan/2015:00:49:46 -0500] "GET /BLA/resoluciones/AUTOS%202013/2760.pdf HTTP/1.1" 200 3522557
186.145.60.179 - - [08/Jan/2015:00:49:54 -0500] "GET /isolucionsda/NoConformidadISOlucion.asp?Id_NoConformidad=635&CodtipoNoConf=4 HTTP/1.1" 200 47744
188.186.37.244 - - [08/Jan/2015:00:49:58 -0500] "GET / HTTP/1.0" 302 -
66.249.67.83 - - [08/Jan/2015:00:50:00 -0500] "GET /BLA/resoluciones/AUTOS%202013/0521.pdf HTTP/1.1" 200 199340
66.249.67.83 - - [08/Jan/2015:00:50:34 -0500] "GET /BLA/resoluciones/AUTOS%202012/0410.pdf HTTP/1.1" 200 207610
66.249.67.75 - - [08/Jan/2015:00:50:42 -0500] "GET /BLA/boletinlegal/js/jquery.scrollShow.js HTTP/1.1" 200 4586
66.249.67.67 - - [08/Jan/2015:00:50:43 -0500] "GET /BLA/boletinlegal/js/jquery.scrollTo-min.js HTTP/1.1" 200 1150
66.249.67.75 - - [08/Jan/2015:00:50:43 -0500] "GET /BLA/boletinlegal/js/jquery.js HTTP/1.1" 200 57254
66.249.67.75 - - [08/Jan/2015:00:51:06 -0500] "GET /BLA/resoluciones/AUTOS%202013/0527.pdf HTTP/1.1" 200 490143
188.165.15.110 - - [08/Jan/2015:00:51:42 -0500] "GET /BLA/resoluciones/RESOLUCIONES%202006/RES%202006%2051-100/00000089.tif HTTP/1.1" 200 203032
66.249.67.67 - - [08/Jan/2015:00:52:10 -0500] "GET /BLA/resoluciones/AUTOS%202010/0162.pdf HTTP/1.1" 304 -
74.86.158.107 - - [08/Jan/2015:00:52:49 -0500] "HEAD / HTTP/1.1" 302 -
66.249.67.83 - - [08/Jan/2015:00:53:44 -0500] "GET /BLA/resoluciones/AUTOS%202006/AUTOS%202006%20301-400/00000332.tif HTTP/1.1" 200 56180
66.249.67.75 - - [08/Jan/2015:00:53:47 -0500] "GET /BLA/resoluciones/RESOLUCIONES%202009/9150.pdf HTTP/1.1" 200 439103
180.76.5.171 - - [08/Jan/2015:00:54:16 -0500] "GET /BLA/boletinlegal;jsessionid=4DED1C730F54D5EFCAE94D389A121CE5?/? HTTP/1.1" 404 1018
188.165.15.209 - - [08/Jan/2015:00:54:16 -0500] "GET /BLA/resoluciones/RESOLUCIONES%202003/RES%202003%20751-800/753.tif HTTP/1.1" 200 78276
66.249.67.83 - - [08/Jan/2015:00:54:52 -0500] "GET /BLA/resoluciones/AUTOS%202013/0380.pdf HTTP/1.1" 200 1658705
188.165.15.214 - - [08/Jan/2015:00:55:30 -0500] "GET /stormWeb/ HTTP/1.1" 200 12126
188.165.15.209 - - [08/Jan/2015:00:55:36 -0500] "GET /BLA/resoluciones/RESOLUCIONES%202004/RES%202004%201101-1150/00001125.tif HTTP/1.1" 200 132422
189.131.34.81 - - [08/Jan/2015:00:56:42 -0500] "GET /BLA/boletinlegal/js/jquery.js HTTP/1.1" 200 57254
189.131.34.81 - - [08/Jan/2015:00:56:42 -0500] "GET /BLA/boletinlegal/js/jquery.scrollTo-min.js HTTP/1.1" 200 1150
189.131.34.81 - - [08/Jan/2015:00:56:42 -0500] "GET /BLA/boletinlegal/js/jquery.scrollShow.js HTTP/1.1" 200 4586
66.249.67.75 - - [08/Jan/2015:00:57:33 -0500] "GET /BLA/resoluciones/AUTOS%202013/2218.pdf HTTP/1.1" 200 1110112
74.86.158.107 - - [08/Jan/2015:00:57:49 -0500] "HEAD / HTTP/1.1" 302 -
188.165.15.177 - - [08/Jan/2015:00:58:59 -0500] "GET /BLA/resoluciones/index.php?dir=RESOLUCIONES%202004/RES%202004%20901-950/&sort=size&order=desc HTTP/1.1" 200 12048
207.46.13.139 - - [08/Jan/2015:00:59:08 -0500] "GET /newhome/Thumbs.db HTTP/1.1" 404 1019
66.249.67.67 - - [08/Jan/2015:00:59:12 -0500] "GET /BLA/resoluciones/AUTOS%202013/0266.pdf HTTP/1.1" 200 1633661
180.76.5.17 - - [08/Jan/2015:00:59:19 -0500] "GET /BLA/resoluciones/RESOLUCIONES%202008/1191.pdf HTTP/1.1" 200 452987
180.76.5.62 - - [08/Jan/2015:01:00:10 -0500] "GET /BLA/resoluciones/Autos%202008/1367.pdf HTTP/1.1" 200 73022
188.165.15.196 - - [08/Jan/2015:01:00:11 -0500] "GET /BLA/resoluciones/RESOLUCIONES%202006/RES%202006%201451-1500/00001467.tif HTTP/1.1" 200 233364
180.76.5.171 - - [08/Jan/2015:01:00:52 -0500] "GET / HTTP/1.1" 302 -
66.249.67.67 - - [08/Jan/2015:01:01:13 -0500] "GET /BLA/resoluciones/AUTOS%202013/2035.pdf HTTP/1.1" 200 783602
66.249.67.83 - - [08/Jan/2015:01:01:27 -0500] "GET /BLA/resoluciones/AUTOS%202013/0581.pdf HTTP/1.1" 200 213258
188.165.15.27 - - [08/Jan/2015:01:01:58 -0500] "GET /BLA/resoluciones/index.php?dir=RESOLUCIONES%202003/RES%202003%20751-800/&sort=size&order=desc HTTP/1.1" 200 11301
188.165.15.27 - - [08/Jan/2015:01:02:05 -0500] "GET /BLA/resoluciones/RESOLUCIONES%202005/RES%202005%20601-650/00000603.tif HTTP/1.1" 200 227736
74.86.158.107 - - [08/Jan/2015:01:02:48 -0500] "HEAD / HTTP/1.1" 302 -
188.165.15.195 - - [08/Jan/2015:01:02:52 -0500] "GET /BLA/resoluciones/index.php?dir=RESOLUCIONES%202006/RES%202006%201051-1100/&sort=name&order=desc HTTP/1.1" 200 12368
66.249.67.75 - - [08/Jan/2015:01:02:56 -0500] "GET /BLA/resoluciones/AUTOS%202006/AUTOS%202006%202101%20-%202200/00002147.tif HTTP/1.1" 200 58228
66.249.67.67 - - [08/Jan/2015:01:03:08 -0500] "GET /Autoliquidacion/Solicitud%20de%20expedici%C3%B3n%20de%20certificados%20de%20estado%20de%20conservaci%C3%B3n%20ambiental%20(CECA)/Ver%20toda%20la%20informaci%C3%B3n%20sobre%20expedici%C3%B3n%20de%20certificados........pdf HTTP/1.1" 200 107952
66.249.67.83 - - [08/Jan/2015:01:03:29 -0500] "GET /BLA/resoluciones/AUTOS%202013/0398.pdf HTTP/1.1" 200 209227
188.165.15.90 - - [08/Jan/2015:01:04:04 -0500] "GET /BLA/resoluciones/RESOLUCIONES%202003/RES%202003%20851-900/857.tif HTTP/1.1" 200 129548
66.249.67.67 - - [08/Jan/2015:01:04:52 -0500] "GET /BLA/resoluciones/AUTOS%202013/0390.pdf HTTP/1.1" 200 480102
66.249.67.75 - - [08/Jan/2015:01:05:02 -0500] "GET /galeria/nivo-slider/demo/scripts/ HTTP/1.1" 200 1034
152.61.128.66 - - [08/Jan/2015:01:05:18 -0500] "HEAD / HTTP/1.1" 302 -
152.61.128.66 - - [08/Jan/2015:01:05:18 -0500] "GET /arcgis/services/Calidad_del_Agua_WQI/MapServer/WMSServer?SERVICE=WMS&REQUEST=GetCapabilities HTTP/1.1" 200 32135
152.61.128.66 - - [08/Jan/2015:01:05:19 -0500] "GET /arcgis/services/Calidad_del_Agua_WQI/MapServer/WMSServer?SERVICE=WMS&REQUEST=GetCapabilities HTTP/1.0" 200 32135
66.249.67.75 - - [08/Jan/2015:01:05:20 -0500] "GET /BLA/resoluciones/AUTOS%202013/1472.pdf HTTP/1.1" 200 937889
152.61.128.66 - - [08/Jan/2015:01:05:20 -0500] "GET /arcgis/services/Calidad_del_Agua_WQI/MapServer/WMSServer?SERVICE=WMS&REQUEST=GetCapabilities HTTP/1.0" 200 32135
152.61.128.66 - - [08/Jan/2015:01:05:21 -0500] "GET /arcgis/services/Calidad_del_Agua_WQI/MapServer/WMSServer?SERVICE=WMS&REQUEST=GetCapabilities HTTP/1.0" 200 32135
152.61.128.66 - - [08/Jan/2015:01:05:22 -0500] "GET /arcgis/services/Calidad_del_Agua_WQI/MapServer/WMSServer?VERSION=1.1.1&REQUEST=GetMap&LAYERS=0&SRS=EPSG:4326&BBOX=-74.473395,3.674381,-73.963300,4.920569&WIDTH=250&HEIGHT=250&FORMAT=image/bmp&STYLES=& HTTP/1.1" 200 188054
188.165.15.27 - - [08/Jan/2015:01:05:59 -0500] "GET /BLA/resoluciones/RESOLUCIONES%202006/RES%202006%20101-150/00000129.tif HTTP/1.1" 200 37644
66.249.67.75 - - [08/Jan/2015:01:06:38 -0500] "GET /BLA/resoluciones/AUTOS%202011/0121.pdf HTTP/1.1" 200 188535
66.249.67.83 - - [08/Jan/2015:01:07:17 -0500] "GET /BLA/resoluciones/AUTOS%202013/5889.pdf HTTP/1.1" 200 10726858
66.249.67.83 - - [08/Jan/2015:01:07:32 -0500] "GET /BLA/resoluciones/AUTOS%202013/2067.pdf HTTP/1.1" 200 1141181
188.165.15.195 - - [08/Jan/2015:01:07:43 -0500] "GET /BLA/resoluciones/RESOLUCIONES%202005/RES%202005%201451-1500/00001489.tif HTTP/1.1" 200 163354
74.86.158.107 - - [08/Jan/2015:01:07:48 -0500] "HEAD / HTTP/1.1" 302 -
188.165.15.90 - - [08/Jan/2015:01:07:54 -0500] "GET /BLA/resoluciones/RESOLUCIONES%202002/RES%202002%20901-950/00000936.tif HTTP/1.1" 200 105040
157.55.39.156 - - [08/Jan/2015:01:07:58 -0500] "GET /dama/libreria/php/decide.php?patron=00.07&varn=825 HTTP/1.1" 404 1019
66.249.67.75 - - [08/Jan/2015:01:08:15 -0500] "GET /BLA/resoluciones/AUTOS%202011/0239.pdf HTTP/1.1" 200 205301
188.165.15.209 - - [08/Jan/2015:01:08:26 -0500] "GET /BLA/resoluciones/RESOLUCIONES%202006/RES%202006%2051-100/00000083.tif HTTP/1.1" 200 232204
66.249.67.83 - - [08/Jan/2015:01:08:29 -0500] "GET /BLA/resoluciones/AUTOS%202013/0662.pdf HTTP/1.1" 200 282991
66.249.67.75 - - [08/Jan/2015:01:08:52 -0500] "GET /BLA/resoluciones/AUTOS%202013/0430.pdf HTTP/1.1" 200 1949433
188.165.15.195 - - [08/Jan/2015:01:09:45 -0500] "GET /BLA/resoluciones/RESOLUCIONES%202006/RES%202006%20201-250/00000244.tif HTTP/1.1" 200 466788
66.249.67.67 - - [08/Jan/2015:01:09:51 -0500] "GET /BLA/resoluciones/AUTOS%202010/4616.pdf HTTP/1.1" 200 384731
66.249.67.75 - - [08/Jan/2015:01:10:14 -0500] "GET /BLA/resoluciones/AUTOS%202013/0939.pdf HTTP/1.1" 200 227330
66.249.67.67 - - [08/Jan/2015:01:10:58 -0500] "GET /BLA/resoluciones/AUTOS%202013/0436.pdf HTTP/1.1" 200 247024
66.249.67.83 - - [08/Jan/2015:01:11:27 -0500] "GET /BLA/resoluciones/AUTOS%202010/4697.pdf HTTP/1.1" 200 262711
188.165.15.27 - - [08/Jan/2015:01:11:55 -0500] "GET /BLA/resoluciones/RESOLUCIONES%202005/RES%202005%201101-1150/00001129.tif HTTP/1.1" 200 155774
188.165.15.97 - - [08/Jan/2015:01:12:00 -0500] "GET /BLA/resoluciones/RESOLUCIONES%202003/RES%202003%20001-050/2003RES48.tif HTTP/1.1" 200 152192
188.165.15.97 - - [08/Jan/2015:01:12:21 -0500] "GET /BLA/resoluciones/RESOLUCIONES%202003/RES%202003%201401-1450/20031430.tif HTTP/1.1" 200 73360
74.86.158.107 - - [08/Jan/2015:01:12:48 -0500] "HEAD / HTTP/1.1" 302 -
188.165.15.177 - - [08/Jan/2015:01:12:59 -0500] "GET /BLA/resoluciones/RESOLUCIONES%202003/RES%202003%201201-1250/2003RES1203.tif HTTP/1.1" 200 72192
66.249.67.67 - - [08/Jan/2015:01:13:04 -0500] "GET /BLA/resoluciones/AUTOS%202010/4628.pdf HTTP/1.1" 200 327139
180.76.6.156 - - [08/Jan/2015:01:13:51 -0500] "GET /BLA/resoluciones/AUTOS%202010/5425.pdf HTTP/1.1" 200 218529
188.165.15.214 - - [08/Jan/2015:01:14:23 -0500] "GET /BLA/resoluciones/RESOLUCIONES%202003/RES%202003%20751-800/784.tif HTTP/1.1" 200 53412
188.165.15.214 - - [08/Jan/2015:01:14:28 -0500] "GET /BLA/resoluciones/RESOLUCIONES%202004/RES%202004%20951-1000/00000995.tif HTTP/1.1" 200 83690
66.249.67.67 - - [08/Jan/2015:01:14:40 -0500] "GET /BLA/resoluciones/AUTOS%202010/4593.pdf HTTP/1.1" 200 156975
66.249.67.83 - - [08/Jan/2015:01:14:53 -0500] "GET /BLA/resoluciones/AUTOS%202013/1962.pdf HTTP/1.1" 200 1089852
188.165.15.27 - - [08/Jan/2015:01:14:53 -0500] "GET /BLA/resoluciones/RESOLUCIONES%202006/RES%202006%20551-600/00000572.tif HTTP/1.1" 200 172474
188.165.15.196 - - [08/Jan/2015:01:15:13 -0500] "GET /BLA/resoluciones/RESOLUCIONES%202004/RES%202004%201351-1400/00001371.tif HTTP/1.1" 200 134876
66.249.67.83 - - [08/Jan/2015:01:16:17 -0500] "GET /BLA/resoluciones/AUTOS%202011/0690.pdf HTTP/1.1" 200 100791
66.249.67.75 - - [08/Jan/2015:01:17:07 -0500] "GET /BLA/resoluciones/AUTOS%202013/1528.pdf HTTP/1.1" 200 648157
66.249.67.83 - - [08/Jan/2015:01:17:33 -0500] "GET /BLA/resoluciones/AUTOS%202013/1218.pdf HTTP/1.1" 200 190192
74.86.158.107 - - [08/Jan/2015:01:17:48 -0500] "HEAD / HTTP/1.1" 302 -
66.249.67.83 - - [08/Jan/2015:01:17:53 -0500] "GET /BLA/resoluciones/AUTOS%202010/6150.pdf HTTP/1.1" 200 213299
66.249.67.67 - - [08/Jan/2015:01:18:26 -0500] "GET /BLA/resoluciones/AUTOS%202011/2057.pdf HTTP/1.1" 200 160585
123.125.71.41 - - [08/Jan/2015:01:18:40 -0500] "GET / HTTP/1.1" 302 -
188.165.15.97 - - [08/Jan/2015:01:18:54 -0500] "GET /BLA/resoluciones/RESOLUCIONES%202003/RES%202003%201401-1450/20031402.tif HTTP/1.1" 200 107196
181.134.238.81 - - [08/Jan/2015:01:19:12 -0500] "GET /BLA/boletinlegal/js/jquery.js HTTP/1.1" 200 57254
181.134.238.81 - - [08/Jan/2015:01:19:12 -0500] "GET /BLA/boletinlegal/js/jquery.scrollTo-min.js HTTP/1.1" 200 1150
181.134.238.81 - - [08/Jan/2015:01:19:12 -0500] "GET /BLA/boletinlegal/js/jquery.scrollShow.js HTTP/1.1" 200 4586
220.181.108.110 - - [08/Jan/2015:01:19:27 -0500] "GET / HTTP/1.1" 302 -
66.249.67.67 - - [08/Jan/2015:01:19:27 -0500] "GET /BLA/resoluciones/AUTOS%202013/1232.pdf HTTP/1.1" 200 582022
66.249.67.67 - - [08/Jan/2015:01:19:29 -0500] "GET /BLA/resoluciones/AUTOS%202010/6645.pdf HTTP/1.1" 200 155619
66.249.67.83 - - [08/Jan/2015:01:20:56 -0500] "GET /BLA/resoluciones/AUTOS%202013/0579.pdf HTTP/1.1" 200 214198
66.249.67.75 - - [08/Jan/2015:01:21:01 -0500] "GET /BLA/resoluciones/AUTOS%202013/2026.pdf HTTP/1.1" 200 791902
66.249.67.83 - - [08/Jan/2015:01:21:06 -0500] "GET /BLA/resoluciones/AUTOS%202013/2086.pdf HTTP/1.1" 304 -
66.249.67.75 - - [08/Jan/2015:01:21:56 -0500] "GET /BLA/resoluciones/AUTOS%202013/0583.pdf HTTP/1.1" 200 215179
188.165.15.214 - - [08/Jan/2015:01:22:22 -0500] "GET /BLA/resoluciones/RESOLUCIONES%202002/RES%202002%201351-1400/20021354.tif HTTP/1.1" 200 117460
66.249.67.67 - - [08/Jan/2015:01:22:31 -0500] "GET /BLA/resoluciones/AUTOS%202006/AUTOS%202006%20201-300/00000288.tif HTTP/1.1" 200 55722
66.249.67.75 - - [08/Jan/2015:01:22:40 -0500] "GET /BLA/resoluciones/AUTOS%202013/0281.pdf HTTP/1.1" 200 5169122
188.165.15.110 - - [08/Jan/2015:01:22:47 -0500] "GET /BLA/resoluciones/RESOLUCIONES%202006/RES%202006%202301-2350/00002306.tif HTTP/1.1" 200 291608
74.86.158.107 - - [08/Jan/2015:01:22:48 -0500] "HEAD / HTTP/1.1" 302 -
