188.165.15.196 - - [09/Jan/2015:00:38:36 -0500] "GET /BLA/resoluciones/RESOLUCIONES%202006/RES%202006%20901-950/INDEX.DAT HTTP/1.1" 200 2000
186.145.60.179 - - [09/Jan/2015:00:39:03 -0500] "GET /isolucionsda/BancoAnexo/NotaMejora/SeguimientoPlan/368/368/evidencia%20cumplimiento0.xls HTTP/1.1" 206 1
186.145.60.179 - - [09/Jan/2015:00:39:03 -0500] "GET /isolucionsda/BancoAnexo/NotaMejora/SeguimientoPlan/368/368/evidencia%20cumplimiento0.xls HTTP/1.1" 206 35724
66.249.64.167 - - [09/Jan/2015:00:39:06 -0500] "GET /BLA/resoluciones/RESOLUCIONES%202010/1016.pdf HTTP/1.1" 200 99501
201.245.192.253 - - [09/Jan/2015:00:39:51 -0500] "GET /forest/session.jsp?a=0.15239042672800052 HTTP/1.1" 200 4
66.249.64.163 - - [09/Jan/2015:00:40:19 -0500] "GET /BLA/resoluciones/RESOLUCIONES%202007/RES%202007%203301%20AL%203400/RESOLUCION%203362%20DE%202007.pdf HTTP/1.1" 304 -
201.184.95.190 - - [09/Jan/2015:00:40:22 -0500] "POST /forms/lservlet;jsessionid=ac16012b30d54c4b28d95df74871936095efca9bedb3.e3iSbxaKaheRe34SahiRb30Pchr0n6jAmljGr5XDqQLvpAe HTTP/1.1" 200 2
186.145.60.179 - - [09/Jan/2015:00:41:06 -0500] "GET /isolucionsda/CalendarioDisplayHidden.asp?Form=frmNotaMejora&Campo=FechaSeguimiento2&Campo1=FechaSeguimientoDisplay2 HTTP/1.1" 200 15730
186.145.60.179 - - [09/Jan/2015:00:41:06 -0500] "GET /isolucionsda/g/vacio1x1.gif HTTP/1.1" 404 5195
186.145.60.179 - - [09/Jan/2015:00:41:06 -0500] "GET /isolucionsda/Graficas/line.gif HTTP/1.1" 404 5201
186.145.60.179 - - [09/Jan/2015:00:41:07 -0500] "GET /isolucionsda/CalendarioDisplayHidden.asp?Form=frmNotaMejora&Campo=FechaSeguimiento2&Campo1=FechaSeguimientoDisplay2&month=12&year=2014 HTTP/1.1" 200 15728
186.145.60.179 - - [09/Jan/2015:00:41:07 -0500] "GET /isolucionsda/g/vacio1x1.gif HTTP/1.1" 404 5195
186.145.60.179 - - [09/Jan/2015:00:41:07 -0500] "GET /isolucionsda/Graficas/line.gif HTTP/1.1" 404 5201
66.249.64.171 - - [09/Jan/2015:00:41:33 -0500] "GET /BLA/resoluciones/AUTOS%202007/0806.pdf HTTP/1.1" 200 105114
100.43.85.25 - - [09/Jan/2015:00:41:58 -0500] "GET /POT-2013/Cartografia/13_Est_Ordenam_D.pdf HTTP/1.1" 200 6417967
201.184.95.190 - - [09/Jan/2015:00:42:22 -0500] "POST /forms/lservlet;jsessionid=ac16012b30d54c4b28d95df74871936095efca9bedb3.e3iSbxaKaheRe34SahiRb30Pchr0n6jAmljGr5XDqQLvpAe HTTP/1.1" 200 2
66.249.64.167 - - [09/Jan/2015:00:42:46 -0500] "GET /BLA/resoluciones/RESOLUCIONES%202013/1048.pdf HTTP/1.1" 200 198988
186.145.60.179 - - [09/Jan/2015:00:42:47 -0500] "POST /isolucionsda/NotaMejora.asp HTTP/1.1" 200 62838
181.207.220.19 - - [09/Jan/2015:00:42:51 -0500] "GET /galeria/carrusel/Carrusel/jquery.thumbnailScroller.css HTTP/1.1" 200 2066
181.207.220.19 - - [09/Jan/2015:00:42:51 -0500] "GET /BLA/boletinlegal/js/jquery.js HTTP/1.1" 200 57254
181.207.220.19 - - [09/Jan/2015:00:42:51 -0500] "GET /BLA/boletinlegal/js/jquery.scrollTo-min.js HTTP/1.1" 200 1150
181.207.220.19 - - [09/Jan/2015:00:42:51 -0500] "GET /BLA/boletinlegal/js/jquery.scrollShow.js HTTP/1.1" 200 4586
181.207.220.19 - - [09/Jan/2015:00:42:51 -0500] "GET /galeria/carrusel/Carrusel/jquery-ui-1.8.13.custom.min.js HTTP/1.1" 200 10800
181.207.220.19 - - [09/Jan/2015:00:42:51 -0500] "GET /galeria/carrusel/Carrusel/jquery.thumbnailScroller.js HTTP/1.1" 200 8157
181.207.220.19 - - [09/Jan/2015:00:42:54 -0500] "GET /galeria/nivo-slider/demo/demo.html HTTP/1.1" 200 3150
181.207.220.19 - - [09/Jan/2015:00:42:55 -0500] "GET /galeria/nivo-slider/themes/default/default.css HTTP/1.1" 200 1569
181.207.220.19 - - [09/Jan/2015:00:42:55 -0500] "GET /galeria/nivo-slider/themes/pascal/pascal.css HTTP/1.1" 200 2258
181.207.220.19 - - [09/Jan/2015:00:42:55 -0500] "GET /galeria/nivo-slider/nivo-slider.css HTTP/1.1" 200 1507
181.207.220.19 - - [09/Jan/2015:00:42:55 -0500] "GET /galeria/nivo-slider/themes/orman/orman.css HTTP/1.1" 200 2152
181.207.220.19 - - [09/Jan/2015:00:42:55 -0500] "GET /galeria/nivo-slider/demo/style.css HTTP/1.1" 200 2222
181.207.220.19 - - [09/Jan/2015:00:42:55 -0500] "GET /galeria/nivo-slider/demo/scripts/jquery-1.7.1.min.js HTTP/1.1" 200 93868
181.207.220.19 - - [09/Jan/2015:00:42:55 -0500] "GET /galeria/nivo-slider/jquery.nivo.slider.pack.js HTTP/1.1" 200 11561
181.207.220.19 - - [09/Jan/2015:00:42:56 -0500] "GET /galeria/nivo-slider/demo/images/4Simple_Slider.png HTTP/1.1" 200 11722
181.207.220.19 - - [09/Jan/2015:00:42:56 -0500] "GET /galeria/nivo-slider/themes/default/loading.gif HTTP/1.1" 200 1737
181.207.220.19 - - [09/Jan/2015:00:42:58 -0500] "GET /galeria/nivo-slider/demo/images/bolsas-08.jpg HTTP/1.1" 200 85589
181.207.220.19 - - [09/Jan/2015:00:42:58 -0500] "GET /galeria/nivo-slider/demo/images/Ruta-vertimientos-01.jpg HTTP/1.1" 200 130151
181.207.220.19 - - [09/Jan/2015:00:42:58 -0500] "GET /galeria/nivo-slider/demo/images/bolsas-06.jpg HTTP/1.1" 200 90982
181.207.220.19 - - [09/Jan/2015:00:42:58 -0500] "GET /galeria/nivo-slider/demo/images/ecolecta-Dic2014.png HTTP/1.1" 200 288593
181.207.220.19 - - [09/Jan/2015:00:42:59 -0500] "GET /galeria/nivo-slider/demo/images/porloshumedales.jpg HTTP/1.1" 200 351238
201.245.192.253 - - [09/Jan/2015:00:43:01 -0500] "GET /forest/session.jsp?a=0.5219507392951274 HTTP/1.1" 200 4
181.207.220.19 - - [09/Jan/2015:00:43:03 -0500] "GET /galeria/nivo-slider/demo/images/Tingua-azul.jpg HTTP/1.1" 200 307638
181.207.220.19 - - [09/Jan/2015:00:43:05 -0500] "GET /galeria/nivo-slider/demo/images/Banner-Caracol-Africano.jpg HTTP/1.1" 200 331986
181.207.220.19 - - [09/Jan/2015:00:43:05 -0500] "GET /galeria/nivo-slider/demo/images/banner-redes.jpg HTTP/1.1" 200 62209
181.207.220.19 - - [09/Jan/2015:00:43:08 -0500] "GET /videos/Spot_CambioClimatico.flv HTTP/1.1" 200 4371917
181.207.220.19 - - [09/Jan/2015:00:43:09 -0500] "GET /galeria/nivo-slider/demo/images/9Signos.jpg HTTP/1.1" 200 93040
181.207.220.19 - - [09/Jan/2015:00:43:10 -0500] "GET /galeria/nivo-slider/demo/images/banner-llantas2.jpg HTTP/1.1" 200 73153
181.207.220.19 - - [09/Jan/2015:00:43:12 -0500] "GET /galeria/nivo-slider/demo/images/banner-caballos.png HTTP/1.1" 200 389106
186.155.163.158 - - [09/Jan/2015:00:43:17 -0500] "GET /BLA/boletinlegal/js/jquery.js HTTP/1.1" 200 57254
186.155.163.158 - - [09/Jan/2015:00:43:17 -0500] "GET /BLA/boletinlegal/js/jquery.scrollTo-min.js HTTP/1.1" 200 1150
186.155.163.158 - - [09/Jan/2015:00:43:17 -0500] "GET /BLA/boletinlegal/js/jquery.scrollShow.js HTTP/1.1" 200 4586
181.207.220.19 - - [09/Jan/2015:00:43:19 -0500] "GET /galeria/nivo-slider/themes/default/arrows.png HTTP/1.1" 200 824
181.207.220.19 - - [09/Jan/2015:00:43:19 -0500] "GET /galeria/nivo-slider/themes/default/bullets.png HTTP/1.1" 200 1281
74.86.158.107 - - [09/Jan/2015:00:43:29 -0500] "HEAD / HTTP/1.1" 302 -
66.249.64.167 - - [09/Jan/2015:00:43:59 -0500] "GET /BLA/resoluciones/RESOLUCIONES%202009/4642.pdf HTTP/1.1" 200 777738
201.184.95.190 - - [09/Jan/2015:00:44:22 -0500] "POST /forms/lservlet;jsessionid=ac16012b30d54c4b28d95df74871936095efca9bedb3.e3iSbxaKaheRe34SahiRb30Pchr0n6jAmljGr5XDqQLvpAe HTTP/1.1" 200 2
186.145.60.179 - - [09/Jan/2015:00:44:28 -0500] "GET /isolucionsda/FrameSetGeneral.asp?Pagina=Menu.asp&IdModulo=7 HTTP/1.1" 200 6455
186.145.60.179 - - [09/Jan/2015:00:44:28 -0500] "GET /isolucionsda/Menu.asp?Pagina=Menu.asp&IdModulo=7 HTTP/1.1" 502 1342
186.145.60.179 - - [09/Jan/2015:00:44:28 -0500] "GET /isolucionsda/BarraFavoritos.asp HTTP/1.1" 200 911
186.145.60.179 - - [09/Jan/2015:00:44:28 -0500] "GET /isolucionsda/BarraTitulos.asp?Pagina=Menu.asp&IdModulo=7 HTTP/1.1" 200 6865
186.145.60.179 - - [09/Jan/2015:00:44:28 -0500] "GET /isolucionsda/Encabezado.asp?Pagina=Menu.asp&IdModulo=7 HTTP/1.1" 200 15183
186.145.60.179 - - [09/Jan/2015:00:44:28 -0500] "GET /isolucionsda/Session.asp?Continue=1 HTTP/1.1" 200 6196
186.145.60.179 - - [09/Jan/2015:00:44:30 -0500] "GET /isolucionsda/FrameSetGeneral.asp?Pagina=Menu.asp&IdModulo=7 HTTP/1.1" 200 6455
186.145.60.179 - - [09/Jan/2015:00:44:30 -0500] "GET /isolucionsda/BarraTitulos.asp?Pagina=Menu.asp&IdModulo=7 HTTP/1.1" 200 6865
186.145.60.179 - - [09/Jan/2015:00:44:30 -0500] "GET /isolucionsda/Encabezado.asp?Pagina=Menu.asp&IdModulo=7 HTTP/1.1" 200 15158
186.145.60.179 - - [09/Jan/2015:00:44:30 -0500] "GET /isolucionsda/BarraFavoritos.asp HTTP/1.1" 200 911
186.145.60.179 - - [09/Jan/2015:00:44:30 -0500] "GET /isolucionsda/Menu.asp?Pagina=Menu.asp&IdModulo=7 HTTP/1.1" 200 30437
186.145.60.179 - - [09/Jan/2015:00:44:30 -0500] "GET /isolucionsda/Session.asp?Continue=1 HTTP/1.1" 200 6196
186.145.60.179 - - [09/Jan/2015:00:44:33 -0500] "GET /isolucionsda/FrameSetGeneral.asp?Pagina=FiltroNotaMejora.asp&EsAbierta=1&ConMenu=NO HTTP/1.1" 200 6539
186.145.60.179 - - [09/Jan/2015:00:44:33 -0500] "GET /isolucionsda/Encabezado.asp?Pagina=FiltroNotaMejora.asp&EsAbierta=1&ConMenu=NO HTTP/1.1" 200 15158
186.145.60.179 - - [09/Jan/2015:00:44:33 -0500] "GET /isolucionsda/BarraTitulos.asp?Pagina=FiltroNotaMejora.asp&EsAbierta=1&ConMenu=NO HTTP/1.1" 200 6865
186.145.60.179 - - [09/Jan/2015:00:44:33 -0500] "GET /isolucionsda/BarraFavoritos.asp HTTP/1.1" 200 911
186.145.60.179 - - [09/Jan/2015:00:44:33 -0500] "GET /isolucionsda/Session.asp?Continue=1 HTTP/1.1" 200 6196
186.145.60.179 - - [09/Jan/2015:00:44:33 -0500] "GET /isolucionsda/FiltroNotaMejora.asp?Pagina=FiltroNotaMejora.asp&EsAbierta=1&ConMenu=NO HTTP/1.1" 200 45180
201.184.112.238 - - [09/Jan/2015:00:44:49 -0500] "GET /BLA/boletinlegal/js/jquery.js HTTP/1.1" 200 57254
201.184.112.238 - - [09/Jan/2015:00:44:49 -0500] "GET /BLA/boletinlegal/js/jquery.scrollTo-min.js HTTP/1.1" 200 1150
201.184.112.238 - - [09/Jan/2015:00:44:49 -0500] "GET /BLA/boletinlegal/js/jquery.scrollShow.js HTTP/1.1" 200 4586
186.145.60.179 - - [09/Jan/2015:00:44:49 -0500] "GET /isolucionsda/FrameSetGeneral.asp?Pagina=Menu.asp&IdModulo=7 HTTP/1.1" 200 6455
186.145.60.179 - - [09/Jan/2015:00:44:49 -0500] "GET /isolucionsda/Encabezado.asp?Pagina=Menu.asp&IdModulo=7 HTTP/1.1" 200 15158
186.145.60.179 - - [09/Jan/2015:00:44:50 -0500] "GET /isolucionsda/BarraTitulos.asp?Pagina=Menu.asp&IdModulo=7 HTTP/1.1" 200 6865
186.145.60.179 - - [09/Jan/2015:00:44:50 -0500] "GET /isolucionsda/BarraFavoritos.asp HTTP/1.1" 200 911
186.145.60.179 - - [09/Jan/2015:00:44:50 -0500] "GET /isolucionsda/Session.asp?Continue=1 HTTP/1.1" 200 6196
186.145.60.179 - - [09/Jan/2015:00:44:50 -0500] "GET /isolucionsda/Menu.asp?Pagina=Menu.asp&IdModulo=7 HTTP/1.1" 200 30437
201.245.192.253 - - [09/Jan/2015:00:44:51 -0500] "GET /forest/session.jsp?a=0.4593244363876612 HTTP/1.1" 200 4
186.145.60.179 - - [09/Jan/2015:00:44:52 -0500] "GET /isolucionsda/FrameSetGeneral.asp?Pagina=FiltroNoConformidades.asp&Estado=Abiertas&PintarAuditorias=SI&EsAbierta=1&ConMenu=NO HTTP/1.1" 200 6667
186.145.60.179 - - [09/Jan/2015:00:44:52 -0500] "GET /isolucionsda/BarraTitulos.asp?Pagina=FiltroNoConformidades.asp&Estado=Abiertas&PintarAuditorias=SI&EsAbierta=1&ConMenu=NO HTTP/1.1" 200 6865
186.145.60.179 - - [09/Jan/2015:00:44:52 -0500] "GET /isolucionsda/BarraFavoritos.asp HTTP/1.1" 200 911
186.145.60.179 - - [09/Jan/2015:00:44:52 -0500] "GET /isolucionsda/Encabezado.asp?Pagina=FiltroNoConformidades.asp&Estado=Abiertas&PintarAuditorias=SI&EsAbierta=1&ConMenu=NO HTTP/1.1" 200 15158
186.145.60.179 - - [09/Jan/2015:00:44:52 -0500] "GET /isolucionsda/FiltroNoConformidades.asp?Pagina=FiltroNoConformidades.asp&Estado=Abiertas&PintarAuditorias=SI&EsAbierta=1&ConMenu=NO HTTP/1.1" 200 52515
186.145.60.179 - - [09/Jan/2015:00:44:53 -0500] "GET /isolucionsda/Session.asp?Continue=1 HTTP/1.1" 200 6196
186.145.60.179 - - [09/Jan/2015:00:44:56 -0500] "GET /isolucionsda/Jerarquia.asp?Tabla=Proceso&Form=Filtro&CampoDisplay=CodProcesoDisplayObjetoProceso&CampoHidden=CodProceso&bSubmit=True&items= HTTP/1.1" 200 10466
186.145.60.179 - - [09/Jan/2015:00:44:59 -0500] "POST /isolucionsda/Jerarquia.asp HTTP/1.1" 200 7996
186.145.60.179 - - [09/Jan/2015:00:44:59 -0500] "POST /isolucionsda/FiltroNoConformidades.asp?PintarAuditorias=SI&Usuario= HTTP/1.1" 200 50774
186.145.60.179 - - [09/Jan/2015:00:45:02 -0500] "POST /isolucionsda/FiltroNoConformidades.asp?buscar=&paginaactual=2 HTTP/1.1" 200 51117
186.145.60.179 - - [09/Jan/2015:00:45:05 -0500] "GET /isolucionsda/NoConformidadISOlucion.asp?Id_NoConformidad=621&CodtipoNoConf=19 HTTP/1.1" 200 60588
66.249.64.163 - - [09/Jan/2015:00:45:12 -0500] "GET /BLA/resoluciones/RESOLUCIONES%202008/3264.pdf HTTP/1.1" 200 279253
201.184.95.190 - - [09/Jan/2015:00:46:22 -0500] "POST /forms/lservlet;jsessionid=ac16012b30d54c4b28d95df74871936095efca9bedb3.e3iSbxaKaheRe34SahiRb30Pchr0n6jAmljGr5XDqQLvpAe HTTP/1.1" 200 2
66.249.64.163 - - [09/Jan/2015:00:46:25 -0500] "GET /BLA/resoluciones/RESOLUCIONES%202013/2395.pdf HTTP/1.1" 200 573873
188.165.15.214 - - [09/Jan/2015:00:47:15 -0500] "GET /BLA/resoluciones/index.php?dir=RESOLUCIONES%202015/&sort=date&order=asc HTTP/1.1" 200 1699
66.249.64.167 - - [09/Jan/2015:00:47:39 -0500] "GET /autoliquidacion/index.php?dir=TR%C1MITES%20MINER%CDA/&sort=size&order=asc HTTP/1.1" 200 2829
188.165.15.90 - - [09/Jan/2015:00:47:41 -0500] "GET /BLA/resoluciones/RESOLUCIONES%202003/RES%202003%201001-1050/1032.tif HTTP/1.1" 200 127776
66.249.64.171 - - [09/Jan/2015:00:48:00 -0500] "GET /manual_funciones/ HTTP/1.1" 404 1018
201.245.192.253 - - [09/Jan/2015:00:48:01 -0500] "GET /forest/session.jsp?a=0.36918398155772914 HTTP/1.1" 200 4
201.184.95.190 - - [09/Jan/2015:00:48:22 -0500] "POST /forms/lservlet;jsessionid=ac16012b30d54c4b28d95df74871936095efca9bedb3.e3iSbxaKaheRe34SahiRb30Pchr0n6jAmljGr5XDqQLvpAe HTTP/1.1" 200 2
66.249.64.171 - - [09/Jan/2015:00:48:28 -0500] "GET /BLA/resoluciones/RESOLUCIONES%202007/RES%202007%201301%20AL%201400/RESOLUCION%201314%20DE%202007.pdf HTTP/1.1" 200 307512
74.86.158.107 - - [09/Jan/2015:00:48:29 -0500] "HEAD / HTTP/1.1" 302 -
66.249.64.171 - - [09/Jan/2015:00:48:50 -0500] "GET /BLA/resoluciones/AUTOS%202013/1648.pdf HTTP/1.1" 200 223206
66.249.64.167 - - [09/Jan/2015:00:48:52 -0500] "GET /BLA/resoluciones/RESOLUCIONES%202009/7178.pdf HTTP/1.1" 200 1152099
157.55.39.66 - - [09/Jan/2015:00:48:54 -0500] "GET /dama/libreria/php/2006/restauracion/33_publi/protoc/protocolo%20cuadrosderestauracion%2013%20al%2018.pdf HTTP/1.1" 404 1015
66.249.64.167 - - [09/Jan/2015:00:49:15 -0500] "GET /autoliquidacion/TR%C3%81MITES%20MINER%C3%8DA/Aplicativo%20Eval%202015.htm HTTP/1.1" 200 373
186.145.60.179 - - [09/Jan/2015:00:49:27 -0500] "POST /isolucionsda/NoConformidadISOlucion.asp HTTP/1.1" 200 60353
180.76.6.137 - - [09/Jan/2015:00:49:05 -0500] "GET /BLA/boletinlegal/index.php HTTP/1.1" 200 49382
201.245.192.253 - - [09/Jan/2015:00:49:52 -0500] "GET /forest/session.jsp?a=0.6575693846956248 HTTP/1.1" 200 4
66.249.64.171 - - [09/Jan/2015:00:50:05 -0500] "GET /BLA/resoluciones/AUTOS%202008/0448.pdf HTTP/1.1" 200 289925
201.184.95.190 - - [09/Jan/2015:00:50:22 -0500] "POST /forms/lservlet;jsessionid=ac16012b30d54c4b28d95df74871936095efca9bedb3.e3iSbxaKaheRe34SahiRb30Pchr0n6jAmljGr5XDqQLvpAe HTTP/1.1" 200 2
186.145.60.179 - - [09/Jan/2015:00:50:24 -0500] "GET /isolucionsda/CalendarioDisplayHidden.asp?Form=NoConformidadISOlucion&Campo=FechaEjecucion1&Campo1=FechaEjecucion1_Display HTTP/1.1" 200 15769
186.145.60.179 - - [09/Jan/2015:00:50:24 -0500] "GET /isolucionsda/Graficas/line.gif HTTP/1.1" 404 5201
186.145.60.179 - - [09/Jan/2015:00:50:25 -0500] "GET /isolucionsda/g/vacio1x1.gif HTTP/1.1" 404 5195
180.76.6.29 - - [09/Jan/2015:00:49:46 -0500] "GET /BLA/boletinlegal/ HTTP/1.1" 200 49382
186.145.60.179 - - [09/Jan/2015:00:50:26 -0500] "GET /isolucionsda/CalendarioDisplayHidden.asp?Form=NoConformidadISOlucion&Campo=FechaEjecucion1&Campo1=FechaEjecucion1_Display&month=12&year=2014 HTTP/1.1" 200 15767
186.145.60.179 - - [09/Jan/2015:00:50:26 -0500] "GET /isolucionsda/Graficas/line.gif HTTP/1.1" 404 5201
186.145.60.179 - - [09/Jan/2015:00:50:26 -0500] "GET /isolucionsda/g/vacio1x1.gif HTTP/1.1" 404 5195
186.145.60.179 - - [09/Jan/2015:00:50:31 -0500] "GET /isolucionsda/BuscarUsuarios.asp?Tabla=Usuario&Form=NoConformidadISOlucion&CampoHidden=CodUsuarioResponsable1&CampoDisplay=CodUsuarioResponsable_Display1&items=undefinedundefined&primeravez=true&ListaSucursales=1 HTTP/1.1" 200 17239
186.145.60.179 - - [09/Jan/2015:00:50:46 -0500] "POST /isolucionsda/NoConformidadISOlucion.asp HTTP/1.1" 200 63160
66.249.64.163 - - [09/Jan/2015:00:51:15 -0500] "GET /BLA/resoluciones/RESOLUCIONES%202010/6365.pdf HTTP/1.1" 304 -
66.249.64.171 - - [09/Jan/2015:00:51:18 -0500] "GET /BLA/resoluciones/AUTOS%202011/1285.pdf HTTP/1.1" 200 232377
186.145.60.179 - - [09/Jan/2015:00:51:40 -0500] "POST /isolucionsda/NoConformidadISOlucion.asp HTTP/1.1" 200 64669
66.249.64.171 - - [09/Jan/2015:00:51:41 -0500] "GET /BLA/resoluciones/AUTOS%202013/1232.pdf HTTP/1.1" 200 582022
201.141.129.18 - - [09/Jan/2015:00:51:56 -0500] "GET /BLA/boletinlegal/js/jquery.js HTTP/1.1" 200 57254
201.141.129.18 - - [09/Jan/2015:00:51:56 -0500] "GET /BLA/boletinlegal/js/jquery.scrollShow.js HTTP/1.1" 200 4586
201.141.129.18 - - [09/Jan/2015:00:51:56 -0500] "GET /BLA/boletinlegal/js/jquery.scrollTo-min.js HTTP/1.1" 200 1150
188.165.15.196 - - [09/Jan/2015:00:52:03 -0500] "GET /BLA/resoluciones/RESOLUCIONES%202002/RES%202002%201851-1900/20021885.tif HTTP/1.1" 200 103722
186.30.90.34 - - [09/Jan/2015:00:52:06 -0500] "GET /BLA/resoluciones/RESOLUCIONES%202009/6931.pdf HTTP/1.1" 200 234703
186.30.90.34 - - [09/Jan/2015:00:52:07 -0500] "GET /BLA/resoluciones/RESOLUCIONES%202009/6931.pdf HTTP/1.1" 200 234703
66.249.64.167 - - [09/Jan/2015:00:52:31 -0500] "GET /BLA/resoluciones/AUTOS%202011/7172.pdf HTTP/1.1" 200 193682
157.55.39.66 - - [09/Jan/2015:00:52:33 -0500] "GET /dama/libreria/php/decide.php?patron=01.0209 HTTP/1.1" 404 1015
201.245.192.253 - - [09/Jan/2015:00:53:01 -0500] "GET /forest/session.jsp?a=0.7664468047266549 HTTP/1.1" 200 4
74.86.158.107 - - [09/Jan/2015:00:53:29 -0500] "HEAD / HTTP/1.1" 302 -
66.249.64.163 - - [09/Jan/2015:00:53:45 -0500] "GET /BLA/resoluciones/RESOLUCIONES%202009/2485.pdf HTTP/1.1" 200 455135
186.145.60.179 - - [09/Jan/2015:00:54:31 -0500] "GET /isolucionsda/FrameSetGeneral.asp?Pagina=Menu.asp&IdModulo=7 HTTP/1.1" 200 6455
186.145.60.179 - - [09/Jan/2015:00:54:31 -0500] "GET /isolucionsda/Encabezado.asp?Pagina=Menu.asp&IdModulo=7 HTTP/1.1" 200 15158
186.145.60.179 - - [09/Jan/2015:00:54:31 -0500] "GET /isolucionsda/Menu.asp?Pagina=Menu.asp&IdModulo=7 HTTP/1.1" 502 1342
186.145.60.179 - - [09/Jan/2015:00:54:31 -0500] "GET /isolucionsda/BarraFavoritos.asp HTTP/1.1" 200 911
186.145.60.179 - - [09/Jan/2015:00:54:31 -0500] "GET /isolucionsda/BarraTitulos.asp?Pagina=Menu.asp&IdModulo=7 HTTP/1.1" 200 6865
186.145.60.179 - - [09/Jan/2015:00:54:31 -0500] "GET /isolucionsda/Session.asp?Continue=1 HTTP/1.1" 200 6196
186.145.60.179 - - [09/Jan/2015:00:54:33 -0500] "GET /isolucionsda/FrameSetGeneral.asp?Pagina=Menu.asp&IdModulo=7 HTTP/1.1" 200 6455
186.145.60.179 - - [09/Jan/2015:00:54:33 -0500] "GET /isolucionsda/BarraTitulos.asp?Pagina=Menu.asp&IdModulo=7 HTTP/1.1" 200 6865
186.145.60.179 - - [09/Jan/2015:00:54:33 -0500] "GET /isolucionsda/Encabezado.asp?Pagina=Menu.asp&IdModulo=7 HTTP/1.1" 200 15183
186.145.60.179 - - [09/Jan/2015:00:54:33 -0500] "GET /isolucionsda/BarraFavoritos.asp HTTP/1.1" 200 911
186.145.60.179 - - [09/Jan/2015:00:54:33 -0500] "GET /isolucionsda/Menu.asp?Pagina=Menu.asp&IdModulo=7 HTTP/1.1" 200 30437
186.145.60.179 - - [09/Jan/2015:00:54:33 -0500] "GET /isolucionsda/Session.asp?Continue=1 HTTP/1.1" 200 6196
186.145.60.179 - - [09/Jan/2015:00:54:36 -0500] "GET /isolucionsda/FrameSetGeneral.asp?Pagina=FiltroNoConformidades.asp&Estado=Abiertas&PintarAuditorias=SI&EsAbierta=1&ConMenu=NO HTTP/1.1" 200 6667
186.145.60.179 - - [09/Jan/2015:00:54:36 -0500] "GET /isolucionsda/BarraTitulos.asp?Pagina=FiltroNoConformidades.asp&Estado=Abiertas&PintarAuditorias=SI&EsAbierta=1&ConMenu=NO HTTP/1.1" 200 6865
186.145.60.179 - - [09/Jan/2015:00:54:36 -0500] "GET /isolucionsda/BarraFavoritos.asp HTTP/1.1" 200 911
186.145.60.179 - - [09/Jan/2015:00:54:36 -0500] "GET /isolucionsda/Encabezado.asp?Pagina=FiltroNoConformidades.asp&Estado=Abiertas&PintarAuditorias=SI&EsAbierta=1&ConMenu=NO HTTP/1.1" 200 15158
186.145.60.179 - - [09/Jan/2015:00:54:36 -0500] "GET /isolucionsda/FiltroNoConformidades.asp?Pagina=FiltroNoConformidades.asp&Estado=Abiertas&PintarAuditorias=SI&EsAbierta=1&ConMenu=NO HTTP/1.1" 200 52515
186.145.60.179 - - [09/Jan/2015:00:54:37 -0500] "GET /isolucionsda/Session.asp?Continue=1 HTTP/1.1" 200 6196
188.165.15.177 - - [09/Jan/2015:00:54:39 -0500] "GET /BLA/resoluciones/RESOLUCIONES%202003/RES%202003%20451-500/467.tif HTTP/1.1" 200 263556
186.145.60.179 - - [09/Jan/2015:00:54:41 -0500] "GET /isolucionsda/Jerarquia.asp?Tabla=Proceso&Form=Filtro&CampoDisplay=CodProcesoDisplayObjetoProceso&CampoHidden=CodProceso&bSubmit=True&items= HTTP/1.1" 200 10466
186.145.60.179 - - [09/Jan/2015:00:54:43 -0500] "POST /isolucionsda/Jerarquia.asp HTTP/1.1" 200 7996
186.145.60.179 - - [09/Jan/2015:00:54:43 -0500] "POST /isolucionsda/FiltroNoConformidades.asp?PintarAuditorias=SI&Usuario= HTTP/1.1" 200 50774
186.145.60.179 - - [09/Jan/2015:00:54:47 -0500] "POST /isolucionsda/FiltroNoConformidades.asp?buscar=&paginaactual=2 HTTP/1.1" 200 51132
186.145.60.179 - - [09/Jan/2015:00:54:51 -0500] "POST /isolucionsda/FiltroNoConformidades.asp?buscar=&paginaactual=3 HTTP/1.1" 200 50732
201.245.192.253 - - [09/Jan/2015:00:54:52 -0500] "GET /forest/session.jsp?a=0.6740075749489679 HTTP/1.1" 200 4
186.145.60.179 - - [09/Jan/2015:00:54:55 -0500] "POST /isolucionsda/FiltroNoConformidades.asp?buscar=&paginaactual=4 HTTP/1.1" 200 50264
186.145.60.179 - - [09/Jan/2015:00:54:56 -0500] "GET /isolucionsda/NoConformidadISOlucion.asp?Id_NoConformidad=560&CodtipoNoConf=19 HTTP/1.1" 200 47113
66.249.64.167 - - [09/Jan/2015:00:54:58 -0500] "GET /BLA/resoluciones/RESOLUCIONES%202009/2513.pdf HTTP/1.1" 200 410260
66.249.64.167 - - [09/Jan/2015:00:55:14 -0500] "GET /BLA/resoluciones/AUTOS%202013/1112.pdf HTTP/1.1" 200 673456
186.145.60.179 - - [09/Jan/2015:00:55:56 -0500] "POST /isolucionsda/NoConformidadISOlucion.asp HTTP/1.1" 200 46938
188.165.15.94 - - [09/Jan/2015:00:56:08 -0500] "GET /BLA/resoluciones/RESOLUCIONES%202002/RES%202002%20101-150/2002RES150.tif HTTP/1.1" 200 268444
66.249.64.167 - - [09/Jan/2015:00:56:11 -0500] "GET /BLA/resoluciones/RESOLUCIONES%202009/0045.pdf HTTP/1.1" 200 553219
66.249.64.163 - - [09/Jan/2015:00:57:10 -0500] "GET /BLA/resoluciones/AUTOS%202013/1046.pdf HTTP/1.1" 200 245205
188.165.15.214 - - [09/Jan/2015:00:57:11 -0500] "GET /BLA/resoluciones/RESOLUCIONES%202005/RES%202005%202151-2200/00002196.tif HTTP/1.1" 200 295494
66.249.64.167 - - [09/Jan/2015:00:57:24 -0500] "GET /BLA/resoluciones/RESOLUCIONES%202009/5887.pdf HTTP/1.1" 200 489745
201.245.192.253 - - [09/Jan/2015:00:58:02 -0500] "GET /forest/session.jsp?a=0.6569445588420137 HTTP/1.1" 200 4
188.165.15.94 - - [09/Jan/2015:00:58:03 -0500] "GET /BLA/resoluciones/RESOLUCIONES%202003/RES%202003%20001-050/2003RES14.tif HTTP/1.1" 200 71600
66.249.64.167 - - [09/Jan/2015:00:58:29 -0500] "GET /BLA/resoluciones/RESOLUCIONES%202007/RES%202007%201101%20AL%201200/RESOLUCION%201117%20DE%202007.pdf HTTP/1.1" 200 347464
74.86.158.107 - - [09/Jan/2015:00:58:29 -0500] "HEAD / HTTP/1.1" 302 -
66.249.64.171 - - [09/Jan/2015:00:58:30 -0500] "GET /manual_funciones_Listado/index.php?dir=1.3.%20Oficina%20Asesora%20de%20Comunicaciones/&sort=size&order=asc HTTP/1.1" 404 1018
66.249.64.171 - - [09/Jan/2015:00:58:38 -0500] "GET /BLA/resoluciones/RESOLUCIONES%202009/8417.pdf HTTP/1.1" 200 210909
207.46.13.133 - - [09/Jan/2015:00:58:43 -0500] "GET /BLA/boletinlegal/js/jquery.js HTTP/1.1" 200 57254
188.165.15.138 - - [09/Jan/2015:00:59:13 -0500] "GET /BLA/resoluciones/RESOLUCIONES%202006/RES%202006%201001-1050/00001005.tif HTTP/1.1" 200 246696
181.128.19.92 - - [09/Jan/2015:00:59:15 -0500] "GET /BLA/boletinlegal/js/jquery.js HTTP/1.1" 200 57254
181.128.19.92 - - [09/Jan/2015:00:59:15 -0500] "GET /BLA/boletinlegal/js/jquery.scrollTo-min.js HTTP/1.1" 200 1150
181.128.19.92 - - [09/Jan/2015:00:59:15 -0500] "GET /BLA/boletinlegal/js/jquery.scrollShow.js HTTP/1.1" 200 4586
188.165.15.90 - - [09/Jan/2015:00:59:18 -0500] "GET /BLA/resoluciones/RESOLUCIONES%202004/RES%202004%20151-200/00000165.tif HTTP/1.1" 200 98790
66.249.64.171 - - [09/Jan/2015:00:59:51 -0500] "GET /BLA/resoluciones/RESOLUCIONES%202007/RES%202007%202401%20AL%202500/RESOLUCION%202402%20DE%202007.pdf HTTP/1.1" 200 972246
201.245.192.253 - - [09/Jan/2015:00:59:52 -0500] "GET /forest/session.jsp?a=0.13456663911783873 HTTP/1.1" 200 4
198.36.87.81 - - [09/Jan/2015:01:00:08 -0500] "GET /galeria/nivo-slider/demo/images/acuerdo-navidad.jpg HTTP/1.1" 304 -
190.253.181.209 - - [09/Jan/2015:01:00:25 -0500] "GET /galeria/bibloteca/contentflow.js HTTP/1.1" 200 42804
190.253.181.209 - - [09/Jan/2015:01:00:25 -0500] "GET /galeria/bibloteca/contentflow.css HTTP/1.1" 200 3201
190.253.181.209 - - [09/Jan/2015:01:00:25 -0500] "GET /galeria/bibloteca/ContentFlowAddOn_white.js HTTP/1.1" 200 2497
190.253.181.209 - - [09/Jan/2015:01:00:25 -0500] "GET /galeria/bibloteca/mycontentflow.css HTTP/1.1" 200 3110
190.253.181.209 - - [09/Jan/2015:01:00:25 -0500] "GET /galeria/bibloteca/ContentFlowAddOn_white.css HTTP/1.1" 200 3355
190.253.181.209 - - [09/Jan/2015:01:00:26 -0500] "GET /galeria/bibloteca/img/scrollbar_white.png HTTP/1.1" 200 82
190.253.181.209 - - [09/Jan/2015:01:00:26 -0500] "GET /galeria/bibloteca/img/loader.gif HTTP/1.1" 200 8238
190.253.181.209 - - [09/Jan/2015:01:00:26 -0500] "GET /galeria/bibloteca/img/slider_white.png HTTP/1.1" 200 178
190.253.181.209 - - [09/Jan/2015:01:00:27 -0500] "GET /galeria/bibloteca/img/scrollbar_black.png HTTP/1.1" 200 82
190.253.181.209 - - [09/Jan/2015:01:00:27 -0500] "GET /galeria/bibloteca/img/slider_black.png HTTP/1.1" 200 175
190.253.181.209 - - [09/Jan/2015:01:00:27 -0500] "GET /galeria/bibloteca/img/1x1_0.5_white.png HTTP/1.1" 200 82
190.253.181.209 - - [09/Jan/2015:01:00:27 -0500] "GET /galeria/bibloteca/img/ajax-loader.gif HTTP/1.1" 200 9427
66.249.64.167 - - [09/Jan/2015:01:01:04 -0500] "GET /BLA/resoluciones/RESOLUCIONES%202007/RES%202007%202801%20AL%202900/RESOLUCION%202809%20DE%202007.pdf HTTP/1.1" 200 383514
220.181.125.162 - - [09/Jan/2015:01:01:26 -0500] "GET /robots.txt HTTP/1.1" 404 1015
220.181.125.162 - - [09/Jan/2015:01:01:30 -0500] "GET / HTTP/1.1" 302 -
220.181.125.162 - - [09/Jan/2015:01:01:31 -0500] "GET /robots.txt HTTP/1.1" 404 1019
188.165.15.214 - - [09/Jan/2015:01:01:33 -0500] "GET /BLA/resoluciones/RESOLUCIONES%202003/RES%202003%201751-1800/20031774.tif HTTP/1.1" 200 1935748
220.181.125.162 - - [09/Jan/2015:01:01:51 -0500] "GET / HTTP/1.1" 302 -
66.249.64.171 - - [09/Jan/2015:01:02:17 -0500] "GET /Autoliquidacion/Cobro%20Clasificacion%20Uso%20De%20Vivenda%20En%20Suelo%20Restringido/COMPATIBILIDAD%20USO%20DE%20VIVIENDA/ HTTP/1.1" 200 1331
186.145.60.179 - - [09/Jan/2015:01:02:50 -0500] "GET /isolucionsda/FrameSetGeneral.asp?Pagina=Menu.asp&IdModulo=7 HTTP/1.1" 200 6455
186.145.60.179 - - [09/Jan/2015:01:02:50 -0500] "GET /isolucionsda/Encabezado.asp?Pagina=Menu.asp&IdModulo=7 HTTP/1.1" 200 15183
186.145.60.179 - - [09/Jan/2015:01:02:50 -0500] "GET /isolucionsda/BarraTitulos.asp?Pagina=Menu.asp&IdModulo=7 HTTP/1.1" 200 6865
186.145.60.179 - - [09/Jan/2015:01:02:50 -0500] "GET /isolucionsda/BarraFavoritos.asp HTTP/1.1" 200 911
186.145.60.179 - - [09/Jan/2015:01:02:50 -0500] "GET /isolucionsda/Session.asp?Continue=1 HTTP/1.1" 200 6196
186.145.60.179 - - [09/Jan/2015:01:02:50 -0500] "GET /isolucionsda/Menu.asp?Pagina=Menu.asp&IdModulo=7 HTTP/1.1" 200 30437
66.249.64.163 - - [09/Jan/2015:01:02:53 -0500] "GET /BLA/resoluciones/RESOLUCIONES%202005/RES%202005%201101-1150/00001115.tif HTTP/1.1" 200 135180
186.145.60.179 - - [09/Jan/2015:01:02:53 -0500] "GET /isolucionsda/FrameSetGeneral.asp?Pagina=FiltroNoConformidades.asp&Estado=Abiertas&PintarAuditorias=SI&EsAbierta=1&ConMenu=NO HTTP/1.1" 200 6667
186.145.60.179 - - [09/Jan/2015:01:02:53 -0500] "GET /isolucionsda/Encabezado.asp?Pagina=FiltroNoConformidades.asp&Estado=Abiertas&PintarAuditorias=SI&EsAbierta=1&ConMenu=NO HTTP/1.1" 200 15158
186.145.60.179 - - [09/Jan/2015:01:02:53 -0500] "GET /isolucionsda/BarraTitulos.asp?Pagina=FiltroNoConformidades.asp&Estado=Abiertas&PintarAuditorias=SI&EsAbierta=1&ConMenu=NO HTTP/1.1" 200 6865
186.145.60.179 - - [09/Jan/2015:01:02:53 -0500] "GET /isolucionsda/BarraFavoritos.asp HTTP/1.1" 200 911
186.145.60.179 - - [09/Jan/2015:01:02:53 -0500] "GET /isolucionsda/Session.asp?Continue=1 HTTP/1.1" 200 6196
186.145.60.179 - - [09/Jan/2015:01:02:53 -0500] "GET /isolucionsda/FiltroNoConformidades.asp?Pagina=FiltroNoConformidades.asp&Estado=Abiertas&PintarAuditorias=SI&EsAbierta=1&ConMenu=NO HTTP/1.1" 200 52515
186.145.60.179 - - [09/Jan/2015:01:02:57 -0500] "GET /isolucionsda/Jerarquia.asp?Tabla=Proceso&Form=Filtro&CampoDisplay=CodProcesoDisplayObjetoProceso&CampoHidden=CodProceso&bSubmit=True&items= HTTP/1.1" 200 10466
186.145.60.179 - - [09/Jan/2015:01:03:00 -0500] "POST /isolucionsda/Jerarquia.asp HTTP/1.1" 200 7996
186.145.60.179 - - [09/Jan/2015:01:03:00 -0500] "POST /isolucionsda/FiltroNoConformidades.asp?PintarAuditorias=SI&Usuario= HTTP/1.1" 200 50774
201.245.192.253 - - [09/Jan/2015:01:03:02 -0500] "GET /forest/session.jsp?a=0.7877259673295551 HTTP/1.1" 200 4
186.145.60.179 - - [09/Jan/2015:01:03:03 -0500] "POST /isolucionsda/FiltroNoConformidades.asp?buscar=&paginaactual=6 HTTP/1.1" 200 42159
186.145.60.179 - - [09/Jan/2015:01:03:05 -0500] "POST /isolucionsda/FiltroNoConformidades.asp?buscar=&paginaactual=5 HTTP/1.1" 200 50543
186.145.60.179 - - [09/Jan/2015:01:03:07 -0500] "GET /isolucionsda/NoConformidadISOlucion.asp?Id_NoConformidad=367&CodtipoNoConf=4 HTTP/1.1" 200 53476
186.113.73.94 - - [09/Jan/2015:01:03:24 -0500] "GET /BLA/boletinlegal/js/jquery.js HTTP/1.1" 200 57254
186.113.73.94 - - [09/Jan/2015:01:03:24 -0500] "GET /BLA/boletinlegal/js/jquery.scrollTo-min.js HTTP/1.1" 200 1150
186.113.73.94 - - [09/Jan/2015:01:03:24 -0500] "GET /BLA/boletinlegal/js/jquery.scrollShow.js HTTP/1.1" 200 4586
186.113.73.94 - - [09/Jan/2015:01:03:25 -0500] "GET /galeria/carrusel/Carrusel/jquery.thumbnailScroller.css HTTP/1.1" 200 2066
186.113.73.94 - - [09/Jan/2015:01:03:25 -0500] "GET /galeria/carrusel/Carrusel/jquery-ui-1.8.13.custom.min.js HTTP/1.1" 200 10800
186.113.73.94 - - [09/Jan/2015:01:03:26 -0500] "GET /galeria/carrusel/Carrusel/jquery.thumbnailScroller.js HTTP/1.1" 200 8157
66.249.64.39 - - [09/Jan/2015:01:03:28 -0500] "GET /PruebasSTORM/StormSDA_pruebas/userFiles/user_files/formatos/84.xml HTTP/1.1" 200 4448
74.86.158.107 - - [09/Jan/2015:01:03:29 -0500] "HEAD / HTTP/1.1" 302 -
66.249.64.171 - - [09/Jan/2015:01:03:30 -0500] "GET /BLA/resoluciones/RESOLUCIONES%202008/5287.pdf HTTP/1.1" 200 259243
186.113.73.94 - - [09/Jan/2015:01:03:31 -0500] "GET /galeria/nivo-slider/demo/demo.html HTTP/1.1" 200 3150
186.113.73.94 - - [09/Jan/2015:01:03:31 -0500] "GET /galeria/nivo-slider/themes/pascal/pascal.css HTTP/1.1" 200 2258
186.113.73.94 - - [09/Jan/2015:01:03:31 -0500] "GET /galeria/nivo-slider/themes/default/default.css HTTP/1.1" 200 1569
186.113.73.94 - - [09/Jan/2015:01:03:31 -0500] "GET /galeria/nivo-slider/themes/orman/orman.css HTTP/1.1" 200 2152
186.113.73.94 - - [09/Jan/2015:01:03:31 -0500] "GET /galeria/nivo-slider/nivo-slider.css HTTP/1.1" 200 1507
186.113.73.94 - - [09/Jan/2015:01:03:32 -0500] "GET /galeria/nivo-slider/demo/images/bolsas-08.jpg HTTP/1.1" 200 85589
186.113.73.94 - - [09/Jan/2015:01:03:32 -0500] "GET /galeria/nivo-slider/demo/style.css HTTP/1.1" 200 2222
186.113.73.94 - - [09/Jan/2015:01:03:32 -0500] "GET /galeria/nivo-slider/demo/images/Ruta-vertimientos-01.jpg HTTP/1.1" 200 130151
186.113.73.94 - - [09/Jan/2015:01:03:33 -0500] "GET /galeria/nivo-slider/demo/images/bolsas-06.jpg HTTP/1.1" 200 90982
186.113.73.94 - - [09/Jan/2015:01:03:33 -0500] "GET /galeria/nivo-slider/demo/images/porloshumedales.jpg HTTP/1.1" 200 351238
186.113.73.94 - - [09/Jan/2015:01:03:33 -0500] "GET /galeria/nivo-slider/demo/images/ecolecta-Dic2014.png HTTP/1.1" 200 288593
186.113.73.94 - - [09/Jan/2015:01:03:33 -0500] "GET /galeria/nivo-slider/demo/images/banner-redes.jpg HTTP/1.1" 200 62209
186.113.73.94 - - [09/Jan/2015:01:03:33 -0500] "GET /galeria/nivo-slider/demo/images/Tingua-azul.jpg HTTP/1.1" 200 307638
186.113.73.94 - - [09/Jan/2015:01:03:33 -0500] "GET /galeria/nivo-slider/demo/images/Banner-Caracol-Africano.jpg HTTP/1.1" 200 331986
186.113.73.94 - - [09/Jan/2015:01:03:34 -0500] "GET /galeria/nivo-slider/demo/images/banner-llantas2.jpg HTTP/1.1" 200 73153
186.113.73.94 - - [09/Jan/2015:01:03:34 -0500] "GET /galeria/nivo-slider/demo/images/9Signos.jpg HTTP/1.1" 200 93040
186.113.73.94 - - [09/Jan/2015:01:03:36 -0500] "GET /galeria/nivo-slider/demo/images/banner-caballos.png HTTP/1.1" 200 389106
186.113.73.94 - - [09/Jan/2015:01:03:36 -0500] "GET /galeria/nivo-slider/demo/scripts/jquery-1.7.1.min.js HTTP/1.1" 200 93868
186.113.73.94 - - [09/Jan/2015:01:03:37 -0500] "GET /galeria/nivo-slider/jquery.nivo.slider.pack.js HTTP/1.1" 200 11561
186.113.73.94 - - [09/Jan/2015:01:03:37 -0500] "GET /galeria/nivo-slider/demo/images/4Simple_Slider.png HTTP/1.1" 200 11722
186.113.73.94 - - [09/Jan/2015:01:03:37 -0500] "GET /galeria/nivo-slider/themes/default/loading.gif HTTP/1.1" 200 1737
186.113.73.94 - - [09/Jan/2015:01:03:38 -0500] "GET /galeria/nivo-slider/themes/default/arrows.png HTTP/1.1" 200 824
186.113.73.94 - - [09/Jan/2015:01:03:38 -0500] "GET /galeria/nivo-slider/themes/default/bullets.png HTTP/1.1" 200 1281
180.76.6.139 - - [09/Jan/2015:01:04:02 -0500] "GET /BLA/boletinlegal;jsessionid=B14B23BA7A30C3C70C0F60F08B81567D?/? HTTP/1.1" 404 1018
66.249.64.163 - - [09/Jan/2015:01:04:15 -0500] "GET /Autoliquidacion/Cobro%20Clasificacion%20Uso%20De%20Vivenda%20En%20Suelo%20Restringido/COMPATIBILIDAD%20USO%20DE%20VIVIENDA/Copia%20de%20anexo%204%20formulario%20compatibilidad%20de%20uso%20de%20vivienda%20en%20suelo%20restringido01.xls HTTP/1.1" 200 59392
152.61.128.66 - - [09/Jan/2015:01:04:42 -0500] "HEAD / HTTP/1.1" 302 -
152.61.128.66 - - [09/Jan/2015:01:04:42 -0500] "GET /arcgis/services/Calidad_del_Agua_WQI/MapServer/WMSServer?request=GetCapabilities&service=WMS HTTP/1.1" 200 32135
152.61.128.66 - - [09/Jan/2015:01:04:42 -0500] "GET /arcgis/services/Calidad_del_Agua_WQI/MapServer/WMSServer?request=GetCapabilities&service=WMS HTTP/1.0" 200 32135
66.249.64.167 - - [09/Jan/2015:01:04:44 -0500] "GET /BLA/resoluciones/RESOLUCIONES%202008/0601.pdf HTTP/1.1" 200 299496
152.61.128.66 - - [09/Jan/2015:01:04:43 -0500] "GET /arcgis/services/Calidad_del_Agua_WQI/MapServer/WMSServer?request=GetCapabilities&service=WMS HTTP/1.0" 200 32135
152.61.128.66 - - [09/Jan/2015:01:04:44 -0500] "GET /arcgis/services/Calidad_del_Agua_WQI/MapServer/WMSServer?request=GetCapabilities&service=WMS HTTP/1.0" 200 32135
152.61.128.66 - - [09/Jan/2015:01:04:46 -0500] "GET /arcgis/services/Calidad_del_Agua_WQI/MapServer/WMSServer?VERSION=1.1.1&REQUEST=GetMap&LAYERS=0&SRS=EPSG:4326&BBOX=-74.473395,3.674381,-73.963300,4.920569&WIDTH=250&HEIGHT=250&FORMAT=image/bmp&STYLES=& HTTP/1.1" 200 188054
201.245.192.253 - - [09/Jan/2015:01:04:52 -0500] "GET /forest/session.jsp?a=0.5117254540231835 HTTP/1.1" 200 4
66.249.64.163 - - [09/Jan/2015:01:04:59 -0500] "GET /BLA/resoluciones/AUTOS%202006/AUTOS%202006%20501-600/00000597.tif HTTP/1.1" 200 103310
186.145.60.179 - - [09/Jan/2015:01:05:15 -0500] "POST /isolucionsda/FiltroNoConformidades.asp?buscar=&paginaactual=6 HTTP/1.1" 200 42159
186.145.60.179 - - [09/Jan/2015:01:05:16 -0500] "GET /isolucionsda/NoConformidadISOlucion.asp?Id_NoConformidad=366&CodtipoNoConf=4 HTTP/1.1" 200 57027
66.249.64.167 - - [09/Jan/2015:01:05:56 -0500] "GET /BLA/resoluciones/AUTOS%202013/1959.pdf HTTP/1.1" 200 950952
66.249.64.167 - - [09/Jan/2015:01:05:58 -0500] "GET /BLA/resoluciones/AUTOS%202009/1743.pdf HTTP/1.1" 200 319206
180.76.5.149 - - [09/Jan/2015:01:06:54 -0500] "GET /BLA/resoluciones/RESOLUCIONES%202007/RES%202007%204001%20AL%204100/RESOLUCION%204075%20DE%202007.pdf HTTP/1.1" 200 831218
66.249.64.171 - - [09/Jan/2015:01:07:10 -0500] "GET /BLA/resoluciones/RESOLUCIONES%202010/1400.pdf HTTP/1.1" 200 573182
188.165.15.27 - - [09/Jan/2015:01:07:29 -0500] "GET /BLA/resoluciones/RESOLUCIONES%202004/RES%202004%20201-250/00000236.tif HTTP/1.1" 200 271096
201.245.192.253 - - [09/Jan/2015:01:08:02 -0500] "GET /forest/session.jsp?a=0.4582166466736166 HTTP/1.1" 200 4
66.249.64.167 - - [09/Jan/2015:01:08:23 -0500] "GET /BLA/resoluciones/RESOLUCIONES%202008/0991.pdf HTTP/1.1" 200 1280532
180.76.5.74 - - [09/Jan/2015:01:08:24 -0500] "GET /BLA/boletinlegal;jsessionid=5869ED1E2CA63BC47C001C6ED3300E63?/? HTTP/1.1" 404 1018
74.86.158.107 - - [09/Jan/2015:01:08:29 -0500] "HEAD / HTTP/1.1" 302 -
66.249.64.43 - - [09/Jan/2015:01:08:58 -0500] "GET /BLA/boletinlegal/jurisprudencia/analisis/Analisis%20Jurisprudencia%20Sent%202000-00005-01.doc HTTP/1.1" 304 -
66.249.64.39 - - [09/Jan/2015:01:09:37 -0500] "GET /BLA/boletinlegal/jurisprudencia/analisis/CUADRO%20ANALISIS%20SENTENCIA%20C-554%20DE%202007.doc HTTP/1.1" 304 -
201.245.192.253 - - [09/Jan/2015:01:09:52 -0500] "GET /forest/session.jsp?a=0.1575658000253961 HTTP/1.1" 200 4
188.165.15.97 - - [09/Jan/2015:01:10:21 -0500] "GET /BLA/resoluciones/RESOLUCIONES%202004/RES%202004%201451-1500/00001470.tif HTTP/1.1" 200 110032
68.180.229.40 - - [09/Jan/2015:01:10:37 -0500] "GET /BLA/boletinlegal/Circulares/2013/Circular%20No.%206%20del%2019%20de%20julio%20de%202013.pdf HTTP/1.1" 200 4210437
66.249.75.51 - - [09/Jan/2015:01:10:50 -0500] "GET /BLA/resoluciones/RESOLUCIONES%202008/1601.pdf HTTP/1.1" 200 521131
66.249.64.171 - - [09/Jan/2015:01:12:03 -0500] "GET /BLA/resoluciones/RESOLUCIONES%202010/0308.pdf HTTP/1.1" 200 643062
188.165.15.94 - - [09/Jan/2015:01:12:10 -0500] "GET /BLA/resoluciones/RESOLUCIONES%202006/RES%202006%202451-2500/00002475.tif HTTP/1.1" 200 239388
201.245.192.253 - - [09/Jan/2015:01:13:02 -0500] "GET /forest/session.jsp?a=0.5248348819259206 HTTP/1.1" 200 4
186.27.219.202 - - [09/Jan/2015:01:13:08 -0500] "GET /BLA/boletinlegal/js/jquery.scrollTo-min.js HTTP/1.1" 200 1150
186.27.219.202 - - [09/Jan/2015:01:13:08 -0500] "GET /BLA/boletinlegal/js/jquery.js HTTP/1.1" 200 57254
186.27.219.202 - - [09/Jan/2015:01:13:08 -0500] "GET /BLA/boletinlegal/js/jquery.scrollShow.js HTTP/1.1" 200 4586
66.249.64.163 - - [09/Jan/2015:01:13:16 -0500] "GET /BLA/resoluciones/AUTOS%202013/0167.pdf HTTP/1.1" 200 621223
74.86.158.107 - - [09/Jan/2015:01:13:29 -0500] "HEAD / HTTP/1.1" 302 -
66.249.64.171 - - [09/Jan/2015:01:14:29 -0500] "GET /BLA/resoluciones/RESOLUCIONES%202007/RES%202007%203901%20AL%204000/RESOLUCION%203958%20DE%202007.pdf HTTP/1.1" 200 485619
201.245.192.253 - - [09/Jan/2015:01:14:52 -0500] "GET /forest/session.jsp?a=0.4917155286645385 HTTP/1.1" 200 4
66.249.64.167 - - [09/Jan/2015:01:15:26 -0500] "GET /BLA/resoluciones/index.php?dir=RESOLUCIONES%202002/RES%202002%20101-150/&sort=size&order=desc HTTP/1.1" 200 12338
66.249.64.163 - - [09/Jan/2015:01:15:43 -0500] "GET /BLA/resoluciones/RESOLUCIONES%202007/RES%202007%201%20AL%20100/RESOLUCION%200085%20DE%202007.pdf HTTP/1.1" 200 262740
188.165.15.195 - - [09/Jan/2015:01:15:50 -0500] "GET /BLA/resoluciones/RESOLUCIONES%202003/RES%202003%20401-450/407.tif HTTP/1.1" 200 132304
100.43.85.25 - - [09/Jan/2015:01:16:35 -0500] "GET /videos/ambiente-ciudad/skin/blue.monday/jplayer.blue.monday.video.play.png HTTP/1.1" 200 17692
188.165.15.138 - - [09/Jan/2015:01:16:39 -0500] "GET /BLA/resoluciones/RESOLUCIONES%202004/RES%202004%202001-2050/00002016.tif HTTP/1.1" 200 107256
66.249.64.171 - - [09/Jan/2015:01:16:56 -0500] "GET /BLA/resoluciones/RESOLUCIONES%202010/6184.pdf HTTP/1.1" 304 -
188.165.15.97 - - [09/Jan/2015:01:17:31 -0500] "GET /BLA/resoluciones/RESOLUCIONES%202002/RES%202002%201301-1350/20021329.tif HTTP/1.1" 200 61142
188.165.15.97 - - [09/Jan/2015:01:17:35 -0500] "GET /BLA/resoluciones/RESOLUCIONES%202005/RES%202005%20%201701-1750/00001739.tif HTTP/1.1" 200 220696
152.61.128.66 - - [09/Jan/2015:01:17:43 -0500] "HEAD / HTTP/1.1" 302 -
152.61.128.66 - - [09/Jan/2015:01:17:43 -0500] "GET /arcgis/services/Calidad_del_Agua_WQI/MapServer/WMSServer?SERVICE=WMS&REQUEST=GetCapabilities HTTP/1.1" 200 32135
152.61.128.66 - - [09/Jan/2015:01:17:44 -0500] "GET /arcgis/services/Calidad_del_Agua_WQI/MapServer/WMSServer?SERVICE=WMS&REQUEST=GetCapabilities HTTP/1.0" 200 32135
152.61.128.66 - - [09/Jan/2015:01:17:45 -0500] "GET /arcgis/services/Calidad_del_Agua_WQI/MapServer/WMSServer?SERVICE=WMS&REQUEST=GetCapabilities HTTP/1.0" 200 32135
152.61.128.66 - - [09/Jan/2015:01:17:46 -0500] "GET /arcgis/services/Calidad_del_Agua_WQI/MapServer/WMSServer?SERVICE=WMS&REQUEST=GetCapabilities HTTP/1.0" 200 32135
152.61.128.66 - - [09/Jan/2015:01:17:47 -0500] "GET /arcgis/services/Calidad_del_Agua_WQI/MapServer/WMSServer?VERSION=1.1.1&REQUEST=GetMap&LAYERS=0&SRS=EPSG:4326&BBOX=-74.473395,3.674381,-73.963300,4.920569&WIDTH=250&HEIGHT=250&FORMAT=image/bmp&STYLES=& HTTP/1.1" 200 188054
188.165.15.196 - - [09/Jan/2015:01:17:51 -0500] "GET /BLA/resoluciones/RESOLUCIONES%202006/RES%202006%20401-450/00000402.tif HTTP/1.1" 200 66886
201.245.192.253 - - [09/Jan/2015:01:18:02 -0500] "GET /forest/session.jsp?a=0.5127207230435266 HTTP/1.1" 200 4
66.249.64.171 - - [09/Jan/2015:01:18:09 -0500] "GET /BLA/resoluciones/RESOLUCIONES%202007/RES%202007%204101%20AL%204200/RESOLUCION%204187%20DE%202007.pdf HTTP/1.1" 304 -
74.86.158.107 - - [09/Jan/2015:01:18:29 -0500] "HEAD / HTTP/1.1" 302 -
66.249.64.163 - - [09/Jan/2015:01:19:22 -0500] "GET /BLA/resoluciones/AUTOS%202011/1877.pdf HTTP/1.1" 304 -
66.249.64.43 - - [09/Jan/2015:01:19:27 -0500] "GET /portalsiaccapacitaciones/Soportes%20Capacitaciones%20A%C3%B1o%202013/0048.%20Presentaci%C3%B3n%20TetraPak%2017-10-2013.pdf HTTP/1.1" 200 1254875
201.245.192.253 - - [09/Jan/2015:01:19:52 -0500] "GET /forest/session.jsp?a=0.13083029031689142 HTTP/1.1" 200 4
188.165.15.97 - - [09/Jan/2015:01:20:12 -0500] "GET /BLA/resoluciones/RESOLUCIONES%202005/RES%202005%201451-1500/00001457.tif HTTP/1.1" 200 207022
66.249.64.167 - - [09/Jan/2015:01:20:35 -0500] "GET /BLA/resoluciones/AUTOS%202013/0539.pdf HTTP/1.1" 304 -
104.154.22.32 - - [09/Jan/2015:01:20:47 -0500] "GET /BLA/boletinlegal/js/jquery.scrollTo-min.js HTTP/1.1" 200 1150
104.154.22.32 - - [09/Jan/2015:01:20:47 -0500] "GET /BLA/boletinlegal/js/jquery.js HTTP/1.1" 200 57254
104.154.22.32 - - [09/Jan/2015:01:20:47 -0500] "GET /galeria/carrusel/Carrusel/jquery.thumbnailScroller.css HTTP/1.1" 200 2066
104.154.22.32 - - [09/Jan/2015:01:20:47 -0500] "GET /BLA/boletinlegal/js/jquery.scrollShow.js HTTP/1.1" 200 4586
104.154.22.32 - - [09/Jan/2015:01:20:47 -0500] "GET /galeria/carrusel/Carrusel/jquery-ui-1.8.13.custom.min.js HTTP/1.1" 200 10800
104.154.22.32 - - [09/Jan/2015:01:20:47 -0500] "GET /galeria/carrusel/Carrusel/jquery.thumbnailScroller.js HTTP/1.1" 200 8157
188.165.15.138 - - [09/Jan/2015:01:20:58 -0500] "GET /BLA/resoluciones/RESOLUCIONES%202003/RES%202003%202051-2100/00002064.tif HTTP/1.1" 200 246774
66.249.64.163 - - [09/Jan/2015:01:21:49 -0500] "GET /BLA/resoluciones/AUTOS%202013/0067.pdf HTTP/1.1" 304 -
66.249.64.167 - - [09/Jan/2015:01:23:02 -0500] "GET /BLA/resoluciones/RESOLUCIONES%202013/0908.pdf HTTP/1.1" 304 -
201.245.192.253 - - [09/Jan/2015:01:23:02 -0500] "GET /forest/session.jsp?a=0.9690902155423666 HTTP/1.1" 200 4
74.86.158.107 - - [09/Jan/2015:01:23:29 -0500] "HEAD / HTTP/1.1" 302 -
188.165.15.196 - - [09/Jan/2015:01:23:40 -0500] "GET /BLA/resoluciones/RESOLUCIONES%202004/RES%202004%20501-550/00000519.tif HTTP/1.1" 200 97838
157.55.39.66 - - [09/Jan/2015:01:23:42 -0500] "GET /dama/libreria/pdf/anexossiac/Proyecto%20Decreto%20Acueducto.pdf HTTP/1.1" 404 1019
74.86.158.107 - - [09/Jan/2015:01:24:07 -0500] "GET / HTTP/1.1" 302 -
66.249.64.167 - - [09/Jan/2015:01:24:15 -0500] "GET /BLA/resoluciones/RESOLUCIONES%202007/RES%202007%202201%20AL%202300/RESOLUCION%202293%20DE%202007.pdf HTTP/1.1" 200 763025
188.165.15.27 - - [09/Jan/2015:01:24:24 -0500] "GET /BLA/resoluciones/index.php?dir=RESOLUCIONES%202002/RES%202002%20401-450/&sort=date&order=desc HTTP/1.1" 200 12023
178.62.52.237 - - [09/Jan/2015:01:24:45 -0500] "GET / HTTP/1.1" 302 -
122.248.234.23 - - [09/Jan/2015:01:24:46 -0500] "GET / HTTP/1.1" 302 -
201.245.192.253 - - [09/Jan/2015:01:24:52 -0500] "GET /forest/session.jsp?a=0.32322995467645477 HTTP/1.1" 200 4
66.249.64.163 - - [09/Jan/2015:01:25:28 -0500] "GET /BLA/resoluciones/RESOLUCIONES%202007/RES%202007%202001%20AL%202100/RESOLUCION%202037%20DE%202007.pdf HTTP/1.1" 200 438015
66.249.64.39 - - [09/Jan/2015:01:26:42 -0500] "GET /ecodirectorio/files/res/pages/page_0119.swf HTTP/1.1" 200 153212
188.165.15.214 - - [09/Jan/2015:01:27:25 -0500] "GET /BLA/resoluciones/RESOLUCIONES%202004/RES%202004%20451-500/00000495.tif HTTP/1.1" 200 205664
152.61.193.99 - - [09/Jan/2015:01:27:27 -0500] "HEAD / HTTP/1.1" 302 -
152.61.193.99 - - [09/Jan/2015:01:27:27 -0500] "GET /arcgis/services/Calidad_del_Agua_WQI/MapServer/WMSServer?request=GetCapabilities&service=WMS HTTP/1.1" 200 32135
152.61.193.99 - - [09/Jan/2015:01:27:28 -0500] "GET /arcgis/services/Calidad_del_Agua_WQI/MapServer/WMSServer?request=GetCapabilities&service=WMS HTTP/1.1" 200 32135
152.61.193.99 - - [09/Jan/2015:01:27:28 -0500] "GET /arcgis/services/Calidad_del_Agua_WQI/MapServer/WMSServer?request=GetCapabilities&service=WMS HTTP/1.1" 200 32135
152.61.193.99 - - [09/Jan/2015:01:27:29 -0500] "GET /arcgis/services/Calidad_del_Agua_WQI/MapServer/WMSServer?request=GetCapabilities&service=WMS HTTP/1.1" 200 32135
188.165.15.138 - - [09/Jan/2015:01:27:30 -0500] "GET /BLA/resoluciones/RESOLUCIONES%202006/RES%202006%20751-800/00000780.tif HTTP/1.1" 200 328248
152.61.193.99 - - [09/Jan/2015:01:27:29 -0500] "GET /arcgis/services/Calidad_del_Agua_WQI/MapServer/WMSServer?VERSION=1.1.1&REQUEST=GetMap&LAYERS=0&SRS=EPSG:4326&BBOX=-74.473395,3.674381,-73.963300,4.920569&WIDTH=250&HEIGHT=250&FORMAT=image/bmp&STYLES=& HTTP/1.1" 200 188054
198.36.87.81 - - [09/Jan/2015:01:27:41 -0500] "GET /galeria/nivo-slider/demo/images/banner-fnl.jpg HTTP/1.1" 304 -
188.165.15.138 - - [09/Jan/2015:01:27:47 -0500] "GET /BLA/resoluciones/RESOLUCIONES%202005/RES%202005%202951-3000/00002953.tif HTTP/1.1" 200 39788
66.249.64.171 - - [09/Jan/2015:01:27:55 -0500] "GET /BLA/resoluciones/RESOLUCIONES%202007/RES%202007%201401%20AL%201500/RESOLUCION%201437%20DE%202007.pdf HTTP/1.1" 304 -
201.245.192.253 - - [09/Jan/2015:01:28:02 -0500] "GET /forest/session.jsp?a=0.88790990818497 HTTP/1.1" 200 4
188.165.15.90 - - [09/Jan/2015:01:28:08 -0500] "GET /BLA/resoluciones/RESOLUCIONES%202004/RES%202004%20751-800/00000766.tif HTTP/1.1" 200 183586
66.249.64.167 - - [09/Jan/2015:01:28:29 -0500] "GET /BLA/resoluciones/RESOLUCIONES%202007/RES%202007%201101%20AL%201200/RESOLUCION%201112%20DE%202007.pdf HTTP/1.1" 200 301708
152.61.193.99 - - [09/Jan/2015:01:28:40 -0500] "HEAD / HTTP/1.1" 302 -
152.61.193.99 - - [09/Jan/2015:01:28:40 -0500] "GET /arcgis/services/Calidad_del_Agua_WQI/MapServer/WMSServer?SERVICE=WMS&REQUEST=GetCapabilities HTTP/1.1" 200 32135
152.61.193.99 - - [09/Jan/2015:01:28:41 -0500] "GET /arcgis/services/Calidad_del_Agua_WQI/MapServer/WMSServer?SERVICE=WMS&REQUEST=GetCapabilities HTTP/1.1" 200 32135
152.61.193.99 - - [09/Jan/2015:01:28:41 -0500] "GET /arcgis/services/Calidad_del_Agua_WQI/MapServer/WMSServer?SERVICE=WMS&REQUEST=GetCapabilities HTTP/1.1" 200 32135
152.61.193.99 - - [09/Jan/2015:01:28:42 -0500] "GET /arcgis/services/Calidad_del_Agua_WQI/MapServer/WMSServer?SERVICE=WMS&REQUEST=GetCapabilities HTTP/1.1" 200 32135
152.61.193.99 - - [09/Jan/2015:01:28:43 -0500] "GET /arcgis/services/Calidad_del_Agua_WQI/MapServer/WMSServer?VERSION=1.1.1&REQUEST=GetMap&LAYERS=0&SRS=EPSG:4326&BBOX=-74.473395,3.674381,-73.963300,4.920569&WIDTH=250&HEIGHT=250&FORMAT=image/bmp&STYLES=& HTTP/1.1" 200 188054
186.145.60.179 - - [09/Jan/2015:01:28:48 -0500] "GET /isolucionsda/g/Bot_AdministradorOver.jpg HTTP/1.1" 200 1630
186.145.60.179 - - [09/Jan/2015:01:28:50 -0500] "GET /isolucionsda/FrameSetGeneral.asp?Pagina=Menu.asp&IdModulo=7 HTTP/1.1" 200 146
188.165.15.196 - - [09/Jan/2015:01:28:53 -0500] "GET /BLA/resoluciones/RESOLUCIONES%202006/RES%202006%201601-1650/00001646.tif HTTP/1.1" 200 127880
66.249.64.171 - - [09/Jan/2015:01:29:04 -0500] "GET /BLA/resoluciones/AUTOS%202013/1486.pdf HTTP/1.1" 200 395641
74.86.158.107 - - [09/Jan/2015:01:29:07 -0500] "HEAD / HTTP/1.1" 302 -
66.249.64.167 - - [09/Jan/2015:01:29:08 -0500] "GET /BLA/resoluciones/RESOLUCIONES%202012/1440.pdf HTTP/1.1" 200 412532
186.145.60.179 - - [09/Jan/2015:01:29:13 -0500] "GET /isolucionsda/ HTTP/1.1" 200 739
186.145.60.179 - - [09/Jan/2015:01:29:15 -0500] "GET /isolucionsda/IdentificaUsuario.asp?Pagina1=FrameSetGeneral.asp& HTTP/1.1" 200 4997
188.165.15.27 - - [09/Jan/2015:01:29:15 -0500] "GET /BLA/resoluciones/RESOLUCIONES%202003/RES%202003%20001-050/2003RES38.tif HTTP/1.1" 200 296792
186.145.60.179 - - [09/Jan/2015:01:29:16 -0500] "POST /isolucionsda/IdentificaUsuario.asp?Pagina1=FrameSetGeneral.asp& HTTP/1.1" 302 173
186.145.60.179 - - [09/Jan/2015:01:29:16 -0500] "GET /isolucionsda/FrameSetGeneral.asp?Pagina1=FrameSetGeneral.asp& HTTP/1.1" 200 6485
186.145.60.179 - - [09/Jan/2015:01:29:16 -0500] "GET /isolucionsda/Encabezado.asp?Pagina1=FrameSetGeneral.asp&&Pagina=MagazinHome.asp HTTP/1.1" 200 15182
186.145.60.179 - - [09/Jan/2015:01:29:16 -0500] "GET /isolucionsda/BarraTitulos.asp?Pagina1=FrameSetGeneral.asp&&Pagina=MagazinHome.asp HTTP/1.1" 200 6844
186.145.60.179 - - [09/Jan/2015:01:29:16 -0500] "GET /isolucionsda/BarraFavoritos.asp HTTP/1.1" 200 911
186.145.60.179 - - [09/Jan/2015:01:29:16 -0500] "GET /isolucionsda/MagazinHome.asp HTTP/1.1" 200 27971
186.145.60.179 - - [09/Jan/2015:01:29:17 -0500] "GET /isolucionsda/Session.asp?Continue=1 HTTP/1.1" 200 6196
186.145.60.179 - - [09/Jan/2015:01:29:17 -0500] "GET /isolucionsda/g/Bgr_Destacado3399CC.jpg HTTP/1.1" 404 5217
186.145.60.179 - - [09/Jan/2015:01:29:17 -0500] "GET /isolucionsda/TareasSFRedirect.asp HTTP/1.1" 302 195
