201.184.95.190 - - [09/Jan/2015:00:12:23 -0500] "POST /forms/lservlet;jsessionid=ac16012b30d54c4b28d95df74871936095efca9bedb3.e3iSbxaKaheRe34SahiRb30Pchr0n6jAmljGr5XDqQLvpAe HTTP/1.1" 200 4503
201.184.95.190 - - [09/Jan/2015:00:12:24 -0500] "POST /forms/lservlet;jsessionid=ac16012b30d54c4b28d95df74871936095efca9bedb3.e3iSbxaKaheRe34SahiRb30Pchr0n6jAmljGr5XDqQLvpAe HTTP/1.1" 200 2
201.184.95.190 - - [09/Jan/2015:00:12:27 -0500] "POST /forms/lservlet;jsessionid=ac16012b30d54c4b28d95df74871936095efca9bedb3.e3iSbxaKaheRe34SahiRb30Pchr0n6jAmljGr5XDqQLvpAe HTTP/1.1" 200 80
201.184.95.190 - - [09/Jan/2015:00:12:35 -0500] "POST /forms/lservlet;jsessionid=ac16012b30d54c4b28d95df74871936095efca9bedb3.e3iSbxaKaheRe34SahiRb30Pchr0n6jAmljGr5XDqQLvpAe HTTP/1.1" 200 77
201.184.95.190 - - [09/Jan/2015:00:12:40 -0500] "POST /forms/lservlet;jsessionid=ac16012b30d54c4b28d95df74871936095efca9bedb3.e3iSbxaKaheRe34SahiRb30Pchr0n6jAmljGr5XDqQLvpAe HTTP/1.1" 200 73
201.184.95.190 - - [09/Jan/2015:00:12:59 -0500] "POST /forms/lservlet;jsessionid=ac16012b30d54c4b28d95df74871936095efca9bedb3.e3iSbxaKaheRe34SahiRb30Pchr0n6jAmljGr5XDqQLvpAe HTTP/1.1" 200 66
201.184.95.190 - - [09/Jan/2015:00:13:00 -0500] "POST /forms/lservlet;jsessionid=ac16012b30d54c4b28d95df74871936095efca9bedb3.e3iSbxaKaheRe34SahiRb30Pchr0n6jAmljGr5XDqQLvpAe HTTP/1.1" 200 2
201.184.95.190 - - [09/Jan/2015:00:13:00 -0500] "POST /forms/lservlet;jsessionid=ac16012b30d54c4b28d95df74871936095efca9bedb3.e3iSbxaKaheRe34SahiRb30Pchr0n6jAmljGr5XDqQLvpAe HTTP/1.1" 200 2298
201.184.95.190 - - [09/Jan/2015:00:13:00 -0500] "POST /forms/lservlet;jsessionid=ac16012b30d54c4b28d95df74871936095efca9bedb3.e3iSbxaKaheRe34SahiRb30Pchr0n6jAmljGr5XDqQLvpAe HTTP/1.1" 200 10
201.245.192.253 - - [09/Jan/2015:00:13:01 -0500] "GET /forest/session.jsp?a=0.730741339721358 HTTP/1.1" 200 4
201.184.95.190 - - [09/Jan/2015:00:13:02 -0500] "POST /forms/lservlet;jsessionid=ac16012b30d54c4b28d95df74871936095efca9bedb3.e3iSbxaKaheRe34SahiRb30Pchr0n6jAmljGr5XDqQLvpAe HTTP/1.1" 200 24
201.184.95.190 - - [09/Jan/2015:00:13:02 -0500] "POST /forms/lservlet;jsessionid=ac16012b30d54c4b28d95df74871936095efca9bedb3.e3iSbxaKaheRe34SahiRb30Pchr0n6jAmljGr5XDqQLvpAe HTTP/1.1" 200 4401
201.184.95.190 - - [09/Jan/2015:00:13:03 -0500] "POST /forms/lservlet;jsessionid=ac16012b30d54c4b28d95df74871936095efca9bedb3.e3iSbxaKaheRe34SahiRb30Pchr0n6jAmljGr5XDqQLvpAe HTTP/1.1" 200 2
201.184.95.190 - - [09/Jan/2015:00:13:05 -0500] "POST /forms/lservlet;jsessionid=ac16012b30d54c4b28d95df74871936095efca9bedb3.e3iSbxaKaheRe34SahiRb30Pchr0n6jAmljGr5XDqQLvpAe HTTP/1.1" 200 2
201.184.95.190 - - [09/Jan/2015:00:13:05 -0500] "POST /forms/lservlet;jsessionid=ac16012b30d54c4b28d95df74871936095efca9bedb3.e3iSbxaKaheRe34SahiRb30Pchr0n6jAmljGr5XDqQLvpAe HTTP/1.1" 200 14
66.249.64.171 - - [09/Jan/2015:00:13:07 -0500] "GET /BLA/resoluciones/RESOLUCIONES%202009/9825.pdf HTTP/1.1" 304 -
201.184.95.190 - - [09/Jan/2015:00:13:06 -0500] "POST /forms/lservlet;jsessionid=ac16012b30d54c4b28d95df74871936095efca9bedb3.e3iSbxaKaheRe34SahiRb30Pchr0n6jAmljGr5XDqQLvpAe HTTP/1.1" 200 131
201.184.95.190 - - [09/Jan/2015:00:13:07 -0500] "POST /forms/lservlet;jsessionid=ac16012b30d54c4b28d95df74871936095efca9bedb3.e3iSbxaKaheRe34SahiRb30Pchr0n6jAmljGr5XDqQLvpAe HTTP/1.1" 200 2
201.184.95.190 - - [09/Jan/2015:00:13:07 -0500] "GET /reports/rwservlet/getjobid340062?server=rep_srvapsda HTTP/1.1" 200 968999
66.249.64.163 - - [09/Jan/2015:00:13:29 -0500] "GET /BLA/resoluciones/RESOLUCIONES%202007/RES%202007%20301%20AL%20400/RESOLUCION%200379%20DE%202007.pdf HTTP/1.1" 304 -
74.86.158.107 - - [09/Jan/2015:00:13:30 -0500] "HEAD / HTTP/1.1" 302 -
66.249.64.43 - - [09/Jan/2015:00:13:32 -0500] "GET /Anexos%20estudio%20Organizacional%20SDA/index.php?dir=ANEXO%20No.%201-%20NORMAS%20LEGALES%20DE%20ESTRUCTURA%20Y%20PLANTA/RESE%D1A%20HIST%D3RICA%20SDA-NORMAS/Decreto%20562%20de%202006%20-%20Establece%20planta%20de%20cargos%20de%20SDA.jsp_files/&sort=name&order=desc HTTP/1.1" 200 11292
186.145.60.179 - - [09/Jan/2015:00:13:47 -0500] "GET /isolucionsda/NoConformidadISOlucion.asp?Id_NoConformidad=596&CodtipoNoConf=4 HTTP/1.1" 200 43472
186.145.60.179 - - [09/Jan/2015:00:13:58 -0500] "POST /isolucionsda/NoConformidadISOlucion.asp HTTP/1.1" 200 44530
201.184.95.190 - - [09/Jan/2015:00:14:20 -0500] "POST /forms/lservlet;jsessionid=ac16012b30d54c4b28d95df74871936095efca9bedb3.e3iSbxaKaheRe34SahiRb30Pchr0n6jAmljGr5XDqQLvpAe HTTP/1.1" 200 2
211.244.83.215 - - [09/Jan/2015:00:14:31 -0500] "GET /robots.txt HTTP/1.1" 404 1243
211.244.83.215 - - [09/Jan/2015:00:14:32 -0500] "GET /galeria/nivo-slider/demo/demo.html HTTP/1.1" 200 3150
178.255.215.77 - - [09/Jan/2015:00:14:35 -0500] "GET /robots.txt HTTP/1.1" 404 1019
178.255.215.77 - - [09/Jan/2015:00:14:35 -0500] "GET /BLA/ HTTP/1.1" 200 538
66.249.64.167 - - [09/Jan/2015:00:14:42 -0500] "GET /BLA/resoluciones/RESOLUCIONES%202009/8490.pdf HTTP/1.1" 304 -
201.245.192.253 - - [09/Jan/2015:00:14:51 -0500] "GET /forest/session.jsp?a=0.4240272995018325 HTTP/1.1" 200 4
186.145.60.179 - - [09/Jan/2015:00:14:58 -0500] "POST /isolucionsda/NoConformidadISOlucion.asp HTTP/1.1" 200 44312
186.145.60.179 - - [09/Jan/2015:00:15:07 -0500] "GET /isolucionsda/BuscarUsuarios.asp?Tabla=Usuario&Form=NoConformidadISOlucion&CampoHidden=AccionResponsable1&CampoDisplay=AccionResponsable_Display1&items=undefinedundefined&primeravez=true&ListaSucursales=1 HTTP/1.1" 200 17223
201.184.95.190 - - [09/Jan/2015:00:15:30 -0500] "POST /forms/lservlet;jsessionid=ac16012b30d54c4b28d95df74871936095efca9bedb3.e3iSbxaKaheRe34SahiRb30Pchr0n6jAmljGr5XDqQLvpAe HTTP/1.1" 200 85
201.184.95.190 - - [09/Jan/2015:00:15:36 -0500] "POST /forms/lservlet;jsessionid=ac16012b30d54c4b28d95df74871936095efca9bedb3.e3iSbxaKaheRe34SahiRb30Pchr0n6jAmljGr5XDqQLvpAe HTTP/1.1" 200 77
201.184.95.190 - - [09/Jan/2015:00:15:40 -0500] "POST /forms/lservlet;jsessionid=ac16012b30d54c4b28d95df74871936095efca9bedb3.e3iSbxaKaheRe34SahiRb30Pchr0n6jAmljGr5XDqQLvpAe HTTP/1.1" 200 73
66.249.64.163 - - [09/Jan/2015:00:15:55 -0500] "GET /BLA/resoluciones/AUTOS%202010/0867.pdf HTTP/1.1" 200 293578
186.145.60.179 - - [09/Jan/2015:00:16:02 -0500] "GET /isolucionsda/CalendarioDisplayHidden.asp?Form=NoConformidadISOlucion&Campo=FechaAccion1&Campo1=FechaAccion1_Display HTTP/1.1" 200 15739
186.145.60.179 - - [09/Jan/2015:00:16:02 -0500] "GET /isolucionsda/g/vacio1x1.gif HTTP/1.1" 404 5195
186.145.60.179 - - [09/Jan/2015:00:16:02 -0500] "GET /isolucionsda/Graficas/line.gif HTTP/1.1" 404 5201
186.145.60.179 - - [09/Jan/2015:00:16:04 -0500] "GET /isolucionsda/CalendarioDisplayHidden.asp?Form=NoConformidadISOlucion&Campo=FechaAccion1&Campo1=FechaAccion1_Display&month=2&year=2015 HTTP/1.1" 200 14933
186.145.60.179 - - [09/Jan/2015:00:16:04 -0500] "GET /isolucionsda/g/vacio1x1.gif HTTP/1.1" 404 5195
186.145.60.179 - - [09/Jan/2015:00:16:04 -0500] "GET /isolucionsda/Graficas/line.gif HTTP/1.1" 404 5201
186.145.60.179 - - [09/Jan/2015:00:16:05 -0500] "GET /isolucionsda/CalendarioDisplayHidden.asp?Form=NoConformidadISOlucion&Campo=FechaAccion1&Campo1=FechaAccion1_Display&month=3&year=2015 HTTP/1.1" 200 15732
186.145.60.179 - - [09/Jan/2015:00:16:05 -0500] "GET /isolucionsda/Graficas/line.gif HTTP/1.1" 404 5201
186.145.60.179 - - [09/Jan/2015:00:16:05 -0500] "GET /isolucionsda/g/vacio1x1.gif HTTP/1.1" 404 5195
186.145.60.179 - - [09/Jan/2015:00:16:05 -0500] "GET /isolucionsda/CalendarioDisplayHidden.asp?Form=NoConformidadISOlucion&Campo=FechaAccion1&Campo1=FechaAccion1_Display&month=4&year=2015 HTTP/1.1" 200 15650
186.145.60.179 - - [09/Jan/2015:00:16:05 -0500] "GET /isolucionsda/Graficas/line.gif HTTP/1.1" 404 5201
186.145.60.179 - - [09/Jan/2015:00:16:05 -0500] "GET /isolucionsda/g/vacio1x1.gif HTTP/1.1" 404 5195
201.184.95.190 - - [09/Jan/2015:00:16:06 -0500] "POST /forms/lservlet;jsessionid=ac16012b30d54c4b28d95df74871936095efca9bedb3.e3iSbxaKaheRe34SahiRb30Pchr0n6jAmljGr5XDqQLvpAe HTTP/1.1" 200 66
186.145.60.179 - - [09/Jan/2015:00:16:06 -0500] "GET /isolucionsda/CalendarioDisplayHidden.asp?Form=NoConformidadISOlucion&Campo=FechaAccion1&Campo1=FechaAccion1_Display&month=5&year=2015 HTTP/1.1" 200 16282
186.145.60.179 - - [09/Jan/2015:00:16:06 -0500] "GET /isolucionsda/Graficas/line.gif HTTP/1.1" 404 5201
186.145.60.179 - - [09/Jan/2015:00:16:06 -0500] "GET /isolucionsda/g/vacio1x1.gif HTTP/1.1" 404 5195
66.249.64.171 - - [09/Jan/2015:00:16:06 -0500] "GET /BLA/resoluciones/AUTOS%202010/4648.pdf HTTP/1.1" 304 -
201.184.95.190 - - [09/Jan/2015:00:16:07 -0500] "POST /forms/lservlet;jsessionid=ac16012b30d54c4b28d95df74871936095efca9bedb3.e3iSbxaKaheRe34SahiRb30Pchr0n6jAmljGr5XDqQLvpAe HTTP/1.1" 200 2
201.184.95.190 - - [09/Jan/2015:00:16:07 -0500] "POST /forms/lservlet;jsessionid=ac16012b30d54c4b28d95df74871936095efca9bedb3.e3iSbxaKaheRe34SahiRb30Pchr0n6jAmljGr5XDqQLvpAe HTTP/1.1" 200 2364
186.145.60.179 - - [09/Jan/2015:00:16:07 -0500] "GET /isolucionsda/CalendarioDisplayHidden.asp?Form=NoConformidadISOlucion&Campo=FechaAccion1&Campo1=FechaAccion1_Display&month=6&year=2015 HTTP/1.1" 200 15647
186.145.60.179 - - [09/Jan/2015:00:16:07 -0500] "GET /isolucionsda/Graficas/line.gif HTTP/1.1" 404 5201
186.145.60.179 - - [09/Jan/2015:00:16:07 -0500] "GET /isolucionsda/g/vacio1x1.gif HTTP/1.1" 404 5195
201.184.95.190 - - [09/Jan/2015:00:16:07 -0500] "POST /forms/lservlet;jsessionid=ac16012b30d54c4b28d95df74871936095efca9bedb3.e3iSbxaKaheRe34SahiRb30Pchr0n6jAmljGr5XDqQLvpAe HTTP/1.1" 200 10
201.184.95.190 - - [09/Jan/2015:00:16:09 -0500] "POST /forms/lservlet;jsessionid=ac16012b30d54c4b28d95df74871936095efca9bedb3.e3iSbxaKaheRe34SahiRb30Pchr0n6jAmljGr5XDqQLvpAe HTTP/1.1" 200 24
201.184.95.190 - - [09/Jan/2015:00:16:09 -0500] "POST /forms/lservlet;jsessionid=ac16012b30d54c4b28d95df74871936095efca9bedb3.e3iSbxaKaheRe34SahiRb30Pchr0n6jAmljGr5XDqQLvpAe HTTP/1.1" 200 4419
201.184.95.190 - - [09/Jan/2015:00:16:10 -0500] "POST /forms/lservlet;jsessionid=ac16012b30d54c4b28d95df74871936095efca9bedb3.e3iSbxaKaheRe34SahiRb30Pchr0n6jAmljGr5XDqQLvpAe HTTP/1.1" 200 2
201.184.95.190 - - [09/Jan/2015:00:16:11 -0500] "POST /forms/lservlet;jsessionid=ac16012b30d54c4b28d95df74871936095efca9bedb3.e3iSbxaKaheRe34SahiRb30Pchr0n6jAmljGr5XDqQLvpAe HTTP/1.1" 200 2
201.184.95.190 - - [09/Jan/2015:00:16:11 -0500] "POST /forms/lservlet;jsessionid=ac16012b30d54c4b28d95df74871936095efca9bedb3.e3iSbxaKaheRe34SahiRb30Pchr0n6jAmljGr5XDqQLvpAe HTTP/1.1" 200 14
201.184.95.190 - - [09/Jan/2015:00:16:12 -0500] "POST /forms/lservlet;jsessionid=ac16012b30d54c4b28d95df74871936095efca9bedb3.e3iSbxaKaheRe34SahiRb30Pchr0n6jAmljGr5XDqQLvpAe HTTP/1.1" 200 112
201.184.95.190 - - [09/Jan/2015:00:16:12 -0500] "POST /forms/lservlet;jsessionid=ac16012b30d54c4b28d95df74871936095efca9bedb3.e3iSbxaKaheRe34SahiRb30Pchr0n6jAmljGr5XDqQLvpAe HTTP/1.1" 200 2
201.184.95.190 - - [09/Jan/2015:00:16:13 -0500] "GET /reports/rwservlet/getjobid340063?server=rep_srvapsda HTTP/1.1" 200 415084
201.184.95.190 - - [09/Jan/2015:00:16:20 -0500] "POST /forms/lservlet;jsessionid=ac16012b30d54c4b28d95df74871936095efca9bedb3.e3iSbxaKaheRe34SahiRb30Pchr0n6jAmljGr5XDqQLvpAe HTTP/1.1" 200 2
188.186.83.165 - - [09/Jan/2015:00:16:20 -0500] "GET / HTTP/1.0" 302 -
186.145.60.179 - - [09/Jan/2015:00:16:19 -0500] "POST /isolucionsda/NoConformidadISOlucion.asp HTTP/1.1" 200 47241
180.76.6.51 - - [09/Jan/2015:00:16:20 -0500] "GET /videos/NuestraGente_Lafiestadelsol.flv HTTP/1.1" 200 95150867
201.184.95.190 - - [09/Jan/2015:00:16:32 -0500] "POST /forms/lservlet;jsessionid=ac16012b30d54c4b28d95df74871936095efca9bedb3.e3iSbxaKaheRe34SahiRb30Pchr0n6jAmljGr5XDqQLvpAe HTTP/1.1" 200 85
66.249.64.171 - - [09/Jan/2015:00:16:34 -0500] "GET /BLA/resoluciones/RESOLUCIONES%202011/0595.pdf HTTP/1.1" 304 -
66.249.64.171 - - [09/Jan/2015:00:16:34 -0500] "GET /manual_funciones_Listado/index.php?dir=2.1.2.%20Subdireccion%20de%20Proyectos%20y%20Cooperacion%20Internacional/&sort=name&order=desc HTTP/1.1" 404 1018
201.184.95.190 - - [09/Jan/2015:00:16:39 -0500] "POST /forms/lservlet;jsessionid=ac16012b30d54c4b28d95df74871936095efca9bedb3.e3iSbxaKaheRe34SahiRb30Pchr0n6jAmljGr5XDqQLvpAe HTTP/1.1" 200 77
201.184.95.190 - - [09/Jan/2015:00:16:43 -0500] "POST /forms/lservlet;jsessionid=ac16012b30d54c4b28d95df74871936095efca9bedb3.e3iSbxaKaheRe34SahiRb30Pchr0n6jAmljGr5XDqQLvpAe HTTP/1.1" 200 73
188.165.15.195 - - [09/Jan/2015:00:17:02 -0500] "GET /BLA/resoluciones/index.php?dir=RESOLUCIONES%202005/RES%202005%202401-2450/&sort=name&order=asc HTTP/1.1" 200 12361
66.249.64.171 - - [09/Jan/2015:00:17:08 -0500] "GET /BLA/resoluciones/RESOLUCIONES%202013/1322.pdf HTTP/1.1" 304 -
201.184.95.190 - - [09/Jan/2015:00:17:08 -0500] "POST /forms/lservlet;jsessionid=ac16012b30d54c4b28d95df74871936095efca9bedb3.e3iSbxaKaheRe34SahiRb30Pchr0n6jAmljGr5XDqQLvpAe HTTP/1.1" 200 66
201.184.95.190 - - [09/Jan/2015:00:17:09 -0500] "POST /forms/lservlet;jsessionid=ac16012b30d54c4b28d95df74871936095efca9bedb3.e3iSbxaKaheRe34SahiRb30Pchr0n6jAmljGr5XDqQLvpAe HTTP/1.1" 200 2
201.184.95.190 - - [09/Jan/2015:00:17:09 -0500] "POST /forms/lservlet;jsessionid=ac16012b30d54c4b28d95df74871936095efca9bedb3.e3iSbxaKaheRe34SahiRb30Pchr0n6jAmljGr5XDqQLvpAe HTTP/1.1" 200 2597
201.184.95.190 - - [09/Jan/2015:00:17:09 -0500] "POST /forms/lservlet;jsessionid=ac16012b30d54c4b28d95df74871936095efca9bedb3.e3iSbxaKaheRe34SahiRb30Pchr0n6jAmljGr5XDqQLvpAe HTTP/1.1" 200 10
201.184.95.190 - - [09/Jan/2015:00:17:12 -0500] "POST /forms/lservlet;jsessionid=ac16012b30d54c4b28d95df74871936095efca9bedb3.e3iSbxaKaheRe34SahiRb30Pchr0n6jAmljGr5XDqQLvpAe HTTP/1.1" 200 24
201.184.95.190 - - [09/Jan/2015:00:17:12 -0500] "POST /forms/lservlet;jsessionid=ac16012b30d54c4b28d95df74871936095efca9bedb3.e3iSbxaKaheRe34SahiRb30Pchr0n6jAmljGr5XDqQLvpAe HTTP/1.1" 200 4132
201.184.95.190 - - [09/Jan/2015:00:17:12 -0500] "POST /forms/lservlet;jsessionid=ac16012b30d54c4b28d95df74871936095efca9bedb3.e3iSbxaKaheRe34SahiRb30Pchr0n6jAmljGr5XDqQLvpAe HTTP/1.1" 200 2
201.184.95.190 - - [09/Jan/2015:00:17:14 -0500] "POST /forms/lservlet;jsessionid=ac16012b30d54c4b28d95df74871936095efca9bedb3.e3iSbxaKaheRe34SahiRb30Pchr0n6jAmljGr5XDqQLvpAe HTTP/1.1" 200 2
201.184.95.190 - - [09/Jan/2015:00:17:14 -0500] "POST /forms/lservlet;jsessionid=ac16012b30d54c4b28d95df74871936095efca9bedb3.e3iSbxaKaheRe34SahiRb30Pchr0n6jAmljGr5XDqQLvpAe HTTP/1.1" 200 14
201.184.95.190 - - [09/Jan/2015:00:17:15 -0500] "POST /forms/lservlet;jsessionid=ac16012b30d54c4b28d95df74871936095efca9bedb3.e3iSbxaKaheRe34SahiRb30Pchr0n6jAmljGr5XDqQLvpAe HTTP/1.1" 200 14
201.184.95.190 - - [09/Jan/2015:00:17:16 -0500] "POST /forms/lservlet;jsessionid=ac16012b30d54c4b28d95df74871936095efca9bedb3.e3iSbxaKaheRe34SahiRb30Pchr0n6jAmljGr5XDqQLvpAe HTTP/1.1" 200 112
201.184.95.190 - - [09/Jan/2015:00:17:17 -0500] "POST /forms/lservlet;jsessionid=ac16012b30d54c4b28d95df74871936095efca9bedb3.e3iSbxaKaheRe34SahiRb30Pchr0n6jAmljGr5XDqQLvpAe HTTP/1.1" 200 2
188.165.15.138 - - [09/Jan/2015:00:17:23 -0500] "GET /BLA/resoluciones/index.php?dir=RESOLUCIONES%202003/RES%202003%201151-1200/&sort=size&order=desc HTTP/1.1" 200 11569
201.184.95.190 - - [09/Jan/2015:00:17:17 -0500] "GET /reports/rwservlet/getjobid340064?server=rep_srvapsda HTTP/1.1" 200 1895855
201.184.95.190 - - [09/Jan/2015:00:17:49 -0500] "POST /forms/lservlet;jsessionid=ac16012b30d54c4b28d95df74871936095efca9bedb3.e3iSbxaKaheRe34SahiRb30Pchr0n6jAmljGr5XDqQLvpAe HTTP/1.1" 200 85
201.184.95.190 - - [09/Jan/2015:00:17:58 -0500] "POST /forms/lservlet;jsessionid=ac16012b30d54c4b28d95df74871936095efca9bedb3.e3iSbxaKaheRe34SahiRb30Pchr0n6jAmljGr5XDqQLvpAe HTTP/1.1" 200 77
201.245.192.253 - - [09/Jan/2015:00:18:01 -0500] "GET /forest/session.jsp?a=0.8619007667173401 HTTP/1.1" 200 4
201.184.95.190 - - [09/Jan/2015:00:18:11 -0500] "POST /forms/lservlet;jsessionid=ac16012b30d54c4b28d95df74871936095efca9bedb3.e3iSbxaKaheRe34SahiRb30Pchr0n6jAmljGr5XDqQLvpAe HTTP/1.1" 200 73
186.145.60.179 - - [09/Jan/2015:00:18:14 -0500] "GET /isolucionsda/NoConformidadISOlucion.asp?Id_NoConformidad=595&CodtipoNoConf=4 HTTP/1.1" 200 43760
186.145.60.179 - - [09/Jan/2015:00:18:20 -0500] "POST /isolucionsda/NoConformidadISOlucion.asp HTTP/1.1" 200 44818
201.184.95.190 - - [09/Jan/2015:00:18:20 -0500] "POST /forms/lservlet;jsessionid=ac16012b30d54c4b28d95df74871936095efca9bedb3.e3iSbxaKaheRe34SahiRb30Pchr0n6jAmljGr5XDqQLvpAe HTTP/1.1" 200 2
66.249.64.171 - - [09/Jan/2015:00:18:21 -0500] "GET /BLA/resoluciones/AUTOS%202012/1899.pdf HTTP/1.1" 200 454067
74.86.158.107 - - [09/Jan/2015:00:18:33 -0500] "HEAD / HTTP/1.1" 302 -
186.145.60.179 - - [09/Jan/2015:00:18:52 -0500] "POST /isolucionsda/NoConformidadISOlucion.asp HTTP/1.1" 200 44564
157.55.39.156 - - [09/Jan/2015:00:18:56 -0500] "GET /dama/libreria/php/decide.php?patron=00.07&varn=825 HTTP/1.1" 404 1019
186.145.60.179 - - [09/Jan/2015:00:19:01 -0500] "GET /isolucionsda/BuscarUsuarios.asp?Tabla=Usuario&Form=NoConformidadISOlucion&CampoHidden=AccionResponsable1&CampoDisplay=AccionResponsable_Display1&items=undefinedundefined&primeravez=true&ListaSucursales=1 HTTP/1.1" 200 17223
188.165.15.27 - - [09/Jan/2015:00:19:21 -0500] "GET /BLA/resoluciones/RESOLUCIONES%202003/RES%202003%201451-1500/20031489.tif HTTP/1.1" 200 839394
186.145.60.179 - - [09/Jan/2015:00:19:26 -0500] "GET /isolucionsda/CalendarioDisplayHidden.asp?Form=NoConformidadISOlucion&Campo=FechaAccion1&Campo1=FechaAccion1_Display HTTP/1.1" 200 15739
186.145.60.179 - - [09/Jan/2015:00:19:27 -0500] "GET /isolucionsda/Graficas/line.gif HTTP/1.1" 404 5201
186.145.60.179 - - [09/Jan/2015:00:19:27 -0500] "GET /isolucionsda/g/vacio1x1.gif HTTP/1.1" 404 5195
186.145.60.179 - - [09/Jan/2015:00:19:31 -0500] "GET /isolucionsda/CalendarioDisplayHidden.asp?Form=NoConformidadISOlucion&Campo=FechaAccion1&Campo1=FechaAccion1_Display&month=2&year=2015 HTTP/1.1" 200 14933
186.145.60.179 - - [09/Jan/2015:00:19:31 -0500] "GET /isolucionsda/Graficas/line.gif HTTP/1.1" 404 5201
186.145.60.179 - - [09/Jan/2015:00:19:31 -0500] "GET /isolucionsda/g/vacio1x1.gif HTTP/1.1" 404 5195
186.145.60.179 - - [09/Jan/2015:00:19:32 -0500] "GET /isolucionsda/CalendarioDisplayHidden.asp?Form=NoConformidadISOlucion&Campo=FechaAccion1&Campo1=FechaAccion1_Display&month=3&year=2015 HTTP/1.1" 200 15732
186.145.60.179 - - [09/Jan/2015:00:19:32 -0500] "GET /isolucionsda/Graficas/line.gif HTTP/1.1" 404 5201
186.145.60.179 - - [09/Jan/2015:00:19:32 -0500] "GET /isolucionsda/g/vacio1x1.gif HTTP/1.1" 404 5195
186.145.60.179 - - [09/Jan/2015:00:19:33 -0500] "GET /isolucionsda/CalendarioDisplayHidden.asp?Form=NoConformidadISOlucion&Campo=FechaAccion1&Campo1=FechaAccion1_Display&month=4&year=2015 HTTP/1.1" 200 15650
186.145.60.179 - - [09/Jan/2015:00:19:33 -0500] "GET /isolucionsda/Graficas/line.gif HTTP/1.1" 404 5201
186.145.60.179 - - [09/Jan/2015:00:19:33 -0500] "GET /isolucionsda/g/vacio1x1.gif HTTP/1.1" 404 5195
186.145.60.179 - - [09/Jan/2015:00:19:34 -0500] "GET /isolucionsda/CalendarioDisplayHidden.asp?Form=NoConformidadISOlucion&Campo=FechaAccion1&Campo1=FechaAccion1_Display&month=5&year=2015 HTTP/1.1" 200 16282
186.145.60.179 - - [09/Jan/2015:00:19:34 -0500] "GET /isolucionsda/Graficas/line.gif HTTP/1.1" 404 5201
186.145.60.179 - - [09/Jan/2015:00:19:34 -0500] "GET /isolucionsda/g/vacio1x1.gif HTTP/1.1" 404 5195
66.249.64.171 - - [09/Jan/2015:00:19:35 -0500] "GET /BLA/resoluciones/AUTOS%202013/1355.pdf HTTP/1.1" 304 -
186.145.60.179 - - [09/Jan/2015:00:19:36 -0500] "GET /isolucionsda/CalendarioDisplayHidden.asp?Form=NoConformidadISOlucion&Campo=FechaAccion1&Campo1=FechaAccion1_Display&month=6&year=2015 HTTP/1.1" 200 15647
186.145.60.179 - - [09/Jan/2015:00:19:36 -0500] "GET /isolucionsda/Graficas/line.gif HTTP/1.1" 404 5201
186.145.60.179 - - [09/Jan/2015:00:19:36 -0500] "GET /isolucionsda/g/vacio1x1.gif HTTP/1.1" 404 5195
186.145.60.179 - - [09/Jan/2015:00:19:38 -0500] "GET /isolucionsda/CalendarioDisplayHidden.asp?Form=NoConformidadISOlucion&Campo=FechaAccion1&Campo1=FechaAccion1_Display&month=7&year=2015 HTTP/1.1" 200 15734
186.145.60.179 - - [09/Jan/2015:00:19:38 -0500] "GET /isolucionsda/Graficas/line.gif HTTP/1.1" 404 5201
186.145.60.179 - - [09/Jan/2015:00:19:38 -0500] "GET /isolucionsda/g/vacio1x1.gif HTTP/1.1" 404 5195
186.145.60.179 - - [09/Jan/2015:00:19:39 -0500] "GET /isolucionsda/CalendarioDisplayHidden.asp?Form=NoConformidadISOlucion&Campo=FechaAccion1&Campo1=FechaAccion1_Display&month=8&year=2015 HTTP/1.1" 200 16286
186.145.60.179 - - [09/Jan/2015:00:19:39 -0500] "GET /isolucionsda/Graficas/line.gif HTTP/1.1" 404 5201
186.145.60.179 - - [09/Jan/2015:00:19:39 -0500] "GET /isolucionsda/g/vacio1x1.gif HTTP/1.1" 404 5195
186.145.60.179 - - [09/Jan/2015:00:19:40 -0500] "GET /isolucionsda/CalendarioDisplayHidden.asp?Form=NoConformidadISOlucion&Campo=FechaAccion1&Campo1=FechaAccion1_Display&month=9&year=2015 HTTP/1.1" 200 15654
186.145.60.179 - - [09/Jan/2015:00:19:40 -0500] "GET /isolucionsda/Graficas/line.gif HTTP/1.1" 404 5201
186.145.60.179 - - [09/Jan/2015:00:19:40 -0500] "GET /isolucionsda/g/vacio1x1.gif HTTP/1.1" 404 5195
186.145.60.179 - - [09/Jan/2015:00:19:41 -0500] "GET /isolucionsda/CalendarioDisplayHidden.asp?Form=NoConformidadISOlucion&Campo=FechaAccion1&Campo1=FechaAccion1_Display&month=10&year=2015 HTTP/1.1" 200 15739
186.145.60.179 - - [09/Jan/2015:00:19:41 -0500] "GET /isolucionsda/Graficas/line.gif HTTP/1.1" 404 5201
186.145.60.179 - - [09/Jan/2015:00:19:41 -0500] "GET /isolucionsda/g/vacio1x1.gif HTTP/1.1" 404 5195
201.245.192.253 - - [09/Jan/2015:00:19:51 -0500] "GET /forest/session.jsp?a=0.16076733260635412 HTTP/1.1" 200 4
220.181.108.106 - - [09/Jan/2015:00:19:59 -0500] "GET / HTTP/1.1" 302 -
201.184.95.190 - - [09/Jan/2015:00:20:20 -0500] "POST /forms/lservlet;jsessionid=ac16012b30d54c4b28d95df74871936095efca9bedb3.e3iSbxaKaheRe34SahiRb30Pchr0n6jAmljGr5XDqQLvpAe HTTP/1.1" 200 2
186.145.60.179 - - [09/Jan/2015:00:20:33 -0500] "POST /isolucionsda/NoConformidadISOlucion.asp HTTP/1.1" 200 47471
66.249.64.163 - - [09/Jan/2015:00:20:48 -0500] "GET /BLA/resoluciones/RESOLUCIONES%202009/8825.pdf HTTP/1.1" 304 -
186.145.60.179 - - [09/Jan/2015:00:21:31 -0500] "GET /isolucionsda/NoConformidadISOlucion.asp?Id_NoConformidad=561&CodtipoNoConf=19 HTTP/1.1" 200 47270
66.249.64.171 - - [09/Jan/2015:00:22:01 -0500] "GET /BLA/resoluciones/AUTOS%202013/3508.pdf HTTP/1.1" 304 -
201.184.95.190 - - [09/Jan/2015:00:22:20 -0500] "POST /forms/lservlet;jsessionid=ac16012b30d54c4b28d95df74871936095efca9bedb3.e3iSbxaKaheRe34SahiRb30Pchr0n6jAmljGr5XDqQLvpAe HTTP/1.1" 200 2
201.245.192.253 - - [09/Jan/2015:00:23:01 -0500] "GET /forest/session.jsp?a=0.18354397659846866 HTTP/1.1" 200 4
66.249.64.171 - - [09/Jan/2015:00:23:14 -0500] "GET /BLA/resoluciones/RESOLUCIONES%202009/4480.pdf HTTP/1.1" 200 783941
74.86.158.107 - - [09/Jan/2015:00:23:30 -0500] "HEAD / HTTP/1.1" 302 -
123.125.71.46 - - [09/Jan/2015:00:24:02 -0500] "GET / HTTP/1.1" 302 -
66.249.64.167 - - [09/Jan/2015:00:24:10 -0500] "GET /BLA/resoluciones/AUTOS%202007/3205.pdf HTTP/1.1" 200 77927
201.184.95.190 - - [09/Jan/2015:00:24:20 -0500] "POST /forms/lservlet;jsessionid=ac16012b30d54c4b28d95df74871936095efca9bedb3.e3iSbxaKaheRe34SahiRb30Pchr0n6jAmljGr5XDqQLvpAe HTTP/1.1" 200 2
188.165.15.196 - - [09/Jan/2015:00:24:22 -0500] "GET /BLA/resoluciones/RESOLUCIONES%202005/RES%202005%202951-3000/00002955.tif HTTP/1.1" 200 60010
66.249.64.163 - - [09/Jan/2015:00:24:28 -0500] "GET /BLA/resoluciones/RESOLUCIONES%202010/7838.pdf HTTP/1.1" 200 451394
188.165.15.97 - - [09/Jan/2015:00:24:37 -0500] "GET /BLA/resoluciones/RESOLUCIONES%202005/RES%202005%202551-2600/00002554.tif HTTP/1.1" 200 284982
201.245.192.253 - - [09/Jan/2015:00:24:51 -0500] "GET /forest/session.jsp?a=0.9768700352713814 HTTP/1.1" 200 4
66.249.64.163 - - [09/Jan/2015:00:25:41 -0500] "GET /autoliquidacion/Solicitudes%20relacionadas%20con%20ocupaci%C3%B3n%20de%20cauce/LISTA%20DE%20CHEQUEO%20PERMISO-OCUPACI%C3%93N-CAUCE.pdf HTTP/1.1" 304 -
188.165.15.177 - - [09/Jan/2015:00:25:48 -0500] "GET /BLA/resoluciones/RESOLUCIONES%202006/RES%202006%20951-1000/00000981.tif HTTP/1.1" 200 147160
186.145.60.179 - - [09/Jan/2015:00:25:48 -0500] "POST /isolucionsda/NoConformidadISOlucion.asp HTTP/1.1" 200 47016
186.145.60.179 - - [09/Jan/2015:00:26:10 -0500] "POST /isolucionsda/NoConformidadISOlucion.asp HTTP/1.1" 200 48603
186.145.60.179 - - [09/Jan/2015:00:26:14 -0500] "GET /isolucionsda/BuscarUsuarios.asp?Tabla=Usuario&Form=NoConformidadISOlucion&CampoHidden=AccionResponsable2&CampoDisplay=AccionResponsable_Display2&items=undefinedundefined&primeravez=true&ListaSucursales=1 HTTP/1.1" 200 17223
201.184.95.190 - - [09/Jan/2015:00:26:21 -0500] "POST /forms/lservlet;jsessionid=ac16012b30d54c4b28d95df74871936095efca9bedb3.e3iSbxaKaheRe34SahiRb30Pchr0n6jAmljGr5XDqQLvpAe HTTP/1.1" 200 2
66.249.64.171 - - [09/Jan/2015:00:26:54 -0500] "GET /BLA/resoluciones/AUTOS%202013/0458.pdf HTTP/1.1" 304 -
186.145.60.179 - - [09/Jan/2015:00:26:58 -0500] "GET /isolucionsda/CalendarioDisplayHidden.asp?Form=NoConformidadISOlucion&Campo=FechaAccion2&Campo1=FechaAccion2_Display HTTP/1.1" 200 15739
186.145.60.179 - - [09/Jan/2015:00:26:59 -0500] "GET /isolucionsda/Graficas/line.gif HTTP/1.1" 404 5201
186.145.60.179 - - [09/Jan/2015:00:26:59 -0500] "GET /isolucionsda/g/vacio1x1.gif HTTP/1.1" 404 5195
186.145.60.179 - - [09/Jan/2015:00:27:00 -0500] "GET /isolucionsda/CalendarioDisplayHidden.asp?Form=NoConformidadISOlucion&Campo=FechaAccion2&Campo1=FechaAccion2_Display&month=2&year=2015 HTTP/1.1" 200 14933
186.145.60.179 - - [09/Jan/2015:00:27:00 -0500] "GET /isolucionsda/Graficas/line.gif HTTP/1.1" 404 5201
186.145.60.179 - - [09/Jan/2015:00:27:01 -0500] "GET /isolucionsda/g/vacio1x1.gif HTTP/1.1" 404 5195
66.249.64.163 - - [09/Jan/2015:00:27:03 -0500] "GET /hidrico/aguas%20subterraneas/Cartograf%C3%ACa_Final_2013/Balance%20H%C3%ADdrico/Precipitacion%20Media%20Anual.pdf HTTP/1.1" 404 1018
186.145.60.179 - - [09/Jan/2015:00:27:04 -0500] "GET /isolucionsda/CalendarioDisplayHidden.asp?Form=NoConformidadISOlucion&Campo=FechaAccion2&Campo1=FechaAccion2_Display&month=3&year=2015 HTTP/1.1" 200 15732
186.145.60.179 - - [09/Jan/2015:00:27:04 -0500] "GET /isolucionsda/Graficas/line.gif HTTP/1.1" 404 5201
186.145.60.179 - - [09/Jan/2015:00:27:04 -0500] "GET /isolucionsda/g/vacio1x1.gif HTTP/1.1" 404 5195
186.145.60.179 - - [09/Jan/2015:00:27:05 -0500] "GET /isolucionsda/CalendarioDisplayHidden.asp?Form=NoConformidadISOlucion&Campo=FechaAccion2&Campo1=FechaAccion2_Display&month=4&year=2015 HTTP/1.1" 200 15650
186.145.60.179 - - [09/Jan/2015:00:27:05 -0500] "GET /isolucionsda/Graficas/line.gif HTTP/1.1" 404 5201
186.145.60.179 - - [09/Jan/2015:00:27:05 -0500] "GET /isolucionsda/g/vacio1x1.gif HTTP/1.1" 404 5195
186.145.60.179 - - [09/Jan/2015:00:27:05 -0500] "GET /isolucionsda/CalendarioDisplayHidden.asp?Form=NoConformidadISOlucion&Campo=FechaAccion2&Campo1=FechaAccion2_Display&month=5&year=2015 HTTP/1.1" 200 16282
186.145.60.179 - - [09/Jan/2015:00:27:05 -0500] "GET /isolucionsda/Graficas/line.gif HTTP/1.1" 404 5201
186.145.60.179 - - [09/Jan/2015:00:27:05 -0500] "GET /isolucionsda/g/vacio1x1.gif HTTP/1.1" 404 5195
186.145.60.179 - - [09/Jan/2015:00:27:06 -0500] "GET /isolucionsda/CalendarioDisplayHidden.asp?Form=NoConformidadISOlucion&Campo=FechaAccion2&Campo1=FechaAccion2_Display&month=6&year=2015 HTTP/1.1" 200 15647
186.145.60.179 - - [09/Jan/2015:00:27:06 -0500] "GET /isolucionsda/Graficas/line.gif HTTP/1.1" 404 5201
186.145.60.179 - - [09/Jan/2015:00:27:06 -0500] "GET /isolucionsda/g/vacio1x1.gif HTTP/1.1" 404 5195
186.145.60.179 - - [09/Jan/2015:00:27:26 -0500] "POST /isolucionsda/NoConformidadISOlucion.asp HTTP/1.1" 200 49587
201.245.192.253 - - [09/Jan/2015:00:28:01 -0500] "GET /forest/session.jsp?a=0.8196466262862111 HTTP/1.1" 200 4
201.184.95.190 - - [09/Jan/2015:00:28:21 -0500] "POST /forms/lservlet;jsessionid=ac16012b30d54c4b28d95df74871936095efca9bedb3.e3iSbxaKaheRe34SahiRb30Pchr0n6jAmljGr5XDqQLvpAe HTTP/1.1" 200 2
74.86.158.107 - - [09/Jan/2015:00:28:29 -0500] "HEAD / HTTP/1.1" 302 -
201.184.95.190 - - [09/Jan/2015:00:28:40 -0500] "POST /forms/lservlet;jsessionid=ac16012b30d54c4b28d95df74871936095efca9bedb3.e3iSbxaKaheRe34SahiRb30Pchr0n6jAmljGr5XDqQLvpAe HTTP/1.1" 200 66
201.184.95.190 - - [09/Jan/2015:00:28:40 -0500] "POST /forms/lservlet;jsessionid=ac16012b30d54c4b28d95df74871936095efca9bedb3.e3iSbxaKaheRe34SahiRb30Pchr0n6jAmljGr5XDqQLvpAe HTTP/1.1" 200 2
201.184.95.190 - - [09/Jan/2015:00:28:40 -0500] "POST /forms/lservlet;jsessionid=ac16012b30d54c4b28d95df74871936095efca9bedb3.e3iSbxaKaheRe34SahiRb30Pchr0n6jAmljGr5XDqQLvpAe HTTP/1.1" 200 2326
201.184.95.190 - - [09/Jan/2015:00:28:40 -0500] "POST /forms/lservlet;jsessionid=ac16012b30d54c4b28d95df74871936095efca9bedb3.e3iSbxaKaheRe34SahiRb30Pchr0n6jAmljGr5XDqQLvpAe HTTP/1.1" 200 10
201.184.95.190 - - [09/Jan/2015:00:28:43 -0500] "POST /forms/lservlet;jsessionid=ac16012b30d54c4b28d95df74871936095efca9bedb3.e3iSbxaKaheRe34SahiRb30Pchr0n6jAmljGr5XDqQLvpAe HTTP/1.1" 200 24
201.184.95.190 - - [09/Jan/2015:00:28:43 -0500] "POST /forms/lservlet;jsessionid=ac16012b30d54c4b28d95df74871936095efca9bedb3.e3iSbxaKaheRe34SahiRb30Pchr0n6jAmljGr5XDqQLvpAe HTTP/1.1" 200 4205
201.184.95.190 - - [09/Jan/2015:00:28:45 -0500] "POST /forms/lservlet;jsessionid=ac16012b30d54c4b28d95df74871936095efca9bedb3.e3iSbxaKaheRe34SahiRb30Pchr0n6jAmljGr5XDqQLvpAe HTTP/1.1" 200 2
186.145.60.179 - - [09/Jan/2015:00:28:46 -0500] "POST /isolucionsda/FiltroNoConformidades.asp?buscar=&paginaactual=4 HTTP/1.1" 200 50264
201.184.95.190 - - [09/Jan/2015:00:28:48 -0500] "POST /forms/lservlet;jsessionid=ac16012b30d54c4b28d95df74871936095efca9bedb3.e3iSbxaKaheRe34SahiRb30Pchr0n6jAmljGr5XDqQLvpAe HTTP/1.1" 200 80
201.184.95.190 - - [09/Jan/2015:00:28:49 -0500] "POST /forms/lservlet;jsessionid=ac16012b30d54c4b28d95df74871936095efca9bedb3.e3iSbxaKaheRe34SahiRb30Pchr0n6jAmljGr5XDqQLvpAe HTTP/1.1" 200 2
186.145.60.179 - - [09/Jan/2015:00:28:49 -0500] "POST /isolucionsda/FiltroNoConformidades.asp?buscar=&paginaactual=5 HTTP/1.1" 200 50543
201.184.95.190 - - [09/Jan/2015:00:28:49 -0500] "POST /forms/lservlet;jsessionid=ac16012b30d54c4b28d95df74871936095efca9bedb3.e3iSbxaKaheRe34SahiRb30Pchr0n6jAmljGr5XDqQLvpAe HTTP/1.1" 200 112
201.184.95.190 - - [09/Jan/2015:00:28:50 -0500] "POST /forms/lservlet;jsessionid=ac16012b30d54c4b28d95df74871936095efca9bedb3.e3iSbxaKaheRe34SahiRb30Pchr0n6jAmljGr5XDqQLvpAe HTTP/1.1" 200 11
186.145.60.179 - - [09/Jan/2015:00:29:05 -0500] "GET /isolucionsda/FrameSetGeneral.asp?Pagina=Menu.asp&IdModulo=7 HTTP/1.1" 200 6455
186.145.60.179 - - [09/Jan/2015:00:29:05 -0500] "GET /isolucionsda/Encabezado.asp?Pagina=Menu.asp&IdModulo=7 HTTP/1.1" 200 15183
186.145.60.179 - - [09/Jan/2015:00:29:05 -0500] "GET /isolucionsda/BarraTitulos.asp?Pagina=Menu.asp&IdModulo=7 HTTP/1.1" 200 6865
201.184.95.190 - - [09/Jan/2015:00:29:02 -0500] "GET /reports/rwservlet/getjobid340065?server=rep_srvapsda HTTP/1.1" 200 423144
186.145.60.179 - - [09/Jan/2015:00:29:05 -0500] "GET /isolucionsda/Session.asp?Continue=1 HTTP/1.1" 200 6196
186.145.60.179 - - [09/Jan/2015:00:29:05 -0500] "GET /isolucionsda/Menu.asp?Pagina=Menu.asp&IdModulo=7 HTTP/1.1" 200 30437
186.145.60.179 - - [09/Jan/2015:00:29:05 -0500] "GET /isolucionsda/BarraFavoritos.asp HTTP/1.1" 200 911
186.145.60.179 - - [09/Jan/2015:00:29:07 -0500] "GET /isolucionsda/FrameSetGeneral.asp?Pagina=FiltroNoConformidades.asp&CodTipoNoConf=13&EsAbierta=1&ConMenu=NO HTTP/1.1" 200 6610
186.145.60.179 - - [09/Jan/2015:00:29:08 -0500] "GET /isolucionsda/Encabezado.asp?Pagina=FiltroNoConformidades.asp&CodTipoNoConf=13&EsAbierta=1&ConMenu=NO HTTP/1.1" 200 15158
186.145.60.179 - - [09/Jan/2015:00:29:08 -0500] "GET /isolucionsda/BarraFavoritos.asp HTTP/1.1" 200 911
186.145.60.179 - - [09/Jan/2015:00:29:08 -0500] "GET /isolucionsda/BarraTitulos.asp?Pagina=FiltroNoConformidades.asp&CodTipoNoConf=13&EsAbierta=1&ConMenu=NO HTTP/1.1" 200 6865
186.145.60.179 - - [09/Jan/2015:00:29:08 -0500] "GET /isolucionsda/FiltroNoConformidades.asp?Pagina=FiltroNoConformidades.asp&CodTipoNoConf=13&EsAbierta=1&ConMenu=NO HTTP/1.1" 200 34195
186.145.60.179 - - [09/Jan/2015:00:29:08 -0500] "GET /isolucionsda/Session.asp?Continue=1 HTTP/1.1" 200 6196
188.165.15.94 - - [09/Jan/2015:00:29:09 -0500] "GET /BLA/resoluciones/RESOLUCIONES%202003/RES%202003%20201-250/2003RES240.tif HTTP/1.1" 200 156776
186.145.60.179 - - [09/Jan/2015:00:29:10 -0500] "GET /isolucionsda/NoConformidadISOlucion.asp?Id_NoConformidad=464&CodtipoNoConf=13 HTTP/1.1" 200 52886
66.249.64.163 - - [09/Jan/2015:00:29:20 -0500] "GET /BLA/resoluciones/AUTOS%202013/2390.pdf HTTP/1.1" 304 -
201.245.192.253 - - [09/Jan/2015:00:29:51 -0500] "GET /forest/session.jsp?a=0.8307561271187492 HTTP/1.1" 200 4
201.184.95.190 - - [09/Jan/2015:00:29:54 -0500] "POST /forms/lservlet;jsessionid=ac16012b30d54c4b28d95df74871936095efca9bedb3.e3iSbxaKaheRe34SahiRb30Pchr0n6jAmljGr5XDqQLvpAe HTTP/1.1" 200 82
66.249.64.167 - - [09/Jan/2015:00:29:56 -0500] "GET /BLA/boletinlegal/js/jquery.scrollTo-min.js HTTP/1.1" 200 1150
66.249.64.163 - - [09/Jan/2015:00:29:57 -0500] "GET /BLA/boletinlegal/js/jquery.scrollShow.js HTTP/1.1" 200 4586
66.249.64.163 - - [09/Jan/2015:00:29:57 -0500] "GET /BLA/boletinlegal/js/jquery.js HTTP/1.1" 200 57254
201.184.95.190 - - [09/Jan/2015:00:30:01 -0500] "POST /forms/lservlet;jsessionid=ac16012b30d54c4b28d95df74871936095efca9bedb3.e3iSbxaKaheRe34SahiRb30Pchr0n6jAmljGr5XDqQLvpAe HTTP/1.1" 200 73
201.184.95.190 - - [09/Jan/2015:00:30:21 -0500] "POST /forms/lservlet;jsessionid=ac16012b30d54c4b28d95df74871936095efca9bedb3.e3iSbxaKaheRe34SahiRb30Pchr0n6jAmljGr5XDqQLvpAe HTTP/1.1" 200 2
201.184.95.190 - - [09/Jan/2015:00:30:24 -0500] "POST /forms/lservlet;jsessionid=ac16012b30d54c4b28d95df74871936095efca9bedb3.e3iSbxaKaheRe34SahiRb30Pchr0n6jAmljGr5XDqQLvpAe HTTP/1.1" 200 66
201.184.95.190 - - [09/Jan/2015:00:30:25 -0500] "POST /forms/lservlet;jsessionid=ac16012b30d54c4b28d95df74871936095efca9bedb3.e3iSbxaKaheRe34SahiRb30Pchr0n6jAmljGr5XDqQLvpAe HTTP/1.1" 200 2
201.184.95.190 - - [09/Jan/2015:00:30:25 -0500] "POST /forms/lservlet;jsessionid=ac16012b30d54c4b28d95df74871936095efca9bedb3.e3iSbxaKaheRe34SahiRb30Pchr0n6jAmljGr5XDqQLvpAe HTTP/1.1" 200 2325
188.165.15.90 - - [09/Jan/2015:00:30:30 -0500] "GET /BLA/resoluciones/RESOLUCIONES%202002/RES%202002%201301-1350/20021347.tif HTTP/1.1" 200 85890
201.184.95.190 - - [09/Jan/2015:00:30:32 -0500] "POST /forms/lservlet;jsessionid=ac16012b30d54c4b28d95df74871936095efca9bedb3.e3iSbxaKaheRe34SahiRb30Pchr0n6jAmljGr5XDqQLvpAe HTTP/1.1" 200 10
66.249.64.167 - - [09/Jan/2015:00:30:34 -0500] "GET /BLA/resoluciones/RESOLUCIONES%202013/0985.pdf HTTP/1.1" 304 -
201.184.95.190 - - [09/Jan/2015:00:30:34 -0500] "POST /forms/lservlet;jsessionid=ac16012b30d54c4b28d95df74871936095efca9bedb3.e3iSbxaKaheRe34SahiRb30Pchr0n6jAmljGr5XDqQLvpAe HTTP/1.1" 200 24
201.184.95.190 - - [09/Jan/2015:00:30:35 -0500] "POST /forms/lservlet;jsessionid=ac16012b30d54c4b28d95df74871936095efca9bedb3.e3iSbxaKaheRe34SahiRb30Pchr0n6jAmljGr5XDqQLvpAe HTTP/1.1" 200 3540
201.184.95.190 - - [09/Jan/2015:00:30:35 -0500] "POST /forms/lservlet;jsessionid=ac16012b30d54c4b28d95df74871936095efca9bedb3.e3iSbxaKaheRe34SahiRb30Pchr0n6jAmljGr5XDqQLvpAe HTTP/1.1" 200 2
201.184.95.190 - - [09/Jan/2015:00:30:36 -0500] "POST /forms/lservlet;jsessionid=ac16012b30d54c4b28d95df74871936095efca9bedb3.e3iSbxaKaheRe34SahiRb30Pchr0n6jAmljGr5XDqQLvpAe HTTP/1.1" 200 2
201.184.95.190 - - [09/Jan/2015:00:30:36 -0500] "POST /forms/lservlet;jsessionid=ac16012b30d54c4b28d95df74871936095efca9bedb3.e3iSbxaKaheRe34SahiRb30Pchr0n6jAmljGr5XDqQLvpAe HTTP/1.1" 200 112
201.184.95.190 - - [09/Jan/2015:00:30:37 -0500] "POST /forms/lservlet;jsessionid=ac16012b30d54c4b28d95df74871936095efca9bedb3.e3iSbxaKaheRe34SahiRb30Pchr0n6jAmljGr5XDqQLvpAe HTTP/1.1" 200 2
201.184.95.190 - - [09/Jan/2015:00:30:37 -0500] "GET /reports/rwservlet/getjobid340066?server=rep_srvapsda HTTP/1.1" 200 423278
188.165.15.138 - - [09/Jan/2015:00:30:56 -0500] "GET /BLA/resoluciones/RESOLUCIONES%202003/RES%202003%20351-400/381.tif HTTP/1.1" 200 139308
201.184.95.190 - - [09/Jan/2015:00:30:59 -0500] "POST /forms/lservlet;jsessionid=ac16012b30d54c4b28d95df74871936095efca9bedb3.e3iSbxaKaheRe34SahiRb30Pchr0n6jAmljGr5XDqQLvpAe HTTP/1.1" 200 85
201.184.95.190 - - [09/Jan/2015:00:31:07 -0500] "POST /forms/lservlet;jsessionid=ac16012b30d54c4b28d95df74871936095efca9bedb3.e3iSbxaKaheRe34SahiRb30Pchr0n6jAmljGr5XDqQLvpAe HTTP/1.1" 200 77
201.184.95.190 - - [09/Jan/2015:00:31:12 -0500] "POST /forms/lservlet;jsessionid=ac16012b30d54c4b28d95df74871936095efca9bedb3.e3iSbxaKaheRe34SahiRb30Pchr0n6jAmljGr5XDqQLvpAe HTTP/1.1" 200 73
180.76.5.76 - - [09/Jan/2015:00:31:26 -0500] "GET /BLA/resoluciones/AUTOS%202011/2983.pdf HTTP/1.1" 200 141620
201.184.95.190 - - [09/Jan/2015:00:31:31 -0500] "POST /forms/lservlet;jsessionid=ac16012b30d54c4b28d95df74871936095efca9bedb3.e3iSbxaKaheRe34SahiRb30Pchr0n6jAmljGr5XDqQLvpAe HTTP/1.1" 200 66
201.184.95.190 - - [09/Jan/2015:00:31:32 -0500] "POST /forms/lservlet;jsessionid=ac16012b30d54c4b28d95df74871936095efca9bedb3.e3iSbxaKaheRe34SahiRb30Pchr0n6jAmljGr5XDqQLvpAe HTTP/1.1" 200 2
201.184.95.190 - - [09/Jan/2015:00:31:32 -0500] "POST /forms/lservlet;jsessionid=ac16012b30d54c4b28d95df74871936095efca9bedb3.e3iSbxaKaheRe34SahiRb30Pchr0n6jAmljGr5XDqQLvpAe HTTP/1.1" 200 2325
201.184.95.190 - - [09/Jan/2015:00:31:33 -0500] "POST /forms/lservlet;jsessionid=ac16012b30d54c4b28d95df74871936095efca9bedb3.e3iSbxaKaheRe34SahiRb30Pchr0n6jAmljGr5XDqQLvpAe HTTP/1.1" 200 10
201.184.95.190 - - [09/Jan/2015:00:31:35 -0500] "POST /forms/lservlet;jsessionid=ac16012b30d54c4b28d95df74871936095efca9bedb3.e3iSbxaKaheRe34SahiRb30Pchr0n6jAmljGr5XDqQLvpAe HTTP/1.1" 200 24
186.145.60.179 - - [09/Jan/2015:00:31:35 -0500] "GET /isolucionsda/FrameSetGeneral.asp?Pagina=Menu.asp&IdModulo=7 HTTP/1.1" 200 6455
186.145.60.179 - - [09/Jan/2015:00:31:35 -0500] "GET /isolucionsda/BarraTitulos.asp?Pagina=Menu.asp&IdModulo=7 HTTP/1.1" 200 6865
186.145.60.179 - - [09/Jan/2015:00:31:35 -0500] "GET /isolucionsda/Encabezado.asp?Pagina=Menu.asp&IdModulo=7 HTTP/1.1" 200 15183
186.145.60.179 - - [09/Jan/2015:00:31:35 -0500] "GET /isolucionsda/BarraFavoritos.asp HTTP/1.1" 200 911
186.145.60.179 - - [09/Jan/2015:00:31:35 -0500] "GET /isolucionsda/Session.asp?Continue=1 HTTP/1.1" 200 6196
186.145.60.179 - - [09/Jan/2015:00:31:35 -0500] "GET /isolucionsda/Menu.asp?Pagina=Menu.asp&IdModulo=7 HTTP/1.1" 200 30437
201.184.95.190 - - [09/Jan/2015:00:31:35 -0500] "POST /forms/lservlet;jsessionid=ac16012b30d54c4b28d95df74871936095efca9bedb3.e3iSbxaKaheRe34SahiRb30Pchr0n6jAmljGr5XDqQLvpAe HTTP/1.1" 200 4086
201.184.95.190 - - [09/Jan/2015:00:31:35 -0500] "POST /forms/lservlet;jsessionid=ac16012b30d54c4b28d95df74871936095efca9bedb3.e3iSbxaKaheRe34SahiRb30Pchr0n6jAmljGr5XDqQLvpAe HTTP/1.1" 200 2
201.184.95.190 - - [09/Jan/2015:00:31:36 -0500] "POST /forms/lservlet;jsessionid=ac16012b30d54c4b28d95df74871936095efca9bedb3.e3iSbxaKaheRe34SahiRb30Pchr0n6jAmljGr5XDqQLvpAe HTTP/1.1" 200 2
201.184.95.190 - - [09/Jan/2015:00:31:36 -0500] "POST /forms/lservlet;jsessionid=ac16012b30d54c4b28d95df74871936095efca9bedb3.e3iSbxaKaheRe34SahiRb30Pchr0n6jAmljGr5XDqQLvpAe HTTP/1.1" 200 112
201.184.95.190 - - [09/Jan/2015:00:31:37 -0500] "POST /forms/lservlet;jsessionid=ac16012b30d54c4b28d95df74871936095efca9bedb3.e3iSbxaKaheRe34SahiRb30Pchr0n6jAmljGr5XDqQLvpAe HTTP/1.1" 200 2
201.184.95.190 - - [09/Jan/2015:00:31:37 -0500] "GET /reports/rwservlet/getjobid340067?server=rep_srvapsda HTTP/1.1" 200 455474
186.145.60.179 - - [09/Jan/2015:00:31:49 -0500] "GET /isolucionsda/FrameSetGeneral.asp?Pagina=FiltroNoConformidades.asp&CodTipoNoConf=6&EsAbierta=1&ConMenu=NO HTTP/1.1" 200 6607
186.145.60.179 - - [09/Jan/2015:00:31:49 -0500] "GET /isolucionsda/Encabezado.asp?Pagina=FiltroNoConformidades.asp&CodTipoNoConf=6&EsAbierta=1&ConMenu=NO HTTP/1.1" 200 15158
186.145.60.179 - - [09/Jan/2015:00:31:49 -0500] "GET /isolucionsda/BarraTitulos.asp?Pagina=FiltroNoConformidades.asp&CodTipoNoConf=6&EsAbierta=1&ConMenu=NO HTTP/1.1" 200 6865
186.145.60.179 - - [09/Jan/2015:00:31:49 -0500] "GET /isolucionsda/BarraFavoritos.asp HTTP/1.1" 502 1362
186.145.60.179 - - [09/Jan/2015:00:31:49 -0500] "GET /isolucionsda/Session.asp?Continue=1 HTTP/1.1" 200 6196
186.145.60.179 - - [09/Jan/2015:00:31:49 -0500] "GET /isolucionsda/FiltroNoConformidades.asp?Pagina=FiltroNoConformidades.asp&CodTipoNoConf=6&EsAbierta=1&ConMenu=NO HTTP/1.1" 200 50690
186.145.60.179 - - [09/Jan/2015:00:31:53 -0500] "GET /isolucionsda/Jerarquia.asp?Tabla=Proceso&Form=Filtro&CampoDisplay=CodProcesoDisplayObjetoProceso&CampoHidden=CodProceso&bSubmit=True&items= HTTP/1.1" 200 10466
186.145.60.179 - - [09/Jan/2015:00:31:55 -0500] "POST /isolucionsda/Jerarquia.asp HTTP/1.1" 200 7996
186.145.60.179 - - [09/Jan/2015:00:31:55 -0500] "POST /isolucionsda/FiltroNoConformidades.asp?Usuario= HTTP/1.1" 200 49706
186.145.60.179 - - [09/Jan/2015:00:31:58 -0500] "GET /isolucionsda/NoConformidadISOlucion.asp?Id_NoConformidad=392&CodtipoNoConf=6 HTTP/1.1" 200 58401
201.184.95.190 - - [09/Jan/2015:00:32:05 -0500] "POST /forms/lservlet;jsessionid=ac16012b30d54c4b28d95df74871936095efca9bedb3.e3iSbxaKaheRe34SahiRb30Pchr0n6jAmljGr5XDqQLvpAe HTTP/1.1" 200 85
201.184.95.190 - - [09/Jan/2015:00:32:11 -0500] "POST /forms/lservlet;jsessionid=ac16012b30d54c4b28d95df74871936095efca9bedb3.e3iSbxaKaheRe34SahiRb30Pchr0n6jAmljGr5XDqQLvpAe HTTP/1.1" 200 77
201.184.95.190 - - [09/Jan/2015:00:32:15 -0500] "POST /forms/lservlet;jsessionid=ac16012b30d54c4b28d95df74871936095efca9bedb3.e3iSbxaKaheRe34SahiRb30Pchr0n6jAmljGr5XDqQLvpAe HTTP/1.1" 200 73
201.184.95.190 - - [09/Jan/2015:00:32:21 -0500] "POST /forms/lservlet;jsessionid=ac16012b30d54c4b28d95df74871936095efca9bedb3.e3iSbxaKaheRe34SahiRb30Pchr0n6jAmljGr5XDqQLvpAe HTTP/1.1" 200 2
201.184.95.190 - - [09/Jan/2015:00:32:32 -0500] "POST /forms/lservlet;jsessionid=ac16012b30d54c4b28d95df74871936095efca9bedb3.e3iSbxaKaheRe34SahiRb30Pchr0n6jAmljGr5XDqQLvpAe HTTP/1.1" 200 66
201.184.95.190 - - [09/Jan/2015:00:32:32 -0500] "POST /forms/lservlet;jsessionid=ac16012b30d54c4b28d95df74871936095efca9bedb3.e3iSbxaKaheRe34SahiRb30Pchr0n6jAmljGr5XDqQLvpAe HTTP/1.1" 200 2
201.184.95.190 - - [09/Jan/2015:00:32:32 -0500] "POST /forms/lservlet;jsessionid=ac16012b30d54c4b28d95df74871936095efca9bedb3.e3iSbxaKaheRe34SahiRb30Pchr0n6jAmljGr5XDqQLvpAe HTTP/1.1" 200 2325
201.184.95.190 - - [09/Jan/2015:00:32:33 -0500] "POST /forms/lservlet;jsessionid=ac16012b30d54c4b28d95df74871936095efca9bedb3.e3iSbxaKaheRe34SahiRb30Pchr0n6jAmljGr5XDqQLvpAe HTTP/1.1" 200 10
201.184.95.190 - - [09/Jan/2015:00:32:35 -0500] "POST /forms/lservlet;jsessionid=ac16012b30d54c4b28d95df74871936095efca9bedb3.e3iSbxaKaheRe34SahiRb30Pchr0n6jAmljGr5XDqQLvpAe HTTP/1.1" 200 24
201.184.95.190 - - [09/Jan/2015:00:32:35 -0500] "POST /forms/lservlet;jsessionid=ac16012b30d54c4b28d95df74871936095efca9bedb3.e3iSbxaKaheRe34SahiRb30Pchr0n6jAmljGr5XDqQLvpAe HTTP/1.1" 200 4446
201.184.95.190 - - [09/Jan/2015:00:32:36 -0500] "POST /forms/lservlet;jsessionid=ac16012b30d54c4b28d95df74871936095efca9bedb3.e3iSbxaKaheRe34SahiRb30Pchr0n6jAmljGr5XDqQLvpAe HTTP/1.1" 200 2
201.184.95.190 - - [09/Jan/2015:00:32:37 -0500] "POST /forms/lservlet;jsessionid=ac16012b30d54c4b28d95df74871936095efca9bedb3.e3iSbxaKaheRe34SahiRb30Pchr0n6jAmljGr5XDqQLvpAe HTTP/1.1" 200 2
201.184.95.190 - - [09/Jan/2015:00:32:37 -0500] "POST /forms/lservlet;jsessionid=ac16012b30d54c4b28d95df74871936095efca9bedb3.e3iSbxaKaheRe34SahiRb30Pchr0n6jAmljGr5XDqQLvpAe HTTP/1.1" 200 112
201.184.95.190 - - [09/Jan/2015:00:32:38 -0500] "POST /forms/lservlet;jsessionid=ac16012b30d54c4b28d95df74871936095efca9bedb3.e3iSbxaKaheRe34SahiRb30Pchr0n6jAmljGr5XDqQLvpAe HTTP/1.1" 200 2
201.184.95.190 - - [09/Jan/2015:00:32:38 -0500] "GET /reports/rwservlet/getjobid340068?server=rep_srvapsda HTTP/1.1" 200 302850
201.184.95.190 - - [09/Jan/2015:00:32:55 -0500] "POST /forms/lservlet;jsessionid=ac16012b30d54c4b28d95df74871936095efca9bedb3.e3iSbxaKaheRe34SahiRb30Pchr0n6jAmljGr5XDqQLvpAe HTTP/1.1" 200 85
66.249.64.47 - - [09/Jan/2015:00:33:00 -0500] "GET /Anexos%20estudio%20Organizacional%20SDA/ANEXO%20No.%204%20-%20ENCUESTA%20DE%20AN%C3%81LISIS%20ORGANIZACIONAL/RESPUESTA%20A%20ENCUESTA%20SUBDIRECCI%C3%93N%20CONTRACTUAL.DOC HTTP/1.1" 200 150528
201.245.192.253 - - [09/Jan/2015:00:33:01 -0500] "GET /forest/session.jsp?a=0.14652334496025277 HTTP/1.1" 200 4
201.184.95.190 - - [09/Jan/2015:00:33:04 -0500] "POST /forms/lservlet;jsessionid=ac16012b30d54c4b28d95df74871936095efca9bedb3.e3iSbxaKaheRe34SahiRb30Pchr0n6jAmljGr5XDqQLvpAe HTTP/1.1" 200 77
201.184.95.190 - - [09/Jan/2015:00:33:09 -0500] "POST /forms/lservlet;jsessionid=ac16012b30d54c4b28d95df74871936095efca9bedb3.e3iSbxaKaheRe34SahiRb30Pchr0n6jAmljGr5XDqQLvpAe HTTP/1.1" 200 73
74.86.158.107 - - [09/Jan/2015:00:33:29 -0500] "HEAD / HTTP/1.1" 302 -
188.165.15.138 - - [09/Jan/2015:00:33:47 -0500] "GET /BLA/resoluciones/RESOLUCIONES%202004/RES%202004%20601-650/00000646.tif HTTP/1.1" 200 179184
66.249.64.167 - - [09/Jan/2015:00:34:05 -0500] "GET /BLA/resoluciones/RESOLUCIONES%202005/RES%202005%201101-1150/00001149.tif HTTP/1.1" 200 150340
66.249.64.39 - - [09/Jan/2015:00:34:13 -0500] "GET /StormSDA/userFiles/user_files/91/ HTTP/1.1" 200 817
201.184.95.190 - - [09/Jan/2015:00:34:21 -0500] "POST /forms/lservlet;jsessionid=ac16012b30d54c4b28d95df74871936095efca9bedb3.e3iSbxaKaheRe34SahiRb30Pchr0n6jAmljGr5XDqQLvpAe HTTP/1.1" 200 2
188.165.15.97 - - [09/Jan/2015:00:34:39 -0500] "GET /BLA/resoluciones/RESOLUCIONES%202003/RES%202003%201801-1850/20031829.tif HTTP/1.1" 200 121280
201.245.192.253 - - [09/Jan/2015:00:34:51 -0500] "GET /forest/session.jsp?a=0.8276428617375411 HTTP/1.1" 200 4
186.84.187.52 - - [09/Jan/2015:00:35:19 -0500] "GET /BLA/boletinlegal/js/jquery.scrollShow.js HTTP/1.1" 200 4586
186.84.187.52 - - [09/Jan/2015:00:35:19 -0500] "GET /BLA/boletinlegal/js/jquery.scrollTo-min.js HTTP/1.1" 200 1150
186.84.187.52 - - [09/Jan/2015:00:35:19 -0500] "GET /BLA/boletinlegal/js/jquery.js HTTP/1.1" 200 57254
180.76.5.187 - - [09/Jan/2015:00:35:52 -0500] "GET /manual_funciones_Listado/index.php?dir= HTTP/1.1" 404 1018
66.249.64.171 - - [09/Jan/2015:00:36:11 -0500] "GET /BLA/resoluciones/AUTOS%202006/AUTOS%202006%20501-600/00000596.tif HTTP/1.1" 200 105688
201.184.95.190 - - [09/Jan/2015:00:36:21 -0500] "POST /forms/lservlet;jsessionid=ac16012b30d54c4b28d95df74871936095efca9bedb3.e3iSbxaKaheRe34SahiRb30Pchr0n6jAmljGr5XDqQLvpAe HTTP/1.1" 200 2
66.249.64.163 - - [09/Jan/2015:00:36:40 -0500] "GET /BLA/boletinlegal/index.php HTTP/1.1" 200 49382
66.249.64.167 - - [09/Jan/2015:00:37:32 -0500] "GET /manual_funciones_Listado/2.5.%20Direcci%C3%B3n%20de%20Gesti%C3%B3n%20Corporativa/Profesional%20Universitario%20219-18%20(Rec.%20Humanos).pdf HTTP/1.1" 404 1018
186.145.60.179 - - [09/Jan/2015:00:37:44 -0500] "GET /isolucionsda/FrameSetGeneral.asp?Pagina=Menu.asp&IdModulo=7 HTTP/1.1" 200 6455
186.145.60.179 - - [09/Jan/2015:00:37:45 -0500] "GET /isolucionsda/Encabezado.asp?Pagina=Menu.asp&IdModulo=7 HTTP/1.1" 200 15183
186.145.60.179 - - [09/Jan/2015:00:37:45 -0500] "GET /isolucionsda/BarraTitulos.asp?Pagina=Menu.asp&IdModulo=7 HTTP/1.1" 200 6865
186.145.60.179 - - [09/Jan/2015:00:37:45 -0500] "GET /isolucionsda/BarraFavoritos.asp HTTP/1.1" 200 911
186.145.60.179 - - [09/Jan/2015:00:37:45 -0500] "GET /isolucionsda/Menu.asp?Pagina=Menu.asp&IdModulo=7 HTTP/1.1" 200 30437
186.145.60.179 - - [09/Jan/2015:00:37:45 -0500] "GET /isolucionsda/Session.asp?Continue=1 HTTP/1.1" 200 6196
66.249.64.167 - - [09/Jan/2015:00:37:53 -0500] "GET /BLA/resoluciones/RESOLUCIONES%202013/0350.pdf HTTP/1.1" 304 -
186.145.60.179 - - [09/Jan/2015:00:37:57 -0500] "GET /isolucionsda/FrameSetGeneral.asp?Pagina=FiltroNotaMejora.asp&EsAbierta=1&ConMenu=NO HTTP/1.1" 200 6539
186.145.60.179 - - [09/Jan/2015:00:37:57 -0500] "GET /isolucionsda/Encabezado.asp?Pagina=FiltroNotaMejora.asp&EsAbierta=1&ConMenu=NO HTTP/1.1" 200 15158
186.145.60.179 - - [09/Jan/2015:00:37:57 -0500] "GET /isolucionsda/BarraTitulos.asp?Pagina=FiltroNotaMejora.asp&EsAbierta=1&ConMenu=NO HTTP/1.1" 200 6865
186.145.60.179 - - [09/Jan/2015:00:37:57 -0500] "GET /isolucionsda/BarraFavoritos.asp HTTP/1.1" 200 911
186.145.60.179 - - [09/Jan/2015:00:37:57 -0500] "GET /isolucionsda/Session.asp?Continue=1 HTTP/1.1" 200 6196
186.145.60.179 - - [09/Jan/2015:00:37:57 -0500] "GET /isolucionsda/FiltroNotaMejora.asp?Pagina=FiltroNotaMejora.asp&EsAbierta=1&ConMenu=NO HTTP/1.1" 200 45180
201.245.192.253 - - [09/Jan/2015:00:38:01 -0500] "GET /forest/session.jsp?a=0.8701635022438399 HTTP/1.1" 200 4
186.145.60.179 - - [09/Jan/2015:00:38:02 -0500] "GET /isolucionsda/Jerarquia.asp?Tabla=Proceso&Form=Filtro&CampoDisplay=CodProcesoDisplayObjetoProceso&CampoHidden=CodProceso&bSubmit=True&items= HTTP/1.1" 200 10466
186.145.60.179 - - [09/Jan/2015:00:38:04 -0500] "POST /isolucionsda/Jerarquia.asp HTTP/1.1" 200 7996
186.145.60.179 - - [09/Jan/2015:00:38:04 -0500] "POST /isolucionsda/FiltroNotaMejora.asp HTTP/1.1" 200 43705
186.145.60.179 - - [09/Jan/2015:00:38:09 -0500] "GET /isolucionsda/NotaMejora.asp?CodSucursal=&ID_NotaMejora=368&Accion=ModificarForma HTTP/1.1" 200 61149
201.184.95.190 - - [09/Jan/2015:00:38:21 -0500] "POST /forms/lservlet;jsessionid=ac16012b30d54c4b28d95df74871936095efca9bedb3.e3iSbxaKaheRe34SahiRb30Pchr0n6jAmljGr5XDqQLvpAe HTTP/1.1" 200 2
74.86.158.107 - - [09/Jan/2015:00:38:29 -0500] "HEAD / HTTP/1.1" 302 -
186.30.183.249 - - [09/Jan/2015:00:38:32 -0500] "GET /BLA/boletinlegal/js/jquery.js HTTP/1.1" 200 57254
186.30.183.249 - - [09/Jan/2015:00:38:32 -0500] "GET /BLA/boletinlegal/js/jquery.scrollTo-min.js HTTP/1.1" 200 1150
186.30.183.249 - - [09/Jan/2015:00:38:32 -0500] "GET /BLA/boletinlegal/js/jquery.scrollShow.js HTTP/1.1" 200 4586
186.30.183.249 - - [09/Jan/2015:00:38:33 -0500] "GET /hidrico/aguas%20subterraneas/ HTTP/1.1" 404 1296
66.249.64.167 - - [09/Jan/2015:00:38:33 -0500] "GET /BLA/resoluciones/index.php?dir=RESOLUCIONES%202002/RES%202002%20101-150/&sort=name&order=asc HTTP/1.1" 200 12339
