201.245.192.253 - - [09/Jan/2015:08:34:51 -0500] "GET /isolucionsda/BarraFavoritos.asp HTTP/1.1" 502 1362
201.245.192.253 - - [09/Jan/2015:08:34:51 -0500] "GET /isolucionsda/Encabezado.asp?Pagina=FiltroNoConformidades.asp&Estado=Abiertas&PintarAuditorias=SI&EsAbierta=1&ConMenu=NO HTTP/1.1" 200 15158
201.245.192.253 - - [09/Jan/2015:08:34:51 -0500] "GET /isolucionsda/BarraTitulos.asp?Pagina=FiltroNoConformidades.asp&Estado=Abiertas&PintarAuditorias=SI&EsAbierta=1&ConMenu=NO HTTP/1.1" 200 6865
201.245.192.253 - - [09/Jan/2015:08:34:51 -0500] "GET /isolucionsda/Session.asp?Continue=1 HTTP/1.1" 200 6196
201.245.192.253 - - [09/Jan/2015:08:34:51 -0500] "GET /isolucionsda/FiltroNoConformidades.asp?Pagina=FiltroNoConformidades.asp&Estado=Abiertas&PintarAuditorias=SI&EsAbierta=1&ConMenu=NO HTTP/1.1" 200 52515
201.245.192.253 - - [09/Jan/2015:08:34:50 -0500] "GET /forest/documentos/1900749/2014ER130373.pdf HTTP/1.1" 200 3252556
201.245.192.253 - - [09/Jan/2015:08:34:55 -0500] "GET /forest/session.jsp?a=0.9362507186441837 HTTP/1.1" 200 4
201.245.192.253 - - [09/Jan/2015:08:34:56 -0500] "GET /isolucionsda/Jerarquia.asp?Tabla=Proceso&Form=Filtro&CampoDisplay=CodProcesoDisplayObjetoProceso&CampoHidden=CodProceso&bSubmit=True&items= HTTP/1.1" 200 10466
201.245.192.253 - - [09/Jan/2015:08:34:58 -0500] "POST /isolucionsda/Jerarquia.asp HTTP/1.1" 200 7996
201.245.192.253 - - [09/Jan/2015:08:34:58 -0500] "POST /isolucionsda/FiltroNoConformidades.asp?PintarAuditorias=SI&Usuario= HTTP/1.1" 200 50778
201.245.192.253 - - [09/Jan/2015:08:35:02 -0500] "POST /isolucionsda/FiltroNoConformidades.asp?buscar=&paginaactual=3 HTTP/1.1" 200 50732
201.245.192.253 - - [09/Jan/2015:08:35:07 -0500] "POST /isolucionsda/FiltroNoConformidades.asp?buscar=&paginaactual=4 HTTP/1.1" 200 50282
201.245.192.253 - - [09/Jan/2015:08:35:10 -0500] "POST /isolucionsda/FiltroNoConformidades.asp?buscar=&paginaactual=6 HTTP/1.1" 200 42159
201.245.192.253 - - [09/Jan/2015:08:35:12 -0500] "POST /isolucionsda/FiltroNoConformidades.asp?buscar=&paginaactual=5 HTTP/1.1" 200 50551
201.245.192.253 - - [09/Jan/2015:08:35:15 -0500] "GET /isolucionsda/NoConformidadISOlucion.asp?Id_NoConformidad=517&CodtipoNoConf=19 HTTP/1.1" 200 47222
66.249.64.171 - - [09/Jan/2015:08:35:16 -0500] "GET /BLA/resoluciones/RESOLUCIONES%202009/8288.pdf HTTP/1.1" 200 1591341
172.22.2.1 - - [09/Jan/2015:08:35:26 -0500] "GET /isolucionsda/ HTTP/1.1" 200 739
201.184.95.190 - - [09/Jan/2015:08:35:44 -0500] "POST /forms/lservlet;jsessionid=ac16012b30d5d7b98a788544408a97f0b3daa4379376.e3iSbxaKaheRe34SahiRb30Pchr0n6jAmljGr5XDqQLvpAe HTTP/1.1" 200 2
188.165.15.94 - - [09/Jan/2015:08:36:00 -0500] "GET /BLA/resoluciones/RESOLUCIONES%202000/2000%201400-1449.tif HTTP/1.1" 200 5424715
66.249.64.163 - - [09/Jan/2015:08:36:13 -0500] "GET /BLA/resoluciones/RESOLUCIONES%202010/4728.pdf HTTP/1.1" 200 400332
186.154.253.106 - - [09/Jan/2015:08:36:18 -0500] "GET /forest/session.jsp?a=0.9484456400386989 HTTP/1.1" 200 4
201.245.192.253 - - [09/Jan/2015:08:36:50 -0500] "GET /galeria/nivo-slider/demo/demo.html HTTP/1.1" 304 -
201.245.192.253 - - [09/Jan/2015:08:36:57 -0500] "GET /forest/session.jsp?a=0.8640533627501311 HTTP/1.1" 200 4
201.245.192.253 - - [09/Jan/2015:08:36:58 -0500] "GET /isolucionsda/NoConformidadISOlucion.asp?Id_NoConformidad=514&CodtipoNoConf=19 HTTP/1.1" 200 49774
66.249.64.167 - - [09/Jan/2015:08:37:00 -0500] "GET /BLA/boletinlegal/images/img_3.jpg HTTP/1.1" 200 1841
66.249.64.163 - - [09/Jan/2015:08:37:01 -0500] "GET /BLA/resoluciones/AUTOS%202006/AUTOS%202006%20401-500/00000467.tif HTTP/1.1" 200 47186
190.8.232.65 - - [09/Jan/2015:08:37:08 -0500] "GET /BLA/resoluciones/RESOLUCIONES%202011/0052.pdf HTTP/1.1" 200 412074
190.8.232.65 - - [09/Jan/2015:08:37:09 -0500] "GET /BLA/resoluciones/RESOLUCIONES%202011/0052.pdf HTTP/1.1" 206 32768
66.249.64.163 - - [09/Jan/2015:08:37:10 -0500] "GET /BLA/resoluciones/AUTOS%202007/2657.pdf HTTP/1.1" 200 150557
190.8.232.65 - - [09/Jan/2015:08:37:10 -0500] "GET /BLA/resoluciones/RESOLUCIONES%202011/0052.pdf HTTP/1.1" 206 379306
190.8.232.65 - - [09/Jan/2015:08:37:20 -0500] "GET /favicon.ico HTTP/1.1" 200 7782
201.184.95.190 - - [09/Jan/2015:08:37:27 -0500] "POST /forms/lservlet;jsessionid=ac16012b30d5d7b98a788544408a97f0b3daa4379376.e3iSbxaKaheRe34SahiRb30Pchr0n6jAmljGr5XDqQLvpAe HTTP/1.1" 200 2
201.184.95.190 - - [09/Jan/2015:08:37:27 -0500] "POST /forms/lservlet;jsessionid=ac16012b30d5d7b98a788544408a97f0b3daa4379376.e3iSbxaKaheRe34SahiRb30Pchr0n6jAmljGr5XDqQLvpAe HTTP/1.1" 200 14
201.184.95.190 - - [09/Jan/2015:08:37:28 -0500] "POST /forms/lservlet;jsessionid=ac16012b30d5d7b98a788544408a97f0b3daa4379376.e3iSbxaKaheRe34SahiRb30Pchr0n6jAmljGr5XDqQLvpAe HTTP/1.1" 200 131
201.184.95.190 - - [09/Jan/2015:08:37:29 -0500] "POST /forms/lservlet;jsessionid=ac16012b30d5d7b98a788544408a97f0b3daa4379376.e3iSbxaKaheRe34SahiRb30Pchr0n6jAmljGr5XDqQLvpAe HTTP/1.1" 200 2
201.245.192.253 - - [09/Jan/2015:08:37:32 -0500] "GET /forest/session.jsp?a=0.43323484926809563 HTTP/1.1" 200 4
201.184.95.190 - - [09/Jan/2015:08:37:44 -0500] "POST /forms/lservlet;jsessionid=ac16012b30d5d7b98a788544408a97f0b3daa4379376.e3iSbxaKaheRe34SahiRb30Pchr0n6jAmljGr5XDqQLvpAe HTTP/1.1" 200 2
201.184.95.190 - - [09/Jan/2015:08:37:29 -0500] "GET /reports/rwservlet/getjobid340077?server=rep_srvapsda HTTP/1.1" 200 3267531
188.165.15.214 - - [09/Jan/2015:08:37:59 -0500] "GET /BLA/resoluciones/RESOLUCIONES%202002/RES%202002%20151-200/2002RES157.tif HTTP/1.1" 200 90490
188.165.15.90 - - [09/Jan/2015:08:38:04 -0500] "GET /BLA/resoluciones/index.php?dir=RESOLUCIONES+2006%2FRES+2006+451-500%2F HTTP/1.1" 200 12244
201.245.192.253 - - [09/Jan/2015:08:38:07 -0500] "GET /forest/session.jsp?a=0.36788960309611174 HTTP/1.1" 200 4
66.249.64.163 - - [09/Jan/2015:08:38:07 -0500] "GET /BLA/resoluciones/AUTOS%202009/3550.pdf HTTP/1.1" 200 147488
201.184.95.190 - - [09/Jan/2015:08:38:11 -0500] "POST /forms/lservlet;jsessionid=ac16012b30d5d7b98a788544408a97f0b3daa4379376.e3iSbxaKaheRe34SahiRb30Pchr0n6jAmljGr5XDqQLvpAe HTTP/1.1" 200 159
201.184.95.190 - - [09/Jan/2015:08:38:17 -0500] "POST /forms/lservlet;jsessionid=ac16012b30d5d7b98a788544408a97f0b3daa4379376.e3iSbxaKaheRe34SahiRb30Pchr0n6jAmljGr5XDqQLvpAe HTTP/1.1" 200 121
201.184.95.190 - - [09/Jan/2015:08:38:21 -0500] "POST /forms/lservlet;jsessionid=ac16012b30d5d7b98a788544408a97f0b3daa4379376.e3iSbxaKaheRe34SahiRb30Pchr0n6jAmljGr5XDqQLvpAe HTTP/1.1" 200 96
201.184.95.190 - - [09/Jan/2015:08:38:39 -0500] "POST /forms/lservlet;jsessionid=ac16012b30d5d7b98a788544408a97f0b3daa4379376.e3iSbxaKaheRe34SahiRb30Pchr0n6jAmljGr5XDqQLvpAe HTTP/1.1" 200 66
201.184.95.190 - - [09/Jan/2015:08:38:40 -0500] "POST /forms/lservlet;jsessionid=ac16012b30d5d7b98a788544408a97f0b3daa4379376.e3iSbxaKaheRe34SahiRb30Pchr0n6jAmljGr5XDqQLvpAe HTTP/1.1" 200 2
201.184.95.190 - - [09/Jan/2015:08:38:40 -0500] "POST /forms/lservlet;jsessionid=ac16012b30d5d7b98a788544408a97f0b3daa4379376.e3iSbxaKaheRe34SahiRb30Pchr0n6jAmljGr5XDqQLvpAe HTTP/1.1" 200 2584
201.184.95.190 - - [09/Jan/2015:08:38:41 -0500] "POST /forms/lservlet;jsessionid=ac16012b30d5d7b98a788544408a97f0b3daa4379376.e3iSbxaKaheRe34SahiRb30Pchr0n6jAmljGr5XDqQLvpAe HTTP/1.1" 200 10
201.184.95.190 - - [09/Jan/2015:08:38:43 -0500] "POST /forms/lservlet;jsessionid=ac16012b30d5d7b98a788544408a97f0b3daa4379376.e3iSbxaKaheRe34SahiRb30Pchr0n6jAmljGr5XDqQLvpAe HTTP/1.1" 200 24
201.184.95.190 - - [09/Jan/2015:08:38:43 -0500] "POST /forms/lservlet;jsessionid=ac16012b30d5d7b98a788544408a97f0b3daa4379376.e3iSbxaKaheRe34SahiRb30Pchr0n6jAmljGr5XDqQLvpAe HTTP/1.1" 200 4595
201.184.95.190 - - [09/Jan/2015:08:38:43 -0500] "POST /forms/lservlet;jsessionid=ac16012b30d5d7b98a788544408a97f0b3daa4379376.e3iSbxaKaheRe34SahiRb30Pchr0n6jAmljGr5XDqQLvpAe HTTP/1.1" 200 2
201.184.95.190 - - [09/Jan/2015:08:38:44 -0500] "POST /forms/lservlet;jsessionid=ac16012b30d5d7b98a788544408a97f0b3daa4379376.e3iSbxaKaheRe34SahiRb30Pchr0n6jAmljGr5XDqQLvpAe HTTP/1.1" 200 2
201.184.95.190 - - [09/Jan/2015:08:38:44 -0500] "POST /forms/lservlet;jsessionid=ac16012b30d5d7b98a788544408a97f0b3daa4379376.e3iSbxaKaheRe34SahiRb30Pchr0n6jAmljGr5XDqQLvpAe HTTP/1.1" 200 14
201.184.95.190 - - [09/Jan/2015:08:38:45 -0500] "POST /forms/lservlet;jsessionid=ac16012b30d5d7b98a788544408a97f0b3daa4379376.e3iSbxaKaheRe34SahiRb30Pchr0n6jAmljGr5XDqQLvpAe HTTP/1.1" 200 112
201.184.95.190 - - [09/Jan/2015:08:38:45 -0500] "POST /forms/lservlet;jsessionid=ac16012b30d5d7b98a788544408a97f0b3daa4379376.e3iSbxaKaheRe34SahiRb30Pchr0n6jAmljGr5XDqQLvpAe HTTP/1.1" 200 2
201.184.95.190 - - [09/Jan/2015:08:38:46 -0500] "GET /reports/rwservlet/getjobid340078?server=rep_srvapsda HTTP/1.1" 200 391629
180.76.6.60 - - [09/Jan/2015:08:38:57 -0500] "GET /BLA/boletinlegal;jsessionid=7337A91B34C805F402A21510F86D1B87?/? HTTP/1.1" 404 1018
66.249.64.163 - - [09/Jan/2015:08:39:04 -0500] "GET /BLA/resoluciones/AUTOS%202007/1746.pdf HTTP/1.1" 200 34657
201.184.95.190 - - [09/Jan/2015:08:39:05 -0500] "POST /forms/lservlet;jsessionid=ac16012b30d5d7b98a788544408a97f0b3daa4379376.e3iSbxaKaheRe34SahiRb30Pchr0n6jAmljGr5XDqQLvpAe HTTP/1.1" 200 85
66.249.64.39 - - [09/Jan/2015:08:39:10 -0500] "GET /PORTAL_SIAC/swf/Residuos/vehiculos/vehiculos.html HTTP/1.1" 304 -
201.184.95.190 - - [09/Jan/2015:08:39:15 -0500] "POST /forms/lservlet;jsessionid=ac16012b30d5d7b98a788544408a97f0b3daa4379376.e3iSbxaKaheRe34SahiRb30Pchr0n6jAmljGr5XDqQLvpAe HTTP/1.1" 200 77
201.184.95.190 - - [09/Jan/2015:08:39:20 -0500] "POST /forms/lservlet;jsessionid=ac16012b30d5d7b98a788544408a97f0b3daa4379376.e3iSbxaKaheRe34SahiRb30Pchr0n6jAmljGr5XDqQLvpAe HTTP/1.1" 200 73
201.184.95.190 - - [09/Jan/2015:08:39:34 -0500] "POST /forms/lservlet;jsessionid=ac16012b30d5d7b98a788544408a97f0b3daa4379376.e3iSbxaKaheRe34SahiRb30Pchr0n6jAmljGr5XDqQLvpAe HTTP/1.1" 200 66
201.184.95.190 - - [09/Jan/2015:08:39:34 -0500] "POST /forms/lservlet;jsessionid=ac16012b30d5d7b98a788544408a97f0b3daa4379376.e3iSbxaKaheRe34SahiRb30Pchr0n6jAmljGr5XDqQLvpAe HTTP/1.1" 200 2
201.184.95.190 - - [09/Jan/2015:08:39:35 -0500] "POST /forms/lservlet;jsessionid=ac16012b30d5d7b98a788544408a97f0b3daa4379376.e3iSbxaKaheRe34SahiRb30Pchr0n6jAmljGr5XDqQLvpAe HTTP/1.1" 200 2325
201.184.95.190 - - [09/Jan/2015:08:39:35 -0500] "POST /forms/lservlet;jsessionid=ac16012b30d5d7b98a788544408a97f0b3daa4379376.e3iSbxaKaheRe34SahiRb30Pchr0n6jAmljGr5XDqQLvpAe HTTP/1.1" 200 10
201.184.95.190 - - [09/Jan/2015:08:39:37 -0500] "POST /forms/lservlet;jsessionid=ac16012b30d5d7b98a788544408a97f0b3daa4379376.e3iSbxaKaheRe34SahiRb30Pchr0n6jAmljGr5XDqQLvpAe HTTP/1.1" 200 24
201.184.95.190 - - [09/Jan/2015:08:39:37 -0500] "POST /forms/lservlet;jsessionid=ac16012b30d5d7b98a788544408a97f0b3daa4379376.e3iSbxaKaheRe34SahiRb30Pchr0n6jAmljGr5XDqQLvpAe HTTP/1.1" 200 4127
201.184.95.190 - - [09/Jan/2015:08:39:37 -0500] "POST /forms/lservlet;jsessionid=ac16012b30d5d7b98a788544408a97f0b3daa4379376.e3iSbxaKaheRe34SahiRb30Pchr0n6jAmljGr5XDqQLvpAe HTTP/1.1" 200 2
201.184.95.190 - - [09/Jan/2015:08:39:38 -0500] "POST /forms/lservlet;jsessionid=ac16012b30d5d7b98a788544408a97f0b3daa4379376.e3iSbxaKaheRe34SahiRb30Pchr0n6jAmljGr5XDqQLvpAe HTTP/1.1" 200 2
201.184.95.190 - - [09/Jan/2015:08:39:38 -0500] "POST /forms/lservlet;jsessionid=ac16012b30d5d7b98a788544408a97f0b3daa4379376.e3iSbxaKaheRe34SahiRb30Pchr0n6jAmljGr5XDqQLvpAe HTTP/1.1" 200 112
201.184.95.190 - - [09/Jan/2015:08:39:39 -0500] "POST /forms/lservlet;jsessionid=ac16012b30d5d7b98a788544408a97f0b3daa4379376.e3iSbxaKaheRe34SahiRb30Pchr0n6jAmljGr5XDqQLvpAe HTTP/1.1" 200 2
201.184.95.190 - - [09/Jan/2015:08:39:39 -0500] "GET /reports/rwservlet/getjobid340079?server=rep_srvapsda HTTP/1.1" 200 311581
74.86.158.107 - - [09/Jan/2015:08:39:43 -0500] "GET / HTTP/1.1" 302 -
201.184.95.190 - - [09/Jan/2015:08:39:45 -0500] "POST /forms/lservlet;jsessionid=ac16012b30d5d7b98a788544408a97f0b3daa4379376.e3iSbxaKaheRe34SahiRb30Pchr0n6jAmljGr5XDqQLvpAe HTTP/1.1" 200 2
201.184.95.190 - - [09/Jan/2015:08:39:54 -0500] "POST /forms/lservlet;jsessionid=ac16012b30d5d7b98a788544408a97f0b3daa4379376.e3iSbxaKaheRe34SahiRb30Pchr0n6jAmljGr5XDqQLvpAe HTTP/1.1" 200 85
201.245.192.253 - - [09/Jan/2015:08:39:55 -0500] "GET /forest/session.jsp?a=0.763849346222343 HTTP/1.1" 200 4
201.184.95.190 - - [09/Jan/2015:08:40:01 -0500] "POST /forms/lservlet;jsessionid=ac16012b30d5d7b98a788544408a97f0b3daa4379376.e3iSbxaKaheRe34SahiRb30Pchr0n6jAmljGr5XDqQLvpAe HTTP/1.1" 200 77
66.249.64.171 - - [09/Jan/2015:08:40:02 -0500] "GET /BLA/resoluciones/AUTOS%202014/0446.pdf HTTP/1.1" 200 372629
201.184.95.190 - - [09/Jan/2015:08:40:05 -0500] "POST /forms/lservlet;jsessionid=ac16012b30d5d7b98a788544408a97f0b3daa4379376.e3iSbxaKaheRe34SahiRb30Pchr0n6jAmljGr5XDqQLvpAe HTTP/1.1" 200 73
201.184.95.190 - - [09/Jan/2015:08:40:24 -0500] "POST /forms/lservlet;jsessionid=ac16012b30d5d7b98a788544408a97f0b3daa4379376.e3iSbxaKaheRe34SahiRb30Pchr0n6jAmljGr5XDqQLvpAe HTTP/1.1" 200 66
201.184.95.190 - - [09/Jan/2015:08:40:25 -0500] "POST /forms/lservlet;jsessionid=ac16012b30d5d7b98a788544408a97f0b3daa4379376.e3iSbxaKaheRe34SahiRb30Pchr0n6jAmljGr5XDqQLvpAe HTTP/1.1" 200 2
201.184.95.190 - - [09/Jan/2015:08:40:25 -0500] "POST /forms/lservlet;jsessionid=ac16012b30d5d7b98a788544408a97f0b3daa4379376.e3iSbxaKaheRe34SahiRb30Pchr0n6jAmljGr5XDqQLvpAe HTTP/1.1" 200 2325
201.184.95.190 - - [09/Jan/2015:08:40:25 -0500] "POST /forms/lservlet;jsessionid=ac16012b30d5d7b98a788544408a97f0b3daa4379376.e3iSbxaKaheRe34SahiRb30Pchr0n6jAmljGr5XDqQLvpAe HTTP/1.1" 200 10
201.184.95.190 - - [09/Jan/2015:08:40:27 -0500] "POST /forms/lservlet;jsessionid=ac16012b30d5d7b98a788544408a97f0b3daa4379376.e3iSbxaKaheRe34SahiRb30Pchr0n6jAmljGr5XDqQLvpAe HTTP/1.1" 200 24
201.184.95.190 - - [09/Jan/2015:08:40:27 -0500] "POST /forms/lservlet;jsessionid=ac16012b30d5d7b98a788544408a97f0b3daa4379376.e3iSbxaKaheRe34SahiRb30Pchr0n6jAmljGr5XDqQLvpAe HTTP/1.1" 200 4487
201.184.95.190 - - [09/Jan/2015:08:40:27 -0500] "POST /forms/lservlet;jsessionid=ac16012b30d5d7b98a788544408a97f0b3daa4379376.e3iSbxaKaheRe34SahiRb30Pchr0n6jAmljGr5XDqQLvpAe HTTP/1.1" 200 2
201.184.95.190 - - [09/Jan/2015:08:40:28 -0500] "POST /forms/lservlet;jsessionid=ac16012b30d5d7b98a788544408a97f0b3daa4379376.e3iSbxaKaheRe34SahiRb30Pchr0n6jAmljGr5XDqQLvpAe HTTP/1.1" 200 2
201.184.95.190 - - [09/Jan/2015:08:40:28 -0500] "POST /forms/lservlet;jsessionid=ac16012b30d5d7b98a788544408a97f0b3daa4379376.e3iSbxaKaheRe34SahiRb30Pchr0n6jAmljGr5XDqQLvpAe HTTP/1.1" 200 14
201.184.95.190 - - [09/Jan/2015:08:40:29 -0500] "POST /forms/lservlet;jsessionid=ac16012b30d5d7b98a788544408a97f0b3daa4379376.e3iSbxaKaheRe34SahiRb30Pchr0n6jAmljGr5XDqQLvpAe HTTP/1.1" 200 112
201.184.95.190 - - [09/Jan/2015:08:40:29 -0500] "POST /forms/lservlet;jsessionid=ac16012b30d5d7b98a788544408a97f0b3daa4379376.e3iSbxaKaheRe34SahiRb30Pchr0n6jAmljGr5XDqQLvpAe HTTP/1.1" 200 2
201.184.95.190 - - [09/Jan/2015:08:40:30 -0500] "GET /reports/rwservlet/getjobid340080?server=rep_srvapsda HTTP/1.1" 200 914016
201.184.95.190 - - [09/Jan/2015:08:40:51 -0500] "POST /forms/lservlet;jsessionid=ac16012b30d5d7b98a788544408a97f0b3daa4379376.e3iSbxaKaheRe34SahiRb30Pchr0n6jAmljGr5XDqQLvpAe HTTP/1.1" 200 85
201.184.95.190 - - [09/Jan/2015:08:40:57 -0500] "POST /forms/lservlet;jsessionid=ac16012b30d5d7b98a788544408a97f0b3daa4379376.e3iSbxaKaheRe34SahiRb30Pchr0n6jAmljGr5XDqQLvpAe HTTP/1.1" 200 77
188.165.15.110 - - [09/Jan/2015:08:40:58 -0500] "GET /BLA/resoluciones/RESOLUCIONES%202005/RES%202005%203151-3180/00003158.tif HTTP/1.1" 200 154584
66.249.64.167 - - [09/Jan/2015:08:40:59 -0500] "GET /BLA/resoluciones/RESOLUCIONES%202008/4501.pdf HTTP/1.1" 200 75182
201.184.95.190 - - [09/Jan/2015:08:41:01 -0500] "POST /forms/lservlet;jsessionid=ac16012b30d5d7b98a788544408a97f0b3daa4379376.e3iSbxaKaheRe34SahiRb30Pchr0n6jAmljGr5XDqQLvpAe HTTP/1.1" 200 73
186.154.253.106 - - [09/Jan/2015:08:41:18 -0500] "GET /forest/session.jsp?a=0.8811148561071604 HTTP/1.1" 200 4
201.184.95.190 - - [09/Jan/2015:08:41:22 -0500] "POST /forms/lservlet;jsessionid=ac16012b30d5d7b98a788544408a97f0b3daa4379376.e3iSbxaKaheRe34SahiRb30Pchr0n6jAmljGr5XDqQLvpAe HTTP/1.1" 200 66
201.184.95.190 - - [09/Jan/2015:08:41:23 -0500] "POST /forms/lservlet;jsessionid=ac16012b30d5d7b98a788544408a97f0b3daa4379376.e3iSbxaKaheRe34SahiRb30Pchr0n6jAmljGr5XDqQLvpAe HTTP/1.1" 200 2
201.184.95.190 - - [09/Jan/2015:08:41:23 -0500] "POST /forms/lservlet;jsessionid=ac16012b30d5d7b98a788544408a97f0b3daa4379376.e3iSbxaKaheRe34SahiRb30Pchr0n6jAmljGr5XDqQLvpAe HTTP/1.1" 200 2364
201.184.95.190 - - [09/Jan/2015:08:41:23 -0500] "POST /forms/lservlet;jsessionid=ac16012b30d5d7b98a788544408a97f0b3daa4379376.e3iSbxaKaheRe34SahiRb30Pchr0n6jAmljGr5XDqQLvpAe HTTP/1.1" 200 10
201.184.95.190 - - [09/Jan/2015:08:41:25 -0500] "POST /forms/lservlet;jsessionid=ac16012b30d5d7b98a788544408a97f0b3daa4379376.e3iSbxaKaheRe34SahiRb30Pchr0n6jAmljGr5XDqQLvpAe HTTP/1.1" 200 24
201.184.95.190 - - [09/Jan/2015:08:41:25 -0500] "POST /forms/lservlet;jsessionid=ac16012b30d5d7b98a788544408a97f0b3daa4379376.e3iSbxaKaheRe34SahiRb30Pchr0n6jAmljGr5XDqQLvpAe HTTP/1.1" 200 4479
201.184.95.190 - - [09/Jan/2015:08:41:26 -0500] "POST /forms/lservlet;jsessionid=ac16012b30d5d7b98a788544408a97f0b3daa4379376.e3iSbxaKaheRe34SahiRb30Pchr0n6jAmljGr5XDqQLvpAe HTTP/1.1" 200 2
201.184.95.190 - - [09/Jan/2015:08:41:26 -0500] "POST /forms/lservlet;jsessionid=ac16012b30d5d7b98a788544408a97f0b3daa4379376.e3iSbxaKaheRe34SahiRb30Pchr0n6jAmljGr5XDqQLvpAe HTTP/1.1" 200 2
201.184.95.190 - - [09/Jan/2015:08:41:26 -0500] "POST /forms/lservlet;jsessionid=ac16012b30d5d7b98a788544408a97f0b3daa4379376.e3iSbxaKaheRe34SahiRb30Pchr0n6jAmljGr5XDqQLvpAe HTTP/1.1" 200 14
201.184.95.190 - - [09/Jan/2015:08:41:28 -0500] "POST /forms/lservlet;jsessionid=ac16012b30d5d7b98a788544408a97f0b3daa4379376.e3iSbxaKaheRe34SahiRb30Pchr0n6jAmljGr5XDqQLvpAe HTTP/1.1" 200 112
201.184.95.190 - - [09/Jan/2015:08:41:28 -0500] "POST /forms/lservlet;jsessionid=ac16012b30d5d7b98a788544408a97f0b3daa4379376.e3iSbxaKaheRe34SahiRb30Pchr0n6jAmljGr5XDqQLvpAe HTTP/1.1" 200 2
201.184.95.190 - - [09/Jan/2015:08:41:28 -0500] "GET /reports/rwservlet/getjobid340081?server=rep_srvapsda HTTP/1.1" 200 408884
201.184.95.190 - - [09/Jan/2015:08:41:45 -0500] "POST /forms/lservlet;jsessionid=ac16012b30d5d7b98a788544408a97f0b3daa4379376.e3iSbxaKaheRe34SahiRb30Pchr0n6jAmljGr5XDqQLvpAe HTTP/1.1" 200 2
66.249.64.167 - - [09/Jan/2015:08:41:56 -0500] "GET /BLA/resoluciones/RESOLUCIONES%202009/4063.pdf HTTP/1.1" 200 588855
201.184.95.190 - - [09/Jan/2015:08:41:56 -0500] "POST /forms/lservlet;jsessionid=ac16012b30d5d7b98a788544408a97f0b3daa4379376.e3iSbxaKaheRe34SahiRb30Pchr0n6jAmljGr5XDqQLvpAe HTTP/1.1" 200 85
201.245.192.253 - - [09/Jan/2015:08:41:57 -0500] "GET /forest/session.jsp?a=0.41291218421590025 HTTP/1.1" 200 4
201.245.192.253 - - [09/Jan/2015:08:41:58 -0500] "GET /BLA/boletinlegal/js/jquery.js HTTP/1.1" 304 -
201.245.192.253 - - [09/Jan/2015:08:41:58 -0500] "GET /BLA/boletinlegal/js/jquery.scrollShow.js HTTP/1.1" 304 -
201.245.192.253 - - [09/Jan/2015:08:41:58 -0500] "GET /BLA/boletinlegal/js/jquery.scrollTo-min.js HTTP/1.1" 304 -
201.245.192.253 - - [09/Jan/2015:08:41:58 -0500] "GET /galeria/nivo-slider/demo/demo.html HTTP/1.1" 304 -
201.245.192.253 - - [09/Jan/2015:08:42:00 -0500] "GET /videos/Spot_CambioClimatico.flv HTTP/1.1" 304 -
190.9.192.215 - - [09/Jan/2015:08:42:25 -0500] "GET /BLA/resoluciones/RESOLUCIONES%202007/RES%202007%20601%20AL%20700/RESOLUCION%200627%20DE%202007.pdf HTTP/1.1" 200 950039
190.9.192.215 - - [09/Jan/2015:08:42:25 -0500] "GET /BLA/resoluciones/RESOLUCIONES%202007/RES%202007%20601%20AL%20700/RESOLUCION%200627%20DE%202007.pdf HTTP/1.1" 200 950039
188.165.15.90 - - [09/Jan/2015:08:42:32 -0500] "GET /BLA/resoluciones/RESOLUCIONES%202004/RES%202004%201751-1800/00001783.tif HTTP/1.1" 200 150954
201.245.192.253 - - [09/Jan/2015:08:42:44 -0500] "GET /galeria/nivo-slider/demo/demo.html HTTP/1.1" 304 -
66.249.64.167 - - [09/Jan/2015:08:42:53 -0500] "GET /BLA/resoluciones/RESOLUCIONES%202009/3807.pdf HTTP/1.1" 200 902703
201.245.192.253 - - [09/Jan/2015:08:43:07 -0500] "GET /forest/session.jsp?a=0.15082974173880093 HTTP/1.1" 200 4
66.249.64.171 - - [09/Jan/2015:08:43:40 -0500] "GET /BLA/resoluciones/RESOLUCIONES%202005/RES%202005%201101-1150/00001102.tif HTTP/1.1" 200 156028
201.184.95.190 - - [09/Jan/2015:08:43:45 -0500] "POST /forms/lservlet;jsessionid=ac16012b30d5d7b98a788544408a97f0b3daa4379376.e3iSbxaKaheRe34SahiRb30Pchr0n6jAmljGr5XDqQLvpAe HTTP/1.1" 200 2
66.249.64.163 - - [09/Jan/2015:08:43:50 -0500] "GET /BLA/resoluciones/RESOLUCIONES%202008/5248.pdf HTTP/1.1" 200 329090
186.28.215.163 - - [09/Jan/2015:08:44:06 -0500] "GET /BLA/boletinlegal/js/jquery.js HTTP/1.1" 200 57254
186.28.215.163 - - [09/Jan/2015:08:44:06 -0500] "GET /BLA/boletinlegal/js/jquery.scrollTo-min.js HTTP/1.1" 200 1150
186.28.215.163 - - [09/Jan/2015:08:44:06 -0500] "GET /BLA/boletinlegal/js/jquery.scrollShow.js HTTP/1.1" 200 4586
190.26.35.121 - - [09/Jan/2015:08:44:19 -0500] "GET /dama/libreria/jpg/ecosistemas/aulas/aa2_1.jpg HTTP/1.1" 404 1315
192.193.216.147 - - [09/Jan/2015:08:44:30 -0500] "OPTIONS / HTTP/1.1" 302 -
74.86.158.107 - - [09/Jan/2015:08:44:43 -0500] "GET / HTTP/1.1" 302 -
66.249.64.163 - - [09/Jan/2015:08:44:47 -0500] "GET /BLA/resoluciones/RESOLUCIONES%202011/0927.pdf HTTP/1.1" 200 70155
201.245.192.253 - - [09/Jan/2015:08:44:55 -0500] "GET /forest/session.jsp?a=0.023761710441838058 HTTP/1.1" 200 4
201.184.95.190 - - [09/Jan/2015:08:45:03 -0500] "POST /forms/lservlet;jsessionid=ac16012b30d5d7b98a788544408a97f0b3daa4379376.e3iSbxaKaheRe34SahiRb30Pchr0n6jAmljGr5XDqQLvpAe HTTP/1.1" 200 77
201.184.95.190 - - [09/Jan/2015:08:45:08 -0500] "POST /forms/lservlet;jsessionid=ac16012b30d5d7b98a788544408a97f0b3daa4379376.e3iSbxaKaheRe34SahiRb30Pchr0n6jAmljGr5XDqQLvpAe HTTP/1.1" 200 73
201.184.95.190 - - [09/Jan/2015:08:45:21 -0500] "POST /forms/lservlet;jsessionid=ac16012b30d5d7b98a788544408a97f0b3daa4379376.e3iSbxaKaheRe34SahiRb30Pchr0n6jAmljGr5XDqQLvpAe HTTP/1.1" 200 66
201.184.95.190 - - [09/Jan/2015:08:45:22 -0500] "POST /forms/lservlet;jsessionid=ac16012b30d5d7b98a788544408a97f0b3daa4379376.e3iSbxaKaheRe34SahiRb30Pchr0n6jAmljGr5XDqQLvpAe HTTP/1.1" 200 2
201.184.95.190 - - [09/Jan/2015:08:45:22 -0500] "POST /forms/lservlet;jsessionid=ac16012b30d5d7b98a788544408a97f0b3daa4379376.e3iSbxaKaheRe34SahiRb30Pchr0n6jAmljGr5XDqQLvpAe HTTP/1.1" 200 2325
201.184.95.190 - - [09/Jan/2015:08:45:22 -0500] "POST /forms/lservlet;jsessionid=ac16012b30d5d7b98a788544408a97f0b3daa4379376.e3iSbxaKaheRe34SahiRb30Pchr0n6jAmljGr5XDqQLvpAe HTTP/1.1" 200 10
201.184.95.190 - - [09/Jan/2015:08:45:25 -0500] "POST /forms/lservlet;jsessionid=ac16012b30d5d7b98a788544408a97f0b3daa4379376.e3iSbxaKaheRe34SahiRb30Pchr0n6jAmljGr5XDqQLvpAe HTTP/1.1" 200 24
201.184.95.190 - - [09/Jan/2015:08:45:25 -0500] "POST /forms/lservlet;jsessionid=ac16012b30d5d7b98a788544408a97f0b3daa4379376.e3iSbxaKaheRe34SahiRb30Pchr0n6jAmljGr5XDqQLvpAe HTTP/1.1" 200 4297
201.184.95.190 - - [09/Jan/2015:08:45:26 -0500] "POST /forms/lservlet;jsessionid=ac16012b30d5d7b98a788544408a97f0b3daa4379376.e3iSbxaKaheRe34SahiRb30Pchr0n6jAmljGr5XDqQLvpAe HTTP/1.1" 200 2
201.184.95.190 - - [09/Jan/2015:08:45:27 -0500] "POST /forms/lservlet;jsessionid=ac16012b30d5d7b98a788544408a97f0b3daa4379376.e3iSbxaKaheRe34SahiRb30Pchr0n6jAmljGr5XDqQLvpAe HTTP/1.1" 200 2
201.184.95.190 - - [09/Jan/2015:08:45:27 -0500] "POST /forms/lservlet;jsessionid=ac16012b30d5d7b98a788544408a97f0b3daa4379376.e3iSbxaKaheRe34SahiRb30Pchr0n6jAmljGr5XDqQLvpAe HTTP/1.1" 200 14
201.245.192.253 - - [09/Jan/2015:08:45:28 -0500] "GET /galeria/nivo-slider/demo/demo.html HTTP/1.1" 304 -
201.184.95.190 - - [09/Jan/2015:08:45:28 -0500] "POST /forms/lservlet;jsessionid=ac16012b30d5d7b98a788544408a97f0b3daa4379376.e3iSbxaKaheRe34SahiRb30Pchr0n6jAmljGr5XDqQLvpAe HTTP/1.1" 200 4191
201.184.95.190 - - [09/Jan/2015:08:45:29 -0500] "POST /forms/lservlet;jsessionid=ac16012b30d5d7b98a788544408a97f0b3daa4379376.e3iSbxaKaheRe34SahiRb30Pchr0n6jAmljGr5XDqQLvpAe HTTP/1.1" 200 2
201.184.95.190 - - [09/Jan/2015:08:45:31 -0500] "POST /forms/lservlet;jsessionid=ac16012b30d5d7b98a788544408a97f0b3daa4379376.e3iSbxaKaheRe34SahiRb30Pchr0n6jAmljGr5XDqQLvpAe HTTP/1.1" 200 2
201.184.95.190 - - [09/Jan/2015:08:45:31 -0500] "POST /forms/lservlet;jsessionid=ac16012b30d5d7b98a788544408a97f0b3daa4379376.e3iSbxaKaheRe34SahiRb30Pchr0n6jAmljGr5XDqQLvpAe HTTP/1.1" 200 2813
201.184.95.190 - - [09/Jan/2015:08:45:31 -0500] "POST /forms/lservlet;jsessionid=ac16012b30d5d7b98a788544408a97f0b3daa4379376.e3iSbxaKaheRe34SahiRb30Pchr0n6jAmljGr5XDqQLvpAe HTTP/1.1" 200 10
201.184.95.190 - - [09/Jan/2015:08:45:33 -0500] "POST /forms/lservlet;jsessionid=ac16012b30d5d7b98a788544408a97f0b3daa4379376.e3iSbxaKaheRe34SahiRb30Pchr0n6jAmljGr5XDqQLvpAe HTTP/1.1" 200 24
201.184.95.190 - - [09/Jan/2015:08:45:33 -0500] "POST /forms/lservlet;jsessionid=ac16012b30d5d7b98a788544408a97f0b3daa4379376.e3iSbxaKaheRe34SahiRb30Pchr0n6jAmljGr5XDqQLvpAe HTTP/1.1" 200 4617
201.184.95.190 - - [09/Jan/2015:08:45:35 -0500] "POST /forms/lservlet;jsessionid=ac16012b30d5d7b98a788544408a97f0b3daa4379376.e3iSbxaKaheRe34SahiRb30Pchr0n6jAmljGr5XDqQLvpAe HTTP/1.1" 200 2
201.184.95.190 - - [09/Jan/2015:08:45:35 -0500] "POST /forms/lservlet;jsessionid=ac16012b30d5d7b98a788544408a97f0b3daa4379376.e3iSbxaKaheRe34SahiRb30Pchr0n6jAmljGr5XDqQLvpAe HTTP/1.1" 200 2
201.184.95.190 - - [09/Jan/2015:08:45:35 -0500] "POST /forms/lservlet;jsessionid=ac16012b30d5d7b98a788544408a97f0b3daa4379376.e3iSbxaKaheRe34SahiRb30Pchr0n6jAmljGr5XDqQLvpAe HTTP/1.1" 200 14
201.184.95.190 - - [09/Jan/2015:08:45:36 -0500] "POST /forms/lservlet;jsessionid=ac16012b30d5d7b98a788544408a97f0b3daa4379376.e3iSbxaKaheRe34SahiRb30Pchr0n6jAmljGr5XDqQLvpAe HTTP/1.1" 200 131
201.184.95.190 - - [09/Jan/2015:08:45:36 -0500] "POST /forms/lservlet;jsessionid=ac16012b30d5d7b98a788544408a97f0b3daa4379376.e3iSbxaKaheRe34SahiRb30Pchr0n6jAmljGr5XDqQLvpAe HTTP/1.1" 200 2
66.249.64.163 - - [09/Jan/2015:08:45:44 -0500] "GET /BLA/resoluciones/RESOLUCIONES%202009/6868.pdf HTTP/1.1" 200 264585
201.184.95.190 - - [09/Jan/2015:08:45:45 -0500] "POST /forms/lservlet;jsessionid=ac16012b30d5d7b98a788544408a97f0b3daa4379376.e3iSbxaKaheRe34SahiRb30Pchr0n6jAmljGr5XDqQLvpAe HTTP/1.1" 200 2
201.184.95.190 - - [09/Jan/2015:08:45:36 -0500] "GET /reports/rwservlet/getjobid340082?server=rep_srvapsda HTTP/1.1" 200 488639
201.184.95.190 - - [09/Jan/2015:08:46:29 -0500] "POST /forms/lservlet;jsessionid=ac16012b30d5d7b98a788544408a97f0b3daa4379376.e3iSbxaKaheRe34SahiRb30Pchr0n6jAmljGr5XDqQLvpAe HTTP/1.1" 200 159
201.184.95.190 - - [09/Jan/2015:08:46:35 -0500] "POST /forms/lservlet;jsessionid=ac16012b30d5d7b98a788544408a97f0b3daa4379376.e3iSbxaKaheRe34SahiRb30Pchr0n6jAmljGr5XDqQLvpAe HTTP/1.1" 200 121
201.184.95.190 - - [09/Jan/2015:08:46:41 -0500] "POST /forms/lservlet;jsessionid=ac16012b30d5d7b98a788544408a97f0b3daa4379376.e3iSbxaKaheRe34SahiRb30Pchr0n6jAmljGr5XDqQLvpAe HTTP/1.1" 200 96
66.249.64.167 - - [09/Jan/2015:08:46:41 -0500] "GET /BLA/resoluciones/AUTOS%202008/1939.pdf HTTP/1.1" 304 -
201.184.95.190 - - [09/Jan/2015:08:46:59 -0500] "POST /forms/lservlet;jsessionid=ac16012b30d5d7b98a788544408a97f0b3daa4379376.e3iSbxaKaheRe34SahiRb30Pchr0n6jAmljGr5XDqQLvpAe HTTP/1.1" 200 66
201.184.95.190 - - [09/Jan/2015:08:47:00 -0500] "POST /forms/lservlet;jsessionid=ac16012b30d5d7b98a788544408a97f0b3daa4379376.e3iSbxaKaheRe34SahiRb30Pchr0n6jAmljGr5XDqQLvpAe HTTP/1.1" 200 2
201.184.95.190 - - [09/Jan/2015:08:47:00 -0500] "POST /forms/lservlet;jsessionid=ac16012b30d5d7b98a788544408a97f0b3daa4379376.e3iSbxaKaheRe34SahiRb30Pchr0n6jAmljGr5XDqQLvpAe HTTP/1.1" 200 2325
201.184.95.190 - - [09/Jan/2015:08:47:01 -0500] "POST /forms/lservlet;jsessionid=ac16012b30d5d7b98a788544408a97f0b3daa4379376.e3iSbxaKaheRe34SahiRb30Pchr0n6jAmljGr5XDqQLvpAe HTTP/1.1" 200 10
201.184.95.190 - - [09/Jan/2015:08:47:04 -0500] "POST /forms/lservlet;jsessionid=ac16012b30d5d7b98a788544408a97f0b3daa4379376.e3iSbxaKaheRe34SahiRb30Pchr0n6jAmljGr5XDqQLvpAe HTTP/1.1" 200 24
201.184.95.190 - - [09/Jan/2015:08:47:04 -0500] "POST /forms/lservlet;jsessionid=ac16012b30d5d7b98a788544408a97f0b3daa4379376.e3iSbxaKaheRe34SahiRb30Pchr0n6jAmljGr5XDqQLvpAe HTTP/1.1" 200 4020
201.184.95.190 - - [09/Jan/2015:08:47:05 -0500] "POST /forms/lservlet;jsessionid=ac16012b30d5d7b98a788544408a97f0b3daa4379376.e3iSbxaKaheRe34SahiRb30Pchr0n6jAmljGr5XDqQLvpAe HTTP/1.1" 200 2
201.184.95.190 - - [09/Jan/2015:08:47:06 -0500] "POST /forms/lservlet;jsessionid=ac16012b30d5d7b98a788544408a97f0b3daa4379376.e3iSbxaKaheRe34SahiRb30Pchr0n6jAmljGr5XDqQLvpAe HTTP/1.1" 200 2
201.184.95.190 - - [09/Jan/2015:08:47:06 -0500] "POST /forms/lservlet;jsessionid=ac16012b30d5d7b98a788544408a97f0b3daa4379376.e3iSbxaKaheRe34SahiRb30Pchr0n6jAmljGr5XDqQLvpAe HTTP/1.1" 200 14
201.184.95.190 - - [09/Jan/2015:08:47:07 -0500] "POST /forms/lservlet;jsessionid=ac16012b30d5d7b98a788544408a97f0b3daa4379376.e3iSbxaKaheRe34SahiRb30Pchr0n6jAmljGr5XDqQLvpAe HTTP/1.1" 200 112
201.184.95.190 - - [09/Jan/2015:08:47:08 -0500] "POST /forms/lservlet;jsessionid=ac16012b30d5d7b98a788544408a97f0b3daa4379376.e3iSbxaKaheRe34SahiRb30Pchr0n6jAmljGr5XDqQLvpAe HTTP/1.1" 200 2
201.184.95.190 - - [09/Jan/2015:08:47:08 -0500] "GET /reports/rwservlet/getjobid340083?server=rep_srvapsda HTTP/1.1" 200 718717
201.184.95.190 - - [09/Jan/2015:08:47:32 -0500] "POST /forms/lservlet;jsessionid=ac16012b30d5d7b98a788544408a97f0b3daa4379376.e3iSbxaKaheRe34SahiRb30Pchr0n6jAmljGr5XDqQLvpAe HTTP/1.1" 200 85
201.184.95.190 - - [09/Jan/2015:08:47:37 -0500] "POST /forms/lservlet;jsessionid=ac16012b30d5d7b98a788544408a97f0b3daa4379376.e3iSbxaKaheRe34SahiRb30Pchr0n6jAmljGr5XDqQLvpAe HTTP/1.1" 200 77
66.249.64.171 - - [09/Jan/2015:08:47:39 -0500] "GET /BLA/resoluciones/AUTOS%202013/2553.pdf HTTP/1.1" 200 1841959
201.184.95.190 - - [09/Jan/2015:08:47:42 -0500] "POST /forms/lservlet;jsessionid=ac16012b30d5d7b98a788544408a97f0b3daa4379376.e3iSbxaKaheRe34SahiRb30Pchr0n6jAmljGr5XDqQLvpAe HTTP/1.1" 200 73
201.184.95.190 - - [09/Jan/2015:08:47:45 -0500] "POST /forms/lservlet;jsessionid=ac16012b30d5d7b98a788544408a97f0b3daa4379376.e3iSbxaKaheRe34SahiRb30Pchr0n6jAmljGr5XDqQLvpAe HTTP/1.1" 200 2
201.184.95.190 - - [09/Jan/2015:08:47:58 -0500] "POST /forms/lservlet;jsessionid=ac16012b30d5d7b98a788544408a97f0b3daa4379376.e3iSbxaKaheRe34SahiRb30Pchr0n6jAmljGr5XDqQLvpAe HTTP/1.1" 200 66
201.184.95.190 - - [09/Jan/2015:08:47:58 -0500] "POST /forms/lservlet;jsessionid=ac16012b30d5d7b98a788544408a97f0b3daa4379376.e3iSbxaKaheRe34SahiRb30Pchr0n6jAmljGr5XDqQLvpAe HTTP/1.1" 200 2
201.184.95.190 - - [09/Jan/2015:08:47:59 -0500] "POST /forms/lservlet;jsessionid=ac16012b30d5d7b98a788544408a97f0b3daa4379376.e3iSbxaKaheRe34SahiRb30Pchr0n6jAmljGr5XDqQLvpAe HTTP/1.1" 200 2293
201.184.95.190 - - [09/Jan/2015:08:47:59 -0500] "POST /forms/lservlet;jsessionid=ac16012b30d5d7b98a788544408a97f0b3daa4379376.e3iSbxaKaheRe34SahiRb30Pchr0n6jAmljGr5XDqQLvpAe HTTP/1.1" 200 10
201.184.95.190 - - [09/Jan/2015:08:48:01 -0500] "POST /forms/lservlet;jsessionid=ac16012b30d5d7b98a788544408a97f0b3daa4379376.e3iSbxaKaheRe34SahiRb30Pchr0n6jAmljGr5XDqQLvpAe HTTP/1.1" 200 24
201.184.95.190 - - [09/Jan/2015:08:48:01 -0500] "POST /forms/lservlet;jsessionid=ac16012b30d5d7b98a788544408a97f0b3daa4379376.e3iSbxaKaheRe34SahiRb30Pchr0n6jAmljGr5XDqQLvpAe HTTP/1.1" 200 4327
201.184.95.190 - - [09/Jan/2015:08:48:01 -0500] "POST /forms/lservlet;jsessionid=ac16012b30d5d7b98a788544408a97f0b3daa4379376.e3iSbxaKaheRe34SahiRb30Pchr0n6jAmljGr5XDqQLvpAe HTTP/1.1" 200 2
201.184.95.190 - - [09/Jan/2015:08:48:02 -0500] "POST /forms/lservlet;jsessionid=ac16012b30d5d7b98a788544408a97f0b3daa4379376.e3iSbxaKaheRe34SahiRb30Pchr0n6jAmljGr5XDqQLvpAe HTTP/1.1" 200 2
201.184.95.190 - - [09/Jan/2015:08:48:02 -0500] "POST /forms/lservlet;jsessionid=ac16012b30d5d7b98a788544408a97f0b3daa4379376.e3iSbxaKaheRe34SahiRb30Pchr0n6jAmljGr5XDqQLvpAe HTTP/1.1" 200 14
201.184.95.190 - - [09/Jan/2015:08:48:03 -0500] "POST /forms/lservlet;jsessionid=ac16012b30d5d7b98a788544408a97f0b3daa4379376.e3iSbxaKaheRe34SahiRb30Pchr0n6jAmljGr5XDqQLvpAe HTTP/1.1" 200 112
201.184.95.190 - - [09/Jan/2015:08:48:03 -0500] "POST /forms/lservlet;jsessionid=ac16012b30d5d7b98a788544408a97f0b3daa4379376.e3iSbxaKaheRe34SahiRb30Pchr0n6jAmljGr5XDqQLvpAe HTTP/1.1" 200 2
201.245.192.253 - - [09/Jan/2015:08:48:07 -0500] "GET /forest/session.jsp?a=0.5837085681049806 HTTP/1.1" 200 4
201.184.95.190 - - [09/Jan/2015:08:48:03 -0500] "GET /reports/rwservlet/getjobid340084?server=rep_srvapsda HTTP/1.1" 200 458552
200.4.25.109 - - [09/Jan/2015:08:48:10 -0500] "GET /BLA/resoluciones/RESOLUCIONES%202012/1071.pdf HTTP/1.1" 200 586088
200.4.25.109 - - [09/Jan/2015:08:48:16 -0500] "GET /favicon.ico HTTP/1.1" 200 7782
201.184.95.190 - - [09/Jan/2015:08:48:18 -0500] "POST /forms/lservlet;jsessionid=ac16012b30d5d7b98a788544408a97f0b3daa4379376.e3iSbxaKaheRe34SahiRb30Pchr0n6jAmljGr5XDqQLvpAe HTTP/1.1" 200 85
201.184.95.190 - - [09/Jan/2015:08:48:25 -0500] "POST /forms/lservlet;jsessionid=ac16012b30d5d7b98a788544408a97f0b3daa4379376.e3iSbxaKaheRe34SahiRb30Pchr0n6jAmljGr5XDqQLvpAe HTTP/1.1" 200 77
201.184.95.190 - - [09/Jan/2015:08:48:28 -0500] "POST /forms/lservlet;jsessionid=ac16012b30d5d7b98a788544408a97f0b3daa4379376.e3iSbxaKaheRe34SahiRb30Pchr0n6jAmljGr5XDqQLvpAe HTTP/1.1" 200 73
66.249.64.163 - - [09/Jan/2015:08:48:36 -0500] "GET /BLA/resoluciones/RESOLUCIONES%202012/0771.pdf HTTP/1.1" 304 -
201.184.95.190 - - [09/Jan/2015:08:48:44 -0500] "POST /forms/lservlet;jsessionid=ac16012b30d5d7b98a788544408a97f0b3daa4379376.e3iSbxaKaheRe34SahiRb30Pchr0n6jAmljGr5XDqQLvpAe HTTP/1.1" 200 66
201.184.95.190 - - [09/Jan/2015:08:48:45 -0500] "POST /forms/lservlet;jsessionid=ac16012b30d5d7b98a788544408a97f0b3daa4379376.e3iSbxaKaheRe34SahiRb30Pchr0n6jAmljGr5XDqQLvpAe HTTP/1.1" 200 2
201.184.95.190 - - [09/Jan/2015:08:48:45 -0500] "POST /forms/lservlet;jsessionid=ac16012b30d5d7b98a788544408a97f0b3daa4379376.e3iSbxaKaheRe34SahiRb30Pchr0n6jAmljGr5XDqQLvpAe HTTP/1.1" 200 2298
201.184.95.190 - - [09/Jan/2015:08:48:45 -0500] "POST /forms/lservlet;jsessionid=ac16012b30d5d7b98a788544408a97f0b3daa4379376.e3iSbxaKaheRe34SahiRb30Pchr0n6jAmljGr5XDqQLvpAe HTTP/1.1" 200 10
201.184.95.190 - - [09/Jan/2015:08:48:48 -0500] "POST /forms/lservlet;jsessionid=ac16012b30d5d7b98a788544408a97f0b3daa4379376.e3iSbxaKaheRe34SahiRb30Pchr0n6jAmljGr5XDqQLvpAe HTTP/1.1" 200 24
201.184.95.190 - - [09/Jan/2015:08:48:48 -0500] "POST /forms/lservlet;jsessionid=ac16012b30d5d7b98a788544408a97f0b3daa4379376.e3iSbxaKaheRe34SahiRb30Pchr0n6jAmljGr5XDqQLvpAe HTTP/1.1" 200 4162
201.184.95.190 - - [09/Jan/2015:08:48:48 -0500] "POST /forms/lservlet;jsessionid=ac16012b30d5d7b98a788544408a97f0b3daa4379376.e3iSbxaKaheRe34SahiRb30Pchr0n6jAmljGr5XDqQLvpAe HTTP/1.1" 200 2
201.184.95.190 - - [09/Jan/2015:08:48:49 -0500] "POST /forms/lservlet;jsessionid=ac16012b30d5d7b98a788544408a97f0b3daa4379376.e3iSbxaKaheRe34SahiRb30Pchr0n6jAmljGr5XDqQLvpAe HTTP/1.1" 200 2
201.184.95.190 - - [09/Jan/2015:08:48:49 -0500] "POST /forms/lservlet;jsessionid=ac16012b30d5d7b98a788544408a97f0b3daa4379376.e3iSbxaKaheRe34SahiRb30Pchr0n6jAmljGr5XDqQLvpAe HTTP/1.1" 200 14
201.184.95.190 - - [09/Jan/2015:08:48:50 -0500] "POST /forms/lservlet;jsessionid=ac16012b30d5d7b98a788544408a97f0b3daa4379376.e3iSbxaKaheRe34SahiRb30Pchr0n6jAmljGr5XDqQLvpAe HTTP/1.1" 200 112
201.184.95.190 - - [09/Jan/2015:08:48:50 -0500] "POST /forms/lservlet;jsessionid=ac16012b30d5d7b98a788544408a97f0b3daa4379376.e3iSbxaKaheRe34SahiRb30Pchr0n6jAmljGr5XDqQLvpAe HTTP/1.1" 200 2
201.184.95.190 - - [09/Jan/2015:08:48:50 -0500] "GET /reports/rwservlet/getjobid340085?server=rep_srvapsda HTTP/1.1" 200 448651
201.245.192.253 - - [09/Jan/2015:08:49:03 -0500] "GET /BLA/boletinlegal/js/jquery.js HTTP/1.1" 304 -
201.245.192.253 - - [09/Jan/2015:08:49:03 -0500] "GET /BLA/boletinlegal/js/jquery.scrollTo-min.js HTTP/1.1" 304 -
201.245.192.253 - - [09/Jan/2015:08:49:03 -0500] "GET /BLA/boletinlegal/js/jquery.scrollShow.js HTTP/1.1" 304 -
201.245.192.253 - - [09/Jan/2015:08:49:03 -0500] "GET /galeria/nivo-slider/demo/demo.html HTTP/1.1" 304 -
201.245.192.253 - - [09/Jan/2015:08:49:11 -0500] "GET /videos/ArchivoSDA.flv HTTP/1.1" 304 -
201.184.95.190 - - [09/Jan/2015:08:49:15 -0500] "POST /forms/lservlet;jsessionid=ac16012b30d5d7b98a788544408a97f0b3daa4379376.e3iSbxaKaheRe34SahiRb30Pchr0n6jAmljGr5XDqQLvpAe HTTP/1.1" 200 85
201.184.95.190 - - [09/Jan/2015:08:49:22 -0500] "POST /forms/lservlet;jsessionid=ac16012b30d5d7b98a788544408a97f0b3daa4379376.e3iSbxaKaheRe34SahiRb30Pchr0n6jAmljGr5XDqQLvpAe HTTP/1.1" 200 77
201.184.95.190 - - [09/Jan/2015:08:49:26 -0500] "POST /forms/lservlet;jsessionid=ac16012b30d5d7b98a788544408a97f0b3daa4379376.e3iSbxaKaheRe34SahiRb30Pchr0n6jAmljGr5XDqQLvpAe HTTP/1.1" 200 73
201.184.95.190 - - [09/Jan/2015:08:49:39 -0500] "POST /forms/lservlet;jsessionid=ac16012b30d5d7b98a788544408a97f0b3daa4379376.e3iSbxaKaheRe34SahiRb30Pchr0n6jAmljGr5XDqQLvpAe HTTP/1.1" 200 66
201.184.95.190 - - [09/Jan/2015:08:49:40 -0500] "POST /forms/lservlet;jsessionid=ac16012b30d5d7b98a788544408a97f0b3daa4379376.e3iSbxaKaheRe34SahiRb30Pchr0n6jAmljGr5XDqQLvpAe HTTP/1.1" 200 2
201.184.95.190 - - [09/Jan/2015:08:49:40 -0500] "POST /forms/lservlet;jsessionid=ac16012b30d5d7b98a788544408a97f0b3daa4379376.e3iSbxaKaheRe34SahiRb30Pchr0n6jAmljGr5XDqQLvpAe HTTP/1.1" 200 2325
201.184.95.190 - - [09/Jan/2015:08:49:40 -0500] "POST /forms/lservlet;jsessionid=ac16012b30d5d7b98a788544408a97f0b3daa4379376.e3iSbxaKaheRe34SahiRb30Pchr0n6jAmljGr5XDqQLvpAe HTTP/1.1" 200 10
201.184.95.190 - - [09/Jan/2015:08:49:42 -0500] "POST /forms/lservlet;jsessionid=ac16012b30d5d7b98a788544408a97f0b3daa4379376.e3iSbxaKaheRe34SahiRb30Pchr0n6jAmljGr5XDqQLvpAe HTTP/1.1" 200 24
201.184.95.190 - - [09/Jan/2015:08:49:42 -0500] "POST /forms/lservlet;jsessionid=ac16012b30d5d7b98a788544408a97f0b3daa4379376.e3iSbxaKaheRe34SahiRb30Pchr0n6jAmljGr5XDqQLvpAe HTTP/1.1" 200 4148
74.86.158.107 - - [09/Jan/2015:08:49:43 -0500] "GET / HTTP/1.1" 302 -
201.184.95.190 - - [09/Jan/2015:08:49:44 -0500] "POST /forms/lservlet;jsessionid=ac16012b30d5d7b98a788544408a97f0b3daa4379376.e3iSbxaKaheRe34SahiRb30Pchr0n6jAmljGr5XDqQLvpAe HTTP/1.1" 200 2
201.184.95.190 - - [09/Jan/2015:08:49:44 -0500] "POST /forms/lservlet;jsessionid=ac16012b30d5d7b98a788544408a97f0b3daa4379376.e3iSbxaKaheRe34SahiRb30Pchr0n6jAmljGr5XDqQLvpAe HTTP/1.1" 200 2
201.184.95.190 - - [09/Jan/2015:08:49:44 -0500] "POST /forms/lservlet;jsessionid=ac16012b30d5d7b98a788544408a97f0b3daa4379376.e3iSbxaKaheRe34SahiRb30Pchr0n6jAmljGr5XDqQLvpAe HTTP/1.1" 200 112
201.184.95.190 - - [09/Jan/2015:08:49:45 -0500] "POST /forms/lservlet;jsessionid=ac16012b30d5d7b98a788544408a97f0b3daa4379376.e3iSbxaKaheRe34SahiRb30Pchr0n6jAmljGr5XDqQLvpAe HTTP/1.1" 200 2
201.184.95.190 - - [09/Jan/2015:08:49:45 -0500] "POST /forms/lservlet;jsessionid=ac16012b30d5d7b98a788544408a97f0b3daa4379376.e3iSbxaKaheRe34SahiRb30Pchr0n6jAmljGr5XDqQLvpAe HTTP/1.1" 200 2
201.184.95.190 - - [09/Jan/2015:08:49:45 -0500] "GET /reports/rwservlet/getjobid340086?server=rep_srvapsda HTTP/1.1" 200 487874
201.245.192.253 - - [09/Jan/2015:08:49:55 -0500] "GET /forest/session.jsp?a=0.36114433939190493 HTTP/1.1" 200 4
201.184.95.190 - - [09/Jan/2015:08:50:06 -0500] "POST /forms/lservlet;jsessionid=ac16012b30d5d7b98a788544408a97f0b3daa4379376.e3iSbxaKaheRe34SahiRb30Pchr0n6jAmljGr5XDqQLvpAe HTTP/1.1" 200 85
201.184.95.190 - - [09/Jan/2015:08:50:11 -0500] "POST /forms/lservlet;jsessionid=ac16012b30d5d7b98a788544408a97f0b3daa4379376.e3iSbxaKaheRe34SahiRb30Pchr0n6jAmljGr5XDqQLvpAe HTTP/1.1" 200 77
201.184.95.190 - - [09/Jan/2015:08:50:14 -0500] "POST /forms/lservlet;jsessionid=ac16012b30d5d7b98a788544408a97f0b3daa4379376.e3iSbxaKaheRe34SahiRb30Pchr0n6jAmljGr5XDqQLvpAe HTTP/1.1" 200 73
66.249.64.47 - - [09/Jan/2015:08:49:39 -0500] "GET /BLA/boletinlegal/index.php HTTP/1.1" 200 49382
66.249.64.167 - - [09/Jan/2015:08:50:30 -0500] "GET /BLA/resoluciones/RESOLUCIONES%202009/7875.pdf HTTP/1.1" 304 -
201.184.95.190 - - [09/Jan/2015:08:50:34 -0500] "POST /forms/lservlet;jsessionid=ac16012b30d5d7b98a788544408a97f0b3daa4379376.e3iSbxaKaheRe34SahiRb30Pchr0n6jAmljGr5XDqQLvpAe HTTP/1.1" 200 66
201.184.95.190 - - [09/Jan/2015:08:50:35 -0500] "POST /forms/lservlet;jsessionid=ac16012b30d5d7b98a788544408a97f0b3daa4379376.e3iSbxaKaheRe34SahiRb30Pchr0n6jAmljGr5XDqQLvpAe HTTP/1.1" 200 2
201.184.95.190 - - [09/Jan/2015:08:50:35 -0500] "POST /forms/lservlet;jsessionid=ac16012b30d5d7b98a788544408a97f0b3daa4379376.e3iSbxaKaheRe34SahiRb30Pchr0n6jAmljGr5XDqQLvpAe HTTP/1.1" 200 2325
201.184.95.190 - - [09/Jan/2015:08:50:35 -0500] "POST /forms/lservlet;jsessionid=ac16012b30d5d7b98a788544408a97f0b3daa4379376.e3iSbxaKaheRe34SahiRb30Pchr0n6jAmljGr5XDqQLvpAe HTTP/1.1" 200 10
201.184.95.190 - - [09/Jan/2015:08:50:37 -0500] "POST /forms/lservlet;jsessionid=ac16012b30d5d7b98a788544408a97f0b3daa4379376.e3iSbxaKaheRe34SahiRb30Pchr0n6jAmljGr5XDqQLvpAe HTTP/1.1" 200 24
201.184.95.190 - - [09/Jan/2015:08:50:37 -0500] "POST /forms/lservlet;jsessionid=ac16012b30d5d7b98a788544408a97f0b3daa4379376.e3iSbxaKaheRe34SahiRb30Pchr0n6jAmljGr5XDqQLvpAe HTTP/1.1" 200 4823
201.184.95.190 - - [09/Jan/2015:08:50:39 -0500] "POST /forms/lservlet;jsessionid=ac16012b30d5d7b98a788544408a97f0b3daa4379376.e3iSbxaKaheRe34SahiRb30Pchr0n6jAmljGr5XDqQLvpAe HTTP/1.1" 200 2
201.184.95.190 - - [09/Jan/2015:08:50:40 -0500] "POST /forms/lservlet;jsessionid=ac16012b30d5d7b98a788544408a97f0b3daa4379376.e3iSbxaKaheRe34SahiRb30Pchr0n6jAmljGr5XDqQLvpAe HTTP/1.1" 200 2
201.184.95.190 - - [09/Jan/2015:08:50:40 -0500] "POST /forms/lservlet;jsessionid=ac16012b30d5d7b98a788544408a97f0b3daa4379376.e3iSbxaKaheRe34SahiRb30Pchr0n6jAmljGr5XDqQLvpAe HTTP/1.1" 200 78
201.184.95.190 - - [09/Jan/2015:08:50:41 -0500] "POST /forms/lservlet;jsessionid=ac16012b30d5d7b98a788544408a97f0b3daa4379376.e3iSbxaKaheRe34SahiRb30Pchr0n6jAmljGr5XDqQLvpAe HTTP/1.1" 200 2
201.184.95.190 - - [09/Jan/2015:08:50:47 -0500] "POST /forms/lservlet;jsessionid=ac16012b30d5d7b98a788544408a97f0b3daa4379376.e3iSbxaKaheRe34SahiRb30Pchr0n6jAmljGr5XDqQLvpAe HTTP/1.1" 200 85
201.245.192.253 - - [09/Jan/2015:08:51:25 -0500] "GET /isolucionsda/FrameSetGeneral.asp?Pagina=Menu.asp&IdModulo=7 HTTP/1.1" 200 6455
201.245.192.253 - - [09/Jan/2015:08:51:25 -0500] "GET /isolucionsda/Encabezado.asp?Pagina=Menu.asp&IdModulo=7 HTTP/1.1" 200 15183
201.245.192.253 - - [09/Jan/2015:08:51:25 -0500] "GET /isolucionsda/BarraFavoritos.asp HTTP/1.1" 200 911
201.245.192.253 - - [09/Jan/2015:08:51:25 -0500] "GET /isolucionsda/BarraTitulos.asp?Pagina=Menu.asp&IdModulo=7 HTTP/1.1" 200 6865
201.245.192.253 - - [09/Jan/2015:08:51:25 -0500] "GET /isolucionsda/Session.asp?Continue=1 HTTP/1.1" 200 6196
201.245.192.253 - - [09/Jan/2015:08:51:25 -0500] "GET /isolucionsda/Menu.asp?Pagina=Menu.asp&IdModulo=7 HTTP/1.1" 200 30437
66.249.64.167 - - [09/Jan/2015:08:51:27 -0500] "GET /BLA/resoluciones/RESOLUCIONES%202007/RES%202007%201726%20AL%201800/RESOLUCION%201740%20DE%202007.pdf HTTP/1.1" 304 -
201.245.192.253 - - [09/Jan/2015:08:51:27 -0500] "GET /isolucionsda/FrameSetGeneral.asp?Pagina=FiltroNoConformidades.asp&Estado=Abiertas&PintarAuditorias=SI&EsAbierta=1&ConMenu=NO HTTP/1.1" 200 6667
201.245.192.253 - - [09/Jan/2015:08:51:27 -0500] "GET /isolucionsda/BarraFavoritos.asp HTTP/1.1" 200 911
201.245.192.253 - - [09/Jan/2015:08:51:27 -0500] "GET /isolucionsda/BarraTitulos.asp?Pagina=FiltroNoConformidades.asp&Estado=Abiertas&PintarAuditorias=SI&EsAbierta=1&ConMenu=NO HTTP/1.1" 200 6865
201.245.192.253 - - [09/Jan/2015:08:51:27 -0500] "GET /isolucionsda/Encabezado.asp?Pagina=FiltroNoConformidades.asp&Estado=Abiertas&PintarAuditorias=SI&EsAbierta=1&ConMenu=NO HTTP/1.1" 200 15158
201.245.192.253 - - [09/Jan/2015:08:51:28 -0500] "GET /isolucionsda/Session.asp?Continue=1 HTTP/1.1" 200 6196
201.245.192.253 - - [09/Jan/2015:08:51:27 -0500] "GET /isolucionsda/FiltroNoConformidades.asp?Pagina=FiltroNoConformidades.asp&Estado=Abiertas&PintarAuditorias=SI&EsAbierta=1&ConMenu=NO HTTP/1.1" 200 52515
201.245.192.253 - - [09/Jan/2015:08:51:32 -0500] "GET /isolucionsda/Jerarquia.asp?Tabla=Proceso&Form=Filtro&CampoDisplay=CodProcesoDisplayObjetoProceso&CampoHidden=CodProceso&bSubmit=True&items= HTTP/1.1" 200 10466
201.245.192.253 - - [09/Jan/2015:08:51:34 -0500] "POST /isolucionsda/Jerarquia.asp HTTP/1.1" 200 7996
201.245.192.253 - - [09/Jan/2015:08:51:34 -0500] "POST /isolucionsda/FiltroNoConformidades.asp?PintarAuditorias=SI&Usuario= HTTP/1.1" 200 50778
201.245.192.253 - - [09/Jan/2015:08:51:37 -0500] "GET /galeria/nivo-slider/demo/demo.html HTTP/1.1" 304 -
201.184.95.190 - - [09/Jan/2015:08:51:45 -0500] "POST /forms/lservlet;jsessionid=ac16012b30d5d7b98a788544408a97f0b3daa4379376.e3iSbxaKaheRe34SahiRb30Pchr0n6jAmljGr5XDqQLvpAe HTTP/1.1" 200 2
201.245.192.253 - - [09/Jan/2015:08:51:46 -0500] "POST /isolucionsda/FiltroNoConformidades.asp?buscar=&paginaactual=2 HTTP/1.1" 200 51128
201.184.95.190 - - [09/Jan/2015:08:51:50 -0500] "POST /forms/lservlet;jsessionid=ac16012b30d5d7b98a788544408a97f0b3daa4379376.e3iSbxaKaheRe34SahiRb30Pchr0n6jAmljGr5XDqQLvpAe HTTP/1.1" 200 77
188.165.15.177 - - [09/Jan/2015:08:52:09 -0500] "GET /BLA/resoluciones/RESOLUCIONES%202004/RES%202004%201451-1500/00001482.tif HTTP/1.1" 200 114518
66.249.64.167 - - [09/Jan/2015:08:52:24 -0500] "GET /BLA/resoluciones/AUTOS%202010/0502.pdf HTTP/1.1" 200 352454
186.154.253.106 - - [09/Jan/2015:08:52:32 -0500] "GET /forest/session.jsp?a=0.613269726280123 HTTP/1.1" 200 4
201.245.192.253 - - [09/Jan/2015:08:52:33 -0500] "GET /BLA/boletinlegal/js/jquery.js HTTP/1.1" 304 -
201.245.192.253 - - [09/Jan/2015:08:52:33 -0500] "GET /BLA/boletinlegal/js/jquery.scrollTo-min.js HTTP/1.1" 304 -
201.245.192.253 - - [09/Jan/2015:08:52:33 -0500] "GET /BLA/boletinlegal/js/jquery.scrollShow.js HTTP/1.1" 304 -
201.245.192.253 - - [09/Jan/2015:08:52:34 -0500] "GET /galeria/nivo-slider/demo/demo.html HTTP/1.1" 304 -
181.135.67.211 - - [09/Jan/2015:08:52:34 -0500] "GET /BLA/resoluciones/RESOLUCIONES%202009/5418.pdf HTTP/1.1" 200 518263
201.245.192.253 - - [09/Jan/2015:08:52:40 -0500] "POST /isolucionsda/FiltroNoConformidades.asp?buscar=&paginaactual=3 HTTP/1.1" 200 50732
181.135.67.211 - - [09/Jan/2015:08:52:43 -0500] "GET /BLA/resoluciones/RESOLUCIONES%202008/2792.pdf HTTP/1.1" 200 255458
188.165.15.195 - - [09/Jan/2015:08:52:49 -0500] "GET /BLA/resoluciones/index.php?dir=RESOLUCIONES%202005/RES%202005%201151-1200/&sort=name&order=asc HTTP/1.1" 200 12362
201.245.192.253 - - [09/Jan/2015:08:53:07 -0500] "GET /forest/session.jsp?a=0.08839357235555878 HTTP/1.1" 200 4
201.184.95.190 - - [09/Jan/2015:08:53:19 -0500] "POST /forms/lservlet;jsessionid=ac16012b30d5d7b98a788544408a97f0b3daa4379376.e3iSbxaKaheRe34SahiRb30Pchr0n6jAmljGr5XDqQLvpAe HTTP/1.1" 200 70
66.249.64.171 - - [09/Jan/2015:08:53:21 -0500] "GET /BLA/resoluciones/RESOLUCIONES%202014/1231.pdf HTTP/1.1" 200 6833533
201.245.192.253 - - [09/Jan/2015:08:53:32 -0500] "GET /galeria/nivo-slider/demo/demo.html HTTP/1.1" 304 -
201.184.95.190 - - [09/Jan/2015:08:53:39 -0500] "POST /forms/lservlet;jsessionid=ac16012b30d5d7b98a788544408a97f0b3daa4379376.e3iSbxaKaheRe34SahiRb30Pchr0n6jAmljGr5XDqQLvpAe HTTP/1.1" 200 2
201.184.95.190 - - [09/Jan/2015:08:53:39 -0500] "POST /forms/lservlet;jsessionid=ac16012b30d5d7b98a788544408a97f0b3daa4379376.e3iSbxaKaheRe34SahiRb30Pchr0n6jAmljGr5XDqQLvpAe HTTP/1.1" 200 38
201.184.95.190 - - [09/Jan/2015:08:53:40 -0500] "POST /forms/lservlet;jsessionid=ac16012b30d5d7b98a788544408a97f0b3daa4379376.e3iSbxaKaheRe34SahiRb30Pchr0n6jAmljGr5XDqQLvpAe HTTP/1.1" 200 11
201.184.95.190 - - [09/Jan/2015:08:53:46 -0500] "POST /forms/lservlet;jsessionid=ac16012b30d5d7b98a788544408a97f0b3daa4379376.e3iSbxaKaheRe34SahiRb30Pchr0n6jAmljGr5XDqQLvpAe HTTP/1.1" 200 2
201.184.95.190 - - [09/Jan/2015:08:53:46 -0500] "POST /forms/lservlet;jsessionid=ac16012b30d5d7b98a788544408a97f0b3daa4379376.e3iSbxaKaheRe34SahiRb30Pchr0n6jAmljGr5XDqQLvpAe HTTP/1.1" 200 452
201.184.95.190 - - [09/Jan/2015:08:53:46 -0500] "POST /forms/lservlet;jsessionid=ac16012b30d5d7b98a788544408a97f0b3daa4379376.e3iSbxaKaheRe34SahiRb30Pchr0n6jAmljGr5XDqQLvpAe HTTP/1.1" 200 7
201.184.95.190 - - [09/Jan/2015:08:53:47 -0500] "POST /forms/lservlet;jsessionid=ac16012b30d5d7b98a788544408a97f0b3daa4379376.e3iSbxaKaheRe34SahiRb30Pchr0n6jAmljGr5XDqQLvpAe HTTP/1.1" 200 393
191.102.73.25 - - [09/Jan/2015:08:53:52 -0500] "GET /BLA/resoluciones/RESOLUCIONES%202010/5757.pdf HTTP/1.1" 200 40032
191.102.73.25 - - [09/Jan/2015:08:53:53 -0500] "GET /favicon.ico HTTP/1.1" 200 7782
66.249.64.167 - - [09/Jan/2015:08:54:19 -0500] "GET /BLA/resoluciones/RESOLUCIONES%202012/1407.pdf HTTP/1.1" 304 -
201.245.192.253 - - [09/Jan/2015:08:54:27 -0500] "GET /galeria/nivo-slider/demo/demo.html HTTP/1.1" 304 -
201.245.192.253 - - [09/Jan/2015:08:54:29 -0500] "GET /forest/ HTTP/1.1" 200 12758
201.245.192.253 - - [09/Jan/2015:08:54:29 -0500] "GET /forest/1ibre/1ibre.css HTTP/1.1" 304 -
188.165.15.110 - - [09/Jan/2015:08:54:29 -0500] "GET /BLA/resoluciones/index.php?dir=RESOLUCIONES+2005%2FRES+2005+251-300%2F HTTP/1.1" 200 12254
201.245.192.253 - - [09/Jan/2015:08:54:37 -0500] "POST /forest/login.do HTTP/1.1" 302 -
190.25.181.69 - - [09/Jan/2015:08:54:38 -0500] "GET /BLA/resoluciones/AUTOS%202013/0161.pdf HTTP/1.1" 200 3380609
201.245.192.253 - - [09/Jan/2015:08:54:38 -0500] "GET /forest/index2.jsp?a=0.5975796454764409 HTTP/1.1" 200 46537
201.245.192.253 - - [09/Jan/2015:08:54:38 -0500] "GET /forest/img/inicio.jpg HTTP/1.1" 304 -
201.245.192.253 - - [09/Jan/2015:08:54:38 -0500] "GET /forest/img/users/3.gif HTTP/1.1" 304 -
201.245.192.253 - - [09/Jan/2015:08:54:38 -0500] "GET /forest/img/users/7.gif HTTP/1.1" 304 -
201.245.192.253 - - [09/Jan/2015:08:54:38 -0500] "GET /forest/img/users/5.gif HTTP/1.1" 304 -
201.245.192.253 - - [09/Jan/2015:08:54:38 -0500] "GET /forest/img/download_large.gif HTTP/1.1" 304 -
201.245.192.253 - - [09/Jan/2015:08:54:38 -0500] "GET /forest/skins/gdocs-jar/css/tree.css HTTP/1.1" 304 -
201.245.192.253 - - [09/Jan/2015:08:54:38 -0500] "GET /forest/img/buscar.jpg HTTP/1.1" 304 -
