!C99Shell v. 1.0 pre-release build #13!

Software: Apache. PHP/5.5.15 

uname -a: Windows NT SVR-DMZ 6.1 build 7600 (Windows Server 2008 R2 Enterprise Edition) i586 

SYSTEM 

Safe-mode: OFF (not secure)

E:\nuevo\apache\logs\   drwxrwxrwx
Free 8.02 GB of 239.26 GB (3.35%)
Detected drives: [ a ] [ c ] [ d ] [ e ] [ f ]
Home    Back    Forward    UPDIR    Refresh    Search    Buffer    Encoder    Tools    Proc.    FTP brute    Sec.    SQL    PHP-code    Update    Feedback    Self remove    Logout    


Viewing file:     access.2015.01.09.log (8.41 MB)      -rw-rw-rw-
Select action/file-type:
(+) | (+) | (+) | Code (+) | Session (+) | (+) | SDB (+) | (+) | (+) | (+) | (+) | (+) |
66.249.64.167 - - [09/Jan/2015:00:00:03 -0500] "GET /BLA/resoluciones/RESOLUCIONES%202010/3462.pdf HTTP/1.1" 200 514911
157.55.39.66 - - [09/Jan/2015:00:00:11 -0500] "GET /BLA/boletinlegal/circulares/2009IE24690.pdf HTTP/1.1" 200 74941
188.165.15.138 - - [09/Jan/2015:00:00:13 -0500] "GET /BLA/resoluciones/RESOLUCIONES%202003/RES%202003%201401-1450/20031439.tif HTTP/1.1" 200 71616
188.165.15.27 - - [09/Jan/2015:00:00:14 -0500] "GET /BLA/resoluciones/RESOLUCIONES%202003/RES%202003%201601-1650/20031623.tif HTTP/1.1" 200 132278
201.184.95.190 - - [09/Jan/2015:00:00:17 -0500] "POST /forms/lservlet;jsessionid=ac16012b30d54c4b28d95df74871936095efca9bedb3.e3iSbxaKaheRe34SahiRb30Pchr0n6jAmljGr5XDqQLvpAe HTTP/1.1" 200 2
190.24.84.62 - - [09/Jan/2015:00:00:32 -0500] "POST /forms/lservlet;jsessionid=ac16012b30d52aa6b0166c5a4b16b545f4d267498b40.e3iSbxaKaheRe34SahiRb30Pchr0n6jAmljGr5XDqQLvpAe HTTP/1.1" 200 2
180.76.6.59 - - [09/Jan/2015:00:00:37 -0500] "GET /BLA/resoluciones/AUTOS%202009/1645.pdf HTTP/1.1" 200 98701
186.84.12.119 - - [09/Jan/2015:00:00:54 -0500] "GET /BLA/boletinlegal/js/jquery.js HTTP/1.1" 200 57254
186.84.12.119 - - [09/Jan/2015:00:00:54 -0500] "GET /BLA/boletinlegal/js/jquery.scrollTo-min.js HTTP/1.1" 200 1150
186.84.12.119 - - [09/Jan/2015:00:00:54 -0500] "GET /BLA/boletinlegal/js/jquery.scrollShow.js HTTP/1.1" 200 4586
186.145.60.179 - - [09/Jan/2015:00:01:03 -0500] "GET /isolucionsda/SesionExpira.asp HTTP/1.1" 200 7310
186.145.60.179 - - [09/Jan/2015:00:01:03 -0500] "GET /isolucionsda/SesionNeutra.asp HTTP/1.1" 200 243
188.165.15.97 - - [09/Jan/2015:00:01:04 -0500] "GET /BLA/resoluciones/RESOLUCIONES%202006/RES%202006%202501-2550/00002544.tif HTTP/1.1" 200 183932
186.145.60.179 - - [09/Jan/2015:00:01:05 -0500] "GET /isolucionsda/Session.asp?Continue=1 HTTP/1.1" 200 6196
186.145.60.179 - - [09/Jan/2015:00:01:08 -0500] "GET /isolucionsda/SesionExpira.asp HTTP/1.1" 200 7310
186.145.60.179 - - [09/Jan/2015:00:01:08 -0500] "GET /isolucionsda/SesionNeutra.asp HTTP/1.1" 200 243
186.145.60.179 - - [09/Jan/2015:00:01:10 -0500] "GET /isolucionsda/Session.asp?Continue=1 HTTP/1.1" 200 6196
186.145.60.179 - - [09/Jan/2015:00:01:12 -0500] "GET /isolucionsda/NoConformidadISOlucion.asp?Id_NoConformidad=597&CodtipoNoConf=4 HTTP/1.1" 200 43363
186.145.60.179 - - [09/Jan/2015:00:01:15 -0500] "POST /isolucionsda/NoConformidadISOlucion.asp HTTP/1.1" 200 44421
66.249.64.163 - - [09/Jan/2015:00:01:16 -0500] "GET /BLA/resoluciones/RESOLUCIONES%202008/1303.pdf HTTP/1.1" 200 419038
188.165.15.97 - - [09/Jan/2015:00:01:25 -0500] "GET /BLA/resoluciones/RESOLUCIONES%202004/RES%202004%20301-350/00000307.tif HTTP/1.1" 200 619174
190.253.181.209 - - [09/Jan/2015:00:01:40 -0500] "GET /BLA/boletinlegal/js/jquery.scrollTo-min.js HTTP/1.1" 200 1150
190.253.181.209 - - [09/Jan/2015:00:01:40 -0500] "GET /galeria/carrusel/Carrusel/jquery-ui-1.8.13.custom.min.js HTTP/1.1" 200 10800
190.253.181.209 - - [09/Jan/2015:00:01:40 -0500] "GET /BLA/boletinlegal/js/jquery.scrollShow.js HTTP/1.1" 200 4586
190.253.181.209 - - [09/Jan/2015:00:01:40 -0500] "GET /galeria/carrusel/Carrusel/jquery.thumbnailScroller.js HTTP/1.1" 200 8157
190.253.181.209 - - [09/Jan/2015:00:01:40 -0500] "GET /galeria/carrusel/Carrusel/jquery.thumbnailScroller.css HTTP/1.1" 200 2066
190.253.181.209 - - [09/Jan/2015:00:01:40 -0500] "GET /BLA/boletinlegal/js/jquery.js HTTP/1.1" 200 57254
190.253.181.209 - - [09/Jan/2015:00:01:41 -0500] "GET /galeria/nivo-slider/demo/demo.html HTTP/1.1" 200 3150
190.253.181.209 - - [09/Jan/2015:00:01:42 -0500] "GET /galeria/nivo-slider/themes/pascal/pascal.css HTTP/1.1" 200 2258
190.253.181.209 - - [09/Jan/2015:00:01:42 -0500] "GET /galeria/nivo-slider/themes/default/default.css HTTP/1.1" 200 1569
190.253.181.209 - - [09/Jan/2015:00:01:42 -0500] "GET /galeria/nivo-slider/themes/orman/orman.css HTTP/1.1" 200 2152
190.253.181.209 - - [09/Jan/2015:00:01:42 -0500] "GET /galeria/nivo-slider/nivo-slider.css HTTP/1.1" 200 1507
190.253.181.209 - - [09/Jan/2015:00:01:42 -0500] "GET /galeria/nivo-slider/demo/style.css HTTP/1.1" 200 2222
190.253.181.209 - - [09/Jan/2015:00:01:42 -0500] "GET /galeria/nivo-slider/demo/scripts/jquery-1.7.1.min.js HTTP/1.1" 200 93868
190.253.181.209 - - [09/Jan/2015:00:01:42 -0500] "GET /galeria/nivo-slider/jquery.nivo.slider.pack.js HTTP/1.1" 200 11561
190.253.181.209 - - [09/Jan/2015:00:01:42 -0500] "GET /galeria/nivo-slider/demo/images/4Simple_Slider.png HTTP/1.1" 200 11722
190.253.181.209 - - [09/Jan/2015:00:01:43 -0500] "GET /galeria/nivo-slider/themes/default/loading.gif HTTP/1.1" 200 1737
190.253.181.209 - - [09/Jan/2015:00:01:44 -0500] "GET /galeria/nivo-slider/demo/images/bolsas-08.jpg HTTP/1.1" 200 85589
190.253.181.209 - - [09/Jan/2015:00:01:44 -0500] "GET /galeria/nivo-slider/demo/images/Ruta-vertimientos-01.jpg HTTP/1.1" 200 130151
190.253.181.209 - - [09/Jan/2015:00:01:44 -0500] "GET /galeria/nivo-slider/demo/images/bolsas-06.jpg HTTP/1.1" 200 90982
190.253.181.209 - - [09/Jan/2015:00:01:44 -0500] "GET /galeria/nivo-slider/demo/images/ecolecta-Dic2014.png HTTP/1.1" 200 288593
190.253.181.209 - - [09/Jan/2015:00:01:44 -0500] "GET /galeria/nivo-slider/demo/images/porloshumedales.jpg HTTP/1.1" 200 351238
190.253.181.209 - - [09/Jan/2015:00:01:51 -0500] "GET /galeria/nivo-slider/demo/images/Tingua-azul.jpg HTTP/1.1" 200 307638
201.184.95.190 - - [09/Jan/2015:00:01:54 -0500] "POST /forms/lservlet;jsessionid=ac16012b30d54c4b28d95df74871936095efca9bedb3.e3iSbxaKaheRe34SahiRb30Pchr0n6jAmljGr5XDqQLvpAe HTTP/1.1" 200 2
201.184.95.190 - - [09/Jan/2015:00:01:54 -0500] "POST /forms/lservlet;jsessionid=ac16012b30d54c4b28d95df74871936095efca9bedb3.e3iSbxaKaheRe34SahiRb30Pchr0n6jAmljGr5XDqQLvpAe HTTP/1.1" 200 112
201.184.95.190 - - [09/Jan/2015:00:01:56 -0500] "POST /forms/lservlet;jsessionid=ac16012b30d54c4b28d95df74871936095efca9bedb3.e3iSbxaKaheRe34SahiRb30Pchr0n6jAmljGr5XDqQLvpAe HTTP/1.1" 200 2
190.253.181.209 - - [09/Jan/2015:00:01:56 -0500] "GET /galeria/nivo-slider/demo/images/Banner-Caracol-Africano.jpg HTTP/1.1" 200 331986
190.253.181.209 - - [09/Jan/2015:00:01:56 -0500] "GET /galeria/nivo-slider/demo/images/banner-redes.jpg HTTP/1.1" 200 62209
190.253.181.209 - - [09/Jan/2015:00:01:57 -0500] "GET /galeria/nivo-slider/demo/images/9Signos.jpg HTTP/1.1" 200 93040
190.253.181.209 - - [09/Jan/2015:00:01:57 -0500] "GET /galeria/nivo-slider/demo/images/banner-llantas2.jpg HTTP/1.1" 200 73153
207.46.13.139 - - [09/Jan/2015:00:01:57 -0500] "GET /even1/ HTTP/1.1" 404 1015
190.253.181.209 - - [09/Jan/2015:00:02:00 -0500] "GET /galeria/nivo-slider/demo/images/banner-caballos.png HTTP/1.1" 200 389106
190.253.181.209 - - [09/Jan/2015:00:02:05 -0500] "GET /videos/Spot_CambioClimatico.flv HTTP/1.1" 200 4371917
201.184.95.190 - - [09/Jan/2015:00:01:56 -0500] "GET /reports/rwservlet/getjobid340053?server=rep_srvapsda HTTP/1.1" 200 399383
190.253.181.209 - - [09/Jan/2015:00:02:17 -0500] "GET /galeria/nivo-slider/themes/default/arrows.png HTTP/1.1" 200 824
190.253.181.209 - - [09/Jan/2015:00:02:17 -0500] "GET /galeria/nivo-slider/themes/default/bullets.png HTTP/1.1" 200 1281
201.184.95.190 - - [09/Jan/2015:00:02:18 -0500] "POST /forms/lservlet;jsessionid=ac16012b30d54c4b28d95df74871936095efca9bedb3.e3iSbxaKaheRe34SahiRb30Pchr0n6jAmljGr5XDqQLvpAe HTTP/1.1" 200 2
201.184.95.190 - - [09/Jan/2015:00:02:25 -0500] "POST /forms/lservlet;jsessionid=ac16012b30d54c4b28d95df74871936095efca9bedb3.e3iSbxaKaheRe34SahiRb30Pchr0n6jAmljGr5XDqQLvpAe HTTP/1.1" 200 85
201.185.203.235 - - [09/Jan/2015:00:02:26 -0500] "GET /BLA/boletinlegal/js/jquery.scrollTo-min.js HTTP/1.1" 200 1150
201.185.203.235 - - [09/Jan/2015:00:02:26 -0500] "GET /BLA/boletinlegal/js/jquery.js HTTP/1.1" 200 57254
201.185.203.235 - - [09/Jan/2015:00:02:26 -0500] "GET /BLA/boletinlegal/js/jquery.scrollShow.js HTTP/1.1" 200 4586
66.249.64.171 - - [09/Jan/2015:00:02:30 -0500] "GET /BLA/resoluciones/RESOLUCIONES%202008/0575.pdf HTTP/1.1" 200 149641
201.184.95.190 - - [09/Jan/2015:00:02:32 -0500] "POST /forms/lservlet;jsessionid=ac16012b30d54c4b28d95df74871936095efca9bedb3.e3iSbxaKaheRe34SahiRb30Pchr0n6jAmljGr5XDqQLvpAe HTTP/1.1" 200 77
190.24.84.62 - - [09/Jan/2015:00:02:32 -0500] "POST /forms/lservlet;jsessionid=ac16012b30d52aa6b0166c5a4b16b545f4d267498b40.e3iSbxaKaheRe34SahiRb30Pchr0n6jAmljGr5XDqQLvpAe HTTP/1.1" 200 2
201.184.95.190 - - [09/Jan/2015:00:02:36 -0500] "POST /forms/lservlet;jsessionid=ac16012b30d54c4b28d95df74871936095efca9bedb3.e3iSbxaKaheRe34SahiRb30Pchr0n6jAmljGr5XDqQLvpAe HTTP/1.1" 200 73
66.249.64.43 - - [09/Jan/2015:00:02:42 -0500] "GET /PORTAL_SIAC/swf/Residuos/textiles/images/page1.swf HTTP/1.1" 200 101554
186.145.60.179 - - [09/Jan/2015:00:02:42 -0500] "GET /isolucionsda/BuscarUsuarios.asp?Tabla=Usuario&Form=NoConformidadISOlucion&CampoHidden=AccionResponsable1&CampoDisplay=AccionResponsable_Display1&items=undefinedundefined&primeravez=true&ListaSucursales=1 HTTP/1.1" 200 17223
201.245.192.253 - - [09/Jan/2015:00:03:00 -0500] "GET /forest/session.jsp?a=0.4945678130400737 HTTP/1.1" 200 4
201.184.95.190 - - [09/Jan/2015:00:03:04 -0500] "POST /forms/lservlet;jsessionid=ac16012b30d54c4b28d95df74871936095efca9bedb3.e3iSbxaKaheRe34SahiRb30Pchr0n6jAmljGr5XDqQLvpAe HTTP/1.1" 200 66
201.184.95.190 - - [09/Jan/2015:00:03:06 -0500] "POST /forms/lservlet;jsessionid=ac16012b30d54c4b28d95df74871936095efca9bedb3.e3iSbxaKaheRe34SahiRb30Pchr0n6jAmljGr5XDqQLvpAe HTTP/1.1" 200 2
201.184.95.190 - - [09/Jan/2015:00:03:06 -0500] "POST /forms/lservlet;jsessionid=ac16012b30d54c4b28d95df74871936095efca9bedb3.e3iSbxaKaheRe34SahiRb30Pchr0n6jAmljGr5XDqQLvpAe HTTP/1.1" 200 2298
201.184.95.190 - - [09/Jan/2015:00:03:06 -0500] "POST /forms/lservlet;jsessionid=ac16012b30d54c4b28d95df74871936095efca9bedb3.e3iSbxaKaheRe34SahiRb30Pchr0n6jAmljGr5XDqQLvpAe HTTP/1.1" 200 10
201.184.95.190 - - [09/Jan/2015:00:03:08 -0500] "POST /forms/lservlet;jsessionid=ac16012b30d54c4b28d95df74871936095efca9bedb3.e3iSbxaKaheRe34SahiRb30Pchr0n6jAmljGr5XDqQLvpAe HTTP/1.1" 200 24
201.184.95.190 - - [09/Jan/2015:00:03:08 -0500] "POST /forms/lservlet;jsessionid=ac16012b30d54c4b28d95df74871936095efca9bedb3.e3iSbxaKaheRe34SahiRb30Pchr0n6jAmljGr5XDqQLvpAe HTTP/1.1" 200 4105
201.184.95.190 - - [09/Jan/2015:00:03:09 -0500] "POST /forms/lservlet;jsessionid=ac16012b30d54c4b28d95df74871936095efca9bedb3.e3iSbxaKaheRe34SahiRb30Pchr0n6jAmljGr5XDqQLvpAe HTTP/1.1" 200 2
201.184.95.190 - - [09/Jan/2015:00:03:09 -0500] "POST /forms/lservlet;jsessionid=ac16012b30d54c4b28d95df74871936095efca9bedb3.e3iSbxaKaheRe34SahiRb30Pchr0n6jAmljGr5XDqQLvpAe HTTP/1.1" 200 2
201.184.95.190 - - [09/Jan/2015:00:03:09 -0500] "POST /forms/lservlet;jsessionid=ac16012b30d54c4b28d95df74871936095efca9bedb3.e3iSbxaKaheRe34SahiRb30Pchr0n6jAmljGr5XDqQLvpAe HTTP/1.1" 200 14
201.184.95.190 - - [09/Jan/2015:00:03:11 -0500] "POST /forms/lservlet;jsessionid=ac16012b30d54c4b28d95df74871936095efca9bedb3.e3iSbxaKaheRe34SahiRb30Pchr0n6jAmljGr5XDqQLvpAe HTTP/1.1" 200 112
201.184.95.190 - - [09/Jan/2015:00:03:11 -0500] "POST /forms/lservlet;jsessionid=ac16012b30d54c4b28d95df74871936095efca9bedb3.e3iSbxaKaheRe34SahiRb30Pchr0n6jAmljGr5XDqQLvpAe HTTP/1.1" 200 2
201.184.95.190 - - [09/Jan/2015:00:03:11 -0500] "GET /reports/rwservlet/getjobid340054?server=rep_srvapsda HTTP/1.1" 200 546007
186.145.60.179 - - [09/Jan/2015:00:03:22 -0500] "POST /isolucionsda/NoConformidadISOlucion.asp HTTP/1.1" 200 46976
66.249.64.171 - - [09/Jan/2015:00:03:29 -0500] "GET /BLA/resoluciones/index.php?dir=RESOLUCIONES%202004/RES%202004%201051-1100/&sort=size&order=desc HTTP/1.1" 200 12163
74.86.158.107 - - [09/Jan/2015:00:03:30 -0500] "HEAD / HTTP/1.1" 302 -
201.184.95.190 - - [09/Jan/2015:00:03:32 -0500] "POST /forms/lservlet;jsessionid=ac16012b30d54c4b28d95df74871936095efca9bedb3.e3iSbxaKaheRe34SahiRb30Pchr0n6jAmljGr5XDqQLvpAe HTTP/1.1" 200 85
201.184.95.190 - - [09/Jan/2015:00:03:39 -0500] "POST /forms/lservlet;jsessionid=ac16012b30d54c4b28d95df74871936095efca9bedb3.e3iSbxaKaheRe34SahiRb30Pchr0n6jAmljGr5XDqQLvpAe HTTP/1.1" 200 77
66.249.64.167 - - [09/Jan/2015:00:03:43 -0500] "GET /BLA/resoluciones/AUTOS%202007/1702.pdf HTTP/1.1" 200 111229
201.184.95.190 - - [09/Jan/2015:00:03:43 -0500] "POST /forms/lservlet;jsessionid=ac16012b30d54c4b28d95df74871936095efca9bedb3.e3iSbxaKaheRe34SahiRb30Pchr0n6jAmljGr5XDqQLvpAe HTTP/1.1" 200 73
201.184.95.190 - - [09/Jan/2015:00:04:02 -0500] "POST /forms/lservlet;jsessionid=ac16012b30d54c4b28d95df74871936095efca9bedb3.e3iSbxaKaheRe34SahiRb30Pchr0n6jAmljGr5XDqQLvpAe HTTP/1.1" 200 66
201.184.95.190 - - [09/Jan/2015:00:04:03 -0500] "POST /forms/lservlet;jsessionid=ac16012b30d54c4b28d95df74871936095efca9bedb3.e3iSbxaKaheRe34SahiRb30Pchr0n6jAmljGr5XDqQLvpAe HTTP/1.1" 200 2
201.184.95.190 - - [09/Jan/2015:00:04:03 -0500] "POST /forms/lservlet;jsessionid=ac16012b30d54c4b28d95df74871936095efca9bedb3.e3iSbxaKaheRe34SahiRb30Pchr0n6jAmljGr5XDqQLvpAe HTTP/1.1" 200 2349
201.184.95.190 - - [09/Jan/2015:00:04:03 -0500] "POST /forms/lservlet;jsessionid=ac16012b30d54c4b28d95df74871936095efca9bedb3.e3iSbxaKaheRe34SahiRb30Pchr0n6jAmljGr5XDqQLvpAe HTTP/1.1" 200 10
201.184.95.190 - - [09/Jan/2015:00:04:06 -0500] "POST /forms/lservlet;jsessionid=ac16012b30d54c4b28d95df74871936095efca9bedb3.e3iSbxaKaheRe34SahiRb30Pchr0n6jAmljGr5XDqQLvpAe HTTP/1.1" 200 24
201.184.95.190 - - [09/Jan/2015:00:04:06 -0500] "POST /forms/lservlet;jsessionid=ac16012b30d54c4b28d95df74871936095efca9bedb3.e3iSbxaKaheRe34SahiRb30Pchr0n6jAmljGr5XDqQLvpAe HTTP/1.1" 200 4447
201.184.95.190 - - [09/Jan/2015:00:04:07 -0500] "POST /forms/lservlet;jsessionid=ac16012b30d54c4b28d95df74871936095efca9bedb3.e3iSbxaKaheRe34SahiRb30Pchr0n6jAmljGr5XDqQLvpAe HTTP/1.1" 200 2
201.184.95.190 - - [09/Jan/2015:00:04:08 -0500] "POST /forms/lservlet;jsessionid=ac16012b30d54c4b28d95df74871936095efca9bedb3.e3iSbxaKaheRe34SahiRb30Pchr0n6jAmljGr5XDqQLvpAe HTTP/1.1" 200 2
201.184.95.190 - - [09/Jan/2015:00:04:08 -0500] "POST /forms/lservlet;jsessionid=ac16012b30d54c4b28d95df74871936095efca9bedb3.e3iSbxaKaheRe34SahiRb30Pchr0n6jAmljGr5XDqQLvpAe HTTP/1.1" 200 112
201.184.95.190 - - [09/Jan/2015:00:04:08 -0500] "POST /forms/lservlet;jsessionid=ac16012b30d54c4b28d95df74871936095efca9bedb3.e3iSbxaKaheRe34SahiRb30Pchr0n6jAmljGr5XDqQLvpAe HTTP/1.1" 200 2
201.184.95.190 - - [09/Jan/2015:00:04:08 -0500] "GET /reports/rwservlet/getjobid340055?server=rep_srvapsda HTTP/1.1" 200 311123
201.184.95.190 - - [09/Jan/2015:00:04:18 -0500] "POST /forms/lservlet;jsessionid=ac16012b30d54c4b28d95df74871936095efca9bedb3.e3iSbxaKaheRe34SahiRb30Pchr0n6jAmljGr5XDqQLvpAe HTTP/1.1" 200 2
188.165.15.110 - - [09/Jan/2015:00:04:19 -0500] "GET /BLA/resoluciones/RESOLUCIONES%202004/RES%202004%20451-500/00000470.tif HTTP/1.1" 200 71112
188.165.15.195 - - [09/Jan/2015:00:04:25 -0500] "GET /BLA/resoluciones/RESOLUCIONES%202004/RES%202004%201601-1650/00001620.tif HTTP/1.1" 200 207094
190.24.84.62 - - [09/Jan/2015:00:04:32 -0500] "POST /forms/lservlet;jsessionid=ac16012b30d52aa6b0166c5a4b16b545f4d267498b40.e3iSbxaKaheRe34SahiRb30Pchr0n6jAmljGr5XDqQLvpAe HTTP/1.1" 200 2
201.184.95.190 - - [09/Jan/2015:00:04:42 -0500] "POST /forms/lservlet;jsessionid=ac16012b30d54c4b28d95df74871936095efca9bedb3.e3iSbxaKaheRe34SahiRb30Pchr0n6jAmljGr5XDqQLvpAe HTTP/1.1" 200 85
201.184.95.190 - - [09/Jan/2015:00:04:48 -0500] "POST /forms/lservlet;jsessionid=ac16012b30d54c4b28d95df74871936095efca9bedb3.e3iSbxaKaheRe34SahiRb30Pchr0n6jAmljGr5XDqQLvpAe HTTP/1.1" 200 77
201.245.192.253 - - [09/Jan/2015:00:04:51 -0500] "GET /forest/session.jsp?a=0.5660618276242007 HTTP/1.1" 200 4
201.184.95.190 - - [09/Jan/2015:00:04:53 -0500] "POST /forms/lservlet;jsessionid=ac16012b30d54c4b28d95df74871936095efca9bedb3.e3iSbxaKaheRe34SahiRb30Pchr0n6jAmljGr5XDqQLvpAe HTTP/1.1" 200 73
66.249.64.171 - - [09/Jan/2015:00:04:56 -0500] "GET /BLA/resoluciones/RESOLUCIONES%202010/1006.pdf HTTP/1.1" 200 104272
188.165.15.196 - - [09/Jan/2015:00:05:00 -0500] "GET /BLA/resoluciones/RESOLUCIONES%202003/RES%202003%201351-1400/20031372.tif HTTP/1.1" 200 165758
201.184.95.190 - - [09/Jan/2015:00:05:12 -0500] "POST /forms/lservlet;jsessionid=ac16012b30d54c4b28d95df74871936095efca9bedb3.e3iSbxaKaheRe34SahiRb30Pchr0n6jAmljGr5XDqQLvpAe HTTP/1.1" 200 66
201.184.95.190 - - [09/Jan/2015:00:05:12 -0500] "POST /forms/lservlet;jsessionid=ac16012b30d54c4b28d95df74871936095efca9bedb3.e3iSbxaKaheRe34SahiRb30Pchr0n6jAmljGr5XDqQLvpAe HTTP/1.1" 200 2
201.184.95.190 - - [09/Jan/2015:00:05:12 -0500] "POST /forms/lservlet;jsessionid=ac16012b30d54c4b28d95df74871936095efca9bedb3.e3iSbxaKaheRe34SahiRb30Pchr0n6jAmljGr5XDqQLvpAe HTTP/1.1" 200 2310
201.184.95.190 - - [09/Jan/2015:00:05:13 -0500] "POST /forms/lservlet;jsessionid=ac16012b30d54c4b28d95df74871936095efca9bedb3.e3iSbxaKaheRe34SahiRb30Pchr0n6jAmljGr5XDqQLvpAe HTTP/1.1" 200 10
201.184.95.190 - - [09/Jan/2015:00:05:15 -0500] "POST /forms/lservlet;jsessionid=ac16012b30d54c4b28d95df74871936095efca9bedb3.e3iSbxaKaheRe34SahiRb30Pchr0n6jAmljGr5XDqQLvpAe HTTP/1.1" 200 24
201.184.95.190 - - [09/Jan/2015:00:05:15 -0500] "POST /forms/lservlet;jsessionid=ac16012b30d54c4b28d95df74871936095efca9bedb3.e3iSbxaKaheRe34SahiRb30Pchr0n6jAmljGr5XDqQLvpAe HTTP/1.1" 200 4218
201.184.95.190 - - [09/Jan/2015:00:05:15 -0500] "POST /forms/lservlet;jsessionid=ac16012b30d54c4b28d95df74871936095efca9bedb3.e3iSbxaKaheRe34SahiRb30Pchr0n6jAmljGr5XDqQLvpAe HTTP/1.1" 200 2
66.249.64.163 - - [09/Jan/2015:00:05:17 -0500] "GET /BLA/resoluciones/RESOLUCIONES%202005/RES%202005%201101-1150/00001122.tif HTTP/1.1" 200 135392
201.184.95.190 - - [09/Jan/2015:00:05:19 -0500] "POST /forms/lservlet;jsessionid=ac16012b30d54c4b28d95df74871936095efca9bedb3.e3iSbxaKaheRe34SahiRb30Pchr0n6jAmljGr5XDqQLvpAe HTTP/1.1" 200 2
201.184.95.190 - - [09/Jan/2015:00:05:19 -0500] "POST /forms/lservlet;jsessionid=ac16012b30d54c4b28d95df74871936095efca9bedb3.e3iSbxaKaheRe34SahiRb30Pchr0n6jAmljGr5XDqQLvpAe HTTP/1.1" 200 14
201.184.95.190 - - [09/Jan/2015:00:05:20 -0500] "POST /forms/lservlet;jsessionid=ac16012b30d54c4b28d95df74871936095efca9bedb3.e3iSbxaKaheRe34SahiRb30Pchr0n6jAmljGr5XDqQLvpAe HTTP/1.1" 200 112
201.184.95.190 - - [09/Jan/2015:00:05:20 -0500] "POST /forms/lservlet;jsessionid=ac16012b30d54c4b28d95df74871936095efca9bedb3.e3iSbxaKaheRe34SahiRb30Pchr0n6jAmljGr5XDqQLvpAe HTTP/1.1" 200 2
201.184.95.190 - - [09/Jan/2015:00:05:20 -0500] "GET /reports/rwservlet/getjobid340056?server=rep_srvapsda HTTP/1.1" 200 309860
186.145.60.179 - - [09/Jan/2015:00:05:26 -0500] "GET /isolucionsda/ HTTP/1.1" 200 739
186.145.60.179 - - [09/Jan/2015:00:05:26 -0500] "GET /isolucionsda/IdentificaUsuario.asp?Pagina1=FrameSetGeneral.asp& HTTP/1.1" 302 173
186.145.60.179 - - [09/Jan/2015:00:05:26 -0500] "GET /isolucionsda/FrameSetGeneral.asp?Pagina1=FrameSetGeneral.asp& HTTP/1.1" 200 6485
186.145.60.179 - - [09/Jan/2015:00:05:27 -0500] "GET /isolucionsda/Encabezado.asp?Pagina1=FrameSetGeneral.asp&&Pagina=MagazinHome.asp HTTP/1.1" 200 15223
186.145.60.179 - - [09/Jan/2015:00:05:27 -0500] "GET /isolucionsda/BarraTitulos.asp?Pagina1=FrameSetGeneral.asp&&Pagina=MagazinHome.asp HTTP/1.1" 200 6844
186.145.60.179 - - [09/Jan/2015:00:05:27 -0500] "GET /isolucionsda/BarraFavoritos.asp HTTP/1.1" 200 911
186.145.60.179 - - [09/Jan/2015:00:05:27 -0500] "GET /isolucionsda/MagazinHome.asp HTTP/1.1" 200 27971
186.145.60.179 - - [09/Jan/2015:00:05:27 -0500] "GET /isolucionsda/Session.asp?Continue=1 HTTP/1.1" 200 6196
186.145.60.179 - - [09/Jan/2015:00:05:27 -0500] "GET /isolucionsda/TareasSFRedirect.asp HTTP/1.1" 302 195
186.145.60.179 - - [09/Jan/2015:00:05:27 -0500] "GET /isolucionsda/g/Bgr_Destacado3399CC.jpg HTTP/1.1" 404 5217
186.145.60.179 - - [09/Jan/2015:00:05:27 -0500] "GET /isolucionsda/Login.aspx?TARGET=SFContainerFiltrado.aspx&number=54675369485452684565 HTTP/1.1" 302 886
186.145.60.179 - - [09/Jan/2015:00:05:29 -0500] "GET /isolucionsda/SFContainerFiltrado.aspx?Number=54675369485452684565 HTTP/1.1" 200 14314
186.145.60.179 - - [09/Jan/2015:00:05:29 -0500] "GET /isolucionsda/FrameSetGeneral.asp?Pagina=Menu.asp&IdModulo=7 HTTP/1.1" 200 6455
186.145.60.179 - - [09/Jan/2015:00:05:29 -0500] "GET /isolucionsda/auxlib.js HTTP/1.1" 404 5185
186.145.60.179 - - [09/Jan/2015:00:05:29 -0500] "GET /isolucionsda/infowndpublic.js HTTP/1.1" 404 5199
186.145.60.179 - - [09/Jan/2015:00:05:29 -0500] "GET /isolucionsda/infowndcore.js HTTP/1.1" 404 5195
186.145.60.179 - - [09/Jan/2015:00:05:29 -0500] "GET /isolucionsda/DetalleTareas.aspx?Number=54675369485452684565 HTTP/1.1" 200 92713
186.145.60.179 - - [09/Jan/2015:00:05:29 -0500] "GET /isolucionsda/Encabezado.asp?Pagina=Menu.asp&IdModulo=7 HTTP/1.1" 200 15183
186.145.60.179 - - [09/Jan/2015:00:05:29 -0500] "GET /isolucionsda/BarraTitulos.asp?Pagina=Menu.asp&IdModulo=7 HTTP/1.1" 200 6865
186.145.60.179 - - [09/Jan/2015:00:05:29 -0500] "GET /isolucionsda/BarraFavoritos.asp HTTP/1.1" 200 911
186.145.60.179 - - [09/Jan/2015:00:05:29 -0500] "GET /isolucionsda/Session.asp?Continue=1 HTTP/1.1" 200 6196
186.145.60.179 - - [09/Jan/2015:00:05:29 -0500] "GET /isolucionsda/Menu.asp?Pagina=Menu.asp&IdModulo=7 HTTP/1.1" 200 30437
186.145.60.179 - - [09/Jan/2015:00:05:33 -0500] "GET /isolucionsda/FrameSetGeneral.asp?Pagina=FiltroAccionesPreventivas.asp&EsAbierta=1&ConMenu=NO&CodTipoAP=1 HTTP/1.1" 200 6611
186.145.60.179 - - [09/Jan/2015:00:05:33 -0500] "GET /isolucionsda/Encabezado.asp?Pagina=FiltroAccionesPreventivas.asp&EsAbierta=1&ConMenu=NO&CodTipoAP=1 HTTP/1.1" 200 15158
186.145.60.179 - - [09/Jan/2015:00:05:33 -0500] "GET /isolucionsda/BarraTitulos.asp?Pagina=FiltroAccionesPreventivas.asp&EsAbierta=1&ConMenu=NO&CodTipoAP=1 HTTP/1.1" 200 6865
186.145.60.179 - - [09/Jan/2015:00:05:33 -0500] "GET /isolucionsda/BarraFavoritos.asp HTTP/1.1" 200 911
186.145.60.179 - - [09/Jan/2015:00:05:33 -0500] "GET /isolucionsda/Session.asp?Continue=1 HTTP/1.1" 200 6196
186.145.60.179 - - [09/Jan/2015:00:05:33 -0500] "GET /isolucionsda/FiltroAccionesPreventivas.asp?Pagina=FiltroAccionesPreventivas.asp&EsAbierta=1&ConMenu=NO&CodTipoAP=1 HTTP/1.1" 200 42671
201.184.95.190 - - [09/Jan/2015:00:05:35 -0500] "POST /forms/lservlet;jsessionid=ac16012b30d54c4b28d95df74871936095efca9bedb3.e3iSbxaKaheRe34SahiRb30Pchr0n6jAmljGr5XDqQLvpAe HTTP/1.1" 200 85
186.145.60.179 - - [09/Jan/2015:00:05:38 -0500] "POST /isolucionsda/FiltroAccionesPreventivas.asp?buscar=&paginaactual=2 HTTP/1.1" 200 42709
186.145.60.179 - - [09/Jan/2015:00:05:41 -0500] "GET /isolucionsda/NoPrevencion.asp?CodTipoAccPrev=1&Codsucursal=&Accion=Consultar&Id_AccionPreventiva=207 HTTP/1.1" 200 60143
201.184.95.190 - - [09/Jan/2015:00:05:43 -0500] "POST /forms/lservlet;jsessionid=ac16012b30d54c4b28d95df74871936095efca9bedb3.e3iSbxaKaheRe34SahiRb30Pchr0n6jAmljGr5XDqQLvpAe HTTP/1.1" 200 77
201.184.95.190 - - [09/Jan/2015:00:05:48 -0500] "POST /forms/lservlet;jsessionid=ac16012b30d54c4b28d95df74871936095efca9bedb3.e3iSbxaKaheRe34SahiRb30Pchr0n6jAmljGr5XDqQLvpAe HTTP/1.1" 200 73
66.249.64.171 - - [09/Jan/2015:00:06:06 -0500] "GET /Residuos/farmaceutica/images/page59.swf HTTP/1.1" 404 1018
201.184.95.190 - - [09/Jan/2015:00:06:08 -0500] "POST /forms/lservlet;jsessionid=ac16012b30d54c4b28d95df74871936095efca9bedb3.e3iSbxaKaheRe34SahiRb30Pchr0n6jAmljGr5XDqQLvpAe HTTP/1.1" 200 66
66.249.64.167 - - [09/Jan/2015:00:06:09 -0500] "GET /BLA/resoluciones/RESOLUCIONES%202008/4871.pdf HTTP/1.1" 200 256859
201.184.95.190 - - [09/Jan/2015:00:06:10 -0500] "POST /forms/lservlet;jsessionid=ac16012b30d54c4b28d95df74871936095efca9bedb3.e3iSbxaKaheRe34SahiRb30Pchr0n6jAmljGr5XDqQLvpAe HTTP/1.1" 200 2
201.184.95.190 - - [09/Jan/2015:00:06:10 -0500] "POST /forms/lservlet;jsessionid=ac16012b30d54c4b28d95df74871936095efca9bedb3.e3iSbxaKaheRe34SahiRb30Pchr0n6jAmljGr5XDqQLvpAe HTTP/1.1" 200 2310
201.184.95.190 - - [09/Jan/2015:00:06:10 -0500] "POST /forms/lservlet;jsessionid=ac16012b30d54c4b28d95df74871936095efca9bedb3.e3iSbxaKaheRe34SahiRb30Pchr0n6jAmljGr5XDqQLvpAe HTTP/1.1" 200 10
201.184.95.190 - - [09/Jan/2015:00:06:10 -0500] "POST /forms/lservlet;jsessionid=ac16012b30d54c4b28d95df74871936095efca9bedb3.e3iSbxaKaheRe34SahiRb30Pchr0n6jAmljGr5XDqQLvpAe HTTP/1.1" 200 2
186.84.65.33 - - [09/Jan/2015:00:06:11 -0500] "GET /videos/galeria-fotografica/index14.html? HTTP/1.1" 200 1971
201.184.95.190 - - [09/Jan/2015:00:06:10 -0500] "POST /forms/lservlet;jsessionid=ac16012b30d54c4b28d95df74871936095efca9bedb3.e3iSbxaKaheRe34SahiRb30Pchr0n6jAmljGr5XDqQLvpAe HTTP/1.1" 200 14
186.84.65.33 - - [09/Jan/2015:00:06:12 -0500] "GET /videos/galeria-fotografica/js/jquery-flickr-gallery/jquery-flickr.css HTTP/1.1" 200 711
186.84.65.33 - - [09/Jan/2015:00:06:12 -0500] "GET /videos/galeria-fotografica/js/jquery-flickr-gallery/jquery-flickr-gallery.js HTTP/1.1" 200 9050
201.184.95.190 - - [09/Jan/2015:00:06:11 -0500] "POST /forms/lservlet;jsessionid=ac16012b30d54c4b28d95df74871936095efca9bedb3.e3iSbxaKaheRe34SahiRb30Pchr0n6jAmljGr5XDqQLvpAe HTTP/1.1" 200 14
186.84.65.33 - - [09/Jan/2015:00:06:13 -0500] "GET /videos/galeria-fotografica/js/jquery-flickr-gallery/loader.gif HTTP/1.1" 200 2129
201.184.95.190 - - [09/Jan/2015:00:06:13 -0500] "POST /forms/lservlet;jsessionid=ac16012b30d54c4b28d95df74871936095efca9bedb3.e3iSbxaKaheRe34SahiRb30Pchr0n6jAmljGr5XDqQLvpAe HTTP/1.1" 200 14
201.184.95.190 - - [09/Jan/2015:00:06:14 -0500] "POST /forms/lservlet;jsessionid=ac16012b30d54c4b28d95df74871936095efca9bedb3.e3iSbxaKaheRe34SahiRb30Pchr0n6jAmljGr5XDqQLvpAe HTTP/1.1" 200 14
201.184.95.190 - - [09/Jan/2015:00:06:16 -0500] "POST /forms/lservlet;jsessionid=ac16012b30d54c4b28d95df74871936095efca9bedb3.e3iSbxaKaheRe34SahiRb30Pchr0n6jAmljGr5XDqQLvpAe HTTP/1.1" 200 5095
201.184.95.190 - - [09/Jan/2015:00:06:17 -0500] "POST /forms/lservlet;jsessionid=ac16012b30d54c4b28d95df74871936095efca9bedb3.e3iSbxaKaheRe34SahiRb30Pchr0n6jAmljGr5XDqQLvpAe HTTP/1.1" 200 2
201.184.95.190 - - [09/Jan/2015:00:06:18 -0500] "POST /forms/lservlet;jsessionid=ac16012b30d54c4b28d95df74871936095efca9bedb3.e3iSbxaKaheRe34SahiRb30Pchr0n6jAmljGr5XDqQLvpAe HTTP/1.1" 200 2
201.184.95.190 - - [09/Jan/2015:00:06:20 -0500] "POST /forms/lservlet;jsessionid=ac16012b30d54c4b28d95df74871936095efca9bedb3.e3iSbxaKaheRe34SahiRb30Pchr0n6jAmljGr5XDqQLvpAe HTTP/1.1" 200 2
201.184.95.190 - - [09/Jan/2015:00:06:20 -0500] "POST /forms/lservlet;jsessionid=ac16012b30d54c4b28d95df74871936095efca9bedb3.e3iSbxaKaheRe34SahiRb30Pchr0n6jAmljGr5XDqQLvpAe HTTP/1.1" 200 2674
201.184.95.190 - - [09/Jan/2015:00:06:20 -0500] "POST /forms/lservlet;jsessionid=ac16012b30d54c4b28d95df74871936095efca9bedb3.e3iSbxaKaheRe34SahiRb30Pchr0n6jAmljGr5XDqQLvpAe HTTP/1.1" 200 10
201.184.95.190 - - [09/Jan/2015:00:06:22 -0500] "POST /forms/lservlet;jsessionid=ac16012b30d54c4b28d95df74871936095efca9bedb3.e3iSbxaKaheRe34SahiRb30Pchr0n6jAmljGr5XDqQLvpAe HTTP/1.1" 200 24
201.184.95.190 - - [09/Jan/2015:00:06:22 -0500] "POST /forms/lservlet;jsessionid=ac16012b30d54c4b28d95df74871936095efca9bedb3.e3iSbxaKaheRe34SahiRb30Pchr0n6jAmljGr5XDqQLvpAe HTTP/1.1" 200 4629
201.184.95.190 - - [09/Jan/2015:00:06:23 -0500] "POST /forms/lservlet;jsessionid=ac16012b30d54c4b28d95df74871936095efca9bedb3.e3iSbxaKaheRe34SahiRb30Pchr0n6jAmljGr5XDqQLvpAe HTTP/1.1" 200 2
201.184.95.190 - - [09/Jan/2015:00:06:23 -0500] "POST /forms/lservlet;jsessionid=ac16012b30d54c4b28d95df74871936095efca9bedb3.e3iSbxaKaheRe34SahiRb30Pchr0n6jAmljGr5XDqQLvpAe HTTP/1.1" 200 2
201.184.95.190 - - [09/Jan/2015:00:06:24 -0500] "POST /forms/lservlet;jsessionid=ac16012b30d54c4b28d95df74871936095efca9bedb3.e3iSbxaKaheRe34SahiRb30Pchr0n6jAmljGr5XDqQLvpAe HTTP/1.1" 200 14
201.184.95.190 - - [09/Jan/2015:00:06:25 -0500] "POST /forms/lservlet;jsessionid=ac16012b30d54c4b28d95df74871936095efca9bedb3.e3iSbxaKaheRe34SahiRb30Pchr0n6jAmljGr5XDqQLvpAe HTTP/1.1" 200 131
201.184.95.190 - - [09/Jan/2015:00:06:26 -0500] "POST /forms/lservlet;jsessionid=ac16012b30d54c4b28d95df74871936095efca9bedb3.e3iSbxaKaheRe34SahiRb30Pchr0n6jAmljGr5XDqQLvpAe HTTP/1.1" 200 2
188.165.15.214 - - [09/Jan/2015:00:06:27 -0500] "GET /BLA/resoluciones/RESOLUCIONES%202005/RES%202005%20651-700/00000676.tif HTTP/1.1" 200 387130
190.24.84.62 - - [09/Jan/2015:00:06:25 -0500] "POST /forms/lservlet;jsessionid=ac16012b30d52aa6b0166c5a4b16b545f4d267498b40.e3iSbxaKaheRe34SahiRb30Pchr0n6jAmljGr5XDqQLvpAe HTTP/1.1" 200 95
190.24.84.62 - - [09/Jan/2015:00:06:29 -0500] "POST /forms/lservlet;jsessionid=ac16012b30d52aa6b0166c5a4b16b545f4d267498b40.e3iSbxaKaheRe34SahiRb30Pchr0n6jAmljGr5XDqQLvpAe HTTP/1.1" 200 2
190.24.84.62 - - [09/Jan/2015:00:06:30 -0500] "POST /forms/lservlet;jsessionid=ac16012b30d52aa6b0166c5a4b16b545f4d267498b40.e3iSbxaKaheRe34SahiRb30Pchr0n6jAmljGr5XDqQLvpAe HTTP/1.1" 200 2030
190.24.84.62 - - [09/Jan/2015:00:06:30 -0500] "POST /forms/lservlet;jsessionid=ac16012b30d52aa6b0166c5a4b16b545f4d267498b40.e3iSbxaKaheRe34SahiRb30Pchr0n6jAmljGr5XDqQLvpAe HTTP/1.1" 200 78
190.24.84.62 - - [09/Jan/2015:00:06:32 -0500] "POST /forms/lservlet;jsessionid=ac16012b30d52aa6b0166c5a4b16b545f4d267498b40.e3iSbxaKaheRe34SahiRb30Pchr0n6jAmljGr5XDqQLvpAe HTTP/1.1" 200 86
190.24.84.62 - - [09/Jan/2015:00:06:32 -0500] "POST /forms/lservlet;jsessionid=ac16012b30d52aa6b0166c5a4b16b545f4d267498b40.e3iSbxaKaheRe34SahiRb30Pchr0n6jAmljGr5XDqQLvpAe HTTP/1.1" 200 -
201.184.95.190 - - [09/Jan/2015:00:06:27 -0500] "GET /reports/rwservlet/getjobid340057?server=rep_srvapsda HTTP/1.1" 200 349961
186.145.60.179 - - [09/Jan/2015:00:06:42 -0500] "POST /isolucionsda/NoConformidadISOlucion.asp HTTP/1.1" 200 48742
66.249.64.39 - - [09/Jan/2015:00:06:10 -0500] "GET /BLA/boletinlegal/index.php HTTP/1.1" 200 49382
188.165.15.195 - - [09/Jan/2015:00:06:48 -0500] "GET /BLA/resoluciones/RESOLUCIONES%202005/RES%202005%201151-1200/00001156.tif HTTP/1.1" 200 133728
201.184.95.190 - - [09/Jan/2015:00:06:56 -0500] "POST /forms/lservlet;jsessionid=ac16012b30d54c4b28d95df74871936095efca9bedb3.e3iSbxaKaheRe34SahiRb30Pchr0n6jAmljGr5XDqQLvpAe HTTP/1.1" 200 159
201.184.95.190 - - [09/Jan/2015:00:07:03 -0500] "POST /forms/lservlet;jsessionid=ac16012b30d54c4b28d95df74871936095efca9bedb3.e3iSbxaKaheRe34SahiRb30Pchr0n6jAmljGr5XDqQLvpAe HTTP/1.1" 200 121
201.184.95.190 - - [09/Jan/2015:00:07:07 -0500] "POST /forms/lservlet;jsessionid=ac16012b30d54c4b28d95df74871936095efca9bedb3.e3iSbxaKaheRe34SahiRb30Pchr0n6jAmljGr5XDqQLvpAe HTTP/1.1" 200 96
190.253.181.209 - - [09/Jan/2015:00:07:18 -0500] "GET /BLA/ HTTP/1.1" 200 538
66.249.64.163 - - [09/Jan/2015:00:07:22 -0500] "GET /BLA/resoluciones/RESOLUCIONES%202010/6487.pdf HTTP/1.1" 200 319260
201.184.95.190 - - [09/Jan/2015:00:07:28 -0500] "POST /forms/lservlet;jsessionid=ac16012b30d54c4b28d95df74871936095efca9bedb3.e3iSbxaKaheRe34SahiRb30Pchr0n6jAmljGr5XDqQLvpAe HTTP/1.1" 200 66
66.249.64.167 - - [09/Jan/2015:00:07:28 -0500] "GET /BLA/resoluciones/AUTOS%202006/AUTOS%202006%20301-400/00000306.tif HTTP/1.1" 200 54098
100.43.85.25 - - [09/Jan/2015:00:07:30 -0500] "GET /POT-2013/Cartografia/06_Mitigacion_Remasa_V1_2013.pdf HTTP/1.1" 200 4362311
201.184.95.190 - - [09/Jan/2015:00:07:32 -0500] "POST /forms/lservlet;jsessionid=ac16012b30d54c4b28d95df74871936095efca9bedb3.e3iSbxaKaheRe34SahiRb30Pchr0n6jAmljGr5XDqQLvpAe HTTP/1.1" 200 2
201.184.95.190 - - [09/Jan/2015:00:07:32 -0500] "POST /forms/lservlet;jsessionid=ac16012b30d54c4b28d95df74871936095efca9bedb3.e3iSbxaKaheRe34SahiRb30Pchr0n6jAmljGr5XDqQLvpAe HTTP/1.1" 200 2318
201.184.95.190 - - [09/Jan/2015:00:07:32 -0500] "POST /forms/lservlet;jsessionid=ac16012b30d54c4b28d95df74871936095efca9bedb3.e3iSbxaKaheRe34SahiRb30Pchr0n6jAmljGr5XDqQLvpAe HTTP/1.1" 200 10
66.249.64.171 - - [09/Jan/2015:00:07:33 -0500] "GET /BLA/resoluciones/RESOLUCIONES%202007/RES%202007%20501%20AL%20600/RESOLUCION%200557%20DE%202007.pdf HTTP/1.1" 200 1008510
201.184.95.190 - - [09/Jan/2015:00:07:34 -0500] "POST /forms/lservlet;jsessionid=ac16012b30d54c4b28d95df74871936095efca9bedb3.e3iSbxaKaheRe34SahiRb30Pchr0n6jAmljGr5XDqQLvpAe HTTP/1.1" 200 24
201.184.95.190 - - [09/Jan/2015:00:07:34 -0500] "POST /forms/lservlet;jsessionid=ac16012b30d54c4b28d95df74871936095efca9bedb3.e3iSbxaKaheRe34SahiRb30Pchr0n6jAmljGr5XDqQLvpAe HTTP/1.1" 200 4267
201.184.95.190 - - [09/Jan/2015:00:07:35 -0500] "POST /forms/lservlet;jsessionid=ac16012b30d54c4b28d95df74871936095efca9bedb3.e3iSbxaKaheRe34SahiRb30Pchr0n6jAmljGr5XDqQLvpAe HTTP/1.1" 200 2
201.184.95.190 - - [09/Jan/2015:00:07:36 -0500] "POST /forms/lservlet;jsessionid=ac16012b30d54c4b28d95df74871936095efca9bedb3.e3iSbxaKaheRe34SahiRb30Pchr0n6jAmljGr5XDqQLvpAe HTTP/1.1" 200 2
201.184.95.190 - - [09/Jan/2015:00:07:36 -0500] "POST /forms/lservlet;jsessionid=ac16012b30d54c4b28d95df74871936095efca9bedb3.e3iSbxaKaheRe34SahiRb30Pchr0n6jAmljGr5XDqQLvpAe HTTP/1.1" 200 14
201.184.95.190 - - [09/Jan/2015:00:07:37 -0500] "POST /forms/lservlet;jsessionid=ac16012b30d54c4b28d95df74871936095efca9bedb3.e3iSbxaKaheRe34SahiRb30Pchr0n6jAmljGr5XDqQLvpAe HTTP/1.1" 200 112
201.184.95.190 - - [09/Jan/2015:00:07:37 -0500] "POST /forms/lservlet;jsessionid=ac16012b30d54c4b28d95df74871936095efca9bedb3.e3iSbxaKaheRe34SahiRb30Pchr0n6jAmljGr5XDqQLvpAe HTTP/1.1" 200 2
201.184.95.190 - - [09/Jan/2015:00:07:37 -0500] "GET /reports/rwservlet/getjobid340058?server=rep_srvapsda HTTP/1.1" 200 493090
201.184.95.190 - - [09/Jan/2015:00:07:59 -0500] "POST /forms/lservlet;jsessionid=ac16012b30d54c4b28d95df74871936095efca9bedb3.e3iSbxaKaheRe34SahiRb30Pchr0n6jAmljGr5XDqQLvpAe HTTP/1.1" 200 85
201.245.192.253 - - [09/Jan/2015:00:08:01 -0500] "GET /forest/session.jsp?a=0.17565338998532487 HTTP/1.1" 200 4
190.253.181.209 - - [09/Jan/2015:00:08:04 -0500] "GET /BLA/boletinlegal/styles2.css HTTP/1.1" 200 1838
190.253.181.209 - - [09/Jan/2015:00:08:04 -0500] "GET /BLA/boletinlegal/style.css HTTP/1.1" 200 9406
190.253.181.209 - - [09/Jan/2015:00:08:04 -0500] "GET /BLA/boletinlegal/images/cabezote%20BLEGAL.jpg HTTP/1.1" 200 118164
190.253.181.209 - - [09/Jan/2015:00:08:05 -0500] "GET /BLA/boletinlegal/images/nuevo.gif HTTP/1.1" 200 26475
190.253.181.209 - - [09/Jan/2015:00:08:05 -0500] "GET /BLA/boletinlegal/images/historia.png HTTP/1.1" 200 52775
190.253.181.209 - - [09/Jan/2015:00:08:05 -0500] "GET /BLA/boletinlegal/images/arr_l.jpg HTTP/1.1" 200 1979
190.253.181.209 - - [09/Jan/2015:00:08:05 -0500] "GET /BLA/boletinlegal/images/subscribe-icon-big.png HTTP/1.1" 200 47702
190.253.181.209 - - [09/Jan/2015:00:08:05 -0500] "GET /BLA/boletinlegal/images/screen_1.png HTTP/1.1" 200 202547
190.253.181.209 - - [09/Jan/2015:00:08:05 -0500] "GET /BLA/boletinlegal/images/launch.jpg HTTP/1.1" 200 14577
190.253.181.209 - - [09/Jan/2015:00:08:05 -0500] "GET /BLA/boletinlegal/images/body_bg.jpg HTTP/1.1" 200 1601
190.253.181.209 - - [09/Jan/2015:00:08:05 -0500] "GET /BLA/boletinlegal/images/menu_rght.gif HTTP/1.1" 200 1627
190.253.181.209 - - [09/Jan/2015:00:08:05 -0500] "GET /BLA/boletinlegal/images/menu_lft.gif HTTP/1.1" 200 1713
190.253.181.209 - - [09/Jan/2015:00:08:05 -0500] "GET /BLA/boletinlegal/images/menu_bg.jpg HTTP/1.1" 200 620
190.253.181.209 - - [09/Jan/2015:00:08:05 -0500] "GET /BLA/boletinlegal/images/bg_top.jpg HTTP/1.1" 200 522
190.253.181.209 - - [09/Jan/2015:00:08:05 -0500] "GET /BLA/boletinlegal/images/screen_2.png HTTP/1.1" 200 362502
190.253.181.209 - - [09/Jan/2015:00:08:05 -0500] "GET /BLA/boletinlegal/images/screen_3.png HTTP/1.1" 200 211853
190.253.181.209 - - [09/Jan/2015:00:08:05 -0500] "GET /BLA/boletinlegal/images/screen_5.png HTTP/1.1" 200 368876
190.253.181.209 - - [09/Jan/2015:00:08:05 -0500] "GET /BLA/boletinlegal/images/text.jpg HTTP/1.1" 200 568
190.253.181.209 - - [09/Jan/2015:00:08:06 -0500] "GET /BLA/boletinlegal/images/arr_r.jpg HTTP/1.1" 200 1998
190.253.181.209 - - [09/Jan/2015:00:08:06 -0500] "GET /BLA/boletinlegal/images/hover.jpg HTTP/1.1" 200 640
190.253.181.209 - - [09/Jan/2015:00:08:06 -0500] "GET /BLA/boletinlegal/images/footer_bg.jpg HTTP/1.1" 200 586
201.184.95.190 - - [09/Jan/2015:00:08:07 -0500] "POST /forms/lservlet;jsessionid=ac16012b30d54c4b28d95df74871936095efca9bedb3.e3iSbxaKaheRe34SahiRb30Pchr0n6jAmljGr5XDqQLvpAe HTTP/1.1" 200 77
201.184.95.190 - - [09/Jan/2015:00:08:11 -0500] "POST /forms/lservlet;jsessionid=ac16012b30d54c4b28d95df74871936095efca9bedb3.e3iSbxaKaheRe34SahiRb30Pchr0n6jAmljGr5XDqQLvpAe HTTP/1.1" 200 73
190.253.181.209 - - [09/Jan/2015:00:08:14 -0500] "GET /BLA/boletinlegal/images/pdf.gif HTTP/1.1" 200 567
201.184.95.190 - - [09/Jan/2015:00:08:18 -0500] "POST /forms/lservlet;jsessionid=ac16012b30d54c4b28d95df74871936095efca9bedb3.e3iSbxaKaheRe34SahiRb30Pchr0n6jAmljGr5XDqQLvpAe HTTP/1.1" 200 2
190.253.181.209 - - [09/Jan/2015:00:08:23 -0500] "GET /BLA/boletinlegal/images/background.gif HTTP/1.1" 200 -
74.86.158.107 - - [09/Jan/2015:00:08:30 -0500] "HEAD / HTTP/1.1" 302 -
66.249.64.167 - - [09/Jan/2015:00:08:36 -0500] "GET /BLA/resoluciones/RESOLUCIONES%202009/3588.pdf HTTP/1.1" 200 229003
201.184.95.190 - - [09/Jan/2015:00:08:36 -0500] "POST /forms/lservlet;jsessionid=ac16012b30d54c4b28d95df74871936095efca9bedb3.e3iSbxaKaheRe34SahiRb30Pchr0n6jAmljGr5XDqQLvpAe HTTP/1.1" 200 66
201.184.95.190 - - [09/Jan/2015:00:08:37 -0500] "POST /forms/lservlet;jsessionid=ac16012b30d54c4b28d95df74871936095efca9bedb3.e3iSbxaKaheRe34SahiRb30Pchr0n6jAmljGr5XDqQLvpAe HTTP/1.1" 200 2
201.184.95.190 - - [09/Jan/2015:00:08:37 -0500] "POST /forms/lservlet;jsessionid=ac16012b30d54c4b28d95df74871936095efca9bedb3.e3iSbxaKaheRe34SahiRb30Pchr0n6jAmljGr5XDqQLvpAe HTTP/1.1" 200 2330
201.184.95.190 - - [09/Jan/2015:00:08:37 -0500] "POST /forms/lservlet;jsessionid=ac16012b30d54c4b28d95df74871936095efca9bedb3.e3iSbxaKaheRe34SahiRb30Pchr0n6jAmljGr5XDqQLvpAe HTTP/1.1" 200 10
201.184.95.190 - - [09/Jan/2015:00:08:39 -0500] "POST /forms/lservlet;jsessionid=ac16012b30d54c4b28d95df74871936095efca9bedb3.e3iSbxaKaheRe34SahiRb30Pchr0n6jAmljGr5XDqQLvpAe HTTP/1.1" 200 24
201.184.95.190 - - [09/Jan/2015:00:08:39 -0500] "POST /forms/lservlet;jsessionid=ac16012b30d54c4b28d95df74871936095efca9bedb3.e3iSbxaKaheRe34SahiRb30Pchr0n6jAmljGr5XDqQLvpAe HTTP/1.1" 200 4468
201.184.95.190 - - [09/Jan/2015:00:08:40 -0500] "POST /forms/lservlet;jsessionid=ac16012b30d54c4b28d95df74871936095efca9bedb3.e3iSbxaKaheRe34SahiRb30Pchr0n6jAmljGr5XDqQLvpAe HTTP/1.1" 200 2
201.184.95.190 - - [09/Jan/2015:00:08:41 -0500] "POST /forms/lservlet;jsessionid=ac16012b30d54c4b28d95df74871936095efca9bedb3.e3iSbxaKaheRe34SahiRb30Pchr0n6jAmljGr5XDqQLvpAe HTTP/1.1" 200 2
190.253.181.209 - - [09/Jan/2015:00:08:04 -0500] "GET /BLA/boletinlegal/index.php HTTP/1.1" 200 49382
190.253.181.209 - - [09/Jan/2015:00:08:41 -0500] "GET /BLA/boletinlegal/images/People.png HTTP/1.1" 200 45676
190.253.181.209 - - [09/Jan/2015:00:08:41 -0500] "GET /BLA/boletinlegal/images/img_1.jpg HTTP/1.1" 200 8067
190.253.181.209 - - [09/Jan/2015:00:08:41 -0500] "GET /BLA/boletinlegal/images/footer_bg_l.jpg HTTP/1.1" 200 776
190.253.181.209 - - [09/Jan/2015:00:08:41 -0500] "GET /BLA/boletinlegal/images/symbol5.gif HTTP/1.1" 200 2857
190.253.181.209 - - [09/Jan/2015:00:08:41 -0500] "GET /BLA/boletinlegal/images/img_3.jpg HTTP/1.1" 200 1841
190.253.181.209 - - [09/Jan/2015:00:08:41 -0500] "GET /BLA/boletinlegal/images/group.png HTTP/1.1" 200 47853
190.253.181.209 - - [09/Jan/2015:00:08:42 -0500] "GET /favicon.ico HTTP/1.1" 200 7782
201.184.95.190 - - [09/Jan/2015:00:08:41 -0500] "POST /forms/lservlet;jsessionid=ac16012b30d54c4b28d95df74871936095efca9bedb3.e3iSbxaKaheRe34SahiRb30Pchr0n6jAmljGr5XDqQLvpAe HTTP/1.1" 200 14
201.184.95.190 - - [09/Jan/2015:00:08:42 -0500] "POST /forms/lservlet;jsessionid=ac16012b30d54c4b28d95df74871936095efca9bedb3.e3iSbxaKaheRe34SahiRb30Pchr0n6jAmljGr5XDqQLvpAe HTTP/1.1" 200 14
201.184.95.190 - - [09/Jan/2015:00:08:43 -0500] "POST /forms/lservlet;jsessionid=ac16012b30d54c4b28d95df74871936095efca9bedb3.e3iSbxaKaheRe34SahiRb30Pchr0n6jAmljGr5XDqQLvpAe HTTP/1.1" 200 112
201.184.95.190 - - [09/Jan/2015:00:08:44 -0500] "POST /forms/lservlet;jsessionid=ac16012b30d54c4b28d95df74871936095efca9bedb3.e3iSbxaKaheRe34SahiRb30Pchr0n6jAmljGr5XDqQLvpAe HTTP/1.1" 200 2
201.184.95.190 - - [09/Jan/2015:00:08:44 -0500] "GET /reports/rwservlet/getjobid340059?server=rep_srvapsda HTTP/1.1" 200 1986629
201.184.95.190 - - [09/Jan/2015:00:09:19 -0500] "POST /forms/lservlet;jsessionid=ac16012b30d54c4b28d95df74871936095efca9bedb3.e3iSbxaKaheRe34SahiRb30Pchr0n6jAmljGr5XDqQLvpAe HTTP/1.1" 200 85
201.184.95.190 - - [09/Jan/2015:00:09:26 -0500] "POST /forms/lservlet;jsessionid=ac16012b30d54c4b28d95df74871936095efca9bedb3.e3iSbxaKaheRe34SahiRb30Pchr0n6jAmljGr5XDqQLvpAe HTTP/1.1" 200 77
201.184.95.190 - - [09/Jan/2015:00:09:29 -0500] "POST /forms/lservlet;jsessionid=ac16012b30d54c4b28d95df74871936095efca9bedb3.e3iSbxaKaheRe34SahiRb30Pchr0n6jAmljGr5XDqQLvpAe HTTP/1.1" 200 73
190.253.181.209 - - [09/Jan/2015:00:09:32 -0500] "GET /BLA/boletinlegal/Directivas/2011/Directiva%20No.%205%20del%2029%20de%20Agosto%20de%202011.pdf HTTP/1.1" 200 444404
190.253.181.209 - - [09/Jan/2015:00:09:32 -0500] "GET /BLA/boletinlegal/Directivas/2011/Directiva%20No.%205%20del%2029%20de%20Agosto%20de%202011.pdf HTTP/1.1" 206 32768
190.253.181.209 - - [09/Jan/2015:00:09:32 -0500] "GET /BLA/boletinlegal/Directivas/2011/Directiva%20No.%205%20del%2029%20de%20Agosto%20de%202011.pdf HTTP/1.1" 206 411636
66.249.64.43 - - [09/Jan/2015:00:09:34 -0500] "GET /ecodirectorio/files/res/pages/page_0085.swf HTTP/1.1" 200 106900
188.165.15.27 - - [09/Jan/2015:00:09:50 -0500] "GET /BLA/resoluciones/RESOLUCIONES%202002/RES%202002%201051-1100/00001089.tif HTTP/1.1" 200 153772
201.245.192.253 - - [09/Jan/2015:00:09:51 -0500] "GET /forest/session.jsp?a=0.29153047852222147 HTTP/1.1" 200 4
201.184.95.190 - - [09/Jan/2015:00:10:01 -0500] "POST /forms/lservlet;jsessionid=ac16012b30d54c4b28d95df74871936095efca9bedb3.e3iSbxaKaheRe34SahiRb30Pchr0n6jAmljGr5XDqQLvpAe HTTP/1.1" 200 66
201.184.95.190 - - [09/Jan/2015:00:10:02 -0500] "POST /forms/lservlet;jsessionid=ac16012b30d54c4b28d95df74871936095efca9bedb3.e3iSbxaKaheRe34SahiRb30Pchr0n6jAmljGr5XDqQLvpAe HTTP/1.1" 200 2
201.184.95.190 - - [09/Jan/2015:00:10:02 -0500] "POST /forms/lservlet;jsessionid=ac16012b30d54c4b28d95df74871936095efca9bedb3.e3iSbxaKaheRe34SahiRb30Pchr0n6jAmljGr5XDqQLvpAe HTTP/1.1" 200 14
201.184.95.190 - - [09/Jan/2015:00:10:03 -0500] "POST /forms/lservlet;jsessionid=ac16012b30d54c4b28d95df74871936095efca9bedb3.e3iSbxaKaheRe34SahiRb30Pchr0n6jAmljGr5XDqQLvpAe HTTP/1.1" 200 14
201.184.95.190 - - [09/Jan/2015:00:10:04 -0500] "POST /forms/lservlet;jsessionid=ac16012b30d54c4b28d95df74871936095efca9bedb3.e3iSbxaKaheRe34SahiRb30Pchr0n6jAmljGr5XDqQLvpAe HTTP/1.1" 200 112
201.184.95.190 - - [09/Jan/2015:00:10:05 -0500] "POST /forms/lservlet;jsessionid=ac16012b30d54c4b28d95df74871936095efca9bedb3.e3iSbxaKaheRe34SahiRb30Pchr0n6jAmljGr5XDqQLvpAe HTTP/1.1" 200 2
188.165.15.27 - - [09/Jan/2015:00:10:06 -0500] "GET /BLA/resoluciones/RESOLUCIONES%202003/RES%202003%201101-1150/1131.tif HTTP/1.1" 200 205536
201.184.95.190 - - [09/Jan/2015:00:10:19 -0500] "POST /forms/lservlet;jsessionid=ac16012b30d54c4b28d95df74871936095efca9bedb3.e3iSbxaKaheRe34SahiRb30Pchr0n6jAmljGr5XDqQLvpAe HTTP/1.1" 200 2
200.106.211.10 - - [09/Jan/2015:00:10:41 -0500] "GET /BLA/resoluciones/RESOLUCIONES%202009/9486.pdf HTTP/1.1" 200 831296
200.106.211.10 - - [09/Jan/2015:00:10:41 -0500] "GET /BLA/resoluciones/RESOLUCIONES%202009/9486.pdf HTTP/1.1" 206 32768
200.106.211.10 - - [09/Jan/2015:00:10:42 -0500] "GET /BLA/resoluciones/RESOLUCIONES%202009/9486.pdf HTTP/1.1" 206 798528
201.184.95.190 - - [09/Jan/2015:00:10:05 -0500] "GET /reports/rwservlet/getjobid340060?server=rep_srvapsda HTTP/1.1" 200 1986629
200.106.211.10 - - [09/Jan/2015:00:10:44 -0500] "GET /favicon.ico HTTP/1.1" 200 7782
201.184.95.190 - - [09/Jan/2015:00:11:02 -0500] "POST /forms/lservlet;jsessionid=ac16012b30d54c4b28d95df74871936095efca9bedb3.e3iSbxaKaheRe34SahiRb30Pchr0n6jAmljGr5XDqQLvpAe HTTP/1.1" 200 2
66.249.64.167 - - [09/Jan/2015:00:11:02 -0500] "GET /BLA/resoluciones/AUTOS%202013/1033.pdf HTTP/1.1" 200 818340
201.184.95.190 - - [09/Jan/2015:00:11:02 -0500] "POST /forms/lservlet;jsessionid=ac16012b30d54c4b28d95df74871936095efca9bedb3.e3iSbxaKaheRe34SahiRb30Pchr0n6jAmljGr5XDqQLvpAe HTTP/1.1" 200 2
201.184.95.190 - - [09/Jan/2015:00:11:02 -0500] "POST /forms/lservlet;jsessionid=ac16012b30d54c4b28d95df74871936095efca9bedb3.e3iSbxaKaheRe34SahiRb30Pchr0n6jAmljGr5XDqQLvpAe HTTP/1.1" 200 2347
201.184.95.190 - - [09/Jan/2015:00:11:03 -0500] "POST /forms/lservlet;jsessionid=ac16012b30d54c4b28d95df74871936095efca9bedb3.e3iSbxaKaheRe34SahiRb30Pchr0n6jAmljGr5XDqQLvpAe HTTP/1.1" 200 10
201.184.95.190 - - [09/Jan/2015:00:11:05 -0500] "POST /forms/lservlet;jsessionid=ac16012b30d54c4b28d95df74871936095efca9bedb3.e3iSbxaKaheRe34SahiRb30Pchr0n6jAmljGr5XDqQLvpAe HTTP/1.1" 200 24
201.184.95.190 - - [09/Jan/2015:00:11:05 -0500] "POST /forms/lservlet;jsessionid=ac16012b30d54c4b28d95df74871936095efca9bedb3.e3iSbxaKaheRe34SahiRb30Pchr0n6jAmljGr5XDqQLvpAe HTTP/1.1" 200 238
201.184.95.190 - - [09/Jan/2015:00:11:05 -0500] "POST /forms/lservlet;jsessionid=ac16012b30d54c4b28d95df74871936095efca9bedb3.e3iSbxaKaheRe34SahiRb30Pchr0n6jAmljGr5XDqQLvpAe HTTP/1.1" 200 11
201.184.95.190 - - [09/Jan/2015:00:11:06 -0500] "POST /forms/lservlet;jsessionid=ac16012b30d54c4b28d95df74871936095efca9bedb3.e3iSbxaKaheRe34SahiRb30Pchr0n6jAmljGr5XDqQLvpAe HTTP/1.1" 200 2
201.184.95.190 - - [09/Jan/2015:00:11:06 -0500] "POST /forms/lservlet;jsessionid=ac16012b30d54c4b28d95df74871936095efca9bedb3.e3iSbxaKaheRe34SahiRb30Pchr0n6jAmljGr5XDqQLvpAe HTTP/1.1" 200 3309
201.184.95.190 - - [09/Jan/2015:00:11:07 -0500] "POST /forms/lservlet;jsessionid=ac16012b30d54c4b28d95df74871936095efca9bedb3.e3iSbxaKaheRe34SahiRb30Pchr0n6jAmljGr5XDqQLvpAe HTTP/1.1" 200 2
201.184.95.190 - - [09/Jan/2015:00:11:10 -0500] "POST /forms/lservlet;jsessionid=ac16012b30d54c4b28d95df74871936095efca9bedb3.e3iSbxaKaheRe34SahiRb30Pchr0n6jAmljGr5XDqQLvpAe HTTP/1.1" 200 2
201.184.95.190 - - [09/Jan/2015:00:11:10 -0500] "POST /forms/lservlet;jsessionid=ac16012b30d54c4b28d95df74871936095efca9bedb3.e3iSbxaKaheRe34SahiRb30Pchr0n6jAmljGr5XDqQLvpAe HTTP/1.1" 200 2348
201.184.95.190 - - [09/Jan/2015:00:11:10 -0500] "POST /forms/lservlet;jsessionid=ac16012b30d54c4b28d95df74871936095efca9bedb3.e3iSbxaKaheRe34SahiRb30Pchr0n6jAmljGr5XDqQLvpAe HTTP/1.1" 200 10
201.184.95.190 - - [09/Jan/2015:00:11:12 -0500] "POST /forms/lservlet;jsessionid=ac16012b30d54c4b28d95df74871936095efca9bedb3.e3iSbxaKaheRe34SahiRb30Pchr0n6jAmljGr5XDqQLvpAe HTTP/1.1" 200 24
201.184.95.190 - - [09/Jan/2015:00:11:12 -0500] "POST /forms/lservlet;jsessionid=ac16012b30d54c4b28d95df74871936095efca9bedb3.e3iSbxaKaheRe34SahiRb30Pchr0n6jAmljGr5XDqQLvpAe HTTP/1.1" 200 4292
201.184.95.190 - - [09/Jan/2015:00:11:13 -0500] "POST /forms/lservlet;jsessionid=ac16012b30d54c4b28d95df74871936095efca9bedb3.e3iSbxaKaheRe34SahiRb30Pchr0n6jAmljGr5XDqQLvpAe HTTP/1.1" 200 2
201.184.95.190 - - [09/Jan/2015:00:11:14 -0500] "POST /forms/lservlet;jsessionid=ac16012b30d54c4b28d95df74871936095efca9bedb3.e3iSbxaKaheRe34SahiRb30Pchr0n6jAmljGr5XDqQLvpAe HTTP/1.1" 200 2
201.184.95.190 - - [09/Jan/2015:00:11:14 -0500] "POST /forms/lservlet;jsessionid=ac16012b30d54c4b28d95df74871936095efca9bedb3.e3iSbxaKaheRe34SahiRb30Pchr0n6jAmljGr5XDqQLvpAe HTTP/1.1" 200 14
201.184.95.190 - - [09/Jan/2015:00:11:15 -0500] "POST /forms/lservlet;jsessionid=ac16012b30d54c4b28d95df74871936095efca9bedb3.e3iSbxaKaheRe34SahiRb30Pchr0n6jAmljGr5XDqQLvpAe HTTP/1.1" 200 131
201.184.95.190 - - [09/Jan/2015:00:11:15 -0500] "POST /forms/lservlet;jsessionid=ac16012b30d54c4b28d95df74871936095efca9bedb3.e3iSbxaKaheRe34SahiRb30Pchr0n6jAmljGr5XDqQLvpAe HTTP/1.1" 200 2
201.184.95.190 - - [09/Jan/2015:00:11:16 -0500] "GET /reports/rwservlet/getjobid340061?server=rep_srvapsda HTTP/1.1" 200 913308
201.184.95.190 - - [09/Jan/2015:00:11:40 -0500] "POST /forms/lservlet;jsessionid=ac16012b30d54c4b28d95df74871936095efca9bedb3.e3iSbxaKaheRe34SahiRb30Pchr0n6jAmljGr5XDqQLvpAe HTTP/1.1" 200 159
201.184.95.190 - - [09/Jan/2015:00:11:47 -0500] "POST /forms/lservlet;jsessionid=ac16012b30d54c4b28d95df74871936095efca9bedb3.e3iSbxaKaheRe34SahiRb30Pchr0n6jAmljGr5XDqQLvpAe HTTP/1.1" 200 121
201.184.95.190 - - [09/Jan/2015:00:11:51 -0500] "POST /forms/lservlet;jsessionid=ac16012b30d54c4b28d95df74871936095efca9bedb3.e3iSbxaKaheRe34SahiRb30Pchr0n6jAmljGr5XDqQLvpAe HTTP/1.1" 200 96
66.249.64.167 - - [09/Jan/2015:00:12:15 -0500] "GET /BLA/resoluciones/RESOLUCIONES%202008/2927.pdf HTTP/1.1" 200 255627
201.184.95.190 - - [09/Jan/2015:00:12:19 -0500] "POST /forms/lservlet;jsessionid=ac16012b30d54c4b28d95df74871936095efca9bedb3.e3iSbxaKaheRe34SahiRb30Pchr0n6jAmljGr5XDqQLvpAe HTTP/1.1" 200 2
201.184.95.190 - - [09/Jan/2015:00:12:20 -0500] "POST /forms/lservlet;jsessionid=ac16012b30d54c4b28d95df74871936095efca9bedb3.e3iSbxaKaheRe34SahiRb30Pchr0n6jAmljGr5XDqQLvpAe HTTP/1.1" 200 66
201.184.95.190 - - [09/Jan/2015:00:12:20 -0500] "POST /forms/lservlet;jsessionid=ac16012b30d54c4b28d95df74871936095efca9bedb3.e3iSbxaKaheRe34SahiRb30Pchr0n6jAmljGr5XDqQLvpAe HTTP/1.1" 200 2
201.184.95.190 - - [09/Jan/2015:00:12:20 -0500] "POST /forms/lservlet;jsessionid=ac16012b30d54c4b28d95df74871936095efca9bedb3.e3iSbxaKaheRe34SahiRb30Pchr0n6jAmljGr5XDqQLvpAe HTTP/1.1" 200 2337
201.184.95.190 - - [09/Jan/2015:00:12:21 -0500] "POST /forms/lservlet;jsessionid=ac16012b30d54c4b28d95df74871936095efca9bedb3.e3iSbxaKaheRe34SahiRb30Pchr0n6jAmljGr5XDqQLvpAe HTTP/1.1" 200 10
201.184.95.190 - - [09/Jan/2015:00:12:23 -0500] "POST /forms/lservlet;jsessionid=ac16012b30d54c4b28d95df74871936095efca9bedb3.e3iSbxaKaheRe34SahiRb30Pchr0n6jAmljGr5XDqQLvpAe HTTP/1.1" 200 24
