186.29.203.131 - - [12/Jan/2015:11:48:47 -0500] "POST /forms/lservlet;jsessionid=ac16012b30d5b10e4f29f1924fbb8a83aef930aaa7e9.e3iSbxaKaheRe34SahiRb30Pchr0n6jAmljGr5XDqQLvpAe HTTP/1.1" 200 2
74.86.158.107 - - [12/Jan/2015:11:48:51 -0500] "HEAD / HTTP/1.1" 302 -
180.76.6.231 - - [12/Jan/2015:11:48:52 -0500] "GET /BLA/resoluciones/RESOLUCIONES%202007/RES%202007%202301%20AL%202400/RESOLUCION%202373%20DE%202007.pdf HTTP/1.1" 200 305106
66.249.67.103 - - [12/Jan/2015:11:48:53 -0500] "GET /PruebasSTORM/StormSDA_pruebas/user.jnlp HTTP/1.1" 304 -
66.249.67.119 - - [12/Jan/2015:11:49:22 -0500] "GET /PORTAL_SIAC/swf/Residuos/maderas/files/search/searchtext.xml HTTP/1.1" 304 -
180.76.5.145 - - [12/Jan/2015:11:49:31 -0500] "GET /BLA/resoluciones/RESOLUCIONES%202010/0116.pdf HTTP/1.1" 200 870708
186.154.6.3 - - [12/Jan/2015:11:49:32 -0500] "GET /BLA/resoluciones/RESOLUCIONES%202010/7673.pdf HTTP/1.1" 200 391646
207.46.13.113 - - [12/Jan/2015:11:49:32 -0500] "GET /BLA/resoluciones/RESOLUCIONES%202009/1094.pdf HTTP/1.1" 200 280734
186.154.6.3 - - [12/Jan/2015:11:49:32 -0500] "GET /BLA/resoluciones/RESOLUCIONES%202010/7673.pdf HTTP/1.1" 206 32768
186.154.6.3 - - [12/Jan/2015:11:49:33 -0500] "GET /BLA/resoluciones/RESOLUCIONES%202010/7673.pdf HTTP/1.1" 206 358878
186.154.6.3 - - [12/Jan/2015:11:49:33 -0500] "GET /favicon.ico HTTP/1.1" 200 7782
186.84.44.58 - - [12/Jan/2015:11:50:10 -0500] "POST /forms/lservlet;jsessionid=ac16012b30d5119b3910b34c44c69c548c7d89a14328.e3iSbxaKaheRe34SahiRb30Pchr0n6jAmljGr5XDqQLvpAe HTTP/1.1" 200 2
66.249.81.192 - - [12/Jan/2015:11:50:15 -0500] "GET /galeria/carrusel/Carrusel/jquery.thumbnailScroller.css HTTP/1.1" 200 2066
66.249.81.189 - - [12/Jan/2015:11:50:15 -0500] "GET /BLA/boletinlegal/js/jquery.scrollShow.js HTTP/1.1" 200 4586
66.249.81.195 - - [12/Jan/2015:11:50:15 -0500] "GET /galeria/carrusel/Carrusel/jquery-ui-1.8.13.custom.min.js HTTP/1.1" 200 10800
66.249.81.189 - - [12/Jan/2015:11:50:15 -0500] "GET /galeria/carrusel/Carrusel/jquery.thumbnailScroller.js HTTP/1.1" 200 8157
66.249.81.189 - - [12/Jan/2015:11:50:15 -0500] "GET /BLA/boletinlegal/js/jquery.js HTTP/1.1" 200 57254
66.249.81.195 - - [12/Jan/2015:11:50:15 -0500] "GET /BLA/boletinlegal/js/jquery.scrollTo-min.js HTTP/1.1" 200 1150
157.55.39.22 - - [12/Jan/2015:11:50:15 -0500] "GET /bla/resoluciones/resoluciones%202009/2102.pdf HTTP/1.1" 200 645954
66.249.81.195 - - [12/Jan/2015:11:50:16 -0500] "GET /galeria/nivo-slider/demo/demo.html HTTP/1.1" 200 3150
66.249.81.192 - - [12/Jan/2015:11:50:17 -0500] "GET /galeria/nivo-slider/themes/pascal/pascal.css HTTP/1.1" 200 2258
66.249.81.189 - - [12/Jan/2015:11:50:17 -0500] "GET /galeria/nivo-slider/themes/default/default.css HTTP/1.1" 200 1569
66.249.81.195 - - [12/Jan/2015:11:50:17 -0500] "GET /galeria/nivo-slider/demo/images/ecolecta-Dic2014.png HTTP/1.1" 200 288593
66.249.81.189 - - [12/Jan/2015:11:50:17 -0500] "GET /galeria/nivo-slider/demo/images/porloshumedales.jpg HTTP/1.1" 200 351238
66.249.81.189 - - [12/Jan/2015:11:50:17 -0500] "GET /galeria/nivo-slider/demo/images/Tingua-azul.jpg HTTP/1.1" 200 307638
66.249.81.195 - - [12/Jan/2015:11:50:17 -0500] "GET /galeria/nivo-slider/themes/orman/orman.css HTTP/1.1" 200 2152
66.249.81.195 - - [12/Jan/2015:11:50:17 -0500] "GET /galeria/nivo-slider/demo/style.css HTTP/1.1" 200 2222
66.249.81.195 - - [12/Jan/2015:11:50:17 -0500] "GET /galeria/nivo-slider/jquery.nivo.slider.pack.js HTTP/1.1" 200 11561
66.249.81.192 - - [12/Jan/2015:11:50:17 -0500] "GET /galeria/nivo-slider/demo/images/banner-llantas2.jpg HTTP/1.1" 200 73153
66.249.81.192 - - [12/Jan/2015:11:50:17 -0500] "GET /galeria/nivo-slider/demo/images/banner-caballos.png HTTP/1.1" 200 389106
66.249.81.192 - - [12/Jan/2015:11:50:17 -0500] "GET /galeria/nivo-slider/demo/images/bolsas-06.jpg HTTP/1.1" 200 90982
66.249.81.192 - - [12/Jan/2015:11:50:17 -0500] "GET /galeria/nivo-slider/demo/images/bolsas-08.jpg HTTP/1.1" 200 85589
66.249.81.192 - - [12/Jan/2015:11:50:17 -0500] "GET /galeria/nivo-slider/nivo-slider.css HTTP/1.1" 200 1507
66.249.81.192 - - [12/Jan/2015:11:50:17 -0500] "GET /galeria/nivo-slider/demo/scripts/jquery-1.7.1.min.js HTTP/1.1" 200 93868
66.249.81.192 - - [12/Jan/2015:11:50:17 -0500] "GET /galeria/nivo-slider/demo/images/Ruta-vertimientos-01.jpg HTTP/1.1" 200 130151
66.249.81.192 - - [12/Jan/2015:11:50:17 -0500] "GET /galeria/nivo-slider/demo/images/Banner-Caracol-Africano.jpg HTTP/1.1" 200 331986
66.249.81.195 - - [12/Jan/2015:11:50:17 -0500] "GET /galeria/nivo-slider/demo/images/banner-redes.jpg HTTP/1.1" 200 62209
66.249.81.195 - - [12/Jan/2015:11:50:17 -0500] "GET /galeria/nivo-slider/demo/images/9Signos.jpg HTTP/1.1" 200 93040
66.249.81.192 - - [12/Jan/2015:11:50:17 -0500] "GET /galeria/nivo-slider/themes/default/loading.gif HTTP/1.1" 200 1737
66.249.81.195 - - [12/Jan/2015:11:50:17 -0500] "GET /galeria/nivo-slider/demo/images/4Simple_Slider.png HTTP/1.1" 200 11722
66.249.67.111 - - [12/Jan/2015:11:50:19 -0500] "GET /PORTAL_SIAC/swf/Residuos/farmaceutica/files/search/searchtext.xml HTTP/1.1" 304 -
190.156.91.79 - - [12/Jan/2015:11:50:19 -0500] "POST /forms/lservlet;jsessionid=ac16012b30d5b9c7596d463549dcbb039173fc01d604.e3iSbxaKaheRe34SahiRb30Pchr0n6jAmljGr5XDqQLvpAe HTTP/1.1" 200 2
66.249.81.189 - - [12/Jan/2015:11:50:22 -0500] "GET /galeria/nivo-slider/themes/default/arrows.png HTTP/1.1" 200 824
66.249.81.192 - - [12/Jan/2015:11:50:22 -0500] "GET /galeria/nivo-slider/themes/default/bullets.png HTTP/1.1" 200 1281
186.116.246.155 - - [12/Jan/2015:11:50:27 -0500] "GET /BLA/boletinlegal/js/jquery.js HTTP/1.1" 200 57254
186.116.246.155 - - [12/Jan/2015:11:50:27 -0500] "GET /BLA/boletinlegal/js/jquery.scrollTo-min.js HTTP/1.1" 200 1150
186.116.246.155 - - [12/Jan/2015:11:50:27 -0500] "GET /BLA/boletinlegal/js/jquery.scrollShow.js HTTP/1.1" 200 4586
186.116.246.155 - - [12/Jan/2015:11:50:27 -0500] "GET /galeria/carrusel/Carrusel/jquery.thumbnailScroller.css HTTP/1.1" 200 2066
186.116.246.155 - - [12/Jan/2015:11:50:27 -0500] "GET /galeria/carrusel/Carrusel/jquery-ui-1.8.13.custom.min.js HTTP/1.1" 200 10800
186.116.246.155 - - [12/Jan/2015:11:50:28 -0500] "GET /galeria/carrusel/Carrusel/jquery.thumbnailScroller.js HTTP/1.1" 200 8157
186.116.246.155 - - [12/Jan/2015:11:50:31 -0500] "GET /galeria/nivo-slider/demo/demo.html HTTP/1.1" 200 3150
186.116.246.155 - - [12/Jan/2015:11:50:32 -0500] "GET /galeria/nivo-slider/themes/default/default.css HTTP/1.1" 200 1569
186.116.246.155 - - [12/Jan/2015:11:50:32 -0500] "GET /galeria/nivo-slider/themes/pascal/pascal.css HTTP/1.1" 200 2258
186.116.246.155 - - [12/Jan/2015:11:50:32 -0500] "GET /galeria/nivo-slider/themes/orman/orman.css HTTP/1.1" 200 2152
186.116.246.155 - - [12/Jan/2015:11:50:32 -0500] "GET /galeria/nivo-slider/nivo-slider.css HTTP/1.1" 200 1507
186.116.246.155 - - [12/Jan/2015:11:50:32 -0500] "GET /galeria/nivo-slider/demo/style.css HTTP/1.1" 200 2222
186.116.246.155 - - [12/Jan/2015:11:50:32 -0500] "GET /galeria/nivo-slider/demo/images/bolsas-08.jpg HTTP/1.1" 200 85589
186.116.246.155 - - [12/Jan/2015:11:50:32 -0500] "GET /galeria/nivo-slider/demo/images/Ruta-vertimientos-01.jpg HTTP/1.1" 200 130151
186.116.246.155 - - [12/Jan/2015:11:50:32 -0500] "GET /galeria/nivo-slider/demo/images/bolsas-06.jpg HTTP/1.1" 200 90982
186.116.246.155 - - [12/Jan/2015:11:50:32 -0500] "GET /galeria/nivo-slider/demo/images/ecolecta-Dic2014.png HTTP/1.1" 200 288593
186.116.246.155 - - [12/Jan/2015:11:50:32 -0500] "GET /galeria/nivo-slider/demo/images/porloshumedales.jpg HTTP/1.1" 200 351238
186.116.246.155 - - [12/Jan/2015:11:50:33 -0500] "GET /galeria/nivo-slider/demo/images/Tingua-azul.jpg HTTP/1.1" 200 307638
186.116.246.155 - - [12/Jan/2015:11:50:35 -0500] "GET /galeria/nivo-slider/demo/images/Banner-Caracol-Africano.jpg HTTP/1.1" 200 331986
186.116.246.155 - - [12/Jan/2015:11:50:35 -0500] "GET /galeria/nivo-slider/demo/images/banner-redes.jpg HTTP/1.1" 200 62209
186.116.246.155 - - [12/Jan/2015:11:50:35 -0500] "GET /galeria/nivo-slider/demo/images/9Signos.jpg HTTP/1.1" 200 93040
186.116.246.155 - - [12/Jan/2015:11:50:35 -0500] "GET /galeria/nivo-slider/demo/images/banner-llantas2.jpg HTTP/1.1" 200 73153
186.116.246.155 - - [12/Jan/2015:11:50:36 -0500] "GET /galeria/nivo-slider/demo/images/banner-caballos.png HTTP/1.1" 200 389106
186.116.246.155 - - [12/Jan/2015:11:50:38 -0500] "GET /galeria/nivo-slider/demo/scripts/jquery-1.7.1.min.js HTTP/1.1" 200 93868
186.116.246.155 - - [12/Jan/2015:11:50:38 -0500] "GET /galeria/nivo-slider/jquery.nivo.slider.pack.js HTTP/1.1" 200 11561
186.116.246.155 - - [12/Jan/2015:11:50:39 -0500] "GET /galeria/nivo-slider/demo/images/4Simple_Slider.png HTTP/1.1" 200 11722
186.116.246.155 - - [12/Jan/2015:11:50:40 -0500] "GET /galeria/nivo-slider/themes/default/loading.gif HTTP/1.1" 200 1737
186.29.203.131 - - [12/Jan/2015:11:50:47 -0500] "POST /forms/lservlet;jsessionid=ac16012b30d5b10e4f29f1924fbb8a83aef930aaa7e9.e3iSbxaKaheRe34SahiRb30Pchr0n6jAmljGr5XDqQLvpAe HTTP/1.1" 200 2
66.249.67.111 - - [12/Jan/2015:11:50:48 -0500] "GET /Autoliquidacion/index.php?dir=TR%C1MITES+AGUAS+SUBTERR%C1NEAS%2F126PM04-PR93-PR%D3RROGA+CONCESI%D3N+AGUAS+SUBTERR%C1NEAS%2F HTTP/1.1" 200 2907
186.116.246.155 - - [12/Jan/2015:11:50:48 -0500] "GET /galeria/nivo-slider/themes/default/arrows.png HTTP/1.1" 200 824
186.116.246.155 - - [12/Jan/2015:11:50:48 -0500] "GET /galeria/nivo-slider/themes/default/bullets.png HTTP/1.1" 200 1281
180.76.5.69 - - [12/Jan/2015:11:50:51 -0500] "GET /BLA/resoluciones/RESOLUCIONES%202009/2540.pdf HTTP/1.1" 200 356905
190.243.176.215 - - [12/Jan/2015:11:51:08 -0500] "GET /galeria/carrusel/Carrusel/jquery.thumbnailScroller.js HTTP/1.1" 200 8157
190.243.176.215 - - [12/Jan/2015:11:51:08 -0500] "GET /galeria/carrusel/Carrusel/jquery.thumbnailScroller.css HTTP/1.1" 200 2066
190.243.176.215 - - [12/Jan/2015:11:51:08 -0500] "GET /galeria/carrusel/Carrusel/jquery-ui-1.8.13.custom.min.js HTTP/1.1" 200 10800
190.243.176.215 - - [12/Jan/2015:11:51:09 -0500] "GET /galeria/nivo-slider/demo/demo.html HTTP/1.1" 200 3150
190.243.176.215 - - [12/Jan/2015:11:51:09 -0500] "GET /galeria/nivo-slider/themes/pascal/pascal.css HTTP/1.1" 200 2258
190.243.176.215 - - [12/Jan/2015:11:51:09 -0500] "GET /galeria/nivo-slider/themes/default/default.css HTTP/1.1" 200 1569
190.243.176.215 - - [12/Jan/2015:11:51:09 -0500] "GET /galeria/nivo-slider/themes/orman/orman.css HTTP/1.1" 200 2152
190.243.176.215 - - [12/Jan/2015:11:51:09 -0500] "GET /galeria/nivo-slider/demo/style.css HTTP/1.1" 200 2222
190.243.176.215 - - [12/Jan/2015:11:51:09 -0500] "GET /galeria/nivo-slider/demo/scripts/jquery-1.7.1.min.js HTTP/1.1" 200 93868
190.243.176.215 - - [12/Jan/2015:11:51:09 -0500] "GET /galeria/nivo-slider/nivo-slider.css HTTP/1.1" 200 1507
190.243.176.215 - - [12/Jan/2015:11:51:10 -0500] "GET /galeria/nivo-slider/demo/images/bolsas-08.jpg HTTP/1.1" 200 85589
190.243.176.215 - - [12/Jan/2015:11:51:10 -0500] "GET /galeria/nivo-slider/demo/images/bolsas-06.jpg HTTP/1.1" 200 90982
190.243.176.215 - - [12/Jan/2015:11:51:10 -0500] "GET /galeria/nivo-slider/jquery.nivo.slider.pack.js HTTP/1.1" 200 11561
190.243.176.215 - - [12/Jan/2015:11:51:10 -0500] "GET /galeria/nivo-slider/demo/images/Ruta-vertimientos-01.jpg HTTP/1.1" 200 130151
190.243.176.215 - - [12/Jan/2015:11:51:10 -0500] "GET /galeria/nivo-slider/demo/images/ecolecta-Dic2014.png HTTP/1.1" 200 288593
190.243.176.215 - - [12/Jan/2015:11:51:10 -0500] "GET /galeria/nivo-slider/demo/images/porloshumedales.jpg HTTP/1.1" 200 351238
190.243.176.215 - - [12/Jan/2015:11:51:11 -0500] "GET /galeria/nivo-slider/themes/default/loading.gif HTTP/1.1" 200 1737
190.243.176.215 - - [12/Jan/2015:11:51:11 -0500] "GET /galeria/nivo-slider/demo/images/4Simple_Slider.png HTTP/1.1" 200 11722
190.243.176.215 - - [12/Jan/2015:11:51:11 -0500] "GET /galeria/nivo-slider/demo/images/banner-redes.jpg HTTP/1.1" 200 62209
190.243.176.215 - - [12/Jan/2015:11:51:12 -0500] "GET /galeria/nivo-slider/demo/images/Banner-Caracol-Africano.jpg HTTP/1.1" 200 331986
190.243.176.215 - - [12/Jan/2015:11:51:12 -0500] "GET /galeria/nivo-slider/demo/images/Tingua-azul.jpg HTTP/1.1" 200 307638
190.243.176.215 - - [12/Jan/2015:11:51:12 -0500] "GET /galeria/nivo-slider/demo/images/9Signos.jpg HTTP/1.1" 200 93040
190.243.176.215 - - [12/Jan/2015:11:51:12 -0500] "GET /galeria/nivo-slider/demo/images/banner-llantas2.jpg HTTP/1.1" 200 73153
190.243.176.215 - - [12/Jan/2015:11:51:12 -0500] "GET /galeria/nivo-slider/demo/images/banner-caballos.png HTTP/1.1" 200 389106
66.249.67.103 - - [12/Jan/2015:11:51:17 -0500] "GET /Autoliquidacion/index.php?dir=Cobro+Clasificacion+Uso+De+Vivenda+En+Suelo+Restringido%2F HTTP/1.1" 200 3195
190.243.176.215 - - [12/Jan/2015:11:51:19 -0500] "GET /videos/Spot_CambioClimatico.flv HTTP/1.1" 200 4371917
190.243.176.215 - - [12/Jan/2015:11:51:21 -0500] "GET /galeria/nivo-slider/themes/default/arrows.png HTTP/1.1" 200 824
190.243.176.215 - - [12/Jan/2015:11:51:21 -0500] "GET /galeria/nivo-slider/themes/default/bullets.png HTTP/1.1" 200 1281
207.46.13.133 - - [12/Jan/2015:11:51:33 -0500] "GET /BLA/resoluciones/RESOLUCIONES%202009/0868.pdf HTTP/1.1" 200 378581
66.249.67.75 - - [12/Jan/2015:11:51:46 -0500] "GET /BLA/resoluciones/index.php?dir=RESOLUCIONES+2007%2FRES+2007+3301+AL+3400%2F HTTP/1.1" 200 26620
188.165.15.66 - - [12/Jan/2015:11:52:10 -0500] "GET /BLA/resoluciones/index.php?dir=RESOLUCIONES%202003/RES%202003%201101-1150/&sort=date&order=desc HTTP/1.1" 200 11571
186.84.44.58 - - [12/Jan/2015:11:52:11 -0500] "POST /forms/lservlet;jsessionid=ac16012b30d5119b3910b34c44c69c548c7d89a14328.e3iSbxaKaheRe34SahiRb30Pchr0n6jAmljGr5XDqQLvpAe HTTP/1.1" 200 2
66.249.67.83 - - [12/Jan/2015:11:52:14 -0500] "GET /BLA/resoluciones/RESOLUCIONES%202007/RES%202007%20701%20AL%20800/RESOLUCION%200705%20DE%202007.pdf HTTP/1.1" 304 -
190.156.91.79 - - [12/Jan/2015:11:52:20 -0500] "POST /forms/lservlet;jsessionid=ac16012b30d5b9c7596d463549dcbb039173fc01d604.e3iSbxaKaheRe34SahiRb30Pchr0n6jAmljGr5XDqQLvpAe HTTP/1.1" 200 2
186.82.190.113 - - [12/Jan/2015:11:52:40 -0500] "GET /crossdomain.xml HTTP/1.1" 404 1120
186.82.190.113 - - [12/Jan/2015:11:52:40 -0500] "GET /arcgis/services/Calidad_del_Agua_WQI/MapServer/WMSServer?TRANSPARENT=TRUE&VERSION=1%2E1%2E1&STYLES=&WIDTH=1366&LAYERS=3%2C4%2C5%2C6%2C7&BBOX=%2D74%2E05557658070205%2C4%2E708224706095696%2C%2D74%2E04907589323412%2C4%2E711122889600797&HEIGHT=609&SERVICE=WMS&SRS=EPSG%3A4686&REQUEST=GetMap&FORMAT=image%2Fpng HTTP/1.1" 200 4677
66.249.67.75 - - [12/Jan/2015:11:52:43 -0500] "GET /BLA/resoluciones/RESOLUCIONES%202013/1300.pdf HTTP/1.1" 200 564371
186.29.203.131 - - [12/Jan/2015:11:52:47 -0500] "POST /forms/lservlet;jsessionid=ac16012b30d5b10e4f29f1924fbb8a83aef930aaa7e9.e3iSbxaKaheRe34SahiRb30Pchr0n6jAmljGr5XDqQLvpAe HTTP/1.1" 200 2
180.76.5.151 - - [12/Jan/2015:11:52:49 -0500] "GET /BLA/resoluciones/RESOLUCIONES%202008/1892.pdf HTTP/1.1" 200 195528
157.55.39.23 - - [12/Jan/2015:11:53:00 -0500] "GET /BLA/resoluciones/AUTOS%202012/2900.pdf HTTP/1.1" 200 456563
66.249.67.83 - - [12/Jan/2015:11:53:12 -0500] "GET /BLA/resoluciones/AUTOS%202009/1900.pdf HTTP/1.1" 200 203877
66.249.67.119 - - [12/Jan/2015:11:53:40 -0500] "GET /PruebasSTORM/StormSDA_pruebas/userFiles/user_files/91/desasociaFormula.xml HTTP/1.1" 200 58
66.249.67.67 - - [12/Jan/2015:11:53:41 -0500] "GET /BLA/resoluciones/RESOLUCIONES%202010/7677.pdf HTTP/1.1" 200 498034
74.86.158.107 - - [12/Jan/2015:11:53:51 -0500] "HEAD / HTTP/1.1" 302 -
188.165.15.15 - - [12/Jan/2015:11:53:54 -0500] "GET /BLA/resoluciones/RESOLUCIONES%202004/RES%202004%201251-1300/00001275.tif HTTP/1.1" 200 105136
66.249.67.83 - - [12/Jan/2015:11:54:09 -0500] "GET /BLA/resoluciones/RESOLUCIONES%202010/2762.pdf HTTP/1.1" 200 497429
186.84.44.58 - - [12/Jan/2015:11:54:11 -0500] "POST /forms/lservlet;jsessionid=ac16012b30d5119b3910b34c44c69c548c7d89a14328.e3iSbxaKaheRe34SahiRb30Pchr0n6jAmljGr5XDqQLvpAe HTTP/1.1" 200 2
188.165.15.66 - - [12/Jan/2015:11:54:19 -0500] "GET /BLA/resoluciones/RESOLUCIONES%202003/RES%202003%201501-1550/20031508.tif HTTP/1.1" 200 89608
190.156.91.79 - - [12/Jan/2015:11:54:20 -0500] "POST /forms/lservlet;jsessionid=ac16012b30d5b9c7596d463549dcbb039173fc01d604.e3iSbxaKaheRe34SahiRb30Pchr0n6jAmljGr5XDqQLvpAe HTTP/1.1" 200 2
157.55.39.22 - - [12/Jan/2015:11:54:27 -0500] "GET /BLA/resoluciones/RESOLUCIONES%202008/1125.pdf HTTP/1.1" 200 67097
66.249.67.67 - - [12/Jan/2015:11:54:38 -0500] "GET /BLA/resoluciones/RESOLUCIONES%202009/0255.pdf HTTP/1.1" 200 703581
186.29.203.131 - - [12/Jan/2015:11:54:47 -0500] "POST /forms/lservlet;jsessionid=ac16012b30d5b10e4f29f1924fbb8a83aef930aaa7e9.e3iSbxaKaheRe34SahiRb30Pchr0n6jAmljGr5XDqQLvpAe HTTP/1.1" 200 2
186.154.70.227 - - [12/Jan/2015:11:55:02 -0500] "GET /BLA/boletinlegal/js/jquery.scrollTo-min.js HTTP/1.1" 200 1150
186.154.70.227 - - [12/Jan/2015:11:55:03 -0500] "GET /BLA/boletinlegal/js/jquery.js HTTP/1.1" 200 57254
186.154.70.227 - - [12/Jan/2015:11:55:03 -0500] "GET /BLA/boletinlegal/js/jquery.scrollShow.js HTTP/1.1" 200 4586
186.154.70.227 - - [12/Jan/2015:11:55:04 -0500] "GET /galeria/carrusel/Carrusel/jquery.thumbnailScroller.css HTTP/1.1" 200 2066
186.154.70.227 - - [12/Jan/2015:11:55:04 -0500] "GET /galeria/carrusel/Carrusel/jquery-ui-1.8.13.custom.min.js HTTP/1.1" 200 10800
186.154.70.227 - - [12/Jan/2015:11:55:05 -0500] "GET /galeria/carrusel/Carrusel/jquery.thumbnailScroller.js HTTP/1.1" 200 8157
66.249.67.67 - - [12/Jan/2015:11:55:07 -0500] "GET /BLA/resoluciones/RESOLUCIONES%202009/0329.pdf HTTP/1.1" 200 286107
186.154.70.227 - - [12/Jan/2015:11:55:07 -0500] "GET /galeria/nivo-slider/demo/demo.html HTTP/1.1" 200 3150
186.154.70.227 - - [12/Jan/2015:11:55:09 -0500] "GET /galeria/nivo-slider/themes/default/default.css HTTP/1.1" 200 1569
186.154.70.227 - - [12/Jan/2015:11:55:09 -0500] "GET /galeria/nivo-slider/themes/pascal/pascal.css HTTP/1.1" 200 2258
186.154.70.227 - - [12/Jan/2015:11:55:09 -0500] "GET /galeria/nivo-slider/themes/orman/orman.css HTTP/1.1" 200 2152
186.154.70.227 - - [12/Jan/2015:11:55:09 -0500] "GET /galeria/nivo-slider/nivo-slider.css HTTP/1.1" 200 1507
186.154.70.227 - - [12/Jan/2015:11:55:09 -0500] "GET /galeria/nivo-slider/demo/style.css HTTP/1.1" 200 2222
186.154.70.227 - - [12/Jan/2015:11:55:09 -0500] "GET /galeria/nivo-slider/demo/scripts/jquery-1.7.1.min.js HTTP/1.1" 200 93868
186.154.70.227 - - [12/Jan/2015:11:55:10 -0500] "GET /galeria/nivo-slider/jquery.nivo.slider.pack.js HTTP/1.1" 200 11561
186.154.70.227 - - [12/Jan/2015:11:55:10 -0500] "GET /galeria/nivo-slider/demo/images/bolsas-08.jpg HTTP/1.1" 200 85589
186.154.70.227 - - [12/Jan/2015:11:55:10 -0500] "GET /galeria/nivo-slider/demo/images/Ruta-vertimientos-01.jpg HTTP/1.1" 200 130151
186.154.70.227 - - [12/Jan/2015:11:55:10 -0500] "GET /galeria/nivo-slider/demo/images/bolsas-06.jpg HTTP/1.1" 200 90982
186.154.70.227 - - [12/Jan/2015:11:55:10 -0500] "GET /galeria/nivo-slider/themes/default/loading.gif HTTP/1.1" 200 1737
186.154.70.227 - - [12/Jan/2015:11:55:10 -0500] "GET /galeria/nivo-slider/demo/images/4Simple_Slider.png HTTP/1.1" 200 11722
186.154.70.227 - - [12/Jan/2015:11:55:10 -0500] "GET /galeria/nivo-slider/demo/images/ecolecta-Dic2014.png HTTP/1.1" 200 288593
186.154.70.227 - - [12/Jan/2015:11:55:10 -0500] "GET /galeria/nivo-slider/demo/images/porloshumedales.jpg HTTP/1.1" 200 351238
186.154.70.227 - - [12/Jan/2015:11:55:10 -0500] "GET /galeria/nivo-slider/demo/images/Tingua-azul.jpg HTTP/1.1" 200 307638
186.154.70.227 - - [12/Jan/2015:11:55:10 -0500] "GET /galeria/nivo-slider/demo/images/Banner-Caracol-Africano.jpg HTTP/1.1" 200 331986
186.154.70.227 - - [12/Jan/2015:11:55:10 -0500] "GET /galeria/nivo-slider/demo/images/banner-redes.jpg HTTP/1.1" 200 62209
186.154.70.227 - - [12/Jan/2015:11:55:10 -0500] "GET /galeria/nivo-slider/demo/images/9Signos.jpg HTTP/1.1" 200 93040
201.184.118.168 - - [12/Jan/2015:11:55:11 -0500] "GET /galeria/nivo-slider/demo/demo.html HTTP/1.1" 304 -
201.184.118.168 - - [12/Jan/2015:11:55:11 -0500] "GET /galeria/nivo-slider/themes/default/default.css HTTP/1.1" 304 -
201.184.118.168 - - [12/Jan/2015:11:55:11 -0500] "GET /galeria/nivo-slider/demo/images/bolsas-08.jpg HTTP/1.1" 304 -
201.184.118.168 - - [12/Jan/2015:11:55:11 -0500] "GET /galeria/nivo-slider/demo/images/Ruta-vertimientos-01.jpg HTTP/1.1" 304 -
201.184.118.168 - - [12/Jan/2015:11:55:11 -0500] "GET /galeria/nivo-slider/demo/images/bolsas-06.jpg HTTP/1.1" 304 -
201.184.118.168 - - [12/Jan/2015:11:55:11 -0500] "GET /galeria/nivo-slider/demo/images/ecolecta-Dic2014.png HTTP/1.1" 304 -
201.184.118.168 - - [12/Jan/2015:11:55:11 -0500] "GET /galeria/nivo-slider/demo/images/porloshumedales.jpg HTTP/1.1" 304 -
201.184.118.168 - - [12/Jan/2015:11:55:11 -0500] "GET /galeria/nivo-slider/demo/images/banner-redes.jpg HTTP/1.1" 304 -
186.154.70.227 - - [12/Jan/2015:11:55:11 -0500] "GET /galeria/nivo-slider/demo/images/banner-llantas2.jpg HTTP/1.1" 200 73153
186.154.70.227 - - [12/Jan/2015:11:55:11 -0500] "GET /galeria/nivo-slider/demo/images/banner-caballos.png HTTP/1.1" 200 389106
186.154.70.227 - - [12/Jan/2015:11:55:14 -0500] "GET /galeria/nivo-slider/themes/default/arrows.png HTTP/1.1" 200 824
186.154.70.227 - - [12/Jan/2015:11:55:14 -0500] "GET /galeria/nivo-slider/themes/default/bullets.png HTTP/1.1" 200 1281
186.154.70.227 - - [12/Jan/2015:11:55:14 -0500] "GET /videos/Spot_CambioClimatico.flv HTTP/1.1" 200 4371917
186.145.54.44 - - [12/Jan/2015:11:55:32 -0500] "GET /BLA/boletinlegal/js/jquery.js HTTP/1.1" 200 57254
186.145.54.44 - - [12/Jan/2015:11:55:32 -0500] "GET /BLA/boletinlegal/js/jquery.scrollShow.js HTTP/1.1" 200 4586
186.145.54.44 - - [12/Jan/2015:11:55:32 -0500] "GET /galeria/carrusel/Carrusel/jquery.thumbnailScroller.css HTTP/1.1" 200 2066
186.145.54.44 - - [12/Jan/2015:11:55:32 -0500] "GET /BLA/boletinlegal/js/jquery.scrollTo-min.js HTTP/1.1" 200 1150
186.145.54.44 - - [12/Jan/2015:11:55:32 -0500] "GET /galeria/carrusel/Carrusel/jquery-ui-1.8.13.custom.min.js HTTP/1.1" 200 10800
186.145.54.44 - - [12/Jan/2015:11:55:32 -0500] "GET /galeria/carrusel/Carrusel/jquery.thumbnailScroller.js HTTP/1.1" 200 8157
186.145.54.44 - - [12/Jan/2015:11:55:34 -0500] "GET /galeria/nivo-slider/demo/demo.html HTTP/1.1" 200 3150
186.145.54.44 - - [12/Jan/2015:11:55:34 -0500] "GET /galeria/nivo-slider/themes/default/default.css HTTP/1.1" 200 1569
186.145.54.44 - - [12/Jan/2015:11:55:34 -0500] "GET /galeria/nivo-slider/themes/pascal/pascal.css HTTP/1.1" 200 2258
186.145.54.44 - - [12/Jan/2015:11:55:34 -0500] "GET /galeria/nivo-slider/themes/orman/orman.css HTTP/1.1" 200 2152
186.145.54.44 - - [12/Jan/2015:11:55:34 -0500] "GET /galeria/nivo-slider/nivo-slider.css HTTP/1.1" 200 1507
186.145.54.44 - - [12/Jan/2015:11:55:34 -0500] "GET /galeria/nivo-slider/demo/style.css HTTP/1.1" 200 2222
186.145.54.44 - - [12/Jan/2015:11:55:34 -0500] "GET /galeria/nivo-slider/demo/scripts/jquery-1.7.1.min.js HTTP/1.1" 200 93868
186.145.54.44 - - [12/Jan/2015:11:55:34 -0500] "GET /galeria/nivo-slider/jquery.nivo.slider.pack.js HTTP/1.1" 200 11561
186.145.54.44 - - [12/Jan/2015:11:55:34 -0500] "GET /galeria/nivo-slider/demo/images/Ruta-vertimientos-01.jpg HTTP/1.1" 200 130151
186.145.54.44 - - [12/Jan/2015:11:55:34 -0500] "GET /galeria/nivo-slider/demo/images/bolsas-08.jpg HTTP/1.1" 200 85589
186.145.54.44 - - [12/Jan/2015:11:55:34 -0500] "GET /galeria/nivo-slider/demo/images/ecolecta-Dic2014.png HTTP/1.1" 200 288593
186.145.54.44 - - [12/Jan/2015:11:55:34 -0500] "GET /galeria/nivo-slider/demo/images/banner-redes.jpg HTTP/1.1" 200 62209
186.145.54.44 - - [12/Jan/2015:11:55:34 -0500] "GET /galeria/nivo-slider/demo/images/porloshumedales.jpg HTTP/1.1" 200 351238
186.145.54.44 - - [12/Jan/2015:11:55:34 -0500] "GET /galeria/nivo-slider/demo/images/9Signos.jpg HTTP/1.1" 200 93040
186.145.54.44 - - [12/Jan/2015:11:55:34 -0500] "GET /galeria/nivo-slider/demo/images/bolsas-06.jpg HTTP/1.1" 200 90982
186.145.54.44 - - [12/Jan/2015:11:55:34 -0500] "GET /galeria/nivo-slider/demo/images/Banner-Caracol-Africano.jpg HTTP/1.1" 200 331986
186.145.54.44 - - [12/Jan/2015:11:55:34 -0500] "GET /galeria/nivo-slider/demo/images/Tingua-azul.jpg HTTP/1.1" 200 307638
186.145.54.44 - - [12/Jan/2015:11:55:35 -0500] "GET /galeria/nivo-slider/demo/images/4Simple_Slider.png HTTP/1.1" 200 11722
186.145.54.44 - - [12/Jan/2015:11:55:35 -0500] "GET /galeria/nivo-slider/themes/default/loading.gif HTTP/1.1" 200 1737
186.145.54.44 - - [12/Jan/2015:11:55:34 -0500] "GET /galeria/nivo-slider/demo/images/banner-caballos.png HTTP/1.1" 200 389106
66.249.67.67 - - [12/Jan/2015:11:55:36 -0500] "GET /BLA/resoluciones/RESOLUCIONES%202008/3070.pdf HTTP/1.1" 200 334302
186.145.54.44 - - [12/Jan/2015:11:55:34 -0500] "GET /galeria/nivo-slider/demo/images/banner-llantas2.jpg HTTP/1.1" 200 73153
186.145.54.44 - - [12/Jan/2015:11:55:36 -0500] "GET /galeria/nivo-slider/themes/default/arrows.png HTTP/1.1" 200 824
186.145.54.44 - - [12/Jan/2015:11:55:37 -0500] "GET /galeria/nivo-slider/themes/default/bullets.png HTTP/1.1" 200 1281
186.82.190.113 - - [12/Jan/2015:11:55:42 -0500] "GET /crossdomain.xml HTTP/1.1" 404 1120
186.82.190.113 - - [12/Jan/2015:11:55:42 -0500] "GET /arcgis/services/Calidad_del_Agua_WQI/MapServer/WMSServer?TRANSPARENT=TRUE&VERSION=1%2E1%2E1&STYLES=&WIDTH=1366&LAYERS=3%2C4%2C5%2C6%2C7&BBOX=%2D74%2E05618134671438%2C4%2E7083287086374375%2C%2D74%2E04968065924645%2C4%2E711226892142538&HEIGHT=609&SERVICE=WMS&SRS=EPSG%3A4686&REQUEST=GetMap&FORMAT=image%2Fpng HTTP/1.1" 200 4677
66.249.67.67 - - [12/Jan/2015:11:56:04 -0500] "GET /BLA/resoluciones/RESOLUCIONES%202008/5225.pdf HTTP/1.1" 200 331569
186.84.44.58 - - [12/Jan/2015:11:56:11 -0500] "POST /forms/lservlet;jsessionid=ac16012b30d5119b3910b34c44c69c548c7d89a14328.e3iSbxaKaheRe34SahiRb30Pchr0n6jAmljGr5XDqQLvpAe HTTP/1.1" 200 2
157.55.39.22 - - [12/Jan/2015:11:56:22 -0500] "GET /BLA/resoluciones/RESOLUCIONES%202007/RES%202007%20901%20AL%201000/RESOLUCION%200992%20DE%202007.pdf HTTP/1.1" 200 585333
190.156.91.79 - - [12/Jan/2015:11:56:23 -0500] "POST /forms/lservlet;jsessionid=ac16012b30d5b9c7596d463549dcbb039173fc01d604.e3iSbxaKaheRe34SahiRb30Pchr0n6jAmljGr5XDqQLvpAe HTTP/1.1" 200 2
66.249.67.83 - - [12/Jan/2015:11:56:33 -0500] "GET /BLA/resoluciones/RESOLUCIONES%202008/2214.pdf HTTP/1.1" 200 457013
66.249.88.213 - - [12/Jan/2015:11:56:37 -0500] "GET /BLA/boletinlegal/js/jquery.js HTTP/1.1" 200 57254
66.249.88.211 - - [12/Jan/2015:11:56:37 -0500] "GET /BLA/boletinlegal/js/jquery.scrollShow.js HTTP/1.1" 200 4586
66.249.88.213 - - [12/Jan/2015:11:56:37 -0500] "GET /BLA/boletinlegal/js/jquery.scrollTo-min.js HTTP/1.1" 200 1150
186.29.203.131 - - [12/Jan/2015:11:56:47 -0500] "POST /forms/lservlet;jsessionid=ac16012b30d5b10e4f29f1924fbb8a83aef930aaa7e9.e3iSbxaKaheRe34SahiRb30Pchr0n6jAmljGr5XDqQLvpAe HTTP/1.1" 200 2
66.249.67.67 - - [12/Jan/2015:11:57:02 -0500] "GET /BLA/resoluciones/RESOLUCIONES%202009/6910.pdf HTTP/1.1" 200 103544
190.156.194.139 - - [12/Jan/2015:11:57:06 -0500] "GET /BLA/boletinlegal/js/jquery.scrollTo-min.js HTTP/1.1" 200 1150
190.156.194.139 - - [12/Jan/2015:11:57:06 -0500] "GET /BLA/boletinlegal/js/jquery.js HTTP/1.1" 200 57254
190.156.194.139 - - [12/Jan/2015:11:57:06 -0500] "GET /BLA/boletinlegal/js/jquery.scrollShow.js HTTP/1.1" 200 4586
190.156.194.139 - - [12/Jan/2015:11:57:06 -0500] "GET /galeria/carrusel/Carrusel/jquery.thumbnailScroller.css HTTP/1.1" 200 2066
190.156.194.139 - - [12/Jan/2015:11:57:06 -0500] "GET /galeria/carrusel/Carrusel/jquery-ui-1.8.13.custom.min.js HTTP/1.1" 200 10800
190.156.194.139 - - [12/Jan/2015:11:57:06 -0500] "GET /galeria/carrusel/Carrusel/jquery.thumbnailScroller.js HTTP/1.1" 200 8157
181.128.63.218 - - [12/Jan/2015:11:57:17 -0500] "GET /BLA/resoluciones/RESOLUCIONES%202009/1803.pdf HTTP/1.1" 200 613104
181.128.63.218 - - [12/Jan/2015:11:57:18 -0500] "GET /BLA/resoluciones/RESOLUCIONES%202009/1803.pdf HTTP/1.1" 206 32768
181.128.63.218 - - [12/Jan/2015:11:57:19 -0500] "GET /BLA/resoluciones/RESOLUCIONES%202009/1803.pdf HTTP/1.1" 206 580336
190.158.126.6 - - [12/Jan/2015:11:57:23 -0500] "GET /BLA/boletinlegal/js/jquery.js HTTP/1.1" 200 57254
190.158.126.6 - - [12/Jan/2015:11:57:23 -0500] "GET /BLA/boletinlegal/js/jquery.scrollTo-min.js HTTP/1.1" 200 1150
190.158.126.6 - - [12/Jan/2015:11:57:23 -0500] "GET /BLA/boletinlegal/js/jquery.scrollShow.js HTTP/1.1" 200 4586
181.128.63.218 - - [12/Jan/2015:11:57:28 -0500] "GET /favicon.ico HTTP/1.1" 200 7782
66.249.67.75 - - [12/Jan/2015:11:57:31 -0500] "GET /BLA/resoluciones/AUTOS%202014/1106.pdf HTTP/1.1" 200 334889
180.76.6.64 - - [12/Jan/2015:11:57:55 -0500] "GET /BLA/resoluciones/AUTOS%202011/3035.pdf HTTP/1.1" 200 111386
201.185.14.80 - - [12/Jan/2015:11:57:58 -0500] "GET /PruebasSTORM/StormSDA_pruebas/stormWeb/presentacion.html HTTP/1.1" 200 5109
201.185.14.80 - - [12/Jan/2015:11:57:58 -0500] "GET /PruebasSTORM/StormSDA_pruebas/stormWeb/img/alerta.png HTTP/1.1" 200 23856
201.185.14.80 - - [12/Jan/2015:11:57:58 -0500] "GET /PruebasSTORM/StormSDA_pruebas/stormWeb/img/descargar.png HTTP/1.1" 200 2450
201.185.14.80 - - [12/Jan/2015:11:57:58 -0500] "GET /PruebasSTORM/StormSDA_pruebas/stormWeb/img/version.gif HTTP/1.1" 200 29022
66.249.67.67 - - [12/Jan/2015:11:57:59 -0500] "GET /BLA/resoluciones/RESOLUCIONES%202010/0427.pdf HTTP/1.1" 200 434330
186.84.44.58 - - [12/Jan/2015:11:58:11 -0500] "POST /forms/lservlet;jsessionid=ac16012b30d5119b3910b34c44c69c548c7d89a14328.e3iSbxaKaheRe34SahiRb30Pchr0n6jAmljGr5XDqQLvpAe HTTP/1.1" 200 2
190.26.141.179 - - [12/Jan/2015:11:58:13 -0500] "GET /BLA/boletinlegal/js/jquery.js HTTP/1.1" 200 57254
190.26.141.179 - - [12/Jan/2015:11:58:13 -0500] "GET /BLA/boletinlegal/js/jquery.scrollTo-min.js HTTP/1.1" 200 1150
190.26.141.179 - - [12/Jan/2015:11:58:13 -0500] "GET /BLA/boletinlegal/js/jquery.scrollShow.js HTTP/1.1" 200 4586
190.84.185.167 - - [12/Jan/2015:11:58:23 -0500] "GET /forest/index2.jsp?_a=0.16019764565862715 HTTP/1.1" 200 12758
190.156.91.79 - - [12/Jan/2015:11:58:23 -0500] "POST /forms/lservlet;jsessionid=ac16012b30d5b9c7596d463549dcbb039173fc01d604.e3iSbxaKaheRe34SahiRb30Pchr0n6jAmljGr5XDqQLvpAe HTTP/1.1" 200 2
66.249.67.83 - - [12/Jan/2015:11:58:28 -0500] "GET /BLA/resoluciones/RESOLUCIONES%202009/5860.pdf HTTP/1.1" 200 520585
190.84.185.167 - - [12/Jan/2015:11:58:31 -0500] "POST /forest/login.do HTTP/1.1" 302 -
190.84.185.167 - - [12/Jan/2015:11:58:31 -0500] "GET /forest/index2.jsp?a=0.9044077869932394 HTTP/1.1" 200 123254
190.84.185.167 - - [12/Jan/2015:11:58:32 -0500] "GET /forest/session.jsp?a=0.5031902082264423 HTTP/1.1" 200 4
180.76.5.60 - - [12/Jan/2015:11:58:34 -0500] "GET /BLA/resoluciones/AUTOS%202012/0908.pdf HTTP/1.1" 200 386674
186.29.203.131 - - [12/Jan/2015:11:58:47 -0500] "POST /forms/lservlet;jsessionid=ac16012b30d5b10e4f29f1924fbb8a83aef930aaa7e9.e3iSbxaKaheRe34SahiRb30Pchr0n6jAmljGr5XDqQLvpAe HTTP/1.1" 200 2
186.30.160.155 - - [12/Jan/2015:11:58:50 -0500] "GET /BLA/resoluciones/RESOLUCIONES%202012/1593.pdf HTTP/1.1" 200 971589
186.30.160.155 - - [12/Jan/2015:11:58:51 -0500] "GET /BLA/resoluciones/RESOLUCIONES%202012/1593.pdf HTTP/1.1" 206 32768
186.30.160.155 - - [12/Jan/2015:11:58:51 -0500] "GET /BLA/resoluciones/RESOLUCIONES%202012/1593.pdf HTTP/1.1" 206 938821
74.86.158.107 - - [12/Jan/2015:11:58:51 -0500] "HEAD / HTTP/1.1" 302 -
207.46.13.113 - - [12/Jan/2015:11:58:55 -0500] "GET /bla/resoluciones/autos%202010/0845.pdf HTTP/1.1" 200 178021
207.46.13.113 - - [12/Jan/2015:11:58:56 -0500] "GET /bla/resoluciones/autos%202010/1281.pdf HTTP/1.1" 200 273605
66.249.67.83 - - [12/Jan/2015:11:58:57 -0500] "GET /BLA/resoluciones/RESOLUCIONES%202008/3716.pdf HTTP/1.1" 200 313605
207.46.13.113 - - [12/Jan/2015:11:59:06 -0500] "GET /BLA/resoluciones/AUTOS%202012/2139.pdf HTTP/1.1" 200 776738
180.76.6.58 - - [12/Jan/2015:11:59:12 -0500] "GET /BLA/boletinlegal;jsessionid=F5D3F9B4905096047A0D9B23F265644D?/? HTTP/1.1" 404 1018
66.249.67.83 - - [12/Jan/2015:11:59:19 -0500] "GET /BLA/resoluciones/AUTOS%202006/AUTOS%202006%203301%20-%203418/00003305.tif HTTP/1.1" 200 50494
66.249.67.67 - - [12/Jan/2015:11:59:26 -0500] "GET /BLA/resoluciones/RESOLUCIONES%202011/3720.pdf HTTP/1.1" 200 614536
201.245.215.234 - - [12/Jan/2015:11:59:51 -0500] "GET /BLA/boletinlegal/js/jquery.js HTTP/1.1" 200 57254
201.245.215.234 - - [12/Jan/2015:11:59:51 -0500] "GET /BLA/boletinlegal/js/jquery.scrollTo-min.js HTTP/1.1" 200 1150
201.245.215.234 - - [12/Jan/2015:11:59:51 -0500] "GET /BLA/boletinlegal/js/jquery.scrollShow.js HTTP/1.1" 200 4586
66.249.67.75 - - [12/Jan/2015:11:59:54 -0500] "GET /BLA/resoluciones/RESOLUCIONES%202009/1129.pdf HTTP/1.1" 304 -
186.84.44.58 - - [12/Jan/2015:12:00:11 -0500] "POST /forms/lservlet;jsessionid=ac16012b30d5119b3910b34c44c69c548c7d89a14328.e3iSbxaKaheRe34SahiRb30Pchr0n6jAmljGr5XDqQLvpAe HTTP/1.1" 200 2
190.156.91.79 - - [12/Jan/2015:12:00:23 -0500] "POST /forms/lservlet;jsessionid=ac16012b30d5b9c7596d463549dcbb039173fc01d604.e3iSbxaKaheRe34SahiRb30Pchr0n6jAmljGr5XDqQLvpAe HTTP/1.1" 200 2
66.249.67.83 - - [12/Jan/2015:12:00:23 -0500] "GET /BLA/resoluciones/AUTOS%202008/2042.pdf HTTP/1.1" 200 183345
186.29.203.131 - - [12/Jan/2015:12:00:47 -0500] "POST /forms/lservlet;jsessionid=ac16012b30d5b10e4f29f1924fbb8a83aef930aaa7e9.e3iSbxaKaheRe34SahiRb30Pchr0n6jAmljGr5XDqQLvpAe HTTP/1.1" 200 2
66.249.67.75 - - [12/Jan/2015:12:00:52 -0500] "GET /BLA/resoluciones/AUTOS%202008/0796.pdf HTTP/1.1" 200 264806
207.46.13.113 - - [12/Jan/2015:12:00:56 -0500] "GET /bla/resoluciones/autos%202010/5452.pdf HTTP/1.1" 200 373406
186.147.56.147 - - [12/Jan/2015:12:01:00 -0500] "GET /BLA/boletinlegal/js/jquery.js HTTP/1.1" 200 57254
186.147.56.147 - - [12/Jan/2015:12:01:00 -0500] "GET /BLA/boletinlegal/js/jquery.scrollShow.js HTTP/1.1" 200 4586
186.147.56.147 - - [12/Jan/2015:12:01:00 -0500] "GET /BLA/boletinlegal/js/jquery.scrollTo-min.js HTTP/1.1" 200 1150
188.165.15.237 - - [12/Jan/2015:12:01:19 -0500] "GET /BLA/resoluciones/index.php?dir=RESOLUCIONES%202004/RES%202004%20951-1000/&sort=size&order=desc HTTP/1.1" 200 12100
66.249.67.83 - - [12/Jan/2015:12:01:21 -0500] "GET /BLA/resoluciones/RESOLUCIONES%202011/1226.pdf HTTP/1.1" 200 525455
66.249.67.119 - - [12/Jan/2015:12:01:45 -0500] "GET /POT-2013/Cartografia/05_Remocion_V1_2013.pdf HTTP/1.1" 304 -
66.249.67.67 - - [12/Jan/2015:12:01:50 -0500] "GET /BLA/resoluciones/RESOLUCIONES%202009/8580.pdf HTTP/1.1" 200 500872
186.84.44.58 - - [12/Jan/2015:12:02:11 -0500] "POST /forms/lservlet;jsessionid=ac16012b30d5119b3910b34c44c69c548c7d89a14328.e3iSbxaKaheRe34SahiRb30Pchr0n6jAmljGr5XDqQLvpAe HTTP/1.1" 200 2
66.249.67.75 - - [12/Jan/2015:12:02:18 -0500] "GET /BLA/resoluciones/RESOLUCIONES%202007/RES%202007%202101%20AL%202200/RESOLUCION%202171%20DE%202007.pdf HTTP/1.1" 200 687939
190.156.91.79 - - [12/Jan/2015:12:02:23 -0500] "POST /forms/lservlet;jsessionid=ac16012b30d5b9c7596d463549dcbb039173fc01d604.e3iSbxaKaheRe34SahiRb30Pchr0n6jAmljGr5XDqQLvpAe HTTP/1.1" 200 2
66.249.67.83 - - [12/Jan/2015:12:02:47 -0500] "GET /BLA/resoluciones/RESOLUCIONES%202009/9193.pdf HTTP/1.1" 200 567291
186.29.203.131 - - [12/Jan/2015:12:02:47 -0500] "POST /forms/lservlet;jsessionid=ac16012b30d5b10e4f29f1924fbb8a83aef930aaa7e9.e3iSbxaKaheRe34SahiRb30Pchr0n6jAmljGr5XDqQLvpAe HTTP/1.1" 200 2
188.165.15.138 - - [12/Jan/2015:12:02:59 -0500] "GET /BLA/resoluciones/RESOLUCIONES%202004/RES%202004%20751-800/00000785.tif HTTP/1.1" 200 255588
188.165.15.66 - - [12/Jan/2015:12:03:07 -0500] "GET /BLA/resoluciones/AUTOS%202006/AUTOS%202006%201401%20-%201500/00001403.tif HTTP/1.1" 200 252020
66.249.67.83 - - [12/Jan/2015:12:03:16 -0500] "GET /BLA/resoluciones/RESOLUCIONES%202010/2106.pdf HTTP/1.1" 200 582405
188.165.15.138 - - [12/Jan/2015:12:03:19 -0500] "GET /BLA/resoluciones/RESOLUCIONES%202006/RES%202006%201001-1050/00001048.tif HTTP/1.1" 200 160916
180.76.6.230 - - [12/Jan/2015:12:03:24 -0500] "GET /BLA/boletinlegal;jsessionid=70157C7E02C1E793AC2A2202E2B55534?/? HTTP/1.1" 404 1018
190.84.185.167 - - [12/Jan/2015:12:03:32 -0500] "GET /forest/session.jsp?a=0.884091277141124 HTTP/1.1" 200 4
207.46.13.113 - - [12/Jan/2015:12:03:41 -0500] "GET /BLA/resoluciones/RESOLUCIONES%202007/RES%202007%20901%20AL%201000/RESOLUCION%200924%20DE%202007.pdf HTTP/1.1" 200 192370
66.249.67.75 - - [12/Jan/2015:12:03:45 -0500] "GET /BLA/resoluciones/RESOLUCIONES%202010/4242.pdf HTTP/1.1" 200 756538
74.86.158.107 - - [12/Jan/2015:12:03:51 -0500] "HEAD / HTTP/1.1" 302 -
180.76.5.176 - - [12/Jan/2015:12:04:03 -0500] "GET /BLA/resoluciones/RESOLUCIONES%202008/5179.pdf HTTP/1.1" 200 102890
186.154.151.247 - - [12/Jan/2015:12:04:06 -0500] "GET /BLA/boletinlegal/js/jquery.js HTTP/1.1" 200 57254
186.154.151.247 - - [12/Jan/2015:12:04:06 -0500] "GET /BLA/boletinlegal/js/jquery.scrollTo-min.js HTTP/1.1" 200 1150
186.154.151.247 - - [12/Jan/2015:12:04:06 -0500] "GET /BLA/boletinlegal/js/jquery.scrollShow.js HTTP/1.1" 200 4586
186.84.44.58 - - [12/Jan/2015:12:04:11 -0500] "POST /forms/lservlet;jsessionid=ac16012b30d5119b3910b34c44c69c548c7d89a14328.e3iSbxaKaheRe34SahiRb30Pchr0n6jAmljGr5XDqQLvpAe HTTP/1.1" 200 2
66.249.67.67 - - [12/Jan/2015:12:04:13 -0500] "GET /BLA/resoluciones/RESOLUCIONES%202011/0294.pdf HTTP/1.1" 200 564346
190.156.91.79 - - [12/Jan/2015:12:04:26 -0500] "POST /forms/lservlet;jsessionid=ac16012b30d5b9c7596d463549dcbb039173fc01d604.e3iSbxaKaheRe34SahiRb30Pchr0n6jAmljGr5XDqQLvpAe HTTP/1.1" 200 2
157.55.39.23 - - [12/Jan/2015:12:04:37 -0500] "GET /BLA/resoluciones/AUTOS%202007/3219.pdf HTTP/1.1" 200 130276
186.112.44.68 - - [12/Jan/2015:12:04:41 -0500] "GET /BLA/boletinlegal/jurisprudencia/analisis/Analisis%20jurisprudencial%20Sentencia%20C-366-11.doc HTTP/1.1" 200 59392
180.76.6.64 - - [12/Jan/2015:12:04:41 -0500] "GET /BLA/boletinlegal;jsessionid=571CC0016549F501A4F38A69D99FBB50?/? HTTP/1.1" 404 1018
66.249.67.103 - - [12/Jan/2015:12:04:42 -0500] "GET /ecodirectorio/files/res/navbtn/next.swf HTTP/1.1" 200 2956
186.29.203.131 - - [12/Jan/2015:12:04:48 -0500] "POST /forms/lservlet;jsessionid=ac16012b30d5b10e4f29f1924fbb8a83aef930aaa7e9.e3iSbxaKaheRe34SahiRb30Pchr0n6jAmljGr5XDqQLvpAe HTTP/1.1" 200 2
186.28.200.249 - - [12/Jan/2015:12:04:52 -0500] "GET /BLA/boletinlegal/js/jquery.js HTTP/1.1" 200 57254
186.28.200.249 - - [12/Jan/2015:12:04:52 -0500] "GET /BLA/boletinlegal/js/jquery.scrollTo-min.js HTTP/1.1" 200 1150
186.28.200.249 - - [12/Jan/2015:12:04:52 -0500] "GET /BLA/boletinlegal/js/jquery.scrollShow.js HTTP/1.1" 200 4586
186.30.155.226 - - [12/Jan/2015:12:05:04 -0500] "GET /BLA/boletinlegal/js/jquery.js HTTP/1.1" 200 57254
186.30.155.226 - - [12/Jan/2015:12:05:04 -0500] "GET /BLA/boletinlegal/js/jquery.scrollTo-min.js HTTP/1.1" 200 1150
186.30.155.226 - - [12/Jan/2015:12:05:04 -0500] "GET /BLA/boletinlegal/js/jquery.scrollShow.js HTTP/1.1" 200 4586
186.30.155.226 - - [12/Jan/2015:12:05:04 -0500] "GET /galeria/carrusel/Carrusel/jquery.thumbnailScroller.css HTTP/1.1" 200 2066
186.30.155.226 - - [12/Jan/2015:12:05:04 -0500] "GET /galeria/carrusel/Carrusel/jquery-ui-1.8.13.custom.min.js HTTP/1.1" 200 10800
186.30.155.226 - - [12/Jan/2015:12:05:04 -0500] "GET /galeria/carrusel/Carrusel/jquery.thumbnailScroller.js HTTP/1.1" 200 8157
186.30.155.226 - - [12/Jan/2015:12:05:05 -0500] "GET /galeria/nivo-slider/demo/demo.html HTTP/1.1" 200 3150
186.30.155.226 - - [12/Jan/2015:12:05:05 -0500] "GET /galeria/nivo-slider/themes/default/default.css HTTP/1.1" 200 1569
186.30.155.226 - - [12/Jan/2015:12:05:05 -0500] "GET /galeria/nivo-slider/themes/pascal/pascal.css HTTP/1.1" 200 2258
186.30.155.226 - - [12/Jan/2015:12:05:05 -0500] "GET /galeria/nivo-slider/themes/orman/orman.css HTTP/1.1" 200 2152
186.30.155.226 - - [12/Jan/2015:12:05:05 -0500] "GET /galeria/nivo-slider/nivo-slider.css HTTP/1.1" 200 1507
186.30.155.226 - - [12/Jan/2015:12:05:05 -0500] "GET /galeria/nivo-slider/demo/style.css HTTP/1.1" 200 2222
186.30.155.226 - - [12/Jan/2015:12:05:05 -0500] "GET /galeria/nivo-slider/demo/images/bolsas-08.jpg HTTP/1.1" 200 85589
186.30.155.226 - - [12/Jan/2015:12:05:05 -0500] "GET /galeria/nivo-slider/demo/scripts/jquery-1.7.1.min.js HTTP/1.1" 200 93868
186.30.155.226 - - [12/Jan/2015:12:05:05 -0500] "GET /galeria/nivo-slider/jquery.nivo.slider.pack.js HTTP/1.1" 200 11561
186.30.155.226 - - [12/Jan/2015:12:05:05 -0500] "GET /galeria/nivo-slider/demo/images/Ruta-vertimientos-01.jpg HTTP/1.1" 200 130151
186.30.155.226 - - [12/Jan/2015:12:05:05 -0500] "GET /galeria/nivo-slider/demo/images/bolsas-06.jpg HTTP/1.1" 200 90982
186.30.155.226 - - [12/Jan/2015:12:05:05 -0500] "GET /galeria/nivo-slider/demo/images/ecolecta-Dic2014.png HTTP/1.1" 200 288593
186.30.155.226 - - [12/Jan/2015:12:05:06 -0500] "GET /galeria/nivo-slider/demo/images/4Simple_Slider.png HTTP/1.1" 200 11722
186.29.180.5 - - [12/Jan/2015:12:05:06 -0500] "GET /BLA/boletinlegal/js/jquery.js HTTP/1.1" 200 57254
186.30.155.226 - - [12/Jan/2015:12:05:06 -0500] "GET /galeria/nivo-slider/demo/images/Tingua-azul.jpg HTTP/1.1" 200 307638
186.29.180.5 - - [12/Jan/2015:12:05:06 -0500] "GET /BLA/boletinlegal/js/jquery.scrollTo-min.js HTTP/1.1" 200 1150
186.29.180.5 - - [12/Jan/2015:12:05:06 -0500] "GET /BLA/boletinlegal/js/jquery.scrollShow.js HTTP/1.1" 200 4586
186.30.155.226 - - [12/Jan/2015:12:05:07 -0500] "GET /galeria/nivo-slider/themes/default/loading.gif HTTP/1.1" 200 1737
186.30.155.226 - - [12/Jan/2015:12:05:07 -0500] "GET /galeria/nivo-slider/demo/images/porloshumedales.jpg HTTP/1.1" 200 351238
186.30.155.226 - - [12/Jan/2015:12:05:07 -0500] "GET /galeria/nivo-slider/demo/images/banner-redes.jpg HTTP/1.1" 200 62209
186.30.155.226 - - [12/Jan/2015:12:05:07 -0500] "GET /galeria/nivo-slider/demo/images/Banner-Caracol-Africano.jpg HTTP/1.1" 200 331986
186.30.155.226 - - [12/Jan/2015:12:05:07 -0500] "GET /galeria/nivo-slider/demo/images/9Signos.jpg HTTP/1.1" 200 93040
186.30.155.226 - - [12/Jan/2015:12:05:08 -0500] "GET /galeria/nivo-slider/demo/images/banner-llantas2.jpg HTTP/1.1" 200 73153
186.30.155.226 - - [12/Jan/2015:12:05:08 -0500] "GET /galeria/nivo-slider/demo/images/banner-caballos.png HTTP/1.1" 200 389106
66.249.67.67 - - [12/Jan/2015:12:05:11 -0500] "GET /BLA/resoluciones/AUTOS%202008/0655.pdf HTTP/1.1" 200 451092
186.30.155.226 - - [12/Jan/2015:12:05:20 -0500] "GET /galeria/nivo-slider/themes/default/arrows.png HTTP/1.1" 200 824
186.30.155.226 - - [12/Jan/2015:12:05:20 -0500] "GET /galeria/nivo-slider/themes/default/bullets.png HTTP/1.1" 200 1281
191.159.49.126 - - [12/Jan/2015:12:05:22 -0500] "GET /BLA/boletinlegal/js/jquery.js HTTP/1.1" 200 57254
191.159.49.126 - - [12/Jan/2015:12:05:22 -0500] "GET /BLA/boletinlegal/js/jquery.scrollTo-min.js HTTP/1.1" 200 1150
191.159.49.126 - - [12/Jan/2015:12:05:22 -0500] "GET /BLA/boletinlegal/js/jquery.scrollShow.js HTTP/1.1" 200 4586
186.30.155.226 - - [12/Jan/2015:12:05:25 -0500] "GET /videos/Spot_CambioClimatico.flv HTTP/1.1" 200 4371917
66.249.67.75 - - [12/Jan/2015:12:05:40 -0500] "GET /BLA/resoluciones/RESOLUCIONES%202010/0990.pdf HTTP/1.1" 200 133012
186.112.44.68 - - [12/Jan/2015:12:05:44 -0500] "GET /BLA/boletinlegal/jurisprudencia/analisis/Analisis%20jurisprudencial%20Sentencia%20C-366-11.doc HTTP/1.1" 206 1
186.112.44.68 - - [12/Jan/2015:12:05:44 -0500] "GET /BLA/boletinlegal/jurisprudencia/analisis/Analisis%20jurisprudencial%20Sentencia%20C-366-11.doc HTTP/1.1" 206 58229
188.165.15.239 - - [12/Jan/2015:12:05:58 -0500] "GET /BLA/resoluciones/RESOLUCIONES%202005/RES%202005%20%201601-1650/00001624.tif HTTP/1.1" 200 139520
66.249.67.67 - - [12/Jan/2015:12:06:08 -0500] "GET /BLA/resoluciones/AUTOS%202011/6754.pdf HTTP/1.1" 304 -
186.84.44.58 - - [12/Jan/2015:12:06:11 -0500] "POST /forms/lservlet;jsessionid=ac16012b30d5119b3910b34c44c69c548c7d89a14328.e3iSbxaKaheRe34SahiRb30Pchr0n6jAmljGr5XDqQLvpAe HTTP/1.1" 200 2
190.156.91.79 - - [12/Jan/2015:12:06:26 -0500] "POST /forms/lservlet;jsessionid=ac16012b30d5b9c7596d463549dcbb039173fc01d604.e3iSbxaKaheRe34SahiRb30Pchr0n6jAmljGr5XDqQLvpAe HTTP/1.1" 200 2
66.249.67.67 - - [12/Jan/2015:12:06:37 -0500] "GET /BLA/resoluciones/RESOLUCIONES%202007/RES%202007%20301%20AL%20400/RESOLUCION%200324%20DE%202007.pdf HTTP/1.1" 304 -
186.115.173.80 - - [12/Jan/2015:12:06:38 -0500] "GET /BLA/boletinlegal/js/jquery.js HTTP/1.1" 200 57254
186.115.173.80 - - [12/Jan/2015:12:06:38 -0500] "GET /BLA/boletinlegal/js/jquery.scrollTo-min.js HTTP/1.1" 200 1150
186.115.173.80 - - [12/Jan/2015:12:06:38 -0500] "GET /BLA/boletinlegal/js/jquery.scrollShow.js HTTP/1.1" 200 4586
186.29.203.131 - - [12/Jan/2015:12:06:48 -0500] "POST /forms/lservlet;jsessionid=ac16012b30d5b10e4f29f1924fbb8a83aef930aaa7e9.e3iSbxaKaheRe34SahiRb30Pchr0n6jAmljGr5XDqQLvpAe HTTP/1.1" 200 2
66.249.67.67 - - [12/Jan/2015:12:07:06 -0500] "GET /BLA/resoluciones/RESOLUCIONES%202007/RES%202007%201401%20AL%201500/RESOLUCION%201442%20DE%202007.pdf HTTP/1.1" 304 -
188.165.15.44 - - [12/Jan/2015:12:07:20 -0500] "GET /BLA/resoluciones/RESOLUCIONES%202002/RES%202002%20801-850/00000837.tif HTTP/1.1" 200 100734
207.46.13.113 - - [12/Jan/2015:12:07:23 -0500] "GET /bla/resoluciones/autos%202010/0854.pdf HTTP/1.1" 200 162114
188.165.15.212 - - [12/Jan/2015:12:07:33 -0500] "GET /BLA/resoluciones/RESOLUCIONES%202004/RES%202004%202201-2250/00002214.tif HTTP/1.1" 200 193794
66.249.67.75 - - [12/Jan/2015:12:07:35 -0500] "GET /BLA/resoluciones/RESOLUCIONES%202009/5239.pdf HTTP/1.1" 304 -
186.144.253.178 - - [12/Jan/2015:12:08:00 -0500] "GET /BLA/boletinlegal/js/jquery.scrollShow.js HTTP/1.1" 200 4586
186.144.253.178 - - [12/Jan/2015:12:08:00 -0500] "GET /BLA/boletinlegal/js/jquery.js HTTP/1.1" 200 57254
186.144.253.178 - - [12/Jan/2015:12:08:00 -0500] "GET /BLA/boletinlegal/js/jquery.scrollTo-min.js HTTP/1.1" 200 1150
66.249.67.83 - - [12/Jan/2015:12:08:03 -0500] "GET /BLA/resoluciones/AUTOS%202013/0922.pdf HTTP/1.1" 200 1634194
186.84.44.58 - - [12/Jan/2015:12:08:11 -0500] "POST /forms/lservlet;jsessionid=ac16012b30d5119b3910b34c44c69c548c7d89a14328.e3iSbxaKaheRe34SahiRb30Pchr0n6jAmljGr5XDqQLvpAe HTTP/1.1" 200 2
207.46.13.113 - - [12/Jan/2015:12:08:23 -0500] "GET /bla/resoluciones/autos%202010/1372.pdf HTTP/1.1" 200 296872
190.156.91.79 - - [12/Jan/2015:12:08:26 -0500] "POST /forms/lservlet;jsessionid=ac16012b30d5b9c7596d463549dcbb039173fc01d604.e3iSbxaKaheRe34SahiRb30Pchr0n6jAmljGr5XDqQLvpAe HTTP/1.1" 200 2
190.84.185.167 - - [12/Jan/2015:12:08:32 -0500] "GET /forest/session.jsp?a=0.915493621956557 HTTP/1.1" 200 4
66.249.67.75 - - [12/Jan/2015:12:08:32 -0500] "GET /BLA/resoluciones/AUTOS%202013/1516.pdf HTTP/1.1" 200 2142190
190.84.132.116 - - [12/Jan/2015:12:08:48 -0500] "GET /BLA/boletinlegal/js/jquery.js HTTP/1.1" 200 57254
190.84.132.116 - - [12/Jan/2015:12:08:48 -0500] "GET /BLA/boletinlegal/js/jquery.scrollTo-min.js HTTP/1.1" 200 1150
190.84.132.116 - - [12/Jan/2015:12:08:48 -0500] "GET /BLA/boletinlegal/js/jquery.scrollShow.js HTTP/1.1" 200 4586
186.29.203.131 - - [12/Jan/2015:12:08:48 -0500] "POST /forms/lservlet;jsessionid=ac16012b30d5b10e4f29f1924fbb8a83aef930aaa7e9.e3iSbxaKaheRe34SahiRb30Pchr0n6jAmljGr5XDqQLvpAe HTTP/1.1" 200 2
74.86.158.107 - - [12/Jan/2015:12:08:51 -0500] "HEAD / HTTP/1.1" 302 -
66.249.67.75 - - [12/Jan/2015:12:09:01 -0500] "GET /BLA/resoluciones/RESOLUCIONES%202009/4815.pdf HTTP/1.1" 304 -
66.249.67.111 - - [12/Jan/2015:12:09:30 -0500] "GET /ecodirectorio/files/res/navbtn/search.swf HTTP/1.1" 200 3186
190.159.21.140 - - [12/Jan/2015:12:09:35 -0500] "GET /BLA/boletinlegal/js/jquery.scrollShow.js HTTP/1.1" 200 4586
190.159.21.140 - - [12/Jan/2015:12:09:35 -0500] "GET /BLA/boletinlegal/js/jquery.scrollTo-min.js HTTP/1.1" 200 1150
190.159.21.140 - - [12/Jan/2015:12:09:35 -0500] "GET /BLA/boletinlegal/js/jquery.js HTTP/1.1" 200 57254
180.76.5.144 - - [12/Jan/2015:12:09:57 -0500] "GET /BLA/resoluciones/RESOLUCIONES%202011/2930.pdf HTTP/1.1" 200 520558
66.249.67.75 - - [12/Jan/2015:12:09:58 -0500] "GET /BLA/resoluciones/RESOLUCIONES%202007/RES%202007%202101%20AL%202200/RESOLUCION%202125%20DE%202007.pdf HTTP/1.1" 304 -
186.84.44.58 - - [12/Jan/2015:12:10:11 -0500] "POST /forms/lservlet;jsessionid=ac16012b30d5119b3910b34c44c69c548c7d89a14328.e3iSbxaKaheRe34SahiRb30Pchr0n6jAmljGr5XDqQLvpAe HTTP/1.1" 200 2
190.253.250.124 - - [12/Jan/2015:12:10:16 -0500] "GET /BLA/boletinlegal/js/jquery.js HTTP/1.1" 200 57254
190.253.250.124 - - [12/Jan/2015:12:10:16 -0500] "GET /BLA/boletinlegal/js/jquery.scrollShow.js HTTP/1.1" 200 4586
190.253.250.124 - - [12/Jan/2015:12:10:16 -0500] "GET /BLA/boletinlegal/js/jquery.scrollTo-min.js HTTP/1.1" 200 1150
190.156.91.79 - - [12/Jan/2015:12:10:26 -0500] "POST /forms/lservlet;jsessionid=ac16012b30d5b9c7596d463549dcbb039173fc01d604.e3iSbxaKaheRe34SahiRb30Pchr0n6jAmljGr5XDqQLvpAe HTTP/1.1" 200 2
66.249.67.67 - - [12/Jan/2015:12:10:27 -0500] "GET /BLA/resoluciones/RESOLUCIONES%202007/RES%202007%202001%20AL%202100/RESOLUCION%202013%20DE%202007.pdf HTTP/1.1" 200 819253
180.76.5.94 - - [12/Jan/2015:12:10:35 -0500] "GET /BLA/resoluciones/AUTOS%202014/3690.pdf HTTP/1.1" 200 221371
188.165.15.138 - - [12/Jan/2015:12:10:46 -0500] "GET /BLA/resoluciones/RESOLUCIONES%202006/RES%202006%202301-2350/00002318.tif HTTP/1.1" 200 298714
186.29.203.131 - - [12/Jan/2015:12:10:48 -0500] "POST /forms/lservlet;jsessionid=ac16012b30d5b10e4f29f1924fbb8a83aef930aaa7e9.e3iSbxaKaheRe34SahiRb30Pchr0n6jAmljGr5XDqQLvpAe HTTP/1.1" 200 2
66.249.67.67 - - [12/Jan/2015:12:10:56 -0500] "GET /BLA/resoluciones/RESOLUCIONES%202013/0764.pdf HTTP/1.1" 304 -
66.249.67.67 - - [12/Jan/2015:12:11:13 -0500] "GET /BLA/resoluciones/AUTOS%202007/3730.pdf HTTP/1.1" 200 227790
190.25.232.143 - - [12/Jan/2015:12:11:13 -0500] "GET /galeria/nivo-slider/demo/images/Banner-GAE3.jpg HTTP/1.1" 304 -
180.76.6.149 - - [12/Jan/2015:12:11:14 -0500] "GET /BLA/resoluciones/AUTOS%202009/0922.pdf HTTP/1.1" 200 122995
66.249.67.75 - - [12/Jan/2015:12:11:25 -0500] "GET /BLA/resoluciones/AUTOS%202012/1585.pdf HTTP/1.1" 304 -
181.130.200.105 - - [12/Jan/2015:12:11:39 -0500] "GET /BLA/boletinlegal/js/jquery.js HTTP/1.1" 200 57254
181.130.200.105 - - [12/Jan/2015:12:11:39 -0500] "GET /BLA/boletinlegal/js/jquery.scrollTo-min.js HTTP/1.1" 200 1150
181.130.200.105 - - [12/Jan/2015:12:11:42 -0500] "GET /BLA/boletinlegal/js/jquery.scrollShow.js HTTP/1.1" 200 4586
