186.29.203.131 - - [12/Jan/2015:11:25:29 -0500] "GET /forest/misactividades.do?group_system_actual=3&codPro=95&_a=0.6065297255587977 HTTP/1.1" 200 38197
186.29.203.131 - - [12/Jan/2015:11:25:30 -0500] "GET /forest/session.jsp?a=0.4031053159851581 HTTP/1.1" 200 4
186.29.203.131 - - [12/Jan/2015:11:25:30 -0500] "GET /forest/skins/gdocs-jar/jsp/cookie.jsp?name=grid_numrad&del HTTP/1.1" 200 -
186.29.203.131 - - [12/Jan/2015:11:25:30 -0500] "POST /forest/misactividades.do?ajax=true&a=0.17210765252821147 HTTP/1.1" 200 1234
186.46.245.178 - - [12/Jan/2015:11:25:31 -0500] "GET /BLA/boletinlegal/js/jquery.js HTTP/1.1" 200 57254
186.46.245.178 - - [12/Jan/2015:11:25:31 -0500] "GET /BLA/boletinlegal/js/jquery.scrollShow.js HTTP/1.1" 200 4586
186.46.245.178 - - [12/Jan/2015:11:25:31 -0500] "GET /BLA/boletinlegal/js/jquery.scrollTo-min.js HTTP/1.1" 200 1150
186.29.203.131 - - [12/Jan/2015:11:25:34 -0500] "GET /forest/index2.jsp?_a=0.05196914938278496 HTTP/1.1" 200 45340
186.29.203.131 - - [12/Jan/2015:11:25:35 -0500] "GET /forest/session.jsp?a=0.6961548216640949 HTTP/1.1" 200 4
186.29.203.131 - - [12/Jan/2015:11:25:35 -0500] "GET /forest/misactividades.do?group_system_actual=3&codPro=233&_a=0.8468757548639354 HTTP/1.1" 200 38204
186.29.203.131 - - [12/Jan/2015:11:25:35 -0500] "GET /forest/skins/gdocs-jar/jsp/cookie.jsp?name=grid_nompro&del HTTP/1.1" 200 -
186.29.203.131 - - [12/Jan/2015:11:25:35 -0500] "GET /forest/session.jsp?a=0.5122295147739351 HTTP/1.1" 200 4
186.29.203.131 - - [12/Jan/2015:11:25:36 -0500] "POST /forest/misactividades.do?ajax=true&a=0.6755981165915728 HTTP/1.1" 200 4627
186.29.203.131 - - [12/Jan/2015:11:25:42 -0500] "GET /forest/skins/gdocs-jar/img/icons/xls.gif HTTP/1.1" 304 -
186.29.203.131 - - [12/Jan/2015:11:25:42 -0500] "GET /forest/usudocumentos.do?_a=0.9546750329900533&group_system_actual=3 HTTP/1.1" 200 92902
186.29.203.131 - - [12/Jan/2015:11:25:42 -0500] "GET /forest/session.jsp?a=0.36309569189324975 HTTP/1.1" 200 4
186.29.203.131 - - [12/Jan/2015:11:25:45 -0500] "GET /forest/skins/gdocs-jar/popup/popup.jsp?width=760&height=420&title=Copiar%20documento&uri=/forest/usudocumentos.do%3FcopyDoc%3D1%26numRad%3D2014ER174895%26codDoc%3D1945278%26codAct%3D908%26numPro%3D2938965%26codPro%3D95%26codInst%3D2971564%26fecTra%3D2014-10-22%2007%3A55%3A16.0%26codTraEsc%3D16739535%26tipo%3Dcopy%26_a%3D0.7162459385581315&name=undefined&_a=0.8140480117872357&a=0.1734017450362444 HTTP/1.1" 200 1466
186.29.203.131 - - [12/Jan/2015:11:25:45 -0500] "GET /forest/usudocumentos.do?copyDoc=1&numRad=2014ER174895&codDoc=1945278&codAct=908&numPro=2938965&codPro=95&codInst=2971564&fecTra=2014-10-22%2007:55:16.0&codTraEsc=16739535&tipo=copy&_a=0.7162459385581315 HTTP/1.1" 200 31299
186.29.203.131 - - [12/Jan/2015:11:25:45 -0500] "GET /forest/skins/gdocs-jar/css/index.css?version=1412.231748 HTTP/1.1" 200 1124
186.29.203.131 - - [12/Jan/2015:11:25:45 -0500] "GET /forest/skins/gdocs-jar/js/common.js?version=1412.231748 HTTP/1.1" 200 2328
186.29.203.131 - - [12/Jan/2015:11:25:45 -0500] "GET /forest/skins/gdocs-jar/js/escritorio.js?version=1412.231748 HTTP/1.1" 200 8516
186.29.203.131 - - [12/Jan/2015:11:25:45 -0500] "GET /forest/skins/gdocs-jar/js/internJS.js?version=1412.231748 HTTP/1.1" 200 3047
186.29.203.131 - - [12/Jan/2015:11:25:45 -0500] "GET /forest/skins/gdocs-jar/js/SelectManager.js?version=1412.231748 HTTP/1.1" 200 3837
186.29.203.131 - - [12/Jan/2015:11:25:45 -0500] "GET /forest/skins/gdocs-jar/js/load-process-info.js?version=1412.231748 HTTP/1.1" 200 1460
186.29.203.131 - - [12/Jan/2015:11:25:45 -0500] "GET /forest/skins/gdocs-jar/js/autocomplete/suggest.js?version=1412.231748 HTTP/1.1" 200 4898
186.29.203.131 - - [12/Jan/2015:11:25:45 -0500] "GET /forest/skins/gdocs-jar/js/autocomplete/core.js?version=1412.231748 HTTP/1.1" 200 2557
186.29.203.131 - - [12/Jan/2015:11:25:45 -0500] "GET /forest/skins/gdocs-jar/js/autocomplete/autocomplete.js?version=1412.231748 HTTP/1.1" 200 7659
186.29.203.131 - - [12/Jan/2015:11:25:45 -0500] "GET /forest/skins/gdocs-jar/js/sarissa.js?version=1412.231748 HTTP/1.1" 200 27327
186.29.203.131 - - [12/Jan/2015:11:25:45 -0500] "GET /forest/skins/gdocs-jar/js/xml_utilities.js HTTP/1.1" 200 2433
186.29.203.131 - - [12/Jan/2015:11:25:45 -0500] "GET /forest/img/dtree/minus.gif HTTP/1.1" 200 80
186.29.203.131 - - [12/Jan/2015:11:25:46 -0500] "GET /forest/html/loading.html HTTP/1.1" 200 402
186.29.203.131 - - [12/Jan/2015:11:25:46 -0500] "GET /forest/json.do?query=procesosByDepDocfile&coddep=2013 HTTP/1.1" 200 5908
66.249.67.83 - - [12/Jan/2015:11:25:52 -0500] "GET /BLA/resoluciones/RESOLUCIONES%202010/4636.pdf HTTP/1.1" 200 365810
186.84.44.58 - - [12/Jan/2015:11:26:10 -0500] "POST /forms/lservlet;jsessionid=ac16012b30d5119b3910b34c44c69c548c7d89a14328.e3iSbxaKaheRe34SahiRb30Pchr0n6jAmljGr5XDqQLvpAe HTTP/1.1" 200 2
190.156.91.79 - - [12/Jan/2015:11:26:19 -0500] "POST /forms/lservlet;jsessionid=ac16012b30d5b9c7596d463549dcbb039173fc01d604.e3iSbxaKaheRe34SahiRb30Pchr0n6jAmljGr5XDqQLvpAe HTTP/1.1" 200 2
66.249.67.67 - - [12/Jan/2015:11:26:21 -0500] "GET /BLA/resoluciones/RESOLUCIONES%202009/9515.pdf HTTP/1.1" 200 502025
186.29.203.131 - - [12/Jan/2015:11:26:29 -0500] "GET /forest/skins/gdocs-jar/popup/escritorio/copiarAFuncionarios.jsp?a=0.781245639314875 HTTP/1.1" 200 36850
186.29.203.131 - - [12/Jan/2015:11:26:30 -0500] "GET /forest/skins/gdocs-jar/css/notificar.css HTTP/1.1" 200 991
186.29.203.131 - - [12/Jan/2015:11:26:30 -0500] "GET /forest/json.do?query=usersByDep&coddep=2013&a=0.5507806765381247 HTTP/1.1" 200 5817
186.29.203.131 - - [12/Jan/2015:11:26:33 -0500] "POST /forms/lservlet;jsessionid=ac16012b30d5b10e4f29f1924fbb8a83aef930aaa7e9.e3iSbxaKaheRe34SahiRb30Pchr0n6jAmljGr5XDqQLvpAe HTTP/1.1" 200 2
157.55.39.23 - - [12/Jan/2015:11:26:43 -0500] "GET /bla/resoluciones/autos%202010/0487.pdf HTTP/1.1" 200 191545
186.29.203.131 - - [12/Jan/2015:11:26:46 -0500] "POST /forest/usudocumentos.do HTTP/1.1" 200 1244
66.249.67.83 - - [12/Jan/2015:11:26:50 -0500] "GET /BLA/resoluciones/AUTOS%202009/3250.pdf HTTP/1.1" 200 192433
188.165.15.130 - - [12/Jan/2015:11:26:55 -0500] "GET /BLA/resoluciones/index.php?dir=RESOLUCIONES%202003/RES%202003%20901-950/&sort=size&order=desc HTTP/1.1" 200 11305
157.55.39.23 - - [12/Jan/2015:11:27:02 -0500] "GET /BLA/resoluciones/AUTOS%202012/2572.pdf HTTP/1.1" 200 328841
220.181.108.94 - - [12/Jan/2015:11:27:15 -0500] "GET / HTTP/1.1" 302 -
66.249.67.83 - - [12/Jan/2015:11:27:19 -0500] "GET /BLA/resoluciones/RESOLUCIONES%202011/3139.pdf HTTP/1.1" 200 1048479
181.136.105.27 - - [12/Jan/2015:11:27:23 -0500] "GET /BLA/boletinlegal/js/jquery.js HTTP/1.1" 200 57254
181.136.105.27 - - [12/Jan/2015:11:27:23 -0500] "GET /BLA/boletinlegal/js/jquery.scrollTo-min.js HTTP/1.1" 200 1150
181.136.105.27 - - [12/Jan/2015:11:27:23 -0500] "GET /BLA/boletinlegal/js/jquery.scrollShow.js HTTP/1.1" 200 4586
180.76.5.194 - - [12/Jan/2015:11:27:33 -0500] "GET /BLA/resoluciones/RESOLUCIONES%202011/1656.pdf HTTP/1.1" 200 715834
190.158.66.108 - - [12/Jan/2015:11:27:39 -0500] "GET /BLA/resoluciones/RESOLUCIONES%202008/5735.pdf HTTP/1.1" 200 627672
190.158.66.108 - - [12/Jan/2015:11:27:40 -0500] "GET /BLA/resoluciones/RESOLUCIONES%202008/5735.pdf HTTP/1.1" 206 32768
190.158.66.108 - - [12/Jan/2015:11:27:40 -0500] "GET /BLA/resoluciones/RESOLUCIONES%202008/5735.pdf HTTP/1.1" 206 594904
190.158.66.108 - - [12/Jan/2015:11:27:41 -0500] "GET /favicon.ico HTTP/1.1" 200 7782
186.29.203.131 - - [12/Jan/2015:11:27:41 -0500] "GET /forest/usutareas.do?_a=0.364776904694736&group_system_actual=3 HTTP/1.1" 200 120886
186.29.203.131 - - [12/Jan/2015:11:27:42 -0500] "GET /forest/session.jsp?a=0.21432620380073786 HTTP/1.1" 200 4
190.26.64.97 - - [12/Jan/2015:11:27:46 -0500] "GET /BLA/boletinlegal/js/jquery.js HTTP/1.1" 200 57254
190.26.64.97 - - [12/Jan/2015:11:27:46 -0500] "GET /BLA/boletinlegal/js/jquery.scrollTo-min.js HTTP/1.1" 200 1150
190.26.64.97 - - [12/Jan/2015:11:27:47 -0500] "GET /galeria/carrusel/Carrusel/jquery.thumbnailScroller.css HTTP/1.1" 200 2066
190.26.64.97 - - [12/Jan/2015:11:27:47 -0500] "GET /BLA/boletinlegal/js/jquery.scrollShow.js HTTP/1.1" 200 4586
190.26.64.97 - - [12/Jan/2015:11:27:47 -0500] "GET /galeria/carrusel/Carrusel/jquery.thumbnailScroller.js HTTP/1.1" 200 8157
190.26.64.97 - - [12/Jan/2015:11:27:47 -0500] "GET /galeria/carrusel/Carrusel/jquery-ui-1.8.13.custom.min.js HTTP/1.1" 200 10800
66.249.67.75 - - [12/Jan/2015:11:27:48 -0500] "GET /BLA/resoluciones/RESOLUCIONES%202010/2603.pdf HTTP/1.1" 200 523287
190.26.64.97 - - [12/Jan/2015:11:27:50 -0500] "GET /galeria/nivo-slider/demo/demo.html HTTP/1.1" 200 3150
190.26.64.97 - - [12/Jan/2015:11:27:50 -0500] "GET /galeria/nivo-slider/themes/default/default.css HTTP/1.1" 200 1569
190.26.64.97 - - [12/Jan/2015:11:27:50 -0500] "GET /galeria/nivo-slider/themes/pascal/pascal.css HTTP/1.1" 200 2258
190.26.64.97 - - [12/Jan/2015:11:27:50 -0500] "GET /galeria/nivo-slider/themes/orman/orman.css HTTP/1.1" 200 2152
190.26.64.97 - - [12/Jan/2015:11:27:50 -0500] "GET /galeria/nivo-slider/nivo-slider.css HTTP/1.1" 200 1507
190.26.64.97 - - [12/Jan/2015:11:27:50 -0500] "GET /galeria/nivo-slider/demo/style.css HTTP/1.1" 200 2222
190.26.64.97 - - [12/Jan/2015:11:27:50 -0500] "GET /galeria/nivo-slider/demo/scripts/jquery-1.7.1.min.js HTTP/1.1" 200 93868
190.26.64.97 - - [12/Jan/2015:11:27:50 -0500] "GET /galeria/nivo-slider/jquery.nivo.slider.pack.js HTTP/1.1" 200 11561
190.26.64.97 - - [12/Jan/2015:11:27:50 -0500] "GET /galeria/nivo-slider/demo/images/bolsas-08.jpg HTTP/1.1" 200 85589
190.26.64.97 - - [12/Jan/2015:11:27:50 -0500] "GET /galeria/nivo-slider/demo/images/Ruta-vertimientos-01.jpg HTTP/1.1" 200 130151
190.26.64.97 - - [12/Jan/2015:11:27:50 -0500] "GET /galeria/nivo-slider/demo/images/bolsas-06.jpg HTTP/1.1" 200 90982
190.26.64.97 - - [12/Jan/2015:11:27:50 -0500] "GET /galeria/nivo-slider/demo/images/ecolecta-Dic2014.png HTTP/1.1" 200 288593
190.26.64.97 - - [12/Jan/2015:11:27:50 -0500] "GET /galeria/nivo-slider/demo/images/porloshumedales.jpg HTTP/1.1" 200 351238
190.26.64.97 - - [12/Jan/2015:11:27:51 -0500] "GET /galeria/nivo-slider/demo/images/Tingua-azul.jpg HTTP/1.1" 200 307638
190.26.64.97 - - [12/Jan/2015:11:27:51 -0500] "GET /galeria/nivo-slider/demo/images/Banner-Caracol-Africano.jpg HTTP/1.1" 200 331986
190.26.64.97 - - [12/Jan/2015:11:27:51 -0500] "GET /galeria/nivo-slider/demo/images/banner-redes.jpg HTTP/1.1" 200 62209
190.26.64.97 - - [12/Jan/2015:11:27:51 -0500] "GET /galeria/nivo-slider/demo/images/9Signos.jpg HTTP/1.1" 200 93040
190.26.64.97 - - [12/Jan/2015:11:27:52 -0500] "GET /galeria/nivo-slider/demo/images/banner-llantas2.jpg HTTP/1.1" 200 73153
190.26.64.97 - - [12/Jan/2015:11:27:52 -0500] "GET /galeria/nivo-slider/demo/images/banner-caballos.png HTTP/1.1" 200 389106
190.26.64.97 - - [12/Jan/2015:11:27:52 -0500] "GET /galeria/nivo-slider/demo/images/4Simple_Slider.png HTTP/1.1" 200 11722
190.26.64.97 - - [12/Jan/2015:11:27:52 -0500] "GET /galeria/nivo-slider/themes/default/loading.gif HTTP/1.1" 200 1737
190.26.64.97 - - [12/Jan/2015:11:27:55 -0500] "GET /galeria/nivo-slider/themes/default/arrows.png HTTP/1.1" 200 824
190.26.64.97 - - [12/Jan/2015:11:27:55 -0500] "GET /galeria/nivo-slider/themes/default/bullets.png HTTP/1.1" 200 1281
190.26.64.97 - - [12/Jan/2015:11:27:56 -0500] "GET /videos/Spot_CambioClimatico.flv HTTP/1.1" 200 4371917
180.76.6.37 - - [12/Jan/2015:11:28:04 -0500] "GET /BLA/boletinlegal;jsessionid=D7B925B61B99509F87B4E4C99A5EEEED?/? HTTP/1.1" 404 1018
186.84.44.58 - - [12/Jan/2015:11:28:10 -0500] "POST /forms/lservlet;jsessionid=ac16012b30d5119b3910b34c44c69c548c7d89a14328.e3iSbxaKaheRe34SahiRb30Pchr0n6jAmljGr5XDqQLvpAe HTTP/1.1" 200 2
66.249.67.67 - - [12/Jan/2015:11:28:16 -0500] "GET /BLA/resoluciones/AUTOS%202012/1020.pdf HTTP/1.1" 304 -
190.156.91.79 - - [12/Jan/2015:11:28:19 -0500] "POST /forms/lservlet;jsessionid=ac16012b30d5b9c7596d463549dcbb039173fc01d604.e3iSbxaKaheRe34SahiRb30Pchr0n6jAmljGr5XDqQLvpAe HTTP/1.1" 200 2
186.29.203.131 - - [12/Jan/2015:11:28:33 -0500] "POST /forms/lservlet;jsessionid=ac16012b30d5b10e4f29f1924fbb8a83aef930aaa7e9.e3iSbxaKaheRe34SahiRb30Pchr0n6jAmljGr5XDqQLvpAe HTTP/1.1" 200 2
157.55.39.23 - - [12/Jan/2015:11:28:35 -0500] "GET /BLA/resoluciones/AUTOS%202007/3202.pdf HTTP/1.1" 200 157308
181.68.212.128 - - [12/Jan/2015:11:28:37 -0500] "GET /BLA/boletinlegal/js/jquery.js HTTP/1.1" 200 57254
181.68.212.128 - - [12/Jan/2015:11:28:37 -0500] "GET /BLA/boletinlegal/js/jquery.scrollTo-min.js HTTP/1.1" 200 1150
181.68.212.128 - - [12/Jan/2015:11:28:37 -0500] "GET /BLA/boletinlegal/js/jquery.scrollShow.js HTTP/1.1" 200 4586
180.76.6.232 - - [12/Jan/2015:11:28:41 -0500] "GET /BLA/resoluciones/RESOLUCIONES%202012/0416.pdf HTTP/1.1" 200 412829
66.249.67.75 - - [12/Jan/2015:11:28:45 -0500] "GET /BLA/resoluciones/RESOLUCIONES%202007/RES%202007%203101%20AL%203200/RESOLUCION%203115%20DE%202007.pdf HTTP/1.1" 304 -
207.46.13.113 - - [12/Jan/2015:11:28:47 -0500] "GET /bla/resoluciones/autos%202010/6642.pdf HTTP/1.1" 200 155805
74.86.158.107 - - [12/Jan/2015:11:28:52 -0500] "HEAD / HTTP/1.1" 302 -
66.249.67.67 - - [12/Jan/2015:11:29:14 -0500] "GET /BLA/resoluciones/RESOLUCIONES%202011/0098.pdf HTTP/1.1" 304 -
180.76.5.194 - - [12/Jan/2015:11:29:20 -0500] "GET /BLA/resoluciones/RESOLUCIONES%202008/1765.pdf HTTP/1.1" 200 47268
190.26.77.87 - - [12/Jan/2015:11:29:23 -0500] "GET /BLA/boletinlegal/js/jquery.js HTTP/1.1" 200 57254
190.26.77.87 - - [12/Jan/2015:11:29:23 -0500] "GET /BLA/boletinlegal/js/jquery.scrollTo-min.js HTTP/1.1" 200 1150
190.26.77.87 - - [12/Jan/2015:11:29:23 -0500] "GET /BLA/boletinlegal/js/jquery.scrollShow.js HTTP/1.1" 200 4586
186.29.203.131 - - [12/Jan/2015:11:29:38 -0500] "GET /forest/misactividades.do?_a=0.47122127027250826&group_system_actual=3 HTTP/1.1" 200 37561
186.29.203.131 - - [12/Jan/2015:11:29:38 -0500] "GET /forest/session.jsp?a=0.9353186991065741 HTTP/1.1" 200 4
186.29.203.131 - - [12/Jan/2015:11:29:38 -0500] "POST /forest/misactividades.do?ajax=true&a=0.528683841926977 HTTP/1.1" 200 5387
186.29.203.131 - - [12/Jan/2015:11:29:40 -0500] "GET /forest/skins/gdocs-jar/popup/popup.jsp?width=1100&height=500&title=Buscar%20documentos&uri=/forest/buscar.do%3Ftype%3Ddocumentos&name=undefined&_a=0.4983326226938516&a=0.9767774560023099 HTTP/1.1" 200 1300
186.29.203.131 - - [12/Jan/2015:11:29:40 -0500] "GET /forest/buscar.do?type=documentos HTTP/1.1" 200 18159
186.29.203.131 - - [12/Jan/2015:11:29:40 -0500] "GET /forest/buscar.do?type=documentos HTTP/1.1" 200 84426
186.29.203.131 - - [12/Jan/2015:11:29:41 -0500] "GET /forest/json.do?query=usersByDep&coddep=2013 HTTP/1.1" 200 5817
186.29.203.131 - - [12/Jan/2015:11:29:41 -0500] "GET /forest/json.do?query=versionListadas HTTP/1.1" 200 15
186.29.203.131 - - [12/Jan/2015:11:29:41 -0500] "GET /forest/json.do?query=usersByDep&coddep=2013 HTTP/1.1" 200 5817
186.29.203.131 - - [12/Jan/2015:11:29:41 -0500] "GET /forest/json.do?query=procesIniciales HTTP/1.1" 200 10001
66.249.67.119 - - [12/Jan/2015:11:29:43 -0500] "GET /BLA/boletinlegal/jurisprudencia/analisis/analisis%20C-595-2010.doc HTTP/1.1" 304 -
186.29.203.131 - - [12/Jan/2015:11:29:49 -0500] "GET /forest/xmlresponse.do?lista=searchTerceroByName&xmlret=1&todos=false&_a=0.7415019499603659&partNomTer=MIGUEL HTTP/1.1" 200 2068
186.29.203.131 - - [12/Jan/2015:11:29:50 -0500] "GET /forest/xmlresponse.do?lista=searchTerceroByName&xmlret=1&todos=false&_a=0.7415019499603659&partNomTer=MIGUEL HTTP/1.1" 200 2068
186.29.203.131 - - [12/Jan/2015:11:29:54 -0500] "GET /forest/xmlresponse.do?lista=searchTerceroByName&xmlret=1&todos=false&_a=0.7415019499603659&partNomTer=MIGUEL%20A HTTP/1.1" 200 2349
186.29.203.131 - - [12/Jan/2015:11:29:55 -0500] "GET /forest/xmlresponse.do?lista=searchTerceroByName&xmlret=1&todos=false&_a=0.7415019499603659&partNomTer=MIGUEL%20ALFO HTTP/1.1" 200 2102
186.29.203.131 - - [12/Jan/2015:11:29:56 -0500] "GET /forest/xmlresponse.do?lista=searchTerceroByName&xmlret=1&todos=false&_a=0.7415019499603659&partNomTer=MIGUEL%20ALFONSO HTTP/1.1" 200 2102
186.29.203.131 - - [12/Jan/2015:11:29:56 -0500] "GET /forest/xmlresponse.do?lista=searchTerceroByName&xmlret=1&todos=false&_a=0.7415019499603659&partNomTer=MIGUEL%20ALFONSO HTTP/1.1" 200 2102
186.29.203.131 - - [12/Jan/2015:11:29:58 -0500] "GET /forest/xmlresponse.do?lista=searchTerceroByName&xmlret=1&todos=false&_a=0.7415019499603659&partNomTer=MIGUEL%20ALFONSO%20MI HTTP/1.1" 200 78
186.29.203.131 - - [12/Jan/2015:11:29:59 -0500] "GET /forest/xmlresponse.do?lista=searchTerceroByName&xmlret=1&todos=false&_a=0.7415019499603659&partNomTer=MIGUEL%20ALFONSO%20MIL HTTP/1.1" 200 78
186.29.203.131 - - [12/Jan/2015:11:30:01 -0500] "GET /forest/xmlresponse.do?lista=searchTerceroByName&xmlret=1&todos=false&_a=0.7415019499603659&partNomTer=MIGUEL%20ALFONSO%20MILLAN%20CA HTTP/1.1" 200 78
186.29.203.131 - - [12/Jan/2015:11:30:02 -0500] "GET /forest/xmlresponse.do?lista=searchTerceroByName&xmlret=1&todos=false&_a=0.7415019499603659&partNomTer=MIGUEL%20ALFONSO%20MILLAN%20CAMPO HTTP/1.1" 200 78
186.29.203.131 - - [12/Jan/2015:11:30:03 -0500] "GET /forest/xmlresponse.do?lista=searchTerceroByName&xmlret=1&todos=false&_a=0.7415019499603659&partNomTer=MIGUEL%20ALFONSO%20MILLAN%20CAMPOS HTTP/1.1" 200 78
186.29.203.131 - - [12/Jan/2015:11:30:04 -0500] "GET /forest/session.jsp?a=0.37325922655873 HTTP/1.1" 200 4
186.29.203.131 - - [12/Jan/2015:11:30:05 -0500] "GET /forest/session.jsp?a=0.11239638249389827 HTTP/1.1" 200 4
186.84.44.58 - - [12/Jan/2015:11:30:10 -0500] "POST /forms/lservlet;jsessionid=ac16012b30d5119b3910b34c44c69c548c7d89a14328.e3iSbxaKaheRe34SahiRb30Pchr0n6jAmljGr5XDqQLvpAe HTTP/1.1" 200 2
66.249.67.67 - - [12/Jan/2015:11:30:11 -0500] "GET /BLA/resoluciones/RESOLUCIONES%202013/1419.pdf HTTP/1.1" 200 706764
190.156.91.79 - - [12/Jan/2015:11:30:19 -0500] "POST /forms/lservlet;jsessionid=ac16012b30d5b9c7596d463549dcbb039173fc01d604.e3iSbxaKaheRe34SahiRb30Pchr0n6jAmljGr5XDqQLvpAe HTTP/1.1" 200 2
66.249.67.83 - - [12/Jan/2015:11:30:31 -0500] "GET /BLA/resoluciones/AUTOS%202006/AUTOS%202006%201701%20-%201800/00001714.tif HTTP/1.1" 200 55452
186.29.203.131 - - [12/Jan/2015:11:30:37 -0500] "POST /forms/lservlet;jsessionid=ac16012b30d5b10e4f29f1924fbb8a83aef930aaa7e9.e3iSbxaKaheRe34SahiRb30Pchr0n6jAmljGr5XDqQLvpAe HTTP/1.1" 200 2
66.249.67.83 - - [12/Jan/2015:11:30:40 -0500] "GET /BLA/resoluciones/RESOLUCIONES%202013/0388.pdf HTTP/1.1" 200 1680947
180.76.6.41 - - [12/Jan/2015:11:30:53 -0500] "GET /BLA/resoluciones/RESOLUCIONES%202009/1176.pdf HTTP/1.1" 200 395091
66.249.67.75 - - [12/Jan/2015:11:31:09 -0500] "GET /BLA/resoluciones/RESOLUCIONES%202012/1301.pdf HTTP/1.1" 304 -
180.76.6.135 - - [12/Jan/2015:11:31:32 -0500] "GET /BLA/resoluciones/AUTOS%202009/2078.pdf HTTP/1.1" 200 102052
66.249.67.75 - - [12/Jan/2015:11:31:38 -0500] "GET /BLA/resoluciones/RESOLUCIONES%202007/RES%202007%204301%20AL%204352/RESOLUCION%204338%20DE%202007.pdf HTTP/1.1" 304 -
66.249.67.83 - - [12/Jan/2015:11:32:06 -0500] "GET /BLA/resoluciones/AUTOS%202013/0170.pdf HTTP/1.1" 304 -
200.118.149.163 - - [12/Jan/2015:11:32:08 -0500] "GET /BLA/boletinlegal/js/jquery.js HTTP/1.1" 200 57254
200.118.149.163 - - [12/Jan/2015:11:32:08 -0500] "GET /BLA/boletinlegal/js/jquery.scrollTo-min.js HTTP/1.1" 200 1150
200.118.149.163 - - [12/Jan/2015:11:32:08 -0500] "GET /BLA/boletinlegal/js/jquery.scrollShow.js HTTP/1.1" 200 4586
200.118.149.163 - - [12/Jan/2015:11:32:08 -0500] "GET /galeria/carrusel/Carrusel/jquery.thumbnailScroller.css HTTP/1.1" 200 2066
200.118.149.163 - - [12/Jan/2015:11:32:08 -0500] "GET /galeria/carrusel/Carrusel/jquery-ui-1.8.13.custom.min.js HTTP/1.1" 200 10800
200.118.149.163 - - [12/Jan/2015:11:32:08 -0500] "GET /galeria/carrusel/Carrusel/jquery.thumbnailScroller.js HTTP/1.1" 200 8157
186.84.44.58 - - [12/Jan/2015:11:32:10 -0500] "POST /forms/lservlet;jsessionid=ac16012b30d5119b3910b34c44c69c548c7d89a14328.e3iSbxaKaheRe34SahiRb30Pchr0n6jAmljGr5XDqQLvpAe HTTP/1.1" 200 2
180.76.5.62 - - [12/Jan/2015:11:32:11 -0500] "GET /BLA/resoluciones/AUTOS%202009/3194.pdf HTTP/1.1" 200 142468
190.156.91.79 - - [12/Jan/2015:11:32:19 -0500] "POST /forms/lservlet;jsessionid=ac16012b30d5b9c7596d463549dcbb039173fc01d604.e3iSbxaKaheRe34SahiRb30Pchr0n6jAmljGr5XDqQLvpAe HTTP/1.1" 200 2
157.55.39.22 - - [12/Jan/2015:11:32:22 -0500] "GET /bla/resoluciones/autos%202010/1405.pdf HTTP/1.1" 200 252713
66.249.67.67 - - [12/Jan/2015:11:32:35 -0500] "GET /BLA/resoluciones/RESOLUCIONES%202008/3096.pdf HTTP/1.1" 200 209494
186.29.203.131 - - [12/Jan/2015:11:32:37 -0500] "POST /forms/lservlet;jsessionid=ac16012b30d5b10e4f29f1924fbb8a83aef930aaa7e9.e3iSbxaKaheRe34SahiRb30Pchr0n6jAmljGr5XDqQLvpAe HTTP/1.1" 200 2
188.165.15.239 - - [12/Jan/2015:11:32:41 -0500] "GET /BLA/resoluciones/RESOLUCIONES%202004/RES%202004%2051-100/00000089.tif HTTP/1.1" 200 100504
180.76.6.150 - - [12/Jan/2015:11:32:50 -0500] "GET /BLA/boletinlegal/circulares/2009IE24690.pdf HTTP/1.1" 200 74941
66.249.67.75 - - [12/Jan/2015:11:33:04 -0500] "GET /BLA/resoluciones/RESOLUCIONES%202009/7978.pdf HTTP/1.1" 200 637619
201.184.124.132 - - [12/Jan/2015:11:33:19 -0500] "GET /galeria/nivo-slider/demo/demo.html HTTP/1.1" 304 -
201.184.124.132 - - [12/Jan/2015:11:33:22 -0500] "GET /galeria/nivo-slider/demo/images/bolsas-08.jpg HTTP/1.1" 304 -
201.184.124.132 - - [12/Jan/2015:11:33:22 -0500] "GET /galeria/nivo-slider/demo/images/Ruta-vertimientos-01.jpg HTTP/1.1" 304 -
201.184.124.132 - - [12/Jan/2015:11:33:22 -0500] "GET /galeria/nivo-slider/demo/images/bolsas-06.jpg HTTP/1.1" 304 -
66.249.67.83 - - [12/Jan/2015:11:33:33 -0500] "GET /BLA/resoluciones/RESOLUCIONES%202007/RES%202007%202401%20AL%202500/RESOLUCION%202446%20%20DE%202007.pdf HTTP/1.1" 200 692368
157.55.39.23 - - [12/Jan/2015:11:33:35 -0500] "GET /bla/resoluciones/autos%202010/5984.pdf HTTP/1.1" 200 337625
157.55.39.23 - - [12/Jan/2015:11:33:36 -0500] "GET /bla/resoluciones/autos%202010/6469.pdf HTTP/1.1" 200 1274290
186.82.190.113 - - [12/Jan/2015:11:33:49 -0500] "GET /crossdomain.xml HTTP/1.1" 404 1120
186.82.190.113 - - [12/Jan/2015:11:33:49 -0500] "GET /arcgis/services/Calidad_del_Agua_WQI/MapServer/WMSServer?TRANSPARENT=TRUE&VERSION=1%2E1%2E1&STYLES=&WIDTH=1366&LAYERS=3%2C4%2C5%2C6%2C7&BBOX=%2D74%2E5173317182821%2C4%2E479791249582768%2C%2D73%2E70474578479104%2C4%2E842064187720429&HEIGHT=609&SERVICE=WMS&SRS=EPSG%3A4686&REQUEST=GetMap&FORMAT=image%2Fpng HTTP/1.1" 200 8007
74.86.158.107 - - [12/Jan/2015:11:33:52 -0500] "HEAD / HTTP/1.1" 302 -
186.82.190.113 - - [12/Jan/2015:11:33:52 -0500] "GET /arcgis/services/Calidad_del_Agua_WQI/MapServer/WMSServer?TRANSPARENT=TRUE&VERSION=1%2E1%2E1&STYLES=&WIDTH=1366&LAYERS=3%2C4%2C5%2C6%2C7&BBOX=%2D74%2E05310601442761%2C4%2E709355103907508%2C%2D74%2E05148084256064%2C4%2E710079649783784&HEIGHT=609&SERVICE=WMS&SRS=EPSG%3A4686&REQUEST=GetMap&FORMAT=image%2Fpng HTTP/1.1" 200 4677
66.249.67.83 - - [12/Jan/2015:11:34:01 -0500] "GET /BLA/resoluciones/RESOLUCIONES%202013/2079.pdf HTTP/1.1" 304 -
188.165.15.130 - - [12/Jan/2015:11:34:09 -0500] "GET /BLA/resoluciones/RESOLUCIONES%202003/RES%202003%201401-1450/20031407.tif HTTP/1.1" 200 67518
186.84.44.58 - - [12/Jan/2015:11:34:10 -0500] "POST /forms/lservlet;jsessionid=ac16012b30d5119b3910b34c44c69c548c7d89a14328.e3iSbxaKaheRe34SahiRb30Pchr0n6jAmljGr5XDqQLvpAe HTTP/1.1" 200 2
190.156.91.79 - - [12/Jan/2015:11:34:19 -0500] "POST /forms/lservlet;jsessionid=ac16012b30d5b9c7596d463549dcbb039173fc01d604.e3iSbxaKaheRe34SahiRb30Pchr0n6jAmljGr5XDqQLvpAe HTTP/1.1" 200 2
66.249.67.67 - - [12/Jan/2015:11:34:30 -0500] "GET /BLA/resoluciones/RESOLUCIONES%202007/RES%202007%201401%20AL%201500/RESOLUCION%201410%20DE%202007.pdf HTTP/1.1" 200 226083
186.87.39.9 - - [12/Jan/2015:11:34:34 -0500] "GET /BLA/boletinlegal/js/jquery.js HTTP/1.1" 200 57254
186.87.39.9 - - [12/Jan/2015:11:34:34 -0500] "GET /BLA/boletinlegal/js/jquery.scrollShow.js HTTP/1.1" 200 4586
186.87.39.9 - - [12/Jan/2015:11:34:34 -0500] "GET /BLA/boletinlegal/js/jquery.scrollTo-min.js HTTP/1.1" 200 1150
186.29.203.131 - - [12/Jan/2015:11:34:37 -0500] "POST /forms/lservlet;jsessionid=ac16012b30d5b10e4f29f1924fbb8a83aef930aaa7e9.e3iSbxaKaheRe34SahiRb30Pchr0n6jAmljGr5XDqQLvpAe HTTP/1.1" 200 2
157.55.39.23 - - [12/Jan/2015:11:34:37 -0500] "GET /bla/resoluciones/autos%202010/4747.pdf HTTP/1.1" 200 332604
66.249.67.83 - - [12/Jan/2015:11:34:59 -0500] "GET /BLA/resoluciones/RESOLUCIONES%202013/0780.pdf HTTP/1.1" 304 -
186.29.203.131 - - [12/Jan/2015:11:35:05 -0500] "GET /forest/session.jsp?a=0.8603956459555775 HTTP/1.1" 200 4
186.82.190.113 - - [12/Jan/2015:11:35:12 -0500] "GET /crossdomain.xml HTTP/1.1" 404 1120
186.82.190.113 - - [12/Jan/2015:11:35:12 -0500] "GET /arcgis/services/Calidad_del_Agua_WQI/MapServer/WMSServer?TRANSPARENT=TRUE&VERSION=1%2E1%2E1&STYLES=&WIDTH=1366&LAYERS=3%2C4%2C5%2C6%2C7&BBOX=%2D74%2E05318810583232%2C4%2E709419944219917%2C%2D74%2E05156293396534%2C4%2E710144490096193&HEIGHT=609&SERVICE=WMS&SRS=EPSG%3A4686&REQUEST=GetMap&FORMAT=image%2Fpng HTTP/1.1" 200 4677
186.82.190.113 - - [12/Jan/2015:11:35:14 -0500] "GET /arcgis/services/Calidad_del_Agua_WQI/MapServer/WMSServer?TRANSPARENT=TRUE&VERSION=1%2E1%2E1&STYLES=&WIDTH=1366&LAYERS=3%2C4%2C5%2C6%2C7&BBOX=%2D74%2E05318453664081%2C4%2E709420539085168%2C%2D74%2E05155936477384%2C4%2E710145084961444&HEIGHT=609&SERVICE=WMS&SRS=EPSG%3A4686&REQUEST=GetMap&FORMAT=image%2Fpng HTTP/1.1" 200 4677
186.82.190.113 - - [12/Jan/2015:11:35:15 -0500] "GET /arcgis/services/Calidad_del_Agua_WQI/MapServer/WMSServer?TRANSPARENT=TRUE&VERSION=1%2E1%2E1&STYLES=&WIDTH=1366&LAYERS=3%2C4%2C5%2C6%2C7&BBOX=%2D74%2E05318691610182%2C4%2E709405667453882%2C%2D74%2E05156174423485%2C4%2E7101302133301575&HEIGHT=609&SERVICE=WMS&SRS=EPSG%3A4686&REQUEST=GetMap&FORMAT=image%2Fpng HTTP/1.1" 200 4677
186.82.190.113 - - [12/Jan/2015:11:35:16 -0500] "GET /arcgis/services/Calidad_del_Agua_WQI/MapServer/WMSServer?TRANSPARENT=TRUE&VERSION=1%2E1%2E1&STYLES=&WIDTH=1366&LAYERS=3%2C4%2C5%2C6%2C7&BBOX=%2D74%2E05318929556283%2C4%2E709390795822595%2C%2D74%2E05156412369585%2C4%2E710115341698871&HEIGHT=609&SERVICE=WMS&SRS=EPSG%3A4686&REQUEST=GetMap&FORMAT=image%2Fpng HTTP/1.1" 200 4677
186.82.190.113 - - [12/Jan/2015:11:35:18 -0500] "GET /arcgis/services/Calidad_del_Agua_WQI/MapServer/WMSServer?TRANSPARENT=TRUE&VERSION=1%2E1%2E1&STYLES=&WIDTH=1366&LAYERS=3%2C4%2C5%2C6%2C7&BBOX=%2D74%2E05324284429459%2C4%2E709391952065162%2C%2D74%2E05161767242761%2C4%2E710116497941438&HEIGHT=609&SERVICE=WMS&SRS=EPSG%3A4686&REQUEST=GetMap&FORMAT=image%2Fpng HTTP/1.1" 200 4677
186.82.190.113 - - [12/Jan/2015:11:35:19 -0500] "GET /arcgis/services/Calidad_del_Agua_WQI/MapServer/WMSServer?TRANSPARENT=TRUE&VERSION=1%2E1%2E1&STYLES=&WIDTH=1366&LAYERS=3%2C4%2C5%2C6%2C7&BBOX=%2D74%2E05309293825123%2C4%2E709347337171303%2C%2D74%2E05146776638425%2C4%2E710071883047578&HEIGHT=609&SERVICE=WMS&SRS=EPSG%3A4686&REQUEST=GetMap&FORMAT=image%2Fpng HTTP/1.1" 200 4677
186.82.190.113 - - [12/Jan/2015:11:35:24 -0500] "GET /crossdomain.xml HTTP/1.1" 404 1120
186.82.190.113 - - [12/Jan/2015:11:35:24 -0500] "GET /arcgis/services/Calidad_del_Agua_WQI/MapServer/WMSServer?TRANSPARENT=TRUE&VERSION=1%2E1%2E1&STYLES=&WIDTH=1366&LAYERS=3%2C4%2C5%2C6%2C7&BBOX=%2D74%2E05315242477637%2C4%2E709381244490635%2C%2D74%2E0515272529094%2C4%2E710105790366911&HEIGHT=609&SERVICE=WMS&SRS=EPSG%3A4686&REQUEST=GetMap&FORMAT=image%2Fpng HTTP/1.1" 200 4677
188.165.15.15 - - [12/Jan/2015:11:36:01 -0500] "GET /BLA/resoluciones/index.php?dir=RESOLUCIONES%202004/RES%202004%20551-600/&sort=size&order=asc HTTP/1.1" 200 12047
66.249.67.67 - - [12/Jan/2015:11:35:28 -0500] "GET /BLA/boletinlegal/?/? HTTP/1.1" 200 49382
66.249.67.75 - - [12/Jan/2015:11:36:06 -0500] "GET /BLA/resoluciones/RESOLUCIONES%202010/7871.pdf HTTP/1.1" 304 -
186.84.44.58 - - [12/Jan/2015:11:36:10 -0500] "POST /forms/lservlet;jsessionid=ac16012b30d5119b3910b34c44c69c548c7d89a14328.e3iSbxaKaheRe34SahiRb30Pchr0n6jAmljGr5XDqQLvpAe HTTP/1.1" 200 2
190.156.91.79 - - [12/Jan/2015:11:36:19 -0500] "POST /forms/lservlet;jsessionid=ac16012b30d5b9c7596d463549dcbb039173fc01d604.e3iSbxaKaheRe34SahiRb30Pchr0n6jAmljGr5XDqQLvpAe HTTP/1.1" 200 2
66.249.67.67 - - [12/Jan/2015:11:36:25 -0500] "GET /BLA/resoluciones/RESOLUCIONES%202007/RES%202007%202001%20AL%202100/RESOLUCION%202018%20DE%202007.pdf HTTP/1.1" 304 -
186.29.203.131 - - [12/Jan/2015:11:36:37 -0500] "POST /forms/lservlet;jsessionid=ac16012b30d5b10e4f29f1924fbb8a83aef930aaa7e9.e3iSbxaKaheRe34SahiRb30Pchr0n6jAmljGr5XDqQLvpAe HTTP/1.1" 200 2
188.165.15.79 - - [12/Jan/2015:11:36:52 -0500] "GET /BLA/resoluciones/index.php?dir=RESOLUCIONES%202003/RES%202003%201001-1050/&sort=date&order=asc HTTP/1.1" 200 11566
66.249.67.75 - - [12/Jan/2015:11:36:54 -0500] "GET /autoliquidacion/Solicitudes%20relacionadas%20con%20calidad%20del%20aire%20auditiva%20y%20visual/Registro%20de%20Elementos%20de%20publicidad%20Exterior%20Visual/Resolucion%200877%20126PM04-PR16%20registro%20pev.pdf HTTP/1.1" 304 -
186.113.10.143 - - [12/Jan/2015:11:36:56 -0500] "GET /galeria/nivo-slider/demo/images/Banner-Ecourbanismo.jpg HTTP/1.1" 304 -
66.249.67.67 - - [12/Jan/2015:11:37:23 -0500] "GET /BLA/resoluciones/RESOLUCIONES%202014/0882.pdf HTTP/1.1" 304 -
190.157.103.58 - - [12/Jan/2015:11:37:29 -0500] "GET /galeria/carrusel/Carrusel/jquery.thumbnailScroller.css HTTP/1.1" 200 2066
190.157.103.58 - - [12/Jan/2015:11:37:29 -0500] "GET /BLA/boletinlegal/js/jquery.scrollShow.js HTTP/1.1" 200 4586
190.157.103.58 - - [12/Jan/2015:11:37:29 -0500] "GET /galeria/carrusel/Carrusel/jquery.thumbnailScroller.js HTTP/1.1" 200 8157
190.157.103.58 - - [12/Jan/2015:11:37:29 -0500] "GET /BLA/boletinlegal/js/jquery.js HTTP/1.1" 200 57254
190.157.103.58 - - [12/Jan/2015:11:37:29 -0500] "GET /galeria/carrusel/Carrusel/jquery-ui-1.8.13.custom.min.js HTTP/1.1" 200 10800
190.157.103.58 - - [12/Jan/2015:11:37:29 -0500] "GET /BLA/boletinlegal/js/jquery.scrollTo-min.js HTTP/1.1" 200 1150
190.157.103.58 - - [12/Jan/2015:11:37:31 -0500] "GET /galeria/nivo-slider/demo/demo.html HTTP/1.1" 200 3150
190.157.103.58 - - [12/Jan/2015:11:37:31 -0500] "GET /galeria/nivo-slider/themes/default/default.css HTTP/1.1" 200 1569
190.157.103.58 - - [12/Jan/2015:11:37:31 -0500] "GET /galeria/nivo-slider/themes/pascal/pascal.css HTTP/1.1" 200 2258
190.157.103.58 - - [12/Jan/2015:11:37:31 -0500] "GET /galeria/nivo-slider/nivo-slider.css HTTP/1.1" 200 1507
190.157.103.58 - - [12/Jan/2015:11:37:31 -0500] "GET /galeria/nivo-slider/themes/orman/orman.css HTTP/1.1" 200 2152
190.157.103.58 - - [12/Jan/2015:11:37:31 -0500] "GET /galeria/nivo-slider/demo/style.css HTTP/1.1" 200 2222
190.157.103.58 - - [12/Jan/2015:11:37:31 -0500] "GET /galeria/nivo-slider/demo/scripts/jquery-1.7.1.min.js HTTP/1.1" 200 93868
190.157.103.58 - - [12/Jan/2015:11:37:31 -0500] "GET /galeria/nivo-slider/jquery.nivo.slider.pack.js HTTP/1.1" 200 11561
190.157.103.58 - - [12/Jan/2015:11:37:31 -0500] "GET /galeria/nivo-slider/demo/images/bolsas-08.jpg HTTP/1.1" 200 85589
190.157.103.58 - - [12/Jan/2015:11:37:31 -0500] "GET /galeria/nivo-slider/demo/images/Ruta-vertimientos-01.jpg HTTP/1.1" 200 130151
190.157.103.58 - - [12/Jan/2015:11:37:31 -0500] "GET /galeria/nivo-slider/demo/images/bolsas-06.jpg HTTP/1.1" 200 90982
190.157.103.58 - - [12/Jan/2015:11:37:31 -0500] "GET /galeria/nivo-slider/demo/images/ecolecta-Dic2014.png HTTP/1.1" 200 288593
190.157.103.58 - - [12/Jan/2015:11:37:31 -0500] "GET /galeria/nivo-slider/demo/images/porloshumedales.jpg HTTP/1.1" 200 351238
190.157.103.58 - - [12/Jan/2015:11:37:33 -0500] "GET /galeria/nivo-slider/demo/images/4Simple_Slider.png HTTP/1.1" 200 11722
190.157.103.58 - - [12/Jan/2015:11:37:33 -0500] "GET /galeria/nivo-slider/themes/default/loading.gif HTTP/1.1" 200 1737
190.157.103.58 - - [12/Jan/2015:11:37:34 -0500] "GET /galeria/nivo-slider/demo/images/Tingua-azul.jpg HTTP/1.1" 200 307638
190.157.103.58 - - [12/Jan/2015:11:37:34 -0500] "GET /galeria/nivo-slider/demo/images/Banner-Caracol-Africano.jpg HTTP/1.1" 200 331986
190.157.103.58 - - [12/Jan/2015:11:37:34 -0500] "GET /galeria/nivo-slider/demo/images/banner-redes.jpg HTTP/1.1" 200 62209
190.157.103.58 - - [12/Jan/2015:11:37:34 -0500] "GET /galeria/nivo-slider/demo/images/9Signos.jpg HTTP/1.1" 200 93040
190.157.103.58 - - [12/Jan/2015:11:37:35 -0500] "GET /galeria/nivo-slider/demo/images/banner-llantas2.jpg HTTP/1.1" 200 73153
190.157.103.58 - - [12/Jan/2015:11:37:36 -0500] "GET /galeria/nivo-slider/demo/images/banner-caballos.png HTTP/1.1" 200 389106
190.157.103.58 - - [12/Jan/2015:11:37:38 -0500] "GET /galeria/nivo-slider/themes/default/arrows.png HTTP/1.1" 200 824
190.157.103.58 - - [12/Jan/2015:11:37:38 -0500] "GET /galeria/nivo-slider/themes/default/bullets.png HTTP/1.1" 200 1281
190.157.103.58 - - [12/Jan/2015:11:37:41 -0500] "GET /videos/Spot_CambioClimatico.flv HTTP/1.1" 200 4371917
66.249.67.67 - - [12/Jan/2015:11:37:51 -0500] "GET /BLA/resoluciones/RESOLUCIONES%202010/6809.pdf HTTP/1.1" 200 305318
207.46.13.113 - - [12/Jan/2015:11:38:04 -0500] "GET /BLA/resoluciones/AUTOS%202012/2800.pdf HTTP/1.1" 200 392174
186.84.44.58 - - [12/Jan/2015:11:38:10 -0500] "POST /forms/lservlet;jsessionid=ac16012b30d5119b3910b34c44c69c548c7d89a14328.e3iSbxaKaheRe34SahiRb30Pchr0n6jAmljGr5XDqQLvpAe HTTP/1.1" 200 2
190.156.91.79 - - [12/Jan/2015:11:38:19 -0500] "POST /forms/lservlet;jsessionid=ac16012b30d5b9c7596d463549dcbb039173fc01d604.e3iSbxaKaheRe34SahiRb30Pchr0n6jAmljGr5XDqQLvpAe HTTP/1.1" 200 2
66.249.67.83 - - [12/Jan/2015:11:38:20 -0500] "GET /BLA/resoluciones/RESOLUCIONES%202011/1022.pdf HTTP/1.1" 304 -
186.82.190.113 - - [12/Jan/2015:11:38:31 -0500] "GET /crossdomain.xml HTTP/1.1" 404 1120
186.82.190.113 - - [12/Jan/2015:11:38:31 -0500] "GET /arcgis/services/Calidad_del_Agua_WQI/MapServer/WMSServer?TRANSPARENT=TRUE&VERSION=1%2E1%2E1&STYLES=&WIDTH=1366&LAYERS=3%2C4%2C5%2C6%2C7&BBOX=%2D74%2E05313695827984%2C4%2E709387788008401%2C%2D74%2E05151178641286%2C4%2E710112333884677&HEIGHT=609&SERVICE=WMS&SRS=EPSG%3A4686&REQUEST=GetMap&FORMAT=image%2Fpng HTTP/1.1" 200 4677
186.82.190.113 - - [12/Jan/2015:11:38:33 -0500] "GET /arcgis/services/Calidad_del_Agua_WQI/MapServer/WMSServer?TRANSPARENT=TRUE&VERSION=1%2E1%2E1&STYLES=&WIDTH=1366&LAYERS=3%2C4%2C5%2C6%2C7&BBOX=%2D74%2E05314885558487%2C4%2E709356260150074%2C%2D74%2E05152368371789%2C4%2E710080806026349&HEIGHT=609&SERVICE=WMS&SRS=EPSG%3A4686&REQUEST=GetMap&FORMAT=image%2Fpng HTTP/1.1" 200 4677
186.29.203.131 - - [12/Jan/2015:11:38:37 -0500] "POST /forms/lservlet;jsessionid=ac16012b30d5b10e4f29f1924fbb8a83aef930aaa7e9.e3iSbxaKaheRe34SahiRb30Pchr0n6jAmljGr5XDqQLvpAe HTTP/1.1" 200 2
66.249.67.83 - - [12/Jan/2015:11:38:49 -0500] "GET /BLA/resoluciones/RESOLUCIONES%202013/0126.pdf HTTP/1.1" 304 -
74.86.158.107 - - [12/Jan/2015:11:38:52 -0500] "HEAD / HTTP/1.1" 302 -
66.249.67.75 - - [12/Jan/2015:11:39:18 -0500] "GET /BLA/resoluciones/AUTOS%202013/0360.pdf HTTP/1.1" 304 -
186.82.190.113 - - [12/Jan/2015:11:39:38 -0500] "GET /crossdomain.xml HTTP/1.1" 404 1120
186.82.190.113 - - [12/Jan/2015:11:39:38 -0500] "GET /arcgis/services/Calidad_del_Agua_WQI/MapServer/WMSServer?TRANSPARENT=TRUE&VERSION=1%2E1%2E1&STYLES=&WIDTH=1366&LAYERS=3%2C4%2C5%2C6%2C7&BBOX=%2D74%2E05314178751688%2C4%2E709478917580405%2C%2D74%2E0515166156499%2C4%2E710203463456681&HEIGHT=609&SERVICE=WMS&SRS=EPSG%3A4686&REQUEST=GetMap&FORMAT=image%2Fpng HTTP/1.1" 200 4677
66.249.67.67 - - [12/Jan/2015:11:39:47 -0500] "GET /BLA/resoluciones/RESOLUCIONES%202013/0143.pdf HTTP/1.1" 304 -
186.82.190.113 - - [12/Jan/2015:11:39:54 -0500] "GET /crossdomain.xml HTTP/1.1" 404 1120
186.82.190.113 - - [12/Jan/2015:11:39:54 -0500] "GET /arcgis/services/Calidad_del_Agua_WQI/MapServer/WMSServer?TRANSPARENT=TRUE&VERSION=1%2E1%2E1&STYLES=&WIDTH=1366&LAYERS=3%2C4%2C5%2C6%2C7&BBOX=%2D74%2E0531406149322%2C4%2E70953256303484%2C%2D74%2E05151544306523%2C4%2E710257108911116&HEIGHT=609&SERVICE=WMS&SRS=EPSG%3A4686&REQUEST=GetMap&FORMAT=image%2Fpng HTTP/1.1" 200 4677
186.84.44.58 - - [12/Jan/2015:11:40:10 -0500] "POST /forms/lservlet;jsessionid=ac16012b30d5119b3910b34c44c69c548c7d89a14328.e3iSbxaKaheRe34SahiRb30Pchr0n6jAmljGr5XDqQLvpAe HTTP/1.1" 200 2
66.249.67.83 - - [12/Jan/2015:11:40:15 -0500] "GET /BLA/resoluciones/RESOLUCIONES%202014/2004.pdf HTTP/1.1" 304 -
190.156.91.79 - - [12/Jan/2015:11:40:19 -0500] "POST /forms/lservlet;jsessionid=ac16012b30d5b9c7596d463549dcbb039173fc01d604.e3iSbxaKaheRe34SahiRb30Pchr0n6jAmljGr5XDqQLvpAe HTTP/1.1" 200 2
190.243.176.215 - - [12/Jan/2015:11:40:25 -0500] "GET /BLA/boletinlegal/js/jquery.scrollTo-min.js HTTP/1.1" 200 1150
190.243.176.215 - - [12/Jan/2015:11:40:25 -0500] "GET /BLA/boletinlegal/js/jquery.js HTTP/1.1" 200 57254
190.243.176.215 - - [12/Jan/2015:11:40:25 -0500] "GET /BLA/boletinlegal/js/jquery.scrollShow.js HTTP/1.1" 200 4586
109.27.56.51 - - [12/Jan/2015:11:40:30 -0500] "GET /BLA/boletinlegal/js/jquery.js HTTP/1.1" 200 57254
109.27.56.51 - - [12/Jan/2015:11:40:30 -0500] "GET /BLA/boletinlegal/js/jquery.scrollTo-min.js HTTP/1.1" 200 1150
109.27.56.51 - - [12/Jan/2015:11:40:30 -0500] "GET /BLA/boletinlegal/js/jquery.scrollShow.js HTTP/1.1" 200 4586
186.29.203.131 - - [12/Jan/2015:11:40:37 -0500] "POST /forms/lservlet;jsessionid=ac16012b30d5b10e4f29f1924fbb8a83aef930aaa7e9.e3iSbxaKaheRe34SahiRb30Pchr0n6jAmljGr5XDqQLvpAe HTTP/1.1" 200 2
186.82.190.113 - - [12/Jan/2015:11:40:42 -0500] "GET /crossdomain.xml HTTP/1.1" 404 1120
186.82.190.113 - - [12/Jan/2015:11:40:42 -0500] "GET /arcgis/services/Calidad_del_Agua_WQI/MapServer/WMSServer?TRANSPARENT=TRUE&VERSION=1%2E1%2E1&STYLES=&WIDTH=1366&LAYERS=3%2C4%2C5%2C6%2C7&BBOX=%2D74%2E05313353459809%2C4%2E709606553145575%2C%2D74%2E05150836273111%2C4%2E71033109902185&HEIGHT=609&SERVICE=WMS&SRS=EPSG%3A4686&REQUEST=GetMap&FORMAT=image%2Fpng HTTP/1.1" 200 4677
186.82.190.113 - - [12/Jan/2015:11:40:43 -0500] "GET /arcgis/services/Calidad_del_Agua_WQI/MapServer/WMSServer?TRANSPARENT=TRUE&VERSION=1%2E1%2E1&STYLES=&WIDTH=1366&LAYERS=3%2C4%2C5%2C6%2C7&BBOX=%2D74%2E05313237165794%2C4%2E709655476972268%2C%2D74%2E05150719979096%2C4%2E710380022848543&HEIGHT=609&SERVICE=WMS&SRS=EPSG%3A4686&REQUEST=GetMap&FORMAT=image%2Fpng HTTP/1.1" 200 4677
66.249.67.83 - - [12/Jan/2015:11:40:44 -0500] "GET /BLA/resoluciones/RESOLUCIONES%202012/1545.pdf HTTP/1.1" 304 -
66.249.67.75 - - [12/Jan/2015:11:41:03 -0500] "GET /BLA/resoluciones/AUTOS%202014/5704.pdf HTTP/1.1" 200 3092942
66.249.67.75 - - [12/Jan/2015:11:41:13 -0500] "GET /BLA/resoluciones/RESOLUCIONES%202007/RES%202007%204101%20AL%204200/RESOLUCION%204114%20DE%202007.pdf HTTP/1.1" 304 -
180.76.6.54 - - [12/Jan/2015:11:41:36 -0500] "GET /BLA/resoluciones/RESOLUCIONES%202011/4340.pdf HTTP/1.1" 200 607564
66.249.67.83 - - [12/Jan/2015:11:41:42 -0500] "GET /BLA/resoluciones/RESOLUCIONES%202010/6934.pdf HTTP/1.1" 304 -
186.117.179.222 - - [12/Jan/2015:11:41:47 -0500] "GET /BLA/boletinlegal/js/jquery.scrollTo-min.js HTTP/1.1" 200 1150
186.117.179.222 - - [12/Jan/2015:11:41:47 -0500] "GET /BLA/boletinlegal/js/jquery.js HTTP/1.1" 200 57254
186.117.179.222 - - [12/Jan/2015:11:41:48 -0500] "GET /BLA/boletinlegal/js/jquery.scrollShow.js HTTP/1.1" 200 4586
188.165.15.138 - - [12/Jan/2015:11:42:08 -0500] "GET /BLA/resoluciones/RESOLUCIONES%202006/RES%202006%20301-350/00000340.tif HTTP/1.1" 200 189588
186.84.44.58 - - [12/Jan/2015:11:42:10 -0500] "POST /forms/lservlet;jsessionid=ac16012b30d5119b3910b34c44c69c548c7d89a14328.e3iSbxaKaheRe34SahiRb30Pchr0n6jAmljGr5XDqQLvpAe HTTP/1.1" 200 2
66.249.67.67 - - [12/Jan/2015:11:42:10 -0500] "GET /BLA/resoluciones/AUTOS%202013/0041.pdf HTTP/1.1" 304 -
190.156.91.79 - - [12/Jan/2015:11:42:19 -0500] "POST /forms/lservlet;jsessionid=ac16012b30d5b9c7596d463549dcbb039173fc01d604.e3iSbxaKaheRe34SahiRb30Pchr0n6jAmljGr5XDqQLvpAe HTTP/1.1" 200 2
157.55.39.23 - - [12/Jan/2015:11:42:35 -0500] "GET /BLA/resoluciones/RESOLUCIONES%202007/RES%202007%20901%20AL%201000/RESOLUCION%200905%20DE%202007.pdf HTTP/1.1" 200 243791
66.249.67.75 - - [12/Jan/2015:11:42:39 -0500] "GET /BLA/resoluciones/RESOLUCIONES%202007/RES%202007%201401%20AL%201500/RESOLUCION%201407%20DE%202007.pdf HTTP/1.1" 304 -
186.29.203.131 - - [12/Jan/2015:11:42:46 -0500] "POST /forms/lservlet;jsessionid=ac16012b30d5b10e4f29f1924fbb8a83aef930aaa7e9.e3iSbxaKaheRe34SahiRb30Pchr0n6jAmljGr5XDqQLvpAe HTTP/1.1" 200 2
207.46.13.113 - - [12/Jan/2015:11:42:50 -0500] "GET /bla/resoluciones/autos%202010/5622.pdf HTTP/1.1" 200 135499
186.82.190.113 - - [12/Jan/2015:11:42:52 -0500] "GET /crossdomain.xml HTTP/1.1" 404 1120
186.82.190.113 - - [12/Jan/2015:11:42:52 -0500] "GET /arcgis/services/Calidad_del_Agua_WQI/MapServer/WMSServer?TRANSPARENT=TRUE&VERSION=1%2E1%2E1&STYLES=&WIDTH=1366&LAYERS=3%2C4%2C5%2C6%2C7&BBOX=%2D74%2E05313882290157%2C4%2E709311524910109%2C%2D74%2E0515136510346%2C4%2E710036070786384&HEIGHT=609&SERVICE=WMS&SRS=EPSG%3A4686&REQUEST=GetMap&FORMAT=image%2Fpng HTTP/1.1" 200 4677
185.10.104.196 - - [12/Jan/2015:11:42:54 -0500] "GET /BLA/resoluciones/AUTOS%202010/6609.pdf HTTP/1.1" 200 219509
186.31.141.174 - - [12/Jan/2015:11:42:57 -0500] "GET /BLA/resoluciones/RESOLUCIONES%202009/9801.pdf HTTP/1.1" 200 639785
186.31.141.174 - - [12/Jan/2015:11:42:58 -0500] "GET /BLA/resoluciones/RESOLUCIONES%202009/9801.pdf HTTP/1.1" 200 639785
91.238.123.191 - - [12/Jan/2015:11:42:59 -0500] "GET /BLA/resoluciones/RESOLUCIONES%202007/RES%202007%202001%20AL%202100/RESOLUCION%202087%20DE%202007.pdf HTTP/1.1" 200 369622
91.238.123.191 - - [12/Jan/2015:11:43:02 -0500] "GET /BLA/resoluciones/RESOLUCIONES%202007/RES%202007%202001%20AL%202100/RESOLUCION%202087%20DE%202007.pdf HTTP/1.1" 206 32768
91.238.123.191 - - [12/Jan/2015:11:43:04 -0500] "GET /BLA/resoluciones/RESOLUCIONES%202007/RES%202007%202001%20AL%202100/RESOLUCION%202087%20DE%202007.pdf HTTP/1.1" 206 336854
91.238.123.191 - - [12/Jan/2015:11:43:05 -0500] "GET /favicon.ico HTTP/1.1" 200 7782
180.76.4.229 - - [12/Jan/2015:11:43:40 -0500] "GET / HTTP/1.1" 302 -
66.249.67.83 - - [12/Jan/2015:11:43:08 -0500] "GET /BLA/boletinlegal/index.php HTTP/1.1" 200 49382
66.249.67.103 - - [12/Jan/2015:11:43:48 -0500] "GET /PruebasSTORM/StormSDA_pruebas/userFiles/user_files/formulas/2/35.xml HTTP/1.1" 200 2112
74.86.158.107 - - [12/Jan/2015:11:43:52 -0500] "HEAD / HTTP/1.1" 302 -
66.249.67.111 - - [12/Jan/2015:11:44:05 -0500] "GET /PruebasSTORM/StormSDA_pruebas/userFiles/user_files/formulas/2/46.xml HTTP/1.1" 200 1205
186.84.44.58 - - [12/Jan/2015:11:44:10 -0500] "POST /forms/lservlet;jsessionid=ac16012b30d5119b3910b34c44c69c548c7d89a14328.e3iSbxaKaheRe34SahiRb30Pchr0n6jAmljGr5XDqQLvpAe HTTP/1.1" 200 2
66.249.67.75 - - [12/Jan/2015:11:44:14 -0500] "GET /BLA/resoluciones/RESOLUCIONES%202004/RES%202004%20201-250/00000249.tif HTTP/1.1" 200 194718
190.156.91.79 - - [12/Jan/2015:11:44:19 -0500] "POST /forms/lservlet;jsessionid=ac16012b30d5b9c7596d463549dcbb039173fc01d604.e3iSbxaKaheRe34SahiRb30Pchr0n6jAmljGr5XDqQLvpAe HTTP/1.1" 200 2
188.165.15.79 - - [12/Jan/2015:11:44:24 -0500] "GET /BLA/resoluciones/index.php?dir=RESOLUCIONES%202005/RES%202005%20701-750/&sort=size&order=asc HTTP/1.1" 200 12247
66.249.67.111 - - [12/Jan/2015:11:44:34 -0500] "GET /PruebasSTORM/StormSDA_pruebas/userFiles/user_files/formulas/3/507.xml HTTP/1.1" 200 1001
186.29.203.131 - - [12/Jan/2015:11:44:46 -0500] "POST /forms/lservlet;jsessionid=ac16012b30d5b10e4f29f1924fbb8a83aef930aaa7e9.e3iSbxaKaheRe34SahiRb30Pchr0n6jAmljGr5XDqQLvpAe HTTP/1.1" 200 2
66.249.67.103 - - [12/Jan/2015:11:45:03 -0500] "GET /PruebasSTORM/StormSDA_pruebas/userFiles/user_files/formulas/2/2.xml HTTP/1.1" 200 1112
66.249.67.119 - - [12/Jan/2015:11:45:32 -0500] "GET /PruebasSTORM/StormSDA_pruebas/userFiles/user_files/formulas/2/57.xml HTTP/1.1" 200 940
186.86.201.229 - - [12/Jan/2015:11:45:36 -0500] "GET /BLA/boletinlegal/js/jquery.scrollTo-min.js HTTP/1.1" 200 1150
186.86.201.229 - - [12/Jan/2015:11:45:36 -0500] "GET /BLA/boletinlegal/js/jquery.js HTTP/1.1" 200 57254
186.86.201.229 - - [12/Jan/2015:11:45:36 -0500] "GET /BLA/boletinlegal/js/jquery.scrollShow.js HTTP/1.1" 200 4586
162.202.201.99 - - [12/Jan/2015:11:46:09 -0500] "GET /BLA/boletinlegal/js/jquery.js HTTP/1.1" 200 57254
162.202.201.99 - - [12/Jan/2015:11:46:09 -0500] "GET /BLA/boletinlegal/js/jquery.scrollTo-min.js HTTP/1.1" 200 1150
162.202.201.99 - - [12/Jan/2015:11:46:09 -0500] "GET /BLA/boletinlegal/js/jquery.scrollShow.js HTTP/1.1" 200 4586
186.84.44.58 - - [12/Jan/2015:11:46:10 -0500] "POST /forms/lservlet;jsessionid=ac16012b30d5119b3910b34c44c69c548c7d89a14328.e3iSbxaKaheRe34SahiRb30Pchr0n6jAmljGr5XDqQLvpAe HTTP/1.1" 200 2
190.156.91.79 - - [12/Jan/2015:11:46:19 -0500] "POST /forms/lservlet;jsessionid=ac16012b30d5b9c7596d463549dcbb039173fc01d604.e3iSbxaKaheRe34SahiRb30Pchr0n6jAmljGr5XDqQLvpAe HTTP/1.1" 200 2
66.249.67.111 - - [12/Jan/2015:11:46:29 -0500] "GET /PruebasSTORM/StormSDA_pruebas/userFiles/user_files/formulas/3/661.xml HTTP/1.1" 200 1050
186.29.203.131 - - [12/Jan/2015:11:46:46 -0500] "POST /forms/lservlet;jsessionid=ac16012b30d5b10e4f29f1924fbb8a83aef930aaa7e9.e3iSbxaKaheRe34SahiRb30Pchr0n6jAmljGr5XDqQLvpAe HTTP/1.1" 200 2
188.165.15.130 - - [12/Jan/2015:11:47:01 -0500] "GET /BLA/resoluciones/RESOLUCIONES%202002/RES%202002%20401-450/00000409.tif HTTP/1.1" 200 58344
186.29.54.175 - - [12/Jan/2015:11:47:20 -0500] "GET /BLA/boletinlegal/js/jquery.js HTTP/1.1" 200 57254
186.29.54.175 - - [12/Jan/2015:11:47:20 -0500] "GET /BLA/boletinlegal/js/jquery.scrollShow.js HTTP/1.1" 200 4586
186.29.54.175 - - [12/Jan/2015:11:47:20 -0500] "GET /BLA/boletinlegal/js/jquery.scrollTo-min.js HTTP/1.1" 200 1150
186.29.54.175 - - [12/Jan/2015:11:47:20 -0500] "GET /galeria/carrusel/Carrusel/jquery-ui-1.8.13.custom.min.js HTTP/1.1" 200 10800
186.29.54.175 - - [12/Jan/2015:11:47:20 -0500] "GET /galeria/carrusel/Carrusel/jquery.thumbnailScroller.css HTTP/1.1" 200 2066
186.29.54.175 - - [12/Jan/2015:11:47:20 -0500] "GET /galeria/carrusel/Carrusel/jquery.thumbnailScroller.js HTTP/1.1" 200 8157
186.29.54.175 - - [12/Jan/2015:11:47:23 -0500] "GET /galeria/nivo-slider/demo/demo.html HTTP/1.1" 200 3150
186.29.54.175 - - [12/Jan/2015:11:47:24 -0500] "GET /galeria/nivo-slider/themes/default/default.css HTTP/1.1" 200 1569
186.29.54.175 - - [12/Jan/2015:11:47:24 -0500] "GET /galeria/nivo-slider/themes/pascal/pascal.css HTTP/1.1" 200 2258
186.29.54.175 - - [12/Jan/2015:11:47:24 -0500] "GET /galeria/nivo-slider/themes/orman/orman.css HTTP/1.1" 200 2152
186.29.54.175 - - [12/Jan/2015:11:47:24 -0500] "GET /galeria/nivo-slider/nivo-slider.css HTTP/1.1" 200 1507
186.29.54.175 - - [12/Jan/2015:11:47:24 -0500] "GET /galeria/nivo-slider/demo/style.css HTTP/1.1" 200 2222
186.29.54.175 - - [12/Jan/2015:11:47:24 -0500] "GET /galeria/nivo-slider/demo/images/bolsas-08.jpg HTTP/1.1" 200 85589
186.29.54.175 - - [12/Jan/2015:11:47:24 -0500] "GET /galeria/nivo-slider/jquery.nivo.slider.pack.js HTTP/1.1" 200 11561
186.29.54.175 - - [12/Jan/2015:11:47:24 -0500] "GET /galeria/nivo-slider/demo/scripts/jquery-1.7.1.min.js HTTP/1.1" 200 93868
186.29.54.175 - - [12/Jan/2015:11:47:25 -0500] "GET /galeria/nivo-slider/demo/images/Ruta-vertimientos-01.jpg HTTP/1.1" 200 130151
186.29.54.175 - - [12/Jan/2015:11:47:25 -0500] "GET /galeria/nivo-slider/demo/images/bolsas-06.jpg HTTP/1.1" 200 90982
186.29.54.175 - - [12/Jan/2015:11:47:25 -0500] "GET /galeria/nivo-slider/demo/images/ecolecta-Dic2014.png HTTP/1.1" 200 288593
186.29.54.175 - - [12/Jan/2015:11:47:26 -0500] "GET /galeria/nivo-slider/demo/images/porloshumedales.jpg HTTP/1.1" 200 351238
186.29.54.175 - - [12/Jan/2015:11:47:26 -0500] "GET /galeria/nivo-slider/demo/images/Tingua-azul.jpg HTTP/1.1" 200 307638
186.29.54.175 - - [12/Jan/2015:11:47:26 -0500] "GET /galeria/nivo-slider/demo/images/9Signos.jpg HTTP/1.1" 200 93040
186.29.54.175 - - [12/Jan/2015:11:47:26 -0500] "GET /galeria/nivo-slider/demo/images/Banner-Caracol-Africano.jpg HTTP/1.1" 200 331986
186.29.54.175 - - [12/Jan/2015:11:47:26 -0500] "GET /galeria/nivo-slider/demo/images/banner-redes.jpg HTTP/1.1" 200 62209
66.249.67.119 - - [12/Jan/2015:11:47:27 -0500] "GET /portalsiaccapacitaciones/Soportes%20Capacitaciones%20A%C3%B1o%202013/0006.%20Capaciaci%C3%B3n%20Metodolog%C3%ADa%20Protocolo%20GHG%20.pdf HTTP/1.1" 304 -
186.29.54.175 - - [12/Jan/2015:11:47:27 -0500] "GET /galeria/nivo-slider/demo/images/banner-caballos.png HTTP/1.1" 200 389106
186.29.54.175 - - [12/Jan/2015:11:47:27 -0500] "GET /galeria/nivo-slider/demo/images/banner-llantas2.jpg HTTP/1.1" 200 73153
188.165.15.79 - - [12/Jan/2015:11:47:29 -0500] "GET /BLA/resoluciones/RESOLUCIONES%202005/RES%202005%202251-2300/00002280.tif HTTP/1.1" 200 132972
186.29.54.175 - - [12/Jan/2015:11:47:29 -0500] "GET /galeria/nivo-slider/themes/default/loading.gif HTTP/1.1" 200 1737
186.29.54.175 - - [12/Jan/2015:11:47:29 -0500] "GET /galeria/nivo-slider/demo/images/4Simple_Slider.png HTTP/1.1" 200 11722
180.76.5.20 - - [12/Jan/2015:11:47:34 -0500] "GET /BLA/resoluciones/index.php?dir=RESOLUCIONES%202007/RES%202007%201%20AL%20100/&sort=size&order=desc HTTP/1.1" 200 26174
66.249.67.103 - - [12/Jan/2015:11:47:55 -0500] "GET /POT-2013/index.php?dir=memoria+justificativa%2F HTTP/1.1" 200 2484
186.84.44.58 - - [12/Jan/2015:11:48:10 -0500] "POST /forms/lservlet;jsessionid=ac16012b30d5119b3910b34c44c69c548c7d89a14328.e3iSbxaKaheRe34SahiRb30Pchr0n6jAmljGr5XDqQLvpAe HTTP/1.1" 200 2
180.76.6.64 - - [12/Jan/2015:11:48:13 -0500] "GET /BLA/resoluciones/RESOLUCIONES%202007/RES%202007%20101%20AL%20200/RESOLUCION%200124%20%20DE%202007.pdf HTTP/1.1" 200 392554
190.156.91.79 - - [12/Jan/2015:11:48:19 -0500] "POST /forms/lservlet;jsessionid=ac16012b30d5b9c7596d463549dcbb039173fc01d604.e3iSbxaKaheRe34SahiRb30Pchr0n6jAmljGr5XDqQLvpAe HTTP/1.1" 200 2
186.29.54.175 - - [12/Jan/2015:11:48:21 -0500] "GET /galeria/nivo-slider/themes/default/arrows.png HTTP/1.1" 200 824
186.29.54.175 - - [12/Jan/2015:11:48:21 -0500] "GET /galeria/nivo-slider/themes/default/bullets.png HTTP/1.1" 200 1281
186.29.54.175 - - [12/Jan/2015:11:48:22 -0500] "GET /videos/Spot_CambioClimatico.flv HTTP/1.1" 200 4371917
66.249.67.111 - - [12/Jan/2015:11:48:24 -0500] "GET /BLA/boletinlegal/Circulares/2012/Circular%20No.%201%20del%2017%20de%20Enero%20de%202012.pdf HTTP/1.1" 304 -
