!C99Shell v. 1.0 pre-release build #13!

Software: Apache. PHP/5.5.15 

uname -a: Windows NT SVR-DMZ 6.1 build 7600 (Windows Server 2008 R2 Enterprise Edition) i586 

SYSTEM 

Safe-mode: OFF (not secure)

E:\nuevo\apache\logs\   drwxrwxrwx
Free 8.02 GB of 239.26 GB (3.35%)
Detected drives: [ a ] [ c ] [ d ] [ e ] [ f ]
Home    Back    Forward    UPDIR    Refresh    Search    Buffer    Encoder    Tools    Proc.    FTP brute    Sec.    SQL    PHP-code    Update    Feedback    Self remove    Logout    


Viewing file:     access.2015.01.12.log (4.39 MB)      -rw-rw-rw-
Select action/file-type:
(+) | (+) | (+) | Code (+) | Session (+) | (+) | SDB (+) | (+) | (+) | (+) | (+) | (+) |
186.154.84.82 - - [12/Jan/2015:00:00:13 -0500] "GET /forest/usutareas.do?group_system_actual=3&a=0.8449943463783711 HTTP/1.1" 200 19879
186.154.84.82 - - [12/Jan/2015:00:00:13 -0500] "GET /forest/session.jsp?a=0.8122660529334098 HTTP/1.1" 200 4
186.154.84.82 - - [12/Jan/2015:00:00:16 -0500] "GET /forest/misactividades.do?_a=0.3609793265350163&group_system_actual=3 HTTP/1.1" 200 37897
186.154.84.82 - - [12/Jan/2015:00:00:16 -0500] "GET /forest/session.jsp?a=0.2547438610345125 HTTP/1.1" 200 4
186.154.84.82 - - [12/Jan/2015:00:00:16 -0500] "POST /forest/misactividades.do?ajax=true&a=0.9733107457868755 HTTP/1.1" 200 14407
66.249.64.163 - - [12/Jan/2015:00:00:45 -0500] "GET /BLA/resoluciones/AUTOS%202007/2771.pdf HTTP/1.1" 200 78764
201.244.30.44 - - [12/Jan/2015:00:01:21 -0500] "POST /forms/lservlet;jsessionid=ac16012b30d53f205f23f511410baf98acc49e06fe05.e3iSbxaKaheRe34SahiRb30Pchr0n6jAmljGr5XDqQLvpAe HTTP/1.1" 200 2
186.154.84.82 - - [12/Jan/2015:00:01:32 -0500] "GET /forest/usutareas.do?_a=0.2896745796315372&group_system_actual=3 HTTP/1.1" 200 118698
186.154.84.82 - - [12/Jan/2015:00:01:34 -0500] "GET /forest/session.jsp?a=0.3100853601936251 HTTP/1.1" 200 4
186.154.84.82 - - [12/Jan/2015:00:01:37 -0500] "GET /forest/borrador/1584353/Registro%20de%20vertimientos.docx HTTP/1.1" 200 101503
66.249.64.163 - - [12/Jan/2015:00:01:42 -0500] "GET /BLA/resoluciones/RESOLUCIONES%202007/RES%202007%20901%20AL%201000/RESOLUCION%200945%20DE%202007.pdf HTTP/1.1" 200 669462
181.142.206.226 - - [12/Jan/2015:00:01:45 -0500] "GET /autoliquidacion HTTP/1.1" 301 310
181.142.206.226 - - [12/Jan/2015:00:01:45 -0500] "GET /autoliquidacion/ HTTP/1.1" 200 6375
181.142.206.226 - - [12/Jan/2015:00:01:46 -0500] "GET /autoliquidacion/dlf/styles.css HTTP/1.1" 200 3045
181.142.206.226 - - [12/Jan/2015:00:01:46 -0500] "GET /autoliquidacion/dlf/folder.png HTTP/1.1" 200 410
181.142.206.226 - - [12/Jan/2015:00:01:46 -0500] "GET /autoliquidacion/dlf/bg.gif HTTP/1.1" 200 54
66.249.64.163 - - [12/Jan/2015:00:01:51 -0500] "GET /BLA/resoluciones/RESOLUCIONES%202003/RES%202003%20251-300/287.tif HTTP/1.1" 200 163720
66.249.64.167 - - [12/Jan/2015:00:01:52 -0500] "GET /videos/galeria-cronicas/skin/blue.monday/jplayer.blue.monday.css HTTP/1.1" 200 12518
181.142.206.226 - - [12/Jan/2015:00:02:00 -0500] "GET /autoliquidacion/index.php?dir=Solicitudes+relacionadas+con+calidad+del+aire+auditiva+y+visual%2F HTTP/1.1" 200 5748
181.142.206.226 - - [12/Jan/2015:00:02:00 -0500] "GET /autoliquidacion/dlf/dirup.png HTTP/1.1" 200 644
186.154.84.82 - - [12/Jan/2015:00:01:55 -0500] "GET /forest/documentos/1938945/2014ER168562.pdf HTTP/1.1" 200 2730716
66.249.64.167 - - [12/Jan/2015:00:02:38 -0500] "GET /BLA/resoluciones/RESOLUCIONES%202011/2607.pdf HTTP/1.1" 304 -
157.55.39.40 - - [12/Jan/2015:00:02:46 -0500] "GET /dama/libreria/pdf/formularios/formato_listachequeo_flora.pdf HTTP/1.1" 404 1019
157.55.39.23 - - [12/Jan/2015:00:02:58 -0500] "GET /BLA/resoluciones/AUTOS%202010/2227.pdf HTTP/1.1" 200 1953045
157.55.39.23 - - [12/Jan/2015:00:02:59 -0500] "GET /BLA/resoluciones/AUTOS%202012/2851.pdf HTTP/1.1" 200 374526
201.244.30.44 - - [12/Jan/2015:00:03:21 -0500] "POST /forms/lservlet;jsessionid=ac16012b30d53f205f23f511410baf98acc49e06fe05.e3iSbxaKaheRe34SahiRb30Pchr0n6jAmljGr5XDqQLvpAe HTTP/1.1" 200 2
180.76.6.159 - - [12/Jan/2015:00:03:22 -0500] "GET /BLA/resoluciones/RESOLUCIONES%202007/RES%202007%20601%20AL%20700/RESOLUCION%200671%20DE%202007.pdf HTTP/1.1" 200 203527
66.249.64.163 - - [12/Jan/2015:00:03:26 -0500] "GET /BLA/resoluciones/index.php?dir=RESOLUCIONES%202002/RES%202002%201201-1250/&sort=name&order=asc HTTP/1.1" 200 12151
66.249.64.171 - - [12/Jan/2015:00:03:35 -0500] "GET /BLA/resoluciones/RESOLUCIONES%202013/1041.pdf HTTP/1.1" 200 3093114
66.249.64.163 - - [12/Jan/2015:00:03:48 -0500] "GET /BLA/resoluciones/RESOLUCIONES%202005/RES%202005%201-50/00000040.tif HTTP/1.1" 200 253818
74.86.158.107 - - [12/Jan/2015:00:03:53 -0500] "HEAD / HTTP/1.1" 302 -
186.154.84.82 - - [12/Jan/2015:00:03:57 -0500] "GET /forest/actions/forms.getList?codForm=revctvertimientos&id=finciodestino4&text=Sandra%20Milena%20Moncada%20Saavedra HTTP/1.1" 200 68
186.154.84.82 - - [12/Jan/2015:00:03:57 -0500] "GET /forest/actions/forms.getList?codForm=revctvertimientos&id=finciodestino4&text=Sandra%20Milena%20Moncada%20Saavedr HTTP/1.1" 200 68
186.154.84.82 - - [12/Jan/2015:00:03:58 -0500] "GET /forest/actions/forms.getList?codForm=revctvertimientos&id=finciodestino4&text=Sandra%20Milena%20Moncada%20Saaved HTTP/1.1" 200 68
186.154.84.82 - - [12/Jan/2015:00:03:58 -0500] "GET /forest/actions/forms.getList?codForm=revctvertimientos&id=finciodestino4&text=Sandra%20Milena%20Moncada%20Saave HTTP/1.1" 200 68
186.154.84.82 - - [12/Jan/2015:00:03:58 -0500] "GET /forest/actions/forms.getList?codForm=revctvertimientos&id=finciodestino4&text=Sandra%20Milena%20Moncada%20Saav HTTP/1.1" 200 68
186.154.84.82 - - [12/Jan/2015:00:03:58 -0500] "GET /forest/actions/forms.getList?codForm=revctvertimientos&id=finciodestino4&text=Sandra%20Milena%20Moncada%20Saa HTTP/1.1" 200 68
186.154.84.82 - - [12/Jan/2015:00:03:58 -0500] "GET /forest/actions/forms.getList?codForm=revctvertimientos&id=finciodestino4&text=Sandra%20Milena%20Moncada%20Sa HTTP/1.1" 200 68
186.154.84.82 - - [12/Jan/2015:00:03:58 -0500] "GET /forest/actions/forms.getList?codForm=revctvertimientos&id=finciodestino4&text=Sandra%20Milena%20Moncada%20S HTTP/1.1" 200 68
186.154.84.82 - - [12/Jan/2015:00:03:58 -0500] "GET /forest/actions/forms.getList?codForm=revctvertimientos&id=finciodestino4&text=Sandra%20Milena%20Moncada%20 HTTP/1.1" 200 68
186.154.84.82 - - [12/Jan/2015:00:03:58 -0500] "GET /forest/actions/forms.getList?codForm=revctvertimientos&id=finciodestino4&text=Sandra%20Milena%20Moncada HTTP/1.1" 200 68
186.154.84.82 - - [12/Jan/2015:00:03:58 -0500] "GET /forest/actions/forms.getList?codForm=revctvertimientos&id=finciodestino4&text=Sandra%20Milena%20Moncad HTTP/1.1" 200 68
186.154.84.82 - - [12/Jan/2015:00:03:58 -0500] "GET /forest/actions/forms.getList?codForm=revctvertimientos&id=finciodestino4&text=Sandra%20Milena%20Monca HTTP/1.1" 200 68
186.154.84.82 - - [12/Jan/2015:00:03:58 -0500] "GET /forest/actions/forms.getList?codForm=revctvertimientos&id=finciodestino4&text=Sandra%20Milena%20Monc HTTP/1.1" 200 68
186.154.84.82 - - [12/Jan/2015:00:03:58 -0500] "GET /forest/actions/forms.getList?codForm=revctvertimientos&id=finciodestino4&text=Sandra%20Milena%20Mon HTTP/1.1" 200 68
186.154.84.82 - - [12/Jan/2015:00:03:58 -0500] "GET /forest/actions/forms.getList?codForm=revctvertimientos&id=finciodestino4&text=Sandra%20Milena%20Mo HTTP/1.1" 200 68
186.154.84.82 - - [12/Jan/2015:00:03:58 -0500] "GET /forest/actions/forms.getList?codForm=revctvertimientos&id=finciodestino4&text=Sandra%20Milena%20M HTTP/1.1" 200 135
186.154.84.82 - - [12/Jan/2015:00:03:58 -0500] "GET /forest/actions/forms.getList?codForm=revctvertimientos&id=finciodestino4&text=Sandra%20Milena%20 HTTP/1.1" 200 1148
186.154.84.82 - - [12/Jan/2015:00:03:58 -0500] "GET /forest/actions/forms.getList?codForm=revctvertimientos&id=finciodestino4&text=Sandra%20Milena HTTP/1.1" 200 1139
186.154.84.82 - - [12/Jan/2015:00:03:58 -0500] "GET /forest/actions/forms.getList?codForm=revctvertimientos&id=finciodestino4&text=Sandra%20Milen HTTP/1.1" 200 1139
186.154.84.82 - - [12/Jan/2015:00:03:58 -0500] "GET /forest/actions/forms.getList?codForm=revctvertimientos&id=finciodestino4&text=Sandra%20Mile HTTP/1.1" 200 1139
186.154.84.82 - - [12/Jan/2015:00:03:58 -0500] "GET /forest/actions/forms.getList?codForm=revctvertimientos&id=finciodestino4&text=Sandra%20Mil HTTP/1.1" 200 1139
186.154.84.82 - - [12/Jan/2015:00:03:58 -0500] "GET /forest/actions/forms.getList?codForm=revctvertimientos&id=finciodestino4&text=Sandra%20Mi HTTP/1.1" 200 1139
186.154.84.82 - - [12/Jan/2015:00:03:58 -0500] "GET /forest/actions/forms.getList?codForm=revctvertimientos&id=finciodestino4&text=Sandra%20M HTTP/1.1" 200 1139
186.154.84.82 - - [12/Jan/2015:00:03:59 -0500] "GET /forest/actions/forms.getList?codForm=revctvertimientos&id=finciodestino4&text=Sandra%20 HTTP/1.1" 200 1043
186.154.84.82 - - [12/Jan/2015:00:03:59 -0500] "GET /forest/actions/forms.getList?codForm=revctvertimientos&id=finciodestino4&text=Sandra HTTP/1.1" 200 869
186.154.84.82 - - [12/Jan/2015:00:04:00 -0500] "GET /forest/actions/forms.getList?codForm=revctvertimientos&id=finciodestino4&text=Sandra. HTTP/1.1" 200 1337
186.154.84.82 - - [12/Jan/2015:00:04:00 -0500] "GET /forest/actions/forms.getList?codForm=revctvertimientos&id=finciodestino4&text=Sandra.M HTTP/1.1" 200 618
186.154.84.82 - - [12/Jan/2015:00:04:00 -0500] "GET /forest/actions/forms.getList?codForm=revctvertimientos&id=finciodestino4&text=Sandra.MO HTTP/1.1" 200 423
186.154.84.82 - - [12/Jan/2015:00:04:00 -0500] "GET /forest/actions/forms.getList?codForm=revctvertimientos&id=finciodestino4&text=Sandra.MON HTTP/1.1" 200 286
186.154.84.82 - - [12/Jan/2015:00:04:00 -0500] "GET /forest/actions/forms.getList?codForm=revctvertimientos&id=finciodestino4&text=Sandra.MONT HTTP/1.1" 200 219
186.154.84.82 - - [12/Jan/2015:00:04:01 -0500] "GET /forest/actions/forms.getList?codForm=revctvertimientos&id=finciodestino4&text=Sandra.MONTO HTTP/1.1" 200 144
186.154.84.82 - - [12/Jan/2015:00:04:01 -0500] "GET /forest/actions/forms.getList?codForm=revctvertimientos&id=finciodestino4&text=Sandra.MONTOY HTTP/1.1" 200 144
186.154.84.82 - - [12/Jan/2015:00:04:01 -0500] "GET /forest/actions/forms.getList?codForm=revctvertimientos&id=finciodestino4&text=Sandra.MONTOYA HTTP/1.1" 200 144
186.154.84.82 - - [12/Jan/2015:00:04:05 -0500] "POST /forest/usutareas.do? HTTP/1.1" 200 76
186.154.84.82 - - [12/Jan/2015:00:04:08 -0500] "GET /forest/usutareas.do?group_system_actual=3&a=0.09584412118420005 HTTP/1.1" 200 19879
186.154.84.82 - - [12/Jan/2015:00:04:09 -0500] "GET /forest/session.jsp?a=0.6719351874198765 HTTP/1.1" 200 4
66.249.64.167 - - [12/Jan/2015:00:04:32 -0500] "GET /BLA/resoluciones/RESOLUCIONES%202007/RES%202007%20101%20AL%20200/RESOLUCION%200156%20DE%202007.pdf HTTP/1.1" 304 -
186.154.84.82 - - [11/Jan/2015:23:58:39 -0500] "GET /ForestMSG_SDA/channelAsync/template_word_17192050?X-Atmosphere-tracking-id=48e8330c-bfe0-e21b-5eba-b98548ceebc8&X-Atmosphere-Framework=1.0.5&X-Atmosphere-Transport=long-polling&tabid=0.8285535494796932&X-Cache-Date=0&Content-Type=application/xml&_=1421038919203 HTTP/1.1" 200 8193
186.154.84.82 - - [12/Jan/2015:00:04:42 -0500] "GET /forest/misactividades.do?_a=0.2673371459823102&group_system_actual=3 HTTP/1.1" 200 37897
186.154.84.82 - - [12/Jan/2015:00:04:42 -0500] "GET /forest/session.jsp?a=0.5656042338814586 HTTP/1.1" 200 4
186.154.84.82 - - [12/Jan/2015:00:04:42 -0500] "POST /forest/misactividades.do?ajax=true&a=0.10100343520753086 HTTP/1.1" 200 13836
180.76.6.133 - - [12/Jan/2015:00:05:01 -0500] "GET /BLA/resoluciones/AUTOS%202010/5524.pdf HTTP/1.1" 200 203254
201.244.30.44 - - [12/Jan/2015:00:05:21 -0500] "POST /forms/lservlet;jsessionid=ac16012b30d53f205f23f511410baf98acc49e06fe05.e3iSbxaKaheRe34SahiRb30Pchr0n6jAmljGr5XDqQLvpAe HTTP/1.1" 200 2
66.249.64.163 - - [12/Jan/2015:00:05:28 -0500] "GET /BLA/resoluciones/RESOLUCIONES%202009/2840.pdf HTTP/1.1" 304 -
207.46.13.133 - - [12/Jan/2015:00:05:32 -0500] "GET /bla/resoluciones/autos%202010/0609.pdf HTTP/1.1" 200 155304
186.154.84.82 - - [12/Jan/2015:00:05:42 -0500] "GET /forest/usutareas.do?_a=0.6559742852114141&group_system_actual=3 HTTP/1.1" 200 119035
186.154.84.82 - - [12/Jan/2015:00:05:44 -0500] "GET /forest/session.jsp?a=0.6130262685474008 HTTP/1.1" 200 4
186.154.84.82 - - [12/Jan/2015:00:05:45 -0500] "GET /forest/borrador/1584363/Registro%20de%20vertimientos.docx HTTP/1.1" 200 99521
186.154.84.82 - - [12/Jan/2015:00:05:50 -0500] "GET /forest/borrador/1584363/Registro%20de%20vertimientos.docx HTTP/1.1" 200 99521
186.154.84.82 - - [12/Jan/2015:00:06:16 -0500] "GET /forest/borrador/1584363/Registro%20de%20vertimientos.docx HTTP/1.1" 200 99521
66.249.64.167 - - [12/Jan/2015:00:06:23 -0500] "GET /BLA/boletinlegal/Circulares/2012/Circular%20No.%2014%20del%2011%20de%20Septiembre%20de%202012.pdf HTTP/1.1" 200 3427471
66.249.64.163 - - [12/Jan/2015:00:06:28 -0500] "GET /BLA/resoluciones/RESOLUCIONES%202009/7665.pdf HTTP/1.1" 200 490943
186.154.84.82 - - [12/Jan/2015:00:06:22 -0500] "GET /forest/documentos/1932027/2014ER161646.pdf HTTP/1.1" 200 4269946
157.55.39.23 - - [12/Jan/2015:00:07:04 -0500] "GET /bla/resoluciones/autos%202010/6397.pdf HTTP/1.1" 200 169163
201.244.30.44 - - [12/Jan/2015:00:07:21 -0500] "POST /forms/lservlet;jsessionid=ac16012b30d53f205f23f511410baf98acc49e06fe05.e3iSbxaKaheRe34SahiRb30Pchr0n6jAmljGr5XDqQLvpAe HTTP/1.1" 200 2
66.249.64.167 - - [12/Jan/2015:00:07:22 -0500] "GET /BLA/ HTTP/1.1" 200 538
186.154.84.82 - - [12/Jan/2015:00:01:34 -0500] "GET /ForestMSG_SDA/channelAsync/template_word_17192116?X-Atmosphere-tracking-id=c9b9c5eb-6349-14d8-e987-f2f68a526ad0&X-Atmosphere-Framework=1.0.5&X-Atmosphere-Transport=long-polling&tabid=0.10959174134768546&X-Cache-Date=0&Content-Type=application/xml&_=1421039093479 HTTP/1.1" 200 8193
186.154.84.82 - - [12/Jan/2015:00:07:55 -0500] "GET /forest/actions/forms.getList?codForm=revctvertimientos&id=FuncionarioOrigen5&text=T HTTP/1.1" 200 1170
186.154.84.82 - - [12/Jan/2015:00:07:56 -0500] "GET /forest/actions/forms.getList?codForm=revctvertimientos&id=FuncionarioOrigen5&text=TA HTTP/1.1" 200 1238
186.154.84.82 - - [12/Jan/2015:00:07:56 -0500] "GET /forest/actions/forms.getList?codForm=revctvertimientos&id=FuncionarioOrigen5&text=TAT HTTP/1.1" 200 1147
186.154.84.82 - - [12/Jan/2015:00:07:57 -0500] "GET /forest/actions/forms.getList?codForm=revctvertimientos&id=FuncionarioOrigen5&text=TATI HTTP/1.1" 200 1103
186.154.84.82 - - [12/Jan/2015:00:07:57 -0500] "GET /forest/actions/forms.getList?codForm=revctvertimientos&id=FuncionarioOrigen5&text=TATIA HTTP/1.1" 200 1103
186.154.84.82 - - [12/Jan/2015:00:07:57 -0500] "GET /forest/actions/forms.getList?codForm=revctvertimientos&id=FuncionarioOrigen5&text=TATIAN HTTP/1.1" 200 1103
186.154.84.82 - - [12/Jan/2015:00:07:57 -0500] "GET /forest/actions/forms.getList?codForm=revctvertimientos&id=FuncionarioOrigen5&text=TATIANA HTTP/1.1" 200 1103
186.154.84.82 - - [12/Jan/2015:00:07:59 -0500] "GET /forest/actions/forms.getList?codForm=revctvertimientos&id=FuncionarioOrigen5&text=TATIANA. HTTP/1.1" 200 567
186.154.84.82 - - [12/Jan/2015:00:07:59 -0500] "GET /forest/actions/forms.getList?codForm=revctvertimientos&id=FuncionarioOrigen5&text=TATIANA.V HTTP/1.1" 200 124
186.154.84.82 - - [12/Jan/2015:00:07:59 -0500] "GET /forest/actions/forms.getList?codForm=revctvertimientos&id=FuncionarioOrigen5&text=TATIANA.VE HTTP/1.1" 200 59
186.154.84.82 - - [12/Jan/2015:00:07:59 -0500] "GET /forest/actions/forms.getList?codForm=revctvertimientos&id=FuncionarioOrigen5&text=TATIANA.VEL HTTP/1.1" 200 59
186.154.84.82 - - [12/Jan/2015:00:08:00 -0500] "GET /forest/actions/forms.getList?codForm=revctvertimientos&id=FuncionarioOrigen5&text=TATIANA.VELO HTTP/1.1" 200 59
157.55.39.23 - - [12/Jan/2015:00:08:00 -0500] "GET /BLA/resoluciones/AUTOS%202012/2157.pdf HTTP/1.1" 200 1745478
157.55.39.23 - - [12/Jan/2015:00:08:43 -0500] "GET /bla/resoluciones/resoluciones%202009/9486.pdf HTTP/1.1" 200 831296
74.86.158.107 - - [12/Jan/2015:00:08:53 -0500] "HEAD / HTTP/1.1" 302 -
186.154.84.82 - - [12/Jan/2015:00:08:56 -0500] "POST /forest/usutareas.do? HTTP/1.1" 200 76
201.244.30.44 - - [12/Jan/2015:00:09:21 -0500] "POST /forms/lservlet;jsessionid=ac16012b30d53f205f23f511410baf98acc49e06fe05.e3iSbxaKaheRe34SahiRb30Pchr0n6jAmljGr5XDqQLvpAe HTTP/1.1" 200 2
186.154.84.82 - - [12/Jan/2015:00:09:22 -0500] "GET /forest/usutareas.do?group_system_actual=3&a=0.8463793925475329 HTTP/1.1" 200 19879
186.154.84.82 - - [12/Jan/2015:00:09:23 -0500] "GET /forest/session.jsp?a=0.48028963757678866 HTTP/1.1" 200 4
186.154.84.82 - - [12/Jan/2015:00:09:26 -0500] "GET /forest/misactividades.do?_a=0.375117352232337&group_system_actual=3 HTTP/1.1" 200 37897
186.154.84.82 - - [12/Jan/2015:00:09:26 -0500] "GET /forest/session.jsp?a=0.2302365128416568 HTTP/1.1" 200 4
186.154.84.82 - - [12/Jan/2015:00:09:26 -0500] "POST /forest/misactividades.do?ajax=true&a=0.2526023196987808 HTTP/1.1" 200 13229
190.25.232.143 - - [12/Jan/2015:00:09:45 -0500] "GET /StormSDA/stormWeb/presentacion.html HTTP/1.1" 304 -
201.141.72.75 - - [12/Jan/2015:00:10:24 -0500] "GET /BLA/boletinlegal/js/jquery.js HTTP/1.1" 200 57254
201.141.72.75 - - [12/Jan/2015:00:10:24 -0500] "GET /BLA/boletinlegal/js/jquery.scrollTo-min.js HTTP/1.1" 200 1150
201.141.72.75 - - [12/Jan/2015:00:10:24 -0500] "GET /BLA/boletinlegal/js/jquery.scrollShow.js HTTP/1.1" 200 4586
186.154.84.82 - - [12/Jan/2015:00:10:33 -0500] "GET /forest/usutareas.do?_a=0.9002786765340716&group_system_actual=3 HTTP/1.1" 200 119071
186.154.84.82 - - [12/Jan/2015:00:10:35 -0500] "GET /forest/session.jsp?a=0.11223595100454986 HTTP/1.1" 200 4
180.76.5.143 - - [12/Jan/2015:00:10:37 -0500] "GET /BLA/boletinlegal;jsessionid=9D14177C1EE10EE93EECAF7DCDA25D44?/? HTTP/1.1" 404 1018
157.55.39.23 - - [12/Jan/2015:00:10:46 -0500] "GET /bla/resoluciones/autos%202010/1396.pdf HTTP/1.1" 200 241057
186.154.84.82 - - [12/Jan/2015:00:10:57 -0500] "GET /forest/borrador/1584379/Registro%20de%20vertimientos.docx HTTP/1.1" 200 105679
180.76.5.66 - - [12/Jan/2015:00:11:15 -0500] "GET /BLA/boletinlegal;jsessionid=72BB9A1A14A2DC96E32ABA1EC6715B33?/? HTTP/1.1" 404 1018
201.244.30.44 - - [12/Jan/2015:00:11:21 -0500] "POST /forms/lservlet;jsessionid=ac16012b30d53f205f23f511410baf98acc49e06fe05.e3iSbxaKaheRe34SahiRb30Pchr0n6jAmljGr5XDqQLvpAe HTTP/1.1" 200 2
186.154.84.82 - - [12/Jan/2015:00:05:44 -0500] "GET /ForestMSG_SDA/channelAsync/template_word_17192127?X-Atmosphere-tracking-id=3b33ae65-27c6-2ca6-fffd-364fc44f5a13&X-Atmosphere-Framework=1.0.5&X-Atmosphere-Transport=long-polling&tabid=0.3792600252199918&X-Cache-Date=0&Content-Type=application/xml&_=1421039343337 HTTP/1.1" 200 8193
186.154.84.82 - - [12/Jan/2015:00:11:37 -0500] "GET /forest/documentos/1937874/2014ER167491.pdf HTTP/1.1" 200 2101127
180.76.6.14 - - [12/Jan/2015:00:11:54 -0500] "GET /BLA/boletinlegal;jsessionid=28B99DA86D500A2FA0B97978518A7EC9?/? HTTP/1.1" 404 1018
189.217.73.68 - - [12/Jan/2015:00:12:18 -0500] "GET /BLA/boletinlegal/js/jquery.js HTTP/1.1" 200 57254
189.217.73.68 - - [12/Jan/2015:00:12:18 -0500] "GET /BLA/boletinlegal/js/jquery.scrollTo-min.js HTTP/1.1" 200 1150
189.217.73.68 - - [12/Jan/2015:00:12:18 -0500] "GET /BLA/boletinlegal/js/jquery.scrollShow.js HTTP/1.1" 200 4586
189.217.73.68 - - [12/Jan/2015:00:12:18 -0500] "GET /galeria/carrusel/Carrusel/jquery.thumbnailScroller.css HTTP/1.1" 200 2066
189.217.73.68 - - [12/Jan/2015:00:12:18 -0500] "GET /galeria/carrusel/Carrusel/jquery-ui-1.8.13.custom.min.js HTTP/1.1" 200 10800
189.217.73.68 - - [12/Jan/2015:00:12:18 -0500] "GET /galeria/carrusel/Carrusel/jquery.thumbnailScroller.js HTTP/1.1" 200 8157
66.249.64.171 - - [12/Jan/2015:00:13:03 -0500] "GET /BLA/resoluciones/RESOLUCIONES%202005/RES%202005%201-50/00000035.tif HTTP/1.1" 200 128336
66.249.64.167 - - [12/Jan/2015:00:13:07 -0500] "GET /BLA/resoluciones/RESOLUCIONES%202010/1402.pdf HTTP/1.1" 200 887158
66.249.64.171 - - [12/Jan/2015:00:13:13 -0500] "GET /BLA/boletinlegal/Circulares/2012/Circular%20No.%2013%20del%2006%20de%20Septiembre%20de%202012.pdf HTTP/1.1" 200 351421
201.244.30.44 - - [12/Jan/2015:00:13:21 -0500] "POST /forms/lservlet;jsessionid=ac16012b30d53f205f23f511410baf98acc49e06fe05.e3iSbxaKaheRe34SahiRb30Pchr0n6jAmljGr5XDqQLvpAe HTTP/1.1" 200 2
186.154.84.82 - - [12/Jan/2015:00:13:28 -0500] "GET /forest/actions/forms.getList?codForm=revctvertimientos&id=FuncionarioOrigen5&text=T HTTP/1.1" 200 1170
186.154.84.82 - - [12/Jan/2015:00:13:29 -0500] "GET /forest/actions/forms.getList?codForm=revctvertimientos&id=FuncionarioOrigen5&text=TA HTTP/1.1" 200 1238
186.154.84.82 - - [12/Jan/2015:00:13:29 -0500] "GET /forest/actions/forms.getList?codForm=revctvertimientos&id=FuncionarioOrigen5&text=TAT HTTP/1.1" 200 1147
186.154.84.82 - - [12/Jan/2015:00:13:30 -0500] "GET /forest/actions/forms.getList?codForm=revctvertimientos&id=FuncionarioOrigen5&text=TATI HTTP/1.1" 200 1103
186.154.84.82 - - [12/Jan/2015:00:13:30 -0500] "GET /forest/actions/forms.getList?codForm=revctvertimientos&id=FuncionarioOrigen5&text=TATIA HTTP/1.1" 200 1103
186.154.84.82 - - [12/Jan/2015:00:13:30 -0500] "GET /forest/actions/forms.getList?codForm=revctvertimientos&id=FuncionarioOrigen5&text=TATIAN HTTP/1.1" 200 1103
186.154.84.82 - - [12/Jan/2015:00:13:30 -0500] "GET /forest/actions/forms.getList?codForm=revctvertimientos&id=FuncionarioOrigen5&text=TATIANA HTTP/1.1" 200 1103
186.154.84.82 - - [12/Jan/2015:00:13:31 -0500] "GET /forest/actions/forms.getList?codForm=revctvertimientos&id=FuncionarioOrigen5&text=TATIANA. HTTP/1.1" 200 567
186.154.84.82 - - [12/Jan/2015:00:13:31 -0500] "GET /forest/actions/forms.getList?codForm=revctvertimientos&id=FuncionarioOrigen5&text=TATIANA.V HTTP/1.1" 200 124
186.154.84.82 - - [12/Jan/2015:00:13:31 -0500] "GET /forest/actions/forms.getList?codForm=revctvertimientos&id=FuncionarioOrigen5&text=TATIANA.VE HTTP/1.1" 200 59
186.154.84.82 - - [12/Jan/2015:00:13:32 -0500] "GET /forest/actions/forms.getList?codForm=revctvertimientos&id=FuncionarioOrigen5&text=TATIANA.VEL HTTP/1.1" 200 59
186.154.84.82 - - [12/Jan/2015:00:13:32 -0500] "GET /forest/actions/forms.getList?codForm=revctvertimientos&id=FuncionarioOrigen5&text=TATIANA.VELO HTTP/1.1" 200 59
186.154.84.82 - - [12/Jan/2015:00:13:32 -0500] "GET /forest/actions/forms.getList?codForm=revctvertimientos&id=FuncionarioOrigen5&text=TATIANA.VELOZ HTTP/1.1" 200 59
186.154.84.82 - - [12/Jan/2015:00:13:32 -0500] "GET /forest/actions/forms.getList?codForm=revctvertimientos&id=FuncionarioOrigen5&text=TATIANA.VELOZA HTTP/1.1" 200 59
74.86.158.107 - - [12/Jan/2015:00:13:53 -0500] "HEAD / HTTP/1.1" 302 -
181.59.37.10 - - [12/Jan/2015:00:14:25 -0500] "GET /BLA/boletinlegal/js/jquery.js HTTP/1.1" 200 57254
181.59.37.10 - - [12/Jan/2015:00:14:25 -0500] "GET /BLA/boletinlegal/js/jquery.scrollTo-min.js HTTP/1.1" 200 1150
181.59.37.10 - - [12/Jan/2015:00:14:25 -0500] "GET /BLA/boletinlegal/js/jquery.scrollShow.js HTTP/1.1" 200 4586
157.55.39.23 - - [12/Jan/2015:00:14:49 -0500] "GET /bla/resoluciones/autos%202010/5570.pdf HTTP/1.1" 200 146856
186.154.84.82 - - [12/Jan/2015:00:14:55 -0500] "POST /forest/usutareas.do? HTTP/1.1" 200 76
186.154.84.82 - - [12/Jan/2015:00:14:57 -0500] "GET /forest/usutareas.do?group_system_actual=3&a=0.9655534925404936 HTTP/1.1" 200 19879
186.154.84.82 - - [12/Jan/2015:00:14:58 -0500] "GET /forest/session.jsp?a=0.23621307290159166 HTTP/1.1" 200 4
186.154.84.82 - - [12/Jan/2015:00:15:13 -0500] "GET /forest/misactividades.do?_a=0.4091803873889148&group_system_actual=3 HTTP/1.1" 200 37897
186.154.84.82 - - [12/Jan/2015:00:15:14 -0500] "GET /forest/session.jsp?a=0.7650860056746751 HTTP/1.1" 200 4
186.154.84.82 - - [12/Jan/2015:00:15:14 -0500] "POST /forest/misactividades.do?ajax=true&a=0.3678887337446213 HTTP/1.1" 200 12627
180.76.5.193 - - [12/Jan/2015:00:15:16 -0500] "GET /BLA/boletinlegal;jsessionid=465ED44137F8FA870978DDA431F51F89?/? HTTP/1.1" 404 1018
201.244.30.44 - - [12/Jan/2015:00:15:22 -0500] "POST /forms/lservlet;jsessionid=ac16012b30d53f205f23f511410baf98acc49e06fe05.e3iSbxaKaheRe34SahiRb30Pchr0n6jAmljGr5XDqQLvpAe HTTP/1.1" 200 2
66.249.64.47 - - [12/Jan/2015:00:15:26 -0500] "GET /galeria/mapa/humedal.html HTTP/1.1" 304 -
186.154.84.82 - - [12/Jan/2015:00:16:21 -0500] "GET /forest/usutareas.do?_a=0.2320056443568319&group_system_actual=3 HTTP/1.1" 200 119377
186.154.84.82 - - [12/Jan/2015:00:16:23 -0500] "GET /forest/session.jsp?a=0.7748231384903193 HTTP/1.1" 200 4
186.154.84.82 - - [12/Jan/2015:00:10:35 -0500] "GET /ForestMSG_SDA/channelAsync/template_word_17192157?X-Atmosphere-tracking-id=daadfddb-29f3-90db-abad-2ff0e9cec66b&X-Atmosphere-Framework=1.0.5&X-Atmosphere-Transport=long-polling&tabid=0.5507021700032055&X-Cache-Date=0&Content-Type=application/xml&_=1421039634624 HTTP/1.1" 200 8193
186.154.84.82 - - [12/Jan/2015:00:16:41 -0500] "GET /forest/borrador/1582104/Registro%20de%20vertimientos.docx HTTP/1.1" 200 99427
186.154.84.82 - - [12/Jan/2015:00:17:02 -0500] "GET /forest/documentos/1885282/2014ER114906.pdf HTTP/1.1" 200 329311
201.244.30.44 - - [12/Jan/2015:00:17:22 -0500] "POST /forms/lservlet;jsessionid=ac16012b30d53f205f23f511410baf98acc49e06fe05.e3iSbxaKaheRe34SahiRb30Pchr0n6jAmljGr5XDqQLvpAe HTTP/1.1" 200 2
66.102.6.170 - - [12/Jan/2015:00:17:55 -0500] "GET /BLA/boletinlegal/js/jquery.scrollTo-min.js HTTP/1.1" 200 1150
66.102.6.179 - - [12/Jan/2015:00:17:55 -0500] "GET /BLA/boletinlegal/js/jquery.js HTTP/1.1" 200 57254
66.102.6.161 - - [12/Jan/2015:00:17:55 -0500] "GET /BLA/boletinlegal/js/jquery.js HTTP/1.1" 200 57254
66.102.6.161 - - [12/Jan/2015:00:17:55 -0500] "GET /BLA/boletinlegal/js/jquery.scrollShow.js HTTP/1.1" 200 4586
66.102.6.170 - - [12/Jan/2015:00:17:55 -0500] "GET /BLA/boletinlegal/js/jquery.scrollShow.js HTTP/1.1" 200 4586
66.102.6.161 - - [12/Jan/2015:00:17:55 -0500] "GET /BLA/boletinlegal/js/jquery.scrollTo-min.js HTTP/1.1" 200 1150
186.154.84.82 - - [12/Jan/2015:00:18:27 -0500] "GET /forest/actions/forms.getList?codForm=revctvertimientos&id=finciodestino4&text=Tatiana%20Veloza%20Suarez HTTP/1.1" 200 59
186.154.84.82 - - [12/Jan/2015:00:18:28 -0500] "GET /forest/actions/forms.getList?codForm=revctvertimientos&id=finciodestino4&text=S HTTP/1.1" 200 1136
186.154.84.82 - - [12/Jan/2015:00:18:29 -0500] "GET /forest/actions/forms.getList?codForm=revctvertimientos&id=finciodestino4&text=SA HTTP/1.1" 200 1160
186.154.84.82 - - [12/Jan/2015:00:18:29 -0500] "GET /forest/actions/forms.getList?codForm=revctvertimientos&id=finciodestino4&text=SAN HTTP/1.1" 200 1150
186.154.84.82 - - [12/Jan/2015:00:18:29 -0500] "GET /forest/actions/forms.getList?codForm=revctvertimientos&id=finciodestino4&text=SAND HTTP/1.1" 200 1210
186.154.84.82 - - [12/Jan/2015:00:18:29 -0500] "GET /forest/actions/forms.getList?codForm=revctvertimientos&id=finciodestino4&text=SANDR HTTP/1.1" 200 869
186.154.84.82 - - [12/Jan/2015:00:18:29 -0500] "GET /forest/actions/forms.getList?codForm=revctvertimientos&id=finciodestino4&text=SANDRA HTTP/1.1" 200 869
66.249.64.163 - - [12/Jan/2015:00:18:30 -0500] "GET /BLA/resoluciones/RESOLUCIONES%202010/7447.pdf HTTP/1.1" 200 574140
186.154.84.82 - - [12/Jan/2015:00:18:30 -0500] "GET /forest/actions/forms.getList?codForm=revctvertimientos&id=finciodestino4&text=SANDRA. HTTP/1.1" 200 1337
186.154.84.82 - - [12/Jan/2015:00:18:31 -0500] "GET /forest/actions/forms.getList?codForm=revctvertimientos&id=finciodestino4&text=SANDRA.M HTTP/1.1" 200 618
186.154.84.82 - - [12/Jan/2015:00:18:31 -0500] "GET /forest/actions/forms.getList?codForm=revctvertimientos&id=finciodestino4&text=SANDRA.MO HTTP/1.1" 200 423
186.154.84.82 - - [12/Jan/2015:00:18:31 -0500] "GET /forest/actions/forms.getList?codForm=revctvertimientos&id=finciodestino4&text=SANDRA.MON HTTP/1.1" 200 286
186.154.84.82 - - [12/Jan/2015:00:18:31 -0500] "GET /forest/actions/forms.getList?codForm=revctvertimientos&id=finciodestino4&text=SANDRA.MONT HTTP/1.1" 200 219
186.154.84.82 - - [12/Jan/2015:00:18:31 -0500] "GET /forest/actions/forms.getList?codForm=revctvertimientos&id=finciodestino4&text=SANDRA.MONTO HTTP/1.1" 200 144
186.154.84.82 - - [12/Jan/2015:00:18:32 -0500] "GET /forest/actions/forms.getList?codForm=revctvertimientos&id=finciodestino4&text=SANDRA.MONTOY HTTP/1.1" 200 144
66.249.64.47 - - [12/Jan/2015:00:18:32 -0500] "GET /PruebasSTORM/StormSDA_pruebas/userFiles/user_files/89/desasocia.xml HTTP/1.1" 200 58
186.154.84.82 - - [12/Jan/2015:00:18:32 -0500] "GET /forest/actions/forms.getList?codForm=revctvertimientos&id=finciodestino4&text=SANDRA.MONTOYA HTTP/1.1" 200 144
186.154.84.82 - - [12/Jan/2015:00:18:45 -0500] "POST /forest/usutareas.do? HTTP/1.1" 200 76
186.154.84.82 - - [12/Jan/2015:00:18:49 -0500] "GET /forest/usutareas.do?group_system_actual=3&a=0.19325169548392296 HTTP/1.1" 200 19879
186.154.84.82 - - [12/Jan/2015:00:18:49 -0500] "GET /forest/session.jsp?a=0.04673643899150193 HTTP/1.1" 200 4
207.46.13.133 - - [12/Jan/2015:00:18:50 -0500] "GET /bla/resoluciones/resoluciones%202009/0939.pdf HTTP/1.1" 200 232493
74.86.158.107 - - [12/Jan/2015:00:18:53 -0500] "HEAD / HTTP/1.1" 302 -
186.154.84.82 - - [12/Jan/2015:00:19:00 -0500] "GET /forest/misactividades.do?_a=0.7603380721993744&group_system_actual=3 HTTP/1.1" 200 37897
186.154.84.82 - - [12/Jan/2015:00:19:00 -0500] "GET /forest/session.jsp?a=0.9477896962780505 HTTP/1.1" 200 4
186.154.84.82 - - [12/Jan/2015:00:19:01 -0500] "POST /forest/misactividades.do?ajax=true&a=0.7567409407347441 HTTP/1.1" 200 12012
190.25.232.143 - - [12/Jan/2015:00:19:09 -0500] "GET /galeria/nivo-slider/demo/images/coplima.jpg HTTP/1.1" 304 -
201.244.30.44 - - [12/Jan/2015:00:19:22 -0500] "POST /forms/lservlet;jsessionid=ac16012b30d53f205f23f511410baf98acc49e06fe05.e3iSbxaKaheRe34SahiRb30Pchr0n6jAmljGr5XDqQLvpAe HTTP/1.1" 200 2
66.249.64.167 - - [12/Jan/2015:00:20:04 -0500] "GET /BLA/boletinlegal/Circulares/2010/Circular%2006%20de%208%20de%20septiembre%20de%202010.pdf HTTP/1.1" 200 4657752
201.244.30.44 - - [12/Jan/2015:00:21:22 -0500] "POST /forms/lservlet;jsessionid=ac16012b30d53f205f23f511410baf98acc49e06fe05.e3iSbxaKaheRe34SahiRb30Pchr0n6jAmljGr5XDqQLvpAe HTTP/1.1" 200 2
66.249.64.163 - - [12/Jan/2015:00:21:23 -0500] "GET /BLA/resoluciones/AUTOS%202008/0611.pdf HTTP/1.1" 200 164489
66.249.64.171 - - [12/Jan/2015:00:21:45 -0500] "GET /BLA/resoluciones/RESOLUCIONES%202003/RES%202003%20251-300/268.tif HTTP/1.1" 200 910292
66.249.64.163 - - [12/Jan/2015:00:21:47 -0500] "GET /BLA/resoluciones/RESOLUCIONES%202005/RES%202005%201-50/00000014.tif HTTP/1.1" 200 173270
123.125.71.36 - - [12/Jan/2015:00:21:59 -0500] "GET / HTTP/1.1" 302 -
186.154.84.82 - - [12/Jan/2015:00:16:23 -0500] "GET /ForestMSG_SDA/channelAsync/template_word_17192170?X-Atmosphere-tracking-id=6229a79e-703c-5978-4dc3-a4d59d634578&X-Atmosphere-Framework=1.0.5&X-Atmosphere-Transport=long-polling&tabid=0.3233799166046083&X-Cache-Date=0&Content-Type=application/xml&_=1421039982935 HTTP/1.1" 200 8193
66.249.64.163 - - [12/Jan/2015:00:22:34 -0500] "GET /BLA/resoluciones/RESOLUCIONES%202010/6324.pdf HTTP/1.1" 200 4856702
201.244.30.44 - - [12/Jan/2015:00:23:22 -0500] "POST /forms/lservlet;jsessionid=ac16012b30d53f205f23f511410baf98acc49e06fe05.e3iSbxaKaheRe34SahiRb30Pchr0n6jAmljGr5XDqQLvpAe HTTP/1.1" 200 2
66.249.64.163 - - [12/Jan/2015:00:23:30 -0500] "GET /BLA/resoluciones/RESOLUCIONES%202007/RES%202007%20601%20AL%20700/RESOLUCION%200639%20DE%202007.pdf HTTP/1.1" 200 258892
190.156.197.208 - - [12/Jan/2015:00:23:33 -0500] "GET /galeria/carrusel/Carrusel/jquery.thumbnailScroller.css HTTP/1.1" 200 2066
190.156.197.208 - - [12/Jan/2015:00:23:33 -0500] "GET /BLA/boletinlegal/js/jquery.js HTTP/1.1" 200 57254
190.156.197.208 - - [12/Jan/2015:00:23:33 -0500] "GET /BLA/boletinlegal/js/jquery.scrollShow.js HTTP/1.1" 200 4586
190.156.197.208 - - [12/Jan/2015:00:23:33 -0500] "GET /BLA/boletinlegal/js/jquery.scrollTo-min.js HTTP/1.1" 200 1150
190.156.197.208 - - [12/Jan/2015:00:23:33 -0500] "GET /galeria/carrusel/Carrusel/jquery-ui-1.8.13.custom.min.js HTTP/1.1" 200 10800
190.156.197.208 - - [12/Jan/2015:00:23:33 -0500] "GET /galeria/carrusel/Carrusel/jquery.thumbnailScroller.js HTTP/1.1" 200 8157
190.156.197.208 - - [12/Jan/2015:00:23:36 -0500] "GET /galeria/nivo-slider/demo/demo.html HTTP/1.1" 200 3150
190.156.197.208 - - [12/Jan/2015:00:23:40 -0500] "GET /galeria/nivo-slider/themes/default/default.css HTTP/1.1" 200 1569
190.156.197.208 - - [12/Jan/2015:00:23:40 -0500] "GET /galeria/nivo-slider/demo/style.css HTTP/1.1" 200 2222
190.156.197.208 - - [12/Jan/2015:00:23:40 -0500] "GET /galeria/nivo-slider/nivo-slider.css HTTP/1.1" 200 1507
190.156.197.208 - - [12/Jan/2015:00:23:40 -0500] "GET /galeria/nivo-slider/themes/pascal/pascal.css HTTP/1.1" 200 2258
190.156.197.208 - - [12/Jan/2015:00:23:40 -0500] "GET /galeria/nivo-slider/themes/orman/orman.css HTTP/1.1" 200 2152
190.156.197.208 - - [12/Jan/2015:00:23:40 -0500] "GET /galeria/nivo-slider/demo/images/bolsas-08.jpg HTTP/1.1" 200 85589
190.156.197.208 - - [12/Jan/2015:00:23:40 -0500] "GET /galeria/nivo-slider/demo/images/Ruta-vertimientos-01.jpg HTTP/1.1" 200 130151
190.156.197.208 - - [12/Jan/2015:00:23:40 -0500] "GET /galeria/nivo-slider/demo/images/bolsas-06.jpg HTTP/1.1" 200 90982
190.156.197.208 - - [12/Jan/2015:00:23:40 -0500] "GET /galeria/nivo-slider/demo/images/ecolecta-Dic2014.png HTTP/1.1" 200 288593
190.156.197.208 - - [12/Jan/2015:00:23:40 -0500] "GET /galeria/nivo-slider/demo/images/porloshumedales.jpg HTTP/1.1" 200 351238
190.156.197.208 - - [12/Jan/2015:00:23:40 -0500] "GET /galeria/nivo-slider/demo/scripts/jquery-1.7.1.min.js HTTP/1.1" 200 93868
190.156.197.208 - - [12/Jan/2015:00:23:40 -0500] "GET /galeria/nivo-slider/jquery.nivo.slider.pack.js HTTP/1.1" 200 11561
190.156.197.208 - - [12/Jan/2015:00:23:41 -0500] "GET /galeria/nivo-slider/demo/images/Tingua-azul.jpg HTTP/1.1" 200 307638
190.156.197.208 - - [12/Jan/2015:00:23:41 -0500] "GET /galeria/nivo-slider/demo/images/Banner-Caracol-Africano.jpg HTTP/1.1" 200 331986
190.156.197.208 - - [12/Jan/2015:00:23:42 -0500] "GET /galeria/nivo-slider/demo/images/banner-redes.jpg HTTP/1.1" 200 62209
190.156.197.208 - - [12/Jan/2015:00:23:42 -0500] "GET /galeria/nivo-slider/demo/images/9Signos.jpg HTTP/1.1" 200 93040
190.156.197.208 - - [12/Jan/2015:00:23:43 -0500] "GET /galeria/nivo-slider/demo/images/banner-llantas2.jpg HTTP/1.1" 200 73153
190.156.197.208 - - [12/Jan/2015:00:23:43 -0500] "GET /galeria/nivo-slider/demo/images/banner-caballos.png HTTP/1.1" 200 389106
190.156.197.208 - - [12/Jan/2015:00:23:44 -0500] "GET /galeria/nivo-slider/themes/default/loading.gif HTTP/1.1" 200 1737
190.156.197.208 - - [12/Jan/2015:00:23:44 -0500] "GET /galeria/nivo-slider/demo/images/4Simple_Slider.png HTTP/1.1" 200 11722
190.156.197.208 - - [12/Jan/2015:00:23:47 -0500] "GET /galeria/nivo-slider/themes/default/arrows.png HTTP/1.1" 200 824
190.156.197.208 - - [12/Jan/2015:00:23:47 -0500] "GET /galeria/nivo-slider/themes/default/bullets.png HTTP/1.1" 200 1281
220.181.108.89 - - [12/Jan/2015:00:23:52 -0500] "GET / HTTP/1.1" 302 -
74.86.158.107 - - [12/Jan/2015:00:23:53 -0500] "HEAD / HTTP/1.1" 302 -
157.55.39.23 - - [12/Jan/2015:00:24:52 -0500] "GET /BLA/resoluciones/AUTOS%202012/2924.pdf HTTP/1.1" 200 372817
180.76.6.49 - - [12/Jan/2015:00:25:02 -0500] "GET /BLA/boletinlegal;jsessionid=85198627C89A86C970FCDD8F95B5F14E?/? HTTP/1.1" 404 1018
201.244.30.44 - - [12/Jan/2015:00:25:23 -0500] "POST /forms/lservlet;jsessionid=ac16012b30d53f205f23f511410baf98acc49e06fe05.e3iSbxaKaheRe34SahiRb30Pchr0n6jAmljGr5XDqQLvpAe HTTP/1.1" 200 2
157.55.39.23 - - [12/Jan/2015:00:25:57 -0500] "GET /BLA/resoluciones/RESOLUCIONES%202007/RES%202007%201001%20AL%201100/RESOLUCION%201012%20DE%202007.pdf HTTP/1.1" 200 322705
186.28.142.177 - - [12/Jan/2015:00:26:29 -0500] "GET /BLA/boletinlegal/js/jquery.js HTTP/1.1" 200 57254
186.28.142.177 - - [12/Jan/2015:00:26:29 -0500] "GET /BLA/boletinlegal/js/jquery.scrollTo-min.js HTTP/1.1" 200 1150
186.28.142.177 - - [12/Jan/2015:00:26:29 -0500] "GET /BLA/boletinlegal/js/jquery.scrollShow.js HTTP/1.1" 200 4586
66.249.64.167 - - [12/Jan/2015:00:26:53 -0500] "GET /BLA/boletinlegal/documentos-importantes.php HTTP/1.1" 200 4822
207.46.13.113 - - [12/Jan/2015:00:27:11 -0500] "GET /BLA/resoluciones/AUTOS%202007/3225.pdf HTTP/1.1" 200 117354
207.46.13.113 - - [12/Jan/2015:00:27:11 -0500] "GET /bla/resoluciones/autos%202010/4613.pdf HTTP/1.1" 200 364903
207.46.13.113 - - [12/Jan/2015:00:27:12 -0500] "GET /BLA/resoluciones/AUTOS%202012/0653.pdf HTTP/1.1" 200 572060
207.46.13.113 - - [12/Jan/2015:00:27:12 -0500] "GET /BLA/resoluciones/AUTOS%202012/2707.pdf HTTP/1.1" 200 242681
207.46.13.113 - - [12/Jan/2015:00:27:13 -0500] "GET /bla/resoluciones/autos%202010/5562.pdf HTTP/1.1" 200 622903
207.46.13.113 - - [12/Jan/2015:00:27:13 -0500] "GET /bla/resoluciones/resoluciones%202009/9614.pdf HTTP/1.1" 200 410407
207.46.13.113 - - [12/Jan/2015:00:27:14 -0500] "GET /BLA/resoluciones/RESOLUCIONES%202009/1158.pdf HTTP/1.1" 200 83194
201.244.30.44 - - [12/Jan/2015:00:27:23 -0500] "POST /forms/lservlet;jsessionid=ac16012b30d53f205f23f511410baf98acc49e06fe05.e3iSbxaKaheRe34SahiRb30Pchr0n6jAmljGr5XDqQLvpAe HTTP/1.1" 200 2
66.249.64.167 - - [12/Jan/2015:00:28:28 -0500] "GET /BLA/resoluciones/AUTOS%202006/AUTOS%202006%202101%20-%202200/00002190.tif HTTP/1.1" 200 94746
180.76.6.158 - - [12/Jan/2015:00:28:48 -0500] "GET /BLA/boletinlegal;jsessionid=5A5977C04E3FD078BB8CEBA6359BF7BC?/? HTTP/1.1" 404 1018
74.86.158.107 - - [12/Jan/2015:00:28:53 -0500] "HEAD / HTTP/1.1" 302 -
201.244.30.44 - - [12/Jan/2015:00:29:23 -0500] "POST /forms/lservlet;jsessionid=ac16012b30d53f205f23f511410baf98acc49e06fe05.e3iSbxaKaheRe34SahiRb30Pchr0n6jAmljGr5XDqQLvpAe HTTP/1.1" 200 2
157.55.39.23 - - [12/Jan/2015:00:30:00 -0500] "GET /BLA/resoluciones/RESOLUCIONES%202008/0898.pdf HTTP/1.1" 200 217065
66.249.64.163 - - [12/Jan/2015:00:31:07 -0500] "GET /BLA/resoluciones/RESOLUCIONES%202005/RES%202005%201-50/00000045.tif HTTP/1.1" 200 242080
201.244.30.44 - - [12/Jan/2015:00:31:23 -0500] "POST /forms/lservlet;jsessionid=ac16012b30d53f205f23f511410baf98acc49e06fe05.e3iSbxaKaheRe34SahiRb30Pchr0n6jAmljGr5XDqQLvpAe HTTP/1.1" 200 2
66.249.64.163 - - [12/Jan/2015:00:31:37 -0500] "GET /BLA/boletinlegal/js/ajax_documentos.js HTTP/1.1" 200 1155
66.249.64.171 - - [12/Jan/2015:00:31:37 -0500] "GET /BLA/boletinlegal/ajax.js HTTP/1.1" 200 577
66.249.64.171 - - [12/Jan/2015:00:31:37 -0500] "GET /BLA/boletinlegal/niceforms-default.css HTTP/1.1" 200 6694
180.76.5.59 - - [12/Jan/2015:00:32:18 -0500] "GET /BLA/boletinlegal;jsessionid=C227C4CA3EC1368CDD2BF98313F12124?/? HTTP/1.1" 404 1018
66.249.64.171 - - [12/Jan/2015:00:32:54 -0500] "GET /BLA/resoluciones/RESOLUCIONES%202008/2873.pdf HTTP/1.1" 304 -
180.76.5.63 - - [12/Jan/2015:00:32:57 -0500] "GET /BLA/boletinlegal;jsessionid=72D68AB67D5461FC57D19EC8A960871C?/? HTTP/1.1" 404 1018
201.244.30.44 - - [12/Jan/2015:00:33:23 -0500] "POST /forms/lservlet;jsessionid=ac16012b30d53f205f23f511410baf98acc49e06fe05.e3iSbxaKaheRe34SahiRb30Pchr0n6jAmljGr5XDqQLvpAe HTTP/1.1" 200 2
66.249.64.167 - - [12/Jan/2015:00:33:29 -0500] "GET /galeria/nivo-slider/themes/default/default.css HTTP/1.1" 200 1569
66.249.64.167 - - [12/Jan/2015:00:33:30 -0500] "GET /galeria/carrusel/Carrusel/jquery.thumbnailScroller.js HTTP/1.1" 200 8157
66.249.64.163 - - [12/Jan/2015:00:33:30 -0500] "GET /galeria/nivo-slider/demo/style.css HTTP/1.1" 200 2222
66.249.64.167 - - [12/Jan/2015:00:33:31 -0500] "GET /galeria/nivo-slider/demo/scripts/jquery-1.7.1.min.js HTTP/1.1" 200 93868
66.249.64.171 - - [12/Jan/2015:00:33:31 -0500] "GET /galeria/nivo-slider/jquery.nivo.slider.pack.js HTTP/1.1" 200 11561
66.249.64.163 - - [12/Jan/2015:00:33:32 -0500] "GET /galeria/nivo-slider/themes/orman/orman.css HTTP/1.1" 200 2152
66.249.64.167 - - [12/Jan/2015:00:33:32 -0500] "GET /galeria/nivo-slider/nivo-slider.css HTTP/1.1" 200 1507
66.249.64.167 - - [12/Jan/2015:00:33:33 -0500] "GET /galeria/carrusel/Carrusel/jquery.thumbnailScroller.css HTTP/1.1" 200 2066
66.249.64.171 - - [12/Jan/2015:00:33:34 -0500] "GET /galeria/carrusel/Carrusel/jquery-ui-1.8.13.custom.min.js HTTP/1.1" 200 10800
66.249.64.171 - - [12/Jan/2015:00:33:34 -0500] "GET /galeria/nivo-slider/themes/pascal/pascal.css HTTP/1.1" 200 2258
66.249.64.163 - - [12/Jan/2015:00:33:35 -0500] "GET /galeria/nivo-slider/demo/demo.html HTTP/1.1" 200 3150
66.249.64.171 - - [12/Jan/2015:00:33:42 -0500] "GET /BLA/resoluciones/RESOLUCIONES%202009/5636.pdf HTTP/1.1" 200 677334
74.86.158.107 - - [12/Jan/2015:00:33:53 -0500] "HEAD / HTTP/1.1" 302 -
157.55.39.23 - - [12/Jan/2015:00:34:43 -0500] "GET /bla/resoluciones/resoluciones%202009/0492.pdf HTTP/1.1" 200 264786
207.46.13.113 - - [12/Jan/2015:00:34:53 -0500] "GET /BLA/resoluciones/RESOLUCIONES%202007/RES%202007%20901%20AL%201000/RESOLUCION%200917%20DE%202007.pdf HTTP/1.1" 200 160040
207.46.13.113 - - [12/Jan/2015:00:34:54 -0500] "GET /BLA/resoluciones/AUTOS%202012/0011.pdf HTTP/1.1" 200 389254
207.46.13.113 - - [12/Jan/2015:00:34:54 -0500] "GET /BLA/resoluciones/RESOLUCIONES%202008/2389.pdf HTTP/1.1" 200 427911
201.244.30.44 - - [12/Jan/2015:00:35:23 -0500] "POST /forms/lservlet;jsessionid=ac16012b30d53f205f23f511410baf98acc49e06fe05.e3iSbxaKaheRe34SahiRb30Pchr0n6jAmljGr5XDqQLvpAe HTTP/1.1" 200 2
180.76.5.151 - - [12/Jan/2015:00:35:51 -0500] "GET /BLA/resoluciones/AUTOS%202007/0403.pdf HTTP/1.1" 200 15944
66.249.64.163 - - [12/Jan/2015:00:36:14 -0500] "GET /BLA/resoluciones/RESOLUCIONES%202007/RES%202007%201101%20AL%201200/RESOLUCION%201186%20DE%202007.pdf HTTP/1.1" 200 316434
207.46.13.133 - - [12/Jan/2015:00:36:50 -0500] "GET /BLA/resoluciones/AUTOS%202007/3168.pdf HTTP/1.1" 200 188486
218.30.103.61 - - [12/Jan/2015:00:36:51 -0500] "GET /resoluciones/RESOLUCIONES%202009/0473.pdf HTTP/1.1" 404 1018
157.55.39.23 - - [12/Jan/2015:00:36:54 -0500] "GET /BLA/resoluciones/AUTOS%202009/2648.pdf HTTP/1.1" 200 72012
218.30.103.61 - - [12/Jan/2015:00:37:17 -0500] "GET /resoluciones/RESOLUCIONES%202009/0535.pdf HTTP/1.1" 404 1018
201.244.30.44 - - [12/Jan/2015:00:37:24 -0500] "POST /forms/lservlet;jsessionid=ac16012b30d53f205f23f511410baf98acc49e06fe05.e3iSbxaKaheRe34SahiRb30Pchr0n6jAmljGr5XDqQLvpAe HTTP/1.1" 200 2
207.46.13.12 - - [12/Jan/2015:00:37:57 -0500] "GET /bla/resoluciones/resoluciones%202009/0246.pdf HTTP/1.1" 200 751037
74.86.158.107 - - [12/Jan/2015:00:38:53 -0500] "HEAD / HTTP/1.1" 302 -
201.244.30.44 - - [12/Jan/2015:00:39:24 -0500] "POST /forms/lservlet;jsessionid=ac16012b30d53f205f23f511410baf98acc49e06fe05.e3iSbxaKaheRe34SahiRb30Pchr0n6jAmljGr5XDqQLvpAe HTTP/1.1" 200 2
207.46.13.133 - - [12/Jan/2015:00:39:51 -0500] "GET /bla/resoluciones/autos%202010/6611.pdf HTTP/1.1" 200 151001
66.249.64.163 - - [12/Jan/2015:00:40:25 -0500] "GET /BLA/resoluciones/RESOLUCIONES%202005/RES%202005%201-50/00000022.tif HTTP/1.1" 200 161756
180.76.6.158 - - [12/Jan/2015:00:40:25 -0500] "GET /BLA/resoluciones/index.php?dir=AUTOS%202013/&sort=date&order=asc HTTP/1.1" 200 190237
66.249.64.163 - - [12/Jan/2015:00:40:33 -0500] "GET /BLA/boletinlegal/Circulares/2013/Circular%20No.%206%20del%2019%20de%20julio%20de%202013.pdf HTTP/1.1" 200 4210437
201.244.30.44 - - [12/Jan/2015:00:41:27 -0500] "POST /forms/lservlet;jsessionid=ac16012b30d53f205f23f511410baf98acc49e06fe05.e3iSbxaKaheRe34SahiRb30Pchr0n6jAmljGr5XDqQLvpAe HTTP/1.1" 200 2
180.76.5.72 - - [12/Jan/2015:00:41:42 -0500] "GET /BLA/boletinlegal;jsessionid=CFA9BF76B42261D332880609B494D253?/? HTTP/1.1" 404 1018
180.76.5.144 - - [12/Jan/2015:00:42:21 -0500] "GET /BLA/boletinlegal;jsessionid=CEDE4574CE36122A82B98CA22B82DB5C?/? HTTP/1.1" 404 1018
201.244.30.44 - - [12/Jan/2015:00:43:27 -0500] "POST /forms/lservlet;jsessionid=ac16012b30d53f205f23f511410baf98acc49e06fe05.e3iSbxaKaheRe34SahiRb30Pchr0n6jAmljGr5XDqQLvpAe HTTP/1.1" 200 2
66.249.64.167 - - [12/Jan/2015:00:43:33 -0500] "GET /BLA/resoluciones/RESOLUCIONES%202007/RES%202007%20501%20AL%20600/RESOLUCION%200571%20DE%202007.pdf HTTP/1.1" 200 1041933
66.249.64.171 - - [12/Jan/2015:00:43:36 -0500] "GET /BLA/resoluciones/RESOLUCIONES%202003/RES%202003%20251-300/282.tif HTTP/1.1" 200 173104
66.249.64.167 - - [12/Jan/2015:00:43:46 -0500] "GET /BLA/resoluciones/AUTOS%202009/1831.pdf HTTP/1.1" 200 123577
74.86.158.107 - - [12/Jan/2015:00:43:53 -0500] "HEAD / HTTP/1.1" 302 -
186.154.3.144 - - [12/Jan/2015:00:44:16 -0500] "GET /galeria/nivo-slider/demo/demo.html HTTP/1.1" 304 -
186.154.3.144 - - [12/Jan/2015:00:44:18 -0500] "GET /galeria/nivo-slider/demo/images/bolsas-08.jpg HTTP/1.1" 304 -
186.154.3.144 - - [12/Jan/2015:00:44:18 -0500] "GET /galeria/nivo-slider/demo/images/Ruta-vertimientos-01.jpg HTTP/1.1" 304 -
186.154.3.144 - - [12/Jan/2015:00:44:18 -0500] "GET /galeria/nivo-slider/demo/images/bolsas-06.jpg HTTP/1.1" 304 -
186.154.3.144 - - [12/Jan/2015:00:44:18 -0500] "GET /galeria/nivo-slider/demo/images/ecolecta-Dic2014.png HTTP/1.1" 304 -
186.154.3.144 - - [12/Jan/2015:00:44:18 -0500] "GET /galeria/nivo-slider/demo/images/porloshumedales.jpg HTTP/1.1" 304 -
186.154.3.144 - - [12/Jan/2015:00:44:18 -0500] "GET /galeria/nivo-slider/demo/images/Tingua-azul.jpg HTTP/1.1" 304 -
186.154.3.144 - - [12/Jan/2015:00:44:18 -0500] "GET /galeria/nivo-slider/demo/images/banner-redes.jpg HTTP/1.1" 304 -
186.154.3.144 - - [12/Jan/2015:00:44:18 -0500] "GET /galeria/nivo-slider/demo/images/banner-llantas2.jpg HTTP/1.1" 304 -
186.154.3.144 - - [12/Jan/2015:00:44:20 -0500] "GET /videos/Spot_CambioClimatico.flv HTTP/1.1" 304 -
180.76.6.230 - - [12/Jan/2015:00:45:18 -0500] "GET /BLA/boletinlegal;jsessionid=BDE8ECF0E1ED6978E858229024362B4C?/? HTTP/1.1" 404 1018
201.244.30.44 - - [12/Jan/2015:00:45:27 -0500] "POST /forms/lservlet;jsessionid=ac16012b30d53f205f23f511410baf98acc49e06fe05.e3iSbxaKaheRe34SahiRb30Pchr0n6jAmljGr5XDqQLvpAe HTTP/1.1" 200 2
125.64.35.67 - - [12/Jan/2015:00:46:01 -0500] "GET http://s1.bdstatic.com/r/www/cache/static/home/img/logos/nuomi_ade5465d.png HTTP/1.1" 404 1019
66.249.64.163 - - [12/Jan/2015:00:46:08 -0500] "GET /autoliquidacion/TR%C3%81MITES%20VERTIMIENTOS/REGISTRO%20DE%20VERTIMIENTOS/formulario%20reg%20de%20vertimientos%20no%20domesticos.doc HTTP/1.1" 404 1018
66.249.64.163 - - [12/Jan/2015:00:46:37 -0500] "GET /BLA/resoluciones/AUTOS%202008/0692.pdf HTTP/1.1" 200 394393
66.249.64.167 - - [12/Jan/2015:00:46:53 -0500] "GET /BLA/boletinlegal/Circulares/2013/Circular%20No.%206%20del%2019%20de%20julio%20de%202013.pdf HTTP/1.1" 200 4210437
201.244.30.44 - - [12/Jan/2015:00:47:27 -0500] "POST /forms/lservlet;jsessionid=ac16012b30d53f205f23f511410baf98acc49e06fe05.e3iSbxaKaheRe34SahiRb30Pchr0n6jAmljGr5XDqQLvpAe HTTP/1.1" 200 2
207.46.13.133 - - [12/Jan/2015:00:48:07 -0500] "GET /BLA/resoluciones/AUTOS%202012/2770.pdf HTTP/1.1" 200 264816
74.86.158.107 - - [12/Jan/2015:00:48:53 -0500] "HEAD / HTTP/1.1" 302 -
157.55.39.23 - - [12/Jan/2015:00:49:07 -0500] "GET /BLA/resoluciones/RESOLUCIONES%202009/1438.pdf HTTP/1.1" 200 438645
201.244.30.44 - - [12/Jan/2015:00:49:28 -0500] "POST /forms/lservlet;jsessionid=ac16012b30d53f205f23f511410baf98acc49e06fe05.e3iSbxaKaheRe34SahiRb30Pchr0n6jAmljGr5XDqQLvpAe HTTP/1.1" 200 2
180.76.5.73 - - [12/Jan/2015:00:49:45 -0500] "GET /BLA/boletinlegal;jsessionid=775BC24A6170C1A7BBB32808D8459BF4?/? HTTP/1.1" 404 1018
66.249.64.171 - - [12/Jan/2015:00:49:53 -0500] "GET /BLA/resoluciones/RESOLUCIONES%202005/RES%202005%201-50/00000018.tif HTTP/1.1" 200 403914
66.249.64.167 - - [12/Jan/2015:00:49:54 -0500] "GET /BLA/resoluciones/AUTOS%202013/1309.pdf HTTP/1.1" 304 -
66.249.64.167 - - [12/Jan/2015:00:49:54 -0500] "GET /BLA/resoluciones/RESOLUCIONES%202007/RES%202007%202301%20AL%202400/RESOLUCION%202349%20DE%202007.pdf HTTP/1.1" 304 -
66.249.64.39 - - [12/Jan/2015:00:49:55 -0500] "GET /ecodirectorio/files/res/navbtn/stop.swf HTTP/1.1" 200 2489
66.249.64.167 - - [12/Jan/2015:00:49:56 -0500] "GET /BLA/resoluciones/RESOLUCIONES%202007/RES%202007%202001%20AL%202100/RESOLUCION%202039%20DE%202007.pdf HTTP/1.1" 304 -
66.249.64.171 - - [12/Jan/2015:00:49:56 -0500] "GET /BLA/boletinlegal/Circulares/2011/Circular%20No.%203%20del%2016%20de%20Junio%20de%202011.pdf HTTP/1.1" 200 346378
66.249.64.171 - - [12/Jan/2015:00:50:23 -0500] "GET /autoliquidacion/Cobro%20Evaluacion%20Certificaci%C3%B3n%20Para%20La%20Deducci%C3%B3n%20Por%20Inversi%C3%B3n%20En%20Medio%20Ambiente/Formato%20de%20solicitud%20por%20acreditaci%C3%B3n%20ambiental.....pdf HTTP/1.1" 200 35656
66.249.64.167 - - [12/Jan/2015:00:50:51 -0500] "GET /BLA/resoluciones/AUTOS%202014/0828.pdf HTTP/1.1" 304 -
66.249.64.167 - - [12/Jan/2015:00:51:20 -0500] "GET /BLA/resoluciones/RESOLUCIONES%202007/RES%202007%202701%20AL%202800/RESOLUCION%202782%20DE%202007.pdf HTTP/1.1" 304 -
201.244.30.44 - - [12/Jan/2015:00:51:28 -0500] "POST /forms/lservlet;jsessionid=ac16012b30d53f205f23f511410baf98acc49e06fe05.e3iSbxaKaheRe34SahiRb30Pchr0n6jAmljGr5XDqQLvpAe HTTP/1.1" 200 2
66.249.64.171 - - [12/Jan/2015:00:52:00 -0500] "GET /BLA/resoluciones/RESOLUCIONES%202012/1460.pdf HTTP/1.1" 200 342951
66.249.64.171 - - [12/Jan/2015:00:52:56 -0500] "GET /BLA/resoluciones/AUTOS%202010/1307.pdf HTTP/1.1" 200 341614
66.249.64.171 - - [12/Jan/2015:00:53:13 -0500] "GET /BLA/boletinlegal/Circulares/2013/Circular%20No.%206%20del%2019%20de%20julio%20de%202013.pdf HTTP/1.1" 200 4210437
180.76.6.225 - - [12/Jan/2015:00:53:17 -0500] "GET /Autoliquidacion/Grupo%20Forestal%20-%20Silvicultura/APLICATIVO%20COSTO%20EVALUACION%20SALVOCONDUCTO%202015.xls HTTP/1.1" 404 1018
201.244.30.44 - - [12/Jan/2015:00:53:28 -0500] "POST /forms/lservlet;jsessionid=ac16012b30d53f205f23f511410baf98acc49e06fe05.e3iSbxaKaheRe34SahiRb30Pchr0n6jAmljGr5XDqQLvpAe HTTP/1.1" 200 2
74.86.158.107 - - [12/Jan/2015:00:53:53 -0500] "HEAD / HTTP/1.1" 302 -
180.76.5.166 - - [12/Jan/2015:00:53:55 -0500] "GET /BLA/resoluciones/RESOLUCIONES%202010/1040.pdf HTTP/1.1" 200 112550
180.76.6.29 - - [12/Jan/2015:00:54:34 -0500] "GET /BLA/boletinlegal;jsessionid=ADCBB3B5068AF95C1A3499254E5013B2?/? HTTP/1.1" 404 1018
207.46.13.133 - - [12/Jan/2015:00:54:45 -0500] "GET /bla/resoluciones/resoluciones%202009/0623.pdf HTTP/1.1" 200 339470
