186.29.0.96 - - [12/Jan/2015:12:28:36 -0500] "GET /galeria/nivo-slider/demo/images/Banner-Caracol-Africano.jpg HTTP/1.1" 206 246861
186.29.0.96 - - [12/Jan/2015:12:28:36 -0500] "GET /galeria/nivo-slider/demo/images/banner-redes.jpg HTTP/1.1" 206 1
186.29.0.96 - - [12/Jan/2015:12:28:36 -0500] "GET /galeria/nivo-slider/demo/images/9Signos.jpg HTTP/1.1" 200 93040
186.29.0.96 - - [12/Jan/2015:12:28:36 -0500] "GET /galeria/nivo-slider/demo/images/porloshumedales.jpg HTTP/1.1" 206 210112
186.29.0.96 - - [12/Jan/2015:12:28:36 -0500] "GET /galeria/nivo-slider/demo/images/ecolecta-Dic2014.png HTTP/1.1" 206 115266
186.29.0.96 - - [12/Jan/2015:12:28:36 -0500] "GET /galeria/nivo-slider/demo/images/banner-redes.jpg HTTP/1.1" 206 59682
66.249.67.75 - - [12/Jan/2015:12:28:38 -0500] "GET /BLA/resoluciones/RESOLUCIONES%202007/RES%202007%201301%20AL%201400/RESOLUCION%201357%20DE%202007.pdf HTTP/1.1" 200 188970
186.29.0.96 - - [12/Jan/2015:12:28:39 -0500] "GET /galeria/nivo-slider/demo/images/banner-llantas2.jpg HTTP/1.1" 200 73153
186.29.0.96 - - [12/Jan/2015:12:28:39 -0500] "GET /galeria/nivo-slider/demo/images/banner-caballos.png HTTP/1.1" 200 389106
186.29.0.96 - - [12/Jan/2015:12:28:44 -0500] "GET /galeria/nivo-slider/themes/default/arrows.png HTTP/1.1" 200 824
186.29.0.96 - - [12/Jan/2015:12:28:44 -0500] "GET /galeria/nivo-slider/themes/default/bullets.png HTTP/1.1" 200 1281
157.55.39.23 - - [12/Jan/2015:12:28:46 -0500] "GET /BLA/resoluciones/RESOLUCIONES%202007/RES%202007%20901%20AL%201000/RESOLUCION%200988%20DE%202007.pdf HTTP/1.1" 200 298991
190.252.136.20 - - [12/Jan/2015:12:28:49 -0500] "GET /BLA/boletinlegal/js/jquery.js HTTP/1.1" 200 57254
190.252.136.20 - - [12/Jan/2015:12:28:49 -0500] "GET /BLA/boletinlegal/js/jquery.scrollTo-min.js HTTP/1.1" 200 1150
190.252.136.20 - - [12/Jan/2015:12:28:49 -0500] "GET /BLA/boletinlegal/js/jquery.scrollShow.js HTTP/1.1" 200 4586
186.29.203.131 - - [12/Jan/2015:12:28:49 -0500] "POST /forms/lservlet;jsessionid=ac16012b30d5b10e4f29f1924fbb8a83aef930aaa7e9.e3iSbxaKaheRe34SahiRb30Pchr0n6jAmljGr5XDqQLvpAe HTTP/1.1" 200 2
186.29.0.96 - - [12/Jan/2015:12:28:51 -0500] "GET /videos/Spot_CambioClimatico.flv HTTP/1.1" 206 1
186.29.0.96 - - [12/Jan/2015:12:28:51 -0500] "GET /videos/Spot_CambioClimatico.flv HTTP/1.1" 206 3999794
74.86.158.107 - - [12/Jan/2015:12:28:51 -0500] "HEAD / HTTP/1.1" 302 -
201.244.117.108 - - [12/Jan/2015:12:28:52 -0500] "GET /galeria/bibloteca/contentflow.js HTTP/1.1" 200 42804
201.244.117.108 - - [12/Jan/2015:12:28:56 -0500] "GET /galeria/bibloteca/contentflow.css HTTP/1.1" 200 3201
201.244.117.108 - - [12/Jan/2015:12:28:56 -0500] "GET /galeria/bibloteca/mycontentflow.css HTTP/1.1" 200 3110
201.244.117.108 - - [12/Jan/2015:12:28:57 -0500] "GET /galeria/bibloteca/ContentFlowAddOn_white.js HTTP/1.1" 200 2497
201.244.117.108 - - [12/Jan/2015:12:28:57 -0500] "GET /galeria/bibloteca/ContentFlowAddOn_white.css HTTP/1.1" 200 3355
201.244.117.108 - - [12/Jan/2015:12:28:58 -0500] "GET /galeria/bibloteca/img/loader.gif HTTP/1.1" 200 8238
201.244.117.108 - - [12/Jan/2015:12:28:58 -0500] "GET /galeria/bibloteca/img/scrollbar_white.png HTTP/1.1" 200 82
201.244.117.108 - - [12/Jan/2015:12:28:58 -0500] "GET /galeria/bibloteca/img/slider_white.png HTTP/1.1" 200 178
186.84.40.34 - - [12/Jan/2015:12:29:00 -0500] "POST /forms/lservlet;jsessionid=ac16012b30d5b930346dabb54c25a2d5a04463a31c2d.e3iSbxaKaheRe34SahiRb30Pchr0n6jAmljGr5XDqQLvpAe HTTP/1.1" 200 2211
201.244.117.108 - - [12/Jan/2015:12:29:15 -0500] "GET /galeria/bibloteca/img/scrollbar_black.png HTTP/1.1" 200 82
201.244.117.108 - - [12/Jan/2015:12:29:15 -0500] "GET /galeria/bibloteca/img/slider_black.png HTTP/1.1" 200 175
201.244.117.108 - - [12/Jan/2015:12:29:15 -0500] "GET /galeria/bibloteca/img/1x1_0.5_white.png HTTP/1.1" 200 82
201.244.117.108 - - [12/Jan/2015:12:29:15 -0500] "GET /galeria/bibloteca/img/ajax-loader.gif HTTP/1.1" 200 9427
186.84.40.34 - - [12/Jan/2015:12:29:17 -0500] "POST /forms/lservlet;jsessionid=ac16012b30d5b930346dabb54c25a2d5a04463a31c2d.e3iSbxaKaheRe34SahiRb30Pchr0n6jAmljGr5XDqQLvpAe HTTP/1.1" 200 24
186.84.40.34 - - [12/Jan/2015:12:29:17 -0500] "POST /forms/lservlet;jsessionid=ac16012b30d5b930346dabb54c25a2d5a04463a31c2d.e3iSbxaKaheRe34SahiRb30Pchr0n6jAmljGr5XDqQLvpAe HTTP/1.1" 200 3872
186.84.40.34 - - [12/Jan/2015:12:29:18 -0500] "POST /forms/lservlet;jsessionid=ac16012b30d5b930346dabb54c25a2d5a04463a31c2d.e3iSbxaKaheRe34SahiRb30Pchr0n6jAmljGr5XDqQLvpAe HTTP/1.1" 200 2
186.84.40.34 - - [12/Jan/2015:12:29:20 -0500] "POST /forms/lservlet;jsessionid=ac16012b30d5b930346dabb54c25a2d5a04463a31c2d.e3iSbxaKaheRe34SahiRb30Pchr0n6jAmljGr5XDqQLvpAe HTTP/1.1" 200 2
186.84.40.34 - - [12/Jan/2015:12:29:20 -0500] "POST /forms/lservlet;jsessionid=ac16012b30d5b930346dabb54c25a2d5a04463a31c2d.e3iSbxaKaheRe34SahiRb30Pchr0n6jAmljGr5XDqQLvpAe HTTP/1.1" 200 14
186.84.40.34 - - [12/Jan/2015:12:29:21 -0500] "POST /forms/lservlet;jsessionid=ac16012b30d5b930346dabb54c25a2d5a04463a31c2d.e3iSbxaKaheRe34SahiRb30Pchr0n6jAmljGr5XDqQLvpAe HTTP/1.1" 200 14
186.84.40.34 - - [12/Jan/2015:12:29:23 -0500] "POST /forms/lservlet;jsessionid=ac16012b30d5b930346dabb54c25a2d5a04463a31c2d.e3iSbxaKaheRe34SahiRb30Pchr0n6jAmljGr5XDqQLvpAe HTTP/1.1" 200 14
186.84.40.34 - - [12/Jan/2015:12:29:24 -0500] "POST /forms/lservlet;jsessionid=ac16012b30d5b930346dabb54c25a2d5a04463a31c2d.e3iSbxaKaheRe34SahiRb30Pchr0n6jAmljGr5XDqQLvpAe HTTP/1.1" 200 112
186.84.40.34 - - [12/Jan/2015:12:29:24 -0500] "POST /forms/lservlet;jsessionid=ac16012b30d5b930346dabb54c25a2d5a04463a31c2d.e3iSbxaKaheRe34SahiRb30Pchr0n6jAmljGr5XDqQLvpAe HTTP/1.1" 200 2
186.84.40.34 - - [12/Jan/2015:12:29:25 -0500] "GET /reports/rwservlet/getjobid340447?server=rep_srvapsda HTTP/1.1" 200 2419587
66.249.67.75 - - [12/Jan/2015:12:29:39 -0500] "GET /BLA/resoluciones/index.php?dir=RESOLUCIONES%202004/RES%202004%202101-2150/&sort=size&order=desc HTTP/1.1" 200 12358
180.76.5.151 - - [12/Jan/2015:12:29:40 -0500] "GET /BLA/resoluciones/RESOLUCIONES%202010/0478.pdf HTTP/1.1" 200 127108
186.84.44.58 - - [12/Jan/2015:12:30:12 -0500] "POST /forms/lservlet;jsessionid=ac16012b30d5119b3910b34c44c69c548c7d89a14328.e3iSbxaKaheRe34SahiRb30Pchr0n6jAmljGr5XDqQLvpAe HTTP/1.1" 200 2
186.84.40.34 - - [12/Jan/2015:12:30:15 -0500] "POST /forms/lservlet;jsessionid=ac16012b30d5b930346dabb54c25a2d5a04463a31c2d.e3iSbxaKaheRe34SahiRb30Pchr0n6jAmljGr5XDqQLvpAe HTTP/1.1" 200 2
180.76.6.136 - - [12/Jan/2015:12:30:19 -0500] "GET /BLA/resoluciones/AUTOS%202012/1610.pdf HTTP/1.1" 200 305369
190.156.91.79 - - [12/Jan/2015:12:30:27 -0500] "POST /forms/lservlet;jsessionid=ac16012b30d5b9c7596d463549dcbb039173fc01d604.e3iSbxaKaheRe34SahiRb30Pchr0n6jAmljGr5XDqQLvpAe HTTP/1.1" 200 2
66.249.67.67 - - [12/Jan/2015:12:30:42 -0500] "GET /BLA/resoluciones/RESOLUCIONES%202007/RES%202007%202201%20AL%202300/RESOLUCION%202267_DE%202007.pdf HTTP/1.1" 200 1421417
186.29.203.131 - - [12/Jan/2015:12:30:49 -0500] "POST /forms/lservlet;jsessionid=ac16012b30d5b10e4f29f1924fbb8a83aef930aaa7e9.e3iSbxaKaheRe34SahiRb30Pchr0n6jAmljGr5XDqQLvpAe HTTP/1.1" 200 2
157.55.39.23 - - [12/Jan/2015:12:31:02 -0500] "GET /bla/resoluciones/resoluciones%202009/8532.pdf HTTP/1.1" 200 517872
207.46.13.113 - - [12/Jan/2015:12:31:15 -0500] "GET /BLA/resoluciones/AUTOS%202012/1937.pdf HTTP/1.1" 200 341662
186.29.203.131 - - [12/Jan/2015:12:31:34 -0500] "GET /forest/session.jsp?a=0.8242617803625762 HTTP/1.1" 200 4
180.76.6.150 - - [12/Jan/2015:12:31:36 -0500] "GET /BLA/resoluciones/AUTOS%202013/0334.pdf HTTP/1.1" 200 588811
207.46.13.113 - - [12/Jan/2015:12:31:41 -0500] "GET /BLA/resoluciones/index.php?dir=AUTOS%202009/&sort=size&order=asc HTTP/1.1" 200 393329
207.46.13.113 - - [12/Jan/2015:12:31:51 -0500] "GET /bla/resoluciones/autos%202010/6629.pdf HTTP/1.1" 200 141963
66.249.67.103 - - [12/Jan/2015:12:31:52 -0500] "GET /Anexos%20estudio%20Organizacional%20SDA/index.php?dir=ANEXO%20No.%208%20-%20MATRICES%20DE%20REGISTRO%20Y%20DE%20SALIDA%20MEDICI%D3N%20CARGAS%20LABORALES%20SDA/&sort=size&order=asc HTTP/1.1" 200 5550
207.46.13.12 - - [12/Jan/2015:12:31:55 -0500] "GET /bla/resoluciones/autos%202010/0188.pdf HTTP/1.1" 200 261883
188.165.15.130 - - [12/Jan/2015:12:31:55 -0500] "GET /BLA/resoluciones/RESOLUCIONES%202003/RES%202003%201551-1601/20031558.tif HTTP/1.1" 200 43908
186.29.203.131 - - [12/Jan/2015:12:32:03 -0500] "GET /forest/index2.jsp?_a=0.7651213554199785 HTTP/1.1" 200 49031
186.29.203.131 - - [12/Jan/2015:12:32:04 -0500] "GET /forest/img/misactividades.gif HTTP/1.1" 304 -
186.29.203.131 - - [12/Jan/2015:12:32:04 -0500] "GET /forest/session.jsp?a=0.7300495803356171 HTTP/1.1" 200 4
186.29.203.131 - - [12/Jan/2015:12:32:07 -0500] "GET /forest/misactividades.do?group_system_actual=3&codPro=233&_a=0.5471004328054091 HTTP/1.1" 200 38204
186.29.203.131 - - [12/Jan/2015:12:32:08 -0500] "GET /forest/skins/gdocs-jar/jsp/cookie.jsp?name=grid_numrad&del HTTP/1.1" 200 -
186.29.203.131 - - [12/Jan/2015:12:32:08 -0500] "GET /forest/session.jsp?a=0.2911267946474254 HTTP/1.1" 200 4
186.29.203.131 - - [12/Jan/2015:12:32:08 -0500] "POST /forest/misactividades.do?ajax=true&a=0.33746382663957775 HTTP/1.1" 200 3902
186.29.203.131 - - [12/Jan/2015:12:26:30 -0500] "GET /ForestMSG_SDA/channelAsync/template_word_17263807?X-Atmosphere-tracking-id=d7ba91dc-8482-6bed-c4bf-a376e0917b84&X-Atmosphere-Framework=1.0.5&X-Atmosphere-Transport=long-polling&tabid=0.8740192321129143&X-Cache-Date=0&Content-Type=application/xml&_=1421083795879 HTTP/1.1" 200 8193
186.84.44.58 - - [12/Jan/2015:12:32:12 -0500] "POST /forms/lservlet;jsessionid=ac16012b30d5119b3910b34c44c69c548c7d89a14328.e3iSbxaKaheRe34SahiRb30Pchr0n6jAmljGr5XDqQLvpAe HTTP/1.1" 200 2
186.29.203.131 - - [12/Jan/2015:12:32:10 -0500] "GET /forest/usutareas.do?_a=0.7294440767727792&group_system_actual=3 HTTP/1.1" 200 261163
186.29.203.131 - - [12/Jan/2015:12:32:12 -0500] "GET /forest/session.jsp?a=0.03885168512351811 HTTP/1.1" 200 4
186.29.203.131 - - [12/Jan/2015:12:32:12 -0500] "GET /forest/actions/forms.getList?codForm=Anexo4&id=p300 HTTP/1.1" 200 136
186.29.203.131 - - [12/Jan/2015:12:32:13 -0500] "GET /forest/actions/forms.getList?codForm=Anexo4&id=p312 HTTP/1.1" 200 88
186.29.203.131 - - [12/Jan/2015:12:32:13 -0500] "GET /forest/actions/forms.getList?codForm=Anexo4&id=p368 HTTP/1.1" 200 209
186.84.40.34 - - [12/Jan/2015:12:32:16 -0500] "POST /forms/lservlet;jsessionid=ac16012b30d5b930346dabb54c25a2d5a04463a31c2d.e3iSbxaKaheRe34SahiRb30Pchr0n6jAmljGr5XDqQLvpAe HTTP/1.1" 200 2
185.10.104.196 - - [12/Jan/2015:12:32:16 -0500] "GET /BLA/resoluciones/RESOLUCIONES%202011/1458.pdf HTTP/1.1" 200 517883
186.29.203.131 - - [12/Jan/2015:12:32:23 -0500] "POST /forest/actions/forms.sendFile HTTP/1.1" 200 115
190.156.91.79 - - [12/Jan/2015:12:32:30 -0500] "POST /forms/lservlet;jsessionid=ac16012b30d5b9c7596d463549dcbb039173fc01d604.e3iSbxaKaheRe34SahiRb30Pchr0n6jAmljGr5XDqQLvpAe HTTP/1.1" 200 2
186.29.203.131 - - [12/Jan/2015:12:32:33 -0500] "POST /forest/usutareas.do? HTTP/1.1" 200 76
186.29.203.131 - - [12/Jan/2015:12:32:50 -0500] "POST /forms/lservlet;jsessionid=ac16012b30d5b10e4f29f1924fbb8a83aef930aaa7e9.e3iSbxaKaheRe34SahiRb30Pchr0n6jAmljGr5XDqQLvpAe HTTP/1.1" 200 2
186.29.203.131 - - [12/Jan/2015:12:32:38 -0500] "GET /forest/usutareas.do?group_system_actual=3&a=0.045135779306292534 HTTP/1.1" 200 149586
186.29.203.131 - - [12/Jan/2015:12:32:54 -0500] "GET /forest/session.jsp?a=0.25367150478996336 HTTP/1.1" 200 4
186.29.203.131 - - [12/Jan/2015:12:32:54 -0500] "GET /forest/actions/forms.getMappedValues?id=NUMTER45&value=899999061-9%20SDA&codForm=contec&a=0.36522245733067393 HTTP/1.1" 200 113
186.112.42.143 - - [12/Jan/2015:12:32:56 -0500] "GET /BLA/boletinlegal/js/jquery.js HTTP/1.1" 200 57254
186.112.42.143 - - [12/Jan/2015:12:32:56 -0500] "GET /BLA/boletinlegal/js/jquery.scrollTo-min.js HTTP/1.1" 200 1150
186.112.42.143 - - [12/Jan/2015:12:32:56 -0500] "GET /BLA/boletinlegal/js/jquery.scrollShow.js HTTP/1.1" 200 4586
157.55.39.23 - - [12/Jan/2015:12:32:57 -0500] "GET /BLA/resoluciones/AUTOS%202012/2708.pdf HTTP/1.1" 200 375172
186.85.79.140 - - [12/Jan/2015:12:33:00 -0500] "GET /forms/frmservlet?config=sia HTTP/1.1" 200 4046
186.85.79.140 - - [12/Jan/2015:12:33:01 -0500] "GET /favicon.ico HTTP/1.1" 200 7782
186.29.203.131 - - [12/Jan/2015:12:33:03 -0500] "GET /forest/actions/forms.getMappedValues?id=localidadvisita402&value=1&codForm=contec&a=0.7196382677648216 HTTP/1.1" 200 23
186.85.79.140 - - [12/Jan/2015:12:33:06 -0500] "GET /forms/frmservlet?config=sia HTTP/1.1" 200 4046
186.85.79.140 - - [12/Jan/2015:12:33:07 -0500] "GET /forms/java/frmall_jinit.jar HTTP/1.1" 304 -
186.85.79.140 - - [12/Jan/2015:12:33:08 -0500] "GET /forms/java/icons.jar HTTP/1.1" 304 -
186.85.79.140 - - [12/Jan/2015:12:33:08 -0500] "GET /forms/java/java/awt/KeyboardFocusManager.class HTTP/1.1" 404 352
186.85.79.140 - - [12/Jan/2015:12:33:08 -0500] "GET /forms/java/java/awt/event/MouseWheelListener.class HTTP/1.1" 404 356
186.85.79.140 - - [12/Jan/2015:12:33:08 -0500] "GET /forms/java/oracle/forms/registry/Registry.dat HTTP/1.1" 200 4213
186.85.79.140 - - [12/Jan/2015:12:33:09 -0500] "GET /forms/java/oracle/forms/registry/default.dat HTTP/1.1" 404 350
186.85.79.140 - - [12/Jan/2015:12:33:09 -0500] "GET /forms/frmservlet?config=sia&acceptLanguage=en-us,en;q=0.5&ifcmd=startsession HTTP/1.1" 200 119
186.85.79.140 - - [12/Jan/2015:12:33:09 -0500] "GET /forms/lservlet;jsessionid=ac16012b30d5065e01a3e68f4bc8bbd1af72e53ac41f.e3iSbxaKaheRe34SahiRb30Pchr0n6jAmljGr5XDqQLvpAe?ifcmd=getinfo&ifhost=Germaneu&ifip=192.168.0.2 HTTP/1.1" 200 8
186.85.79.140 - - [12/Jan/2015:12:33:09 -0500] "POST /forms/lservlet;jsessionid=ac16012b30d5065e01a3e68f4bc8bbd1af72e53ac41f.e3iSbxaKaheRe34SahiRb30Pchr0n6jAmljGr5XDqQLvpAe HTTP/1.1" 200 8
186.85.79.140 - - [12/Jan/2015:12:33:09 -0500] "POST /forms/lservlet;jsessionid=ac16012b30d5065e01a3e68f4bc8bbd1af72e53ac41f.e3iSbxaKaheRe34SahiRb30Pchr0n6jAmljGr5XDqQLvpAe HTTP/1.1" 200 64000
186.85.79.140 - - [12/Jan/2015:12:33:10 -0500] "POST /forms/lservlet;jsessionid=ac16012b30d5065e01a3e68f4bc8bbd1af72e53ac41f.e3iSbxaKaheRe34SahiRb30Pchr0n6jAmljGr5XDqQLvpAe HTTP/1.1" 200 64000
186.85.79.140 - - [12/Jan/2015:12:33:10 -0500] "POST /forms/lservlet;jsessionid=ac16012b30d5065e01a3e68f4bc8bbd1af72e53ac41f.e3iSbxaKaheRe34SahiRb30Pchr0n6jAmljGr5XDqQLvpAe HTTP/1.1" 200 63623
186.85.79.140 - - [12/Jan/2015:12:33:11 -0500] "HEAD /imagenes/dama_logo.gif HTTP/1.1" 200 -
186.85.79.140 - - [12/Jan/2015:12:33:11 -0500] "GET /imagenes/dama_logo.gif HTTP/1.1" 200 21482
186.85.79.140 - - [12/Jan/2015:12:33:12 -0500] "POST /forms/lservlet;jsessionid=ac16012b30d5065e01a3e68f4bc8bbd1af72e53ac41f.e3iSbxaKaheRe34SahiRb30Pchr0n6jAmljGr5XDqQLvpAe HTTP/1.1" 200 2
186.85.79.140 - - [12/Jan/2015:12:33:12 -0500] "POST /forms/lservlet;jsessionid=ac16012b30d5065e01a3e68f4bc8bbd1af72e53ac41f.e3iSbxaKaheRe34SahiRb30Pchr0n6jAmljGr5XDqQLvpAe HTTP/1.1" 200 2
181.148.63.55 - - [12/Jan/2015:12:33:18 -0500] "GET /BLA/resoluciones/RESOLUCIONES%202008/1729.pdf HTTP/1.1" 200 461821
207.46.13.113 - - [12/Jan/2015:12:33:19 -0500] "GET /BLA/resoluciones/AUTOS%202007/3207.pdf HTTP/1.1" 200 82379
188.165.15.239 - - [12/Jan/2015:12:33:20 -0500] "GET /BLA/resoluciones/RESOLUCIONES%202005/RES%202005%202551-2600/00002556.tif HTTP/1.1" 200 327084
186.85.79.140 - - [12/Jan/2015:12:33:25 -0500] "POST /forms/lservlet;jsessionid=ac16012b30d5065e01a3e68f4bc8bbd1af72e53ac41f.e3iSbxaKaheRe34SahiRb30Pchr0n6jAmljGr5XDqQLvpAe HTTP/1.1" 200 200
186.85.79.140 - - [12/Jan/2015:12:33:27 -0500] "POST /forms/lservlet;jsessionid=ac16012b30d5065e01a3e68f4bc8bbd1af72e53ac41f.e3iSbxaKaheRe34SahiRb30Pchr0n6jAmljGr5XDqQLvpAe HTTP/1.1" 200 39
207.46.13.113 - - [12/Jan/2015:12:33:36 -0500] "GET /BLA/resoluciones/AUTOS%202012/2604.pdf HTTP/1.1" 200 347981
186.85.79.140 - - [12/Jan/2015:12:33:38 -0500] "POST /forms/lservlet;jsessionid=ac16012b30d5065e01a3e68f4bc8bbd1af72e53ac41f.e3iSbxaKaheRe34SahiRb30Pchr0n6jAmljGr5XDqQLvpAe HTTP/1.1" 200 25
186.85.79.140 - - [12/Jan/2015:12:33:39 -0500] "POST /forms/lservlet;jsessionid=ac16012b30d5065e01a3e68f4bc8bbd1af72e53ac41f.e3iSbxaKaheRe34SahiRb30Pchr0n6jAmljGr5XDqQLvpAe HTTP/1.1" 200 17
66.249.67.75 - - [12/Jan/2015:12:33:41 -0500] "GET /BLA/resoluciones/AUTOS%202006/AUTOS%202006%201701%20-%201800/00001762.tif HTTP/1.1" 200 99512
186.85.79.140 - - [12/Jan/2015:12:33:51 -0500] "POST /forms/lservlet;jsessionid=ac16012b30d5065e01a3e68f4bc8bbd1af72e53ac41f.e3iSbxaKaheRe34SahiRb30Pchr0n6jAmljGr5XDqQLvpAe HTTP/1.1" 200 22
74.86.158.107 - - [12/Jan/2015:12:33:51 -0500] "HEAD / HTTP/1.1" 302 -
186.85.79.140 - - [12/Jan/2015:12:33:53 -0500] "POST /forms/lservlet;jsessionid=ac16012b30d5065e01a3e68f4bc8bbd1af72e53ac41f.e3iSbxaKaheRe34SahiRb30Pchr0n6jAmljGr5XDqQLvpAe HTTP/1.1" 200 63
186.85.79.140 - - [12/Jan/2015:12:33:53 -0500] "POST /forms/lservlet;jsessionid=ac16012b30d5065e01a3e68f4bc8bbd1af72e53ac41f.e3iSbxaKaheRe34SahiRb30Pchr0n6jAmljGr5XDqQLvpAe HTTP/1.1" 200 -
186.85.79.140 - - [12/Jan/2015:12:33:57 -0500] "GET /forms/frmservlet?config=sia HTTP/1.1" 200 4046
186.85.79.140 - - [12/Jan/2015:12:33:57 -0500] "GET /forms/frmservlet?config=sia HTTP/1.1" 200 4046
186.85.79.140 - - [12/Jan/2015:12:33:57 -0500] "GET /forms/java/oracle/forms/registry/Registry.dat HTTP/1.1" 200 4213
186.85.79.140 - - [12/Jan/2015:12:33:57 -0500] "GET /forms/java/oracle/forms/registry/default.dat HTTP/1.1" 404 350
186.85.79.140 - - [12/Jan/2015:12:33:57 -0500] "GET /forms/frmservlet?config=sia&acceptLanguage=en-us,en;q=0.5&ifcmd=startsession HTTP/1.1" 200 119
186.85.79.140 - - [12/Jan/2015:12:33:57 -0500] "GET /forms/lservlet;jsessionid=ac16012b30d5e8b6f4ef4a6c474dbba9e82b2c2ab5e5.e3iSbxaKaheRe34SahiRb30Pchr0n6jAmljGr5XDqQLvpAe?ifcmd=getinfo&ifhost=Germaneu&ifip=192.168.0.2 HTTP/1.1" 200 8
186.85.79.140 - - [12/Jan/2015:12:33:57 -0500] "POST /forms/lservlet;jsessionid=ac16012b30d5e8b6f4ef4a6c474dbba9e82b2c2ab5e5.e3iSbxaKaheRe34SahiRb30Pchr0n6jAmljGr5XDqQLvpAe HTTP/1.1" 200 8
186.85.79.140 - - [12/Jan/2015:12:33:58 -0500] "POST /forms/lservlet;jsessionid=ac16012b30d5e8b6f4ef4a6c474dbba9e82b2c2ab5e5.e3iSbxaKaheRe34SahiRb30Pchr0n6jAmljGr5XDqQLvpAe HTTP/1.1" 200 64000
186.85.79.140 - - [12/Jan/2015:12:33:59 -0500] "HEAD /imagenes/dama_logo.gif HTTP/1.1" 200 -
186.85.79.140 - - [12/Jan/2015:12:33:59 -0500] "POST /forms/lservlet;jsessionid=ac16012b30d5e8b6f4ef4a6c474dbba9e82b2c2ab5e5.e3iSbxaKaheRe34SahiRb30Pchr0n6jAmljGr5XDqQLvpAe HTTP/1.1" 200 64000
186.85.79.140 - - [12/Jan/2015:12:33:59 -0500] "POST /forms/lservlet;jsessionid=ac16012b30d5e8b6f4ef4a6c474dbba9e82b2c2ab5e5.e3iSbxaKaheRe34SahiRb30Pchr0n6jAmljGr5XDqQLvpAe HTTP/1.1" 200 63623
186.85.79.140 - - [12/Jan/2015:12:34:00 -0500] "POST /forms/lservlet;jsessionid=ac16012b30d5e8b6f4ef4a6c474dbba9e82b2c2ab5e5.e3iSbxaKaheRe34SahiRb30Pchr0n6jAmljGr5XDqQLvpAe HTTP/1.1" 200 2
188.165.15.212 - - [12/Jan/2015:12:34:01 -0500] "GET /BLA/resoluciones/RESOLUCIONES%202006/RES%202006%201101-1150/00001136.tif HTTP/1.1" 200 182372
188.165.15.237 - - [12/Jan/2015:12:34:01 -0500] "GET /BLA/resoluciones/RESOLUCIONES%202003/RES%202003%20801-850/803.tif HTTP/1.1" 200 234452
157.55.39.22 - - [12/Jan/2015:12:34:11 -0500] "GET /BLA/resoluciones/AUTOS%202010/1421.pdf HTTP/1.1" 200 161318
186.84.44.58 - - [12/Jan/2015:12:34:12 -0500] "POST /forms/lservlet;jsessionid=ac16012b30d5119b3910b34c44c69c548c7d89a14328.e3iSbxaKaheRe34SahiRb30Pchr0n6jAmljGr5XDqQLvpAe HTTP/1.1" 200 2
186.84.40.34 - - [12/Jan/2015:12:34:16 -0500] "POST /forms/lservlet;jsessionid=ac16012b30d5b930346dabb54c25a2d5a04463a31c2d.e3iSbxaKaheRe34SahiRb30Pchr0n6jAmljGr5XDqQLvpAe HTTP/1.1" 200 2
186.85.79.140 - - [12/Jan/2015:12:34:23 -0500] "POST /forms/lservlet;jsessionid=ac16012b30d5e8b6f4ef4a6c474dbba9e82b2c2ab5e5.e3iSbxaKaheRe34SahiRb30Pchr0n6jAmljGr5XDqQLvpAe HTTP/1.1" 200 200
186.85.79.140 - - [12/Jan/2015:12:34:25 -0500] "POST /forms/lservlet;jsessionid=ac16012b30d5e8b6f4ef4a6c474dbba9e82b2c2ab5e5.e3iSbxaKaheRe34SahiRb30Pchr0n6jAmljGr5XDqQLvpAe HTTP/1.1" 200 39
190.156.91.79 - - [12/Jan/2015:12:34:30 -0500] "POST /forms/lservlet;jsessionid=ac16012b30d5b9c7596d463549dcbb039173fc01d604.e3iSbxaKaheRe34SahiRb30Pchr0n6jAmljGr5XDqQLvpAe HTTP/1.1" 200 2
186.85.79.140 - - [12/Jan/2015:12:34:35 -0500] "POST /forms/lservlet;jsessionid=ac16012b30d5e8b6f4ef4a6c474dbba9e82b2c2ab5e5.e3iSbxaKaheRe34SahiRb30Pchr0n6jAmljGr5XDqQLvpAe HTTP/1.1" 200 63
186.85.79.140 - - [12/Jan/2015:12:34:38 -0500] "POST /forms/lservlet;jsessionid=ac16012b30d5e8b6f4ef4a6c474dbba9e82b2c2ab5e5.e3iSbxaKaheRe34SahiRb30Pchr0n6jAmljGr5XDqQLvpAe HTTP/1.1" 200 17
186.29.203.131 - - [12/Jan/2015:12:34:45 -0500] "GET /forest/actions/forms.getMappedValues?id=localidadvisita402&value=1&codForm=contec&a=0.509897903772071 HTTP/1.1" 200 23
186.85.79.140 - - [12/Jan/2015:12:34:45 -0500] "POST /forms/lservlet;jsessionid=ac16012b30d5e8b6f4ef4a6c474dbba9e82b2c2ab5e5.e3iSbxaKaheRe34SahiRb30Pchr0n6jAmljGr5XDqQLvpAe HTTP/1.1" 200 22
186.85.79.140 - - [12/Jan/2015:12:34:49 -0500] "POST /forms/lservlet;jsessionid=ac16012b30d5e8b6f4ef4a6c474dbba9e82b2c2ab5e5.e3iSbxaKaheRe34SahiRb30Pchr0n6jAmljGr5XDqQLvpAe HTTP/1.1" 200 63
186.29.203.131 - - [12/Jan/2015:12:34:50 -0500] "POST /forms/lservlet;jsessionid=ac16012b30d5b10e4f29f1924fbb8a83aef930aaa7e9.e3iSbxaKaheRe34SahiRb30Pchr0n6jAmljGr5XDqQLvpAe HTTP/1.1" 200 2
186.85.79.140 - - [12/Jan/2015:12:34:50 -0500] "POST /forms/lservlet;jsessionid=ac16012b30d5e8b6f4ef4a6c474dbba9e82b2c2ab5e5.e3iSbxaKaheRe34SahiRb30Pchr0n6jAmljGr5XDqQLvpAe HTTP/1.1" 200 -
186.85.79.140 - - [12/Jan/2015:12:34:54 -0500] "GET /forms/frmservlet?config=sia HTTP/1.1" 200 4046
186.85.79.140 - - [12/Jan/2015:12:34:54 -0500] "GET /forms/frmservlet?config=sia HTTP/1.1" 200 4046
186.85.79.140 - - [12/Jan/2015:12:34:55 -0500] "GET /forms/java/oracle/forms/registry/Registry.dat HTTP/1.1" 200 4213
186.85.79.140 - - [12/Jan/2015:12:34:55 -0500] "GET /forms/java/oracle/forms/registry/default.dat HTTP/1.1" 404 350
186.85.79.140 - - [12/Jan/2015:12:34:55 -0500] "GET /forms/frmservlet?config=sia&acceptLanguage=en-us,en;q=0.5&ifcmd=startsession HTTP/1.1" 200 119
186.85.79.140 - - [12/Jan/2015:12:34:55 -0500] "GET /forms/lservlet;jsessionid=ac16012b30d565be53ece1c647369e0dd0eca110c541.e3iSbxaKaheRe34SahiRb30Pchr0n6jAmljGr5XDqQLvpAe?ifcmd=getinfo&ifhost=Germaneu&ifip=192.168.0.2 HTTP/1.1" 200 8
186.85.79.140 - - [12/Jan/2015:12:34:55 -0500] "POST /forms/lservlet;jsessionid=ac16012b30d565be53ece1c647369e0dd0eca110c541.e3iSbxaKaheRe34SahiRb30Pchr0n6jAmljGr5XDqQLvpAe HTTP/1.1" 200 8
186.85.79.140 - - [12/Jan/2015:12:34:55 -0500] "POST /forms/lservlet;jsessionid=ac16012b30d565be53ece1c647369e0dd0eca110c541.e3iSbxaKaheRe34SahiRb30Pchr0n6jAmljGr5XDqQLvpAe HTTP/1.1" 200 64000
186.85.79.140 - - [12/Jan/2015:12:34:56 -0500] "HEAD /imagenes/dama_logo.gif HTTP/1.1" 200 -
186.85.79.140 - - [12/Jan/2015:12:34:56 -0500] "POST /forms/lservlet;jsessionid=ac16012b30d565be53ece1c647369e0dd0eca110c541.e3iSbxaKaheRe34SahiRb30Pchr0n6jAmljGr5XDqQLvpAe HTTP/1.1" 200 64000
186.85.79.140 - - [12/Jan/2015:12:34:56 -0500] "POST /forms/lservlet;jsessionid=ac16012b30d565be53ece1c647369e0dd0eca110c541.e3iSbxaKaheRe34SahiRb30Pchr0n6jAmljGr5XDqQLvpAe HTTP/1.1" 200 63623
186.85.79.140 - - [12/Jan/2015:12:34:57 -0500] "POST /forms/lservlet;jsessionid=ac16012b30d565be53ece1c647369e0dd0eca110c541.e3iSbxaKaheRe34SahiRb30Pchr0n6jAmljGr5XDqQLvpAe HTTP/1.1" 200 2
186.29.203.131 - - [12/Jan/2015:12:33:37 -0500] "GET /forest/skins/gdocs-jar/popup/showReport.jsp?idr=524&proceso=2973268&__format=pdf&contec=1421083724001&_a=0.9923645816743374 HTTP/1.1" 200 18096
186.29.203.131 - - [12/Jan/2015:12:34:47 -0500] "GET /forest/skins/gdocs-jar/popup/showReport.jsp?idr=524&proceso=2973268&__format=pdf&contec=1421083724001&_a=0.4545501887332648 HTTP/1.1" 200 329829
186.85.79.140 - - [12/Jan/2015:12:35:17 -0500] "POST /forms/lservlet;jsessionid=ac16012b30d565be53ece1c647369e0dd0eca110c541.e3iSbxaKaheRe34SahiRb30Pchr0n6jAmljGr5XDqQLvpAe HTTP/1.1" 200 182
186.85.79.140 - - [12/Jan/2015:12:35:20 -0500] "POST /forms/lservlet;jsessionid=ac16012b30d565be53ece1c647369e0dd0eca110c541.e3iSbxaKaheRe34SahiRb30Pchr0n6jAmljGr5XDqQLvpAe HTTP/1.1" 200 2
186.85.79.140 - - [12/Jan/2015:12:35:21 -0500] "POST /forms/lservlet;jsessionid=ac16012b30d565be53ece1c647369e0dd0eca110c541.e3iSbxaKaheRe34SahiRb30Pchr0n6jAmljGr5XDqQLvpAe HTTP/1.1" 200 39
186.85.79.140 - - [12/Jan/2015:12:35:22 -0500] "POST /forms/lservlet;jsessionid=ac16012b30d565be53ece1c647369e0dd0eca110c541.e3iSbxaKaheRe34SahiRb30Pchr0n6jAmljGr5XDqQLvpAe HTTP/1.1" 200 2
186.85.79.140 - - [12/Jan/2015:12:35:22 -0500] "POST /forms/lservlet;jsessionid=ac16012b30d565be53ece1c647369e0dd0eca110c541.e3iSbxaKaheRe34SahiRb30Pchr0n6jAmljGr5XDqQLvpAe HTTP/1.1" 200 58
186.85.79.140 - - [12/Jan/2015:12:35:22 -0500] "POST /forms/lservlet;jsessionid=ac16012b30d565be53ece1c647369e0dd0eca110c541.e3iSbxaKaheRe34SahiRb30Pchr0n6jAmljGr5XDqQLvpAe HTTP/1.1" 200 -
186.29.203.131 - - [12/Jan/2015:12:35:41 -0500] "POST /forest/usutareas.do? HTTP/1.1" 200 76
186.29.203.131 - - [12/Jan/2015:12:35:49 -0500] "GET /forest/usutareas.do?group_system_actual=3&a=0.025912286713719368 HTTP/1.1" 200 261915
186.29.203.131 - - [12/Jan/2015:12:35:52 -0500] "GET /forest/session.jsp?a=0.8648737985640764 HTTP/1.1" 200 4
186.29.203.131 - - [12/Jan/2015:12:35:52 -0500] "GET /forest/actions/forms.getList?codForm=Anexo4&id=p300 HTTP/1.1" 200 136
186.29.203.131 - - [12/Jan/2015:12:35:52 -0500] "GET /forest/actions/forms.getList?codForm=Anexo4&id=p312 HTTP/1.1" 200 88
186.29.203.131 - - [12/Jan/2015:12:35:52 -0500] "GET /forest/actions/forms.getList?codForm=Anexo4&id=p368 HTTP/1.1" 200 209
146.133.155.241 - - [12/Jan/2015:12:35:54 -0500] "GET /BLA/boletinlegal/js/jquery.js HTTP/1.1" 304 -
146.133.155.241 - - [12/Jan/2015:12:35:54 -0500] "GET /BLA/boletinlegal/js/jquery.scrollTo-min.js HTTP/1.1" 304 -
146.133.155.241 - - [12/Jan/2015:12:35:54 -0500] "GET /BLA/boletinlegal/js/jquery.scrollShow.js HTTP/1.1" 304 -
188.165.15.44 - - [12/Jan/2015:12:35:54 -0500] "GET /BLA/resoluciones/RESOLUCIONES%202005/RES%202005%202001-2050/00002028.tif HTTP/1.1" 200 134128
66.249.67.83 - - [12/Jan/2015:12:36:02 -0500] "GET /BLA/resoluciones/RESOLUCIONES%202007/RES%202007%202701%20AL%202800/RESOLUCION%202781%20DE%202007.pdf HTTP/1.1" 200 341300
186.84.44.58 - - [12/Jan/2015:12:36:12 -0500] "POST /forms/lservlet;jsessionid=ac16012b30d5119b3910b34c44c69c548c7d89a14328.e3iSbxaKaheRe34SahiRb30Pchr0n6jAmljGr5XDqQLvpAe HTTP/1.1" 200 2
181.61.32.174 - - [12/Jan/2015:12:36:14 -0500] "GET /galeria/nivo-slider/demo/demo.html HTTP/1.1" 304 -
181.61.32.174 - - [12/Jan/2015:12:36:14 -0500] "GET /galeria/nivo-slider/demo/images/Ruta-vertimientos-01.jpg HTTP/1.1" 304 -
181.61.32.174 - - [12/Jan/2015:12:36:14 -0500] "GET /galeria/nivo-slider/demo/images/bolsas-08.jpg HTTP/1.1" 304 -
181.61.32.174 - - [12/Jan/2015:12:36:14 -0500] "GET /galeria/nivo-slider/demo/images/bolsas-06.jpg HTTP/1.1" 304 -
181.61.32.174 - - [12/Jan/2015:12:36:14 -0500] "GET /galeria/nivo-slider/demo/images/ecolecta-Dic2014.png HTTP/1.1" 304 -
186.84.40.34 - - [12/Jan/2015:12:36:16 -0500] "POST /forms/lservlet;jsessionid=ac16012b30d5b930346dabb54c25a2d5a04463a31c2d.e3iSbxaKaheRe34SahiRb30Pchr0n6jAmljGr5XDqQLvpAe HTTP/1.1" 200 2
181.61.32.174 - - [12/Jan/2015:12:36:16 -0500] "GET /videos/Spot_CambioClimatico.flv HTTP/1.1" 206 1
181.61.32.174 - - [12/Jan/2015:12:36:16 -0500] "GET /videos/Spot_CambioClimatico.flv HTTP/1.1" 206 4164155
190.156.91.79 - - [12/Jan/2015:12:36:30 -0500] "POST /forms/lservlet;jsessionid=ac16012b30d5b9c7596d463549dcbb039173fc01d604.e3iSbxaKaheRe34SahiRb30Pchr0n6jAmljGr5XDqQLvpAe HTTP/1.1" 200 2
186.29.203.131 - - [12/Jan/2015:12:36:34 -0500] "GET /forest/skins/gdocs-jar/css/forest.css?version=1412.231748 HTTP/1.1" 304 -
186.29.203.131 - - [12/Jan/2015:12:36:34 -0500] "GET /forest/skins/gdocs-jar/css/menu.css?version=1412.231748 HTTP/1.1" 304 -
186.29.203.131 - - [12/Jan/2015:12:36:34 -0500] "GET /forest/skins/gdocs-jar/css/autocomplete.css?version=1412.231748 HTTP/1.1" 304 -
186.29.203.131 - - [12/Jan/2015:12:36:35 -0500] "GET /forest/css/escritorio.css?version=1412.231748 HTTP/1.1" 304 -
186.29.203.131 - - [12/Jan/2015:12:36:35 -0500] "GET /forest/css/index.css?version=1412.231748 HTTP/1.1" 304 -
186.29.203.131 - - [12/Jan/2015:12:36:35 -0500] "GET /forest/1ibre/jscalendar/calendar-win2k-1.css?version=1412.231748 HTTP/1.1" 304 -
186.29.203.131 - - [12/Jan/2015:12:36:35 -0500] "GET /forest/skins/gdocs-jar/css/dialog.css?version=1412.231748 HTTP/1.1" 304 -
186.29.203.131 - - [12/Jan/2015:12:36:35 -0500] "GET /forest/skins/gdocs-jar/css/forms.css?version=1412.231748 HTTP/1.1" 304 -
186.29.203.131 - - [12/Jan/2015:12:36:35 -0500] "GET /forest/jsoptimized/gz/js/gdocsall-1412.231748.js HTTP/1.1" 304 -
186.29.203.131 - - [12/Jan/2015:12:36:35 -0500] "GET /forest/js/json3.js HTTP/1.1" 304 -
186.29.203.131 - - [12/Jan/2015:12:36:35 -0500] "GET /forest/img/loading.gif HTTP/1.1" 304 -
186.29.203.131 - - [12/Jan/2015:12:36:35 -0500] "GET /forest/img/spacer.gif HTTP/1.1" 304 -
186.29.203.131 - - [12/Jan/2015:12:36:35 -0500] "GET /forest/img/base/bsc2_r1_c1.gif HTTP/1.1" 304 -
186.29.203.131 - - [12/Jan/2015:12:36:35 -0500] "GET /forest/img/base/bsc2_r1_c3.gif HTTP/1.1" 304 -
186.29.203.131 - - [12/Jan/2015:12:36:35 -0500] "GET /forest/img/base/bsc2_r1_c2.gif HTTP/1.1" 304 -
186.29.203.131 - - [12/Jan/2015:12:36:37 -0500] "GET /forest/img/inicio.jpg HTTP/1.1" 304 -
186.29.203.131 - - [12/Jan/2015:12:36:37 -0500] "GET /forest/img/users/3.gif HTTP/1.1" 304 -
186.29.203.131 - - [12/Jan/2015:12:36:37 -0500] "GET /forest/img/fondo-barra.gif HTTP/1.1" 304 -
186.29.203.131 - - [12/Jan/2015:12:36:38 -0500] "GET /forest/img/users/5.gif HTTP/1.1" 304 -
186.29.203.131 - - [12/Jan/2015:12:36:38 -0500] "GET /forest/img/users/7.gif HTTP/1.1" 304 -
186.29.203.131 - - [12/Jan/2015:12:36:38 -0500] "GET /forest/img/download_large.gif HTTP/1.1" 304 -
186.29.203.131 - - [12/Jan/2015:12:36:38 -0500] "GET /forest/img/buscar.jpg HTTP/1.1" 304 -
186.29.203.131 - - [12/Jan/2015:12:36:38 -0500] "GET /forest/img/buscar_documentos.gif HTTP/1.1" 304 -
186.29.203.131 - - [12/Jan/2015:12:36:38 -0500] "GET /forest/img/buscar_procesos.gif HTTP/1.1" 304 -
186.29.203.131 - - [12/Jan/2015:12:36:38 -0500] "GET /forest/img/notify.gif HTTP/1.1" 304 -
188.165.15.79 - - [12/Jan/2015:12:36:38 -0500] "GET /BLA/resoluciones/index.php?dir=RESOLUCIONES%202006/RES%202006%202701-2750/&sort=date&order=asc HTTP/1.1" 200 12367
186.29.203.131 - - [12/Jan/2015:12:36:38 -0500] "GET /forest/img/pantalla.gif HTTP/1.1" 304 -
186.29.203.131 - - [12/Jan/2015:12:36:38 -0500] "GET /forest/img/salir3.gif HTTP/1.1" 304 -
186.29.203.131 - - [12/Jan/2015:12:36:38 -0500] "GET /forest/img/ayuda.gif HTTP/1.1" 304 -
186.29.203.131 - - [12/Jan/2015:12:36:42 -0500] "GET /forest/skins/gdocs-jar/js/tareas.js?version=1412.231748 HTTP/1.1" 304 -
186.29.203.131 - - [12/Jan/2015:12:36:42 -0500] "GET /forest/skins/gdocs-jar/js/xml_utilities.js?version=1412.231748 HTTP/1.1" 304 -
186.29.203.131 - - [12/Jan/2015:12:36:42 -0500] "GET /forest/skins/gdocs-jar/js/autocompletar2.js?version=1412.231748 HTTP/1.1" 304 -
186.29.203.131 - - [12/Jan/2015:12:36:42 -0500] "GET /forest/skins/gdocs-jar/css/autocomplete.css HTTP/1.1" 304 -
186.29.203.131 - - [12/Jan/2015:12:36:42 -0500] "GET /forest/skins/gdocs-jar/css/tree.css HTTP/1.1" 304 -
186.29.203.131 - - [12/Jan/2015:12:36:42 -0500] "GET /forest/skins/gdocs-jar/js/grid.js?version=1412.231748 HTTP/1.1" 304 -
186.29.203.131 - - [12/Jan/2015:12:36:42 -0500] "GET /forest/js/usutareas-docs.js HTTP/1.1" 304 -
186.29.203.131 - - [12/Jan/2015:12:36:42 -0500] "GET /forest/js/jquery/jquery-1.5.2.min.js HTTP/1.1" 304 -
186.29.203.131 - - [12/Jan/2015:12:36:42 -0500] "GET /forest/js/jquery/jquery.atmosphere.js HTTP/1.1" 304 -
186.29.203.131 - - [12/Jan/2015:12:36:42 -0500] "GET /forest/js/socketConnection.js HTTP/1.1" 304 -
186.29.203.131 - - [12/Jan/2015:12:36:42 -0500] "GET /forest/skins/gdocs-jar/img/desasociarUser.gif HTTP/1.1" 304 -
186.29.203.131 - - [12/Jan/2015:12:36:42 -0500] "GET /forest/skins/gdocs-jar/css/forms.css HTTP/1.1" 304 -
186.29.203.131 - - [12/Jan/2015:12:36:42 -0500] "GET /forest/skins/gdocs-jar/js/formsBase.js?version=1412.231748 HTTP/1.1" 304 -
186.29.203.131 - - [12/Jan/2015:12:36:42 -0500] "GET /forest/skins/gdocs-jar/js/number-functions.js?version=1412.231748 HTTP/1.1" 304 -
186.29.203.131 - - [12/Jan/2015:12:36:42 -0500] "GET /forest/skins/gdocs-jar/js/swfobject.js?version=1412.231748 HTTP/1.1" 304 -
186.29.203.131 - - [12/Jan/2015:12:36:42 -0500] "GET /forest/skins/gdocs-jar/js/graphicForm.js?version=1412.231748 HTTP/1.1" 304 -
186.29.203.131 - - [12/Jan/2015:12:35:50 -0500] "GET /ForestMSG_SDA/channelAsync/template_word_17263822?X-Atmosphere-tracking-id=bb37636a-455d-2ef5-d12c-82c3db35e68a&X-Atmosphere-Framework=1.0.5&X-Atmosphere-Transport=long-polling&tabid=0.7085652553942055&X-Cache-Date=0&Content-Type=application/xml&_=1421084356170 HTTP/1.1" 200 8193
186.29.203.131 - - [12/Jan/2015:12:36:42 -0500] "GET /forest/skins/gdocs-jar/img/print.gif HTTP/1.1" 304 -
186.29.203.131 - - [12/Jan/2015:12:36:42 -0500] "GET /forest/skins/gdocs-jar/img/asociarUserOtraDependencia.gif HTTP/1.1" 304 -
186.29.203.131 - - [12/Jan/2015:12:36:42 -0500] "GET /forest/img/asociarUser.gif HTTP/1.1" 304 -
186.29.203.131 - - [12/Jan/2015:12:36:42 -0500] "GET /forest/skins/gdocs-jar/img/actividad2.gif HTTP/1.1" 304 -
186.29.203.131 - - [12/Jan/2015:12:36:42 -0500] "GET /forest/skins/gdocs-jar/img/comments.gif HTTP/1.1" 304 -
186.29.203.131 - - [12/Jan/2015:12:36:42 -0500] "GET /forest/skins/gdocs-jar/img/vertodossubprocesos.gif HTTP/1.1" 304 -
186.29.203.131 - - [12/Jan/2015:12:36:42 -0500] "GET /forest/skins/gdocs-jar/img/bola.gif HTTP/1.1" 304 -
186.29.203.131 - - [12/Jan/2015:12:36:42 -0500] "GET /forest/skins/gdocs-jar/img/clip.gif HTTP/1.1" 304 -
186.29.203.131 - - [12/Jan/2015:12:36:42 -0500] "GET /forest/skins/gdocs-jar/img/ok.gif HTTP/1.1" 304 -
186.29.203.131 - - [12/Jan/2015:12:36:42 -0500] "GET /forest/skins/gdocs-jar/img/upload_file_icon.gif HTTP/1.1" 304 -
186.29.203.131 - - [12/Jan/2015:12:36:42 -0500] "GET /forest/skins/gdocs-jar/img/pencil.png HTTP/1.1" 304 -
186.29.203.131 - - [12/Jan/2015:12:36:42 -0500] "GET /forest/skins/gdocs-jar/img/alert.gif HTTP/1.1" 304 -
186.29.203.131 - - [12/Jan/2015:12:36:42 -0500] "GET /forest/skins/gdocs-jar/img/disk.png HTTP/1.1" 304 -
186.29.203.131 - - [12/Jan/2015:12:36:42 -0500] "GET /forest/skins/gdocs-jar/img/control-double.png HTTP/1.1" 304 -
186.29.203.131 - - [12/Jan/2015:12:36:42 -0500] "GET /forest/skins/gdocs-jar/img/close.gif HTTP/1.1" 304 -
186.29.203.131 - - [12/Jan/2015:12:36:42 -0500] "GET /forest/skins/gdocs-jar/img/plus.gif HTTP/1.1" 304 -
186.29.203.131 - - [12/Jan/2015:12:36:42 -0500] "GET /forest/skins/gdocs-jar/img/minus.png HTTP/1.1" 304 -
186.29.203.131 - - [12/Jan/2015:12:36:42 -0500] "GET /forest/skins/gdocs-jar/img/okey.gif HTTP/1.1" 304 -
186.29.203.131 - - [12/Jan/2015:12:36:42 -0500] "GET /forest/skins/gdocs-jar/img/cancel.gif HTTP/1.1" 304 -
186.29.203.131 - - [12/Jan/2015:12:36:33 -0500] "GET /forest/usutareas.do?group_system_actual=3&a=0.025912286713719368 HTTP/1.1" 200 261157
186.29.203.131 - - [12/Jan/2015:12:36:43 -0500] "GET /forest/skins/gdocs-jar/img/edit2.gif HTTP/1.1" 304 -
186.29.203.131 - - [12/Jan/2015:12:36:43 -0500] "GET /forest/skins/gdocs-jar/img/prev.gif HTTP/1.1" 304 -
186.29.203.131 - - [12/Jan/2015:12:36:43 -0500] "GET /forest/skins/gdocs-jar/img/spacer.gif HTTP/1.1" 304 -
186.29.203.131 - - [12/Jan/2015:12:36:43 -0500] "GET /forest/skins/gdocs-jar/img/icons/xlsx.gif HTTP/1.1" 304 -
186.29.203.131 - - [12/Jan/2015:12:36:43 -0500] "GET /forest/img/mplogo.gif HTTP/1.1" 304 -
186.29.203.131 - - [12/Jan/2015:12:36:43 -0500] "GET /forest/img/close.gif HTTP/1.1" 304 -
186.29.203.131 - - [12/Jan/2015:12:36:43 -0500] "GET /forest/1ibre/1ibre.css HTTP/1.1" 304 -
186.29.203.131 - - [12/Jan/2015:12:36:43 -0500] "GET /forest/session.jsp?a=0.2948568104766309 HTTP/1.1" 200 4
186.29.203.131 - - [12/Jan/2015:12:36:43 -0500] "GET /forest/actions/forms.getList?codForm=Anexo4&id=p300 HTTP/1.1" 200 136
186.29.203.131 - - [12/Jan/2015:12:36:43 -0500] "GET /forest/actions/forms.getList?codForm=Anexo4&id=p312 HTTP/1.1" 200 88
186.29.203.131 - - [12/Jan/2015:12:36:43 -0500] "GET /forest/actions/forms.getList?codForm=Anexo4&id=p368 HTTP/1.1" 200 209
186.29.203.131 - - [12/Jan/2015:12:36:43 -0500] "GET /forest/skins/gdocs-jar/img/bgPanel.jpg HTTP/1.1" 304 -
186.29.203.131 - - [12/Jan/2015:12:36:43 -0500] "GET /forest/skins/gdocs-jar/img/green.gif HTTP/1.1" 304 -
186.29.203.131 - - [12/Jan/2015:12:36:43 -0500] "GET /forest/img/forestIcon.gif?version=1412.231748 HTTP/1.1" 304 -
186.29.203.131 - - [12/Jan/2015:12:36:50 -0500] "POST /forms/lservlet;jsessionid=ac16012b30d5b10e4f29f1924fbb8a83aef930aaa7e9.e3iSbxaKaheRe34SahiRb30Pchr0n6jAmljGr5XDqQLvpAe HTTP/1.1" 200 2
186.29.203.131 - - [12/Jan/2015:12:36:53 -0500] "POST /forest/actions/forms.sendFile HTTP/1.1" 200 115
186.29.203.131 - - [12/Jan/2015:12:37:03 -0500] "POST /forest/usutareas.do? HTTP/1.1" 200 76
180.76.6.61 - - [12/Jan/2015:12:37:14 -0500] "GET /BLA/resoluciones/RESOLUCIONES%202011/0590.pdf HTTP/1.1" 200 301581
186.29.203.131 - - [12/Jan/2015:12:37:44 -0500] "GET /forest/usutareas.do?group_system_actual=3&a=0.9624617111403495 HTTP/1.1" 200 149586
186.29.203.131 - - [12/Jan/2015:12:37:45 -0500] "GET /forest/session.jsp?a=0.1372858036775142 HTTP/1.1" 200 4
186.29.203.131 - - [12/Jan/2015:12:37:46 -0500] "GET /forest/actions/forms.getMappedValues?id=NUMTER45&value=899999061-9%20SDA&codForm=contec&a=0.78867002367042 HTTP/1.1" 200 113
37.130.226.90 - - [12/Jan/2015:12:37:47 -0500] "GET /admin/ HTTP/1.1" 404 1162
180.76.5.75 - - [12/Jan/2015:12:37:52 -0500] "GET /BLA/resoluciones/RESOLUCIONES%202007/RES%202007%201501%20AL%201600/RESOLUCION%201528%20DE%202007.pdf HTTP/1.1" 200 770763
188.165.15.21 - - [12/Jan/2015:12:37:58 -0500] "GET /BLA/resoluciones/RESOLUCIONES%202006/RES%202006%20901-950/00000950.tif HTTP/1.1" 200 374140
186.29.203.131 - - [12/Jan/2015:12:38:02 -0500] "GET /forest/actions/forms.getMappedValues?id=localidadvisita402&value=1&codForm=contec&a=0.32791579607874155 HTTP/1.1" 200 23
186.29.203.131 - - [12/Jan/2015:12:32:11 -0500] "GET /ForestMSG_SDA/channelAsync/template_word_17263807?X-Atmosphere-tracking-id=9acbf9b2-259a-3af9-71d5-4526dd23928a&X-Atmosphere-Framework=1.0.5&X-Atmosphere-Transport=long-polling&tabid=0.08096871548332274&X-Cache-Date=0&Content-Type=application/xml&_=1421084137752 HTTP/1.1" 200 8193
186.84.44.58 - - [12/Jan/2015:12:38:12 -0500] "POST /forms/lservlet;jsessionid=ac16012b30d5119b3910b34c44c69c548c7d89a14328.e3iSbxaKaheRe34SahiRb30Pchr0n6jAmljGr5XDqQLvpAe HTTP/1.1" 200 2
186.84.40.34 - - [12/Jan/2015:12:38:16 -0500] "POST /forms/lservlet;jsessionid=ac16012b30d5b930346dabb54c25a2d5a04463a31c2d.e3iSbxaKaheRe34SahiRb30Pchr0n6jAmljGr5XDqQLvpAe HTTP/1.1" 200 2
186.29.203.131 - - [12/Jan/2015:12:38:09 -0500] "GET /forest/skins/gdocs-jar/popup/showReport.jsp?idr=524&proceso=2973268&__format=pdf&contec=1421083987001&_a=0.14449793146923184 HTTP/1.1" 200 643987
190.156.91.79 - - [12/Jan/2015:12:38:30 -0500] "POST /forms/lservlet;jsessionid=ac16012b30d5b9c7596d463549dcbb039173fc01d604.e3iSbxaKaheRe34SahiRb30Pchr0n6jAmljGr5XDqQLvpAe HTTP/1.1" 200 2
66.249.67.75 - - [12/Jan/2015:12:38:36 -0500] "GET /BLA/resoluciones/AUTOS%202006/AUTOS%202006%203301%20-%203418/00003374.tif HTTP/1.1" 200 53816
186.29.203.131 - - [12/Jan/2015:12:38:38 -0500] "POST /forest/usutareas.do? HTTP/1.1" 200 76
186.29.203.131 - - [12/Jan/2015:12:38:41 -0500] "GET /forest/usutareas.do?group_system_actual=3&a=0.2744905734434724 HTTP/1.1" 200 149907
186.29.203.131 - - [12/Jan/2015:12:38:42 -0500] "GET /forest/session.jsp?a=0.6801269256975502 HTTP/1.1" 200 4
186.29.203.131 - - [12/Jan/2015:12:38:42 -0500] "GET /forest/actions/forms.getMappedValues?id=NUMTER45&value=899999061-9%20SDA&codForm=contec&a=0.8673370257019997 HTTP/1.1" 200 113
186.29.203.131 - - [12/Jan/2015:12:38:45 -0500] "GET /forest/usudocumentos.do?_a=0.8162289196625352&group_system_actual=3 HTTP/1.1" 200 103526
186.29.203.131 - - [12/Jan/2015:12:38:49 -0500] "GET /forest/session.jsp?a=0.5646872755605727 HTTP/1.1" 200 4
186.29.203.131 - - [12/Jan/2015:12:38:50 -0500] "POST /forms/lservlet;jsessionid=ac16012b30d5b10e4f29f1924fbb8a83aef930aaa7e9.e3iSbxaKaheRe34SahiRb30Pchr0n6jAmljGr5XDqQLvpAe HTTP/1.1" 200 2
74.86.158.107 - - [12/Jan/2015:12:38:51 -0500] "HEAD / HTTP/1.1" 302 -
186.145.54.44 - - [12/Jan/2015:12:38:53 -0500] "GET /BLA/boletinlegal/js/jquery.js HTTP/1.1" 200 57254
186.145.54.44 - - [12/Jan/2015:12:38:53 -0500] "GET /BLA/boletinlegal/js/jquery.scrollTo-min.js HTTP/1.1" 200 1150
186.145.54.44 - - [12/Jan/2015:12:38:53 -0500] "GET /BLA/boletinlegal/js/jquery.scrollShow.js HTTP/1.1" 200 4586
186.29.203.131 - - [12/Jan/2015:12:38:54 -0500] "GET /forest/borrador/1600266/CT%20emergencia2%202015-01-12%2012:35%20PM.docx HTTP/1.1" 200 41047
66.249.67.83 - - [12/Jan/2015:12:39:04 -0500] "GET /BLA/resoluciones/RESOLUCIONES%202010/1012.pdf HTTP/1.1" 200 105210
186.29.203.131 - - [12/Jan/2015:12:38:56 -0500] "GET /forest/borrador/1600258/Informe%20Tecnico%20Emergencia.docx HTTP/1.1" 200 1465233
207.46.13.133 - - [12/Jan/2015:12:39:18 -0500] "GET /bla/resoluciones/autos%202010/5416.pdf HTTP/1.1" 200 210782
186.29.203.131 - - [12/Jan/2015:12:39:16 -0500] "GET /forest/usutareas.do?_a=0.483342960011214&group_system_actual=3 HTTP/1.1" 200 149907
186.29.203.131 - - [12/Jan/2015:12:39:18 -0500] "GET /forest/session.jsp?a=0.08893910725601017 HTTP/1.1" 200 4
186.29.203.131 - - [12/Jan/2015:12:39:18 -0500] "GET /forest/actions/forms.getMappedValues?id=NUMTER45&value=899999061-9%20SDA&codForm=contec&a=0.04839038662612438 HTTP/1.1" 200 113
186.29.203.131 - - [12/Jan/2015:12:39:22 -0500] "GET /forest/actions/forms.getList?codForm=contec&id=funcionariodest228&text=Maria%20Claudia%20Gonzalez%20Penagos HTTP/1.1" 200 67
186.29.203.131 - - [12/Jan/2015:12:39:23 -0500] "GET /forest/actions/forms.getList?codForm=contec&id=funcionariodest228&text=s HTTP/1.1" 200 1136
186.29.203.131 - - [12/Jan/2015:12:39:23 -0500] "GET /forest/actions/forms.getList?codForm=contec&id=funcionariodest228&text=san HTTP/1.1" 200 1150
186.29.203.131 - - [12/Jan/2015:12:39:23 -0500] "GET /forest/actions/forms.getList?codForm=contec&id=funcionariodest228&text=sa HTTP/1.1" 200 1160
186.29.203.131 - - [12/Jan/2015:12:39:23 -0500] "GET /forest/actions/forms.getList?codForm=contec&id=funcionariodest228&text=sand HTTP/1.1" 200 1210
207.46.13.113 - - [12/Jan/2015:12:39:23 -0500] "GET /BLA/resoluciones/RESOLUCIONES%202009/0617.pdf HTTP/1.1" 200 312958
186.29.203.131 - - [12/Jan/2015:12:39:23 -0500] "GET /forest/actions/forms.getList?codForm=contec&id=funcionariodest228&text=sandr HTTP/1.1" 200 869
186.29.203.131 - - [12/Jan/2015:12:39:23 -0500] "GET /forest/actions/forms.getList?codForm=contec&id=funcionariodest228&text=sandra HTTP/1.1" 200 869
186.29.203.131 - - [12/Jan/2015:12:39:23 -0500] "GET /forest/actions/forms.getList?codForm=contec&id=funcionariodest228&text=sandra%20 HTTP/1.1" 200 1043
186.29.203.131 - - [12/Jan/2015:12:39:23 -0500] "GET /forest/actions/forms.getList?codForm=contec&id=funcionariodest228&text=sandra%20x HTTP/1.1" 200 66
186.29.203.131 - - [12/Jan/2015:12:39:24 -0500] "GET /forest/actions/forms.getList?codForm=contec&id=funcionariodest228&text=sandra%20xi HTTP/1.1" 200 66
186.29.203.131 - - [12/Jan/2015:12:39:24 -0500] "GET /forest/actions/forms.getList?codForm=contec&id=funcionariodest228&text=sandra%20xim HTTP/1.1" 200 66
186.29.203.131 - - [12/Jan/2015:12:39:24 -0500] "GET /forest/actions/forms.getList?codForm=contec&id=funcionariodest228&text=sandra%20xime HTTP/1.1" 200 66
186.29.203.131 - - [12/Jan/2015:12:39:24 -0500] "GET /forest/actions/forms.getList?codForm=contec&id=funcionariodest228&text=sandra%20ximen HTTP/1.1" 200 66
186.29.203.131 - - [12/Jan/2015:12:39:24 -0500] "GET /forest/actions/forms.getList?codForm=contec&id=funcionariodest228&text=sandra%20ximena HTTP/1.1" 200 66
186.29.203.131 - - [12/Jan/2015:12:39:26 -0500] "POST /forest/usutareas.do? HTTP/1.1" 200 76
186.30.104.98 - - [12/Jan/2015:12:39:44 -0500] "GET /BLA/boletinlegal/js/jquery.js HTTP/1.1" 200 57254
186.30.104.98 - - [12/Jan/2015:12:39:44 -0500] "GET /BLA/boletinlegal/js/jquery.scrollShow.js HTTP/1.1" 200 4586
186.30.104.98 - - [12/Jan/2015:12:39:44 -0500] "GET /BLA/boletinlegal/js/jquery.scrollTo-min.js HTTP/1.1" 200 1150
186.30.104.98 - - [12/Jan/2015:12:39:44 -0500] "GET /galeria/carrusel/Carrusel/jquery.thumbnailScroller.css HTTP/1.1" 200 2066
186.30.104.98 - - [12/Jan/2015:12:39:44 -0500] "GET /galeria/carrusel/Carrusel/jquery-ui-1.8.13.custom.min.js HTTP/1.1" 200 10800
186.30.104.98 - - [12/Jan/2015:12:39:44 -0500] "GET /galeria/carrusel/Carrusel/jquery.thumbnailScroller.js HTTP/1.1" 200 8157
186.30.104.98 - - [12/Jan/2015:12:39:45 -0500] "GET /galeria/nivo-slider/demo/demo.html HTTP/1.1" 200 3150
186.30.104.98 - - [12/Jan/2015:12:39:45 -0500] "GET /galeria/nivo-slider/themes/default/default.css HTTP/1.1" 200 1569
186.30.104.98 - - [12/Jan/2015:12:39:45 -0500] "GET /galeria/nivo-slider/themes/pascal/pascal.css HTTP/1.1" 200 2258
186.30.104.98 - - [12/Jan/2015:12:39:45 -0500] "GET /galeria/nivo-slider/themes/orman/orman.css HTTP/1.1" 200 2152
186.30.104.98 - - [12/Jan/2015:12:39:45 -0500] "GET /galeria/nivo-slider/nivo-slider.css HTTP/1.1" 200 1507
186.30.104.98 - - [12/Jan/2015:12:39:45 -0500] "GET /galeria/nivo-slider/demo/style.css HTTP/1.1" 200 2222
186.30.104.98 - - [12/Jan/2015:12:39:45 -0500] "GET /galeria/nivo-slider/demo/images/bolsas-08.jpg HTTP/1.1" 200 85589
186.30.104.98 - - [12/Jan/2015:12:39:45 -0500] "GET /galeria/nivo-slider/demo/images/Ruta-vertimientos-01.jpg HTTP/1.1" 200 130151
186.30.104.98 - - [12/Jan/2015:12:39:45 -0500] "GET /galeria/nivo-slider/demo/images/bolsas-06.jpg HTTP/1.1" 200 90982
186.30.104.98 - - [12/Jan/2015:12:39:45 -0500] "GET /galeria/nivo-slider/demo/scripts/jquery-1.7.1.min.js HTTP/1.1" 200 93868
186.30.104.98 - - [12/Jan/2015:12:39:45 -0500] "GET /galeria/nivo-slider/jquery.nivo.slider.pack.js HTTP/1.1" 200 11561
186.30.104.98 - - [12/Jan/2015:12:39:45 -0500] "GET /galeria/nivo-slider/demo/images/ecolecta-Dic2014.png HTTP/1.1" 200 288593
186.30.104.98 - - [12/Jan/2015:12:39:45 -0500] "GET /galeria/nivo-slider/demo/images/porloshumedales.jpg HTTP/1.1" 200 351238
186.30.104.98 - - [12/Jan/2015:12:39:45 -0500] "GET /galeria/nivo-slider/demo/images/9Signos.jpg HTTP/1.1" 200 93040
186.30.104.98 - - [12/Jan/2015:12:39:46 -0500] "GET /galeria/nivo-slider/demo/images/4Simple_Slider.png HTTP/1.1" 200 11722
186.30.104.98 - - [12/Jan/2015:12:39:46 -0500] "GET /galeria/nivo-slider/demo/images/banner-llantas2.jpg HTTP/1.1" 200 73153
186.30.104.98 - - [12/Jan/2015:12:39:46 -0500] "GET /galeria/nivo-slider/demo/images/banner-caballos.png HTTP/1.1" 200 389106
186.30.104.98 - - [12/Jan/2015:12:39:45 -0500] "GET /galeria/nivo-slider/demo/images/Tingua-azul.jpg HTTP/1.1" 200 307638
186.30.104.98 - - [12/Jan/2015:12:39:47 -0500] "GET /galeria/nivo-slider/themes/default/loading.gif HTTP/1.1" 200 1737
186.30.104.98 - - [12/Jan/2015:12:39:45 -0500] "GET /galeria/nivo-slider/demo/images/Banner-Caracol-Africano.jpg HTTP/1.1" 200 331986
186.30.104.98 - - [12/Jan/2015:12:39:45 -0500] "GET /galeria/nivo-slider/demo/images/banner-redes.jpg HTTP/1.1" 200 62209
186.30.104.98 - - [12/Jan/2015:12:39:49 -0500] "GET /galeria/nivo-slider/themes/default/arrows.png HTTP/1.1" 200 824
186.30.104.98 - - [12/Jan/2015:12:39:49 -0500] "GET /galeria/nivo-slider/themes/default/bullets.png HTTP/1.1" 200 1281
186.84.44.58 - - [12/Jan/2015:12:40:12 -0500] "POST /forms/lservlet;jsessionid=ac16012b30d5119b3910b34c44c69c548c7d89a14328.e3iSbxaKaheRe34SahiRb30Pchr0n6jAmljGr5XDqQLvpAe HTTP/1.1" 200 2
186.84.40.34 - - [12/Jan/2015:12:40:16 -0500] "POST /forms/lservlet;jsessionid=ac16012b30d5b930346dabb54c25a2d5a04463a31c2d.e3iSbxaKaheRe34SahiRb30Pchr0n6jAmljGr5XDqQLvpAe HTTP/1.1" 200 2
141.0.8.140 - - [12/Jan/2015:12:40:18 -0500] "GET /BLA/boletinlegal/js/jquery.js HTTP/1.1" 200 57254
141.0.8.140 - - [12/Jan/2015:12:40:18 -0500] "GET /BLA/boletinlegal/js/jquery.scrollTo-min.js HTTP/1.1" 200 1150
141.0.8.140 - - [12/Jan/2015:12:40:18 -0500] "GET /BLA/boletinlegal/js/jquery.scrollShow.js HTTP/1.1" 200 4586
141.0.8.140 - - [12/Jan/2015:12:40:18 -0500] "GET /galeria/carrusel/Carrusel/jquery.thumbnailScroller.css HTTP/1.1" 200 2066
141.0.8.140 - - [12/Jan/2015:12:40:18 -0500] "GET /galeria/carrusel/Carrusel/jquery-ui-1.8.13.custom.min.js HTTP/1.1" 200 10800
141.0.8.140 - - [12/Jan/2015:12:40:18 -0500] "GET /galeria/carrusel/Carrusel/jquery.thumbnailScroller.js HTTP/1.1" 200 8157
186.29.203.131 - - [12/Jan/2015:12:40:24 -0500] "GET /forest/usutareas.do?group_system_actual=3&a=0.17524264636449516 HTTP/1.1" 200 19542
186.29.203.131 - - [12/Jan/2015:12:40:24 -0500] "GET /forest/session.jsp?a=0.9273089633788913 HTTP/1.1" 200 4
66.249.67.67 - - [12/Jan/2015:12:40:24 -0500] "GET /BLA/resoluciones/RESOLUCIONES%202009/2972.pdf HTTP/1.1" 200 470453
157.55.39.38 - - [12/Jan/2015:12:40:25 -0500] "GET /robots.txt HTTP/1.1" 404 1015
186.29.203.131 - - [12/Jan/2015:12:40:26 -0500] "GET /forest/misactividades.do?_a=0.8021073965355754&group_system_actual=3 HTTP/1.1" 200 37561
186.29.203.131 - - [12/Jan/2015:12:40:26 -0500] "GET /forest/session.jsp?a=0.8704036353155971 HTTP/1.1" 200 4
186.29.203.131 - - [12/Jan/2015:12:40:26 -0500] "POST /forest/misactividades.do?ajax=true&a=0.49014478479512036 HTTP/1.1" 200 3297
186.29.203.131 - - [12/Jan/2015:12:40:29 -0500] "POST /forest/misactividades.do?loadList=1&name=nompro&a=0.5710505819879472 HTTP/1.1" 200 167
186.29.203.131 - - [12/Jan/2015:12:40:29 -0500] "GET /forest/img/jquery/ui-icons_f9bd01_256x240.png HTTP/1.1" 404 185
186.29.203.131 - - [12/Jan/2015:12:40:29 -0500] "GET /forest/skins/gdocs-jar/jsp/cookie.jsp?name=grid_nompro&del HTTP/1.1" 200 -
141.0.8.140 - - [12/Jan/2015:12:40:30 -0500] "GET /galeria/nivo-slider/demo/demo.html HTTP/1.1" 200 3150
