181.54.57.138 - - [12/Jan/2015:13:05:13 -0500] "GET /forms/java/oracle/forms/registry/default.dat HTTP/1.1" 404 350
181.54.57.138 - - [12/Jan/2015:13:05:13 -0500] "GET /forms/frmservlet?config=sia&acceptLanguage=es-CO&ifcmd=startsession HTTP/1.1" 200 119
181.54.57.138 - - [12/Jan/2015:13:05:13 -0500] "GET /forms/lservlet;jsessionid=ac16012b30d518dc48088278406b9308a8e4830b90f8.e3iSbxaKaheRe34SahiRb30Pchr0n6jAmljGr5XDqQLvpAe?ifcmd=getinfo&ifhost=DanielRoa&ifip=192.168.0.10 HTTP/1.1" 200 8
181.54.57.138 - - [12/Jan/2015:13:05:13 -0500] "POST /forms/lservlet;jsessionid=ac16012b30d518dc48088278406b9308a8e4830b90f8.e3iSbxaKaheRe34SahiRb30Pchr0n6jAmljGr5XDqQLvpAe HTTP/1.1" 200 8
181.54.57.138 - - [12/Jan/2015:13:05:14 -0500] "GET /forms/java/oracle/forms/engine/RunformBundle_es_CO.class HTTP/1.1" 404 362
181.54.57.138 - - [12/Jan/2015:13:05:14 -0500] "GET /forms/java/oracle/forms/engine/RunformBundle_es_CO.class HTTP/1.1" 404 362
181.54.57.138 - - [12/Jan/2015:13:05:14 -0500] "GET /forms/java/oracle/forms/engine/RunformBundle_es_CO.properties HTTP/1.1" 404 367
181.54.57.138 - - [12/Jan/2015:13:05:15 -0500] "POST /forms/lservlet;jsessionid=ac16012b30d518dc48088278406b9308a8e4830b90f8.e3iSbxaKaheRe34SahiRb30Pchr0n6jAmljGr5XDqQLvpAe HTTP/1.1" 200 64000
181.54.57.138 - - [12/Jan/2015:13:05:16 -0500] "POST /forms/lservlet;jsessionid=ac16012b30d518dc48088278406b9308a8e4830b90f8.e3iSbxaKaheRe34SahiRb30Pchr0n6jAmljGr5XDqQLvpAe HTTP/1.1" 200 64000
181.54.57.138 - - [12/Jan/2015:13:05:16 -0500] "POST /forms/lservlet;jsessionid=ac16012b30d518dc48088278406b9308a8e4830b90f8.e3iSbxaKaheRe34SahiRb30Pchr0n6jAmljGr5XDqQLvpAe HTTP/1.1" 200 63623
181.54.57.138 - - [12/Jan/2015:13:05:17 -0500] "HEAD /imagenes/dama_logo.gif HTTP/1.1" 200 -
181.54.57.138 - - [12/Jan/2015:13:05:17 -0500] "GET /imagenes/dama_logo.gif HTTP/1.1" 200 21482
181.54.57.138 - - [12/Jan/2015:13:05:18 -0500] "POST /forms/lservlet;jsessionid=ac16012b30d518dc48088278406b9308a8e4830b90f8.e3iSbxaKaheRe34SahiRb30Pchr0n6jAmljGr5XDqQLvpAe HTTP/1.1" 200 2
181.54.57.138 - - [12/Jan/2015:13:05:18 -0500] "POST /forms/lservlet;jsessionid=ac16012b30d518dc48088278406b9308a8e4830b90f8.e3iSbxaKaheRe34SahiRb30Pchr0n6jAmljGr5XDqQLvpAe HTTP/1.1" 200 2
201.245.192.253 - - [12/Jan/2015:13:05:18 -0500] "GET /BLA/resoluciones/Notificaciones/AUTOS%202014/02127.doc HTTP/1.1" 200 246784
66.249.67.83 - - [12/Jan/2015:13:05:20 -0500] "GET /BLA/resoluciones/RESOLUCIONES%202011/1393.pdf HTTP/1.1" 304 -
207.46.13.113 - - [12/Jan/2015:13:05:46 -0500] "GET /bla/resoluciones/autos%202010/6607.pdf HTTP/1.1" 200 148421
66.249.67.83 - - [12/Jan/2015:13:05:49 -0500] "GET /BLA/resoluciones/AUTOS%202010/0102.pdf HTTP/1.1" 200 301093
186.84.44.58 - - [12/Jan/2015:13:06:13 -0500] "POST /forms/lservlet;jsessionid=ac16012b30d5119b3910b34c44c69c548c7d89a14328.e3iSbxaKaheRe34SahiRb30Pchr0n6jAmljGr5XDqQLvpAe HTTP/1.1" 200 2
188.165.15.79 - - [12/Jan/2015:13:06:16 -0500] "GET /BLA/resoluciones/RESOLUCIONES%202006/RES%202006%20901-950/00000907.tif HTTP/1.1" 200 814480
201.184.147.141 - - [12/Jan/2015:13:06:17 -0500] "GET /BLA/boletinlegal/js/jquery.js HTTP/1.1" 200 57254
201.184.147.141 - - [12/Jan/2015:13:06:17 -0500] "GET /BLA/boletinlegal/js/jquery.scrollTo-min.js HTTP/1.1" 200 1150
201.184.147.141 - - [12/Jan/2015:13:06:17 -0500] "GET /BLA/boletinlegal/js/jquery.scrollShow.js HTTP/1.1" 200 4586
201.184.147.141 - - [12/Jan/2015:13:06:17 -0500] "GET /galeria/carrusel/Carrusel/jquery.thumbnailScroller.css HTTP/1.1" 200 2066
201.184.147.141 - - [12/Jan/2015:13:06:17 -0500] "GET /galeria/carrusel/Carrusel/jquery-ui-1.8.13.custom.min.js HTTP/1.1" 200 10800
201.184.147.141 - - [12/Jan/2015:13:06:17 -0500] "GET /galeria/carrusel/Carrusel/jquery.thumbnailScroller.js HTTP/1.1" 200 8157
66.249.67.75 - - [12/Jan/2015:13:06:17 -0500] "GET /BLA/resoluciones/RESOLUCIONES%202011/6053.pdf HTTP/1.1" 200 1126466
201.184.147.141 - - [12/Jan/2015:13:06:21 -0500] "GET /galeria/nivo-slider/demo/demo.html HTTP/1.1" 200 3150
201.184.147.141 - - [12/Jan/2015:13:06:21 -0500] "GET /galeria/nivo-slider/themes/default/default.css HTTP/1.1" 200 1569
201.184.147.141 - - [12/Jan/2015:13:06:21 -0500] "GET /galeria/nivo-slider/themes/pascal/pascal.css HTTP/1.1" 200 2258
201.184.147.141 - - [12/Jan/2015:13:06:21 -0500] "GET /galeria/nivo-slider/themes/orman/orman.css HTTP/1.1" 200 2152
201.184.147.141 - - [12/Jan/2015:13:06:21 -0500] "GET /galeria/nivo-slider/nivo-slider.css HTTP/1.1" 200 1507
201.184.147.141 - - [12/Jan/2015:13:06:21 -0500] "GET /galeria/nivo-slider/demo/style.css HTTP/1.1" 200 2222
201.184.147.141 - - [12/Jan/2015:13:06:21 -0500] "GET /galeria/nivo-slider/demo/scripts/jquery-1.7.1.min.js HTTP/1.1" 200 93868
188.165.15.138 - - [12/Jan/2015:13:06:21 -0500] "GET /BLA/resoluciones/RESOLUCIONES%202006/RES%202006%202751-2800/00002769.tif HTTP/1.1" 200 197532
201.184.147.141 - - [12/Jan/2015:13:06:21 -0500] "GET /galeria/nivo-slider/jquery.nivo.slider.pack.js HTTP/1.1" 200 11561
201.184.147.141 - - [12/Jan/2015:13:06:21 -0500] "GET /galeria/nivo-slider/demo/images/bolsas-08.jpg HTTP/1.1" 200 85589
201.184.147.141 - - [12/Jan/2015:13:06:21 -0500] "GET /galeria/nivo-slider/demo/images/Ruta-vertimientos-01.jpg HTTP/1.1" 200 130151
201.184.147.141 - - [12/Jan/2015:13:06:21 -0500] "GET /galeria/nivo-slider/demo/images/bolsas-06.jpg HTTP/1.1" 200 90982
201.184.147.141 - - [12/Jan/2015:13:06:21 -0500] "GET /galeria/nivo-slider/demo/images/ecolecta-Dic2014.png HTTP/1.1" 200 288593
201.184.147.141 - - [12/Jan/2015:13:06:22 -0500] "GET /galeria/nivo-slider/demo/images/porloshumedales.jpg HTTP/1.1" 200 351238
201.184.147.141 - - [12/Jan/2015:13:06:22 -0500] "GET /galeria/nivo-slider/demo/images/Tingua-azul.jpg HTTP/1.1" 200 307638
201.184.147.141 - - [12/Jan/2015:13:06:22 -0500] "GET /galeria/nivo-slider/demo/images/Banner-Caracol-Africano.jpg HTTP/1.1" 200 331986
186.84.40.34 - - [12/Jan/2015:13:06:23 -0500] "POST /forms/lservlet;jsessionid=ac16012b30d5b930346dabb54c25a2d5a04463a31c2d.e3iSbxaKaheRe34SahiRb30Pchr0n6jAmljGr5XDqQLvpAe HTTP/1.1" 200 2
201.184.147.141 - - [12/Jan/2015:13:06:23 -0500] "GET /galeria/nivo-slider/demo/images/banner-redes.jpg HTTP/1.1" 200 62209
201.184.147.141 - - [12/Jan/2015:13:06:23 -0500] "GET /galeria/nivo-slider/demo/images/9Signos.jpg HTTP/1.1" 200 93040
201.184.147.141 - - [12/Jan/2015:13:06:24 -0500] "GET /galeria/nivo-slider/demo/images/banner-llantas2.jpg HTTP/1.1" 200 73153
201.184.147.141 - - [12/Jan/2015:13:06:24 -0500] "GET /galeria/nivo-slider/demo/images/banner-caballos.png HTTP/1.1" 200 389106
201.184.147.141 - - [12/Jan/2015:13:06:25 -0500] "GET /galeria/nivo-slider/demo/images/4Simple_Slider.png HTTP/1.1" 200 11722
201.184.147.141 - - [12/Jan/2015:13:06:25 -0500] "GET /galeria/nivo-slider/themes/default/loading.gif HTTP/1.1" 200 1737
201.184.147.141 - - [12/Jan/2015:13:06:32 -0500] "GET /galeria/nivo-slider/themes/default/arrows.png HTTP/1.1" 200 824
201.184.147.141 - - [12/Jan/2015:13:06:32 -0500] "GET /galeria/nivo-slider/themes/default/bullets.png HTTP/1.1" 200 1281
190.156.91.79 - - [12/Jan/2015:13:06:34 -0500] "POST /forms/lservlet;jsessionid=ac16012b30d5b9c7596d463549dcbb039173fc01d604.e3iSbxaKaheRe34SahiRb30Pchr0n6jAmljGr5XDqQLvpAe HTTP/1.1" 200 2
66.249.67.75 - - [12/Jan/2015:13:06:46 -0500] "GET /BLA/resoluciones/RESOLUCIONES%202012/0661.pdf HTTP/1.1" 304 -
186.29.203.131 - - [12/Jan/2015:13:06:52 -0500] "POST /forms/lservlet;jsessionid=ac16012b30d5b10e4f29f1924fbb8a83aef930aaa7e9.e3iSbxaKaheRe34SahiRb30Pchr0n6jAmljGr5XDqQLvpAe HTTP/1.1" 200 2
186.81.171.187 - - [12/Jan/2015:13:06:55 -0500] "GET /BLA/boletinlegal/js/jquery.js HTTP/1.1" 200 57254
186.81.171.187 - - [12/Jan/2015:13:06:55 -0500] "GET /BLA/boletinlegal/js/jquery.scrollTo-min.js HTTP/1.1" 200 1150
186.81.171.187 - - [12/Jan/2015:13:06:55 -0500] "GET /BLA/boletinlegal/js/jquery.scrollShow.js HTTP/1.1" 200 4586
181.246.79.234 - - [12/Jan/2015:13:07:01 -0500] "GET /BLA/resoluciones/RESOLUCIONES%202008/1896.pdf HTTP/1.1" 200 196190
181.246.79.234 - - [12/Jan/2015:13:07:02 -0500] "GET /BLA/resoluciones/RESOLUCIONES%202008/1896.pdf HTTP/1.1" 200 196190
188.165.15.138 - - [12/Jan/2015:13:07:09 -0500] "GET /BLA/resoluciones/RESOLUCIONES%202006/RES%202006%202701-2750/00002749.tif HTTP/1.1" 200 209622
181.54.57.138 - - [12/Jan/2015:13:07:14 -0500] "POST /forms/lservlet;jsessionid=ac16012b30d518dc48088278406b9308a8e4830b90f8.e3iSbxaKaheRe34SahiRb30Pchr0n6jAmljGr5XDqQLvpAe HTTP/1.1" 200 2
66.249.64.167 - - [12/Jan/2015:13:07:15 -0500] "GET /BLA/resoluciones/RESOLUCIONES%202013/1342.pdf HTTP/1.1" 200 588821
188.165.15.15 - - [12/Jan/2015:13:07:29 -0500] "GET /BLA/resoluciones/index.php?dir=RESOLUCIONES%202002/RES%202002%20751-800/&sort=name&order=asc HTTP/1.1" 200 12325
157.55.39.23 - - [12/Jan/2015:13:07:35 -0500] "GET /BLA/resoluciones/RESOLUCIONES%202012/1297.pdf HTTP/1.1" 200 3603211
66.249.67.75 - - [12/Jan/2015:13:07:44 -0500] "GET /BLA/resoluciones/RESOLUCIONES%202009/6098.pdf HTTP/1.1" 304 -
180.76.5.78 - - [12/Jan/2015:13:07:48 -0500] "GET /BLA/boletinlegal;jsessionid=108CDD8AD41735D1851F4AF7DC210DAF?/? HTTP/1.1" 404 1018
66.249.67.67 - - [12/Jan/2015:13:08:12 -0500] "GET /BLA/resoluciones/RESOLUCIONES%202011/2888.pdf HTTP/1.1" 304 -
186.84.44.58 - - [12/Jan/2015:13:08:13 -0500] "POST /forms/lservlet;jsessionid=ac16012b30d5119b3910b34c44c69c548c7d89a14328.e3iSbxaKaheRe34SahiRb30Pchr0n6jAmljGr5XDqQLvpAe HTTP/1.1" 200 2
186.84.40.34 - - [12/Jan/2015:13:08:23 -0500] "POST /forms/lservlet;jsessionid=ac16012b30d5b930346dabb54c25a2d5a04463a31c2d.e3iSbxaKaheRe34SahiRb30Pchr0n6jAmljGr5XDqQLvpAe HTTP/1.1" 200 2
152.61.128.66 - - [12/Jan/2015:13:08:31 -0500] "HEAD / HTTP/1.1" 302 -
152.61.128.66 - - [12/Jan/2015:13:08:32 -0500] "GET /arcgis/services/Calidad_del_Agua_WQI/MapServer/WMSServer?SERVICE=WMS&REQUEST=GetCapabilities HTTP/1.1" 200 32135
152.61.128.66 - - [12/Jan/2015:13:08:33 -0500] "GET /arcgis/services/Calidad_del_Agua_WQI/MapServer/WMSServer?SERVICE=WMS&REQUEST=GetCapabilities HTTP/1.0" 200 32135
190.156.91.79 - - [12/Jan/2015:13:08:34 -0500] "POST /forms/lservlet;jsessionid=ac16012b30d5b9c7596d463549dcbb039173fc01d604.e3iSbxaKaheRe34SahiRb30Pchr0n6jAmljGr5XDqQLvpAe HTTP/1.1" 200 2
152.61.128.66 - - [12/Jan/2015:13:08:34 -0500] "GET /arcgis/services/Calidad_del_Agua_WQI/MapServer/WMSServer?SERVICE=WMS&REQUEST=GetCapabilities HTTP/1.0" 200 32135
152.61.128.66 - - [12/Jan/2015:13:08:36 -0500] "GET /arcgis/services/Calidad_del_Agua_WQI/MapServer/WMSServer?SERVICE=WMS&REQUEST=GetCapabilities HTTP/1.0" 200 32135
152.61.128.66 - - [12/Jan/2015:13:08:37 -0500] "GET /arcgis/services/Calidad_del_Agua_WQI/MapServer/WMSServer?VERSION=1.1.1&REQUEST=GetMap&LAYERS=0&SRS=EPSG:4326&BBOX=-74.473395,3.674381,-73.963300,4.920569&WIDTH=250&HEIGHT=250&FORMAT=image/bmp&STYLES=& HTTP/1.1" 200 188054
188.165.15.138 - - [12/Jan/2015:13:08:41 -0500] "GET /BLA/resoluciones/RESOLUCIONES%202002/RES%202002%20301-350/00000326.tif HTTP/1.1" 200 237478
66.249.67.83 - - [12/Jan/2015:13:08:41 -0500] "GET /BLA/resoluciones/RESOLUCIONES%202013/0898.pdf HTTP/1.1" 304 -
200.116.123.223 - - [12/Jan/2015:13:08:42 -0500] "GET /BLA/boletinlegal/js/jquery.js HTTP/1.1" 200 57254
200.116.123.223 - - [12/Jan/2015:13:08:42 -0500] "GET /BLA/boletinlegal/js/jquery.scrollTo-min.js HTTP/1.1" 200 1150
200.116.123.223 - - [12/Jan/2015:13:08:42 -0500] "GET /BLA/boletinlegal/js/jquery.scrollShow.js HTTP/1.1" 200 4586
200.116.123.223 - - [12/Jan/2015:13:08:42 -0500] "GET /galeria/carrusel/Carrusel/jquery-ui-1.8.13.custom.min.js HTTP/1.1" 200 10800
200.116.123.223 - - [12/Jan/2015:13:08:42 -0500] "GET /galeria/carrusel/Carrusel/jquery.thumbnailScroller.css HTTP/1.1" 200 2066
200.116.123.223 - - [12/Jan/2015:13:08:42 -0500] "GET /galeria/carrusel/Carrusel/jquery.thumbnailScroller.js HTTP/1.1" 200 8157
190.27.10.83 - - [12/Jan/2015:13:08:45 -0500] "GET /galeria/carrusel/Carrusel/jquery.thumbnailScroller.css HTTP/1.1" 200 2066
190.27.10.83 - - [12/Jan/2015:13:08:45 -0500] "GET /BLA/boletinlegal/js/jquery.js HTTP/1.1" 200 57254
190.27.10.83 - - [12/Jan/2015:13:08:45 -0500] "GET /BLA/boletinlegal/js/jquery.scrollTo-min.js HTTP/1.1" 200 1150
190.27.10.83 - - [12/Jan/2015:13:08:45 -0500] "GET /BLA/boletinlegal/js/jquery.scrollShow.js HTTP/1.1" 200 4586
190.27.10.83 - - [12/Jan/2015:13:08:46 -0500] "GET /galeria/carrusel/Carrusel/jquery-ui-1.8.13.custom.min.js HTTP/1.1" 200 10800
190.27.10.83 - - [12/Jan/2015:13:08:46 -0500] "GET /galeria/carrusel/Carrusel/jquery.thumbnailScroller.js HTTP/1.1" 200 8157
200.116.123.223 - - [12/Jan/2015:13:08:47 -0500] "GET /galeria/nivo-slider/demo/demo.html HTTP/1.1" 200 3150
200.116.123.223 - - [12/Jan/2015:13:08:47 -0500] "GET /galeria/nivo-slider/themes/default/default.css HTTP/1.1" 200 1569
200.116.123.223 - - [12/Jan/2015:13:08:47 -0500] "GET /galeria/nivo-slider/themes/pascal/pascal.css HTTP/1.1" 200 2258
200.116.123.223 - - [12/Jan/2015:13:08:47 -0500] "GET /galeria/nivo-slider/themes/orman/orman.css HTTP/1.1" 200 2152
200.116.123.223 - - [12/Jan/2015:13:08:47 -0500] "GET /galeria/nivo-slider/nivo-slider.css HTTP/1.1" 200 1507
200.116.123.223 - - [12/Jan/2015:13:08:47 -0500] "GET /galeria/nivo-slider/demo/style.css HTTP/1.1" 200 2222
200.116.123.223 - - [12/Jan/2015:13:08:47 -0500] "GET /galeria/nivo-slider/demo/scripts/jquery-1.7.1.min.js HTTP/1.1" 200 93868
200.116.123.223 - - [12/Jan/2015:13:08:47 -0500] "GET /galeria/nivo-slider/jquery.nivo.slider.pack.js HTTP/1.1" 200 11561
200.116.123.223 - - [12/Jan/2015:13:08:47 -0500] "GET /galeria/nivo-slider/demo/images/bolsas-08.jpg HTTP/1.1" 200 85589
200.116.123.223 - - [12/Jan/2015:13:08:47 -0500] "GET /galeria/nivo-slider/demo/images/Ruta-vertimientos-01.jpg HTTP/1.1" 200 130151
200.116.123.223 - - [12/Jan/2015:13:08:47 -0500] "GET /galeria/nivo-slider/demo/images/bolsas-06.jpg HTTP/1.1" 200 90982
200.116.123.223 - - [12/Jan/2015:13:08:47 -0500] "GET /galeria/nivo-slider/demo/images/ecolecta-Dic2014.png HTTP/1.1" 200 288593
200.116.123.223 - - [12/Jan/2015:13:08:48 -0500] "GET /galeria/nivo-slider/demo/images/4Simple_Slider.png HTTP/1.1" 200 11722
200.116.123.223 - - [12/Jan/2015:13:08:48 -0500] "GET /galeria/nivo-slider/themes/default/loading.gif HTTP/1.1" 200 1737
200.116.123.223 - - [12/Jan/2015:13:08:49 -0500] "GET /galeria/nivo-slider/demo/images/porloshumedales.jpg HTTP/1.1" 200 351238
200.116.123.223 - - [12/Jan/2015:13:08:49 -0500] "GET /galeria/nivo-slider/demo/images/Tingua-azul.jpg HTTP/1.1" 200 307638
200.116.123.223 - - [12/Jan/2015:13:08:49 -0500] "GET /galeria/nivo-slider/demo/images/9Signos.jpg HTTP/1.1" 200 93040
200.116.123.223 - - [12/Jan/2015:13:08:49 -0500] "GET /galeria/nivo-slider/demo/images/Banner-Caracol-Africano.jpg HTTP/1.1" 200 331986
200.116.123.223 - - [12/Jan/2015:13:08:49 -0500] "GET /galeria/nivo-slider/demo/images/banner-redes.jpg HTTP/1.1" 200 62209
200.116.123.223 - - [12/Jan/2015:13:08:49 -0500] "GET /galeria/nivo-slider/demo/images/banner-llantas2.jpg HTTP/1.1" 200 73153
200.116.123.223 - - [12/Jan/2015:13:08:50 -0500] "GET /galeria/nivo-slider/demo/images/banner-caballos.png HTTP/1.1" 200 389106
200.116.123.223 - - [12/Jan/2015:13:08:51 -0500] "GET /videos/Spot_CambioClimatico.flv HTTP/1.1" 200 4371917
74.86.158.107 - - [12/Jan/2015:13:08:51 -0500] "HEAD / HTTP/1.1" 302 -
186.29.203.131 - - [12/Jan/2015:13:08:52 -0500] "POST /forms/lservlet;jsessionid=ac16012b30d5b10e4f29f1924fbb8a83aef930aaa7e9.e3iSbxaKaheRe34SahiRb30Pchr0n6jAmljGr5XDqQLvpAe HTTP/1.1" 200 2
200.116.123.223 - - [12/Jan/2015:13:08:53 -0500] "GET /galeria/nivo-slider/themes/default/bullets.png HTTP/1.1" 200 1281
200.116.123.223 - - [12/Jan/2015:13:08:53 -0500] "GET /galeria/nivo-slider/themes/default/arrows.png HTTP/1.1" 200 824
186.147.106.39 - - [12/Jan/2015:13:09:06 -0500] "GET /BLA/boletinlegal/js/jquery.js HTTP/1.1" 200 57254
186.147.106.39 - - [12/Jan/2015:13:09:06 -0500] "GET /BLA/boletinlegal/js/jquery.scrollTo-min.js HTTP/1.1" 200 1150
186.147.106.39 - - [12/Jan/2015:13:09:06 -0500] "GET /BLA/boletinlegal/js/jquery.scrollShow.js HTTP/1.1" 200 4586
66.249.67.67 - - [12/Jan/2015:13:09:10 -0500] "GET /BLA/resoluciones/RESOLUCIONES%202007/RES%202007%202101%20AL%202200/RESOLUCION%202114%20DE%202007.pdf HTTP/1.1" 200 283895
188.165.15.99 - - [12/Jan/2015:13:09:13 -0500] "GET /BLA/resoluciones/RESOLUCIONES%202006/RES%202006%202551-2600/00002587.tif HTTP/1.1" 200 201722
190.27.10.83 - - [12/Jan/2015:13:09:13 -0500] "GET /galeria/nivo-slider/demo/demo.html HTTP/1.1" 200 3150
190.27.10.83 - - [12/Jan/2015:13:09:14 -0500] "GET /galeria/nivo-slider/themes/default/default.css HTTP/1.1" 200 1569
190.27.10.83 - - [12/Jan/2015:13:09:14 -0500] "GET /galeria/nivo-slider/themes/pascal/pascal.css HTTP/1.1" 200 2258
190.27.10.83 - - [12/Jan/2015:13:09:14 -0500] "GET /galeria/nivo-slider/themes/orman/orman.css HTTP/1.1" 200 2152
190.27.10.83 - - [12/Jan/2015:13:09:14 -0500] "GET /galeria/nivo-slider/nivo-slider.css HTTP/1.1" 200 1507
190.27.10.83 - - [12/Jan/2015:13:09:14 -0500] "GET /galeria/nivo-slider/demo/style.css HTTP/1.1" 200 2222
190.27.10.83 - - [12/Jan/2015:13:09:14 -0500] "GET /galeria/nivo-slider/demo/scripts/jquery-1.7.1.min.js HTTP/1.1" 200 93868
190.27.10.83 - - [12/Jan/2015:13:09:14 -0500] "GET /galeria/nivo-slider/jquery.nivo.slider.pack.js HTTP/1.1" 200 11561
181.54.57.138 - - [12/Jan/2015:13:09:14 -0500] "POST /forms/lservlet;jsessionid=ac16012b30d518dc48088278406b9308a8e4830b90f8.e3iSbxaKaheRe34SahiRb30Pchr0n6jAmljGr5XDqQLvpAe HTTP/1.1" 200 2
190.27.10.83 - - [12/Jan/2015:13:09:15 -0500] "GET /galeria/nivo-slider/demo/images/4Simple_Slider.png HTTP/1.1" 200 11722
190.27.10.83 - - [12/Jan/2015:13:09:15 -0500] "GET /galeria/nivo-slider/themes/default/loading.gif HTTP/1.1" 200 1737
66.249.67.75 - - [12/Jan/2015:13:09:16 -0500] "GET /BLA/resoluciones/RESOLUCIONES%202009/5354.pdf HTTP/1.1" 200 428652
190.27.10.83 - - [12/Jan/2015:13:09:16 -0500] "GET /galeria/nivo-slider/demo/images/bolsas-08.jpg HTTP/1.1" 200 85589
190.27.10.83 - - [12/Jan/2015:13:09:16 -0500] "GET /galeria/nivo-slider/demo/images/Ruta-vertimientos-01.jpg HTTP/1.1" 200 130151
190.27.10.83 - - [12/Jan/2015:13:09:16 -0500] "GET /galeria/nivo-slider/demo/images/bolsas-06.jpg HTTP/1.1" 200 90982
190.27.10.83 - - [12/Jan/2015:13:09:17 -0500] "GET /galeria/nivo-slider/demo/images/ecolecta-Dic2014.png HTTP/1.1" 200 288593
190.27.10.83 - - [12/Jan/2015:13:09:18 -0500] "GET /galeria/nivo-slider/demo/images/porloshumedales.jpg HTTP/1.1" 200 351238
190.27.10.83 - - [12/Jan/2015:13:09:18 -0500] "GET /galeria/nivo-slider/demo/images/Tingua-azul.jpg HTTP/1.1" 200 307638
190.27.10.83 - - [12/Jan/2015:13:09:20 -0500] "GET /galeria/nivo-slider/demo/images/Banner-Caracol-Africano.jpg HTTP/1.1" 200 331986
181.54.57.138 - - [12/Jan/2015:13:09:20 -0500] "POST /forms/lservlet;jsessionid=ac16012b30d518dc48088278406b9308a8e4830b90f8.e3iSbxaKaheRe34SahiRb30Pchr0n6jAmljGr5XDqQLvpAe HTTP/1.1" 200 185
181.54.57.138 - - [12/Jan/2015:13:09:22 -0500] "POST /forms/lservlet;jsessionid=ac16012b30d518dc48088278406b9308a8e4830b90f8.e3iSbxaKaheRe34SahiRb30Pchr0n6jAmljGr5XDqQLvpAe HTTP/1.1" 200 132
190.27.10.83 - - [12/Jan/2015:13:09:22 -0500] "GET /videos/Spot_CambioClimatico.flv HTTP/1.1" 200 4371917
190.27.10.83 - - [12/Jan/2015:13:09:25 -0500] "GET /galeria/nivo-slider/demo/images/9Signos.jpg HTTP/1.1" 200 93040
190.27.10.83 - - [12/Jan/2015:13:09:25 -0500] "GET /galeria/nivo-slider/demo/images/banner-llantas2.jpg HTTP/1.1" 200 73153
190.27.10.83 - - [12/Jan/2015:13:09:25 -0500] "GET /galeria/nivo-slider/demo/images/banner-caballos.png HTTP/1.1" 200 389106
186.113.28.218 - - [12/Jan/2015:13:09:26 -0500] "GET /BLA/boletinlegal/js/jquery.js HTTP/1.1" 200 57254
186.113.28.218 - - [12/Jan/2015:13:09:26 -0500] "GET /BLA/boletinlegal/js/jquery.scrollTo-min.js HTTP/1.1" 200 1150
186.113.28.218 - - [12/Jan/2015:13:09:26 -0500] "GET /BLA/boletinlegal/js/jquery.scrollShow.js HTTP/1.1" 200 4586
186.113.28.218 - - [12/Jan/2015:13:09:27 -0500] "GET /galeria/carrusel/Carrusel/jquery.thumbnailScroller.css HTTP/1.1" 200 2066
186.113.28.218 - - [12/Jan/2015:13:09:27 -0500] "GET /galeria/carrusel/Carrusel/jquery-ui-1.8.13.custom.min.js HTTP/1.1" 200 10800
186.113.28.218 - - [12/Jan/2015:13:09:27 -0500] "GET /galeria/carrusel/Carrusel/jquery.thumbnailScroller.js HTTP/1.1" 200 8157
190.27.10.83 - - [12/Jan/2015:13:09:27 -0500] "GET /galeria/nivo-slider/demo/images/banner-redes.jpg HTTP/1.1" 200 62209
186.113.28.218 - - [12/Jan/2015:13:09:29 -0500] "GET /galeria/nivo-slider/demo/demo.html HTTP/1.1" 200 3150
186.113.28.218 - - [12/Jan/2015:13:09:29 -0500] "GET /galeria/nivo-slider/themes/pascal/pascal.css HTTP/1.1" 200 2258
186.113.28.218 - - [12/Jan/2015:13:09:29 -0500] "GET /galeria/nivo-slider/themes/default/default.css HTTP/1.1" 200 1569
186.113.28.218 - - [12/Jan/2015:13:09:29 -0500] "GET /galeria/nivo-slider/themes/orman/orman.css HTTP/1.1" 200 2152
186.113.28.218 - - [12/Jan/2015:13:09:29 -0500] "GET /galeria/nivo-slider/nivo-slider.css HTTP/1.1" 200 1507
186.113.28.218 - - [12/Jan/2015:13:09:29 -0500] "GET /galeria/nivo-slider/demo/style.css HTTP/1.1" 200 2222
186.113.28.218 - - [12/Jan/2015:13:09:29 -0500] "GET /galeria/nivo-slider/demo/images/bolsas-08.jpg HTTP/1.1" 200 85589
186.113.28.218 - - [12/Jan/2015:13:09:29 -0500] "GET /galeria/nivo-slider/demo/images/Ruta-vertimientos-01.jpg HTTP/1.1" 200 130151
186.113.28.218 - - [12/Jan/2015:13:09:29 -0500] "GET /galeria/nivo-slider/demo/images/bolsas-06.jpg HTTP/1.1" 200 90982
186.113.28.218 - - [12/Jan/2015:13:09:29 -0500] "GET /galeria/nivo-slider/demo/images/ecolecta-Dic2014.png HTTP/1.1" 200 288593
186.113.28.218 - - [12/Jan/2015:13:09:29 -0500] "GET /galeria/nivo-slider/demo/images/porloshumedales.jpg HTTP/1.1" 200 351238
186.113.28.218 - - [12/Jan/2015:13:09:30 -0500] "GET /galeria/nivo-slider/demo/images/Tingua-azul.jpg HTTP/1.1" 200 307638
186.113.28.218 - - [12/Jan/2015:13:09:30 -0500] "GET /galeria/nivo-slider/demo/images/Banner-Caracol-Africano.jpg HTTP/1.1" 200 331986
186.113.28.218 - - [12/Jan/2015:13:09:31 -0500] "GET /galeria/nivo-slider/demo/images/banner-redes.jpg HTTP/1.1" 200 62209
186.113.28.218 - - [12/Jan/2015:13:09:31 -0500] "GET /galeria/nivo-slider/demo/images/9Signos.jpg HTTP/1.1" 200 93040
186.113.28.218 - - [12/Jan/2015:13:09:31 -0500] "GET /galeria/nivo-slider/demo/images/banner-llantas2.jpg HTTP/1.1" 200 73153
186.113.28.218 - - [12/Jan/2015:13:09:31 -0500] "GET /galeria/nivo-slider/demo/images/banner-caballos.png HTTP/1.1" 200 389106
186.113.28.218 - - [12/Jan/2015:13:09:31 -0500] "GET /galeria/nivo-slider/demo/scripts/jquery-1.7.1.min.js HTTP/1.1" 200 93868
186.113.28.218 - - [12/Jan/2015:13:09:31 -0500] "GET /galeria/nivo-slider/jquery.nivo.slider.pack.js HTTP/1.1" 200 11561
186.113.28.218 - - [12/Jan/2015:13:09:32 -0500] "GET /galeria/nivo-slider/demo/images/4Simple_Slider.png HTTP/1.1" 200 11722
186.113.28.218 - - [12/Jan/2015:13:09:32 -0500] "GET /galeria/nivo-slider/themes/default/loading.gif HTTP/1.1" 200 1737
186.113.28.218 - - [12/Jan/2015:13:09:33 -0500] "GET /galeria/nivo-slider/themes/default/arrows.png HTTP/1.1" 200 824
186.113.28.218 - - [12/Jan/2015:13:09:33 -0500] "GET /galeria/nivo-slider/themes/default/bullets.png HTTP/1.1" 200 1281
190.27.10.83 - - [12/Jan/2015:13:09:38 -0500] "GET /galeria/nivo-slider/themes/default/arrows.png HTTP/1.1" 200 824
190.27.10.83 - - [12/Jan/2015:13:09:38 -0500] "GET /galeria/nivo-slider/themes/default/bullets.png HTTP/1.1" 200 1281
66.249.67.67 - - [12/Jan/2015:13:09:39 -0500] "GET /BLA/resoluciones/AUTOS%202011/2369.pdf HTTP/1.1" 304 -
181.54.57.138 - - [12/Jan/2015:13:09:40 -0500] "POST /forms/lservlet;jsessionid=ac16012b30d518dc48088278406b9308a8e4830b90f8.e3iSbxaKaheRe34SahiRb30Pchr0n6jAmljGr5XDqQLvpAe HTTP/1.1" 200 7897
181.54.57.138 - - [12/Jan/2015:13:09:41 -0500] "POST /forms/lservlet;jsessionid=ac16012b30d518dc48088278406b9308a8e4830b90f8.e3iSbxaKaheRe34SahiRb30Pchr0n6jAmljGr5XDqQLvpAe HTTP/1.1" 200 64
181.54.57.138 - - [12/Jan/2015:13:09:43 -0500] "POST /forms/lservlet;jsessionid=ac16012b30d518dc48088278406b9308a8e4830b90f8.e3iSbxaKaheRe34SahiRb30Pchr0n6jAmljGr5XDqQLvpAe HTTP/1.1" 200 2
181.54.57.138 - - [12/Jan/2015:13:09:43 -0500] "POST /forms/lservlet;jsessionid=ac16012b30d518dc48088278406b9308a8e4830b90f8.e3iSbxaKaheRe34SahiRb30Pchr0n6jAmljGr5XDqQLvpAe HTTP/1.1" 200 2
181.54.57.138 - - [12/Jan/2015:13:09:43 -0500] "POST /forms/lservlet;jsessionid=ac16012b30d518dc48088278406b9308a8e4830b90f8.e3iSbxaKaheRe34SahiRb30Pchr0n6jAmljGr5XDqQLvpAe HTTP/1.1" 200 2
207.46.13.113 - - [12/Jan/2015:13:09:47 -0500] "GET /BLA/resoluciones/AUTOS%202012/2264.pdf HTTP/1.1" 200 183338
188.165.15.99 - - [12/Jan/2015:13:10:02 -0500] "GET /BLA/resoluciones/index.php?dir=RESOLUCIONES%202004/RES%202004%20751-800/&sort=size&order=desc HTTP/1.1" 200 12052
201.184.147.141 - - [12/Jan/2015:13:10:07 -0500] "GET /BLA/boletinlegal/js/jquery.js HTTP/1.1" 200 57254
201.184.147.141 - - [12/Jan/2015:13:10:07 -0500] "GET /BLA/boletinlegal/js/jquery.scrollTo-min.js HTTP/1.1" 200 1150
201.184.147.141 - - [12/Jan/2015:13:10:07 -0500] "GET /BLA/boletinlegal/js/jquery.scrollShow.js HTTP/1.1" 200 4586
201.184.147.141 - - [12/Jan/2015:13:10:07 -0500] "GET /galeria/carrusel/Carrusel/jquery.thumbnailScroller.css HTTP/1.1" 200 2066
201.184.147.141 - - [12/Jan/2015:13:10:07 -0500] "GET /galeria/carrusel/Carrusel/jquery-ui-1.8.13.custom.min.js HTTP/1.1" 200 10800
201.184.147.141 - - [12/Jan/2015:13:10:07 -0500] "GET /galeria/carrusel/Carrusel/jquery.thumbnailScroller.js HTTP/1.1" 200 8157
66.249.67.67 - - [12/Jan/2015:13:10:07 -0500] "GET /BLA/resoluciones/RESOLUCIONES%202007/RES%202007%203301%20AL%203400/RESOLUCION%203329%20DE%202007.pdf HTTP/1.1" 200 230664
201.184.147.141 - - [12/Jan/2015:13:10:09 -0500] "GET /galeria/nivo-slider/demo/demo.html HTTP/1.1" 200 3150
201.184.147.141 - - [12/Jan/2015:13:10:09 -0500] "GET /galeria/nivo-slider/themes/default/default.css HTTP/1.1" 200 1569
201.184.147.141 - - [12/Jan/2015:13:10:09 -0500] "GET /galeria/nivo-slider/themes/pascal/pascal.css HTTP/1.1" 200 2258
201.184.147.141 - - [12/Jan/2015:13:10:09 -0500] "GET /galeria/nivo-slider/themes/orman/orman.css HTTP/1.1" 200 2152
201.184.147.141 - - [12/Jan/2015:13:10:09 -0500] "GET /galeria/nivo-slider/nivo-slider.css HTTP/1.1" 200 1507
201.184.147.141 - - [12/Jan/2015:13:10:09 -0500] "GET /galeria/nivo-slider/demo/style.css HTTP/1.1" 200 2222
201.184.147.141 - - [12/Jan/2015:13:10:10 -0500] "GET /galeria/nivo-slider/demo/images/bolsas-08.jpg HTTP/1.1" 200 85589
201.184.147.141 - - [12/Jan/2015:13:10:10 -0500] "GET /galeria/nivo-slider/demo/images/Ruta-vertimientos-01.jpg HTTP/1.1" 200 130151
201.184.147.141 - - [12/Jan/2015:13:10:10 -0500] "GET /galeria/nivo-slider/demo/scripts/jquery-1.7.1.min.js HTTP/1.1" 200 93868
201.184.147.141 - - [12/Jan/2015:13:10:10 -0500] "GET /galeria/nivo-slider/jquery.nivo.slider.pack.js HTTP/1.1" 200 11561
201.184.147.141 - - [12/Jan/2015:13:10:10 -0500] "GET /galeria/nivo-slider/demo/images/bolsas-06.jpg HTTP/1.1" 200 90982
201.184.147.141 - - [12/Jan/2015:13:10:10 -0500] "GET /galeria/nivo-slider/demo/images/ecolecta-Dic2014.png HTTP/1.1" 200 288593
201.184.147.141 - - [12/Jan/2015:13:10:10 -0500] "GET /galeria/nivo-slider/demo/images/porloshumedales.jpg HTTP/1.1" 200 351238
201.184.147.141 - - [12/Jan/2015:13:10:11 -0500] "GET /galeria/nivo-slider/demo/images/Tingua-azul.jpg HTTP/1.1" 200 307638
201.184.147.141 - - [12/Jan/2015:13:10:11 -0500] "GET /galeria/nivo-slider/demo/images/Banner-Caracol-Africano.jpg HTTP/1.1" 200 331986
201.184.147.141 - - [12/Jan/2015:13:10:13 -0500] "GET /galeria/nivo-slider/demo/images/banner-redes.jpg HTTP/1.1" 200 62209
186.84.44.58 - - [12/Jan/2015:13:10:13 -0500] "POST /forms/lservlet;jsessionid=ac16012b30d5119b3910b34c44c69c548c7d89a14328.e3iSbxaKaheRe34SahiRb30Pchr0n6jAmljGr5XDqQLvpAe HTTP/1.1" 200 2
201.184.147.141 - - [12/Jan/2015:13:10:13 -0500] "GET /galeria/nivo-slider/demo/images/9Signos.jpg HTTP/1.1" 200 93040
201.184.147.141 - - [12/Jan/2015:13:10:14 -0500] "GET /galeria/nivo-slider/demo/images/banner-llantas2.jpg HTTP/1.1" 200 73153
201.184.147.141 - - [12/Jan/2015:13:10:16 -0500] "GET /galeria/nivo-slider/demo/images/banner-caballos.png HTTP/1.1" 200 389106
201.184.147.141 - - [12/Jan/2015:13:10:16 -0500] "GET /galeria/nivo-slider/themes/default/loading.gif HTTP/1.1" 200 1737
201.184.147.141 - - [12/Jan/2015:13:10:16 -0500] "GET /galeria/nivo-slider/demo/images/4Simple_Slider.png HTTP/1.1" 200 11722
201.184.147.141 - - [12/Jan/2015:13:10:19 -0500] "GET /galeria/nivo-slider/themes/default/arrows.png HTTP/1.1" 200 824
201.184.147.141 - - [12/Jan/2015:13:10:19 -0500] "GET /galeria/nivo-slider/themes/default/bullets.png HTTP/1.1" 200 1281
186.84.40.34 - - [12/Jan/2015:13:10:24 -0500] "POST /forms/lservlet;jsessionid=ac16012b30d5b930346dabb54c25a2d5a04463a31c2d.e3iSbxaKaheRe34SahiRb30Pchr0n6jAmljGr5XDqQLvpAe HTTP/1.1" 200 2
157.55.39.23 - - [12/Jan/2015:13:10:28 -0500] "GET /BLA/resoluciones/AUTOS%202012/0914.pdf HTTP/1.1" 200 332506
190.156.91.79 - - [12/Jan/2015:13:10:34 -0500] "POST /forms/lservlet;jsessionid=ac16012b30d5b9c7596d463549dcbb039173fc01d604.e3iSbxaKaheRe34SahiRb30Pchr0n6jAmljGr5XDqQLvpAe HTTP/1.1" 200 2
188.165.15.212 - - [12/Jan/2015:13:10:35 -0500] "GET /BLA/resoluciones/RESOLUCIONES%202004/RES%202004%2001-%2050/00000020.tif HTTP/1.1" 200 29668
66.249.67.75 - - [12/Jan/2015:13:10:36 -0500] "GET /BLA/resoluciones/RESOLUCIONES%202010/4740.pdf HTTP/1.1" 304 -
66.249.67.75 - - [12/Jan/2015:13:10:38 -0500] "GET /BLA/resoluciones/RESOLUCIONES%202004/RES%202004%20201-250/00000215.tif HTTP/1.1" 200 154326
186.29.203.131 - - [12/Jan/2015:13:10:52 -0500] "POST /forms/lservlet;jsessionid=ac16012b30d5b10e4f29f1924fbb8a83aef930aaa7e9.e3iSbxaKaheRe34SahiRb30Pchr0n6jAmljGr5XDqQLvpAe HTTP/1.1" 200 2
66.249.67.75 - - [12/Jan/2015:13:11:05 -0500] "GET /BLA/resoluciones/RESOLUCIONES%202010/7036.pdf HTTP/1.1" 304 -
186.119.216.77 - - [12/Jan/2015:13:11:14 -0500] "GET /forest/skins/gdocs-jar/css/forest.css?version=1412.231748 HTTP/1.1" 304 -
186.119.216.77 - - [12/Jan/2015:13:11:14 -0500] "GET /forest/skins/gdocs-jar/css/autocomplete.css?version=1412.231748 HTTP/1.1" 304 -
186.119.216.77 - - [12/Jan/2015:13:11:14 -0500] "GET /forest/skins/gdocs-jar/css/menu.css?version=1412.231748 HTTP/1.1" 304 -
186.119.216.77 - - [12/Jan/2015:13:11:14 -0500] "GET /forest/css/escritorio.css?version=1412.231748 HTTP/1.1" 304 -
186.119.216.77 - - [12/Jan/2015:13:11:14 -0500] "GET /forest/ HTTP/1.1" 200 12758
186.119.216.77 - - [12/Jan/2015:13:11:14 -0500] "GET /forest/css/index.css?version=1412.231748 HTTP/1.1" 304 -
186.119.216.77 - - [12/Jan/2015:13:11:14 -0500] "GET /forest/1ibre/jscalendar/calendar-win2k-1.css?version=1412.231748 HTTP/1.1" 304 -
186.119.216.77 - - [12/Jan/2015:13:11:14 -0500] "GET /forest/skins/gdocs-jar/css/dialog.css?version=1412.231748 HTTP/1.1" 304 -
186.119.216.77 - - [12/Jan/2015:13:11:14 -0500] "GET /forest/js/json3.js HTTP/1.1" 304 -
186.119.216.77 - - [12/Jan/2015:13:11:14 -0500] "GET /forest/skins/gdocs-jar/css/forms.css?version=1412.231748 HTTP/1.1" 304 -
186.119.216.77 - - [12/Jan/2015:13:11:14 -0500] "GET /forest/img/forestIcon.gif?version=1412.231748 HTTP/1.1" 304 -
186.119.216.77 - - [12/Jan/2015:13:11:14 -0500] "GET /forest/img/spacer.gif HTTP/1.1" 304 -
186.119.216.77 - - [12/Jan/2015:13:11:14 -0500] "GET /forest/img/inicio/1.gif HTTP/1.1" 304 -
186.119.216.77 - - [12/Jan/2015:13:11:14 -0500] "GET /forest/img/inicio/2.gif HTTP/1.1" 304 -
186.119.216.77 - - [12/Jan/2015:13:11:14 -0500] "GET /forest/img/loading.gif HTTP/1.1" 304 -
186.119.216.77 - - [12/Jan/2015:13:11:14 -0500] "GET /forest/img/inicio/3.gif HTTP/1.1" 304 -
186.119.216.77 - - [12/Jan/2015:13:11:15 -0500] "GET /forest/img/panel/view_icon.gif HTTP/1.1" 304 -
186.119.216.77 - - [12/Jan/2015:13:11:15 -0500] "GET /forest/img/inicio/4.gif HTTP/1.1" 304 -
186.119.216.77 - - [12/Jan/2015:13:11:15 -0500] "GET /forest/img/inicio/5.gif HTTP/1.1" 304 -
181.54.57.138 - - [12/Jan/2015:13:11:15 -0500] "POST /forms/lservlet;jsessionid=ac16012b30d518dc48088278406b9308a8e4830b90f8.e3iSbxaKaheRe34SahiRb30Pchr0n6jAmljGr5XDqQLvpAe HTTP/1.1" 200 2
186.119.216.77 - - [12/Jan/2015:13:11:15 -0500] "GET /forest/img/inicio/6.gif HTTP/1.1" 304 -
186.119.216.77 - - [12/Jan/2015:13:11:15 -0500] "GET /forest/img/inicio/7.gif HTTP/1.1" 304 -
186.119.216.77 - - [12/Jan/2015:13:11:15 -0500] "GET /forest/skins/gdocs-jar/img/okey.gif HTTP/1.1" 304 -
186.119.216.77 - - [12/Jan/2015:13:11:15 -0500] "GET /forest/img/mplogo.gif HTTP/1.1" 304 -
186.119.216.77 - - [12/Jan/2015:13:11:15 -0500] "GET /forest/img/close.gif HTTP/1.1" 304 -
186.119.216.77 - - [12/Jan/2015:13:11:15 -0500] "GET /forest/img/base/bsc2_r1_c1.gif HTTP/1.1" 304 -
186.119.216.77 - - [12/Jan/2015:13:11:15 -0500] "GET /forest/img/base/bsc2_r1_c2.gif HTTP/1.1" 304 -
186.119.216.77 - - [12/Jan/2015:13:11:15 -0500] "GET /forest/img/base/bsc2_r1_c3.gif HTTP/1.1" 304 -
186.119.216.77 - - [12/Jan/2015:13:11:15 -0500] "GET /forest/1ibre/1ibre.css HTTP/1.1" 304 -
186.119.216.77 - - [12/Jan/2015:13:11:17 -0500] "POST /forest/login.do HTTP/1.1" 302 -
186.119.216.77 - - [12/Jan/2015:13:11:18 -0500] "GET /forest/skins/gdocs-jar/css/forest.css?version=1412.231748 HTTP/1.1" 304 -
186.119.216.77 - - [12/Jan/2015:13:11:18 -0500] "GET /forest/skins/gdocs-jar/css/menu.css?version=1412.231748 HTTP/1.1" 304 -
186.119.216.77 - - [12/Jan/2015:13:11:18 -0500] "GET /forest/skins/gdocs-jar/css/autocomplete.css?version=1412.231748 HTTP/1.1" 304 -
186.119.216.77 - - [12/Jan/2015:13:11:18 -0500] "GET /forest/css/index.css?version=1412.231748 HTTP/1.1" 304 -
186.119.216.77 - - [12/Jan/2015:13:11:18 -0500] "GET /forest/css/escritorio.css?version=1412.231748 HTTP/1.1" 304 -
186.119.216.77 - - [12/Jan/2015:13:11:18 -0500] "GET /forest/1ibre/jscalendar/calendar-win2k-1.css?version=1412.231748 HTTP/1.1" 304 -
186.119.216.77 - - [12/Jan/2015:13:11:18 -0500] "GET /forest/skins/gdocs-jar/css/dialog.css?version=1412.231748 HTTP/1.1" 304 -
186.119.216.77 - - [12/Jan/2015:13:11:18 -0500] "GET /forest/skins/gdocs-jar/css/forms.css?version=1412.231748 HTTP/1.1" 304 -
186.119.216.77 - - [12/Jan/2015:13:11:18 -0500] "GET /forest/img/forestIcon.gif?version=1412.231748 HTTP/1.1" 304 -
186.119.216.77 - - [12/Jan/2015:13:11:18 -0500] "GET /forest/img/users/5.gif HTTP/1.1" 304 -
186.119.216.77 - - [12/Jan/2015:13:11:18 -0500] "GET /forest/img/users/3.gif HTTP/1.1" 304 -
186.119.216.77 - - [12/Jan/2015:13:11:18 -0500] "GET /forest/img/download_large.gif HTTP/1.1" 304 -
186.119.216.77 - - [12/Jan/2015:13:11:18 -0500] "GET /forest/img/inicio.jpg HTTP/1.1" 304 -
186.119.216.77 - - [12/Jan/2015:13:11:18 -0500] "GET /forest/img/users/7.gif HTTP/1.1" 304 -
186.119.216.77 - - [12/Jan/2015:13:11:18 -0500] "GET /forest/img/buscar.jpg HTTP/1.1" 304 -
186.119.216.77 - - [12/Jan/2015:13:11:18 -0500] "GET /forest/img/buscar_documentos.gif HTTP/1.1" 304 -
186.119.216.77 - - [12/Jan/2015:13:11:18 -0500] "GET /forest/img/fondo-barra.gif HTTP/1.1" 304 -
186.119.216.77 - - [12/Jan/2015:13:11:19 -0500] "GET /forest/img/buscar_procesos.gif HTTP/1.1" 304 -
186.119.216.77 - - [12/Jan/2015:13:11:19 -0500] "GET /forest/img/notify.gif HTTP/1.1" 304 -
186.119.216.77 - - [12/Jan/2015:13:11:19 -0500] "GET /forest/img/ayuda.gif HTTP/1.1" 304 -
186.119.216.77 - - [12/Jan/2015:13:11:19 -0500] "GET /forest/img/pantalla.gif HTTP/1.1" 304 -
186.119.216.77 - - [12/Jan/2015:13:11:19 -0500] "GET /forest/skins/gdocs-jar/css/tree.css HTTP/1.1" 304 -
186.119.216.77 - - [12/Jan/2015:13:11:19 -0500] "GET /forest/skins/gdocs-jar/js/autocompletar2.js?version=1412.231748 HTTP/1.1" 304 -
186.119.216.77 - - [12/Jan/2015:13:11:19 -0500] "GET /forest/skins/gdocs-jar/css/autocomplete.css HTTP/1.1" 304 -
186.119.216.77 - - [12/Jan/2015:13:11:19 -0500] "GET /forest/skins/gdocs-jar/js/xml_utilities.js?version=1412.231748 HTTP/1.1" 304 -
186.119.216.77 - - [12/Jan/2015:13:11:19 -0500] "GET /forest/js/inicio.js?version=1412.231748 HTTP/1.1" 304 -
186.119.216.77 - - [12/Jan/2015:13:11:19 -0500] "GET /forest/skins/gdocs-jar/js/misprocesos.js?version=1412.231748 HTTP/1.1" 304 -
186.119.216.77 - - [12/Jan/2015:13:11:19 -0500] "GET /forest/img/salir3.gif HTTP/1.1" 304 -
186.119.216.77 - - [12/Jan/2015:13:11:19 -0500] "GET /forest/img/panel/menu/add.png HTTP/1.1" 304 -
186.119.216.77 - - [12/Jan/2015:13:11:19 -0500] "GET /forest/img/panel/menu/folder.png HTTP/1.1" 304 -
186.119.216.77 - - [12/Jan/2015:13:11:19 -0500] "GET /forest/img/mireparto.gif HTTP/1.1" 304 -
186.119.216.77 - - [12/Jan/2015:13:11:19 -0500] "GET /forest/img/panel/menu/danger2.png HTTP/1.1" 304 -
186.119.216.77 - - [12/Jan/2015:13:11:19 -0500] "GET /forest/img/instanciar.gif HTTP/1.1" 304 -
186.119.216.77 - - [12/Jan/2015:13:11:19 -0500] "GET /forest/img/panel/menu/hoy.png HTTP/1.1" 304 -
186.119.216.77 - - [12/Jan/2015:13:11:19 -0500] "GET /forest/skins/gdocs-jar/img/cancel.gif HTTP/1.1" 304 -
186.119.216.77 - - [12/Jan/2015:13:11:18 -0500] "GET /forest/index2.jsp?a=0.002880917406206107 HTTP/1.1" 200 87121
186.119.216.77 - - [12/Jan/2015:13:11:19 -0500] "GET /forest/img/misdocumentos.gif HTTP/1.1" 304 -
186.119.216.77 - - [12/Jan/2015:13:11:19 -0500] "GET /forest/session.jsp?a=0.7274827887568749 HTTP/1.1" 200 4
66.249.67.67 - - [12/Jan/2015:13:11:34 -0500] "GET /BLA/resoluciones/RESOLUCIONES%202013/1564.pdf HTTP/1.1" 304 -
157.55.39.23 - - [12/Jan/2015:13:11:50 -0500] "GET /BLA/resoluciones/RESOLUCIONES%202009/0636.pdf HTTP/1.1" 200 66129
188.165.15.130 - - [12/Jan/2015:13:11:51 -0500] "GET /BLA/resoluciones/RESOLUCIONES%202005/RES%202005%202801-2850/00002838.tif HTTP/1.1" 200 180970
66.249.67.83 - - [12/Jan/2015:13:12:02 -0500] "GET /BLA/resoluciones/RESOLUCIONES%202009/5325.pdf HTTP/1.1" 304 -
188.165.15.15 - - [12/Jan/2015:13:12:07 -0500] "GET /BLA/resoluciones/index.php?dir=RESOLUCIONES%202003/RES%202003%201601-1650/&sort=size&order=asc HTTP/1.1" 200 12152
186.84.44.58 - - [12/Jan/2015:13:12:13 -0500] "POST /forms/lservlet;jsessionid=ac16012b30d5119b3910b34c44c69c548c7d89a14328.e3iSbxaKaheRe34SahiRb30Pchr0n6jAmljGr5XDqQLvpAe HTTP/1.1" 200 2
186.84.40.34 - - [12/Jan/2015:13:12:24 -0500] "POST /forms/lservlet;jsessionid=ac16012b30d5b930346dabb54c25a2d5a04463a31c2d.e3iSbxaKaheRe34SahiRb30Pchr0n6jAmljGr5XDqQLvpAe HTTP/1.1" 200 2
66.249.67.67 - - [12/Jan/2015:13:12:31 -0500] "GET /BLA/resoluciones/RESOLUCIONES%202009/9801.pdf HTTP/1.1" 200 639785
190.156.91.79 - - [12/Jan/2015:13:12:35 -0500] "POST /forms/lservlet;jsessionid=ac16012b30d5b9c7596d463549dcbb039173fc01d604.e3iSbxaKaheRe34SahiRb30Pchr0n6jAmljGr5XDqQLvpAe HTTP/1.1" 200 2
186.29.203.131 - - [12/Jan/2015:13:12:53 -0500] "POST /forms/lservlet;jsessionid=ac16012b30d5b10e4f29f1924fbb8a83aef930aaa7e9.e3iSbxaKaheRe34SahiRb30Pchr0n6jAmljGr5XDqQLvpAe HTTP/1.1" 200 2
190.24.24.113 - - [12/Jan/2015:13:12:54 -0500] "GET /BLA/boletinlegal/js/jquery.js HTTP/1.1" 200 57254
190.24.24.113 - - [12/Jan/2015:13:12:54 -0500] "GET /BLA/boletinlegal/js/jquery.scrollTo-min.js HTTP/1.1" 200 1150
190.24.24.113 - - [12/Jan/2015:13:12:54 -0500] "GET /BLA/boletinlegal/js/jquery.scrollShow.js HTTP/1.1" 200 4586
207.46.13.113 - - [12/Jan/2015:13:12:58 -0500] "GET /BLA/resoluciones/RESOLUCIONES%202009/2072.pdf HTTP/1.1" 200 550139
66.249.67.83 - - [12/Jan/2015:13:13:00 -0500] "GET /BLA/resoluciones/RESOLUCIONES%202011/3099.pdf HTTP/1.1" 304 -
188.165.15.66 - - [12/Jan/2015:13:13:05 -0500] "GET /BLA/resoluciones/RESOLUCIONES%202006/RES%202006%20%202801-2850/00002815.tif HTTP/1.1" 200 696162
181.54.57.138 - - [12/Jan/2015:13:13:15 -0500] "POST /forms/lservlet;jsessionid=ac16012b30d518dc48088278406b9308a8e4830b90f8.e3iSbxaKaheRe34SahiRb30Pchr0n6jAmljGr5XDqQLvpAe HTTP/1.1" 200 2
189.225.172.187 - - [12/Jan/2015:13:13:22 -0500] "GET /BLA/boletinlegal/js/jquery.js HTTP/1.1" 200 57254
189.225.172.187 - - [12/Jan/2015:13:13:22 -0500] "GET /BLA/boletinlegal/js/jquery.scrollShow.js HTTP/1.1" 200 4586
189.225.172.187 - - [12/Jan/2015:13:13:22 -0500] "GET /BLA/boletinlegal/js/jquery.scrollTo-min.js HTTP/1.1" 200 1150
66.249.67.75 - - [12/Jan/2015:13:13:29 -0500] "GET /BLA/resoluciones/RESOLUCIONES%202007/RES%202007%201001%20AL%201100/RESOLUCION%201043%20DE%202007.pdf HTTP/1.1" 304 -
161.10.111.50 - - [12/Jan/2015:13:13:41 -0500] "GET /BLA/boletinlegal/js/jquery.js HTTP/1.1" 200 57254
161.10.111.50 - - [12/Jan/2015:13:13:41 -0500] "GET /BLA/boletinlegal/js/jquery.scrollTo-min.js HTTP/1.1" 200 1150
161.10.111.50 - - [12/Jan/2015:13:13:41 -0500] "GET /BLA/boletinlegal/js/jquery.scrollShow.js HTTP/1.1" 200 4586
161.10.111.50 - - [12/Jan/2015:13:13:41 -0500] "GET /galeria/carrusel/Carrusel/jquery.thumbnailScroller.css HTTP/1.1" 200 2066
161.10.111.50 - - [12/Jan/2015:13:13:42 -0500] "GET /galeria/carrusel/Carrusel/jquery-ui-1.8.13.custom.min.js HTTP/1.1" 200 10800
161.10.111.50 - - [12/Jan/2015:13:13:42 -0500] "GET /galeria/carrusel/Carrusel/jquery.thumbnailScroller.js HTTP/1.1" 200 8157
161.10.111.50 - - [12/Jan/2015:13:13:44 -0500] "GET /galeria/nivo-slider/demo/demo.html HTTP/1.1" 200 3150
161.10.111.50 - - [12/Jan/2015:13:13:44 -0500] "GET /galeria/nivo-slider/themes/default/default.css HTTP/1.1" 200 1569
161.10.111.50 - - [12/Jan/2015:13:13:44 -0500] "GET /galeria/nivo-slider/themes/pascal/pascal.css HTTP/1.1" 200 2258
161.10.111.50 - - [12/Jan/2015:13:13:44 -0500] "GET /galeria/nivo-slider/themes/orman/orman.css HTTP/1.1" 200 2152
161.10.111.50 - - [12/Jan/2015:13:13:44 -0500] "GET /galeria/nivo-slider/nivo-slider.css HTTP/1.1" 200 1507
161.10.111.50 - - [12/Jan/2015:13:13:44 -0500] "GET /galeria/nivo-slider/demo/style.css HTTP/1.1" 200 2222
161.10.111.50 - - [12/Jan/2015:13:13:44 -0500] "GET /galeria/nivo-slider/demo/images/bolsas-08.jpg HTTP/1.1" 200 85589
161.10.111.50 - - [12/Jan/2015:13:13:44 -0500] "GET /galeria/nivo-slider/demo/images/Ruta-vertimientos-01.jpg HTTP/1.1" 200 130151
161.10.111.50 - - [12/Jan/2015:13:13:44 -0500] "GET /galeria/nivo-slider/demo/images/bolsas-06.jpg HTTP/1.1" 200 90982
161.10.111.50 - - [12/Jan/2015:13:13:45 -0500] "GET /galeria/nivo-slider/demo/images/ecolecta-Dic2014.png HTTP/1.1" 200 288593
161.10.111.50 - - [12/Jan/2015:13:13:45 -0500] "GET /galeria/nivo-slider/demo/images/porloshumedales.jpg HTTP/1.1" 200 351238
161.10.111.50 - - [12/Jan/2015:13:13:45 -0500] "GET /galeria/nivo-slider/demo/images/Tingua-azul.jpg HTTP/1.1" 200 307638
161.10.111.50 - - [12/Jan/2015:13:13:45 -0500] "GET /galeria/nivo-slider/demo/images/Banner-Caracol-Africano.jpg HTTP/1.1" 200 331986
161.10.111.50 - - [12/Jan/2015:13:13:45 -0500] "GET /galeria/nivo-slider/demo/images/banner-redes.jpg HTTP/1.1" 200 62209
161.10.111.50 - - [12/Jan/2015:13:13:46 -0500] "GET /galeria/nivo-slider/demo/images/9Signos.jpg HTTP/1.1" 200 93040
161.10.111.50 - - [12/Jan/2015:13:13:46 -0500] "GET /galeria/nivo-slider/demo/images/banner-llantas2.jpg HTTP/1.1" 200 73153
161.10.111.50 - - [12/Jan/2015:13:13:46 -0500] "GET /galeria/nivo-slider/demo/images/banner-caballos.png HTTP/1.1" 200 389106
161.10.111.50 - - [12/Jan/2015:13:13:47 -0500] "GET /galeria/nivo-slider/demo/scripts/jquery-1.7.1.min.js HTTP/1.1" 200 93868
161.10.111.50 - - [12/Jan/2015:13:13:47 -0500] "GET /galeria/nivo-slider/jquery.nivo.slider.pack.js HTTP/1.1" 200 11561
161.10.111.50 - - [12/Jan/2015:13:13:47 -0500] "GET /galeria/nivo-slider/demo/images/4Simple_Slider.png HTTP/1.1" 200 11722
161.10.111.50 - - [12/Jan/2015:13:13:47 -0500] "GET /galeria/nivo-slider/themes/default/loading.gif HTTP/1.1" 200 1737
161.10.111.50 - - [12/Jan/2015:13:13:48 -0500] "GET /galeria/nivo-slider/themes/default/arrows.png HTTP/1.1" 200 824
161.10.111.50 - - [12/Jan/2015:13:13:48 -0500] "GET /galeria/nivo-slider/themes/default/bullets.png HTTP/1.1" 200 1281
74.86.158.107 - - [12/Jan/2015:13:13:51 -0500] "HEAD / HTTP/1.1" 302 -
66.249.67.75 - - [12/Jan/2015:13:13:57 -0500] "GET /BLA/resoluciones/AUTOS%202013/0341.pdf HTTP/1.1" 304 -
186.84.44.58 - - [12/Jan/2015:13:14:13 -0500] "POST /forms/lservlet;jsessionid=ac16012b30d5119b3910b34c44c69c548c7d89a14328.e3iSbxaKaheRe34SahiRb30Pchr0n6jAmljGr5XDqQLvpAe HTTP/1.1" 200 2
186.84.40.34 - - [12/Jan/2015:13:14:24 -0500] "POST /forms/lservlet;jsessionid=ac16012b30d5b930346dabb54c25a2d5a04463a31c2d.e3iSbxaKaheRe34SahiRb30Pchr0n6jAmljGr5XDqQLvpAe HTTP/1.1" 200 2
66.249.67.75 - - [12/Jan/2015:13:14:26 -0500] "GET /BLA/resoluciones/AUTOS%202007/1619.pdf HTTP/1.1" 304 -
190.156.91.79 - - [12/Jan/2015:13:14:35 -0500] "POST /forms/lservlet;jsessionid=ac16012b30d5b9c7596d463549dcbb039173fc01d604.e3iSbxaKaheRe34SahiRb30Pchr0n6jAmljGr5XDqQLvpAe HTTP/1.1" 200 2
186.29.203.131 - - [12/Jan/2015:13:14:53 -0500] "POST /forms/lservlet;jsessionid=ac16012b30d5b10e4f29f1924fbb8a83aef930aaa7e9.e3iSbxaKaheRe34SahiRb30Pchr0n6jAmljGr5XDqQLvpAe HTTP/1.1" 200 2
66.249.67.83 - - [12/Jan/2015:13:14:55 -0500] "GET /BLA/resoluciones/RESOLUCIONES%202010/6340.pdf HTTP/1.1" 304 -
207.46.13.113 - - [12/Jan/2015:13:14:58 -0500] "GET /BLA/resoluciones/RESOLUCIONES%202009/1311.pdf HTTP/1.1" 200 61165
188.165.15.44 - - [12/Jan/2015:13:15:04 -0500] "GET /BLA/resoluciones/RESOLUCIONES%202006/RES%202006%20101-150/00000116.tif HTTP/1.1" 200 95858
181.54.57.138 - - [12/Jan/2015:13:15:16 -0500] "POST /forms/lservlet;jsessionid=ac16012b30d518dc48088278406b9308a8e4830b90f8.e3iSbxaKaheRe34SahiRb30Pchr0n6jAmljGr5XDqQLvpAe HTTP/1.1" 200 2
66.249.67.75 - - [12/Jan/2015:13:15:24 -0500] "GET /BLA/resoluciones/RESOLUCIONES%202012/0295.pdf HTTP/1.1" 304 -
200.31.93.140 - - [12/Jan/2015:13:15:49 -0500] "GET /BLA/boletinlegal/js/jquery.scrollShow.js HTTP/1.1" 200 4586
200.31.93.140 - - [12/Jan/2015:13:15:49 -0500] "GET /BLA/boletinlegal/js/jquery.js HTTP/1.1" 304 -
200.31.93.140 - - [12/Jan/2015:13:15:49 -0500] "GET /BLA/boletinlegal/js/jquery.scrollTo-min.js HTTP/1.1" 304 -
66.249.67.75 - - [12/Jan/2015:13:15:52 -0500] "GET /BLA/resoluciones/RESOLUCIONES%202009/3787.pdf HTTP/1.1" 304 -
200.31.93.140 - - [12/Jan/2015:13:15:54 -0500] "GET /galeria/carrusel/Carrusel/jquery-ui-1.8.13.custom.min.js HTTP/1.1" 304 -
200.31.93.140 - - [12/Jan/2015:13:15:54 -0500] "GET /galeria/carrusel/Carrusel/jquery.thumbnailScroller.css HTTP/1.1" 304 -
200.31.93.140 - - [12/Jan/2015:13:15:54 -0500] "GET /galeria/carrusel/Carrusel/jquery.thumbnailScroller.js HTTP/1.1" 304 -
200.31.93.140 - - [12/Jan/2015:13:15:57 -0500] "GET /galeria/nivo-slider/demo/demo.html HTTP/1.1" 200 3150
200.31.93.140 - - [12/Jan/2015:13:15:57 -0500] "GET /galeria/nivo-slider/themes/default/default.css HTTP/1.1" 304 -
200.31.93.140 - - [12/Jan/2015:13:15:57 -0500] "GET /galeria/nivo-slider/themes/pascal/pascal.css HTTP/1.1" 304 -
200.31.93.140 - - [12/Jan/2015:13:15:57 -0500] "GET /galeria/nivo-slider/themes/orman/orman.css HTTP/1.1" 304 -
200.31.93.140 - - [12/Jan/2015:13:15:57 -0500] "GET /galeria/nivo-slider/jquery.nivo.slider.pack.js HTTP/1.1" 304 -
200.31.93.140 - - [12/Jan/2015:13:15:57 -0500] "GET /galeria/nivo-slider/demo/images/bolsas-08.jpg HTTP/1.1" 200 85589
200.31.93.140 - - [12/Jan/2015:13:15:57 -0500] "GET /galeria/nivo-slider/demo/images/Ruta-vertimientos-01.jpg HTTP/1.1" 200 130151
200.31.93.140 - - [12/Jan/2015:13:15:57 -0500] "GET /galeria/nivo-slider/demo/scripts/jquery-1.7.1.min.js HTTP/1.1" 304 -
200.31.93.140 - - [12/Jan/2015:13:15:57 -0500] "GET /galeria/nivo-slider/nivo-slider.css HTTP/1.1" 304 -
200.31.93.140 - - [12/Jan/2015:13:15:57 -0500] "GET /galeria/nivo-slider/demo/style.css HTTP/1.1" 200 2222
200.31.93.140 - - [12/Jan/2015:13:15:57 -0500] "GET /galeria/nivo-slider/demo/images/bolsas-06.jpg HTTP/1.1" 200 90982
200.31.93.140 - - [12/Jan/2015:13:15:57 -0500] "GET /galeria/nivo-slider/demo/images/ecolecta-Dic2014.png HTTP/1.1" 200 288593
200.31.93.140 - - [12/Jan/2015:13:15:57 -0500] "GET /galeria/nivo-slider/demo/images/porloshumedales.jpg HTTP/1.1" 304 -
200.31.93.140 - - [12/Jan/2015:13:15:57 -0500] "GET /galeria/nivo-slider/demo/images/Tingua-azul.jpg HTTP/1.1" 304 -
200.31.93.140 - - [12/Jan/2015:13:15:57 -0500] "GET /galeria/nivo-slider/demo/images/4Simple_Slider.png HTTP/1.1" 304 -
200.31.93.140 - - [12/Jan/2015:13:15:57 -0500] "GET /galeria/nivo-slider/themes/default/loading.gif HTTP/1.1" 304 -
200.31.93.140 - - [12/Jan/2015:13:15:57 -0500] "GET /galeria/nivo-slider/demo/images/Banner-Caracol-Africano.jpg HTTP/1.1" 304 -
200.31.93.140 - - [12/Jan/2015:13:15:57 -0500] "GET /galeria/nivo-slider/demo/images/banner-redes.jpg HTTP/1.1" 304 -
200.31.93.140 - - [12/Jan/2015:13:15:57 -0500] "GET /galeria/nivo-slider/demo/images/9Signos.jpg HTTP/1.1" 304 -
200.31.93.140 - - [12/Jan/2015:13:15:57 -0500] "GET /galeria/nivo-slider/demo/images/banner-llantas2.jpg HTTP/1.1" 200 73153
200.31.93.140 - - [12/Jan/2015:13:15:57 -0500] "GET /galeria/nivo-slider/demo/images/banner-caballos.png HTTP/1.1" 304 -
200.31.93.140 - - [12/Jan/2015:13:15:58 -0500] "GET /galeria/nivo-slider/themes/default/bullets.png HTTP/1.1" 304 -
200.31.93.140 - - [12/Jan/2015:13:15:58 -0500] "GET /galeria/nivo-slider/themes/default/arrows.png HTTP/1.1" 304 -
66.249.67.83 - - [12/Jan/2015:13:16:05 -0500] "GET /BLA/resoluciones/RESOLUCIONES%202009/0584.pdf HTTP/1.1" 200 334633
186.84.44.58 - - [12/Jan/2015:13:16:13 -0500] "POST /forms/lservlet;jsessionid=ac16012b30d5119b3910b34c44c69c548c7d89a14328.e3iSbxaKaheRe34SahiRb30Pchr0n6jAmljGr5XDqQLvpAe HTTP/1.1" 200 2
186.119.216.77 - - [12/Jan/2015:13:16:20 -0500] "GET /forest/session.jsp?a=0.4228072961461029 HTTP/1.1" 200 4
66.249.67.75 - - [12/Jan/2015:13:16:21 -0500] "GET /BLA/resoluciones/RESOLUCIONES%202010/7471.pdf HTTP/1.1" 304 -
186.84.40.34 - - [12/Jan/2015:13:16:24 -0500] "POST /forms/lservlet;jsessionid=ac16012b30d5b930346dabb54c25a2d5a04463a31c2d.e3iSbxaKaheRe34SahiRb30Pchr0n6jAmljGr5XDqQLvpAe HTTP/1.1" 200 2
190.156.91.79 - - [12/Jan/2015:13:16:35 -0500] "POST /forms/lservlet;jsessionid=ac16012b30d5b9c7596d463549dcbb039173fc01d604.e3iSbxaKaheRe34SahiRb30Pchr0n6jAmljGr5XDqQLvpAe HTTP/1.1" 200 2
200.116.123.223 - - [12/Jan/2015:13:16:43 -0500] "GET /videos/galeria-fotografica/index19.html? HTTP/1.1" 200 1972
200.116.123.223 - - [12/Jan/2015:13:16:43 -0500] "GET /videos/galeria-fotografica/js/jquery-flickr-gallery/jquery-flickr.css HTTP/1.1" 200 711
