186.29.203.131 - - [12/Jan/2015:12:40:30 -0500] "POST /forest/misactividades.do?ajax=true&a=0.2956076709087938 HTTP/1.1" 200 4716
190.156.91.79 - - [12/Jan/2015:12:40:30 -0500] "POST /forms/lservlet;jsessionid=ac16012b30d5b9c7596d463549dcbb039173fc01d604.e3iSbxaKaheRe34SahiRb30Pchr0n6jAmljGr5XDqQLvpAe HTTP/1.1" 200 2
141.0.8.140 - - [12/Jan/2015:12:40:34 -0500] "GET /galeria/nivo-slider/nivo-slider.css HTTP/1.1" 200 1507
141.0.8.140 - - [12/Jan/2015:12:40:34 -0500] "GET /galeria/nivo-slider/themes/pascal/pascal.css HTTP/1.1" 200 2258
141.0.8.140 - - [12/Jan/2015:12:40:34 -0500] "GET /galeria/nivo-slider/demo/scripts/jquery-1.7.1.min.js HTTP/1.1" 200 93868
141.0.8.140 - - [12/Jan/2015:12:40:34 -0500] "GET /galeria/nivo-slider/themes/orman/orman.css HTTP/1.1" 200 2152
141.0.8.140 - - [12/Jan/2015:12:40:34 -0500] "GET /galeria/nivo-slider/demo/style.css HTTP/1.1" 200 2222
141.0.8.140 - - [12/Jan/2015:12:40:34 -0500] "GET /galeria/nivo-slider/jquery.nivo.slider.pack.js HTTP/1.1" 200 11561
141.0.8.140 - - [12/Jan/2015:12:40:36 -0500] "GET /galeria/nivo-slider/themes/default/default.css HTTP/1.1" 200 1569
186.29.203.131 - - [12/Jan/2015:12:40:35 -0500] "GET /forest/usutareas.do?_a=0.6244673766195774&group_system_actual=3 HTTP/1.1" 200 120886
186.29.203.131 - - [12/Jan/2015:12:40:36 -0500] "GET /forest/session.jsp?a=0.665729045169428 HTTP/1.1" 200 4
66.249.67.75 - - [12/Jan/2015:12:40:39 -0500] "GET /BLA/resoluciones/RESOLUCIONES%202007/RES%202007%203501%20AL%203600/RESOLUCION%203504%20DE%202007.pdf HTTP/1.1" 200 371810
157.55.39.38 - - [12/Jan/2015:12:40:48 -0500] "GET /dama/libreria/pdf/pigas/PIGA_JB/ANEXO19.pdf HTTP/1.1" 404 1015
186.29.203.131 - - [12/Jan/2015:12:40:50 -0500] "POST /forms/lservlet;jsessionid=ac16012b30d5b10e4f29f1924fbb8a83aef930aaa7e9.e3iSbxaKaheRe34SahiRb30Pchr0n6jAmljGr5XDqQLvpAe HTTP/1.1" 200 2
141.0.8.140 - - [12/Jan/2015:12:40:51 -0500] "GET /galeria/nivo-slider/demo/images/4Simple_Slider.png HTTP/1.1" 200 11722
66.249.67.83 - - [12/Jan/2015:12:40:53 -0500] "GET /BLA/resoluciones/RESOLUCIONES%202011/1332.pdf HTTP/1.1" 200 77187
141.0.8.140 - - [12/Jan/2015:12:40:54 -0500] "GET /galeria/nivo-slider/themes/default/loading.gif HTTP/1.1" 200 1737
141.0.8.140 - - [12/Jan/2015:12:40:55 -0500] "GET /galeria/nivo-slider/demo/images/bolsas-08.jpg HTTP/1.1" 200 85589
141.0.8.140 - - [12/Jan/2015:12:40:57 -0500] "GET /galeria/nivo-slider/demo/images/Ruta-vertimientos-01.jpg HTTP/1.1" 200 130151
66.249.67.67 - - [12/Jan/2015:12:41:05 -0500] "GET /BLA/resoluciones/AUTOS%202006/AUTOS%202006%201701%20-%201800/00001778.tif HTTP/1.1" 200 216326
66.249.67.67 - - [12/Jan/2015:12:41:07 -0500] "GET /BLA/resoluciones/RESOLUCIONES%202010/0431.pdf HTTP/1.1" 200 182543
186.29.203.131 - - [12/Jan/2015:12:41:09 -0500] "GET /forest/misactividades.do?_a=0.99413225450553&group_system_actual=3 HTTP/1.1" 200 37561
186.29.203.131 - - [12/Jan/2015:12:41:10 -0500] "GET /forest/session.jsp?a=0.4985739067196846 HTTP/1.1" 200 4
186.29.203.131 - - [12/Jan/2015:12:41:10 -0500] "POST /forest/misactividades.do?ajax=true&a=0.758328195894137 HTTP/1.1" 200 4711
66.249.67.83 - - [12/Jan/2015:12:41:22 -0500] "GET /BLA/resoluciones/RESOLUCIONES%202010/2100.pdf HTTP/1.1" 304 -
66.249.67.75 - - [12/Jan/2015:12:41:36 -0500] "GET /BLA/resoluciones/RESOLUCIONES%202010/4075.pdf HTTP/1.1" 200 439408
188.165.15.21 - - [12/Jan/2015:12:41:37 -0500] "GET /BLA/resoluciones/RESOLUCIONES%202004/RES%202004%20551-600/00000553.tif HTTP/1.1" 200 120696
66.249.67.67 - - [12/Jan/2015:12:41:50 -0500] "GET /BLA/resoluciones/RESOLUCIONES%202004/RES%202004%20201-250/00000221.tif HTTP/1.1" 200 130806
66.249.67.83 - - [12/Jan/2015:12:41:51 -0500] "GET /BLA/resoluciones/RESOLUCIONES%202010/3109.pdf HTTP/1.1" 304 -
186.84.44.58 - - [12/Jan/2015:12:42:12 -0500] "POST /forms/lservlet;jsessionid=ac16012b30d5119b3910b34c44c69c548c7d89a14328.e3iSbxaKaheRe34SahiRb30Pchr0n6jAmljGr5XDqQLvpAe HTTP/1.1" 200 2
186.84.40.34 - - [12/Jan/2015:12:42:16 -0500] "POST /forms/lservlet;jsessionid=ac16012b30d5b930346dabb54c25a2d5a04463a31c2d.e3iSbxaKaheRe34SahiRb30Pchr0n6jAmljGr5XDqQLvpAe HTTP/1.1" 200 2
66.249.67.75 - - [12/Jan/2015:12:42:19 -0500] "GET /BLA/resoluciones/RESOLUCIONES%202007/RES%202007%201901%20AL%202000/RESOLUCION%201930%20DE%202007.pdf HTTP/1.1" 304 -
186.114.160.194 - - [12/Jan/2015:12:42:24 -0500] "GET /BLA/boletinlegal/js/jquery.scrollTo-min.js HTTP/1.1" 200 1150
186.114.160.194 - - [12/Jan/2015:12:42:24 -0500] "GET /BLA/boletinlegal/js/jquery.js HTTP/1.1" 200 57254
186.114.160.194 - - [12/Jan/2015:12:42:24 -0500] "GET /BLA/boletinlegal/js/jquery.scrollShow.js HTTP/1.1" 200 4586
190.156.91.79 - - [12/Jan/2015:12:42:31 -0500] "POST /forms/lservlet;jsessionid=ac16012b30d5b9c7596d463549dcbb039173fc01d604.e3iSbxaKaheRe34SahiRb30Pchr0n6jAmljGr5XDqQLvpAe HTTP/1.1" 200 2
180.76.6.45 - - [12/Jan/2015:12:42:38 -0500] "GET /BLA/resoluciones/RESOLUCIONES%202013/1123.pdf HTTP/1.1" 200 741396
186.29.203.131 - - [12/Jan/2015:12:36:42 -0500] "GET /ForestMSG_SDA/channelAsync/template_word_17263822?X-Atmosphere-tracking-id=04c8822f-5e24-cbf0-f02f-43ab53c3e4c1&X-Atmosphere-Framework=1.0.5&X-Atmosphere-Transport=long-polling&tabid=0.8181926470715553&X-Cache-Date=0&Content-Type=application/xml&_=1421084408143 HTTP/1.1" 200 8193
66.249.67.67 - - [12/Jan/2015:12:42:48 -0500] "GET /BLA/resoluciones/RESOLUCIONES%202008/1007.pdf HTTP/1.1" 200 183015
186.29.203.131 - - [12/Jan/2015:12:42:51 -0500] "POST /forms/lservlet;jsessionid=ac16012b30d5b10e4f29f1924fbb8a83aef930aaa7e9.e3iSbxaKaheRe34SahiRb30Pchr0n6jAmljGr5XDqQLvpAe HTTP/1.1" 200 2
186.29.203.131 - - [12/Jan/2015:12:43:07 -0500] "GET /forest/skins/gdocs-jar/popup/popup.jsp?width=1100&height=500&title=Buscar%20documentos&uri=/forest/buscar.do%3Ftype%3Ddocumentos&name=undefined&_a=0.8238168626558036&a=0.6324102408252656 HTTP/1.1" 200 1300
186.29.203.131 - - [12/Jan/2015:12:43:07 -0500] "GET /forest/buscar.do?type=documentos HTTP/1.1" 200 84426
186.29.203.131 - - [12/Jan/2015:12:43:09 -0500] "GET /forest/json.do?query=usersByDep&coddep=2013 HTTP/1.1" 200 5817
186.29.203.131 - - [12/Jan/2015:12:43:09 -0500] "GET /forest/json.do?query=versionListadas HTTP/1.1" 200 15
186.29.203.131 - - [12/Jan/2015:12:43:09 -0500] "GET /forest/json.do?query=usersByDep&coddep=2013 HTTP/1.1" 200 5817
186.29.203.131 - - [12/Jan/2015:12:43:09 -0500] "GET /forest/json.do?query=procesIniciales HTTP/1.1" 200 10001
66.249.67.111 - - [12/Jan/2015:12:43:17 -0500] "GET /POT-2013/index.php?dir=Cartografia%2F HTTP/1.1" 200 11465
186.29.203.131 - - [12/Jan/2015:12:43:19 -0500] "POST /forest/buscar.do? HTTP/1.1" 200 5999
207.46.13.113 - - [12/Jan/2015:12:43:44 -0500] "GET /BLA/resoluciones/AUTOS%202012/1770.pdf HTTP/1.1" 200 336414
66.249.67.67 - - [12/Jan/2015:12:43:46 -0500] "GET /BLA/resoluciones/RESOLUCIONES%202008/5288.pdf HTTP/1.1" 200 258527
74.86.158.107 - - [12/Jan/2015:12:43:51 -0500] "HEAD / HTTP/1.1" 302 -
186.29.203.131 - - [12/Jan/2015:12:43:56 -0500] "GET /forest/skins/gdocs-jar/popup/popup.jsp?width=900&height=600&title=Informaci%F3n%20de%20proceso&uri=/forest/system/process.jsp%3FnumPro%3D2985676&name=undefined&_a=0.08426956739276648&a=0.8416534170974046 HTTP/1.1" 200 1312
186.29.203.131 - - [12/Jan/2015:12:43:56 -0500] "GET /forest/system/process.jsp?numPro=2985676 HTTP/1.1" 200 43288
186.29.203.131 - - [12/Jan/2015:12:43:56 -0500] "GET /forest/system/process.jsp?numPro=2985676 HTTP/1.1" 200 43288
186.29.203.131 - - [12/Jan/2015:12:43:59 -0500] "GET /forest/skins/gdocs-jar/popup/popup.jsp?width=500&height=350&title=Informaci%F3n%20del%20borrador&uri=/forest/system/borrador.jsp%3FcodBorr%3D536671&name=undefined&_a=0.3895496816840023&a=0.32880719914101064 HTTP/1.1" 200 1315
186.29.203.131 - - [12/Jan/2015:12:43:59 -0500] "GET /forest/system/borrador.jsp?codBorr=536671 HTTP/1.1" 200 7063
186.29.203.131 - - [12/Jan/2015:12:44:06 -0500] "GET /forest/skins/gdocs-jar/popup/FileViewerTree.jsp?coddoc=1985732&ext=xls&numpro=2985676&nombre=SIRE%202744943.xls&codfile=-1&rootPath=/forest/ HTTP/1.1" 200 5345
186.29.203.131 - - [12/Jan/2015:12:44:07 -0500] "GET /forest/img/dtree/visor/excel.png HTTP/1.1" 200 54596
186.29.203.131 - - [12/Jan/2015:12:44:07 -0500] "GET /forest/visualizar.do?codDoc=1985732&ext=xls&codfile=-1&iscodfile=false&nombre=SIRE%202744943.xls HTTP/1.1" 200 239732
157.55.39.23 - - [12/Jan/2015:12:44:09 -0500] "GET /BLA/resoluciones/AUTOS%202009/1356.pdf HTTP/1.1" 200 179110
186.84.44.58 - - [12/Jan/2015:12:44:12 -0500] "POST /forms/lservlet;jsessionid=ac16012b30d5119b3910b34c44c69c548c7d89a14328.e3iSbxaKaheRe34SahiRb30Pchr0n6jAmljGr5XDqQLvpAe HTTP/1.1" 200 2
66.249.67.83 - - [12/Jan/2015:12:44:14 -0500] "GET /BLA/resoluciones/RESOLUCIONES%202008/2731.pdf HTTP/1.1" 200 88809
186.84.40.34 - - [12/Jan/2015:12:44:16 -0500] "POST /forms/lservlet;jsessionid=ac16012b30d5b930346dabb54c25a2d5a04463a31c2d.e3iSbxaKaheRe34SahiRb30Pchr0n6jAmljGr5XDqQLvpAe HTTP/1.1" 200 2
186.29.203.131 - - [12/Jan/2015:12:44:18 -0500] "GET /forest/skins/gdocs-jar/popup/popup.jsp?width=500&height=350&title=Informaci%F3n%20del%20borrador&uri=/forest/system/borrador.jsp%3FcodBorr%3D536671&name=undefined&_a=0.2049963166937232&a=0.8113129250705242 HTTP/1.1" 200 1315
186.29.203.131 - - [12/Jan/2015:12:44:18 -0500] "GET /forest/system/borrador.jsp?codBorr=536671 HTTP/1.1" 200 7063
186.29.203.131 - - [12/Jan/2015:12:44:18 -0500] "GET /forest/system/borrador.jsp?codBorr=536671 HTTP/1.1" 200 7063
186.29.203.131 - - [12/Jan/2015:12:44:21 -0500] "GET /forest/skins/gdocs-jar/popup/popup.jsp?width=360&height=250&title=Informaci%F3n%20del%20funcionario&uri=/forest/system/usuario.jsp%3FcodFun%3DHECTOR.MORENO&name=undefined&_a=0.12139534414745867&a=0.2699666025582701 HTTP/1.1" 200 1323
186.29.203.131 - - [12/Jan/2015:12:44:21 -0500] "GET /forest/system/usuario.jsp?codFun=HECTOR.MORENO HTTP/1.1" 200 1532
186.29.203.131 - - [12/Jan/2015:12:44:21 -0500] "GET /forest/system/usuario.jsp?codFun=HECTOR.MORENO HTTP/1.1" 200 1532
66.249.67.83 - - [12/Jan/2015:12:44:22 -0500] "GET /BLA/resoluciones/AUTOS%202006/AUTOS%202006%203301%20-%203418/00003407.tif HTTP/1.1" 200 56104
180.76.5.67 - - [12/Jan/2015:12:44:26 -0500] "GET /BLA/boletinlegal;jsessionid=9A01172F7C4CE4A70C451B3DD0D7E91E?/? HTTP/1.1" 404 1018
190.156.91.79 - - [12/Jan/2015:12:44:31 -0500] "POST /forms/lservlet;jsessionid=ac16012b30d5b9c7596d463549dcbb039173fc01d604.e3iSbxaKaheRe34SahiRb30Pchr0n6jAmljGr5XDqQLvpAe HTTP/1.1" 200 2
66.249.67.83 - - [12/Jan/2015:12:44:43 -0500] "GET /BLA/resoluciones/RESOLUCIONES%202008/1248.pdf HTTP/1.1" 200 293203
186.29.203.131 - - [12/Jan/2015:12:44:51 -0500] "POST /forms/lservlet;jsessionid=ac16012b30d5b10e4f29f1924fbb8a83aef930aaa7e9.e3iSbxaKaheRe34SahiRb30Pchr0n6jAmljGr5XDqQLvpAe HTTP/1.1" 200 2
66.249.67.67 - - [12/Jan/2015:12:45:12 -0500] "GET /BLA/resoluciones/RESOLUCIONES%202008/1944.pdf HTTP/1.1" 200 641760
66.249.67.83 - - [12/Jan/2015:12:45:41 -0500] "GET /BLA/resoluciones/AUTOS%202007/2692.pdf HTTP/1.1" 304 -
188.165.15.66 - - [12/Jan/2015:12:45:43 -0500] "GET /BLA/resoluciones/RESOLUCIONES%202004/RES%202004%202301-2350/00002313.tif HTTP/1.1" 200 148590
190.253.244.178 - - [12/Jan/2015:12:45:55 -0500] "GET /BLA/boletinlegal/js/jquery.js HTTP/1.1" 200 57254
190.253.244.178 - - [12/Jan/2015:12:45:55 -0500] "GET /BLA/boletinlegal/js/jquery.scrollTo-min.js HTTP/1.1" 200 1150
190.253.244.178 - - [12/Jan/2015:12:45:55 -0500] "GET /BLA/boletinlegal/js/jquery.scrollShow.js HTTP/1.1" 200 4586
207.46.13.133 - - [12/Jan/2015:12:45:56 -0500] "GET /BLA/resoluciones/AUTOS%202012/2618.pdf HTTP/1.1" 200 336333
207.46.13.133 - - [12/Jan/2015:12:45:59 -0500] "GET /bla/resoluciones/resoluciones%202009/7242.pdf HTTP/1.1" 200 123110
66.249.67.83 - - [12/Jan/2015:12:46:09 -0500] "GET /BLA/resoluciones/AUTOS%202007/2968.pdf HTTP/1.1" 200 132434
186.29.203.131 - - [12/Jan/2015:12:46:10 -0500] "GET /forest/session.jsp?a=0.9854549719020724 HTTP/1.1" 200 4
186.84.44.58 - - [12/Jan/2015:12:46:12 -0500] "POST /forms/lservlet;jsessionid=ac16012b30d5119b3910b34c44c69c548c7d89a14328.e3iSbxaKaheRe34SahiRb30Pchr0n6jAmljGr5XDqQLvpAe HTTP/1.1" 200 2
186.84.40.34 - - [12/Jan/2015:12:46:19 -0500] "POST /forms/lservlet;jsessionid=ac16012b30d5b930346dabb54c25a2d5a04463a31c2d.e3iSbxaKaheRe34SahiRb30Pchr0n6jAmljGr5XDqQLvpAe HTTP/1.1" 200 2
188.165.15.15 - - [12/Jan/2015:12:46:25 -0500] "GET /BLA/resoluciones/RESOLUCIONES%202003/RES%202003%201101-1150/1101.tif HTTP/1.1" 200 141388
190.156.91.79 - - [12/Jan/2015:12:46:31 -0500] "POST /forms/lservlet;jsessionid=ac16012b30d5b9c7596d463549dcbb039173fc01d604.e3iSbxaKaheRe34SahiRb30Pchr0n6jAmljGr5XDqQLvpAe HTTP/1.1" 200 2
66.249.67.75 - - [12/Jan/2015:12:46:38 -0500] "GET /BLA/resoluciones/RESOLUCIONES%202008/4021.pdf HTTP/1.1" 200 371903
186.29.203.131 - - [12/Jan/2015:12:46:51 -0500] "POST /forms/lservlet;jsessionid=ac16012b30d5b10e4f29f1924fbb8a83aef930aaa7e9.e3iSbxaKaheRe34SahiRb30Pchr0n6jAmljGr5XDqQLvpAe HTTP/1.1" 200 2
207.46.13.113 - - [12/Jan/2015:12:47:00 -0500] "GET /bla/resoluciones/autos%202010/0380.pdf HTTP/1.1" 200 181051
66.249.67.111 - - [12/Jan/2015:12:47:07 -0500] "GET /PruebasSTORM/StormSDA_pruebas/userFiles/user_files/formulas/3/497.xml HTTP/1.1" 200 969
66.249.67.67 - - [12/Jan/2015:12:47:36 -0500] "GET /BLA/resoluciones/RESOLUCIONES%202009/4305.pdf HTTP/1.1" 200 652767
188.165.15.138 - - [12/Jan/2015:12:48:04 -0500] "GET /BLA/resoluciones/RESOLUCIONES%202004/RES%202004%20501-550/00000530.tif HTTP/1.1" 200 184804
66.249.67.75 - - [12/Jan/2015:12:48:04 -0500] "GET /BLA/resoluciones/RESOLUCIONES%202010/6318.pdf HTTP/1.1" 200 2497748
186.84.44.58 - - [12/Jan/2015:12:48:12 -0500] "POST /forms/lservlet;jsessionid=ac16012b30d5119b3910b34c44c69c548c7d89a14328.e3iSbxaKaheRe34SahiRb30Pchr0n6jAmljGr5XDqQLvpAe HTTP/1.1" 200 2
186.84.40.34 - - [12/Jan/2015:12:48:19 -0500] "POST /forms/lservlet;jsessionid=ac16012b30d5b930346dabb54c25a2d5a04463a31c2d.e3iSbxaKaheRe34SahiRb30Pchr0n6jAmljGr5XDqQLvpAe HTTP/1.1" 200 2
188.165.15.239 - - [12/Jan/2015:12:48:21 -0500] "GET /BLA/resoluciones/index.php?dir=RESOLUCIONES%202004/RES%202004%201351-1400/&sort=name&order=asc HTTP/1.1" 200 12359
190.156.91.79 - - [12/Jan/2015:12:48:31 -0500] "POST /forms/lservlet;jsessionid=ac16012b30d5b9c7596d463549dcbb039173fc01d604.e3iSbxaKaheRe34SahiRb30Pchr0n6jAmljGr5XDqQLvpAe HTTP/1.1" 200 2
66.249.67.83 - - [12/Jan/2015:12:48:33 -0500] "GET /BLA/resoluciones/RESOLUCIONES%202008/1013.pdf HTTP/1.1" 200 187644
186.29.203.131 - - [12/Jan/2015:12:48:51 -0500] "POST /forms/lservlet;jsessionid=ac16012b30d5b10e4f29f1924fbb8a83aef930aaa7e9.e3iSbxaKaheRe34SahiRb30Pchr0n6jAmljGr5XDqQLvpAe HTTP/1.1" 200 2
74.86.158.107 - - [12/Jan/2015:12:48:51 -0500] "HEAD / HTTP/1.1" 302 -
157.92.4.72 - - [12/Jan/2015:12:49:00 -0500] "GET /galeria/carrusel/Carrusel/jquery.thumbnailScroller.css HTTP/1.1" 200 2066
157.92.4.76 - - [12/Jan/2015:12:49:00 -0500] "GET /BLA/boletinlegal/js/jquery.scrollTo-min.js HTTP/1.1" 200 1150
157.92.4.4 - - [12/Jan/2015:12:49:00 -0500] "GET /BLA/boletinlegal/js/jquery.js HTTP/1.1" 200 57254
157.92.4.75 - - [12/Jan/2015:12:49:00 -0500] "GET /BLA/boletinlegal/js/jquery.scrollShow.js HTTP/1.1" 200 4586
157.92.4.71 - - [12/Jan/2015:12:49:00 -0500] "GET /galeria/carrusel/Carrusel/jquery-ui-1.8.13.custom.min.js HTTP/1.1" 200 10800
157.92.4.6 - - [12/Jan/2015:12:49:00 -0500] "GET /galeria/carrusel/Carrusel/jquery.thumbnailScroller.js HTTP/1.1" 200 8157
66.249.67.83 - - [12/Jan/2015:12:49:02 -0500] "GET /BLA/resoluciones/RESOLUCIONES%202008/0516.pdf HTTP/1.1" 200 154075
186.29.203.131 - - [12/Jan/2015:12:49:15 -0500] "GET /forest/usutareas.do?_a=0.07731077168136835&group_system_actual=3 HTTP/1.1" 200 100369
186.29.203.131 - - [12/Jan/2015:12:49:16 -0500] "GET /forest/session.jsp?a=0.15500078885816038 HTTP/1.1" 200 4
186.29.203.131 - - [12/Jan/2015:12:49:16 -0500] "GET /forest/actions/forms.getList?codForm=primerasactividades&id=tipo_solicitud591 HTTP/1.1" 200 79
186.29.203.131 - - [12/Jan/2015:12:49:21 -0500] "GET /forest/actions/forms.getList?codForm=primerasactividades&id=funcionariodest27&text=M HTTP/1.1" 200 1130
186.29.203.131 - - [12/Jan/2015:12:49:21 -0500] "GET /forest/actions/forms.getList?codForm=primerasactividades&id=funcionariodest27&text=MA HTTP/1.1" 200 1121
186.29.203.131 - - [12/Jan/2015:12:49:22 -0500] "GET /forest/actions/forms.getList?codForm=primerasactividades&id=funcionariodest27&text=MAR HTTP/1.1" 200 1143
186.29.203.131 - - [12/Jan/2015:12:49:22 -0500] "GET /forest/actions/forms.getList?codForm=primerasactividades&id=funcionariodest27&text=MARI HTTP/1.1" 200 1083
186.29.203.131 - - [12/Jan/2015:12:49:22 -0500] "GET /forest/actions/forms.getList?codForm=primerasactividades&id=funcionariodest27&text=MARIA HTTP/1.1" 200 1088
186.29.203.131 - - [12/Jan/2015:12:49:22 -0500] "GET /forest/actions/forms.getList?codForm=primerasactividades&id=funcionariodest27&text=MARIA%20 HTTP/1.1" 200 1097
186.29.203.131 - - [12/Jan/2015:12:49:22 -0500] "GET /forest/actions/forms.getList?codForm=primerasactividades&id=funcionariodest27&text=MARIA%20C HTTP/1.1" 200 1167
186.29.203.131 - - [12/Jan/2015:12:49:22 -0500] "GET /forest/actions/forms.getList?codForm=primerasactividades&id=funcionariodest27&text=MARIA%20CL HTTP/1.1" 200 720
186.29.203.131 - - [12/Jan/2015:12:49:22 -0500] "GET /forest/actions/forms.getList?codForm=primerasactividades&id=funcionariodest27&text=MARIA%20CLA HTTP/1.1" 200 602
186.29.203.131 - - [12/Jan/2015:12:49:22 -0500] "GET /forest/actions/forms.getList?codForm=primerasactividades&id=funcionariodest27&text=MARIA%20CLAU HTTP/1.1" 200 472
186.29.203.131 - - [12/Jan/2015:12:49:25 -0500] "POST /forest/usutareas.do? HTTP/1.1" 200 76
186.29.203.131 - - [12/Jan/2015:12:49:26 -0500] "GET /forest/usutareas.do?group_system_actual=3&a=0.43229728378355503 HTTP/1.1" 200 105344
186.29.203.131 - - [12/Jan/2015:12:49:27 -0500] "GET /forest/session.jsp?a=0.24828608497045934 HTTP/1.1" 200 4
186.29.203.131 - - [12/Jan/2015:12:49:27 -0500] "GET /forest/actions/forms.getMappedValues?id=funcionariodest285&value=MARIA.PENAGOS&codForm=emergencia&a=0.9845003713853657 HTTP/1.1" 200 46
66.249.67.67 - - [12/Jan/2015:12:49:31 -0500] "GET /BLA/resoluciones/RESOLUCIONES%202008/0339.pdf HTTP/1.1" 304 -
157.55.39.23 - - [12/Jan/2015:12:49:41 -0500] "GET /BLA/resoluciones/RESOLUCIONES%202008/1999.pdf HTTP/1.1" 200 234744
180.76.5.188 - - [12/Jan/2015:12:49:49 -0500] "GET /BLA/resoluciones/RESOLUCIONES%202007/RES%202007%203301%20AL%203400/RESOLUCION%203368%20DE%202007.pdf HTTP/1.1" 200 1103500
188.165.15.212 - - [12/Jan/2015:12:49:56 -0500] "GET /BLA/resoluciones/RESOLUCIONES%202004/RES%202004%202301-2350/00002332.tif HTTP/1.1" 200 84088
66.249.67.83 - - [12/Jan/2015:12:49:59 -0500] "GET /BLA/resoluciones/RESOLUCIONES%202011/0820.pdf HTTP/1.1" 200 292276
66.249.67.83 - - [12/Jan/2015:12:50:09 -0500] "GET /galeria/nivo-slider/demo/demo.html HTTP/1.1" 200 3150
186.84.44.58 - - [12/Jan/2015:12:50:13 -0500] "POST /forms/lservlet;jsessionid=ac16012b30d5119b3910b34c44c69c548c7d89a14328.e3iSbxaKaheRe34SahiRb30Pchr0n6jAmljGr5XDqQLvpAe HTTP/1.1" 200 2
186.84.40.34 - - [12/Jan/2015:12:50:19 -0500] "POST /forms/lservlet;jsessionid=ac16012b30d5b930346dabb54c25a2d5a04463a31c2d.e3iSbxaKaheRe34SahiRb30Pchr0n6jAmljGr5XDqQLvpAe HTTP/1.1" 200 2
66.249.67.67 - - [12/Jan/2015:12:50:28 -0500] "GET /BLA/resoluciones/RESOLUCIONES%202009/7920.pdf HTTP/1.1" 304 -
180.76.6.138 - - [12/Jan/2015:12:50:29 -0500] "GET /BLA/resoluciones/index.php?dir=RESOLUCIONES%202002/RES%202002%201501-1550/&sort=name&order=desc HTTP/1.1" 200 12146
190.156.91.79 - - [12/Jan/2015:12:50:31 -0500] "POST /forms/lservlet;jsessionid=ac16012b30d5b9c7596d463549dcbb039173fc01d604.e3iSbxaKaheRe34SahiRb30Pchr0n6jAmljGr5XDqQLvpAe HTTP/1.1" 200 2
186.29.203.131 - - [12/Jan/2015:12:50:51 -0500] "POST /forms/lservlet;jsessionid=ac16012b30d5b10e4f29f1924fbb8a83aef930aaa7e9.e3iSbxaKaheRe34SahiRb30Pchr0n6jAmljGr5XDqQLvpAe HTTP/1.1" 200 2
66.249.67.83 - - [12/Jan/2015:12:50:57 -0500] "GET /BLA/resoluciones/RESOLUCIONES%202010/4734.pdf HTTP/1.1" 200 316743
180.76.6.140 - - [12/Jan/2015:12:51:06 -0500] "GET /BLA/boletinlegal;jsessionid=C543D38F0843C14316642AFA19A13153?/? HTTP/1.1" 404 1018
186.29.203.131 - - [12/Jan/2015:12:51:03 -0500] "POST /forest/actions/forms.sendFile HTTP/1.1" 200 112
186.29.203.131 - - [12/Jan/2015:12:51:09 -0500] "GET /forest/file/3688887 HTTP/1.1" 200 528026
66.249.67.75 - - [12/Jan/2015:12:51:16 -0500] "GET /BLA/boletinlegal/js/jquery.js HTTP/1.1" 200 57254
66.249.67.67 - - [12/Jan/2015:12:51:17 -0500] "GET /BLA/boletinlegal/js/jquery.scrollShow.js HTTP/1.1" 200 4586
66.249.67.75 - - [12/Jan/2015:12:51:17 -0500] "GET /BLA/boletinlegal/js/jquery.scrollTo-min.js HTTP/1.1" 200 1150
186.29.203.131 - - [12/Jan/2015:12:51:17 -0500] "POST /forest/actions/forms.sendFile HTTP/1.1" 200 111
66.249.67.83 - - [12/Jan/2015:12:51:26 -0500] "GET /BLA/resoluciones/RESOLUCIONES%202010/2117.pdf HTTP/1.1" 200 450695
186.29.203.131 - - [12/Jan/2015:12:51:38 -0500] "POST /forest/usutareas.do? HTTP/1.1" 200 76
186.29.203.131 - - [12/Jan/2015:12:51:39 -0500] "GET /forest/usutareas.do?group_system_actual=3&a=0.7841830814722925 HTTP/1.1" 200 112538
186.29.203.131 - - [12/Jan/2015:12:51:40 -0500] "GET /forest/session.jsp?a=0.34619395923800766 HTTP/1.1" 200 4
186.29.203.131 - - [12/Jan/2015:12:51:43 -0500] "GET /forest/skins/gdocs-jar/popup/escritorio/subirborrador.jsp?form=proyinftec&codTpl=&codBorr=538545&a=0.0715708932839334 HTTP/1.1" 200 23292
186.29.203.131 - - [12/Jan/2015:12:51:43 -0500] "GET /forest/json.do?query=borradoresByTpls&codInst=3021781&codTare=3419&firma=0&a=0.780408110236749 HTTP/1.1" 200 186
186.29.203.131 - - [12/Jan/2015:12:51:43 -0500] "GET /forest/json.do?query=plantillasByTarea&codTare=3419&codInst=3021781&firma=0&a=0.18706395663321018 HTTP/1.1" 200 157
186.29.203.131 - - [12/Jan/2015:12:51:43 -0500] "GET /forest/json.do?query=terceroById&numTer=899999061-9%20SDA&a=0.31920516048558056 HTTP/1.1" 200 666
186.29.203.131 - - [12/Jan/2015:12:51:43 -0500] "GET /forest/json.do?query=datosBorradorByCodTraBorr&codTraBorr=1600269&a=0.7683355426415801 HTTP/1.1" 200 180
186.29.203.131 - - [12/Jan/2015:12:51:43 -0500] "GET /forest/json.do?query=adjuntosByBorrador&codTraBorr=1600269&a=0.7064513410441577 HTTP/1.1" 200 2
186.29.203.131 - - [12/Jan/2015:12:51:43 -0500] "GET /forest/json.do?query=ultimoBorradorByTpl&codTpl=1847&codInst=3021781&a=0.9221301125362515 HTTP/1.1" 200 20
186.29.203.131 - - [12/Jan/2015:12:51:40 -0500] "GET /forest/file/3688887 HTTP/1.1" 200 528026
180.76.5.168 - - [12/Jan/2015:12:51:45 -0500] "GET /BLA/resoluciones/RESOLUCIONES%202007/RES%202007%203101%20AL%203200/RESOLUCION%203159%20DE%202007.pdf HTTP/1.1" 200 229412
190.24.232.30 - - [12/Jan/2015:12:51:45 -0500] "GET /galeria/carrusel/Carrusel/jquery.thumbnailScroller.css HTTP/1.1" 200 2066
190.24.232.30 - - [12/Jan/2015:12:51:45 -0500] "GET /BLA/boletinlegal/js/jquery.js HTTP/1.1" 200 57254
190.24.232.30 - - [12/Jan/2015:12:51:45 -0500] "GET /BLA/boletinlegal/js/jquery.scrollTo-min.js HTTP/1.1" 200 1150
190.24.232.30 - - [12/Jan/2015:12:51:45 -0500] "GET /galeria/carrusel/Carrusel/jquery-ui-1.8.13.custom.min.js HTTP/1.1" 200 10800
190.24.232.30 - - [12/Jan/2015:12:51:45 -0500] "GET /BLA/boletinlegal/js/jquery.scrollShow.js HTTP/1.1" 200 4586
190.24.232.30 - - [12/Jan/2015:12:51:45 -0500] "GET /galeria/carrusel/Carrusel/jquery.thumbnailScroller.js HTTP/1.1" 200 8157
190.24.232.30 - - [12/Jan/2015:12:51:46 -0500] "GET /galeria/nivo-slider/demo/demo.html HTTP/1.1" 200 3150
190.24.232.30 - - [12/Jan/2015:12:51:47 -0500] "GET /galeria/nivo-slider/themes/default/default.css HTTP/1.1" 200 1569
190.24.232.30 - - [12/Jan/2015:12:51:47 -0500] "GET /galeria/nivo-slider/themes/orman/orman.css HTTP/1.1" 200 2152
190.24.232.30 - - [12/Jan/2015:12:51:47 -0500] "GET /galeria/nivo-slider/demo/style.css HTTP/1.1" 200 2222
190.24.232.30 - - [12/Jan/2015:12:51:47 -0500] "GET /galeria/nivo-slider/demo/scripts/jquery-1.7.1.min.js HTTP/1.1" 200 93868
190.24.232.30 - - [12/Jan/2015:12:51:47 -0500] "GET /galeria/nivo-slider/themes/pascal/pascal.css HTTP/1.1" 200 2258
190.24.232.30 - - [12/Jan/2015:12:51:47 -0500] "GET /galeria/nivo-slider/nivo-slider.css HTTP/1.1" 200 1507
190.24.232.30 - - [12/Jan/2015:12:51:47 -0500] "GET /galeria/nivo-slider/jquery.nivo.slider.pack.js HTTP/1.1" 200 11561
190.24.232.30 - - [12/Jan/2015:12:51:47 -0500] "GET /galeria/nivo-slider/demo/images/4Simple_Slider.png HTTP/1.1" 200 11722
190.24.232.30 - - [12/Jan/2015:12:51:47 -0500] "GET /galeria/nivo-slider/themes/default/loading.gif HTTP/1.1" 200 1737
190.24.232.30 - - [12/Jan/2015:12:51:47 -0500] "GET /galeria/nivo-slider/demo/images/bolsas-08.jpg HTTP/1.1" 200 85589
190.24.232.30 - - [12/Jan/2015:12:51:47 -0500] "GET /galeria/nivo-slider/demo/images/Ruta-vertimientos-01.jpg HTTP/1.1" 200 130151
190.24.232.30 - - [12/Jan/2015:12:51:47 -0500] "GET /galeria/nivo-slider/demo/images/bolsas-06.jpg HTTP/1.1" 200 90982
190.24.232.30 - - [12/Jan/2015:12:51:47 -0500] "GET /galeria/nivo-slider/demo/images/ecolecta-Dic2014.png HTTP/1.1" 200 288593
190.24.232.30 - - [12/Jan/2015:12:51:48 -0500] "GET /galeria/nivo-slider/demo/images/porloshumedales.jpg HTTP/1.1" 200 351238
190.24.232.30 - - [12/Jan/2015:12:51:48 -0500] "GET /galeria/nivo-slider/demo/images/Tingua-azul.jpg HTTP/1.1" 200 307638
190.24.232.30 - - [12/Jan/2015:12:51:48 -0500] "GET /galeria/nivo-slider/demo/images/Banner-Caracol-Africano.jpg HTTP/1.1" 200 331986
190.24.232.30 - - [12/Jan/2015:12:51:48 -0500] "GET /galeria/nivo-slider/demo/images/banner-redes.jpg HTTP/1.1" 200 62209
190.24.232.30 - - [12/Jan/2015:12:51:49 -0500] "GET /galeria/nivo-slider/demo/images/9Signos.jpg HTTP/1.1" 200 93040
190.24.232.30 - - [12/Jan/2015:12:51:49 -0500] "GET /videos/Spot_CambioClimatico.flv HTTP/1.1" 200 4371917
190.24.232.30 - - [12/Jan/2015:12:51:50 -0500] "GET /galeria/nivo-slider/demo/images/banner-llantas2.jpg HTTP/1.1" 200 73153
190.24.232.30 - - [12/Jan/2015:12:51:50 -0500] "GET /galeria/nivo-slider/demo/images/banner-caballos.png HTTP/1.1" 200 389106
186.29.203.131 - - [12/Jan/2015:12:51:48 -0500] "POST /forest/usutareas.do?group_system_actual=3 HTTP/1.1" 200 202
190.24.232.30 - - [12/Jan/2015:12:51:52 -0500] "GET /galeria/nivo-slider/themes/default/arrows.png HTTP/1.1" 200 824
190.24.232.30 - - [12/Jan/2015:12:51:52 -0500] "GET /galeria/nivo-slider/themes/default/bullets.png HTTP/1.1" 200 1281
191.95.251.143 - - [12/Jan/2015:12:51:52 -0500] "GET /galeria/carrusel/Carrusel/jquery.thumbnailScroller.css HTTP/1.1" 304 -
186.29.203.131 - - [12/Jan/2015:12:51:52 -0500] "GET /forest/usutareas.do?group_system_actual=3&a=0.08002185239456594 HTTP/1.1" 200 112544
186.29.203.131 - - [12/Jan/2015:12:51:40 -0500] "GET /ForestMSG_SDA/channelAsync/template_word_17263839?X-Atmosphere-tracking-id=142d3ce6-e2c6-e800-273a-33aac45a6a81&X-Atmosphere-Framework=1.0.5&X-Atmosphere-Transport=long-polling&tabid=0.4041541356127709&X-Cache-Date=0&Content-Type=application/xml&_=1421085306388 HTTP/1.1" 200 8193
186.29.203.131 - - [12/Jan/2015:12:51:53 -0500] "GET /forest/session.jsp?a=0.10726138949394226 HTTP/1.1" 200 4
191.95.251.143 - - [12/Jan/2015:12:51:54 -0500] "GET /galeria/nivo-slider/demo/demo.html HTTP/1.1" 200 3150
191.95.251.143 - - [12/Jan/2015:12:51:54 -0500] "GET /galeria/nivo-slider/themes/default/default.css HTTP/1.1" 200 1569
191.95.251.143 - - [12/Jan/2015:12:51:54 -0500] "GET /galeria/nivo-slider/demo/images/Ruta-vertimientos-01.jpg HTTP/1.1" 200 130151
191.95.251.143 - - [12/Jan/2015:12:51:54 -0500] "GET /galeria/nivo-slider/demo/images/bolsas-08.jpg HTTP/1.1" 200 85589
191.95.251.143 - - [12/Jan/2015:12:51:54 -0500] "GET /galeria/nivo-slider/demo/images/bolsas-06.jpg HTTP/1.1" 200 90982
191.95.251.143 - - [12/Jan/2015:12:51:54 -0500] "GET /galeria/nivo-slider/demo/images/ecolecta-Dic2014.png HTTP/1.1" 200 288593
191.95.251.143 - - [12/Jan/2015:12:51:54 -0500] "GET /galeria/nivo-slider/demo/images/porloshumedales.jpg HTTP/1.1" 200 351238
191.95.251.143 - - [12/Jan/2015:12:51:54 -0500] "GET /galeria/nivo-slider/demo/images/Tingua-azul.jpg HTTP/1.1" 200 307638
66.249.67.75 - - [12/Jan/2015:12:51:54 -0500] "GET /BLA/resoluciones/RESOLUCIONES%202010/2312.pdf HTTP/1.1" 200 724678
186.29.203.131 - - [12/Jan/2015:12:51:55 -0500] "GET /forest/actions/forms.getList?codForm=proyinftec&id=funcionariodestino&text=Maria%20Claudia%20Gonzalez%20Penagos HTTP/1.1" 200 67
191.95.251.143 - - [12/Jan/2015:12:51:56 -0500] "GET /galeria/nivo-slider/demo/style.css HTTP/1.1" 304 -
191.95.251.143 - - [12/Jan/2015:12:51:56 -0500] "GET /galeria/nivo-slider/demo/images/Banner-Caracol-Africano.jpg HTTP/1.1" 200 331986
216.144.247.116 - - [12/Jan/2015:12:51:56 -0500] "HEAD / HTTP/1.0" 302 -
191.95.251.143 - - [12/Jan/2015:12:51:56 -0500] "GET /galeria/nivo-slider/demo/images/banner-redes.jpg HTTP/1.1" 200 62209
191.95.251.143 - - [12/Jan/2015:12:51:56 -0500] "GET /galeria/nivo-slider/demo/images/9Signos.jpg HTTP/1.1" 200 93040
191.95.251.143 - - [12/Jan/2015:12:51:57 -0500] "GET /galeria/nivo-slider/demo/images/banner-llantas2.jpg HTTP/1.1" 200 73153
186.29.203.131 - - [12/Jan/2015:12:51:57 -0500] "GET /forest/actions/forms.getList?codForm=proyinftec&id=funcionariodestino&text=X HTTP/1.1" 200 1097
186.29.203.131 - - [12/Jan/2015:12:51:57 -0500] "GET /forest/actions/forms.getList?codForm=proyinftec&id=funcionariodestino&text=XI HTTP/1.1" 200 1229
186.29.203.131 - - [12/Jan/2015:12:51:57 -0500] "GET /forest/actions/forms.getList?codForm=proyinftec&id=funcionariodestino&text=XIM HTTP/1.1" 200 1094
186.29.203.131 - - [12/Jan/2015:12:51:57 -0500] "GET /forest/actions/forms.getList?codForm=proyinftec&id=funcionariodestino&text=XIME HTTP/1.1" 200 1038
186.29.203.131 - - [12/Jan/2015:12:51:57 -0500] "GET /forest/actions/forms.getList?codForm=proyinftec&id=funcionariodestino&text=XIMEN HTTP/1.1" 200 1038
186.29.203.131 - - [12/Jan/2015:12:51:57 -0500] "GET /forest/actions/forms.getList?codForm=proyinftec&id=funcionariodestino&text=XIMENA HTTP/1.1" 200 1038
186.29.203.131 - - [12/Jan/2015:12:51:57 -0500] "GET /forest/actions/forms.getList?codForm=proyinftec&id=funcionariodestino&text=XIMENA%20 HTTP/1.1" 200 999
186.29.203.131 - - [12/Jan/2015:12:51:58 -0500] "GET /forest/actions/forms.getList?codForm=proyinftec&id=funcionariodestino&text=XIMENA%20OT HTTP/1.1" 200 66
186.29.203.131 - - [12/Jan/2015:12:51:58 -0500] "GET /forest/actions/forms.getList?codForm=proyinftec&id=funcionariodestino&text=XIMENA%20O HTTP/1.1" 200 66
186.29.203.131 - - [12/Jan/2015:12:51:53 -0500] "GET /forest/file/3688887 HTTP/1.1" 200 528026
191.95.251.143 - - [12/Jan/2015:12:51:59 -0500] "GET /galeria/nivo-slider/demo/images/4Simple_Slider.png HTTP/1.1" 304 -
186.29.203.131 - - [12/Jan/2015:12:52:11 -0500] "POST /forest/usutareas.do? HTTP/1.1" 200 76
186.84.44.58 - - [12/Jan/2015:12:52:13 -0500] "POST /forms/lservlet;jsessionid=ac16012b30d5119b3910b34c44c69c548c7d89a14328.e3iSbxaKaheRe34SahiRb30Pchr0n6jAmljGr5XDqQLvpAe HTTP/1.1" 200 2
186.84.40.34 - - [12/Jan/2015:12:52:19 -0500] "POST /forms/lservlet;jsessionid=ac16012b30d5b930346dabb54c25a2d5a04463a31c2d.e3iSbxaKaheRe34SahiRb30Pchr0n6jAmljGr5XDqQLvpAe HTTP/1.1" 200 2
186.29.203.131 - - [12/Jan/2015:12:51:53 -0500] "GET /ForestMSG_SDA/channelAsync/template_word_17263839?X-Atmosphere-tracking-id=137b8887-3195-4286-6c99-a7857aac5de1&X-Atmosphere-Framework=1.0.5&X-Atmosphere-Transport=long-polling&tabid=0.13899736222811043&X-Cache-Date=0&Content-Type=application/xml&_=1421085319373 HTTP/1.1" 200 8193
186.29.203.131 - - [12/Jan/2015:12:52:14 -0500] "GET /forest/usutareas.do?group_system_actual=3&a=0.9551102265249938 HTTP/1.1" 200 112580
66.249.67.67 - - [12/Jan/2015:12:52:23 -0500] "GET /BLA/resoluciones/RESOLUCIONES%202007/RES%202007%202401%20AL%202500/RESOLUCION%202478%20DE%202007.pdf HTTP/1.1" 200 154239
186.29.203.131 - - [12/Jan/2015:12:52:26 -0500] "GET /forest/session.jsp?a=0.8038856466300786 HTTP/1.1" 200 4
186.29.203.131 - - [12/Jan/2015:12:52:26 -0500] "GET /forest/file/3688887 HTTP/1.1" 200 18172
186.29.203.131 - - [12/Jan/2015:12:52:27 -0500] "GET /forest/misactividades.do?_a=0.4753678140696138&group_system_actual=3 HTTP/1.1" 200 37561
190.156.91.79 - - [12/Jan/2015:12:52:31 -0500] "POST /forms/lservlet;jsessionid=ac16012b30d5b9c7596d463549dcbb039173fc01d604.e3iSbxaKaheRe34SahiRb30Pchr0n6jAmljGr5XDqQLvpAe HTTP/1.1" 200 2
186.29.203.131 - - [12/Jan/2015:12:52:51 -0500] "POST /forms/lservlet;jsessionid=ac16012b30d5b10e4f29f1924fbb8a83aef930aaa7e9.e3iSbxaKaheRe34SahiRb30Pchr0n6jAmljGr5XDqQLvpAe HTTP/1.1" 200 2
66.249.67.67 - - [12/Jan/2015:12:52:52 -0500] "GET /BLA/resoluciones/AUTOS%202008/2031.pdf HTTP/1.1" 200 150042
186.29.203.131 - - [12/Jan/2015:12:52:55 -0500] "GET /forest/session.jsp?a=0.926310452632606 HTTP/1.1" 200 4
186.29.203.131 - - [12/Jan/2015:12:52:56 -0500] "POST /forest/misactividades.do?ajax=true&a=0.23184249689802527 HTTP/1.1" 200 4411
66.249.67.75 - - [12/Jan/2015:12:53:21 -0500] "GET /BLA/resoluciones/AUTOS%202008/1726.pdf HTTP/1.1" 200 102339
180.76.6.57 - - [12/Jan/2015:12:53:26 -0500] "GET /BLA/resoluciones/index.php?dir=RESOLUCIONES%202007/RES%202007%20601%20AL%20700/&sort=date&order=asc HTTP/1.1" 200 26655
186.29.203.131 - - [12/Jan/2015:12:53:36 -0500] "GET /forest/skins/gdocs-jar/popup/popup.jsp?width=850&height=380&title=Informaci%F3n%20del%20radicado&uri=/forest/system/document.jsp%3FcodDoc%3D1985762&name=undefined&_a=0.5353848712984473&a=0.8783384172711521 HTTP/1.1" 200 1315
186.29.203.131 - - [12/Jan/2015:12:53:36 -0500] "GET /forest/system/document.jsp?codDoc=1985762 HTTP/1.1" 200 9901
188.165.15.237 - - [12/Jan/2015:12:53:47 -0500] "GET /BLA/resoluciones/RESOLUCIONES%202006/RES%202006%20251-300/00000274.tif HTTP/1.1" 200 206366
66.249.67.83 - - [12/Jan/2015:12:53:50 -0500] "GET /BLA/resoluciones/AUTOS%202008/1619.pdf HTTP/1.1" 200 64495
74.86.158.107 - - [12/Jan/2015:12:53:51 -0500] "HEAD / HTTP/1.1" 302 -
190.26.239.60 - - [12/Jan/2015:12:53:59 -0500] "GET /BLA/resoluciones/AUTOS%202011/5759.pdf HTTP/1.1" 200 784229
186.84.44.58 - - [12/Jan/2015:12:54:13 -0500] "POST /forms/lservlet;jsessionid=ac16012b30d5119b3910b34c44c69c548c7d89a14328.e3iSbxaKaheRe34SahiRb30Pchr0n6jAmljGr5XDqQLvpAe HTTP/1.1" 200 2
66.249.67.83 - - [12/Jan/2015:12:54:18 -0500] "GET /BLA/resoluciones/RESOLUCIONES%202011/1419.pdf HTTP/1.1" 200 413625
188.165.15.212 - - [12/Jan/2015:12:54:19 -0500] "GET /BLA/resoluciones/RESOLUCIONES%202003/RES%202003%20401-450/443.tif HTTP/1.1" 200 146848
186.84.40.34 - - [12/Jan/2015:12:54:19 -0500] "POST /forms/lservlet;jsessionid=ac16012b30d5b930346dabb54c25a2d5a04463a31c2d.e3iSbxaKaheRe34SahiRb30Pchr0n6jAmljGr5XDqQLvpAe HTTP/1.1" 200 2
188.165.15.99 - - [12/Jan/2015:12:54:27 -0500] "GET /BLA/resoluciones/RESOLUCIONES%202006/RES%202006%20851-900/00000876.tif HTTP/1.1" 200 200600
190.156.91.79 - - [12/Jan/2015:12:54:31 -0500] "POST /forms/lservlet;jsessionid=ac16012b30d5b9c7596d463549dcbb039173fc01d604.e3iSbxaKaheRe34SahiRb30Pchr0n6jAmljGr5XDqQLvpAe HTTP/1.1" 200 2
66.249.67.83 - - [12/Jan/2015:12:54:47 -0500] "GET /BLA/resoluciones/RESOLUCIONES%202007/RES%202007%203201%20AL%203300/RESOLUCION%203229%20DE%202007.pdf HTTP/1.1" 200 141816
186.29.203.131 - - [12/Jan/2015:12:54:51 -0500] "POST /forms/lservlet;jsessionid=ac16012b30d5b10e4f29f1924fbb8a83aef930aaa7e9.e3iSbxaKaheRe34SahiRb30Pchr0n6jAmljGr5XDqQLvpAe HTTP/1.1" 200 2
188.165.15.239 - - [12/Jan/2015:12:54:53 -0500] "GET /BLA/resoluciones/RESOLUCIONES%202006/RES%202006%201251-1300/00001289.tif HTTP/1.1" 200 161878
157.55.39.23 - - [12/Jan/2015:12:54:53 -0500] "GET /bla/resoluciones/autos%202010/6581.pdf HTTP/1.1" 200 148455
66.249.67.75 - - [12/Jan/2015:12:55:16 -0500] "GET /BLA/resoluciones/RESOLUCIONES%202009/7583.pdf HTTP/1.1" 200 496879
162.202.201.99 - - [12/Jan/2015:12:55:43 -0500] "GET /BLA/boletinlegal/js/jquery.scrollShow.js HTTP/1.1" 200 4586
162.202.201.99 - - [12/Jan/2015:12:55:43 -0500] "GET /BLA/boletinlegal/js/jquery.js HTTP/1.1" 200 57254
162.202.201.99 - - [12/Jan/2015:12:55:43 -0500] "GET /BLA/boletinlegal/js/jquery.scrollTo-min.js HTTP/1.1" 200 1150
66.249.67.75 - - [12/Jan/2015:12:55:45 -0500] "GET /BLA/resoluciones/AUTOS%202007/3553.pdf HTTP/1.1" 200 208038
186.29.203.131 - - [12/Jan/2015:12:55:48 -0500] "GET /forest/index2.jsp?_a=0.8078643945045769 HTTP/1.1" 200 47327
186.29.203.131 - - [12/Jan/2015:12:55:49 -0500] "GET /forest/session.jsp?a=0.12657026341184974 HTTP/1.1" 200 4
207.46.13.113 - - [12/Jan/2015:12:55:52 -0500] "GET /BLA/resoluciones/RESOLUCIONES%202009/0960.pdf HTTP/1.1" 200 591287
190.159.21.140 - - [12/Jan/2015:12:55:59 -0500] "GET /galeria/nivo-slider/demo/images/bolsas-08.jpg HTTP/1.1" 200 85589
186.84.44.58 - - [12/Jan/2015:12:56:13 -0500] "POST /forms/lservlet;jsessionid=ac16012b30d5119b3910b34c44c69c548c7d89a14328.e3iSbxaKaheRe34SahiRb30Pchr0n6jAmljGr5XDqQLvpAe HTTP/1.1" 200 2
66.249.67.67 - - [12/Jan/2015:12:56:13 -0500] "GET /BLA/resoluciones/RESOLUCIONES%202010/4301.pdf HTTP/1.1" 200 495685
186.84.40.34 - - [12/Jan/2015:12:56:19 -0500] "POST /forms/lservlet;jsessionid=ac16012b30d5b930346dabb54c25a2d5a04463a31c2d.e3iSbxaKaheRe34SahiRb30Pchr0n6jAmljGr5XDqQLvpAe HTTP/1.1" 200 2
190.159.21.140 - - [12/Jan/2015:12:56:25 -0500] "GET /galeria/nivo-slider/demo/images/bolsas-06.jpg HTTP/1.1" 200 90982
190.156.91.79 - - [12/Jan/2015:12:56:31 -0500] "POST /forms/lservlet;jsessionid=ac16012b30d5b9c7596d463549dcbb039173fc01d604.e3iSbxaKaheRe34SahiRb30Pchr0n6jAmljGr5XDqQLvpAe HTTP/1.1" 200 2
152.61.128.66 - - [12/Jan/2015:12:56:42 -0500] "HEAD / HTTP/1.1" 302 -
188.165.15.239 - - [12/Jan/2015:12:56:42 -0500] "GET /BLA/resoluciones/RESOLUCIONES%202004/RES%202004%2051-100/00000072.tif HTTP/1.1" 200 100642
66.249.67.83 - - [12/Jan/2015:12:56:42 -0500] "GET /BLA/resoluciones/RESOLUCIONES%202007/RES%202007%204201%20AL%204300/RESOLUCION%204232%20DE%202007.pdf HTTP/1.1" 200 4667333
152.61.128.66 - - [12/Jan/2015:12:56:42 -0500] "GET /arcgis/services/Calidad_del_Agua_WQI/MapServer/WMSServer?request=GetCapabilities&service=WMS HTTP/1.1" 200 32135
152.61.128.66 - - [12/Jan/2015:12:56:43 -0500] "GET /arcgis/services/Calidad_del_Agua_WQI/MapServer/WMSServer?request=GetCapabilities&service=WMS HTTP/1.0" 200 32135
152.61.128.66 - - [12/Jan/2015:12:56:44 -0500] "GET /arcgis/services/Calidad_del_Agua_WQI/MapServer/WMSServer?request=GetCapabilities&service=WMS HTTP/1.0" 200 32135
152.61.128.66 - - [12/Jan/2015:12:56:46 -0500] "GET /arcgis/services/Calidad_del_Agua_WQI/MapServer/WMSServer?request=GetCapabilities&service=WMS HTTP/1.0" 200 32135
152.61.128.66 - - [12/Jan/2015:12:56:47 -0500] "GET /arcgis/services/Calidad_del_Agua_WQI/MapServer/WMSServer?VERSION=1.1.1&REQUEST=GetMap&LAYERS=0&SRS=EPSG:4326&BBOX=-74.473395,3.674381,-73.963300,4.920569&WIDTH=250&HEIGHT=250&FORMAT=image/bmp&STYLES=& HTTP/1.1" 200 188054
186.29.203.131 - - [12/Jan/2015:12:56:51 -0500] "POST /forms/lservlet;jsessionid=ac16012b30d5b10e4f29f1924fbb8a83aef930aaa7e9.e3iSbxaKaheRe34SahiRb30Pchr0n6jAmljGr5XDqQLvpAe HTTP/1.1" 200 2
66.249.67.83 - - [12/Jan/2015:12:57:11 -0500] "GET /BLA/resoluciones/AUTOS%202012/1346.pdf HTTP/1.1" 200 163065
188.165.15.99 - - [12/Jan/2015:12:57:23 -0500] "GET /BLA/resoluciones/RESOLUCIONES%202003/RES%202003%20951-1000/976.tif HTTP/1.1" 200 272900
66.249.67.83 - - [12/Jan/2015:12:57:40 -0500] "GET /BLA/resoluciones/RESOLUCIONES%202007/RES%202007%203901%20AL%204000/RESOLUCION%203971%20DE%202007.pdf HTTP/1.1" 200 206364
66.249.67.75 - - [12/Jan/2015:12:58:08 -0500] "GET /BLA/resoluciones/AUTOS%202008/3109.pdf HTTP/1.1" 200 68350
186.84.44.58 - - [12/Jan/2015:12:58:13 -0500] "POST /forms/lservlet;jsessionid=ac16012b30d5119b3910b34c44c69c548c7d89a14328.e3iSbxaKaheRe34SahiRb30Pchr0n6jAmljGr5XDqQLvpAe HTTP/1.1" 200 2
186.84.40.34 - - [12/Jan/2015:12:58:20 -0500] "POST /forms/lservlet;jsessionid=ac16012b30d5b930346dabb54c25a2d5a04463a31c2d.e3iSbxaKaheRe34SahiRb30Pchr0n6jAmljGr5XDqQLvpAe HTTP/1.1" 200 2
186.29.203.131 - - [12/Jan/2015:12:52:20 -0500] "GET /ForestMSG_SDA/channelAsync/template_word_17263839?X-Atmosphere-tracking-id=911fa64a-b080-8edd-9df3-65e820f2b61c&X-Atmosphere-Framework=1.0.5&X-Atmosphere-Transport=long-polling&tabid=0.23178928322158754&X-Cache-Date=0&Content-Type=application/xml&_=1421085345862 HTTP/1.1" 200 8193
157.55.39.23 - - [12/Jan/2015:12:58:33 -0500] "GET /BLA/resoluciones/AUTOS%202012/2638.pdf HTTP/1.1" 200 402845
190.156.91.79 - - [12/Jan/2015:12:58:34 -0500] "POST /forms/lservlet;jsessionid=ac16012b30d5b9c7596d463549dcbb039173fc01d604.e3iSbxaKaheRe34SahiRb30Pchr0n6jAmljGr5XDqQLvpAe HTTP/1.1" 200 2
66.249.67.83 - - [12/Jan/2015:12:58:37 -0500] "GET /BLA/resoluciones/RESOLUCIONES%202007/RES%202007%203701%20AL%203800/RESOLUCION%203795%20DE%202007.pdf HTTP/1.1" 200 540845
74.86.158.107 - - [12/Jan/2015:12:58:51 -0500] "HEAD / HTTP/1.1" 302 -
186.29.203.131 - - [12/Jan/2015:12:58:52 -0500] "POST /forms/lservlet;jsessionid=ac16012b30d5b10e4f29f1924fbb8a83aef930aaa7e9.e3iSbxaKaheRe34SahiRb30Pchr0n6jAmljGr5XDqQLvpAe HTTP/1.1" 200 2
66.249.67.67 - - [12/Jan/2015:12:59:06 -0500] "GET /BLA/resoluciones/RESOLUCIONES%202010/4154.pdf HTTP/1.1" 200 754489
181.136.133.204 - - [12/Jan/2015:12:59:10 -0500] "GET /BLA/resoluciones/RESOLUCIONES%202012/0619.pdf HTTP/1.1" 200 443982
186.81.157.186 - - [12/Jan/2015:12:59:17 -0500] "GET /galeria/nivo-slider/demo/demo.html HTTP/1.1" 304 -
186.81.157.186 - - [12/Jan/2015:12:59:18 -0500] "GET /galeria/nivo-slider/demo/images/bolsas-08.jpg HTTP/1.1" 304 -
186.81.157.186 - - [12/Jan/2015:12:59:18 -0500] "GET /galeria/nivo-slider/demo/images/Ruta-vertimientos-01.jpg HTTP/1.1" 304 -
186.81.157.186 - - [12/Jan/2015:12:59:19 -0500] "GET /galeria/nivo-slider/demo/images/bolsas-06.jpg HTTP/1.1" 304 -
186.81.157.186 - - [12/Jan/2015:12:59:19 -0500] "GET /galeria/nivo-slider/demo/images/ecolecta-Dic2014.png HTTP/1.1" 304 -
186.81.157.186 - - [12/Jan/2015:12:59:19 -0500] "GET /galeria/nivo-slider/demo/images/porloshumedales.jpg HTTP/1.1" 304 -
186.81.157.186 - - [12/Jan/2015:12:59:19 -0500] "GET /galeria/nivo-slider/demo/images/Tingua-azul.jpg HTTP/1.1" 304 -
186.81.157.186 - - [12/Jan/2015:12:59:19 -0500] "GET /galeria/nivo-slider/demo/images/banner-redes.jpg HTTP/1.1" 304 -
180.76.6.231 - - [12/Jan/2015:12:59:22 -0500] "GET /BLA/boletinlegal;jsessionid=D3AF4D489670D3D798C9E4AB3175A066?/? HTTP/1.1" 404 1018
66.249.67.67 - - [12/Jan/2015:12:59:35 -0500] "GET /BLA/resoluciones/AUTOS%202007/0067.pdf HTTP/1.1" 200 108402
181.136.133.204 - - [12/Jan/2015:12:59:38 -0500] "GET /favicon.ico HTTP/1.1" 200 7782
66.249.67.67 - - [12/Jan/2015:12:59:55 -0500] "GET /BLA/resoluciones/AUTOS%202006/AUTOS%202006%203301%20-%203418/00003395.tif HTTP/1.1" 200 79022
66.249.67.83 - - [12/Jan/2015:12:59:59 -0500] "GET /BLA/resoluciones/RESOLUCIONES%202010/5689.pdf HTTP/1.1" 200 248802
180.76.6.17 - - [12/Jan/2015:13:00:01 -0500] "GET /BLA/resoluciones/RESOLUCIONES%202007/RES%202007%20401%20AL%20500/RESOLUCION%200451%20DE%202007.pdf HTTP/1.1" 200 759955
66.249.67.75 - - [12/Jan/2015:13:00:03 -0500] "GET /BLA/resoluciones/RESOLUCIONES%202010/5094.pdf HTTP/1.1" 200 754727
186.84.44.58 - - [12/Jan/2015:13:00:13 -0500] "POST /forms/lservlet;jsessionid=ac16012b30d5119b3910b34c44c69c548c7d89a14328.e3iSbxaKaheRe34SahiRb30Pchr0n6jAmljGr5XDqQLvpAe HTTP/1.1" 200 2
186.84.40.34 - - [12/Jan/2015:13:00:23 -0500] "POST /forms/lservlet;jsessionid=ac16012b30d5b930346dabb54c25a2d5a04463a31c2d.e3iSbxaKaheRe34SahiRb30Pchr0n6jAmljGr5XDqQLvpAe HTTP/1.1" 200 2
66.249.67.83 - - [12/Jan/2015:13:00:32 -0500] "GET /BLA/resoluciones/AUTOS%202007/0369.pdf HTTP/1.1" 200 111121
190.156.91.79 - - [12/Jan/2015:13:00:34 -0500] "POST /forms/lservlet;jsessionid=ac16012b30d5b9c7596d463549dcbb039173fc01d604.e3iSbxaKaheRe34SahiRb30Pchr0n6jAmljGr5XDqQLvpAe HTTP/1.1" 200 2
180.76.5.150 - - [12/Jan/2015:13:00:40 -0500] "GET /BLA/resoluciones/AUTOS%202011/3208.pdf HTTP/1.1" 200 303324
186.29.203.131 - - [12/Jan/2015:13:00:50 -0500] "GET /forest/session.jsp?a=0.6875944167841226 HTTP/1.1" 200 4
186.29.203.131 - - [12/Jan/2015:13:00:52 -0500] "POST /forms/lservlet;jsessionid=ac16012b30d5b10e4f29f1924fbb8a83aef930aaa7e9.e3iSbxaKaheRe34SahiRb30Pchr0n6jAmljGr5XDqQLvpAe HTTP/1.1" 200 2
66.249.67.75 - - [12/Jan/2015:13:01:01 -0500] "GET /BLA/resoluciones/RESOLUCIONES%202010/2418.pdf HTTP/1.1" 200 593423
180.76.6.141 - - [12/Jan/2015:13:01:18 -0500] "GET /BLA/resoluciones/RESOLUCIONES%202009/2350.pdf HTTP/1.1" 200 506091
66.249.67.75 - - [12/Jan/2015:13:01:30 -0500] "GET /BLA/resoluciones/RESOLUCIONES%202011/6035.pdf HTTP/1.1" 200 979081
188.165.15.66 - - [12/Jan/2015:13:01:54 -0500] "GET /BLA/resoluciones/RESOLUCIONES%202004/RES%202004%2001-%2050/00000047.tif HTTP/1.1" 200 7924
186.97.54.146 - - [12/Jan/2015:13:01:57 -0500] "GET /BLA/resoluciones/RESOLUCIONES%202008/0356.pdf HTTP/1.1" 200 283649
180.76.5.67 - - [12/Jan/2015:13:01:57 -0500] "GET /BLA/resoluciones/RESOLUCIONES%202011/5319.pdf HTTP/1.1" 200 562862
186.97.54.146 - - [12/Jan/2015:13:01:58 -0500] "GET /BLA/resoluciones/RESOLUCIONES%202008/0356.pdf HTTP/1.1" 200 283649
66.249.67.75 - - [12/Jan/2015:13:01:58 -0500] "GET /BLA/resoluciones/RESOLUCIONES%202012/1474.pdf HTTP/1.1" 200 765161
186.84.44.58 - - [12/Jan/2015:13:02:13 -0500] "POST /forms/lservlet;jsessionid=ac16012b30d5119b3910b34c44c69c548c7d89a14328.e3iSbxaKaheRe34SahiRb30Pchr0n6jAmljGr5XDqQLvpAe HTTP/1.1" 200 2
157.55.39.22 - - [12/Jan/2015:13:02:19 -0500] "GET /bla/resoluciones/autos%202010/2227.pdf HTTP/1.1" 200 1953045
157.55.39.22 - - [12/Jan/2015:13:02:20 -0500] "GET /bla/resoluciones/autos%202010/1084.pdf HTTP/1.1" 200 171035
186.84.40.34 - - [12/Jan/2015:13:02:23 -0500] "POST /forms/lservlet;jsessionid=ac16012b30d5b930346dabb54c25a2d5a04463a31c2d.e3iSbxaKaheRe34SahiRb30Pchr0n6jAmljGr5XDqQLvpAe HTTP/1.1" 200 2
66.249.67.75 - - [12/Jan/2015:13:02:27 -0500] "GET /BLA/resoluciones/AUTOS%202010/5560.pdf HTTP/1.1" 200 205073
190.156.91.79 - - [12/Jan/2015:13:02:34 -0500] "POST /forms/lservlet;jsessionid=ac16012b30d5b9c7596d463549dcbb039173fc01d604.e3iSbxaKaheRe34SahiRb30Pchr0n6jAmljGr5XDqQLvpAe HTTP/1.1" 200 2
191.95.254.137 - - [12/Jan/2015:13:02:35 -0500] "GET /galeria/mapa/aulaSantaM.jpg HTTP/1.1" 200 69216
186.29.203.131 - - [12/Jan/2015:13:02:52 -0500] "POST /forms/lservlet;jsessionid=ac16012b30d5b10e4f29f1924fbb8a83aef930aaa7e9.e3iSbxaKaheRe34SahiRb30Pchr0n6jAmljGr5XDqQLvpAe HTTP/1.1" 200 2
66.249.67.83 - - [12/Jan/2015:13:02:56 -0500] "GET /BLA/resoluciones/RESOLUCIONES%202010/7395.pdf HTTP/1.1" 200 325422
186.84.48.121 - - [12/Jan/2015:13:03:13 -0500] "GET /BLA/boletinlegal/js/jquery.js HTTP/1.1" 200 57254
186.84.48.121 - - [12/Jan/2015:13:03:13 -0500] "GET /BLA/boletinlegal/js/jquery.scrollTo-min.js HTTP/1.1" 200 1150
186.84.48.121 - - [12/Jan/2015:13:03:13 -0500] "GET /BLA/boletinlegal/js/jquery.scrollShow.js HTTP/1.1" 200 4586
66.249.67.83 - - [12/Jan/2015:13:03:25 -0500] "GET /BLA/resoluciones/AUTOS%202008/1861.pdf HTTP/1.1" 200 192450
157.55.39.23 - - [12/Jan/2015:13:03:33 -0500] "GET /BLA/resoluciones/AUTOS%202012/1594.pdf HTTP/1.1" 200 392705
74.86.158.107 - - [12/Jan/2015:13:03:51 -0500] "HEAD / HTTP/1.1" 302 -
66.249.67.83 - - [12/Jan/2015:13:03:53 -0500] "GET /BLA/resoluciones/RESOLUCIONES%202009/9716.pdf HTTP/1.1" 200 340050
186.84.44.58 - - [12/Jan/2015:13:04:13 -0500] "POST /forms/lservlet;jsessionid=ac16012b30d5119b3910b34c44c69c548c7d89a14328.e3iSbxaKaheRe34SahiRb30Pchr0n6jAmljGr5XDqQLvpAe HTTP/1.1" 200 2
190.156.22.250 - - [12/Jan/2015:13:04:21 -0500] "GET /BLA/boletinlegal/js/jquery.js HTTP/1.1" 200 57254
190.156.22.250 - - [12/Jan/2015:13:04:21 -0500] "GET /BLA/boletinlegal/js/jquery.scrollTo-min.js HTTP/1.1" 200 1150
190.156.22.250 - - [12/Jan/2015:13:04:21 -0500] "GET /BLA/boletinlegal/js/jquery.scrollShow.js HTTP/1.1" 200 4586
186.84.48.121 - - [12/Jan/2015:13:04:21 -0500] "GET /BLA/boletinlegal/js/jquery.js HTTP/1.1" 200 57254
186.84.48.121 - - [12/Jan/2015:13:04:21 -0500] "GET /BLA/boletinlegal/js/jquery.scrollTo-min.js HTTP/1.1" 200 1150
186.84.48.121 - - [12/Jan/2015:13:04:21 -0500] "GET /BLA/boletinlegal/js/jquery.scrollShow.js HTTP/1.1" 200 4586
66.249.67.67 - - [12/Jan/2015:13:04:22 -0500] "GET /BLA/resoluciones/RESOLUCIONES%202010/2870.pdf HTTP/1.1" 200 495041
186.84.40.34 - - [12/Jan/2015:13:04:23 -0500] "POST /forms/lservlet;jsessionid=ac16012b30d5b930346dabb54c25a2d5a04463a31c2d.e3iSbxaKaheRe34SahiRb30Pchr0n6jAmljGr5XDqQLvpAe HTTP/1.1" 200 2
66.249.67.119 - - [12/Jan/2015:13:04:30 -0500] "GET /Anexos%20estudio%20Organizacional%20SDA/index.php?dir=ANEXO+No.+4+-+ENCUESTA+DE+AN%C1LISIS+ORGANIZACIONAL%2F HTTP/1.1" 200 5348
190.156.91.79 - - [12/Jan/2015:13:04:34 -0500] "POST /forms/lservlet;jsessionid=ac16012b30d5b9c7596d463549dcbb039173fc01d604.e3iSbxaKaheRe34SahiRb30Pchr0n6jAmljGr5XDqQLvpAe HTTP/1.1" 200 2
207.46.13.12 - - [12/Jan/2015:13:04:51 -0500] "GET /BLA/resoluciones/AUTOS%202012/2762.pdf HTTP/1.1" 200 389288
66.249.67.75 - - [12/Jan/2015:13:04:51 -0500] "GET /BLA/resoluciones/RESOLUCIONES%202012/0293.pdf HTTP/1.1" 200 1362825
186.29.203.131 - - [12/Jan/2015:13:04:52 -0500] "POST /forms/lservlet;jsessionid=ac16012b30d5b10e4f29f1924fbb8a83aef930aaa7e9.e3iSbxaKaheRe34SahiRb30Pchr0n6jAmljGr5XDqQLvpAe HTTP/1.1" 200 2
181.54.57.138 - - [12/Jan/2015:13:04:59 -0500] "GET /forms/frmservlet?config=sia HTTP/1.1" 200 4028
93.97.45.47 - - [12/Jan/2015:13:05:04 -0500] "GET /webdav/x32.php HTTP/1.1" 404 1018
181.54.57.138 - - [12/Jan/2015:13:05:08 -0500] "GET /forms/java/frmall_jinit.jar HTTP/1.1" 304 -
181.54.57.138 - - [12/Jan/2015:13:05:11 -0500] "GET /forms/java/icons.jar HTTP/1.1" 304 -
181.54.57.138 - - [12/Jan/2015:13:05:11 -0500] "GET /forms/java/java/awt/KeyboardFocusManager.class HTTP/1.1" 404 352
181.54.57.138 - - [12/Jan/2015:13:05:11 -0500] "GET /forms/java/java/awt/KeyboardFocusManager.class HTTP/1.1" 404 352
181.54.57.138 - - [12/Jan/2015:13:05:13 -0500] "GET /forms/java/java/awt/event/MouseWheelListener.class HTTP/1.1" 404 356
181.54.57.138 - - [12/Jan/2015:13:05:13 -0500] "GET /forms/java/java/awt/event/MouseWheelListener.class HTTP/1.1" 404 356
181.54.57.138 - - [12/Jan/2015:13:05:13 -0500] "GET /forms/java/oracle/forms/registry/Registry.dat HTTP/1.1" 200 4213
