66.249.64.171 - - [12/Jan/2015:02:09:12 -0500] "GET /BLA/boletinlegal/Circulares/2009/Circular%20No.%2035%20del%2024%20de%20Diciembre%20de%202009.pdf HTTP/1.1" 200 578234
66.249.64.167 - - [12/Jan/2015:02:09:28 -0500] "GET /BLA/resoluciones/RESOLUCIONES%202008/2130.pdf HTTP/1.1" 200 692750
157.55.39.23 - - [12/Jan/2015:02:09:31 -0500] "GET /bla/resoluciones/autos%202010/2905.pdf HTTP/1.1" 200 741488
66.249.64.167 - - [12/Jan/2015:02:10:25 -0500] "GET /autoliquidacion/Grupo%20Forestal%20-%20Industria%20de%20la%20Madera/Lista%20de%20chequeo%20-%20Verificaci%C3%B3n%20de%20permisos%20CITIES%20y%20NO%20CITIES.pdf HTTP/1.1" 304 -
66.249.64.171 - - [12/Jan/2015:02:11:22 -0500] "GET /BLA/resoluciones/RESOLUCIONES%202009/6153.pdf HTTP/1.1" 200 637218
66.249.64.163 - - [12/Jan/2015:02:11:42 -0500] "GET /BLA/resoluciones/RESOLUCIONES%202004/RES%202004%20201-250/00000223.tif HTTP/1.1" 200 119562
66.249.64.167 - - [12/Jan/2015:02:12:18 -0500] "GET /BLA/resoluciones/RESOLUCIONES%202010/0926.pdf HTTP/1.1" 304 -
190.103.108.202 - - [12/Jan/2015:02:12:35 -0500] "GET /BLA/boletinlegal/js/jquery.js HTTP/1.1" 200 57254
190.103.108.202 - - [12/Jan/2015:02:12:35 -0500] "GET /BLA/boletinlegal/js/jquery.scrollTo-min.js HTTP/1.1" 200 1150
190.103.108.202 - - [12/Jan/2015:02:12:35 -0500] "GET /BLA/boletinlegal/js/jquery.scrollShow.js HTTP/1.1" 200 4586
180.76.6.21 - - [12/Jan/2015:02:13:11 -0500] "GET /BLA/resoluciones/index.php?dir=RESOLUCIONES%202007/RES%202007%202501%20AL%202600/&sort=size&order=asc HTTP/1.1" 200 26847
66.249.64.163 - - [12/Jan/2015:02:13:15 -0500] "GET /BLA/resoluciones/AUTOS%202009/3055.pdf HTTP/1.1" 200 122001
157.55.39.23 - - [12/Jan/2015:02:13:40 -0500] "GET /bla/resoluciones/resoluciones%202009/0342.pdf HTTP/1.1" 200 409338
66.249.64.167 - - [12/Jan/2015:02:13:44 -0500] "GET /BLA/resoluciones/RESOLUCIONES%202005/RES%202005%201-50/00000029.tif HTTP/1.1" 200 280462
180.76.6.158 - - [12/Jan/2015:02:13:49 -0500] "GET /BLA/resoluciones/RESOLUCIONES%202008/0524.pdf HTTP/1.1" 200 181550
74.86.158.107 - - [12/Jan/2015:02:13:52 -0500] "HEAD / HTTP/1.1" 302 -
66.249.64.171 - - [12/Jan/2015:02:14:12 -0500] "GET /BLA/resoluciones/RESOLUCIONES%202008/4956.pdf HTTP/1.1" 200 239851
123.125.71.13 - - [12/Jan/2015:02:14:49 -0500] "GET / HTTP/1.1" 302 -
180.76.5.26 - - [12/Jan/2015:02:15:07 -0500] "GET /BLA/resoluciones/RESOLUCIONES%202008/2833.pdf HTTP/1.1" 200 254816
66.249.64.163 - - [12/Jan/2015:02:15:08 -0500] "GET /BLA/resoluciones/RESOLUCIONES%202009/2047.pdf HTTP/1.1" 200 634841
220.181.108.111 - - [12/Jan/2015:02:15:39 -0500] "GET / HTTP/1.1" 302 -
66.249.64.167 - - [12/Jan/2015:02:16:00 -0500] "GET /BLA/boletinlegal/Circulares/2012/Circular%20No.%2011%20del%2027%20de%20Agosto%20de%202012.pdf HTTP/1.1" 200 526945
66.249.64.167 - - [12/Jan/2015:02:16:05 -0500] "GET /BLA/resoluciones/RESOLUCIONES%202008/4368.pdf HTTP/1.1" 200 851863
199.67.131.149 - - [12/Jan/2015:02:16:47 -0500] "GET /galeria/nivo-slider/demo/images/Hacienda_Molinos.jpg HTTP/1.1" 304 -
66.249.64.163 - - [12/Jan/2015:02:17:02 -0500] "GET /BLA/resoluciones/RESOLUCIONES%202009/5770.pdf HTTP/1.1" 200 893527
157.55.39.23 - - [12/Jan/2015:02:17:48 -0500] "GET /BLA/resoluciones/RESOLUCIONES%202007/RES%202007%20901%20AL%201000/RESOLUCION%200963%20DE%202007.pdf HTTP/1.1" 200 58564
66.249.64.47 - - [12/Jan/2015:02:17:58 -0500] "GET /PORTAL_SIAC/swf/Residuos/vehiculos/images/page1.swf HTTP/1.1" 200 385334
74.86.158.107 - - [12/Jan/2015:02:18:52 -0500] "HEAD / HTTP/1.1" 302 -
66.249.64.171 - - [12/Jan/2015:02:18:55 -0500] "GET /BLA/resoluciones/RESOLUCIONES%202009/2082.pdf HTTP/1.1" 200 575123
190.26.210.162 - - [12/Jan/2015:02:19:11 -0500] "GET / HTTP/1.1" 302 -
66.249.64.167 - - [12/Jan/2015:02:19:52 -0500] "GET /BLA/resoluciones/RESOLUCIONES%202008/2479.pdf HTTP/1.1" 200 208034
190.26.210.162 - - [12/Jan/2015:02:19:59 -0500] "GET /BLA/boletinlegal/js/jquery.js HTTP/1.1" 304 -
190.26.210.162 - - [12/Jan/2015:02:19:59 -0500] "GET /BLA/boletinlegal/js/jquery.scrollTo-min.js HTTP/1.1" 304 -
190.26.210.162 - - [12/Jan/2015:02:19:59 -0500] "GET /BLA/boletinlegal/js/jquery.scrollShow.js HTTP/1.1" 304 -
157.55.39.23 - - [12/Jan/2015:02:20:09 -0500] "GET /bla/resoluciones/autos%202010/1908.pdf HTTP/1.1" 200 110960
190.26.210.162 - - [12/Jan/2015:02:20:14 -0500] "GET /galeria/nivo-slider/demo/demo.html HTTP/1.1" 304 -
190.26.210.162 - - [12/Jan/2015:02:20:14 -0500] "GET /galeria/carrusel/Carrusel/jquery.thumbnailScroller.css HTTP/1.1" 304 -
190.26.210.162 - - [12/Jan/2015:02:20:14 -0500] "GET /galeria/carrusel/Carrusel/jquery-ui- HTTP/1.1" 404 1018
190.26.210.162 - - [12/Jan/2015:02:20:16 -0500] "GET /galeria/carrusel/Carrusel/jquery.thumbnailScroller.js HTTP/1.1" 304 -
190.26.210.162 - - [12/Jan/2015:02:20:23 -0500] "GET /videos/Spot_CambioClimatico.flv HTTP/1.1" 304 -
190.26.210.162 - - [12/Jan/2015:02:20:25 -0500] "GET /galeria/nivo-slider/demo/ HTTP/1.1" 200 2278
66.249.64.163 - - [12/Jan/2015:02:20:49 -0500] "GET /BLA/resoluciones/RESOLUCIONES%202008/3383.pdf HTTP/1.1" 200 355947
190.26.210.162 - - [12/Jan/2015:02:20:15 -0500] "GET /BLA/boletinlegal/index.php? HTTP/1.1" 200 49381
207.46.13.12 - - [12/Jan/2015:02:21:12 -0500] "GET /bla/resoluciones/resoluciones%202009/2425.pdf HTTP/1.1" 200 322769
66.249.64.167 - - [12/Jan/2015:02:21:45 -0500] "GET /BLA/resoluciones/AUTOS%202007/3339.pdf HTTP/1.1" 200 69682
66.249.64.171 - - [12/Jan/2015:02:22:42 -0500] "GET /BLA/resoluciones/RESOLUCIONES%202007/RES%202007%201201%20AL%201300/RESOLUCION%201212%20DE%202007.pdf HTTP/1.1" 200 505597
66.249.64.167 - - [12/Jan/2015:02:22:50 -0500] "GET /BLA/boletinlegal/Circulares/2011/Circular%20No.%206%20del%2023%20de%20Septiembre%20de%202011.pdf HTTP/1.1" 200 252800
207.46.13.12 - - [12/Jan/2015:02:23:08 -0500] "GET /bla/resoluciones/resoluciones%202009/7664.pdf HTTP/1.1" 200 492389
66.249.64.163 - - [12/Jan/2015:02:23:21 -0500] "GET /BLA/resoluciones/AUTOS%202006/AUTOS%202006%202101%20-%202200/00002108.tif HTTP/1.1" 200 80512
66.249.64.163 - - [12/Jan/2015:02:23:21 -0500] "GET /BLA/resoluciones/RESOLUCIONES%202005/RES%202005%201-50/00000039.tif HTTP/1.1" 200 367496
157.55.39.23 - - [12/Jan/2015:02:23:38 -0500] "GET /bla/resoluciones/autos%202010/4593.pdf HTTP/1.1" 200 156975
66.249.64.43 - - [12/Jan/2015:02:23:39 -0500] "GET /ecodirectorio/files/res/navbtn/thumbnail.swf HTTP/1.1" 200 5344
74.86.158.107 - - [12/Jan/2015:02:23:52 -0500] "HEAD / HTTP/1.1" 302 -
180.76.6.134 - - [12/Jan/2015:02:24:30 -0500] "GET /BLA/boletinlegal;jsessionid=76815DB8C6EF4EFB44015674D96AAF91?/? HTTP/1.1" 404 1018
66.249.64.163 - - [12/Jan/2015:02:24:35 -0500] "GET /BLA/resoluciones/RESOLUCIONES%202008/0825.pdf HTTP/1.1" 200 452688
66.249.64.163 - - [12/Jan/2015:02:25:32 -0500] "GET /BLA/resoluciones/AUTOS%202007/0348.pdf HTTP/1.1" 200 188543
180.76.5.147 - - [12/Jan/2015:02:25:47 -0500] "GET /BLA/resoluciones/AUTOS%202013/0405.pdf HTTP/1.1" 200 712084
66.249.64.171 - - [12/Jan/2015:02:26:29 -0500] "GET /BLA/resoluciones/RESOLUCIONES%202010/2592.pdf HTTP/1.1" 200 330554
66.249.64.171 - - [12/Jan/2015:02:27:25 -0500] "GET /BLA/resoluciones/AUTOS%202011/0945.pdf HTTP/1.1" 304 -
180.76.6.151 - - [12/Jan/2015:02:27:52 -0500] "GET /BLA/boletinlegal;jsessionid=987CCAD536A71BB418853E5B9FF3190B?/? HTTP/1.1" 404 1018
66.249.64.163 - - [12/Jan/2015:02:28:22 -0500] "GET /BLA/resoluciones/RESOLUCIONES%202008/5641.pdf HTTP/1.1" 200 268858
180.76.5.20 - - [12/Jan/2015:02:28:31 -0500] "GET /BLA/boletinlegal;jsessionid=CF9B6738CB6677988EAFDC7CD43604BD?/? HTTP/1.1" 404 1018
74.86.158.107 - - [12/Jan/2015:02:28:52 -0500] "HEAD / HTTP/1.1" 302 -
157.55.39.23 - - [12/Jan/2015:02:28:53 -0500] "GET /bla/resoluciones/autos%202010/5640.pdf HTTP/1.1" 200 962999
207.46.13.12 - - [12/Jan/2015:02:29:17 -0500] "GET /BLA/resoluciones/AUTOS%202009/2435.pdf HTTP/1.1" 200 101116
66.249.64.39 - - [12/Jan/2015:02:29:19 -0500] "GET /POT-2013/Cartografia/01_Clasificacion_Rural_V1_2013.pdf HTTP/1.1" 304 -
66.249.64.163 - - [12/Jan/2015:02:29:42 -0500] "GET /BLA/boletinlegal/Circulares/2011/Circular%20No.%207%20del%2015%20de%20Septiembre%20de%202011.pdf HTTP/1.1" 200 314873
66.249.64.171 - - [12/Jan/2015:02:30:15 -0500] "GET /BLA/resoluciones/AUTOS%202011/0104.pdf HTTP/1.1" 200 203723
207.46.13.113 - - [12/Jan/2015:02:31:00 -0500] "GET /BLA/resoluciones/RESOLUCIONES%202009/0981.pdf HTTP/1.1" 200 309667
207.46.13.113 - - [12/Jan/2015:02:31:01 -0500] "GET /BLA/resoluciones/AUTOS%202012/2641.pdf HTTP/1.1" 200 469281
207.46.13.113 - - [12/Jan/2015:02:31:01 -0500] "GET /BLA/boletinlegal/Circulares/2012/Circular%20No.%2010%20del%2022%20de%20Agosto%20de%202012.pdf HTTP/1.1" 200 1563219
207.46.13.113 - - [12/Jan/2015:02:31:02 -0500] "GET /BLA/resoluciones/AUTOS%202009/3369.pdf HTTP/1.1" 200 208792
207.46.13.113 - - [12/Jan/2015:02:31:02 -0500] "GET /BLA/resoluciones/AUTOS%202010/3123.pdf HTTP/1.1" 200 154649
207.46.13.113 - - [12/Jan/2015:02:31:03 -0500] "GET /bla/resoluciones/resoluciones%202009/7595.pdf HTTP/1.1" 200 551594
207.46.13.113 - - [12/Jan/2015:02:31:03 -0500] "GET /BLA/resoluciones/RESOLUCIONES%202007/RES%202007%20901%20AL%201000/RESOLUCION%200943%20DE%202007.pdf HTTP/1.1" 200 225920
207.46.13.113 - - [12/Jan/2015:02:31:04 -0500] "GET /bla/resoluciones/autos%202010/5503.pdf HTTP/1.1" 200 284989
207.46.13.113 - - [12/Jan/2015:02:31:04 -0500] "GET /BLA/resoluciones/RESOLUCIONES%202007/RES%202007%20901%20AL%201000/RESOLUCION%200942%20DE%202007.pdf HTTP/1.1" 200 225750
207.46.13.113 - - [12/Jan/2015:02:31:05 -0500] "GET /bla/resoluciones/autos%202010/0149.pdf HTTP/1.1" 200 173025
207.46.13.113 - - [12/Jan/2015:02:31:05 -0500] "GET /BLA/resoluciones/RESOLUCIONES%202007/RES%202007%20901%20AL%201000/RESOLUCION%200994%20DE%202007.pdf HTTP/1.1" 200 320795
207.46.13.113 - - [12/Jan/2015:02:31:06 -0500] "GET /BLA/resoluciones/AUTOS%202012/2420.pdf HTTP/1.1" 200 215787
207.46.13.113 - - [12/Jan/2015:02:31:06 -0500] "GET /BLA/resoluciones/RESOLUCIONES%202012/1149.pdf HTTP/1.1" 200 300010
207.46.13.113 - - [12/Jan/2015:02:31:07 -0500] "GET /bla/resoluciones/autos%202010/4484.pdf HTTP/1.1" 200 168835
66.249.64.167 - - [12/Jan/2015:02:31:12 -0500] "GET /BLA/resoluciones/RESOLUCIONES%202011/5564.pdf HTTP/1.1" 200 508813
157.55.39.22 - - [12/Jan/2015:02:31:39 -0500] "GET /BLA/boletinlegal/js/jquery.scrollShow.js HTTP/1.1" 200 4586
157.55.39.23 - - [12/Jan/2015:02:31:40 -0500] "GET /bla/resoluciones/autos%202010/3789.pdf HTTP/1.1" 200 250627
66.249.64.163 - - [12/Jan/2015:02:32:09 -0500] "GET /BLA/resoluciones/AUTOS%202012/1756.pdf HTTP/1.1" 304 -
66.249.64.163 - - [12/Jan/2015:02:32:15 -0500] "GET /BLA/resoluciones/RESOLUCIONES%202005/RES%202005%201-50/00000044.tif HTTP/1.1" 200 243908
66.249.64.167 - - [12/Jan/2015:02:32:16 -0500] "GET /BLA/resoluciones/RESOLUCIONES%202004/RES%202004%20201-250/00000232.tif HTTP/1.1" 200 118552
66.249.64.167 - - [12/Jan/2015:02:33:06 -0500] "GET /BLA/resoluciones/RESOLUCIONES%202012/1780.pdf HTTP/1.1" 200 449665
157.55.39.22 - - [12/Jan/2015:02:33:16 -0500] "GET /BLA/resoluciones/RESOLUCIONES%202008/1646.pdf HTTP/1.1" 200 233525
74.86.158.107 - - [12/Jan/2015:02:33:52 -0500] "HEAD / HTTP/1.1" 302 -
66.249.64.167 - - [12/Jan/2015:02:34:02 -0500] "GET /BLA/resoluciones/AUTOS%202007/0520.pdf HTTP/1.1" 200 284694
157.55.39.23 - - [12/Jan/2015:02:34:40 -0500] "GET /bla/resoluciones/autos%202010/2523.pdf HTTP/1.1" 200 151309
157.55.39.23 - - [12/Jan/2015:02:34:41 -0500] "GET /bla/resoluciones/resoluciones%202009/0332.pdf HTTP/1.1" 200 323162
66.249.64.167 - - [12/Jan/2015:02:34:59 -0500] "GET /BLA/resoluciones/AUTOS%202014/1699.pdf HTTP/1.1" 200 608572
180.76.5.59 - - [12/Jan/2015:02:35:01 -0500] "GET /BLA/boletinlegal;jsessionid=B94F445E7918C9B5304883CAD83500FC?/? HTTP/1.1" 404 1018
66.249.64.167 - - [12/Jan/2015:02:35:56 -0500] "GET /BLA/resoluciones/AUTOS%202011/0217.pdf HTTP/1.1" 304 -
66.249.64.167 - - [12/Jan/2015:02:36:30 -0500] "GET /BLA/boletinlegal/Circulares/2011/Circular%20No.%201%20del%2012%20de%20Abril%20de%202011.pdf HTTP/1.1" 200 366269
157.55.39.23 - - [12/Jan/2015:02:36:40 -0500] "GET /BLA/resoluciones/AUTOS%202012/2873.pdf HTTP/1.1" 200 404298
66.249.64.171 - - [12/Jan/2015:02:36:52 -0500] "GET /BLA/resoluciones/AUTOS%202014/0888.pdf HTTP/1.1" 200 312214
66.249.64.171 - - [12/Jan/2015:02:37:49 -0500] "GET /BLA/resoluciones/AUTOS%202014/0044.pdf HTTP/1.1" 200 1034331
66.249.64.163 - - [12/Jan/2015:02:38:46 -0500] "GET /BLA/resoluciones/AUTOS%202014/2729.pdf HTTP/1.1" 200 470735
74.86.158.107 - - [12/Jan/2015:02:38:52 -0500] "HEAD / HTTP/1.1" 302 -
180.76.5.171 - - [12/Jan/2015:02:39:14 -0500] "GET /BLA/boletinlegal;jsessionid=65BAD81C9778ACA1E0B3F11B721D4F30?/? HTTP/1.1" 404 1018
66.249.64.167 - - [12/Jan/2015:02:39:42 -0500] "GET /BLA/resoluciones/RESOLUCIONES%202010/0172.pdf HTTP/1.1" 304 -
66.249.64.171 - - [12/Jan/2015:02:40:39 -0500] "GET /BLA/resoluciones/RESOLUCIONES%202007/RES%202007%204001%20AL%204100/RESOLUCION%204063%20DE%202007.pdf HTTP/1.1" 200 402376
66.249.64.163 - - [12/Jan/2015:02:41:36 -0500] "GET /BLA/resoluciones/RESOLUCIONES%202007/RES%202007%204301%20AL%204352/RESOLUCION%204341%20%20DE%202007.pdf HTTP/1.1" 304 -
66.249.64.171 - - [12/Jan/2015:02:42:10 -0500] "GET /BLA/resoluciones/RESOLUCIONES%202005/RES%202005%201-50/00000036.tif HTTP/1.1" 200 123070
66.249.64.163 - - [12/Jan/2015:02:42:32 -0500] "GET /BLA/resoluciones/RESOLUCIONES%202010/5987.pdf HTTP/1.1" 304 -
157.55.39.23 - - [12/Jan/2015:02:42:35 -0500] "GET /BLA/resoluciones/AUTOS%202012/1281.pdf HTTP/1.1" 200 241503
66.249.64.163 - - [12/Jan/2015:02:43:20 -0500] "GET /BLA/boletinlegal/Circulares/2012/Circular%20No.%201%20del%2017%20de%20Enero%20de%202012.pdf HTTP/1.1" 200 1118749
66.249.64.171 - - [12/Jan/2015:02:43:29 -0500] "GET /BLA/resoluciones/RESOLUCIONES%202010/0408.pdf HTTP/1.1" 304 -
74.86.158.107 - - [12/Jan/2015:02:43:52 -0500] "HEAD / HTTP/1.1" 302 -
66.249.64.167 - - [12/Jan/2015:02:44:26 -0500] "GET /BLA/resoluciones/RESOLUCIONES%202010/1748.pdf HTTP/1.1" 304 -
180.76.5.177 - - [12/Jan/2015:02:44:31 -0500] "GET /BLA/boletinlegal;jsessionid=CAF1CEFF06233D7C9AADD8BCC5F67994?/? HTTP/1.1" 404 1018
157.55.39.23 - - [12/Jan/2015:02:44:36 -0500] "GET /BLA/boletinlegal/js/jquery.scrollShow.js HTTP/1.1" 200 4586
180.76.6.140 - - [12/Jan/2015:02:45:10 -0500] "GET /BLA/boletinlegal;jsessionid=DEC42160B038B10B4270CA6F90CF90C3?/? HTTP/1.1" 404 1018
66.249.64.167 - - [12/Jan/2015:02:45:22 -0500] "GET /BLA/resoluciones/RESOLUCIONES%202010/5258.pdf HTTP/1.1" 304 -
66.249.64.171 - - [12/Jan/2015:02:46:07 -0500] "GET /newsecs1/plaenli/res1/sa.htm HTTP/1.1" 404 1018
190.25.232.143 - - [12/Jan/2015:02:46:09 -0500] "GET /galeria/nivo-slider/demo/images/Biotaxis-Man.jpg HTTP/1.1" 304 -
66.249.64.171 - - [12/Jan/2015:02:46:19 -0500] "GET /BLA/resoluciones/AUTOS%202013/0382.pdf HTTP/1.1" 304 -
207.46.13.113 - - [12/Jan/2015:02:46:34 -0500] "GET /BLA/resoluciones/RESOLUCIONES%202008/2303.pdf HTTP/1.1" 200 359005
207.46.13.113 - - [12/Jan/2015:02:46:34 -0500] "GET /bla/resoluciones/autos%202010/5424.pdf HTTP/1.1" 200 420655
207.46.13.113 - - [12/Jan/2015:02:46:35 -0500] "GET /bla/resoluciones/autos%202010/5406.pdf HTTP/1.1" 200 1008047
207.46.13.113 - - [12/Jan/2015:02:46:35 -0500] "GET /bla/resoluciones/resoluciones%202009/9181.pdf HTTP/1.1" 200 461975
207.46.13.12 - - [12/Jan/2015:02:46:36 -0500] "GET /BLA/resoluciones/AUTOS%202010/1723.pdf HTTP/1.1" 200 819092
207.46.13.113 - - [12/Jan/2015:02:46:25 -0500] "GET /BLA/boletinlegal/?/ HTTP/1.1" 200 49381
66.249.64.39 - - [12/Jan/2015:02:47:16 -0500] "GET /PruebasSTORM/StormSDA_pruebas/userFiles/user_files/formulas/2/54.xml HTTP/1.1" 200 2092
207.46.13.12 - - [12/Jan/2015:02:47:40 -0500] "GET /BLA/resoluciones/AUTOS%202010/1275.pdf HTTP/1.1" 200 299819
157.55.39.23 - - [12/Jan/2015:02:47:42 -0500] "GET /BLA/resoluciones/AUTOS%202007/3220.pdf HTTP/1.1" 200 85800
66.249.64.171 - - [12/Jan/2015:02:48:13 -0500] "GET /BLA/resoluciones/AUTOS%202010/5435.pdf HTTP/1.1" 304 -
74.86.158.107 - - [12/Jan/2015:02:48:52 -0500] "HEAD / HTTP/1.1" 302 -
66.249.64.167 - - [12/Jan/2015:02:49:09 -0500] "GET /BLA/resoluciones/RESOLUCIONES%202009/2087.pdf HTTP/1.1" 304 -
180.76.6.150 - - [12/Jan/2015:02:49:26 -0500] "GET /BLA/resoluciones/AUTOS%202012/1899.pdf HTTP/1.1" 200 454067
207.46.13.133 - - [12/Jan/2015:02:49:38 -0500] "GET /bla/resoluciones/autos%202010/1368.pdf HTTP/1.1" 200 301170
66.249.64.171 - - [12/Jan/2015:02:50:06 -0500] "GET /BLA/resoluciones/AUTOS%202011/0283.pdf HTTP/1.1" 304 -
66.249.64.171 - - [12/Jan/2015:02:50:11 -0500] "GET /BLA/boletinlegal/Circulares/2012/Circular%20No.%2010%20del%2022%20de%20Agosto%20de%202012.pdf HTTP/1.1" 200 1563219
180.76.5.71 - - [12/Jan/2015:02:50:44 -0500] "GET /BLA/resoluciones/Autos%202008/0540.pdf HTTP/1.1" 200 141969
66.249.64.163 - - [12/Jan/2015:02:51:03 -0500] "GET /BLA/resoluciones/RESOLUCIONES%202011/1806.pdf HTTP/1.1" 304 -
157.55.39.23 - - [12/Jan/2015:02:51:06 -0500] "GET /BLA/resoluciones/RESOLUCIONES%202008/1603.pdf HTTP/1.1" 200 73790
66.249.64.163 - - [12/Jan/2015:02:51:27 -0500] "GET /BLA/resoluciones/RESOLUCIONES%202005/RES%202005%201-50/00000048.tif HTTP/1.1" 200 143118
66.249.64.163 - - [12/Jan/2015:02:51:59 -0500] "GET /BLA/resoluciones/RESOLUCIONES%202008/0577.pdf HTTP/1.1" 304 -
180.76.6.142 - - [12/Jan/2015:02:52:01 -0500] "GET /BLA/boletinlegal;jsessionid=1041F4B5A249821EAFF47E8AC4F181D2?/? HTTP/1.1" 404 1018
66.249.64.171 - - [12/Jan/2015:02:52:09 -0500] "GET /BLA/resoluciones/AUTOS%202006/AUTOS%202006%203301%20-%203418/00003378.tif HTTP/1.1" 200 53938
157.55.39.23 - - [12/Jan/2015:02:52:31 -0500] "GET /bla/resoluciones/autos%202010/5576.pdf HTTP/1.1" 200 450327
66.249.64.171 - - [12/Jan/2015:02:52:56 -0500] "GET /BLA/resoluciones/RESOLUCIONES%202011/0165.pdf HTTP/1.1" 200 323387
66.249.64.167 - - [12/Jan/2015:02:53:47 -0500] "GET /newsecs/plaenli/res1/sa.htm HTTP/1.1" 404 1018
74.86.158.107 - - [12/Jan/2015:02:53:52 -0500] "HEAD / HTTP/1.1" 302 -
66.249.64.43 - - [12/Jan/2015:02:53:53 -0500] "GET /PruebasSTORM/StormSDA_pruebas/userFiles/user_files/formulas/3/569.xml HTTP/1.1" 200 1008
66.249.64.171 - - [12/Jan/2015:02:54:49 -0500] "GET /BLA/resoluciones/RESOLUCIONES%202009/4698.pdf HTTP/1.1" 304 -
66.249.64.163 - - [12/Jan/2015:02:54:51 -0500] "GET /BLA/resoluciones/RESOLUCIONES%202004/RES%202004%20201-250/00000201.tif HTTP/1.1" 200 715098
157.55.39.23 - - [12/Jan/2015:02:55:59 -0500] "GET /BLA/boletinlegal/Circulares/2011/Circular%20No.%202%20del%2026%20de%20Mayo%20de%202011.pdf HTTP/1.1" 200 644194
66.249.64.39 - - [12/Jan/2015:02:56:43 -0500] "GET /PruebasSTORM/StormSDA_pruebas/userFiles/user_files/formulas/3/680.xml HTTP/1.1" 200 961
207.46.13.12 - - [12/Jan/2015:02:56:48 -0500] "GET /bla/resoluciones/autos%202010/5566.pdf HTTP/1.1" 200 584220
66.249.64.167 - - [12/Jan/2015:02:57:00 -0500] "GET /BLA/boletinlegal/Circulares/2009/Circular%20Instructiva%20-%20Memorando%202009IE24363.pdf HTTP/1.1" 200 1544636
66.249.64.39 - - [12/Jan/2015:02:57:39 -0500] "GET /Autoliquidacion/index.php?dir=&sort=date&order=desc HTTP/1.1" 200 6374
190.25.232.143 - - [12/Jan/2015:02:58:10 -0500] "GET /galeria/nivo-slider/themes/orman/orman.css HTTP/1.1" 304 -
74.86.158.107 - - [12/Jan/2015:02:58:52 -0500] "HEAD / HTTP/1.1" 302 -
66.249.64.39 - - [12/Jan/2015:02:59:33 -0500] "GET /POT-2013/Cartografia/12_Est_Ordenam_Regiona_2013_v1.pdf HTTP/1.1" 304 -
66.249.64.163 - - [12/Jan/2015:03:00:10 -0500] "GET /BLA/resoluciones/RESOLUCIONES%202005/RES%202005%201-50/00000031.tif HTTP/1.1" 200 225556
66.249.64.43 - - [12/Jan/2015:03:00:23 -0500] "GET /Autoliquidacion/dlf/styles.css HTTP/1.1" 200 3045
66.249.64.39 - - [12/Jan/2015:03:00:30 -0500] "GET /ecodirectorio/files/res/other/search.txt HTTP/1.1" 304 -
68.180.229.40 - - [12/Jan/2015:03:00:33 -0500] "GET /galeria/juegos/ear/EARI.swf HTTP/1.1" 304 -
68.180.229.40 - - [12/Jan/2015:03:00:34 -0500] "GET /galeria/juegos/ear/cab_ear.flv HTTP/1.1" 304 -
66.249.64.171 - - [12/Jan/2015:03:02:23 -0500] "GET /BLA/resoluciones/RESOLUCIONES%202007/RES%202007%201401%20AL%201500/RESOLUCION%201421%20DE%202007.pdf HTTP/1.1" 200 178033
66.249.64.163 - - [12/Jan/2015:03:03:20 -0500] "GET /BLA/resoluciones/RESOLUCIONES%202010/4772.pdf HTTP/1.1" 304 -
66.249.64.163 - - [12/Jan/2015:03:03:49 -0500] "GET /BLA/boletinlegal/Circulares/2011/Circular%20No.%201%20del%2023%20de%20Febrero%20de%202011.pdf HTTP/1.1" 200 540140
74.86.158.107 - - [12/Jan/2015:03:03:52 -0500] "HEAD / HTTP/1.1" 302 -
66.249.64.171 - - [12/Jan/2015:03:04:16 -0500] "GET /BLA/resoluciones/AUTOS%202008/0273.pdf HTTP/1.1" 200 188100
66.249.64.167 - - [12/Jan/2015:03:05:13 -0500] "GET /BLA/resoluciones/RESOLUCIONES%202011/3812.pdf HTTP/1.1" 200 499071
187.199.2.77 - - [12/Jan/2015:03:05:30 -0500] "GET /PruebasSTORM/StormSDA_pruebas/lib/&sa=U&ei=i4CzVJKwF4yQyAT1k4KwAw&ved=0CM4CEBYwOThk&usg=AFQjCNHXQDKBhh8O9cY3mws8sKt1LxOQTQ HTTP/1.1" 404 1018
112.111.188.153 - - [12/Jan/2015:03:05:41 -0500] "GET /BLA/resoluciones/RESOLUCIONES%202012/0317.pdf HTTP/1.1" 200 380151
112.111.188.153 - - [12/Jan/2015:03:05:56 -0500] "POST /BLA/resoluciones/RESOLUCIONES%202012/0317.pdf/trackback/ HTTP/1.1" 404 1292
66.249.64.171 - - [12/Jan/2015:03:06:10 -0500] "GET /BLA/resoluciones/RESOLUCIONES%202013/0050.pdf HTTP/1.1" 304 -
66.249.64.163 - - [12/Jan/2015:03:07:06 -0500] "GET /BLA/resoluciones/AUTOS%202010/0109.pdf HTTP/1.1" 200 385267
66.249.64.171 - - [12/Jan/2015:03:08:03 -0500] "GET /BLA/resoluciones/RESOLUCIONES%202011/1480.pdf HTTP/1.1" 200 66323
180.76.6.40 - - [12/Jan/2015:03:08:44 -0500] "GET /BLA/boletinlegal;jsessionid=BD6E000C6529112EC00C38159152BE7C?/? HTTP/1.1" 404 1018
74.86.158.107 - - [12/Jan/2015:03:08:52 -0500] "HEAD / HTTP/1.1" 302 -
66.249.64.163 - - [12/Jan/2015:03:09:00 -0500] "GET /BLA/resoluciones/AUTOS%202010/0119.pdf HTTP/1.1" 200 263521
207.46.13.133 - - [12/Jan/2015:03:09:15 -0500] "GET /bla/resoluciones/autos%202010/0848.pdf HTTP/1.1" 200 178563
66.249.64.171 - - [12/Jan/2015:03:09:56 -0500] "GET /BLA/resoluciones/RESOLUCIONES%202008/5214.pdf HTTP/1.1" 200 52634
157.55.39.23 - - [12/Jan/2015:03:10:10 -0500] "GET /BLA/resoluciones/AUTOS%202012/3020.pdf HTTP/1.1" 200 174146
157.55.39.23 - - [12/Jan/2015:03:10:10 -0500] "GET /bla/resoluciones/autos%202010/4731.pdf HTTP/1.1" 200 170545
66.249.64.167 - - [12/Jan/2015:03:10:11 -0500] "GET /BLA/resoluciones/RESOLUCIONES%202005/RES%202005%201-50/00000034.tif HTTP/1.1" 200 259052
180.76.5.25 - - [12/Jan/2015:03:10:30 -0500] "GET /BLA/boletinlegal;jsessionid=FF6990D7AAD3975CDDEF5FB7659D8A63?/? HTTP/1.1" 404 1018
66.249.64.163 - - [12/Jan/2015:03:10:42 -0500] "GET /BLA/boletinlegal/Circulares/2011/Circular%20No.%205%20del%2012%20de%20Agosto%20de%202011.pdf HTTP/1.1" 200 431796
66.249.64.167 - - [12/Jan/2015:03:10:53 -0500] "GET /BLA/resoluciones/RESOLUCIONES%202008/2464.pdf HTTP/1.1" 200 357013
66.249.64.171 - - [12/Jan/2015:03:11:50 -0500] "GET /BLA/resoluciones/RESOLUCIONES%202008/1833.pdf HTTP/1.1" 200 250561
66.249.64.163 - - [12/Jan/2015:03:12:47 -0500] "GET /BLA/resoluciones/AUTOS%202007/1904.pdf HTTP/1.1" 200 48373
190.25.232.143 - - [12/Jan/2015:03:13:40 -0500] "GET /galeria/nivo-slider/demo/images/RdaNegociosFiltros.jpg HTTP/1.1" 304 -
66.249.64.167 - - [12/Jan/2015:03:13:43 -0500] "GET /BLA/resoluciones/AUTOS%202011/2984.pdf HTTP/1.1" 304 -
74.86.158.107 - - [12/Jan/2015:03:13:52 -0500] "HEAD / HTTP/1.1" 302 -
66.249.64.171 - - [12/Jan/2015:03:14:40 -0500] "GET /BLA/resoluciones/RESOLUCIONES%202008/0397.pdf HTTP/1.1" 200 213990
207.46.13.113 - - [12/Jan/2015:03:14:40 -0500] "GET /bla/resoluciones/autos%202010/1942.pdf HTTP/1.1" 200 286227
207.46.13.113 - - [12/Jan/2015:03:14:41 -0500] "GET /bla/resoluciones/autos%202010/2362.pdf HTTP/1.1" 200 260315
207.46.13.113 - - [12/Jan/2015:03:14:41 -0500] "GET /BLA/resoluciones/AUTOS%202009/1603.pdf HTTP/1.1" 200 124057
207.46.13.113 - - [12/Jan/2015:03:14:42 -0500] "GET /BLA/resoluciones/AUTOS%202012/2781.pdf HTTP/1.1" 200 395327
207.46.13.113 - - [12/Jan/2015:03:14:42 -0500] "GET /bla/resoluciones/autos%202010/1096.pdf HTTP/1.1" 200 188283
207.46.13.113 - - [12/Jan/2015:03:14:43 -0500] "GET /BLA/resoluciones/AUTOS%202012/2755.pdf HTTP/1.1" 200 228395
207.46.13.113 - - [12/Jan/2015:03:14:43 -0500] "GET /bla/resoluciones/resoluciones%202009/2348.pdf HTTP/1.1" 200 498059
200.32.81.220 - - [12/Jan/2015:03:15:03 -0500] "GET /BLA/resoluciones/RESOLUCIONES%202010/5435.pdf HTTP/1.1" 200 518681
200.32.81.220 - - [12/Jan/2015:03:15:03 -0500] "GET /BLA/resoluciones/RESOLUCIONES%202010/5435.pdf HTTP/1.1" 206 32768
200.32.81.220 - - [12/Jan/2015:03:15:03 -0500] "GET /BLA/resoluciones/RESOLUCIONES%202010/5435.pdf HTTP/1.1" 206 485913
200.32.81.220 - - [12/Jan/2015:03:15:04 -0500] "GET /favicon.ico HTTP/1.1" 200 7782
66.249.64.163 - - [12/Jan/2015:03:15:37 -0500] "GET /BLA/resoluciones/AUTOS%202007/1317.pdf HTTP/1.1" 200 59865
180.76.5.17 - - [12/Jan/2015:03:15:48 -0500] "GET /BLA/resoluciones/RESOLUCIONES%202010/0342.pdf HTTP/1.1" 200 1030451
157.55.39.38 - - [12/Jan/2015:03:16:00 -0500] "GET /porla/porla2.htm HTTP/1.1" 404 1019
157.55.39.66 - - [12/Jan/2015:03:16:24 -0500] "GET /dama/libreria/php/imagenes/29.jpg HTTP/1.1" 404 1019
66.249.64.167 - - [12/Jan/2015:03:16:33 -0500] "GET /BLA/resoluciones/RESOLUCIONES%202010/7793.pdf HTTP/1.1" 200 72841
180.76.6.132 - - [12/Jan/2015:03:17:06 -0500] "GET /BLA/boletinlegal;jsessionid=D3E1D293E2820947F4297F689FE55598?/? HTTP/1.1" 404 1018
66.249.64.171 - - [12/Jan/2015:03:17:30 -0500] "GET /BLA/resoluciones/RESOLUCIONES%202007/RES%202007%202501%20AL%202600/RESOLUCION%202598%20DE%202007.pdf HTTP/1.1" 304 -
66.249.64.167 - - [12/Jan/2015:03:17:31 -0500] "GET /BLA/resoluciones/RESOLUCIONES%202013/0594.pdf HTTP/1.1" 304 -
207.46.13.133 - - [12/Jan/2015:03:17:51 -0500] "GET /robots.txt HTTP/1.1" 404 1018
66.249.64.171 - - [12/Jan/2015:03:17:53 -0500] "GET /BLA/resoluciones/RESOLUCIONES%202004/RES%202004%20201-250/00000218.tif HTTP/1.1" 200 187582
207.46.13.133 - - [12/Jan/2015:03:18:20 -0500] "GET /BLA/resoluciones/RESOLUCIONES%202007/RES%202007%20901%20AL%201000/RESOLUCION%200940%20DE%202007.pdf HTTP/1.1" 200 221093
207.46.13.113 - - [12/Jan/2015:03:18:26 -0500] "GET /BLA/resoluciones/RESOLUCIONES%202009/0907.pdf HTTP/1.1" 200 401184
207.46.13.113 - - [12/Jan/2015:03:18:26 -0500] "GET /bla/resoluciones/autos%202010/0604.pdf HTTP/1.1" 200 188349
66.249.64.171 - - [12/Jan/2015:03:18:27 -0500] "GET /BLA/resoluciones/RESOLUCIONES%202013/0451.pdf HTTP/1.1" 200 2231094
74.86.158.107 - - [12/Jan/2015:03:18:52 -0500] "HEAD / HTTP/1.1" 302 -
66.249.64.167 - - [12/Jan/2015:03:19:03 -0500] "GET /BLA/resoluciones/RESOLUCIONES%202005/RES%202005%201-50/00000007.tif HTTP/1.1" 200 253222
66.249.64.171 - - [12/Jan/2015:03:19:23 -0500] "GET /BLA/resoluciones/RESOLUCIONES%202010/4507.pdf HTTP/1.1" 304 -
66.249.64.171 - - [12/Jan/2015:03:20:20 -0500] "GET /BLA/resoluciones/RESOLUCIONES%202009/6205.pdf HTTP/1.1" 304 -
66.249.64.171 - - [12/Jan/2015:03:20:57 -0500] "GET /BLA/resoluciones/AUTOS%202006/AUTOS%202006%201701%20-%201800/00001744.tif HTTP/1.1" 200 103904
66.249.64.167 - - [12/Jan/2015:03:21:17 -0500] "GET /BLA/resoluciones/AUTOS%202012/2511.pdf HTTP/1.1" 200 4158695
66.249.64.163 - - [12/Jan/2015:03:22:13 -0500] "GET /BLA/normas/7189.pdf HTTP/1.1" 304 -
180.76.6.29 - - [12/Jan/2015:03:22:21 -0500] "GET /BLA/resoluciones/AUTOS%202011/2949.pdf HTTP/1.1" 200 501125
157.55.39.22 - - [12/Jan/2015:03:22:28 -0500] "GET /BLA/resoluciones/RESOLUCIONES%202008/1920.pdf HTTP/1.1" 200 551738
66.249.64.163 - - [12/Jan/2015:03:23:10 -0500] "GET /BLA/resoluciones/AUTOS%202008/3491.pdf HTTP/1.1" 304 -
74.86.158.107 - - [12/Jan/2015:03:23:52 -0500] "HEAD / HTTP/1.1" 302 -
207.46.13.113 - - [12/Jan/2015:03:24:37 -0500] "GET /robots.txt HTTP/1.1" 404 1018
66.249.64.171 - - [12/Jan/2015:03:24:07 -0500] "GET /BLA/boletinlegal/index.php HTTP/1.1" 200 45835
66.249.64.167 - - [12/Jan/2015:03:24:47 -0500] "GET /BLA/boletinlegal/Circulares/2013/Circular%20No.%208%20del%201%20de%20Noviembre%20de%202013.pdf HTTP/1.1" 200 385156
66.249.64.163 - - [12/Jan/2015:03:25:04 -0500] "GET /BLA/ HTTP/1.1" 200 538
123.125.71.34 - - [12/Jan/2015:03:25:15 -0500] "GET / HTTP/1.1" 302 -
66.249.64.39 - - [12/Jan/2015:03:26:00 -0500] "GET /portalsiaccapacitaciones/Soportes%20Capacitaciones%20A%C3%B1o%202013/0049.%20ADOPCI%C3%93N%20DEL%20PROGRAMA%20DE%20ECOCOCONDUCCION%20EN%20PICA%2017-10-2013.pdf HTTP/1.1" 304 -
220.181.108.86 - - [12/Jan/2015:03:26:52 -0500] "GET / HTTP/1.1" 302 -
180.76.6.233 - - [12/Jan/2015:03:27:41 -0500] "GET /BLA/boletinlegal;jsessionid=27271BB315E6D9C9D5A7181BD87CFAFC?/? HTTP/1.1" 404 1018
66.249.64.47 - - [12/Jan/2015:03:27:54 -0500] "GET /Autoliquidacion/index.php?dir=Cobro%20Evaluacion%20Certificaci%F3n%20Para%20La%20Deducci%F3n%20Por%20Inversi%F3n%20En%20Medio%20Ambiente/&sort=date&order=asc HTTP/1.1" 200 2987
147.96.175.212 - - [12/Jan/2015:03:28:48 -0500] "GET /BLA/boletinlegal/js/jquery.js HTTP/1.1" 200 57254
147.96.175.212 - - [12/Jan/2015:03:28:48 -0500] "GET /BLA/boletinlegal/js/jquery.scrollTo-min.js HTTP/1.1" 200 1150
147.96.175.212 - - [12/Jan/2015:03:28:48 -0500] "GET /BLA/boletinlegal/js/jquery.scrollShow.js HTTP/1.1" 200 4586
66.249.64.47 - - [12/Jan/2015:03:28:50 -0500] "GET /Anexos%20estudio%20Organizacional%20SDA/ANEXO%20No.%206%20-%20AN%C3%81LISIS%20COMPARADO%20DECRETOS%20109%20Y%20175%202009%20VRS.%20ESTUDIO%20SERAMBIENTE/COMPARATIVO%20109-175-SERAMBIENTE.xls HTTP/1.1" 304 -
74.86.158.107 - - [12/Jan/2015:03:28:52 -0500] "HEAD / HTTP/1.1" 302 -
66.249.64.43 - - [12/Jan/2015:03:29:02 -0500] "GET /Autoliquidacion/index.php?dir=Cobro%20Evaluacion%20Certificaci%F3n%20Para%20La%20Deducci%F3n%20Por%20Inversi%F3n%20En%20Medio%20Ambiente/&sort=date&order=desc HTTP/1.1" 200 2986
66.249.64.167 - - [12/Jan/2015:03:29:05 -0500] "GET /galeria/nivo-slider/demo/images/ForoNacionalAmbiental.jpg HTTP/1.1" 200 202541
180.76.5.75 - - [12/Jan/2015:03:29:40 -0500] "GET /BLA/boletinlegal;jsessionid=C13AE8CA5CCABEE8BCE2329FEEF350ED?/? HTTP/1.1" 404 1018
207.46.13.113 - - [12/Jan/2015:03:29:45 -0500] "GET /BLA/resoluciones/AUTOS%202012/0392.pdf HTTP/1.1" 200 170064
207.46.13.113 - - [12/Jan/2015:03:29:45 -0500] "GET /BLA/boletinlegal/Directivas/2014/Directiva%20No.%204%20del%2006%20de%20Junio%20de%202014.pdf HTTP/1.1" 200 236794
207.46.13.113 - - [12/Jan/2015:03:29:46 -0500] "GET /bla/resoluciones/autos%202010/6935.pdf HTTP/1.1" 200 167097
66.249.64.43 - - [12/Jan/2015:03:29:47 -0500] "GET /portalsiaccapacitaciones/Soportes%20Capacitaciones%20A%C3%B1o%202013/0059.%20Taller%20pr%C3%A1ctico_pliegos%20papeler%C3%ADa%20y%20oficina.pdf HTTP/1.1" 304 -
66.249.64.171 - - [12/Jan/2015:03:31:11 -0500] "GET /BLA/boletinlegal/Directivas/2013/Directiva%20No.%201%20del%2004%20de%20Abril%20de%202013.pdf HTTP/1.1" 200 472003
66.249.64.47 - - [12/Jan/2015:03:32:01 -0500] "GET /Autoliquidacion/Cobro%20Evaluacion%20Certificaci%C3%B3n%20Para%20La%20Deducci%C3%B3n%20Por%20Inversi%C3%B3n%20En%20Medio%20Ambiente/APLICATIVO%20SEGAE%20CERTIFICACI%C3%93N%20PARA%20LA%20DEDUCCI%C3%93N%20POR%20INVERSI%C3%93N%20EN%20MEDIO%20AMBIENTE%202015.xlsx HTTP/1.1" 200 273995
180.76.6.51 - - [12/Jan/2015:03:32:06 -0500] "GET /BLA/resoluciones/AUTOS%202012/2133.pdf HTTP/1.1" 200 1304388
80.34.237.125 - - [12/Jan/2015:03:33:23 -0500] "GET /BLA/boletinlegal/js/jquery.js HTTP/1.1" 200 57254
80.34.237.125 - - [12/Jan/2015:03:33:23 -0500] "GET /BLA/boletinlegal/js/jquery.scrollTo-min.js HTTP/1.1" 200 1150
80.34.237.125 - - [12/Jan/2015:03:33:23 -0500] "GET /BLA/boletinlegal/js/jquery.scrollShow.js HTTP/1.1" 200 4586
157.55.39.22 - - [12/Jan/2015:03:33:24 -0500] "GET /BLA/resoluciones/AUTOS%202012/0800.pdf HTTP/1.1" 200 157832
80.34.237.125 - - [12/Jan/2015:03:33:25 -0500] "GET /hidrico/aguas%20subterraneas/ HTTP/1.1" 404 1200
66.249.64.167 - - [12/Jan/2015:03:33:12 -0500] "GET /BLA/boletinlegal/index.php HTTP/1.1" 200 49381
74.86.158.107 - - [12/Jan/2015:03:33:52 -0500] "HEAD / HTTP/1.1" 302 -
180.76.5.17 - - [12/Jan/2015:03:34:08 -0500] "GET /BLA/boletinlegal;jsessionid=238AE4440AE1D8623EF430D7C363C5F8?/? HTTP/1.1" 404 1018
180.76.5.223 - - [12/Jan/2015:03:34:47 -0500] "GET /BLA/boletinlegal;jsessionid=C73BE5E70ACBE139E4B4229049AD4262?/? HTTP/1.1" 404 1018
157.55.39.22 - - [12/Jan/2015:03:35:27 -0500] "GET /BLA/resoluciones/AUTOS%202009/1841.pdf HTTP/1.1" 200 103078
178.162.214.71 - - [12/Jan/2015:03:36:10 -0500] "GET /wp-admin/ HTTP/1.1" 404 1018
207.46.13.133 - - [12/Jan/2015:03:36:14 -0500] "GET /bla/resoluciones/autos%202010/5389.pdf HTTP/1.1" 200 697500
207.46.13.133 - - [12/Jan/2015:03:36:24 -0500] "GET /bla/resoluciones/resoluciones%202009/8527.pdf HTTP/1.1" 200 812203
66.249.64.171 - - [12/Jan/2015:03:38:01 -0500] "GET /BLA/boletinlegal/Circulares/2012/Circular%20No.%2016%20del%2022%20de%20octubre%20de%202012.pdf HTTP/1.1" 200 381186
74.86.158.107 - - [12/Jan/2015:03:38:52 -0500] "HEAD / HTTP/1.1" 302 -
66.249.64.163 - - [12/Jan/2015:03:39:05 -0500] "GET /galeria/nivo-slider/demo/images/Banner-Ecourbanismo.jpg HTTP/1.1" 200 189838
157.55.39.22 - - [12/Jan/2015:03:39:22 -0500] "GET /BLA/resoluciones/AUTOS%202012/0734.pdf HTTP/1.1" 200 163936
207.46.13.113 - - [12/Jan/2015:03:41:21 -0500] "GET /bla/resoluciones/autos%202010/5428.pdf HTTP/1.1" 200 380648
207.46.13.113 - - [12/Jan/2015:03:41:21 -0500] "GET /bla/resoluciones/autos%202010/5633.pdf HTTP/1.1" 200 440004
66.249.64.163 - - [12/Jan/2015:03:41:50 -0500] "GET /BLA/resoluciones/RESOLUCIONES%202004/RES%202004%20201-250/00000243.tif HTTP/1.1" 200 188860
190.157.173.156 - - [12/Jan/2015:03:43:03 -0500] "GET /BLA/boletinlegal/norma_menu.php HTTP/1.1" 200 5286
190.157.173.156 - - [12/Jan/2015:03:43:07 -0500] "GET /favicon.ico HTTP/1.1" 200 7782
190.157.173.156 - - [12/Jan/2015:03:43:23 -0500] "GET /BLA/boletinlegal/norma_menu.php HTTP/1.1" 200 5286
190.157.173.156 - - [12/Jan/2015:03:43:28 -0500] "GET /apple-touch-icon-precomposed.png HTTP/1.1" 404 1120
190.157.173.156 - - [12/Jan/2015:03:43:31 -0500] "GET /apple-touch-icon.png HTTP/1.1" 404 1120
66.249.64.47 - - [12/Jan/2015:03:43:32 -0500] "GET /Anexos%20estudio%20Organizacional%20SDA/ANEXO%20No.%203-%20CONTRATACI%C3%93N%20%20OPS%C2%B4s%202008-2012/CONTRATOS%20SDA%202009%20POR%20DEPENDENCIA%20(1).xls HTTP/1.1" 304 -
180.76.5.197 - - [12/Jan/2015:03:43:39 -0500] "GET /BLA/boletinlegal;jsessionid=387205687CC9A96654609AD62D9D00D1?/? HTTP/1.1" 404 1018
74.86.158.107 - - [12/Jan/2015:03:43:52 -0500] "HEAD / HTTP/1.1" 302 -
157.55.39.23 - - [12/Jan/2015:03:44:05 -0500] "GET /bla/resoluciones/resoluciones%202009/1715.pdf HTTP/1.1" 200 643297
180.76.6.65 - - [12/Jan/2015:03:44:18 -0500] "GET /BLA/boletinlegal;jsessionid=3D927570C584C483AFA11C795AA9ABE0?/? HTTP/1.1" 404 1018
66.249.64.167 - - [12/Jan/2015:03:44:43 -0500] "GET /galeria/nivo-slider/demo/demo.html HTTP/1.1" 200 3150
66.249.64.39 - - [12/Jan/2015:03:44:49 -0500] "GET /prensa/presabr3.htm HTTP/1.1" 404 1019
66.249.64.171 - - [12/Jan/2015:03:44:56 -0500] "GET /galeria/nivo-slider/themes/default/default.css HTTP/1.1" 200 1569
66.249.64.167 - - [12/Jan/2015:03:44:56 -0500] "GET /galeria/nivo-slider/jquery.nivo.slider.pack.js HTTP/1.1" 200 11561
180.76.6.144 - - [12/Jan/2015:03:44:57 -0500] "GET /BLA/boletinlegal;jsessionid=4A3ECCA38BD35A65EA2AD1A4AFB699E5?/? HTTP/1.1" 404 1018
66.249.64.163 - - [12/Jan/2015:03:44:57 -0500] "GET /galeria/nivo-slider/demo/style.css HTTP/1.1" 200 2222
66.249.64.163 - - [12/Jan/2015:03:44:57 -0500] "GET /galeria/nivo-slider/themes/pascal/pascal.css HTTP/1.1" 200 2258
66.249.64.167 - - [12/Jan/2015:03:44:58 -0500] "GET /galeria/nivo-slider/demo/scripts/jquery-1.7.1.min.js HTTP/1.1" 200 93868
66.249.64.163 - - [12/Jan/2015:03:45:26 -0500] "GET /BLA/resoluciones/AUTOS%202009/2929.pdf HTTP/1.1" 200 169518
66.249.64.167 - - [12/Jan/2015:03:45:30 -0500] "GET /BLA/resoluciones/RESOLUCIONES%202010/2841.pdf HTTP/1.1" 200 461349
66.249.64.163 - - [12/Jan/2015:03:45:34 -0500] "GET /galeria/nivo-slider/nivo-slider.css HTTP/1.1" 200 1507
66.249.64.167 - - [12/Jan/2015:03:45:37 -0500] "GET /galeria/nivo-slider/themes/orman/orman.css HTTP/1.1" 200 2152
207.46.13.113 - - [12/Jan/2015:03:45:38 -0500] "GET /BLA/resoluciones/AUTOS%202010/6357.pdf HTTP/1.1" 200 168274
66.249.64.171 - - [12/Jan/2015:03:45:56 -0500] "GET /BLA/resoluciones/AUTOS%202007/3619.pdf HTTP/1.1" 304 -
178.162.214.71 - - [12/Jan/2015:03:46:16 -0500] "GET /test/wp-admin/ HTTP/1.1" 404 1018
66.249.64.171 - - [12/Jan/2015:03:46:25 -0500] "GET /BLA/resoluciones/RESOLUCIONES%202007/RES%202007%203901%20AL%204000/RESOLUCION%203934%20DE%202007.pdf HTTP/1.1" 200 389787
180.76.6.151 - - [12/Jan/2015:03:46:28 -0500] "GET /BLA/resoluciones/AUTOS%202013/2662.pdf HTTP/1.1" 200 460742
207.46.13.113 - - [12/Jan/2015:03:46:36 -0500] "GET /bla/resoluciones/resoluciones%202009/0350.pdf HTTP/1.1" 200 211966
157.55.39.23 - - [12/Jan/2015:03:46:44 -0500] "GET /bla/resoluciones/resoluciones%202009/6899.pdf HTTP/1.1" 200 342961
66.249.64.163 - - [12/Jan/2015:03:46:53 -0500] "GET /BLA/resoluciones/RESOLUCIONES%202010/6624.pdf HTTP/1.1" 304 -
66.249.64.163 - - [12/Jan/2015:03:47:21 -0500] "GET /BLA/resoluciones/RESOLUCIONES%202010/5906.pdf HTTP/1.1" 200 277536
66.249.64.167 - - [12/Jan/2015:03:47:50 -0500] "GET /BLA/resoluciones/RESOLUCIONES%202011/4525.pdf HTTP/1.1" 200 618376
66.249.64.171 - - [12/Jan/2015:03:48:46 -0500] "GET /BLA/resoluciones/RESOLUCIONES%202007/RES%202007%202401%20AL%202500/RESOLUCION%202411%20DE%202007.pdf HTTP/1.1" 304 -
74.86.158.107 - - [12/Jan/2015:03:48:52 -0500] "HEAD / HTTP/1.1" 302 -
157.55.39.23 - - [12/Jan/2015:03:48:55 -0500] "GET /BLA/resoluciones/AUTOS%202010/1418.pdf HTTP/1.1" 200 208387
157.55.39.23 - - [12/Jan/2015:03:48:56 -0500] "GET /BLA/resoluciones/RESOLUCIONES%202009/0473.pdf HTTP/1.1" 200 530284
66.249.64.171 - - [12/Jan/2015:03:49:43 -0500] "GET /BLA/resoluciones/AUTOS%202008/1218.pdf HTTP/1.1" 304 -
66.249.64.163 - - [12/Jan/2015:03:49:45 -0500] "GET /BLA/resoluciones/AUTOS%202006/AUTOS%202006%203301%20-%203418/00003388.tif HTTP/1.1" 200 53614
207.46.13.113 - - [12/Jan/2015:03:50:29 -0500] "GET /BLA/resoluciones/RESOLUCIONES%202007/RES%202007%201001%20AL%201100/RESOLUCION%201029%20DE%202007.pdf HTTP/1.1" 200 501323
66.249.64.167 - - [12/Jan/2015:03:50:40 -0500] "GET /BLA/resoluciones/RESOLUCIONES%202014/0870.pdf HTTP/1.1" 304 -
66.249.64.167 - - [12/Jan/2015:03:51:36 -0500] "GET /BLA/resoluciones/RESOLUCIONES%202011/1881.pdf HTTP/1.1" 200 608550
66.249.64.163 - - [12/Jan/2015:03:51:38 -0500] "GET /BLA/resoluciones/AUTOS%202007/3619.pdf HTTP/1.1" 304 -
66.249.64.167 - - [12/Jan/2015:03:51:39 -0500] "GET /BLA/resoluciones/RESOLUCIONES%202010/5779.pdf HTTP/1.1" 200 384855
66.249.64.171 - - [12/Jan/2015:03:52:33 -0500] "GET /BLA/resoluciones/RESOLUCIONES%202009/4904.pdf HTTP/1.1" 200 634940
180.76.4.76 - - [12/Jan/2015:03:52:36 -0500] "GET / HTTP/1.1" 302 -
176.214.227.225 - - [12/Jan/2015:03:52:44 -0500] "GET / HTTP/1.0" 302 -
180.76.6.231 - - [12/Jan/2015:03:53:04 -0500] "GET /BLA/resoluciones/index.php?dir=AUTOS+2006%2FAUTOS+2006+3101+-+3200%2F HTTP/1.1" 200 22189
66.249.64.171 - - [12/Jan/2015:03:53:24 -0500] "GET /BLA/resoluciones/RESOLUCIONES%202007/RES%202007%201301%20AL%201400/RESOLUCION%201359%20DE%202007.pdf HTTP/1.1" 200 359835
66.249.64.167 - - [12/Jan/2015:03:53:30 -0500] "GET /BLA/resoluciones/RESOLUCIONES%202008/3204.pdf HTTP/1.1" 200 231901
74.86.158.107 - - [12/Jan/2015:03:53:52 -0500] "HEAD / HTTP/1.1" 302 -
66.249.64.171 - - [12/Jan/2015:03:54:21 -0500] "GET /BLA/boletinlegal/index.php HTTP/1.1" 200 45402
66.249.64.171 - - [12/Jan/2015:03:55:01 -0500] "GET /BLA/resoluciones/RESOLUCIONES%202007/RES%202007%203201%20AL%203300/RESOLUCION%203286%20DE%202007.pdf HTTP/1.1" 200 586220
66.249.64.163 - - [12/Jan/2015:03:55:23 -0500] "GET /BLA/resoluciones/RESOLUCIONES%202009/3376.pdf HTTP/1.1" 200 475857
66.249.64.171 - - [12/Jan/2015:03:55:24 -0500] "GET /portalsiaccapacitaciones/list.php? HTTP/1.1" 200 4342
157.55.39.23 - - [12/Jan/2015:03:55:45 -0500] "GET /BLA/resoluciones/AUTOS%202010/5877.pdf HTTP/1.1" 200 121327
178.162.214.71 - - [12/Jan/2015:03:55:57 -0500] "GET /wordpress/wp-admin/ HTTP/1.1" 404 1018
66.249.64.163 - - [12/Jan/2015:03:56:20 -0500] "GET /BLA/resoluciones/RESOLUCIONES%202008/1536.pdf HTTP/1.1" 200 216413
66.249.64.163 - - [12/Jan/2015:03:57:17 -0500] "GET /BLA/resoluciones/RESOLUCIONES%202009/0883.pdf HTTP/1.1" 200 457715
180.76.6.143 - - [12/Jan/2015:03:57:21 -0500] "GET /BLA/boletinlegal/;jsessionid=BCFAF6032B740CFD4943332804AE46FE? HTTP/1.1" 404 1018
66.249.64.167 - - [12/Jan/2015:03:57:55 -0500] "GET /BLA/resoluciones/RESOLUCIONES%202010/6624.pdf HTTP/1.1" 304 -
66.249.64.163 - - [12/Jan/2015:03:58:13 -0500] "GET /BLA/resoluciones/RESOLUCIONES%202009/1614.pdf HTTP/1.1" 200 817524
66.249.64.43 - - [12/Jan/2015:03:58:32 -0500] "GET /ecodirectorio/files/res/pages/page_0017.swf HTTP/1.1" 200 142407
180.76.6.60 - - [12/Jan/2015:03:58:38 -0500] "GET /BLA/resoluciones/AUTOS%202013/0227.pdf HTTP/1.1" 200 1375521
157.55.39.23 - - [12/Jan/2015:03:58:45 -0500] "GET /BLA/resoluciones/RESOLUCIONES%202008/1498.pdf HTTP/1.1" 200 236920
74.86.158.107 - - [12/Jan/2015:03:58:52 -0500] "HEAD / HTTP/1.1" 302 -
66.249.64.171 - - [12/Jan/2015:03:59:10 -0500] "GET /BLA/resoluciones/RESOLUCIONES%202008/2465.pdf HTTP/1.1" 200 243178
66.249.64.171 - - [12/Jan/2015:04:00:07 -0500] "GET /BLA/resoluciones/RESOLUCIONES%202009/6579.pdf HTTP/1.1" 200 551429
66.249.64.163 - - [12/Jan/2015:04:01:03 -0500] "GET /BLA/resoluciones/RESOLUCIONES%202009/2342.pdf HTTP/1.1" 200 414695
157.55.39.23 - - [12/Jan/2015:04:01:42 -0500] "GET /BLA/resoluciones/RESOLUCIONES%202008/0750.pdf HTTP/1.1" 200 48214
66.249.64.167 - - [12/Jan/2015:04:01:46 -0500] "GET /BLA/resoluciones/RESOLUCIONES%202004/RES%202004%20201-250/00000227.tif HTTP/1.1" 200 104754
66.249.64.167 - - [12/Jan/2015:04:02:00 -0500] "GET /BLA/resoluciones/RESOLUCIONES%202010/2755.pdf HTTP/1.1" 200 522173
181.130.75.76 - - [12/Jan/2015:04:02:03 -0500] "GET /BLA/boletinlegal/js/jquery.scrollTo-min.js HTTP/1.1" 200 1150
181.130.75.76 - - [12/Jan/2015:04:02:03 -0500] "GET /BLA/boletinlegal/js/jquery.js HTTP/1.1" 200 57254
181.130.75.76 - - [12/Jan/2015:04:02:03 -0500] "GET /BLA/boletinlegal/js/jquery.scrollShow.js HTTP/1.1" 200 4586
207.46.13.113 - - [12/Jan/2015:04:02:11 -0500] "GET /bla/resoluciones/autos%202010/1120.pdf HTTP/1.1" 200 193061
66.249.64.167 - - [12/Jan/2015:04:02:57 -0500] "GET /BLA/resoluciones/RESOLUCIONES%202011/2976.pdf HTTP/1.1" 200 387827
66.249.64.43 - - [12/Jan/2015:04:03:11 -0500] "GET /ecodirectorio/files/res/pages/page_0017.swf HTTP/1.1" 200 142407
66.249.64.171 - - [12/Jan/2015:04:03:23 -0500] "GET /Anexos%20estudio%20Organizacional%20SDA/index.php?dir=ANEXO%20No.%209%20-%20RES%DAMENES%20DE%20LA%20MEDICI%D3N%20DE%20CARGAS%20LABORALES%20SDA/&sort=size&order=asc HTTP/1.1" 200 2460
74.86.158.107 - - [12/Jan/2015:04:03:52 -0500] "HEAD / HTTP/1.1" 302 -
66.249.64.167 - - [12/Jan/2015:04:03:53 -0500] "GET /BLA/resoluciones/RESOLUCIONES%202007/RES%202007%20101%20AL%20200/RESOLUCION%200121%20DE%202007.pdf HTTP/1.1" 200 343702
66.249.64.163 - - [12/Jan/2015:04:04:50 -0500] "GET /BLA/resoluciones/RESOLUCIONES%202010/1286.pdf HTTP/1.1" 200 108972
66.249.64.167 - - [12/Jan/2015:04:05:19 -0500] "GET /BLA/resoluciones/AUTOS%202010/5250.pdf HTTP/1.1" 200 243717
66.249.64.163 - - [12/Jan/2015:04:05:47 -0500] "GET /BLA/resoluciones/RESOLUCIONES%202007/RES%202007%20801%20AL%20900/RESOLUCION%200829%20DE%202007.pdf HTTP/1.1" 200 26676
178.162.214.71 - - [12/Jan/2015:04:05:57 -0500] "GET /blog/wp-admin/ HTTP/1.1" 404 1018
66.249.64.171 - - [12/Jan/2015:04:06:43 -0500] "GET /BLA/resoluciones/AUTOS%202010/1912.pdf HTTP/1.1" 200 144525
207.46.13.113 - - [12/Jan/2015:04:07:00 -0500] "GET /robots.txt HTTP/1.1" 404 1018
66.249.64.167 - - [12/Jan/2015:04:07:39 -0500] "GET /BLA/resoluciones/RESOLUCIONES%202007/RES%202007%202401%20AL%202500/RESOLUCION%202411%20DE%202007.pdf HTTP/1.1" 304 -
66.249.64.163 - - [12/Jan/2015:04:07:40 -0500] "GET /BLA/resoluciones/AUTOS%202007/3002.pdf HTTP/1.1" 200 87605
207.46.13.113 - - [12/Jan/2015:04:08:07 -0500] "GET /BLA/resoluciones/RESOLUCIONES%202007/RES%202007%20901%20AL%201000/RESOLUCION%200995%20DE%202007.pdf HTTP/1.1" 200 217960
207.46.13.113 - - [12/Jan/2015:04:08:08 -0500] "GET /BLA/resoluciones/RESOLUCIONES%202008/0559.pdf HTTP/1.1" 200 114834
207.46.13.113 - - [12/Jan/2015:04:08:09 -0500] "GET /bla/resoluciones/autos%202010/3567.pdf HTTP/1.1" 200 1744966
66.249.64.171 - - [12/Jan/2015:04:08:37 -0500] "GET /BLA/resoluciones/AUTOS%202011/7069.pdf HTTP/1.1" 200 303128
180.76.5.19 - - [12/Jan/2015:04:08:43 -0500] "GET /BLA/boletinlegal;jsessionid=553DCC4F09997818FBD11C1AFBE7BD75?/? HTTP/1.1" 404 1018
74.86.158.107 - - [12/Jan/2015:04:08:52 -0500] "HEAD / HTTP/1.1" 302 -
181.130.75.76 - - [12/Jan/2015:04:09:32 -0500] "GET /galeria/carrusel/Carrusel/jquery.thumbnailScroller.css HTTP/1.1" 200 2066
181.130.75.76 - - [12/Jan/2015:04:09:32 -0500] "GET /galeria/carrusel/Carrusel/jquery-ui-1.8.13.custom.min.js HTTP/1.1" 200 10800
181.130.75.76 - - [12/Jan/2015:04:09:32 -0500] "GET /galeria/carrusel/Carrusel/jquery.thumbnailScroller.js HTTP/1.1" 200 8157
66.249.64.167 - - [12/Jan/2015:04:09:34 -0500] "GET /BLA/resoluciones/AUTOS%202013/1880.pdf HTTP/1.1" 200 420737
181.130.75.76 - - [12/Jan/2015:04:09:34 -0500] "GET /galeria/nivo-slider/demo/demo.html HTTP/1.1" 200 3150
181.130.75.76 - - [12/Jan/2015:04:09:36 -0500] "GET /galeria/nivo-slider/themes/default/default.css HTTP/1.1" 200 1569
181.130.75.76 - - [12/Jan/2015:04:09:36 -0500] "GET /galeria/nivo-slider/themes/pascal/pascal.css HTTP/1.1" 200 2258
181.130.75.76 - - [12/Jan/2015:04:09:36 -0500] "GET /galeria/nivo-slider/themes/orman/orman.css HTTP/1.1" 200 2152
181.130.75.76 - - [12/Jan/2015:04:09:36 -0500] "GET /galeria/nivo-slider/nivo-slider.css HTTP/1.1" 200 1507
181.130.75.76 - - [12/Jan/2015:04:09:36 -0500] "GET /galeria/nivo-slider/demo/style.css HTTP/1.1" 200 2222
181.130.75.76 - - [12/Jan/2015:04:09:36 -0500] "GET /galeria/nivo-slider/demo/images/Ruta-vertimientos-01.jpg HTTP/1.1" 200 130151
181.130.75.76 - - [12/Jan/2015:04:09:36 -0500] "GET /galeria/nivo-slider/demo/images/bolsas-08.jpg HTTP/1.1" 200 85589
181.130.75.76 - - [12/Jan/2015:04:09:36 -0500] "GET /galeria/nivo-slider/demo/images/bolsas-06.jpg HTTP/1.1" 200 90982
181.130.75.76 - - [12/Jan/2015:04:09:36 -0500] "GET /galeria/nivo-slider/demo/images/ecolecta-Dic2014.png HTTP/1.1" 200 288593
181.130.75.76 - - [12/Jan/2015:04:09:36 -0500] "GET /galeria/nivo-slider/demo/scripts/jquery-1.7.1.min.js HTTP/1.1" 200 93868
181.130.75.76 - - [12/Jan/2015:04:09:37 -0500] "GET /galeria/nivo-slider/demo/images/porloshumedales.jpg HTTP/1.1" 200 351238
181.130.75.76 - - [12/Jan/2015:04:09:37 -0500] "GET /galeria/nivo-slider/jquery.nivo.slider.pack.js HTTP/1.1" 200 11561
181.130.75.76 - - [12/Jan/2015:04:09:37 -0500] "GET /galeria/nivo-slider/demo/images/4Simple_Slider.png HTTP/1.1" 200 11722
181.130.75.76 - - [12/Jan/2015:04:09:37 -0500] "GET /galeria/nivo-slider/themes/default/loading.gif HTTP/1.1" 200 1737
181.130.75.76 - - [12/Jan/2015:04:09:38 -0500] "GET /galeria/nivo-slider/demo/images/Tingua-azul.jpg HTTP/1.1" 200 307638
181.130.75.76 - - [12/Jan/2015:04:09:38 -0500] "GET /galeria/nivo-slider/demo/images/Banner-Caracol-Africano.jpg HTTP/1.1" 200 331986
181.130.75.76 - - [12/Jan/2015:04:09:38 -0500] "GET /galeria/nivo-slider/demo/images/banner-redes.jpg HTTP/1.1" 200 62209
181.130.75.76 - - [12/Jan/2015:04:09:38 -0500] "GET /galeria/nivo-slider/demo/images/9Signos.jpg HTTP/1.1" 200 93040
181.130.75.76 - - [12/Jan/2015:04:09:38 -0500] "GET /galeria/nivo-slider/demo/images/banner-llantas2.jpg HTTP/1.1" 200 73153
181.130.75.76 - - [12/Jan/2015:04:09:39 -0500] "GET /galeria/nivo-slider/demo/images/banner-caballos.png HTTP/1.1" 200 389106
181.130.75.76 - - [12/Jan/2015:04:09:41 -0500] "GET /galeria/nivo-slider/themes/default/arrows.png HTTP/1.1" 200 824
181.130.75.76 - - [12/Jan/2015:04:09:41 -0500] "GET /galeria/nivo-slider/themes/default/bullets.png HTTP/1.1" 200 1281
66.249.64.163 - - [12/Jan/2015:04:10:30 -0500] "GET /BLA/resoluciones/RESOLUCIONES%202013/1320.pdf HTTP/1.1" 200 635820
66.249.64.171 - - [12/Jan/2015:04:10:52 -0500] "GET /BLA/resoluciones/AUTOS%202008/1218.pdf HTTP/1.1" 304 -
66.249.64.167 - - [12/Jan/2015:04:11:27 -0500] "GET /BLA/resoluciones/RESOLUCIONES%202012/1146.pdf HTTP/1.1" 304 -
207.46.13.133 - - [12/Jan/2015:04:11:55 -0500] "GET /BLA/resoluciones/RESOLUCIONES%202007/RES%202007%201001%20AL%201100/RESOLUCION%201071%20DE%202007.pdf HTTP/1.1" 200 216222
66.249.64.167 - - [12/Jan/2015:04:12:09 -0500] "GET /BLA/resoluciones/RESOLUCIONES%202008/3164.pdf HTTP/1.1" 200 166001
181.135.237.229 - - [12/Jan/2015:04:12:11 -0500] "GET /forms/frmservlet?config=sia HTTP/1.1" 200 4028
181.135.237.229 - - [12/Jan/2015:04:12:20 -0500] "GET /forms/java/frmall_jinit.jar HTTP/1.1" 304 -
181.135.237.229 - - [12/Jan/2015:04:12:20 -0500] "GET /forms/java/icons.jar HTTP/1.1" 304 -
181.135.237.229 - - [12/Jan/2015:04:12:21 -0500] "GET /forms/java/java/awt/KeyboardFocusManager.class HTTP/1.1" 404 352
181.135.237.229 - - [12/Jan/2015:04:12:22 -0500] "GET /forms/java/java/awt/KeyboardFocusManager.class HTTP/1.1" 404 352
181.135.237.229 - - [12/Jan/2015:04:12:23 -0500] "GET /forms/java/java/awt/event/MouseWheelListener.class HTTP/1.1" 404 356
181.135.237.229 - - [12/Jan/2015:04:12:23 -0500] "GET /forms/java/java/awt/event/MouseWheelListener.class HTTP/1.1" 404 356
66.249.64.167 - - [12/Jan/2015:04:12:24 -0500] "GET /BLA/resoluciones/RESOLUCIONES%202013/0824.pdf HTTP/1.1" 304 -
181.135.237.229 - - [12/Jan/2015:04:12:24 -0500] "GET /forms/java/oracle/forms/registry/Registry.dat HTTP/1.1" 200 4213
181.135.237.229 - - [12/Jan/2015:04:12:24 -0500] "GET /forms/java/oracle/forms/registry/default.dat HTTP/1.1" 404 350
181.135.237.229 - - [12/Jan/2015:04:12:25 -0500] "GET /forms/frmservlet?config=sia&acceptLanguage=es-mx&ifcmd=startsession HTTP/1.1" 200 119
181.135.237.229 - - [12/Jan/2015:04:12:25 -0500] "GET /forms/lservlet;jsessionid=ac16012b30d5c3120f05f96945f48598f8755223be66.e3iSbxaKaheRe34SahiRb30Pchr0n6jAmljGr5XDqQLvpAe?ifcmd=getinfo&ifhost=TOSHIBA-PC&ifip=192.168.0.2 HTTP/1.1" 200 8
