201.244.30.44 - - [12/Jan/2015:00:55:28 -0500] "POST /forms/lservlet;jsessionid=ac16012b30d53f205f23f511410baf98acc49e06fe05.e3iSbxaKaheRe34SahiRb30Pchr0n6jAmljGr5XDqQLvpAe HTTP/1.1" 200 2
66.249.64.171 - - [12/Jan/2015:00:56:13 -0500] "GET /Anexos%20estudio%20Organizacional%20SDA/index.php?dir=ANEXO%20No.%201-%20NORMAS%20LEGALES%20DE%20ESTRUCTURA%20Y%20PLANTA/Decreto%20561%20de%202006%20-%20Establece%20estructura%20de%20la%20SDA.jsp_files/&sort=name&order=desc HTTP/1.1" 200 10441
66.249.64.171 - - [12/Jan/2015:00:56:14 -0500] "GET /BLA/resoluciones/AUTOS%202008/0558.pdf HTTP/1.1" 200 158499
66.249.64.171 - - [12/Jan/2015:00:56:14 -0500] "GET /BLA/resoluciones/RESOLUCIONES%202011/5889.pdf HTTP/1.1" 200 688238
66.249.64.167 - - [12/Jan/2015:00:56:15 -0500] "GET /BLA/resoluciones/RESOLUCIONES%202007/RES%202007%202301%20AL%202400/RESOLUCION%202357%20%20DE%202007.pdf HTTP/1.1" 200 911707
66.249.64.167 - - [12/Jan/2015:00:56:17 -0500] "GET /BLA/resoluciones/AUTOS%202013/0553.pdf HTTP/1.1" 304 -
66.249.64.171 - - [12/Jan/2015:00:56:18 -0500] "GET /BLA/boletinlegal/Circulares/2011/Circular%20No.%202%20del%2031%20de%20Mayo%20de%202011.pdf HTTP/1.1" 200 496778
66.249.64.167 - - [12/Jan/2015:00:56:43 -0500] "GET /BLA/resoluciones/AUTOS%202007/3059.pdf HTTP/1.1" 200 180736
157.55.39.22 - - [12/Jan/2015:00:57:16 -0500] "GET /bla/resoluciones/autos%202010/0185.pdf HTTP/1.1" 200 169051
201.244.30.44 - - [12/Jan/2015:00:57:28 -0500] "POST /forms/lservlet;jsessionid=ac16012b30d53f205f23f511410baf98acc49e06fe05.e3iSbxaKaheRe34SahiRb30Pchr0n6jAmljGr5XDqQLvpAe HTTP/1.1" 200 2
190.252.114.114 - - [12/Jan/2015:00:57:37 -0500] "GET /BLA/boletinlegal/js/jquery.js HTTP/1.1" 200 57254
190.252.114.114 - - [12/Jan/2015:00:57:37 -0500] "GET /BLA/boletinlegal/js/jquery.scrollTo-min.js HTTP/1.1" 200 1150
190.252.114.114 - - [12/Jan/2015:00:57:37 -0500] "GET /BLA/boletinlegal/js/jquery.scrollShow.js HTTP/1.1" 200 4586
207.46.13.133 - - [12/Jan/2015:00:57:39 -0500] "GET /bla/resoluciones/resoluciones%202009/1913.pdf HTTP/1.1" 200 327764
66.249.64.167 - - [12/Jan/2015:00:57:40 -0500] "GET /BLA/resoluciones/RESOLUCIONES%202009/6459.pdf HTTP/1.1" 200 409580
66.249.64.167 - - [12/Jan/2015:00:58:27 -0500] "GET /BLA/resoluciones/AUTOS%202006/AUTOS%202006%203301%20-%203418/00003306.tif HTTP/1.1" 200 56144
66.249.64.167 - - [12/Jan/2015:00:58:36 -0500] "GET /BLA/resoluciones/RESOLUCIONES%202007/RES%202007%201%20AL%20100/RESOLUCION%200001%20DE%202007.pdf HTTP/1.1" 200 8495935
74.86.158.107 - - [12/Jan/2015:00:58:53 -0500] "HEAD / HTTP/1.1" 302 -
201.244.30.44 - - [12/Jan/2015:00:59:28 -0500] "POST /forms/lservlet;jsessionid=ac16012b30d53f205f23f511410baf98acc49e06fe05.e3iSbxaKaheRe34SahiRb30Pchr0n6jAmljGr5XDqQLvpAe HTTP/1.1" 200 2
66.249.64.171 - - [12/Jan/2015:00:59:31 -0500] "GET /BLA/resoluciones/AUTOS%202013/0748.pdf HTTP/1.1" 304 -
66.249.64.167 - - [12/Jan/2015:00:59:33 -0500] "GET /BLA/resoluciones/RESOLUCIONES%202011/2571.pdf HTTP/1.1" 304 -
66.249.64.167 - - [12/Jan/2015:01:00:30 -0500] "GET /BLA/resoluciones/RESOLUCIONES%202010/4731.pdf HTTP/1.1" 304 -
66.249.64.171 - - [12/Jan/2015:01:00:55 -0500] "GET /BLA/boletinlegal/Circulares/2011/Circular%20No.%203%20del%2023%20de%20Junio%20de%202011.pdf HTTP/1.1" 200 1452758
66.249.64.167 - - [12/Jan/2015:01:01:27 -0500] "GET /BLA/resoluciones/RESOLUCIONES%202008/3663.pdf HTTP/1.1" 200 846126
201.244.30.44 - - [12/Jan/2015:01:01:28 -0500] "POST /forms/lservlet;jsessionid=ac16012b30d53f205f23f511410baf98acc49e06fe05.e3iSbxaKaheRe34SahiRb30Pchr0n6jAmljGr5XDqQLvpAe HTTP/1.1" 200 2
207.46.13.133 - - [12/Jan/2015:01:01:52 -0500] "GET /BLA/resoluciones/RESOLUCIONES%202008/0247.pdf HTTP/1.1" 200 230632
180.76.5.75 - - [12/Jan/2015:01:02:07 -0500] "GET /BLA/boletinlegal;jsessionid=7EA3177F07616FEC9ADE631E1F01CABF?/? HTTP/1.1" 404 1018
66.249.64.167 - - [12/Jan/2015:01:02:23 -0500] "GET /BLA/resoluciones/RESOLUCIONES%202009/5803.pdf HTTP/1.1" 200 397860
186.80.71.3 - - [12/Jan/2015:01:02:29 -0500] "GET /BLA/resoluciones/RESOLUCIONES%202008/4862.pdf HTTP/1.1" 200 253161
66.249.64.163 - - [12/Jan/2015:01:03:20 -0500] "GET /BLA/resoluciones/RESOLUCIONES%202009/4459.pdf HTTP/1.1" 200 537933
201.244.30.44 - - [12/Jan/2015:01:03:29 -0500] "POST /forms/lservlet;jsessionid=ac16012b30d53f205f23f511410baf98acc49e06fe05.e3iSbxaKaheRe34SahiRb30Pchr0n6jAmljGr5XDqQLvpAe HTTP/1.1" 200 2
74.86.158.107 - - [12/Jan/2015:01:03:52 -0500] "HEAD / HTTP/1.1" 302 -
66.249.64.167 - - [12/Jan/2015:01:04:17 -0500] "GET /BLA/resoluciones/RESOLUCIONES%202008/2860.pdf HTTP/1.1" 200 347838
186.80.26.103 - - [12/Jan/2015:01:04:57 -0500] "GET /BLA/boletinlegal/js/jquery.scrollShow.js HTTP/1.1" 200 4586
186.80.26.103 - - [12/Jan/2015:01:04:57 -0500] "GET /BLA/boletinlegal/js/jquery.scrollTo-min.js HTTP/1.1" 200 1150
186.80.26.103 - - [12/Jan/2015:01:04:57 -0500] "GET /BLA/boletinlegal/js/jquery.js HTTP/1.1" 200 57254
66.249.64.171 - - [12/Jan/2015:01:05:13 -0500] "GET /BLA/resoluciones/RESOLUCIONES%202009/6451.pdf HTTP/1.1" 200 435043
66.249.64.171 - - [12/Jan/2015:01:05:25 -0500] "GET /BLA/resoluciones/RESOLUCIONES%202003/RES%202003%20251-300/293.tif HTTP/1.1" 200 291988
207.46.13.12 - - [12/Jan/2015:01:05:26 -0500] "GET /robots.txt HTTP/1.1" 404 1018
201.244.30.44 - - [12/Jan/2015:01:05:29 -0500] "POST /forms/lservlet;jsessionid=ac16012b30d53f205f23f511410baf98acc49e06fe05.e3iSbxaKaheRe34SahiRb30Pchr0n6jAmljGr5XDqQLvpAe HTTP/1.1" 200 2
157.55.39.23 - - [12/Jan/2015:01:05:44 -0500] "GET /bla/resoluciones/resoluciones%202009/8354.pdf HTTP/1.1" 200 191711
157.55.39.23 - - [12/Jan/2015:01:05:44 -0500] "GET /bla/resoluciones/resoluciones%202009/9712.pdf HTTP/1.1" 200 338788
207.46.13.12 - - [12/Jan/2015:01:05:55 -0500] "GET /BLA/resoluciones/index.php?dir=AUTOS%202012/&sort=name&order=desc HTTP/1.1" 200 243036
66.249.64.171 - - [12/Jan/2015:01:06:10 -0500] "GET /BLA/resoluciones/RESOLUCIONES%202008/4300.pdf HTTP/1.1" 200 476130
66.249.64.167 - - [12/Jan/2015:01:07:07 -0500] "GET /BLA/resoluciones/RESOLUCIONES%202008/2378.pdf HTTP/1.1" 200 306312
201.244.30.44 - - [12/Jan/2015:01:07:29 -0500] "POST /forms/lservlet;jsessionid=ac16012b30d53f205f23f511410baf98acc49e06fe05.e3iSbxaKaheRe34SahiRb30Pchr0n6jAmljGr5XDqQLvpAe HTTP/1.1" 200 2
157.55.39.23 - - [12/Jan/2015:01:07:29 -0500] "GET /bla/resoluciones/resoluciones%202009/7951.pdf HTTP/1.1" 200 499047
157.55.39.23 - - [12/Jan/2015:01:07:31 -0500] "GET /BLA/resoluciones/RESOLUCIONES%202009/1297.pdf HTTP/1.1" 200 697625
66.249.64.171 - - [12/Jan/2015:01:07:41 -0500] "GET /BLA/boletinlegal/Circulares/2013/Circular%20No.%205%20del%2013%20de%20junio%20de%202013.pdf HTTP/1.1" 200 110904
152.61.128.66 - - [12/Jan/2015:01:07:42 -0500] "HEAD / HTTP/1.1" 302 -
152.61.128.66 - - [12/Jan/2015:01:07:42 -0500] "GET /arcgis/services/Calidad_del_Agua_WQI/MapServer/WMSServer?request=GetCapabilities&service=WMS HTTP/1.1" 200 32135
152.61.128.66 - - [12/Jan/2015:01:07:43 -0500] "GET /arcgis/services/Calidad_del_Agua_WQI/MapServer/WMSServer?request=GetCapabilities&service=WMS HTTP/1.0" 200 32135
152.61.128.66 - - [12/Jan/2015:01:07:44 -0500] "GET /arcgis/services/Calidad_del_Agua_WQI/MapServer/WMSServer?request=GetCapabilities&service=WMS HTTP/1.0" 200 32135
152.61.128.66 - - [12/Jan/2015:01:07:45 -0500] "GET /arcgis/services/Calidad_del_Agua_WQI/MapServer/WMSServer?request=GetCapabilities&service=WMS HTTP/1.0" 200 32135
152.61.128.66 - - [12/Jan/2015:01:07:46 -0500] "GET /arcgis/services/Calidad_del_Agua_WQI/MapServer/WMSServer?VERSION=1.1.1&REQUEST=GetMap&LAYERS=0&SRS=EPSG:4326&BBOX=-74.473395,3.674381,-73.963300,4.920569&WIDTH=250&HEIGHT=250&FORMAT=image/bmp&STYLES=& HTTP/1.1" 200 188054
152.61.128.66 - - [12/Jan/2015:01:08:00 -0500] "HEAD / HTTP/1.1" 302 -
152.61.128.66 - - [12/Jan/2015:01:08:00 -0500] "GET /arcgis/services/Calidad_del_Agua_WQI/MapServer/WMSServer?SERVICE=WMS&REQUEST=GetCapabilities HTTP/1.1" 200 32135
152.61.128.66 - - [12/Jan/2015:01:08:01 -0500] "GET /arcgis/services/Calidad_del_Agua_WQI/MapServer/WMSServer?SERVICE=WMS&REQUEST=GetCapabilities HTTP/1.0" 200 32135
152.61.128.66 - - [12/Jan/2015:01:08:02 -0500] "GET /arcgis/services/Calidad_del_Agua_WQI/MapServer/WMSServer?SERVICE=WMS&REQUEST=GetCapabilities HTTP/1.0" 200 32135
66.249.64.171 - - [12/Jan/2015:01:08:03 -0500] "GET /BLA/resoluciones/RESOLUCIONES%202008/3939.pdf HTTP/1.1" 200 501426
152.61.128.66 - - [12/Jan/2015:01:08:03 -0500] "GET /arcgis/services/Calidad_del_Agua_WQI/MapServer/WMSServer?SERVICE=WMS&REQUEST=GetCapabilities HTTP/1.0" 200 32135
152.61.128.66 - - [12/Jan/2015:01:08:04 -0500] "GET /arcgis/services/Calidad_del_Agua_WQI/MapServer/WMSServer?VERSION=1.1.1&REQUEST=GetMap&LAYERS=0&SRS=EPSG:4326&BBOX=-74.473395,3.674381,-73.963300,4.920569&WIDTH=250&HEIGHT=250&FORMAT=image/bmp&STYLES=& HTTP/1.1" 200 188054
66.249.64.171 - - [12/Jan/2015:01:08:26 -0500] "GET /BLA/resoluciones/RESOLUCIONES%202005/RES%202005%201-50/00000015.tif HTTP/1.1" 200 245402
66.249.64.171 - - [12/Jan/2015:01:08:41 -0500] "GET /BLA/resoluciones/index.php?dir=RESOLUCIONES%202002/RES%202002%20451-500/&sort=date&order=desc HTTP/1.1" 200 12050
74.86.158.107 - - [12/Jan/2015:01:08:52 -0500] "HEAD / HTTP/1.1" 302 -
66.249.64.163 - - [12/Jan/2015:01:09:00 -0500] "GET /BLA/resoluciones/RESOLUCIONES%202008/3552.pdf HTTP/1.1" 200 182808
201.244.30.44 - - [12/Jan/2015:01:09:29 -0500] "POST /forms/lservlet;jsessionid=ac16012b30d53f205f23f511410baf98acc49e06fe05.e3iSbxaKaheRe34SahiRb30Pchr0n6jAmljGr5XDqQLvpAe HTTP/1.1" 200 2
66.249.64.167 - - [12/Jan/2015:01:09:57 -0500] "GET /BLA/resoluciones/RESOLUCIONES%202009/6589.pdf HTTP/1.1" 200 511851
207.46.13.133 - - [12/Jan/2015:01:10:05 -0500] "GET /bla/resoluciones/autos%202010/5719.pdf HTTP/1.1" 200 253349
66.249.64.171 - - [12/Jan/2015:01:10:14 -0500] "GET /BLA/resoluciones/RESOLUCIONES%202010/6285.pdf HTTP/1.1" 304 -
190.130.226.53 - - [12/Jan/2015:01:10:20 -0500] "GET /BLA/boletinlegal/js/jquery.scrollTo-min.js HTTP/1.1" 200 1150
190.130.226.53 - - [12/Jan/2015:01:10:20 -0500] "GET /BLA/boletinlegal/js/jquery.scrollShow.js HTTP/1.1" 200 4586
190.130.226.53 - - [12/Jan/2015:01:10:20 -0500] "GET /galeria/carrusel/Carrusel/jquery.thumbnailScroller.css HTTP/1.1" 200 2066
190.130.226.53 - - [12/Jan/2015:01:10:20 -0500] "GET /BLA/boletinlegal/js/jquery.js HTTP/1.1" 200 57254
190.130.226.53 - - [12/Jan/2015:01:10:20 -0500] "GET /galeria/carrusel/Carrusel/jquery-ui-1.8.13.custom.min.js HTTP/1.1" 200 10800
190.130.226.53 - - [12/Jan/2015:01:10:20 -0500] "GET /galeria/carrusel/Carrusel/jquery.thumbnailScroller.js HTTP/1.1" 200 8157
190.36.10.139 - - [12/Jan/2015:01:10:24 -0500] "GET /webdav/x32.php HTTP/1.1" 404 1018
66.249.64.171 - - [12/Jan/2015:01:10:53 -0500] "GET /BLA/resoluciones/RESOLUCIONES%202008/0974.pdf HTTP/1.1" 200 235587
201.244.30.44 - - [12/Jan/2015:01:11:29 -0500] "POST /forms/lservlet;jsessionid=ac16012b30d53f205f23f511410baf98acc49e06fe05.e3iSbxaKaheRe34SahiRb30Pchr0n6jAmljGr5XDqQLvpAe HTTP/1.1" 200 2
66.249.64.167 - - [12/Jan/2015:01:11:50 -0500] "GET /BLA/resoluciones/RESOLUCIONES%202008/2151.pdf HTTP/1.1" 200 460199
66.249.64.163 - - [12/Jan/2015:01:12:47 -0500] "GET /BLA/resoluciones/AUTOS%202007/1471.pdf HTTP/1.1" 200 76189
157.55.39.23 - - [12/Jan/2015:01:12:56 -0500] "GET /BLA/resoluciones/RESOLUCIONES%202012/0908.pdf HTTP/1.1" 200 379330
201.244.30.44 - - [12/Jan/2015:01:13:29 -0500] "POST /forms/lservlet;jsessionid=ac16012b30d53f205f23f511410baf98acc49e06fe05.e3iSbxaKaheRe34SahiRb30Pchr0n6jAmljGr5XDqQLvpAe HTTP/1.1" 200 2
66.249.64.171 - - [12/Jan/2015:01:13:44 -0500] "GET /BLA/resoluciones/RESOLUCIONES%202008/1977.pdf HTTP/1.1" 200 613025
74.86.158.107 - - [12/Jan/2015:01:13:52 -0500] "HEAD / HTTP/1.1" 302 -
66.249.64.163 - - [12/Jan/2015:01:14:40 -0500] "GET /BLA/resoluciones/RESOLUCIONES%202008/4108.pdf HTTP/1.1" 200 353088
66.249.64.167 - - [12/Jan/2015:01:15:22 -0500] "GET /BLA/resoluciones/RESOLUCIONES%202007/RES%202007%204001%20AL%204100/RESOLUCION%204026%20DE%202007.pdf HTTP/1.1" 304 -
186.113.67.207 - - [12/Jan/2015:01:15:27 -0500] "GET /BLA/boletinlegal/js/jquery.js HTTP/1.1" 200 57254
186.113.67.207 - - [12/Jan/2015:01:15:27 -0500] "GET /BLA/boletinlegal/js/jquery.scrollTo-min.js HTTP/1.1" 200 1150
186.113.67.207 - - [12/Jan/2015:01:15:27 -0500] "GET /BLA/boletinlegal/js/jquery.scrollShow.js HTTP/1.1" 200 4586
186.113.67.207 - - [12/Jan/2015:01:15:27 -0500] "GET /galeria/carrusel/Carrusel/jquery.thumbnailScroller.css HTTP/1.1" 200 2066
186.113.67.207 - - [12/Jan/2015:01:15:27 -0500] "GET /galeria/carrusel/Carrusel/jquery-ui-1.8.13.custom.min.js HTTP/1.1" 200 10800
186.113.67.207 - - [12/Jan/2015:01:15:28 -0500] "GET /galeria/carrusel/Carrusel/jquery.thumbnailScroller.js HTTP/1.1" 200 8157
201.244.30.44 - - [12/Jan/2015:01:15:29 -0500] "POST /forms/lservlet;jsessionid=ac16012b30d53f205f23f511410baf98acc49e06fe05.e3iSbxaKaheRe34SahiRb30Pchr0n6jAmljGr5XDqQLvpAe HTTP/1.1" 200 2
186.113.67.207 - - [12/Jan/2015:01:15:36 -0500] "GET /galeria/nivo-slider/demo/demo.html HTTP/1.1" 200 3150
186.113.67.207 - - [12/Jan/2015:01:15:36 -0500] "GET /galeria/nivo-slider/themes/default/default.css HTTP/1.1" 200 1569
186.113.67.207 - - [12/Jan/2015:01:15:36 -0500] "GET /galeria/nivo-slider/themes/pascal/pascal.css HTTP/1.1" 200 2258
186.113.67.207 - - [12/Jan/2015:01:15:36 -0500] "GET /galeria/nivo-slider/themes/orman/orman.css HTTP/1.1" 200 2152
186.113.67.207 - - [12/Jan/2015:01:15:36 -0500] "GET /galeria/nivo-slider/nivo-slider.css HTTP/1.1" 200 1507
186.113.67.207 - - [12/Jan/2015:01:15:36 -0500] "GET /galeria/nivo-slider/demo/style.css HTTP/1.1" 200 2222
186.113.67.207 - - [12/Jan/2015:01:15:36 -0500] "GET /galeria/nivo-slider/demo/images/bolsas-08.jpg HTTP/1.1" 200 85589
186.113.67.207 - - [12/Jan/2015:01:15:36 -0500] "GET /galeria/nivo-slider/demo/images/Ruta-vertimientos-01.jpg HTTP/1.1" 200 130151
186.113.67.207 - - [12/Jan/2015:01:15:36 -0500] "GET /galeria/nivo-slider/demo/images/bolsas-06.jpg HTTP/1.1" 200 90982
186.113.67.207 - - [12/Jan/2015:01:15:36 -0500] "GET /galeria/nivo-slider/demo/images/ecolecta-Dic2014.png HTTP/1.1" 200 288593
186.113.67.207 - - [12/Jan/2015:01:15:36 -0500] "GET /galeria/nivo-slider/demo/images/porloshumedales.jpg HTTP/1.1" 200 351238
186.113.67.207 - - [12/Jan/2015:01:15:36 -0500] "GET /galeria/nivo-slider/demo/images/Tingua-azul.jpg HTTP/1.1" 200 307638
66.249.64.163 - - [12/Jan/2015:01:15:37 -0500] "GET /BLA/resoluciones/AUTOS%202011/4394.pdf HTTP/1.1" 304 -
186.113.67.207 - - [12/Jan/2015:01:15:39 -0500] "GET /galeria/nivo-slider/demo/images/Banner-Caracol-Africano.jpg HTTP/1.1" 200 331986
186.113.67.207 - - [12/Jan/2015:01:15:39 -0500] "GET /galeria/nivo-slider/demo/images/banner-redes.jpg HTTP/1.1" 200 62209
186.113.67.207 - - [12/Jan/2015:01:15:41 -0500] "GET /galeria/nivo-slider/demo/images/9Signos.jpg HTTP/1.1" 200 93040
186.113.67.207 - - [12/Jan/2015:01:15:41 -0500] "GET /galeria/nivo-slider/demo/images/banner-llantas2.jpg HTTP/1.1" 200 73153
186.113.67.207 - - [12/Jan/2015:01:15:42 -0500] "GET /galeria/nivo-slider/demo/images/banner-caballos.png HTTP/1.1" 200 389106
186.113.67.207 - - [12/Jan/2015:01:15:43 -0500] "GET /galeria/nivo-slider/demo/scripts/jquery-1.7.1.min.js HTTP/1.1" 200 93868
186.113.67.207 - - [12/Jan/2015:01:15:44 -0500] "GET /galeria/nivo-slider/jquery.nivo.slider.pack.js HTTP/1.1" 200 11561
186.113.67.207 - - [12/Jan/2015:01:15:47 -0500] "GET /galeria/nivo-slider/demo/images/4Simple_Slider.png HTTP/1.1" 200 11722
186.113.67.207 - - [12/Jan/2015:01:15:47 -0500] "GET /galeria/nivo-slider/themes/default/loading.gif HTTP/1.1" 200 1737
186.113.67.207 - - [12/Jan/2015:01:15:47 -0500] "GET /galeria/nivo-slider/themes/default/arrows.png HTTP/1.1" 200 824
186.113.67.207 - - [12/Jan/2015:01:15:47 -0500] "GET /galeria/nivo-slider/themes/default/bullets.png HTTP/1.1" 200 1281
181.50.253.34 - - [12/Jan/2015:01:16:27 -0500] "GET / HTTP/1.1" 302 -
181.50.253.34 - - [12/Jan/2015:01:16:30 -0500] "GET /BLA/boletinlegal/js/jquery.js HTTP/1.1" 200 57254
181.50.253.34 - - [12/Jan/2015:01:16:30 -0500] "GET /galeria/carrusel/Carrusel/jquery.thumbnailScroller.css HTTP/1.1" 200 2066
181.50.253.34 - - [12/Jan/2015:01:16:30 -0500] "GET /BLA/boletinlegal/js/jquery.scrollTo-min.js HTTP/1.1" 200 1150
181.50.253.34 - - [12/Jan/2015:01:16:30 -0500] "GET /BLA/boletinlegal/js/jquery.scrollShow.js HTTP/1.1" 200 4586
181.50.253.34 - - [12/Jan/2015:01:16:30 -0500] "GET /galeria/carrusel/Carrusel/jquery-ui-1.8.13.custom.min.js HTTP/1.1" 200 10800
181.50.253.34 - - [12/Jan/2015:01:16:30 -0500] "GET /galeria/carrusel/Carrusel/jquery.thumbnailScroller.js HTTP/1.1" 200 8157
66.249.64.167 - - [12/Jan/2015:01:16:34 -0500] "GET /BLA/resoluciones/AUTOS%202007/0647.pdf HTTP/1.1" 200 145907
181.50.253.34 - - [12/Jan/2015:01:16:35 -0500] "GET /galeria/nivo-slider/demo/demo.html HTTP/1.1" 200 3150
181.50.253.34 - - [12/Jan/2015:01:16:36 -0500] "GET /galeria/nivo-slider/themes/default/default.css HTTP/1.1" 200 1569
181.50.253.34 - - [12/Jan/2015:01:16:36 -0500] "GET /galeria/nivo-slider/themes/pascal/pascal.css HTTP/1.1" 200 2258
181.50.253.34 - - [12/Jan/2015:01:16:36 -0500] "GET /galeria/nivo-slider/nivo-slider.css HTTP/1.1" 200 1507
181.50.253.34 - - [12/Jan/2015:01:16:36 -0500] "GET /galeria/nivo-slider/demo/style.css HTTP/1.1" 200 2222
181.50.253.34 - - [12/Jan/2015:01:16:36 -0500] "GET /galeria/nivo-slider/themes/orman/orman.css HTTP/1.1" 200 2152
181.50.253.34 - - [12/Jan/2015:01:16:36 -0500] "GET /galeria/nivo-slider/demo/scripts/jquery-1.7.1.min.js HTTP/1.1" 200 93868
181.50.253.34 - - [12/Jan/2015:01:16:36 -0500] "GET /galeria/nivo-slider/jquery.nivo.slider.pack.js HTTP/1.1" 200 11561
181.50.253.34 - - [12/Jan/2015:01:16:36 -0500] "GET /galeria/nivo-slider/demo/images/bolsas-08.jpg HTTP/1.1" 200 85589
181.50.253.34 - - [12/Jan/2015:01:16:36 -0500] "GET /galeria/nivo-slider/demo/images/Ruta-vertimientos-01.jpg HTTP/1.1" 200 130151
181.50.253.34 - - [12/Jan/2015:01:16:37 -0500] "GET /galeria/nivo-slider/demo/images/bolsas-06.jpg HTTP/1.1" 200 90982
181.50.253.34 - - [12/Jan/2015:01:16:37 -0500] "GET /galeria/nivo-slider/demo/images/ecolecta-Dic2014.png HTTP/1.1" 200 288593
181.50.253.34 - - [12/Jan/2015:01:16:37 -0500] "GET /galeria/nivo-slider/demo/images/porloshumedales.jpg HTTP/1.1" 200 351238
181.50.253.34 - - [12/Jan/2015:01:16:37 -0500] "GET /galeria/nivo-slider/themes/default/loading.gif HTTP/1.1" 200 1737
181.50.253.34 - - [12/Jan/2015:01:16:38 -0500] "GET /galeria/nivo-slider/demo/images/4Simple_Slider.png HTTP/1.1" 200 11722
181.50.253.34 - - [12/Jan/2015:01:16:38 -0500] "GET /galeria/nivo-slider/demo/images/Tingua-azul.jpg HTTP/1.1" 200 307638
181.50.253.34 - - [12/Jan/2015:01:16:38 -0500] "GET /galeria/nivo-slider/demo/images/Banner-Caracol-Africano.jpg HTTP/1.1" 200 331986
181.50.253.34 - - [12/Jan/2015:01:16:39 -0500] "GET /galeria/nivo-slider/demo/images/banner-redes.jpg HTTP/1.1" 200 62209
181.50.253.34 - - [12/Jan/2015:01:16:40 -0500] "GET /galeria/nivo-slider/demo/images/9Signos.jpg HTTP/1.1" 200 93040
181.50.253.34 - - [12/Jan/2015:01:16:40 -0500] "GET /galeria/nivo-slider/demo/images/banner-llantas2.jpg HTTP/1.1" 200 73153
181.50.253.34 - - [12/Jan/2015:01:16:40 -0500] "GET /galeria/nivo-slider/demo/images/banner-caballos.png HTTP/1.1" 200 389106
181.50.253.34 - - [12/Jan/2015:01:16:41 -0500] "GET /videos/Spot_CambioClimatico.flv HTTP/1.1" 200 4371917
181.50.253.34 - - [12/Jan/2015:01:16:44 -0500] "GET /galeria/nivo-slider/themes/default/arrows.png HTTP/1.1" 200 824
181.50.253.34 - - [12/Jan/2015:01:16:44 -0500] "GET /galeria/nivo-slider/themes/default/bullets.png HTTP/1.1" 200 1281
201.244.30.44 - - [12/Jan/2015:01:17:30 -0500] "POST /forms/lservlet;jsessionid=ac16012b30d53f205f23f511410baf98acc49e06fe05.e3iSbxaKaheRe34SahiRb30Pchr0n6jAmljGr5XDqQLvpAe HTTP/1.1" 200 2
66.249.64.167 - - [12/Jan/2015:01:17:30 -0500] "GET /BLA/resoluciones/RESOLUCIONES%202008/5503.pdf HTTP/1.1" 304 -
66.249.64.163 - - [12/Jan/2015:01:17:40 -0500] "GET /BLA/resoluciones/RESOLUCIONES%202005/RES%202005%201-50/00000002.tif HTTP/1.1" 200 78810
66.249.64.167 - - [12/Jan/2015:01:18:27 -0500] "GET /BLA/resoluciones/RESOLUCIONES%202008/3467.pdf HTTP/1.1" 304 -
180.76.6.53 - - [12/Jan/2015:01:18:36 -0500] "GET /videos/NotaWEBEncuentroparticipacion.flv HTTP/1.1" 200 21234082
74.86.158.107 - - [12/Jan/2015:01:18:52 -0500] "HEAD / HTTP/1.1" 302 -
220.181.108.88 - - [12/Jan/2015:01:19:02 -0500] "GET / HTTP/1.1" 302 -
180.76.5.166 - - [12/Jan/2015:01:19:12 -0500] "GET /BLA/boletinlegal;jsessionid=5C8B0C1BFD28DC5F219C6EB2E2B92D1C?/? HTTP/1.1" 404 1018
66.249.64.163 - - [12/Jan/2015:01:19:24 -0500] "GET /BLA/resoluciones/RESOLUCIONES%202010/3075.pdf HTTP/1.1" 200 467435
201.244.30.44 - - [12/Jan/2015:01:19:30 -0500] "POST /forms/lservlet;jsessionid=ac16012b30d53f205f23f511410baf98acc49e06fe05.e3iSbxaKaheRe34SahiRb30Pchr0n6jAmljGr5XDqQLvpAe HTTP/1.1" 200 2
157.55.39.23 - - [12/Jan/2015:01:19:30 -0500] "GET /BLA/resoluciones/RESOLUCIONES%202012/1769.pdf HTTP/1.1" 200 422832
123.125.71.29 - - [12/Jan/2015:01:19:36 -0500] "GET / HTTP/1.1" 302 -
186.42.104.86 - - [12/Jan/2015:01:19:47 -0500] "GET /BLA/boletinlegal/js/jquery.js HTTP/1.1" 200 57254
186.42.104.86 - - [12/Jan/2015:01:19:47 -0500] "GET /BLA/boletinlegal/js/jquery.scrollTo-min.js HTTP/1.1" 200 1150
186.42.104.86 - - [12/Jan/2015:01:19:47 -0500] "GET /BLA/boletinlegal/js/jquery.scrollShow.js HTTP/1.1" 200 4586
186.113.67.207 - - [12/Jan/2015:01:20:18 -0500] "GET /videos/Spot_CambioClimatico.flv HTTP/1.1" 200 4371917
66.249.64.171 - - [12/Jan/2015:01:20:20 -0500] "GET /BLA/resoluciones/RESOLUCIONES%202008/4102.pdf HTTP/1.1" 200 486655
66.249.64.163 - - [12/Jan/2015:01:20:43 -0500] "GET /BLA/resoluciones/RESOLUCIONES%202007/RES%202007%201301%20AL%201400/RESOLUCION%201400%20DE%202007.pdf HTTP/1.1" 304 -
157.55.39.23 - - [12/Jan/2015:01:20:52 -0500] "GET /bla/resoluciones/resoluciones%202009/2266.pdf HTTP/1.1" 200 716040
186.113.67.207 - - [12/Jan/2015:01:21:02 -0500] "GET /BLA/boletinlegal/style.css HTTP/1.1" 200 9406
186.113.67.207 - - [12/Jan/2015:01:21:02 -0500] "GET /BLA/boletinlegal/styles2.css HTTP/1.1" 200 1838
186.113.67.207 - - [12/Jan/2015:01:21:02 -0500] "GET /BLA/boletinlegal/images/cabezote%20BLEGAL.jpg HTTP/1.1" 200 118164
186.113.67.207 - - [12/Jan/2015:01:21:02 -0500] "GET /BLA/boletinlegal/images/nuevo.gif HTTP/1.1" 200 26475
186.113.67.207 - - [12/Jan/2015:01:21:02 -0500] "GET /BLA/boletinlegal/images/historia.png HTTP/1.1" 200 52775
186.113.67.207 - - [12/Jan/2015:01:21:02 -0500] "GET /BLA/boletinlegal/images/subscribe-icon-big.png HTTP/1.1" 200 47702
186.113.67.207 - - [12/Jan/2015:01:21:02 -0500] "GET /BLA/boletinlegal/images/arr_l.jpg HTTP/1.1" 200 1979
186.113.67.207 - - [12/Jan/2015:01:21:02 -0500] "GET /BLA/boletinlegal/images/body_bg.jpg HTTP/1.1" 200 1601
186.113.67.207 - - [12/Jan/2015:01:21:02 -0500] "GET /BLA/boletinlegal/images/menu_rght.gif HTTP/1.1" 200 1627
186.113.67.207 - - [12/Jan/2015:01:21:02 -0500] "GET /BLA/boletinlegal/images/menu_lft.gif HTTP/1.1" 200 1713
186.113.67.207 - - [12/Jan/2015:01:21:02 -0500] "GET /BLA/boletinlegal/images/bg_top.jpg HTTP/1.1" 200 522
186.113.67.207 - - [12/Jan/2015:01:21:03 -0500] "GET /BLA/boletinlegal/images/menu_bg.jpg HTTP/1.1" 200 620
186.113.67.207 - - [12/Jan/2015:01:21:03 -0500] "GET /BLA/boletinlegal/images/screen_2.png HTTP/1.1" 200 362502
186.113.67.207 - - [12/Jan/2015:01:21:03 -0500] "GET /BLA/boletinlegal/images/screen_3.png HTTP/1.1" 200 211853
186.113.67.207 - - [12/Jan/2015:01:21:03 -0500] "GET /BLA/boletinlegal/images/screen_5.png HTTP/1.1" 200 368876
186.113.67.207 - - [12/Jan/2015:01:21:03 -0500] "GET /BLA/boletinlegal/images/text.jpg HTTP/1.1" 200 568
186.113.67.207 - - [12/Jan/2015:01:21:03 -0500] "GET /BLA/boletinlegal/images/arr_r.jpg HTTP/1.1" 200 1998
186.113.67.207 - - [12/Jan/2015:01:21:03 -0500] "GET /BLA/boletinlegal/images/hover.jpg HTTP/1.1" 200 640
186.113.67.207 - - [12/Jan/2015:01:21:03 -0500] "GET /BLA/boletinlegal/images/launch.jpg HTTP/1.1" 200 14577
186.113.67.207 - - [12/Jan/2015:01:21:03 -0500] "GET /BLA/boletinlegal/images/screen_1.png HTTP/1.1" 200 202547
186.113.67.207 - - [12/Jan/2015:01:21:04 -0500] "GET /BLA/boletinlegal/images/footer_bg.jpg HTTP/1.1" 200 586
186.113.67.207 - - [12/Jan/2015:01:21:12 -0500] "GET /BLA/boletinlegal/images/pdf.gif HTTP/1.1" 200 567
66.249.64.171 - - [12/Jan/2015:01:21:17 -0500] "GET /BLA/resoluciones/AUTOS%202011/5874.pdf HTTP/1.1" 200 224609
66.249.64.163 - - [12/Jan/2015:01:21:21 -0500] "GET /BLA/boletinlegal/Circulares/2012/Circular%20No.%209%20del%2021%20de%20Agosto%20de%202012.pdf HTTP/1.1" 200 1402289
201.244.30.44 - - [12/Jan/2015:01:21:30 -0500] "POST /forms/lservlet;jsessionid=ac16012b30d53f205f23f511410baf98acc49e06fe05.e3iSbxaKaheRe34SahiRb30Pchr0n6jAmljGr5XDqQLvpAe HTTP/1.1" 200 2
186.113.67.207 - - [12/Jan/2015:01:21:35 -0500] "GET /BLA/boletinlegal/images/background.gif HTTP/1.1" 200 -
186.113.67.207 - - [12/Jan/2015:01:21:01 -0500] "GET /BLA/boletinlegal/index.php? HTTP/1.1" 200 47318
186.113.67.207 - - [12/Jan/2015:01:21:41 -0500] "GET /favicon.ico HTTP/1.1" 200 7782
207.46.13.133 - - [12/Jan/2015:01:22:01 -0500] "GET /bla/resoluciones/resoluciones%202009/0228.pdf HTTP/1.1" 200 240848
207.46.13.12 - - [12/Jan/2015:01:22:01 -0500] "GET /robots.txt HTTP/1.1" 404 1018
186.99.220.65 - - [12/Jan/2015:01:22:06 -0500] "GET /BLA/resoluciones/RESOLUCIONES%202010/1974.pdf HTTP/1.1" 200 476525
186.99.220.65 - - [12/Jan/2015:01:22:12 -0500] "GET /BLA/resoluciones/RESOLUCIONES%202010/1974.pdf HTTP/1.1" 200 476525
66.249.64.167 - - [12/Jan/2015:01:22:14 -0500] "GET /BLA/resoluciones/RESOLUCIONES%202013/0763.pdf HTTP/1.1" 200 1854679
186.99.220.65 - - [12/Jan/2015:01:22:27 -0500] "GET /BLA/resoluciones/RESOLUCIONES%202010/1974.pdf HTTP/1.1" 416 378
207.46.13.12 - - [12/Jan/2015:01:22:32 -0500] "GET /bla/resoluciones/autos%202010/4583.pdf HTTP/1.1" 200 172691
207.46.13.12 - - [12/Jan/2015:01:22:33 -0500] "GET /BLA/resoluciones/AUTOS%202012/2901.pdf HTTP/1.1" 200 230073
180.76.5.77 - - [12/Jan/2015:01:22:44 -0500] "GET /BLA/boletinlegal;jsessionid=50CD65C1EAD3D5FFF0038F3B9DB7D3AD?/? HTTP/1.1" 404 1018
66.249.64.167 - - [12/Jan/2015:01:23:10 -0500] "GET /BLA/resoluciones/AUTOS%202007/2873.pdf HTTP/1.1" 200 76693
66.249.64.39 - - [12/Jan/2015:01:23:22 -0500] "GET /Autoliquidacion/Solicitudes%20relacionadas%20con%20calidad%20del%20aire%20auditiva%20y%20visual/Registro%20de%20Elementos%20de%20publicidad%20Exterior%20Visual/Aplicativo%20PEV%202015.htm HTTP/1.1" 200 327
201.244.30.44 - - [12/Jan/2015:01:23:30 -0500] "POST /forms/lservlet;jsessionid=ac16012b30d53f205f23f511410baf98acc49e06fe05.e3iSbxaKaheRe34SahiRb30Pchr0n6jAmljGr5XDqQLvpAe HTTP/1.1" 200 2
74.86.158.107 - - [12/Jan/2015:01:23:52 -0500] "HEAD / HTTP/1.1" 302 -
66.249.64.163 - - [12/Jan/2015:01:24:07 -0500] "GET /BLA/resoluciones/AUTOS%202007/0864.pdf HTTP/1.1" 200 78577
157.55.39.22 - - [12/Jan/2015:01:25:25 -0500] "GET /bla/resoluciones/resoluciones%202009/1157.pdf HTTP/1.1" 200 37679
201.244.30.44 - - [12/Jan/2015:01:25:30 -0500] "POST /forms/lservlet;jsessionid=ac16012b30d53f205f23f511410baf98acc49e06fe05.e3iSbxaKaheRe34SahiRb30Pchr0n6jAmljGr5XDqQLvpAe HTTP/1.1" 200 2
66.249.64.167 - - [12/Jan/2015:01:25:45 -0500] "GET /BLA/resoluciones/AUTOS%202006/AUTOS%202006%202101%20-%202200/00002175.tif HTTP/1.1" 200 64746
66.249.64.171 - - [12/Jan/2015:01:26:00 -0500] "GET /BLA/resoluciones/AUTOS%202014/1587.pdf HTTP/1.1" 200 213465
66.249.64.171 - - [12/Jan/2015:01:26:03 -0500] "GET /BLA/boletinlegal/js/jquery.js HTTP/1.1" 200 57254
66.249.64.171 - - [12/Jan/2015:01:26:03 -0500] "GET /BLA/boletinlegal/js/jquery.scrollShow.js HTTP/1.1" 200 4586
66.249.64.167 - - [12/Jan/2015:01:26:03 -0500] "GET /BLA/boletinlegal/js/jquery.scrollTo-min.js HTTP/1.1" 200 1150
200.119.53.22 - - [12/Jan/2015:01:26:13 -0500] "GET /BLA/boletinlegal/js/jquery.js HTTP/1.1" 200 57254
200.119.53.22 - - [12/Jan/2015:01:26:13 -0500] "GET /BLA/boletinlegal/js/jquery.scrollTo-min.js HTTP/1.1" 200 1150
200.119.53.22 - - [12/Jan/2015:01:26:13 -0500] "GET /BLA/boletinlegal/js/jquery.scrollShow.js HTTP/1.1" 200 4586
207.46.13.139 - - [12/Jan/2015:01:26:20 -0500] "GET /ix/ HTTP/1.1" 404 1015
207.46.13.133 - - [12/Jan/2015:01:26:50 -0500] "GET /robots.txt HTTP/1.1" 404 1018
66.249.64.167 - - [12/Jan/2015:01:26:57 -0500] "GET /BLA/resoluciones/RESOLUCIONES%202011/1108.pdf HTTP/1.1" 200 424844
66.249.64.171 - - [12/Jan/2015:01:27:03 -0500] "GET /BLA/resoluciones/RESOLUCIONES%202005/RES%202005%201-50/00000050.tif HTTP/1.1" 200 117974
66.249.64.167 - - [12/Jan/2015:01:27:03 -0500] "GET /BLA/resoluciones/RESOLUCIONES%202003/RES%202003%20251-300/292.tif HTTP/1.1" 200 72028
201.244.30.44 - - [12/Jan/2015:01:27:30 -0500] "POST /forms/lservlet;jsessionid=ac16012b30d53f205f23f511410baf98acc49e06fe05.e3iSbxaKaheRe34SahiRb30Pchr0n6jAmljGr5XDqQLvpAe HTTP/1.1" 200 2
207.46.13.133 - - [12/Jan/2015:01:27:32 -0500] "GET /BLA/resoluciones/AUTOS%202010/5239.pdf HTTP/1.1" 200 253523
201.244.30.44 - - [12/Jan/2015:01:27:45 -0500] "POST /forms/lservlet;jsessionid=ac16012b30d53f205f23f511410baf98acc49e06fe05.e3iSbxaKaheRe34SahiRb30Pchr0n6jAmljGr5XDqQLvpAe HTTP/1.1" 200 2
201.244.30.44 - - [12/Jan/2015:01:27:45 -0500] "POST /forms/lservlet;jsessionid=ac16012b30d53f205f23f511410baf98acc49e06fe05.e3iSbxaKaheRe34SahiRb30Pchr0n6jAmljGr5XDqQLvpAe HTTP/1.1" 200 2317
201.244.30.44 - - [12/Jan/2015:01:27:46 -0500] "POST /forms/lservlet;jsessionid=ac16012b30d53f205f23f511410baf98acc49e06fe05.e3iSbxaKaheRe34SahiRb30Pchr0n6jAmljGr5XDqQLvpAe HTTP/1.1" 200 10
207.46.13.133 - - [12/Jan/2015:01:27:51 -0500] "GET /BLA/resoluciones/AUTOS%202012/1596.pdf HTTP/1.1" 200 419070
66.249.64.171 - - [12/Jan/2015:01:27:54 -0500] "GET /BLA/resoluciones/RESOLUCIONES%202010/5807.pdf HTTP/1.1" 304 -
201.244.30.44 - - [12/Jan/2015:01:28:01 -0500] "POST /forms/lservlet;jsessionid=ac16012b30d53f205f23f511410baf98acc49e06fe05.e3iSbxaKaheRe34SahiRb30Pchr0n6jAmljGr5XDqQLvpAe HTTP/1.1" 200 26
201.244.30.44 - - [12/Jan/2015:01:28:01 -0500] "POST /forms/lservlet;jsessionid=ac16012b30d53f205f23f511410baf98acc49e06fe05.e3iSbxaKaheRe34SahiRb30Pchr0n6jAmljGr5XDqQLvpAe HTTP/1.1" 200 14
201.244.30.44 - - [12/Jan/2015:01:28:03 -0500] "POST /forms/lservlet;jsessionid=ac16012b30d53f205f23f511410baf98acc49e06fe05.e3iSbxaKaheRe34SahiRb30Pchr0n6jAmljGr5XDqQLvpAe HTTP/1.1" 200 14
201.244.30.44 - - [12/Jan/2015:01:28:04 -0500] "POST /forms/lservlet;jsessionid=ac16012b30d53f205f23f511410baf98acc49e06fe05.e3iSbxaKaheRe34SahiRb30Pchr0n6jAmljGr5XDqQLvpAe HTTP/1.1" 200 4139
201.244.30.44 - - [12/Jan/2015:01:28:05 -0500] "POST /forms/lservlet;jsessionid=ac16012b30d53f205f23f511410baf98acc49e06fe05.e3iSbxaKaheRe34SahiRb30Pchr0n6jAmljGr5XDqQLvpAe HTTP/1.1" 200 2
201.244.30.44 - - [12/Jan/2015:01:28:06 -0500] "POST /forms/lservlet;jsessionid=ac16012b30d53f205f23f511410baf98acc49e06fe05.e3iSbxaKaheRe34SahiRb30Pchr0n6jAmljGr5XDqQLvpAe HTTP/1.1" 200 2
201.244.30.44 - - [12/Jan/2015:01:28:06 -0500] "POST /forms/lservlet;jsessionid=ac16012b30d53f205f23f511410baf98acc49e06fe05.e3iSbxaKaheRe34SahiRb30Pchr0n6jAmljGr5XDqQLvpAe HTTP/1.1" 200 14
201.244.30.44 - - [12/Jan/2015:01:28:07 -0500] "POST /forms/lservlet;jsessionid=ac16012b30d53f205f23f511410baf98acc49e06fe05.e3iSbxaKaheRe34SahiRb30Pchr0n6jAmljGr5XDqQLvpAe HTTP/1.1" 200 14
201.244.30.44 - - [12/Jan/2015:01:28:09 -0500] "POST /forms/lservlet;jsessionid=ac16012b30d53f205f23f511410baf98acc49e06fe05.e3iSbxaKaheRe34SahiRb30Pchr0n6jAmljGr5XDqQLvpAe HTTP/1.1" 200 14
201.244.30.44 - - [12/Jan/2015:01:28:10 -0500] "POST /forms/lservlet;jsessionid=ac16012b30d53f205f23f511410baf98acc49e06fe05.e3iSbxaKaheRe34SahiRb30Pchr0n6jAmljGr5XDqQLvpAe HTTP/1.1" 200 133
201.244.30.44 - - [12/Jan/2015:01:28:11 -0500] "POST /forms/lservlet;jsessionid=ac16012b30d53f205f23f511410baf98acc49e06fe05.e3iSbxaKaheRe34SahiRb30Pchr0n6jAmljGr5XDqQLvpAe HTTP/1.1" 200 2
201.244.30.44 - - [12/Jan/2015:01:28:11 -0500] "POST /forms/lservlet;jsessionid=ac16012b30d53f205f23f511410baf98acc49e06fe05.e3iSbxaKaheRe34SahiRb30Pchr0n6jAmljGr5XDqQLvpAe HTTP/1.1" 200 143
66.249.64.171 - - [12/Jan/2015:01:28:12 -0500] "GET /BLA/boletinlegal/Circulares/2012/Circular%20No.%208%20del%2021%20de%20Agosto%20de%202012.pdf HTTP/1.1" 200 963197
201.244.30.44 - - [12/Jan/2015:01:28:12 -0500] "POST /forms/lservlet;jsessionid=ac16012b30d53f205f23f511410baf98acc49e06fe05.e3iSbxaKaheRe34SahiRb30Pchr0n6jAmljGr5XDqQLvpAe HTTP/1.1" 200 7
201.244.30.44 - - [12/Jan/2015:01:28:14 -0500] "GET /reports/rwservlet/getjobid340430?server=rep_srvapsda HTTP/1.1" 200 709425
201.244.30.44 - - [12/Jan/2015:01:28:22 -0500] "POST /forms/lservlet;jsessionid=ac16012b30d53f205f23f511410baf98acc49e06fe05.e3iSbxaKaheRe34SahiRb30Pchr0n6jAmljGr5XDqQLvpAe HTTP/1.1" 200 2
201.244.30.44 - - [12/Jan/2015:01:28:22 -0500] "POST /forms/lservlet;jsessionid=ac16012b30d53f205f23f511410baf98acc49e06fe05.e3iSbxaKaheRe34SahiRb30Pchr0n6jAmljGr5XDqQLvpAe HTTP/1.1" 200 8
201.244.30.44 - - [12/Jan/2015:01:28:22 -0500] "POST /forms/lservlet;jsessionid=ac16012b30d53f205f23f511410baf98acc49e06fe05.e3iSbxaKaheRe34SahiRb30Pchr0n6jAmljGr5XDqQLvpAe HTTP/1.1" 200 2
201.244.30.44 - - [12/Jan/2015:01:28:23 -0500] "POST /forms/lservlet;jsessionid=ac16012b30d53f205f23f511410baf98acc49e06fe05.e3iSbxaKaheRe34SahiRb30Pchr0n6jAmljGr5XDqQLvpAe HTTP/1.1" 200 2
201.244.30.44 - - [12/Jan/2015:01:28:23 -0500] "POST /forms/lservlet;jsessionid=ac16012b30d53f205f23f511410baf98acc49e06fe05.e3iSbxaKaheRe34SahiRb30Pchr0n6jAmljGr5XDqQLvpAe HTTP/1.1" 200 8
201.244.30.44 - - [12/Jan/2015:01:28:23 -0500] "POST /forms/lservlet;jsessionid=ac16012b30d53f205f23f511410baf98acc49e06fe05.e3iSbxaKaheRe34SahiRb30Pchr0n6jAmljGr5XDqQLvpAe HTTP/1.1" 200 2
66.249.64.167 - - [12/Jan/2015:01:28:51 -0500] "GET /BLA/resoluciones/RESOLUCIONES%202010/7751.pdf HTTP/1.1" 304 -
74.86.158.107 - - [12/Jan/2015:01:28:52 -0500] "HEAD / HTTP/1.1" 302 -
201.244.30.44 - - [12/Jan/2015:01:29:30 -0500] "POST /forms/lservlet;jsessionid=ac16012b30d53f205f23f511410baf98acc49e06fe05.e3iSbxaKaheRe34SahiRb30Pchr0n6jAmljGr5XDqQLvpAe HTTP/1.1" 200 2
66.249.64.171 - - [12/Jan/2015:01:29:47 -0500] "GET /BLA/resoluciones/RESOLUCIONES%202013/0064.pdf HTTP/1.1" 200 593731
201.244.30.44 - - [12/Jan/2015:01:29:57 -0500] "POST /forms/lservlet;jsessionid=ac16012b30d53f205f23f511410baf98acc49e06fe05.e3iSbxaKaheRe34SahiRb30Pchr0n6jAmljGr5XDqQLvpAe HTTP/1.1" 200 40
201.244.30.44 - - [12/Jan/2015:01:29:57 -0500] "POST /forms/lservlet;jsessionid=ac16012b30d53f205f23f511410baf98acc49e06fe05.e3iSbxaKaheRe34SahiRb30Pchr0n6jAmljGr5XDqQLvpAe HTTP/1.1" 200 2
201.244.30.44 - - [12/Jan/2015:01:29:58 -0500] "POST /forms/lservlet;jsessionid=ac16012b30d53f205f23f511410baf98acc49e06fe05.e3iSbxaKaheRe34SahiRb30Pchr0n6jAmljGr5XDqQLvpAe HTTP/1.1" 200 -
152.61.193.99 - - [12/Jan/2015:01:30:03 -0500] "HEAD / HTTP/1.1" 302 -
152.61.193.99 - - [12/Jan/2015:01:30:03 -0500] "GET /arcgis/services/Calidad_del_Agua_WQI/MapServer/WMSServer?request=GetCapabilities&service=WMS HTTP/1.1" 200 32135
152.61.193.99 - - [12/Jan/2015:01:30:03 -0500] "GET /arcgis/services/Calidad_del_Agua_WQI/MapServer/WMSServer?request=GetCapabilities&service=WMS HTTP/1.1" 200 32135
152.61.193.99 - - [12/Jan/2015:01:30:04 -0500] "GET /arcgis/services/Calidad_del_Agua_WQI/MapServer/WMSServer?request=GetCapabilities&service=WMS HTTP/1.1" 200 32135
152.61.193.99 - - [12/Jan/2015:01:30:05 -0500] "GET /arcgis/services/Calidad_del_Agua_WQI/MapServer/WMSServer?request=GetCapabilities&service=WMS HTTP/1.1" 200 32135
152.61.193.99 - - [12/Jan/2015:01:30:06 -0500] "GET /arcgis/services/Calidad_del_Agua_WQI/MapServer/WMSServer?VERSION=1.1.1&REQUEST=GetMap&LAYERS=0&SRS=EPSG:4326&BBOX=-74.473395,3.674381,-73.963300,4.920569&WIDTH=250&HEIGHT=250&FORMAT=image/bmp&STYLES=& HTTP/1.1" 200 188054
66.249.64.167 - - [12/Jan/2015:01:30:44 -0500] "GET /BLA/resoluciones/RESOLUCIONES%202011/2725.pdf HTTP/1.1" 304 -
152.61.193.99 - - [12/Jan/2015:01:30:58 -0500] "HEAD / HTTP/1.1" 302 -
152.61.193.99 - - [12/Jan/2015:01:30:59 -0500] "GET /arcgis/services/Calidad_del_Agua_WQI/MapServer/WMSServer?SERVICE=WMS&REQUEST=GetCapabilities HTTP/1.1" 200 32135
152.61.193.99 - - [12/Jan/2015:01:30:59 -0500] "GET /arcgis/services/Calidad_del_Agua_WQI/MapServer/WMSServer?SERVICE=WMS&REQUEST=GetCapabilities HTTP/1.1" 200 32135
152.61.193.99 - - [12/Jan/2015:01:31:00 -0500] "GET /arcgis/services/Calidad_del_Agua_WQI/MapServer/WMSServer?SERVICE=WMS&REQUEST=GetCapabilities HTTP/1.1" 200 32135
152.61.193.99 - - [12/Jan/2015:01:31:01 -0500] "GET /arcgis/services/Calidad_del_Agua_WQI/MapServer/WMSServer?SERVICE=WMS&REQUEST=GetCapabilities HTTP/1.1" 200 32135
152.61.193.99 - - [12/Jan/2015:01:31:02 -0500] "GET /arcgis/services/Calidad_del_Agua_WQI/MapServer/WMSServer?VERSION=1.1.1&REQUEST=GetMap&LAYERS=0&SRS=EPSG:4326&BBOX=-74.473395,3.674381,-73.963300,4.920569&WIDTH=250&HEIGHT=250&FORMAT=image/bmp&STYLES=& HTTP/1.1" 200 188054
66.249.64.167 - - [12/Jan/2015:01:31:41 -0500] "GET /BLA/resoluciones/RESOLUCIONES%202011/1076.pdf HTTP/1.1" 304 -
66.249.64.171 - - [12/Jan/2015:01:32:37 -0500] "GET /BLA/directivas/2011/6.pdf HTTP/1.1" 304 -
66.249.64.171 - - [12/Jan/2015:01:33:34 -0500] "GET /BLA/resoluciones/RESOLUCIONES%202009/0161.pdf HTTP/1.1" 304 -
157.55.39.38 - - [12/Jan/2015:01:33:35 -0500] "GET /dama/libreria/pdf/foroaire/UNIANDES%201.pdf HTTP/1.1" 404 1019
74.86.158.107 - - [12/Jan/2015:01:33:52 -0500] "HEAD / HTTP/1.1" 302 -
66.249.64.163 - - [12/Jan/2015:01:34:31 -0500] "GET /BLA/resoluciones/RESOLUCIONES%202009/3574.pdf HTTP/1.1" 304 -
66.249.64.167 - - [12/Jan/2015:01:35:00 -0500] "GET /BLA/boletinlegal/Circulares/2011/Circular%20No.%207%20del%2023%20de%20Diciembre%20de%202011.pdf HTTP/1.1" 200 1107785
66.249.64.163 - - [12/Jan/2015:01:35:27 -0500] "GET /BLA/resoluciones/RESOLUCIONES%202007/RES%202007%203501%20AL%203600/RESOLUCION%203578%20DE%202007.pdf HTTP/1.1" 200 28844
157.55.39.38 - - [12/Jan/2015:01:35:51 -0500] "GET /robots.txt HTTP/1.1" 404 1015
157.55.39.38 - - [12/Jan/2015:01:36:04 -0500] "GET /dama/libreria/php/decide.php?patron=02 HTTP/1.1" 404 1015
66.249.64.171 - - [12/Jan/2015:01:36:24 -0500] "GET /BLA/resoluciones/RESOLUCIONES%202009/3798.pdf HTTP/1.1" 304 -
66.249.64.167 - - [12/Jan/2015:01:36:34 -0500] "GET /BLA/resoluciones/RESOLUCIONES%202005/RES%202005%201-50/00000016.tif HTTP/1.1" 200 228084
157.55.39.23 - - [12/Jan/2015:01:37:03 -0500] "GET /bla/resoluciones/autos%202010/0812.pdf HTTP/1.1" 200 177307
66.249.64.171 - - [12/Jan/2015:01:37:21 -0500] "GET /BLA/resoluciones/RESOLUCIONES%202009/5362.pdf HTTP/1.1" 304 -
66.249.64.39 - - [12/Jan/2015:01:38:17 -0500] "GET /BLA/boletinlegal/jurisprudencia/analisis/Analisis%20Jurisprudencia%20Sent%202000-00005-01.doc HTTP/1.1" 304 -
66.249.64.163 - - [12/Jan/2015:01:38:26 -0500] "GET /BLA/resoluciones/index.php?dir=RESOLUCIONES%202003/RES%202003%20351-400/&sort=name&order=desc HTTP/1.1" 200 11304
180.76.6.137 - - [12/Jan/2015:01:38:40 -0500] "GET /BLA/resoluciones/AUTOS%202007/2568.pdf HTTP/1.1" 200 93667
74.86.158.107 - - [12/Jan/2015:01:38:52 -0500] "HEAD / HTTP/1.1" 302 -
66.249.64.163 - - [12/Jan/2015:01:39:14 -0500] "GET /BLA/resoluciones/RESOLUCIONES%202008/0316.pdf HTTP/1.1" 200 242828
66.249.64.163 - - [12/Jan/2015:01:40:11 -0500] "GET /BLA/resoluciones/AUTOS%202011/4984.pdf HTTP/1.1" 304 -
180.76.5.166 - - [12/Jan/2015:01:40:36 -0500] "GET /Autoliquidacion/index.php?dir=Solicitudes+relacionadas+con+calidad+del+aire+auditiva+y+visual%2F HTTP/1.1" 200 5748
66.249.64.171 - - [12/Jan/2015:01:41:08 -0500] "GET /BLA/resoluciones/RESOLUCIONES%202012/1556.pdf HTTP/1.1" 200 3312756
180.76.6.145 - - [12/Jan/2015:01:41:15 -0500] "GET /BLA/boletinlegal;jsessionid=99E24A4944A432A1E480640801163E84?/? HTTP/1.1" 404 1018
66.249.64.167 - - [12/Jan/2015:01:41:50 -0500] "GET /BLA/boletinlegal/Circulares/2011/Circular%20No.%209%20del%2003%20de%20Noviembre%20de%202011.pdf HTTP/1.1" 200 54568
180.76.6.155 - - [12/Jan/2015:01:41:54 -0500] "GET /BLA/boletinlegal;jsessionid=5815283005DAAAB762CCBEE71610D990?/? HTTP/1.1" 404 1018
66.249.64.167 - - [12/Jan/2015:01:42:04 -0500] "GET /BLA/resoluciones/RESOLUCIONES%202011/3955.pdf HTTP/1.1" 304 -
66.249.64.163 - - [12/Jan/2015:01:43:01 -0500] "GET /BLA/resoluciones/AUTOS%202013/0279.pdf HTTP/1.1" 304 -
157.55.39.23 - - [12/Jan/2015:01:43:41 -0500] "GET /BLA/resoluciones/AUTOS%202012/0529.pdf HTTP/1.1" 200 248195
157.55.39.23 - - [12/Jan/2015:01:43:43 -0500] "GET /bla/resoluciones/resoluciones%202009/8236.pdf HTTP/1.1" 200 434271
74.86.158.107 - - [12/Jan/2015:01:43:52 -0500] "HEAD / HTTP/1.1" 302 -
66.249.64.167 - - [12/Jan/2015:01:43:58 -0500] "GET /BLA/resoluciones/RESOLUCIONES%202012/0288.pdf HTTP/1.1" 304 -
66.249.64.163 - - [12/Jan/2015:01:44:54 -0500] "GET /BLA/index.php HTTP/1.1" 200 538
207.46.13.133 - - [12/Jan/2015:01:45:20 -0500] "GET /BLA/resoluciones/AUTOS%202012/2801.pdf HTTP/1.1" 200 474868
66.249.64.167 - - [12/Jan/2015:01:45:54 -0500] "GET /BLA/resoluciones/RESOLUCIONES%202005/RES%202005%201-50/00000012.tif HTTP/1.1" 200 160840
66.249.64.39 - - [12/Jan/2015:01:46:48 -0500] "GET /PruebasSTORM/StormSDA_pruebas/userFiles/user_files/formulas/2/36.xml HTTP/1.1" 200 1966
66.249.64.39 - - [12/Jan/2015:01:47:44 -0500] "GET /PruebasSTORM/StormSDA_pruebas/userFiles/user_files/formulas/2/12.xml HTTP/1.1" 200 1052
180.76.4.94 - - [12/Jan/2015:01:48:02 -0500] "GET / HTTP/1.1" 302 -
157.55.39.23 - - [12/Jan/2015:01:48:11 -0500] "GET /bla/resoluciones/autos%202010/2367.pdf HTTP/1.1" 200 178880
201.184.137.90 - - [12/Jan/2015:01:48:22 -0500] "GET /BLA/boletinlegal/js/jquery.js HTTP/1.1" 200 57254
201.184.137.90 - - [12/Jan/2015:01:48:22 -0500] "GET /BLA/boletinlegal/js/jquery.scrollTo-min.js HTTP/1.1" 200 1150
201.184.137.90 - - [12/Jan/2015:01:48:22 -0500] "GET /BLA/boletinlegal/js/jquery.scrollShow.js HTTP/1.1" 200 4586
66.249.64.39 - - [12/Jan/2015:01:48:30 -0500] "GET /ecodirectorio/files/res/other/search.txt HTTP/1.1" 304 -
180.76.6.41 - - [12/Jan/2015:01:48:32 -0500] "GET /BLA/resoluciones/AUTOS%202009/0023.pdf HTTP/1.1" 200 126245
66.249.64.167 - - [12/Jan/2015:01:48:42 -0500] "GET /BLA/resoluciones/RESOLUCIONES%202009/7567.pdf HTTP/1.1" 200 487433
74.86.158.107 - - [12/Jan/2015:01:48:52 -0500] "HEAD / HTTP/1.1" 302 -
207.46.13.113 - - [12/Jan/2015:01:49:15 -0500] "GET /BLA/resoluciones/RESOLUCIONES%202009/0007.pdf HTTP/1.1" 200 196743
207.46.13.113 - - [12/Jan/2015:01:49:16 -0500] "GET /BLA/resoluciones/AUTOS%202009/1272.pdf HTTP/1.1" 200 248528
207.46.13.113 - - [12/Jan/2015:01:49:16 -0500] "GET /bla/resoluciones/autos%202010/5313.pdf HTTP/1.1" 200 186843
207.46.13.113 - - [12/Jan/2015:01:49:17 -0500] "GET /BLA/resoluciones/AUTOS%202009/0049.pdf HTTP/1.1" 200 58513
207.46.13.113 - - [12/Jan/2015:01:49:17 -0500] "GET /BLA/resoluciones/RESOLUCIONES%202012/0038.pdf HTTP/1.1" 200 133459
207.46.13.113 - - [12/Jan/2015:01:49:20 -0500] "GET /BLA/resoluciones/AUTOS%202012/1307.pdf HTTP/1.1" 200 221267
207.46.13.113 - - [12/Jan/2015:01:49:20 -0500] "GET /BLA/resoluciones/RESOLUCIONES%202009/0709.pdf HTTP/1.1" 200 314279
207.46.13.113 - - [12/Jan/2015:01:49:21 -0500] "GET /BLA/resoluciones/AUTOS%202009/0481.pdf HTTP/1.1" 200 296681
207.46.13.113 - - [12/Jan/2015:01:49:21 -0500] "GET /bla/resoluciones/autos%202010/1308.pdf HTTP/1.1" 200 356080
207.46.13.113 - - [12/Jan/2015:01:49:22 -0500] "GET /BLA/resoluciones/AUTOS%202009/3536.pdf HTTP/1.1" 200 213230
207.46.13.113 - - [12/Jan/2015:01:49:22 -0500] "GET /bla/resoluciones/resoluciones%202009/9237.pdf HTTP/1.1" 200 517093
207.46.13.113 - - [12/Jan/2015:01:49:23 -0500] "GET /bla/resoluciones/autos%202010/3307.pdf HTTP/1.1" 200 1530459
207.46.13.113 - - [12/Jan/2015:01:49:23 -0500] "GET /bla/resoluciones/autos%202010/1388.pdf HTTP/1.1" 200 253460
207.46.13.113 - - [12/Jan/2015:01:49:24 -0500] "GET /bla/resoluciones/autos%202010/1461.pdf HTTP/1.1" 200 250993
207.46.13.113 - - [12/Jan/2015:01:49:24 -0500] "GET /bla/resoluciones/autos%202010/2607.pdf HTTP/1.1" 200 160815
207.46.13.113 - - [12/Jan/2015:01:49:25 -0500] "GET /bla/resoluciones/resoluciones%202009/8737.pdf HTTP/1.1" 200 208761
207.46.13.113 - - [12/Jan/2015:01:49:25 -0500] "GET /BLA/resoluciones/AUTOS%202007/3232.pdf HTTP/1.1" 200 75396
207.46.13.113 - - [12/Jan/2015:01:49:26 -0500] "GET /BLA/resoluciones/AUTOS%202010/4742.pdf HTTP/1.1" 200 904379
207.46.13.113 - - [12/Jan/2015:01:49:26 -0500] "GET /bla/resoluciones/resoluciones%202009/1158.pdf HTTP/1.1" 200 83194
207.46.13.113 - - [12/Jan/2015:01:49:27 -0500] "GET /bla/resoluciones/resoluciones%202009/9116.pdf HTTP/1.1" 200 411711
207.46.13.113 - - [12/Jan/2015:01:49:27 -0500] "GET /BLA/resoluciones/AUTOS%202012/2507.pdf HTTP/1.1" 200 362828
66.249.64.39 - - [12/Jan/2015:01:49:38 -0500] "GET /Autoliquidacion/index.php?dir=Solicitudes+relacionadas+con+calidad+del+aire+auditiva+y+visual%2FRegistro+de+Elementos+de+publicidad+Exterior+Visual%2F HTTP/1.1" 200 4037
157.55.39.22 - - [12/Jan/2015:01:50:17 -0500] "GET /bla/resoluciones/autos%202010/1446.pdf HTTP/1.1" 200 170782
186.145.120.33 - - [12/Jan/2015:01:50:27 -0500] "GET /BLA/resoluciones/AUTOS%202014/1199.pdf HTTP/1.1" 200 353244
186.145.120.33 - - [12/Jan/2015:01:50:28 -0500] "GET /BLA/resoluciones/AUTOS%202014/1199.pdf HTTP/1.1" 200 353244
66.249.64.135 - - [12/Jan/2015:01:50:35 -0500] "GET /robots.txt HTTP/1.1" 404 1015
66.249.64.135 - - [12/Jan/2015:01:50:35 -0500] "GET / HTTP/1.1" 302 -
131.253.24.140 - - [12/Jan/2015:01:51:00 -0500] "GET /BLA/boletinlegal/js/jquery.js HTTP/1.1" 200 57254
131.253.26.226 - - [12/Jan/2015:01:51:00 -0500] "GET /BLA/boletinlegal/js/jquery.scrollTo-min.js HTTP/1.1" 200 1150
131.253.26.226 - - [12/Jan/2015:01:51:00 -0500] "GET /BLA/boletinlegal/js/jquery.scrollShow.js HTTP/1.1" 200 4586
66.249.64.47 - - [12/Jan/2015:01:51:31 -0500] "GET /Anexos%20estudio%20Organizacional%20SDA/ANEXO%20No.%203-%20CONTRATACI%C3%93N%20%20OPS%C2%B4s%202008-2012/CONTRATOS%20SDA%202009%20POR%20DEPENDENCIA%20(1).xls HTTP/1.1" 304 -
66.249.64.163 - - [12/Jan/2015:01:51:47 -0500] "GET /BLA/resoluciones/RESOLUCIONES%202004/RES%202004%20201-250/00000208.tif HTTP/1.1" 200 48690
66.249.64.171 - - [12/Jan/2015:01:52:28 -0500] "GET /BLA/resoluciones/AUTOS%202009/3607.pdf HTTP/1.1" 200 240932
207.46.13.133 - - [12/Jan/2015:01:53:21 -0500] "GET /BLA/resoluciones/RESOLUCIONES%202008/1634.pdf HTTP/1.1" 200 261276
66.249.64.167 - - [12/Jan/2015:01:53:25 -0500] "GET /autoliquidacion/TR%C3%81MITES%20VERTIMIENTOS/REGISTRO%20DE%20VERTIMIENTOS/lista%20de%20chequeo%20126pm04-pr97-f-a2-v%2010.xls HTTP/1.1" 404 1018
74.86.158.107 - - [12/Jan/2015:01:53:52 -0500] "HEAD / HTTP/1.1" 302 -
66.249.64.163 - - [12/Jan/2015:01:54:21 -0500] "GET /BLA/resoluciones/RESOLUCIONES%202012/1452.pdf HTTP/1.1" 304 -
66.249.64.163 - - [12/Jan/2015:01:54:33 -0500] "GET /BLA/resoluciones/AUTOS%202006/AUTOS%202006%201701%20-%201800/00001795.tif HTTP/1.1" 200 132712
66.249.64.163 - - [12/Jan/2015:01:55:10 -0500] "GET /BLA/resoluciones/RESOLUCIONES%202005/RES%202005%201-50/00000041.tif HTTP/1.1" 200 293740
66.249.64.167 - - [12/Jan/2015:01:55:18 -0500] "GET /BLA/resoluciones/RESOLUCIONES%202011/1141.pdf HTTP/1.1" 200 266015
66.249.64.167 - - [12/Jan/2015:01:55:30 -0500] "GET /BLA/boletinlegal/Circulares/2012/Circular%20No.%206%20del%2025%20de%20Mayo%20de%202012.pdf HTTP/1.1" 200 387391
66.249.64.163 - - [12/Jan/2015:01:56:15 -0500] "GET /BLA/resoluciones/AUTOS%202012/2440.pdf HTTP/1.1" 304 -
180.76.5.151 - - [12/Jan/2015:01:56:49 -0500] "GET /BLA/boletinlegal;jsessionid=506DE9009F43618D79AB28045065E78A?/? HTTP/1.1" 404 1018
66.249.64.167 - - [12/Jan/2015:01:57:11 -0500] "GET /BLA/resoluciones/RESOLUCIONES%202009/1395.pdf HTTP/1.1" 200 819205
66.249.64.171 - - [12/Jan/2015:01:58:08 -0500] "GET /BLA/resoluciones/RESOLUCIONES%202012/0913.pdf HTTP/1.1" 200 442327
180.76.6.142 - - [12/Jan/2015:01:58:44 -0500] "GET /BLA/resoluciones/Autos%202008/0822.pdf HTTP/1.1" 200 97911
74.86.158.107 - - [12/Jan/2015:01:58:52 -0500] "HEAD / HTTP/1.1" 302 -
66.249.64.171 - - [12/Jan/2015:01:59:05 -0500] "GET /BLA/resoluciones/RESOLUCIONES%202012/1479.pdf HTTP/1.1" 304 -
66.249.64.171 - - [12/Jan/2015:02:00:01 -0500] "GET /BLA/resoluciones/RESOLUCIONES%202009/5559.pdf HTTP/1.1" 200 673447
66.249.64.171 - - [12/Jan/2015:02:00:58 -0500] "GET /BLA/resoluciones/AUTOS%202008/0557.pdf HTTP/1.1" 200 151227
66.249.64.167 - - [12/Jan/2015:02:01:55 -0500] "GET /BLA/resoluciones/RESOLUCIONES%202007/RES%202007%201901%20AL%202000/RESOLUCION%201989%20DE%202007.pdf HTTP/1.1" 200 201805
66.249.64.167 - - [12/Jan/2015:02:02:20 -0500] "GET /BLA/boletinlegal/Circulares/2010/Circular%2002%20de%2025%20de%20febrero%20de%202010.pdf HTTP/1.1" 200 233254
180.76.5.176 - - [12/Jan/2015:02:02:46 -0500] "GET /BLA/boletinlegal/Directivas/2013/Directiva%20No.%202%20del%2004%20de%20Abril%20de%202013.pdf HTTP/1.1" 200 1182671
66.249.64.163 - - [12/Jan/2015:02:02:51 -0500] "GET /BLA/resoluciones/AUTOS%202007/2553.pdf HTTP/1.1" 200 75618
66.249.64.171 - - [12/Jan/2015:02:03:48 -0500] "GET /BLA/resoluciones/RESOLUCIONES%202010/0892.pdf HTTP/1.1" 304 -
74.86.158.107 - - [12/Jan/2015:02:03:52 -0500] "HEAD / HTTP/1.1" 302 -
66.249.64.171 - - [12/Jan/2015:02:04:36 -0500] "GET /BLA/resoluciones/RESOLUCIONES%202005/RES%202005%201-50/00000004.tif HTTP/1.1" 200 268002
66.249.64.163 - - [12/Jan/2015:02:04:45 -0500] "GET /BLA/resoluciones/AUTOS%202011/2939.pdf HTTP/1.1" 200 451295
66.249.64.171 - - [12/Jan/2015:02:05:41 -0500] "GET /BLA/resoluciones/AUTOS%202009/1253.pdf HTTP/1.1" 304 -
157.55.39.22 - - [12/Jan/2015:02:06:22 -0500] "GET /bla/resoluciones/autos%202010/0364.pdf HTTP/1.1" 200 279619
66.249.64.171 - - [12/Jan/2015:02:06:38 -0500] "GET /BLA/resoluciones/RESOLUCIONES%202009/4282.pdf HTTP/1.1" 200 493613
207.46.13.12 - - [12/Jan/2015:02:06:43 -0500] "GET /BLA/resoluciones/AUTOS%202012/1407.pdf HTTP/1.1" 200 234112
66.249.64.171 - - [12/Jan/2015:02:07:35 -0500] "GET /BLA/resoluciones/AUTOS%202007/2745.pdf HTTP/1.1" 200 81650
66.249.64.163 - - [12/Jan/2015:02:08:32 -0500] "GET /BLA/resoluciones/RESOLUCIONES%202008/2490.pdf HTTP/1.1" 200 314987
74.86.158.107 - - [12/Jan/2015:02:08:52 -0500] "HEAD / HTTP/1.1" 302 -
