186.178.140.81 - - [12/Jan/2015:14:03:00 -0500] "GET /BLA/boletinlegal/js/jquery.scrollShow.js HTTP/1.1" 200 4586
190.27.142.165 - - [12/Jan/2015:14:03:12 -0500] "GET /BLA/boletinlegal/js/jquery.js HTTP/1.1" 200 57254
190.27.142.165 - - [12/Jan/2015:14:03:12 -0500] "GET /BLA/boletinlegal/js/jquery.scrollTo-min.js HTTP/1.1" 200 1150
190.27.142.165 - - [12/Jan/2015:14:03:12 -0500] "GET /BLA/boletinlegal/js/jquery.scrollShow.js HTTP/1.1" 200 4586
190.27.142.165 - - [12/Jan/2015:14:03:12 -0500] "GET /galeria/carrusel/Carrusel/jquery.thumbnailScroller.css HTTP/1.1" 200 2066
190.27.142.165 - - [12/Jan/2015:14:03:12 -0500] "GET /galeria/carrusel/Carrusel/jquery-ui-1.8.13.custom.min.js HTTP/1.1" 200 10800
190.27.142.165 - - [12/Jan/2015:14:03:12 -0500] "GET /galeria/carrusel/Carrusel/jquery.thumbnailScroller.js HTTP/1.1" 200 8157
186.178.140.81 - - [12/Jan/2015:14:03:13 -0500] "GET /hidrico/aguas%20subterraneas/ HTTP/1.1" 404 1296
66.249.67.83 - - [12/Jan/2015:14:03:26 -0500] "GET /BLA/resoluciones/AUTOS%202011/0047.pdf HTTP/1.1" 200 129232
181.54.57.138 - - [12/Jan/2015:14:03:31 -0500] "POST /forms/lservlet;jsessionid=ac16012b30d518dc48088278406b9308a8e4830b90f8.e3iSbxaKaheRe34SahiRb30Pchr0n6jAmljGr5XDqQLvpAe HTTP/1.1" 200 2
186.155.144.103 - - [12/Jan/2015:14:03:31 -0500] "GET /galeria/carrusel/Carrusel/jquery.thumbnailScroller.css HTTP/1.1" 200 2066
186.155.144.103 - - [12/Jan/2015:14:03:31 -0500] "GET /BLA/boletinlegal/js/jquery.scrollShow.js HTTP/1.1" 200 4586
186.155.144.103 - - [12/Jan/2015:14:03:31 -0500] "GET /BLA/boletinlegal/js/jquery.scrollTo-min.js HTTP/1.1" 200 1150
186.155.144.103 - - [12/Jan/2015:14:03:31 -0500] "GET /BLA/boletinlegal/js/jquery.js HTTP/1.1" 200 57254
186.155.144.103 - - [12/Jan/2015:14:03:31 -0500] "GET /galeria/carrusel/Carrusel/jquery-ui-1.8.13.custom.min.js HTTP/1.1" 200 10800
186.155.144.103 - - [12/Jan/2015:14:03:32 -0500] "GET /galeria/carrusel/Carrusel/jquery.thumbnailScroller.js HTTP/1.1" 200 8157
186.155.144.103 - - [12/Jan/2015:14:03:37 -0500] "GET /galeria/nivo-slider/demo/demo.html HTTP/1.1" 200 3150
186.155.144.103 - - [12/Jan/2015:14:03:38 -0500] "GET /galeria/nivo-slider/themes/default/default.css HTTP/1.1" 200 1569
186.155.144.103 - - [12/Jan/2015:14:03:38 -0500] "GET /galeria/nivo-slider/jquery.nivo.slider.pack.js HTTP/1.1" 200 11561
186.155.144.103 - - [12/Jan/2015:14:03:38 -0500] "GET /galeria/nivo-slider/themes/pascal/pascal.css HTTP/1.1" 200 2258
186.155.144.103 - - [12/Jan/2015:14:03:38 -0500] "GET /galeria/nivo-slider/themes/orman/orman.css HTTP/1.1" 200 2152
186.155.144.103 - - [12/Jan/2015:14:03:38 -0500] "GET /galeria/nivo-slider/nivo-slider.css HTTP/1.1" 200 1507
186.155.144.103 - - [12/Jan/2015:14:03:38 -0500] "GET /galeria/nivo-slider/demo/style.css HTTP/1.1" 200 2222
186.155.144.103 - - [12/Jan/2015:14:03:38 -0500] "GET /galeria/nivo-slider/demo/scripts/jquery-1.7.1.min.js HTTP/1.1" 200 93868
186.155.144.103 - - [12/Jan/2015:14:03:38 -0500] "GET /galeria/nivo-slider/demo/images/bolsas-08.jpg HTTP/1.1" 200 85589
186.155.144.103 - - [12/Jan/2015:14:03:38 -0500] "GET /galeria/nivo-slider/demo/images/Ruta-vertimientos-01.jpg HTTP/1.1" 200 130151
186.155.144.103 - - [12/Jan/2015:14:03:38 -0500] "GET /galeria/nivo-slider/demo/images/bolsas-06.jpg HTTP/1.1" 200 90982
186.155.144.103 - - [12/Jan/2015:14:03:38 -0500] "GET /galeria/nivo-slider/demo/images/ecolecta-Dic2014.png HTTP/1.1" 200 288593
186.155.144.103 - - [12/Jan/2015:14:03:38 -0500] "GET /galeria/nivo-slider/demo/images/4Simple_Slider.png HTTP/1.1" 200 11722
186.155.144.103 - - [12/Jan/2015:14:03:38 -0500] "GET /galeria/nivo-slider/themes/default/loading.gif HTTP/1.1" 200 1737
186.155.144.103 - - [12/Jan/2015:14:03:39 -0500] "GET /galeria/nivo-slider/demo/images/porloshumedales.jpg HTTP/1.1" 200 351238
186.155.144.103 - - [12/Jan/2015:14:03:39 -0500] "GET /galeria/nivo-slider/demo/images/Tingua-azul.jpg HTTP/1.1" 200 307638
186.155.144.103 - - [12/Jan/2015:14:03:39 -0500] "GET /galeria/nivo-slider/demo/images/banner-redes.jpg HTTP/1.1" 200 62209
186.155.144.103 - - [12/Jan/2015:14:03:39 -0500] "GET /galeria/nivo-slider/demo/images/9Signos.jpg HTTP/1.1" 200 93040
186.155.144.103 - - [12/Jan/2015:14:03:39 -0500] "GET /galeria/nivo-slider/demo/images/Banner-Caracol-Africano.jpg HTTP/1.1" 200 331986
186.155.144.103 - - [12/Jan/2015:14:03:41 -0500] "GET /galeria/nivo-slider/demo/images/banner-llantas2.jpg HTTP/1.1" 200 73153
186.155.144.103 - - [12/Jan/2015:14:03:41 -0500] "GET /galeria/nivo-slider/demo/images/banner-caballos.png HTTP/1.1" 200 389106
186.155.144.103 - - [12/Jan/2015:14:03:43 -0500] "GET /videos/Spot_CambioClimatico.flv HTTP/1.1" 200 4371917
186.155.144.103 - - [12/Jan/2015:14:03:44 -0500] "GET /galeria/nivo-slider/themes/default/arrows.png HTTP/1.1" 200 824
186.155.144.103 - - [12/Jan/2015:14:03:44 -0500] "GET /galeria/nivo-slider/themes/default/bullets.png HTTP/1.1" 200 1281
74.86.158.107 - - [12/Jan/2015:14:03:51 -0500] "HEAD / HTTP/1.1" 302 -
66.249.67.83 - - [12/Jan/2015:14:03:55 -0500] "GET /BLA/resoluciones/RESOLUCIONES%202009/8418.pdf HTTP/1.1" 200 632460
186.84.44.58 - - [12/Jan/2015:14:04:18 -0500] "POST /forms/lservlet;jsessionid=ac16012b30d5119b3910b34c44c69c548c7d89a14328.e3iSbxaKaheRe34SahiRb30Pchr0n6jAmljGr5XDqQLvpAe HTTP/1.1" 200 2
66.249.67.67 - - [12/Jan/2015:14:04:24 -0500] "GET /BLA/resoluciones/AUTOS%202011/5612.pdf HTTP/1.1" 200 362039
186.84.40.34 - - [12/Jan/2015:14:04:28 -0500] "POST /forms/lservlet;jsessionid=ac16012b30d5b930346dabb54c25a2d5a04463a31c2d.e3iSbxaKaheRe34SahiRb30Pchr0n6jAmljGr5XDqQLvpAe HTTP/1.1" 200 2
66.249.67.75 - - [12/Jan/2015:14:04:53 -0500] "GET /BLA/resoluciones/RESOLUCIONES%202009/8671.pdf HTTP/1.1" 200 118698
190.156.91.79 - - [12/Jan/2015:14:05:00 -0500] "POST /forms/lservlet;jsessionid=ac16012b30d5b9c7596d463549dcbb039173fc01d604.e3iSbxaKaheRe34SahiRb30Pchr0n6jAmljGr5XDqQLvpAe HTTP/1.1" 200 2
66.249.67.83 - - [12/Jan/2015:14:05:21 -0500] "GET /BLA/resoluciones/AUTOS%202009/3270.pdf HTTP/1.1" 304 -
188.165.15.138 - - [12/Jan/2015:14:05:22 -0500] "GET /BLA/resoluciones/RESOLUCIONES%202005/RES%202005%202051-2100/00002076.tif HTTP/1.1" 200 132644
181.54.57.138 - - [12/Jan/2015:14:05:32 -0500] "POST /forms/lservlet;jsessionid=ac16012b30d518dc48088278406b9308a8e4830b90f8.e3iSbxaKaheRe34SahiRb30Pchr0n6jAmljGr5XDqQLvpAe HTTP/1.1" 200 2
186.147.33.171 - - [12/Jan/2015:14:05:46 -0500] "GET /BLA/boletinlegal/js/jquery.js HTTP/1.1" 200 57254
186.147.33.171 - - [12/Jan/2015:14:05:46 -0500] "GET /galeria/carrusel/Carrusel/jquery.thumbnailScroller.css HTTP/1.1" 200 2066
186.147.33.171 - - [12/Jan/2015:14:05:46 -0500] "GET /BLA/boletinlegal/js/jquery.scrollTo-min.js HTTP/1.1" 200 1150
186.147.33.171 - - [12/Jan/2015:14:05:46 -0500] "GET /BLA/boletinlegal/js/jquery.scrollShow.js HTTP/1.1" 200 4586
186.147.33.171 - - [12/Jan/2015:14:05:46 -0500] "GET /galeria/carrusel/Carrusel/jquery.thumbnailScroller.js HTTP/1.1" 200 8157
186.147.33.171 - - [12/Jan/2015:14:05:46 -0500] "GET /galeria/carrusel/Carrusel/jquery-ui-1.8.13.custom.min.js HTTP/1.1" 200 10800
186.147.33.171 - - [12/Jan/2015:14:05:48 -0500] "GET /galeria/nivo-slider/demo/demo.html HTTP/1.1" 200 3150
186.147.33.171 - - [12/Jan/2015:14:05:48 -0500] "GET /galeria/nivo-slider/themes/default/default.css HTTP/1.1" 200 1569
186.147.33.171 - - [12/Jan/2015:14:05:48 -0500] "GET /galeria/nivo-slider/themes/pascal/pascal.css HTTP/1.1" 200 2258
186.147.33.171 - - [12/Jan/2015:14:05:48 -0500] "GET /galeria/nivo-slider/themes/orman/orman.css HTTP/1.1" 200 2152
186.147.33.171 - - [12/Jan/2015:14:05:48 -0500] "GET /galeria/nivo-slider/nivo-slider.css HTTP/1.1" 200 1507
186.147.33.171 - - [12/Jan/2015:14:05:48 -0500] "GET /galeria/nivo-slider/demo/style.css HTTP/1.1" 200 2222
186.147.33.171 - - [12/Jan/2015:14:05:48 -0500] "GET /galeria/nivo-slider/demo/images/bolsas-08.jpg HTTP/1.1" 200 85589
186.147.33.171 - - [12/Jan/2015:14:05:48 -0500] "GET /galeria/nivo-slider/demo/images/Ruta-vertimientos-01.jpg HTTP/1.1" 200 130151
186.147.33.171 - - [12/Jan/2015:14:05:48 -0500] "GET /galeria/nivo-slider/demo/images/bolsas-06.jpg HTTP/1.1" 200 90982
186.147.33.171 - - [12/Jan/2015:14:05:48 -0500] "GET /galeria/nivo-slider/demo/images/porloshumedales.jpg HTTP/1.1" 200 351238
186.147.33.171 - - [12/Jan/2015:14:05:48 -0500] "GET /galeria/nivo-slider/demo/images/Tingua-azul.jpg HTTP/1.1" 200 307638
186.147.33.171 - - [12/Jan/2015:14:05:48 -0500] "GET /galeria/nivo-slider/demo/images/ecolecta-Dic2014.png HTTP/1.1" 200 288593
186.147.33.171 - - [12/Jan/2015:14:05:48 -0500] "GET /galeria/nivo-slider/demo/images/banner-redes.jpg HTTP/1.1" 200 62209
186.147.33.171 - - [12/Jan/2015:14:05:48 -0500] "GET /galeria/nivo-slider/demo/images/Banner-Caracol-Africano.jpg HTTP/1.1" 200 331986
186.147.33.171 - - [12/Jan/2015:14:05:49 -0500] "GET /galeria/nivo-slider/demo/images/4Simple_Slider.png HTTP/1.1" 200 11722
186.147.33.171 - - [12/Jan/2015:14:05:49 -0500] "GET /galeria/nivo-slider/themes/default/loading.gif HTTP/1.1" 200 1737
186.147.33.171 - - [12/Jan/2015:14:05:49 -0500] "GET /galeria/nivo-slider/demo/scripts/jquery-1.7.1.min.js HTTP/1.1" 200 93868
186.147.33.171 - - [12/Jan/2015:14:05:49 -0500] "GET /galeria/nivo-slider/jquery.nivo.slider.pack.js HTTP/1.1" 200 11561
66.249.67.75 - - [12/Jan/2015:14:05:50 -0500] "GET /BLA/resoluciones/RESOLUCIONES%202007/RES%202007%204101%20AL%204200/RESOLUCION%204139%20DE%202007.pdf HTTP/1.1" 304 -
186.147.33.171 - - [12/Jan/2015:14:05:48 -0500] "GET /galeria/nivo-slider/demo/images/9Signos.jpg HTTP/1.1" 200 93040
186.147.33.171 - - [12/Jan/2015:14:05:48 -0500] "GET /galeria/nivo-slider/demo/images/banner-llantas2.jpg HTTP/1.1" 200 73153
186.147.33.171 - - [12/Jan/2015:14:05:48 -0500] "GET /galeria/nivo-slider/demo/images/banner-caballos.png HTTP/1.1" 200 389106
186.147.33.171 - - [12/Jan/2015:14:05:52 -0500] "GET /galeria/nivo-slider/themes/default/arrows.png HTTP/1.1" 200 824
186.147.33.171 - - [12/Jan/2015:14:05:52 -0500] "GET /galeria/nivo-slider/themes/default/bullets.png HTTP/1.1" 200 1281
66.249.93.129 - - [12/Jan/2015:14:06:15 -0500] "GET /BLA/boletinlegal/js/jquery.scrollShow.js HTTP/1.1" 200 4586
66.249.93.129 - - [12/Jan/2015:14:06:15 -0500] "GET /BLA/boletinlegal/js/jquery.scrollTo-min.js HTTP/1.1" 200 1150
66.249.93.231 - - [12/Jan/2015:14:06:15 -0500] "GET /BLA/boletinlegal/js/jquery.js HTTP/1.1" 200 57254
186.84.44.58 - - [12/Jan/2015:14:06:18 -0500] "POST /forms/lservlet;jsessionid=ac16012b30d5119b3910b34c44c69c548c7d89a14328.e3iSbxaKaheRe34SahiRb30Pchr0n6jAmljGr5XDqQLvpAe HTTP/1.1" 200 2
66.249.67.67 - - [12/Jan/2015:14:06:19 -0500] "GET /BLA/resoluciones/AUTOS%202012/1646.pdf HTTP/1.1" 304 -
187.210.186.201 - - [12/Jan/2015:14:06:21 -0500] "GET /BLA/boletinlegal/js/jquery.js HTTP/1.1" 200 57254
187.210.186.201 - - [12/Jan/2015:14:06:21 -0500] "GET /galeria/carrusel/Carrusel/jquery.thumbnailScroller.js HTTP/1.1" 200 8157
187.210.186.201 - - [12/Jan/2015:14:06:21 -0500] "GET /BLA/boletinlegal/js/jquery.scrollShow.js HTTP/1.1" 200 4586
187.210.186.201 - - [12/Jan/2015:14:06:21 -0500] "GET /galeria/carrusel/Carrusel/jquery-ui-1.8.13.custom.min.js HTTP/1.1" 200 10800
187.210.186.201 - - [12/Jan/2015:14:06:21 -0500] "GET /galeria/carrusel/Carrusel/jquery.thumbnailScroller.css HTTP/1.1" 200 2066
187.210.186.201 - - [12/Jan/2015:14:06:21 -0500] "GET /BLA/boletinlegal/js/jquery.scrollTo-min.js HTTP/1.1" 200 1150
186.118.221.134 - - [12/Jan/2015:14:06:24 -0500] "GET /BLA/boletinlegal/js/jquery.js HTTP/1.1" 200 57254
186.118.221.134 - - [12/Jan/2015:14:06:24 -0500] "GET /BLA/boletinlegal/js/jquery.scrollTo-min.js HTTP/1.1" 200 1150
186.118.221.134 - - [12/Jan/2015:14:06:24 -0500] "GET /BLA/boletinlegal/js/jquery.scrollShow.js HTTP/1.1" 200 4586
187.210.186.201 - - [12/Jan/2015:14:06:25 -0500] "GET /galeria/nivo-slider/demo/demo.html HTTP/1.1" 200 3150
187.210.186.201 - - [12/Jan/2015:14:06:25 -0500] "GET /galeria/nivo-slider/themes/pascal/pascal.css HTTP/1.1" 200 2258
187.210.186.201 - - [12/Jan/2015:14:06:25 -0500] "GET /galeria/nivo-slider/themes/default/default.css HTTP/1.1" 200 1569
187.210.186.201 - - [12/Jan/2015:14:06:25 -0500] "GET /galeria/nivo-slider/demo/images/bolsas-08.jpg HTTP/1.1" 200 85589
187.210.186.201 - - [12/Jan/2015:14:06:25 -0500] "GET /galeria/nivo-slider/nivo-slider.css HTTP/1.1" 200 1507
187.210.186.201 - - [12/Jan/2015:14:06:25 -0500] "GET /galeria/nivo-slider/demo/images/ecolecta-Dic2014.png HTTP/1.1" 200 288593
187.210.186.201 - - [12/Jan/2015:14:06:25 -0500] "GET /galeria/nivo-slider/themes/orman/orman.css HTTP/1.1" 200 2152
187.210.186.201 - - [12/Jan/2015:14:06:25 -0500] "GET /galeria/nivo-slider/demo/images/porloshumedales.jpg HTTP/1.1" 200 351238
187.210.186.201 - - [12/Jan/2015:14:06:25 -0500] "GET /galeria/nivo-slider/demo/images/Ruta-vertimientos-01.jpg HTTP/1.1" 200 130151
187.210.186.201 - - [12/Jan/2015:14:06:25 -0500] "GET /galeria/nivo-slider/demo/style.css HTTP/1.1" 200 2222
187.210.186.201 - - [12/Jan/2015:14:06:25 -0500] "GET /galeria/nivo-slider/demo/images/bolsas-06.jpg HTTP/1.1" 200 90982
187.210.186.201 - - [12/Jan/2015:14:06:25 -0500] "GET /galeria/nivo-slider/demo/images/Tingua-azul.jpg HTTP/1.1" 200 307638
187.210.186.201 - - [12/Jan/2015:14:06:25 -0500] "GET /galeria/nivo-slider/demo/images/banner-redes.jpg HTTP/1.1" 200 62209
187.210.186.201 - - [12/Jan/2015:14:06:25 -0500] "GET /galeria/nivo-slider/demo/images/Banner-Caracol-Africano.jpg HTTP/1.1" 200 331986
187.210.186.201 - - [12/Jan/2015:14:06:25 -0500] "GET /galeria/nivo-slider/demo/images/9Signos.jpg HTTP/1.1" 200 93040
187.210.186.201 - - [12/Jan/2015:14:06:25 -0500] "GET /galeria/nivo-slider/demo/images/banner-llantas2.jpg HTTP/1.1" 200 73153
187.210.186.201 - - [12/Jan/2015:14:06:26 -0500] "GET /galeria/nivo-slider/demo/images/banner-caballos.png HTTP/1.1" 200 389106
187.210.186.201 - - [12/Jan/2015:14:06:26 -0500] "GET /galeria/nivo-slider/demo/scripts/jquery-1.7.1.min.js HTTP/1.1" 200 93868
187.210.186.201 - - [12/Jan/2015:14:06:26 -0500] "GET /galeria/nivo-slider/jquery.nivo.slider.pack.js HTTP/1.1" 200 11561
186.84.40.34 - - [12/Jan/2015:14:06:28 -0500] "POST /forms/lservlet;jsessionid=ac16012b30d5b930346dabb54c25a2d5a04463a31c2d.e3iSbxaKaheRe34SahiRb30Pchr0n6jAmljGr5XDqQLvpAe HTTP/1.1" 200 2
187.210.186.201 - - [12/Jan/2015:14:06:28 -0500] "GET /galeria/nivo-slider/demo/images/4Simple_Slider.png HTTP/1.1" 200 11722
187.210.186.201 - - [12/Jan/2015:14:06:29 -0500] "GET /galeria/nivo-slider/themes/default/loading.gif HTTP/1.1" 200 1737
187.210.186.201 - - [12/Jan/2015:14:06:30 -0500] "GET /galeria/nivo-slider/themes/default/bullets.png HTTP/1.1" 200 1281
187.210.186.201 - - [12/Jan/2015:14:06:30 -0500] "GET /galeria/nivo-slider/themes/default/arrows.png HTTP/1.1" 200 824
186.121.57.37 - - [12/Jan/2015:14:06:36 -0500] "GET /BLA/boletinlegal/js/jquery.scrollTo-min.js HTTP/1.1" 200 1150
186.121.57.37 - - [12/Jan/2015:14:06:36 -0500] "GET /BLA/boletinlegal/js/jquery.js HTTP/1.1" 200 57254
186.121.57.37 - - [12/Jan/2015:14:06:36 -0500] "GET /BLA/boletinlegal/js/jquery.scrollShow.js HTTP/1.1" 200 4586
186.121.57.37 - - [12/Jan/2015:14:06:36 -0500] "GET /galeria/carrusel/Carrusel/jquery.thumbnailScroller.css HTTP/1.1" 200 2066
186.121.57.37 - - [12/Jan/2015:14:06:36 -0500] "GET /galeria/carrusel/Carrusel/jquery-ui-1.8.13.custom.min.js HTTP/1.1" 200 10800
186.121.57.37 - - [12/Jan/2015:14:06:36 -0500] "GET /galeria/carrusel/Carrusel/jquery.thumbnailScroller.js HTTP/1.1" 200 8157
186.121.57.37 - - [12/Jan/2015:14:06:45 -0500] "GET /galeria/nivo-slider/demo/demo.html HTTP/1.1" 200 3150
186.121.57.37 - - [12/Jan/2015:14:06:46 -0500] "GET /galeria/nivo-slider/themes/default/default.css HTTP/1.1" 200 1569
186.121.57.37 - - [12/Jan/2015:14:06:46 -0500] "GET /galeria/nivo-slider/themes/pascal/pascal.css HTTP/1.1" 200 2258
186.121.57.37 - - [12/Jan/2015:14:06:46 -0500] "GET /galeria/nivo-slider/themes/orman/orman.css HTTP/1.1" 200 2152
186.121.57.37 - - [12/Jan/2015:14:06:46 -0500] "GET /galeria/nivo-slider/nivo-slider.css HTTP/1.1" 200 1507
186.121.57.37 - - [12/Jan/2015:14:06:46 -0500] "GET /galeria/nivo-slider/demo/style.css HTTP/1.1" 200 2222
186.121.57.37 - - [12/Jan/2015:14:06:46 -0500] "GET /galeria/nivo-slider/demo/images/bolsas-08.jpg HTTP/1.1" 200 85589
186.121.57.37 - - [12/Jan/2015:14:06:46 -0500] "GET /galeria/nivo-slider/demo/images/Ruta-vertimientos-01.jpg HTTP/1.1" 200 130151
186.121.57.37 - - [12/Jan/2015:14:06:46 -0500] "GET /galeria/nivo-slider/demo/images/bolsas-06.jpg HTTP/1.1" 200 90982
186.121.57.37 - - [12/Jan/2015:14:06:46 -0500] "GET /galeria/nivo-slider/demo/images/porloshumedales.jpg HTTP/1.1" 200 351238
186.121.57.37 - - [12/Jan/2015:14:06:46 -0500] "GET /galeria/nivo-slider/demo/images/ecolecta-Dic2014.png HTTP/1.1" 200 288593
186.121.57.37 - - [12/Jan/2015:14:06:46 -0500] "GET /galeria/nivo-slider/demo/images/Tingua-azul.jpg HTTP/1.1" 200 307638
186.121.57.37 - - [12/Jan/2015:14:06:46 -0500] "GET /galeria/nivo-slider/demo/images/Banner-Caracol-Africano.jpg HTTP/1.1" 200 331986
186.121.57.37 - - [12/Jan/2015:14:06:47 -0500] "GET /galeria/nivo-slider/demo/images/banner-redes.jpg HTTP/1.1" 200 62209
66.249.67.75 - - [12/Jan/2015:14:06:48 -0500] "GET /BLA/resoluciones/AUTOS%202009/1096.pdf HTTP/1.1" 200 87656
186.121.57.37 - - [12/Jan/2015:14:06:48 -0500] "GET /galeria/nivo-slider/demo/images/9Signos.jpg HTTP/1.1" 200 93040
186.121.57.37 - - [12/Jan/2015:14:06:49 -0500] "GET /galeria/nivo-slider/demo/images/banner-llantas2.jpg HTTP/1.1" 200 73153
186.121.57.37 - - [12/Jan/2015:14:06:49 -0500] "GET /galeria/nivo-slider/demo/images/banner-caballos.png HTTP/1.1" 200 389106
186.121.57.37 - - [12/Jan/2015:14:06:49 -0500] "GET /galeria/nivo-slider/demo/scripts/jquery-1.7.1.min.js HTTP/1.1" 200 93868
186.121.57.37 - - [12/Jan/2015:14:06:49 -0500] "GET /galeria/nivo-slider/jquery.nivo.slider.pack.js HTTP/1.1" 200 11561
186.121.57.37 - - [12/Jan/2015:14:06:50 -0500] "GET /galeria/nivo-slider/demo/images/4Simple_Slider.png HTTP/1.1" 200 11722
186.121.57.37 - - [12/Jan/2015:14:06:50 -0500] "GET /galeria/nivo-slider/themes/default/loading.gif HTTP/1.1" 200 1737
186.121.57.37 - - [12/Jan/2015:14:06:52 -0500] "GET /galeria/nivo-slider/themes/default/arrows.png HTTP/1.1" 200 824
186.121.57.37 - - [12/Jan/2015:14:06:52 -0500] "GET /galeria/nivo-slider/themes/default/bullets.png HTTP/1.1" 200 1281
190.156.91.79 - - [12/Jan/2015:14:07:00 -0500] "POST /forms/lservlet;jsessionid=ac16012b30d5b9c7596d463549dcbb039173fc01d604.e3iSbxaKaheRe34SahiRb30Pchr0n6jAmljGr5XDqQLvpAe HTTP/1.1" 200 2
66.249.67.75 - - [12/Jan/2015:14:07:00 -0500] "GET /BLA/resoluciones/AUTOS%202014/5699.pdf HTTP/1.1" 200 2279700
157.55.39.23 - - [12/Jan/2015:14:07:10 -0500] "GET /bla/resoluciones/autos%202010/2482.pdf HTTP/1.1" 200 226015
186.83.128.190 - - [12/Jan/2015:14:07:15 -0500] "GET /forest/misactividades.do?group_system_actual=3&codPro=134&_a=0.6740999893238449 HTTP/1.1" 200 12758
66.249.67.83 - - [12/Jan/2015:14:07:16 -0500] "GET /BLA/resoluciones/RESOLUCIONES%202007/RES%202007%203701%20AL%203800/RESOLUCION%203798%20DE%202007.pdf HTTP/1.1" 304 -
186.119.216.77 - - [12/Jan/2015:14:07:29 -0500] "GET /forest/session.jsp?a=0.4139834817848389 HTTP/1.1" 200 4
181.54.57.138 - - [12/Jan/2015:14:07:32 -0500] "POST /forms/lservlet;jsessionid=ac16012b30d518dc48088278406b9308a8e4830b90f8.e3iSbxaKaheRe34SahiRb30Pchr0n6jAmljGr5XDqQLvpAe HTTP/1.1" 200 2
66.249.67.83 - - [12/Jan/2015:14:07:45 -0500] "GET /BLA/resoluciones/RESOLUCIONES%202007/RES%202007%201201%20AL%201300/RESOLUCION%201207%20DE%202007.pdf HTTP/1.1" 200 708592
66.249.67.75 - - [12/Jan/2015:14:08:14 -0500] "GET /BLA/resoluciones/RESOLUCIONES%202004/RES%202004%20201-250/00000238.tif HTTP/1.1" 200 157898
66.249.67.67 - - [12/Jan/2015:14:08:14 -0500] "GET /BLA/resoluciones/RESOLUCIONES%202013/0937.pdf HTTP/1.1" 200 1318124
186.84.44.58 - - [12/Jan/2015:14:08:18 -0500] "POST /forms/lservlet;jsessionid=ac16012b30d5119b3910b34c44c69c548c7d89a14328.e3iSbxaKaheRe34SahiRb30Pchr0n6jAmljGr5XDqQLvpAe HTTP/1.1" 200 2
181.54.57.138 - - [12/Jan/2015:14:08:21 -0500] "POST /forms/lservlet;jsessionid=ac16012b30d518dc48088278406b9308a8e4830b90f8.e3iSbxaKaheRe34SahiRb30Pchr0n6jAmljGr5XDqQLvpAe HTTP/1.1" 200 123
181.54.57.138 - - [12/Jan/2015:14:08:23 -0500] "POST /forms/lservlet;jsessionid=ac16012b30d518dc48088278406b9308a8e4830b90f8.e3iSbxaKaheRe34SahiRb30Pchr0n6jAmljGr5XDqQLvpAe HTTP/1.1" 200 7
181.54.57.138 - - [12/Jan/2015:14:08:24 -0500] "POST /forms/lservlet;jsessionid=ac16012b30d518dc48088278406b9308a8e4830b90f8.e3iSbxaKaheRe34SahiRb30Pchr0n6jAmljGr5XDqQLvpAe HTTP/1.1" 200 157
181.54.57.138 - - [12/Jan/2015:14:08:25 -0500] "POST /forms/lservlet;jsessionid=ac16012b30d518dc48088278406b9308a8e4830b90f8.e3iSbxaKaheRe34SahiRb30Pchr0n6jAmljGr5XDqQLvpAe HTTP/1.1" 200 190
181.54.57.138 - - [12/Jan/2015:14:08:25 -0500] "POST /forms/lservlet;jsessionid=ac16012b30d518dc48088278406b9308a8e4830b90f8.e3iSbxaKaheRe34SahiRb30Pchr0n6jAmljGr5XDqQLvpAe HTTP/1.1" 200 190
181.54.57.138 - - [12/Jan/2015:14:08:25 -0500] "POST /forms/lservlet;jsessionid=ac16012b30d518dc48088278406b9308a8e4830b90f8.e3iSbxaKaheRe34SahiRb30Pchr0n6jAmljGr5XDqQLvpAe HTTP/1.1" 200 190
181.54.57.138 - - [12/Jan/2015:14:08:25 -0500] "POST /forms/lservlet;jsessionid=ac16012b30d518dc48088278406b9308a8e4830b90f8.e3iSbxaKaheRe34SahiRb30Pchr0n6jAmljGr5XDqQLvpAe HTTP/1.1" 200 411
181.54.57.138 - - [12/Jan/2015:14:08:26 -0500] "POST /forms/lservlet;jsessionid=ac16012b30d518dc48088278406b9308a8e4830b90f8.e3iSbxaKaheRe34SahiRb30Pchr0n6jAmljGr5XDqQLvpAe HTTP/1.1" 200 386
181.54.57.138 - - [12/Jan/2015:14:08:27 -0500] "POST /forms/lservlet;jsessionid=ac16012b30d518dc48088278406b9308a8e4830b90f8.e3iSbxaKaheRe34SahiRb30Pchr0n6jAmljGr5XDqQLvpAe HTTP/1.1" 200 179
186.84.40.34 - - [12/Jan/2015:14:08:28 -0500] "POST /forms/lservlet;jsessionid=ac16012b30d5b930346dabb54c25a2d5a04463a31c2d.e3iSbxaKaheRe34SahiRb30Pchr0n6jAmljGr5XDqQLvpAe HTTP/1.1" 200 2
157.55.39.23 - - [12/Jan/2015:14:08:35 -0500] "GET /BLA/resoluciones/AUTOS%202009/3355.pdf HTTP/1.1" 200 207632
66.249.67.75 - - [12/Jan/2015:14:08:43 -0500] "GET /BLA/resoluciones/RESOLUCIONES%202007/RES%202007%201501%20AL%201600/RESOLUCION%201515%20DE%202007.pdf HTTP/1.1" 304 -
74.86.158.107 - - [12/Jan/2015:14:08:51 -0500] "HEAD / HTTP/1.1" 302 -
190.156.91.79 - - [12/Jan/2015:14:09:00 -0500] "POST /forms/lservlet;jsessionid=ac16012b30d5b9c7596d463549dcbb039173fc01d604.e3iSbxaKaheRe34SahiRb30Pchr0n6jAmljGr5XDqQLvpAe HTTP/1.1" 200 2
66.249.67.75 - - [12/Jan/2015:14:09:11 -0500] "GET /BLA/resoluciones/RESOLUCIONES%202007/RES%202007%201101%20AL%201200/RESOLUCION%201104%20DE%202007.pdf HTTP/1.1" 304 -
200.33.232.148 - - [12/Jan/2015:14:09:29 -0500] "GET /BLA/boletinlegal/js/jquery.js HTTP/1.1" 200 57254
200.33.232.148 - - [12/Jan/2015:14:09:29 -0500] "GET /BLA/boletinlegal/js/jquery.scrollTo-min.js HTTP/1.1" 200 1150
200.33.232.148 - - [12/Jan/2015:14:09:29 -0500] "GET /BLA/boletinlegal/js/jquery.scrollShow.js HTTP/1.1" 200 4586
181.54.57.138 - - [12/Jan/2015:14:09:32 -0500] "POST /forms/lservlet;jsessionid=ac16012b30d518dc48088278406b9308a8e4830b90f8.e3iSbxaKaheRe34SahiRb30Pchr0n6jAmljGr5XDqQLvpAe HTTP/1.1" 200 2
66.249.67.75 - - [12/Jan/2015:14:09:40 -0500] "GET /BLA/resoluciones/RESOLUCIONES%202007/RES%202007%20601%20AL%20700/RESOLUCION%200623%20DE%202007.pdf HTTP/1.1" 200 541812
186.86.208.201 - - [12/Jan/2015:14:09:52 -0500] "GET /BLA/boletinlegal/js/jquery.js HTTP/1.1" 200 57254
186.86.208.201 - - [12/Jan/2015:14:09:52 -0500] "GET /BLA/boletinlegal/js/jquery.scrollTo-min.js HTTP/1.1" 200 1150
186.86.208.201 - - [12/Jan/2015:14:09:52 -0500] "GET /BLA/boletinlegal/js/jquery.scrollShow.js HTTP/1.1" 200 4586
188.165.15.15 - - [12/Jan/2015:14:09:59 -0500] "GET /BLA/resoluciones/RESOLUCIONES%202002/RES%202002%201351-1400/20021359.tif HTTP/1.1" 200 91432
66.249.67.83 - - [12/Jan/2015:14:10:09 -0500] "GET /autoliquidacion/Fauna%20Silvestre/LISTA%20DE%20CHEQUEO%20Y%20FORMATO%20DE%20SOLICITUD%20DE%20SALVOCONDUCTOS%20DE%20MOVILIZACI%C3%93N.xls HTTP/1.1" 200 851456
186.84.44.58 - - [12/Jan/2015:14:10:18 -0500] "POST /forms/lservlet;jsessionid=ac16012b30d5119b3910b34c44c69c548c7d89a14328.e3iSbxaKaheRe34SahiRb30Pchr0n6jAmljGr5XDqQLvpAe HTTP/1.1" 200 2
186.84.40.34 - - [12/Jan/2015:14:10:28 -0500] "POST /forms/lservlet;jsessionid=ac16012b30d5b930346dabb54c25a2d5a04463a31c2d.e3iSbxaKaheRe34SahiRb30Pchr0n6jAmljGr5XDqQLvpAe HTTP/1.1" 200 2
201.242.151.24 - - [12/Jan/2015:14:10:29 -0500] "GET /galeria/carrusel/Carrusel/jquery.thumbnailScroller.css HTTP/1.1" 200 2066
201.242.151.24 - - [12/Jan/2015:14:10:29 -0500] "GET /BLA/boletinlegal/js/jquery.js HTTP/1.1" 200 57254
201.242.151.24 - - [12/Jan/2015:14:10:29 -0500] "GET /BLA/boletinlegal/js/jquery.scrollTo-min.js HTTP/1.1" 200 1150
201.242.151.24 - - [12/Jan/2015:14:10:29 -0500] "GET /BLA/boletinlegal/js/jquery.scrollShow.js HTTP/1.1" 200 4586
201.242.151.24 - - [12/Jan/2015:14:10:29 -0500] "GET /galeria/carrusel/Carrusel/jquery-ui-1.8.13.custom.min.js HTTP/1.1" 200 10800
201.242.151.24 - - [12/Jan/2015:14:10:29 -0500] "GET /galeria/carrusel/Carrusel/jquery.thumbnailScroller.js HTTP/1.1" 200 8157
201.242.151.24 - - [12/Jan/2015:14:10:37 -0500] "GET /galeria/nivo-slider/demo/demo.html HTTP/1.1" 200 3150
201.242.151.24 - - [12/Jan/2015:14:10:37 -0500] "GET /galeria/nivo-slider/themes/default/default.css HTTP/1.1" 200 1569
201.242.151.24 - - [12/Jan/2015:14:10:37 -0500] "GET /galeria/nivo-slider/themes/pascal/pascal.css HTTP/1.1" 200 2258
201.242.151.24 - - [12/Jan/2015:14:10:37 -0500] "GET /galeria/nivo-slider/themes/orman/orman.css HTTP/1.1" 200 2152
201.242.151.24 - - [12/Jan/2015:14:10:37 -0500] "GET /galeria/nivo-slider/nivo-slider.css HTTP/1.1" 200 1507
201.242.151.24 - - [12/Jan/2015:14:10:37 -0500] "GET /galeria/nivo-slider/demo/style.css HTTP/1.1" 200 2222
201.242.151.24 - - [12/Jan/2015:14:10:37 -0500] "GET /galeria/nivo-slider/demo/scripts/jquery-1.7.1.min.js HTTP/1.1" 200 93868
201.242.151.24 - - [12/Jan/2015:14:10:37 -0500] "GET /galeria/nivo-slider/jquery.nivo.slider.pack.js HTTP/1.1" 200 11561
66.249.67.67 - - [12/Jan/2015:14:10:38 -0500] "GET /BLA/resoluciones/AUTOS%202010/5394.pdf HTTP/1.1" 200 298293
201.242.151.24 - - [12/Jan/2015:14:10:38 -0500] "GET /galeria/nivo-slider/demo/images/4Simple_Slider.png HTTP/1.1" 200 11722
201.242.151.24 - - [12/Jan/2015:14:10:38 -0500] "GET /galeria/nivo-slider/themes/default/loading.gif HTTP/1.1" 200 1737
201.242.151.24 - - [12/Jan/2015:14:10:38 -0500] "GET /galeria/nivo-slider/demo/images/bolsas-08.jpg HTTP/1.1" 200 85589
201.242.151.24 - - [12/Jan/2015:14:10:39 -0500] "GET /galeria/nivo-slider/demo/images/Ruta-vertimientos-01.jpg HTTP/1.1" 200 130151
201.242.151.24 - - [12/Jan/2015:14:10:39 -0500] "GET /galeria/nivo-slider/demo/images/bolsas-06.jpg HTTP/1.1" 200 90982
201.242.151.24 - - [12/Jan/2015:14:10:39 -0500] "GET /galeria/nivo-slider/demo/images/ecolecta-Dic2014.png HTTP/1.1" 200 288593
201.242.151.24 - - [12/Jan/2015:14:10:40 -0500] "GET /galeria/nivo-slider/demo/images/porloshumedales.jpg HTTP/1.1" 200 351238
180.76.6.56 - - [12/Jan/2015:14:10:43 -0500] "GET /BLA/boletinlegal;jsessionid=6F9EF7681B1FEA371FA4D8AB9AB5D30C?/? HTTP/1.1" 404 1018
201.242.151.24 - - [12/Jan/2015:14:10:44 -0500] "GET /galeria/nivo-slider/demo/images/Tingua-azul.jpg HTTP/1.1" 200 307638
201.242.151.24 - - [12/Jan/2015:14:10:45 -0500] "GET /galeria/nivo-slider/demo/images/Banner-Caracol-Africano.jpg HTTP/1.1" 200 331986
201.242.151.24 - - [12/Jan/2015:14:10:46 -0500] "GET /galeria/nivo-slider/demo/images/banner-redes.jpg HTTP/1.1" 200 62209
181.54.57.138 - - [12/Jan/2015:14:10:46 -0500] "POST /forms/lservlet;jsessionid=ac16012b30d518dc48088278406b9308a8e4830b90f8.e3iSbxaKaheRe34SahiRb30Pchr0n6jAmljGr5XDqQLvpAe HTTP/1.1" 200 180
181.54.57.138 - - [12/Jan/2015:14:10:46 -0500] "POST /forms/lservlet;jsessionid=ac16012b30d518dc48088278406b9308a8e4830b90f8.e3iSbxaKaheRe34SahiRb30Pchr0n6jAmljGr5XDqQLvpAe HTTP/1.1" 200 362
181.54.57.138 - - [12/Jan/2015:14:10:47 -0500] "POST /forms/lservlet;jsessionid=ac16012b30d518dc48088278406b9308a8e4830b90f8.e3iSbxaKaheRe34SahiRb30Pchr0n6jAmljGr5XDqQLvpAe HTTP/1.1" 200 414
181.54.57.138 - - [12/Jan/2015:14:10:47 -0500] "POST /forms/lservlet;jsessionid=ac16012b30d518dc48088278406b9308a8e4830b90f8.e3iSbxaKaheRe34SahiRb30Pchr0n6jAmljGr5XDqQLvpAe HTTP/1.1" 200 393
181.54.57.138 - - [12/Jan/2015:14:10:47 -0500] "POST /forms/lservlet;jsessionid=ac16012b30d518dc48088278406b9308a8e4830b90f8.e3iSbxaKaheRe34SahiRb30Pchr0n6jAmljGr5XDqQLvpAe HTTP/1.1" 200 374
181.54.57.138 - - [12/Jan/2015:14:10:48 -0500] "POST /forms/lservlet;jsessionid=ac16012b30d518dc48088278406b9308a8e4830b90f8.e3iSbxaKaheRe34SahiRb30Pchr0n6jAmljGr5XDqQLvpAe HTTP/1.1" 200 408
181.54.57.138 - - [12/Jan/2015:14:10:48 -0500] "POST /forms/lservlet;jsessionid=ac16012b30d518dc48088278406b9308a8e4830b90f8.e3iSbxaKaheRe34SahiRb30Pchr0n6jAmljGr5XDqQLvpAe HTTP/1.1" 200 369
181.54.57.138 - - [12/Jan/2015:14:10:48 -0500] "POST /forms/lservlet;jsessionid=ac16012b30d518dc48088278406b9308a8e4830b90f8.e3iSbxaKaheRe34SahiRb30Pchr0n6jAmljGr5XDqQLvpAe HTTP/1.1" 200 374
181.54.57.138 - - [12/Jan/2015:14:10:49 -0500] "POST /forms/lservlet;jsessionid=ac16012b30d518dc48088278406b9308a8e4830b90f8.e3iSbxaKaheRe34SahiRb30Pchr0n6jAmljGr5XDqQLvpAe HTTP/1.1" 200 408
201.242.151.24 - - [12/Jan/2015:14:10:49 -0500] "GET /galeria/nivo-slider/demo/images/9Signos.jpg HTTP/1.1" 200 93040
201.242.151.24 - - [12/Jan/2015:14:10:49 -0500] "GET /galeria/nivo-slider/demo/images/banner-llantas2.jpg HTTP/1.1" 200 73153
181.54.57.138 - - [12/Jan/2015:14:10:49 -0500] "POST /forms/lservlet;jsessionid=ac16012b30d518dc48088278406b9308a8e4830b90f8.e3iSbxaKaheRe34SahiRb30Pchr0n6jAmljGr5XDqQLvpAe HTTP/1.1" 200 407
181.54.57.138 - - [12/Jan/2015:14:10:50 -0500] "POST /forms/lservlet;jsessionid=ac16012b30d518dc48088278406b9308a8e4830b90f8.e3iSbxaKaheRe34SahiRb30Pchr0n6jAmljGr5XDqQLvpAe HTTP/1.1" 200 369
181.54.57.138 - - [12/Jan/2015:14:10:50 -0500] "POST /forms/lservlet;jsessionid=ac16012b30d518dc48088278406b9308a8e4830b90f8.e3iSbxaKaheRe34SahiRb30Pchr0n6jAmljGr5XDqQLvpAe HTTP/1.1" 200 361
181.54.57.138 - - [12/Jan/2015:14:10:51 -0500] "POST /forms/lservlet;jsessionid=ac16012b30d518dc48088278406b9308a8e4830b90f8.e3iSbxaKaheRe34SahiRb30Pchr0n6jAmljGr5XDqQLvpAe HTTP/1.1" 200 353
181.54.57.138 - - [12/Jan/2015:14:10:51 -0500] "POST /forms/lservlet;jsessionid=ac16012b30d518dc48088278406b9308a8e4830b90f8.e3iSbxaKaheRe34SahiRb30Pchr0n6jAmljGr5XDqQLvpAe HTTP/1.1" 200 353
181.54.57.138 - - [12/Jan/2015:14:10:51 -0500] "POST /forms/lservlet;jsessionid=ac16012b30d518dc48088278406b9308a8e4830b90f8.e3iSbxaKaheRe34SahiRb30Pchr0n6jAmljGr5XDqQLvpAe HTTP/1.1" 200 361
181.54.57.138 - - [12/Jan/2015:14:10:51 -0500] "POST /forms/lservlet;jsessionid=ac16012b30d518dc48088278406b9308a8e4830b90f8.e3iSbxaKaheRe34SahiRb30Pchr0n6jAmljGr5XDqQLvpAe HTTP/1.1" 200 349
181.54.57.138 - - [12/Jan/2015:14:10:51 -0500] "POST /forms/lservlet;jsessionid=ac16012b30d518dc48088278406b9308a8e4830b90f8.e3iSbxaKaheRe34SahiRb30Pchr0n6jAmljGr5XDqQLvpAe HTTP/1.1" 200 377
181.54.57.138 - - [12/Jan/2015:14:10:51 -0500] "POST /forms/lservlet;jsessionid=ac16012b30d518dc48088278406b9308a8e4830b90f8.e3iSbxaKaheRe34SahiRb30Pchr0n6jAmljGr5XDqQLvpAe HTTP/1.1" 200 345
181.54.57.138 - - [12/Jan/2015:14:10:52 -0500] "POST /forms/lservlet;jsessionid=ac16012b30d518dc48088278406b9308a8e4830b90f8.e3iSbxaKaheRe34SahiRb30Pchr0n6jAmljGr5XDqQLvpAe HTTP/1.1" 200 345
181.54.57.138 - - [12/Jan/2015:14:10:52 -0500] "POST /forms/lservlet;jsessionid=ac16012b30d518dc48088278406b9308a8e4830b90f8.e3iSbxaKaheRe34SahiRb30Pchr0n6jAmljGr5XDqQLvpAe HTTP/1.1" 200 361
181.54.57.138 - - [12/Jan/2015:14:10:52 -0500] "POST /forms/lservlet;jsessionid=ac16012b30d518dc48088278406b9308a8e4830b90f8.e3iSbxaKaheRe34SahiRb30Pchr0n6jAmljGr5XDqQLvpAe HTTP/1.1" 200 369
181.54.57.138 - - [12/Jan/2015:14:10:52 -0500] "POST /forms/lservlet;jsessionid=ac16012b30d518dc48088278406b9308a8e4830b90f8.e3iSbxaKaheRe34SahiRb30Pchr0n6jAmljGr5XDqQLvpAe HTTP/1.1" 200 374
181.54.57.138 - - [12/Jan/2015:14:10:52 -0500] "POST /forms/lservlet;jsessionid=ac16012b30d518dc48088278406b9308a8e4830b90f8.e3iSbxaKaheRe34SahiRb30Pchr0n6jAmljGr5XDqQLvpAe HTTP/1.1" 200 402
181.54.57.138 - - [12/Jan/2015:14:10:53 -0500] "POST /forms/lservlet;jsessionid=ac16012b30d518dc48088278406b9308a8e4830b90f8.e3iSbxaKaheRe34SahiRb30Pchr0n6jAmljGr5XDqQLvpAe HTTP/1.1" 200 369
181.54.57.138 - - [12/Jan/2015:14:10:53 -0500] "POST /forms/lservlet;jsessionid=ac16012b30d518dc48088278406b9308a8e4830b90f8.e3iSbxaKaheRe34SahiRb30Pchr0n6jAmljGr5XDqQLvpAe HTTP/1.1" 200 179
181.54.57.138 - - [12/Jan/2015:14:10:54 -0500] "POST /forms/lservlet;jsessionid=ac16012b30d518dc48088278406b9308a8e4830b90f8.e3iSbxaKaheRe34SahiRb30Pchr0n6jAmljGr5XDqQLvpAe HTTP/1.1" 200 180
181.54.57.138 - - [12/Jan/2015:14:10:54 -0500] "POST /forms/lservlet;jsessionid=ac16012b30d518dc48088278406b9308a8e4830b90f8.e3iSbxaKaheRe34SahiRb30Pchr0n6jAmljGr5XDqQLvpAe HTTP/1.1" 200 180
181.54.57.138 - - [12/Jan/2015:14:10:55 -0500] "POST /forms/lservlet;jsessionid=ac16012b30d518dc48088278406b9308a8e4830b90f8.e3iSbxaKaheRe34SahiRb30Pchr0n6jAmljGr5XDqQLvpAe HTTP/1.1" 200 338
181.54.57.138 - - [12/Jan/2015:14:10:56 -0500] "POST /forms/lservlet;jsessionid=ac16012b30d518dc48088278406b9308a8e4830b90f8.e3iSbxaKaheRe34SahiRb30Pchr0n6jAmljGr5XDqQLvpAe HTTP/1.1" 200 337
181.54.57.138 - - [12/Jan/2015:14:10:56 -0500] "POST /forms/lservlet;jsessionid=ac16012b30d518dc48088278406b9308a8e4830b90f8.e3iSbxaKaheRe34SahiRb30Pchr0n6jAmljGr5XDqQLvpAe HTTP/1.1" 200 342
181.54.57.138 - - [12/Jan/2015:14:10:57 -0500] "POST /forms/lservlet;jsessionid=ac16012b30d518dc48088278406b9308a8e4830b90f8.e3iSbxaKaheRe34SahiRb30Pchr0n6jAmljGr5XDqQLvpAe HTTP/1.1" 200 337
181.54.57.138 - - [12/Jan/2015:14:10:57 -0500] "POST /forms/lservlet;jsessionid=ac16012b30d518dc48088278406b9308a8e4830b90f8.e3iSbxaKaheRe34SahiRb30Pchr0n6jAmljGr5XDqQLvpAe HTTP/1.1" 200 329
190.156.91.79 - - [12/Jan/2015:14:11:00 -0500] "POST /forms/lservlet;jsessionid=ac16012b30d5b9c7596d463549dcbb039173fc01d604.e3iSbxaKaheRe34SahiRb30Pchr0n6jAmljGr5XDqQLvpAe HTTP/1.1" 200 2
66.249.67.67 - - [12/Jan/2015:14:11:06 -0500] "GET /BLA/resoluciones/RESOLUCIONES%202007/RES%202007%20801%20AL%20900/RESOLUCION%200897%20DE%202007.pdf HTTP/1.1" 304 -
186.115.32.78 - - [12/Jan/2015:14:11:20 -0500] "GET /BLA/boletinlegal/js/jquery.js HTTP/1.1" 200 57254
186.115.32.78 - - [12/Jan/2015:14:11:20 -0500] "GET /BLA/boletinlegal/js/jquery.scrollTo-min.js HTTP/1.1" 200 1150
186.115.32.78 - - [12/Jan/2015:14:11:20 -0500] "GET /BLA/boletinlegal/js/jquery.scrollShow.js HTTP/1.1" 200 4586
186.115.32.78 - - [12/Jan/2015:14:11:20 -0500] "GET /galeria/carrusel/Carrusel/jquery.thumbnailScroller.css HTTP/1.1" 200 2066
186.115.32.78 - - [12/Jan/2015:14:11:20 -0500] "GET /galeria/carrusel/Carrusel/jquery-ui-1.8.13.custom.min.js HTTP/1.1" 200 10800
186.115.32.78 - - [12/Jan/2015:14:11:20 -0500] "GET /galeria/carrusel/Carrusel/jquery.thumbnailScroller.js HTTP/1.1" 200 8157
157.55.39.22 - - [12/Jan/2015:14:11:23 -0500] "GET /BLA/resoluciones/RESOLUCIONES%202009/1666.pdf HTTP/1.1" 200 493351
188.165.15.79 - - [12/Jan/2015:14:11:28 -0500] "GET /BLA/resoluciones/RESOLUCIONES%202004/RES%202004%20551-600/00000564.tif HTTP/1.1" 200 93450
186.115.32.78 - - [12/Jan/2015:14:11:30 -0500] "GET /galeria/nivo-slider/demo/demo.html HTTP/1.1" 200 3150
186.115.32.78 - - [12/Jan/2015:14:11:31 -0500] "GET /galeria/nivo-slider/themes/default/default.css HTTP/1.1" 200 1569
186.115.32.78 - - [12/Jan/2015:14:11:31 -0500] "GET /galeria/nivo-slider/themes/pascal/pascal.css HTTP/1.1" 200 2258
186.115.32.78 - - [12/Jan/2015:14:11:31 -0500] "GET /galeria/nivo-slider/themes/orman/orman.css HTTP/1.1" 200 2152
186.115.32.78 - - [12/Jan/2015:14:11:31 -0500] "GET /galeria/nivo-slider/nivo-slider.css HTTP/1.1" 200 1507
186.115.32.78 - - [12/Jan/2015:14:11:31 -0500] "GET /galeria/nivo-slider/demo/images/Ruta-vertimientos-01.jpg HTTP/1.1" 200 130151
186.115.32.78 - - [12/Jan/2015:14:11:31 -0500] "GET /galeria/nivo-slider/demo/style.css HTTP/1.1" 200 2222
186.115.32.78 - - [12/Jan/2015:14:11:31 -0500] "GET /galeria/nivo-slider/demo/images/bolsas-08.jpg HTTP/1.1" 200 85589
186.115.32.78 - - [12/Jan/2015:14:11:31 -0500] "GET /galeria/nivo-slider/demo/images/bolsas-06.jpg HTTP/1.1" 200 90982
186.115.32.78 - - [12/Jan/2015:14:11:31 -0500] "GET /galeria/nivo-slider/demo/images/porloshumedales.jpg HTTP/1.1" 200 351238
186.115.32.78 - - [12/Jan/2015:14:11:31 -0500] "GET /galeria/nivo-slider/demo/images/ecolecta-Dic2014.png HTTP/1.1" 200 288593
186.115.32.78 - - [12/Jan/2015:14:11:31 -0500] "GET /galeria/nivo-slider/demo/images/Tingua-azul.jpg HTTP/1.1" 200 307638
186.115.32.78 - - [12/Jan/2015:14:11:31 -0500] "GET /galeria/nivo-slider/demo/images/Banner-Caracol-Africano.jpg HTTP/1.1" 200 331986
186.115.32.78 - - [12/Jan/2015:14:11:32 -0500] "GET /galeria/nivo-slider/demo/images/banner-redes.jpg HTTP/1.1" 200 62209
181.54.57.138 - - [12/Jan/2015:14:11:32 -0500] "POST /forms/lservlet;jsessionid=ac16012b30d518dc48088278406b9308a8e4830b90f8.e3iSbxaKaheRe34SahiRb30Pchr0n6jAmljGr5XDqQLvpAe HTTP/1.1" 200 2
186.115.32.78 - - [12/Jan/2015:14:11:32 -0500] "GET /galeria/nivo-slider/demo/images/9Signos.jpg HTTP/1.1" 200 93040
186.115.32.78 - - [12/Jan/2015:14:11:33 -0500] "GET /galeria/nivo-slider/demo/images/banner-llantas2.jpg HTTP/1.1" 200 73153
186.115.32.78 - - [12/Jan/2015:14:11:33 -0500] "GET /galeria/nivo-slider/demo/images/banner-caballos.png HTTP/1.1" 200 389106
186.115.32.78 - - [12/Jan/2015:14:11:33 -0500] "GET /galeria/nivo-slider/demo/scripts/jquery-1.7.1.min.js HTTP/1.1" 200 93868
186.115.32.78 - - [12/Jan/2015:14:11:34 -0500] "GET /galeria/nivo-slider/jquery.nivo.slider.pack.js HTTP/1.1" 200 11561
186.115.32.78 - - [12/Jan/2015:14:11:34 -0500] "GET /galeria/nivo-slider/demo/images/4Simple_Slider.png HTTP/1.1" 200 11722
186.115.32.78 - - [12/Jan/2015:14:11:34 -0500] "GET /galeria/nivo-slider/themes/default/loading.gif HTTP/1.1" 200 1737
186.115.32.78 - - [12/Jan/2015:14:11:35 -0500] "GET /galeria/nivo-slider/themes/default/arrows.png HTTP/1.1" 200 824
186.115.32.78 - - [12/Jan/2015:14:11:35 -0500] "GET /galeria/nivo-slider/themes/default/bullets.png HTTP/1.1" 200 1281
66.249.67.83 - - [12/Jan/2015:14:11:35 -0500] "GET /BLA/resoluciones/AUTOS%202011/0320.pdf HTTP/1.1" 304 -
181.54.57.138 - - [12/Jan/2015:14:11:38 -0500] "POST /forms/lservlet;jsessionid=ac16012b30d518dc48088278406b9308a8e4830b90f8.e3iSbxaKaheRe34SahiRb30Pchr0n6jAmljGr5XDqQLvpAe HTTP/1.1" 200 132
181.54.57.138 - - [12/Jan/2015:14:11:40 -0500] "POST /forms/lservlet;jsessionid=ac16012b30d518dc48088278406b9308a8e4830b90f8.e3iSbxaKaheRe34SahiRb30Pchr0n6jAmljGr5XDqQLvpAe HTTP/1.1" 200 329
181.54.57.138 - - [12/Jan/2015:14:11:41 -0500] "POST /forms/lservlet;jsessionid=ac16012b30d518dc48088278406b9308a8e4830b90f8.e3iSbxaKaheRe34SahiRb30Pchr0n6jAmljGr5XDqQLvpAe HTTP/1.1" 200 337
181.54.57.138 - - [12/Jan/2015:14:11:43 -0500] "POST /forms/lservlet;jsessionid=ac16012b30d518dc48088278406b9308a8e4830b90f8.e3iSbxaKaheRe34SahiRb30Pchr0n6jAmljGr5XDqQLvpAe HTTP/1.1" 200 342
66.249.67.83 - - [12/Jan/2015:14:12:04 -0500] "GET /BLA/resoluciones/AUTOS%202012/1525.pdf HTTP/1.1" 200 601122
186.84.44.58 - - [12/Jan/2015:14:12:18 -0500] "POST /forms/lservlet;jsessionid=ac16012b30d5119b3910b34c44c69c548c7d89a14328.e3iSbxaKaheRe34SahiRb30Pchr0n6jAmljGr5XDqQLvpAe HTTP/1.1" 200 2
186.84.40.34 - - [12/Jan/2015:14:12:29 -0500] "POST /forms/lservlet;jsessionid=ac16012b30d5b930346dabb54c25a2d5a04463a31c2d.e3iSbxaKaheRe34SahiRb30Pchr0n6jAmljGr5XDqQLvpAe HTTP/1.1" 200 2
66.249.67.111 - - [12/Jan/2015:14:12:33 -0500] "GET /ecodirectorio/files/res/pages/page_0133.swf HTTP/1.1" 200 101024
207.46.13.113 - - [12/Jan/2015:14:12:40 -0500] "GET /bla/resoluciones/autos%202010/2515.pdf HTTP/1.1" 200 132201
207.46.13.133 - - [12/Jan/2015:14:12:45 -0500] "GET /BLA/resoluciones/AUTOS%202009/1191.pdf HTTP/1.1" 200 124226
190.131.196.77 - - [12/Jan/2015:14:12:47 -0500] "GET /BLA/boletinlegal/js/jquery.js HTTP/1.1" 200 57254
190.131.196.77 - - [12/Jan/2015:14:12:47 -0500] "GET /BLA/boletinlegal/js/jquery.scrollTo-min.js HTTP/1.1" 200 1150
190.131.196.77 - - [12/Jan/2015:14:12:47 -0500] "GET /BLA/boletinlegal/js/jquery.scrollShow.js HTTP/1.1" 200 4586
190.156.91.79 - - [12/Jan/2015:14:13:00 -0500] "POST /forms/lservlet;jsessionid=ac16012b30d5b9c7596d463549dcbb039173fc01d604.e3iSbxaKaheRe34SahiRb30Pchr0n6jAmljGr5XDqQLvpAe HTTP/1.1" 200 2
66.249.67.75 - - [12/Jan/2015:14:13:01 -0500] "GET /BLA/resoluciones/RESOLUCIONES%202010/6000.pdf HTTP/1.1" 304 -
186.155.144.103 - - [12/Jan/2015:14:13:07 -0500] "GET /BLA/boletinlegal/js/jquery.scrollTo-min.js HTTP/1.1" 304 -
186.155.144.103 - - [12/Jan/2015:14:13:07 -0500] "GET /BLA/boletinlegal/js/jquery.js HTTP/1.1" 304 -
186.155.144.103 - - [12/Jan/2015:14:13:07 -0500] "GET /BLA/boletinlegal/js/jquery.scrollShow.js HTTP/1.1" 304 -
66.249.67.83 - - [12/Jan/2015:14:13:30 -0500] "GET /BLA/resoluciones/AUTOS%202013/3352.pdf HTTP/1.1" 304 -
181.54.57.138 - - [12/Jan/2015:14:13:32 -0500] "POST /forms/lservlet;jsessionid=ac16012b30d518dc48088278406b9308a8e4830b90f8.e3iSbxaKaheRe34SahiRb30Pchr0n6jAmljGr5XDqQLvpAe HTTP/1.1" 200 2
200.21.209.183 - - [12/Jan/2015:14:13:40 -0500] "GET /BLA/resoluciones/RESOLUCIONES%202008/4761.pdf HTTP/1.1" 200 209670
74.86.158.107 - - [12/Jan/2015:14:13:51 -0500] "HEAD / HTTP/1.1" 302 -
66.249.67.75 - - [12/Jan/2015:14:13:59 -0500] "GET /BLA/resoluciones/AUTOS%202011/4438.pdf HTTP/1.1" 304 -
186.155.144.103 - - [12/Jan/2015:14:14:10 -0500] "GET /galeria/nivo-slider/demo/images/ecolecta-Dic2014.png HTTP/1.1" 304 -
186.84.44.58 - - [12/Jan/2015:14:14:18 -0500] "POST /forms/lservlet;jsessionid=ac16012b30d5119b3910b34c44c69c548c7d89a14328.e3iSbxaKaheRe34SahiRb30Pchr0n6jAmljGr5XDqQLvpAe HTTP/1.1" 200 2
66.249.67.83 - - [12/Jan/2015:14:14:28 -0500] "GET /BLA/resoluciones/RESOLUCIONES%202012/0620.pdf HTTP/1.1" 200 313020
186.84.40.34 - - [12/Jan/2015:14:14:29 -0500] "POST /forms/lservlet;jsessionid=ac16012b30d5b930346dabb54c25a2d5a04463a31c2d.e3iSbxaKaheRe34SahiRb30Pchr0n6jAmljGr5XDqQLvpAe HTTP/1.1" 200 2
188.165.15.66 - - [12/Jan/2015:14:14:29 -0500] "GET /BLA/resoluciones/RESOLUCIONES%202006/RES%202006%202101-2150/00002131.tif HTTP/1.1" 200 168510
186.112.8.56 - - [12/Jan/2015:14:14:56 -0500] "GET /portalsiaccapacitaciones/list.php? HTTP/1.1" 200 4342
66.249.67.75 - - [12/Jan/2015:14:14:56 -0500] "GET /BLA/resoluciones/RESOLUCIONES%202012/0804.pdf HTTP/1.1" 304 -
190.156.91.79 - - [12/Jan/2015:14:15:00 -0500] "POST /forms/lservlet;jsessionid=ac16012b30d5b9c7596d463549dcbb039173fc01d604.e3iSbxaKaheRe34SahiRb30Pchr0n6jAmljGr5XDqQLvpAe HTTP/1.1" 200 2
190.92.46.246 - - [12/Jan/2015:14:15:24 -0500] "GET /webdav/x32.php?host=&time=60&port=80 HTTP/1.1" 404 1018
66.249.67.75 - - [12/Jan/2015:14:15:25 -0500] "GET /BLA/resoluciones/RESOLUCIONES%202007/RES%202007%202501%20AL%202600/RESOLUCION%202517%20DE%202007.pdf HTTP/1.1" 304 -
181.54.57.138 - - [12/Jan/2015:14:15:32 -0500] "POST /forms/lservlet;jsessionid=ac16012b30d518dc48088278406b9308a8e4830b90f8.e3iSbxaKaheRe34SahiRb30Pchr0n6jAmljGr5XDqQLvpAe HTTP/1.1" 200 2
123.125.71.28 - - [12/Jan/2015:14:15:33 -0500] "GET / HTTP/1.1" 302 -
207.46.13.113 - - [12/Jan/2015:14:15:40 -0500] "GET /bla/resoluciones/autos%202010/1433.pdf HTTP/1.1" 200 235241
180.76.6.17 - - [12/Jan/2015:14:15:50 -0500] "GET /BLA/resoluciones/RESOLUCIONES%202011/2016.pdf HTTP/1.1" 200 511297
66.249.67.75 - - [12/Jan/2015:14:15:54 -0500] "GET /BLA/resoluciones/AUTOS%202013/1438.pdf HTTP/1.1" 200 1963550
207.46.13.113 - - [12/Jan/2015:14:16:11 -0500] "GET /bla/resoluciones/resoluciones%202009/9685.pdf HTTP/1.1" 200 326874
186.84.44.58 - - [12/Jan/2015:14:16:18 -0500] "POST /forms/lservlet;jsessionid=ac16012b30d5119b3910b34c44c69c548c7d89a14328.e3iSbxaKaheRe34SahiRb30Pchr0n6jAmljGr5XDqQLvpAe HTTP/1.1" 200 2
190.84.185.167 - - [12/Jan/2015:14:16:20 -0500] "GET /forest/session.jsp?a=0.9881749358028173 HTTP/1.1" 200 5
190.84.185.167 - - [12/Jan/2015:14:16:20 -0500] "GET /forest/login.jsp?a=0.1841343678534031 HTTP/1.1" 200 2996
66.249.67.67 - - [12/Jan/2015:14:16:23 -0500] "GET /BLA/resoluciones/AUTOS%202010/1497.pdf HTTP/1.1" 304 -
186.84.40.34 - - [12/Jan/2015:14:16:30 -0500] "POST /forms/lservlet;jsessionid=ac16012b30d5b930346dabb54c25a2d5a04463a31c2d.e3iSbxaKaheRe34SahiRb30Pchr0n6jAmljGr5XDqQLvpAe HTTP/1.1" 200 2
66.249.67.119 - - [12/Jan/2015:14:16:52 -0500] "GET /Anexos%20estudio%20Organizacional%20SDA/ANEXO%20No.%203-%20CONTRATACI%C3%93N%20%20OPS%C2%B4s%202008-2012/CONTRATOS%20SDA%202010%20POR%20DEPENDENCIA%20(1).xls HTTP/1.1" 304 -
220.181.108.81 - - [12/Jan/2015:14:16:56 -0500] "GET / HTTP/1.1" 302 -
188.165.15.79 - - [12/Jan/2015:14:16:56 -0500] "GET /BLA/resoluciones/RESOLUCIONES%202006/RES%202006%20401-450/00000405.tif HTTP/1.1" 200 67286
190.156.91.79 - - [12/Jan/2015:14:17:00 -0500] "POST /forms/lservlet;jsessionid=ac16012b30d5b9c7596d463549dcbb039173fc01d604.e3iSbxaKaheRe34SahiRb30Pchr0n6jAmljGr5XDqQLvpAe HTTP/1.1" 200 2
188.165.15.130 - - [12/Jan/2015:14:17:11 -0500] "GET /BLA/resoluciones/RESOLUCIONES%202004/RES%202004%201751-1800/00001780.tif HTTP/1.1" 200 148982
207.46.13.113 - - [12/Jan/2015:14:17:16 -0500] "GET /BLA/resoluciones/RESOLUCIONES%202007/RES%202007%201001%20AL%201100/RESOLUCION%201015%20DE%202007.pdf HTTP/1.1" 200 56192
66.249.67.75 - - [12/Jan/2015:14:17:20 -0500] "GET /BLA/resoluciones/RESOLUCIONES%202007/RES%202007%203001%20AL%203100/RESOLUCION%203096%20%20DE%202007.pdf HTTP/1.1" 200 456631
66.249.67.67 - - [12/Jan/2015:14:17:21 -0500] "GET /BLA/resoluciones/AUTOS%202011/2051.pdf HTTP/1.1" 200 148741
181.54.57.138 - - [12/Jan/2015:14:17:32 -0500] "POST /forms/lservlet;jsessionid=ac16012b30d518dc48088278406b9308a8e4830b90f8.e3iSbxaKaheRe34SahiRb30Pchr0n6jAmljGr5XDqQLvpAe HTTP/1.1" 200 2
200.48.90.228 - - [12/Jan/2015:14:17:46 -0500] "GET /BLA/boletinlegal/style.css HTTP/1.1" 200 9406
200.48.90.228 - - [12/Jan/2015:14:17:46 -0500] "GET /BLA/boletinlegal/js/jquery.scrollTo-min.js HTTP/1.1" 200 1150
200.48.90.228 - - [12/Jan/2015:14:17:46 -0500] "GET /BLA/boletinlegal/styles2.css HTTP/1.1" 200 1838
200.48.90.228 - - [12/Jan/2015:14:17:46 -0500] "GET /BLA/boletinlegal/js/jquery.scrollShow.js HTTP/1.1" 200 4586
200.48.90.228 - - [12/Jan/2015:14:17:46 -0500] "GET /BLA/boletinlegal/js/jquery.js HTTP/1.1" 200 57254
200.48.90.228 - - [12/Jan/2015:14:17:46 -0500] "GET /BLA/boletinlegal/images/cabezote%20BLEGAL.jpg HTTP/1.1" 200 118164
200.48.90.228 - - [12/Jan/2015:14:17:46 -0500] "GET /BLA/boletinlegal/images/nuevo.gif HTTP/1.1" 200 26475
200.48.90.228 - - [12/Jan/2015:14:17:46 -0500] "GET /BLA/boletinlegal/images/historia.png HTTP/1.1" 200 52775
200.48.90.228 - - [12/Jan/2015:14:17:46 -0500] "GET /BLA/boletinlegal/images/subscribe-icon-big.png HTTP/1.1" 200 47702
200.48.90.228 - - [12/Jan/2015:14:17:46 -0500] "GET /BLA/boletinlegal/images/arr_l.jpg HTTP/1.1" 200 1979
200.48.90.228 - - [12/Jan/2015:14:17:46 -0500] "GET /BLA/boletinlegal/images/launch.jpg HTTP/1.1" 200 14577
200.48.90.228 - - [12/Jan/2015:14:17:46 -0500] "GET /BLA/boletinlegal/images/screen_1.png HTTP/1.1" 200 202547
200.48.90.228 - - [12/Jan/2015:14:17:47 -0500] "GET /BLA/boletinlegal/images/body_bg.jpg HTTP/1.1" 200 1601
200.48.90.228 - - [12/Jan/2015:14:17:47 -0500] "GET /BLA/boletinlegal/images/hover.jpg HTTP/1.1" 200 640
200.48.90.228 - - [12/Jan/2015:14:17:47 -0500] "GET /BLA/boletinlegal/images/menu_rght.gif HTTP/1.1" 200 1627
200.48.90.228 - - [12/Jan/2015:14:17:47 -0500] "GET /BLA/boletinlegal/images/menu_bg.jpg HTTP/1.1" 200 620
200.48.90.228 - - [12/Jan/2015:14:17:47 -0500] "GET /BLA/boletinlegal/images/menu_lft.gif HTTP/1.1" 200 1713
200.48.90.228 - - [12/Jan/2015:14:17:47 -0500] "GET /BLA/boletinlegal/images/bg_top.jpg HTTP/1.1" 200 522
200.48.90.228 - - [12/Jan/2015:14:17:47 -0500] "GET /BLA/boletinlegal/images/text.jpg HTTP/1.1" 200 568
200.48.90.228 - - [12/Jan/2015:14:17:47 -0500] "GET /BLA/boletinlegal/images/footer_bg.jpg HTTP/1.1" 200 586
200.48.90.228 - - [12/Jan/2015:14:17:47 -0500] "GET /BLA/boletinlegal/images/background.gif HTTP/1.1" 200 -
200.48.90.228 - - [12/Jan/2015:14:17:47 -0500] "GET /BLA/boletinlegal/images/screen_2.png HTTP/1.1" 200 362502
200.48.90.228 - - [12/Jan/2015:14:17:47 -0500] "GET /BLA/boletinlegal/images/pdf.gif HTTP/1.1" 200 567
200.48.90.228 - - [12/Jan/2015:14:17:47 -0500] "GET /BLA/boletinlegal/images/arr_r.jpg HTTP/1.1" 200 1998
200.48.90.228 - - [12/Jan/2015:14:17:47 -0500] "GET /BLA/boletinlegal/images/screen_3.png HTTP/1.1" 200 211853
200.48.90.228 - - [12/Jan/2015:14:17:47 -0500] "GET /BLA/boletinlegal/images/screen_5.png HTTP/1.1" 200 368876
186.112.8.56 - - [12/Jan/2015:14:17:49 -0500] "GET /portalsiaccapacitaciones/Listas%20de%20Asistencia%202014 HTTP/1.1" 301 351
66.249.67.75 - - [12/Jan/2015:14:17:49 -0500] "GET /BLA/resoluciones/AUTOS%202012/1781.pdf HTTP/1.1" 304 -
186.112.8.56 - - [12/Jan/2015:14:17:49 -0500] "GET /portalsiaccapacitaciones/Listas%20de%20Asistencia%202014/ HTTP/1.1" 200 6277
186.112.8.56 - - [12/Jan/2015:14:17:50 -0500] "GET /icons/blank.gif HTTP/1.1" 200 148
186.112.8.56 - - [12/Jan/2015:14:17:50 -0500] "GET /icons/back.gif HTTP/1.1" 200 216
186.112.8.56 - - [12/Jan/2015:14:17:50 -0500] "GET /icons/layout.gif HTTP/1.1" 200 276
66.249.67.67 - - [12/Jan/2015:14:17:55 -0500] "GET /BLA/resoluciones/RESOLUCIONES%202009/0925.pdf HTTP/1.1" 200 602631
186.112.8.56 - - [12/Jan/2015:14:18:02 -0500] "GET /portalsiaccapacitaciones/Listas%20de%20Asistencia%202014/Lista%20de%20Asisetncia%20Sesi%c3%b3n%2016.%20Compras%20Verdes%2015-12-14.pdf HTTP/1.1" 200 1211086
186.112.8.56 - - [12/Jan/2015:14:18:03 -0500] "GET /portalsiaccapacitaciones/Listas%20de%20Asistencia%202014/Lista%20de%20Asisetncia%20Sesi%c3%b3n%2016.%20Compras%20Verdes%2015-12-14.pdf HTTP/1.1" 206 32768
186.112.8.56 - - [12/Jan/2015:14:18:05 -0500] "GET /portalsiaccapacitaciones/Listas%20de%20Asistencia%202014/Lista%20de%20Asisetncia%20Sesi%c3%b3n%2016.%20Compras%20Verdes%2015-12-14.pdf HTTP/1.1" 206 1178318
200.48.90.228 - - [12/Jan/2015:14:17:36 -0500] "GET /BLA/boletinlegal/index.php HTTP/1.1" 200 37155
