190.147.91.51 - - [12/Jan/2015:14:54:00 -0500] "GET /BLA/boletinlegal/js/jquery.js HTTP/1.1" 200 57254
190.147.91.51 - - [12/Jan/2015:14:54:00 -0500] "GET /BLA/boletinlegal/js/jquery.scrollTo-min.js HTTP/1.1" 200 1150
190.147.91.51 - - [12/Jan/2015:14:54:00 -0500] "GET /BLA/boletinlegal/js/jquery.scrollShow.js HTTP/1.1" 200 4586
190.147.91.51 - - [12/Jan/2015:14:54:03 -0500] "GET /videos/Comadreja.flv HTTP/1.1" 200 1953549
66.249.67.83 - - [12/Jan/2015:14:54:10 -0500] "GET /BLA/resoluciones/RESOLUCIONES%202009/1148.pdf HTTP/1.1" 200 438707
66.249.67.111 - - [12/Jan/2015:14:54:13 -0500] "GET /PruebasSTORM/StormSDA_pruebas/userFiles/user_files/formulas/3/645.xml HTTP/1.1" 200 1015
186.84.44.58 - - [12/Jan/2015:14:54:19 -0500] "POST /forms/lservlet;jsessionid=ac16012b30d5119b3910b34c44c69c548c7d89a14328.e3iSbxaKaheRe34SahiRb30Pchr0n6jAmljGr5XDqQLvpAe HTTP/1.1" 200 2
207.46.13.113 - - [12/Jan/2015:14:54:21 -0500] "GET /bla/resoluciones/autos%202010/4861.pdf HTTP/1.1" 200 185671
186.84.40.34 - - [12/Jan/2015:14:54:38 -0500] "POST /forms/lservlet;jsessionid=ac16012b30d5b930346dabb54c25a2d5a04463a31c2d.e3iSbxaKaheRe34SahiRb30Pchr0n6jAmljGr5XDqQLvpAe HTTP/1.1" 200 2
66.249.67.75 - - [12/Jan/2015:14:54:41 -0500] "GET /BLA/resoluciones/RESOLUCIONES%202007/RES%202007%201801%20AL%201900/RESOLUCION%201841%20DE%202007.pdf HTTP/1.1" 200 146094
190.156.91.79 - - [12/Jan/2015:14:55:02 -0500] "POST /forms/lservlet;jsessionid=ac16012b30d5b9c7596d463549dcbb039173fc01d604.e3iSbxaKaheRe34SahiRb30Pchr0n6jAmljGr5XDqQLvpAe HTTP/1.1" 200 2
66.249.67.75 - - [12/Jan/2015:14:55:07 -0500] "GET /BLA/resoluciones/AUTOS%202006/AUTOS%202006%202101%20-%202200/00002111.tif HTTP/1.1" 200 127798
188.165.15.130 - - [12/Jan/2015:14:55:07 -0500] "GET /BLA/resoluciones/RESOLUCIONES%202003/RES%202003%201851--1900/20031899.tif HTTP/1.1" 200 122732
181.140.20.70 - - [12/Jan/2015:14:55:09 -0500] "GET /BLA/boletinlegal/js/jquery.js HTTP/1.1" 200 57254
181.140.20.70 - - [12/Jan/2015:14:55:09 -0500] "GET /BLA/boletinlegal/js/jquery.scrollTo-min.js HTTP/1.1" 200 1150
181.140.20.70 - - [12/Jan/2015:14:55:09 -0500] "GET /BLA/boletinlegal/js/jquery.scrollShow.js HTTP/1.1" 200 4586
66.249.67.67 - - [12/Jan/2015:14:55:10 -0500] "GET /BLA/resoluciones/RESOLUCIONES%202010/1241.pdf HTTP/1.1" 200 111734
186.85.207.21 - - [12/Jan/2015:14:55:19 -0500] "GET /BLA/boletinlegal/js/jquery.js HTTP/1.1" 200 57254
186.85.207.21 - - [12/Jan/2015:14:55:19 -0500] "GET /BLA/boletinlegal/js/jquery.scrollTo-min.js HTTP/1.1" 200 1150
186.85.207.21 - - [12/Jan/2015:14:55:19 -0500] "GET /BLA/boletinlegal/js/jquery.scrollShow.js HTTP/1.1" 200 4586
207.46.13.113 - - [12/Jan/2015:14:55:27 -0500] "GET /BLA/resoluciones/RESOLUCIONES%202008/0516.pdf HTTP/1.1" 200 154075
66.249.67.75 - - [12/Jan/2015:14:55:39 -0500] "GET /BLA/resoluciones/RESOLUCIONES%202009/4087.pdf HTTP/1.1" 304 -
181.54.57.138 - - [12/Jan/2015:14:55:49 -0500] "POST /forms/lservlet;jsessionid=ac16012b30d518dc48088278406b9308a8e4830b90f8.e3iSbxaKaheRe34SahiRb30Pchr0n6jAmljGr5XDqQLvpAe HTTP/1.1" 200 2
2.150.24.58 - - [12/Jan/2015:14:55:52 -0500] "GET /BLA/resoluciones/RESOLUCIONES%202009/4013.pdf HTTP/1.1" 200 523843
190.84.185.167 - - [12/Jan/2015:14:56:07 -0500] "GET /forest/session.jsp?a=0.6170008748304099 HTTP/1.1" 200 4
66.249.67.67 - - [12/Jan/2015:14:56:08 -0500] "GET /BLA/resoluciones/RESOLUCIONES%202010/1240.pdf HTTP/1.1" 200 132878
66.249.67.75 - - [12/Jan/2015:14:56:13 -0500] "GET /BLA/resoluciones/RESOLUCIONES%202010/4909.pdf HTTP/1.1" 200 756701
186.84.44.58 - - [12/Jan/2015:14:56:19 -0500] "POST /forms/lservlet;jsessionid=ac16012b30d5119b3910b34c44c69c548c7d89a14328.e3iSbxaKaheRe34SahiRb30Pchr0n6jAmljGr5XDqQLvpAe HTTP/1.1" 200 2
201.184.100.234 - - [12/Jan/2015:14:56:23 -0500] "GET /BLA/boletinlegal/js/jquery.js HTTP/1.1" 200 57254
201.184.100.234 - - [12/Jan/2015:14:56:23 -0500] "GET /BLA/boletinlegal/js/jquery.scrollTo-min.js HTTP/1.1" 200 1150
201.184.100.234 - - [12/Jan/2015:14:56:23 -0500] "GET /BLA/boletinlegal/js/jquery.scrollShow.js HTTP/1.1" 200 4586
181.130.70.224 - - [12/Jan/2015:14:56:23 -0500] "GET /BLA/boletinlegal/js/jquery.scrollTo-min.js HTTP/1.1" 200 1150
181.130.70.224 - - [12/Jan/2015:14:56:23 -0500] "GET /BLA/boletinlegal/js/jquery.js HTTP/1.1" 200 57254
181.130.70.224 - - [12/Jan/2015:14:56:23 -0500] "GET /BLA/boletinlegal/js/jquery.scrollShow.js HTTP/1.1" 200 4586
207.46.13.113 - - [12/Jan/2015:14:56:32 -0500] "GET /BLA/resoluciones/AUTOS%202010/4760.pdf HTTP/1.1" 200 169137
66.249.67.83 - - [12/Jan/2015:14:56:36 -0500] "GET /BLA/resoluciones/RESOLUCIONES%202010/0847.pdf HTTP/1.1" 200 106428
186.119.216.77 - - [12/Jan/2015:14:56:38 -0500] "GET /forest/session.jsp?a=0.3133520781752679 HTTP/1.1" 200 4
186.84.40.34 - - [12/Jan/2015:14:56:38 -0500] "POST /forms/lservlet;jsessionid=ac16012b30d5b930346dabb54c25a2d5a04463a31c2d.e3iSbxaKaheRe34SahiRb30Pchr0n6jAmljGr5XDqQLvpAe HTTP/1.1" 200 2
181.54.57.138 - - [12/Jan/2015:14:56:41 -0500] "POST /forms/lservlet;jsessionid=ac16012b30d518dc48088278406b9308a8e4830b90f8.e3iSbxaKaheRe34SahiRb30Pchr0n6jAmljGr5XDqQLvpAe HTTP/1.1" 200 82
190.156.91.79 - - [12/Jan/2015:14:57:02 -0500] "POST /forms/lservlet;jsessionid=ac16012b30d5b9c7596d463549dcbb039173fc01d604.e3iSbxaKaheRe34SahiRb30Pchr0n6jAmljGr5XDqQLvpAe HTTP/1.1" 200 2
66.249.67.67 - - [12/Jan/2015:14:57:05 -0500] "GET /BLA/resoluciones/RESOLUCIONES%202007/RES%202007%201501%20AL%201600/RESOLUCION%201571%20DE%202007.pdf HTTP/1.1" 200 419005
188.165.15.138 - - [12/Jan/2015:14:57:11 -0500] "GET /BLA/resoluciones/index.php?dir=RESOLUCIONES%202002/RES%202002%201501-1550/&sort=size&order=desc HTTP/1.1" 200 12146
157.55.39.73 - - [12/Jan/2015:14:57:16 -0500] "GET /dama/libreria/php/decide.php?patron=00.04 HTTP/1.1" 404 1019
207.46.13.135 - - [12/Jan/2015:14:57:16 -0500] "GET /dama/libreria/php/decide.php?patron=00.07 HTTP/1.1" 404 1015
66.249.67.67 - - [12/Jan/2015:14:57:34 -0500] "GET /BLA/resoluciones/RESOLUCIONES%202009/9140.pdf HTTP/1.1" 200 392496
66.249.67.67 - - [12/Jan/2015:14:57:37 -0500] "GET /BLA/resoluciones/Autos%202008/1482.pdf HTTP/1.1" 200 80099
181.54.57.138 - - [12/Jan/2015:14:57:49 -0500] "POST /forms/lservlet;jsessionid=ac16012b30d518dc48088278406b9308a8e4830b90f8.e3iSbxaKaheRe34SahiRb30Pchr0n6jAmljGr5XDqQLvpAe HTTP/1.1" 200 2
181.54.57.138 - - [12/Jan/2015:14:57:51 -0500] "POST /forms/lservlet;jsessionid=ac16012b30d518dc48088278406b9308a8e4830b90f8.e3iSbxaKaheRe34SahiRb30Pchr0n6jAmljGr5XDqQLvpAe HTTP/1.1" 200 107
66.249.67.75 - - [12/Jan/2015:14:57:53 -0500] "GET /BLA/resoluciones/AUTOS%202011/2213.pdf HTTP/1.1" 200 187012
66.249.67.67 - - [12/Jan/2015:14:58:03 -0500] "GET /BLA/resoluciones/AUTOS%202011/1270.pdf HTTP/1.1" 200 188288
188.165.15.138 - - [12/Jan/2015:14:58:08 -0500] "GET /BLA/resoluciones/RESOLUCIONES%202005/RES%202005%2051-100/00000055.tif HTTP/1.1" 200 126010
66.249.67.75 - - [12/Jan/2015:14:58:12 -0500] "GET /BLA/resoluciones/RESOLUCIONES%202010/6303.pdf HTTP/1.1" 200 275322
207.46.13.12 - - [12/Jan/2015:14:58:16 -0500] "GET /BLA/resoluciones/RESOLUCIONES%202009/0133.pdf HTTP/1.1" 200 295690
186.84.44.58 - - [12/Jan/2015:14:58:22 -0500] "POST /forms/lservlet;jsessionid=ac16012b30d5119b3910b34c44c69c548c7d89a14328.e3iSbxaKaheRe34SahiRb30Pchr0n6jAmljGr5XDqQLvpAe HTTP/1.1" 200 2
190.233.144.45 - - [12/Jan/2015:14:58:31 -0500] "GET /BLA/boletinlegal/js/jquery.js HTTP/1.1" 200 57254
66.249.67.75 - - [12/Jan/2015:14:58:31 -0500] "GET /BLA/resoluciones/RESOLUCIONES%202007/RES%202007%20401%20AL%20500/RESOLUCION%200456%20DE%202007.pdf HTTP/1.1" 200 1597112
190.233.144.45 - - [12/Jan/2015:14:58:34 -0500] "GET /BLA/boletinlegal/js/jquery.scrollTo-min.js HTTP/1.1" 200 1150
190.233.144.45 - - [12/Jan/2015:14:58:34 -0500] "GET /BLA/boletinlegal/js/jquery.scrollShow.js HTTP/1.1" 200 4586
180.76.5.146 - - [12/Jan/2015:14:58:38 -0500] "GET /BLA/boletinlegal;jsessionid=47F85711BEAF4EF0597C5C75EFE81EDF?/? HTTP/1.1" 404 1018
186.84.40.34 - - [12/Jan/2015:14:58:39 -0500] "POST /forms/lservlet;jsessionid=ac16012b30d5b930346dabb54c25a2d5a04463a31c2d.e3iSbxaKaheRe34SahiRb30Pchr0n6jAmljGr5XDqQLvpAe HTTP/1.1" 200 2
74.86.158.107 - - [12/Jan/2015:14:58:51 -0500] "HEAD / HTTP/1.1" 302 -
186.0.18.101 - - [12/Jan/2015:14:58:54 -0500] "GET /BLA/resoluciones/AUTOS%202013/0511.pdf HTTP/1.1" 200 1629657
186.0.18.101 - - [12/Jan/2015:14:58:55 -0500] "GET /BLA/resoluciones/AUTOS%202013/0511.pdf HTTP/1.1" 206 32768
186.0.18.101 - - [12/Jan/2015:14:58:55 -0500] "GET /BLA/resoluciones/AUTOS%202013/0511.pdf HTTP/1.1" 206 1596889
186.0.18.101 - - [12/Jan/2015:14:58:59 -0500] "GET /favicon.ico HTTP/1.1" 200 7782
66.249.67.67 - - [12/Jan/2015:14:59:00 -0500] "GET /BLA/resoluciones/RESOLUCIONES%202009/3753.pdf HTTP/1.1" 304 -
190.156.91.79 - - [12/Jan/2015:14:59:02 -0500] "POST /forms/lservlet;jsessionid=ac16012b30d5b9c7596d463549dcbb039173fc01d604.e3iSbxaKaheRe34SahiRb30Pchr0n6jAmljGr5XDqQLvpAe HTTP/1.1" 200 2
66.249.67.67 - - [12/Jan/2015:14:59:20 -0500] "GET /BLA/resoluciones/Autos%202008/0676.pdf HTTP/1.1" 200 105883
66.249.67.75 - - [12/Jan/2015:14:59:29 -0500] "GET /BLA/resoluciones/RESOLUCIONES%202010/1783.pdf HTTP/1.1" 200 559566
66.249.67.83 - - [12/Jan/2015:14:59:33 -0500] "GET /BLA/resoluciones/Autos%202008/1982.pdf HTTP/1.1" 200 98226
181.54.57.138 - - [12/Jan/2015:14:59:49 -0500] "POST /forms/lservlet;jsessionid=ac16012b30d518dc48088278406b9308a8e4830b90f8.e3iSbxaKaheRe34SahiRb30Pchr0n6jAmljGr5XDqQLvpAe HTTP/1.1" 200 2
66.249.67.83 - - [12/Jan/2015:14:59:58 -0500] "GET /BLA/resoluciones/RESOLUCIONES%202010/7097.pdf HTTP/1.1" 200 284211
188.165.15.44 - - [12/Jan/2015:15:00:01 -0500] "GET /BLA/resoluciones/RESOLUCIONES%202006/RES%202006%20901-950/00000919.tif HTTP/1.1" 200 168946
186.84.44.58 - - [12/Jan/2015:15:00:22 -0500] "POST /forms/lservlet;jsessionid=ac16012b30d5119b3910b34c44c69c548c7d89a14328.e3iSbxaKaheRe34SahiRb30Pchr0n6jAmljGr5XDqQLvpAe HTTP/1.1" 200 2
66.249.67.83 - - [12/Jan/2015:15:00:26 -0500] "GET /BLA/resoluciones/RESOLUCIONES%202011/0198.pdf HTTP/1.1" 200 69405
186.84.40.34 - - [12/Jan/2015:15:00:39 -0500] "POST /forms/lservlet;jsessionid=ac16012b30d5b930346dabb54c25a2d5a04463a31c2d.e3iSbxaKaheRe34SahiRb30Pchr0n6jAmljGr5XDqQLvpAe HTTP/1.1" 200 2
180.76.5.72 - - [12/Jan/2015:15:00:42 -0500] "GET /BLA/resoluciones/AUTOS%202011/3012.pdf HTTP/1.1" 200 180943
66.249.67.67 - - [12/Jan/2015:15:00:55 -0500] "GET /BLA/resoluciones/RESOLUCIONES%202008/0889.pdf HTTP/1.1" 304 -
190.84.185.167 - - [12/Jan/2015:15:00:56 -0500] "GET /forest/session.jsp?a=0.25898143905214965 HTTP/1.1" 200 4
157.55.39.38 - - [12/Jan/2015:15:01:00 -0500] "GET /phpold/sound.php HTTP/1.1" 404 1019
190.156.91.79 - - [12/Jan/2015:15:01:02 -0500] "POST /forms/lservlet;jsessionid=ac16012b30d5b9c7596d463549dcbb039173fc01d604.e3iSbxaKaheRe34SahiRb30Pchr0n6jAmljGr5XDqQLvpAe HTTP/1.1" 200 2
190.84.185.167 - - [12/Jan/2015:15:01:08 -0500] "GET /forest/session.jsp?a=0.370459265075624 HTTP/1.1" 200 4
66.249.67.67 - - [12/Jan/2015:15:01:24 -0500] "GET /BLA/resoluciones/AUTOS%202013/0009.pdf HTTP/1.1" 200 1463029
207.46.13.113 - - [12/Jan/2015:15:01:44 -0500] "GET /BLA/resoluciones/AUTOS%202012/2566.pdf HTTP/1.1" 200 505067
181.50.64.129 - - [12/Jan/2015:15:01:44 -0500] "GET /BLA/boletinlegal/js/jquery.scrollTo-min.js HTTP/1.1" 200 1150
181.50.64.129 - - [12/Jan/2015:15:01:44 -0500] "GET /BLA/boletinlegal/js/jquery.scrollShow.js HTTP/1.1" 200 4586
181.50.64.129 - - [12/Jan/2015:15:01:44 -0500] "GET /BLA/boletinlegal/js/jquery.js HTTP/1.1" 200 57254
181.54.57.138 - - [12/Jan/2015:15:01:49 -0500] "POST /forms/lservlet;jsessionid=ac16012b30d518dc48088278406b9308a8e4830b90f8.e3iSbxaKaheRe34SahiRb30Pchr0n6jAmljGr5XDqQLvpAe HTTP/1.1" 200 2
66.249.67.75 - - [12/Jan/2015:15:01:53 -0500] "GET /BLA/resoluciones/RESOLUCIONES%202011/0390.pdf HTTP/1.1" 200 84807
188.165.15.66 - - [12/Jan/2015:15:01:59 -0500] "GET /BLA/resoluciones/RESOLUCIONES%202006/RES%202006%20501-550/00000504.tif HTTP/1.1" 200 212352
66.249.67.75 - - [12/Jan/2015:15:02:02 -0500] "GET /BLA/resoluciones/AUTOS%202007/3591.pdf HTTP/1.1" 200 169714
207.46.13.113 - - [12/Jan/2015:15:02:13 -0500] "GET /stormWeb/js/1ibre/1ibre.css HTTP/1.1" 200 614
66.249.67.83 - - [12/Jan/2015:15:02:14 -0500] "GET /BLA/resoluciones/AUTOS%202011/0258.pdf HTTP/1.1" 200 210451
66.249.67.75 - - [12/Jan/2015:15:02:22 -0500] "GET /BLA/resoluciones/AUTOS%202013/0101.pdf HTTP/1.1" 304 -
186.84.44.58 - - [12/Jan/2015:15:02:22 -0500] "POST /forms/lservlet;jsessionid=ac16012b30d5119b3910b34c44c69c548c7d89a14328.e3iSbxaKaheRe34SahiRb30Pchr0n6jAmljGr5XDqQLvpAe HTTP/1.1" 200 2
186.84.40.34 - - [12/Jan/2015:15:02:39 -0500] "POST /forms/lservlet;jsessionid=ac16012b30d5b930346dabb54c25a2d5a04463a31c2d.e3iSbxaKaheRe34SahiRb30Pchr0n6jAmljGr5XDqQLvpAe HTTP/1.1" 200 2
181.141.74.184 - - [12/Jan/2015:15:02:39 -0500] "GET /BLA/resoluciones/RESOLUCIONES%202010/6000.pdf HTTP/1.1" 200 1586337
181.141.74.184 - - [12/Jan/2015:15:02:40 -0500] "GET /BLA/resoluciones/RESOLUCIONES%202010/6000.pdf HTTP/1.1" 206 32768
181.141.74.184 - - [12/Jan/2015:15:02:40 -0500] "GET /BLA/resoluciones/RESOLUCIONES%202010/6000.pdf HTTP/1.1" 206 1553569
181.141.74.184 - - [12/Jan/2015:15:02:43 -0500] "GET /favicon.ico HTTP/1.1" 200 7782
66.249.67.75 - - [12/Jan/2015:15:02:50 -0500] "GET /BLA/resoluciones/RESOLUCIONES%202011/1637.pdf HTTP/1.1" 304 -
190.156.91.79 - - [12/Jan/2015:15:03:02 -0500] "POST /forms/lservlet;jsessionid=ac16012b30d5b9c7596d463549dcbb039173fc01d604.e3iSbxaKaheRe34SahiRb30Pchr0n6jAmljGr5XDqQLvpAe HTTP/1.1" 200 2
66.249.67.83 - - [12/Jan/2015:15:03:07 -0500] "GET /BLA/resoluciones/Autos%202008/2578.pdf HTTP/1.1" 200 165457
181.54.57.138 - - [12/Jan/2015:15:03:12 -0500] "POST /forms/lservlet;jsessionid=ac16012b30d518dc48088278406b9308a8e4830b90f8.e3iSbxaKaheRe34SahiRb30Pchr0n6jAmljGr5XDqQLvpAe HTTP/1.1" 200 66
181.54.57.138 - - [12/Jan/2015:15:03:13 -0500] "POST /forms/lservlet;jsessionid=ac16012b30d518dc48088278406b9308a8e4830b90f8.e3iSbxaKaheRe34SahiRb30Pchr0n6jAmljGr5XDqQLvpAe HTTP/1.1" 200 2
181.54.57.138 - - [12/Jan/2015:15:03:13 -0500] "POST /forms/lservlet;jsessionid=ac16012b30d518dc48088278406b9308a8e4830b90f8.e3iSbxaKaheRe34SahiRb30Pchr0n6jAmljGr5XDqQLvpAe HTTP/1.1" 200 2345
181.54.57.138 - - [12/Jan/2015:15:03:13 -0500] "POST /forms/lservlet;jsessionid=ac16012b30d518dc48088278406b9308a8e4830b90f8.e3iSbxaKaheRe34SahiRb30Pchr0n6jAmljGr5XDqQLvpAe HTTP/1.1" 200 10
181.54.57.138 - - [12/Jan/2015:15:03:14 -0500] "POST /forms/lservlet;jsessionid=ac16012b30d518dc48088278406b9308a8e4830b90f8.e3iSbxaKaheRe34SahiRb30Pchr0n6jAmljGr5XDqQLvpAe HTTP/1.1" 200 24
181.54.57.138 - - [12/Jan/2015:15:03:15 -0500] "POST /forms/lservlet;jsessionid=ac16012b30d518dc48088278406b9308a8e4830b90f8.e3iSbxaKaheRe34SahiRb30Pchr0n6jAmljGr5XDqQLvpAe HTTP/1.1" 200 3957
181.54.57.138 - - [12/Jan/2015:15:03:16 -0500] "POST /forms/lservlet;jsessionid=ac16012b30d518dc48088278406b9308a8e4830b90f8.e3iSbxaKaheRe34SahiRb30Pchr0n6jAmljGr5XDqQLvpAe HTTP/1.1" 200 2
181.54.57.138 - - [12/Jan/2015:15:03:17 -0500] "POST /forms/lservlet;jsessionid=ac16012b30d518dc48088278406b9308a8e4830b90f8.e3iSbxaKaheRe34SahiRb30Pchr0n6jAmljGr5XDqQLvpAe HTTP/1.1" 200 80
66.249.67.75 - - [12/Jan/2015:15:03:19 -0500] "GET /BLA/resoluciones/RESOLUCIONES%202009/8633.pdf HTTP/1.1" 200 292275
66.249.67.75 - - [12/Jan/2015:15:03:48 -0500] "GET /BLA/resoluciones/RESOLUCIONES%202013/1245.pdf HTTP/1.1" 304 -
181.54.57.138 - - [12/Jan/2015:15:03:50 -0500] "POST /forms/lservlet;jsessionid=ac16012b30d518dc48088278406b9308a8e4830b90f8.e3iSbxaKaheRe34SahiRb30Pchr0n6jAmljGr5XDqQLvpAe HTTP/1.1" 200 2
74.86.158.107 - - [12/Jan/2015:15:03:51 -0500] "HEAD / HTTP/1.1" 302 -
190.157.211.215 - - [12/Jan/2015:15:04:06 -0500] "GET /BLA/boletinlegal/js/jquery.scrollTo-min.js HTTP/1.1" 200 1150
190.157.211.215 - - [12/Jan/2015:15:04:06 -0500] "GET /BLA/boletinlegal/js/jquery.js HTTP/1.1" 200 57254
190.157.211.215 - - [12/Jan/2015:15:04:06 -0500] "GET /BLA/boletinlegal/js/jquery.scrollShow.js HTTP/1.1" 200 4586
66.249.67.67 - - [12/Jan/2015:15:04:12 -0500] "GET /BLA/resoluciones/RESOLUCIONES%202009/9560.pdf HTTP/1.1" 200 501405
66.249.67.75 - - [12/Jan/2015:15:04:17 -0500] "GET /BLA/resoluciones/AUTOS%202013/0626.pdf HTTP/1.1" 304 -
186.84.44.58 - - [12/Jan/2015:15:04:23 -0500] "POST /forms/lservlet;jsessionid=ac16012b30d5119b3910b34c44c69c548c7d89a14328.e3iSbxaKaheRe34SahiRb30Pchr0n6jAmljGr5XDqQLvpAe HTTP/1.1" 200 2
186.84.40.34 - - [12/Jan/2015:15:04:39 -0500] "POST /forms/lservlet;jsessionid=ac16012b30d5b930346dabb54c25a2d5a04463a31c2d.e3iSbxaKaheRe34SahiRb30Pchr0n6jAmljGr5XDqQLvpAe HTTP/1.1" 200 2
66.249.67.67 - - [12/Jan/2015:15:04:51 -0500] "GET /BLA/resoluciones/AUTOS%202011/2810.pdf HTTP/1.1" 200 179685
181.134.178.100 - - [12/Jan/2015:15:04:59 -0500] "GET /BLA/resoluciones/RESOLUCIONES%202007/RES%202007%201401%20AL%201500/RESOLUCION%201402%20DE%202007.pdf HTTP/1.1" 200 224148
181.134.178.100 - - [12/Jan/2015:15:05:00 -0500] "GET /favicon.ico HTTP/1.1" 200 7782
190.156.91.79 - - [12/Jan/2015:15:05:05 -0500] "POST /forms/lservlet;jsessionid=ac16012b30d5b9c7596d463549dcbb039173fc01d604.e3iSbxaKaheRe34SahiRb30Pchr0n6jAmljGr5XDqQLvpAe HTTP/1.1" 200 2
66.249.67.83 - - [12/Jan/2015:15:05:40 -0500] "GET /resoluciones/RESOLUCIONES%202008/1031.pdf HTTP/1.1" 404 1018
180.76.5.177 - - [12/Jan/2015:15:05:47 -0500] "GET /BLA/resoluciones/RESOLUCIONES%202010/1567.pdf HTTP/1.1" 200 383004
66.249.67.83 - - [12/Jan/2015:15:05:49 -0500] "GET /BLA/resoluciones/RESOLUCIONES%202004/RES%202004%20201-250/00000236.tif HTTP/1.1" 200 271096
66.249.67.83 - - [12/Jan/2015:15:05:50 -0500] "GET /BLA/resoluciones/RESOLUCIONES%202010/2441.pdf HTTP/1.1" 200 499233
181.54.57.138 - - [12/Jan/2015:15:05:51 -0500] "POST /forms/lservlet;jsessionid=ac16012b30d518dc48088278406b9308a8e4830b90f8.e3iSbxaKaheRe34SahiRb30Pchr0n6jAmljGr5XDqQLvpAe HTTP/1.1" 200 2
186.82.12.46 - - [12/Jan/2015:15:05:54 -0500] "GET /galeria/nivo-slider/demo/demo.html HTTP/1.1" 304 -
186.82.12.46 - - [12/Jan/2015:15:05:54 -0500] "GET /galeria/nivo-slider/demo/images/bolsas-08.jpg HTTP/1.1" 304 -
186.82.12.46 - - [12/Jan/2015:15:05:54 -0500] "GET /galeria/nivo-slider/demo/images/bolsas-06.jpg HTTP/1.1" 304 -
186.82.12.46 - - [12/Jan/2015:15:05:54 -0500] "GET /galeria/nivo-slider/demo/images/Ruta-vertimientos-01.jpg HTTP/1.1" 304 -
207.46.13.12 - - [12/Jan/2015:15:05:57 -0500] "GET /bla/resoluciones/autos%202010/3991.pdf HTTP/1.1" 200 332214
190.84.185.167 - - [12/Jan/2015:15:05:57 -0500] "GET /forest/session.jsp?a=0.357696904335171 HTTP/1.1" 200 4
186.82.12.46 - - [12/Jan/2015:15:06:03 -0500] "GET /videos/Spot_CambioClimatico.flv HTTP/1.1" 200 4371917
190.84.185.167 - - [12/Jan/2015:15:06:09 -0500] "GET /forest/session.jsp?a=0.29204429453238845 HTTP/1.1" 200 4
186.84.44.58 - - [12/Jan/2015:15:06:23 -0500] "POST /forms/lservlet;jsessionid=ac16012b30d5119b3910b34c44c69c548c7d89a14328.e3iSbxaKaheRe34SahiRb30Pchr0n6jAmljGr5XDqQLvpAe HTTP/1.1" 200 2
180.76.6.225 - - [12/Jan/2015:15:06:25 -0500] "GET /BLA/resoluciones/AUTOS%202012/1780.pdf HTTP/1.1" 200 478035
66.249.67.75 - - [12/Jan/2015:15:06:31 -0500] "GET /BLA/resoluciones/Autos%202008/0526.pdf HTTP/1.1" 200 95606
186.113.227.36 - - [12/Jan/2015:15:06:37 -0500] "GET /BLA/boletinlegal/js/jquery.js HTTP/1.1" 200 57254
186.113.227.36 - - [12/Jan/2015:15:06:37 -0500] "GET /BLA/boletinlegal/js/jquery.scrollTo-min.js HTTP/1.1" 200 1150
186.113.227.36 - - [12/Jan/2015:15:06:37 -0500] "GET /BLA/boletinlegal/js/jquery.scrollShow.js HTTP/1.1" 200 4586
186.84.40.34 - - [12/Jan/2015:15:06:39 -0500] "POST /forms/lservlet;jsessionid=ac16012b30d5b930346dabb54c25a2d5a04463a31c2d.e3iSbxaKaheRe34SahiRb30Pchr0n6jAmljGr5XDqQLvpAe HTTP/1.1" 200 2
66.249.67.67 - - [12/Jan/2015:15:07:02 -0500] "GET /BLA/resoluciones/Autos%202008/0441.pdf HTTP/1.1" 200 254695
190.156.91.79 - - [12/Jan/2015:15:07:05 -0500] "POST /forms/lservlet;jsessionid=ac16012b30d5b9c7596d463549dcbb039173fc01d604.e3iSbxaKaheRe34SahiRb30Pchr0n6jAmljGr5XDqQLvpAe HTTP/1.1" 200 2
157.55.39.22 - - [12/Jan/2015:15:07:13 -0500] "GET /bla/resoluciones/autos%202010/6641.pdf HTTP/1.1" 200 153219
157.55.39.22 - - [12/Jan/2015:15:07:14 -0500] "GET /BLA/resoluciones/RESOLUCIONES%202009/2313.pdf HTTP/1.1" 200 1152838
66.249.67.83 - - [12/Jan/2015:15:07:24 -0500] "GET /BLA/resoluciones/RESOLUCIONES%202011/3686.pdf HTTP/1.1" 304 -
186.145.154.35 - - [12/Jan/2015:15:07:36 -0500] "GET /BLA/boletinlegal/js/jquery.scrollTo-min.js HTTP/1.1" 200 1150
186.145.154.35 - - [12/Jan/2015:15:07:36 -0500] "GET /BLA/boletinlegal/js/jquery.js HTTP/1.1" 200 57254
186.145.154.35 - - [12/Jan/2015:15:07:36 -0500] "GET /BLA/boletinlegal/js/jquery.scrollShow.js HTTP/1.1" 200 4586
186.145.154.35 - - [12/Jan/2015:15:07:37 -0500] "GET /hidrico/aguas%20subterraneas/ HTTP/1.1" 404 1296
181.54.57.138 - - [12/Jan/2015:15:07:51 -0500] "POST /forms/lservlet;jsessionid=ac16012b30d518dc48088278406b9308a8e4830b90f8.e3iSbxaKaheRe34SahiRb30Pchr0n6jAmljGr5XDqQLvpAe HTTP/1.1" 200 2
186.84.44.58 - - [12/Jan/2015:15:08:23 -0500] "POST /forms/lservlet;jsessionid=ac16012b30d5119b3910b34c44c69c548c7d89a14328.e3iSbxaKaheRe34SahiRb30Pchr0n6jAmljGr5XDqQLvpAe HTTP/1.1" 200 2
186.84.40.34 - - [12/Jan/2015:15:08:40 -0500] "POST /forms/lservlet;jsessionid=ac16012b30d5b930346dabb54c25a2d5a04463a31c2d.e3iSbxaKaheRe34SahiRb30Pchr0n6jAmljGr5XDqQLvpAe HTTP/1.1" 200 2
207.46.13.113 - - [12/Jan/2015:15:08:45 -0500] "GET /bla/resoluciones/autos%202010/5583.pdf HTTP/1.1" 200 158593
74.86.158.107 - - [12/Jan/2015:15:08:51 -0500] "HEAD / HTTP/1.1" 302 -
66.249.67.67 - - [12/Jan/2015:15:08:58 -0500] "GET /BLA/resoluciones/RESOLUCIONES%202013/0919.pdf HTTP/1.1" 200 1015559
190.156.91.79 - - [12/Jan/2015:15:09:05 -0500] "POST /forms/lservlet;jsessionid=ac16012b30d5b9c7596d463549dcbb039173fc01d604.e3iSbxaKaheRe34SahiRb30Pchr0n6jAmljGr5XDqQLvpAe HTTP/1.1" 200 2
186.114.19.230 - - [12/Jan/2015:15:09:11 -0500] "GET /galeria/nivo-slider/demo/demo.html HTTP/1.1" 304 -
186.114.19.230 - - [12/Jan/2015:15:09:11 -0500] "GET /galeria/nivo-slider/demo/images/bolsas-08.jpg HTTP/1.1" 304 -
186.114.19.230 - - [12/Jan/2015:15:09:11 -0500] "GET /galeria/nivo-slider/demo/images/Ruta-vertimientos-01.jpg HTTP/1.1" 304 -
186.114.19.230 - - [12/Jan/2015:15:09:11 -0500] "GET /galeria/nivo-slider/demo/images/bolsas-06.jpg HTTP/1.1" 304 -
186.114.19.230 - - [12/Jan/2015:15:09:11 -0500] "GET /galeria/nivo-slider/demo/images/ecolecta-Dic2014.png HTTP/1.1" 304 -
181.54.57.138 - - [12/Jan/2015:15:09:12 -0500] "POST /forms/lservlet;jsessionid=ac16012b30d518dc48088278406b9308a8e4830b90f8.e3iSbxaKaheRe34SahiRb30Pchr0n6jAmljGr5XDqQLvpAe HTTP/1.1" 200 84
157.55.39.23 - - [12/Jan/2015:15:09:39 -0500] "GET /bla/resoluciones/autos%202010/4423.pdf HTTP/1.1" 200 145377
66.249.67.83 - - [12/Jan/2015:15:09:48 -0500] "GET /BLA/resoluciones/RESOLUCIONES%202008/0724.pdf HTTP/1.1" 200 72242
181.54.57.138 - - [12/Jan/2015:15:09:51 -0500] "POST /forms/lservlet;jsessionid=ac16012b30d518dc48088278406b9308a8e4830b90f8.e3iSbxaKaheRe34SahiRb30Pchr0n6jAmljGr5XDqQLvpAe HTTP/1.1" 200 2
66.249.67.67 - - [12/Jan/2015:15:09:59 -0500] "GET /BLA/resoluciones/AUTOS%202007/3625.pdf HTTP/1.1" 200 282020
66.249.67.75 - - [12/Jan/2015:15:10:03 -0500] "GET /BLA/resoluciones/Autos%202008/1819.pdf HTTP/1.1" 200 87636
66.249.67.67 - - [12/Jan/2015:15:10:18 -0500] "GET /BLA/resoluciones/Autos%202008/2355.pdf HTTP/1.1" 200 181100
186.84.44.58 - - [12/Jan/2015:15:10:23 -0500] "POST /forms/lservlet;jsessionid=ac16012b30d5119b3910b34c44c69c548c7d89a14328.e3iSbxaKaheRe34SahiRb30Pchr0n6jAmljGr5XDqQLvpAe HTTP/1.1" 200 2
66.249.67.83 - - [12/Jan/2015:15:10:32 -0500] "GET /BLA/resoluciones/RESOLUCIONES%202012/0466.pdf HTTP/1.1" 304 -
186.84.40.34 - - [12/Jan/2015:15:10:40 -0500] "POST /forms/lservlet;jsessionid=ac16012b30d5b930346dabb54c25a2d5a04463a31c2d.e3iSbxaKaheRe34SahiRb30Pchr0n6jAmljGr5XDqQLvpAe HTTP/1.1" 200 2
188.165.15.99 - - [12/Jan/2015:15:10:42 -0500] "GET /BLA/resoluciones/RESOLUCIONES%202006/RES%202006%20351-400/00000396.tif HTTP/1.1" 200 135600
190.156.91.79 - - [12/Jan/2015:15:11:05 -0500] "POST /forms/lservlet;jsessionid=ac16012b30d5b9c7596d463549dcbb039173fc01d604.e3iSbxaKaheRe34SahiRb30Pchr0n6jAmljGr5XDqQLvpAe HTTP/1.1" 200 2
186.119.216.77 - - [12/Jan/2015:15:11:10 -0500] "GET /forest/session.jsp?a=0.26495941253455346 HTTP/1.1" 200 4
91.199.143.34 - - [12/Jan/2015:15:11:12 -0500] "GET /arcgis/services/Calidad_del_Agua_WQI/MapServer/WMSServer?request=GetCapabilities&service=WMS HTTP/1.1" 200 32135
200.118.56.190 - - [12/Jan/2015:15:11:13 -0500] "GET /BLA/boletinlegal/js/jquery.js HTTP/1.1" 200 57254
200.118.56.190 - - [12/Jan/2015:15:11:13 -0500] "GET /BLA/boletinlegal/js/jquery.scrollTo-min.js HTTP/1.1" 200 1150
200.118.56.190 - - [12/Jan/2015:15:11:13 -0500] "GET /galeria/carrusel/Carrusel/jquery.thumbnailScroller.css HTTP/1.1" 200 2066
200.118.56.190 - - [12/Jan/2015:15:11:14 -0500] "GET /BLA/boletinlegal/js/jquery.scrollShow.js HTTP/1.1" 200 4586
200.118.56.190 - - [12/Jan/2015:15:11:14 -0500] "GET /galeria/carrusel/Carrusel/jquery-ui-1.8.13.custom.min.js HTTP/1.1" 200 10800
200.118.56.190 - - [12/Jan/2015:15:11:14 -0500] "GET /galeria/carrusel/Carrusel/jquery.thumbnailScroller.js HTTP/1.1" 200 8157
200.118.56.190 - - [12/Jan/2015:15:11:16 -0500] "GET /galeria/nivo-slider/demo/demo.html HTTP/1.1" 200 3150
200.118.56.190 - - [12/Jan/2015:15:11:17 -0500] "GET /galeria/nivo-slider/themes/default/default.css HTTP/1.1" 200 1569
200.118.56.190 - - [12/Jan/2015:15:11:17 -0500] "GET /galeria/nivo-slider/themes/pascal/pascal.css HTTP/1.1" 200 2258
200.118.56.190 - - [12/Jan/2015:15:11:17 -0500] "GET /galeria/nivo-slider/themes/orman/orman.css HTTP/1.1" 200 2152
200.118.56.190 - - [12/Jan/2015:15:11:17 -0500] "GET /galeria/nivo-slider/nivo-slider.css HTTP/1.1" 200 1507
200.118.56.190 - - [12/Jan/2015:15:11:17 -0500] "GET /galeria/nivo-slider/demo/style.css HTTP/1.1" 200 2222
200.118.56.190 - - [12/Jan/2015:15:11:17 -0500] "GET /galeria/nivo-slider/demo/scripts/jquery-1.7.1.min.js HTTP/1.1" 200 93868
200.118.56.190 - - [12/Jan/2015:15:11:17 -0500] "GET /galeria/nivo-slider/jquery.nivo.slider.pack.js HTTP/1.1" 200 11561
200.118.56.190 - - [12/Jan/2015:15:11:17 -0500] "GET /galeria/nivo-slider/demo/images/Ruta-vertimientos-01.jpg HTTP/1.1" 200 130151
200.118.56.190 - - [12/Jan/2015:15:11:17 -0500] "GET /galeria/nivo-slider/demo/images/bolsas-08.jpg HTTP/1.1" 200 85589
200.118.56.190 - - [12/Jan/2015:15:11:17 -0500] "GET /galeria/nivo-slider/demo/images/ecolecta-Dic2014.png HTTP/1.1" 200 288593
200.118.56.190 - - [12/Jan/2015:15:11:17 -0500] "GET /galeria/nivo-slider/demo/images/bolsas-06.jpg HTTP/1.1" 200 90982
200.118.56.190 - - [12/Jan/2015:15:11:17 -0500] "GET /galeria/nivo-slider/demo/images/porloshumedales.jpg HTTP/1.1" 200 351238
200.118.56.190 - - [12/Jan/2015:15:11:18 -0500] "GET /galeria/nivo-slider/demo/images/Tingua-azul.jpg HTTP/1.1" 200 307638
200.118.56.190 - - [12/Jan/2015:15:11:18 -0500] "GET /galeria/nivo-slider/demo/images/Banner-Caracol-Africano.jpg HTTP/1.1" 200 331986
200.118.56.190 - - [12/Jan/2015:15:11:18 -0500] "GET /galeria/nivo-slider/demo/images/banner-redes.jpg HTTP/1.1" 200 62209
200.118.56.190 - - [12/Jan/2015:15:11:19 -0500] "GET /galeria/nivo-slider/demo/images/9Signos.jpg HTTP/1.1" 200 93040
200.118.56.190 - - [12/Jan/2015:15:11:19 -0500] "GET /galeria/nivo-slider/demo/images/banner-llantas2.jpg HTTP/1.1" 200 73153
200.118.56.190 - - [12/Jan/2015:15:11:20 -0500] "GET /galeria/nivo-slider/demo/images/4Simple_Slider.png HTTP/1.1" 200 11722
200.118.56.190 - - [12/Jan/2015:15:11:21 -0500] "GET /galeria/nivo-slider/demo/images/banner-caballos.png HTTP/1.1" 200 389106
200.118.56.190 - - [12/Jan/2015:15:11:21 -0500] "GET /galeria/nivo-slider/themes/default/loading.gif HTTP/1.1" 200 1737
200.118.56.190 - - [12/Jan/2015:15:11:22 -0500] "GET /galeria/nivo-slider/themes/default/bullets.png HTTP/1.1" 200 1281
200.118.56.190 - - [12/Jan/2015:15:11:22 -0500] "GET /galeria/nivo-slider/themes/default/arrows.png HTTP/1.1" 200 824
157.55.39.23 - - [12/Jan/2015:15:11:32 -0500] "GET /BLA/resoluciones/index.php?dir=AUTOS%202009/&sort=date&order=desc HTTP/1.1" 200 393328
207.46.13.133 - - [12/Jan/2015:15:11:36 -0500] "GET /bla/resoluciones/autos%202010/1164.pdf HTTP/1.1" 200 150078
200.118.37.143 - - [12/Jan/2015:15:11:38 -0500] "GET /BLA/boletinlegal/js/jquery.js HTTP/1.1" 200 57254
200.118.37.143 - - [12/Jan/2015:15:11:38 -0500] "GET /BLA/boletinlegal/js/jquery.scrollShow.js HTTP/1.1" 200 4586
200.118.37.143 - - [12/Jan/2015:15:11:38 -0500] "GET /BLA/boletinlegal/js/jquery.scrollTo-min.js HTTP/1.1" 200 1150
181.61.48.38 - - [12/Jan/2015:15:11:50 -0500] "GET /BLA/boletinlegal/js/jquery.js HTTP/1.1" 200 57254
181.61.48.38 - - [12/Jan/2015:15:11:50 -0500] "GET /BLA/boletinlegal/js/jquery.scrollShow.js HTTP/1.1" 200 4586
181.61.48.38 - - [12/Jan/2015:15:11:50 -0500] "GET /BLA/boletinlegal/js/jquery.scrollTo-min.js HTTP/1.1" 200 1150
181.54.57.138 - - [12/Jan/2015:15:11:51 -0500] "POST /forms/lservlet;jsessionid=ac16012b30d518dc48088278406b9308a8e4830b90f8.e3iSbxaKaheRe34SahiRb30Pchr0n6jAmljGr5XDqQLvpAe HTTP/1.1" 200 2
207.46.13.133 - - [12/Jan/2015:15:12:00 -0500] "GET /bla/resoluciones/autos%202010/5340.pdf HTTP/1.1" 200 1931383
66.249.67.67 - - [12/Jan/2015:15:12:06 -0500] "GET /BLA/resoluciones/AUTOS%202013/0276.pdf HTTP/1.1" 200 1982445
188.165.15.15 - - [12/Jan/2015:15:12:11 -0500] "GET /BLA/resoluciones/RESOLUCIONES%202005/RES%202005%203051-3100/00003089.tif HTTP/1.1" 200 425228
186.84.44.58 - - [12/Jan/2015:15:12:23 -0500] "POST /forms/lservlet;jsessionid=ac16012b30d5119b3910b34c44c69c548c7d89a14328.e3iSbxaKaheRe34SahiRb30Pchr0n6jAmljGr5XDqQLvpAe HTTP/1.1" 200 2
186.84.40.34 - - [12/Jan/2015:15:12:40 -0500] "POST /forms/lservlet;jsessionid=ac16012b30d5b930346dabb54c25a2d5a04463a31c2d.e3iSbxaKaheRe34SahiRb30Pchr0n6jAmljGr5XDqQLvpAe HTTP/1.1" 200 2
207.46.13.12 - - [12/Jan/2015:15:12:47 -0500] "GET /BLA/resoluciones/AUTOS%202012/0072.pdf HTTP/1.1" 200 158635
190.156.91.79 - - [12/Jan/2015:15:13:05 -0500] "POST /forms/lservlet;jsessionid=ac16012b30d5b9c7596d463549dcbb039173fc01d604.e3iSbxaKaheRe34SahiRb30Pchr0n6jAmljGr5XDqQLvpAe HTTP/1.1" 200 2
191.150.14.60 - - [12/Jan/2015:15:13:19 -0500] "GET /BLA/resoluciones/Notificaciones/AUTOS%202013/1819.doc HTTP/1.1" 200 265728
66.249.67.67 - - [12/Jan/2015:15:13:27 -0500] "GET /BLA/resoluciones/RESOLUCIONES%202010/6869.pdf HTTP/1.1" 200 188608
190.24.25.231 - - [12/Jan/2015:15:13:34 -0500] "GET /BLA/boletinlegal/js/jquery.scrollShow.js HTTP/1.1" 200 4586
190.24.25.231 - - [12/Jan/2015:15:13:34 -0500] "GET /BLA/boletinlegal/js/jquery.scrollTo-min.js HTTP/1.1" 200 1150
190.24.25.231 - - [12/Jan/2015:15:13:34 -0500] "GET /BLA/boletinlegal/js/jquery.js HTTP/1.1" 200 57254
66.249.67.83 - - [12/Jan/2015:15:13:40 -0500] "GET /BLA/resoluciones/RESOLUCIONES%202012/0199.pdf HTTP/1.1" 304 -
181.196.79.137 - - [12/Jan/2015:15:13:47 -0500] "GET /BLA/boletinlegal/js/jquery.js HTTP/1.1" 200 57254
181.196.79.137 - - [12/Jan/2015:15:13:47 -0500] "GET /BLA/boletinlegal/js/jquery.scrollShow.js HTTP/1.1" 200 4586
181.196.79.137 - - [12/Jan/2015:15:13:47 -0500] "GET /BLA/boletinlegal/js/jquery.scrollTo-min.js HTTP/1.1" 200 1150
74.86.158.107 - - [12/Jan/2015:15:13:51 -0500] "HEAD / HTTP/1.1" 302 -
181.54.57.138 - - [12/Jan/2015:15:13:51 -0500] "POST /forms/lservlet;jsessionid=ac16012b30d518dc48088278406b9308a8e4830b90f8.e3iSbxaKaheRe34SahiRb30Pchr0n6jAmljGr5XDqQLvpAe HTTP/1.1" 200 2
181.54.57.138 - - [12/Jan/2015:15:14:08 -0500] "POST /forms/lservlet;jsessionid=ac16012b30d518dc48088278406b9308a8e4830b90f8.e3iSbxaKaheRe34SahiRb30Pchr0n6jAmljGr5XDqQLvpAe HTTP/1.1" 200 66
181.54.57.138 - - [12/Jan/2015:15:14:09 -0500] "POST /forms/lservlet;jsessionid=ac16012b30d518dc48088278406b9308a8e4830b90f8.e3iSbxaKaheRe34SahiRb30Pchr0n6jAmljGr5XDqQLvpAe HTTP/1.1" 200 2
181.54.57.138 - - [12/Jan/2015:15:14:09 -0500] "POST /forms/lservlet;jsessionid=ac16012b30d518dc48088278406b9308a8e4830b90f8.e3iSbxaKaheRe34SahiRb30Pchr0n6jAmljGr5XDqQLvpAe HTTP/1.1" 200 2388
181.54.57.138 - - [12/Jan/2015:15:14:09 -0500] "POST /forms/lservlet;jsessionid=ac16012b30d518dc48088278406b9308a8e4830b90f8.e3iSbxaKaheRe34SahiRb30Pchr0n6jAmljGr5XDqQLvpAe HTTP/1.1" 200 10
181.54.57.138 - - [12/Jan/2015:15:14:11 -0500] "POST /forms/lservlet;jsessionid=ac16012b30d518dc48088278406b9308a8e4830b90f8.e3iSbxaKaheRe34SahiRb30Pchr0n6jAmljGr5XDqQLvpAe HTTP/1.1" 200 24
181.54.57.138 - - [12/Jan/2015:15:14:11 -0500] "POST /forms/lservlet;jsessionid=ac16012b30d518dc48088278406b9308a8e4830b90f8.e3iSbxaKaheRe34SahiRb30Pchr0n6jAmljGr5XDqQLvpAe HTTP/1.1" 200 3938
181.54.57.138 - - [12/Jan/2015:15:14:12 -0500] "POST /forms/lservlet;jsessionid=ac16012b30d518dc48088278406b9308a8e4830b90f8.e3iSbxaKaheRe34SahiRb30Pchr0n6jAmljGr5XDqQLvpAe HTTP/1.1" 200 2
157.55.39.22 - - [12/Jan/2015:15:14:22 -0500] "GET /BLA/resoluciones/AUTOS%202012/2939.pdf HTTP/1.1" 200 371923
186.84.44.58 - - [12/Jan/2015:15:14:23 -0500] "POST /forms/lservlet;jsessionid=ac16012b30d5119b3910b34c44c69c548c7d89a14328.e3iSbxaKaheRe34SahiRb30Pchr0n6jAmljGr5XDqQLvpAe HTTP/1.1" 200 2
186.84.40.34 - - [12/Jan/2015:15:14:40 -0500] "POST /forms/lservlet;jsessionid=ac16012b30d5b930346dabb54c25a2d5a04463a31c2d.e3iSbxaKaheRe34SahiRb30Pchr0n6jAmljGr5XDqQLvpAe HTTP/1.1" 200 2
207.46.13.12 - - [12/Jan/2015:15:14:42 -0500] "GET /BLA/resoluciones/index.php?dir=RESOLUCIONES+2010%2F HTTP/1.1" 200 738596
190.156.91.79 - - [12/Jan/2015:15:15:05 -0500] "POST /forms/lservlet;jsessionid=ac16012b30d5b9c7596d463549dcbb039173fc01d604.e3iSbxaKaheRe34SahiRb30Pchr0n6jAmljGr5XDqQLvpAe HTTP/1.1" 200 2
207.46.13.133 - - [12/Jan/2015:15:15:11 -0500] "GET /bla/resoluciones/autos%202010/4414.pdf HTTP/1.1" 200 140617
66.249.67.67 - - [12/Jan/2015:15:15:14 -0500] "GET /BLA/resoluciones/AUTOS%202010/2096.pdf HTTP/1.1" 200 153231
180.76.5.152 - - [12/Jan/2015:15:15:16 -0500] "GET /BLA/resoluciones/RESOLUCIONES%202007/RES%202007%201726%20AL%201800/RESOLUCION%201787%20DE%202007.pdf HTTP/1.1" 200 924114
207.46.13.133 - - [12/Jan/2015:15:15:23 -0500] "GET /bla/resoluciones/autos%202010/4414.pdf HTTP/1.1" 200 140617
181.54.57.138 - - [12/Jan/2015:15:15:51 -0500] "POST /forms/lservlet;jsessionid=ac16012b30d518dc48088278406b9308a8e4830b90f8.e3iSbxaKaheRe34SahiRb30Pchr0n6jAmljGr5XDqQLvpAe HTTP/1.1" 200 2
180.76.6.53 - - [12/Jan/2015:15:15:55 -0500] "GET /BLA/resoluciones/RESOLUCIONES%202007/RES%202007%202501%20AL%202600/RESOLUCION%202580%20DE%202007.pdf HTTP/1.1" 200 736714
207.46.13.113 - - [12/Jan/2015:15:15:58 -0500] "GET /webdav/x32.php HTTP/1.1" 404 1018
186.119.216.77 - - [12/Jan/2015:15:16:10 -0500] "GET /forest/session.jsp?a=0.41865419092472067 HTTP/1.1" 200 4
186.84.44.58 - - [12/Jan/2015:15:16:23 -0500] "POST /forms/lservlet;jsessionid=ac16012b30d5119b3910b34c44c69c548c7d89a14328.e3iSbxaKaheRe34SahiRb30Pchr0n6jAmljGr5XDqQLvpAe HTTP/1.1" 200 2
190.1.219.231 - - [12/Jan/2015:15:16:24 -0500] "GET /BLA/resoluciones/RESOLUCIONES%202010/2561.pdf HTTP/1.1" 200 499079
190.1.219.231 - - [12/Jan/2015:15:16:25 -0500] "GET /BLA/resoluciones/RESOLUCIONES%202010/2561.pdf HTTP/1.1" 206 32768
190.1.219.231 - - [12/Jan/2015:15:16:25 -0500] "GET /favicon.ico HTTP/1.1" 200 7782
190.1.219.231 - - [12/Jan/2015:15:16:26 -0500] "GET /BLA/resoluciones/RESOLUCIONES%202010/2561.pdf HTTP/1.1" 206 466311
185.10.104.196 - - [12/Jan/2015:15:16:37 -0500] "GET /BLA/resoluciones/RESOLUCIONES%202013/2687.pdf HTTP/1.1" 200 261678
186.84.40.34 - - [12/Jan/2015:15:16:40 -0500] "POST /forms/lservlet;jsessionid=ac16012b30d5b930346dabb54c25a2d5a04463a31c2d.e3iSbxaKaheRe34SahiRb30Pchr0n6jAmljGr5XDqQLvpAe HTTP/1.1" 200 2
66.249.67.75 - - [12/Jan/2015:15:16:48 -0500] "GET /BLA/resoluciones/RESOLUCIONES%202009/9188.pdf HTTP/1.1" 200 99117
190.156.91.79 - - [12/Jan/2015:15:17:05 -0500] "POST /forms/lservlet;jsessionid=ac16012b30d5b9c7596d463549dcbb039173fc01d604.e3iSbxaKaheRe34SahiRb30Pchr0n6jAmljGr5XDqQLvpAe HTTP/1.1" 200 2
186.46.174.244 - - [12/Jan/2015:15:17:09 -0500] "GET /BLA/boletinlegal/js/jquery.js HTTP/1.1" 200 57254
186.46.174.244 - - [12/Jan/2015:15:17:09 -0500] "GET /BLA/boletinlegal/js/jquery.scrollTo-min.js HTTP/1.1" 200 1150
186.46.174.244 - - [12/Jan/2015:15:17:09 -0500] "GET /BLA/boletinlegal/js/jquery.scrollShow.js HTTP/1.1" 200 4586
186.46.174.244 - - [12/Jan/2015:15:17:17 -0500] "GET /hidrico/aguas%20subterraneas/ HTTP/1.1" 404 1296
186.145.198.63 - - [12/Jan/2015:15:17:29 -0500] "GET /dama/libreria/php/decide.php?patron=03.1305020113&numm=36 HTTP/1.1" 404 1359
186.145.198.63 - - [12/Jan/2015:15:17:29 -0500] "GET /favicon.ico HTTP/1.1" 200 7782
181.54.57.138 - - [12/Jan/2015:15:17:51 -0500] "POST /forms/lservlet;jsessionid=ac16012b30d518dc48088278406b9308a8e4830b90f8.e3iSbxaKaheRe34SahiRb30Pchr0n6jAmljGr5XDqQLvpAe HTTP/1.1" 200 2
188.165.15.99 - - [12/Jan/2015:15:17:58 -0500] "GET /BLA/resoluciones/RESOLUCIONES%202004/RES%202004%20701-750/00000723.tif HTTP/1.1" 200 126214
181.61.48.38 - - [12/Jan/2015:15:18:00 -0500] "GET /hidrico/aguas%20subterraneas/ HTTP/1.1" 404 1296
157.55.39.22 - - [12/Jan/2015:15:18:11 -0500] "GET /BLA/resoluciones/AUTOS%202012/0716.pdf HTTP/1.1" 200 199001
186.46.174.244 - - [12/Jan/2015:15:18:13 -0500] "GET /hidrico/aguas%20subterraneas/ HTTP/1.1" 404 1296
181.54.57.138 - - [12/Jan/2015:15:18:21 -0500] "POST /forms/lservlet;jsessionid=ac16012b30d518dc48088278406b9308a8e4830b90f8.e3iSbxaKaheRe34SahiRb30Pchr0n6jAmljGr5XDqQLvpAe HTTP/1.1" 200 80
66.249.67.67 - - [12/Jan/2015:15:18:22 -0500] "GET /BLA/resoluciones/AUTOS%202012/0821.pdf HTTP/1.1" 304 -
186.84.44.58 - - [12/Jan/2015:15:18:23 -0500] "POST /forms/lservlet;jsessionid=ac16012b30d5119b3910b34c44c69c548c7d89a14328.e3iSbxaKaheRe34SahiRb30Pchr0n6jAmljGr5XDqQLvpAe HTTP/1.1" 200 2
186.84.40.34 - - [12/Jan/2015:15:18:40 -0500] "POST /forms/lservlet;jsessionid=ac16012b30d5b930346dabb54c25a2d5a04463a31c2d.e3iSbxaKaheRe34SahiRb30Pchr0n6jAmljGr5XDqQLvpAe HTTP/1.1" 200 2
74.86.158.107 - - [12/Jan/2015:15:18:51 -0500] "HEAD / HTTP/1.1" 302 -
207.46.13.113 - - [12/Jan/2015:15:18:59 -0500] "GET /bla/resoluciones/autos%202010/1313.pdf HTTP/1.1" 200 530049
190.156.91.79 - - [12/Jan/2015:15:19:06 -0500] "POST /forms/lservlet;jsessionid=ac16012b30d5b9c7596d463549dcbb039173fc01d604.e3iSbxaKaheRe34SahiRb30Pchr0n6jAmljGr5XDqQLvpAe HTTP/1.1" 200 2
180.76.6.158 - - [12/Jan/2015:15:19:24 -0500] "GET /BLA/boletinlegal;jsessionid=C64883725045095B8E43E4704422C6E1?/? HTTP/1.1" 404 1018
181.193.69.226 - - [12/Jan/2015:15:19:36 -0500] "GET /BLA/boletinlegal/js/jquery.scrollShow.js HTTP/1.1" 200 4586
181.193.69.226 - - [12/Jan/2015:15:19:36 -0500] "GET /BLA/boletinlegal/js/jquery.scrollTo-min.js HTTP/1.1" 200 1150
181.193.69.226 - - [12/Jan/2015:15:19:36 -0500] "GET /BLA/boletinlegal/js/jquery.js HTTP/1.1" 200 57254
181.54.57.138 - - [12/Jan/2015:15:19:51 -0500] "POST /forms/lservlet;jsessionid=ac16012b30d518dc48088278406b9308a8e4830b90f8.e3iSbxaKaheRe34SahiRb30Pchr0n6jAmljGr5XDqQLvpAe HTTP/1.1" 200 2
66.249.67.83 - - [12/Jan/2015:15:19:56 -0500] "GET /BLA/resoluciones/AUTOS%202014/0444.pdf HTTP/1.1" 200 415222
207.46.13.133 - - [12/Jan/2015:15:20:07 -0500] "GET /BLA/resoluciones/RESOLUCIONES%202007/RES%202007%20901%20AL%201000/RESOLUCION%200968%20DE%202007.pdf HTTP/1.1" 200 34248
186.84.44.58 - - [12/Jan/2015:15:20:23 -0500] "POST /forms/lservlet;jsessionid=ac16012b30d5119b3910b34c44c69c548c7d89a14328.e3iSbxaKaheRe34SahiRb30Pchr0n6jAmljGr5XDqQLvpAe HTTP/1.1" 200 2
186.84.40.34 - - [12/Jan/2015:15:20:41 -0500] "POST /forms/lservlet;jsessionid=ac16012b30d5b930346dabb54c25a2d5a04463a31c2d.e3iSbxaKaheRe34SahiRb30Pchr0n6jAmljGr5XDqQLvpAe HTTP/1.1" 200 2
190.158.22.113 - - [12/Jan/2015:15:21:01 -0500] "GET /BLA/boletinlegal/js/jquery.js HTTP/1.1" 200 57254
190.158.22.113 - - [12/Jan/2015:15:21:01 -0500] "GET /BLA/boletinlegal/js/jquery.scrollTo-min.js HTTP/1.1" 200 1150
190.158.22.113 - - [12/Jan/2015:15:21:01 -0500] "GET /BLA/boletinlegal/js/jquery.scrollShow.js HTTP/1.1" 200 4586
190.158.22.113 - - [12/Jan/2015:15:21:01 -0500] "GET /galeria/carrusel/Carrusel/jquery.thumbnailScroller.css HTTP/1.1" 200 2066
190.158.22.113 - - [12/Jan/2015:15:21:01 -0500] "GET /galeria/carrusel/Carrusel/jquery-ui-1.8.13.custom.min.js HTTP/1.1" 200 10800
190.158.22.113 - - [12/Jan/2015:15:21:01 -0500] "GET /galeria/carrusel/Carrusel/jquery.thumbnailScroller.js HTTP/1.1" 200 8157
190.158.22.113 - - [12/Jan/2015:15:21:03 -0500] "GET /galeria/nivo-slider/demo/demo.html HTTP/1.1" 200 3150
190.158.22.113 - - [12/Jan/2015:15:21:03 -0500] "GET /galeria/nivo-slider/themes/default/default.css HTTP/1.1" 200 1569
190.158.22.113 - - [12/Jan/2015:15:21:03 -0500] "GET /galeria/nivo-slider/themes/pascal/pascal.css HTTP/1.1" 200 2258
190.158.22.113 - - [12/Jan/2015:15:21:03 -0500] "GET /galeria/nivo-slider/themes/orman/orman.css HTTP/1.1" 200 2152
190.158.22.113 - - [12/Jan/2015:15:21:03 -0500] "GET /galeria/nivo-slider/nivo-slider.css HTTP/1.1" 200 1507
190.158.22.113 - - [12/Jan/2015:15:21:03 -0500] "GET /galeria/nivo-slider/demo/style.css HTTP/1.1" 200 2222
190.158.22.113 - - [12/Jan/2015:15:21:03 -0500] "GET /galeria/nivo-slider/demo/images/bolsas-08.jpg HTTP/1.1" 200 85589
190.158.22.113 - - [12/Jan/2015:15:21:03 -0500] "GET /galeria/nivo-slider/demo/images/Ruta-vertimientos-01.jpg HTTP/1.1" 200 130151
190.158.22.113 - - [12/Jan/2015:15:21:03 -0500] "GET /galeria/nivo-slider/demo/images/porloshumedales.jpg HTTP/1.1" 200 351238
190.158.22.113 - - [12/Jan/2015:15:21:03 -0500] "GET /galeria/nivo-slider/demo/images/bolsas-06.jpg HTTP/1.1" 200 90982
190.158.22.113 - - [12/Jan/2015:15:21:03 -0500] "GET /galeria/nivo-slider/demo/images/ecolecta-Dic2014.png HTTP/1.1" 200 288593
190.158.22.113 - - [12/Jan/2015:15:21:03 -0500] "GET /galeria/nivo-slider/demo/images/Tingua-azul.jpg HTTP/1.1" 200 307638
190.158.22.113 - - [12/Jan/2015:15:21:03 -0500] "GET /galeria/nivo-slider/demo/images/Banner-Caracol-Africano.jpg HTTP/1.1" 200 331986
190.158.22.113 - - [12/Jan/2015:15:21:03 -0500] "GET /galeria/nivo-slider/demo/images/banner-redes.jpg HTTP/1.1" 200 62209
190.158.22.113 - - [12/Jan/2015:15:21:04 -0500] "GET /galeria/nivo-slider/demo/images/4Simple_Slider.png HTTP/1.1" 200 11722
190.158.22.113 - - [12/Jan/2015:15:21:04 -0500] "GET /galeria/nivo-slider/themes/default/loading.gif HTTP/1.1" 200 1737
190.158.22.113 - - [12/Jan/2015:15:21:04 -0500] "GET /galeria/nivo-slider/demo/images/9Signos.jpg HTTP/1.1" 200 93040
190.158.22.113 - - [12/Jan/2015:15:21:04 -0500] "GET /galeria/nivo-slider/demo/images/banner-llantas2.jpg HTTP/1.1" 200 73153
190.158.22.113 - - [12/Jan/2015:15:21:04 -0500] "GET /galeria/nivo-slider/demo/images/banner-caballos.png HTTP/1.1" 200 389106
190.158.22.113 - - [12/Jan/2015:15:21:04 -0500] "GET /galeria/nivo-slider/demo/scripts/jquery-1.7.1.min.js HTTP/1.1" 200 93868
190.158.22.113 - - [12/Jan/2015:15:21:05 -0500] "GET /galeria/nivo-slider/jquery.nivo.slider.pack.js HTTP/1.1" 200 11561
190.158.22.113 - - [12/Jan/2015:15:21:06 -0500] "GET /galeria/nivo-slider/themes/default/arrows.png HTTP/1.1" 200 824
190.158.22.113 - - [12/Jan/2015:15:21:06 -0500] "GET /galeria/nivo-slider/themes/default/bullets.png HTTP/1.1" 200 1281
190.156.91.79 - - [12/Jan/2015:15:21:06 -0500] "POST /forms/lservlet;jsessionid=ac16012b30d5b9c7596d463549dcbb039173fc01d604.e3iSbxaKaheRe34SahiRb30Pchr0n6jAmljGr5XDqQLvpAe HTTP/1.1" 200 2
190.158.22.113 - - [12/Jan/2015:15:21:06 -0500] "GET /videos/Spot_CambioClimatico.flv HTTP/1.1" 200 4371917
207.46.13.113 - - [12/Jan/2015:15:21:24 -0500] "GET /bla/resoluciones/autos%202010/2175.pdf HTTP/1.1" 200 204710
66.249.67.67 - - [12/Jan/2015:15:21:30 -0500] "GET /BLA/resoluciones/AUTOS%202012/2005.pdf HTTP/1.1" 304 -
188.165.15.239 - - [12/Jan/2015:15:21:31 -0500] "GET /BLA/resoluciones/RESOLUCIONES%202006/RES%202006%201801-1850/00001844.tif HTTP/1.1" 200 40248
157.55.39.23 - - [12/Jan/2015:15:21:33 -0500] "GET /bla/resoluciones/autos%202010/4737.pdf HTTP/1.1" 200 151657
181.54.57.138 - - [12/Jan/2015:15:21:52 -0500] "POST /forms/lservlet;jsessionid=ac16012b30d518dc48088278406b9308a8e4830b90f8.e3iSbxaKaheRe34SahiRb30Pchr0n6jAmljGr5XDqQLvpAe HTTP/1.1" 200 2
181.54.57.138 - - [12/Jan/2015:15:21:53 -0500] "POST /forms/lservlet;jsessionid=ac16012b30d518dc48088278406b9308a8e4830b90f8.e3iSbxaKaheRe34SahiRb30Pchr0n6jAmljGr5XDqQLvpAe HTTP/1.1" 200 84
186.84.44.58 - - [12/Jan/2015:15:22:23 -0500] "POST /forms/lservlet;jsessionid=ac16012b30d5119b3910b34c44c69c548c7d89a14328.e3iSbxaKaheRe34SahiRb30Pchr0n6jAmljGr5XDqQLvpAe HTTP/1.1" 200 2
188.165.15.15 - - [12/Jan/2015:15:22:34 -0500] "GET /BLA/resoluciones/RESOLUCIONES%202004/RES%202004%20601-650/00000611.tif HTTP/1.1" 200 182454
186.84.40.34 - - [12/Jan/2015:15:22:41 -0500] "POST /forms/lservlet;jsessionid=ac16012b30d5b930346dabb54c25a2d5a04463a31c2d.e3iSbxaKaheRe34SahiRb30Pchr0n6jAmljGr5XDqQLvpAe HTTP/1.1" 200 2
188.165.15.21 - - [12/Jan/2015:15:22:42 -0500] "GET /BLA/resoluciones/RESOLUCIONES%202005/RES%202005%20901-950/00000946.tif HTTP/1.1" 200 296838
66.249.67.67 - - [12/Jan/2015:15:23:03 -0500] "GET /BLA/resoluciones/RESOLUCIONES%202007/RES%202007%202101%20AL%202200/RESOLUCION%202160%20%20DE%202007.pdf HTTP/1.1" 304 -
190.156.91.79 - - [12/Jan/2015:15:23:06 -0500] "POST /forms/lservlet;jsessionid=ac16012b30d5b9c7596d463549dcbb039173fc01d604.e3iSbxaKaheRe34SahiRb30Pchr0n6jAmljGr5XDqQLvpAe HTTP/1.1" 200 2
157.55.39.23 - - [12/Jan/2015:15:23:08 -0500] "GET /BLA/resoluciones/AUTOS%202007/3166.pdf HTTP/1.1" 200 86684
66.249.67.83 - - [12/Jan/2015:15:23:28 -0500] "GET /BLA/resoluciones/RESOLUCIONES%202010/6985.pdf HTTP/1.1" 200 64329
123.125.71.54 - - [12/Jan/2015:15:23:30 -0500] "GET / HTTP/1.1" 302 -
74.86.158.107 - - [12/Jan/2015:15:23:51 -0500] "HEAD / HTTP/1.1" 302 -
181.54.57.138 - - [12/Jan/2015:15:23:52 -0500] "POST /forms/lservlet;jsessionid=ac16012b30d518dc48088278406b9308a8e4830b90f8.e3iSbxaKaheRe34SahiRb30Pchr0n6jAmljGr5XDqQLvpAe HTTP/1.1" 200 2
66.249.67.83 - - [12/Jan/2015:15:23:55 -0500] "GET /BLA/resoluciones/AUTOS%202006/AUTOS%202006%202101%20-%202200/00002153.tif HTTP/1.1" 200 57968
66.249.88.213 - - [12/Jan/2015:15:24:01 -0500] "GET /BLA/boletinlegal/js/jquery.scrollShow.js HTTP/1.1" 200 4586
66.249.88.209 - - [12/Jan/2015:15:24:01 -0500] "GET /BLA/boletinlegal/js/jquery.js HTTP/1.1" 200 57254
66.249.88.211 - - [12/Jan/2015:15:24:01 -0500] "GET /BLA/boletinlegal/js/jquery.scrollTo-min.js HTTP/1.1" 200 1150
186.84.44.58 - - [12/Jan/2015:15:24:23 -0500] "POST /forms/lservlet;jsessionid=ac16012b30d5119b3910b34c44c69c548c7d89a14328.e3iSbxaKaheRe34SahiRb30Pchr0n6jAmljGr5XDqQLvpAe HTTP/1.1" 200 2
190.158.12.9 - - [12/Jan/2015:15:24:30 -0500] "GET /BLA/boletinlegal/js/jquery.js HTTP/1.1" 200 57254
190.158.12.9 - - [12/Jan/2015:15:24:30 -0500] "GET /BLA/boletinlegal/js/jquery.scrollTo-min.js HTTP/1.1" 200 1150
190.158.12.9 - - [12/Jan/2015:15:24:30 -0500] "GET /BLA/boletinlegal/js/jquery.scrollShow.js HTTP/1.1" 200 4586
188.165.15.130 - - [12/Jan/2015:15:24:37 -0500] "GET /BLA/resoluciones/RESOLUCIONES%202005/RES%202005%201301-1350/INDEX.DAT HTTP/1.1" 200 2000
66.249.67.83 - - [12/Jan/2015:15:24:37 -0500] "GET /BLA/resoluciones/RESOLUCIONES%202010/6920.pdf HTTP/1.1" 304 -
186.84.40.34 - - [12/Jan/2015:15:24:41 -0500] "POST /forms/lservlet;jsessionid=ac16012b30d5b930346dabb54c25a2d5a04463a31c2d.e3iSbxaKaheRe34SahiRb30Pchr0n6jAmljGr5XDqQLvpAe HTTP/1.1" 200 2
110.33.197.232 - - [12/Jan/2015:15:24:52 -0500] "GET /BLA/resoluciones/RESOLUCIONES%202011/4788.pdf HTTP/1.1" 200 616614
190.156.91.79 - - [12/Jan/2015:15:25:06 -0500] "POST /forms/lservlet;jsessionid=ac16012b30d5b9c7596d463549dcbb039173fc01d604.e3iSbxaKaheRe34SahiRb30Pchr0n6jAmljGr5XDqQLvpAe HTTP/1.1" 200 2
220.181.108.93 - - [12/Jan/2015:15:25:22 -0500] "GET / HTTP/1.1" 302 -
186.155.167.24 - - [12/Jan/2015:15:25:39 -0500] "GET /galeria/nivo-slider/demo/images/banner-caballos.png HTTP/1.1" 206 180
186.155.167.24 - - [12/Jan/2015:15:25:43 -0500] "GET /videos/Spot_CambioClimatico.flv HTTP/1.1" 200 4371917
200.84.202.127 - - [12/Jan/2015:15:25:46 -0500] "GET /BLA/boletinlegal/js/jquery.js HTTP/1.1" 200 57254
200.84.202.127 - - [12/Jan/2015:15:25:46 -0500] "GET /BLA/boletinlegal/js/jquery.scrollTo-min.js HTTP/1.1" 200 1150
200.84.202.127 - - [12/Jan/2015:15:25:46 -0500] "GET /BLA/boletinlegal/js/jquery.scrollShow.js HTTP/1.1" 200 4586
181.54.57.138 - - [12/Jan/2015:15:25:52 -0500] "POST /forms/lservlet;jsessionid=ac16012b30d518dc48088278406b9308a8e4830b90f8.e3iSbxaKaheRe34SahiRb30Pchr0n6jAmljGr5XDqQLvpAe HTTP/1.1" 200 2
206.53.226.251 - - [12/Jan/2015:15:25:57 -0500] "GET /galeria/nivo-slider/demo/images/Ruta-vertimientos-01.jpg HTTP/1.1" 304 -
66.249.67.83 - - [12/Jan/2015:15:26:11 -0500] "GET /BLA/resoluciones/RESOLUCIONES%202010/0256.pdf HTTP/1.1" 304 -
186.84.44.58 - - [12/Jan/2015:15:26:23 -0500] "POST /forms/lservlet;jsessionid=ac16012b30d5119b3910b34c44c69c548c7d89a14328.e3iSbxaKaheRe34SahiRb30Pchr0n6jAmljGr5XDqQLvpAe HTTP/1.1" 200 2
186.84.40.34 - - [12/Jan/2015:15:26:46 -0500] "POST /forms/lservlet;jsessionid=ac16012b30d5b930346dabb54c25a2d5a04463a31c2d.e3iSbxaKaheRe34SahiRb30Pchr0n6jAmljGr5XDqQLvpAe HTTP/1.1" 200 2
180.76.6.157 - - [12/Jan/2015:15:27:04 -0500] "GET /BLA/resoluciones/RESOLUCIONES%202011/1753.pdf HTTP/1.1" 200 668770
190.156.91.79 - - [12/Jan/2015:15:27:09 -0500] "POST /forms/lservlet;jsessionid=ac16012b30d5b9c7596d463549dcbb039173fc01d604.e3iSbxaKaheRe34SahiRb30Pchr0n6jAmljGr5XDqQLvpAe HTTP/1.1" 200 2
188.165.15.237 - - [12/Jan/2015:15:27:15 -0500] "GET /BLA/resoluciones/RESOLUCIONES%202006/RES%202006%202401-2450/00002406.tif HTTP/1.1" 200 224486
180.76.5.21 - - [12/Jan/2015:15:27:43 -0500] "GET /BLA/resoluciones/RESOLUCIONES%202008/0174.pdf HTTP/1.1" 200 281706
66.249.67.83 - - [12/Jan/2015:15:27:45 -0500] "GET /BLA/resoluciones/RESOLUCIONES%202013/2781.pdf HTTP/1.1" 304 -
181.54.57.138 - - [12/Jan/2015:15:27:52 -0500] "POST /forms/lservlet;jsessionid=ac16012b30d518dc48088278406b9308a8e4830b90f8.e3iSbxaKaheRe34SahiRb30Pchr0n6jAmljGr5XDqQLvpAe HTTP/1.1" 200 2
181.61.48.193 - - [12/Jan/2015:15:27:57 -0500] "GET /BLA/boletinlegal/js/jquery.scrollTo-min.js HTTP/1.1" 200 1150
181.61.48.193 - - [12/Jan/2015:15:27:58 -0500] "GET /BLA/boletinlegal/js/jquery.js HTTP/1.1" 200 57254
