66.249.67.111 - - [12/Jan/2015:09:56:30 -0500] "GET /ecodirectorio/files/res/navbtn/bookmarks.swf HTTP/1.1" 200 3197
66.249.67.83 - - [12/Jan/2015:09:56:43 -0500] "GET /BLA/resoluciones/AUTOS%202008/0583.pdf HTTP/1.1" 200 215631
186.167.243.13 - - [12/Jan/2015:09:56:46 -0500] "GET /BLA/boletinlegal/js/jquery.js HTTP/1.1" 200 57254
186.167.243.13 - - [12/Jan/2015:09:56:46 -0500] "GET /BLA/boletinlegal/js/jquery.scrollTo-min.js HTTP/1.1" 200 1150
186.167.243.13 - - [12/Jan/2015:09:56:46 -0500] "GET /BLA/boletinlegal/js/jquery.scrollShow.js HTTP/1.1" 200 4586
181.60.221.85 - - [12/Jan/2015:09:57:12 -0500] "GET /BLA/boletinlegal/js/jquery.scrollTo-min.js HTTP/1.1" 200 1150
181.60.221.85 - - [12/Jan/2015:09:57:12 -0500] "GET /BLA/boletinlegal/js/jquery.scrollShow.js HTTP/1.1" 200 4586
181.60.221.85 - - [12/Jan/2015:09:57:12 -0500] "GET /BLA/boletinlegal/js/jquery.js HTTP/1.1" 200 57254
66.249.67.67 - - [12/Jan/2015:09:57:12 -0500] "GET /BLA/resoluciones/RESOLUCIONES%202009/6485.pdf HTTP/1.1" 304 -
66.249.67.75 - - [12/Jan/2015:09:57:41 -0500] "GET /BLA/resoluciones/RESOLUCIONES%202009/0156.pdf HTTP/1.1" 200 260556
157.55.39.23 - - [12/Jan/2015:09:57:59 -0500] "GET /BLA/resoluciones/RESOLUCIONES%202009/1660.pdf HTTP/1.1" 200 406276
157.55.39.23 - - [12/Jan/2015:09:58:01 -0500] "GET /BLA/resoluciones/AUTOS%202012/2659.pdf HTTP/1.1" 200 293485
181.60.221.85 - - [12/Jan/2015:09:58:03 -0500] "GET /BLA/resoluciones/RESOLUCIONES%202012/0295.pdf HTTP/1.1" 200 197186
181.60.221.85 - - [12/Jan/2015:09:58:05 -0500] "GET /BLA/resoluciones/RESOLUCIONES%202012/0295.pdf HTTP/1.1" 206 32768
190.156.91.79 - - [12/Jan/2015:09:58:07 -0500] "POST /forms/lservlet;jsessionid=ac16012b30d5b9c7596d463549dcbb039173fc01d604.e3iSbxaKaheRe34SahiRb30Pchr0n6jAmljGr5XDqQLvpAe HTTP/1.1" 200 2
186.84.44.58 - - [12/Jan/2015:09:58:07 -0500] "POST /forms/lservlet;jsessionid=ac16012b30d5119b3910b34c44c69c548c7d89a14328.e3iSbxaKaheRe34SahiRb30Pchr0n6jAmljGr5XDqQLvpAe HTTP/1.1" 200 2
66.249.67.83 - - [12/Jan/2015:09:58:09 -0500] "GET /BLA/resoluciones/RESOLUCIONES%202007/RES%202007%203401%20AL%203500/RESOLUCION%203440%20DE%202007.pdf HTTP/1.1" 200 535664
181.60.221.85 - - [12/Jan/2015:09:58:23 -0500] "GET /BLA/resoluciones/RESOLUCIONES%202012/0295.pdf HTTP/1.1" 206 164418
181.60.221.85 - - [12/Jan/2015:09:58:35 -0500] "GET /BLA/resoluciones/RESOLUCIONES%202010/7772.pdf HTTP/1.1" 200 3272062
181.60.221.85 - - [12/Jan/2015:09:58:37 -0500] "GET /BLA/resoluciones/RESOLUCIONES%202010/7772.pdf HTTP/1.1" 206 32768
66.249.67.83 - - [12/Jan/2015:09:58:38 -0500] "GET /BLA/resoluciones/AUTOS%202009/2807.pdf HTTP/1.1" 200 81660
74.86.158.107 - - [12/Jan/2015:09:58:52 -0500] "HEAD / HTTP/1.1" 302 -
181.60.221.85 - - [12/Jan/2015:09:58:57 -0500] "GET /BLA/resoluciones/RESOLUCIONES%202010/7772.pdf HTTP/1.1" 206 3239294
180.76.5.147 - - [12/Jan/2015:09:59:03 -0500] "GET /BLA/resoluciones/RESOLUCIONES%202009/2518.pdf HTTP/1.1" 200 428073
66.249.67.75 - - [12/Jan/2015:09:59:07 -0500] "GET /BLA/resoluciones/RESOLUCIONES%202007/RES%202007%20501%20AL%20600/RESOLUCION%200502%20DE%202007.pdf HTTP/1.1" 200 377503
66.249.67.83 - - [12/Jan/2015:09:59:36 -0500] "GET /BLA/resoluciones/AUTOS%202007/1368.pdf HTTP/1.1" 200 59405
66.249.67.67 - - [12/Jan/2015:10:00:04 -0500] "GET /BLA/resoluciones/AUTOS%202007/0157.pdf HTTP/1.1" 200 417713
190.156.91.79 - - [12/Jan/2015:10:00:07 -0500] "POST /forms/lservlet;jsessionid=ac16012b30d5b9c7596d463549dcbb039173fc01d604.e3iSbxaKaheRe34SahiRb30Pchr0n6jAmljGr5XDqQLvpAe HTTP/1.1" 200 2
186.84.44.58 - - [12/Jan/2015:10:00:07 -0500] "POST /forms/lservlet;jsessionid=ac16012b30d5119b3910b34c44c69c548c7d89a14328.e3iSbxaKaheRe34SahiRb30Pchr0n6jAmljGr5XDqQLvpAe HTTP/1.1" 200 2
66.249.67.67 - - [12/Jan/2015:10:00:33 -0500] "GET /BLA/resoluciones/RESOLUCIONES%202009/9417.pdf HTTP/1.1" 200 458043
207.46.13.139 - - [12/Jan/2015:10:00:48 -0500] "GET / HTTP/1.1" 302 -
180.76.5.57 - - [12/Jan/2015:10:00:59 -0500] "GET /BLA/boletinlegal;jsessionid=83FAC2CFB9F42268BE18901246A82015?/? HTTP/1.1" 404 1018
66.249.67.83 - - [12/Jan/2015:10:01:02 -0500] "GET /BLA/resoluciones/AUTOS%202012/0903.pdf HTTP/1.1" 200 349662
207.46.13.113 - - [12/Jan/2015:10:01:04 -0500] "GET /bla/resoluciones/autos%202010/6318.pdf HTTP/1.1" 200 275759
180.76.6.65 - - [12/Jan/2015:10:01:07 -0500] "GET /videos/SusanaPOT.flv HTTP/1.1" 200 10741396
186.154.84.82 - - [12/Jan/2015:10:01:28 -0500] "GET /forest/session.jsp?a=0.5839252527803183 HTTP/1.1" 200 4
186.154.84.82 - - [12/Jan/2015:09:55:29 -0500] "GET /ForestMSG_SDA/channelAsync/template_word_16716686?X-Atmosphere-tracking-id=8750b6eb-a1c5-21a5-afa0-f5014d58faa8&X-Atmosphere-Framework=1.0.5&X-Atmosphere-Transport=long-polling&tabid=0.9191460809670389&X-Cache-Date=0&Content-Type=application/xml&_=1421074730097 HTTP/1.1" 200 8193
66.249.67.67 - - [12/Jan/2015:10:01:31 -0500] "GET /BLA/resoluciones/AUTOS%202012/0683.pdf HTTP/1.1" 200 309307
190.25.105.203 - - [12/Jan/2015:10:01:40 -0500] "GET /BLA/boletinlegal/js/jquery.js HTTP/1.1" 200 57254
190.25.105.203 - - [12/Jan/2015:10:01:40 -0500] "GET /BLA/boletinlegal/js/jquery.scrollTo-min.js HTTP/1.1" 200 1150
190.25.105.203 - - [12/Jan/2015:10:01:40 -0500] "GET /BLA/boletinlegal/js/jquery.scrollShow.js HTTP/1.1" 200 4586
66.249.67.75 - - [12/Jan/2015:10:01:59 -0500] "GET /BLA/resoluciones/AUTOS%202012/1349.pdf HTTP/1.1" 200 487281
190.156.91.79 - - [12/Jan/2015:10:02:07 -0500] "POST /forms/lservlet;jsessionid=ac16012b30d5b9c7596d463549dcbb039173fc01d604.e3iSbxaKaheRe34SahiRb30Pchr0n6jAmljGr5XDqQLvpAe HTTP/1.1" 200 2
186.84.44.58 - - [12/Jan/2015:10:02:07 -0500] "POST /forms/lservlet;jsessionid=ac16012b30d5119b3910b34c44c69c548c7d89a14328.e3iSbxaKaheRe34SahiRb30Pchr0n6jAmljGr5XDqQLvpAe HTTP/1.1" 200 2
66.249.67.67 - - [12/Jan/2015:10:02:28 -0500] "GET /BLA/resoluciones/RESOLUCIONES%202010/2889.pdf HTTP/1.1" 200 582032
66.249.67.75 - - [12/Jan/2015:10:02:57 -0500] "GET /BLA/resoluciones/AUTOS%202011/0556.pdf HTTP/1.1" 200 649214
207.46.13.133 - - [12/Jan/2015:10:02:58 -0500] "GET /bla/resoluciones/resoluciones%202009/3736.pdf HTTP/1.1" 200 118835
186.80.36.99 - - [12/Jan/2015:10:02:59 -0500] "GET /BLA/boletinlegal/js/jquery.js HTTP/1.1" 200 57254
186.80.36.99 - - [12/Jan/2015:10:02:59 -0500] "GET /BLA/boletinlegal/js/jquery.scrollTo-min.js HTTP/1.1" 200 1150
186.80.36.99 - - [12/Jan/2015:10:02:59 -0500] "GET /BLA/boletinlegal/js/jquery.scrollShow.js HTTP/1.1" 200 4586
66.249.67.75 - - [12/Jan/2015:10:03:26 -0500] "GET /BLA/resoluciones/AUTOS%202009/1608.pdf HTTP/1.1" 200 199157
74.86.158.107 - - [12/Jan/2015:10:03:51 -0500] "HEAD / HTTP/1.1" 302 -
66.249.67.83 - - [12/Jan/2015:10:03:54 -0500] "GET /BLA/resoluciones/RESOLUCIONES%202008/0236.pdf HTTP/1.1" 304 -
186.84.44.58 - - [12/Jan/2015:10:04:07 -0500] "POST /forms/lservlet;jsessionid=ac16012b30d5119b3910b34c44c69c548c7d89a14328.e3iSbxaKaheRe34SahiRb30Pchr0n6jAmljGr5XDqQLvpAe HTTP/1.1" 200 2
66.249.67.75 - - [12/Jan/2015:10:04:08 -0500] "GET /BLA/resoluciones/AUTOS%202006/AUTOS%202006%201701%20-%201800/00001723.tif HTTP/1.1" 200 91572
190.156.91.79 - - [12/Jan/2015:10:04:16 -0500] "POST /forms/lservlet;jsessionid=ac16012b30d5b9c7596d463549dcbb039173fc01d604.e3iSbxaKaheRe34SahiRb30Pchr0n6jAmljGr5XDqQLvpAe HTTP/1.1" 200 2
190.25.111.18 - - [12/Jan/2015:10:04:20 -0500] "GET /BLA/boletinlegal/js/jquery.scrollTo-min.js HTTP/1.1" 200 1150
190.25.111.18 - - [12/Jan/2015:10:04:20 -0500] "GET /BLA/boletinlegal/js/jquery.scrollShow.js HTTP/1.1" 200 4586
190.25.111.18 - - [12/Jan/2015:10:04:20 -0500] "GET /BLA/boletinlegal/js/jquery.js HTTP/1.1" 200 57254
190.25.111.18 - - [12/Jan/2015:10:04:20 -0500] "GET /galeria/carrusel/Carrusel/jquery-ui-1.8.13.custom.min.js HTTP/1.1" 200 10800
190.25.111.18 - - [12/Jan/2015:10:04:20 -0500] "GET /galeria/carrusel/Carrusel/jquery.thumbnailScroller.css HTTP/1.1" 200 2066
190.25.111.18 - - [12/Jan/2015:10:04:20 -0500] "GET /galeria/carrusel/Carrusel/jquery.thumbnailScroller.js HTTP/1.1" 200 8157
190.25.111.18 - - [12/Jan/2015:10:04:22 -0500] "GET /galeria/nivo-slider/demo/demo.html HTTP/1.1" 200 3150
190.25.111.18 - - [12/Jan/2015:10:04:22 -0500] "GET /galeria/nivo-slider/demo/style.css HTTP/1.1" 200 2222
190.25.111.18 - - [12/Jan/2015:10:04:22 -0500] "GET /galeria/nivo-slider/themes/orman/orman.css HTTP/1.1" 200 2152
190.25.111.18 - - [12/Jan/2015:10:04:22 -0500] "GET /galeria/nivo-slider/themes/pascal/pascal.css HTTP/1.1" 200 2258
190.25.111.18 - - [12/Jan/2015:10:04:22 -0500] "GET /galeria/nivo-slider/demo/images/bolsas-08.jpg HTTP/1.1" 200 85589
190.25.111.18 - - [12/Jan/2015:10:04:22 -0500] "GET /galeria/nivo-slider/nivo-slider.css HTTP/1.1" 200 1507
190.25.111.18 - - [12/Jan/2015:10:04:22 -0500] "GET /galeria/nivo-slider/demo/scripts/jquery-1.7.1.min.js HTTP/1.1" 200 93868
190.25.111.18 - - [12/Jan/2015:10:04:22 -0500] "GET /galeria/nivo-slider/jquery.nivo.slider.pack.js HTTP/1.1" 200 11561
190.25.111.18 - - [12/Jan/2015:10:04:22 -0500] "GET /galeria/nivo-slider/demo/images/bolsas-06.jpg HTTP/1.1" 200 90982
190.25.111.18 - - [12/Jan/2015:10:04:22 -0500] "GET /galeria/nivo-slider/demo/images/Ruta-vertimientos-01.jpg HTTP/1.1" 200 130151
190.25.111.18 - - [12/Jan/2015:10:04:22 -0500] "GET /galeria/nivo-slider/demo/images/ecolecta-Dic2014.png HTTP/1.1" 200 288593
190.25.111.18 - - [12/Jan/2015:10:04:22 -0500] "GET /galeria/nivo-slider/themes/default/default.css HTTP/1.1" 200 1569
190.25.111.18 - - [12/Jan/2015:10:04:22 -0500] "GET /galeria/nivo-slider/demo/images/porloshumedales.jpg HTTP/1.1" 200 351238
190.25.111.18 - - [12/Jan/2015:10:04:23 -0500] "GET /galeria/nivo-slider/demo/images/Tingua-azul.jpg HTTP/1.1" 200 307638
66.249.67.83 - - [12/Jan/2015:10:04:23 -0500] "GET /BLA/resoluciones/RESOLUCIONES%202012/0683.pdf HTTP/1.1" 200 252213
190.25.111.18 - - [12/Jan/2015:10:04:24 -0500] "GET /galeria/nivo-slider/demo/images/4Simple_Slider.png HTTP/1.1" 200 11722
190.25.111.18 - - [12/Jan/2015:10:04:24 -0500] "GET /galeria/nivo-slider/themes/default/loading.gif HTTP/1.1" 200 1737
190.25.111.18 - - [12/Jan/2015:10:04:24 -0500] "GET /galeria/nivo-slider/demo/images/Banner-Caracol-Africano.jpg HTTP/1.1" 200 331986
190.25.111.18 - - [12/Jan/2015:10:04:24 -0500] "GET /galeria/nivo-slider/demo/images/banner-llantas2.jpg HTTP/1.1" 200 73153
190.25.111.18 - - [12/Jan/2015:10:04:25 -0500] "GET /galeria/nivo-slider/demo/images/banner-redes.jpg HTTP/1.1" 200 62209
190.25.111.18 - - [12/Jan/2015:10:04:25 -0500] "GET /galeria/nivo-slider/demo/images/banner-caballos.png HTTP/1.1" 200 389106
190.25.111.18 - - [12/Jan/2015:10:04:25 -0500] "GET /galeria/nivo-slider/demo/images/9Signos.jpg HTTP/1.1" 200 93040
190.25.111.18 - - [12/Jan/2015:10:04:26 -0500] "GET /videos/Spot_CambioClimatico.flv HTTP/1.1" 200 4371917
190.25.111.18 - - [12/Jan/2015:10:04:30 -0500] "GET /galeria/nivo-slider/themes/default/arrows.png HTTP/1.1" 200 824
190.25.111.18 - - [12/Jan/2015:10:04:30 -0500] "GET /galeria/nivo-slider/themes/default/bullets.png HTTP/1.1" 200 1281
66.249.67.83 - - [12/Jan/2015:10:04:52 -0500] "GET /BLA/resoluciones/AUTOS%202010/0869.pdf HTTP/1.1" 304 -
66.249.67.67 - - [12/Jan/2015:10:05:08 -0500] "GET /BLA/resoluciones/AUTOS%202013/0219.pdf HTTP/1.1" 304 -
190.199.44.241 - - [12/Jan/2015:10:05:17 -0500] "GET /BLA/boletinlegal/js/jquery.js HTTP/1.1" 200 57254
190.199.44.241 - - [12/Jan/2015:10:05:17 -0500] "GET /BLA/boletinlegal/js/jquery.scrollTo-min.js HTTP/1.1" 200 1150
190.199.44.241 - - [12/Jan/2015:10:05:18 -0500] "GET /BLA/boletinlegal/js/jquery.scrollShow.js HTTP/1.1" 200 4586
66.249.67.75 - - [12/Jan/2015:10:05:21 -0500] "GET /BLA/resoluciones/RESOLUCIONES%202011/3050.pdf HTTP/1.1" 200 757402
66.249.67.119 - - [12/Jan/2015:10:05:49 -0500] "GET /ecodirectorio/files/res/pages/page_0089.swf HTTP/1.1" 200 92402
186.84.44.58 - - [12/Jan/2015:10:06:07 -0500] "POST /forms/lservlet;jsessionid=ac16012b30d5119b3910b34c44c69c548c7d89a14328.e3iSbxaKaheRe34SahiRb30Pchr0n6jAmljGr5XDqQLvpAe HTTP/1.1" 200 2
66.249.67.119 - - [12/Jan/2015:10:06:12 -0500] "GET /dama/libreria/php/decide.php?patron=03.1305020113&numm=41 HTTP/1.1" 404 1019
190.156.91.79 - - [12/Jan/2015:10:06:16 -0500] "POST /forms/lservlet;jsessionid=ac16012b30d5b9c7596d463549dcbb039173fc01d604.e3iSbxaKaheRe34SahiRb30Pchr0n6jAmljGr5XDqQLvpAe HTTP/1.1" 200 2
66.249.67.103 - - [12/Jan/2015:10:06:18 -0500] "GET /ecodirectorio/files/res/pages/page_0002.swf HTTP/1.1" 200 239055
66.249.67.75 - - [12/Jan/2015:10:06:47 -0500] "GET /BLA/resoluciones/RESOLUCIONES%202007/RES%202007%20501%20AL%20600/RESOLUCION%200517%20DE%202007.pdf HTTP/1.1" 200 219601
207.46.13.133 - - [12/Jan/2015:10:07:14 -0500] "GET /BLA/resoluciones/AUTOS%202010/6639.pdf HTTP/1.1" 200 149335
66.249.67.67 - - [12/Jan/2015:10:07:16 -0500] "GET /BLA/resoluciones/RESOLUCIONES%202009/9431.pdf HTTP/1.1" 200 530947
66.249.88.213 - - [12/Jan/2015:10:07:17 -0500] "GET /forest/index2.jsp?a=0.370778170944143 HTTP/1.1" 200 12782
180.76.5.57 - - [12/Jan/2015:10:07:20 -0500] "GET /BLA/resoluciones/RESOLUCIONES%202013/0203.pdf HTTP/1.1" 200 2110941
207.46.13.113 - - [12/Jan/2015:10:07:40 -0500] "GET /BLA/resoluciones/AUTOS%202012/2759.pdf HTTP/1.1" 200 379697
66.249.67.83 - - [12/Jan/2015:10:07:45 -0500] "GET /BLA/resoluciones/RESOLUCIONES%202007/RES%202007%203301%20AL%203400/RESOLUCION%203356%20DE%202007.pdf HTTP/1.1" 200 968614
186.84.44.58 - - [12/Jan/2015:10:08:07 -0500] "POST /forms/lservlet;jsessionid=ac16012b30d5119b3910b34c44c69c548c7d89a14328.e3iSbxaKaheRe34SahiRb30Pchr0n6jAmljGr5XDqQLvpAe HTTP/1.1" 200 2
66.249.67.75 - - [12/Jan/2015:10:08:13 -0500] "GET /BLA/resoluciones/AUTOS%202007/1678.pdf HTTP/1.1" 200 32832
190.156.91.79 - - [12/Jan/2015:10:08:16 -0500] "POST /forms/lservlet;jsessionid=ac16012b30d5b9c7596d463549dcbb039173fc01d604.e3iSbxaKaheRe34SahiRb30Pchr0n6jAmljGr5XDqQLvpAe HTTP/1.1" 200 2
190.26.160.102 - - [12/Jan/2015:10:08:28 -0500] "GET /galeria/nivo-slider/demo/demo.html HTTP/1.1" 304 -
190.26.160.102 - - [12/Jan/2015:10:08:28 -0500] "GET /galeria/nivo-slider/demo/images/bolsas-08.jpg HTTP/1.1" 304 -
190.26.160.102 - - [12/Jan/2015:10:08:28 -0500] "GET /galeria/nivo-slider/demo/images/bolsas-06.jpg HTTP/1.1" 304 -
190.26.160.102 - - [12/Jan/2015:10:08:29 -0500] "GET /galeria/nivo-slider/demo/images/Ruta-vertimientos-01.jpg HTTP/1.1" 304 -
190.26.160.102 - - [12/Jan/2015:10:08:29 -0500] "GET /galeria/nivo-slider/demo/images/ecolecta-Dic2014.png HTTP/1.1" 304 -
190.26.160.102 - - [12/Jan/2015:10:08:29 -0500] "GET /galeria/nivo-slider/demo/images/Tingua-azul.jpg HTTP/1.1" 304 -
190.26.160.102 - - [12/Jan/2015:10:08:29 -0500] "GET /galeria/nivo-slider/demo/images/banner-redes.jpg HTTP/1.1" 304 -
190.26.160.102 - - [12/Jan/2015:10:08:29 -0500] "GET /galeria/nivo-slider/demo/images/banner-llantas2.jpg HTTP/1.1" 304 -
66.249.67.83 - - [12/Jan/2015:10:08:42 -0500] "GET /BLA/resoluciones/AUTOS%202012/0105.pdf HTTP/1.1" 200 179946
74.86.158.107 - - [12/Jan/2015:10:08:51 -0500] "HEAD / HTTP/1.1" 302 -
207.46.13.133 - - [12/Jan/2015:10:09:03 -0500] "GET /BLA/resoluciones/AUTOS%202010/6639.pdf HTTP/1.1" 200 149335
66.249.67.83 - - [12/Jan/2015:10:09:11 -0500] "GET /BLA/resoluciones/AUTOS%202011/4131.pdf HTTP/1.1" 200 247539
66.249.67.67 - - [12/Jan/2015:10:09:40 -0500] "GET /BLA/resoluciones/RESOLUCIONES%202007/RES%202007%202401%20AL%202500/RESOLUCION%202486%20DE%202007.pdf HTTP/1.1" 200 935056
186.84.44.58 - - [12/Jan/2015:10:10:08 -0500] "POST /forms/lservlet;jsessionid=ac16012b30d5119b3910b34c44c69c548c7d89a14328.e3iSbxaKaheRe34SahiRb30Pchr0n6jAmljGr5XDqQLvpAe HTTP/1.1" 200 2
66.249.67.67 - - [12/Jan/2015:10:10:08 -0500] "GET /BLA/resoluciones/RESOLUCIONES%202010/0191.pdf HTTP/1.1" 200 541600
190.156.91.79 - - [12/Jan/2015:10:10:16 -0500] "POST /forms/lservlet;jsessionid=ac16012b30d5b9c7596d463549dcbb039173fc01d604.e3iSbxaKaheRe34SahiRb30Pchr0n6jAmljGr5XDqQLvpAe HTTP/1.1" 200 2
66.249.67.67 - - [12/Jan/2015:10:10:37 -0500] "GET /BLA/resoluciones/RESOLUCIONES%202009/9635.pdf HTTP/1.1" 200 710908
66.249.67.75 - - [12/Jan/2015:10:11:06 -0500] "GET /BLA/resoluciones/AUTOS%202008/2477.pdf HTTP/1.1" 200 172484
190.131.196.79 - - [12/Jan/2015:10:11:08 -0500] "GET /galeria/carrusel/Carrusel/jquery.thumbnailScroller.js HTTP/1.1" 200 8157
190.131.196.79 - - [12/Jan/2015:10:11:08 -0500] "GET /BLA/boletinlegal/js/jquery.scrollShow.js HTTP/1.1" 200 4586
190.131.196.79 - - [12/Jan/2015:10:11:08 -0500] "GET /galeria/carrusel/Carrusel/jquery.thumbnailScroller.css HTTP/1.1" 200 2066
190.131.196.79 - - [12/Jan/2015:10:11:08 -0500] "GET /BLA/boletinlegal/js/jquery.scrollTo-min.js HTTP/1.1" 200 1150
190.131.196.79 - - [12/Jan/2015:10:11:08 -0500] "GET /BLA/boletinlegal/js/jquery.js HTTP/1.1" 200 57254
190.131.196.79 - - [12/Jan/2015:10:11:08 -0500] "GET /galeria/carrusel/Carrusel/jquery-ui-1.8.13.custom.min.js HTTP/1.1" 200 10800
190.131.196.79 - - [12/Jan/2015:10:11:09 -0500] "GET /galeria/nivo-slider/demo/demo.html HTTP/1.1" 200 3150
190.131.196.79 - - [12/Jan/2015:10:11:09 -0500] "GET /galeria/nivo-slider/themes/default/default.css HTTP/1.1" 200 1569
190.131.196.79 - - [12/Jan/2015:10:11:09 -0500] "GET /galeria/nivo-slider/themes/pascal/pascal.css HTTP/1.1" 200 2258
190.131.196.79 - - [12/Jan/2015:10:11:09 -0500] "GET /galeria/nivo-slider/demo/style.css HTTP/1.1" 200 2222
190.131.196.79 - - [12/Jan/2015:10:11:09 -0500] "GET /galeria/nivo-slider/nivo-slider.css HTTP/1.1" 200 1507
190.131.196.79 - - [12/Jan/2015:10:11:09 -0500] "GET /galeria/nivo-slider/themes/orman/orman.css HTTP/1.1" 200 2152
190.131.196.79 - - [12/Jan/2015:10:11:09 -0500] "GET /galeria/nivo-slider/demo/images/bolsas-08.jpg HTTP/1.1" 200 85589
190.131.196.79 - - [12/Jan/2015:10:11:09 -0500] "GET /galeria/nivo-slider/demo/scripts/jquery-1.7.1.min.js HTTP/1.1" 200 93868
190.131.196.79 - - [12/Jan/2015:10:11:09 -0500] "GET /galeria/nivo-slider/jquery.nivo.slider.pack.js HTTP/1.1" 200 11561
190.131.196.79 - - [12/Jan/2015:10:11:09 -0500] "GET /galeria/nivo-slider/demo/images/Ruta-vertimientos-01.jpg HTTP/1.1" 200 130151
190.131.196.79 - - [12/Jan/2015:10:11:09 -0500] "GET /galeria/nivo-slider/demo/images/bolsas-06.jpg HTTP/1.1" 200 90982
190.131.196.79 - - [12/Jan/2015:10:11:09 -0500] "GET /galeria/nivo-slider/demo/images/ecolecta-Dic2014.png HTTP/1.1" 200 288593
190.131.196.79 - - [12/Jan/2015:10:11:09 -0500] "GET /galeria/nivo-slider/demo/images/4Simple_Slider.png HTTP/1.1" 200 11722
190.131.196.79 - - [12/Jan/2015:10:11:09 -0500] "GET /galeria/nivo-slider/themes/default/loading.gif HTTP/1.1" 200 1737
190.131.196.79 - - [12/Jan/2015:10:11:09 -0500] "GET /galeria/nivo-slider/demo/images/porloshumedales.jpg HTTP/1.1" 200 351238
190.131.196.79 - - [12/Jan/2015:10:11:09 -0500] "GET /galeria/nivo-slider/demo/images/Tingua-azul.jpg HTTP/1.1" 200 307638
190.131.196.79 - - [12/Jan/2015:10:11:09 -0500] "GET /galeria/nivo-slider/demo/images/Banner-Caracol-Africano.jpg HTTP/1.1" 200 331986
190.131.196.79 - - [12/Jan/2015:10:11:09 -0500] "GET /galeria/nivo-slider/demo/images/banner-redes.jpg HTTP/1.1" 200 62209
190.131.196.79 - - [12/Jan/2015:10:11:09 -0500] "GET /galeria/nivo-slider/demo/images/9Signos.jpg HTTP/1.1" 200 93040
190.131.196.79 - - [12/Jan/2015:10:11:10 -0500] "GET /galeria/nivo-slider/demo/images/banner-llantas2.jpg HTTP/1.1" 200 73153
190.131.196.79 - - [12/Jan/2015:10:11:10 -0500] "GET /galeria/nivo-slider/demo/images/banner-caballos.png HTTP/1.1" 200 389106
190.131.196.79 - - [12/Jan/2015:10:11:10 -0500] "GET /videos/Spot_CambioClimatico.flv HTTP/1.1" 200 4371917
190.131.196.79 - - [12/Jan/2015:10:11:11 -0500] "GET /galeria/nivo-slider/themes/default/arrows.png HTTP/1.1" 200 824
190.131.196.79 - - [12/Jan/2015:10:11:11 -0500] "GET /galeria/nivo-slider/themes/default/bullets.png HTTP/1.1" 200 1281
190.26.125.178 - - [12/Jan/2015:10:11:19 -0500] "GET /BLA/boletinlegal/js/jquery.js HTTP/1.1" 200 57254
190.26.125.178 - - [12/Jan/2015:10:11:19 -0500] "GET /BLA/boletinlegal/js/jquery.scrollTo-min.js HTTP/1.1" 200 1150
190.26.125.178 - - [12/Jan/2015:10:11:19 -0500] "GET /BLA/boletinlegal/js/jquery.scrollShow.js HTTP/1.1" 200 4586
190.26.125.178 - - [12/Jan/2015:10:11:19 -0500] "GET /galeria/carrusel/Carrusel/jquery.thumbnailScroller.css HTTP/1.1" 200 2066
190.26.125.178 - - [12/Jan/2015:10:11:19 -0500] "GET /galeria/carrusel/Carrusel/jquery-ui-1.8.13.custom.min.js HTTP/1.1" 200 10800
190.26.125.178 - - [12/Jan/2015:10:11:20 -0500] "GET /galeria/carrusel/Carrusel/jquery.thumbnailScroller.js HTTP/1.1" 200 8157
190.26.125.178 - - [12/Jan/2015:10:11:21 -0500] "GET /galeria/nivo-slider/demo/demo.html HTTP/1.1" 200 3150
190.26.125.178 - - [12/Jan/2015:10:11:22 -0500] "GET /galeria/nivo-slider/nivo-slider.css HTTP/1.1" 200 1507
190.26.125.178 - - [12/Jan/2015:10:11:22 -0500] "GET /galeria/nivo-slider/demo/style.css HTTP/1.1" 200 2222
190.26.125.178 - - [12/Jan/2015:10:11:22 -0500] "GET /galeria/nivo-slider/demo/scripts/jquery-1.7.1.min.js HTTP/1.1" 200 93868
190.26.125.178 - - [12/Jan/2015:10:11:22 -0500] "GET /galeria/nivo-slider/jquery.nivo.slider.pack.js HTTP/1.1" 200 11561
190.26.125.178 - - [12/Jan/2015:10:11:23 -0500] "GET /galeria/nivo-slider/demo/images/bolsas-08.jpg HTTP/1.1" 200 85589
190.26.125.178 - - [12/Jan/2015:10:11:23 -0500] "GET /galeria/nivo-slider/demo/images/Ruta-vertimientos-01.jpg HTTP/1.1" 200 130151
190.26.125.178 - - [12/Jan/2015:10:11:23 -0500] "GET /galeria/nivo-slider/demo/images/bolsas-06.jpg HTTP/1.1" 200 90982
190.26.125.178 - - [12/Jan/2015:10:11:23 -0500] "GET /galeria/nivo-slider/themes/default/default.css HTTP/1.1" 200 1569
190.26.125.178 - - [12/Jan/2015:10:11:24 -0500] "GET /galeria/nivo-slider/demo/images/ecolecta-Dic2014.png HTTP/1.1" 200 288593
190.26.125.178 - - [12/Jan/2015:10:11:24 -0500] "GET /galeria/nivo-slider/themes/orman/orman.css HTTP/1.1" 200 2152
190.26.125.178 - - [12/Jan/2015:10:11:24 -0500] "GET /galeria/nivo-slider/demo/images/porloshumedales.jpg HTTP/1.1" 200 351238
190.26.125.178 - - [12/Jan/2015:10:11:24 -0500] "GET /galeria/nivo-slider/themes/pascal/pascal.css HTTP/1.1" 200 2258
190.26.125.178 - - [12/Jan/2015:10:11:24 -0500] "GET /galeria/nivo-slider/demo/images/Tingua-azul.jpg HTTP/1.1" 200 307638
190.26.125.178 - - [12/Jan/2015:10:11:25 -0500] "GET /galeria/nivo-slider/demo/images/Banner-Caracol-Africano.jpg HTTP/1.1" 200 331986
190.26.125.178 - - [12/Jan/2015:10:11:25 -0500] "GET /galeria/nivo-slider/demo/images/4Simple_Slider.png HTTP/1.1" 200 11722
190.26.125.178 - - [12/Jan/2015:10:11:25 -0500] "GET /galeria/nivo-slider/themes/default/loading.gif HTTP/1.1" 200 1737
190.26.125.178 - - [12/Jan/2015:10:11:26 -0500] "GET /galeria/nivo-slider/demo/images/banner-redes.jpg HTTP/1.1" 200 62209
190.26.125.178 - - [12/Jan/2015:10:11:26 -0500] "GET /galeria/nivo-slider/demo/images/9Signos.jpg HTTP/1.1" 200 93040
190.26.125.178 - - [12/Jan/2015:10:11:27 -0500] "GET /galeria/nivo-slider/demo/images/banner-llantas2.jpg HTTP/1.1" 200 73153
190.26.125.178 - - [12/Jan/2015:10:11:28 -0500] "GET /galeria/nivo-slider/demo/images/banner-caballos.png HTTP/1.1" 200 389106
190.26.125.178 - - [12/Jan/2015:10:11:32 -0500] "GET /videos/Spot_CambioClimatico.flv HTTP/1.1" 200 4371917
190.26.125.178 - - [12/Jan/2015:10:11:34 -0500] "GET /galeria/nivo-slider/themes/default/arrows.png HTTP/1.1" 200 824
190.26.125.178 - - [12/Jan/2015:10:11:34 -0500] "GET /galeria/nivo-slider/themes/default/bullets.png HTTP/1.1" 200 1281
66.249.67.75 - - [12/Jan/2015:10:11:35 -0500] "GET /BLA/resoluciones/AUTOS%202010/0364.pdf HTTP/1.1" 200 279619
66.249.67.67 - - [12/Jan/2015:10:12:03 -0500] "GET /BLA/resoluciones/AUTOS%202013/0856.pdf HTTP/1.1" 200 1605036
186.84.44.58 - - [12/Jan/2015:10:12:08 -0500] "POST /forms/lservlet;jsessionid=ac16012b30d5119b3910b34c44c69c548c7d89a14328.e3iSbxaKaheRe34SahiRb30Pchr0n6jAmljGr5XDqQLvpAe HTTP/1.1" 200 2
190.156.91.79 - - [12/Jan/2015:10:12:16 -0500] "POST /forms/lservlet;jsessionid=ac16012b30d5b9c7596d463549dcbb039173fc01d604.e3iSbxaKaheRe34SahiRb30Pchr0n6jAmljGr5XDqQLvpAe HTTP/1.1" 200 2
200.87.40.1 - - [12/Jan/2015:10:12:31 -0500] "GET /BLA/boletinlegal/js/jquery.js HTTP/1.1" 200 57254
200.87.40.1 - - [12/Jan/2015:10:12:31 -0500] "GET /BLA/boletinlegal/js/jquery.scrollTo-min.js HTTP/1.1" 200 1150
200.87.40.1 - - [12/Jan/2015:10:12:31 -0500] "GET /BLA/boletinlegal/js/jquery.scrollShow.js HTTP/1.1" 200 4586
66.249.67.75 - - [12/Jan/2015:10:12:32 -0500] "GET /BLA/resoluciones/AUTOS%202008/3498.pdf HTTP/1.1" 200 132726
199.164.68.213 - - [12/Jan/2015:10:12:44 -0500] "GET /BLA/boletinlegal/js/jquery.js HTTP/1.1" 200 57254
199.164.68.213 - - [12/Jan/2015:10:12:44 -0500] "GET /BLA/boletinlegal/js/jquery.scrollShow.js HTTP/1.1" 200 4586
199.164.68.213 - - [12/Jan/2015:10:12:44 -0500] "GET /BLA/boletinlegal/js/jquery.scrollTo-min.js HTTP/1.1" 200 1150
66.249.67.83 - - [12/Jan/2015:10:13:01 -0500] "GET /BLA/resoluciones/AUTOS%202010/1717.pdf HTTP/1.1" 200 145473
186.168.122.126 - - [12/Jan/2015:10:13:02 -0500] "GET /BLA/boletinlegal/js/jquery.js HTTP/1.1" 200 57254
186.168.122.126 - - [12/Jan/2015:10:13:02 -0500] "GET /galeria/carrusel/Carrusel/jquery.thumbnailScroller.css HTTP/1.1" 200 2066
186.168.122.126 - - [12/Jan/2015:10:13:02 -0500] "GET /BLA/boletinlegal/js/jquery.scrollTo-min.js HTTP/1.1" 200 1150
186.168.122.126 - - [12/Jan/2015:10:13:02 -0500] "GET /BLA/boletinlegal/js/jquery.scrollShow.js HTTP/1.1" 200 4586
186.168.122.126 - - [12/Jan/2015:10:13:02 -0500] "GET /galeria/carrusel/Carrusel/jquery-ui-1.8.13.custom.min.js HTTP/1.1" 200 10800
186.168.122.126 - - [12/Jan/2015:10:13:02 -0500] "GET /galeria/carrusel/Carrusel/jquery.thumbnailScroller.js HTTP/1.1" 200 8157
186.168.122.126 - - [12/Jan/2015:10:13:04 -0500] "GET /galeria/nivo-slider/demo/demo.html HTTP/1.1" 200 3150
186.168.122.126 - - [12/Jan/2015:10:13:05 -0500] "GET /galeria/nivo-slider/themes/default/default.css HTTP/1.1" 200 1569
186.168.122.126 - - [12/Jan/2015:10:13:05 -0500] "GET /galeria/nivo-slider/themes/pascal/pascal.css HTTP/1.1" 200 2258
186.168.122.126 - - [12/Jan/2015:10:13:05 -0500] "GET /galeria/nivo-slider/themes/orman/orman.css HTTP/1.1" 200 2152
186.168.122.126 - - [12/Jan/2015:10:13:05 -0500] "GET /galeria/nivo-slider/nivo-slider.css HTTP/1.1" 200 1507
186.168.122.126 - - [12/Jan/2015:10:13:05 -0500] "GET /galeria/nivo-slider/demo/style.css HTTP/1.1" 200 2222
186.168.122.126 - - [12/Jan/2015:10:13:05 -0500] "GET /galeria/nivo-slider/demo/images/bolsas-08.jpg HTTP/1.1" 200 85589
186.168.122.126 - - [12/Jan/2015:10:13:05 -0500] "GET /galeria/nivo-slider/demo/scripts/jquery-1.7.1.min.js HTTP/1.1" 200 93868
186.168.122.126 - - [12/Jan/2015:10:13:05 -0500] "GET /galeria/nivo-slider/jquery.nivo.slider.pack.js HTTP/1.1" 200 11561
186.168.122.126 - - [12/Jan/2015:10:13:05 -0500] "GET /galeria/nivo-slider/demo/images/Ruta-vertimientos-01.jpg HTTP/1.1" 200 130151
186.168.122.126 - - [12/Jan/2015:10:13:05 -0500] "GET /galeria/nivo-slider/demo/images/bolsas-06.jpg HTTP/1.1" 200 90982
186.168.122.126 - - [12/Jan/2015:10:13:05 -0500] "GET /galeria/nivo-slider/demo/images/ecolecta-Dic2014.png HTTP/1.1" 200 288593
186.168.122.126 - - [12/Jan/2015:10:13:05 -0500] "GET /galeria/nivo-slider/demo/images/porloshumedales.jpg HTTP/1.1" 200 351238
186.168.122.126 - - [12/Jan/2015:10:13:06 -0500] "GET /galeria/nivo-slider/demo/images/Tingua-azul.jpg HTTP/1.1" 200 307638
186.168.122.126 - - [12/Jan/2015:10:13:06 -0500] "GET /galeria/nivo-slider/demo/images/Banner-Caracol-Africano.jpg HTTP/1.1" 200 331986
186.168.122.126 - - [12/Jan/2015:10:13:06 -0500] "GET /galeria/nivo-slider/demo/images/banner-redes.jpg HTTP/1.1" 200 62209
186.168.122.126 - - [12/Jan/2015:10:13:06 -0500] "GET /galeria/nivo-slider/demo/images/9Signos.jpg HTTP/1.1" 200 93040
186.168.122.126 - - [12/Jan/2015:10:13:06 -0500] "GET /galeria/nivo-slider/demo/images/banner-llantas2.jpg HTTP/1.1" 200 73153
186.168.122.126 - - [12/Jan/2015:10:13:06 -0500] "GET /galeria/nivo-slider/demo/images/banner-caballos.png HTTP/1.1" 200 389106
186.168.122.126 - - [12/Jan/2015:10:13:07 -0500] "GET /galeria/nivo-slider/demo/images/4Simple_Slider.png HTTP/1.1" 200 11722
186.168.122.126 - - [12/Jan/2015:10:13:07 -0500] "GET /galeria/nivo-slider/themes/default/loading.gif HTTP/1.1" 200 1737
186.168.122.126 - - [12/Jan/2015:10:13:09 -0500] "GET /galeria/nivo-slider/themes/default/arrows.png HTTP/1.1" 200 824
186.168.122.126 - - [12/Jan/2015:10:13:09 -0500] "GET /galeria/nivo-slider/themes/default/bullets.png HTTP/1.1" 200 1281
180.76.6.153 - - [12/Jan/2015:10:13:09 -0500] "GET /BLA/resoluciones/RESOLUCIONES%202011/3270.pdf HTTP/1.1" 200 607667
66.249.67.67 - - [12/Jan/2015:10:13:30 -0500] "GET /BLA/resoluciones/AUTOS%202007/1367.pdf HTTP/1.1" 200 31146
186.29.203.131 - - [12/Jan/2015:10:13:39 -0500] "GET /forest/skins/gdocs-jar/css/forest.css?version=1412.231748 HTTP/1.1" 304 -
186.29.203.131 - - [12/Jan/2015:10:13:39 -0500] "GET /forest/skins/gdocs-jar/css/menu.css?version=1412.231748 HTTP/1.1" 304 -
186.29.203.131 - - [12/Jan/2015:10:13:39 -0500] "GET /forest/skins/gdocs-jar/css/autocomplete.css?version=1412.231748 HTTP/1.1" 304 -
186.29.203.131 - - [12/Jan/2015:10:13:39 -0500] "GET /forest/css/index.css?version=1412.231748 HTTP/1.1" 304 -
186.29.203.131 - - [12/Jan/2015:10:13:39 -0500] "GET /forest/css/escritorio.css?version=1412.231748 HTTP/1.1" 304 -
186.29.203.131 - - [12/Jan/2015:10:13:39 -0500] "GET /forest/1ibre/jscalendar/calendar-win2k-1.css?version=1412.231748 HTTP/1.1" 304 -
186.29.203.131 - - [12/Jan/2015:10:13:40 -0500] "GET /forest/skins/gdocs-jar/css/dialog.css?version=1412.231748 HTTP/1.1" 304 -
186.29.203.131 - - [12/Jan/2015:10:13:40 -0500] "GET /forest/skins/gdocs-jar/css/forms.css?version=1412.231748 HTTP/1.1" 304 -
186.29.203.131 - - [12/Jan/2015:10:13:40 -0500] "GET /forest/jsoptimized/gz/js/gdocsall-1412.231748.js HTTP/1.1" 304 -
186.29.203.131 - - [12/Jan/2015:10:13:40 -0500] "GET /forest/js/json3.js HTTP/1.1" 304 -
186.29.203.131 - - [12/Jan/2015:10:13:40 -0500] "GET /forest/img/loading.gif HTTP/1.1" 304 -
186.29.203.131 - - [12/Jan/2015:10:13:41 -0500] "GET /forest/img/spacer.gif HTTP/1.1" 304 -
186.29.203.131 - - [12/Jan/2015:10:13:41 -0500] "GET /forest/img/base/bsc2_r1_c1.gif HTTP/1.1" 304 -
186.29.203.131 - - [12/Jan/2015:10:13:41 -0500] "GET /forest/img/base/bsc2_r1_c3.gif HTTP/1.1" 304 -
186.29.203.131 - - [12/Jan/2015:10:13:41 -0500] "GET /forest/img/base/bsc2_r1_c2.gif HTTP/1.1" 304 -
186.29.203.131 - - [12/Jan/2015:10:13:41 -0500] "GET /forest/img/panel/view_icon.gif HTTP/1.1" 304 -
186.29.203.131 - - [12/Jan/2015:10:13:39 -0500] "GET /forest/ HTTP/1.1" 200 12758
186.29.203.131 - - [12/Jan/2015:10:13:41 -0500] "GET /forest/img/inicio/2.gif HTTP/1.1" 304 -
186.29.203.131 - - [12/Jan/2015:10:13:41 -0500] "GET /forest/img/inicio/1.gif HTTP/1.1" 304 -
186.29.203.131 - - [12/Jan/2015:10:13:41 -0500] "GET /forest/img/inicio/4.gif HTTP/1.1" 304 -
186.29.203.131 - - [12/Jan/2015:10:13:41 -0500] "GET /forest/img/inicio/3.gif HTTP/1.1" 304 -
186.29.203.131 - - [12/Jan/2015:10:13:42 -0500] "GET /forest/img/inicio/5.gif HTTP/1.1" 304 -
186.29.203.131 - - [12/Jan/2015:10:13:42 -0500] "GET /forest/img/inicio/6.gif HTTP/1.1" 304 -
186.29.203.131 - - [12/Jan/2015:10:13:42 -0500] "GET /forest/img/mplogo.gif HTTP/1.1" 304 -
186.29.203.131 - - [12/Jan/2015:10:13:42 -0500] "GET /forest/img/inicio/7.gif HTTP/1.1" 304 -
186.29.203.131 - - [12/Jan/2015:10:13:42 -0500] "GET /forest/img/close.gif HTTP/1.1" 304 -
186.29.203.131 - - [12/Jan/2015:10:13:42 -0500] "GET /forest/skins/gdocs-jar/img/okey.gif HTTP/1.1" 304 -
186.29.203.131 - - [12/Jan/2015:10:13:42 -0500] "GET /forest/1ibre/1ibre.css HTTP/1.1" 304 -
186.29.203.131 - - [12/Jan/2015:10:13:51 -0500] "POST /forest/login.do HTTP/1.1" 302 -
74.86.158.107 - - [12/Jan/2015:10:13:51 -0500] "HEAD / HTTP/1.1" 302 -
186.29.203.131 - - [12/Jan/2015:10:13:52 -0500] "GET /forest/img/inicio.jpg HTTP/1.1" 304 -
186.29.203.131 - - [12/Jan/2015:10:13:52 -0500] "GET /forest/img/users/3.gif HTTP/1.1" 304 -
186.29.203.131 - - [12/Jan/2015:10:13:52 -0500] "GET /forest/skins/gdocs-jar/css/tree.css HTTP/1.1" 304 -
186.29.203.131 - - [12/Jan/2015:10:13:52 -0500] "GET /forest/img/users/5.gif HTTP/1.1" 304 -
186.29.203.131 - - [12/Jan/2015:10:13:52 -0500] "GET /forest/skins/gdocs-jar/css/autocomplete.css HTTP/1.1" 304 -
186.29.203.131 - - [12/Jan/2015:10:13:51 -0500] "GET /forest/index2.jsp?a=0.8892245796831953 HTTP/1.1" 200 47036
186.29.203.131 - - [12/Jan/2015:10:13:52 -0500] "GET /forest/skins/gdocs-jar/js/xml_utilities.js?version=1412.231748 HTTP/1.1" 304 -
186.29.203.131 - - [12/Jan/2015:10:13:52 -0500] "GET /forest/skins/gdocs-jar/js/autocompletar2.js?version=1412.231748 HTTP/1.1" 304 -
186.29.203.131 - - [12/Jan/2015:10:13:52 -0500] "GET /forest/img/users/7.gif HTTP/1.1" 304 -
186.29.203.131 - - [12/Jan/2015:10:13:52 -0500] "GET /forest/skins/gdocs-jar/js/misprocesos.js?version=1412.231748 HTTP/1.1" 304 -
186.29.203.131 - - [12/Jan/2015:10:13:52 -0500] "GET /forest/js/inicio.js?version=1412.231748 HTTP/1.1" 304 -
186.29.203.131 - - [12/Jan/2015:10:13:52 -0500] "GET /forest/img/fondo-barra.gif HTTP/1.1" 304 -
186.29.203.131 - - [12/Jan/2015:10:13:52 -0500] "GET /forest/img/download_large.gif HTTP/1.1" 304 -
186.29.203.131 - - [12/Jan/2015:10:13:52 -0500] "GET /forest/img/buscar.jpg HTTP/1.1" 304 -
186.29.203.131 - - [12/Jan/2015:10:13:52 -0500] "GET /forest/img/salir3.gif HTTP/1.1" 304 -
186.29.203.131 - - [12/Jan/2015:10:13:52 -0500] "GET /forest/img/ayuda.gif HTTP/1.1" 304 -
186.29.203.131 - - [12/Jan/2015:10:13:52 -0500] "GET /forest/img/notify.gif HTTP/1.1" 304 -
186.29.203.131 - - [12/Jan/2015:10:13:52 -0500] "GET /forest/img/pantalla.gif HTTP/1.1" 304 -
186.29.203.131 - - [12/Jan/2015:10:13:52 -0500] "GET /forest/img/instanciar.gif HTTP/1.1" 304 -
186.29.203.131 - - [12/Jan/2015:10:13:52 -0500] "GET /forest/img/misdocumentos.gif HTTP/1.1" 304 -
186.29.203.131 - - [12/Jan/2015:10:13:52 -0500] "GET /forest/img/buscar_documentos.gif HTTP/1.1" 304 -
186.29.203.131 - - [12/Jan/2015:10:13:52 -0500] "GET /forest/img/buscar_procesos.gif HTTP/1.1" 304 -
186.29.203.131 - - [12/Jan/2015:10:13:52 -0500] "GET /forest/img/panel/menu/add.png HTTP/1.1" 304 -
186.29.203.131 - - [12/Jan/2015:10:13:52 -0500] "GET /forest/img/panel/menu/hoy.png HTTP/1.1" 304 -
186.29.203.131 - - [12/Jan/2015:10:13:52 -0500] "GET /forest/img/panel/menu/folder.png HTTP/1.1" 304 -
186.29.203.131 - - [12/Jan/2015:10:13:52 -0500] "GET /forest/img/panel/menu/danger2.png HTTP/1.1" 304 -
186.29.203.131 - - [12/Jan/2015:10:13:52 -0500] "GET /forest/skins/gdocs-jar/img/cancel.gif HTTP/1.1" 304 -
186.29.203.131 - - [12/Jan/2015:10:13:52 -0500] "GET /forest/session.jsp?a=0.4907651129178703 HTTP/1.1" 200 4
66.249.67.83 - - [12/Jan/2015:10:13:58 -0500] "GET /BLA/resoluciones/AUTOS%202008/1856.pdf HTTP/1.1" 200 244703
186.84.44.58 - - [12/Jan/2015:10:14:08 -0500] "POST /forms/lservlet;jsessionid=ac16012b30d5119b3910b34c44c69c548c7d89a14328.e3iSbxaKaheRe34SahiRb30Pchr0n6jAmljGr5XDqQLvpAe HTTP/1.1" 200 2
190.156.91.79 - - [12/Jan/2015:10:14:17 -0500] "POST /forms/lservlet;jsessionid=ac16012b30d5b9c7596d463549dcbb039173fc01d604.e3iSbxaKaheRe34SahiRb30Pchr0n6jAmljGr5XDqQLvpAe HTTP/1.1" 200 2
146.133.155.241 - - [12/Jan/2015:10:14:22 -0500] "GET /BLA/boletinlegal/js/jquery.js HTTP/1.1" 200 57254
146.133.155.241 - - [12/Jan/2015:10:14:22 -0500] "GET /BLA/boletinlegal/js/jquery.scrollTo-min.js HTTP/1.1" 200 1150
146.133.155.241 - - [12/Jan/2015:10:14:22 -0500] "GET /BLA/boletinlegal/js/jquery.scrollShow.js HTTP/1.1" 200 4586
66.249.67.75 - - [12/Jan/2015:10:14:27 -0500] "GET /BLA/resoluciones/RESOLUCIONES%202010/7562.pdf HTTP/1.1" 200 66305
207.46.13.113 - - [12/Jan/2015:10:14:41 -0500] "GET /bla/resoluciones/autos%202010/1016.pdf HTTP/1.1" 200 124166
66.249.67.83 - - [12/Jan/2015:10:14:56 -0500] "GET /BLA/resoluciones/AUTOS%202009/1091.pdf HTTP/1.1" 200 96735
123.125.71.47 - - [12/Jan/2015:10:15:10 -0500] "GET / HTTP/1.1" 302 -
66.249.67.75 - - [12/Jan/2015:10:15:25 -0500] "GET /BLA/resoluciones/AUTOS%202010/0169.pdf HTTP/1.1" 200 360354
186.115.26.206 - - [12/Jan/2015:10:15:36 -0500] "GET /galeria/nivo-slider/demo/demo.html HTTP/1.1" 304 -
186.115.26.206 - - [12/Jan/2015:10:15:37 -0500] "GET /galeria/nivo-slider/demo/images/bolsas-08.jpg HTTP/1.1" 304 -
186.115.26.206 - - [12/Jan/2015:10:15:37 -0500] "GET /galeria/nivo-slider/demo/images/Ruta-vertimientos-01.jpg HTTP/1.1" 304 -
186.115.26.206 - - [12/Jan/2015:10:15:37 -0500] "GET /galeria/nivo-slider/demo/images/bolsas-06.jpg HTTP/1.1" 304 -
186.115.26.206 - - [12/Jan/2015:10:15:38 -0500] "GET /galeria/nivo-slider/demo/images/porloshumedales.jpg HTTP/1.1" 206 1
186.115.26.206 - - [12/Jan/2015:10:15:38 -0500] "GET /galeria/nivo-slider/demo/images/ecolecta-Dic2014.png HTTP/1.1" 206 1
186.115.26.206 - - [12/Jan/2015:10:15:38 -0500] "GET /galeria/nivo-slider/demo/images/Tingua-azul.jpg HTTP/1.1" 206 1
186.115.26.206 - - [12/Jan/2015:10:15:38 -0500] "GET /galeria/nivo-slider/demo/images/Banner-Caracol-Africano.jpg HTTP/1.1" 206 1
186.115.26.206 - - [12/Jan/2015:10:15:38 -0500] "GET /galeria/nivo-slider/demo/images/Tingua-azul.jpg HTTP/1.1" 206 193832
186.115.26.206 - - [12/Jan/2015:10:15:38 -0500] "GET /galeria/nivo-slider/demo/images/ecolecta-Dic2014.png HTTP/1.1" 206 143414
186.115.26.206 - - [12/Jan/2015:10:15:38 -0500] "GET /galeria/nivo-slider/demo/images/Banner-Caracol-Africano.jpg HTTP/1.1" 206 221032
186.115.26.206 - - [12/Jan/2015:10:15:38 -0500] "GET /galeria/nivo-slider/demo/images/porloshumedales.jpg HTTP/1.1" 206 137612
186.42.92.118 - - [12/Jan/2015:10:15:39 -0500] "GET /BLA/boletinlegal/js/jquery.js HTTP/1.1" 200 57254
186.42.92.118 - - [12/Jan/2015:10:15:39 -0500] "GET /BLA/boletinlegal/js/jquery.scrollTo-min.js HTTP/1.1" 200 1150
186.42.92.118 - - [12/Jan/2015:10:15:39 -0500] "GET /BLA/boletinlegal/js/jquery.scrollShow.js HTTP/1.1" 200 4586
186.115.26.206 - - [12/Jan/2015:10:15:40 -0500] "GET /galeria/nivo-slider/demo/images/9Signos.jpg HTTP/1.1" 206 1
186.115.26.206 - - [12/Jan/2015:10:15:40 -0500] "GET /galeria/nivo-slider/demo/images/9Signos.jpg HTTP/1.1" 206 60515
186.115.26.206 - - [12/Jan/2015:10:15:41 -0500] "GET /galeria/nivo-slider/demo/images/banner-llantas2.jpg HTTP/1.1" 206 1
186.115.26.206 - - [12/Jan/2015:10:15:42 -0500] "GET /galeria/nivo-slider/demo/images/banner-llantas2.jpg HTTP/1.1" 206 70575
186.115.26.206 - - [12/Jan/2015:10:15:43 -0500] "GET /galeria/nivo-slider/demo/images/banner-caballos.png HTTP/1.1" 200 389106
186.115.26.206 - - [12/Jan/2015:10:15:49 -0500] "GET /videos/Spot_CambioClimatico.flv HTTP/1.1" 200 4371917
66.249.67.75 - - [12/Jan/2015:10:15:53 -0500] "GET /BLA/resoluciones/RESOLUCIONES%202010/0950.pdf HTTP/1.1" 200 120030
207.46.13.113 - - [12/Jan/2015:10:15:57 -0500] "GET /bla/resoluciones/autos%202010/1369.pdf HTTP/1.1" 200 244112
186.84.44.58 - - [12/Jan/2015:10:16:08 -0500] "POST /forms/lservlet;jsessionid=ac16012b30d5119b3910b34c44c69c548c7d89a14328.e3iSbxaKaheRe34SahiRb30Pchr0n6jAmljGr5XDqQLvpAe HTTP/1.1" 200 2
190.156.91.79 - - [12/Jan/2015:10:16:17 -0500] "POST /forms/lservlet;jsessionid=ac16012b30d5b9c7596d463549dcbb039173fc01d604.e3iSbxaKaheRe34SahiRb30Pchr0n6jAmljGr5XDqQLvpAe HTTP/1.1" 200 2
190.158.99.178 - - [12/Jan/2015:10:16:22 -0500] "GET /BLA/boletinlegal/js/jquery.js HTTP/1.1" 200 57254
190.158.99.178 - - [12/Jan/2015:10:16:22 -0500] "GET /BLA/boletinlegal/js/jquery.scrollTo-min.js HTTP/1.1" 200 1150
190.158.99.178 - - [12/Jan/2015:10:16:22 -0500] "GET /BLA/boletinlegal/js/jquery.scrollShow.js HTTP/1.1" 200 4586
66.249.67.75 - - [12/Jan/2015:10:16:22 -0500] "GET /BLA/resoluciones/RESOLUCIONES%202010/1961.pdf HTTP/1.1" 200 491699
220.181.108.121 - - [12/Jan/2015:10:16:41 -0500] "GET / HTTP/1.1" 302 -
66.249.67.83 - - [12/Jan/2015:10:16:51 -0500] "GET /BLA/resoluciones/RESOLUCIONES%202007/RES%202007%201501%20AL%201600/RESOLUCION%201526%20DE%202007.pdf HTTP/1.1" 200 620028
207.46.13.113 - - [12/Jan/2015:10:17:02 -0500] "GET /bla/resoluciones/resoluciones%202009/9743.pdf HTTP/1.1" 200 322316
180.76.6.139 - - [12/Jan/2015:10:17:09 -0500] "GET /BLA/resoluciones/RESOLUCIONES%202008/2977.pdf HTTP/1.1" 200 255721
66.249.67.67 - - [12/Jan/2015:10:17:20 -0500] "GET /BLA/resoluciones/RESOLUCIONES%202011/0465.pdf HTTP/1.1" 200 75075
66.249.67.111 - - [12/Jan/2015:10:17:25 -0500] "GET /PORTAL_SIAC/swf/Residuos/farmaceutica/images/page2.swf HTTP/1.1" 200 30710
85.158.139.101 - - [12/Jan/2015:10:17:34 -0500] "GET /BLA/resoluciones/AUTOS%202010/5373.pdf HTTP/1.0" 206 32768
157.55.39.23 - - [12/Jan/2015:10:17:46 -0500] "GET /robots.txt HTTP/1.1" 404 1018
66.249.67.119 - - [12/Jan/2015:10:17:48 -0500] "GET /ecodirectorio/files/res/pages/page_0091.swf HTTP/1.1" 200 98537
186.84.44.58 - - [12/Jan/2015:10:18:08 -0500] "POST /forms/lservlet;jsessionid=ac16012b30d5119b3910b34c44c69c548c7d89a14328.e3iSbxaKaheRe34SahiRb30Pchr0n6jAmljGr5XDqQLvpAe HTTP/1.1" 200 2
157.55.39.23 - - [12/Jan/2015:10:18:09 -0500] "GET /bla/resoluciones/autos%202010/1132.pdf HTTP/1.1" 200 177375
190.156.91.79 - - [12/Jan/2015:10:18:17 -0500] "POST /forms/lservlet;jsessionid=ac16012b30d5b9c7596d463549dcbb039173fc01d604.e3iSbxaKaheRe34SahiRb30Pchr0n6jAmljGr5XDqQLvpAe HTTP/1.1" 200 2
66.249.67.75 - - [12/Jan/2015:10:18:17 -0500] "GET /BLA/resoluciones/RESOLUCIONES%202012/1539.pdf HTTP/1.1" 200 320635
180.76.5.63 - - [12/Jan/2015:10:18:27 -0500] "GET /BLA/resoluciones/RESOLUCIONES%202007/RES%202007%203301%20AL%203400/RESOLUCION%203328%20DE%202007.pdf HTTP/1.1" 200 972921
179.12.186.23 - - [12/Jan/2015:10:18:33 -0500] "GET /BLA/boletinlegal/js/jquery.js HTTP/1.1" 200 57254
179.12.186.23 - - [12/Jan/2015:10:18:33 -0500] "GET /BLA/boletinlegal/js/jquery.scrollTo-min.js HTTP/1.1" 200 1150
179.12.186.23 - - [12/Jan/2015:10:18:33 -0500] "GET /BLA/boletinlegal/js/jquery.scrollShow.js HTTP/1.1" 200 4586
66.249.67.75 - - [12/Jan/2015:10:18:46 -0500] "GET /BLA/resoluciones/RESOLUCIONES%202007/RES%202007%202301%20AL%202400/RESOLUCION%202317%20DE%202007.pdf HTTP/1.1" 200 503906
74.86.158.107 - - [12/Jan/2015:10:18:51 -0500] "HEAD / HTTP/1.1" 302 -
207.46.13.113 - - [12/Jan/2015:10:18:52 -0500] "GET /bla/resoluciones/autos%202010/0566.pdf HTTP/1.1" 200 202932
186.29.203.131 - - [12/Jan/2015:10:18:54 -0500] "GET /forest/session.jsp?a=0.6988309794105589 HTTP/1.1" 200 4
66.249.67.75 - - [12/Jan/2015:10:19:15 -0500] "GET /BLA/resoluciones/AUTOS%202011/0897.pdf HTTP/1.1" 200 102256
66.249.67.83 - - [12/Jan/2015:10:19:44 -0500] "GET /BLA/resoluciones/RESOLUCIONES%202007/RES%202007%203101%20AL%203200/RESOLUCION%203116%20DE%202007.pdf HTTP/1.1" 200 393158
118.249.74.241 - - [12/Jan/2015:10:19:54 -0500] "GET / HTTP/1.1" 302 -
186.84.44.58 - - [12/Jan/2015:10:20:08 -0500] "POST /forms/lservlet;jsessionid=ac16012b30d5119b3910b34c44c69c548c7d89a14328.e3iSbxaKaheRe34SahiRb30Pchr0n6jAmljGr5XDqQLvpAe HTTP/1.1" 200 2
66.249.67.75 - - [12/Jan/2015:10:20:12 -0500] "GET /BLA/resoluciones/AUTOS%202007/0735.pdf HTTP/1.1" 200 23125
190.156.91.79 - - [12/Jan/2015:10:20:17 -0500] "POST /forms/lservlet;jsessionid=ac16012b30d5b9c7596d463549dcbb039173fc01d604.e3iSbxaKaheRe34SahiRb30Pchr0n6jAmljGr5XDqQLvpAe HTTP/1.1" 200 2
207.46.13.113 - - [12/Jan/2015:10:20:18 -0500] "GET /bla/resoluciones/resoluciones%202009/8563.pdf HTTP/1.1" 200 567827
181.135.53.193 - - [12/Jan/2015:10:20:23 -0500] "GET /BLA/resoluciones/AUTOS%202011/3225.pdf HTTP/1.1" 200 510279
181.135.53.193 - - [12/Jan/2015:10:20:23 -0500] "GET /BLA/resoluciones/AUTOS%202011/3225.pdf HTTP/1.1" 206 32768
181.135.53.193 - - [12/Jan/2015:10:20:23 -0500] "GET /BLA/resoluciones/AUTOS%202011/3225.pdf HTTP/1.1" 206 477511
181.135.53.193 - - [12/Jan/2015:10:20:24 -0500] "GET /favicon.ico HTTP/1.1" 200 7782
66.249.67.67 - - [12/Jan/2015:10:20:41 -0500] "GET /BLA/resoluciones/AUTOS%202008/1670.pdf HTTP/1.1" 200 85897
118.249.74.241 - - [12/Jan/2015:10:20:58 -0500] "GET /html/portlet/asset_publisher/css/main.jsp?browserid=ie&themeid=sda_war_sdatheme&colorschemeid=01&languageid=es_es&t=1400274546000 HTTP/1.1" 404 1018
118.249.74.241 - - [12/Jan/2015:10:20:58 -0500] "GET /html/portal/css.jsp?browserid=ie&themeid=sda_war_sdatheme&colorschemeid=01&languageid=es_es&t=1297976766000 HTTP/1.1" 404 1018
118.249.74.241 - - [12/Jan/2015:10:21:01 -0500] "GET /html/portlet/iframe/css/main.jsp?browserid=ie&themeid=sda_war_sdatheme&colorschemeid=01&languageid=es_es&t=1400274546000 HTTP/1.1" 404 1018
118.249.74.241 - - [12/Jan/2015:10:21:02 -0500] "GET /html/portlet/journal_content/css/main.jsp?browserid=ie&themeid=sda_war_sdatheme&colorschemeid=01&languageid=es_es&t=1400274546000 HTTP/1.1" 404 1018
66.249.67.67 - - [12/Jan/2015:10:21:10 -0500] "GET /BLA/resoluciones/RESOLUCIONES%202013/0490.pdf HTTP/1.1" 200 536062
66.249.67.67 - - [12/Jan/2015:10:21:39 -0500] "GET /BLA/resoluciones/RESOLUCIONES%202010/4399.pdf HTTP/1.1" 304 -
181.61.118.33 - - [12/Jan/2015:10:22:00 -0500] "GET /BLA/boletinlegal/js/jquery.js HTTP/1.1" 200 57254
181.61.118.33 - - [12/Jan/2015:10:22:00 -0500] "GET /BLA/boletinlegal/js/jquery.scrollTo-min.js HTTP/1.1" 200 1150
181.61.118.33 - - [12/Jan/2015:10:22:00 -0500] "GET /BLA/boletinlegal/js/jquery.scrollShow.js HTTP/1.1" 200 4586
66.249.67.83 - - [12/Jan/2015:10:22:07 -0500] "GET /BLA/resoluciones/RESOLUCIONES%202007/RES%202007%202201%20AL%202300/RESOLUCION%202282%20DE%202007.pdf HTTP/1.1" 200 490944
186.84.44.58 - - [12/Jan/2015:10:22:08 -0500] "POST /forms/lservlet;jsessionid=ac16012b30d5119b3910b34c44c69c548c7d89a14328.e3iSbxaKaheRe34SahiRb30Pchr0n6jAmljGr5XDqQLvpAe HTTP/1.1" 200 2
190.156.91.79 - - [12/Jan/2015:10:22:17 -0500] "POST /forms/lservlet;jsessionid=ac16012b30d5b9c7596d463549dcbb039173fc01d604.e3iSbxaKaheRe34SahiRb30Pchr0n6jAmljGr5XDqQLvpAe HTTP/1.1" 200 2
66.249.67.67 - - [12/Jan/2015:10:22:36 -0500] "GET /BLA/resoluciones/RESOLUCIONES%202011/1225.pdf HTTP/1.1" 200 532038
180.76.6.152 - - [12/Jan/2015:10:22:39 -0500] "GET /BLA/resoluciones/RESOLUCIONES%202008/2986.pdf HTTP/1.1" 200 314366
207.46.13.113 - - [12/Jan/2015:10:23:04 -0500] "GET /BLA/resoluciones/AUTOS%202012/2912.pdf HTTP/1.1" 200 241181
66.249.67.75 - - [12/Jan/2015:10:23:05 -0500] "GET /BLA/resoluciones/RESOLUCIONES%202007/RES%202007%204201%20AL%204300/RESOLUCION%204212%20DE%202007.pdf HTTP/1.1" 304 -
180.76.5.146 - - [12/Jan/2015:10:23:15 -0500] "GET /BLA/resoluciones/RESOLUCIONES%202011/0268.pdf HTTP/1.1" 200 72161
66.249.67.67 - - [12/Jan/2015:10:23:34 -0500] "GET /BLA/resoluciones/RESOLUCIONES%202011/5392.pdf HTTP/1.1" 304 -
66.249.67.83 - - [12/Jan/2015:10:23:36 -0500] "GET /BLA/resoluciones/RESOLUCIONES%202004/RES%202004%20201-250/00000217.tif HTTP/1.1" 200 181112
207.46.13.113 - - [12/Jan/2015:10:23:38 -0500] "GET /BLA/resoluciones/RESOLUCIONES%202007/RES%202007%201001%20AL%201100/RESOLUCION%201001%20DE%202007.pdf HTTP/1.1" 200 325632
74.86.158.107 - - [12/Jan/2015:10:23:51 -0500] "HEAD / HTTP/1.1" 302 -
66.249.67.75 - - [12/Jan/2015:10:24:02 -0500] "GET /BLA/resoluciones/RESOLUCIONES%202009/8495.pdf HTTP/1.1" 304 -
186.84.44.58 - - [12/Jan/2015:10:24:08 -0500] "POST /forms/lservlet;jsessionid=ac16012b30d5119b3910b34c44c69c548c7d89a14328.e3iSbxaKaheRe34SahiRb30Pchr0n6jAmljGr5XDqQLvpAe HTTP/1.1" 200 2
190.156.91.79 - - [12/Jan/2015:10:24:17 -0500] "POST /forms/lservlet;jsessionid=ac16012b30d5b9c7596d463549dcbb039173fc01d604.e3iSbxaKaheRe34SahiRb30Pchr0n6jAmljGr5XDqQLvpAe HTTP/1.1" 200 2
66.249.67.75 - - [12/Jan/2015:10:24:31 -0500] "GET /BLA/resoluciones/AUTOS%202011/6629.pdf HTTP/1.1" 304 -
179.33.155.112 - - [12/Jan/2015:10:24:40 -0500] "GET /BLA/resoluciones/RESOLUCIONES%202014/0964.pdf HTTP/1.1" 200 506134
179.33.155.112 - - [12/Jan/2015:10:24:42 -0500] "GET /BLA/resoluciones/RESOLUCIONES%202014/0964.pdf HTTP/1.1" 206 32768
179.33.155.112 - - [12/Jan/2015:10:24:42 -0500] "GET /BLA/resoluciones/RESOLUCIONES%202014/0964.pdf HTTP/1.1" 206 473366
179.33.155.112 - - [12/Jan/2015:10:24:44 -0500] "GET /favicon.ico HTTP/1.1" 200 7782
66.249.67.75 - - [12/Jan/2015:10:25:00 -0500] "GET /BLA/resoluciones/RESOLUCIONES%202011/4815.pdf HTTP/1.1" 304 -
186.80.23.110 - - [12/Jan/2015:10:25:11 -0500] "GET /galeria/carrusel/Carrusel/jquery.thumbnailScroller.css HTTP/1.1" 200 2066
186.80.23.110 - - [12/Jan/2015:10:25:11 -0500] "GET /BLA/boletinlegal/js/jquery.scrollShow.js HTTP/1.1" 200 4586
186.80.23.110 - - [12/Jan/2015:10:25:11 -0500] "GET /BLA/boletinlegal/js/jquery.scrollTo-min.js HTTP/1.1" 200 1150
186.80.23.110 - - [12/Jan/2015:10:25:11 -0500] "GET /BLA/boletinlegal/js/jquery.js HTTP/1.1" 200 57254
186.80.23.110 - - [12/Jan/2015:10:25:11 -0500] "GET /galeria/carrusel/Carrusel/jquery-ui-1.8.13.custom.min.js HTTP/1.1" 200 10800
186.80.23.110 - - [12/Jan/2015:10:25:11 -0500] "GET /galeria/carrusel/Carrusel/jquery.thumbnailScroller.js HTTP/1.1" 200 8157
186.80.23.110 - - [12/Jan/2015:10:25:12 -0500] "GET /galeria/nivo-slider/demo/demo.html HTTP/1.1" 200 3150
186.80.23.110 - - [12/Jan/2015:10:25:12 -0500] "GET /galeria/nivo-slider/themes/default/default.css HTTP/1.1" 200 1569
186.80.23.110 - - [12/Jan/2015:10:25:12 -0500] "GET /galeria/nivo-slider/themes/pascal/pascal.css HTTP/1.1" 200 2258
186.80.23.110 - - [12/Jan/2015:10:25:12 -0500] "GET /galeria/nivo-slider/themes/orman/orman.css HTTP/1.1" 200 2152
186.80.23.110 - - [12/Jan/2015:10:25:12 -0500] "GET /galeria/nivo-slider/nivo-slider.css HTTP/1.1" 200 1507
186.80.23.110 - - [12/Jan/2015:10:25:12 -0500] "GET /galeria/nivo-slider/demo/style.css HTTP/1.1" 200 2222
186.80.23.110 - - [12/Jan/2015:10:25:12 -0500] "GET /galeria/nivo-slider/jquery.nivo.slider.pack.js HTTP/1.1" 200 11561
186.80.23.110 - - [12/Jan/2015:10:25:12 -0500] "GET /galeria/nivo-slider/demo/scripts/jquery-1.7.1.min.js HTTP/1.1" 200 93868
186.80.23.110 - - [12/Jan/2015:10:25:13 -0500] "GET /galeria/nivo-slider/demo/images/bolsas-08.jpg HTTP/1.1" 200 85589
186.80.23.110 - - [12/Jan/2015:10:25:13 -0500] "GET /galeria/nivo-slider/demo/images/Ruta-vertimientos-01.jpg HTTP/1.1" 200 130151
186.80.23.110 - - [12/Jan/2015:10:25:13 -0500] "GET /galeria/nivo-slider/demo/images/bolsas-06.jpg HTTP/1.1" 200 90982
186.80.23.110 - - [12/Jan/2015:10:25:13 -0500] "GET /galeria/nivo-slider/demo/images/ecolecta-Dic2014.png HTTP/1.1" 200 288593
186.80.23.110 - - [12/Jan/2015:10:25:13 -0500] "GET /galeria/nivo-slider/demo/images/porloshumedales.jpg HTTP/1.1" 200 351238
