180.76.5.58 - - [12/Jan/2015:12:11:53 -0500] "GET /BLA/resoluciones/RESOLUCIONES%202010/0958.pdf HTTP/1.1" 200 434247
66.249.67.67 - - [12/Jan/2015:12:11:54 -0500] "GET /BLA/resoluciones/AUTOS%202013/0624.pdf HTTP/1.1" 200 1996313
66.249.67.111 - - [12/Jan/2015:12:12:00 -0500] "GET /galeria/mapa/humedal.html HTTP/1.1" 304 -
186.84.44.58 - - [12/Jan/2015:12:12:11 -0500] "POST /forms/lservlet;jsessionid=ac16012b30d5119b3910b34c44c69c548c7d89a14328.e3iSbxaKaheRe34SahiRb30Pchr0n6jAmljGr5XDqQLvpAe HTTP/1.1" 200 2
66.249.67.83 - - [12/Jan/2015:12:12:22 -0500] "GET /BLA/resoluciones/AUTOS%202013/0324.pdf HTTP/1.1" 304 -
190.156.91.79 - - [12/Jan/2015:12:12:26 -0500] "POST /forms/lservlet;jsessionid=ac16012b30d5b9c7596d463549dcbb039173fc01d604.e3iSbxaKaheRe34SahiRb30Pchr0n6jAmljGr5XDqQLvpAe HTTP/1.1" 200 2
186.84.44.58 - - [12/Jan/2015:12:12:38 -0500] "POST /forms/lservlet;jsessionid=ac16012b30d5119b3910b34c44c69c548c7d89a14328.e3iSbxaKaheRe34SahiRb30Pchr0n6jAmljGr5XDqQLvpAe HTTP/1.1" 200 2406
190.25.232.143 - - [12/Jan/2015:12:12:44 -0500] "GET /galeria/nivo-slider/demo/images/shenzen.jpg HTTP/1.1" 304 -
186.29.203.131 - - [12/Jan/2015:12:12:48 -0500] "POST /forms/lservlet;jsessionid=ac16012b30d5b10e4f29f1924fbb8a83aef930aaa7e9.e3iSbxaKaheRe34SahiRb30Pchr0n6jAmljGr5XDqQLvpAe HTTP/1.1" 200 2
66.249.67.83 - - [12/Jan/2015:12:12:51 -0500] "GET /BLA/circulares/6.pdf HTTP/1.1" 304 -
66.249.67.75 - - [12/Jan/2015:12:13:02 -0500] "GET /BLA/resoluciones/RESOLUCIONES%202004/RES%202004%20201-250/00000203.tif HTTP/1.1" 200 420412
181.139.161.107 - - [12/Jan/2015:12:13:03 -0500] "GET /BLA/boletinlegal/js/jquery.scrollTo-min.js HTTP/1.1" 200 1150
181.139.161.107 - - [12/Jan/2015:12:13:03 -0500] "GET /galeria/carrusel/Carrusel/jquery.thumbnailScroller.css HTTP/1.1" 200 2066
181.139.161.107 - - [12/Jan/2015:12:13:03 -0500] "GET /galeria/carrusel/Carrusel/jquery-ui-1.8.13.custom.min.js HTTP/1.1" 200 10800
181.139.161.107 - - [12/Jan/2015:12:13:03 -0500] "GET /BLA/boletinlegal/js/jquery.js HTTP/1.1" 200 57254
181.139.161.107 - - [12/Jan/2015:12:13:03 -0500] "GET /BLA/boletinlegal/js/jquery.scrollShow.js HTTP/1.1" 200 4586
181.139.161.107 - - [12/Jan/2015:12:13:03 -0500] "GET /galeria/carrusel/Carrusel/jquery.thumbnailScroller.js HTTP/1.1" 200 8157
181.139.161.107 - - [12/Jan/2015:12:13:05 -0500] "GET /galeria/nivo-slider/demo/demo.html HTTP/1.1" 200 3150
181.139.161.107 - - [12/Jan/2015:12:13:06 -0500] "GET /galeria/nivo-slider/themes/pascal/pascal.css HTTP/1.1" 200 2258
181.139.161.107 - - [12/Jan/2015:12:13:06 -0500] "GET /galeria/nivo-slider/demo/style.css HTTP/1.1" 200 2222
181.139.161.107 - - [12/Jan/2015:12:13:06 -0500] "GET /galeria/nivo-slider/nivo-slider.css HTTP/1.1" 200 1507
181.139.161.107 - - [12/Jan/2015:12:13:06 -0500] "GET /galeria/nivo-slider/themes/default/default.css HTTP/1.1" 200 1569
181.139.161.107 - - [12/Jan/2015:12:13:06 -0500] "GET /galeria/nivo-slider/themes/orman/orman.css HTTP/1.1" 200 2152
181.139.161.107 - - [12/Jan/2015:12:13:06 -0500] "GET /galeria/nivo-slider/demo/scripts/jquery-1.7.1.min.js HTTP/1.1" 200 93868
181.139.161.107 - - [12/Jan/2015:12:13:06 -0500] "GET /galeria/nivo-slider/jquery.nivo.slider.pack.js HTTP/1.1" 200 11561
181.139.161.107 - - [12/Jan/2015:12:13:06 -0500] "GET /galeria/nivo-slider/demo/images/ecolecta-Dic2014.png HTTP/1.1" 200 288593
181.139.161.107 - - [12/Jan/2015:12:13:06 -0500] "GET /galeria/nivo-slider/demo/images/Ruta-vertimientos-01.jpg HTTP/1.1" 200 130151
181.139.161.107 - - [12/Jan/2015:12:13:06 -0500] "GET /galeria/nivo-slider/demo/images/bolsas-06.jpg HTTP/1.1" 200 90982
181.139.161.107 - - [12/Jan/2015:12:13:06 -0500] "GET /galeria/nivo-slider/demo/images/bolsas-08.jpg HTTP/1.1" 200 85589
181.139.161.107 - - [12/Jan/2015:12:13:07 -0500] "GET /galeria/nivo-slider/demo/images/porloshumedales.jpg HTTP/1.1" 200 351238
181.139.161.107 - - [12/Jan/2015:12:13:09 -0500] "GET /galeria/nivo-slider/demo/images/Tingua-azul.jpg HTTP/1.1" 200 307638
181.139.161.107 - - [12/Jan/2015:12:13:09 -0500] "GET /galeria/nivo-slider/demo/images/Banner-Caracol-Africano.jpg HTTP/1.1" 200 331986
180.76.5.177 - - [12/Jan/2015:12:13:10 -0500] "GET /BLA/resoluciones/RESOLUCIONES%202012/1878.pdf HTTP/1.1" 200 420221
181.139.161.107 - - [12/Jan/2015:12:13:11 -0500] "GET /galeria/nivo-slider/demo/images/banner-redes.jpg HTTP/1.1" 200 62209
181.139.161.107 - - [12/Jan/2015:12:13:12 -0500] "GET /galeria/nivo-slider/demo/images/9Signos.jpg HTTP/1.1" 200 93040
181.139.161.107 - - [12/Jan/2015:12:13:14 -0500] "GET /galeria/nivo-slider/demo/images/banner-llantas2.jpg HTTP/1.1" 200 73153
181.139.161.107 - - [12/Jan/2015:12:13:15 -0500] "GET /galeria/nivo-slider/demo/images/banner-caballos.png HTTP/1.1" 200 389106
181.139.161.107 - - [12/Jan/2015:12:13:16 -0500] "GET /galeria/nivo-slider/demo/images/4Simple_Slider.png HTTP/1.1" 200 11722
181.139.161.107 - - [12/Jan/2015:12:13:16 -0500] "GET /galeria/nivo-slider/themes/default/loading.gif HTTP/1.1" 200 1737
181.139.161.107 - - [12/Jan/2015:12:13:19 -0500] "GET /galeria/nivo-slider/themes/default/arrows.png HTTP/1.1" 200 824
181.139.161.107 - - [12/Jan/2015:12:13:19 -0500] "GET /galeria/nivo-slider/themes/default/bullets.png HTTP/1.1" 200 1281
66.249.67.119 - - [12/Jan/2015:12:13:20 -0500] "GET /PruebasSTORM/StormSDA_pruebas/userFiles/user_files/formulas/3/597.xml HTTP/1.1" 200 1001
190.84.185.167 - - [12/Jan/2015:12:13:33 -0500] "GET /forest/session.jsp?a=0.8411755450069904 HTTP/1.1" 200 4
66.249.67.119 - - [12/Jan/2015:12:13:49 -0500] "GET /POT-2013/Cartografia/05_Remocion_V1_2013.pdf HTTP/1.1" 304 -
74.86.158.107 - - [12/Jan/2015:12:13:51 -0500] "HEAD / HTTP/1.1" 302 -
201.184.147.99 - - [12/Jan/2015:12:13:53 -0500] "GET /galeria/nivo-slider/demo/demo.html HTTP/1.1" 304 -
201.184.147.99 - - [12/Jan/2015:12:13:55 -0500] "GET /galeria/nivo-slider/demo/images/bolsas-08.jpg HTTP/1.1" 200 85589
201.184.147.99 - - [12/Jan/2015:12:13:55 -0500] "GET /galeria/nivo-slider/demo/images/Ruta-vertimientos-01.jpg HTTP/1.1" 304 -
201.184.147.99 - - [12/Jan/2015:12:13:55 -0500] "GET /galeria/nivo-slider/demo/images/bolsas-06.jpg HTTP/1.1" 304 -
186.84.44.58 - - [12/Jan/2015:12:14:11 -0500] "POST /forms/lservlet;jsessionid=ac16012b30d5119b3910b34c44c69c548c7d89a14328.e3iSbxaKaheRe34SahiRb30Pchr0n6jAmljGr5XDqQLvpAe HTTP/1.1" 200 2
201.184.147.99 - - [12/Jan/2015:12:14:17 -0500] "GET /videos/Spot_CambioClimatico.flv HTTP/1.1" 304 -
66.249.67.111 - - [12/Jan/2015:12:14:17 -0500] "GET /Anexos%20estudio%20Organizacional%20SDA/index.php?dir=ANEXO%20No.%203-%20CONTRATACI%D3N%20%20OPS%B4s%202008-2012/&sort=size&order=asc HTTP/1.1" 200 3477
190.156.91.79 - - [12/Jan/2015:12:14:27 -0500] "POST /forms/lservlet;jsessionid=ac16012b30d5b9c7596d463549dcbb039173fc01d604.e3iSbxaKaheRe34SahiRb30Pchr0n6jAmljGr5XDqQLvpAe HTTP/1.1" 200 2
66.249.67.103 - - [12/Jan/2015:12:14:46 -0500] "GET /PruebasSTORM/StormSDA_pruebas/userFiles/user_files/formulas/3/608.xml HTTP/1.1" 200 998
186.29.203.131 - - [12/Jan/2015:12:14:48 -0500] "POST /forms/lservlet;jsessionid=ac16012b30d5b10e4f29f1924fbb8a83aef930aaa7e9.e3iSbxaKaheRe34SahiRb30Pchr0n6jAmljGr5XDqQLvpAe HTTP/1.1" 200 2
123.125.71.57 - - [12/Jan/2015:12:14:52 -0500] "GET / HTTP/1.1" 302 -
66.249.67.119 - - [12/Jan/2015:12:15:15 -0500] "GET /PruebasSTORM/StormSDA_pruebas/userFiles/user_files/formulas/3/254.xml HTTP/1.1" 200 851
180.76.6.41 - - [12/Jan/2015:12:15:19 -0500] "GET /BLA/resoluciones/RESOLUCIONES%202010/0316.pdf HTTP/1.1" 200 107017
66.249.67.119 - - [12/Jan/2015:12:15:44 -0500] "GET /PruebasSTORM/StormSDA_pruebas/userFiles/user_files/formulas/2/25.xml HTTP/1.1" 200 1384
207.46.13.113 - - [12/Jan/2015:12:15:45 -0500] "GET /BLA/resoluciones/AUTOS%202010/1942.pdf HTTP/1.1" 200 286227
186.84.95.245 - - [12/Jan/2015:12:15:57 -0500] "GET /BLA/boletinlegal/js/jquery.scrollTo-min.js HTTP/1.1" 200 1150
186.84.95.245 - - [12/Jan/2015:12:15:57 -0500] "GET /BLA/boletinlegal/js/jquery.js HTTP/1.1" 200 57254
186.84.95.245 - - [12/Jan/2015:12:15:57 -0500] "GET /BLA/boletinlegal/js/jquery.scrollShow.js HTTP/1.1" 200 4586
186.84.40.34 - - [12/Jan/2015:12:15:58 -0500] "GET /forms/frmservlet?config=sia HTTP/1.1" 200 4028
186.84.40.34 - - [12/Jan/2015:12:16:10 -0500] "GET /forms/java/frmall_jinit.jar HTTP/1.1" 304 -
186.84.40.34 - - [12/Jan/2015:12:16:11 -0500] "GET /forms/java/icons.jar HTTP/1.1" 304 -
186.84.40.34 - - [12/Jan/2015:12:16:11 -0500] "GET /forms/java/java/awt/KeyboardFocusManager.class HTTP/1.1" 404 352
186.84.40.34 - - [12/Jan/2015:12:16:11 -0500] "GET /forms/java/java/awt/KeyboardFocusManager.class HTTP/1.1" 404 352
186.84.44.58 - - [12/Jan/2015:12:16:11 -0500] "POST /forms/lservlet;jsessionid=ac16012b30d5119b3910b34c44c69c548c7d89a14328.e3iSbxaKaheRe34SahiRb30Pchr0n6jAmljGr5XDqQLvpAe HTTP/1.1" 200 2
186.84.40.34 - - [12/Jan/2015:12:16:13 -0500] "GET /forms/java/java/awt/event/MouseWheelListener.class HTTP/1.1" 404 356
186.84.40.34 - - [12/Jan/2015:12:16:13 -0500] "GET /forms/java/java/awt/event/MouseWheelListener.class HTTP/1.1" 404 356
186.84.40.34 - - [12/Jan/2015:12:16:14 -0500] "GET /forms/java/oracle/forms/registry/Registry.dat HTTP/1.1" 200 4213
186.84.40.34 - - [12/Jan/2015:12:16:14 -0500] "GET /forms/java/oracle/forms/registry/default.dat HTTP/1.1" 404 350
186.84.40.34 - - [12/Jan/2015:12:16:14 -0500] "GET /forms/frmservlet?config=sia&acceptLanguage=es-ES&ifcmd=startsession HTTP/1.1" 200 119
186.84.40.34 - - [12/Jan/2015:12:16:14 -0500] "GET /forms/lservlet;jsessionid=ac16012b30d5b930346dabb54c25a2d5a04463a31c2d.e3iSbxaKaheRe34SahiRb30Pchr0n6jAmljGr5XDqQLvpAe?ifcmd=getinfo&ifhost=Edna-PC&ifip=192.168.0.15 HTTP/1.1" 200 8
186.84.40.34 - - [12/Jan/2015:12:16:14 -0500] "POST /forms/lservlet;jsessionid=ac16012b30d5b930346dabb54c25a2d5a04463a31c2d.e3iSbxaKaheRe34SahiRb30Pchr0n6jAmljGr5XDqQLvpAe HTTP/1.1" 200 8
220.181.108.103 - - [12/Jan/2015:12:16:18 -0500] "GET / HTTP/1.1" 302 -
186.84.40.34 - - [12/Jan/2015:12:16:18 -0500] "POST /forms/lservlet;jsessionid=ac16012b30d5b930346dabb54c25a2d5a04463a31c2d.e3iSbxaKaheRe34SahiRb30Pchr0n6jAmljGr5XDqQLvpAe HTTP/1.1" 200 64000
186.84.40.34 - - [12/Jan/2015:12:16:19 -0500] "POST /forms/lservlet;jsessionid=ac16012b30d5b930346dabb54c25a2d5a04463a31c2d.e3iSbxaKaheRe34SahiRb30Pchr0n6jAmljGr5XDqQLvpAe HTTP/1.1" 200 64000
186.84.40.34 - - [12/Jan/2015:12:16:20 -0500] "POST /forms/lservlet;jsessionid=ac16012b30d5b930346dabb54c25a2d5a04463a31c2d.e3iSbxaKaheRe34SahiRb30Pchr0n6jAmljGr5XDqQLvpAe HTTP/1.1" 200 63623
186.84.40.34 - - [12/Jan/2015:12:16:24 -0500] "HEAD /imagenes/dama_logo.gif HTTP/1.1" 200 -
186.84.40.34 - - [12/Jan/2015:12:16:24 -0500] "GET /imagenes/dama_logo.gif HTTP/1.1" 200 21482
186.84.40.34 - - [12/Jan/2015:12:16:26 -0500] "POST /forms/lservlet;jsessionid=ac16012b30d5b930346dabb54c25a2d5a04463a31c2d.e3iSbxaKaheRe34SahiRb30Pchr0n6jAmljGr5XDqQLvpAe HTTP/1.1" 200 2
186.84.40.34 - - [12/Jan/2015:12:16:26 -0500] "POST /forms/lservlet;jsessionid=ac16012b30d5b930346dabb54c25a2d5a04463a31c2d.e3iSbxaKaheRe34SahiRb30Pchr0n6jAmljGr5XDqQLvpAe HTTP/1.1" 200 2
190.156.91.79 - - [12/Jan/2015:12:16:27 -0500] "POST /forms/lservlet;jsessionid=ac16012b30d5b9c7596d463549dcbb039173fc01d604.e3iSbxaKaheRe34SahiRb30Pchr0n6jAmljGr5XDqQLvpAe HTTP/1.1" 200 2
186.83.85.149 - - [12/Jan/2015:12:16:36 -0500] "GET /BLA/resoluciones/RESOLUCIONES%202007/RES%202007%203401%20AL%203500/RESOLUCION%203454%20DE%202007.pdf HTTP/1.1" 200 170285
186.83.85.149 - - [12/Jan/2015:12:16:36 -0500] "GET /BLA/resoluciones/RESOLUCIONES%202007/RES%202007%203401%20AL%203500/RESOLUCION%203454%20DE%202007.pdf HTTP/1.1" 206 32768
186.83.85.149 - - [12/Jan/2015:12:16:37 -0500] "GET /BLA/resoluciones/RESOLUCIONES%202007/RES%202007%203401%20AL%203500/RESOLUCION%203454%20DE%202007.pdf HTTP/1.1" 206 137517
186.83.85.149 - - [12/Jan/2015:12:16:37 -0500] "GET /favicon.ico HTTP/1.1" 200 7782
190.84.66.119 - - [12/Jan/2015:12:16:40 -0500] "GET /BLA/boletinlegal/js/jquery.scrollShow.js HTTP/1.1" 200 4586
190.84.66.119 - - [12/Jan/2015:12:16:40 -0500] "GET /BLA/boletinlegal/js/jquery.scrollTo-min.js HTTP/1.1" 200 1150
190.84.66.119 - - [12/Jan/2015:12:16:40 -0500] "GET /BLA/boletinlegal/js/jquery.js HTTP/1.1" 200 57254
186.29.203.131 - - [12/Jan/2015:12:16:49 -0500] "POST /forms/lservlet;jsessionid=ac16012b30d5b10e4f29f1924fbb8a83aef930aaa7e9.e3iSbxaKaheRe34SahiRb30Pchr0n6jAmljGr5XDqQLvpAe HTTP/1.1" 200 2
157.55.39.23 - - [12/Jan/2015:12:17:57 -0500] "GET /BLA/resoluciones/RESOLUCIONES%202009/1763.pdf HTTP/1.1" 200 403384
190.253.250.124 - - [12/Jan/2015:12:18:00 -0500] "GET /galeria/carrusel/Carrusel/jquery.thumbnailScroller.css HTTP/1.1" 200 2066
190.253.250.124 - - [12/Jan/2015:12:18:00 -0500] "GET /galeria/carrusel/Carrusel/jquery-ui-1.8.13.custom.min.js HTTP/1.1" 200 10800
190.253.250.124 - - [12/Jan/2015:12:18:00 -0500] "GET /galeria/carrusel/Carrusel/jquery.thumbnailScroller.js HTTP/1.1" 200 8157
190.253.250.124 - - [12/Jan/2015:12:18:01 -0500] "GET /galeria/nivo-slider/demo/demo.html HTTP/1.1" 200 3150
190.253.250.124 - - [12/Jan/2015:12:18:01 -0500] "GET /galeria/nivo-slider/themes/default/default.css HTTP/1.1" 200 1569
190.253.250.124 - - [12/Jan/2015:12:18:01 -0500] "GET /galeria/nivo-slider/themes/pascal/pascal.css HTTP/1.1" 200 2258
190.253.250.124 - - [12/Jan/2015:12:18:01 -0500] "GET /galeria/nivo-slider/themes/orman/orman.css HTTP/1.1" 200 2152
190.253.250.124 - - [12/Jan/2015:12:18:01 -0500] "GET /galeria/nivo-slider/jquery.nivo.slider.pack.js HTTP/1.1" 200 11561
190.253.250.124 - - [12/Jan/2015:12:18:01 -0500] "GET /galeria/nivo-slider/demo/style.css HTTP/1.1" 200 2222
190.253.250.124 - - [12/Jan/2015:12:18:01 -0500] "GET /galeria/nivo-slider/demo/scripts/jquery-1.7.1.min.js HTTP/1.1" 200 93868
190.253.250.124 - - [12/Jan/2015:12:18:01 -0500] "GET /galeria/nivo-slider/nivo-slider.css HTTP/1.1" 200 1507
190.253.250.124 - - [12/Jan/2015:12:18:01 -0500] "GET /galeria/nivo-slider/demo/images/Ruta-vertimientos-01.jpg HTTP/1.1" 200 130151
190.253.250.124 - - [12/Jan/2015:12:18:01 -0500] "GET /galeria/nivo-slider/demo/images/bolsas-08.jpg HTTP/1.1" 200 85589
190.253.250.124 - - [12/Jan/2015:12:18:01 -0500] "GET /galeria/nivo-slider/demo/images/ecolecta-Dic2014.png HTTP/1.1" 200 288593
190.253.250.124 - - [12/Jan/2015:12:18:01 -0500] "GET /galeria/nivo-slider/demo/images/bolsas-06.jpg HTTP/1.1" 200 90982
190.253.250.124 - - [12/Jan/2015:12:18:01 -0500] "GET /galeria/nivo-slider/demo/images/porloshumedales.jpg HTTP/1.1" 200 351238
190.253.250.124 - - [12/Jan/2015:12:18:04 -0500] "GET /galeria/nivo-slider/demo/images/Tingua-azul.jpg HTTP/1.1" 200 307638
190.253.250.124 - - [12/Jan/2015:12:18:07 -0500] "GET /galeria/nivo-slider/demo/images/Banner-Caracol-Africano.jpg HTTP/1.1" 200 331986
186.84.44.58 - - [12/Jan/2015:12:18:11 -0500] "POST /forms/lservlet;jsessionid=ac16012b30d5119b3910b34c44c69c548c7d89a14328.e3iSbxaKaheRe34SahiRb30Pchr0n6jAmljGr5XDqQLvpAe HTTP/1.1" 200 2
190.253.250.124 - - [12/Jan/2015:12:18:12 -0500] "GET /galeria/nivo-slider/demo/images/9Signos.jpg HTTP/1.1" 200 93040
186.84.40.34 - - [12/Jan/2015:12:18:15 -0500] "POST /forms/lservlet;jsessionid=ac16012b30d5b930346dabb54c25a2d5a04463a31c2d.e3iSbxaKaheRe34SahiRb30Pchr0n6jAmljGr5XDqQLvpAe HTTP/1.1" 200 2
190.253.250.124 - - [12/Jan/2015:12:18:17 -0500] "GET /galeria/nivo-slider/demo/images/banner-caballos.png HTTP/1.1" 200 389106
207.46.13.113 - - [12/Jan/2015:12:18:20 -0500] "GET /bla/resoluciones/autos%202010/4828.pdf HTTP/1.1" 200 376671
190.253.250.124 - - [12/Jan/2015:12:18:21 -0500] "GET /galeria/nivo-slider/themes/default/loading.gif HTTP/1.1" 200 1737
190.253.250.124 - - [12/Jan/2015:12:18:22 -0500] "GET /galeria/nivo-slider/demo/images/banner-redes.jpg HTTP/1.1" 200 62209
190.156.91.79 - - [12/Jan/2015:12:18:27 -0500] "POST /forms/lservlet;jsessionid=ac16012b30d5b9c7596d463549dcbb039173fc01d604.e3iSbxaKaheRe34SahiRb30Pchr0n6jAmljGr5XDqQLvpAe HTTP/1.1" 200 2
207.46.13.133 - - [12/Jan/2015:12:18:27 -0500] "GET /bla/resoluciones/resoluciones%202009/6964.pdf HTTP/1.1" 200 105812
190.253.250.124 - - [12/Jan/2015:12:18:29 -0500] "GET /galeria/nivo-slider/demo/images/4Simple_Slider.png HTTP/1.1" 200 11722
190.253.250.124 - - [12/Jan/2015:12:18:30 -0500] "GET /galeria/nivo-slider/demo/images/banner-llantas2.jpg HTTP/1.1" 200 73153
172.56.1.28 - - [12/Jan/2015:12:18:32 -0500] "GET /BLA/boletinlegal/js/jquery.js HTTP/1.1" 200 57254
172.56.1.28 - - [12/Jan/2015:12:18:32 -0500] "GET /BLA/boletinlegal/js/jquery.scrollTo-min.js HTTP/1.1" 200 1150
172.56.1.28 - - [12/Jan/2015:12:18:32 -0500] "GET /BLA/boletinlegal/js/jquery.scrollShow.js HTTP/1.1" 200 4586
190.253.250.124 - - [12/Jan/2015:12:18:32 -0500] "GET /videos/Spot_CambioClimatico.flv HTTP/1.1" 200 4371917
190.253.250.124 - - [12/Jan/2015:12:18:39 -0500] "GET /galeria/nivo-slider/themes/default/arrows.png HTTP/1.1" 200 824
190.253.250.124 - - [12/Jan/2015:12:18:39 -0500] "GET /galeria/nivo-slider/themes/default/bullets.png HTTP/1.1" 200 1281
186.29.203.131 - - [12/Jan/2015:12:18:49 -0500] "POST /forms/lservlet;jsessionid=ac16012b30d5b10e4f29f1924fbb8a83aef930aaa7e9.e3iSbxaKaheRe34SahiRb30Pchr0n6jAmljGr5XDqQLvpAe HTTP/1.1" 200 2
186.84.40.34 - - [12/Jan/2015:12:18:51 -0500] "POST /forms/lservlet;jsessionid=ac16012b30d5b930346dabb54c25a2d5a04463a31c2d.e3iSbxaKaheRe34SahiRb30Pchr0n6jAmljGr5XDqQLvpAe HTTP/1.1" 200 8001
74.86.158.107 - - [12/Jan/2015:12:18:51 -0500] "HEAD / HTTP/1.1" 302 -
186.84.40.34 - - [12/Jan/2015:12:18:53 -0500] "POST /forms/lservlet;jsessionid=ac16012b30d5b930346dabb54c25a2d5a04463a31c2d.e3iSbxaKaheRe34SahiRb30Pchr0n6jAmljGr5XDqQLvpAe HTTP/1.1" 200 64
186.84.40.34 - - [12/Jan/2015:12:18:53 -0500] "POST /forms/lservlet;jsessionid=ac16012b30d5b930346dabb54c25a2d5a04463a31c2d.e3iSbxaKaheRe34SahiRb30Pchr0n6jAmljGr5XDqQLvpAe HTTP/1.1" 200 2
186.84.40.34 - - [12/Jan/2015:12:18:53 -0500] "POST /forms/lservlet;jsessionid=ac16012b30d5b930346dabb54c25a2d5a04463a31c2d.e3iSbxaKaheRe34SahiRb30Pchr0n6jAmljGr5XDqQLvpAe HTTP/1.1" 200 2
186.84.40.34 - - [12/Jan/2015:12:18:53 -0500] "POST /forms/lservlet;jsessionid=ac16012b30d5b930346dabb54c25a2d5a04463a31c2d.e3iSbxaKaheRe34SahiRb30Pchr0n6jAmljGr5XDqQLvpAe HTTP/1.1" 200 2
180.76.5.167 - - [12/Jan/2015:12:18:59 -0500] "GET /BLA/resoluciones/RESOLUCIONES%202007/RES%202007%204101%20AL%204200/RESOLUCION%204155%20DE%202007.pdf HTTP/1.1" 200 651341
188.165.15.66 - - [12/Jan/2015:12:19:05 -0500] "GET /BLA/resoluciones/RESOLUCIONES%202002/RES%202002%20701-750/00000706.tif HTTP/1.1" 200 94726
66.249.67.83 - - [12/Jan/2015:12:19:41 -0500] "GET /BLA/resoluciones/AUTOS%202009/2250.pdf HTTP/1.1" 200 120784
180.76.6.151 - - [12/Jan/2015:12:19:41 -0500] "GET /BLA/boletinlegal;jsessionid=19540511AC314A6575E0316C182DC220?/? HTTP/1.1" 404 1018
66.249.67.67 - - [12/Jan/2015:12:19:42 -0500] "GET /BLA/resoluciones/RESOLUCIONES%202009/0037.pdf HTTP/1.1" 200 232510
186.84.44.58 - - [12/Jan/2015:12:20:11 -0500] "POST /forms/lservlet;jsessionid=ac16012b30d5119b3910b34c44c69c548c7d89a14328.e3iSbxaKaheRe34SahiRb30Pchr0n6jAmljGr5XDqQLvpAe HTTP/1.1" 200 2
186.84.40.34 - - [12/Jan/2015:12:20:15 -0500] "POST /forms/lservlet;jsessionid=ac16012b30d5b930346dabb54c25a2d5a04463a31c2d.e3iSbxaKaheRe34SahiRb30Pchr0n6jAmljGr5XDqQLvpAe HTTP/1.1" 200 2
157.55.39.22 - - [12/Jan/2015:12:20:20 -0500] "GET /bla/resoluciones/autos%202010/6674.pdf HTTP/1.1" 200 307525
66.249.67.103 - - [12/Jan/2015:12:20:20 -0500] "GET /Anexos%20estudio%20Organizacional%20SDA/dlf/styles.css HTTP/1.1" 200 3045
157.55.39.22 - - [12/Jan/2015:12:20:21 -0500] "GET /BLA/resoluciones/AUTOS%202012/1486.pdf HTTP/1.1" 200 310684
190.156.91.79 - - [12/Jan/2015:12:20:27 -0500] "POST /forms/lservlet;jsessionid=ac16012b30d5b9c7596d463549dcbb039173fc01d604.e3iSbxaKaheRe34SahiRb30Pchr0n6jAmljGr5XDqQLvpAe HTTP/1.1" 200 2
186.112.252.219 - - [12/Jan/2015:12:20:32 -0500] "GET /BLA/boletinlegal/js/jquery.js HTTP/1.1" 200 57254
186.112.252.219 - - [12/Jan/2015:12:20:32 -0500] "GET /BLA/boletinlegal/js/jquery.scrollTo-min.js HTTP/1.1" 200 1150
186.112.252.219 - - [12/Jan/2015:12:20:32 -0500] "GET /BLA/boletinlegal/js/jquery.scrollShow.js HTTP/1.1" 200 4586
188.165.15.237 - - [12/Jan/2015:12:20:47 -0500] "GET /BLA/resoluciones/index.php?dir=RESOLUCIONES%202004/RES%202004%201301-1350/&sort=date&order=desc HTTP/1.1" 200 12340
186.29.203.131 - - [12/Jan/2015:12:20:49 -0500] "POST /forms/lservlet;jsessionid=ac16012b30d5b10e4f29f1924fbb8a83aef930aaa7e9.e3iSbxaKaheRe34SahiRb30Pchr0n6jAmljGr5XDqQLvpAe HTTP/1.1" 200 2
180.76.5.65 - - [12/Jan/2015:12:20:56 -0500] "GET /BLA/resoluciones/RESOLUCIONES%202011/4526.pdf HTTP/1.1" 200 569434
188.165.15.130 - - [12/Jan/2015:12:21:43 -0500] "GET /BLA/resoluciones/RESOLUCIONES%202003/RES%202003%20301-350/338.tif HTTP/1.1" 200 103120
186.84.44.58 - - [12/Jan/2015:12:22:12 -0500] "POST /forms/lservlet;jsessionid=ac16012b30d5119b3910b34c44c69c548c7d89a14328.e3iSbxaKaheRe34SahiRb30Pchr0n6jAmljGr5XDqQLvpAe HTTP/1.1" 200 2
186.29.203.131 - - [12/Jan/2015:12:22:12 -0500] "GET /forest/session.jsp?a=0.7930819450411946 HTTP/1.1" 200 5
186.29.203.131 - - [12/Jan/2015:12:22:12 -0500] "GET /forest/login.jsp?a=0.10962662938982248 HTTP/1.1" 200 2996
186.84.40.34 - - [12/Jan/2015:12:22:15 -0500] "POST /forms/lservlet;jsessionid=ac16012b30d5b930346dabb54c25a2d5a04463a31c2d.e3iSbxaKaheRe34SahiRb30Pchr0n6jAmljGr5XDqQLvpAe HTTP/1.1" 200 2
186.29.203.131 - - [12/Jan/2015:12:22:20 -0500] "POST /forest/actions/manager.login?group_system_actual=3 HTTP/1.1" 200 14
186.29.203.131 - - [12/Jan/2015:12:22:20 -0500] "GET /forest/session.jsp?a=0.2916872906498611 HTTP/1.1" 200 4
186.29.203.131 - - [12/Jan/2015:12:22:23 -0500] "GET /forest/misactividades.do?group_system_actual=3&codPro=233&_a=0.8468757548639354 HTTP/1.1" 200 38175
186.29.203.131 - - [12/Jan/2015:12:22:23 -0500] "GET /forest/session.jsp?a=0.3155736792832613 HTTP/1.1" 200 4
186.29.203.131 - - [12/Jan/2015:12:22:23 -0500] "POST /forest/misactividades.do?ajax=true&a=0.9992506501730531 HTTP/1.1" 200 3968
190.156.91.79 - - [12/Jan/2015:12:22:27 -0500] "POST /forms/lservlet;jsessionid=ac16012b30d5b9c7596d463549dcbb039173fc01d604.e3iSbxaKaheRe34SahiRb30Pchr0n6jAmljGr5XDqQLvpAe HTTP/1.1" 200 2
188.165.15.66 - - [12/Jan/2015:12:22:34 -0500] "GET /BLA/resoluciones/RESOLUCIONES%202003/RES%202003%20201-250/2003RES212.tif HTTP/1.1" 200 84936
180.76.5.149 - - [12/Jan/2015:12:22:39 -0500] "GET /BLA/boletinlegal;jsessionid=F0B5F9A20A88142C3BB8B54BA4A65268?/? HTTP/1.1" 404 1018
66.249.67.111 - - [12/Jan/2015:12:22:40 -0500] "GET /POT-2013/index.php?dir=memoria%20justificativa/&sort=size&order=desc HTTP/1.1" 200 2483
190.71.136.56 - - [12/Jan/2015:12:22:43 -0500] "GET /BLA/boletinlegal/js/jquery.js HTTP/1.1" 200 57254
190.71.136.56 - - [12/Jan/2015:12:22:43 -0500] "GET /BLA/boletinlegal/js/jquery.scrollTo-min.js HTTP/1.1" 200 1150
190.71.136.56 - - [12/Jan/2015:12:22:43 -0500] "GET /BLA/boletinlegal/js/jquery.scrollShow.js HTTP/1.1" 200 4586
186.29.203.131 - - [12/Jan/2015:12:22:49 -0500] "POST /forms/lservlet;jsessionid=ac16012b30d5b10e4f29f1924fbb8a83aef930aaa7e9.e3iSbxaKaheRe34SahiRb30Pchr0n6jAmljGr5XDqQLvpAe HTTP/1.1" 200 2
188.165.15.130 - - [12/Jan/2015:12:23:04 -0500] "GET /BLA/resoluciones/index.php?dir=RESOLUCIONES%202006/RES%202006%202701-2750/&sort=size&order=asc HTTP/1.1" 200 12367
180.76.6.150 - - [12/Jan/2015:12:23:18 -0500] "GET /BLA/resoluciones/AUTOS%202009/3559.pdf HTTP/1.1" 200 220777
186.29.203.131 - - [12/Jan/2015:12:23:24 -0500] "POST /forest/misactividades.do?loadList=1&name=nompro&a=0.2224799122195691 HTTP/1.1" 200 167
186.29.203.131 - - [12/Jan/2015:12:23:24 -0500] "GET /forest/img/jquery/ui-icons_f9bd01_256x240.png HTTP/1.1" 404 185
186.29.203.131 - - [12/Jan/2015:12:23:25 -0500] "GET /forest/skins/gdocs-jar/jsp/cookie.jsp?name=grid_nompro&del HTTP/1.1" 200 -
186.29.203.131 - - [12/Jan/2015:12:23:25 -0500] "POST /forest/misactividades.do?ajax=true&a=0.04740950698032975 HTTP/1.1" 200 5387
186.29.203.131 - - [12/Jan/2015:12:23:29 -0500] "POST /forest/misactividades.do?ajax=true&a=0.5009772125631571 HTTP/1.1" 200 1246
186.29.203.131 - - [12/Jan/2015:12:23:33 -0500] "GET /forest/usutareas.do?_a=0.35795577825047076&group_system_actual=3 HTTP/1.1" 200 100269
186.29.203.131 - - [12/Jan/2015:12:23:34 -0500] "GET /forest/session.jsp?a=0.31907438207417727 HTTP/1.1" 200 4
186.29.203.131 - - [12/Jan/2015:12:23:34 -0500] "GET /forest/actions/forms.getList?codForm=primerasactividades&id=tipo_solicitud591 HTTP/1.1" 200 79
186.29.203.131 - - [12/Jan/2015:12:23:39 -0500] "GET /forest/actions/forms.getList?codForm=primerasactividades&id=funcionariodest27&text=m HTTP/1.1" 200 1130
186.29.203.131 - - [12/Jan/2015:12:23:39 -0500] "GET /forest/actions/forms.getList?codForm=primerasactividades&id=funcionariodest27&text=ma HTTP/1.1" 200 1121
186.29.203.131 - - [12/Jan/2015:12:23:39 -0500] "GET /forest/actions/forms.getList?codForm=primerasactividades&id=funcionariodest27&text=mar HTTP/1.1" 200 1143
186.29.203.131 - - [12/Jan/2015:12:23:39 -0500] "GET /forest/actions/forms.getList?codForm=primerasactividades&id=funcionariodest27&text=mari HTTP/1.1" 200 1083
186.29.203.131 - - [12/Jan/2015:12:23:39 -0500] "GET /forest/actions/forms.getList?codForm=primerasactividades&id=funcionariodest27&text=maria HTTP/1.1" 200 1088
186.29.203.131 - - [12/Jan/2015:12:23:39 -0500] "GET /forest/actions/forms.getList?codForm=primerasactividades&id=funcionariodest27&text=maria%20 HTTP/1.1" 200 1097
186.29.203.131 - - [12/Jan/2015:12:23:39 -0500] "GET /forest/actions/forms.getList?codForm=primerasactividades&id=funcionariodest27&text=maria%20c HTTP/1.1" 200 1167
186.29.203.131 - - [12/Jan/2015:12:23:40 -0500] "GET /forest/actions/forms.getList?codForm=primerasactividades&id=funcionariodest27&text=maria%20cl HTTP/1.1" 200 720
186.29.203.131 - - [12/Jan/2015:12:23:40 -0500] "GET /forest/actions/forms.getList?codForm=primerasactividades&id=funcionariodest27&text=maria%20cla HTTP/1.1" 200 602
186.29.203.131 - - [12/Jan/2015:12:23:40 -0500] "GET /forest/actions/forms.getList?codForm=primerasactividades&id=funcionariodest27&text=maria%20clau HTTP/1.1" 200 472
186.29.203.131 - - [12/Jan/2015:12:23:40 -0500] "GET /forest/actions/forms.getList?codForm=primerasactividades&id=funcionariodest27&text=maria%20claud HTTP/1.1" 200 472
181.54.195.218 - - [12/Jan/2015:12:23:43 -0500] "GET /BLA/boletinlegal/js/jquery.scrollShow.js HTTP/1.1" 200 4586
181.54.195.218 - - [12/Jan/2015:12:23:43 -0500] "GET /BLA/boletinlegal/js/jquery.js HTTP/1.1" 200 57254
181.54.195.218 - - [12/Jan/2015:12:23:43 -0500] "GET /BLA/boletinlegal/js/jquery.scrollTo-min.js HTTP/1.1" 200 1150
186.29.203.131 - - [12/Jan/2015:12:23:42 -0500] "POST /forest/usutareas.do? HTTP/1.1" 200 76
186.29.203.131 - - [12/Jan/2015:12:23:44 -0500] "GET /forest/usutareas.do?group_system_actual=3&a=0.3238180479966104 HTTP/1.1" 200 105368
186.29.203.131 - - [12/Jan/2015:12:23:46 -0500] "GET /forest/session.jsp?a=0.6789839854463935 HTTP/1.1" 200 4
186.29.203.131 - - [12/Jan/2015:12:23:46 -0500] "GET /forest/actions/forms.getMappedValues?id=funcionariodest285&value=MARIA.PENAGOS&codForm=emergencia&a=0.9731874184217304 HTTP/1.1" 200 46
74.86.158.107 - - [12/Jan/2015:12:23:51 -0500] "HEAD / HTTP/1.1" 302 -
157.55.39.23 - - [12/Jan/2015:12:23:53 -0500] "GET /BLA/resoluciones/RESOLUCIONES%202009/1945.pdf HTTP/1.1" 200 771182
157.55.39.23 - - [12/Jan/2015:12:23:54 -0500] "GET /BLA/resoluciones/AUTOS%202010/5110.pdf HTTP/1.1" 200 50370
180.76.5.67 - - [12/Jan/2015:12:23:58 -0500] "GET /BLA/resoluciones/RESOLUCIONES%202009/1662.pdf HTTP/1.1" 200 422810
186.84.44.58 - - [12/Jan/2015:12:24:12 -0500] "POST /forms/lservlet;jsessionid=ac16012b30d5119b3910b34c44c69c548c7d89a14328.e3iSbxaKaheRe34SahiRb30Pchr0n6jAmljGr5XDqQLvpAe HTTP/1.1" 200 2
181.50.26.82 - - [12/Jan/2015:12:24:12 -0500] "GET /galeria/carrusel/Carrusel/jquery.thumbnailScroller.css HTTP/1.1" 200 2066
181.50.26.82 - - [12/Jan/2015:12:24:12 -0500] "GET /BLA/boletinlegal/js/jquery.scrollTo-min.js HTTP/1.1" 200 1150
181.50.26.82 - - [12/Jan/2015:12:24:12 -0500] "GET /BLA/boletinlegal/js/jquery.js HTTP/1.1" 200 57254
181.50.26.82 - - [12/Jan/2015:12:24:12 -0500] "GET /galeria/carrusel/Carrusel/jquery-ui-1.8.13.custom.min.js HTTP/1.1" 200 10800
181.50.26.82 - - [12/Jan/2015:12:24:12 -0500] "GET /galeria/carrusel/Carrusel/jquery.thumbnailScroller.js HTTP/1.1" 200 8157
181.50.26.82 - - [12/Jan/2015:12:24:12 -0500] "GET /BLA/boletinlegal/js/jquery.scrollShow.js HTTP/1.1" 200 4586
181.50.26.82 - - [12/Jan/2015:12:24:14 -0500] "GET /galeria/nivo-slider/demo/demo.html HTTP/1.1" 200 3150
181.50.26.82 - - [12/Jan/2015:12:24:14 -0500] "GET /galeria/nivo-slider/themes/pascal/pascal.css HTTP/1.1" 200 2258
181.50.26.82 - - [12/Jan/2015:12:24:14 -0500] "GET /galeria/nivo-slider/nivo-slider.css HTTP/1.1" 200 1507
181.50.26.82 - - [12/Jan/2015:12:24:14 -0500] "GET /galeria/nivo-slider/demo/style.css HTTP/1.1" 200 2222
181.50.26.82 - - [12/Jan/2015:12:24:14 -0500] "GET /galeria/nivo-slider/demo/scripts/jquery-1.7.1.min.js HTTP/1.1" 200 93868
181.50.26.82 - - [12/Jan/2015:12:24:14 -0500] "GET /galeria/nivo-slider/themes/default/default.css HTTP/1.1" 200 1569
181.50.26.82 - - [12/Jan/2015:12:24:14 -0500] "GET /galeria/nivo-slider/themes/orman/orman.css HTTP/1.1" 200 2152
181.50.26.82 - - [12/Jan/2015:12:24:14 -0500] "GET /galeria/nivo-slider/jquery.nivo.slider.pack.js HTTP/1.1" 200 11561
181.50.26.82 - - [12/Jan/2015:12:24:14 -0500] "GET /galeria/nivo-slider/themes/default/loading.gif HTTP/1.1" 200 1737
181.50.26.82 - - [12/Jan/2015:12:24:14 -0500] "GET /galeria/nivo-slider/demo/images/4Simple_Slider.png HTTP/1.1" 200 11722
186.84.40.34 - - [12/Jan/2015:12:24:15 -0500] "POST /forms/lservlet;jsessionid=ac16012b30d5b930346dabb54c25a2d5a04463a31c2d.e3iSbxaKaheRe34SahiRb30Pchr0n6jAmljGr5XDqQLvpAe HTTP/1.1" 200 2
181.50.26.82 - - [12/Jan/2015:12:24:16 -0500] "GET /galeria/nivo-slider/demo/images/bolsas-08.jpg HTTP/1.1" 200 85589
181.50.26.82 - - [12/Jan/2015:12:24:16 -0500] "GET /galeria/nivo-slider/demo/images/Ruta-vertimientos-01.jpg HTTP/1.1" 200 130151
181.50.26.82 - - [12/Jan/2015:12:24:16 -0500] "GET /galeria/nivo-slider/demo/images/bolsas-06.jpg HTTP/1.1" 200 90982
181.50.26.82 - - [12/Jan/2015:12:24:16 -0500] "GET /galeria/nivo-slider/demo/images/porloshumedales.jpg HTTP/1.1" 200 351238
181.50.26.82 - - [12/Jan/2015:12:24:16 -0500] "GET /galeria/nivo-slider/demo/images/ecolecta-Dic2014.png HTTP/1.1" 200 288593
186.29.203.131 - - [12/Jan/2015:12:24:08 -0500] "POST /forest/actions/forms.sendFile HTTP/1.1" 200 109
181.50.26.82 - - [12/Jan/2015:12:24:17 -0500] "GET /galeria/nivo-slider/demo/images/Tingua-azul.jpg HTTP/1.1" 200 307638
181.50.26.82 - - [12/Jan/2015:12:24:19 -0500] "GET /galeria/nivo-slider/demo/images/Banner-Caracol-Africano.jpg HTTP/1.1" 200 331986
181.50.26.82 - - [12/Jan/2015:12:24:23 -0500] "GET /galeria/nivo-slider/demo/images/banner-redes.jpg HTTP/1.1" 200 62209
181.50.26.82 - - [12/Jan/2015:12:24:24 -0500] "GET /galeria/nivo-slider/demo/images/9Signos.jpg HTTP/1.1" 200 93040
181.50.26.82 - - [12/Jan/2015:12:24:24 -0500] "GET /galeria/nivo-slider/demo/images/banner-llantas2.jpg HTTP/1.1" 200 73153
181.50.26.82 - - [12/Jan/2015:12:24:25 -0500] "GET /galeria/nivo-slider/demo/images/banner-caballos.png HTTP/1.1" 200 389106
190.156.91.79 - - [12/Jan/2015:12:24:27 -0500] "POST /forms/lservlet;jsessionid=ac16012b30d5b9c7596d463549dcbb039173fc01d604.e3iSbxaKaheRe34SahiRb30Pchr0n6jAmljGr5XDqQLvpAe HTTP/1.1" 200 2
181.50.26.82 - - [12/Jan/2015:12:24:28 -0500] "GET /galeria/nivo-slider/themes/default/arrows.png HTTP/1.1" 200 824
181.50.26.82 - - [12/Jan/2015:12:24:28 -0500] "GET /galeria/nivo-slider/themes/default/bullets.png HTTP/1.1" 200 1281
181.50.26.82 - - [12/Jan/2015:12:24:29 -0500] "GET /videos/Spot_CambioClimatico.flv HTTP/1.1" 200 4371917
180.76.6.44 - - [12/Jan/2015:12:24:35 -0500] "GET /BLA/resoluciones/RESOLUCIONES%202012/1846.pdf HTTP/1.1" 200 456063
186.29.203.131 - - [12/Jan/2015:12:24:25 -0500] "POST /forest/actions/forms.sendFile HTTP/1.1" 200 111
186.29.203.131 - - [12/Jan/2015:12:24:16 -0500] "GET /forest/file/3688808 HTTP/1.1" 200 18175
186.29.203.131 - - [12/Jan/2015:12:24:49 -0500] "POST /forms/lservlet;jsessionid=ac16012b30d5b10e4f29f1924fbb8a83aef930aaa7e9.e3iSbxaKaheRe34SahiRb30Pchr0n6jAmljGr5XDqQLvpAe HTTP/1.1" 200 2
186.29.203.131 - - [12/Jan/2015:12:25:08 -0500] "POST /forest/usutareas.do? HTTP/1.1" 200 76
186.29.203.131 - - [12/Jan/2015:12:25:13 -0500] "GET /forest/skins/gdocs-jar/js/grid.js?version=1412.231748 HTTP/1.1" 200 7034
186.29.203.131 - - [12/Jan/2015:12:25:10 -0500] "GET /forest/usutareas.do?group_system_actual=3&a=0.016976329032331705 HTTP/1.1" 200 257031
186.29.203.131 - - [12/Jan/2015:12:25:14 -0500] "GET /forest/skins/gdocs-jar/img/edit2.gif HTTP/1.1" 304 -
186.29.203.131 - - [12/Jan/2015:12:25:14 -0500] "GET /forest/session.jsp?a=0.689310252899304 HTTP/1.1" 200 4
186.29.203.131 - - [12/Jan/2015:12:25:14 -0500] "GET /forest/actions/forms.getList?codForm=Anexo4&id=p300 HTTP/1.1" 200 136
186.29.203.131 - - [12/Jan/2015:12:25:14 -0500] "GET /forest/actions/forms.getList?codForm=Anexo4&id=p312 HTTP/1.1" 200 88
186.29.203.131 - - [12/Jan/2015:12:25:14 -0500] "GET /forest/actions/forms.getList?codForm=Anexo4&id=p368 HTTP/1.1" 200 209
186.29.203.131 - - [12/Jan/2015:12:25:20 -0500] "GET /forest/skins/gdocs-jar/popup/escritorio/subirborrador.jsp?form=Anexo4&codTpl=&codBorr=538541&a=0.6127112612593919 HTTP/1.1" 200 23292
188.165.15.239 - - [12/Jan/2015:12:25:20 -0500] "GET /BLA/resoluciones/index.php?dir=RESOLUCIONES%202005/RES%202005%203101-3150/&sort=name&order=desc HTTP/1.1" 200 12366
186.29.203.131 - - [12/Jan/2015:12:25:21 -0500] "GET /forest/json.do?query=borradoresByTpls&codInst=3008350&codTare=3396&firma=0&a=0.0851657036691904 HTTP/1.1" 200 186
186.29.203.131 - - [12/Jan/2015:12:25:21 -0500] "GET /forest/json.do?query=plantillasByTarea&codTare=3396&codInst=3008350&firma=0&a=0.28677241993136704 HTTP/1.1" 200 157
186.29.203.131 - - [12/Jan/2015:12:25:21 -0500] "GET /forest/json.do?query=terceroById&numTer=899999061-9%20SDA&a=0.960409042192623 HTTP/1.1" 200 666
186.29.203.131 - - [12/Jan/2015:12:25:21 -0500] "GET /forest/json.do?query=datosBorradorByCodTraBorr&codTraBorr=1600256&a=0.5320547304581851 HTTP/1.1" 200 180
186.29.203.131 - - [12/Jan/2015:12:25:21 -0500] "GET /forest/json.do?query=adjuntosByBorrador&codTraBorr=1600256&a=0.2978739948011935 HTTP/1.1" 200 2
186.29.203.131 - - [12/Jan/2015:12:25:22 -0500] "GET /forest/json.do?query=ultimoBorradorByTpl&codTpl=1847&codInst=3008350&a=0.06877753767184913 HTTP/1.1" 200 20
157.55.39.23 - - [12/Jan/2015:12:25:46 -0500] "GET /BLA/resoluciones/AUTOS%202012/2642.pdf HTTP/1.1" 200 267728
207.46.13.113 - - [12/Jan/2015:12:25:58 -0500] "GET /BLA/boletinlegal/circulares/2009IE24690.pdf HTTP/1.1" 200 74941
186.84.40.34 - - [12/Jan/2015:12:26:10 -0500] "POST /forms/lservlet;jsessionid=ac16012b30d5b930346dabb54c25a2d5a04463a31c2d.e3iSbxaKaheRe34SahiRb30Pchr0n6jAmljGr5XDqQLvpAe HTTP/1.1" 200 17290
186.84.40.34 - - [12/Jan/2015:12:26:11 -0500] "GET /imagenes/listval.gif HTTP/1.1" 200 905
186.84.40.34 - - [12/Jan/2015:12:26:12 -0500] "GET /imagenes/SELECION.gif HTTP/1.1" 200 988
186.84.40.34 - - [12/Jan/2015:12:26:12 -0500] "GET /imagenes/meter.gif HTTP/1.1" 200 1083
186.84.44.58 - - [12/Jan/2015:12:26:12 -0500] "POST /forms/lservlet;jsessionid=ac16012b30d5119b3910b34c44c69c548c7d89a14328.e3iSbxaKaheRe34SahiRb30Pchr0n6jAmljGr5XDqQLvpAe HTTP/1.1" 200 2
186.84.40.34 - - [12/Jan/2015:12:26:12 -0500] "GET /imagenes/Utility.gif HTTP/1.1" 200 1049
186.84.40.34 - - [12/Jan/2015:12:26:12 -0500] "GET /imagenes/rt_rec1.gif HTTP/1.1" 200 867
186.84.40.34 - - [12/Jan/2015:12:26:12 -0500] "GET /imagenes/apply.gif HTTP/1.1" 200 903
186.84.40.34 - - [12/Jan/2015:12:26:12 -0500] "GET /imagenes/rt_print.gif HTTP/1.1" 200 916
186.84.40.34 - - [12/Jan/2015:12:26:12 -0500] "GET /imagenes/exit.gif HTTP/1.1" 200 916
186.84.40.34 - - [12/Jan/2015:12:26:12 -0500] "GET /imagenes/LISTVAL.gif HTTP/1.1" 200 905
186.84.40.34 - - [12/Jan/2015:12:26:12 -0500] "GET /imagenes/edit.gif HTTP/1.1" 200 919
186.84.40.34 - - [12/Jan/2015:12:26:12 -0500] "GET /imagenes/rt_rec4.gif HTTP/1.1" 200 865
186.84.40.34 - - [12/Jan/2015:12:26:12 -0500] "GET /imagenes/rt_rec3.gif HTTP/1.1" 200 844
186.84.40.34 - - [12/Jan/2015:12:26:12 -0500] "GET /imagenes/rt_rec2.gif HTTP/1.1" 200 847
186.84.40.34 - - [12/Jan/2015:12:26:12 -0500] "GET /imagenes/rt_rdel.gif HTTP/1.1" 200 899
186.84.40.34 - - [12/Jan/2015:12:26:12 -0500] "GET /imagenes/rt_radd.gif HTTP/1.1" 200 907
186.84.40.34 - - [12/Jan/2015:12:26:12 -0500] "GET /imagenes/rt_quer3.gif HTTP/1.1" 200 939
186.84.40.34 - - [12/Jan/2015:12:26:12 -0500] "GET /imagenes/rt_quer2.gif HTTP/1.1" 200 936
186.84.40.34 - - [12/Jan/2015:12:26:12 -0500] "GET /imagenes/rt_quer1.gif HTTP/1.1" 200 930
186.84.40.34 - - [12/Jan/2015:12:26:12 -0500] "GET /imagenes/rt_save.gif HTTP/1.1" 200 903
186.84.40.34 - - [12/Jan/2015:12:26:12 -0500] "GET /imagenes/rt_pset.gif HTTP/1.1" 200 914
186.84.40.34 - - [12/Jan/2015:12:26:12 -0500] "POST /forms/lservlet;jsessionid=ac16012b30d5b930346dabb54c25a2d5a04463a31c2d.e3iSbxaKaheRe34SahiRb30Pchr0n6jAmljGr5XDqQLvpAe HTTP/1.1" 200 10
186.84.40.34 - - [12/Jan/2015:12:26:13 -0500] "POST /forms/lservlet;jsessionid=ac16012b30d5b930346dabb54c25a2d5a04463a31c2d.e3iSbxaKaheRe34SahiRb30Pchr0n6jAmljGr5XDqQLvpAe HTTP/1.1" 200 27
186.84.40.34 - - [12/Jan/2015:12:26:15 -0500] "POST /forms/lservlet;jsessionid=ac16012b30d5b930346dabb54c25a2d5a04463a31c2d.e3iSbxaKaheRe34SahiRb30Pchr0n6jAmljGr5XDqQLvpAe HTTP/1.1" 200 2
186.84.40.34 - - [12/Jan/2015:12:26:15 -0500] "POST /forms/lservlet;jsessionid=ac16012b30d5b930346dabb54c25a2d5a04463a31c2d.e3iSbxaKaheRe34SahiRb30Pchr0n6jAmljGr5XDqQLvpAe HTTP/1.1" 200 94
186.84.40.34 - - [12/Jan/2015:12:26:15 -0500] "POST /forms/lservlet;jsessionid=ac16012b30d5b930346dabb54c25a2d5a04463a31c2d.e3iSbxaKaheRe34SahiRb30Pchr0n6jAmljGr5XDqQLvpAe HTTP/1.1" 200 2
186.84.40.34 - - [12/Jan/2015:12:26:16 -0500] "POST /forms/lservlet;jsessionid=ac16012b30d5b930346dabb54c25a2d5a04463a31c2d.e3iSbxaKaheRe34SahiRb30Pchr0n6jAmljGr5XDqQLvpAe HTTP/1.1" 200 2
186.84.40.34 - - [12/Jan/2015:12:26:16 -0500] "POST /forms/lservlet;jsessionid=ac16012b30d5b930346dabb54c25a2d5a04463a31c2d.e3iSbxaKaheRe34SahiRb30Pchr0n6jAmljGr5XDqQLvpAe HTTP/1.1" 200 641
186.84.40.34 - - [12/Jan/2015:12:26:17 -0500] "POST /forms/lservlet;jsessionid=ac16012b30d5b930346dabb54c25a2d5a04463a31c2d.e3iSbxaKaheRe34SahiRb30Pchr0n6jAmljGr5XDqQLvpAe HTTP/1.1" 200 45
186.84.40.34 - - [12/Jan/2015:12:26:19 -0500] "POST /forms/lservlet;jsessionid=ac16012b30d5b930346dabb54c25a2d5a04463a31c2d.e3iSbxaKaheRe34SahiRb30Pchr0n6jAmljGr5XDqQLvpAe HTTP/1.1" 200 34779
186.84.40.34 - - [12/Jan/2015:12:26:20 -0500] "GET /imagenes/tree1.gif HTTP/1.1" 200 1161
186.84.40.34 - - [12/Jan/2015:12:26:21 -0500] "GET /imagenes/listval.gif HTTP/1.1" 200 905
186.84.40.34 - - [12/Jan/2015:12:26:21 -0500] "GET /imagenes/CAMERA3.gif HTTP/1.1" 200 4150
186.84.40.34 - - [12/Jan/2015:12:26:21 -0500] "GET /imagenes/SLIDE1.gif HTTP/1.1" 200 1111
186.84.40.34 - - [12/Jan/2015:12:26:21 -0500] "GET /imagenes/flexcomb.gif HTTP/1.1" 200 1169
186.84.40.34 - - [12/Jan/2015:12:26:21 -0500] "GET /imagenes/GO.gif HTTP/1.1" 200 904
186.84.40.34 - - [12/Jan/2015:12:26:21 -0500] "GET /imagenes/HRTOOLS.gif HTTP/1.1" 200 2238
186.84.40.34 - - [12/Jan/2015:12:26:21 -0500] "GET /imagenes/QUEJA.gif HTTP/1.1" 200 1091
186.84.40.34 - - [12/Jan/2015:12:26:21 -0500] "GET /imagenes/ARBOL.gif HTTP/1.1" 200 1026
186.84.40.34 - - [12/Jan/2015:12:26:21 -0500] "GET /imagenes/Clipboard.gif HTTP/1.1" 200 1466
186.84.40.34 - - [12/Jan/2015:12:26:21 -0500] "GET /imagenes/DINERO.gif HTTP/1.1" 200 1766
186.84.40.34 - - [12/Jan/2015:12:26:21 -0500] "GET /imagenes/URGENTE.gif HTTP/1.1" 200 964
186.84.40.34 - - [12/Jan/2015:12:26:21 -0500] "GET /imagenes/TREE4.gif HTTP/1.1" 200 4150
186.84.40.34 - - [12/Jan/2015:12:26:21 -0500] "POST /forms/lservlet;jsessionid=ac16012b30d5b930346dabb54c25a2d5a04463a31c2d.e3iSbxaKaheRe34SahiRb30Pchr0n6jAmljGr5XDqQLvpAe HTTP/1.1" 200 7
186.84.40.34 - - [12/Jan/2015:12:26:21 -0500] "POST /forms/lservlet;jsessionid=ac16012b30d5b930346dabb54c25a2d5a04463a31c2d.e3iSbxaKaheRe34SahiRb30Pchr0n6jAmljGr5XDqQLvpAe HTTP/1.1" 200 34
186.84.40.34 - - [12/Jan/2015:12:26:21 -0500] "POST /forms/lservlet;jsessionid=ac16012b30d5b930346dabb54c25a2d5a04463a31c2d.e3iSbxaKaheRe34SahiRb30Pchr0n6jAmljGr5XDqQLvpAe HTTP/1.1" 200 2
186.29.203.131 - - [12/Jan/2015:12:25:41 -0500] "POST /forest/usutareas.do?group_system_actual=3 HTTP/1.1" 200 202
190.156.91.79 - - [12/Jan/2015:12:26:27 -0500] "POST /forms/lservlet;jsessionid=ac16012b30d5b9c7596d463549dcbb039173fc01d604.e3iSbxaKaheRe34SahiRb30Pchr0n6jAmljGr5XDqQLvpAe HTTP/1.1" 200 2
186.29.203.131 - - [12/Jan/2015:12:25:13 -0500] "GET /ForestMSG_SDA/channelAsync/template_word_17263807?X-Atmosphere-tracking-id=af69bb57-4ddf-8ebb-0791-3cbd70b91608&X-Atmosphere-Framework=1.0.5&X-Atmosphere-Transport=long-polling&tabid=0.5261790596414357&X-Cache-Date=0&Content-Type=application/xml&_=1421083719306 HTTP/1.1" 200 8193
186.29.203.131 - - [12/Jan/2015:12:26:28 -0500] "GET /forest/usutareas.do?group_system_actual=3&a=0.7421714344527572 HTTP/1.1" 200 257036
186.29.203.131 - - [12/Jan/2015:12:26:31 -0500] "GET /forest/session.jsp?a=0.6548096649348736 HTTP/1.1" 200 4
186.29.203.131 - - [12/Jan/2015:12:26:32 -0500] "GET /forest/actions/forms.getList?codForm=Anexo4&id=p300 HTTP/1.1" 200 136
186.29.203.131 - - [12/Jan/2015:12:26:32 -0500] "GET /forest/actions/forms.getList?codForm=Anexo4&id=p312 HTTP/1.1" 200 88
186.29.203.131 - - [12/Jan/2015:12:26:32 -0500] "GET /forest/actions/forms.getList?codForm=Anexo4&id=p368 HTTP/1.1" 200 209
186.29.203.131 - - [12/Jan/2015:12:26:33 -0500] "GET /forest/downloads.jsp?_a=0.30250570666976273 HTTP/1.1" 200 18438
186.29.203.131 - - [12/Jan/2015:12:26:34 -0500] "GET /forest/img/download1.gif HTTP/1.1" 304 -
186.29.203.131 - - [12/Jan/2015:12:26:34 -0500] "GET /forest/session.jsp?a=0.9262088797986507 HTTP/1.1" 200 4
186.29.203.131 - - [12/Jan/2015:12:26:49 -0500] "POST /forms/lservlet;jsessionid=ac16012b30d5b10e4f29f1924fbb8a83aef930aaa7e9.e3iSbxaKaheRe34SahiRb30Pchr0n6jAmljGr5XDqQLvpAe HTTP/1.1" 200 2
186.84.40.34 - - [12/Jan/2015:12:27:10 -0500] "POST /forms/lservlet;jsessionid=ac16012b30d5b930346dabb54c25a2d5a04463a31c2d.e3iSbxaKaheRe34SahiRb30Pchr0n6jAmljGr5XDqQLvpAe HTTP/1.1" 200 647
186.84.40.34 - - [12/Jan/2015:12:27:26 -0500] "POST /forms/lservlet;jsessionid=ac16012b30d5b930346dabb54c25a2d5a04463a31c2d.e3iSbxaKaheRe34SahiRb30Pchr0n6jAmljGr5XDqQLvpAe HTTP/1.1" 200 24
186.84.40.34 - - [12/Jan/2015:12:27:27 -0500] "POST /forms/lservlet;jsessionid=ac16012b30d5b930346dabb54c25a2d5a04463a31c2d.e3iSbxaKaheRe34SahiRb30Pchr0n6jAmljGr5XDqQLvpAe HTTP/1.1" 200 4005
186.84.40.34 - - [12/Jan/2015:12:27:28 -0500] "POST /forms/lservlet;jsessionid=ac16012b30d5b930346dabb54c25a2d5a04463a31c2d.e3iSbxaKaheRe34SahiRb30Pchr0n6jAmljGr5XDqQLvpAe HTTP/1.1" 200 2
186.84.40.34 - - [12/Jan/2015:12:27:34 -0500] "POST /forms/lservlet;jsessionid=ac16012b30d5b930346dabb54c25a2d5a04463a31c2d.e3iSbxaKaheRe34SahiRb30Pchr0n6jAmljGr5XDqQLvpAe HTTP/1.1" 200 2
186.84.40.34 - - [12/Jan/2015:12:27:34 -0500] "POST /forms/lservlet;jsessionid=ac16012b30d5b930346dabb54c25a2d5a04463a31c2d.e3iSbxaKaheRe34SahiRb30Pchr0n6jAmljGr5XDqQLvpAe HTTP/1.1" 200 14
186.84.40.34 - - [12/Jan/2015:12:27:35 -0500] "POST /forms/lservlet;jsessionid=ac16012b30d5b930346dabb54c25a2d5a04463a31c2d.e3iSbxaKaheRe34SahiRb30Pchr0n6jAmljGr5XDqQLvpAe HTTP/1.1" 200 14
66.249.67.119 - - [12/Jan/2015:12:27:37 -0500] "GET /PruebasSTORM/StormSDA_pruebas/userFiles/user_files/formatos/34.xml HTTP/1.1" 200 3910
186.84.40.34 - - [12/Jan/2015:12:27:37 -0500] "POST /forms/lservlet;jsessionid=ac16012b30d5b930346dabb54c25a2d5a04463a31c2d.e3iSbxaKaheRe34SahiRb30Pchr0n6jAmljGr5XDqQLvpAe HTTP/1.1" 200 131
186.84.40.34 - - [12/Jan/2015:12:27:38 -0500] "POST /forms/lservlet;jsessionid=ac16012b30d5b930346dabb54c25a2d5a04463a31c2d.e3iSbxaKaheRe34SahiRb30Pchr0n6jAmljGr5XDqQLvpAe HTTP/1.1" 200 2
201.244.117.108 - - [12/Jan/2015:12:27:39 -0500] "GET /galeria/carrusel/Carrusel/jquery.thumbnailScroller.css HTTP/1.1" 200 2066
201.244.117.108 - - [12/Jan/2015:12:27:39 -0500] "GET /BLA/boletinlegal/js/jquery.js HTTP/1.1" 200 57254
201.244.117.108 - - [12/Jan/2015:12:27:39 -0500] "GET /BLA/boletinlegal/js/jquery.scrollTo-min.js HTTP/1.1" 200 1150
201.244.117.108 - - [12/Jan/2015:12:27:39 -0500] "GET /BLA/boletinlegal/js/jquery.scrollShow.js HTTP/1.1" 200 4586
201.244.117.108 - - [12/Jan/2015:12:27:39 -0500] "GET /galeria/carrusel/Carrusel/jquery-ui-1.8.13.custom.min.js HTTP/1.1" 200 10800
201.244.117.108 - - [12/Jan/2015:12:27:39 -0500] "GET /galeria/carrusel/Carrusel/jquery.thumbnailScroller.js HTTP/1.1" 200 8157
186.84.40.34 - - [12/Jan/2015:12:27:39 -0500] "GET /reports/rwservlet/getjobid340446?server=rep_srvapsda HTTP/1.1" 200 369719
201.244.117.108 - - [12/Jan/2015:12:27:46 -0500] "GET /galeria/nivo-slider/demo/demo.html HTTP/1.1" 200 3150
201.244.117.108 - - [12/Jan/2015:12:27:47 -0500] "GET /galeria/nivo-slider/themes/default/default.css HTTP/1.1" 200 1569
201.244.117.108 - - [12/Jan/2015:12:27:47 -0500] "GET /galeria/nivo-slider/themes/pascal/pascal.css HTTP/1.1" 200 2258
201.244.117.108 - - [12/Jan/2015:12:27:47 -0500] "GET /galeria/nivo-slider/themes/orman/orman.css HTTP/1.1" 200 2152
201.244.117.108 - - [12/Jan/2015:12:27:47 -0500] "GET /galeria/nivo-slider/nivo-slider.css HTTP/1.1" 200 1507
201.244.117.108 - - [12/Jan/2015:12:27:47 -0500] "GET /galeria/nivo-slider/demo/style.css HTTP/1.1" 200 2222
201.244.117.108 - - [12/Jan/2015:12:27:47 -0500] "GET /galeria/nivo-slider/demo/scripts/jquery-1.7.1.min.js HTTP/1.1" 200 93868
201.244.117.108 - - [12/Jan/2015:12:27:48 -0500] "GET /galeria/nivo-slider/jquery.nivo.slider.pack.js HTTP/1.1" 200 11561
201.244.117.108 - - [12/Jan/2015:12:27:49 -0500] "GET /galeria/nivo-slider/demo/images/bolsas-08.jpg HTTP/1.1" 200 85589
201.244.117.108 - - [12/Jan/2015:12:27:49 -0500] "GET /galeria/nivo-slider/demo/images/Ruta-vertimientos-01.jpg HTTP/1.1" 200 130151
201.244.117.108 - - [12/Jan/2015:12:27:49 -0500] "GET /galeria/nivo-slider/demo/images/bolsas-06.jpg HTTP/1.1" 200 90982
201.244.117.108 - - [12/Jan/2015:12:27:49 -0500] "GET /galeria/nivo-slider/demo/images/ecolecta-Dic2014.png HTTP/1.1" 200 288593
201.244.117.108 - - [12/Jan/2015:12:27:49 -0500] "GET /galeria/nivo-slider/demo/images/porloshumedales.jpg HTTP/1.1" 200 351238
201.244.117.108 - - [12/Jan/2015:12:27:54 -0500] "GET /galeria/nivo-slider/demo/images/Tingua-azul.jpg HTTP/1.1" 200 307638
201.244.117.108 - - [12/Jan/2015:12:27:58 -0500] "GET /galeria/nivo-slider/demo/images/Banner-Caracol-Africano.jpg HTTP/1.1" 200 331986
201.244.117.108 - - [12/Jan/2015:12:28:00 -0500] "GET /galeria/nivo-slider/themes/default/loading.gif HTTP/1.1" 200 1737
201.244.117.108 - - [12/Jan/2015:12:28:00 -0500] "GET /galeria/nivo-slider/demo/images/4Simple_Slider.png HTTP/1.1" 200 11722
201.244.117.108 - - [12/Jan/2015:12:28:01 -0500] "GET /galeria/nivo-slider/demo/images/banner-redes.jpg HTTP/1.1" 200 62209
201.244.117.108 - - [12/Jan/2015:12:28:02 -0500] "GET /galeria/nivo-slider/demo/images/9Signos.jpg HTTP/1.1" 200 93040
201.244.117.108 - - [12/Jan/2015:12:28:05 -0500] "GET /galeria/nivo-slider/demo/images/banner-llantas2.jpg HTTP/1.1" 200 73153
201.244.117.108 - - [12/Jan/2015:12:28:05 -0500] "GET /galeria/nivo-slider/demo/images/banner-caballos.png HTTP/1.1" 200 389106
186.84.44.58 - - [12/Jan/2015:12:28:12 -0500] "POST /forms/lservlet;jsessionid=ac16012b30d5119b3910b34c44c69c548c7d89a14328.e3iSbxaKaheRe34SahiRb30Pchr0n6jAmljGr5XDqQLvpAe HTTP/1.1" 200 2
201.244.117.108 - - [12/Jan/2015:12:28:12 -0500] "GET /videos/Spot_CambioClimatico.flv HTTP/1.1" 200 4371917
201.244.117.108 - - [12/Jan/2015:12:28:13 -0500] "GET /galeria/nivo-slider/themes/default/bullets.png HTTP/1.1" 200 1281
201.244.117.108 - - [12/Jan/2015:12:28:13 -0500] "GET /galeria/nivo-slider/themes/default/arrows.png HTTP/1.1" 200 824
186.84.40.34 - - [12/Jan/2015:12:28:15 -0500] "POST /forms/lservlet;jsessionid=ac16012b30d5b930346dabb54c25a2d5a04463a31c2d.e3iSbxaKaheRe34SahiRb30Pchr0n6jAmljGr5XDqQLvpAe HTTP/1.1" 200 2
186.145.96.107 - - [12/Jan/2015:12:28:20 -0500] "GET /BLA/boletinlegal/js/jquery.scrollTo-min.js HTTP/1.1" 200 1150
186.145.96.107 - - [12/Jan/2015:12:28:20 -0500] "GET /BLA/boletinlegal/js/jquery.scrollShow.js HTTP/1.1" 200 4586
186.145.96.107 - - [12/Jan/2015:12:28:20 -0500] "GET /BLA/boletinlegal/js/jquery.js HTTP/1.1" 200 57254
66.249.67.83 - - [12/Jan/2015:12:28:24 -0500] "GET /BLA/resoluciones/AUTOS%202006/AUTOS%202006%201701%20-%201800/00001748.tif HTTP/1.1" 200 70606
190.156.91.79 - - [12/Jan/2015:12:28:27 -0500] "POST /forms/lservlet;jsessionid=ac16012b30d5b9c7596d463549dcbb039173fc01d604.e3iSbxaKaheRe34SahiRb30Pchr0n6jAmljGr5XDqQLvpAe HTTP/1.1" 200 2
186.29.0.96 - - [12/Jan/2015:12:28:36 -0500] "GET /galeria/nivo-slider/demo/demo.html HTTP/1.1" 304 -
188.165.15.66 - - [12/Jan/2015:12:28:36 -0500] "GET /BLA/resoluciones/RESOLUCIONES%202002/RES%202002%20851-900/00000853.tif HTTP/1.1" 200 103678
186.29.0.96 - - [12/Jan/2015:12:28:36 -0500] "GET /galeria/nivo-slider/demo/images/bolsas-08.jpg HTTP/1.1" 304 -
186.29.0.96 - - [12/Jan/2015:12:28:36 -0500] "GET /galeria/nivo-slider/demo/images/Ruta-vertimientos-01.jpg HTTP/1.1" 304 -
186.29.0.96 - - [12/Jan/2015:12:28:36 -0500] "GET /galeria/nivo-slider/demo/images/bolsas-06.jpg HTTP/1.1" 304 -
186.29.0.96 - - [12/Jan/2015:12:28:36 -0500] "GET /galeria/nivo-slider/demo/images/ecolecta-Dic2014.png HTTP/1.1" 206 1
186.29.0.96 - - [12/Jan/2015:12:28:36 -0500] "GET /galeria/nivo-slider/demo/images/porloshumedales.jpg HTTP/1.1" 206 1
186.29.0.96 - - [12/Jan/2015:12:28:36 -0500] "GET /galeria/nivo-slider/demo/images/Tingua-azul.jpg HTTP/1.1" 206 1
186.29.0.96 - - [12/Jan/2015:12:28:36 -0500] "GET /galeria/nivo-slider/demo/images/Banner-Caracol-Africano.jpg HTTP/1.1" 206 1
186.29.0.96 - - [12/Jan/2015:12:28:36 -0500] "GET /galeria/nivo-slider/demo/images/Tingua-azul.jpg HTTP/1.1" 206 281312
