186.84.44.58 - - [12/Jan/2015:11:01:05 -0500] "POST /forms/lservlet;jsessionid=ac16012b30d5119b3910b34c44c69c548c7d89a14328.e3iSbxaKaheRe34SahiRb30Pchr0n6jAmljGr5XDqQLvpAe HTTP/1.1" 200 2165
186.84.44.58 - - [12/Jan/2015:11:01:06 -0500] "POST /forms/lservlet;jsessionid=ac16012b30d5119b3910b34c44c69c548c7d89a14328.e3iSbxaKaheRe34SahiRb30Pchr0n6jAmljGr5XDqQLvpAe HTTP/1.1" 200 2
186.84.44.58 - - [12/Jan/2015:11:01:06 -0500] "POST /forms/lservlet;jsessionid=ac16012b30d5119b3910b34c44c69c548c7d89a14328.e3iSbxaKaheRe34SahiRb30Pchr0n6jAmljGr5XDqQLvpAe HTTP/1.1" 200 2
186.84.44.58 - - [12/Jan/2015:11:01:06 -0500] "POST /forms/lservlet;jsessionid=ac16012b30d5119b3910b34c44c69c548c7d89a14328.e3iSbxaKaheRe34SahiRb30Pchr0n6jAmljGr5XDqQLvpAe HTTP/1.1" 200 3075
186.84.44.58 - - [12/Jan/2015:11:01:07 -0500] "POST /forms/lservlet;jsessionid=ac16012b30d5119b3910b34c44c69c548c7d89a14328.e3iSbxaKaheRe34SahiRb30Pchr0n6jAmljGr5XDqQLvpAe HTTP/1.1" 200 2
186.84.44.58 - - [12/Jan/2015:11:01:08 -0500] "POST /forms/lservlet;jsessionid=ac16012b30d5119b3910b34c44c69c548c7d89a14328.e3iSbxaKaheRe34SahiRb30Pchr0n6jAmljGr5XDqQLvpAe HTTP/1.1" 200 2
186.84.44.58 - - [12/Jan/2015:11:01:08 -0500] "POST /forms/lservlet;jsessionid=ac16012b30d5119b3910b34c44c69c548c7d89a14328.e3iSbxaKaheRe34SahiRb30Pchr0n6jAmljGr5XDqQLvpAe HTTP/1.1" 200 3124
186.84.44.58 - - [12/Jan/2015:11:01:08 -0500] "POST /forms/lservlet;jsessionid=ac16012b30d5119b3910b34c44c69c548c7d89a14328.e3iSbxaKaheRe34SahiRb30Pchr0n6jAmljGr5XDqQLvpAe HTTP/1.1" 200 2
186.84.44.58 - - [12/Jan/2015:11:01:09 -0500] "POST /forms/lservlet;jsessionid=ac16012b30d5119b3910b34c44c69c548c7d89a14328.e3iSbxaKaheRe34SahiRb30Pchr0n6jAmljGr5XDqQLvpAe HTTP/1.1" 200 2
186.84.44.58 - - [12/Jan/2015:11:01:09 -0500] "POST /forms/lservlet;jsessionid=ac16012b30d5119b3910b34c44c69c548c7d89a14328.e3iSbxaKaheRe34SahiRb30Pchr0n6jAmljGr5XDqQLvpAe HTTP/1.1" 200 3108
186.84.44.58 - - [12/Jan/2015:11:01:09 -0500] "POST /forms/lservlet;jsessionid=ac16012b30d5119b3910b34c44c69c548c7d89a14328.e3iSbxaKaheRe34SahiRb30Pchr0n6jAmljGr5XDqQLvpAe HTTP/1.1" 200 2
186.84.44.58 - - [12/Jan/2015:11:01:12 -0500] "POST /forms/lservlet;jsessionid=ac16012b30d5119b3910b34c44c69c548c7d89a14328.e3iSbxaKaheRe34SahiRb30Pchr0n6jAmljGr5XDqQLvpAe HTTP/1.1" 200 2
186.84.44.58 - - [12/Jan/2015:11:01:12 -0500] "POST /forms/lservlet;jsessionid=ac16012b30d5119b3910b34c44c69c548c7d89a14328.e3iSbxaKaheRe34SahiRb30Pchr0n6jAmljGr5XDqQLvpAe HTTP/1.1" 200 2911
186.84.44.58 - - [12/Jan/2015:11:01:12 -0500] "POST /forms/lservlet;jsessionid=ac16012b30d5119b3910b34c44c69c548c7d89a14328.e3iSbxaKaheRe34SahiRb30Pchr0n6jAmljGr5XDqQLvpAe HTTP/1.1" 200 2
186.84.44.58 - - [12/Jan/2015:11:01:14 -0500] "POST /forms/lservlet;jsessionid=ac16012b30d5119b3910b34c44c69c548c7d89a14328.e3iSbxaKaheRe34SahiRb30Pchr0n6jAmljGr5XDqQLvpAe HTTP/1.1" 200 2
186.84.44.58 - - [12/Jan/2015:11:01:14 -0500] "POST /forms/lservlet;jsessionid=ac16012b30d5119b3910b34c44c69c548c7d89a14328.e3iSbxaKaheRe34SahiRb30Pchr0n6jAmljGr5XDqQLvpAe HTTP/1.1" 200 2929
186.84.44.58 - - [12/Jan/2015:11:01:15 -0500] "POST /forms/lservlet;jsessionid=ac16012b30d5119b3910b34c44c69c548c7d89a14328.e3iSbxaKaheRe34SahiRb30Pchr0n6jAmljGr5XDqQLvpAe HTTP/1.1" 200 2
186.84.44.58 - - [12/Jan/2015:11:01:16 -0500] "POST /forms/lservlet;jsessionid=ac16012b30d5119b3910b34c44c69c548c7d89a14328.e3iSbxaKaheRe34SahiRb30Pchr0n6jAmljGr5XDqQLvpAe HTTP/1.1" 200 2
186.84.44.58 - - [12/Jan/2015:11:01:16 -0500] "POST /forms/lservlet;jsessionid=ac16012b30d5119b3910b34c44c69c548c7d89a14328.e3iSbxaKaheRe34SahiRb30Pchr0n6jAmljGr5XDqQLvpAe HTTP/1.1" 200 2824
186.84.44.58 - - [12/Jan/2015:11:01:17 -0500] "POST /forms/lservlet;jsessionid=ac16012b30d5119b3910b34c44c69c548c7d89a14328.e3iSbxaKaheRe34SahiRb30Pchr0n6jAmljGr5XDqQLvpAe HTTP/1.1" 200 2
186.84.44.58 - - [12/Jan/2015:11:01:17 -0500] "POST /forms/lservlet;jsessionid=ac16012b30d5119b3910b34c44c69c548c7d89a14328.e3iSbxaKaheRe34SahiRb30Pchr0n6jAmljGr5XDqQLvpAe HTTP/1.1" 200 2
190.24.136.214 - - [12/Jan/2015:11:01:18 -0500] "GET /BLA/boletinlegal/js/jquery.scrollTo-min.js HTTP/1.1" 200 1150
190.24.136.214 - - [12/Jan/2015:11:01:18 -0500] "GET /galeria/carrusel/Carrusel/jquery-ui-1.8.13.custom.min.js HTTP/1.1" 200 10800
190.24.136.214 - - [12/Jan/2015:11:01:18 -0500] "GET /galeria/carrusel/Carrusel/jquery.thumbnailScroller.css HTTP/1.1" 200 2066
190.24.136.214 - - [12/Jan/2015:11:01:18 -0500] "GET /galeria/carrusel/Carrusel/jquery.thumbnailScroller.js HTTP/1.1" 200 8157
190.24.136.214 - - [12/Jan/2015:11:01:18 -0500] "GET /BLA/boletinlegal/js/jquery.js HTTP/1.1" 200 57254
186.84.44.58 - - [12/Jan/2015:11:01:17 -0500] "POST /forms/lservlet;jsessionid=ac16012b30d5119b3910b34c44c69c548c7d89a14328.e3iSbxaKaheRe34SahiRb30Pchr0n6jAmljGr5XDqQLvpAe HTTP/1.1" 200 3042
186.84.44.58 - - [12/Jan/2015:11:01:18 -0500] "POST /forms/lservlet;jsessionid=ac16012b30d5119b3910b34c44c69c548c7d89a14328.e3iSbxaKaheRe34SahiRb30Pchr0n6jAmljGr5XDqQLvpAe HTTP/1.1" 200 2
186.84.44.58 - - [12/Jan/2015:11:01:19 -0500] "POST /forms/lservlet;jsessionid=ac16012b30d5119b3910b34c44c69c548c7d89a14328.e3iSbxaKaheRe34SahiRb30Pchr0n6jAmljGr5XDqQLvpAe HTTP/1.1" 200 2
186.84.44.58 - - [12/Jan/2015:11:01:19 -0500] "POST /forms/lservlet;jsessionid=ac16012b30d5119b3910b34c44c69c548c7d89a14328.e3iSbxaKaheRe34SahiRb30Pchr0n6jAmljGr5XDqQLvpAe HTTP/1.1" 200 2914
186.84.44.58 - - [12/Jan/2015:11:01:20 -0500] "POST /forms/lservlet;jsessionid=ac16012b30d5119b3910b34c44c69c548c7d89a14328.e3iSbxaKaheRe34SahiRb30Pchr0n6jAmljGr5XDqQLvpAe HTTP/1.1" 200 2
186.84.44.58 - - [12/Jan/2015:11:01:21 -0500] "POST /forms/lservlet;jsessionid=ac16012b30d5119b3910b34c44c69c548c7d89a14328.e3iSbxaKaheRe34SahiRb30Pchr0n6jAmljGr5XDqQLvpAe HTTP/1.1" 200 2
190.24.136.214 - - [12/Jan/2015:11:01:21 -0500] "GET /BLA/boletinlegal/js/jquery.scrollShow.js HTTP/1.1" 200 4586
186.84.44.58 - - [12/Jan/2015:11:01:21 -0500] "POST /forms/lservlet;jsessionid=ac16012b30d5119b3910b34c44c69c548c7d89a14328.e3iSbxaKaheRe34SahiRb30Pchr0n6jAmljGr5XDqQLvpAe HTTP/1.1" 200 2535
186.84.44.58 - - [12/Jan/2015:11:01:21 -0500] "POST /forms/lservlet;jsessionid=ac16012b30d5119b3910b34c44c69c548c7d89a14328.e3iSbxaKaheRe34SahiRb30Pchr0n6jAmljGr5XDqQLvpAe HTTP/1.1" 200 2
190.24.136.214 - - [12/Jan/2015:11:01:21 -0500] "GET /galeria/nivo-slider/demo/demo.html HTTP/1.1" 200 3150
190.24.136.214 - - [12/Jan/2015:11:01:22 -0500] "GET /galeria/nivo-slider/demo/images/bolsas-08.jpg HTTP/1.1" 200 85589
190.24.136.214 - - [12/Jan/2015:11:01:22 -0500] "GET /galeria/nivo-slider/demo/images/Ruta-vertimientos-01.jpg HTTP/1.1" 200 130151
190.24.136.214 - - [12/Jan/2015:11:01:22 -0500] "GET /galeria/nivo-slider/nivo-slider.css HTTP/1.1" 200 1507
190.24.136.214 - - [12/Jan/2015:11:01:22 -0500] "GET /galeria/nivo-slider/themes/orman/orman.css HTTP/1.1" 200 2152
190.24.136.214 - - [12/Jan/2015:11:01:22 -0500] "GET /galeria/nivo-slider/themes/pascal/pascal.css HTTP/1.1" 200 2258
190.24.136.214 - - [12/Jan/2015:11:01:22 -0500] "GET /galeria/nivo-slider/themes/default/default.css HTTP/1.1" 200 1569
190.24.136.214 - - [12/Jan/2015:11:01:22 -0500] "GET /galeria/nivo-slider/demo/style.css HTTP/1.1" 200 2222
190.24.136.214 - - [12/Jan/2015:11:01:22 -0500] "GET /galeria/nivo-slider/demo/images/ecolecta-Dic2014.png HTTP/1.1" 200 288593
190.24.136.214 - - [12/Jan/2015:11:01:22 -0500] "GET /galeria/nivo-slider/demo/images/porloshumedales.jpg HTTP/1.1" 200 351238
190.24.136.214 - - [12/Jan/2015:11:01:22 -0500] "GET /galeria/nivo-slider/demo/images/bolsas-06.jpg HTTP/1.1" 200 90982
190.24.136.214 - - [12/Jan/2015:11:01:22 -0500] "GET /galeria/nivo-slider/demo/images/9Signos.jpg HTTP/1.1" 200 93040
186.84.44.58 - - [12/Jan/2015:11:01:22 -0500] "POST /forms/lservlet;jsessionid=ac16012b30d5119b3910b34c44c69c548c7d89a14328.e3iSbxaKaheRe34SahiRb30Pchr0n6jAmljGr5XDqQLvpAe HTTP/1.1" 200 2
186.84.44.58 - - [12/Jan/2015:11:01:22 -0500] "POST /forms/lservlet;jsessionid=ac16012b30d5119b3910b34c44c69c548c7d89a14328.e3iSbxaKaheRe34SahiRb30Pchr0n6jAmljGr5XDqQLvpAe HTTP/1.1" 200 2540
186.84.44.58 - - [12/Jan/2015:11:01:23 -0500] "POST /forms/lservlet;jsessionid=ac16012b30d5119b3910b34c44c69c548c7d89a14328.e3iSbxaKaheRe34SahiRb30Pchr0n6jAmljGr5XDqQLvpAe HTTP/1.1" 200 2
190.24.136.214 - - [12/Jan/2015:11:01:23 -0500] "GET /galeria/nivo-slider/demo/images/banner-llantas2.jpg HTTP/1.1" 200 73153
186.84.44.58 - - [12/Jan/2015:11:01:23 -0500] "POST /forms/lservlet;jsessionid=ac16012b30d5119b3910b34c44c69c548c7d89a14328.e3iSbxaKaheRe34SahiRb30Pchr0n6jAmljGr5XDqQLvpAe HTTP/1.1" 200 2
190.24.136.214 - - [12/Jan/2015:11:01:23 -0500] "GET /galeria/nivo-slider/demo/images/banner-caballos.png HTTP/1.1" 200 389106
190.24.136.214 - - [12/Jan/2015:11:01:23 -0500] "GET /galeria/nivo-slider/demo/scripts/jquery-1.7.1.min.js HTTP/1.1" 200 93868
186.84.44.58 - - [12/Jan/2015:11:01:23 -0500] "POST /forms/lservlet;jsessionid=ac16012b30d5119b3910b34c44c69c548c7d89a14328.e3iSbxaKaheRe34SahiRb30Pchr0n6jAmljGr5XDqQLvpAe HTTP/1.1" 200 2439
190.24.136.214 - - [12/Jan/2015:11:01:23 -0500] "GET /galeria/nivo-slider/jquery.nivo.slider.pack.js HTTP/1.1" 200 11561
186.84.44.58 - - [12/Jan/2015:11:01:24 -0500] "POST /forms/lservlet;jsessionid=ac16012b30d5119b3910b34c44c69c548c7d89a14328.e3iSbxaKaheRe34SahiRb30Pchr0n6jAmljGr5XDqQLvpAe HTTP/1.1" 200 2
190.24.136.214 - - [12/Jan/2015:11:01:24 -0500] "GET /galeria/nivo-slider/demo/images/Tingua-azul.jpg HTTP/1.1" 200 307638
190.24.136.214 - - [12/Jan/2015:11:01:24 -0500] "GET /galeria/nivo-slider/demo/images/Banner-Caracol-Africano.jpg HTTP/1.1" 200 331986
186.84.44.58 - - [12/Jan/2015:11:01:24 -0500] "POST /forms/lservlet;jsessionid=ac16012b30d5119b3910b34c44c69c548c7d89a14328.e3iSbxaKaheRe34SahiRb30Pchr0n6jAmljGr5XDqQLvpAe HTTP/1.1" 200 2
186.84.44.58 - - [12/Jan/2015:11:01:24 -0500] "POST /forms/lservlet;jsessionid=ac16012b30d5119b3910b34c44c69c548c7d89a14328.e3iSbxaKaheRe34SahiRb30Pchr0n6jAmljGr5XDqQLvpAe HTTP/1.1" 200 2418
186.84.44.58 - - [12/Jan/2015:11:01:25 -0500] "POST /forms/lservlet;jsessionid=ac16012b30d5119b3910b34c44c69c548c7d89a14328.e3iSbxaKaheRe34SahiRb30Pchr0n6jAmljGr5XDqQLvpAe HTTP/1.1" 200 2
190.24.136.214 - - [12/Jan/2015:11:01:25 -0500] "GET /galeria/nivo-slider/demo/images/banner-redes.jpg HTTP/1.1" 200 62209
186.84.44.58 - - [12/Jan/2015:11:01:25 -0500] "POST /forms/lservlet;jsessionid=ac16012b30d5119b3910b34c44c69c548c7d89a14328.e3iSbxaKaheRe34SahiRb30Pchr0n6jAmljGr5XDqQLvpAe HTTP/1.1" 200 2
190.24.136.214 - - [12/Jan/2015:11:01:25 -0500] "GET /galeria/nivo-slider/demo/images/4Simple_Slider.png HTTP/1.1" 200 11722
190.24.136.214 - - [12/Jan/2015:11:01:25 -0500] "GET /galeria/nivo-slider/themes/default/loading.gif HTTP/1.1" 200 1737
186.84.44.58 - - [12/Jan/2015:11:01:25 -0500] "POST /forms/lservlet;jsessionid=ac16012b30d5119b3910b34c44c69c548c7d89a14328.e3iSbxaKaheRe34SahiRb30Pchr0n6jAmljGr5XDqQLvpAe HTTP/1.1" 200 2484
186.84.44.58 - - [12/Jan/2015:11:01:26 -0500] "POST /forms/lservlet;jsessionid=ac16012b30d5119b3910b34c44c69c548c7d89a14328.e3iSbxaKaheRe34SahiRb30Pchr0n6jAmljGr5XDqQLvpAe HTTP/1.1" 200 2
66.249.67.83 - - [12/Jan/2015:11:01:26 -0500] "GET /BLA/resoluciones/AUTOS%202011/3188.pdf HTTP/1.1" 200 224919
186.84.44.58 - - [12/Jan/2015:11:01:26 -0500] "POST /forms/lservlet;jsessionid=ac16012b30d5119b3910b34c44c69c548c7d89a14328.e3iSbxaKaheRe34SahiRb30Pchr0n6jAmljGr5XDqQLvpAe HTTP/1.1" 200 2
186.84.44.58 - - [12/Jan/2015:11:01:26 -0500] "POST /forms/lservlet;jsessionid=ac16012b30d5119b3910b34c44c69c548c7d89a14328.e3iSbxaKaheRe34SahiRb30Pchr0n6jAmljGr5XDqQLvpAe HTTP/1.1" 200 2378
186.84.44.58 - - [12/Jan/2015:11:01:27 -0500] "POST /forms/lservlet;jsessionid=ac16012b30d5119b3910b34c44c69c548c7d89a14328.e3iSbxaKaheRe34SahiRb30Pchr0n6jAmljGr5XDqQLvpAe HTTP/1.1" 200 2
186.84.44.58 - - [12/Jan/2015:11:01:27 -0500] "POST /forms/lservlet;jsessionid=ac16012b30d5119b3910b34c44c69c548c7d89a14328.e3iSbxaKaheRe34SahiRb30Pchr0n6jAmljGr5XDqQLvpAe HTTP/1.1" 200 2
186.84.44.58 - - [12/Jan/2015:11:01:27 -0500] "POST /forms/lservlet;jsessionid=ac16012b30d5119b3910b34c44c69c548c7d89a14328.e3iSbxaKaheRe34SahiRb30Pchr0n6jAmljGr5XDqQLvpAe HTTP/1.1" 200 2441
186.84.44.58 - - [12/Jan/2015:11:01:28 -0500] "POST /forms/lservlet;jsessionid=ac16012b30d5119b3910b34c44c69c548c7d89a14328.e3iSbxaKaheRe34SahiRb30Pchr0n6jAmljGr5XDqQLvpAe HTTP/1.1" 200 2
190.24.136.214 - - [12/Jan/2015:11:01:28 -0500] "GET /galeria/nivo-slider/themes/default/bullets.png HTTP/1.1" 200 1281
186.84.44.58 - - [12/Jan/2015:11:01:28 -0500] "POST /forms/lservlet;jsessionid=ac16012b30d5119b3910b34c44c69c548c7d89a14328.e3iSbxaKaheRe34SahiRb30Pchr0n6jAmljGr5XDqQLvpAe HTTP/1.1" 200 2
190.24.136.214 - - [12/Jan/2015:11:01:28 -0500] "GET /videos/Spot_CambioClimatico.flv HTTP/1.1" 200 4371917
186.84.44.58 - - [12/Jan/2015:11:01:28 -0500] "POST /forms/lservlet;jsessionid=ac16012b30d5119b3910b34c44c69c548c7d89a14328.e3iSbxaKaheRe34SahiRb30Pchr0n6jAmljGr5XDqQLvpAe HTTP/1.1" 200 3244
186.84.44.58 - - [12/Jan/2015:11:01:29 -0500] "POST /forms/lservlet;jsessionid=ac16012b30d5119b3910b34c44c69c548c7d89a14328.e3iSbxaKaheRe34SahiRb30Pchr0n6jAmljGr5XDqQLvpAe HTTP/1.1" 200 2
186.84.44.58 - - [12/Jan/2015:11:01:29 -0500] "POST /forms/lservlet;jsessionid=ac16012b30d5119b3910b34c44c69c548c7d89a14328.e3iSbxaKaheRe34SahiRb30Pchr0n6jAmljGr5XDqQLvpAe HTTP/1.1" 200 2
186.84.44.58 - - [12/Jan/2015:11:01:29 -0500] "POST /forms/lservlet;jsessionid=ac16012b30d5119b3910b34c44c69c548c7d89a14328.e3iSbxaKaheRe34SahiRb30Pchr0n6jAmljGr5XDqQLvpAe HTTP/1.1" 200 3253
186.84.44.58 - - [12/Jan/2015:11:01:30 -0500] "POST /forms/lservlet;jsessionid=ac16012b30d5119b3910b34c44c69c548c7d89a14328.e3iSbxaKaheRe34SahiRb30Pchr0n6jAmljGr5XDqQLvpAe HTTP/1.1" 200 2
186.84.44.58 - - [12/Jan/2015:11:01:30 -0500] "POST /forms/lservlet;jsessionid=ac16012b30d5119b3910b34c44c69c548c7d89a14328.e3iSbxaKaheRe34SahiRb30Pchr0n6jAmljGr5XDqQLvpAe HTTP/1.1" 200 2
186.84.44.58 - - [12/Jan/2015:11:01:30 -0500] "POST /forms/lservlet;jsessionid=ac16012b30d5119b3910b34c44c69c548c7d89a14328.e3iSbxaKaheRe34SahiRb30Pchr0n6jAmljGr5XDqQLvpAe HTTP/1.1" 200 3018
186.84.44.58 - - [12/Jan/2015:11:01:31 -0500] "POST /forms/lservlet;jsessionid=ac16012b30d5119b3910b34c44c69c548c7d89a14328.e3iSbxaKaheRe34SahiRb30Pchr0n6jAmljGr5XDqQLvpAe HTTP/1.1" 200 2
190.24.136.214 - - [12/Jan/2015:11:01:32 -0500] "GET /galeria/nivo-slider/themes/default/arrows.png HTTP/1.1" 200 824
186.84.44.58 - - [12/Jan/2015:11:01:32 -0500] "POST /forms/lservlet;jsessionid=ac16012b30d5119b3910b34c44c69c548c7d89a14328.e3iSbxaKaheRe34SahiRb30Pchr0n6jAmljGr5XDqQLvpAe HTTP/1.1" 200 2
186.84.44.58 - - [12/Jan/2015:11:01:32 -0500] "POST /forms/lservlet;jsessionid=ac16012b30d5119b3910b34c44c69c548c7d89a14328.e3iSbxaKaheRe34SahiRb30Pchr0n6jAmljGr5XDqQLvpAe HTTP/1.1" 200 2565
186.84.44.58 - - [12/Jan/2015:11:01:33 -0500] "POST /forms/lservlet;jsessionid=ac16012b30d5119b3910b34c44c69c548c7d89a14328.e3iSbxaKaheRe34SahiRb30Pchr0n6jAmljGr5XDqQLvpAe HTTP/1.1" 200 2
186.84.44.58 - - [12/Jan/2015:11:01:33 -0500] "POST /forms/lservlet;jsessionid=ac16012b30d5119b3910b34c44c69c548c7d89a14328.e3iSbxaKaheRe34SahiRb30Pchr0n6jAmljGr5XDqQLvpAe HTTP/1.1" 200 2
186.84.44.58 - - [12/Jan/2015:11:01:34 -0500] "POST /forms/lservlet;jsessionid=ac16012b30d5119b3910b34c44c69c548c7d89a14328.e3iSbxaKaheRe34SahiRb30Pchr0n6jAmljGr5XDqQLvpAe HTTP/1.1" 200 2791
186.84.44.58 - - [12/Jan/2015:11:01:34 -0500] "POST /forms/lservlet;jsessionid=ac16012b30d5119b3910b34c44c69c548c7d89a14328.e3iSbxaKaheRe34SahiRb30Pchr0n6jAmljGr5XDqQLvpAe HTTP/1.1" 200 2
186.84.44.58 - - [12/Jan/2015:11:01:35 -0500] "POST /forms/lservlet;jsessionid=ac16012b30d5119b3910b34c44c69c548c7d89a14328.e3iSbxaKaheRe34SahiRb30Pchr0n6jAmljGr5XDqQLvpAe HTTP/1.1" 200 2
186.84.44.58 - - [12/Jan/2015:11:01:35 -0500] "POST /forms/lservlet;jsessionid=ac16012b30d5119b3910b34c44c69c548c7d89a14328.e3iSbxaKaheRe34SahiRb30Pchr0n6jAmljGr5XDqQLvpAe HTTP/1.1" 200 2905
186.84.44.58 - - [12/Jan/2015:11:01:36 -0500] "POST /forms/lservlet;jsessionid=ac16012b30d5119b3910b34c44c69c548c7d89a14328.e3iSbxaKaheRe34SahiRb30Pchr0n6jAmljGr5XDqQLvpAe HTTP/1.1" 200 2
186.84.44.58 - - [12/Jan/2015:11:01:37 -0500] "POST /forms/lservlet;jsessionid=ac16012b30d5119b3910b34c44c69c548c7d89a14328.e3iSbxaKaheRe34SahiRb30Pchr0n6jAmljGr5XDqQLvpAe HTTP/1.1" 200 2
186.84.44.58 - - [12/Jan/2015:11:01:37 -0500] "POST /forms/lservlet;jsessionid=ac16012b30d5119b3910b34c44c69c548c7d89a14328.e3iSbxaKaheRe34SahiRb30Pchr0n6jAmljGr5XDqQLvpAe HTTP/1.1" 200 2793
186.84.44.58 - - [12/Jan/2015:11:01:37 -0500] "POST /forms/lservlet;jsessionid=ac16012b30d5119b3910b34c44c69c548c7d89a14328.e3iSbxaKaheRe34SahiRb30Pchr0n6jAmljGr5XDqQLvpAe HTTP/1.1" 200 2
186.84.44.58 - - [12/Jan/2015:11:01:38 -0500] "POST /forms/lservlet;jsessionid=ac16012b30d5119b3910b34c44c69c548c7d89a14328.e3iSbxaKaheRe34SahiRb30Pchr0n6jAmljGr5XDqQLvpAe HTTP/1.1" 200 2
186.84.44.58 - - [12/Jan/2015:11:01:38 -0500] "POST /forms/lservlet;jsessionid=ac16012b30d5119b3910b34c44c69c548c7d89a14328.e3iSbxaKaheRe34SahiRb30Pchr0n6jAmljGr5XDqQLvpAe HTTP/1.1" 200 2236
186.84.44.58 - - [12/Jan/2015:11:01:38 -0500] "POST /forms/lservlet;jsessionid=ac16012b30d5119b3910b34c44c69c548c7d89a14328.e3iSbxaKaheRe34SahiRb30Pchr0n6jAmljGr5XDqQLvpAe HTTP/1.1" 200 2
186.84.44.58 - - [12/Jan/2015:11:01:39 -0500] "POST /forms/lservlet;jsessionid=ac16012b30d5119b3910b34c44c69c548c7d89a14328.e3iSbxaKaheRe34SahiRb30Pchr0n6jAmljGr5XDqQLvpAe HTTP/1.1" 200 2
186.84.44.58 - - [12/Jan/2015:11:01:39 -0500] "POST /forms/lservlet;jsessionid=ac16012b30d5119b3910b34c44c69c548c7d89a14328.e3iSbxaKaheRe34SahiRb30Pchr0n6jAmljGr5XDqQLvpAe HTTP/1.1" 200 2776
186.84.44.58 - - [12/Jan/2015:11:01:40 -0500] "POST /forms/lservlet;jsessionid=ac16012b30d5119b3910b34c44c69c548c7d89a14328.e3iSbxaKaheRe34SahiRb30Pchr0n6jAmljGr5XDqQLvpAe HTTP/1.1" 200 2
186.84.44.58 - - [12/Jan/2015:11:01:41 -0500] "POST /forms/lservlet;jsessionid=ac16012b30d5119b3910b34c44c69c548c7d89a14328.e3iSbxaKaheRe34SahiRb30Pchr0n6jAmljGr5XDqQLvpAe HTTP/1.1" 200 2
186.84.44.58 - - [12/Jan/2015:11:01:41 -0500] "POST /forms/lservlet;jsessionid=ac16012b30d5119b3910b34c44c69c548c7d89a14328.e3iSbxaKaheRe34SahiRb30Pchr0n6jAmljGr5XDqQLvpAe HTTP/1.1" 200 2451
186.84.44.58 - - [12/Jan/2015:11:01:42 -0500] "POST /forms/lservlet;jsessionid=ac16012b30d5119b3910b34c44c69c548c7d89a14328.e3iSbxaKaheRe34SahiRb30Pchr0n6jAmljGr5XDqQLvpAe HTTP/1.1" 200 2
66.249.67.67 - - [12/Jan/2015:11:01:44 -0500] "GET /BLA/resoluciones/AUTOS%202006/AUTOS%202006%202101%20-%202200/00002102.tif HTTP/1.1" 200 59212
186.84.44.58 - - [12/Jan/2015:11:01:48 -0500] "POST /forms/lservlet;jsessionid=ac16012b30d5119b3910b34c44c69c548c7d89a14328.e3iSbxaKaheRe34SahiRb30Pchr0n6jAmljGr5XDqQLvpAe HTTP/1.1" 200 2
186.84.44.58 - - [12/Jan/2015:11:01:48 -0500] "POST /forms/lservlet;jsessionid=ac16012b30d5119b3910b34c44c69c548c7d89a14328.e3iSbxaKaheRe34SahiRb30Pchr0n6jAmljGr5XDqQLvpAe HTTP/1.1" 200 2318
186.84.44.58 - - [12/Jan/2015:11:01:48 -0500] "POST /forms/lservlet;jsessionid=ac16012b30d5119b3910b34c44c69c548c7d89a14328.e3iSbxaKaheRe34SahiRb30Pchr0n6jAmljGr5XDqQLvpAe HTTP/1.1" 200 2
186.84.44.58 - - [12/Jan/2015:11:01:51 -0500] "POST /forms/lservlet;jsessionid=ac16012b30d5119b3910b34c44c69c548c7d89a14328.e3iSbxaKaheRe34SahiRb30Pchr0n6jAmljGr5XDqQLvpAe HTTP/1.1" 200 2
186.84.44.58 - - [12/Jan/2015:11:01:51 -0500] "POST /forms/lservlet;jsessionid=ac16012b30d5119b3910b34c44c69c548c7d89a14328.e3iSbxaKaheRe34SahiRb30Pchr0n6jAmljGr5XDqQLvpAe HTTP/1.1" 200 2836
186.84.44.58 - - [12/Jan/2015:11:01:51 -0500] "POST /forms/lservlet;jsessionid=ac16012b30d5119b3910b34c44c69c548c7d89a14328.e3iSbxaKaheRe34SahiRb30Pchr0n6jAmljGr5XDqQLvpAe HTTP/1.1" 200 2
186.84.44.58 - - [12/Jan/2015:11:01:52 -0500] "POST /forms/lservlet;jsessionid=ac16012b30d5119b3910b34c44c69c548c7d89a14328.e3iSbxaKaheRe34SahiRb30Pchr0n6jAmljGr5XDqQLvpAe HTTP/1.1" 200 2
186.84.44.58 - - [12/Jan/2015:11:01:52 -0500] "POST /forms/lservlet;jsessionid=ac16012b30d5119b3910b34c44c69c548c7d89a14328.e3iSbxaKaheRe34SahiRb30Pchr0n6jAmljGr5XDqQLvpAe HTTP/1.1" 200 2616
186.84.44.58 - - [12/Jan/2015:11:01:53 -0500] "POST /forms/lservlet;jsessionid=ac16012b30d5119b3910b34c44c69c548c7d89a14328.e3iSbxaKaheRe34SahiRb30Pchr0n6jAmljGr5XDqQLvpAe HTTP/1.1" 200 2
186.84.44.58 - - [12/Jan/2015:11:01:53 -0500] "POST /forms/lservlet;jsessionid=ac16012b30d5119b3910b34c44c69c548c7d89a14328.e3iSbxaKaheRe34SahiRb30Pchr0n6jAmljGr5XDqQLvpAe HTTP/1.1" 200 2
186.84.44.58 - - [12/Jan/2015:11:01:54 -0500] "POST /forms/lservlet;jsessionid=ac16012b30d5119b3910b34c44c69c548c7d89a14328.e3iSbxaKaheRe34SahiRb30Pchr0n6jAmljGr5XDqQLvpAe HTTP/1.1" 200 2406
186.84.44.58 - - [12/Jan/2015:11:01:54 -0500] "POST /forms/lservlet;jsessionid=ac16012b30d5119b3910b34c44c69c548c7d89a14328.e3iSbxaKaheRe34SahiRb30Pchr0n6jAmljGr5XDqQLvpAe HTTP/1.1" 200 2
186.29.203.131 - - [12/Jan/2015:11:01:54 -0500] "POST /forms/lservlet;jsessionid=ac16012b30d5b10e4f29f1924fbb8a83aef930aaa7e9.e3iSbxaKaheRe34SahiRb30Pchr0n6jAmljGr5XDqQLvpAe HTTP/1.1" 200 2
186.29.203.131 - - [12/Jan/2015:11:01:54 -0500] "POST /forms/lservlet;jsessionid=ac16012b30d5b10e4f29f1924fbb8a83aef930aaa7e9.e3iSbxaKaheRe34SahiRb30Pchr0n6jAmljGr5XDqQLvpAe HTTP/1.1" 200 95
66.249.67.83 - - [12/Jan/2015:11:01:54 -0500] "GET /BLA/resoluciones/RESOLUCIONES%202008/0286.pdf HTTP/1.1" 200 267921
186.84.44.58 - - [12/Jan/2015:11:01:55 -0500] "POST /forms/lservlet;jsessionid=ac16012b30d5119b3910b34c44c69c548c7d89a14328.e3iSbxaKaheRe34SahiRb30Pchr0n6jAmljGr5XDqQLvpAe HTTP/1.1" 200 2
186.29.203.131 - - [12/Jan/2015:11:01:55 -0500] "POST /forms/lservlet;jsessionid=ac16012b30d5b10e4f29f1924fbb8a83aef930aaa7e9.e3iSbxaKaheRe34SahiRb30Pchr0n6jAmljGr5XDqQLvpAe HTTP/1.1" 200 2
186.84.44.58 - - [12/Jan/2015:11:01:55 -0500] "POST /forms/lservlet;jsessionid=ac16012b30d5119b3910b34c44c69c548c7d89a14328.e3iSbxaKaheRe34SahiRb30Pchr0n6jAmljGr5XDqQLvpAe HTTP/1.1" 200 2511
186.84.44.58 - - [12/Jan/2015:11:01:55 -0500] "POST /forms/lservlet;jsessionid=ac16012b30d5119b3910b34c44c69c548c7d89a14328.e3iSbxaKaheRe34SahiRb30Pchr0n6jAmljGr5XDqQLvpAe HTTP/1.1" 200 2
186.29.203.131 - - [12/Jan/2015:11:01:56 -0500] "POST /forms/lservlet;jsessionid=ac16012b30d5b10e4f29f1924fbb8a83aef930aaa7e9.e3iSbxaKaheRe34SahiRb30Pchr0n6jAmljGr5XDqQLvpAe HTTP/1.1" 200 2
186.84.44.58 - - [12/Jan/2015:11:01:56 -0500] "POST /forms/lservlet;jsessionid=ac16012b30d5119b3910b34c44c69c548c7d89a14328.e3iSbxaKaheRe34SahiRb30Pchr0n6jAmljGr5XDqQLvpAe HTTP/1.1" 200 2
186.84.44.58 - - [12/Jan/2015:11:01:56 -0500] "POST /forms/lservlet;jsessionid=ac16012b30d5119b3910b34c44c69c548c7d89a14328.e3iSbxaKaheRe34SahiRb30Pchr0n6jAmljGr5XDqQLvpAe HTTP/1.1" 200 3057
186.84.44.58 - - [12/Jan/2015:11:01:56 -0500] "POST /forms/lservlet;jsessionid=ac16012b30d5119b3910b34c44c69c548c7d89a14328.e3iSbxaKaheRe34SahiRb30Pchr0n6jAmljGr5XDqQLvpAe HTTP/1.1" 200 2
186.29.203.131 - - [12/Jan/2015:11:01:58 -0500] "POST /forms/lservlet;jsessionid=ac16012b30d5b10e4f29f1924fbb8a83aef930aaa7e9.e3iSbxaKaheRe34SahiRb30Pchr0n6jAmljGr5XDqQLvpAe HTTP/1.1" 200 1528
186.29.203.131 - - [12/Jan/2015:11:01:58 -0500] "POST /forms/lservlet;jsessionid=ac16012b30d5b10e4f29f1924fbb8a83aef930aaa7e9.e3iSbxaKaheRe34SahiRb30Pchr0n6jAmljGr5XDqQLvpAe HTTP/1.1" 200 2
186.84.44.58 - - [12/Jan/2015:11:01:59 -0500] "POST /forms/lservlet;jsessionid=ac16012b30d5119b3910b34c44c69c548c7d89a14328.e3iSbxaKaheRe34SahiRb30Pchr0n6jAmljGr5XDqQLvpAe HTTP/1.1" 200 2
186.84.44.58 - - [12/Jan/2015:11:01:59 -0500] "POST /forms/lservlet;jsessionid=ac16012b30d5119b3910b34c44c69c548c7d89a14328.e3iSbxaKaheRe34SahiRb30Pchr0n6jAmljGr5XDqQLvpAe HTTP/1.1" 200 3016
186.84.44.58 - - [12/Jan/2015:11:01:59 -0500] "POST /forms/lservlet;jsessionid=ac16012b30d5119b3910b34c44c69c548c7d89a14328.e3iSbxaKaheRe34SahiRb30Pchr0n6jAmljGr5XDqQLvpAe HTTP/1.1" 200 2
186.84.44.58 - - [12/Jan/2015:11:02:00 -0500] "POST /forms/lservlet;jsessionid=ac16012b30d5119b3910b34c44c69c548c7d89a14328.e3iSbxaKaheRe34SahiRb30Pchr0n6jAmljGr5XDqQLvpAe HTTP/1.1" 200 2
186.29.203.131 - - [12/Jan/2015:11:02:00 -0500] "POST /forms/lservlet;jsessionid=ac16012b30d5b10e4f29f1924fbb8a83aef930aaa7e9.e3iSbxaKaheRe34SahiRb30Pchr0n6jAmljGr5XDqQLvpAe HTTP/1.1" 200 2
186.84.44.58 - - [12/Jan/2015:11:02:00 -0500] "POST /forms/lservlet;jsessionid=ac16012b30d5119b3910b34c44c69c548c7d89a14328.e3iSbxaKaheRe34SahiRb30Pchr0n6jAmljGr5XDqQLvpAe HTTP/1.1" 200 2601
186.84.44.58 - - [12/Jan/2015:11:02:01 -0500] "POST /forms/lservlet;jsessionid=ac16012b30d5119b3910b34c44c69c548c7d89a14328.e3iSbxaKaheRe34SahiRb30Pchr0n6jAmljGr5XDqQLvpAe HTTP/1.1" 200 2
186.84.44.58 - - [12/Jan/2015:11:02:01 -0500] "POST /forms/lservlet;jsessionid=ac16012b30d5119b3910b34c44c69c548c7d89a14328.e3iSbxaKaheRe34SahiRb30Pchr0n6jAmljGr5XDqQLvpAe HTTP/1.1" 200 2
186.29.203.131 - - [12/Jan/2015:11:02:00 -0500] "POST /forms/lservlet;jsessionid=ac16012b30d5b10e4f29f1924fbb8a83aef930aaa7e9.e3iSbxaKaheRe34SahiRb30Pchr0n6jAmljGr5XDqQLvpAe HTTP/1.1" 200 14
186.29.203.131 - - [12/Jan/2015:11:02:01 -0500] "POST /forms/lservlet;jsessionid=ac16012b30d5b10e4f29f1924fbb8a83aef930aaa7e9.e3iSbxaKaheRe34SahiRb30Pchr0n6jAmljGr5XDqQLvpAe HTTP/1.1" 200 60
186.29.203.131 - - [12/Jan/2015:11:02:02 -0500] "POST /forms/lservlet;jsessionid=ac16012b30d5b10e4f29f1924fbb8a83aef930aaa7e9.e3iSbxaKaheRe34SahiRb30Pchr0n6jAmljGr5XDqQLvpAe HTTP/1.1" 200 2
186.84.44.58 - - [12/Jan/2015:11:02:01 -0500] "POST /forms/lservlet;jsessionid=ac16012b30d5119b3910b34c44c69c548c7d89a14328.e3iSbxaKaheRe34SahiRb30Pchr0n6jAmljGr5XDqQLvpAe HTTP/1.1" 200 3070
186.84.44.58 - - [12/Jan/2015:11:02:02 -0500] "POST /forms/lservlet;jsessionid=ac16012b30d5119b3910b34c44c69c548c7d89a14328.e3iSbxaKaheRe34SahiRb30Pchr0n6jAmljGr5XDqQLvpAe HTTP/1.1" 200 2
186.84.44.58 - - [12/Jan/2015:11:02:02 -0500] "POST /forms/lservlet;jsessionid=ac16012b30d5119b3910b34c44c69c548c7d89a14328.e3iSbxaKaheRe34SahiRb30Pchr0n6jAmljGr5XDqQLvpAe HTTP/1.1" 200 2
186.84.44.58 - - [12/Jan/2015:11:02:02 -0500] "POST /forms/lservlet;jsessionid=ac16012b30d5119b3910b34c44c69c548c7d89a14328.e3iSbxaKaheRe34SahiRb30Pchr0n6jAmljGr5XDqQLvpAe HTTP/1.1" 200 2763
186.84.44.58 - - [12/Jan/2015:11:02:03 -0500] "POST /forms/lservlet;jsessionid=ac16012b30d5119b3910b34c44c69c548c7d89a14328.e3iSbxaKaheRe34SahiRb30Pchr0n6jAmljGr5XDqQLvpAe HTTP/1.1" 200 2
186.84.44.58 - - [12/Jan/2015:11:02:04 -0500] "POST /forms/lservlet;jsessionid=ac16012b30d5119b3910b34c44c69c548c7d89a14328.e3iSbxaKaheRe34SahiRb30Pchr0n6jAmljGr5XDqQLvpAe HTTP/1.1" 200 2
186.84.44.58 - - [12/Jan/2015:11:02:04 -0500] "POST /forms/lservlet;jsessionid=ac16012b30d5119b3910b34c44c69c548c7d89a14328.e3iSbxaKaheRe34SahiRb30Pchr0n6jAmljGr5XDqQLvpAe HTTP/1.1" 200 2628
186.84.44.58 - - [12/Jan/2015:11:02:05 -0500] "POST /forms/lservlet;jsessionid=ac16012b30d5119b3910b34c44c69c548c7d89a14328.e3iSbxaKaheRe34SahiRb30Pchr0n6jAmljGr5XDqQLvpAe HTTP/1.1" 200 2
186.29.203.131 - - [12/Jan/2015:11:02:05 -0500] "GET /forest/session.jsp?a=0.8576940337661654 HTTP/1.1" 200 4
186.84.44.58 - - [12/Jan/2015:11:02:07 -0500] "POST /forms/lservlet;jsessionid=ac16012b30d5119b3910b34c44c69c548c7d89a14328.e3iSbxaKaheRe34SahiRb30Pchr0n6jAmljGr5XDqQLvpAe HTTP/1.1" 200 2
186.29.203.131 - - [12/Jan/2015:11:02:07 -0500] "POST /forms/lservlet;jsessionid=ac16012b30d5b10e4f29f1924fbb8a83aef930aaa7e9.e3iSbxaKaheRe34SahiRb30Pchr0n6jAmljGr5XDqQLvpAe HTTP/1.1" 200 134
186.29.203.131 - - [12/Jan/2015:11:02:07 -0500] "POST /forms/lservlet;jsessionid=ac16012b30d5b10e4f29f1924fbb8a83aef930aaa7e9.e3iSbxaKaheRe34SahiRb30Pchr0n6jAmljGr5XDqQLvpAe HTTP/1.1" 200 7
186.84.44.58 - - [12/Jan/2015:11:02:07 -0500] "POST /forms/lservlet;jsessionid=ac16012b30d5119b3910b34c44c69c548c7d89a14328.e3iSbxaKaheRe34SahiRb30Pchr0n6jAmljGr5XDqQLvpAe HTTP/1.1" 200 2783
186.84.44.58 - - [12/Jan/2015:11:02:07 -0500] "POST /forms/lservlet;jsessionid=ac16012b30d5119b3910b34c44c69c548c7d89a14328.e3iSbxaKaheRe34SahiRb30Pchr0n6jAmljGr5XDqQLvpAe HTTP/1.1" 200 2
186.84.44.58 - - [12/Jan/2015:11:02:08 -0500] "POST /forms/lservlet;jsessionid=ac16012b30d5119b3910b34c44c69c548c7d89a14328.e3iSbxaKaheRe34SahiRb30Pchr0n6jAmljGr5XDqQLvpAe HTTP/1.1" 200 2
186.84.44.58 - - [12/Jan/2015:11:02:08 -0500] "POST /forms/lservlet;jsessionid=ac16012b30d5119b3910b34c44c69c548c7d89a14328.e3iSbxaKaheRe34SahiRb30Pchr0n6jAmljGr5XDqQLvpAe HTTP/1.1" 200 2459
186.84.44.58 - - [12/Jan/2015:11:02:09 -0500] "POST /forms/lservlet;jsessionid=ac16012b30d5119b3910b34c44c69c548c7d89a14328.e3iSbxaKaheRe34SahiRb30Pchr0n6jAmljGr5XDqQLvpAe HTTP/1.1" 200 2
186.29.203.131 - - [12/Jan/2015:11:02:09 -0500] "POST /forms/lservlet;jsessionid=ac16012b30d5b10e4f29f1924fbb8a83aef930aaa7e9.e3iSbxaKaheRe34SahiRb30Pchr0n6jAmljGr5XDqQLvpAe HTTP/1.1" 200 179
186.84.44.58 - - [12/Jan/2015:11:02:09 -0500] "POST /forms/lservlet;jsessionid=ac16012b30d5119b3910b34c44c69c548c7d89a14328.e3iSbxaKaheRe34SahiRb30Pchr0n6jAmljGr5XDqQLvpAe HTTP/1.1" 200 2
186.29.203.131 - - [12/Jan/2015:11:02:09 -0500] "GET /imagenes/listval.gif HTTP/1.1" 200 905
186.29.203.131 - - [12/Jan/2015:11:02:09 -0500] "POST /forms/lservlet;jsessionid=ac16012b30d5b10e4f29f1924fbb8a83aef930aaa7e9.e3iSbxaKaheRe34SahiRb30Pchr0n6jAmljGr5XDqQLvpAe HTTP/1.1" 200 7
186.84.44.58 - - [12/Jan/2015:11:02:11 -0500] "POST /forms/lservlet;jsessionid=ac16012b30d5119b3910b34c44c69c548c7d89a14328.e3iSbxaKaheRe34SahiRb30Pchr0n6jAmljGr5XDqQLvpAe HTTP/1.1" 200 2
186.84.44.58 - - [12/Jan/2015:11:02:11 -0500] "POST /forms/lservlet;jsessionid=ac16012b30d5119b3910b34c44c69c548c7d89a14328.e3iSbxaKaheRe34SahiRb30Pchr0n6jAmljGr5XDqQLvpAe HTTP/1.1" 200 2835
186.84.44.58 - - [12/Jan/2015:11:02:11 -0500] "POST /forms/lservlet;jsessionid=ac16012b30d5119b3910b34c44c69c548c7d89a14328.e3iSbxaKaheRe34SahiRb30Pchr0n6jAmljGr5XDqQLvpAe HTTP/1.1" 200 2
186.84.44.58 - - [12/Jan/2015:11:02:12 -0500] "POST /forms/lservlet;jsessionid=ac16012b30d5119b3910b34c44c69c548c7d89a14328.e3iSbxaKaheRe34SahiRb30Pchr0n6jAmljGr5XDqQLvpAe HTTP/1.1" 200 2
186.84.44.58 - - [12/Jan/2015:11:02:12 -0500] "POST /forms/lservlet;jsessionid=ac16012b30d5119b3910b34c44c69c548c7d89a14328.e3iSbxaKaheRe34SahiRb30Pchr0n6jAmljGr5XDqQLvpAe HTTP/1.1" 200 2608
186.84.44.58 - - [12/Jan/2015:11:02:12 -0500] "POST /forms/lservlet;jsessionid=ac16012b30d5119b3910b34c44c69c548c7d89a14328.e3iSbxaKaheRe34SahiRb30Pchr0n6jAmljGr5XDqQLvpAe HTTP/1.1" 200 2
186.84.44.58 - - [12/Jan/2015:11:02:13 -0500] "POST /forms/lservlet;jsessionid=ac16012b30d5119b3910b34c44c69c548c7d89a14328.e3iSbxaKaheRe34SahiRb30Pchr0n6jAmljGr5XDqQLvpAe HTTP/1.1" 200 2
186.84.44.58 - - [12/Jan/2015:11:02:13 -0500] "POST /forms/lservlet;jsessionid=ac16012b30d5119b3910b34c44c69c548c7d89a14328.e3iSbxaKaheRe34SahiRb30Pchr0n6jAmljGr5XDqQLvpAe HTTP/1.1" 200 5028
186.84.44.58 - - [12/Jan/2015:11:02:14 -0500] "POST /forms/lservlet;jsessionid=ac16012b30d5119b3910b34c44c69c548c7d89a14328.e3iSbxaKaheRe34SahiRb30Pchr0n6jAmljGr5XDqQLvpAe HTTP/1.1" 200 2
186.29.203.131 - - [12/Jan/2015:11:02:15 -0500] "POST /forms/lservlet;jsessionid=ac16012b30d5b10e4f29f1924fbb8a83aef930aaa7e9.e3iSbxaKaheRe34SahiRb30Pchr0n6jAmljGr5XDqQLvpAe HTTP/1.1" 200 7
157.55.39.22 - - [12/Jan/2015:11:02:16 -0500] "GET /bla/resoluciones/autos%202010/1272.pdf HTTP/1.1" 200 397192
186.84.44.58 - - [12/Jan/2015:11:02:16 -0500] "POST /forms/lservlet;jsessionid=ac16012b30d5119b3910b34c44c69c548c7d89a14328.e3iSbxaKaheRe34SahiRb30Pchr0n6jAmljGr5XDqQLvpAe HTTP/1.1" 200 2
186.84.44.58 - - [12/Jan/2015:11:02:16 -0500] "POST /forms/lservlet;jsessionid=ac16012b30d5119b3910b34c44c69c548c7d89a14328.e3iSbxaKaheRe34SahiRb30Pchr0n6jAmljGr5XDqQLvpAe HTTP/1.1" 200 4327
186.84.44.58 - - [12/Jan/2015:11:02:17 -0500] "POST /forms/lservlet;jsessionid=ac16012b30d5119b3910b34c44c69c548c7d89a14328.e3iSbxaKaheRe34SahiRb30Pchr0n6jAmljGr5XDqQLvpAe HTTP/1.1" 200 2
157.55.39.22 - - [12/Jan/2015:11:02:17 -0500] "GET /bla/resoluciones/autos%202010/5237.pdf HTTP/1.1" 200 254987
190.156.91.79 - - [12/Jan/2015:11:02:18 -0500] "POST /forms/lservlet;jsessionid=ac16012b30d5b9c7596d463549dcbb039173fc01d604.e3iSbxaKaheRe34SahiRb30Pchr0n6jAmljGr5XDqQLvpAe HTTP/1.1" 200 2
186.84.44.58 - - [12/Jan/2015:11:02:18 -0500] "POST /forms/lservlet;jsessionid=ac16012b30d5119b3910b34c44c69c548c7d89a14328.e3iSbxaKaheRe34SahiRb30Pchr0n6jAmljGr5XDqQLvpAe HTTP/1.1" 200 2
186.84.44.58 - - [12/Jan/2015:11:02:18 -0500] "POST /forms/lservlet;jsessionid=ac16012b30d5119b3910b34c44c69c548c7d89a14328.e3iSbxaKaheRe34SahiRb30Pchr0n6jAmljGr5XDqQLvpAe HTTP/1.1" 200 3213
186.84.44.58 - - [12/Jan/2015:11:02:19 -0500] "POST /forms/lservlet;jsessionid=ac16012b30d5119b3910b34c44c69c548c7d89a14328.e3iSbxaKaheRe34SahiRb30Pchr0n6jAmljGr5XDqQLvpAe HTTP/1.1" 200 2
186.84.44.58 - - [12/Jan/2015:11:02:20 -0500] "POST /forms/lservlet;jsessionid=ac16012b30d5119b3910b34c44c69c548c7d89a14328.e3iSbxaKaheRe34SahiRb30Pchr0n6jAmljGr5XDqQLvpAe HTTP/1.1" 200 2
186.84.44.58 - - [12/Jan/2015:11:02:21 -0500] "POST /forms/lservlet;jsessionid=ac16012b30d5119b3910b34c44c69c548c7d89a14328.e3iSbxaKaheRe34SahiRb30Pchr0n6jAmljGr5XDqQLvpAe HTTP/1.1" 200 3242
186.84.44.58 - - [12/Jan/2015:11:02:21 -0500] "POST /forms/lservlet;jsessionid=ac16012b30d5119b3910b34c44c69c548c7d89a14328.e3iSbxaKaheRe34SahiRb30Pchr0n6jAmljGr5XDqQLvpAe HTTP/1.1" 200 2
186.84.44.58 - - [12/Jan/2015:11:02:22 -0500] "POST /forms/lservlet;jsessionid=ac16012b30d5119b3910b34c44c69c548c7d89a14328.e3iSbxaKaheRe34SahiRb30Pchr0n6jAmljGr5XDqQLvpAe HTTP/1.1" 200 2
186.84.44.58 - - [12/Jan/2015:11:02:22 -0500] "POST /forms/lservlet;jsessionid=ac16012b30d5119b3910b34c44c69c548c7d89a14328.e3iSbxaKaheRe34SahiRb30Pchr0n6jAmljGr5XDqQLvpAe HTTP/1.1" 200 3062
186.84.44.58 - - [12/Jan/2015:11:02:22 -0500] "POST /forms/lservlet;jsessionid=ac16012b30d5119b3910b34c44c69c548c7d89a14328.e3iSbxaKaheRe34SahiRb30Pchr0n6jAmljGr5XDqQLvpAe HTTP/1.1" 200 2
66.249.67.83 - - [12/Jan/2015:11:02:23 -0500] "GET /BLA/resoluciones/RESOLUCIONES%202008/4856.pdf HTTP/1.1" 200 430739
186.84.44.58 - - [12/Jan/2015:11:02:24 -0500] "POST /forms/lservlet;jsessionid=ac16012b30d5119b3910b34c44c69c548c7d89a14328.e3iSbxaKaheRe34SahiRb30Pchr0n6jAmljGr5XDqQLvpAe HTTP/1.1" 200 2
186.84.44.58 - - [12/Jan/2015:11:02:24 -0500] "POST /forms/lservlet;jsessionid=ac16012b30d5119b3910b34c44c69c548c7d89a14328.e3iSbxaKaheRe34SahiRb30Pchr0n6jAmljGr5XDqQLvpAe HTTP/1.1" 200 2459
186.84.44.58 - - [12/Jan/2015:11:02:24 -0500] "POST /forms/lservlet;jsessionid=ac16012b30d5119b3910b34c44c69c548c7d89a14328.e3iSbxaKaheRe34SahiRb30Pchr0n6jAmljGr5XDqQLvpAe HTTP/1.1" 200 2
186.84.44.58 - - [12/Jan/2015:11:02:25 -0500] "POST /forms/lservlet;jsessionid=ac16012b30d5119b3910b34c44c69c548c7d89a14328.e3iSbxaKaheRe34SahiRb30Pchr0n6jAmljGr5XDqQLvpAe HTTP/1.1" 200 2
186.29.203.131 - - [12/Jan/2015:11:02:26 -0500] "POST /forms/lservlet;jsessionid=ac16012b30d5b10e4f29f1924fbb8a83aef930aaa7e9.e3iSbxaKaheRe34SahiRb30Pchr0n6jAmljGr5XDqQLvpAe HTTP/1.1" 200 163
186.84.44.58 - - [12/Jan/2015:11:02:26 -0500] "POST /forms/lservlet;jsessionid=ac16012b30d5119b3910b34c44c69c548c7d89a14328.e3iSbxaKaheRe34SahiRb30Pchr0n6jAmljGr5XDqQLvpAe HTTP/1.1" 200 2225
186.84.44.58 - - [12/Jan/2015:11:02:26 -0500] "POST /forms/lservlet;jsessionid=ac16012b30d5119b3910b34c44c69c548c7d89a14328.e3iSbxaKaheRe34SahiRb30Pchr0n6jAmljGr5XDqQLvpAe HTTP/1.1" 200 2
186.84.44.58 - - [12/Jan/2015:11:02:27 -0500] "POST /forms/lservlet;jsessionid=ac16012b30d5119b3910b34c44c69c548c7d89a14328.e3iSbxaKaheRe34SahiRb30Pchr0n6jAmljGr5XDqQLvpAe HTTP/1.1" 200 2
186.84.44.58 - - [12/Jan/2015:11:02:27 -0500] "POST /forms/lservlet;jsessionid=ac16012b30d5119b3910b34c44c69c548c7d89a14328.e3iSbxaKaheRe34SahiRb30Pchr0n6jAmljGr5XDqQLvpAe HTTP/1.1" 200 3312
186.84.44.58 - - [12/Jan/2015:11:02:27 -0500] "POST /forms/lservlet;jsessionid=ac16012b30d5119b3910b34c44c69c548c7d89a14328.e3iSbxaKaheRe34SahiRb30Pchr0n6jAmljGr5XDqQLvpAe HTTP/1.1" 200 2
186.84.44.58 - - [12/Jan/2015:11:02:28 -0500] "POST /forms/lservlet;jsessionid=ac16012b30d5119b3910b34c44c69c548c7d89a14328.e3iSbxaKaheRe34SahiRb30Pchr0n6jAmljGr5XDqQLvpAe HTTP/1.1" 200 2
186.84.44.58 - - [12/Jan/2015:11:02:28 -0500] "POST /forms/lservlet;jsessionid=ac16012b30d5119b3910b34c44c69c548c7d89a14328.e3iSbxaKaheRe34SahiRb30Pchr0n6jAmljGr5XDqQLvpAe HTTP/1.1" 200 3070
186.84.44.58 - - [12/Jan/2015:11:02:28 -0500] "POST /forms/lservlet;jsessionid=ac16012b30d5119b3910b34c44c69c548c7d89a14328.e3iSbxaKaheRe34SahiRb30Pchr0n6jAmljGr5XDqQLvpAe HTTP/1.1" 200 2
186.84.44.58 - - [12/Jan/2015:11:02:29 -0500] "POST /forms/lservlet;jsessionid=ac16012b30d5119b3910b34c44c69c548c7d89a14328.e3iSbxaKaheRe34SahiRb30Pchr0n6jAmljGr5XDqQLvpAe HTTP/1.1" 200 2
186.84.44.58 - - [12/Jan/2015:11:02:29 -0500] "POST /forms/lservlet;jsessionid=ac16012b30d5119b3910b34c44c69c548c7d89a14328.e3iSbxaKaheRe34SahiRb30Pchr0n6jAmljGr5XDqQLvpAe HTTP/1.1" 200 2655
186.84.44.58 - - [12/Jan/2015:11:02:30 -0500] "POST /forms/lservlet;jsessionid=ac16012b30d5119b3910b34c44c69c548c7d89a14328.e3iSbxaKaheRe34SahiRb30Pchr0n6jAmljGr5XDqQLvpAe HTTP/1.1" 200 2
181.241.104.93 - - [12/Jan/2015:11:02:30 -0500] "GET /BLA/resoluciones/AUTOS%202009/0453.pdf HTTP/1.1" 200 140986
186.84.44.58 - - [12/Jan/2015:11:02:31 -0500] "POST /forms/lservlet;jsessionid=ac16012b30d5119b3910b34c44c69c548c7d89a14328.e3iSbxaKaheRe34SahiRb30Pchr0n6jAmljGr5XDqQLvpAe HTTP/1.1" 200 2
186.29.203.131 - - [12/Jan/2015:11:02:31 -0500] "POST /forms/lservlet;jsessionid=ac16012b30d5b10e4f29f1924fbb8a83aef930aaa7e9.e3iSbxaKaheRe34SahiRb30Pchr0n6jAmljGr5XDqQLvpAe HTTP/1.1" 200 98
181.241.104.93 - - [12/Jan/2015:11:02:31 -0500] "GET /BLA/resoluciones/AUTOS%202009/0453.pdf HTTP/1.1" 206 32768
186.84.44.58 - - [12/Jan/2015:11:02:31 -0500] "POST /forms/lservlet;jsessionid=ac16012b30d5119b3910b34c44c69c548c7d89a14328.e3iSbxaKaheRe34SahiRb30Pchr0n6jAmljGr5XDqQLvpAe HTTP/1.1" 200 2752
186.84.44.58 - - [12/Jan/2015:11:02:31 -0500] "POST /forms/lservlet;jsessionid=ac16012b30d5119b3910b34c44c69c548c7d89a14328.e3iSbxaKaheRe34SahiRb30Pchr0n6jAmljGr5XDqQLvpAe HTTP/1.1" 200 2
186.29.203.131 - - [12/Jan/2015:11:02:32 -0500] "POST /forms/lservlet;jsessionid=ac16012b30d5b10e4f29f1924fbb8a83aef930aaa7e9.e3iSbxaKaheRe34SahiRb30Pchr0n6jAmljGr5XDqQLvpAe HTTP/1.1" 200 2
186.84.44.58 - - [12/Jan/2015:11:02:32 -0500] "POST /forms/lservlet;jsessionid=ac16012b30d5119b3910b34c44c69c548c7d89a14328.e3iSbxaKaheRe34SahiRb30Pchr0n6jAmljGr5XDqQLvpAe HTTP/1.1" 200 2
181.241.104.93 - - [12/Jan/2015:11:02:32 -0500] "GET /BLA/resoluciones/AUTOS%202009/0453.pdf HTTP/1.1" 206 108218
186.84.44.58 - - [12/Jan/2015:11:02:32 -0500] "POST /forms/lservlet;jsessionid=ac16012b30d5119b3910b34c44c69c548c7d89a14328.e3iSbxaKaheRe34SahiRb30Pchr0n6jAmljGr5XDqQLvpAe HTTP/1.1" 200 2871
186.84.44.58 - - [12/Jan/2015:11:02:33 -0500] "POST /forms/lservlet;jsessionid=ac16012b30d5119b3910b34c44c69c548c7d89a14328.e3iSbxaKaheRe34SahiRb30Pchr0n6jAmljGr5XDqQLvpAe HTTP/1.1" 200 2
186.29.203.131 - - [12/Jan/2015:11:02:32 -0500] "POST /forms/lservlet;jsessionid=ac16012b30d5b10e4f29f1924fbb8a83aef930aaa7e9.e3iSbxaKaheRe34SahiRb30Pchr0n6jAmljGr5XDqQLvpAe HTTP/1.1" 200 14
186.29.203.131 - - [12/Jan/2015:11:02:33 -0500] "POST /forms/lservlet;jsessionid=ac16012b30d5b10e4f29f1924fbb8a83aef930aaa7e9.e3iSbxaKaheRe34SahiRb30Pchr0n6jAmljGr5XDqQLvpAe HTTP/1.1" 200 4689
186.29.203.131 - - [12/Jan/2015:11:02:34 -0500] "POST /forms/lservlet;jsessionid=ac16012b30d5b10e4f29f1924fbb8a83aef930aaa7e9.e3iSbxaKaheRe34SahiRb30Pchr0n6jAmljGr5XDqQLvpAe HTTP/1.1" 200 2
186.84.44.58 - - [12/Jan/2015:11:02:35 -0500] "POST /forms/lservlet;jsessionid=ac16012b30d5119b3910b34c44c69c548c7d89a14328.e3iSbxaKaheRe34SahiRb30Pchr0n6jAmljGr5XDqQLvpAe HTTP/1.1" 200 2
186.84.44.58 - - [12/Jan/2015:11:02:35 -0500] "POST /forms/lservlet;jsessionid=ac16012b30d5119b3910b34c44c69c548c7d89a14328.e3iSbxaKaheRe34SahiRb30Pchr0n6jAmljGr5XDqQLvpAe HTTP/1.1" 200 2985
186.84.44.58 - - [12/Jan/2015:11:02:36 -0500] "POST /forms/lservlet;jsessionid=ac16012b30d5119b3910b34c44c69c548c7d89a14328.e3iSbxaKaheRe34SahiRb30Pchr0n6jAmljGr5XDqQLvpAe HTTP/1.1" 200 2
95.61.33.151 - - [12/Jan/2015:11:02:36 -0500] "GET /BLA/resoluciones/AUTOS%202007/0868.pdf HTTP/1.1" 200 126365
186.84.44.58 - - [12/Jan/2015:11:02:37 -0500] "POST /forms/lservlet;jsessionid=ac16012b30d5119b3910b34c44c69c548c7d89a14328.e3iSbxaKaheRe34SahiRb30Pchr0n6jAmljGr5XDqQLvpAe HTTP/1.1" 200 2
95.61.33.151 - - [12/Jan/2015:11:02:37 -0500] "GET /favicon.ico HTTP/1.1" 200 7782
186.29.203.131 - - [12/Jan/2015:11:02:38 -0500] "POST /forms/lservlet;jsessionid=ac16012b30d5b10e4f29f1924fbb8a83aef930aaa7e9.e3iSbxaKaheRe34SahiRb30Pchr0n6jAmljGr5XDqQLvpAe HTTP/1.1" 200 2
186.29.203.131 - - [12/Jan/2015:11:02:38 -0500] "POST /forms/lservlet;jsessionid=ac16012b30d5b10e4f29f1924fbb8a83aef930aaa7e9.e3iSbxaKaheRe34SahiRb30Pchr0n6jAmljGr5XDqQLvpAe HTTP/1.1" 200 2767
186.84.44.58 - - [12/Jan/2015:11:02:38 -0500] "POST /forms/lservlet;jsessionid=ac16012b30d5119b3910b34c44c69c548c7d89a14328.e3iSbxaKaheRe34SahiRb30Pchr0n6jAmljGr5XDqQLvpAe HTTP/1.1" 200 2552
186.84.44.58 - - [12/Jan/2015:11:02:38 -0500] "POST /forms/lservlet;jsessionid=ac16012b30d5119b3910b34c44c69c548c7d89a14328.e3iSbxaKaheRe34SahiRb30Pchr0n6jAmljGr5XDqQLvpAe HTTP/1.1" 200 2
186.84.44.58 - - [12/Jan/2015:11:02:38 -0500] "POST /forms/lservlet;jsessionid=ac16012b30d5119b3910b34c44c69c548c7d89a14328.e3iSbxaKaheRe34SahiRb30Pchr0n6jAmljGr5XDqQLvpAe HTTP/1.1" 200 2
186.84.44.58 - - [12/Jan/2015:11:02:39 -0500] "POST /forms/lservlet;jsessionid=ac16012b30d5119b3910b34c44c69c548c7d89a14328.e3iSbxaKaheRe34SahiRb30Pchr0n6jAmljGr5XDqQLvpAe HTTP/1.1" 200 2080
186.84.44.58 - - [12/Jan/2015:11:02:39 -0500] "POST /forms/lservlet;jsessionid=ac16012b30d5119b3910b34c44c69c548c7d89a14328.e3iSbxaKaheRe34SahiRb30Pchr0n6jAmljGr5XDqQLvpAe HTTP/1.1" 200 2
186.29.203.131 - - [12/Jan/2015:11:02:40 -0500] "GET /imagenes/Srch_frw.gif HTTP/1.1" 200 925
186.29.203.131 - - [12/Jan/2015:11:02:40 -0500] "POST /forms/lservlet;jsessionid=ac16012b30d5b10e4f29f1924fbb8a83aef930aaa7e9.e3iSbxaKaheRe34SahiRb30Pchr0n6jAmljGr5XDqQLvpAe HTTP/1.1" 200 10
186.29.203.131 - - [12/Jan/2015:11:02:43 -0500] "POST /forms/lservlet;jsessionid=ac16012b30d5b10e4f29f1924fbb8a83aef930aaa7e9.e3iSbxaKaheRe34SahiRb30Pchr0n6jAmljGr5XDqQLvpAe HTTP/1.1" 200 43
66.249.67.67 - - [12/Jan/2015:11:02:52 -0500] "GET /BLA/resoluciones/RESOLUCIONES%202008/4124.pdf HTTP/1.1" 200 407608
186.29.203.131 - - [12/Jan/2015:11:02:54 -0500] "POST /forms/lservlet;jsessionid=ac16012b30d5b10e4f29f1924fbb8a83aef930aaa7e9.e3iSbxaKaheRe34SahiRb30Pchr0n6jAmljGr5XDqQLvpAe HTTP/1.1" 200 74
186.29.203.131 - - [12/Jan/2015:11:02:58 -0500] "POST /forms/lservlet;jsessionid=ac16012b30d5b10e4f29f1924fbb8a83aef930aaa7e9.e3iSbxaKaheRe34SahiRb30Pchr0n6jAmljGr5XDqQLvpAe HTTP/1.1" 200 21
186.29.203.131 - - [12/Jan/2015:11:02:58 -0500] "POST /forms/lservlet;jsessionid=ac16012b30d5b10e4f29f1924fbb8a83aef930aaa7e9.e3iSbxaKaheRe34SahiRb30Pchr0n6jAmljGr5XDqQLvpAe HTTP/1.1" 200 582
186.29.203.131 - - [12/Jan/2015:11:02:58 -0500] "POST /forms/lservlet;jsessionid=ac16012b30d5b10e4f29f1924fbb8a83aef930aaa7e9.e3iSbxaKaheRe34SahiRb30Pchr0n6jAmljGr5XDqQLvpAe HTTP/1.1" 200 20
186.29.203.131 - - [12/Jan/2015:11:03:00 -0500] "POST /forms/lservlet;jsessionid=ac16012b30d5b10e4f29f1924fbb8a83aef930aaa7e9.e3iSbxaKaheRe34SahiRb30Pchr0n6jAmljGr5XDqQLvpAe HTTP/1.1" 200 2
186.29.203.131 - - [12/Jan/2015:11:03:01 -0500] "POST /forms/lservlet;jsessionid=ac16012b30d5b10e4f29f1924fbb8a83aef930aaa7e9.e3iSbxaKaheRe34SahiRb30Pchr0n6jAmljGr5XDqQLvpAe HTTP/1.1" 200 278
186.29.203.131 - - [12/Jan/2015:11:03:01 -0500] "POST /forms/lservlet;jsessionid=ac16012b30d5b10e4f29f1924fbb8a83aef930aaa7e9.e3iSbxaKaheRe34SahiRb30Pchr0n6jAmljGr5XDqQLvpAe HTTP/1.1" 200 10
186.29.203.131 - - [12/Jan/2015:11:03:03 -0500] "POST /forms/lservlet;jsessionid=ac16012b30d5b10e4f29f1924fbb8a83aef930aaa7e9.e3iSbxaKaheRe34SahiRb30Pchr0n6jAmljGr5XDqQLvpAe HTTP/1.1" 200 2
186.29.203.131 - - [12/Jan/2015:11:03:03 -0500] "POST /forms/lservlet;jsessionid=ac16012b30d5b10e4f29f1924fbb8a83aef930aaa7e9.e3iSbxaKaheRe34SahiRb30Pchr0n6jAmljGr5XDqQLvpAe HTTP/1.1" 200 445
186.29.203.131 - - [12/Jan/2015:11:03:04 -0500] "POST /forms/lservlet;jsessionid=ac16012b30d5b10e4f29f1924fbb8a83aef930aaa7e9.e3iSbxaKaheRe34SahiRb30Pchr0n6jAmljGr5XDqQLvpAe HTTP/1.1" 200 10
186.29.203.131 - - [12/Jan/2015:11:03:05 -0500] "POST /forms/lservlet;jsessionid=ac16012b30d5b10e4f29f1924fbb8a83aef930aaa7e9.e3iSbxaKaheRe34SahiRb30Pchr0n6jAmljGr5XDqQLvpAe HTTP/1.1" 200 8
186.29.203.131 - - [12/Jan/2015:11:03:05 -0500] "POST /forms/lservlet;jsessionid=ac16012b30d5b10e4f29f1924fbb8a83aef930aaa7e9.e3iSbxaKaheRe34SahiRb30Pchr0n6jAmljGr5XDqQLvpAe HTTP/1.1" 200 8
186.29.203.131 - - [12/Jan/2015:11:03:05 -0500] "POST /forms/lservlet;jsessionid=ac16012b30d5b10e4f29f1924fbb8a83aef930aaa7e9.e3iSbxaKaheRe34SahiRb30Pchr0n6jAmljGr5XDqQLvpAe HTTP/1.1" 200 2
186.29.203.131 - - [12/Jan/2015:11:03:08 -0500] "POST /forms/lservlet;jsessionid=ac16012b30d5b10e4f29f1924fbb8a83aef930aaa7e9.e3iSbxaKaheRe34SahiRb30Pchr0n6jAmljGr5XDqQLvpAe HTTP/1.1" 200 21
186.29.203.131 - - [12/Jan/2015:11:03:08 -0500] "POST /forms/lservlet;jsessionid=ac16012b30d5b10e4f29f1924fbb8a83aef930aaa7e9.e3iSbxaKaheRe34SahiRb30Pchr0n6jAmljGr5XDqQLvpAe HTTP/1.1" 200 4634
186.29.203.131 - - [12/Jan/2015:11:03:09 -0500] "POST /forms/lservlet;jsessionid=ac16012b30d5b10e4f29f1924fbb8a83aef930aaa7e9.e3iSbxaKaheRe34SahiRb30Pchr0n6jAmljGr5XDqQLvpAe HTTP/1.1" 200 18
186.29.203.131 - - [12/Jan/2015:11:03:11 -0500] "POST /forms/lservlet;jsessionid=ac16012b30d5b10e4f29f1924fbb8a83aef930aaa7e9.e3iSbxaKaheRe34SahiRb30Pchr0n6jAmljGr5XDqQLvpAe HTTP/1.1" 200 2
186.29.203.131 - - [12/Jan/2015:11:03:12 -0500] "POST /forms/lservlet;jsessionid=ac16012b30d5b10e4f29f1924fbb8a83aef930aaa7e9.e3iSbxaKaheRe34SahiRb30Pchr0n6jAmljGr5XDqQLvpAe HTTP/1.1" 200 3208
186.29.203.131 - - [12/Jan/2015:11:03:12 -0500] "POST /forms/lservlet;jsessionid=ac16012b30d5b10e4f29f1924fbb8a83aef930aaa7e9.e3iSbxaKaheRe34SahiRb30Pchr0n6jAmljGr5XDqQLvpAe HTTP/1.1" 200 2
188.165.15.239 - - [12/Jan/2015:11:03:13 -0500] "GET /BLA/resoluciones/RESOLUCIONES%202006/RES%202006%202751-2800/00002798.tif HTTP/1.1" 200 178326
186.29.203.131 - - [12/Jan/2015:11:03:13 -0500] "POST /forms/lservlet;jsessionid=ac16012b30d5b10e4f29f1924fbb8a83aef930aaa7e9.e3iSbxaKaheRe34SahiRb30Pchr0n6jAmljGr5XDqQLvpAe HTTP/1.1" 200 2
186.29.203.131 - - [12/Jan/2015:11:03:13 -0500] "POST /forms/lservlet;jsessionid=ac16012b30d5b10e4f29f1924fbb8a83aef930aaa7e9.e3iSbxaKaheRe34SahiRb30Pchr0n6jAmljGr5XDqQLvpAe HTTP/1.1" 200 3149
186.29.203.131 - - [12/Jan/2015:11:03:14 -0500] "POST /forms/lservlet;jsessionid=ac16012b30d5b10e4f29f1924fbb8a83aef930aaa7e9.e3iSbxaKaheRe34SahiRb30Pchr0n6jAmljGr5XDqQLvpAe HTTP/1.1" 200 2
186.29.203.131 - - [12/Jan/2015:11:03:15 -0500] "POST /forms/lservlet;jsessionid=ac16012b30d5b10e4f29f1924fbb8a83aef930aaa7e9.e3iSbxaKaheRe34SahiRb30Pchr0n6jAmljGr5XDqQLvpAe HTTP/1.1" 200 2
186.29.203.131 - - [12/Jan/2015:11:03:15 -0500] "POST /forms/lservlet;jsessionid=ac16012b30d5b10e4f29f1924fbb8a83aef930aaa7e9.e3iSbxaKaheRe34SahiRb30Pchr0n6jAmljGr5XDqQLvpAe HTTP/1.1" 200 3444
186.29.203.131 - - [12/Jan/2015:11:03:16 -0500] "POST /forms/lservlet;jsessionid=ac16012b30d5b10e4f29f1924fbb8a83aef930aaa7e9.e3iSbxaKaheRe34SahiRb30Pchr0n6jAmljGr5XDqQLvpAe HTTP/1.1" 200 2
66.249.67.67 - - [12/Jan/2015:11:03:21 -0500] "GET /BLA/resoluciones/RESOLUCIONES%202009/6497.pdf HTTP/1.1" 200 431671
188.165.15.237 - - [12/Jan/2015:11:03:21 -0500] "GET /BLA/resoluciones/RESOLUCIONES%202004/RES%202004%20401-450/00000438.tif HTTP/1.1" 200 61826
186.29.203.131 - - [12/Jan/2015:11:03:22 -0500] "POST /forms/lservlet;jsessionid=ac16012b30d5b10e4f29f1924fbb8a83aef930aaa7e9.e3iSbxaKaheRe34SahiRb30Pchr0n6jAmljGr5XDqQLvpAe HTTP/1.1" 200 2
186.29.203.131 - - [12/Jan/2015:11:03:22 -0500] "POST /forms/lservlet;jsessionid=ac16012b30d5b10e4f29f1924fbb8a83aef930aaa7e9.e3iSbxaKaheRe34SahiRb30Pchr0n6jAmljGr5XDqQLvpAe HTTP/1.1" 200 2268
186.29.203.131 - - [12/Jan/2015:11:03:22 -0500] "POST /forms/lservlet;jsessionid=ac16012b30d5b10e4f29f1924fbb8a83aef930aaa7e9.e3iSbxaKaheRe34SahiRb30Pchr0n6jAmljGr5XDqQLvpAe HTTP/1.1" 200 10
186.84.44.58 - - [12/Jan/2015:11:03:22 -0500] "POST /forms/lservlet;jsessionid=ac16012b30d5119b3910b34c44c69c548c7d89a14328.e3iSbxaKaheRe34SahiRb30Pchr0n6jAmljGr5XDqQLvpAe HTTP/1.1" 200 2
186.84.44.58 - - [12/Jan/2015:11:03:22 -0500] "POST /forms/lservlet;jsessionid=ac16012b30d5119b3910b34c44c69c548c7d89a14328.e3iSbxaKaheRe34SahiRb30Pchr0n6jAmljGr5XDqQLvpAe HTTP/1.1" 200 2905
186.84.44.58 - - [12/Jan/2015:11:03:22 -0500] "POST /forms/lservlet;jsessionid=ac16012b30d5119b3910b34c44c69c548c7d89a14328.e3iSbxaKaheRe34SahiRb30Pchr0n6jAmljGr5XDqQLvpAe HTTP/1.1" 200 2
186.29.203.131 - - [12/Jan/2015:11:03:23 -0500] "POST /forms/lservlet;jsessionid=ac16012b30d5b10e4f29f1924fbb8a83aef930aaa7e9.e3iSbxaKaheRe34SahiRb30Pchr0n6jAmljGr5XDqQLvpAe HTTP/1.1" 200 2
186.29.203.131 - - [12/Jan/2015:11:03:23 -0500] "POST /forms/lservlet;jsessionid=ac16012b30d5b10e4f29f1924fbb8a83aef930aaa7e9.e3iSbxaKaheRe34SahiRb30Pchr0n6jAmljGr5XDqQLvpAe HTTP/1.1" 200 685
186.29.203.131 - - [12/Jan/2015:11:03:23 -0500] "GET /imagenes/Srch_frw.gif HTTP/1.1" 200 925
186.29.203.131 - - [12/Jan/2015:11:03:24 -0500] "POST /forms/lservlet;jsessionid=ac16012b30d5b10e4f29f1924fbb8a83aef930aaa7e9.e3iSbxaKaheRe34SahiRb30Pchr0n6jAmljGr5XDqQLvpAe HTTP/1.1" 200 10
186.29.203.131 - - [12/Jan/2015:11:03:24 -0500] "POST /forms/lservlet;jsessionid=ac16012b30d5b10e4f29f1924fbb8a83aef930aaa7e9.e3iSbxaKaheRe34SahiRb30Pchr0n6jAmljGr5XDqQLvpAe HTTP/1.1" 200 2
186.29.203.131 - - [12/Jan/2015:11:03:24 -0500] "POST /forms/lservlet;jsessionid=ac16012b30d5b10e4f29f1924fbb8a83aef930aaa7e9.e3iSbxaKaheRe34SahiRb30Pchr0n6jAmljGr5XDqQLvpAe HTTP/1.1" 200 269
186.29.203.131 - - [12/Jan/2015:11:03:24 -0500] "POST /forms/lservlet;jsessionid=ac16012b30d5b10e4f29f1924fbb8a83aef930aaa7e9.e3iSbxaKaheRe34SahiRb30Pchr0n6jAmljGr5XDqQLvpAe HTTP/1.1" 200 10
186.29.203.131 - - [12/Jan/2015:11:03:25 -0500] "POST /forms/lservlet;jsessionid=ac16012b30d5b10e4f29f1924fbb8a83aef930aaa7e9.e3iSbxaKaheRe34SahiRb30Pchr0n6jAmljGr5XDqQLvpAe HTTP/1.1" 200 8
186.29.203.131 - - [12/Jan/2015:11:03:25 -0500] "POST /forms/lservlet;jsessionid=ac16012b30d5b10e4f29f1924fbb8a83aef930aaa7e9.e3iSbxaKaheRe34SahiRb30Pchr0n6jAmljGr5XDqQLvpAe HTTP/1.1" 200 8
