181.54.33.254 - - [13/Jan/2015:05:47:15 -0500] "GET /galeria/carrusel/Carrusel/jquery.thumbnailScroller.css HTTP/1.1" 200 2066
181.54.33.254 - - [13/Jan/2015:05:47:15 -0500] "GET /galeria/carrusel/Carrusel/jquery-ui-1.8.13.custom.min.js HTTP/1.1" 200 10800
181.54.33.254 - - [13/Jan/2015:05:47:15 -0500] "GET /galeria/carrusel/Carrusel/jquery.thumbnailScroller.js HTTP/1.1" 200 8157
181.54.33.254 - - [13/Jan/2015:05:47:18 -0500] "GET /galeria/nivo-slider/demo/demo.html HTTP/1.1" 200 3150
181.54.33.254 - - [13/Jan/2015:05:47:19 -0500] "GET /galeria/nivo-slider/themes/default/default.css HTTP/1.1" 200 1569
181.54.33.254 - - [13/Jan/2015:05:47:19 -0500] "GET /galeria/nivo-slider/themes/pascal/pascal.css HTTP/1.1" 200 2258
181.54.33.254 - - [13/Jan/2015:05:47:19 -0500] "GET /galeria/nivo-slider/themes/orman/orman.css HTTP/1.1" 200 2152
181.54.33.254 - - [13/Jan/2015:05:47:19 -0500] "GET /galeria/nivo-slider/nivo-slider.css HTTP/1.1" 200 1507
181.54.33.254 - - [13/Jan/2015:05:47:19 -0500] "GET /galeria/nivo-slider/demo/style.css HTTP/1.1" 200 2222
181.54.33.254 - - [13/Jan/2015:05:47:19 -0500] "GET /galeria/nivo-slider/demo/images/Ruta-vertimientos-01.jpg HTTP/1.1" 200 130151
181.54.33.254 - - [13/Jan/2015:05:47:19 -0500] "GET /galeria/nivo-slider/demo/images/bolsas-08.jpg HTTP/1.1" 200 85589
181.54.33.254 - - [13/Jan/2015:05:47:19 -0500] "GET /galeria/nivo-slider/demo/images/bolsas-06.jpg HTTP/1.1" 200 90982
181.54.33.254 - - [13/Jan/2015:05:47:19 -0500] "GET /galeria/nivo-slider/demo/images/ecolecta-Dic2014.png HTTP/1.1" 200 288593
181.54.33.254 - - [13/Jan/2015:05:47:19 -0500] "GET /galeria/nivo-slider/demo/images/porloshumedales.jpg HTTP/1.1" 200 351238
181.54.33.254 - - [13/Jan/2015:05:47:19 -0500] "GET /galeria/nivo-slider/demo/images/Tingua-azul.jpg HTTP/1.1" 200 307638
181.54.33.254 - - [13/Jan/2015:05:47:19 -0500] "GET /galeria/nivo-slider/demo/scripts/jquery-1.7.1.min.js HTTP/1.1" 200 93868
181.54.33.254 - - [13/Jan/2015:05:47:20 -0500] "GET /galeria/nivo-slider/jquery.nivo.slider.pack.js HTTP/1.1" 200 11561
181.54.33.254 - - [13/Jan/2015:05:47:20 -0500] "GET /galeria/nivo-slider/demo/images/4Simple_Slider.png HTTP/1.1" 200 11722
181.54.33.254 - - [13/Jan/2015:05:47:20 -0500] "GET /galeria/nivo-slider/themes/default/loading.gif HTTP/1.1" 200 1737
181.54.33.254 - - [13/Jan/2015:05:47:20 -0500] "GET /galeria/nivo-slider/demo/images/Banner-Caracol-Africano.jpg HTTP/1.1" 200 331986
181.54.33.254 - - [13/Jan/2015:05:47:20 -0500] "GET /galeria/nivo-slider/demo/images/banner-redes.jpg HTTP/1.1" 200 62209
181.54.33.254 - - [13/Jan/2015:05:47:20 -0500] "GET /galeria/nivo-slider/demo/images/9Signos.jpg HTTP/1.1" 200 93040
181.54.33.254 - - [13/Jan/2015:05:47:20 -0500] "GET /galeria/nivo-slider/demo/images/banner-llantas2.jpg HTTP/1.1" 200 73153
181.54.33.254 - - [13/Jan/2015:05:47:21 -0500] "GET /galeria/nivo-slider/demo/images/banner-caballos.png HTTP/1.1" 200 389106
181.54.33.254 - - [13/Jan/2015:05:47:23 -0500] "GET /galeria/nivo-slider/themes/default/arrows.png HTTP/1.1" 200 824
181.54.33.254 - - [13/Jan/2015:05:47:23 -0500] "GET /galeria/nivo-slider/themes/default/bullets.png HTTP/1.1" 200 1281
181.54.33.254 - - [13/Jan/2015:05:47:27 -0500] "GET /videos/Spot_CambioClimatico.flv HTTP/1.1" 200 4371917
180.76.4.123 - - [13/Jan/2015:05:47:47 -0500] "GET / HTTP/1.1" 302 -
66.249.67.83 - - [13/Jan/2015:05:48:10 -0500] "GET /BLA/resoluciones/Autos%202008/3176.pdf HTTP/1.1" 200 197883
66.249.67.83 - - [13/Jan/2015:05:48:11 -0500] "GET /BLA/resoluciones/AUTOS%202011/2691.pdf HTTP/1.1" 200 150153
66.249.67.119 - - [13/Jan/2015:05:48:12 -0500] "GET /PORTAL_SIAC/swf/clip2.swf HTTP/1.1" 200 34316
66.249.67.67 - - [13/Jan/2015:05:48:12 -0500] "GET /BLA/resoluciones/RESOLUCIONES%202007/RES%202007%203501%20AL%203600/RESOLUCION%203533%20DE%202007.pdf HTTP/1.1" 200 395702
66.249.67.83 - - [13/Jan/2015:05:48:13 -0500] "GET /BLA/resoluciones/AUTOS%202007/1064.pdf HTTP/1.1" 200 672481
66.249.67.67 - - [13/Jan/2015:05:48:34 -0500] "GET /BLA/resoluciones/RESOLUCIONES%202010/5812.pdf HTTP/1.1" 200 81112
74.86.158.107 - - [13/Jan/2015:05:48:49 -0500] "HEAD / HTTP/1.1" 302 -
188.165.15.44 - - [13/Jan/2015:05:48:54 -0500] "GET /BLA/resoluciones/RESOLUCIONES%202006/RES%202006%202001-2050/INDEX.DAT HTTP/1.1" 200 2000
180.76.6.146 - - [13/Jan/2015:05:49:07 -0500] "GET /BLA/resoluciones/AUTOS%202007/0898.pdf HTTP/1.1" 200 57138
66.249.67.83 - - [13/Jan/2015:05:48:44 -0500] "GET /BLA/boletinlegal/index.php HTTP/1.1" 200 49382
66.249.67.75 - - [13/Jan/2015:05:49:24 -0500] "GET /BLA/resoluciones/RESOLUCIONES%202009/8391.pdf HTTP/1.1" 200 445356
66.249.67.67 - - [13/Jan/2015:05:49:32 -0500] "GET /BLA/resoluciones/AUTOS%202011/7727.pdf HTTP/1.1" 200 163361
188.165.15.15 - - [13/Jan/2015:05:49:46 -0500] "GET /BLA/resoluciones/index.php?dir=RESOLUCIONES%202002/RES%202002%201251-1301/&sort=date&order=desc HTTP/1.1" 200 12147
66.249.67.83 - - [13/Jan/2015:05:50:04 -0500] "GET /BLA/resoluciones/RESOLUCIONES%202008/2887.pdf HTTP/1.1" 200 522302
66.249.67.83 - - [13/Jan/2015:05:50:05 -0500] "GET /BLA/resoluciones/AUTOS%202011/1915.pdf HTTP/1.1" 200 147287
157.55.39.23 - - [13/Jan/2015:05:50:05 -0500] "GET /BLA/resoluciones/AUTOS%202009/0716.pdf HTTP/1.1" 200 107153
66.249.67.67 - - [13/Jan/2015:05:50:24 -0500] "GET /BLA/resoluciones/Autos%202008/3386.pdf HTTP/1.1" 200 101026
188.165.15.21 - - [13/Jan/2015:05:50:28 -0500] "GET /BLA/resoluciones/RESOLUCIONES%202006/RES%202006%202051-2100/00002097.tif HTTP/1.1" 200 128642
66.249.67.75 - - [13/Jan/2015:05:50:44 -0500] "GET /BLA/resoluciones/RESOLUCIONES%202008/5709.pdf HTTP/1.1" 200 211997
207.46.13.113 - - [13/Jan/2015:05:51:06 -0500] "GET /BLA/resoluciones/AUTOS%202010/6666.pdf HTTP/1.1" 200 215385
181.67.134.85 - - [13/Jan/2015:05:51:09 -0500] "GET /BLA/boletinlegal/js/jquery.js HTTP/1.1" 200 57254
181.67.134.85 - - [13/Jan/2015:05:51:09 -0500] "GET /BLA/boletinlegal/js/jquery.scrollTo-min.js HTTP/1.1" 200 1150
181.67.134.85 - - [13/Jan/2015:05:51:09 -0500] "GET /BLA/boletinlegal/js/jquery.scrollShow.js HTTP/1.1" 200 4586
66.249.67.67 - - [13/Jan/2015:05:51:23 -0500] "GET /BLA/resoluciones/RESOLUCIONES%202008/1181.pdf HTTP/1.1" 200 57921
66.249.67.75 - - [13/Jan/2015:05:52:03 -0500] "GET /BLA/resoluciones/RESOLUCIONES%202008/2357.pdf HTTP/1.1" 200 253003
66.249.67.75 - - [13/Jan/2015:05:52:04 -0500] "GET /BLA/resoluciones/AUTOS%202013/0291.pdf HTTP/1.1" 200 1063564
207.46.13.113 - - [13/Jan/2015:05:52:06 -0500] "GET /bla/resoluciones/resoluciones%202009/9095.pdf HTTP/1.1" 200 511751
66.249.67.67 - - [13/Jan/2015:05:52:43 -0500] "GET /BLA/resoluciones/RESOLUCIONES%202008/0494.pdf HTTP/1.1" 200 119828
180.76.5.27 - - [13/Jan/2015:05:53:04 -0500] "GET /BLA/resoluciones/RESOLUCIONES%202011/2487.pdf HTTP/1.1" 200 758590
66.249.67.83 - - [13/Jan/2015:05:53:11 -0500] "GET /BLA/resoluciones/RESOLUCIONES%202007/RES%202007%203501%20AL%203600/RESOLUCION%203565%20DE%202007.pdf HTTP/1.1" 200 225604
66.249.67.67 - - [13/Jan/2015:05:53:22 -0500] "GET /BLA/resoluciones/RESOLUCIONES%202008/3131.pdf HTTP/1.1" 200 163796
74.86.158.107 - - [13/Jan/2015:05:53:49 -0500] "HEAD / HTTP/1.1" 302 -
66.249.67.75 - - [13/Jan/2015:05:53:55 -0500] "GET /BLA/resoluciones/RESOLUCIONES%202007/RES%202007%20201%20AL%20300/RESOLUCION%20026%20DE%202007.pdf HTTP/1.1" 200 232742
66.249.67.83 - - [13/Jan/2015:05:54:40 -0500] "GET /BLA/resoluciones/RESOLUCIONES%202009/6083.pdf HTTP/1.1" 200 382732
66.249.67.83 - - [13/Jan/2015:05:54:42 -0500] "GET /BLA/resoluciones/RESOLUCIONES%202009/1959.pdf HTTP/1.1" 200 514722
66.249.67.83 - - [13/Jan/2015:05:55:22 -0500] "GET /BLA/resoluciones/AUTOS%202007/1806.pdf HTTP/1.1" 200 32863
207.46.13.113 - - [13/Jan/2015:05:55:47 -0500] "GET /BLA/resoluciones/AUTOS%202012/1947.pdf HTTP/1.1" 200 376882
66.249.67.75 - - [13/Jan/2015:05:56:46 -0500] "GET /BLA/resoluciones/RESOLUCIONES%202009/4641.pdf HTTP/1.1" 200 814320
188.165.15.66 - - [13/Jan/2015:05:56:47 -0500] "GET /BLA/resoluciones/RESOLUCIONES%202004/RES%202004%201401-1450/00001408.tif HTTP/1.1" 200 139576
66.249.67.83 - - [13/Jan/2015:05:56:48 -0500] "GET /BLA/resoluciones/AUTOS%202008/1613.pdf HTTP/1.1" 200 73174
207.46.13.113 - - [13/Jan/2015:05:56:57 -0500] "GET /BLA/resoluciones/AUTOS%202012/2419.pdf HTTP/1.1" 200 211075
207.46.13.113 - - [13/Jan/2015:05:57:11 -0500] "GET /BLA/resoluciones/RESOLUCIONES%202009/0764.pdf HTTP/1.1" 200 25454
66.249.67.67 - - [13/Jan/2015:05:57:13 -0500] "GET /BLA/resoluciones/RESOLUCIONES%202009/9592.pdf HTTP/1.1" 200 397218
207.46.13.113 - - [13/Jan/2015:05:57:17 -0500] "GET /bla/resoluciones/autos%202010/5899.pdf HTTP/1.1" 200 200507
66.249.67.83 - - [13/Jan/2015:05:57:21 -0500] "GET /BLA/resoluciones/AUTOS%202008/0736.pdf HTTP/1.1" 200 82628
66.249.67.75 - - [13/Jan/2015:05:57:31 -0500] "GET /BLA/resoluciones/RESOLUCIONES%202008/1410.pdf HTTP/1.1" 200 222665
66.249.67.83 - - [13/Jan/2015:05:57:35 -0500] "GET /BLA/resoluciones/Autos%202008/0422.pdf HTTP/1.1" 200 233378
157.55.39.23 - - [13/Jan/2015:05:57:54 -0500] "GET /BLA/resoluciones/AUTOS%202009/5435.pdf HTTP/1.1" 200 2046361
157.55.39.23 - - [13/Jan/2015:05:57:55 -0500] "GET /BLA/resoluciones/AUTOS%202010/6912.pdf HTTP/1.1" 200 246939
66.249.67.83 - - [13/Jan/2015:05:58:00 -0500] "GET /BLA/resoluciones/AUTOS%202008/2960.pdf HTTP/1.1" 200 88176
66.249.67.67 - - [13/Jan/2015:05:58:40 -0500] "GET /BLA/resoluciones/AUTOS%202006/AUTOS%202006%203301%20-%203418/00003369.tif HTTP/1.1" 200 53380
66.249.67.83 - - [13/Jan/2015:05:58:40 -0500] "GET /BLA/resoluciones/RESOLUCIONES%202008/5275.pdf HTTP/1.1" 200 417568
157.55.39.23 - - [13/Jan/2015:05:58:45 -0500] "GET /BLA/resoluciones/AUTOS%202012/0766.pdf HTTP/1.1" 200 365788
74.86.158.107 - - [13/Jan/2015:05:58:49 -0500] "HEAD / HTTP/1.1" 302 -
188.165.15.15 - - [13/Jan/2015:05:59:16 -0500] "GET /BLA/resoluciones/index.php?dir=RESOLUCIONES%202006/RES%202006%201-50/&sort=name&order=asc HTTP/1.1" 200 11867
66.249.67.75 - - [13/Jan/2015:05:59:20 -0500] "GET /BLA/resoluciones/AUTOS%202008/1482.pdf HTTP/1.1" 200 80099
188.165.15.15 - - [13/Jan/2015:05:59:43 -0500] "GET /BLA/resoluciones/RESOLUCIONES%202003/RES%202003%20751-800/752.tif HTTP/1.1" 200 66768
66.249.67.83 - - [13/Jan/2015:05:59:47 -0500] "GET /BLA/resoluciones/RESOLUCIONES%202010/4735.pdf HTTP/1.1" 200 1100120
66.249.67.75 - - [13/Jan/2015:05:59:59 -0500] "GET /BLA/resoluciones/AUTOS%202008/1959.pdf HTTP/1.1" 200 88997
188.165.15.138 - - [13/Jan/2015:06:00:09 -0500] "GET /BLA/resoluciones/index.php?dir=RESOLUCIONES%202006/RES%202006%20%202951-3000/&sort=date&order=asc HTTP/1.1" 200 12390
202.46.61.125 - - [13/Jan/2015:06:00:19 -0500] "GET /BLA/boletinlegal;jsessionid=8A6F7ACF6E8A82F6893F8841DCBDB54E?/? HTTP/1.1" 404 1018
66.249.67.75 - - [13/Jan/2015:06:00:39 -0500] "GET /BLA/resoluciones/AUTOS%202008/0943.pdf HTTP/1.1" 200 78666
66.249.67.67 - - [13/Jan/2015:06:01:19 -0500] "GET /BLA/resoluciones/RESOLUCIONES%202011/0583.pdf HTTP/1.1" 200 74161
188.165.15.66 - - [13/Jan/2015:06:01:39 -0500] "GET /BLA/resoluciones/index.php?dir=RESOLUCIONES%202004/RES%202004%20551-600/&sort=name&order=asc HTTP/1.1" 200 12047
66.249.67.75 - - [13/Jan/2015:06:01:46 -0500] "GET /BLA/resoluciones/RESOLUCIONES%202006/RES%202006%202351-2400/00002384.tif HTTP/1.1" 200 112854
188.165.15.15 - - [13/Jan/2015:06:01:54 -0500] "GET /BLA/resoluciones/RESOLUCIONES%202005/RES%202005%202001-2050/00002046.tif HTTP/1.1" 200 134096
66.249.67.67 - - [13/Jan/2015:06:01:59 -0500] "GET /BLA/resoluciones/AUTOS%202008/2576.pdf HTTP/1.1" 200 77680
66.249.67.83 - - [13/Jan/2015:06:02:18 -0500] "GET /BLA/resoluciones/AUTOS%202011/0100.pdf HTTP/1.1" 200 161351
66.249.67.83 - - [13/Jan/2015:06:02:38 -0500] "GET /BLA/resoluciones/AUTOS%202008/1896.pdf HTTP/1.1" 200 120055
66.249.67.83 - - [13/Jan/2015:06:03:14 -0500] "GET /BLA/resoluciones/RESOLUCIONES%202007/RES%202007%203501%20AL%203600/RESOLUCION%203585%20%20DE%202007.pdf HTTP/1.1" 200 84821
207.46.13.113 - - [13/Jan/2015:06:03:38 -0500] "GET /bla/resoluciones/autos%202010/5476.pdf HTTP/1.1" 200 238900
74.86.158.107 - - [13/Jan/2015:06:03:49 -0500] "HEAD / HTTP/1.1" 302 -
181.61.48.193 - - [13/Jan/2015:06:03:54 -0500] "GET /galeria/nivo-slider/demo/demo.html HTTP/1.1" 200 3150
181.61.48.193 - - [13/Jan/2015:06:03:54 -0500] "GET /galeria/nivo-slider/themes/default/default.css HTTP/1.1" 200 1569
181.61.48.193 - - [13/Jan/2015:06:03:54 -0500] "GET /galeria/nivo-slider/themes/pascal/pascal.css HTTP/1.1" 200 2258
181.61.48.193 - - [13/Jan/2015:06:03:54 -0500] "GET /galeria/nivo-slider/themes/orman/orman.css HTTP/1.1" 200 2152
181.61.48.193 - - [13/Jan/2015:06:03:54 -0500] "GET /galeria/nivo-slider/nivo-slider.css HTTP/1.1" 200 1507
181.61.48.193 - - [13/Jan/2015:06:03:54 -0500] "GET /galeria/nivo-slider/demo/style.css HTTP/1.1" 200 2222
181.61.48.193 - - [13/Jan/2015:06:03:54 -0500] "GET /galeria/nivo-slider/demo/images/Ruta-vertimientos-01.jpg HTTP/1.1" 200 130151
181.61.48.193 - - [13/Jan/2015:06:03:54 -0500] "GET /galeria/nivo-slider/demo/images/bolsas-08.jpg HTTP/1.1" 200 85589
181.61.48.193 - - [13/Jan/2015:06:03:54 -0500] "GET /galeria/nivo-slider/demo/images/bolsas-06.jpg HTTP/1.1" 200 90982
181.61.48.193 - - [13/Jan/2015:06:03:54 -0500] "GET /galeria/nivo-slider/demo/images/ecolecta-Dic2014.png HTTP/1.1" 200 288593
181.61.48.193 - - [13/Jan/2015:06:03:54 -0500] "GET /galeria/nivo-slider/demo/images/porloshumedales.jpg HTTP/1.1" 200 351238
181.61.48.193 - - [13/Jan/2015:06:03:54 -0500] "GET /galeria/nivo-slider/demo/images/Tingua-azul.jpg HTTP/1.1" 200 307638
181.61.48.193 - - [13/Jan/2015:06:03:56 -0500] "GET /galeria/nivo-slider/demo/scripts/jquery-1.7.1.min.js HTTP/1.1" 200 93868
181.61.48.193 - - [13/Jan/2015:06:03:56 -0500] "GET /galeria/nivo-slider/jquery.nivo.slider.pack.js HTTP/1.1" 200 11561
181.61.48.193 - - [13/Jan/2015:06:03:56 -0500] "GET /galeria/nivo-slider/demo/images/Banner-Caracol-Africano.jpg HTTP/1.1" 200 331986
181.61.48.193 - - [13/Jan/2015:06:03:58 -0500] "GET /galeria/nivo-slider/demo/images/4Simple_Slider.png HTTP/1.1" 200 11722
181.61.48.193 - - [13/Jan/2015:06:03:58 -0500] "GET /galeria/nivo-slider/themes/default/loading.gif HTTP/1.1" 200 1737
181.61.48.193 - - [13/Jan/2015:06:03:58 -0500] "GET /galeria/nivo-slider/demo/images/banner-redes.jpg HTTP/1.1" 200 62209
181.61.48.193 - - [13/Jan/2015:06:03:58 -0500] "GET /galeria/nivo-slider/demo/images/9Signos.jpg HTTP/1.1" 200 93040
181.61.48.193 - - [13/Jan/2015:06:03:58 -0500] "GET /galeria/nivo-slider/demo/images/banner-llantas2.jpg HTTP/1.1" 200 73153
181.61.48.193 - - [13/Jan/2015:06:03:59 -0500] "GET /galeria/nivo-slider/demo/images/banner-caballos.png HTTP/1.1" 200 389106
181.61.48.193 - - [13/Jan/2015:06:04:01 -0500] "GET /galeria/nivo-slider/themes/default/bullets.png HTTP/1.1" 200 1281
181.61.48.193 - - [13/Jan/2015:06:04:01 -0500] "GET /galeria/nivo-slider/themes/default/arrows.png HTTP/1.1" 200 824
181.61.48.193 - - [13/Jan/2015:06:04:02 -0500] "GET /videos/Spot_CambioClimatico.flv HTTP/1.1" 200 4371917
66.249.67.67 - - [13/Jan/2015:06:04:03 -0500] "GET /BLA/resoluciones/AUTOS%202009/1929.pdf HTTP/1.1" 200 209476
66.249.67.83 - - [13/Jan/2015:06:04:37 -0500] "GET /BLA/resoluciones/AUTOS%202008/2980.pdf HTTP/1.1" 200 90038
66.249.67.83 - - [13/Jan/2015:06:04:54 -0500] "GET /BLA/resoluciones/AUTOS%202011/7341.pdf HTTP/1.1" 200 205659
66.249.67.83 - - [13/Jan/2015:06:05:17 -0500] "GET /BLA/resoluciones/AUTOS%202008/1544.pdf HTTP/1.1" 200 78024
207.46.13.139 - - [13/Jan/2015:06:05:31 -0500] "GET /Anexos%20estudio%20Organizacional%20SDA/ANEXO%20No.%203-%20CONTRATACI%C3%93N%20%20OPS%C2%B4s%202008-2012/CONTRATOS%20SDA%202012%20POR%20DEPENDENCIA.xls HTTP/1.1" 200 269824
186.98.78.114 - - [13/Jan/2015:06:05:55 -0500] "GET /BLA/boletinlegal/js/jquery.js HTTP/1.1" 200 57254
186.98.78.114 - - [13/Jan/2015:06:05:55 -0500] "GET /BLA/boletinlegal/js/jquery.scrollTo-min.js HTTP/1.1" 200 1150
186.98.78.114 - - [13/Jan/2015:06:05:55 -0500] "GET /BLA/boletinlegal/js/jquery.scrollShow.js HTTP/1.1" 200 4586
186.98.78.114 - - [13/Jan/2015:06:05:55 -0500] "GET /galeria/carrusel/Carrusel/jquery.thumbnailScroller.css HTTP/1.1" 200 2066
186.98.78.114 - - [13/Jan/2015:06:05:55 -0500] "GET /galeria/carrusel/Carrusel/jquery-ui-1.8.13.custom.min.js HTTP/1.1" 200 10800
186.98.78.114 - - [13/Jan/2015:06:05:55 -0500] "GET /galeria/carrusel/Carrusel/jquery.thumbnailScroller.js HTTP/1.1" 200 8157
66.249.67.83 - - [13/Jan/2015:06:05:57 -0500] "GET /BLA/resoluciones/AUTOS%202008/1617.pdf HTTP/1.1" 200 66188
186.98.78.114 - - [13/Jan/2015:06:05:59 -0500] "GET /galeria/nivo-slider/demo/demo.html HTTP/1.1" 200 3150
186.98.78.114 - - [13/Jan/2015:06:06:00 -0500] "GET /galeria/nivo-slider/themes/default/default.css HTTP/1.1" 200 1569
186.98.78.114 - - [13/Jan/2015:06:06:00 -0500] "GET /galeria/nivo-slider/themes/pascal/pascal.css HTTP/1.1" 200 2258
186.98.78.114 - - [13/Jan/2015:06:06:01 -0500] "GET /galeria/nivo-slider/themes/orman/orman.css HTTP/1.1" 200 2152
186.98.78.114 - - [13/Jan/2015:06:06:01 -0500] "GET /galeria/nivo-slider/nivo-slider.css HTTP/1.1" 200 1507
186.98.78.114 - - [13/Jan/2015:06:06:01 -0500] "GET /galeria/nivo-slider/demo/style.css HTTP/1.1" 200 2222
186.98.78.114 - - [13/Jan/2015:06:06:02 -0500] "GET /galeria/nivo-slider/demo/scripts/jquery-1.7.1.min.js HTTP/1.1" 200 93868
186.98.78.114 - - [13/Jan/2015:06:06:02 -0500] "GET /galeria/nivo-slider/jquery.nivo.slider.pack.js HTTP/1.1" 200 11561
186.98.78.114 - - [13/Jan/2015:06:06:02 -0500] "GET /galeria/nivo-slider/demo/images/bolsas-08.jpg HTTP/1.1" 200 85589
186.98.78.114 - - [13/Jan/2015:06:06:02 -0500] "GET /galeria/nivo-slider/demo/images/Ruta-vertimientos-01.jpg HTTP/1.1" 200 130151
186.98.78.114 - - [13/Jan/2015:06:06:02 -0500] "GET /galeria/nivo-slider/demo/images/ecolecta-Dic2014.png HTTP/1.1" 200 288593
186.98.78.114 - - [13/Jan/2015:06:06:02 -0500] "GET /galeria/nivo-slider/demo/images/bolsas-06.jpg HTTP/1.1" 200 90982
186.98.78.114 - - [13/Jan/2015:06:06:02 -0500] "GET /galeria/nivo-slider/demo/images/porloshumedales.jpg HTTP/1.1" 200 351238
186.98.78.114 - - [13/Jan/2015:06:06:02 -0500] "GET /galeria/nivo-slider/demo/images/Tingua-azul.jpg HTTP/1.1" 200 307638
186.98.78.114 - - [13/Jan/2015:06:06:02 -0500] "GET /galeria/nivo-slider/demo/images/Banner-Caracol-Africano.jpg HTTP/1.1" 200 331986
186.98.78.114 - - [13/Jan/2015:06:06:02 -0500] "GET /galeria/nivo-slider/demo/images/banner-redes.jpg HTTP/1.1" 200 62209
186.98.78.114 - - [13/Jan/2015:06:06:02 -0500] "GET /galeria/nivo-slider/demo/images/9Signos.jpg HTTP/1.1" 200 93040
186.98.78.114 - - [13/Jan/2015:06:06:02 -0500] "GET /galeria/nivo-slider/demo/images/banner-llantas2.jpg HTTP/1.1" 200 73153
186.98.78.114 - - [13/Jan/2015:06:06:02 -0500] "GET /galeria/nivo-slider/demo/images/banner-caballos.png HTTP/1.1" 200 389106
186.98.78.114 - - [13/Jan/2015:06:06:03 -0500] "GET /galeria/nivo-slider/demo/images/4Simple_Slider.png HTTP/1.1" 200 11722
186.98.78.114 - - [13/Jan/2015:06:06:03 -0500] "GET /galeria/nivo-slider/themes/default/loading.gif HTTP/1.1" 200 1737
66.249.67.75 - - [13/Jan/2015:06:06:11 -0500] "GET /BLA/resoluciones/AUTOS%202007/0784.pdf HTTP/1.1" 200 207802
188.165.15.66 - - [13/Jan/2015:06:06:11 -0500] "GET /BLA/resoluciones/index.php?dir=RESOLUCIONES%202007/RES%202007%201726%20AL%201800/&sort=name&order=asc HTTP/1.1" 200 20645
186.98.78.114 - - [13/Jan/2015:06:06:17 -0500] "GET /galeria/nivo-slider/themes/default/arrows.png HTTP/1.1" 200 824
186.98.78.114 - - [13/Jan/2015:06:06:17 -0500] "GET /galeria/nivo-slider/themes/default/bullets.png HTTP/1.1" 200 1281
66.249.67.83 - - [13/Jan/2015:06:06:36 -0500] "GET /BLA/resoluciones/AUTOS%202008/1394.pdf HTTP/1.1" 200 192054
66.249.67.67 - - [13/Jan/2015:06:07:03 -0500] "GET /BLA/resoluciones/RESOLUCIONES%202007/RES%202007%202601%20AL%202700/RESOLUCION%202695%20DE%202007.pdf HTTP/1.1" 200 177896
66.249.67.83 - - [13/Jan/2015:06:07:16 -0500] "GET /BLA/resoluciones/RESOLUCIONES%202010/3579.pdf HTTP/1.1" 200 496519
66.249.67.83 - - [13/Jan/2015:06:07:22 -0500] "GET /BLA/resoluciones/RESOLUCIONES%202009/0214.pdf HTTP/1.1" 304 -
66.249.67.75 - - [13/Jan/2015:06:07:28 -0500] "GET /BLA/resoluciones/RESOLUCIONES%202007/RES%202007%204301%20AL%204352/RESOLUCION%204312%20DE%202007.pdf HTTP/1.1" 200 501010
188.165.15.237 - - [13/Jan/2015:06:07:33 -0500] "GET /BLA/resoluciones/RESOLUCIONES%202005/RES%202005%202651-2700/00002695.tif HTTP/1.1" 200 162186
66.249.67.83 - - [13/Jan/2015:06:07:56 -0500] "GET /BLA/resoluciones/RESOLUCIONES%202007/RES%202007%203601%20AL%203700/RESOLUCION%203617%20DE%202007.pdf HTTP/1.1" 200 400257
66.249.67.75 - - [13/Jan/2015:06:08:13 -0500] "GET /BLA/resoluciones/RESOLUCIONES%202007/RES%202007%203501%20AL%203600/RESOLUCION%203518%20DE%202007.pdf HTTP/1.1" 200 282519
66.249.67.75 - - [13/Jan/2015:06:08:14 -0500] "GET /BLA/resoluciones/RESOLUCIONES%202011/2692.pdf HTTP/1.1" 304 -
66.249.67.83 - - [13/Jan/2015:06:08:36 -0500] "GET /BLA/resoluciones/RESOLUCIONES%202010/2471.pdf HTTP/1.1" 200 490375
157.55.39.23 - - [13/Jan/2015:06:08:39 -0500] "GET /BLA/resoluciones/RESOLUCIONES%202008/0091.pdf HTTP/1.1" 200 954741
74.86.158.107 - - [13/Jan/2015:06:08:49 -0500] "HEAD / HTTP/1.1" 302 -
66.249.67.75 - - [13/Jan/2015:06:09:10 -0500] "GET /BLA/resoluciones/Autos%202008/0636.pdf HTTP/1.1" 200 222793
207.46.13.133 - - [13/Jan/2015:06:09:13 -0500] "GET /bla/resoluciones/autos%202010/0366.pdf HTTP/1.1" 200 203499
66.249.67.67 - - [13/Jan/2015:06:09:15 -0500] "GET /BLA/resoluciones/RESOLUCIONES%202010/2348.pdf HTTP/1.1" 200 368216
180.76.6.225 - - [13/Jan/2015:06:09:51 -0500] "GET /BLA/resoluciones/RESOLUCIONES%202007/RES%202007%202501%20AL%202600/RESOLUCION%202536%20DE%202007.pdf HTTP/1.1" 200 70064
66.249.67.75 - - [13/Jan/2015:06:09:55 -0500] "GET /BLA/resoluciones/RESOLUCIONES%202007/RES%202007%201%20AL%20100/RESOLUCION%200013%20DE%202007.pdf HTTP/1.1" 200 200891
66.249.67.67 - - [13/Jan/2015:06:10:01 -0500] "GET /BLA/resoluciones/RESOLUCIONES%202008/3371.pdf HTTP/1.1" 200 320166
188.165.15.212 - - [13/Jan/2015:06:10:12 -0500] "GET /BLA/resoluciones/index.php?dir=RESOLUCIONES%202005/RES%202005%202351-2400/&sort=size&order=desc HTTP/1.1" 200 12365
188.165.15.66 - - [13/Jan/2015:06:10:15 -0500] "GET /BLA/resoluciones/RESOLUCIONES%202006/RES%202006%201-50/00000016.tif HTTP/1.1" 200 87518
180.76.5.78 - - [13/Jan/2015:06:10:28 -0500] "GET /BLA/resoluciones/AUTOS%202007/2437.pdf HTTP/1.1" 200 29621
186.29.151.117 - - [13/Jan/2015:06:10:29 -0500] "GET /forest/ HTTP/1.1" 200 12758
66.249.67.83 - - [13/Jan/2015:06:10:35 -0500] "GET /BLA/resoluciones/AUTOS%202008/0542.pdf HTTP/1.1" 200 228113
188.165.15.15 - - [13/Jan/2015:06:11:07 -0500] "GET /BLA/resoluciones/RESOLUCIONES%202006/RES%202006%20401-450/00000426.tif HTTP/1.1" 200 323728
186.29.151.117 - - [13/Jan/2015:06:11:14 -0500] "POST /forest/login.do HTTP/1.1" 302 -
66.249.67.75 - - [13/Jan/2015:06:11:14 -0500] "GET /BLA/resoluciones/AUTOS%202008/1306.pdf HTTP/1.1" 200 220890
186.29.151.117 - - [13/Jan/2015:06:11:14 -0500] "GET /forest/index2.jsp?a=0.9779093884936064 HTTP/1.1" 200 47328
186.29.151.117 - - [13/Jan/2015:06:11:15 -0500] "GET /forest/session.jsp?a=0.41789798298850656 HTTP/1.1" 200 4
157.55.39.22 - - [13/Jan/2015:06:11:24 -0500] "GET /bla/resoluciones/autos%202010/4648.pdf HTTP/1.1" 200 479621
66.249.67.67 - - [13/Jan/2015:06:11:54 -0500] "GET /BLA/resoluciones/AUTOS%202008/1206.pdf HTTP/1.1" 200 69083
186.30.79.211 - - [13/Jan/2015:06:11:59 -0500] "GET /isolucionsda/FrameSetGeneral.asp?Pagina=Menu.asp&IdModulo=7 HTTP/1.1" 200 146
186.30.79.211 - - [13/Jan/2015:06:12:08 -0500] "GET /isolucionsda/FrameSetGeneral.asp?Pagina=Menu.asp&IdModulo=7 HTTP/1.1" 200 146
186.30.79.211 - - [13/Jan/2015:06:12:14 -0500] "GET /isolucionsda/FrameSetGeneral.asp?Pagina=Menu.asp&IdModulo=7 HTTP/1.1" 200 146
186.30.79.211 - - [13/Jan/2015:06:12:26 -0500] "GET /isolucionsda/FrameSetGeneral.asp?Pagina=Menu.asp&IdModulo=7 HTTP/1.1" 200 146
66.249.67.75 - - [13/Jan/2015:06:12:33 -0500] "GET /BLA/resoluciones/RESOLUCIONES%202007/RES%202007%202801%20AL%202900/RESOLUCION%202857%20DE%202007.pdf HTTP/1.1" 200 466263
186.30.79.211 - - [13/Jan/2015:06:12:32 -0500] "GET /isolucionsda/ HTTP/1.1" 200 739
186.30.79.211 - - [13/Jan/2015:06:12:33 -0500] "GET /isolucionsda/IdentificaUsuario.asp?Pagina1=FrameSetGeneral.asp& HTTP/1.1" 200 4997
66.249.67.67 - - [13/Jan/2015:06:12:34 -0500] "GET /BLA/resoluciones/AUTOS%202008/0839.pdf HTTP/1.1" 200 78232
186.30.79.211 - - [13/Jan/2015:06:12:35 -0500] "POST /isolucionsda/IdentificaUsuario.asp?Pagina1=FrameSetGeneral.asp& HTTP/1.1" 302 173
186.30.79.211 - - [13/Jan/2015:06:12:35 -0500] "GET /isolucionsda/FrameSetGeneral.asp?Pagina1=FrameSetGeneral.asp& HTTP/1.1" 200 6613
186.30.79.211 - - [13/Jan/2015:06:12:35 -0500] "GET /isolucionsda/Encabezado.asp?Pagina1=FrameSetGeneral.asp&&Pagina=MagazinHome.asp HTTP/1.1" 200 15388
186.30.79.211 - - [13/Jan/2015:06:12:35 -0500] "GET /isolucionsda/BarraTitulos.asp?Pagina1=FrameSetGeneral.asp&&Pagina=MagazinHome.asp HTTP/1.1" 200 6972
186.30.79.211 - - [13/Jan/2015:06:12:35 -0500] "GET /isolucionsda/BarraFavoritos.asp HTTP/1.1" 200 911
186.30.79.211 - - [13/Jan/2015:06:12:35 -0500] "GET /isolucionsda/Session.asp?Continue=1 HTTP/1.1" 200 6324
186.30.79.211 - - [13/Jan/2015:06:12:35 -0500] "GET /isolucionsda/TareasSFRedirect.asp HTTP/1.1" 302 195
186.30.79.211 - - [13/Jan/2015:06:12:35 -0500] "GET /isolucionsda/MagazinHome.asp HTTP/1.1" 200 28099
186.30.79.211 - - [13/Jan/2015:06:12:36 -0500] "GET /isolucionsda/g/Bgr_Destacado3399CC.jpg HTTP/1.1" 404 5217
188.165.15.99 - - [13/Jan/2015:06:12:36 -0500] "GET /BLA/resoluciones/index.php?dir=RESOLUCIONES+2002%2FRES+2002+1101-1150%2F HTTP/1.1" 200 12347
186.30.79.211 - - [13/Jan/2015:06:12:37 -0500] "GET /isolucionsda/FrameSetGeneral.asp?Pagina=Menu.asp&IdModulo=7 HTTP/1.1" 200 6583
186.30.79.211 - - [13/Jan/2015:06:12:37 -0500] "GET /isolucionsda/Encabezado.asp?Pagina=Menu.asp&IdModulo=7 HTTP/1.1" 200 15389
186.30.79.211 - - [13/Jan/2015:06:12:36 -0500] "GET /isolucionsda/Login.aspx?TARGET=SFContainerFiltrado.aspx&number=50576967545449664566 HTTP/1.1" 302 886
186.30.79.211 - - [13/Jan/2015:06:12:37 -0500] "GET /isolucionsda/BarraFavoritos.asp HTTP/1.1" 200 911
186.30.79.211 - - [13/Jan/2015:06:12:37 -0500] "GET /isolucionsda/BarraTitulos.asp?Pagina=Menu.asp&IdModulo=7 HTTP/1.1" 200 6993
186.30.79.211 - - [13/Jan/2015:06:12:37 -0500] "GET /isolucionsda/Session.asp?Continue=1 HTTP/1.1" 200 6324
186.30.79.211 - - [13/Jan/2015:06:12:37 -0500] "GET /isolucionsda/Menu.asp?Pagina=Menu.asp&IdModulo=7 HTTP/1.1" 200 29697
186.30.79.211 - - [13/Jan/2015:06:12:42 -0500] "GET /isolucionsda/FrameSetGeneral.asp?Pagina=FiltroNoConformidades.asp&CodTipoNoConf=6&EsAbierta=1&ConMenu=NO HTTP/1.1" 200 6735
186.30.79.211 - - [13/Jan/2015:06:12:43 -0500] "GET /isolucionsda/Encabezado.asp?Pagina=FiltroNoConformidades.asp&CodTipoNoConf=6&EsAbierta=1&ConMenu=NO HTTP/1.1" 200 15364
186.30.79.211 - - [13/Jan/2015:06:12:43 -0500] "GET /isolucionsda/BarraTitulos.asp?Pagina=FiltroNoConformidades.asp&CodTipoNoConf=6&EsAbierta=1&ConMenu=NO HTTP/1.1" 200 6993
186.30.79.211 - - [13/Jan/2015:06:12:43 -0500] "GET /isolucionsda/BarraFavoritos.asp HTTP/1.1" 200 911
186.30.79.211 - - [13/Jan/2015:06:12:43 -0500] "GET /isolucionsda/FiltroNoConformidades.asp?Pagina=FiltroNoConformidades.asp&CodTipoNoConf=6&EsAbierta=1&ConMenu=NO HTTP/1.1" 200 50818
186.30.79.211 - - [13/Jan/2015:06:12:43 -0500] "GET /isolucionsda/Session.asp?Continue=1 HTTP/1.1" 200 6324
66.249.67.83 - - [13/Jan/2015:06:13:14 -0500] "GET /BLA/resoluciones/AUTOS%202008/2744.pdf HTTP/1.1" 200 126514
207.46.13.113 - - [13/Jan/2015:06:13:20 -0500] "GET /BLA/resoluciones/RESOLUCIONES%202008/0663.pdf HTTP/1.1" 200 56504
188.165.15.130 - - [13/Jan/2015:06:13:22 -0500] "GET /BLA/resoluciones/RESOLUCIONES%202002/RES%202002%201501-1550/20021543.tif HTTP/1.1" 200 109336
66.249.67.75 - - [13/Jan/2015:06:13:32 -0500] "GET /BLA/resoluciones/Autos%202008/2827.pdf HTTP/1.1" 200 61447
74.86.158.107 - - [13/Jan/2015:06:13:49 -0500] "HEAD / HTTP/1.1" 302 -
66.249.67.83 - - [13/Jan/2015:06:13:53 -0500] "GET /BLA/resoluciones/RESOLUCIONES%202009/9622.pdf HTTP/1.1" 200 385850
207.46.13.113 - - [13/Jan/2015:06:13:55 -0500] "GET /BLA/resoluciones/RESOLUCIONES%202008/1916.pdf HTTP/1.1" 200 306560
186.181.140.71 - - [13/Jan/2015:06:14:32 -0500] "GET /forest/skins/gdocs-jar/css/forest.css?version=1412.231748 HTTP/1.1" 304 -
186.181.140.71 - - [13/Jan/2015:06:14:32 -0500] "GET /forest/skins/gdocs-jar/css/menu.css?version=1412.231748 HTTP/1.1" 304 -
186.181.140.71 - - [13/Jan/2015:06:14:32 -0500] "GET /forest/skins/gdocs-jar/css/autocomplete.css?version=1412.231748 HTTP/1.1" 304 -
186.181.140.71 - - [13/Jan/2015:06:14:32 -0500] "GET /forest/css/escritorio.css?version=1412.231748 HTTP/1.1" 304 -
186.181.140.71 - - [13/Jan/2015:06:14:32 -0500] "GET /forest/css/index.css?version=1412.231748 HTTP/1.1" 304 -
186.181.140.71 - - [13/Jan/2015:06:14:32 -0500] "GET /forest/login.do HTTP/1.1" 200 12758
186.181.140.71 - - [13/Jan/2015:06:14:32 -0500] "GET /forest/1ibre/jscalendar/calendar-win2k-1.css?version=1412.231748 HTTP/1.1" 304 -
186.181.140.71 - - [13/Jan/2015:06:14:33 -0500] "GET /forest/skins/gdocs-jar/css/dialog.css?version=1412.231748 HTTP/1.1" 304 -
186.181.140.71 - - [13/Jan/2015:06:14:33 -0500] "GET /forest/skins/gdocs-jar/css/forms.css?version=1412.231748 HTTP/1.1" 304 -
186.181.140.71 - - [13/Jan/2015:06:14:33 -0500] "GET /forest/jsoptimized/gz/js/gdocsall-1412.231748.js HTTP/1.1" 304 -
186.181.140.71 - - [13/Jan/2015:06:14:33 -0500] "GET /forest/js/json3.js HTTP/1.1" 304 -
186.181.140.71 - - [13/Jan/2015:06:14:33 -0500] "GET /forest/img/loading.gif HTTP/1.1" 304 -
186.181.140.71 - - [13/Jan/2015:06:14:33 -0500] "GET /forest/img/spacer.gif HTTP/1.1" 304 -
186.181.140.71 - - [13/Jan/2015:06:14:33 -0500] "GET /forest/img/panel/view_icon.gif HTTP/1.1" 304 -
186.181.140.71 - - [13/Jan/2015:06:14:33 -0500] "GET /forest/img/inicio/1.gif HTTP/1.1" 304 -
186.181.140.71 - - [13/Jan/2015:06:14:33 -0500] "GET /forest/img/inicio/2.gif HTTP/1.1" 304 -
186.181.140.71 - - [13/Jan/2015:06:14:33 -0500] "GET /forest/img/inicio/3.gif HTTP/1.1" 304 -
186.181.140.71 - - [13/Jan/2015:06:14:33 -0500] "GET /forest/img/inicio/4.gif HTTP/1.1" 304 -
186.181.140.71 - - [13/Jan/2015:06:14:33 -0500] "GET /forest/img/inicio/5.gif HTTP/1.1" 304 -
186.181.140.71 - - [13/Jan/2015:06:14:33 -0500] "GET /forest/img/inicio/6.gif HTTP/1.1" 304 -
186.181.140.71 - - [13/Jan/2015:06:14:33 -0500] "GET /forest/img/inicio/7.gif HTTP/1.1" 304 -
186.181.140.71 - - [13/Jan/2015:06:14:33 -0500] "GET /forest/img/mplogo.gif HTTP/1.1" 304 -
186.181.140.71 - - [13/Jan/2015:06:14:33 -0500] "GET /forest/img/close.gif HTTP/1.1" 304 -
186.181.140.71 - - [13/Jan/2015:06:14:33 -0500] "GET /forest/skins/gdocs-jar/img/okey.gif HTTP/1.1" 304 -
66.249.67.83 - - [13/Jan/2015:06:14:33 -0500] "GET /BLA/resoluciones/RESOLUCIONES%202011/5375.pdf HTTP/1.1" 200 443691
186.181.140.71 - - [13/Jan/2015:06:14:33 -0500] "GET /forest/img/base/bsc2_r1_c1.gif HTTP/1.1" 304 -
186.181.140.71 - - [13/Jan/2015:06:14:33 -0500] "GET /forest/img/base/bsc2_r1_c2.gif HTTP/1.1" 304 -
186.181.140.71 - - [13/Jan/2015:06:14:33 -0500] "GET /forest/img/base/bsc2_r1_c3.gif HTTP/1.1" 304 -
186.181.140.71 - - [13/Jan/2015:06:14:33 -0500] "GET /forest/1ibre/1ibre.css HTTP/1.1" 304 -
186.181.140.71 - - [13/Jan/2015:06:14:34 -0500] "GET /forest/img/forestIcon.gif?version=1412.231748 HTTP/1.1" 304 -
66.249.67.75 - - [13/Jan/2015:06:15:08 -0500] "GET /BLA/resoluciones/RESOLUCIONES%202007/RES%202007%203301%20AL%203400/RESOLUCION%203324%20DE%202007.pdf HTTP/1.1" 200 853864
66.249.67.83 - - [13/Jan/2015:06:15:13 -0500] "GET /BLA/resoluciones/RESOLUCIONES%202009/2581.pdf HTTP/1.1" 304 -
186.181.140.71 - - [13/Jan/2015:06:15:46 -0500] "GET /forest/login.do HTTP/1.1" 200 12758
66.249.67.67 - - [13/Jan/2015:06:15:52 -0500] "GET /BLA/resoluciones/RESOLUCIONES%202009/3461.pdf HTTP/1.1" 304 -
186.29.151.117 - - [13/Jan/2015:06:16:16 -0500] "GET /forest/session.jsp?a=0.15368856210261583 HTTP/1.1" 200 4
66.249.67.67 - - [13/Jan/2015:06:16:22 -0500] "GET /BLA/resoluciones/Autos%202008/3192.pdf HTTP/1.1" 200 220720
66.249.67.75 - - [13/Jan/2015:06:16:32 -0500] "GET /BLA/resoluciones/RESOLUCIONES%202013/1164.pdf HTTP/1.1" 200 400875
186.82.8.222 - - [13/Jan/2015:06:16:52 -0500] "GET /galeria/carrusel/Carrusel/jquery.thumbnailScroller.css HTTP/1.1" 200 2066
186.82.8.222 - - [13/Jan/2015:06:16:52 -0500] "GET /BLA/boletinlegal/js/jquery.js HTTP/1.1" 200 57254
186.82.8.222 - - [13/Jan/2015:06:16:52 -0500] "GET /BLA/boletinlegal/js/jquery.scrollTo-min.js HTTP/1.1" 200 1150
186.82.8.222 - - [13/Jan/2015:06:16:52 -0500] "GET /BLA/boletinlegal/js/jquery.scrollShow.js HTTP/1.1" 200 4586
186.82.8.222 - - [13/Jan/2015:06:16:52 -0500] "GET /galeria/carrusel/Carrusel/jquery.thumbnailScroller.js HTTP/1.1" 200 8157
186.82.8.222 - - [13/Jan/2015:06:16:52 -0500] "GET /galeria/carrusel/Carrusel/jquery-ui-1.8.13.custom.min.js HTTP/1.1" 200 10800
66.249.64.167 - - [13/Jan/2015:06:16:54 -0500] "GET /robots.txt HTTP/1.1" 404 1018
66.249.64.171 - - [13/Jan/2015:06:16:54 -0500] "GET /BLA/boletinlegal/js/jquery.scrollTo-min.js HTTP/1.1" 200 1150
186.82.8.222 - - [13/Jan/2015:06:16:55 -0500] "GET /galeria/nivo-slider/demo/demo.html HTTP/1.1" 200 3150
66.249.64.163 - - [13/Jan/2015:06:16:55 -0500] "GET /BLA/boletinlegal/js/jquery.js HTTP/1.1" 200 57254
66.249.64.167 - - [13/Jan/2015:06:16:56 -0500] "GET /BLA/boletinlegal/js/jquery.scrollShow.js HTTP/1.1" 200 4586
186.82.8.222 - - [13/Jan/2015:06:16:56 -0500] "GET /galeria/nivo-slider/themes/default/default.css HTTP/1.1" 200 1569
186.82.8.222 - - [13/Jan/2015:06:16:56 -0500] "GET /galeria/nivo-slider/themes/orman/orman.css HTTP/1.1" 200 2152
186.82.8.222 - - [13/Jan/2015:06:16:56 -0500] "GET /galeria/nivo-slider/themes/pascal/pascal.css HTTP/1.1" 200 2258
186.82.8.222 - - [13/Jan/2015:06:16:56 -0500] "GET /galeria/nivo-slider/nivo-slider.css HTTP/1.1" 200 1507
186.82.8.222 - - [13/Jan/2015:06:16:56 -0500] "GET /galeria/nivo-slider/demo/images/bolsas-08.jpg HTTP/1.1" 200 85589
186.82.8.222 - - [13/Jan/2015:06:16:56 -0500] "GET /galeria/nivo-slider/demo/style.css HTTP/1.1" 200 2222
186.82.8.222 - - [13/Jan/2015:06:16:56 -0500] "GET /galeria/nivo-slider/demo/scripts/jquery-1.7.1.min.js HTTP/1.1" 200 93868
186.82.8.222 - - [13/Jan/2015:06:16:56 -0500] "GET /galeria/nivo-slider/jquery.nivo.slider.pack.js HTTP/1.1" 200 11561
186.82.8.222 - - [13/Jan/2015:06:16:56 -0500] "GET /galeria/nivo-slider/demo/images/Ruta-vertimientos-01.jpg HTTP/1.1" 200 130151
186.82.8.222 - - [13/Jan/2015:06:16:56 -0500] "GET /galeria/nivo-slider/demo/images/bolsas-06.jpg HTTP/1.1" 200 90982
186.82.8.222 - - [13/Jan/2015:06:16:56 -0500] "GET /galeria/nivo-slider/demo/images/ecolecta-Dic2014.png HTTP/1.1" 200 288593
186.82.8.222 - - [13/Jan/2015:06:16:58 -0500] "GET /galeria/nivo-slider/demo/images/porloshumedales.jpg HTTP/1.1" 200 351238
186.82.8.222 - - [13/Jan/2015:06:17:01 -0500] "GET /galeria/nivo-slider/demo/images/Tingua-azul.jpg HTTP/1.1" 200 307638
186.82.8.222 - - [13/Jan/2015:06:17:06 -0500] "GET /galeria/nivo-slider/themes/default/loading.gif HTTP/1.1" 200 1737
186.82.8.222 - - [13/Jan/2015:06:17:07 -0500] "GET /galeria/nivo-slider/demo/images/4Simple_Slider.png HTTP/1.1" 200 11722
186.82.8.222 - - [13/Jan/2015:06:17:08 -0500] "GET /galeria/nivo-slider/demo/images/Banner-Caracol-Africano.jpg HTTP/1.1" 200 331986
186.82.8.222 - - [13/Jan/2015:06:17:10 -0500] "GET /galeria/nivo-slider/demo/images/banner-redes.jpg HTTP/1.1" 200 62209
186.82.8.222 - - [13/Jan/2015:06:17:11 -0500] "GET /galeria/nivo-slider/demo/images/9Signos.jpg HTTP/1.1" 200 93040
66.249.64.163 - - [13/Jan/2015:06:17:12 -0500] "GET /BLA/resoluciones/RESOLUCIONES%202007/RES%202007%201401%20AL%201500/RESOLUCION%201412%20DE%202007.pdf HTTP/1.1" 200 219173
186.82.8.222 - - [13/Jan/2015:06:17:12 -0500] "GET /galeria/nivo-slider/demo/images/banner-llantas2.jpg HTTP/1.1" 200 73153
186.82.8.222 - - [13/Jan/2015:06:17:15 -0500] "GET /videos/Spot_CambioClimatico.flv HTTP/1.1" 200 4371917
186.30.79.211 - - [13/Jan/2015:06:17:20 -0500] "GET /isolucionsda/FrameSetGeneral.asp?Pagina=Menu.asp&IdModulo=7 HTTP/1.1" 200 6583
186.30.79.211 - - [13/Jan/2015:06:17:20 -0500] "GET /isolucionsda/Encabezado.asp?Pagina=Menu.asp&IdModulo=7 HTTP/1.1" 200 15389
186.30.79.211 - - [13/Jan/2015:06:17:20 -0500] "GET /isolucionsda/BarraTitulos.asp?Pagina=Menu.asp&IdModulo=7 HTTP/1.1" 502 1358
186.30.79.211 - - [13/Jan/2015:06:17:20 -0500] "GET /isolucionsda/BarraFavoritos.asp HTTP/1.1" 200 911
186.30.79.211 - - [13/Jan/2015:06:17:21 -0500] "GET /isolucionsda/Session.asp?Continue=1 HTTP/1.1" 200 6324
186.30.79.211 - - [13/Jan/2015:06:17:20 -0500] "GET /isolucionsda/Menu.asp?Pagina=Menu.asp&IdModulo=7 HTTP/1.1" 200 29697
188.165.15.130 - - [13/Jan/2015:06:17:21 -0500] "GET /BLA/resoluciones/RESOLUCIONES%202004/RES%202004%201401-1450/00001404.tif HTTP/1.1" 200 273478
186.82.8.222 - - [13/Jan/2015:06:17:24 -0500] "GET /galeria/nivo-slider/demo/images/banner-caballos.png HTTP/1.1" 200 389106
186.30.79.211 - - [13/Jan/2015:06:17:27 -0500] "GET /isolucionsda/FrameSetGeneral.asp?Pagina=FiltroNotaMejora.asp&EsAbierta=1&ConMenu=NO HTTP/1.1" 200 6667
186.30.79.211 - - [13/Jan/2015:06:17:27 -0500] "GET /isolucionsda/BarraTitulos.asp?Pagina=FiltroNotaMejora.asp&EsAbierta=1&ConMenu=NO HTTP/1.1" 200 6993
186.30.79.211 - - [13/Jan/2015:06:17:27 -0500] "GET /isolucionsda/Encabezado.asp?Pagina=FiltroNotaMejora.asp&EsAbierta=1&ConMenu=NO HTTP/1.1" 200 15364
186.30.79.211 - - [13/Jan/2015:06:17:27 -0500] "GET /isolucionsda/BarraFavoritos.asp HTTP/1.1" 200 911
186.30.79.211 - - [13/Jan/2015:06:17:27 -0500] "GET /isolucionsda/Session.asp?Continue=1 HTTP/1.1" 200 6324
186.30.79.211 - - [13/Jan/2015:06:17:27 -0500] "GET /isolucionsda/FiltroNotaMejora.asp?Pagina=FiltroNotaMejora.asp&EsAbierta=1&ConMenu=NO HTTP/1.1" 200 45696
207.46.13.113 - - [13/Jan/2015:06:17:36 -0500] "GET /bla/resoluciones/resoluciones%202009/9489.pdf HTTP/1.1" 200 757130
186.82.8.222 - - [13/Jan/2015:06:17:39 -0500] "GET /galeria/nivo-slider/themes/default/arrows.png HTTP/1.1" 200 824
186.82.8.222 - - [13/Jan/2015:06:17:39 -0500] "GET /galeria/nivo-slider/themes/default/bullets.png HTTP/1.1" 200 1281
66.249.64.167 - - [13/Jan/2015:06:17:41 -0500] "GET /BLA/resoluciones/AUTOS%202008/2426.pdf HTTP/1.1" 200 253712
186.30.79.211 - - [13/Jan/2015:06:17:35 -0500] "POST /isolucionsda/FiltroNotaMejora.asp HTTP/1.1" 200 355645
66.249.64.167 - - [13/Jan/2015:06:17:42 -0500] "GET /BLA/resoluciones/RESOLUCIONES%202009/5379.pdf HTTP/1.1" 200 533053
66.249.64.171 - - [13/Jan/2015:06:17:51 -0500] "GET /BLA/resoluciones/AUTOS%202010/1389.pdf HTTP/1.1" 304 -
186.30.79.211 - - [13/Jan/2015:06:18:03 -0500] "GET /isolucionsda/FrameSetGeneral.asp?Pagina=Menu.asp&IdModulo=7 HTTP/1.1" 200 6583
186.30.79.211 - - [13/Jan/2015:06:18:04 -0500] "GET /isolucionsda/Encabezado.asp?Pagina=Menu.asp&IdModulo=7 HTTP/1.1" 200 15389
186.30.79.211 - - [13/Jan/2015:06:18:04 -0500] "GET /isolucionsda/BarraTitulos.asp?Pagina=Menu.asp&IdModulo=7 HTTP/1.1" 200 6993
186.30.79.211 - - [13/Jan/2015:06:18:04 -0500] "GET /isolucionsda/BarraFavoritos.asp HTTP/1.1" 200 911
186.30.79.211 - - [13/Jan/2015:06:18:04 -0500] "GET /isolucionsda/Menu.asp?Pagina=Menu.asp&IdModulo=7 HTTP/1.1" 200 29697
186.30.79.211 - - [13/Jan/2015:06:18:04 -0500] "GET /isolucionsda/Session.asp?Continue=1 HTTP/1.1" 200 6324
186.30.79.211 - - [13/Jan/2015:06:18:09 -0500] "GET /isolucionsda/FrameSetGeneral.asp?Pagina=FiltroNoConformidades.asp&Estado=Abiertas&PintarAuditorias=SI&EsAbierta=1&ConMenu=NO HTTP/1.1" 200 6795
186.30.79.211 - - [13/Jan/2015:06:18:09 -0500] "GET /isolucionsda/BarraTitulos.asp?Pagina=FiltroNoConformidades.asp&Estado=Abiertas&PintarAuditorias=SI&EsAbierta=1&ConMenu=NO HTTP/1.1" 200 6993
186.30.79.211 - - [13/Jan/2015:06:18:09 -0500] "GET /isolucionsda/Encabezado.asp?Pagina=FiltroNoConformidades.asp&Estado=Abiertas&PintarAuditorias=SI&EsAbierta=1&ConMenu=NO HTTP/1.1" 200 15364
186.30.79.211 - - [13/Jan/2015:06:18:09 -0500] "GET /isolucionsda/BarraFavoritos.asp HTTP/1.1" 200 911
186.30.79.211 - - [13/Jan/2015:06:18:09 -0500] "GET /isolucionsda/Session.asp?Continue=1 HTTP/1.1" 200 6324
186.30.79.211 - - [13/Jan/2015:06:18:09 -0500] "GET /isolucionsda/FiltroNoConformidades.asp?Pagina=FiltroNoConformidades.asp&Estado=Abiertas&PintarAuditorias=SI&EsAbierta=1&ConMenu=NO HTTP/1.1" 200 48579
66.249.64.167 - - [13/Jan/2015:06:18:13 -0500] "GET /BLA/resoluciones/RESOLUCIONES%202007/RES%202007%203501%20AL%203600/RESOLUCION%203596%20DE%202007.pdf HTTP/1.1" 200 304524
186.30.79.211 - - [13/Jan/2015:06:18:16 -0500] "POST /isolucionsda/FiltroNoConformidades.asp?PintarAuditorias=SI&Usuario= HTTP/1.1" 200 214291
180.76.5.17 - - [13/Jan/2015:06:18:28 -0500] "GET /videos/60SgsFeb25.flv HTTP/1.1" 200 8277959
66.249.64.171 - - [13/Jan/2015:06:18:31 -0500] "GET /BLA/resoluciones/RESOLUCIONES%202009/2109.pdf HTTP/1.1" 304 -
74.86.158.107 - - [13/Jan/2015:06:18:49 -0500] "HEAD / HTTP/1.1" 302 -
66.249.64.163 - - [13/Jan/2015:06:19:11 -0500] "GET /BLA/resoluciones/RESOLUCIONES%202009/1381.pdf HTTP/1.1" 200 517484
188.165.15.130 - - [13/Jan/2015:06:19:13 -0500] "GET /BLA/resoluciones/RESOLUCIONES%202006/RES%202006%20401-450/00000412.tif HTTP/1.1" 200 263192
66.249.64.163 - - [13/Jan/2015:06:19:44 -0500] "GET /BLA/resoluciones/AUTOS%202008/3338.pdf HTTP/1.1" 200 69718
66.249.64.171 - - [13/Jan/2015:06:19:51 -0500] "GET /BLA/resoluciones/RESOLUCIONES%202009/3213.pdf HTTP/1.1" 304 -
66.249.64.163 - - [13/Jan/2015:06:20:16 -0500] "GET /BLA/resoluciones/RESOLUCIONES%202010/1760.pdf HTTP/1.1" 200 452645
157.55.39.22 - - [13/Jan/2015:06:20:22 -0500] "GET /bla/resoluciones/resoluciones%202009/1058.pdf HTTP/1.1" 200 198823
181.65.43.130 - - [13/Jan/2015:06:20:29 -0500] "GET /BLA/boletinlegal/js/jquery.scrollTo-min.js HTTP/1.1" 200 1150
181.65.43.130 - - [13/Jan/2015:06:20:29 -0500] "GET /BLA/boletinlegal/js/jquery.scrollShow.js HTTP/1.1" 200 4586
181.65.43.130 - - [13/Jan/2015:06:20:29 -0500] "GET /BLA/boletinlegal/js/jquery.js HTTP/1.1" 200 57254
66.249.64.171 - - [13/Jan/2015:06:20:30 -0500] "GET /BLA/resoluciones/RESOLUCIONES%202009/6252.pdf HTTP/1.1" 200 694871
180.76.6.230 - - [13/Jan/2015:06:20:35 -0500] "GET /BLA/boletinlegal/;jsessionid=179BDA83C73F39D421C5E088FD69A2B2? HTTP/1.1" 404 1018
123.125.71.53 - - [13/Jan/2015:06:21:05 -0500] "GET / HTTP/1.1" 302 -
66.249.64.163 - - [13/Jan/2015:06:21:10 -0500] "GET /BLA/resoluciones/RESOLUCIONES%202010/4975.pdf HTTP/1.1" 200 291256
180.76.6.51 - - [13/Jan/2015:06:21:14 -0500] "GET /BLA/resoluciones/RESOLUCIONES%202011/0697.pdf HTTP/1.1" 200 65911
186.29.151.117 - - [13/Jan/2015:06:21:17 -0500] "GET /forest/session.jsp?a=0.4303662560414523 HTTP/1.1" 200 4
66.249.64.171 - - [13/Jan/2015:06:21:49 -0500] "GET /BLA/resoluciones/AUTOS%202008/2951.pdf HTTP/1.1" 200 70659
66.249.64.167 - - [13/Jan/2015:06:21:50 -0500] "GET /BLA/resoluciones/AUTOS%202013/2085.pdf HTTP/1.1" 304 -
207.46.13.133 - - [13/Jan/2015:06:21:51 -0500] "GET /BLA/resoluciones/AUTOS%202012/0435.pdf HTTP/1.1" 200 161277
68.180.229.40 - - [13/Jan/2015:06:22:16 -0500] "GET /robots.txt HTTP/1.1" 404 1018
68.180.229.40 - - [13/Jan/2015:06:22:17 -0500] "GET /galeria/juegos/ear/EARI.swf HTTP/1.1" 304 -
68.180.229.40 - - [13/Jan/2015:06:22:18 -0500] "GET /galeria/juegos/ear/cab_ear.flv HTTP/1.1" 304 -
188.165.15.212 - - [13/Jan/2015:06:22:19 -0500] "GET /BLA/resoluciones/RESOLUCIONES%202006/RES%202006%201101-1150/00001112.tif HTTP/1.1" 200 469944
66.249.64.163 - - [13/Jan/2015:06:22:29 -0500] "GET /autoliquidacion/Solicitudes%20relacionadas%20con%20calidad%20del%20aire%20auditiva%20y%20visual/Registro%20de%20Elementos%20de%20publicidad%20Exterior%20Visual/Anexo%203%20Solicitud%20de%20RUEPEV%202013.xls HTTP/1.1" 404 1018
220.181.108.89 - - [13/Jan/2015:06:22:37 -0500] "GET / HTTP/1.1" 302 -
66.249.64.171 - - [13/Jan/2015:06:22:49 -0500] "GET /BLA/resoluciones/AUTOS%202012/1215.pdf HTTP/1.1" 200 183853
180.76.5.167 - - [13/Jan/2015:06:22:50 -0500] "GET /BLA/resoluciones/RESOLUCIONES%202007/RES%202007%204001%20AL%204100/RESOLUCION%204017%20DE%202007.pdf HTTP/1.1" 200 843795
207.46.13.12 - - [13/Jan/2015:06:23:02 -0500] "GET /robots.txt HTTP/1.1" 404 1018
66.249.64.47 - - [13/Jan/2015:06:23:09 -0500] "GET /robots.txt HTTP/1.1" 404 1019
66.249.64.39 - - [13/Jan/2015:06:23:09 -0500] "GET /portalsiaccapacitaciones/Soportes%20Capacitaciones%20A%C3%B1o%202013/0059.%20Taller%20pr%C3%A1ctico_pliegos%20papeler%C3%ADa%20y%20oficina.pdf HTTP/1.1" 304 -
157.55.39.22 - - [13/Jan/2015:06:23:12 -0500] "GET /bla/resoluciones/resoluciones%202009/0832.pdf HTTP/1.1" 200 236284
66.249.64.163 - - [13/Jan/2015:06:23:13 -0500] "GET /BLA/resoluciones/RESOLUCIONES%202007/RES%202007%203501%20AL%203600/RESOLUCION%203515%20DE%202007.pdf HTTP/1.1" 200 531116
207.46.13.113 - - [13/Jan/2015:06:23:17 -0500] "GET /bla/resoluciones/autos%202010/0534.pdf HTTP/1.1" 200 187521
74.86.158.107 - - [13/Jan/2015:06:23:49 -0500] "HEAD / HTTP/1.1" 302 -
66.249.64.171 - - [13/Jan/2015:06:23:51 -0500] "GET /BLA/resoluciones/AUTOS%202008/2034.pdf HTTP/1.1" 200 178892
186.30.79.211 - - [13/Jan/2015:06:24:05 -0500] "GET /isolucionsda/FrameSetGeneral.asp?Pagina=Menu.asp&IdModulo=7 HTTP/1.1" 200 6583
186.30.79.211 - - [13/Jan/2015:06:24:06 -0500] "GET /isolucionsda/BarraTitulos.asp?Pagina=Menu.asp&IdModulo=7 HTTP/1.1" 200 6993
186.30.79.211 - - [13/Jan/2015:06:24:06 -0500] "GET /isolucionsda/Encabezado.asp?Pagina=Menu.asp&IdModulo=7 HTTP/1.1" 200 15389
186.30.79.211 - - [13/Jan/2015:06:24:06 -0500] "GET /isolucionsda/BarraFavoritos.asp HTTP/1.1" 200 911
186.30.79.211 - - [13/Jan/2015:06:24:06 -0500] "GET /isolucionsda/Session.asp?Continue=1 HTTP/1.1" 200 6324
186.30.79.211 - - [13/Jan/2015:06:24:06 -0500] "GET /isolucionsda/Menu.asp?Pagina=Menu.asp&IdModulo=7 HTTP/1.1" 200 29697
186.30.79.211 - - [13/Jan/2015:06:24:14 -0500] "GET /isolucionsda/FrameSetGeneral.asp?Pagina=FiltroNoConformidades.asp&CodTipoNoConf=9&EsAbierta=1&ConMenu=NO HTTP/1.1" 200 6735
186.30.79.211 - - [13/Jan/2015:06:24:15 -0500] "GET /isolucionsda/Encabezado.asp?Pagina=FiltroNoConformidades.asp&CodTipoNoConf=9&EsAbierta=1&ConMenu=NO HTTP/1.1" 200 15364
186.30.79.211 - - [13/Jan/2015:06:24:15 -0500] "GET /isolucionsda/BarraTitulos.asp?Pagina=FiltroNoConformidades.asp&CodTipoNoConf=9&EsAbierta=1&ConMenu=NO HTTP/1.1" 200 6993
186.30.79.211 - - [13/Jan/2015:06:24:15 -0500] "GET /isolucionsda/BarraFavoritos.asp HTTP/1.1" 200 911
186.30.79.211 - - [13/Jan/2015:06:24:15 -0500] "GET /isolucionsda/FiltroNoConformidades.asp?Pagina=FiltroNoConformidades.asp&CodTipoNoConf=9&EsAbierta=1&ConMenu=NO HTTP/1.1" 200 30249
186.30.79.211 - - [13/Jan/2015:06:24:15 -0500] "GET /isolucionsda/Session.asp?Continue=1 HTTP/1.1" 200 6324
157.55.39.22 - - [13/Jan/2015:06:24:17 -0500] "GET /BLA/resoluciones/AUTOS%202012/2945.pdf HTTP/1.1" 200 367558
186.30.79.211 - - [13/Jan/2015:06:24:18 -0500] "GET /isolucionsda/NoConformidadISOlucion.asp?Id_NoConformidad=393&CodtipoNoConf=9 HTTP/1.1" 200 43066
207.46.13.12 - - [13/Jan/2015:06:24:32 -0500] "GET /BLA/resoluciones/RESOLUCIONES%202008/1921.pdf HTTP/1.1" 200 185879
157.55.39.23 - - [13/Jan/2015:06:24:56 -0500] "GET /BLA/resoluciones/AUTOS%202010/2311.pdf HTTP/1.1" 200 1506897
66.249.64.167 - - [13/Jan/2015:06:25:08 -0500] "GET /BLA/resoluciones/Notificaciones/AUTOS%202014/3044.doc HTTP/1.1" 200 988672
66.249.64.167 - - [13/Jan/2015:06:25:23 -0500] "GET /BLA/resoluciones/RESOLUCIONES%202009/3488.pdf HTTP/1.1" 200 656831
188.165.15.237 - - [13/Jan/2015:06:25:38 -0500] "GET /BLA/resoluciones/RESOLUCIONES%202004/RES%202004%20501-550/00000505.tif HTTP/1.1" 200 178760
157.55.39.23 - - [13/Jan/2015:06:25:41 -0500] "GET /bla/resoluciones/autos%202010/5543.pdf HTTP/1.1" 200 983626
66.249.64.163 - - [13/Jan/2015:06:25:48 -0500] "GET /BLA/resoluciones/AUTOS%202008/0898.pdf HTTP/1.1" 200 225752
66.249.64.163 - - [13/Jan/2015:06:25:57 -0500] "GET /BLA/resoluciones/RESOLUCIONES%202007/RES%202007%203601%20AL%203700/RESOLUCION%203682%20DE%202007.pdf HTTP/1.1" 304 -
186.30.74.15 - - [13/Jan/2015:06:26:18 -0500] "GET /forest/session.jsp?a=0.9907909124158323 HTTP/1.1" 200 4
66.249.64.163 - - [13/Jan/2015:06:26:28 -0500] "GET /BLA/resoluciones/RESOLUCIONES%202008/3423.pdf HTTP/1.1" 200 325256
186.153.139.107 - - [13/Jan/2015:06:26:42 -0500] "GET /BLA/boletinlegal/js/jquery.js HTTP/1.1" 200 57254
186.153.139.107 - - [13/Jan/2015:06:26:42 -0500] "GET /BLA/boletinlegal/js/jquery.scrollShow.js HTTP/1.1" 200 4586
186.153.139.107 - - [13/Jan/2015:06:26:42 -0500] "GET /BLA/boletinlegal/js/jquery.scrollTo-min.js HTTP/1.1" 200 1150
207.46.13.133 - - [13/Jan/2015:06:26:56 -0500] "GET /bla/resoluciones/autos%202010/5385.pdf HTTP/1.1" 200 1953352
66.249.64.163 - - [13/Jan/2015:06:27:07 -0500] "GET /BLA/resoluciones/RESOLUCIONES%202008/2526.pdf HTTP/1.1" 200 294010
157.55.39.23 - - [13/Jan/2015:06:27:08 -0500] "GET /bla/resoluciones/resoluciones%202009/8729.pdf HTTP/1.1" 200 559955
188.165.15.21 - - [13/Jan/2015:06:27:08 -0500] "GET /BLA/resoluciones/RESOLUCIONES%202006/RES%202006%20%202851-2900/00002867.tif HTTP/1.1" 200 37544
180.76.6.56 - - [13/Jan/2015:06:27:16 -0500] "GET /BLA/resoluciones/AUTOS%202009/2061.pdf HTTP/1.1" 200 98820
207.46.13.113 - - [13/Jan/2015:06:27:17 -0500] "GET /BLA/resoluciones/AUTOS%202007/3234.pdf HTTP/1.1" 200 75541
66.249.64.167 - - [13/Jan/2015:06:27:47 -0500] "GET /BLA/resoluciones/RESOLUCIONES%202009/1592.pdf HTTP/1.1" 200 597790
66.249.64.171 - - [13/Jan/2015:06:27:57 -0500] "GET /BLA/resoluciones/RESOLUCIONES%202009/2870.pdf HTTP/1.1" 200 401481
66.249.64.163 - - [13/Jan/2015:06:28:00 -0500] "GET /BLA/resoluciones/RESOLUCIONES%202007/RES%202007%201901%20AL%202000/RESOLUCION%201905%20DE%202007.pdf HTTP/1.1" 200 74281
66.249.64.167 - - [13/Jan/2015:06:28:27 -0500] "GET /BLA/resoluciones/RESOLUCIONES%202008/3312.pdf HTTP/1.1" 200 246725
66.249.64.163 - - [13/Jan/2015:06:28:31 -0500] "GET /BLA/resoluciones/AUTOS%202006/AUTOS%202006%203301%20-%203418/00003370.tif HTTP/1.1" 200 54328
74.86.158.107 - - [13/Jan/2015:06:28:49 -0500] "HEAD / HTTP/1.1" 302 -
