181.54.84.12 - - [13/Jan/2015:02:02:57 -0500] "POST /forms/lservlet;jsessionid=ac16012b30d53c19fd64a26d4f5ea8b7f62efc7af06d.e3iSbxaKaheRe34SahiRb30Pchr0n6jAmljGr5XDqQLvpAe HTTP/1.1" 200 2
181.54.84.12 - - [13/Jan/2015:02:02:57 -0500] "POST /forms/lservlet;jsessionid=ac16012b30d53c19fd64a26d4f5ea8b7f62efc7af06d.e3iSbxaKaheRe34SahiRb30Pchr0n6jAmljGr5XDqQLvpAe HTTP/1.1" 200 142
181.54.84.12 - - [13/Jan/2015:02:02:57 -0500] "POST /forms/lservlet;jsessionid=ac16012b30d53c19fd64a26d4f5ea8b7f62efc7af06d.e3iSbxaKaheRe34SahiRb30Pchr0n6jAmljGr5XDqQLvpAe HTTP/1.1" 200 7
181.54.84.12 - - [13/Jan/2015:02:02:58 -0500] "POST /forms/lservlet;jsessionid=ac16012b30d53c19fd64a26d4f5ea8b7f62efc7af06d.e3iSbxaKaheRe34SahiRb30Pchr0n6jAmljGr5XDqQLvpAe HTTP/1.1" 200 116
181.54.84.12 - - [13/Jan/2015:02:02:59 -0500] "POST /forms/lservlet;jsessionid=ac16012b30d53c19fd64a26d4f5ea8b7f62efc7af06d.e3iSbxaKaheRe34SahiRb30Pchr0n6jAmljGr5XDqQLvpAe HTTP/1.1" 200 2
181.54.84.12 - - [13/Jan/2015:02:02:59 -0500] "POST /forms/lservlet;jsessionid=ac16012b30d53c19fd64a26d4f5ea8b7f62efc7af06d.e3iSbxaKaheRe34SahiRb30Pchr0n6jAmljGr5XDqQLvpAe HTTP/1.1" 200 2242
181.54.84.12 - - [13/Jan/2015:02:02:59 -0500] "POST /forms/lservlet;jsessionid=ac16012b30d53c19fd64a26d4f5ea8b7f62efc7af06d.e3iSbxaKaheRe34SahiRb30Pchr0n6jAmljGr5XDqQLvpAe HTTP/1.1" 200 10
181.54.84.12 - - [13/Jan/2015:02:03:01 -0500] "POST /forms/lservlet;jsessionid=ac16012b30d53c19fd64a26d4f5ea8b7f62efc7af06d.e3iSbxaKaheRe34SahiRb30Pchr0n6jAmljGr5XDqQLvpAe HTTP/1.1" 200 21
181.54.84.12 - - [13/Jan/2015:02:03:01 -0500] "POST /forms/lservlet;jsessionid=ac16012b30d53c19fd64a26d4f5ea8b7f62efc7af06d.e3iSbxaKaheRe34SahiRb30Pchr0n6jAmljGr5XDqQLvpAe HTTP/1.1" 200 4065
181.54.84.12 - - [13/Jan/2015:02:03:02 -0500] "POST /forms/lservlet;jsessionid=ac16012b30d53c19fd64a26d4f5ea8b7f62efc7af06d.e3iSbxaKaheRe34SahiRb30Pchr0n6jAmljGr5XDqQLvpAe HTTP/1.1" 200 2
181.54.84.12 - - [13/Jan/2015:02:03:03 -0500] "POST /forms/lservlet;jsessionid=ac16012b30d53c19fd64a26d4f5ea8b7f62efc7af06d.e3iSbxaKaheRe34SahiRb30Pchr0n6jAmljGr5XDqQLvpAe HTTP/1.1" 200 137
181.54.84.12 - - [13/Jan/2015:02:03:03 -0500] "POST /forms/lservlet;jsessionid=ac16012b30d53c19fd64a26d4f5ea8b7f62efc7af06d.e3iSbxaKaheRe34SahiRb30Pchr0n6jAmljGr5XDqQLvpAe HTTP/1.1" 200 7
66.249.67.67 - - [13/Jan/2015:02:03:05 -0500] "GET /BLA/resoluciones/RESOLUCIONES%202007/RES%202007%20201%20AL%20300/RESOLUCION%200286%20DE%202007.pdf HTTP/1.1" 200 345902
181.54.84.12 - - [13/Jan/2015:02:03:08 -0500] "POST /forms/lservlet;jsessionid=ac16012b30d53c19fd64a26d4f5ea8b7f62efc7af06d.e3iSbxaKaheRe34SahiRb30Pchr0n6jAmljGr5XDqQLvpAe HTTP/1.1" 200 2
181.54.84.12 - - [13/Jan/2015:02:03:10 -0500] "POST /forms/lservlet;jsessionid=ac16012b30d53c19fd64a26d4f5ea8b7f62efc7af06d.e3iSbxaKaheRe34SahiRb30Pchr0n6jAmljGr5XDqQLvpAe HTTP/1.1" 200 2
181.54.84.12 - - [13/Jan/2015:02:03:11 -0500] "POST /forms/lservlet;jsessionid=ac16012b30d53c19fd64a26d4f5ea8b7f62efc7af06d.e3iSbxaKaheRe34SahiRb30Pchr0n6jAmljGr5XDqQLvpAe HTTP/1.1" 200 21
181.54.84.12 - - [13/Jan/2015:02:03:11 -0500] "POST /forms/lservlet;jsessionid=ac16012b30d53c19fd64a26d4f5ea8b7f62efc7af06d.e3iSbxaKaheRe34SahiRb30Pchr0n6jAmljGr5XDqQLvpAe HTTP/1.1" 200 2
66.249.67.75 - - [13/Jan/2015:02:03:12 -0500] "GET /BLA/resoluciones/RESOLUCIONES%202007/RES%202007%203501%20AL%203600/RESOLUCION%203503%20DE%202007.pdf HTTP/1.1" 200 1001424
181.54.84.12 - - [13/Jan/2015:02:03:33 -0500] "POST /forms/lservlet;jsessionid=ac16012b30d53c19fd64a26d4f5ea8b7f62efc7af06d.e3iSbxaKaheRe34SahiRb30Pchr0n6jAmljGr5XDqQLvpAe HTTP/1.1" 200 2
181.54.84.12 - - [13/Jan/2015:02:03:33 -0500] "POST /forms/lservlet;jsessionid=ac16012b30d53c19fd64a26d4f5ea8b7f62efc7af06d.e3iSbxaKaheRe34SahiRb30Pchr0n6jAmljGr5XDqQLvpAe HTTP/1.1" 200 14
181.54.84.12 - - [13/Jan/2015:02:03:34 -0500] "POST /forms/lservlet;jsessionid=ac16012b30d53c19fd64a26d4f5ea8b7f62efc7af06d.e3iSbxaKaheRe34SahiRb30Pchr0n6jAmljGr5XDqQLvpAe HTTP/1.1" 200 14
181.54.84.12 - - [13/Jan/2015:02:03:36 -0500] "POST /forms/lservlet;jsessionid=ac16012b30d53c19fd64a26d4f5ea8b7f62efc7af06d.e3iSbxaKaheRe34SahiRb30Pchr0n6jAmljGr5XDqQLvpAe HTTP/1.1" 200 14
181.54.84.12 - - [13/Jan/2015:02:03:37 -0500] "POST /forms/lservlet;jsessionid=ac16012b30d53c19fd64a26d4f5ea8b7f62efc7af06d.e3iSbxaKaheRe34SahiRb30Pchr0n6jAmljGr5XDqQLvpAe HTTP/1.1" 200 14
181.54.84.12 - - [13/Jan/2015:02:03:39 -0500] "POST /forms/lservlet;jsessionid=ac16012b30d53c19fd64a26d4f5ea8b7f62efc7af06d.e3iSbxaKaheRe34SahiRb30Pchr0n6jAmljGr5XDqQLvpAe HTTP/1.1" 200 118
181.54.84.12 - - [13/Jan/2015:02:03:39 -0500] "POST /forms/lservlet;jsessionid=ac16012b30d53c19fd64a26d4f5ea8b7f62efc7af06d.e3iSbxaKaheRe34SahiRb30Pchr0n6jAmljGr5XDqQLvpAe HTTP/1.1" 200 2
181.54.84.12 - - [13/Jan/2015:02:03:39 -0500] "GET /reports/rwservlet/getjobid340484?server=rep_srvapsda HTTP/1.1" 200 48205
66.249.67.75 - - [13/Jan/2015:02:03:45 -0500] "GET /BLA/resoluciones/AUTOS%202008/2028.pdf HTTP/1.1" 200 225897
74.86.158.107 - - [13/Jan/2015:02:03:50 -0500] "HEAD / HTTP/1.1" 302 -
66.249.67.83 - - [13/Jan/2015:02:04:25 -0500] "GET /BLA/resoluciones/RESOLUCIONES%202007/RES%202007%20901%20AL%201000/RESOLUCION%200992%20DE%202007.pdf HTTP/1.1" 200 585333
66.249.67.83 - - [13/Jan/2015:02:05:05 -0500] "GET /BLA/resoluciones/RESOLUCIONES%202009/2205.pdf HTTP/1.1" 200 636326
181.54.84.12 - - [13/Jan/2015:02:05:05 -0500] "POST /forms/lservlet;jsessionid=ac16012b30d53c19fd64a26d4f5ea8b7f62efc7af06d.e3iSbxaKaheRe34SahiRb30Pchr0n6jAmljGr5XDqQLvpAe HTTP/1.1" 200 78
181.54.84.12 - - [13/Jan/2015:02:05:05 -0500] "POST /forms/lservlet;jsessionid=ac16012b30d53c19fd64a26d4f5ea8b7f62efc7af06d.e3iSbxaKaheRe34SahiRb30Pchr0n6jAmljGr5XDqQLvpAe HTTP/1.1" 200 2
181.54.84.12 - - [13/Jan/2015:02:05:06 -0500] "POST /forms/lservlet;jsessionid=ac16012b30d53c19fd64a26d4f5ea8b7f62efc7af06d.e3iSbxaKaheRe34SahiRb30Pchr0n6jAmljGr5XDqQLvpAe HTTP/1.1" 200 2372
181.54.84.12 - - [13/Jan/2015:02:05:06 -0500] "POST /forms/lservlet;jsessionid=ac16012b30d53c19fd64a26d4f5ea8b7f62efc7af06d.e3iSbxaKaheRe34SahiRb30Pchr0n6jAmljGr5XDqQLvpAe HTTP/1.1" 200 10
181.54.84.12 - - [13/Jan/2015:02:05:07 -0500] "POST /forms/lservlet;jsessionid=ac16012b30d53c19fd64a26d4f5ea8b7f62efc7af06d.e3iSbxaKaheRe34SahiRb30Pchr0n6jAmljGr5XDqQLvpAe HTTP/1.1" 200 24
181.54.84.12 - - [13/Jan/2015:02:05:07 -0500] "POST /forms/lservlet;jsessionid=ac16012b30d53c19fd64a26d4f5ea8b7f62efc7af06d.e3iSbxaKaheRe34SahiRb30Pchr0n6jAmljGr5XDqQLvpAe HTTP/1.1" 200 3876
181.54.84.12 - - [13/Jan/2015:02:05:08 -0500] "POST /forms/lservlet;jsessionid=ac16012b30d53c19fd64a26d4f5ea8b7f62efc7af06d.e3iSbxaKaheRe34SahiRb30Pchr0n6jAmljGr5XDqQLvpAe HTTP/1.1" 200 2
66.249.67.83 - - [13/Jan/2015:02:05:18 -0500] "GET /BLA/resoluciones/RESOLUCIONES%202007/RES%202007%202401%20AL%202500/RESOLUCION%202452%20DE%202007.pdf HTTP/1.1" 200 305784
181.54.84.12 - - [13/Jan/2015:02:05:20 -0500] "POST /forms/lservlet;jsessionid=ac16012b30d53c19fd64a26d4f5ea8b7f62efc7af06d.e3iSbxaKaheRe34SahiRb30Pchr0n6jAmljGr5XDqQLvpAe HTTP/1.1" 200 2
181.54.84.12 - - [13/Jan/2015:02:05:21 -0500] "POST /forms/lservlet;jsessionid=ac16012b30d53c19fd64a26d4f5ea8b7f62efc7af06d.e3iSbxaKaheRe34SahiRb30Pchr0n6jAmljGr5XDqQLvpAe HTTP/1.1" 200 2304
181.54.84.12 - - [13/Jan/2015:02:05:21 -0500] "POST /forms/lservlet;jsessionid=ac16012b30d53c19fd64a26d4f5ea8b7f62efc7af06d.e3iSbxaKaheRe34SahiRb30Pchr0n6jAmljGr5XDqQLvpAe HTTP/1.1" 200 10
181.54.84.12 - - [13/Jan/2015:02:05:22 -0500] "POST /forms/lservlet;jsessionid=ac16012b30d53c19fd64a26d4f5ea8b7f62efc7af06d.e3iSbxaKaheRe34SahiRb30Pchr0n6jAmljGr5XDqQLvpAe HTTP/1.1" 200 24
181.54.84.12 - - [13/Jan/2015:02:05:22 -0500] "POST /forms/lservlet;jsessionid=ac16012b30d53c19fd64a26d4f5ea8b7f62efc7af06d.e3iSbxaKaheRe34SahiRb30Pchr0n6jAmljGr5XDqQLvpAe HTTP/1.1" 200 3834
181.54.84.12 - - [13/Jan/2015:02:05:23 -0500] "POST /forms/lservlet;jsessionid=ac16012b30d53c19fd64a26d4f5ea8b7f62efc7af06d.e3iSbxaKaheRe34SahiRb30Pchr0n6jAmljGr5XDqQLvpAe HTTP/1.1" 200 2
178.162.214.71 - - [13/Jan/2015:02:05:28 -0500] "GET /test/wp-admin/ HTTP/1.1" 404 1018
66.249.67.75 - - [13/Jan/2015:02:05:44 -0500] "GET /BLA/resoluciones/AUTOS%202008/1538.pdf HTTP/1.1" 200 102305
66.249.67.67 - - [13/Jan/2015:02:06:24 -0500] "GET /BLA/resoluciones/AUTOS%202008/3435.pdf HTTP/1.1" 200 183347
66.249.67.83 - - [13/Jan/2015:02:07:04 -0500] "GET /BLA/resoluciones/AUTOS%202008/3402.pdf HTTP/1.1" 200 162400
181.54.84.12 - - [13/Jan/2015:02:07:08 -0500] "POST /forms/lservlet;jsessionid=ac16012b30d53c19fd64a26d4f5ea8b7f62efc7af06d.e3iSbxaKaheRe34SahiRb30Pchr0n6jAmljGr5XDqQLvpAe HTTP/1.1" 200 2
66.249.67.83 - - [13/Jan/2015:02:07:43 -0500] "GET /BLA/resoluciones/AUTOS%202008/1073.pdf HTTP/1.1" 200 215159
66.249.67.67 - - [13/Jan/2015:02:07:53 -0500] "GET /BLA/resoluciones/RESOLUCIONES%202008/5442.pdf HTTP/1.1" 200 266656
66.249.67.67 - - [13/Jan/2015:02:08:04 -0500] "GET /BLA/resoluciones/AUTOS%202006/AUTOS%202006%202101%20-%202200/00002107.tif HTTP/1.1" 200 80642
66.249.67.67 - - [13/Jan/2015:02:08:23 -0500] "GET /BLA/resoluciones/AUTOS%202007/2126.pdf HTTP/1.1" 200 143641
74.86.158.107 - - [13/Jan/2015:02:08:50 -0500] "HEAD / HTTP/1.1" 302 -
157.55.39.23 - - [13/Jan/2015:02:08:56 -0500] "GET /bla/resoluciones/autos%202010/0846.pdf HTTP/1.1" 200 131454
157.55.39.23 - - [13/Jan/2015:02:08:56 -0500] "GET /bla/resoluciones/resoluciones%202009/7710.pdf HTTP/1.1" 200 637572
157.55.39.23 - - [13/Jan/2015:02:08:57 -0500] "GET /bla/resoluciones/autos%202010/5528.pdf HTTP/1.1" 200 321470
157.55.39.23 - - [13/Jan/2015:02:08:57 -0500] "GET /bla/resoluciones/resoluciones%202009/ HTTP/1.1" 200 593331
157.55.39.23 - - [13/Jan/2015:02:09:01 -0500] "GET /bla/resoluciones/autos%202010/5332.pdf HTTP/1.1" 200 1079712
66.249.67.67 - - [13/Jan/2015:02:09:03 -0500] "GET /BLA/resoluciones/AUTOS%202008/2157.pdf HTTP/1.1" 200 103134
181.54.84.12 - - [13/Jan/2015:02:09:08 -0500] "POST /forms/lservlet;jsessionid=ac16012b30d53c19fd64a26d4f5ea8b7f62efc7af06d.e3iSbxaKaheRe34SahiRb30Pchr0n6jAmljGr5XDqQLvpAe HTTP/1.1" 200 2
180.76.6.147 - - [13/Jan/2015:02:09:17 -0500] "GET /BLA/boletinlegal;jsessionid=CF805D01FD20811D05BC8C2B20E93E19?/? HTTP/1.1" 404 1018
66.249.67.67 - - [13/Jan/2015:02:09:42 -0500] "GET /BLA/resoluciones/AUTOS%202008/3309.pdf HTTP/1.1" 200 95580
66.249.67.75 - - [13/Jan/2015:02:10:22 -0500] "GET /BLA/resoluciones/AUTOS%202013/0433.pdf HTTP/1.1" 200 1221072
66.249.67.75 - - [13/Jan/2015:02:10:28 -0500] "GET /BLA/resoluciones/RESOLUCIONES%202009/0739.pdf HTTP/1.1" 200 235879
66.249.67.75 - - [13/Jan/2015:02:11:02 -0500] "GET /BLA/resoluciones/AUTOS%202008/1211.pdf HTTP/1.1" 200 84414
181.54.84.12 - - [13/Jan/2015:02:11:08 -0500] "POST /forms/lservlet;jsessionid=ac16012b30d53c19fd64a26d4f5ea8b7f62efc7af06d.e3iSbxaKaheRe34SahiRb30Pchr0n6jAmljGr5XDqQLvpAe HTTP/1.1" 200 2
157.55.39.22 - - [13/Jan/2015:02:11:13 -0500] "GET /BLA/resoluciones/RESOLUCIONES%202008/1825.pdf HTTP/1.1" 200 269173
66.249.67.75 - - [13/Jan/2015:02:11:42 -0500] "GET /BLA/resoluciones/RESOLUCIONES%202010/1928.pdf HTTP/1.1" 200 792664
66.249.67.75 - - [13/Jan/2015:02:12:21 -0500] "GET /BLA/resoluciones/RESOLUCIONES%202007/RES%202007%20501%20AL%20600/RESOLUCION%200560%20DE%202007.pdf HTTP/1.1" 200 1017181
66.249.67.67 - - [13/Jan/2015:02:13:01 -0500] "GET /BLA/resoluciones/AUTOS%202007/2738.pdf HTTP/1.1" 200 74060
66.249.67.67 - - [13/Jan/2015:02:13:02 -0500] "GET /BLA/resoluciones/AUTOS%202013/1425.pdf HTTP/1.1" 200 383812
181.54.84.12 - - [13/Jan/2015:02:13:08 -0500] "POST /forms/lservlet;jsessionid=ac16012b30d53c19fd64a26d4f5ea8b7f62efc7af06d.e3iSbxaKaheRe34SahiRb30Pchr0n6jAmljGr5XDqQLvpAe HTTP/1.1" 200 2
66.249.67.83 - - [13/Jan/2015:02:13:41 -0500] "GET /BLA/resoluciones/RESOLUCIONES%202008/1200.pdf HTTP/1.1" 304 -
74.86.158.107 - - [13/Jan/2015:02:13:50 -0500] "HEAD / HTTP/1.1" 302 -
66.249.67.67 - - [13/Jan/2015:02:14:20 -0500] "GET /BLA/resoluciones/AUTOS%202011/1414.pdf HTTP/1.1" 200 97245
178.162.214.71 - - [13/Jan/2015:02:14:32 -0500] "GET /wordpress/wp-admin/ HTTP/1.1" 404 1018
180.76.6.16 - - [13/Jan/2015:02:14:38 -0500] "GET /BLA/boletinlegal;jsessionid=373C4C4760F6A73148F69D44840E2E86?/? HTTP/1.1" 404 1018
66.249.67.67 - - [13/Jan/2015:02:15:00 -0500] "GET /BLA/resoluciones/AUTOS%202008/1288.pdf HTTP/1.1" 200 134663
181.54.84.12 - - [13/Jan/2015:02:15:08 -0500] "POST /forms/lservlet;jsessionid=ac16012b30d53c19fd64a26d4f5ea8b7f62efc7af06d.e3iSbxaKaheRe34SahiRb30Pchr0n6jAmljGr5XDqQLvpAe HTTP/1.1" 200 2
66.249.67.67 - - [13/Jan/2015:02:15:39 -0500] "GET /BLA/resoluciones/RESOLUCIONES%202010/6397.pdf HTTP/1.1" 200 2797863
66.249.67.83 - - [13/Jan/2015:02:15:44 -0500] "GET /BLA/resoluciones/AUTOS%202008/3480.pdf HTTP/1.1" 200 183739
186.89.157.142 - - [13/Jan/2015:02:15:54 -0500] "GET /BLA/boletinlegal/js/jquery.js HTTP/1.1" 200 57254
186.89.157.142 - - [13/Jan/2015:02:15:54 -0500] "GET /BLA/boletinlegal/js/jquery.scrollShow.js HTTP/1.1" 200 4586
186.89.157.142 - - [13/Jan/2015:02:15:54 -0500] "GET /BLA/boletinlegal/js/jquery.scrollTo-min.js HTTP/1.1" 200 1150
66.249.67.75 - - [13/Jan/2015:02:16:19 -0500] "GET /BLA/resoluciones/RESOLUCIONES%202012/0982.pdf HTTP/1.1" 200 427914
181.54.84.12 - - [13/Jan/2015:02:16:27 -0500] "POST /forms/lservlet;jsessionid=ac16012b30d53c19fd64a26d4f5ea8b7f62efc7af06d.e3iSbxaKaheRe34SahiRb30Pchr0n6jAmljGr5XDqQLvpAe HTTP/1.1" 200 2
181.54.84.12 - - [13/Jan/2015:02:16:27 -0500] "POST /forms/lservlet;jsessionid=ac16012b30d53c19fd64a26d4f5ea8b7f62efc7af06d.e3iSbxaKaheRe34SahiRb30Pchr0n6jAmljGr5XDqQLvpAe HTTP/1.1" 200 2304
181.54.84.12 - - [13/Jan/2015:02:16:27 -0500] "POST /forms/lservlet;jsessionid=ac16012b30d53c19fd64a26d4f5ea8b7f62efc7af06d.e3iSbxaKaheRe34SahiRb30Pchr0n6jAmljGr5XDqQLvpAe HTTP/1.1" 200 10
181.54.84.12 - - [13/Jan/2015:02:16:29 -0500] "POST /forms/lservlet;jsessionid=ac16012b30d53c19fd64a26d4f5ea8b7f62efc7af06d.e3iSbxaKaheRe34SahiRb30Pchr0n6jAmljGr5XDqQLvpAe HTTP/1.1" 200 24
181.54.84.12 - - [13/Jan/2015:02:16:29 -0500] "POST /forms/lservlet;jsessionid=ac16012b30d53c19fd64a26d4f5ea8b7f62efc7af06d.e3iSbxaKaheRe34SahiRb30Pchr0n6jAmljGr5XDqQLvpAe HTTP/1.1" 200 4422
181.54.84.12 - - [13/Jan/2015:02:16:30 -0500] "POST /forms/lservlet;jsessionid=ac16012b30d53c19fd64a26d4f5ea8b7f62efc7af06d.e3iSbxaKaheRe34SahiRb30Pchr0n6jAmljGr5XDqQLvpAe HTTP/1.1" 200 2
66.249.67.83 - - [13/Jan/2015:02:16:34 -0500] "GET /BLA/resoluciones/RESOLUCIONES%202006/RES%202006%202351-2400/00002372.tif HTTP/1.1" 200 56002
181.54.84.12 - - [13/Jan/2015:02:16:34 -0500] "POST /forms/lservlet;jsessionid=ac16012b30d53c19fd64a26d4f5ea8b7f62efc7af06d.e3iSbxaKaheRe34SahiRb30Pchr0n6jAmljGr5XDqQLvpAe HTTP/1.1" 200 136
181.54.84.12 - - [13/Jan/2015:02:16:34 -0500] "POST /forms/lservlet;jsessionid=ac16012b30d53c19fd64a26d4f5ea8b7f62efc7af06d.e3iSbxaKaheRe34SahiRb30Pchr0n6jAmljGr5XDqQLvpAe HTTP/1.1" 200 7
181.54.84.12 - - [13/Jan/2015:02:16:41 -0500] "POST /forms/lservlet;jsessionid=ac16012b30d53c19fd64a26d4f5ea8b7f62efc7af06d.e3iSbxaKaheRe34SahiRb30Pchr0n6jAmljGr5XDqQLvpAe HTTP/1.1" 200 7
66.249.67.67 - - [13/Jan/2015:02:16:59 -0500] "GET /BLA/resoluciones/AUTOS%202008/1732.pdf HTTP/1.1" 200 177968
181.54.84.12 - - [13/Jan/2015:02:17:08 -0500] "POST /forms/lservlet;jsessionid=ac16012b30d53c19fd64a26d4f5ea8b7f62efc7af06d.e3iSbxaKaheRe34SahiRb30Pchr0n6jAmljGr5XDqQLvpAe HTTP/1.1" 200 2
66.249.67.75 - - [13/Jan/2015:02:17:39 -0500] "GET /BLA/resoluciones/AUTOS%202008/0742.pdf HTTP/1.1" 200 139416
181.54.84.12 - - [13/Jan/2015:02:18:03 -0500] "POST /forms/lservlet;jsessionid=ac16012b30d53c19fd64a26d4f5ea8b7f62efc7af06d.e3iSbxaKaheRe34SahiRb30Pchr0n6jAmljGr5XDqQLvpAe HTTP/1.1" 200 108
181.54.84.12 - - [13/Jan/2015:02:18:03 -0500] "POST /forms/lservlet;jsessionid=ac16012b30d53c19fd64a26d4f5ea8b7f62efc7af06d.e3iSbxaKaheRe34SahiRb30Pchr0n6jAmljGr5XDqQLvpAe HTTP/1.1" 200 2
181.54.84.12 - - [13/Jan/2015:02:18:04 -0500] "POST /forms/lservlet;jsessionid=ac16012b30d53c19fd64a26d4f5ea8b7f62efc7af06d.e3iSbxaKaheRe34SahiRb30Pchr0n6jAmljGr5XDqQLvpAe HTTP/1.1" 200 2354
181.54.84.12 - - [13/Jan/2015:02:18:04 -0500] "POST /forms/lservlet;jsessionid=ac16012b30d53c19fd64a26d4f5ea8b7f62efc7af06d.e3iSbxaKaheRe34SahiRb30Pchr0n6jAmljGr5XDqQLvpAe HTTP/1.1" 200 10
181.54.84.12 - - [13/Jan/2015:02:18:05 -0500] "POST /forms/lservlet;jsessionid=ac16012b30d53c19fd64a26d4f5ea8b7f62efc7af06d.e3iSbxaKaheRe34SahiRb30Pchr0n6jAmljGr5XDqQLvpAe HTTP/1.1" 200 21
181.54.84.12 - - [13/Jan/2015:02:18:05 -0500] "POST /forms/lservlet;jsessionid=ac16012b30d53c19fd64a26d4f5ea8b7f62efc7af06d.e3iSbxaKaheRe34SahiRb30Pchr0n6jAmljGr5XDqQLvpAe HTTP/1.1" 200 4047
181.54.84.12 - - [13/Jan/2015:02:18:06 -0500] "POST /forms/lservlet;jsessionid=ac16012b30d53c19fd64a26d4f5ea8b7f62efc7af06d.e3iSbxaKaheRe34SahiRb30Pchr0n6jAmljGr5XDqQLvpAe HTTP/1.1" 200 2
181.54.84.12 - - [13/Jan/2015:02:18:07 -0500] "POST /forms/lservlet;jsessionid=ac16012b30d53c19fd64a26d4f5ea8b7f62efc7af06d.e3iSbxaKaheRe34SahiRb30Pchr0n6jAmljGr5XDqQLvpAe HTTP/1.1" 200 138
66.249.67.83 - - [13/Jan/2015:02:18:12 -0500] "GET /BLA/resoluciones/RESOLUCIONES%202007/RES%202007%203501%20AL%203600/RESOLUCION%203600%20DE%202007.pdf HTTP/1.1" 200 527282
66.249.67.67 - - [13/Jan/2015:02:18:14 -0500] "GET /BLA/resoluciones/RESOLUCIONES%202007/RES%202007%202401%20AL%202500/RESOLUCION%202436%20DE%202007.pdf HTTP/1.1" 200 489246
66.249.67.75 - - [13/Jan/2015:02:18:18 -0500] "GET /BLA/resoluciones/RESOLUCIONES%202010/2207.pdf HTTP/1.1" 200 494327
181.54.84.12 - - [13/Jan/2015:02:18:20 -0500] "POST /forms/lservlet;jsessionid=ac16012b30d53c19fd64a26d4f5ea8b7f62efc7af06d.e3iSbxaKaheRe34SahiRb30Pchr0n6jAmljGr5XDqQLvpAe HTTP/1.1" 200 72
181.54.84.12 - - [13/Jan/2015:02:18:21 -0500] "POST /forms/lservlet;jsessionid=ac16012b30d53c19fd64a26d4f5ea8b7f62efc7af06d.e3iSbxaKaheRe34SahiRb30Pchr0n6jAmljGr5XDqQLvpAe HTTP/1.1" 200 2
181.54.84.12 - - [13/Jan/2015:02:18:21 -0500] "POST /forms/lservlet;jsessionid=ac16012b30d53c19fd64a26d4f5ea8b7f62efc7af06d.e3iSbxaKaheRe34SahiRb30Pchr0n6jAmljGr5XDqQLvpAe HTTP/1.1" 200 2327
181.54.84.12 - - [13/Jan/2015:02:18:21 -0500] "POST /forms/lservlet;jsessionid=ac16012b30d53c19fd64a26d4f5ea8b7f62efc7af06d.e3iSbxaKaheRe34SahiRb30Pchr0n6jAmljGr5XDqQLvpAe HTTP/1.1" 200 10
181.54.84.12 - - [13/Jan/2015:02:18:23 -0500] "POST /forms/lservlet;jsessionid=ac16012b30d53c19fd64a26d4f5ea8b7f62efc7af06d.e3iSbxaKaheRe34SahiRb30Pchr0n6jAmljGr5XDqQLvpAe HTTP/1.1" 200 24
207.46.13.113 - - [13/Jan/2015:02:18:23 -0500] "GET /bla/resoluciones/autos%202010/6582.pdf HTTP/1.1" 200 152961
181.54.84.12 - - [13/Jan/2015:02:18:23 -0500] "POST /forms/lservlet;jsessionid=ac16012b30d53c19fd64a26d4f5ea8b7f62efc7af06d.e3iSbxaKaheRe34SahiRb30Pchr0n6jAmljGr5XDqQLvpAe HTTP/1.1" 200 3785
181.54.84.12 - - [13/Jan/2015:02:18:23 -0500] "POST /forms/lservlet;jsessionid=ac16012b30d53c19fd64a26d4f5ea8b7f62efc7af06d.e3iSbxaKaheRe34SahiRb30Pchr0n6jAmljGr5XDqQLvpAe HTTP/1.1" 200 2
181.54.84.12 - - [13/Jan/2015:02:18:40 -0500] "POST /forms/lservlet;jsessionid=ac16012b30d53c19fd64a26d4f5ea8b7f62efc7af06d.e3iSbxaKaheRe34SahiRb30Pchr0n6jAmljGr5XDqQLvpAe HTTP/1.1" 200 2
181.54.84.12 - - [13/Jan/2015:02:18:40 -0500] "POST /forms/lservlet;jsessionid=ac16012b30d53c19fd64a26d4f5ea8b7f62efc7af06d.e3iSbxaKaheRe34SahiRb30Pchr0n6jAmljGr5XDqQLvpAe HTTP/1.1" 200 2324
181.54.84.12 - - [13/Jan/2015:02:18:41 -0500] "POST /forms/lservlet;jsessionid=ac16012b30d53c19fd64a26d4f5ea8b7f62efc7af06d.e3iSbxaKaheRe34SahiRb30Pchr0n6jAmljGr5XDqQLvpAe HTTP/1.1" 200 10
181.54.84.12 - - [13/Jan/2015:02:18:42 -0500] "POST /forms/lservlet;jsessionid=ac16012b30d53c19fd64a26d4f5ea8b7f62efc7af06d.e3iSbxaKaheRe34SahiRb30Pchr0n6jAmljGr5XDqQLvpAe HTTP/1.1" 200 24
181.54.84.12 - - [13/Jan/2015:02:18:42 -0500] "POST /forms/lservlet;jsessionid=ac16012b30d53c19fd64a26d4f5ea8b7f62efc7af06d.e3iSbxaKaheRe34SahiRb30Pchr0n6jAmljGr5XDqQLvpAe HTTP/1.1" 200 3246
181.54.84.12 - - [13/Jan/2015:02:18:43 -0500] "POST /forms/lservlet;jsessionid=ac16012b30d53c19fd64a26d4f5ea8b7f62efc7af06d.e3iSbxaKaheRe34SahiRb30Pchr0n6jAmljGr5XDqQLvpAe HTTP/1.1" 200 2
74.86.158.107 - - [13/Jan/2015:02:18:50 -0500] "HEAD / HTTP/1.1" 302 -
181.54.84.12 - - [13/Jan/2015:02:18:56 -0500] "POST /forms/lservlet;jsessionid=ac16012b30d53c19fd64a26d4f5ea8b7f62efc7af06d.e3iSbxaKaheRe34SahiRb30Pchr0n6jAmljGr5XDqQLvpAe HTTP/1.1" 200 2
181.54.84.12 - - [13/Jan/2015:02:18:56 -0500] "POST /forms/lservlet;jsessionid=ac16012b30d53c19fd64a26d4f5ea8b7f62efc7af06d.e3iSbxaKaheRe34SahiRb30Pchr0n6jAmljGr5XDqQLvpAe HTTP/1.1" 200 2324
181.54.84.12 - - [13/Jan/2015:02:18:56 -0500] "POST /forms/lservlet;jsessionid=ac16012b30d53c19fd64a26d4f5ea8b7f62efc7af06d.e3iSbxaKaheRe34SahiRb30Pchr0n6jAmljGr5XDqQLvpAe HTTP/1.1" 200 10
181.54.84.12 - - [13/Jan/2015:02:18:58 -0500] "POST /forms/lservlet;jsessionid=ac16012b30d53c19fd64a26d4f5ea8b7f62efc7af06d.e3iSbxaKaheRe34SahiRb30Pchr0n6jAmljGr5XDqQLvpAe HTTP/1.1" 200 24
181.54.84.12 - - [13/Jan/2015:02:18:58 -0500] "POST /forms/lservlet;jsessionid=ac16012b30d53c19fd64a26d4f5ea8b7f62efc7af06d.e3iSbxaKaheRe34SahiRb30Pchr0n6jAmljGr5XDqQLvpAe HTTP/1.1" 200 3845
181.54.84.12 - - [13/Jan/2015:02:18:58 -0500] "POST /forms/lservlet;jsessionid=ac16012b30d53c19fd64a26d4f5ea8b7f62efc7af06d.e3iSbxaKaheRe34SahiRb30Pchr0n6jAmljGr5XDqQLvpAe HTTP/1.1" 200 2
66.249.67.83 - - [13/Jan/2015:02:19:07 -0500] "GET /BLA/resoluciones/AUTOS%202008/2920.pdf HTTP/1.1" 200 68209
181.54.84.12 - - [13/Jan/2015:02:19:08 -0500] "POST /forms/lservlet;jsessionid=ac16012b30d53c19fd64a26d4f5ea8b7f62efc7af06d.e3iSbxaKaheRe34SahiRb30Pchr0n6jAmljGr5XDqQLvpAe HTTP/1.1" 200 2
66.249.67.67 - - [13/Jan/2015:02:19:38 -0500] "GET /BLA/resoluciones/RESOLUCIONES%202007/RES%202007%201401%20AL%201500/RESOLUCION%201447%20DE%202007.pdf HTTP/1.1" 200 373025
207.46.13.133 - - [13/Jan/2015:02:19:51 -0500] "GET /BLA/resoluciones/RESOLUCIONES%202008/0689.pdf HTTP/1.1" 200 140545
181.54.84.12 - - [13/Jan/2015:02:20:14 -0500] "POST /forms/lservlet;jsessionid=ac16012b30d53c19fd64a26d4f5ea8b7f62efc7af06d.e3iSbxaKaheRe34SahiRb30Pchr0n6jAmljGr5XDqQLvpAe HTTP/1.1" 200 2
181.54.84.12 - - [13/Jan/2015:02:20:14 -0500] "POST /forms/lservlet;jsessionid=ac16012b30d53c19fd64a26d4f5ea8b7f62efc7af06d.e3iSbxaKaheRe34SahiRb30Pchr0n6jAmljGr5XDqQLvpAe HTTP/1.1" 200 2304
181.54.84.12 - - [13/Jan/2015:02:20:14 -0500] "POST /forms/lservlet;jsessionid=ac16012b30d53c19fd64a26d4f5ea8b7f62efc7af06d.e3iSbxaKaheRe34SahiRb30Pchr0n6jAmljGr5XDqQLvpAe HTTP/1.1" 200 10
181.54.84.12 - - [13/Jan/2015:02:20:16 -0500] "POST /forms/lservlet;jsessionid=ac16012b30d53c19fd64a26d4f5ea8b7f62efc7af06d.e3iSbxaKaheRe34SahiRb30Pchr0n6jAmljGr5XDqQLvpAe HTTP/1.1" 200 24
181.54.84.12 - - [13/Jan/2015:02:20:16 -0500] "POST /forms/lservlet;jsessionid=ac16012b30d53c19fd64a26d4f5ea8b7f62efc7af06d.e3iSbxaKaheRe34SahiRb30Pchr0n6jAmljGr5XDqQLvpAe HTTP/1.1" 200 3994
181.54.84.12 - - [13/Jan/2015:02:20:17 -0500] "POST /forms/lservlet;jsessionid=ac16012b30d53c19fd64a26d4f5ea8b7f62efc7af06d.e3iSbxaKaheRe34SahiRb30Pchr0n6jAmljGr5XDqQLvpAe HTTP/1.1" 200 2
66.249.67.75 - - [13/Jan/2015:02:20:18 -0500] "GET /BLA/resoluciones/RESOLUCIONES%202011/5704.pdf HTTP/1.1" 200 619861
207.46.13.113 - - [13/Jan/2015:02:20:19 -0500] "GET /BLA/resoluciones/AUTOS%202012/2227.pdf HTTP/1.1" 200 288452
181.54.84.12 - - [13/Jan/2015:02:20:33 -0500] "POST /forms/lservlet;jsessionid=ac16012b30d53c19fd64a26d4f5ea8b7f62efc7af06d.e3iSbxaKaheRe34SahiRb30Pchr0n6jAmljGr5XDqQLvpAe HTTP/1.1" 200 2
181.54.84.12 - - [13/Jan/2015:02:20:33 -0500] "POST /forms/lservlet;jsessionid=ac16012b30d53c19fd64a26d4f5ea8b7f62efc7af06d.e3iSbxaKaheRe34SahiRb30Pchr0n6jAmljGr5XDqQLvpAe HTTP/1.1" 200 2327
181.54.84.12 - - [13/Jan/2015:02:20:34 -0500] "POST /forms/lservlet;jsessionid=ac16012b30d53c19fd64a26d4f5ea8b7f62efc7af06d.e3iSbxaKaheRe34SahiRb30Pchr0n6jAmljGr5XDqQLvpAe HTTP/1.1" 200 10
181.54.84.12 - - [13/Jan/2015:02:20:36 -0500] "POST /forms/lservlet;jsessionid=ac16012b30d53c19fd64a26d4f5ea8b7f62efc7af06d.e3iSbxaKaheRe34SahiRb30Pchr0n6jAmljGr5XDqQLvpAe HTTP/1.1" 200 24
181.54.84.12 - - [13/Jan/2015:02:20:36 -0500] "POST /forms/lservlet;jsessionid=ac16012b30d53c19fd64a26d4f5ea8b7f62efc7af06d.e3iSbxaKaheRe34SahiRb30Pchr0n6jAmljGr5XDqQLvpAe HTTP/1.1" 200 3640
181.54.84.12 - - [13/Jan/2015:02:20:37 -0500] "POST /forms/lservlet;jsessionid=ac16012b30d53c19fd64a26d4f5ea8b7f62efc7af06d.e3iSbxaKaheRe34SahiRb30Pchr0n6jAmljGr5XDqQLvpAe HTTP/1.1" 200 2
66.249.67.75 - - [13/Jan/2015:02:20:50 -0500] "GET /hidrico/aguas%20subterraneas/Cartograf%C3%ACa_Final_2013/Hidrogeolog%C3%ADa/Sec_FGHIJ_v3.pdf HTTP/1.1" 404 1018
66.249.67.83 - - [13/Jan/2015:02:20:57 -0500] "GET /BLA/resoluciones/AUTOS%202007/1200.pdf HTTP/1.1" 200 24138
181.54.84.12 - - [13/Jan/2015:02:21:03 -0500] "POST /forms/lservlet;jsessionid=ac16012b30d53c19fd64a26d4f5ea8b7f62efc7af06d.e3iSbxaKaheRe34SahiRb30Pchr0n6jAmljGr5XDqQLvpAe HTTP/1.1" 200 2
181.54.84.12 - - [13/Jan/2015:02:21:03 -0500] "POST /forms/lservlet;jsessionid=ac16012b30d53c19fd64a26d4f5ea8b7f62efc7af06d.e3iSbxaKaheRe34SahiRb30Pchr0n6jAmljGr5XDqQLvpAe HTTP/1.1" 200 2327
181.54.84.12 - - [13/Jan/2015:02:21:03 -0500] "POST /forms/lservlet;jsessionid=ac16012b30d53c19fd64a26d4f5ea8b7f62efc7af06d.e3iSbxaKaheRe34SahiRb30Pchr0n6jAmljGr5XDqQLvpAe HTTP/1.1" 200 10
181.54.84.12 - - [13/Jan/2015:02:21:05 -0500] "POST /forms/lservlet;jsessionid=ac16012b30d53c19fd64a26d4f5ea8b7f62efc7af06d.e3iSbxaKaheRe34SahiRb30Pchr0n6jAmljGr5XDqQLvpAe HTTP/1.1" 200 24
181.54.84.12 - - [13/Jan/2015:02:21:05 -0500] "POST /forms/lservlet;jsessionid=ac16012b30d53c19fd64a26d4f5ea8b7f62efc7af06d.e3iSbxaKaheRe34SahiRb30Pchr0n6jAmljGr5XDqQLvpAe HTTP/1.1" 200 4177
181.54.84.12 - - [13/Jan/2015:02:21:06 -0500] "POST /forms/lservlet;jsessionid=ac16012b30d53c19fd64a26d4f5ea8b7f62efc7af06d.e3iSbxaKaheRe34SahiRb30Pchr0n6jAmljGr5XDqQLvpAe HTTP/1.1" 200 2
188.165.15.138 - - [13/Jan/2015:02:21:08 -0500] "GET /BLA/resoluciones/RESOLUCIONES%202003/RES%202003%201551-1601/20031573.tif HTTP/1.1" 200 81952
181.54.84.12 - - [13/Jan/2015:02:21:08 -0500] "POST /forms/lservlet;jsessionid=ac16012b30d53c19fd64a26d4f5ea8b7f62efc7af06d.e3iSbxaKaheRe34SahiRb30Pchr0n6jAmljGr5XDqQLvpAe HTTP/1.1" 200 2
188.165.15.15 - - [13/Jan/2015:02:21:10 -0500] "GET /BLA/resoluciones/RESOLUCIONES%202003/RES%202003%20801-850/807.tif HTTP/1.1" 200 106596
157.55.39.22 - - [13/Jan/2015:02:21:21 -0500] "GET /BLA/resoluciones/AUTOS%202012/0152.pdf HTTP/1.1" 200 296393
66.249.67.67 - - [13/Jan/2015:02:21:37 -0500] "GET /BLA/resoluciones/AUTOS%202008/1323.pdf HTTP/1.1" 200 225693
181.54.84.12 - - [13/Jan/2015:02:21:44 -0500] "POST /forms/lservlet;jsessionid=ac16012b30d53c19fd64a26d4f5ea8b7f62efc7af06d.e3iSbxaKaheRe34SahiRb30Pchr0n6jAmljGr5XDqQLvpAe HTTP/1.1" 200 2
181.54.84.12 - - [13/Jan/2015:02:21:44 -0500] "POST /forms/lservlet;jsessionid=ac16012b30d53c19fd64a26d4f5ea8b7f62efc7af06d.e3iSbxaKaheRe34SahiRb30Pchr0n6jAmljGr5XDqQLvpAe HTTP/1.1" 200 2324
181.54.84.12 - - [13/Jan/2015:02:21:44 -0500] "POST /forms/lservlet;jsessionid=ac16012b30d53c19fd64a26d4f5ea8b7f62efc7af06d.e3iSbxaKaheRe34SahiRb30Pchr0n6jAmljGr5XDqQLvpAe HTTP/1.1" 200 10
181.54.84.12 - - [13/Jan/2015:02:21:45 -0500] "POST /forms/lservlet;jsessionid=ac16012b30d53c19fd64a26d4f5ea8b7f62efc7af06d.e3iSbxaKaheRe34SahiRb30Pchr0n6jAmljGr5XDqQLvpAe HTTP/1.1" 200 24
181.54.84.12 - - [13/Jan/2015:02:21:46 -0500] "POST /forms/lservlet;jsessionid=ac16012b30d53c19fd64a26d4f5ea8b7f62efc7af06d.e3iSbxaKaheRe34SahiRb30Pchr0n6jAmljGr5XDqQLvpAe HTTP/1.1" 200 4128
181.54.84.12 - - [13/Jan/2015:02:21:46 -0500] "POST /forms/lservlet;jsessionid=ac16012b30d53c19fd64a26d4f5ea8b7f62efc7af06d.e3iSbxaKaheRe34SahiRb30Pchr0n6jAmljGr5XDqQLvpAe HTTP/1.1" 200 2
188.165.15.237 - - [13/Jan/2015:02:21:50 -0500] "GET /BLA/resoluciones/RESOLUCIONES%202006/RES%202006%201701-1751/00001701.tif HTTP/1.1" 200 136190
181.54.84.12 - - [13/Jan/2015:02:21:52 -0500] "POST /forms/lservlet;jsessionid=ac16012b30d53c19fd64a26d4f5ea8b7f62efc7af06d.e3iSbxaKaheRe34SahiRb30Pchr0n6jAmljGr5XDqQLvpAe HTTP/1.1" 200 136
181.54.84.12 - - [13/Jan/2015:02:21:52 -0500] "POST /forms/lservlet;jsessionid=ac16012b30d53c19fd64a26d4f5ea8b7f62efc7af06d.e3iSbxaKaheRe34SahiRb30Pchr0n6jAmljGr5XDqQLvpAe HTTP/1.1" 200 7
181.54.84.12 - - [13/Jan/2015:02:21:55 -0500] "POST /forms/lservlet;jsessionid=ac16012b30d53c19fd64a26d4f5ea8b7f62efc7af06d.e3iSbxaKaheRe34SahiRb30Pchr0n6jAmljGr5XDqQLvpAe HTTP/1.1" 200 152
181.54.84.12 - - [13/Jan/2015:02:21:56 -0500] "POST /forms/lservlet;jsessionid=ac16012b30d53c19fd64a26d4f5ea8b7f62efc7af06d.e3iSbxaKaheRe34SahiRb30Pchr0n6jAmljGr5XDqQLvpAe HTTP/1.1" 200 8
181.54.84.12 - - [13/Jan/2015:02:21:57 -0500] "POST /forms/lservlet;jsessionid=ac16012b30d53c19fd64a26d4f5ea8b7f62efc7af06d.e3iSbxaKaheRe34SahiRb30Pchr0n6jAmljGr5XDqQLvpAe HTTP/1.1" 200 2
157.55.39.22 - - [13/Jan/2015:02:22:11 -0500] "GET /bla/resoluciones/autos%202010/5494.pdf HTTP/1.1" 200 687572
66.249.67.83 - - [13/Jan/2015:02:22:17 -0500] "GET /BLA/resoluciones/AUTOS%202007/3076.pdf HTTP/1.1" 200 78385
181.54.84.12 - - [13/Jan/2015:02:22:32 -0500] "POST /forms/lservlet;jsessionid=ac16012b30d53c19fd64a26d4f5ea8b7f62efc7af06d.e3iSbxaKaheRe34SahiRb30Pchr0n6jAmljGr5XDqQLvpAe HTTP/1.1" 200 96
66.249.67.67 - - [13/Jan/2015:02:22:56 -0500] "GET /BLA/resoluciones/AUTOS%202008/2246.pdf HTTP/1.1" 200 194678
181.54.84.12 - - [13/Jan/2015:02:23:08 -0500] "POST /forms/lservlet;jsessionid=ac16012b30d53c19fd64a26d4f5ea8b7f62efc7af06d.e3iSbxaKaheRe34SahiRb30Pchr0n6jAmljGr5XDqQLvpAe HTTP/1.1" 200 2
66.249.67.83 - - [13/Jan/2015:02:23:23 -0500] "GET /BLA/resoluciones/RESOLUCIONES%202009/3251.pdf HTTP/1.1" 200 874710
66.249.67.83 - - [13/Jan/2015:02:23:36 -0500] "GET /BLA/resoluciones/AUTOS%202008/1171.pdf HTTP/1.1" 200 217244
178.162.214.71 - - [13/Jan/2015:02:23:36 -0500] "GET /blog/wp-admin/ HTTP/1.1" 404 1018
66.249.67.83 - - [13/Jan/2015:02:23:49 -0500] "GET /BLA/resoluciones/AUTOS%202014/3665.pdf HTTP/1.1" 200 507854
74.86.158.107 - - [13/Jan/2015:02:23:50 -0500] "HEAD / HTTP/1.1" 302 -
66.249.67.75 - - [13/Jan/2015:02:24:16 -0500] "GET /BLA/resoluciones/AUTOS%202007/0285.pdf HTTP/1.1" 200 163958
157.55.39.22 - - [13/Jan/2015:02:24:21 -0500] "GET /BLA/resoluciones/RESOLUCIONES%202008/0769.pdf HTTP/1.1" 200 27562
181.54.84.12 - - [13/Jan/2015:02:24:43 -0500] "POST /forms/lservlet;jsessionid=ac16012b30d53c19fd64a26d4f5ea8b7f62efc7af06d.e3iSbxaKaheRe34SahiRb30Pchr0n6jAmljGr5XDqQLvpAe HTTP/1.1" 200 2
181.54.84.12 - - [13/Jan/2015:02:24:43 -0500] "POST /forms/lservlet;jsessionid=ac16012b30d53c19fd64a26d4f5ea8b7f62efc7af06d.e3iSbxaKaheRe34SahiRb30Pchr0n6jAmljGr5XDqQLvpAe HTTP/1.1" 200 2324
181.54.84.12 - - [13/Jan/2015:02:24:43 -0500] "POST /forms/lservlet;jsessionid=ac16012b30d53c19fd64a26d4f5ea8b7f62efc7af06d.e3iSbxaKaheRe34SahiRb30Pchr0n6jAmljGr5XDqQLvpAe HTTP/1.1" 200 10
181.54.84.12 - - [13/Jan/2015:02:24:45 -0500] "POST /forms/lservlet;jsessionid=ac16012b30d53c19fd64a26d4f5ea8b7f62efc7af06d.e3iSbxaKaheRe34SahiRb30Pchr0n6jAmljGr5XDqQLvpAe HTTP/1.1" 200 21
181.54.84.12 - - [13/Jan/2015:02:24:45 -0500] "POST /forms/lservlet;jsessionid=ac16012b30d53c19fd64a26d4f5ea8b7f62efc7af06d.e3iSbxaKaheRe34SahiRb30Pchr0n6jAmljGr5XDqQLvpAe HTTP/1.1" 200 4481
181.54.84.12 - - [13/Jan/2015:02:24:45 -0500] "POST /forms/lservlet;jsessionid=ac16012b30d53c19fd64a26d4f5ea8b7f62efc7af06d.e3iSbxaKaheRe34SahiRb30Pchr0n6jAmljGr5XDqQLvpAe HTTP/1.1" 200 2
181.54.84.12 - - [13/Jan/2015:02:24:46 -0500] "POST /forms/lservlet;jsessionid=ac16012b30d53c19fd64a26d4f5ea8b7f62efc7af06d.e3iSbxaKaheRe34SahiRb30Pchr0n6jAmljGr5XDqQLvpAe HTTP/1.1" 200 137
181.54.84.12 - - [13/Jan/2015:02:24:48 -0500] "POST /forms/lservlet;jsessionid=ac16012b30d53c19fd64a26d4f5ea8b7f62efc7af06d.e3iSbxaKaheRe34SahiRb30Pchr0n6jAmljGr5XDqQLvpAe HTTP/1.1" 200 7
66.249.67.83 - - [13/Jan/2015:02:24:56 -0500] "GET /BLA/resoluciones/AUTOS%202008/2223.pdf HTTP/1.1" 200 99474
181.54.84.12 - - [13/Jan/2015:02:24:56 -0500] "POST /forms/lservlet;jsessionid=ac16012b30d53c19fd64a26d4f5ea8b7f62efc7af06d.e3iSbxaKaheRe34SahiRb30Pchr0n6jAmljGr5XDqQLvpAe HTTP/1.1" 200 120
181.54.84.12 - - [13/Jan/2015:02:24:56 -0500] "POST /forms/lservlet;jsessionid=ac16012b30d53c19fd64a26d4f5ea8b7f62efc7af06d.e3iSbxaKaheRe34SahiRb30Pchr0n6jAmljGr5XDqQLvpAe HTTP/1.1" 200 7
181.54.84.12 - - [13/Jan/2015:02:24:57 -0500] "POST /forms/lservlet;jsessionid=ac16012b30d53c19fd64a26d4f5ea8b7f62efc7af06d.e3iSbxaKaheRe34SahiRb30Pchr0n6jAmljGr5XDqQLvpAe HTTP/1.1" 200 58
181.54.84.12 - - [13/Jan/2015:02:24:57 -0500] "POST /forms/lservlet;jsessionid=ac16012b30d53c19fd64a26d4f5ea8b7f62efc7af06d.e3iSbxaKaheRe34SahiRb30Pchr0n6jAmljGr5XDqQLvpAe HTTP/1.1" 200 8
181.54.84.12 - - [13/Jan/2015:02:24:57 -0500] "POST /forms/lservlet;jsessionid=ac16012b30d53c19fd64a26d4f5ea8b7f62efc7af06d.e3iSbxaKaheRe34SahiRb30Pchr0n6jAmljGr5XDqQLvpAe HTTP/1.1" 200 2
181.54.84.12 - - [13/Jan/2015:02:24:58 -0500] "POST /forms/lservlet;jsessionid=ac16012b30d53c19fd64a26d4f5ea8b7f62efc7af06d.e3iSbxaKaheRe34SahiRb30Pchr0n6jAmljGr5XDqQLvpAe HTTP/1.1" 200 2
181.54.84.12 - - [13/Jan/2015:02:24:58 -0500] "POST /forms/lservlet;jsessionid=ac16012b30d53c19fd64a26d4f5ea8b7f62efc7af06d.e3iSbxaKaheRe34SahiRb30Pchr0n6jAmljGr5XDqQLvpAe HTTP/1.1" 200 8
181.54.84.12 - - [13/Jan/2015:02:24:58 -0500] "POST /forms/lservlet;jsessionid=ac16012b30d53c19fd64a26d4f5ea8b7f62efc7af06d.e3iSbxaKaheRe34SahiRb30Pchr0n6jAmljGr5XDqQLvpAe HTTP/1.1" 200 2
181.54.84.12 - - [13/Jan/2015:02:24:59 -0500] "POST /forms/lservlet;jsessionid=ac16012b30d53c19fd64a26d4f5ea8b7f62efc7af06d.e3iSbxaKaheRe34SahiRb30Pchr0n6jAmljGr5XDqQLvpAe HTTP/1.1" 200 2
181.54.84.12 - - [13/Jan/2015:02:25:00 -0500] "POST /forms/lservlet;jsessionid=ac16012b30d53c19fd64a26d4f5ea8b7f62efc7af06d.e3iSbxaKaheRe34SahiRb30Pchr0n6jAmljGr5XDqQLvpAe HTTP/1.1" 200 8
181.54.84.12 - - [13/Jan/2015:02:25:00 -0500] "POST /forms/lservlet;jsessionid=ac16012b30d53c19fd64a26d4f5ea8b7f62efc7af06d.e3iSbxaKaheRe34SahiRb30Pchr0n6jAmljGr5XDqQLvpAe HTTP/1.1" 200 2
181.54.84.12 - - [13/Jan/2015:02:25:01 -0500] "POST /forms/lservlet;jsessionid=ac16012b30d53c19fd64a26d4f5ea8b7f62efc7af06d.e3iSbxaKaheRe34SahiRb30Pchr0n6jAmljGr5XDqQLvpAe HTTP/1.1" 200 2
181.54.84.12 - - [13/Jan/2015:02:25:01 -0500] "POST /forms/lservlet;jsessionid=ac16012b30d53c19fd64a26d4f5ea8b7f62efc7af06d.e3iSbxaKaheRe34SahiRb30Pchr0n6jAmljGr5XDqQLvpAe HTTP/1.1" 200 8
181.54.84.12 - - [13/Jan/2015:02:25:01 -0500] "POST /forms/lservlet;jsessionid=ac16012b30d53c19fd64a26d4f5ea8b7f62efc7af06d.e3iSbxaKaheRe34SahiRb30Pchr0n6jAmljGr5XDqQLvpAe HTTP/1.1" 200 2
181.54.84.12 - - [13/Jan/2015:02:25:01 -0500] "POST /forms/lservlet;jsessionid=ac16012b30d53c19fd64a26d4f5ea8b7f62efc7af06d.e3iSbxaKaheRe34SahiRb30Pchr0n6jAmljGr5XDqQLvpAe HTTP/1.1" 200 2
181.54.84.12 - - [13/Jan/2015:02:25:02 -0500] "POST /forms/lservlet;jsessionid=ac16012b30d53c19fd64a26d4f5ea8b7f62efc7af06d.e3iSbxaKaheRe34SahiRb30Pchr0n6jAmljGr5XDqQLvpAe HTTP/1.1" 200 8
181.54.84.12 - - [13/Jan/2015:02:25:02 -0500] "POST /forms/lservlet;jsessionid=ac16012b30d53c19fd64a26d4f5ea8b7f62efc7af06d.e3iSbxaKaheRe34SahiRb30Pchr0n6jAmljGr5XDqQLvpAe HTTP/1.1" 200 2
181.54.84.12 - - [13/Jan/2015:02:25:08 -0500] "POST /forms/lservlet;jsessionid=ac16012b30d53c19fd64a26d4f5ea8b7f62efc7af06d.e3iSbxaKaheRe34SahiRb30Pchr0n6jAmljGr5XDqQLvpAe HTTP/1.1" 200 2
207.46.13.113 - - [13/Jan/2015:02:25:29 -0500] "GET /BLA/resoluciones/RESOLUCIONES%202007/RES%202007%201001%20AL%201100/RESOLUCION%201098%20DE%202007.pdf HTTP/1.1" 200 327228
66.249.67.75 - - [13/Jan/2015:02:25:35 -0500] "GET /BLA/resoluciones/AUTOS%202007/1054.pdf HTTP/1.1" 200 93744
157.55.39.23 - - [13/Jan/2015:02:25:57 -0500] "GET /bla/resoluciones/autos%202010/0704.pdf HTTP/1.1" 200 187933
66.249.67.83 - - [13/Jan/2015:02:26:00 -0500] "GET /BLA/resoluciones/AUTOS%202008/3194.pdf HTTP/1.1" 200 99118
188.165.15.66 - - [13/Jan/2015:02:26:04 -0500] "GET /BLA/resoluciones/RESOLUCIONES%202005/RES%202005%203101-3150/00003102.tif HTTP/1.1" 200 207288
66.249.67.75 - - [13/Jan/2015:02:26:15 -0500] "GET /BLA/resoluciones/RESOLUCIONES%202009/9289.pdf HTTP/1.1" 200 523515
207.46.13.113 - - [13/Jan/2015:02:26:30 -0500] "GET /bla/resoluciones/autos%202010/6666.pdf HTTP/1.1" 200 215385
157.55.39.23 - - [13/Jan/2015:02:26:47 -0500] "GET /BLA/resoluciones/AUTOS%202007/3190.pdf HTTP/1.1" 200 101753
123.125.71.40 - - [13/Jan/2015:02:26:49 -0500] "GET / HTTP/1.1" 302 -
66.249.67.67 - - [13/Jan/2015:02:26:55 -0500] "GET /BLA/resoluciones/RESOLUCIONES%202010/2926.pdf HTTP/1.1" 200 487911
105.144.77.86 - - [13/Jan/2015:02:26:56 -0500] "GET /BLA/resoluciones/RESOLUCIONES%202011/4911.pdf HTTP/1.1" 200 888592
105.144.77.86 - - [13/Jan/2015:02:26:57 -0500] "GET /BLA/resoluciones/RESOLUCIONES%202011/4911.pdf HTTP/1.1" 200 888592
105.144.77.86 - - [13/Jan/2015:02:27:01 -0500] "GET /BLA/resoluciones/RESOLUCIONES%202013/0271.pdf HTTP/1.1" 200 2283248
105.144.77.86 - - [13/Jan/2015:02:27:03 -0500] "GET /BLA/resoluciones/RESOLUCIONES%202013/0271.pdf HTTP/1.1" 200 2283248
181.54.84.12 - - [13/Jan/2015:02:27:08 -0500] "POST /forms/lservlet;jsessionid=ac16012b30d53c19fd64a26d4f5ea8b7f62efc7af06d.e3iSbxaKaheRe34SahiRb30Pchr0n6jAmljGr5XDqQLvpAe HTTP/1.1" 200 2
181.54.84.12 - - [13/Jan/2015:02:27:09 -0500] "POST /forms/lservlet;jsessionid=ac16012b30d53c19fd64a26d4f5ea8b7f62efc7af06d.e3iSbxaKaheRe34SahiRb30Pchr0n6jAmljGr5XDqQLvpAe HTTP/1.1" 200 96
181.54.84.12 - - [13/Jan/2015:02:27:13 -0500] "POST /forms/lservlet;jsessionid=ac16012b30d53c19fd64a26d4f5ea8b7f62efc7af06d.e3iSbxaKaheRe34SahiRb30Pchr0n6jAmljGr5XDqQLvpAe HTTP/1.1" 200 2
181.54.84.12 - - [13/Jan/2015:02:27:13 -0500] "POST /forms/lservlet;jsessionid=ac16012b30d53c19fd64a26d4f5ea8b7f62efc7af06d.e3iSbxaKaheRe34SahiRb30Pchr0n6jAmljGr5XDqQLvpAe HTTP/1.1" 200 2354
181.54.84.12 - - [13/Jan/2015:02:27:13 -0500] "POST /forms/lservlet;jsessionid=ac16012b30d53c19fd64a26d4f5ea8b7f62efc7af06d.e3iSbxaKaheRe34SahiRb30Pchr0n6jAmljGr5XDqQLvpAe HTTP/1.1" 200 10
181.54.84.12 - - [13/Jan/2015:02:27:14 -0500] "POST /forms/lservlet;jsessionid=ac16012b30d53c19fd64a26d4f5ea8b7f62efc7af06d.e3iSbxaKaheRe34SahiRb30Pchr0n6jAmljGr5XDqQLvpAe HTTP/1.1" 200 21
181.54.84.12 - - [13/Jan/2015:02:27:15 -0500] "POST /forms/lservlet;jsessionid=ac16012b30d53c19fd64a26d4f5ea8b7f62efc7af06d.e3iSbxaKaheRe34SahiRb30Pchr0n6jAmljGr5XDqQLvpAe HTTP/1.1" 200 4642
181.54.84.12 - - [13/Jan/2015:02:27:16 -0500] "POST /forms/lservlet;jsessionid=ac16012b30d53c19fd64a26d4f5ea8b7f62efc7af06d.e3iSbxaKaheRe34SahiRb30Pchr0n6jAmljGr5XDqQLvpAe HTTP/1.1" 200 2
181.54.84.12 - - [13/Jan/2015:02:27:17 -0500] "POST /forms/lservlet;jsessionid=ac16012b30d53c19fd64a26d4f5ea8b7f62efc7af06d.e3iSbxaKaheRe34SahiRb30Pchr0n6jAmljGr5XDqQLvpAe HTTP/1.1" 200 87
181.54.84.12 - - [13/Jan/2015:02:27:18 -0500] "POST /forms/lservlet;jsessionid=ac16012b30d53c19fd64a26d4f5ea8b7f62efc7af06d.e3iSbxaKaheRe34SahiRb30Pchr0n6jAmljGr5XDqQLvpAe HTTP/1.1" 200 82
181.54.84.12 - - [13/Jan/2015:02:27:18 -0500] "POST /forms/lservlet;jsessionid=ac16012b30d53c19fd64a26d4f5ea8b7f62efc7af06d.e3iSbxaKaheRe34SahiRb30Pchr0n6jAmljGr5XDqQLvpAe HTTP/1.1" 200 8
181.54.84.12 - - [13/Jan/2015:02:27:18 -0500] "POST /forms/lservlet;jsessionid=ac16012b30d53c19fd64a26d4f5ea8b7f62efc7af06d.e3iSbxaKaheRe34SahiRb30Pchr0n6jAmljGr5XDqQLvpAe HTTP/1.1" 200 2
207.46.13.113 - - [13/Jan/2015:02:27:20 -0500] "GET /BLA/resoluciones/AUTOS%202010/0478.pdf HTTP/1.1" 200 187625
66.249.67.75 - - [13/Jan/2015:02:27:34 -0500] "GET /BLA/resoluciones/RESOLUCIONES%202010/2843.pdf HTTP/1.1" 200 811544
181.54.84.12 - - [13/Jan/2015:02:27:49 -0500] "POST /forms/lservlet;jsessionid=ac16012b30d53c19fd64a26d4f5ea8b7f62efc7af06d.e3iSbxaKaheRe34SahiRb30Pchr0n6jAmljGr5XDqQLvpAe HTTP/1.1" 200 108
181.54.84.12 - - [13/Jan/2015:02:27:50 -0500] "POST /forms/lservlet;jsessionid=ac16012b30d53c19fd64a26d4f5ea8b7f62efc7af06d.e3iSbxaKaheRe34SahiRb30Pchr0n6jAmljGr5XDqQLvpAe HTTP/1.1" 200 2
181.54.84.12 - - [13/Jan/2015:02:27:50 -0500] "POST /forms/lservlet;jsessionid=ac16012b30d53c19fd64a26d4f5ea8b7f62efc7af06d.e3iSbxaKaheRe34SahiRb30Pchr0n6jAmljGr5XDqQLvpAe HTTP/1.1" 200 2354
181.54.84.12 - - [13/Jan/2015:02:27:50 -0500] "POST /forms/lservlet;jsessionid=ac16012b30d53c19fd64a26d4f5ea8b7f62efc7af06d.e3iSbxaKaheRe34SahiRb30Pchr0n6jAmljGr5XDqQLvpAe HTTP/1.1" 200 10
181.54.84.12 - - [13/Jan/2015:02:27:51 -0500] "POST /forms/lservlet;jsessionid=ac16012b30d53c19fd64a26d4f5ea8b7f62efc7af06d.e3iSbxaKaheRe34SahiRb30Pchr0n6jAmljGr5XDqQLvpAe HTTP/1.1" 200 21
181.54.84.12 - - [13/Jan/2015:02:27:52 -0500] "POST /forms/lservlet;jsessionid=ac16012b30d53c19fd64a26d4f5ea8b7f62efc7af06d.e3iSbxaKaheRe34SahiRb30Pchr0n6jAmljGr5XDqQLvpAe HTTP/1.1" 200 3821
181.54.84.12 - - [13/Jan/2015:02:27:52 -0500] "POST /forms/lservlet;jsessionid=ac16012b30d53c19fd64a26d4f5ea8b7f62efc7af06d.e3iSbxaKaheRe34SahiRb30Pchr0n6jAmljGr5XDqQLvpAe HTTP/1.1" 200 2
181.54.84.12 - - [13/Jan/2015:02:27:53 -0500] "POST /forms/lservlet;jsessionid=ac16012b30d53c19fd64a26d4f5ea8b7f62efc7af06d.e3iSbxaKaheRe34SahiRb30Pchr0n6jAmljGr5XDqQLvpAe HTTP/1.1" 200 88
66.249.67.67 - - [13/Jan/2015:02:28:14 -0500] "GET /BLA/resoluciones/RESOLUCIONES%202007/RES%202007%201901%20AL%202000/RESOLUCION%201974%20DE%202007.pdf HTTP/1.1" 200 53420
66.249.67.83 - - [13/Jan/2015:02:28:35 -0500] "GET /BLA/resoluciones/AUTOS%202007/3540.pdf HTTP/1.1" 200 235883
74.86.158.107 - - [13/Jan/2015:02:28:50 -0500] "HEAD / HTTP/1.1" 302 -
66.249.67.83 - - [13/Jan/2015:02:28:54 -0500] "GET /BLA/resoluciones/AUTOS%202008/3114.pdf HTTP/1.1" 200 50869
157.55.39.23 - - [13/Jan/2015:02:28:57 -0500] "GET /BLA/resoluciones/RESOLUCIONES%202009/2001.pdf HTTP/1.1" 200 620331
188.165.15.66 - - [13/Jan/2015:02:28:57 -0500] "GET /BLA/resoluciones/index.php?dir=RESOLUCIONES%202006/RES%202006%201601-1650/&sort=size&order=desc HTTP/1.1" 200 12365
181.54.84.12 - - [13/Jan/2015:02:29:08 -0500] "POST /forms/lservlet;jsessionid=ac16012b30d53c19fd64a26d4f5ea8b7f62efc7af06d.e3iSbxaKaheRe34SahiRb30Pchr0n6jAmljGr5XDqQLvpAe HTTP/1.1" 200 2
207.46.13.113 - - [13/Jan/2015:02:29:21 -0500] "GET /BLA/resoluciones/AUTOS%202012/2973.pdf HTTP/1.1" 200 323228
66.249.67.83 - - [13/Jan/2015:02:29:33 -0500] "GET /BLA/resoluciones/AUTOS%202011/6903.pdf HTTP/1.1" 200 206591
207.46.13.113 - - [13/Jan/2015:02:29:41 -0500] "GET /BLA/resoluciones/RESOLUCIONES%202008/1536.pdf HTTP/1.1" 200 216413
188.165.15.237 - - [13/Jan/2015:02:29:42 -0500] "GET /BLA/resoluciones/RESOLUCIONES%202003/RES%202003%201551-1601/20031553.tif HTTP/1.1" 200 72036
188.165.15.212 - - [13/Jan/2015:02:30:00 -0500] "GET /BLA/resoluciones/RESOLUCIONES%202005/RES%202005%201551-1600/00001570.tif HTTP/1.1" 200 185892
207.46.13.113 - - [13/Jan/2015:02:30:01 -0500] "GET /bla/resoluciones/autos%202010/5530.pdf HTTP/1.1" 200 230968
157.55.39.23 - - [13/Jan/2015:02:30:05 -0500] "GET /BLA/resoluciones/RESOLUCIONES%202009/0307.pdf HTTP/1.1" 200 476589
66.249.67.67 - - [13/Jan/2015:02:30:13 -0500] "GET /BLA/resoluciones/AUTOS%202007/1017.pdf HTTP/1.1" 200 125410
66.249.67.83 - - [13/Jan/2015:02:30:53 -0500] "GET /BLA/resoluciones/AUTOS%202008/2541.pdf HTTP/1.1" 200 88805
188.165.15.130 - - [13/Jan/2015:02:30:54 -0500] "GET /BLA/resoluciones/RESOLUCIONES%202005/RES%202005%20701-750/00000707.tif HTTP/1.1" 200 250742
181.54.84.12 - - [13/Jan/2015:02:31:09 -0500] "POST /forms/lservlet;jsessionid=ac16012b30d53c19fd64a26d4f5ea8b7f62efc7af06d.e3iSbxaKaheRe34SahiRb30Pchr0n6jAmljGr5XDqQLvpAe HTTP/1.1" 200 2
66.249.67.83 - - [13/Jan/2015:02:31:10 -0500] "GET /BLA/resoluciones/RESOLUCIONES%202009/9015.pdf HTTP/1.1" 200 641553
207.46.13.113 - - [13/Jan/2015:02:31:21 -0500] "GET /bla/resoluciones/autos%202010/1393.pdf HTTP/1.1" 200 245755
66.249.67.83 - - [13/Jan/2015:02:31:33 -0500] "GET /BLA/resoluciones/AUTOS%202008/0679.pdf HTTP/1.1" 200 85128
66.249.67.83 - - [13/Jan/2015:02:31:33 -0500] "GET /BLA/resoluciones/RESOLUCIONES%202009/1386.pdf HTTP/1.1" 200 1110587
207.46.13.113 - - [13/Jan/2015:02:32:06 -0500] "GET /BLA/resoluciones/AUTOS%202012/1473.pdf HTTP/1.1" 200 251613
66.249.67.67 - - [13/Jan/2015:02:32:12 -0500] "GET /BLA/resoluciones/AUTOS%202008/2743.pdf HTTP/1.1" 200 78752
188.165.15.44 - - [13/Jan/2015:02:32:34 -0500] "GET /BLA/resoluciones/RESOLUCIONES%202006/RES%202006%201951-2000/00001962.tif HTTP/1.1" 200 248150
178.162.214.71 - - [13/Jan/2015:02:32:38 -0500] "GET /wp/wp-admin/ HTTP/1.1" 404 1018
66.249.67.83 - - [13/Jan/2015:02:32:52 -0500] "GET /BLA/resoluciones/AUTOS%202008/1643.pdf HTTP/1.1" 200 85077
188.165.15.130 - - [13/Jan/2015:02:33:00 -0500] "GET /BLA/resoluciones/RESOLUCIONES%202004/RES%202004%2001-%2050/00000022.tif HTTP/1.1" 200 65530
181.54.84.12 - - [13/Jan/2015:02:33:09 -0500] "POST /forms/lservlet;jsessionid=ac16012b30d53c19fd64a26d4f5ea8b7f62efc7af06d.e3iSbxaKaheRe34SahiRb30Pchr0n6jAmljGr5XDqQLvpAe HTTP/1.1" 200 2
66.249.67.67 - - [13/Jan/2015:02:33:13 -0500] "GET /BLA/resoluciones/RESOLUCIONES%202007/RES%202007%203501%20AL%203600/RESOLUCION%203581%20DE%202007.pdf HTTP/1.1" 200 149166
180.76.6.141 - - [13/Jan/2015:02:33:31 -0500] "GET /BLA/boletinlegal;jsessionid=004165AE1E47DDFBB3B0D489DD61F872?/? HTTP/1.1" 404 1018
66.249.67.75 - - [13/Jan/2015:02:33:32 -0500] "GET /BLA/resoluciones/RESOLUCIONES%202010/6567.pdf HTTP/1.1" 200 987697
66.249.67.67 - - [13/Jan/2015:02:33:45 -0500] "GET /BLA/resoluciones/RESOLUCIONES%202009/7934.pdf HTTP/1.1" 200 512469
74.86.158.107 - - [13/Jan/2015:02:33:50 -0500] "HEAD / HTTP/1.1" 302 -
66.249.67.67 - - [13/Jan/2015:02:34:11 -0500] "GET /BLA/resoluciones/AUTOS%202008/1837.pdf HTTP/1.1" 200 179393
66.249.67.67 - - [13/Jan/2015:02:34:51 -0500] "GET /BLA/resoluciones/RESOLUCIONES%202011/5758.pdf HTTP/1.1" 200 573493
181.54.84.12 - - [13/Jan/2015:02:35:09 -0500] "POST /forms/lservlet;jsessionid=ac16012b30d53c19fd64a26d4f5ea8b7f62efc7af06d.e3iSbxaKaheRe34SahiRb30Pchr0n6jAmljGr5XDqQLvpAe HTTP/1.1" 200 2
188.165.15.21 - - [13/Jan/2015:02:35:14 -0500] "GET /BLA/resoluciones/RESOLUCIONES%202002/RES%202002%20301-350/00000328.tif HTTP/1.1" 200 42154
66.249.67.83 - - [13/Jan/2015:02:35:31 -0500] "GET /BLA/resoluciones/RESOLUCIONES%202010/3020.pdf HTTP/1.1" 200 833895
180.76.5.147 - - [13/Jan/2015:02:35:41 -0500] "GET /BLA/boletinlegal;jsessionid=6BD0BD9D2C0331147A85230F279E9863?/? HTTP/1.1" 404 1018
95.30.240.68 - - [13/Jan/2015:02:35:42 -0500] "GET / HTTP/1.1" 302 -
95.30.240.68 - - [13/Jan/2015:02:35:45 -0500] "GET /BLA/boletinlegal/js/jquery.js HTTP/1.1" 200 57254
95.30.240.68 - - [13/Jan/2015:02:35:45 -0500] "GET /BLA/boletinlegal/js/jquery.scrollTo-min.js HTTP/1.1" 200 1150
95.30.240.68 - - [13/Jan/2015:02:35:45 -0500] "GET /galeria/carrusel/Carrusel/jquery.thumbnailScroller.css HTTP/1.1" 200 2066
95.30.240.68 - - [13/Jan/2015:02:35:46 -0500] "GET /BLA/boletinlegal/js/jquery.scrollShow.js HTTP/1.1" 200 4586
95.30.240.68 - - [13/Jan/2015:02:35:46 -0500] "GET /galeria/carrusel/Carrusel/jquery-ui-1.8.13.custom.min.js HTTP/1.1" 200 10800
95.30.240.68 - - [13/Jan/2015:02:35:46 -0500] "GET /galeria/carrusel/Carrusel/jquery.thumbnailScroller.js HTTP/1.1" 200 8157
95.30.240.68 - - [13/Jan/2015:02:35:51 -0500] "GET /galeria/nivo-slider/demo/demo.html HTTP/1.1" 200 3150
95.30.240.68 - - [13/Jan/2015:02:35:52 -0500] "GET /galeria/nivo-slider/themes/default/default.css HTTP/1.1" 200 1569
95.30.240.68 - - [13/Jan/2015:02:35:52 -0500] "GET /galeria/nivo-slider/themes/pascal/pascal.css HTTP/1.1" 200 2258
95.30.240.68 - - [13/Jan/2015:02:35:52 -0500] "GET /galeria/nivo-slider/themes/orman/orman.css HTTP/1.1" 200 2152
95.30.240.68 - - [13/Jan/2015:02:35:52 -0500] "GET /galeria/nivo-slider/nivo-slider.css HTTP/1.1" 200 1507
95.30.240.68 - - [13/Jan/2015:02:35:52 -0500] "GET /galeria/nivo-slider/demo/style.css HTTP/1.1" 200 2222
95.30.240.68 - - [13/Jan/2015:02:35:52 -0500] "GET /galeria/nivo-slider/demo/scripts/jquery-1.7.1.min.js HTTP/1.1" 200 93868
95.30.240.68 - - [13/Jan/2015:02:35:52 -0500] "GET /galeria/nivo-slider/jquery.nivo.slider.pack.js HTTP/1.1" 200 11561
95.30.240.68 - - [13/Jan/2015:02:35:52 -0500] "GET /galeria/nivo-slider/demo/images/4Simple_Slider.png HTTP/1.1" 200 11722
95.30.240.68 - - [13/Jan/2015:02:35:53 -0500] "GET /galeria/nivo-slider/themes/default/loading.gif HTTP/1.1" 200 1737
95.30.240.68 - - [13/Jan/2015:02:35:53 -0500] "GET /galeria/nivo-slider/demo/images/bolsas-08.jpg HTTP/1.1" 200 85589
95.30.240.68 - - [13/Jan/2015:02:35:53 -0500] "GET /galeria/nivo-slider/demo/images/Ruta-vertimientos-01.jpg HTTP/1.1" 200 130151
95.30.240.68 - - [13/Jan/2015:02:35:53 -0500] "GET /galeria/nivo-slider/demo/images/bolsas-06.jpg HTTP/1.1" 200 90982
95.30.240.68 - - [13/Jan/2015:02:35:54 -0500] "GET /galeria/nivo-slider/demo/images/ecolecta-Dic2014.png HTTP/1.1" 200 288593
95.30.240.68 - - [13/Jan/2015:02:35:54 -0500] "GET /galeria/nivo-slider/demo/images/porloshumedales.jpg HTTP/1.1" 200 351238
95.30.240.68 - - [13/Jan/2015:02:35:54 -0500] "GET /galeria/nivo-slider/demo/images/Tingua-azul.jpg HTTP/1.1" 200 307638
95.30.240.68 - - [13/Jan/2015:02:35:55 -0500] "GET /galeria/nivo-slider/demo/images/Banner-Caracol-Africano.jpg HTTP/1.1" 200 331986
95.30.240.68 - - [13/Jan/2015:02:35:55 -0500] "GET /galeria/nivo-slider/demo/images/banner-redes.jpg HTTP/1.1" 200 62209
95.30.240.68 - - [13/Jan/2015:02:35:56 -0500] "GET /galeria/nivo-slider/demo/images/9Signos.jpg HTTP/1.1" 200 93040
95.30.240.68 - - [13/Jan/2015:02:35:56 -0500] "GET /galeria/nivo-slider/demo/images/banner-llantas2.jpg HTTP/1.1" 200 73153
95.30.240.68 - - [13/Jan/2015:02:35:56 -0500] "GET /galeria/nivo-slider/demo/images/banner-caballos.png HTTP/1.1" 200 389106
95.30.240.68 - - [13/Jan/2015:02:35:57 -0500] "GET /galeria/nivo-slider/themes/default/bullets.png HTTP/1.1" 200 1281
95.30.240.68 - - [13/Jan/2015:02:35:57 -0500] "GET /galeria/nivo-slider/themes/default/arrows.png HTTP/1.1" 200 824
66.249.67.83 - - [13/Jan/2015:02:36:04 -0500] "GET /BLA/resoluciones/AUTOS%202014/0694.pdf HTTP/1.1" 304 -
66.249.67.67 - - [13/Jan/2015:02:36:11 -0500] "GET /BLA/resoluciones/AUTOS%202008/3119.pdf HTTP/1.1" 200 52001
66.249.67.67 - - [13/Jan/2015:02:36:14 -0500] "GET /BLA/resoluciones/AUTOS%202006/AUTOS%202006%201701%20-%201800/00001704.tif HTTP/1.1" 200 249114
181.54.84.12 - - [13/Jan/2015:02:36:16 -0500] "POST /forms/lservlet;jsessionid=ac16012b30d53c19fd64a26d4f5ea8b7f62efc7af06d.e3iSbxaKaheRe34SahiRb30Pchr0n6jAmljGr5XDqQLvpAe HTTP/1.1" 200 72
