66.249.67.75 - - [13/Jan/2015:03:43:24 -0500] "GET /BLA/resoluciones/Autos%202008/1795.pdf HTTP/1.1" 200 229290
66.249.67.75 - - [13/Jan/2015:03:43:35 -0500] "GET /BLA/resoluciones/RESOLUCIONES%202009/8996.pdf HTTP/1.1" 200 388667
66.249.67.67 - - [13/Jan/2015:03:43:41 -0500] "GET /BLA/resoluciones/AUTOS%202008/1750.pdf HTTP/1.1" 200 207536
66.249.67.83 - - [13/Jan/2015:03:43:49 -0500] "GET /BLA/resoluciones/Autos%202008/0003.pdf HTTP/1.1" 200 84397
74.86.158.107 - - [13/Jan/2015:03:43:50 -0500] "HEAD / HTTP/1.1" 302 -
207.46.13.113 - - [13/Jan/2015:03:43:51 -0500] "GET /bla/resoluciones/autos%202010/5628.pdf HTTP/1.1" 200 877161
180.76.5.171 - - [13/Jan/2015:03:44:15 -0500] "GET /BLA/resoluciones/AUTOS%202011/0455.pdf HTTP/1.1" 200 259437
66.249.67.75 - - [13/Jan/2015:03:44:20 -0500] "GET /BLA/resoluciones/AUTOS%202008/2808.pdf HTTP/1.1" 200 109520
207.46.13.113 - - [13/Jan/2015:03:44:37 -0500] "GET /BLA/resoluciones/AUTOS%202012/2946.pdf HTTP/1.1" 200 1023003
188.165.15.21 - - [13/Jan/2015:03:44:47 -0500] "GET /BLA/resoluciones/RESOLUCIONES%202005/RES%202005%20501-550/00000536.tif HTTP/1.1" 200 82664
66.249.67.83 - - [13/Jan/2015:03:44:49 -0500] "GET /BLA/resoluciones/Autos%202008/2310.pdf HTTP/1.1" 200 85070
66.249.67.75 - - [13/Jan/2015:03:45:00 -0500] "GET /BLA/resoluciones/AUTOS%202008/2592.pdf HTTP/1.1" 200 96110
66.249.67.67 - - [13/Jan/2015:03:45:03 -0500] "GET /BLA/resoluciones/RESOLUCIONES%202009/1465.pdf HTTP/1.1" 200 519658
157.55.39.22 - - [13/Jan/2015:03:45:26 -0500] "GET /BLA/resoluciones/AUTOS%202010/5310.pdf HTTP/1.1" 200 1201166
157.55.39.22 - - [13/Jan/2015:03:45:27 -0500] "GET /BLA/resoluciones/RESOLUCIONES%202009/0860.pdf HTTP/1.1" 200 309608
157.55.39.22 - - [13/Jan/2015:03:45:27 -0500] "GET /bla/resoluciones/autos%202010/5132.pdf HTTP/1.1" 200 282453
157.55.39.22 - - [13/Jan/2015:03:45:28 -0500] "GET /BLA/resoluciones/AUTOS%202012/2750.pdf HTTP/1.1" 200 360690
66.249.67.67 - - [13/Jan/2015:03:45:39 -0500] "GET /BLA/resoluciones/AUTOS%202008/3034.pdf HTTP/1.1" 200 82337
188.165.15.15 - - [13/Jan/2015:03:45:45 -0500] "GET /BLA/resoluciones/RESOLUCIONES%202003/RES%202003%201351-1400/20031360.tif HTTP/1.1" 200 85562
66.249.67.103 - - [13/Jan/2015:03:45:45 -0500] "GET / HTTP/1.1" 302 -
66.249.67.83 - - [13/Jan/2015:03:46:12 -0500] "GET /BLA/resoluciones/RESOLUCIONES%202009/9254.pdf HTTP/1.1" 200 498779
66.249.67.67 - - [13/Jan/2015:03:46:19 -0500] "GET /BLA/resoluciones/AUTOS%202008/1767.pdf HTTP/1.1" 200 248340
207.46.13.113 - - [13/Jan/2015:03:46:42 -0500] "GET /bla/resoluciones/autos%202010/0051.pdf HTTP/1.1" 200 221037
188.165.15.21 - - [13/Jan/2015:03:46:54 -0500] "GET /BLA/resoluciones/RESOLUCIONES%202003/RES%202003%20801-850/839.tif HTTP/1.1" 200 568648
66.249.67.83 - - [13/Jan/2015:03:46:59 -0500] "GET /BLA/resoluciones/RESOLUCIONES%202010/0410.pdf HTTP/1.1" 200 530093
66.249.67.75 - - [13/Jan/2015:03:47:07 -0500] "GET /BLA/resoluciones/RESOLUCIONES%202008/0331.pdf HTTP/1.1" 200 438087
66.249.67.75 - - [13/Jan/2015:03:47:39 -0500] "GET /BLA/resoluciones/AUTOS%202008/0783.pdf HTTP/1.1" 200 77130
66.249.67.67 - - [13/Jan/2015:03:48:12 -0500] "GET /BLA/resoluciones/RESOLUCIONES%202007/RES%202007%203501%20AL%203600/RESOLUCION%203591%20DE%202007.pdf HTTP/1.1" 200 622888
66.249.67.75 - - [13/Jan/2015:03:48:18 -0500] "GET /BLA/resoluciones/AUTOS%202008/2021.pdf HTTP/1.1" 200 74692
66.249.67.83 - - [13/Jan/2015:03:48:47 -0500] "GET /BLA/resoluciones/RESOLUCIONES%202007/RES%202007%201501%20AL%201600/RESOLUCION%201507%20DE%202007.pdf HTTP/1.1" 200 285963
74.86.158.107 - - [13/Jan/2015:03:48:50 -0500] "HEAD / HTTP/1.1" 302 -
66.249.67.67 - - [13/Jan/2015:03:48:58 -0500] "GET /BLA/resoluciones/AUTOS%202008/0860.pdf HTTP/1.1" 200 182985
66.249.67.83 - - [13/Jan/2015:03:49:05 -0500] "GET /BLA/resoluciones/index.php?dir=RESOLUCIONES+2010%2F HTTP/1.1" 200 1288157
66.249.67.75 - - [13/Jan/2015:03:49:11 -0500] "GET /BLA/resoluciones/RESOLUCIONES%202008/0142.pdf HTTP/1.1" 200 247175
188.165.15.21 - - [13/Jan/2015:03:49:19 -0500] "GET /BLA/resoluciones/RESOLUCIONES%202002/RES%202002%201451-1500/20021477.tif HTTP/1.1" 200 51008
66.249.67.67 - - [13/Jan/2015:03:49:19 -0500] "GET /BLA/resoluciones/RESOLUCIONES%202009/1341.pdf HTTP/1.1" 200 511422
66.249.67.83 - - [13/Jan/2015:03:49:21 -0500] "GET /BLA/resoluciones/RESOLUCIONES%202007/RES%202007%204001%20AL%204100/RESOLUCION%204049%20DE%202007.pdf HTTP/1.1" 200 120513
66.249.67.67 - - [13/Jan/2015:03:49:35 -0500] "GET /BLA/resoluciones/AUTOS%202007/1944.pdf HTTP/1.1" 200 315068
66.249.67.75 - - [13/Jan/2015:03:49:38 -0500] "GET /BLA/resoluciones/AUTOS%202008/1953.pdf HTTP/1.1" 200 87254
66.249.67.67 - - [13/Jan/2015:03:50:17 -0500] "GET /BLA/resoluciones/RESOLUCIONES%202009/5661.pdf HTTP/1.1" 200 664852
180.76.5.176 - - [13/Jan/2015:03:50:25 -0500] "GET /BLA/resoluciones/RESOLUCIONES%202008/2482.pdf HTTP/1.1" 200 283083
66.249.67.103 - - [13/Jan/2015:03:50:57 -0500] "GET /portalsiaccapacitaciones/Soportes%20Capacitaciones%20A%C3%B1o%202014/0065.%20Presentacion%20Programa%20de%20Compras%20Verdes%2004-03-2014.pdf HTTP/1.1" 304 -
66.249.67.67 - - [13/Jan/2015:03:51:15 -0500] "GET /BLA/resoluciones/RESOLUCIONES%202010/4514.pdf HTTP/1.1" 200 375773
66.249.67.83 - - [13/Jan/2015:03:51:18 -0500] "GET /BLA/resoluciones/RESOLUCIONES%202007/RES%202007%202501%20AL%202600/RESOLUCION%202526%20DE%202007.pdf HTTP/1.1" 200 520025
66.249.67.83 - - [13/Jan/2015:03:51:23 -0500] "GET /BLA/resoluciones/RESOLUCIONES%202008/1489.pdf HTTP/1.1" 200 442879
66.249.67.75 - - [13/Jan/2015:03:51:37 -0500] "GET /BLA/resoluciones/AUTOS%202008/1831.pdf HTTP/1.1" 200 143384
187.140.83.197 - - [13/Jan/2015:03:51:53 -0500] "GET /BLA/boletinlegal/js/jquery.js HTTP/1.1" 200 57254
187.140.83.197 - - [13/Jan/2015:03:51:53 -0500] "GET /BLA/boletinlegal/js/jquery.scrollTo-min.js HTTP/1.1" 200 1150
187.140.83.197 - - [13/Jan/2015:03:51:53 -0500] "GET /BLA/boletinlegal/js/jquery.scrollShow.js HTTP/1.1" 200 4586
66.249.67.83 - - [13/Jan/2015:03:52:16 -0500] "GET /BLA/resoluciones/AUTOS%202008/3067.pdf HTTP/1.1" 200 80740
66.249.67.83 - - [13/Jan/2015:03:52:21 -0500] "GET /resoluciones/RESOLUCIONES%202008/1691.pdf HTTP/1.1" 404 1018
180.76.4.78 - - [13/Jan/2015:03:52:51 -0500] "GET / HTTP/1.1" 302 -
66.249.67.75 - - [13/Jan/2015:03:52:56 -0500] "GET /BLA/resoluciones/AUTOS%202008/2742.pdf HTTP/1.1" 200 85374
66.249.67.67 - - [13/Jan/2015:03:53:04 -0500] "GET /BLA/resoluciones/AUTOS%202007/2525.pdf HTTP/1.1" 200 73878
66.249.67.67 - - [13/Jan/2015:03:53:18 -0500] "GET /BLA/resoluciones/RESOLUCIONES%202008/0865.pdf HTTP/1.1" 200 416120
66.249.67.75 - - [13/Jan/2015:03:53:18 -0500] "GET /BLA/resoluciones/RESOLUCIONES%202007/RES%202007%203501%20AL%203600/RESOLUCION%203590%20DE%202007.pdf HTTP/1.1" 200 293931
66.249.67.75 - - [13/Jan/2015:03:53:25 -0500] "GET /BLA/resoluciones/RESOLUCIONES%202011/3470.pdf HTTP/1.1" 200 540274
66.249.67.75 - - [13/Jan/2015:03:53:36 -0500] "GET /BLA/resoluciones/AUTOS%202008/0849.pdf HTTP/1.1" 200 94696
66.249.67.67 - - [13/Jan/2015:03:53:42 -0500] "GET /BLA/resoluciones/Autos%202008/2845.pdf HTTP/1.1" 200 61834
74.86.158.107 - - [13/Jan/2015:03:53:50 -0500] "HEAD / HTTP/1.1" 302 -
66.249.67.75 - - [13/Jan/2015:03:53:50 -0500] "GET /BLA/resoluciones/RESOLUCIONES%202011/2546.pdf HTTP/1.1" 200 761300
66.249.67.75 - - [13/Jan/2015:03:53:57 -0500] "GET /BLA/resoluciones/RESOLUCIONES%202008/5440.pdf HTTP/1.1" 200 283023
66.249.67.75 - - [13/Jan/2015:03:54:04 -0500] "GET /BLA/resoluciones/AUTOS%202011/2120.pdf HTTP/1.1" 200 119594
66.249.67.75 - - [13/Jan/2015:03:54:16 -0500] "GET /BLA/resoluciones/AUTOS%202007/2381.pdf HTTP/1.1" 200 77187
186.155.96.161 - - [13/Jan/2015:03:54:48 -0500] "GET /BLA/boletinlegal/js/jquery.js HTTP/1.1" 200 57254
186.155.96.161 - - [13/Jan/2015:03:54:48 -0500] "GET /BLA/boletinlegal/js/jquery.scrollTo-min.js HTTP/1.1" 200 1150
186.155.96.161 - - [13/Jan/2015:03:54:48 -0500] "GET /BLA/boletinlegal/js/jquery.scrollShow.js HTTP/1.1" 200 4586
66.249.67.83 - - [13/Jan/2015:03:54:50 -0500] "GET /BLA/resoluciones/AUTOS%202011/1542.pdf HTTP/1.1" 200 154415
66.249.67.83 - - [13/Jan/2015:03:54:55 -0500] "GET /BLA/resoluciones/AUTOS%202008/0110.pdf HTTP/1.1" 200 282051
188.165.15.15 - - [13/Jan/2015:03:55:00 -0500] "GET /BLA/resoluciones/RESOLUCIONES%202004/RES%202004%2051-100/00000051.tif HTTP/1.1" 200 35722
207.46.13.113 - - [13/Jan/2015:03:55:08 -0500] "GET /BLA/resoluciones/RESOLUCIONES%202008/2033.pdf HTTP/1.1" 200 256714
66.249.67.83 - - [13/Jan/2015:03:55:22 -0500] "GET /BLA/resoluciones/RESOLUCIONES%202008/4374.pdf HTTP/1.1" 200 914953
188.165.15.138 - - [13/Jan/2015:03:55:23 -0500] "GET /BLA/resoluciones/RESOLUCIONES%202005/RES%202005%201401-1450/00001445.tif HTTP/1.1" 200 175018
207.46.13.113 - - [13/Jan/2015:03:55:28 -0500] "GET /BLA/resoluciones/AUTOS%202012/2903.pdf HTTP/1.1" 200 216567
66.249.67.83 - - [13/Jan/2015:03:55:35 -0500] "GET /BLA/resoluciones/AUTOS%202008/2892.pdf HTTP/1.1" 200 148899
180.76.6.40 - - [13/Jan/2015:03:55:47 -0500] "GET / HTTP/1.1" 302 -
188.165.15.212 - - [13/Jan/2015:03:56:14 -0500] "GET /BLA/resoluciones/RESOLUCIONES%202002/RES%202002%20751-800/2002RES758.tif HTTP/1.1" 200 28378
157.55.39.22 - - [13/Jan/2015:03:56:14 -0500] "GET /bla/resoluciones/autos%202010/5451.pdf HTTP/1.1" 200 253327
66.249.67.67 - - [13/Jan/2015:03:56:15 -0500] "GET /BLA/resoluciones/RESOLUCIONES%202007/RES%202007%203601%20AL%203700/RESOLUCION%203630%20DE%202007.pdf HTTP/1.1" 200 1286579
66.249.67.67 - - [13/Jan/2015:03:56:31 -0500] "GET /BLA/resoluciones/RESOLUCIONES%202007/RES%202007%20201%20AL%20300/RESOLUCION%200277%20DE%202007.pdf HTTP/1.1" 200 296052
66.249.67.83 - - [13/Jan/2015:03:56:32 -0500] "GET /BLA/resoluciones/AUTOS%202011/4345.pdf HTTP/1.1" 200 262703
66.249.67.67 - - [13/Jan/2015:03:56:39 -0500] "GET /BLA/resoluciones/Autos%202008/0345.pdf HTTP/1.1" 200 219620
66.249.67.67 - - [13/Jan/2015:03:56:54 -0500] "GET /BLA/resoluciones/RESOLUCIONES%202011/0679.pdf HTTP/1.1" 200 67857
186.81.25.57 - - [13/Jan/2015:03:57:06 -0500] "GET /BLA/boletinlegal/js/jquery.js HTTP/1.1" 200 57254
186.81.25.57 - - [13/Jan/2015:03:57:06 -0500] "GET /BLA/boletinlegal/js/jquery.scrollTo-min.js HTTP/1.1" 200 1150
186.81.25.57 - - [13/Jan/2015:03:57:06 -0500] "GET /BLA/boletinlegal/js/jquery.scrollShow.js HTTP/1.1" 200 4586
66.249.67.75 - - [13/Jan/2015:03:57:26 -0500] "GET /BLA/resoluciones/RESOLUCIONES%202009/3330.pdf HTTP/1.1" 200 705640
66.249.67.75 - - [13/Jan/2015:03:57:34 -0500] "GET /BLA/resoluciones/AUTOS%202008/2334.pdf HTTP/1.1" 200 146743
207.46.13.139 - - [13/Jan/2015:03:57:57 -0500] "GET /errores/ HTTP/1.1" 404 1019
66.249.67.83 - - [13/Jan/2015:03:58:14 -0500] "GET /BLA/resoluciones/AUTOS%202008/3009.pdf HTTP/1.1" 200 141007
66.249.67.83 - - [13/Jan/2015:03:58:41 -0500] "GET /BLA/resoluciones/RESOLUCIONES%202010/2017.pdf HTTP/1.1" 200 339030
74.86.158.107 - - [13/Jan/2015:03:58:50 -0500] "HEAD / HTTP/1.1" 302 -
66.249.67.75 - - [13/Jan/2015:03:58:54 -0500] "GET /BLA/resoluciones/AUTOS%202008/0030.pdf HTTP/1.1" 200 178431
188.165.15.15 - - [13/Jan/2015:03:59:02 -0500] "GET /BLA/resoluciones/RESOLUCIONES%202002/RES%202002%201051-1100/00001057.tif HTTP/1.1" 200 99408
66.249.67.83 - - [13/Jan/2015:03:59:08 -0500] "GET /BLA/resoluciones/RESOLUCIONES%202008/1265.pdf HTTP/1.1" 200 491634
207.46.13.113 - - [13/Jan/2015:03:59:08 -0500] "GET /BLA/resoluciones/RESOLUCIONES%202008/1884.pdf HTTP/1.1" 200 222141
66.249.67.67 - - [13/Jan/2015:03:59:29 -0500] "GET /BLA/resoluciones/RESOLUCIONES%202009/4003.pdf HTTP/1.1" 200 557775
66.249.67.83 - - [13/Jan/2015:03:59:33 -0500] "GET /BLA/resoluciones/AUTOS%202008/1035.pdf HTTP/1.1" 200 80980
66.249.67.67 - - [13/Jan/2015:04:00:13 -0500] "GET /BLA/resoluciones/RESOLUCIONES%202009/8231.pdf HTTP/1.1" 200 287521
207.46.13.113 - - [13/Jan/2015:04:00:49 -0500] "GET /bla/resoluciones/autos%202010/6297.pdf HTTP/1.1" 200 474205
66.249.67.75 - - [13/Jan/2015:04:00:53 -0500] "GET /BLA/resoluciones/AUTOS%202008/1756.pdf HTTP/1.1" 200 187912
188.165.15.138 - - [13/Jan/2015:04:01:13 -0500] "GET /BLA/resoluciones/index.php?dir=RESOLUCIONES%202003/RES%202003%20501-550/&sort=date&order=asc HTTP/1.1" 200 11308
66.249.67.67 - - [13/Jan/2015:04:01:32 -0500] "GET /BLA/resoluciones/RESOLUCIONES%202010/5086.pdf HTTP/1.1" 200 695207
66.249.67.83 - - [13/Jan/2015:04:01:34 -0500] "GET /BLA/resoluciones/RESOLUCIONES%202009/0294.pdf HTTP/1.1" 200 384962
66.249.67.75 - - [13/Jan/2015:04:01:41 -0500] "GET /BLA/resoluciones/AUTOS%202008/0261.pdf HTTP/1.1" 200 137312
66.249.67.75 - - [13/Jan/2015:04:02:12 -0500] "GET /BLA/resoluciones/RESOLUCIONES%202010/3173.pdf HTTP/1.1" 200 507335
66.249.67.83 - - [13/Jan/2015:04:02:14 -0500] "GET /BLA/resoluciones/RESOLUCIONES%202010/2744.pdf HTTP/1.1" 200 493349
66.249.67.75 - - [13/Jan/2015:04:02:19 -0500] "GET /ial/presentaciones/pte1/1.pdf HTTP/1.1" 404 1018
207.46.13.12 - - [13/Jan/2015:04:02:33 -0500] "GET /bla/resoluciones/autos%202010/7276.pdf HTTP/1.1" 200 155796
66.249.67.67 - - [13/Jan/2015:04:02:38 -0500] "GET /BLA/resoluciones/AUTOS%202006/AUTOS%202006%203301%20-%203418/00003363.tif HTTP/1.1" 200 80672
66.249.67.83 - - [13/Jan/2015:04:02:52 -0500] "GET /BLA/resoluciones/RESOLUCIONES%202007/RES%202007%203101%20AL%203200/RESOLUCION%203195%20DE%202007.pdf HTTP/1.1" 200 944277
66.249.67.75 - - [13/Jan/2015:04:03:13 -0500] "GET /BLA/resoluciones/RESOLUCIONES%202007/RES%202007%203501%20AL%203600/RESOLUCION%203595%20DE%202007.pdf HTTP/1.1" 200 829985
66.249.67.75 - - [13/Jan/2015:04:03:31 -0500] "GET /BLA/resoluciones/AUTOS%202007/0636.pdf HTTP/1.1" 200 71021
66.249.67.75 - - [13/Jan/2015:04:03:36 -0500] "GET /BLA/resoluciones/RESOLUCIONES%202009/2233.pdf HTTP/1.1" 200 659845
74.86.158.107 - - [13/Jan/2015:04:03:49 -0500] "HEAD / HTTP/1.1" 302 -
66.249.67.83 - - [13/Jan/2015:04:04:11 -0500] "GET /BLA/resoluciones/AUTOS%202010/1085.pdf HTTP/1.1" 200 191803
180.76.6.147 - - [13/Jan/2015:04:04:17 -0500] "GET /BLA/resoluciones/RESOLUCIONES%202007/RES%202007%202901%20AL%203000/RESOLUCION%202995%20DE%202007.pdf HTTP/1.1" 200 53770
66.249.67.83 - - [13/Jan/2015:04:04:18 -0500] "GET /BLA/resoluciones/AUTOS%202013/0448.pdf HTTP/1.1" 200 2368170
207.46.13.113 - - [13/Jan/2015:04:04:24 -0500] "GET /bla/resoluciones/resoluciones%202009/5532.pdf HTTP/1.1" 200 342272
66.249.67.75 - - [13/Jan/2015:04:04:51 -0500] "GET /BLA/resoluciones/AUTOS%202008/1568.pdf HTTP/1.1" 200 226526
180.76.5.23 - - [13/Jan/2015:04:04:55 -0500] "GET /BLA/boletinlegal;jsessionid=9F4BFCDF27BFC034D78CE52756CDCE27?/? HTTP/1.1" 404 1018
66.249.67.67 - - [13/Jan/2015:04:05:04 -0500] "GET /BLA/resoluciones/RESOLUCIONES%202011/4462.pdf HTTP/1.1" 200 554832
66.249.67.75 - - [13/Jan/2015:04:05:31 -0500] "GET /BLA/resoluciones/RESOLUCIONES%202009/8184.pdf HTTP/1.1" 200 499487
100.43.85.25 - - [13/Jan/2015:04:05:32 -0500] "GET /videos/galeria-cronicas/skin/pink.flag/jplayer.pink.flag.seeking.gif HTTP/1.1" 200 3284
66.249.67.67 - - [13/Jan/2015:04:05:41 -0500] "GET /BLA/resoluciones/RESOLUCIONES%202009/0412.pdf HTTP/1.1" 200 253433
66.249.67.75 - - [13/Jan/2015:04:06:00 -0500] "GET /BLA/resoluciones/RESOLUCIONES%202006/RES%202006%202351-2400/00002360.tif HTTP/1.1" 200 35978
66.249.67.83 - - [13/Jan/2015:04:06:10 -0500] "GET /BLA/resoluciones/AUTOS%202009/3328.pdf HTTP/1.1" 200 103992
66.249.67.83 - - [13/Jan/2015:04:06:50 -0500] "GET /BLA/resoluciones/RESOLUCIONES%202008/3110.pdf HTTP/1.1" 304 -
66.249.67.67 - - [13/Jan/2015:04:06:53 -0500] "GET /BLA/resoluciones/RESOLUCIONES%202007/RES%202007%201501%20AL%201600/RESOLUCION%201543%20DE%202007.pdf HTTP/1.1" 200 656318
157.55.39.23 - - [13/Jan/2015:04:07:06 -0500] "GET /BLA/resoluciones/RESOLUCIONES%202008/1344.pdf HTTP/1.1" 200 226540
157.55.39.23 - - [13/Jan/2015:04:07:06 -0500] "GET /bla/resoluciones/resoluciones%202009/6119.pdf HTTP/1.1" 200 316720
66.249.67.83 - - [13/Jan/2015:04:07:30 -0500] "GET /BLA/resoluciones/AUTOS%202013/2189.pdf HTTP/1.1" 200 402001
66.249.67.67 - - [13/Jan/2015:04:07:45 -0500] "GET /BLA/resoluciones/RESOLUCIONES%202009/1310.pdf HTTP/1.1" 200 285391
66.249.67.67 - - [13/Jan/2015:04:08:09 -0500] "GET /BLA/resoluciones/RESOLUCIONES%202008/0138.pdf HTTP/1.1" 200 222404
66.249.67.75 - - [13/Jan/2015:04:08:13 -0500] "GET /BLA/resoluciones/RESOLUCIONES%202007/RES%202007%203501%20AL%203600/RESOLUCION%203555%20DE%202007.pdf HTTP/1.1" 200 343910
66.249.67.67 - - [13/Jan/2015:04:08:49 -0500] "GET /BLA/resoluciones/AUTOS%202011/7782.pdf HTTP/1.1" 200 722833
74.86.158.107 - - [13/Jan/2015:04:08:49 -0500] "HEAD / HTTP/1.1" 302 -
188.165.15.99 - - [13/Jan/2015:04:08:50 -0500] "GET /BLA/resoluciones/RESOLUCIONES%202004/RES%202004%201301-1350/00001315.tif HTTP/1.1" 200 90906
66.249.67.67 - - [13/Jan/2015:04:09:28 -0500] "GET /BLA/resoluciones/RESOLUCIONES%202010/5593.pdf HTTP/1.1" 200 339080
66.249.67.83 - - [13/Jan/2015:04:09:30 -0500] "GET /BLA/resoluciones/AUTOS%202008/3276.pdf HTTP/1.1" 200 63696
207.46.13.133 - - [13/Jan/2015:04:09:36 -0500] "GET /bla/resoluciones/autos%202010/4552.pdf HTTP/1.1" 200 177373
157.55.39.23 - - [13/Jan/2015:04:09:42 -0500] "GET /BLA/resoluciones/AUTOS%202009/2726.pdf HTTP/1.1" 200 73243
66.249.67.83 - - [13/Jan/2015:04:09:48 -0500] "GET /BLA/resoluciones/AUTOS%202008/1273.pdf HTTP/1.1" 200 62273
207.46.13.12 - - [13/Jan/2015:04:10:18 -0500] "GET /bla/resoluciones/autos%202010/4411.pdf HTTP/1.1" 200 94977
180.76.5.187 - - [13/Jan/2015:04:10:23 -0500] "GET /BLA/resoluciones/AUTOS%202011/3116.pdf HTTP/1.1" 200 287523
66.249.67.75 - - [13/Jan/2015:04:10:48 -0500] "GET /BLA/resoluciones/RESOLUCIONES%202008/0188.pdf HTTP/1.1" 304 -
188.165.15.237 - - [13/Jan/2015:04:10:54 -0500] "GET /BLA/resoluciones/RESOLUCIONES%202004/RES%202004%20451-500/00000494.tif HTTP/1.1" 200 155832
66.249.67.67 - - [13/Jan/2015:04:11:28 -0500] "GET /BLA/resoluciones/RESOLUCIONES%202009/2063.pdf HTTP/1.1" 200 1010299
66.249.67.67 - - [13/Jan/2015:04:11:52 -0500] "GET /BLA/resoluciones/RESOLUCIONES%202008/3670.pdf HTTP/1.1" 200 97060
188.165.15.15 - - [13/Jan/2015:04:11:59 -0500] "GET /BLA/resoluciones/RESOLUCIONES%202003/RES%202003%201701-1750/20031736.tif HTTP/1.1" 200 30864
66.249.67.83 - - [13/Jan/2015:04:12:02 -0500] "GET /BLA/resoluciones/RESOLUCIONES%202007/RES%202007%20301%20AL%20400/RESOLUCION%200343%20DE%202007.pdf HTTP/1.1" 200 301425
66.249.67.75 - - [13/Jan/2015:04:12:08 -0500] "GET /BLA/resoluciones/RESOLUCIONES%202009/8063.pdf HTTP/1.1" 200 588944
66.249.67.83 - - [13/Jan/2015:04:12:47 -0500] "GET /BLA/resoluciones/RESOLUCIONES%202011/3790.pdf HTTP/1.1" 200 445381
66.249.67.83 - - [13/Jan/2015:04:13:27 -0500] "GET /BLA/resoluciones/RESOLUCIONES%202010/2553.pdf HTTP/1.1" 304 -
207.46.13.133 - - [13/Jan/2015:04:13:36 -0500] "GET /bla/resoluciones/autos%202010/0409.pdf HTTP/1.1" 200 242867
74.86.158.107 - - [13/Jan/2015:04:13:49 -0500] "HEAD / HTTP/1.1" 302 -
66.249.67.67 - - [13/Jan/2015:04:13:55 -0500] "GET /BLA/resoluciones/RESOLUCIONES%202009/2625.pdf HTTP/1.1" 200 315500
66.249.67.75 - - [13/Jan/2015:04:14:07 -0500] "GET /BLA/resoluciones/AUTOS%202011/0220.pdf HTTP/1.1" 304 -
66.249.67.83 - - [13/Jan/2015:04:14:46 -0500] "GET /BLA/resoluciones/AUTOS%202009/1030.pdf HTTP/1.1" 200 497998
66.249.67.67 - - [13/Jan/2015:04:15:26 -0500] "GET /BLA/resoluciones/AUTOS%202011/5959.pdf HTTP/1.1" 200 178161
188.165.15.237 - - [13/Jan/2015:04:15:42 -0500] "GET /BLA/resoluciones/RESOLUCIONES%202002/RES%202002%2051-100/2002RES82.tif HTTP/1.1" 200 46004
123.125.71.23 - - [13/Jan/2015:04:15:43 -0500] "GET / HTTP/1.1" 302 -
66.249.67.83 - - [13/Jan/2015:04:16:00 -0500] "GET /BLA/resoluciones/RESOLUCIONES%202007/RES%202007%204101%20AL%204200/RESOLUCION%204129%20DE%202007.pdf HTTP/1.1" 200 298517
66.249.67.83 - - [13/Jan/2015:04:16:06 -0500] "GET /BLA/resoluciones/RESOLUCIONES%202010/2450.pdf HTTP/1.1" 200 488427
66.249.67.67 - - [13/Jan/2015:04:16:29 -0500] "GET /portalsiaccapacitaciones/0034.%20PRESENTACI%C3%93N%20FUENTES%20MOVILES%20-%2015%20de%20Agosto.pdf HTTP/1.1" 404 1018
207.46.13.12 - - [13/Jan/2015:04:16:38 -0500] "GET /bla/resoluciones/autos%202010/5507.pdf HTTP/1.1" 200 152802
66.249.67.67 - - [13/Jan/2015:04:16:46 -0500] "GET /BLA/resoluciones/RESOLUCIONES%202007/RES%202007%203301%20AL%203400/RESOLUCION%203384%20DE%202007.pdf HTTP/1.1" 304 -
220.181.108.114 - - [13/Jan/2015:04:17:04 -0500] "GET / HTTP/1.1" 302 -
188.165.15.212 - - [13/Jan/2015:04:17:13 -0500] "GET /BLA/resoluciones/RESOLUCIONES%202006/RES%202006%202701-2750/00002739.tif HTTP/1.1" 200 161364
66.249.67.83 - - [13/Jan/2015:04:17:14 -0500] "GET /BLA/resoluciones/RESOLUCIONES%202009/9641.pdf HTTP/1.1" 200 706176
66.249.67.83 - - [13/Jan/2015:04:17:25 -0500] "GET /BLA/resoluciones/AUTOS%202009/2758.pdf HTTP/1.1" 304 -
157.55.39.23 - - [13/Jan/2015:04:17:58 -0500] "GET /bla/resoluciones/autos%202010/0840.pdf HTTP/1.1" 200 185553
157.55.39.23 - - [13/Jan/2015:04:17:58 -0500] "GET /BLA/resoluciones/RESOLUCIONES%202009/2452.pdf HTTP/1.1" 200 428960
207.46.13.113 - - [13/Jan/2015:04:18:01 -0500] "GET /BLA/resoluciones/RESOLUCIONES%202007/RES%202007%20901%20AL%201000/RESOLUCION%200918%20DE%202007.pdf HTTP/1.1" 200 138331
66.249.67.67 - - [13/Jan/2015:04:18:04 -0500] "GET /BLA/resoluciones/AUTOS%202007/3094.pdf HTTP/1.1" 304 -
66.249.67.83 - - [13/Jan/2015:04:18:05 -0500] "GET /silvicultura/1.pdf HTTP/1.1" 404 1018
66.249.67.75 - - [13/Jan/2015:04:18:13 -0500] "GET /BLA/resoluciones/RESOLUCIONES%202007/RES%202007%203501%20AL%203600/RESOLUCION%203547%20DE%202007.pdf HTTP/1.1" 200 766604
188.165.15.237 - - [13/Jan/2015:04:18:40 -0500] "GET /BLA/resoluciones/RESOLUCIONES%202003/RES%202003%20401-450/431.tif HTTP/1.1" 200 137928
180.76.5.150 - - [13/Jan/2015:04:18:44 -0500] "GET /BLA/boletinlegal;jsessionid=350A4C53DC9BCEFE131BFE9F672107FF?/? HTTP/1.1" 404 1018
66.249.67.119 - - [13/Jan/2015:04:18:45 -0500] "GET /PruebasSTORM/StormSDA_pruebas/userFiles/user_files/formulas/3/681.xml HTTP/1.1" 200 962
74.86.158.107 - - [13/Jan/2015:04:18:49 -0500] "HEAD / HTTP/1.1" 302 -
157.55.39.22 - - [13/Jan/2015:04:19:16 -0500] "GET /BLA/resoluciones/RESOLUCIONES%202009/2060.pdf HTTP/1.1" 200 691380
66.249.67.67 - - [13/Jan/2015:04:19:24 -0500] "GET /BLA/resoluciones/RESOLUCIONES%202007/RES%202007%20701%20AL%20800/RESOLUCION%200724%20DE%202007.pdf HTTP/1.1" 200 250111
66.249.67.119 - - [13/Jan/2015:04:19:25 -0500] "GET /PruebasSTORM/StormSDA_pruebas/userFiles/user_files/formulas/3/612.xml HTTP/1.1" 200 979
66.249.67.67 - - [13/Jan/2015:04:19:49 -0500] "GET /BLA/resoluciones/RESOLUCIONES%202010/0520.pdf HTTP/1.1" 200 774570
66.249.67.103 - - [13/Jan/2015:04:20:04 -0500] "GET /PORTAL_SIAC/swf/Residuos/farmaceutica/files/search/searchtext.xml HTTP/1.1" 304 -
66.249.67.83 - - [13/Jan/2015:04:20:07 -0500] "GET /BLA/resoluciones/RESOLUCIONES%202007/RES%202007%203601%20AL%203700/RESOLUCION%203695%20DE%202007.pdf HTTP/1.1" 304 -
66.249.67.111 - - [13/Jan/2015:04:20:44 -0500] "GET /Autoliquidacion/index.php?dir=Grupo%20Forestal%20-%20Silvicultura/&sort=size&order=desc HTTP/1.1" 200 5776
66.249.67.111 - - [13/Jan/2015:04:21:23 -0500] "GET /Autoliquidacion/index.php?dir=Grupo%20Forestal%20-%20Silvicultura/&sort=name&order=desc HTTP/1.1" 200 5776
190.156.109.254 - - [13/Jan/2015:04:21:26 -0500] "GET /BLA/boletinlegal/js/jquery.scrollShow.js HTTP/1.1" 200 4586
190.156.109.254 - - [13/Jan/2015:04:21:26 -0500] "GET /BLA/boletinlegal/js/jquery.scrollTo-min.js HTTP/1.1" 200 1150
190.156.109.254 - - [13/Jan/2015:04:21:26 -0500] "GET /BLA/boletinlegal/js/jquery.js HTTP/1.1" 200 57254
66.249.67.119 - - [13/Jan/2015:04:22:03 -0500] "GET /Autoliquidacion/index.php?dir=Solicitudes+relacionadas+con+calidad+del+aire+auditiva+y+visual%2FRegistro+de+Elementos+de+publicidad+Exterior+Visual%2F HTTP/1.1" 200 4037
66.249.67.67 - - [13/Jan/2015:04:22:11 -0500] "GET /BLA/resoluciones/RESOLUCIONES%202008/0870.pdf HTTP/1.1" 304 -
157.55.39.22 - - [13/Jan/2015:04:22:16 -0500] "GET /bla/resoluciones/autos%202010/0118.pdf HTTP/1.1" 200 268011
188.165.15.130 - - [13/Jan/2015:04:22:19 -0500] "GET /BLA/resoluciones/index.php?dir=Notificaciones/RESOLUCIONES%202014/&sort=name&order=asc HTTP/1.1" 200 6331
66.249.67.67 - - [13/Jan/2015:04:22:23 -0500] "GET /BLA/resoluciones/AUTOS%202008/3484.pdf HTTP/1.1" 200 97359
66.249.67.67 - - [13/Jan/2015:04:23:15 -0500] "GET /BLA/resoluciones/RESOLUCIONES%202007/RES%202007%203501%20AL%203600/RESOLUCION%203562%20DE%202007.pdf HTTP/1.1" 200 709005
207.46.13.113 - - [13/Jan/2015:04:23:47 -0500] "GET /BLA/resoluciones/AUTOS%202012/2488.pdf HTTP/1.1" 200 355357
74.86.158.107 - - [13/Jan/2015:04:23:49 -0500] "HEAD / HTTP/1.1" 302 -
66.249.67.67 - - [13/Jan/2015:04:24:02 -0500] "GET /BLA/resoluciones/AUTOS%202013/3433.pdf HTTP/1.1" 304 -
66.249.67.83 - - [13/Jan/2015:04:24:14 -0500] "GET /BLA/resoluciones/AUTOS%202008/1777.pdf HTTP/1.1" 200 249763
66.249.67.75 - - [13/Jan/2015:04:24:42 -0500] "GET /BLA/resoluciones/RESOLUCIONES%202007/RES%202007%201401%20AL%201500/RESOLUCION%201487%20DE%202007.pdf HTTP/1.1" 304 -
66.249.67.67 - - [13/Jan/2015:04:24:47 -0500] "GET /BLA/resoluciones/AUTOS%202011/1516.pdf HTTP/1.1" 200 21900
66.249.67.75 - - [13/Jan/2015:04:25:00 -0500] "GET /BLA/resoluciones/RESOLUCIONES%202010/2923.pdf HTTP/1.1" 200 151546
66.249.67.83 - - [13/Jan/2015:04:25:03 -0500] "GET /BLA/resoluciones/Autos%202008/2534.pdf HTTP/1.1" 200 85663
66.249.67.67 - - [13/Jan/2015:04:25:22 -0500] "GET /BLA/resoluciones/RESOLUCIONES%202009/8922.pdf HTTP/1.1" 304 -
207.46.13.133 - - [13/Jan/2015:04:25:30 -0500] "GET /BLA/resoluciones/RESOLUCIONES%202008/0612.pdf HTTP/1.1" 200 255822
188.165.15.237 - - [13/Jan/2015:04:25:52 -0500] "GET /BLA/resoluciones/RESOLUCIONES%202004/RES%202004%202201-2250/00002233.tif HTTP/1.1" 200 99662
66.249.67.83 - - [13/Jan/2015:04:26:01 -0500] "GET /BLA/resoluciones/RESOLUCIONES%202009/8959.pdf HTTP/1.1" 304 -
66.249.67.83 - - [13/Jan/2015:04:26:19 -0500] "GET /BLA/resoluciones/AUTOS%202008/2318.pdf HTTP/1.1" 200 121689
104.154.18.197 - - [13/Jan/2015:04:27:03 -0500] "GET /galeria/carrusel/Carrusel/jquery.thumbnailScroller.css HTTP/1.1" 200 2066
104.154.18.197 - - [13/Jan/2015:04:27:04 -0500] "GET /BLA/boletinlegal/js/jquery.js HTTP/1.1" 200 57254
104.154.18.197 - - [13/Jan/2015:04:27:04 -0500] "GET /BLA/boletinlegal/js/jquery.scrollTo-min.js HTTP/1.1" 200 1150
104.154.18.197 - - [13/Jan/2015:04:27:04 -0500] "GET /galeria/carrusel/Carrusel/jquery-ui-1.8.13.custom.min.js HTTP/1.1" 200 10800
104.154.18.197 - - [13/Jan/2015:04:27:04 -0500] "GET /BLA/boletinlegal/js/jquery.scrollShow.js HTTP/1.1" 200 4586
104.154.18.197 - - [13/Jan/2015:04:27:04 -0500] "GET /galeria/carrusel/Carrusel/jquery.thumbnailScroller.js HTTP/1.1" 200 8157
66.249.67.75 - - [13/Jan/2015:04:27:21 -0500] "GET /BLA/resoluciones/RESOLUCIONES%202012/0042.pdf HTTP/1.1" 304 -
66.249.67.83 - - [13/Jan/2015:04:27:35 -0500] "GET /autoliquidacion/TR%C3%81MITES%20AGUAS%20SUBTERR%C3%81NEAS/126PM04-PR93-PR%C3%93RROGA%20CONCESI%C3%93N%20AGUAS%20SUBTERR%C3%81NEAS/PR93-F-A3-V%201.0(1)-FORMULARIO%20SOLICITUD.xls HTTP/1.1" 200 220672
180.76.6.49 - - [13/Jan/2015:04:27:59 -0500] "GET /BLA/boletinlegal;jsessionid=D3B0B9E90D6B2AD218083BCBF9544D5D?/? HTTP/1.1" 404 1018
188.165.15.138 - - [13/Jan/2015:04:28:07 -0500] "GET /BLA/resoluciones/RESOLUCIONES%202002/RES%202002%201451-1500/20021467.tif HTTP/1.1" 200 84200
66.249.67.83 - - [13/Jan/2015:04:28:21 -0500] "GET /BLA/resoluciones/AUTOS%202007/2822.pdf HTTP/1.1" 200 323450
180.76.5.152 - - [13/Jan/2015:04:28:38 -0500] "GET /BLA/boletinlegal;jsessionid=33194B3C05B8F3EEA7DC1AFE6FEF9DC0?/? HTTP/1.1" 404 1018
157.55.39.23 - - [13/Jan/2015:04:28:43 -0500] "GET /bla/resoluciones/autos%202010/0774.pdf HTTP/1.1" 200 193547
74.86.158.107 - - [13/Jan/2015:04:28:49 -0500] "HEAD / HTTP/1.1" 302 -
180.76.5.19 - - [13/Jan/2015:04:29:55 -0500] "GET /BLA/resoluciones/RESOLUCIONES%202011/1869.pdf HTTP/1.1" 200 513378
180.76.6.225 - - [13/Jan/2015:04:30:34 -0500] "GET /BLA/boletinlegal/;jsessionid=9E50C3998DF234918176D30D44D78D8B? HTTP/1.1" 404 1018
207.46.13.133 - - [13/Jan/2015:04:30:39 -0500] "GET /bla/resoluciones/autos%202010/0535.pdf HTTP/1.1" 200 179077
66.249.67.67 - - [13/Jan/2015:04:30:45 -0500] "GET /BLA/resoluciones/RESOLUCIONES%202007/RES%202007%202901%20AL%203000/RESOLUCION%202986%20DE%202007.pdf HTTP/1.1" 200 345462
66.249.67.75 - - [13/Jan/2015:04:30:46 -0500] "GET /BLA/resoluciones/AUTOS%202008/3224.pdf HTTP/1.1" 200 92880
66.249.67.75 - - [13/Jan/2015:04:31:26 -0500] "GET /BLA/resoluciones/AUTOS%202006/AUTOS%202006%203301%20-%203418/00003418.tif HTTP/1.1" 200 274682
188.165.15.66 - - [13/Jan/2015:04:31:54 -0500] "GET /BLA/resoluciones/index.php?dir=RESOLUCIONES%202003/RES%202003%20901-950/&sort=size&order=asc HTTP/1.1" 200 11306
66.249.67.75 - - [13/Jan/2015:04:32:30 -0500] "GET /BLA/resoluciones/RESOLUCIONES%202010/0267.pdf HTTP/1.1" 200 528850
207.46.13.113 - - [13/Jan/2015:04:32:39 -0500] "GET /BLA/resoluciones/RESOLUCIONES%202007/RES%202007%20901%20AL%201000/RESOLUCION%200902%20DE%202007.pdf HTTP/1.1" 200 235602
207.46.13.113 - - [13/Jan/2015:04:33:04 -0500] "GET /bla/resoluciones/resoluciones%202009/0400.pdf HTTP/1.1" 200 248428
66.249.67.67 - - [13/Jan/2015:04:33:14 -0500] "GET /BLA/resoluciones/RESOLUCIONES%202007/RES%202007%203501%20AL%203600/RESOLUCION%203531%20DE%202007.pdf HTTP/1.1" 200 231701
66.249.67.67 - - [13/Jan/2015:04:33:30 -0500] "GET /BLA/resoluciones/AUTOS%202011/2159.pdf HTTP/1.1" 200 142780
188.165.15.239 - - [13/Jan/2015:04:33:47 -0500] "GET /BLA/resoluciones/RESOLUCIONES%202006/RES%202006%201301-1350/00001301.tif HTTP/1.1" 200 533014
188.165.15.212 - - [13/Jan/2015:04:33:48 -0500] "GET /BLA/resoluciones/RESOLUCIONES%202006/RES%202006%201401-1450/00001410.tif HTTP/1.1" 200 175852
74.86.158.107 - - [13/Jan/2015:04:33:49 -0500] "HEAD / HTTP/1.1" 302 -
190.158.146.162 - - [13/Jan/2015:04:34:13 -0500] "GET /BLA/resoluciones/RESOLUCIONES%202009/9272.pdf HTTP/1.1" 200 487139
190.158.146.162 - - [13/Jan/2015:04:34:13 -0500] "GET /favicon.ico HTTP/1.1" 200 7782
66.249.67.83 - - [13/Jan/2015:04:34:33 -0500] "GET /BLA/resoluciones/AUTOS%202007/1855.pdf HTTP/1.1" 200 93852
66.249.67.75 - - [13/Jan/2015:04:34:38 -0500] "GET /BLA/resoluciones/RESOLUCIONES%202010/6490.pdf HTTP/1.1" 200 534647
66.249.67.75 - - [13/Jan/2015:04:34:48 -0500] "GET /BLA/resoluciones/RESOLUCIONES%202006/RES%202006%202351-2400/00002381.tif HTTP/1.1" 200 174542
180.76.6.16 - - [13/Jan/2015:04:34:56 -0500] "GET /BLA/boletinlegal;jsessionid=0E4CD57ECB548D67804E559B3FE34C7A?/? HTTP/1.1" 404 1018
66.249.67.67 - - [13/Jan/2015:04:35:17 -0500] "GET /BLA/resoluciones/AUTOS%202009/3540.pdf HTTP/1.1" 200 216717
180.76.5.194 - - [13/Jan/2015:04:36:13 -0500] "GET /BLA/boletinlegal;jsessionid=54B0BA490C2E7E316BF631AF056447D3?/? HTTP/1.1" 404 1018
66.249.67.75 - - [13/Jan/2015:04:36:37 -0500] "GET /BLA/resoluciones/AUTOS%202008/1095.pdf HTTP/1.1" 200 64142
180.76.5.27 - - [13/Jan/2015:04:36:51 -0500] "GET /BLA/boletinlegal;jsessionid=74DB2ECDD6FAF0EFBDC5E1B89CBCAE30?/? HTTP/1.1" 404 1018
66.249.67.67 - - [13/Jan/2015:04:37:51 -0500] "GET /BLA/resoluciones/RESOLUCIONES%202009/6828.pdf HTTP/1.1" 200 451434
66.249.67.75 - - [13/Jan/2015:04:38:12 -0500] "GET /BLA/resoluciones/RESOLUCIONES%202007/RES%202007%203501%20AL%203600/RESOLUCION%203576%20DE%202007.pdf HTTP/1.1" 200 232291
66.249.67.83 - - [13/Jan/2015:04:38:40 -0500] "GET /BLA/resoluciones/AUTOS%202008/3287.pdf HTTP/1.1" 200 65008
74.86.158.107 - - [13/Jan/2015:04:38:49 -0500] "HEAD / HTTP/1.1" 302 -
207.46.13.135 - - [13/Jan/2015:04:39:53 -0500] "GET /t_blank HTTP/1.1" 404 1015
188.165.15.212 - - [13/Jan/2015:04:40:15 -0500] "GET /BLA/resoluciones/RESOLUCIONES%202005/RES%202005%20251-300/00000298.tif HTTP/1.1" 200 118750
66.249.67.67 - - [13/Jan/2015:04:40:25 -0500] "GET /BLA/resoluciones/RESOLUCIONES%202008/4197.pdf HTTP/1.1" 200 647548
157.55.39.23 - - [13/Jan/2015:04:40:37 -0500] "GET /bla/resoluciones/autos%202010/1457.pdf HTTP/1.1" 200 200489
157.55.39.23 - - [13/Jan/2015:04:40:37 -0500] "GET /BLA/resoluciones/RESOLUCIONES%202009/2165.pdf HTTP/1.1" 200 381902
157.55.39.23 - - [13/Jan/2015:04:40:38 -0500] "GET /BLA/resoluciones/AUTOS%202012/2515.pdf HTTP/1.1" 200 547693
66.249.67.75 - - [13/Jan/2015:04:40:45 -0500] "GET /BLA/resoluciones/AUTOS%202008/2462.pdf HTTP/1.1" 200 146162
207.46.13.113 - - [13/Jan/2015:04:40:45 -0500] "GET /BLA/resoluciones/RESOLUCIONES%202007/RES%202007%20901%20AL%201000/RESOLUCION%200958%20DE%202007.pdf HTTP/1.1" 200 439073
188.165.15.239 - - [13/Jan/2015:04:40:57 -0500] "GET /BLA/resoluciones/RESOLUCIONES%202006/RES%202006%201901-1950/00001933.tif HTTP/1.1" 200 536942
188.165.15.99 - - [13/Jan/2015:04:41:24 -0500] "GET /BLA/resoluciones/RESOLUCIONES%202000/2000%201750-1799.tif HTTP/1.1" 200 5276949
157.55.39.23 - - [13/Jan/2015:04:41:38 -0500] "GET /bla/resoluciones/resoluciones%202009/2234.pdf HTTP/1.1" 200 483986
207.46.13.113 - - [13/Jan/2015:04:41:51 -0500] "GET /BLA/resoluciones/AUTOS%202010/6629.pdf HTTP/1.1" 200 141963
188.165.15.15 - - [13/Jan/2015:04:42:06 -0500] "GET /BLA/resoluciones/RESOLUCIONES%202002/RES%202002%20701-750/00000739.tif HTTP/1.1" 200 93154
66.249.67.83 - - [13/Jan/2015:04:42:37 -0500] "GET /BLA/resoluciones/RESOLUCIONES%202007/RES%202007%202301%20AL%202400/RESOLUCION%202353%20DE%202007.pdf HTTP/1.1" 200 756473
66.249.67.67 - - [13/Jan/2015:04:42:48 -0500] "GET /BLA/resoluciones/AUTOS%202008/0017.pdf HTTP/1.1" 200 85564
188.165.15.44 - - [13/Jan/2015:04:42:54 -0500] "GET /BLA/resoluciones/index.php?dir=RESOLUCIONES%202005/RES%202005%202601-2650/&sort=name&order=desc HTTP/1.1" 200 12160
188.165.15.79 - - [13/Jan/2015:04:43:16 -0500] "GET /BLA/resoluciones/index.php?dir=RESOLUCIONES%202005/RES%202005%20701-750/&sort=name&order=asc HTTP/1.1" 200 12247
74.86.158.107 - - [13/Jan/2015:04:43:49 -0500] "HEAD / HTTP/1.1" 302 -
157.55.39.23 - - [13/Jan/2015:04:43:57 -0500] "GET /bla/resoluciones/autos%202010/5464.pdf HTTP/1.1" 200 163770
66.249.67.83 - - [13/Jan/2015:04:43:58 -0500] "GET /BLA/resoluciones/RESOLUCIONES%202011/3325.pdf HTTP/1.1" 200 767058
207.46.13.12 - - [13/Jan/2015:04:44:23 -0500] "GET /bla/resoluciones/autos%202010/0347.pdf HTTP/1.1" 200 306401
66.249.67.67 - - [13/Jan/2015:04:44:51 -0500] "GET /BLA/resoluciones/AUTOS%202008/2655.pdf HTTP/1.1" 200 68009
66.249.67.75 - - [13/Jan/2015:04:45:32 -0500] "GET /BLA/resoluciones/AUTOS%202011/0811.pdf HTTP/1.1" 200 100283
157.55.39.23 - - [13/Jan/2015:04:45:59 -0500] "GET /BLA/resoluciones/AUTOS%202009/1207.pdf HTTP/1.1" 200 122857
66.249.67.75 - - [13/Jan/2015:04:46:56 -0500] "GET /BLA/resoluciones/AUTOS%202008/1841.pdf HTTP/1.1" 200 319289
66.249.67.75 - - [13/Jan/2015:04:47:12 -0500] "GET /BLA/resoluciones/AUTOS%202007/3094.pdf HTTP/1.1" 304 -
66.249.67.83 - - [13/Jan/2015:04:47:14 -0500] "GET /BLA/resoluciones/AUTOS%202013/1268.pdf HTTP/1.1" 200 1710887
66.249.67.67 - - [13/Jan/2015:04:47:52 -0500] "GET /BLA/resoluciones/RESOLUCIONES%202007/RES%202007%203601%20AL%203700/RESOLUCION%203695%20DE%202007.pdf HTTP/1.1" 304 -
186.30.79.211 - - [13/Jan/2015:04:48:02 -0500] "GET /isolucionsda/FrameSetGeneral.asp?Pagina1=FrameSetGeneral.asp& HTTP/1.1" 200 146
186.30.79.211 - - [13/Jan/2015:04:48:03 -0500] "GET /favicon.ico HTTP/1.1" 200 7782
66.249.67.75 - - [13/Jan/2015:04:48:05 -0500] "GET /BLA/resoluciones/RESOLUCIONES%202008/0900.pdf HTTP/1.1" 200 354100
186.113.85.75 - - [13/Jan/2015:04:48:11 -0500] "GET /BLA/boletinlegal/js/jquery.js HTTP/1.1" 200 57254
186.113.85.75 - - [13/Jan/2015:04:48:11 -0500] "GET /BLA/boletinlegal/js/jquery.scrollTo-min.js HTTP/1.1" 200 1150
186.113.85.75 - - [13/Jan/2015:04:48:11 -0500] "GET /BLA/boletinlegal/js/jquery.scrollShow.js HTTP/1.1" 200 4586
66.249.67.75 - - [13/Jan/2015:04:48:11 -0500] "GET /BLA/resoluciones/RESOLUCIONES%202007/RES%202007%203501%20AL%203600/RESOLUCION%203521%20DE%202007.pdf HTTP/1.1" 200 366555
186.113.85.75 - - [13/Jan/2015:04:48:27 -0500] "GET /videos/Comadreja.flv HTTP/1.1" 200 1953549
66.249.67.67 - - [13/Jan/2015:04:48:31 -0500] "GET /BLA/resoluciones/RESOLUCIONES%202008/0870.pdf HTTP/1.1" 304 -
74.86.158.107 - - [13/Jan/2015:04:48:49 -0500] "HEAD / HTTP/1.1" 302 -
66.249.67.67 - - [13/Jan/2015:04:48:59 -0500] "GET /BLA/resoluciones/AUTOS%202008/1584.pdf HTTP/1.1" 200 77267
188.165.15.138 - - [13/Jan/2015:04:49:00 -0500] "GET /BLA/resoluciones/RESOLUCIONES%202004/RES%202004%201901-1950/00001915.tif HTTP/1.1" 200 155526
190.25.232.143 - - [13/Jan/2015:04:49:03 -0500] "GET /galeria/nivo-slider/demo/images/jardinvertiSDA2.jpg HTTP/1.1" 304 -
206.53.226.251 - - [13/Jan/2015:04:49:16 -0500] "GET /galeria/nivo-slider/demo/images/Tingua-azul.jpg HTTP/1.1" 304 -
207.46.13.133 - - [13/Jan/2015:04:49:26 -0500] "GET /bla/resoluciones/autos%202010/1362.pdf HTTP/1.1" 200 243742
66.249.67.67 - - [13/Jan/2015:04:50:39 -0500] "GET /BLA/resoluciones/RESOLUCIONES%202009/3956.pdf HTTP/1.1" 200 864001
188.214.119.34 - - [13/Jan/2015:04:50:45 -0500] "GET /BLA/boletinlegal/js/jquery.scrollShow.js HTTP/1.1" 200 4586
188.214.119.34 - - [13/Jan/2015:04:50:45 -0500] "GET /BLA/boletinlegal/js/jquery.scrollTo-min.js HTTP/1.1" 200 1150
188.214.119.34 - - [13/Jan/2015:04:50:45 -0500] "GET /BLA/boletinlegal/js/jquery.js HTTP/1.1" 200 57254
66.249.67.67 - - [13/Jan/2015:04:51:03 -0500] "GET /BLA/resoluciones/AUTOS%202008/1349.pdf HTTP/1.1" 200 66040
186.30.79.211 - - [13/Jan/2015:04:51:06 -0500] "GET /isolucionsda/ HTTP/1.1" 200 739
186.30.79.211 - - [13/Jan/2015:04:51:08 -0500] "GET /isolucionsda/IdentificaUsuario.asp?Pagina1=FrameSetGeneral.asp& HTTP/1.1" 200 4997
188.165.15.130 - - [13/Jan/2015:04:51:10 -0500] "GET /BLA/resoluciones/RESOLUCIONES%202005/RES%202005%20151-200/00000165.tif HTTP/1.1" 200 62038
186.30.79.211 - - [13/Jan/2015:04:51:13 -0500] "POST /isolucionsda/IdentificaUsuario.asp?Pagina1=FrameSetGeneral.asp& HTTP/1.1" 302 173
186.30.79.211 - - [13/Jan/2015:04:51:13 -0500] "GET /isolucionsda/FrameSetGeneral.asp?Pagina1=FrameSetGeneral.asp& HTTP/1.1" 200 6613
186.30.79.211 - - [13/Jan/2015:04:51:14 -0500] "GET /isolucionsda/BarraTitulos.asp?Pagina1=FrameSetGeneral.asp&&Pagina=MagazinHome.asp HTTP/1.1" 200 6972
186.30.79.211 - - [13/Jan/2015:04:51:14 -0500] "GET /isolucionsda/Encabezado.asp?Pagina1=FrameSetGeneral.asp&&Pagina=MagazinHome.asp HTTP/1.1" 200 15388
186.30.79.211 - - [13/Jan/2015:04:51:14 -0500] "GET /isolucionsda/BarraFavoritos.asp HTTP/1.1" 200 911
186.30.79.211 - - [13/Jan/2015:04:51:14 -0500] "GET /isolucionsda/Session.asp?Continue=1 HTTP/1.1" 200 6324
186.30.79.211 - - [13/Jan/2015:04:51:14 -0500] "GET /isolucionsda/MagazinHome.asp HTTP/1.1" 200 28099
186.30.79.211 - - [13/Jan/2015:04:51:15 -0500] "GET /isolucionsda/TareasSFRedirect.asp HTTP/1.1" 302 195
186.30.79.211 - - [13/Jan/2015:04:51:15 -0500] "GET /isolucionsda/g/Bgr_Destacado3399CC.jpg HTTP/1.1" 404 5217
186.30.79.211 - - [13/Jan/2015:04:51:17 -0500] "GET /isolucionsda/FrameSetGeneral.asp?Pagina=Menu.asp&IdModulo=4 HTTP/1.1" 200 6583
186.30.79.211 - - [13/Jan/2015:04:51:17 -0500] "GET /isolucionsda/Encabezado.asp?Pagina=Menu.asp&IdModulo=4 HTTP/1.1" 200 15389
186.30.79.211 - - [13/Jan/2015:04:51:17 -0500] "GET /isolucionsda/BarraTitulos.asp?Pagina=Menu.asp&IdModulo=4 HTTP/1.1" 200 6985
186.30.79.211 - - [13/Jan/2015:04:51:17 -0500] "GET /isolucionsda/Menu.asp?Pagina=Menu.asp&IdModulo=4 HTTP/1.1" 200 9682
186.30.79.211 - - [13/Jan/2015:04:51:17 -0500] "GET /isolucionsda/BarraFavoritos.asp HTTP/1.1" 200 911
186.30.79.211 - - [13/Jan/2015:04:51:15 -0500] "GET /isolucionsda/Login.aspx?TARGET=SFContainerFiltrado.aspx&number=55485055576749674567 HTTP/1.1" 302 886
186.30.79.211 - - [13/Jan/2015:04:51:18 -0500] "GET /isolucionsda/Session.asp?Continue=1 HTTP/1.1" 200 6324
180.76.6.20 - - [13/Jan/2015:04:51:20 -0500] "GET /BLA/boletinlegal;jsessionid=86F669ADFC365CAF177356CD2E617860?/? HTTP/1.1" 404 1018
186.30.79.211 - - [13/Jan/2015:04:51:27 -0500] "GET /isolucionsda/FrameSetGeneral.asp?Pagina=Menu.asp&IdModulo=4 HTTP/1.1" 200 6583
186.30.79.211 - - [13/Jan/2015:04:51:27 -0500] "GET /isolucionsda/BarraTitulos.asp?Pagina=Menu.asp&IdModulo=4 HTTP/1.1" 200 6985
186.30.79.211 - - [13/Jan/2015:04:51:27 -0500] "GET /isolucionsda/Encabezado.asp?Pagina=Menu.asp&IdModulo=4 HTTP/1.1" 200 15364
186.30.79.211 - - [13/Jan/2015:04:51:27 -0500] "GET /isolucionsda/Menu.asp?Pagina=Menu.asp&IdModulo=4 HTTP/1.1" 200 9682
186.30.79.211 - - [13/Jan/2015:04:51:27 -0500] "GET /isolucionsda/BarraFavoritos.asp HTTP/1.1" 200 911
186.30.79.211 - - [13/Jan/2015:04:51:28 -0500] "GET /isolucionsda/Session.asp?Continue=1 HTTP/1.1" 200 6324
186.30.79.211 - - [13/Jan/2015:04:51:30 -0500] "GET /isolucionsda/FrameSetGeneral.asp?Pagina=BancoConocimiento/m/meci/meci.asp&IdModulo=16 HTTP/1.1" 200 6686
186.30.79.211 - - [13/Jan/2015:04:51:30 -0500] "GET /isolucionsda/BarraTitulos.asp?Pagina=BancoConocimiento/m/meci/meci.asp&IdModulo=16 HTTP/1.1" 200 6976
186.30.79.211 - - [13/Jan/2015:04:51:30 -0500] "GET /isolucionsda/Encabezado.asp?Pagina=BancoConocimiento/m/meci/meci.asp&IdModulo=16 HTTP/1.1" 200 15364
186.30.79.211 - - [13/Jan/2015:04:51:30 -0500] "GET /isolucionsda/BarraFavoritos.asp HTTP/1.1" 200 911
186.30.79.211 - - [13/Jan/2015:04:51:30 -0500] "GET /isolucionsda/BancoConocimiento/m/meci/meci.asp?Pagina=BancoConocimiento/m/meci/meci.asp&IdModulo=16 HTTP/1.1" 200 43638
186.30.79.211 - - [13/Jan/2015:04:51:30 -0500] "GET /isolucionsda/Session.asp?Continue=1 HTTP/1.1" 200 6324
186.30.79.211 - - [13/Jan/2015:04:51:31 -0500] "GET /isolucionsda/g/gifTrasnparente.gif HTTP/1.1" 404 5209
186.30.79.211 - - [13/Jan/2015:04:51:31 -0500] "GET /isolucionsda/estilosmapa.css HTTP/1.1" 200 1310
186.30.79.211 - - [13/Jan/2015:04:51:31 -0500] "GET /isolucionsda/g/img_puntaiz.jpg HTTP/1.1" 200 443
186.30.79.211 - - [13/Jan/2015:04:51:31 -0500] "GET /isolucionsda/g/img_puntader.jpg HTTP/1.1" 200 460
186.30.79.211 - - [13/Jan/2015:04:51:31 -0500] "GET /isolucionsda/g/img_flechaoscura.jpg HTTP/1.1" 200 860
186.30.79.211 - - [13/Jan/2015:04:51:31 -0500] "GET /isolucionsda/g/img_flecha01.jpg HTTP/1.1" 200 1043
186.30.79.211 - - [13/Jan/2015:04:51:31 -0500] "GET /isolucionsda/g/img_bullet.jpg HTTP/1.1" 200 536
186.30.79.211 - - [13/Jan/2015:04:51:31 -0500] "GET /isolucionsda/g/img_flecha02.jpg HTTP/1.1" 200 1131
186.30.79.211 - - [13/Jan/2015:04:51:31 -0500] "GET /isolucionsda/g/img_flecha03.jpg HTTP/1.1" 200 1089
186.30.79.211 - - [13/Jan/2015:04:51:31 -0500] "GET /isolucionsda/g/bgr_linea.jpg HTTP/1.1" 200 333
186.30.79.211 - - [13/Jan/2015:04:51:40 -0500] "GET /isolucionsda/Magazin.asp?Sigla=AUTOEVALGESTION HTTP/1.1" 200 47382
186.30.79.211 - - [13/Jan/2015:04:51:55 -0500] "GET /isolucionsda/FramesetArticulo.asp?Pagina=bancoconocimiento%2FI%2FInformeEncuestadepercepciontercertrimestre2013%2FInformeEncuestadepercepciontercertrimestre2013%2Easp&IdArticulo=6851&Codigo=&Fecha=&Version=&Procedimiento=&cliente= HTTP/1.1" 200 7541
186.30.79.211 - - [13/Jan/2015:04:51:55 -0500] "GET /isolucionsda/Arriba.asp?Pagina=bancoconocimiento%2FI%2FInformeEncuestadepercepciontercertrimestre2013%2FInformeEncuestadepercepciontercertrimestre2013%2Easp&IdArticulo=6851&Codigo=&Fecha=&Version=&Procedimiento=&cliente= HTTP/1.1" 200 9973
186.30.79.211 - - [13/Jan/2015:04:51:55 -0500] "GET /isolucionsda/bancoconocimiento/I/InformeEncuestadepercepciontercertrimestre2013/InformeEncuestadepercepciontercertrimestre2013.asp?IdArticulo=6851 HTTP/1.1" 302 161
186.30.79.211 - - [13/Jan/2015:04:51:55 -0500] "GET /isolucionsda/StyleSheet.css HTTP/1.1" 200 4664
186.30.79.211 - - [13/Jan/2015:04:51:55 -0500] "GET /isolucionsda/g/icono_noconformidad.jpg HTTP/1.1" 200 1235
186.30.79.211 - - [13/Jan/2015:04:51:55 -0500] "GET /isolucionsda/g/icono_alerta.jpg HTTP/1.1" 200 1448
186.30.79.211 - - [13/Jan/2015:04:51:55 -0500] "GET /isolucionsda/bancoconocimiento/I/InformeEncuestadepercepciontercertrimestre2013/informe%20tercer%20trimestre%2020130.doc HTTP/1.1" 200 417280
157.55.39.23 - - [13/Jan/2015:04:52:51 -0500] "GET /BLA/resoluciones/AUTOS%202012/2653.pdf HTTP/1.1" 200 270876
66.249.67.75 - - [13/Jan/2015:04:53:07 -0500] "GET /BLA/resoluciones/AUTOS%202008/2817.pdf HTTP/1.1" 200 64265
66.249.67.67 - - [13/Jan/2015:04:53:11 -0500] "GET /BLA/resoluciones/RESOLUCIONES%202011/5040.pdf HTTP/1.1" 200 253801
66.249.67.83 - - [13/Jan/2015:04:53:13 -0500] "GET /BLA/resoluciones/RESOLUCIONES%202007/RES%202007%203501%20AL%203600/RESOLUCION%203559%20DE%202007.pdf HTTP/1.1" 200 25453
180.76.6.60 - - [13/Jan/2015:04:53:14 -0500] "GET /BLA/resoluciones/AUTOS%202010/1129.pdf HTTP/1.1" 200 175915
66.249.67.83 - - [13/Jan/2015:04:53:26 -0500] "GET /BLA/resoluciones/Autos%202008/3009.pdf HTTP/1.1" 200 141007
186.30.79.211 - - [13/Jan/2015:04:53:29 -0500] "GET /isolucionsda/FramesetArticulo.asp?Pagina=bancoconocimiento%2FI%2FInformeEncuestadepercepcionprimertrimestre2014ECS%2FInformeEncuestadepercepcionprimertrimestre2014ECS%2Easp&IdArticulo=7600&Codigo=&Fecha=&Version=&Procedimiento=&cliente= HTTP/1.1" 200 7565
186.30.79.211 - - [13/Jan/2015:04:53:30 -0500] "GET /isolucionsda/Arriba.asp?Pagina=bancoconocimiento%2FI%2FInformeEncuestadepercepcionprimertrimestre2014ECS%2FInformeEncuestadepercepcionprimertrimestre2014ECS%2Easp&IdArticulo=7600&Codigo=&Fecha=&Version=&Procedimiento=&cliente= HTTP/1.1" 200 9981
186.30.79.211 - - [13/Jan/2015:04:53:30 -0500] "GET /isolucionsda/bancoconocimiento/I/InformeEncuestadepercepcionprimertrimestre2014ECS/InformeEncuestadepercepcionprimertrimestre2014ECS.asp?IdArticulo=7600 HTTP/1.1" 302 167
186.30.79.211 - - [13/Jan/2015:04:53:30 -0500] "GET /isolucionsda/bancoconocimiento/I/InformeEncuestadepercepcionprimertrimestre2014ECS/informe%20primer%20trimestre%202014%20ecs0.pdf HTTP/1.1" 200 248668
186.30.79.211 - - [13/Jan/2015:04:53:30 -0500] "GET /isolucionsda/bancoconocimiento/I/InformeEncuestadepercepcionprimertrimestre2014ECS/informe%20primer%20trimestre%202014%20ecs0.pdf HTTP/1.1" 206 32768
186.30.79.211 - - [13/Jan/2015:04:53:31 -0500] "GET /isolucionsda/bancoconocimiento/I/InformeEncuestadepercepcionprimertrimestre2014ECS/informe%20primer%20trimestre%202014%20ecs0.pdf HTTP/1.1" 206 520576
74.86.158.107 - - [13/Jan/2015:04:53:49 -0500] "HEAD / HTTP/1.1" 302 -
66.249.67.75 - - [13/Jan/2015:04:54:08 -0500] "GET /BLA/resoluciones/Autos%202008/0455.pdf HTTP/1.1" 200 206829
186.30.79.211 - - [13/Jan/2015:04:54:55 -0500] "GET /isolucionsda/g/Bot_AmbientalOver_ESP.jpg HTTP/1.1" 200 5391
186.30.79.211 - - [13/Jan/2015:04:54:56 -0500] "GET /isolucionsda/g/Bot_GlosarioOver.jpg HTTP/1.1" 200 1948
186.30.79.211 - - [13/Jan/2015:04:54:56 -0500] "GET /isolucionsda/g/Bot_AdministradorOver.jpg HTTP/1.1" 200 1630
186.30.79.211 - - [13/Jan/2015:04:54:59 -0500] "GET /isolucionsda/FramesetArticulo.asp?Pagina=bancoconocimiento%2FI%2FInformeEncuestadepercepcionsegundotrimestre2014ECS%2FInformeEncuestadepercepcionsegundotrimestre2014ECS%2Easp&IdArticulo=7808&Codigo=&Fecha=&Version=&Procedimiento=&cliente= HTTP/1.1" 200 7573
186.30.79.211 - - [13/Jan/2015:04:54:59 -0500] "GET /isolucionsda/Arriba.asp?Pagina=bancoconocimiento%2FI%2FInformeEncuestadepercepcionsegundotrimestre2014ECS%2FInformeEncuestadepercepcionsegundotrimestre2014ECS%2Easp&IdArticulo=7808&Codigo=&Fecha=&Version=&Procedimiento=&cliente= HTTP/1.1" 200 9983
186.30.79.211 - - [13/Jan/2015:04:54:59 -0500] "GET /isolucionsda/bancoconocimiento/I/InformeEncuestadepercepcionsegundotrimestre2014ECS/InformeEncuestadepercepcionsegundotrimestre2014ECS.asp?IdArticulo=7808 HTTP/1.1" 302 168
186.30.79.211 - - [13/Jan/2015:04:54:59 -0500] "GET /isolucionsda/bancoconocimiento/I/InformeEncuestadepercepcionsegundotrimestre2014ECS/informe%20segundo%20trimestre%202014%20ecs0.pdf HTTP/1.1" 200 137713
186.30.79.211 - - [13/Jan/2015:04:55:00 -0500] "GET /isolucionsda/bancoconocimiento/I/InformeEncuestadepercepcionsegundotrimestre2014ECS/informe%20segundo%20trimestre%202014%20ecs0.pdf HTTP/1.1" 206 32768
186.30.79.211 - - [13/Jan/2015:04:55:00 -0500] "GET /isolucionsda/bancoconocimiento/I/InformeEncuestadepercepcionsegundotrimestre2014ECS/informe%20segundo%20trimestre%202014%20ecs0.pdf HTTP/1.1" 206 571899
66.249.67.83 - - [13/Jan/2015:04:55:11 -0500] "GET /BLA/resoluciones/AUTOS%202008/2971.pdf HTTP/1.1" 200 112662
180.76.6.150 - - [13/Jan/2015:04:55:11 -0500] "GET /BLA/resoluciones/RESOLUCIONES%202011/0881.pdf HTTP/1.1" 200 72429
66.249.67.75 - - [13/Jan/2015:04:55:18 -0500] "GET /BLA/resoluciones/Autos%202008/0475.pdf HTTP/1.1" 200 195487
186.30.79.211 - - [13/Jan/2015:04:55:43 -0500] "GET /isolucionsda/FramesetArticulo.asp?Pagina=bancoconocimiento%2FI%2FInformeEncuestadepercepciontercertrimestre2014ECS%2FInformeEncuestadepercepciontercertrimestre2014ECS%2Easp&IdArticulo=7998&Codigo=&Fecha=&Version=&Procedimiento=&cliente= HTTP/1.1" 200 7565
186.30.79.211 - - [13/Jan/2015:04:55:43 -0500] "GET /isolucionsda/Arriba.asp?Pagina=bancoconocimiento%2FI%2FInformeEncuestadepercepciontercertrimestre2014ECS%2FInformeEncuestadepercepciontercertrimestre2014ECS%2Easp&IdArticulo=7998&Codigo=&Fecha=&Version=&Procedimiento=&cliente= HTTP/1.1" 200 9981
186.30.79.211 - - [13/Jan/2015:04:55:43 -0500] "GET /isolucionsda/bancoconocimiento/I/InformeEncuestadepercepciontercertrimestre2014ECS/InformeEncuestadepercepciontercertrimestre2014ECS.asp?IdArticulo=7998 HTTP/1.1" 302 167
186.30.79.211 - - [13/Jan/2015:04:55:44 -0500] "GET /isolucionsda/bancoconocimiento/I/InformeEncuestadepercepciontercertrimestre2014ECS/informe%20tercer%20trimestre%202014%20ecs0.pdf HTTP/1.1" 200 142094
186.30.79.211 - - [13/Jan/2015:04:55:44 -0500] "GET /isolucionsda/bancoconocimiento/I/InformeEncuestadepercepciontercertrimestre2014ECS/informe%20tercer%20trimestre%202014%20ecs0.pdf HTTP/1.1" 206 32768
186.30.79.211 - - [13/Jan/2015:04:55:44 -0500] "GET /isolucionsda/bancoconocimiento/I/InformeEncuestadepercepciontercertrimestre2014ECS/informe%20tercer%20trimestre%202014%20ecs0.pdf HTTP/1.1" 206 510525
66.249.67.67 - - [13/Jan/2015:04:55:46 -0500] "GET /BLA/resoluciones/RESOLUCIONES%202013/0074%20.pdf HTTP/1.1" 200 2679924
180.76.6.36 - - [13/Jan/2015:04:57:09 -0500] "GET /BLA/boletinlegal/;jsessionid=5C1FFAAD41A438D0CF2DB6B3D300E7CD? HTTP/1.1" 404 1018
