181.54.84.12 - - [13/Jan/2015:02:58:21 -0500] "POST /forms/lservlet;jsessionid=ac16012b30d53c19fd64a26d4f5ea8b7f62efc7af06d.e3iSbxaKaheRe34SahiRb30Pchr0n6jAmljGr5XDqQLvpAe HTTP/1.1" 200 2
66.249.67.83 - - [13/Jan/2015:02:58:41 -0500] "GET /BLA/resoluciones/RESOLUCIONES%202010/4510.pdf HTTP/1.1" 200 491809
181.54.84.12 - - [13/Jan/2015:02:58:43 -0500] "POST /forms/lservlet;jsessionid=ac16012b30d53c19fd64a26d4f5ea8b7f62efc7af06d.e3iSbxaKaheRe34SahiRb30Pchr0n6jAmljGr5XDqQLvpAe HTTP/1.1" 200 108
181.54.84.12 - - [13/Jan/2015:02:58:43 -0500] "POST /forms/lservlet;jsessionid=ac16012b30d53c19fd64a26d4f5ea8b7f62efc7af06d.e3iSbxaKaheRe34SahiRb30Pchr0n6jAmljGr5XDqQLvpAe HTTP/1.1" 200 2
181.54.84.12 - - [13/Jan/2015:02:58:44 -0500] "POST /forms/lservlet;jsessionid=ac16012b30d53c19fd64a26d4f5ea8b7f62efc7af06d.e3iSbxaKaheRe34SahiRb30Pchr0n6jAmljGr5XDqQLvpAe HTTP/1.1" 200 2347
181.54.84.12 - - [13/Jan/2015:02:58:44 -0500] "POST /forms/lservlet;jsessionid=ac16012b30d53c19fd64a26d4f5ea8b7f62efc7af06d.e3iSbxaKaheRe34SahiRb30Pchr0n6jAmljGr5XDqQLvpAe HTTP/1.1" 200 10
181.54.84.12 - - [13/Jan/2015:02:58:45 -0500] "POST /forms/lservlet;jsessionid=ac16012b30d53c19fd64a26d4f5ea8b7f62efc7af06d.e3iSbxaKaheRe34SahiRb30Pchr0n6jAmljGr5XDqQLvpAe HTTP/1.1" 200 21
181.54.84.12 - - [13/Jan/2015:02:58:45 -0500] "POST /forms/lservlet;jsessionid=ac16012b30d53c19fd64a26d4f5ea8b7f62efc7af06d.e3iSbxaKaheRe34SahiRb30Pchr0n6jAmljGr5XDqQLvpAe HTTP/1.1" 200 3958
181.54.84.12 - - [13/Jan/2015:02:58:46 -0500] "POST /forms/lservlet;jsessionid=ac16012b30d53c19fd64a26d4f5ea8b7f62efc7af06d.e3iSbxaKaheRe34SahiRb30Pchr0n6jAmljGr5XDqQLvpAe HTTP/1.1" 200 2
74.86.158.107 - - [13/Jan/2015:02:58:50 -0500] "HEAD / HTTP/1.1" 302 -
181.54.84.12 - - [13/Jan/2015:02:58:51 -0500] "POST /forms/lservlet;jsessionid=ac16012b30d53c19fd64a26d4f5ea8b7f62efc7af06d.e3iSbxaKaheRe34SahiRb30Pchr0n6jAmljGr5XDqQLvpAe HTTP/1.1" 200 138
181.54.84.12 - - [13/Jan/2015:02:59:00 -0500] "POST /forms/lservlet;jsessionid=ac16012b30d53c19fd64a26d4f5ea8b7f62efc7af06d.e3iSbxaKaheRe34SahiRb30Pchr0n6jAmljGr5XDqQLvpAe HTTP/1.1" 200 2
181.54.84.12 - - [13/Jan/2015:02:59:07 -0500] "POST /forms/lservlet;jsessionid=ac16012b30d53c19fd64a26d4f5ea8b7f62efc7af06d.e3iSbxaKaheRe34SahiRb30Pchr0n6jAmljGr5XDqQLvpAe HTTP/1.1" 200 72
181.54.84.12 - - [13/Jan/2015:02:59:08 -0500] "POST /forms/lservlet;jsessionid=ac16012b30d53c19fd64a26d4f5ea8b7f62efc7af06d.e3iSbxaKaheRe34SahiRb30Pchr0n6jAmljGr5XDqQLvpAe HTTP/1.1" 200 2
181.54.84.12 - - [13/Jan/2015:02:59:08 -0500] "POST /forms/lservlet;jsessionid=ac16012b30d53c19fd64a26d4f5ea8b7f62efc7af06d.e3iSbxaKaheRe34SahiRb30Pchr0n6jAmljGr5XDqQLvpAe HTTP/1.1" 200 2357
181.54.84.12 - - [13/Jan/2015:02:59:08 -0500] "POST /forms/lservlet;jsessionid=ac16012b30d53c19fd64a26d4f5ea8b7f62efc7af06d.e3iSbxaKaheRe34SahiRb30Pchr0n6jAmljGr5XDqQLvpAe HTTP/1.1" 200 10
181.54.84.12 - - [13/Jan/2015:02:59:10 -0500] "POST /forms/lservlet;jsessionid=ac16012b30d53c19fd64a26d4f5ea8b7f62efc7af06d.e3iSbxaKaheRe34SahiRb30Pchr0n6jAmljGr5XDqQLvpAe HTTP/1.1" 200 24
181.54.84.12 - - [13/Jan/2015:02:59:10 -0500] "POST /forms/lservlet;jsessionid=ac16012b30d53c19fd64a26d4f5ea8b7f62efc7af06d.e3iSbxaKaheRe34SahiRb30Pchr0n6jAmljGr5XDqQLvpAe HTTP/1.1" 200 3855
181.54.84.12 - - [13/Jan/2015:02:59:11 -0500] "POST /forms/lservlet;jsessionid=ac16012b30d53c19fd64a26d4f5ea8b7f62efc7af06d.e3iSbxaKaheRe34SahiRb30Pchr0n6jAmljGr5XDqQLvpAe HTTP/1.1" 200 2
181.54.84.12 - - [13/Jan/2015:02:59:13 -0500] "POST /forms/lservlet;jsessionid=ac16012b30d53c19fd64a26d4f5ea8b7f62efc7af06d.e3iSbxaKaheRe34SahiRb30Pchr0n6jAmljGr5XDqQLvpAe HTTP/1.1" 200 2
66.249.67.67 - - [13/Jan/2015:02:59:20 -0500] "GET /BLA/resoluciones/RESOLUCIONES%202007/RES%202007%201101%20AL%201200/RESOLUCION%201126%20DE%202007.pdf HTTP/1.1" 304 -
181.54.84.12 - - [13/Jan/2015:02:59:27 -0500] "POST /forms/lservlet;jsessionid=ac16012b30d53c19fd64a26d4f5ea8b7f62efc7af06d.e3iSbxaKaheRe34SahiRb30Pchr0n6jAmljGr5XDqQLvpAe HTTP/1.1" 200 2
181.54.84.12 - - [13/Jan/2015:02:59:27 -0500] "POST /forms/lservlet;jsessionid=ac16012b30d53c19fd64a26d4f5ea8b7f62efc7af06d.e3iSbxaKaheRe34SahiRb30Pchr0n6jAmljGr5XDqQLvpAe HTTP/1.1" 200 2304
181.54.84.12 - - [13/Jan/2015:02:59:27 -0500] "POST /forms/lservlet;jsessionid=ac16012b30d53c19fd64a26d4f5ea8b7f62efc7af06d.e3iSbxaKaheRe34SahiRb30Pchr0n6jAmljGr5XDqQLvpAe HTTP/1.1" 200 10
181.54.84.12 - - [13/Jan/2015:02:59:29 -0500] "POST /forms/lservlet;jsessionid=ac16012b30d53c19fd64a26d4f5ea8b7f62efc7af06d.e3iSbxaKaheRe34SahiRb30Pchr0n6jAmljGr5XDqQLvpAe HTTP/1.1" 200 24
181.54.84.12 - - [13/Jan/2015:02:59:29 -0500] "POST /forms/lservlet;jsessionid=ac16012b30d53c19fd64a26d4f5ea8b7f62efc7af06d.e3iSbxaKaheRe34SahiRb30Pchr0n6jAmljGr5XDqQLvpAe HTTP/1.1" 200 4136
181.54.84.12 - - [13/Jan/2015:02:59:30 -0500] "POST /forms/lservlet;jsessionid=ac16012b30d53c19fd64a26d4f5ea8b7f62efc7af06d.e3iSbxaKaheRe34SahiRb30Pchr0n6jAmljGr5XDqQLvpAe HTTP/1.1" 200 2
66.249.67.75 - - [13/Jan/2015:02:59:38 -0500] "GET /BLA/resoluciones/RESOLUCIONES%202012/0373.pdf HTTP/1.1" 200 341713
188.165.15.99 - - [13/Jan/2015:02:59:55 -0500] "GET /BLA/resoluciones/RESOLUCIONES%202004/RES%202004%20901-950/00000910.tif HTTP/1.1" 200 192598
181.54.84.12 - - [13/Jan/2015:02:59:56 -0500] "POST /forms/lservlet;jsessionid=ac16012b30d53c19fd64a26d4f5ea8b7f62efc7af06d.e3iSbxaKaheRe34SahiRb30Pchr0n6jAmljGr5XDqQLvpAe HTTP/1.1" 200 2
181.54.84.12 - - [13/Jan/2015:02:59:56 -0500] "POST /forms/lservlet;jsessionid=ac16012b30d53c19fd64a26d4f5ea8b7f62efc7af06d.e3iSbxaKaheRe34SahiRb30Pchr0n6jAmljGr5XDqQLvpAe HTTP/1.1" 200 2347
181.54.84.12 - - [13/Jan/2015:02:59:56 -0500] "POST /forms/lservlet;jsessionid=ac16012b30d53c19fd64a26d4f5ea8b7f62efc7af06d.e3iSbxaKaheRe34SahiRb30Pchr0n6jAmljGr5XDqQLvpAe HTTP/1.1" 200 10
181.54.84.12 - - [13/Jan/2015:02:59:58 -0500] "POST /forms/lservlet;jsessionid=ac16012b30d53c19fd64a26d4f5ea8b7f62efc7af06d.e3iSbxaKaheRe34SahiRb30Pchr0n6jAmljGr5XDqQLvpAe HTTP/1.1" 200 24
181.54.84.12 - - [13/Jan/2015:02:59:58 -0500] "POST /forms/lservlet;jsessionid=ac16012b30d53c19fd64a26d4f5ea8b7f62efc7af06d.e3iSbxaKaheRe34SahiRb30Pchr0n6jAmljGr5XDqQLvpAe HTTP/1.1" 200 3952
181.54.84.12 - - [13/Jan/2015:02:59:59 -0500] "POST /forms/lservlet;jsessionid=ac16012b30d53c19fd64a26d4f5ea8b7f62efc7af06d.e3iSbxaKaheRe34SahiRb30Pchr0n6jAmljGr5XDqQLvpAe HTTP/1.1" 200 2
66.249.67.83 - - [13/Jan/2015:03:00:00 -0500] "GET /BLA/resoluciones/RESOLUCIONES%202008/0848.pdf HTTP/1.1" 200 761879
188.165.15.15 - - [13/Jan/2015:03:00:04 -0500] "GET /BLA/resoluciones/RESOLUCIONES%202005/RES%202005%202201-2250/00002238.tif HTTP/1.1" 200 182788
207.46.13.113 - - [13/Jan/2015:03:00:05 -0500] "GET /bla/resoluciones/autos%202010/2795.pdf HTTP/1.1" 200 116800
181.54.84.12 - - [13/Jan/2015:03:00:08 -0500] "POST /forms/lservlet;jsessionid=ac16012b30d53c19fd64a26d4f5ea8b7f62efc7af06d.e3iSbxaKaheRe34SahiRb30Pchr0n6jAmljGr5XDqQLvpAe HTTP/1.1" 200 2
181.54.84.12 - - [13/Jan/2015:03:00:08 -0500] "POST /forms/lservlet;jsessionid=ac16012b30d53c19fd64a26d4f5ea8b7f62efc7af06d.e3iSbxaKaheRe34SahiRb30Pchr0n6jAmljGr5XDqQLvpAe HTTP/1.1" 200 2324
181.54.84.12 - - [13/Jan/2015:03:00:08 -0500] "POST /forms/lservlet;jsessionid=ac16012b30d53c19fd64a26d4f5ea8b7f62efc7af06d.e3iSbxaKaheRe34SahiRb30Pchr0n6jAmljGr5XDqQLvpAe HTTP/1.1" 200 10
181.54.84.12 - - [13/Jan/2015:03:00:10 -0500] "POST /forms/lservlet;jsessionid=ac16012b30d53c19fd64a26d4f5ea8b7f62efc7af06d.e3iSbxaKaheRe34SahiRb30Pchr0n6jAmljGr5XDqQLvpAe HTTP/1.1" 200 24
181.54.84.12 - - [13/Jan/2015:03:00:10 -0500] "POST /forms/lservlet;jsessionid=ac16012b30d53c19fd64a26d4f5ea8b7f62efc7af06d.e3iSbxaKaheRe34SahiRb30Pchr0n6jAmljGr5XDqQLvpAe HTTP/1.1" 200 3852
181.54.84.12 - - [13/Jan/2015:03:00:10 -0500] "POST /forms/lservlet;jsessionid=ac16012b30d53c19fd64a26d4f5ea8b7f62efc7af06d.e3iSbxaKaheRe34SahiRb30Pchr0n6jAmljGr5XDqQLvpAe HTTP/1.1" 200 2
181.54.84.12 - - [13/Jan/2015:03:00:22 -0500] "POST /forms/lservlet;jsessionid=ac16012b30d53c19fd64a26d4f5ea8b7f62efc7af06d.e3iSbxaKaheRe34SahiRb30Pchr0n6jAmljGr5XDqQLvpAe HTTP/1.1" 200 2
181.54.84.12 - - [13/Jan/2015:03:00:22 -0500] "POST /forms/lservlet;jsessionid=ac16012b30d53c19fd64a26d4f5ea8b7f62efc7af06d.e3iSbxaKaheRe34SahiRb30Pchr0n6jAmljGr5XDqQLvpAe HTTP/1.1" 200 2304
181.54.84.12 - - [13/Jan/2015:03:00:22 -0500] "POST /forms/lservlet;jsessionid=ac16012b30d53c19fd64a26d4f5ea8b7f62efc7af06d.e3iSbxaKaheRe34SahiRb30Pchr0n6jAmljGr5XDqQLvpAe HTTP/1.1" 200 10
181.54.84.12 - - [13/Jan/2015:03:00:24 -0500] "POST /forms/lservlet;jsessionid=ac16012b30d53c19fd64a26d4f5ea8b7f62efc7af06d.e3iSbxaKaheRe34SahiRb30Pchr0n6jAmljGr5XDqQLvpAe HTTP/1.1" 200 24
181.54.84.12 - - [13/Jan/2015:03:00:24 -0500] "POST /forms/lservlet;jsessionid=ac16012b30d53c19fd64a26d4f5ea8b7f62efc7af06d.e3iSbxaKaheRe34SahiRb30Pchr0n6jAmljGr5XDqQLvpAe HTTP/1.1" 200 3950
181.54.84.12 - - [13/Jan/2015:03:00:25 -0500] "POST /forms/lservlet;jsessionid=ac16012b30d53c19fd64a26d4f5ea8b7f62efc7af06d.e3iSbxaKaheRe34SahiRb30Pchr0n6jAmljGr5XDqQLvpAe HTTP/1.1" 200 2
188.165.15.66 - - [13/Jan/2015:03:00:28 -0500] "GET /BLA/resoluciones/index.php?dir=RESOLUCIONES%202006/RES%202006%202551-2600/&sort=name&order=asc HTTP/1.1" 200 12354
157.55.39.22 - - [13/Jan/2015:03:00:28 -0500] "GET /bla/resoluciones/autos%202010/5250.pdf HTTP/1.1" 200 243717
66.249.67.75 - - [13/Jan/2015:03:00:40 -0500] "GET /BLA/resoluciones/RESOLUCIONES%202007/RES%202007%20701%20AL%20800/RESOLUCION%200800%20DE%202007.pdf HTTP/1.1" 304 -
188.165.15.44 - - [13/Jan/2015:03:00:42 -0500] "GET /BLA/resoluciones/RESOLUCIONES%202005/RES%202005%201-50/RES%202005%20101-150/00000116.tif HTTP/1.1" 200 117434
181.54.84.12 - - [13/Jan/2015:03:00:42 -0500] "POST /forms/lservlet;jsessionid=ac16012b30d53c19fd64a26d4f5ea8b7f62efc7af06d.e3iSbxaKaheRe34SahiRb30Pchr0n6jAmljGr5XDqQLvpAe HTTP/1.1" 200 2
181.54.84.12 - - [13/Jan/2015:03:00:42 -0500] "POST /forms/lservlet;jsessionid=ac16012b30d53c19fd64a26d4f5ea8b7f62efc7af06d.e3iSbxaKaheRe34SahiRb30Pchr0n6jAmljGr5XDqQLvpAe HTTP/1.1" 200 2342
181.54.84.12 - - [13/Jan/2015:03:00:42 -0500] "POST /forms/lservlet;jsessionid=ac16012b30d53c19fd64a26d4f5ea8b7f62efc7af06d.e3iSbxaKaheRe34SahiRb30Pchr0n6jAmljGr5XDqQLvpAe HTTP/1.1" 200 10
181.54.84.12 - - [13/Jan/2015:03:00:44 -0500] "POST /forms/lservlet;jsessionid=ac16012b30d53c19fd64a26d4f5ea8b7f62efc7af06d.e3iSbxaKaheRe34SahiRb30Pchr0n6jAmljGr5XDqQLvpAe HTTP/1.1" 200 24
181.54.84.12 - - [13/Jan/2015:03:00:44 -0500] "POST /forms/lservlet;jsessionid=ac16012b30d53c19fd64a26d4f5ea8b7f62efc7af06d.e3iSbxaKaheRe34SahiRb30Pchr0n6jAmljGr5XDqQLvpAe HTTP/1.1" 200 3699
181.54.84.12 - - [13/Jan/2015:03:00:45 -0500] "POST /forms/lservlet;jsessionid=ac16012b30d53c19fd64a26d4f5ea8b7f62efc7af06d.e3iSbxaKaheRe34SahiRb30Pchr0n6jAmljGr5XDqQLvpAe HTTP/1.1" 200 2
181.54.84.12 - - [13/Jan/2015:03:00:46 -0500] "POST /forms/lservlet;jsessionid=ac16012b30d53c19fd64a26d4f5ea8b7f62efc7af06d.e3iSbxaKaheRe34SahiRb30Pchr0n6jAmljGr5XDqQLvpAe HTTP/1.1" 200 7
188.165.15.237 - - [13/Jan/2015:03:00:52 -0500] "GET /BLA/resoluciones/RESOLUCIONES%202003/RES%202003%201501-1550/20031546.tif HTTP/1.1" 200 48028
181.54.84.12 - - [13/Jan/2015:03:00:59 -0500] "POST /forms/lservlet;jsessionid=ac16012b30d53c19fd64a26d4f5ea8b7f62efc7af06d.e3iSbxaKaheRe34SahiRb30Pchr0n6jAmljGr5XDqQLvpAe HTTP/1.1" 200 2
157.55.39.23 - - [13/Jan/2015:03:01:00 -0500] "GET /BLA/resoluciones/AUTOS%202012/0040.pdf HTTP/1.1" 200 166777
181.54.84.12 - - [13/Jan/2015:03:01:00 -0500] "POST /forms/lservlet;jsessionid=ac16012b30d53c19fd64a26d4f5ea8b7f62efc7af06d.e3iSbxaKaheRe34SahiRb30Pchr0n6jAmljGr5XDqQLvpAe HTTP/1.1" 200 2
181.54.84.12 - - [13/Jan/2015:03:01:00 -0500] "POST /forms/lservlet;jsessionid=ac16012b30d53c19fd64a26d4f5ea8b7f62efc7af06d.e3iSbxaKaheRe34SahiRb30Pchr0n6jAmljGr5XDqQLvpAe HTTP/1.1" 200 2301
181.54.84.12 - - [13/Jan/2015:03:01:00 -0500] "POST /forms/lservlet;jsessionid=ac16012b30d53c19fd64a26d4f5ea8b7f62efc7af06d.e3iSbxaKaheRe34SahiRb30Pchr0n6jAmljGr5XDqQLvpAe HTTP/1.1" 200 10
181.54.84.12 - - [13/Jan/2015:03:01:03 -0500] "POST /forms/lservlet;jsessionid=ac16012b30d53c19fd64a26d4f5ea8b7f62efc7af06d.e3iSbxaKaheRe34SahiRb30Pchr0n6jAmljGr5XDqQLvpAe HTTP/1.1" 200 24
181.54.84.12 - - [13/Jan/2015:03:01:03 -0500] "POST /forms/lservlet;jsessionid=ac16012b30d53c19fd64a26d4f5ea8b7f62efc7af06d.e3iSbxaKaheRe34SahiRb30Pchr0n6jAmljGr5XDqQLvpAe HTTP/1.1" 200 3951
181.54.84.12 - - [13/Jan/2015:03:01:03 -0500] "POST /forms/lservlet;jsessionid=ac16012b30d53c19fd64a26d4f5ea8b7f62efc7af06d.e3iSbxaKaheRe34SahiRb30Pchr0n6jAmljGr5XDqQLvpAe HTTP/1.1" 200 2
181.54.84.12 - - [13/Jan/2015:03:01:05 -0500] "POST /forms/lservlet;jsessionid=ac16012b30d53c19fd64a26d4f5ea8b7f62efc7af06d.e3iSbxaKaheRe34SahiRb30Pchr0n6jAmljGr5XDqQLvpAe HTTP/1.1" 200 151
181.54.84.12 - - [13/Jan/2015:03:01:05 -0500] "POST /forms/lservlet;jsessionid=ac16012b30d53c19fd64a26d4f5ea8b7f62efc7af06d.e3iSbxaKaheRe34SahiRb30Pchr0n6jAmljGr5XDqQLvpAe HTTP/1.1" 200 7
181.54.84.12 - - [13/Jan/2015:03:01:06 -0500] "POST /forms/lservlet;jsessionid=ac16012b30d53c19fd64a26d4f5ea8b7f62efc7af06d.e3iSbxaKaheRe34SahiRb30Pchr0n6jAmljGr5XDqQLvpAe HTTP/1.1" 200 89
181.54.84.12 - - [13/Jan/2015:03:01:06 -0500] "POST /forms/lservlet;jsessionid=ac16012b30d53c19fd64a26d4f5ea8b7f62efc7af06d.e3iSbxaKaheRe34SahiRb30Pchr0n6jAmljGr5XDqQLvpAe HTTP/1.1" 200 2
181.54.84.12 - - [13/Jan/2015:03:01:06 -0500] "GET /imagenes/listval.gif HTTP/1.1" 200 905
181.54.84.12 - - [13/Jan/2015:03:01:06 -0500] "POST /forms/lservlet;jsessionid=ac16012b30d53c19fd64a26d4f5ea8b7f62efc7af06d.e3iSbxaKaheRe34SahiRb30Pchr0n6jAmljGr5XDqQLvpAe HTTP/1.1" 200 165
181.54.84.12 - - [13/Jan/2015:03:01:06 -0500] "POST /forms/lservlet;jsessionid=ac16012b30d53c19fd64a26d4f5ea8b7f62efc7af06d.e3iSbxaKaheRe34SahiRb30Pchr0n6jAmljGr5XDqQLvpAe HTTP/1.1" 200 7
181.54.84.12 - - [13/Jan/2015:03:01:07 -0500] "POST /forms/lservlet;jsessionid=ac16012b30d53c19fd64a26d4f5ea8b7f62efc7af06d.e3iSbxaKaheRe34SahiRb30Pchr0n6jAmljGr5XDqQLvpAe HTTP/1.1" 200 177
181.54.84.12 - - [13/Jan/2015:03:01:07 -0500] "POST /forms/lservlet;jsessionid=ac16012b30d53c19fd64a26d4f5ea8b7f62efc7af06d.e3iSbxaKaheRe34SahiRb30Pchr0n6jAmljGr5XDqQLvpAe HTTP/1.1" 200 7
181.54.84.12 - - [13/Jan/2015:03:01:13 -0500] "POST /forms/lservlet;jsessionid=ac16012b30d53c19fd64a26d4f5ea8b7f62efc7af06d.e3iSbxaKaheRe34SahiRb30Pchr0n6jAmljGr5XDqQLvpAe HTTP/1.1" 200 2
181.54.84.12 - - [13/Jan/2015:03:01:19 -0500] "POST /forms/lservlet;jsessionid=ac16012b30d53c19fd64a26d4f5ea8b7f62efc7af06d.e3iSbxaKaheRe34SahiRb30Pchr0n6jAmljGr5XDqQLvpAe HTTP/1.1" 200 108
66.249.67.67 - - [13/Jan/2015:03:01:19 -0500] "GET /BLA/resoluciones/AUTOS%202009/2430.pdf HTTP/1.1" 304 -
181.54.84.12 - - [13/Jan/2015:03:01:20 -0500] "POST /forms/lservlet;jsessionid=ac16012b30d53c19fd64a26d4f5ea8b7f62efc7af06d.e3iSbxaKaheRe34SahiRb30Pchr0n6jAmljGr5XDqQLvpAe HTTP/1.1" 200 2
181.54.84.12 - - [13/Jan/2015:03:01:20 -0500] "POST /forms/lservlet;jsessionid=ac16012b30d53c19fd64a26d4f5ea8b7f62efc7af06d.e3iSbxaKaheRe34SahiRb30Pchr0n6jAmljGr5XDqQLvpAe HTTP/1.1" 200 2301
181.54.84.12 - - [13/Jan/2015:03:01:20 -0500] "POST /forms/lservlet;jsessionid=ac16012b30d53c19fd64a26d4f5ea8b7f62efc7af06d.e3iSbxaKaheRe34SahiRb30Pchr0n6jAmljGr5XDqQLvpAe HTTP/1.1" 200 10
181.54.84.12 - - [13/Jan/2015:03:01:21 -0500] "POST /forms/lservlet;jsessionid=ac16012b30d53c19fd64a26d4f5ea8b7f62efc7af06d.e3iSbxaKaheRe34SahiRb30Pchr0n6jAmljGr5XDqQLvpAe HTTP/1.1" 200 21
181.54.84.12 - - [13/Jan/2015:03:01:22 -0500] "POST /forms/lservlet;jsessionid=ac16012b30d53c19fd64a26d4f5ea8b7f62efc7af06d.e3iSbxaKaheRe34SahiRb30Pchr0n6jAmljGr5XDqQLvpAe HTTP/1.1" 200 3940
181.54.84.12 - - [13/Jan/2015:03:01:22 -0500] "POST /forms/lservlet;jsessionid=ac16012b30d53c19fd64a26d4f5ea8b7f62efc7af06d.e3iSbxaKaheRe34SahiRb30Pchr0n6jAmljGr5XDqQLvpAe HTTP/1.1" 200 2
181.54.84.12 - - [13/Jan/2015:03:01:23 -0500] "POST /forms/lservlet;jsessionid=ac16012b30d53c19fd64a26d4f5ea8b7f62efc7af06d.e3iSbxaKaheRe34SahiRb30Pchr0n6jAmljGr5XDqQLvpAe HTTP/1.1" 200 138
188.165.15.212 - - [13/Jan/2015:03:01:32 -0500] "GET /BLA/resoluciones/RESOLUCIONES%202006/RES%202006%202751-2800/00002753.tif HTTP/1.1" 200 164452
181.54.84.12 - - [13/Jan/2015:03:01:38 -0500] "POST /forms/lservlet;jsessionid=ac16012b30d53c19fd64a26d4f5ea8b7f62efc7af06d.e3iSbxaKaheRe34SahiRb30Pchr0n6jAmljGr5XDqQLvpAe HTTP/1.1" 200 72
181.54.84.12 - - [13/Jan/2015:03:01:39 -0500] "POST /forms/lservlet;jsessionid=ac16012b30d53c19fd64a26d4f5ea8b7f62efc7af06d.e3iSbxaKaheRe34SahiRb30Pchr0n6jAmljGr5XDqQLvpAe HTTP/1.1" 200 2
181.54.84.12 - - [13/Jan/2015:03:01:39 -0500] "POST /forms/lservlet;jsessionid=ac16012b30d53c19fd64a26d4f5ea8b7f62efc7af06d.e3iSbxaKaheRe34SahiRb30Pchr0n6jAmljGr5XDqQLvpAe HTTP/1.1" 200 2342
181.54.84.12 - - [13/Jan/2015:03:01:40 -0500] "POST /forms/lservlet;jsessionid=ac16012b30d53c19fd64a26d4f5ea8b7f62efc7af06d.e3iSbxaKaheRe34SahiRb30Pchr0n6jAmljGr5XDqQLvpAe HTTP/1.1" 200 10
181.54.84.12 - - [13/Jan/2015:03:01:41 -0500] "POST /forms/lservlet;jsessionid=ac16012b30d53c19fd64a26d4f5ea8b7f62efc7af06d.e3iSbxaKaheRe34SahiRb30Pchr0n6jAmljGr5XDqQLvpAe HTTP/1.1" 200 24
181.54.84.12 - - [13/Jan/2015:03:01:41 -0500] "POST /forms/lservlet;jsessionid=ac16012b30d53c19fd64a26d4f5ea8b7f62efc7af06d.e3iSbxaKaheRe34SahiRb30Pchr0n6jAmljGr5XDqQLvpAe HTTP/1.1" 200 4190
181.54.84.12 - - [13/Jan/2015:03:01:42 -0500] "POST /forms/lservlet;jsessionid=ac16012b30d53c19fd64a26d4f5ea8b7f62efc7af06d.e3iSbxaKaheRe34SahiRb30Pchr0n6jAmljGr5XDqQLvpAe HTTP/1.1" 200 2
181.54.84.12 - - [13/Jan/2015:03:01:53 -0500] "POST /forms/lservlet;jsessionid=ac16012b30d53c19fd64a26d4f5ea8b7f62efc7af06d.e3iSbxaKaheRe34SahiRb30Pchr0n6jAmljGr5XDqQLvpAe HTTP/1.1" 200 2
181.54.84.12 - - [13/Jan/2015:03:01:53 -0500] "POST /forms/lservlet;jsessionid=ac16012b30d53c19fd64a26d4f5ea8b7f62efc7af06d.e3iSbxaKaheRe34SahiRb30Pchr0n6jAmljGr5XDqQLvpAe HTTP/1.1" 200 2343
181.54.84.12 - - [13/Jan/2015:03:01:53 -0500] "POST /forms/lservlet;jsessionid=ac16012b30d53c19fd64a26d4f5ea8b7f62efc7af06d.e3iSbxaKaheRe34SahiRb30Pchr0n6jAmljGr5XDqQLvpAe HTTP/1.1" 200 10
181.54.84.12 - - [13/Jan/2015:03:01:55 -0500] "POST /forms/lservlet;jsessionid=ac16012b30d53c19fd64a26d4f5ea8b7f62efc7af06d.e3iSbxaKaheRe34SahiRb30Pchr0n6jAmljGr5XDqQLvpAe HTTP/1.1" 200 24
181.54.84.12 - - [13/Jan/2015:03:01:55 -0500] "POST /forms/lservlet;jsessionid=ac16012b30d53c19fd64a26d4f5ea8b7f62efc7af06d.e3iSbxaKaheRe34SahiRb30Pchr0n6jAmljGr5XDqQLvpAe HTTP/1.1" 200 4226
181.54.84.12 - - [13/Jan/2015:03:01:56 -0500] "POST /forms/lservlet;jsessionid=ac16012b30d53c19fd64a26d4f5ea8b7f62efc7af06d.e3iSbxaKaheRe34SahiRb30Pchr0n6jAmljGr5XDqQLvpAe HTTP/1.1" 200 2
66.249.67.83 - - [13/Jan/2015:03:01:59 -0500] "GET /BLA/resoluciones/RESOLUCIONES%202011/4909.pdf HTTP/1.1" 200 1364421
181.54.84.12 - - [13/Jan/2015:03:02:01 -0500] "POST /forms/lservlet;jsessionid=ac16012b30d53c19fd64a26d4f5ea8b7f62efc7af06d.e3iSbxaKaheRe34SahiRb30Pchr0n6jAmljGr5XDqQLvpAe HTTP/1.1" 200 168
181.54.84.12 - - [13/Jan/2015:03:02:01 -0500] "POST /forms/lservlet;jsessionid=ac16012b30d53c19fd64a26d4f5ea8b7f62efc7af06d.e3iSbxaKaheRe34SahiRb30Pchr0n6jAmljGr5XDqQLvpAe HTTP/1.1" 200 8
181.54.84.12 - - [13/Jan/2015:03:02:01 -0500] "POST /forms/lservlet;jsessionid=ac16012b30d53c19fd64a26d4f5ea8b7f62efc7af06d.e3iSbxaKaheRe34SahiRb30Pchr0n6jAmljGr5XDqQLvpAe HTTP/1.1" 200 2
66.249.67.83 - - [13/Jan/2015:03:02:12 -0500] "GET /BLA/resoluciones/AUTOS%202008/0898.pdf HTTP/1.1" 200 225752
66.249.67.83 - - [13/Jan/2015:03:02:39 -0500] "GET /BLA/resoluciones/RESOLUCIONES%202013/0609.pdf HTTP/1.1" 200 1556593
207.46.13.133 - - [13/Jan/2015:03:02:48 -0500] "GET /BLA/resoluciones/RESOLUCIONES%202007/RES%202007%201001%20AL%201100/RESOLUCION%201002%20DE%202007.pdf HTTP/1.1" 200 362511
207.46.13.133 - - [13/Jan/2015:03:02:48 -0500] "GET /BLA/resoluciones/AUTOS%202012/0654.pdf HTTP/1.1" 200 561634
181.54.84.12 - - [13/Jan/2015:03:03:13 -0500] "POST /forms/lservlet;jsessionid=ac16012b30d53c19fd64a26d4f5ea8b7f62efc7af06d.e3iSbxaKaheRe34SahiRb30Pchr0n6jAmljGr5XDqQLvpAe HTTP/1.1" 200 2
66.249.67.83 - - [13/Jan/2015:03:03:14 -0500] "GET /BLA/resoluciones/RESOLUCIONES%202007/RES%202007%203501%20AL%203600/RESOLUCION%203522%20%20DE%202007.pdf HTTP/1.1" 200 220128
66.249.67.75 - - [13/Jan/2015:03:03:18 -0500] "GET /BLA/resoluciones/AUTOS%202011/1932.pdf HTTP/1.1" 200 151905
181.113.138.169 - - [13/Jan/2015:03:03:40 -0500] "GET /BLA/boletinlegal/js/jquery.js HTTP/1.1" 200 57254
181.113.138.169 - - [13/Jan/2015:03:03:40 -0500] "GET /BLA/boletinlegal/js/jquery.scrollTo-min.js HTTP/1.1" 200 1150
181.113.138.169 - - [13/Jan/2015:03:03:40 -0500] "GET /BLA/boletinlegal/js/jquery.scrollShow.js HTTP/1.1" 200 4586
74.86.158.107 - - [13/Jan/2015:03:03:50 -0500] "HEAD / HTTP/1.1" 302 -
180.76.6.57 - - [13/Jan/2015:03:03:52 -0500] "GET /BLA/resoluciones/RESOLUCIONES%202009/1164.pdf HTTP/1.1" 200 293848
66.249.67.67 - - [13/Jan/2015:03:03:58 -0500] "GET /BLA/resoluciones/RESOLUCIONES%202010/6771.pdf HTTP/1.1" 200 246022
188.165.15.212 - - [13/Jan/2015:03:04:07 -0500] "GET /BLA/resoluciones/RESOLUCIONES%202003/RES%202003%201401-1450/20031444.tif HTTP/1.1" 200 47462
66.249.67.67 - - [13/Jan/2015:03:04:38 -0500] "GET /BLA/resoluciones/RESOLUCIONES%202007/RES%202007%203401%20AL%203500/RESOLUCION%203417%20DE%202007.pdf HTTP/1.1" 304 -
66.249.67.75 - - [13/Jan/2015:03:04:48 -0500] "GET /BLA/resoluciones/RESOLUCIONES%202007/RES%202007%204301%20AL%204352/RESOLUCION%204314%20DE%202007.pdf HTTP/1.1" 200 800970
66.249.67.83 - - [13/Jan/2015:03:05:02 -0500] "GET /BLA/resoluciones/AUTOS%202006/AUTOS%202006%202101%20-%202200/00002183.tif HTTP/1.1" 200 215730
181.54.84.12 - - [13/Jan/2015:03:05:13 -0500] "POST /forms/lservlet;jsessionid=ac16012b30d53c19fd64a26d4f5ea8b7f62efc7af06d.e3iSbxaKaheRe34SahiRb30Pchr0n6jAmljGr5XDqQLvpAe HTTP/1.1" 200 2
66.249.67.83 - - [13/Jan/2015:03:05:17 -0500] "GET /BLA/resoluciones/RESOLUCIONES%202007/RES%202007%201%20AL%20100/RESOLUCION%200003%20DE%202007.pdf HTTP/1.1" 304 -
207.46.13.113 - - [13/Jan/2015:03:06:20 -0500] "GET /bla/resoluciones/autos%202010/0555.pdf HTTP/1.1" 200 243949
181.113.138.169 - - [13/Jan/2015:03:03:52 -0500] "GET /videos/CRRFFS.mp4 HTTP/1.1" 200 286784363
66.249.67.83 - - [13/Jan/2015:03:06:37 -0500] "GET /BLA/resoluciones/RESOLUCIONES%202011/1325.pdf HTTP/1.1" 304 -
66.249.67.75 - - [13/Jan/2015:03:06:38 -0500] "GET /BLA/resoluciones/RESOLUCIONES%202007/RES%202007%201101%20AL%201200/RESOLUCION%201176%20DE%202007.pdf HTTP/1.1" 304 -
181.54.84.12 - - [13/Jan/2015:03:07:13 -0500] "POST /forms/lservlet;jsessionid=ac16012b30d53c19fd64a26d4f5ea8b7f62efc7af06d.e3iSbxaKaheRe34SahiRb30Pchr0n6jAmljGr5XDqQLvpAe HTTP/1.1" 200 2
66.249.67.75 - - [13/Jan/2015:03:07:17 -0500] "GET /BLA/resoluciones/AUTOS%202011/5141.pdf HTTP/1.1" 304 -
207.46.13.113 - - [13/Jan/2015:03:07:45 -0500] "GET /bla/resoluciones/autos%202010/1156.pdf HTTP/1.1" 200 147520
66.249.67.67 - - [13/Jan/2015:03:07:56 -0500] "GET /BLA/resoluciones/AUTOS%202014/1826.pdf HTTP/1.1" 304 -
181.50.70.136 - - [13/Jan/2015:03:08:12 -0500] "GET /BLA/boletinlegal/js/jquery.js HTTP/1.1" 200 57254
181.50.70.136 - - [13/Jan/2015:03:08:12 -0500] "GET /BLA/boletinlegal/js/jquery.scrollTo-min.js HTTP/1.1" 200 1150
181.50.70.136 - - [13/Jan/2015:03:08:12 -0500] "GET /BLA/boletinlegal/js/jquery.scrollShow.js HTTP/1.1" 200 4586
66.249.67.75 - - [13/Jan/2015:03:08:13 -0500] "GET /BLA/resoluciones/RESOLUCIONES%202007/RES%202007%203501%20AL%203600/RESOLUCION%203570%20DE%202007.pdf HTTP/1.1" 200 84394
66.249.67.75 - - [13/Jan/2015:03:08:25 -0500] "GET /BLA/resoluciones/RESOLUCIONES%202006/RES%202006%202351-2400/00002363.tif HTTP/1.1" 200 37190
66.249.67.83 - - [13/Jan/2015:03:08:36 -0500] "GET /residuos/curtiembres/files/guia_curtiembres.pdf HTTP/1.1" 404 1018
74.86.158.107 - - [13/Jan/2015:03:08:50 -0500] "HEAD / HTTP/1.1" 302 -
181.54.84.12 - - [13/Jan/2015:03:09:13 -0500] "POST /forms/lservlet;jsessionid=ac16012b30d53c19fd64a26d4f5ea8b7f62efc7af06d.e3iSbxaKaheRe34SahiRb30Pchr0n6jAmljGr5XDqQLvpAe HTTP/1.1" 200 2
66.249.67.103 - - [13/Jan/2015:03:09:16 -0500] "GET /PORTAL_SIAC/swf/Residuos/curtiembres/files/search/searchtext.xml HTTP/1.1" 304 -
66.249.67.111 - - [13/Jan/2015:03:09:55 -0500] "GET / HTTP/1.1" 302 -
66.249.67.83 - - [13/Jan/2015:03:09:58 -0500] "GET /BLA/resoluciones/Notificaciones/AUTOS%202014/3044.doc HTTP/1.1" 200 988672
66.249.67.111 - - [13/Jan/2015:03:10:01 -0500] "GET /ecodirectorio/files/res/pages/page_0096.swf HTTP/1.1" 200 266817
66.249.67.111 - - [13/Jan/2015:03:10:35 -0500] "GET /PruebasSTORM/StormSDA_pruebas/userFiles/user_files/formulas/3/611.xml HTTP/1.1" 200 993
188.165.15.21 - - [13/Jan/2015:03:10:58 -0500] "GET /BLA/resoluciones/RESOLUCIONES%202003/RES%202003%201051-1100/1099.tif HTTP/1.1" 200 180804
207.46.13.133 - - [13/Jan/2015:03:11:12 -0500] "GET /bla/resoluciones/autos%202010/1429.pdf HTTP/1.1" 200 167214
181.54.84.12 - - [13/Jan/2015:03:11:13 -0500] "POST /forms/lservlet;jsessionid=ac16012b30d53c19fd64a26d4f5ea8b7f62efc7af06d.e3iSbxaKaheRe34SahiRb30Pchr0n6jAmljGr5XDqQLvpAe HTTP/1.1" 200 2
181.113.138.169 - - [13/Jan/2015:03:07:28 -0500] "GET /videos/CRRFFS.mp4 HTTP/1.1" 200 286784363
66.249.67.119 - - [13/Jan/2015:03:11:15 -0500] "GET /PruebasSTORM/StormSDA_pruebas/userFiles/user_files/formulas/3/280.xml HTTP/1.1" 200 965
181.113.138.169 - - [13/Jan/2015:03:11:33 -0500] "GET /videos/CRRFFS.mp4 HTTP/1.1" 200 286784363
66.249.67.111 - - [13/Jan/2015:03:11:55 -0500] "GET /PruebasSTORM/StormSDA_pruebas/userFiles/user_files/formulas/3/361.xml HTTP/1.1" 200 867
207.46.13.113 - - [13/Jan/2015:03:11:56 -0500] "GET /BLA/boletinlegal/Circulares/2011/Circular%20No.%203%20del%2023%20de%20Junio%20de%202011.pdf HTTP/1.1" 200 1452758
66.249.67.83 - - [13/Jan/2015:03:12:04 -0500] "GET /BLA/resoluciones/AUTOS%202013/3433.pdf HTTP/1.1" 304 -
66.249.67.83 - - [13/Jan/2015:03:12:32 -0500] "GET /BLA/resoluciones/RESOLUCIONES%202010/7753.pdf HTTP/1.1" 200 543457
66.249.67.119 - - [13/Jan/2015:03:12:34 -0500] "GET /PruebasSTORM/StormSDA_pruebas/userFiles/user_files/formulas/3/306.xml HTTP/1.1" 200 781
181.54.84.12 - - [13/Jan/2015:03:13:13 -0500] "POST /forms/lservlet;jsessionid=ac16012b30d53c19fd64a26d4f5ea8b7f62efc7af06d.e3iSbxaKaheRe34SahiRb30Pchr0n6jAmljGr5XDqQLvpAe HTTP/1.1" 200 2
66.249.67.111 - - [13/Jan/2015:03:13:14 -0500] "GET /PruebasSTORM/StormSDA_pruebas/userFiles/user_files/formulas/3/309.xml HTTP/1.1" 200 921
157.55.39.23 - - [13/Jan/2015:03:13:37 -0500] "GET /bla/resoluciones/autos%202010/1387.pdf HTTP/1.1" 200 239701
74.86.158.107 - - [13/Jan/2015:03:13:50 -0500] "HEAD / HTTP/1.1" 302 -
66.249.67.103 - - [13/Jan/2015:03:13:54 -0500] "GET /PruebasSTORM/StormSDA_pruebas/userFiles/user_files/formulas/3/291.xml HTTP/1.1" 200 949
66.249.67.67 - - [13/Jan/2015:03:13:56 -0500] "GET /BLA/resoluciones/RESOLUCIONES%202011/3976.pdf HTTP/1.1" 200 792238
66.249.67.75 - - [13/Jan/2015:03:14:07 -0500] "GET /BLA/resoluciones/RESOLUCIONES%202007/RES%202007%201401%20AL%201500/RESOLUCION%201487%20DE%202007.pdf HTTP/1.1" 304 -
186.97.126.97 - - [13/Jan/2015:03:14:30 -0500] "GET /BLA/resoluciones/RESOLUCIONES%202007/RES%202007%202501%20AL%202600/RESOLUCION%202542%20DE%202007.pdf HTTP/1.1" 200 867071
66.249.67.119 - - [13/Jan/2015:03:14:33 -0500] "GET /Anexos%20estudio%20Organizacional%20SDA/ANEXO%20No.%203-%20CONTRATACI%C3%93N%20%20OPS%C2%B4s%202008-2012/CONTRATOS%20SDA%202009%20POR%20DEPENDENCIA%20(1).xls HTTP/1.1" 304 -
207.46.13.133 - - [13/Jan/2015:03:14:39 -0500] "GET /bla/resoluciones/autos%202010/5520.pdf HTTP/1.1" 200 157273
157.55.39.23 - - [13/Jan/2015:03:14:46 -0500] "GET /BLA/resoluciones/RESOLUCIONES%202007/RES%202007%20901%20AL%201000/RESOLUCION%200987%20DE%202007.pdf HTTP/1.1" 200 476666
157.55.39.23 - - [13/Jan/2015:03:14:51 -0500] "GET /BLA/resoluciones/AUTOS%202010/5522.pdf HTTP/1.1" 200 196423
66.249.67.75 - - [13/Jan/2015:03:15:09 -0500] "GET /BLA/resoluciones/RESOLUCIONES%202009/2890.pdf HTTP/1.1" 200 494666
66.249.67.103 - - [13/Jan/2015:03:15:13 -0500] "GET /ecodirectorio/files/res/other/search.txt HTTP/1.1" 304 -
181.54.84.12 - - [13/Jan/2015:03:15:13 -0500] "POST /forms/lservlet;jsessionid=ac16012b30d53c19fd64a26d4f5ea8b7f62efc7af06d.e3iSbxaKaheRe34SahiRb30Pchr0n6jAmljGr5XDqQLvpAe HTTP/1.1" 200 2
79.22.96.64 - - [13/Jan/2015:03:15:58 -0500] "GET /BLA/resoluciones/RESOLUCIONES%202009/1849.pdf HTTP/1.1" 200 514946
79.22.96.64 - - [13/Jan/2015:03:15:59 -0500] "GET /BLA/resoluciones/RESOLUCIONES%202009/1849.pdf HTTP/1.1" 206 32768
79.22.96.64 - - [13/Jan/2015:03:16:01 -0500] "GET /BLA/resoluciones/RESOLUCIONES%202009/1849.pdf HTTP/1.1" 206 482178
188.165.15.79 - - [13/Jan/2015:03:16:07 -0500] "GET /BLA/resoluciones/RESOLUCIONES%202006/RES%202006%202551-2600/00002586.tif HTTP/1.1" 200 267354
181.54.84.12 - - [13/Jan/2015:03:16:11 -0500] "POST /forms/lservlet;jsessionid=ac16012b30d53c19fd64a26d4f5ea8b7f62efc7af06d.e3iSbxaKaheRe34SahiRb30Pchr0n6jAmljGr5XDqQLvpAe HTTP/1.1" 200 2027
181.54.84.12 - - [13/Jan/2015:03:16:11 -0500] "POST /forms/lservlet;jsessionid=ac16012b30d53c19fd64a26d4f5ea8b7f62efc7af06d.e3iSbxaKaheRe34SahiRb30Pchr0n6jAmljGr5XDqQLvpAe HTTP/1.1" 200 78
66.249.67.75 - - [13/Jan/2015:03:16:11 -0500] "GET /BLA/resoluciones/RESOLUCIONES%202009/8922.pdf HTTP/1.1" 304 -
181.54.84.12 - - [13/Jan/2015:03:16:12 -0500] "POST /forms/lservlet;jsessionid=ac16012b30d53c19fd64a26d4f5ea8b7f62efc7af06d.e3iSbxaKaheRe34SahiRb30Pchr0n6jAmljGr5XDqQLvpAe HTTP/1.1" 200 86
181.54.84.12 - - [13/Jan/2015:03:16:12 -0500] "POST /forms/lservlet;jsessionid=ac16012b30d53c19fd64a26d4f5ea8b7f62efc7af06d.e3iSbxaKaheRe34SahiRb30Pchr0n6jAmljGr5XDqQLvpAe HTTP/1.1" 200 -
180.76.5.149 - - [13/Jan/2015:03:16:27 -0500] "GET /sinmi1/sinmicom.htm HTTP/1.1" 404 1019
66.249.67.83 - - [13/Jan/2015:03:16:32 -0500] "GET /BLA/resoluciones/RESOLUCIONES%202009/9427.pdf HTTP/1.1" 200 427056
66.249.67.75 - - [13/Jan/2015:03:17:12 -0500] "GET /BLA/resoluciones/RESOLUCIONES%202013/0512.pdf HTTP/1.1" 200 215589
66.249.67.67 - - [13/Jan/2015:03:17:13 -0500] "GET /BLA/resoluciones/RESOLUCIONES%202008/5055.pdf HTTP/1.1" 200 250569
157.55.39.23 - - [13/Jan/2015:03:17:33 -0500] "GET /bla/resoluciones/resoluciones%202009/3886.pdf HTTP/1.1" 200 298503
66.249.67.67 - - [13/Jan/2015:03:17:44 -0500] "GET /BLA/resoluciones/RESOLUCIONES%202010/3638.pdf HTTP/1.1" 200 763473
66.249.67.83 - - [13/Jan/2015:03:17:52 -0500] "GET /BLA/resoluciones/AUTOS%202008/2865.pdf HTTP/1.1" 304 -
66.249.67.75 - - [13/Jan/2015:03:17:53 -0500] "GET /BLA/resoluciones/AUTOS%202011/1321.pdf HTTP/1.1" 200 167297
66.249.67.75 - - [13/Jan/2015:03:18:14 -0500] "GET /BLA/resoluciones/RESOLUCIONES%202007/RES%202007%203501%20AL%203600/RESOLUCION%203571%20DE%202007.pdf HTTP/1.1" 200 78317
66.249.67.67 - - [13/Jan/2015:03:18:14 -0500] "GET /BLA/resoluciones/RESOLUCIONES%202009/8959.pdf HTTP/1.1" 304 -
66.249.67.75 - - [13/Jan/2015:03:18:32 -0500] "GET /BLA/resoluciones/RESOLUCIONES%202007/RES%202007%201%20AL%20100/RESOLUCION%200022%20DE%202007.pdf HTTP/1.1" 200 266471
188.165.15.212 - - [13/Jan/2015:03:18:40 -0500] "GET /BLA/resoluciones/RESOLUCIONES%202006/RES%202006%202101-2150/00002141.tif HTTP/1.1" 200 140246
180.76.5.187 - - [13/Jan/2015:03:18:45 -0500] "GET /BLA/resoluciones/AUTOS%202011/6176.pdf HTTP/1.1" 200 148248
74.86.158.107 - - [13/Jan/2015:03:18:50 -0500] "HEAD / HTTP/1.1" 302 -
66.249.67.83 - - [13/Jan/2015:03:19:11 -0500] "GET /BLA/resoluciones/RESOLUCIONES%202013/0978.pdf HTTP/1.1" 304 -
180.76.6.225 - - [13/Jan/2015:03:19:24 -0500] "GET /BLA/resoluciones/RESOLUCIONES%202008/0890.pdf HTTP/1.1" 200 426778
207.46.13.12 - - [13/Jan/2015:03:19:37 -0500] "GET /bla/resoluciones/autos%202010/6915.pdf HTTP/1.1" 200 369113
66.249.67.83 - - [13/Jan/2015:03:19:51 -0500] "GET /BLA/resoluciones/RESOLUCIONES%202010/2662.pdf HTTP/1.1" 200 338942
66.249.67.67 - - [13/Jan/2015:03:20:19 -0500] "GET /BLA/resoluciones/RESOLUCIONES%202009/4060.pdf HTTP/1.1" 200 669166
66.249.67.75 - - [13/Jan/2015:03:20:20 -0500] "GET /BLA/resoluciones/AUTOS%202009/1245.pdf HTTP/1.1" 200 116262
66.249.67.119 - - [13/Jan/2015:03:20:31 -0500] "GET /PruebasSTORM/StormSDA_pruebas/userFiles/user_files/formulas/4/ HTTP/1.1" 200 905
66.249.67.75 - - [13/Jan/2015:03:21:10 -0500] "GET /BLA/resoluciones/RESOLUCIONES%202009/4369.pdf HTTP/1.1" 200 1144499
188.165.15.44 - - [13/Jan/2015:03:21:23 -0500] "GET /BLA/resoluciones/RESOLUCIONES%202004/RES%202004%20251-300/00000293.tif HTTP/1.1" 200 102488
66.249.67.67 - - [13/Jan/2015:03:21:50 -0500] "GET /BLA/resoluciones/RESOLUCIONES%202008/3479.pdf HTTP/1.1" 200 256933
66.249.67.75 - - [13/Jan/2015:03:22:23 -0500] "GET /BLA/resoluciones/RESOLUCIONES%202012/0042.pdf HTTP/1.1" 304 -
209.92.176.24 - - [13/Jan/2015:03:22:26 -0500] "GET /cgi-bin/test.cgi HTTP/1.0" 404 1018
66.249.67.67 - - [13/Jan/2015:03:22:30 -0500] "GET /BLA/resoluciones/RESOLUCIONES%202009/4587.pdf HTTP/1.1" 200 638519
66.249.67.75 - - [13/Jan/2015:03:22:53 -0500] "GET /BLA/resoluciones/RESOLUCIONES%202013/2688.pdf HTTP/1.1" 200 294248
180.76.5.144 - - [13/Jan/2015:03:22:59 -0500] "GET /BLA/resoluciones/RESOLUCIONES%202009/1461.pdf HTTP/1.1" 200 662771
188.165.15.66 - - [13/Jan/2015:03:23:02 -0500] "GET /BLA/resoluciones/RESOLUCIONES%202003/RES%202003%201101-1150/1148.tif HTTP/1.1" 200 174988
188.165.15.44 - - [13/Jan/2015:03:23:04 -0500] "GET /BLA/resoluciones/RESOLUCIONES%202005/RES%202005%20%201701-1750/INDEX.DAT HTTP/1.1" 200 1960
66.249.67.83 - - [13/Jan/2015:03:23:10 -0500] "GET /BLA/resoluciones/RESOLUCIONES%202008/2889.pdf HTTP/1.1" 200 285152
66.249.67.75 - - [13/Jan/2015:03:23:13 -0500] "GET /BLA/resoluciones/RESOLUCIONES%202007/RES%202007%203501%20AL%203600/RESOLUCION%203519%20DE%202007.pdf HTTP/1.1" 200 431721
157.55.39.22 - - [13/Jan/2015:03:23:33 -0500] "GET /BLA/resoluciones/RESOLUCIONES%202009/0543.pdf HTTP/1.1" 200 264301
157.55.39.22 - - [13/Jan/2015:03:23:33 -0500] "GET /bla/resoluciones/autos%202010/0857.pdf HTTP/1.1" 200 185963
123.125.71.28 - - [13/Jan/2015:03:23:34 -0500] "GET / HTTP/1.1" 302 -
157.55.39.22 - - [13/Jan/2015:03:23:34 -0500] "GET /BLA/resoluciones/index.php?dir=AUTOS%202010/&sort=name&order=desc HTTP/1.1" 200 222888
66.249.67.67 - - [13/Jan/2015:03:23:49 -0500] "GET /BLA/resoluciones/RESOLUCIONES%202009/0877.pdf HTTP/1.1" 200 325125
74.86.158.107 - - [13/Jan/2015:03:23:50 -0500] "HEAD / HTTP/1.1" 302 -
188.165.15.79 - - [13/Jan/2015:03:24:00 -0500] "GET /BLA/resoluciones/RESOLUCIONES%202004/RES%202004%202101-2150/00002145.tif HTTP/1.1" 200 157344
66.249.67.75 - - [13/Jan/2015:03:24:26 -0500] "GET /BLA/resoluciones/RESOLUCIONES%202008/3834.pdf HTTP/1.1" 200 390678
66.249.67.83 - - [13/Jan/2015:03:24:29 -0500] "GET /BLA/resoluciones/RESOLUCIONES%202008/1367.pdf HTTP/1.1" 200 411628
157.55.39.23 - - [13/Jan/2015:03:24:36 -0500] "GET /bla/resoluciones/resoluciones%202009/8693.pdf HTTP/1.1" 200 515006
157.55.39.23 - - [13/Jan/2015:03:24:37 -0500] "GET /bla/resoluciones/autos%202010/5348.pdf HTTP/1.1" 200 2332095
207.46.13.133 - - [13/Jan/2015:03:24:51 -0500] "GET /bla/resoluciones/autos%202010/0155.pdf HTTP/1.1" 200 193563
66.249.67.83 - - [13/Jan/2015:03:25:09 -0500] "GET /BLA/resoluciones/RESOLUCIONES%202009/3094.pdf HTTP/1.1" 200 478757
188.165.15.66 - - [13/Jan/2015:03:25:12 -0500] "GET /BLA/resoluciones/RESOLUCIONES%202005/RES%202005%201401-1450/00001409.tif HTTP/1.1" 200 73548
220.181.108.101 - - [13/Jan/2015:03:25:24 -0500] "GET / HTTP/1.1" 302 -
66.249.67.75 - - [13/Jan/2015:03:25:30 -0500] "GET /BLA/resoluciones/RESOLUCIONES%202008/4498.pdf HTTP/1.1" 200 479722
66.249.67.75 - - [13/Jan/2015:03:25:48 -0500] "GET /BLA/resoluciones/RESOLUCIONES%202009/0469.pdf HTTP/1.1" 200 222413
157.55.39.23 - - [13/Jan/2015:03:25:56 -0500] "GET /BLA/boletinlegal/jurisprudencia.php HTTP/1.1" 200 10741
66.249.67.83 - - [13/Jan/2015:03:26:28 -0500] "GET /BLA/resoluciones/RESOLUCIONES%202008/3084.pdf HTTP/1.1" 200 331445
66.249.67.75 - - [13/Jan/2015:03:26:30 -0500] "GET /BLA/resoluciones/RESOLUCIONES%202009/1762.pdf HTTP/1.1" 200 538087
66.249.67.83 - - [13/Jan/2015:03:27:08 -0500] "GET /BLA/resoluciones/RESOLUCIONES%202008/0037.pdf HTTP/1.1" 200 651610
157.55.39.22 - - [13/Jan/2015:03:27:11 -0500] "GET /bla/resoluciones/autos%202010/5295.pdf HTTP/1.1" 200 105120
157.55.39.22 - - [13/Jan/2015:03:27:26 -0500] "GET /bla/resoluciones/autos%202010/5263.pdf HTTP/1.1" 200 324617
207.46.13.133 - - [13/Jan/2015:03:27:32 -0500] "GET /bla/resoluciones/autos%202010/6680.pdf HTTP/1.1" 200 377550
66.249.67.67 - - [13/Jan/2015:03:27:47 -0500] "GET /BLA/resoluciones/RESOLUCIONES%202009/2021.pdf HTTP/1.1" 200 387596
66.249.67.75 - - [13/Jan/2015:03:28:05 -0500] "GET /BLA/resoluciones/AUTOS%202010/5389.pdf HTTP/1.1" 200 697500
66.249.67.83 - - [13/Jan/2015:03:28:27 -0500] "GET /BLA/resoluciones/RESOLUCIONES%202009/5923.pdf HTTP/1.1" 200 863800
66.249.67.75 - - [13/Jan/2015:03:28:33 -0500] "GET /BLA/resoluciones/RESOLUCIONES%202008/3980.pdf HTTP/1.1" 200 376828
74.86.158.107 - - [13/Jan/2015:03:28:50 -0500] "HEAD / HTTP/1.1" 302 -
66.249.67.83 - - [13/Jan/2015:03:29:07 -0500] "GET /BLA/resoluciones/RESOLUCIONES%202009/0065.pdf HTTP/1.1" 200 267286
66.249.67.83 - - [13/Jan/2015:03:29:47 -0500] "GET /BLA/resoluciones/RESOLUCIONES%202009/5740.pdf HTTP/1.1" 200 101838
66.249.67.75 - - [13/Jan/2015:03:30:26 -0500] "GET /BLA/resoluciones/RESOLUCIONES%202009/5859.pdf HTTP/1.1" 200 883218
157.55.39.38 - - [13/Jan/2015:03:30:27 -0500] "GET /phpold/Shortcut%20to%20b.gif.lnk HTTP/1.1" 404 1019
66.249.67.67 - - [13/Jan/2015:03:30:36 -0500] "GET /BLA/resoluciones/AUTOS%202011/0219.pdf HTTP/1.1" 200 156229
66.249.67.67 - - [13/Jan/2015:03:30:37 -0500] "GET /BLA/resoluciones/RESOLUCIONES%202008/3947.pdf HTTP/1.1" 200 265889
66.249.67.83 - - [13/Jan/2015:03:30:40 -0500] "GET /BLA/resoluciones/AUTOS%202012/1841.pdf HTTP/1.1" 200 645216
188.165.15.15 - - [13/Jan/2015:03:30:42 -0500] "GET /BLA/resoluciones/RESOLUCIONES%202005/RES%202005%20551-600/00000591.tif HTTP/1.1" 200 227798
188.165.15.66 - - [13/Jan/2015:03:30:44 -0500] "GET /BLA/resoluciones/RESOLUCIONES%202006/RES%202006%201601-1650/00001618.tif HTTP/1.1" 200 162134
66.249.67.75 - - [13/Jan/2015:03:31:06 -0500] "GET /BLA/resoluciones/Notificaciones/AUTOS%202013/1900.doc HTTP/1.1" 200 260608
188.165.15.130 - - [13/Jan/2015:03:31:25 -0500] "GET /BLA/resoluciones/RESOLUCIONES%202004/RES%202004%201051-1100/00001072.tif HTTP/1.1" 200 100992
207.46.13.113 - - [13/Jan/2015:03:31:34 -0500] "GET /BLA/resoluciones/AUTOS%202007/3178.pdf HTTP/1.1" 200 238987
207.46.13.113 - - [13/Jan/2015:03:31:44 -0500] "GET /BLA/resoluciones/RESOLUCIONES%202008/0507.pdf HTTP/1.1" 200 220446
66.249.67.67 - - [13/Jan/2015:03:31:46 -0500] "GET /BLA/resoluciones/RESOLUCIONES%202007/RES%202007%203301%20AL%203400/RESOLUCION%203398%20DE%202007.pdf HTTP/1.1" 200 674417
188.165.15.212 - - [13/Jan/2015:03:32:07 -0500] "GET /BLA/resoluciones/RESOLUCIONES%202006/RES%202006%201551-1600/00001595.tif HTTP/1.1" 200 192034
66.249.67.83 - - [13/Jan/2015:03:32:25 -0500] "GET /BLA/resoluciones/RESOLUCIONES%202007/RES%202007%202101%20AL%202200/RESOLUCION%202165%20DE%202007.pdf HTTP/1.1" 200 809286
66.249.67.75 - - [13/Jan/2015:03:32:41 -0500] "GET /BLA/resoluciones/RESOLUCIONES%202008/2721.pdf HTTP/1.1" 200 378419
188.165.15.237 - - [13/Jan/2015:03:32:45 -0500] "GET /BLA/resoluciones/RESOLUCIONES%202006/RES%202006%2051-100/00000094.tif HTTP/1.1" 200 208104
66.249.67.67 - - [13/Jan/2015:03:33:05 -0500] "GET /BLA/resoluciones/RESOLUCIONES%202011/2923.pdf HTTP/1.1" 200 716986
66.249.67.83 - - [13/Jan/2015:03:33:13 -0500] "GET /BLA/resoluciones/RESOLUCIONES%202007/RES%202007%203501%20AL%203600/RESOLUCION%203513%20DE%202007.pdf HTTP/1.1" 200 735417
66.249.67.83 - - [13/Jan/2015:03:33:15 -0500] "GET /BLA/resoluciones/RESOLUCIONES%202008/5418.pdf HTTP/1.1" 200 220533
66.249.67.67 - - [13/Jan/2015:03:33:20 -0500] "GET /robots.txt HTTP/1.1" 404 1015
66.249.67.67 - - [13/Jan/2015:03:33:20 -0500] "GET /dama/libreria/pdf/reportesredaire/anuales/2000.pdf HTTP/1.1" 404 1015
66.249.67.67 - - [13/Jan/2015:03:33:36 -0500] "GET /BLA/resoluciones/Autos%202008/3188.pdf HTTP/1.1" 200 213852
66.249.67.83 - - [13/Jan/2015:03:33:45 -0500] "GET /BLA/resoluciones/AUTOS%202008/1647.pdf HTTP/1.1" 200 107892
74.111.11.190 - - [13/Jan/2015:03:33:48 -0500] "GET /robots.txt HTTP/1.0" 404 1015
74.86.158.107 - - [13/Jan/2015:03:33:50 -0500] "HEAD / HTTP/1.1" 302 -
66.249.67.67 - - [13/Jan/2015:03:33:50 -0500] "GET /BLA/resoluciones/AUTOS%202006/AUTOS%202006%201701%20-%201800/00001735.tif HTTP/1.1" 200 109112
74.111.11.190 - - [13/Jan/2015:03:33:50 -0500] "GET /?C=M;O=A HTTP/1.1" 302 -
157.55.39.22 - - [13/Jan/2015:03:34:23 -0500] "GET /BLA/resoluciones/RESOLUCIONES%202009/2201.pdf HTTP/1.1" 200 644328
157.55.39.22 - - [13/Jan/2015:03:34:23 -0500] "GET /BLA/resoluciones/AUTOS%202012/2719.pdf HTTP/1.1" 200 390806
157.55.39.22 - - [13/Jan/2015:03:34:24 -0500] "GET /BLA/resoluciones/AUTOS%202010/2285.pdf HTTP/1.1" 200 308181
157.55.39.22 - - [13/Jan/2015:03:34:24 -0500] "GET /BLA/resoluciones/AUTOS%202009/1652.pdf HTTP/1.1" 200 98710
66.249.67.75 - - [13/Jan/2015:03:34:24 -0500] "GET /BLA/resoluciones/AUTOS%202008/2474.pdf HTTP/1.1" 200 214456
157.55.39.22 - - [13/Jan/2015:03:34:25 -0500] "GET /bla/resoluciones/autos%202010/1468.pdf HTTP/1.1" 200 257227
66.249.67.83 - - [13/Jan/2015:03:34:45 -0500] "GET /BLA/resoluciones/RESOLUCIONES%202008/0831.pdf HTTP/1.1" 200 197776
66.249.67.67 - - [13/Jan/2015:03:35:04 -0500] "GET /BLA/resoluciones/AUTOS%202008/0447.pdf HTTP/1.1" 200 619073
207.46.13.113 - - [13/Jan/2015:03:35:10 -0500] "GET /bla/resoluciones/resoluciones%202009/0417.pdf HTTP/1.1" 200 197960
188.165.15.79 - - [13/Jan/2015:03:35:17 -0500] "GET /BLA/resoluciones/RESOLUCIONES%202005/RES%202005%202351-2400/INDEX.DAT HTTP/1.1" 200 2000
66.249.67.67 - - [13/Jan/2015:03:35:44 -0500] "GET /BLA/resoluciones/AUTOS%202007/2191.pdf HTTP/1.1" 200 157681
66.249.67.67 - - [13/Jan/2015:03:35:51 -0500] "GET /BLA/resoluciones/RESOLUCIONES%202008/3268.pdf HTTP/1.1" 200 445502
207.46.13.113 - - [13/Jan/2015:03:36:00 -0500] "GET /bla/resoluciones/autos%202010/5592.pdf HTTP/1.1" 200 184539
66.249.67.75 - - [13/Jan/2015:03:36:09 -0500] "GET /BLA/resoluciones/RESOLUCIONES%202011/3374.pdf HTTP/1.1" 200 621456
190.27.166.250 - - [13/Jan/2015:03:36:19 -0500] "GET /BLA/boletinlegal/js/jquery.scrollTo-min.js HTTP/1.1" 200 1150
190.27.166.250 - - [13/Jan/2015:03:36:19 -0500] "GET /BLA/boletinlegal/js/jquery.js HTTP/1.1" 200 57254
190.27.166.250 - - [13/Jan/2015:03:36:19 -0500] "GET /galeria/carrusel/Carrusel/jquery-ui-1.8.13.custom.min.js HTTP/1.1" 200 10800
190.27.166.250 - - [13/Jan/2015:03:36:19 -0500] "GET /BLA/boletinlegal/js/jquery.scrollShow.js HTTP/1.1" 200 4586
190.27.166.250 - - [13/Jan/2015:03:36:20 -0500] "GET /galeria/carrusel/Carrusel/jquery.thumbnailScroller.css HTTP/1.1" 200 2066
190.27.166.250 - - [13/Jan/2015:03:36:20 -0500] "GET /galeria/carrusel/Carrusel/jquery.thumbnailScroller.js HTTP/1.1" 200 8157
190.27.166.250 - - [13/Jan/2015:03:36:22 -0500] "GET /galeria/nivo-slider/demo/demo.html HTTP/1.1" 200 3150
157.55.39.22 - - [13/Jan/2015:03:36:22 -0500] "GET /BLA/resoluciones/RESOLUCIONES%202008/2361.pdf HTTP/1.1" 200 309364
190.27.166.250 - - [13/Jan/2015:03:36:23 -0500] "GET /galeria/nivo-slider/themes/default/default.css HTTP/1.1" 200 1569
190.27.166.250 - - [13/Jan/2015:03:36:23 -0500] "GET /galeria/nivo-slider/themes/pascal/pascal.css HTTP/1.1" 200 2258
190.27.166.250 - - [13/Jan/2015:03:36:23 -0500] "GET /galeria/nivo-slider/themes/orman/orman.css HTTP/1.1" 200 2152
190.27.166.250 - - [13/Jan/2015:03:36:23 -0500] "GET /galeria/nivo-slider/nivo-slider.css HTTP/1.1" 200 1507
190.27.166.250 - - [13/Jan/2015:03:36:23 -0500] "GET /galeria/nivo-slider/demo/style.css HTTP/1.1" 200 2222
190.27.166.250 - - [13/Jan/2015:03:36:23 -0500] "GET /galeria/nivo-slider/demo/images/bolsas-08.jpg HTTP/1.1" 200 85589
190.27.166.250 - - [13/Jan/2015:03:36:23 -0500] "GET /galeria/nivo-slider/demo/images/Ruta-vertimientos-01.jpg HTTP/1.1" 200 130151
190.27.166.250 - - [13/Jan/2015:03:36:23 -0500] "GET /galeria/nivo-slider/demo/images/ecolecta-Dic2014.png HTTP/1.1" 200 288593
190.27.166.250 - - [13/Jan/2015:03:36:23 -0500] "GET /galeria/nivo-slider/demo/images/porloshumedales.jpg HTTP/1.1" 200 351238
190.27.166.250 - - [13/Jan/2015:03:36:23 -0500] "GET /galeria/nivo-slider/demo/images/Tingua-azul.jpg HTTP/1.1" 200 307638
190.27.166.250 - - [13/Jan/2015:03:36:23 -0500] "GET /galeria/nivo-slider/demo/images/bolsas-06.jpg HTTP/1.1" 200 90982
66.249.67.67 - - [13/Jan/2015:03:36:24 -0500] "GET /BLA/resoluciones/AUTOS%202008/1196.pdf HTTP/1.1" 200 421739
190.27.166.250 - - [13/Jan/2015:03:36:24 -0500] "GET /galeria/nivo-slider/demo/images/banner-redes.jpg HTTP/1.1" 200 62209
190.27.166.250 - - [13/Jan/2015:03:36:25 -0500] "GET /galeria/nivo-slider/demo/images/Banner-Caracol-Africano.jpg HTTP/1.1" 200 331986
190.27.166.250 - - [13/Jan/2015:03:36:25 -0500] "GET /galeria/nivo-slider/demo/images/4Simple_Slider.png HTTP/1.1" 200 11722
190.27.166.250 - - [13/Jan/2015:03:36:25 -0500] "GET /galeria/nivo-slider/demo/images/banner-llantas2.jpg HTTP/1.1" 200 73153
190.27.166.250 - - [13/Jan/2015:03:36:25 -0500] "GET /galeria/nivo-slider/jquery.nivo.slider.pack.js HTTP/1.1" 200 11561
190.27.166.250 - - [13/Jan/2015:03:36:25 -0500] "GET /galeria/nivo-slider/demo/scripts/jquery-1.7.1.min.js HTTP/1.1" 200 93868
190.27.166.250 - - [13/Jan/2015:03:36:26 -0500] "GET /galeria/nivo-slider/demo/images/banner-caballos.png HTTP/1.1" 200 389106
190.27.166.250 - - [13/Jan/2015:03:36:27 -0500] "GET /galeria/nivo-slider/demo/images/9Signos.jpg HTTP/1.1" 200 93040
190.27.166.250 - - [13/Jan/2015:03:36:28 -0500] "GET /galeria/nivo-slider/themes/default/loading.gif HTTP/1.1" 200 1737
190.27.166.250 - - [13/Jan/2015:03:36:28 -0500] "GET /galeria/nivo-slider/themes/default/arrows.png HTTP/1.1" 200 824
190.27.166.250 - - [13/Jan/2015:03:36:28 -0500] "GET /galeria/nivo-slider/themes/default/bullets.png HTTP/1.1" 200 1281
66.249.67.83 - - [13/Jan/2015:03:36:42 -0500] "GET /BLA/resoluciones/index.php?dir=RESOLUCIONES%202009/&sort=size&order=desc HTTP/1.1" 200 1672911
66.249.67.83 - - [13/Jan/2015:03:36:49 -0500] "GET /BLA/resoluciones/RESOLUCIONES%202008/0524.pdf HTTP/1.1" 200 181550
66.249.67.75 - - [13/Jan/2015:03:37:03 -0500] "GET /BLA/resoluciones/AUTOS%202008/1360.pdf HTTP/1.1" 200 71326
66.249.67.83 - - [13/Jan/2015:03:37:04 -0500] "GET /BLA/resoluciones/Autos%202008/2565.pdf HTTP/1.1" 200 101682
66.249.67.75 - - [13/Jan/2015:03:37:12 -0500] "GET /BLA/resoluciones/RESOLUCIONES%202006/RES%202006%202351-2400/00002370.tif HTTP/1.1" 200 47120
66.249.67.75 - - [13/Jan/2015:03:37:20 -0500] "GET /BLA/resoluciones/Autos%202008/1738.pdf HTTP/1.1" 200 137016
207.46.13.113 - - [13/Jan/2015:03:37:35 -0500] "GET /bla/resoluciones/autos%202010/6398.pdf HTTP/1.1" 200 185739
66.249.67.75 - - [13/Jan/2015:03:37:37 -0500] "GET /BLA/resoluciones/RESOLUCIONES%202009/2646.pdf HTTP/1.1" 200 218553
188.165.15.138 - - [13/Jan/2015:03:37:37 -0500] "GET /BLA/resoluciones/RESOLUCIONES%202004/RES%202004%201851-1900/00001868.tif HTTP/1.1" 200 169160
66.249.67.75 - - [13/Jan/2015:03:37:43 -0500] "GET /BLA/resoluciones/AUTOS%202008/0900.pdf HTTP/1.1" 200 215071
66.249.67.75 - - [13/Jan/2015:03:38:23 -0500] "GET /BLA/resoluciones/RESOLUCIONES%202007/RES%202007%203801%20AL%203900/RESOLUCION%203812%20DE%202007.pdf HTTP/1.1" 200 200466
66.249.67.75 - - [13/Jan/2015:03:38:26 -0500] "GET /BLA/resoluciones/RESOLUCIONES%202008/2623.pdf HTTP/1.1" 200 619552
66.249.67.67 - - [13/Jan/2015:03:38:32 -0500] "GET /BLA/resoluciones/RESOLUCIONES%202010/5924.pdf HTTP/1.1" 200 96508
188.165.15.66 - - [13/Jan/2015:03:38:37 -0500] "GET /BLA/resoluciones/RESOLUCIONES%202004/RES%202004%202001-2050/00002017.tif HTTP/1.1" 200 341464
188.165.15.44 - - [13/Jan/2015:03:38:37 -0500] "GET /BLA/resoluciones/RESOLUCIONES%202006/RES%202006%201501-1550/00001538.tif HTTP/1.1" 200 291628
188.165.15.237 - - [13/Jan/2015:03:38:50 -0500] "GET /BLA/resoluciones/RESOLUCIONES%202003/RES%202003%20651-700/695.tif HTTP/1.1" 200 149080
74.86.158.107 - - [13/Jan/2015:03:38:50 -0500] "HEAD / HTTP/1.1" 302 -
66.249.67.83 - - [13/Jan/2015:03:38:50 -0500] "GET /BLA/resoluciones/index.php?dir=RESOLUCIONES%202007/RES%202007%203501%20AL%203600/&sort=name&order=asc HTTP/1.1" 200 26836
66.249.67.67 - - [13/Jan/2015:03:38:51 -0500] "GET /BLA/resoluciones/RESOLUCIONES%202008/3762.pdf HTTP/1.1" 200 389640
66.249.67.67 - - [13/Jan/2015:03:39:02 -0500] "GET /BLA/resoluciones/AUTOS%202012/0743.pdf HTTP/1.1" 200 172066
66.249.67.67 - - [13/Jan/2015:03:39:42 -0500] "GET /BLA/resoluciones/AUTOS%202008/1177.pdf HTTP/1.1" 200 163917
157.55.39.38 - - [13/Jan/2015:03:39:54 -0500] "GET /phpold/sound.php HTTP/1.1" 404 1019
66.249.67.83 - - [13/Jan/2015:03:40:22 -0500] "GET /BLA/resoluciones/AUTOS%202008/1310.pdf HTTP/1.1" 200 225852
66.249.67.75 - - [13/Jan/2015:03:40:56 -0500] "GET /BLA/resoluciones/AUTOS%202009/0532.pdf HTTP/1.1" 200 253829
66.249.67.67 - - [13/Jan/2015:03:41:01 -0500] "GET /BLA/resoluciones/RESOLUCIONES%202011/4431.pdf HTTP/1.1" 200 234645
66.249.67.83 - - [13/Jan/2015:03:41:02 -0500] "GET /BLA/resoluciones/AUTOS%202008/0197.pdf HTTP/1.1" 200 188305
66.249.67.67 - - [13/Jan/2015:03:41:41 -0500] "GET /BLA/resoluciones/RESOLUCIONES%202007/RES%202007%201901%20AL%202000/RESOLUCION%201999%20DE%202007.pdf HTTP/1.1" 200 400488
207.46.13.12 - - [13/Jan/2015:03:41:54 -0500] "GET /BLA/resoluciones/AUTOS%202007/3161.pdf HTTP/1.1" 200 88980
180.76.6.230 - - [13/Jan/2015:03:42:10 -0500] "GET /BLA/resoluciones/AUTOS%202009/3121.pdf HTTP/1.1" 200 152209
66.249.67.83 - - [13/Jan/2015:03:42:21 -0500] "GET /BLA/resoluciones/AUTOS%202008/1194.pdf HTTP/1.1" 200 96507
66.249.67.67 - - [13/Jan/2015:03:43:00 -0500] "GET /BLA/resoluciones/RESOLUCIONES%202009/3908.pdf HTTP/1.1" 200 421864
66.249.67.67 - - [13/Jan/2015:03:43:01 -0500] "GET /BLA/resoluciones/AUTOS%202008/1106.pdf HTTP/1.1" 200 56014
188.165.15.79 - - [13/Jan/2015:03:43:08 -0500] "GET /BLA/resoluciones/index.php?dir=RESOLUCIONES%202003/RES%202003%202101-2150/&sort=name&order=desc HTTP/1.1" 200 12159
207.46.13.133 - - [13/Jan/2015:03:43:15 -0500] "GET /BLA/boletinlegal/actas/acta%20de%20acuerdo%2001%20adop%20regla%20inter%20CISPAER.pdf HTTP/1.1" 200 837068
