66.249.67.83 - - [13/Jan/2015:00:14:05 -0500] "GET /BLA/resoluciones/RESOLUCIONES%202007/RES%202007%20101%20AL%20200/RESOLUCION%200177%20DE%202007.pdf HTTP/1.1" 200 377617
157.55.39.23 - - [13/Jan/2015:00:14:09 -0500] "GET /BLA/resoluciones/AUTOS%202012/2660.pdf HTTP/1.1" 200 262441
66.249.88.209 - - [13/Jan/2015:00:14:16 -0500] "GET /BLA/boletinlegal/js/jquery.js HTTP/1.1" 200 57254
66.249.88.211 - - [13/Jan/2015:00:14:16 -0500] "GET /BLA/boletinlegal/js/jquery.scrollShow.js HTTP/1.1" 200 4586
66.249.88.209 - - [13/Jan/2015:00:14:16 -0500] "GET /BLA/boletinlegal/js/jquery.scrollTo-min.js HTTP/1.1" 200 1150
207.46.13.12 - - [13/Jan/2015:00:14:17 -0500] "GET /bla/resoluciones/autos%202010/4959.pdf HTTP/1.1" 200 203814
186.154.21.243 - - [13/Jan/2015:00:14:25 -0500] "POST /forms/lservlet;jsessionid=ac16012b30d5c655693429f94f0295ffbaa7e8a51c1a.e3iSbxaKaheRe34SahiRb30Pchr0n6jAmljGr5XDqQLvpAe HTTP/1.1" 200 2
188.165.15.15 - - [13/Jan/2015:00:14:38 -0500] "GET /BLA/resoluciones/RESOLUCIONES%202006/RES%202006%20701-750/00000745.tif HTTP/1.1" 200 231342
66.249.67.103 - - [13/Jan/2015:00:14:38 -0500] "GET /Autoliquidacion/index.php?dir=TR%C1MITES+AGUAS+SUBTERR%C1NEAS%2F126PM04-PR94-SOLICITUD+MODIFICACI%D2N+CONCESI%D3N+AGUAS+SUBTERR%C1NEAS%2F HTTP/1.1" 200 2958
207.46.13.133 - - [13/Jan/2015:00:14:40 -0500] "GET /BLA/resoluciones/RESOLUCIONES%202009/0648.pdf HTTP/1.1" 200 265326
200.118.153.247 - - [13/Jan/2015:00:14:41 -0500] "POST /forms/lservlet;jsessionid=ac16012b30d5efb348e920bf4f1cbb9e99537955de8a.e3iSbxaKaheRe34SahiRb30Pchr0n6jAmljGr5XDqQLvpAe HTTP/1.1" 200 2
181.54.84.12 - - [13/Jan/2015:00:14:44 -0500] "POST /forms/lservlet;jsessionid=ac16012b30d53c19fd64a26d4f5ea8b7f62efc7af06d.e3iSbxaKaheRe34SahiRb30Pchr0n6jAmljGr5XDqQLvpAe HTTP/1.1" 200 2
181.54.84.12 - - [13/Jan/2015:00:14:44 -0500] "POST /forms/lservlet;jsessionid=ac16012b30d53c19fd64a26d4f5ea8b7f62efc7af06d.e3iSbxaKaheRe34SahiRb30Pchr0n6jAmljGr5XDqQLvpAe HTTP/1.1" 200 699
181.54.84.12 - - [13/Jan/2015:00:14:45 -0500] "GET /imagenes/Srch_frw.gif HTTP/1.1" 200 925
181.54.84.12 - - [13/Jan/2015:00:14:45 -0500] "POST /forms/lservlet;jsessionid=ac16012b30d53c19fd64a26d4f5ea8b7f62efc7af06d.e3iSbxaKaheRe34SahiRb30Pchr0n6jAmljGr5XDqQLvpAe HTTP/1.1" 200 10
181.54.84.12 - - [13/Jan/2015:00:14:46 -0500] "POST /forms/lservlet;jsessionid=ac16012b30d53c19fd64a26d4f5ea8b7f62efc7af06d.e3iSbxaKaheRe34SahiRb30Pchr0n6jAmljGr5XDqQLvpAe HTTP/1.1" 200 24
181.54.84.12 - - [13/Jan/2015:00:14:46 -0500] "POST /forms/lservlet;jsessionid=ac16012b30d53c19fd64a26d4f5ea8b7f62efc7af06d.e3iSbxaKaheRe34SahiRb30Pchr0n6jAmljGr5XDqQLvpAe HTTP/1.1" 200 4743
181.54.84.12 - - [13/Jan/2015:00:14:47 -0500] "POST /forms/lservlet;jsessionid=ac16012b30d53c19fd64a26d4f5ea8b7f62efc7af06d.e3iSbxaKaheRe34SahiRb30Pchr0n6jAmljGr5XDqQLvpAe HTTP/1.1" 200 2
181.54.84.12 - - [13/Jan/2015:00:14:59 -0500] "POST /forms/lservlet;jsessionid=ac16012b30d53c19fd64a26d4f5ea8b7f62efc7af06d.e3iSbxaKaheRe34SahiRb30Pchr0n6jAmljGr5XDqQLvpAe HTTP/1.1" 200 2
207.46.13.133 - - [13/Jan/2015:00:14:59 -0500] "GET /BLA/resoluciones/RESOLUCIONES%202009/0648.pdf HTTP/1.1" 200 265326
66.249.67.67 - - [13/Jan/2015:00:15:03 -0500] "GET /BLA/resoluciones/RESOLUCIONES%202010/3811.pdf HTTP/1.1" 200 391664
181.54.84.12 - - [13/Jan/2015:00:15:24 -0500] "POST /forms/lservlet;jsessionid=ac16012b30d53c19fd64a26d4f5ea8b7f62efc7af06d.e3iSbxaKaheRe34SahiRb30Pchr0n6jAmljGr5XDqQLvpAe HTTP/1.1" 200 2
123.125.71.23 - - [13/Jan/2015:00:15:24 -0500] "GET / HTTP/1.1" 302 -
181.54.84.12 - - [13/Jan/2015:00:15:24 -0500] "POST /forms/lservlet;jsessionid=ac16012b30d53c19fd64a26d4f5ea8b7f62efc7af06d.e3iSbxaKaheRe34SahiRb30Pchr0n6jAmljGr5XDqQLvpAe HTTP/1.1" 200 14
181.54.84.12 - - [13/Jan/2015:00:15:25 -0500] "POST /forms/lservlet;jsessionid=ac16012b30d53c19fd64a26d4f5ea8b7f62efc7af06d.e3iSbxaKaheRe34SahiRb30Pchr0n6jAmljGr5XDqQLvpAe HTTP/1.1" 200 14
181.54.84.12 - - [13/Jan/2015:00:15:26 -0500] "POST /forms/lservlet;jsessionid=ac16012b30d53c19fd64a26d4f5ea8b7f62efc7af06d.e3iSbxaKaheRe34SahiRb30Pchr0n6jAmljGr5XDqQLvpAe HTTP/1.1" 200 131
181.54.84.12 - - [13/Jan/2015:00:15:27 -0500] "POST /forms/lservlet;jsessionid=ac16012b30d53c19fd64a26d4f5ea8b7f62efc7af06d.e3iSbxaKaheRe34SahiRb30Pchr0n6jAmljGr5XDqQLvpAe HTTP/1.1" 200 2
181.54.84.12 - - [13/Jan/2015:00:15:28 -0500] "GET /reports/rwservlet/getjobid340458?server=rep_srvapsda HTTP/1.1" 200 1515887
188.165.15.130 - - [13/Jan/2015:00:15:47 -0500] "GET /BLA/resoluciones/RESOLUCIONES%202002/RES%202002%201301-1350/20021303.tif HTTP/1.1" 200 42870
190.156.143.139 - - [13/Jan/2015:00:15:50 -0500] "POST /forms/lservlet;jsessionid=ac16012b30d5c048eb0e3b1e427bb4a2919341782135.e3iSbxaKaheRe34SahiRb30Pchr0n6jAmljGr5XDqQLvpAe HTTP/1.1" 200 2
180.76.6.49 - - [13/Jan/2015:00:15:51 -0500] "GET /BLA/resoluciones/AUTOS%202009/2034.pdf HTTP/1.1" 200 100279
190.99.54.121 - - [13/Jan/2015:00:16:15 -0500] "GET /webdav/x32.php?host=198.107.130.101&time=25&port=201 HTTP/1.1" 404 1018
207.46.13.113 - - [13/Jan/2015:00:16:19 -0500] "GET /bla/resoluciones/autos%202010/5350.pdf HTTP/1.1" 200 947311
186.154.21.243 - - [13/Jan/2015:00:16:25 -0500] "POST /forms/lservlet;jsessionid=ac16012b30d5c655693429f94f0295ffbaa7e8a51c1a.e3iSbxaKaheRe34SahiRb30Pchr0n6jAmljGr5XDqQLvpAe HTTP/1.1" 200 2
181.54.84.12 - - [13/Jan/2015:00:16:28 -0500] "POST /forms/lservlet;jsessionid=ac16012b30d53c19fd64a26d4f5ea8b7f62efc7af06d.e3iSbxaKaheRe34SahiRb30Pchr0n6jAmljGr5XDqQLvpAe HTTP/1.1" 200 2
181.54.84.12 - - [13/Jan/2015:00:16:28 -0500] "POST /forms/lservlet;jsessionid=ac16012b30d53c19fd64a26d4f5ea8b7f62efc7af06d.e3iSbxaKaheRe34SahiRb30Pchr0n6jAmljGr5XDqQLvpAe HTTP/1.1" 200 2346
181.54.84.12 - - [13/Jan/2015:00:16:28 -0500] "GET /imagenes/Srch_frw.gif HTTP/1.1" 200 925
181.54.84.12 - - [13/Jan/2015:00:16:32 -0500] "POST /forms/lservlet;jsessionid=ac16012b30d53c19fd64a26d4f5ea8b7f62efc7af06d.e3iSbxaKaheRe34SahiRb30Pchr0n6jAmljGr5XDqQLvpAe HTTP/1.1" 200 10
188.165.15.15 - - [13/Jan/2015:00:16:33 -0500] "GET /BLA/resoluciones/RESOLUCIONES%202000/2000%202000-2049.tif HTTP/1.1" 200 5003528
66.249.67.75 - - [13/Jan/2015:00:16:39 -0500] "GET /BLA/resoluciones/AUTOS%202011/6422.pdf HTTP/1.1" 200 227767
200.118.153.247 - - [13/Jan/2015:00:16:41 -0500] "POST /forms/lservlet;jsessionid=ac16012b30d5efb348e920bf4f1cbb9e99537955de8a.e3iSbxaKaheRe34SahiRb30Pchr0n6jAmljGr5XDqQLvpAe HTTP/1.1" 200 2
220.181.108.113 - - [13/Jan/2015:00:16:55 -0500] "GET / HTTP/1.1" 302 -
207.46.13.113 - - [13/Jan/2015:00:17:14 -0500] "GET /bla/resoluciones/autos%202010/1406.pdf HTTP/1.1" 200 246126
188.165.15.66 - - [13/Jan/2015:00:17:17 -0500] "GET /BLA/resoluciones/RESOLUCIONES%202003/RES%202003%20751-800/775.tif HTTP/1.1" 200 590844
181.54.84.12 - - [13/Jan/2015:00:17:25 -0500] "POST /forms/lservlet;jsessionid=ac16012b30d53c19fd64a26d4f5ea8b7f62efc7af06d.e3iSbxaKaheRe34SahiRb30Pchr0n6jAmljGr5XDqQLvpAe HTTP/1.1" 200 24
181.54.84.12 - - [13/Jan/2015:00:17:25 -0500] "POST /forms/lservlet;jsessionid=ac16012b30d53c19fd64a26d4f5ea8b7f62efc7af06d.e3iSbxaKaheRe34SahiRb30Pchr0n6jAmljGr5XDqQLvpAe HTTP/1.1" 200 2
181.54.84.12 - - [13/Jan/2015:00:17:25 -0500] "POST /forms/lservlet;jsessionid=ac16012b30d53c19fd64a26d4f5ea8b7f62efc7af06d.e3iSbxaKaheRe34SahiRb30Pchr0n6jAmljGr5XDqQLvpAe HTTP/1.1" 200 3852
181.54.84.12 - - [13/Jan/2015:00:17:25 -0500] "POST /forms/lservlet;jsessionid=ac16012b30d53c19fd64a26d4f5ea8b7f62efc7af06d.e3iSbxaKaheRe34SahiRb30Pchr0n6jAmljGr5XDqQLvpAe HTTP/1.1" 200 2
200.118.153.247 - - [13/Jan/2015:00:17:32 -0500] "POST /forms/lservlet;jsessionid=ac16012b30d5efb348e920bf4f1cbb9e99537955de8a.e3iSbxaKaheRe34SahiRb30Pchr0n6jAmljGr5XDqQLvpAe HTTP/1.1" 200 2333
200.118.153.247 - - [13/Jan/2015:00:17:38 -0500] "POST /forms/lservlet;jsessionid=ac16012b30d5efb348e920bf4f1cbb9e99537955de8a.e3iSbxaKaheRe34SahiRb30Pchr0n6jAmljGr5XDqQLvpAe HTTP/1.1" 200 26
200.118.153.247 - - [13/Jan/2015:00:17:38 -0500] "POST /forms/lservlet;jsessionid=ac16012b30d5efb348e920bf4f1cbb9e99537955de8a.e3iSbxaKaheRe34SahiRb30Pchr0n6jAmljGr5XDqQLvpAe HTTP/1.1" 200 3833
200.118.153.247 - - [13/Jan/2015:00:17:38 -0500] "POST /forms/lservlet;jsessionid=ac16012b30d5efb348e920bf4f1cbb9e99537955de8a.e3iSbxaKaheRe34SahiRb30Pchr0n6jAmljGr5XDqQLvpAe HTTP/1.1" 200 2
200.118.153.247 - - [13/Jan/2015:00:17:41 -0500] "POST /forms/lservlet;jsessionid=ac16012b30d5efb348e920bf4f1cbb9e99537955de8a.e3iSbxaKaheRe34SahiRb30Pchr0n6jAmljGr5XDqQLvpAe HTTP/1.1" 200 2
200.118.153.247 - - [13/Jan/2015:00:17:41 -0500] "POST /forms/lservlet;jsessionid=ac16012b30d5efb348e920bf4f1cbb9e99537955de8a.e3iSbxaKaheRe34SahiRb30Pchr0n6jAmljGr5XDqQLvpAe HTTP/1.1" 200 14
200.118.153.247 - - [13/Jan/2015:00:17:42 -0500] "POST /forms/lservlet;jsessionid=ac16012b30d5efb348e920bf4f1cbb9e99537955de8a.e3iSbxaKaheRe34SahiRb30Pchr0n6jAmljGr5XDqQLvpAe HTTP/1.1" 200 114
200.118.153.247 - - [13/Jan/2015:00:17:42 -0500] "POST /forms/lservlet;jsessionid=ac16012b30d5efb348e920bf4f1cbb9e99537955de8a.e3iSbxaKaheRe34SahiRb30Pchr0n6jAmljGr5XDqQLvpAe HTTP/1.1" 200 2
200.118.153.247 - - [13/Jan/2015:00:17:42 -0500] "GET /reports/rwservlet/getjobid340459?server=rep_srvapsda HTTP/1.1" 200 47696
190.156.143.139 - - [13/Jan/2015:00:17:50 -0500] "POST /forms/lservlet;jsessionid=ac16012b30d5c048eb0e3b1e427bb4a2919341782135.e3iSbxaKaheRe34SahiRb30Pchr0n6jAmljGr5XDqQLvpAe HTTP/1.1" 200 2
200.118.162.252 - - [13/Jan/2015:00:17:56 -0500] "GET /BLA/boletinlegal/js/jquery.js HTTP/1.1" 200 57254
200.118.162.252 - - [13/Jan/2015:00:17:56 -0500] "GET /BLA/boletinlegal/js/jquery.scrollShow.js HTTP/1.1" 200 4586
200.118.162.252 - - [13/Jan/2015:00:17:56 -0500] "GET /BLA/boletinlegal/js/jquery.scrollTo-min.js HTTP/1.1" 200 1150
200.118.162.252 - - [13/Jan/2015:00:17:56 -0500] "GET /galeria/carrusel/Carrusel/jquery-ui-1.8.13.custom.min.js HTTP/1.1" 200 10800
200.118.162.252 - - [13/Jan/2015:00:17:56 -0500] "GET /galeria/carrusel/Carrusel/jquery.thumbnailScroller.css HTTP/1.1" 200 2066
200.118.162.252 - - [13/Jan/2015:00:17:56 -0500] "GET /galeria/carrusel/Carrusel/jquery.thumbnailScroller.js HTTP/1.1" 200 8157
200.118.162.252 - - [13/Jan/2015:00:17:59 -0500] "GET /galeria/nivo-slider/demo/demo.html HTTP/1.1" 200 3150
200.118.162.252 - - [13/Jan/2015:00:18:00 -0500] "GET /galeria/nivo-slider/themes/default/default.css HTTP/1.1" 200 1569
200.118.162.252 - - [13/Jan/2015:00:18:00 -0500] "GET /galeria/nivo-slider/themes/pascal/pascal.css HTTP/1.1" 200 2258
200.118.162.252 - - [13/Jan/2015:00:18:00 -0500] "GET /galeria/nivo-slider/themes/orman/orman.css HTTP/1.1" 200 2152
200.118.162.252 - - [13/Jan/2015:00:18:00 -0500] "GET /galeria/nivo-slider/nivo-slider.css HTTP/1.1" 200 1507
200.118.162.252 - - [13/Jan/2015:00:18:00 -0500] "GET /galeria/nivo-slider/demo/style.css HTTP/1.1" 200 2222
200.118.162.252 - - [13/Jan/2015:00:18:00 -0500] "GET /galeria/nivo-slider/demo/images/bolsas-08.jpg HTTP/1.1" 200 85589
200.118.162.252 - - [13/Jan/2015:00:18:00 -0500] "GET /galeria/nivo-slider/demo/images/porloshumedales.jpg HTTP/1.1" 200 351238
200.118.162.252 - - [13/Jan/2015:00:18:00 -0500] "GET /galeria/nivo-slider/demo/images/ecolecta-Dic2014.png HTTP/1.1" 200 288593
200.118.162.252 - - [13/Jan/2015:00:18:00 -0500] "GET /galeria/nivo-slider/demo/images/Ruta-vertimientos-01.jpg HTTP/1.1" 200 130151
200.118.162.252 - - [13/Jan/2015:00:18:00 -0500] "GET /galeria/nivo-slider/demo/images/banner-redes.jpg HTTP/1.1" 200 62209
200.118.162.252 - - [13/Jan/2015:00:18:00 -0500] "GET /galeria/nivo-slider/demo/images/bolsas-06.jpg HTTP/1.1" 200 90982
200.118.162.252 - - [13/Jan/2015:00:18:00 -0500] "GET /galeria/nivo-slider/demo/images/9Signos.jpg HTTP/1.1" 200 93040
200.118.162.252 - - [13/Jan/2015:00:18:00 -0500] "GET /galeria/nivo-slider/demo/images/Tingua-azul.jpg HTTP/1.1" 200 307638
200.118.162.252 - - [13/Jan/2015:00:18:00 -0500] "GET /galeria/nivo-slider/demo/images/Banner-Caracol-Africano.jpg HTTP/1.1" 200 331986
200.118.162.252 - - [13/Jan/2015:00:18:00 -0500] "GET /galeria/nivo-slider/demo/images/banner-caballos.png HTTP/1.1" 200 389106
200.118.162.252 - - [13/Jan/2015:00:18:00 -0500] "GET /galeria/nivo-slider/demo/images/banner-llantas2.jpg HTTP/1.1" 200 73153
200.118.162.252 - - [13/Jan/2015:00:18:00 -0500] "GET /galeria/nivo-slider/demo/scripts/jquery-1.7.1.min.js HTTP/1.1" 200 93868
200.118.162.252 - - [13/Jan/2015:00:18:00 -0500] "GET /galeria/nivo-slider/jquery.nivo.slider.pack.js HTTP/1.1" 200 11561
200.118.162.252 - - [13/Jan/2015:00:18:01 -0500] "GET /galeria/nivo-slider/demo/images/4Simple_Slider.png HTTP/1.1" 200 11722
200.118.162.252 - - [13/Jan/2015:00:18:01 -0500] "GET /galeria/nivo-slider/themes/default/loading.gif HTTP/1.1" 200 1737
200.118.162.252 - - [13/Jan/2015:00:18:03 -0500] "GET /galeria/nivo-slider/themes/default/arrows.png HTTP/1.1" 200 824
200.118.162.252 - - [13/Jan/2015:00:18:03 -0500] "GET /galeria/nivo-slider/themes/default/bullets.png HTTP/1.1" 200 1281
180.76.5.192 - - [13/Jan/2015:00:18:12 -0500] "GET /BLA/boletinlegal;jsessionid=48DFFFAA89FC9AED69DDF335E8FDF49A?/? HTTP/1.1" 404 1018
186.154.21.243 - - [13/Jan/2015:00:18:25 -0500] "POST /forms/lservlet;jsessionid=ac16012b30d5c655693429f94f0295ffbaa7e8a51c1a.e3iSbxaKaheRe34SahiRb30Pchr0n6jAmljGr5XDqQLvpAe HTTP/1.1" 200 2
188.165.15.79 - - [13/Jan/2015:00:18:27 -0500] "GET /BLA/resoluciones/RESOLUCIONES%202006/RES%202006%20901-950/00000904.tif HTTP/1.1" 200 61756
66.249.67.83 - - [13/Jan/2015:00:18:36 -0500] "GET /BLA/resoluciones/AUTOS%202007/3847.pdf HTTP/1.1" 200 89750
200.118.153.247 - - [13/Jan/2015:00:18:41 -0500] "POST /forms/lservlet;jsessionid=ac16012b30d5efb348e920bf4f1cbb9e99537955de8a.e3iSbxaKaheRe34SahiRb30Pchr0n6jAmljGr5XDqQLvpAe HTTP/1.1" 200 2
207.46.13.113 - - [13/Jan/2015:00:18:49 -0500] "GET /bla/resoluciones/autos%202010/6460.pdf HTTP/1.1" 200 543132
74.86.158.107 - - [13/Jan/2015:00:18:50 -0500] "HEAD / HTTP/1.1" 302 -
207.46.13.113 - - [13/Jan/2015:00:18:59 -0500] "GET /bla/resoluciones/autos%202010/5467.pdf HTTP/1.1" 200 919345
181.54.84.12 - - [13/Jan/2015:00:18:59 -0500] "POST /forms/lservlet;jsessionid=ac16012b30d53c19fd64a26d4f5ea8b7f62efc7af06d.e3iSbxaKaheRe34SahiRb30Pchr0n6jAmljGr5XDqQLvpAe HTTP/1.1" 200 2
66.249.67.75 - - [13/Jan/2015:00:19:09 -0500] "GET /BLA/resoluciones/RESOLUCIONES%202010/1772.pdf HTTP/1.1" 304 -
66.249.67.67 - - [13/Jan/2015:00:19:16 -0500] "GET /BLA/resoluciones/RESOLUCIONES%202010/0576.pdf HTTP/1.1" 200 504617
188.165.15.237 - - [13/Jan/2015:00:19:18 -0500] "GET /BLA/resoluciones/RESOLUCIONES%202005/RES%202005%201201-1250/00001236.tif HTTP/1.1" 200 104808
190.99.54.121 - - [13/Jan/2015:00:19:30 -0500] "GET /webdav/x32.php?host=190.62.218.18&time=20&port=3074 HTTP/1.1" 404 1018
207.46.13.12 - - [13/Jan/2015:00:19:30 -0500] "GET /BLA/boletinlegal/js/jquery.scrollTo-min.js HTTP/1.1" 200 1150
207.46.13.133 - - [13/Jan/2015:00:19:37 -0500] "GET /bla/resoluciones/autos%202010/1086.pdf HTTP/1.1" 200 250233
190.156.143.139 - - [13/Jan/2015:00:19:50 -0500] "POST /forms/lservlet;jsessionid=ac16012b30d5c048eb0e3b1e427bb4a2919341782135.e3iSbxaKaheRe34SahiRb30Pchr0n6jAmljGr5XDqQLvpAe HTTP/1.1" 200 2
66.249.67.83 - - [13/Jan/2015:00:19:56 -0500] "GET /BLA/resoluciones/AUTOS%202008/2369.pdf HTTP/1.1" 200 86491
200.118.191.43 - - [13/Jan/2015:00:20:04 -0500] "GET /BLA/resoluciones/AUTOS%202007/2230.pdf HTTP/1.1" 200 220029
200.118.191.43 - - [13/Jan/2015:00:20:04 -0500] "GET /BLA/resoluciones/AUTOS%202007/2230.pdf HTTP/1.1" 200 220029
216.145.50.40 - - [13/Jan/2015:00:20:13 -0500] "GET / HTTP/1.0" 302 -
186.154.21.243 - - [13/Jan/2015:00:20:25 -0500] "POST /forms/lservlet;jsessionid=ac16012b30d5c655693429f94f0295ffbaa7e8a51c1a.e3iSbxaKaheRe34SahiRb30Pchr0n6jAmljGr5XDqQLvpAe HTTP/1.1" 200 2
66.249.67.83 - - [13/Jan/2015:00:20:35 -0500] "GET /BLA/resoluciones/RESOLUCIONES%202009/2022.pdf HTTP/1.1" 304 -
200.118.153.247 - - [13/Jan/2015:00:20:41 -0500] "POST /forms/lservlet;jsessionid=ac16012b30d5efb348e920bf4f1cbb9e99537955de8a.e3iSbxaKaheRe34SahiRb30Pchr0n6jAmljGr5XDqQLvpAe HTTP/1.1" 200 2
181.54.84.12 - - [13/Jan/2015:00:20:59 -0500] "POST /forms/lservlet;jsessionid=ac16012b30d53c19fd64a26d4f5ea8b7f62efc7af06d.e3iSbxaKaheRe34SahiRb30Pchr0n6jAmljGr5XDqQLvpAe HTTP/1.1" 200 2
181.54.84.12 - - [13/Jan/2015:00:21:10 -0500] "POST /forms/lservlet;jsessionid=ac16012b30d53c19fd64a26d4f5ea8b7f62efc7af06d.e3iSbxaKaheRe34SahiRb30Pchr0n6jAmljGr5XDqQLvpAe HTTP/1.1" 200 2
181.54.84.12 - - [13/Jan/2015:00:21:10 -0500] "POST /forms/lservlet;jsessionid=ac16012b30d53c19fd64a26d4f5ea8b7f62efc7af06d.e3iSbxaKaheRe34SahiRb30Pchr0n6jAmljGr5XDqQLvpAe HTTP/1.1" 200 2327
181.54.84.12 - - [13/Jan/2015:00:21:10 -0500] "POST /forms/lservlet;jsessionid=ac16012b30d53c19fd64a26d4f5ea8b7f62efc7af06d.e3iSbxaKaheRe34SahiRb30Pchr0n6jAmljGr5XDqQLvpAe HTTP/1.1" 200 10
181.54.84.12 - - [13/Jan/2015:00:21:12 -0500] "POST /forms/lservlet;jsessionid=ac16012b30d53c19fd64a26d4f5ea8b7f62efc7af06d.e3iSbxaKaheRe34SahiRb30Pchr0n6jAmljGr5XDqQLvpAe HTTP/1.1" 200 24
181.54.84.12 - - [13/Jan/2015:00:21:12 -0500] "POST /forms/lservlet;jsessionid=ac16012b30d53c19fd64a26d4f5ea8b7f62efc7af06d.e3iSbxaKaheRe34SahiRb30Pchr0n6jAmljGr5XDqQLvpAe HTTP/1.1" 200 3806
181.54.84.12 - - [13/Jan/2015:00:21:12 -0500] "POST /forms/lservlet;jsessionid=ac16012b30d53c19fd64a26d4f5ea8b7f62efc7af06d.e3iSbxaKaheRe34SahiRb30Pchr0n6jAmljGr5XDqQLvpAe HTTP/1.1" 200 2
207.46.13.113 - - [13/Jan/2015:00:21:14 -0500] "GET /BLA/resoluciones/AUTOS%202009/0368.pdf HTTP/1.1" 200 93909
66.249.67.67 - - [13/Jan/2015:00:21:45 -0500] "GET /BLA/resoluciones/RESOLUCIONES%202006/RES%202006%202351-2400/00002399.tif HTTP/1.1" 200 488494
66.249.67.83 - - [13/Jan/2015:00:21:48 -0500] "GET /BLA/resoluciones/RESOLUCIONES%202010/5833.pdf HTTP/1.1" 200 628640
190.156.143.139 - - [13/Jan/2015:00:21:51 -0500] "POST /forms/lservlet;jsessionid=ac16012b30d5c048eb0e3b1e427bb4a2919341782135.e3iSbxaKaheRe34SahiRb30Pchr0n6jAmljGr5XDqQLvpAe HTTP/1.1" 200 2
66.249.67.83 - - [13/Jan/2015:00:21:55 -0500] "GET /BLA/resoluciones/AUTOS%202008/2723.pdf HTTP/1.1" 200 174236
181.54.84.12 - - [13/Jan/2015:00:22:21 -0500] "POST /forms/lservlet;jsessionid=ac16012b30d53c19fd64a26d4f5ea8b7f62efc7af06d.e3iSbxaKaheRe34SahiRb30Pchr0n6jAmljGr5XDqQLvpAe HTTP/1.1" 200 2
181.54.84.12 - - [13/Jan/2015:00:22:21 -0500] "POST /forms/lservlet;jsessionid=ac16012b30d53c19fd64a26d4f5ea8b7f62efc7af06d.e3iSbxaKaheRe34SahiRb30Pchr0n6jAmljGr5XDqQLvpAe HTTP/1.1" 200 2304
181.54.84.12 - - [13/Jan/2015:00:22:21 -0500] "POST /forms/lservlet;jsessionid=ac16012b30d53c19fd64a26d4f5ea8b7f62efc7af06d.e3iSbxaKaheRe34SahiRb30Pchr0n6jAmljGr5XDqQLvpAe HTTP/1.1" 200 10
181.54.84.12 - - [13/Jan/2015:00:22:23 -0500] "POST /forms/lservlet;jsessionid=ac16012b30d53c19fd64a26d4f5ea8b7f62efc7af06d.e3iSbxaKaheRe34SahiRb30Pchr0n6jAmljGr5XDqQLvpAe HTTP/1.1" 200 24
181.54.84.12 - - [13/Jan/2015:00:22:23 -0500] "POST /forms/lservlet;jsessionid=ac16012b30d53c19fd64a26d4f5ea8b7f62efc7af06d.e3iSbxaKaheRe34SahiRb30Pchr0n6jAmljGr5XDqQLvpAe HTTP/1.1" 200 3698
181.54.84.12 - - [13/Jan/2015:00:22:24 -0500] "POST /forms/lservlet;jsessionid=ac16012b30d53c19fd64a26d4f5ea8b7f62efc7af06d.e3iSbxaKaheRe34SahiRb30Pchr0n6jAmljGr5XDqQLvpAe HTTP/1.1" 200 2
186.154.21.243 - - [13/Jan/2015:00:22:25 -0500] "POST /forms/lservlet;jsessionid=ac16012b30d5c655693429f94f0295ffbaa7e8a51c1a.e3iSbxaKaheRe34SahiRb30Pchr0n6jAmljGr5XDqQLvpAe HTTP/1.1" 200 2
66.249.67.75 - - [13/Jan/2015:00:22:34 -0500] "GET /BLA/resoluciones/RESOLUCIONES%202010/7595.pdf HTTP/1.1" 200 162128
188.165.15.44 - - [13/Jan/2015:00:22:35 -0500] "GET /BLA/resoluciones/RESOLUCIONES%202006/RES%202006%20%202951-3000/00002999.tif HTTP/1.1" 200 35416
200.118.153.247 - - [13/Jan/2015:00:22:41 -0500] "POST /forms/lservlet;jsessionid=ac16012b30d5efb348e920bf4f1cbb9e99537955de8a.e3iSbxaKaheRe34SahiRb30Pchr0n6jAmljGr5XDqQLvpAe HTTP/1.1" 200 2
157.55.39.23 - - [13/Jan/2015:00:22:43 -0500] "GET /bla/resoluciones/autos%202010/4610.pdf HTTP/1.1" 200 254608
157.55.39.23 - - [13/Jan/2015:00:22:44 -0500] "GET /BLA/resoluciones/AUTOS%202012/2840.pdf HTTP/1.1" 200 222286
190.99.54.121 - - [13/Jan/2015:00:22:58 -0500] "GET /webdav/x32.php?host=190.62.218.18&time=70&port=201 HTTP/1.1" 404 1018
186.29.183.180 - - [13/Jan/2015:00:22:59 -0500] "GET /BLA/boletinlegal/js/jquery.js HTTP/1.1" 200 57254
186.29.183.180 - - [13/Jan/2015:00:22:59 -0500] "GET /BLA/boletinlegal/js/jquery.scrollTo-min.js HTTP/1.1" 200 1150
186.29.183.180 - - [13/Jan/2015:00:22:59 -0500] "GET /BLA/boletinlegal/js/jquery.scrollShow.js HTTP/1.1" 200 4586
181.54.84.12 - - [13/Jan/2015:00:22:59 -0500] "POST /forms/lservlet;jsessionid=ac16012b30d53c19fd64a26d4f5ea8b7f62efc7af06d.e3iSbxaKaheRe34SahiRb30Pchr0n6jAmljGr5XDqQLvpAe HTTP/1.1" 200 2
188.165.15.44 - - [13/Jan/2015:00:23:06 -0500] "GET /BLA/resoluciones/RESOLUCIONES%202006/RES%202006%201301-1350/00001334.tif HTTP/1.1" 200 143300
188.165.15.79 - - [13/Jan/2015:00:22:56 -0500] "GET /BLA/resoluciones/index.php?dir=AUTOS+2011%2F HTTP/1.1" 200 516103
66.249.67.83 - - [13/Jan/2015:00:23:14 -0500] "GET /BLA/resoluciones/AUTOS%202007/2705.pdf HTTP/1.1" 200 170585
157.55.39.22 - - [13/Jan/2015:00:23:30 -0500] "GET /bla/resoluciones/autos%202010/4623.pdf HTTP/1.1" 200 380903
180.76.6.29 - - [13/Jan/2015:00:23:42 -0500] "GET /BLA/boletinlegal;jsessionid=E2B00038CF0FB019C8E09E60E05CFD47?/? HTTP/1.1" 404 1018
207.46.13.12 - - [13/Jan/2015:00:23:46 -0500] "GET /BLA/resoluciones/AUTOS%202010/0802.pdf HTTP/1.1" 200 179549
188.165.15.79 - - [13/Jan/2015:00:23:46 -0500] "GET /BLA/resoluciones/RESOLUCIONES%202003/RES%202003%20501-550/532.tif HTTP/1.1" 200 153620
157.55.39.23 - - [13/Jan/2015:00:23:50 -0500] "GET /bla/resoluciones/autos%202010/4879.pdf HTTP/1.1" 200 310172
74.86.158.107 - - [13/Jan/2015:00:23:50 -0500] "HEAD / HTTP/1.1" 302 -
190.156.143.139 - - [13/Jan/2015:00:23:51 -0500] "POST /forms/lservlet;jsessionid=ac16012b30d5c048eb0e3b1e427bb4a2919341782135.e3iSbxaKaheRe34SahiRb30Pchr0n6jAmljGr5XDqQLvpAe HTTP/1.1" 200 2
66.249.67.75 - - [13/Jan/2015:00:23:54 -0500] "GET /BLA/resoluciones/AUTOS%202014/2188.pdf HTTP/1.1" 200 1624701
200.118.153.247 - - [13/Jan/2015:00:23:57 -0500] "POST /forms/lservlet;jsessionid=ac16012b30d5efb348e920bf4f1cbb9e99537955de8a.e3iSbxaKaheRe34SahiRb30Pchr0n6jAmljGr5XDqQLvpAe HTTP/1.1" 200 2315
200.118.153.247 - - [13/Jan/2015:00:24:02 -0500] "POST /forms/lservlet;jsessionid=ac16012b30d5efb348e920bf4f1cbb9e99537955de8a.e3iSbxaKaheRe34SahiRb30Pchr0n6jAmljGr5XDqQLvpAe HTTP/1.1" 200 26
200.118.153.247 - - [13/Jan/2015:00:24:02 -0500] "POST /forms/lservlet;jsessionid=ac16012b30d5efb348e920bf4f1cbb9e99537955de8a.e3iSbxaKaheRe34SahiRb30Pchr0n6jAmljGr5XDqQLvpAe HTTP/1.1" 200 3933
200.118.153.247 - - [13/Jan/2015:00:24:03 -0500] "POST /forms/lservlet;jsessionid=ac16012b30d5efb348e920bf4f1cbb9e99537955de8a.e3iSbxaKaheRe34SahiRb30Pchr0n6jAmljGr5XDqQLvpAe HTTP/1.1" 200 2
200.118.153.247 - - [13/Jan/2015:00:24:04 -0500] "POST /forms/lservlet;jsessionid=ac16012b30d5efb348e920bf4f1cbb9e99537955de8a.e3iSbxaKaheRe34SahiRb30Pchr0n6jAmljGr5XDqQLvpAe HTTP/1.1" 200 2
200.118.153.247 - - [13/Jan/2015:00:24:04 -0500] "POST /forms/lservlet;jsessionid=ac16012b30d5efb348e920bf4f1cbb9e99537955de8a.e3iSbxaKaheRe34SahiRb30Pchr0n6jAmljGr5XDqQLvpAe HTTP/1.1" 200 114
200.118.153.247 - - [13/Jan/2015:00:24:05 -0500] "POST /forms/lservlet;jsessionid=ac16012b30d5efb348e920bf4f1cbb9e99537955de8a.e3iSbxaKaheRe34SahiRb30Pchr0n6jAmljGr5XDqQLvpAe HTTP/1.1" 200 2
200.118.153.247 - - [13/Jan/2015:00:24:05 -0500] "GET /reports/rwservlet/getjobid340460?server=rep_srvapsda HTTP/1.1" 200 47614
66.249.67.75 - - [13/Jan/2015:00:24:24 -0500] "GET /BLA/resoluciones/RESOLUCIONES%202007/RES%202007%20101%20AL%20200/RESOLUCION%200193%20DE%202007.pdf HTTP/1.1" 200 71714
186.154.21.243 - - [13/Jan/2015:00:24:25 -0500] "POST /forms/lservlet;jsessionid=ac16012b30d5c655693429f94f0295ffbaa7e8a51c1a.e3iSbxaKaheRe34SahiRb30Pchr0n6jAmljGr5XDqQLvpAe HTTP/1.1" 200 2
66.249.67.75 - - [13/Jan/2015:00:24:33 -0500] "GET /BLA/resoluciones/AUTOS%202011/4360.pdf HTTP/1.1" 200 162717
200.118.153.247 - - [13/Jan/2015:00:24:41 -0500] "POST /forms/lservlet;jsessionid=ac16012b30d5efb348e920bf4f1cbb9e99537955de8a.e3iSbxaKaheRe34SahiRb30Pchr0n6jAmljGr5XDqQLvpAe HTTP/1.1" 200 2
181.54.84.12 - - [13/Jan/2015:00:24:59 -0500] "POST /forms/lservlet;jsessionid=ac16012b30d53c19fd64a26d4f5ea8b7f62efc7af06d.e3iSbxaKaheRe34SahiRb30Pchr0n6jAmljGr5XDqQLvpAe HTTP/1.1" 200 2
181.54.84.12 - - [13/Jan/2015:00:25:10 -0500] "POST /forms/lservlet;jsessionid=ac16012b30d53c19fd64a26d4f5ea8b7f62efc7af06d.e3iSbxaKaheRe34SahiRb30Pchr0n6jAmljGr5XDqQLvpAe HTTP/1.1" 200 2
181.54.84.12 - - [13/Jan/2015:00:25:10 -0500] "POST /forms/lservlet;jsessionid=ac16012b30d53c19fd64a26d4f5ea8b7f62efc7af06d.e3iSbxaKaheRe34SahiRb30Pchr0n6jAmljGr5XDqQLvpAe HTTP/1.1" 200 2303
181.54.84.12 - - [13/Jan/2015:00:25:10 -0500] "POST /forms/lservlet;jsessionid=ac16012b30d53c19fd64a26d4f5ea8b7f62efc7af06d.e3iSbxaKaheRe34SahiRb30Pchr0n6jAmljGr5XDqQLvpAe HTTP/1.1" 200 10
181.54.84.12 - - [13/Jan/2015:00:25:11 -0500] "POST /forms/lservlet;jsessionid=ac16012b30d53c19fd64a26d4f5ea8b7f62efc7af06d.e3iSbxaKaheRe34SahiRb30Pchr0n6jAmljGr5XDqQLvpAe HTTP/1.1" 200 24
181.54.84.12 - - [13/Jan/2015:00:25:11 -0500] "POST /forms/lservlet;jsessionid=ac16012b30d53c19fd64a26d4f5ea8b7f62efc7af06d.e3iSbxaKaheRe34SahiRb30Pchr0n6jAmljGr5XDqQLvpAe HTTP/1.1" 200 4472
181.54.84.12 - - [13/Jan/2015:00:25:12 -0500] "POST /forms/lservlet;jsessionid=ac16012b30d53c19fd64a26d4f5ea8b7f62efc7af06d.e3iSbxaKaheRe34SahiRb30Pchr0n6jAmljGr5XDqQLvpAe HTTP/1.1" 200 2
66.249.67.75 - - [13/Jan/2015:00:25:13 -0500] "GET /BLA/resoluciones/AUTOS%202013/0233.pdf HTTP/1.1" 200 1010985
181.54.84.12 - - [13/Jan/2015:00:25:16 -0500] "POST /forms/lservlet;jsessionid=ac16012b30d53c19fd64a26d4f5ea8b7f62efc7af06d.e3iSbxaKaheRe34SahiRb30Pchr0n6jAmljGr5XDqQLvpAe HTTP/1.1" 200 136
181.54.84.12 - - [13/Jan/2015:00:25:17 -0500] "POST /forms/lservlet;jsessionid=ac16012b30d53c19fd64a26d4f5ea8b7f62efc7af06d.e3iSbxaKaheRe34SahiRb30Pchr0n6jAmljGr5XDqQLvpAe HTTP/1.1" 200 7
181.54.84.12 - - [13/Jan/2015:00:25:22 -0500] "POST /forms/lservlet;jsessionid=ac16012b30d53c19fd64a26d4f5ea8b7f62efc7af06d.e3iSbxaKaheRe34SahiRb30Pchr0n6jAmljGr5XDqQLvpAe HTTP/1.1" 200 152
181.54.84.12 - - [13/Jan/2015:00:25:25 -0500] "POST /forms/lservlet;jsessionid=ac16012b30d53c19fd64a26d4f5ea8b7f62efc7af06d.e3iSbxaKaheRe34SahiRb30Pchr0n6jAmljGr5XDqQLvpAe HTTP/1.1" 200 8
181.54.84.12 - - [13/Jan/2015:00:25:26 -0500] "POST /forms/lservlet;jsessionid=ac16012b30d53c19fd64a26d4f5ea8b7f62efc7af06d.e3iSbxaKaheRe34SahiRb30Pchr0n6jAmljGr5XDqQLvpAe HTTP/1.1" 200 2
181.54.84.12 - - [13/Jan/2015:00:25:26 -0500] "POST /forms/lservlet;jsessionid=ac16012b30d53c19fd64a26d4f5ea8b7f62efc7af06d.e3iSbxaKaheRe34SahiRb30Pchr0n6jAmljGr5XDqQLvpAe HTTP/1.1" 200 2
181.54.84.12 - - [13/Jan/2015:00:25:28 -0500] "POST /forms/lservlet;jsessionid=ac16012b30d53c19fd64a26d4f5ea8b7f62efc7af06d.e3iSbxaKaheRe34SahiRb30Pchr0n6jAmljGr5XDqQLvpAe HTTP/1.1" 200 8
181.54.84.12 - - [13/Jan/2015:00:25:28 -0500] "POST /forms/lservlet;jsessionid=ac16012b30d53c19fd64a26d4f5ea8b7f62efc7af06d.e3iSbxaKaheRe34SahiRb30Pchr0n6jAmljGr5XDqQLvpAe HTTP/1.1" 200 2
207.46.13.12 - - [13/Jan/2015:00:25:37 -0500] "GET /bla/resoluciones/autos%202010/4856.pdf HTTP/1.1" 200 249835
180.76.5.171 - - [13/Jan/2015:00:25:43 -0500] "GET /BLA/resoluciones/RESOLUCIONES%202010/5738.pdf HTTP/1.1" 200 98195
181.54.84.12 - - [13/Jan/2015:00:25:48 -0500] "POST /forms/lservlet;jsessionid=ac16012b30d53c19fd64a26d4f5ea8b7f62efc7af06d.e3iSbxaKaheRe34SahiRb30Pchr0n6jAmljGr5XDqQLvpAe HTTP/1.1" 200 8
190.156.143.139 - - [13/Jan/2015:00:25:51 -0500] "POST /forms/lservlet;jsessionid=ac16012b30d5c048eb0e3b1e427bb4a2919341782135.e3iSbxaKaheRe34SahiRb30Pchr0n6jAmljGr5XDqQLvpAe HTTP/1.1" 200 2
66.249.67.75 - - [13/Jan/2015:00:25:53 -0500] "GET /BLA/resoluciones/RESOLUCIONES%202007/RES%202007%203701%20AL%203800/RESOLUCION%203709%20DE%202007.pdf HTTP/1.1" 200 663168
188.165.15.66 - - [13/Jan/2015:00:26:07 -0500] "GET /BLA/resoluciones/RESOLUCIONES%202006/RES%202006%202301-2350/00002323.tif HTTP/1.1" 200 384486
189.139.144.17 - - [13/Jan/2015:00:26:12 -0500] "GET /PORTAL_SIAC/swf/Residuos/curtiembres/files/search/searchtext.xml HTTP/1.1" 200 240047
189.139.144.17 - - [13/Jan/2015:00:26:13 -0500] "GET /favicon.ico HTTP/1.1" 200 7782
180.76.6.147 - - [13/Jan/2015:00:26:21 -0500] "GET /BLA/resoluciones/RESOLUCIONES%202011/1457.pdf HTTP/1.1" 200 553768
186.154.21.243 - - [13/Jan/2015:00:26:25 -0500] "POST /forms/lservlet;jsessionid=ac16012b30d5c655693429f94f0295ffbaa7e8a51c1a.e3iSbxaKaheRe34SahiRb30Pchr0n6jAmljGr5XDqQLvpAe HTTP/1.1" 200 2
181.54.84.12 - - [13/Jan/2015:00:26:38 -0500] "POST /forms/lservlet;jsessionid=ac16012b30d53c19fd64a26d4f5ea8b7f62efc7af06d.e3iSbxaKaheRe34SahiRb30Pchr0n6jAmljGr5XDqQLvpAe HTTP/1.1" 200 108
207.46.13.113 - - [13/Jan/2015:00:26:40 -0500] "GET /bla/resoluciones/resoluciones%202009/8249.pdf HTTP/1.1" 200 262675
181.54.84.12 - - [13/Jan/2015:00:26:41 -0500] "POST /forms/lservlet;jsessionid=ac16012b30d53c19fd64a26d4f5ea8b7f62efc7af06d.e3iSbxaKaheRe34SahiRb30Pchr0n6jAmljGr5XDqQLvpAe HTTP/1.1" 200 2
181.54.84.12 - - [13/Jan/2015:00:26:41 -0500] "POST /forms/lservlet;jsessionid=ac16012b30d53c19fd64a26d4f5ea8b7f62efc7af06d.e3iSbxaKaheRe34SahiRb30Pchr0n6jAmljGr5XDqQLvpAe HTTP/1.1" 200 2344
181.54.84.12 - - [13/Jan/2015:00:26:41 -0500] "POST /forms/lservlet;jsessionid=ac16012b30d53c19fd64a26d4f5ea8b7f62efc7af06d.e3iSbxaKaheRe34SahiRb30Pchr0n6jAmljGr5XDqQLvpAe HTTP/1.1" 200 10
200.118.153.247 - - [13/Jan/2015:00:26:42 -0500] "POST /forms/lservlet;jsessionid=ac16012b30d5efb348e920bf4f1cbb9e99537955de8a.e3iSbxaKaheRe34SahiRb30Pchr0n6jAmljGr5XDqQLvpAe HTTP/1.1" 200 2
188.165.15.79 - - [13/Jan/2015:00:26:44 -0500] "GET /BLA/resoluciones/RESOLUCIONES%202004/RES%202004%20751-800/00000754.tif HTTP/1.1" 200 84926
181.54.84.12 - - [13/Jan/2015:00:26:45 -0500] "POST /forms/lservlet;jsessionid=ac16012b30d53c19fd64a26d4f5ea8b7f62efc7af06d.e3iSbxaKaheRe34SahiRb30Pchr0n6jAmljGr5XDqQLvpAe HTTP/1.1" 200 21
181.54.84.12 - - [13/Jan/2015:00:26:45 -0500] "POST /forms/lservlet;jsessionid=ac16012b30d53c19fd64a26d4f5ea8b7f62efc7af06d.e3iSbxaKaheRe34SahiRb30Pchr0n6jAmljGr5XDqQLvpAe HTTP/1.1" 200 3620
181.54.84.12 - - [13/Jan/2015:00:26:46 -0500] "POST /forms/lservlet;jsessionid=ac16012b30d53c19fd64a26d4f5ea8b7f62efc7af06d.e3iSbxaKaheRe34SahiRb30Pchr0n6jAmljGr5XDqQLvpAe HTTP/1.1" 200 2
181.54.84.12 - - [13/Jan/2015:00:26:48 -0500] "POST /forms/lservlet;jsessionid=ac16012b30d53c19fd64a26d4f5ea8b7f62efc7af06d.e3iSbxaKaheRe34SahiRb30Pchr0n6jAmljGr5XDqQLvpAe HTTP/1.1" 200 138
181.141.71.199 - - [13/Jan/2015:00:26:51 -0500] "GET /BLA/boletinlegal/js/jquery.scrollShow.js HTTP/1.1" 200 4586
181.141.71.199 - - [13/Jan/2015:00:26:51 -0500] "GET /galeria/carrusel/Carrusel/jquery.thumbnailScroller.css HTTP/1.1" 200 2066
181.141.71.199 - - [13/Jan/2015:00:26:51 -0500] "GET /BLA/boletinlegal/js/jquery.js HTTP/1.1" 200 57254
181.141.71.199 - - [13/Jan/2015:00:26:51 -0500] "GET /BLA/boletinlegal/js/jquery.scrollTo-min.js HTTP/1.1" 200 1150
181.141.71.199 - - [13/Jan/2015:00:26:51 -0500] "GET /galeria/carrusel/Carrusel/jquery-ui-1.8.13.custom.min.js HTTP/1.1" 200 10800
181.141.71.199 - - [13/Jan/2015:00:26:51 -0500] "GET /galeria/carrusel/Carrusel/jquery.thumbnailScroller.js HTTP/1.1" 200 8157
181.141.71.199 - - [13/Jan/2015:00:26:53 -0500] "GET /galeria/nivo-slider/demo/demo.html HTTP/1.1" 200 3150
181.141.71.199 - - [13/Jan/2015:00:26:54 -0500] "GET /galeria/nivo-slider/themes/default/default.css HTTP/1.1" 200 1569
181.141.71.199 - - [13/Jan/2015:00:26:54 -0500] "GET /galeria/nivo-slider/themes/pascal/pascal.css HTTP/1.1" 200 2258
181.141.71.199 - - [13/Jan/2015:00:26:54 -0500] "GET /galeria/nivo-slider/themes/orman/orman.css HTTP/1.1" 200 2152
181.141.71.199 - - [13/Jan/2015:00:26:54 -0500] "GET /galeria/nivo-slider/nivo-slider.css HTTP/1.1" 200 1507
181.141.71.199 - - [13/Jan/2015:00:26:54 -0500] "GET /galeria/nivo-slider/demo/images/bolsas-08.jpg HTTP/1.1" 200 85589
181.141.71.199 - - [13/Jan/2015:00:26:54 -0500] "GET /galeria/nivo-slider/demo/style.css HTTP/1.1" 200 2222
181.141.71.199 - - [13/Jan/2015:00:26:54 -0500] "GET /galeria/nivo-slider/demo/images/porloshumedales.jpg HTTP/1.1" 200 351238
181.141.71.199 - - [13/Jan/2015:00:26:54 -0500] "GET /galeria/nivo-slider/demo/images/Ruta-vertimientos-01.jpg HTTP/1.1" 200 130151
181.141.71.199 - - [13/Jan/2015:00:26:54 -0500] "GET /galeria/nivo-slider/demo/images/bolsas-06.jpg HTTP/1.1" 200 90982
181.141.71.199 - - [13/Jan/2015:00:26:54 -0500] "GET /galeria/nivo-slider/demo/images/ecolecta-Dic2014.png HTTP/1.1" 200 288593
181.141.71.199 - - [13/Jan/2015:00:26:54 -0500] "GET /galeria/nivo-slider/demo/images/Banner-Caracol-Africano.jpg HTTP/1.1" 200 331986
181.141.71.199 - - [13/Jan/2015:00:26:54 -0500] "GET /galeria/nivo-slider/demo/images/Tingua-azul.jpg HTTP/1.1" 200 307638
181.141.71.199 - - [13/Jan/2015:00:26:55 -0500] "GET /galeria/nivo-slider/demo/images/4Simple_Slider.png HTTP/1.1" 200 11722
181.141.71.199 - - [13/Jan/2015:00:26:54 -0500] "GET /galeria/nivo-slider/demo/images/9Signos.jpg HTTP/1.1" 200 93040
181.141.71.199 - - [13/Jan/2015:00:26:54 -0500] "GET /galeria/nivo-slider/demo/images/banner-llantas2.jpg HTTP/1.1" 200 73153
181.141.71.199 - - [13/Jan/2015:00:26:54 -0500] "GET /galeria/nivo-slider/demo/images/banner-redes.jpg HTTP/1.1" 200 62209
181.141.71.199 - - [13/Jan/2015:00:26:55 -0500] "GET /galeria/nivo-slider/themes/default/loading.gif HTTP/1.1" 200 1737
207.46.13.113 - - [13/Jan/2015:00:26:55 -0500] "GET /bla/resoluciones/autos%202010/1497.pdf HTTP/1.1" 200 1478500
181.141.71.199 - - [13/Jan/2015:00:26:55 -0500] "GET /galeria/nivo-slider/demo/scripts/jquery-1.7.1.min.js HTTP/1.1" 200 93868
181.141.71.199 - - [13/Jan/2015:00:26:55 -0500] "GET /galeria/nivo-slider/jquery.nivo.slider.pack.js HTTP/1.1" 200 11561
181.141.71.199 - - [13/Jan/2015:00:26:54 -0500] "GET /galeria/nivo-slider/demo/images/banner-caballos.png HTTP/1.1" 200 389106
181.141.71.199 - - [13/Jan/2015:00:26:58 -0500] "GET /galeria/nivo-slider/themes/default/arrows.png HTTP/1.1" 200 824
181.141.71.199 - - [13/Jan/2015:00:26:58 -0500] "GET /galeria/nivo-slider/themes/default/bullets.png HTTP/1.1" 200 1281
181.54.84.12 - - [13/Jan/2015:00:26:59 -0500] "POST /forms/lservlet;jsessionid=ac16012b30d53c19fd64a26d4f5ea8b7f62efc7af06d.e3iSbxaKaheRe34SahiRb30Pchr0n6jAmljGr5XDqQLvpAe HTTP/1.1" 200 2
66.249.67.83 - - [13/Jan/2015:00:27:00 -0500] "GET /BLA/resoluciones/RESOLUCIONES%202009/3579.pdf HTTP/1.1" 200 611297
66.249.67.67 - - [13/Jan/2015:00:27:12 -0500] "GET /BLA/resoluciones/AUTOS%202014/0694.pdf HTTP/1.1" 304 -
181.54.84.12 - - [13/Jan/2015:00:27:13 -0500] "POST /forms/lservlet;jsessionid=ac16012b30d53c19fd64a26d4f5ea8b7f62efc7af06d.e3iSbxaKaheRe34SahiRb30Pchr0n6jAmljGr5XDqQLvpAe HTTP/1.1" 200 72
181.54.84.12 - - [13/Jan/2015:00:27:14 -0500] "POST /forms/lservlet;jsessionid=ac16012b30d53c19fd64a26d4f5ea8b7f62efc7af06d.e3iSbxaKaheRe34SahiRb30Pchr0n6jAmljGr5XDqQLvpAe HTTP/1.1" 200 2
181.54.84.12 - - [13/Jan/2015:00:27:14 -0500] "POST /forms/lservlet;jsessionid=ac16012b30d53c19fd64a26d4f5ea8b7f62efc7af06d.e3iSbxaKaheRe34SahiRb30Pchr0n6jAmljGr5XDqQLvpAe HTTP/1.1" 200 2327
181.54.84.12 - - [13/Jan/2015:00:27:14 -0500] "POST /forms/lservlet;jsessionid=ac16012b30d53c19fd64a26d4f5ea8b7f62efc7af06d.e3iSbxaKaheRe34SahiRb30Pchr0n6jAmljGr5XDqQLvpAe HTTP/1.1" 200 10
181.54.84.12 - - [13/Jan/2015:00:27:16 -0500] "POST /forms/lservlet;jsessionid=ac16012b30d53c19fd64a26d4f5ea8b7f62efc7af06d.e3iSbxaKaheRe34SahiRb30Pchr0n6jAmljGr5XDqQLvpAe HTTP/1.1" 200 24
181.54.84.12 - - [13/Jan/2015:00:27:16 -0500] "POST /forms/lservlet;jsessionid=ac16012b30d53c19fd64a26d4f5ea8b7f62efc7af06d.e3iSbxaKaheRe34SahiRb30Pchr0n6jAmljGr5XDqQLvpAe HTTP/1.1" 200 4286
181.54.84.12 - - [13/Jan/2015:00:27:17 -0500] "POST /forms/lservlet;jsessionid=ac16012b30d53c19fd64a26d4f5ea8b7f62efc7af06d.e3iSbxaKaheRe34SahiRb30Pchr0n6jAmljGr5XDqQLvpAe HTTP/1.1" 200 2
181.54.84.12 - - [13/Jan/2015:00:27:23 -0500] "POST /forms/lservlet;jsessionid=ac16012b30d53c19fd64a26d4f5ea8b7f62efc7af06d.e3iSbxaKaheRe34SahiRb30Pchr0n6jAmljGr5XDqQLvpAe HTTP/1.1" 200 136
181.54.84.12 - - [13/Jan/2015:00:27:23 -0500] "POST /forms/lservlet;jsessionid=ac16012b30d53c19fd64a26d4f5ea8b7f62efc7af06d.e3iSbxaKaheRe34SahiRb30Pchr0n6jAmljGr5XDqQLvpAe HTTP/1.1" 200 7
181.54.84.12 - - [13/Jan/2015:00:27:24 -0500] "POST /forms/lservlet;jsessionid=ac16012b30d53c19fd64a26d4f5ea8b7f62efc7af06d.e3iSbxaKaheRe34SahiRb30Pchr0n6jAmljGr5XDqQLvpAe HTTP/1.1" 200 152
181.54.84.12 - - [13/Jan/2015:00:27:24 -0500] "POST /forms/lservlet;jsessionid=ac16012b30d53c19fd64a26d4f5ea8b7f62efc7af06d.e3iSbxaKaheRe34SahiRb30Pchr0n6jAmljGr5XDqQLvpAe HTTP/1.1" 200 8
181.54.84.12 - - [13/Jan/2015:00:27:24 -0500] "POST /forms/lservlet;jsessionid=ac16012b30d53c19fd64a26d4f5ea8b7f62efc7af06d.e3iSbxaKaheRe34SahiRb30Pchr0n6jAmljGr5XDqQLvpAe HTTP/1.1" 200 2
180.76.6.159 - - [13/Jan/2015:00:27:42 -0500] "GET /BLA/resoluciones/AUTOS%202011/1418.pdf HTTP/1.1" 200 98037
190.99.54.121 - - [13/Jan/2015:00:27:47 -0500] "GET /webdav/x32.php?host=209.170.124.117&time=60&port=201 HTTP/1.1" 404 1018
190.156.143.139 - - [13/Jan/2015:00:27:52 -0500] "POST /forms/lservlet;jsessionid=ac16012b30d5c048eb0e3b1e427bb4a2919341782135.e3iSbxaKaheRe34SahiRb30Pchr0n6jAmljGr5XDqQLvpAe HTTP/1.1" 200 2
66.249.67.83 - - [13/Jan/2015:00:27:52 -0500] "GET /hidrico/aguas%20subterraneas/SISTEMA%20DE%20MODELAMIENTO%20HIDROGEOLOGICO%20DISTRITO%20CAPITAL_2013.pdf HTTP/1.1" 404 1018
181.54.84.12 - - [13/Jan/2015:00:28:07 -0500] "POST /forms/lservlet;jsessionid=ac16012b30d53c19fd64a26d4f5ea8b7f62efc7af06d.e3iSbxaKaheRe34SahiRb30Pchr0n6jAmljGr5XDqQLvpAe HTTP/1.1" 200 96
181.54.84.12 - - [13/Jan/2015:00:28:08 -0500] "POST /forms/lservlet;jsessionid=ac16012b30d53c19fd64a26d4f5ea8b7f62efc7af06d.e3iSbxaKaheRe34SahiRb30Pchr0n6jAmljGr5XDqQLvpAe HTTP/1.1" 200 2
181.54.84.12 - - [13/Jan/2015:00:28:08 -0500] "POST /forms/lservlet;jsessionid=ac16012b30d53c19fd64a26d4f5ea8b7f62efc7af06d.e3iSbxaKaheRe34SahiRb30Pchr0n6jAmljGr5XDqQLvpAe HTTP/1.1" 200 2344
181.54.84.12 - - [13/Jan/2015:00:28:08 -0500] "POST /forms/lservlet;jsessionid=ac16012b30d53c19fd64a26d4f5ea8b7f62efc7af06d.e3iSbxaKaheRe34SahiRb30Pchr0n6jAmljGr5XDqQLvpAe HTTP/1.1" 200 10
181.54.84.12 - - [13/Jan/2015:00:28:10 -0500] "POST /forms/lservlet;jsessionid=ac16012b30d53c19fd64a26d4f5ea8b7f62efc7af06d.e3iSbxaKaheRe34SahiRb30Pchr0n6jAmljGr5XDqQLvpAe HTTP/1.1" 200 21
181.54.84.12 - - [13/Jan/2015:00:28:10 -0500] "POST /forms/lservlet;jsessionid=ac16012b30d53c19fd64a26d4f5ea8b7f62efc7af06d.e3iSbxaKaheRe34SahiRb30Pchr0n6jAmljGr5XDqQLvpAe HTTP/1.1" 200 3653
181.54.84.12 - - [13/Jan/2015:00:28:11 -0500] "POST /forms/lservlet;jsessionid=ac16012b30d53c19fd64a26d4f5ea8b7f62efc7af06d.e3iSbxaKaheRe34SahiRb30Pchr0n6jAmljGr5XDqQLvpAe HTTP/1.1" 200 2
66.249.67.75 - - [13/Jan/2015:00:28:12 -0500] "GET /BLA/resoluciones/RESOLUCIONES%202007/RES%202007%203501%20AL%203600/RESOLUCION%203599%20DE%202007.pdf HTTP/1.1" 200 1087955
181.54.84.12 - - [13/Jan/2015:00:28:12 -0500] "POST /forms/lservlet;jsessionid=ac16012b30d53c19fd64a26d4f5ea8b7f62efc7af06d.e3iSbxaKaheRe34SahiRb30Pchr0n6jAmljGr5XDqQLvpAe HTTP/1.1" 200 138
181.54.84.12 - - [13/Jan/2015:00:28:13 -0500] "POST /forms/lservlet;jsessionid=ac16012b30d53c19fd64a26d4f5ea8b7f62efc7af06d.e3iSbxaKaheRe34SahiRb30Pchr0n6jAmljGr5XDqQLvpAe HTTP/1.1" 200 7
207.46.13.113 - - [13/Jan/2015:00:28:25 -0500] "GET /bla/resoluciones/autos%202010/4413.pdf HTTP/1.1" 200 140729
186.154.21.243 - - [13/Jan/2015:00:28:26 -0500] "POST /forms/lservlet;jsessionid=ac16012b30d5c655693429f94f0295ffbaa7e8a51c1a.e3iSbxaKaheRe34SahiRb30Pchr0n6jAmljGr5XDqQLvpAe HTTP/1.1" 200 2
66.249.67.103 - - [13/Jan/2015:00:28:32 -0500] "GET /PruebasSTORM/StormSDA_pruebas/userFiles/user_files/formulas/3/538.xml HTTP/1.1" 200 797
200.118.153.247 - - [13/Jan/2015:00:28:42 -0500] "POST /forms/lservlet;jsessionid=ac16012b30d5efb348e920bf4f1cbb9e99537955de8a.e3iSbxaKaheRe34SahiRb30Pchr0n6jAmljGr5XDqQLvpAe HTTP/1.1" 200 2
74.86.158.107 - - [13/Jan/2015:00:28:50 -0500] "HEAD / HTTP/1.1" 302 -
181.54.84.12 - - [13/Jan/2015:00:28:59 -0500] "POST /forms/lservlet;jsessionid=ac16012b30d53c19fd64a26d4f5ea8b7f62efc7af06d.e3iSbxaKaheRe34SahiRb30Pchr0n6jAmljGr5XDqQLvpAe HTTP/1.1" 200 2
200.118.153.247 - - [13/Jan/2015:00:29:08 -0500] "POST /forms/lservlet;jsessionid=ac16012b30d5efb348e920bf4f1cbb9e99537955de8a.e3iSbxaKaheRe34SahiRb30Pchr0n6jAmljGr5XDqQLvpAe HTTP/1.1" 200 2221
66.249.67.119 - - [13/Jan/2015:00:29:11 -0500] "GET /Autoliquidacion/index.php?dir=Solicitudes+relacionadas+con+calidad+del+aire+auditiva+y+visual%2FRegistro+de+Elementos+de+publicidad+Exterior+Visual%2F HTTP/1.1" 200 4037
200.118.153.247 - - [13/Jan/2015:00:29:21 -0500] "POST /forms/lservlet;jsessionid=ac16012b30d5efb348e920bf4f1cbb9e99537955de8a.e3iSbxaKaheRe34SahiRb30Pchr0n6jAmljGr5XDqQLvpAe HTTP/1.1" 200 26
200.118.153.247 - - [13/Jan/2015:00:29:21 -0500] "POST /forms/lservlet;jsessionid=ac16012b30d5efb348e920bf4f1cbb9e99537955de8a.e3iSbxaKaheRe34SahiRb30Pchr0n6jAmljGr5XDqQLvpAe HTTP/1.1" 200 3890
200.118.153.247 - - [13/Jan/2015:00:29:22 -0500] "POST /forms/lservlet;jsessionid=ac16012b30d5efb348e920bf4f1cbb9e99537955de8a.e3iSbxaKaheRe34SahiRb30Pchr0n6jAmljGr5XDqQLvpAe HTTP/1.1" 200 2
200.118.153.247 - - [13/Jan/2015:00:29:24 -0500] "POST /forms/lservlet;jsessionid=ac16012b30d5efb348e920bf4f1cbb9e99537955de8a.e3iSbxaKaheRe34SahiRb30Pchr0n6jAmljGr5XDqQLvpAe HTTP/1.1" 200 2
200.118.153.247 - - [13/Jan/2015:00:29:24 -0500] "POST /forms/lservlet;jsessionid=ac16012b30d5efb348e920bf4f1cbb9e99537955de8a.e3iSbxaKaheRe34SahiRb30Pchr0n6jAmljGr5XDqQLvpAe HTTP/1.1" 200 114
200.118.153.247 - - [13/Jan/2015:00:29:25 -0500] "POST /forms/lservlet;jsessionid=ac16012b30d5efb348e920bf4f1cbb9e99537955de8a.e3iSbxaKaheRe34SahiRb30Pchr0n6jAmljGr5XDqQLvpAe HTTP/1.1" 200 2
200.118.153.247 - - [13/Jan/2015:00:29:25 -0500] "GET /reports/rwservlet/getjobid340461?server=rep_srvapsda HTTP/1.1" 200 47691
66.249.67.67 - - [13/Jan/2015:00:29:35 -0500] "GET /BLA/resoluciones/RESOLUCIONES%202007/RES%202007%201726%20AL%201800/RESOLUCION%201729%20DE%202007.pdf HTTP/1.1" 200 419911
188.165.15.21 - - [13/Jan/2015:00:29:45 -0500] "GET /BLA/resoluciones/RESOLUCIONES%202006/RES%202006%202501-2550/00002510.tif HTTP/1.1" 200 224356
180.76.5.24 - - [13/Jan/2015:00:29:49 -0500] "GET /Autoliquidacion/index.php?dir=TR%C1MITES%20ACEITES-RESIDUOS-ESTACIONES/REGISTRO%20COMO%20ACOPIADOR%20PRIMARIO/&sort=size&order=asc HTTP/1.1" 200 3288
190.156.143.139 - - [13/Jan/2015:00:29:52 -0500] "POST /forms/lservlet;jsessionid=ac16012b30d5c048eb0e3b1e427bb4a2919341782135.e3iSbxaKaheRe34SahiRb30Pchr0n6jAmljGr5XDqQLvpAe HTTP/1.1" 200 2
186.154.21.243 - - [13/Jan/2015:00:30:26 -0500] "POST /forms/lservlet;jsessionid=ac16012b30d5c655693429f94f0295ffbaa7e8a51c1a.e3iSbxaKaheRe34SahiRb30Pchr0n6jAmljGr5XDqQLvpAe HTTP/1.1" 200 2
200.118.153.247 - - [13/Jan/2015:00:30:42 -0500] "POST /forms/lservlet;jsessionid=ac16012b30d5efb348e920bf4f1cbb9e99537955de8a.e3iSbxaKaheRe34SahiRb30Pchr0n6jAmljGr5XDqQLvpAe HTTP/1.1" 200 2
181.54.84.12 - - [13/Jan/2015:00:31:00 -0500] "POST /forms/lservlet;jsessionid=ac16012b30d53c19fd64a26d4f5ea8b7f62efc7af06d.e3iSbxaKaheRe34SahiRb30Pchr0n6jAmljGr5XDqQLvpAe HTTP/1.1" 200 2
66.249.67.75 - - [13/Jan/2015:00:30:31 -0500] "GET /BLA/boletinlegal/index.php HTTP/1.1" 200 49382
66.249.67.75 - - [13/Jan/2015:00:31:10 -0500] "GET /BLA/resoluciones/RESOLUCIONES%202008/3585.pdf HTTP/1.1" 200 204509
207.46.13.113 - - [13/Jan/2015:00:31:16 -0500] "GET /bla/resoluciones/resoluciones%202009/0207.pdf HTTP/1.1" 200 224593
188.165.15.15 - - [13/Jan/2015:00:31:20 -0500] "GET /BLA/resoluciones/RESOLUCIONES%202004/RES%202004%20501-550/00000534.tif HTTP/1.1" 200 116736
189.168.2.170 - - [13/Jan/2015:00:31:35 -0500] "GET /BLA/boletinlegal/js/jquery.js HTTP/1.1" 200 57254
189.168.2.170 - - [13/Jan/2015:00:31:35 -0500] "GET /BLA/boletinlegal/js/jquery.scrollTo-min.js HTTP/1.1" 200 1150
189.168.2.170 - - [13/Jan/2015:00:31:35 -0500] "GET /BLA/boletinlegal/js/jquery.scrollShow.js HTTP/1.1" 200 4586
66.249.67.75 - - [13/Jan/2015:00:31:50 -0500] "GET /BLA/resoluciones/RESOLUCIONES%202007/RES%202007%201726%20AL%201800/RESOLUCION%201796%20DE%202007.pdf HTTP/1.1" 200 1347535
190.156.143.139 - - [13/Jan/2015:00:31:52 -0500] "POST /forms/lservlet;jsessionid=ac16012b30d5c048eb0e3b1e427bb4a2919341782135.e3iSbxaKaheRe34SahiRb30Pchr0n6jAmljGr5XDqQLvpAe HTTP/1.1" 200 2
66.249.67.83 - - [13/Jan/2015:00:32:09 -0500] "GET /BLA/resoluciones/AUTOS%202013/0441.pdf HTTP/1.1" 200 2049761
201.184.95.190 - - [13/Jan/2015:00:32:24 -0500] "GET /forest/session.jsp?a=0.5964261989574879 HTTP/1.1" 200 4
186.154.21.243 - - [13/Jan/2015:00:32:26 -0500] "POST /forms/lservlet;jsessionid=ac16012b30d5c655693429f94f0295ffbaa7e8a51c1a.e3iSbxaKaheRe34SahiRb30Pchr0n6jAmljGr5XDqQLvpAe HTTP/1.1" 200 2
201.184.95.190 - - [13/Jan/2015:00:32:26 -0500] "GET /forest/index2.jsp?selected=tab_init&tab=1 HTTP/1.1" 200 42160
201.184.95.190 - - [13/Jan/2015:00:32:26 -0500] "GET /forest/img/panel/bgTitle.jpg HTTP/1.1" 200 524
201.184.95.190 - - [13/Jan/2015:00:32:26 -0500] "GET /forest/session.jsp?a=0.3309930011164397 HTTP/1.1" 200 4
201.184.95.190 - - [13/Jan/2015:00:32:27 -0500] "GET /forest/misactividades.do?group_system_actual=3&todas=1&codPro=0&_a=0.02044360908718379 HTTP/1.1" 200 38033
201.184.95.190 - - [13/Jan/2015:00:32:28 -0500] "GET /forest/js/jquery/css/jquery-ui-selectmenu.css HTTP/1.1" 200 2553
201.184.95.190 - - [13/Jan/2015:00:32:28 -0500] "GET /forest/js/jquery/grid/css/ui.jqgrid.css HTTP/1.1" 200 14763
201.184.95.190 - - [13/Jan/2015:00:32:28 -0500] "GET /forest/js/jquery/grid/css/ui.multiselect.css HTTP/1.1" 200 1886
201.184.95.190 - - [13/Jan/2015:00:32:28 -0500] "GET /forest/js/jquery/css/jquery-ui-1.8.1.custom.css HTTP/1.1" 200 29141
201.184.95.190 - - [13/Jan/2015:00:32:29 -0500] "GET /forest/js/jquery/i18n/grid.locale-en.js HTTP/1.1" 200 3927
201.184.95.190 - - [13/Jan/2015:00:32:29 -0500] "GET /forest/js/jquery/plugins/ui.multiselect.js HTTP/1.1" 200 10577
201.184.95.190 - - [13/Jan/2015:00:32:28 -0500] "GET /forest/js/jquery/plugins/jquery.ui.selectmenu.js HTTP/1.1" 200 26591
66.249.67.67 - - [13/Jan/2015:00:32:30 -0500] "GET /BLA/resoluciones/RESOLUCIONES%202008/4682.pdf HTTP/1.1" 200 569239
201.184.95.190 - - [13/Jan/2015:00:32:29 -0500] "GET /forest/js/jquery/plugins/jquery.searchFilter.js HTTP/1.1" 200 37785
201.184.95.190 - - [13/Jan/2015:00:32:30 -0500] "GET /forest/js/jquery/plugins/jquery.tablednd.js HTTP/1.1" 200 17091
201.184.95.190 - - [13/Jan/2015:00:32:32 -0500] "GET /forest/js/jquery/plugins/grid.setcolumns.js HTTP/1.1" 200 5638
201.184.95.190 - - [13/Jan/2015:00:32:32 -0500] "GET /forest/js/jquery/plugins/jquery.contextmenu.js HTTP/1.1" 200 4443
201.184.95.190 - - [13/Jan/2015:00:32:28 -0500] "GET /forest/js/jquery/jquery.layout-latest.js HTTP/1.1" 200 142624
201.184.95.190 - - [13/Jan/2015:00:32:32 -0500] "GET /forest/js/jqGridConf.js HTTP/1.1" 200 19741
201.184.95.190 - - [13/Jan/2015:00:32:28 -0500] "GET /forest/js/jquery/jquery-latest.js HTTP/1.1" 200 180411
201.184.95.190 - - [13/Jan/2015:00:32:28 -0500] "GET /forest/js/jquery/jquery-ui-latest.js HTTP/1.1" 200 359766
201.184.95.190 - - [13/Jan/2015:00:32:30 -0500] "GET /forest/js/jquery/jquery.jqGrid.src.js HTTP/1.1" 200 383407
201.184.95.190 - - [13/Jan/2015:00:32:38 -0500] "GET /forest/session.jsp?a=0.5596438068896532 HTTP/1.1" 200 4
201.184.95.190 - - [13/Jan/2015:00:32:38 -0500] "GET /forest/skins/gdocs-jar/img/clip.gif HTTP/1.1" 200 246
201.184.95.190 - - [13/Jan/2015:00:32:38 -0500] "GET /forest/img/jquery/ui-bg_flat_0_aaaaaa_40x100.png HTTP/1.1" 200 180
201.184.95.190 - - [13/Jan/2015:00:32:38 -0500] "GET /forest/img/jquery/ui-bg_inset-hard_100_f5f8f9_1x100.png HTTP/1.1" 200 48020
201.184.95.190 - - [13/Jan/2015:00:32:38 -0500] "GET /forest/img/jquery/ui-bg_gloss-wave_55_5c9ccc_500x100.png HTTP/1.1" 200 58064
201.184.95.190 - - [13/Jan/2015:00:32:38 -0500] "GET /forest/img/jquery/ui-bg_glass_85_dfeffc_1x400.png HTTP/1.1" 200 50159
201.184.95.190 - - [13/Jan/2015:00:32:38 -0500] "GET /forest/img/jquery/ui-icons_6da8d5_256x240.png HTTP/1.1" 200 69971
201.184.95.190 - - [13/Jan/2015:00:32:38 -0500] "GET /forest/img/jquery/ui-icons_469bdd_256x240.png HTTP/1.1" 200 70990
201.184.95.190 - - [13/Jan/2015:00:32:39 -0500] "POST /forest/misactividades.do?ajax=true&a=0.19679440278559923 HTTP/1.1" 200 56
201.184.95.190 - - [13/Jan/2015:00:32:38 -0500] "GET /forest/img/jquery/ui-bg_inset-hard_100_fcfdfd_1x100.png HTTP/1.1" 200 47825
201.184.95.190 - - [13/Jan/2015:00:32:40 -0500] "GET /forest/img/jquery/save.gif HTTP/1.1" 200 1041
201.184.95.190 - - [13/Jan/2015:00:32:40 -0500] "GET /forest/img/jquery/quitarfiltrar.gif HTTP/1.1" 200 1021
201.184.95.190 - - [13/Jan/2015:00:32:40 -0500] "GET /forest/img/jquery/columnshide.gif HTTP/1.1" 200 591
201.184.95.190 - - [13/Jan/2015:00:32:40 -0500] "GET /forest/img/jquery/ui-icons_d8e7f3_256x240.png HTTP/1.1" 200 70558
200.118.153.247 - - [13/Jan/2015:00:32:42 -0500] "POST /forms/lservlet;jsessionid=ac16012b30d5efb348e920bf4f1cbb9e99537955de8a.e3iSbxaKaheRe34SahiRb30Pchr0n6jAmljGr5XDqQLvpAe HTTP/1.1" 200 2
181.54.84.12 - - [13/Jan/2015:00:33:00 -0500] "POST /forms/lservlet;jsessionid=ac16012b30d53c19fd64a26d4f5ea8b7f62efc7af06d.e3iSbxaKaheRe34SahiRb30Pchr0n6jAmljGr5XDqQLvpAe HTTP/1.1" 200 2
66.249.67.83 - - [13/Jan/2015:00:33:10 -0500] "GET /BLA/resoluciones/RESOLUCIONES%202009/5361.pdf HTTP/1.1" 200 692376
157.55.39.22 - - [13/Jan/2015:00:33:20 -0500] "GET /BLA/resoluciones/RESOLUCIONES%202008/1517.pdf HTTP/1.1" 200 390633
157.55.39.22 - - [13/Jan/2015:00:33:20 -0500] "GET /bla/resoluciones/autos%202010/0471.pdf HTTP/1.1" 200 168621
207.46.13.133 - - [13/Jan/2015:00:33:35 -0500] "GET /BLA/resoluciones/AUTOS%202009/0697.pdf HTTP/1.1" 200 101473
188.165.15.66 - - [13/Jan/2015:00:33:48 -0500] "GET /BLA/resoluciones/index.php?dir=RESOLUCIONES%202006/RES%202006%20851-900/&sort=date&order=desc HTTP/1.1" 200 12233
66.249.67.67 - - [13/Jan/2015:00:33:49 -0500] "GET /BLA/resoluciones/RESOLUCIONES%202008/1116.pdf HTTP/1.1" 200 88657
