181.54.84.12 - - [13/Jan/2015:01:25:06 -0500] "POST /forms/lservlet;jsessionid=ac16012b30d53c19fd64a26d4f5ea8b7f62efc7af06d.e3iSbxaKaheRe34SahiRb30Pchr0n6jAmljGr5XDqQLvpAe HTTP/1.1" 200 2
66.249.67.67 - - [13/Jan/2015:01:25:22 -0500] "GET /BLA/resoluciones/RESOLUCIONES%202008/1060.pdf HTTP/1.1" 200 300672
157.55.39.66 - - [13/Jan/2015:01:25:33 -0500] "GET /dama/libreria/php/frame_detalle.php?h_id=699 HTTP/1.1" 404 1015
66.249.67.75 - - [13/Jan/2015:01:26:02 -0500] "GET /BLA/resoluciones/RESOLUCIONES%202008/2718.pdf HTTP/1.1" 200 296918
66.249.67.67 - - [13/Jan/2015:01:26:30 -0500] "GET /BLA/resoluciones/RESOLUCIONES%202011/4644.pdf HTTP/1.1" 200 585046
66.249.67.75 - - [13/Jan/2015:01:26:42 -0500] "GET /BLA/resoluciones/Notificaciones/AUTOS%202013/3252.doc HTTP/1.1" 200 858624
157.55.39.23 - - [13/Jan/2015:01:26:42 -0500] "GET /bla/resoluciones/resoluciones%202009/6253.pdf HTTP/1.1" 200 233515
157.55.39.23 - - [13/Jan/2015:01:26:42 -0500] "GET /BLA/resoluciones/AUTOS%202012/2666.pdf HTTP/1.1" 200 918593
200.118.153.247 - - [13/Jan/2015:01:26:43 -0500] "POST /forms/lservlet;jsessionid=ac16012b30d5efb348e920bf4f1cbb9e99537955de8a.e3iSbxaKaheRe34SahiRb30Pchr0n6jAmljGr5XDqQLvpAe HTTP/1.1" 200 2
157.55.39.23 - - [13/Jan/2015:01:26:43 -0500] "GET /BLA/resoluciones/RESOLUCIONES%202008/1202.pdf HTTP/1.1" 200 229209
200.118.153.247 - - [13/Jan/2015:01:27:03 -0500] "POST /forms/lservlet;jsessionid=ac16012b30d5efb348e920bf4f1cbb9e99537955de8a.e3iSbxaKaheRe34SahiRb30Pchr0n6jAmljGr5XDqQLvpAe HTTP/1.1" 200 2333
188.165.15.15 - - [13/Jan/2015:01:27:05 -0500] "GET /BLA/resoluciones/RESOLUCIONES%202004/RES%202004%20601-650/00000636.tif HTTP/1.1" 200 156980
181.54.84.12 - - [13/Jan/2015:01:27:06 -0500] "POST /forms/lservlet;jsessionid=ac16012b30d53c19fd64a26d4f5ea8b7f62efc7af06d.e3iSbxaKaheRe34SahiRb30Pchr0n6jAmljGr5XDqQLvpAe HTTP/1.1" 200 2
188.165.15.21 - - [13/Jan/2015:01:27:09 -0500] "GET /BLA/resoluciones/index.php?dir=RESOLUCIONES%202004/RES%202004%20751-800/&sort=date&order=asc HTTP/1.1" 200 12053
200.118.153.247 - - [13/Jan/2015:01:27:09 -0500] "POST /forms/lservlet;jsessionid=ac16012b30d5efb348e920bf4f1cbb9e99537955de8a.e3iSbxaKaheRe34SahiRb30Pchr0n6jAmljGr5XDqQLvpAe HTTP/1.1" 200 26
200.118.153.247 - - [13/Jan/2015:01:27:09 -0500] "POST /forms/lservlet;jsessionid=ac16012b30d5efb348e920bf4f1cbb9e99537955de8a.e3iSbxaKaheRe34SahiRb30Pchr0n6jAmljGr5XDqQLvpAe HTTP/1.1" 200 3947
200.118.153.247 - - [13/Jan/2015:01:27:10 -0500] "POST /forms/lservlet;jsessionid=ac16012b30d5efb348e920bf4f1cbb9e99537955de8a.e3iSbxaKaheRe34SahiRb30Pchr0n6jAmljGr5XDqQLvpAe HTTP/1.1" 200 2
200.118.153.247 - - [13/Jan/2015:01:27:13 -0500] "POST /forms/lservlet;jsessionid=ac16012b30d5efb348e920bf4f1cbb9e99537955de8a.e3iSbxaKaheRe34SahiRb30Pchr0n6jAmljGr5XDqQLvpAe HTTP/1.1" 200 2
200.118.153.247 - - [13/Jan/2015:01:27:13 -0500] "POST /forms/lservlet;jsessionid=ac16012b30d5efb348e920bf4f1cbb9e99537955de8a.e3iSbxaKaheRe34SahiRb30Pchr0n6jAmljGr5XDqQLvpAe HTTP/1.1" 200 114
200.118.153.247 - - [13/Jan/2015:01:27:13 -0500] "POST /forms/lservlet;jsessionid=ac16012b30d5efb348e920bf4f1cbb9e99537955de8a.e3iSbxaKaheRe34SahiRb30Pchr0n6jAmljGr5XDqQLvpAe HTTP/1.1" 200 2
200.118.153.247 - - [13/Jan/2015:01:27:13 -0500] "GET /reports/rwservlet/getjobid340476?server=rep_srvapsda HTTP/1.1" 200 47758
66.249.67.83 - - [13/Jan/2015:01:27:21 -0500] "GET /BLA/resoluciones/RESOLUCIONES%202008/0867.pdf HTTP/1.1" 200 322917
188.165.15.99 - - [13/Jan/2015:01:27:32 -0500] "GET /BLA/resoluciones/index.php?dir=RESOLUCIONES%202005/RES%202005%202351-2400/&sort=name&order=asc HTTP/1.1" 200 12366
180.76.6.17 - - [13/Jan/2015:01:27:55 -0500] "GET /BLA/resoluciones/AUTOS%202007/0809.pdf HTTP/1.1" 200 90807
66.249.67.75 - - [13/Jan/2015:01:28:01 -0500] "GET /BLA/resoluciones/RESOLUCIONES%202008/4804.pdf HTTP/1.1" 200 302886
66.249.67.83 - - [13/Jan/2015:01:28:12 -0500] "GET /BLA/resoluciones/RESOLUCIONES%202007/RES%202007%203501%20AL%203600/RESOLUCION%203544%20DE%202007.pdf HTTP/1.1" 200 174099
66.249.67.75 - - [13/Jan/2015:01:28:41 -0500] "GET /BLA/resoluciones/RESOLUCIONES%202009/5369.pdf HTTP/1.1" 200 523791
200.118.153.247 - - [13/Jan/2015:01:28:43 -0500] "POST /forms/lservlet;jsessionid=ac16012b30d5efb348e920bf4f1cbb9e99537955de8a.e3iSbxaKaheRe34SahiRb30Pchr0n6jAmljGr5XDqQLvpAe HTTP/1.1" 200 2
74.86.158.107 - - [13/Jan/2015:01:28:50 -0500] "HEAD / HTTP/1.1" 302 -
66.249.67.83 - - [13/Jan/2015:01:29:05 -0500] "GET /BLA/resoluciones/RESOLUCIONES%202010/3986.pdf HTTP/1.1" 200 506409
181.54.84.12 - - [13/Jan/2015:01:29:06 -0500] "POST /forms/lservlet;jsessionid=ac16012b30d53c19fd64a26d4f5ea8b7f62efc7af06d.e3iSbxaKaheRe34SahiRb30Pchr0n6jAmljGr5XDqQLvpAe HTTP/1.1" 200 2
66.249.67.83 - - [13/Jan/2015:01:29:20 -0500] "GET /BLA/resoluciones/RESOLUCIONES%202008/1368.pdf HTTP/1.1" 200 214497
66.249.67.75 - - [13/Jan/2015:01:30:00 -0500] "GET /BLA/resoluciones/RESOLUCIONES%202008/0303.pdf HTTP/1.1" 200 51294
157.55.39.22 - - [13/Jan/2015:01:30:11 -0500] "GET /bla/resoluciones/autos%202010/3882.pdf HTTP/1.1" 200 32120
180.76.6.158 - - [13/Jan/2015:01:30:12 -0500] "GET /BLA/resoluciones/AUTOS%202011/3033.pdf HTTP/1.1" 200 125186
188.165.15.138 - - [13/Jan/2015:01:30:13 -0500] "GET /BLA/resoluciones/RESOLUCIONES%202006/RES%202006%201401-1450/00001409.tif HTTP/1.1" 200 192386
157.55.39.22 - - [13/Jan/2015:01:30:27 -0500] "GET /bla/resoluciones/autos%202010/1412.pdf HTTP/1.1" 200 191987
190.26.210.162 - - [13/Jan/2015:01:30:38 -0500] "GET / HTTP/1.1" 302 -
190.26.210.162 - - [13/Jan/2015:01:30:39 -0500] "GET /BLA/boletinlegal/js/jquery.js HTTP/1.1" 304 -
190.26.210.162 - - [13/Jan/2015:01:30:39 -0500] "GET /BLA/boletinlegal/js/jquery.scrollTo-min.js HTTP/1.1" 304 -
190.26.210.162 - - [13/Jan/2015:01:30:39 -0500] "GET /BLA/boletinlegal/js/jquery.scrollShow.js HTTP/1.1" 304 -
66.249.67.75 - - [13/Jan/2015:01:30:40 -0500] "GET /BLA/resoluciones/RESOLUCIONES%202009/2292.pdf HTTP/1.1" 200 334518
157.55.39.23 - - [13/Jan/2015:01:30:41 -0500] "GET /BLA/resoluciones/RESOLUCIONES%202008/2197.pdf HTTP/1.1" 200 470952
200.118.153.247 - - [13/Jan/2015:01:30:43 -0500] "POST /forms/lservlet;jsessionid=ac16012b30d5efb348e920bf4f1cbb9e99537955de8a.e3iSbxaKaheRe34SahiRb30Pchr0n6jAmljGr5XDqQLvpAe HTTP/1.1" 200 2
188.165.15.99 - - [13/Jan/2015:01:30:44 -0500] "GET /BLA/resoluciones/RESOLUCIONES%202005/RES%202005%202501-2550/00002517.tif HTTP/1.1" 200 755532
190.26.210.162 - - [13/Jan/2015:01:30:47 -0500] "GET /galeria/nivo-slider/demo/demo.html HTTP/1.1" 304 -
190.26.210.162 - - [13/Jan/2015:01:30:47 -0500] "GET /galeria/carrusel/Carrusel/jquery.thumbnailScroller.css HTTP/1.1" 304 -
190.26.210.162 - - [13/Jan/2015:01:30:47 -0500] "GET /galeria/carrusel/Carrusel/jquery-ui- HTTP/1.1" 404 1018
190.26.210.162 - - [13/Jan/2015:01:30:48 -0500] "GET /galeria/carrusel/Carrusel/jquery.thumbnailScroller.js HTTP/1.1" 304 -
190.26.210.162 - - [13/Jan/2015:01:30:52 -0500] "GET /videos/Spot_CambioClimatico.flv HTTP/1.1" 304 -
200.118.153.247 - - [13/Jan/2015:01:30:57 -0500] "POST /forms/lservlet;jsessionid=ac16012b30d5efb348e920bf4f1cbb9e99537955de8a.e3iSbxaKaheRe34SahiRb30Pchr0n6jAmljGr5XDqQLvpAe HTTP/1.1" 200 2333
200.118.153.247 - - [13/Jan/2015:01:31:02 -0500] "POST /forms/lservlet;jsessionid=ac16012b30d5efb348e920bf4f1cbb9e99537955de8a.e3iSbxaKaheRe34SahiRb30Pchr0n6jAmljGr5XDqQLvpAe HTTP/1.1" 200 26
200.118.153.247 - - [13/Jan/2015:01:31:02 -0500] "POST /forms/lservlet;jsessionid=ac16012b30d5efb348e920bf4f1cbb9e99537955de8a.e3iSbxaKaheRe34SahiRb30Pchr0n6jAmljGr5XDqQLvpAe HTTP/1.1" 200 3682
200.118.153.247 - - [13/Jan/2015:01:31:02 -0500] "POST /forms/lservlet;jsessionid=ac16012b30d5efb348e920bf4f1cbb9e99537955de8a.e3iSbxaKaheRe34SahiRb30Pchr0n6jAmljGr5XDqQLvpAe HTTP/1.1" 200 2
200.118.153.247 - - [13/Jan/2015:01:31:05 -0500] "POST /forms/lservlet;jsessionid=ac16012b30d5efb348e920bf4f1cbb9e99537955de8a.e3iSbxaKaheRe34SahiRb30Pchr0n6jAmljGr5XDqQLvpAe HTTP/1.1" 200 2
181.54.84.12 - - [13/Jan/2015:01:31:06 -0500] "POST /forms/lservlet;jsessionid=ac16012b30d53c19fd64a26d4f5ea8b7f62efc7af06d.e3iSbxaKaheRe34SahiRb30Pchr0n6jAmljGr5XDqQLvpAe HTTP/1.1" 200 2
200.118.153.247 - - [13/Jan/2015:01:31:05 -0500] "POST /forms/lservlet;jsessionid=ac16012b30d5efb348e920bf4f1cbb9e99537955de8a.e3iSbxaKaheRe34SahiRb30Pchr0n6jAmljGr5XDqQLvpAe HTTP/1.1" 200 14
200.118.153.247 - - [13/Jan/2015:01:31:07 -0500] "POST /forms/lservlet;jsessionid=ac16012b30d5efb348e920bf4f1cbb9e99537955de8a.e3iSbxaKaheRe34SahiRb30Pchr0n6jAmljGr5XDqQLvpAe HTTP/1.1" 200 114
200.118.153.247 - - [13/Jan/2015:01:31:07 -0500] "POST /forms/lservlet;jsessionid=ac16012b30d5efb348e920bf4f1cbb9e99537955de8a.e3iSbxaKaheRe34SahiRb30Pchr0n6jAmljGr5XDqQLvpAe HTTP/1.1" 200 2
200.118.153.247 - - [13/Jan/2015:01:31:07 -0500] "GET /reports/rwservlet/getjobid340477?server=rep_srvapsda HTTP/1.1" 200 47706
66.249.67.83 - - [13/Jan/2015:01:31:19 -0500] "GET /BLA/resoluciones/RESOLUCIONES%202009/0872.pdf HTTP/1.1" 200 315495
190.26.210.162 - - [13/Jan/2015:01:30:47 -0500] "GET /BLA/boletinlegal/index.php? HTTP/1.1" 200 49382
66.249.67.83 - - [13/Jan/2015:01:31:39 -0500] "GET /BLA/resoluciones/RESOLUCIONES%202011/6177.pdf HTTP/1.1" 200 3315589
66.249.67.111 - - [13/Jan/2015:01:31:59 -0500] "GET /ecodirectorio/files/res/pages/page_0123.swf HTTP/1.1" 200 262562
180.76.6.149 - - [13/Jan/2015:01:32:16 -0500] "GET /BLA/resoluciones/AUTOS%202007/0288.pdf HTTP/1.1" 200 117249
157.55.39.22 - - [13/Jan/2015:01:32:18 -0500] "GET /bla/resoluciones/resoluciones%202009/7755.pdf HTTP/1.1" 200 373502
188.165.15.66 - - [13/Jan/2015:01:32:19 -0500] "GET /BLA/resoluciones/RESOLUCIONES%202002/RES%202002%20451-500/00000461.tif HTTP/1.1" 200 78466
85.214.127.182 - - [13/Jan/2015:01:32:35 -0500] "GET /blog/wp-admin/ HTTP/1.1" 404 1018
66.249.67.75 - - [13/Jan/2015:01:32:39 -0500] "GET /BLA/resoluciones/RESOLUCIONES%202008/1211.pdf HTTP/1.1" 200 130706
200.118.153.247 - - [13/Jan/2015:01:32:43 -0500] "POST /forms/lservlet;jsessionid=ac16012b30d5efb348e920bf4f1cbb9e99537955de8a.e3iSbxaKaheRe34SahiRb30Pchr0n6jAmljGr5XDqQLvpAe HTTP/1.1" 200 2
66.249.67.67 - - [13/Jan/2015:01:32:49 -0500] "GET /BLA/resoluciones/RESOLUCIONES%202010/2426.pdf HTTP/1.1" 200 489392
181.54.84.12 - - [13/Jan/2015:01:33:06 -0500] "POST /forms/lservlet;jsessionid=ac16012b30d53c19fd64a26d4f5ea8b7f62efc7af06d.e3iSbxaKaheRe34SahiRb30Pchr0n6jAmljGr5XDqQLvpAe HTTP/1.1" 200 2
152.61.193.99 - - [13/Jan/2015:01:33:09 -0500] "HEAD / HTTP/1.1" 302 -
152.61.193.99 - - [13/Jan/2015:01:33:09 -0500] "GET /arcgis/services/Calidad_del_Agua_WQI/MapServer/WMSServer?request=GetCapabilities&service=WMS HTTP/1.1" 200 32135
152.61.193.99 - - [13/Jan/2015:01:33:10 -0500] "GET /arcgis/services/Calidad_del_Agua_WQI/MapServer/WMSServer?request=GetCapabilities&service=WMS HTTP/1.1" 200 32135
152.61.193.99 - - [13/Jan/2015:01:33:11 -0500] "GET /arcgis/services/Calidad_del_Agua_WQI/MapServer/WMSServer?request=GetCapabilities&service=WMS HTTP/1.1" 200 32135
152.61.193.99 - - [13/Jan/2015:01:33:12 -0500] "GET /arcgis/services/Calidad_del_Agua_WQI/MapServer/WMSServer?request=GetCapabilities&service=WMS HTTP/1.1" 200 32135
152.61.193.99 - - [13/Jan/2015:01:33:13 -0500] "GET /arcgis/services/Calidad_del_Agua_WQI/MapServer/WMSServer?VERSION=1.1.1&REQUEST=GetMap&LAYERS=0&SRS=EPSG:4326&BBOX=-74.473395,3.674381,-73.963300,4.920569&WIDTH=250&HEIGHT=250&FORMAT=image/bmp&STYLES=& HTTP/1.1" 200 188054
66.249.67.75 - - [13/Jan/2015:01:33:19 -0500] "GET /BLA/resoluciones/RESOLUCIONES%202008/0144.pdf HTTP/1.1" 200 306087
188.165.15.99 - - [13/Jan/2015:01:33:35 -0500] "GET /BLA/resoluciones/index.php?dir=RESOLUCIONES%202006/RES%202006%20451-500/&sort=size&order=desc HTTP/1.1" 200 12243
180.76.6.230 - - [13/Jan/2015:01:33:44 -0500] "GET /BLA/resoluciones/RESOLUCIONES%202008/4976.pdf HTTP/1.1" 200 212064
74.86.158.107 - - [13/Jan/2015:01:33:50 -0500] "HEAD / HTTP/1.1" 302 -
66.249.67.83 - - [13/Jan/2015:01:33:58 -0500] "GET /BLA/resoluciones/AUTOS%202011/0288.pdf HTTP/1.1" 200 226596
152.61.193.99 - - [13/Jan/2015:01:34:11 -0500] "HEAD / HTTP/1.1" 302 -
152.61.193.99 - - [13/Jan/2015:01:34:12 -0500] "GET /arcgis/services/Calidad_del_Agua_WQI/MapServer/WMSServer?SERVICE=WMS&REQUEST=GetCapabilities HTTP/1.1" 200 32135
152.61.193.99 - - [13/Jan/2015:01:34:13 -0500] "GET /arcgis/services/Calidad_del_Agua_WQI/MapServer/WMSServer?SERVICE=WMS&REQUEST=GetCapabilities HTTP/1.1" 200 32135
152.61.193.99 - - [13/Jan/2015:01:34:14 -0500] "GET /arcgis/services/Calidad_del_Agua_WQI/MapServer/WMSServer?SERVICE=WMS&REQUEST=GetCapabilities HTTP/1.1" 200 32135
152.61.193.99 - - [13/Jan/2015:01:34:15 -0500] "GET /arcgis/services/Calidad_del_Agua_WQI/MapServer/WMSServer?SERVICE=WMS&REQUEST=GetCapabilities HTTP/1.1" 200 32135
66.249.67.75 - - [13/Jan/2015:01:34:15 -0500] "GET /BLA/resoluciones/RESOLUCIONES%202012/0744.pdf HTTP/1.1" 200 508120
152.61.193.99 - - [13/Jan/2015:01:34:15 -0500] "GET /arcgis/services/Calidad_del_Agua_WQI/MapServer/WMSServer?VERSION=1.1.1&REQUEST=GetMap&LAYERS=0&SRS=EPSG:4326&BBOX=-74.473395,3.674381,-73.963300,4.920569&WIDTH=250&HEIGHT=250&FORMAT=image/bmp&STYLES=& HTTP/1.1" 200 188054
200.118.153.247 - - [13/Jan/2015:01:34:23 -0500] "POST /forms/lservlet;jsessionid=ac16012b30d5efb348e920bf4f1cbb9e99537955de8a.e3iSbxaKaheRe34SahiRb30Pchr0n6jAmljGr5XDqQLvpAe HTTP/1.1" 200 2262
200.118.153.247 - - [13/Jan/2015:01:34:28 -0500] "POST /forms/lservlet;jsessionid=ac16012b30d5efb348e920bf4f1cbb9e99537955de8a.e3iSbxaKaheRe34SahiRb30Pchr0n6jAmljGr5XDqQLvpAe HTTP/1.1" 200 26
200.118.153.247 - - [13/Jan/2015:01:34:28 -0500] "POST /forms/lservlet;jsessionid=ac16012b30d5efb348e920bf4f1cbb9e99537955de8a.e3iSbxaKaheRe34SahiRb30Pchr0n6jAmljGr5XDqQLvpAe HTTP/1.1" 200 3698
200.118.153.247 - - [13/Jan/2015:01:34:29 -0500] "POST /forms/lservlet;jsessionid=ac16012b30d5efb348e920bf4f1cbb9e99537955de8a.e3iSbxaKaheRe34SahiRb30Pchr0n6jAmljGr5XDqQLvpAe HTTP/1.1" 200 2
200.118.153.247 - - [13/Jan/2015:01:34:31 -0500] "POST /forms/lservlet;jsessionid=ac16012b30d5efb348e920bf4f1cbb9e99537955de8a.e3iSbxaKaheRe34SahiRb30Pchr0n6jAmljGr5XDqQLvpAe HTTP/1.1" 200 2
200.118.153.247 - - [13/Jan/2015:01:34:31 -0500] "POST /forms/lservlet;jsessionid=ac16012b30d5efb348e920bf4f1cbb9e99537955de8a.e3iSbxaKaheRe34SahiRb30Pchr0n6jAmljGr5XDqQLvpAe HTTP/1.1" 200 14
200.118.153.247 - - [13/Jan/2015:01:34:32 -0500] "POST /forms/lservlet;jsessionid=ac16012b30d5efb348e920bf4f1cbb9e99537955de8a.e3iSbxaKaheRe34SahiRb30Pchr0n6jAmljGr5XDqQLvpAe HTTP/1.1" 200 114
200.118.153.247 - - [13/Jan/2015:01:34:32 -0500] "POST /forms/lservlet;jsessionid=ac16012b30d5efb348e920bf4f1cbb9e99537955de8a.e3iSbxaKaheRe34SahiRb30Pchr0n6jAmljGr5XDqQLvpAe HTTP/1.1" 200 2
200.118.153.247 - - [13/Jan/2015:01:34:33 -0500] "GET /reports/rwservlet/getjobid340478?server=rep_srvapsda HTTP/1.1" 200 47721
66.249.67.83 - - [13/Jan/2015:01:34:38 -0500] "GET /BLA/resoluciones/RESOLUCIONES%202008/2619.pdf HTTP/1.1" 200 414686
200.118.153.247 - - [13/Jan/2015:01:34:43 -0500] "POST /forms/lservlet;jsessionid=ac16012b30d5efb348e920bf4f1cbb9e99537955de8a.e3iSbxaKaheRe34SahiRb30Pchr0n6jAmljGr5XDqQLvpAe HTTP/1.1" 200 2
66.249.67.67 - - [13/Jan/2015:01:34:57 -0500] "GET /BLA/resoluciones/Notificaciones/AUTOS%202014/1509.doc HTTP/1.1" 304 -
181.54.84.12 - - [13/Jan/2015:01:35:06 -0500] "POST /forms/lservlet;jsessionid=ac16012b30d53c19fd64a26d4f5ea8b7f62efc7af06d.e3iSbxaKaheRe34SahiRb30Pchr0n6jAmljGr5XDqQLvpAe HTTP/1.1" 200 2
66.249.67.75 - - [13/Jan/2015:01:35:18 -0500] "GET /BLA/resoluciones/RESOLUCIONES%202008/0510.pdf HTTP/1.1" 200 217911
122.164.227.115 - - [13/Jan/2015:01:35:21 -0500] "HEAD / HTTP/1.1" 302 -
207.46.13.113 - - [13/Jan/2015:01:35:27 -0500] "GET /BLA/resoluciones/RESOLUCIONES%202008/0380.pdf HTTP/1.1" 200 358310
207.46.13.113 - - [13/Jan/2015:01:35:42 -0500] "GET /bla/resoluciones/autos%202010/1163.pdf HTTP/1.1" 200 147664
66.249.67.75 - - [13/Jan/2015:01:35:57 -0500] "GET /BLA/resoluciones/RESOLUCIONES%202008/3878.pdf HTTP/1.1" 200 514489
188.165.15.44 - - [13/Jan/2015:01:35:59 -0500] "GET /BLA/resoluciones/RESOLUCIONES%202005/RES%202005%203051-3100/00003077.tif HTTP/1.1" 200 88944
66.249.67.83 - - [13/Jan/2015:01:36:37 -0500] "GET /BLA/resoluciones/RESOLUCIONES%202009/1252.pdf HTTP/1.1" 200 622674
200.118.153.247 - - [13/Jan/2015:01:36:43 -0500] "POST /forms/lservlet;jsessionid=ac16012b30d5efb348e920bf4f1cbb9e99537955de8a.e3iSbxaKaheRe34SahiRb30Pchr0n6jAmljGr5XDqQLvpAe HTTP/1.1" 200 2
188.165.15.212 - - [13/Jan/2015:01:36:45 -0500] "GET /BLA/resoluciones/RESOLUCIONES%202002/RES%202002%201751-1800/20021761.tif HTTP/1.1" 200 97690
66.249.67.75 - - [13/Jan/2015:01:36:51 -0500] "GET /BLA/resoluciones/RESOLUCIONES%202009/1461.pdf HTTP/1.1" 200 662771
207.46.13.113 - - [13/Jan/2015:01:37:03 -0500] "GET /bla/resoluciones/resoluciones%202009/4923.pdf HTTP/1.1" 200 153932
181.54.84.12 - - [13/Jan/2015:01:37:06 -0500] "POST /forms/lservlet;jsessionid=ac16012b30d53c19fd64a26d4f5ea8b7f62efc7af06d.e3iSbxaKaheRe34SahiRb30Pchr0n6jAmljGr5XDqQLvpAe HTTP/1.1" 200 2
66.249.67.83 - - [13/Jan/2015:01:37:17 -0500] "GET /BLA/resoluciones/RESOLUCIONES%202009/0247.pdf HTTP/1.1" 200 650563
200.118.153.247 - - [13/Jan/2015:01:37:33 -0500] "POST /forms/lservlet;jsessionid=ac16012b30d5efb348e920bf4f1cbb9e99537955de8a.e3iSbxaKaheRe34SahiRb30Pchr0n6jAmljGr5XDqQLvpAe HTTP/1.1" 200 2336
200.118.153.247 - - [13/Jan/2015:01:37:37 -0500] "POST /forms/lservlet;jsessionid=ac16012b30d5efb348e920bf4f1cbb9e99537955de8a.e3iSbxaKaheRe34SahiRb30Pchr0n6jAmljGr5XDqQLvpAe HTTP/1.1" 200 26
200.118.153.247 - - [13/Jan/2015:01:37:37 -0500] "POST /forms/lservlet;jsessionid=ac16012b30d5efb348e920bf4f1cbb9e99537955de8a.e3iSbxaKaheRe34SahiRb30Pchr0n6jAmljGr5XDqQLvpAe HTTP/1.1" 200 3914
200.118.153.247 - - [13/Jan/2015:01:37:38 -0500] "POST /forms/lservlet;jsessionid=ac16012b30d5efb348e920bf4f1cbb9e99537955de8a.e3iSbxaKaheRe34SahiRb30Pchr0n6jAmljGr5XDqQLvpAe HTTP/1.1" 200 2
200.118.153.247 - - [13/Jan/2015:01:37:41 -0500] "POST /forms/lservlet;jsessionid=ac16012b30d5efb348e920bf4f1cbb9e99537955de8a.e3iSbxaKaheRe34SahiRb30Pchr0n6jAmljGr5XDqQLvpAe HTTP/1.1" 200 2
200.118.153.247 - - [13/Jan/2015:01:37:41 -0500] "POST /forms/lservlet;jsessionid=ac16012b30d5efb348e920bf4f1cbb9e99537955de8a.e3iSbxaKaheRe34SahiRb30Pchr0n6jAmljGr5XDqQLvpAe HTTP/1.1" 200 14
200.118.153.247 - - [13/Jan/2015:01:37:42 -0500] "POST /forms/lservlet;jsessionid=ac16012b30d5efb348e920bf4f1cbb9e99537955de8a.e3iSbxaKaheRe34SahiRb30Pchr0n6jAmljGr5XDqQLvpAe HTTP/1.1" 200 114
200.118.153.247 - - [13/Jan/2015:01:37:42 -0500] "POST /forms/lservlet;jsessionid=ac16012b30d5efb348e920bf4f1cbb9e99537955de8a.e3iSbxaKaheRe34SahiRb30Pchr0n6jAmljGr5XDqQLvpAe HTTP/1.1" 200 2
200.118.153.247 - - [13/Jan/2015:01:37:42 -0500] "GET /reports/rwservlet/getjobid340479?server=rep_srvapsda HTTP/1.1" 200 47726
66.249.67.75 - - [13/Jan/2015:01:37:57 -0500] "GET /BLA/resoluciones/RESOLUCIONES%202009/6967.pdf HTTP/1.1" 200 2757058
66.249.67.75 - - [13/Jan/2015:01:38:36 -0500] "GET /BLA/resoluciones/RESOLUCIONES%202007/RES%202007%204301%20AL%204352/RESOLUCION%204304%20DE%202007.pdf HTTP/1.1" 200 778947
66.249.67.83 - - [13/Jan/2015:01:38:38 -0500] "GET /BLA/resoluciones/AUTOS%202006/AUTOS%202006%203301%20-%203418/00003317.tif HTTP/1.1" 200 68018
188.165.15.239 - - [13/Jan/2015:01:38:42 -0500] "GET /BLA/resoluciones/RESOLUCIONES%202003/RES%202003%202051-2100/00002085.tif HTTP/1.1" 200 84486
200.118.153.247 - - [13/Jan/2015:01:38:43 -0500] "POST /forms/lservlet;jsessionid=ac16012b30d5efb348e920bf4f1cbb9e99537955de8a.e3iSbxaKaheRe34SahiRb30Pchr0n6jAmljGr5XDqQLvpAe HTTP/1.1" 200 2
74.86.158.107 - - [13/Jan/2015:01:38:50 -0500] "HEAD / HTTP/1.1" 302 -
181.54.84.12 - - [13/Jan/2015:01:39:06 -0500] "POST /forms/lservlet;jsessionid=ac16012b30d53c19fd64a26d4f5ea8b7f62efc7af06d.e3iSbxaKaheRe34SahiRb30Pchr0n6jAmljGr5XDqQLvpAe HTTP/1.1" 200 2
66.249.67.67 - - [13/Jan/2015:01:39:16 -0500] "GET /BLA/resoluciones/AUTOS%202010/6611.pdf HTTP/1.1" 200 151001
66.249.67.75 - - [13/Jan/2015:01:39:26 -0500] "GET /BLA/resoluciones/RESOLUCIONES%202009/4636.pdf HTTP/1.1" 200 651768
188.165.15.15 - - [13/Jan/2015:01:39:39 -0500] "GET /BLA/resoluciones/RESOLUCIONES%202006/RES%202006%201051-1100/00001058.tif HTTP/1.1" 200 175782
66.249.67.67 - - [13/Jan/2015:01:39:56 -0500] "GET /BLA/resoluciones/RESOLUCIONES%202014/1267.pdf HTTP/1.1" 200 694604
188.165.15.44 - - [13/Jan/2015:01:40:34 -0500] "GET /BLA/resoluciones/RESOLUCIONES%202003/RES%202003%201401-1450/20031442.tif HTTP/1.1" 200 46848
66.249.67.75 - - [13/Jan/2015:01:40:35 -0500] "GET /BLA/resoluciones/AUTOS%202007/3627.pdf HTTP/1.1" 200 218753
207.46.13.113 - - [13/Jan/2015:01:40:38 -0500] "GET /bla/resoluciones/autos%202010/3767.pdf HTTP/1.1" 200 239557
200.118.153.247 - - [13/Jan/2015:01:40:43 -0500] "POST /forms/lservlet;jsessionid=ac16012b30d5efb348e920bf4f1cbb9e99537955de8a.e3iSbxaKaheRe34SahiRb30Pchr0n6jAmljGr5XDqQLvpAe HTTP/1.1" 200 2
180.76.6.140 - - [13/Jan/2015:01:40:52 -0500] "GET /BLA/resoluciones/RESOLUCIONES%202007/RES%202007%20601%20AL%20700/RESOLUCION%200614%20DE%202007.pdf HTTP/1.1" 200 702559
207.46.13.113 - - [13/Jan/2015:01:40:52 -0500] "GET /bla/resoluciones/autos%202010/5443.pdf HTTP/1.1" 200 1825795
200.118.153.247 - - [13/Jan/2015:01:40:57 -0500] "POST /forms/lservlet;jsessionid=ac16012b30d5efb348e920bf4f1cbb9e99537955de8a.e3iSbxaKaheRe34SahiRb30Pchr0n6jAmljGr5XDqQLvpAe HTTP/1.1" 200 2336
200.118.153.247 - - [13/Jan/2015:01:41:02 -0500] "POST /forms/lservlet;jsessionid=ac16012b30d5efb348e920bf4f1cbb9e99537955de8a.e3iSbxaKaheRe34SahiRb30Pchr0n6jAmljGr5XDqQLvpAe HTTP/1.1" 200 26
200.118.153.247 - - [13/Jan/2015:01:41:02 -0500] "POST /forms/lservlet;jsessionid=ac16012b30d5efb348e920bf4f1cbb9e99537955de8a.e3iSbxaKaheRe34SahiRb30Pchr0n6jAmljGr5XDqQLvpAe HTTP/1.1" 200 3778
200.118.153.247 - - [13/Jan/2015:01:41:03 -0500] "POST /forms/lservlet;jsessionid=ac16012b30d5efb348e920bf4f1cbb9e99537955de8a.e3iSbxaKaheRe34SahiRb30Pchr0n6jAmljGr5XDqQLvpAe HTTP/1.1" 200 2
200.118.153.247 - - [13/Jan/2015:01:41:05 -0500] "POST /forms/lservlet;jsessionid=ac16012b30d5efb348e920bf4f1cbb9e99537955de8a.e3iSbxaKaheRe34SahiRb30Pchr0n6jAmljGr5XDqQLvpAe HTTP/1.1" 200 2
200.118.153.247 - - [13/Jan/2015:01:41:05 -0500] "POST /forms/lservlet;jsessionid=ac16012b30d5efb348e920bf4f1cbb9e99537955de8a.e3iSbxaKaheRe34SahiRb30Pchr0n6jAmljGr5XDqQLvpAe HTTP/1.1" 200 114
200.118.153.247 - - [13/Jan/2015:01:41:06 -0500] "POST /forms/lservlet;jsessionid=ac16012b30d5efb348e920bf4f1cbb9e99537955de8a.e3iSbxaKaheRe34SahiRb30Pchr0n6jAmljGr5XDqQLvpAe HTTP/1.1" 200 2
200.118.153.247 - - [13/Jan/2015:01:41:06 -0500] "GET /reports/rwservlet/getjobid340480?server=rep_srvapsda HTTP/1.1" 200 47731
181.54.84.12 - - [13/Jan/2015:01:41:06 -0500] "POST /forms/lservlet;jsessionid=ac16012b30d53c19fd64a26d4f5ea8b7f62efc7af06d.e3iSbxaKaheRe34SahiRb30Pchr0n6jAmljGr5XDqQLvpAe HTTP/1.1" 200 2
66.249.67.83 - - [13/Jan/2015:01:41:15 -0500] "GET /BLA/resoluciones/AUTOS%202008/3450.pdf HTTP/1.1" 200 123021
188.165.15.130 - - [13/Jan/2015:01:41:23 -0500] "GET /BLA/resoluciones/RESOLUCIONES%202005/RES%202005%201801-1850/00001841.tif HTTP/1.1" 200 174414
180.76.6.158 - - [13/Jan/2015:01:41:40 -0500] "GET /BLA/resoluciones/RESOLUCIONES%202009/0103.pdf HTTP/1.1" 200 319034
188.165.15.138 - - [13/Jan/2015:01:41:50 -0500] "GET /BLA/resoluciones/RESOLUCIONES%202005/RES%202005%20%201601-1650/00001644.tif HTTP/1.1" 200 453772
66.249.67.75 - - [13/Jan/2015:01:41:55 -0500] "GET /BLA/resoluciones/AUTOS%202008/1733.pdf HTTP/1.1" 200 251027
180.76.5.25 - - [13/Jan/2015:01:42:10 -0500] "GET /BLA/resoluciones/RESOLUCIONES%202008/2234.pdf HTTP/1.1" 200 207555
190.26.210.162 - - [13/Jan/2015:01:42:13 -0500] "GET /galeria/nivo-slider/demo/ HTTP/1.1" 200 2278
66.249.67.75 - - [13/Jan/2015:01:42:34 -0500] "GET /BLA/resoluciones/AUTOS%202008/2923.pdf HTTP/1.1" 200 75570
200.118.153.247 - - [13/Jan/2015:01:42:43 -0500] "POST /forms/lservlet;jsessionid=ac16012b30d5efb348e920bf4f1cbb9e99537955de8a.e3iSbxaKaheRe34SahiRb30Pchr0n6jAmljGr5XDqQLvpAe HTTP/1.1" 200 2
181.54.84.12 - - [13/Jan/2015:01:43:07 -0500] "POST /forms/lservlet;jsessionid=ac16012b30d53c19fd64a26d4f5ea8b7f62efc7af06d.e3iSbxaKaheRe34SahiRb30Pchr0n6jAmljGr5XDqQLvpAe HTTP/1.1" 200 2
66.249.67.83 - - [13/Jan/2015:01:43:14 -0500] "GET /BLA/resoluciones/AUTOS%202008/2239.pdf HTTP/1.1" 200 217036
188.165.15.99 - - [13/Jan/2015:01:43:20 -0500] "GET /BLA/resoluciones/RESOLUCIONES%202003/RES%202003%202001-2051/20032026.tif HTTP/1.1" 200 85858
180.76.4.183 - - [13/Jan/2015:01:43:30 -0500] "GET / HTTP/1.1" 302 -
74.86.158.107 - - [13/Jan/2015:01:43:50 -0500] "HEAD / HTTP/1.1" 302 -
66.249.67.75 - - [13/Jan/2015:01:43:54 -0500] "GET /BLA/resoluciones/RESOLUCIONES%202010/3436.pdf HTTP/1.1" 200 743697
66.249.67.83 - - [13/Jan/2015:01:44:34 -0500] "GET /BLA/resoluciones/RESOLUCIONES%202010/4992.pdf HTTP/1.1" 200 744548
66.249.67.83 - - [13/Jan/2015:01:44:36 -0500] "GET /BLA/resoluciones/AUTOS%202014/1925.pdf HTTP/1.1" 200 225000
200.118.153.247 - - [13/Jan/2015:01:44:43 -0500] "POST /forms/lservlet;jsessionid=ac16012b30d5efb348e920bf4f1cbb9e99537955de8a.e3iSbxaKaheRe34SahiRb30Pchr0n6jAmljGr5XDqQLvpAe HTTP/1.1" 200 2
200.118.153.247 - - [13/Jan/2015:01:44:50 -0500] "POST /forms/lservlet;jsessionid=ac16012b30d5efb348e920bf4f1cbb9e99537955de8a.e3iSbxaKaheRe34SahiRb30Pchr0n6jAmljGr5XDqQLvpAe HTTP/1.1" 200 2346
66.249.67.67 - - [13/Jan/2015:01:44:55 -0500] "GET /BLA/resoluciones/RESOLUCIONES%202007/RES%202007%203501%20AL%203600/RESOLUCION%203516%20DE%202007.pdf HTTP/1.1" 200 462568
200.118.153.247 - - [13/Jan/2015:01:44:58 -0500] "POST /forms/lservlet;jsessionid=ac16012b30d5efb348e920bf4f1cbb9e99537955de8a.e3iSbxaKaheRe34SahiRb30Pchr0n6jAmljGr5XDqQLvpAe HTTP/1.1" 200 26
200.118.153.247 - - [13/Jan/2015:01:44:58 -0500] "POST /forms/lservlet;jsessionid=ac16012b30d5efb348e920bf4f1cbb9e99537955de8a.e3iSbxaKaheRe34SahiRb30Pchr0n6jAmljGr5XDqQLvpAe HTTP/1.1" 200 4082
200.118.153.247 - - [13/Jan/2015:01:44:59 -0500] "POST /forms/lservlet;jsessionid=ac16012b30d5efb348e920bf4f1cbb9e99537955de8a.e3iSbxaKaheRe34SahiRb30Pchr0n6jAmljGr5XDqQLvpAe HTTP/1.1" 200 2
200.118.153.247 - - [13/Jan/2015:01:45:02 -0500] "POST /forms/lservlet;jsessionid=ac16012b30d5efb348e920bf4f1cbb9e99537955de8a.e3iSbxaKaheRe34SahiRb30Pchr0n6jAmljGr5XDqQLvpAe HTTP/1.1" 200 2
200.118.153.247 - - [13/Jan/2015:01:45:02 -0500] "POST /forms/lservlet;jsessionid=ac16012b30d5efb348e920bf4f1cbb9e99537955de8a.e3iSbxaKaheRe34SahiRb30Pchr0n6jAmljGr5XDqQLvpAe HTTP/1.1" 200 114
200.118.153.247 - - [13/Jan/2015:01:45:03 -0500] "POST /forms/lservlet;jsessionid=ac16012b30d5efb348e920bf4f1cbb9e99537955de8a.e3iSbxaKaheRe34SahiRb30Pchr0n6jAmljGr5XDqQLvpAe HTTP/1.1" 200 2
200.118.153.247 - - [13/Jan/2015:01:45:03 -0500] "GET /reports/rwservlet/getjobid340481?server=rep_srvapsda HTTP/1.1" 200 48136
181.54.84.12 - - [13/Jan/2015:01:45:07 -0500] "POST /forms/lservlet;jsessionid=ac16012b30d53c19fd64a26d4f5ea8b7f62efc7af06d.e3iSbxaKaheRe34SahiRb30Pchr0n6jAmljGr5XDqQLvpAe HTTP/1.1" 200 2
188.165.15.66 - - [13/Jan/2015:01:45:09 -0500] "GET /BLA/resoluciones/RESOLUCIONES%202003/RES%202003%201851--1900/20031861.tif HTTP/1.1" 200 152614
66.249.67.75 - - [13/Jan/2015:01:45:13 -0500] "GET /BLA/resoluciones/AUTOS%202007/1637.pdf HTTP/1.1" 200 181413
66.249.67.75 - - [13/Jan/2015:01:45:53 -0500] "GET /BLA/resoluciones/AUTOS%202008/1388.pdf HTTP/1.1" 200 86051
66.249.67.75 - - [13/Jan/2015:01:46:04 -0500] "GET /BLA/resoluciones/RESOLUCIONES%202007/RES%202007%204201%20AL%204300/RESOLUCION%204297%20DE%202007.pdf HTTP/1.1" 200 365223
200.118.153.247 - - [13/Jan/2015:01:46:18 -0500] "POST /forms/lservlet;jsessionid=ac16012b30d5efb348e920bf4f1cbb9e99537955de8a.e3iSbxaKaheRe34SahiRb30Pchr0n6jAmljGr5XDqQLvpAe HTTP/1.1" 200 -
66.249.67.75 - - [13/Jan/2015:01:46:33 -0500] "GET /BLA/resoluciones/RESOLUCIONES%202010/3052.pdf HTTP/1.1" 200 769549
207.46.13.133 - - [13/Jan/2015:01:46:38 -0500] "GET /bla/resoluciones/autos%202010/1401.pdf HTTP/1.1" 200 246873
181.54.84.12 - - [13/Jan/2015:01:47:07 -0500] "POST /forms/lservlet;jsessionid=ac16012b30d53c19fd64a26d4f5ea8b7f62efc7af06d.e3iSbxaKaheRe34SahiRb30Pchr0n6jAmljGr5XDqQLvpAe HTTP/1.1" 200 2
66.249.67.75 - - [13/Jan/2015:01:47:11 -0500] "GET /BLA/resoluciones/RESOLUCIONES%202009/1867.pdf HTTP/1.1" 200 279084
66.249.67.67 - - [13/Jan/2015:01:47:12 -0500] "GET /BLA/resoluciones/RESOLUCIONES%202007/RES%202007%204101%20AL%204200/RESOLUCION%204184%20DE%202007.pdf HTTP/1.1" 200 350297
157.55.39.66 - - [13/Jan/2015:01:47:46 -0500] "GET /dama/libreria/pdf/anexossiac/Bases%20concertacion%20Acueducto.pdf HTTP/1.1" 404 1019
66.249.67.83 - - [13/Jan/2015:01:47:46 -0500] "GET /BLA/resoluciones/RESOLUCIONES%202006/RES%202006%202351-2400/00002357.tif HTTP/1.1" 200 378316
66.249.67.75 - - [13/Jan/2015:01:47:52 -0500] "GET /BLA/resoluciones/AUTOS%202008/0387.pdf HTTP/1.1" 200 170155
207.46.13.113 - - [13/Jan/2015:01:47:53 -0500] "GET /bla/resoluciones/autos%202010/5216.pdf HTTP/1.1" 200 161169
180.76.5.25 - - [13/Jan/2015:01:48:21 -0500] "GET /BLA/resoluciones/AUTOS%202009/2589.pdf HTTP/1.1" 200 81794
66.249.67.75 - - [13/Jan/2015:01:48:32 -0500] "GET /BLA/resoluciones/AUTOS%202008/2993.pdf HTTP/1.1" 200 277592
186.28.228.242 - - [13/Jan/2015:01:48:40 -0500] "GET /BLA/resoluciones/AUTOS%202010/0107.pdf HTTP/1.1" 200 309201
74.86.158.107 - - [13/Jan/2015:01:48:50 -0500] "HEAD / HTTP/1.1" 302 -
181.54.84.12 - - [13/Jan/2015:01:49:07 -0500] "POST /forms/lservlet;jsessionid=ac16012b30d53c19fd64a26d4f5ea8b7f62efc7af06d.e3iSbxaKaheRe34SahiRb30Pchr0n6jAmljGr5XDqQLvpAe HTTP/1.1" 200 2
66.249.67.83 - - [13/Jan/2015:01:49:12 -0500] "GET /BLA/resoluciones/RESOLUCIONES%202009/6477.pdf HTTP/1.1" 200 118006
66.249.67.75 - - [13/Jan/2015:01:49:47 -0500] "GET /BLA/resoluciones/RESOLUCIONES%202008/0526.pdf HTTP/1.1" 200 254729
66.249.67.67 - - [13/Jan/2015:01:49:51 -0500] "GET /BLA/resoluciones/RESOLUCIONES%202007/RES%202007%202801%20AL%202900/RESOLUCION%202831%20DE%202007.pdf HTTP/1.1" 200 325572
180.76.6.54 - - [13/Jan/2015:01:49:55 -0500] "GET /BLA/boletinlegal;jsessionid=DD0F60EF42E9AE3B30E0C7B3A9F7DB71?/? HTTP/1.1" 404 1018
186.29.234.136 - - [13/Jan/2015:01:50:04 -0500] "GET /BLA/boletinlegal/js/jquery.js HTTP/1.1" 200 57254
186.29.234.136 - - [13/Jan/2015:01:50:04 -0500] "GET /BLA/boletinlegal/js/jquery.scrollTo-min.js HTTP/1.1" 200 1150
186.29.234.136 - - [13/Jan/2015:01:50:04 -0500] "GET /BLA/boletinlegal/js/jquery.scrollShow.js HTTP/1.1" 200 4586
66.249.67.67 - - [13/Jan/2015:01:50:31 -0500] "GET /BLA/resoluciones/RESOLUCIONES%202008/3699.pdf HTTP/1.1" 304 -
181.54.84.12 - - [13/Jan/2015:01:51:07 -0500] "POST /forms/lservlet;jsessionid=ac16012b30d53c19fd64a26d4f5ea8b7f62efc7af06d.e3iSbxaKaheRe34SahiRb30Pchr0n6jAmljGr5XDqQLvpAe HTTP/1.1" 200 2
66.249.67.75 - - [13/Jan/2015:01:51:11 -0500] "GET /BLA/resoluciones/AUTOS%202008/3024.pdf HTTP/1.1" 200 79267
188.165.15.138 - - [13/Jan/2015:01:51:14 -0500] "GET /BLA/resoluciones/RESOLUCIONES%202003/RES%202003%201301-1350/20031304.tif HTTP/1.1" 200 86800
188.165.15.15 - - [13/Jan/2015:01:51:34 -0500] "GET /BLA/resoluciones/RESOLUCIONES%202003/RES%202003%201251-1300/20031273.tif HTTP/1.1" 200 111442
188.165.15.212 - - [13/Jan/2015:01:51:43 -0500] "GET /BLA/resoluciones/RESOLUCIONES%202005/RES%202005%20251-300/00000268.tif HTTP/1.1" 200 124290
66.249.67.67 - - [13/Jan/2015:01:51:51 -0500] "GET /BLA/resoluciones/AUTOS%202009/0477.pdf HTTP/1.1" 200 433781
66.249.67.75 - - [13/Jan/2015:01:52:21 -0500] "GET /BLA/resoluciones/RESOLUCIONES%202009/1517.pdf HTTP/1.1" 200 414596
66.249.67.75 - - [13/Jan/2015:01:52:30 -0500] "GET /BLA/resoluciones/RESOLUCIONES%202008/5723.pdf HTTP/1.1" 304 -
181.54.84.12 - - [13/Jan/2015:01:53:07 -0500] "POST /forms/lservlet;jsessionid=ac16012b30d53c19fd64a26d4f5ea8b7f62efc7af06d.e3iSbxaKaheRe34SahiRb30Pchr0n6jAmljGr5XDqQLvpAe HTTP/1.1" 200 2
66.249.67.67 - - [13/Jan/2015:01:53:10 -0500] "GET /BLA/resoluciones/RESOLUCIONES%202009/0494.pdf HTTP/1.1" 304 -
207.46.13.12 - - [13/Jan/2015:01:53:15 -0500] "GET /BLA/boletinlegal/js/jquery.scrollTo-min.js HTTP/1.1" 200 1150
66.249.67.67 - - [13/Jan/2015:01:53:49 -0500] "GET /BLA/resoluciones/AUTOS%202013/0104.pdf HTTP/1.1" 200 1316996
74.86.158.107 - - [13/Jan/2015:01:53:50 -0500] "HEAD / HTTP/1.1" 302 -
66.249.67.67 - - [13/Jan/2015:01:54:29 -0500] "GET /BLA/resoluciones/RESOLUCIONES%202008/2439.pdf HTTP/1.1" 304 -
66.249.67.75 - - [13/Jan/2015:01:54:57 -0500] "GET /BLA/resoluciones/RESOLUCIONES%202010/6914.pdf HTTP/1.1" 200 316461
181.54.84.12 - - [13/Jan/2015:01:55:07 -0500] "POST /forms/lservlet;jsessionid=ac16012b30d53c19fd64a26d4f5ea8b7f62efc7af06d.e3iSbxaKaheRe34SahiRb30Pchr0n6jAmljGr5XDqQLvpAe HTTP/1.1" 200 2
66.249.67.67 - - [13/Jan/2015:01:55:09 -0500] "GET /BLA/resoluciones/RESOLUCIONES%202013/2206.pdf HTTP/1.1" 200 330896
157.55.39.22 - - [13/Jan/2015:01:55:27 -0500] "GET /BLA/resoluciones/AUTOS%202007/3153.pdf HTTP/1.1" 200 75718
157.55.39.22 - - [13/Jan/2015:01:55:27 -0500] "GET /bla/resoluciones/resoluciones%202009/3186.pdf HTTP/1.1" 200 310923
157.55.39.22 - - [13/Jan/2015:01:55:28 -0500] "GET /bla/resoluciones/autos%202010/4599.pdf HTTP/1.1" 200 164808
157.55.39.22 - - [13/Jan/2015:01:55:28 -0500] "GET /BLA/resoluciones/AUTOS%202007/3215.pdf HTTP/1.1" 200 72841
157.55.39.22 - - [13/Jan/2015:01:55:29 -0500] "GET /BLA/resoluciones/RESOLUCIONES%202007/RES%202007%201001%20AL%201100/RESOLUCION%201006%20DE%202007.pdf HTTP/1.1" 200 421437
188.165.15.239 - - [13/Jan/2015:01:55:36 -0500] "GET /BLA/resoluciones/RESOLUCIONES%202003/RES%202003%20551-600/571.tif HTTP/1.1" 200 131640
66.249.67.75 - - [13/Jan/2015:01:55:49 -0500] "GET /BLA/resoluciones/RESOLUCIONES%202009/0928.pdf HTTP/1.1" 200 270483
66.249.67.75 - - [13/Jan/2015:01:56:28 -0500] "GET /BLA/resoluciones/RESOLUCIONES%202009/5684.pdf HTTP/1.1" 200 356277
198.36.87.81 - - [13/Jan/2015:01:56:55 -0500] "GET /galeria/nivo-slider/demo/style.css HTTP/1.1" 304 -
181.54.84.12 - - [13/Jan/2015:01:57:07 -0500] "POST /forms/lservlet;jsessionid=ac16012b30d53c19fd64a26d4f5ea8b7f62efc7af06d.e3iSbxaKaheRe34SahiRb30Pchr0n6jAmljGr5XDqQLvpAe HTTP/1.1" 200 2
66.249.67.83 - - [13/Jan/2015:01:57:08 -0500] "GET /BLA/resoluciones/AUTOS%202010/4479.pdf HTTP/1.1" 200 274255
157.55.39.22 - - [13/Jan/2015:01:57:31 -0500] "GET /BLA/resoluciones/AUTOS%202012/1611.pdf HTTP/1.1" 200 433033
66.249.67.67 - - [13/Jan/2015:01:57:32 -0500] "GET /BLA/resoluciones/RESOLUCIONES%202009/8273.pdf HTTP/1.1" 200 372168
181.135.215.101 - - [13/Jan/2015:01:57:33 -0500] "GET /BLA/resoluciones/AUTOS%202011/0122.pdf HTTP/1.1" 200 145289
181.135.215.101 - - [13/Jan/2015:01:57:34 -0500] "GET /BLA/resoluciones/AUTOS%202011/0122.pdf HTTP/1.1" 206 32768
181.135.215.101 - - [13/Jan/2015:01:57:34 -0500] "GET /BLA/resoluciones/AUTOS%202011/0122.pdf HTTP/1.1" 206 112521
181.135.215.101 - - [13/Jan/2015:01:57:34 -0500] "GET /favicon.ico HTTP/1.1" 200 7782
157.55.39.23 - - [13/Jan/2015:01:57:46 -0500] "GET /BLA/resoluciones/AUTOS%202012/1987.pdf HTTP/1.1" 200 213873
66.249.67.75 - - [13/Jan/2015:01:57:48 -0500] "GET /BLA/resoluciones/AUTOS%202007/0789.pdf HTTP/1.1" 200 132506
66.249.67.75 - - [13/Jan/2015:01:58:27 -0500] "GET /BLA/resoluciones/AUTOS%202008/1447.pdf HTTP/1.1" 200 426743
207.46.13.113 - - [13/Jan/2015:01:58:35 -0500] "GET /BLA/resoluciones/RESOLUCIONES%202009/0271.pdf HTTP/1.1" 200 86171
181.54.84.12 - - [13/Jan/2015:01:58:45 -0500] "POST /forms/lservlet;jsessionid=ac16012b30d53c19fd64a26d4f5ea8b7f62efc7af06d.e3iSbxaKaheRe34SahiRb30Pchr0n6jAmljGr5XDqQLvpAe HTTP/1.1" 200 2
181.54.84.12 - - [13/Jan/2015:01:58:45 -0500] "POST /forms/lservlet;jsessionid=ac16012b30d53c19fd64a26d4f5ea8b7f62efc7af06d.e3iSbxaKaheRe34SahiRb30Pchr0n6jAmljGr5XDqQLvpAe HTTP/1.1" 200 2377
181.54.84.12 - - [13/Jan/2015:01:58:45 -0500] "POST /forms/lservlet;jsessionid=ac16012b30d53c19fd64a26d4f5ea8b7f62efc7af06d.e3iSbxaKaheRe34SahiRb30Pchr0n6jAmljGr5XDqQLvpAe HTTP/1.1" 200 10
181.54.84.12 - - [13/Jan/2015:01:58:47 -0500] "POST /forms/lservlet;jsessionid=ac16012b30d53c19fd64a26d4f5ea8b7f62efc7af06d.e3iSbxaKaheRe34SahiRb30Pchr0n6jAmljGr5XDqQLvpAe HTTP/1.1" 200 24
181.54.84.12 - - [13/Jan/2015:01:58:48 -0500] "POST /forms/lservlet;jsessionid=ac16012b30d53c19fd64a26d4f5ea8b7f62efc7af06d.e3iSbxaKaheRe34SahiRb30Pchr0n6jAmljGr5XDqQLvpAe HTTP/1.1" 200 3848
181.54.84.12 - - [13/Jan/2015:01:58:48 -0500] "POST /forms/lservlet;jsessionid=ac16012b30d53c19fd64a26d4f5ea8b7f62efc7af06d.e3iSbxaKaheRe34SahiRb30Pchr0n6jAmljGr5XDqQLvpAe HTTP/1.1" 200 2
74.86.158.107 - - [13/Jan/2015:01:58:50 -0500] "HEAD / HTTP/1.1" 302 -
181.54.84.12 - - [13/Jan/2015:01:58:51 -0500] "POST /forms/lservlet;jsessionid=ac16012b30d53c19fd64a26d4f5ea8b7f62efc7af06d.e3iSbxaKaheRe34SahiRb30Pchr0n6jAmljGr5XDqQLvpAe HTTP/1.1" 200 136
181.54.84.12 - - [13/Jan/2015:01:58:51 -0500] "POST /forms/lservlet;jsessionid=ac16012b30d53c19fd64a26d4f5ea8b7f62efc7af06d.e3iSbxaKaheRe34SahiRb30Pchr0n6jAmljGr5XDqQLvpAe HTTP/1.1" 200 7
181.54.84.12 - - [13/Jan/2015:01:58:53 -0500] "POST /forms/lservlet;jsessionid=ac16012b30d53c19fd64a26d4f5ea8b7f62efc7af06d.e3iSbxaKaheRe34SahiRb30Pchr0n6jAmljGr5XDqQLvpAe HTTP/1.1" 200 152
188.165.15.212 - - [13/Jan/2015:01:58:53 -0500] "GET /BLA/resoluciones/RESOLUCIONES%202006/RES%202006%201-50/00000024.tif HTTP/1.1" 200 47872
181.54.84.12 - - [13/Jan/2015:01:58:54 -0500] "POST /forms/lservlet;jsessionid=ac16012b30d53c19fd64a26d4f5ea8b7f62efc7af06d.e3iSbxaKaheRe34SahiRb30Pchr0n6jAmljGr5XDqQLvpAe HTTP/1.1" 200 8
181.54.84.12 - - [13/Jan/2015:01:58:54 -0500] "POST /forms/lservlet;jsessionid=ac16012b30d53c19fd64a26d4f5ea8b7f62efc7af06d.e3iSbxaKaheRe34SahiRb30Pchr0n6jAmljGr5XDqQLvpAe HTTP/1.1" 200 2
66.249.67.83 - - [13/Jan/2015:01:59:07 -0500] "GET /BLA/resoluciones/AUTOS%202012/1840.pdf HTTP/1.1" 200 637606
181.54.84.12 - - [13/Jan/2015:01:59:07 -0500] "POST /forms/lservlet;jsessionid=ac16012b30d53c19fd64a26d4f5ea8b7f62efc7af06d.e3iSbxaKaheRe34SahiRb30Pchr0n6jAmljGr5XDqQLvpAe HTTP/1.1" 200 2
181.54.84.12 - - [13/Jan/2015:01:59:14 -0500] "POST /forms/lservlet;jsessionid=ac16012b30d53c19fd64a26d4f5ea8b7f62efc7af06d.e3iSbxaKaheRe34SahiRb30Pchr0n6jAmljGr5XDqQLvpAe HTTP/1.1" 200 96
181.54.84.12 - - [13/Jan/2015:01:59:15 -0500] "POST /forms/lservlet;jsessionid=ac16012b30d53c19fd64a26d4f5ea8b7f62efc7af06d.e3iSbxaKaheRe34SahiRb30Pchr0n6jAmljGr5XDqQLvpAe HTTP/1.1" 200 2
181.54.84.12 - - [13/Jan/2015:01:59:15 -0500] "POST /forms/lservlet;jsessionid=ac16012b30d53c19fd64a26d4f5ea8b7f62efc7af06d.e3iSbxaKaheRe34SahiRb30Pchr0n6jAmljGr5XDqQLvpAe HTTP/1.1" 200 2334
181.54.84.12 - - [13/Jan/2015:01:59:15 -0500] "POST /forms/lservlet;jsessionid=ac16012b30d53c19fd64a26d4f5ea8b7f62efc7af06d.e3iSbxaKaheRe34SahiRb30Pchr0n6jAmljGr5XDqQLvpAe HTTP/1.1" 200 10
181.54.84.12 - - [13/Jan/2015:01:59:17 -0500] "POST /forms/lservlet;jsessionid=ac16012b30d53c19fd64a26d4f5ea8b7f62efc7af06d.e3iSbxaKaheRe34SahiRb30Pchr0n6jAmljGr5XDqQLvpAe HTTP/1.1" 200 21
181.54.84.12 - - [13/Jan/2015:01:59:17 -0500] "POST /forms/lservlet;jsessionid=ac16012b30d53c19fd64a26d4f5ea8b7f62efc7af06d.e3iSbxaKaheRe34SahiRb30Pchr0n6jAmljGr5XDqQLvpAe HTTP/1.1" 200 3559
181.54.84.12 - - [13/Jan/2015:01:59:17 -0500] "POST /forms/lservlet;jsessionid=ac16012b30d53c19fd64a26d4f5ea8b7f62efc7af06d.e3iSbxaKaheRe34SahiRb30Pchr0n6jAmljGr5XDqQLvpAe HTTP/1.1" 200 2
181.54.84.12 - - [13/Jan/2015:01:59:19 -0500] "POST /forms/lservlet;jsessionid=ac16012b30d53c19fd64a26d4f5ea8b7f62efc7af06d.e3iSbxaKaheRe34SahiRb30Pchr0n6jAmljGr5XDqQLvpAe HTTP/1.1" 200 138
181.54.84.12 - - [13/Jan/2015:01:59:21 -0500] "POST /forms/lservlet;jsessionid=ac16012b30d53c19fd64a26d4f5ea8b7f62efc7af06d.e3iSbxaKaheRe34SahiRb30Pchr0n6jAmljGr5XDqQLvpAe HTTP/1.1" 200 7
188.165.15.66 - - [13/Jan/2015:01:59:29 -0500] "GET /BLA/resoluciones/RESOLUCIONES%202004/RES%202004%2001-%2050/00000017.tif HTTP/1.1" 200 103314
181.54.84.12 - - [13/Jan/2015:01:59:40 -0500] "POST /forms/lservlet;jsessionid=ac16012b30d53c19fd64a26d4f5ea8b7f62efc7af06d.e3iSbxaKaheRe34SahiRb30Pchr0n6jAmljGr5XDqQLvpAe HTTP/1.1" 200 71
181.54.84.12 - - [13/Jan/2015:01:59:42 -0500] "POST /forms/lservlet;jsessionid=ac16012b30d53c19fd64a26d4f5ea8b7f62efc7af06d.e3iSbxaKaheRe34SahiRb30Pchr0n6jAmljGr5XDqQLvpAe HTTP/1.1" 200 2
181.54.84.12 - - [13/Jan/2015:01:59:42 -0500] "POST /forms/lservlet;jsessionid=ac16012b30d53c19fd64a26d4f5ea8b7f62efc7af06d.e3iSbxaKaheRe34SahiRb30Pchr0n6jAmljGr5XDqQLvpAe HTTP/1.1" 200 2333
181.54.84.12 - - [13/Jan/2015:01:59:42 -0500] "POST /forms/lservlet;jsessionid=ac16012b30d53c19fd64a26d4f5ea8b7f62efc7af06d.e3iSbxaKaheRe34SahiRb30Pchr0n6jAmljGr5XDqQLvpAe HTTP/1.1" 200 10
181.54.84.12 - - [13/Jan/2015:01:59:44 -0500] "POST /forms/lservlet;jsessionid=ac16012b30d53c19fd64a26d4f5ea8b7f62efc7af06d.e3iSbxaKaheRe34SahiRb30Pchr0n6jAmljGr5XDqQLvpAe HTTP/1.1" 200 24
181.54.84.12 - - [13/Jan/2015:01:59:44 -0500] "POST /forms/lservlet;jsessionid=ac16012b30d53c19fd64a26d4f5ea8b7f62efc7af06d.e3iSbxaKaheRe34SahiRb30Pchr0n6jAmljGr5XDqQLvpAe HTTP/1.1" 200 3625
181.54.84.12 - - [13/Jan/2015:01:59:45 -0500] "POST /forms/lservlet;jsessionid=ac16012b30d53c19fd64a26d4f5ea8b7f62efc7af06d.e3iSbxaKaheRe34SahiRb30Pchr0n6jAmljGr5XDqQLvpAe HTTP/1.1" 200 2
66.249.67.83 - - [13/Jan/2015:01:59:47 -0500] "GET /BLA/resoluciones/AUTOS%202008/3352.pdf HTTP/1.1" 200 71966
181.54.84.12 - - [13/Jan/2015:01:59:55 -0500] "POST /forms/lservlet;jsessionid=ac16012b30d53c19fd64a26d4f5ea8b7f62efc7af06d.e3iSbxaKaheRe34SahiRb30Pchr0n6jAmljGr5XDqQLvpAe HTTP/1.1" 200 136
181.54.84.12 - - [13/Jan/2015:01:59:55 -0500] "POST /forms/lservlet;jsessionid=ac16012b30d53c19fd64a26d4f5ea8b7f62efc7af06d.e3iSbxaKaheRe34SahiRb30Pchr0n6jAmljGr5XDqQLvpAe HTTP/1.1" 200 7
180.76.6.66 - - [13/Jan/2015:02:00:03 -0500] "GET /BLA/resoluciones/AUTOS%202011/2085.pdf HTTP/1.1" 200 141991
66.249.67.83 - - [13/Jan/2015:02:00:07 -0500] "GET /BLA/resoluciones/AUTOS%202007/0474.pdf HTTP/1.1" 200 19892
207.46.13.133 - - [13/Jan/2015:02:00:10 -0500] "GET /BLA/resoluciones/AUTOS%202009/0378.pdf HTTP/1.1" 200 218096
207.46.13.12 - - [13/Jan/2015:02:00:13 -0500] "GET /robots.txt HTTP/1.1" 404 1018
66.249.67.75 - - [13/Jan/2015:02:00:26 -0500] "GET /BLA/resoluciones/RESOLUCIONES%202009/5870.pdf HTTP/1.1" 200 526129
181.54.84.12 - - [13/Jan/2015:02:00:30 -0500] "POST /forms/lservlet;jsessionid=ac16012b30d53c19fd64a26d4f5ea8b7f62efc7af06d.e3iSbxaKaheRe34SahiRb30Pchr0n6jAmljGr5XDqQLvpAe HTTP/1.1" 200 7
207.46.13.12 - - [13/Jan/2015:02:00:30 -0500] "GET /BLA/boletinlegal/circulares/2012IE017270.pdf HTTP/1.1" 200 233051
181.54.84.12 - - [13/Jan/2015:02:00:46 -0500] "POST /forms/lservlet;jsessionid=ac16012b30d53c19fd64a26d4f5ea8b7f62efc7af06d.e3iSbxaKaheRe34SahiRb30Pchr0n6jAmljGr5XDqQLvpAe HTTP/1.1" 200 108
181.54.84.12 - - [13/Jan/2015:02:00:47 -0500] "POST /forms/lservlet;jsessionid=ac16012b30d53c19fd64a26d4f5ea8b7f62efc7af06d.e3iSbxaKaheRe34SahiRb30Pchr0n6jAmljGr5XDqQLvpAe HTTP/1.1" 200 2
181.54.84.12 - - [13/Jan/2015:02:00:47 -0500] "POST /forms/lservlet;jsessionid=ac16012b30d53c19fd64a26d4f5ea8b7f62efc7af06d.e3iSbxaKaheRe34SahiRb30Pchr0n6jAmljGr5XDqQLvpAe HTTP/1.1" 200 2314
181.54.84.12 - - [13/Jan/2015:02:00:47 -0500] "POST /forms/lservlet;jsessionid=ac16012b30d53c19fd64a26d4f5ea8b7f62efc7af06d.e3iSbxaKaheRe34SahiRb30Pchr0n6jAmljGr5XDqQLvpAe HTTP/1.1" 200 10
181.54.84.12 - - [13/Jan/2015:02:00:49 -0500] "POST /forms/lservlet;jsessionid=ac16012b30d53c19fd64a26d4f5ea8b7f62efc7af06d.e3iSbxaKaheRe34SahiRb30Pchr0n6jAmljGr5XDqQLvpAe HTTP/1.1" 200 21
181.54.84.12 - - [13/Jan/2015:02:00:49 -0500] "POST /forms/lservlet;jsessionid=ac16012b30d53c19fd64a26d4f5ea8b7f62efc7af06d.e3iSbxaKaheRe34SahiRb30Pchr0n6jAmljGr5XDqQLvpAe HTTP/1.1" 200 3791
181.54.84.12 - - [13/Jan/2015:02:00:49 -0500] "POST /forms/lservlet;jsessionid=ac16012b30d53c19fd64a26d4f5ea8b7f62efc7af06d.e3iSbxaKaheRe34SahiRb30Pchr0n6jAmljGr5XDqQLvpAe HTTP/1.1" 200 2
181.54.84.12 - - [13/Jan/2015:02:00:50 -0500] "POST /forms/lservlet;jsessionid=ac16012b30d53c19fd64a26d4f5ea8b7f62efc7af06d.e3iSbxaKaheRe34SahiRb30Pchr0n6jAmljGr5XDqQLvpAe HTTP/1.1" 200 138
66.249.67.83 - - [13/Jan/2015:02:01:06 -0500] "GET /BLA/resoluciones/RESOLUCIONES%202008/1831.pdf HTTP/1.1" 200 265640
181.54.84.12 - - [13/Jan/2015:02:01:08 -0500] "POST /forms/lservlet;jsessionid=ac16012b30d53c19fd64a26d4f5ea8b7f62efc7af06d.e3iSbxaKaheRe34SahiRb30Pchr0n6jAmljGr5XDqQLvpAe HTTP/1.1" 200 2
181.54.84.12 - - [13/Jan/2015:02:01:16 -0500] "POST /forms/lservlet;jsessionid=ac16012b30d53c19fd64a26d4f5ea8b7f62efc7af06d.e3iSbxaKaheRe34SahiRb30Pchr0n6jAmljGr5XDqQLvpAe HTTP/1.1" 200 72
181.54.84.12 - - [13/Jan/2015:02:01:17 -0500] "POST /forms/lservlet;jsessionid=ac16012b30d53c19fd64a26d4f5ea8b7f62efc7af06d.e3iSbxaKaheRe34SahiRb30Pchr0n6jAmljGr5XDqQLvpAe HTTP/1.1" 200 2
181.54.84.12 - - [13/Jan/2015:02:01:17 -0500] "POST /forms/lservlet;jsessionid=ac16012b30d53c19fd64a26d4f5ea8b7f62efc7af06d.e3iSbxaKaheRe34SahiRb30Pchr0n6jAmljGr5XDqQLvpAe HTTP/1.1" 200 2304
181.54.84.12 - - [13/Jan/2015:02:01:17 -0500] "POST /forms/lservlet;jsessionid=ac16012b30d53c19fd64a26d4f5ea8b7f62efc7af06d.e3iSbxaKaheRe34SahiRb30Pchr0n6jAmljGr5XDqQLvpAe HTTP/1.1" 200 10
181.54.84.12 - - [13/Jan/2015:02:01:19 -0500] "POST /forms/lservlet;jsessionid=ac16012b30d53c19fd64a26d4f5ea8b7f62efc7af06d.e3iSbxaKaheRe34SahiRb30Pchr0n6jAmljGr5XDqQLvpAe HTTP/1.1" 200 24
181.54.84.12 - - [13/Jan/2015:02:01:19 -0500] "POST /forms/lservlet;jsessionid=ac16012b30d53c19fd64a26d4f5ea8b7f62efc7af06d.e3iSbxaKaheRe34SahiRb30Pchr0n6jAmljGr5XDqQLvpAe HTTP/1.1" 200 4324
181.54.84.12 - - [13/Jan/2015:02:01:20 -0500] "POST /forms/lservlet;jsessionid=ac16012b30d53c19fd64a26d4f5ea8b7f62efc7af06d.e3iSbxaKaheRe34SahiRb30Pchr0n6jAmljGr5XDqQLvpAe HTTP/1.1" 200 2
181.54.84.12 - - [13/Jan/2015:02:01:22 -0500] "POST /forms/lservlet;jsessionid=ac16012b30d53c19fd64a26d4f5ea8b7f62efc7af06d.e3iSbxaKaheRe34SahiRb30Pchr0n6jAmljGr5XDqQLvpAe HTTP/1.1" 200 136
181.54.84.12 - - [13/Jan/2015:02:01:22 -0500] "POST /forms/lservlet;jsessionid=ac16012b30d53c19fd64a26d4f5ea8b7f62efc7af06d.e3iSbxaKaheRe34SahiRb30Pchr0n6jAmljGr5XDqQLvpAe HTTP/1.1" 200 7
181.54.84.12 - - [13/Jan/2015:02:01:26 -0500] "POST /forms/lservlet;jsessionid=ac16012b30d53c19fd64a26d4f5ea8b7f62efc7af06d.e3iSbxaKaheRe34SahiRb30Pchr0n6jAmljGr5XDqQLvpAe HTTP/1.1" 200 2
181.54.84.12 - - [13/Jan/2015:02:01:26 -0500] "POST /forms/lservlet;jsessionid=ac16012b30d53c19fd64a26d4f5ea8b7f62efc7af06d.e3iSbxaKaheRe34SahiRb30Pchr0n6jAmljGr5XDqQLvpAe HTTP/1.1" 200 14
181.54.84.12 - - [13/Jan/2015:02:01:28 -0500] "POST /forms/lservlet;jsessionid=ac16012b30d53c19fd64a26d4f5ea8b7f62efc7af06d.e3iSbxaKaheRe34SahiRb30Pchr0n6jAmljGr5XDqQLvpAe HTTP/1.1" 200 60
181.54.84.12 - - [13/Jan/2015:02:01:28 -0500] "POST /forms/lservlet;jsessionid=ac16012b30d53c19fd64a26d4f5ea8b7f62efc7af06d.e3iSbxaKaheRe34SahiRb30Pchr0n6jAmljGr5XDqQLvpAe HTTP/1.1" 200 12
66.87.145.202 - - [13/Jan/2015:02:01:32 -0500] "GET /BLA/boletinlegal/js/jquery.js HTTP/1.1" 200 57254
66.87.145.202 - - [13/Jan/2015:02:01:32 -0500] "GET /BLA/boletinlegal/js/jquery.scrollTo-min.js HTTP/1.1" 200 1150
66.87.145.202 - - [13/Jan/2015:02:01:32 -0500] "GET /BLA/boletinlegal/js/jquery.scrollShow.js HTTP/1.1" 200 4586
188.165.15.237 - - [13/Jan/2015:02:01:43 -0500] "GET /BLA/resoluciones/RESOLUCIONES%202002/RES%202002%20551-600/00000553.tif HTTP/1.1" 200 99494
66.249.67.83 - - [13/Jan/2015:02:01:46 -0500] "GET /BLA/resoluciones/RESOLUCIONES%202007/RES%202007%203801%20AL%203900/RESOLUCION%203811%20%20DE%202007.pdf HTTP/1.1" 200 391944
66.249.67.83 - - [13/Jan/2015:02:02:26 -0500] "GET /BLA/resoluciones/AUTOS%202008/3383.pdf HTTP/1.1" 200 100796
66.249.67.83 - - [13/Jan/2015:02:02:42 -0500] "GET /BLA/resoluciones/RESOLUCIONES%202008/1984.pdf HTTP/1.1" 200 295744
181.54.84.12 - - [13/Jan/2015:02:02:49 -0500] "POST /forms/lservlet;jsessionid=ac16012b30d53c19fd64a26d4f5ea8b7f62efc7af06d.e3iSbxaKaheRe34SahiRb30Pchr0n6jAmljGr5XDqQLvpAe HTTP/1.1" 200 2
181.54.84.12 - - [13/Jan/2015:02:02:49 -0500] "POST /forms/lservlet;jsessionid=ac16012b30d53c19fd64a26d4f5ea8b7f62efc7af06d.e3iSbxaKaheRe34SahiRb30Pchr0n6jAmljGr5XDqQLvpAe HTTP/1.1" 200 245
181.54.84.12 - - [13/Jan/2015:02:02:49 -0500] "POST /forms/lservlet;jsessionid=ac16012b30d53c19fd64a26d4f5ea8b7f62efc7af06d.e3iSbxaKaheRe34SahiRb30Pchr0n6jAmljGr5XDqQLvpAe HTTP/1.1" 200 17
181.54.84.12 - - [13/Jan/2015:02:02:52 -0500] "POST /forms/lservlet;jsessionid=ac16012b30d53c19fd64a26d4f5ea8b7f62efc7af06d.e3iSbxaKaheRe34SahiRb30Pchr0n6jAmljGr5XDqQLvpAe HTTP/1.1" 200 2
181.54.84.12 - - [13/Jan/2015:02:02:52 -0500] "POST /forms/lservlet;jsessionid=ac16012b30d53c19fd64a26d4f5ea8b7f62efc7af06d.e3iSbxaKaheRe34SahiRb30Pchr0n6jAmljGr5XDqQLvpAe HTTP/1.1" 200 102
181.54.84.12 - - [13/Jan/2015:02:02:52 -0500] "POST /forms/lservlet;jsessionid=ac16012b30d53c19fd64a26d4f5ea8b7f62efc7af06d.e3iSbxaKaheRe34SahiRb30Pchr0n6jAmljGr5XDqQLvpAe HTTP/1.1" 200 7
181.54.84.12 - - [13/Jan/2015:02:02:53 -0500] "POST /forms/lservlet;jsessionid=ac16012b30d53c19fd64a26d4f5ea8b7f62efc7af06d.e3iSbxaKaheRe34SahiRb30Pchr0n6jAmljGr5XDqQLvpAe HTTP/1.1" 200 14
181.54.84.12 - - [13/Jan/2015:02:02:53 -0500] "POST /forms/lservlet;jsessionid=ac16012b30d53c19fd64a26d4f5ea8b7f62efc7af06d.e3iSbxaKaheRe34SahiRb30Pchr0n6jAmljGr5XDqQLvpAe HTTP/1.1" 200 7
181.54.84.12 - - [13/Jan/2015:02:02:54 -0500] "POST /forms/lservlet;jsessionid=ac16012b30d53c19fd64a26d4f5ea8b7f62efc7af06d.e3iSbxaKaheRe34SahiRb30Pchr0n6jAmljGr5XDqQLvpAe HTTP/1.1" 200 2
181.54.84.12 - - [13/Jan/2015:02:02:54 -0500] "POST /forms/lservlet;jsessionid=ac16012b30d53c19fd64a26d4f5ea8b7f62efc7af06d.e3iSbxaKaheRe34SahiRb30Pchr0n6jAmljGr5XDqQLvpAe HTTP/1.1" 200 101
181.54.84.12 - - [13/Jan/2015:02:02:55 -0500] "POST /forms/lservlet;jsessionid=ac16012b30d53c19fd64a26d4f5ea8b7f62efc7af06d.e3iSbxaKaheRe34SahiRb30Pchr0n6jAmljGr5XDqQLvpAe HTTP/1.1" 200 2
181.54.84.12 - - [13/Jan/2015:02:02:55 -0500] "POST /forms/lservlet;jsessionid=ac16012b30d53c19fd64a26d4f5ea8b7f62efc7af06d.e3iSbxaKaheRe34SahiRb30Pchr0n6jAmljGr5XDqQLvpAe HTTP/1.1" 200 2
181.54.84.12 - - [13/Jan/2015:02:02:56 -0500] "POST /forms/lservlet;jsessionid=ac16012b30d53c19fd64a26d4f5ea8b7f62efc7af06d.e3iSbxaKaheRe34SahiRb30Pchr0n6jAmljGr5XDqQLvpAe HTTP/1.1" 200 193
