186.145.128.140 - - [13/Jan/2015:00:59:51 -0500] "GET /forest/skins/gdocs-jar/img/dependencia-tree.gif HTTP/1.1" 200 1039
186.145.128.140 - - [13/Jan/2015:00:59:51 -0500] "GET /forest/1ibre/images/minus.gif HTTP/1.1" 200 80
186.145.128.140 - - [13/Jan/2015:00:59:51 -0500] "GET /forest/json.do?query=usersByDep&coddep=7105 HTTP/1.1" 200 117
186.145.128.140 - - [13/Jan/2015:00:59:51 -0500] "GET /forest/json.do?query=versionListadas HTTP/1.1" 200 15
186.145.128.140 - - [13/Jan/2015:00:59:51 -0500] "GET /forest/1ibre/images/plus.gif HTTP/1.1" 200 88
186.145.128.140 - - [13/Jan/2015:00:59:51 -0500] "GET /forest/json.do?query=procesIniciales HTTP/1.1" 200 10001
186.145.128.140 - - [13/Jan/2015:00:59:55 -0500] "POST /forest/buscar.do? HTTP/1.1" 200 5163
186.145.128.140 - - [13/Jan/2015:00:59:55 -0500] "GET /forest/css/escritorio.css HTTP/1.1" 200 15878
186.145.128.140 - - [13/Jan/2015:00:59:55 -0500] "GET /forest/img/nav_first.gif HTTP/1.1" 200 89
186.145.128.140 - - [13/Jan/2015:00:59:55 -0500] "GET /forest/img/nav_prev.gif HTTP/1.1" 200 109
186.145.128.140 - - [13/Jan/2015:00:59:55 -0500] "GET /forest/img/nav_next.gif HTTP/1.1" 200 111
186.145.128.140 - - [13/Jan/2015:00:59:55 -0500] "GET /forest/img/nav_last.gif HTTP/1.1" 200 92
186.145.128.140 - - [13/Jan/2015:00:59:55 -0500] "GET /forest/skins/gdocs-jar/img/more_details.gif HTTP/1.1" 200 617
66.249.67.75 - - [13/Jan/2015:01:00:33 -0500] "GET /BLA/resoluciones/RESOLUCIONES%202008/5689.pdf HTTP/1.1" 200 157650
66.249.67.67 - - [13/Jan/2015:01:00:38 -0500] "GET /BLA/resoluciones/AUTOS%202011/5775.pdf HTTP/1.1" 200 174306
200.118.153.247 - - [13/Jan/2015:01:00:42 -0500] "POST /forms/lservlet;jsessionid=ac16012b30d5efb348e920bf4f1cbb9e99537955de8a.e3iSbxaKaheRe34SahiRb30Pchr0n6jAmljGr5XDqQLvpAe HTTP/1.1" 200 2
181.54.84.12 - - [13/Jan/2015:01:01:01 -0500] "POST /forms/lservlet;jsessionid=ac16012b30d53c19fd64a26d4f5ea8b7f62efc7af06d.e3iSbxaKaheRe34SahiRb30Pchr0n6jAmljGr5XDqQLvpAe HTTP/1.1" 200 2
186.145.128.140 - - [13/Jan/2015:01:01:28 -0500] "GET /forest/buscar.do?type=procesos HTTP/1.1" 200 84398
186.145.128.140 - - [13/Jan/2015:01:01:29 -0500] "GET /forest/json.do?query=usersByDep&coddep=7105 HTTP/1.1" 200 117
186.145.128.140 - - [13/Jan/2015:01:01:29 -0500] "GET /forest/json.do?query=versionListadas HTTP/1.1" 200 15
186.145.128.140 - - [13/Jan/2015:01:01:29 -0500] "GET /forest/json.do?query=usersByDep&coddep=7105 HTTP/1.1" 200 117
186.145.128.140 - - [13/Jan/2015:01:01:29 -0500] "GET /forest/json.do?query=procesIniciales HTTP/1.1" 200 10001
186.145.128.140 - - [13/Jan/2015:01:01:32 -0500] "POST /forest/buscar.do? HTTP/1.1" 200 5171
187.188.72.17 - - [13/Jan/2015:01:01:32 -0500] "GET /BLA/boletinlegal/js/jquery.scrollTo-min.js HTTP/1.1" 200 1150
187.188.72.17 - - [13/Jan/2015:01:01:32 -0500] "GET /BLA/boletinlegal/js/jquery.js HTTP/1.1" 200 57254
187.188.72.17 - - [13/Jan/2015:01:01:33 -0500] "GET /BLA/boletinlegal/js/jquery.scrollShow.js HTTP/1.1" 200 4586
200.118.153.247 - - [13/Jan/2015:01:01:56 -0500] "POST /forms/lservlet;jsessionid=ac16012b30d5efb348e920bf4f1cbb9e99537955de8a.e3iSbxaKaheRe34SahiRb30Pchr0n6jAmljGr5XDqQLvpAe HTTP/1.1" 200 2372
200.118.153.247 - - [13/Jan/2015:01:02:01 -0500] "POST /forms/lservlet;jsessionid=ac16012b30d5efb348e920bf4f1cbb9e99537955de8a.e3iSbxaKaheRe34SahiRb30Pchr0n6jAmljGr5XDqQLvpAe HTTP/1.1" 200 26
200.118.153.247 - - [13/Jan/2015:01:02:02 -0500] "POST /forms/lservlet;jsessionid=ac16012b30d5efb348e920bf4f1cbb9e99537955de8a.e3iSbxaKaheRe34SahiRb30Pchr0n6jAmljGr5XDqQLvpAe HTTP/1.1" 200 4176
200.118.153.247 - - [13/Jan/2015:01:02:02 -0500] "POST /forms/lservlet;jsessionid=ac16012b30d5efb348e920bf4f1cbb9e99537955de8a.e3iSbxaKaheRe34SahiRb30Pchr0n6jAmljGr5XDqQLvpAe HTTP/1.1" 200 2
200.118.153.247 - - [13/Jan/2015:01:02:05 -0500] "POST /forms/lservlet;jsessionid=ac16012b30d5efb348e920bf4f1cbb9e99537955de8a.e3iSbxaKaheRe34SahiRb30Pchr0n6jAmljGr5XDqQLvpAe HTTP/1.1" 200 2
200.118.153.247 - - [13/Jan/2015:01:02:05 -0500] "POST /forms/lservlet;jsessionid=ac16012b30d5efb348e920bf4f1cbb9e99537955de8a.e3iSbxaKaheRe34SahiRb30Pchr0n6jAmljGr5XDqQLvpAe HTTP/1.1" 200 114
200.118.153.247 - - [13/Jan/2015:01:02:06 -0500] "POST /forms/lservlet;jsessionid=ac16012b30d5efb348e920bf4f1cbb9e99537955de8a.e3iSbxaKaheRe34SahiRb30Pchr0n6jAmljGr5XDqQLvpAe HTTP/1.1" 200 2
200.118.153.247 - - [13/Jan/2015:01:02:06 -0500] "GET /reports/rwservlet/getjobid340470?server=rep_srvapsda HTTP/1.1" 200 47716
207.46.13.113 - - [13/Jan/2015:01:02:15 -0500] "GET /bla/resoluciones/resoluciones%202009/9274.pdf HTTP/1.1" 200 514168
186.145.128.140 - - [13/Jan/2015:01:02:37 -0500] "GET /forest/buscar.do?type=procesos HTTP/1.1" 200 84398
186.145.128.140 - - [13/Jan/2015:01:02:38 -0500] "GET /forest/json.do?query=usersByDep&coddep=7105 HTTP/1.1" 200 117
186.145.128.140 - - [13/Jan/2015:01:02:38 -0500] "GET /forest/json.do?query=versionListadas HTTP/1.1" 200 15
186.145.128.140 - - [13/Jan/2015:01:02:38 -0500] "GET /forest/json.do?query=usersByDep&coddep=7105 HTTP/1.1" 200 117
186.145.128.140 - - [13/Jan/2015:01:02:38 -0500] "GET /forest/json.do?query=procesIniciales HTTP/1.1" 200 10001
186.145.128.140 - - [13/Jan/2015:01:02:42 -0500] "POST /forest/buscar.do? HTTP/1.1" 200 5134
200.118.153.247 - - [13/Jan/2015:01:02:42 -0500] "POST /forms/lservlet;jsessionid=ac16012b30d5efb348e920bf4f1cbb9e99537955de8a.e3iSbxaKaheRe34SahiRb30Pchr0n6jAmljGr5XDqQLvpAe HTTP/1.1" 200 2
186.145.128.140 - - [13/Jan/2015:01:02:48 -0500] "GET /forest/skins/gdocs-jar/popup/popup.jsp?width=900&height=600&title=Informaci%F3n%20de%20proceso&uri=/forest/system/process.jsp%3FnumPro%3D2927241&name=undefined&_a=0.4534337467048317&a=0.747587462188676 HTTP/1.1" 200 1312
186.145.128.140 - - [13/Jan/2015:01:02:48 -0500] "GET /forest/system/process.jsp?numPro=2927241 HTTP/1.1" 200 14695
186.145.128.140 - - [13/Jan/2015:01:02:48 -0500] "GET /forest/system/process.jsp?numPro=2927241 HTTP/1.1" 200 71266
186.145.128.140 - - [13/Jan/2015:01:02:49 -0500] "GET /forest/css/dialog.css HTTP/1.1" 200 1100
186.145.128.140 - - [13/Jan/2015:01:02:49 -0500] "GET /forest/css/index.css HTTP/1.1" 200 1900
186.145.128.140 - - [13/Jan/2015:01:02:49 -0500] "GET /forest/skins/gdocs-jar/img/expandido.gif HTTP/1.1" 200 190
186.145.128.140 - - [13/Jan/2015:01:02:49 -0500] "GET /forest/skins/gdocs-jar/img/activity2.gif HTTP/1.1" 200 374
186.145.128.140 - - [13/Jan/2015:01:02:49 -0500] "GET /forest/skins/gdocs-jar/img/itemlist.gif HTTP/1.1" 200 134
186.145.128.140 - - [13/Jan/2015:01:02:49 -0500] "GET /forest/skins/gdocs-jar/img/mueveactividad.gif HTTP/1.1" 200 90
186.145.128.140 - - [13/Jan/2015:01:02:49 -0500] "GET /forest/skins/gdocs-jar/img/ok.gif HTTP/1.1" 200 579
186.145.128.140 - - [13/Jan/2015:01:02:49 -0500] "GET /forest/skins/gdocs-jar/img/clip.gif HTTP/1.1" 200 246
186.145.128.140 - - [13/Jan/2015:01:02:49 -0500] "GET /forest/skins/gdocs-jar/img/alert.gif HTTP/1.1" 200 595
186.145.128.140 - - [13/Jan/2015:01:02:49 -0500] "GET /forest/skins/gdocs-jar/img/eye.gif HTTP/1.1" 200 396
186.145.128.140 - - [13/Jan/2015:01:02:49 -0500] "GET /forest/skins/gdocs-jar/img/icons/pdf.gif HTTP/1.1" 200 230
186.145.128.140 - - [13/Jan/2015:01:02:49 -0500] "GET /forest/skins/gdocs-jar/img/icons/p7z.gif HTTP/1.1" 200 582
186.145.128.140 - - [13/Jan/2015:01:02:49 -0500] "GET /forest/skins/gdocs-jar/img/icons/docx.gif HTTP/1.1" 200 1039
186.145.128.140 - - [13/Jan/2015:01:02:49 -0500] "GET /forest/1ibre/protoaculous.js HTTP/1.1" 200 151386
186.145.128.140 - - [13/Jan/2015:01:02:49 -0500] "GET /forest/1ibre/1ibre.js HTTP/1.1" 200 197648
186.145.128.140 - - [13/Jan/2015:01:02:53 -0500] "GET /forest/skins/gdocs-jar/img/contraido.gif HTTP/1.1" 200 195
188.165.15.79 - - [13/Jan/2015:01:03:00 -0500] "GET /BLA/resoluciones/RESOLUCIONES%202002/RES%202002%20651-700/INDEX.DAT HTTP/1.1" 200 4000
181.54.84.12 - - [13/Jan/2015:01:03:02 -0500] "POST /forms/lservlet;jsessionid=ac16012b30d53c19fd64a26d4f5ea8b7f62efc7af06d.e3iSbxaKaheRe34SahiRb30Pchr0n6jAmljGr5XDqQLvpAe HTTP/1.1" 200 2
186.145.128.140 - - [13/Jan/2015:01:03:08 -0500] "GET /forest/buscar.do?type=procesos HTTP/1.1" 200 84398
186.145.128.140 - - [13/Jan/2015:01:03:09 -0500] "GET /forest/json.do?query=usersByDep&coddep=7105 HTTP/1.1" 200 117
186.145.128.140 - - [13/Jan/2015:01:03:09 -0500] "GET /forest/json.do?query=versionListadas HTTP/1.1" 200 15
186.145.128.140 - - [13/Jan/2015:01:03:09 -0500] "GET /forest/json.do?query=usersByDep&coddep=7105 HTTP/1.1" 200 117
186.145.128.140 - - [13/Jan/2015:01:03:09 -0500] "GET /forest/json.do?query=procesIniciales HTTP/1.1" 200 10001
186.145.128.140 - - [13/Jan/2015:01:03:11 -0500] "POST /forest/buscar.do? HTTP/1.1" 200 5134
66.249.67.83 - - [13/Jan/2015:01:03:12 -0500] "GET /BLA/resoluciones/index.php?dir=Notificaciones%2F HTTP/1.1" 200 3221
180.76.6.132 - - [13/Jan/2015:01:03:12 -0500] "GET /BLA/boletinlegal;jsessionid=92637625475608633A33238677B87DC1?/? HTTP/1.1" 404 1018
186.145.128.140 - - [13/Jan/2015:01:03:14 -0500] "GET /forest/skins/gdocs-jar/popup/popup.jsp?width=900&height=600&title=Informaci%F3n%20de%20proceso&uri=/forest/system/process.jsp%3FnumPro%3D2945682&name=undefined&_a=0.543435612693429&a=0.24112878483720124 HTTP/1.1" 200 1312
186.145.128.140 - - [13/Jan/2015:01:03:14 -0500] "GET /forest/system/process.jsp?numPro=2945682 HTTP/1.1" 200 18159
186.145.128.140 - - [13/Jan/2015:01:03:14 -0500] "GET /forest/system/process.jsp?numPro=2945682 HTTP/1.1" 200 47050
181.54.84.12 - - [13/Jan/2015:01:03:20 -0500] "POST /forms/lservlet;jsessionid=ac16012b30d53c19fd64a26d4f5ea8b7f62efc7af06d.e3iSbxaKaheRe34SahiRb30Pchr0n6jAmljGr5XDqQLvpAe HTTP/1.1" 200 2
181.54.84.12 - - [13/Jan/2015:01:03:20 -0500] "POST /forms/lservlet;jsessionid=ac16012b30d53c19fd64a26d4f5ea8b7f62efc7af06d.e3iSbxaKaheRe34SahiRb30Pchr0n6jAmljGr5XDqQLvpAe HTTP/1.1" 200 2303
181.54.84.12 - - [13/Jan/2015:01:03:20 -0500] "POST /forms/lservlet;jsessionid=ac16012b30d53c19fd64a26d4f5ea8b7f62efc7af06d.e3iSbxaKaheRe34SahiRb30Pchr0n6jAmljGr5XDqQLvpAe HTTP/1.1" 200 10
181.54.84.12 - - [13/Jan/2015:01:03:22 -0500] "POST /forms/lservlet;jsessionid=ac16012b30d53c19fd64a26d4f5ea8b7f62efc7af06d.e3iSbxaKaheRe34SahiRb30Pchr0n6jAmljGr5XDqQLvpAe HTTP/1.1" 200 24
181.54.84.12 - - [13/Jan/2015:01:03:22 -0500] "POST /forms/lservlet;jsessionid=ac16012b30d53c19fd64a26d4f5ea8b7f62efc7af06d.e3iSbxaKaheRe34SahiRb30Pchr0n6jAmljGr5XDqQLvpAe HTTP/1.1" 200 3729
181.54.84.12 - - [13/Jan/2015:01:03:22 -0500] "POST /forms/lservlet;jsessionid=ac16012b30d53c19fd64a26d4f5ea8b7f62efc7af06d.e3iSbxaKaheRe34SahiRb30Pchr0n6jAmljGr5XDqQLvpAe HTTP/1.1" 200 2
186.87.146.144 - - [13/Jan/2015:01:03:24 -0500] "GET /BLA/resoluciones/RESOLUCIONES%202009/9428.pdf HTTP/1.1" 200 444825
74.86.158.107 - - [13/Jan/2015:01:03:50 -0500] "HEAD / HTTP/1.1" 302 -
180.76.6.156 - - [13/Jan/2015:01:03:54 -0500] "GET /BLA/boletinlegal;jsessionid=1F42197B250824461A77900D1F6AF93C?/? HTTP/1.1" 404 1018
66.249.67.103 - - [13/Jan/2015:01:04:04 -0500] "GET /POT-2013/Cartografia/22_Sistema%20de%20Gas%20Natural_FEB.pdf HTTP/1.1" 200 4131653
186.87.146.144 - - [13/Jan/2015:01:04:05 -0500] "GET /BLA/resoluciones/RESOLUCIONES%202009/9428.pdf HTTP/1.1" 200 444825
188.165.15.237 - - [13/Jan/2015:01:04:16 -0500] "GET /BLA/resoluciones/RESOLUCIONES%202006/RES%202006%20101-150/00000117.tif HTTP/1.1" 200 177700
85.214.127.182 - - [13/Jan/2015:01:04:33 -0500] "GET /wp-admin/ HTTP/1.1" 404 1018
200.118.153.247 - - [13/Jan/2015:01:04:42 -0500] "POST /forms/lservlet;jsessionid=ac16012b30d5efb348e920bf4f1cbb9e99537955de8a.e3iSbxaKaheRe34SahiRb30Pchr0n6jAmljGr5XDqQLvpAe HTTP/1.1" 200 2
188.165.15.66 - - [13/Jan/2015:01:04:45 -0500] "GET /BLA/resoluciones/RESOLUCIONES%202003/RES%202003%201501-1550/20031535.tif HTTP/1.1" 200 82704
186.145.128.140 - - [13/Jan/2015:01:04:46 -0500] "GET /forest/session.jsp?a=0.1260503144003451 HTTP/1.1" 200 4
181.54.84.12 - - [13/Jan/2015:01:05:02 -0500] "POST /forms/lservlet;jsessionid=ac16012b30d53c19fd64a26d4f5ea8b7f62efc7af06d.e3iSbxaKaheRe34SahiRb30Pchr0n6jAmljGr5XDqQLvpAe HTTP/1.1" 200 2
188.165.15.130 - - [13/Jan/2015:01:05:24 -0500] "GET /BLA/resoluciones/index.php?dir=AUTOS+2006%2FAUTOS+2006+1901+-+2000%2F HTTP/1.1" 200 22186
200.118.153.247 - - [13/Jan/2015:01:05:40 -0500] "POST /forms/lservlet;jsessionid=ac16012b30d5efb348e920bf4f1cbb9e99537955de8a.e3iSbxaKaheRe34SahiRb30Pchr0n6jAmljGr5XDqQLvpAe HTTP/1.1" 200 2339
200.118.153.247 - - [13/Jan/2015:01:05:46 -0500] "POST /forms/lservlet;jsessionid=ac16012b30d5efb348e920bf4f1cbb9e99537955de8a.e3iSbxaKaheRe34SahiRb30Pchr0n6jAmljGr5XDqQLvpAe HTTP/1.1" 200 26
200.118.153.247 - - [13/Jan/2015:01:05:46 -0500] "POST /forms/lservlet;jsessionid=ac16012b30d5efb348e920bf4f1cbb9e99537955de8a.e3iSbxaKaheRe34SahiRb30Pchr0n6jAmljGr5XDqQLvpAe HTTP/1.1" 200 4447
200.118.153.247 - - [13/Jan/2015:01:05:47 -0500] "POST /forms/lservlet;jsessionid=ac16012b30d5efb348e920bf4f1cbb9e99537955de8a.e3iSbxaKaheRe34SahiRb30Pchr0n6jAmljGr5XDqQLvpAe HTTP/1.1" 200 2
66.249.67.67 - - [13/Jan/2015:01:05:48 -0500] "GET /BLA/resoluciones/RESOLUCIONES%202009/8785.pdf HTTP/1.1" 200 462026
200.118.153.247 - - [13/Jan/2015:01:05:50 -0500] "POST /forms/lservlet;jsessionid=ac16012b30d5efb348e920bf4f1cbb9e99537955de8a.e3iSbxaKaheRe34SahiRb30Pchr0n6jAmljGr5XDqQLvpAe HTTP/1.1" 200 2
200.118.153.247 - - [13/Jan/2015:01:05:50 -0500] "POST /forms/lservlet;jsessionid=ac16012b30d5efb348e920bf4f1cbb9e99537955de8a.e3iSbxaKaheRe34SahiRb30Pchr0n6jAmljGr5XDqQLvpAe HTTP/1.1" 200 14
200.118.153.247 - - [13/Jan/2015:01:05:52 -0500] "POST /forms/lservlet;jsessionid=ac16012b30d5efb348e920bf4f1cbb9e99537955de8a.e3iSbxaKaheRe34SahiRb30Pchr0n6jAmljGr5XDqQLvpAe HTTP/1.1" 200 114
200.118.153.247 - - [13/Jan/2015:01:05:52 -0500] "POST /forms/lservlet;jsessionid=ac16012b30d5efb348e920bf4f1cbb9e99537955de8a.e3iSbxaKaheRe34SahiRb30Pchr0n6jAmljGr5XDqQLvpAe HTTP/1.1" 200 2
200.118.153.247 - - [13/Jan/2015:01:05:52 -0500] "GET /reports/rwservlet/getjobid340471?server=rep_srvapsda HTTP/1.1" 200 48109
186.145.128.140 - - [13/Jan/2015:01:05:55 -0500] "GET /forest/buscar.do?type=procesos HTTP/1.1" 200 84398
186.145.128.140 - - [13/Jan/2015:01:05:56 -0500] "GET /forest/json.do?query=usersByDep&coddep=7105 HTTP/1.1" 200 117
186.145.128.140 - - [13/Jan/2015:01:05:56 -0500] "GET /forest/json.do?query=versionListadas HTTP/1.1" 200 15
186.145.128.140 - - [13/Jan/2015:01:05:56 -0500] "GET /forest/json.do?query=usersByDep&coddep=7105 HTTP/1.1" 200 117
186.145.128.140 - - [13/Jan/2015:01:05:56 -0500] "GET /forest/json.do?query=procesIniciales HTTP/1.1" 200 10001
186.145.128.140 - - [13/Jan/2015:01:05:59 -0500] "POST /forest/buscar.do? HTTP/1.1" 200 5176
186.145.128.140 - - [13/Jan/2015:01:06:03 -0500] "GET /forest/skins/gdocs-jar/popup/popup.jsp?width=900&height=600&title=Informaci%F3n%20de%20proceso&uri=/forest/system/process.jsp%3FnumPro%3D2955115&name=undefined&_a=0.15225952118635178&a=0.13955487171187997 HTTP/1.1" 200 1312
186.145.128.140 - - [13/Jan/2015:01:06:03 -0500] "GET /forest/system/process.jsp?numPro=2955115 HTTP/1.1" 200 14695
186.145.128.140 - - [13/Jan/2015:01:06:03 -0500] "GET /forest/system/process.jsp?numPro=2955115 HTTP/1.1" 200 25118
186.145.128.140 - - [13/Jan/2015:01:06:21 -0500] "GET /forest/documentos/1958316/2014EE187915.docx HTTP/1.1" 200 115075
200.118.153.247 - - [13/Jan/2015:01:06:42 -0500] "POST /forms/lservlet;jsessionid=ac16012b30d5efb348e920bf4f1cbb9e99537955de8a.e3iSbxaKaheRe34SahiRb30Pchr0n6jAmljGr5XDqQLvpAe HTTP/1.1" 200 2
186.145.128.140 - - [13/Jan/2015:01:06:51 -0500] "GET /forest/buscar.do?type=procesos HTTP/1.1" 200 84398
186.145.128.140 - - [13/Jan/2015:01:06:52 -0500] "GET /forest/json.do?query=usersByDep&coddep=7105 HTTP/1.1" 200 117
186.145.128.140 - - [13/Jan/2015:01:06:52 -0500] "GET /forest/json.do?query=versionListadas HTTP/1.1" 200 15
186.145.128.140 - - [13/Jan/2015:01:06:52 -0500] "GET /forest/json.do?query=usersByDep&coddep=7105 HTTP/1.1" 200 117
186.145.128.140 - - [13/Jan/2015:01:06:52 -0500] "GET /forest/json.do?query=procesIniciales HTTP/1.1" 200 10001
186.145.128.140 - - [13/Jan/2015:01:06:57 -0500] "POST /forest/buscar.do? HTTP/1.1" 200 5168
181.54.84.12 - - [13/Jan/2015:01:07:02 -0500] "POST /forms/lservlet;jsessionid=ac16012b30d53c19fd64a26d4f5ea8b7f62efc7af06d.e3iSbxaKaheRe34SahiRb30Pchr0n6jAmljGr5XDqQLvpAe HTTP/1.1" 200 2
186.145.128.140 - - [13/Jan/2015:01:07:05 -0500] "GET /forest/skins/gdocs-jar/popup/popup.jsp?width=900&height=600&title=Informaci%F3n%20de%20proceso&uri=/forest/system/process.jsp%3FnumPro%3D2975115&name=undefined&_a=0.8865820826031268&a=0.5412089242599905 HTTP/1.1" 200 1312
186.145.128.140 - - [13/Jan/2015:01:07:05 -0500] "GET /forest/system/process.jsp?numPro=2975115 HTTP/1.1" 200 19642
186.145.128.140 - - [13/Jan/2015:01:07:05 -0500] "GET /forest/system/process.jsp?numPro=2975115 HTTP/1.1" 200 102146
186.145.128.140 - - [13/Jan/2015:01:07:17 -0500] "GET /forest/documentos/1990929/2014EE220525.docx HTTP/1.1" 200 107796
181.54.84.12 - - [13/Jan/2015:01:07:51 -0500] "POST /forms/lservlet;jsessionid=ac16012b30d53c19fd64a26d4f5ea8b7f62efc7af06d.e3iSbxaKaheRe34SahiRb30Pchr0n6jAmljGr5XDqQLvpAe HTTP/1.1" 200 2
181.54.84.12 - - [13/Jan/2015:01:07:52 -0500] "POST /forms/lservlet;jsessionid=ac16012b30d53c19fd64a26d4f5ea8b7f62efc7af06d.e3iSbxaKaheRe34SahiRb30Pchr0n6jAmljGr5XDqQLvpAe HTTP/1.1" 200 2381
181.54.84.12 - - [13/Jan/2015:01:07:52 -0500] "POST /forms/lservlet;jsessionid=ac16012b30d53c19fd64a26d4f5ea8b7f62efc7af06d.e3iSbxaKaheRe34SahiRb30Pchr0n6jAmljGr5XDqQLvpAe HTTP/1.1" 200 10
181.54.84.12 - - [13/Jan/2015:01:07:54 -0500] "POST /forms/lservlet;jsessionid=ac16012b30d53c19fd64a26d4f5ea8b7f62efc7af06d.e3iSbxaKaheRe34SahiRb30Pchr0n6jAmljGr5XDqQLvpAe HTTP/1.1" 200 24
181.54.84.12 - - [13/Jan/2015:01:07:55 -0500] "POST /forms/lservlet;jsessionid=ac16012b30d53c19fd64a26d4f5ea8b7f62efc7af06d.e3iSbxaKaheRe34SahiRb30Pchr0n6jAmljGr5XDqQLvpAe HTTP/1.1" 200 4533
181.54.84.12 - - [13/Jan/2015:01:07:56 -0500] "POST /forms/lservlet;jsessionid=ac16012b30d53c19fd64a26d4f5ea8b7f62efc7af06d.e3iSbxaKaheRe34SahiRb30Pchr0n6jAmljGr5XDqQLvpAe HTTP/1.1" 200 2
181.54.84.12 - - [13/Jan/2015:01:07:59 -0500] "POST /forms/lservlet;jsessionid=ac16012b30d53c19fd64a26d4f5ea8b7f62efc7af06d.e3iSbxaKaheRe34SahiRb30Pchr0n6jAmljGr5XDqQLvpAe HTTP/1.1" 200 136
152.61.128.66 - - [13/Jan/2015:01:08:00 -0500] "HEAD / HTTP/1.1" 302 -
181.54.84.12 - - [13/Jan/2015:01:08:00 -0500] "POST /forms/lservlet;jsessionid=ac16012b30d53c19fd64a26d4f5ea8b7f62efc7af06d.e3iSbxaKaheRe34SahiRb30Pchr0n6jAmljGr5XDqQLvpAe HTTP/1.1" 200 7
188.165.15.66 - - [13/Jan/2015:01:08:00 -0500] "GET /BLA/resoluciones/RESOLUCIONES%202006/RES%202006%202001-2050/00002035.tif HTTP/1.1" 200 198390
152.61.128.66 - - [13/Jan/2015:01:08:00 -0500] "GET /arcgis/services/Calidad_del_Agua_WQI/MapServer/WMSServer?request=GetCapabilities&service=WMS HTTP/1.1" 200 32135
181.54.84.12 - - [13/Jan/2015:01:08:01 -0500] "POST /forms/lservlet;jsessionid=ac16012b30d53c19fd64a26d4f5ea8b7f62efc7af06d.e3iSbxaKaheRe34SahiRb30Pchr0n6jAmljGr5XDqQLvpAe HTTP/1.1" 200 152
181.54.84.12 - - [13/Jan/2015:01:08:01 -0500] "POST /forms/lservlet;jsessionid=ac16012b30d53c19fd64a26d4f5ea8b7f62efc7af06d.e3iSbxaKaheRe34SahiRb30Pchr0n6jAmljGr5XDqQLvpAe HTTP/1.1" 200 8
152.61.128.66 - - [13/Jan/2015:01:08:01 -0500] "GET /arcgis/services/Calidad_del_Agua_WQI/MapServer/WMSServer?request=GetCapabilities&service=WMS HTTP/1.0" 200 32135
181.54.84.12 - - [13/Jan/2015:01:08:02 -0500] "POST /forms/lservlet;jsessionid=ac16012b30d53c19fd64a26d4f5ea8b7f62efc7af06d.e3iSbxaKaheRe34SahiRb30Pchr0n6jAmljGr5XDqQLvpAe HTTP/1.1" 200 2
152.61.128.66 - - [13/Jan/2015:01:08:02 -0500] "GET /arcgis/services/Calidad_del_Agua_WQI/MapServer/WMSServer?request=GetCapabilities&service=WMS HTTP/1.0" 200 32135
152.61.128.66 - - [13/Jan/2015:01:08:03 -0500] "GET /arcgis/services/Calidad_del_Agua_WQI/MapServer/WMSServer?request=GetCapabilities&service=WMS HTTP/1.0" 200 32135
152.61.128.66 - - [13/Jan/2015:01:08:05 -0500] "GET /arcgis/services/Calidad_del_Agua_WQI/MapServer/WMSServer?VERSION=1.1.1&REQUEST=GetMap&LAYERS=0&SRS=EPSG:4326&BBOX=-74.473395,3.674381,-73.963300,4.920569&WIDTH=250&HEIGHT=250&FORMAT=image/bmp&STYLES=& HTTP/1.1" 200 188054
152.61.128.66 - - [13/Jan/2015:01:08:16 -0500] "HEAD / HTTP/1.1" 302 -
152.61.128.66 - - [13/Jan/2015:01:08:16 -0500] "GET /arcgis/services/Calidad_del_Agua_WQI/MapServer/WMSServer?SERVICE=WMS&REQUEST=GetCapabilities HTTP/1.1" 200 32135
152.61.128.66 - - [13/Jan/2015:01:08:17 -0500] "GET /arcgis/services/Calidad_del_Agua_WQI/MapServer/WMSServer?SERVICE=WMS&REQUEST=GetCapabilities HTTP/1.0" 200 32135
152.61.128.66 - - [13/Jan/2015:01:08:18 -0500] "GET /arcgis/services/Calidad_del_Agua_WQI/MapServer/WMSServer?SERVICE=WMS&REQUEST=GetCapabilities HTTP/1.0" 200 32135
152.61.128.66 - - [13/Jan/2015:01:08:20 -0500] "GET /arcgis/services/Calidad_del_Agua_WQI/MapServer/WMSServer?SERVICE=WMS&REQUEST=GetCapabilities HTTP/1.0" 200 32135
152.61.128.66 - - [13/Jan/2015:01:08:21 -0500] "GET /arcgis/services/Calidad_del_Agua_WQI/MapServer/WMSServer?VERSION=1.1.1&REQUEST=GetMap&LAYERS=0&SRS=EPSG:4326&BBOX=-74.473395,3.674381,-73.963300,4.920569&WIDTH=250&HEIGHT=250&FORMAT=image/bmp&STYLES=& HTTP/1.1" 200 188054
66.249.67.83 - - [13/Jan/2015:01:08:23 -0500] "GET /BLA/resoluciones/RESOLUCIONES%202007/RES%202007%20301%20AL%20400/RESOLUCION%200379%20DE%202007.pdf HTTP/1.1" 200 312409
181.54.84.12 - - [13/Jan/2015:01:08:27 -0500] "POST /forms/lservlet;jsessionid=ac16012b30d53c19fd64a26d4f5ea8b7f62efc7af06d.e3iSbxaKaheRe34SahiRb30Pchr0n6jAmljGr5XDqQLvpAe HTTP/1.1" 200 8
200.118.153.247 - - [13/Jan/2015:01:08:42 -0500] "POST /forms/lservlet;jsessionid=ac16012b30d5efb348e920bf4f1cbb9e99537955de8a.e3iSbxaKaheRe34SahiRb30Pchr0n6jAmljGr5XDqQLvpAe HTTP/1.1" 200 2
181.54.84.12 - - [13/Jan/2015:01:08:43 -0500] "POST /forms/lservlet;jsessionid=ac16012b30d53c19fd64a26d4f5ea8b7f62efc7af06d.e3iSbxaKaheRe34SahiRb30Pchr0n6jAmljGr5XDqQLvpAe HTTP/1.1" 200 2
181.54.84.12 - - [13/Jan/2015:01:08:44 -0500] "POST /forms/lservlet;jsessionid=ac16012b30d53c19fd64a26d4f5ea8b7f62efc7af06d.e3iSbxaKaheRe34SahiRb30Pchr0n6jAmljGr5XDqQLvpAe HTTP/1.1" 200 8
181.54.84.12 - - [13/Jan/2015:01:08:45 -0500] "POST /forms/lservlet;jsessionid=ac16012b30d53c19fd64a26d4f5ea8b7f62efc7af06d.e3iSbxaKaheRe34SahiRb30Pchr0n6jAmljGr5XDqQLvpAe HTTP/1.1" 200 8
74.86.158.107 - - [13/Jan/2015:01:08:50 -0500] "HEAD / HTTP/1.1" 302 -
181.54.84.12 - - [13/Jan/2015:01:09:03 -0500] "POST /forms/lservlet;jsessionid=ac16012b30d53c19fd64a26d4f5ea8b7f62efc7af06d.e3iSbxaKaheRe34SahiRb30Pchr0n6jAmljGr5XDqQLvpAe HTTP/1.1" 200 2
180.76.5.148 - - [13/Jan/2015:01:09:07 -0500] "GET /BLA/resoluciones/RESOLUCIONES%202010/6735.pdf HTTP/1.1" 200 366963
181.54.84.12 - - [13/Jan/2015:01:09:15 -0500] "POST /forms/lservlet;jsessionid=ac16012b30d53c19fd64a26d4f5ea8b7f62efc7af06d.e3iSbxaKaheRe34SahiRb30Pchr0n6jAmljGr5XDqQLvpAe HTTP/1.1" 200 108
181.54.84.12 - - [13/Jan/2015:01:09:16 -0500] "POST /forms/lservlet;jsessionid=ac16012b30d53c19fd64a26d4f5ea8b7f62efc7af06d.e3iSbxaKaheRe34SahiRb30Pchr0n6jAmljGr5XDqQLvpAe HTTP/1.1" 200 2
181.54.84.12 - - [13/Jan/2015:01:09:17 -0500] "POST /forms/lservlet;jsessionid=ac16012b30d53c19fd64a26d4f5ea8b7f62efc7af06d.e3iSbxaKaheRe34SahiRb30Pchr0n6jAmljGr5XDqQLvpAe HTTP/1.1" 200 2345
181.54.84.12 - - [13/Jan/2015:01:09:18 -0500] "POST /forms/lservlet;jsessionid=ac16012b30d53c19fd64a26d4f5ea8b7f62efc7af06d.e3iSbxaKaheRe34SahiRb30Pchr0n6jAmljGr5XDqQLvpAe HTTP/1.1" 200 10
181.54.84.12 - - [13/Jan/2015:01:09:21 -0500] "POST /forms/lservlet;jsessionid=ac16012b30d53c19fd64a26d4f5ea8b7f62efc7af06d.e3iSbxaKaheRe34SahiRb30Pchr0n6jAmljGr5XDqQLvpAe HTTP/1.1" 200 21
181.54.84.12 - - [13/Jan/2015:01:09:21 -0500] "POST /forms/lservlet;jsessionid=ac16012b30d53c19fd64a26d4f5ea8b7f62efc7af06d.e3iSbxaKaheRe34SahiRb30Pchr0n6jAmljGr5XDqQLvpAe HTTP/1.1" 200 4121
181.54.84.12 - - [13/Jan/2015:01:09:23 -0500] "POST /forms/lservlet;jsessionid=ac16012b30d53c19fd64a26d4f5ea8b7f62efc7af06d.e3iSbxaKaheRe34SahiRb30Pchr0n6jAmljGr5XDqQLvpAe HTTP/1.1" 200 2
181.54.84.12 - - [13/Jan/2015:01:09:24 -0500] "POST /forms/lservlet;jsessionid=ac16012b30d53c19fd64a26d4f5ea8b7f62efc7af06d.e3iSbxaKaheRe34SahiRb30Pchr0n6jAmljGr5XDqQLvpAe HTTP/1.1" 200 138
200.118.153.247 - - [13/Jan/2015:01:09:26 -0500] "POST /forms/lservlet;jsessionid=ac16012b30d5efb348e920bf4f1cbb9e99537955de8a.e3iSbxaKaheRe34SahiRb30Pchr0n6jAmljGr5XDqQLvpAe HTTP/1.1" 200 2382
207.46.13.139 - - [13/Jan/2015:01:09:29 -0500] "GET /errores/ HTTP/1.1" 404 1019
200.118.153.247 - - [13/Jan/2015:01:09:40 -0500] "POST /forms/lservlet;jsessionid=ac16012b30d5efb348e920bf4f1cbb9e99537955de8a.e3iSbxaKaheRe34SahiRb30Pchr0n6jAmljGr5XDqQLvpAe HTTP/1.1" 200 26
200.118.153.247 - - [13/Jan/2015:01:09:40 -0500] "POST /forms/lservlet;jsessionid=ac16012b30d5efb348e920bf4f1cbb9e99537955de8a.e3iSbxaKaheRe34SahiRb30Pchr0n6jAmljGr5XDqQLvpAe HTTP/1.1" 200 4011
200.118.153.247 - - [13/Jan/2015:01:09:41 -0500] "POST /forms/lservlet;jsessionid=ac16012b30d5efb348e920bf4f1cbb9e99537955de8a.e3iSbxaKaheRe34SahiRb30Pchr0n6jAmljGr5XDqQLvpAe HTTP/1.1" 200 2
200.118.153.247 - - [13/Jan/2015:01:09:44 -0500] "POST /forms/lservlet;jsessionid=ac16012b30d5efb348e920bf4f1cbb9e99537955de8a.e3iSbxaKaheRe34SahiRb30Pchr0n6jAmljGr5XDqQLvpAe HTTP/1.1" 200 2
200.118.153.247 - - [13/Jan/2015:01:09:44 -0500] "POST /forms/lservlet;jsessionid=ac16012b30d5efb348e920bf4f1cbb9e99537955de8a.e3iSbxaKaheRe34SahiRb30Pchr0n6jAmljGr5XDqQLvpAe HTTP/1.1" 200 114
200.118.153.247 - - [13/Jan/2015:01:09:45 -0500] "POST /forms/lservlet;jsessionid=ac16012b30d5efb348e920bf4f1cbb9e99537955de8a.e3iSbxaKaheRe34SahiRb30Pchr0n6jAmljGr5XDqQLvpAe HTTP/1.1" 200 2
200.118.153.247 - - [13/Jan/2015:01:09:45 -0500] "GET /reports/rwservlet/getjobid340472?server=rep_srvapsda HTTP/1.1" 200 47671
180.76.6.156 - - [13/Jan/2015:01:09:46 -0500] "GET /BLA/resoluciones/RESOLUCIONES%202007/RES%202007%20101%20AL%20200/RESOLUCION%200122%20%20DE%202007.pdf HTTP/1.1" 200 142868
186.145.128.140 - - [13/Jan/2015:01:09:46 -0500] "GET /forest/session.jsp?a=0.5716025664005429 HTTP/1.1" 200 4
186.145.128.140 - - [13/Jan/2015:01:09:48 -0500] "GET /forest/buscar.do?type=procesos HTTP/1.1" 200 84398
186.145.128.140 - - [13/Jan/2015:01:09:49 -0500] "GET /forest/json.do?query=usersByDep&coddep=7105 HTTP/1.1" 200 117
186.145.128.140 - - [13/Jan/2015:01:09:49 -0500] "GET /forest/json.do?query=versionListadas HTTP/1.1" 200 15
186.145.128.140 - - [13/Jan/2015:01:09:49 -0500] "GET /forest/json.do?query=usersByDep&coddep=7105 HTTP/1.1" 200 117
186.145.128.140 - - [13/Jan/2015:01:09:50 -0500] "GET /forest/json.do?query=procesIniciales HTTP/1.1" 200 10001
66.249.67.83 - - [13/Jan/2015:01:09:50 -0500] "GET /BLA/resoluciones/AUTOS%202006/AUTOS%202006%203301%20-%203418/00003403.tif HTTP/1.1" 200 56720
188.165.15.237 - - [13/Jan/2015:01:09:52 -0500] "GET /BLA/resoluciones/RESOLUCIONES%202003/RES%202003%20801-850/815.tif HTTP/1.1" 200 379004
186.145.128.140 - - [13/Jan/2015:01:09:55 -0500] "POST /forest/buscar.do? HTTP/1.1" 200 5198
200.118.153.247 - - [13/Jan/2015:01:10:42 -0500] "POST /forms/lservlet;jsessionid=ac16012b30d5efb348e920bf4f1cbb9e99537955de8a.e3iSbxaKaheRe34SahiRb30Pchr0n6jAmljGr5XDqQLvpAe HTTP/1.1" 200 2
66.249.67.75 - - [13/Jan/2015:01:10:59 -0500] "GET /BLA/resoluciones/RESOLUCIONES%202007/RES%202007%204201%20AL%204300/RESOLUCION%204289%20DE%202007.pdf HTTP/1.1" 200 226637
181.54.84.12 - - [13/Jan/2015:01:11:05 -0500] "POST /forms/lservlet;jsessionid=ac16012b30d53c19fd64a26d4f5ea8b7f62efc7af06d.e3iSbxaKaheRe34SahiRb30Pchr0n6jAmljGr5XDqQLvpAe HTTP/1.1" 200 2
186.87.20.103 - - [13/Jan/2015:01:11:16 -0500] "GET /BLA/resoluciones/RESOLUCIONES%202011/1332.pdf HTTP/1.1" 200 77187
207.46.13.113 - - [13/Jan/2015:01:11:42 -0500] "GET /bla/resoluciones/autos%202010/6653.pdf HTTP/1.1" 200 158423
188.165.15.239 - - [13/Jan/2015:01:11:49 -0500] "GET /BLA/resoluciones/RESOLUCIONES%202002/RES%202002%20801-850/00000840.tif HTTP/1.1" 200 100504
188.165.15.237 - - [13/Jan/2015:01:12:27 -0500] "GET /BLA/resoluciones/RESOLUCIONES%202006/RES%202006%201401-1450/00001442.tif HTTP/1.1" 200 163838
181.54.84.12 - - [13/Jan/2015:01:12:31 -0500] "POST /forms/lservlet;jsessionid=ac16012b30d53c19fd64a26d4f5ea8b7f62efc7af06d.e3iSbxaKaheRe34SahiRb30Pchr0n6jAmljGr5XDqQLvpAe HTTP/1.1" 200 72
181.54.84.12 - - [13/Jan/2015:01:12:32 -0500] "POST /forms/lservlet;jsessionid=ac16012b30d53c19fd64a26d4f5ea8b7f62efc7af06d.e3iSbxaKaheRe34SahiRb30Pchr0n6jAmljGr5XDqQLvpAe HTTP/1.1" 200 2
181.54.84.12 - - [13/Jan/2015:01:12:32 -0500] "POST /forms/lservlet;jsessionid=ac16012b30d53c19fd64a26d4f5ea8b7f62efc7af06d.e3iSbxaKaheRe34SahiRb30Pchr0n6jAmljGr5XDqQLvpAe HTTP/1.1" 200 2327
181.54.84.12 - - [13/Jan/2015:01:12:32 -0500] "POST /forms/lservlet;jsessionid=ac16012b30d53c19fd64a26d4f5ea8b7f62efc7af06d.e3iSbxaKaheRe34SahiRb30Pchr0n6jAmljGr5XDqQLvpAe HTTP/1.1" 200 10
181.54.84.12 - - [13/Jan/2015:01:12:34 -0500] "POST /forms/lservlet;jsessionid=ac16012b30d53c19fd64a26d4f5ea8b7f62efc7af06d.e3iSbxaKaheRe34SahiRb30Pchr0n6jAmljGr5XDqQLvpAe HTTP/1.1" 200 24
181.54.84.12 - - [13/Jan/2015:01:12:34 -0500] "POST /forms/lservlet;jsessionid=ac16012b30d53c19fd64a26d4f5ea8b7f62efc7af06d.e3iSbxaKaheRe34SahiRb30Pchr0n6jAmljGr5XDqQLvpAe HTTP/1.1" 200 3691
181.54.84.12 - - [13/Jan/2015:01:12:35 -0500] "POST /forms/lservlet;jsessionid=ac16012b30d53c19fd64a26d4f5ea8b7f62efc7af06d.e3iSbxaKaheRe34SahiRb30Pchr0n6jAmljGr5XDqQLvpAe HTTP/1.1" 200 2
200.118.153.247 - - [13/Jan/2015:01:12:43 -0500] "POST /forms/lservlet;jsessionid=ac16012b30d5efb348e920bf4f1cbb9e99537955de8a.e3iSbxaKaheRe34SahiRb30Pchr0n6jAmljGr5XDqQLvpAe HTTP/1.1" 200 2
157.55.39.23 - - [13/Jan/2015:01:13:04 -0500] "GET /BLA/resoluciones/AUTOS%202007/3144.pdf HTTP/1.1" 200 80171
157.55.39.23 - - [13/Jan/2015:01:13:04 -0500] "GET /bla/resoluciones/autos%202010/4818.pdf HTTP/1.1" 200 374308
157.55.39.23 - - [13/Jan/2015:01:13:05 -0500] "GET /BLA/resoluciones/AUTOS%202010/4394.pdf HTTP/1.1" 200 139945
157.55.39.23 - - [13/Jan/2015:01:13:05 -0500] "GET /BLA/resoluciones/AUTOS%202012/2726.pdf HTTP/1.1" 200 392986
181.54.84.12 - - [13/Jan/2015:01:13:05 -0500] "POST /forms/lservlet;jsessionid=ac16012b30d53c19fd64a26d4f5ea8b7f62efc7af06d.e3iSbxaKaheRe34SahiRb30Pchr0n6jAmljGr5XDqQLvpAe HTTP/1.1" 200 2
157.55.39.23 - - [13/Jan/2015:01:13:06 -0500] "GET /BLA/resoluciones/AUTOS%202010/5132.pdf HTTP/1.1" 200 282453
181.54.84.12 - - [13/Jan/2015:01:13:09 -0500] "POST /forms/lservlet;jsessionid=ac16012b30d53c19fd64a26d4f5ea8b7f62efc7af06d.e3iSbxaKaheRe34SahiRb30Pchr0n6jAmljGr5XDqQLvpAe HTTP/1.1" 200 2
181.54.84.12 - - [13/Jan/2015:01:13:09 -0500] "POST /forms/lservlet;jsessionid=ac16012b30d53c19fd64a26d4f5ea8b7f62efc7af06d.e3iSbxaKaheRe34SahiRb30Pchr0n6jAmljGr5XDqQLvpAe HTTP/1.1" 200 2304
181.54.84.12 - - [13/Jan/2015:01:13:09 -0500] "POST /forms/lservlet;jsessionid=ac16012b30d53c19fd64a26d4f5ea8b7f62efc7af06d.e3iSbxaKaheRe34SahiRb30Pchr0n6jAmljGr5XDqQLvpAe HTTP/1.1" 200 10
66.249.67.75 - - [13/Jan/2015:01:13:11 -0500] "GET /BLA/resoluciones/index.php?dir=RESOLUCIONES%202007/RES%202007%203501%20AL%203600/&sort=date&order=asc HTTP/1.1" 200 26836
181.54.84.12 - - [13/Jan/2015:01:13:11 -0500] "POST /forms/lservlet;jsessionid=ac16012b30d53c19fd64a26d4f5ea8b7f62efc7af06d.e3iSbxaKaheRe34SahiRb30Pchr0n6jAmljGr5XDqQLvpAe HTTP/1.1" 200 24
181.54.84.12 - - [13/Jan/2015:01:13:11 -0500] "POST /forms/lservlet;jsessionid=ac16012b30d53c19fd64a26d4f5ea8b7f62efc7af06d.e3iSbxaKaheRe34SahiRb30Pchr0n6jAmljGr5XDqQLvpAe HTTP/1.1" 200 3892
181.54.84.12 - - [13/Jan/2015:01:13:12 -0500] "POST /forms/lservlet;jsessionid=ac16012b30d53c19fd64a26d4f5ea8b7f62efc7af06d.e3iSbxaKaheRe34SahiRb30Pchr0n6jAmljGr5XDqQLvpAe HTTP/1.1" 200 2
180.76.6.146 - - [13/Jan/2015:01:13:15 -0500] "GET /BLA/resoluciones/RESOLUCIONES%202010/0092.pdf HTTP/1.1" 200 505145
66.249.67.83 - - [13/Jan/2015:01:13:33 -0500] "GET /BLA/resoluciones/AUTOS%202013/2406.pdf HTTP/1.1" 200 878391
74.86.158.107 - - [13/Jan/2015:01:13:50 -0500] "HEAD / HTTP/1.1" 302 -
180.76.5.195 - - [13/Jan/2015:01:13:54 -0500] "GET /BLA/resoluciones/AUTOS%202007/2712.pdf HTTP/1.1" 200 207512
188.165.15.99 - - [13/Jan/2015:01:13:55 -0500] "GET /BLA/resoluciones/RESOLUCIONES%202003/RES%202003%201801-1850/20031836.tif HTTP/1.1" 200 83250
181.54.84.12 - - [13/Jan/2015:01:14:00 -0500] "POST /forms/lservlet;jsessionid=ac16012b30d53c19fd64a26d4f5ea8b7f62efc7af06d.e3iSbxaKaheRe34SahiRb30Pchr0n6jAmljGr5XDqQLvpAe HTTP/1.1" 200 2
181.54.84.12 - - [13/Jan/2015:01:14:00 -0500] "POST /forms/lservlet;jsessionid=ac16012b30d53c19fd64a26d4f5ea8b7f62efc7af06d.e3iSbxaKaheRe34SahiRb30Pchr0n6jAmljGr5XDqQLvpAe HTTP/1.1" 200 2363
181.54.84.12 - - [13/Jan/2015:01:14:00 -0500] "POST /forms/lservlet;jsessionid=ac16012b30d53c19fd64a26d4f5ea8b7f62efc7af06d.e3iSbxaKaheRe34SahiRb30Pchr0n6jAmljGr5XDqQLvpAe HTTP/1.1" 200 10
207.46.13.12 - - [13/Jan/2015:01:14:01 -0500] "GET /BLA/resoluciones/AUTOS%202012/2874.pdf HTTP/1.1" 200 468660
181.54.84.12 - - [13/Jan/2015:01:14:02 -0500] "POST /forms/lservlet;jsessionid=ac16012b30d53c19fd64a26d4f5ea8b7f62efc7af06d.e3iSbxaKaheRe34SahiRb30Pchr0n6jAmljGr5XDqQLvpAe HTTP/1.1" 200 24
181.54.84.12 - - [13/Jan/2015:01:14:02 -0500] "POST /forms/lservlet;jsessionid=ac16012b30d53c19fd64a26d4f5ea8b7f62efc7af06d.e3iSbxaKaheRe34SahiRb30Pchr0n6jAmljGr5XDqQLvpAe HTTP/1.1" 200 4024
181.54.84.12 - - [13/Jan/2015:01:14:03 -0500] "POST /forms/lservlet;jsessionid=ac16012b30d53c19fd64a26d4f5ea8b7f62efc7af06d.e3iSbxaKaheRe34SahiRb30Pchr0n6jAmljGr5XDqQLvpAe HTTP/1.1" 200 2
181.54.84.12 - - [13/Jan/2015:01:14:05 -0500] "POST /forms/lservlet;jsessionid=ac16012b30d53c19fd64a26d4f5ea8b7f62efc7af06d.e3iSbxaKaheRe34SahiRb30Pchr0n6jAmljGr5XDqQLvpAe HTTP/1.1" 200 473
181.54.84.12 - - [13/Jan/2015:01:14:05 -0500] "POST /forms/lservlet;jsessionid=ac16012b30d53c19fd64a26d4f5ea8b7f62efc7af06d.e3iSbxaKaheRe34SahiRb30Pchr0n6jAmljGr5XDqQLvpAe HTTP/1.1" 200 7
207.46.13.113 - - [13/Jan/2015:01:14:05 -0500] "GET /bla/resoluciones/autos%202010/5575.pdf HTTP/1.1" 200 922749
181.54.84.12 - - [13/Jan/2015:01:14:08 -0500] "POST /forms/lservlet;jsessionid=ac16012b30d53c19fd64a26d4f5ea8b7f62efc7af06d.e3iSbxaKaheRe34SahiRb30Pchr0n6jAmljGr5XDqQLvpAe HTTP/1.1" 200 278
181.54.84.12 - - [13/Jan/2015:01:14:08 -0500] "POST /forms/lservlet;jsessionid=ac16012b30d53c19fd64a26d4f5ea8b7f62efc7af06d.e3iSbxaKaheRe34SahiRb30Pchr0n6jAmljGr5XDqQLvpAe HTTP/1.1" 200 11
85.214.127.182 - - [13/Jan/2015:01:14:09 -0500] "GET /test/wp-admin/ HTTP/1.1" 404 1018
123.125.71.53 - - [13/Jan/2015:01:14:12 -0500] "GET / HTTP/1.1" 302 -
200.118.153.247 - - [13/Jan/2015:01:14:33 -0500] "POST /forms/lservlet;jsessionid=ac16012b30d5efb348e920bf4f1cbb9e99537955de8a.e3iSbxaKaheRe34SahiRb30Pchr0n6jAmljGr5XDqQLvpAe HTTP/1.1" 200 2380
207.46.13.133 - - [13/Jan/2015:01:14:34 -0500] "GET /BLA/boletinlegal/js/jquery.js HTTP/1.1" 200 57254
200.118.153.247 - - [13/Jan/2015:01:14:38 -0500] "POST /forms/lservlet;jsessionid=ac16012b30d5efb348e920bf4f1cbb9e99537955de8a.e3iSbxaKaheRe34SahiRb30Pchr0n6jAmljGr5XDqQLvpAe HTTP/1.1" 200 26
200.118.153.247 - - [13/Jan/2015:01:14:38 -0500] "POST /forms/lservlet;jsessionid=ac16012b30d5efb348e920bf4f1cbb9e99537955de8a.e3iSbxaKaheRe34SahiRb30Pchr0n6jAmljGr5XDqQLvpAe HTTP/1.1" 200 4569
200.118.153.247 - - [13/Jan/2015:01:14:39 -0500] "POST /forms/lservlet;jsessionid=ac16012b30d5efb348e920bf4f1cbb9e99537955de8a.e3iSbxaKaheRe34SahiRb30Pchr0n6jAmljGr5XDqQLvpAe HTTP/1.1" 200 2
200.118.153.247 - - [13/Jan/2015:01:14:42 -0500] "POST /forms/lservlet;jsessionid=ac16012b30d5efb348e920bf4f1cbb9e99537955de8a.e3iSbxaKaheRe34SahiRb30Pchr0n6jAmljGr5XDqQLvpAe HTTP/1.1" 200 2
200.118.153.247 - - [13/Jan/2015:01:14:42 -0500] "POST /forms/lservlet;jsessionid=ac16012b30d5efb348e920bf4f1cbb9e99537955de8a.e3iSbxaKaheRe34SahiRb30Pchr0n6jAmljGr5XDqQLvpAe HTTP/1.1" 200 14
200.118.153.247 - - [13/Jan/2015:01:14:43 -0500] "POST /forms/lservlet;jsessionid=ac16012b30d5efb348e920bf4f1cbb9e99537955de8a.e3iSbxaKaheRe34SahiRb30Pchr0n6jAmljGr5XDqQLvpAe HTTP/1.1" 200 114
200.118.153.247 - - [13/Jan/2015:01:14:43 -0500] "POST /forms/lservlet;jsessionid=ac16012b30d5efb348e920bf4f1cbb9e99537955de8a.e3iSbxaKaheRe34SahiRb30Pchr0n6jAmljGr5XDqQLvpAe HTTP/1.1" 200 2
188.165.15.239 - - [13/Jan/2015:01:14:43 -0500] "GET /BLA/resoluciones/RESOLUCIONES%202006/RES%202006%202551-2600/00002591.tif HTTP/1.1" 200 94318
200.118.153.247 - - [13/Jan/2015:01:14:43 -0500] "GET /reports/rwservlet/getjobid340473?server=rep_srvapsda HTTP/1.1" 200 47736
186.145.128.140 - - [13/Jan/2015:01:14:46 -0500] "GET /forest/session.jsp?a=0.8924216837622225 HTTP/1.1" 200 4
181.54.84.12 - - [13/Jan/2015:01:15:05 -0500] "POST /forms/lservlet;jsessionid=ac16012b30d53c19fd64a26d4f5ea8b7f62efc7af06d.e3iSbxaKaheRe34SahiRb30Pchr0n6jAmljGr5XDqQLvpAe HTTP/1.1" 200 2
207.46.13.133 - - [13/Jan/2015:01:15:19 -0500] "GET /BLA/boletinlegal/js/jquery.js HTTP/1.1" 200 57254
220.181.108.96 - - [13/Jan/2015:01:15:39 -0500] "GET / HTTP/1.1" 302 -
181.54.84.12 - - [13/Jan/2015:01:15:53 -0500] "POST /forms/lservlet;jsessionid=ac16012b30d53c19fd64a26d4f5ea8b7f62efc7af06d.e3iSbxaKaheRe34SahiRb30Pchr0n6jAmljGr5XDqQLvpAe HTTP/1.1" 200 133
181.54.84.12 - - [13/Jan/2015:01:15:54 -0500] "POST /forms/lservlet;jsessionid=ac16012b30d53c19fd64a26d4f5ea8b7f62efc7af06d.e3iSbxaKaheRe34SahiRb30Pchr0n6jAmljGr5XDqQLvpAe HTTP/1.1" 200 2
181.54.84.12 - - [13/Jan/2015:01:15:54 -0500] "POST /forms/lservlet;jsessionid=ac16012b30d53c19fd64a26d4f5ea8b7f62efc7af06d.e3iSbxaKaheRe34SahiRb30Pchr0n6jAmljGr5XDqQLvpAe HTTP/1.1" 200 2339
181.54.84.12 - - [13/Jan/2015:01:15:54 -0500] "POST /forms/lservlet;jsessionid=ac16012b30d53c19fd64a26d4f5ea8b7f62efc7af06d.e3iSbxaKaheRe34SahiRb30Pchr0n6jAmljGr5XDqQLvpAe HTTP/1.1" 200 10
181.54.84.12 - - [13/Jan/2015:01:15:56 -0500] "POST /forms/lservlet;jsessionid=ac16012b30d53c19fd64a26d4f5ea8b7f62efc7af06d.e3iSbxaKaheRe34SahiRb30Pchr0n6jAmljGr5XDqQLvpAe HTTP/1.1" 200 21
181.54.84.12 - - [13/Jan/2015:01:15:56 -0500] "POST /forms/lservlet;jsessionid=ac16012b30d53c19fd64a26d4f5ea8b7f62efc7af06d.e3iSbxaKaheRe34SahiRb30Pchr0n6jAmljGr5XDqQLvpAe HTTP/1.1" 200 3780
181.54.84.12 - - [13/Jan/2015:01:15:57 -0500] "POST /forms/lservlet;jsessionid=ac16012b30d53c19fd64a26d4f5ea8b7f62efc7af06d.e3iSbxaKaheRe34SahiRb30Pchr0n6jAmljGr5XDqQLvpAe HTTP/1.1" 200 2
66.249.67.83 - - [13/Jan/2015:01:15:57 -0500] "GET /BLA/resoluciones/RESOLUCIONES%202013/0817.pdf HTTP/1.1" 200 3023626
181.54.84.12 - - [13/Jan/2015:01:15:58 -0500] "POST /forms/lservlet;jsessionid=ac16012b30d53c19fd64a26d4f5ea8b7f62efc7af06d.e3iSbxaKaheRe34SahiRb30Pchr0n6jAmljGr5XDqQLvpAe HTTP/1.1" 200 138
200.118.153.247 - - [13/Jan/2015:01:16:43 -0500] "POST /forms/lservlet;jsessionid=ac16012b30d5efb348e920bf4f1cbb9e99537955de8a.e3iSbxaKaheRe34SahiRb30Pchr0n6jAmljGr5XDqQLvpAe HTTP/1.1" 200 2
181.54.84.12 - - [13/Jan/2015:01:16:45 -0500] "POST /forms/lservlet;jsessionid=ac16012b30d53c19fd64a26d4f5ea8b7f62efc7af06d.e3iSbxaKaheRe34SahiRb30Pchr0n6jAmljGr5XDqQLvpAe HTTP/1.1" 200 72
181.54.84.12 - - [13/Jan/2015:01:16:46 -0500] "POST /forms/lservlet;jsessionid=ac16012b30d53c19fd64a26d4f5ea8b7f62efc7af06d.e3iSbxaKaheRe34SahiRb30Pchr0n6jAmljGr5XDqQLvpAe HTTP/1.1" 200 2
181.54.84.12 - - [13/Jan/2015:01:16:46 -0500] "POST /forms/lservlet;jsessionid=ac16012b30d53c19fd64a26d4f5ea8b7f62efc7af06d.e3iSbxaKaheRe34SahiRb30Pchr0n6jAmljGr5XDqQLvpAe HTTP/1.1" 200 2308
181.54.84.12 - - [13/Jan/2015:01:16:46 -0500] "POST /forms/lservlet;jsessionid=ac16012b30d53c19fd64a26d4f5ea8b7f62efc7af06d.e3iSbxaKaheRe34SahiRb30Pchr0n6jAmljGr5XDqQLvpAe HTTP/1.1" 200 10
181.54.84.12 - - [13/Jan/2015:01:16:48 -0500] "POST /forms/lservlet;jsessionid=ac16012b30d53c19fd64a26d4f5ea8b7f62efc7af06d.e3iSbxaKaheRe34SahiRb30Pchr0n6jAmljGr5XDqQLvpAe HTTP/1.1" 200 24
181.54.84.12 - - [13/Jan/2015:01:16:48 -0500] "POST /forms/lservlet;jsessionid=ac16012b30d53c19fd64a26d4f5ea8b7f62efc7af06d.e3iSbxaKaheRe34SahiRb30Pchr0n6jAmljGr5XDqQLvpAe HTTP/1.1" 200 580
181.54.84.12 - - [13/Jan/2015:01:16:49 -0500] "POST /forms/lservlet;jsessionid=ac16012b30d53c19fd64a26d4f5ea8b7f62efc7af06d.e3iSbxaKaheRe34SahiRb30Pchr0n6jAmljGr5XDqQLvpAe HTTP/1.1" 200 11
181.54.84.12 - - [13/Jan/2015:01:17:05 -0500] "POST /forms/lservlet;jsessionid=ac16012b30d53c19fd64a26d4f5ea8b7f62efc7af06d.e3iSbxaKaheRe34SahiRb30Pchr0n6jAmljGr5XDqQLvpAe HTTP/1.1" 200 2
188.165.15.44 - - [13/Jan/2015:01:17:07 -0500] "GET /BLA/resoluciones/RESOLUCIONES%202003/RES%202003%20101-150/2003RES147.tif HTTP/1.1" 200 103568
181.54.84.12 - - [13/Jan/2015:01:17:10 -0500] "POST /forms/lservlet;jsessionid=ac16012b30d53c19fd64a26d4f5ea8b7f62efc7af06d.e3iSbxaKaheRe34SahiRb30Pchr0n6jAmljGr5XDqQLvpAe HTTP/1.1" 200 2
181.54.84.12 - - [13/Jan/2015:01:17:10 -0500] "POST /forms/lservlet;jsessionid=ac16012b30d53c19fd64a26d4f5ea8b7f62efc7af06d.e3iSbxaKaheRe34SahiRb30Pchr0n6jAmljGr5XDqQLvpAe HTTP/1.1" 200 283
181.54.84.12 - - [13/Jan/2015:01:17:10 -0500] "POST /forms/lservlet;jsessionid=ac16012b30d53c19fd64a26d4f5ea8b7f62efc7af06d.e3iSbxaKaheRe34SahiRb30Pchr0n6jAmljGr5XDqQLvpAe HTTP/1.1" 200 11
181.54.84.12 - - [13/Jan/2015:01:17:12 -0500] "POST /forms/lservlet;jsessionid=ac16012b30d53c19fd64a26d4f5ea8b7f62efc7af06d.e3iSbxaKaheRe34SahiRb30Pchr0n6jAmljGr5XDqQLvpAe HTTP/1.1" 200 2
181.54.84.12 - - [13/Jan/2015:01:17:12 -0500] "POST /forms/lservlet;jsessionid=ac16012b30d53c19fd64a26d4f5ea8b7f62efc7af06d.e3iSbxaKaheRe34SahiRb30Pchr0n6jAmljGr5XDqQLvpAe HTTP/1.1" 200 448
181.54.84.12 - - [13/Jan/2015:01:17:12 -0500] "POST /forms/lservlet;jsessionid=ac16012b30d53c19fd64a26d4f5ea8b7f62efc7af06d.e3iSbxaKaheRe34SahiRb30Pchr0n6jAmljGr5XDqQLvpAe HTTP/1.1" 200 11
181.54.84.12 - - [13/Jan/2015:01:17:15 -0500] "POST /forms/lservlet;jsessionid=ac16012b30d53c19fd64a26d4f5ea8b7f62efc7af06d.e3iSbxaKaheRe34SahiRb30Pchr0n6jAmljGr5XDqQLvpAe HTTP/1.1" 200 24
181.54.84.12 - - [13/Jan/2015:01:17:15 -0500] "POST /forms/lservlet;jsessionid=ac16012b30d53c19fd64a26d4f5ea8b7f62efc7af06d.e3iSbxaKaheRe34SahiRb30Pchr0n6jAmljGr5XDqQLvpAe HTTP/1.1" 200 4073
181.54.84.12 - - [13/Jan/2015:01:17:15 -0500] "POST /forms/lservlet;jsessionid=ac16012b30d53c19fd64a26d4f5ea8b7f62efc7af06d.e3iSbxaKaheRe34SahiRb30Pchr0n6jAmljGr5XDqQLvpAe HTTP/1.1" 200 2
200.118.153.247 - - [13/Jan/2015:01:18:20 -0500] "POST /forms/lservlet;jsessionid=ac16012b30d5efb348e920bf4f1cbb9e99537955de8a.e3iSbxaKaheRe34SahiRb30Pchr0n6jAmljGr5XDqQLvpAe HTTP/1.1" 200 2356
200.118.153.247 - - [13/Jan/2015:01:18:27 -0500] "POST /forms/lservlet;jsessionid=ac16012b30d5efb348e920bf4f1cbb9e99537955de8a.e3iSbxaKaheRe34SahiRb30Pchr0n6jAmljGr5XDqQLvpAe HTTP/1.1" 200 26
200.118.153.247 - - [13/Jan/2015:01:18:27 -0500] "POST /forms/lservlet;jsessionid=ac16012b30d5efb348e920bf4f1cbb9e99537955de8a.e3iSbxaKaheRe34SahiRb30Pchr0n6jAmljGr5XDqQLvpAe HTTP/1.1" 200 4003
200.118.153.247 - - [13/Jan/2015:01:18:28 -0500] "POST /forms/lservlet;jsessionid=ac16012b30d5efb348e920bf4f1cbb9e99537955de8a.e3iSbxaKaheRe34SahiRb30Pchr0n6jAmljGr5XDqQLvpAe HTTP/1.1" 200 2
200.118.153.247 - - [13/Jan/2015:01:18:30 -0500] "POST /forms/lservlet;jsessionid=ac16012b30d5efb348e920bf4f1cbb9e99537955de8a.e3iSbxaKaheRe34SahiRb30Pchr0n6jAmljGr5XDqQLvpAe HTTP/1.1" 200 2
200.118.153.247 - - [13/Jan/2015:01:18:31 -0500] "POST /forms/lservlet;jsessionid=ac16012b30d5efb348e920bf4f1cbb9e99537955de8a.e3iSbxaKaheRe34SahiRb30Pchr0n6jAmljGr5XDqQLvpAe HTTP/1.1" 200 114
200.118.153.247 - - [13/Jan/2015:01:18:31 -0500] "POST /forms/lservlet;jsessionid=ac16012b30d5efb348e920bf4f1cbb9e99537955de8a.e3iSbxaKaheRe34SahiRb30Pchr0n6jAmljGr5XDqQLvpAe HTTP/1.1" 200 2
200.118.153.247 - - [13/Jan/2015:01:18:31 -0500] "GET /reports/rwservlet/getjobid340474?server=rep_srvapsda HTTP/1.1" 200 47731
200.118.153.247 - - [13/Jan/2015:01:18:43 -0500] "POST /forms/lservlet;jsessionid=ac16012b30d5efb348e920bf4f1cbb9e99537955de8a.e3iSbxaKaheRe34SahiRb30Pchr0n6jAmljGr5XDqQLvpAe HTTP/1.1" 200 2
66.249.67.67 - - [13/Jan/2015:01:18:44 -0500] "GET /BLA/resoluciones/RESOLUCIONES%202007/RES%202007%201501%20AL%201600/RESOLUCION%201535%20DE%202007.pdf HTTP/1.1" 200 237512
66.249.67.83 - - [13/Jan/2015:01:18:45 -0500] "GET /BLA/resoluciones/RESOLUCIONES%202012/0669.pdf HTTP/1.1" 200 241869
66.249.67.83 - - [13/Jan/2015:01:18:49 -0500] "GET /BLA/boletinlegal/js/jquery.js HTTP/1.1" 200 57254
74.86.158.107 - - [13/Jan/2015:01:18:50 -0500] "HEAD / HTTP/1.1" 302 -
66.249.67.67 - - [13/Jan/2015:01:18:50 -0500] "GET /BLA/boletinlegal/js/jquery.scrollShow.js HTTP/1.1" 200 4586
66.249.67.75 - - [13/Jan/2015:01:18:50 -0500] "GET /BLA/boletinlegal/js/jquery.scrollTo-min.js HTTP/1.1" 200 1150
66.249.67.75 - - [13/Jan/2015:01:18:58 -0500] "GET /BLA/resoluciones/RESOLUCIONES%202006/RES%202006%202351-2400/00002383.tif HTTP/1.1" 200 160042
180.76.5.192 - - [13/Jan/2015:01:19:03 -0500] "GET /BLA/boletinlegal;jsessionid=A0641BBE5C20E4788DA84CAFD96C1F17?/? HTTP/1.1" 404 1018
66.249.67.83 - - [13/Jan/2015:01:19:05 -0500] "GET /BLA/resoluciones/RESOLUCIONES%202009/7239.pdf HTTP/1.1" 200 473195
181.54.84.12 - - [13/Jan/2015:01:19:05 -0500] "POST /forms/lservlet;jsessionid=ac16012b30d53c19fd64a26d4f5ea8b7f62efc7af06d.e3iSbxaKaheRe34SahiRb30Pchr0n6jAmljGr5XDqQLvpAe HTTP/1.1" 200 2
207.46.13.133 - - [13/Jan/2015:01:19:11 -0500] "GET /BLA/resoluciones/RESOLUCIONES%202007/RES%202007%201001%20AL%201100/RESOLUCION%201059%20DE%202007.pdf HTTP/1.1" 200 314074
188.165.15.66 - - [13/Jan/2015:01:19:22 -0500] "GET /BLA/resoluciones/RESOLUCIONES%202004/RES%202004%20951-1000/00000973.tif HTTP/1.1" 200 193254
66.249.67.83 - - [13/Jan/2015:01:19:25 -0500] "GET /BLA/resoluciones/RESOLUCIONES%202007/RES%202007%201101%20AL%201200/RESOLUCION%201154%20DE%202007.pdf HTTP/1.1" 200 499676
188.165.15.15 - - [13/Jan/2015:01:19:48 -0500] "GET /BLA/resoluciones/RESOLUCIONES%202004/RES%202004%201301-1350/00001338.tif HTTP/1.1" 200 100952
66.249.67.75 - - [13/Jan/2015:01:20:05 -0500] "GET /BLA/resoluciones/RESOLUCIONES%202011/0336.pdf HTTP/1.1" 200 80407
66.249.67.83 - - [13/Jan/2015:01:20:24 -0500] "GET /BLA/resoluciones/AUTOS%202008/2672.pdf HTTP/1.1" 304 -
200.118.153.247 - - [13/Jan/2015:01:20:43 -0500] "POST /forms/lservlet;jsessionid=ac16012b30d5efb348e920bf4f1cbb9e99537955de8a.e3iSbxaKaheRe34SahiRb30Pchr0n6jAmljGr5XDqQLvpAe HTTP/1.1" 200 2
66.249.67.67 - - [13/Jan/2015:01:20:44 -0500] "GET /BLA/resoluciones/RESOLUCIONES%202010/1982.pdf HTTP/1.1" 200 335747
207.46.13.133 - - [13/Jan/2015:01:21:00 -0500] "GET /BLA/resoluciones/AUTOS%202009/2722.pdf HTTP/1.1" 200 88552
181.54.84.12 - - [13/Jan/2015:01:21:06 -0500] "POST /forms/lservlet;jsessionid=ac16012b30d53c19fd64a26d4f5ea8b7f62efc7af06d.e3iSbxaKaheRe34SahiRb30Pchr0n6jAmljGr5XDqQLvpAe HTTP/1.1" 200 2
66.249.67.75 - - [13/Jan/2015:01:21:19 -0500] "GET /BLA/resoluciones/AUTOS%202013/1128.pdf HTTP/1.1" 200 1235510
66.249.67.75 - - [13/Jan/2015:01:21:24 -0500] "GET /BLA/resoluciones/AUTOS%202008/2480.pdf HTTP/1.1" 200 467343
66.249.67.67 - - [13/Jan/2015:01:22:04 -0500] "GET /BLA/resoluciones/RESOLUCIONES%202010/4784.pdf HTTP/1.1" 200 298517
207.46.13.113 - - [13/Jan/2015:01:22:15 -0500] "GET /BLA/resoluciones/AUTOS%202009/1208.pdf HTTP/1.1" 200 123093
188.165.15.66 - - [13/Jan/2015:01:22:38 -0500] "GET /BLA/resoluciones/RESOLUCIONES%202002/RES%202002%20551-600/00000581.tif HTTP/1.1" 200 161794
200.118.153.247 - - [13/Jan/2015:01:22:43 -0500] "POST /forms/lservlet;jsessionid=ac16012b30d5efb348e920bf4f1cbb9e99537955de8a.e3iSbxaKaheRe34SahiRb30Pchr0n6jAmljGr5XDqQLvpAe HTTP/1.1" 200 2
66.249.67.75 - - [13/Jan/2015:01:22:43 -0500] "GET /bsc_sda/ HTTP/1.1" 200 4347
180.76.5.17 - - [13/Jan/2015:01:23:00 -0500] "GET /BLA/resoluciones/AUTOS%202009/2134.pdf HTTP/1.1" 200 86412
181.54.84.12 - - [13/Jan/2015:01:23:06 -0500] "POST /forms/lservlet;jsessionid=ac16012b30d53c19fd64a26d4f5ea8b7f62efc7af06d.e3iSbxaKaheRe34SahiRb30Pchr0n6jAmljGr5XDqQLvpAe HTTP/1.1" 200 2
200.118.153.247 - - [13/Jan/2015:01:23:18 -0500] "POST /forms/lservlet;jsessionid=ac16012b30d5efb348e920bf4f1cbb9e99537955de8a.e3iSbxaKaheRe34SahiRb30Pchr0n6jAmljGr5XDqQLvpAe HTTP/1.1" 200 2376
85.214.127.182 - - [13/Jan/2015:01:23:19 -0500] "GET /wordpress/wp-admin/ HTTP/1.1" 404 1018
66.249.67.83 - - [13/Jan/2015:01:23:23 -0500] "GET /BLA/resoluciones/AUTOS%202009/2043.pdf HTTP/1.1" 304 -
200.118.153.247 - - [13/Jan/2015:01:23:23 -0500] "POST /forms/lservlet;jsessionid=ac16012b30d5efb348e920bf4f1cbb9e99537955de8a.e3iSbxaKaheRe34SahiRb30Pchr0n6jAmljGr5XDqQLvpAe HTTP/1.1" 200 26
200.118.153.247 - - [13/Jan/2015:01:23:23 -0500] "POST /forms/lservlet;jsessionid=ac16012b30d5efb348e920bf4f1cbb9e99537955de8a.e3iSbxaKaheRe34SahiRb30Pchr0n6jAmljGr5XDqQLvpAe HTTP/1.1" 200 3743
200.118.153.247 - - [13/Jan/2015:01:23:24 -0500] "POST /forms/lservlet;jsessionid=ac16012b30d5efb348e920bf4f1cbb9e99537955de8a.e3iSbxaKaheRe34SahiRb30Pchr0n6jAmljGr5XDqQLvpAe HTTP/1.1" 200 2
200.118.153.247 - - [13/Jan/2015:01:23:27 -0500] "POST /forms/lservlet;jsessionid=ac16012b30d5efb348e920bf4f1cbb9e99537955de8a.e3iSbxaKaheRe34SahiRb30Pchr0n6jAmljGr5XDqQLvpAe HTTP/1.1" 200 2
200.118.153.247 - - [13/Jan/2015:01:23:27 -0500] "POST /forms/lservlet;jsessionid=ac16012b30d5efb348e920bf4f1cbb9e99537955de8a.e3iSbxaKaheRe34SahiRb30Pchr0n6jAmljGr5XDqQLvpAe HTTP/1.1" 200 114
200.118.153.247 - - [13/Jan/2015:01:23:27 -0500] "POST /forms/lservlet;jsessionid=ac16012b30d5efb348e920bf4f1cbb9e99537955de8a.e3iSbxaKaheRe34SahiRb30Pchr0n6jAmljGr5XDqQLvpAe HTTP/1.1" 200 2
200.118.153.247 - - [13/Jan/2015:01:23:27 -0500] "GET /reports/rwservlet/getjobid340475?server=rep_srvapsda HTTP/1.1" 200 47726
74.86.158.107 - - [13/Jan/2015:01:23:50 -0500] "HEAD / HTTP/1.1" 302 -
66.249.67.67 - - [13/Jan/2015:01:24:03 -0500] "GET /BLA/resoluciones/RESOLUCIONES%202008/2346.pdf HTTP/1.1" 200 277591
207.46.13.113 - - [13/Jan/2015:01:24:06 -0500] "GET /BLA/resoluciones/AUTOS%202010/5382.pdf HTTP/1.1" 200 2710764
66.249.67.75 - - [13/Jan/2015:01:24:09 -0500] "GET /bsc_sda/App_Themes/StyleSheet.css HTTP/1.1" 200 19363
66.249.67.67 - - [13/Jan/2015:01:24:42 -0500] "GET /BLA/resoluciones/RESOLUCIONES%202008/2165.pdf HTTP/1.1" 200 363418
200.118.153.247 - - [13/Jan/2015:01:24:43 -0500] "POST /forms/lservlet;jsessionid=ac16012b30d5efb348e920bf4f1cbb9e99537955de8a.e3iSbxaKaheRe34SahiRb30Pchr0n6jAmljGr5XDqQLvpAe HTTP/1.1" 200 2
