201.244.55.205 - - [13/Jan/2015:08:07:55 -0500] "GET /isolucionsda/Login.aspx?TARGET=SFContainerFiltrado.aspx&number=52676769684854544555 HTTP/1.1" 302 886
201.244.55.205 - - [13/Jan/2015:08:07:56 -0500] "GET /isolucionsda/SFContainerFiltrado.aspx?Number=52676769684854544555 HTTP/1.1" 200 14314
201.244.55.205 - - [13/Jan/2015:08:07:57 -0500] "GET /isolucionsda/DetalleTareas.aspx?Number=52676769684854544555 HTTP/1.1" 200 5355
201.244.55.205 - - [13/Jan/2015:08:07:57 -0500] "GET /isolucionsda/auxlib.js HTTP/1.1" 404 5185
201.244.55.205 - - [13/Jan/2015:08:07:57 -0500] "GET /isolucionsda/infowndpublic.js HTTP/1.1" 404 5199
201.244.55.205 - - [13/Jan/2015:08:07:57 -0500] "GET /isolucionsda/infowndcore.js HTTP/1.1" 404 5195
201.184.95.190 - - [13/Jan/2015:08:08:08 -0500] "POST /forest/buscar.do? HTTP/1.1" 200 12744
201.184.95.190 - - [13/Jan/2015:08:08:09 -0500] "GET /forest/skins/gdocs-jar/popup/popup.jsp?width=900&height=600&title=Informaci%F3n%20de%20proceso&uri=/forest/system/process.jsp%3FnumPro%3D2412767&name=undefined&_a=0.33211582992225885&a=0.6175596113316715 HTTP/1.1" 200 1312
201.184.95.190 - - [13/Jan/2015:08:08:09 -0500] "GET /forest/system/process.jsp?numPro=2412767 HTTP/1.1" 200 18149
201.184.95.190 - - [13/Jan/2015:08:08:09 -0500] "GET /forest/system/process.jsp?numPro=2412767 HTTP/1.1" 200 64537
201.184.95.190 - - [13/Jan/2015:08:08:12 -0500] "GET /forest/session.jsp?a=0.6515622495207936 HTTP/1.1" 200 4
66.249.64.167 - - [13/Jan/2015:08:08:22 -0500] "GET /BLA/resoluciones/AUTOS%202008/3425.pdf HTTP/1.1" 200 154255
190.24.146.202 - - [13/Jan/2015:08:08:29 -0500] "GET /BLA/resoluciones/RESOLUCIONES%202011/0382.pdf HTTP/1.1" 200 286006
188.165.15.66 - - [13/Jan/2015:08:08:40 -0500] "GET /BLA/resoluciones/RESOLUCIONES%202004/RES%202004%201851-1900/00001880.tif HTTP/1.1" 200 158282
201.184.95.190 - - [13/Jan/2015:08:08:43 -0500] "GET /forest/buscar.do HTTP/1.1" 200 84416
201.184.95.190 - - [13/Jan/2015:08:08:45 -0500] "GET /forest/json.do?query=usersByDep&coddep=2013 HTTP/1.1" 200 5817
201.184.95.190 - - [13/Jan/2015:08:08:45 -0500] "GET /forest/json.do?query=versionListadas HTTP/1.1" 200 15
201.184.95.190 - - [13/Jan/2015:08:08:45 -0500] "GET /forest/json.do?query=usersByDep&coddep=2013 HTTP/1.1" 200 5817
201.184.95.190 - - [13/Jan/2015:08:08:45 -0500] "GET /forest/json.do?query=procesIniciales HTTP/1.1" 200 10001
201.220.30.34 - - [13/Jan/2015:08:08:48 -0500] "GET /BLA/boletinlegal/js/jquery.scrollTo-min.js HTTP/1.1" 304 -
201.220.30.34 - - [13/Jan/2015:08:08:48 -0500] "GET /BLA/boletinlegal/js/jquery.scrollShow.js HTTP/1.1" 304 -
201.220.30.34 - - [13/Jan/2015:08:08:48 -0500] "GET /BLA/boletinlegal/js/jquery.js HTTP/1.1" 304 -
201.220.30.34 - - [13/Jan/2015:08:08:48 -0500] "GET /galeria/carrusel/Carrusel/jquery.thumbnailScroller.css HTTP/1.1" 304 -
201.220.30.34 - - [13/Jan/2015:08:08:48 -0500] "GET /galeria/carrusel/Carrusel/jquery-ui-1.8.13.custom.min.js HTTP/1.1" 304 -
201.220.30.34 - - [13/Jan/2015:08:08:48 -0500] "GET /galeria/carrusel/Carrusel/jquery.thumbnailScroller.js HTTP/1.1" 200 8157
201.220.30.34 - - [13/Jan/2015:08:08:49 -0500] "GET /galeria/nivo-slider/demo/demo.html HTTP/1.1" 304 -
201.220.30.34 - - [13/Jan/2015:08:08:49 -0500] "GET /galeria/nivo-slider/themes/pascal/pascal.css HTTP/1.1" 304 -
201.220.30.34 - - [13/Jan/2015:08:08:49 -0500] "GET /galeria/nivo-slider/themes/default/default.css HTTP/1.1" 304 -
201.220.30.34 - - [13/Jan/2015:08:08:49 -0500] "GET /galeria/nivo-slider/themes/orman/orman.css HTTP/1.1" 304 -
201.220.30.34 - - [13/Jan/2015:08:08:49 -0500] "GET /galeria/nivo-slider/demo/style.css HTTP/1.1" 304 -
201.220.30.34 - - [13/Jan/2015:08:08:49 -0500] "GET /galeria/nivo-slider/nivo-slider.css HTTP/1.1" 304 -
201.220.30.34 - - [13/Jan/2015:08:08:49 -0500] "GET /galeria/nivo-slider/demo/images/bolsas-06.jpg HTTP/1.1" 304 -
201.220.30.34 - - [13/Jan/2015:08:08:49 -0500] "GET /galeria/nivo-slider/demo/images/Ruta-vertimientos-01.jpg HTTP/1.1" 304 -
201.220.30.34 - - [13/Jan/2015:08:08:49 -0500] "GET /galeria/nivo-slider/demo/images/bolsas-08.jpg HTTP/1.1" 304 -
201.220.30.34 - - [13/Jan/2015:08:08:49 -0500] "GET /galeria/nivo-slider/demo/images/porloshumedales.jpg HTTP/1.1" 304 -
201.220.30.34 - - [13/Jan/2015:08:08:49 -0500] "GET /galeria/nivo-slider/demo/images/9Signos.jpg HTTP/1.1" 304 -
201.220.30.34 - - [13/Jan/2015:08:08:49 -0500] "GET /galeria/nivo-slider/demo/images/banner-redes.jpg HTTP/1.1" 304 -
201.220.30.34 - - [13/Jan/2015:08:08:49 -0500] "GET /galeria/nivo-slider/demo/images/Tingua-azul.jpg HTTP/1.1" 304 -
201.220.30.34 - - [13/Jan/2015:08:08:49 -0500] "GET /galeria/nivo-slider/demo/images/banner-caballos.png HTTP/1.1" 304 -
201.220.30.34 - - [13/Jan/2015:08:08:49 -0500] "GET /galeria/nivo-slider/demo/images/banner-llantas2.jpg HTTP/1.1" 304 -
201.220.30.34 - - [13/Jan/2015:08:08:49 -0500] "GET /galeria/nivo-slider/demo/images/Banner-Caracol-Africano.jpg HTTP/1.1" 304 -
74.86.158.107 - - [13/Jan/2015:08:08:49 -0500] "HEAD / HTTP/1.1" 302 -
201.220.30.34 - - [13/Jan/2015:08:08:49 -0500] "GET /galeria/nivo-slider/demo/scripts/jquery-1.7.1.min.js HTTP/1.1" 304 -
201.220.30.34 - - [13/Jan/2015:08:08:50 -0500] "GET /galeria/nivo-slider/jquery.nivo.slider.pack.js HTTP/1.1" 304 -
201.220.30.34 - - [13/Jan/2015:08:08:51 -0500] "GET /galeria/nivo-slider/demo/images/4Simple_Slider.png HTTP/1.1" 304 -
201.220.30.34 - - [13/Jan/2015:08:08:51 -0500] "GET /galeria/nivo-slider/themes/default/loading.gif HTTP/1.1" 304 -
201.220.30.34 - - [13/Jan/2015:08:08:52 -0500] "GET /galeria/nivo-slider/demo/images/ecolecta-Dic2014.png HTTP/1.1" 304 -
201.220.30.34 - - [13/Jan/2015:08:08:52 -0500] "GET /videos/Spot_CambioClimatico.flv HTTP/1.1" 304 -
201.220.30.34 - - [13/Jan/2015:08:08:52 -0500] "GET /galeria/nivo-slider/themes/default/arrows.png HTTP/1.1" 304 -
201.220.30.34 - - [13/Jan/2015:08:08:52 -0500] "GET /galeria/nivo-slider/themes/default/bullets.png HTTP/1.1" 304 -
186.82.78.180 - - [13/Jan/2015:08:08:54 -0500] "POST /forms/lservlet;jsessionid=ac16012b30d50961e6e5d2074dc5925e85ab5e131b90.e3iSbxaKaheRe34SahiRb30Pchr0n6jAmljGr5XDqQLvpAe HTTP/1.1" 200 2
201.184.95.190 - - [13/Jan/2015:08:08:55 -0500] "POST /forest/buscar.do? HTTP/1.1" 200 11333
190.25.157.14 - - [13/Jan/2015:08:09:00 -0500] "GET /forms/frmservlet?config=sia HTTP/1.1" 200 4088
201.184.95.190 - - [13/Jan/2015:08:09:00 -0500] "GET /forest/skins/gdocs-jar/popup/popup.jsp?width=900&height=600&title=Informaci%F3n%20de%20proceso&uri=/forest/system/process.jsp%3FnumPro%3D130472&name=undefined&_a=0.9506920929998159&a=0.022971004247665405 HTTP/1.1" 200 1311
201.184.95.190 - - [13/Jan/2015:08:09:00 -0500] "GET /forest/system/process.jsp?numPro=130472 HTTP/1.1" 200 12525
201.184.95.190 - - [13/Jan/2015:08:09:00 -0500] "GET /forest/system/process.jsp?numPro=130472 HTTP/1.1" 200 12525
66.249.64.163 - - [13/Jan/2015:08:09:02 -0500] "GET /BLA/resoluciones/RESOLUCIONES%202010/2759.pdf HTTP/1.1" 200 500227
190.25.157.14 - - [13/Jan/2015:08:09:03 -0500] "GET /forms/frmservlet?config=sia HTTP/1.1" 200 4088
201.184.95.190 - - [13/Jan/2015:08:09:03 -0500] "GET /forest/skins/gdocs-jar/popup/popup.jsp?width=900&height=600&title=Informaci%F3n%20de%20proceso&uri=/forest/system/process.jsp%3FnumPro%3D2011055&name=undefined&_a=0.8949772082269192&a=0.8618164781946689 HTTP/1.1" 200 1312
201.184.95.190 - - [13/Jan/2015:08:09:03 -0500] "GET /forest/system/process.jsp?numPro=2011055 HTTP/1.1" 200 12536
201.184.95.190 - - [13/Jan/2015:08:09:03 -0500] "GET /forest/system/process.jsp?numPro=2011055 HTTP/1.1" 200 12536
190.25.157.14 - - [13/Jan/2015:08:09:04 -0500] "GET /forms/java/frmall_jinit.jar HTTP/1.1" 304 -
190.25.157.14 - - [13/Jan/2015:08:09:06 -0500] "GET /forms/java/icons.jar HTTP/1.1" 304 -
190.25.157.14 - - [13/Jan/2015:08:09:06 -0500] "GET /forms/java/java/awt/KeyboardFocusManager.class HTTP/1.1" 404 352
201.184.95.190 - - [13/Jan/2015:08:09:06 -0500] "GET /forest/skins/gdocs-jar/popup/popup.jsp?width=900&height=600&title=Informaci%F3n%20de%20proceso&uri=/forest/system/process.jsp%3FnumPro%3D2011056&name=undefined&_a=0.22072502505034208&a=0.4273293004371226 HTTP/1.1" 200 1312
201.244.55.205 - - [13/Jan/2015:08:09:07 -0500] "GET /isolucionsda/g/Bot_IndicadoresOver_ESP.jpg HTTP/1.1" 200 5413
201.184.95.190 - - [13/Jan/2015:08:09:07 -0500] "GET /forest/system/process.jsp?numPro=2011056 HTTP/1.1" 200 12326
190.25.157.14 - - [13/Jan/2015:08:09:07 -0500] "GET /forms/java/java/awt/event/MouseWheelListener.class HTTP/1.1" 404 356
190.25.157.14 - - [13/Jan/2015:08:09:08 -0500] "GET /forms/java/oracle/forms/registry/Registry.dat HTTP/1.1" 200 4213
190.25.157.14 - - [13/Jan/2015:08:09:08 -0500] "GET /forms/java/oracle/forms/registry/default.dat HTTP/1.1" 404 350
190.25.157.14 - - [13/Jan/2015:08:09:08 -0500] "GET /forms/frmservlet?config=sia&acceptLanguage=es-es,es;q=0.8,en-us;q=0.5,en;q=0.3&ifcmd=startsession HTTP/1.1" 200 119
190.25.157.14 - - [13/Jan/2015:08:09:08 -0500] "GET /forms/lservlet;jsessionid=ac16012b30d5c0f52ccf650d4f0d89c7d23c9e7f29a0.e3iSbxaKaheRe34SahiRb30Pchr0n6jAmljGr5XDqQLvpAe?ifcmd=getinfo&ifhost=arb012385&ifip=192.168.11.191 HTTP/1.1" 200 8
190.25.157.14 - - [13/Jan/2015:08:09:08 -0500] "POST /forms/lservlet;jsessionid=ac16012b30d5c0f52ccf650d4f0d89c7d23c9e7f29a0.e3iSbxaKaheRe34SahiRb30Pchr0n6jAmljGr5XDqQLvpAe HTTP/1.1" 200 8
190.25.157.14 - - [13/Jan/2015:08:09:09 -0500] "GET /forms/java/oracle/forms/engine/RunformBundle_es_CO.class HTTP/1.1" 404 362
190.25.157.14 - - [13/Jan/2015:08:09:09 -0500] "GET /forms/java/oracle/forms/engine/RunformBundle_es_CO.properties HTTP/1.1" 404 367
190.24.138.98 - - [13/Jan/2015:08:09:09 -0500] "GET /galeria/carrusel/Carrusel/jquery.thumbnailScroller.css HTTP/1.1" 304 -
190.24.138.98 - - [13/Jan/2015:08:09:09 -0500] "GET /galeria/carrusel/Carrusel/jquery-ui-1.8.13.custom.min.js HTTP/1.1" 304 -
190.24.138.98 - - [13/Jan/2015:08:09:09 -0500] "GET /galeria/carrusel/Carrusel/jquery.thumbnailScroller.js HTTP/1.1" 304 -
190.24.138.98 - - [13/Jan/2015:08:09:09 -0500] "GET /galeria/nivo-slider/demo/demo.html HTTP/1.1" 304 -
190.24.138.98 - - [13/Jan/2015:08:09:09 -0500] "GET /galeria/nivo-slider/themes/default/default.css HTTP/1.1" 304 -
190.24.138.98 - - [13/Jan/2015:08:09:09 -0500] "GET /galeria/nivo-slider/themes/pascal/pascal.css HTTP/1.1" 304 -
190.24.138.98 - - [13/Jan/2015:08:09:09 -0500] "GET /galeria/nivo-slider/themes/orman/orman.css HTTP/1.1" 304 -
190.24.138.98 - - [13/Jan/2015:08:09:09 -0500] "GET /galeria/nivo-slider/demo/images/bolsas-08.jpg HTTP/1.1" 304 -
190.24.138.98 - - [13/Jan/2015:08:09:09 -0500] "GET /galeria/nivo-slider/demo/images/Ruta-vertimientos-01.jpg HTTP/1.1" 304 -
190.24.138.98 - - [13/Jan/2015:08:09:09 -0500] "GET /galeria/nivo-slider/demo/images/bolsas-06.jpg HTTP/1.1" 304 -
190.24.138.98 - - [13/Jan/2015:08:09:09 -0500] "GET /galeria/nivo-slider/demo/images/porloshumedales.jpg HTTP/1.1" 304 -
190.24.138.98 - - [13/Jan/2015:08:09:09 -0500] "GET /galeria/nivo-slider/demo/style.css HTTP/1.1" 304 -
190.24.138.98 - - [13/Jan/2015:08:09:09 -0500] "GET /galeria/nivo-slider/demo/images/ecolecta-Dic2014.png HTTP/1.1" 304 -
190.24.138.98 - - [13/Jan/2015:08:09:09 -0500] "GET /galeria/nivo-slider/demo/images/banner-redes.jpg HTTP/1.1" 304 -
190.24.138.98 - - [13/Jan/2015:08:09:10 -0500] "GET /galeria/nivo-slider/demo/images/9Signos.jpg HTTP/1.1" 304 -
190.24.138.98 - - [13/Jan/2015:08:09:10 -0500] "GET /galeria/nivo-slider/demo/images/banner-llantas2.jpg HTTP/1.1" 304 -
190.24.138.98 - - [13/Jan/2015:08:09:10 -0500] "GET /galeria/nivo-slider/nivo-slider.css HTTP/1.1" 304 -
190.24.138.98 - - [13/Jan/2015:08:09:10 -0500] "GET /galeria/nivo-slider/demo/images/banner-caballos.png HTTP/1.1" 304 -
190.24.138.98 - - [13/Jan/2015:08:09:10 -0500] "GET /galeria/nivo-slider/demo/scripts/jquery-1.7.1.min.js HTTP/1.1" 304 -
190.24.138.98 - - [13/Jan/2015:08:09:10 -0500] "GET /galeria/nivo-slider/jquery.nivo.slider.pack.js HTTP/1.1" 304 -
190.24.138.98 - - [13/Jan/2015:08:09:10 -0500] "GET /galeria/nivo-slider/demo/images/Tingua-azul.jpg HTTP/1.1" 304 -
190.24.138.98 - - [13/Jan/2015:08:09:10 -0500] "GET /galeria/nivo-slider/demo/images/Banner-Caracol-Africano.jpg HTTP/1.1" 304 -
190.24.138.98 - - [13/Jan/2015:08:09:10 -0500] "GET /galeria/nivo-slider/demo/images/4Simple_Slider.png HTTP/1.1" 304 -
190.24.138.98 - - [13/Jan/2015:08:09:10 -0500] "GET /galeria/nivo-slider/themes/default/loading.gif HTTP/1.1" 304 -
190.24.138.98 - - [13/Jan/2015:08:09:10 -0500] "GET /galeria/nivo-slider/themes/default/arrows.png HTTP/1.1" 304 -
190.24.138.98 - - [13/Jan/2015:08:09:10 -0500] "GET /galeria/nivo-slider/themes/default/bullets.png HTTP/1.1" 304 -
201.184.95.190 - - [13/Jan/2015:08:09:09 -0500] "GET /forest/skins/gdocs-jar/popup/popup.jsp?width=900&height=600&title=Informaci%F3n%20de%20proceso&uri=/forest/system/process.jsp%3FnumPro%3D2011057&name=undefined&_a=0.5235357517376542&a=0.5655304454267025 HTTP/1.1" 200 1312
201.184.95.190 - - [13/Jan/2015:08:09:10 -0500] "GET /forest/system/process.jsp?numPro=2011057 HTTP/1.1" 200 12586
201.184.95.190 - - [13/Jan/2015:08:09:10 -0500] "GET /forest/system/process.jsp?numPro=2011057 HTTP/1.1" 200 12586
190.25.157.14 - - [13/Jan/2015:08:09:09 -0500] "POST /forms/lservlet;jsessionid=ac16012b30d5c0f52ccf650d4f0d89c7d23c9e7f29a0.e3iSbxaKaheRe34SahiRb30Pchr0n6jAmljGr5XDqQLvpAe HTTP/1.1" 200 64000
190.25.157.14 - - [13/Jan/2015:08:09:11 -0500] "POST /forms/lservlet;jsessionid=ac16012b30d5c0f52ccf650d4f0d89c7d23c9e7f29a0.e3iSbxaKaheRe34SahiRb30Pchr0n6jAmljGr5XDqQLvpAe HTTP/1.1" 200 64000
190.25.157.14 - - [13/Jan/2015:08:09:12 -0500] "HEAD /imagenes/dama_logo.gif HTTP/1.1" 200 -
190.25.157.14 - - [13/Jan/2015:08:09:11 -0500] "POST /forms/lservlet;jsessionid=ac16012b30d5c0f52ccf650d4f0d89c7d23c9e7f29a0.e3iSbxaKaheRe34SahiRb30Pchr0n6jAmljGr5XDqQLvpAe HTTP/1.1" 200 63623
190.25.157.14 - - [13/Jan/2015:08:09:12 -0500] "GET /imagenes/dama_logo.gif HTTP/1.1" 200 21482
190.25.157.14 - - [13/Jan/2015:08:09:12 -0500] "POST /forms/lservlet;jsessionid=ac16012b30d5c0f52ccf650d4f0d89c7d23c9e7f29a0.e3iSbxaKaheRe34SahiRb30Pchr0n6jAmljGr5XDqQLvpAe HTTP/1.1" 200 2
190.25.157.14 - - [13/Jan/2015:08:09:12 -0500] "POST /forms/lservlet;jsessionid=ac16012b30d5c0f52ccf650d4f0d89c7d23c9e7f29a0.e3iSbxaKaheRe34SahiRb30Pchr0n6jAmljGr5XDqQLvpAe HTTP/1.1" 200 2
201.184.95.190 - - [13/Jan/2015:08:09:13 -0500] "GET /forest/skins/gdocs-jar/popup/popup.jsp?width=900&height=600&title=Informaci%F3n%20de%20proceso&uri=/forest/system/process.jsp%3FnumPro%3D2011058&name=undefined&_a=0.9155973992310464&a=0.7041288251057267 HTTP/1.1" 200 1312
186.82.78.180 - - [13/Jan/2015:08:09:12 -0500] "POST /forms/lservlet;jsessionid=ac16012b30d50961e6e5d2074dc5925e85ab5e131b90.e3iSbxaKaheRe34SahiRb30Pchr0n6jAmljGr5XDqQLvpAe HTTP/1.1" 200 2
201.184.95.190 - - [13/Jan/2015:08:09:13 -0500] "GET /forest/system/process.jsp?numPro=2011058 HTTP/1.1" 200 12635
186.82.78.180 - - [13/Jan/2015:08:09:13 -0500] "POST /forms/lservlet;jsessionid=ac16012b30d50961e6e5d2074dc5925e85ab5e131b90.e3iSbxaKaheRe34SahiRb30Pchr0n6jAmljGr5XDqQLvpAe HTTP/1.1" 200 2383
201.184.95.190 - - [13/Jan/2015:08:09:13 -0500] "GET /forest/system/process.jsp?numPro=2011058 HTTP/1.1" 200 12635
186.82.78.180 - - [13/Jan/2015:08:09:19 -0500] "POST /forms/lservlet;jsessionid=ac16012b30d50961e6e5d2074dc5925e85ab5e131b90.e3iSbxaKaheRe34SahiRb30Pchr0n6jAmljGr5XDqQLvpAe HTTP/1.1" 200 15
201.184.95.190 - - [13/Jan/2015:08:09:20 -0500] "GET /forest/skins/gdocs-jar/popup/popup.jsp?width=900&height=600&title=Informaci%F3n%20de%20proceso&uri=/forest/system/process.jsp%3FnumPro%3D2011059&name=undefined&_a=0.581957780290395&a=0.25923161511309445 HTTP/1.1" 200 1312
201.184.95.190 - - [13/Jan/2015:08:09:20 -0500] "GET /forest/system/process.jsp?numPro=2011059 HTTP/1.1" 200 12527
186.82.78.180 - - [13/Jan/2015:08:09:25 -0500] "POST /forms/lservlet;jsessionid=ac16012b30d50961e6e5d2074dc5925e85ab5e131b90.e3iSbxaKaheRe34SahiRb30Pchr0n6jAmljGr5XDqQLvpAe HTTP/1.1" 200 24
201.184.95.190 - - [13/Jan/2015:08:09:25 -0500] "GET /forest/buscar.do HTTP/1.1" 200 84416
201.184.95.190 - - [13/Jan/2015:08:09:26 -0500] "GET /forest/json.do?query=usersByDep&coddep=2013 HTTP/1.1" 200 5817
201.184.95.190 - - [13/Jan/2015:08:09:26 -0500] "GET /forest/json.do?query=versionListadas HTTP/1.1" 200 15
186.82.78.180 - - [13/Jan/2015:08:09:25 -0500] "POST /forms/lservlet;jsessionid=ac16012b30d50961e6e5d2074dc5925e85ab5e131b90.e3iSbxaKaheRe34SahiRb30Pchr0n6jAmljGr5XDqQLvpAe HTTP/1.1" 200 4060
201.184.95.190 - - [13/Jan/2015:08:09:26 -0500] "GET /forest/json.do?query=usersByDep&coddep=2013 HTTP/1.1" 200 5817
201.184.95.190 - - [13/Jan/2015:08:09:26 -0500] "GET /forest/json.do?query=procesIniciales HTTP/1.1" 200 10001
186.82.78.180 - - [13/Jan/2015:08:09:26 -0500] "GET /imagenes/rt_quer1.gif HTTP/1.1" 200 930
186.82.78.180 - - [13/Jan/2015:08:09:26 -0500] "POST /forms/lservlet;jsessionid=ac16012b30d50961e6e5d2074dc5925e85ab5e131b90.e3iSbxaKaheRe34SahiRb30Pchr0n6jAmljGr5XDqQLvpAe HTTP/1.1" 200 2
190.25.157.14 - - [13/Jan/2015:08:09:28 -0500] "POST /forms/lservlet;jsessionid=ac16012b30d5c0f52ccf650d4f0d89c7d23c9e7f29a0.e3iSbxaKaheRe34SahiRb30Pchr0n6jAmljGr5XDqQLvpAe HTTP/1.1" 200 7971
190.25.157.14 - - [13/Jan/2015:08:09:29 -0500] "POST /forms/lservlet;jsessionid=ac16012b30d5c0f52ccf650d4f0d89c7d23c9e7f29a0.e3iSbxaKaheRe34SahiRb30Pchr0n6jAmljGr5XDqQLvpAe HTTP/1.1" 200 64
190.25.157.14 - - [13/Jan/2015:08:09:29 -0500] "POST /forms/lservlet;jsessionid=ac16012b30d5c0f52ccf650d4f0d89c7d23c9e7f29a0.e3iSbxaKaheRe34SahiRb30Pchr0n6jAmljGr5XDqQLvpAe HTTP/1.1" 200 2
190.25.157.14 - - [13/Jan/2015:08:09:29 -0500] "POST /forms/lservlet;jsessionid=ac16012b30d5c0f52ccf650d4f0d89c7d23c9e7f29a0.e3iSbxaKaheRe34SahiRb30Pchr0n6jAmljGr5XDqQLvpAe HTTP/1.1" 200 2
190.25.157.14 - - [13/Jan/2015:08:09:29 -0500] "POST /forms/lservlet;jsessionid=ac16012b30d5c0f52ccf650d4f0d89c7d23c9e7f29a0.e3iSbxaKaheRe34SahiRb30Pchr0n6jAmljGr5XDqQLvpAe HTTP/1.1" 200 2
201.245.192.253 - - [13/Jan/2015:08:09:33 -0500] "GET /galeria/nivo-slider/demo/demo.html HTTP/1.1" 304 -
201.245.192.253 - - [13/Jan/2015:08:09:33 -0500] "GET /galeria/nivo-slider/demo/images/bolsas-08.jpg HTTP/1.1" 304 -
201.245.192.253 - - [13/Jan/2015:08:09:33 -0500] "GET /galeria/nivo-slider/demo/images/bolsas-06.jpg HTTP/1.1" 304 -
201.245.192.253 - - [13/Jan/2015:08:09:33 -0500] "GET /galeria/nivo-slider/demo/images/Ruta-vertimientos-01.jpg HTTP/1.1" 304 -
201.245.192.253 - - [13/Jan/2015:08:09:33 -0500] "GET /galeria/nivo-slider/demo/images/ecolecta-Dic2014.png HTTP/1.1" 304 -
201.245.192.253 - - [13/Jan/2015:08:09:33 -0500] "GET /BLA/boletinlegal/js/jquery.js HTTP/1.1" 304 -
201.245.192.253 - - [13/Jan/2015:08:09:33 -0500] "GET /BLA/boletinlegal/js/jquery.scrollTo-min.js HTTP/1.1" 304 -
201.245.192.253 - - [13/Jan/2015:08:09:33 -0500] "GET /BLA/boletinlegal/js/jquery.scrollShow.js HTTP/1.1" 304 -
190.25.157.14 - - [13/Jan/2015:08:09:34 -0500] "POST /forms/lservlet;jsessionid=ac16012b30d5c0f52ccf650d4f0d89c7d23c9e7f29a0.e3iSbxaKaheRe34SahiRb30Pchr0n6jAmljGr5XDqQLvpAe HTTP/1.1" 200 34710
190.25.157.14 - - [13/Jan/2015:08:09:35 -0500] "GET /imagenes/listval.gif HTTP/1.1" 200 905
190.25.157.14 - - [13/Jan/2015:08:09:35 -0500] "GET /imagenes/tree1.gif HTTP/1.1" 200 1161
190.25.157.14 - - [13/Jan/2015:08:09:35 -0500] "GET /imagenes/listval.gif HTTP/1.1" 200 905
190.25.157.14 - - [13/Jan/2015:08:09:35 -0500] "GET /imagenes/CAMERA3.gif HTTP/1.1" 200 4150
190.25.157.14 - - [13/Jan/2015:08:09:35 -0500] "GET /imagenes/SLIDE1.gif HTTP/1.1" 200 1111
190.25.157.14 - - [13/Jan/2015:08:09:35 -0500] "GET /imagenes/flexcomb.gif HTTP/1.1" 200 1169
190.25.157.14 - - [13/Jan/2015:08:09:35 -0500] "GET /imagenes/GO.gif HTTP/1.1" 200 904
190.25.157.14 - - [13/Jan/2015:08:09:35 -0500] "GET /imagenes/HRTOOLS.gif HTTP/1.1" 200 2238
190.25.157.14 - - [13/Jan/2015:08:09:35 -0500] "GET /imagenes/rt_rec1.gif HTTP/1.1" 200 867
190.25.157.14 - - [13/Jan/2015:08:09:35 -0500] "GET /imagenes/apply.gif HTTP/1.1" 200 903
190.25.157.14 - - [13/Jan/2015:08:09:35 -0500] "GET /imagenes/exit.gif HTTP/1.1" 200 916
190.25.157.14 - - [13/Jan/2015:08:09:35 -0500] "GET /imagenes/LISTVAL.gif HTTP/1.1" 200 905
190.25.157.14 - - [13/Jan/2015:08:09:35 -0500] "GET /imagenes/edit.gif HTTP/1.1" 200 919
190.25.157.14 - - [13/Jan/2015:08:09:35 -0500] "GET /imagenes/rt_rec4.gif HTTP/1.1" 200 865
190.25.157.14 - - [13/Jan/2015:08:09:35 -0500] "GET /imagenes/rt_rec3.gif HTTP/1.1" 200 844
190.25.157.14 - - [13/Jan/2015:08:09:35 -0500] "GET /imagenes/rt_rec2.gif HTTP/1.1" 200 847
190.25.157.14 - - [13/Jan/2015:08:09:35 -0500] "GET /imagenes/rt_rdel.gif HTTP/1.1" 200 899
190.25.157.14 - - [13/Jan/2015:08:09:35 -0500] "GET /imagenes/rt_radd.gif HTTP/1.1" 200 907
190.25.157.14 - - [13/Jan/2015:08:09:35 -0500] "GET /imagenes/rt_quer3.gif HTTP/1.1" 200 939
190.25.157.14 - - [13/Jan/2015:08:09:35 -0500] "GET /imagenes/rt_quer2.gif HTTP/1.1" 200 936
190.25.157.14 - - [13/Jan/2015:08:09:35 -0500] "GET /imagenes/rt_quer1.gif HTTP/1.1" 200 930
190.25.157.14 - - [13/Jan/2015:08:09:35 -0500] "GET /imagenes/rt_save.gif HTTP/1.1" 200 903
190.25.157.14 - - [13/Jan/2015:08:09:35 -0500] "GET /imagenes/rt_pset.gif HTTP/1.1" 200 914
190.25.157.14 - - [13/Jan/2015:08:09:35 -0500] "GET /imagenes/QUEJA.gif HTTP/1.1" 200 1091
190.25.157.14 - - [13/Jan/2015:08:09:35 -0500] "GET /imagenes/ARBOL.gif HTTP/1.1" 200 1026
190.25.157.14 - - [13/Jan/2015:08:09:35 -0500] "GET /imagenes/Clipboard.gif HTTP/1.1" 200 1466
190.25.157.14 - - [13/Jan/2015:08:09:35 -0500] "GET /imagenes/DINERO.gif HTTP/1.1" 200 1766
190.25.157.14 - - [13/Jan/2015:08:09:35 -0500] "GET /imagenes/URGENTE.gif HTTP/1.1" 200 964
190.25.157.14 - - [13/Jan/2015:08:09:36 -0500] "GET /imagenes/TREE4.gif HTTP/1.1" 200 4150
190.25.157.14 - - [13/Jan/2015:08:09:36 -0500] "POST /forms/lservlet;jsessionid=ac16012b30d5c0f52ccf650d4f0d89c7d23c9e7f29a0.e3iSbxaKaheRe34SahiRb30Pchr0n6jAmljGr5XDqQLvpAe HTTP/1.1" 200 7
190.25.157.14 - - [13/Jan/2015:08:09:36 -0500] "POST /forms/lservlet;jsessionid=ac16012b30d5c0f52ccf650d4f0d89c7d23c9e7f29a0.e3iSbxaKaheRe34SahiRb30Pchr0n6jAmljGr5XDqQLvpAe HTTP/1.1" 200 34
190.25.157.14 - - [13/Jan/2015:08:09:36 -0500] "POST /forms/lservlet;jsessionid=ac16012b30d5c0f52ccf650d4f0d89c7d23c9e7f29a0.e3iSbxaKaheRe34SahiRb30Pchr0n6jAmljGr5XDqQLvpAe HTTP/1.1" 200 2
201.184.95.190 - - [13/Jan/2015:08:09:38 -0500] "POST /forest/buscar.do? HTTP/1.1" 200 14328
66.249.64.163 - - [13/Jan/2015:08:09:41 -0500] "GET /BLA/resoluciones/AUTOS%202007/1648.pdf HTTP/1.1" 200 1002589
190.25.157.14 - - [13/Jan/2015:08:09:42 -0500] "POST /forms/lservlet;jsessionid=ac16012b30d5c0f52ccf650d4f0d89c7d23c9e7f29a0.e3iSbxaKaheRe34SahiRb30Pchr0n6jAmljGr5XDqQLvpAe HTTP/1.1" 200 2
190.25.157.14 - - [13/Jan/2015:08:09:42 -0500] "POST /forms/lservlet;jsessionid=ac16012b30d5c0f52ccf650d4f0d89c7d23c9e7f29a0.e3iSbxaKaheRe34SahiRb30Pchr0n6jAmljGr5XDqQLvpAe HTTP/1.1" 200 699
190.25.157.14 - - [13/Jan/2015:08:09:42 -0500] "GET /imagenes/Srch_frw.gif HTTP/1.1" 200 925
190.25.157.14 - - [13/Jan/2015:08:09:42 -0500] "POST /forms/lservlet;jsessionid=ac16012b30d5c0f52ccf650d4f0d89c7d23c9e7f29a0.e3iSbxaKaheRe34SahiRb30Pchr0n6jAmljGr5XDqQLvpAe HTTP/1.1" 200 10
190.25.157.14 - - [13/Jan/2015:08:09:48 -0500] "POST /forms/lservlet;jsessionid=ac16012b30d5c0f52ccf650d4f0d89c7d23c9e7f29a0.e3iSbxaKaheRe34SahiRb30Pchr0n6jAmljGr5XDqQLvpAe HTTP/1.1" 200 24
190.25.157.14 - - [13/Jan/2015:08:09:48 -0500] "POST /forms/lservlet;jsessionid=ac16012b30d5c0f52ccf650d4f0d89c7d23c9e7f29a0.e3iSbxaKaheRe34SahiRb30Pchr0n6jAmljGr5XDqQLvpAe HTTP/1.1" 200 4973
190.25.157.14 - - [13/Jan/2015:08:09:50 -0500] "POST /forms/lservlet;jsessionid=ac16012b30d5c0f52ccf650d4f0d89c7d23c9e7f29a0.e3iSbxaKaheRe34SahiRb30Pchr0n6jAmljGr5XDqQLvpAe HTTP/1.1" 200 2
190.25.157.14 - - [13/Jan/2015:08:09:54 -0500] "POST /forms/lservlet;jsessionid=ac16012b30d5c0f52ccf650d4f0d89c7d23c9e7f29a0.e3iSbxaKaheRe34SahiRb30Pchr0n6jAmljGr5XDqQLvpAe HTTP/1.1" 200 2
190.25.157.14 - - [13/Jan/2015:08:09:54 -0500] "POST /forms/lservlet;jsessionid=ac16012b30d5c0f52ccf650d4f0d89c7d23c9e7f29a0.e3iSbxaKaheRe34SahiRb30Pchr0n6jAmljGr5XDqQLvpAe HTTP/1.1" 200 14
190.25.157.14 - - [13/Jan/2015:08:09:56 -0500] "POST /forms/lservlet;jsessionid=ac16012b30d5c0f52ccf650d4f0d89c7d23c9e7f29a0.e3iSbxaKaheRe34SahiRb30Pchr0n6jAmljGr5XDqQLvpAe HTTP/1.1" 200 14
190.25.157.14 - - [13/Jan/2015:08:09:57 -0500] "POST /forms/lservlet;jsessionid=ac16012b30d5c0f52ccf650d4f0d89c7d23c9e7f29a0.e3iSbxaKaheRe34SahiRb30Pchr0n6jAmljGr5XDqQLvpAe HTTP/1.1" 200 78
190.25.157.14 - - [13/Jan/2015:08:09:57 -0500] "POST /forms/lservlet;jsessionid=ac16012b30d5c0f52ccf650d4f0d89c7d23c9e7f29a0.e3iSbxaKaheRe34SahiRb30Pchr0n6jAmljGr5XDqQLvpAe HTTP/1.1" 200 2
190.25.157.14 - - [13/Jan/2015:08:10:02 -0500] "POST /forms/lservlet;jsessionid=ac16012b30d5c0f52ccf650d4f0d89c7d23c9e7f29a0.e3iSbxaKaheRe34SahiRb30Pchr0n6jAmljGr5XDqQLvpAe HTTP/1.1" 200 2
190.25.157.14 - - [13/Jan/2015:08:10:02 -0500] "POST /forms/lservlet;jsessionid=ac16012b30d5c0f52ccf650d4f0d89c7d23c9e7f29a0.e3iSbxaKaheRe34SahiRb30Pchr0n6jAmljGr5XDqQLvpAe HTTP/1.1" 200 42
190.25.157.14 - - [13/Jan/2015:08:10:03 -0500] "POST /forms/lservlet;jsessionid=ac16012b30d5c0f52ccf650d4f0d89c7d23c9e7f29a0.e3iSbxaKaheRe34SahiRb30Pchr0n6jAmljGr5XDqQLvpAe HTTP/1.1" 200 2
186.82.78.180 - - [13/Jan/2015:08:10:06 -0500] "POST /forms/lservlet;jsessionid=ac16012b30d50961e6e5d2074dc5925e85ab5e131b90.e3iSbxaKaheRe34SahiRb30Pchr0n6jAmljGr5XDqQLvpAe HTTP/1.1" 200 2
190.25.157.14 - - [13/Jan/2015:08:10:07 -0500] "POST /forms/lservlet;jsessionid=ac16012b30d5c0f52ccf650d4f0d89c7d23c9e7f29a0.e3iSbxaKaheRe34SahiRb30Pchr0n6jAmljGr5XDqQLvpAe HTTP/1.1" 200 2
186.82.78.180 - - [13/Jan/2015:08:10:06 -0500] "POST /forms/lservlet;jsessionid=ac16012b30d50961e6e5d2074dc5925e85ab5e131b90.e3iSbxaKaheRe34SahiRb30Pchr0n6jAmljGr5XDqQLvpAe HTTP/1.1" 200 14
186.82.78.180 - - [13/Jan/2015:08:10:07 -0500] "POST /forms/lservlet;jsessionid=ac16012b30d50961e6e5d2074dc5925e85ab5e131b90.e3iSbxaKaheRe34SahiRb30Pchr0n6jAmljGr5XDqQLvpAe HTTP/1.1" 200 112
186.82.78.180 - - [13/Jan/2015:08:10:08 -0500] "GET /reports/rwservlet/getjobid340490?server=rep_srvapsda HTTP/1.0" 200 897
190.25.157.14 - - [13/Jan/2015:08:10:07 -0500] "POST /forms/lservlet;jsessionid=ac16012b30d5c0f52ccf650d4f0d89c7d23c9e7f29a0.e3iSbxaKaheRe34SahiRb30Pchr0n6jAmljGr5XDqQLvpAe HTTP/1.1" 200 14
186.82.78.180 - - [13/Jan/2015:08:10:08 -0500] "POST /forms/lservlet;jsessionid=ac16012b30d50961e6e5d2074dc5925e85ab5e131b90.e3iSbxaKaheRe34SahiRb30Pchr0n6jAmljGr5XDqQLvpAe HTTP/1.1" 200 2
190.25.157.14 - - [13/Jan/2015:08:10:08 -0500] "POST /forms/lservlet;jsessionid=ac16012b30d5c0f52ccf650d4f0d89c7d23c9e7f29a0.e3iSbxaKaheRe34SahiRb30Pchr0n6jAmljGr5XDqQLvpAe HTTP/1.1" 200 14
190.25.157.14 - - [13/Jan/2015:08:10:09 -0500] "POST /forms/lservlet;jsessionid=ac16012b30d5c0f52ccf650d4f0d89c7d23c9e7f29a0.e3iSbxaKaheRe34SahiRb30Pchr0n6jAmljGr5XDqQLvpAe HTTP/1.1" 200 14
190.25.157.14 - - [13/Jan/2015:08:10:11 -0500] "POST /forms/lservlet;jsessionid=ac16012b30d5c0f52ccf650d4f0d89c7d23c9e7f29a0.e3iSbxaKaheRe34SahiRb30Pchr0n6jAmljGr5XDqQLvpAe HTTP/1.1" 200 14
190.25.157.14 - - [13/Jan/2015:08:10:12 -0500] "POST /forms/lservlet;jsessionid=ac16012b30d5c0f52ccf650d4f0d89c7d23c9e7f29a0.e3iSbxaKaheRe34SahiRb30Pchr0n6jAmljGr5XDqQLvpAe HTTP/1.1" 200 15
190.25.157.14 - - [13/Jan/2015:08:10:15 -0500] "POST /forms/lservlet;jsessionid=ac16012b30d5c0f52ccf650d4f0d89c7d23c9e7f29a0.e3iSbxaKaheRe34SahiRb30Pchr0n6jAmljGr5XDqQLvpAe HTTP/1.1" 200 135
190.25.157.14 - - [13/Jan/2015:08:10:15 -0500] "POST /forms/lservlet;jsessionid=ac16012b30d5c0f52ccf650d4f0d89c7d23c9e7f29a0.e3iSbxaKaheRe34SahiRb30Pchr0n6jAmljGr5XDqQLvpAe HTTP/1.1" 200 2
190.25.157.14 - - [13/Jan/2015:08:10:15 -0500] "GET /reports/rwservlet/getjobid340491?server=rep_srvapsda HTTP/1.1" 200 48575
66.249.64.163 - - [13/Jan/2015:08:10:17 -0500] "GET /BLA/resoluciones/AUTOS%202007/0446.pdf HTTP/1.1" 200 235881
66.249.64.167 - - [13/Jan/2015:08:10:21 -0500] "GET /BLA/resoluciones/RESOLUCIONES%202009/9322.pdf HTTP/1.1" 200 1227895
66.249.64.167 - - [13/Jan/2015:08:10:26 -0500] "GET /BLA/resoluciones/AUTOS%202007/1655.pdf HTTP/1.1" 200 183332
100.43.85.25 - - [13/Jan/2015:08:10:29 -0500] "GET /robots.txt HTTP/1.1" 404 1015
100.43.85.25 - - [13/Jan/2015:08:10:31 -0500] "GET / HTTP/1.1" 302 -
190.25.157.14 - - [13/Jan/2015:08:10:33 -0500] "POST /forms/lservlet;jsessionid=ac16012b30d5c0f52ccf650d4f0d89c7d23c9e7f29a0.e3iSbxaKaheRe34SahiRb30Pchr0n6jAmljGr5XDqQLvpAe HTTP/1.1" 200 2
190.26.145.160 - - [13/Jan/2015:08:10:34 -0500] "GET /BLA/boletinlegal/js/jquery.js HTTP/1.1" 200 57254
190.26.145.160 - - [13/Jan/2015:08:10:34 -0500] "GET /galeria/carrusel/Carrusel/jquery.thumbnailScroller.css HTTP/1.1" 200 2066
190.26.145.160 - - [13/Jan/2015:08:10:34 -0500] "GET /BLA/boletinlegal/js/jquery.scrollTo-min.js HTTP/1.1" 200 1150
190.26.145.160 - - [13/Jan/2015:08:10:34 -0500] "GET /BLA/boletinlegal/js/jquery.scrollShow.js HTTP/1.1" 200 4586
190.26.145.160 - - [13/Jan/2015:08:10:34 -0500] "GET /galeria/carrusel/Carrusel/jquery.thumbnailScroller.js HTTP/1.1" 200 8157
190.26.145.160 - - [13/Jan/2015:08:10:34 -0500] "GET /galeria/carrusel/Carrusel/jquery-ui-1.8.13.custom.min.js HTTP/1.1" 200 10800
190.25.157.14 - - [13/Jan/2015:08:10:33 -0500] "POST /forms/lservlet;jsessionid=ac16012b30d5c0f52ccf650d4f0d89c7d23c9e7f29a0.e3iSbxaKaheRe34SahiRb30Pchr0n6jAmljGr5XDqQLvpAe HTTP/1.1" 200 14
100.43.85.25 - - [13/Jan/2015:08:10:34 -0500] "GET / HTTP/1.1" 302 -
190.26.145.160 - - [13/Jan/2015:08:10:35 -0500] "GET /galeria/nivo-slider/demo/demo.html HTTP/1.1" 200 3150
190.25.157.14 - - [13/Jan/2015:08:10:34 -0500] "POST /forms/lservlet;jsessionid=ac16012b30d5c0f52ccf650d4f0d89c7d23c9e7f29a0.e3iSbxaKaheRe34SahiRb30Pchr0n6jAmljGr5XDqQLvpAe HTTP/1.1" 200 113
190.25.157.14 - - [13/Jan/2015:08:10:35 -0500] "POST /forms/lservlet;jsessionid=ac16012b30d5c0f52ccf650d4f0d89c7d23c9e7f29a0.e3iSbxaKaheRe34SahiRb30Pchr0n6jAmljGr5XDqQLvpAe HTTP/1.1" 200 2
190.26.145.160 - - [13/Jan/2015:08:10:35 -0500] "GET /galeria/nivo-slider/themes/default/default.css HTTP/1.1" 200 1569
190.26.145.160 - - [13/Jan/2015:08:10:35 -0500] "GET /galeria/nivo-slider/themes/pascal/pascal.css HTTP/1.1" 200 2258
190.25.157.14 - - [13/Jan/2015:08:10:35 -0500] "GET /reports/rwservlet/getjobid340492?server=rep_srvapsda HTTP/1.1" 200 47614
190.26.145.160 - - [13/Jan/2015:08:10:35 -0500] "GET /galeria/nivo-slider/themes/orman/orman.css HTTP/1.1" 200 2152
190.26.145.160 - - [13/Jan/2015:08:10:35 -0500] "GET /galeria/nivo-slider/nivo-slider.css HTTP/1.1" 200 1507
190.26.145.160 - - [13/Jan/2015:08:10:35 -0500] "GET /galeria/nivo-slider/demo/style.css HTTP/1.1" 200 2222
190.26.145.160 - - [13/Jan/2015:08:10:35 -0500] "GET /galeria/nivo-slider/demo/scripts/jquery-1.7.1.min.js HTTP/1.1" 200 93868
190.26.145.160 - - [13/Jan/2015:08:10:35 -0500] "GET /galeria/nivo-slider/jquery.nivo.slider.pack.js HTTP/1.1" 200 11561
190.26.145.160 - - [13/Jan/2015:08:10:35 -0500] "GET /galeria/nivo-slider/demo/images/4Simple_Slider.png HTTP/1.1" 200 11722
190.26.145.160 - - [13/Jan/2015:08:10:35 -0500] "GET /galeria/nivo-slider/themes/default/loading.gif HTTP/1.1" 200 1737
190.26.145.160 - - [13/Jan/2015:08:10:36 -0500] "GET /galeria/nivo-slider/demo/images/bolsas-08.jpg HTTP/1.1" 200 85589
190.26.145.160 - - [13/Jan/2015:08:10:36 -0500] "GET /galeria/nivo-slider/demo/images/Ruta-vertimientos-01.jpg HTTP/1.1" 200 130151
190.26.145.160 - - [13/Jan/2015:08:10:36 -0500] "GET /galeria/nivo-slider/demo/images/bolsas-06.jpg HTTP/1.1" 200 90982
190.26.145.160 - - [13/Jan/2015:08:10:36 -0500] "GET /galeria/nivo-slider/demo/images/ecolecta-Dic2014.png HTTP/1.1" 200 288593
190.26.145.160 - - [13/Jan/2015:08:10:37 -0500] "GET /galeria/nivo-slider/demo/images/porloshumedales.jpg HTTP/1.1" 200 351238
190.26.145.160 - - [13/Jan/2015:08:10:37 -0500] "GET /galeria/nivo-slider/demo/images/Tingua-azul.jpg HTTP/1.1" 200 307638
190.26.145.160 - - [13/Jan/2015:08:10:39 -0500] "GET /galeria/nivo-slider/demo/images/Banner-Caracol-Africano.jpg HTTP/1.1" 200 331986
190.26.145.160 - - [13/Jan/2015:08:10:40 -0500] "GET /videos/Spot_CambioClimatico.flv HTTP/1.1" 200 4371917
190.26.145.160 - - [13/Jan/2015:08:10:42 -0500] "GET /galeria/nivo-slider/demo/images/banner-redes.jpg HTTP/1.1" 200 62209
190.26.145.160 - - [13/Jan/2015:08:10:43 -0500] "GET /galeria/nivo-slider/demo/images/9Signos.jpg HTTP/1.1" 200 93040
190.26.145.160 - - [13/Jan/2015:08:10:43 -0500] "GET /galeria/nivo-slider/demo/images/banner-llantas2.jpg HTTP/1.1" 200 73153
190.25.157.14 - - [13/Jan/2015:08:10:43 -0500] "POST /forms/lservlet;jsessionid=ac16012b30d5c0f52ccf650d4f0d89c7d23c9e7f29a0.e3iSbxaKaheRe34SahiRb30Pchr0n6jAmljGr5XDqQLvpAe HTTP/1.1" 200 2
190.26.145.160 - - [13/Jan/2015:08:10:44 -0500] "GET /galeria/nivo-slider/demo/images/banner-caballos.png HTTP/1.1" 200 389106
190.25.157.14 - - [13/Jan/2015:08:10:44 -0500] "POST /forms/lservlet;jsessionid=ac16012b30d5c0f52ccf650d4f0d89c7d23c9e7f29a0.e3iSbxaKaheRe34SahiRb30Pchr0n6jAmljGr5XDqQLvpAe HTTP/1.1" 200 14
190.25.157.14 - - [13/Jan/2015:08:10:45 -0500] "POST /forms/lservlet;jsessionid=ac16012b30d5c0f52ccf650d4f0d89c7d23c9e7f29a0.e3iSbxaKaheRe34SahiRb30Pchr0n6jAmljGr5XDqQLvpAe HTTP/1.1" 200 113
190.25.157.14 - - [13/Jan/2015:08:10:45 -0500] "POST /forms/lservlet;jsessionid=ac16012b30d5c0f52ccf650d4f0d89c7d23c9e7f29a0.e3iSbxaKaheRe34SahiRb30Pchr0n6jAmljGr5XDqQLvpAe HTTP/1.1" 200 2
190.25.157.14 - - [13/Jan/2015:08:10:45 -0500] "GET /reports/rwservlet/getjobid340493?server=rep_srvapsda HTTP/1.1" 200 63297
190.26.145.160 - - [13/Jan/2015:08:10:47 -0500] "GET /galeria/nivo-slider/themes/default/arrows.png HTTP/1.1" 200 824
190.26.145.160 - - [13/Jan/2015:08:10:47 -0500] "GET /galeria/nivo-slider/themes/default/bullets.png HTTP/1.1" 200 1281
186.82.78.180 - - [13/Jan/2015:08:10:57 -0500] "POST /forms/lservlet;jsessionid=ac16012b30d50961e6e5d2074dc5925e85ab5e131b90.e3iSbxaKaheRe34SahiRb30Pchr0n6jAmljGr5XDqQLvpAe HTTP/1.1" 200 2
66.249.64.171 - - [13/Jan/2015:08:11:01 -0500] "GET /BLA/resoluciones/RESOLUCIONES%202009/9321.pdf HTTP/1.1" 200 888434
190.25.157.14 - - [13/Jan/2015:08:11:09 -0500] "POST /forms/lservlet;jsessionid=ac16012b30d5c0f52ccf650d4f0d89c7d23c9e7f29a0.e3iSbxaKaheRe34SahiRb30Pchr0n6jAmljGr5XDqQLvpAe HTTP/1.1" 200 2
188.165.15.239 - - [13/Jan/2015:08:11:21 -0500] "GET /BLA/resoluciones/RESOLUCIONES%202004/RES%202004%201751-1800/00001784.tif HTTP/1.1" 200 151364
66.249.64.163 - - [13/Jan/2015:08:11:41 -0500] "GET /BLA/resoluciones/RESOLUCIONES%202013/0617.pdf HTTP/1.1" 200 688753
186.82.78.180 - - [13/Jan/2015:08:11:53 -0500] "POST /forms/lservlet;jsessionid=ac16012b30d50961e6e5d2074dc5925e85ab5e131b90.e3iSbxaKaheRe34SahiRb30Pchr0n6jAmljGr5XDqQLvpAe HTTP/1.1" 200 2
186.82.78.180 - - [13/Jan/2015:08:11:54 -0500] "POST /forms/lservlet;jsessionid=ac16012b30d50961e6e5d2074dc5925e85ab5e131b90.e3iSbxaKaheRe34SahiRb30Pchr0n6jAmljGr5XDqQLvpAe HTTP/1.1" 200 116
186.82.78.180 - - [13/Jan/2015:08:11:55 -0500] "GET /reports/rwservlet/getjobid340494?server=rep_srvapsda HTTP/1.0" 200 897
186.82.78.180 - - [13/Jan/2015:08:11:55 -0500] "POST /forms/lservlet;jsessionid=ac16012b30d50961e6e5d2074dc5925e85ab5e131b90.e3iSbxaKaheRe34SahiRb30Pchr0n6jAmljGr5XDqQLvpAe HTTP/1.1" 200 2
157.55.39.23 - - [13/Jan/2015:08:11:58 -0500] "GET /bla/resoluciones/autos%202010/4425.pdf HTTP/1.1" 200 163395
200.89.114.190 - - [13/Jan/2015:08:12:01 -0500] "GET /BLA/boletinlegal/js/jquery.js HTTP/1.1" 200 57254
200.89.114.190 - - [13/Jan/2015:08:12:01 -0500] "GET /BLA/boletinlegal/js/jquery.scrollTo-min.js HTTP/1.1" 200 1150
200.89.114.190 - - [13/Jan/2015:08:12:01 -0500] "GET /BLA/boletinlegal/js/jquery.scrollShow.js HTTP/1.1" 200 4586
123.125.71.54 - - [13/Jan/2015:08:12:07 -0500] "GET / HTTP/1.1" 302 -
190.26.71.12 - - [13/Jan/2015:08:12:11 -0500] "GET /BLA/boletinlegal/js/jquery.js HTTP/1.1" 200 57254
190.26.71.12 - - [13/Jan/2015:08:12:11 -0500] "GET /BLA/boletinlegal/js/jquery.scrollTo-min.js HTTP/1.1" 200 1150
190.26.71.12 - - [13/Jan/2015:08:12:11 -0500] "GET /BLA/boletinlegal/js/jquery.scrollShow.js HTTP/1.1" 200 4586
190.26.71.12 - - [13/Jan/2015:08:12:11 -0500] "GET /galeria/carrusel/Carrusel/jquery.thumbnailScroller.css HTTP/1.1" 200 2066
190.26.71.12 - - [13/Jan/2015:08:12:11 -0500] "GET /galeria/carrusel/Carrusel/jquery-ui-1.8.13.custom.min.js HTTP/1.1" 200 10800
190.26.71.12 - - [13/Jan/2015:08:12:12 -0500] "GET /galeria/carrusel/Carrusel/jquery.thumbnailScroller.js HTTP/1.1" 200 8157
186.82.78.180 - - [13/Jan/2015:08:12:13 -0500] "POST /forms/lservlet;jsessionid=ac16012b30d50961e6e5d2074dc5925e85ab5e131b90.e3iSbxaKaheRe34SahiRb30Pchr0n6jAmljGr5XDqQLvpAe HTTP/1.1" 200 2
190.26.71.12 - - [13/Jan/2015:08:12:15 -0500] "GET /galeria/nivo-slider/demo/demo.html HTTP/1.1" 200 3150
186.82.78.180 - - [13/Jan/2015:08:12:14 -0500] "POST /forms/lservlet;jsessionid=ac16012b30d50961e6e5d2074dc5925e85ab5e131b90.e3iSbxaKaheRe34SahiRb30Pchr0n6jAmljGr5XDqQLvpAe HTTP/1.1" 200 14
190.26.71.12 - - [13/Jan/2015:08:12:15 -0500] "GET /galeria/nivo-slider/themes/default/default.css HTTP/1.1" 200 1569
190.26.71.12 - - [13/Jan/2015:08:12:15 -0500] "GET /galeria/nivo-slider/themes/pascal/pascal.css HTTP/1.1" 200 2258
190.26.71.12 - - [13/Jan/2015:08:12:15 -0500] "GET /galeria/nivo-slider/themes/orman/orman.css HTTP/1.1" 200 2152
190.26.71.12 - - [13/Jan/2015:08:12:15 -0500] "GET /galeria/nivo-slider/nivo-slider.css HTTP/1.1" 200 1507
190.26.71.12 - - [13/Jan/2015:08:12:15 -0500] "GET /galeria/nivo-slider/demo/style.css HTTP/1.1" 200 2222
190.26.71.12 - - [13/Jan/2015:08:12:15 -0500] "GET /galeria/nivo-slider/jquery.nivo.slider.pack.js HTTP/1.1" 200 11561
190.26.71.12 - - [13/Jan/2015:08:12:15 -0500] "GET /galeria/nivo-slider/demo/images/bolsas-08.jpg HTTP/1.1" 200 85589
190.26.71.12 - - [13/Jan/2015:08:12:15 -0500] "GET /galeria/nivo-slider/demo/images/Ruta-vertimientos-01.jpg HTTP/1.1" 200 130151
190.26.71.12 - - [13/Jan/2015:08:12:15 -0500] "GET /galeria/nivo-slider/demo/images/bolsas-06.jpg HTTP/1.1" 200 90982
190.26.71.12 - - [13/Jan/2015:08:12:15 -0500] "GET /galeria/nivo-slider/demo/images/ecolecta-Dic2014.png HTTP/1.1" 200 288593
190.26.71.12 - - [13/Jan/2015:08:12:15 -0500] "GET /galeria/nivo-slider/demo/images/porloshumedales.jpg HTTP/1.1" 200 351238
190.26.71.12 - - [13/Jan/2015:08:12:15 -0500] "GET /galeria/nivo-slider/demo/images/4Simple_Slider.png HTTP/1.1" 200 11722
190.26.71.12 - - [13/Jan/2015:08:12:15 -0500] "GET /galeria/nivo-slider/themes/default/loading.gif HTTP/1.1" 200 1737
190.26.71.12 - - [13/Jan/2015:08:12:15 -0500] "GET /galeria/nivo-slider/demo/scripts/jquery-1.7.1.min.js HTTP/1.1" 200 93868
190.26.71.12 - - [13/Jan/2015:08:12:15 -0500] "GET /galeria/nivo-slider/demo/images/Tingua-azul.jpg HTTP/1.1" 200 307638
190.26.71.12 - - [13/Jan/2015:08:12:16 -0500] "GET /galeria/nivo-slider/demo/images/Banner-Caracol-Africano.jpg HTTP/1.1" 200 331986
190.26.71.12 - - [13/Jan/2015:08:12:16 -0500] "GET /galeria/nivo-slider/demo/images/banner-redes.jpg HTTP/1.1" 200 62209
186.82.78.180 - - [13/Jan/2015:08:12:15 -0500] "POST /forms/lservlet;jsessionid=ac16012b30d50961e6e5d2074dc5925e85ab5e131b90.e3iSbxaKaheRe34SahiRb30Pchr0n6jAmljGr5XDqQLvpAe HTTP/1.1" 200 14
190.26.71.12 - - [13/Jan/2015:08:12:16 -0500] "GET /galeria/nivo-slider/demo/images/9Signos.jpg HTTP/1.1" 200 93040
190.26.71.12 - - [13/Jan/2015:08:12:16 -0500] "GET /galeria/nivo-slider/demo/images/banner-llantas2.jpg HTTP/1.1" 200 73153
190.26.71.12 - - [13/Jan/2015:08:12:16 -0500] "GET /galeria/nivo-slider/demo/images/banner-caballos.png HTTP/1.1" 200 389106
200.26.154.131 - - [13/Jan/2015:08:12:17 -0500] "GET /BLA/boletinlegal/js/jquery.js HTTP/1.1" 200 57254
200.26.154.131 - - [13/Jan/2015:08:12:17 -0500] "GET /BLA/boletinlegal/js/jquery.scrollShow.js HTTP/1.1" 200 4586
200.26.154.131 - - [13/Jan/2015:08:12:17 -0500] "GET /BLA/boletinlegal/js/jquery.scrollTo-min.js HTTP/1.1" 200 1150
186.82.78.180 - - [13/Jan/2015:08:12:16 -0500] "POST /forms/lservlet;jsessionid=ac16012b30d50961e6e5d2074dc5925e85ab5e131b90.e3iSbxaKaheRe34SahiRb30Pchr0n6jAmljGr5XDqQLvpAe HTTP/1.1" 200 113
190.26.71.12 - - [13/Jan/2015:08:12:18 -0500] "GET /galeria/nivo-slider/themes/default/arrows.png HTTP/1.1" 200 824
190.26.71.12 - - [13/Jan/2015:08:12:18 -0500] "GET /galeria/nivo-slider/themes/default/bullets.png HTTP/1.1" 200 1281
186.82.78.180 - - [13/Jan/2015:08:12:18 -0500] "POST /forms/lservlet;jsessionid=ac16012b30d50961e6e5d2074dc5925e85ab5e131b90.e3iSbxaKaheRe34SahiRb30Pchr0n6jAmljGr5XDqQLvpAe HTTP/1.1" 200 2
186.82.78.180 - - [13/Jan/2015:08:12:18 -0500] "GET /reports/rwservlet/getjobid340495?server=rep_srvapsda HTTP/1.0" 200 47815
190.26.71.12 - - [13/Jan/2015:08:12:18 -0500] "GET /videos/Spot_CambioClimatico.flv HTTP/1.1" 200 4371917
188.165.15.15 - - [13/Jan/2015:08:12:19 -0500] "GET /BLA/resoluciones/RESOLUCIONES%202005/RES%202005%202201-2250/00002228.tif HTTP/1.1" 200 148062
66.249.64.163 - - [13/Jan/2015:08:12:20 -0500] "GET /BLA/resoluciones/RESOLUCIONES%202011/1018.pdf HTTP/1.1" 200 76421
188.165.15.130 - - [13/Jan/2015:08:12:24 -0500] "GET /BLA/resoluciones/RESOLUCIONES%202004/RES%202004%201451-1500/00001471.tif HTTP/1.1" 200 111460
186.82.78.180 - - [13/Jan/2015:08:12:32 -0500] "POST /forms/lservlet;jsessionid=ac16012b30d50961e6e5d2074dc5925e85ab5e131b90.e3iSbxaKaheRe34SahiRb30Pchr0n6jAmljGr5XDqQLvpAe HTTP/1.1" 200 2
186.82.78.180 - - [13/Jan/2015:08:12:33 -0500] "POST /forms/lservlet;jsessionid=ac16012b30d50961e6e5d2074dc5925e85ab5e131b90.e3iSbxaKaheRe34SahiRb30Pchr0n6jAmljGr5XDqQLvpAe HTTP/1.1" 200 14
201.245.192.253 - - [13/Jan/2015:08:12:34 -0500] "GET /forest/ HTTP/1.1" 200 12758
201.245.192.253 - - [13/Jan/2015:08:12:34 -0500] "GET /forest/skins/gdocs-jar/css/forest.css?version=1412.231748 HTTP/1.1" 304 -
201.245.192.253 - - [13/Jan/2015:08:12:34 -0500] "GET /forest/js/json3.js HTTP/1.1" 304 -
201.245.192.253 - - [13/Jan/2015:08:12:34 -0500] "GET /forest/skins/gdocs-jar/css/menu.css?version=1412.231748 HTTP/1.1" 304 -
201.245.192.253 - - [13/Jan/2015:08:12:34 -0500] "GET /forest/css/escritorio.css?version=1412.231748 HTTP/1.1" 304 -
201.245.192.253 - - [13/Jan/2015:08:12:34 -0500] "GET /forest/skins/gdocs-jar/css/autocomplete.css?version=1412.231748 HTTP/1.1" 304 -
201.245.192.253 - - [13/Jan/2015:08:12:34 -0500] "GET /forest/img/loading.gif HTTP/1.1" 304 -
201.245.192.253 - - [13/Jan/2015:08:12:34 -0500] "GET /forest/img/spacer.gif HTTP/1.1" 304 -
201.245.192.253 - - [13/Jan/2015:08:12:34 -0500] "GET /forest/img/panel/view_icon.gif HTTP/1.1" 304 -
201.245.192.253 - - [13/Jan/2015:08:12:34 -0500] "GET /forest/img/inicio/2.gif HTTP/1.1" 304 -
201.245.192.253 - - [13/Jan/2015:08:12:34 -0500] "GET /forest/img/inicio/3.gif HTTP/1.1" 304 -
201.245.192.253 - - [13/Jan/2015:08:12:34 -0500] "GET /forest/img/inicio/1.gif HTTP/1.1" 304 -
201.245.192.253 - - [13/Jan/2015:08:12:34 -0500] "GET /forest/css/index.css?version=1412.231748 HTTP/1.1" 304 -
201.245.192.253 - - [13/Jan/2015:08:12:34 -0500] "GET /forest/img/inicio/5.gif HTTP/1.1" 304 -
201.245.192.253 - - [13/Jan/2015:08:12:34 -0500] "GET /forest/img/inicio/7.gif HTTP/1.1" 304 -
201.245.192.253 - - [13/Jan/2015:08:12:34 -0500] "GET /forest/img/inicio/6.gif HTTP/1.1" 304 -
201.245.192.253 - - [13/Jan/2015:08:12:34 -0500] "GET /forest/img/mplogo.gif HTTP/1.1" 304 -
201.245.192.253 - - [13/Jan/2015:08:12:34 -0500] "GET /forest/img/close.gif HTTP/1.1" 304 -
201.245.192.253 - - [13/Jan/2015:08:12:34 -0500] "GET /forest/skins/gdocs-jar/img/okey.gif HTTP/1.1" 304 -
201.245.192.253 - - [13/Jan/2015:08:12:34 -0500] "GET /forest/jsoptimized/gz/js/gdocsall-1412.231748.js HTTP/1.1" 304 -
201.245.192.253 - - [13/Jan/2015:08:12:34 -0500] "GET /forest/1ibre/jscalendar/calendar-win2k-1.css?version=1412.231748 HTTP/1.1" 304 -
201.245.192.253 - - [13/Jan/2015:08:12:34 -0500] "GET /forest/skins/gdocs-jar/css/dialog.css?version=1412.231748 HTTP/1.1" 304 -
201.245.192.253 - - [13/Jan/2015:08:12:34 -0500] "GET /forest/skins/gdocs-jar/css/forms.css?version=1412.231748 HTTP/1.1" 304 -
201.245.192.253 - - [13/Jan/2015:08:12:34 -0500] "GET /forest/img/inicio/4.gif HTTP/1.1" 304 -
201.245.192.253 - - [13/Jan/2015:08:12:34 -0500] "GET /forest/img/base/bsc2_r1_c3.gif HTTP/1.1" 304 -
201.245.192.253 - - [13/Jan/2015:08:12:34 -0500] "GET /forest/img/base/bsc2_r1_c2.gif HTTP/1.1" 304 -
201.245.192.253 - - [13/Jan/2015:08:12:34 -0500] "GET /forest/img/base/bsc2_r1_c1.gif HTTP/1.1" 304 -
201.245.192.253 - - [13/Jan/2015:08:12:34 -0500] "GET /forest/img/forestIcon.gif?version=1412.231748 HTTP/1.1" 304 -
201.245.192.253 - - [13/Jan/2015:08:12:34 -0500] "GET /forest/1ibre/1ibre.css HTTP/1.1" 304 -
186.82.78.180 - - [13/Jan/2015:08:12:34 -0500] "POST /forms/lservlet;jsessionid=ac16012b30d50961e6e5d2074dc5925e85ab5e131b90.e3iSbxaKaheRe34SahiRb30Pchr0n6jAmljGr5XDqQLvpAe HTTP/1.1" 200 113
190.26.192.90 - - [13/Jan/2015:08:12:34 -0500] "GET /galeria/nivo-slider/demo/demo.html HTTP/1.1" 304 -
186.82.78.180 - - [13/Jan/2015:08:12:35 -0500] "POST /forms/lservlet;jsessionid=ac16012b30d50961e6e5d2074dc5925e85ab5e131b90.e3iSbxaKaheRe34SahiRb30Pchr0n6jAmljGr5XDqQLvpAe HTTP/1.1" 200 2
190.26.192.90 - - [13/Jan/2015:08:12:36 -0500] "GET /galeria/nivo-slider/demo/demo.html HTTP/1.1" 200 3150
186.82.78.180 - - [13/Jan/2015:08:12:35 -0500] "GET /reports/rwservlet/getjobid340496?server=rep_srvapsda HTTP/1.0" 200 47716
190.26.192.90 - - [13/Jan/2015:08:12:37 -0500] "GET /galeria/nivo-slider/demo/images/bolsas-08.jpg HTTP/1.1" 304 -
190.26.192.90 - - [13/Jan/2015:08:12:37 -0500] "GET /galeria/nivo-slider/demo/images/Ruta-vertimientos-01.jpg HTTP/1.1" 304 -
190.26.192.90 - - [13/Jan/2015:08:12:37 -0500] "GET /galeria/nivo-slider/demo/images/bolsas-06.jpg HTTP/1.1" 304 -
190.26.192.90 - - [13/Jan/2015:08:12:37 -0500] "GET /galeria/nivo-slider/demo/images/ecolecta-Dic2014.png HTTP/1.1" 304 -
201.245.192.253 - - [13/Jan/2015:08:12:43 -0500] "GET /BLA/boletinlegal/js/jquery.scrollShow.js HTTP/1.1" 304 -
201.245.192.253 - - [13/Jan/2015:08:12:43 -0500] "GET /BLA/boletinlegal/js/jquery.scrollTo-min.js HTTP/1.1" 304 -
201.245.192.253 - - [13/Jan/2015:08:12:43 -0500] "GET /BLA/boletinlegal/js/jquery.js HTTP/1.1" 304 -
201.245.192.253 - - [13/Jan/2015:08:12:43 -0500] "GET /galeria/nivo-slider/demo/demo.html HTTP/1.1" 304 -
201.245.192.253 - - [13/Jan/2015:08:12:44 -0500] "GET /galeria/nivo-slider/demo/images/bolsas-08.jpg HTTP/1.1" 304 -
201.245.192.253 - - [13/Jan/2015:08:12:44 -0500] "GET /galeria/nivo-slider/demo/images/Ruta-vertimientos-01.jpg HTTP/1.1" 304 -
201.245.192.253 - - [13/Jan/2015:08:12:44 -0500] "GET /galeria/nivo-slider/demo/images/ecolecta-Dic2014.png HTTP/1.1" 304 -
201.245.192.253 - - [13/Jan/2015:08:12:44 -0500] "GET /galeria/nivo-slider/demo/images/bolsas-06.jpg HTTP/1.1" 304 -
201.245.192.253 - - [13/Jan/2015:08:12:44 -0500] "POST /forest/login.do HTTP/1.1" 302 -
201.245.192.253 - - [13/Jan/2015:08:12:44 -0500] "GET /forest/img/users/3.gif HTTP/1.1" 304 -
201.245.192.253 - - [13/Jan/2015:08:12:44 -0500] "GET /forest/img/users/5.gif HTTP/1.1" 304 -
201.245.192.253 - - [13/Jan/2015:08:12:44 -0500] "GET /forest/img/inicio.jpg HTTP/1.1" 304 -
201.245.192.253 - - [13/Jan/2015:08:12:44 -0500] "GET /forest/img/users/7.gif HTTP/1.1" 304 -
201.245.192.253 - - [13/Jan/2015:08:12:44 -0500] "GET /forest/img/download_large.gif HTTP/1.1" 304 -
201.245.192.253 - - [13/Jan/2015:08:12:44 -0500] "GET /forest/img/buscar_documentos.gif HTTP/1.1" 304 -
201.245.192.253 - - [13/Jan/2015:08:12:44 -0500] "GET /forest/img/buscar.jpg HTTP/1.1" 304 -
201.245.192.253 - - [13/Jan/2015:08:12:44 -0500] "GET /forest/img/fondo-barra.gif HTTP/1.1" 304 -
201.245.192.253 - - [13/Jan/2015:08:12:44 -0500] "GET /forest/index2.jsp?a=0.21609701521990254 HTTP/1.1" 200 47860
201.245.192.253 - - [13/Jan/2015:08:12:44 -0500] "GET /forest/img/buscar_procesos.gif HTTP/1.1" 304 -
201.245.192.253 - - [13/Jan/2015:08:12:44 -0500] "GET /forest/img/ayuda.gif HTTP/1.1" 304 -
201.245.192.253 - - [13/Jan/2015:08:12:44 -0500] "GET /forest/img/notify.gif HTTP/1.1" 304 -
201.245.192.253 - - [13/Jan/2015:08:12:44 -0500] "GET /forest/img/pantalla.gif HTTP/1.1" 304 -
201.245.192.253 - - [13/Jan/2015:08:12:44 -0500] "GET /forest/img/salir3.gif HTTP/1.1" 304 -
201.245.192.253 - - [13/Jan/2015:08:12:44 -0500] "GET /forest/img/panel/menu/add.png HTTP/1.1" 304 -
201.245.192.253 - - [13/Jan/2015:08:12:44 -0500] "GET /forest/img/panel/menu/folder.png HTTP/1.1" 304 -
201.245.192.253 - - [13/Jan/2015:08:12:44 -0500] "GET /forest/img/panel/menu/hoy.png HTTP/1.1" 304 -
201.245.192.253 - - [13/Jan/2015:08:12:44 -0500] "GET /forest/skins/gdocs-jar/css/autocomplete.css HTTP/1.1" 304 -
201.245.192.253 - - [13/Jan/2015:08:12:44 -0500] "GET /forest/skins/gdocs-jar/js/autocompletar2.js?version=1412.231748 HTTP/1.1" 304 -
201.245.192.253 - - [13/Jan/2015:08:12:44 -0500] "GET /forest/skins/gdocs-jar/js/xml_utilities.js?version=1412.231748 HTTP/1.1" 304 -
201.245.192.253 - - [13/Jan/2015:08:12:44 -0500] "GET /forest/js/inicio.js?version=1412.231748 HTTP/1.1" 304 -
201.245.192.253 - - [13/Jan/2015:08:12:44 -0500] "GET /forest/skins/gdocs-jar/img/cancel.gif HTTP/1.1" 304 -
201.245.192.253 - - [13/Jan/2015:08:12:44 -0500] "GET /forest/skins/gdocs-jar/js/misprocesos.js?version=1412.231748 HTTP/1.1" 304 -
201.245.192.253 - - [13/Jan/2015:08:12:44 -0500] "GET /forest/img/instanciar.gif HTTP/1.1" 304 -
201.245.192.253 - - [13/Jan/2015:08:12:44 -0500] "GET /forest/img/misdocumentos.gif HTTP/1.1" 304 -
201.245.192.253 - - [13/Jan/2015:08:12:44 -0500] "GET /forest/img/panel/menu/danger2.png HTTP/1.1" 304 -
201.245.192.253 - - [13/Jan/2015:08:12:44 -0500] "GET /forest/skins/gdocs-jar/css/tree.css HTTP/1.1" 304 -
201.245.192.253 - - [13/Jan/2015:08:12:44 -0500] "GET /forest/session.jsp?a=0.40336649782729056 HTTP/1.1" 200 4
190.248.69.62 - - [13/Jan/2015:08:12:48 -0500] "GET /BLA/boletinlegal/js/jquery.js HTTP/1.1" 200 57254
190.248.69.62 - - [13/Jan/2015:08:12:48 -0500] "GET /BLA/boletinlegal/js/jquery.scrollTo-min.js HTTP/1.1" 200 1150
190.248.69.62 - - [13/Jan/2015:08:12:48 -0500] "GET /BLA/boletinlegal/js/jquery.scrollShow.js HTTP/1.1" 200 4586
