66.249.67.67 - - [16/Jan/2015:01:47:37 -0500] "GET /BLA/resoluciones/RESOLUCIONES%202008/1629.pdf HTTP/1.1" 200 255044
190.26.210.162 - - [16/Jan/2015:01:48:01 -0500] "GET /BLA/boletinlegal/js/jquery.js HTTP/1.1" 200 57254
190.26.210.162 - - [16/Jan/2015:01:48:01 -0500] "GET /BLA/boletinlegal/js/jquery.scrollTo-min.js HTTP/1.1" 200 1150
190.26.210.162 - - [16/Jan/2015:01:48:01 -0500] "GET /BLA/boletinlegal/js/jquery.scrollShow.js HTTP/1.1" 200 4586
201.245.192.253 - - [16/Jan/2015:01:42:04 -0500] "GET /ForestMSG_SDA/channelAsync/template_word_17276338?X-Atmosphere-tracking-id=838e6141-054f-070d-4868-495f3a2f2944&X-Atmosphere-Framework=1.0.5&X-Atmosphere-Transport=long-polling&tabid=0.0928294702898711&X-Cache-Date=0&Content-Type=application/xml&_=1421390987593 HTTP/1.1" 200 8193
74.86.158.107 - - [16/Jan/2015:01:48:06 -0500] "HEAD / HTTP/1.1" 302 -
191.150.127.212 - - [16/Jan/2015:01:48:14 -0500] "GET /galeria/carrusel/Carrusel/jquery.thumbnailScroller.css HTTP/1.1" 200 2066
191.150.127.212 - - [16/Jan/2015:01:48:14 -0500] "GET /BLA/boletinlegal/js/jquery.js HTTP/1.1" 200 57254
191.150.127.212 - - [16/Jan/2015:01:48:14 -0500] "GET /BLA/boletinlegal/js/jquery.scrollTo-min.js HTTP/1.1" 200 1150
191.150.127.212 - - [16/Jan/2015:01:48:14 -0500] "GET /BLA/boletinlegal/js/jquery.scrollShow.js HTTP/1.1" 200 4586
191.150.127.212 - - [16/Jan/2015:01:48:14 -0500] "GET /galeria/carrusel/Carrusel/jquery-ui-1.8.13.custom.min.js HTTP/1.1" 200 10800
191.150.127.212 - - [16/Jan/2015:01:48:14 -0500] "GET /galeria/carrusel/Carrusel/jquery.thumbnailScroller.js HTTP/1.1" 200 8157
190.26.210.162 - - [16/Jan/2015:01:48:16 -0500] "GET /galeria/nivo-slider/demo/demo.html HTTP/1.1" 200 3150
190.26.210.162 - - [16/Jan/2015:01:48:16 -0500] "GET /galeria/carrusel/Carrusel/jquery.thumbnailScroller.css HTTP/1.1" 200 2066
190.26.210.162 - - [16/Jan/2015:01:48:16 -0500] "GET /galeria/carrusel/Carrusel/jquery-ui- HTTP/1.1" 404 1018
190.26.210.162 - - [16/Jan/2015:01:48:18 -0500] "GET /galeria/carrusel/Carrusel/jquery.thumbnailScroller.js HTTP/1.1" 200 8157
66.249.67.67 - - [16/Jan/2015:01:47:40 -0500] "GET /BLA/boletinlegal/index.php HTTP/1.1" 200 48211
66.249.67.67 - - [16/Jan/2015:01:48:20 -0500] "GET /BLA/resoluciones/RESOLUCIONES%202010/0235.pdf HTTP/1.1" 200 646562
190.26.210.162 - - [16/Jan/2015:01:48:27 -0500] "GET /videos/Spot_CambioClimatico.flv HTTP/1.1" 200 4371917
190.26.210.162 - - [16/Jan/2015:01:48:29 -0500] "GET /galeria/nivo-slider/demo/ HTTP/1.1" 200 2278
66.249.67.67 - - [16/Jan/2015:01:48:33 -0500] "GET /BLA/resoluciones/RESOLUCIONES%202010/1486.pdf HTTP/1.1" 200 514865
188.165.15.79 - - [16/Jan/2015:01:48:40 -0500] "GET /BLA/resoluciones/RESOLUCIONES%202004/RES%202004%20351-400/00000352.tif HTTP/1.1" 200 158834
66.249.67.67 - - [16/Jan/2015:01:48:52 -0500] "GET /BLA/resoluciones/RESOLUCIONES%202009/7081.pdf HTTP/1.1" 200 911641
180.76.5.95 - - [16/Jan/2015:01:48:56 -0500] "GET /BLA/boletinlegal;jsessionid=4B4A7278AA113B77D5CBC4A327B0B699?/? HTTP/1.1" 404 1018
190.26.210.162 - - [16/Jan/2015:01:48:16 -0500] "GET /BLA/boletinlegal/index.php? HTTP/1.1" 200 44048
66.249.67.67 - - [16/Jan/2015:01:49:01 -0500] "GET /BLA/resoluciones/RESOLUCIONES%202009/4578.pdf HTTP/1.1" 200 637015
188.165.15.212 - - [16/Jan/2015:01:49:10 -0500] "GET /BLA/resoluciones/index.php?dir=RESOLUCIONES%202006/RES%202006%201801-1850/&sort=name&order=asc HTTP/1.1" 200 12357
190.158.168.237 - - [16/Jan/2015:01:49:11 -0500] "GET /BLA/boletinlegal/js/jquery.js HTTP/1.1" 200 57254
190.158.168.237 - - [16/Jan/2015:01:49:11 -0500] "GET /BLA/boletinlegal/js/jquery.scrollTo-min.js HTTP/1.1" 200 1150
190.158.168.237 - - [16/Jan/2015:01:49:11 -0500] "GET /BLA/boletinlegal/js/jquery.scrollShow.js HTTP/1.1" 200 4586
66.249.67.75 - - [16/Jan/2015:01:49:29 -0500] "GET /BLA/resoluciones/RESOLUCIONES%202013/0680.pdf HTTP/1.1" 200 395739
188.165.15.239 - - [16/Jan/2015:01:49:48 -0500] "GET /BLA/resoluciones/RESOLUCIONES%202005/RES%202005%202451-2500/00002477.tif HTTP/1.1" 200 304834
66.249.67.83 - - [16/Jan/2015:01:49:56 -0500] "GET /BLA/resoluciones/RESOLUCIONES%202008/0618.pdf HTTP/1.1" 200 169290
188.165.15.44 - - [16/Jan/2015:01:50:21 -0500] "GET /BLA/resoluciones/RESOLUCIONES%202004/RES%202004%201251-1300/00001264.tif HTTP/1.1" 200 143374
66.249.67.75 - - [16/Jan/2015:01:50:24 -0500] "GET /BLA/resoluciones/RESOLUCIONES%202011/2058.pdf HTTP/1.1" 200 510905
187.233.254.74 - - [16/Jan/2015:01:50:27 -0500] "GET /BLA/boletinlegal/js/jquery.js HTTP/1.1" 200 57254
187.233.254.74 - - [16/Jan/2015:01:50:27 -0500] "GET /BLA/boletinlegal/js/jquery.scrollTo-min.js HTTP/1.1" 200 1150
187.233.254.74 - - [16/Jan/2015:01:50:27 -0500] "GET /BLA/boletinlegal/js/jquery.scrollShow.js HTTP/1.1" 200 4586
188.165.15.21 - - [16/Jan/2015:01:50:33 -0500] "GET /BLA/resoluciones/RESOLUCIONES%202006/RES%202006%20%202951-3000/00002985.tif HTTP/1.1" 200 37332
186.14.3.220 - - [16/Jan/2015:01:50:45 -0500] "GET /BLA/resoluciones/RESOLUCIONES%202009/3939.pdf HTTP/1.1" 200 1022087
186.14.3.220 - - [16/Jan/2015:01:50:45 -0500] "GET /favicon.ico HTTP/1.1" 200 7782
186.14.3.220 - - [16/Jan/2015:01:50:45 -0500] "GET /BLA/resoluciones/RESOLUCIONES%202009/3939.pdf HTTP/1.1" 206 32768
186.14.3.220 - - [16/Jan/2015:01:50:46 -0500] "GET /BLA/resoluciones/RESOLUCIONES%202009/3939.pdf HTTP/1.1" 206 989319
66.249.67.83 - - [16/Jan/2015:01:50:52 -0500] "GET /BLA/resoluciones/RESOLUCIONES%202011/4646.pdf HTTP/1.1" 200 628826
66.249.67.83 - - [16/Jan/2015:01:51:15 -0500] "GET /BLA/resoluciones/RESOLUCIONES%202009/7276.pdf HTTP/1.1" 200 295591
66.249.67.83 - - [16/Jan/2015:01:51:20 -0500] "GET /BLA/resoluciones/RESOLUCIONES%202009/4876.pdf HTTP/1.1" 200 733084
188.165.15.239 - - [16/Jan/2015:01:51:28 -0500] "GET /BLA/resoluciones/RESOLUCIONES%202004/RES%202004%201901-1950/00001944.tif HTTP/1.1" 200 45270
66.249.67.67 - - [16/Jan/2015:01:51:39 -0500] "GET /galeria/nivo-slider/demo/images/Banner-Ecourbanismo.jpg HTTP/1.1" 200 189838
66.249.67.83 - - [16/Jan/2015:01:51:41 -0500] "GET /BLA/resoluciones/AUTOS%202006/AUTOS%202006%20501-600/00000554.tif HTTP/1.1" 200 96434
186.31.115.76 - - [16/Jan/2015:01:51:42 -0500] "GET /BLA/boletinlegal/js/jquery.scrollTo-min.js HTTP/1.1" 200 1150
186.31.115.76 - - [16/Jan/2015:01:51:42 -0500] "GET /BLA/boletinlegal/js/jquery.js HTTP/1.1" 200 57254
186.31.115.76 - - [16/Jan/2015:01:51:42 -0500] "GET /BLA/boletinlegal/js/jquery.scrollShow.js HTTP/1.1" 200 4586
66.249.67.83 - - [16/Jan/2015:01:51:47 -0500] "GET /BLA/resoluciones/RESOLUCIONES%202007/RES%202007%202401%20AL%202500/RESOLUCION%202430%20DE%202007.pdf HTTP/1.1" 200 185250
66.249.67.75 - - [16/Jan/2015:01:51:49 -0500] "GET /BLA/resoluciones/RESOLUCIONES%202009/8545.pdf HTTP/1.1" 200 483445
66.249.67.75 - - [16/Jan/2015:01:52:16 -0500] "GET /BLA/resoluciones/RESOLUCIONES%202008/3656.pdf HTTP/1.1" 200 730428
190.66.68.188 - - [16/Jan/2015:01:52:20 -0500] "GET /forest/session.jsp?a=0.041503539256896094 HTTP/1.1" 200 4
66.249.67.67 - - [16/Jan/2015:01:52:44 -0500] "GET /BLA/resoluciones/RESOLUCIONES%202010/2308.pdf HTTP/1.1" 200 511199
74.86.158.107 - - [16/Jan/2015:01:53:06 -0500] "HEAD / HTTP/1.1" 302 -
66.249.67.67 - - [16/Jan/2015:01:53:11 -0500] "GET /BLA/resoluciones/RESOLUCIONES%202009/3060.pdf HTTP/1.1" 200 619669
94.23.19.178 - - [16/Jan/2015:01:53:13 -0500] "GET /robots.txt HTTP/1.0" 404 1015
94.23.19.178 - - [16/Jan/2015:01:53:16 -0500] "GET /Anexos%20estudio%20Organizacional%20SDA/index.php?dir=ANEXO%20No.%201-%20NORMAS%20LEGALES%20DE%20ESTRUCTURA%20Y%20PLANTA/&sort=date&order=asc HTTP/1.0" 200 11016
94.23.19.178 - - [16/Jan/2015:01:53:21 -0500] "GET /Anexos%20estudio%20Organizacional%20SDA/index.php?dir=ANEXO%20No.%201-%20NORMAS%20LEGALES%20DE%20ESTRUCTURA%20Y%20PLANTA/&sort=name&order=desc HTTP/1.0" 200 11015
94.23.19.178 - - [16/Jan/2015:01:53:25 -0500] "GET /Anexos%20estudio%20Organizacional%20SDA/index.php?dir=ANEXO%20No.%201-%20NORMAS%20LEGALES%20DE%20ESTRUCTURA%20Y%20PLANTA/&sort=size&order=asc HTTP/1.0" 200 11016
94.23.19.178 - - [16/Jan/2015:01:53:27 -0500] "GET /Anexos%20estudio%20Organizacional%20SDA/index.php?dir=ANEXO%20No.%201-%20NORMAS%20LEGALES%20DE%20ESTRUCTURA%20Y%20PLANTA/Decreto%20109%20de%202009%20-%20Modifica%20la%20estructura%20de%20la%20SDA.jsp_files/ HTTP/1.0" 200 10511
180.76.4.92 - - [16/Jan/2015:01:53:29 -0500] "GET / HTTP/1.1" 302 -
66.249.67.67 - - [16/Jan/2015:01:53:39 -0500] "GET /BLA/resoluciones/RESOLUCIONES%202010/1549.pdf HTTP/1.1" 200 433491
94.23.19.178 - - [16/Jan/2015:01:53:45 -0500] "GET /Anexos%20estudio%20Organizacional%20SDA/index.php?dir=ANEXO%20No.%201-%20NORMAS%20LEGALES%20DE%20ESTRUCTURA%20Y%20PLANTA/Decreto%20175%20de%202009%20_files/ HTTP/1.0" 200 9181
94.23.19.178 - - [16/Jan/2015:01:53:48 -0500] "GET /Anexos%20estudio%20Organizacional%20SDA/index.php?dir=ANEXO%20No.%201-%20NORMAS%20LEGALES%20DE%20ESTRUCTURA%20Y%20PLANTA/Decreto%20175%20de%202009_files/ HTTP/1.0" 200 9143
94.23.19.178 - - [16/Jan/2015:01:53:51 -0500] "GET /Anexos%20estudio%20Organizacional%20SDA/index.php?dir=ANEXO%20No.%201-%20NORMAS%20LEGALES%20DE%20ESTRUCTURA%20Y%20PLANTA/Decreto%20308%20de%202001%20-%20Modifica%20estructura%20del%20DAMA.jsp_files/ HTTP/1.0" 200 10793
94.23.19.178 - - [16/Jan/2015:01:53:55 -0500] "GET /Anexos%20estudio%20Organizacional%20SDA/index.php?dir=ANEXO%20No.%201-%20NORMAS%20LEGALES%20DE%20ESTRUCTURA%20Y%20PLANTA/Decreto%20561%20de%202006%20-%20Establece%20estructura%20de%20la%20SDA.jsp_files/ HTTP/1.0" 200 10435
94.23.19.178 - - [16/Jan/2015:01:54:00 -0500] "GET /Anexos%20estudio%20Organizacional%20SDA/index.php?dir=ANEXO%20No.%201-%20NORMAS%20LEGALES%20DE%20ESTRUCTURA%20Y%20PLANTA/Decreto%20562%20de%202006%20-%20Establece%20planta%20de%20cargos%20de%20SDA.jsp_files/ HTTP/1.0" 200 10549
66.249.67.83 - - [16/Jan/2015:01:54:07 -0500] "GET /BLA/resoluciones/RESOLUCIONES%202008/2662.pdf HTTP/1.1" 200 278297
94.23.19.178 - - [16/Jan/2015:01:54:10 -0500] "GET /Anexos%20estudio%20Organizacional%20SDA/index.php?dir=ANEXO%20No.%201-%20NORMAS%20LEGALES%20DE%20ESTRUCTURA%20Y%20PLANTA/Decreto%20631%20de%202007-%20Modifica%20planta%20de%20SDA.jsp_files/ HTTP/1.0" 200 10093
94.23.19.178 - - [16/Jan/2015:01:54:19 -0500] "GET /Anexos%20estudio%20Organizacional%20SDA/index.php?dir=ANEXO%20No.%201-%20NORMAS%20LEGALES%20DE%20ESTRUCTURA%20Y%20PLANTA/Decreto%20673%20de%201995%20Reestructura%20el%20DAMA_files/ HTTP/1.0" 200 9347
94.23.19.178 - - [16/Jan/2015:01:54:21 -0500] "GET /Anexos%20estudio%20Organizacional%20SDA/index.php?dir=ANEXO%20No.%201-%20NORMAS%20LEGALES%20DE%20ESTRUCTURA%20Y%20PLANTA/Decreto%20distrital%20110%20de%202009%20-%20modifica%20planta%20de%20empleos%20SDA.jsp_files/ HTTP/1.0" 200 10815
188.165.15.138 - - [16/Jan/2015:01:54:25 -0500] "GET /BLA/resoluciones/RESOLUCIONES%202002/RES%202002%201801-1850/20021838.tif HTTP/1.1" 200 119698
94.23.19.178 - - [16/Jan/2015:01:54:29 -0500] "GET /Anexos%20estudio%20Organizacional%20SDA/index.php?dir=ANEXO%20No.%201-%20NORMAS%20LEGALES%20DE%20ESTRUCTURA%20Y%20PLANTA/Ley%2099%20de%201993%20-%20Crea%20MimAmbiente_files/ HTTP/1.0" 200 9115
94.23.19.178 - - [16/Jan/2015:01:54:33 -0500] "GET /Anexos%20estudio%20Organizacional%20SDA/index.php?dir=ANEXO%20No.%2010%20-%20COSTO%20DETALLADO%20PLANTA%20DE%20CARGOS%20ACTUAL/&sort=date&order=desc HTTP/1.0" 200 2420
66.249.67.67 - - [16/Jan/2015:01:54:35 -0500] "GET /BLA/resoluciones/RESOLUCIONES%202010/3400.pdf HTTP/1.1" 200 314903
188.165.15.212 - - [16/Jan/2015:01:54:35 -0500] "GET /BLA/resoluciones/RESOLUCIONES%202003/RES%202003%201651-1700/20031659.tif HTTP/1.1" 200 255682
94.23.19.178 - - [16/Jan/2015:01:54:35 -0500] "GET /Anexos%20estudio%20Organizacional%20SDA/index.php?dir=ANEXO%20No.%2010%20-%20COSTO%20DETALLADO%20PLANTA%20DE%20CARGOS%20ACTUAL/&sort=size&order=desc HTTP/1.0" 200 2420
94.23.19.178 - - [16/Jan/2015:01:54:37 -0500] "GET /Anexos%20estudio%20Organizacional%20SDA/index.php?dir=ANEXO%20No.%202%20-%20EJECUCIONES%20PRESUPUESTALES%202008-2011%20Y%20PRESUPUESTO%202012/&sort=date&order=desc HTTP/1.0" 200 3707
94.23.19.178 - - [16/Jan/2015:01:54:39 -0500] "GET /Anexos%20estudio%20Organizacional%20SDA/index.php?dir=ANEXO%20No.%202%20-%20EJECUCIONES%20PRESUPUESTALES%202008-2011%20Y%20PRESUPUESTO%202012/&sort=size&order=desc HTTP/1.0" 200 3707
94.23.19.178 - - [16/Jan/2015:01:54:41 -0500] "GET /Anexos%20estudio%20Organizacional%20SDA/index.php?dir=ANEXO%20No.%205%20-%20ESTUDIO%20Y%20PROPUESTA%20SERAMB%20IENTE/&sort=date&order=desc HTTP/1.0" 200 3622
94.23.19.178 - - [16/Jan/2015:01:54:44 -0500] "GET /Anexos%20estudio%20Organizacional%20SDA/index.php?dir=ANEXO%20No.%205%20-%20ESTUDIO%20Y%20PROPUESTA%20SERAMB%20IENTE/&sort=size&order=desc HTTP/1.0" 200 3622
94.23.19.178 - - [16/Jan/2015:01:54:48 -0500] "GET /Anexos%20estudio%20Organizacional%20SDA/index.php?dir=ANEXO%20No.%207%20-%20PROYECTO%20DE%20DECRETO%20MODIFICATORIO%20DE%20ESTRUCTURA%20DE%20LA%20SDA/&sort=date&order=desc HTTP/1.0" 200 2593
94.23.19.178 - - [16/Jan/2015:01:54:53 -0500] "GET /Anexos%20estudio%20Organizacional%20SDA/index.php?dir=ANEXO%20No.%207%20-%20PROYECTO%20DE%20DECRETO%20MODIFICATORIO%20DE%20ESTRUCTURA%20DE%20LA%20SDA/&sort=size&order=desc HTTP/1.0" 200 2593
94.23.19.178 - - [16/Jan/2015:01:55:00 -0500] "GET /Anexos%20estudio%20Organizacional%20SDA/index.php?dir=ANEXO%20No.11-PROYECTO%20DE%20DECRETO%20MODIFICATORIO%20PLANTA%20DE%20CARGOS%20SDA/&sort=date&order=desc HTTP/1.0" 200 2568
66.249.67.83 - - [16/Jan/2015:01:55:03 -0500] "GET /BLA/resoluciones/RESOLUCIONES%202009/2118.pdf HTTP/1.1" 200 542895
201.245.192.253 - - [16/Jan/2015:01:49:04 -0500] "GET /ForestMSG_SDA/channelAsync/template_word_17276338?X-Atmosphere-tracking-id=8efd645e-417c-4ff8-273a-0946f876e14b&X-Atmosphere-Framework=1.0.5&X-Atmosphere-Transport=long-polling&tabid=0.0928294702898711&X-Cache-Date=0&Content-Type=application/xml&_=1421391407624 HTTP/1.1" 200 8193
94.23.19.178 - - [16/Jan/2015:01:55:08 -0500] "GET /Anexos%20estudio%20Organizacional%20SDA/index.php?dir=ANEXO%20No.11-PROYECTO%20DE%20DECRETO%20MODIFICATORIO%20PLANTA%20DE%20CARGOS%20SDA/&sort=size&order=desc HTTP/1.0" 200 2568
94.23.19.178 - - [16/Jan/2015:01:55:09 -0500] "GET /Anexos%20estudio%20Organizacional%20SDA/index.php?dir=ANEXO%20No.12-PROYECTO%20ACTUALIZACION%20MANUAL%20DE%20FUNCIONES%20SDA/&sort=date&order=desc HTTP/1.0" 200 2514
186.31.115.76 - - [16/Jan/2015:01:55:11 -0500] "GET /galeria/carrusel/Carrusel/jquery.thumbnailScroller.css HTTP/1.1" 200 2066
186.31.115.76 - - [16/Jan/2015:01:55:11 -0500] "GET /galeria/carrusel/Carrusel/jquery-ui-1.8.13.custom.min.js HTTP/1.1" 200 10800
186.31.115.76 - - [16/Jan/2015:01:55:11 -0500] "GET /galeria/carrusel/Carrusel/jquery.thumbnailScroller.js HTTP/1.1" 200 8157
186.31.115.76 - - [16/Jan/2015:01:55:15 -0500] "GET /galeria/nivo-slider/demo/demo.html HTTP/1.1" 200 3150
94.23.19.178 - - [16/Jan/2015:01:55:15 -0500] "GET /Anexos%20estudio%20Organizacional%20SDA/index.php?dir=ANEXO%20No.12-PROYECTO%20ACTUALIZACION%20MANUAL%20DE%20FUNCIONES%20SDA/&sort=size&order=desc HTTP/1.0" 200 2514
186.31.115.76 - - [16/Jan/2015:01:55:15 -0500] "GET /galeria/nivo-slider/themes/default/default.css HTTP/1.1" 200 1569
186.31.115.76 - - [16/Jan/2015:01:55:15 -0500] "GET /galeria/nivo-slider/themes/pascal/pascal.css HTTP/1.1" 200 2258
186.31.115.76 - - [16/Jan/2015:01:55:15 -0500] "GET /galeria/nivo-slider/nivo-slider.css HTTP/1.1" 200 1507
186.31.115.76 - - [16/Jan/2015:01:55:15 -0500] "GET /galeria/nivo-slider/themes/orman/orman.css HTTP/1.1" 200 2152
186.31.115.76 - - [16/Jan/2015:01:55:15 -0500] "GET /galeria/nivo-slider/demo/style.css HTTP/1.1" 200 2222
186.31.115.76 - - [16/Jan/2015:01:55:15 -0500] "GET /galeria/nivo-slider/demo/images/bolsas-08.jpg HTTP/1.1" 200 85589
186.31.115.76 - - [16/Jan/2015:01:55:15 -0500] "GET /galeria/nivo-slider/demo/images/Ruta-vertimientos-01.jpg HTTP/1.1" 200 130151
186.31.115.76 - - [16/Jan/2015:01:55:15 -0500] "GET /galeria/nivo-slider/demo/images/bolsas-06.jpg HTTP/1.1" 200 90982
186.31.115.76 - - [16/Jan/2015:01:55:15 -0500] "GET /galeria/nivo-slider/demo/images/ecolecta-Dic2014.png HTTP/1.1" 200 288593
186.31.115.76 - - [16/Jan/2015:01:55:15 -0500] "GET /galeria/nivo-slider/demo/images/porloshumedales.jpg HTTP/1.1" 200 351238
186.31.115.76 - - [16/Jan/2015:01:55:15 -0500] "GET /galeria/nivo-slider/demo/images/Tingua-azul.jpg HTTP/1.1" 200 307638
186.31.115.76 - - [16/Jan/2015:01:55:16 -0500] "GET /galeria/nivo-slider/demo/scripts/jquery-1.7.1.min.js HTTP/1.1" 200 93868
186.31.115.76 - - [16/Jan/2015:01:55:17 -0500] "GET /galeria/nivo-slider/demo/images/Banner-Caracol-Africano.jpg HTTP/1.1" 200 331986
186.31.115.76 - - [16/Jan/2015:01:55:17 -0500] "GET /galeria/nivo-slider/jquery.nivo.slider.pack.js HTTP/1.1" 200 11561
186.31.115.76 - - [16/Jan/2015:01:55:20 -0500] "GET /galeria/nivo-slider/demo/images/banner-caballos.png HTTP/1.1" 200 389106
186.31.115.76 - - [16/Jan/2015:01:55:20 -0500] "GET /galeria/nivo-slider/demo/images/banner-redes.jpg HTTP/1.1" 200 62209
186.31.115.76 - - [16/Jan/2015:01:55:15 -0500] "GET /galeria/nivo-slider/demo/images/banner-llantas2.jpg HTTP/1.1" 200 73153
186.31.115.76 - - [16/Jan/2015:01:55:21 -0500] "GET /galeria/nivo-slider/demo/images/9Signos.jpg HTTP/1.1" 200 93040
186.31.115.76 - - [16/Jan/2015:01:55:22 -0500] "GET /galeria/nivo-slider/demo/images/4Simple_Slider.png HTTP/1.1" 200 11722
186.31.115.76 - - [16/Jan/2015:01:55:22 -0500] "GET /galeria/nivo-slider/themes/default/loading.gif HTTP/1.1" 200 1737
94.23.19.178 - - [16/Jan/2015:01:55:22 -0500] "GET /Autoliquidacion/index.php?dir=Cobro%20Clasificacion%20Uso%20De%20Vivenda%20En%20Suelo%20Restringido/&sort=date&order=desc HTTP/1.0" 200 3194
186.31.115.76 - - [16/Jan/2015:01:55:23 -0500] "GET /galeria/nivo-slider/themes/default/arrows.png HTTP/1.1" 200 824
186.31.115.76 - - [16/Jan/2015:01:55:24 -0500] "GET /galeria/nivo-slider/themes/default/bullets.png HTTP/1.1" 200 1281
94.23.19.178 - - [16/Jan/2015:01:55:27 -0500] "GET /Autoliquidacion/index.php?dir=Cobro%20Clasificacion%20Uso%20De%20Vivenda%20En%20Suelo%20Restringido/&sort=size&order=desc HTTP/1.0" 200 3194
66.249.67.75 - - [16/Jan/2015:01:55:31 -0500] "GET /BLA/resoluciones/RESOLUCIONES%202008/5701.pdf HTTP/1.1" 200 210395
94.23.19.178 - - [16/Jan/2015:01:55:32 -0500] "GET /Autoliquidacion/index.php?dir=Cobro%20Clasificacion%20Uso%20De%20Vivenda%20En%20Suelo%20Restringido/COMPATIBILIDAD%20USO%20DE%20VIVIENDA/&sort=date&order=asc HTTP/1.0" 200 2813
94.23.19.178 - - [16/Jan/2015:01:55:36 -0500] "GET /Autoliquidacion/index.php?dir=Cobro%20Clasificacion%20Uso%20De%20Vivenda%20En%20Suelo%20Restringido/COMPATIBILIDAD%20USO%20DE%20VIVIENDA/&sort=name&order=desc HTTP/1.0" 200 2812
94.23.19.178 - - [16/Jan/2015:01:55:38 -0500] "GET /Autoliquidacion/index.php?dir=Cobro%20Clasificacion%20Uso%20De%20Vivenda%20En%20Suelo%20Restringido/COMPATIBILIDAD%20USO%20DE%20VIVIENDA/&sort=size&order=asc HTTP/1.0" 200 2813
94.23.19.178 - - [16/Jan/2015:01:55:55 -0500] "GET /Autoliquidacion/index.php?dir=Fauna%20Silvestre/&sort=date&order=desc HTTP/1.0" 200 3501
94.23.19.178 - - [16/Jan/2015:01:55:58 -0500] "GET /Autoliquidacion/index.php?dir=Fauna%20Silvestre/&sort=size&order=desc HTTP/1.0" 200 3501
66.249.67.75 - - [16/Jan/2015:01:55:59 -0500] "GET /BLA/resoluciones/RESOLUCIONES%202007/RES%202007%202701%20AL%202800/RESOLUCION%202786%20%20DE%202007.pdf HTTP/1.1" 200 702851
94.23.19.178 - - [16/Jan/2015:01:56:01 -0500] "GET /Autoliquidacion/index.php?dir=PERMISO%20DE%20OCUPACION%20DE%20SUELO/&sort=date&order=desc HTTP/1.0" 200 2393
94.23.19.178 - - [16/Jan/2015:01:56:10 -0500] "GET /Autoliquidacion/index.php?dir=PERMISO%20DE%20OCUPACION%20DE%20SUELO/&sort=size&order=desc HTTP/1.0" 200 2393
94.23.19.178 - - [16/Jan/2015:01:56:20 -0500] "GET /Autoliquidacion/index.php?dir=Plan%20de%20manejo%20ambiental%20para%20sitios%20de%20aprovechamiento%20y%20o%20disposicion%20final%20de%20escombros/&sort=date&order=desc HTTP/1.0" 200 2522
94.23.19.178 - - [16/Jan/2015:01:56:25 -0500] "GET /Autoliquidacion/index.php?dir=Plan%20de%20manejo%20ambiental%20para%20sitios%20de%20aprovechamiento%20y%20o%20disposicion%20final%20de%20escombros/&sort=size&order=desc HTTP/1.0" 200 2522
66.249.67.75 - - [16/Jan/2015:01:56:26 -0500] "GET /BLA/resoluciones/RESOLUCIONES%202008/4970.pdf HTTP/1.1" 200 211422
94.23.19.178 - - [16/Jan/2015:01:56:28 -0500] "GET /Autoliquidacion/index.php?dir=Solicitud%20de%20Licencia%20Ambiental/&sort=date&order=desc HTTP/1.0" 200 2641
94.23.19.178 - - [16/Jan/2015:01:56:29 -0500] "GET /Autoliquidacion/index.php?dir=Solicitud%20de%20Licencia%20Ambiental/&sort=size&order=desc HTTP/1.0" 200 2641
94.23.19.178 - - [16/Jan/2015:01:56:34 -0500] "GET /Autoliquidacion/index.php?dir=Solicitudes%20relacionadas%20con%20calidad%20del%20aire%20auditiva%20y%20visual/&sort=date&order=desc HTTP/1.0" 200 5747
94.23.19.178 - - [16/Jan/2015:01:56:40 -0500] "GET /Autoliquidacion/index.php?dir=Solicitudes%20relacionadas%20con%20calidad%20del%20aire%20auditiva%20y%20visual/&sort=size&order=desc HTTP/1.0" 200 5747
94.23.19.178 - - [16/Jan/2015:01:56:49 -0500] "GET /Autoliquidacion/index.php?dir=Solicitudes%20relacionadas%20con%20calidad%20del%20aire%20auditiva%20y%20visual/Registro%20de%20Elementos%20de%20publicidad%20Exterior%20Visual/&sort=date&order=asc HTTP/1.0" 200 4037
94.23.19.178 - - [16/Jan/2015:01:56:52 -0500] "GET /Autoliquidacion/index.php?dir=Solicitudes%20relacionadas%20con%20calidad%20del%20aire%20auditiva%20y%20visual/Registro%20de%20Elementos%20de%20publicidad%20Exterior%20Visual/&sort=name&order=desc HTTP/1.0" 200 4036
66.249.67.83 - - [16/Jan/2015:01:56:54 -0500] "GET /BLA/resoluciones/RESOLUCIONES%202009/2580.pdf HTTP/1.1" 200 466709
94.23.19.178 - - [16/Jan/2015:01:56:56 -0500] "GET /Autoliquidacion/index.php?dir=Solicitudes%20relacionadas%20con%20calidad%20del%20aire%20auditiva%20y%20visual/Registro%20de%20Elementos%20de%20publicidad%20Exterior%20Visual/&sort=size&order=asc HTTP/1.0" 200 4037
94.23.19.178 - - [16/Jan/2015:01:57:03 -0500] "GET /PORTAL_SIAC/swf/?C=D;O=A HTTP/1.0" 200 6169
94.23.19.178 - - [16/Jan/2015:01:57:11 -0500] "GET /PORTAL_SIAC/swf/?C=M;O=A HTTP/1.0" 200 6169
94.23.19.178 - - [16/Jan/2015:01:57:14 -0500] "GET /PORTAL_SIAC/swf/?C=S;O=A HTTP/1.0" 200 6169
94.23.19.178 - - [16/Jan/2015:01:57:18 -0500] "GET /POT-2013/index.php?dir=DTS/&sort=date&order=desc HTTP/1.0" 200 1770
94.23.19.178 - - [16/Jan/2015:01:57:20 -0500] "GET /POT-2013/index.php?dir=DTS/&sort=size&order=desc HTTP/1.0" 200 1770
190.66.68.188 - - [16/Jan/2015:01:57:20 -0500] "GET /forest/session.jsp?a=0.9975725807141171 HTTP/1.1" 200 4
66.249.67.75 - - [16/Jan/2015:01:57:21 -0500] "GET /BLA/resoluciones/RESOLUCIONES%202008/2918.pdf HTTP/1.1" 200 254250
66.249.67.83 - - [16/Jan/2015:01:57:22 -0500] "GET /BLA/resoluciones/RESOLUCIONES%202010/6885.pdf HTTP/1.1" 200 415164
94.23.19.178 - - [16/Jan/2015:01:57:31 -0500] "GET /POT-2013/index.php?dir=SEGUIMIENTO/&sort=date&order=desc HTTP/1.0" 200 2146
94.23.19.178 - - [16/Jan/2015:01:57:32 -0500] "GET /POT-2013/index.php?dir=SEGUIMIENTO/&sort=size&order=desc HTTP/1.0" 200 2146
94.23.19.178 - - [16/Jan/2015:01:57:34 -0500] "GET /POT-2013/index.php?dir=expediente/&sort=date&order=desc HTTP/1.0" 200 1902
94.23.19.178 - - [16/Jan/2015:01:57:36 -0500] "GET /POT-2013/index.php?dir=expediente/&sort=size&order=desc HTTP/1.0" 200 1902
94.23.19.178 - - [16/Jan/2015:01:57:42 -0500] "GET /POT-2013/index.php?dir=memoria%20justificativa/&sort=date&order=desc HTTP/1.0" 200 2483
181.135.159.76 - - [16/Jan/2015:01:57:43 -0500] "GET /galeria/carrusel/Carrusel/jquery.thumbnailScroller.css HTTP/1.1" 200 2066
181.135.159.76 - - [16/Jan/2015:01:57:43 -0500] "GET /galeria/carrusel/Carrusel/jquery-ui-1.8.13.custom.min.js HTTP/1.1" 200 10800
181.135.159.76 - - [16/Jan/2015:01:57:43 -0500] "GET /BLA/boletinlegal/js/jquery.scrollTo-min.js HTTP/1.1" 200 1150
181.135.159.76 - - [16/Jan/2015:01:57:43 -0500] "GET /BLA/boletinlegal/js/jquery.scrollShow.js HTTP/1.1" 200 4586
181.135.159.76 - - [16/Jan/2015:01:57:43 -0500] "GET /galeria/carrusel/Carrusel/jquery.thumbnailScroller.js HTTP/1.1" 200 8157
181.135.159.76 - - [16/Jan/2015:01:57:43 -0500] "GET /BLA/boletinlegal/js/jquery.js HTTP/1.1" 200 57254
94.23.19.178 - - [16/Jan/2015:01:57:44 -0500] "GET /POT-2013/index.php?dir=memoria%20justificativa/&sort=size&order=desc HTTP/1.0" 200 2483
94.23.19.178 - - [16/Jan/2015:01:57:47 -0500] "GET /formularios/?C=N;O=A HTTP/1.0" 200 961
181.135.159.76 - - [16/Jan/2015:01:57:50 -0500] "GET /galeria/nivo-slider/demo/demo.html HTTP/1.1" 200 3150
181.135.159.76 - - [16/Jan/2015:01:57:50 -0500] "GET /galeria/nivo-slider/themes/default/default.css HTTP/1.1" 200 1569
181.135.159.76 - - [16/Jan/2015:01:57:50 -0500] "GET /galeria/nivo-slider/themes/pascal/pascal.css HTTP/1.1" 200 2258
181.135.159.76 - - [16/Jan/2015:01:57:50 -0500] "GET /galeria/nivo-slider/jquery.nivo.slider.pack.js HTTP/1.1" 200 11561
181.135.159.76 - - [16/Jan/2015:01:57:50 -0500] "GET /galeria/nivo-slider/themes/orman/orman.css HTTP/1.1" 200 2152
181.135.159.76 - - [16/Jan/2015:01:57:50 -0500] "GET /galeria/nivo-slider/demo/scripts/jquery-1.7.1.min.js HTTP/1.1" 200 93868
181.135.159.76 - - [16/Jan/2015:01:57:50 -0500] "GET /galeria/nivo-slider/demo/style.css HTTP/1.1" 200 2222
181.135.159.76 - - [16/Jan/2015:01:57:50 -0500] "GET /galeria/nivo-slider/nivo-slider.css HTTP/1.1" 200 1507
66.249.67.119 - - [16/Jan/2015:01:57:50 -0500] "GET /Autoliquidacion/index.php?dir=Solicitud+de+Clasificaci%F3n+de+Impacto+Ambiental%2F HTTP/1.1" 200 3366
181.135.159.76 - - [16/Jan/2015:01:57:53 -0500] "GET /galeria/nivo-slider/demo/images/4Simple_Slider.png HTTP/1.1" 200 11722
181.135.159.76 - - [16/Jan/2015:01:57:53 -0500] "GET /galeria/nivo-slider/themes/default/loading.gif HTTP/1.1" 200 1737
181.135.159.76 - - [16/Jan/2015:01:57:54 -0500] "GET /galeria/nivo-slider/demo/images/bolsas-08.jpg HTTP/1.1" 200 85589
181.135.159.76 - - [16/Jan/2015:01:57:54 -0500] "GET /galeria/nivo-slider/demo/images/Ruta-vertimientos-01.jpg HTTP/1.1" 200 130151
94.23.19.178 - - [16/Jan/2015:01:57:55 -0500] "GET /galeria/Carrusel2/?C=D;O=D HTTP/1.0" 200 2143
181.135.159.76 - - [16/Jan/2015:01:57:55 -0500] "GET /galeria/nivo-slider/demo/images/bolsas-06.jpg HTTP/1.1" 200 90982
181.135.159.76 - - [16/Jan/2015:01:57:56 -0500] "GET /galeria/nivo-slider/demo/images/ecolecta-Dic2014.png HTTP/1.1" 200 288593
181.135.159.76 - - [16/Jan/2015:01:57:56 -0500] "GET /galeria/nivo-slider/demo/images/porloshumedales.jpg HTTP/1.1" 200 351238
94.23.19.178 - - [16/Jan/2015:01:57:59 -0500] "GET /galeria/Carrusel2/?C=M;O=D HTTP/1.0" 200 2143
94.23.19.178 - - [16/Jan/2015:01:58:01 -0500] "GET /galeria/Carrusel2/?C=N;O=D HTTP/1.0" 200 2143
181.135.159.76 - - [16/Jan/2015:01:58:02 -0500] "GET /galeria/nivo-slider/demo/images/Tingua-azul.jpg HTTP/1.1" 200 307638
181.135.159.76 - - [16/Jan/2015:01:58:02 -0500] "GET /galeria/nivo-slider/demo/images/Banner-Caracol-Africano.jpg HTTP/1.1" 200 331986
181.135.159.76 - - [16/Jan/2015:01:58:04 -0500] "GET /galeria/nivo-slider/demo/images/banner-redes.jpg HTTP/1.1" 200 62209
74.86.158.107 - - [16/Jan/2015:01:58:06 -0500] "HEAD / HTTP/1.1" 302 -
181.135.159.76 - - [16/Jan/2015:01:58:07 -0500] "GET /galeria/nivo-slider/demo/images/9Signos.jpg HTTP/1.1" 200 93040
94.23.19.178 - - [16/Jan/2015:01:58:09 -0500] "GET /galeria/juegos/?C=D;O=D HTTP/1.0" 200 2027
181.135.159.76 - - [16/Jan/2015:01:58:09 -0500] "GET /galeria/nivo-slider/demo/images/banner-llantas2.jpg HTTP/1.1" 200 73153
94.23.19.178 - - [16/Jan/2015:01:58:13 -0500] "GET /galeria/juegos/?C=M;O=D HTTP/1.0" 200 2027
94.23.19.178 - - [16/Jan/2015:01:58:15 -0500] "GET /galeria/juegos/?C=N;O=D HTTP/1.0" 200 2027
94.23.19.178 - - [16/Jan/2015:01:58:18 -0500] "GET /galeria/juegos/?C=S;O=D HTTP/1.0" 200 2027
66.249.67.83 - - [16/Jan/2015:01:58:18 -0500] "GET /BLA/resoluciones/RESOLUCIONES%202009/2575.pdf HTTP/1.1" 200 382118
94.23.19.178 - - [16/Jan/2015:01:58:21 -0500] "GET /galeria/juegos/objects/?C=D;O=A HTTP/1.0" 200 778
94.23.19.178 - - [16/Jan/2015:01:58:23 -0500] "GET /galeria/juegos/objects/?C=M;O=A HTTP/1.0" 200 778
94.23.19.178 - - [16/Jan/2015:01:58:26 -0500] "GET /galeria/juegos/objects/?C=N;O=D HTTP/1.0" 200 778
94.23.19.178 - - [16/Jan/2015:01:58:33 -0500] "GET /galeria/juegos/objects/?C=S;O=A HTTP/1.0" 200 778
94.23.19.178 - - [16/Jan/2015:01:58:39 -0500] "GET /galeria/juegos/s/?C=D;O=A HTTP/1.0" 200 766
94.23.19.178 - - [16/Jan/2015:01:58:42 -0500] "GET /galeria/juegos/s/?C=M;O=A HTTP/1.0" 200 766
188.165.15.21 - - [16/Jan/2015:01:58:42 -0500] "GET /BLA/resoluciones/index.php?dir=RESOLUCIONES%202005/RES%202005%202301-2350/&sort=date&order=desc HTTP/1.1" 200 12368
94.23.19.178 - - [16/Jan/2015:01:58:44 -0500] "GET /galeria/juegos/s/?C=N;O=D HTTP/1.0" 200 766
66.249.67.75 - - [16/Jan/2015:01:58:46 -0500] "GET /BLA/resoluciones/RESOLUCIONES%202009/2007.pdf HTTP/1.1" 200 729076
94.23.19.178 - - [16/Jan/2015:01:58:50 -0500] "GET /galeria/juegos/s/?C=S;O=A HTTP/1.0" 200 766
94.23.19.178 - - [16/Jan/2015:01:58:51 -0500] "GET /galeria/juegos/texturesExport/?C=D;O=A HTTP/1.0" 200 792
94.23.19.178 - - [16/Jan/2015:01:58:53 -0500] "GET /galeria/juegos/texturesExport/?C=M;O=A HTTP/1.0" 200 792
94.23.19.178 - - [16/Jan/2015:01:58:55 -0500] "GET /galeria/juegos/texturesExport/?C=N;O=D HTTP/1.0" 200 792
94.23.19.178 - - [16/Jan/2015:01:58:56 -0500] "GET /galeria/juegos/texturesExport/?C=S;O=A HTTP/1.0" 200 792
188.165.15.237 - - [16/Jan/2015:01:59:09 -0500] "GET /BLA/resoluciones/RESOLUCIONES%202004/RES%202004%201051-1100/00001056.tif HTTP/1.1" 200 653802
66.249.67.75 - - [16/Jan/2015:01:59:14 -0500] "GET /BLA/resoluciones/RESOLUCIONES%202009/1508.pdf HTTP/1.1" 200 408818
66.249.67.67 - - [16/Jan/2015:01:59:39 -0500] "GET /galeria/bibloteca/contentflow.css HTTP/1.1" 200 3201
66.249.67.83 - - [16/Jan/2015:01:59:42 -0500] "GET /BLA/resoluciones/AUTOS%202010/6578.pdf HTTP/1.1" 200 147903
66.249.67.83 - - [16/Jan/2015:02:00:00 -0500] "GET /Autoliquidacion/index.php?dir=Solicitud+de+Clasificaci%F3n+de+Impacto+Ambiental%2F HTTP/1.1" 200 3366
66.249.67.83 - - [16/Jan/2015:02:00:09 -0500] "GET /BLA/resoluciones/RESOLUCIONES%202009/0571.pdf HTTP/1.1" 200 317421
66.249.67.75 - - [16/Jan/2015:02:00:37 -0500] "GET /BLA/resoluciones/RESOLUCIONES%202009/1944.pdf HTTP/1.1" 200 414515
66.249.67.75 - - [16/Jan/2015:02:01:05 -0500] "GET /BLA/resoluciones/RESOLUCIONES%202009/4643.pdf HTTP/1.1" 200 548311
66.249.67.75 - - [16/Jan/2015:02:01:12 -0500] "GET /Autoliquidacion/dlf/styles.css HTTP/1.1" 200 3045
66.249.67.67 - - [16/Jan/2015:02:01:33 -0500] "GET /BLA/resoluciones/RESOLUCIONES%202009/0360.pdf HTTP/1.1" 200 349791
188.165.15.99 - - [16/Jan/2015:02:01:51 -0500] "GET /BLA/resoluciones/RESOLUCIONES%202002/RES%202002%201651-1700/20021665.tif HTTP/1.1" 200 99944
66.249.67.67 - - [16/Jan/2015:02:02:01 -0500] "GET /BLA/resoluciones/AUTOS%202007/3313.pdf HTTP/1.1" 200 168905
201.245.192.253 - - [16/Jan/2015:01:56:04 -0500] "GET /ForestMSG_SDA/channelAsync/template_word_17276338?X-Atmosphere-tracking-id=6fb1a7e2-69c6-2cd5-2d33-51d3928db93d&X-Atmosphere-Framework=1.0.5&X-Atmosphere-Transport=long-polling&tabid=0.0928294702898711&X-Cache-Date=0&Content-Type=application/xml&_=1421391827672 HTTP/1.1" 200 8193
189.181.239.23 - - [16/Jan/2015:02:02:18 -0500] "GET /BLA/boletinlegal/js/jquery.scrollShow.js HTTP/1.1" 200 4586
189.181.239.23 - - [16/Jan/2015:02:02:18 -0500] "GET /BLA/boletinlegal/js/jquery.js HTTP/1.1" 200 57254
189.181.239.23 - - [16/Jan/2015:02:02:18 -0500] "GET /BLA/boletinlegal/js/jquery.scrollTo-min.js HTTP/1.1" 200 1150
66.249.67.83 - - [16/Jan/2015:02:02:29 -0500] "GET /BLA/resoluciones/AUTOS%202012/0045.pdf HTTP/1.1" 200 170832
66.249.67.67 - - [16/Jan/2015:02:02:57 -0500] "GET /BLA/resoluciones/RESOLUCIONES%202010/5421.pdf HTTP/1.1" 200 756005
180.76.5.169 - - [16/Jan/2015:02:03:01 -0500] "GET /BLA/boletinlegal;jsessionid=A149F6E3DD163E7B76A478E686B4686B?/? HTTP/1.1" 404 1018
188.165.15.99 - - [16/Jan/2015:02:03:01 -0500] "GET /BLA/resoluciones/RESOLUCIONES%202003/RES%202003%201401-1450/20031450.tif HTTP/1.1" 200 132874
74.86.158.107 - - [16/Jan/2015:02:03:06 -0500] "HEAD / HTTP/1.1" 302 -
66.249.67.75 - - [16/Jan/2015:02:03:25 -0500] "GET /BLA/resoluciones/RESOLUCIONES%202007/RES%202007%20701%20AL%20800/RESOLUCION%200775%20DE%202007.pdf HTTP/1.1" 304 -
66.249.67.75 - - [16/Jan/2015:02:03:25 -0500] "GET /BLA/resoluciones/RESOLUCIONES%202008/5611.pdf HTTP/1.1" 200 249245
188.165.15.66 - - [16/Jan/2015:02:03:35 -0500] "GET /BLA/resoluciones/index.php?dir=RESOLUCIONES%202004/RES%202004%202151-2200/&sort=name&order=desc HTTP/1.1" 200 12358
180.76.5.173 - - [16/Jan/2015:02:03:37 -0500] "GET /BLA/resoluciones/AUTOS%202011/4629.pdf HTTP/1.1" 200 283341
66.249.67.83 - - [16/Jan/2015:02:03:52 -0500] "GET /BLA/resoluciones/AUTOS%202012/0072.pdf HTTP/1.1" 200 158635
66.249.67.75 - - [16/Jan/2015:02:04:20 -0500] "GET /BLA/resoluciones/RESOLUCIONES%202009/8958.pdf HTTP/1.1" 200 292255
66.249.67.111 - - [16/Jan/2015:02:04:23 -0500] "GET /Anexos%20estudio%20Organizacional%20SDA/ANEXO%20No.%201-%20NORMAS%20LEGALES%20DE%20ESTRUCTURA%20Y%20PLANTA/Decreto%20562%20de%202006%20-%20Establece%20planta%20de%20cargos%20de%20SDA.jsp_files/FFFFFFsl.gif HTTP/1.1" 200 83
181.54.208.12 - - [16/Jan/2015:02:04:26 -0500] "GET /galeria/carrusel/Carrusel/jquery.thumbnailScroller.css HTTP/1.1" 200 2066
157.55.39.23 - - [16/Jan/2015:02:04:37 -0500] "GET /BLA/boletinlegal/js/jquery.scrollShow.js HTTP/1.1" 200 4586
207.46.13.12 - - [16/Jan/2015:02:04:48 -0500] "GET /robots.txt HTTP/1.1" 404 1018
66.249.67.75 - - [16/Jan/2015:02:04:48 -0500] "GET /BLA/resoluciones/RESOLUCIONES%202013/2197.pdf HTTP/1.1" 200 7514014
66.249.67.67 - - [16/Jan/2015:02:04:58 -0500] "GET /BLA/resoluciones/RESOLUCIONES%202007/RES%202007%202701%20AL%202800/RESOLUCION%202784%20DE%202007.pdf HTTP/1.1" 304 -
207.46.13.12 - - [16/Jan/2015:02:05:08 -0500] "GET /BLA/boletinlegal/js/jquery.scrollTo-min.js HTTP/1.1" 200 1150
66.249.67.83 - - [16/Jan/2015:02:05:16 -0500] "GET /BLA/resoluciones/RESOLUCIONES%202010/2675.pdf HTTP/1.1" 304 -
66.249.67.119 - - [16/Jan/2015:02:05:34 -0500] "GET /Autoliquidacion/Solicitud%20de%20Clasificaci%C3%B3n%20de%20Impacto%20Ambiental/copia%20de%20anexo%202%20formato%20solicitud%20clasificacif3n%20de%20impacto%20ambiental00.xls HTTP/1.1" 200 103424
66.249.67.67 - - [16/Jan/2015:02:05:44 -0500] "GET /BLA/resoluciones/AUTOS%202007/0082.pdf HTTP/1.1" 200 47696
66.249.67.75 - - [16/Jan/2015:02:06:12 -0500] "GET /BLA/resoluciones/RESOLUCIONES%202009/8057.pdf HTTP/1.1" 200 699234
66.249.67.103 - - [16/Jan/2015:02:06:13 -0500] "GET /Autoliquidacion/Solicitud%20de%20Clasificaci%C3%B3n%20de%20Impacto%20Ambiental/Aplicativo%20Eval%202015%20-%20SCASP.htm HTTP/1.1" 200 364
66.249.67.83 - - [16/Jan/2015:02:06:40 -0500] "GET /BLA/resoluciones/RESOLUCIONES%202009/6816.pdf HTTP/1.1" 200 598263
66.249.67.67 - - [16/Jan/2015:02:07:07 -0500] "GET /BLA/resoluciones/RESOLUCIONES%202011/0613.pdf HTTP/1.1" 200 74165
207.46.13.133 - - [16/Jan/2015:02:07:16 -0500] "GET /robots.txt HTTP/1.1" 404 1018
207.46.13.133 - - [16/Jan/2015:02:07:16 -0500] "GET /robots.txt HTTP/1.1" 404 1018
207.46.13.133 - - [16/Jan/2015:02:07:16 -0500] "GET /robots.txt HTTP/1.1" 404 1018
207.46.13.133 - - [16/Jan/2015:02:07:17 -0500] "GET /BLA/boletinlegal/js/jquery.js HTTP/1.1" 200 57254
188.165.15.44 - - [16/Jan/2015:02:07:23 -0500] "GET /BLA/resoluciones/RESOLUCIONES%202006/RES%202006%20251-300/00000284.tif HTTP/1.1" 200 934064
66.249.67.103 - - [16/Jan/2015:02:07:33 -0500] "GET /Autoliquidacion/Solicitud%20de%20Clasificaci%C3%B3n%20de%20Impacto%20Ambiental/APLICATIVO%20SEGAE%20CLASIFICACION%20IMPACTO%20AMBIENTAL%20%20PARA%20PAGO%20Y%20LIQUIDACION%20IMP%20PREDIAL%202015.xlsx HTTP/1.1" 200 182056
66.249.67.75 - - [16/Jan/2015:02:07:35 -0500] "GET /BLA/resoluciones/RESOLUCIONES%202010/0216.pdf HTTP/1.1" 200 553319
66.249.67.75 - - [16/Jan/2015:02:08:03 -0500] "GET /BLA/resoluciones/AUTOS%202008/0116.pdf HTTP/1.1" 200 212577
74.86.158.107 - - [16/Jan/2015:02:08:06 -0500] "HEAD / HTTP/1.1" 302 -
66.249.67.67 - - [16/Jan/2015:02:08:31 -0500] "GET /BLA/resoluciones/RESOLUCIONES%202008/1488.pdf HTTP/1.1" 200 119166
66.249.67.83 - - [16/Jan/2015:02:08:59 -0500] "GET /BLA/resoluciones/RESOLUCIONES%202009/0503.pdf HTTP/1.1" 200 290053
201.245.192.253 - - [16/Jan/2015:02:03:04 -0500] "GET /ForestMSG_SDA/channelAsync/template_word_17276338?X-Atmosphere-tracking-id=43f903ff-4f93-ecd0-80ff-dba667dde2fb&X-Atmosphere-Framework=1.0.5&X-Atmosphere-Transport=long-polling&tabid=0.0928294702898711&X-Cache-Date=0&Content-Type=application/xml&_=1421392247706 HTTP/1.1" 200 8193
188.165.15.21 - - [16/Jan/2015:02:09:06 -0500] "GET /BLA/resoluciones/RESOLUCIONES%202006/RES%202006%202251-2300/00002274.tif HTTP/1.1" 200 187296
66.249.67.75 - - [16/Jan/2015:02:09:27 -0500] "GET /BLA/resoluciones/RESOLUCIONES%202007/RES%202007%204201%20AL%204300/RESOLUCION%204228%20DE%202007.pdf HTTP/1.1" 304 -
66.249.67.83 - - [16/Jan/2015:02:09:31 -0500] "GET /BLA/resoluciones/RESOLUCIONES%202009/4442.pdf HTTP/1.1" 200 519299
66.249.67.75 - - [16/Jan/2015:02:09:55 -0500] "GET /BLA/resoluciones/RESOLUCIONES%202007/RES%202007%204001%20AL%204100/RESOLUCION%204084%20DE%202007.pdf HTTP/1.1" 200 394957
66.249.67.83 - - [16/Jan/2015:02:10:05 -0500] "GET /BLA/resoluciones/AUTOS%202006/AUTOS%202006%20201-300/00000269.tif HTTP/1.1" 200 49630
66.249.67.83 - - [16/Jan/2015:02:10:23 -0500] "GET /BLA/resoluciones/RESOLUCIONES%202008/0265.pdf HTTP/1.1" 200 439585
66.249.67.75 - - [16/Jan/2015:02:10:50 -0500] "GET /BLA/resoluciones/RESOLUCIONES%202009/2232.pdf HTTP/1.1" 304 -
66.249.67.75 - - [16/Jan/2015:02:11:18 -0500] "GET /BLA/resoluciones/RESOLUCIONES%202009/6297.pdf HTTP/1.1" 200 800176
188.165.15.21 - - [16/Jan/2015:02:11:21 -0500] "GET /BLA/resoluciones/RESOLUCIONES%202002/RES%202002%20551-600/00000573.tif HTTP/1.1" 200 160378
180.76.5.152 - - [16/Jan/2015:02:11:28 -0500] "GET /BLA/boletinlegal;jsessionid=9DEA1587FA16C88E0C00E309FFAB1922?/? HTTP/1.1" 404 1018
66.249.67.83 - - [16/Jan/2015:02:11:46 -0500] "GET /BLA/resoluciones/AUTOS%202011/4408.pdf HTTP/1.1" 304 -
180.76.5.153 - - [16/Jan/2015:02:12:04 -0500] "GET /BLA/boletinlegal;jsessionid=087B921A67D0EF036043EF2312A8C9D5?/? HTTP/1.1" 404 1018
66.249.67.75 - - [16/Jan/2015:02:12:14 -0500] "GET /BLA/resoluciones/RESOLUCIONES%202009/3913.pdf HTTP/1.1" 304 -
66.249.67.75 - - [16/Jan/2015:02:12:29 -0500] "GET /videos/NinosClima.mp4 HTTP/1.1" 200 11659288
188.165.15.130 - - [16/Jan/2015:02:12:35 -0500] "GET /BLA/resoluciones/RESOLUCIONES%202006/RES%202006%20301-350/00000303.tif HTTP/1.1" 200 130066
180.76.5.167 - - [16/Jan/2015:02:12:39 -0500] "GET /BLA/boletinlegal;jsessionid=660AF1267E2EF2095F59909F8583B31D?/? HTTP/1.1" 404 1018
66.249.67.67 - - [16/Jan/2015:02:12:46 -0500] "GET /BLA/resoluciones/AUTOS%202009/2977.pdf HTTP/1.1" 200 131908
188.165.15.21 - - [16/Jan/2015:02:12:58 -0500] "GET /BLA/resoluciones/RESOLUCIONES%202006/RES%202006%20801-850/00000849.tif HTTP/1.1" 200 146058
188.165.15.21 - - [16/Jan/2015:02:13:04 -0500] "GET /BLA/resoluciones/RESOLUCIONES%202004/RES%202004%201551-1600/00001556.tif HTTP/1.1" 200 523428
74.86.158.107 - - [16/Jan/2015:02:13:05 -0500] "HEAD / HTTP/1.1" 302 -
66.249.67.75 - - [16/Jan/2015:02:13:10 -0500] "GET /BLA/resoluciones/RESOLUCIONES%202011/0512.pdf HTTP/1.1" 304 -
66.249.67.75 - - [16/Jan/2015:02:13:28 -0500] "GET /BLA/resoluciones/RESOLUCIONES%202007/RES%202007%20401%20AL%20500/RESOLUCION%200428%20DE%202007.pdf HTTP/1.1" 304 -
66.249.67.75 - - [16/Jan/2015:02:13:38 -0500] "GET /BLA/resoluciones/RESOLUCIONES%202010/6178.pdf HTTP/1.1" 200 643086
188.165.15.44 - - [16/Jan/2015:02:13:59 -0500] "GET /BLA/resoluciones/RESOLUCIONES%202004/RES%202004%201951-2000/00001997.tif HTTP/1.1" 200 46868
66.249.67.67 - - [16/Jan/2015:02:14:06 -0500] "GET /BLA/resoluciones/RESOLUCIONES%202011/1068.pdf HTTP/1.1" 200 357641
188.165.15.66 - - [16/Jan/2015:02:14:19 -0500] "GET /BLA/resoluciones/RESOLUCIONES%202005/RES%202005%20401-450/00000403.tif HTTP/1.1" 200 433422
66.249.67.67 - - [16/Jan/2015:02:14:33 -0500] "GET /BLA/resoluciones/RESOLUCIONES%202009/5872.pdf HTTP/1.1" 304 -
181.54.208.12 - - [16/Jan/2015:02:14:48 -0500] "GET /videos/Disciplinarios.flv HTTP/1.1" 200 3644983
181.54.208.12 - - [16/Jan/2015:02:14:52 -0500] "GET /videos/Disciplinarios.flv HTTP/1.1" 200 3644983
66.249.67.67 - - [16/Jan/2015:02:15:01 -0500] "GET /BLA/resoluciones/RESOLUCIONES%202010/5964.pdf HTTP/1.1" 200 305148
66.249.67.75 - - [16/Jan/2015:02:15:29 -0500] "GET /BLA/resoluciones/AUTOS%202008/0930.pdf HTTP/1.1" 200 141491
66.249.67.67 - - [16/Jan/2015:02:15:35 -0500] "GET /BLA/resoluciones/index.php?dir=RESOLUCIONES+2009%2F HTTP/1.1" 200 1672912
186.194.197.191 - - [16/Jan/2015:02:15:56 -0500] "GET / HTTP/1.1" 302 -
66.249.67.67 - - [16/Jan/2015:02:15:57 -0500] "GET /BLA/resoluciones/RESOLUCIONES%202009/6843.pdf HTTP/1.1" 304 -
201.245.192.253 - - [16/Jan/2015:02:10:04 -0500] "GET /ForestMSG_SDA/channelAsync/template_word_17276338?X-Atmosphere-tracking-id=bb109059-94e1-f880-d202-660bf1b9028c&X-Atmosphere-Framework=1.0.5&X-Atmosphere-Transport=long-polling&tabid=0.0928294702898711&X-Cache-Date=0&Content-Type=application/xml&_=1421392667751 HTTP/1.1" 200 8193
66.249.67.83 - - [16/Jan/2015:02:16:25 -0500] "GET /autoliquidacion/TR%C3%81MITES%20AGUAS%20SUBTERR%C3%81NEAS/126PM04-PR93-PR%C3%93RROGA%20CONCESI%C3%93N%20AGUAS%20SUBTERR%C3%81NEAS/PR93-F-A3-V%201.0(1)-FORMULARIO%20SOLICITUD.xls HTTP/1.1" 200 220672
188.165.15.66 - - [16/Jan/2015:02:16:31 -0500] "GET /BLA/resoluciones/RESOLUCIONES%202004/RES%202004%201401-1450/00001409.tif HTTP/1.1" 200 132444
188.165.15.212 - - [16/Jan/2015:02:16:43 -0500] "GET /BLA/resoluciones/RESOLUCIONES%202003/RES%202003%201251-1300/20031275.tif HTTP/1.1" 200 258526
66.249.67.67 - - [16/Jan/2015:02:16:53 -0500] "GET /BLA/resoluciones/RESOLUCIONES%202010/4786.pdf HTTP/1.1" 304 -
66.249.67.75 - - [16/Jan/2015:02:17:21 -0500] "GET /BLA/resoluciones/RESOLUCIONES%202007/RES%202007%20301%20AL%20400/RESOLUCION%200395%20DE%202007.pdf HTTP/1.1" 304 -
66.249.88.209 - - [16/Jan/2015:02:17:28 -0500] "GET /galeria/carrusel/Carrusel/jquery.thumbnailScroller.css HTTP/1.1" 200 2066
66.249.88.211 - - [16/Jan/2015:02:17:28 -0500] "GET /BLA/boletinlegal/js/jquery.js HTTP/1.1" 200 57254
66.249.88.213 - - [16/Jan/2015:02:17:28 -0500] "GET /BLA/boletinlegal/js/jquery.scrollTo-min.js HTTP/1.1" 200 1150
66.249.88.211 - - [16/Jan/2015:02:17:28 -0500] "GET /BLA/boletinlegal/js/jquery.scrollShow.js HTTP/1.1" 200 4586
66.249.88.213 - - [16/Jan/2015:02:17:28 -0500] "GET /galeria/carrusel/Carrusel/jquery-ui-1.8.13.custom.min.js HTTP/1.1" 200 10800
66.249.88.211 - - [16/Jan/2015:02:17:28 -0500] "GET /galeria/carrusel/Carrusel/jquery.thumbnailScroller.js HTTP/1.1" 200 8157
66.249.88.213 - - [16/Jan/2015:02:17:29 -0500] "GET /galeria/nivo-slider/demo/demo.html HTTP/1.1" 200 3150
66.249.88.213 - - [16/Jan/2015:02:17:30 -0500] "GET /galeria/nivo-slider/themes/default/default.css HTTP/1.1" 200 1569
66.249.88.211 - - [16/Jan/2015:02:17:30 -0500] "GET /galeria/nivo-slider/themes/orman/orman.css HTTP/1.1" 200 2152
66.249.88.211 - - [16/Jan/2015:02:17:30 -0500] "GET /galeria/nivo-slider/themes/pascal/pascal.css HTTP/1.1" 200 2258
66.249.88.213 - - [16/Jan/2015:02:17:30 -0500] "GET /galeria/nivo-slider/nivo-slider.css HTTP/1.1" 200 1507
66.249.88.211 - - [16/Jan/2015:02:17:30 -0500] "GET /galeria/nivo-slider/demo/style.css HTTP/1.1" 200 2222
66.249.88.209 - - [16/Jan/2015:02:17:30 -0500] "GET /galeria/nivo-slider/demo/images/ecolecta-Dic2014.png HTTP/1.1" 200 288593
66.249.88.213 - - [16/Jan/2015:02:17:30 -0500] "GET /galeria/nivo-slider/demo/scripts/jquery-1.7.1.min.js HTTP/1.1" 200 93868
66.249.88.211 - - [16/Jan/2015:02:17:30 -0500] "GET /galeria/nivo-slider/jquery.nivo.slider.pack.js HTTP/1.1" 200 11561
66.249.88.213 - - [16/Jan/2015:02:17:30 -0500] "GET /galeria/nivo-slider/demo/images/bolsas-08.jpg HTTP/1.1" 200 85589
66.249.88.213 - - [16/Jan/2015:02:17:30 -0500] "GET /galeria/nivo-slider/demo/images/Tingua-azul.jpg HTTP/1.1" 200 307638
66.249.88.213 - - [16/Jan/2015:02:17:30 -0500] "GET /galeria/nivo-slider/demo/images/bolsas-06.jpg HTTP/1.1" 200 90982
66.249.88.209 - - [16/Jan/2015:02:17:30 -0500] "GET /galeria/nivo-slider/demo/images/Ruta-vertimientos-01.jpg HTTP/1.1" 200 130151
66.249.88.211 - - [16/Jan/2015:02:17:30 -0500] "GET /galeria/nivo-slider/demo/images/porloshumedales.jpg HTTP/1.1" 200 351238
66.249.88.209 - - [16/Jan/2015:02:17:30 -0500] "GET /galeria/nivo-slider/demo/images/Banner-Caracol-Africano.jpg HTTP/1.1" 200 331986
66.249.88.211 - - [16/Jan/2015:02:17:30 -0500] "GET /galeria/nivo-slider/demo/images/banner-caballos.png HTTP/1.1" 200 389106
66.249.88.209 - - [16/Jan/2015:02:17:30 -0500] "GET /galeria/nivo-slider/demo/images/9Signos.jpg HTTP/1.1" 200 93040
66.249.88.209 - - [16/Jan/2015:02:17:30 -0500] "GET /galeria/nivo-slider/demo/images/banner-llantas2.jpg HTTP/1.1" 200 73153
66.249.88.209 - - [16/Jan/2015:02:17:30 -0500] "GET /galeria/nivo-slider/demo/images/banner-redes.jpg HTTP/1.1" 200 62209
66.249.88.211 - - [16/Jan/2015:02:17:31 -0500] "GET /galeria/nivo-slider/themes/default/loading.gif HTTP/1.1" 200 1737
66.249.88.209 - - [16/Jan/2015:02:17:31 -0500] "GET /galeria/nivo-slider/demo/images/4Simple_Slider.png HTTP/1.1" 200 11722
66.249.88.213 - - [16/Jan/2015:02:17:33 -0500] "GET /galeria/nivo-slider/themes/default/arrows.png HTTP/1.1" 200 824
66.249.88.211 - - [16/Jan/2015:02:17:33 -0500] "GET /galeria/nivo-slider/themes/default/bullets.png HTTP/1.1" 200 1281
188.165.15.239 - - [16/Jan/2015:02:17:37 -0500] "GET /BLA/resoluciones/RESOLUCIONES%202004/RES%202004%20801-850/00000849.tif HTTP/1.1" 200 137576
66.249.67.75 - - [16/Jan/2015:02:17:48 -0500] "GET /BLA/resoluciones/RESOLUCIONES%202007/RES%202007%201301%20AL%201400/RESOLUCION%201361%20DE%202007.pdf HTTP/1.1" 304 -
74.86.158.107 - - [16/Jan/2015:02:18:05 -0500] "HEAD / HTTP/1.1" 302 -
66.249.67.83 - - [16/Jan/2015:02:18:16 -0500] "GET /BLA/resoluciones/RESOLUCIONES%202012/0411.pdf HTTP/1.1" 304 -
207.46.13.139 - - [16/Jan/2015:02:18:17 -0500] "GET /Autoliquidacion/dlf/doc.gif HTTP/1.1" 200 1079
188.165.15.66 - - [16/Jan/2015:02:18:49 -0500] "GET /BLA/resoluciones/RESOLUCIONES%202002/RES%202002%20601-650/00000647.tif HTTP/1.1" 200 106666
66.249.67.83 - - [16/Jan/2015:02:18:51 -0500] "GET /BLA/resoluciones/RESOLUCIONES%202011/5350.pdf HTTP/1.1" 304 -
188.165.15.138 - - [16/Jan/2015:02:18:55 -0500] "GET /BLA/resoluciones/RESOLUCIONES%202005/RES%202005%202351-2400/00002379.tif HTTP/1.1" 200 118986
66.249.67.83 - - [16/Jan/2015:02:19:12 -0500] "GET /BLA/resoluciones/RESOLUCIONES%202009/6310.pdf HTTP/1.1" 304 -
180.76.5.23 - - [16/Jan/2015:02:19:34 -0500] "GET /BLA/boletinlegal;jsessionid=0E25C1A4B597B0D50F82977C9D8A9541?/? HTTP/1.1" 404 1018
66.249.67.67 - - [16/Jan/2015:02:19:40 -0500] "GET /galeria/nivo-slider/demo/images/ HTTP/1.1" 200 167508
180.76.5.191 - - [16/Jan/2015:02:20:10 -0500] "GET /BLA/boletinlegal;jsessionid=17C39841E3E5E2017D6DB014A29C5634?/? HTTP/1.1" 404 1018
66.249.67.83 - - [16/Jan/2015:02:20:08 -0500] "GET /BLA/boletinlegal/index.php HTTP/1.1" 200 44048
181.61.21.224 - - [16/Jan/2015:02:21:22 -0500] "GET /hidrico/aguas%20subterraneas/ HTTP/1.1" 404 1320
66.249.67.67 - - [16/Jan/2015:02:21:40 -0500] "GET /BLA/resoluciones/RESOLUCIONES%202009/4069.pdf HTTP/1.1" 200 836364
207.46.13.139 - - [16/Jan/2015:02:22:20 -0500] "GET /Autoliquidacion/dlf/html.gif HTTP/1.1" 200 632
190.66.68.188 - - [16/Jan/2015:02:22:31 -0500] "GET /forest/session.jsp?a=0.6414898635266283 HTTP/1.1" 200 4
66.249.67.67 - - [16/Jan/2015:02:22:34 -0500] "GET /BLA/resoluciones/AUTOS%202014/1840.pdf HTTP/1.1" 200 531202
66.249.67.67 - - [16/Jan/2015:02:22:39 -0500] "GET /BLA/resoluciones/AUTOS%202014/1543.pdf HTTP/1.1" 200 681552
190.66.68.188 - - [16/Jan/2015:02:23:01 -0500] "GET /forest/actions/forms.getList?codForm=Revision_reparto_Correspondencias&id=funcionarioasignado&text=r HTTP/1.1" 200 1293
190.66.68.188 - - [16/Jan/2015:02:23:01 -0500] "GET /forest/actions/forms.getList?codForm=Revision_reparto_Correspondencias&id=funcionarioasignado&text=ra HTTP/1.1" 200 1287
190.66.68.188 - - [16/Jan/2015:02:23:01 -0500] "GET /forest/actions/forms.getList?codForm=Revision_reparto_Correspondencias&id=funcionarioasignado&text=ran HTTP/1.1" 200 1338
190.66.68.188 - - [16/Jan/2015:02:23:02 -0500] "GET /forest/actions/forms.getList?codForm=Revision_reparto_Correspondencias&id=funcionarioasignado&text=rand HTTP/1.1" 200 325
190.66.68.188 - - [16/Jan/2015:02:23:02 -0500] "GET /forest/actions/forms.getList?codForm=Revision_reparto_Correspondencias&id=funcionarioasignado&text=randy HTTP/1.1" 200 70
201.245.192.253 - - [16/Jan/2015:02:17:04 -0500] "GET /ForestMSG_SDA/channelAsync/template_word_17276338?X-Atmosphere-tracking-id=0e7217e8-6aef-d439-5669-17f51eed797b&X-Atmosphere-Framework=1.0.5&X-Atmosphere-Transport=long-polling&tabid=0.0928294702898711&X-Cache-Date=0&Content-Type=application/xml&_=1421393087794 HTTP/1.1" 200 8193
74.86.158.107 - - [16/Jan/2015:02:23:05 -0500] "HEAD / HTTP/1.1" 302 -
190.66.68.188 - - [16/Jan/2015:02:23:09 -0500] "GET /forest/actions/forms.getList?codForm=Revision_reparto_Correspondencias&id=codigoFuncionario&text=a HTTP/1.1" 200 1293
190.66.68.188 - - [16/Jan/2015:02:23:09 -0500] "GET /forest/actions/forms.getList?codForm=Revision_reparto_Correspondencias&id=codigoFuncionario&text=al HTTP/1.1" 200 1261
190.66.68.188 - - [16/Jan/2015:02:23:09 -0500] "GET /forest/actions/forms.getList?codForm=Revision_reparto_Correspondencias&id=codigoFuncionario&text=alc HTTP/1.1" 200 240
190.66.68.188 - - [16/Jan/2015:02:23:09 -0500] "GET /forest/actions/forms.getList?codForm=Revision_reparto_Correspondencias&id=codigoFuncionario&text=alci HTTP/1.1" 200 58
190.66.68.188 - - [16/Jan/2015:02:23:09 -0500] "GET /forest/actions/forms.getList?codForm=Revision_reparto_Correspondencias&id=codigoFuncionario&text=alcir HTTP/1.1" 200 58
190.66.68.188 - - [16/Jan/2015:02:23:09 -0500] "GET /forest/actions/forms.getList?codForm=Revision_reparto_Correspondencias&id=codigoFuncionario&text=alcira HTTP/1.1" 200 58
