186.29.78.53 - - [16/Jan/2015:05:17:33 -0500] "GET /forest/js/jquery/plugins/jquery.tablednd.js HTTP/1.1" 304 -
186.29.78.53 - - [16/Jan/2015:05:17:33 -0500] "GET /forest/js/jquery/plugins/jquery.contextmenu.js HTTP/1.1" 304 -
186.29.78.53 - - [16/Jan/2015:05:17:33 -0500] "GET /forest/js/jquery/plugins/grid.setcolumns.js HTTP/1.1" 304 -
186.29.78.53 - - [16/Jan/2015:05:17:33 -0500] "GET /forest/js/jqGridConf.js HTTP/1.1" 304 -
186.29.78.53 - - [16/Jan/2015:05:17:33 -0500] "GET /forest/skins/gdocs-jar/jsp/cookie.jsp?name=grid_nompro&del HTTP/1.1" 200 -
186.29.78.53 - - [16/Jan/2015:05:17:33 -0500] "GET /forest/session.jsp?a=0.8000397454015911 HTTP/1.1" 200 4
186.29.78.53 - - [16/Jan/2015:05:17:33 -0500] "GET /forest/skins/gdocs-jar/img/clip.gif HTTP/1.1" 304 -
186.29.78.53 - - [16/Jan/2015:05:17:33 -0500] "GET /forest/img/jquery/ui-bg_inset-hard_100_fcfdfd_1x100.png HTTP/1.1" 304 -
186.29.78.53 - - [16/Jan/2015:05:17:33 -0500] "GET /forest/img/jquery/ui-bg_flat_0_aaaaaa_40x100.png HTTP/1.1" 304 -
186.29.78.53 - - [16/Jan/2015:05:17:33 -0500] "GET /forest/img/jquery/ui-bg_inset-hard_100_f5f8f9_1x100.png HTTP/1.1" 304 -
186.29.78.53 - - [16/Jan/2015:05:17:33 -0500] "GET /forest/img/jquery/ui-bg_glass_85_dfeffc_1x400.png HTTP/1.1" 304 -
186.29.78.53 - - [16/Jan/2015:05:17:33 -0500] "GET /forest/img/jquery/ui-icons_6da8d5_256x240.png HTTP/1.1" 304 -
186.29.78.53 - - [16/Jan/2015:05:17:33 -0500] "GET /forest/img/jquery/ui-icons_469bdd_256x240.png HTTP/1.1" 304 -
186.29.78.53 - - [16/Jan/2015:05:17:33 -0500] "GET /forest/img/jquery/ui-bg_gloss-wave_55_5c9ccc_500x100.png HTTP/1.1" 304 -
186.29.78.53 - - [16/Jan/2015:05:17:33 -0500] "GET /forest/img/jquery/ui-icons_d8e7f3_256x240.png HTTP/1.1" 304 -
186.29.78.53 - - [16/Jan/2015:05:17:33 -0500] "GET /forest/img/jquery/quitarfiltrar.gif HTTP/1.1" 304 -
186.29.78.53 - - [16/Jan/2015:05:17:33 -0500] "GET /forest/img/jquery/columnshide.gif HTTP/1.1" 304 -
186.29.78.53 - - [16/Jan/2015:05:17:33 -0500] "GET /forest/img/jquery/save.gif HTTP/1.1" 304 -
186.29.78.53 - - [16/Jan/2015:05:17:33 -0500] "POST /forest/misactividades.do?ajax=true&a=0.13005984434857965 HTTP/1.1" 200 5889
186.29.78.53 - - [16/Jan/2015:05:17:34 -0500] "GET /forest/skins/gdocs-jar/img/doc-alert.gif HTTP/1.1" 304 -
186.29.78.53 - - [16/Jan/2015:05:17:34 -0500] "GET /forest/img/jquery/ui-bg_glass_75_d0e5f5_1x400.png HTTP/1.1" 304 -
186.29.78.53 - - [16/Jan/2015:05:17:51 -0500] "GET /forest/skins/gdocs-jar/css/forms.css HTTP/1.1" 304 -
186.29.78.53 - - [16/Jan/2015:05:17:51 -0500] "GET /forest/skins/gdocs-jar/js/tareas.js?version=1412.231748 HTTP/1.1" 304 -
186.29.78.53 - - [16/Jan/2015:05:17:51 -0500] "GET /forest/skins/gdocs-jar/js/number-functions.js?version=1412.231748 HTTP/1.1" 304 -
186.29.78.53 - - [16/Jan/2015:05:17:51 -0500] "GET /forest/skins/gdocs-jar/js/formsBase.js?version=1412.231748 HTTP/1.1" 304 -
186.29.78.53 - - [16/Jan/2015:05:17:51 -0500] "GET /forest/skins/gdocs-jar/js/swfobject.js?version=1412.231748 HTTP/1.1" 304 -
186.29.78.53 - - [16/Jan/2015:05:17:51 -0500] "GET /forest/skins/gdocs-jar/js/graphicForm.js?version=1412.231748 HTTP/1.1" 304 -
186.29.78.53 - - [16/Jan/2015:05:17:51 -0500] "GET /forest/skins/gdocs-jar/img/desasociarUser.gif HTTP/1.1" 304 -
186.29.78.53 - - [16/Jan/2015:05:17:51 -0500] "GET /forest/img/asociarUser.gif HTTP/1.1" 304 -
186.29.78.53 - - [16/Jan/2015:05:17:51 -0500] "GET /forest/skins/gdocs-jar/img/asociarUserOtraDependencia.gif HTTP/1.1" 304 -
186.29.78.53 - - [16/Jan/2015:05:17:51 -0500] "GET /forest/skins/gdocs-jar/img/comments.gif HTTP/1.1" 304 -
186.29.78.53 - - [16/Jan/2015:05:17:51 -0500] "GET /forest/skins/gdocs-jar/img/print.gif HTTP/1.1" 304 -
186.29.78.53 - - [16/Jan/2015:05:17:51 -0500] "GET /forest/skins/gdocs-jar/img/actividad2.gif HTTP/1.1" 304 -
186.29.78.53 - - [16/Jan/2015:05:17:51 -0500] "GET /forest/skins/gdocs-jar/img/vertodossubprocesos.gif HTTP/1.1" 304 -
186.29.78.53 - - [16/Jan/2015:05:17:50 -0500] "GET /forest/usutareas.do?_a=0.49214282422326505&group_system_actual=3 HTTP/1.1" 200 116210
186.29.78.53 - - [16/Jan/2015:05:17:51 -0500] "GET /forest/skins/gdocs-jar/img/alert.gif HTTP/1.1" 304 -
186.29.78.53 - - [16/Jan/2015:05:17:51 -0500] "GET /forest/skins/gdocs-jar/img/disk.png HTTP/1.1" 304 -
186.29.78.53 - - [16/Jan/2015:05:17:51 -0500] "GET /forest/skins/gdocs-jar/img/control-double.png HTTP/1.1" 304 -
186.29.78.53 - - [16/Jan/2015:05:17:51 -0500] "GET /forest/skins/gdocs-jar/img/close.gif HTTP/1.1" 304 -
186.29.78.53 - - [16/Jan/2015:05:17:51 -0500] "GET /forest/skins/gdocs-jar/img/spacer.gif HTTP/1.1" 304 -
186.29.78.53 - - [16/Jan/2015:05:17:51 -0500] "GET /forest/skins/gdocs-jar/img/prev.gif HTTP/1.1" 304 -
186.29.78.53 - - [16/Jan/2015:05:17:51 -0500] "GET /forest/session.jsp?a=0.43578228261321783 HTTP/1.1" 200 4
186.29.78.53 - - [16/Jan/2015:05:17:51 -0500] "GET /forest/skins/gdocs-jar/img/bgPanel.jpg HTTP/1.1" 304 -
186.29.78.53 - - [16/Jan/2015:05:17:51 -0500] "GET /forest/skins/gdocs-jar/img/green.gif HTTP/1.1" 304 -
181.135.45.70 - - [16/Jan/2015:05:17:53 -0500] "GET /BLA/resoluciones/RESOLUCIONES%202009/4446.pdf HTTP/1.1" 200 383384
181.135.45.70 - - [16/Jan/2015:05:17:53 -0500] "GET /favicon.ico HTTP/1.1" 200 7782
181.135.45.70 - - [16/Jan/2015:05:17:53 -0500] "GET /BLA/resoluciones/RESOLUCIONES%202009/4446.pdf HTTP/1.1" 206 65536
181.135.45.70 - - [16/Jan/2015:05:17:53 -0500] "GET /BLA/resoluciones/RESOLUCIONES%202009/4446.pdf HTTP/1.1" 206 55704
201.245.192.253 - - [16/Jan/2015:05:12:11 -0500] "GET /ForestMSG_SDA/channelAsync/template_word_17276338?X-Atmosphere-tracking-id=8d16babb-c531-82a1-5cfc-43e82cd522a4&X-Atmosphere-Framework=1.0.5&X-Atmosphere-Transport=long-polling&tabid=0.0928294702898711&X-Cache-Date=0&Content-Type=application/xml&_=1421403594304 HTTP/1.1" 200 8193
186.29.78.53 - - [16/Jan/2015:05:18:11 -0500] "GET /forest/actions/forms.getList?codForm=Revision_reparto_Correspondencias&id=funcionarioasignado&text=p HTTP/1.1" 200 1272
186.29.78.53 - - [16/Jan/2015:05:18:11 -0500] "GET /forest/actions/forms.getList?codForm=Revision_reparto_Correspondencias&id=funcionarioasignado&text=pe HTTP/1.1" 200 1279
186.29.78.53 - - [16/Jan/2015:05:18:12 -0500] "GET /forest/actions/forms.getList?codForm=Revision_reparto_Correspondencias&id=funcionarioasignado&text=ped HTTP/1.1" 200 653
186.29.78.53 - - [16/Jan/2015:05:18:12 -0500] "GET /forest/actions/forms.getList?codForm=Revision_reparto_Correspondencias&id=funcionarioasignado&text=pedr HTTP/1.1" 200 378
186.29.78.53 - - [16/Jan/2015:05:18:20 -0500] "GET /forest/actions/forms.getList?codForm=Revision_reparto_Correspondencias&id=codigoFuncionario&text=d HTTP/1.1" 200 1260
186.29.78.53 - - [16/Jan/2015:05:18:20 -0500] "GET /forest/actions/forms.getList?codForm=Revision_reparto_Correspondencias&id=codigoFuncionario&text=da HTTP/1.1" 200 1246
186.29.78.53 - - [16/Jan/2015:05:18:22 -0500] "GET /forest/actions/forms.getList?codForm=Revision_reparto_Correspondencias&id=codigoFuncionario&text=dav HTTP/1.1" 200 1059
186.29.78.53 - - [16/Jan/2015:05:18:22 -0500] "GET /forest/actions/forms.getList?codForm=Revision_reparto_Correspondencias&id=codigoFuncionario&text=davi HTTP/1.1" 200 1059
186.29.78.53 - - [16/Jan/2015:05:18:22 -0500] "GET /forest/actions/forms.getList?codForm=Revision_reparto_Correspondencias&id=codigoFuncionario&text=david HTTP/1.1" 200 998
186.29.78.53 - - [16/Jan/2015:05:18:23 -0500] "GET /forest/actions/forms.getList?codForm=Revision_reparto_Correspondencias&id=codigoFuncionario&text=david. HTTP/1.1" 200 327
186.29.78.53 - - [16/Jan/2015:05:18:23 -0500] "GET /forest/actions/forms.getList?codForm=Revision_reparto_Correspondencias&id=codigoFuncionario&text=david.z HTTP/1.1" 200 61
186.29.78.53 - - [16/Jan/2015:05:18:23 -0500] "GET /forest/actions/forms.getList?codForm=Revision_reparto_Correspondencias&id=codigoFuncionario&text=david.za HTTP/1.1" 200 61
66.249.67.111 - - [16/Jan/2015:05:17:48 -0500] "GET /BLA/boletinlegal/index.php HTTP/1.1" 200 42821
74.86.158.107 - - [16/Jan/2015:05:18:31 -0500] "HEAD / HTTP/1.1" 302 -
66.249.67.83 - - [16/Jan/2015:05:18:39 -0500] "GET /BLA/resoluciones/Autos%202008/1752.pdf HTTP/1.1" 200 179956
186.29.78.53 - - [16/Jan/2015:05:18:43 -0500] "GET /forest/skins/gdocs-jar/css/switch.css HTTP/1.1" 200 843
186.29.78.53 - - [16/Jan/2015:05:18:43 -0500] "GET /forest/skins/gdocs-jar/js/popup.js?version=1412.231748 HTTP/1.1" 200 7658
186.29.78.53 - - [16/Jan/2015:05:18:43 -0500] "GET /forest/skins/gdocs-jar/img/hojaruta.gif HTTP/1.1" 200 159
186.29.78.53 - - [16/Jan/2015:05:18:43 -0500] "GET /forest/skins/gdocs-jar/img/edit.gif HTTP/1.1" 200 1264
186.29.78.53 - - [16/Jan/2015:05:18:43 -0500] "GET /forest/skins/gdocs-jar/img/verComentario.gif HTTP/1.1" 200 689
186.29.78.53 - - [16/Jan/2015:05:18:43 -0500] "GET /forest/skins/gdocs-jar/img/editarComentario.gif HTTP/1.1" 200 1220
186.29.78.53 - - [16/Jan/2015:05:18:43 -0500] "GET /forest/skins/gdocs-jar/js/documentos.js?version=1412.231748 HTTP/1.1" 200 24262
186.29.78.53 - - [16/Jan/2015:05:18:43 -0500] "GET /forest/skins/gdocs-jar/img/cut.gif HTTP/1.1" 200 1280
186.29.78.53 - - [16/Jan/2015:05:18:43 -0500] "GET /forest/skins/gdocs-jar/img/copy.gif HTTP/1.1" 200 185
186.29.78.53 - - [16/Jan/2015:05:18:43 -0500] "GET /forest/skins/gdocs-jar/img/assign-document.gif HTTP/1.1" 200 936
186.29.78.53 - - [16/Jan/2015:05:18:43 -0500] "GET /forest/skins/gdocs-jar/img/icon_document_completed.gif HTTP/1.1" 200 1077
186.29.78.53 - - [16/Jan/2015:05:18:43 -0500] "GET /forest/skins/gdocs-jar/img/sendmail.gif HTTP/1.1" 200 1297
186.29.78.53 - - [16/Jan/2015:05:18:43 -0500] "GET /forest/skins/gdocs-jar/img/veranexos.gif HTTP/1.1" 200 1130
186.29.78.53 - - [16/Jan/2015:05:18:43 -0500] "GET /forest/skins/gdocs-jar/img/asignar-user.gif HTTP/1.1" 200 1196
186.29.78.53 - - [16/Jan/2015:05:18:43 -0500] "GET /forest/skins/gdocs-jar/img/document_add.gif HTTP/1.1" 200 1109
186.29.78.53 - - [16/Jan/2015:05:18:43 -0500] "GET /forest/skins/gdocs-jar/img/eliminar.gif HTTP/1.1" 200 354
186.29.78.53 - - [16/Jan/2015:05:18:43 -0500] "GET /forest/skins/gdocs-jar/img/historial.gif HTTP/1.1" 200 1341
186.29.78.53 - - [16/Jan/2015:05:18:43 -0500] "GET /forest/skins/gdocs-jar/js/grid.js?version=1412.231748 HTTP/1.1" 304 -
186.29.78.53 - - [16/Jan/2015:05:18:43 -0500] "GET /forest/skins/gdocs-jar/img/fondo-barra.gif HTTP/1.1" 200 282
186.29.78.53 - - [16/Jan/2015:05:18:43 -0500] "GET /forest/img/back.gif HTTP/1.1" 200 82
186.29.78.53 - - [16/Jan/2015:05:18:43 -0500] "GET /forest/skins/gdocs-jar/img/grid-first.gif HTTP/1.1" 200 371
186.29.78.53 - - [16/Jan/2015:05:18:43 -0500] "GET /forest/skins/gdocs-jar/img/grid-prev.gif HTTP/1.1" 200 325
186.29.78.53 - - [16/Jan/2015:05:18:43 -0500] "GET /forest/skins/gdocs-jar/img/grid-next.gif HTTP/1.1" 200 325
186.29.78.53 - - [16/Jan/2015:05:18:43 -0500] "GET /forest/skins/gdocs-jar/img/files_exp.png HTTP/1.1" 200 52209
186.29.78.53 - - [16/Jan/2015:05:18:43 -0500] "GET /forest/skins/gdocs-jar/img/grid-last.gif HTTP/1.1" 200 371
186.29.78.53 - - [16/Jan/2015:05:18:43 -0500] "GET /forest/skins/gdocs-jar/img/files_numpro.png HTTP/1.1" 200 53724
186.29.78.53 - - [16/Jan/2015:05:18:43 -0500] "GET /forest/usudocumentos.do?_a=0.004580591106787324&group_system_actual=3 HTTP/1.1" 200 92579
186.29.78.53 - - [16/Jan/2015:05:18:44 -0500] "GET /forest/skins/gdocs-jar/img/eye.gif HTTP/1.1" 304 -
186.29.78.53 - - [16/Jan/2015:05:18:44 -0500] "GET /forest/skins/gdocs-jar/img/more_details.gif HTTP/1.1" 304 -
186.29.78.53 - - [16/Jan/2015:05:18:44 -0500] "GET /forest/session.jsp?a=0.6781772538088262 HTTP/1.1" 200 4
180.76.5.173 - - [16/Jan/2015:05:18:56 -0500] "GET /BLA/boletinlegal;jsessionid=6FF81C696F242B6EF31BB261DABB684F?/? HTTP/1.1" 404 1018
66.249.67.83 - - [16/Jan/2015:05:19:29 -0500] "GET /BLA/resoluciones/RESOLUCIONES%202010/1132.pdf HTTP/1.1" 200 107050
66.249.67.67 - - [16/Jan/2015:05:19:46 -0500] "GET /BLA/resoluciones/AUTOS%202014/3230.pdf HTTP/1.1" 200 633327
66.249.67.67 - - [16/Jan/2015:05:20:00 -0500] "GET /BLA/resoluciones/AUTOS%202014/5423.pdf HTTP/1.1" 200 348224
66.249.67.75 - - [16/Jan/2015:05:20:03 -0500] "GET /BLA/resoluciones/AUTOS%202014/4166.pdf HTTP/1.1" 200 335789
188.165.15.66 - - [16/Jan/2015:05:20:16 -0500] "GET /BLA/resoluciones/RESOLUCIONES%202002/RES%202002%201151-1200/20021174.tif HTTP/1.1" 200 101152
186.29.78.53 - - [16/Jan/2015:05:21:06 -0500] "GET /forest/skins/gdocs-jar/img/filtrar.png HTTP/1.1" 200 243
186.29.78.53 - - [16/Jan/2015:05:21:06 -0500] "GET /forest/skins/gdocs-jar/img/splitter.gif HTTP/1.1" 200 830
186.29.78.53 - - [16/Jan/2015:05:21:09 -0500] "GET /forest/documentos/1995034/2015IE02660.docx HTTP/1.1" 200 185737
66.249.67.83 - - [16/Jan/2015:05:22:58 -0500] "GET /BLA/resoluciones/RESOLUCIONES%202011/6232.pdf HTTP/1.1" 200 1242364
74.86.158.107 - - [16/Jan/2015:05:23:31 -0500] "HEAD / HTTP/1.1" 302 -
123.125.71.45 - - [16/Jan/2015:05:23:37 -0500] "GET / HTTP/1.1" 302 -
186.29.78.53 - - [16/Jan/2015:05:23:44 -0500] "GET /forest/session.jsp?a=0.37837771070189774 HTTP/1.1" 200 4
186.29.78.53 - - [16/Jan/2015:05:24:28 -0500] "GET /forest/skins/gdocs-jar/popup/escritorio/asociardoc.jsp?numpro=2994680&a=0.18417052342556417 HTTP/1.1" 200 4987
186.29.78.53 - - [16/Jan/2015:05:24:28 -0500] "GET /forest/skins/gdocs-jar/img/search_doc.gif HTTP/1.1" 200 1166
186.29.78.53 - - [16/Jan/2015:05:24:28 -0500] "GET /forest/1ibre/images/spacer.gif HTTP/1.1" 304 -
186.29.78.53 - - [16/Jan/2015:05:24:31 -0500] "GET /forest/json.do?query=documento&numrad=2015ER00845&a=0.23057679645717144 HTTP/1.1" 200 817
186.29.78.53 - - [16/Jan/2015:05:24:34 -0500] "POST /forest/usudocumentos.do?group_system_actual=3 HTTP/1.1" 200 185
186.29.78.53 - - [16/Jan/2015:05:24:34 -0500] "GET /forest/skins/gdocs-jar/img/ok.gif HTTP/1.1" 304 -
186.29.78.53 - - [16/Jan/2015:05:24:35 -0500] "GET /forest/usudocumentos.do?group_system_actual=3&a=0.358588392380625 HTTP/1.1" 200 102782
186.29.78.53 - - [16/Jan/2015:05:24:37 -0500] "GET /forest/session.jsp?a=0.034363339422270656 HTTP/1.1" 200 4
186.29.78.53 - - [16/Jan/2015:05:24:38 -0500] "GET /forest/usutareas.do?_a=0.16786165162920952&group_system_actual=3 HTTP/1.1" 200 118788
186.29.78.53 - - [16/Jan/2015:05:24:39 -0500] "GET /forest/session.jsp?a=0.3505314807407558 HTTP/1.1" 200 4
188.165.15.212 - - [16/Jan/2015:05:24:41 -0500] "GET /BLA/resoluciones/RESOLUCIONES%202004/RES%202004%20351-400/00000396.tif HTTP/1.1" 200 220322
188.165.15.66 - - [16/Jan/2015:05:24:45 -0500] "GET /BLA/resoluciones/RESOLUCIONES%202005/RES%202005%20201-250/00000204.tif HTTP/1.1" 200 239970
66.249.67.75 - - [16/Jan/2015:05:24:48 -0500] "GET /BLA/resoluciones/Autos%202008/1940.pdf HTTP/1.1" 200 109173
186.29.78.53 - - [16/Jan/2015:05:24:48 -0500] "GET /forest/actions/forms.getList?codForm=Revision_reparto_Correspondencias&id=funcionarioasignado&text=p HTTP/1.1" 200 1272
186.29.78.53 - - [16/Jan/2015:05:24:48 -0500] "GET /forest/actions/forms.getList?codForm=Revision_reparto_Correspondencias&id=funcionarioasignado&text=pe HTTP/1.1" 200 1279
186.29.78.53 - - [16/Jan/2015:05:24:49 -0500] "GET /forest/actions/forms.getList?codForm=Revision_reparto_Correspondencias&id=funcionarioasignado&text=ped HTTP/1.1" 200 653
186.29.78.53 - - [16/Jan/2015:05:24:49 -0500] "GET /forest/actions/forms.getList?codForm=Revision_reparto_Correspondencias&id=funcionarioasignado&text=pedr HTTP/1.1" 200 378
186.29.78.53 - - [16/Jan/2015:05:24:50 -0500] "GET /forest/actions/forms.getList?codForm=Revision_reparto_Correspondencias&id=funcionarioasignado&text=pedro HTTP/1.1" 200 118
186.29.78.53 - - [16/Jan/2015:05:24:51 -0500] "GET /forest/actions/forms.getList?codForm=Revision_reparto_Correspondencias&id=funcionarioasignado&text=pedro. HTTP/1.1" 200 118
186.29.78.53 - - [16/Jan/2015:05:24:52 -0500] "GET /forest/actions/forms.getList?codForm=Revision_reparto_Correspondencias&id=funcionarioasignado&text=pedro.g HTTP/1.1" 200 57
186.29.78.53 - - [16/Jan/2015:05:24:57 -0500] "GET /forest/actions/forms.getList?codForm=Revision_reparto_Correspondencias&id=codigoFuncionario&text=d HTTP/1.1" 200 1260
186.29.78.53 - - [16/Jan/2015:05:24:57 -0500] "GET /forest/actions/forms.getList?codForm=Revision_reparto_Correspondencias&id=codigoFuncionario&text=da HTTP/1.1" 200 1246
186.29.78.53 - - [16/Jan/2015:05:24:57 -0500] "GET /forest/actions/forms.getList?codForm=Revision_reparto_Correspondencias&id=codigoFuncionario&text=dav HTTP/1.1" 200 1059
186.29.78.53 - - [16/Jan/2015:05:24:57 -0500] "GET /forest/actions/forms.getList?codForm=Revision_reparto_Correspondencias&id=codigoFuncionario&text=davi HTTP/1.1" 200 1059
186.29.78.53 - - [16/Jan/2015:05:24:57 -0500] "GET /forest/actions/forms.getList?codForm=Revision_reparto_Correspondencias&id=codigoFuncionario&text=david HTTP/1.1" 200 998
186.29.78.53 - - [16/Jan/2015:05:24:59 -0500] "GET /forest/actions/forms.getList?codForm=Revision_reparto_Correspondencias&id=codigoFuncionario&text=david. HTTP/1.1" 200 327
186.29.78.53 - - [16/Jan/2015:05:24:59 -0500] "GET /forest/actions/forms.getList?codForm=Revision_reparto_Correspondencias&id=codigoFuncionario&text=david.z HTTP/1.1" 200 61
186.29.78.53 - - [16/Jan/2015:05:24:59 -0500] "GET /forest/actions/forms.getList?codForm=Revision_reparto_Correspondencias&id=codigoFuncionario&text=david.za HTTP/1.1" 200 61
201.245.192.253 - - [16/Jan/2015:05:19:11 -0500] "GET /ForestMSG_SDA/channelAsync/template_word_17276338?X-Atmosphere-tracking-id=a8a46bcc-9b51-6ebf-1aad-356ec81e3443&X-Atmosphere-Framework=1.0.5&X-Atmosphere-Transport=long-polling&tabid=0.0928294702898711&X-Cache-Date=0&Content-Type=application/xml&_=1421404014326 HTTP/1.1" 200 8193
188.165.15.239 - - [16/Jan/2015:05:25:19 -0500] "GET /BLA/resoluciones/RESOLUCIONES%202002/RES%202002%20601-650/00000605.tif HTTP/1.1" 200 98346
220.181.108.89 - - [16/Jan/2015:05:25:24 -0500] "GET / HTTP/1.1" 302 -
186.29.78.53 - - [16/Jan/2015:05:25:45 -0500] "POST /forest/usutareas.do? HTTP/1.1" 200 76
186.29.78.53 - - [16/Jan/2015:05:25:47 -0500] "GET /forest/usutareas.do?group_system_actual=3&a=0.34987185010686517 HTTP/1.1" 200 119157
186.29.78.53 - - [16/Jan/2015:05:25:49 -0500] "GET /forest/session.jsp?a=0.7514847505372018 HTTP/1.1" 200 4
186.29.78.53 - - [16/Jan/2015:05:25:51 -0500] "POST /forest/usutareas.do? HTTP/1.1" 200 76
186.29.78.53 - - [16/Jan/2015:05:25:55 -0500] "GET /forest/js/usutareas-docs.js HTTP/1.1" 304 -
186.29.78.53 - - [16/Jan/2015:05:25:55 -0500] "GET /forest/js/jquery/jquery-1.5.2.min.js HTTP/1.1" 304 -
186.29.78.53 - - [16/Jan/2015:05:25:55 -0500] "GET /forest/js/jquery/jquery.atmosphere.js HTTP/1.1" 304 -
186.29.78.53 - - [16/Jan/2015:05:25:55 -0500] "GET /forest/js/socketConnection.js HTTP/1.1" 304 -
186.29.78.53 - - [16/Jan/2015:05:25:55 -0500] "GET /forest/skins/gdocs-jar/img/bola.gif HTTP/1.1" 304 -
186.29.78.53 - - [16/Jan/2015:05:25:53 -0500] "GET /forest/usutareas.do?group_system_actual=3&a=0.026377334957942367 HTTP/1.1" 200 120224
186.29.78.53 - - [16/Jan/2015:05:25:55 -0500] "GET /forest/session.jsp?a=0.8219953298103064 HTTP/1.1" 200 4
66.249.67.103 - - [16/Jan/2015:05:25:59 -0500] "GET /Anexos%20estudio%20Organizacional%20SDA/ANEXO%20No.%201-%20NORMAS%20LEGALES%20DE%20ESTRUCTURA%20Y%20PLANTA/Decreto%20562%20de%202006%20-%20Establece%20planta%20de%20cargos%20de%20SDA.jsp_files/FFFFFFtr.gif HTTP/1.1" 200 129
186.29.78.53 - - [16/Jan/2015:05:26:00 -0500] "GET /forest/actions/sgc.getPlantillaByInst?codForm=621&codInst=3031208 HTTP/1.1" 200 127757
188.165.15.15 - - [16/Jan/2015:05:26:25 -0500] "GET /BLA/resoluciones/RESOLUCIONES%202004/RES%202004%20851-900/00000875.tif HTTP/1.1" 200 95580
180.76.6.61 - - [16/Jan/2015:05:26:28 -0500] "GET /BLA/boletinlegal;jsessionid=D4E351B66CF3F4F7453A2A378E596F57?/? HTTP/1.1" 404 1018
188.165.15.212 - - [16/Jan/2015:05:28:04 -0500] "GET /BLA/resoluciones/RESOLUCIONES%202006/RES%202006%201201-1250/00001218.tif HTTP/1.1" 200 34638
66.249.67.83 - - [16/Jan/2015:05:28:06 -0500] "GET /BLA/resoluciones/Autos%202008/1161.pdf HTTP/1.1" 200 154749
66.249.67.83 - - [16/Jan/2015:05:28:22 -0500] "GET /BLA/resoluciones/AUTOS%202006/AUTOS%202006%20501-600/00000504.tif HTTP/1.1" 200 45136
66.249.67.83 - - [16/Jan/2015:05:28:22 -0500] "GET /BLA/resoluciones/Autos%202008/2650.pdf HTTP/1.1" 200 65892
74.86.158.107 - - [16/Jan/2015:05:28:31 -0500] "HEAD / HTTP/1.1" 302 -
66.249.67.83 - - [16/Jan/2015:05:28:38 -0500] "GET /BLA/resoluciones/RESOLUCIONES%202007/RES%202007%201501%20AL%201600/RESOLUCION%201506%20DE%202007.pdf HTTP/1.1" 200 289630
180.76.6.57 - - [16/Jan/2015:05:28:42 -0500] "GET /BLA/boletinlegal;jsessionid=71A79C9F1D5126AF1CE15A9600DF50DC?/? HTTP/1.1" 404 1018
66.249.67.83 - - [16/Jan/2015:05:28:50 -0500] "GET /BLA/resoluciones/AUTOS%202013/0338.pdf HTTP/1.1" 200 603482
66.249.67.75 - - [16/Jan/2015:05:28:52 -0500] "GET /BLA/resoluciones/RESOLUCIONES%202010/1755.pdf HTTP/1.1" 200 592068
66.249.67.83 - - [16/Jan/2015:05:29:06 -0500] "GET /BLA/resoluciones/RESOLUCIONES%202008/1928.pdf HTTP/1.1" 200 275687
188.165.15.212 - - [16/Jan/2015:05:29:09 -0500] "GET /BLA/resoluciones/RESOLUCIONES%202002/RES%202002%20401-450/00000444.tif HTTP/1.1" 200 158776
66.249.67.83 - - [16/Jan/2015:05:29:20 -0500] "GET /BLA/resoluciones/RESOLUCIONES%202007/RES%202007%20101%20AL%20200/RESOLUCION%200198%20DE%202007.pdf HTTP/1.1" 200 49857
66.249.67.75 - - [16/Jan/2015:05:29:34 -0500] "GET /BLA/resoluciones/RESOLUCIONES%202008/5120.pdf HTTP/1.1" 200 556585
66.249.67.75 - - [16/Jan/2015:05:29:47 -0500] "GET /BLA/resoluciones/RESOLUCIONES%202008/3028.pdf HTTP/1.1" 200 487166
66.249.67.75 - - [16/Jan/2015:05:30:01 -0500] "GET /BLA/resoluciones/RESOLUCIONES%202009/3409.pdf HTTP/1.1" 200 488017
186.99.15.24 - - [16/Jan/2015:05:30:02 -0500] "GET /BLA/boletinlegal/js/jquery.scrollTo-min.js HTTP/1.1" 200 1150
186.99.15.24 - - [16/Jan/2015:05:30:02 -0500] "GET /BLA/boletinlegal/js/jquery.js HTTP/1.1" 200 57254
186.99.15.24 - - [16/Jan/2015:05:30:02 -0500] "GET /BLA/boletinlegal/js/jquery.scrollShow.js HTTP/1.1" 200 4586
190.25.51.18 - - [16/Jan/2015:05:30:21 -0500] "GET /portalsiaccapacitaciones/Decreto%20243%20de%202009%20-%2020%20de%20Junio.pdf HTTP/1.1" 404 1320
190.25.51.18 - - [16/Jan/2015:05:30:21 -0500] "GET /favicon.ico HTTP/1.1" 200 7782
66.249.67.67 - - [16/Jan/2015:05:30:29 -0500] "GET /BLA/resoluciones/AUTOS%202013/2669.pdf HTTP/1.1" 200 236972
190.25.51.18 - - [16/Jan/2015:05:30:39 -0500] "GET /formularios/formulario-tics.php? HTTP/1.1" 200 3888
186.29.78.53 - - [16/Jan/2015:05:30:55 -0500] "GET /forest/session.jsp?a=0.3615282732062042 HTTP/1.1" 200 4
66.249.67.75 - - [16/Jan/2015:05:30:57 -0500] "GET /BLA/resoluciones/RESOLUCIONES%202007/RES%202007%203901%20AL%204000/RESOLUCION%203913%20DE%202007.pdf HTTP/1.1" 200 32234
188.165.15.21 - - [16/Jan/2015:05:31:07 -0500] "GET /BLA/resoluciones/RESOLUCIONES%202003/RES%202003%20151-200/2003RES168.tif HTTP/1.1" 200 484444
66.249.67.67 - - [16/Jan/2015:05:31:25 -0500] "GET /BLA/resoluciones/RESOLUCIONES%202010/4141.pdf HTTP/1.1" 200 758507
180.76.6.60 - - [16/Jan/2015:05:31:31 -0500] "GET /BLA/resoluciones/AUTOS%202007/1630.pdf HTTP/1.1" 200 66617
66.249.67.75 - - [16/Jan/2015:05:31:40 -0500] "GET /BLA/resoluciones/Autos%202008/0899.pdf HTTP/1.1" 200 221562
66.249.67.83 - - [16/Jan/2015:05:31:53 -0500] "GET /BLA/resoluciones/AUTOS%202011/2436.pdf HTTP/1.1" 200 130267
186.29.78.53 - - [16/Jan/2015:05:25:55 -0500] "GET /ForestMSG_SDA/channelAsync/template_word_17289777?X-Atmosphere-tracking-id=5b0b9e4f-fe51-ffd4-023c-c41102106ebb&X-Atmosphere-Framework=1.0.5&X-Atmosphere-Transport=long-polling&tabid=0.2541630193591118&X-Cache-Date=0&Content-Type=application/xml&_=1421404165937 HTTP/1.1" 200 8193
188.165.15.237 - - [16/Jan/2015:05:31:55 -0500] "GET /BLA/resoluciones/RESOLUCIONES%202003/RES%202003%201551-1601/20031569.tif HTTP/1.1" 200 327334
188.165.15.237 - - [16/Jan/2015:05:32:09 -0500] "GET /BLA/resoluciones/RESOLUCIONES%202005/RES%202005%20301-351/00000333.tif HTTP/1.1" 200 168068
201.245.192.253 - - [16/Jan/2015:05:26:11 -0500] "GET /ForestMSG_SDA/channelAsync/template_word_17276338?X-Atmosphere-tracking-id=9a2f8361-d9be-579f-88f5-f043c4923c4f&X-Atmosphere-Framework=1.0.5&X-Atmosphere-Transport=long-polling&tabid=0.0928294702898711&X-Cache-Date=0&Content-Type=application/xml&_=1421404434412 HTTP/1.1" 200 8193
66.249.67.75 - - [16/Jan/2015:05:32:21 -0500] "GET /BLA/resoluciones/AUTOS%202011/3897.pdf HTTP/1.1" 200 143174
66.249.67.83 - - [16/Jan/2015:05:32:42 -0500] "GET /galeria/juegos/rompecabezas/animales.swf HTTP/1.1" 200 352988
66.249.67.75 - - [16/Jan/2015:05:32:49 -0500] "GET /BLA/resoluciones/AUTOS%202011/7321.pdf HTTP/1.1" 200 234237
190.125.75.153 - - [16/Jan/2015:05:33:10 -0500] "GET /BLA/boletinlegal/js/jquery.js HTTP/1.1" 200 57254
190.125.75.153 - - [16/Jan/2015:05:33:10 -0500] "GET /BLA/boletinlegal/js/jquery.scrollTo-min.js HTTP/1.1" 200 1150
190.125.75.153 - - [16/Jan/2015:05:33:10 -0500] "GET /BLA/boletinlegal/js/jquery.scrollShow.js HTTP/1.1" 200 4586
87.217.151.80 - - [16/Jan/2015:05:33:28 -0500] "GET /BLA/boletinlegal/js/jquery.scrollTo-min.js HTTP/1.1" 200 1150
87.217.151.80 - - [16/Jan/2015:05:33:28 -0500] "GET /BLA/boletinlegal/js/jquery.scrollShow.js HTTP/1.1" 200 4586
87.217.151.80 - - [16/Jan/2015:05:33:28 -0500] "GET /BLA/boletinlegal/js/jquery.js HTTP/1.1" 200 57254
74.86.158.107 - - [16/Jan/2015:05:33:31 -0500] "HEAD / HTTP/1.1" 302 -
66.249.67.75 - - [16/Jan/2015:05:34:01 -0500] "GET /BLA/resoluciones/RESOLUCIONES%202008/2627.pdf HTTP/1.1" 200 258244
66.249.67.67 - - [16/Jan/2015:05:34:12 -0500] "GET /BLA/resoluciones/AUTOS%202011/3764.pdf HTTP/1.1" 200 182626
66.249.67.67 - - [16/Jan/2015:05:34:40 -0500] "GET /BLA/resoluciones/RESOLUCIONES%202009/0865.pdf HTTP/1.1" 200 309603
66.249.67.67 - - [16/Jan/2015:05:34:43 -0500] "GET /BLA/resoluciones/RESOLUCIONES%202009/0069.pdf HTTP/1.1" 200 371415
66.249.67.75 - - [16/Jan/2015:05:35:53 -0500] "GET /BLA/resoluciones/RESOLUCIONES%202007/RES%202007%204201%20AL%204300/RESOLUCION%204219%20DE%202007.pdf HTTP/1.1" 200 254017
66.249.67.83 - - [16/Jan/2015:05:36:04 -0500] "GET /BLA/resoluciones/RESOLUCIONES%202010/4078.pdf HTTP/1.1" 200 406614
188.165.15.66 - - [16/Jan/2015:05:36:08 -0500] "GET /BLA/resoluciones/RESOLUCIONES%202004/RES%202004%202201-2250/00002249.tif HTTP/1.1" 200 209882
66.249.67.67 - - [16/Jan/2015:05:36:32 -0500] "GET /BLA/resoluciones/RESOLUCIONES%202009/1422.pdf HTTP/1.1" 200 420023
66.249.67.83 - - [16/Jan/2015:05:36:59 -0500] "GET /BLA/resoluciones/RESOLUCIONES%202007/RES%202007%202801%20AL%202900/RESOLUCION%202842%20DE%202007.pdf HTTP/1.1" 200 269383
188.165.15.138 - - [16/Jan/2015:05:37:00 -0500] "GET /BLA/resoluciones/RESOLUCIONES%202006/RES%202006%20401-450/00000423.tif HTTP/1.1" 200 256266
66.249.67.67 - - [16/Jan/2015:05:37:04 -0500] "GET /resoluciones/AUTOS%202007/0692.pdf HTTP/1.1" 404 1018
66.249.67.75 - - [16/Jan/2015:05:37:27 -0500] "GET /BLA/resoluciones/RESOLUCIONES%202009/7040.pdf HTTP/1.1" 200 724681
186.29.78.53 - - [16/Jan/2015:05:31:55 -0500] "GET /ForestMSG_SDA/channelAsync/template_word_17289777?X-Atmosphere-tracking-id=5b0b9e4f-fe51-ffd4-023c-c41102106ebb&X-Atmosphere-Framework=1.0.5&X-Atmosphere-Transport=long-polling&tabid=0.2541630193591118&X-Cache-Date=0&Content-Type=application/xml&_=1421404525979 HTTP/1.1" 200 8193
66.249.67.75 - - [16/Jan/2015:05:37:55 -0500] "GET /BLA/resoluciones/RESOLUCIONES%202009/0958.pdf HTTP/1.1" 200 592564
66.249.67.83 - - [16/Jan/2015:05:38:23 -0500] "GET /BLA/resoluciones/RESOLUCIONES%202009/1711.pdf HTTP/1.1" 200 633619
180.76.6.143 - - [16/Jan/2015:05:38:26 -0500] "GET /BLA/boletinlegal;jsessionid=85C70B531E923D52689AB2357217F5CC?/? HTTP/1.1" 404 1018
74.86.158.107 - - [16/Jan/2015:05:38:31 -0500] "HEAD / HTTP/1.1" 302 -
66.249.67.75 - - [16/Jan/2015:05:38:51 -0500] "GET /BLA/resoluciones/RESOLUCIONES%202009/7304.pdf HTTP/1.1" 200 339916
188.165.15.15 - - [16/Jan/2015:05:39:06 -0500] "GET /BLA/resoluciones/RESOLUCIONES%202003/RES%202003%20501-550/518.tif HTTP/1.1" 200 197520
66.249.67.67 - - [16/Jan/2015:05:39:09 -0500] "GET /BLA/resoluciones/RESOLUCIONES%202007/RES%202007%202401%20AL%202500/RESOLUCION%202480%20DE%202007.pdf HTTP/1.1" 200 427053
201.245.192.253 - - [16/Jan/2015:05:33:11 -0500] "GET /ForestMSG_SDA/channelAsync/template_word_17276338?X-Atmosphere-tracking-id=f9be63ce-38b0-6684-83d2-4d273188920b&X-Atmosphere-Framework=1.0.5&X-Atmosphere-Transport=long-polling&tabid=0.0928294702898711&X-Cache-Date=0&Content-Type=application/xml&_=1421404854461 HTTP/1.1" 200 8193
188.165.15.237 - - [16/Jan/2015:05:39:13 -0500] "GET /BLA/resoluciones/RESOLUCIONES%202002/RES%202002%20101-150/2002RES127.tif HTTP/1.1" 200 134246
66.249.67.67 - - [16/Jan/2015:05:39:19 -0500] "GET /BLA/resoluciones/RESOLUCIONES%202009/8096.pdf HTTP/1.1" 200 576729
66.249.67.75 - - [16/Jan/2015:05:39:32 -0500] "GET /BLA/resoluciones/AUTOS%202011/2369.pdf HTTP/1.1" 200 166942
188.165.15.79 - - [16/Jan/2015:05:39:35 -0500] "GET /BLA/resoluciones/RESOLUCIONES%202002/RES%202002%20451-500/00000485.tif HTTP/1.1" 200 142712
66.249.67.75 - - [16/Jan/2015:05:39:47 -0500] "GET /BLA/resoluciones/RESOLUCIONES%202009/0918.pdf HTTP/1.1" 200 334266
188.165.15.138 - - [16/Jan/2015:05:40:13 -0500] "GET /BLA/resoluciones/RESOLUCIONES%202003/RES%202003%20651-700/659.tif HTTP/1.1" 200 65716
66.249.67.75 - - [16/Jan/2015:05:40:15 -0500] "GET /BLA/resoluciones/RESOLUCIONES%202008/2703.pdf HTTP/1.1" 200 281668
188.165.15.237 - - [16/Jan/2015:05:40:24 -0500] "GET /BLA/resoluciones/RESOLUCIONES%202006/RES%202006%202251-2300/00002264.tif HTTP/1.1" 200 215014
66.249.67.75 - - [16/Jan/2015:05:40:36 -0500] "GET /BLA/resoluciones/AUTOS%202014/2872.pdf HTTP/1.1" 200 361823
66.249.67.75 - - [16/Jan/2015:05:40:42 -0500] "GET /BLA/resoluciones/RESOLUCIONES%202009/2529.pdf HTTP/1.1" 200 468179
66.249.67.67 - - [16/Jan/2015:05:40:47 -0500] "GET /BLA/resoluciones/Autos%202008/3003.pdf HTTP/1.1" 200 128633
66.249.67.75 - - [16/Jan/2015:05:41:10 -0500] "GET /BLA/resoluciones/RESOLUCIONES%202009/6064.pdf HTTP/1.1" 200 637839
188.165.15.138 - - [16/Jan/2015:05:41:38 -0500] "GET /BLA/resoluciones/RESOLUCIONES%202004/RES%202004%202051-2100/00002084.tif HTTP/1.1" 200 144780
66.249.67.75 - - [16/Jan/2015:05:41:38 -0500] "GET /BLA/resoluciones/RESOLUCIONES%202009/0952.pdf HTTP/1.1" 200 487516
180.76.5.177 - - [16/Jan/2015:05:41:41 -0500] "GET /BLA/resoluciones/AUTOS%202009/0371.pdf HTTP/1.1" 200 106371
66.249.67.67 - - [16/Jan/2015:05:42:06 -0500] "GET /BLA/resoluciones/RESOLUCIONES%202009/6639.pdf HTTP/1.1" 200 777748
188.165.15.212 - - [16/Jan/2015:05:42:13 -0500] "GET /BLA/resoluciones/RESOLUCIONES%202002/RES%202002%201201-1250/20021208.tif HTTP/1.1" 200 46866
66.249.67.67 - - [16/Jan/2015:05:42:34 -0500] "GET /BLA/resoluciones/RESOLUCIONES%202007/RES%202007%203901%20AL%204000/RESOLUCION%203902%20DE%202007.pdf HTTP/1.1" 200 247712
190.25.232.143 - - [16/Jan/2015:05:42:41 -0500] "GET /galeria/nivo-slider/demo/images/Banner-comparendo.jpg HTTP/1.1" 304 -
66.249.67.83 - - [16/Jan/2015:05:43:26 -0500] "GET /BLA/resoluciones/Autos%202008/2557.pdf HTTP/1.1" 200 268264
66.249.67.83 - - [16/Jan/2015:05:43:30 -0500] "GET /BLA/resoluciones/AUTOS%202007/2091.pdf HTTP/1.1" 200 82490
74.86.158.107 - - [16/Jan/2015:05:43:31 -0500] "HEAD / HTTP/1.1" 302 -
186.29.78.53 - - [16/Jan/2015:05:37:55 -0500] "GET /ForestMSG_SDA/channelAsync/template_word_17289777?X-Atmosphere-tracking-id=5b0b9e4f-fe51-ffd4-023c-c41102106ebb&X-Atmosphere-Framework=1.0.5&X-Atmosphere-Transport=long-polling&tabid=0.2541630193591118&X-Cache-Date=0&Content-Type=application/xml&_=1421404886015 HTTP/1.1" 200 8193
66.249.67.67 - - [16/Jan/2015:05:43:57 -0500] "GET /BLA/resoluciones/RESOLUCIONES%202007/RES%202007%20301%20AL%20400/RESOLUCION%200391%20DE%202007.pdf HTTP/1.1" 200 639547
66.249.67.75 - - [16/Jan/2015:05:44:25 -0500] "GET /BLA/resoluciones/RESOLUCIONES%202009/2222.pdf HTTP/1.1" 200 608431
200.14.42.114 - - [16/Jan/2015:05:44:45 -0500] "GET /BLA/boletinlegal/js/jquery.scrollTo-min.js HTTP/1.1" 200 1150
200.14.42.114 - - [16/Jan/2015:05:44:45 -0500] "GET /BLA/boletinlegal/js/jquery.js HTTP/1.1" 200 57254
200.14.42.114 - - [16/Jan/2015:05:44:45 -0500] "GET /BLA/boletinlegal/js/jquery.scrollShow.js HTTP/1.1" 200 4586
200.14.42.114 - - [16/Jan/2015:05:44:46 -0500] "GET /hidrico/aguas%20subterraneas/ HTTP/1.1" 404 1296
66.249.67.67 - - [16/Jan/2015:05:44:53 -0500] "GET /BLA/resoluciones/RESOLUCIONES%202008/1419.pdf HTTP/1.1" 200 313940
66.249.67.83 - - [16/Jan/2015:05:45:21 -0500] "GET /BLA/resoluciones/RESOLUCIONES%202009/4244.pdf HTTP/1.1" 200 795400
66.249.67.75 - - [16/Jan/2015:05:45:49 -0500] "GET /BLA/resoluciones/AUTOS%202007/3590.pdf HTTP/1.1" 200 235348
201.245.192.253 - - [16/Jan/2015:05:40:11 -0500] "GET /ForestMSG_SDA/channelAsync/template_word_17276338?X-Atmosphere-tracking-id=70fa4d72-15b2-ac0a-fbd6-f60d1c24ea3f&X-Atmosphere-Framework=1.0.5&X-Atmosphere-Transport=long-polling&tabid=0.0928294702898711&X-Cache-Date=0&Content-Type=application/xml&_=1421405274506 HTTP/1.1" 200 8193
66.249.67.83 - - [16/Jan/2015:05:46:17 -0500] "GET /BLA/resoluciones/RESOLUCIONES%202011/2252.pdf HTTP/1.1" 200 748180
66.249.67.83 - - [16/Jan/2015:05:46:28 -0500] "GET /BLA/resoluciones/AUTOS%202014/6643.pdf HTTP/1.1" 200 2160948
188.165.15.79 - - [16/Jan/2015:05:46:34 -0500] "GET /BLA/resoluciones/RESOLUCIONES%202006/RES%202006%201551-1600/00001572.tif HTTP/1.1" 200 148446
66.249.67.83 - - [16/Jan/2015:05:46:45 -0500] "GET /BLA/resoluciones/RESOLUCIONES%202009/1813.pdf HTTP/1.1" 200 382653
188.165.15.130 - - [16/Jan/2015:05:46:56 -0500] "GET /BLA/resoluciones/index.php?dir=RESOLUCIONES%202003/RES%202003%20651-700/&sort=name&order=desc HTTP/1.1" 200 11299
66.249.67.119 - - [16/Jan/2015:05:47:03 -0500] "GET /newsecs/pie.doc HTTP/1.1" 404 1019
66.249.67.83 - - [16/Jan/2015:05:47:13 -0500] "GET /BLA/resoluciones/AUTOS%202011/3300.pdf HTTP/1.1" 200 175587
180.76.5.67 - - [16/Jan/2015:05:47:13 -0500] "GET /BLA/resoluciones/RESOLUCIONES%202011/1286.pdf HTTP/1.1" 200 348163
66.249.67.75 - - [16/Jan/2015:05:47:40 -0500] "GET /BLA/resoluciones/AUTOS%202007/1044.pdf HTTP/1.1" 200 29140
181.131.33.225 - - [16/Jan/2015:05:47:49 -0500] "GET /galeria/carrusel/Carrusel/jquery.thumbnailScroller.css HTTP/1.1" 200 2066
181.131.33.225 - - [16/Jan/2015:05:47:49 -0500] "GET /BLA/boletinlegal/js/jquery.js HTTP/1.1" 200 57254
181.131.33.225 - - [16/Jan/2015:05:47:49 -0500] "GET /BLA/boletinlegal/js/jquery.scrollTo-min.js HTTP/1.1" 200 1150
181.131.33.225 - - [16/Jan/2015:05:47:49 -0500] "GET /BLA/boletinlegal/js/jquery.scrollShow.js HTTP/1.1" 200 4586
181.131.33.225 - - [16/Jan/2015:05:47:49 -0500] "GET /galeria/carrusel/Carrusel/jquery-ui-1.8.13.custom.min.js HTTP/1.1" 200 10800
181.131.33.225 - - [16/Jan/2015:05:47:49 -0500] "GET /galeria/carrusel/Carrusel/jquery.thumbnailScroller.js HTTP/1.1" 200 8157
181.131.33.225 - - [16/Jan/2015:05:47:52 -0500] "GET /galeria/nivo-slider/demo/demo.html HTTP/1.1" 200 3150
181.131.33.225 - - [16/Jan/2015:05:47:54 -0500] "GET /galeria/nivo-slider/themes/default/default.css HTTP/1.1" 200 1569
181.131.33.225 - - [16/Jan/2015:05:47:54 -0500] "GET /galeria/nivo-slider/themes/pascal/pascal.css HTTP/1.1" 200 2258
181.131.33.225 - - [16/Jan/2015:05:47:54 -0500] "GET /galeria/nivo-slider/nivo-slider.css HTTP/1.1" 200 1507
181.131.33.225 - - [16/Jan/2015:05:47:54 -0500] "GET /galeria/nivo-slider/themes/orman/orman.css HTTP/1.1" 200 2152
181.131.33.225 - - [16/Jan/2015:05:47:54 -0500] "GET /galeria/nivo-slider/demo/style.css HTTP/1.1" 200 2222
181.131.33.225 - - [16/Jan/2015:05:47:54 -0500] "GET /galeria/nivo-slider/demo/images/bolsas-08.jpg HTTP/1.1" 200 85589
181.131.33.225 - - [16/Jan/2015:05:47:54 -0500] "GET /galeria/nivo-slider/demo/images/Ruta-vertimientos-01.jpg HTTP/1.1" 200 130151
181.131.33.225 - - [16/Jan/2015:05:47:54 -0500] "GET /galeria/nivo-slider/demo/images/bolsas-06.jpg HTTP/1.1" 200 90982
181.131.33.225 - - [16/Jan/2015:05:47:54 -0500] "GET /galeria/nivo-slider/demo/images/ecolecta-Dic2014.png HTTP/1.1" 200 288593
181.131.33.225 - - [16/Jan/2015:05:47:54 -0500] "GET /galeria/nivo-slider/demo/images/porloshumedales.jpg HTTP/1.1" 200 351238
181.131.33.225 - - [16/Jan/2015:05:47:54 -0500] "GET /galeria/nivo-slider/demo/images/Tingua-azul.jpg HTTP/1.1" 200 307638
181.131.33.225 - - [16/Jan/2015:05:47:55 -0500] "GET /galeria/nivo-slider/demo/scripts/jquery-1.7.1.min.js HTTP/1.1" 200 93868
181.131.33.225 - - [16/Jan/2015:05:47:55 -0500] "GET /galeria/nivo-slider/jquery.nivo.slider.pack.js HTTP/1.1" 200 11561
181.131.33.225 - - [16/Jan/2015:05:47:55 -0500] "GET /galeria/nivo-slider/demo/images/Banner-Caracol-Africano.jpg HTTP/1.1" 200 331986
181.131.33.225 - - [16/Jan/2015:05:47:55 -0500] "GET /galeria/nivo-slider/demo/images/banner-redes.jpg HTTP/1.1" 200 62209
181.131.33.225 - - [16/Jan/2015:05:47:55 -0500] "GET /galeria/nivo-slider/demo/images/9Signos.jpg HTTP/1.1" 200 93040
181.131.33.225 - - [16/Jan/2015:05:47:56 -0500] "GET /galeria/nivo-slider/demo/images/4Simple_Slider.png HTTP/1.1" 200 11722
181.131.33.225 - - [16/Jan/2015:05:47:56 -0500] "GET /galeria/nivo-slider/themes/default/loading.gif HTTP/1.1" 200 1737
181.131.33.225 - - [16/Jan/2015:05:47:56 -0500] "GET /galeria/nivo-slider/demo/images/banner-llantas2.jpg HTTP/1.1" 200 73153
181.131.33.225 - - [16/Jan/2015:05:47:56 -0500] "GET /galeria/nivo-slider/demo/images/banner-caballos.png HTTP/1.1" 200 389106
181.131.33.225 - - [16/Jan/2015:05:47:58 -0500] "GET /galeria/nivo-slider/themes/default/arrows.png HTTP/1.1" 200 824
181.131.33.225 - - [16/Jan/2015:05:47:58 -0500] "GET /galeria/nivo-slider/themes/default/bullets.png HTTP/1.1" 200 1281
66.249.67.67 - - [16/Jan/2015:05:48:08 -0500] "GET /BLA/resoluciones/RESOLUCIONES%202009/3292.pdf HTTP/1.1" 200 645932
66.249.67.83 - - [16/Jan/2015:05:48:19 -0500] "GET /resoluciones/RESOLUCIONES%202007/RES%202007%202001%20AL%202100/RESOLUCION%202087%20DE%202007.pdf HTTP/1.1" 404 1018
74.86.158.107 - - [16/Jan/2015:05:48:31 -0500] "HEAD / HTTP/1.1" 302 -
66.249.67.83 - - [16/Jan/2015:05:48:36 -0500] "GET /BLA/resoluciones/RESOLUCIONES%202010/1680.pdf HTTP/1.1" 200 305043
190.25.232.143 - - [16/Jan/2015:05:48:42 -0500] "GET /StormSDA/userFiles/96.jar HTTP/1.1" 304 -
66.249.67.75 - - [16/Jan/2015:05:49:04 -0500] "GET /BLA/resoluciones/AUTOS%202007/0581.pdf HTTP/1.1" 200 234646
188.165.15.239 - - [16/Jan/2015:05:49:20 -0500] "GET /BLA/resoluciones/RESOLUCIONES%202005/RES%202005%20651-700/00000658.tif HTTP/1.1" 200 600270
66.249.67.75 - - [16/Jan/2015:05:49:21 -0500] "GET /BLA/resoluciones/RESOLUCIONES%202010/5092.pdf HTTP/1.1" 200 754719
66.249.67.75 - - [16/Jan/2015:05:49:32 -0500] "GET /BLA/resoluciones/RESOLUCIONES%202009/1805.pdf HTTP/1.1" 200 615974
186.29.78.53 - - [16/Jan/2015:05:43:55 -0500] "GET /ForestMSG_SDA/channelAsync/template_word_17289777?X-Atmosphere-tracking-id=5b0b9e4f-fe51-ffd4-023c-c41102106ebb&X-Atmosphere-Framework=1.0.5&X-Atmosphere-Transport=long-polling&tabid=0.2541630193591118&X-Cache-Date=0&Content-Type=application/xml&_=1421405246051 HTTP/1.1" 200 8193
66.249.67.75 - - [16/Jan/2015:05:50:00 -0500] "GET /BLA/resoluciones/RESOLUCIONES%202009/9828.pdf HTTP/1.1" 200 540993
66.249.67.83 - - [16/Jan/2015:05:50:28 -0500] "GET /BLA/resoluciones/RESOLUCIONES%202007/RES%202007%204001%20AL%204100/RESOLUCION%204098%20DE%202007.pdf HTTP/1.1" 200 316531
66.249.67.75 - - [16/Jan/2015:05:50:50 -0500] "GET /BLA/resoluciones/AUTOS%202007/0061.pdf HTTP/1.1" 200 46816
66.249.67.83 - - [16/Jan/2015:05:50:56 -0500] "GET /BLA/resoluciones/AUTOS%202013/2310.pdf HTTP/1.1" 200 1067986
188.165.15.237 - - [16/Jan/2015:05:50:58 -0500] "GET /BLA/resoluciones/RESOLUCIONES%202005/RES%202005%201301-1350/00001313.tif HTTP/1.1" 200 341602
66.249.67.83 - - [16/Jan/2015:05:51:04 -0500] "GET /resoluciones/RESOLUCIONES%202009/5507.pdf HTTP/1.1" 404 1018
188.165.15.239 - - [16/Jan/2015:05:51:23 -0500] "GET /BLA/resoluciones/RESOLUCIONES%202004/RES%202004%201051-1100/00001085.tif HTTP/1.1" 200 216294
66.249.67.75 - - [16/Jan/2015:05:51:23 -0500] "GET /BLA/resoluciones/RESOLUCIONES%202009/1441.pdf HTTP/1.1" 200 729785
66.249.67.75 - - [16/Jan/2015:05:51:51 -0500] "GET /BLA/resoluciones/RESOLUCIONES%202010/7573.pdf HTTP/1.1" 200 435546
66.249.67.111 - - [16/Jan/2015:05:52:22 -0500] "GET /Autoliquidacion/index.php?dir=Solicitud%20de%20expedici%F3n%20de%20certificados%20de%20estado%20de%20conservaci%F3n%20ambiental%20(CECA)/&sort=date&order=asc HTTP/1.1" 200 3596
190.66.125.76 - - [16/Jan/2015:05:52:41 -0500] "GET /BLA/boletinlegal/js/jquery.js HTTP/1.1" 200 57254
190.66.125.76 - - [16/Jan/2015:05:52:41 -0500] "GET /BLA/boletinlegal/js/jquery.scrollTo-min.js HTTP/1.1" 200 1150
190.66.125.76 - - [16/Jan/2015:05:52:41 -0500] "GET /BLA/boletinlegal/js/jquery.scrollShow.js HTTP/1.1" 200 4586
66.249.67.75 - - [16/Jan/2015:05:52:47 -0500] "GET /BLA/resoluciones/RESOLUCIONES%202009/4793.pdf HTTP/1.1" 200 1346043
66.249.67.75 - - [16/Jan/2015:05:53:03 -0500] "GET /BLA/resoluciones/RESOLUCIONES%202009/5008.pdf HTTP/1.1" 200 707153
201.245.192.253 - - [16/Jan/2015:05:47:11 -0500] "GET /ForestMSG_SDA/channelAsync/template_word_17276338?X-Atmosphere-tracking-id=42b749a7-4be1-3bca-c2b2-341d0046930e&X-Atmosphere-Framework=1.0.5&X-Atmosphere-Transport=long-polling&tabid=0.0928294702898711&X-Cache-Date=0&Content-Type=application/xml&_=1421405694538 HTTP/1.1" 200 8193
66.249.67.75 - - [16/Jan/2015:05:53:15 -0500] "GET /BLA/resoluciones/RESOLUCIONES%202009/9582.pdf HTTP/1.1" 200 299971
74.86.158.107 - - [16/Jan/2015:05:53:31 -0500] "HEAD / HTTP/1.1" 302 -
66.249.67.83 - - [16/Jan/2015:05:53:43 -0500] "GET /BLA/resoluciones/RESOLUCIONES%202008/1547.pdf HTTP/1.1" 200 240912
216.145.54.35 - - [16/Jan/2015:05:53:48 -0500] "GET / HTTP/1.0" 302 -
66.249.67.83 - - [16/Jan/2015:05:54:11 -0500] "GET /BLA/resoluciones/RESOLUCIONES%202009/2593.pdf HTTP/1.1" 200 1275091
66.249.67.83 - - [16/Jan/2015:05:54:38 -0500] "GET /BLA/resoluciones/RESOLUCIONES%202009/4984.pdf HTTP/1.1" 200 703925
66.249.67.103 - - [16/Jan/2015:05:54:47 -0500] "GET /Anexos%20estudio%20Organizacional%20SDA/ANEXO%20No.%201-%20NORMAS%20LEGALES%20DE%20ESTRUCTURA%20Y%20PLANTA/Decreto%20308%20de%202001%20-%20Modifica%20estructura%20del%20DAMA.jsp_files/arrowl.png HTTP/1.1" 200 423
66.249.67.67 - - [16/Jan/2015:05:55:06 -0500] "GET /BLA/resoluciones/RESOLUCIONES%202009/1878.pdf HTTP/1.1" 200 300529
66.249.67.75 - - [16/Jan/2015:05:55:15 -0500] "GET /resoluciones/RESOLUCIONES%202009/0317.pdf HTTP/1.1" 404 1018
190.25.232.143 - - [16/Jan/2015:05:55:17 -0500] "GET /StormSDA/userFiles/87.jar HTTP/1.1" 304 -
188.165.15.212 - - [16/Jan/2015:05:55:34 -0500] "GET /BLA/resoluciones/RESOLUCIONES%202004/RES%202004%20901-950/00000923.tif HTTP/1.1" 200 91666
66.249.67.75 - - [16/Jan/2015:05:55:34 -0500] "GET /BLA/resoluciones/Autos%202008/1787.pdf HTTP/1.1" 200 201062
188.165.15.79 - - [16/Jan/2015:05:55:34 -0500] "GET /BLA/resoluciones/RESOLUCIONES%202005/RES%202005%20751-800/00000798.tif HTTP/1.1" 200 152304
188.165.15.239 - - [16/Jan/2015:05:55:38 -0500] "GET /BLA/resoluciones/RESOLUCIONES%202003/RES%202003%201651-1700/20031655.tif HTTP/1.1" 200 109030
186.29.78.53 - - [16/Jan/2015:05:49:55 -0500] "GET /ForestMSG_SDA/channelAsync/template_word_17289777?X-Atmosphere-tracking-id=5b0b9e4f-fe51-ffd4-023c-c41102106ebb&X-Atmosphere-Framework=1.0.5&X-Atmosphere-Transport=long-polling&tabid=0.2541630193591118&X-Cache-Date=0&Content-Type=application/xml&_=1421405606088 HTTP/1.1" 200 8193
66.249.67.83 - - [16/Jan/2015:05:56:02 -0500] "GET /BLA/resoluciones/RESOLUCIONES%202009/8269.pdf HTTP/1.1" 200 287619
188.165.15.44 - - [16/Jan/2015:05:56:23 -0500] "GET /BLA/resoluciones/RESOLUCIONES%202002/RES%202002%2051-100/2002RES88.tif HTTP/1.1" 200 41304
66.249.67.75 - - [16/Jan/2015:05:56:30 -0500] "GET /BLA/resoluciones/RESOLUCIONES%202009/7994.pdf HTTP/1.1" 200 322756
190.25.232.143 - - [16/Jan/2015:05:56:40 -0500] "GET /StormSDA/userFiles/91.jar HTTP/1.1" 304 -
66.249.67.67 - - [16/Jan/2015:05:56:58 -0500] "GET /BLA/resoluciones/RESOLUCIONES%202009/2445.pdf HTTP/1.1" 200 538242
66.249.67.67 - - [16/Jan/2015:05:57:10 -0500] "GET /BLA/resoluciones/AUTOS%202006/AUTOS%202006%20301-400/00000349.tif HTTP/1.1" 200 56812
66.249.67.83 - - [16/Jan/2015:05:57:26 -0500] "GET /BLA/resoluciones/RESOLUCIONES%202009/5335.pdf HTTP/1.1" 200 459500
66.249.67.75 - - [16/Jan/2015:05:57:54 -0500] "GET /BLA/resoluciones/RESOLUCIONES%202010/5237.pdf HTTP/1.1" 200 766807
74.86.158.107 - - [16/Jan/2015:05:58:31 -0500] "HEAD / HTTP/1.1" 302 -
66.249.67.75 - - [16/Jan/2015:05:58:49 -0500] "GET /BLA/resoluciones/RESOLUCIONES%202009/4083.pdf HTTP/1.1" 200 515457
66.249.67.83 - - [16/Jan/2015:05:59:17 -0500] "GET /BLA/resoluciones/RESOLUCIONES%202009/1001.pdf HTTP/1.1" 200 436048
66.249.67.111 - - [16/Jan/2015:05:59:19 -0500] "GET /pga/ane6.doc HTTP/1.1" 404 1019
66.249.67.83 - - [16/Jan/2015:05:59:45 -0500] "GET /BLA/resoluciones/AUTOS%202007/1272.pdf HTTP/1.1" 200 146706
186.29.78.53 - - [16/Jan/2015:06:00:04 -0500] "GET /forest/session.jsp?a=0.4027299827430397 HTTP/1.1" 200 4
201.245.192.253 - - [16/Jan/2015:05:54:11 -0500] "GET /ForestMSG_SDA/channelAsync/template_word_17276338?X-Atmosphere-tracking-id=9a618ec1-c92c-9579-69f0-dd9da106eb10&X-Atmosphere-Framework=1.0.5&X-Atmosphere-Transport=long-polling&tabid=0.0928294702898711&X-Cache-Date=0&Content-Type=application/xml&_=1421406114590 HTTP/1.1" 200 8193
66.249.67.83 - - [16/Jan/2015:06:00:13 -0500] "GET /BLA/resoluciones/RESOLUCIONES%202009/8882.pdf HTTP/1.1" 200 307087
186.29.78.53 - - [16/Jan/2015:06:00:13 -0500] "GET /forest/logout-redirect.jsp HTTP/1.1" 302 -
186.29.78.53 - - [16/Jan/2015:06:00:13 -0500] "GET /forest/login.do HTTP/1.1" 200 12758
186.29.78.53 - - [16/Jan/2015:06:00:13 -0500] "GET /forest/jsoptimized/gz/js/gdocsall-1412.231748.js HTTP/1.1" 304 -
66.249.67.75 - - [16/Jan/2015:06:00:41 -0500] "GET /BLA/resoluciones/RESOLUCIONES%202009/2985.pdf HTTP/1.1" 200 472549
66.249.67.83 - - [16/Jan/2015:06:01:08 -0500] "GET /BLA/resoluciones/AUTOS%202011/0106.pdf HTTP/1.1" 200 203174
66.249.67.83 - - [16/Jan/2015:06:01:09 -0500] "GET /BLA/resoluciones/RESOLUCIONES%202009/1971.pdf HTTP/1.1" 200 669621
66.249.67.83 - - [16/Jan/2015:06:01:10 -0500] "GET /BLA/resoluciones/AUTOS%202008/1489.pdf HTTP/1.1" 200 282366
66.249.67.75 - - [16/Jan/2015:06:01:11 -0500] "GET /BLA/resoluciones/AUTOS%202008/1775.pdf HTTP/1.1" 200 164090
66.249.67.67 - - [16/Jan/2015:06:01:37 -0500] "GET /BLA/resoluciones/RESOLUCIONES%202008/2876.pdf HTTP/1.1" 200 581950
66.249.67.67 - - [16/Jan/2015:06:01:52 -0500] "GET /BLA/resoluciones/AUTOS%202014/3322.pdf HTTP/1.1" 200 1283245
186.29.78.53 - - [16/Jan/2015:05:55:55 -0500] "GET /ForestMSG_SDA/channelAsync/template_word_17289777?X-Atmosphere-tracking-id=5b0b9e4f-fe51-ffd4-023c-c41102106ebb&X-Atmosphere-Framework=1.0.5&X-Atmosphere-Transport=long-polling&tabid=0.2541630193591118&X-Cache-Date=0&Content-Type=application/xml&_=1421405966122 HTTP/1.1" 200 8193
66.249.67.75 - - [16/Jan/2015:06:02:04 -0500] "GET /BLA/resoluciones/AUTOS%202007/0226.pdf HTTP/1.1" 200 32240
66.249.67.67 - - [16/Jan/2015:06:02:32 -0500] "GET /BLA/resoluciones/AUTOS%202007/0064.pdf HTTP/1.1" 200 106997
188.165.15.99 - - [16/Jan/2015:06:02:53 -0500] "GET /BLA/resoluciones/RESOLUCIONES%202002/RES%202002%201301-1350/20021330.tif HTTP/1.1" 200 87060
66.249.67.75 - - [16/Jan/2015:06:03:00 -0500] "GET /BLA/resoluciones/RESOLUCIONES%202009/3540.pdf HTTP/1.1" 200 662764
66.249.67.75 - - [16/Jan/2015:06:03:28 -0500] "GET /BLA/resoluciones/RESOLUCIONES%202009/4885.pdf HTTP/1.1" 200 819248
74.86.158.107 - - [16/Jan/2015:06:03:31 -0500] "HEAD / HTTP/1.1" 302 -
66.249.67.75 - - [16/Jan/2015:06:03:35 -0500] "GET /BLA/resoluciones/AUTOS%202011/0106.pdf HTTP/1.1" 200 203174
66.249.67.67 - - [16/Jan/2015:06:03:48 -0500] "GET /BLA/resoluciones/AUTOS%202014/3961.pdf HTTP/1.1" 200 770943
66.249.67.67 - - [16/Jan/2015:06:03:56 -0500] "GET /BLA/resoluciones/RESOLUCIONES%202009/6360.pdf HTTP/1.1" 200 486317
66.249.67.83 - - [16/Jan/2015:06:04:08 -0500] "GET /BLA/resoluciones/AUTOS%202014/4176.pdf HTTP/1.1" 200 266222
66.249.67.67 - - [16/Jan/2015:06:04:24 -0500] "GET /BLA/resoluciones/RESOLUCIONES%202011/3373.pdf HTTP/1.1" 200 755896
66.249.67.75 - - [16/Jan/2015:06:04:52 -0500] "GET /BLA/resoluciones/RESOLUCIONES%202007/RES%202007%202301%20AL%202400/RESOLUCION%202333%20DE%202007.pdf HTTP/1.1" 200 19079
66.249.67.75 - - [16/Jan/2015:06:05:19 -0500] "GET /BLA/resoluciones/RESOLUCIONES%202010/4989.pdf HTTP/1.1" 200 702634
198.36.87.81 - - [16/Jan/2015:06:06:03 -0500] "GET /galeria/nivo-slider/nivo-slider.css HTTP/1.1" 304 -
66.249.67.75 - - [16/Jan/2015:06:06:51 -0500] "GET /BLA/resoluciones/RESOLUCIONES%202009/6812.pdf HTTP/1.1" 200 576979
66.249.67.67 - - [16/Jan/2015:06:06:53 -0500] "GET /BLA/resoluciones/RESOLUCIONES%202009/1787.pdf HTTP/1.1" 200 555417
180.76.4.120 - - [16/Jan/2015:06:06:53 -0500] "GET / HTTP/1.1" 302 -
201.245.192.253 - - [16/Jan/2015:06:01:11 -0500] "GET /ForestMSG_SDA/channelAsync/template_word_17276338?X-Atmosphere-tracking-id=adf51e5f-0b80-e3f8-2c2c-303cf70d445f&X-Atmosphere-Framework=1.0.5&X-Atmosphere-Transport=long-polling&tabid=0.0928294702898711&X-Cache-Date=0&Content-Type=application/xml&_=1421406534624 HTTP/1.1" 200 8193
66.249.67.83 - - [16/Jan/2015:06:07:11 -0500] "GET /BLA/resoluciones/RESOLUCIONES%202009/1996.pdf HTTP/1.1" 200 564941
186.82.78.180 - - [16/Jan/2015:06:07:34 -0500] "GET /galeria/nivo-slider/demo/demo.html HTTP/1.1" 304 -
186.82.78.180 - - [16/Jan/2015:06:07:36 -0500] "GET /galeria/nivo-slider/demo/images/bolsas-08.jpg HTTP/1.1" 304 -
186.82.78.180 - - [16/Jan/2015:06:07:36 -0500] "GET /galeria/nivo-slider/demo/images/Ruta-vertimientos-01.jpg HTTP/1.1" 304 -
186.82.78.180 - - [16/Jan/2015:06:07:36 -0500] "GET /galeria/nivo-slider/demo/images/bolsas-06.jpg HTTP/1.1" 304 -
188.165.15.66 - - [16/Jan/2015:06:07:37 -0500] "GET /BLA/resoluciones/index.php?dir=RESOLUCIONES%202005/RES%202005%20451-500/&sort=size&order=desc HTTP/1.1" 200 12243
66.249.67.75 - - [16/Jan/2015:06:07:39 -0500] "GET /BLA/resoluciones/RESOLUCIONES%202012/1747.pdf HTTP/1.1" 200 1184714
