190.252.42.198 - - [16/Jan/2015:04:16:15 -0500] "GET /galeria/nivo-slider/themes/pascal/pascal.css HTTP/1.1" 200 2258
190.252.42.198 - - [16/Jan/2015:04:16:15 -0500] "GET /galeria/nivo-slider/demo/style.css HTTP/1.1" 200 2222
190.252.42.198 - - [16/Jan/2015:04:16:16 -0500] "GET /galeria/nivo-slider/demo/images/bolsas-08.jpg HTTP/1.1" 200 85589
190.252.42.198 - - [16/Jan/2015:04:16:16 -0500] "GET /galeria/nivo-slider/jquery.nivo.slider.pack.js HTTP/1.1" 200 11561
190.252.42.198 - - [16/Jan/2015:04:16:16 -0500] "GET /galeria/nivo-slider/demo/images/Ruta-vertimientos-01.jpg HTTP/1.1" 200 130151
190.252.42.198 - - [16/Jan/2015:04:16:16 -0500] "GET /galeria/nivo-slider/demo/images/4Simple_Slider.png HTTP/1.1" 200 11722
190.252.42.198 - - [16/Jan/2015:04:16:17 -0500] "GET /galeria/nivo-slider/themes/default/loading.gif HTTP/1.1" 200 1737
190.252.42.198 - - [16/Jan/2015:04:16:17 -0500] "GET /galeria/nivo-slider/demo/images/bolsas-06.jpg HTTP/1.1" 200 90982
190.252.42.198 - - [16/Jan/2015:04:16:17 -0500] "GET /galeria/nivo-slider/demo/images/ecolecta-Dic2014.png HTTP/1.1" 200 288593
190.252.42.198 - - [16/Jan/2015:04:16:18 -0500] "GET /galeria/nivo-slider/demo/images/porloshumedales.jpg HTTP/1.1" 200 351238
190.252.42.198 - - [16/Jan/2015:04:16:18 -0500] "GET /galeria/nivo-slider/demo/images/Tingua-azul.jpg HTTP/1.1" 200 307638
190.252.42.198 - - [16/Jan/2015:04:16:18 -0500] "GET /galeria/nivo-slider/demo/images/Banner-Caracol-Africano.jpg HTTP/1.1" 200 331986
190.252.42.198 - - [16/Jan/2015:04:16:18 -0500] "GET /galeria/nivo-slider/demo/images/banner-redes.jpg HTTP/1.1" 200 62209
190.252.42.198 - - [16/Jan/2015:04:16:19 -0500] "GET /galeria/nivo-slider/demo/images/9Signos.jpg HTTP/1.1" 200 93040
190.252.42.198 - - [16/Jan/2015:04:16:19 -0500] "GET /galeria/nivo-slider/demo/images/banner-llantas2.jpg HTTP/1.1" 200 73153
190.252.42.198 - - [16/Jan/2015:04:16:19 -0500] "GET /galeria/nivo-slider/demo/images/banner-caballos.png HTTP/1.1" 200 389106
190.252.42.198 - - [16/Jan/2015:04:16:23 -0500] "GET /galeria/nivo-slider/themes/default/arrows.png HTTP/1.1" 200 824
190.252.42.198 - - [16/Jan/2015:04:16:23 -0500] "GET /galeria/nivo-slider/themes/default/bullets.png HTTP/1.1" 200 1281
190.252.42.198 - - [16/Jan/2015:04:16:25 -0500] "GET /videos/Spot_CambioClimatico.flv HTTP/1.1" 200 4371917
188.165.15.79 - - [16/Jan/2015:04:16:51 -0500] "GET /BLA/resoluciones/RESOLUCIONES%202002/RES%202002%201801-1850/20021835.tif HTTP/1.1" 200 241392
66.249.67.67 - - [16/Jan/2015:04:17:14 -0500] "GET /BLA/resoluciones/RESOLUCIONES%202009/7489.pdf HTTP/1.1" 304 -
66.249.67.75 - - [16/Jan/2015:04:17:16 -0500] "GET /BLA/resoluciones/RESOLUCIONES%202007/RES%202007%20801%20AL%20900/RESOLUCION%200849%20DE%202007.pdf HTTP/1.1" 200 257715
190.25.232.143 - - [16/Jan/2015:04:17:57 -0500] "GET /galeria/nivo-slider/demo/images/coplima.jpg HTTP/1.1" 304 -
74.86.158.107 - - [16/Jan/2015:04:18:05 -0500] "HEAD / HTTP/1.1" 302 -
66.249.67.119 - - [16/Jan/2015:04:17:36 -0500] "GET /BLA/boletinlegal/index.php HTTP/1.1" 200 50275
66.249.67.103 - - [16/Jan/2015:04:18:56 -0500] "GET /BLA/boletinlegal/Circulares/2011/Circular%20No.%204%20del%2014%20de%20Julio%20de%202011.pdf HTTP/1.1" 200 399895
190.25.232.143 - - [16/Jan/2015:04:19:24 -0500] "GET /StormSDA/userFiles/95.jar HTTP/1.1" 304 -
66.249.67.67 - - [16/Jan/2015:04:19:29 -0500] "GET /resoluciones/RESOLUCIONES%202008/1740.pdf HTTP/1.1" 404 1018
188.165.15.237 - - [16/Jan/2015:04:19:50 -0500] "GET /BLA/resoluciones/RESOLUCIONES%202004/RES%202004%201051-1100/00001091.tif HTTP/1.1" 200 102942
66.249.67.83 - - [16/Jan/2015:04:20:11 -0500] "GET /BLA/resoluciones/AUTOS%202014/5929.pdf HTTP/1.1" 200 303570
188.165.15.44 - - [16/Jan/2015:04:20:50 -0500] "GET /BLA/resoluciones/RESOLUCIONES%202005/RES%202005%201801-1850/00001824.tif HTTP/1.1" 200 166342
66.249.67.67 - - [16/Jan/2015:04:20:50 -0500] "GET /BLA/resoluciones/Autos%202008/0514.pdf HTTP/1.1" 200 131593
188.165.15.66 - - [16/Jan/2015:04:21:04 -0500] "GET /BLA/resoluciones/RESOLUCIONES%202003/RES%202003%201251-1300/20031276.tif HTTP/1.1" 200 182704
201.245.192.253 - - [16/Jan/2015:04:16:08 -0500] "GET /ForestMSG_SDA/channelAsync/template_word_17276338?X-Atmosphere-tracking-id=1abb2aa3-6437-45ba-1d6b-e5fc10af1b6f&X-Atmosphere-Framework=1.0.5&X-Atmosphere-Transport=long-polling&tabid=0.0928294702898711&X-Cache-Date=0&Content-Type=application/xml&_=1421400231203 HTTP/1.1" 200 8193
188.165.15.237 - - [16/Jan/2015:04:22:19 -0500] "GET /BLA/resoluciones/RESOLUCIONES%202005/RES%202005%202101-2150/00002141.tif HTTP/1.1" 200 62428
74.86.158.107 - - [16/Jan/2015:04:23:05 -0500] "HEAD / HTTP/1.1" 302 -
66.249.67.83 - - [16/Jan/2015:04:23:20 -0500] "GET /BLA/resoluciones/RESOLUCIONES%202007/RES%202007%202001%20AL%202100/RESOLUCION%202059%20DE%202007.pdf HTTP/1.1" 200 505711
66.249.67.75 - - [16/Jan/2015:04:23:22 -0500] "GET /BLA/resoluciones/RESOLUCIONES%202007/RES%202007%202401%20AL%202500/RESOLUCION%202445%20%20DE%202007.pdf HTTP/1.1" 200 641507
188.165.15.44 - - [16/Jan/2015:04:23:34 -0500] "GET /BLA/resoluciones/RESOLUCIONES%202006/RES%202006%201801-1850/00001848.tif HTTP/1.1" 200 597442
66.249.67.75 - - [16/Jan/2015:04:23:36 -0500] "GET /BLA/resoluciones/AUTOS%202014/5630.pdf HTTP/1.1" 200 286231
188.165.15.21 - - [16/Jan/2015:04:23:47 -0500] "GET /BLA/resoluciones/RESOLUCIONES%202005/RES%202005%202401-2450/00002430.tif HTTP/1.1" 200 133762
66.249.67.75 - - [16/Jan/2015:04:23:52 -0500] "GET /BLA/resoluciones/AUTOS%202014/3707.pdf HTTP/1.1" 200 471040
180.76.5.167 - - [16/Jan/2015:04:24:21 -0500] "GET /BLA/boletinlegal/;jsessionid=FA5FAA64D9F6CF2D516C0781C75FFBC9? HTTP/1.1" 404 1018
188.165.15.66 - - [16/Jan/2015:04:24:56 -0500] "GET /BLA/resoluciones/RESOLUCIONES%202006/RES%202006%202551-2600/00002554.tif HTTP/1.1" 200 276658
181.133.31.18 - - [16/Jan/2015:04:25:03 -0500] "GET /BLA/boletinlegal/js/jquery.js HTTP/1.1" 200 57254
181.133.31.18 - - [16/Jan/2015:04:25:03 -0500] "GET /galeria/carrusel/Carrusel/jquery-ui-1.8.13.custom.min.js HTTP/1.1" 200 10800
181.133.31.18 - - [16/Jan/2015:04:25:03 -0500] "GET /galeria/carrusel/Carrusel/jquery.thumbnailScroller.js HTTP/1.1" 200 8157
181.133.31.18 - - [16/Jan/2015:04:25:03 -0500] "GET /galeria/carrusel/Carrusel/jquery.thumbnailScroller.css HTTP/1.1" 200 2066
181.133.31.18 - - [16/Jan/2015:04:25:03 -0500] "GET /BLA/boletinlegal/js/jquery.scrollShow.js HTTP/1.1" 200 4586
181.133.31.18 - - [16/Jan/2015:04:25:03 -0500] "GET /BLA/boletinlegal/js/jquery.scrollTo-min.js HTTP/1.1" 200 1150
184.168.200.228 - - [16/Jan/2015:04:25:05 -0500] "GET /wordpress/wp-admin/ HTTP/1.1" 404 1018
181.133.31.18 - - [16/Jan/2015:04:25:06 -0500] "GET /galeria/nivo-slider/demo/demo.html HTTP/1.1" 200 3150
181.133.31.18 - - [16/Jan/2015:04:25:09 -0500] "GET /galeria/nivo-slider/themes/default/default.css HTTP/1.1" 200 1569
181.133.31.18 - - [16/Jan/2015:04:25:09 -0500] "GET /galeria/nivo-slider/themes/pascal/pascal.css HTTP/1.1" 200 2258
181.133.31.18 - - [16/Jan/2015:04:25:09 -0500] "GET /galeria/nivo-slider/demo/scripts/jquery-1.7.1.min.js HTTP/1.1" 200 93868
181.133.31.18 - - [16/Jan/2015:04:25:09 -0500] "GET /galeria/nivo-slider/themes/orman/orman.css HTTP/1.1" 200 2152
181.133.31.18 - - [16/Jan/2015:04:25:09 -0500] "GET /galeria/nivo-slider/nivo-slider.css HTTP/1.1" 200 1507
181.133.31.18 - - [16/Jan/2015:04:25:09 -0500] "GET /galeria/nivo-slider/demo/style.css HTTP/1.1" 200 2222
181.133.31.18 - - [16/Jan/2015:04:25:10 -0500] "GET /galeria/nivo-slider/jquery.nivo.slider.pack.js HTTP/1.1" 200 11561
181.133.31.18 - - [16/Jan/2015:04:25:10 -0500] "GET /galeria/nivo-slider/demo/images/bolsas-08.jpg HTTP/1.1" 200 85589
181.133.31.18 - - [16/Jan/2015:04:25:10 -0500] "GET /galeria/nivo-slider/demo/images/Ruta-vertimientos-01.jpg HTTP/1.1" 200 130151
181.133.31.18 - - [16/Jan/2015:04:25:10 -0500] "GET /galeria/nivo-slider/demo/images/bolsas-06.jpg HTTP/1.1" 200 90982
181.133.31.18 - - [16/Jan/2015:04:25:10 -0500] "GET /galeria/nivo-slider/demo/images/ecolecta-Dic2014.png HTTP/1.1" 200 288593
181.133.31.18 - - [16/Jan/2015:04:25:10 -0500] "GET /galeria/nivo-slider/demo/images/4Simple_Slider.png HTTP/1.1" 200 11722
181.133.31.18 - - [16/Jan/2015:04:25:14 -0500] "GET /galeria/nivo-slider/themes/default/loading.gif HTTP/1.1" 200 1737
181.133.31.18 - - [16/Jan/2015:04:25:15 -0500] "GET /galeria/nivo-slider/demo/images/porloshumedales.jpg HTTP/1.1" 200 351238
181.133.31.18 - - [16/Jan/2015:04:25:19 -0500] "GET /galeria/nivo-slider/demo/images/Tingua-azul.jpg HTTP/1.1" 200 307638
181.133.31.18 - - [16/Jan/2015:04:25:19 -0500] "GET /galeria/nivo-slider/demo/images/Banner-Caracol-Africano.jpg HTTP/1.1" 200 331986
181.133.31.18 - - [16/Jan/2015:04:25:19 -0500] "GET /galeria/nivo-slider/demo/images/banner-redes.jpg HTTP/1.1" 200 62209
181.133.31.18 - - [16/Jan/2015:04:25:20 -0500] "GET /galeria/nivo-slider/demo/images/9Signos.jpg HTTP/1.1" 200 93040
181.133.31.18 - - [16/Jan/2015:04:25:27 -0500] "GET /videos/Spot_CambioClimatico.flv HTTP/1.1" 200 4371917
181.133.31.18 - - [16/Jan/2015:04:25:29 -0500] "GET /galeria/nivo-slider/demo/images/banner-llantas2.jpg HTTP/1.1" 200 73153
181.133.31.18 - - [16/Jan/2015:04:25:30 -0500] "GET /galeria/nivo-slider/demo/images/banner-caballos.png HTTP/1.1" 200 389106
181.133.31.18 - - [16/Jan/2015:04:25:39 -0500] "GET /galeria/nivo-slider/themes/default/bullets.png HTTP/1.1" 200 1281
181.133.31.18 - - [16/Jan/2015:04:25:39 -0500] "GET /galeria/nivo-slider/themes/default/arrows.png HTTP/1.1" 200 824
66.249.67.83 - - [16/Jan/2015:04:26:12 -0500] "GET /BLA/resoluciones/AUTOS%202011/1655.pdf HTTP/1.1" 200 172493
188.165.15.66 - - [16/Jan/2015:04:26:27 -0500] "GET /BLA/resoluciones/RESOLUCIONES%202006/RES%202006%20301-350/00000325.tif HTTP/1.1" 200 512264
66.249.67.75 - - [16/Jan/2015:04:26:28 -0500] "GET /BLA/resoluciones/AUTOS%202011/1312.pdf HTTP/1.1" 200 156085
66.249.67.83 - - [16/Jan/2015:04:26:49 -0500] "GET /BLA/resoluciones/AUTOS%202007/1793.pdf HTTP/1.1" 200 75791
66.249.67.75 - - [16/Jan/2015:04:26:52 -0500] "GET /BLA/resoluciones/AUTOS%202007/0097.pdf HTTP/1.1" 200 47313
190.25.232.143 - - [16/Jan/2015:04:27:21 -0500] "GET /StormSDA/userFiles/90.jar HTTP/1.1" 304 -
188.165.15.212 - - [16/Jan/2015:04:27:22 -0500] "GET /BLA/resoluciones/RESOLUCIONES%202003/RES%202003%202101-2150/20032120.tif HTTP/1.1" 200 238072
74.86.158.107 - - [16/Jan/2015:04:28:05 -0500] "HEAD / HTTP/1.1" 302 -
66.249.67.67 - - [16/Jan/2015:04:28:21 -0500] "GET /BLA/boletinlegal/index.php HTTP/1.1" 200 48828
66.249.67.103 - - [16/Jan/2015:04:29:01 -0500] "GET /Anexos%20estudio%20Organizacional%20SDA/ANEXO%20No.%201-%20NORMAS%20LEGALES%20DE%20ESTRUCTURA%20Y%20PLANTA/Decreto%20109%20de%202009%20-%20Modifica%20la%20estructura%20de%20la%20SDA.jsp_files/FFFFFFtr.gif HTTP/1.1" 200 129
188.165.15.239 - - [16/Jan/2015:04:29:03 -0500] "GET /BLA/resoluciones/RESOLUCIONES%202005/RES%202005%202851-2900/00002875.tif HTTP/1.1" 200 36910
201.245.192.253 - - [16/Jan/2015:04:23:08 -0500] "GET /ForestMSG_SDA/channelAsync/template_word_17276338?X-Atmosphere-tracking-id=32b6b89c-453f-e958-e5a6-4ef51dddb1c1&X-Atmosphere-Framework=1.0.5&X-Atmosphere-Transport=long-polling&tabid=0.0928294702898711&X-Cache-Date=0&Content-Type=application/xml&_=1421400651591 HTTP/1.1" 200 8193
123.125.71.36 - - [16/Jan/2015:04:29:12 -0500] "GET / HTTP/1.1" 302 -
66.249.67.83 - - [16/Jan/2015:04:29:26 -0500] "GET /BLA/resoluciones/AUTOS%202011/4172.pdf HTTP/1.1" 200 165073
188.165.15.66 - - [16/Jan/2015:04:29:28 -0500] "GET /BLA/resoluciones/RESOLUCIONES%202006/RES%202006%20%202901-2950/00002934.tif HTTP/1.1" 200 194292
66.249.67.67 - - [16/Jan/2015:04:29:30 -0500] "GET /BLA/resoluciones/RESOLUCIONES%202008/3805.pdf HTTP/1.1" 200 299302
66.249.67.75 - - [16/Jan/2015:04:29:43 -0500] "GET /BLA/resoluciones/RESOLUCIONES%202008/4906.pdf HTTP/1.1" 200 216057
188.165.15.237 - - [16/Jan/2015:04:30:23 -0500] "GET /BLA/resoluciones/index.php?dir=RESOLUCIONES%202003/RES%202003%201201-1250/&sort=date&order=asc HTTP/1.1" 200 12626
188.165.15.212 - - [16/Jan/2015:04:30:37 -0500] "GET /BLA/resoluciones/RESOLUCIONES%202003/RES%202003%20851-900/867.tif HTTP/1.1" 200 1293664
66.249.67.67 - - [16/Jan/2015:04:30:42 -0500] "GET /BLA/resoluciones/AUTOS%202007/1107.pdf HTTP/1.1" 200 23607
66.249.67.67 - - [16/Jan/2015:04:30:45 -0500] "GET /BLA/resoluciones/RESOLUCIONES%202008/3140.pdf HTTP/1.1" 200 216418
220.181.108.91 - - [16/Jan/2015:04:30:55 -0500] "GET / HTTP/1.1" 302 -
66.249.67.111 - - [16/Jan/2015:04:31:21 -0500] "GET /Autoliquidacion/Solicitudes%20relacionadas%20con%20ocupaci%C3%B3n%20de%20cauce/Aplicativo%20SCASP%20Actualizado%202014+.xlsx HTTP/1.1" 404 1019
86.147.115.248 - - [16/Jan/2015:04:31:30 -0500] "GET /webdav/x32.php?host=86.147.115.248&time=30&port=80 HTTP/1.1" 404 1018
66.249.67.67 - - [16/Jan/2015:04:31:46 -0500] "GET /BLA/resoluciones/AUTOS%202014/3072.pdf HTTP/1.1" 200 332882
188.165.15.15 - - [16/Jan/2015:04:32:27 -0500] "GET /BLA/resoluciones/RESOLUCIONES%202002/RES%202002%201751-1800/20021785.tif HTTP/1.1" 200 57304
66.249.67.75 - - [16/Jan/2015:04:32:55 -0500] "GET /BLA/resoluciones/Autos%202008/0583.pdf HTTP/1.1" 200 215631
188.165.15.130 - - [16/Jan/2015:04:32:56 -0500] "GET /BLA/resoluciones/RESOLUCIONES%202004/RES%202004%202251-2300/00002290.tif HTTP/1.1" 200 128894
74.86.158.107 - - [16/Jan/2015:04:33:05 -0500] "HEAD / HTTP/1.1" 302 -
188.165.15.239 - - [16/Jan/2015:04:33:07 -0500] "GET /BLA/resoluciones/RESOLUCIONES%202006/RES%202006%20301-350/00000329.tif HTTP/1.1" 200 226752
66.249.67.67 - - [16/Jan/2015:04:33:35 -0500] "GET /BLA/resoluciones/AUTOS%202011/5853.pdf HTTP/1.1" 200 190995
66.249.67.67 - - [16/Jan/2015:04:33:39 -0500] "GET /BLA/resoluciones/AUTOS%202006/AUTOS%202006%20401-500/00000408.tif HTTP/1.1" 200 178074
66.249.67.75 - - [16/Jan/2015:04:33:49 -0500] "GET /BLA/resoluciones/AUTOS%202012/1821.pdf HTTP/1.1" 200 331236
188.165.15.130 - - [16/Jan/2015:04:33:52 -0500] "GET /BLA/resoluciones/index.php?dir=RESOLUCIONES+2006%2FRES+2006+1801-1850%2F HTTP/1.1" 200 12357
66.249.67.67 - - [16/Jan/2015:04:34:04 -0500] "GET /galeria/nivo-slider/demo/images/mesTIC.jpg HTTP/1.1" 200 180719
66.249.67.83 - - [16/Jan/2015:04:34:17 -0500] "GET /BLA/resoluciones/RESOLUCIONES%202010/0843.pdf HTTP/1.1" 200 108234
220.181.108.171 - - [16/Jan/2015:04:34:33 -0500] "GET /galeria/carrusel/Carrusel/jquery.thumbnailScroller.css HTTP/1.1" 200 2066
220.181.108.140 - - [16/Jan/2015:04:34:36 -0500] "GET /galeria/carrusel/Carrusel/jquery-ui-1.8.13.custom.min.js HTTP/1.1" 200 10800
220.181.108.183 - - [16/Jan/2015:04:34:40 -0500] "GET /galeria/carrusel/Carrusel/jquery.thumbnailScroller.js HTTP/1.1" 200 8157
66.249.67.75 - - [16/Jan/2015:04:34:45 -0500] "GET /BLA/resoluciones/RESOLUCIONES%202010/7874.pdf HTTP/1.1" 200 526676
184.168.200.228 - - [16/Jan/2015:04:34:56 -0500] "GET /blog/wp-admin/ HTTP/1.1" 404 1018
180.76.5.57 - - [16/Jan/2015:04:35:00 -0500] "GET /BLA/resoluciones/RESOLUCIONES%202011/3390.pdf HTTP/1.1" 200 1132739
188.165.15.138 - - [16/Jan/2015:04:35:07 -0500] "GET /BLA/resoluciones/RESOLUCIONES%202006/RES%202006%20651-700/00000700.tif HTTP/1.1" 200 85594
66.249.67.75 - - [16/Jan/2015:04:35:13 -0500] "GET /BLA/resoluciones/AUTOS%202011/0114.pdf HTTP/1.1" 200 187503
66.249.67.83 - - [16/Jan/2015:04:35:30 -0500] "GET /BLA/resoluciones/AUTOS%202008/0666.pdf HTTP/1.1" 200 171543
66.249.67.67 - - [16/Jan/2015:04:35:40 -0500] "GET /BLA/resoluciones/RESOLUCIONES%202007/RES%202007%202101%20AL%202200/RESOLUCION%202143%20DE%202007.pdf HTTP/1.1" 200 926874
66.249.67.83 - - [16/Jan/2015:04:36:08 -0500] "GET /BLA/resoluciones/AUTOS%202008/1778.pdf HTTP/1.1" 200 213757
201.245.192.253 - - [16/Jan/2015:04:30:09 -0500] "GET /ForestMSG_SDA/channelAsync/template_word_17276338?X-Atmosphere-tracking-id=e974d283-59ba-d02c-2db0-59bbe998c39c&X-Atmosphere-Framework=1.0.5&X-Atmosphere-Transport=long-polling&tabid=0.0928294702898711&X-Cache-Date=0&Content-Type=application/xml&_=1421401072277 HTTP/1.1" 200 8193
181.133.31.18 - - [16/Jan/2015:04:36:18 -0500] "GET /silvicultura/1.pdf HTTP/1.1" 404 1290
181.133.31.18 - - [16/Jan/2015:04:36:18 -0500] "GET /favicon.ico HTTP/1.1" 200 7782
181.133.31.18 - - [16/Jan/2015:04:36:23 -0500] "GET /silvicultura/1.pdf HTTP/1.1" 404 1290
66.249.67.75 - - [16/Jan/2015:04:36:36 -0500] "GET /BLA/resoluciones/AUTOS%202011/6118.pdf HTTP/1.1" 200 168846
181.133.31.18 - - [16/Jan/2015:04:36:38 -0500] "GET /silvicultura/12.pdf HTTP/1.1" 404 1290
181.133.31.18 - - [16/Jan/2015:04:36:42 -0500] "GET /silvicultura/1.pdf HTTP/1.1" 404 1290
66.249.67.75 - - [16/Jan/2015:04:36:50 -0500] "GET /BLA/resoluciones/AUTOS%202014/3632.pdf HTTP/1.1" 200 472729
66.249.67.67 - - [16/Jan/2015:04:37:04 -0500] "GET /BLA/resoluciones/RESOLUCIONES%202010/3362.pdf HTTP/1.1" 200 521343
66.249.67.67 - - [16/Jan/2015:04:37:32 -0500] "GET /BLA/resoluciones/AUTOS%202011/1915.pdf HTTP/1.1" 200 147287
123.125.71.21 - - [16/Jan/2015:04:36:53 -0500] "GET /BLA/resoluciones/index.php?dir=RESOLUCIONES+2008%2F HTTP/1.1" 200 935444
66.249.67.83 - - [16/Jan/2015:04:38:00 -0500] "GET /BLA/resoluciones/AUTOS%202011/3050.pdf HTTP/1.1" 200 159437
74.86.158.107 - - [16/Jan/2015:04:38:05 -0500] "HEAD / HTTP/1.1" 302 -
188.165.15.237 - - [16/Jan/2015:04:38:08 -0500] "GET /BLA/resoluciones/RESOLUCIONES%202003/RES%202003%20201-250/2003RES218.tif HTTP/1.1" 200 154900
66.249.67.67 - - [16/Jan/2015:04:38:28 -0500] "GET /BLA/resoluciones/RESOLUCIONES%202008/0030.pdf HTTP/1.1" 200 327321
66.249.67.83 - - [16/Jan/2015:04:38:56 -0500] "GET /BLA/resoluciones/RESOLUCIONES%202010/2478.pdf HTTP/1.1" 200 489489
66.249.67.83 - - [16/Jan/2015:04:39:07 -0500] "GET /BLA/resoluciones/AUTOS%202014/3063.pdf HTTP/1.1" 200 678034
66.249.67.83 - - [16/Jan/2015:04:39:23 -0500] "GET /BLA/resoluciones/AUTOS%202013/0309.pdf HTTP/1.1" 200 1168660
66.249.67.75 - - [16/Jan/2015:04:39:51 -0500] "GET /BLA/resoluciones/RESOLUCIONES%202009/1988.pdf HTTP/1.1" 200 510287
180.76.5.21 - - [16/Jan/2015:04:39:52 -0500] "GET /BLA/boletinlegal;jsessionid=2055584BF4204F5FA221AB60CD1CB6F1?/? HTTP/1.1" 404 1018
66.249.67.67 - - [16/Jan/2015:04:40:19 -0500] "GET /BLA/resoluciones/RESOLUCIONES%202009/9535.pdf HTTP/1.1" 200 499085
188.165.15.66 - - [16/Jan/2015:04:40:41 -0500] "GET /BLA/resoluciones/RESOLUCIONES%202006/RES%202006%201151-1200/00001152.tif HTTP/1.1" 200 253830
66.249.67.83 - - [16/Jan/2015:04:40:47 -0500] "GET /BLA/resoluciones/RESOLUCIONES%202009/9332.pdf HTTP/1.1" 200 1301721
66.249.67.67 - - [16/Jan/2015:04:41:15 -0500] "GET /BLA/resoluciones/RESOLUCIONES%202007/RES%202007%202601%20AL%202700/RESOLUCION%202695%20DE%202007.pdf HTTP/1.1" 200 177896
186.28.180.66 - - [16/Jan/2015:04:41:27 -0500] "GET /BLA/resoluciones/RESOLUCIONES%202011/5904.pdf HTTP/1.1" 200 693242
66.249.67.67 - - [16/Jan/2015:04:41:35 -0500] "GET /BLA/resoluciones/AUTOS%202012/0044.pdf HTTP/1.1" 200 150448
66.249.67.83 - - [16/Jan/2015:04:41:43 -0500] "GET /BLA/resoluciones/RESOLUCIONES%202009/9578.pdf HTTP/1.1" 200 288469
66.249.67.75 - - [16/Jan/2015:04:42:11 -0500] "GET /BLA/resoluciones/RESOLUCIONES%202009/4280.pdf HTTP/1.1" 200 510349
180.76.6.230 - - [16/Jan/2015:04:42:22 -0500] "GET /BLA/resoluciones/RESOLUCIONES%202007/RES%202007%201201%20AL%201300/RESOLUCION%201222%20DE%202007.pdf HTTP/1.1" 200 124206
188.165.15.66 - - [16/Jan/2015:04:42:29 -0500] "GET /BLA/resoluciones/RESOLUCIONES%202004/RES%202004%20951-1000/00000967.tif HTTP/1.1" 200 1384592
66.249.67.75 - - [16/Jan/2015:04:42:38 -0500] "GET /BLA/resoluciones/RESOLUCIONES%202009/1287.pdf HTTP/1.1" 200 572909
188.165.15.138 - - [16/Jan/2015:04:42:51 -0500] "GET /BLA/resoluciones/RESOLUCIONES%202004/RES%202004%20951-1000/00000994.tif HTTP/1.1" 200 168664
46.165.197.141 - - [16/Jan/2015:04:43:01 -0500] "GET /robots.txt HTTP/1.0" 404 1015
46.165.197.141 - - [16/Jan/2015:04:43:03 -0500] "GET / HTTP/1.0" 302 -
74.86.158.107 - - [16/Jan/2015:04:43:05 -0500] "HEAD / HTTP/1.1" 302 -
66.249.67.75 - - [16/Jan/2015:04:43:06 -0500] "GET /BLA/resoluciones/AUTOS%202011/4612.pdf HTTP/1.1" 200 191759
201.245.192.253 - - [16/Jan/2015:04:37:09 -0500] "GET /ForestMSG_SDA/channelAsync/template_word_17276338?X-Atmosphere-tracking-id=a33dfba7-d8ca-70b4-dca6-c4525e97eef4&X-Atmosphere-Framework=1.0.5&X-Atmosphere-Transport=long-polling&tabid=0.0928294702898711&X-Cache-Date=0&Content-Type=application/xml&_=1421401492789 HTTP/1.1" 200 8193
66.249.67.67 - - [16/Jan/2015:04:43:34 -0500] "GET /BLA/resoluciones/RESOLUCIONES%202008/2664.pdf HTTP/1.1" 200 238837
188.165.15.212 - - [16/Jan/2015:04:43:37 -0500] "GET /BLA/resoluciones/RESOLUCIONES%202006/RES%202006%202051-2100/00002085.tif HTTP/1.1" 200 415010
66.249.67.67 - - [16/Jan/2015:04:43:54 -0500] "GET /BLA/resoluciones/RESOLUCIONES%202009/0238.pdf HTTP/1.1" 200 587860
188.165.15.99 - - [16/Jan/2015:04:43:55 -0500] "GET /BLA/resoluciones/RESOLUCIONES%202003/RES%202003%20451-500/478.tif HTTP/1.1" 200 134000
66.249.67.75 - - [16/Jan/2015:04:44:02 -0500] "GET /BLA/resoluciones/RESOLUCIONES%202009/2901.pdf HTTP/1.1" 200 1319167
66.249.67.67 - - [16/Jan/2015:04:44:30 -0500] "GET /BLA/resoluciones/AUTOS%202011/7541.pdf HTTP/1.1" 200 556104
184.168.200.228 - - [16/Jan/2015:04:44:41 -0500] "GET /wp/wp-admin/ HTTP/1.1" 404 1018
66.249.67.67 - - [16/Jan/2015:04:44:58 -0500] "GET /BLA/resoluciones/RESOLUCIONES%202009/0940.pdf HTTP/1.1" 200 499261
66.249.67.67 - - [16/Jan/2015:04:45:26 -0500] "GET /BLA/resoluciones/AUTOS%202011/6256.pdf HTTP/1.1" 200 202367
66.249.67.67 - - [16/Jan/2015:04:45:54 -0500] "GET /BLA/resoluciones/AUTOS%202011/6475.pdf HTTP/1.1" 200 138398
188.165.15.237 - - [16/Jan/2015:04:46:06 -0500] "GET /BLA/resoluciones/RESOLUCIONES%202005/RES%202005%202651-2700/00002691.tif HTTP/1.1" 200 247686
87.221.48.77 - - [16/Jan/2015:04:46:08 -0500] "GET /BLA/boletinlegal/js/jquery.js HTTP/1.1" 200 57254
87.221.48.77 - - [16/Jan/2015:04:46:08 -0500] "GET /BLA/boletinlegal/js/jquery.scrollTo-min.js HTTP/1.1" 200 1150
87.221.48.77 - - [16/Jan/2015:04:46:08 -0500] "GET /BLA/boletinlegal/js/jquery.scrollShow.js HTTP/1.1" 200 4586
66.249.67.83 - - [16/Jan/2015:04:46:21 -0500] "GET /BLA/resoluciones/RESOLUCIONES%202009/7333.pdf HTTP/1.1" 200 504465
66.249.67.75 - - [16/Jan/2015:04:46:49 -0500] "GET /BLA/resoluciones/RESOLUCIONES%202007/RES%202007%204001%20AL%204100/RESOLUCION%204043%20DE%202007.pdf HTTP/1.1" 200 227024
66.249.67.75 - - [16/Jan/2015:04:47:03 -0500] "GET /BLA/resoluciones/AUTOS%202014/3564.pdf HTTP/1.1" 200 787935
66.249.67.83 - - [16/Jan/2015:04:47:17 -0500] "GET /BLA/resoluciones/AUTOS%202014/1609.pdf HTTP/1.1" 200 334641
66.249.67.83 - - [16/Jan/2015:04:47:41 -0500] "GET /BLA/resoluciones/RESOLUCIONES%202007/RES%202007%203101%20AL%203200/RESOLUCION%203180%20%20DE%202007.pdf HTTP/1.1" 200 26572
66.249.67.67 - - [16/Jan/2015:04:47:45 -0500] "GET /BLA/resoluciones/RESOLUCIONES%202009/2466.pdf HTTP/1.1" 200 297631
66.249.67.83 - - [16/Jan/2015:04:48:13 -0500] "GET /BLA/resoluciones/AUTOS%202007/1455.pdf HTTP/1.1" 200 39191
74.86.158.107 - - [16/Jan/2015:04:48:31 -0500] "HEAD / HTTP/1.1" 302 -
66.249.67.83 - - [16/Jan/2015:04:48:41 -0500] "GET /BLA/resoluciones/RESOLUCIONES%202007/RES%202007%201201%20AL%201300/RESOLUCION%201280%20DE%202007.pdf HTTP/1.1" 200 95154
218.30.103.61 - - [16/Jan/2015:04:49:00 -0500] "GET /resoluciones/RESOLUCIONES%202009/0538.pdf HTTP/1.1" 404 1018
66.249.67.67 - - [16/Jan/2015:04:49:09 -0500] "GET /BLA/resoluciones/RESOLUCIONES%202010/7378.pdf HTTP/1.1" 200 627225
218.30.103.61 - - [16/Jan/2015:04:49:34 -0500] "GET /resoluciones/RESOLUCIONES%202009/0503.pdf HTTP/1.1" 404 1018
66.249.67.83 - - [16/Jan/2015:04:49:37 -0500] "GET /BLA/resoluciones/RESOLUCIONES%202009/8445.pdf HTTP/1.1" 200 521726
66.249.67.83 - - [16/Jan/2015:04:49:37 -0500] "GET /BLA/resoluciones/RESOLUCIONES%202007/RES%202007%20501%20AL%20600/RESOLUCION%200505%20DE%202007.pdf HTTP/1.1" 200 290946
66.249.67.83 - - [16/Jan/2015:04:50:04 -0500] "GET /BLA/resoluciones/RESOLUCIONES%202009/0039.pdf HTTP/1.1" 200 330435
201.245.192.253 - - [16/Jan/2015:04:44:10 -0500] "GET /ForestMSG_SDA/channelAsync/template_word_17276338?X-Atmosphere-tracking-id=50d36793-1a3c-b19d-decd-7832a71125f4&X-Atmosphere-Framework=1.0.5&X-Atmosphere-Transport=long-polling&tabid=0.0928294702898711&X-Cache-Date=0&Content-Type=application/xml&_=1421401913437 HTTP/1.1" 200 8193
66.249.67.67 - - [16/Jan/2015:04:50:32 -0500] "GET /BLA/resoluciones/RESOLUCIONES%202009/0814.pdf HTTP/1.1" 200 65746
66.249.67.67 - - [16/Jan/2015:04:51:00 -0500] "GET /BLA/resoluciones/RESOLUCIONES%202012/1648.pdf HTTP/1.1" 200 796453
188.165.15.212 - - [16/Jan/2015:04:51:12 -0500] "GET /BLA/resoluciones/index.php?dir=RESOLUCIONES%202006/RES%202006%202651-2700/&sort=name&order=asc HTTP/1.1" 200 12365
66.249.67.75 - - [16/Jan/2015:04:51:28 -0500] "GET /BLA/resoluciones/RESOLUCIONES%202009/6407.pdf HTTP/1.1" 200 481579
66.249.67.75 - - [16/Jan/2015:04:51:56 -0500] "GET /BLA/resoluciones/AUTOS%202008/0135.pdf HTTP/1.1" 200 186620
66.249.67.75 - - [16/Jan/2015:04:52:12 -0500] "GET /BLA/resoluciones/AUTOS%202014/5524.pdf HTTP/1.1" 200 435044
66.249.67.75 - - [16/Jan/2015:04:52:24 -0500] "GET /BLA/resoluciones/AUTOS%202011/6498.pdf HTTP/1.1" 200 194032
180.76.6.159 - - [16/Jan/2015:04:52:40 -0500] "GET /BLA/resoluciones/AUTOS%202010/0106.pdf HTTP/1.1" 200 184143
66.249.67.83 - - [16/Jan/2015:04:52:52 -0500] "GET /BLA/resoluciones/RESOLUCIONES%202009/9092.pdf HTTP/1.1" 200 473577
180.76.5.190 - - [16/Jan/2015:04:53:16 -0500] "GET /BLA/resoluciones/index.php?dir=RESOLUCIONES%202007/RES%202007%201%20AL%20100/&sort=size&order=asc HTTP/1.1" 200 26175
66.249.67.67 - - [16/Jan/2015:04:53:19 -0500] "GET /BLA/resoluciones/RESOLUCIONES%202010/6176.pdf HTTP/1.1" 304 -
74.86.158.107 - - [16/Jan/2015:04:53:31 -0500] "HEAD / HTTP/1.1" 302 -
180.76.5.18 - - [16/Jan/2015:04:53:51 -0500] "GET /BLA/boletinlegal;jsessionid=5311FDE783BC8D75BCB53C06A069BE0B?/? HTTP/1.1" 404 1018
66.249.67.75 - - [16/Jan/2015:04:54:19 -0500] "GET /BLA/resoluciones/RESOLUCIONES%202010/6098.pdf HTTP/1.1" 200 680377
66.249.67.75 - - [16/Jan/2015:04:54:20 -0500] "GET /BLA/resoluciones/RESOLUCIONES%202009/8595.pdf HTTP/1.1" 200 343563
184.168.200.228 - - [16/Jan/2015:04:54:27 -0500] "GET /old/wp-admin/ HTTP/1.1" 404 1018
66.249.67.75 - - [16/Jan/2015:04:54:43 -0500] "GET /BLA/resoluciones/RESOLUCIONES%202010/0283.pdf HTTP/1.1" 200 537251
188.165.15.21 - - [16/Jan/2015:04:55:03 -0500] "GET /BLA/resoluciones/RESOLUCIONES%202004/RES%202004%20951-1000/00000988.tif HTTP/1.1" 200 45138
66.249.67.83 - - [16/Jan/2015:04:55:11 -0500] "GET /BLA/resoluciones/AUTOS%202009/0143.pdf HTTP/1.1" 200 190920
66.249.67.75 - - [16/Jan/2015:04:55:35 -0500] "GET /BLA/resoluciones/Autos%202008/1966.pdf HTTP/1.1" 200 87411
66.249.67.75 - - [16/Jan/2015:04:55:39 -0500] "GET /BLA/resoluciones/RESOLUCIONES%202010/1614.pdf HTTP/1.1" 200 818308
66.249.67.83 - - [16/Jan/2015:04:55:51 -0500] "GET /BLA/resoluciones/Autos%202008/3243.pdf HTTP/1.1" 200 79165
180.76.6.53 - - [16/Jan/2015:04:55:54 -0500] "GET /BLA/boletinlegal;jsessionid=ADF26A25C27E47655F791BD3F1576426?/? HTTP/1.1" 404 1018
66.249.67.83 - - [16/Jan/2015:04:56:02 -0500] "GET /BLA/resoluciones/AUTOS%202007/1498.pdf HTTP/1.1" 200 91894
66.249.67.83 - - [16/Jan/2015:04:56:07 -0500] "GET /BLA/resoluciones/RESOLUCIONES%202007/RES%202007%20301%20AL%20400/RESOLUCION%200316%20DE%202007.pdf HTTP/1.1" 304 -
66.249.67.83 - - [16/Jan/2015:04:56:18 -0500] "GET /BLA/resoluciones/AUTOS%202011/1532.pdf HTTP/1.1" 200 229220
66.249.67.83 - - [16/Jan/2015:04:56:35 -0500] "GET /BLA/resoluciones/RESOLUCIONES%202013/0315.pdf HTTP/1.1" 304 -
66.249.67.67 - - [16/Jan/2015:04:57:02 -0500] "GET /BLA/resoluciones/AUTOS%202008/1431.pdf HTTP/1.1" 304 -
201.245.192.253 - - [16/Jan/2015:04:51:10 -0500] "GET /ForestMSG_SDA/channelAsync/template_word_17276338?X-Atmosphere-tracking-id=3c0948fe-2afb-fa75-6550-d925a644184f&X-Atmosphere-Framework=1.0.5&X-Atmosphere-Transport=long-polling&tabid=0.0928294702898711&X-Cache-Date=0&Content-Type=application/xml&_=1421402333599 HTTP/1.1" 200 8193
188.165.15.21 - - [16/Jan/2015:04:57:14 -0500] "GET /BLA/resoluciones/RESOLUCIONES%202004/RES%202004%201101-1150/00001122.tif HTTP/1.1" 200 120820
66.249.67.83 - - [16/Jan/2015:04:57:30 -0500] "GET /BLA/resoluciones/AUTOS%202007/3282.pdf HTTP/1.1" 304 -
66.249.67.83 - - [16/Jan/2015:04:57:58 -0500] "GET /BLA/resoluciones/AUTOS%202007/2527.pdf HTTP/1.1" 200 201442
66.249.67.67 - - [16/Jan/2015:04:57:59 -0500] "GET /BLA/resoluciones/AUTOS%202007/3511.pdf HTTP/1.1" 200 302176
66.249.67.67 - - [16/Jan/2015:04:58:26 -0500] "GET /BLA/resoluciones/RESOLUCIONES%202007/RES%202007%204201%20AL%204300/RESOLUCION%204201%20DE%202007.pdf HTTP/1.1" 304 -
74.86.158.107 - - [16/Jan/2015:04:58:31 -0500] "HEAD / HTTP/1.1" 302 -
66.249.67.103 - - [16/Jan/2015:04:58:32 -0500] "GET /Anexos%20estudio%20Organizacional%20SDA/ANEXO%20No.%201-%20NORMAS%20LEGALES%20DE%20ESTRUCTURA%20Y%20PLANTA/Decreto%20109%20de%202009%20-%20Modifica%20la%20estructura%20de%20la%20SDA.jsp_files/FFFFFFtl.gif HTTP/1.1" 200 191
66.249.67.75 - - [16/Jan/2015:04:58:54 -0500] "GET /BLA/resoluciones/RESOLUCIONES%202007/RES%202007%20401%20AL%20500/RESOLUCION%200494%20DE%202007.pdf HTTP/1.1" 304 -
188.165.15.138 - - [16/Jan/2015:04:59:13 -0500] "GET /BLA/resoluciones/RESOLUCIONES%202006/RES%202006%20751-800/00000770.tif HTTP/1.1" 200 573862
66.249.67.67 - - [16/Jan/2015:04:59:22 -0500] "GET /BLA/resoluciones/AUTOS%202011/1309.pdf HTTP/1.1" 200 154481
66.249.67.83 - - [16/Jan/2015:04:59:25 -0500] "GET /BLA/resoluciones/RESOLUCIONES%202009/4427.pdf HTTP/1.1" 200 1015623
66.249.67.83 - - [16/Jan/2015:04:59:34 -0500] "GET /BLA/resoluciones/AUTOS%202006/AUTOS%202006%20201-300/00000287.tif HTTP/1.1" 200 56856
188.165.15.237 - - [16/Jan/2015:04:59:42 -0500] "GET /BLA/resoluciones/RESOLUCIONES%202004/RES%202004%20801-850/00000806.tif HTTP/1.1" 200 195848
66.249.67.83 - - [16/Jan/2015:04:59:50 -0500] "GET /BLA/resoluciones/RESOLUCIONES%202009/3720.pdf HTTP/1.1" 304 -
190.25.232.143 - - [16/Jan/2015:04:59:58 -0500] "GET /StormSDA/userFiles/98.jar HTTP/1.1" 304 -
66.249.67.75 - - [16/Jan/2015:05:00:18 -0500] "GET /BLA/resoluciones/RESOLUCIONES%202009/0042.pdf HTTP/1.1" 200 72289
188.165.15.237 - - [16/Jan/2015:05:00:43 -0500] "GET /BLA/resoluciones/RESOLUCIONES%202002/RES%202002%201551-1600/20021572.tif HTTP/1.1" 200 155070
66.249.67.83 - - [16/Jan/2015:05:00:45 -0500] "GET /BLA/resoluciones/Notificaciones/AUTOS%202014/0858.doc HTTP/1.1" 304 -
66.249.67.83 - - [16/Jan/2015:05:01:13 -0500] "GET /BLA/resoluciones/RESOLUCIONES%202011/0825.pdf HTTP/1.1" 304 -
66.249.67.67 - - [16/Jan/2015:05:01:41 -0500] "GET /BLA/resoluciones/RESOLUCIONES%202009/2468.pdf HTTP/1.1" 304 -
66.249.67.67 - - [16/Jan/2015:05:02:09 -0500] "GET /BLA/resoluciones/RESOLUCIONES%202007/RES%202007%203401%20AL%203500/RESOLUCION%203436%20DE%202007.pdf HTTP/1.1" 200 791783
66.249.67.83 - - [16/Jan/2015:05:02:37 -0500] "GET /BLA/resoluciones/RESOLUCIONES%202007/RES%202007%203901%20AL%204000/RESOLUCION%203904%20DE%202007.pdf HTTP/1.1" 200 225786
66.249.67.67 - - [16/Jan/2015:05:02:43 -0500] "GET /BLA/resoluciones/AUTOS%202014/5655.pdf HTTP/1.1" 200 972697
66.249.67.67 - - [16/Jan/2015:05:02:57 -0500] "GET /BLA/resoluciones/AUTOS%202011/2046.pdf HTTP/1.1" 200 70879
66.249.67.67 - - [16/Jan/2015:05:03:05 -0500] "GET /BLA/resoluciones/RESOLUCIONES%202008/5652.pdf HTTP/1.1" 304 -
180.76.5.172 - - [16/Jan/2015:05:03:27 -0500] "GET /BLA/boletinlegal;jsessionid=641BAE5F40199907C5BA0DA018B0AD2D?/? HTTP/1.1" 404 1018
74.86.158.107 - - [16/Jan/2015:05:03:31 -0500] "HEAD / HTTP/1.1" 302 -
66.249.67.67 - - [16/Jan/2015:05:03:33 -0500] "GET /BLA/resoluciones/RESOLUCIONES%202008/4080.pdf HTTP/1.1" 304 -
66.249.67.67 - - [16/Jan/2015:05:04:01 -0500] "GET /BLA/resoluciones/RESOLUCIONES%202008/4244.pdf HTTP/1.1" 200 351435
201.245.192.253 - - [16/Jan/2015:04:58:10 -0500] "GET /ForestMSG_SDA/channelAsync/template_word_17276338?X-Atmosphere-tracking-id=4d4b1d32-037f-9443-c35c-b332fa6a7a20&X-Atmosphere-Framework=1.0.5&X-Atmosphere-Transport=long-polling&tabid=0.0928294702898711&X-Cache-Date=0&Content-Type=application/xml&_=1421402753670 HTTP/1.1" 200 8193
66.249.67.75 - - [16/Jan/2015:05:04:28 -0500] "GET /BLA/resoluciones/RESOLUCIONES%202009/6108.pdf HTTP/1.1" 200 391068
66.249.67.83 - - [16/Jan/2015:05:04:56 -0500] "GET /BLA/resoluciones/RESOLUCIONES%202010/2878.pdf HTTP/1.1" 200 741584
216.145.50.40 - - [16/Jan/2015:05:04:58 -0500] "GET / HTTP/1.0" 302 -
66.249.67.67 - - [16/Jan/2015:05:05:19 -0500] "GET /BLA/resoluciones/RESOLUCIONES%202011/4617.pdf HTTP/1.1" 200 427719
66.249.67.75 - - [16/Jan/2015:05:05:24 -0500] "GET /BLA/resoluciones/AUTOS%202011/2791.pdf HTTP/1.1" 304 -
66.249.67.83 - - [16/Jan/2015:05:05:52 -0500] "GET /BLA/resoluciones/AUTOS%202013/1187.pdf HTTP/1.1" 200 1636566
186.31.80.245 - - [16/Jan/2015:05:06:17 -0500] "GET /BLA/boletinlegal/js/jquery.scrollShow.js HTTP/1.1" 200 4586
186.31.80.245 - - [16/Jan/2015:05:06:17 -0500] "GET /BLA/boletinlegal/js/jquery.js HTTP/1.1" 200 57254
186.31.80.245 - - [16/Jan/2015:05:06:17 -0500] "GET /BLA/boletinlegal/js/jquery.scrollTo-min.js HTTP/1.1" 200 1150
186.31.80.245 - - [16/Jan/2015:05:06:17 -0500] "GET /galeria/carrusel/Carrusel/jquery.thumbnailScroller.css HTTP/1.1" 200 2066
186.31.80.245 - - [16/Jan/2015:05:06:17 -0500] "GET /galeria/carrusel/Carrusel/jquery-ui-1.8.13.custom.min.js HTTP/1.1" 200 10800
186.31.80.245 - - [16/Jan/2015:05:06:17 -0500] "GET /galeria/carrusel/Carrusel/jquery.thumbnailScroller.js HTTP/1.1" 200 8157
66.249.67.67 - - [16/Jan/2015:05:06:20 -0500] "GET /BLA/resoluciones/RESOLUCIONES%202007/RES%202007%202901%20AL%203000/RESOLUCION%202913%20DE%202007.pdf HTTP/1.1" 304 -
186.31.80.245 - - [16/Jan/2015:05:06:23 -0500] "GET /galeria/nivo-slider/demo/demo.html HTTP/1.1" 200 3150
148.251.124.173 - - [16/Jan/2015:05:06:23 -0500] "GET /robots.txt HTTP/1.0" 404 1015
186.31.80.245 - - [16/Jan/2015:05:06:23 -0500] "GET /galeria/nivo-slider/demo/style.css HTTP/1.1" 200 2222
186.31.80.245 - - [16/Jan/2015:05:06:24 -0500] "GET /galeria/nivo-slider/nivo-slider.css HTTP/1.1" 200 1507
186.31.80.245 - - [16/Jan/2015:05:06:24 -0500] "GET /galeria/nivo-slider/themes/orman/orman.css HTTP/1.1" 200 2152
186.31.80.245 - - [16/Jan/2015:05:06:24 -0500] "GET /galeria/nivo-slider/demo/images/Ruta-vertimientos-01.jpg HTTP/1.1" 200 130151
186.31.80.245 - - [16/Jan/2015:05:06:24 -0500] "GET /galeria/nivo-slider/themes/default/default.css HTTP/1.1" 200 1569
186.31.80.245 - - [16/Jan/2015:05:06:24 -0500] "GET /galeria/nivo-slider/themes/pascal/pascal.css HTTP/1.1" 200 2258
186.31.80.245 - - [16/Jan/2015:05:06:24 -0500] "GET /galeria/nivo-slider/demo/images/bolsas-08.jpg HTTP/1.1" 200 85589
186.31.80.245 - - [16/Jan/2015:05:06:24 -0500] "GET /galeria/nivo-slider/jquery.nivo.slider.pack.js HTTP/1.1" 200 11561
186.31.80.245 - - [16/Jan/2015:05:06:24 -0500] "GET /galeria/nivo-slider/demo/images/Banner-Caracol-Africano.jpg HTTP/1.1" 200 331986
186.31.80.245 - - [16/Jan/2015:05:06:24 -0500] "GET /galeria/nivo-slider/demo/images/ecolecta-Dic2014.png HTTP/1.1" 200 288593
186.31.80.245 - - [16/Jan/2015:05:06:24 -0500] "GET /galeria/nivo-slider/demo/images/bolsas-06.jpg HTTP/1.1" 200 90982
186.31.80.245 - - [16/Jan/2015:05:06:24 -0500] "GET /galeria/nivo-slider/demo/images/porloshumedales.jpg HTTP/1.1" 200 351238
186.31.80.245 - - [16/Jan/2015:05:06:25 -0500] "GET /galeria/nivo-slider/demo/scripts/jquery-1.7.1.min.js HTTP/1.1" 200 93868
186.31.80.245 - - [16/Jan/2015:05:06:26 -0500] "GET /galeria/nivo-slider/demo/images/4Simple_Slider.png HTTP/1.1" 200 11722
186.31.80.245 - - [16/Jan/2015:05:06:26 -0500] "GET /galeria/nivo-slider/themes/default/loading.gif HTTP/1.1" 200 1737
186.31.80.245 - - [16/Jan/2015:05:06:26 -0500] "GET /galeria/nivo-slider/demo/images/banner-llantas2.jpg HTTP/1.1" 200 73153
186.31.80.245 - - [16/Jan/2015:05:06:27 -0500] "GET /galeria/nivo-slider/demo/images/banner-redes.jpg HTTP/1.1" 200 62209
186.31.80.245 - - [16/Jan/2015:05:06:27 -0500] "GET /galeria/nivo-slider/demo/images/banner-caballos.png HTTP/1.1" 200 389106
186.31.80.245 - - [16/Jan/2015:05:06:27 -0500] "GET /galeria/nivo-slider/demo/images/Tingua-azul.jpg HTTP/1.1" 200 307638
186.31.80.245 - - [16/Jan/2015:05:06:27 -0500] "GET /galeria/nivo-slider/demo/images/9Signos.jpg HTTP/1.1" 200 93040
190.25.232.143 - - [16/Jan/2015:05:06:34 -0500] "GET /StormSDA/userFiles/89.jar HTTP/1.1" 304 -
148.251.124.173 - - [16/Jan/2015:05:06:36 -0500] "GET /POT-2013/index.php?dir=Cartografia/&sort=name&order=asc HTTP/1.0" 200 11465
66.249.67.75 - - [16/Jan/2015:05:06:48 -0500] "GET /BLA/resoluciones/AUTOS%202007/0519.pdf HTTP/1.1" 200 394490
148.251.124.173 - - [16/Jan/2015:05:06:48 -0500] "GET /portalsiaccapacitaciones/Soportes%20Capacitaciones%20A%C3%B1o%202013/?C=D;O=A HTTP/1.0" 200 16997
186.31.80.245 - - [16/Jan/2015:05:06:48 -0500] "GET /galeria/nivo-slider/themes/default/arrows.png HTTP/1.1" 200 824
186.31.80.245 - - [16/Jan/2015:05:06:48 -0500] "GET /galeria/nivo-slider/themes/default/bullets.png HTTP/1.1" 200 1281
148.251.124.173 - - [16/Jan/2015:05:06:56 -0500] "GET /portalsiaccapacitaciones/Soportes%20Capacitaciones%20A%C3%B1o%202013/?C=M;O=A HTTP/1.0" 200 16997
148.251.124.173 - - [16/Jan/2015:05:07:08 -0500] "GET /portalsiaccapacitaciones/Soportes%20Capacitaciones%20A%C3%B1o%202013/?C=N;O=D HTTP/1.0" 200 16997
190.25.232.143 - - [16/Jan/2015:05:07:12 -0500] "GET /galeria/nivo-slider/demo/images/banner-calidad-aire.jpg HTTP/1.1" 304 -
66.249.67.83 - - [16/Jan/2015:05:07:16 -0500] "GET /BLA/resoluciones/RESOLUCIONES%202010/6361.pdf HTTP/1.1" 200 276176
148.251.124.173 - - [16/Jan/2015:05:07:17 -0500] "GET /portalsiaccapacitaciones/Soportes%20Capacitaciones%20A%C3%B1o%202013/?C=S;O=A HTTP/1.0" 200 16997
148.251.124.173 - - [16/Jan/2015:05:07:29 -0500] "GET /portalsiaccapacitaciones/Soportes%20Capacitaciones%20A%C3%B1o%202014/?C=S;O=A HTTP/1.0" 200 18973
148.251.124.173 - - [16/Jan/2015:05:07:39 -0500] "GET /robots.txt HTTP/1.0" 404 1019
66.249.67.83 - - [16/Jan/2015:05:07:43 -0500] "GET /BLA/resoluciones/RESOLUCIONES%202009/3956.pdf HTTP/1.1" 304 -
148.251.124.173 - - [16/Jan/2015:05:07:50 -0500] "GET /portalsiaccapacitaciones/Soportes%20Capacitaciones%20A%C3%B1o%202013/?C=D;O=A HTTP/1.0" 200 17001
190.25.232.143 - - [16/Jan/2015:05:07:57 -0500] "GET /StormSDA/userFiles/93.jar HTTP/1.1" 304 -
148.251.124.173 - - [16/Jan/2015:05:08:03 -0500] "GET /portalsiaccapacitaciones/Soportes%20Capacitaciones%20A%C3%B1o%202013/?C=M;O=A HTTP/1.0" 200 17001
66.249.67.67 - - [16/Jan/2015:05:08:11 -0500] "GET /BLA/resoluciones/AUTOS%202010/5331.pdf HTTP/1.1" 304 -
148.251.124.173 - - [16/Jan/2015:05:08:16 -0500] "GET /portalsiaccapacitaciones/Soportes%20Capacitaciones%20A%C3%B1o%202013/?C=N;O=D HTTP/1.0" 200 17001
74.86.158.107 - - [16/Jan/2015:05:08:31 -0500] "HEAD / HTTP/1.1" 302 -
66.249.67.67 - - [16/Jan/2015:05:08:39 -0500] "GET /BLA/resoluciones/RESOLUCIONES%202007/RES%202007%201101%20AL%201200/RESOLUCION%201108%20DE%202007.pdf HTTP/1.1" 200 306552
66.249.67.67 - - [16/Jan/2015:05:09:07 -0500] "GET /BLA/resoluciones/RESOLUCIONES%202007/RES%202007%203701%20AL%203800/RESOLUCION%203703%20DE%202007.pdf HTTP/1.1" 304 -
82.58.87.28 - - [16/Jan/2015:05:09:12 -0500] "GET /BLA/boletinlegal/js/jquery.scrollTo-min.js HTTP/1.1" 200 1150
82.58.87.28 - - [16/Jan/2015:05:09:12 -0500] "GET /BLA/boletinlegal/js/jquery.js HTTP/1.1" 200 57254
82.58.87.28 - - [16/Jan/2015:05:09:12 -0500] "GET /BLA/boletinlegal/js/jquery.scrollShow.js HTTP/1.1" 200 4586
66.249.67.67 - - [16/Jan/2015:05:09:35 -0500] "GET /BLA/resoluciones/AUTOS%202011/1354.pdf HTTP/1.1" 304 -
188.165.15.138 - - [16/Jan/2015:05:09:44 -0500] "GET /BLA/resoluciones/RESOLUCIONES%202002/RES%202002%201001-1050/2002RES1001.tif HTTP/1.1" 200 40482
66.249.67.67 - - [16/Jan/2015:05:10:03 -0500] "GET /BLA/resoluciones/RESOLUCIONES%202008/4988.pdf HTTP/1.1" 200 371201
66.249.67.67 - - [16/Jan/2015:05:10:31 -0500] "GET /BLA/resoluciones/AUTOS%202008/1730.pdf HTTP/1.1" 304 -
148.251.124.173 - - [16/Jan/2015:05:10:41 -0500] "GET /portalsiaccapacitaciones/Soportes%20Capacitaciones%20A%C3%B1o%202013/?C=S;O=A HTTP/1.0" 200 17001
66.249.67.111 - - [16/Jan/2015:05:10:59 -0500] "GET /BLA/ HTTP/1.1" 200 538
201.245.192.253 - - [16/Jan/2015:05:05:10 -0500] "GET /ForestMSG_SDA/channelAsync/template_word_17276338?X-Atmosphere-tracking-id=6bf226bf-c578-2545-7934-631855e39ba4&X-Atmosphere-Framework=1.0.5&X-Atmosphere-Transport=long-polling&tabid=0.0928294702898711&X-Cache-Date=0&Content-Type=application/xml&_=1421403173710 HTTP/1.1" 200 8193
66.249.67.83 - - [16/Jan/2015:05:11:11 -0500] "GET /BLA/resoluciones/AUTOS%202013/2248.pdf HTTP/1.1" 200 295721
66.249.67.83 - - [16/Jan/2015:05:11:37 -0500] "GET /BLA/resoluciones/AUTOS%202014/3442.pdf HTTP/1.1" 200 304488
66.249.67.83 - - [16/Jan/2015:05:11:50 -0500] "GET /resoluciones/RESOLUCIONES%202007/RES%202007%20901%20AL%201000/RESOLUCION%200932%20DE%202007.pdf HTTP/1.1" 404 1018
220.181.125.162 - - [16/Jan/2015:05:12:52 -0500] "GET /robots.txt HTTP/1.1" 404 1015
220.181.125.162 - - [16/Jan/2015:05:12:58 -0500] "GET /robots.txt HTTP/1.1" 404 1019
220.181.125.162 - - [16/Jan/2015:05:13:07 -0500] "GET / HTTP/1.1" 302 -
74.86.158.107 - - [16/Jan/2015:05:13:31 -0500] "HEAD / HTTP/1.1" 302 -
220.181.125.162 - - [16/Jan/2015:05:13:31 -0500] "GET / HTTP/1.1" 302 -
188.165.15.15 - - [16/Jan/2015:05:14:27 -0500] "GET /BLA/resoluciones/RESOLUCIONES%202003/RES%202003%20001-050/2003RES41.tif HTTP/1.1" 200 72440
179.12.93.150 - - [16/Jan/2015:05:15:32 -0500] "GET /BLA/boletinlegal/js/jquery.js HTTP/1.1" 200 57254
179.12.93.150 - - [16/Jan/2015:05:15:33 -0500] "GET /BLA/boletinlegal/js/jquery.scrollTo-min.js HTTP/1.1" 200 1150
179.12.93.150 - - [16/Jan/2015:05:15:33 -0500] "GET /BLA/boletinlegal/js/jquery.scrollShow.js HTTP/1.1" 200 4586
188.165.15.66 - - [16/Jan/2015:05:15:33 -0500] "GET /BLA/resoluciones/RESOLUCIONES%202006/RES%202006%201-50/00000045.tif HTTP/1.1" 200 284372
66.249.67.83 - - [16/Jan/2015:05:15:51 -0500] "GET /BLA/resoluciones/AUTOS%202014/4183.pdf HTTP/1.1" 200 312829
66.249.67.67 - - [16/Jan/2015:05:16:21 -0500] "GET /BLA/resoluciones/AUTOS%202014/3114.pdf HTTP/1.1" 200 575948
188.165.15.99 - - [16/Jan/2015:05:16:51 -0500] "GET /BLA/resoluciones/RESOLUCIONES%202002/RES%202002%20751-800/2002RES800.tif HTTP/1.1" 200 62670
66.249.67.67 - - [16/Jan/2015:05:17:05 -0500] "GET /BLA/resoluciones/RESOLUCIONES%202009/4185.pdf HTTP/1.1" 200 1155959
188.165.15.79 - - [16/Jan/2015:05:17:13 -0500] "GET /BLA/resoluciones/RESOLUCIONES%202006/RES%202006%202501-2550/00002513.tif HTTP/1.1" 200 324314
186.29.78.53 - - [16/Jan/2015:05:17:17 -0500] "GET /forest/login.do HTTP/1.1" 200 12758
186.29.78.53 - - [16/Jan/2015:05:17:17 -0500] "GET /forest/skins/gdocs-jar/css/forest.css?version=1412.231748 HTTP/1.1" 304 -
186.29.78.53 - - [16/Jan/2015:05:17:17 -0500] "GET /forest/skins/gdocs-jar/css/menu.css?version=1412.231748 HTTP/1.1" 304 -
186.29.78.53 - - [16/Jan/2015:05:17:17 -0500] "GET /forest/skins/gdocs-jar/css/autocomplete.css?version=1412.231748 HTTP/1.1" 304 -
186.29.78.53 - - [16/Jan/2015:05:17:17 -0500] "GET /forest/css/escritorio.css?version=1412.231748 HTTP/1.1" 304 -
186.29.78.53 - - [16/Jan/2015:05:17:17 -0500] "GET /forest/css/index.css?version=1412.231748 HTTP/1.1" 304 -
186.29.78.53 - - [16/Jan/2015:05:17:17 -0500] "GET /forest/1ibre/jscalendar/calendar-win2k-1.css?version=1412.231748 HTTP/1.1" 304 -
186.29.78.53 - - [16/Jan/2015:05:17:17 -0500] "GET /forest/skins/gdocs-jar/css/dialog.css?version=1412.231748 HTTP/1.1" 304 -
186.29.78.53 - - [16/Jan/2015:05:17:17 -0500] "GET /forest/skins/gdocs-jar/css/forms.css?version=1412.231748 HTTP/1.1" 304 -
186.29.78.53 - - [16/Jan/2015:05:17:17 -0500] "GET /forest/js/json3.js HTTP/1.1" 304 -
186.29.78.53 - - [16/Jan/2015:05:17:18 -0500] "GET /forest/img/loading.gif HTTP/1.1" 304 -
186.29.78.53 - - [16/Jan/2015:05:17:18 -0500] "GET /forest/img/spacer.gif HTTP/1.1" 304 -
186.29.78.53 - - [16/Jan/2015:05:17:18 -0500] "GET /forest/img/panel/view_icon.gif HTTP/1.1" 304 -
186.29.78.53 - - [16/Jan/2015:05:17:18 -0500] "GET /forest/img/inicio/1.gif HTTP/1.1" 304 -
186.29.78.53 - - [16/Jan/2015:05:17:18 -0500] "GET /forest/img/inicio/2.gif HTTP/1.1" 304 -
186.29.78.53 - - [16/Jan/2015:05:17:18 -0500] "GET /forest/img/inicio/3.gif HTTP/1.1" 304 -
186.29.78.53 - - [16/Jan/2015:05:17:18 -0500] "GET /forest/img/inicio/4.gif HTTP/1.1" 304 -
186.29.78.53 - - [16/Jan/2015:05:17:18 -0500] "GET /forest/img/inicio/5.gif HTTP/1.1" 304 -
186.29.78.53 - - [16/Jan/2015:05:17:18 -0500] "GET /forest/img/inicio/6.gif HTTP/1.1" 304 -
186.29.78.53 - - [16/Jan/2015:05:17:18 -0500] "GET /forest/img/base/bsc2_r1_c2.gif HTTP/1.1" 304 -
186.29.78.53 - - [16/Jan/2015:05:17:18 -0500] "GET /forest/img/base/bsc2_r1_c1.gif HTTP/1.1" 304 -
186.29.78.53 - - [16/Jan/2015:05:17:18 -0500] "GET /forest/img/base/bsc2_r1_c3.gif HTTP/1.1" 304 -
186.29.78.53 - - [16/Jan/2015:05:17:18 -0500] "GET /forest/img/inicio/7.gif HTTP/1.1" 304 -
186.29.78.53 - - [16/Jan/2015:05:17:18 -0500] "GET /forest/img/mplogo.gif HTTP/1.1" 304 -
186.29.78.53 - - [16/Jan/2015:05:17:18 -0500] "GET /forest/img/close.gif HTTP/1.1" 304 -
186.29.78.53 - - [16/Jan/2015:05:17:18 -0500] "GET /forest/skins/gdocs-jar/img/okey.gif HTTP/1.1" 304 -
186.29.78.53 - - [16/Jan/2015:05:17:18 -0500] "GET /forest/1ibre/1ibre.css HTTP/1.1" 304 -
180.76.6.159 - - [16/Jan/2015:05:17:24 -0500] "GET /BLA/resoluciones/RESOLUCIONES%202008/0340.pdf HTTP/1.1" 200 460260
186.29.78.53 - - [16/Jan/2015:05:17:29 -0500] "POST /forest/login.do HTTP/1.1" 302 -
186.29.78.53 - - [16/Jan/2015:05:17:29 -0500] "GET /forest/img/inicio.jpg HTTP/1.1" 304 -
186.29.78.53 - - [16/Jan/2015:05:17:29 -0500] "GET /forest/img/users/3.gif HTTP/1.1" 304 -
186.29.78.53 - - [16/Jan/2015:05:17:29 -0500] "GET /forest/img/users/5.gif HTTP/1.1" 304 -
186.29.78.53 - - [16/Jan/2015:05:17:29 -0500] "GET /forest/img/users/7.gif HTTP/1.1" 304 -
186.29.78.53 - - [16/Jan/2015:05:17:29 -0500] "GET /forest/img/download_large.gif HTTP/1.1" 304 -
186.29.78.53 - - [16/Jan/2015:05:17:29 -0500] "GET /forest/img/buscar.jpg HTTP/1.1" 304 -
186.29.78.53 - - [16/Jan/2015:05:17:29 -0500] "GET /forest/img/buscar_documentos.gif HTTP/1.1" 304 -
186.29.78.53 - - [16/Jan/2015:05:17:29 -0500] "GET /forest/img/fondo-barra.gif HTTP/1.1" 304 -
186.29.78.53 - - [16/Jan/2015:05:17:29 -0500] "GET /forest/img/buscar_procesos.gif HTTP/1.1" 304 -
186.29.78.53 - - [16/Jan/2015:05:17:29 -0500] "GET /forest/img/notify.gif HTTP/1.1" 304 -
186.29.78.53 - - [16/Jan/2015:05:17:29 -0500] "GET /forest/img/ayuda.gif HTTP/1.1" 304 -
186.29.78.53 - - [16/Jan/2015:05:17:29 -0500] "GET /forest/img/pantalla.gif HTTP/1.1" 304 -
186.29.78.53 - - [16/Jan/2015:05:17:30 -0500] "GET /forest/img/salir3.gif HTTP/1.1" 304 -
186.29.78.53 - - [16/Jan/2015:05:17:30 -0500] "GET /forest/skins/gdocs-jar/css/tree.css HTTP/1.1" 304 -
186.29.78.53 - - [16/Jan/2015:05:17:30 -0500] "GET /forest/skins/gdocs-jar/css/autocomplete.css HTTP/1.1" 304 -
186.29.78.53 - - [16/Jan/2015:05:17:30 -0500] "GET /forest/skins/gdocs-jar/js/autocompletar2.js?version=1412.231748 HTTP/1.1" 304 -
186.29.78.53 - - [16/Jan/2015:05:17:30 -0500] "GET /forest/skins/gdocs-jar/js/xml_utilities.js?version=1412.231748 HTTP/1.1" 304 -
186.29.78.53 - - [16/Jan/2015:05:17:30 -0500] "GET /forest/js/inicio.js?version=1412.231748 HTTP/1.1" 304 -
186.29.78.53 - - [16/Jan/2015:05:17:30 -0500] "GET /forest/skins/gdocs-jar/js/misprocesos.js?version=1412.231748 HTTP/1.1" 304 -
186.29.78.53 - - [16/Jan/2015:05:17:30 -0500] "GET /forest/img/panel/menu/add.png HTTP/1.1" 304 -
186.29.78.53 - - [16/Jan/2015:05:17:30 -0500] "GET /forest/img/panel/menu/folder.png HTTP/1.1" 304 -
186.29.78.53 - - [16/Jan/2015:05:17:30 -0500] "GET /forest/img/panel/menu/hoy.png HTTP/1.1" 304 -
186.29.78.53 - - [16/Jan/2015:05:17:30 -0500] "GET /forest/img/panel/menu/danger2.png HTTP/1.1" 304 -
186.29.78.53 - - [16/Jan/2015:05:17:30 -0500] "GET /forest/img/instanciar.gif HTTP/1.1" 304 -
186.29.78.53 - - [16/Jan/2015:05:17:30 -0500] "GET /forest/skins/gdocs-jar/img/icons/pdf.gif HTTP/1.1" 304 -
186.29.78.53 - - [16/Jan/2015:05:17:30 -0500] "GET /forest/skins/gdocs-jar/img/icons/docx.gif HTTP/1.1" 304 -
186.29.78.53 - - [16/Jan/2015:05:17:30 -0500] "GET /forest/img/misdocumentos.gif HTTP/1.1" 304 -
186.29.78.53 - - [16/Jan/2015:05:17:29 -0500] "GET /forest/index2.jsp?a=0.9438297606349705 HTTP/1.1" 200 54058
186.29.78.53 - - [16/Jan/2015:05:17:30 -0500] "GET /forest/skins/gdocs-jar/img/cancel.gif HTTP/1.1" 304 -
186.29.78.53 - - [16/Jan/2015:05:17:30 -0500] "GET /forest/session.jsp?a=0.618794480105862 HTTP/1.1" 200 4
186.29.78.53 - - [16/Jan/2015:05:17:32 -0500] "GET /forest/misactividades.do?group_system_actual=3&codPro=95&_a=0.3607022336862402 HTTP/1.1" 200 38128
186.29.78.53 - - [16/Jan/2015:05:17:32 -0500] "GET /forest/js/jquery/jquery-latest.js HTTP/1.1" 304 -
186.29.78.53 - - [16/Jan/2015:05:17:32 -0500] "GET /forest/js/jquery/css/jquery-ui-1.8.1.custom.css HTTP/1.1" 304 -
186.29.78.53 - - [16/Jan/2015:05:17:32 -0500] "GET /forest/js/jquery/css/jquery-ui-selectmenu.css HTTP/1.1" 304 -
186.29.78.53 - - [16/Jan/2015:05:17:32 -0500] "GET /forest/js/jquery/grid/css/ui.jqgrid.css HTTP/1.1" 304 -
186.29.78.53 - - [16/Jan/2015:05:17:32 -0500] "GET /forest/js/jquery/grid/css/ui.multiselect.css HTTP/1.1" 304 -
186.29.78.53 - - [16/Jan/2015:05:17:32 -0500] "GET /forest/js/jquery/jquery-ui-latest.js HTTP/1.1" 304 -
186.29.78.53 - - [16/Jan/2015:05:17:32 -0500] "GET /forest/js/jquery/jquery.layout-latest.js HTTP/1.1" 304 -
186.29.78.53 - - [16/Jan/2015:05:17:32 -0500] "GET /forest/js/jquery/plugins/jquery.ui.selectmenu.js HTTP/1.1" 304 -
186.29.78.53 - - [16/Jan/2015:05:17:33 -0500] "GET /forest/js/jquery/i18n/grid.locale-en.js HTTP/1.1" 304 -
186.29.78.53 - - [16/Jan/2015:05:17:33 -0500] "GET /forest/js/jquery/plugins/jquery.searchFilter.js HTTP/1.1" 304 -
186.29.78.53 - - [16/Jan/2015:05:17:33 -0500] "GET /forest/js/jquery/plugins/ui.multiselect.js HTTP/1.1" 304 -
186.29.78.53 - - [16/Jan/2015:05:17:33 -0500] "GET /forest/js/jquery/jquery.jqGrid.src.js HTTP/1.1" 304 -
