186.82.226.117 - - [18/Jan/2015:18:59:30 -0500] "GET /ecodirectorio/files/res/pages/page_0065.swf HTTP/1.1" 200 128450
186.82.226.117 - - [18/Jan/2015:18:59:31 -0500] "GET /ecodirectorio/files/res/pages/page_0066.swf HTTP/1.1" 200 126047
186.82.226.117 - - [18/Jan/2015:18:59:32 -0500] "GET /ecodirectorio/files/res/pages/page_0067.swf HTTP/1.1" 200 122850
186.84.51.21 - - [18/Jan/2015:18:59:32 -0500] "POST /forms/lservlet;jsessionid=ac16012b30d540798c7c1d4b4e5ba024cefc4a956eb8.e3iSbxaKaheRe34SahiRb30Pchr0n6jAmljGr5XDqQLvpAe HTTP/1.1" 200 128
186.82.226.117 - - [18/Jan/2015:18:59:34 -0500] "GET /ecodirectorio/files/res/pages/page_0068.swf HTTP/1.1" 200 129819
186.82.226.117 - - [18/Jan/2015:18:59:34 -0500] "GET /ecodirectorio/files/res/pages/page_0069.swf HTTP/1.1" 200 137096
186.82.226.117 - - [18/Jan/2015:18:59:36 -0500] "GET /ecodirectorio/files/res/pages/page_0070.swf HTTP/1.1" 200 154833
186.82.226.117 - - [18/Jan/2015:18:59:38 -0500] "GET /ecodirectorio/files/res/pages/page_0071.swf HTTP/1.1" 200 215099
186.84.51.21 - - [18/Jan/2015:18:59:38 -0500] "POST /forms/lservlet;jsessionid=ac16012b30d540798c7c1d4b4e5ba024cefc4a956eb8.e3iSbxaKaheRe34SahiRb30Pchr0n6jAmljGr5XDqQLvpAe HTTP/1.1" 200 2
186.84.51.21 - - [18/Jan/2015:18:59:39 -0500] "POST /forms/lservlet;jsessionid=ac16012b30d540798c7c1d4b4e5ba024cefc4a956eb8.e3iSbxaKaheRe34SahiRb30Pchr0n6jAmljGr5XDqQLvpAe HTTP/1.1" 200 90
186.84.51.21 - - [18/Jan/2015:18:59:39 -0500] "POST /forms/lservlet;jsessionid=ac16012b30d540798c7c1d4b4e5ba024cefc4a956eb8.e3iSbxaKaheRe34SahiRb30Pchr0n6jAmljGr5XDqQLvpAe HTTP/1.1" 200 2
186.84.51.21 - - [18/Jan/2015:18:59:40 -0500] "POST /forms/lservlet;jsessionid=ac16012b30d540798c7c1d4b4e5ba024cefc4a956eb8.e3iSbxaKaheRe34SahiRb30Pchr0n6jAmljGr5XDqQLvpAe HTTP/1.1" 200 2
186.84.51.21 - - [18/Jan/2015:18:59:40 -0500] "POST /forms/lservlet;jsessionid=ac16012b30d540798c7c1d4b4e5ba024cefc4a956eb8.e3iSbxaKaheRe34SahiRb30Pchr0n6jAmljGr5XDqQLvpAe HTTP/1.1" 200 151
186.84.51.21 - - [18/Jan/2015:18:59:41 -0500] "POST /forms/lservlet;jsessionid=ac16012b30d540798c7c1d4b4e5ba024cefc4a956eb8.e3iSbxaKaheRe34SahiRb30Pchr0n6jAmljGr5XDqQLvpAe HTTP/1.1" 200 2
186.84.51.21 - - [18/Jan/2015:18:59:41 -0500] "POST /forms/lservlet;jsessionid=ac16012b30d540798c7c1d4b4e5ba024cefc4a956eb8.e3iSbxaKaheRe34SahiRb30Pchr0n6jAmljGr5XDqQLvpAe HTTP/1.1" 200 324
74.86.158.107 - - [18/Jan/2015:18:59:41 -0500] "HEAD / HTTP/1.1" 302 -
186.84.51.21 - - [18/Jan/2015:18:59:42 -0500] "POST /forms/lservlet;jsessionid=ac16012b30d540798c7c1d4b4e5ba024cefc4a956eb8.e3iSbxaKaheRe34SahiRb30Pchr0n6jAmljGr5XDqQLvpAe HTTP/1.1" 200 2
186.84.51.21 - - [18/Jan/2015:18:59:42 -0500] "POST /forms/lservlet;jsessionid=ac16012b30d540798c7c1d4b4e5ba024cefc4a956eb8.e3iSbxaKaheRe34SahiRb30Pchr0n6jAmljGr5XDqQLvpAe HTTP/1.1" 200 34
186.84.51.21 - - [18/Jan/2015:18:59:43 -0500] "POST /forms/lservlet;jsessionid=ac16012b30d540798c7c1d4b4e5ba024cefc4a956eb8.e3iSbxaKaheRe34SahiRb30Pchr0n6jAmljGr5XDqQLvpAe HTTP/1.1" 200 2
186.82.226.117 - - [18/Jan/2015:18:59:43 -0500] "GET /ecodirectorio/files/res/pages/page_0072.swf HTTP/1.1" 200 91752
186.84.51.21 - - [18/Jan/2015:18:59:43 -0500] "POST /forms/lservlet;jsessionid=ac16012b30d540798c7c1d4b4e5ba024cefc4a956eb8.e3iSbxaKaheRe34SahiRb30Pchr0n6jAmljGr5XDqQLvpAe HTTP/1.1" 200 2
186.84.51.21 - - [18/Jan/2015:18:59:44 -0500] "POST /forms/lservlet;jsessionid=ac16012b30d540798c7c1d4b4e5ba024cefc4a956eb8.e3iSbxaKaheRe34SahiRb30Pchr0n6jAmljGr5XDqQLvpAe HTTP/1.1" 200 1526
186.84.51.21 - - [18/Jan/2015:18:59:44 -0500] "POST /forms/lservlet;jsessionid=ac16012b30d540798c7c1d4b4e5ba024cefc4a956eb8.e3iSbxaKaheRe34SahiRb30Pchr0n6jAmljGr5XDqQLvpAe HTTP/1.1" 200 45
186.82.226.117 - - [18/Jan/2015:18:59:44 -0500] "GET /ecodirectorio/files/res/pages/page_0073.swf HTTP/1.1" 200 145731
186.82.226.117 - - [18/Jan/2015:18:59:45 -0500] "GET /ecodirectorio/files/res/pages/page_0074.swf HTTP/1.1" 200 115226
186.82.226.117 - - [18/Jan/2015:18:59:47 -0500] "GET /ecodirectorio/files/res/pages/page_0075.swf HTTP/1.1" 200 172643
186.84.51.21 - - [18/Jan/2015:18:59:47 -0500] "POST /forms/lservlet;jsessionid=ac16012b30d540798c7c1d4b4e5ba024cefc4a956eb8.e3iSbxaKaheRe34SahiRb30Pchr0n6jAmljGr5XDqQLvpAe HTTP/1.1" 200 34741
186.84.51.21 - - [18/Jan/2015:18:59:47 -0500] "GET /imagenes/listval.gif HTTP/1.1" 200 905
186.84.51.21 - - [18/Jan/2015:18:59:47 -0500] "GET /imagenes/rt_pset.gif HTTP/1.1" 200 914
186.84.51.21 - - [18/Jan/2015:18:59:47 -0500] "POST /forms/lservlet;jsessionid=ac16012b30d540798c7c1d4b4e5ba024cefc4a956eb8.e3iSbxaKaheRe34SahiRb30Pchr0n6jAmljGr5XDqQLvpAe HTTP/1.1" 200 7
186.84.51.21 - - [18/Jan/2015:18:59:47 -0500] "POST /forms/lservlet;jsessionid=ac16012b30d540798c7c1d4b4e5ba024cefc4a956eb8.e3iSbxaKaheRe34SahiRb30Pchr0n6jAmljGr5XDqQLvpAe HTTP/1.1" 200 34
186.84.51.21 - - [18/Jan/2015:18:59:47 -0500] "POST /forms/lservlet;jsessionid=ac16012b30d540798c7c1d4b4e5ba024cefc4a956eb8.e3iSbxaKaheRe34SahiRb30Pchr0n6jAmljGr5XDqQLvpAe HTTP/1.1" 200 2
186.82.226.117 - - [18/Jan/2015:18:59:48 -0500] "GET /ecodirectorio/files/res/pages/page_0076.swf HTTP/1.1" 200 145634
186.84.51.21 - - [18/Jan/2015:18:59:48 -0500] "POST /forms/lservlet;jsessionid=ac16012b30d540798c7c1d4b4e5ba024cefc4a956eb8.e3iSbxaKaheRe34SahiRb30Pchr0n6jAmljGr5XDqQLvpAe HTTP/1.1" 200 610
186.82.226.117 - - [18/Jan/2015:18:59:49 -0500] "GET /ecodirectorio/files/res/pages/page_0077.swf HTTP/1.1" 200 79983
186.82.226.117 - - [18/Jan/2015:18:59:49 -0500] "GET /ecodirectorio/files/res/pages/page_0078.swf HTTP/1.1" 200 235621
186.84.51.21 - - [18/Jan/2015:18:59:51 -0500] "POST /forms/lservlet;jsessionid=ac16012b30d540798c7c1d4b4e5ba024cefc4a956eb8.e3iSbxaKaheRe34SahiRb30Pchr0n6jAmljGr5XDqQLvpAe HTTP/1.1" 200 26
186.82.226.117 - - [18/Jan/2015:18:59:51 -0500] "GET /ecodirectorio/files/res/pages/page_0079.swf HTTP/1.1" 200 87047
186.84.51.21 - - [18/Jan/2015:18:59:51 -0500] "POST /forms/lservlet;jsessionid=ac16012b30d540798c7c1d4b4e5ba024cefc4a956eb8.e3iSbxaKaheRe34SahiRb30Pchr0n6jAmljGr5XDqQLvpAe HTTP/1.1" 200 4449
186.84.51.21 - - [18/Jan/2015:18:59:51 -0500] "POST /forms/lservlet;jsessionid=ac16012b30d540798c7c1d4b4e5ba024cefc4a956eb8.e3iSbxaKaheRe34SahiRb30Pchr0n6jAmljGr5XDqQLvpAe HTTP/1.1" 200 2
186.82.226.117 - - [18/Jan/2015:18:59:52 -0500] "GET /ecodirectorio/files/res/pages/page_0081.swf HTTP/1.1" 200 101564
186.84.51.21 - - [18/Jan/2015:18:59:52 -0500] "POST /forms/lservlet;jsessionid=ac16012b30d540798c7c1d4b4e5ba024cefc4a956eb8.e3iSbxaKaheRe34SahiRb30Pchr0n6jAmljGr5XDqQLvpAe HTTP/1.1" 200 156
186.82.226.117 - - [18/Jan/2015:18:59:53 -0500] "GET /ecodirectorio/files/res/pages/page_0080.swf HTTP/1.1" 200 159942
186.82.226.117 - - [18/Jan/2015:18:59:54 -0500] "GET /ecodirectorio/files/res/pages/page_0082.swf HTTP/1.1" 200 127238
186.82.226.117 - - [18/Jan/2015:18:59:55 -0500] "GET /ecodirectorio/files/res/pages/page_0083.swf HTTP/1.1" 200 133136
186.82.226.117 - - [18/Jan/2015:18:59:56 -0500] "GET /ecodirectorio/files/res/pages/page_0084.swf HTTP/1.1" 200 135572
186.84.51.21 - - [18/Jan/2015:18:59:56 -0500] "POST /forms/lservlet;jsessionid=ac16012b30d540798c7c1d4b4e5ba024cefc4a956eb8.e3iSbxaKaheRe34SahiRb30Pchr0n6jAmljGr5XDqQLvpAe HTTP/1.1" 200 27741
186.84.51.21 - - [18/Jan/2015:18:59:56 -0500] "GET /imagenes/listval.gif HTTP/1.1" 200 905
186.84.51.21 - - [18/Jan/2015:18:59:56 -0500] "GET /imagenes/rt_print.gif HTTP/1.1" 200 916
186.84.51.21 - - [18/Jan/2015:18:59:56 -0500] "GET /imagenes/rt_pset.gif HTTP/1.1" 200 914
186.84.51.21 - - [18/Jan/2015:18:59:56 -0500] "POST /forms/lservlet;jsessionid=ac16012b30d540798c7c1d4b4e5ba024cefc4a956eb8.e3iSbxaKaheRe34SahiRb30Pchr0n6jAmljGr5XDqQLvpAe HTTP/1.1" 200 2
186.82.226.117 - - [18/Jan/2015:18:59:56 -0500] "GET /ecodirectorio/files/res/pages/page_0085.swf HTTP/1.1" 200 106900
186.82.226.117 - - [18/Jan/2015:18:59:57 -0500] "GET /ecodirectorio/files/res/pages/page_0086.swf HTTP/1.1" 200 141974
186.82.226.117 - - [18/Jan/2015:18:59:58 -0500] "GET /ecodirectorio/files/res/pages/page_0087.swf HTTP/1.1" 200 107989
186.82.226.117 - - [18/Jan/2015:18:59:59 -0500] "GET /ecodirectorio/files/res/pages/page_0088.swf HTTP/1.1" 200 153738
186.82.226.117 - - [18/Jan/2015:18:59:59 -0500] "GET /ecodirectorio/files/res/pages/page_0089.swf HTTP/1.1" 200 92402
186.84.51.21 - - [18/Jan/2015:18:59:59 -0500] "POST /forms/lservlet;jsessionid=ac16012b30d540798c7c1d4b4e5ba024cefc4a956eb8.e3iSbxaKaheRe34SahiRb30Pchr0n6jAmljGr5XDqQLvpAe HTTP/1.1" 200 34
186.82.226.117 - - [18/Jan/2015:19:00:00 -0500] "GET /ecodirectorio/files/res/pages/page_0090.swf HTTP/1.1" 200 126615
186.82.226.117 - - [18/Jan/2015:19:00:00 -0500] "GET /ecodirectorio/files/res/pages/page_0091.swf HTTP/1.1" 200 98537
186.84.51.21 - - [18/Jan/2015:19:00:01 -0500] "POST /forms/lservlet;jsessionid=ac16012b30d540798c7c1d4b4e5ba024cefc4a956eb8.e3iSbxaKaheRe34SahiRb30Pchr0n6jAmljGr5XDqQLvpAe HTTP/1.1" 200 510
186.82.226.117 - - [18/Jan/2015:19:00:01 -0500] "GET /ecodirectorio/files/res/pages/page_0092.swf HTTP/1.1" 200 91160
186.82.226.117 - - [18/Jan/2015:19:00:02 -0500] "GET /ecodirectorio/files/res/pages/page_0093.swf HTTP/1.1" 200 139481
186.82.226.117 - - [18/Jan/2015:19:00:02 -0500] "GET /ecodirectorio/files/res/pages/page_0094.swf HTTP/1.1" 200 156127
186.82.226.117 - - [18/Jan/2015:19:00:03 -0500] "GET /ecodirectorio/files/res/pages/page_0095.swf HTTP/1.1" 200 158596
186.84.51.21 - - [18/Jan/2015:19:00:04 -0500] "POST /forms/lservlet;jsessionid=ac16012b30d540798c7c1d4b4e5ba024cefc4a956eb8.e3iSbxaKaheRe34SahiRb30Pchr0n6jAmljGr5XDqQLvpAe HTTP/1.1" 200 22
186.82.226.117 - - [18/Jan/2015:19:00:04 -0500] "GET /ecodirectorio/files/res/pages/page_0096.swf HTTP/1.1" 200 266817
186.84.51.21 - - [18/Jan/2015:19:00:04 -0500] "POST /forms/lservlet;jsessionid=ac16012b30d540798c7c1d4b4e5ba024cefc4a956eb8.e3iSbxaKaheRe34SahiRb30Pchr0n6jAmljGr5XDqQLvpAe HTTP/1.1" 200 14
186.84.51.21 - - [18/Jan/2015:19:00:05 -0500] "POST /forms/lservlet;jsessionid=ac16012b30d540798c7c1d4b4e5ba024cefc4a956eb8.e3iSbxaKaheRe34SahiRb30Pchr0n6jAmljGr5XDqQLvpAe HTTP/1.1" 200 417
186.84.51.21 - - [18/Jan/2015:19:00:06 -0500] "POST /forms/lservlet;jsessionid=ac16012b30d540798c7c1d4b4e5ba024cefc4a956eb8.e3iSbxaKaheRe34SahiRb30Pchr0n6jAmljGr5XDqQLvpAe HTTP/1.1" 200 2
186.84.51.21 - - [18/Jan/2015:19:00:06 -0500] "POST /forms/lservlet;jsessionid=ac16012b30d540798c7c1d4b4e5ba024cefc4a956eb8.e3iSbxaKaheRe34SahiRb30Pchr0n6jAmljGr5XDqQLvpAe HTTP/1.1" 200 2
186.82.226.117 - - [18/Jan/2015:19:00:07 -0500] "GET /ecodirectorio/files/res/pages/page_0097.swf HTTP/1.1" 200 122286
186.82.226.117 - - [18/Jan/2015:19:00:08 -0500] "GET /ecodirectorio/files/res/pages/page_0098.swf HTTP/1.1" 200 154860
186.82.226.117 - - [18/Jan/2015:19:00:08 -0500] "GET /ecodirectorio/files/res/pages/page_0099.swf HTTP/1.1" 200 107414
186.82.226.117 - - [18/Jan/2015:19:00:09 -0500] "GET /ecodirectorio/files/res/pages/page_0100.swf HTTP/1.1" 200 111881
186.84.51.21 - - [18/Jan/2015:19:00:09 -0500] "POST /forms/lservlet;jsessionid=ac16012b30d540798c7c1d4b4e5ba024cefc4a956eb8.e3iSbxaKaheRe34SahiRb30Pchr0n6jAmljGr5XDqQLvpAe HTTP/1.1" 200 128
186.82.226.117 - - [18/Jan/2015:19:00:09 -0500] "GET /ecodirectorio/files/res/pages/page_0101.swf HTTP/1.1" 200 131458
186.82.226.117 - - [18/Jan/2015:19:00:10 -0500] "GET /ecodirectorio/files/res/pages/page_0102.swf HTTP/1.1" 200 155512
186.84.51.21 - - [18/Jan/2015:19:00:11 -0500] "POST /forms/lservlet;jsessionid=ac16012b30d540798c7c1d4b4e5ba024cefc4a956eb8.e3iSbxaKaheRe34SahiRb30Pchr0n6jAmljGr5XDqQLvpAe HTTP/1.1" 200 2
186.84.51.21 - - [18/Jan/2015:19:00:11 -0500] "POST /forms/lservlet;jsessionid=ac16012b30d540798c7c1d4b4e5ba024cefc4a956eb8.e3iSbxaKaheRe34SahiRb30Pchr0n6jAmljGr5XDqQLvpAe HTTP/1.1" 200 90
186.84.51.21 - - [18/Jan/2015:19:00:11 -0500] "POST /forms/lservlet;jsessionid=ac16012b30d540798c7c1d4b4e5ba024cefc4a956eb8.e3iSbxaKaheRe34SahiRb30Pchr0n6jAmljGr5XDqQLvpAe HTTP/1.1" 200 2
186.84.51.21 - - [18/Jan/2015:19:00:12 -0500] "POST /forms/lservlet;jsessionid=ac16012b30d540798c7c1d4b4e5ba024cefc4a956eb8.e3iSbxaKaheRe34SahiRb30Pchr0n6jAmljGr5XDqQLvpAe HTTP/1.1" 200 2
186.84.51.21 - - [18/Jan/2015:19:00:12 -0500] "POST /forms/lservlet;jsessionid=ac16012b30d540798c7c1d4b4e5ba024cefc4a956eb8.e3iSbxaKaheRe34SahiRb30Pchr0n6jAmljGr5XDqQLvpAe HTTP/1.1" 200 151
186.82.226.117 - - [18/Jan/2015:19:00:13 -0500] "GET /ecodirectorio/files/res/pages/page_0103.swf HTTP/1.1" 200 102863
186.84.51.21 - - [18/Jan/2015:19:00:13 -0500] "POST /forms/lservlet;jsessionid=ac16012b30d540798c7c1d4b4e5ba024cefc4a956eb8.e3iSbxaKaheRe34SahiRb30Pchr0n6jAmljGr5XDqQLvpAe HTTP/1.1" 200 2
186.82.226.117 - - [18/Jan/2015:19:00:13 -0500] "GET /ecodirectorio/files/res/pages/page_0104.swf HTTP/1.1" 200 130824
186.84.51.21 - - [18/Jan/2015:19:00:13 -0500] "POST /forms/lservlet;jsessionid=ac16012b30d540798c7c1d4b4e5ba024cefc4a956eb8.e3iSbxaKaheRe34SahiRb30Pchr0n6jAmljGr5XDqQLvpAe HTTP/1.1" 200 324
186.82.226.117 - - [18/Jan/2015:19:00:15 -0500] "GET /ecodirectorio/files/res/pages/page_0105.swf HTTP/1.1" 200 137745
186.84.51.21 - - [18/Jan/2015:19:00:15 -0500] "POST /forms/lservlet;jsessionid=ac16012b30d540798c7c1d4b4e5ba024cefc4a956eb8.e3iSbxaKaheRe34SahiRb30Pchr0n6jAmljGr5XDqQLvpAe HTTP/1.1" 200 2
186.84.51.21 - - [18/Jan/2015:19:00:15 -0500] "POST /forms/lservlet;jsessionid=ac16012b30d540798c7c1d4b4e5ba024cefc4a956eb8.e3iSbxaKaheRe34SahiRb30Pchr0n6jAmljGr5XDqQLvpAe HTTP/1.1" 200 34
186.84.51.21 - - [18/Jan/2015:19:00:15 -0500] "POST /forms/lservlet;jsessionid=ac16012b30d540798c7c1d4b4e5ba024cefc4a956eb8.e3iSbxaKaheRe34SahiRb30Pchr0n6jAmljGr5XDqQLvpAe HTTP/1.1" 200 2
186.82.226.117 - - [18/Jan/2015:19:00:16 -0500] "GET /ecodirectorio/files/res/pages/page_0106.swf HTTP/1.1" 200 208701
186.84.51.21 - - [18/Jan/2015:19:00:16 -0500] "POST /forms/lservlet;jsessionid=ac16012b30d540798c7c1d4b4e5ba024cefc4a956eb8.e3iSbxaKaheRe34SahiRb30Pchr0n6jAmljGr5XDqQLvpAe HTTP/1.1" 200 2
186.84.51.21 - - [18/Jan/2015:19:00:16 -0500] "POST /forms/lservlet;jsessionid=ac16012b30d540798c7c1d4b4e5ba024cefc4a956eb8.e3iSbxaKaheRe34SahiRb30Pchr0n6jAmljGr5XDqQLvpAe HTTP/1.1" 200 8966
186.84.51.21 - - [18/Jan/2015:19:00:16 -0500] "POST /forms/lservlet;jsessionid=ac16012b30d540798c7c1d4b4e5ba024cefc4a956eb8.e3iSbxaKaheRe34SahiRb30Pchr0n6jAmljGr5XDqQLvpAe HTTP/1.1" 200 12
186.82.226.117 - - [18/Jan/2015:19:00:18 -0500] "GET /ecodirectorio/files/res/pages/page_0108.swf HTTP/1.1" 200 125667
186.82.226.117 - - [18/Jan/2015:19:00:18 -0500] "GET /ecodirectorio/files/res/pages/page_0107.swf HTTP/1.1" 200 130086
186.82.226.117 - - [18/Jan/2015:19:00:20 -0500] "GET /ecodirectorio/files/res/pages/page_0109.swf HTTP/1.1" 200 151285
186.82.226.117 - - [18/Jan/2015:19:00:20 -0500] "GET /ecodirectorio/files/res/pages/page_0110.swf HTTP/1.1" 200 152365
186.82.226.117 - - [18/Jan/2015:19:00:22 -0500] "GET /ecodirectorio/files/res/pages/page_0111.swf HTTP/1.1" 200 154912
186.82.226.117 - - [18/Jan/2015:19:00:22 -0500] "GET /ecodirectorio/files/res/pages/page_0112.swf HTTP/1.1" 200 115912
186.82.226.117 - - [18/Jan/2015:19:00:24 -0500] "GET /ecodirectorio/files/res/pages/page_0113.swf HTTP/1.1" 200 114250
186.82.226.117 - - [18/Jan/2015:19:00:25 -0500] "GET /ecodirectorio/files/res/pages/page_0114.swf HTTP/1.1" 200 107573
186.82.226.117 - - [18/Jan/2015:19:00:26 -0500] "GET /ecodirectorio/files/res/pages/page_0115.swf HTTP/1.1" 200 345018
186.82.226.117 - - [18/Jan/2015:19:00:27 -0500] "GET /ecodirectorio/files/res/pages/page_0116.swf HTTP/1.1" 200 148817
186.82.226.117 - - [18/Jan/2015:19:00:29 -0500] "GET /ecodirectorio/files/res/pages/page_0117.swf HTTP/1.1" 200 152148
186.82.226.117 - - [18/Jan/2015:19:00:30 -0500] "GET /ecodirectorio/files/res/pages/page_0118.swf HTTP/1.1" 200 151302
186.82.226.117 - - [18/Jan/2015:19:00:31 -0500] "GET /ecodirectorio/files/res/pages/page_0119.swf HTTP/1.1" 200 153212
186.82.226.117 - - [18/Jan/2015:19:00:31 -0500] "GET /ecodirectorio/files/res/pages/page_0120.swf HTTP/1.1" 200 161620
186.82.226.117 - - [18/Jan/2015:19:00:33 -0500] "GET /ecodirectorio/files/res/pages/page_0121.swf HTTP/1.1" 200 161508
186.82.226.117 - - [18/Jan/2015:19:00:33 -0500] "GET /ecodirectorio/files/res/pages/page_0122.swf HTTP/1.1" 200 320113
186.84.51.21 - - [18/Jan/2015:19:00:34 -0500] "POST /forms/lservlet;jsessionid=ac16012b30d540798c7c1d4b4e5ba024cefc4a956eb8.e3iSbxaKaheRe34SahiRb30Pchr0n6jAmljGr5XDqQLvpAe HTTP/1.1" 200 2
186.82.226.117 - - [18/Jan/2015:19:00:35 -0500] "GET /ecodirectorio/files/res/pages/page_0123.swf HTTP/1.1" 200 262562
186.82.226.117 - - [18/Jan/2015:19:00:35 -0500] "GET /ecodirectorio/files/res/pages/page_0124.swf HTTP/1.1" 200 165601
186.82.226.117 - - [18/Jan/2015:19:00:38 -0500] "GET /ecodirectorio/files/res/pages/page_0125.swf HTTP/1.1" 200 179167
186.82.226.117 - - [18/Jan/2015:19:00:38 -0500] "GET /ecodirectorio/files/res/pages/page_0126.swf HTTP/1.1" 200 187631
186.82.226.117 - - [18/Jan/2015:19:00:40 -0500] "GET /ecodirectorio/files/res/pages/page_0127.swf HTTP/1.1" 200 184166
186.82.226.117 - - [18/Jan/2015:19:00:40 -0500] "GET /ecodirectorio/files/res/pages/page_0128.swf HTTP/1.1" 200 202018
186.82.226.117 - - [18/Jan/2015:19:00:41 -0500] "GET /ecodirectorio/files/res/pages/page_0129.swf HTTP/1.1" 200 184826
201.132.87.158 - - [18/Jan/2015:19:00:42 -0500] "GET /BLA/boletinlegal/js/jquery.js HTTP/1.1" 200 57254
201.132.87.158 - - [18/Jan/2015:19:00:42 -0500] "GET /BLA/boletinlegal/js/jquery.scrollTo-min.js HTTP/1.1" 200 1150
201.132.87.158 - - [18/Jan/2015:19:00:42 -0500] "GET /BLA/boletinlegal/js/jquery.scrollShow.js HTTP/1.1" 200 4586
186.82.226.117 - - [18/Jan/2015:19:00:43 -0500] "GET /ecodirectorio/files/res/pages/page_0130.swf HTTP/1.1" 200 186428
186.82.226.117 - - [18/Jan/2015:19:00:43 -0500] "GET /ecodirectorio/files/res/pages/page_0131.swf HTTP/1.1" 200 185418
186.82.226.117 - - [18/Jan/2015:19:00:44 -0500] "GET /ecodirectorio/files/res/pages/page_0132.swf HTTP/1.1" 200 185895
186.82.226.117 - - [18/Jan/2015:19:00:45 -0500] "GET /ecodirectorio/files/res/pages/page_0133.swf HTTP/1.1" 200 101024
186.82.226.117 - - [18/Jan/2015:19:00:46 -0500] "GET /ecodirectorio/files/res/pages/page_0134.swf HTTP/1.1" 200 82818
186.82.226.117 - - [18/Jan/2015:19:00:46 -0500] "GET /ecodirectorio/files/res/pages/page_0135.swf HTTP/1.1" 200 192638
201.184.138.230 - - [18/Jan/2015:19:00:47 -0500] "GET /BLA/boletinlegal/js/jquery.scrollTo-min.js HTTP/1.1" 200 1150
201.184.138.230 - - [18/Jan/2015:19:00:47 -0500] "GET /BLA/boletinlegal/js/jquery.scrollShow.js HTTP/1.1" 200 4586
201.184.138.230 - - [18/Jan/2015:19:00:47 -0500] "GET /BLA/boletinlegal/js/jquery.js HTTP/1.1" 200 57254
186.82.226.117 - - [18/Jan/2015:19:00:47 -0500] "GET /ecodirectorio/files/res/pages/page_0136.swf HTTP/1.1" 200 123669
201.184.138.230 - - [18/Jan/2015:19:00:47 -0500] "GET /galeria/carrusel/Carrusel/jquery.thumbnailScroller.css HTTP/1.1" 200 2066
201.184.138.230 - - [18/Jan/2015:19:00:47 -0500] "GET /galeria/carrusel/Carrusel/jquery-ui-1.8.13.custom.min.js HTTP/1.1" 200 10800
201.184.138.230 - - [18/Jan/2015:19:00:48 -0500] "GET /galeria/carrusel/Carrusel/jquery.thumbnailScroller.js HTTP/1.1" 200 8157
186.82.226.117 - - [18/Jan/2015:19:00:49 -0500] "GET /ecodirectorio/files/res/pages/page_0137.swf HTTP/1.1" 200 146315
186.82.226.117 - - [18/Jan/2015:19:00:49 -0500] "GET /ecodirectorio/files/res/pages/page_0138.swf HTTP/1.1" 200 109640
201.184.138.230 - - [18/Jan/2015:19:00:50 -0500] "GET /galeria/nivo-slider/demo/demo.html HTTP/1.1" 200 3150
201.184.138.230 - - [18/Jan/2015:19:00:50 -0500] "GET /galeria/nivo-slider/themes/default/default.css HTTP/1.1" 200 1569
201.184.138.230 - - [18/Jan/2015:19:00:50 -0500] "GET /galeria/nivo-slider/themes/pascal/pascal.css HTTP/1.1" 200 2258
201.184.138.230 - - [18/Jan/2015:19:00:50 -0500] "GET /galeria/nivo-slider/themes/orman/orman.css HTTP/1.1" 200 2152
201.184.138.230 - - [18/Jan/2015:19:00:50 -0500] "GET /galeria/nivo-slider/nivo-slider.css HTTP/1.1" 200 1507
201.184.138.230 - - [18/Jan/2015:19:00:50 -0500] "GET /galeria/nivo-slider/demo/style.css HTTP/1.1" 200 2222
201.184.138.230 - - [18/Jan/2015:19:00:50 -0500] "GET /galeria/nivo-slider/demo/images/bolsas-08.jpg HTTP/1.1" 200 85589
201.184.138.230 - - [18/Jan/2015:19:00:50 -0500] "GET /galeria/nivo-slider/demo/images/Ruta-vertimientos-01.jpg HTTP/1.1" 200 130151
201.184.138.230 - - [18/Jan/2015:19:00:50 -0500] "GET /galeria/nivo-slider/demo/images/bolsas-06.jpg HTTP/1.1" 200 90982
186.82.226.117 - - [18/Jan/2015:19:00:51 -0500] "GET /ecodirectorio/files/res/pages/page_0139.swf HTTP/1.1" 200 130072
186.82.226.117 - - [18/Jan/2015:19:00:51 -0500] "GET /ecodirectorio/files/res/pages/page_0140.swf HTTP/1.1" 200 158211
186.82.226.117 - - [18/Jan/2015:19:00:52 -0500] "GET /ecodirectorio/files/res/pages/page_0141.swf HTTP/1.1" 200 117706
186.84.51.21 - - [18/Jan/2015:19:01:13 -0500] "POST /forms/lservlet;jsessionid=ac16012b30d540798c7c1d4b4e5ba024cefc4a956eb8.e3iSbxaKaheRe34SahiRb30Pchr0n6jAmljGr5XDqQLvpAe HTTP/1.1" 200 2378
186.84.51.21 - - [18/Jan/2015:19:01:13 -0500] "POST /forms/lservlet;jsessionid=ac16012b30d540798c7c1d4b4e5ba024cefc4a956eb8.e3iSbxaKaheRe34SahiRb30Pchr0n6jAmljGr5XDqQLvpAe HTTP/1.1" 200 2
186.84.51.21 - - [18/Jan/2015:19:01:16 -0500] "POST /forms/lservlet;jsessionid=ac16012b30d540798c7c1d4b4e5ba024cefc4a956eb8.e3iSbxaKaheRe34SahiRb30Pchr0n6jAmljGr5XDqQLvpAe HTTP/1.1" 200 26
186.84.51.21 - - [18/Jan/2015:19:01:16 -0500] "POST /forms/lservlet;jsessionid=ac16012b30d540798c7c1d4b4e5ba024cefc4a956eb8.e3iSbxaKaheRe34SahiRb30Pchr0n6jAmljGr5XDqQLvpAe HTTP/1.1" 200 4596
186.84.51.21 - - [18/Jan/2015:19:01:17 -0500] "POST /forms/lservlet;jsessionid=ac16012b30d540798c7c1d4b4e5ba024cefc4a956eb8.e3iSbxaKaheRe34SahiRb30Pchr0n6jAmljGr5XDqQLvpAe HTTP/1.1" 200 2
201.184.138.230 - - [18/Jan/2015:19:01:21 -0500] "GET /galeria/nivo-slider/demo/scripts/jquery-1.7.1.min.js HTTP/1.1" 200 93868
201.184.138.230 - - [18/Jan/2015:19:01:21 -0500] "GET /galeria/nivo-slider/demo/images/bolsas-08.jpg HTTP/1.1" 206 1
201.184.138.230 - - [18/Jan/2015:19:01:21 -0500] "GET /galeria/nivo-slider/jquery.nivo.slider.pack.js HTTP/1.1" 200 11561
201.184.138.230 - - [18/Jan/2015:19:01:21 -0500] "GET /galeria/nivo-slider/demo/images/Ruta-vertimientos-01.jpg HTTP/1.1" 206 1
201.184.138.230 - - [18/Jan/2015:19:01:21 -0500] "GET /galeria/nivo-slider/demo/images/bolsas-06.jpg HTTP/1.1" 206 1
201.184.138.230 - - [18/Jan/2015:19:01:21 -0500] "GET /galeria/nivo-slider/demo/images/ecolecta-Dic2014.png HTTP/1.1" 200 288593
201.184.138.230 - - [18/Jan/2015:19:01:21 -0500] "GET /galeria/nivo-slider/demo/images/bolsas-08.jpg HTTP/1.1" 206 51974
201.184.138.230 - - [18/Jan/2015:19:01:21 -0500] "GET /galeria/nivo-slider/demo/images/Ruta-vertimientos-01.jpg HTTP/1.1" 206 35821
201.184.138.230 - - [18/Jan/2015:19:01:21 -0500] "GET /galeria/nivo-slider/demo/images/bolsas-06.jpg HTTP/1.1" 206 20655
201.184.138.230 - - [18/Jan/2015:19:01:21 -0500] "GET /galeria/nivo-slider/demo/images/4Simple_Slider.png HTTP/1.1" 200 11722
201.184.138.230 - - [18/Jan/2015:19:01:23 -0500] "GET /galeria/nivo-slider/demo/images/bolsas-08.jpg HTTP/1.1" 206 1
201.184.138.230 - - [18/Jan/2015:19:01:23 -0500] "GET /galeria/nivo-slider/demo/scripts/jquery-1.7.1.min.js HTTP/1.1" 206 1
201.184.138.230 - - [18/Jan/2015:19:01:23 -0500] "GET /galeria/nivo-slider/demo/images/Ruta-vertimientos-01.jpg HTTP/1.1" 206 1
201.184.138.230 - - [18/Jan/2015:19:01:23 -0500] "GET /galeria/nivo-slider/demo/images/bolsas-06.jpg HTTP/1.1" 206 1
201.184.138.230 - - [18/Jan/2015:19:01:23 -0500] "GET /galeria/nivo-slider/demo/images/ecolecta-Dic2014.png HTTP/1.1" 206 1
201.184.138.230 - - [18/Jan/2015:19:01:23 -0500] "GET /galeria/nivo-slider/demo/images/porloshumedales.jpg HTTP/1.1" 200 351238
201.184.138.230 - - [18/Jan/2015:19:01:23 -0500] "GET /galeria/nivo-slider/demo/images/Tingua-azul.jpg HTTP/1.1" 200 307638
201.184.138.230 - - [18/Jan/2015:19:01:23 -0500] "GET /galeria/nivo-slider/demo/images/bolsas-08.jpg HTTP/1.1" 206 45356
201.184.138.230 - - [18/Jan/2015:19:01:23 -0500] "GET /galeria/nivo-slider/demo/scripts/jquery-1.7.1.min.js HTTP/1.1" 206 76794
201.184.138.230 - - [18/Jan/2015:19:01:23 -0500] "GET /galeria/nivo-slider/demo/images/ecolecta-Dic2014.png HTTP/1.1" 206 281923
201.184.138.230 - - [18/Jan/2015:19:01:23 -0500] "GET /galeria/nivo-slider/demo/images/Ruta-vertimientos-01.jpg HTTP/1.1" 206 29205
201.184.138.230 - - [18/Jan/2015:19:01:24 -0500] "GET /galeria/nivo-slider/demo/images/bolsas-06.jpg HTTP/1.1" 206 20655
201.184.138.230 - - [18/Jan/2015:19:01:24 -0500] "GET /galeria/nivo-slider/demo/images/4Simple_Slider.png HTTP/1.1" 200 11722
201.184.138.230 - - [18/Jan/2015:19:01:24 -0500] "GET /galeria/nivo-slider/themes/default/loading.gif HTTP/1.1" 200 1737
201.184.138.230 - - [18/Jan/2015:19:01:24 -0500] "GET /galeria/nivo-slider/demo/images/Banner-Caracol-Africano.jpg HTTP/1.1" 200 331986
201.184.138.230 - - [18/Jan/2015:19:01:24 -0500] "GET /galeria/nivo-slider/demo/images/banner-redes.jpg HTTP/1.1" 200 62209
201.184.138.230 - - [18/Jan/2015:19:01:24 -0500] "GET /galeria/nivo-slider/demo/images/9Signos.jpg HTTP/1.1" 200 93040
201.184.138.230 - - [18/Jan/2015:19:01:24 -0500] "GET /galeria/nivo-slider/demo/images/banner-llantas2.jpg HTTP/1.1" 200 73153
201.184.138.230 - - [18/Jan/2015:19:01:25 -0500] "GET /galeria/nivo-slider/demo/images/banner-caballos.png HTTP/1.1" 200 389106
201.184.138.230 - - [18/Jan/2015:19:01:26 -0500] "GET /galeria/nivo-slider/themes/default/arrows.png HTTP/1.1" 200 824
201.184.138.230 - - [18/Jan/2015:19:01:26 -0500] "GET /galeria/nivo-slider/themes/default/bullets.png HTTP/1.1" 200 1281
190.25.0.123 - - [18/Jan/2015:19:01:29 -0500] "POST /forms/lservlet;jsessionid=ac16012b30d55c30eaa96c994acdbb09b912328711c1.e3iSbxaKaheRe34SahiRb30Pchr0n6jAmljGr5XDqQLvpAe HTTP/1.1" 200 2
181.50.92.73 - - [18/Jan/2015:19:01:43 -0500] "GET /forest/session.jsp?a=0.1940974777098745 HTTP/1.1" 200 4
201.184.138.230 - - [18/Jan/2015:19:01:47 -0500] "GET /silvicultura/1.pdf HTTP/1.1" 404 1314
201.184.138.230 - - [18/Jan/2015:19:01:47 -0500] "GET /favicon.ico HTTP/1.1" 200 7782
180.76.5.24 - - [18/Jan/2015:19:01:50 -0500] "GET /BLA/boletinlegal;jsessionid=99D5AAC9C4D4E83599BB70E67EA87D3F?/? HTTP/1.1" 404 1018
201.184.138.230 - - [18/Jan/2015:19:01:52 -0500] "GET /silvicultura/1.pdf HTTP/1.1" 404 1314
181.55.129.8 - - [18/Jan/2015:19:01:58 -0500] "GET /BLA/boletinlegal/js/jquery.scrollShow.js HTTP/1.1" 200 4586
181.55.129.8 - - [18/Jan/2015:19:01:58 -0500] "GET /BLA/boletinlegal/js/jquery.js HTTP/1.1" 200 57254
181.55.129.8 - - [18/Jan/2015:19:01:58 -0500] "GET /BLA/boletinlegal/js/jquery.scrollTo-min.js HTTP/1.1" 200 1150
181.55.129.8 - - [18/Jan/2015:19:01:58 -0500] "GET /galeria/carrusel/Carrusel/jquery.thumbnailScroller.css HTTP/1.1" 200 2066
181.55.129.8 - - [18/Jan/2015:19:01:58 -0500] "GET /galeria/carrusel/Carrusel/jquery-ui-1.8.13.custom.min.js HTTP/1.1" 200 10800
181.55.129.8 - - [18/Jan/2015:19:01:59 -0500] "GET /galeria/carrusel/Carrusel/jquery.thumbnailScroller.js HTTP/1.1" 200 8157
181.55.129.8 - - [18/Jan/2015:19:02:00 -0500] "GET /galeria/nivo-slider/demo/demo.html HTTP/1.1" 200 3150
181.55.129.8 - - [18/Jan/2015:19:02:01 -0500] "GET /galeria/nivo-slider/themes/default/default.css HTTP/1.1" 200 1569
181.55.129.8 - - [18/Jan/2015:19:02:01 -0500] "GET /galeria/nivo-slider/themes/pascal/pascal.css HTTP/1.1" 200 2258
181.55.129.8 - - [18/Jan/2015:19:02:01 -0500] "GET /galeria/nivo-slider/themes/orman/orman.css HTTP/1.1" 200 2152
181.55.129.8 - - [18/Jan/2015:19:02:01 -0500] "GET /galeria/nivo-slider/nivo-slider.css HTTP/1.1" 200 1507
181.55.129.8 - - [18/Jan/2015:19:02:01 -0500] "GET /galeria/nivo-slider/demo/images/bolsas-08.jpg HTTP/1.1" 200 85589
181.55.129.8 - - [18/Jan/2015:19:02:01 -0500] "GET /galeria/nivo-slider/demo/style.css HTTP/1.1" 200 2222
181.55.129.8 - - [18/Jan/2015:19:02:01 -0500] "GET /galeria/nivo-slider/demo/images/Ruta-vertimientos-01.jpg HTTP/1.1" 200 130151
181.55.129.8 - - [18/Jan/2015:19:02:01 -0500] "GET /galeria/nivo-slider/demo/images/bolsas-06.jpg HTTP/1.1" 200 90982
181.55.129.8 - - [18/Jan/2015:19:02:01 -0500] "GET /galeria/nivo-slider/demo/images/ecolecta-Dic2014.png HTTP/1.1" 200 288593
181.55.129.8 - - [18/Jan/2015:19:02:01 -0500] "GET /galeria/nivo-slider/demo/images/Tingua-azul.jpg HTTP/1.1" 200 307638
181.55.129.8 - - [18/Jan/2015:19:02:01 -0500] "GET /galeria/nivo-slider/demo/images/porloshumedales.jpg HTTP/1.1" 200 351238
181.55.129.8 - - [18/Jan/2015:19:02:01 -0500] "GET /galeria/nivo-slider/demo/images/Banner-Caracol-Africano.jpg HTTP/1.1" 200 331986
181.55.129.8 - - [18/Jan/2015:19:02:02 -0500] "GET /galeria/nivo-slider/demo/images/banner-redes.jpg HTTP/1.1" 200 62209
201.216.9.81 - - [18/Jan/2015:19:02:02 -0500] "GET /forest/session.jsp?a=0.1346122573595494 HTTP/1.1" 200 4
181.55.129.8 - - [18/Jan/2015:19:02:02 -0500] "GET /galeria/nivo-slider/demo/images/9Signos.jpg HTTP/1.1" 200 93040
181.55.129.8 - - [18/Jan/2015:19:02:02 -0500] "GET /galeria/nivo-slider/demo/images/banner-llantas2.jpg HTTP/1.1" 200 73153
181.55.129.8 - - [18/Jan/2015:19:02:02 -0500] "GET /galeria/nivo-slider/demo/images/banner-caballos.png HTTP/1.1" 200 389106
181.55.129.8 - - [18/Jan/2015:19:02:03 -0500] "GET /galeria/nivo-slider/demo/scripts/jquery-1.7.1.min.js HTTP/1.1" 200 93868
181.55.129.8 - - [18/Jan/2015:19:02:03 -0500] "GET /galeria/nivo-slider/jquery.nivo.slider.pack.js HTTP/1.1" 200 11561
181.55.129.8 - - [18/Jan/2015:19:02:04 -0500] "GET /galeria/nivo-slider/themes/default/loading.gif HTTP/1.1" 200 1737
181.55.129.8 - - [18/Jan/2015:19:02:04 -0500] "GET /galeria/nivo-slider/demo/images/4Simple_Slider.png HTTP/1.1" 200 11722
181.55.129.8 - - [18/Jan/2015:19:02:05 -0500] "GET /galeria/nivo-slider/themes/default/arrows.png HTTP/1.1" 200 824
181.55.129.8 - - [18/Jan/2015:19:02:05 -0500] "GET /galeria/nivo-slider/themes/default/bullets.png HTTP/1.1" 200 1281
186.29.108.80 - - [18/Jan/2015:19:02:23 -0500] "GET /forest/session.jsp?a=0.7985168227460235 HTTP/1.1" 200 4
186.29.108.80 - - [18/Jan/2015:19:02:26 -0500] "GET /forest/actions/forms.getList?codForm=Revision_reparto_Correspondencias&id=funcionarioasignado&text=O HTTP/1.1" 200 1293
186.29.108.80 - - [18/Jan/2015:19:02:26 -0500] "GET /forest/actions/forms.getList?codForm=Revision_reparto_Correspondencias&id=funcionarioasignado&text=OT HTTP/1.1" 200 769
186.29.108.80 - - [18/Jan/2015:19:02:26 -0500] "GET /forest/actions/forms.getList?codForm=Revision_reparto_Correspondencias&id=funcionarioasignado&text=OTA HTTP/1.1" 200 325
186.29.108.80 - - [18/Jan/2015:19:02:26 -0500] "GET /forest/actions/forms.getList?codForm=Revision_reparto_Correspondencias&id=funcionarioasignado&text=OTAL HTTP/1.1" 200 131
186.29.108.80 - - [18/Jan/2015:19:02:26 -0500] "GET /forest/actions/forms.getList?codForm=Revision_reparto_Correspondencias&id=funcionarioasignado&text=OTALO HTTP/1.1" 200 131
186.29.108.80 - - [18/Jan/2015:19:02:27 -0500] "GET /forest/actions/forms.getList?codForm=Revision_reparto_Correspondencias&id=funcionarioasignado&text=OTALOR HTTP/1.1" 200 131
186.29.108.80 - - [18/Jan/2015:19:02:27 -0500] "GET /forest/actions/forms.getList?codForm=Revision_reparto_Correspondencias&id=funcionarioasignado&text=OTALORA HTTP/1.1" 200 131
186.29.108.80 - - [18/Jan/2015:19:02:27 -0500] "GET /forest/actions/forms.getList?codForm=Revision_reparto_Correspondencias&id=funcionarioasignado&text=OTALORA%20 HTTP/1.1" 200 66
181.50.92.73 - - [18/Jan/2015:18:56:29 -0500] "GET /ForestMSG_SDA/channelAsync/template_word_17236931?X-Atmosphere-tracking-id=85d4b006-8196-e4ea-c6cb-dfbeb06bc3ed&X-Atmosphere-Framework=1.0.5&X-Atmosphere-Transport=long-polling&tabid=0.6542136343196034&X-Cache-Date=0&Content-Type=application/xml&_=1421625556020 HTTP/1.1" 200 8193
186.29.108.80 - - [18/Jan/2015:19:02:28 -0500] "POST /forest/usutareas.do? HTTP/1.1" 200 76
186.29.108.80 - - [18/Jan/2015:19:02:30 -0500] "GET /forest/usutareas.do?group_system_actual=3&a=0.20038148132152855 HTTP/1.1" 200 110864
186.29.108.80 - - [18/Jan/2015:19:02:31 -0500] "GET /forest/session.jsp?a=0.9199795480817556 HTTP/1.1" 200 4
186.29.108.80 - - [18/Jan/2015:19:02:32 -0500] "GET /forest/skins/gdocs-jar/popup/escritorio/radicar.jsp?form=Correspondencia_Subir_Documento&codTpl=&codBorr=&a=0.7934973621740937 HTTP/1.1" 200 26621
186.29.108.80 - - [18/Jan/2015:19:02:32 -0500] "GET /forest/json.do?query=borradoresByNoTpl&codInst=2793485&codTare=688&firma=0&a=0.6544833097141236 HTTP/1.1" 200 2
186.29.108.80 - - [18/Jan/2015:19:02:32 -0500] "GET /forest/json.do?query=plantillasByTarea&codTare=688&codInst=2793485&firma=0&a=0.5339273035060614 HTTP/1.1" 200 2
186.29.108.80 - - [18/Jan/2015:19:02:32 -0500] "GET /forest/json.do?query=tipoFirmaTipDoc&idtido=13&a=0.5079053596127778 HTTP/1.1" 200 21
186.29.108.80 - - [18/Jan/2015:19:02:32 -0500] "GET /forest/json.do?query=terceroById&numTer=899999061-9%20SDA&a=0.07962898025289178 HTTP/1.1" 200 666
186.84.51.21 - - [18/Jan/2015:19:02:34 -0500] "POST /forms/lservlet;jsessionid=ac16012b30d540798c7c1d4b4e5ba024cefc4a956eb8.e3iSbxaKaheRe34SahiRb30Pchr0n6jAmljGr5XDqQLvpAe HTTP/1.1" 200 2
181.50.92.73 - - [18/Jan/2015:18:56:43 -0500] "GET /ForestMSG_SDA/channelAsync/template_word_17301772?X-Atmosphere-tracking-id=bd4c0a65-280d-cad3-6a1d-788a0fe0457c&X-Atmosphere-Framework=1.0.5&X-Atmosphere-Transport=long-polling&tabid=0.8489990010857582&X-Cache-Date=0&Content-Type=application/xml&_=1421625570186 HTTP/1.1" 200 8193
186.29.108.80 - - [18/Jan/2015:19:02:47 -0500] "GET /forest/json.do?query=terceroById&numTer=899999061-9%20SDA&a=0.04449436254799366 HTTP/1.1" 200 666
186.29.108.80 - - [18/Jan/2015:19:02:47 -0500] "GET /forest/json.do?query=medEnvsByClaDoc&claDoc=3&a=0.7937467305455357 HTTP/1.1" 200 43
186.29.108.80 - - [18/Jan/2015:19:02:48 -0500] "GET /forest/actions/manager.fechaSumaDias?fecha=2015-01-18&dias=15&habil=true&a=0.8715533250942826 HTTP/1.1" 200 12
201.245.192.253 - - [18/Jan/2015:18:56:48 -0500] "GET /ForestMSG_SDA/channelAsync/template_word_17276338?X-Atmosphere-tracking-id=b685473b-8d3f-11bb-bc3d-430e7eca233c&X-Atmosphere-Framework=1.0.5&X-Atmosphere-Transport=long-polling&tabid=0.0928294702898711&X-Cache-Date=0&Content-Type=application/xml&_=1421625817864 HTTP/1.1" 200 8193
201.184.138.230 - - [18/Jan/2015:19:02:57 -0500] "GET /autoliquidacion HTTP/1.1" 301 310
201.184.138.230 - - [18/Jan/2015:19:02:57 -0500] "GET /autoliquidacion/ HTTP/1.1" 200 6375
201.184.138.230 - - [18/Jan/2015:19:02:57 -0500] "GET /autoliquidacion/dlf/styles.css HTTP/1.1" 200 3045
201.184.138.230 - - [18/Jan/2015:19:02:57 -0500] "GET /autoliquidacion/dlf/folder.png HTTP/1.1" 200 410
201.184.138.230 - - [18/Jan/2015:19:02:57 -0500] "GET /autoliquidacion/dlf/bg.gif HTTP/1.1" 200 54
186.84.51.21 - - [18/Jan/2015:19:03:04 -0500] "POST /forms/lservlet;jsessionid=ac16012b30d540798c7c1d4b4e5ba024cefc4a956eb8.e3iSbxaKaheRe34SahiRb30Pchr0n6jAmljGr5XDqQLvpAe HTTP/1.1" 200 2
186.84.51.21 - - [18/Jan/2015:19:03:04 -0500] "POST /forms/lservlet;jsessionid=ac16012b30d540798c7c1d4b4e5ba024cefc4a956eb8.e3iSbxaKaheRe34SahiRb30Pchr0n6jAmljGr5XDqQLvpAe HTTP/1.1" 200 14
186.84.51.21 - - [18/Jan/2015:19:03:05 -0500] "POST /forms/lservlet;jsessionid=ac16012b30d540798c7c1d4b4e5ba024cefc4a956eb8.e3iSbxaKaheRe34SahiRb30Pchr0n6jAmljGr5XDqQLvpAe HTTP/1.1" 200 133
186.84.51.21 - - [18/Jan/2015:19:03:06 -0500] "POST /forms/lservlet;jsessionid=ac16012b30d540798c7c1d4b4e5ba024cefc4a956eb8.e3iSbxaKaheRe34SahiRb30Pchr0n6jAmljGr5XDqQLvpAe HTTP/1.1" 200 2
186.84.51.21 - - [18/Jan/2015:19:03:06 -0500] "GET /reports/rwservlet/getjobid341065?server=rep_srvapsda HTTP/1.1" 200 1141521
201.184.138.230 - - [18/Jan/2015:19:03:21 -0500] "GET /autoliquidacion/index.php?dir=Grupo+Forestal+-+Silvicultura%2F HTTP/1.1" 200 5777
201.184.138.230 - - [18/Jan/2015:19:03:21 -0500] "GET /autoliquidacion/dlf/dirup.png HTTP/1.1" 200 644
201.184.138.230 - - [18/Jan/2015:19:03:21 -0500] "GET /autoliquidacion/dlf/xls.gif HTTP/1.1" 200 636
201.184.138.230 - - [18/Jan/2015:19:03:21 -0500] "GET /autoliquidacion/dlf/unknown.png HTTP/1.1" 200 266
201.184.138.230 - - [18/Jan/2015:19:03:21 -0500] "GET /autoliquidacion/dlf/html.gif HTTP/1.1" 200 632
190.25.0.123 - - [18/Jan/2015:19:03:29 -0500] "POST /forms/lservlet;jsessionid=ac16012b30d55c30eaa96c994acdbb09b912328711c1.e3iSbxaKaheRe34SahiRb30Pchr0n6jAmljGr5XDqQLvpAe HTTP/1.1" 200 2
186.29.108.80 - - [18/Jan/2015:19:02:56 -0500] "POST /forest/usutareas.do?group_system_actual=3 HTTP/1.1" 200 203
201.184.138.230 - - [18/Jan/2015:19:03:40 -0500] "GET /autoliquidacion/Grupo%20Forestal%20-%20Silvicultura/Solicitud%20y%20lista%20de%20chequeo%20Evaluaci%C3%B3n%20Silvicultural.xlsx HTTP/1.1" 200 100649
190.27.165.252 - - [18/Jan/2015:19:03:51 -0500] "GET /BLA/boletinlegal/js/jquery.js HTTP/1.1" 304 -
190.27.165.252 - - [18/Jan/2015:19:03:51 -0500] "GET /BLA/boletinlegal/js/jquery.scrollTo-min.js HTTP/1.1" 304 -
190.27.165.252 - - [18/Jan/2015:19:03:51 -0500] "GET /BLA/boletinlegal/js/jquery.scrollShow.js HTTP/1.1" 304 -
186.29.108.80 - - [18/Jan/2015:19:03:57 -0500] "GET /forest/usutareas.do?group_system_actual=3&a=0.0821116785518825 HTTP/1.1" 200 113832
186.29.108.80 - - [18/Jan/2015:19:02:31 -0500] "GET /ForestMSG_SDA/channelAsync/template_word_17301937?X-Atmosphere-tracking-id=eca9a496-38d2-f376-098d-fd4fe698ce38&X-Atmosphere-Framework=1.0.5&X-Atmosphere-Transport=long-polling&tabid=0.35801408253610134&X-Cache-Date=0&Content-Type=application/xml&_=1421625921586 HTTP/1.1" 200 8193
186.29.108.80 - - [18/Jan/2015:19:03:58 -0500] "GET /forest/session.jsp?a=0.6738247636239976 HTTP/1.1" 200 4
186.29.108.80 - - [18/Jan/2015:19:04:00 -0500] "POST /forest/usutareas.do? HTTP/1.1" 200 76
186.29.108.80 - - [18/Jan/2015:19:04:01 -0500] "GET /forest/usutareas.do?group_system_actual=3&a=0.6517196258064359 HTTP/1.1" 200 125599
186.29.108.80 - - [18/Jan/2015:19:04:02 -0500] "GET /forest/session.jsp?a=0.7945618443191051 HTTP/1.1" 200 4
186.29.108.80 - - [18/Jan/2015:19:04:05 -0500] "POST /forest/usutareas.do? HTTP/1.1" 200 124
186.29.108.80 - - [18/Jan/2015:19:04:06 -0500] "GET /forest/usutareas.do?group_system_actual=3&a=0.11190377362072468 HTTP/1.1" 200 19445
186.29.108.80 - - [18/Jan/2015:19:04:07 -0500] "GET /forest/session.jsp?a=0.3647194674704224 HTTP/1.1" 200 4
201.184.138.230 - - [18/Jan/2015:19:04:18 -0500] "GET /autoliquidacion/Grupo%20Forestal%20-%20Silvicultura/Formulario%20de%20recoleccion%20de%20informacion%20silvicultural%20-%20%20Ficha1.xls HTTP/1.1" 200 183808
186.84.51.21 - - [18/Jan/2015:19:04:34 -0500] "POST /forms/lservlet;jsessionid=ac16012b30d540798c7c1d4b4e5ba024cefc4a956eb8.e3iSbxaKaheRe34SahiRb30Pchr0n6jAmljGr5XDqQLvpAe HTTP/1.1" 200 2
186.29.108.80 - - [18/Jan/2015:19:04:38 -0500] "GET /forest/misactividades.do?_a=0.5664101515430957&group_system_actual=3 HTTP/1.1" 200 37463
186.29.108.80 - - [18/Jan/2015:19:04:38 -0500] "GET /forest/session.jsp?a=0.30171869159676135 HTTP/1.1" 200 4
186.29.108.80 - - [18/Jan/2015:19:04:38 -0500] "POST /forest/misactividades.do?ajax=true&a=0.818976478651166 HTTP/1.1" 200 56
74.86.158.107 - - [18/Jan/2015:19:04:41 -0500] "HEAD / HTTP/1.1" 302 -
186.29.108.80 - - [18/Jan/2015:19:04:49 -0500] "POST /forest/misactividades.do?ajax=true&a=0.08989187283441424 HTTP/1.1" 200 1226
186.29.108.80 - - [18/Jan/2015:19:05:23 -0500] "GET /forest/usutareas.do?_a=0.7796672258991748&group_system_actual=3 HTTP/1.1" 200 125631
186.29.108.80 - - [18/Jan/2015:19:05:24 -0500] "GET /forest/skins/gdocs-jar/img/bola.gif HTTP/1.1" 200 272
186.29.108.80 - - [18/Jan/2015:19:05:24 -0500] "GET /forest/session.jsp?a=0.997336879838258 HTTP/1.1" 200 4
190.25.0.123 - - [18/Jan/2015:19:05:29 -0500] "POST /forms/lservlet;jsessionid=ac16012b30d55c30eaa96c994acdbb09b912328711c1.e3iSbxaKaheRe34SahiRb30Pchr0n6jAmljGr5XDqQLvpAe HTTP/1.1" 200 2
186.29.108.80 - - [18/Jan/2015:19:05:41 -0500] "GET /forest/misactividades.do?_a=0.299950344953686&group_system_actual=3 HTTP/1.1" 200 37463
186.29.108.80 - - [18/Jan/2015:19:05:42 -0500] "GET /forest/session.jsp?a=0.09794177138246596 HTTP/1.1" 200 4
186.29.108.80 - - [18/Jan/2015:19:05:42 -0500] "POST /forest/misactividades.do?ajax=true&a=0.8637229655869305 HTTP/1.1" 200 1265
201.184.138.230 - - [18/Jan/2015:19:06:11 -0500] "GET /autoliquidacion/Grupo%20Forestal%20-%20Silvicultura/APLICATIVO%20COSTO%20EVALUACION%20SALVOCONDUCTO%202015-.xls HTTP/1.1" 200 108544
186.28.81.78 - - [18/Jan/2015:19:06:13 -0500] "GET /BLA/boletinlegal/js/jquery.scrollTo-min.js HTTP/1.1" 200 1150
186.28.81.78 - - [18/Jan/2015:19:06:13 -0500] "GET /BLA/boletinlegal/js/jquery.scrollShow.js HTTP/1.1" 200 4586
186.28.81.78 - - [18/Jan/2015:19:06:13 -0500] "GET /BLA/boletinlegal/js/jquery.js HTTP/1.1" 200 57254
180.76.5.24 - - [18/Jan/2015:19:06:31 -0500] "GET /BLA/resoluciones/index.php?dir=RESOLUCIONES%202002/RES%202002%20451-500/&sort=name&order=asc HTTP/1.1" 200 12051
186.84.51.21 - - [18/Jan/2015:19:06:34 -0500] "POST /forms/lservlet;jsessionid=ac16012b30d540798c7c1d4b4e5ba024cefc4a956eb8.e3iSbxaKaheRe34SahiRb30Pchr0n6jAmljGr5XDqQLvpAe HTTP/1.1" 200 2
201.184.138.230 - - [18/Jan/2015:19:06:36 -0500] "GET /autoliquidacion/Grupo%20Forestal%20-%20Silvicultura/Ficha%20t%C3%A9cnica%20de%20registro%20(Ficha%202).docx HTTP/1.1" 200 668170
181.50.92.73 - - [18/Jan/2015:19:06:56 -0500] "GET /forest/session.jsp?a=0.8029614533297718 HTTP/1.1" 200 4
201.216.9.81 - - [18/Jan/2015:19:07:04 -0500] "GET /forest/session.jsp?a=0.7031833883374929 HTTP/1.1" 200 4
186.82.226.117 - - [18/Jan/2015:19:07:15 -0500] "GET /galeria/nivo-slider/demo/images/bolsas-06.jpg HTTP/1.1" 206 1
186.82.226.117 - - [18/Jan/2015:19:07:15 -0500] "GET /galeria/nivo-slider/demo/images/bolsas-06.jpg HTTP/1.1" 206 40481
186.82.226.117 - - [18/Jan/2015:19:07:16 -0500] "GET /galeria/nivo-slider/demo/images/porloshumedales.jpg HTTP/1.1" 206 1
186.82.226.117 - - [18/Jan/2015:19:07:16 -0500] "GET /galeria/nivo-slider/demo/images/porloshumedales.jpg HTTP/1.1" 206 100722
186.82.226.117 - - [18/Jan/2015:19:07:19 -0500] "GET /galeria/nivo-slider/demo/images/Tingua-azul.jpg HTTP/1.1" 206 1
186.82.226.117 - - [18/Jan/2015:19:07:19 -0500] "GET /galeria/nivo-slider/demo/images/Banner-Caracol-Africano.jpg HTTP/1.1" 206 1
186.82.226.117 - - [18/Jan/2015:19:07:20 -0500] "GET /galeria/nivo-slider/demo/images/banner-llantas2.jpg HTTP/1.1" 206 1
186.82.226.117 - - [18/Jan/2015:19:07:20 -0500] "GET /galeria/nivo-slider/demo/images/banner-caballos.png HTTP/1.1" 206 1
186.82.226.117 - - [18/Jan/2015:19:07:20 -0500] "GET /galeria/nivo-slider/demo/images/banner-llantas2.jpg HTTP/1.1" 206 9513
186.82.226.117 - - [18/Jan/2015:19:07:20 -0500] "GET /galeria/nivo-slider/demo/images/banner-caballos.png HTTP/1.1" 206 371860
186.82.226.117 - - [18/Jan/2015:19:07:20 -0500] "GET /galeria/nivo-slider/demo/images/Banner-Caracol-Africano.jpg HTTP/1.1" 206 223089
186.82.226.117 - - [18/Jan/2015:19:07:20 -0500] "GET /galeria/nivo-slider/demo/images/Tingua-azul.jpg HTTP/1.1" 206 293641
190.25.0.123 - - [18/Jan/2015:19:07:29 -0500] "POST /forms/lservlet;jsessionid=ac16012b30d55c30eaa96c994acdbb09b912328711c1.e3iSbxaKaheRe34SahiRb30Pchr0n6jAmljGr5XDqQLvpAe HTTP/1.1" 200 2
66.249.73.171 - - [18/Jan/2015:19:07:49 -0500] "GET /BLA/resoluciones/RESOLUCIONES%202003/RES%202003%201701-1750/20031742.tif HTTP/1.1" 200 138252
181.60.188.30 - - [18/Jan/2015:19:08:14 -0500] "GET /BLA/boletinlegal/js/jquery.js HTTP/1.1" 200 57254
181.60.188.30 - - [18/Jan/2015:19:08:14 -0500] "GET /BLA/boletinlegal/js/jquery.scrollTo-min.js HTTP/1.1" 200 1150
181.60.188.30 - - [18/Jan/2015:19:08:14 -0500] "GET /BLA/boletinlegal/js/jquery.scrollShow.js HTTP/1.1" 200 4586
46.166.186.220 - - [18/Jan/2015:19:08:29 -0500] "PUT /webdav/Botfilep.php HTTP/1.1" 405 938
186.84.51.21 - - [18/Jan/2015:19:08:30 -0500] "POST /forms/lservlet;jsessionid=ac16012b30d540798c7c1d4b4e5ba024cefc4a956eb8.e3iSbxaKaheRe34SahiRb30Pchr0n6jAmljGr5XDqQLvpAe HTTP/1.1" 200 2
186.84.51.21 - - [18/Jan/2015:19:08:30 -0500] "POST /forms/lservlet;jsessionid=ac16012b30d540798c7c1d4b4e5ba024cefc4a956eb8.e3iSbxaKaheRe34SahiRb30Pchr0n6jAmljGr5XDqQLvpAe HTTP/1.1" 200 14
186.84.51.21 - - [18/Jan/2015:19:08:31 -0500] "POST /forms/lservlet;jsessionid=ac16012b30d540798c7c1d4b4e5ba024cefc4a956eb8.e3iSbxaKaheRe34SahiRb30Pchr0n6jAmljGr5XDqQLvpAe HTTP/1.1" 200 118
186.84.51.21 - - [18/Jan/2015:19:08:32 -0500] "POST /forms/lservlet;jsessionid=ac16012b30d540798c7c1d4b4e5ba024cefc4a956eb8.e3iSbxaKaheRe34SahiRb30Pchr0n6jAmljGr5XDqQLvpAe HTTP/1.1" 200 2
186.84.51.21 - - [18/Jan/2015:19:08:32 -0500] "GET /reports/rwservlet/getjobid341066?server=rep_srvapsda HTTP/1.1" 200 1141521
186.84.51.21 - - [18/Jan/2015:19:08:34 -0500] "POST /forms/lservlet;jsessionid=ac16012b30d540798c7c1d4b4e5ba024cefc4a956eb8.e3iSbxaKaheRe34SahiRb30Pchr0n6jAmljGr5XDqQLvpAe HTTP/1.1" 200 2
181.50.92.73 - - [18/Jan/2015:19:02:43 -0500] "GET /ForestMSG_SDA/channelAsync/template_word_17301772?X-Atmosphere-tracking-id=bd4c0a65-280d-cad3-6a1d-788a0fe0457c&X-Atmosphere-Framework=1.0.5&X-Atmosphere-Transport=long-polling&tabid=0.8489990010857582&X-Cache-Date=0&Content-Type=application/xml&_=1421625930243 HTTP/1.1" 200 8193
190.25.0.123 - - [18/Jan/2015:19:09:30 -0500] "POST /forms/lservlet;jsessionid=ac16012b30d55c30eaa96c994acdbb09b912328711c1.e3iSbxaKaheRe34SahiRb30Pchr0n6jAmljGr5XDqQLvpAe HTTP/1.1" 200 2
74.86.158.107 - - [18/Jan/2015:19:09:41 -0500] "HEAD / HTTP/1.1" 302 -
201.245.192.253 - - [18/Jan/2015:19:03:48 -0500] "GET /ForestMSG_SDA/channelAsync/template_word_17276338?X-Atmosphere-tracking-id=2116ad29-04c2-cbca-3edd-558f25b6dbd1&X-Atmosphere-Framework=1.0.5&X-Atmosphere-Transport=long-polling&tabid=0.0928294702898711&X-Cache-Date=0&Content-Type=application/xml&_=1421626237905 HTTP/1.1" 200 8193
186.29.108.80 - - [18/Jan/2015:19:03:58 -0500] "GET /ForestMSG_SDA/channelAsync/template_word_17301937?X-Atmosphere-tracking-id=c9761199-5225-67ed-32b4-3f2ec0913f8e&X-Atmosphere-Framework=1.0.5&X-Atmosphere-Transport=long-polling&tabid=0.02648634510114789&X-Cache-Date=0&Content-Type=application/xml&_=1421626009065 HTTP/1.1" 200 8193
66.249.65.192 - - [18/Jan/2015:19:10:00 -0500] "GET /iboca/ibocaint.htm HTTP/1.1" 404 1019
186.84.51.21 - - [18/Jan/2015:19:10:34 -0500] "POST /forms/lservlet;jsessionid=ac16012b30d540798c7c1d4b4e5ba024cefc4a956eb8.e3iSbxaKaheRe34SahiRb30Pchr0n6jAmljGr5XDqQLvpAe HTTP/1.1" 200 2
201.184.152.195 - - [18/Jan/2015:19:10:43 -0500] "GET /BLA/boletinlegal/js/jquery.js HTTP/1.1" 200 57254
201.184.152.195 - - [18/Jan/2015:19:10:43 -0500] "GET /BLA/boletinlegal/js/jquery.scrollTo-min.js HTTP/1.1" 200 1150
201.184.152.195 - - [18/Jan/2015:19:10:43 -0500] "GET /BLA/boletinlegal/js/jquery.scrollShow.js HTTP/1.1" 200 4586
201.184.152.195 - - [18/Jan/2015:19:10:43 -0500] "GET /galeria/carrusel/Carrusel/jquery.thumbnailScroller.css HTTP/1.1" 200 2066
201.184.152.195 - - [18/Jan/2015:19:10:43 -0500] "GET /galeria/carrusel/Carrusel/jquery-ui-1.8.13.custom.min.js HTTP/1.1" 200 10800
201.184.152.195 - - [18/Jan/2015:19:10:43 -0500] "GET /galeria/carrusel/Carrusel/jquery.thumbnailScroller.js HTTP/1.1" 200 8157
186.29.108.80 - - [18/Jan/2015:19:10:43 -0500] "GET /forest/session.jsp?a=0.6994488066993654 HTTP/1.1" 200 4
201.184.152.195 - - [18/Jan/2015:19:10:47 -0500] "GET /galeria/nivo-slider/demo/demo.html HTTP/1.1" 200 3150
201.184.152.195 - - [18/Jan/2015:19:10:47 -0500] "GET /galeria/nivo-slider/themes/default/default.css HTTP/1.1" 200 1569
201.184.152.195 - - [18/Jan/2015:19:10:47 -0500] "GET /galeria/nivo-slider/themes/pascal/pascal.css HTTP/1.1" 200 2258
201.184.152.195 - - [18/Jan/2015:19:10:47 -0500] "GET /galeria/nivo-slider/themes/orman/orman.css HTTP/1.1" 200 2152
201.184.152.195 - - [18/Jan/2015:19:10:47 -0500] "GET /galeria/nivo-slider/nivo-slider.css HTTP/1.1" 200 1507
201.184.152.195 - - [18/Jan/2015:19:10:47 -0500] "GET /galeria/nivo-slider/demo/style.css HTTP/1.1" 200 2222
201.184.152.195 - - [18/Jan/2015:19:10:47 -0500] "GET /galeria/nivo-slider/demo/scripts/jquery-1.7.1.min.js HTTP/1.1" 200 93868
201.184.152.195 - - [18/Jan/2015:19:10:47 -0500] "GET /galeria/nivo-slider/jquery.nivo.slider.pack.js HTTP/1.1" 200 11561
201.184.152.195 - - [18/Jan/2015:19:10:49 -0500] "GET /galeria/nivo-slider/demo/images/bolsas-08.jpg HTTP/1.1" 200 85589
201.184.152.195 - - [18/Jan/2015:19:10:49 -0500] "GET /galeria/nivo-slider/demo/images/Ruta-vertimientos-01.jpg HTTP/1.1" 200 130151
201.184.152.195 - - [18/Jan/2015:19:10:49 -0500] "GET /galeria/nivo-slider/demo/images/bolsas-06.jpg HTTP/1.1" 200 90982
201.184.152.195 - - [18/Jan/2015:19:10:53 -0500] "GET /galeria/nivo-slider/demo/images/ecolecta-Dic2014.png HTTP/1.1" 200 288593
201.184.152.195 - - [18/Jan/2015:19:10:54 -0500] "GET /galeria/nivo-slider/demo/images/porloshumedales.jpg HTTP/1.1" 200 351238
201.184.152.195 - - [18/Jan/2015:19:10:56 -0500] "GET /galeria/nivo-slider/demo/images/4Simple_Slider.png HTTP/1.1" 200 11722
201.184.152.195 - - [18/Jan/2015:19:10:56 -0500] "GET /galeria/nivo-slider/demo/images/Tingua-azul.jpg HTTP/1.1" 200 307638
201.184.152.195 - - [18/Jan/2015:19:10:58 -0500] "GET /galeria/nivo-slider/themes/default/loading.gif HTTP/1.1" 200 1737
201.184.152.195 - - [18/Jan/2015:19:10:58 -0500] "GET /galeria/nivo-slider/demo/images/Banner-Caracol-Africano.jpg HTTP/1.1" 200 331986
201.184.152.195 - - [18/Jan/2015:19:11:01 -0500] "GET /galeria/nivo-slider/demo/images/banner-redes.jpg HTTP/1.1" 200 62209
201.184.152.195 - - [18/Jan/2015:19:11:01 -0500] "GET /galeria/nivo-slider/demo/images/9Signos.jpg HTTP/1.1" 200 93040
201.184.152.195 - - [18/Jan/2015:19:11:02 -0500] "GET /galeria/nivo-slider/demo/images/banner-llantas2.jpg HTTP/1.1" 200 73153
186.84.51.21 - - [18/Jan/2015:19:11:07 -0500] "POST /forms/lservlet;jsessionid=ac16012b30d540798c7c1d4b4e5ba024cefc4a956eb8.e3iSbxaKaheRe34SahiRb30Pchr0n6jAmljGr5XDqQLvpAe HTTP/1.1" 200 100
201.184.152.195 - - [18/Jan/2015:19:11:07 -0500] "GET /galeria/nivo-slider/demo/images/banner-caballos.png HTTP/1.1" 200 389106
201.184.152.195 - - [18/Jan/2015:19:11:18 -0500] "GET /galeria/nivo-slider/themes/default/arrows.png HTTP/1.1" 200 824
201.184.152.195 - - [18/Jan/2015:19:11:18 -0500] "GET /galeria/nivo-slider/themes/default/bullets.png HTTP/1.1" 200 1281
