181.54.120.181 - - [18/Jan/2015:20:15:21 -0500] "GET /BLA/boletinlegal/js/jquery.scrollShow.js HTTP/1.1" 200 4586
181.50.241.109 - - [18/Jan/2015:20:15:21 -0500] "POST /forms/lservlet;jsessionid=ac16012b30d526382b406894438b9b22867583abf05d.e3iSbxaKaheRe34SahiRb30Pchr0n6jAmljGr5XDqQLvpAe HTTP/1.1" 200 2
181.50.241.109 - - [18/Jan/2015:20:15:21 -0500] "POST /forms/lservlet;jsessionid=ac16012b30d526382b406894438b9b22867583abf05d.e3iSbxaKaheRe34SahiRb30Pchr0n6jAmljGr5XDqQLvpAe HTTP/1.1" 200 3468
181.50.241.109 - - [18/Jan/2015:20:15:22 -0500] "POST /forms/lservlet;jsessionid=ac16012b30d526382b406894438b9b22867583abf05d.e3iSbxaKaheRe34SahiRb30Pchr0n6jAmljGr5XDqQLvpAe HTTP/1.1" 200 2
181.50.241.109 - - [18/Jan/2015:20:15:24 -0500] "POST /forms/lservlet;jsessionid=ac16012b30d526382b406894438b9b22867583abf05d.e3iSbxaKaheRe34SahiRb30Pchr0n6jAmljGr5XDqQLvpAe HTTP/1.1" 200 2
181.50.241.109 - - [18/Jan/2015:20:15:24 -0500] "POST /forms/lservlet;jsessionid=ac16012b30d526382b406894438b9b22867583abf05d.e3iSbxaKaheRe34SahiRb30Pchr0n6jAmljGr5XDqQLvpAe HTTP/1.1" 200 2195
181.50.241.109 - - [18/Jan/2015:20:15:24 -0500] "POST /forms/lservlet;jsessionid=ac16012b30d526382b406894438b9b22867583abf05d.e3iSbxaKaheRe34SahiRb30Pchr0n6jAmljGr5XDqQLvpAe HTTP/1.1" 200 10
190.159.61.41 - - [18/Jan/2015:20:15:31 -0500] "GET /webfilesda/forms-plus/jsLinb4.0/runtime/jsLinb/appearance/default/Public/icons.gif HTTP/1.1" 304 -
190.159.61.41 - - [18/Jan/2015:20:15:32 -0500] "GET /webfilesda/forms-plus/jsLinb4.0/runtime/jsLinb/appearance/default/Tabs/line.gif HTTP/1.1" 304 -
190.159.61.41 - - [18/Jan/2015:20:15:32 -0500] "GET /webfilesda/forms-plus/jsLinb4.0/runtime/jsLinb/appearance/default/Public/button.gif HTTP/1.1" 304 -
190.159.61.41 - - [18/Jan/2015:20:15:32 -0500] "GET /webfilesda/forms-plus/jsLinb4.0/runtime/jsLinb/appearance/default/Public/icons.gif HTTP/1.1" 304 -
190.159.61.41 - - [18/Jan/2015:20:15:32 -0500] "GET /webfilesda/forms-plus/jsLinb4.0/runtime/jsLinb/appearance/default/Button/vertical.gif HTTP/1.1" 304 -
190.159.61.41 - - [18/Jan/2015:20:15:32 -0500] "GET /webfilesda/forms-plus/jsLinb4.0/runtime/jsLinb/appearance/default/Button/corner.gif HTTP/1.1" 304 -
190.159.61.41 - - [18/Jan/2015:20:15:32 -0500] "GET /webfilesda/forms-plus/jsLinb4.0/runtime/jsLinb/appearance/default/Button/horizontal.gif HTTP/1.1" 304 -
180.76.6.151 - - [18/Jan/2015:20:15:36 -0500] "GET /BLA/resoluciones/RESOLUCIONES%202007/RES%202007%203301%20AL%203400/RESOLUCION%203337%20DE%202007.pdf HTTP/1.1" 200 317872
190.25.0.123 - - [18/Jan/2015:20:15:37 -0500] "POST /forms/lservlet;jsessionid=ac16012b30d55c30eaa96c994acdbb09b912328711c1.e3iSbxaKaheRe34SahiRb30Pchr0n6jAmljGr5XDqQLvpAe HTTP/1.1" 200 2
190.156.91.79 - - [18/Jan/2015:20:16:01 -0500] "POST /forms/lservlet;jsessionid=ac16012b30d578b95e70b167429eb701cb542aafeeb8.e3iSbxaKaheRe34SahiRb30Pchr0n6jAmljGr5XDqQLvpAe HTTP/1.1" 200 2
190.159.61.41 - - [18/Jan/2015:20:16:03 -0500] "GET /webfilesda/forms-plus/jsLinb4.0/runtime/jsLinb/appearance/default/Public/icons.gif HTTP/1.1" 304 -
190.159.61.41 - - [18/Jan/2015:20:16:03 -0500] "GET /webfilesda/forms-plus/jsLinb4.0/runtime/jsLinb/appearance/default/Tabs/line.gif HTTP/1.1" 304 -
190.159.61.41 - - [18/Jan/2015:20:16:04 -0500] "GET /webfilesda/forms-plus/jsLinb4.0/runtime/jsLinb/appearance/default/Public/button.gif HTTP/1.1" 304 -
190.159.61.41 - - [18/Jan/2015:20:16:04 -0500] "GET /webfilesda/forms-plus/jsLinb4.0/runtime/jsLinb/appearance/default/Button/corner.gif HTTP/1.1" 304 -
190.159.61.41 - - [18/Jan/2015:20:16:04 -0500] "GET /webfilesda/forms-plus/jsLinb4.0/runtime/jsLinb/appearance/default/Public/icons.gif HTTP/1.1" 304 -
190.159.61.41 - - [18/Jan/2015:20:16:04 -0500] "GET /webfilesda/forms-plus/jsLinb4.0/runtime/jsLinb/appearance/default/Button/vertical.gif HTTP/1.1" 304 -
190.159.61.41 - - [18/Jan/2015:20:16:04 -0500] "GET /webfilesda/forms-plus/jsLinb4.0/runtime/jsLinb/appearance/default/Button/horizontal.gif HTTP/1.1" 304 -
123.125.71.16 - - [18/Jan/2015:20:16:07 -0500] "GET / HTTP/1.1" 302 -
181.50.241.109 - - [18/Jan/2015:20:16:16 -0500] "POST /forms/lservlet;jsessionid=ac16012b30d526382b406894438b9b22867583abf05d.e3iSbxaKaheRe34SahiRb30Pchr0n6jAmljGr5XDqQLvpAe HTTP/1.1" 200 2
201.216.9.81 - - [18/Jan/2015:20:16:12 -0500] "GET /forest/index2.jsp?_a=0.09569051139988005 HTTP/1.1" 200 53979
201.216.9.81 - - [18/Jan/2015:20:16:18 -0500] "GET /forest/session.jsp?a=0.6069751356262714 HTTP/1.1" 200 4
190.158.209.81 - - [18/Jan/2015:20:16:26 -0500] "GET /BLA/boletinlegal/js/jquery.js HTTP/1.1" 200 57254
190.158.209.81 - - [18/Jan/2015:20:16:26 -0500] "GET /BLA/boletinlegal/js/jquery.scrollTo-min.js HTTP/1.1" 200 1150
190.158.209.81 - - [18/Jan/2015:20:16:26 -0500] "GET /BLA/boletinlegal/js/jquery.scrollShow.js HTTP/1.1" 200 4586
190.158.209.81 - - [18/Jan/2015:20:16:27 -0500] "GET /galeria/carrusel/Carrusel/jquery-ui-1.8.13.custom.min.js HTTP/1.1" 200 10800
190.158.209.81 - - [18/Jan/2015:20:16:27 -0500] "GET /galeria/carrusel/Carrusel/jquery.thumbnailScroller.css HTTP/1.1" 200 2066
190.158.209.81 - - [18/Jan/2015:20:16:28 -0500] "GET /galeria/carrusel/Carrusel/jquery.thumbnailScroller.js HTTP/1.1" 200 8157
190.158.209.81 - - [18/Jan/2015:20:16:30 -0500] "GET /galeria/nivo-slider/demo/demo.html HTTP/1.1" 200 3150
190.158.209.81 - - [18/Jan/2015:20:16:31 -0500] "GET /galeria/nivo-slider/themes/default/default.css HTTP/1.1" 200 1569
190.158.209.81 - - [18/Jan/2015:20:16:31 -0500] "GET /galeria/nivo-slider/themes/pascal/pascal.css HTTP/1.1" 200 2258
190.158.209.81 - - [18/Jan/2015:20:16:31 -0500] "GET /galeria/nivo-slider/nivo-slider.css HTTP/1.1" 200 1507
190.158.209.81 - - [18/Jan/2015:20:16:31 -0500] "GET /galeria/nivo-slider/themes/orman/orman.css HTTP/1.1" 200 2152
190.158.209.81 - - [18/Jan/2015:20:16:31 -0500] "GET /galeria/nivo-slider/demo/style.css HTTP/1.1" 200 2222
190.158.209.81 - - [18/Jan/2015:20:16:31 -0500] "GET /galeria/nivo-slider/demo/images/Ruta-vertimientos-01.jpg HTTP/1.1" 200 130151
190.158.209.81 - - [18/Jan/2015:20:16:31 -0500] "GET /galeria/nivo-slider/demo/images/bolsas-08.jpg HTTP/1.1" 200 85589
190.158.209.81 - - [18/Jan/2015:20:16:31 -0500] "GET /galeria/nivo-slider/demo/images/bolsas-06.jpg HTTP/1.1" 200 90982
190.158.209.81 - - [18/Jan/2015:20:16:31 -0500] "GET /galeria/nivo-slider/demo/images/porloshumedales.jpg HTTP/1.1" 200 351238
190.158.209.81 - - [18/Jan/2015:20:16:31 -0500] "GET /galeria/nivo-slider/demo/images/Tingua-azul.jpg HTTP/1.1" 200 307638
190.158.209.81 - - [18/Jan/2015:20:16:31 -0500] "GET /galeria/nivo-slider/demo/images/ecolecta-Dic2014.png HTTP/1.1" 200 288593
190.158.209.81 - - [18/Jan/2015:20:16:32 -0500] "GET /galeria/nivo-slider/demo/images/Banner-Caracol-Africano.jpg HTTP/1.1" 200 331986
190.158.209.81 - - [18/Jan/2015:20:16:32 -0500] "GET /galeria/nivo-slider/demo/images/banner-redes.jpg HTTP/1.1" 200 62209
190.158.209.81 - - [18/Jan/2015:20:16:32 -0500] "GET /galeria/nivo-slider/demo/images/9Signos.jpg HTTP/1.1" 200 93040
190.158.209.81 - - [18/Jan/2015:20:16:33 -0500] "GET /galeria/nivo-slider/demo/images/banner-llantas2.jpg HTTP/1.1" 200 73153
190.158.209.81 - - [18/Jan/2015:20:16:33 -0500] "GET /galeria/nivo-slider/demo/images/banner-caballos.png HTTP/1.1" 200 389106
190.158.209.81 - - [18/Jan/2015:20:16:34 -0500] "GET /galeria/nivo-slider/demo/scripts/jquery-1.7.1.min.js HTTP/1.1" 200 93868
190.158.209.81 - - [18/Jan/2015:20:16:34 -0500] "GET /galeria/nivo-slider/jquery.nivo.slider.pack.js HTTP/1.1" 200 11561
190.158.209.81 - - [18/Jan/2015:20:16:34 -0500] "GET /galeria/nivo-slider/demo/images/4Simple_Slider.png HTTP/1.1" 200 11722
190.158.209.81 - - [18/Jan/2015:20:16:34 -0500] "GET /galeria/nivo-slider/themes/default/loading.gif HTTP/1.1" 200 1737
190.158.209.81 - - [18/Jan/2015:20:16:35 -0500] "GET /galeria/nivo-slider/themes/default/arrows.png HTTP/1.1" 200 824
190.158.209.81 - - [18/Jan/2015:20:16:35 -0500] "GET /galeria/nivo-slider/themes/default/bullets.png HTTP/1.1" 200 1281
186.84.51.21 - - [18/Jan/2015:20:16:36 -0500] "POST /forms/lservlet;jsessionid=ac16012b30d540798c7c1d4b4e5ba024cefc4a956eb8.e3iSbxaKaheRe34SahiRb30Pchr0n6jAmljGr5XDqQLvpAe HTTP/1.1" 200 2
66.249.73.155 - - [18/Jan/2015:20:16:40 -0500] "GET /BLA/resoluciones/RESOLUCIONES%202003/RES%202003%201701-1750/20031724.tif HTTP/1.1" 200 77642
190.158.209.81 - - [18/Jan/2015:20:16:57 -0500] "GET /videos/Spot_CambioClimatico.flv HTTP/1.1" 200 4371917
181.50.241.109 - - [18/Jan/2015:20:16:58 -0500] "POST /forms/lservlet;jsessionid=ac16012b30d526382b406894438b9b22867583abf05d.e3iSbxaKaheRe34SahiRb30Pchr0n6jAmljGr5XDqQLvpAe HTTP/1.1" 200 2
181.50.241.109 - - [18/Jan/2015:20:16:58 -0500] "POST /forms/lservlet;jsessionid=ac16012b30d526382b406894438b9b22867583abf05d.e3iSbxaKaheRe34SahiRb30Pchr0n6jAmljGr5XDqQLvpAe HTTP/1.1" 200 676
181.50.241.109 - - [18/Jan/2015:20:16:59 -0500] "GET /imagenes/Srch_frw.gif HTTP/1.1" 200 925
181.50.241.109 - - [18/Jan/2015:20:16:59 -0500] "POST /forms/lservlet;jsessionid=ac16012b30d526382b406894438b9b22867583abf05d.e3iSbxaKaheRe34SahiRb30Pchr0n6jAmljGr5XDqQLvpAe HTTP/1.1" 200 10
181.50.241.109 - - [18/Jan/2015:20:17:00 -0500] "POST /forms/lservlet;jsessionid=ac16012b30d526382b406894438b9b22867583abf05d.e3iSbxaKaheRe34SahiRb30Pchr0n6jAmljGr5XDqQLvpAe HTTP/1.1" 200 46
91.147.2.106 - - [18/Jan/2015:20:17:04 -0500] "GET / HTTP/1.1" 302 -
91.147.2.106 - - [18/Jan/2015:20:17:08 -0500] "GET /BLA/boletinlegal/js/jquery.js HTTP/1.1" 200 57254
91.147.2.106 - - [18/Jan/2015:20:17:09 -0500] "GET /BLA/boletinlegal/js/jquery.scrollTo-min.js HTTP/1.1" 200 1150
91.147.2.106 - - [18/Jan/2015:20:17:09 -0500] "GET /BLA/boletinlegal/js/jquery.scrollShow.js HTTP/1.1" 200 4586
91.147.2.106 - - [18/Jan/2015:20:17:10 -0500] "GET /galeria/carrusel/Carrusel/jquery.thumbnailScroller.css HTTP/1.1" 200 2066
91.147.2.106 - - [18/Jan/2015:20:17:10 -0500] "GET /galeria/carrusel/Carrusel/jquery-ui-1.8.13.custom.min.js HTTP/1.1" 200 10800
91.147.2.106 - - [18/Jan/2015:20:17:10 -0500] "GET /galeria/carrusel/Carrusel/jquery.thumbnailScroller.js HTTP/1.1" 200 8157
91.147.2.106 - - [18/Jan/2015:20:17:35 -0500] "GET /galeria/nivo-slider/demo/demo.html HTTP/1.1" 200 3150
91.147.2.106 - - [18/Jan/2015:20:17:36 -0500] "GET /galeria/nivo-slider/themes/default/default.css HTTP/1.1" 200 1569
91.147.2.106 - - [18/Jan/2015:20:17:36 -0500] "GET /galeria/nivo-slider/themes/orman/orman.css HTTP/1.1" 200 2152
91.147.2.106 - - [18/Jan/2015:20:17:36 -0500] "GET /galeria/nivo-slider/themes/pascal/pascal.css HTTP/1.1" 200 2258
91.147.2.106 - - [18/Jan/2015:20:17:37 -0500] "GET /galeria/nivo-slider/nivo-slider.css HTTP/1.1" 200 1507
91.147.2.106 - - [18/Jan/2015:20:17:37 -0500] "GET /galeria/nivo-slider/demo/style.css HTTP/1.1" 200 2222
91.147.2.106 - - [18/Jan/2015:20:17:37 -0500] "GET /galeria/nivo-slider/demo/images/bolsas-08.jpg HTTP/1.1" 200 85589
91.147.2.106 - - [18/Jan/2015:20:17:37 -0500] "GET /galeria/nivo-slider/demo/images/Ruta-vertimientos-01.jpg HTTP/1.1" 200 130151
220.181.108.117 - - [18/Jan/2015:20:17:38 -0500] "GET / HTTP/1.1" 302 -
91.147.2.106 - - [18/Jan/2015:20:17:39 -0500] "GET /galeria/nivo-slider/demo/images/bolsas-06.jpg HTTP/1.1" 200 90982
91.147.2.106 - - [18/Jan/2015:20:17:39 -0500] "GET /galeria/nivo-slider/demo/images/ecolecta-Dic2014.png HTTP/1.1" 200 288593
190.25.0.123 - - [18/Jan/2015:20:17:41 -0500] "POST /forms/lservlet;jsessionid=ac16012b30d55c30eaa96c994acdbb09b912328711c1.e3iSbxaKaheRe34SahiRb30Pchr0n6jAmljGr5XDqQLvpAe HTTP/1.1" 200 2
91.147.2.106 - - [18/Jan/2015:20:17:41 -0500] "GET /galeria/nivo-slider/demo/images/porloshumedales.jpg HTTP/1.1" 200 351238
201.244.200.3 - - [18/Jan/2015:20:17:41 -0500] "GET /isolucionsda/Session.asp HTTP/1.1" 200 146
91.147.2.106 - - [18/Jan/2015:20:17:42 -0500] "GET /galeria/nivo-slider/demo/images/Tingua-azul.jpg HTTP/1.1" 200 307638
181.140.139.38 - - [18/Jan/2015:20:17:45 -0500] "GET /BLA/boletinlegal/js/jquery.js HTTP/1.1" 200 57254
181.140.139.38 - - [18/Jan/2015:20:17:45 -0500] "GET /BLA/boletinlegal/js/jquery.scrollTo-min.js HTTP/1.1" 200 1150
181.140.139.38 - - [18/Jan/2015:20:17:45 -0500] "GET /BLA/boletinlegal/js/jquery.scrollShow.js HTTP/1.1" 200 4586
66.249.73.155 - - [18/Jan/2015:20:17:49 -0500] "GET /BLA/resoluciones/RESOLUCIONES%202009/8017.pdf HTTP/1.1" 304 -
190.156.91.79 - - [18/Jan/2015:20:18:01 -0500] "POST /forms/lservlet;jsessionid=ac16012b30d578b95e70b167429eb701cb542aafeeb8.e3iSbxaKaheRe34SahiRb30Pchr0n6jAmljGr5XDqQLvpAe HTTP/1.1" 200 2
181.50.241.109 - - [18/Jan/2015:20:18:16 -0500] "POST /forms/lservlet;jsessionid=ac16012b30d526382b406894438b9b22867583abf05d.e3iSbxaKaheRe34SahiRb30Pchr0n6jAmljGr5XDqQLvpAe HTTP/1.1" 200 24
104.152.168.13 - - [18/Jan/2015:20:18:35 -0500] "GET /blog/wp-admin/ HTTP/1.1" 404 1018
186.84.51.21 - - [18/Jan/2015:20:18:36 -0500] "POST /forms/lservlet;jsessionid=ac16012b30d540798c7c1d4b4e5ba024cefc4a956eb8.e3iSbxaKaheRe34SahiRb30Pchr0n6jAmljGr5XDqQLvpAe HTTP/1.1" 200 2565
186.84.51.21 - - [18/Jan/2015:20:18:36 -0500] "POST /forms/lservlet;jsessionid=ac16012b30d540798c7c1d4b4e5ba024cefc4a956eb8.e3iSbxaKaheRe34SahiRb30Pchr0n6jAmljGr5XDqQLvpAe HTTP/1.1" 200 2
186.84.51.21 - - [18/Jan/2015:20:18:36 -0500] "POST /forms/lservlet;jsessionid=ac16012b30d540798c7c1d4b4e5ba024cefc4a956eb8.e3iSbxaKaheRe34SahiRb30Pchr0n6jAmljGr5XDqQLvpAe HTTP/1.1" 200 2
186.84.51.21 - - [18/Jan/2015:20:18:38 -0500] "POST /forms/lservlet;jsessionid=ac16012b30d540798c7c1d4b4e5ba024cefc4a956eb8.e3iSbxaKaheRe34SahiRb30Pchr0n6jAmljGr5XDqQLvpAe HTTP/1.1" 200 32
186.84.51.21 - - [18/Jan/2015:20:18:40 -0500] "POST /forms/lservlet;jsessionid=ac16012b30d540798c7c1d4b4e5ba024cefc4a956eb8.e3iSbxaKaheRe34SahiRb30Pchr0n6jAmljGr5XDqQLvpAe HTTP/1.1" 200 26
190.84.185.167 - - [18/Jan/2015:20:18:41 -0500] "GET /forest/session.jsp?a=0.8343192955944687 HTTP/1.1" 200 4
186.84.51.21 - - [18/Jan/2015:20:18:41 -0500] "POST /forms/lservlet;jsessionid=ac16012b30d540798c7c1d4b4e5ba024cefc4a956eb8.e3iSbxaKaheRe34SahiRb30Pchr0n6jAmljGr5XDqQLvpAe HTTP/1.1" 200 3670
186.84.51.21 - - [18/Jan/2015:20:18:42 -0500] "POST /forms/lservlet;jsessionid=ac16012b30d540798c7c1d4b4e5ba024cefc4a956eb8.e3iSbxaKaheRe34SahiRb30Pchr0n6jAmljGr5XDqQLvpAe HTTP/1.1" 200 20
186.84.51.21 - - [18/Jan/2015:20:18:45 -0500] "POST /forms/lservlet;jsessionid=ac16012b30d540798c7c1d4b4e5ba024cefc4a956eb8.e3iSbxaKaheRe34SahiRb30Pchr0n6jAmljGr5XDqQLvpAe HTTP/1.1" 200 2
186.84.51.21 - - [18/Jan/2015:20:18:45 -0500] "POST /forms/lservlet;jsessionid=ac16012b30d540798c7c1d4b4e5ba024cefc4a956eb8.e3iSbxaKaheRe34SahiRb30Pchr0n6jAmljGr5XDqQLvpAe HTTP/1.1" 200 2805
186.84.51.21 - - [18/Jan/2015:20:18:45 -0500] "POST /forms/lservlet;jsessionid=ac16012b30d540798c7c1d4b4e5ba024cefc4a956eb8.e3iSbxaKaheRe34SahiRb30Pchr0n6jAmljGr5XDqQLvpAe HTTP/1.1" 200 2
186.84.51.21 - - [18/Jan/2015:20:18:47 -0500] "POST /forms/lservlet;jsessionid=ac16012b30d540798c7c1d4b4e5ba024cefc4a956eb8.e3iSbxaKaheRe34SahiRb30Pchr0n6jAmljGr5XDqQLvpAe HTTP/1.1" 200 2
186.84.51.21 - - [18/Jan/2015:20:18:48 -0500] "POST /forms/lservlet;jsessionid=ac16012b30d540798c7c1d4b4e5ba024cefc4a956eb8.e3iSbxaKaheRe34SahiRb30Pchr0n6jAmljGr5XDqQLvpAe HTTP/1.1" 200 2167
186.84.51.21 - - [18/Jan/2015:20:18:48 -0500] "POST /forms/lservlet;jsessionid=ac16012b30d540798c7c1d4b4e5ba024cefc4a956eb8.e3iSbxaKaheRe34SahiRb30Pchr0n6jAmljGr5XDqQLvpAe HTTP/1.1" 200 2
186.83.131.41 - - [18/Jan/2015:20:18:50 -0500] "GET /BLA/boletinlegal/js/jquery.scrollTo-min.js HTTP/1.1" 200 1150
186.83.131.41 - - [18/Jan/2015:20:18:50 -0500] "GET /BLA/boletinlegal/js/jquery.js HTTP/1.1" 200 57254
186.83.131.41 - - [18/Jan/2015:20:18:50 -0500] "GET /galeria/carrusel/Carrusel/jquery.thumbnailScroller.css HTTP/1.1" 200 2066
186.83.131.41 - - [18/Jan/2015:20:18:50 -0500] "GET /galeria/carrusel/Carrusel/jquery-ui-1.8.13.custom.min.js HTTP/1.1" 200 10800
186.83.131.41 - - [18/Jan/2015:20:18:50 -0500] "GET /BLA/boletinlegal/js/jquery.scrollShow.js HTTP/1.1" 200 4586
186.83.131.41 - - [18/Jan/2015:20:18:50 -0500] "GET /galeria/carrusel/Carrusel/jquery.thumbnailScroller.js HTTP/1.1" 200 8157
186.83.131.41 - - [18/Jan/2015:20:18:53 -0500] "GET /galeria/nivo-slider/demo/demo.html HTTP/1.1" 200 3150
186.83.131.41 - - [18/Jan/2015:20:18:55 -0500] "GET /galeria/nivo-slider/themes/default/default.css HTTP/1.1" 200 1569
186.83.131.41 - - [18/Jan/2015:20:18:56 -0500] "GET /galeria/nivo-slider/jquery.nivo.slider.pack.js HTTP/1.1" 200 11561
186.83.131.41 - - [18/Jan/2015:20:18:56 -0500] "GET /galeria/nivo-slider/demo/style.css HTTP/1.1" 200 2222
186.83.131.41 - - [18/Jan/2015:20:18:56 -0500] "GET /galeria/nivo-slider/themes/pascal/pascal.css HTTP/1.1" 200 2258
186.83.131.41 - - [18/Jan/2015:20:18:56 -0500] "GET /galeria/nivo-slider/nivo-slider.css HTTP/1.1" 200 1507
186.83.131.41 - - [18/Jan/2015:20:18:56 -0500] "GET /galeria/nivo-slider/demo/scripts/jquery-1.7.1.min.js HTTP/1.1" 200 93868
186.83.131.41 - - [18/Jan/2015:20:18:56 -0500] "GET /galeria/nivo-slider/themes/orman/orman.css HTTP/1.1" 200 2152
186.83.131.41 - - [18/Jan/2015:20:18:57 -0500] "GET /galeria/nivo-slider/themes/default/loading.gif HTTP/1.1" 200 1737
186.83.131.41 - - [18/Jan/2015:20:18:57 -0500] "GET /galeria/nivo-slider/demo/images/4Simple_Slider.png HTTP/1.1" 200 11722
186.83.131.41 - - [18/Jan/2015:20:18:58 -0500] "GET /galeria/nivo-slider/demo/images/bolsas-08.jpg HTTP/1.1" 200 85589
186.83.131.41 - - [18/Jan/2015:20:18:58 -0500] "GET /galeria/nivo-slider/demo/images/Ruta-vertimientos-01.jpg HTTP/1.1" 200 130151
186.83.131.41 - - [18/Jan/2015:20:18:58 -0500] "GET /galeria/nivo-slider/demo/images/bolsas-06.jpg HTTP/1.1" 200 90982
186.83.131.41 - - [18/Jan/2015:20:18:58 -0500] "GET /galeria/nivo-slider/demo/images/ecolecta-Dic2014.png HTTP/1.1" 200 288593
186.83.131.41 - - [18/Jan/2015:20:19:01 -0500] "GET /galeria/nivo-slider/demo/images/porloshumedales.jpg HTTP/1.1" 200 351238
186.83.131.41 - - [18/Jan/2015:20:19:02 -0500] "GET /galeria/nivo-slider/demo/images/Tingua-azul.jpg HTTP/1.1" 200 307638
186.83.131.41 - - [18/Jan/2015:20:19:02 -0500] "GET /galeria/nivo-slider/demo/images/Banner-Caracol-Africano.jpg HTTP/1.1" 200 331986
186.83.131.41 - - [18/Jan/2015:20:19:02 -0500] "GET /galeria/nivo-slider/demo/images/banner-redes.jpg HTTP/1.1" 200 62209
186.84.51.21 - - [18/Jan/2015:20:19:03 -0500] "POST /forms/lservlet;jsessionid=ac16012b30d540798c7c1d4b4e5ba024cefc4a956eb8.e3iSbxaKaheRe34SahiRb30Pchr0n6jAmljGr5XDqQLvpAe HTTP/1.1" 200 2
186.84.51.21 - - [18/Jan/2015:20:19:03 -0500] "POST /forms/lservlet;jsessionid=ac16012b30d540798c7c1d4b4e5ba024cefc4a956eb8.e3iSbxaKaheRe34SahiRb30Pchr0n6jAmljGr5XDqQLvpAe HTTP/1.1" 200 2154
186.84.51.21 - - [18/Jan/2015:20:19:03 -0500] "POST /forms/lservlet;jsessionid=ac16012b30d540798c7c1d4b4e5ba024cefc4a956eb8.e3iSbxaKaheRe34SahiRb30Pchr0n6jAmljGr5XDqQLvpAe HTTP/1.1" 200 2
186.84.51.21 - - [18/Jan/2015:20:19:04 -0500] "POST /forms/lservlet;jsessionid=ac16012b30d540798c7c1d4b4e5ba024cefc4a956eb8.e3iSbxaKaheRe34SahiRb30Pchr0n6jAmljGr5XDqQLvpAe HTTP/1.1" 200 2
186.83.131.41 - - [18/Jan/2015:20:19:04 -0500] "GET /galeria/nivo-slider/demo/images/banner-llantas2.jpg HTTP/1.1" 200 73153
186.83.131.41 - - [18/Jan/2015:20:19:04 -0500] "GET /galeria/nivo-slider/demo/images/9Signos.jpg HTTP/1.1" 200 93040
186.84.51.21 - - [18/Jan/2015:20:19:04 -0500] "POST /forms/lservlet;jsessionid=ac16012b30d540798c7c1d4b4e5ba024cefc4a956eb8.e3iSbxaKaheRe34SahiRb30Pchr0n6jAmljGr5XDqQLvpAe HTTP/1.1" 200 2362
186.84.51.21 - - [18/Jan/2015:20:19:04 -0500] "POST /forms/lservlet;jsessionid=ac16012b30d540798c7c1d4b4e5ba024cefc4a956eb8.e3iSbxaKaheRe34SahiRb30Pchr0n6jAmljGr5XDqQLvpAe HTTP/1.1" 200 2
186.83.131.41 - - [18/Jan/2015:20:19:05 -0500] "GET /galeria/nivo-slider/demo/images/banner-caballos.png HTTP/1.1" 200 389106
186.84.51.21 - - [18/Jan/2015:20:19:05 -0500] "POST /forms/lservlet;jsessionid=ac16012b30d540798c7c1d4b4e5ba024cefc4a956eb8.e3iSbxaKaheRe34SahiRb30Pchr0n6jAmljGr5XDqQLvpAe HTTP/1.1" 200 2
186.84.51.21 - - [18/Jan/2015:20:19:05 -0500] "POST /forms/lservlet;jsessionid=ac16012b30d540798c7c1d4b4e5ba024cefc4a956eb8.e3iSbxaKaheRe34SahiRb30Pchr0n6jAmljGr5XDqQLvpAe HTTP/1.1" 200 2741
186.84.51.21 - - [18/Jan/2015:20:19:06 -0500] "POST /forms/lservlet;jsessionid=ac16012b30d540798c7c1d4b4e5ba024cefc4a956eb8.e3iSbxaKaheRe34SahiRb30Pchr0n6jAmljGr5XDqQLvpAe HTTP/1.1" 200 2
186.84.51.21 - - [18/Jan/2015:20:19:07 -0500] "POST /forms/lservlet;jsessionid=ac16012b30d540798c7c1d4b4e5ba024cefc4a956eb8.e3iSbxaKaheRe34SahiRb30Pchr0n6jAmljGr5XDqQLvpAe HTTP/1.1" 200 2
186.84.51.21 - - [18/Jan/2015:20:19:07 -0500] "POST /forms/lservlet;jsessionid=ac16012b30d540798c7c1d4b4e5ba024cefc4a956eb8.e3iSbxaKaheRe34SahiRb30Pchr0n6jAmljGr5XDqQLvpAe HTTP/1.1" 200 2599
186.84.51.21 - - [18/Jan/2015:20:19:07 -0500] "POST /forms/lservlet;jsessionid=ac16012b30d540798c7c1d4b4e5ba024cefc4a956eb8.e3iSbxaKaheRe34SahiRb30Pchr0n6jAmljGr5XDqQLvpAe HTTP/1.1" 200 2
186.83.131.41 - - [18/Jan/2015:20:19:08 -0500] "GET /galeria/nivo-slider/themes/default/arrows.png HTTP/1.1" 200 824
186.83.131.41 - - [18/Jan/2015:20:19:08 -0500] "GET /galeria/nivo-slider/themes/default/bullets.png HTTP/1.1" 200 1281
186.84.51.21 - - [18/Jan/2015:20:19:08 -0500] "POST /forms/lservlet;jsessionid=ac16012b30d540798c7c1d4b4e5ba024cefc4a956eb8.e3iSbxaKaheRe34SahiRb30Pchr0n6jAmljGr5XDqQLvpAe HTTP/1.1" 200 2
186.84.51.21 - - [18/Jan/2015:20:19:08 -0500] "POST /forms/lservlet;jsessionid=ac16012b30d540798c7c1d4b4e5ba024cefc4a956eb8.e3iSbxaKaheRe34SahiRb30Pchr0n6jAmljGr5XDqQLvpAe HTTP/1.1" 200 2348
186.84.51.21 - - [18/Jan/2015:20:19:08 -0500] "POST /forms/lservlet;jsessionid=ac16012b30d540798c7c1d4b4e5ba024cefc4a956eb8.e3iSbxaKaheRe34SahiRb30Pchr0n6jAmljGr5XDqQLvpAe HTTP/1.1" 200 2
186.84.51.21 - - [18/Jan/2015:20:19:09 -0500] "POST /forms/lservlet;jsessionid=ac16012b30d540798c7c1d4b4e5ba024cefc4a956eb8.e3iSbxaKaheRe34SahiRb30Pchr0n6jAmljGr5XDqQLvpAe HTTP/1.1" 200 2
186.84.51.21 - - [18/Jan/2015:20:19:09 -0500] "POST /forms/lservlet;jsessionid=ac16012b30d540798c7c1d4b4e5ba024cefc4a956eb8.e3iSbxaKaheRe34SahiRb30Pchr0n6jAmljGr5XDqQLvpAe HTTP/1.1" 200 2700
186.84.51.21 - - [18/Jan/2015:20:19:09 -0500] "POST /forms/lservlet;jsessionid=ac16012b30d540798c7c1d4b4e5ba024cefc4a956eb8.e3iSbxaKaheRe34SahiRb30Pchr0n6jAmljGr5XDqQLvpAe HTTP/1.1" 200 2
186.84.51.21 - - [18/Jan/2015:20:19:11 -0500] "POST /forms/lservlet;jsessionid=ac16012b30d540798c7c1d4b4e5ba024cefc4a956eb8.e3iSbxaKaheRe34SahiRb30Pchr0n6jAmljGr5XDqQLvpAe HTTP/1.1" 200 2
186.84.51.21 - - [18/Jan/2015:20:19:11 -0500] "POST /forms/lservlet;jsessionid=ac16012b30d540798c7c1d4b4e5ba024cefc4a956eb8.e3iSbxaKaheRe34SahiRb30Pchr0n6jAmljGr5XDqQLvpAe HTTP/1.1" 200 2334
186.84.51.21 - - [18/Jan/2015:20:19:12 -0500] "POST /forms/lservlet;jsessionid=ac16012b30d540798c7c1d4b4e5ba024cefc4a956eb8.e3iSbxaKaheRe34SahiRb30Pchr0n6jAmljGr5XDqQLvpAe HTTP/1.1" 200 2
186.84.51.21 - - [18/Jan/2015:20:19:12 -0500] "POST /forms/lservlet;jsessionid=ac16012b30d540798c7c1d4b4e5ba024cefc4a956eb8.e3iSbxaKaheRe34SahiRb30Pchr0n6jAmljGr5XDqQLvpAe HTTP/1.1" 200 2
186.84.51.21 - - [18/Jan/2015:20:19:12 -0500] "POST /forms/lservlet;jsessionid=ac16012b30d540798c7c1d4b4e5ba024cefc4a956eb8.e3iSbxaKaheRe34SahiRb30Pchr0n6jAmljGr5XDqQLvpAe HTTP/1.1" 200 2322
190.29.170.66 - - [18/Jan/2015:20:19:13 -0500] "GET /BLA/boletinlegal/js/jquery.js HTTP/1.1" 200 57254
190.29.170.66 - - [18/Jan/2015:20:19:13 -0500] "GET /BLA/boletinlegal/js/jquery.scrollShow.js HTTP/1.1" 200 4586
190.29.170.66 - - [18/Jan/2015:20:19:13 -0500] "GET /BLA/boletinlegal/js/jquery.scrollTo-min.js HTTP/1.1" 200 1150
186.84.51.21 - - [18/Jan/2015:20:19:13 -0500] "POST /forms/lservlet;jsessionid=ac16012b30d540798c7c1d4b4e5ba024cefc4a956eb8.e3iSbxaKaheRe34SahiRb30Pchr0n6jAmljGr5XDqQLvpAe HTTP/1.1" 200 2
181.237.32.60 - - [18/Jan/2015:20:19:14 -0500] "GET /BLA/boletinlegal/js/jquery.scrollTo-min.js HTTP/1.1" 200 1150
181.237.32.60 - - [18/Jan/2015:20:19:14 -0500] "GET /BLA/boletinlegal/js/jquery.js HTTP/1.1" 200 57254
181.237.32.60 - - [18/Jan/2015:20:19:14 -0500] "GET /BLA/boletinlegal/js/jquery.scrollShow.js HTTP/1.1" 200 4586
180.76.5.146 - - [18/Jan/2015:20:19:14 -0500] "GET /BLA/resoluciones/AUTOS%202011/3833.pdf HTTP/1.1" 200 263225
186.84.51.21 - - [18/Jan/2015:20:19:14 -0500] "POST /forms/lservlet;jsessionid=ac16012b30d540798c7c1d4b4e5ba024cefc4a956eb8.e3iSbxaKaheRe34SahiRb30Pchr0n6jAmljGr5XDqQLvpAe HTTP/1.1" 200 2
186.84.51.21 - - [18/Jan/2015:20:19:14 -0500] "POST /forms/lservlet;jsessionid=ac16012b30d540798c7c1d4b4e5ba024cefc4a956eb8.e3iSbxaKaheRe34SahiRb30Pchr0n6jAmljGr5XDqQLvpAe HTTP/1.1" 200 2192
186.84.51.21 - - [18/Jan/2015:20:19:15 -0500] "POST /forms/lservlet;jsessionid=ac16012b30d540798c7c1d4b4e5ba024cefc4a956eb8.e3iSbxaKaheRe34SahiRb30Pchr0n6jAmljGr5XDqQLvpAe HTTP/1.1" 200 2
186.83.131.41 - - [18/Jan/2015:20:19:15 -0500] "GET /BLA/boletinlegal/style.css HTTP/1.1" 200 9406
186.83.131.41 - - [18/Jan/2015:20:19:15 -0500] "GET /BLA/boletinlegal/styles2.css HTTP/1.1" 200 1838
186.83.131.41 - - [18/Jan/2015:20:19:15 -0500] "GET /BLA/boletinlegal/images/cabezote%20BLEGAL.jpg HTTP/1.1" 200 118164
201.216.9.81 - - [18/Jan/2015:20:19:08 -0500] "GET /forest/index2.jsp?_a=0.05596715514548123 HTTP/1.1" 200 53980
186.83.131.41 - - [18/Jan/2015:20:19:15 -0500] "GET /BLA/boletinlegal/images/nuevo.gif HTTP/1.1" 200 26475
186.84.51.21 - - [18/Jan/2015:20:19:15 -0500] "POST /forms/lservlet;jsessionid=ac16012b30d540798c7c1d4b4e5ba024cefc4a956eb8.e3iSbxaKaheRe34SahiRb30Pchr0n6jAmljGr5XDqQLvpAe HTTP/1.1" 200 2
186.83.131.41 - - [18/Jan/2015:20:19:16 -0500] "GET /BLA/boletinlegal/images/historia.png HTTP/1.1" 200 52775
186.83.131.41 - - [18/Jan/2015:20:19:16 -0500] "GET /BLA/boletinlegal/images/subscribe-icon-big.png HTTP/1.1" 200 47702
186.83.131.41 - - [18/Jan/2015:20:19:16 -0500] "GET /BLA/boletinlegal/images/arr_l.jpg HTTP/1.1" 200 1979
186.83.131.41 - - [18/Jan/2015:20:19:16 -0500] "GET /BLA/boletinlegal/images/body_bg.jpg HTTP/1.1" 200 1601
201.216.9.81 - - [18/Jan/2015:20:19:16 -0500] "GET /forest/session.jsp?a=0.5599467090796679 HTTP/1.1" 200 4
186.83.131.41 - - [18/Jan/2015:20:19:16 -0500] "GET /BLA/boletinlegal/images/menu_lft.gif HTTP/1.1" 200 1713
186.83.131.41 - - [18/Jan/2015:20:19:16 -0500] "GET /BLA/boletinlegal/images/menu_rght.gif HTTP/1.1" 200 1627
186.83.131.41 - - [18/Jan/2015:20:19:16 -0500] "GET /BLA/boletinlegal/images/bg_top.jpg HTTP/1.1" 200 522
186.84.51.21 - - [18/Jan/2015:20:19:16 -0500] "POST /forms/lservlet;jsessionid=ac16012b30d540798c7c1d4b4e5ba024cefc4a956eb8.e3iSbxaKaheRe34SahiRb30Pchr0n6jAmljGr5XDqQLvpAe HTTP/1.1" 200 2770
186.84.51.21 - - [18/Jan/2015:20:19:16 -0500] "POST /forms/lservlet;jsessionid=ac16012b30d540798c7c1d4b4e5ba024cefc4a956eb8.e3iSbxaKaheRe34SahiRb30Pchr0n6jAmljGr5XDqQLvpAe HTTP/1.1" 200 2
186.83.131.41 - - [18/Jan/2015:20:19:16 -0500] "GET /BLA/boletinlegal/images/menu_bg.jpg HTTP/1.1" 200 620
186.83.131.41 - - [18/Jan/2015:20:19:16 -0500] "GET /BLA/boletinlegal/images/screen_1.png HTTP/1.1" 200 202547
186.83.131.41 - - [18/Jan/2015:20:19:16 -0500] "GET /BLA/boletinlegal/images/screen_2.png HTTP/1.1" 200 362502
186.83.131.41 - - [18/Jan/2015:20:19:16 -0500] "GET /BLA/boletinlegal/images/screen_3.png HTTP/1.1" 200 211853
186.83.131.41 - - [18/Jan/2015:20:19:16 -0500] "GET /BLA/boletinlegal/images/screen_5.png HTTP/1.1" 200 368876
190.66.107.244 - - [18/Jan/2015:20:19:17 -0500] "GET /BLA/boletinlegal/js/jquery.scrollTo-min.js HTTP/1.1" 200 1150
190.66.107.244 - - [18/Jan/2015:20:19:17 -0500] "GET /BLA/boletinlegal/js/jquery.scrollShow.js HTTP/1.1" 200 4586
190.66.107.244 - - [18/Jan/2015:20:19:17 -0500] "GET /BLA/boletinlegal/js/jquery.js HTTP/1.1" 200 57254
186.84.51.21 - - [18/Jan/2015:20:19:17 -0500] "POST /forms/lservlet;jsessionid=ac16012b30d540798c7c1d4b4e5ba024cefc4a956eb8.e3iSbxaKaheRe34SahiRb30Pchr0n6jAmljGr5XDqQLvpAe HTTP/1.1" 200 2
186.84.51.21 - - [18/Jan/2015:20:19:17 -0500] "POST /forms/lservlet;jsessionid=ac16012b30d540798c7c1d4b4e5ba024cefc4a956eb8.e3iSbxaKaheRe34SahiRb30Pchr0n6jAmljGr5XDqQLvpAe HTTP/1.1" 200 2397
186.84.51.21 - - [18/Jan/2015:20:19:17 -0500] "POST /forms/lservlet;jsessionid=ac16012b30d540798c7c1d4b4e5ba024cefc4a956eb8.e3iSbxaKaheRe34SahiRb30Pchr0n6jAmljGr5XDqQLvpAe HTTP/1.1" 200 2
186.83.131.41 - - [18/Jan/2015:20:19:18 -0500] "GET /BLA/boletinlegal/images/text.jpg HTTP/1.1" 200 568
186.83.131.41 - - [18/Jan/2015:20:19:18 -0500] "GET /BLA/boletinlegal/actos.php HTTP/1.1" 200 7588
186.83.131.41 - - [18/Jan/2015:20:19:18 -0500] "GET /BLA/boletinlegal/images/arr_r.jpg HTTP/1.1" 200 1998
186.83.131.41 - - [18/Jan/2015:20:19:18 -0500] "GET /BLA/boletinlegal/images/launch.jpg HTTP/1.1" 200 14577
186.84.51.21 - - [18/Jan/2015:20:19:18 -0500] "POST /forms/lservlet;jsessionid=ac16012b30d540798c7c1d4b4e5ba024cefc4a956eb8.e3iSbxaKaheRe34SahiRb30Pchr0n6jAmljGr5XDqQLvpAe HTTP/1.1" 200 2
186.83.131.41 - - [18/Jan/2015:20:19:19 -0500] "GET /BLA/boletinlegal/images/footer_bg.jpg HTTP/1.1" 200 586
186.83.131.41 - - [18/Jan/2015:20:19:19 -0500] "GET /BLA/boletinlegal/js/ajax_actos.js HTTP/1.1" 200 1322
186.83.131.41 - - [18/Jan/2015:20:19:19 -0500] "GET /BLA/boletinlegal/images/hover.jpg HTTP/1.1" 200 640
186.83.131.41 - - [18/Jan/2015:20:19:19 -0500] "GET /BLA/boletinlegal/niceforms.js HTTP/1.1" 200 22876
186.83.131.41 - - [18/Jan/2015:20:19:19 -0500] "GET /BLA/boletinlegal/niceforms-default.css HTTP/1.1" 200 6694
186.83.131.41 - - [18/Jan/2015:20:19:19 -0500] "GET /BLA/boletinlegal/js/lib.js HTTP/1.1" 200 6474
186.83.131.41 - - [18/Jan/2015:20:19:19 -0500] "GET /BLA/boletinlegal/js/popup.js HTTP/1.1" 200 1270
186.83.131.41 - - [18/Jan/2015:20:19:19 -0500] "GET /BLA/boletinlegal/js/jquery1.js HTTP/1.1" 200 29846
186.83.131.41 - - [18/Jan/2015:20:19:19 -0500] "GET /BLA/boletinlegal/images/green-yellow-blue-pink-th.png HTTP/1.1" 200 7394
186.84.51.21 - - [18/Jan/2015:20:19:18 -0500] "POST /forms/lservlet;jsessionid=ac16012b30d540798c7c1d4b4e5ba024cefc4a956eb8.e3iSbxaKaheRe34SahiRb30Pchr0n6jAmljGr5XDqQLvpAe HTTP/1.1" 200 2797
186.84.51.21 - - [18/Jan/2015:20:19:19 -0500] "POST /forms/lservlet;jsessionid=ac16012b30d540798c7c1d4b4e5ba024cefc4a956eb8.e3iSbxaKaheRe34SahiRb30Pchr0n6jAmljGr5XDqQLvpAe HTTP/1.1" 200 2
186.83.131.41 - - [18/Jan/2015:20:19:19 -0500] "GET /BLA/boletinlegal/images/abajo.png HTTP/1.1" 200 96676
186.83.131.41 - - [18/Jan/2015:20:19:19 -0500] "GET /BLA/boletinlegal/images/hover.jpg HTTP/1.1" 200 640
186.83.131.41 - - [18/Jan/2015:20:19:19 -0500] "GET /BLA/boletinlegal/images/footer_bg.jpg HTTP/1.1" 200 586
186.83.131.41 - - [18/Jan/2015:20:19:19 -0500] "GET /BLA/boletinlegal/images/footer_bg_l.jpg HTTP/1.1" 200 776
186.83.131.41 - - [18/Jan/2015:20:19:20 -0500] "GET /BLA/boletinlegal/img/0.png HTTP/1.1" 200 110
186.83.131.41 - - [18/Jan/2015:20:19:20 -0500] "GET /BLA/boletinlegal/img/button-right.png HTTP/1.1" 200 57878
186.83.131.41 - - [18/Jan/2015:20:19:20 -0500] "GET /BLA/boletinlegal/img/select-right.png HTTP/1.1" 200 44019
186.83.131.41 - - [18/Jan/2015:20:19:20 -0500] "GET /BLA/boletinlegal/img/button-left.png HTTP/1.1" 200 57071
186.83.131.41 - - [18/Jan/2015:20:19:20 -0500] "GET /BLA/boletinlegal/img/button.png HTTP/1.1" 200 43241
186.83.131.41 - - [18/Jan/2015:20:19:20 -0500] "GET /BLA/boletinlegal/img/select-left.png HTTP/1.1" 200 263
186.83.131.41 - - [18/Jan/2015:20:19:20 -0500] "GET /favicon.ico HTTP/1.1" 200 7782
186.84.51.21 - - [18/Jan/2015:20:19:21 -0500] "POST /forms/lservlet;jsessionid=ac16012b30d540798c7c1d4b4e5ba024cefc4a956eb8.e3iSbxaKaheRe34SahiRb30Pchr0n6jAmljGr5XDqQLvpAe HTTP/1.1" 200 2
186.84.51.21 - - [18/Jan/2015:20:19:21 -0500] "POST /forms/lservlet;jsessionid=ac16012b30d540798c7c1d4b4e5ba024cefc4a956eb8.e3iSbxaKaheRe34SahiRb30Pchr0n6jAmljGr5XDqQLvpAe HTTP/1.1" 200 2753
186.84.51.21 - - [18/Jan/2015:20:19:21 -0500] "POST /forms/lservlet;jsessionid=ac16012b30d540798c7c1d4b4e5ba024cefc4a956eb8.e3iSbxaKaheRe34SahiRb30Pchr0n6jAmljGr5XDqQLvpAe HTTP/1.1" 200 2
186.83.131.41 - - [18/Jan/2015:20:19:22 -0500] "GET /BLA/boletinlegal/conceptos.php HTTP/1.1" 200 6135
186.83.131.41 - - [18/Jan/2015:20:19:22 -0500] "GET /BLA/boletinlegal/js/ajax_conceptos.js HTTP/1.1" 200 1326
186.84.51.21 - - [18/Jan/2015:20:19:22 -0500] "POST /forms/lservlet;jsessionid=ac16012b30d540798c7c1d4b4e5ba024cefc4a956eb8.e3iSbxaKaheRe34SahiRb30Pchr0n6jAmljGr5XDqQLvpAe HTTP/1.1" 200 2
186.84.51.21 - - [18/Jan/2015:20:19:22 -0500] "POST /forms/lservlet;jsessionid=ac16012b30d540798c7c1d4b4e5ba024cefc4a956eb8.e3iSbxaKaheRe34SahiRb30Pchr0n6jAmljGr5XDqQLvpAe HTTP/1.1" 200 2676
186.84.51.21 - - [18/Jan/2015:20:19:23 -0500] "POST /forms/lservlet;jsessionid=ac16012b30d540798c7c1d4b4e5ba024cefc4a956eb8.e3iSbxaKaheRe34SahiRb30Pchr0n6jAmljGr5XDqQLvpAe HTTP/1.1" 200 2
186.84.51.21 - - [18/Jan/2015:20:19:24 -0500] "POST /forms/lservlet;jsessionid=ac16012b30d540798c7c1d4b4e5ba024cefc4a956eb8.e3iSbxaKaheRe34SahiRb30Pchr0n6jAmljGr5XDqQLvpAe HTTP/1.1" 200 2
186.84.51.21 - - [18/Jan/2015:20:19:24 -0500] "POST /forms/lservlet;jsessionid=ac16012b30d540798c7c1d4b4e5ba024cefc4a956eb8.e3iSbxaKaheRe34SahiRb30Pchr0n6jAmljGr5XDqQLvpAe HTTP/1.1" 200 2584
186.84.51.21 - - [18/Jan/2015:20:19:24 -0500] "POST /forms/lservlet;jsessionid=ac16012b30d540798c7c1d4b4e5ba024cefc4a956eb8.e3iSbxaKaheRe34SahiRb30Pchr0n6jAmljGr5XDqQLvpAe HTTP/1.1" 200 2
201.216.9.81 - - [18/Jan/2015:20:19:25 -0500] "GET /forest/skins/gdocs-jar/popup/popup.jsp?width=1100&height=500&title=Buscar%20documentos&uri=/forest/buscar.do%3Ftype%3Ddocumentos&name=undefined&_a=0.8427897591609508&a=0.43396763573400676 HTTP/1.1" 200 1300
201.216.9.81 - - [18/Jan/2015:20:19:25 -0500] "GET /forest/buscar.do?type=documentos HTTP/1.1" 200 18149
186.84.51.21 - - [18/Jan/2015:20:19:25 -0500] "POST /forms/lservlet;jsessionid=ac16012b30d540798c7c1d4b4e5ba024cefc4a956eb8.e3iSbxaKaheRe34SahiRb30Pchr0n6jAmljGr5XDqQLvpAe HTTP/1.1" 200 2
186.84.51.21 - - [18/Jan/2015:20:19:25 -0500] "POST /forms/lservlet;jsessionid=ac16012b30d540798c7c1d4b4e5ba024cefc4a956eb8.e3iSbxaKaheRe34SahiRb30Pchr0n6jAmljGr5XDqQLvpAe HTTP/1.1" 200 2519
201.216.9.81 - - [18/Jan/2015:20:19:25 -0500] "GET /forest/buscar.do?type=documentos HTTP/1.1" 200 84420
186.84.51.21 - - [18/Jan/2015:20:19:25 -0500] "POST /forms/lservlet;jsessionid=ac16012b30d540798c7c1d4b4e5ba024cefc4a956eb8.e3iSbxaKaheRe34SahiRb30Pchr0n6jAmljGr5XDqQLvpAe HTTP/1.1" 200 2
201.216.9.81 - - [18/Jan/2015:20:19:26 -0500] "GET /forest/json.do?query=usersByDep&coddep=2012 HTTP/1.1" 200 4607
201.216.9.81 - - [18/Jan/2015:20:19:26 -0500] "GET /forest/json.do?query=versionListadas HTTP/1.1" 200 15
201.216.9.81 - - [18/Jan/2015:20:19:26 -0500] "GET /forest/json.do?query=usersByDep&coddep=2012 HTTP/1.1" 200 4607
201.216.9.81 - - [18/Jan/2015:20:19:26 -0500] "GET /forest/json.do?query=procesIniciales HTTP/1.1" 200 10001
186.83.131.41 - - [18/Jan/2015:20:19:26 -0500] "GET /BLA/boletinlegal/consulta_conceptos.php?no=&solicitante=&radicado_entrada=&fecha_concepto=2015&objeto= HTTP/1.1" 200 1091
186.83.131.41 - - [18/Jan/2015:20:19:26 -0500] "GET /BLA/boletinlegal/images/pdf.gif HTTP/1.1" 200 567
186.84.51.21 - - [18/Jan/2015:20:19:26 -0500] "POST /forms/lservlet;jsessionid=ac16012b30d540798c7c1d4b4e5ba024cefc4a956eb8.e3iSbxaKaheRe34SahiRb30Pchr0n6jAmljGr5XDqQLvpAe HTTP/1.1" 200 2
181.136.28.181 - - [18/Jan/2015:20:19:26 -0500] "GET /BLA/boletinlegal/js/jquery.js HTTP/1.1" 200 57254
181.136.28.181 - - [18/Jan/2015:20:19:26 -0500] "GET /BLA/boletinlegal/js/jquery.scrollTo-min.js HTTP/1.1" 200 1150
181.136.28.181 - - [18/Jan/2015:20:19:26 -0500] "GET /BLA/boletinlegal/js/jquery.scrollShow.js HTTP/1.1" 200 4586
186.84.51.21 - - [18/Jan/2015:20:19:26 -0500] "POST /forms/lservlet;jsessionid=ac16012b30d540798c7c1d4b4e5ba024cefc4a956eb8.e3iSbxaKaheRe34SahiRb30Pchr0n6jAmljGr5XDqQLvpAe HTTP/1.1" 200 2024
186.84.51.21 - - [18/Jan/2015:20:19:27 -0500] "POST /forms/lservlet;jsessionid=ac16012b30d540798c7c1d4b4e5ba024cefc4a956eb8.e3iSbxaKaheRe34SahiRb30Pchr0n6jAmljGr5XDqQLvpAe HTTP/1.1" 200 2
186.84.51.21 - - [18/Jan/2015:20:19:27 -0500] "POST /forms/lservlet;jsessionid=ac16012b30d540798c7c1d4b4e5ba024cefc4a956eb8.e3iSbxaKaheRe34SahiRb30Pchr0n6jAmljGr5XDqQLvpAe HTTP/1.1" 200 2
186.84.51.21 - - [18/Jan/2015:20:19:28 -0500] "POST /forms/lservlet;jsessionid=ac16012b30d540798c7c1d4b4e5ba024cefc4a956eb8.e3iSbxaKaheRe34SahiRb30Pchr0n6jAmljGr5XDqQLvpAe HTTP/1.1" 200 2816
186.84.51.21 - - [18/Jan/2015:20:19:28 -0500] "POST /forms/lservlet;jsessionid=ac16012b30d540798c7c1d4b4e5ba024cefc4a956eb8.e3iSbxaKaheRe34SahiRb30Pchr0n6jAmljGr5XDqQLvpAe HTTP/1.1" 200 2
186.84.51.21 - - [18/Jan/2015:20:19:28 -0500] "POST /forms/lservlet;jsessionid=ac16012b30d540798c7c1d4b4e5ba024cefc4a956eb8.e3iSbxaKaheRe34SahiRb30Pchr0n6jAmljGr5XDqQLvpAe HTTP/1.1" 200 2
186.84.51.21 - - [18/Jan/2015:20:19:29 -0500] "POST /forms/lservlet;jsessionid=ac16012b30d540798c7c1d4b4e5ba024cefc4a956eb8.e3iSbxaKaheRe34SahiRb30Pchr0n6jAmljGr5XDqQLvpAe HTTP/1.1" 200 2131
186.84.51.21 - - [18/Jan/2015:20:19:29 -0500] "POST /forms/lservlet;jsessionid=ac16012b30d540798c7c1d4b4e5ba024cefc4a956eb8.e3iSbxaKaheRe34SahiRb30Pchr0n6jAmljGr5XDqQLvpAe HTTP/1.1" 200 2
186.84.51.21 - - [18/Jan/2015:20:19:29 -0500] "POST /forms/lservlet;jsessionid=ac16012b30d540798c7c1d4b4e5ba024cefc4a956eb8.e3iSbxaKaheRe34SahiRb30Pchr0n6jAmljGr5XDqQLvpAe HTTP/1.1" 200 2
186.84.51.21 - - [18/Jan/2015:20:19:30 -0500] "POST /forms/lservlet;jsessionid=ac16012b30d540798c7c1d4b4e5ba024cefc4a956eb8.e3iSbxaKaheRe34SahiRb30Pchr0n6jAmljGr5XDqQLvpAe HTTP/1.1" 200 2209
186.84.51.21 - - [18/Jan/2015:20:19:30 -0500] "POST /forms/lservlet;jsessionid=ac16012b30d540798c7c1d4b4e5ba024cefc4a956eb8.e3iSbxaKaheRe34SahiRb30Pchr0n6jAmljGr5XDqQLvpAe HTTP/1.1" 200 2
186.84.51.21 - - [18/Jan/2015:20:19:30 -0500] "POST /forms/lservlet;jsessionid=ac16012b30d540798c7c1d4b4e5ba024cefc4a956eb8.e3iSbxaKaheRe34SahiRb30Pchr0n6jAmljGr5XDqQLvpAe HTTP/1.1" 200 2
186.84.51.21 - - [18/Jan/2015:20:19:31 -0500] "POST /forms/lservlet;jsessionid=ac16012b30d540798c7c1d4b4e5ba024cefc4a956eb8.e3iSbxaKaheRe34SahiRb30Pchr0n6jAmljGr5XDqQLvpAe HTTP/1.1" 200 2885
186.84.51.21 - - [18/Jan/2015:20:19:31 -0500] "POST /forms/lservlet;jsessionid=ac16012b30d540798c7c1d4b4e5ba024cefc4a956eb8.e3iSbxaKaheRe34SahiRb30Pchr0n6jAmljGr5XDqQLvpAe HTTP/1.1" 200 2
186.84.51.21 - - [18/Jan/2015:20:19:32 -0500] "POST /forms/lservlet;jsessionid=ac16012b30d540798c7c1d4b4e5ba024cefc4a956eb8.e3iSbxaKaheRe34SahiRb30Pchr0n6jAmljGr5XDqQLvpAe HTTP/1.1" 200 2
186.84.51.21 - - [18/Jan/2015:20:19:32 -0500] "POST /forms/lservlet;jsessionid=ac16012b30d540798c7c1d4b4e5ba024cefc4a956eb8.e3iSbxaKaheRe34SahiRb30Pchr0n6jAmljGr5XDqQLvpAe HTTP/1.1" 200 2751
186.84.51.21 - - [18/Jan/2015:20:19:32 -0500] "POST /forms/lservlet;jsessionid=ac16012b30d540798c7c1d4b4e5ba024cefc4a956eb8.e3iSbxaKaheRe34SahiRb30Pchr0n6jAmljGr5XDqQLvpAe HTTP/1.1" 200 2
187.200.147.218 - - [18/Jan/2015:20:19:32 -0500] "GET /BLA/boletinlegal/js/jquery.js HTTP/1.1" 200 57254
186.83.131.41 - - [18/Jan/2015:20:19:33 -0500] "GET /BLA/boletinlegal/conceptos/2015/1.pdf HTTP/1.1" 200 338019
186.84.51.21 - - [18/Jan/2015:20:19:33 -0500] "POST /forms/lservlet;jsessionid=ac16012b30d540798c7c1d4b4e5ba024cefc4a956eb8.e3iSbxaKaheRe34SahiRb30Pchr0n6jAmljGr5XDqQLvpAe HTTP/1.1" 200 2
186.84.51.21 - - [18/Jan/2015:20:19:33 -0500] "POST /forms/lservlet;jsessionid=ac16012b30d540798c7c1d4b4e5ba024cefc4a956eb8.e3iSbxaKaheRe34SahiRb30Pchr0n6jAmljGr5XDqQLvpAe HTTP/1.1" 200 2195
186.84.51.21 - - [18/Jan/2015:20:19:33 -0500] "POST /forms/lservlet;jsessionid=ac16012b30d540798c7c1d4b4e5ba024cefc4a956eb8.e3iSbxaKaheRe34SahiRb30Pchr0n6jAmljGr5XDqQLvpAe HTTP/1.1" 200 10
186.83.131.41 - - [18/Jan/2015:20:19:33 -0500] "GET /BLA/boletinlegal/conceptos/2015/1.pdf HTTP/1.1" 206 32768
186.83.131.41 - - [18/Jan/2015:20:19:34 -0500] "GET /BLA/boletinlegal/conceptos/2015/1.pdf HTTP/1.1" 206 305251
186.84.51.21 - - [18/Jan/2015:20:19:34 -0500] "POST /forms/lservlet;jsessionid=ac16012b30d540798c7c1d4b4e5ba024cefc4a956eb8.e3iSbxaKaheRe34SahiRb30Pchr0n6jAmljGr5XDqQLvpAe HTTP/1.1" 200 2
186.84.51.21 - - [18/Jan/2015:20:19:34 -0500] "POST /forms/lservlet;jsessionid=ac16012b30d540798c7c1d4b4e5ba024cefc4a956eb8.e3iSbxaKaheRe34SahiRb30Pchr0n6jAmljGr5XDqQLvpAe HTTP/1.1" 200 3277
186.84.51.21 - - [18/Jan/2015:20:19:35 -0500] "POST /forms/lservlet;jsessionid=ac16012b30d540798c7c1d4b4e5ba024cefc4a956eb8.e3iSbxaKaheRe34SahiRb30Pchr0n6jAmljGr5XDqQLvpAe HTTP/1.1" 200 2
187.200.147.218 - - [18/Jan/2015:20:19:35 -0500] "GET /BLA/boletinlegal/js/jquery.scrollTo-min.js HTTP/1.1" 200 1150
187.200.147.218 - - [18/Jan/2015:20:19:35 -0500] "GET /BLA/boletinlegal/js/jquery.scrollShow.js HTTP/1.1" 200 4586
186.84.51.21 - - [18/Jan/2015:20:19:39 -0500] "POST /forms/lservlet;jsessionid=ac16012b30d540798c7c1d4b4e5ba024cefc4a956eb8.e3iSbxaKaheRe34SahiRb30Pchr0n6jAmljGr5XDqQLvpAe HTTP/1.1" 200 2352
190.25.0.123 - - [18/Jan/2015:20:19:41 -0500] "POST /forms/lservlet;jsessionid=ac16012b30d55c30eaa96c994acdbb09b912328711c1.e3iSbxaKaheRe34SahiRb30Pchr0n6jAmljGr5XDqQLvpAe HTTP/1.1" 200 2
74.86.158.107 - - [18/Jan/2015:20:19:41 -0500] "HEAD / HTTP/1.1" 302 -
186.83.131.41 - - [18/Jan/2015:20:19:15 -0500] "GET /BLA/boletinlegal/index.php? HTTP/1.1" 200 36948
186.84.51.21 - - [18/Jan/2015:20:19:44 -0500] "POST /forms/lservlet;jsessionid=ac16012b30d540798c7c1d4b4e5ba024cefc4a956eb8.e3iSbxaKaheRe34SahiRb30Pchr0n6jAmljGr5XDqQLvpAe HTTP/1.1" 200 98
186.84.51.21 - - [18/Jan/2015:20:19:44 -0500] "POST /forms/lservlet;jsessionid=ac16012b30d540798c7c1d4b4e5ba024cefc4a956eb8.e3iSbxaKaheRe34SahiRb30Pchr0n6jAmljGr5XDqQLvpAe HTTP/1.1" 200 2
186.84.51.21 - - [18/Jan/2015:20:19:47 -0500] "POST /forms/lservlet;jsessionid=ac16012b30d540798c7c1d4b4e5ba024cefc4a956eb8.e3iSbxaKaheRe34SahiRb30Pchr0n6jAmljGr5XDqQLvpAe HTTP/1.1" 200 2
186.84.51.21 - - [18/Jan/2015:20:19:47 -0500] "POST /forms/lservlet;jsessionid=ac16012b30d540798c7c1d4b4e5ba024cefc4a956eb8.e3iSbxaKaheRe34SahiRb30Pchr0n6jAmljGr5XDqQLvpAe HTTP/1.1" 200 102
186.84.51.21 - - [18/Jan/2015:20:19:47 -0500] "POST /forms/lservlet;jsessionid=ac16012b30d540798c7c1d4b4e5ba024cefc4a956eb8.e3iSbxaKaheRe34SahiRb30Pchr0n6jAmljGr5XDqQLvpAe HTTP/1.1" 200 2
186.84.51.21 - - [18/Jan/2015:20:19:48 -0500] "POST /forms/lservlet;jsessionid=ac16012b30d540798c7c1d4b4e5ba024cefc4a956eb8.e3iSbxaKaheRe34SahiRb30Pchr0n6jAmljGr5XDqQLvpAe HTTP/1.1" 200 2
186.84.51.21 - - [18/Jan/2015:20:19:48 -0500] "POST /forms/lservlet;jsessionid=ac16012b30d540798c7c1d4b4e5ba024cefc4a956eb8.e3iSbxaKaheRe34SahiRb30Pchr0n6jAmljGr5XDqQLvpAe HTTP/1.1" 200 412
201.245.192.253 - - [18/Jan/2015:20:13:49 -0500] "GET /ForestMSG_SDA/channelAsync/template_word_17276338?X-Atmosphere-tracking-id=4f1d1d65-3c54-3006-ed18-8b7b38b61dda&X-Atmosphere-Framework=1.0.5&X-Atmosphere-Transport=long-polling&tabid=0.0928294702898711&X-Cache-Date=0&Content-Type=application/xml&_=1421630438560 HTTP/1.1" 200 8193
186.84.51.21 - - [18/Jan/2015:20:19:50 -0500] "POST /forms/lservlet;jsessionid=ac16012b30d540798c7c1d4b4e5ba024cefc4a956eb8.e3iSbxaKaheRe34SahiRb30Pchr0n6jAmljGr5XDqQLvpAe HTTP/1.1" 200 2
186.84.51.21 - - [18/Jan/2015:20:19:50 -0500] "POST /forms/lservlet;jsessionid=ac16012b30d540798c7c1d4b4e5ba024cefc4a956eb8.e3iSbxaKaheRe34SahiRb30Pchr0n6jAmljGr5XDqQLvpAe HTTP/1.1" 200 34
186.84.51.21 - - [18/Jan/2015:20:19:50 -0500] "POST /forms/lservlet;jsessionid=ac16012b30d540798c7c1d4b4e5ba024cefc4a956eb8.e3iSbxaKaheRe34SahiRb30Pchr0n6jAmljGr5XDqQLvpAe HTTP/1.1" 200 2
186.84.51.21 - - [18/Jan/2015:20:19:51 -0500] "POST /forms/lservlet;jsessionid=ac16012b30d540798c7c1d4b4e5ba024cefc4a956eb8.e3iSbxaKaheRe34SahiRb30Pchr0n6jAmljGr5XDqQLvpAe HTTP/1.1" 200 2
190.84.186.74 - - [18/Jan/2015:20:19:51 -0500] "GET /BLA/boletinlegal/js/jquery.scrollTo-min.js HTTP/1.1" 200 1150
190.84.186.74 - - [18/Jan/2015:20:19:51 -0500] "GET /BLA/boletinlegal/js/jquery.js HTTP/1.1" 200 57254
190.84.186.74 - - [18/Jan/2015:20:19:51 -0500] "GET /galeria/carrusel/Carrusel/jquery.thumbnailScroller.css HTTP/1.1" 200 2066
186.84.51.21 - - [18/Jan/2015:20:19:51 -0500] "POST /forms/lservlet;jsessionid=ac16012b30d540798c7c1d4b4e5ba024cefc4a956eb8.e3iSbxaKaheRe34SahiRb30Pchr0n6jAmljGr5XDqQLvpAe HTTP/1.1" 200 2017
190.84.186.74 - - [18/Jan/2015:20:19:51 -0500] "GET /galeria/carrusel/Carrusel/jquery-ui-1.8.13.custom.min.js HTTP/1.1" 200 10800
190.84.186.74 - - [18/Jan/2015:20:19:51 -0500] "GET /BLA/boletinlegal/js/jquery.scrollShow.js HTTP/1.1" 200 4586
190.84.186.74 - - [18/Jan/2015:20:19:51 -0500] "GET /galeria/carrusel/Carrusel/jquery.thumbnailScroller.js HTTP/1.1" 200 8157
186.84.51.21 - - [18/Jan/2015:20:19:51 -0500] "POST /forms/lservlet;jsessionid=ac16012b30d540798c7c1d4b4e5ba024cefc4a956eb8.e3iSbxaKaheRe34SahiRb30Pchr0n6jAmljGr5XDqQLvpAe HTTP/1.1" 200 78
190.84.186.74 - - [18/Jan/2015:20:19:53 -0500] "GET /galeria/nivo-slider/demo/demo.html HTTP/1.1" 200 3150
186.84.51.21 - - [18/Jan/2015:20:19:53 -0500] "POST /forms/lservlet;jsessionid=ac16012b30d540798c7c1d4b4e5ba024cefc4a956eb8.e3iSbxaKaheRe34SahiRb30Pchr0n6jAmljGr5XDqQLvpAe HTTP/1.1" 200 27678
186.84.51.21 - - [18/Jan/2015:20:19:54 -0500] "GET /imagenes/listval.gif HTTP/1.1" 200 905
186.84.51.21 - - [18/Jan/2015:20:19:54 -0500] "POST /forms/lservlet;jsessionid=ac16012b30d540798c7c1d4b4e5ba024cefc4a956eb8.e3iSbxaKaheRe34SahiRb30Pchr0n6jAmljGr5XDqQLvpAe HTTP/1.1" 200 2
186.84.51.21 - - [18/Jan/2015:20:19:54 -0500] "POST /forms/lservlet;jsessionid=ac16012b30d540798c7c1d4b4e5ba024cefc4a956eb8.e3iSbxaKaheRe34SahiRb30Pchr0n6jAmljGr5XDqQLvpAe HTTP/1.1" 200 34
190.84.186.74 - - [18/Jan/2015:20:19:54 -0500] "GET /galeria/nivo-slider/themes/default/default.css HTTP/1.1" 200 1569
190.84.186.74 - - [18/Jan/2015:20:19:54 -0500] "GET /galeria/nivo-slider/themes/orman/orman.css HTTP/1.1" 200 2152
190.84.186.74 - - [18/Jan/2015:20:19:54 -0500] "GET /galeria/nivo-slider/themes/pascal/pascal.css HTTP/1.1" 200 2258
190.84.186.74 - - [18/Jan/2015:20:19:54 -0500] "GET /galeria/nivo-slider/demo/scripts/jquery-1.7.1.min.js HTTP/1.1" 200 93868
190.84.186.74 - - [18/Jan/2015:20:19:54 -0500] "GET /galeria/nivo-slider/nivo-slider.css HTTP/1.1" 200 1507
190.84.186.74 - - [18/Jan/2015:20:19:54 -0500] "GET /galeria/nivo-slider/demo/style.css HTTP/1.1" 200 2222
190.84.186.74 - - [18/Jan/2015:20:19:54 -0500] "GET /galeria/nivo-slider/jquery.nivo.slider.pack.js HTTP/1.1" 200 11561
190.84.186.74 - - [18/Jan/2015:20:19:54 -0500] "GET /galeria/nivo-slider/demo/images/bolsas-08.jpg HTTP/1.1" 200 85589
190.84.186.74 - - [18/Jan/2015:20:19:55 -0500] "GET /galeria/nivo-slider/demo/images/4Simple_Slider.png HTTP/1.1" 200 11722
190.84.186.74 - - [18/Jan/2015:20:19:55 -0500] "GET /galeria/nivo-slider/themes/default/loading.gif HTTP/1.1" 200 1737
190.84.186.74 - - [18/Jan/2015:20:19:55 -0500] "GET /galeria/nivo-slider/demo/images/Ruta-vertimientos-01.jpg HTTP/1.1" 200 130151
190.84.186.74 - - [18/Jan/2015:20:19:55 -0500] "GET /galeria/nivo-slider/demo/images/bolsas-06.jpg HTTP/1.1" 200 90982
186.84.51.21 - - [18/Jan/2015:20:19:56 -0500] "POST /forms/lservlet;jsessionid=ac16012b30d540798c7c1d4b4e5ba024cefc4a956eb8.e3iSbxaKaheRe34SahiRb30Pchr0n6jAmljGr5XDqQLvpAe HTTP/1.1" 200 530
186.84.51.21 - - [18/Jan/2015:20:19:59 -0500] "POST /forms/lservlet;jsessionid=ac16012b30d540798c7c1d4b4e5ba024cefc4a956eb8.e3iSbxaKaheRe34SahiRb30Pchr0n6jAmljGr5XDqQLvpAe HTTP/1.1" 200 22
190.84.186.74 - - [18/Jan/2015:20:20:00 -0500] "GET /galeria/nivo-slider/demo/images/ecolecta-Dic2014.png HTTP/1.1" 200 288593
190.84.186.74 - - [18/Jan/2015:20:20:00 -0500] "GET /galeria/nivo-slider/demo/images/porloshumedales.jpg HTTP/1.1" 200 351238
186.84.51.21 - - [18/Jan/2015:20:19:59 -0500] "POST /forms/lservlet;jsessionid=ac16012b30d540798c7c1d4b4e5ba024cefc4a956eb8.e3iSbxaKaheRe34SahiRb30Pchr0n6jAmljGr5XDqQLvpAe HTTP/1.1" 200 14
186.84.51.21 - - [18/Jan/2015:20:20:00 -0500] "POST /forms/lservlet;jsessionid=ac16012b30d540798c7c1d4b4e5ba024cefc4a956eb8.e3iSbxaKaheRe34SahiRb30Pchr0n6jAmljGr5XDqQLvpAe HTTP/1.1" 200 2995
186.84.51.21 - - [18/Jan/2015:20:20:01 -0500] "POST /forms/lservlet;jsessionid=ac16012b30d540798c7c1d4b4e5ba024cefc4a956eb8.e3iSbxaKaheRe34SahiRb30Pchr0n6jAmljGr5XDqQLvpAe HTTP/1.1" 200 2
190.156.91.79 - - [18/Jan/2015:20:20:01 -0500] "POST /forms/lservlet;jsessionid=ac16012b30d578b95e70b167429eb701cb542aafeeb8.e3iSbxaKaheRe34SahiRb30Pchr0n6jAmljGr5XDqQLvpAe HTTP/1.1" 200 2
190.84.186.74 - - [18/Jan/2015:20:20:02 -0500] "GET /galeria/nivo-slider/demo/images/Tingua-azul.jpg HTTP/1.1" 200 307638
190.84.186.74 - - [18/Jan/2015:20:20:02 -0500] "GET /galeria/nivo-slider/demo/images/Banner-Caracol-Africano.jpg HTTP/1.1" 200 331986
190.84.186.74 - - [18/Jan/2015:20:20:04 -0500] "GET /galeria/nivo-slider/demo/images/banner-redes.jpg HTTP/1.1" 200 62209
190.84.186.74 - - [18/Jan/2015:20:20:05 -0500] "GET /galeria/nivo-slider/demo/images/9Signos.jpg HTTP/1.1" 200 93040
186.84.51.21 - - [18/Jan/2015:20:20:11 -0500] "POST /forms/lservlet;jsessionid=ac16012b30d540798c7c1d4b4e5ba024cefc4a956eb8.e3iSbxaKaheRe34SahiRb30Pchr0n6jAmljGr5XDqQLvpAe HTTP/1.1" 200 121
186.84.51.21 - - [18/Jan/2015:20:20:11 -0500] "GET /imagenes/affldcnt.gif HTTP/1.1" 200 1027
186.84.51.21 - - [18/Jan/2015:20:20:11 -0500] "POST /forms/lservlet;jsessionid=ac16012b30d540798c7c1d4b4e5ba024cefc4a956eb8.e3iSbxaKaheRe34SahiRb30Pchr0n6jAmljGr5XDqQLvpAe HTTP/1.1" 200 2
190.84.186.74 - - [18/Jan/2015:20:20:12 -0500] "GET /galeria/nivo-slider/demo/images/banner-llantas2.jpg HTTP/1.1" 200 73153
190.84.186.74 - - [18/Jan/2015:20:20:12 -0500] "GET /galeria/nivo-slider/demo/images/banner-caballos.png HTTP/1.1" 200 389106
181.50.241.109 - - [18/Jan/2015:20:20:16 -0500] "POST /forms/lservlet;jsessionid=ac16012b30d526382b406894438b9b22867583abf05d.e3iSbxaKaheRe34SahiRb30Pchr0n6jAmljGr5XDqQLvpAe HTTP/1.1" 200 2
181.54.219.25 - - [18/Jan/2015:20:20:16 -0500] "GET /BLA/resoluciones/RESOLUCIONES%202014/3163.pdf HTTP/1.1" 200 1193571
181.54.219.25 - - [18/Jan/2015:20:20:17 -0500] "GET /BLA/resoluciones/RESOLUCIONES%202014/3163.pdf HTTP/1.1" 206 32768
181.54.219.25 - - [18/Jan/2015:20:20:17 -0500] "GET /BLA/resoluciones/RESOLUCIONES%202014/3163.pdf HTTP/1.1" 206 1160803
186.83.131.41 - - [18/Jan/2015:20:20:19 -0500] "GET /BLA/boletinlegal/consulta_conceptos.php?no=&solicitante=&radicado_entrada=&fecha_concepto=2010&objeto=plan HTTP/1.1" 200 5995
