!C99Shell v. 1.0 pre-release build #13!

Software: Apache. PHP/5.5.15 

uname -a: Windows NT SVR-DMZ 6.1 build 7600 (Windows Server 2008 R2 Enterprise Edition) i586 

SYSTEM 

Safe-mode: OFF (not secure)

E:\nuevo\apache\logs\   drwxrwxrwx
Free 8.02 GB of 239.26 GB (3.35%)
Detected drives: [ a ] [ c ] [ d ] [ e ] [ f ]
Home    Back    Forward    UPDIR    Refresh    Search    Buffer    Encoder    Tools    Proc.    FTP brute    Sec.    SQL    PHP-code    Update    Feedback    Self remove    Logout    


Viewing file:     access.2015.01.19.log (12.49 MB)      -rw-rw-rw-
Select action/file-type:
(+) | (+) | (+) | Code (+) | Session (+) | (+) | SDB (+) | (+) | (+) | (+) | (+) | (+) |
186.84.51.21 - - [19/Jan/2015:00:00:48 -0500] "POST /forms/lservlet;jsessionid=ac16012b30d540798c7c1d4b4e5ba024cefc4a956eb8.e3iSbxaKaheRe34SahiRb30Pchr0n6jAmljGr5XDqQLvpAe HTTP/1.1" 200 2
220.181.108.173 - - [19/Jan/2015:00:01:27 -0500] "GET /BLA/resoluciones/AUTOS%202012/0823.pdf HTTP/1.1" 200 283053
180.76.5.25 - - [19/Jan/2015:00:01:41 -0500] "GET /BLA/resoluciones/RESOLUCIONES%202007/RES%202007%20201%20AL%20300/RESOLUCION%200213%20DE%202007.pdf HTTP/1.1" 200 280874
186.154.70.144 - - [19/Jan/2015:00:01:47 -0500] "GET /BLA/resoluciones/RESOLUCIONES%202008/5171.pdf HTTP/1.1" 200 334062
66.249.73.171 - - [19/Jan/2015:00:02:19 -0500] "GET /BLA/resoluciones/RESOLUCIONES%202003/RES%202003%20551-600/578.tif HTTP/1.1" 200 295864
180.76.5.195 - - [19/Jan/2015:00:02:20 -0500] "GET /BLA/boletinlegal;jsessionid=20F59966B9404A162A68D6A09032CBBE?/? HTTP/1.1" 404 1018
66.249.73.171 - - [19/Jan/2015:00:02:29 -0500] "GET /BLA/resoluciones/AUTOS%202009/0126.pdf HTTP/1.1" 200 59630
190.84.185.167 - - [18/Jan/2015:23:56:47 -0500] "GET /ForestMSG_SDA/channelAsync/template_word_17302209?X-Atmosphere-tracking-id=cd6faa12-a819-cfe4-3042-d0f94acd6cf1&X-Atmosphere-Framework=1.0.5&X-Atmosphere-Transport=long-polling&tabid=0.14031281252391636&X-Cache-Date=0&Content-Type=application/xml&_=1421643484226 HTTP/1.1" 200 8193
186.84.51.21 - - [19/Jan/2015:00:02:49 -0500] "POST /forms/lservlet;jsessionid=ac16012b30d540798c7c1d4b4e5ba024cefc4a956eb8.e3iSbxaKaheRe34SahiRb30Pchr0n6jAmljGr5XDqQLvpAe HTTP/1.1" 200 2
186.154.70.144 - - [19/Jan/2015:00:03:06 -0500] "GET /BLA/resoluciones/RESOLUCIONES%202008/5171.pdf HTTP/1.1" 206 1
186.154.70.144 - - [19/Jan/2015:00:03:07 -0500] "GET /BLA/resoluciones/RESOLUCIONES%202008/5171.pdf HTTP/1.1" 206 332954
186.154.70.144 - - [19/Jan/2015:00:03:10 -0500] "GET /BLA/resoluciones/RESOLUCIONES%202008/5171.pdf HTTP/1.1" 200 334062
201.245.192.253 - - [18/Jan/2015:23:57:51 -0500] "GET /ForestMSG_SDA/channelAsync/template_word_17276338?X-Atmosphere-tracking-id=7050f3bc-9d8c-ca01-fd4e-d4e00f809adb&X-Atmosphere-Framework=1.0.5&X-Atmosphere-Transport=long-polling&tabid=0.0928294702898711&X-Cache-Date=0&Content-Type=application/xml&_=1421643880619 HTTP/1.1" 200 8193
190.84.185.167 - - [19/Jan/2015:00:03:56 -0500] "GET /forest/session.jsp?a=0.3625635232310742 HTTP/1.1" 200 4
190.84.185.167 - - [19/Jan/2015:00:03:57 -0500] "GET /forest/skins/gdocs-jar/popup/escritorio/subirborrador.jsp?form=Correspondencia_Elaborar_Borrador&codTpl=641&codBorr=&a=0.05302218091674149 HTTP/1.1" 200 23286
190.84.185.167 - - [19/Jan/2015:00:03:58 -0500] "GET /forest/json.do?query=borradoresByTpls&codInst=2999953&codTare=692&firma=0&a=0.7351658456027508 HTTP/1.1" 200 2
190.84.185.167 - - [19/Jan/2015:00:03:58 -0500] "GET /forest/json.do?query=plantillasByTarea&codTare=692&codInst=2999953&firma=0&a=0.46916986210271716 HTTP/1.1" 200 904
190.84.185.167 - - [19/Jan/2015:00:03:58 -0500] "GET /forest/json.do?query=terceroById&numTer=899999081-6&a=0.20197343826293945 HTTP/1.1" 200 661
190.84.185.167 - - [19/Jan/2015:00:03:58 -0500] "GET /forest/json.do?query=ultimoBorradorByTpl&codTpl=621&codInst=2999953&a=0.6433269099798054 HTTP/1.1" 200 2
190.84.185.167 - - [19/Jan/2015:00:03:58 -0500] "GET /forest/json.do?query=ultimoBorradorByTpl&codTpl=1201&codInst=2999953&a=0.5487645918037742 HTTP/1.1" 200 2
190.84.185.167 - - [19/Jan/2015:00:03:58 -0500] "GET /forest/json.do?query=ultimoBorradorByTpl&codTpl=641&codInst=2999953&a=0.5215879608877003 HTTP/1.1" 200 2
190.84.185.167 - - [19/Jan/2015:00:03:58 -0500] "GET /forest/json.do?query=ultimoBorradorByTpl&codTpl=901&codInst=2999953&a=0.9099334753118455 HTTP/1.1" 200 2
190.84.185.167 - - [19/Jan/2015:00:03:58 -0500] "GET /forest/json.do?query=ultimoBorradorByTpl&codTpl=501&codInst=2999953&a=0.24822761304676533 HTTP/1.1" 200 2
190.84.185.167 - - [19/Jan/2015:00:03:58 -0500] "GET /forest/json.do?query=ultimoBorradorByTpl&codTpl=1301&codInst=2999953&a=0.8813237743452191 HTTP/1.1" 200 2
66.249.73.155 - - [19/Jan/2015:00:04:16 -0500] "GET /BLA/resoluciones/RESOLUCIONES%202003/RES%202003%201701-1750/20031707.tif HTTP/1.1" 200 41938
74.86.158.107 - - [19/Jan/2015:00:04:41 -0500] "HEAD / HTTP/1.1" 302 -
190.84.185.167 - - [19/Jan/2015:00:04:39 -0500] "POST /forest/usutareas.do?group_system_actual=3 HTTP/1.1" 200 188
190.84.185.167 - - [19/Jan/2015:00:02:48 -0500] "GET /ForestMSG_SDA/channelAsync/template_word_17302209?X-Atmosphere-tracking-id=cd6faa12-a819-cfe4-3042-d0f94acd6cf1&X-Atmosphere-Framework=1.0.5&X-Atmosphere-Transport=long-polling&tabid=0.14031281252391636&X-Cache-Date=0&Content-Type=application/xml&_=1421643845233 HTTP/1.1" 200 8193
190.84.185.167 - - [19/Jan/2015:00:04:44 -0500] "GET /forest/usutareas.do?group_system_actual=3&a=0.37727948767133057 HTTP/1.1" 200 127248
190.84.185.167 - - [19/Jan/2015:00:04:45 -0500] "GET /forest/session.jsp?a=0.0853928227443248 HTTP/1.1" 200 4
186.84.51.21 - - [19/Jan/2015:00:04:49 -0500] "POST /forms/lservlet;jsessionid=ac16012b30d540798c7c1d4b4e5ba024cefc4a956eb8.e3iSbxaKaheRe34SahiRb30Pchr0n6jAmljGr5XDqQLvpAe HTTP/1.1" 200 2
190.84.185.167 - - [19/Jan/2015:00:04:51 -0500] "POST /forest/usutareas.do? HTTP/1.1" 200 76
190.84.185.167 - - [19/Jan/2015:00:04:52 -0500] "GET /forest/usutareas.do?group_system_actual=3&a=0.35066545149311423 HTTP/1.1" 200 19541
190.84.185.167 - - [19/Jan/2015:00:04:52 -0500] "GET /forest/session.jsp?a=0.010244596982374787 HTTP/1.1" 200 4
190.84.185.167 - - [19/Jan/2015:00:04:54 -0500] "GET /forest/index2.jsp?_a=0.3155948459170759 HTTP/1.1" 200 16173
190.84.185.167 - - [19/Jan/2015:00:04:54 -0500] "GET /forest/index2.jsp?_a=0.6377730751410127 HTTP/1.1" 200 96251
190.84.185.167 - - [19/Jan/2015:00:04:55 -0500] "GET /forest/session.jsp?a=0.2902502780780196 HTTP/1.1" 200 4
186.84.51.21 - - [19/Jan/2015:00:05:49 -0500] "POST /forms/lservlet;jsessionid=ac16012b30d540798c7c1d4b4e5ba024cefc4a956eb8.e3iSbxaKaheRe34SahiRb30Pchr0n6jAmljGr5XDqQLvpAe HTTP/1.1" 200 2341
186.84.51.21 - - [19/Jan/2015:00:05:52 -0500] "POST /forms/lservlet;jsessionid=ac16012b30d540798c7c1d4b4e5ba024cefc4a956eb8.e3iSbxaKaheRe34SahiRb30Pchr0n6jAmljGr5XDqQLvpAe HTTP/1.1" 200 26
186.84.51.21 - - [19/Jan/2015:00:05:52 -0500] "POST /forms/lservlet;jsessionid=ac16012b30d540798c7c1d4b4e5ba024cefc4a956eb8.e3iSbxaKaheRe34SahiRb30Pchr0n6jAmljGr5XDqQLvpAe HTTP/1.1" 200 14
186.84.51.21 - - [19/Jan/2015:00:05:53 -0500] "POST /forms/lservlet;jsessionid=ac16012b30d540798c7c1d4b4e5ba024cefc4a956eb8.e3iSbxaKaheRe34SahiRb30Pchr0n6jAmljGr5XDqQLvpAe HTTP/1.1" 200 4071
186.84.51.21 - - [19/Jan/2015:00:05:54 -0500] "POST /forms/lservlet;jsessionid=ac16012b30d540798c7c1d4b4e5ba024cefc4a956eb8.e3iSbxaKaheRe34SahiRb30Pchr0n6jAmljGr5XDqQLvpAe HTTP/1.1" 200 2
186.84.51.21 - - [19/Jan/2015:00:05:55 -0500] "POST /forms/lservlet;jsessionid=ac16012b30d540798c7c1d4b4e5ba024cefc4a956eb8.e3iSbxaKaheRe34SahiRb30Pchr0n6jAmljGr5XDqQLvpAe HTTP/1.1" 200 82
66.249.73.171 - - [19/Jan/2015:00:06:44 -0500] "GET /BLA/resoluciones/RESOLUCIONES%202009/5116.pdf HTTP/1.1" 200 1132294
186.84.51.21 - - [19/Jan/2015:00:06:49 -0500] "POST /forms/lservlet;jsessionid=ac16012b30d540798c7c1d4b4e5ba024cefc4a956eb8.e3iSbxaKaheRe34SahiRb30Pchr0n6jAmljGr5XDqQLvpAe HTTP/1.1" 200 2
186.84.51.21 - - [19/Jan/2015:00:06:51 -0500] "POST /forms/lservlet;jsessionid=ac16012b30d540798c7c1d4b4e5ba024cefc4a956eb8.e3iSbxaKaheRe34SahiRb30Pchr0n6jAmljGr5XDqQLvpAe HTTP/1.1" 200 75
186.30.202.123 - - [19/Jan/2015:00:08:08 -0500] "GET /BLA/boletinlegal/js/jquery.scrollShow.js HTTP/1.1" 200 4586
186.30.202.123 - - [19/Jan/2015:00:08:08 -0500] "GET /BLA/boletinlegal/js/jquery.scrollTo-min.js HTTP/1.1" 200 1150
186.30.202.123 - - [19/Jan/2015:00:08:08 -0500] "GET /BLA/boletinlegal/js/jquery.js HTTP/1.1" 200 57254
180.76.5.17 - - [19/Jan/2015:00:08:34 -0500] "GET /BLA/resoluciones/RESOLUCIONES%202007/RES%202007%20201%20AL%20300/RESOLUCION%200287%20DE%202007.pdf HTTP/1.1" 200 405916
186.84.51.21 - - [19/Jan/2015:00:08:46 -0500] "POST /forms/lservlet;jsessionid=ac16012b30d540798c7c1d4b4e5ba024cefc4a956eb8.e3iSbxaKaheRe34SahiRb30Pchr0n6jAmljGr5XDqQLvpAe HTTP/1.1" 200 2254
186.84.51.21 - - [19/Jan/2015:00:08:48 -0500] "POST /forms/lservlet;jsessionid=ac16012b30d540798c7c1d4b4e5ba024cefc4a956eb8.e3iSbxaKaheRe34SahiRb30Pchr0n6jAmljGr5XDqQLvpAe HTTP/1.1" 200 26
186.84.51.21 - - [19/Jan/2015:00:08:48 -0500] "POST /forms/lservlet;jsessionid=ac16012b30d540798c7c1d4b4e5ba024cefc4a956eb8.e3iSbxaKaheRe34SahiRb30Pchr0n6jAmljGr5XDqQLvpAe HTTP/1.1" 200 4020
186.84.51.21 - - [19/Jan/2015:00:08:49 -0500] "POST /forms/lservlet;jsessionid=ac16012b30d540798c7c1d4b4e5ba024cefc4a956eb8.e3iSbxaKaheRe34SahiRb30Pchr0n6jAmljGr5XDqQLvpAe HTTP/1.1" 200 2
186.84.51.21 - - [19/Jan/2015:00:08:49 -0500] "POST /forms/lservlet;jsessionid=ac16012b30d540798c7c1d4b4e5ba024cefc4a956eb8.e3iSbxaKaheRe34SahiRb30Pchr0n6jAmljGr5XDqQLvpAe HTTP/1.1" 200 82
180.76.6.150 - - [19/Jan/2015:00:09:13 -0500] "GET /BLA/resoluciones/RESOLUCIONES%202007/RES%202007%202201%20AL%202300/RESOLUCION%202268%20%20DE%202007.pdf HTTP/1.1" 200 226787
220.181.108.92 - - [19/Jan/2015:00:09:25 -0500] "GET /BLA/resoluciones/RESOLUCIONES%202012/1271.pdf HTTP/1.1" 200 28772356
186.84.51.21 - - [19/Jan/2015:00:09:38 -0500] "POST /forms/lservlet;jsessionid=ac16012b30d540798c7c1d4b4e5ba024cefc4a956eb8.e3iSbxaKaheRe34SahiRb30Pchr0n6jAmljGr5XDqQLvpAe HTTP/1.1" 200 75
74.86.158.107 - - [19/Jan/2015:00:09:41 -0500] "HEAD / HTTP/1.1" 302 -
180.76.5.66 - - [19/Jan/2015:00:09:53 -0500] "GET /BLA/resoluciones/RESOLUCIONES%202010/2021.pdf HTTP/1.1" 200 336092
181.61.48.193 - - [19/Jan/2015:00:10:21 -0500] "GET /PORTAL_SIAC/swf/Residuos/maderas/files/guia_maderas.pdf HTTP/1.1" 200 14225972
181.61.48.193 - - [19/Jan/2015:00:10:22 -0500] "GET /PORTAL_SIAC/swf/Residuos/maderas/maderas.html HTTP/1.1" 200 1957
181.61.48.193 - - [19/Jan/2015:00:10:23 -0500] "GET /PORTAL_SIAC/swf/Residuos/maderas/files/guia_maderas.pdf HTTP/1.1" 206 32768
181.61.48.193 - - [19/Jan/2015:00:10:23 -0500] "GET /PORTAL_SIAC/swf/Residuos/maderas/files/guia_maderas.pdf HTTP/1.1" 206 14193204
181.61.48.193 - - [19/Jan/2015:00:10:36 -0500] "GET /PORTAL_SIAC/swf/Residuos/maderas/maderas.swf?pageNumber= HTTP/1.1" 200 400853
190.84.185.167 - - [19/Jan/2015:00:04:44 -0500] "GET /ForestMSG_SDA/channelAsync/template_word_17302209?X-Atmosphere-tracking-id=8e0daab6-5091-ed8a-5dc0-07fbbd3f3018&X-Atmosphere-Framework=1.0.5&X-Atmosphere-Transport=long-polling&tabid=0.8516122093424201&X-Cache-Date=0&Content-Type=application/xml&_=1421643961570 HTTP/1.1" 200 8193
186.84.51.21 - - [19/Jan/2015:00:10:49 -0500] "POST /forms/lservlet;jsessionid=ac16012b30d540798c7c1d4b4e5ba024cefc4a956eb8.e3iSbxaKaheRe34SahiRb30Pchr0n6jAmljGr5XDqQLvpAe HTTP/1.1" 200 2
201.245.192.253 - - [19/Jan/2015:00:04:51 -0500] "GET /ForestMSG_SDA/channelAsync/template_word_17276338?X-Atmosphere-tracking-id=6e4d515a-e7db-ada9-ecae-205932b7015c&X-Atmosphere-Framework=1.0.5&X-Atmosphere-Transport=long-polling&tabid=0.0928294702898711&X-Cache-Date=0&Content-Type=application/xml&_=1421644300656 HTTP/1.1" 200 8193
66.249.73.155 - - [19/Jan/2015:00:10:56 -0500] "GET /BLA/resoluciones/RESOLUCIONES%202007/RES%202007%202801%20AL%202900/RESOLUCION%202807%20DE%202007.pdf HTTP/1.1" 200 363256
181.61.48.193 - - [19/Jan/2015:00:10:59 -0500] "GET /PORTAL_SIAC/swf/Residuos/maderas/files/info.xml?rnd=77b4adf8-78a6-443f-926b-8f6e4bbd6518 HTTP/1.1" 200 70968
181.61.48.193 - - [19/Jan/2015:00:11:13 -0500] "GET /PORTAL_SIAC/swf/Residuos/maderas/files/search/searchtext.xml HTTP/1.1" 200 203644
181.61.48.193 - - [19/Jan/2015:00:11:19 -0500] "GET /PORTAL_SIAC/swf/Residuos/maderas/images/page1_thumbnail.jpg HTTP/1.1" 200 15880
181.61.48.193 - - [19/Jan/2015:00:11:20 -0500] "GET /PORTAL_SIAC/swf/Residuos/maderas/images/page2_thumbnail.jpg HTTP/1.1" 200 3868
181.61.48.193 - - [19/Jan/2015:00:11:20 -0500] "GET /PORTAL_SIAC/swf/Residuos/maderas/images/page2_thumbnail.jpg HTTP/1.1" 200 3868
181.61.48.193 - - [19/Jan/2015:00:11:20 -0500] "GET /PORTAL_SIAC/swf/Residuos/maderas/images/page2_thumbnail.jpg HTTP/1.1" 200 3868
181.61.48.193 - - [19/Jan/2015:00:11:20 -0500] "GET /PORTAL_SIAC/swf/Residuos/maderas/images/page2_thumbnail.jpg HTTP/1.1" 200 3868
181.61.48.193 - - [19/Jan/2015:00:11:20 -0500] "GET /PORTAL_SIAC/swf/Residuos/maderas/images/page2_thumbnail.jpg HTTP/1.1" 200 3868
181.61.48.193 - - [19/Jan/2015:00:11:20 -0500] "GET /PORTAL_SIAC/swf/Residuos/maderas/images/page2_thumbnail.jpg HTTP/1.1" 200 3868
181.61.48.193 - - [19/Jan/2015:00:11:20 -0500] "GET /PORTAL_SIAC/swf/Residuos/maderas/images/page2_thumbnail.jpg HTTP/1.1" 200 3868
181.61.48.193 - - [19/Jan/2015:00:11:20 -0500] "GET /PORTAL_SIAC/swf/Residuos/maderas/images/page2_thumbnail.jpg HTTP/1.1" 200 3868
181.61.48.193 - - [19/Jan/2015:00:11:20 -0500] "GET /PORTAL_SIAC/swf/Residuos/maderas/images/page3_thumbnail.jpg HTTP/1.1" 200 3604
181.61.48.193 - - [19/Jan/2015:00:11:20 -0500] "GET /PORTAL_SIAC/swf/Residuos/maderas/images/page3_thumbnail.jpg HTTP/1.1" 200 3604
181.61.48.193 - - [19/Jan/2015:00:11:20 -0500] "GET /PORTAL_SIAC/swf/Residuos/maderas/images/page3_thumbnail.jpg HTTP/1.1" 200 3604
181.61.48.193 - - [19/Jan/2015:00:11:20 -0500] "GET /PORTAL_SIAC/swf/Residuos/maderas/images/page3_thumbnail.jpg HTTP/1.1" 200 3604
181.61.48.193 - - [19/Jan/2015:00:11:20 -0500] "GET /PORTAL_SIAC/swf/Residuos/maderas/images/page4_thumbnail.jpg HTTP/1.1" 200 4258
181.61.48.193 - - [19/Jan/2015:00:11:21 -0500] "GET /PORTAL_SIAC/swf/Residuos/maderas/images/page4_thumbnail.jpg HTTP/1.1" 200 4258
181.61.48.193 - - [19/Jan/2015:00:11:21 -0500] "GET /PORTAL_SIAC/swf/Residuos/maderas/images/page4_thumbnail.jpg HTTP/1.1" 200 4258
181.61.48.193 - - [19/Jan/2015:00:11:21 -0500] "GET /PORTAL_SIAC/swf/Residuos/maderas/images/page5_thumbnail.jpg HTTP/1.1" 200 3962
181.61.48.193 - - [19/Jan/2015:00:11:21 -0500] "GET /PORTAL_SIAC/swf/Residuos/maderas/images/page4_thumbnail.jpg HTTP/1.1" 200 4258
181.61.48.193 - - [19/Jan/2015:00:11:21 -0500] "GET /PORTAL_SIAC/swf/Residuos/maderas/images/page5_thumbnail.jpg HTTP/1.1" 200 3962
181.61.48.193 - - [19/Jan/2015:00:11:21 -0500] "GET /PORTAL_SIAC/swf/Residuos/maderas/images/page5_thumbnail.jpg HTTP/1.1" 200 3962
181.61.48.193 - - [19/Jan/2015:00:11:21 -0500] "GET /PORTAL_SIAC/swf/Residuos/maderas/images/page5_thumbnail.jpg HTTP/1.1" 200 3962
181.61.48.193 - - [19/Jan/2015:00:11:21 -0500] "GET /PORTAL_SIAC/swf/Residuos/maderas/images/page6_thumbnail.jpg HTTP/1.1" 200 4561
181.61.48.193 - - [19/Jan/2015:00:11:21 -0500] "GET /PORTAL_SIAC/swf/Residuos/maderas/images/page6_thumbnail.jpg HTTP/1.1" 200 4561
181.61.48.193 - - [19/Jan/2015:00:11:21 -0500] "GET /PORTAL_SIAC/swf/Residuos/maderas/images/page6_thumbnail.jpg HTTP/1.1" 200 4561
181.61.48.193 - - [19/Jan/2015:00:11:21 -0500] "GET /PORTAL_SIAC/swf/Residuos/maderas/images/page7_thumbnail.jpg HTTP/1.1" 200 3179
181.61.48.193 - - [19/Jan/2015:00:11:21 -0500] "GET /PORTAL_SIAC/swf/Residuos/maderas/images/page6_thumbnail.jpg HTTP/1.1" 200 4561
181.61.48.193 - - [19/Jan/2015:00:11:21 -0500] "GET /PORTAL_SIAC/swf/Residuos/maderas/images/page7_thumbnail.jpg HTTP/1.1" 200 3179
181.61.48.193 - - [19/Jan/2015:00:11:21 -0500] "GET /PORTAL_SIAC/swf/Residuos/maderas/images/page7_thumbnail.jpg HTTP/1.1" 200 3179
181.61.48.193 - - [19/Jan/2015:00:11:21 -0500] "GET /PORTAL_SIAC/swf/Residuos/maderas/images/page7_thumbnail.jpg HTTP/1.1" 200 3179
181.61.48.193 - - [19/Jan/2015:00:11:21 -0500] "GET /PORTAL_SIAC/swf/Residuos/maderas/images/page8_thumbnail.jpg HTTP/1.1" 200 2357
181.61.48.193 - - [19/Jan/2015:00:11:22 -0500] "GET /PORTAL_SIAC/swf/Residuos/maderas/images/page8_thumbnail.jpg HTTP/1.1" 200 2357
181.61.48.193 - - [19/Jan/2015:00:11:22 -0500] "GET /PORTAL_SIAC/swf/Residuos/maderas/images/page8_thumbnail.jpg HTTP/1.1" 200 2357
181.61.48.193 - - [19/Jan/2015:00:11:22 -0500] "GET /PORTAL_SIAC/swf/Residuos/maderas/images/page8_thumbnail.jpg HTTP/1.1" 200 2357
181.61.48.193 - - [19/Jan/2015:00:11:22 -0500] "GET /PORTAL_SIAC/swf/Residuos/maderas/images/page9_thumbnail.jpg HTTP/1.1" 200 4752
181.61.48.193 - - [19/Jan/2015:00:11:23 -0500] "GET /PORTAL_SIAC/swf/Residuos/maderas/images/page9_thumbnail.jpg HTTP/1.1" 200 4752
181.61.48.193 - - [19/Jan/2015:00:11:23 -0500] "GET /PORTAL_SIAC/swf/Residuos/maderas/images/page9_thumbnail.jpg HTTP/1.1" 200 4752
181.61.48.193 - - [19/Jan/2015:00:11:23 -0500] "GET /PORTAL_SIAC/swf/Residuos/maderas/images/page9_thumbnail.jpg HTTP/1.1" 200 4752
181.61.48.193 - - [19/Jan/2015:00:11:23 -0500] "GET /PORTAL_SIAC/swf/Residuos/maderas/images/page10_thumbnail.jpg HTTP/1.1" 200 6658
181.61.48.193 - - [19/Jan/2015:00:11:23 -0500] "GET /PORTAL_SIAC/swf/Residuos/maderas/images/page10_thumbnail.jpg HTTP/1.1" 200 6658
181.61.48.193 - - [19/Jan/2015:00:11:24 -0500] "GET /PORTAL_SIAC/swf/Residuos/maderas/images/page10_thumbnail.jpg HTTP/1.1" 200 6658
181.61.48.193 - - [19/Jan/2015:00:11:24 -0500] "GET /PORTAL_SIAC/swf/Residuos/maderas/images/page10_thumbnail.jpg HTTP/1.1" 200 6658
181.61.48.193 - - [19/Jan/2015:00:11:24 -0500] "GET /PORTAL_SIAC/swf/Residuos/maderas/images/page11_thumbnail.jpg HTTP/1.1" 200 15475
181.61.48.193 - - [19/Jan/2015:00:11:24 -0500] "GET /PORTAL_SIAC/swf/Residuos/maderas/images/page11_thumbnail.jpg HTTP/1.1" 200 15475
181.61.48.193 - - [19/Jan/2015:00:11:24 -0500] "GET /PORTAL_SIAC/swf/Residuos/maderas/images/page11_thumbnail.jpg HTTP/1.1" 200 15475
181.61.48.193 - - [19/Jan/2015:00:11:24 -0500] "GET /PORTAL_SIAC/swf/Residuos/maderas/images/page11_thumbnail.jpg HTTP/1.1" 200 15475
181.61.48.193 - - [19/Jan/2015:00:11:24 -0500] "GET /PORTAL_SIAC/swf/Residuos/maderas/images/page1.swf HTTP/1.1" 200 348315
181.61.48.193 - - [19/Jan/2015:00:11:25 -0500] "GET /PORTAL_SIAC/swf/Residuos/maderas/images/page12_thumbnail.jpg HTTP/1.1" 200 4618
181.61.48.193 - - [19/Jan/2015:00:11:25 -0500] "GET /PORTAL_SIAC/swf/Residuos/maderas/images/page13_thumbnail.jpg HTTP/1.1" 200 9283
181.61.48.193 - - [19/Jan/2015:00:11:25 -0500] "GET /PORTAL_SIAC/swf/Residuos/maderas/images/page14_thumbnail.jpg HTTP/1.1" 200 4416
181.61.48.193 - - [19/Jan/2015:00:11:25 -0500] "GET /PORTAL_SIAC/swf/Residuos/maderas/images/page15_thumbnail.jpg HTTP/1.1" 200 4959
181.61.48.193 - - [19/Jan/2015:00:11:25 -0500] "GET /PORTAL_SIAC/swf/Residuos/maderas/images/page16_thumbnail.jpg HTTP/1.1" 200 10200
181.61.48.193 - - [19/Jan/2015:00:11:26 -0500] "GET /PORTAL_SIAC/swf/Residuos/maderas/images/page17_thumbnail.jpg HTTP/1.1" 200 9024
181.61.48.193 - - [19/Jan/2015:00:11:26 -0500] "GET /PORTAL_SIAC/swf/Residuos/maderas/images/page18_thumbnail.jpg HTTP/1.1" 200 6072
181.61.48.193 - - [19/Jan/2015:00:11:26 -0500] "GET /PORTAL_SIAC/swf/Residuos/maderas/images/page19_thumbnail.jpg HTTP/1.1" 200 8203
181.61.48.193 - - [19/Jan/2015:00:11:26 -0500] "GET /PORTAL_SIAC/swf/Residuos/maderas/images/page20_thumbnail.jpg HTTP/1.1" 200 8741
181.61.48.193 - - [19/Jan/2015:00:11:26 -0500] "GET /PORTAL_SIAC/swf/Residuos/maderas/images/page10_thumbnail.jpg HTTP/1.1" 206 1
181.61.48.193 - - [19/Jan/2015:00:11:27 -0500] "GET /PORTAL_SIAC/swf/Residuos/maderas/images/page10_thumbnail.jpg HTTP/1.1" 206 4009
181.61.48.193 - - [19/Jan/2015:00:11:29 -0500] "GET /PORTAL_SIAC/swf/Residuos/maderas/files/search/search1.xml HTTP/1.1" 200 506
181.61.48.193 - - [19/Jan/2015:00:11:29 -0500] "GET /PORTAL_SIAC/swf/Residuos/maderas/images/page2.swf HTTP/1.1" 200 30952
181.61.48.193 - - [19/Jan/2015:00:11:32 -0500] "GET /PORTAL_SIAC/swf/Residuos/maderas/files/search/search2.xml HTTP/1.1" 200 8450
181.61.48.193 - - [19/Jan/2015:00:11:32 -0500] "GET /PORTAL_SIAC/swf/Residuos/maderas/images/page3.swf HTTP/1.1" 200 24142
181.61.48.193 - - [19/Jan/2015:00:11:34 -0500] "GET /PORTAL_SIAC/swf/Residuos/maderas/images/page21_thumbnail.jpg HTTP/1.1" 200 3720
181.61.48.193 - - [19/Jan/2015:00:11:34 -0500] "GET /PORTAL_SIAC/swf/Residuos/maderas/images/page22_thumbnail.jpg HTTP/1.1" 200 10986
181.61.48.193 - - [19/Jan/2015:00:11:35 -0500] "GET /PORTAL_SIAC/swf/Residuos/maderas/images/page23_thumbnail.jpg HTTP/1.1" 200 11548
181.61.48.193 - - [19/Jan/2015:00:11:35 -0500] "GET /PORTAL_SIAC/swf/Residuos/maderas/images/page24_thumbnail.jpg HTTP/1.1" 200 11638
181.61.48.193 - - [19/Jan/2015:00:11:36 -0500] "GET /PORTAL_SIAC/swf/Residuos/maderas/images/page4.swf HTTP/1.1" 200 24653
181.61.48.193 - - [19/Jan/2015:00:11:36 -0500] "GET /PORTAL_SIAC/swf/Residuos/maderas/files/search/search3.xml HTTP/1.1" 200 9089
181.61.48.193 - - [19/Jan/2015:00:11:36 -0500] "GET /PORTAL_SIAC/swf/Residuos/maderas/images/page25_thumbnail.jpg HTTP/1.1" 200 10894
181.61.48.193 - - [19/Jan/2015:00:11:37 -0500] "GET /PORTAL_SIAC/swf/Residuos/maderas/images/page26_thumbnail.jpg HTTP/1.1" 200 10863
181.61.48.193 - - [19/Jan/2015:00:11:37 -0500] "GET /PORTAL_SIAC/swf/Residuos/maderas/files/search/search4.xml HTTP/1.1" 200 9680
181.61.48.193 - - [19/Jan/2015:00:11:37 -0500] "GET /PORTAL_SIAC/swf/Residuos/maderas/images/page5.swf HTTP/1.1" 200 23199
181.61.48.193 - - [19/Jan/2015:00:11:37 -0500] "GET /PORTAL_SIAC/swf/Residuos/maderas/images/page27_thumbnail.jpg HTTP/1.1" 200 11669
181.61.48.193 - - [19/Jan/2015:00:11:38 -0500] "GET /PORTAL_SIAC/swf/Residuos/maderas/files/search/search5.xml HTTP/1.1" 200 9698
181.61.48.193 - - [19/Jan/2015:00:11:38 -0500] "GET /PORTAL_SIAC/swf/Residuos/maderas/images/page28_thumbnail.jpg HTTP/1.1" 200 7358
181.61.48.193 - - [19/Jan/2015:00:11:39 -0500] "GET /PORTAL_SIAC/swf/Residuos/maderas/images/page29_thumbnail.jpg HTTP/1.1" 200 9295
186.84.51.21 - - [19/Jan/2015:00:11:39 -0500] "POST /forms/lservlet;jsessionid=ac16012b30d540798c7c1d4b4e5ba024cefc4a956eb8.e3iSbxaKaheRe34SahiRb30Pchr0n6jAmljGr5XDqQLvpAe HTTP/1.1" 200 2291
181.61.48.193 - - [19/Jan/2015:00:11:39 -0500] "GET /PORTAL_SIAC/swf/Residuos/maderas/images/page30_thumbnail.jpg HTTP/1.1" 200 11048
181.61.48.193 - - [19/Jan/2015:00:11:40 -0500] "GET /PORTAL_SIAC/swf/Residuos/maderas/images/page31_thumbnail.jpg HTTP/1.1" 200 10964
181.61.48.193 - - [19/Jan/2015:00:11:40 -0500] "GET /PORTAL_SIAC/swf/Residuos/maderas/images/page32_thumbnail.jpg HTTP/1.1" 200 8971
181.61.48.193 - - [19/Jan/2015:00:11:41 -0500] "GET /PORTAL_SIAC/swf/Residuos/maderas/images/page33_thumbnail.jpg HTTP/1.1" 200 6874
181.61.48.193 - - [19/Jan/2015:00:11:42 -0500] "GET /PORTAL_SIAC/swf/Residuos/maderas/images/page34_thumbnail.jpg HTTP/1.1" 200 11349
181.61.48.193 - - [19/Jan/2015:00:11:42 -0500] "GET /PORTAL_SIAC/swf/Residuos/maderas/images/page35_thumbnail.jpg HTTP/1.1" 200 5209
181.61.48.193 - - [19/Jan/2015:00:11:43 -0500] "GET /PORTAL_SIAC/swf/Residuos/maderas/images/page36_thumbnail.jpg HTTP/1.1" 200 7802
181.61.48.193 - - [19/Jan/2015:00:11:43 -0500] "GET /PORTAL_SIAC/swf/Residuos/maderas/images/page37_thumbnail.jpg HTTP/1.1" 200 5127
181.61.48.193 - - [19/Jan/2015:00:11:44 -0500] "GET /PORTAL_SIAC/swf/Residuos/maderas/images/page38_thumbnail.jpg HTTP/1.1" 200 5209
66.249.83.179 - - [19/Jan/2015:00:11:44 -0500] "GET /BLA/boletinlegal/js/jquery.js HTTP/1.1" 200 57254
66.249.83.191 - - [19/Jan/2015:00:11:44 -0500] "GET /BLA/boletinlegal/js/jquery.scrollTo-min.js HTTP/1.1" 200 1150
66.249.83.191 - - [19/Jan/2015:00:11:44 -0500] "GET /BLA/boletinlegal/js/jquery.scrollShow.js HTTP/1.1" 200 4586
181.61.48.193 - - [19/Jan/2015:00:11:44 -0500] "GET /PORTAL_SIAC/swf/Residuos/maderas/images/page39_thumbnail.jpg HTTP/1.1" 200 3952
181.61.48.193 - - [19/Jan/2015:00:11:45 -0500] "GET /PORTAL_SIAC/swf/Residuos/maderas/images/page40_thumbnail.jpg HTTP/1.1" 200 3831
181.61.48.193 - - [19/Jan/2015:00:11:45 -0500] "GET /PORTAL_SIAC/swf/Residuos/maderas/images/page41_thumbnail.jpg HTTP/1.1" 200 12404
181.61.48.193 - - [19/Jan/2015:00:11:48 -0500] "GET /PORTAL_SIAC/swf/Residuos/maderas/images/page42_thumbnail.jpg HTTP/1.1" 200 9333
181.61.48.193 - - [19/Jan/2015:00:11:51 -0500] "GET /PORTAL_SIAC/swf/Residuos/maderas/images/page43_thumbnail.jpg HTTP/1.1" 200 7215
181.61.48.193 - - [19/Jan/2015:00:11:53 -0500] "GET /PORTAL_SIAC/swf/Residuos/maderas/images/page44_thumbnail.jpg HTTP/1.1" 200 6647
181.61.48.193 - - [19/Jan/2015:00:11:55 -0500] "GET /PORTAL_SIAC/swf/Residuos/maderas/images/page45_thumbnail.jpg HTTP/1.1" 200 8925
181.61.48.193 - - [19/Jan/2015:00:11:56 -0500] "GET /PORTAL_SIAC/swf/Residuos/maderas/images/page46_thumbnail.jpg HTTP/1.1" 200 9465
181.61.48.193 - - [19/Jan/2015:00:11:56 -0500] "GET /PORTAL_SIAC/swf/Residuos/maderas/images/page47_thumbnail.jpg HTTP/1.1" 200 7020
181.61.48.193 - - [19/Jan/2015:00:11:57 -0500] "GET /PORTAL_SIAC/swf/Residuos/maderas/images/page48_thumbnail.jpg HTTP/1.1" 200 4574
181.61.48.193 - - [19/Jan/2015:00:11:57 -0500] "GET /PORTAL_SIAC/swf/Residuos/maderas/images/page49_thumbnail.jpg HTTP/1.1" 200 5937
181.61.48.193 - - [19/Jan/2015:00:11:58 -0500] "GET /PORTAL_SIAC/swf/Residuos/maderas/images/page50_thumbnail.jpg HTTP/1.1" 200 5303
186.84.51.21 - - [19/Jan/2015:00:11:59 -0500] "POST /forms/lservlet;jsessionid=ac16012b30d540798c7c1d4b4e5ba024cefc4a956eb8.e3iSbxaKaheRe34SahiRb30Pchr0n6jAmljGr5XDqQLvpAe HTTP/1.1" 200 26
181.61.48.193 - - [19/Jan/2015:00:11:59 -0500] "GET /PORTAL_SIAC/swf/Residuos/maderas/images/page51_thumbnail.jpg HTTP/1.1" 200 4916
181.61.48.193 - - [19/Jan/2015:00:11:59 -0500] "GET /PORTAL_SIAC/swf/Residuos/maderas/images/page52_thumbnail.jpg HTTP/1.1" 200 4994
186.84.51.21 - - [19/Jan/2015:00:11:59 -0500] "POST /forms/lservlet;jsessionid=ac16012b30d540798c7c1d4b4e5ba024cefc4a956eb8.e3iSbxaKaheRe34SahiRb30Pchr0n6jAmljGr5XDqQLvpAe HTTP/1.1" 200 3893
186.84.51.21 - - [19/Jan/2015:00:12:00 -0500] "POST /forms/lservlet;jsessionid=ac16012b30d540798c7c1d4b4e5ba024cefc4a956eb8.e3iSbxaKaheRe34SahiRb30Pchr0n6jAmljGr5XDqQLvpAe HTTP/1.1" 200 2
181.61.48.193 - - [19/Jan/2015:00:12:00 -0500] "GET /PORTAL_SIAC/swf/Residuos/maderas/images/page53_thumbnail.jpg HTTP/1.1" 200 5125
181.61.48.193 - - [19/Jan/2015:00:12:00 -0500] "GET /PORTAL_SIAC/swf/Residuos/maderas/images/page54_thumbnail.jpg HTTP/1.1" 200 4968
181.61.48.193 - - [19/Jan/2015:00:12:01 -0500] "GET /PORTAL_SIAC/swf/Residuos/maderas/images/page55_thumbnail.jpg HTTP/1.1" 200 5200
186.84.51.21 - - [19/Jan/2015:00:12:01 -0500] "POST /forms/lservlet;jsessionid=ac16012b30d540798c7c1d4b4e5ba024cefc4a956eb8.e3iSbxaKaheRe34SahiRb30Pchr0n6jAmljGr5XDqQLvpAe HTTP/1.1" 200 2
181.61.48.193 - - [19/Jan/2015:00:12:01 -0500] "GET /PORTAL_SIAC/swf/Residuos/maderas/images/page56_thumbnail.jpg HTTP/1.1" 200 5305
186.84.51.21 - - [19/Jan/2015:00:12:01 -0500] "POST /forms/lservlet;jsessionid=ac16012b30d540798c7c1d4b4e5ba024cefc4a956eb8.e3iSbxaKaheRe34SahiRb30Pchr0n6jAmljGr5XDqQLvpAe HTTP/1.1" 200 14
181.61.48.193 - - [19/Jan/2015:00:12:02 -0500] "GET /PORTAL_SIAC/swf/Residuos/maderas/images/page57_thumbnail.jpg HTTP/1.1" 200 4989
181.61.48.193 - - [19/Jan/2015:00:12:03 -0500] "GET /PORTAL_SIAC/swf/Residuos/maderas/images/page58_thumbnail.jpg HTTP/1.1" 200 5346
186.84.51.21 - - [19/Jan/2015:00:12:02 -0500] "POST /forms/lservlet;jsessionid=ac16012b30d540798c7c1d4b4e5ba024cefc4a956eb8.e3iSbxaKaheRe34SahiRb30Pchr0n6jAmljGr5XDqQLvpAe HTTP/1.1" 200 14
181.61.48.193 - - [19/Jan/2015:00:12:03 -0500] "GET /PORTAL_SIAC/swf/Residuos/maderas/images/page59_thumbnail.jpg HTTP/1.1" 200 5401
181.61.48.193 - - [19/Jan/2015:00:12:04 -0500] "GET /PORTAL_SIAC/swf/Residuos/maderas/images/page60_thumbnail.jpg HTTP/1.1" 200 4779
181.61.48.193 - - [19/Jan/2015:00:12:04 -0500] "GET /PORTAL_SIAC/swf/Residuos/maderas/images/page61_thumbnail.jpg HTTP/1.1" 200 7180
186.84.51.21 - - [19/Jan/2015:00:12:04 -0500] "POST /forms/lservlet;jsessionid=ac16012b30d540798c7c1d4b4e5ba024cefc4a956eb8.e3iSbxaKaheRe34SahiRb30Pchr0n6jAmljGr5XDqQLvpAe HTTP/1.1" 200 14
181.61.48.193 - - [19/Jan/2015:00:12:05 -0500] "GET /PORTAL_SIAC/swf/Residuos/maderas/images/page62_thumbnail.jpg HTTP/1.1" 200 4817
186.84.51.21 - - [19/Jan/2015:00:12:05 -0500] "POST /forms/lservlet;jsessionid=ac16012b30d540798c7c1d4b4e5ba024cefc4a956eb8.e3iSbxaKaheRe34SahiRb30Pchr0n6jAmljGr5XDqQLvpAe HTTP/1.1" 200 133
186.84.51.21 - - [19/Jan/2015:00:12:05 -0500] "POST /forms/lservlet;jsessionid=ac16012b30d540798c7c1d4b4e5ba024cefc4a956eb8.e3iSbxaKaheRe34SahiRb30Pchr0n6jAmljGr5XDqQLvpAe HTTP/1.1" 200 2
181.61.48.193 - - [19/Jan/2015:00:12:05 -0500] "GET /PORTAL_SIAC/swf/Residuos/maderas/images/page63_thumbnail.jpg HTTP/1.1" 200 4927
186.84.51.21 - - [19/Jan/2015:00:12:05 -0500] "GET /reports/rwservlet/getjobid341083?server=rep_srvapsda HTTP/1.1" 200 445046
181.61.48.193 - - [19/Jan/2015:00:12:06 -0500] "GET /PORTAL_SIAC/swf/Residuos/maderas/images/page64_thumbnail.jpg HTTP/1.1" 200 10375
181.61.48.193 - - [19/Jan/2015:00:12:06 -0500] "GET /PORTAL_SIAC/swf/Residuos/maderas/images/page65_thumbnail.jpg HTTP/1.1" 200 8803
181.61.48.193 - - [19/Jan/2015:00:12:07 -0500] "GET /PORTAL_SIAC/swf/Residuos/maderas/images/page66_thumbnail.jpg HTTP/1.1" 200 7024
181.61.48.193 - - [19/Jan/2015:00:12:08 -0500] "GET /PORTAL_SIAC/swf/Residuos/maderas/images/page67_thumbnail.jpg HTTP/1.1" 200 5134
181.61.48.193 - - [19/Jan/2015:00:12:08 -0500] "GET /PORTAL_SIAC/swf/Residuos/maderas/images/page68_thumbnail.jpg HTTP/1.1" 200 4963
181.61.48.193 - - [19/Jan/2015:00:12:09 -0500] "GET /PORTAL_SIAC/swf/Residuos/maderas/images/page69_thumbnail.jpg HTTP/1.1" 200 7181
181.61.48.193 - - [19/Jan/2015:00:12:09 -0500] "GET /PORTAL_SIAC/swf/Residuos/maderas/images/page70_thumbnail.jpg HTTP/1.1" 200 5685
181.61.48.193 - - [19/Jan/2015:00:12:10 -0500] "GET /PORTAL_SIAC/swf/Residuos/maderas/images/page71_thumbnail.jpg HTTP/1.1" 200 5655
181.61.48.193 - - [19/Jan/2015:00:12:10 -0500] "GET /PORTAL_SIAC/swf/Residuos/maderas/images/page72_thumbnail.jpg HTTP/1.1" 200 5749
181.61.48.193 - - [19/Jan/2015:00:12:11 -0500] "GET /PORTAL_SIAC/swf/Residuos/maderas/images/page73_thumbnail.jpg HTTP/1.1" 200 4678
181.61.48.193 - - [19/Jan/2015:00:12:11 -0500] "GET /PORTAL_SIAC/swf/Residuos/maderas/images/page74_thumbnail.jpg HTTP/1.1" 200 9452
181.61.48.193 - - [19/Jan/2015:00:12:12 -0500] "GET /PORTAL_SIAC/swf/Residuos/maderas/images/page75_thumbnail.jpg HTTP/1.1" 200 8096
181.61.48.193 - - [19/Jan/2015:00:12:12 -0500] "GET /PORTAL_SIAC/swf/Residuos/maderas/images/page76_thumbnail.jpg HTTP/1.1" 200 11295
181.61.48.193 - - [19/Jan/2015:00:12:13 -0500] "GET /PORTAL_SIAC/swf/Residuos/maderas/images/page77_thumbnail.jpg HTTP/1.1" 200 12714
181.61.48.193 - - [19/Jan/2015:00:12:13 -0500] "GET /PORTAL_SIAC/swf/Residuos/maderas/images/page78_thumbnail.jpg HTTP/1.1" 200 4553
181.61.48.193 - - [19/Jan/2015:00:12:14 -0500] "GET /PORTAL_SIAC/swf/Residuos/maderas/images/page79_thumbnail.jpg HTTP/1.1" 200 2690
181.61.48.193 - - [19/Jan/2015:00:12:14 -0500] "GET /PORTAL_SIAC/swf/Residuos/maderas/images/page80_thumbnail.jpg HTTP/1.1" 200 5797
181.61.48.193 - - [19/Jan/2015:00:12:15 -0500] "GET /PORTAL_SIAC/swf/Residuos/maderas/images/page81_thumbnail.jpg HTTP/1.1" 200 7937
181.61.48.193 - - [19/Jan/2015:00:12:15 -0500] "GET /PORTAL_SIAC/swf/Residuos/maderas/images/page82_thumbnail.jpg HTTP/1.1" 200 4888
181.61.48.193 - - [19/Jan/2015:00:12:16 -0500] "GET /PORTAL_SIAC/swf/Residuos/maderas/images/page83_thumbnail.jpg HTTP/1.1" 200 7014
181.61.48.193 - - [19/Jan/2015:00:12:16 -0500] "GET /PORTAL_SIAC/swf/Residuos/maderas/images/page84_thumbnail.jpg HTTP/1.1" 200 7012
181.61.48.193 - - [19/Jan/2015:00:12:17 -0500] "GET /PORTAL_SIAC/swf/Residuos/maderas/images/page85_thumbnail.jpg HTTP/1.1" 200 5920
181.61.48.193 - - [19/Jan/2015:00:12:18 -0500] "GET /PORTAL_SIAC/swf/Residuos/maderas/images/page86_thumbnail.jpg HTTP/1.1" 200 6960
181.61.48.193 - - [19/Jan/2015:00:12:18 -0500] "GET /PORTAL_SIAC/swf/Residuos/maderas/images/page87_thumbnail.jpg HTTP/1.1" 200 11120
181.61.48.193 - - [19/Jan/2015:00:12:19 -0500] "GET /PORTAL_SIAC/swf/Residuos/maderas/images/page88_thumbnail.jpg HTTP/1.1" 200 10021
181.61.48.193 - - [19/Jan/2015:00:12:19 -0500] "GET /PORTAL_SIAC/swf/Residuos/maderas/images/page89_thumbnail.jpg HTTP/1.1" 200 4648
181.61.48.193 - - [19/Jan/2015:00:12:20 -0500] "GET /PORTAL_SIAC/swf/Residuos/maderas/images/page90_thumbnail.jpg HTTP/1.1" 200 7442
181.61.48.193 - - [19/Jan/2015:00:12:20 -0500] "GET /PORTAL_SIAC/swf/Residuos/maderas/images/page91_thumbnail.jpg HTTP/1.1" 200 5509
66.249.73.155 - - [19/Jan/2015:00:12:20 -0500] "GET /BLA/resoluciones/AUTOS%202006/AUTOS%202006%201101-1200/00001199.tif HTTP/1.1" 200 48136
181.61.48.193 - - [19/Jan/2015:00:12:21 -0500] "GET /PORTAL_SIAC/swf/Residuos/maderas/images/page92_thumbnail.jpg HTTP/1.1" 200 14204
181.61.48.193 - - [19/Jan/2015:00:12:21 -0500] "GET /PORTAL_SIAC/swf/Residuos/maderas/images/page93_thumbnail.jpg HTTP/1.1" 200 3693
181.61.48.193 - - [19/Jan/2015:00:12:22 -0500] "GET /PORTAL_SIAC/swf/Residuos/maderas/images/page94_thumbnail.jpg HTTP/1.1" 200 6584
181.61.48.193 - - [19/Jan/2015:00:12:22 -0500] "GET /PORTAL_SIAC/swf/Residuos/maderas/images/page95_thumbnail.jpg HTTP/1.1" 200 4947
181.61.48.193 - - [19/Jan/2015:00:12:23 -0500] "GET /PORTAL_SIAC/swf/Residuos/maderas/images/page96_thumbnail.jpg HTTP/1.1" 200 5067
181.61.48.193 - - [19/Jan/2015:00:12:23 -0500] "GET /PORTAL_SIAC/swf/Residuos/maderas/images/page97_thumbnail.jpg HTTP/1.1" 200 6330
181.61.48.193 - - [19/Jan/2015:00:12:24 -0500] "GET /PORTAL_SIAC/swf/Residuos/maderas/images/page98_thumbnail.jpg HTTP/1.1" 200 5939
181.61.48.193 - - [19/Jan/2015:00:12:24 -0500] "GET /PORTAL_SIAC/swf/Residuos/maderas/images/page99_thumbnail.jpg HTTP/1.1" 200 8382
181.61.48.193 - - [19/Jan/2015:00:12:25 -0500] "GET /PORTAL_SIAC/swf/Residuos/maderas/images/page100_thumbnail.jpg HTTP/1.1" 200 7526
181.61.48.193 - - [19/Jan/2015:00:12:25 -0500] "GET /PORTAL_SIAC/swf/Residuos/maderas/images/page101_thumbnail.jpg HTTP/1.1" 200 5570
181.61.48.193 - - [19/Jan/2015:00:12:26 -0500] "GET /PORTAL_SIAC/swf/Residuos/maderas/images/page102_thumbnail.jpg HTTP/1.1" 200 6587
181.61.48.193 - - [19/Jan/2015:00:12:26 -0500] "GET /PORTAL_SIAC/swf/Residuos/maderas/images/page103_thumbnail.jpg HTTP/1.1" 200 5679
181.61.48.193 - - [19/Jan/2015:00:12:27 -0500] "GET /PORTAL_SIAC/swf/Residuos/maderas/images/page104_thumbnail.jpg HTTP/1.1" 200 5096
181.61.48.193 - - [19/Jan/2015:00:12:27 -0500] "GET /PORTAL_SIAC/swf/Residuos/maderas/images/page105_thumbnail.jpg HTTP/1.1" 200 6066
181.61.48.193 - - [19/Jan/2015:00:12:28 -0500] "GET /PORTAL_SIAC/swf/Residuos/maderas/images/page106_thumbnail.jpg HTTP/1.1" 200 5907
181.61.48.193 - - [19/Jan/2015:00:12:28 -0500] "GET /PORTAL_SIAC/swf/Residuos/maderas/images/page107_thumbnail.jpg HTTP/1.1" 200 6188
181.61.48.193 - - [19/Jan/2015:00:12:29 -0500] "GET /PORTAL_SIAC/swf/Residuos/maderas/images/page108_thumbnail.jpg HTTP/1.1" 200 5945
181.61.48.193 - - [19/Jan/2015:00:12:30 -0500] "GET /PORTAL_SIAC/swf/Residuos/maderas/images/page109_thumbnail.jpg HTTP/1.1" 200 5513
66.102.6.170 - - [19/Jan/2015:00:12:30 -0500] "GET /BLA/boletinlegal/js/jquery.scrollShow.js HTTP/1.1" 200 4586
66.102.6.161 - - [19/Jan/2015:00:12:30 -0500] "GET /BLA/boletinlegal/js/jquery.js HTTP/1.1" 200 57254
66.102.6.179 - - [19/Jan/2015:00:12:30 -0500] "GET /BLA/boletinlegal/js/jquery.scrollTo-min.js HTTP/1.1" 200 1150
66.102.6.170 - - [19/Jan/2015:00:12:31 -0500] "GET /BLA/boletinlegal/js/jquery.js HTTP/1.1" 200 57254
66.102.6.161 - - [19/Jan/2015:00:12:31 -0500] "GET /BLA/boletinlegal/js/jquery.scrollShow.js HTTP/1.1" 200 4586
66.102.6.170 - - [19/Jan/2015:00:12:31 -0500] "GET /BLA/boletinlegal/js/jquery.scrollTo-min.js HTTP/1.1" 200 1150
181.61.48.193 - - [19/Jan/2015:00:12:33 -0500] "GET /PORTAL_SIAC/swf/Residuos/maderas/images/page110_thumbnail.jpg HTTP/1.1" 200 5392
181.61.48.193 - - [19/Jan/2015:00:12:34 -0500] "GET /PORTAL_SIAC/swf/Residuos/maderas/images/page111_thumbnail.jpg HTTP/1.1" 200 7267
181.61.48.193 - - [19/Jan/2015:00:12:34 -0500] "GET /PORTAL_SIAC/swf/Residuos/maderas/images/page112_thumbnail.jpg HTTP/1.1" 200 800
181.61.48.193 - - [19/Jan/2015:00:12:35 -0500] "GET /PORTAL_SIAC/swf/Residuos/maderas/images/page113_thumbnail.jpg HTTP/1.1" 200 3428
181.61.48.193 - - [19/Jan/2015:00:12:35 -0500] "GET /PORTAL_SIAC/swf/Residuos/maderas/images/page114_thumbnail.jpg HTTP/1.1" 200 1019
186.84.51.21 - - [19/Jan/2015:00:12:49 -0500] "POST /forms/lservlet;jsessionid=ac16012b30d540798c7c1d4b4e5ba024cefc4a956eb8.e3iSbxaKaheRe34SahiRb30Pchr0n6jAmljGr5XDqQLvpAe HTTP/1.1" 200 2
213.251.182.10 - - [19/Jan/2015:00:13:03 -0500] "GET /wp-admin/ HTTP/1.1" 404 1018
66.249.84.179 - - [19/Jan/2015:00:13:14 -0500] "GET /BLA/boletinlegal/js/jquery.scrollShow.js HTTP/1.1" 200 4586
66.249.84.191 - - [19/Jan/2015:00:13:14 -0500] "GET /BLA/boletinlegal/js/jquery.js HTTP/1.1" 200 57254
66.249.84.185 - - [19/Jan/2015:00:13:14 -0500] "GET /BLA/boletinlegal/js/jquery.scrollTo-min.js HTTP/1.1" 200 1150
186.84.51.21 - - [19/Jan/2015:00:13:30 -0500] "POST /forms/lservlet;jsessionid=ac16012b30d540798c7c1d4b4e5ba024cefc4a956eb8.e3iSbxaKaheRe34SahiRb30Pchr0n6jAmljGr5XDqQLvpAe HTTP/1.1" 200 87
180.76.6.20 - - [19/Jan/2015:00:13:35 -0500] "GET /BLA/boletinlegal;jsessionid=8F4631FA5C66966F6DC20E7EF7BB9F25?/? HTTP/1.1" 404 1018
180.76.5.223 - - [19/Jan/2015:00:14:14 -0500] "GET /BLA/resoluciones/RESOLUCIONES%202007/RES%202007%202201%20AL%202300/RESOLUCION%202294%20DE%202007.pdf HTTP/1.1" 200 85996
186.84.51.21 - - [19/Jan/2015:00:14:29 -0500] "POST /forms/lservlet;jsessionid=ac16012b30d540798c7c1d4b4e5ba024cefc4a956eb8.e3iSbxaKaheRe34SahiRb30Pchr0n6jAmljGr5XDqQLvpAe HTTP/1.1" 200 75
74.86.158.107 - - [19/Jan/2015:00:14:41 -0500] "HEAD / HTTP/1.1" 302 -
201.233.218.58 - - [19/Jan/2015:00:14:45 -0500] "GET /BLA/resoluciones/RESOLUCIONES%202007/RES%202007%20601%20AL%20700/RESOLUCION%200627%20DE%202007.pdf HTTP/1.1" 200 950039
201.233.218.58 - - [19/Jan/2015:00:14:45 -0500] "GET /BLA/resoluciones/RESOLUCIONES%202007/RES%202007%20601%20AL%20700/RESOLUCION%200627%20DE%202007.pdf HTTP/1.1" 206 32768
201.233.218.58 - - [19/Jan/2015:00:14:45 -0500] "GET /BLA/resoluciones/RESOLUCIONES%202007/RES%202007%20601%20AL%20700/RESOLUCION%200627%20DE%202007.pdf HTTP/1.1" 206 917271
201.233.218.58 - - [19/Jan/2015:00:14:47 -0500] "GET /favicon.ico HTTP/1.1" 200 7782
186.84.51.21 - - [19/Jan/2015:00:14:49 -0500] "POST /forms/lservlet;jsessionid=ac16012b30d540798c7c1d4b4e5ba024cefc4a956eb8.e3iSbxaKaheRe34SahiRb30Pchr0n6jAmljGr5XDqQLvpAe HTTP/1.1" 200 2
66.249.73.155 - - [19/Jan/2015:00:15:06 -0500] "GET /BLA/resoluciones/AUTOS%202012/2916.pdf HTTP/1.1" 200 3120757
180.76.5.64 - - [19/Jan/2015:00:15:32 -0500] "GET /BLA/boletinlegal;jsessionid=1611A5B324DC198625284A81F3F10E3B?/? HTTP/1.1" 404 1018
186.84.51.21 - - [19/Jan/2015:00:15:48 -0500] "POST /forms/lservlet;jsessionid=ac16012b30d540798c7c1d4b4e5ba024cefc4a956eb8.e3iSbxaKaheRe34SahiRb30Pchr0n6jAmljGr5XDqQLvpAe HTTP/1.1" 200 2343
186.84.51.21 - - [19/Jan/2015:00:15:52 -0500] "POST /forms/lservlet;jsessionid=ac16012b30d540798c7c1d4b4e5ba024cefc4a956eb8.e3iSbxaKaheRe34SahiRb30Pchr0n6jAmljGr5XDqQLvpAe HTTP/1.1" 200 26
186.84.51.21 - - [19/Jan/2015:00:15:52 -0500] "POST /forms/lservlet;jsessionid=ac16012b30d540798c7c1d4b4e5ba024cefc4a956eb8.e3iSbxaKaheRe34SahiRb30Pchr0n6jAmljGr5XDqQLvpAe HTTP/1.1" 200 4035
186.84.51.21 - - [19/Jan/2015:00:15:53 -0500] "POST /forms/lservlet;jsessionid=ac16012b30d540798c7c1d4b4e5ba024cefc4a956eb8.e3iSbxaKaheRe34SahiRb30Pchr0n6jAmljGr5XDqQLvpAe HTTP/1.1" 200 2
186.84.51.21 - - [19/Jan/2015:00:15:55 -0500] "POST /forms/lservlet;jsessionid=ac16012b30d540798c7c1d4b4e5ba024cefc4a956eb8.e3iSbxaKaheRe34SahiRb30Pchr0n6jAmljGr5XDqQLvpAe HTTP/1.1" 200 82
66.249.73.171 - - [19/Jan/2015:00:16:43 -0500] "GET /BLA/resoluciones/RESOLUCIONES%202003/RES%202003%201701-1750/20031725.tif HTTP/1.1" 200 272328
186.84.51.21 - - [19/Jan/2015:00:16:48 -0500] "POST /forms/lservlet;jsessionid=ac16012b30d540798c7c1d4b4e5ba024cefc4a956eb8.e3iSbxaKaheRe34SahiRb30Pchr0n6jAmljGr5XDqQLvpAe HTTP/1.1" 200 75
186.84.51.21 - - [19/Jan/2015:00:16:49 -0500] "POST /forms/lservlet;jsessionid=ac16012b30d540798c7c1d4b4e5ba024cefc4a956eb8.e3iSbxaKaheRe34SahiRb30Pchr0n6jAmljGr5XDqQLvpAe HTTP/1.1" 200 2
180.76.6.65 - - [19/Jan/2015:00:16:59 -0500] "GET /BLA/resoluciones/AUTOS%202010/1380.pdf HTTP/1.1" 200 253161
180.76.6.44 - - [19/Jan/2015:00:17:09 -0500] "GET /StormSDA/lib/swing-worker.jar HTTP/1.1" 200 11007
201.245.192.253 - - [19/Jan/2015:00:11:51 -0500] "GET /ForestMSG_SDA/channelAsync/template_word_17276338?X-Atmosphere-tracking-id=16005661-a7e3-aa18-49e7-40f45d0f7dcb&X-Atmosphere-Framework=1.0.5&X-Atmosphere-Transport=long-polling&tabid=0.0928294702898711&X-Cache-Date=0&Content-Type=application/xml&_=1421644720782 HTTP/1.1" 200 8193
190.74.202.134 - - [19/Jan/2015:00:17:54 -0500] "GET /BLA/boletinlegal/js/jquery.js HTTP/1.1" 200 57254
190.74.202.134 - - [19/Jan/2015:00:17:54 -0500] "GET /BLA/boletinlegal/js/jquery.scrollTo-min.js HTTP/1.1" 200 1150
190.74.202.134 - - [19/Jan/2015:00:17:54 -0500] "GET /BLA/boletinlegal/js/jquery.scrollShow.js HTTP/1.1" 200 4586
123.125.71.25 - - [19/Jan/2015:00:18:14 -0500] "GET / HTTP/1.1" 302 -
180.76.5.147 - - [19/Jan/2015:00:18:17 -0500] "GET /BLA/resoluciones/AUTOS%202010/1402.pdf HTTP/1.1" 200 250167
66.249.73.155 - - [19/Jan/2015:00:18:17 -0500] "GET /sig/indicadores/2008/DICIEMBRE/ESTRATEGICOS/Direccionamiento%20Estrategico/ HTTP/1.1" 404 1018
186.84.51.21 - - [19/Jan/2015:00:18:21 -0500] "POST /forms/lservlet;jsessionid=ac16012b30d540798c7c1d4b4e5ba024cefc4a956eb8.e3iSbxaKaheRe34SahiRb30Pchr0n6jAmljGr5XDqQLvpAe HTTP/1.1" 200 2363
186.84.51.21 - - [19/Jan/2015:00:18:24 -0500] "POST /forms/lservlet;jsessionid=ac16012b30d540798c7c1d4b4e5ba024cefc4a956eb8.e3iSbxaKaheRe34SahiRb30Pchr0n6jAmljGr5XDqQLvpAe HTTP/1.1" 200 26
186.84.51.21 - - [19/Jan/2015:00:18:24 -0500] "POST /forms/lservlet;jsessionid=ac16012b30d540798c7c1d4b4e5ba024cefc4a956eb8.e3iSbxaKaheRe34SahiRb30Pchr0n6jAmljGr5XDqQLvpAe HTTP/1.1" 200 3866
186.84.51.21 - - [19/Jan/2015:00:18:24 -0500] "POST /forms/lservlet;jsessionid=ac16012b30d540798c7c1d4b4e5ba024cefc4a956eb8.e3iSbxaKaheRe34SahiRb30Pchr0n6jAmljGr5XDqQLvpAe HTTP/1.1" 200 2
186.84.51.21 - - [19/Jan/2015:00:18:28 -0500] "POST /forms/lservlet;jsessionid=ac16012b30d540798c7c1d4b4e5ba024cefc4a956eb8.e3iSbxaKaheRe34SahiRb30Pchr0n6jAmljGr5XDqQLvpAe HTTP/1.1" 200 82
186.84.51.21 - - [19/Jan/2015:00:18:49 -0500] "POST /forms/lservlet;jsessionid=ac16012b30d540798c7c1d4b4e5ba024cefc4a956eb8.e3iSbxaKaheRe34SahiRb30Pchr0n6jAmljGr5XDqQLvpAe HTTP/1.1" 200 2
66.249.73.155 - - [19/Jan/2015:00:19:21 -0500] "GET /BLA/resoluciones/RESOLUCIONES%202007/RES%202007%204101%20AL%204200/RESOLUCION%204186%20DE%202007.pdf HTTP/1.1" 200 401160
186.84.51.21 - - [19/Jan/2015:00:19:22 -0500] "POST /forms/lservlet;jsessionid=ac16012b30d540798c7c1d4b4e5ba024cefc4a956eb8.e3iSbxaKaheRe34SahiRb30Pchr0n6jAmljGr5XDqQLvpAe HTTP/1.1" 200 75
74.86.158.107 - - [19/Jan/2015:00:19:41 -0500] "HEAD / HTTP/1.1" 302 -
220.181.108.91 - - [19/Jan/2015:00:19:41 -0500] "GET / HTTP/1.1" 302 -
66.249.73.163 - - [19/Jan/2015:00:20:20 -0500] "GET /BLA/resoluciones/RESOLUCIONES%202009/0114.pdf HTTP/1.1" 304 -
66.249.73.163 - - [19/Jan/2015:00:20:24 -0500] "GET /BLA/resoluciones/RESOLUCIONES%202009/0114.pdf HTTP/1.1" 304 -
186.84.51.21 - - [19/Jan/2015:00:20:44 -0500] "POST /forms/lservlet;jsessionid=ac16012b30d540798c7c1d4b4e5ba024cefc4a956eb8.e3iSbxaKaheRe34SahiRb30Pchr0n6jAmljGr5XDqQLvpAe HTTP/1.1" 200 2343
186.84.51.21 - - [19/Jan/2015:00:20:47 -0500] "POST /forms/lservlet;jsessionid=ac16012b30d540798c7c1d4b4e5ba024cefc4a956eb8.e3iSbxaKaheRe34SahiRb30Pchr0n6jAmljGr5XDqQLvpAe HTTP/1.1" 200 26
186.84.51.21 - - [19/Jan/2015:00:20:47 -0500] "POST /forms/lservlet;jsessionid=ac16012b30d540798c7c1d4b4e5ba024cefc4a956eb8.e3iSbxaKaheRe34SahiRb30Pchr0n6jAmljGr5XDqQLvpAe HTTP/1.1" 200 3962
186.84.51.21 - - [19/Jan/2015:00:20:48 -0500] "POST /forms/lservlet;jsessionid=ac16012b30d540798c7c1d4b4e5ba024cefc4a956eb8.e3iSbxaKaheRe34SahiRb30Pchr0n6jAmljGr5XDqQLvpAe HTTP/1.1" 200 2
186.84.51.21 - - [19/Jan/2015:00:20:49 -0500] "POST /forms/lservlet;jsessionid=ac16012b30d540798c7c1d4b4e5ba024cefc4a956eb8.e3iSbxaKaheRe34SahiRb30Pchr0n6jAmljGr5XDqQLvpAe HTTP/1.1" 200 2
186.84.51.21 - - [19/Jan/2015:00:20:49 -0500] "POST /forms/lservlet;jsessionid=ac16012b30d540798c7c1d4b4e5ba024cefc4a956eb8.e3iSbxaKaheRe34SahiRb30Pchr0n6jAmljGr5XDqQLvpAe HTTP/1.1" 200 82
181.61.48.193 - - [19/Jan/2015:00:20:58 -0500] "GET /BLA/boletinlegal/js/jquery.scrollTo-min.js HTTP/1.1" 200 1150
181.61.48.193 - - [19/Jan/2015:00:20:58 -0500] "GET /BLA/boletinlegal/js/jquery.js HTTP/1.1" 200 57254
181.61.48.193 - - [19/Jan/2015:00:20:58 -0500] "GET /BLA/boletinlegal/js/jquery.scrollShow.js HTTP/1.1" 200 4586
186.84.51.21 - - [19/Jan/2015:00:21:56 -0500] "POST /forms/lservlet;jsessionid=ac16012b30d540798c7c1d4b4e5ba024cefc4a956eb8.e3iSbxaKaheRe34SahiRb30Pchr0n6jAmljGr5XDqQLvpAe HTTP/1.1" 200 75
213.251.182.10 - - [19/Jan/2015:00:22:29 -0500] "GET /test/wp-admin/ HTTP/1.1" 404 1018
186.84.51.21 - - [19/Jan/2015:00:22:49 -0500] "POST /forms/lservlet;jsessionid=ac16012b30d540798c7c1d4b4e5ba024cefc4a956eb8.e3iSbxaKaheRe34SahiRb30Pchr0n6jAmljGr5XDqQLvpAe HTTP/1.1" 200 2
66.249.73.155 - - [19/Jan/2015:00:23:31 -0500] "GET /BLA/resoluciones/RESOLUCIONES%202011/0296.pdf HTTP/1.1" 200 550790
66.249.65.188 - - [19/Jan/2015:00:24:09 -0500] "GET /ecodirectorio/files/res/pages/page_0017.swf HTTP/1.1" 200 142407
74.86.158.107 - - [19/Jan/2015:00:24:41 -0500] "HEAD / HTTP/1.1" 302 -
186.84.51.21 - - [19/Jan/2015:00:24:49 -0500] "POST /forms/lservlet;jsessionid=ac16012b30d540798c7c1d4b4e5ba024cefc4a956eb8.e3iSbxaKaheRe34SahiRb30Pchr0n6jAmljGr5XDqQLvpAe HTTP/1.1" 200 2
201.245.192.253 - - [19/Jan/2015:00:18:51 -0500] "GET /ForestMSG_SDA/channelAsync/template_word_17276338?X-Atmosphere-tracking-id=10ddd1d0-3483-7523-25e7-8e303ac1f1c6&X-Atmosphere-Framework=1.0.5&X-Atmosphere-Transport=long-polling&tabid=0.0928294702898711&X-Cache-Date=0&Content-Type=application/xml&_=1421645140861 HTTP/1.1" 200 8193
180.76.6.40 - - [19/Jan/2015:00:26:06 -0500] "GET /BLA/resoluciones/RESOLUCIONES%202008/0348.pdf HTTP/1.1" 200 245925
186.84.51.21 - - [19/Jan/2015:00:26:15 -0500] "POST /forms/lservlet;jsessionid=ac16012b30d540798c7c1d4b4e5ba024cefc4a956eb8.e3iSbxaKaheRe34SahiRb30Pchr0n6jAmljGr5XDqQLvpAe HTTP/1.1" 200 2339
186.84.51.21 - - [19/Jan/2015:00:26:28 -0500] "POST /forms/lservlet;jsessionid=ac16012b30d540798c7c1d4b4e5ba024cefc4a956eb8.e3iSbxaKaheRe34SahiRb30Pchr0n6jAmljGr5XDqQLvpAe HTTP/1.1" 200 26
186.84.51.21 - - [19/Jan/2015:00:26:28 -0500] "POST /forms/lservlet;jsessionid=ac16012b30d540798c7c1d4b4e5ba024cefc4a956eb8.e3iSbxaKaheRe34SahiRb30Pchr0n6jAmljGr5XDqQLvpAe HTTP/1.1" 200 4463
186.84.51.21 - - [19/Jan/2015:00:26:29 -0500] "POST /forms/lservlet;jsessionid=ac16012b30d540798c7c1d4b4e5ba024cefc4a956eb8.e3iSbxaKaheRe34SahiRb30Pchr0n6jAmljGr5XDqQLvpAe HTTP/1.1" 200 2
186.84.51.21 - - [19/Jan/2015:00:26:29 -0500] "POST /forms/lservlet;jsessionid=ac16012b30d540798c7c1d4b4e5ba024cefc4a956eb8.e3iSbxaKaheRe34SahiRb30Pchr0n6jAmljGr5XDqQLvpAe HTTP/1.1" 200 82
180.76.6.152 - - [19/Jan/2015:00:26:45 -0500] "GET /BLA/resoluciones/AUTOS%202010/4498.pdf HTTP/1.1" 200 485261
186.84.51.21 - - [19/Jan/2015:00:26:49 -0500] "POST /forms/lservlet;jsessionid=ac16012b30d540798c7c1d4b4e5ba024cefc4a956eb8.e3iSbxaKaheRe34SahiRb30Pchr0n6jAmljGr5XDqQLvpAe HTTP/1.1" 200 2
186.84.51.21 - - [19/Jan/2015:00:27:19 -0500] "POST /forms/lservlet;jsessionid=ac16012b30d540798c7c1d4b4e5ba024cefc4a956eb8.e3iSbxaKaheRe34SahiRb30Pchr0n6jAmljGr5XDqQLvpAe HTTP/1.1" 200 75
180.76.5.28 - - [19/Jan/2015:00:27:24 -0500] "GET /BLA/boletinlegal;jsessionid=C265CC4E68EC73E4889A87D319A19B03?/? HTTP/1.1" 404 1018
66.249.73.163 - - [19/Jan/2015:00:27:46 -0500] "GET /BLA/resoluciones/RESOLUCIONES%202007/RES%202007%204101%20AL%204200/RESOLUCION%204125%20DE%202007.pdf HTTP/1.1" 200 342117
66.249.73.163 - - [19/Jan/2015:00:27:53 -0500] "GET /BLA/resoluciones/RESOLUCIONES%202003/RES%202003%201701-1750/20031703.tif HTTP/1.1" 200 45070
186.84.51.21 - - [19/Jan/2015:00:28:49 -0500] "POST /forms/lservlet;jsessionid=ac16012b30d540798c7c1d4b4e5ba024cefc4a956eb8.e3iSbxaKaheRe34SahiRb30Pchr0n6jAmljGr5XDqQLvpAe HTTP/1.1" 200 2
74.86.158.107 - - [19/Jan/2015:00:29:41 -0500] "HEAD / HTTP/1.1" 302 -
181.55.140.27 - - [19/Jan/2015:00:29:44 -0500] "GET /BLA/boletinlegal/js/jquery.scrollShow.js HTTP/1.1" 200 4586
181.55.140.27 - - [19/Jan/2015:00:29:44 -0500] "GET /BLA/boletinlegal/js/jquery.js HTTP/1.1" 200 57254
181.55.140.27 - - [19/Jan/2015:00:29:44 -0500] "GET /BLA/boletinlegal/js/jquery.scrollTo-min.js HTTP/1.1" 200 1150
186.84.51.21 - - [19/Jan/2015:00:29:57 -0500] "POST /forms/lservlet;jsessionid=ac16012b30d540798c7c1d4b4e5ba024cefc4a956eb8.e3iSbxaKaheRe34SahiRb30Pchr0n6jAmljGr5XDqQLvpAe HTTP/1.1" 200 14
186.84.51.21 - - [19/Jan/2015:00:29:58 -0500] "POST /forms/lservlet;jsessionid=ac16012b30d540798c7c1d4b4e5ba024cefc4a956eb8.e3iSbxaKaheRe34SahiRb30Pchr0n6jAmljGr5XDqQLvpAe HTTP/1.1" 200 2
186.84.51.21 - - [19/Jan/2015:00:29:59 -0500] "POST /forms/lservlet;jsessionid=ac16012b30d540798c7c1d4b4e5ba024cefc4a956eb8.e3iSbxaKaheRe34SahiRb30Pchr0n6jAmljGr5XDqQLvpAe HTTP/1.1" 200 2030
186.84.51.21 - - [19/Jan/2015:00:29:59 -0500] "POST /forms/lservlet;jsessionid=ac16012b30d540798c7c1d4b4e5ba024cefc4a956eb8.e3iSbxaKaheRe34SahiRb30Pchr0n6jAmljGr5XDqQLvpAe HTTP/1.1" 200 78
186.84.51.21 - - [19/Jan/2015:00:30:00 -0500] "POST /forms/lservlet;jsessionid=ac16012b30d540798c7c1d4b4e5ba024cefc4a956eb8.e3iSbxaKaheRe34SahiRb30Pchr0n6jAmljGr5XDqQLvpAe HTTP/1.1" 200 86
186.84.51.21 - - [19/Jan/2015:00:30:00 -0500] "POST /forms/lservlet;jsessionid=ac16012b30d540798c7c1d4b4e5ba024cefc4a956eb8.e3iSbxaKaheRe34SahiRb30Pchr0n6jAmljGr5XDqQLvpAe HTTP/1.1" 200 -
