186.84.51.21 - - [19/Jan/2015:09:08:43 -0500] "POST /forms/lservlet;jsessionid=ac16012b30d5272e82310c4c49829a7499d5bfca918a.e3iSbxaKaheRe34SahiRb30Pchr0n6jAmljGr5XDqQLvpAe HTTP/1.1" 503 1020
181.54.232.60 - - [19/Jan/2015:09:08:43 -0500] "POST /forms/lservlet;jsessionid=ac16012b30d5d8c5d2780ae9472990dde39824cd8c93.e3iSbxaKaheRe34SahiRb30Pchr0n6jAmljGr5XDqQLvpAe HTTP/1.1" 503 1020
186.84.51.21 - - [19/Jan/2015:09:08:44 -0500] "POST /forms/lservlet;jsessionid=ac16012b30d5272e82310c4c49829a7499d5bfca918a.e3iSbxaKaheRe34SahiRb30Pchr0n6jAmljGr5XDqQLvpAe HTTP/1.1" 503 1020
181.54.232.60 - - [19/Jan/2015:09:08:44 -0500] "POST /forms/lservlet;jsessionid=ac16012b30d5d8c5d2780ae9472990dde39824cd8c93.e3iSbxaKaheRe34SahiRb30Pchr0n6jAmljGr5XDqQLvpAe HTTP/1.1" 503 1020
186.84.51.21 - - [19/Jan/2015:09:08:45 -0500] "POST /forms/lservlet;jsessionid=ac16012b30d5272e82310c4c49829a7499d5bfca918a.e3iSbxaKaheRe34SahiRb30Pchr0n6jAmljGr5XDqQLvpAe HTTP/1.1" 503 1020
181.54.232.60 - - [19/Jan/2015:09:08:45 -0500] "POST /forms/lservlet;jsessionid=ac16012b30d5d8c5d2780ae9472990dde39824cd8c93.e3iSbxaKaheRe34SahiRb30Pchr0n6jAmljGr5XDqQLvpAe HTTP/1.1" 503 1020
186.84.51.21 - - [19/Jan/2015:09:08:46 -0500] "POST /forms/lservlet;jsessionid=ac16012b30d5272e82310c4c49829a7499d5bfca918a.e3iSbxaKaheRe34SahiRb30Pchr0n6jAmljGr5XDqQLvpAe HTTP/1.1" 503 1020
181.54.232.60 - - [19/Jan/2015:09:08:46 -0500] "POST /forms/lservlet;jsessionid=ac16012b30d5d8c5d2780ae9472990dde39824cd8c93.e3iSbxaKaheRe34SahiRb30Pchr0n6jAmljGr5XDqQLvpAe HTTP/1.1" 503 1020
186.84.51.21 - - [19/Jan/2015:09:08:47 -0500] "POST /forms/lservlet;jsessionid=ac16012b30d5272e82310c4c49829a7499d5bfca918a.e3iSbxaKaheRe34SahiRb30Pchr0n6jAmljGr5XDqQLvpAe HTTP/1.1" 503 1020
181.54.232.60 - - [19/Jan/2015:09:08:48 -0500] "POST /forms/lservlet;jsessionid=ac16012b30d5d8c5d2780ae9472990dde39824cd8c93.e3iSbxaKaheRe34SahiRb30Pchr0n6jAmljGr5XDqQLvpAe HTTP/1.1" 503 1020
186.84.51.21 - - [19/Jan/2015:09:08:48 -0500] "POST /forms/lservlet;jsessionid=ac16012b30d5272e82310c4c49829a7499d5bfca918a.e3iSbxaKaheRe34SahiRb30Pchr0n6jAmljGr5XDqQLvpAe HTTP/1.1" 503 1020
181.54.232.60 - - [19/Jan/2015:09:08:49 -0500] "POST /forms/lservlet;jsessionid=ac16012b30d5d8c5d2780ae9472990dde39824cd8c93.e3iSbxaKaheRe34SahiRb30Pchr0n6jAmljGr5XDqQLvpAe HTTP/1.1" 503 1020
157.55.39.136 - - [19/Jan/2015:09:08:49 -0500] "GET /robots.txt HTTP/1.1" 404 1018
186.84.51.21 - - [19/Jan/2015:09:08:49 -0500] "POST /forms/lservlet;jsessionid=ac16012b30d5272e82310c4c49829a7499d5bfca918a.e3iSbxaKaheRe34SahiRb30Pchr0n6jAmljGr5XDqQLvpAe HTTP/1.1" 503 1020
181.54.232.60 - - [19/Jan/2015:09:08:50 -0500] "POST /forms/lservlet;jsessionid=ac16012b30d5d8c5d2780ae9472990dde39824cd8c93.e3iSbxaKaheRe34SahiRb30Pchr0n6jAmljGr5XDqQLvpAe HTTP/1.1" 503 1020
186.84.51.21 - - [19/Jan/2015:09:08:50 -0500] "POST /forms/lservlet;jsessionid=ac16012b30d5272e82310c4c49829a7499d5bfca918a.e3iSbxaKaheRe34SahiRb30Pchr0n6jAmljGr5XDqQLvpAe HTTP/1.1" 503 1020
181.54.232.60 - - [19/Jan/2015:09:08:51 -0500] "POST /forms/lservlet;jsessionid=ac16012b30d5d8c5d2780ae9472990dde39824cd8c93.e3iSbxaKaheRe34SahiRb30Pchr0n6jAmljGr5XDqQLvpAe HTTP/1.1" 503 1020
186.30.66.175 - - [19/Jan/2015:09:08:51 -0500] "POST /forms/lservlet;jsessionid=ac16012b30d507ed78d39db54749987abb7e8a5aa19d.e3iSbxaKaheRe34SahiRb30Pchr0n6jAmljGr5XDqQLvpAe HTTP/1.1" 503 1020
186.84.51.21 - - [19/Jan/2015:09:08:51 -0500] "POST /forms/lservlet;jsessionid=ac16012b30d5272e82310c4c49829a7499d5bfca918a.e3iSbxaKaheRe34SahiRb30Pchr0n6jAmljGr5XDqQLvpAe HTTP/1.1" 503 1020
181.54.232.60 - - [19/Jan/2015:09:08:52 -0500] "POST /forms/lservlet;jsessionid=ac16012b30d5d8c5d2780ae9472990dde39824cd8c93.e3iSbxaKaheRe34SahiRb30Pchr0n6jAmljGr5XDqQLvpAe HTTP/1.1" 503 1020
186.30.66.175 - - [19/Jan/2015:09:08:52 -0500] "POST /forms/lservlet;jsessionid=ac16012b30d507ed78d39db54749987abb7e8a5aa19d.e3iSbxaKaheRe34SahiRb30Pchr0n6jAmljGr5XDqQLvpAe HTTP/1.1" 503 1020
186.84.51.21 - - [19/Jan/2015:09:08:52 -0500] "POST /forms/lservlet;jsessionid=ac16012b30d5272e82310c4c49829a7499d5bfca918a.e3iSbxaKaheRe34SahiRb30Pchr0n6jAmljGr5XDqQLvpAe HTTP/1.1" 503 1020
181.54.232.60 - - [19/Jan/2015:09:08:53 -0500] "POST /forms/lservlet;jsessionid=ac16012b30d5d8c5d2780ae9472990dde39824cd8c93.e3iSbxaKaheRe34SahiRb30Pchr0n6jAmljGr5XDqQLvpAe HTTP/1.1" 503 1020
186.30.66.175 - - [19/Jan/2015:09:08:53 -0500] "POST /forms/lservlet;jsessionid=ac16012b30d507ed78d39db54749987abb7e8a5aa19d.e3iSbxaKaheRe34SahiRb30Pchr0n6jAmljGr5XDqQLvpAe HTTP/1.1" 503 1020
186.84.51.21 - - [19/Jan/2015:09:08:54 -0500] "POST /forms/lservlet;jsessionid=ac16012b30d5272e82310c4c49829a7499d5bfca918a.e3iSbxaKaheRe34SahiRb30Pchr0n6jAmljGr5XDqQLvpAe HTTP/1.1" 503 1020
186.30.66.175 - - [19/Jan/2015:09:08:54 -0500] "POST /forms/lservlet;jsessionid=ac16012b30d507ed78d39db54749987abb7e8a5aa19d.e3iSbxaKaheRe34SahiRb30Pchr0n6jAmljGr5XDqQLvpAe HTTP/1.1" 503 1020
186.84.51.21 - - [19/Jan/2015:09:08:55 -0500] "POST /forms/lservlet;jsessionid=ac16012b30d5272e82310c4c49829a7499d5bfca918a.e3iSbxaKaheRe34SahiRb30Pchr0n6jAmljGr5XDqQLvpAe HTTP/1.1" 503 1020
186.30.66.175 - - [19/Jan/2015:09:08:56 -0500] "POST /forms/lservlet;jsessionid=ac16012b30d507ed78d39db54749987abb7e8a5aa19d.e3iSbxaKaheRe34SahiRb30Pchr0n6jAmljGr5XDqQLvpAe HTTP/1.1" 503 1020
186.84.51.21 - - [19/Jan/2015:09:08:56 -0500] "POST /forms/lservlet;jsessionid=ac16012b30d5272e82310c4c49829a7499d5bfca918a.e3iSbxaKaheRe34SahiRb30Pchr0n6jAmljGr5XDqQLvpAe HTTP/1.1" 503 1020
186.30.66.175 - - [19/Jan/2015:09:08:57 -0500] "POST /forms/lservlet;jsessionid=ac16012b30d507ed78d39db54749987abb7e8a5aa19d.e3iSbxaKaheRe34SahiRb30Pchr0n6jAmljGr5XDqQLvpAe HTTP/1.1" 503 1020
186.84.51.21 - - [19/Jan/2015:09:08:57 -0500] "POST /forms/lservlet;jsessionid=ac16012b30d5272e82310c4c49829a7499d5bfca918a.e3iSbxaKaheRe34SahiRb30Pchr0n6jAmljGr5XDqQLvpAe HTTP/1.1" 503 1020
186.30.66.175 - - [19/Jan/2015:09:08:58 -0500] "POST /forms/lservlet;jsessionid=ac16012b30d507ed78d39db54749987abb7e8a5aa19d.e3iSbxaKaheRe34SahiRb30Pchr0n6jAmljGr5XDqQLvpAe HTTP/1.1" 503 1020
186.84.51.21 - - [19/Jan/2015:09:08:58 -0500] "POST /forms/lservlet;jsessionid=ac16012b30d5272e82310c4c49829a7499d5bfca918a.e3iSbxaKaheRe34SahiRb30Pchr0n6jAmljGr5XDqQLvpAe HTTP/1.1" 503 1020
201.244.55.205 - - [19/Jan/2015:09:08:58 -0500] "GET /isolucionsda/bancoconocimiento/C/CausacionyPagodeNomina_v2/CausacionyPagodeNomina_v2.asp?IdArticulo=369 HTTP/1.1" 200 36545
201.244.55.205 - - [19/Jan/2015:09:08:59 -0500] "GET /isolucionsda/g/vacio1x1.gif HTTP/1.1" 404 5195
186.84.51.21 - - [19/Jan/2015:09:08:59 -0500] "POST /forms/lservlet;jsessionid=ac16012b30d5272e82310c4c49829a7499d5bfca918a.e3iSbxaKaheRe34SahiRb30Pchr0n6jAmljGr5XDqQLvpAe HTTP/1.1" 503 1020
186.30.66.175 - - [19/Jan/2015:09:08:59 -0500] "POST /forms/lservlet;jsessionid=ac16012b30d507ed78d39db54749987abb7e8a5aa19d.e3iSbxaKaheRe34SahiRb30Pchr0n6jAmljGr5XDqQLvpAe HTTP/1.1" 503 1020
186.84.51.21 - - [19/Jan/2015:09:09:00 -0500] "POST /forms/lservlet;jsessionid=ac16012b30d5272e82310c4c49829a7499d5bfca918a.e3iSbxaKaheRe34SahiRb30Pchr0n6jAmljGr5XDqQLvpAe HTTP/1.1" 503 1020
186.30.66.175 - - [19/Jan/2015:09:09:00 -0500] "POST /forms/lservlet;jsessionid=ac16012b30d507ed78d39db54749987abb7e8a5aa19d.e3iSbxaKaheRe34SahiRb30Pchr0n6jAmljGr5XDqQLvpAe HTTP/1.1" 503 1020
201.245.192.253 - - [19/Jan/2015:09:09:00 -0500] "GET /galeria/nivo-slider/demo/images/porloshumedales.jpg HTTP/1.1" 304 -
201.245.192.253 - - [19/Jan/2015:09:09:00 -0500] "GET /galeria/nivo-slider/demo/images/Tingua-azul.jpg HTTP/1.1" 304 -
201.245.192.253 - - [19/Jan/2015:09:09:00 -0500] "GET /galeria/nivo-slider/demo/images/9Signos.jpg HTTP/1.1" 304 -
201.245.192.253 - - [19/Jan/2015:09:09:00 -0500] "GET /galeria/nivo-slider/demo/images/banner-redes.jpg HTTP/1.1" 304 -
201.245.192.253 - - [19/Jan/2015:09:09:01 -0500] "GET /galeria/nivo-slider/themes/default/bullets.png HTTP/1.1" 304 -
186.84.51.21 - - [19/Jan/2015:09:09:01 -0500] "POST /forms/lservlet;jsessionid=ac16012b30d5272e82310c4c49829a7499d5bfca918a.e3iSbxaKaheRe34SahiRb30Pchr0n6jAmljGr5XDqQLvpAe HTTP/1.1" 503 1020
186.30.66.175 - - [19/Jan/2015:09:09:01 -0500] "POST /forms/lservlet;jsessionid=ac16012b30d507ed78d39db54749987abb7e8a5aa19d.e3iSbxaKaheRe34SahiRb30Pchr0n6jAmljGr5XDqQLvpAe HTTP/1.1" 503 1020
186.84.51.21 - - [19/Jan/2015:09:09:02 -0500] "POST /forms/lservlet;jsessionid=ac16012b30d5272e82310c4c49829a7499d5bfca918a.e3iSbxaKaheRe34SahiRb30Pchr0n6jAmljGr5XDqQLvpAe HTTP/1.1" 503 1020
186.30.66.175 - - [19/Jan/2015:09:09:02 -0500] "POST /forms/lservlet;jsessionid=ac16012b30d507ed78d39db54749987abb7e8a5aa19d.e3iSbxaKaheRe34SahiRb30Pchr0n6jAmljGr5XDqQLvpAe HTTP/1.1" 503 1020
201.245.192.253 - - [19/Jan/2015:09:09:03 -0500] "GET /galeria/nivo-slider/demo/images/Banner-Caracol-Africano.jpg HTTP/1.1" 304 -
186.84.51.21 - - [19/Jan/2015:09:09:03 -0500] "POST /forms/lservlet;jsessionid=ac16012b30d5272e82310c4c49829a7499d5bfca918a.e3iSbxaKaheRe34SahiRb30Pchr0n6jAmljGr5XDqQLvpAe HTTP/1.1" 503 1020
186.30.66.175 - - [19/Jan/2015:09:09:03 -0500] "POST /forms/lservlet;jsessionid=ac16012b30d507ed78d39db54749987abb7e8a5aa19d.e3iSbxaKaheRe34SahiRb30Pchr0n6jAmljGr5XDqQLvpAe HTTP/1.1" 503 1020
186.84.51.21 - - [19/Jan/2015:09:09:04 -0500] "POST /forms/lservlet;jsessionid=ac16012b30d5272e82310c4c49829a7499d5bfca918a.e3iSbxaKaheRe34SahiRb30Pchr0n6jAmljGr5XDqQLvpAe HTTP/1.1" 503 1020
186.30.66.175 - - [19/Jan/2015:09:09:04 -0500] "POST /forms/lservlet;jsessionid=ac16012b30d507ed78d39db54749987abb7e8a5aa19d.e3iSbxaKaheRe34SahiRb30Pchr0n6jAmljGr5XDqQLvpAe HTTP/1.1" 503 1020
201.244.55.205 - - [19/Jan/2015:09:09:04 -0500] "GET /isolucionsda/bancoconocimiento/R/RegistrodeDiferidos_v2/RegistrodeDiferidos_v2.asp?IdArticulo=371 HTTP/1.1" 200 34565
201.244.55.205 - - [19/Jan/2015:09:09:05 -0500] "GET /isolucionsda/g/vacio1x1.gif HTTP/1.1" 404 5195
186.84.51.21 - - [19/Jan/2015:09:09:05 -0500] "POST /forms/lservlet;jsessionid=ac16012b30d5272e82310c4c49829a7499d5bfca918a.e3iSbxaKaheRe34SahiRb30Pchr0n6jAmljGr5XDqQLvpAe HTTP/1.1" 503 1020
186.30.66.175 - - [19/Jan/2015:09:09:05 -0500] "POST /forms/lservlet;jsessionid=ac16012b30d507ed78d39db54749987abb7e8a5aa19d.e3iSbxaKaheRe34SahiRb30Pchr0n6jAmljGr5XDqQLvpAe HTTP/1.1" 503 1020
186.30.66.175 - - [19/Jan/2015:09:09:06 -0500] "POST /forms/lservlet;jsessionid=ac16012b30d507ed78d39db54749987abb7e8a5aa19d.e3iSbxaKaheRe34SahiRb30Pchr0n6jAmljGr5XDqQLvpAe HTTP/1.1" 503 1020
186.30.66.175 - - [19/Jan/2015:09:09:07 -0500] "POST /forms/lservlet;jsessionid=ac16012b30d507ed78d39db54749987abb7e8a5aa19d.e3iSbxaKaheRe34SahiRb30Pchr0n6jAmljGr5XDqQLvpAe HTTP/1.1" 503 1020
186.30.66.175 - - [19/Jan/2015:09:09:08 -0500] "POST /forms/lservlet;jsessionid=ac16012b30d507ed78d39db54749987abb7e8a5aa19d.e3iSbxaKaheRe34SahiRb30Pchr0n6jAmljGr5XDqQLvpAe HTTP/1.1" 503 1020
186.30.66.175 - - [19/Jan/2015:09:09:10 -0500] "POST /forms/lservlet;jsessionid=ac16012b30d507ed78d39db54749987abb7e8a5aa19d.e3iSbxaKaheRe34SahiRb30Pchr0n6jAmljGr5XDqQLvpAe HTTP/1.1" 503 1020
186.30.66.175 - - [19/Jan/2015:09:09:11 -0500] "POST /forms/lservlet;jsessionid=ac16012b30d507ed78d39db54749987abb7e8a5aa19d.e3iSbxaKaheRe34SahiRb30Pchr0n6jAmljGr5XDqQLvpAe HTTP/1.1" 503 1020
201.245.192.253 - - [19/Jan/2015:09:09:11 -0500] "GET /forest/ HTTP/1.1" 200 12758
201.245.192.253 - - [19/Jan/2015:09:09:11 -0500] "GET /forest/skins/gdocs-jar/css/forms.css?version=1412.231748 HTTP/1.1" 200 7180
201.245.192.253 - - [19/Jan/2015:09:09:11 -0500] "GET /forest/js/json3.js HTTP/1.1" 200 19656
201.245.192.253 - - [19/Jan/2015:09:09:11 -0500] "GET /forest/jsoptimized/gz/js/gdocsall-1412.231748.js HTTP/1.1" 200 14523
201.245.192.253 - - [19/Jan/2015:09:09:11 -0500] "GET /forest/img/inicio/6.gif HTTP/1.1" 200 12239
201.245.192.253 - - [19/Jan/2015:09:09:11 -0500] "GET /forest/img/inicio/1.gif HTTP/1.1" 200 23925
201.245.192.253 - - [19/Jan/2015:09:09:11 -0500] "GET /forest/img/inicio/3.gif HTTP/1.1" 200 21568
201.245.192.253 - - [19/Jan/2015:09:09:11 -0500] "GET /forest/img/inicio/2.gif HTTP/1.1" 200 42562
201.245.192.253 - - [19/Jan/2015:09:09:11 -0500] "GET /forest/img/inicio/4.gif HTTP/1.1" 200 21568
201.245.192.253 - - [19/Jan/2015:09:09:11 -0500] "GET /forest/img/inicio/5.gif HTTP/1.1" 200 18096
201.245.192.253 - - [19/Jan/2015:09:09:11 -0500] "GET /forest/img/base/bsc2_r1_c3.gif HTTP/1.1" 200 3704
201.245.192.253 - - [19/Jan/2015:09:09:11 -0500] "GET /forest/img/inicio/7.gif HTTP/1.1" 200 18547
201.245.192.253 - - [19/Jan/2015:09:09:11 -0500] "GET /forest/img/base/bsc2_r1_c1.gif HTTP/1.1" 200 28640
201.245.192.253 - - [19/Jan/2015:09:09:11 -0500] "GET /forest/1ibre/1ibre.css HTTP/1.1" 304 -
186.30.66.175 - - [19/Jan/2015:09:09:12 -0500] "POST /forms/lservlet;jsessionid=ac16012b30d507ed78d39db54749987abb7e8a5aa19d.e3iSbxaKaheRe34SahiRb30Pchr0n6jAmljGr5XDqQLvpAe HTTP/1.1" 503 1020
201.245.192.253 - - [19/Jan/2015:09:09:12 -0500] "GET /isolucionsda/FrameSetGeneral.asp?Pagina=Menu.asp&IdModulo=4 HTTP/1.1" 200 6583
201.245.192.253 - - [19/Jan/2015:09:09:12 -0500] "GET /isolucionsda/Encabezado.asp?Pagina=Menu.asp&IdModulo=4 HTTP/1.1" 200 15364
201.245.192.253 - - [19/Jan/2015:09:09:12 -0500] "GET /isolucionsda/BarraTitulos.asp?Pagina=Menu.asp&IdModulo=4 HTTP/1.1" 200 6985
201.245.192.253 - - [19/Jan/2015:09:09:12 -0500] "GET /isolucionsda/BarraFavoritos.asp HTTP/1.1" 200 911
201.245.192.253 - - [19/Jan/2015:09:09:12 -0500] "GET /isolucionsda/Menu.asp?Pagina=Menu.asp&IdModulo=4 HTTP/1.1" 200 9682
201.245.192.253 - - [19/Jan/2015:09:09:12 -0500] "GET /isolucionsda/Session.asp?Continue=1 HTTP/1.1" 200 6324
201.244.55.205 - - [19/Jan/2015:09:09:13 -0500] "GET /isolucionsda/bancoconocimiento/E/ElaboracionEstadosFinancieros_v2/ElaboracionEstadosFinancieros_v2.asp?IdArticulo=389 HTTP/1.1" 200 41654
186.30.66.175 - - [19/Jan/2015:09:09:13 -0500] "POST /forms/lservlet;jsessionid=ac16012b30d507ed78d39db54749987abb7e8a5aa19d.e3iSbxaKaheRe34SahiRb30Pchr0n6jAmljGr5XDqQLvpAe HTTP/1.1" 503 1020
201.244.55.205 - - [19/Jan/2015:09:09:13 -0500] "GET /isolucionsda/g/vacio1x1.gif HTTP/1.1" 404 5195
186.30.66.175 - - [19/Jan/2015:09:09:14 -0500] "POST /forms/lservlet;jsessionid=ac16012b30d507ed78d39db54749987abb7e8a5aa19d.e3iSbxaKaheRe34SahiRb30Pchr0n6jAmljGr5XDqQLvpAe HTTP/1.1" 503 1020
186.30.66.175 - - [19/Jan/2015:09:09:15 -0500] "POST /forms/lservlet;jsessionid=ac16012b30d507ed78d39db54749987abb7e8a5aa19d.e3iSbxaKaheRe34SahiRb30Pchr0n6jAmljGr5XDqQLvpAe HTTP/1.1" 503 1020
186.30.66.175 - - [19/Jan/2015:09:09:16 -0500] "POST /forms/lservlet;jsessionid=ac16012b30d507ed78d39db54749987abb7e8a5aa19d.e3iSbxaKaheRe34SahiRb30Pchr0n6jAmljGr5XDqQLvpAe HTTP/1.1" 503 1020
186.84.51.21 - - [19/Jan/2015:09:09:16 -0500] "GET /forms/frmservlet?config=sia HTTP/1.1" 503 1124
186.30.66.175 - - [19/Jan/2015:09:09:17 -0500] "POST /forms/lservlet;jsessionid=ac16012b30d507ed78d39db54749987abb7e8a5aa19d.e3iSbxaKaheRe34SahiRb30Pchr0n6jAmljGr5XDqQLvpAe HTTP/1.1" 503 1020
184.168.200.228 - - [19/Jan/2015:09:09:18 -0500] "GET /old/wp-admin/ HTTP/1.1" 404 1018
186.30.66.175 - - [19/Jan/2015:09:09:18 -0500] "POST /forms/lservlet;jsessionid=ac16012b30d507ed78d39db54749987abb7e8a5aa19d.e3iSbxaKaheRe34SahiRb30Pchr0n6jAmljGr5XDqQLvpAe HTTP/1.1" 503 1020
201.245.192.253 - - [19/Jan/2015:09:09:19 -0500] "GET /galeria/nivo-slider/demo/images/porloshumedales.jpg HTTP/1.1" 304 -
201.245.192.253 - - [19/Jan/2015:09:09:19 -0500] "GET /galeria/nivo-slider/demo/images/Tingua-azul.jpg HTTP/1.1" 304 -
201.245.192.253 - - [19/Jan/2015:09:09:19 -0500] "GET /galeria/nivo-slider/demo/images/banner-llantas2.jpg HTTP/1.1" 304 -
201.245.192.253 - - [19/Jan/2015:09:09:19 -0500] "GET /galeria/nivo-slider/demo/images/Banner-Caracol-Africano.jpg HTTP/1.1" 304 -
201.245.192.253 - - [19/Jan/2015:09:09:19 -0500] "GET /galeria/nivo-slider/demo/images/banner-redes.jpg HTTP/1.1" 304 -
201.245.192.253 - - [19/Jan/2015:09:09:19 -0500] "GET /galeria/nivo-slider/demo/images/9Signos.jpg HTTP/1.1" 304 -
201.245.192.253 - - [19/Jan/2015:09:09:19 -0500] "GET /galeria/nivo-slider/demo/images/banner-caballos.png HTTP/1.1" 304 -
201.245.192.253 - - [19/Jan/2015:09:09:19 -0500] "GET /galeria/nivo-slider/themes/default/loading.gif HTTP/1.1" 304 -
201.245.192.253 - - [19/Jan/2015:09:09:19 -0500] "GET /galeria/nivo-slider/demo/images/4Simple_Slider.png HTTP/1.1" 304 -
186.30.66.175 - - [19/Jan/2015:09:09:19 -0500] "POST /forms/lservlet;jsessionid=ac16012b30d507ed78d39db54749987abb7e8a5aa19d.e3iSbxaKaheRe34SahiRb30Pchr0n6jAmljGr5XDqQLvpAe HTTP/1.1" 503 1020
201.245.192.253 - - [19/Jan/2015:09:09:20 -0500] "GET /galeria/nivo-slider/themes/default/bullets.png HTTP/1.1" 304 -
201.245.192.253 - - [19/Jan/2015:09:09:20 -0500] "POST /forest/login.do HTTP/1.1" 302 -
201.245.192.253 - - [19/Jan/2015:09:09:21 -0500] "GET /forest/index2.jsp?a=0.008360073688966296 HTTP/1.1" 200 53205
201.245.192.253 - - [19/Jan/2015:09:09:21 -0500] "GET /forest/img/users/3.gif HTTP/1.1" 304 -
201.245.192.253 - - [19/Jan/2015:09:09:21 -0500] "GET /forest/img/inicio.jpg HTTP/1.1" 304 -
201.245.192.253 - - [19/Jan/2015:09:09:21 -0500] "GET /forest/img/users/5.gif HTTP/1.1" 304 -
201.245.192.253 - - [19/Jan/2015:09:09:21 -0500] "GET /forest/skins/gdocs-jar/css/tree.css HTTP/1.1" 304 -
201.245.192.253 - - [19/Jan/2015:09:09:21 -0500] "GET /forest/skins/gdocs-jar/js/xml_utilities.js?version=1412.231748 HTTP/1.1" 304 -
201.245.192.253 - - [19/Jan/2015:09:09:21 -0500] "GET /forest/js/inicio.js?version=1412.231748 HTTP/1.1" 304 -
201.245.192.253 - - [19/Jan/2015:09:09:21 -0500] "GET /forest/skins/gdocs-jar/css/autocomplete.css HTTP/1.1" 304 -
201.245.192.253 - - [19/Jan/2015:09:09:21 -0500] "GET /forest/skins/gdocs-jar/js/autocompletar2.js?version=1412.231748 HTTP/1.1" 304 -
201.245.192.253 - - [19/Jan/2015:09:09:21 -0500] "GET /forest/img/users/7.gif HTTP/1.1" 304 -
201.245.192.253 - - [19/Jan/2015:09:09:21 -0500] "GET /forest/img/buscar.jpg HTTP/1.1" 304 -
201.245.192.253 - - [19/Jan/2015:09:09:21 -0500] "GET /forest/skins/gdocs-jar/js/misprocesos.js?version=1412.231748 HTTP/1.1" 304 -
201.245.192.253 - - [19/Jan/2015:09:09:21 -0500] "GET /forest/img/download_large.gif HTTP/1.1" 304 -
201.245.192.253 - - [19/Jan/2015:09:09:21 -0500] "GET /forest/img/salir3.gif HTTP/1.1" 304 -
201.245.192.253 - - [19/Jan/2015:09:09:21 -0500] "GET /forest/img/ayuda.gif HTTP/1.1" 304 -
201.245.192.253 - - [19/Jan/2015:09:09:21 -0500] "GET /forest/img/notify.gif HTTP/1.1" 304 -
201.245.192.253 - - [19/Jan/2015:09:09:21 -0500] "GET /forest/img/pantalla.gif HTTP/1.1" 304 -
201.245.192.253 - - [19/Jan/2015:09:09:21 -0500] "GET /forest/img/buscar_procesos.gif HTTP/1.1" 304 -
201.245.192.253 - - [19/Jan/2015:09:09:21 -0500] "GET /forest/img/buscar_documentos.gif HTTP/1.1" 304 -
201.245.192.253 - - [19/Jan/2015:09:09:21 -0500] "GET /forest/img/misdocumentos.gif HTTP/1.1" 304 -
201.245.192.253 - - [19/Jan/2015:09:09:21 -0500] "GET /forest/skins/gdocs-jar/img/icons/pdf.gif HTTP/1.1" 304 -
201.245.192.253 - - [19/Jan/2015:09:09:21 -0500] "GET /forest/img/instanciar.gif HTTP/1.1" 304 -
201.245.192.253 - - [19/Jan/2015:09:09:21 -0500] "GET /forest/img/panel/menu/add.png HTTP/1.1" 304 -
201.245.192.253 - - [19/Jan/2015:09:09:21 -0500] "GET /forest/session.jsp?a=0.1741492983419448 HTTP/1.1" 200 4
201.245.192.253 - - [19/Jan/2015:09:09:21 -0500] "GET /isolucionsda/FrameSetGeneral.asp?Pagina=ListadoMaestroRegistros3.asp HTTP/1.1" 200 6630
201.245.192.253 - - [19/Jan/2015:09:09:21 -0500] "GET /forest/img/panel/menu/folder.png HTTP/1.1" 304 -
201.245.192.253 - - [19/Jan/2015:09:09:21 -0500] "GET /forest/img/panel/menu/hoy.png HTTP/1.1" 304 -
201.245.192.253 - - [19/Jan/2015:09:09:21 -0500] "GET /forest/img/panel/menu/danger2.png HTTP/1.1" 304 -
201.245.192.253 - - [19/Jan/2015:09:09:21 -0500] "GET /forest/skins/gdocs-jar/img/cancel.gif HTTP/1.1" 304 -
201.245.192.253 - - [19/Jan/2015:09:09:21 -0500] "GET /forest/img/fondo-barra.gif HTTP/1.1" 304 -
201.245.192.253 - - [19/Jan/2015:09:09:21 -0500] "GET /isolucionsda/BarraFavoritos.asp HTTP/1.1" 200 911
201.245.192.253 - - [19/Jan/2015:09:09:21 -0500] "GET /isolucionsda/ListadoMaestroRegistros3.asp?Pagina=ListadoMaestroRegistros3.asp HTTP/1.1" 200 11068
201.245.192.253 - - [19/Jan/2015:09:09:21 -0500] "GET /isolucionsda/Encabezado.asp?Pagina=ListadoMaestroRegistros3.asp HTTP/1.1" 200 15364
201.245.192.253 - - [19/Jan/2015:09:09:21 -0500] "GET /isolucionsda/BarraTitulos.asp?Pagina=ListadoMaestroRegistros3.asp HTTP/1.1" 200 6985
186.30.66.175 - - [19/Jan/2015:09:09:20 -0500] "POST /forms/lservlet;jsessionid=ac16012b30d507ed78d39db54749987abb7e8a5aa19d.e3iSbxaKaheRe34SahiRb30Pchr0n6jAmljGr5XDqQLvpAe HTTP/1.1" 503 1020
201.245.192.253 - - [19/Jan/2015:09:09:21 -0500] "GET /isolucionsda/Session.asp?Continue=1 HTTP/1.1" 200 6324
201.245.192.253 - - [19/Jan/2015:09:09:22 -0500] "GET /forest/misactividades.do?group_system_actual=3&codPro=95&_a=0.06436745322397719 HTTP/1.1" 200 38148
186.30.66.175 - - [19/Jan/2015:09:09:22 -0500] "POST /forms/lservlet;jsessionid=ac16012b30d507ed78d39db54749987abb7e8a5aa19d.e3iSbxaKaheRe34SahiRb30Pchr0n6jAmljGr5XDqQLvpAe HTTP/1.1" 503 1020
201.245.192.253 - - [19/Jan/2015:09:09:22 -0500] "GET /forest/js/jquery/jquery-latest.js HTTP/1.1" 304 -
201.245.192.253 - - [19/Jan/2015:09:09:22 -0500] "GET /forest/js/jquery/css/jquery-ui-selectmenu.css HTTP/1.1" 304 -
201.245.192.253 - - [19/Jan/2015:09:09:22 -0500] "GET /forest/js/jquery/css/jquery-ui-1.8.1.custom.css HTTP/1.1" 304 -
201.245.192.253 - - [19/Jan/2015:09:09:22 -0500] "GET /forest/js/jquery/grid/css/ui.multiselect.css HTTP/1.1" 304 -
201.245.192.253 - - [19/Jan/2015:09:09:23 -0500] "GET /forest/js/jquery/jquery.layout-latest.js HTTP/1.1" 304 -
201.245.192.253 - - [19/Jan/2015:09:09:23 -0500] "GET /forest/js/jquery/grid/css/ui.jqgrid.css HTTP/1.1" 304 -
201.245.192.253 - - [19/Jan/2015:09:09:23 -0500] "GET /forest/js/jquery/jquery-ui-latest.js HTTP/1.1" 304 -
201.245.192.253 - - [19/Jan/2015:09:09:23 -0500] "GET /forest/js/jquery/i18n/grid.locale-en.js HTTP/1.1" 304 -
201.245.192.253 - - [19/Jan/2015:09:09:23 -0500] "GET /forest/js/jquery/plugins/jquery.ui.selectmenu.js HTTP/1.1" 304 -
201.245.192.253 - - [19/Jan/2015:09:09:23 -0500] "GET /forest/js/jquery/plugins/ui.multiselect.js HTTP/1.1" 304 -
201.245.192.253 - - [19/Jan/2015:09:09:23 -0500] "GET /forest/js/jquery/plugins/jquery.tablednd.js HTTP/1.1" 304 -
201.245.192.253 - - [19/Jan/2015:09:09:23 -0500] "GET /forest/js/jquery/jquery.jqGrid.src.js HTTP/1.1" 304 -
201.245.192.253 - - [19/Jan/2015:09:09:23 -0500] "GET /forest/js/jquery/plugins/jquery.searchFilter.js HTTP/1.1" 304 -
201.245.192.253 - - [19/Jan/2015:09:09:23 -0500] "GET /forest/js/jquery/plugins/grid.setcolumns.js HTTP/1.1" 304 -
201.245.192.253 - - [19/Jan/2015:09:09:23 -0500] "GET /forest/js/jquery/plugins/jquery.contextmenu.js HTTP/1.1" 200 4443
201.245.192.253 - - [19/Jan/2015:09:09:23 -0500] "GET /forest/js/jqGridConf.js HTTP/1.1" 304 -
201.245.192.253 - - [19/Jan/2015:09:09:23 -0500] "GET /forest/session.jsp?a=0.6242142592091113 HTTP/1.1" 200 4
201.245.192.253 - - [19/Jan/2015:09:09:23 -0500] "GET /forest/skins/gdocs-jar/img/clip.gif HTTP/1.1" 304 -
201.245.192.253 - - [19/Jan/2015:09:09:23 -0500] "GET /forest/img/jquery/ui-bg_inset-hard_100_fcfdfd_1x100.png HTTP/1.1" 304 -
201.245.192.253 - - [19/Jan/2015:09:09:23 -0500] "GET /forest/img/jquery/ui-bg_glass_85_dfeffc_1x400.png HTTP/1.1" 200 50159
201.245.192.253 - - [19/Jan/2015:09:09:23 -0500] "GET /forest/img/jquery/ui-icons_469bdd_256x240.png HTTP/1.1" 304 -
201.245.192.253 - - [19/Jan/2015:09:09:23 -0500] "GET /forest/img/jquery/ui-icons_6da8d5_256x240.png HTTP/1.1" 304 -
201.245.192.253 - - [19/Jan/2015:09:09:23 -0500] "GET /forest/img/jquery/ui-bg_flat_0_aaaaaa_40x100.png HTTP/1.1" 304 -
201.245.192.253 - - [19/Jan/2015:09:09:23 -0500] "GET /forest/img/jquery/ui-bg_inset-hard_100_f5f8f9_1x100.png HTTP/1.1" 304 -
201.245.192.253 - - [19/Jan/2015:09:09:23 -0500] "GET /forest/img/jquery/ui-bg_gloss-wave_55_5c9ccc_500x100.png HTTP/1.1" 304 -
201.245.192.253 - - [19/Jan/2015:09:09:23 -0500] "GET /forest/img/jquery/quitarfiltrar.gif HTTP/1.1" 304 -
201.245.192.253 - - [19/Jan/2015:09:09:23 -0500] "GET /forest/img/jquery/save.gif HTTP/1.1" 304 -
201.245.192.253 - - [19/Jan/2015:09:09:23 -0500] "GET /forest/img/jquery/columnshide.gif HTTP/1.1" 304 -
201.245.192.253 - - [19/Jan/2015:09:09:23 -0500] "GET /forest/img/jquery/ui-icons_d8e7f3_256x240.png HTTP/1.1" 304 -
186.30.66.175 - - [19/Jan/2015:09:09:24 -0500] "POST /forms/lservlet;jsessionid=ac16012b30d507ed78d39db54749987abb7e8a5aa19d.e3iSbxaKaheRe34SahiRb30Pchr0n6jAmljGr5XDqQLvpAe HTTP/1.1" 503 1020
186.30.66.175 - - [19/Jan/2015:09:09:25 -0500] "POST /forms/lservlet;jsessionid=ac16012b30d507ed78d39db54749987abb7e8a5aa19d.e3iSbxaKaheRe34SahiRb30Pchr0n6jAmljGr5XDqQLvpAe HTTP/1.1" 503 1020
201.245.192.253 - - [19/Jan/2015:09:09:23 -0500] "POST /forest/misactividades.do?ajax=true&a=0.6877837150823325 HTTP/1.1" 200 7041
201.245.192.253 - - [19/Jan/2015:09:09:27 -0500] "GET /forest/img/newdocs.gif HTTP/1.1" 304 -
201.245.192.253 - - [19/Jan/2015:09:09:27 -0500] "GET /forest/skins/gdocs-jar/img/doc-alert.gif HTTP/1.1" 304 -
66.249.75.67 - - [19/Jan/2015:09:09:30 -0500] "GET /BLA/resoluciones/RESOLUCIONES%202003/RES%202003%20851-900/884.tif HTTP/1.1" 200 178912
201.245.192.253 - - [19/Jan/2015:09:09:30 -0500] "GET /forest/skins/gdocs-jar/popup/popup.jsp?width=1100&height=500&title=Buscar%20documentos&uri=/forest/buscar.do%3Ftype%3Ddocumentos&name=undefined&_a=0.8125468166545033&a=0.8004140346311033 HTTP/1.1" 200 1300
201.245.192.253 - - [19/Jan/2015:09:09:30 -0500] "GET /forest/buscar.do?type=documentos HTTP/1.1" 200 84420
201.245.192.253 - - [19/Jan/2015:09:09:30 -0500] "GET /forest/css/autocomplete.css?version=1412.231748 HTTP/1.1" 304 -
201.245.192.253 - - [19/Jan/2015:09:09:30 -0500] "GET /forest/1ibre/jscalendar/calendar-win2k-1.css HTTP/1.1" 304 -
201.245.192.253 - - [19/Jan/2015:09:09:30 -0500] "GET /forest/skins/gdocs-jar/css/tree.css?version=1412.231748 HTTP/1.1" 304 -
201.245.192.253 - - [19/Jan/2015:09:09:30 -0500] "GET /forest/js/autocompletar2.js?version=1412.231748 HTTP/1.1" 304 -
201.245.192.253 - - [19/Jan/2015:09:09:30 -0500] "GET /forest/js/sarissa.js?version=1412.231748 HTTP/1.1" 304 -
201.245.192.253 - - [19/Jan/2015:09:09:30 -0500] "GET /forest/js/dialog.js?version=1412.231748 HTTP/1.1" 304 -
201.245.192.253 - - [19/Jan/2015:09:09:30 -0500] "GET /forest/js/load_func.js?version=1412.231748 HTTP/1.1" 304 -
201.245.192.253 - - [19/Jan/2015:09:09:30 -0500] "GET /forest/js/escritorio/escritorio.js?version=1412.231748 HTTP/1.1" 304 -
201.245.192.253 - - [19/Jan/2015:09:09:30 -0500] "GET /forest/1ibre/protoaculous.js?version=1412.231748 HTTP/1.1" 304 -
201.245.192.253 - - [19/Jan/2015:09:09:30 -0500] "GET /forest/1ibre/jscalendar/calendar-setup.js?version=1412.231748 HTTP/1.1" 304 -
201.245.192.253 - - [19/Jan/2015:09:09:30 -0500] "GET /forest/1ibre/1ibre.js?version=1412.231748 HTTP/1.1" 304 -
201.245.192.253 - - [19/Jan/2015:09:09:30 -0500] "GET /forest/js/internJS.js?version=1412.231748 HTTP/1.1" 304 -
201.245.192.253 - - [19/Jan/2015:09:09:30 -0500] "GET /forest/1ibre/jscalendar/lang/calendar-es.js?version=1412.231748 HTTP/1.1" 304 -
201.245.192.253 - - [19/Jan/2015:09:09:30 -0500] "GET /forest/1ibre/jscalendar/calendar.js?version=1412.231748 HTTP/1.1" 304 -
201.245.192.253 - - [19/Jan/2015:09:09:30 -0500] "GET /forest/js/xml_utilities.js?version=1412.231748 HTTP/1.1" 304 -
201.245.192.253 - - [19/Jan/2015:09:09:30 -0500] "GET /forest/skins/gdocs-jar/img/select.gif HTTP/1.1" 304 -
201.245.192.253 - - [19/Jan/2015:09:09:30 -0500] "GET /forest/skins/gdocs-jar/img/top-search-icon.gif HTTP/1.1" 304 -
201.245.192.253 - - [19/Jan/2015:09:09:30 -0500] "GET /forest/skins/gdocs-jar/img/user_search.gif HTTP/1.1" 304 -
201.245.192.253 - - [19/Jan/2015:09:09:30 -0500] "GET /forest/1ibre/jscalendar/img.gif HTTP/1.1" 304 -
201.245.192.253 - - [19/Jan/2015:09:09:30 -0500] "GET /forest/json.do?query=usersByDep&coddep=7026 HTTP/1.1" 200 862
201.245.192.253 - - [19/Jan/2015:09:09:30 -0500] "GET /forest/json.do?query=versionListadas HTTP/1.1" 200 15
201.245.192.253 - - [19/Jan/2015:09:09:30 -0500] "GET /forest/skins/gdocs-jar/img/dependencia-tree.gif HTTP/1.1" 304 -
201.245.192.253 - - [19/Jan/2015:09:09:30 -0500] "GET /forest/1ibre/images/spacer.gif HTTP/1.1" 304 -
201.245.192.253 - - [19/Jan/2015:09:09:30 -0500] "GET /forest/json.do?query=usersByDep&coddep=7026 HTTP/1.1" 200 862
201.245.192.253 - - [19/Jan/2015:09:09:30 -0500] "GET /forest/1ibre/images/minus.gif HTTP/1.1" 304 -
201.245.192.253 - - [19/Jan/2015:09:09:30 -0500] "GET /forest/1ibre/images/plus.gif HTTP/1.1" 304 -
201.245.192.253 - - [19/Jan/2015:09:09:30 -0500] "GET /forest/json.do?query=procesIniciales HTTP/1.1" 200 10001
201.245.192.253 - - [19/Jan/2015:09:09:33 -0500] "POST /forest/buscar.do? HTTP/1.1" 200 5878
201.245.192.253 - - [19/Jan/2015:09:09:33 -0500] "GET /forest/css/escritorio.css HTTP/1.1" 304 -
201.245.192.253 - - [19/Jan/2015:09:09:33 -0500] "GET /forest/img/nav_first.gif HTTP/1.1" 304 -
201.245.192.253 - - [19/Jan/2015:09:09:33 -0500] "GET /forest/img/nav_prev.gif HTTP/1.1" 304 -
201.245.192.253 - - [19/Jan/2015:09:09:33 -0500] "GET /forest/img/nav_next.gif HTTP/1.1" 304 -
201.245.192.253 - - [19/Jan/2015:09:09:33 -0500] "GET /forest/skins/gdocs-jar/img/more_details.gif HTTP/1.1" 304 -
201.245.192.253 - - [19/Jan/2015:09:09:33 -0500] "GET /forest/img/nav_last.gif HTTP/1.1" 304 -
201.245.192.253 - - [19/Jan/2015:09:09:33 -0500] "GET /forest/skins/gdocs-jar/img/eye.gif HTTP/1.1" 304 -
201.245.192.253 - - [19/Jan/2015:09:09:35 -0500] "GET /forest/skins/gdocs-jar/popup/popup.jsp?width=900&height=600&title=Informaci%F3n%20de%20proceso&uri=/forest/system/process.jsp%3FnumPro%3D2928326&name=undefined&_a=0.931739832740277&a=0.7652447235304862 HTTP/1.1" 200 1312
201.245.192.253 - - [19/Jan/2015:09:09:35 -0500] "GET /forest/system/process.jsp?numPro=2928326 HTTP/1.1" 200 17496
201.245.192.253 - - [19/Jan/2015:09:09:36 -0500] "GET /forest/system/process.jsp?numPro=2928326 HTTP/1.1" 200 17496
201.245.192.253 - - [19/Jan/2015:09:09:36 -0500] "GET /forest/css/dialog.css HTTP/1.1" 304 -
201.245.192.253 - - [19/Jan/2015:09:09:36 -0500] "GET /forest/css/index.css HTTP/1.1" 304 -
201.245.192.253 - - [19/Jan/2015:09:09:36 -0500] "GET /forest/1ibre/protoaculous.js HTTP/1.1" 304 -
201.245.192.253 - - [19/Jan/2015:09:09:36 -0500] "GET /forest/1ibre/1ibre.js HTTP/1.1" 304 -
201.245.192.253 - - [19/Jan/2015:09:09:36 -0500] "GET /forest/skins/gdocs-jar/img/activity2.gif HTTP/1.1" 304 -
201.245.192.253 - - [19/Jan/2015:09:09:36 -0500] "GET /forest/skins/gdocs-jar/img/expandido.gif HTTP/1.1" 304 -
201.245.192.253 - - [19/Jan/2015:09:09:36 -0500] "GET /forest/skins/gdocs-jar/img/itemlist.gif HTTP/1.1" 304 -
201.245.192.253 - - [19/Jan/2015:09:09:36 -0500] "GET /forest/skins/gdocs-jar/img/mueveactividad.gif HTTP/1.1" 304 -
201.245.192.253 - - [19/Jan/2015:09:09:36 -0500] "POST /isolucionsda/ListadoMaestroRegistros3.asp HTTP/1.1" 200 12071
201.245.192.253 - - [19/Jan/2015:09:09:37 -0500] "GET /forest/documentos/1936992/2014ER166611.pdf HTTP/1.1" 200 79910
74.86.158.107 - - [19/Jan/2015:09:09:40 -0500] "HEAD / HTTP/1.1" 302 -
186.82.78.180 - - [19/Jan/2015:09:09:48 -0500] "GET /galeria/carrusel/Carrusel/jquery.thumbnailScroller.css HTTP/1.1" 200 2066
186.82.78.180 - - [19/Jan/2015:09:09:48 -0500] "GET /BLA/boletinlegal/js/jquery.scrollTo-min.js HTTP/1.1" 200 1150
186.82.78.180 - - [19/Jan/2015:09:09:48 -0500] "GET /BLA/boletinlegal/js/jquery.js HTTP/1.1" 200 57254
186.82.78.180 - - [19/Jan/2015:09:09:48 -0500] "GET /galeria/carrusel/Carrusel/jquery-ui-1.8.13.custom.min.js HTTP/1.1" 200 10800
186.82.78.180 - - [19/Jan/2015:09:09:48 -0500] "GET /BLA/boletinlegal/js/jquery.scrollShow.js HTTP/1.1" 200 4586
186.82.78.180 - - [19/Jan/2015:09:09:48 -0500] "GET /galeria/carrusel/Carrusel/jquery.thumbnailScroller.js HTTP/1.1" 200 8157
201.245.192.253 - - [19/Jan/2015:09:09:55 -0500] "POST /isolucionsda/ListadoMaestroRegistros3.asp HTTP/1.1" 200 11085
201.245.192.253 - - [19/Jan/2015:09:03:58 -0500] "GET /ForestMSG_SDA/channelAsync/template_word_17276338?X-Atmosphere-tracking-id=89fc5b18-5291-9957-51fc-1f3dd7f9ed0e&X-Atmosphere-Framework=1.0.5&X-Atmosphere-Transport=long-polling&tabid=0.0928294702898711&X-Cache-Date=0&Content-Type=application/xml&_=1421676649348 HTTP/1.1" 200 8193
201.245.192.253 - - [19/Jan/2015:09:09:59 -0500] "GET /forest/img/jquery/ui-bg_glass_75_d0e5f5_1x400.png HTTP/1.1" 304 -
201.245.192.253 - - [19/Jan/2015:09:10:04 -0500] "GET /forest/img/jquery/ui-bg_flat_55_fbec88_40x100.png HTTP/1.1" 304 -
201.245.192.253 - - [19/Jan/2015:09:10:05 -0500] "GET /forest/usutareas.do?_a=0.7477350016124547&group_system_actual=3 HTTP/1.1" 200 118630
201.245.192.253 - - [19/Jan/2015:09:10:06 -0500] "GET /forest/skins/gdocs-jar/js/tareas.js?version=1412.231748 HTTP/1.1" 304 -
201.245.192.253 - - [19/Jan/2015:09:10:06 -0500] "GET /forest/skins/gdocs-jar/img/desasociarUser.gif HTTP/1.1" 304 -
201.245.192.253 - - [19/Jan/2015:09:10:06 -0500] "GET /forest/skins/gdocs-jar/img/comments.gif HTTP/1.1" 304 -
201.245.192.253 - - [19/Jan/2015:09:10:06 -0500] "GET /forest/img/asociarUser.gif HTTP/1.1" 304 -
201.245.192.253 - - [19/Jan/2015:09:10:06 -0500] "GET /forest/skins/gdocs-jar/css/forms.css HTTP/1.1" 304 -
201.245.192.253 - - [19/Jan/2015:09:10:06 -0500] "GET /forest/skins/gdocs-jar/img/vertodossubprocesos.gif HTTP/1.1" 304 -
201.245.192.253 - - [19/Jan/2015:09:10:06 -0500] "GET /forest/skins/gdocs-jar/js/number-functions.js?version=1412.231748 HTTP/1.1" 304 -
201.245.192.253 - - [19/Jan/2015:09:10:06 -0500] "GET /forest/skins/gdocs-jar/js/formsBase.js?version=1412.231748 HTTP/1.1" 304 -
201.245.192.253 - - [19/Jan/2015:09:10:06 -0500] "GET /forest/skins/gdocs-jar/js/graphicForm.js?version=1412.231748 HTTP/1.1" 304 -
201.245.192.253 - - [19/Jan/2015:09:10:06 -0500] "GET /forest/skins/gdocs-jar/js/swfobject.js?version=1412.231748 HTTP/1.1" 304 -
201.245.192.253 - - [19/Jan/2015:09:10:06 -0500] "GET /forest/skins/gdocs-jar/img/actividad2.gif HTTP/1.1" 304 -
201.245.192.253 - - [19/Jan/2015:09:10:06 -0500] "GET /forest/skins/gdocs-jar/img/plus.gif HTTP/1.1" 304 -
201.245.192.253 - - [19/Jan/2015:09:10:06 -0500] "GET /forest/skins/gdocs-jar/img/print.gif HTTP/1.1" 304 -
201.245.192.253 - - [19/Jan/2015:09:10:06 -0500] "GET /forest/skins/gdocs-jar/img/pencil.png HTTP/1.1" 304 -
201.245.192.253 - - [19/Jan/2015:09:10:06 -0500] "GET /forest/skins/gdocs-jar/img/minus.png HTTP/1.1" 304 -
201.245.192.253 - - [19/Jan/2015:09:10:06 -0500] "GET /forest/skins/gdocs-jar/img/alert.gif HTTP/1.1" 304 -
201.245.192.253 - - [19/Jan/2015:09:10:06 -0500] "GET /forest/skins/gdocs-jar/img/disk.png HTTP/1.1" 304 -
201.245.192.253 - - [19/Jan/2015:09:10:06 -0500] "GET /forest/skins/gdocs-jar/img/control-double.png HTTP/1.1" 304 -
201.245.192.253 - - [19/Jan/2015:09:10:06 -0500] "GET /forest/skins/gdocs-jar/img/close.gif HTTP/1.1" 304 -
201.245.192.253 - - [19/Jan/2015:09:10:06 -0500] "GET /forest/skins/gdocs-jar/img/spacer.gif HTTP/1.1" 304 -
201.245.192.253 - - [19/Jan/2015:09:10:06 -0500] "GET /forest/skins/gdocs-jar/img/prev.gif HTTP/1.1" 304 -
201.245.192.253 - - [19/Jan/2015:09:10:06 -0500] "GET /forest/skins/gdocs-jar/img/icons/docx.gif HTTP/1.1" 304 -
201.245.192.253 - - [19/Jan/2015:09:10:06 -0500] "GET /forest/session.jsp?a=0.40445017884485424 HTTP/1.1" 200 4
201.245.192.253 - - [19/Jan/2015:09:10:06 -0500] "GET /forest/skins/gdocs-jar/img/bgPanel.jpg HTTP/1.1" 304 -
201.245.192.253 - - [19/Jan/2015:09:10:06 -0500] "GET /forest/skins/gdocs-jar/img/green.gif HTTP/1.1" 304 -
201.244.55.205 - - [19/Jan/2015:09:10:07 -0500] "GET /isolucionsda/bancoconocimiento/E/ElaboracionEstadosFinancieros_v2/ElaboracionEstadosFinancieros_v2.asp?IdArticulo=389 HTTP/1.1" 200 41654
201.244.55.205 - - [19/Jan/2015:09:10:07 -0500] "GET /isolucionsda/g/vacio1x1.gif HTTP/1.1" 404 5195
190.84.185.167 - - [19/Jan/2015:09:10:07 -0500] "GET /forest/skins/gdocs-jar/popup/popup.jsp?width=1100&height=500&title=Buscar%20documentos&uri=/forest/buscar.do%3Ftype%3Ddocumentos&name=undefined&_a=0.26655242848210037&a=0.5023088201414794 HTTP/1.1" 200 1300
190.84.185.167 - - [19/Jan/2015:09:10:07 -0500] "GET /forest/buscar.do?type=documentos HTTP/1.1" 200 84420
190.84.185.167 - - [19/Jan/2015:09:10:08 -0500] "GET /forest/json.do?query=usersByDep&coddep=2013 HTTP/1.1" 200 6059
190.84.185.167 - - [19/Jan/2015:09:10:08 -0500] "GET /forest/json.do?query=versionListadas HTTP/1.1" 200 15
190.84.185.167 - - [19/Jan/2015:09:10:08 -0500] "GET /forest/json.do?query=usersByDep&coddep=2013 HTTP/1.1" 200 6059
190.84.185.167 - - [19/Jan/2015:09:10:08 -0500] "GET /forest/json.do?query=procesIniciales HTTP/1.1" 200 10001
190.84.185.167 - - [19/Jan/2015:09:10:16 -0500] "POST /forest/buscar.do? HTTP/1.1" 200 8628
190.60.205.104 - - [19/Jan/2015:09:10:17 -0500] "GET /galeria/nivo-slider/demo/demo.html HTTP/1.1" 304 -
190.60.205.104 - - [19/Jan/2015:09:10:17 -0500] "GET /galeria/nivo-slider/demo/images/bolsas-08.jpg HTTP/1.1" 304 -
190.60.205.104 - - [19/Jan/2015:09:10:17 -0500] "GET /galeria/nivo-slider/demo/images/bolsas-06.jpg HTTP/1.1" 304 -
190.60.205.104 - - [19/Jan/2015:09:10:18 -0500] "GET /galeria/nivo-slider/demo/images/Ruta-vertimientos-01.jpg HTTP/1.1" 304 -
201.245.192.253 - - [19/Jan/2015:09:10:18 -0500] "GET /forest/documentos/1997345/2015IE04971.docx HTTP/1.1" 200 178143
201.244.55.205 - - [19/Jan/2015:09:10:20 -0500] "GET /isolucionsda/bancoconocimiento/R/RegistrodeMovimientosyControldeAlmacen_v2/RegistrodeMovimientosyControldeAlmacen_v2.asp?IdArticulo=391 HTTP/1.1" 200 40006
201.244.55.205 - - [19/Jan/2015:09:10:21 -0500] "GET /isolucionsda/g/vacio1x1.gif HTTP/1.1" 404 5195
186.145.76.225 - - [19/Jan/2015:09:10:27 -0500] "GET /BLA/boletinlegal/js/jquery.js HTTP/1.1" 200 57254
186.145.76.225 - - [19/Jan/2015:09:10:27 -0500] "GET /BLA/boletinlegal/js/jquery.scrollShow.js HTTP/1.1" 200 4586
186.145.76.225 - - [19/Jan/2015:09:10:27 -0500] "GET /BLA/boletinlegal/js/jquery.scrollTo-min.js HTTP/1.1" 200 1150
186.145.76.225 - - [19/Jan/2015:09:10:27 -0500] "GET /galeria/carrusel/Carrusel/jquery.thumbnailScroller.css HTTP/1.1" 200 2066
186.145.76.225 - - [19/Jan/2015:09:10:27 -0500] "GET /galeria/carrusel/Carrusel/jquery-ui-1.8.13.custom.min.js HTTP/1.1" 200 10800
186.145.76.225 - - [19/Jan/2015:09:10:27 -0500] "GET /galeria/carrusel/Carrusel/jquery.thumbnailScroller.js HTTP/1.1" 200 8157
186.145.76.225 - - [19/Jan/2015:09:10:30 -0500] "GET /galeria/nivo-slider/demo/demo.html HTTP/1.1" 200 3150
186.145.76.225 - - [19/Jan/2015:09:10:30 -0500] "GET /galeria/nivo-slider/themes/default/default.css HTTP/1.1" 200 1569
186.145.76.225 - - [19/Jan/2015:09:10:30 -0500] "GET /galeria/nivo-slider/themes/orman/orman.css HTTP/1.1" 200 2152
186.145.76.225 - - [19/Jan/2015:09:10:30 -0500] "GET /galeria/nivo-slider/nivo-slider.css HTTP/1.1" 200 1507
186.145.76.225 - - [19/Jan/2015:09:10:30 -0500] "GET /galeria/nivo-slider/themes/pascal/pascal.css HTTP/1.1" 200 2258
186.145.76.225 - - [19/Jan/2015:09:10:30 -0500] "GET /galeria/nivo-slider/demo/style.css HTTP/1.1" 200 2222
186.145.76.225 - - [19/Jan/2015:09:10:30 -0500] "GET /galeria/nivo-slider/demo/scripts/jquery-1.7.1.min.js HTTP/1.1" 200 93868
186.145.76.225 - - [19/Jan/2015:09:10:30 -0500] "GET /galeria/nivo-slider/jquery.nivo.slider.pack.js HTTP/1.1" 200 11561
186.145.76.225 - - [19/Jan/2015:09:10:30 -0500] "GET /galeria/nivo-slider/demo/images/bolsas-06.jpg HTTP/1.1" 200 90982
186.145.76.225 - - [19/Jan/2015:09:10:30 -0500] "GET /galeria/nivo-slider/demo/images/bolsas-08.jpg HTTP/1.1" 200 85589
186.145.76.225 - - [19/Jan/2015:09:10:30 -0500] "GET /galeria/nivo-slider/demo/images/Ruta-vertimientos-01.jpg HTTP/1.1" 200 130151
186.145.76.225 - - [19/Jan/2015:09:10:30 -0500] "GET /galeria/nivo-slider/demo/images/ecolecta-Dic2014.png HTTP/1.1" 200 288593
186.145.76.225 - - [19/Jan/2015:09:10:30 -0500] "GET /galeria/nivo-slider/demo/images/porloshumedales.jpg HTTP/1.1" 200 351238
186.145.76.225 - - [19/Jan/2015:09:10:31 -0500] "GET /galeria/nivo-slider/demo/images/Tingua-azul.jpg HTTP/1.1" 200 307638
186.145.76.225 - - [19/Jan/2015:09:10:31 -0500] "GET /galeria/nivo-slider/demo/images/Banner-Caracol-Africano.jpg HTTP/1.1" 200 331986
186.145.76.225 - - [19/Jan/2015:09:10:31 -0500] "GET /galeria/nivo-slider/demo/images/banner-redes.jpg HTTP/1.1" 200 62209
186.145.76.225 - - [19/Jan/2015:09:10:32 -0500] "GET /galeria/nivo-slider/themes/default/loading.gif HTTP/1.1" 200 1737
186.145.76.225 - - [19/Jan/2015:09:10:33 -0500] "GET /galeria/nivo-slider/demo/images/4Simple_Slider.png HTTP/1.1" 200 11722
186.145.76.225 - - [19/Jan/2015:09:10:33 -0500] "GET /galeria/nivo-slider/demo/images/9Signos.jpg HTTP/1.1" 200 93040
186.145.76.225 - - [19/Jan/2015:09:10:33 -0500] "GET /galeria/nivo-slider/demo/images/banner-llantas2.jpg HTTP/1.1" 200 73153
186.145.76.225 - - [19/Jan/2015:09:10:33 -0500] "GET /galeria/nivo-slider/demo/images/banner-caballos.png HTTP/1.1" 200 389106
186.145.76.225 - - [19/Jan/2015:09:10:34 -0500] "GET /galeria/nivo-slider/themes/default/arrows.png HTTP/1.1" 200 824
186.145.76.225 - - [19/Jan/2015:09:10:34 -0500] "GET /galeria/nivo-slider/themes/default/bullets.png HTTP/1.1" 200 1281
201.245.192.253 - - [19/Jan/2015:09:04:34 -0500] "GET /ForestMSG_SDA/channelAsync/template_word_17299904?X-Atmosphere-tracking-id=fe91b78d-ee67-1934-3b2d-ee14d2132094&X-Atmosphere-Framework=1.0.5&X-Atmosphere-Transport=long-polling&tabid=0.6564704347401857&X-Cache-Date=0&Content-Type=application/xml&_=1421676465695 HTTP/1.1" 200 8193
201.245.192.253 - - [19/Jan/2015:09:10:40 -0500] "GET /forest/session.jsp?a=0.7218633773590428 HTTP/1.1" 200 5
201.245.192.253 - - [19/Jan/2015:09:10:40 -0500] "GET /forest/login.jsp?a=0.299530838171457 HTTP/1.1" 200 2996
201.245.192.253 - - [19/Jan/2015:09:10:42 -0500] "GET /forest/session.jsp?a=0.5548142492771149 HTTP/1.1" 200 4
186.82.78.180 - - [19/Jan/2015:09:10:59 -0500] "GET /galeria/nivo-slider/demo/demo.html HTTP/1.1" 200 3150
186.82.78.180 - - [19/Jan/2015:09:11:06 -0500] "GET /galeria/nivo-slider/themes/orman/orman.css HTTP/1.1" 200 2152
186.82.78.180 - - [19/Jan/2015:09:11:06 -0500] "GET /galeria/nivo-slider/themes/pascal/pascal.css HTTP/1.1" 200 2258
186.82.78.180 - - [19/Jan/2015:09:11:06 -0500] "GET /galeria/nivo-slider/nivo-slider.css HTTP/1.1" 200 1507
186.82.78.180 - - [19/Jan/2015:09:11:06 -0500] "GET /galeria/nivo-slider/demo/style.css HTTP/1.1" 200 2222
186.82.78.180 - - [19/Jan/2015:09:11:07 -0500] "GET /galeria/nivo-slider/themes/default/default.css HTTP/1.1" 200 1569
186.82.78.180 - - [19/Jan/2015:09:11:07 -0500] "GET /galeria/nivo-slider/demo/scripts/jquery-1.7.1.min.js HTTP/1.1" 200 93868
186.82.78.180 - - [19/Jan/2015:09:11:07 -0500] "GET /galeria/nivo-slider/jquery.nivo.slider.pack.js HTTP/1.1" 200 11561
186.82.78.180 - - [19/Jan/2015:09:11:08 -0500] "GET /galeria/nivo-slider/demo/images/4Simple_Slider.png HTTP/1.1" 200 11722
186.82.78.180 - - [19/Jan/2015:09:11:08 -0500] "GET /galeria/nivo-slider/themes/default/loading.gif HTTP/1.1" 200 1737
186.82.78.180 - - [19/Jan/2015:09:11:11 -0500] "GET /galeria/nivo-slider/demo/images/bolsas-08.jpg HTTP/1.1" 200 85589
186.82.78.180 - - [19/Jan/2015:09:11:16 -0500] "GET /galeria/nivo-slider/demo/images/Ruta-vertimientos-01.jpg HTTP/1.1" 200 130151
190.252.109.110 - - [19/Jan/2015:09:11:19 -0500] "GET /BLA/resoluciones/AUTOS%202010/5321.pdf HTTP/1.1" 200 267565
190.252.109.110 - - [19/Jan/2015:09:11:20 -0500] "GET /BLA/resoluciones/AUTOS%202010/5321.pdf HTTP/1.1" 206 32768
190.252.109.110 - - [19/Jan/2015:09:11:21 -0500] "GET /BLA/resoluciones/AUTOS%202010/5321.pdf HTTP/1.1" 206 234797
190.252.109.110 - - [19/Jan/2015:09:11:22 -0500] "GET /favicon.ico HTTP/1.1" 200 7782
186.82.78.180 - - [19/Jan/2015:09:11:28 -0500] "GET /galeria/nivo-slider/demo/images/bolsas-06.jpg HTTP/1.1" 200 90982
201.245.192.253 - - [19/Jan/2015:09:11:29 -0500] "GET /forest/usudocumentos.do?_a=0.5193782644346356&group_system_actual=3 HTTP/1.1" 200 93169
201.245.192.253 - - [19/Jan/2015:09:11:29 -0500] "GET /forest/skins/gdocs-jar/js/documentos.js?version=1412.231748 HTTP/1.1" 304 -
201.245.192.253 - - [19/Jan/2015:09:11:29 -0500] "GET /forest/skins/gdocs-jar/js/popup.js?version=1412.231748 HTTP/1.1" 304 -
201.245.192.253 - - [19/Jan/2015:09:11:29 -0500] "GET /forest/skins/gdocs-jar/css/switch.css HTTP/1.1" 502 1218
201.245.192.253 - - [19/Jan/2015:09:11:29 -0500] "GET /forest/skins/gdocs-jar/img/verComentario.gif HTTP/1.1" 502 1232
201.245.192.253 - - [19/Jan/2015:09:11:29 -0500] "GET /forest/skins/gdocs-jar/img/edit.gif HTTP/1.1" 304 -
201.245.192.253 - - [19/Jan/2015:09:11:29 -0500] "GET /forest/skins/gdocs-jar/js/grid.js?version=1412.231748 HTTP/1.1" 304 -
201.245.192.253 - - [19/Jan/2015:09:11:29 -0500] "GET /forest/skins/gdocs-jar/img/hojaruta.gif HTTP/1.1" 304 -
201.245.192.253 - - [19/Jan/2015:09:11:29 -0500] "GET /forest/skins/gdocs-jar/img/copy.gif HTTP/1.1" 502 1214
201.245.192.253 - - [19/Jan/2015:09:11:29 -0500] "GET /forest/skins/gdocs-jar/img/assign-document.gif HTTP/1.1" 304 -
201.245.192.253 - - [19/Jan/2015:09:11:29 -0500] "GET /forest/skins/gdocs-jar/img/editarComentario.gif HTTP/1.1" 304 -
201.245.192.253 - - [19/Jan/2015:09:11:29 -0500] "GET /forest/skins/gdocs-jar/img/fondo-barra.gif HTTP/1.1" 304 -
201.245.192.253 - - [19/Jan/2015:09:11:29 -0500] "GET /forest/skins/gdocs-jar/img/cut.gif HTTP/1.1" 304 -
201.245.192.253 - - [19/Jan/2015:09:11:29 -0500] "GET /forest/skins/gdocs-jar/img/asignar-user.gif HTTP/1.1" 304 -
201.245.192.253 - - [19/Jan/2015:09:11:29 -0500] "GET /forest/skins/gdocs-jar/img/sendmail.gif HTTP/1.1" 304 -
201.245.192.253 - - [19/Jan/2015:09:11:29 -0500] "GET /forest/skins/gdocs-jar/img/veranexos.gif HTTP/1.1" 304 -
201.245.192.253 - - [19/Jan/2015:09:11:29 -0500] "GET /forest/skins/gdocs-jar/img/files_numpro.png HTTP/1.1" 304 -
201.245.192.253 - - [19/Jan/2015:09:11:29 -0500] "GET /forest/skins/gdocs-jar/img/document_add.gif HTTP/1.1" 502 1230
201.245.192.253 - - [19/Jan/2015:09:11:29 -0500] "GET /forest/skins/gdocs-jar/img/historial.gif HTTP/1.1" 304 -
201.245.192.253 - - [19/Jan/2015:09:11:29 -0500] "GET /forest/skins/gdocs-jar/img/files_exp.png HTTP/1.1" 502 1224
201.245.192.253 - - [19/Jan/2015:09:11:29 -0500] "GET /forest/skins/gdocs-jar/img/eliminar.gif HTTP/1.1" 304 -
201.245.192.253 - - [19/Jan/2015:09:11:29 -0500] "GET /forest/img/back.gif HTTP/1.1" 304 -
201.245.192.253 - - [19/Jan/2015:09:11:29 -0500] "GET /forest/skins/gdocs-jar/img/grid-prev.gif HTTP/1.1" 304 -
201.245.192.253 - - [19/Jan/2015:09:11:29 -0500] "GET /forest/skins/gdocs-jar/img/grid-next.gif HTTP/1.1" 304 -
201.245.192.253 - - [19/Jan/2015:09:11:29 -0500] "GET /forest/skins/gdocs-jar/img/grid-first.gif HTTP/1.1" 304 -
201.245.192.253 - - [19/Jan/2015:09:11:29 -0500] "GET /forest/skins/gdocs-jar/img/grid-last.gif HTTP/1.1" 304 -
201.245.192.253 - - [19/Jan/2015:09:11:29 -0500] "GET /forest/skins/gdocs-jar/img/eye.gif HTTP/1.1" 304 -
201.245.192.253 - - [19/Jan/2015:09:11:29 -0500] "GET /forest/skins/gdocs-jar/img/more_details.gif HTTP/1.1" 304 -
201.245.192.253 - - [19/Jan/2015:09:11:29 -0500] "GET /forest/session.jsp?a=0.4395927677396685 HTTP/1.1" 200 4
186.84.51.21 - - [19/Jan/2015:09:11:30 -0500] "GET /forms/frmservlet?config=sia HTTP/1.1" 200 4028
201.245.192.253 - - [19/Jan/2015:09:11:32 -0500] "GET /forest/skins/gdocs-jar/jsp/escritorio/usudocumentos-adj.jsp?codDoc=1997345&a=0.7418497407343239 HTTP/1.1" 200 2036
186.84.51.21 - - [19/Jan/2015:09:11:32 -0500] "GET /forms/java/frmall_jinit.jar HTTP/1.1" 304 -
186.84.51.21 - - [19/Jan/2015:09:11:32 -0500] "GET /forms/java/icons.jar HTTP/1.1" 304 -
186.84.51.21 - - [19/Jan/2015:09:11:32 -0500] "GET /forms/java/java/awt/KeyboardFocusManager.class HTTP/1.1" 404 352
179.33.234.232 - - [19/Jan/2015:09:11:32 -0500] "GET /forest/session.jsp?a=0.9270813742099783 HTTP/1.1" 200 4
186.84.51.21 - - [19/Jan/2015:09:11:32 -0500] "GET /forms/java/java/awt/KeyboardFocusManager.class HTTP/1.1" 404 352
186.84.51.21 - - [19/Jan/2015:09:11:33 -0500] "GET /forms/java/java/awt/event/MouseWheelListener.class HTTP/1.1" 404 356
186.84.51.21 - - [19/Jan/2015:09:11:33 -0500] "GET /forms/java/java/awt/event/MouseWheelListener.class HTTP/1.1" 404 356
186.84.51.21 - - [19/Jan/2015:09:11:33 -0500] "GET /forms/java/oracle/forms/registry/Registry.dat HTTP/1.1" 200 4213
186.84.51.21 - - [19/Jan/2015:09:11:33 -0500] "GET /forms/java/oracle/forms/registry/default.dat HTTP/1.1" 404 350
186.84.51.21 - - [19/Jan/2015:09:11:34 -0500] "GET /forms/frmservlet?config=sia&acceptLanguage=es-CO&ifcmd=startsession HTTP/1.1" 200 118
186.84.51.21 - - [19/Jan/2015:09:11:34 -0500] "GET /forms/lservlet;jsessionid=ac16012b30d50044d4e719d84af1a062b1b8bfe1f5c4.e3iSbxaKaheRe38RbNmLa3mSc41ynknvrkLOlQzNp65In0?ifcmd=getinfo&ifhost=y78&ifip=192.168.0.4 HTTP/1.1" 200 8
186.84.51.21 - - [19/Jan/2015:09:11:34 -0500] "POST /forms/lservlet;jsessionid=ac16012b30d50044d4e719d84af1a062b1b8bfe1f5c4.e3iSbxaKaheRe38RbNmLa3mSc41ynknvrkLOlQzNp65In0 HTTP/1.1" 200 8
186.84.51.21 - - [19/Jan/2015:09:11:35 -0500] "GET /forms/java/oracle/forms/engine/RunformBundle_es_CO.class HTTP/1.1" 404 362
186.84.51.21 - - [19/Jan/2015:09:11:35 -0500] "GET /forms/java/oracle/forms/engine/RunformBundle_es_CO.class HTTP/1.1" 404 362
186.84.51.21 - - [19/Jan/2015:09:11:35 -0500] "GET /forms/java/oracle/forms/engine/RunformBundle_es_CO.properties HTTP/1.1" 404 367
186.82.78.180 - - [19/Jan/2015:09:11:35 -0500] "GET /galeria/nivo-slider/demo/images/ecolecta-Dic2014.png HTTP/1.1" 200 288593
186.82.78.180 - - [19/Jan/2015:09:11:35 -0500] "GET /galeria/nivo-slider/demo/images/porloshumedales.jpg HTTP/1.1" 200 351238
186.84.51.21 - - [19/Jan/2015:09:11:35 -0500] "POST /forms/lservlet;jsessionid=ac16012b30d50044d4e719d84af1a062b1b8bfe1f5c4.e3iSbxaKaheRe38RbNmLa3mSc41ynknvrkLOlQzNp65In0 HTTP/1.1" 200 64000
186.84.51.21 - - [19/Jan/2015:09:11:36 -0500] "POST /forms/lservlet;jsessionid=ac16012b30d50044d4e719d84af1a062b1b8bfe1f5c4.e3iSbxaKaheRe38RbNmLa3mSc41ynknvrkLOlQzNp65In0 HTTP/1.1" 200 64000
