201.216.46.228 - - [20/Jan/2015:00:18:52 -0500] "GET /galeria/nivo-slider/demo/images/4Simple_Slider.png HTTP/1.1" 200 11722
201.216.46.228 - - [20/Jan/2015:00:18:52 -0500] "GET /galeria/nivo-slider/themes/default/loading.gif HTTP/1.1" 200 1737
201.216.46.228 - - [20/Jan/2015:00:18:52 -0500] "GET /galeria/nivo-slider/demo/images/Ruta-vertimientos-01.jpg HTTP/1.1" 200 130151
201.216.46.228 - - [20/Jan/2015:00:18:52 -0500] "GET /galeria/nivo-slider/demo/images/bolsas-06.jpg HTTP/1.1" 200 90982
201.216.46.228 - - [20/Jan/2015:00:18:53 -0500] "GET /galeria/nivo-slider/demo/images/ecolecta-Dic2014.png HTTP/1.1" 200 288593
201.216.46.228 - - [20/Jan/2015:00:18:53 -0500] "GET /galeria/nivo-slider/demo/images/porloshumedales.jpg HTTP/1.1" 200 351238
201.216.46.228 - - [20/Jan/2015:00:18:53 -0500] "GET /galeria/nivo-slider/demo/images/Tingua-azul.jpg HTTP/1.1" 200 307638
201.216.46.228 - - [20/Jan/2015:00:18:54 -0500] "GET /galeria/nivo-slider/demo/images/Banner-Caracol-Africano.jpg HTTP/1.1" 200 331986
201.216.46.228 - - [20/Jan/2015:00:18:55 -0500] "GET /galeria/nivo-slider/demo/images/banner-redes.jpg HTTP/1.1" 200 62209
201.216.46.228 - - [20/Jan/2015:00:18:55 -0500] "GET /galeria/nivo-slider/demo/images/9Signos.jpg HTTP/1.1" 200 93040
201.216.46.228 - - [20/Jan/2015:00:18:55 -0500] "GET /galeria/nivo-slider/demo/images/banner-llantas2.jpg HTTP/1.1" 200 73153
201.216.46.228 - - [20/Jan/2015:00:18:55 -0500] "GET /galeria/nivo-slider/demo/images/banner-caballos.png HTTP/1.1" 200 389106
201.216.46.228 - - [20/Jan/2015:00:18:57 -0500] "GET /galeria/nivo-slider/themes/default/arrows.png HTTP/1.1" 200 824
201.216.46.228 - - [20/Jan/2015:00:18:57 -0500] "GET /galeria/nivo-slider/themes/default/bullets.png HTTP/1.1" 200 1281
66.249.75.83 - - [20/Jan/2015:00:18:57 -0500] "GET /BLA/resoluciones/index.php?dir=RESOLUCIONES+2007%2FRES+2007+2801+AL+2900%2F HTTP/1.1" 200 26859
66.249.69.79 - - [20/Jan/2015:00:19:02 -0500] "GET /ecodirectorio/files/res/languages/pl/download.xml HTTP/1.1" 200 374
201.245.246.9 - - [20/Jan/2015:00:19:10 -0500] "POST /forms/lservlet;jsessionid=ac16012b30d51fa0975d68814e3d98bbaa5864a861c4.e3iSbxaKaheRe38RbNmLa3mSc41ynknvrkLOlQzNp65In0 HTTP/1.1" 200 2
201.216.46.228 - - [20/Jan/2015:00:19:15 -0500] "GET /BLA/boletinlegal/style.css HTTP/1.1" 200 9406
201.216.46.228 - - [20/Jan/2015:00:19:15 -0500] "GET /BLA/boletinlegal/styles2.css HTTP/1.1" 200 1838
201.216.46.228 - - [20/Jan/2015:00:19:15 -0500] "GET /BLA/boletinlegal/images/cabezote%20BLEGAL.jpg HTTP/1.1" 200 118164
201.216.46.228 - - [20/Jan/2015:00:19:15 -0500] "GET /BLA/boletinlegal/images/nuevo.gif HTTP/1.1" 200 26475
201.216.46.228 - - [20/Jan/2015:00:19:15 -0500] "GET /BLA/boletinlegal/images/historia.png HTTP/1.1" 200 52775
201.216.46.228 - - [20/Jan/2015:00:19:15 -0500] "GET /BLA/boletinlegal/images/arr_l.jpg HTTP/1.1" 200 1979
201.216.46.228 - - [20/Jan/2015:00:19:15 -0500] "GET /BLA/boletinlegal/images/subscribe-icon-big.png HTTP/1.1" 200 47702
201.216.46.228 - - [20/Jan/2015:00:19:15 -0500] "GET /BLA/boletinlegal/images/body_bg.jpg HTTP/1.1" 200 1601
201.216.46.228 - - [20/Jan/2015:00:19:15 -0500] "GET /BLA/boletinlegal/images/menu_rght.gif HTTP/1.1" 200 1627
201.216.46.228 - - [20/Jan/2015:00:19:15 -0500] "GET /BLA/boletinlegal/images/menu_lft.gif HTTP/1.1" 200 1713
201.216.46.228 - - [20/Jan/2015:00:19:15 -0500] "GET /BLA/boletinlegal/images/bg_top.jpg HTTP/1.1" 200 522
201.216.46.228 - - [20/Jan/2015:00:19:15 -0500] "GET /BLA/boletinlegal/images/menu_bg.jpg HTTP/1.1" 200 620
201.216.46.228 - - [20/Jan/2015:00:19:15 -0500] "GET /BLA/boletinlegal/images/screen_2.png HTTP/1.1" 200 362502
201.216.46.228 - - [20/Jan/2015:00:19:15 -0500] "GET /BLA/boletinlegal/images/screen_3.png HTTP/1.1" 200 211853
201.216.46.228 - - [20/Jan/2015:00:19:15 -0500] "GET /BLA/boletinlegal/images/screen_5.png HTTP/1.1" 200 368876
201.216.46.228 - - [20/Jan/2015:00:19:15 -0500] "GET /BLA/boletinlegal/images/text.jpg HTTP/1.1" 200 568
201.216.46.228 - - [20/Jan/2015:00:19:15 -0500] "GET /BLA/boletinlegal/images/launch.jpg HTTP/1.1" 200 14577
201.216.46.228 - - [20/Jan/2015:00:19:15 -0500] "GET /BLA/boletinlegal/images/arr_r.jpg HTTP/1.1" 200 1998
201.216.46.228 - - [20/Jan/2015:00:19:16 -0500] "GET /BLA/boletinlegal/images/hover.jpg HTTP/1.1" 200 640
201.216.46.228 - - [20/Jan/2015:00:19:16 -0500] "GET /BLA/boletinlegal/images/screen_1.png HTTP/1.1" 200 202547
201.216.46.228 - - [20/Jan/2015:00:19:16 -0500] "GET /BLA/boletinlegal/images/footer_bg.jpg HTTP/1.1" 200 586
201.245.246.9 - - [20/Jan/2015:00:19:16 -0500] "POST /forms/lservlet;jsessionid=ac16012b30d51fa0975d68814e3d98bbaa5864a861c4.e3iSbxaKaheRe38RbNmLa3mSc41ynknvrkLOlQzNp65In0 HTTP/1.1" 200 78
201.245.246.9 - - [20/Jan/2015:00:19:18 -0500] "POST /forms/lservlet;jsessionid=ac16012b30d51fa0975d68814e3d98bbaa5864a861c4.e3iSbxaKaheRe38RbNmLa3mSc41ynknvrkLOlQzNp65In0 HTTP/1.1" 200 2
201.245.246.9 - - [20/Jan/2015:00:19:18 -0500] "POST /forms/lservlet;jsessionid=ac16012b30d51fa0975d68814e3d98bbaa5864a861c4.e3iSbxaKaheRe38RbNmLa3mSc41ynknvrkLOlQzNp65In0 HTTP/1.1" 200 2809
201.245.246.9 - - [20/Jan/2015:00:19:18 -0500] "POST /forms/lservlet;jsessionid=ac16012b30d51fa0975d68814e3d98bbaa5864a861c4.e3iSbxaKaheRe38RbNmLa3mSc41ynknvrkLOlQzNp65In0 HTTP/1.1" 200 2
201.245.246.9 - - [20/Jan/2015:00:19:19 -0500] "POST /forms/lservlet;jsessionid=ac16012b30d51fa0975d68814e3d98bbaa5864a861c4.e3iSbxaKaheRe38RbNmLa3mSc41ynknvrkLOlQzNp65In0 HTTP/1.1" 200 2
201.245.246.9 - - [20/Jan/2015:00:19:19 -0500] "POST /forms/lservlet;jsessionid=ac16012b30d51fa0975d68814e3d98bbaa5864a861c4.e3iSbxaKaheRe38RbNmLa3mSc41ynknvrkLOlQzNp65In0 HTTP/1.1" 200 3462
201.245.246.9 - - [20/Jan/2015:00:19:19 -0500] "POST /forms/lservlet;jsessionid=ac16012b30d51fa0975d68814e3d98bbaa5864a861c4.e3iSbxaKaheRe38RbNmLa3mSc41ynknvrkLOlQzNp65In0 HTTP/1.1" 200 2
66.249.75.67 - - [20/Jan/2015:00:19:20 -0500] "GET /BLA/resoluciones/AUTOS%202013/0944.pdf HTTP/1.1" 304 -
201.245.246.9 - - [20/Jan/2015:00:19:22 -0500] "POST /forms/lservlet;jsessionid=ac16012b30d51fa0975d68814e3d98bbaa5864a861c4.e3iSbxaKaheRe38RbNmLa3mSc41ynknvrkLOlQzNp65In0 HTTP/1.1" 200 101
201.216.46.228 - - [20/Jan/2015:00:19:23 -0500] "GET /BLA/boletinlegal/norma_menu.php HTTP/1.1" 200 5286
201.216.46.228 - - [20/Jan/2015:00:19:23 -0500] "GET /BLA/boletinlegal/js/ajax.js HTTP/1.1" 200 772
201.216.46.228 - - [20/Jan/2015:00:19:23 -0500] "GET /BLA/boletinlegal/swfobject.js HTTP/1.1" 200 9763
201.216.46.228 - - [20/Jan/2015:00:19:23 -0500] "GET /BLA/boletinlegal/js/lib.js HTTP/1.1" 200 6474
201.216.46.228 - - [20/Jan/2015:00:19:23 -0500] "GET /BLA/boletinlegal/js/popup.js HTTP/1.1" 200 1270
201.216.46.228 - - [20/Jan/2015:00:19:23 -0500] "GET /BLA/boletinlegal/images/signo-mas.gif HTTP/1.1" 200 13689
201.216.46.228 - - [20/Jan/2015:00:19:23 -0500] "GET /BLA/boletinlegal/js/jquery1.js HTTP/1.1" 200 29846
201.245.246.9 - - [20/Jan/2015:00:19:24 -0500] "POST /forms/lservlet;jsessionid=ac16012b30d51fa0975d68814e3d98bbaa5864a861c4.e3iSbxaKaheRe38RbNmLa3mSc41ynknvrkLOlQzNp65In0 HTTP/1.1" 200 2
201.245.246.9 - - [20/Jan/2015:00:19:24 -0500] "POST /forms/lservlet;jsessionid=ac16012b30d51fa0975d68814e3d98bbaa5864a861c4.e3iSbxaKaheRe38RbNmLa3mSc41ynknvrkLOlQzNp65In0 HTTP/1.1" 200 114
201.245.246.9 - - [20/Jan/2015:00:19:25 -0500] "POST /forms/lservlet;jsessionid=ac16012b30d51fa0975d68814e3d98bbaa5864a861c4.e3iSbxaKaheRe38RbNmLa3mSc41ynknvrkLOlQzNp65In0 HTTP/1.1" 200 2
201.245.246.9 - - [20/Jan/2015:00:19:26 -0500] "GET /reports/rwservlet/getjobid341248?server=rep_srvapsda HTTP/1.1" 200 82511
201.216.46.228 - - [20/Jan/2015:00:19:27 -0500] "GET /BLA/boletinlegal/images/signo-menos.gif HTTP/1.1" 200 13454
201.216.46.228 - - [20/Jan/2015:00:19:27 -0500] "GET /BLA/boletinlegal/images/img_3.jpg HTTP/1.1" 200 1841
201.216.46.228 - - [20/Jan/2015:00:19:27 -0500] "GET /BLA/boletinlegal/images/footer_bg_l.jpg HTTP/1.1" 200 776
201.216.46.228 - - [20/Jan/2015:00:19:28 -0500] "GET /BLA/boletinlegal/carousel.swf HTTP/1.1" 200 63487
201.216.46.228 - - [20/Jan/2015:00:19:28 -0500] "GET /favicon.ico HTTP/1.1" 200 7782
201.216.46.228 - - [20/Jan/2015:00:19:28 -0500] "GET /BLA/boletinlegal/settings.xml HTTP/1.1" 200 2059
201.216.46.228 - - [20/Jan/2015:00:19:28 -0500] "GET /BLA/boletinlegal/images.xml HTTP/1.1" 200 3941
201.216.46.228 - - [20/Jan/2015:00:19:28 -0500] "GET /BLA/boletinlegal/images/pev.png HTTP/1.1" 200 404876
201.216.46.228 - - [20/Jan/2015:00:19:28 -0500] "GET /BLA/boletinlegal/images/rui.png HTTP/1.1" 200 469106
201.216.46.228 - - [20/Jan/2015:00:19:28 -0500] "GET /BLA/boletinlegal/images/emis.png HTTP/1.1" 200 448203
201.216.46.228 - - [20/Jan/2015:00:19:28 -0500] "GET /BLA/boletinlegal/images/hidro.png HTTP/1.1" 200 517362
201.216.46.228 - - [20/Jan/2015:00:19:28 -0500] "GET /BLA/boletinlegal/images/flor.png HTTP/1.1" 200 587454
201.216.46.228 - - [20/Jan/2015:00:19:28 -0500] "GET /BLA/boletinlegal/images/faun.png HTTP/1.1" 200 613440
201.216.46.228 - - [20/Jan/2015:00:19:31 -0500] "GET /BLA/boletinlegal/images/silvi.png HTTP/1.1" 200 588511
201.216.46.228 - - [20/Jan/2015:00:19:31 -0500] "GET /BLA/boletinlegal/images/hume.png HTTP/1.1" 200 481651
201.216.46.228 - - [20/Jan/2015:00:19:33 -0500] "GET /BLA/boletinlegal/images/vert.png HTTP/1.1" 200 485866
201.216.46.228 - - [20/Jan/2015:00:19:33 -0500] "GET /BLA/boletinlegal/images/resi.png HTTP/1.1" 200 556571
201.216.46.228 - - [20/Jan/2015:00:19:33 -0500] "GET /BLA/boletinlegal/images/lice.png HTTP/1.1" 200 487297
201.216.46.228 - - [20/Jan/2015:00:19:35 -0500] "GET /BLA/boletinlegal/images/pma.png HTTP/1.1" 200 530205
201.216.46.228 - - [20/Jan/2015:00:19:35 -0500] "GET /BLA/boletinlegal/images/cons.png HTTP/1.1" 200 545034
201.216.46.228 - - [20/Jan/2015:00:19:36 -0500] "GET /BLA/boletinlegal/images/comp-estr.png HTTP/1.1" 200 644020
201.216.46.228 - - [20/Jan/2015:00:19:36 -0500] "GET /BLA/boletinlegal/images/bla.png HTTP/1.1" 200 113997
74.86.158.107 - - [20/Jan/2015:00:19:38 -0500] "HEAD / HTTP/1.1" 302 -
181.70.141.109 - - [20/Jan/2015:00:19:41 -0500] "GET /BLA/boletinlegal/js/jquery.js HTTP/1.1" 200 57254
181.70.141.109 - - [20/Jan/2015:00:19:41 -0500] "GET /BLA/boletinlegal/js/jquery.scrollTo-min.js HTTP/1.1" 200 1150
181.70.141.109 - - [20/Jan/2015:00:19:41 -0500] "GET /galeria/carrusel/Carrusel/jquery.thumbnailScroller.css HTTP/1.1" 200 2066
181.70.141.109 - - [20/Jan/2015:00:19:41 -0500] "GET /BLA/boletinlegal/js/jquery.scrollShow.js HTTP/1.1" 200 4586
181.70.141.109 - - [20/Jan/2015:00:19:41 -0500] "GET /galeria/carrusel/Carrusel/jquery-ui-1.8.13.custom.min.js HTTP/1.1" 200 10800
181.70.141.109 - - [20/Jan/2015:00:19:42 -0500] "GET /galeria/carrusel/Carrusel/jquery.thumbnailScroller.js HTTP/1.1" 200 8157
201.216.46.228 - - [20/Jan/2015:00:19:15 -0500] "GET /BLA/boletinlegal/index.php? HTTP/1.1" 200 36948
201.216.46.228 - - [20/Jan/2015:00:19:48 -0500] "GET /BLA/boletinlegal/consulta.php?menu=competencia-estructura HTTP/1.1" 200 72113
201.216.46.228 - - [20/Jan/2015:00:19:48 -0500] "GET /BLA/boletinlegal/images/docs.png HTTP/1.1" 200 10288
201.216.46.228 - - [20/Jan/2015:00:19:48 -0500] "GET /BLA/boletinlegal/images/background.gif HTTP/1.1" 200 -
201.216.46.228 - - [20/Jan/2015:00:20:02 -0500] "GET /BLA/boletinlegal/consulta.php?menu=residuos HTTP/1.1" 200 18647
190.157.106.118 - - [20/Jan/2015:00:20:03 -0500] "POST /forms/lservlet;jsessionid=ac16012b30d57c66e1f57be4454ca75ad6c67828006f.e3iSbxaKaheRe38RbNmLa3mSc41ynknvrkLOlQzNp65In0 HTTP/1.1" 200 2
66.249.75.67 - - [20/Jan/2015:00:20:09 -0500] "GET /BLA/resoluciones/AUTOS%202014/1294.pdf HTTP/1.1" 304 -
181.70.141.109 - - [20/Jan/2015:00:20:12 -0500] "GET /galeria/nivo-slider/demo/demo.html HTTP/1.1" 200 3150
201.216.46.228 - - [20/Jan/2015:00:20:15 -0500] "GET /BLA/boletinlegal/consulta.php?ordenar=mas HTTP/1.1" 200 180668
181.70.141.109 - - [20/Jan/2015:00:20:17 -0500] "GET /galeria/nivo-slider/demo/images/bolsas-08.jpg HTTP/1.1" 200 85589
181.70.141.109 - - [20/Jan/2015:00:20:17 -0500] "GET /galeria/nivo-slider/nivo-slider.css HTTP/1.1" 200 1507
181.70.141.109 - - [20/Jan/2015:00:20:17 -0500] "GET /galeria/nivo-slider/themes/orman/orman.css HTTP/1.1" 200 2152
181.70.141.109 - - [20/Jan/2015:00:20:17 -0500] "GET /galeria/nivo-slider/themes/default/default.css HTTP/1.1" 200 1569
181.70.141.109 - - [20/Jan/2015:00:20:17 -0500] "GET /galeria/nivo-slider/demo/style.css HTTP/1.1" 200 2222
181.70.141.109 - - [20/Jan/2015:00:20:17 -0500] "GET /galeria/nivo-slider/themes/pascal/pascal.css HTTP/1.1" 200 2258
181.70.141.109 - - [20/Jan/2015:00:20:18 -0500] "GET /galeria/nivo-slider/demo/scripts/jquery-1.7.1.min.js HTTP/1.1" 200 93868
181.70.141.109 - - [20/Jan/2015:00:20:18 -0500] "GET /galeria/nivo-slider/jquery.nivo.slider.pack.js HTTP/1.1" 200 11561
181.70.141.109 - - [20/Jan/2015:00:20:18 -0500] "GET /galeria/nivo-slider/demo/images/bolsas-06.jpg HTTP/1.1" 200 90982
181.70.141.109 - - [20/Jan/2015:00:20:19 -0500] "GET /galeria/nivo-slider/demo/images/ecolecta-Dic2014.png HTTP/1.1" 200 288593
181.70.141.109 - - [20/Jan/2015:00:20:19 -0500] "GET /galeria/nivo-slider/demo/images/porloshumedales.jpg HTTP/1.1" 200 351238
181.70.141.109 - - [20/Jan/2015:00:20:21 -0500] "GET /galeria/nivo-slider/demo/images/banner-redes.jpg HTTP/1.1" 200 62209
66.249.69.79 - - [20/Jan/2015:00:20:23 -0500] "GET /ecodirectorio/files/res/pages/page_0048.swf HTTP/1.1" 200 99714
201.216.46.228 - - [20/Jan/2015:00:20:31 -0500] "GET /BLA/boletinlegal/consulta.php?menu=vertimientos HTTP/1.1" 200 9639
201.216.46.228 - - [20/Jan/2015:00:20:36 -0500] "GET /BLA/boletinlegal/consulta.php?menu=pma HTTP/1.1" 200 1334
201.216.46.228 - - [20/Jan/2015:00:20:37 -0500] "GET /BLA/boletinlegal/consulta.php?menu=concesion HTTP/1.1" 200 4170
181.70.141.109 - - [20/Jan/2015:00:20:38 -0500] "GET /galeria/nivo-slider/demo/images/Banner-Caracol-Africano.jpg HTTP/1.1" 200 331986
181.70.141.109 - - [20/Jan/2015:00:20:38 -0500] "GET /galeria/nivo-slider/demo/images/Tingua-azul.jpg HTTP/1.1" 200 307638
181.70.141.109 - - [20/Jan/2015:00:20:38 -0500] "GET /galeria/nivo-slider/demo/images/9Signos.jpg HTTP/1.1" 200 93040
181.70.141.109 - - [20/Jan/2015:00:20:38 -0500] "GET /galeria/nivo-slider/demo/images/banner-llantas2.jpg HTTP/1.1" 200 73153
181.70.141.109 - - [20/Jan/2015:00:20:38 -0500] "GET /galeria/nivo-slider/demo/images/banner-caballos.png HTTP/1.1" 200 389106
201.216.46.228 - - [20/Jan/2015:00:20:38 -0500] "GET /BLA/boletinlegal/consulta.php?menu=competencia-estructura HTTP/1.1" 200 72113
201.245.246.9 - - [20/Jan/2015:00:20:39 -0500] "POST /forms/lservlet;jsessionid=ac16012b30d51fa0975d68814e3d98bbaa5864a861c4.e3iSbxaKaheRe38RbNmLa3mSc41ynknvrkLOlQzNp65In0 HTTP/1.1" 200 123
201.216.46.228 - - [20/Jan/2015:00:20:40 -0500] "GET /BLA/boletinlegal/consulta.php?menu=publicidad HTTP/1.1" 200 25327
201.245.246.9 - - [20/Jan/2015:00:20:40 -0500] "POST /forms/lservlet;jsessionid=ac16012b30d51fa0975d68814e3d98bbaa5864a861c4.e3iSbxaKaheRe38RbNmLa3mSc41ynknvrkLOlQzNp65In0 HTTP/1.1" 200 94
201.245.246.9 - - [20/Jan/2015:00:20:41 -0500] "POST /forms/lservlet;jsessionid=ac16012b30d51fa0975d68814e3d98bbaa5864a861c4.e3iSbxaKaheRe38RbNmLa3mSc41ynknvrkLOlQzNp65In0 HTTP/1.1" 200 78
201.216.46.228 - - [20/Jan/2015:00:20:41 -0500] "GET /BLA/boletinlegal/consulta.php?menu=hidrocarburos HTTP/1.1" 200 2015
201.245.246.9 - - [20/Jan/2015:00:20:42 -0500] "POST /forms/lservlet;jsessionid=ac16012b30d51fa0975d68814e3d98bbaa5864a861c4.e3iSbxaKaheRe38RbNmLa3mSc41ynknvrkLOlQzNp65In0 HTTP/1.1" 200 2
201.245.246.9 - - [20/Jan/2015:00:20:42 -0500] "POST /forms/lservlet;jsessionid=ac16012b30d51fa0975d68814e3d98bbaa5864a861c4.e3iSbxaKaheRe38RbNmLa3mSc41ynknvrkLOlQzNp65In0 HTTP/1.1" 200 2826
201.245.246.9 - - [20/Jan/2015:00:20:42 -0500] "POST /forms/lservlet;jsessionid=ac16012b30d51fa0975d68814e3d98bbaa5864a861c4.e3iSbxaKaheRe38RbNmLa3mSc41ynknvrkLOlQzNp65In0 HTTP/1.1" 200 2
201.216.46.228 - - [20/Jan/2015:00:20:42 -0500] "GET /BLA/boletinlegal/consulta.php?menu=ruido HTTP/1.1" 200 2331
201.216.46.228 - - [20/Jan/2015:00:20:43 -0500] "GET /BLA/boletinlegal/consulta.php?menu=flora HTTP/1.1" 200 1420
201.216.46.228 - - [20/Jan/2015:00:20:44 -0500] "GET /BLA/boletinlegal/consulta.php?menu=fauna HTTP/1.1" 200 7328
201.245.246.9 - - [20/Jan/2015:00:20:45 -0500] "POST /forms/lservlet;jsessionid=ac16012b30d51fa0975d68814e3d98bbaa5864a861c4.e3iSbxaKaheRe38RbNmLa3mSc41ynknvrkLOlQzNp65In0 HTTP/1.1" 200 2
201.216.46.228 - - [20/Jan/2015:00:20:45 -0500] "GET /BLA/boletinlegal/consulta.php?menu=silvicultura HTTP/1.1" 200 6975
201.245.246.9 - - [20/Jan/2015:00:20:45 -0500] "POST /forms/lservlet;jsessionid=ac16012b30d51fa0975d68814e3d98bbaa5864a861c4.e3iSbxaKaheRe38RbNmLa3mSc41ynknvrkLOlQzNp65In0 HTTP/1.1" 200 14
201.245.246.9 - - [20/Jan/2015:00:20:46 -0500] "POST /forms/lservlet;jsessionid=ac16012b30d51fa0975d68814e3d98bbaa5864a861c4.e3iSbxaKaheRe38RbNmLa3mSc41ynknvrkLOlQzNp65In0 HTTP/1.1" 200 14
201.216.46.228 - - [20/Jan/2015:00:20:47 -0500] "GET /BLA/boletinlegal/consulta.php?menu=humedales HTTP/1.1" 200 6693
201.245.246.9 - - [20/Jan/2015:00:20:47 -0500] "POST /forms/lservlet;jsessionid=ac16012b30d51fa0975d68814e3d98bbaa5864a861c4.e3iSbxaKaheRe38RbNmLa3mSc41ynknvrkLOlQzNp65In0 HTTP/1.1" 200 112
201.245.246.9 - - [20/Jan/2015:00:20:48 -0500] "POST /forms/lservlet;jsessionid=ac16012b30d51fa0975d68814e3d98bbaa5864a861c4.e3iSbxaKaheRe38RbNmLa3mSc41ynknvrkLOlQzNp65In0 HTTP/1.1" 200 2
201.245.246.9 - - [20/Jan/2015:00:20:48 -0500] "GET /reports/rwservlet/getjobid341249?server=rep_srvapsda HTTP/1.1" 200 88007
201.216.46.228 - - [20/Jan/2015:00:20:49 -0500] "GET /BLA/boletinlegal/consulta.php?menu=residuos HTTP/1.1" 200 18647
201.216.46.228 - - [20/Jan/2015:00:20:51 -0500] "GET /BLA/boletinlegal/consulta.php?menu=pma HTTP/1.1" 200 1334
186.85.178.108 - - [20/Jan/2015:00:20:52 -0500] "GET /galeria/nivo-slider/themes/default/loading.gif HTTP/1.1" 200 1737
201.216.46.228 - - [20/Jan/2015:00:20:53 -0500] "GET /BLA/boletinlegal/consulta.php?menu=concesion HTTP/1.1" 200 4170
201.216.46.228 - - [20/Jan/2015:00:20:55 -0500] "GET /BLA/boletinlegal/consulta.php?menu=publicidad HTTP/1.1" 200 25327
201.216.46.228 - - [20/Jan/2015:00:20:56 -0500] "GET /BLA/boletinlegal/consulta.php?menu=emisiones HTTP/1.1" 200 15039
201.216.46.228 - - [20/Jan/2015:00:20:57 -0500] "GET /BLA/boletinlegal/consulta.php?menu=hidrocarburos HTTP/1.1" 200 2015
201.216.46.228 - - [20/Jan/2015:00:20:58 -0500] "GET /BLA/boletinlegal/consulta.php?menu=ruido HTTP/1.1" 200 2331
201.216.46.228 - - [20/Jan/2015:00:20:58 -0500] "GET /BLA/boletinlegal/consulta.php?menu=flora HTTP/1.1" 200 1420
201.216.46.228 - - [20/Jan/2015:00:20:59 -0500] "GET /BLA/boletinlegal/consulta.php?menu=flora HTTP/1.1" 200 1420
201.216.46.228 - - [20/Jan/2015:00:21:02 -0500] "GET /BLA/boletinlegal/consulta.php?menu=silvicultura HTTP/1.1" 200 6975
201.245.246.9 - - [20/Jan/2015:00:21:10 -0500] "POST /forms/lservlet;jsessionid=ac16012b30d51fa0975d68814e3d98bbaa5864a861c4.e3iSbxaKaheRe38RbNmLa3mSc41ynknvrkLOlQzNp65In0 HTTP/1.1" 200 2
186.85.178.108 - - [20/Jan/2015:00:21:16 -0500] "GET /galeria/nivo-slider/demo/images/Ruta-vertimientos-01.jpg HTTP/1.1" 200 130151
201.216.46.228 - - [20/Jan/2015:00:21:20 -0500] "GET /BLA/boletinlegal/consulta.php?menu=residuos HTTP/1.1" 200 18647
180.76.5.57 - - [20/Jan/2015:00:21:34 -0500] "GET /BLA/boletinlegal;jsessionid=CCF5B076A6E369D03D77C5BC4EDCFDAB?/? HTTP/1.1" 404 1018
201.245.246.9 - - [20/Jan/2015:00:21:40 -0500] "POST /forms/lservlet;jsessionid=ac16012b30d51fa0975d68814e3d98bbaa5864a861c4.e3iSbxaKaheRe38RbNmLa3mSc41ynknvrkLOlQzNp65In0 HTTP/1.1" 200 2
201.245.246.9 - - [20/Jan/2015:00:21:40 -0500] "POST /forms/lservlet;jsessionid=ac16012b30d51fa0975d68814e3d98bbaa5864a861c4.e3iSbxaKaheRe38RbNmLa3mSc41ynknvrkLOlQzNp65In0 HTTP/1.1" 200 2745
201.245.246.9 - - [20/Jan/2015:00:21:40 -0500] "POST /forms/lservlet;jsessionid=ac16012b30d51fa0975d68814e3d98bbaa5864a861c4.e3iSbxaKaheRe38RbNmLa3mSc41ynknvrkLOlQzNp65In0 HTTP/1.1" 200 2
201.245.246.9 - - [20/Jan/2015:00:21:42 -0500] "POST /forms/lservlet;jsessionid=ac16012b30d51fa0975d68814e3d98bbaa5864a861c4.e3iSbxaKaheRe38RbNmLa3mSc41ynknvrkLOlQzNp65In0 HTTP/1.1" 200 89
66.249.69.111 - - [20/Jan/2015:00:21:44 -0500] "GET /ecodirectorio/files/res/languages/ HTTP/1.1" 200 2676
190.157.106.118 - - [20/Jan/2015:00:22:04 -0500] "POST /forms/lservlet;jsessionid=ac16012b30d57c66e1f57be4454ca75ad6c67828006f.e3iSbxaKaheRe38RbNmLa3mSc41ynknvrkLOlQzNp65In0 HTTP/1.1" 200 2
186.147.140.91 - - [20/Jan/2015:00:22:10 -0500] "GET /forest/session.jsp?a=0.010190308861516284 HTTP/1.1" 200 5
186.147.140.91 - - [20/Jan/2015:00:22:10 -0500] "GET /forest/login.jsp?a=0.17642279240828662 HTTP/1.1" 200 2996
201.245.246.9 - - [20/Jan/2015:00:22:19 -0500] "POST /forms/lservlet;jsessionid=ac16012b30d51fa0975d68814e3d98bbaa5864a861c4.e3iSbxaKaheRe38RbNmLa3mSc41ynknvrkLOlQzNp65In0 HTTP/1.1" 200 118
201.245.246.9 - - [20/Jan/2015:00:22:20 -0500] "POST /forms/lservlet;jsessionid=ac16012b30d51fa0975d68814e3d98bbaa5864a861c4.e3iSbxaKaheRe38RbNmLa3mSc41ynknvrkLOlQzNp65In0 HTTP/1.1" 200 94
201.245.246.9 - - [20/Jan/2015:00:22:20 -0500] "POST /forms/lservlet;jsessionid=ac16012b30d51fa0975d68814e3d98bbaa5864a861c4.e3iSbxaKaheRe38RbNmLa3mSc41ynknvrkLOlQzNp65In0 HTTP/1.1" 200 78
201.245.246.9 - - [20/Jan/2015:00:22:21 -0500] "POST /forms/lservlet;jsessionid=ac16012b30d51fa0975d68814e3d98bbaa5864a861c4.e3iSbxaKaheRe38RbNmLa3mSc41ynknvrkLOlQzNp65In0 HTTP/1.1" 200 2
201.245.246.9 - - [20/Jan/2015:00:22:22 -0500] "POST /forms/lservlet;jsessionid=ac16012b30d51fa0975d68814e3d98bbaa5864a861c4.e3iSbxaKaheRe38RbNmLa3mSc41ynknvrkLOlQzNp65In0 HTTP/1.1" 200 2983
201.245.246.9 - - [20/Jan/2015:00:22:22 -0500] "POST /forms/lservlet;jsessionid=ac16012b30d51fa0975d68814e3d98bbaa5864a861c4.e3iSbxaKaheRe38RbNmLa3mSc41ynknvrkLOlQzNp65In0 HTTP/1.1" 200 2
201.245.246.9 - - [20/Jan/2015:00:22:23 -0500] "POST /forms/lservlet;jsessionid=ac16012b30d51fa0975d68814e3d98bbaa5864a861c4.e3iSbxaKaheRe38RbNmLa3mSc41ynknvrkLOlQzNp65In0 HTTP/1.1" 200 2
201.245.246.9 - - [20/Jan/2015:00:22:23 -0500] "POST /forms/lservlet;jsessionid=ac16012b30d51fa0975d68814e3d98bbaa5864a861c4.e3iSbxaKaheRe38RbNmLa3mSc41ynknvrkLOlQzNp65In0 HTTP/1.1" 200 2588
201.245.246.9 - - [20/Jan/2015:00:22:24 -0500] "POST /forms/lservlet;jsessionid=ac16012b30d51fa0975d68814e3d98bbaa5864a861c4.e3iSbxaKaheRe38RbNmLa3mSc41ynknvrkLOlQzNp65In0 HTTP/1.1" 200 2
201.245.246.9 - - [20/Jan/2015:00:22:25 -0500] "POST /forms/lservlet;jsessionid=ac16012b30d51fa0975d68814e3d98bbaa5864a861c4.e3iSbxaKaheRe38RbNmLa3mSc41ynknvrkLOlQzNp65In0 HTTP/1.1" 200 2
201.245.246.9 - - [20/Jan/2015:00:22:25 -0500] "POST /forms/lservlet;jsessionid=ac16012b30d51fa0975d68814e3d98bbaa5864a861c4.e3iSbxaKaheRe38RbNmLa3mSc41ynknvrkLOlQzNp65In0 HTTP/1.1" 200 2882
201.245.246.9 - - [20/Jan/2015:00:22:25 -0500] "POST /forms/lservlet;jsessionid=ac16012b30d51fa0975d68814e3d98bbaa5864a861c4.e3iSbxaKaheRe38RbNmLa3mSc41ynknvrkLOlQzNp65In0 HTTP/1.1" 200 2
201.245.246.9 - - [20/Jan/2015:00:22:26 -0500] "POST /forms/lservlet;jsessionid=ac16012b30d51fa0975d68814e3d98bbaa5864a861c4.e3iSbxaKaheRe38RbNmLa3mSc41ynknvrkLOlQzNp65In0 HTTP/1.1" 200 2
201.245.246.9 - - [20/Jan/2015:00:22:26 -0500] "POST /forms/lservlet;jsessionid=ac16012b30d51fa0975d68814e3d98bbaa5864a861c4.e3iSbxaKaheRe38RbNmLa3mSc41ynknvrkLOlQzNp65In0 HTTP/1.1" 200 2618
201.245.246.9 - - [20/Jan/2015:00:22:26 -0500] "POST /forms/lservlet;jsessionid=ac16012b30d51fa0975d68814e3d98bbaa5864a861c4.e3iSbxaKaheRe38RbNmLa3mSc41ynknvrkLOlQzNp65In0 HTTP/1.1" 200 2
201.245.246.9 - - [20/Jan/2015:00:22:27 -0500] "POST /forms/lservlet;jsessionid=ac16012b30d51fa0975d68814e3d98bbaa5864a861c4.e3iSbxaKaheRe38RbNmLa3mSc41ynknvrkLOlQzNp65In0 HTTP/1.1" 200 2
201.245.246.9 - - [20/Jan/2015:00:22:27 -0500] "POST /forms/lservlet;jsessionid=ac16012b30d51fa0975d68814e3d98bbaa5864a861c4.e3iSbxaKaheRe38RbNmLa3mSc41ynknvrkLOlQzNp65In0 HTTP/1.1" 200 3231
201.245.246.9 - - [20/Jan/2015:00:22:28 -0500] "POST /forms/lservlet;jsessionid=ac16012b30d51fa0975d68814e3d98bbaa5864a861c4.e3iSbxaKaheRe38RbNmLa3mSc41ynknvrkLOlQzNp65In0 HTTP/1.1" 200 2
201.245.246.9 - - [20/Jan/2015:00:22:28 -0500] "POST /forms/lservlet;jsessionid=ac16012b30d51fa0975d68814e3d98bbaa5864a861c4.e3iSbxaKaheRe38RbNmLa3mSc41ynknvrkLOlQzNp65In0 HTTP/1.1" 200 2
201.245.246.9 - - [20/Jan/2015:00:22:28 -0500] "POST /forms/lservlet;jsessionid=ac16012b30d51fa0975d68814e3d98bbaa5864a861c4.e3iSbxaKaheRe38RbNmLa3mSc41ynknvrkLOlQzNp65In0 HTTP/1.1" 200 2791
201.245.246.9 - - [20/Jan/2015:00:22:29 -0500] "POST /forms/lservlet;jsessionid=ac16012b30d51fa0975d68814e3d98bbaa5864a861c4.e3iSbxaKaheRe38RbNmLa3mSc41ynknvrkLOlQzNp65In0 HTTP/1.1" 200 2
201.245.246.9 - - [20/Jan/2015:00:22:29 -0500] "POST /forms/lservlet;jsessionid=ac16012b30d51fa0975d68814e3d98bbaa5864a861c4.e3iSbxaKaheRe38RbNmLa3mSc41ynknvrkLOlQzNp65In0 HTTP/1.1" 200 2
201.245.246.9 - - [20/Jan/2015:00:22:29 -0500] "POST /forms/lservlet;jsessionid=ac16012b30d51fa0975d68814e3d98bbaa5864a861c4.e3iSbxaKaheRe38RbNmLa3mSc41ynknvrkLOlQzNp65In0 HTTP/1.1" 200 2775
201.245.246.9 - - [20/Jan/2015:00:22:30 -0500] "POST /forms/lservlet;jsessionid=ac16012b30d51fa0975d68814e3d98bbaa5864a861c4.e3iSbxaKaheRe38RbNmLa3mSc41ynknvrkLOlQzNp65In0 HTTP/1.1" 200 2
201.245.246.9 - - [20/Jan/2015:00:22:32 -0500] "POST /forms/lservlet;jsessionid=ac16012b30d51fa0975d68814e3d98bbaa5864a861c4.e3iSbxaKaheRe38RbNmLa3mSc41ynknvrkLOlQzNp65In0 HTTP/1.1" 200 2
201.245.246.9 - - [20/Jan/2015:00:22:33 -0500] "POST /forms/lservlet;jsessionid=ac16012b30d51fa0975d68814e3d98bbaa5864a861c4.e3iSbxaKaheRe38RbNmLa3mSc41ynknvrkLOlQzNp65In0 HTTP/1.1" 200 2672
201.245.246.9 - - [20/Jan/2015:00:22:33 -0500] "POST /forms/lservlet;jsessionid=ac16012b30d51fa0975d68814e3d98bbaa5864a861c4.e3iSbxaKaheRe38RbNmLa3mSc41ynknvrkLOlQzNp65In0 HTTP/1.1" 200 2
201.245.246.9 - - [20/Jan/2015:00:22:36 -0500] "POST /forms/lservlet;jsessionid=ac16012b30d51fa0975d68814e3d98bbaa5864a861c4.e3iSbxaKaheRe38RbNmLa3mSc41ynknvrkLOlQzNp65In0 HTTP/1.1" 200 2
201.245.246.9 - - [20/Jan/2015:00:22:36 -0500] "POST /forms/lservlet;jsessionid=ac16012b30d51fa0975d68814e3d98bbaa5864a861c4.e3iSbxaKaheRe38RbNmLa3mSc41ynknvrkLOlQzNp65In0 HTTP/1.1" 200 2585
201.245.246.9 - - [20/Jan/2015:00:22:37 -0500] "POST /forms/lservlet;jsessionid=ac16012b30d51fa0975d68814e3d98bbaa5864a861c4.e3iSbxaKaheRe38RbNmLa3mSc41ynknvrkLOlQzNp65In0 HTTP/1.1" 200 2
201.245.246.9 - - [20/Jan/2015:00:22:38 -0500] "POST /forms/lservlet;jsessionid=ac16012b30d51fa0975d68814e3d98bbaa5864a861c4.e3iSbxaKaheRe38RbNmLa3mSc41ynknvrkLOlQzNp65In0 HTTP/1.1" 200 120
186.85.178.108 - - [20/Jan/2015:00:22:50 -0500] "GET /galeria/nivo-slider/demo/demo.html HTTP/1.1" 200 3150
186.85.178.108 - - [20/Jan/2015:00:22:50 -0500] "GET /galeria/nivo-slider/demo/images/ecolecta-Dic2014.png HTTP/1.1" 200 288593
186.85.178.108 - - [20/Jan/2015:00:22:51 -0500] "GET /galeria/nivo-slider/demo/images/Banner-Caracol-Africano.jpg HTTP/1.1" 200 331986
186.85.178.108 - - [20/Jan/2015:00:22:51 -0500] "GET /galeria/nivo-slider/demo/images/4Simple_Slider.png HTTP/1.1" 200 11722
201.245.246.9 - - [20/Jan/2015:00:22:52 -0500] "POST /forms/lservlet;jsessionid=ac16012b30d51fa0975d68814e3d98bbaa5864a861c4.e3iSbxaKaheRe38RbNmLa3mSc41ynknvrkLOlQzNp65In0 HTTP/1.1" 200 118
201.245.246.9 - - [20/Jan/2015:00:22:52 -0500] "POST /forms/lservlet;jsessionid=ac16012b30d51fa0975d68814e3d98bbaa5864a861c4.e3iSbxaKaheRe38RbNmLa3mSc41ynknvrkLOlQzNp65In0 HTTP/1.1" 200 164
186.85.178.108 - - [20/Jan/2015:00:22:53 -0500] "GET /galeria/nivo-slider/demo/images/Tingua-azul.jpg HTTP/1.1" 200 307638
186.85.178.108 - - [20/Jan/2015:00:22:53 -0500] "GET /galeria/nivo-slider/demo/images/banner-caballos.png HTTP/1.1" 200 389106
201.245.246.9 - - [20/Jan/2015:00:22:54 -0500] "POST /forms/lservlet;jsessionid=ac16012b30d51fa0975d68814e3d98bbaa5864a861c4.e3iSbxaKaheRe38RbNmLa3mSc41ynknvrkLOlQzNp65In0 HTTP/1.1" 200 98
201.245.246.9 - - [20/Jan/2015:00:22:55 -0500] "POST /forms/lservlet;jsessionid=ac16012b30d51fa0975d68814e3d98bbaa5864a861c4.e3iSbxaKaheRe38RbNmLa3mSc41ynknvrkLOlQzNp65In0 HTTP/1.1" 200 2
201.245.246.9 - - [20/Jan/2015:00:22:55 -0500] "POST /forms/lservlet;jsessionid=ac16012b30d51fa0975d68814e3d98bbaa5864a861c4.e3iSbxaKaheRe38RbNmLa3mSc41ynknvrkLOlQzNp65In0 HTTP/1.1" 200 2736
201.245.246.9 - - [20/Jan/2015:00:22:55 -0500] "POST /forms/lservlet;jsessionid=ac16012b30d51fa0975d68814e3d98bbaa5864a861c4.e3iSbxaKaheRe38RbNmLa3mSc41ynknvrkLOlQzNp65In0 HTTP/1.1" 200 2
186.85.178.108 - - [20/Jan/2015:00:22:55 -0500] "GET /galeria/nivo-slider/themes/default/arrows.png HTTP/1.1" 200 824
186.85.178.108 - - [20/Jan/2015:00:22:55 -0500] "GET /galeria/nivo-slider/themes/default/bullets.png HTTP/1.1" 200 1281
201.245.246.9 - - [20/Jan/2015:00:22:57 -0500] "POST /forms/lservlet;jsessionid=ac16012b30d51fa0975d68814e3d98bbaa5864a861c4.e3iSbxaKaheRe38RbNmLa3mSc41ynknvrkLOlQzNp65In0 HTTP/1.1" 200 101
66.249.69.79 - - [20/Jan/2015:00:23:05 -0500] "GET /dama HTTP/1.1" 404 1019
201.245.246.9 - - [20/Jan/2015:00:23:10 -0500] "POST /forms/lservlet;jsessionid=ac16012b30d51fa0975d68814e3d98bbaa5864a861c4.e3iSbxaKaheRe38RbNmLa3mSc41ynknvrkLOlQzNp65In0 HTTP/1.1" 200 2
201.245.246.9 - - [20/Jan/2015:00:23:12 -0500] "POST /forms/lservlet;jsessionid=ac16012b30d51fa0975d68814e3d98bbaa5864a861c4.e3iSbxaKaheRe38RbNmLa3mSc41ynknvrkLOlQzNp65In0 HTTP/1.1" 200 232
201.245.246.9 - - [20/Jan/2015:00:23:12 -0500] "POST /forms/lservlet;jsessionid=ac16012b30d51fa0975d68814e3d98bbaa5864a861c4.e3iSbxaKaheRe38RbNmLa3mSc41ynknvrkLOlQzNp65In0 HTTP/1.1" 200 8
201.245.246.9 - - [20/Jan/2015:00:23:12 -0500] "POST /forms/lservlet;jsessionid=ac16012b30d51fa0975d68814e3d98bbaa5864a861c4.e3iSbxaKaheRe38RbNmLa3mSc41ynknvrkLOlQzNp65In0 HTTP/1.1" 200 2
201.245.246.9 - - [20/Jan/2015:00:23:12 -0500] "POST /forms/lservlet;jsessionid=ac16012b30d51fa0975d68814e3d98bbaa5864a861c4.e3iSbxaKaheRe38RbNmLa3mSc41ynknvrkLOlQzNp65In0 HTTP/1.1" 200 63
201.245.246.9 - - [20/Jan/2015:00:23:14 -0500] "POST /forms/lservlet;jsessionid=ac16012b30d51fa0975d68814e3d98bbaa5864a861c4.e3iSbxaKaheRe38RbNmLa3mSc41ynknvrkLOlQzNp65In0 HTTP/1.1" 200 192
201.245.246.9 - - [20/Jan/2015:00:23:14 -0500] "POST /forms/lservlet;jsessionid=ac16012b30d51fa0975d68814e3d98bbaa5864a861c4.e3iSbxaKaheRe38RbNmLa3mSc41ynknvrkLOlQzNp65In0 HTTP/1.1" 200 8
201.245.246.9 - - [20/Jan/2015:00:23:14 -0500] "POST /forms/lservlet;jsessionid=ac16012b30d51fa0975d68814e3d98bbaa5864a861c4.e3iSbxaKaheRe38RbNmLa3mSc41ynknvrkLOlQzNp65In0 HTTP/1.1" 200 2
201.245.246.9 - - [20/Jan/2015:00:23:15 -0500] "POST /forms/lservlet;jsessionid=ac16012b30d51fa0975d68814e3d98bbaa5864a861c4.e3iSbxaKaheRe38RbNmLa3mSc41ynknvrkLOlQzNp65In0 HTTP/1.1" 200 63
201.245.246.9 - - [20/Jan/2015:00:23:17 -0500] "POST /forms/lservlet;jsessionid=ac16012b30d51fa0975d68814e3d98bbaa5864a861c4.e3iSbxaKaheRe38RbNmLa3mSc41ynknvrkLOlQzNp65In0 HTTP/1.1" 200 118
201.245.246.9 - - [20/Jan/2015:00:23:18 -0500] "POST /forms/lservlet;jsessionid=ac16012b30d51fa0975d68814e3d98bbaa5864a861c4.e3iSbxaKaheRe38RbNmLa3mSc41ynknvrkLOlQzNp65In0 HTTP/1.1" 200 94
201.245.246.9 - - [20/Jan/2015:00:23:19 -0500] "POST /forms/lservlet;jsessionid=ac16012b30d51fa0975d68814e3d98bbaa5864a861c4.e3iSbxaKaheRe38RbNmLa3mSc41ynknvrkLOlQzNp65In0 HTTP/1.1" 200 78
201.245.246.9 - - [20/Jan/2015:00:23:20 -0500] "POST /forms/lservlet;jsessionid=ac16012b30d51fa0975d68814e3d98bbaa5864a861c4.e3iSbxaKaheRe38RbNmLa3mSc41ynknvrkLOlQzNp65In0 HTTP/1.1" 200 2
201.245.246.9 - - [20/Jan/2015:00:23:20 -0500] "POST /forms/lservlet;jsessionid=ac16012b30d51fa0975d68814e3d98bbaa5864a861c4.e3iSbxaKaheRe38RbNmLa3mSc41ynknvrkLOlQzNp65In0 HTTP/1.1" 200 2265
201.245.246.9 - - [20/Jan/2015:00:23:21 -0500] "POST /forms/lservlet;jsessionid=ac16012b30d51fa0975d68814e3d98bbaa5864a861c4.e3iSbxaKaheRe38RbNmLa3mSc41ynknvrkLOlQzNp65In0 HTTP/1.1" 200 2
201.245.246.9 - - [20/Jan/2015:00:23:23 -0500] "POST /forms/lservlet;jsessionid=ac16012b30d51fa0975d68814e3d98bbaa5864a861c4.e3iSbxaKaheRe38RbNmLa3mSc41ynknvrkLOlQzNp65In0 HTTP/1.1" 200 101
186.154.84.82 - - [20/Jan/2015:00:23:28 -0500] "GET /forest/session.jsp?a=0.5187587735708803 HTTP/1.1" 200 4
181.135.92.218 - - [20/Jan/2015:00:23:33 -0500] "GET /BLA/resoluciones/RESOLUCIONES%202009/1803.pdf HTTP/1.1" 200 613104
181.135.92.218 - - [20/Jan/2015:00:23:34 -0500] "GET /BLA/resoluciones/RESOLUCIONES%202009/1803.pdf HTTP/1.1" 206 32768
181.135.92.218 - - [20/Jan/2015:00:23:34 -0500] "GET /BLA/resoluciones/RESOLUCIONES%202009/1803.pdf HTTP/1.1" 206 580336
186.29.246.199 - - [20/Jan/2015:00:23:38 -0500] "GET /BLA/resoluciones/AUTOS%202014/0651.pdf HTTP/1.1" 200 343552
186.154.84.82 - - [20/Jan/2015:00:23:41 -0500] "GET /forest/session.jsp?a=0.00846141204237938 HTTP/1.1" 200 4
201.245.246.9 - - [20/Jan/2015:00:23:43 -0500] "POST /forms/lservlet;jsessionid=ac16012b30d51fa0975d68814e3d98bbaa5864a861c4.e3iSbxaKaheRe38RbNmLa3mSc41ynknvrkLOlQzNp65In0 HTTP/1.1" 200 192
201.245.246.9 - - [20/Jan/2015:00:23:43 -0500] "POST /forms/lservlet;jsessionid=ac16012b30d51fa0975d68814e3d98bbaa5864a861c4.e3iSbxaKaheRe38RbNmLa3mSc41ynknvrkLOlQzNp65In0 HTTP/1.1" 200 8
201.245.246.9 - - [20/Jan/2015:00:23:43 -0500] "POST /forms/lservlet;jsessionid=ac16012b30d51fa0975d68814e3d98bbaa5864a861c4.e3iSbxaKaheRe38RbNmLa3mSc41ynknvrkLOlQzNp65In0 HTTP/1.1" 200 2
201.245.246.9 - - [20/Jan/2015:00:23:44 -0500] "POST /forms/lservlet;jsessionid=ac16012b30d51fa0975d68814e3d98bbaa5864a861c4.e3iSbxaKaheRe38RbNmLa3mSc41ynknvrkLOlQzNp65In0 HTTP/1.1" 200 63
66.249.75.51 - - [20/Jan/2015:00:23:44 -0500] "GET /BLA/resoluciones/RESOLUCIONES%202006/RES%202006%20801-850/00000846.tif HTTP/1.1" 200 168822
201.245.246.9 - - [20/Jan/2015:00:23:45 -0500] "POST /forms/lservlet;jsessionid=ac16012b30d51fa0975d68814e3d98bbaa5864a861c4.e3iSbxaKaheRe38RbNmLa3mSc41ynknvrkLOlQzNp65In0 HTTP/1.1" 200 192
201.245.246.9 - - [20/Jan/2015:00:23:46 -0500] "POST /forms/lservlet;jsessionid=ac16012b30d51fa0975d68814e3d98bbaa5864a861c4.e3iSbxaKaheRe38RbNmLa3mSc41ynknvrkLOlQzNp65In0 HTTP/1.1" 200 8
201.245.246.9 - - [20/Jan/2015:00:23:46 -0500] "POST /forms/lservlet;jsessionid=ac16012b30d51fa0975d68814e3d98bbaa5864a861c4.e3iSbxaKaheRe38RbNmLa3mSc41ynknvrkLOlQzNp65In0 HTTP/1.1" 200 2
201.245.246.9 - - [20/Jan/2015:00:23:46 -0500] "POST /forms/lservlet;jsessionid=ac16012b30d51fa0975d68814e3d98bbaa5864a861c4.e3iSbxaKaheRe38RbNmLa3mSc41ynknvrkLOlQzNp65In0 HTTP/1.1" 200 63
201.245.246.9 - - [20/Jan/2015:00:23:49 -0500] "POST /forms/lservlet;jsessionid=ac16012b30d51fa0975d68814e3d98bbaa5864a861c4.e3iSbxaKaheRe38RbNmLa3mSc41ynknvrkLOlQzNp65In0 HTTP/1.1" 200 473
201.245.246.9 - - [20/Jan/2015:00:23:51 -0500] "POST /forms/lservlet;jsessionid=ac16012b30d51fa0975d68814e3d98bbaa5864a861c4.e3iSbxaKaheRe38RbNmLa3mSc41ynknvrkLOlQzNp65In0 HTTP/1.1" 200 212
201.245.246.9 - - [20/Jan/2015:00:23:51 -0500] "POST /forms/lservlet;jsessionid=ac16012b30d51fa0975d68814e3d98bbaa5864a861c4.e3iSbxaKaheRe38RbNmLa3mSc41ynknvrkLOlQzNp65In0 HTTP/1.1" 200 8
201.245.246.9 - - [20/Jan/2015:00:23:51 -0500] "POST /forms/lservlet;jsessionid=ac16012b30d51fa0975d68814e3d98bbaa5864a861c4.e3iSbxaKaheRe38RbNmLa3mSc41ynknvrkLOlQzNp65In0 HTTP/1.1" 200 2
201.245.246.9 - - [20/Jan/2015:00:23:52 -0500] "POST /forms/lservlet;jsessionid=ac16012b30d51fa0975d68814e3d98bbaa5864a861c4.e3iSbxaKaheRe38RbNmLa3mSc41ynknvrkLOlQzNp65In0 HTTP/1.1" 200 64
180.76.5.187 - - [20/Jan/2015:00:24:02 -0500] "GET /BLA/boletinlegal;jsessionid=BC1357A2AE1E1BB831B4120137FC0B1C?/? HTTP/1.1" 404 1018
201.245.246.9 - - [20/Jan/2015:00:24:03 -0500] "POST /forms/lservlet;jsessionid=ac16012b30d51fa0975d68814e3d98bbaa5864a861c4.e3iSbxaKaheRe38RbNmLa3mSc41ynknvrkLOlQzNp65In0 HTTP/1.1" 200 119
190.157.106.118 - - [20/Jan/2015:00:24:04 -0500] "POST /forms/lservlet;jsessionid=ac16012b30d57c66e1f57be4454ca75ad6c67828006f.e3iSbxaKaheRe38RbNmLa3mSc41ynknvrkLOlQzNp65In0 HTTP/1.1" 200 2
201.245.246.9 - - [20/Jan/2015:00:24:05 -0500] "POST /forms/lservlet;jsessionid=ac16012b30d51fa0975d68814e3d98bbaa5864a861c4.e3iSbxaKaheRe38RbNmLa3mSc41ynknvrkLOlQzNp65In0 HTTP/1.1" 200 94
201.245.246.9 - - [20/Jan/2015:00:24:06 -0500] "POST /forms/lservlet;jsessionid=ac16012b30d51fa0975d68814e3d98bbaa5864a861c4.e3iSbxaKaheRe38RbNmLa3mSc41ynknvrkLOlQzNp65In0 HTTP/1.1" 200 78
201.245.246.9 - - [20/Jan/2015:00:24:07 -0500] "POST /forms/lservlet;jsessionid=ac16012b30d51fa0975d68814e3d98bbaa5864a861c4.e3iSbxaKaheRe38RbNmLa3mSc41ynknvrkLOlQzNp65In0 HTTP/1.1" 200 2
201.245.246.9 - - [20/Jan/2015:00:24:07 -0500] "POST /forms/lservlet;jsessionid=ac16012b30d51fa0975d68814e3d98bbaa5864a861c4.e3iSbxaKaheRe38RbNmLa3mSc41ynknvrkLOlQzNp65In0 HTTP/1.1" 200 3057
201.245.246.9 - - [20/Jan/2015:00:24:08 -0500] "POST /forms/lservlet;jsessionid=ac16012b30d51fa0975d68814e3d98bbaa5864a861c4.e3iSbxaKaheRe38RbNmLa3mSc41ynknvrkLOlQzNp65In0 HTTP/1.1" 200 2
201.245.246.9 - - [20/Jan/2015:00:24:09 -0500] "POST /forms/lservlet;jsessionid=ac16012b30d51fa0975d68814e3d98bbaa5864a861c4.e3iSbxaKaheRe38RbNmLa3mSc41ynknvrkLOlQzNp65In0 HTTP/1.1" 200 2
201.245.246.9 - - [20/Jan/2015:00:24:09 -0500] "POST /forms/lservlet;jsessionid=ac16012b30d51fa0975d68814e3d98bbaa5864a861c4.e3iSbxaKaheRe38RbNmLa3mSc41ynknvrkLOlQzNp65In0 HTTP/1.1" 200 3262
201.245.246.9 - - [20/Jan/2015:00:24:10 -0500] "POST /forms/lservlet;jsessionid=ac16012b30d51fa0975d68814e3d98bbaa5864a861c4.e3iSbxaKaheRe38RbNmLa3mSc41ynknvrkLOlQzNp65In0 HTTP/1.1" 200 2
201.245.246.9 - - [20/Jan/2015:00:24:11 -0500] "POST /forms/lservlet;jsessionid=ac16012b30d51fa0975d68814e3d98bbaa5864a861c4.e3iSbxaKaheRe38RbNmLa3mSc41ynknvrkLOlQzNp65In0 HTTP/1.1" 200 89
66.249.75.83 - - [20/Jan/2015:00:24:15 -0500] "GET /BLA/resoluciones/AUTOS%202012/1252.pdf HTTP/1.1" 304 -
201.245.246.9 - - [20/Jan/2015:00:24:25 -0500] "POST /forms/lservlet;jsessionid=ac16012b30d51fa0975d68814e3d98bbaa5864a861c4.e3iSbxaKaheRe38RbNmLa3mSc41ynknvrkLOlQzNp65In0 HTTP/1.1" 200 118
201.245.246.9 - - [20/Jan/2015:00:24:26 -0500] "POST /forms/lservlet;jsessionid=ac16012b30d51fa0975d68814e3d98bbaa5864a861c4.e3iSbxaKaheRe38RbNmLa3mSc41ynknvrkLOlQzNp65In0 HTTP/1.1" 200 94
66.249.69.95 - - [20/Jan/2015:00:24:26 -0500] "GET /BLA/ HTTP/1.1" 200 538
201.245.246.9 - - [20/Jan/2015:00:24:27 -0500] "POST /forms/lservlet;jsessionid=ac16012b30d51fa0975d68814e3d98bbaa5864a861c4.e3iSbxaKaheRe38RbNmLa3mSc41ynknvrkLOlQzNp65In0 HTTP/1.1" 200 78
201.245.246.9 - - [20/Jan/2015:00:24:29 -0500] "POST /forms/lservlet;jsessionid=ac16012b30d51fa0975d68814e3d98bbaa5864a861c4.e3iSbxaKaheRe38RbNmLa3mSc41ynknvrkLOlQzNp65In0 HTTP/1.1" 200 2
201.245.246.9 - - [20/Jan/2015:00:24:29 -0500] "POST /forms/lservlet;jsessionid=ac16012b30d51fa0975d68814e3d98bbaa5864a861c4.e3iSbxaKaheRe38RbNmLa3mSc41ynknvrkLOlQzNp65In0 HTTP/1.1" 200 4275
201.245.246.9 - - [20/Jan/2015:00:24:30 -0500] "POST /forms/lservlet;jsessionid=ac16012b30d51fa0975d68814e3d98bbaa5864a861c4.e3iSbxaKaheRe38RbNmLa3mSc41ynknvrkLOlQzNp65In0 HTTP/1.1" 200 2
201.245.246.9 - - [20/Jan/2015:00:24:34 -0500] "POST /forms/lservlet;jsessionid=ac16012b30d51fa0975d68814e3d98bbaa5864a861c4.e3iSbxaKaheRe38RbNmLa3mSc41ynknvrkLOlQzNp65In0 HTTP/1.1" 200 484
201.245.246.9 - - [20/Jan/2015:00:24:34 -0500] "POST /forms/lservlet;jsessionid=ac16012b30d51fa0975d68814e3d98bbaa5864a861c4.e3iSbxaKaheRe38RbNmLa3mSc41ynknvrkLOlQzNp65In0 HTTP/1.1" 200 2
190.26.63.74 - - [20/Jan/2015:00:24:34 -0500] "GET /BLA/boletinlegal/style.css HTTP/1.1" 200 9406
190.26.63.74 - - [20/Jan/2015:00:24:34 -0500] "GET /BLA/boletinlegal/styles2.css HTTP/1.1" 200 1838
190.26.63.74 - - [20/Jan/2015:00:24:34 -0500] "GET /BLA/boletinlegal/images/cabezote%20BLEGAL.jpg HTTP/1.1" 200 118164
190.26.63.74 - - [20/Jan/2015:00:24:34 -0500] "GET /BLA/boletinlegal/images/nuevo.gif HTTP/1.1" 200 26475
190.26.63.74 - - [20/Jan/2015:00:24:34 -0500] "GET /BLA/boletinlegal/images/subscribe-icon-big.png HTTP/1.1" 200 47702
190.26.63.74 - - [20/Jan/2015:00:24:34 -0500] "GET /BLA/boletinlegal/images/historia.png HTTP/1.1" 200 52775
190.26.63.74 - - [20/Jan/2015:00:24:34 -0500] "GET /BLA/boletinlegal/images/arr_l.jpg HTTP/1.1" 200 1979
190.26.63.74 - - [20/Jan/2015:00:24:34 -0500] "GET /BLA/boletinlegal/images/body_bg.jpg HTTP/1.1" 200 1601
190.26.63.74 - - [20/Jan/2015:00:24:34 -0500] "GET /BLA/boletinlegal/images/menu_lft.gif HTTP/1.1" 200 1713
190.26.63.74 - - [20/Jan/2015:00:24:35 -0500] "GET /BLA/boletinlegal/images/bg_top.jpg HTTP/1.1" 200 522
190.26.63.74 - - [20/Jan/2015:00:24:35 -0500] "GET /BLA/boletinlegal/images/menu_rght.gif HTTP/1.1" 200 1627
190.26.63.74 - - [20/Jan/2015:00:24:35 -0500] "GET /BLA/boletinlegal/images/menu_bg.jpg HTTP/1.1" 200 620
190.26.63.74 - - [20/Jan/2015:00:24:35 -0500] "GET /BLA/boletinlegal/images/screen_2.png HTTP/1.1" 200 362502
190.26.63.74 - - [20/Jan/2015:00:24:35 -0500] "GET /BLA/boletinlegal/images/screen_1.png HTTP/1.1" 200 202547
190.26.63.74 - - [20/Jan/2015:00:24:35 -0500] "GET /BLA/boletinlegal/images/screen_3.png HTTP/1.1" 200 211853
190.26.63.74 - - [20/Jan/2015:00:24:35 -0500] "GET /BLA/boletinlegal/images/text.jpg HTTP/1.1" 200 568
201.245.246.9 - - [20/Jan/2015:00:24:35 -0500] "POST /forms/lservlet;jsessionid=ac16012b30d51fa0975d68814e3d98bbaa5864a861c4.e3iSbxaKaheRe38RbNmLa3mSc41ynknvrkLOlQzNp65In0 HTTP/1.1" 200 119
190.26.63.74 - - [20/Jan/2015:00:24:35 -0500] "GET /BLA/boletinlegal/images/screen_5.png HTTP/1.1" 200 368876
201.245.246.9 - - [20/Jan/2015:00:24:36 -0500] "POST /forms/lservlet;jsessionid=ac16012b30d51fa0975d68814e3d98bbaa5864a861c4.e3iSbxaKaheRe38RbNmLa3mSc41ynknvrkLOlQzNp65In0 HTTP/1.1" 200 94
190.26.63.74 - - [20/Jan/2015:00:24:37 -0500] "GET /BLA/boletinlegal/actos.php HTTP/1.1" 200 7588
201.245.246.9 - - [20/Jan/2015:00:24:38 -0500] "POST /forms/lservlet;jsessionid=ac16012b30d51fa0975d68814e3d98bbaa5864a861c4.e3iSbxaKaheRe38RbNmLa3mSc41ynknvrkLOlQzNp65In0 HTTP/1.1" 200 78
190.26.63.74 - - [20/Jan/2015:00:24:38 -0500] "GET /BLA/boletinlegal/niceforms-default.css HTTP/1.1" 200 6694
190.26.63.74 - - [20/Jan/2015:00:24:38 -0500] "GET /BLA/boletinlegal/js/ajax_actos.js HTTP/1.1" 200 1322
190.26.63.74 - - [20/Jan/2015:00:24:38 -0500] "GET /BLA/boletinlegal/js/lib.js HTTP/1.1" 200 6474
190.26.63.74 - - [20/Jan/2015:00:24:38 -0500] "GET /BLA/boletinlegal/niceforms.js HTTP/1.1" 200 22876
190.26.63.74 - - [20/Jan/2015:00:24:38 -0500] "GET /BLA/boletinlegal/js/popup.js HTTP/1.1" 200 1270
190.26.63.74 - - [20/Jan/2015:00:24:38 -0500] "GET /BLA/boletinlegal/js/jquery1.js HTTP/1.1" 200 29846
74.86.158.107 - - [20/Jan/2015:00:24:38 -0500] "HEAD / HTTP/1.1" 302 -
190.26.63.74 - - [20/Jan/2015:00:24:38 -0500] "GET /BLA/boletinlegal/images/green-yellow-blue-pink-th.png HTTP/1.1" 200 7394
190.26.63.74 - - [20/Jan/2015:00:24:38 -0500] "GET /BLA/boletinlegal/images/abajo.png HTTP/1.1" 200 96676
201.245.246.9 - - [20/Jan/2015:00:24:38 -0500] "POST /forms/lservlet;jsessionid=ac16012b30d51fa0975d68814e3d98bbaa5864a861c4.e3iSbxaKaheRe38RbNmLa3mSc41ynknvrkLOlQzNp65In0 HTTP/1.1" 200 2
190.26.63.74 - - [20/Jan/2015:00:24:39 -0500] "GET /BLA/boletinlegal/images/hover.jpg HTTP/1.1" 200 640
190.26.63.74 - - [20/Jan/2015:00:24:39 -0500] "GET /BLA/boletinlegal/images/footer_bg.jpg HTTP/1.1" 200 586
190.26.63.74 - - [20/Jan/2015:00:24:39 -0500] "GET /BLA/boletinlegal/images/footer_bg_l.jpg HTTP/1.1" 200 776
201.245.246.9 - - [20/Jan/2015:00:24:38 -0500] "POST /forms/lservlet;jsessionid=ac16012b30d51fa0975d68814e3d98bbaa5864a861c4.e3iSbxaKaheRe38RbNmLa3mSc41ynknvrkLOlQzNp65In0 HTTP/1.1" 200 3096
201.245.246.9 - - [20/Jan/2015:00:24:39 -0500] "POST /forms/lservlet;jsessionid=ac16012b30d51fa0975d68814e3d98bbaa5864a861c4.e3iSbxaKaheRe38RbNmLa3mSc41ynknvrkLOlQzNp65In0 HTTP/1.1" 200 2
190.26.63.74 - - [20/Jan/2015:00:24:39 -0500] "GET /BLA/boletinlegal/img/button.png HTTP/1.1" 200 43241
190.26.63.74 - - [20/Jan/2015:00:24:39 -0500] "GET /BLA/boletinlegal/img/button-left.png HTTP/1.1" 200 57071
190.26.63.74 - - [20/Jan/2015:00:24:39 -0500] "GET /BLA/boletinlegal/img/button-right.png HTTP/1.1" 200 57878
190.26.63.74 - - [20/Jan/2015:00:24:39 -0500] "GET /BLA/boletinlegal/img/select-right.png HTTP/1.1" 200 44019
190.26.63.74 - - [20/Jan/2015:00:24:39 -0500] "GET /BLA/boletinlegal/img/0.png HTTP/1.1" 200 110
190.26.63.74 - - [20/Jan/2015:00:24:39 -0500] "GET /BLA/boletinlegal/img/select-left.png HTTP/1.1" 200 263
190.26.63.74 - - [20/Jan/2015:00:24:40 -0500] "GET /favicon.ico HTTP/1.1" 200 7782
201.245.246.9 - - [20/Jan/2015:00:24:41 -0500] "POST /forms/lservlet;jsessionid=ac16012b30d51fa0975d68814e3d98bbaa5864a861c4.e3iSbxaKaheRe38RbNmLa3mSc41ynknvrkLOlQzNp65In0 HTTP/1.1" 200 101
190.26.63.74 - - [20/Jan/2015:00:24:42 -0500] "GET /BLA/resoluciones/ HTTP/1.1" 200 7146
190.26.63.74 - - [20/Jan/2015:00:24:42 -0500] "GET /BLA/resoluciones/dlf/styles.css HTTP/1.1" 200 3049
190.26.63.74 - - [20/Jan/2015:00:24:42 -0500] "GET /BLA/resoluciones/dlf/folder.png HTTP/1.1" 200 410
190.26.63.74 - - [20/Jan/2015:00:24:42 -0500] "GET /BLA/resoluciones/dlf/bg.gif HTTP/1.1" 200 54
207.46.13.44 - - [20/Jan/2015:00:24:50 -0500] "GET /galeria/bibloteca/contentflow.js HTTP/1.1" 200 42804
190.26.63.74 - - [20/Jan/2015:00:24:34 -0500] "GET /BLA/boletinlegal/ HTTP/1.1" 200 28067
201.245.246.9 - - [20/Jan/2015:00:24:57 -0500] "POST /forms/lservlet;jsessionid=ac16012b30d51fa0975d68814e3d98bbaa5864a861c4.e3iSbxaKaheRe38RbNmLa3mSc41ynknvrkLOlQzNp65In0 HTTP/1.1" 200 118
190.26.63.74 - - [20/Jan/2015:00:24:57 -0500] "GET /BLA/resoluciones/index.php?dir=AUTOS+2009%2F HTTP/1.1" 200 82063
190.26.63.74 - - [20/Jan/2015:00:24:57 -0500] "GET /BLA/resoluciones/dlf/pdf.gif HTTP/1.1" 200 272
190.26.63.74 - - [20/Jan/2015:00:24:57 -0500] "GET /BLA/resoluciones/dlf/dirup.png HTTP/1.1" 200 644
201.245.246.9 - - [20/Jan/2015:00:24:58 -0500] "POST /forms/lservlet;jsessionid=ac16012b30d51fa0975d68814e3d98bbaa5864a861c4.e3iSbxaKaheRe38RbNmLa3mSc41ynknvrkLOlQzNp65In0 HTTP/1.1" 200 94
201.245.246.9 - - [20/Jan/2015:00:24:59 -0500] "POST /forms/lservlet;jsessionid=ac16012b30d51fa0975d68814e3d98bbaa5864a861c4.e3iSbxaKaheRe38RbNmLa3mSc41ynknvrkLOlQzNp65In0 HTTP/1.1" 200 78
201.245.246.9 - - [20/Jan/2015:00:24:59 -0500] "POST /forms/lservlet;jsessionid=ac16012b30d51fa0975d68814e3d98bbaa5864a861c4.e3iSbxaKaheRe38RbNmLa3mSc41ynknvrkLOlQzNp65In0 HTTP/1.1" 200 2
190.26.63.74 - - [20/Jan/2015:00:24:57 -0500] "GET /BLA/resoluciones/index.php?dir=AUTOS+2009%2F HTTP/1.1" 200 393329
201.245.246.9 - - [20/Jan/2015:00:25:00 -0500] "POST /forms/lservlet;jsessionid=ac16012b30d51fa0975d68814e3d98bbaa5864a861c4.e3iSbxaKaheRe38RbNmLa3mSc41ynknvrkLOlQzNp65In0 HTTP/1.1" 200 2946
201.245.246.9 - - [20/Jan/2015:00:25:00 -0500] "POST /forms/lservlet;jsessionid=ac16012b30d51fa0975d68814e3d98bbaa5864a861c4.e3iSbxaKaheRe38RbNmLa3mSc41ynknvrkLOlQzNp65In0 HTTP/1.1" 200 2
201.245.246.9 - - [20/Jan/2015:00:25:04 -0500] "POST /forms/lservlet;jsessionid=ac16012b30d51fa0975d68814e3d98bbaa5864a861c4.e3iSbxaKaheRe38RbNmLa3mSc41ynknvrkLOlQzNp65In0 HTTP/1.1" 200 244
201.245.246.9 - - [20/Jan/2015:00:25:04 -0500] "POST /forms/lservlet;jsessionid=ac16012b30d51fa0975d68814e3d98bbaa5864a861c4.e3iSbxaKaheRe38RbNmLa3mSc41ynknvrkLOlQzNp65In0 HTTP/1.1" 200 8
201.245.246.9 - - [20/Jan/2015:00:25:04 -0500] "POST /forms/lservlet;jsessionid=ac16012b30d51fa0975d68814e3d98bbaa5864a861c4.e3iSbxaKaheRe38RbNmLa3mSc41ynknvrkLOlQzNp65In0 HTTP/1.1" 200 2
201.245.246.9 - - [20/Jan/2015:00:25:06 -0500] "POST /forms/lservlet;jsessionid=ac16012b30d51fa0975d68814e3d98bbaa5864a861c4.e3iSbxaKaheRe38RbNmLa3mSc41ynknvrkLOlQzNp65In0 HTTP/1.1" 200 184
201.245.246.9 - - [20/Jan/2015:00:25:06 -0500] "POST /forms/lservlet;jsessionid=ac16012b30d51fa0975d68814e3d98bbaa5864a861c4.e3iSbxaKaheRe38RbNmLa3mSc41ynknvrkLOlQzNp65In0 HTTP/1.1" 200 8
201.245.246.9 - - [20/Jan/2015:00:25:06 -0500] "POST /forms/lservlet;jsessionid=ac16012b30d51fa0975d68814e3d98bbaa5864a861c4.e3iSbxaKaheRe38RbNmLa3mSc41ynknvrkLOlQzNp65In0 HTTP/1.1" 200 2
201.245.246.9 - - [20/Jan/2015:00:25:07 -0500] "POST /forms/lservlet;jsessionid=ac16012b30d51fa0975d68814e3d98bbaa5864a861c4.e3iSbxaKaheRe38RbNmLa3mSc41ynknvrkLOlQzNp65In0 HTTP/1.1" 200 63
201.245.246.9 - - [20/Jan/2015:00:25:10 -0500] "POST /forms/lservlet;jsessionid=ac16012b30d51fa0975d68814e3d98bbaa5864a861c4.e3iSbxaKaheRe38RbNmLa3mSc41ynknvrkLOlQzNp65In0 HTTP/1.1" 200 2
201.245.246.9 - - [20/Jan/2015:00:25:26 -0500] "POST /forms/lservlet;jsessionid=ac16012b30d51fa0975d68814e3d98bbaa5864a861c4.e3iSbxaKaheRe38RbNmLa3mSc41ynknvrkLOlQzNp65In0 HTTP/1.1" 200 118
201.245.246.9 - - [20/Jan/2015:00:25:27 -0500] "POST /forms/lservlet;jsessionid=ac16012b30d51fa0975d68814e3d98bbaa5864a861c4.e3iSbxaKaheRe38RbNmLa3mSc41ynknvrkLOlQzNp65In0 HTTP/1.1" 200 94
201.245.246.9 - - [20/Jan/2015:00:25:28 -0500] "POST /forms/lservlet;jsessionid=ac16012b30d51fa0975d68814e3d98bbaa5864a861c4.e3iSbxaKaheRe38RbNmLa3mSc41ynknvrkLOlQzNp65In0 HTTP/1.1" 200 78
190.26.63.74 - - [20/Jan/2015:00:25:28 -0500] "GET /BLA/resoluciones/AUTOS%202009/2288.pdf HTTP/1.1" 200 198265
190.26.63.74 - - [20/Jan/2015:00:25:28 -0500] "GET /BLA/resoluciones/AUTOS%202009/2288.pdf HTTP/1.1" 206 32768
201.245.246.9 - - [20/Jan/2015:00:25:28 -0500] "POST /forms/lservlet;jsessionid=ac16012b30d51fa0975d68814e3d98bbaa5864a861c4.e3iSbxaKaheRe38RbNmLa3mSc41ynknvrkLOlQzNp65In0 HTTP/1.1" 200 2
190.26.63.74 - - [20/Jan/2015:00:25:29 -0500] "GET /BLA/resoluciones/AUTOS%202009/2288.pdf HTTP/1.1" 206 165497
201.245.246.9 - - [20/Jan/2015:00:25:29 -0500] "POST /forms/lservlet;jsessionid=ac16012b30d51fa0975d68814e3d98bbaa5864a861c4.e3iSbxaKaheRe38RbNmLa3mSc41ynknvrkLOlQzNp65In0 HTTP/1.1" 200 2825
201.245.246.9 - - [20/Jan/2015:00:25:29 -0500] "POST /forms/lservlet;jsessionid=ac16012b30d51fa0975d68814e3d98bbaa5864a861c4.e3iSbxaKaheRe38RbNmLa3mSc41ynknvrkLOlQzNp65In0 HTTP/1.1" 200 2
201.245.246.9 - - [20/Jan/2015:00:25:30 -0500] "POST /forms/lservlet;jsessionid=ac16012b30d51fa0975d68814e3d98bbaa5864a861c4.e3iSbxaKaheRe38RbNmLa3mSc41ynknvrkLOlQzNp65In0 HTTP/1.1" 200 2
201.245.246.9 - - [20/Jan/2015:00:25:30 -0500] "POST /forms/lservlet;jsessionid=ac16012b30d51fa0975d68814e3d98bbaa5864a861c4.e3iSbxaKaheRe38RbNmLa3mSc41ynknvrkLOlQzNp65In0 HTTP/1.1" 200 2875
201.245.246.9 - - [20/Jan/2015:00:25:30 -0500] "POST /forms/lservlet;jsessionid=ac16012b30d51fa0975d68814e3d98bbaa5864a861c4.e3iSbxaKaheRe38RbNmLa3mSc41ynknvrkLOlQzNp65In0 HTTP/1.1" 200 2
