180.76.6.154 - - [20/Jan/2015:02:27:41 -0500] "GET /BLA/boletinlegal;jsessionid=4EFED22EB156866B07F18D340B03C48B?/? HTTP/1.1" 404 1018
180.76.5.173 - - [20/Jan/2015:02:28:28 -0500] "GET /BLA/resoluciones/RESOLUCIONES%202010/0887.pdf HTTP/1.1" 200 145404
186.154.84.82 - - [20/Jan/2015:02:29:15 -0500] "GET /forest/session.jsp?a=0.5268549383617938 HTTP/1.1" 200 4
74.86.158.107 - - [20/Jan/2015:02:29:38 -0500] "HEAD / HTTP/1.1" 302 -
180.76.5.144 - - [20/Jan/2015:02:33:10 -0500] "GET /BLA/boletinlegal;jsessionid=4915ED63DF875A8C9C4756D9B4FD0C22?/? HTTP/1.1" 404 1018
180.76.6.65 - - [20/Jan/2015:02:33:57 -0500] "GET /BLA/boletinlegal;jsessionid=A50B572D6A99F05B013CACA8CD44BB34?/? HTTP/1.1" 404 1018
186.154.84.82 - - [20/Jan/2015:02:34:16 -0500] "GET /forest/session.jsp?a=0.9589458999689668 HTTP/1.1" 200 4
74.86.158.107 - - [20/Jan/2015:02:34:38 -0500] "HEAD / HTTP/1.1" 302 -
66.249.75.83 - - [20/Jan/2015:02:35:04 -0500] "GET /BLA/resoluciones/RESOLUCIONES%202009/6379.pdf HTTP/1.1" 200 489263
157.55.39.70 - - [20/Jan/2015:02:37:20 -0500] "GET /galeria/nivo-slider/demo/demo.html HTTP/1.1" 200 3150
157.55.39.70 - - [20/Jan/2015:02:37:21 -0500] "GET /galeria/carrusel/Carrusel/jquery.thumbnailScroller.css HTTP/1.1" 200 2066
207.46.13.44 - - [20/Jan/2015:02:37:32 -0500] "GET /galeria/carrusel/Carrusel/jquery-ui- HTTP/1.1" 404 1018
66.249.75.83 - - [20/Jan/2015:02:38:13 -0500] "GET /BLA/resoluciones/AUTOS%202011/1411.pdf HTTP/1.1" 200 97031
66.249.75.51 - - [20/Jan/2015:02:38:25 -0500] "GET /BLA/resoluciones/AUTOS%202011/1409.pdf HTTP/1.1" 200 103676
66.249.75.51 - - [20/Jan/2015:02:38:50 -0500] "GET /BLA/resoluciones/index.php?dir=AUTOS%202006/AUTOS%202006%20101-200/&sort=name&order=asc HTTP/1.1" 200 21758
180.76.6.28 - - [20/Jan/2015:02:38:53 -0500] "GET /BLA/resoluciones/RESOLUCIONES%202010/5804.pdf HTTP/1.1" 200 354579
207.46.13.44 - - [20/Jan/2015:02:39:09 -0500] "GET /autoliquidacion HTTP/1.1" 301 310
186.154.84.82 - - [20/Jan/2015:02:39:17 -0500] "GET /forest/session.jsp?a=0.8318973470013589 HTTP/1.1" 200 4
207.46.13.44 - - [20/Jan/2015:02:39:25 -0500] "GET /autoliquidacion/ HTTP/1.1" 200 6375
74.86.158.107 - - [20/Jan/2015:02:39:38 -0500] "HEAD / HTTP/1.1" 302 -
66.249.75.83 - - [20/Jan/2015:02:39:42 -0500] "GET /BLA/resoluciones/RESOLUCIONES%202009/7099.pdf HTTP/1.1" 200 631879
66.249.69.79 - - [20/Jan/2015:02:40:04 -0500] "GET /PORTAL_SIAC/swf/Residuos/impresion/files/guia_impresion-lit.pdf HTTP/1.1" 304 -
66.249.75.83 - - [20/Jan/2015:02:40:22 -0500] "GET /BLA/resoluciones/AUTOS%202007/3104.pdf HTTP/1.1" 200 281754
66.249.75.83 - - [20/Jan/2015:02:41:03 -0500] "GET /BLA/resoluciones/AUTOS%202010/0568.pdf HTTP/1.1" 200 284795
66.249.75.51 - - [20/Jan/2015:02:41:10 -0500] "GET /BLA/resoluciones/AUTOS%202007/2306.pdf HTTP/1.1" 200 47384
66.249.75.51 - - [20/Jan/2015:02:43:02 -0500] "GET /BLA/resoluciones/RESOLUCIONES%202009/4142.pdf HTTP/1.1" 200 657474
66.249.75.51 - - [20/Jan/2015:02:44:04 -0500] "GET /BLA/resoluciones/AUTOS%202007/2244.pdf HTTP/1.1" 200 131636
186.154.84.82 - - [20/Jan/2015:02:44:18 -0500] "GET /forest/session.jsp?a=0.46498158876784146 HTTP/1.1" 200 4
66.249.75.51 - - [20/Jan/2015:02:44:19 -0500] "GET /BLA/resoluciones/index.php?dir=RESOLUCIONES+2004%2FRES+2004+1601-1650%2F HTTP/1.1" 200 12359
66.249.75.67 - - [20/Jan/2015:02:44:25 -0500] "GET /portel_dama/libreria/pdf/polit_humedales.pdf HTTP/1.1" 404 1018
74.86.158.107 - - [20/Jan/2015:02:44:38 -0500] "HEAD / HTTP/1.1" 302 -
180.76.5.63 - - [20/Jan/2015:02:44:49 -0500] "GET /BLA/resoluciones/RESOLUCIONES%202009/0966.pdf HTTP/1.1" 200 677148
66.249.69.95 - - [20/Jan/2015:02:45:21 -0500] "GET /BLA/boletinlegal/index.php HTTP/1.1" 200 43612
66.249.75.83 - - [20/Jan/2015:02:46:42 -0500] "GET /BLA/resoluciones/index.php?dir=Notificaciones%2FRESOLUCIONES+2013%2F HTTP/1.1" 200 2077
66.249.75.67 - - [20/Jan/2015:02:47:43 -0500] "GET /BLA/resoluciones/RESOLUCIONES%202006/RES%202006%20801-850/00000839.tif HTTP/1.1" 200 304614
66.249.75.67 - - [20/Jan/2015:02:48:03 -0500] "GET /BLA/resoluciones/RESOLUCIONES%202007/RES%202007%203001%20AL%203100/RESOLUCION%203048%20DE%202007.pdf HTTP/1.1" 304 -
66.249.75.51 - - [20/Jan/2015:02:48:08 -0500] "GET /BLA/resoluciones/Autos%202008/1858.pdf HTTP/1.1" 200 223858
66.249.75.51 - - [20/Jan/2015:02:48:13 -0500] "GET /BLA/resoluciones/AUTOS%202011/0150.pdf HTTP/1.1" 200 150153
66.249.75.67 - - [20/Jan/2015:02:48:41 -0500] "GET /BLA/resoluciones/AUTOS%202011/1927.pdf HTTP/1.1" 200 148018
186.154.84.82 - - [20/Jan/2015:02:49:19 -0500] "GET /forest/session.jsp?a=0.8312217150814831 HTTP/1.1" 200 4
66.249.69.111 - - [20/Jan/2015:02:49:25 -0500] "GET /BLA/boletinlegal/jurisprudencia/analisis/SENTENCIA%20C-703%20DE%202010.xls HTTP/1.1" 304 -
180.76.6.151 - - [20/Jan/2015:02:49:29 -0500] "GET /BLA/boletinlegal;jsessionid=78785BE53EEB20F1590EFB97037FA9F2?/? HTTP/1.1" 404 1018
74.86.158.107 - - [20/Jan/2015:02:49:38 -0500] "HEAD / HTTP/1.1" 302 -
66.249.75.51 - - [20/Jan/2015:02:50:46 -0500] "GET /BLA/resoluciones/AUTOS%202008/2022.pdf HTTP/1.1" 200 86345
91.215.65.250 - - [20/Jan/2015:02:51:12 -0500] "GET /BLA/resoluciones/RESOLUCIONES%202012/1481.pdf HTTP/1.1" 200 3382454
91.215.65.250 - - [20/Jan/2015:02:51:15 -0500] "GET /BLA/resoluciones/RESOLUCIONES%202012/1481.pdf HTTP/1.1" 206 32768
91.215.65.250 - - [20/Jan/2015:02:52:00 -0500] "GET /BLA/resoluciones/RESOLUCIONES%202012/1481.pdf HTTP/1.1" 200 3382454
91.215.65.250 - - [20/Jan/2015:02:52:02 -0500] "GET /BLA/resoluciones/RESOLUCIONES%202012/1481.pdf HTTP/1.1" 206 32768
91.215.65.250 - - [20/Jan/2015:02:52:04 -0500] "GET /BLA/resoluciones/RESOLUCIONES%202012/1481.pdf HTTP/1.1" 206 3349686
66.249.75.67 - - [20/Jan/2015:02:52:07 -0500] "GET /BLA/resoluciones/RESOLUCIONES%202010/4704.pdf HTTP/1.1" 200 754871
181.67.232.176 - - [20/Jan/2015:02:52:12 -0500] "GET /BLA/boletinlegal/js/jquery.js HTTP/1.1" 200 57254
181.67.232.176 - - [20/Jan/2015:02:52:12 -0500] "GET /BLA/boletinlegal/js/jquery.scrollTo-min.js HTTP/1.1" 200 1150
181.67.232.176 - - [20/Jan/2015:02:52:12 -0500] "GET /BLA/boletinlegal/js/jquery.scrollShow.js HTTP/1.1" 200 4586
66.249.75.67 - - [20/Jan/2015:02:52:31 -0500] "GET /BLA/resoluciones/Autos%202008/0558.pdf HTTP/1.1" 200 158499
180.76.6.28 - - [20/Jan/2015:02:53:21 -0500] "GET /BLA/boletinlegal;jsessionid=9E172118E8DB7F4AB531A3FF946EB838?/? HTTP/1.1" 404 1018
66.249.75.83 - - [20/Jan/2015:02:53:24 -0500] "GET /videos/ambiente-ciudad/playlist.htm HTTP/1.1" 200 4429
66.249.75.83 - - [20/Jan/2015:02:53:28 -0500] "GET /BLA/resoluciones/AUTOS%202010/1858.pdf HTTP/1.1" 404 1018
66.249.75.51 - - [20/Jan/2015:02:53:46 -0500] "GET /BLA/resoluciones/Autos%202008/2168.pdf HTTP/1.1" 200 54133
66.249.75.83 - - [20/Jan/2015:02:54:03 -0500] "GET /BLA/resoluciones/Autos%202008/1343.pdf HTTP/1.1" 200 112482
186.154.84.82 - - [20/Jan/2015:02:54:19 -0500] "GET /forest/session.jsp?a=0.7801896268501878 HTTP/1.1" 200 4
74.86.158.107 - - [20/Jan/2015:02:54:38 -0500] "HEAD / HTTP/1.1" 302 -
66.249.75.83 - - [20/Jan/2015:02:54:49 -0500] "GET /resoluciones/RESOLUCIONES%202007/RES%202007%203701%20AL%203800/RESOLUCION%203740%20DE%202007.pdf HTTP/1.1" 404 1018
66.249.75.51 - - [20/Jan/2015:02:55:03 -0500] "GET /BLA/resoluciones/RESOLUCIONES%202006/RES%202006%202501-2550/00002509.tif HTTP/1.1" 200 366758
66.249.75.83 - - [20/Jan/2015:02:56:11 -0500] "GET /BLA/resoluciones/AUTOS%202012/833.pdf HTTP/1.1" 404 1018
180.76.5.173 - - [20/Jan/2015:02:57:03 -0500] "GET /BLA/resoluciones/AUTOS%202011/1501.pdf HTTP/1.1" 200 254408
66.249.75.67 - - [20/Jan/2015:02:57:32 -0500] "GET /sig/indicadores/2008/OCTUBRE/MISIONALES/Educacion/ HTTP/1.1" 404 1018
66.249.75.67 - - [20/Jan/2015:02:58:53 -0500] "GET /manual_funciones_Listado/1.3.%20Oficina%20Asesora%20de%20Comunicaciones/Secretario%20Ejecutivo%20425-24.pdf HTTP/1.1" 404 1018
186.154.84.82 - - [20/Jan/2015:02:59:20 -0500] "GET /forest/session.jsp?a=0.49533171486109495 HTTP/1.1" 200 4
74.86.158.107 - - [20/Jan/2015:02:59:38 -0500] "HEAD / HTTP/1.1" 302 -
66.249.75.67 - - [20/Jan/2015:03:00:04 -0500] "GET /BLA/resoluciones/RESOLUCIONES%202009/8431.pdf HTTP/1.1" 200 569256
66.249.75.83 - - [20/Jan/2015:03:00:14 -0500] "GET /BLA/resoluciones/AUTOS%202010/2808.pdf HTTP/1.1" 404 1018
180.76.5.58 - - [20/Jan/2015:03:01:10 -0500] "GET /Autoliquidacion/index.php?dir=TR%C1MITES%20MINER%CDA/&sort=size&order=asc HTTP/1.1" 200 2829
180.76.6.59 - - [20/Jan/2015:03:01:58 -0500] "GET /BLA/resoluciones/AUTOS%202011/0036.pdf HTTP/1.1" 200 168503
66.249.75.51 - - [20/Jan/2015:03:01:22 -0500] "GET /BLA/boletinlegal/index.php HTTP/1.1" 200 46295
66.249.75.83 - - [20/Jan/2015:03:02:02 -0500] "GET /resoluciones/RESOLUCIONES%202008/0236.pdf HTTP/1.1" 404 1018
66.249.75.83 - - [20/Jan/2015:03:02:08 -0500] "GET /BLA/boletinlegal/index.php HTTP/1.1" 200 43612
66.249.75.67 - - [20/Jan/2015:03:02:57 -0500] "GET /resoluciones/RESOLUCIONES%202007/RES%202007%203701%20AL%203800/RESOLUCION%203732%20DE%202007.pdf HTTP/1.1" 404 1018
66.249.69.95 - - [20/Jan/2015:03:04:09 -0500] "GET /dama/libreria/pdf/Documento_PIGA_2006.pdf HTTP/1.1" 404 1019
66.249.75.51 - - [20/Jan/2015:03:04:18 -0500] "GET /resoluciones/RESOLUCIONES%202007/RES%202007%202901%20AL%203000/RESOLUCION%202991%20DE%202007.pdf HTTP/1.1" 404 1018
186.154.84.82 - - [20/Jan/2015:03:04:21 -0500] "GET /forest/session.jsp?a=0.39743437292054296 HTTP/1.1" 200 4
74.86.158.107 - - [20/Jan/2015:03:04:38 -0500] "HEAD / HTTP/1.1" 302 -
66.249.75.83 - - [20/Jan/2015:03:05:25 -0500] "GET /BLA/resoluciones/Autos%202008/2070.pdf HTTP/1.1" 200 83622
66.249.75.51 - - [20/Jan/2015:03:05:39 -0500] "GET /resoluciones/RESOLUCIONES%202007/RES%202007%203301%20AL%203400/RESOLUCION%203377%20DE%202007.pdf HTTP/1.1" 404 1018
66.249.75.83 - - [20/Jan/2015:03:05:54 -0500] "GET /videos/galeria-fotografica/index15.html? HTTP/1.1" 200 1971
66.249.75.51 - - [20/Jan/2015:03:07:00 -0500] "GET /resoluciones/RESOLUCIONES%202009/2661.pdf HTTP/1.1" 404 1018
190.25.232.143 - - [20/Jan/2015:03:07:48 -0500] "GET /galeria/nivo-slider/demo/images/comparendo.jpg HTTP/1.1" 304 -
66.249.75.83 - - [20/Jan/2015:03:08:21 -0500] "GET /BLA/resoluciones/AUTOS%202010/1769.pdf HTTP/1.1" 404 1018
66.249.75.67 - - [20/Jan/2015:03:08:49 -0500] "GET /BLA/resoluciones/RESOLUCIONES%202010/6107.pdf HTTP/1.1" 200 601674
66.249.75.51 - - [20/Jan/2015:03:08:52 -0500] "GET /BLA/resoluciones/index.php?dir=AUTOS%202006/AUTOS%202006%20101-200/&sort=date&order=asc HTTP/1.1" 200 21758
66.249.75.67 - - [20/Jan/2015:03:09:00 -0500] "GET /resoluciones/RESOLUCIONES%202007/RES%202007%202201%20AL%202300/RESOLUCION%202202%20DE%202007.pdf HTTP/1.1" 404 1018
186.154.84.82 - - [20/Jan/2015:03:09:22 -0500] "GET /forest/session.jsp?a=0.3841760272625834 HTTP/1.1" 200 4
74.86.158.107 - - [20/Jan/2015:03:09:38 -0500] "HEAD / HTTP/1.1" 302 -
66.249.69.79 - - [20/Jan/2015:03:11:04 -0500] "GET /ecodirectorio/files/res/pages/page_0052.swf HTTP/1.1" 200 87889
66.249.75.51 - - [20/Jan/2015:03:11:07 -0500] "GET /BLA/resoluciones/RESOLUCIONES%202007/RES%202007%201201%20AL%201300/RESOLUCION%201270%20DE%202007.pdf HTTP/1.1" 200 213263
180.76.6.14 - - [20/Jan/2015:03:12:19 -0500] "GET /BLA/boletinlegal;jsessionid=0BC6E096DAA400ACB686C30C61362114?/? HTTP/1.1" 404 1018
66.249.69.111 - - [20/Jan/2015:03:12:25 -0500] "GET /ecodirectorio/files/res/pages/page_0024.swf HTTP/1.1" 200 102176
66.249.69.95 - - [20/Jan/2015:03:13:46 -0500] "GET /Anexos%20estudio%20Organizacional%20SDA/index.php?dir=ANEXO+No.+8+-+MATRICES+DE+REGISTRO+Y+DE+SALIDA+MEDICI%D3N+CARGAS+LABORALES+SDA%2F1.2+OPEL%2F HTTP/1.1" 200 2798
202.46.62.77 - - [20/Jan/2015:03:14:15 -0500] "GET /BLA/boletinlegal/circulares/6-2013-SDA.pdf HTTP/1.1" 200 4210437
186.154.84.82 - - [20/Jan/2015:03:14:23 -0500] "GET /forest/session.jsp?a=0.0589526598341763 HTTP/1.1" 200 4
74.86.158.107 - - [20/Jan/2015:03:14:38 -0500] "HEAD / HTTP/1.1" 302 -
66.249.69.79 - - [20/Jan/2015:03:15:07 -0500] "GET /Autoliquidacion/index.php?dir=TR%C1MITES%20AGUAS%20SUPERFICIALES/&sort=size&order=asc HTTP/1.1" 200 2674
66.249.75.83 - - [20/Jan/2015:03:16:31 -0500] "GET /BLA/resoluciones/RESOLUCIONES%202006/RES%202006%20801-850/00000804.tif HTTP/1.1" 200 34264
66.249.75.83 - - [20/Jan/2015:03:16:57 -0500] "GET /BLA/resoluciones/AUTOS%202010/1446.pdf HTTP/1.1" 200 170782
66.249.75.51 - - [20/Jan/2015:03:17:17 -0500] "GET /BLA/resoluciones/Autos%202008/2025.pdf HTTP/1.1" 200 135880
66.249.75.51 - - [20/Jan/2015:03:17:18 -0500] "GET /BLA/resoluciones/Autos%202008/1222.pdf HTTP/1.1" 200 78565
186.154.84.82 - - [20/Jan/2015:03:19:24 -0500] "GET /forest/session.jsp?a=0.20366038824431598 HTTP/1.1" 200 4
74.86.158.107 - - [20/Jan/2015:03:19:38 -0500] "HEAD / HTTP/1.1" 302 -
123.125.71.23 - - [20/Jan/2015:03:20:01 -0500] "GET / HTTP/1.1" 302 -
181.60.134.122 - - [20/Jan/2015:03:20:20 -0500] "GET /Report2/ HTTP/1.1" 503 1124
181.60.134.122 - - [20/Jan/2015:03:20:22 -0500] "GET /Report2/ HTTP/1.1" 503 1124
181.60.134.122 - - [20/Jan/2015:03:20:22 -0500] "GET /apple-touch-icon-precomposed.png HTTP/1.1" 404 1120
181.60.134.122 - - [20/Jan/2015:03:20:22 -0500] "GET /apple-touch-icon.png HTTP/1.1" 404 1120
66.249.75.83 - - [20/Jan/2015:03:20:53 -0500] "GET /BLA/resoluciones/RESOLUCIONES%202007/RES%202007%20901%20AL%201000/RESOLUCION%200991%20DE%202007.pdf HTTP/1.1" 200 347400
66.249.69.95 - - [20/Jan/2015:03:21:27 -0500] "GET /ecodirectorio/files/res/pages/page_0052.swf HTTP/1.1" 200 87889
220.181.108.86 - - [20/Jan/2015:03:21:32 -0500] "GET / HTTP/1.1" 302 -
66.249.75.67 - - [20/Jan/2015:03:21:36 -0500] "GET /BLA/resoluciones/RESOLUCIONES%202007/RES%202007%201101%20AL%201200/RESOLUCION%201108%20DE%202007.pdf HTTP/1.1" 200 306552
66.249.75.83 - - [20/Jan/2015:03:22:47 -0500] "GET /BLA/resoluciones/Autos%202008/2637.pdf HTTP/1.1" 200 79053
66.249.75.67 - - [20/Jan/2015:03:23:03 -0500] "GET /BLA/resoluciones/RESOLUCIONES%202007/RES%202007%204101%20AL%204200/RESOLUCION%204166%20DE%202007.pdf HTTP/1.1" 200 178269
66.249.75.67 - - [20/Jan/2015:03:23:36 -0500] "GET /BLA/resoluciones/Autos%202008/3313.pdf HTTP/1.1" 200 63132
66.249.75.67 - - [20/Jan/2015:03:23:38 -0500] "GET /BLA/resoluciones/Autos%202008/2766.pdf HTTP/1.1" 200 123178
66.249.75.67 - - [20/Jan/2015:03:23:51 -0500] "GET /BLA/resoluciones/RESOLUCIONES%202006/RES%202006%202501-2550/00002546.tif HTTP/1.1" 200 148940
180.76.6.52 - - [20/Jan/2015:03:23:59 -0500] "GET /BLA/resoluciones/index.php?dir=RESOLUCIONES%202006/RES%202006%201101-1150/&sort=name&order=desc HTTP/1.1" 200 12367
186.154.84.82 - - [20/Jan/2015:03:24:25 -0500] "GET /forest/session.jsp?a=0.4783956620376557 HTTP/1.1" 200 4
74.86.158.107 - - [20/Jan/2015:03:24:38 -0500] "HEAD / HTTP/1.1" 302 -
186.154.84.82 - - [20/Jan/2015:03:29:26 -0500] "GET /forest/session.jsp?a=0.7422140191774815 HTTP/1.1" 200 4
74.86.158.107 - - [20/Jan/2015:03:29:38 -0500] "HEAD / HTTP/1.1" 302 -
157.55.39.39 - - [20/Jan/2015:03:30:05 -0500] "GET /robots.txt HTTP/1.1" 404 1015
157.55.39.39 - - [20/Jan/2015:03:30:08 -0500] "GET /dama/libreria/pdf/formularios/formato_emisiones_fuentes_fijas.pdf HTTP/1.1" 404 1015
100.43.85.25 - - [20/Jan/2015:03:32:29 -0500] "GET /StormSDA/stormWeb/img/nombre.png HTTP/1.1" 200 24401
89.217.157.206 - - [20/Jan/2015:03:32:52 -0500] "GET /BLA/resoluciones/AUTOS%202007/0007.pdf HTTP/1.1" 200 153363
89.217.157.206 - - [20/Jan/2015:03:32:53 -0500] "GET /favicon.ico HTTP/1.1" 200 7782
180.76.6.58 - - [20/Jan/2015:03:33:14 -0500] "GET /BLA/boletinlegal;jsessionid=44E51D931D5D4F62FDD0C35717AB3C9D?/? HTTP/1.1" 404 1018
66.249.75.83 - - [20/Jan/2015:03:33:24 -0500] "GET /BLA/resoluciones/RESOLUCIONES%202007/RES%202007%203301%20AL%203400/RESOLUCION%203395%20DE%202007.pdf HTTP/1.1" 200 727316
66.249.75.51 - - [20/Jan/2015:03:34:20 -0500] "GET /BLA/resoluciones/RESOLUCIONES%202012/1440.pdf HTTP/1.1" 200 412532
186.154.84.82 - - [20/Jan/2015:03:34:27 -0500] "GET /forest/session.jsp?a=0.40439989138394594 HTTP/1.1" 200 4
66.249.75.67 - - [20/Jan/2015:03:34:36 -0500] "GET /BLA/resoluciones/AUTOS%202011/2874.pdf HTTP/1.1" 200 172189
74.86.158.107 - - [20/Jan/2015:03:34:38 -0500] "HEAD / HTTP/1.1" 302 -
66.249.75.51 - - [20/Jan/2015:03:34:50 -0500] "GET /BLA/resoluciones/AUTOS%202007/2115.pdf HTTP/1.1" 200 149012
66.249.75.51 - - [20/Jan/2015:03:35:06 -0500] "GET /BLA/resoluciones/Autos%202008/0773.pdf HTTP/1.1" 200 74393
66.249.75.51 - - [20/Jan/2015:03:35:17 -0500] "GET /BLA/resoluciones/RESOLUCIONES%202007/RES%202007%20201%20AL%20300/RESOLUCION%200202%20DE%202007.pdf HTTP/1.1" 200 380933
188.162.37.16 - - [20/Jan/2015:03:36:08 -0500] "GET /galeria/nivo-slider/demo/demo.html HTTP/1.1" 200 3150
188.162.37.16 - - [20/Jan/2015:03:36:09 -0500] "GET /galeria/nivo-slider/themes/default/default.css HTTP/1.1" 200 1569
188.162.37.16 - - [20/Jan/2015:03:36:10 -0500] "GET /galeria/nivo-slider/themes/orman/orman.css HTTP/1.1" 200 2152
188.162.37.16 - - [20/Jan/2015:03:36:10 -0500] "GET /galeria/nivo-slider/themes/pascal/pascal.css HTTP/1.1" 200 2258
188.162.37.16 - - [20/Jan/2015:03:36:11 -0500] "GET /galeria/nivo-slider/nivo-slider.css HTTP/1.1" 200 1507
188.162.37.16 - - [20/Jan/2015:03:36:11 -0500] "GET /galeria/nivo-slider/demo/style.css HTTP/1.1" 200 2222
188.162.37.16 - - [20/Jan/2015:03:36:11 -0500] "GET /galeria/nivo-slider/demo/scripts/jquery-1.7.1.min.js HTTP/1.1" 200 93868
188.162.37.16 - - [20/Jan/2015:03:36:12 -0500] "GET /galeria/nivo-slider/jquery.nivo.slider.pack.js HTTP/1.1" 200 11561
188.162.37.16 - - [20/Jan/2015:03:36:13 -0500] "GET /galeria/nivo-slider/demo/images/bolsas-08.jpg HTTP/1.1" 200 85589
188.162.37.16 - - [20/Jan/2015:03:36:13 -0500] "GET /galeria/nivo-slider/demo/images/Ruta-vertimientos-01.jpg HTTP/1.1" 200 130151
188.162.37.16 - - [20/Jan/2015:03:36:13 -0500] "GET /galeria/nivo-slider/demo/images/4Simple_Slider.png HTTP/1.1" 200 11722
188.162.37.16 - - [20/Jan/2015:03:36:13 -0500] "GET /galeria/nivo-slider/themes/default/loading.gif HTTP/1.1" 200 1737
188.162.37.16 - - [20/Jan/2015:03:36:14 -0500] "GET /galeria/nivo-slider/demo/images/bolsas-06.jpg HTTP/1.1" 200 90982
188.162.37.16 - - [20/Jan/2015:03:36:14 -0500] "GET /galeria/nivo-slider/demo/images/ecolecta-Dic2014.png HTTP/1.1" 200 288593
188.162.37.16 - - [20/Jan/2015:03:36:14 -0500] "GET /galeria/nivo-slider/demo/images/porloshumedales.jpg HTTP/1.1" 200 351238
188.162.37.16 - - [20/Jan/2015:03:36:15 -0500] "GET /galeria/nivo-slider/demo/images/Banner-Caracol-Africano.jpg HTTP/1.1" 200 331986
188.162.37.16 - - [20/Jan/2015:03:36:15 -0500] "GET /galeria/nivo-slider/demo/images/Tingua-azul.jpg HTTP/1.1" 200 307638
66.249.75.83 - - [20/Jan/2015:03:37:55 -0500] "GET /BLA/resoluciones/RESOLUCIONES%202012/1431.pdf HTTP/1.1" 200 388891
180.76.6.51 - - [20/Jan/2015:03:38:08 -0500] "GET /BLA/resoluciones/RESOLUCIONES%202010/0769.pdf HTTP/1.1" 200 101508
66.249.75.67 - - [20/Jan/2015:03:38:16 -0500] "GET /BLA/resoluciones/RESOLUCIONES%202010/4998.pdf HTTP/1.1" 200 745699
180.76.5.24 - - [20/Jan/2015:03:38:56 -0500] "GET /BLA/resoluciones/AUTOS%202009/2787.pdf HTTP/1.1" 200 99591
66.249.75.67 - - [20/Jan/2015:03:39:18 -0500] "GET /BLA/resoluciones/RESOLUCIONES%202010/6405.pdf HTTP/1.1" 200 74196
186.154.84.82 - - [20/Jan/2015:03:39:28 -0500] "GET /forest/session.jsp?a=0.5966880929190665 HTTP/1.1" 200 4
74.86.158.107 - - [20/Jan/2015:03:39:38 -0500] "HEAD / HTTP/1.1" 302 -
199.30.24.208 - - [20/Jan/2015:03:40:01 -0500] "GET /dlf/styles.css HTTP/1.1" 404 1180
199.30.24.208 - - [20/Jan/2015:03:40:02 -0500] "GET /dlf/folder.png HTTP/1.1" 404 1180
66.249.75.51 - - [20/Jan/2015:03:40:03 -0500] "GET /BLA/resoluciones/RESOLUCIONES%202009/4586.pdf HTTP/1.1" 200 639015
157.55.39.70 - - [20/Jan/2015:03:43:38 -0500] "GET /dlf/styles.css HTTP/1.1" 404 1018
186.154.84.82 - - [20/Jan/2015:03:44:29 -0500] "GET /forest/session.jsp?a=0.2406780447345227 HTTP/1.1" 200 4
74.86.158.107 - - [20/Jan/2015:03:44:38 -0500] "HEAD / HTTP/1.1" 302 -
180.76.6.158 - - [20/Jan/2015:03:44:53 -0500] "GET /BLA/resoluciones/RESOLUCIONES%202010/2693.pdf HTTP/1.1" 200 380278
66.249.75.83 - - [20/Jan/2015:03:45:19 -0500] "GET /BLA/resoluciones/RESOLUCIONES%202006/RES%202006%20801-850/00000805.tif HTTP/1.1" 200 34568
66.249.75.51 - - [20/Jan/2015:03:46:07 -0500] "GET /BLA/resoluciones/Autos%202008/1516.pdf HTTP/1.1" 200 76776
100.43.85.25 - - [20/Jan/2015:03:46:29 -0500] "GET /StormSDA/stormWeb/img/nuevo.gif HTTP/1.1" 200 320
180.76.6.21 - - [20/Jan/2015:03:48:26 -0500] "GET /Autoliquidacion/Fauna%20Silvestre/APLICATIVO%20COSTO%20EVALUACION%20SALVOCONDUCTO%202015-.xls HTTP/1.1" 200 108544
186.154.84.82 - - [20/Jan/2015:03:49:30 -0500] "GET /forest/session.jsp?a=0.05500051751732826 HTTP/1.1" 200 4
74.86.158.107 - - [20/Jan/2015:03:49:38 -0500] "HEAD / HTTP/1.1" 302 -
180.76.5.71 - - [20/Jan/2015:03:50:01 -0500] "GET /BLA/boletinlegal;jsessionid=DFFA74E98DF59FA648DD0141D1CAC155?/? HTTP/1.1" 404 1018
66.249.75.83 - - [20/Jan/2015:03:52:39 -0500] "GET /BLA/resoluciones/RESOLUCIONES%202006/RES%202006%202501-2550/00002504.tif HTTP/1.1" 200 94684
186.154.84.82 - - [20/Jan/2015:03:54:31 -0500] "GET /forest/session.jsp?a=0.9482727698050439 HTTP/1.1" 200 4
74.86.158.107 - - [20/Jan/2015:03:54:38 -0500] "HEAD / HTTP/1.1" 302 -
180.76.5.167 - - [20/Jan/2015:03:55:24 -0500] "GET /BLA/boletinlegal;jsessionid=40E1DE60B2A6B743FA86C57B30C1F230?/? HTTP/1.1" 404 1018
157.55.39.23 - - [20/Jan/2015:03:57:24 -0500] "GET /BLA/boletinlegal/js/jquery.scrollShow.js HTTP/1.1" 200 4586
186.154.84.82 - - [20/Jan/2015:03:59:32 -0500] "GET /forest/session.jsp?a=0.802461399929598 HTTP/1.1" 200 4
74.86.158.107 - - [20/Jan/2015:03:59:38 -0500] "HEAD / HTTP/1.1" 302 -
66.249.75.67 - - [20/Jan/2015:03:59:47 -0500] "GET /BLA/resoluciones/AUTOS%202007/2265.pdf HTTP/1.1" 200 220004
66.249.75.83 - - [20/Jan/2015:04:00:32 -0500] "GET /BLA/resoluciones/Autos%202008/2034.pdf HTTP/1.1" 200 178892
180.76.6.140 - - [20/Jan/2015:04:04:00 -0500] "GET /BLA/boletinlegal;jsessionid=3D17223DD0F9A8F4456D09E08EAE63CE?/? HTTP/1.1" 404 1018
186.154.84.82 - - [20/Jan/2015:04:04:33 -0500] "GET /forest/session.jsp?a=0.6108077545650303 HTTP/1.1" 200 4
74.86.158.107 - - [20/Jan/2015:04:04:38 -0500] "HEAD / HTTP/1.1" 302 -
66.249.75.83 - - [20/Jan/2015:04:05:46 -0500] "GET /BLA/resoluciones/index.php?dir=RESOLUCIONES+2007%2FRES+2007+3101+AL+3200%2F HTTP/1.1" 200 26880
66.249.75.67 - - [20/Jan/2015:04:06:02 -0500] "GET /BLA/resoluciones/RESOLUCIONES%202008/2836.pdf HTTP/1.1" 200 255474
66.249.75.51 - - [20/Jan/2015:04:06:19 -0500] "GET /BLA/resoluciones/AUTOS%202011/1540.pdf HTTP/1.1" 200 149897
208.115.111.75 - - [20/Jan/2015:04:06:43 -0500] "GET /robots.txt HTTP/1.1" 404 1019
66.249.75.51 - - [20/Jan/2015:04:06:48 -0500] "GET /BLA/resoluciones/Autos%202008/2050.pdf HTTP/1.1" 200 174198
180.76.6.16 - - [20/Jan/2015:04:06:57 -0500] "GET /BLA/resoluciones/RESOLUCIONES%202010/5771.pdf HTTP/1.1" 200 61066
144.76.201.175 - - [20/Jan/2015:04:07:06 -0500] "GET /robots.txt HTTP/1.0" 404 1015
144.76.201.175 - - [20/Jan/2015:04:07:18 -0500] "GET /robots.txt HTTP/1.0" 404 1019
144.76.201.175 - - [20/Jan/2015:04:07:20 -0500] "GET /Autoliquidacion/index.php?dir=Solicitud%20de%20Licencia%20Ambiental/&sort=size&order=desc HTTP/1.0" 200 2641
144.76.201.175 - - [20/Jan/2015:04:07:22 -0500] "GET /Autoliquidacion/index.php?dir=Solicitudes%20relacionadas%20con%20calidad%20del%20aire%20auditiva%20y%20visual/&sort=date&order=desc HTTP/1.0" 200 5747
144.76.201.175 - - [20/Jan/2015:04:07:24 -0500] "GET /Autoliquidacion/index.php?dir=Solicitudes%20relacionadas%20con%20calidad%20del%20aire%20auditiva%20y%20visual/&sort=size&order=desc HTTP/1.0" 200 5747
144.76.201.175 - - [20/Jan/2015:04:07:26 -0500] "GET /StormSDA/nsjars/?C=N;O=D HTTP/1.0" 200 5602
144.76.201.175 - - [20/Jan/2015:04:07:28 -0500] "GET /StormSDA/nsjars/?C=S;O=A HTTP/1.0" 200 5602
144.76.201.175 - - [20/Jan/2015:04:07:30 -0500] "GET /StormSDA/storm/?C=D;O=A HTTP/1.0" 200 5557
144.76.201.175 - - [20/Jan/2015:04:07:32 -0500] "GET /StormSDA/storm/?C=M;O=A HTTP/1.0" 200 5557
144.76.201.175 - - [20/Jan/2015:04:07:34 -0500] "GET /StormSDA/storm/?C=N;O=A HTTP/1.0" 200 5557
144.76.201.175 - - [20/Jan/2015:04:07:36 -0500] "GET /StormSDA/storm/?C=N;O=D HTTP/1.0" 200 5557
144.76.201.175 - - [20/Jan/2015:04:07:39 -0500] "GET /StormSDA/storm/?C=S;O=A HTTP/1.0" 200 5557
144.76.201.175 - - [20/Jan/2015:04:07:43 -0500] "GET /StormSDA/storm/vssver2.scc HTTP/1.0" 200 491
144.76.201.175 - - [20/Jan/2015:04:07:46 -0500] "GET /StormSDA/storm_silv/?C=N;O=D HTTP/1.0" 200 5788
144.76.201.175 - - [20/Jan/2015:04:07:49 -0500] "GET /StormSDA/storm_silv/?C=S;O=A HTTP/1.0" 200 5788
186.154.84.82 - - [20/Jan/2015:04:09:34 -0500] "GET /forest/session.jsp?a=0.2637385947164148 HTTP/1.1" 200 4
74.86.158.107 - - [20/Jan/2015:04:09:38 -0500] "HEAD / HTTP/1.1" 302 -
66.249.75.51 - - [20/Jan/2015:04:14:07 -0500] "GET /BLA/resoluciones/RESOLUCIONES%202006/RES%202006%20801-850/00000812.tif HTTP/1.1" 200 36436
66.249.75.67 - - [20/Jan/2015:04:14:22 -0500] "GET /BLA/resoluciones/RESOLUCIONES%202010/6090.pdf HTTP/1.1" 200 275392
186.154.84.82 - - [20/Jan/2015:04:14:35 -0500] "GET /forest/session.jsp?a=0.3617715537548065 HTTP/1.1" 200 4
74.86.158.107 - - [20/Jan/2015:04:14:38 -0500] "HEAD / HTTP/1.1" 302 -
66.249.75.83 - - [20/Jan/2015:04:14:38 -0500] "GET /BLA/resoluciones/Autos%202008/1115.pdf HTTP/1.1" 200 166604
37.221.173.232 - - [20/Jan/2015:04:14:56 -0500] "GET /webdav/x32.php HTTP/1.1" 404 1018
190.25.232.143 - - [20/Jan/2015:04:16:51 -0500] "GET /galeria/nivo-slider/themes/orman/orman.css HTTP/1.1" 304 -
186.145.41.89 - - [20/Jan/2015:04:18:30 -0500] "GET /BLA/boletinlegal/js/jquery.scrollTo-min.js HTTP/1.1" 200 1150
186.145.41.89 - - [20/Jan/2015:04:18:30 -0500] "GET /BLA/boletinlegal/js/jquery.js HTTP/1.1" 200 57254
186.145.41.89 - - [20/Jan/2015:04:18:30 -0500] "GET /BLA/boletinlegal/js/jquery.scrollShow.js HTTP/1.1" 200 4586
66.249.75.51 - - [20/Jan/2015:04:18:55 -0500] "GET /resoluciones/AUTOS%202007/1759.pdf HTTP/1.1" 404 1018
186.154.84.82 - - [20/Jan/2015:04:19:36 -0500] "GET /forest/session.jsp?a=0.708260613726452 HTTP/1.1" 200 4
74.86.158.107 - - [20/Jan/2015:04:19:38 -0500] "HEAD / HTTP/1.1" 302 -
66.249.75.83 - - [20/Jan/2015:04:20:04 -0500] "GET /BLA/resoluciones/AUTOS%202014/5925.pdf HTTP/1.1" 200 208700
180.76.6.138 - - [20/Jan/2015:04:21:18 -0500] "GET /BLA/boletinlegal;jsessionid=DEC24480F2CF57892D22FA78B75B9E67?/? HTTP/1.1" 404 1018
66.249.75.83 - - [20/Jan/2015:04:21:27 -0500] "GET /BLA/resoluciones/RESOLUCIONES%202006/RES%202006%202501-2550/00002542.tif HTTP/1.1" 200 194644
66.249.75.67 - - [20/Jan/2015:04:23:23 -0500] "GET /BLA/resoluciones/AUTOS%202011/1931.pdf HTTP/1.1" 200 157081
66.249.75.67 - - [20/Jan/2015:04:23:39 -0500] "GET /BLA/resoluciones/AUTOS%202011/2144.pdf HTTP/1.1" 200 256438
186.154.84.82 - - [20/Jan/2015:04:24:37 -0500] "GET /forest/session.jsp?a=0.9888144328724593 HTTP/1.1" 200 4
74.86.158.107 - - [20/Jan/2015:04:24:38 -0500] "HEAD / HTTP/1.1" 302 -
186.145.41.89 - - [20/Jan/2015:04:24:51 -0500] "GET /BLA/boletinlegal/js/jquery.js HTTP/1.1" 200 57254
186.145.41.89 - - [20/Jan/2015:04:24:51 -0500] "GET /BLA/boletinlegal/js/jquery.scrollTo-min.js HTTP/1.1" 200 1150
186.145.41.89 - - [20/Jan/2015:04:24:51 -0500] "GET /BLA/boletinlegal/js/jquery.scrollShow.js HTTP/1.1" 200 4586
66.249.75.51 - - [20/Jan/2015:04:26:01 -0500] "GET /BLA/resoluciones/AUTOS%202011/0958.pdf HTTP/1.1" 200 154963
66.249.75.51 - - [20/Jan/2015:04:27:10 -0500] "GET /galeria/nivo-slider/demo/demo.html HTTP/1.1" 200 3150
123.125.71.58 - - [20/Jan/2015:04:28:18 -0500] "GET /galeria/carrusel/Carrusel/jquery.thumbnailScroller.css HTTP/1.1" 200 2066
123.125.71.38 - - [20/Jan/2015:04:29:28 -0500] "GET / HTTP/1.1" 302 -
74.86.158.107 - - [20/Jan/2015:04:29:38 -0500] "HEAD / HTTP/1.1" 302 -
186.154.84.82 - - [20/Jan/2015:04:29:38 -0500] "GET /forest/session.jsp?a=0.5407713057938963 HTTP/1.1" 200 4
66.249.75.51 - - [20/Jan/2015:04:30:24 -0500] "GET /BLA/resoluciones/AUTOS%202007/2429.pdf HTTP/1.1" 200 30172
181.50.50.207 - - [20/Jan/2015:04:30:26 -0500] "GET /BLA/resoluciones/AUTOS%202013/0333.pdf HTTP/1.1" 200 1629452
181.50.50.207 - - [20/Jan/2015:04:30:27 -0500] "GET /BLA/resoluciones/AUTOS%202013/0333.pdf HTTP/1.1" 206 32768
181.50.50.207 - - [20/Jan/2015:04:30:27 -0500] "GET /BLA/resoluciones/AUTOS%202013/0333.pdf HTTP/1.1" 206 1596684
181.50.50.207 - - [20/Jan/2015:04:30:39 -0500] "GET /favicon.ico HTTP/1.1" 200 7782
220.181.108.78 - - [20/Jan/2015:04:30:47 -0500] "GET / HTTP/1.1" 302 -
66.249.69.111 - - [20/Jan/2015:04:32:56 -0500] "GET /ecodirectorio/files/res/pages/page_0063.swf HTTP/1.1" 200 94344
220.181.108.92 - - [20/Jan/2015:04:34:01 -0500] "GET /BLA/resoluciones/RESOLUCIONES%202010/2319.pdf HTTP/1.1" 200 414053
74.86.158.107 - - [20/Jan/2015:04:34:38 -0500] "HEAD / HTTP/1.1" 302 -
186.154.84.82 - - [20/Jan/2015:04:34:39 -0500] "GET /forest/session.jsp?a=0.5142191373743117 HTTP/1.1" 200 4
180.76.6.137 - - [20/Jan/2015:04:34:40 -0500] "GET /BLA/boletinlegal;jsessionid=9E4C3CB440EC35076942D72843085280?/? HTTP/1.1" 404 1018
66.249.69.227 - - [20/Jan/2015:04:35:42 -0500] "GET /robots.txt HTTP/1.1" 404 1015
66.249.69.195 - - [20/Jan/2015:04:35:42 -0500] "GET /dama/libreria/pdf/reportesredaire/anuales/1999.pdf HTTP/1.1" 404 1015
66.249.75.51 - - [20/Jan/2015:04:35:43 -0500] "GET /BLA/resoluciones/AUTOS%202011/2508.pdf HTTP/1.1" 200 146000
180.76.5.80 - - [20/Jan/2015:04:37:34 -0500] "GET /BLA/boletinlegal/actas/acta%20de%20acuerdo%2002%20adop%20regla%20inter%20mesa%20salud%20ambie.pdf HTTP/1.1" 200 479782
66.249.75.51 - - [20/Jan/2015:04:38:55 -0500] "GET /BLA/resoluciones/index.php?dir=RESOLUCIONES%202003/RES%202003%201151-1200/&sort=size&order=desc HTTP/1.1" 200 11569
88.198.164.52 - - [20/Jan/2015:04:39:25 -0500] "GET /robots.txt HTTP/1.0" 404 1015
88.198.164.52 - - [20/Jan/2015:04:39:27 -0500] "GET /galeria/nivo-slider/themes/default/?C=N;O=A HTTP/1.0" 200 1667
88.198.164.52 - - [20/Jan/2015:04:39:30 -0500] "GET /robots.txt HTTP/1.0" 404 1019
88.198.164.52 - - [20/Jan/2015:04:39:34 -0500] "GET /Autoliquidacion/index.php?dir=Solicitud%20de%20Licencia%20Ambiental/&sort=name&order=desc HTTP/1.0" 200 2641
88.198.164.52 - - [20/Jan/2015:04:39:37 -0500] "GET /Autoliquidacion/index.php?dir=Solicitud%20de%20Licencia%20Ambiental/&sort=size&order=asc HTTP/1.0" 200 2642
74.86.158.107 - - [20/Jan/2015:04:39:38 -0500] "HEAD / HTTP/1.1" 302 -
88.198.164.52 - - [20/Jan/2015:04:39:39 -0500] "GET /Autoliquidacion/index.php?dir=Solicitudes%20relacionadas%20con%20calidad%20del%20aire%20auditiva%20y%20visual/&sort=date&order=asc HTTP/1.0" 200 5748
186.154.84.82 - - [20/Jan/2015:04:39:40 -0500] "GET /forest/session.jsp?a=0.23577954294160008 HTTP/1.1" 200 4
88.198.164.52 - - [20/Jan/2015:04:39:42 -0500] "GET /Autoliquidacion/index.php?dir=Solicitudes%20relacionadas%20con%20calidad%20del%20aire%20auditiva%20y%20visual/&sort=name&order=desc HTTP/1.0" 200 5747
88.198.164.52 - - [20/Jan/2015:04:39:45 -0500] "GET /Autoliquidacion/index.php?dir=Solicitudes%20relacionadas%20con%20calidad%20del%20aire%20auditiva%20y%20visual/&sort=size&order=asc HTTP/1.0" 200 5748
88.198.164.52 - - [20/Jan/2015:04:39:48 -0500] "GET /Autoliquidacion/index.php?dir=Solicitudes%20relacionadas%20con%20calidad%20del%20aire%20auditiva%20y%20visual/Registro%20de%20Elementos%20de%20publicidad%20Exterior%20Visual/ HTTP/1.0" 200 4037
88.198.164.52 - - [20/Jan/2015:04:39:51 -0500] "GET /Autoliquidacion/index.php?dir=Solicitudes%20relacionadas%20con%20calidad%20del%20aire%20auditiva%20y%20visual/Registro%20de%20Elementos%20de%20publicidad%20Exterior%20Visual/&sort=date&order=asc HTTP/1.0" 200 4037
88.198.164.52 - - [20/Jan/2015:04:39:54 -0500] "GET /Autoliquidacion/index.php?dir=Solicitudes%20relacionadas%20con%20calidad%20del%20aire%20auditiva%20y%20visual/Registro%20de%20Elementos%20de%20publicidad%20Exterior%20Visual/&sort=name&order=desc HTTP/1.0" 200 4036
88.198.164.52 - - [20/Jan/2015:04:39:57 -0500] "GET /PORTAL_SIAC/swf/Residuos/cosmeticos/cosmeticos.html HTTP/1.0" 200 1963
66.249.75.51 - - [20/Jan/2015:04:39:58 -0500] "GET /BLA/resoluciones/RESOLUCIONES%202012/1872.pdf HTTP/1.1" 200 2244132
88.198.164.52 - - [20/Jan/2015:04:39:59 -0500] "GET /PORTAL_SIAC/swf/Residuos/curtiembres/curtiembres.html HTTP/1.0" 200 1965
88.198.164.52 - - [20/Jan/2015:04:40:01 -0500] "GET /PORTAL_SIAC/swf/Residuos/farmaceutica/farmaceutica.html HTTP/1.0" 200 1967
88.198.164.52 - - [20/Jan/2015:04:40:03 -0500] "GET /PORTAL_SIAC/swf/Residuos/impresion/impresion.html HTTP/1.0" 200 1961
88.198.164.52 - - [20/Jan/2015:04:40:05 -0500] "GET /PORTAL_SIAC/swf/Residuos/lavanderias/lavanderias.html HTTP/1.0" 200 1965
88.198.164.52 - - [20/Jan/2015:04:40:08 -0500] "GET /PORTAL_SIAC/swf/Residuos/maderas/maderas.html HTTP/1.0" 200 1957
88.198.164.52 - - [20/Jan/2015:04:40:10 -0500] "GET /PORTAL_SIAC/swf/Residuos/metalmecanica/metalmecanica.html HTTP/1.0" 200 1969
88.198.164.52 - - [20/Jan/2015:04:40:11 -0500] "GET /PORTAL_SIAC/swf/Residuos/pinturas/pinturas.html HTTP/1.0" 200 1959
88.198.164.52 - - [20/Jan/2015:04:40:13 -0500] "GET /PORTAL_SIAC/swf/Residuos/quimicos/quimicos.html HTTP/1.0" 200 1959
88.198.164.52 - - [20/Jan/2015:04:40:15 -0500] "GET /PORTAL_SIAC/swf/Residuos/textiles/textiles.html HTTP/1.0" 200 1959
88.198.164.52 - - [20/Jan/2015:04:40:17 -0500] "GET /PORTAL_SIAC/swf/Residuos/vehiculos/vehiculos.html HTTP/1.0" 200 1961
88.198.164.52 - - [20/Jan/2015:04:40:18 -0500] "GET /PruebasSTORM/StormSDA_pruebas/stormWeb/?C=D;O=A HTTP/1.0" 200 1475
88.198.164.52 - - [20/Jan/2015:04:40:20 -0500] "GET /PruebasSTORM/StormSDA_pruebas/stormWeb/?C=M;O=A HTTP/1.0" 200 1475
88.198.164.52 - - [20/Jan/2015:04:40:22 -0500] "GET /PruebasSTORM/StormSDA_pruebas/stormWeb/?C=N;O=D HTTP/1.0" 200 1475
88.198.164.52 - - [20/Jan/2015:04:40:23 -0500] "GET /PruebasSTORM/StormSDA_pruebas/stormWeb/?C=S;O=A HTTP/1.0" 200 1475
88.198.164.52 - - [20/Jan/2015:04:40:25 -0500] "GET /PruebasSTORM/StormSDA_pruebas/stormWeb/presentacionOLD.html HTTP/1.0" 200 5105
88.198.164.52 - - [20/Jan/2015:04:40:27 -0500] "GET /StormSDA/forms/10.js HTTP/1.0" 200 30365
88.198.164.52 - - [20/Jan/2015:04:40:29 -0500] "GET /StormSDA/forms/2.js HTTP/1.0" 200 19726
88.198.164.52 - - [20/Jan/2015:04:40:31 -0500] "GET /StormSDA/forms/3.js HTTP/1.0" 200 6381
88.198.164.52 - - [20/Jan/2015:04:40:33 -0500] "GET /StormSDA/forms/4.js HTTP/1.0" 200 1679
88.198.164.52 - - [20/Jan/2015:04:40:35 -0500] "GET /StormSDA/forms/5.js HTTP/1.0" 200 72417
88.198.164.52 - - [20/Jan/2015:04:40:37 -0500] "GET /StormSDA/forms/6.js HTTP/1.0" 200 6407
88.198.164.52 - - [20/Jan/2015:04:40:39 -0500] "GET /StormSDA/forms/7.js HTTP/1.0" 200 875
88.198.164.52 - - [20/Jan/2015:04:40:41 -0500] "GET /StormSDA/forms/8.js HTTP/1.0" 200 875
88.198.164.52 - - [20/Jan/2015:04:40:43 -0500] "GET /StormSDA/forms/99.js HTTP/1.0" 200 875
88.198.164.52 - - [20/Jan/2015:04:40:45 -0500] "GET /StormSDA/forms/?C=D;O=A HTTP/1.0" 200 3475
88.198.164.52 - - [20/Jan/2015:04:40:47 -0500] "GET /StormSDA/forms/?C=M;O=A HTTP/1.0" 200 3475
88.198.164.52 - - [20/Jan/2015:04:40:49 -0500] "GET /StormSDA/forms/?C=N;O=D HTTP/1.0" 200 3475
88.198.164.52 - - [20/Jan/2015:04:40:51 -0500] "GET /StormSDA/forms/?C=S;O=A HTTP/1.0" 200 3475
88.198.164.52 - - [20/Jan/2015:04:40:52 -0500] "GET /StormSDA/nsjars/?C=D;O=A HTTP/1.0" 200 5602
88.198.164.52 - - [20/Jan/2015:04:40:54 -0500] "GET /StormSDA/nsjars/?C=M;O=A HTTP/1.0" 200 5602
88.198.164.52 - - [20/Jan/2015:04:40:56 -0500] "GET /StormSDA/nsjars/?C=N;O=A HTTP/1.0" 200 5602
88.198.164.52 - - [20/Jan/2015:04:40:58 -0500] "GET /StormSDA/storm_silv/?C=D;O=A HTTP/1.0" 200 5788
88.198.164.52 - - [20/Jan/2015:04:41:00 -0500] "GET /StormSDA/storm_silv/?C=M;O=A HTTP/1.0" 200 5788
88.198.164.52 - - [20/Jan/2015:04:41:02 -0500] "GET /StormSDA/storm_silv/?C=N;O=A HTTP/1.0" 200 5788
88.198.164.52 - - [20/Jan/2015:04:41:05 -0500] "GET /galeria/nivo-slider/themes/?C=D;O=D HTTP/1.0" 200 1425
88.198.164.52 - - [20/Jan/2015:04:41:06 -0500] "GET /galeria/nivo-slider/themes/?C=M;O=D HTTP/1.0" 200 1425
88.198.164.52 - - [20/Jan/2015:04:41:08 -0500] "GET /galeria/nivo-slider/themes/?C=N;O=D HTTP/1.0" 200 1425
88.198.164.52 - - [20/Jan/2015:04:41:10 -0500] "GET /galeria/nivo-slider/themes/?C=S;O=D HTTP/1.0" 200 1425
88.198.164.52 - - [20/Jan/2015:04:41:11 -0500] "GET /galeria/nivo-slider/themes/default/?C=D;O=A HTTP/1.0" 200 1671
88.198.164.52 - - [20/Jan/2015:04:41:13 -0500] "GET /galeria/nivo-slider/themes/default/?C=M;O=A HTTP/1.0" 200 1671
88.198.164.52 - - [20/Jan/2015:04:41:16 -0500] "GET /galeria/nivo-slider/themes/default/?C=N;O=D HTTP/1.0" 200 1671
88.198.164.52 - - [20/Jan/2015:04:41:20 -0500] "GET /galeria/nivo-slider/themes/default/?C=S;O=A HTTP/1.0" 200 1671
88.198.164.52 - - [20/Jan/2015:04:41:23 -0500] "GET /galeria/nivo-slider/themes/default/default.css HTTP/1.0" 200 1569
88.198.164.52 - - [20/Jan/2015:04:41:26 -0500] "GET /galeria/nivo-slider/themes/orman/?C=N;O=D HTTP/1.0" 200 2091
88.198.164.52 - - [20/Jan/2015:04:41:28 -0500] "GET /galeria/nivo-slider/themes/orman/?C=S;O=A HTTP/1.0" 200 2091
88.198.164.52 - - [20/Jan/2015:04:41:30 -0500] "GET /galeria/nivo-slider/themes/orman/orman.css HTTP/1.0" 200 2152
88.198.164.52 - - [20/Jan/2015:04:41:31 -0500] "GET /galeria/nivo-slider/themes/pascal/?C=N;O=D HTTP/1.0" 200 2313
88.198.164.52 - - [20/Jan/2015:04:41:33 -0500] "GET /galeria/nivo-slider/themes/pascal/?C=S;O=A HTTP/1.0" 200 2313
88.198.164.52 - - [20/Jan/2015:04:41:35 -0500] "GET /galeria/nivo-slider/themes/pascal/pascal.css HTTP/1.0" 200 2258
66.249.75.83 - - [20/Jan/2015:04:41:51 -0500] "GET /BLA/resoluciones/AUTOS%202009/1210.pdf HTTP/1.1" 200 123191
66.249.75.83 - - [20/Jan/2015:04:42:32 -0500] "GET /BLA/resoluciones/RESOLUCIONES%202009/0697.pdf HTTP/1.1" 200 408035
66.249.75.67 - - [20/Jan/2015:04:42:55 -0500] "GET /BLA/resoluciones/RESOLUCIONES%202006/RES%202006%20801-850/00000817.tif HTTP/1.1" 200 42116
190.144.149.66 - - [20/Jan/2015:04:43:02 -0500] "GET /BLA/resoluciones/AUTOS%202010/1470.pdf HTTP/1.1" 200 271233
190.144.149.66 - - [20/Jan/2015:04:43:03 -0500] "GET /BLA/resoluciones/AUTOS%202010/1470.pdf HTTP/1.1" 206 32768
190.144.149.66 - - [20/Jan/2015:04:43:03 -0500] "GET /BLA/resoluciones/AUTOS%202010/1470.pdf HTTP/1.1" 206 238465
190.144.149.66 - - [20/Jan/2015:04:43:03 -0500] "GET /favicon.ico HTTP/1.1" 200 7782
66.249.75.67 - - [20/Jan/2015:04:43:12 -0500] "GET /BLA/resoluciones/RESOLUCIONES%202009/1550.pdf HTTP/1.1" 200 483898
66.249.75.67 - - [20/Jan/2015:04:43:27 -0500] "GET /BLA/resoluciones/AUTOS%202011/2459.pdf HTTP/1.1" 200 160955
66.249.75.83 - - [20/Jan/2015:04:43:53 -0500] "GET /BLA/resoluciones/RESOLUCIONES%202009/3870.pdf HTTP/1.1" 200 900694
66.249.75.51 - - [20/Jan/2015:04:44:07 -0500] "GET /BLA/resoluciones/RESOLUCIONES%202007/RES%202007%204001%20AL%204100/RESOLUCION%204004%20DE%202007.pdf HTTP/1.1" 200 813978
66.249.75.67 - - [20/Jan/2015:04:44:34 -0500] "GET /BLA/resoluciones/RESOLUCIONES%202010/0473.pdf HTTP/1.1" 200 114394
74.86.158.107 - - [20/Jan/2015:04:44:38 -0500] "HEAD / HTTP/1.1" 302 -
186.154.84.82 - - [20/Jan/2015:04:44:41 -0500] "GET /forest/session.jsp?a=0.5295511845033616 HTTP/1.1" 200 4
66.249.75.83 - - [20/Jan/2015:04:45:43 -0500] "GET /BLA/resoluciones/RESOLUCIONES%202009/4238.pdf HTTP/1.1" 200 290043
66.249.75.83 - - [20/Jan/2015:04:47:05 -0500] "GET /BLA/resoluciones/AUTOS%202010/4496.pdf HTTP/1.1" 200 328935
66.249.75.51 - - [20/Jan/2015:04:47:21 -0500] "GET /BLA/resoluciones/AUTOS%202007/0865.pdf HTTP/1.1" 200 459208
66.249.75.67 - - [20/Jan/2015:04:48:06 -0500] "GET /BLA/resoluciones/AUTOS%202011/2028.pdf HTTP/1.1" 200 143721
66.249.75.67 - - [20/Jan/2015:04:48:19 -0500] "GET /BLA/resoluciones/RESOLUCIONES%202007/RES%202007%202001%20AL%202100/RESOLUCION%202039%20DE%202007.pdf HTTP/1.1" 200 697975
66.249.75.83 - - [20/Jan/2015:04:48:26 -0500] "GET /BLA/resoluciones/RESOLUCIONES%202009/1308.pdf HTTP/1.1" 200 510877
180.76.5.189 - - [20/Jan/2015:04:49:34 -0500] "GET /BLA/resoluciones/RESOLUCIONES%202010/0077.pdf HTTP/1.1" 200 509817
186.154.84.82 - - [20/Jan/2015:04:49:42 -0500] "GET /forest/session.jsp?a=0.36871627112850547 HTTP/1.1" 200 4
66.249.75.83 - - [20/Jan/2015:04:49:47 -0500] "GET /BLA/resoluciones/RESOLUCIONES%202010/6179.pdf HTTP/1.1" 200 634053
66.249.75.67 - - [20/Jan/2015:04:49:49 -0500] "GET /BLA/resoluciones/RESOLUCIONES%202009/5555.pdf HTTP/1.1" 200 682465
193.201.224.54 - - [20/Jan/2015:04:50:05 -0500] "GET /pread/4/tsld019.htm HTTP/1.0" 404 1191
193.201.224.54 - - [20/Jan/2015:04:50:06 -0500] "GET / HTTP/1.0" 302 -
66.249.75.67 - - [20/Jan/2015:04:50:15 -0500] "GET /BLA/resoluciones/RESOLUCIONES%202006/RES%202006%202501-2550/00002538.tif HTTP/1.1" 200 155266
74.86.158.107 - - [20/Jan/2015:04:50:26 -0500] "HEAD / HTTP/1.1" 302 -
66.249.75.51 - - [20/Jan/2015:04:51:12 -0500] "GET /BLA/resoluciones/AUTOS%202011/2807.pdf HTTP/1.1" 200 35040
66.249.75.83 - - [20/Jan/2015:04:51:28 -0500] "GET /BLA/resoluciones/Autos%202008/0756.pdf HTTP/1.1" 200 85161
66.249.75.83 - - [20/Jan/2015:04:52:29 -0500] "GET /BLA/resoluciones/RESOLUCIONES%202009/4120.pdf HTTP/1.1" 200 670494
180.76.6.28 - - [20/Jan/2015:04:52:36 -0500] "GET /BLA/boletinlegal;jsessionid=210954AF841DC8061620EEE32927B30D?/? HTTP/1.1" 404 1018
66.249.75.83 - - [20/Jan/2015:04:53:51 -0500] "GET /BLA/resoluciones/RESOLUCIONES%202009/1619.pdf HTTP/1.1" 200 640886
186.154.84.82 - - [20/Jan/2015:04:54:43 -0500] "GET /forest/session.jsp?a=0.6472267627250403 HTTP/1.1" 200 4
66.249.75.83 - - [20/Jan/2015:04:55:12 -0500] "GET /BLA/resoluciones/RESOLUCIONES%202009/6713.pdf HTTP/1.1" 200 354922
74.86.158.107 - - [20/Jan/2015:04:55:26 -0500] "HEAD / HTTP/1.1" 302 -
66.249.75.51 - - [20/Jan/2015:04:56:33 -0500] "GET /BLA/resoluciones/RESOLUCIONES%202009/1251.pdf HTTP/1.1" 200 575990
220.181.108.82 - - [20/Jan/2015:04:57:16 -0500] "GET /BLA/resoluciones/RESOLUCIONES%202007/RES%202007%20501%20AL%20600/RESOLUCION%200584%20DE%202007.pdf HTTP/1.1" 200 2159424
66.249.75.51 - - [20/Jan/2015:04:57:54 -0500] "GET /BLA/resoluciones/RESOLUCIONES%202009/0140.pdf HTTP/1.1" 200 384000
66.249.69.79 - - [20/Jan/2015:04:58:13 -0500] "GET /dama/libreria/php/decide.php?patron=03.1305020113&numm=21 HTTP/1.1" 404 1019
66.249.75.67 - - [20/Jan/2015:04:59:15 -0500] "GET /BLA/resoluciones/RESOLUCIONES%202009/7965.pdf HTTP/1.1" 200 1782844
186.154.84.82 - - [20/Jan/2015:04:59:44 -0500] "GET /forest/session.jsp?a=0.6953334384597838 HTTP/1.1" 200 4
66.249.75.83 - - [20/Jan/2015:05:00:02 -0500] "GET /BLA/resoluciones/RESOLUCIONES%202009/2376.pdf HTTP/1.1" 200 415881
74.86.158.107 - - [20/Jan/2015:05:00:26 -0500] "HEAD / HTTP/1.1" 302 -
66.249.75.51 - - [20/Jan/2015:05:00:37 -0500] "GET /BLA/resoluciones/AUTOS%202011/0187.pdf HTTP/1.1" 200 345405
188.17.193.82 - - [20/Jan/2015:05:01:12 -0500] "GET / HTTP/1.1" 302 -
188.17.193.82 - - [20/Jan/2015:05:01:15 -0500] "GET /BLA/boletinlegal/js/jquery.js HTTP/1.1" 200 57254
188.17.193.82 - - [20/Jan/2015:05:01:16 -0500] "GET /BLA/boletinlegal/js/jquery.js HTTP/1.1" 200 57254
188.17.193.82 - - [20/Jan/2015:05:01:16 -0500] "GET /BLA/boletinlegal/js/jquery.scrollTo-min.js HTTP/1.1" 200 1150
188.17.193.82 - - [20/Jan/2015:05:01:16 -0500] "GET /BLA/boletinlegal/js/jquery.scrollShow.js HTTP/1.1" 200 4586
188.17.193.82 - - [20/Jan/2015:05:01:17 -0500] "GET /galeria/carrusel/Carrusel/jquery.thumbnailScroller.css HTTP/1.1" 200 2066
188.17.193.82 - - [20/Jan/2015:05:01:17 -0500] "GET /galeria/carrusel/Carrusel/jquery-ui-1.8.13.custom.min.js HTTP/1.1" 200 10800
188.17.193.82 - - [20/Jan/2015:05:01:17 -0500] "GET /galeria/carrusel/Carrusel/jquery.thumbnailScroller.js HTTP/1.1" 200 8157
180.76.5.153 - - [20/Jan/2015:05:01:19 -0500] "GET /BLA/boletinlegal;jsessionid=A6BB11B3A6C985187AC9CA164602A734?/? HTTP/1.1" 404 1018
188.17.193.82 - - [20/Jan/2015:05:01:24 -0500] "GET /galeria/nivo-slider/demo/demo.html HTTP/1.1" 200 3150
188.17.193.82 - - [20/Jan/2015:05:01:25 -0500] "GET /galeria/nivo-slider/themes/default/default.css HTTP/1.1" 200 1569
188.17.193.82 - - [20/Jan/2015:05:01:25 -0500] "GET /galeria/nivo-slider/themes/pascal/pascal.css HTTP/1.1" 200 2258
188.17.193.82 - - [20/Jan/2015:05:01:25 -0500] "GET /galeria/nivo-slider/demo/images/bolsas-08.jpg HTTP/1.1" 200 85589
188.17.193.82 - - [20/Jan/2015:05:01:26 -0500] "GET /galeria/nivo-slider/demo/images/Ruta-vertimientos-01.jpg HTTP/1.1" 200 130151
188.17.193.82 - - [20/Jan/2015:05:01:27 -0500] "GET /galeria/nivo-slider/demo/images/bolsas-06.jpg HTTP/1.1" 200 90982
188.17.193.82 - - [20/Jan/2015:05:01:28 -0500] "GET /galeria/nivo-slider/demo/images/ecolecta-Dic2014.png HTTP/1.1" 200 288593
188.17.193.82 - - [20/Jan/2015:05:01:28 -0500] "GET /galeria/nivo-slider/nivo-slider.css HTTP/1.1" 200 1507
188.17.193.82 - - [20/Jan/2015:05:01:28 -0500] "GET /galeria/nivo-slider/demo/style.css HTTP/1.1" 200 2222
188.17.193.82 - - [20/Jan/2015:05:01:29 -0500] "GET /galeria/nivo-slider/themes/orman/orman.css HTTP/1.1" 200 2152
188.17.193.82 - - [20/Jan/2015:05:01:29 -0500] "GET /galeria/nivo-slider/demo/images/porloshumedales.jpg HTTP/1.1" 200 351238
188.17.193.82 - - [20/Jan/2015:05:01:31 -0500] "GET /galeria/nivo-slider/demo/images/Tingua-azul.jpg HTTP/1.1" 200 307638
188.17.193.82 - - [20/Jan/2015:05:01:33 -0500] "GET /galeria/nivo-slider/demo/images/Banner-Caracol-Africano.jpg HTTP/1.1" 200 331986
188.17.193.82 - - [20/Jan/2015:05:01:37 -0500] "GET /galeria/nivo-slider/demo/images/banner-redes.jpg HTTP/1.1" 200 62209
188.17.193.82 - - [20/Jan/2015:05:01:37 -0500] "GET /galeria/nivo-slider/demo/images/banner-llantas2.jpg HTTP/1.1" 200 73153
188.17.193.82 - - [20/Jan/2015:05:01:38 -0500] "GET /galeria/nivo-slider/demo/images/9Signos.jpg HTTP/1.1" 200 93040
188.17.193.82 - - [20/Jan/2015:05:01:38 -0500] "GET /galeria/nivo-slider/demo/images/banner-caballos.png HTTP/1.1" 200 389106
188.17.193.82 - - [20/Jan/2015:05:01:40 -0500] "GET /galeria/nivo-slider/demo/scripts/jquery-1.7.1.min.js HTTP/1.1" 200 93868
188.17.193.82 - - [20/Jan/2015:05:01:41 -0500] "GET /galeria/nivo-slider/jquery.nivo.slider.pack.js HTTP/1.1" 200 11561
188.17.193.82 - - [20/Jan/2015:05:01:41 -0500] "GET /galeria/nivo-slider/demo/images/4Simple_Slider.png HTTP/1.1" 200 11722
188.17.193.82 - - [20/Jan/2015:05:01:41 -0500] "GET /galeria/nivo-slider/themes/default/loading.gif HTTP/1.1" 200 1737
188.17.193.82 - - [20/Jan/2015:05:01:42 -0500] "GET /galeria/nivo-slider/themes/default/arrows.png HTTP/1.1" 200 824
188.17.193.82 - - [20/Jan/2015:05:01:42 -0500] "GET /galeria/nivo-slider/themes/default/bullets.png HTTP/1.1" 200 1281
66.249.75.83 - - [20/Jan/2015:05:01:58 -0500] "GET /StormSDA/userFiles/user_files/95/ HTTP/1.1" 200 816
66.249.75.67 - - [20/Jan/2015:05:02:43 -0500] "GET /BLA/resoluciones/Autos%202008/2399.pdf HTTP/1.1" 200 112085
180.76.5.155 - - [20/Jan/2015:05:02:54 -0500] "GET /BLA/boletinlegal;jsessionid=1F5CDB7D91E48D42AFA1E6278FB4D304?/? HTTP/1.1" 404 1018
66.249.75.83 - - [20/Jan/2015:05:03:19 -0500] "GET /StormSDA/userFiles/user_files/90/ HTTP/1.1" 200 816
66.249.75.67 - - [20/Jan/2015:05:03:24 -0500] "GET /BLA/resoluciones/AUTOS%202011/2025.pdf HTTP/1.1" 200 135780
66.249.75.83 - - [20/Jan/2015:05:04:40 -0500] "GET /BLA/resoluciones/RESOLUCIONES%202011/1865.pdf HTTP/1.1" 200 515381
186.154.84.82 - - [20/Jan/2015:05:04:45 -0500] "GET /forest/session.jsp?a=0.9045879642944783 HTTP/1.1" 200 4
66.249.75.67 - - [20/Jan/2015:05:04:58 -0500] "GET /BLA/resoluciones/Autos%202008/0650.pdf HTTP/1.1" 200 201992
74.86.158.107 - - [20/Jan/2015:05:05:26 -0500] "HEAD / HTTP/1.1" 302 -
200.234.196.173 - - [20/Jan/2015:05:05:48 -0500] "GET /wp-admin/ HTTP/1.1" 404 1018
66.249.75.67 - - [20/Jan/2015:05:06:00 -0500] "GET /BLA/resoluciones/RESOLUCIONES%202007/RES%202007%202701%20AL%202800/RESOLUCION%202753%20DE%202007.pdf HTTP/1.1" 200 405725
66.249.75.51 - - [20/Jan/2015:05:06:02 -0500] "GET /BLA/resoluciones/index.php?dir=RESOLUCIONES%202006/RES%202006%202001-2050/&sort=name&order=desc HTTP/1.1" 200 12362
66.249.75.51 - - [20/Jan/2015:05:07:22 -0500] "GET /BLA/resoluciones/index.php?dir=RESOLUCIONES%202003/RES%202003%202101-2150/&sort=name&order=desc HTTP/1.1" 200 12159
92.48.105.158 - - [20/Jan/2015:05:07:27 -0500] "GET /wp-admin/ HTTP/1.1" 404 1018
66.249.75.67 - - [20/Jan/2015:05:07:38 -0500] "GET /BLA/resoluciones/RESOLUCIONES%202010/6654.pdf HTTP/1.1" 200 1239058
66.249.75.83 - - [20/Jan/2015:05:08:06 -0500] "GET /BLA/resoluciones/AUTOS%202010/1275.pdf HTTP/1.1" 200 299819
66.249.75.51 - - [20/Jan/2015:05:08:13 -0500] "GET /BLA/resoluciones/index.php?dir=RESOLUCIONES%202009/&sort=size&order=desc HTTP/1.1" 200 1672911
66.249.75.51 - - [20/Jan/2015:05:08:44 -0500] "GET /BLA/resoluciones/index.php?dir=RESOLUCIONES%202006/RES%202006%201651-1700/&sort=size&order=asc HTTP/1.1" 200 12354
66.249.75.67 - - [20/Jan/2015:05:09:19 -0500] "GET /BLA/resoluciones/Autos%202008/1907.pdf HTTP/1.1" 200 85584
66.249.75.51 - - [20/Jan/2015:05:09:37 -0500] "GET /BLA/resoluciones/AUTOS%202011/1712.pdf HTTP/1.1" 200 177639
186.154.84.82 - - [20/Jan/2015:05:09:46 -0500] "GET /forest/session.jsp?a=0.7083200747147202 HTTP/1.1" 200 4
66.249.75.67 - - [20/Jan/2015:05:10:02 -0500] "GET /BLA/resoluciones/index.php?dir=RESOLUCIONES%202006/RES%202006%202001-2050/&sort=date&order=asc HTTP/1.1" 200 12363
66.249.75.83 - - [20/Jan/2015:05:10:05 -0500] "GET /BLA/resoluciones/RESOLUCIONES%202009/4616.pdf HTTP/1.1" 200 644535
74.86.158.107 - - [20/Jan/2015:05:10:26 -0500] "HEAD / HTTP/1.1" 302 -
142.4.215.116 - - [20/Jan/2015:05:10:48 -0500] "GET /robots.txt HTTP/1.0" 404 1019
142.4.215.116 - - [20/Jan/2015:05:10:49 -0500] "GET / HTTP/1.1" 302 -
66.249.75.51 - - [20/Jan/2015:05:11:26 -0500] "GET /BLA/resoluciones/RESOLUCIONES%202008/3373.pdf HTTP/1.1" 200 208804
66.249.75.51 - - [20/Jan/2015:05:12:05 -0500] "GET /BLA/resoluciones/index.php?dir=RESOLUCIONES%202006/RES%202006%202001-2050/&sort=name&order=asc HTTP/1.1" 200 12363
66.249.75.83 - - [20/Jan/2015:05:12:21 -0500] "GET /BLA/resoluciones/RESOLUCIONES%202006/RES%202006%20801-850/00000844.tif HTTP/1.1" 200 396034
66.249.75.83 - - [20/Jan/2015:05:12:47 -0500] "GET /BLA/resoluciones/RESOLUCIONES%202009/3416.pdf HTTP/1.1" 200 479767
