191.79.22.177 - - [21/Jan/2015:09:27:24 -0500] "GET /galeria/nivo-slider/demo/demo.html HTTP/1.1" 200 3150
191.79.22.177 - - [21/Jan/2015:09:27:24 -0500] "GET /galeria/nivo-slider/nivo-slider.css HTTP/1.1" 200 1507
191.79.22.177 - - [21/Jan/2015:09:27:24 -0500] "GET /galeria/nivo-slider/themes/pascal/pascal.css HTTP/1.1" 200 2258
191.79.22.177 - - [21/Jan/2015:09:27:24 -0500] "GET /galeria/nivo-slider/themes/orman/orman.css HTTP/1.1" 200 2152
191.79.22.177 - - [21/Jan/2015:09:27:24 -0500] "GET /galeria/nivo-slider/demo/style.css HTTP/1.1" 200 2222
191.79.22.177 - - [21/Jan/2015:09:27:24 -0500] "GET /galeria/nivo-slider/demo/images/bolsas-08.jpg HTTP/1.1" 200 85589
191.79.22.177 - - [21/Jan/2015:09:27:24 -0500] "GET /galeria/nivo-slider/themes/default/default.css HTTP/1.1" 200 1569
191.79.22.177 - - [21/Jan/2015:09:27:25 -0500] "GET /galeria/nivo-slider/demo/images/Ruta-vertimientos-01.jpg HTTP/1.1" 200 130151
191.79.22.177 - - [21/Jan/2015:09:27:25 -0500] "GET /galeria/nivo-slider/demo/scripts/jquery-1.7.1.min.js HTTP/1.1" 200 93868
191.79.22.177 - - [21/Jan/2015:09:27:25 -0500] "GET /galeria/nivo-slider/demo/images/bolsas-06.jpg HTTP/1.1" 200 90982
191.79.22.177 - - [21/Jan/2015:09:27:25 -0500] "GET /galeria/nivo-slider/jquery.nivo.slider.pack.js HTTP/1.1" 200 11561
191.79.22.177 - - [21/Jan/2015:09:27:25 -0500] "GET /galeria/nivo-slider/demo/images/ecolecta-Dic2014.png HTTP/1.1" 200 288593
186.29.108.80 - - [21/Jan/2015:09:27:24 -0500] "POST /forest/usutareas.do? HTTP/1.1" 200 124
191.79.22.177 - - [21/Jan/2015:09:27:25 -0500] "GET /galeria/nivo-slider/demo/images/porloshumedales.jpg HTTP/1.1" 200 351238
191.79.22.177 - - [21/Jan/2015:09:27:25 -0500] "GET /galeria/nivo-slider/demo/images/4Simple_Slider.png HTTP/1.1" 200 11722
191.79.22.177 - - [21/Jan/2015:09:27:25 -0500] "GET /galeria/nivo-slider/themes/default/loading.gif HTTP/1.1" 200 1737
191.79.22.177 - - [21/Jan/2015:09:27:25 -0500] "GET /galeria/nivo-slider/demo/images/Tingua-azul.jpg HTTP/1.1" 200 307638
191.79.22.177 - - [21/Jan/2015:09:27:25 -0500] "GET /galeria/nivo-slider/demo/images/Banner-Caracol-Africano.jpg HTTP/1.1" 200 331986
191.79.22.177 - - [21/Jan/2015:09:27:25 -0500] "GET /galeria/nivo-slider/demo/images/banner-redes.jpg HTTP/1.1" 200 62209
186.29.108.80 - - [21/Jan/2015:09:27:25 -0500] "GET /forest/usutareas.do?group_system_actual=3&a=0.3045479392167181 HTTP/1.1" 200 19444
186.29.108.80 - - [21/Jan/2015:09:27:26 -0500] "GET /forest/session.jsp?a=0.5157353712711483 HTTP/1.1" 200 4
191.79.22.177 - - [21/Jan/2015:09:27:26 -0500] "GET /galeria/nivo-slider/demo/images/9Signos.jpg HTTP/1.1" 200 93040
191.79.22.177 - - [21/Jan/2015:09:27:26 -0500] "GET /galeria/nivo-slider/demo/images/banner-llantas2.jpg HTTP/1.1" 200 73153
191.79.22.177 - - [21/Jan/2015:09:27:26 -0500] "GET /galeria/nivo-slider/demo/images/banner-caballos.png HTTP/1.1" 200 389106
186.29.108.80 - - [21/Jan/2015:09:27:27 -0500] "GET /forest/misactividades.do?_a=0.19744704058393836&group_system_actual=3 HTTP/1.1" 200 37463
186.29.108.80 - - [21/Jan/2015:09:27:27 -0500] "GET /forest/session.jsp?a=0.279921559849754 HTTP/1.1" 200 4
186.29.108.80 - - [21/Jan/2015:09:27:27 -0500] "POST /forest/misactividades.do?ajax=true&a=0.9956154474057257 HTTP/1.1" 200 12532
66.249.67.83 - - [21/Jan/2015:09:27:29 -0500] "GET /BLA/resoluciones/RESOLUCIONES%202011/5743.pdf HTTP/1.1" 200 900285
191.79.22.177 - - [21/Jan/2015:09:27:29 -0500] "GET /galeria/nivo-slider/themes/default/arrows.png HTTP/1.1" 200 824
191.79.22.177 - - [21/Jan/2015:09:27:29 -0500] "GET /galeria/nivo-slider/themes/default/bullets.png HTTP/1.1" 200 1281
181.136.245.18 - - [21/Jan/2015:09:27:36 -0500] "GET /BLA/boletinlegal/js/jquery.js HTTP/1.1" 200 57254
181.136.245.18 - - [21/Jan/2015:09:27:36 -0500] "GET /BLA/boletinlegal/js/jquery.scrollShow.js HTTP/1.1" 200 4586
181.136.245.18 - - [21/Jan/2015:09:27:36 -0500] "GET /BLA/boletinlegal/js/jquery.scrollTo-min.js HTTP/1.1" 200 1150
181.136.245.18 - - [21/Jan/2015:09:27:36 -0500] "GET /galeria/carrusel/Carrusel/jquery-ui-1.8.13.custom.min.js HTTP/1.1" 200 10800
181.136.245.18 - - [21/Jan/2015:09:27:36 -0500] "GET /galeria/carrusel/Carrusel/jquery.thumbnailScroller.css HTTP/1.1" 200 2066
181.136.245.18 - - [21/Jan/2015:09:27:36 -0500] "GET /galeria/carrusel/Carrusel/jquery.thumbnailScroller.js HTTP/1.1" 200 8157
200.75.51.151 - - [21/Jan/2015:09:27:40 -0500] "GET /BLA/resoluciones/ HTTP/1.1" 200 7146
200.75.51.151 - - [21/Jan/2015:09:27:40 -0500] "GET /BLA/resoluciones/dlf/styles.css HTTP/1.1" 200 3049
200.75.51.151 - - [21/Jan/2015:09:27:40 -0500] "GET /BLA/resoluciones/dlf/folder.png HTTP/1.1" 200 410
200.75.51.151 - - [21/Jan/2015:09:27:40 -0500] "GET /BLA/resoluciones/dlf/bg.gif HTTP/1.1" 200 54
201.245.192.253 - - [21/Jan/2015:09:27:40 -0500] "GET /forest/session.jsp?a=0.5072708448860794 HTTP/1.1" 200 4
200.75.51.151 - - [21/Jan/2015:09:27:42 -0500] "GET /BLA/resoluciones/dlf/dirup.png HTTP/1.1" 200 644
186.29.202.79 - - [21/Jan/2015:09:27:42 -0500] "GET /galeria/nivo-slider/demo/images/ecolecta-Dic2014.png HTTP/1.1" 200 288593
200.75.51.151 - - [21/Jan/2015:09:27:41 -0500] "GET /BLA/resoluciones/index.php?dir=RESOLUCIONES+2013%2F HTTP/1.1" 200 142655
186.29.202.79 - - [21/Jan/2015:09:27:42 -0500] "GET /galeria/nivo-slider/demo/images/porloshumedales.jpg HTTP/1.1" 200 351238
186.29.202.79 - - [21/Jan/2015:09:27:42 -0500] "GET /galeria/nivo-slider/demo/images/Tingua-azul.jpg HTTP/1.1" 200 307638
186.29.202.79 - - [21/Jan/2015:09:27:42 -0500] "GET /galeria/nivo-slider/demo/images/Banner-Caracol-Africano.jpg HTTP/1.1" 200 331986
186.29.202.79 - - [21/Jan/2015:09:27:43 -0500] "GET /galeria/nivo-slider/themes/default/loading.gif HTTP/1.1" 200 1737
186.29.202.79 - - [21/Jan/2015:09:27:43 -0500] "GET /galeria/nivo-slider/demo/images/4Simple_Slider.png HTTP/1.1" 200 11722
186.29.202.79 - - [21/Jan/2015:09:27:43 -0500] "GET /galeria/nivo-slider/demo/images/banner-llantas2.jpg HTTP/1.1" 200 73153
186.29.202.79 - - [21/Jan/2015:09:27:43 -0500] "GET /galeria/nivo-slider/demo/images/banner-caballos.png HTTP/1.1" 200 389106
200.75.51.151 - - [21/Jan/2015:09:27:45 -0500] "GET /BLA/resoluciones/dlf/pdf.gif HTTP/1.1" 200 272
186.29.202.79 - - [21/Jan/2015:09:27:45 -0500] "GET /galeria/nivo-slider/demo/images/9Signos.jpg HTTP/1.1" 200 93040
186.29.202.79 - - [21/Jan/2015:09:27:45 -0500] "GET /galeria/nivo-slider/demo/images/banner-redes.jpg HTTP/1.1" 200 62209
186.29.202.79 - - [21/Jan/2015:09:27:45 -0500] "GET /galeria/nivo-slider/themes/default/arrows.png HTTP/1.1" 200 824
186.29.202.79 - - [21/Jan/2015:09:27:45 -0500] "GET /galeria/nivo-slider/themes/default/bullets.png HTTP/1.1" 200 1281
181.136.245.18 - - [21/Jan/2015:09:27:47 -0500] "GET /galeria/nivo-slider/demo/demo.html HTTP/1.1" 200 3150
181.136.245.18 - - [21/Jan/2015:09:27:47 -0500] "GET /galeria/nivo-slider/themes/default/default.css HTTP/1.1" 200 1569
181.136.245.18 - - [21/Jan/2015:09:27:47 -0500] "GET /galeria/nivo-slider/themes/orman/orman.css HTTP/1.1" 200 2152
181.136.245.18 - - [21/Jan/2015:09:27:47 -0500] "GET /galeria/nivo-slider/themes/pascal/pascal.css HTTP/1.1" 200 2258
181.136.245.18 - - [21/Jan/2015:09:27:47 -0500] "GET /galeria/nivo-slider/nivo-slider.css HTTP/1.1" 200 1507
181.136.245.18 - - [21/Jan/2015:09:27:47 -0500] "GET /galeria/nivo-slider/demo/style.css HTTP/1.1" 200 2222
181.136.245.18 - - [21/Jan/2015:09:27:47 -0500] "GET /galeria/nivo-slider/demo/images/bolsas-08.jpg HTTP/1.1" 200 85589
181.136.245.18 - - [21/Jan/2015:09:27:47 -0500] "GET /galeria/nivo-slider/demo/images/Ruta-vertimientos-01.jpg HTTP/1.1" 200 130151
181.136.245.18 - - [21/Jan/2015:09:27:47 -0500] "GET /galeria/nivo-slider/demo/images/bolsas-06.jpg HTTP/1.1" 200 90982
181.136.245.18 - - [21/Jan/2015:09:27:47 -0500] "GET /galeria/nivo-slider/demo/images/ecolecta-Dic2014.png HTTP/1.1" 200 288593
181.136.245.18 - - [21/Jan/2015:09:27:47 -0500] "GET /galeria/nivo-slider/demo/images/Tingua-azul.jpg HTTP/1.1" 200 307638
181.136.245.18 - - [21/Jan/2015:09:27:47 -0500] "GET /galeria/nivo-slider/demo/images/porloshumedales.jpg HTTP/1.1" 200 351238
181.136.245.18 - - [21/Jan/2015:09:27:47 -0500] "GET /galeria/nivo-slider/demo/images/Banner-Caracol-Africano.jpg HTTP/1.1" 200 331986
181.136.245.18 - - [21/Jan/2015:09:27:47 -0500] "GET /galeria/nivo-slider/demo/images/banner-redes.jpg HTTP/1.1" 200 62209
181.136.245.18 - - [21/Jan/2015:09:27:47 -0500] "GET /galeria/nivo-slider/demo/images/9Signos.jpg HTTP/1.1" 200 93040
181.136.245.18 - - [21/Jan/2015:09:27:48 -0500] "GET /galeria/nivo-slider/demo/scripts/jquery-1.7.1.min.js HTTP/1.1" 200 93868
181.136.245.18 - - [21/Jan/2015:09:27:48 -0500] "GET /galeria/nivo-slider/jquery.nivo.slider.pack.js HTTP/1.1" 200 11561
181.136.245.18 - - [21/Jan/2015:09:27:48 -0500] "GET /galeria/nivo-slider/demo/images/banner-llantas2.jpg HTTP/1.1" 200 73153
181.136.245.18 - - [21/Jan/2015:09:27:48 -0500] "GET /galeria/nivo-slider/demo/images/banner-caballos.png HTTP/1.1" 200 389106
180.76.5.94 - - [21/Jan/2015:09:27:49 -0500] "GET /BLA/boletinlegal;jsessionid=8C60C2DE4A4CBEDD8D2C3E92C4D26F26?/? HTTP/1.1" 404 1018
181.136.245.18 - - [21/Jan/2015:09:27:49 -0500] "GET /galeria/nivo-slider/themes/default/loading.gif HTTP/1.1" 200 1737
181.136.245.18 - - [21/Jan/2015:09:27:49 -0500] "GET /galeria/nivo-slider/demo/images/4Simple_Slider.png HTTP/1.1" 200 11722
200.41.78.106 - - [21/Jan/2015:09:27:54 -0500] "GET /autoliquidacion HTTP/1.1" 301 310
200.41.78.106 - - [21/Jan/2015:09:27:54 -0500] "GET /autoliquidacion/ HTTP/1.1" 200 6375
201.245.192.253 - - [21/Jan/2015:09:22:05 -0500] "GET /ForestMSG_SDA/channelAsync/template_word_17268240?X-Atmosphere-tracking-id=9356e038-a64c-5550-b1ae-acb763e16f69&X-Atmosphere-Framework=1.0.5&X-Atmosphere-Transport=long-polling&tabid=0.7093936945311725&X-Cache-Date=0&Content-Type=application/xml&_=1421850480495 HTTP/1.1" 200 8193
66.249.67.75 - - [21/Jan/2015:09:28:06 -0500] "GET /BLA/resoluciones/RESOLUCIONES%202009/8805.pdf HTTP/1.1" 200 354272
186.29.108.80 - - [21/Jan/2015:09:28:06 -0500] "GET /forest/usutareas.do?_a=0.9455777269322425&group_system_actual=3 HTTP/1.1" 200 121467
186.29.108.80 - - [21/Jan/2015:09:28:07 -0500] "GET /forest/session.jsp?a=0.17275315849110484 HTTP/1.1" 200 4
200.41.78.106 - - [21/Jan/2015:09:28:07 -0500] "GET /autoliquidacion/index.php?dir=Solicitudes+relacionadas+con+calidad+del+aire+auditiva+y+visual%2F HTTP/1.1" 200 5748
200.75.42.226 - - [21/Jan/2015:09:28:08 -0500] "GET /BLA/boletinlegal/js/jquery.js HTTP/1.1" 200 57254
200.75.42.226 - - [21/Jan/2015:09:28:08 -0500] "GET /BLA/boletinlegal/js/jquery.scrollTo-min.js HTTP/1.1" 200 1150
200.75.42.226 - - [21/Jan/2015:09:28:08 -0500] "GET /BLA/boletinlegal/js/jquery.scrollShow.js HTTP/1.1" 200 4586
190.24.148.157 - - [21/Jan/2015:09:28:09 -0500] "GET /BLA/boletinlegal/js/jquery.scrollShow.js HTTP/1.1" 200 4586
190.24.148.157 - - [21/Jan/2015:09:28:09 -0500] "GET /BLA/boletinlegal/js/jquery.scrollTo-min.js HTTP/1.1" 200 1150
190.24.148.157 - - [21/Jan/2015:09:28:09 -0500] "GET /BLA/boletinlegal/js/jquery.js HTTP/1.1" 200 57254
200.41.78.106 - - [21/Jan/2015:09:28:09 -0500] "GET /autoliquidacion/index.php?dir=Solicitudes+relacionadas+con+calidad+del+aire+auditiva+y+visual%2FRegistro+de+Elementos+de+publicidad+Exterior+Visual%2F HTTP/1.1" 200 4037
201.245.192.253 - - [21/Jan/2015:09:28:10 -0500] "GET /forest/skins/gdocs-jar/popup/escritorio/radicar.jsp?form=CORRESPONDENCIA_RADICACION_RESPUESTA&codTpl=&codBorr=512953&a=0.1685279575176537 HTTP/1.1" 200 26747
201.245.192.253 - - [21/Jan/2015:09:28:10 -0500] "GET /forest/json.do?query=borradoresByTplsRadicar&codInst=2986474&codTare=703&firma=0&a=0.38182442751713097 HTTP/1.1" 200 211
201.245.192.253 - - [21/Jan/2015:09:28:10 -0500] "GET /forest/json.do?query=plantillasByTarea&codTare=703&codInst=2986474&firma=0&a=0.05625876993872225 HTTP/1.1" 200 1032
201.245.192.253 - - [21/Jan/2015:09:28:10 -0500] "GET /forest/json.do?query=terceroById&numTer=899999061-9%20SDA&a=0.8511894147377461 HTTP/1.1" 200 666
201.245.192.253 - - [21/Jan/2015:09:28:10 -0500] "GET /forest/json.do?query=datosBorradorByCodTraBorr&codTraBorr=1601294&a=0.6466435729525983 HTTP/1.1" 200 180
201.245.192.253 - - [21/Jan/2015:09:28:10 -0500] "GET /forest/json.do?query=ultimoBorradorByTpl&codTpl=621&codInst=2986474&a=0.9817377177532762 HTTP/1.1" 200 2
201.245.192.253 - - [21/Jan/2015:09:28:10 -0500] "GET /forest/json.do?query=adjuntosByBorrador&codTraBorr=1601294&a=0.23454545065760612 HTTP/1.1" 200 2
201.245.192.253 - - [21/Jan/2015:09:28:10 -0500] "GET /forest/json.do?query=ultimoBorradorByTpl&codTpl=1201&codInst=2986474&a=0.3132424345239997 HTTP/1.1" 200 2
201.245.192.253 - - [21/Jan/2015:09:28:10 -0500] "GET /forest/json.do?query=ultimoBorradorByTpl&codTpl=641&codInst=2986474&a=0.9697836581617594 HTTP/1.1" 200 2
200.75.51.151 - - [21/Jan/2015:09:28:10 -0500] "GET /BLA/resoluciones/index.php?dir=Notificaciones%2F HTTP/1.1" 200 3221
201.245.192.253 - - [21/Jan/2015:09:28:10 -0500] "GET /forest/json.do?query=ultimoBorradorByTpl&codTpl=901&codInst=2986474&a=0.737285787705332 HTTP/1.1" 200 2
201.245.192.253 - - [21/Jan/2015:09:28:10 -0500] "GET /forest/json.do?query=ultimoBorradorByTpl&codTpl=501&codInst=2986474&a=0.4813078106380999 HTTP/1.1" 200 20
201.245.192.253 - - [21/Jan/2015:09:28:10 -0500] "GET /forest/json.do?query=ultimoBorradorByTpl&codTpl=1301&codInst=2986474&a=0.8675364025402814 HTTP/1.1" 200 2
201.245.192.253 - - [21/Jan/2015:09:28:10 -0500] "GET /forest/json.do?query=ultimoBorradorByTpl&codTpl=601&codInst=2986474&a=0.38550973939709365 HTTP/1.1" 200 2
186.29.108.80 - - [21/Jan/2015:09:28:11 -0500] "POST /forest/usutareas.do? HTTP/1.1" 200 625
201.245.192.253 - - [21/Jan/2015:09:28:13 -0500] "GET /forest/json.do?query=terceroById&numTer=899999061-9%20SDA&a=0.4476949363015592 HTTP/1.1" 200 666
201.245.192.253 - - [21/Jan/2015:09:28:13 -0500] "GET /forest/json.do?query=medEnvsByClaDoc&claDoc=2&a=0.799316689139232 HTTP/1.1" 200 74
200.75.51.151 - - [21/Jan/2015:09:28:13 -0500] "GET /BLA/resoluciones/index.php?dir=Notificaciones%2FREGISTROS+2013%2F HTTP/1.1" 200 2053
200.75.51.151 - - [21/Jan/2015:09:28:13 -0500] "GET /BLA/resoluciones/dlf/doc.gif HTTP/1.1" 200 1079
186.29.108.80 - - [21/Jan/2015:09:28:13 -0500] "POST /forest/usutareas.do? HTTP/1.1" 200 124
186.29.108.80 - - [21/Jan/2015:09:28:14 -0500] "GET /forest/usutareas.do?group_system_actual=3&a=0.6513972308021039 HTTP/1.1" 200 19445
186.29.108.80 - - [21/Jan/2015:09:28:14 -0500] "GET /forest/session.jsp?a=0.5606082198210061 HTTP/1.1" 200 4
200.75.51.151 - - [21/Jan/2015:09:28:14 -0500] "GET /BLA/resoluciones/Notificaciones/REGISTROS%202013/1546.doc HTTP/1.1" 200 233984
201.245.192.253 - - [21/Jan/2015:09:28:14 -0500] "GET /forest/json.do?query=tipoFirmaTipDoc&idtido=606&a=0.03351532737724483 HTTP/1.1" 200 21
201.245.192.253 - - [21/Jan/2015:09:28:15 -0500] "GET /forest/session.jsp?a=0.1909262801054865 HTTP/1.1" 200 4
201.245.192.253 - - [21/Jan/2015:09:28:15 -0500] "POST /forms/lservlet;jsessionid=ac16012b30d5367ebca73ef14804a737d3ab2202ba72.e3iSbxaKaheRe38RbNmLa3mSc41ynknvrkLOlQzNp65In0 HTTP/1.1" 200 117
186.29.108.80 - - [21/Jan/2015:09:28:15 -0500] "GET /forest/misactividades.do?_a=0.1940380078740418&group_system_actual=3 HTTP/1.1" 200 37463
186.29.108.80 - - [21/Jan/2015:09:28:16 -0500] "GET /forest/session.jsp?a=0.5489415116608143 HTTP/1.1" 200 4
186.29.108.80 - - [21/Jan/2015:09:28:16 -0500] "POST /forest/misactividades.do?ajax=true&a=0.35366551973856986 HTTP/1.1" 200 12512
201.245.192.253 - - [21/Jan/2015:09:28:17 -0500] "GET /forest/actions/manager.fechaSumaDias?fecha=2015-01-21&dias=30&habil=false&a=0.520050810649991 HTTP/1.1" 200 12
200.75.51.151 - - [21/Jan/2015:09:28:18 -0500] "GET /BLA/resoluciones/index.php?dir=Notificaciones%2F HTTP/1.1" 200 3221
186.29.108.80 - - [21/Jan/2015:09:28:18 -0500] "GET /forest/usutareas.do?_a=0.5097997295670211&group_system_actual=3 HTTP/1.1" 200 121469
186.29.108.80 - - [21/Jan/2015:09:28:19 -0500] "GET /forest/session.jsp?a=0.6464530581142753 HTTP/1.1" 200 4
200.75.51.151 - - [21/Jan/2015:09:28:20 -0500] "GET /BLA/resoluciones/index.php?dir=Notificaciones%2FRESOLUCIONES+2013%2F HTTP/1.1" 200 2077
201.245.192.253 - - [21/Jan/2015:09:28:21 -0500] "POST /forest/usutareas.do?group_system_actual=3 HTTP/1.1" 200 265
201.245.192.253 - - [21/Jan/2015:09:28:22 -0500] "GET /forest/usutareas.do?group_system_actual=3&a=0.8838806468993425 HTTP/1.1" 200 119046
201.245.192.253 - - [21/Jan/2015:09:26:27 -0500] "GET /ForestMSG_SDA/channelAsync/template_word_17268036?X-Atmosphere-tracking-id=849cbd71-43ca-ea5c-63c2-dbdadf6a4a76&X-Atmosphere-Framework=1.0.5&X-Atmosphere-Transport=long-polling&tabid=0.8172336658462882&X-Cache-Date=0&Content-Type=application/xml&_=1421850743060 HTTP/1.1" 200 8193
201.245.192.253 - - [21/Jan/2015:09:28:22 -0500] "GET /forest/session.jsp?a=0.9764947649091482 HTTP/1.1" 200 4
200.75.51.151 - - [21/Jan/2015:09:28:23 -0500] "GET /BLA/resoluciones/index.php?dir=Notificaciones%2FREGISTROS+2014%2F HTTP/1.1" 200 7200
186.29.108.80 - - [21/Jan/2015:09:28:23 -0500] "POST /forest/usutareas.do? HTTP/1.1" 200 625
201.245.192.253 - - [21/Jan/2015:09:28:23 -0500] "POST /forms/lservlet;jsessionid=ac16012b30d5367ebca73ef14804a737d3ab2202ba72.e3iSbxaKaheRe38RbNmLa3mSc41ynknvrkLOlQzNp65In0 HTTP/1.1" 200 231
201.245.192.253 - - [21/Jan/2015:09:28:24 -0500] "POST /forms/lservlet;jsessionid=ac16012b30d5367ebca73ef14804a737d3ab2202ba72.e3iSbxaKaheRe38RbNmLa3mSc41ynknvrkLOlQzNp65In0 HTTP/1.1" 200 186
201.245.192.253 - - [21/Jan/2015:09:28:24 -0500] "POST /forms/lservlet;jsessionid=ac16012b30d5367ebca73ef14804a737d3ab2202ba72.e3iSbxaKaheRe38RbNmLa3mSc41ynknvrkLOlQzNp65In0 HTTP/1.1" 200 244
201.245.192.253 - - [21/Jan/2015:09:28:24 -0500] "POST /forms/lservlet;jsessionid=ac16012b30d5367ebca73ef14804a737d3ab2202ba72.e3iSbxaKaheRe38RbNmLa3mSc41ynknvrkLOlQzNp65In0 HTTP/1.1" 200 395
201.245.192.253 - - [21/Jan/2015:09:28:24 -0500] "POST /forms/lservlet;jsessionid=ac16012b30d5367ebca73ef14804a737d3ab2202ba72.e3iSbxaKaheRe38RbNmLa3mSc41ynknvrkLOlQzNp65In0 HTTP/1.1" 200 385
201.245.192.253 - - [21/Jan/2015:09:28:24 -0500] "POST /forms/lservlet;jsessionid=ac16012b30d5367ebca73ef14804a737d3ab2202ba72.e3iSbxaKaheRe38RbNmLa3mSc41ynknvrkLOlQzNp65In0 HTTP/1.1" 200 426
201.245.192.253 - - [21/Jan/2015:09:28:25 -0500] "POST /forms/lservlet;jsessionid=ac16012b30d5367ebca73ef14804a737d3ab2202ba72.e3iSbxaKaheRe38RbNmLa3mSc41ynknvrkLOlQzNp65In0 HTTP/1.1" 200 391
201.245.192.253 - - [21/Jan/2015:09:28:25 -0500] "POST /forest/usutareas.do? HTTP/1.1" 200 76
186.29.108.80 - - [21/Jan/2015:09:28:25 -0500] "POST /forest/usutareas.do? HTTP/1.1" 200 124
201.245.192.253 - - [21/Jan/2015:09:28:25 -0500] "POST /forms/lservlet;jsessionid=ac16012b30d5367ebca73ef14804a737d3ab2202ba72.e3iSbxaKaheRe38RbNmLa3mSc41ynknvrkLOlQzNp65In0 HTTP/1.1" 200 417
201.245.192.253 - - [21/Jan/2015:09:28:25 -0500] "POST /forms/lservlet;jsessionid=ac16012b30d5367ebca73ef14804a737d3ab2202ba72.e3iSbxaKaheRe38RbNmLa3mSc41ynknvrkLOlQzNp65In0 HTTP/1.1" 200 414
201.245.192.253 - - [21/Jan/2015:09:28:25 -0500] "POST /forms/lservlet;jsessionid=ac16012b30d5367ebca73ef14804a737d3ab2202ba72.e3iSbxaKaheRe38RbNmLa3mSc41ynknvrkLOlQzNp65In0 HTTP/1.1" 200 439
201.245.192.253 - - [21/Jan/2015:09:28:25 -0500] "POST /forms/lservlet;jsessionid=ac16012b30d5367ebca73ef14804a737d3ab2202ba72.e3iSbxaKaheRe38RbNmLa3mSc41ynknvrkLOlQzNp65In0 HTTP/1.1" 200 429
201.245.192.253 - - [21/Jan/2015:09:28:26 -0500] "POST /forms/lservlet;jsessionid=ac16012b30d5367ebca73ef14804a737d3ab2202ba72.e3iSbxaKaheRe38RbNmLa3mSc41ynknvrkLOlQzNp65In0 HTTP/1.1" 200 471
186.29.108.80 - - [21/Jan/2015:09:28:26 -0500] "GET /forest/usutareas.do?group_system_actual=3&a=0.37856278708204627 HTTP/1.1" 200 19445
201.245.192.253 - - [21/Jan/2015:09:28:26 -0500] "POST /forms/lservlet;jsessionid=ac16012b30d5367ebca73ef14804a737d3ab2202ba72.e3iSbxaKaheRe38RbNmLa3mSc41ynknvrkLOlQzNp65In0 HTTP/1.1" 200 431
186.29.108.80 - - [21/Jan/2015:09:28:26 -0500] "GET /forest/session.jsp?a=0.15822350000962615 HTTP/1.1" 200 4
201.245.192.253 - - [21/Jan/2015:09:28:26 -0500] "POST /forms/lservlet;jsessionid=ac16012b30d5367ebca73ef14804a737d3ab2202ba72.e3iSbxaKaheRe38RbNmLa3mSc41ynknvrkLOlQzNp65In0 HTTP/1.1" 200 393
201.245.192.253 - - [21/Jan/2015:09:28:26 -0500] "POST /forms/lservlet;jsessionid=ac16012b30d5367ebca73ef14804a737d3ab2202ba72.e3iSbxaKaheRe38RbNmLa3mSc41ynknvrkLOlQzNp65In0 HTTP/1.1" 200 368
201.245.192.253 - - [21/Jan/2015:09:28:26 -0500] "POST /forms/lservlet;jsessionid=ac16012b30d5367ebca73ef14804a737d3ab2202ba72.e3iSbxaKaheRe38RbNmLa3mSc41ynknvrkLOlQzNp65In0 HTTP/1.1" 200 357
201.245.192.253 - - [21/Jan/2015:09:28:27 -0500] "POST /forms/lservlet;jsessionid=ac16012b30d5367ebca73ef14804a737d3ab2202ba72.e3iSbxaKaheRe38RbNmLa3mSc41ynknvrkLOlQzNp65In0 HTTP/1.1" 200 370
201.245.192.253 - - [21/Jan/2015:09:28:27 -0500] "POST /forms/lservlet;jsessionid=ac16012b30d5367ebca73ef14804a737d3ab2202ba72.e3iSbxaKaheRe38RbNmLa3mSc41ynknvrkLOlQzNp65In0 HTTP/1.1" 200 370
186.29.108.80 - - [21/Jan/2015:09:28:27 -0500] "GET /forest/misactividades.do?_a=0.2472643069922924&group_system_actual=3 HTTP/1.1" 200 37463
201.245.192.253 - - [21/Jan/2015:09:28:27 -0500] "POST /forms/lservlet;jsessionid=ac16012b30d5367ebca73ef14804a737d3ab2202ba72.e3iSbxaKaheRe38RbNmLa3mSc41ynknvrkLOlQzNp65In0 HTTP/1.1" 200 400
201.245.192.253 - - [21/Jan/2015:09:28:27 -0500] "POST /forms/lservlet;jsessionid=ac16012b30d5367ebca73ef14804a737d3ab2202ba72.e3iSbxaKaheRe38RbNmLa3mSc41ynknvrkLOlQzNp65In0 HTTP/1.1" 200 411
186.29.108.80 - - [21/Jan/2015:09:28:27 -0500] "GET /forest/session.jsp?a=0.037623012671247125 HTTP/1.1" 200 4
201.245.192.253 - - [21/Jan/2015:09:28:27 -0500] "POST /forms/lservlet;jsessionid=ac16012b30d5367ebca73ef14804a737d3ab2202ba72.e3iSbxaKaheRe38RbNmLa3mSc41ynknvrkLOlQzNp65In0 HTTP/1.1" 200 434
201.245.192.253 - - [21/Jan/2015:09:28:27 -0500] "POST /forms/lservlet;jsessionid=ac16012b30d5367ebca73ef14804a737d3ab2202ba72.e3iSbxaKaheRe38RbNmLa3mSc41ynknvrkLOlQzNp65In0 HTTP/1.1" 200 418
201.245.192.253 - - [21/Jan/2015:09:28:28 -0500] "POST /forms/lservlet;jsessionid=ac16012b30d5367ebca73ef14804a737d3ab2202ba72.e3iSbxaKaheRe38RbNmLa3mSc41ynknvrkLOlQzNp65In0 HTTP/1.1" 200 406
186.29.108.80 - - [21/Jan/2015:09:28:28 -0500] "POST /forest/misactividades.do?ajax=true&a=0.3135954283643514 HTTP/1.1" 200 12531
201.245.192.253 - - [21/Jan/2015:09:28:28 -0500] "POST /forms/lservlet;jsessionid=ac16012b30d5367ebca73ef14804a737d3ab2202ba72.e3iSbxaKaheRe38RbNmLa3mSc41ynknvrkLOlQzNp65In0 HTTP/1.1" 200 416
201.245.192.253 - - [21/Jan/2015:09:28:28 -0500] "POST /forms/lservlet;jsessionid=ac16012b30d5367ebca73ef14804a737d3ab2202ba72.e3iSbxaKaheRe38RbNmLa3mSc41ynknvrkLOlQzNp65In0 HTTP/1.1" 200 421
201.245.192.253 - - [21/Jan/2015:09:28:28 -0500] "POST /forms/lservlet;jsessionid=ac16012b30d5367ebca73ef14804a737d3ab2202ba72.e3iSbxaKaheRe38RbNmLa3mSc41ynknvrkLOlQzNp65In0 HTTP/1.1" 200 15
201.245.192.253 - - [21/Jan/2015:09:28:29 -0500] "POST /forms/lservlet;jsessionid=ac16012b30d5367ebca73ef14804a737d3ab2202ba72.e3iSbxaKaheRe38RbNmLa3mSc41ynknvrkLOlQzNp65In0 HTTP/1.1" 200 397
201.245.192.253 - - [21/Jan/2015:09:28:29 -0500] "GET /forest/usutareas.do?group_system_actual=3&a=0.48737291898578405 HTTP/1.1" 200 117609
201.245.192.253 - - [21/Jan/2015:09:28:29 -0500] "GET /forest/session.jsp?a=0.23467156291007996 HTTP/1.1" 200 4
201.245.192.253 - - [21/Jan/2015:09:28:30 -0500] "POST /forms/lservlet;jsessionid=ac16012b30d5367ebca73ef14804a737d3ab2202ba72.e3iSbxaKaheRe38RbNmLa3mSc41ynknvrkLOlQzNp65In0 HTTP/1.1" 200 153
186.29.108.80 - - [21/Jan/2015:09:28:29 -0500] "GET /forest/usutareas.do?_a=0.2272748425602913&group_system_actual=3 HTTP/1.1" 200 121468
201.245.192.253 - - [21/Jan/2015:09:28:31 -0500] "POST /forms/lservlet;jsessionid=ac16012b30d5367ebca73ef14804a737d3ab2202ba72.e3iSbxaKaheRe38RbNmLa3mSc41ynknvrkLOlQzNp65In0 HTTP/1.1" 200 176
201.245.192.253 - - [21/Jan/2015:09:28:31 -0500] "POST /forest/usutareas.do? HTTP/1.1" 200 177
186.29.108.80 - - [21/Jan/2015:09:28:32 -0500] "GET /forest/session.jsp?a=0.4774134459439665 HTTP/1.1" 200 4
200.75.51.151 - - [21/Jan/2015:09:28:32 -0500] "GET /BLA/resoluciones/Notificaciones/REGISTROS%202014/2008.doc HTTP/1.1" 200 138984
201.245.192.253 - - [21/Jan/2015:09:28:32 -0500] "POST /forms/lservlet;jsessionid=ac16012b30d5367ebca73ef14804a737d3ab2202ba72.e3iSbxaKaheRe38RbNmLa3mSc41ynknvrkLOlQzNp65In0 HTTP/1.1" 200 98
201.245.192.253 - - [21/Jan/2015:09:28:32 -0500] "GET /forest/usutareas.do?group_system_actual=3&a=0.2902221907861531 HTTP/1.1" 200 19514
201.245.192.253 - - [21/Jan/2015:09:28:32 -0500] "GET /forest/session.jsp?a=0.22118577174842358 HTTP/1.1" 200 4
201.245.192.253 - - [21/Jan/2015:09:28:33 -0500] "GET /forest/misactividades.do?_a=0.7920098188333213&group_system_actual=3 HTTP/1.1" 200 37533
201.245.192.253 - - [21/Jan/2015:09:28:34 -0500] "GET /forest/session.jsp?a=0.6534855365753174 HTTP/1.1" 200 4
201.245.192.253 - - [21/Jan/2015:09:28:34 -0500] "POST /forest/misactividades.do?ajax=true&a=0.6421707237605006 HTTP/1.1" 200 12220
201.245.192.253 - - [21/Jan/2015:09:28:34 -0500] "POST /forms/lservlet;jsessionid=ac16012b30d5367ebca73ef14804a737d3ab2202ba72.e3iSbxaKaheRe38RbNmLa3mSc41ynknvrkLOlQzNp65In0 HTTP/1.1" 200 2
186.29.108.80 - - [21/Jan/2015:09:28:34 -0500] "POST /forest/usutareas.do? HTTP/1.1" 200 625
200.75.51.151 - - [21/Jan/2015:09:28:35 -0500] "GET /BLA/resoluciones/index.php?dir=Notificaciones%2F HTTP/1.1" 200 3221
201.245.192.253 - - [21/Jan/2015:09:28:34 -0500] "POST /forms/lservlet;jsessionid=ac16012b30d5367ebca73ef14804a737d3ab2202ba72.e3iSbxaKaheRe38RbNmLa3mSc41ynknvrkLOlQzNp65In0 HTTP/1.1" 200 14
186.84.51.21 - - [21/Jan/2015:09:28:35 -0500] "POST /forms/lservlet;jsessionid=ac16012b30d5d2c776d9d42b40f78d3e8fbc166206b6.e3iSbxaKaheRe38RbNmLa3mSc41ynknvrkLOlQzNp65In0 HTTP/1.1" 200 90
201.245.192.253 - - [21/Jan/2015:09:28:36 -0500] "GET /forest/usutareas.do?_a=0.3168090970721096&group_system_actual=3 HTTP/1.1" 200 120780
201.245.192.253 - - [21/Jan/2015:09:28:36 -0500] "GET /forest/session.jsp?a=0.33701626560650766 HTTP/1.1" 200 4
201.245.192.253 - - [21/Jan/2015:09:28:35 -0500] "POST /forms/lservlet;jsessionid=ac16012b30d5367ebca73ef14804a737d3ab2202ba72.e3iSbxaKaheRe38RbNmLa3mSc41ynknvrkLOlQzNp65In0 HTTP/1.1" 200 14
186.29.108.80 - - [21/Jan/2015:09:28:36 -0500] "POST /forest/usutareas.do? HTTP/1.1" 200 124
186.84.51.21 - - [21/Jan/2015:09:28:36 -0500] "POST /forms/lservlet;jsessionid=ac16012b30d5d2c776d9d42b40f78d3e8fbc166206b6.e3iSbxaKaheRe38RbNmLa3mSc41ynknvrkLOlQzNp65In0 HTTP/1.1" 200 2
186.84.51.21 - - [21/Jan/2015:09:28:37 -0500] "POST /forms/lservlet;jsessionid=ac16012b30d5d2c776d9d42b40f78d3e8fbc166206b6.e3iSbxaKaheRe38RbNmLa3mSc41ynknvrkLOlQzNp65In0 HTTP/1.1" 200 2030
186.84.51.21 - - [21/Jan/2015:09:28:37 -0500] "POST /forms/lservlet;jsessionid=ac16012b30d5d2c776d9d42b40f78d3e8fbc166206b6.e3iSbxaKaheRe38RbNmLa3mSc41ynknvrkLOlQzNp65In0 HTTP/1.1" 200 78
186.29.108.80 - - [21/Jan/2015:09:28:37 -0500] "GET /forest/usutareas.do?group_system_actual=3&a=0.6475125113502145 HTTP/1.1" 200 19444
186.29.108.80 - - [21/Jan/2015:09:28:37 -0500] "GET /forest/session.jsp?a=0.6610900738742203 HTTP/1.1" 200 4
201.245.192.253 - - [21/Jan/2015:09:28:36 -0500] "POST /forms/lservlet;jsessionid=ac16012b30d5367ebca73ef14804a737d3ab2202ba72.e3iSbxaKaheRe38RbNmLa3mSc41ynknvrkLOlQzNp65In0 HTTP/1.1" 200 14
181.136.65.100 - - [21/Jan/2015:09:28:38 -0500] "GET /crossdomain.xml HTTP/1.1" 404 1280
201.245.192.253 - - [21/Jan/2015:09:28:38 -0500] "GET /forest/borrador/1601290/Res%20def%20provisional%20resinas.docx HTTP/1.1" 200 169732
181.136.65.100 - - [21/Jan/2015:09:28:38 -0500] "GET /arcgis/services/Calidad_del_Agua_WQI/MapServer/WMSServer?STYLES=&WIDTH=1920&LAYERS=3%2C4%2C5%2C6%2C7&BBOX=%2D74%2E07144339608524%2C4%2E599004451462246%2C%2D74%2E06230626582285%2C4%2E603344588336881&HEIGHT=912&SERVICE=WMS&FORMAT=image%2Fpng&SRS=EPSG%3A4686&REQUEST=GetMap&TRANSPARENT=TRUE&VERSION=1%2E1%2E1 HTTP/1.1" 200 8982
186.29.108.80 - - [21/Jan/2015:09:28:38 -0500] "GET /forest/misactividades.do?_a=0.20427544205449522&group_system_actual=3 HTTP/1.1" 200 37463
186.84.51.21 - - [21/Jan/2015:09:28:38 -0500] "POST /forms/lservlet;jsessionid=ac16012b30d5d2c776d9d42b40f78d3e8fbc166206b6.e3iSbxaKaheRe38RbNmLa3mSc41ynknvrkLOlQzNp65In0 HTTP/1.1" 200 86
201.245.192.253 - - [21/Jan/2015:09:28:38 -0500] "POST /forms/lservlet;jsessionid=ac16012b30d5367ebca73ef14804a737d3ab2202ba72.e3iSbxaKaheRe38RbNmLa3mSc41ynknvrkLOlQzNp65In0 HTTP/1.1" 200 14
186.29.108.80 - - [21/Jan/2015:09:28:39 -0500] "GET /forest/session.jsp?a=0.5638224757276475 HTTP/1.1" 200 4
186.29.108.80 - - [21/Jan/2015:09:28:39 -0500] "POST /forest/misactividades.do?ajax=true&a=0.6264534899964929 HTTP/1.1" 200 12560
186.84.51.21 - - [21/Jan/2015:09:28:39 -0500] "POST /forms/lservlet;jsessionid=ac16012b30d5d2c776d9d42b40f78d3e8fbc166206b6.e3iSbxaKaheRe38RbNmLa3mSc41ynknvrkLOlQzNp65In0 HTTP/1.1" 200 -
201.245.192.253 - - [21/Jan/2015:09:28:40 -0500] "POST /forms/lservlet;jsessionid=ac16012b30d5367ebca73ef14804a737d3ab2202ba72.e3iSbxaKaheRe38RbNmLa3mSc41ynknvrkLOlQzNp65In0 HTTP/1.1" 200 15
201.245.192.253 - - [21/Jan/2015:09:28:41 -0500] "GET /forest/skins/gdocs-jar/popup/popup.jsp?width=1100&height=500&title=Buscar%20procesos&uri=/forest/buscar.do%3Ftype%3Dprocesos&name=undefined&_a=0.42161236074753106&a=0.04449159977957606 HTTP/1.1" 200 1296
201.245.192.253 - - [21/Jan/2015:09:28:41 -0500] "GET /forest/buscar.do?type=procesos HTTP/1.1" 200 84390
201.245.192.253 - - [21/Jan/2015:09:28:41 -0500] "GET /forest/buscar.do?type=procesos HTTP/1.1" 200 84390
201.245.192.253 - - [21/Jan/2015:09:28:41 -0500] "GET /forest/js/escritorio/escritorio.js?version=1412.231748 HTTP/1.1" 200 8096
201.245.192.253 - - [21/Jan/2015:09:28:41 -0500] "GET /forest/json.do?query=usersByDep&coddep=222 HTTP/1.1" 200 507
201.245.192.253 - - [21/Jan/2015:09:28:41 -0500] "GET /forest/json.do?query=versionListadas HTTP/1.1" 200 15
201.245.192.253 - - [21/Jan/2015:09:28:41 -0500] "GET /forest/json.do?query=usersByDep&coddep=222 HTTP/1.1" 200 507
201.245.192.253 - - [21/Jan/2015:09:28:41 -0500] "GET /forest/json.do?query=procesIniciales HTTP/1.1" 200 10001
201.245.192.253 - - [21/Jan/2015:09:28:42 -0500] "POST /forms/lservlet;jsessionid=ac16012b30d5367ebca73ef14804a737d3ab2202ba72.e3iSbxaKaheRe38RbNmLa3mSc41ynknvrkLOlQzNp65In0 HTTP/1.1" 200 15
66.249.67.83 - - [21/Jan/2015:09:28:44 -0500] "GET /BLA/resoluciones/RESOLUCIONES%202008/0250.pdf HTTP/1.1" 200 564569
186.29.108.80 - - [21/Jan/2015:09:28:43 -0500] "GET /forest/usutareas.do?_a=0.2970664482563734&group_system_actual=3 HTTP/1.1" 200 121471
186.29.108.80 - - [21/Jan/2015:09:28:44 -0500] "GET /forest/session.jsp?a=0.19827785552479327 HTTP/1.1" 200 4
201.245.192.253 - - [21/Jan/2015:09:28:45 -0500] "GET /isolucionsda/Session.asp HTTP/1.1" 200 6327
201.245.192.253 - - [21/Jan/2015:09:28:46 -0500] "POST /forms/lservlet;jsessionid=ac16012b30d5367ebca73ef14804a737d3ab2202ba72.e3iSbxaKaheRe38RbNmLa3mSc41ynknvrkLOlQzNp65In0 HTTP/1.1" 200 131
201.245.192.253 - - [21/Jan/2015:09:28:46 -0500] "POST /forms/lservlet;jsessionid=ac16012b30d5367ebca73ef14804a737d3ab2202ba72.e3iSbxaKaheRe38RbNmLa3mSc41ynknvrkLOlQzNp65In0 HTTP/1.1" 200 2
201.245.192.253 - - [21/Jan/2015:09:28:47 -0500] "POST /forest/buscar.do? HTTP/1.1" 200 5170
186.29.108.80 - - [21/Jan/2015:09:28:47 -0500] "POST /forest/usutareas.do? HTTP/1.1" 200 625
201.245.192.253 - - [21/Jan/2015:09:28:49 -0500] "GET /forest/skins/gdocs-jar/popup/popup.jsp?width=900&height=600&title=Informaci%F3n%20de%20proceso&uri=/forest/system/process.jsp%3FnumPro%3D2903983&name=undefined&_a=0.8890911110211164&a=0.24181587318889797 HTTP/1.1" 200 1312
201.245.192.253 - - [21/Jan/2015:09:28:49 -0500] "GET /forest/system/process.jsp?numPro=2903983 HTTP/1.1" 200 18159
201.245.192.253 - - [21/Jan/2015:09:28:49 -0500] "GET /forest/system/process.jsp?numPro=2903983 HTTP/1.1" 200 63054
186.29.108.80 - - [21/Jan/2015:09:28:49 -0500] "POST /forest/usutareas.do? HTTP/1.1" 200 124
186.29.108.80 - - [21/Jan/2015:09:28:50 -0500] "GET /forest/usutareas.do?group_system_actual=3&a=0.16077650524675846 HTTP/1.1" 200 19445
186.29.108.80 - - [21/Jan/2015:09:28:51 -0500] "GET /forest/session.jsp?a=0.08478501904755831 HTTP/1.1" 200 4
186.29.108.80 - - [21/Jan/2015:09:28:51 -0500] "GET /forest/misactividades.do?_a=0.2187319213990122&group_system_actual=3 HTTP/1.1" 200 37463
186.29.108.80 - - [21/Jan/2015:09:28:52 -0500] "GET /forest/session.jsp?a=0.7671189836692065 HTTP/1.1" 200 4
201.245.192.253 - - [21/Jan/2015:09:28:52 -0500] "GET /forest/skins/gdocs-jar/popup/popup.jsp?width=850&height=380&title=Informaci%F3n%20del%20radicado&uri=/forest/system/document.jsp%3FcodDoc%3D1918919&name=undefined&_a=0.7694959614891559&a=0.8754783058539033 HTTP/1.1" 200 1315
201.245.192.253 - - [21/Jan/2015:09:28:52 -0500] "GET /forest/system/document.jsp?codDoc=1918919 HTTP/1.1" 200 13103
186.29.108.80 - - [21/Jan/2015:09:28:52 -0500] "POST /forest/misactividades.do?ajax=true&a=0.23592577665112913 HTTP/1.1" 200 12546
201.245.192.253 - - [21/Jan/2015:09:28:47 -0500] "GET /reports/rwservlet/getjobid341618?server=rep_srvapsda HTTP/1.1" 200 7600018
201.245.192.253 - - [21/Jan/2015:09:28:56 -0500] "GET /forest/documentos/1918919/2014EE148538.docx HTTP/1.1" 200 171012
201.245.192.253 - - [21/Jan/2015:09:28:59 -0500] "GET /forest/session.jsp?a=0.6147591306362301 HTTP/1.1" 200 4
66.249.67.83 - - [21/Jan/2015:09:29:02 -0500] "GET /BLA/resoluciones/RESOLUCIONES%202002/RES%202002%20651-700/00000677.tif HTTP/1.1" 200 95736
181.136.65.100 - - [21/Jan/2015:09:29:04 -0500] "GET /crossdomain.xml HTTP/1.1" 404 1280
181.136.65.100 - - [21/Jan/2015:09:29:04 -0500] "GET /arcgis/services/Calidad_del_Agua_WQI/MapServer/WMSServer?STYLES=&WIDTH=1920&LAYERS=3%2C4%2C5%2C6%2C7&BBOX=%2D74%2E07144339608524%2C4%2E599004451462246%2C%2D74%2E06230626582285%2C4%2E603344588336881&HEIGHT=912&SERVICE=WMS&FORMAT=image%2Fpng&SRS=EPSG%3A4686&REQUEST=GetMap&TRANSPARENT=TRUE&VERSION=1%2E1%2E1 HTTP/1.1" 200 8982
190.159.223.191 - - [21/Jan/2015:09:29:08 -0500] "GET /BLA/boletinlegal/js/jquery.js HTTP/1.1" 200 57254
190.159.223.191 - - [21/Jan/2015:09:29:08 -0500] "GET /BLA/boletinlegal/js/jquery.scrollTo-min.js HTTP/1.1" 200 1150
190.159.223.191 - - [21/Jan/2015:09:29:08 -0500] "GET /BLA/boletinlegal/js/jquery.scrollShow.js HTTP/1.1" 200 4586
201.245.192.253 - - [21/Jan/2015:09:29:08 -0500] "GET /BLA/boletinlegal/js/jquery.scrollShow.js HTTP/1.1" 304 -
201.245.192.253 - - [21/Jan/2015:09:29:08 -0500] "GET /BLA/boletinlegal/js/jquery.js HTTP/1.1" 304 -
201.245.192.253 - - [21/Jan/2015:09:29:08 -0500] "GET /BLA/boletinlegal/js/jquery.scrollTo-min.js HTTP/1.1" 304 -
190.159.223.191 - - [21/Jan/2015:09:29:08 -0500] "GET /galeria/carrusel/Carrusel/jquery.thumbnailScroller.css HTTP/1.1" 200 2066
190.159.223.191 - - [21/Jan/2015:09:29:08 -0500] "GET /galeria/carrusel/Carrusel/jquery-ui-1.8.13.custom.min.js HTTP/1.1" 200 10800
190.159.223.191 - - [21/Jan/2015:09:29:08 -0500] "GET /galeria/carrusel/Carrusel/jquery.thumbnailScroller.js HTTP/1.1" 200 8157
201.245.192.253 - - [21/Jan/2015:09:29:12 -0500] "GET /forest/skins/gdocs-jar/popup/escritorio/radicar.jsp?form=CORRESPONDENCIA_RADICACION_RESPUESTA&codTpl=&codBorr=524520&a=0.23629423114471138 HTTP/1.1" 200 26747
201.245.192.253 - - [21/Jan/2015:09:29:13 -0500] "GET /forest/json.do?query=borradoresByTplsRadicar&codInst=2986497&codTare=703&firma=0&a=0.6813255022279918 HTTP/1.1" 200 207
201.245.192.253 - - [21/Jan/2015:09:29:13 -0500] "GET /forest/json.do?query=plantillasByTarea&codTare=703&codInst=2986497&firma=0&a=0.8297251320909709 HTTP/1.1" 200 1032
201.245.192.253 - - [21/Jan/2015:09:29:13 -0500] "GET /forest/json.do?query=terceroById&numTer=899999061-9%20SDA&a=0.5157751590013504 HTTP/1.1" 200 666
201.245.192.253 - - [21/Jan/2015:09:29:13 -0500] "GET /forest/json.do?query=datosBorradorByCodTraBorr&codTraBorr=1601290&a=0.7563899960368872 HTTP/1.1" 200 180
201.245.192.253 - - [21/Jan/2015:09:29:13 -0500] "GET /forest/json.do?query=adjuntosByBorrador&codTraBorr=1601290&a=0.4421741673722863 HTTP/1.1" 200 2
201.245.192.253 - - [21/Jan/2015:09:29:13 -0500] "GET /forest/json.do?query=ultimoBorradorByTpl&codTpl=621&codInst=2986497&a=0.9685049669351429 HTTP/1.1" 200 2
201.245.192.253 - - [21/Jan/2015:09:29:13 -0500] "GET /forest/json.do?query=ultimoBorradorByTpl&codTpl=1201&codInst=2986497&a=0.3520352232735604 HTTP/1.1" 200 2
201.245.192.253 - - [21/Jan/2015:09:29:13 -0500] "GET /forest/json.do?query=ultimoBorradorByTpl&codTpl=641&codInst=2986497&a=0.7363229340407997 HTTP/1.1" 200 20
201.245.192.253 - - [21/Jan/2015:09:29:13 -0500] "GET /forest/json.do?query=ultimoBorradorByTpl&codTpl=901&codInst=2986497&a=0.7431624617893249 HTTP/1.1" 200 2
201.245.192.253 - - [21/Jan/2015:09:29:13 -0500] "GET /forest/json.do?query=ultimoBorradorByTpl&codTpl=501&codInst=2986497&a=0.7633845482487231 HTTP/1.1" 200 2
201.245.192.253 - - [21/Jan/2015:09:29:13 -0500] "GET /forest/json.do?query=ultimoBorradorByTpl&codTpl=1301&codInst=2986497&a=0.4857199341058731 HTTP/1.1" 200 2
201.245.192.253 - - [21/Jan/2015:09:29:13 -0500] "GET /forest/json.do?query=ultimoBorradorByTpl&codTpl=601&codInst=2986497&a=0.7337335804477334 HTTP/1.1" 200 2
66.249.67.67 - - [21/Jan/2015:09:29:13 -0500] "GET /resoluciones/RESOLUCIONES%202007/RES%202007%201501%20AL%201600/RESOLUCION%201599%20DE%202007.pdf HTTP/1.1" 404 1018
201.245.192.253 - - [21/Jan/2015:09:29:15 -0500] "GET /forest/json.do?query=terceroById&numTer=899999061-9%20SDA&a=0.38037936901673675 HTTP/1.1" 200 666
201.245.192.253 - - [21/Jan/2015:09:29:15 -0500] "GET /forest/json.do?query=medEnvsByClaDoc&claDoc=2&a=0.7255838497076184 HTTP/1.1" 200 74
201.245.192.253 - - [21/Jan/2015:09:29:17 -0500] "GET /forest/json.do?query=tipoFirmaTipDoc&idtido=606&a=0.4590606954880059 HTTP/1.1" 200 21
181.48.9.61 - - [21/Jan/2015:09:29:17 -0500] "GET /BLA/boletinlegal/js/jquery.js HTTP/1.1" 304 -
181.48.9.61 - - [21/Jan/2015:09:29:17 -0500] "GET /BLA/boletinlegal/js/jquery.scrollTo-min.js HTTP/1.1" 304 -
201.245.192.253 - - [21/Jan/2015:09:29:18 -0500] "POST /forms/lservlet;jsessionid=ac16012b30d5367ebca73ef14804a737d3ab2202ba72.e3iSbxaKaheRe38RbNmLa3mSc41ynknvrkLOlQzNp65In0 HTTP/1.1" 200 2
181.48.9.61 - - [21/Jan/2015:09:29:19 -0500] "GET /galeria/carrusel/Carrusel/jquery.thumbnailScroller.css HTTP/1.1" 304 -
201.245.192.253 - - [21/Jan/2015:09:29:19 -0500] "POST /forms/lservlet;jsessionid=ac16012b30d5367ebca73ef14804a737d3ab2202ba72.e3iSbxaKaheRe38RbNmLa3mSc41ynknvrkLOlQzNp65In0 HTTP/1.1" 200 2
181.48.9.61 - - [21/Jan/2015:09:29:19 -0500] "GET /BLA/boletinlegal/js/jquery.scrollShow.js HTTP/1.1" 304 -
201.245.192.253 - - [21/Jan/2015:09:29:19 -0500] "POST /forms/lservlet;jsessionid=ac16012b30d5367ebca73ef14804a737d3ab2202ba72.e3iSbxaKaheRe38RbNmLa3mSc41ynknvrkLOlQzNp65In0 HTTP/1.1" 200 2862
201.245.192.253 - - [21/Jan/2015:09:29:20 -0500] "POST /forms/lservlet;jsessionid=ac16012b30d5367ebca73ef14804a737d3ab2202ba72.e3iSbxaKaheRe38RbNmLa3mSc41ynknvrkLOlQzNp65In0 HTTP/1.1" 200 2
181.48.9.61 - - [21/Jan/2015:09:29:20 -0500] "GET /galeria/carrusel/Carrusel/jquery-ui-1.8.13.custom.min.js HTTP/1.1" 304 -
186.83.200.10 - - [21/Jan/2015:09:29:20 -0500] "GET /BLA/resoluciones/AUTOS%202012/1723.pdf HTTP/1.1" 200 518619
66.249.67.83 - - [21/Jan/2015:09:29:21 -0500] "GET /BLA/resoluciones/AUTOS%202007/3393.pdf HTTP/1.1" 200 148597
201.245.192.253 - - [21/Jan/2015:09:29:21 -0500] "GET /forest/actions/manager.fechaSumaDias?fecha=2015-01-21&dias=30&habil=false&a=0.6179167872760445 HTTP/1.1" 200 12
181.48.9.61 - - [21/Jan/2015:09:29:22 -0500] "GET /galeria/carrusel/Carrusel/jquery.thumbnailScroller.js HTTP/1.1" 304 -
201.245.192.253 - - [21/Jan/2015:09:29:22 -0500] "POST /forms/lservlet;jsessionid=ac16012b30d5367ebca73ef14804a737d3ab2202ba72.e3iSbxaKaheRe38RbNmLa3mSc41ynknvrkLOlQzNp65In0 HTTP/1.1" 200 99
186.83.200.10 - - [21/Jan/2015:09:29:23 -0500] "GET /favicon.ico HTTP/1.1" 200 7782
201.245.192.253 - - [21/Jan/2015:09:29:25 -0500] "POST /forest/usutareas.do?group_system_actual=3 HTTP/1.1" 200 265
201.245.192.253 - - [21/Jan/2015:09:29:26 -0500] "GET /forest/usutareas.do?group_system_actual=3&a=0.09990682103671134 HTTP/1.1" 200 121633
201.245.192.253 - - [21/Jan/2015:09:29:26 -0500] "POST /forms/lservlet;jsessionid=ac16012b30d5367ebca73ef14804a737d3ab2202ba72.e3iSbxaKaheRe38RbNmLa3mSc41ynknvrkLOlQzNp65In0 HTTP/1.1" 200 66
201.245.192.253 - - [21/Jan/2015:09:28:36 -0500] "GET /ForestMSG_SDA/channelAsync/template_word_17268015?X-Atmosphere-tracking-id=db7e1fb8-49eb-37e3-369f-dad4c58e79d1&X-Atmosphere-Framework=1.0.5&X-Atmosphere-Transport=long-polling&tabid=0.0417433341499418&X-Cache-Date=0&Content-Type=application/xml&_=1421850871679 HTTP/1.1" 200 8193
201.245.192.253 - - [21/Jan/2015:09:29:27 -0500] "GET /forest/session.jsp?a=0.1466860908549279 HTTP/1.1" 200 4
186.29.108.80 - - [21/Jan/2015:09:29:27 -0500] "GET /forest/usutareas.do?_a=0.03079954069107771&group_system_actual=3 HTTP/1.1" 200 121469
201.245.192.253 - - [21/Jan/2015:09:29:27 -0500] "POST /forms/lservlet;jsessionid=ac16012b30d5367ebca73ef14804a737d3ab2202ba72.e3iSbxaKaheRe38RbNmLa3mSc41ynknvrkLOlQzNp65In0 HTTP/1.1" 200 2
186.29.108.80 - - [21/Jan/2015:09:29:28 -0500] "GET /forest/session.jsp?a=0.06548590608872473 HTTP/1.1" 200 4
201.245.192.253 - - [21/Jan/2015:09:29:28 -0500] "POST /forms/lservlet;jsessionid=ac16012b30d5367ebca73ef14804a737d3ab2202ba72.e3iSbxaKaheRe38RbNmLa3mSc41ynknvrkLOlQzNp65In0 HTTP/1.1" 200 14
201.245.192.253 - - [21/Jan/2015:09:29:29 -0500] "POST /forest/usutareas.do? HTTP/1.1" 200 76
201.245.192.253 - - [21/Jan/2015:09:29:29 -0500] "POST /forms/lservlet;jsessionid=ac16012b30d5367ebca73ef14804a737d3ab2202ba72.e3iSbxaKaheRe38RbNmLa3mSc41ynknvrkLOlQzNp65In0 HTTP/1.1" 200 14
201.245.192.253 - - [21/Jan/2015:09:29:30 -0500] "POST /forms/lservlet;jsessionid=ac16012b30d5367ebca73ef14804a737d3ab2202ba72.e3iSbxaKaheRe38RbNmLa3mSc41ynknvrkLOlQzNp65In0 HTTP/1.1" 200 112
201.245.192.253 - - [21/Jan/2015:09:29:30 -0500] "POST /forms/lservlet;jsessionid=ac16012b30d5367ebca73ef14804a737d3ab2202ba72.e3iSbxaKaheRe38RbNmLa3mSc41ynknvrkLOlQzNp65In0 HTTP/1.1" 200 2
186.29.108.80 - - [21/Jan/2015:09:29:31 -0500] "POST /forest/usutareas.do? HTTP/1.1" 200 625
201.245.192.253 - - [21/Jan/2015:09:29:30 -0500] "GET /reports/rwservlet/getjobid341619?server=rep_srvapsda HTTP/1.1" 200 2033767
201.245.192.253 - - [21/Jan/2015:09:23:33 -0500] "GET /ForestMSG_SDA/channelAsync/template_word_17268230?X-Atmosphere-tracking-id=c018b52b-c7da-621d-6fb6-e951fdd6c923&X-Atmosphere-Framework=1.0.5&X-Atmosphere-Transport=long-polling&tabid=0.9537502874154598&X-Cache-Date=0&Content-Type=application/xml&_=1421850568304 HTTP/1.1" 200 8193
186.29.108.80 - - [21/Jan/2015:09:29:33 -0500] "POST /forest/usutareas.do? HTTP/1.1" 200 124
201.245.192.253 - - [21/Jan/2015:09:29:33 -0500] "GET /forest/usutareas.do?group_system_actual=3&a=0.6097685173153877 HTTP/1.1" 200 120197
201.245.192.253 - - [21/Jan/2015:09:29:34 -0500] "GET /forest/session.jsp?a=0.17383901891298592 HTTP/1.1" 200 4
201.245.192.253 - - [21/Jan/2015:09:29:34 -0500] "GET /BLA/boletinlegal/js/jquery.scrollTo-min.js HTTP/1.1" 304 -
201.245.192.253 - - [21/Jan/2015:09:29:34 -0500] "GET /BLA/boletinlegal/js/jquery.js HTTP/1.1" 304 -
201.245.192.253 - - [21/Jan/2015:09:29:34 -0500] "GET /BLA/boletinlegal/js/jquery.scrollShow.js HTTP/1.1" 304 -
186.29.108.80 - - [21/Jan/2015:09:29:34 -0500] "GET /forest/usutareas.do?group_system_actual=3&a=0.6046413073781878 HTTP/1.1" 200 19444
186.29.108.80 - - [21/Jan/2015:09:29:34 -0500] "GET /forest/session.jsp?a=0.7058868068270385 HTTP/1.1" 200 4
190.25.232.42 - - [21/Jan/2015:09:29:35 -0500] "GET /autoliquidacion/ HTTP/1.1" 200 6375
180.76.5.153 - - [21/Jan/2015:09:29:35 -0500] "GET /BLA/resoluciones/RESOLUCIONES%202011/2809.pdf HTTP/1.1" 200 758328
186.29.108.80 - - [21/Jan/2015:09:29:35 -0500] "GET /forest/misactividades.do?_a=0.585464779054746&group_system_actual=3 HTTP/1.1" 200 37463
186.29.108.80 - - [21/Jan/2015:09:29:36 -0500] "GET /forest/session.jsp?a=0.08184719132259488 HTTP/1.1" 200 4
201.245.192.253 - - [21/Jan/2015:09:29:36 -0500] "POST /forest/usutareas.do? HTTP/1.1" 200 177
186.29.108.80 - - [21/Jan/2015:09:29:36 -0500] "POST /forest/misactividades.do?ajax=true&a=0.6484110921155661 HTTP/1.1" 200 12546
201.245.192.253 - - [21/Jan/2015:09:29:37 -0500] "GET /forest/usutareas.do?group_system_actual=3&a=0.4563925266265869 HTTP/1.1" 200 19514
201.245.192.253 - - [21/Jan/2015:09:29:37 -0500] "GET /forest/session.jsp?a=0.2094488264992833 HTTP/1.1" 200 4
201.245.192.253 - - [21/Jan/2015:09:29:38 -0500] "GET /forest/misactividades.do?_a=0.3284345669671893&group_system_actual=3 HTTP/1.1" 200 37533
201.245.192.253 - - [21/Jan/2015:09:29:38 -0500] "GET /forest/session.jsp?a=0.29085291689261794 HTTP/1.1" 200 4
201.245.192.253 - - [21/Jan/2015:09:29:38 -0500] "POST /forest/misactividades.do?ajax=true&a=0.39680253085680306 HTTP/1.1" 200 12221
177.242.83.170 - - [21/Jan/2015:09:29:38 -0500] "GET /BLA/boletinlegal/js/jquery.scrollShow.js HTTP/1.1" 200 4586
177.242.83.170 - - [21/Jan/2015:09:29:39 -0500] "GET /BLA/boletinlegal/js/jquery.js HTTP/1.1" 200 57254
177.242.83.170 - - [21/Jan/2015:09:29:39 -0500] "GET /BLA/boletinlegal/js/jquery.scrollTo-min.js HTTP/1.1" 200 1150
186.29.108.80 - - [21/Jan/2015:09:29:39 -0500] "GET /forest/usutareas.do?_a=0.4764104650821537&group_system_actual=3 HTTP/1.1" 200 121470
186.29.108.80 - - [21/Jan/2015:09:29:40 -0500] "GET /forest/session.jsp?a=0.3231669384986162 HTTP/1.1" 200 4
201.245.192.253 - - [21/Jan/2015:09:29:40 -0500] "GET /forest/usutareas.do?_a=0.7577249680180103&group_system_actual=3 HTTP/1.1" 200 118189
201.245.192.253 - - [21/Jan/2015:09:29:41 -0500] "GET /forest/session.jsp?a=0.8154260367155075 HTTP/1.1" 200 4
190.25.232.42 - - [21/Jan/2015:09:29:42 -0500] "GET /BLA/resoluciones/RESOLUCIONES%202012/0288.pdf HTTP/1.1" 200 418763
190.25.232.42 - - [21/Jan/2015:09:29:42 -0500] "GET /favicon.ico HTTP/1.1" 200 7782
201.245.192.253 - - [21/Jan/2015:09:29:43 -0500] "GET /forest/borrador/1601286/RESPUESTA%20RADICADO%202014ER169306.docx HTTP/1.1" 200 457495
186.29.108.80 - - [21/Jan/2015:09:29:43 -0500] "POST /forest/usutareas.do? HTTP/1.1" 200 625
201.245.192.253 - - [21/Jan/2015:09:29:44 -0500] "POST /forms/lservlet;jsessionid=ac16012b30d5367ebca73ef14804a737d3ab2202ba72.e3iSbxaKaheRe38RbNmLa3mSc41ynknvrkLOlQzNp65In0 HTTP/1.1" 200 2
201.245.192.253 - - [21/Jan/2015:09:29:44 -0500] "POST /forms/lservlet;jsessionid=ac16012b30d5367ebca73ef14804a737d3ab2202ba72.e3iSbxaKaheRe38RbNmLa3mSc41ynknvrkLOlQzNp65In0 HTTP/1.1" 200 3216
201.245.192.253 - - [21/Jan/2015:09:29:44 -0500] "POST /forms/lservlet;jsessionid=ac16012b30d5367ebca73ef14804a737d3ab2202ba72.e3iSbxaKaheRe38RbNmLa3mSc41ynknvrkLOlQzNp65In0 HTTP/1.1" 200 2
201.245.192.253 - - [21/Jan/2015:09:26:46 -0500] "GET /ForestMSG_SDA/channelAsync/template_word_17310432?X-Atmosphere-tracking-id=e066c966-3891-108e-afc0-7224117c2a96&X-Atmosphere-Framework=1.0.5&X-Atmosphere-Transport=long-polling&tabid=0.06299197014456892&X-Cache-Date=0&Content-Type=application/xml&_=1421850517440 HTTP/1.1" 200 8193
186.29.108.80 - - [21/Jan/2015:09:29:46 -0500] "POST /forest/usutareas.do? HTTP/1.1" 200 124
150.70.173.51 - - [21/Jan/2015:09:29:46 -0500] "GET /autoliquidacion/ HTTP/1.1" 200 6375
150.70.173.47 - - [21/Jan/2015:09:29:47 -0500] "GET /autoliquidacion HTTP/1.1" 301 310
181.48.9.61 - - [21/Jan/2015:09:29:47 -0500] "GET /galeria/nivo-slider/demo/demo.html HTTP/1.1" 304 -
201.245.192.253 - - [21/Jan/2015:09:29:47 -0500] "POST /forms/lservlet;jsessionid=ac16012b30d5367ebca73ef14804a737d3ab2202ba72.e3iSbxaKaheRe38RbNmLa3mSc41ynknvrkLOlQzNp65In0 HTTP/1.1" 200 2
186.29.108.80 - - [21/Jan/2015:09:29:47 -0500] "GET /forest/usutareas.do?group_system_actual=3&a=0.30448783515021205 HTTP/1.1" 200 19445
186.29.108.80 - - [21/Jan/2015:09:29:47 -0500] "GET /forest/session.jsp?a=0.13104820996522903 HTTP/1.1" 200 4
201.245.192.253 - - [21/Jan/2015:09:29:47 -0500] "POST /forms/lservlet;jsessionid=ac16012b30d5367ebca73ef14804a737d3ab2202ba72.e3iSbxaKaheRe38RbNmLa3mSc41ynknvrkLOlQzNp65In0 HTTP/1.1" 200 14
181.48.9.61 - - [21/Jan/2015:09:29:48 -0500] "GET /galeria/nivo-slider/themes/default/default.css HTTP/1.1" 304 -
186.29.108.80 - - [21/Jan/2015:09:29:48 -0500] "GET /forest/misactividades.do?_a=0.7581879978533834&group_system_actual=3 HTTP/1.1" 200 37463
186.29.108.80 - - [21/Jan/2015:09:29:49 -0500] "GET /forest/session.jsp?a=0.6433257532771677 HTTP/1.1" 200 4
186.29.108.80 - - [21/Jan/2015:09:29:49 -0500] "POST /forest/misactividades.do?ajax=true&a=0.09716633008792996 HTTP/1.1" 200 12566
201.245.192.253 - - [21/Jan/2015:09:26:49 -0500] "GET /ForestMSG_SDA/channelAsync/template_word_17321443?X-Atmosphere-tracking-id=536470ec-0b39-bf3c-9d52-a07d7dbb4d3f&X-Atmosphere-Framework=1.0.5&X-Atmosphere-Transport=long-polling&tabid=0.39799421558123005&X-Cache-Date=0&Content-Type=application/xml&_=1421850503549 HTTP/1.1" 200 8193
201.245.192.253 - - [21/Jan/2015:09:29:48 -0500] "POST /forms/lservlet;jsessionid=ac16012b30d5367ebca73ef14804a737d3ab2202ba72.e3iSbxaKaheRe38RbNmLa3mSc41ynknvrkLOlQzNp65In0 HTTP/1.1" 200 14
181.48.9.61 - - [21/Jan/2015:09:29:49 -0500] "GET /galeria/nivo-slider/jquery.nivo.slider.pack.js HTTP/1.1" 304 -
181.48.9.61 - - [21/Jan/2015:09:29:50 -0500] "GET /galeria/nivo-slider/themes/pascal/pascal.css HTTP/1.1" 304 -
181.48.9.61 - - [21/Jan/2015:09:29:50 -0500] "GET /galeria/nivo-slider/nivo-slider.css HTTP/1.1" 304 -
181.48.9.61 - - [21/Jan/2015:09:29:50 -0500] "GET /galeria/nivo-slider/themes/orman/orman.css HTTP/1.1" 304 -
181.48.9.61 - - [21/Jan/2015:09:29:50 -0500] "GET /galeria/nivo-slider/demo/style.css HTTP/1.1" 304 -
201.245.192.253 - - [21/Jan/2015:09:29:49 -0500] "POST /forms/lservlet;jsessionid=ac16012b30d5367ebca73ef14804a737d3ab2202ba72.e3iSbxaKaheRe38RbNmLa3mSc41ynknvrkLOlQzNp65In0 HTTP/1.1" 200 14
186.29.108.80 - - [21/Jan/2015:09:29:51 -0500] "GET /forest/usutareas.do?_a=0.39723071991465986&group_system_actual=3 HTTP/1.1" 200 121471
